181.61.156.35 - - [19/Aug/2023:19:38:05 -0500] "GET /agendate-para-participar-en-las-caminatas-ecologicas-de-febrero.html HTTP/1.1" 200 830
188.166.215.221 - - [19/Aug/2023:19:38:13 -0500] "GET /.env HTTP/1.1" 404 1018
172.22.2.4 - - [19/Aug/2023:19:36:47 -0500] "HEAD /BLA/boletinlegal/ HTTP/1.1" 200 -
201.245.192.253 - - [19/Aug/2023:19:38:25 -0500] "POST /kwsrmcab/Wsrmcab HTTP/1.1" 200 42227
201.245.192.253 - - [19/Aug/2023:19:38:28 -0500] "POST /kwsrmcab/Wsrmcab HTTP/1.1" 200 40782
172.22.2.4 - - [19/Aug/2023:19:37:37 -0500] "GET /BLA/boletinlegal/ HTTP/1.1" 200 53013
200.118.60.53 - - [19/Aug/2023:19:40:37 -0500] "GET /inscribete-y-participa-en-la-convencion-internacional-de-emergencia-climatica-bogota-2023.html HTTP/1.1" 200 895
216.245.221.92 - - [19/Aug/2023:19:42:24 -0500] "HEAD / HTTP/1.1" 200 -
201.245.192.253 - - [19/Aug/2023:19:42:43 -0500] "POST /kwsrmcab/Wsrmcab  HTTP/1.1" 200 41818
207.46.13.215 - - [19/Aug/2023:19:42:53 -0500] "GET /images/liberacion-tinguas.jpg HTTP/1.1" 200 75984
181.134.33.124 - - [19/Aug/2023:19:43:56 -0500] "GET /bogota-empieza-la-consolidacion-de-la-estrategia-de-bosques-urbanos-con-el-brazo-salitre-en-barrios-unidos.html?utm_source=Meta_DIGI&utm_medium=CPV&utm_campaign=BosquesUrbanos&utm_id=Agosto_2023&fbclid=IwAR0mpldfHcWHipZxmjbo0DJWEY8C_OOr1Iy992yQmq7mCyfkFTkFn0fs4ec_aem_AW4q1RdWmnS7QBcb0zvFfpkXT9UlEWZi63Sx7EF6odCF9wQK8onouekBFdUgy_VohGWg061QBfCyPY6DNmWyEaE1 HTTP/1.1" 200 892
172.22.2.4 - - [19/Aug/2023:19:42:37 -0500] "HEAD /BLA/boletinlegal/ HTTP/1.1" 200 -
172.22.2.4 - - [19/Aug/2023:19:43:27 -0500] "GET /BLA/boletinlegal/ HTTP/1.1" 200 58597
191.156.50.229 - - [19/Aug/2023:19:46:10 -0500] "GET /bogota-empieza-la-consolidacion-de-la-estrategia-de-bosques-urbanos-con-el-brazo-salitre-en-barrios-unidos.html?utm_source=Meta_DIGI&utm_medium=CPV&utm_campaign=BosquesUrbanos&utm_id=Agosto_2023&fbclid=IwAR2brOHaRWEvhV5YnjjE9sm8ZhDoltjNE7c2BmylPl2FDD1SnI5mLCwneXQ_aem_AW7aFCvvtNnfoT3CgdPFb6l8tvzi6cUvyNFXcO_G2zpGA9uvlEZ8n9MH0w3TNFiU0MqjTmX0QWuxudM0mFzeVwbt HTTP/1.1" 200 892
216.245.221.92 - - [19/Aug/2023:19:47:23 -0500] "HEAD / HTTP/1.1" 200 -
201.245.192.253 - - [19/Aug/2023:19:47:42 -0500] "POST /kwsrmcab/Wsrmcab  HTTP/1.1" 200 41818
190.60.254.241 - - [19/Aug/2023:19:49:44 -0500] "GET /bogota-empieza-la-consolidacion-de-la-estrategia-de-bosques-urbanos-con-el-brazo-salitre-en-barrios-unidos.html?utm_source=Meta_DIGI&utm_medium=CPV&utm_campaign=BosquesUrbanos&utm_id=Agosto_2023&fbclid=IwAR31BM5X1Bfl1zC_OwQfMQZy9qhjoBVKdjmSgCZ0oyQryn_dP8CAFyr8j28_aem_AW5d6f_dK7YCLmCmIFtuIGMCPTU7a5DWSR2ozU-z1XYG_Dn55XSUBFWKBYgpVy7HoUZWyNjvVyjQrnbmTJRHgajg HTTP/1.1" 200 892
172.22.2.4 - - [19/Aug/2023:19:48:27 -0500] "HEAD /BLA/boletinlegal/ HTTP/1.1" 200 -
172.22.2.4 - - [19/Aug/2023:19:49:17 -0500] "GET /BLA/boletinlegal/ HTTP/1.1" 200 58981
216.245.221.92 - - [19/Aug/2023:19:52:23 -0500] "HEAD / HTTP/1.1" 200 -
201.245.192.253 - - [19/Aug/2023:19:52:41 -0500] "POST /kwsrmcab/Wsrmcab  HTTP/1.1" 200 41818
191.156.154.38 - - [19/Aug/2023:19:53:18 -0500] "GET /bogota-empieza-la-consolidacion-de-la-estrategia-de-bosques-urbanos-con-el-brazo-salitre-en-barrios-unidos.html?utm_source=Meta_DIGI&utm_medium=CPV&utm_campaign=BosquesUrbanos&utm_id=Agosto_2023&fbclid=IwAR28mtkKLEq-a9502eFhigk17mvQ8t00mJodOoVBJIOjWPx7nkZaxfgGC3A_aem_AW7uoQ1mY25kuR4zN3qP2LbnYmIeh4LEoPAF31IreaSgcEARp4n1SU30ctfUJ5TF_cjWkviF1SyHn-M_DSuaBOJr HTTP/1.1" 200 892
52.167.144.78 - - [19/Aug/2023:19:54:31 -0500] "GET /galeria/galeria/fotos/Humedal-la-conejera4P.jpg HTTP/1.1" 200 33365
172.22.2.4 - - [19/Aug/2023:19:54:17 -0500] "HEAD /BLA/boletinlegal/ HTTP/1.1" 200 -
172.22.2.4 - - [19/Aug/2023:19:55:07 -0500] "GET /BLA/boletinlegal/ HTTP/1.1" 200 58597
216.245.221.92 - - [19/Aug/2023:19:57:23 -0500] "HEAD / HTTP/1.1" 200 -
201.245.192.253 - - [19/Aug/2023:19:57:40 -0500] "POST /kwsrmcab/Wsrmcab  HTTP/1.1" 200 41818
66.249.66.192 - - [19/Aug/2023:19:58:21 -0500] "GET /como-obtener-el-certificado-de-estado-de-conservacion-ambiental-ceca.html HTTP/1.1" 304 -
191.156.177.115 - - [19/Aug/2023:19:58:26 -0500] "GET /bogota-empieza-la-consolidacion-de-la-estrategia-de-bosques-urbanos-con-el-brazo-salitre-en-barrios-unidos.html?utm_source=Meta_DIGI&utm_medium=CPV&utm_campaign=BosquesUrbanos&utm_id=Agosto_2023&fbclid=IwAR20cbIhHDWrI5M_sTSyBmiQHOY0T07N4SQiH1KAD4yVfcOwulye4h4bxQw_aem_AW7nhIVRFeb2RZkscIUec3tGLBraBMLdQbdDX7UwEeU-iQG56_XFzxOPzlLPaGo-sR0Qk2lz2kYXE9XhQqH_0Gwb HTTP/1.1" 200 892
179.43.191.194 - - [19/Aug/2023:19:58:35 -0500] "GET / HTTP/1.1" 200 319
40.88.21.235 - - [19/Aug/2023:19:58:57 -0500] "GET / HTTP/1.1" 200 4720
40.88.21.235 - - [19/Aug/2023:19:58:57 -0500] "GET /favicon.ico HTTP/1.1" 404 1220
191.156.229.116 - - [19/Aug/2023:19:59:05 -0500] "GET /bogota-empieza-la-consolidacion-de-la-estrategia-de-bosques-urbanos-con-el-brazo-salitre-en-barrios-unidos.html?utm_source=Meta_DIGI&utm_medium=CPV&utm_campaign=BosquesUrbanos&utm_id=Agosto_2023&fbclid=IwAR23EdFabQtyUYWYdHXc1XKk_muxzJ-0Dp5FojevxRYEsM_sWoNLJiLCS24_aem_AW7CcoldTsDpyB2djmNv9xYBM0HDYx1gZKbaN9s1wn-Npn1K8H11KpHxWEd98RKtdbAFgLA7eM-qvX0xNQkbR37E HTTP/1.1" 200 892
191.156.151.231 - - [19/Aug/2023:20:01:07 -0500] "GET /bogota-empieza-la-consolidacion-de-la-estrategia-de-bosques-urbanos-con-el-brazo-salitre-en-barrios-unidos.html?utm_source=Meta_DIGI&utm_medium=CPV&utm_campaign=BosquesUrbanos&utm_id=Agosto_2023&fbclid=IwAR01QkV30BRMqU8kvpytc8vR1Pq_d553trHeoQ5dOAnzumzVZkPWbpuPyQE_aem_AW43IM1AT6rhEgT5-h6H7lLxct_KKGmlgEjib2a6y5H8sFybZaynMiDhJK4Daxsj7ShfRlTqojtiZils5iKJDLVf HTTP/1.1" 200 892
172.22.2.4 - - [19/Aug/2023:20:00:07 -0500] "HEAD /BLA/boletinlegal/ HTTP/1.1" 200 -
216.245.221.92 - - [19/Aug/2023:20:02:23 -0500] "HEAD / HTTP/1.1" 200 -
172.22.2.4 - - [19/Aug/2023:20:00:57 -0500] "GET /BLA/boletinlegal/ HTTP/1.1" 200 58187
201.245.192.253 - - [19/Aug/2023:20:02:39 -0500] "POST /kwsrmcab/Wsrmcab  HTTP/1.1" 200 41818
186.30.155.172 - - [19/Aug/2023:20:06:11 -0500] "GET /bogota-empieza-la-consolidacion-de-la-estrategia-de-bosques-urbanos-con-el-brazo-salitre-en-barrios-unidos.html?utm_source=Meta_DIGI&utm_medium=CPV&utm_campaign=BosquesUrbanos&utm_id=Agosto_2023&fbclid=IwAR3fhfct-iigdfI4ENgDj6qLz3BOOcHYn-sT04LgBbzyuSFXERgaT491THo_aem_AW4belVxAgpFy1BxNRbVEyORJVpcAP64d7qjlkuhUTczLqnW5vSUBbgyJdK-NfZdZvTxvENOjEyVTKkyWZVYGDzu HTTP/1.1" 200 892
191.156.58.91 - - [19/Aug/2023:20:06:31 -0500] "GET /bogota-empieza-la-consolidacion-de-la-estrategia-de-bosques-urbanos-con-el-brazo-salitre-en-barrios-unidos.html?utm_source=Meta_DIGI&utm_medium=CPV&utm_campaign=BosquesUrbanos&utm_id=Agosto_2023&fbclid=IwAR0OD-MjRXQVsP1g54aPjuBBgj1hwkGc6HhhFPtS4aFl0_8b5qHyBOPiCEc_aem_AW7T_zmZifDoSM-8usTEgC_LkdNqjeiYQ2o2-NDcuXdO_jd_zjR8g20e4xN5TMGbs5fUK7Pdqziwyhd5W_6WtnBW HTTP/1.1" 200 892
216.245.221.92 - - [19/Aug/2023:20:07:23 -0500] "HEAD / HTTP/1.1" 200 -
186.99.151.217 - - [19/Aug/2023:20:07:31 -0500] "GET /bogota-empieza-la-consolidacion-de-la-estrategia-de-bosques-urbanos-con-el-brazo-salitre-en-barrios-unidos.html?utm_source=Meta_DIGI&utm_medium=CPV&utm_campaign=BosquesUrbanos&utm_id=Agosto_2023&fbclid=IwAR1ENXJpPSKQJmUyRWvnF80XjYfYJrfVgh3IhUY1LdRAHvrdCE5D4n-2MM0_aem_AW4ByDPJBaBbYm9EfRr-TgGOJOP0rsNYzRedVEowv25yrDhh62zyD5dgR5idck4qhidsvVcKt3I_7oBP0TPs0pmT HTTP/1.1" 200 892
172.22.2.4 - - [19/Aug/2023:20:05:57 -0500] "HEAD /BLA/boletinlegal/ HTTP/1.1" 200 -
201.245.192.253 - - [19/Aug/2023:20:07:38 -0500] "POST /kwsrmcab/Wsrmcab  HTTP/1.1" 200 41818
172.22.2.4 - - [19/Aug/2023:20:06:47 -0500] "GET /BLA/boletinlegal/ HTTP/1.1" 200 54150
40.77.167.233 - - [19/Aug/2023:20:09:14 -0500] "GET /reporte-calidad-del-aire-15-de-agosto.html HTTP/1.1" 200 745
52.167.144.43 - - [19/Aug/2023:20:12:21 -0500] "GET /Publicaciones/2023EE188603.pdf HTTP/1.1" 200 59063
216.245.221.92 - - [19/Aug/2023:20:12:23 -0500] "HEAD / HTTP/1.1" 200 -
201.245.192.253 - - [19/Aug/2023:20:12:37 -0500] "POST /kwsrmcab/Wsrmcab  HTTP/1.1" 200 41818
172.22.2.4 - - [19/Aug/2023:20:11:47 -0500] "HEAD /BLA/boletinlegal/ HTTP/1.1" 200 -
172.22.2.4 - - [19/Aug/2023:20:12:37 -0500] "GET /BLA/boletinlegal/ HTTP/1.1" 200 58597
181.237.248.26 - - [19/Aug/2023:20:14:36 -0500] "GET /bogota-empieza-la-consolidacion-de-la-estrategia-de-bosques-urbanos-con-el-brazo-salitre-en-barrios-unidos.html?utm_source=Meta_DIGI&utm_medium=CPV&utm_campaign=BosquesUrbanos&utm_id=Agosto_2023&fbclid=IwAR3ZRudNeha6UAF-KrqhAt3kysJgDg7Ggz8yBheGSi_bSBrxLdiLliAMIW8_aem_AW5FIwHVv5bexsdxBsYXwMzA3ArZrSuSBbUSWyO41nbBdla3xrTkTp3pOEYYsIL6Xsqn-CtZBGoXwQwCIBx3e2kD HTTP/1.1" 200 892
40.77.167.233 - - [19/Aug/2023:20:14:43 -0500] "GET /portaldeninos/aulas-ambientales/aula-ambiental-sorotama/ HTTP/1.1" 200 89596
40.77.167.233 - - [19/Aug/2023:20:14:53 -0500] "GET /portaldeninos/aulas-ambientales/aula-ambiental-sorotama/ HTTP/1.1" 200 89596
181.61.184.77 - - [19/Aug/2023:20:15:25 -0500] "GET /bogota-empieza-la-consolidacion-de-la-estrategia-de-bosques-urbanos-con-el-brazo-salitre-en-barrios-unidos.html?utm_source=Meta_DIGI&utm_medium=CPV&utm_campaign=BosquesUrbanos&utm_id=Agosto_2023&fbclid=IwAR0JA-5vDBQ9JQsHpkocTHdqSvYxnMIi7dfw74vAu8fgqCHpVF__BoHYqLw_aem_AW7dWRuK7kLekUn_uXpgsa8ZVbU18Q1zgxbQiBXaIL3pEWrI5UJCprUXPgw2xtZ_-R8LEIgxbINcNOn2Ko8FAY2X HTTP/1.1" 200 892
216.245.221.92 - - [19/Aug/2023:20:17:23 -0500] "HEAD / HTTP/1.1" 200 -
201.245.192.253 - - [19/Aug/2023:20:17:35 -0500] "POST /kwsrmcab/Wsrmcab  HTTP/1.1" 200 41818
201.245.192.253 - - [19/Aug/2023:20:18:25 -0500] "POST /kwsrmcab/Wsrmcab HTTP/1.1" 200 42227
201.245.192.253 - - [19/Aug/2023:20:18:28 -0500] "POST /kwsrmcab/Wsrmcab HTTP/1.1" 200 40634
200.118.80.114 - - [19/Aug/2023:20:18:57 -0500] "GET /bogota-empieza-la-consolidacion-de-la-estrategia-de-bosques-urbanos-con-el-brazo-salitre-en-barrios-unidos.html?utm_source=Meta_DIGI&utm_medium=CPV&utm_campaign=BosquesUrbanos&utm_id=Agosto_2023&fbclid=IwAR2poAD3uRZ--LuuEL1CONhbmoD3Nv-E0iGs46j7vfQ-7sx4sYMKIWJxHNM_aem_AW4QdXJtvX7GXiRHybOqs_pR_mBC860JrU-u_P5ZG6qQBpKzLw07fnf4H_hhHBvubXAsh00rtyclm_fIIt4OMrmh HTTP/1.1" 200 892
172.22.2.4 - - [19/Aug/2023:20:17:37 -0500] "HEAD /BLA/boletinlegal/ HTTP/1.1" 200 -
172.22.2.4 - - [19/Aug/2023:20:18:27 -0500] "GET /BLA/boletinlegal/ HTTP/1.1" 200 52656
186.84.90.113 - - [19/Aug/2023:20:21:23 -0500] "GET /bogota-empieza-la-consolidacion-de-la-estrategia-de-bosques-urbanos-con-el-brazo-salitre-en-barrios-unidos.html?utm_source=Meta_DIGI&utm_medium=CPV&utm_campaign=BosquesUrbanos&utm_id=Agosto_2023&fbclid=IwAR3VHjlfaD6sRCzwek6fq9aREEx5DY5ykgjh5flESbadg18C7NyB8NQYrV4_aem_AW7ueYtpxeLZ9VeAd1l5o3Xw0rnTA6aVSvuaAImtKqA3-5rXEEMZEOf2cmZUSzdFVPy2fh8aorGY89k0vq8IMfNv HTTP/1.1" 200 892
191.156.50.208 - - [19/Aug/2023:20:21:24 -0500] "GET /bogota-empieza-la-consolidacion-de-la-estrategia-de-bosques-urbanos-con-el-brazo-salitre-en-barrios-unidos.html?utm_source=Meta_DIGI&utm_medium=CPV&utm_campaign=BosquesUrbanos&utm_id=Agosto_2023&fbclid=IwAR2SiErU85M24oN5Ybcp2IJw-VfnNDfFmhIQ7PiebUR_ST1ykp-jfJJXbf0_aem_AW7nD0QP90hef0npcvgsIBV3eNVP_1sccFooiHUZ6Xtwr8CDNZECWsjMgoJlRVErh7B2Y6M62D9xXsco1SHhMe92 HTTP/1.1" 200 892
191.104.116.179 - - [19/Aug/2023:20:21:59 -0500] "-" 408 -
216.245.221.92 - - [19/Aug/2023:20:22:23 -0500] "HEAD / HTTP/1.1" 200 -
201.245.192.253 - - [19/Aug/2023:20:22:33 -0500] "POST /kwsrmcab/Wsrmcab  HTTP/1.1" 200 41818
172.22.2.4 - - [19/Aug/2023:20:22:41 -0500] "GET /BLA/boletinlegal/favicon.ico HTTP/1.1" 404 1038
181.59.3.56 - - [19/Aug/2023:20:23:47 -0500] "GET /bogota-empieza-la-consolidacion-de-la-estrategia-de-bosques-urbanos-con-el-brazo-salitre-en-barrios-unidos.html?utm_source=Meta_DIGI&utm_medium=CPV&utm_campaign=BosquesUrbanos&utm_id=Agosto_2023&fbclid=IwAR2pamkGhT6_MsWgUkRbzEDy23dKCxrf7ZBz0cysVQY2jIOgntvE6oraUG8_aem_AW5fStQT5-N6hUne4GHj981J_Dj5mGOjQhjNgdwWuGLB95BY2h-M8VcmSFo0EV0rlkkMgUofn5ozWTNEppctpUkA HTTP/1.1" 200 892
191.156.52.114 - - [19/Aug/2023:20:24:04 -0500] "GET /bogota-empieza-la-consolidacion-de-la-estrategia-de-bosques-urbanos-con-el-brazo-salitre-en-barrios-unidos.html?utm_source=Meta_DIGI&utm_medium=CPV&utm_campaign=BosquesUrbanos&utm_id=Agosto_2023&fbclid=IwAR1ifMPTzLf6quh3h-t5hXpX05XAhET7_GHl0kR6tbFjNC1aOPnGW_Vciyo_aem_AW5_3-M3XfVqq1fg1c8KfElL-dERQz2jMHVGYUNKQKWCErNGkCFLBZ7g2v9fD7Qy9QvmzZHgLPfMebxrrmOymcVD HTTP/1.1" 200 892
201.245.240.223 - - [19/Aug/2023:20:24:29 -0500] "GET /galeria/galeria/jquery.fancybox.css?v=2.1.5 HTTP/1.1" 200 4895
201.245.240.223 - - [19/Aug/2023:20:24:29 -0500] "GET /BLA/boletinlegal/js/jquery.scrollShow.js HTTP/1.1" 200 4586
201.245.240.223 - - [19/Aug/2023:20:24:29 -0500] "GET /galeria/galeria/jquery.fancybox.js?v=2.1.5 HTTP/1.1" 200 48706
172.22.2.4 - - [19/Aug/2023:20:23:26 -0500] "HEAD /BLA/boletinlegal/ HTTP/1.1" 200 -
191.156.186.135 - - [19/Aug/2023:20:25:16 -0500] "GET /bogota-empieza-la-consolidacion-de-la-estrategia-de-bosques-urbanos-con-el-brazo-salitre-en-barrios-unidos.html?utm_source=Meta_DIGI&utm_medium=CPV&utm_campaign=BosquesUrbanos&utm_id=Agosto_2023&fbclid=IwAR3ttdvovx05jxG0e376FeBi7M_hpRpmGrF2wLOp-iYi1uqhL1tv-UT5Tyg_aem_AW62btbqN81kc75LagrmsDaFEjk0dh29Xaka-NAa3dadeM8WgwmW8DexBBfINBEN5OU4xyVlDt-ltj6QWoeGRlJk HTTP/1.1" 200 892
172.22.2.4 - - [19/Aug/2023:20:24:17 -0500] "GET /BLA/boletinlegal/ HTTP/1.1" 200 58187
181.129.104.227 - - [19/Aug/2023:20:26:06 -0500] "GET /inscribete-y-participa-en-la-convencion-internacional-de-emergencia-climatica-bogota-2023.html HTTP/1.1" 200 895
186.84.90.70 - - [19/Aug/2023:20:26:19 -0500] "GET /bogota-empieza-la-consolidacion-de-la-estrategia-de-bosques-urbanos-con-el-brazo-salitre-en-barrios-unidos.html?utm_source=Meta_DIGI&utm_medium=CPV&utm_campaign=BosquesUrbanos&utm_id=Agosto_2023&fbclid=IwAR3mTgeRs0Tn57IvSoqlO2qt2lK9y3Q-d2AoTH_BS4dyVYiLPxgB3xwnS5Y_aem_AW5DAzsKVpmiEPWFNa-EmKD-2udCUpK_Bhz9nkBAu-Lfnw8OsfxVorjRoa4YIXOmfIUGUJWBce8161OqMse0FzBt HTTP/1.1" 200 892
216.245.221.92 - - [19/Aug/2023:20:27:23 -0500] "HEAD / HTTP/1.1" 200 -
201.245.192.253 - - [19/Aug/2023:20:27:33 -0500] "POST /kwsrmcab/Wsrmcab  HTTP/1.1" 200 41818
201.245.192.253 - - [19/Aug/2023:20:28:25 -0500] "POST /kwsrmcab/Wsrmcab HTTP/1.1" 200 42227
201.245.192.253 - - [19/Aug/2023:20:28:28 -0500] "POST /kwsrmcab/Wsrmcab HTTP/1.1" 200 40634
186.154.160.245 - - [19/Aug/2023:20:29:02 -0500] "GET /bogota-empieza-la-consolidacion-de-la-estrategia-de-bosques-urbanos-con-el-brazo-salitre-en-barrios-unidos.html?utm_source=Meta_DIGI&utm_medium=CPV&utm_campaign=BosquesUrbanos&utm_id=Agosto_2023&fbclid=IwAR2_2SLX8MbKB1C6uY9Ol7ecNi-mAhWtKL4qN8qsxa_idvU5fMVCjWuay0o_aem_AW5hjf1RJQkqFeBuzgFLVamXGXP4nb_abXN7qSAAwiv6EJNN3p82R1Ok0k3m6oGTzz18mQ9Nexe4x0rHZyQeU7xl HTTP/1.1" 200 892
52.167.144.221 - - [19/Aug/2023:20:30:04 -0500] "GET /Publicaciones/2023EE189413.pdf HTTP/1.1" 200 980918
172.22.2.4 - - [19/Aug/2023:20:29:16 -0500] "HEAD /BLA/boletinlegal/ HTTP/1.1" 200 -
172.22.2.4 - - [19/Aug/2023:20:30:07 -0500] "GET /BLA/boletinlegal/ HTTP/1.1" 200 60692
216.245.221.92 - - [19/Aug/2023:20:32:23 -0500] "HEAD / HTTP/1.1" 200 -
201.245.192.253 - - [19/Aug/2023:20:32:32 -0500] "POST /kwsrmcab/Wsrmcab  HTTP/1.1" 200 41818
181.237.167.63 - - [19/Aug/2023:20:33:34 -0500] "GET /bogota-empieza-la-consolidacion-de-la-estrategia-de-bosques-urbanos-con-el-brazo-salitre-en-barrios-unidos.html?utm_source=Meta_DIGI&utm_medium=CPV&utm_campaign=BosquesUrbanos&utm_id=Agosto_2023&fbclid=IwAR0vBBBr8IOKD19qjNa_VMZQXUGT5_5CAp-ZTOFFoRa1QrfL-M8abAxIAUE_aem_AW546R7xTsnHPPJaPl9NwnIDLPvau86MkZwmVz97kgAEzXbCyvIvDZGlDiogOhOtVtwhuoHWihmpynNhJBQE9k04 HTTP/1.1" 200 892
172.22.2.4 - - [19/Aug/2023:20:33:41 -0500] "GET /BLA/boletinlegal/ HTTP/1.1" 200 61922
201.221.172.179 - - [19/Aug/2023:20:36:33 -0500] "GET /bogota-empieza-la-consolidacion-de-la-estrategia-de-bosques-urbanos-con-el-brazo-salitre-en-barrios-unidos.html?utm_source=Meta_DIGI&utm_medium=CPV&utm_campaign=BosquesUrbanos&utm_id=Agosto_2023&fbclid=IwAR2dqjUrvJ5CFD6XMUWqP4R_1yU9GAPYlfKVwMBXQwIAP3756uD93R1tbpo_aem_AW4EqgGT9y9BxbS5SKLoF4lXqHQszrmabBkaeEl7jmgzqwbWx8hQ-F5xvE20EWaZ0OAg___-Scem9mLAXOsxx6fw HTTP/1.1" 200 892
172.22.2.4 - - [19/Aug/2023:20:35:06 -0500] "HEAD /BLA/boletinlegal/ HTTP/1.1" 200 -
216.245.221.92 - - [19/Aug/2023:20:37:23 -0500] "HEAD / HTTP/1.1" 200 -
201.245.192.253 - - [19/Aug/2023:20:37:32 -0500] "POST /kwsrmcab/Wsrmcab  HTTP/1.1" 200 41818
172.22.2.4 - - [19/Aug/2023:20:35:57 -0500] "GET /BLA/boletinlegal/ HTTP/1.1" 200 54960
172.22.2.4 - - [19/Aug/2023:20:37:44 -0500] "GET /BLA/boletinlegal/Circulares/2019/.pdf HTTP/1.1" 404 1218
172.22.2.4 - - [19/Aug/2023:20:37:54 -0500] "GET /BLA/boletinlegal/Circulares/2012/Circular%20No.%2010%20del%2026%20de%20Enero%20de%202012.pdf HTTP/1.1" 404 1218
201.245.192.253 - - [19/Aug/2023:20:38:24 -0500] "POST /kwsrmcab/Wsrmcab HTTP/1.1" 200 42227
201.245.192.253 - - [19/Aug/2023:20:38:27 -0500] "POST /kwsrmcab/Wsrmcab HTTP/1.1" 200 40634
186.144.232.19 - - [19/Aug/2023:20:39:26 -0500] "GET /bogota-empieza-la-consolidacion-de-la-estrategia-de-bosques-urbanos-con-el-brazo-salitre-en-barrios-unidos.html?utm_source=Meta_DIGI&utm_medium=CPV&utm_campaign=BosquesUrbanos&utm_id=Agosto_2023&fbclid=IwAR2wh0Rrw63ChMMwBRsCgTuy_Z3eKwnEmkE9aCOf-Ht2gEORodP3ip1se0U_aem_AW45JVn8ewBSJtyWzqTqXuTZuUctz_rvp4lii8X-GBUW5OQIJSBmYH0cml1iCF0Y3M_WgiM5oH1ShwiR8gSJyO9o HTTP/1.1" 200 892
173.252.107.10 - - [19/Aug/2023:20:41:25 -0500] "GET /cuatro-animales-y-cerca-de-cinco-kilos-de-carne-de-especimenes-silvestres-fueron-incautados-en-los-ultimos-dias-en-bogota.html HTTP/1.1" 200 869
216.245.221.92 - - [19/Aug/2023:20:42:23 -0500] "HEAD / HTTP/1.1" 200 -
201.245.192.253 - - [19/Aug/2023:20:42:31 -0500] "POST /kwsrmcab/Wsrmcab  HTTP/1.1" 200 41818
172.22.2.4 - - [19/Aug/2023:20:40:57 -0500] "HEAD /BLA/boletinlegal/ HTTP/1.1" 200 -
152.201.212.44 - - [19/Aug/2023:20:42:39 -0500] "GET /BLA/resoluciones/ HTTP/1.1" 200 13502
152.201.212.44 - - [19/Aug/2023:20:42:39 -0500] "GET /BLA/resoluciones/dlf/styles.css HTTP/1.1" 200 3049
152.201.212.44 - - [19/Aug/2023:20:42:39 -0500] "GET /BLA/resoluciones/dlf/folder.png HTTP/1.1" 200 410
152.201.212.44 - - [19/Aug/2023:20:42:39 -0500] "GET /BLA/resoluciones/dlf/bg.gif HTTP/1.1" 200 54
152.201.212.44 - - [19/Aug/2023:20:42:39 -0500] "GET /favicon.ico HTTP/1.1" 200 7782
152.201.212.44 - - [19/Aug/2023:20:42:43 -0500] "GET /BLA/resoluciones/dlf/pdf.gif HTTP/1.1" 200 272
152.201.212.44 - - [19/Aug/2023:20:42:43 -0500] "GET /BLA/resoluciones/dlf/dirup.png HTTP/1.1" 200 644
152.201.212.44 - - [19/Aug/2023:20:42:43 -0500] "GET /BLA/resoluciones/dlf/unknown.png HTTP/1.1" 200 266
152.201.212.44 - - [19/Aug/2023:20:42:43 -0500] "GET /BLA/resoluciones/index.php?dir=RESOLUCIONES+2016%2F HTTP/1.1" 200 172156
152.201.212.44 - - [19/Aug/2023:20:42:54 -0500] "GET /BLA/resoluciones/RESOLUCIONES%202016/0147.pdf HTTP/1.1" 200 790346
52.167.144.78 - - [19/Aug/2023:20:43:06 -0500] "GET /Publicaciones/2023EE187786.pdf HTTP/1.1" 200 167783
66.249.66.131 - - [19/Aug/2023:20:43:21 -0500] "GET /como-obtener-el-certificado-de-estado-de-conservacion-ambiental-ceca.html HTTP/1.1" 304 -
172.22.2.4 - - [19/Aug/2023:20:41:47 -0500] "GET /BLA/boletinlegal/ HTTP/1.1" 200 59343
168.119.253.13 - - [19/Aug/2023:20:43:30 -0500] "GET / HTTP/1.1" 200 4720
168.119.253.13 - - [19/Aug/2023:20:43:34 -0500] "GET / HTTP/1.1" 200 319
186.29.32.227 - - [19/Aug/2023:20:43:58 -0500] "GET /bogota-empieza-la-consolidacion-de-la-estrategia-de-bosques-urbanos-con-el-brazo-salitre-en-barrios-unidos.html?utm_source=Meta_DIGI&utm_medium=CPV&utm_campaign=BosquesUrbanos&utm_id=Agosto_2023&fbclid=IwAR1b2vtmwAwmdImfM-PfBQLLA8PzQ1TMptssJtZcitB6egA74YlP_LxXrHE_aem_AW4XvCrab7-09JgsHjrS60yZCX59HL-FMTqok7q33ROfdRxXMZp0KTatb7VR0qRN94cQKCyov5M2K0N6B781tTnH HTTP/1.1" 200 892
191.95.55.130 - - [19/Aug/2023:20:43:58 -0500] "GET /bogota-empieza-la-consolidacion-de-la-estrategia-de-bosques-urbanos-con-el-brazo-salitre-en-barrios-unidos.html?utm_source=Meta_DIGI&utm_medium=CPV&utm_campaign=BosquesUrbanos&utm_id=Agosto_2023&fbclid=IwAR2Benqhi8Uk7ejIdHGlTWN2b-a8JBJm_sV4BNYG7Tg0Y-kqn3BFOu94YIg_aem_AW4OQ24AhlGfdCH6XCwWeA_C18SRyOR_LA8oylp-seINQs86ZdLS60ovlKgdXAZNbrjG_1CAWhC6QAqmxu2v0oiV HTTP/1.1" 200 892
173.252.127.5 - - [19/Aug/2023:20:45:55 -0500] "GET /images/reunion-planta-termovalorizacion-11-mayo.jpg HTTP/1.1" 200 34782
216.245.221.92 - - [19/Aug/2023:20:47:23 -0500] "HEAD / HTTP/1.1" 200 -
201.245.192.253 - - [19/Aug/2023:20:47:30 -0500] "POST /kwsrmcab/Wsrmcab  HTTP/1.1" 200 41818
69.63.184.120 - - [19/Aug/2023:20:48:09 -0500] "GET /secretaria-de-ambiente-socializo-con-partidos-politicos-el-correcto-uso-de-publicidad-exterior-en-epoca-electoral.html HTTP/1.1" 200 837
152.201.212.44 - - [19/Aug/2023:20:48:14 -0500] "GET /BLA/resoluciones/ HTTP/1.1" 200 13502
152.201.212.44 - - [19/Aug/2023:20:48:20 -0500] "GET /BLA/resoluciones/index.php?dir=RESOLUCIONES+2016%2F HTTP/1.1" 200 172156
172.22.2.4 - - [19/Aug/2023:20:46:46 -0500] "HEAD /BLA/boletinlegal/ HTTP/1.1" 200 -
172.22.2.4 - - [19/Aug/2023:20:47:37 -0500] "GET /BLA/boletinlegal/ HTTP/1.1" 200 58597
45.156.129.37 - - [19/Aug/2023:20:49:27 -0500] "GET / HTTP/1.1" 200 319
74.125.210.69 - - [19/Aug/2023:20:50:44 -0500] "GET /images/jardines-verticales_optimized.jpeg HTTP/1.1" 200 138197
216.245.221.92 - - [19/Aug/2023:20:52:23 -0500] "HEAD / HTTP/1.1" 200 -
201.245.192.253 - - [19/Aug/2023:20:52:29 -0500] "POST /kwsrmcab/Wsrmcab  HTTP/1.1" 200 41818
66.249.70.5 - - [19/Aug/2023:20:53:34 -0500] "GET /BLA/resoluciones/RESOLUCIONES%202017/3621.pdf HTTP/1.1" 200 541961
66.249.70.6 - - [19/Aug/2023:20:53:35 -0500] "GET /BLA/resoluciones/RESOLUCIONES%202009/2067.pdf HTTP/1.1" 200 419222
190.26.160.144 - - [19/Aug/2023:20:53:48 -0500] "GET /bogota-empieza-la-consolidacion-de-la-estrategia-de-bosques-urbanos-con-el-brazo-salitre-en-barrios-unidos.html?utm_source=Meta_DIGI&utm_medium=CPV&utm_campaign=BosquesUrbanos&utm_id=Agosto_2023&fbclid=IwAR16JFBgYh8H_hpurzcBVf8k2xW5s7Tjrp_brxAg1VQf_5sWuQ_e19e52RQ_aem_AW5nZp7RIwrh9KQRgLOuLYcjBJDUeBWS_p2AP585_XqDoHjcFO3oo5hLt4gNSt2c3sNwQurlpHLSsSnU7OaW4tZW HTTP/1.1" 200 892
172.22.2.4 - - [19/Aug/2023:20:52:37 -0500] "HEAD /BLA/boletinlegal/ HTTP/1.1" 200 -
152.201.80.149 - - [19/Aug/2023:20:54:38 -0500] "GET /bogota-empieza-la-consolidacion-de-la-estrategia-de-bosques-urbanos-con-el-brazo-salitre-en-barrios-unidos.html?utm_source=Meta_DIGI&utm_medium=CPV&utm_campaign=BosquesUrbanos&utm_id=Agosto_2023&fbclid=IwAR15YJ0tQMUjTekjFpsCZ610RrKLevCv89kDS5r6IdRaHpj-_K5090g7s8M_aem_AW7_syP_BvZ3WweqXC4zzkHSGKdC92RW-hPdHMHfIrEn1nkb5FltbquS87jqxNc3umfLSrCgaTwov5rfIbu5zGyS HTTP/1.1" 200 892
172.22.2.4 - - [19/Aug/2023:20:53:27 -0500] "GET /BLA/boletinlegal/ HTTP/1.1" 200 60692
181.59.148.18 - - [19/Aug/2023:20:56:23 -0500] "GET /cuales-son-las-senales-para-identificar-un-arbol-en-riesgo-de-caida-en-bogota.html HTTP/1.1" 200 863
190.60.254.221 - - [19/Aug/2023:20:56:28 -0500] "GET /sipse/faces/javax.faces.resource/primefaces.css?ln=primefaces&v=4.0 HTTP/1.1" 304 -
190.60.254.221 - - [19/Aug/2023:20:56:28 -0500] "GET /sipse/faces/javax.faces.resource/layout/layout.css?ln=primefaces&v=4.0 HTTP/1.1" 304 -
190.60.254.221 - - [19/Aug/2023:20:56:28 -0500] "GET /sipse/faces/javax.faces.resource/theme.css?ln=primefaces-sipse HTTP/1.1" 304 -
190.60.254.221 - - [19/Aug/2023:20:56:28 -0500] "GET /sipse/faces/javax.faces.resource/jquery/jquery.js?ln=primefaces&v=4.0 HTTP/1.1" 304 -
190.60.254.221 - - [19/Aug/2023:20:56:28 -0500] "GET /sipse/faces/javax.faces.resource/jquery/jquery-plugins.js?ln=primefaces&v=4.0 HTTP/1.1" 304 -
190.60.254.221 - - [19/Aug/2023:20:56:28 -0500] "GET /sipse/faces/javax.faces.resource/primefaces.js?ln=primefaces&v=4.0 HTTP/1.1" 304 -
190.60.254.221 - - [19/Aug/2023:20:56:28 -0500] "GET /sipse/faces/javax.faces.resource/layout/layout.js?ln=primefaces&v=4.0 HTTP/1.1" 304 -
190.60.254.221 - - [19/Aug/2023:20:56:29 -0500] "GET /sipse/faces/javax.faces.resource/images/ui-icons_898989_256x240.png?ln=primefaces-aristo HTTP/1.1" 304 -
190.60.254.221 - - [19/Aug/2023:20:56:29 -0500] "GET /sipse/faces/faces/faces/faces/index.xhtml HTTP/1.1" 200 677
190.60.254.221 - - [19/Aug/2023:20:56:29 -0500] "GET /sipse/faces/javax.faces.resource/theme.css?ln=primefaces-sipse HTTP/1.1" 304 -
190.60.254.221 - - [19/Aug/2023:20:56:29 -0500] "GET /sipse/faces/faces/faces/faces/faces/autenticacion.xhtml HTTP/1.1" 200 12172
190.60.254.221 - - [19/Aug/2023:20:56:29 -0500] "GET /sipse/faces/javax.faces.resource/theme.css?ln=primefaces-sipse HTTP/1.1" 304 -
190.60.254.221 - - [19/Aug/2023:20:56:29 -0500] "GET /sipse/faces/javax.faces.resource/primefaces.css?ln=primefaces&v=4.0 HTTP/1.1" 304 -
190.60.254.221 - - [19/Aug/2023:20:56:29 -0500] "GET /sipse/faces/javax.faces.resource/layout/layout.css?ln=primefaces&v=4.0 HTTP/1.1" 304 -
190.60.254.221 - - [19/Aug/2023:20:56:29 -0500] "GET /sipse/faces/javax.faces.resource/jquery/jquery.js?ln=primefaces&v=4.0 HTTP/1.1" 304 -
190.60.254.221 - - [19/Aug/2023:20:56:29 -0500] "GET /sipse/faces/javax.faces.resource/jquery/jquery-plugins.js?ln=primefaces&v=4.0 HTTP/1.1" 304 -
190.60.254.221 - - [19/Aug/2023:20:56:29 -0500] "GET /sipse/faces/javax.faces.resource/primefaces.js?ln=primefaces&v=4.0 HTTP/1.1" 304 -
190.60.254.221 - - [19/Aug/2023:20:56:29 -0500] "GET /sipse/faces/javax.faces.resource/layout/layout.js?ln=primefaces&v=4.0 HTTP/1.1" 304 -
190.60.254.221 - - [19/Aug/2023:20:57:07 -0500] "GET /sipse/faces/javax.faces.resource/theme.css?ln=primefaces-sipse HTTP/1.1" 304 -
190.60.254.221 - - [19/Aug/2023:20:57:07 -0500] "GET /sipse/faces/faces/faces/faces/autenticacion.xhtml HTTP/1.1" 200 12172
190.60.254.221 - - [19/Aug/2023:20:57:07 -0500] "GET /sipse/faces/javax.faces.resource/theme.css?ln=primefaces-sipse HTTP/1.1" 304 -
190.60.254.221 - - [19/Aug/2023:20:57:07 -0500] "GET /sipse/faces/javax.faces.resource/layout/layout.css?ln=primefaces&v=4.0 HTTP/1.1" 304 -
190.60.254.221 - - [19/Aug/2023:20:57:08 -0500] "GET /sipse/faces/javax.faces.resource/primefaces.css?ln=primefaces&v=4.0 HTTP/1.1" 304 -
190.60.254.221 - - [19/Aug/2023:20:57:08 -0500] "GET /sipse/faces/javax.faces.resource/primefaces.js?ln=primefaces&v=4.0 HTTP/1.1" 304 -
190.60.254.221 - - [19/Aug/2023:20:57:08 -0500] "GET /sipse/faces/javax.faces.resource/jquery/jquery.js?ln=primefaces&v=4.0 HTTP/1.1" 304 -
190.60.254.221 - - [19/Aug/2023:20:57:08 -0500] "GET /sipse/faces/javax.faces.resource/jquery/jquery-plugins.js?ln=primefaces&v=4.0 HTTP/1.1" 304 -
190.60.254.221 - - [19/Aug/2023:20:57:08 -0500] "GET /sipse/faces/javax.faces.resource/layout/layout.js?ln=primefaces&v=4.0 HTTP/1.1" 304 -
190.60.254.221 - - [19/Aug/2023:20:57:08 -0500] "GET /sipse/faces/javax.faces.resource/images/ui-icons_898989_256x240.png?ln=primefaces-aristo HTTP/1.1" 304 -
190.60.254.221 - - [19/Aug/2023:20:57:10 -0500] "GET /sipse/faces/javax.faces.resource/theme.css?ln=primefaces-sipse HTTP/1.1" 304 -
190.60.254.221 - - [19/Aug/2023:20:57:11 -0500] "GET /sipse/faces/faces/autenticacion.xhtml HTTP/1.1" 200 12172
190.60.254.221 - - [19/Aug/2023:20:57:11 -0500] "GET /sipse/faces/javax.faces.resource/primefaces.css?ln=primefaces&v=4.0 HTTP/1.1" 304 -
190.60.254.221 - - [19/Aug/2023:20:57:11 -0500] "GET /sipse/faces/javax.faces.resource/theme.css?ln=primefaces-sipse HTTP/1.1" 304 -
190.60.254.221 - - [19/Aug/2023:20:57:11 -0500] "GET /sipse/faces/javax.faces.resource/layout/layout.css?ln=primefaces&v=4.0 HTTP/1.1" 304 -
190.60.254.221 - - [19/Aug/2023:20:57:11 -0500] "GET /sipse/faces/javax.faces.resource/jquery/jquery.js?ln=primefaces&v=4.0 HTTP/1.1" 304 -
190.60.254.221 - - [19/Aug/2023:20:57:11 -0500] "GET /sipse/faces/javax.faces.resource/jquery/jquery-plugins.js?ln=primefaces&v=4.0 HTTP/1.1" 304 -
190.60.254.221 - - [19/Aug/2023:20:57:11 -0500] "GET /sipse/faces/javax.faces.resource/primefaces.js?ln=primefaces&v=4.0 HTTP/1.1" 304 -
190.60.254.221 - - [19/Aug/2023:20:57:11 -0500] "GET /sipse/faces/javax.faces.resource/layout/layout.js?ln=primefaces&v=4.0 HTTP/1.1" 304 -
190.60.254.221 - - [19/Aug/2023:20:57:11 -0500] "GET /sipse/faces/javax.faces.resource/images/ui-icons_898989_256x240.png?ln=primefaces-aristo HTTP/1.1" 304 -
216.245.221.92 - - [19/Aug/2023:20:57:23 -0500] "HEAD / HTTP/1.1" 200 -
201.245.192.253 - - [19/Aug/2023:20:57:28 -0500] "POST /kwsrmcab/Wsrmcab  HTTP/1.1" 200 41818
52.167.144.239 - - [19/Aug/2023:20:58:14 -0500] "GET /galeria/galeria/fotos/Soratama1G.jpg HTTP/1.1" 200 127762
172.22.2.4 - - [19/Aug/2023:20:58:26 -0500] "HEAD /BLA/boletinlegal/ HTTP/1.1" 200 -
66.249.70.5 - - [19/Aug/2023:21:00:49 -0500] "GET /BLA/resoluciones/RESOLUCIONES%202007/RES%202007%202301%20AL%202400/RESOLUCION%202368%20DE%202007.pdf HTTP/1.1" 200 218910
172.22.2.4 - - [19/Aug/2023:20:59:17 -0500] "GET /BLA/boletinlegal/ HTTP/1.1" 200 58981
216.245.221.92 - - [19/Aug/2023:21:02:23 -0500] "HEAD / HTTP/1.1" 200 -
201.245.192.253 - - [19/Aug/2023:21:02:27 -0500] "POST /kwsrmcab/Wsrmcab  HTTP/1.1" 200 41818
186.102.35.82 - - [19/Aug/2023:21:04:26 -0500] "GET /bogota-empieza-la-consolidacion-de-la-estrategia-de-bosques-urbanos-con-el-brazo-salitre-en-barrios-unidos.html?utm_source=Meta_DIGI&utm_medium=CPV&utm_campaign=BosquesUrbanos&utm_id=Agosto_2023&fbclid=IwAR3s3LJtj9gFKNsDL0TdlmOv2YVC308OPMjXS4PBq0c8foJyrFO8rbrGyCU_aem_AW48DOucP7peSGindys3ibQmGP_m_WAhGx_1Jrqg-7K0Uwr40bJ9AqnxsOlLpowc6xvZ3uWoWUbwIgcXLj4lbmIr HTTP/1.1" 200 892
173.252.107.120 - - [19/Aug/2023:21:05:53 -0500] "GET /sumate-a-las-jornadas-de-recoleccion-de-llantas-de-esta-semana.html HTTP/1.1" 200 787
173.252.107.5 - - [19/Aug/2023:21:05:53 -0500] "GET /sumate-a-las-jornadas-de-recoleccion-de-llantas-de-esta-semana.html HTTP/1.1" 200 787
173.252.107.118 - - [19/Aug/2023:21:05:53 -0500] "GET /images/jornadas-llantas-usadas-23-mayo.jpg HTTP/1.1" 200 148376
173.252.87.119 - - [19/Aug/2023:21:05:54 -0500] "GET /images/jornadas-llantas-usadas-23-mayo.jpg HTTP/1.1" 200 148376
66.220.149.14 - - [19/Aug/2023:21:05:54 -0500] "GET /images/jardines-verticales-plantas-24-mayo.jpg HTTP/1.1" 200 148288
172.22.2.4 - - [19/Aug/2023:21:04:16 -0500] "HEAD /BLA/boletinlegal/ HTTP/1.1" 200 -
172.22.2.4 - - [19/Aug/2023:21:05:07 -0500] "GET /BLA/boletinlegal/ HTTP/1.1" 200 60692
186.30.190.85 - - [19/Aug/2023:21:06:53 -0500] "GET /bogota-empieza-la-consolidacion-de-la-estrategia-de-bosques-urbanos-con-el-brazo-salitre-en-barrios-unidos.html?utm_source=Meta_DIGI&utm_medium=CPV&utm_campaign=BosquesUrbanos&utm_id=Agosto_2023&fbclid=IwAR2SnN5IPufhuveNS7qjKPaGsXti2iso8s2uCNNBcuAnk-C932NhuHqefZw_aem_AW53YTA6SExrHE4ihnmgLQFr8TwSRaBJrWiGxQmXPkVO407u1NQik8KDTiaaEhvxqLTw-gr-Io6i94qbf9Y6OXmn HTTP/1.1" 200 892
216.245.221.92 - - [19/Aug/2023:21:07:23 -0500] "HEAD / HTTP/1.1" 200 -
173.252.107.119 - - [19/Aug/2023:21:07:27 -0500] "GET /cumpleanos-485-de-bogota-inscribete-a-las-jornadas-de-monitoreo-a-la-biodiversidad.html HTTP/1.1" 200 847
201.245.192.253 - - [19/Aug/2023:21:07:26 -0500] "POST /kwsrmcab/Wsrmcab  HTTP/1.1" 200 41818
157.55.39.223 - - [19/Aug/2023:21:09:51 -0500] "GET /robots.txt HTTP/1.1" 404 1018
40.77.167.52 - - [19/Aug/2023:21:09:58 -0500] "GET /BLA/resoluciones/index.php?dir=AUTOS+2022%2F HTTP/1.1" 200 502589
186.29.100.174 - - [19/Aug/2023:21:10:53 -0500] "-" 408 -
172.22.2.4 - - [19/Aug/2023:21:10:06 -0500] "HEAD /BLA/boletinlegal/ HTTP/1.1" 200 -
152.201.212.44 - - [19/Aug/2023:21:12:07 -0500] "GET /BLA/resoluciones/index.php HTTP/1.1" 200 13502
152.201.212.44 - - [19/Aug/2023:21:12:11 -0500] "GET /BLA/resoluciones/index.php?dir=RESOLUCIONES+2017%2F HTTP/1.1" 200 286661
152.201.212.44 - - [19/Aug/2023:21:12:12 -0500] "GET /BLA/resoluciones/dlf/archive.png HTTP/1.1" 200 632
152.201.212.44 - - [19/Aug/2023:21:12:18 -0500] "GET /BLA/resoluciones/RESOLUCIONES%202017/0521.pdf HTTP/1.1" 200 647483
216.245.221.92 - - [19/Aug/2023:21:12:23 -0500] "HEAD / HTTP/1.1" 200 -
201.245.192.253 - - [19/Aug/2023:21:12:25 -0500] "POST /kwsrmcab/Wsrmcab  HTTP/1.1" 200 41818
172.22.2.4 - - [19/Aug/2023:21:10:57 -0500] "GET /BLA/boletinlegal/ HTTP/1.1" 200 58187
172.22.2.4 - - [19/Aug/2023:21:13:34 -0500] "GET /BLA/boletinlegal/favicon.ico HTTP/1.1" 404 1018
172.22.2.4 - - [19/Aug/2023:21:13:18 -0500] "GET /BLA/boletinlegal/ HTTP/1.1" 200 20427
66.249.70.6 - - [19/Aug/2023:21:14:15 -0500] "GET /BLA/resoluciones/AUTOS%202014/0441.pdf HTTP/1.1" 200 357658
66.249.70.5 - - [19/Aug/2023:21:14:28 -0500] "GET /BLA/resoluciones/AUTOS%202014/5789.pdf HTTP/1.1" 200 208276
172.22.2.4 - - [19/Aug/2023:21:13:18 -0500] "GET /BLA/boletinlegal/ HTTP/1.1" 200 60342
216.245.221.92 - - [19/Aug/2023:21:17:23 -0500] "HEAD / HTTP/1.1" 200 -
201.245.192.253 - - [19/Aug/2023:21:17:24 -0500] "POST /kwsrmcab/Wsrmcab  HTTP/1.1" 200 41818
172.22.2.4 - - [19/Aug/2023:21:15:56 -0500] "HEAD /BLA/boletinlegal/ HTTP/1.1" 200 -
66.249.70.6 - - [19/Aug/2023:21:18:13 -0500] "GET /BLA/resoluciones/AUTOS%202013/1759.pdf HTTP/1.1" 200 220928
172.22.2.4 - - [19/Aug/2023:21:16:47 -0500] "GET /BLA/boletinlegal/ HTTP/1.1" 200 58187
201.245.192.253 - - [19/Aug/2023:21:18:25 -0500] "POST /kwsrmcab/Wsrmcab HTTP/1.1" 200 42076
201.245.192.253 - - [19/Aug/2023:21:18:28 -0500] "POST /kwsrmcab/Wsrmcab HTTP/1.1" 200 40779
40.77.167.208 - - [19/Aug/2023:21:18:38 -0500] "GET /Publicaciones/2023EE187665.pdf HTTP/1.1" 200 318711
162.55.171.94 - - [19/Aug/2023:21:20:09 -0500] "GET / HTTP/1.1" 200 4720
162.55.171.94 - - [19/Aug/2023:21:20:12 -0500] "GET / HTTP/1.1" 200 319
179.19.74.36 - - [19/Aug/2023:21:20:49 -0500] "GET /bogota-empieza-la-consolidacion-de-la-estrategia-de-bosques-urbanos-con-el-brazo-salitre-en-barrios-unidos.html?utm_source=Meta_DIGI&utm_medium=CPV&utm_campaign=BosquesUrbanos&utm_id=Agosto_2023&fbclid=IwAR0oV27JO2h1uq0K9b32qmnjMVzpTiYhtNwxW7HYNOa1nD7eY2rhU2n-Oe0_aem_AW6vAiHvgBKUtEXlNVWuUzEvAUYoH56mlCCaSmiAXqaNpyAoUXhBWWQJt54Hgp3mtZ4WcjMVQz6jk4fjNF1de9Qm HTTP/1.1" 200 892
66.249.70.6 - - [19/Aug/2023:21:21:30 -0500] "GET /BLA/resoluciones/RESOLUCIONES%202010/7788.pdf HTTP/1.1" 200 99697
66.249.70.5 - - [19/Aug/2023:21:21:32 -0500] "GET /BLA/resoluciones/RESOLUCIONES%202009/5099.pdf HTTP/1.1" 200 488257
200.116.62.2 - - [19/Aug/2023:21:21:33 -0500] "GET /inscribete-y-participa-en-la-convencion-internacional-de-emergencia-climatica-bogota-2023.html HTTP/1.1" 200 895
152.203.163.233 - - [19/Aug/2023:21:22:16 -0500] "GET /bogota-empieza-la-consolidacion-de-la-estrategia-de-bosques-urbanos-con-el-brazo-salitre-en-barrios-unidos.html?utm_source=Meta_DIGI&utm_medium=CPV&utm_campaign=BosquesUrbanos&utm_id=Agosto_2023&fbclid=IwAR27wDLue8FFUWBQ9BrljWSClZC30shHp4o50gA23yw0YOuwpRHi8b0typ4_aem_AW7tyqae8QcHMgdBPz7axk1yELNn1MRKF0BzG1-HFIvWB71srUdFcEx5N5aQQDITUmzD797sYsg4BS0lyyFBvMGZ HTTP/1.1" 200 892
216.245.221.92 - - [19/Aug/2023:21:22:23 -0500] "HEAD / HTTP/1.1" 200 -
186.155.96.109 - - [19/Aug/2023:21:22:25 -0500] "GET /inscribete-y-participa-en-la-convencion-internacional-de-emergencia-climatica-bogota-2023.html HTTP/1.1" 200 895
201.245.192.253 - - [19/Aug/2023:21:22:23 -0500] "POST /kwsrmcab/Wsrmcab  HTTP/1.1" 200 41818
181.59.3.29 - - [19/Aug/2023:21:23:06 -0500] "GET /inscribete-y-participa-en-la-convencion-internacional-de-emergencia-climatica-bogota-2023.html HTTP/1.1" 200 895
172.22.2.4 - - [19/Aug/2023:21:21:46 -0500] "HEAD /BLA/boletinlegal/ HTTP/1.1" 200 -
66.249.70.6 - - [19/Aug/2023:21:23:34 -0500] "GET /BLA/resoluciones/RESOLUCIONES%202014/0351.pdf HTTP/1.1" 200 3361505
66.249.70.6 - - [19/Aug/2023:21:23:36 -0500] "GET /BLA/resoluciones/AUTOS%202015/3098.pdf HTTP/1.1" 200 592703
66.249.70.5 - - [19/Aug/2023:21:23:37 -0500] "GET /BLA/resoluciones/AUTOS%202015/5625.pdf HTTP/1.1" 200 436391
172.22.2.4 - - [19/Aug/2023:21:22:37 -0500] "GET /BLA/boletinlegal/ HTTP/1.1" 200 52656
216.245.221.92 - - [19/Aug/2023:21:27:23 -0500] "HEAD / HTTP/1.1" 200 -
201.245.192.253 - - [19/Aug/2023:21:27:21 -0500] "POST /kwsrmcab/Wsrmcab  HTTP/1.1" 200 41818
181.58.43.84 - - [19/Aug/2023:21:27:48 -0500] "GET /bogota-empieza-la-consolidacion-de-la-estrategia-de-bosques-urbanos-con-el-brazo-salitre-en-barrios-unidos.html?utm_source=Meta_DIGI&utm_medium=CPV&utm_campaign=BosquesUrbanos&utm_id=Agosto_2023&fbclid=IwAR01HYKC1p33Mzs6Ln3IO_DQPtG2P-p16jVOf1T8SvfK3P7tHuPLmznJP0U_aem_AW44v5X0S3CowhIe16i7vfWVtfN66gPAyUwPX0l2tQtbLKL4KAPwv77RhoznmeK0rrrIzrRzhFGjiD8IPStOVJ2Y HTTP/1.1" 200 892
66.249.66.192 - - [19/Aug/2023:21:28:21 -0500] "GET /cooperacion-internacional-postulate-para-la-coordinacion-ambiental-de-proyecto-con-la-union-europea-avantia.html HTTP/1.1" 304 -
201.245.192.253 - - [19/Aug/2023:21:28:24 -0500] "POST /kwsrmcab/Wsrmcab HTTP/1.1" 200 42076
201.245.192.253 - - [19/Aug/2023:21:28:27 -0500] "POST /kwsrmcab/Wsrmcab HTTP/1.1" 200 40779
172.22.2.4 - - [19/Aug/2023:21:27:36 -0500] "HEAD /BLA/boletinlegal/ HTTP/1.1" 200 -
172.22.2.4 - - [19/Aug/2023:21:28:27 -0500] "GET /BLA/boletinlegal/ HTTP/1.1" 200 58187
216.245.221.92 - - [19/Aug/2023:21:32:23 -0500] "HEAD / HTTP/1.1" 200 -
201.245.192.253 - - [19/Aug/2023:21:32:21 -0500] "POST /kwsrmcab/Wsrmcab  HTTP/1.1" 200 41818
200.118.61.91 - - [19/Aug/2023:21:34:35 -0500] "GET /bogota-empieza-la-consolidacion-de-la-estrategia-de-bosques-urbanos-con-el-brazo-salitre-en-barrios-unidos.html?utm_source=Meta_DIGI&utm_medium=CPV&utm_campaign=BosquesUrbanos&utm_id=Agosto_2023&fbclid=IwAR0bUBWMl4_eSB2vq0bFwMchcAs5CBLNd0MF0mYnwHZA2WPONqzjAYaakfY_aem_AW4HhWHvZewIklvJPaB-p84Wu4fMwLgRWLM1rkCpLlngPEGogyDZs5Va7Et5J5uPWc0pvC1PtTtAZOOJjByvQ6rH HTTP/1.1" 200 892
45.238.181.185 - - [19/Aug/2023:21:34:39 -0500] "GET /inscribete-y-participa-en-la-convencion-internacional-de-emergencia-climatica-bogota-2023.html HTTP/1.1" 200 895
172.22.2.4 - - [19/Aug/2023:21:33:26 -0500] "HEAD /BLA/boletinlegal/ HTTP/1.1" 200 -
172.22.2.4 - - [19/Aug/2023:21:33:32 -0500] "GET /BLA/boletinlegal/ HTTP/1.1" 200 47863
152.201.212.44 - - [19/Aug/2023:21:35:14 -0500] "GET /BLA/resoluciones/ HTTP/1.1" 200 13502
152.201.212.44 - - [19/Aug/2023:21:35:17 -0500] "GET /BLA/resoluciones/index.php?dir=RESOLUCIONES+2017%2F HTTP/1.1" 200 286661
152.201.212.44 - - [19/Aug/2023:21:35:27 -0500] "GET /BLA/resoluciones/RESOLUCIONES%202017/2117.pdf HTTP/1.1" 200 477568
172.22.2.4 - - [19/Aug/2023:21:34:17 -0500] "GET /BLA/boletinlegal/ HTTP/1.1" 200 52068
31.13.103.3 - - [19/Aug/2023:21:37:14 -0500] "GET /movilidad-sostenible-para-mitigar-el-cambio-climatico.html HTTP/1.1" 200 768
31.13.103.6 - - [19/Aug/2023:21:37:18 -0500] "GET /movilidad-sostenible-para-mitigar-el-cambio-climatico.html HTTP/1.1" 200 768
201.245.192.253 - - [19/Aug/2023:21:37:19 -0500] "POST /kwsrmcab/Wsrmcab  HTTP/1.1" 200 41818
216.245.221.92 - - [19/Aug/2023:21:37:23 -0500] "HEAD / HTTP/1.1" 200 -
172.22.2.4 - - [19/Aug/2023:21:37:33 -0500] "GET /BLA/boletinlegal/Circulares/2019/.pdf HTTP/1.1" 404 1218
66.249.66.39 - - [19/Aug/2023:21:38:13 -0500] "GET /carolina-urrutia-tener-trazado-un-camino-en-el-que-cada-sector-sepa-lo-que-invierte-sacrifica-y-gana-es-lo-que-dejara-la-politica-de-accion-climatica-para-bogota.html HTTP/1.1" 200 856
201.245.192.253 - - [19/Aug/2023:21:38:24 -0500] "POST /kwsrmcab/Wsrmcab HTTP/1.1" 200 42076
201.245.192.253 - - [19/Aug/2023:21:38:28 -0500] "POST /kwsrmcab/Wsrmcab HTTP/1.1" 200 40779
47.245.108.13 - - [19/Aug/2023:21:39:25 -0500] "GET /galeria/galeria/fotos/1GuaymaralTorcaP1.jpg HTTP/1.1" 200 9512
181.68.159.50 - - [19/Aug/2023:21:39:42 -0500] "GET /bogota-empieza-la-consolidacion-de-la-estrategia-de-bosques-urbanos-con-el-brazo-salitre-en-barrios-unidos.html?utm_source=Meta_DIGI&utm_medium=CPV&utm_campaign=BosquesUrbanos&utm_id=Agosto_2023&fbclid=IwAR3NzzmL9IsBfECtPoCbT8GHYM6Avc-v6azsObMyK6uNwbzTIvHHb0C-_0w_aem_AW6DMSZqArjhjUaarzwHajJHXEu6VzjI-jMjgOYeXeVKctdTlz3Bf-R74kXnrYG11UewpSKtj3dAXOsBGIrygk33 HTTP/1.1" 200 892
190.249.25.201 - - [19/Aug/2023:21:39:49 -0500] "GET /bogota-empieza-la-consolidacion-de-la-estrategia-de-bosques-urbanos-con-el-brazo-salitre-en-barrios-unidos.html?utm_source=Meta_DIGI&utm_medium=CPV&utm_campaign=BosquesUrbanos&utm_id=Agosto_2023&fbclid=IwAR1SNm1TTaacZD7Nq2LHGVegSYO5hTlAQcI8eqGLNZTHG5vPxdTtD0HIwtU_aem_AW7I7TY0OrtejIobjyFhY2l4hMGyc3yoxQLZxzseuX7DTpAMCBUFCiMUINV4suNqtXwRT7cjVqzpZrEiPj54DwTY HTTP/1.1" 200 892
172.22.2.4 - - [19/Aug/2023:21:39:16 -0500] "HEAD /BLA/boletinlegal/ HTTP/1.1" 200 -
66.249.70.6 - - [19/Aug/2023:21:41:15 -0500] "GET /Publicaciones/2023EE168850.pdf HTTP/1.1" 404 228
173.252.107.116 - - [19/Aug/2023:21:41:21 -0500] "GET /incendios-forestales-en-la-orinoquia-colombo-venezolana-y-en-los-llanos-orientales-afectan-la-calidad-del-aire-de-bogota.html HTTP/1.1" 200 967
173.252.95.1 - - [19/Aug/2023:21:41:22 -0500] "GET /images/Puntos%20calientes%2024%20de%20febrero.jpeg HTTP/1.1" 200 42626
69.171.249.4 - - [19/Aug/2023:21:41:31 -0500] "GET /incendios-forestales-en-la-orinoquia-colombo-venezolana-y-en-los-llanos-orientales-afectan-la-calidad-del-aire-de-bogota.html HTTP/1.1" 200 967
186.154.96.52 - - [19/Aug/2023:21:41:38 -0500] "GET /bogota-empieza-la-consolidacion-de-la-estrategia-de-bosques-urbanos-con-el-brazo-salitre-en-barrios-unidos.html?utm_source=Meta_DIGI&utm_medium=CPV&utm_campaign=BosquesUrbanos&utm_id=Agosto_2023&fbclid=IwAR2Ztxy0rJ-3VhXJOKIxAtqwvoonFEqpqc9or8riKoxWqbHadjEq7iTst78_aem_AW6PuZmbVbBKE_Oau6Fu27sTpk_5fh7qnL7hG65dMYZ0uIO0Kjktgv9cNAb141Jro274LRAN9qYCQK4cQ2x6kvEU HTTP/1.1" 200 892
172.22.2.4 - - [19/Aug/2023:21:40:07 -0500] "GET /BLA/boletinlegal/ HTTP/1.1" 200 48660
201.245.192.253 - - [19/Aug/2023:21:42:19 -0500] "POST /kwsrmcab/Wsrmcab  HTTP/1.1" 200 41818
216.245.221.92 - - [19/Aug/2023:21:42:23 -0500] "HEAD / HTTP/1.1" 200 -
181.53.14.140 - - [19/Aug/2023:21:44:59 -0500] "GET /bogota-empieza-la-consolidacion-de-la-estrategia-de-bosques-urbanos-con-el-brazo-salitre-en-barrios-unidos.html?utm_source=Meta_DIGI&utm_medium=CPV&utm_campaign=BosquesUrbanos&utm_id=Agosto_2023&fbclid=IwAR3jgUBwhwkU7-JFxGmDFXYm1tjCBMHO8L9nWu-4WU59f-DHVfHzHz5QV2s_aem_AW7YkIYxYXjfF5fXFD7h9HKf2AB9tpJ-zECIVyugbcF1EE_YybHpsp27JsPvXrTYSj21kILiTTFJRWx-tk0W5QDM HTTP/1.1" 200 892
172.22.2.4 - - [19/Aug/2023:21:45:06 -0500] "HEAD /BLA/boletinlegal/ HTTP/1.1" 200 -
201.245.192.253 - - [19/Aug/2023:21:47:18 -0500] "POST /kwsrmcab/Wsrmcab  HTTP/1.1" 200 41818
191.156.144.212 - - [19/Aug/2023:21:47:21 -0500] "GET /inscribete-y-participa-en-la-convencion-internacional-de-emergencia-climatica-bogota-2023.html HTTP/1.1" 200 895
216.245.221.92 - - [19/Aug/2023:21:47:23 -0500] "HEAD / HTTP/1.1" 200 -
181.50.97.100 - - [19/Aug/2023:21:47:29 -0500] "GET /bogota-empieza-la-consolidacion-de-la-estrategia-de-bosques-urbanos-con-el-brazo-salitre-en-barrios-unidos.html?utm_source=Meta_DIGI&utm_medium=CPV&utm_campaign=BosquesUrbanos&utm_id=Agosto_2023&fbclid=IwAR3fVyXsS9IkQzYQ-EPacy8q7PpkmAoTmXodGTFLfi14i5EvhiwnyuPUWSs_aem_AW4p37FB4ZsuotIzAWsG6HSI_Azmhf3mTpHqLFmQcCOE1rvime9OSMRN6CStAjk0aigCz3Y69ZSARGGAWpspfLIe HTTP/1.1" 200 892
172.22.2.4 - - [19/Aug/2023:21:45:57 -0500] "GET /BLA/boletinlegal/ HTTP/1.1" 200 61130
157.55.39.216 - - [19/Aug/2023:21:48:03 -0500] "GET /%C3%82%C2%BFquieres-aprender-sobre-jardines-verticales-esta-es-tu-oportunidad.html HTTP/1.1" 200 925
172.22.2.4 - - [19/Aug/2023:21:47:59 -0500] "GET /BLA/boletinlegal/index.php HTTP/1.1" 200 62795
69.171.249.120 - - [19/Aug/2023:21:51:53 -0500] "GET /images/camino-guadalupe-aguanoso.jpg HTTP/1.1" 200 103489
69.171.249.8 - - [19/Aug/2023:21:51:53 -0500] "GET /images/construccion-sostenible-.jpg HTTP/1.1" 200 82949
69.171.249.117 - - [19/Aug/2023:21:51:53 -0500] "GET /images/Caminatas-ecologicas-julio.jpg HTTP/1.1" 200 480557
201.245.192.253 - - [19/Aug/2023:21:52:17 -0500] "POST /kwsrmcab/Wsrmcab  HTTP/1.1" 200 41818
216.245.221.92 - - [19/Aug/2023:21:52:23 -0500] "HEAD / HTTP/1.1" 200 -
172.22.2.4 - - [19/Aug/2023:21:50:56 -0500] "HEAD /BLA/boletinlegal/ HTTP/1.1" 200 -
123.126.50.113 - - [19/Aug/2023:21:53:23 -0500] "GET / HTTP/1.1" 200 319
172.22.2.4 - - [19/Aug/2023:21:51:47 -0500] "GET /BLA/boletinlegal/ HTTP/1.1" 200 52656
66.249.70.5 - - [19/Aug/2023:21:53:34 -0500] "GET /BLA/resoluciones/Notificaciones/AUTOS%202018/05714.pdf HTTP/1.1" 200 227630
66.249.70.6 - - [19/Aug/2023:21:53:35 -0500] "GET /BLA/resoluciones/RESOLUCIONES%202015/0799.pdf HTTP/1.1" 200 1283603
172.22.2.4 - - [19/Aug/2023:21:55:06 -0500] "GET /BLA/boletinlegal/ HTTP/1.1" 200 20427
201.245.192.253 - - [19/Aug/2023:21:57:15 -0500] "POST /kwsrmcab/Wsrmcab  HTTP/1.1" 200 41818
216.245.221.92 - - [19/Aug/2023:21:57:23 -0500] "HEAD / HTTP/1.1" 200 -
199.16.157.181 - - [19/Aug/2023:21:57:34 -0500] "GET /robots.txt HTTP/1.1" 404 1034
199.16.157.181 - - [19/Aug/2023:21:57:34 -0500] "GET /mujeres-lideran-estrategias-para-enfrentar-el-cambio-climatico-en-bogota.html HTTP/1.1" 200 876
199.16.157.182 - - [19/Aug/2023:21:57:35 -0500] "GET /images/SDA02.jpeg HTTP/1.1" 200 131832
172.22.2.4 - - [19/Aug/2023:21:56:46 -0500] "HEAD /BLA/boletinlegal/ HTTP/1.1" 200 -
186.31.78.133 - - [19/Aug/2023:21:58:47 -0500] "GET /bogota-empieza-la-consolidacion-de-la-estrategia-de-bosques-urbanos-con-el-brazo-salitre-en-barrios-unidos.html?utm_source=Meta_DIGI&utm_medium=CPV&utm_campaign=BosquesUrbanos&utm_id=Agosto_2023&fbclid=IwAR1VAhoUzU2mIxke-IT__kikuNHzBRWA0MAFtcjMmUQkAq-6DXfCb3RuFKE_aem_AW4SVkYHTfh5aOfJ_cwnSX07iZ7VUG6F-SfWyI0yzfety5MIpav-4FnIRy94RlyE4BMkmTygm3v0FVe85xbobCdd HTTP/1.1" 200 892
172.22.2.4 - - [19/Aug/2023:21:57:37 -0500] "GET /BLA/boletinlegal/ HTTP/1.1" 200 58597
69.63.189.9 - - [19/Aug/2023:21:59:29 -0500] "GET /images/24%20de%20febrero%20Sendero%20guadalupe%202.jpeg HTTP/1.1" 200 70964
190.24.71.159 - - [19/Aug/2023:21:59:32 -0500] "GET /bogota-empieza-la-consolidacion-de-la-estrategia-de-bosques-urbanos-con-el-brazo-salitre-en-barrios-unidos.html?utm_source=Meta_DIGI&utm_medium=CPV&utm_campaign=BosquesUrbanos&utm_id=Agosto_2023&fbclid=IwAR3T-UnkXlg8K3aaBVXPPR8JHfxIdXDv4fzBq_G1gZ_Q9K07bzgTAXXtyWM_aem_AW4xpbIwEZ2m1vjodI0FyN-LF8btz6X5QBaCQr7L0jbMoI51aZM82snvpfO-pVvreJ8f2SD0ozvTkf7QWyN16DiR HTTP/1.1" 200 892
80.66.88.215 - - [19/Aug/2023:22:00:27 -0500] "\x03" 400 226
191.156.181.212 - - [19/Aug/2023:22:00:28 -0500] "GET /bogota-empieza-la-consolidacion-de-la-estrategia-de-bosques-urbanos-con-el-brazo-salitre-en-barrios-unidos.html?utm_source=Meta_DIGI&utm_medium=CPV&utm_campaign=BosquesUrbanos&utm_id=Agosto_2023&fbclid=IwAR1fK4dKw1MRrnDfiO5174LuBCgO7MkYDd6XL8vIwf_mPWGb7SgntRIMdoM_aem_AW7VU1PmM0A0uzdnEwwsRKE5EUOdGL3L93tO94qjUN0JYzWF16Ttg7HY9cvLA4joc3mt3Xwt0ZF1pqRB5v1JXhgf HTTP/1.1" 200 892
186.30.98.222 - - [19/Aug/2023:22:01:21 -0500] "GET /bogota-empieza-la-consolidacion-de-la-estrategia-de-bosques-urbanos-con-el-brazo-salitre-en-barrios-unidos.html?utm_source=Meta_DIGI&utm_medium=CPV&utm_campaign=BosquesUrbanos&utm_id=Agosto_2023&fbclid=IwAR1h60vY0nWUi8_28PQ116CDiHx9RhIe_tkceBr7XPAFqaOCIqzYaZHQR3w_aem_AW7n5c7e4KnTgr60k4ariHb6nIRHC1VG3tddHtkxrjyZuCxI0MSwab9Yss8IqgjRVWXXIuZpMS4Mu4UzEnMrOeoN HTTP/1.1" 200 892
201.245.192.253 - - [19/Aug/2023:22:02:14 -0500] "POST /kwsrmcab/Wsrmcab  HTTP/1.1" 200 41818
216.245.221.92 - - [19/Aug/2023:22:02:23 -0500] "HEAD / HTTP/1.1" 200 -
168.119.252.242 - - [19/Aug/2023:22:03:09 -0500] "GET / HTTP/1.1" 200 319
168.119.252.242 - - [19/Aug/2023:22:03:09 -0500] "GET / HTTP/1.1" 200 4720
52.167.144.78 - - [19/Aug/2023:22:03:43 -0500] "GET /siipev/Diseno%20de%20Elementos%20de%20Mobiliario%20Urbano/Diseno%20pertenecientes%20al%20mobiliario%20urbano%20M10-M160/PARTE%20A/Dise%C3%B1o%20de%20Elementos%20M-10.pdf HTTP/1.1" 304 -
181.53.12.114 - - [19/Aug/2023:22:03:47 -0500] "GET /bogota-empieza-la-consolidacion-de-la-estrategia-de-bosques-urbanos-con-el-brazo-salitre-en-barrios-unidos.html?utm_source=Meta_DIGI&utm_medium=CPV&utm_campaign=BosquesUrbanos&utm_id=Agosto_2023&fbclid=IwAR3xeYYqzCwBCtah0e3ybSC4CVLvibK-rlu8vq9p_OTQyjDGVu41WkUx_40_aem_AW6Q1q3z6o6NYZpOAd4OrN2fnCk7tMKzGABc37hZxjo3PMusdwwysZlxEJU00KcQnL1TyHgLnMeOzrSb1-tyhtl0 HTTP/1.1" 200 892
172.22.2.4 - - [19/Aug/2023:22:02:36 -0500] "HEAD /BLA/boletinlegal/ HTTP/1.1" 200 -
66.249.70.5 - - [19/Aug/2023:22:05:00 -0500] "GET /robots.txt HTTP/1.1" 404 1018
66.249.70.5 - - [19/Aug/2023:22:05:00 -0500] "GET /BLA/resoluciones/RESOLUCIONES%202007/RES%202007%202301%20AL%202400/RESOLUCION%202370%20DE%202007.pdf HTTP/1.1" 200 171423
172.22.2.4 - - [19/Aug/2023:22:03:27 -0500] "GET /BLA/boletinlegal/ HTTP/1.1" 200 40981
152.201.212.44 - - [19/Aug/2023:22:05:40 -0500] "GET /BLA/resoluciones/index.php?dir=RESOLUCIONES+2017%2F HTTP/1.1" 200 286661
152.201.212.44 - - [19/Aug/2023:22:05:42 -0500] "GET /BLA/resoluciones/index.php HTTP/1.1" 200 13502
152.201.212.44 - - [19/Aug/2023:22:05:45 -0500] "GET /BLA/resoluciones/index.php?dir=RESOLUCIONES+2016%2F HTTP/1.1" 200 172156
152.201.212.44 - - [19/Aug/2023:22:05:53 -0500] "GET /BLA/resoluciones/RESOLUCIONES%202016/1249.pdf HTTP/1.1" 200 892645
172.22.2.4 - - [19/Aug/2023:22:04:18 -0500] "GET /BLA/boletinlegal/ HTTP/1.1" 200 53013
201.245.192.253 - - [19/Aug/2023:22:07:13 -0500] "POST /kwsrmcab/Wsrmcab  HTTP/1.1" 200 41818
216.245.221.92 - - [19/Aug/2023:22:07:23 -0500] "HEAD / HTTP/1.1" 200 -
191.156.191.90 - - [19/Aug/2023:22:07:35 -0500] "GET /bogota-empieza-la-consolidacion-de-la-estrategia-de-bosques-urbanos-con-el-brazo-salitre-en-barrios-unidos.html?utm_source=Meta_DIGI&utm_medium=CPV&utm_campaign=BosquesUrbanos&utm_id=Agosto_2023&fbclid=IwAR36xyrv3kO6VP0z84Ry41snMpGpO8pKrVdyLblkJi-mNF2l4T_67DXfEIA_aem_AW510UHOzGU5a03au2qFNkXioxftvuZSzeS2HQ7-uIs5SNzpEzeiSizXYqWsJBFtqmdAnZnCZLFm_5w9QpM9NzE1 HTTP/1.1" 200 892
170.78.40.162 - - [19/Aug/2023:22:08:48 -0500] "GET /bogota-empieza-la-consolidacion-de-la-estrategia-de-bosques-urbanos-con-el-brazo-salitre-en-barrios-unidos.html?utm_source=Meta_DIGI&utm_medium=CPV&utm_campaign=BosquesUrbanos&utm_id=Agosto_2023&fbclid=IwAR0mcrk2c4ddPhN5f-0CKDfdcR7jhTmcs_q3bDe8_R_Z7cLkIuC8qdWG_jg_aem_AW4MlNGTWrYYrNO0Gwwp8egnrOThDk3SmC_QDAJ_cn6Lsid_aVJKKBKZe6bvdsKDo3TnobkLlXdtIN1qO1-XfYln HTTP/1.1" 200 892
52.167.144.43 - - [19/Aug/2023:22:09:30 -0500] "GET /galeria/galeria/fotos/Entrenube2G.jpg HTTP/1.1" 200 111422
190.26.136.146 - - [19/Aug/2023:22:09:39 -0500] "GET /bogota-empieza-la-consolidacion-de-la-estrategia-de-bosques-urbanos-con-el-brazo-salitre-en-barrios-unidos.html?utm_source=Meta_DIGI&utm_medium=CPV&utm_campaign=BosquesUrbanos&utm_id=Agosto_2023&fbclid=IwAR11wEoIJyJkDAxaYNztm_fi9Bii_h9eHoUVpXfBuTCambziRDcCgVZ2iF8_aem_AW67PBD6H4yUCUDo1CJn6unVTGWjWPUvMB4lP_bZRLYIY-dSnZqYpcIoVnz3l8Ts4-P71DBlSRyizHHAceIrvk2I HTTP/1.1" 200 892
