65.108.67.8 - - [19/Aug/2023:09:44:00 -0500] "GET /portaldeninos/wp-content/themes/betheme/assets/animations/animations.min.js?ver=20.9.6 HTTP/1.1" 200 1896
65.108.67.8 - - [19/Aug/2023:09:44:00 -0500] "GET /portaldeninos/wp-includes/js/wp-embed.min.js?ver=4.9.8 HTTP/1.1" 200 1398
65.108.67.8 - - [19/Aug/2023:09:44:00 -0500] "GET /portaldeninos/wp-includes/js/wp-emoji-release.min.js?ver=4.9.8 HTTP/1.1" 200 12026
65.108.67.8 - - [19/Aug/2023:09:43:59 -0500] "GET /portaldeninos/wp-includes/js/jquery/jquery.js?ver=1.12.4 HTTP/1.1" 200 97184
65.108.67.8 - - [19/Aug/2023:09:44:00 -0500] "GET /portaldeninos/wp-content/themes/betheme/assets/jplayer/jplayer.min.js?ver=20.9.6 HTTP/1.1" 200 52702
65.108.67.8 - - [19/Aug/2023:09:44:00 -0500] "GET /portaldeninos/wp-content/themes/betheme/js/scripts.js?ver=20.9.6 HTTP/1.1" 200 77162
65.108.67.8 - - [19/Aug/2023:09:43:59 -0500] "GET /portaldeninos/wp-content/themes/betheme/js/plugins.js?ver=20.9.6 HTTP/1.1" 200 197151
179.19.32.152 - - [19/Aug/2023:09:44:06 -0500] "GET /bogota-empieza-la-consolidacion-de-la-estrategia-de-bosques-urbanos-con-el-brazo-salitre-en-barrios-unidos.html?utm_source=Meta_DIGI&utm_medium=CPV&utm_campaign=BosquesUrbanos&utm_id=Agosto_2023&fbclid=IwAR36xjSKUaAahas_RODfxR2OgDwB2vtSTHczl6K7B7UYP24wpTkbIY-7vIk_aem_AXqn1z0Lps_RrsAqmgeVtm3EzeApXZX0LGIB7qExT28wddqeUvyRLaZaayxedJSEgt7BjMUYPVQ2u5nj-A6Kndvb HTTP/1.1" 200 892
172.22.2.4 - - [19/Aug/2023:09:42:39 -0500] "GET /BLA/boletinlegal/ HTTP/1.1" 200 60692
65.108.67.8 - - [19/Aug/2023:09:44:20 -0500] "GET /portaldeninos/wp-content/plugins/google-analytics-for-wordpress/assets/js/frontend-gtag.min.js?ver=8.5.0 HTTP/1.1" 200 11801
65.108.67.8 - - [19/Aug/2023:09:44:21 -0500] "GET /portaldeninos/wp-includes/js/jquery/jquery-migrate.min.js?ver=1.4.1 HTTP/1.1" 200 10056
65.108.67.8 - - [19/Aug/2023:09:44:21 -0500] "GET /portaldeninos/wp-includes/js/jquery/ui/core.min.js?ver=1.11.4 HTTP/1.1" 200 4000
65.108.67.8 - - [19/Aug/2023:09:44:21 -0500] "GET /portaldeninos/wp-content/plugins/gallery-videos/JS/modernizr.custom.js?ver=4.9.8 HTTP/1.1" 200 9019
65.108.67.8 - - [19/Aug/2023:09:44:21 -0500] "GET /portaldeninos/wp-includes/js/jquery/ui/widget.min.js?ver=1.11.4 HTTP/1.1" 200 6908
65.108.67.8 - - [19/Aug/2023:09:44:21 -0500] "GET /portaldeninos/wp-includes/js/jquery/ui/mouse.min.js?ver=1.11.4 HTTP/1.1" 200 3148
65.108.67.8 - - [19/Aug/2023:09:44:21 -0500] "GET /portaldeninos/wp-includes/js/jquery/ui/tabs.min.js?ver=1.11.4 HTTP/1.1" 200 12110
65.108.67.8 - - [19/Aug/2023:09:44:21 -0500] "GET /portaldeninos/wp-includes/js/jquery/ui/accordion.min.js?ver=1.11.4 HTTP/1.1" 200 8584
65.108.67.8 - - [19/Aug/2023:09:44:20 -0500] "GET /portaldeninos/wp-includes/js/jquery/jquery.js?ver=1.12.4 HTTP/1.1" 200 97184
65.108.67.8 - - [19/Aug/2023:09:44:21 -0500] "GET /portaldeninos/wp-content/plugins/gallery-videos/JS/Total-Soft-Gallery-Video-Widget.js?ver=4.9.8 HTTP/1.1" 200 80264
65.108.67.8 - - [19/Aug/2023:09:44:21 -0500] "GET /portaldeninos/wp-content/themes/betheme/js/menu.js?ver=20.9.6 HTTP/1.1" 200 2449
65.108.67.8 - - [19/Aug/2023:09:44:21 -0500] "GET /portaldeninos/wp-includes/js/jquery/ui/sortable.min.js?ver=1.11.4 HTTP/1.1" 200 24899
65.108.67.8 - - [19/Aug/2023:09:44:22 -0500] "GET /portaldeninos/wp-content/themes/betheme/assets/animations/animations.min.js?ver=20.9.6 HTTP/1.1" 200 1896
65.108.67.8 - - [19/Aug/2023:09:44:22 -0500] "GET /portaldeninos/wp-includes/js/wp-embed.min.js?ver=4.9.8 HTTP/1.1" 200 1398
65.108.67.8 - - [19/Aug/2023:09:44:22 -0500] "GET /portaldeninos/wp-includes/js/wp-emoji-release.min.js?ver=4.9.8 HTTP/1.1" 200 12026
65.108.67.8 - - [19/Aug/2023:09:44:22 -0500] "GET /portaldeninos/wp-content/themes/betheme/assets/jplayer/jplayer.min.js?ver=20.9.6 HTTP/1.1" 200 52702
65.108.67.8 - - [19/Aug/2023:09:44:22 -0500] "GET /portaldeninos/wp-content/themes/betheme/js/scripts.js?ver=20.9.6 HTTP/1.1" 200 77162
65.108.67.8 - - [19/Aug/2023:09:44:21 -0500] "GET /portaldeninos/wp-content/themes/betheme/js/plugins.js?ver=20.9.6 HTTP/1.1" 200 197151
65.108.67.8 - - [19/Aug/2023:09:44:43 -0500] "GET /portaldeninos/wp-content/plugins/google-analytics-for-wordpress/assets/js/frontend-gtag.min.js?ver=8.5.0 HTTP/1.1" 200 11801
65.108.67.8 - - [19/Aug/2023:09:44:43 -0500] "GET /portaldeninos/wp-includes/js/jquery/jquery-migrate.min.js?ver=1.4.1 HTTP/1.1" 200 10056
65.108.67.8 - - [19/Aug/2023:09:44:43 -0500] "GET /portaldeninos/wp-includes/js/jquery/ui/core.min.js?ver=1.11.4 HTTP/1.1" 200 4000
65.108.67.8 - - [19/Aug/2023:09:44:43 -0500] "GET /portaldeninos/wp-content/plugins/gallery-videos/JS/modernizr.custom.js?ver=4.9.8 HTTP/1.1" 200 9019
65.108.67.8 - - [19/Aug/2023:09:44:43 -0500] "GET /portaldeninos/wp-includes/js/jquery/ui/widget.min.js?ver=1.11.4 HTTP/1.1" 200 6908
65.108.67.8 - - [19/Aug/2023:09:44:43 -0500] "GET /portaldeninos/wp-includes/js/jquery/ui/mouse.min.js?ver=1.11.4 HTTP/1.1" 200 3148
65.108.67.8 - - [19/Aug/2023:09:44:43 -0500] "GET /portaldeninos/wp-includes/js/jquery/ui/tabs.min.js?ver=1.11.4 HTTP/1.1" 200 12110
65.108.67.8 - - [19/Aug/2023:09:44:43 -0500] "GET /portaldeninos/wp-includes/js/jquery/jquery.js?ver=1.12.4 HTTP/1.1" 200 97184
65.108.67.8 - - [19/Aug/2023:09:44:43 -0500] "GET /portaldeninos/wp-includes/js/jquery/ui/accordion.min.js?ver=1.11.4 HTTP/1.1" 200 8584
201.245.192.253 - - [19/Aug/2023:09:44:41 -0500] "POST /kwsrmcab/Wsrmcab  HTTP/1.1" 200 41818
65.108.67.8 - - [19/Aug/2023:09:44:43 -0500] "GET /portaldeninos/wp-content/plugins/gallery-videos/JS/Total-Soft-Gallery-Video-Widget.js?ver=4.9.8 HTTP/1.1" 200 80264
65.108.67.8 - - [19/Aug/2023:09:44:44 -0500] "GET /portaldeninos/wp-content/themes/betheme/js/menu.js?ver=20.9.6 HTTP/1.1" 200 2449
65.108.67.8 - - [19/Aug/2023:09:44:43 -0500] "GET /portaldeninos/wp-includes/js/jquery/ui/sortable.min.js?ver=1.11.4 HTTP/1.1" 200 24899
65.108.67.8 - - [19/Aug/2023:09:44:44 -0500] "GET /portaldeninos/wp-content/themes/betheme/assets/animations/animations.min.js?ver=20.9.6 HTTP/1.1" 200 1896
65.108.67.8 - - [19/Aug/2023:09:44:44 -0500] "GET /portaldeninos/wp-includes/js/wp-embed.min.js?ver=4.9.8 HTTP/1.1" 200 1398
65.108.67.8 - - [19/Aug/2023:09:44:44 -0500] "GET /portaldeninos/wp-includes/js/wp-emoji-release.min.js?ver=4.9.8 HTTP/1.1" 200 12026
65.108.67.8 - - [19/Aug/2023:09:44:44 -0500] "GET /portaldeninos/wp-content/themes/betheme/assets/jplayer/jplayer.min.js?ver=20.9.6 HTTP/1.1" 200 52702
65.108.67.8 - - [19/Aug/2023:09:44:44 -0500] "GET /portaldeninos/wp-content/themes/betheme/js/scripts.js?ver=20.9.6 HTTP/1.1" 200 77162
65.108.67.8 - - [19/Aug/2023:09:44:43 -0500] "GET /portaldeninos/wp-content/themes/betheme/js/plugins.js?ver=20.9.6 HTTP/1.1" 200 197151
216.245.221.92 - - [19/Aug/2023:09:47:25 -0500] "HEAD / HTTP/1.1" 200 -
191.156.56.50 - - [19/Aug/2023:09:47:41 -0500] "GET /bogota-empieza-la-consolidacion-de-la-estrategia-de-bosques-urbanos-con-el-brazo-salitre-en-barrios-unidos.html?utm_source=Meta_DIGI&utm_medium=CPV&utm_campaign=BosquesUrbanos&utm_id=Agosto_2023&fbclid=IwAR0rGMpk3HekabpyjYPHjQBRK_6uJsbgsFDniNXI0yVLzE0P-iMEjtQQ6Gg_aem_AXpD66DitqLF4L7boaFBkjDRmtskTIPyiflQpyZDo1iD1llLJtW3Lu9MMsk5UhYIzjEsQ4U0kfM8UnAs4X2GD_xU HTTP/1.1" 200 892
172.22.2.4 - - [19/Aug/2023:09:47:38 -0500] "HEAD /BLA/boletinlegal/ HTTP/1.1" 200 -
201.245.192.253 - - [19/Aug/2023:09:49:41 -0500] "POST /kwsrmcab/Wsrmcab  HTTP/1.1" 200 41818
172.22.2.4 - - [19/Aug/2023:09:48:29 -0500] "GET /BLA/boletinlegal/ HTTP/1.1" 200 53013
186.28.138.11 - - [19/Aug/2023:09:50:18 -0500] "GET /bogota-empieza-la-consolidacion-de-la-estrategia-de-bosques-urbanos-con-el-brazo-salitre-en-barrios-unidos.html?utm_source=Meta_DIGI&utm_medium=CPV&utm_campaign=BosquesUrbanos&utm_id=Agosto_2023&fbclid=IwAR1WUAR-tS6wWciwl94kVp4Fi9ubSi2L9nhT1NNuCs8z3QMosasGRm0zW9E_aem_AXqXQfK5g7EgFDjm6fJsNGb9ZetRliUJjpadt16LcZV9WMvOz9XXgk2rqFbPTyhR9Y2_3p2LiF21JviB40cBDMPb HTTP/1.1" 200 892
191.156.177.120 - - [19/Aug/2023:09:50:50 -0500] "GET /bogota-empieza-la-consolidacion-de-la-estrategia-de-bosques-urbanos-con-el-brazo-salitre-en-barrios-unidos.html?utm_source=Meta_DIGI&utm_medium=CPV&utm_campaign=BosquesUrbanos&utm_id=Agosto_2023&fbclid=IwAR1WCQ3mU-ZInSl4wbfQRr1IeoiFt6R5PLaRa2ZnhthOLeTv21MTvS8Bk3U_aem_AXq5ZJOvjk3KBnBznaUAIUP_c2C3hRrxYukNQ4hWzoZG8x0hYYHPqTQ5FE-U2xQld7vOok4-OVFW-p3T029CC7Bj HTTP/1.1" 200 892
185.233.19.213 - - [19/Aug/2023:09:51:46 -0500] "GET / HTTP/1.1" 200 319
173.252.95.16 - - [19/Aug/2023:09:52:05 -0500] "GET /secretaria-de-ambiente-y-universidad-de-la-salle-firman-acuerdo-de-conservacion-en-17-hectareas.html HTTP/1.1" 200 990
173.252.95.2 - - [19/Aug/2023:09:52:05 -0500] "GET /secretaria-de-ambiente-y-universidad-de-la-salle-firman-acuerdo-de-conservacion-en-17-hectareas.html HTTP/1.1" 200 990
216.245.221.92 - - [19/Aug/2023:09:52:25 -0500] "HEAD / HTTP/1.1" 200 -
40.77.167.233 - - [19/Aug/2023:09:52:46 -0500] "GET /portaldeninos/parque-ecologico-distrital-humedal-santa-maria-del-lago/ HTTP/1.1" 502 1279
18.212.92.22 - - [19/Aug/2023:09:52:58 -0500] "GET /fima-2023-secretaria-de-ambiente-presento-red-de-monitoreo-de-fauna-y-de-prediccion-climatica.html HTTP/1.1" 200 779
201.245.192.253 - - [19/Aug/2023:09:54:40 -0500] "POST /kwsrmcab/Wsrmcab  HTTP/1.1" 200 41818
172.22.2.4 - - [19/Aug/2023:09:53:28 -0500] "HEAD /BLA/boletinlegal/ HTTP/1.1" 200 -
191.156.234.55 - - [19/Aug/2023:09:55:44 -0500] "GET /bogota-empieza-la-consolidacion-de-la-estrategia-de-bosques-urbanos-con-el-brazo-salitre-en-barrios-unidos.html?utm_source=Meta_DIGI&utm_medium=CPV&utm_campaign=BosquesUrbanos&utm_id=Agosto_2023&fbclid=IwAR230MnlbGnlHhZ7w4Lf55JaHv4NYcblaVHzq3vs6eD48_Av1DhgfgbezeU_aem_AXoX4vKQGFju2D3uhq0d7Ssv79A8Wruf36EafNK_fXHOg2eZsHxSilNKGs6ble1qjqFWw6ezpvgZvWGTVroDIhVH HTTP/1.1" 200 892
172.22.2.4 - - [19/Aug/2023:09:54:19 -0500] "GET /BLA/boletinlegal/ HTTP/1.1" 200 58187
64.124.8.54 - - [19/Aug/2023:09:57:04 -0500] "GET /galeria/galeria/fotos/Entrenube3G.jpg HTTP/1.1" 200 138221
64.124.8.54 - - [19/Aug/2023:09:57:05 -0500] "GET /galeria/galeria/fotos/Capellania3P.jpg HTTP/1.1" 200 34835
64.124.8.54 - - [19/Aug/2023:09:57:05 -0500] "GET /BLA/boletinlegal/images/cabezote%20BLEGAL.jpg HTTP/1.1" 304 -
64.124.8.54 - - [19/Aug/2023:09:57:06 -0500] "GET /galeria/galeria/fotos/Humedal-Santa-Mar%C3%ADa-del-Lago4P.jpg HTTP/1.1" 304 -
64.124.8.54 - - [19/Aug/2023:09:57:12 -0500] "GET /galeria/nivo-slider/demo/images/Banner%20proyecto.jpg HTTP/1.1" 200 315239
64.124.8.54 - - [19/Aug/2023:09:57:13 -0500] "GET /galeria/galeria/fotos/Humedal-techo1P.jpg HTTP/1.1" 200 33428
64.124.8.54 - - [19/Aug/2023:09:57:13 -0500] "GET /galeria/galeria/fotos/Capellania3G.jpg HTTP/1.1" 200 515718
216.245.221.92 - - [19/Aug/2023:09:57:25 -0500] "HEAD / HTTP/1.1" 200 -
64.124.8.54 - - [19/Aug/2023:09:57:29 -0500] "GET /galeria/galeria/fotos/Humedal-Tibanica2G.jpg HTTP/1.1" 200 535148
186.102.76.68 - - [19/Aug/2023:09:58:47 -0500] "GET /bogota-empieza-la-consolidacion-de-la-estrategia-de-bosques-urbanos-con-el-brazo-salitre-en-barrios-unidos.html?utm_source=Meta_DIGI&utm_medium=CPV&utm_campaign=BosquesUrbanos&utm_id=Agosto_2023&fbclid=IwAR1LeJAV4_zGu4BFncEAYKj8X9ZmZqt4NKrrn7FpT52oAros5YZ2Twis3T4_aem_AXrmoj9QtyjUFEn0btX9dGdfF0YFrTrZIA6kdbD3h96cVasWCXzpuWe0pGLljFdGT-g5iIlXEHIadrNCDTEMT2bJ HTTP/1.1" 200 892
123.125.109.137 - - [19/Aug/2023:09:59:15 -0500] "GET / HTTP/1.1" 200 319
201.245.192.253 - - [19/Aug/2023:09:59:39 -0500] "POST /kwsrmcab/Wsrmcab  HTTP/1.1" 200 41818
172.22.2.4 - - [19/Aug/2023:10:00:55 -0500] "GET /BLA/boletinlegal/robots.txt HTTP/1.1" 404 1038
172.22.2.4 - - [19/Aug/2023:10:00:55 -0500] "GET /BLA/boletinlegal/Directivas/2017/Directiva%20No.%2006%20del%2016%20de%20Agosto%20de%202017.pdf HTTP/1.1" 200 310598
172.22.2.4 - - [19/Aug/2023:09:59:18 -0500] "HEAD /BLA/boletinlegal/ HTTP/1.1" 200 -
66.249.70.7 - - [19/Aug/2023:10:01:14 -0500] "GET /robots.txt HTTP/1.1" 404 1018
66.249.70.6 - - [19/Aug/2023:10:01:14 -0500] "GET /BLA/resoluciones/Notificaciones/RESOLUCIONES%202023/5132.pdf HTTP/1.1" 304 -
66.249.70.6 - - [19/Aug/2023:10:01:30 -0500] "GET /BLA/resoluciones/AUTOS%202010/3617.pdf HTTP/1.1" 200 3133968
172.22.2.4 - - [19/Aug/2023:10:00:09 -0500] "GET /BLA/boletinlegal/ HTTP/1.1" 200 55844
216.245.221.92 - - [19/Aug/2023:10:02:25 -0500] "HEAD / HTTP/1.1" 200 -
186.102.72.45 - - [19/Aug/2023:10:03:09 -0500] "GET /bogota-empieza-la-consolidacion-de-la-estrategia-de-bosques-urbanos-con-el-brazo-salitre-en-barrios-unidos.html?utm_source=Meta_DIGI&utm_medium=CPV&utm_campaign=BosquesUrbanos&utm_id=Agosto_2023&fbclid=IwAR12hEPuUGsXxNXHbikU6J3_44p3yAqJA9MxnIRCLiUGd7N6aLMgyBuY4-Q_aem_AXpFbd7DU7w5Lw9cnI2ga2F_aXeMY_1-sNEQMISqBQPuMdAEzdMnaS40qzPchBFupyyCMg_-sLdpNQQ1Pm6PxmD6 HTTP/1.1" 200 892
31.13.127.19 - - [19/Aug/2023:10:04:02 -0500] "GET /conoce-las-medidas-de-prevencion-y-mitigacion-contempladas-en-la-alerta-fase-1-por-calidad-del-aire.html HTTP/1.1" 200 917
201.245.192.253 - - [19/Aug/2023:10:04:39 -0500] "POST /kwsrmcab/Wsrmcab  HTTP/1.1" 200 41818
172.22.2.4 - - [19/Aug/2023:10:05:08 -0500] "HEAD /BLA/boletinlegal/ HTTP/1.1" 200 -
216.245.221.92 - - [19/Aug/2023:10:07:25 -0500] "HEAD / HTTP/1.1" 200 -
172.22.2.4 - - [19/Aug/2023:10:05:58 -0500] "GET /BLA/boletinlegal/ HTTP/1.1" 200 60692
40.77.167.123 - - [19/Aug/2023:10:09:03 -0500] "GET /galeria/galeria/jquery.fancybox.css?v=2.1.5 HTTP/1.1" 200 4895
52.167.144.78 - - [19/Aug/2023:10:09:07 -0500] "GET /galeria/galeria/jquery.fancybox.js?v=2.1.5 HTTP/1.1" 200 48706
186.102.24.85 - - [19/Aug/2023:10:09:15 -0500] "GET /kwssiamovil/sm/ldap/au?x=U2FsdGVkX1/PmAsfljqgM8eunDp8u6rSMolxoCssqbLp+2sYiB/3KV5PunNDoN5K&y=U2FsdGVkX1/hcPUdgRTh+4eQuuj42zAP5AuQkHCjIo8VA7nLIkYaXg2NX8LH70FH HTTP/1.1" 200 30
186.102.24.85 - - [19/Aug/2023:10:09:15 -0500] "GET /kwssiamovil/sm/acme/s?s=U2FsdGVkX19jsrr8ZTAFCQMbQtXDZxW+qAv3GYU57+JSPeLSKiTRzjOAnPplUu9IeHuWT0aEsVRbvpxFmJ3l3iilsP3DXPt6i5tlOsm9m6E=&u=U2FsdGVkX1935Vc1hX3uoYK8SsDNVqTmE8F//nWFUM0=&y=U2FsdGVkX1/hcPUdgRTh+4eQuuj42zAP5AuQkHCjIo8VA7nLIkYaXg2NX8LH70FH HTTP/1.1" 200 97
186.102.24.85 - - [19/Aug/2023:10:09:16 -0500] "GET /kwssiamovil/sm/acme/s?s=U2FsdGVkX19o9lQY4wzUnq+XpAuWTL5ycnAFZoCxXwnUXBkp7Y13sd2Gh00TyA8tT0WBPUaIOth6aZzKR3VsDcs5KOj6Qk+1x/rE1QOLERQMLC/3vFXA/i2kVtDZ8mdpMcynqK+AmiZdS5C68ia2TLm2w0HK8lVF/QIeXAWM0eXrdQUt1M2zSQfAQI12ghdE/223Mp+GvoHQOjbhy1IQPquqJj/7CdV/rBVyAmLP3ZIBA7Wi/2fI17vIKeYAqgt9ed8QU0XuTQlIh+cOmDO3PB6fILG4b3wBEhpfxtuEYRwIEnM1Dn+a8gj11IbRs+pFtFjKR5IwUBzGJzv4cG7oqhBtDgpmrb8fWCtw2b2gQMNwSIINcnjCtt1k7F8eNKvDu0sYwM2gjwcHwz3C35KnfaJjJ7DP46X4Li3i1vYGgSoKVqerftrg3TZu/K70p6BFZJdIihHD4w/UUGlx76aR1YK3/RKdrjtCyeNJXe3I/jyz69gac8kXXy3tbhgGoOV+d8bzk6xW59lxRh3OpOUlySeQCNjZwd8sgovPJ8Uay5nbr3ZVq7zuJJqWwJJUY8yyvkPT+O2UH5Ae+B+R9G4ZX7Yxr2GZkAlFARaIyOPJP686FPT7QWhCiRGyCXeLQxWuh46RMuEU7UYvtbyH1Ya8m9ZLWtyzeaISK/INeZmd4GAPW0lyPps9fSgxUYsxDcIAyQvWfeo0apHYOeg869wwYQOqR5zG8cCTfE3dJZgjTPYFDcekazZ3IejmfAjwkPUrsUDhrdqnFK+fwQutwPouSEfnbMQEmhw0lNgbSBZ+V8rsCzo/ktH5LfqYIZJfqv7faLNgbMBgtvWSAnx8alvGwDBdrcqB6dEGiG50j2K5ABk5bszc/JZfVlli9HHFwvmZP66M4IoqjmM3sT5FtKXJv5VoFR1Ujyq60/PS+tYsobyi6ODCnc7grqmXw/GzSLUH2CS9SWdGy+/byif/B364Tclu/6D0RAMwTtq+Q7es8X5zUo4iMakH4QEYAx6HzgfRPAy9sSX25+mimyuyflQc5dkrkOkQcvhboytK3dtPkUeXxg+CMUhblvFUV1BlzFfOHWEdEqJAVTXGUku8f85ct4u4dCxKYEC5Vg+o8DP87NmVFVURKUdS7+ujUan5XYUgMDGkwm+kzip83djWWAviOZgPFRWs02p0m9/AClUs6aVBlU1+naA5pFgiFTqr280nD2amwPiUNISTr7njORY1i4KxPSVFiq7cI7Z+R2YydJA7NDV++wI7rEBsSePv6i7Xj9kv2FA082fRG5x8dl+NwIKszhrlksKe/m1kh1NiigG9MfamFsjovCe63tFieLZHCiLpolz6Mpsq/AQO+FSmb2wffCZYnAaFAl2gKqMQIZcjG0fIG5h99E8BLdp8LnSGGYsmLJh2sb4xOr5/WsAgDbXJomOWaYcLIPtCIQEVYnl1bYLA0FmB8rSrBx8V+0WvtmOYjRmiAgpk9WltU0DQISAy642ZDQAivXeQpguAO0qEYUIz42bJD3wGsHLV2D2z7oYANQN3Vp/pMRHYvNWzmxr2vrU/RAarAwNiJwdDtnerop1LWuKnPxVUpsnrTQCjFC25VDxnULozdzsb/Pap2PDKPpjchFgrFkWFmH6Jzvhba7bNQs8NxiBNEvmsIUEoRNeF/jBe9I1mxZwxzwd8brpJBuvlnP1cMUTODX72hQaIjyh2j8gvJBzmbi7Wv8wRYXIapsc0SZDcGcr0pMUoHUI6u/FxBdKfdhBKIHsfH3E=&u=U2FsdGVkX1935Vc1hX3uoYK8SsDNVqTmE8F//nWFUM0=&y=U2FsdGVkX1/hcPUdgRTh+4eQuuj42zAP5AuQkHCjIo8VA7nLIkYaXg2NX8LH70FH HTTP/1.1" 200 2965
186.102.24.85 - - [19/Aug/2023:10:09:16 -0500] "GET /kwssiamovil/sm/acme/s?s=U2FsdGVkX19lHChStdIybIYzE3RgdsmNiwZ8O50BczXb1Jd9jrnew9n7bmo47xJltlmMyXyWrr0hyYguPoFdWdg1mtRLqEJ5ne3znZ/rRF9uIHcCxd4JUYaIRQDcscuXfiIc81qwjZpJrg/nxybdAvQIWIqCYEy7G7NILqi3kvN4DY762vfDUI5nGKkTNjVpPv7/WyuHgikh7ktID8WT4Er5qEBCUOS+SdCFO+/crWaW12Eb1YVWhXL9msRQBmeUHFCFv1No4BPc4U4WhKkd8vp8ytqkib+o5l3sOey2rrzdBbfIjg6nxsZjsBCISsWr5ithTBfIV9ySfe0+OmMmZ5EYTyF4K6vLsBBNUBhOFUOCaWL+kqHNlzrWfScu+gHR24CUpT0ZSaAoj21aplQCBoxTZ2cazg7qRKSCT9TDtdk/O8tco8mOK/gC6GIEC1xuyIvwxxTXLppKD2BB+lWxxmuDj/kkFiv5DeNf8ne86ABTB4EgsxQFVlM/KGzrDRNaUh7Ne07uBqA53vkKC3Pre19i1QI7nlMjnkavQmQpiSJjmZBP53kxgLDHXrm7hSjHk55p/yEjQI3Y1MXzhbODkcknBecR80QizRYt1TIaddQLbl4hVdv/Ft5xr1BWZcrvJ4YWvKTFeZnR2MtNKlMlb/b5VQoIZIprCU3U0NEYjjWa+YParZc5qvL+vv1iM2j3toKsj/7exDcYxs87nkyBYq2phd/zLfrNAJfQ/9O1ZN6TKIDWZmxUcxTwXzJyJCso&u=U2FsdGVkX1935Vc1hX3uoYK8SsDNVqTmE8F//nWFUM0=&y=U2FsdGVkX1/hcPUdgRTh+4eQuuj42zAP5AuQkHCjIo8VA7nLIkYaXg2NX8LH70FH HTTP/1.1" 200 208
186.83.4.122 - - [19/Aug/2023:10:09:16 -0500] "GET /bogota-empieza-la-consolidacion-de-la-estrategia-de-bosques-urbanos-con-el-brazo-salitre-en-barrios-unidos.html?utm_source=Meta_DIGI&utm_medium=CPV&utm_campaign=BosquesUrbanos&utm_id=Agosto_2023&fbclid=IwAR2BigzJWZ2bJeqCW2fOdkTgG4WMxPyY7Rjo2M67Qzq1b592k3KiAPdb9GI_aem_AXquXYdB4ke8iMlOkT8Web-fzDHnpgotCntOpFa1F567EHcq7dVKa1We5jwKJlJYiK9tA0-Niw0gB5-7dIzG-yEc HTTP/1.1" 200 892
186.102.24.85 - - [19/Aug/2023:10:09:16 -0500] "GET /kwssiamovil/sm/cjson/pre?f=1&x=U2FsdGVkX1/PmAsfljqgM8eunDp8u6rSMolxoCssqbLp+2sYiB/3KV5PunNDoN5K HTTP/1.1" 200 31032
201.245.192.253 - - [19/Aug/2023:10:09:39 -0500] "POST /kwsrmcab/Wsrmcab  HTTP/1.1" 200 41818
216.245.221.92 - - [19/Aug/2023:10:12:25 -0500] "HEAD / HTTP/1.1" 200 -
172.22.2.4 - - [19/Aug/2023:10:10:58 -0500] "HEAD /BLA/boletinlegal/ HTTP/1.1" 200 -
172.22.2.4 - - [19/Aug/2023:10:11:49 -0500] "GET /BLA/boletinlegal/ HTTP/1.1" 200 58597
213.186.1.154 - - [19/Aug/2023:10:14:05 -0500] "GET /images/arbol-en-riesgo-18-08-23.jpg HTTP/1.1" 200 76635
211.130.63.227 - - [19/Aug/2023:10:14:05 -0500] "GET /galeria/galeria/fotos/Entrenube4P.jpg HTTP/1.1" 200 10881
66.249.70.5 - - [19/Aug/2023:10:14:27 -0500] "GET /Publicaciones/2023EE164655.pdf HTTP/1.1" 404 228
201.245.192.253 - - [19/Aug/2023:10:14:38 -0500] "POST /kwsrmcab/Wsrmcab  HTTP/1.1" 200 41818
181.61.33.178 - - [19/Aug/2023:10:16:24 -0500] "GET /BLA/boletinlegal/js/jquery.scrollShow.js HTTP/1.1" 200 4586
181.61.33.178 - - [19/Aug/2023:10:16:24 -0500] "GET /galeria/galeria/jquery.fancybox.css?v=2.1.5 HTTP/1.1" 200 4895
181.61.33.178 - - [19/Aug/2023:10:16:24 -0500] "GET /galeria/galeria/jquery.fancybox.js?v=2.1.5 HTTP/1.1" 200 48706
181.48.191.98 - - [19/Aug/2023:10:17:23 -0500] "GET /bogota-empieza-la-consolidacion-de-la-estrategia-de-bosques-urbanos-con-el-brazo-salitre-en-barrios-unidos.html?utm_source=Meta_DIGI&utm_medium=CPV&utm_campaign=BosquesUrbanos&utm_id=Agosto_2023&fbclid=IwAR2z8akk-JZ71ks3ofloP1VHrXUyuKsiFQuusOsqJdgTNvpjo-ieVzpxxhI_aem_AXrZ23Px_t6n3TrB1NtCLFoyUz45tQMHFKLiiQcVKaoPW6zcsjg86GWjOANgxw3aBU_XXeGe_g3Q6-HndNraMPpm HTTP/1.1" 200 892
216.245.221.92 - - [19/Aug/2023:10:17:25 -0500] "HEAD / HTTP/1.1" 200 -
52.167.144.25 - - [19/Aug/2023:10:18:19 -0500] "GET /Publicaciones/2023EE137307.pdf HTTP/1.1" 404 228
172.22.2.4 - - [19/Aug/2023:10:16:48 -0500] "HEAD /BLA/boletinlegal/ HTTP/1.1" 200 -
201.245.192.253 - - [19/Aug/2023:10:18:26 -0500] "POST /kwsrmcab/Wsrmcab HTTP/1.1" 200 39899
201.245.192.253 - - [19/Aug/2023:10:18:30 -0500] "POST /kwsrmcab/Wsrmcab HTTP/1.1" 200 40808
172.22.2.4 - - [19/Aug/2023:10:18:56 -0500] "GET /BLA/boletinlegal/jurisprudencia/analisis/AnalisisC-035-16.docx HTTP/1.1" 200 25011
172.22.2.4 - - [19/Aug/2023:10:17:39 -0500] "GET /BLA/boletinlegal/ HTTP/1.1" 200 58597
201.245.192.253 - - [19/Aug/2023:10:19:38 -0500] "POST /kwsrmcab/Wsrmcab  HTTP/1.1" 200 41818
66.249.70.5 - - [19/Aug/2023:10:19:50 -0500] "GET /BLA/resoluciones/RESOLUCIONES%202009/3036.pdf HTTP/1.1" 200 423976
186.83.184.178 - - [19/Aug/2023:10:22:17 -0500] "GET /galeria/galeria/jquery.fancybox.css?v=2.1.5 HTTP/1.1" 200 4895
186.83.184.178 - - [19/Aug/2023:10:22:17 -0500] "GET /BLA/boletinlegal/js/jquery.scrollShow.js HTTP/1.1" 200 4586
186.83.184.178 - - [19/Aug/2023:10:22:17 -0500] "GET /galeria/galeria/jquery.fancybox.js?v=2.1.5 HTTP/1.1" 200 48706
216.245.221.92 - - [19/Aug/2023:10:22:25 -0500] "HEAD / HTTP/1.1" 200 -
191.156.147.81 - - [19/Aug/2023:10:23:59 -0500] "GET /bogota-empieza-la-consolidacion-de-la-estrategia-de-bosques-urbanos-con-el-brazo-salitre-en-barrios-unidos.html?utm_source=Meta_DIGI&utm_medium=CPV&utm_campaign=BosquesUrbanos&utm_id=Agosto_2023&fbclid=IwAR3yBBe9Ks7A_rf9PiaugJmTxBHveuOGjbyQOSX9sYreuUqMGwJbRkXx2Bk_aem_AXoZ__X1SrFvG0-Mk6Uit2XHiL5uNIWYU4jsybkvDBu-kONQ3XfvbsdGdJnP01gARsl4Hh0NeTBKX58eT7i1H7TJ HTTP/1.1" 200 892
172.22.2.4 - - [19/Aug/2023:10:22:38 -0500] "HEAD /BLA/boletinlegal/ HTTP/1.1" 200 -
201.245.192.253 - - [19/Aug/2023:10:24:37 -0500] "POST /kwsrmcab/Wsrmcab  HTTP/1.1" 200 41818
40.77.202.122 - - [19/Aug/2023:10:24:56 -0500] "GET /galeria/galeria/jquery.fancybox.js?v=2.1.5 HTTP/1.1" 200 48706
40.77.202.29 - - [19/Aug/2023:10:24:57 -0500] "GET /galeria/galeria/jquery.fancybox.css?v=2.1.5 HTTP/1.1" 200 4895
172.22.2.4 - - [19/Aug/2023:10:23:28 -0500] "GET /BLA/boletinlegal/ HTTP/1.1" 200 59343
31.7.60.114 - - [19/Aug/2023:10:25:49 -0500] "GET / HTTP/1.1" 200 319
172.22.2.4 - - [19/Aug/2023:10:27:23 -0500] "GET /BLA/boletinlegal/robots.txt HTTP/1.1" 404 1038
216.245.221.92 - - [19/Aug/2023:10:27:25 -0500] "HEAD / HTTP/1.1" 200 -
69.63.184.119 - - [19/Aug/2023:10:27:26 -0500] "GET /secretaria-de-ambiente-socializo-con-partidos-politicos-el-correcto-uso-de-publicidad-exterior-en-epoca-electoral.html HTTP/1.1" 200 837
172.22.2.4 - - [19/Aug/2023:10:27:40 -0500] "GET /BLA/boletinlegal/style.css HTTP/1.1" 200 9406
172.22.2.4 - - [19/Aug/2023:10:27:40 -0500] "GET /BLA/boletinlegal/styles2.css HTTP/1.1" 200 1838
172.22.2.4 - - [19/Aug/2023:10:27:40 -0500] "GET /BLA/boletinlegal/js/jquery.js HTTP/1.1" 200 57254
172.22.2.4 - - [19/Aug/2023:10:27:46 -0500] "GET /BLA/boletinlegal/js/jquery.scrollTo-min.js HTTP/1.1" 200 1150
172.22.2.4 - - [19/Aug/2023:10:27:46 -0500] "GET /BLA/boletinlegal/js/jquery.scrollShow.js HTTP/1.1" 200 4586
172.22.2.4 - - [19/Aug/2023:10:27:50 -0500] "GET /BLA/boletinlegal/images/cabezote%20BLEGAL.jpg HTTP/1.1" 200 118164
172.22.2.4 - - [19/Aug/2023:10:27:50 -0500] "GET /BLA/boletinlegal/images/subscribe-icon-big.png HTTP/1.1" 200 47702
172.22.2.4 - - [19/Aug/2023:10:27:50 -0500] "GET /BLA/boletinlegal/images/historia.png HTTP/1.1" 200 52775
172.22.2.4 - - [19/Aug/2023:10:28:06 -0500] "GET /BLA/boletinlegal/images/registro-usuarios.png HTTP/1.1" 200 8106
172.22.2.4 - - [19/Aug/2023:10:28:06 -0500] "GET /BLA/boletinlegal/images/arr_l.jpg HTTP/1.1" 200 1979
172.22.2.4 - - [19/Aug/2023:10:28:08 -0500] "GET /BLA/boletinlegal/images/screen_1.png HTTP/1.1" 200 202547
172.22.2.4 - - [19/Aug/2023:10:28:11 -0500] "GET /BLA/boletinlegal/images/launch.jpg HTTP/1.1" 200 14577
172.22.2.4 - - [19/Aug/2023:10:28:11 -0500] "GET /BLA/boletinlegal/images/screen_2.png HTTP/1.1" 200 362502
172.22.2.4 - - [19/Aug/2023:10:28:12 -0500] "GET /BLA/boletinlegal/images/screen_3.png HTTP/1.1" 200 210620
172.22.2.4 - - [19/Aug/2023:10:28:16 -0500] "GET /BLA/boletinlegal/images/screen_5.png HTTP/1.1" 200 368876
172.22.2.4 - - [19/Aug/2023:10:28:18 -0500] "GET /BLA/boletinlegal/images/arr_r.jpg HTTP/1.1" 200 1998
172.22.2.4 - - [19/Aug/2023:10:28:23 -0500] "GET /BLA/boletinlegal/images/pdf.gif HTTP/1.1" 200 567
201.245.192.253 - - [19/Aug/2023:10:28:26 -0500] "POST /kwsrmcab/Wsrmcab HTTP/1.1" 200 39899
172.22.2.4 - - [19/Aug/2023:10:28:32 -0500] "GET /BLA/boletinlegal/images/body_bg.jpg HTTP/1.1" 200 1601
201.245.192.253 - - [19/Aug/2023:10:28:29 -0500] "POST /kwsrmcab/Wsrmcab HTTP/1.1" 200 40808
172.22.2.4 - - [19/Aug/2023:10:28:35 -0500] "GET /BLA/boletinlegal/images/menu_lft.gif HTTP/1.1" 200 1713
172.22.2.4 - - [19/Aug/2023:10:28:35 -0500] "GET /BLA/boletinlegal/images/menu_rght.gif HTTP/1.1" 200 1627
172.22.2.4 - - [19/Aug/2023:10:28:35 -0500] "GET /BLA/boletinlegal/images/bg_top.jpg HTTP/1.1" 200 522
172.22.2.4 - - [19/Aug/2023:10:28:44 -0500] "GET /BLA/boletinlegal/images/text.jpg HTTP/1.1" 200 568
172.22.2.4 - - [19/Aug/2023:10:28:44 -0500] "GET /BLA/boletinlegal/images/menu_bg.jpg HTTP/1.1" 200 620
172.22.2.4 - - [19/Aug/2023:10:28:45 -0500] "GET /BLA/boletinlegal/images/hover.jpg HTTP/1.1" 200 640
172.22.2.4 - - [19/Aug/2023:10:28:47 -0500] "GET /BLA/boletinlegal/images/footer_bg.jpg HTTP/1.1" 200 586
172.22.2.4 - - [19/Aug/2023:10:27:24 -0500] "GET /BLA/boletinlegal/index.php HTTP/1.1" 200 53362
172.22.2.4 - - [19/Aug/2023:10:27:36 -0500] "GET /BLA/boletinlegal/ HTTP/1.1" 200 50790
172.22.2.4 - - [19/Aug/2023:10:29:17 -0500] "GET /BLA/boletinlegal/favicon.ico HTTP/1.1" 404 1308
201.245.192.253 - - [19/Aug/2023:10:29:36 -0500] "POST /kwsrmcab/Wsrmcab  HTTP/1.1" 200 41818
172.22.2.4 - - [19/Aug/2023:10:28:28 -0500] "HEAD /BLA/boletinlegal/ HTTP/1.1" 200 -
52.167.144.222 - - [19/Aug/2023:10:30:14 -0500] "GET /images/procesos-de-formacion-ambiental.jpg HTTP/1.1" 200 48188
172.22.2.4 - - [19/Aug/2023:10:29:18 -0500] "GET /BLA/boletinlegal/ HTTP/1.1" 200 61130
216.245.221.92 - - [19/Aug/2023:10:32:25 -0500] "HEAD / HTTP/1.1" 200 -
173.252.111.6 - - [19/Aug/2023:10:34:35 -0500] "GET /images/cr\xc3\xb3nica-29-nov-1_optimized.jpeg HTTP/1.1" 404 1034
201.245.192.253 - - [19/Aug/2023:10:34:35 -0500] "POST /kwsrmcab/Wsrmcab  HTTP/1.1" 200 41818
40.77.167.208 - - [19/Aug/2023:10:34:44 -0500] "GET /BLA/resoluciones/AUTOS%202021/1662.pdf HTTP/1.1" 200 406994
186.113.78.162 - - [19/Aug/2023:10:35:02 -0500] "GET /BLA/boletinlegal/js/jquery.scrollShow.js HTTP/1.1" 200 4586
186.113.78.162 - - [19/Aug/2023:10:35:02 -0500] "GET /galeria/galeria/jquery.fancybox.css?v=2.1.5 HTTP/1.1" 200 4895
186.113.78.162 - - [19/Aug/2023:10:35:02 -0500] "GET /galeria/galeria/jquery.fancybox.js?v=2.1.5 HTTP/1.1" 200 48706
172.22.2.4 - - [19/Aug/2023:10:34:18 -0500] "HEAD /BLA/boletinlegal/ HTTP/1.1" 200 -
172.22.2.4 - - [19/Aug/2023:10:35:08 -0500] "GET /BLA/boletinlegal/ HTTP/1.1" 200 47010
216.245.221.92 - - [19/Aug/2023:10:37:25 -0500] "HEAD / HTTP/1.1" 200 -
52.167.144.186 - - [19/Aug/2023:10:38:11 -0500] "GET /bla/resoluciones/resoluciones%202022/0140.pdf HTTP/1.1" 200 439712
201.245.192.253 - - [19/Aug/2023:10:38:26 -0500] "POST /kwsrmcab/Wsrmcab HTTP/1.1" 200 39899
201.245.192.253 - - [19/Aug/2023:10:38:30 -0500] "POST /kwsrmcab/Wsrmcab HTTP/1.1" 200 40808
40.88.21.235 - - [19/Aug/2023:10:39:15 -0500] "GET / HTTP/1.1" 200 319
40.88.21.235 - - [19/Aug/2023:10:39:15 -0500] "GET /favicon.ico HTTP/1.1" 200 7782
201.245.192.253 - - [19/Aug/2023:10:39:35 -0500] "POST /kwsrmcab/Wsrmcab  HTTP/1.1" 200 41818
172.22.2.4 - - [19/Aug/2023:10:40:08 -0500] "HEAD /BLA/boletinlegal/ HTTP/1.1" 200 -
216.245.221.92 - - [19/Aug/2023:10:42:25 -0500] "HEAD / HTTP/1.1" 200 -
186.84.44.89 - - [19/Aug/2023:10:42:28 -0500] "GET /bogota-empieza-la-consolidacion-de-la-estrategia-de-bosques-urbanos-con-el-brazo-salitre-en-barrios-unidos.html?utm_source=Meta_DIGI&utm_medium=CPV&utm_campaign=BosquesUrbanos&utm_id=Agosto_2023&fbclid=IwAR2FJAxNy_DXXDc84OQtWHJPalPJphPuEJnj1jPyQd3Zjr5BqJ_EEnuWiz8_aem_AXqEJwlGeYibas8pSLw7ZiqKiY0c5tdtAvnKMBmF3MQMMPB945uFL-v_1tttjL0Ibf9EZvpSNQMll5RdGAyND1ow HTTP/1.1" 200 892
172.22.2.4 - - [19/Aug/2023:10:40:58 -0500] "GET /BLA/boletinlegal/ HTTP/1.1" 200 61130
201.93.94.151 - - [19/Aug/2023:10:42:56 -0500] "GET / HTTP/1.0" 200 319
40.77.167.208 - - [19/Aug/2023:10:43:06 -0500] "GET /BLA/resoluciones/AUTOS%202020/2571.pdf HTTP/1.1" 200 368055
66.249.66.193 - - [19/Aug/2023:10:44:05 -0500] "GET /cumpleanos-485-de-bogota-inscribete-a-las-jornadas-de-monitoreo-a-la-biodiversidad.html HTTP/1.1" 200 847
179.51.124.35 - - [19/Aug/2023:10:44:34 -0500] "GET /bogota-empieza-la-consolidacion-de-la-estrategia-de-bosques-urbanos-con-el-brazo-salitre-en-barrios-unidos.html?utm_source=Meta_DIGI&utm_medium=CPV&utm_campaign=BosquesUrbanos&utm_id=Agosto_2023 HTTP/1.1" 200 892
201.245.192.253 - - [19/Aug/2023:10:44:35 -0500] "POST /kwsrmcab/Wsrmcab  HTTP/1.1" 200 41818
162.142.125.13 - - [19/Aug/2023:10:45:29 -0500] "GET / HTTP/1.1" 200 319
162.142.125.13 - - [19/Aug/2023:10:45:30 -0500] "GET / HTTP/1.1" 200 319
162.142.125.13 - - [19/Aug/2023:10:45:30 -0500] "PRI * HTTP/2.0" 400 946
162.142.125.13 - - [19/Aug/2023:10:45:30 -0500] "GET /favicon.ico HTTP/1.1" 200 7782
66.249.70.5 - - [19/Aug/2023:10:46:30 -0500] "GET /BLA/resoluciones/AUTOS%202010/3617.pdf HTTP/1.1" 200 3133968
181.54.107.136 - - [19/Aug/2023:10:47:07 -0500] "-" 408 -
181.54.107.136 - - [19/Aug/2023:10:47:07 -0500] "-" 408 -
216.245.221.92 - - [19/Aug/2023:10:47:25 -0500] "HEAD / HTTP/1.1" 200 -
172.22.2.4 - - [19/Aug/2023:10:45:58 -0500] "HEAD /BLA/boletinlegal/ HTTP/1.1" 200 -
186.102.24.85 - - [19/Aug/2023:10:47:50 -0500] "GET /kwssiamovil/sm/ldap/au?x=U2FsdGVkX1/O6PqCKtuhV/zHsTxnmLLsARO2BNTw5UqgmbJIQ5mMKQCwtQs6ykq9&y=U2FsdGVkX1/3sNUnwiDp4hDWEiUuASpHCF9ze4yffYMDhGWp5ToMAyY1g8mCfzEB HTTP/1.1" 200 30
186.102.24.85 - - [19/Aug/2023:10:47:50 -0500] "GET /kwssiamovil/sm/acme/s?s=U2FsdGVkX19tBV1CBjjX1SGQdYpy+PDSB/QX/KpxXVZpBWV+Z2Op7st9Cj7+GgPFBqdk3Th9i6bVQPWjEnv6IDWPrXsNZ+rxEIYd4rA3ZHI=&u=U2FsdGVkX18AOqK8XWmAs6Uy05d0btPvh3LZFqFhrt8=&y=U2FsdGVkX1/3sNUnwiDp4hDWEiUuASpHCF9ze4yffYMDhGWp5ToMAyY1g8mCfzEB HTTP/1.1" 200 70
186.102.24.85 - - [19/Aug/2023:10:47:50 -0500] "GET /kwssiamovil/sm/acme/s?s=U2FsdGVkX1/kBWzIhLYRH1aHjaw+HdwF7uIgIniVciiAHai2QFL4At1iei7CuLrp/wX81QL03QE8RcxpLs+WUvk6cdFqkSNNGazCmzq3hSQ43SAZA7chuKO+MjlIT4UThb1VMvPRdXegEzTinSzdBMBuoS66PTru7t1mvhff5CNXI2ivdyxahzwTDyU9EJErHtCgxPpVJKE5zTIHGlt+w2biOMI46qD1R2vVcYCqWuCXjkqzZ49zo8KAgFkBK7FLExYCU3RfaAWoQkqfc1uGGJx/ozjaSD+ATkOTU2M0Ud2+yL4VfgwGpI1NYH+ZOMX10ubprNBakT3irIk0c+2Rmy122wIiAXZ2TaV0I05+cbp7xcePF4CF5MzIRXfxvxbcYD5thK+9ZjXm4idWL9KEoiG88L8mQKbZolhSUcYxPrci9sptFKv5YbirMkb/rENU5dbS/a+uBJyCh1pnikjJIOLXzQNOzolWLEqxS4fMIn9BWwfrO0vNd9rYnJ4HDM4fjMj0HZKYQhFrFpA/uajWNjEpU1uTyW/BUj70FE2OlBbmUb+SYl5d7e2X0LMuh+UVGdfWC08HrU1bDs9pe0kN3TBtcr7NQAQF+aeh/Ip1zMiTqMxDMvPw3piynBf5LDBCbogdVNbUlcFrFkxQzI9R6ymvig1nNKe0zEHFrF/FaXok/umLYgr6ZokIzOoRikfd9bwJ9pRUXRkJUk2g5N/h2D+Pigo7FAChEJGFy16k6pgr1Q2BVJdcPJ/rg8AwfAMGthr/aWc9A1zhW5lbAl+MlDPStR+aXDFFSVERXhlo5wkoXMungdhmo48hLH0oGL8Hw12bQwu9rO9M+ePfVJPgKo2Kfe3SKPhajRRoPJNzP1zYawVkMyBheJ7z2tGZmrcS1SkqA/4jWye+q/LJMdzaJR9CvsvGeD6t1uwWNunCULwaq0pWkkwa6UC+5JeU3OpqEFiG4Fgb5FUa1PBspcRGWLSBuBTx7fOONDLtPEbjilP+lkxNoKsI5IoF52gN2lWVvv2XwMoBCixmI6wl0b4tuVBhyTWBwW6nTqvE3/Z9fy+UdVnBsHaloz3a2PdfFg6cM7GTzZbN2EM26iPt/Rul1WOsjfT5YwvR3UWz1KRY1EEXiv5Enri92vmvkvV130wRMOuvAO1HAx9ijHDJEpfXYzRXaBieS85t2DplThB55aZlIezL5002ajEK6oiH2tu6RQ7lddHUaC5uz3Z4b/DELCYslo69umQKLYBxdC9v9Zo05rfhdWtEsMJUDdz2vT7yJgdNsAcc9aaCG31yGsW5lJwUZSzbgIQtYdT/Rc1/EOcDzsDDmalI+CixzKkAZbeHJ8srZOGxClfU+x5LOBswFPG08Hv1Ajx1wLKkyu+aWkSGFhAOVvuLuHgOYfNri5LWMKq/70IIQCamz9Sqo5NLxJosU5FY3MK8kRihRtEuaCKDg4mz7qrT0MEpN5+bVMFNlNCUoXaiwmGFAsL+Fra7084+/wTXe2ff/jHotLZcGN9yJtiFyxYREnj98Wh5gvxszHBKfJD3ifNZUAC38+z7awuLhl1IYZosTNehrSBQAC+rX9rEea/4olGycV64KRRmjkZ9he5kZp5fTAL9zeWFBY5CWnGb8E9sXgnvMOu9eTDelG0W8eTpJ6NgdYAl59mBxRImRFDvcQoATh//XL/fvIp9t5oRP8raOF70UiFirO54E0vKe0zK+DF3hmQaEvDcGkYjE0nSOVYX11HtqYtQxE2ipToutmD1Pgq/qzy/dm8=&u=U2FsdGVkX18AOqK8XWmAs6Uy05d0btPvh3LZFqFhrt8=&y=U2FsdGVkX1/3sNUnwiDp4hDWEiUuASpHCF9ze4yffYMDhGWp5ToMAyY1g8mCfzEB HTTP/1.1" 200 3249
186.102.24.85 - - [19/Aug/2023:10:47:50 -0500] "GET /kwssiamovil/sm/acme/s?s=U2FsdGVkX19uu6KOVcEAq+ng8qunps8zEQOeIJLE2nha39rsPORZjdJCZrXn44CJK8QVXxs14xe1PyfGetq5HNkjtb2EcN94JBqs6tSD/sM3DDGfv3jUhszrxqv6g3sHcZhF6kzdqS8+6qqi9WhZNgtNrK6Bhv4o/1tK3xgOwn78sJqFM+G3qlsoqw28LSOBlznO/dMbMsjsA1dqQP/3r64jxInlUBAopvBWkCk/oDVqy6R1EwUJ/6b+1pKOkIDDw0umfKq1N9RqKy7nJeFs8VRfwV7uUU+vut9tS/ZoYUU5wAdUTTTJIqTUD8HqI0zkNi0dRB04earB0gsuRj+kkgAnBLw5F1ju2DyxgUZa6VFHmvIfOkMHZpjpZiYug9WF6bJyzVeZizjfxeagqWQc+6UseB1xbnL/A6fNAFXzdI6KrPDAtXg6ab52uEK7iBWwLTQ+QbQtgk8wBTywFIBt7Fpy7azKQR8FHPlDjzjkF1835zvBuNSS9ZXU8amFJ2qTHIVqTPW/MWA1XKN/n7c539XZUd3CGgbwCzZ//UfHmObuGgBfYA4uRBtii3JcFKJRisYLXBv/gmLN4itXq6wDDfhiQ7KtS0BdeqHkyusjkC5kqLZIriHndcolDZuq1xmRv1yApU/cSSEvnGKkNjWpOPxyj7V9mv5DJnc+TW1Bhi35ia9H2PTvbfmYU1CVn1tqnLm3xcuOmZh1Ng1FxN1S4qr+1vhsu9k3L4uqs9+UzZyvSGbop/w1qNbqZEXtjfw/&u=U2FsdGVkX18AOqK8XWmAs6Uy05d0btPvh3LZFqFhrt8=&y=U2FsdGVkX1/3sNUnwiDp4hDWEiUuASpHCF9ze4yffYMDhGWp5ToMAyY1g8mCfzEB HTTP/1.1" 200 208
186.102.24.85 - - [19/Aug/2023:10:47:50 -0500] "GET /kwssiamovil/sm/cjson/pre?f=1&x=U2FsdGVkX1/O6PqCKtuhV/zHsTxnmLLsARO2BNTw5UqgmbJIQ5mMKQCwtQs6ykq9 HTTP/1.1" 200 31032
172.22.2.4 - - [19/Aug/2023:10:46:48 -0500] "GET /BLA/boletinlegal/ HTTP/1.1" 200 53013
66.249.70.7 - - [19/Aug/2023:10:48:38 -0500] "GET /BLA/resoluciones/RESOLUCIONES%202015/1054.pdf HTTP/1.1" 200 487632
201.245.192.253 - - [19/Aug/2023:10:49:33 -0500] "POST /kwsrmcab/Wsrmcab  HTTP/1.1" 200 41818
216.245.221.92 - - [19/Aug/2023:10:52:25 -0500] "HEAD / HTTP/1.1" 200 -
172.22.2.4 - - [19/Aug/2023:10:51:48 -0500] "HEAD /BLA/boletinlegal/ HTTP/1.1" 200 -
66.249.70.7 - - [19/Aug/2023:10:53:32 -0500] "GET /BLA/resoluciones/RESOLUCIONES%202010/1724.pdf HTTP/1.1" 200 410664
66.249.70.6 - - [19/Aug/2023:10:53:33 -0500] "GET /BLA/resoluciones/RESOLUCIONES%202014/2004.pdf HTTP/1.1" 200 447694
181.57.120.177 - - [19/Aug/2023:10:53:42 -0500] "GET /secretaria-de-ambiente-socializo-con-partidos-politicos-el-correcto-uso-de-publicidad-exterior-en-epoca-electoral.html HTTP/1.1" 200 837
172.22.2.4 - - [19/Aug/2023:10:52:38 -0500] "GET /BLA/boletinlegal/ HTTP/1.1" 200 52656
201.245.192.253 - - [19/Aug/2023:10:54:32 -0500] "POST /kwsrmcab/Wsrmcab  HTTP/1.1" 200 41818
186.86.52.227 - - [19/Aug/2023:10:54:35 -0500] "GET /BLA/boletinlegal/js/jquery.scrollShow.js HTTP/1.1" 200 4586
186.86.52.227 - - [19/Aug/2023:10:54:35 -0500] "GET /galeria/galeria/jquery.fancybox.css?v=2.1.5 HTTP/1.1" 200 4895
186.86.52.227 - - [19/Aug/2023:10:54:35 -0500] "GET /galeria/galeria/jquery.fancybox.js?v=2.1.5 HTTP/1.1" 200 48706
181.52.223.20 - - [19/Aug/2023:10:55:14 -0500] "GET /appsia/controlador HTTP/1.1" 200 4799
181.52.223.20 - - [19/Aug/2023:10:55:14 -0500] "GET /appsia/css/estilos.css HTTP/1.1" 200 4804
181.52.223.20 - - [19/Aug/2023:10:55:14 -0500] "GET /appsia/scripts/validarIngreso.js HTTP/1.1" 200 851
181.52.223.20 - - [19/Aug/2023:10:55:14 -0500] "GET /appsia/images/cabezoteHojaVida.png HTTP/1.1" 200 32493
181.52.223.20 - - [19/Aug/2023:10:55:14 -0500] "GET /appsia/images/logo_bogota_p.png HTTP/1.1" 200 14951
181.52.223.20 - - [19/Aug/2023:10:55:14 -0500] "GET /favicon.ico HTTP/1.1" 200 7782
181.52.223.20 - - [19/Aug/2023:10:55:22 -0500] "POST /appsia/controlador HTTP/1.1" 200 5437
181.52.223.20 - - [19/Aug/2023:10:55:24 -0500] "POST /appsia/controlador HTTP/1.1" 200 5437
181.52.223.20 - - [19/Aug/2023:10:55:28 -0500] "POST /appsia/controlador HTTP/1.1" 200 7783
181.52.223.20 - - [19/Aug/2023:10:55:35 -0500] "POST /appsia/controlador HTTP/1.1" 200 6648
181.52.223.20 - - [19/Aug/2023:10:55:37 -0500] "POST /appsia/controlador HTTP/1.1" 200 12110
181.52.223.20 - - [19/Aug/2023:10:56:16 -0500] "POST /appsia/controlador HTTP/1.1" 200 7783
181.52.223.20 - - [19/Aug/2023:10:56:27 -0500] "POST /appsia/controlador HTTP/1.1" 200 6648
181.52.223.20 - - [19/Aug/2023:10:56:28 -0500] "POST /appsia/controlador HTTP/1.1" 200 11330
216.245.221.92 - - [19/Aug/2023:10:57:25 -0500] "HEAD / HTTP/1.1" 200 -
181.52.223.20 - - [19/Aug/2023:10:57:41 -0500] "POST /appsia/controlador HTTP/1.1" 200 7783
181.52.223.20 - - [19/Aug/2023:10:57:48 -0500] "POST /appsia/controlador HTTP/1.1" 200 6648
181.52.223.20 - - [19/Aug/2023:10:57:49 -0500] "POST /appsia/controlador HTTP/1.1" 200 12113
3.253.140.244 - - [19/Aug/2023:10:58:36 -0500] "GET /BLA/resoluciones/AUTOS%202011/0084.pdf HTTP/1.1" 200 163059
172.22.2.4 - - [19/Aug/2023:10:57:38 -0500] "HEAD /BLA/boletinlegal/ HTTP/1.1" 200 -
201.245.192.253 - - [19/Aug/2023:10:59:31 -0500] "POST /kwsrmcab/Wsrmcab  HTTP/1.1" 200 41818
172.22.2.4 - - [19/Aug/2023:10:58:28 -0500] "GET /BLA/boletinlegal/ HTTP/1.1" 200 60692
186.102.3.20 - - [19/Aug/2023:11:00:21 -0500] "GET /kwssiamovil/sm/ldap/au?x=U2FsdGVkX1+QFi1N3vIyt+UBdF9SL1GtFgHU3vdu+dWdwSte/ClceDKYmSjxB3V69ssbgTM1e6kGUj36VIwXbg==&y=U2FsdGVkX19aM56t+kXON8yzRi12FUjsYG6U0PwFhcO4ax++CMDE1jyxuChAl+QL HTTP/1.1" 200 31
186.102.3.20 - - [19/Aug/2023:11:00:44 -0500] "GET /kwssiamovil/sm/ldap/au?x=U2FsdGVkX1/211jsFnIlVFpmYJsOy+ZSjhkylTj8IiwYsPg7XXAZJQG+p3jd/R5xZnFYuBKJrt13THAqBKp+7w==&y=U2FsdGVkX1+qHYxa3qy6pw9GvIn1zFT+Km4OWqswKdMRjFc5E5nYA0Dum4qEoDU4 HTTP/1.1" 200 30
186.102.3.20 - - [19/Aug/2023:11:00:44 -0500] "GET /kwssiamovil/sm/acme/s?s=U2FsdGVkX1/4QqRugHuVQMIqXgeHwh2MhFxkD9Qjh6YG8Iw0D1VGYbJaJLvZUITvaO+X0PmY0hOJRh1YvKkETvVALkU0BFszKi4vPMPmgrE=&u=U2FsdGVkX1++JFTYRkSr358aqtFFjwXmMqHywMXKRzI=&y=U2FsdGVkX1+qHYxa3qy6pw9GvIn1zFT+Km4OWqswKdMRjFc5E5nYA0Dum4qEoDU4 HTTP/1.1" 200 97
186.102.3.20 - - [19/Aug/2023:11:00:45 -0500] "GET /kwssiamovil/sm/acme/s?s=U2FsdGVkX1+z5iWDetKuontOXq84ZJuVLo55F8rvXCUVqzo3sZK4WUkoq5wS9Z2QQe7xkZRtxeK1GRouZM6c8x4W0bxcD6kIP5Vjr85uRiAXVjSwC67LstPJX9k6KbylClDznBE3sl7efpPWknJoFGV23XCs+fdE2lo5CDq6OmgLtV6ZhQOi0EI45zfOTiFByhK2haCqYUUy8DexAr5xUwSlC+0TZHHWkuL0DCTWRzqs7B7qjGWPX0RQCSivHItlIFK0CYa3JpkV2E/dY7y8qzH2uer/vqYtUNQ3HRleIl/bfkZYrUJ+0d2erN+VRWts85zqGotxlUakgpWHe36gNM92jOI0mq+UTHLCmxpKR7g/UXrmV2reJL2s5H/STNy4j9KuuKuUEZ4a2KarZHaUO/gUMoYiJheor6xGSe/dcNf1X03Vk4c/7rjNQMMnwbha/sPJa4q3J4W0hMB9AIJl18KrdR5lepnfLAMmBeov+icnlC5oxb+J+yhmGa19SkQpkKOr7OsvR3p4FH+jrZGo0/AXZAJtKJ3C2HpXbTchwtuknYwuHUhhoW7ouj2sKqUwHl9LPEKVCOkYJ9BikDoJBJNmLW7eQn5GnSyX+GddhFof4lqPREtQI3Ben3kYbhohwMTDaGkzS2reR1PGlM4Z/HdrMtL1TWdPcLy1mEkPtjQaARQJmxT22ixmcP8/xQewJIq69H6FeLCFqsnzBU8RC9DBNkRXSmBxqjXCDlOxbaj97NHlQB53yHl5vmsHLKe8v4egpzsx2vGQ0YF3q2ozR/S8oiO48mix5hkjTPnZSbCmZMHbpkWNC4Ub1gbcKHZIEwCi/bakuPYRVWM1pKRz7NfFY1A+8xegUwaCoY8gK7TUbWY6aYRRTMppt6q89a86cbk+xv9sU+DA8I1/N6km4tDB3Uv/W+u2k8o0zrd/re08XL19vovAUF1vKi+5ZqYNv3uZDks1sKrnDYIewm4rqDDpCmm6Q2ZX913AxpplDgKXmPZ+OJbgzvSqf7EF+5qynPJzpyRtFP1CZc6NiFPrn6tjZccLfrIs6r5Fo+Rsa2Y88WnnTG72w7lpouaIa0K39BvalU0OP30+5g4IUPWL0qsUU4SJwH51usPlXJy0ZHlZRtLvt3fkGyN+4EFHf+jXcMD03fD1CjVQSImMXckPdSSZCtuZHhfGgGWyiQQ2V1OXKjk21gqWIEJ0KYU5InMYx6N9aIm+wSa15ivEgovyGoVgtCZzjk1AhvHxqLzb/AiFWmZPNbsfXAdTVs438y1pgMUxOa8vkD85cH5O26f4g2SdclIYlpRLgh0DjtymM1RFPHXKW/p367qKvUSAJohd48NQPlPtZfIDqXlElqzQyAwTtD6IPwVIEChf1pcjbUSrZUqsWjpOg/0IAWw7kHa1eu979k5CHDdnTmqSo8oFtyrBSK3kmxjtTAtoJ7Un5s4=&u=U2FsdGVkX1++JFTYRkSr358aqtFFjwXmMqHywMXKRzI=&y=U2FsdGVkX1+qHYxa3qy6pw9GvIn1zFT+Km4OWqswKdMRjFc5E5nYA0Dum4qEoDU4 HTTP/1.1" 200 299
186.102.3.20 - - [19/Aug/2023:11:00:45 -0500] "GET /kwssiamovil/sm/acme/s?s=U2FsdGVkX18gDXlSl3k7CdUgUkN07HMnb7nKfcsVV0llv899t+p4Z7LuSvTj7fO9TEn8iBcE+qW5eH+4+IUJVIiLwa5pXk5A0qRWH9qLE0d7Q/8pzi0FqCTjYQoYh92SC8V7JjMnZIWv2Wm5mM16WPkEZvqL2nGYxSTz4PrC16TqCzkaEUSGgnP/+gmeVgOLVQUqOGdfadamfl+oA1EHACSC40ViYo2NhJMmyBl3o9mJhX8xTf5cQbNAFLyTfJMEvt/Qz5Jdt03/pMbnSY6zO7xt8xRWx7WOBur7ICijC0GNxyeXUHzR5oxrsHyAU1+4rjbBqkiHUh1isjHer4EHRCbqspq6WiCU2+1cc9RvGfc=&u=U2FsdGVkX1++JFTYRkSr358aqtFFjwXmMqHywMXKRzI=&y=U2FsdGVkX1+qHYxa3qy6pw9GvIn1zFT+Km4OWqswKdMRjFc5E5nYA0Dum4qEoDU4 HTTP/1.1" 200 196
186.102.3.20 - - [19/Aug/2023:11:00:45 -0500] "GET /kwssiamovil/sm/cjson/pre?f=1&x=U2FsdGVkX1/211jsFnIlVFpmYJsOy+ZSjhkylTj8IiwYsPg7XXAZJQG+p3jd/R5xZnFYuBKJrt13THAqBKp+7w== HTTP/1.1" 200 31032
66.249.70.6 - - [19/Aug/2023:11:01:30 -0500] "GET /BLA/resoluciones/RESOLUCIONES%202013/2046.pdf HTTP/1.1" 200 2172935
186.154.156.238 - - [19/Aug/2023:11:01:37 -0500] "HEAD /senales-para-identificar-un-arbol-en-riesgo-de-caida-en-bogota.html HTTP/1.1" 200 -
186.154.156.238 - - [19/Aug/2023:11:01:37 -0500] "GET /senales-para-identificar-un-arbol-en-riesgo-de-caida-en-bogota.html HTTP/1.1" 200 844
186.154.156.238 - - [19/Aug/2023:11:01:38 -0500] "GET /senales-para-identificar-un-arbol-en-riesgo-de-caida-en-bogota.html HTTP/1.1" 200 844
216.245.221.92 - - [19/Aug/2023:11:02:25 -0500] "HEAD / HTTP/1.1" 200 -
179.19.48.84 - - [19/Aug/2023:11:02:29 -0500] "GET /bogota-empieza-la-consolidacion-de-la-estrategia-de-bosques-urbanos-con-el-brazo-salitre-en-barrios-unidos.html?utm_source=Meta_DIGI&utm_medium=CPV&utm_campaign=BosquesUrbanos&utm_id=Agosto_2023&fbclid=IwAR0mFKpyfUp0o_L3SNrFsmprtwGqn2M8PMiEEYc84EvQuZx5hXgEe8MpC4o_aem_AXrwjhfeyFnfk-MFu-3nBJV6NN3VmW79zWNy138ZCWrITO9aqp16FfIJP-tawrhiGyzyzM1-LCSLQb4JU_gf9yjV HTTP/1.1" 200 892
201.245.192.253 - - [19/Aug/2023:11:04:29 -0500] "POST /kwsrmcab/Wsrmcab  HTTP/1.1" 200 41818
172.22.2.4 - - [19/Aug/2023:11:03:28 -0500] "HEAD /BLA/boletinlegal/ HTTP/1.1" 200 -
190.249.23.145 - - [19/Aug/2023:11:05:52 -0500] "GET /bogota-empieza-la-consolidacion-de-la-estrategia-de-bosques-urbanos-con-el-brazo-salitre-en-barrios-unidos.html?utm_source=Meta_DIGI&utm_medium=CPV&utm_campaign=BosquesUrbanos&utm_id=Agosto_2023&fbclid=IwAR3A2hvHx21Z-FfCMWvRW9knO96uB7tVomVLSdiLBgDeQPpoPEeLzFeX25k_aem_AXqBL9CQiacL_XZWyWB1EmUC1KzwKXAxkN1bdEeFKp1xNX4ttCzLhj15Vb7_QftR0HVz4vyjhrsv8i_ZHUb-hzos HTTP/1.1" 200 892
190.46.55.135 - - [19/Aug/2023:11:05:52 -0500] "GET / HTTP/1.0" 200 319
172.22.2.4 - - [19/Aug/2023:11:04:18 -0500] "GET /BLA/boletinlegal/ HTTP/1.1" 200 56970
136.243.228.194 - - [19/Aug/2023:11:06:23 -0500] "GET /secretaria-de-ambiente-invita-al-conversatorio-sobre-publicidad-exterior-electoral.html HTTP/1.1" 200 822
216.245.221.92 - - [19/Aug/2023:11:07:25 -0500] "HEAD / HTTP/1.1" 200 -
201.245.192.253 - - [19/Aug/2023:11:09:28 -0500] "POST /kwsrmcab/Wsrmcab  HTTP/1.1" 200 41818
66.249.70.6 - - [19/Aug/2023:11:10:28 -0500] "GET /BLA/resoluciones/AUTOS%202014/0984.pdf HTTP/1.1" 200 286283
172.22.2.4 - - [19/Aug/2023:11:09:18 -0500] "HEAD /BLA/boletinlegal/ HTTP/1.1" 200 -
172.22.2.4 - - [19/Aug/2023:11:10:08 -0500] "GET /BLA/boletinlegal/ HTTP/1.1" 200 57790
216.245.221.92 - - [19/Aug/2023:11:12:25 -0500] "HEAD / HTTP/1.1" 200 -
191.156.59.172 - - [19/Aug/2023:11:12:37 -0500] "GET /galeria/galeria/jquery.fancybox.css?v=2.1.5 HTTP/1.1" 200 4895
191.156.54.121 - - [19/Aug/2023:11:12:37 -0500] "GET /BLA/boletinlegal/js/jquery.scrollShow.js HTTP/1.1" 200 4586
191.156.50.82 - - [19/Aug/2023:11:12:37 -0500] "GET /galeria/galeria/jquery.fancybox.js?v=2.1.5 HTTP/1.1" 200 48706
172.22.2.4 - - [19/Aug/2023:11:12:43 -0500] "GET /BLA/boletinlegal/owa/auth/x.js HTTP/1.1" 404 1018
190.85.122.129 - - [19/Aug/2023:11:13:15 -0500] "GET /forest/ HTTP/1.1" 200 12041
66.249.70.5 - - [19/Aug/2023:11:13:20 -0500] "GET /BLA/resoluciones/RESOLUCIONES%202009/6537.pdf HTTP/1.1" 200 436417
66.249.70.7 - - [19/Aug/2023:11:14:13 -0500] "GET /BLA/resoluciones/RESOLUCIONES%202008/4462.pdf HTTP/1.1" 200 696783
201.245.192.253 - - [19/Aug/2023:11:14:27 -0500] "POST /kwsrmcab/Wsrmcab  HTTP/1.1" 200 41818
66.249.70.7 - - [19/Aug/2023:11:16:30 -0500] "GET /BLA/resoluciones/RESOLUCIONES%202013/2046.pdf HTTP/1.1" 200 2172935
172.22.2.4 - - [19/Aug/2023:11:15:08 -0500] "HEAD /BLA/boletinlegal/ HTTP/1.1" 200 -
142.4.217.87 - - [19/Aug/2023:11:16:57 -0500] "GET /secretaria-de-ambiente-socializo-con-partidos-politicos-el-correcto-uso-de-publicidad-exterior-en-epoca-electoral.html HTTP/1.1" 200 837
186.29.67.160 - - [19/Aug/2023:11:17:10 -0500] "GET /bogota-empieza-la-consolidacion-de-la-estrategia-de-bosques-urbanos-con-el-brazo-salitre-en-barrios-unidos.html?utm_source=Meta_DIGI&utm_medium=CPV&utm_campaign=BosquesUrbanos&utm_id=Agosto_2023&fbclid=IwAR1OPksW6yMlfZXtZEFlJuNP___bAWQXohvfo6mCGbNUfmm-5qOGnWGES-8_aem_AXqSIe6aeIkOk7Ky-yYLD-in12Dbz-r1kSJL9g-ONT9eBAvRDs-NAf05D1fxNwFvy-98bH2rjk2NK95LTa1RVcKM HTTP/1.1" 200 892
216.245.221.92 - - [19/Aug/2023:11:17:25 -0500] "HEAD / HTTP/1.1" 200 -
172.22.2.4 - - [19/Aug/2023:11:17:29 -0500] "GET /BLA/boletinlegal/ReportServer HTTP/1.1" 404 1018
172.22.2.4 - - [19/Aug/2023:11:15:58 -0500] "GET /BLA/boletinlegal/ HTTP/1.1" 200 57790
201.245.192.253 - - [19/Aug/2023:11:18:26 -0500] "POST /kwsrmcab/Wsrmcab HTTP/1.1" 200 38548
201.245.192.253 - - [19/Aug/2023:11:18:29 -0500] "POST /kwsrmcab/Wsrmcab HTTP/1.1" 200 40801
40.77.167.235 - - [19/Aug/2023:11:19:20 -0500] "GET /Publicaciones/2023EE188345.pdf HTTP/1.1" 200 231933
201.245.192.253 - - [19/Aug/2023:11:19:27 -0500] "POST /kwsrmcab/Wsrmcab  HTTP/1.1" 200 41818
186.155.104.43 - - [19/Aug/2023:11:19:45 -0500] "GET /galeria/galeria/jquery.fancybox.css?v=2.1.5 HTTP/1.1" 200 4895
186.155.104.43 - - [19/Aug/2023:11:19:45 -0500] "GET /BLA/boletinlegal/js/jquery.scrollShow.js HTTP/1.1" 200 4586
186.155.104.43 - - [19/Aug/2023:11:19:45 -0500] "GET /galeria/galeria/jquery.fancybox.js?v=2.1.5 HTTP/1.1" 200 48706
66.249.70.5 - - [19/Aug/2023:11:20:22 -0500] "GET /Publicaciones/2023EE168645.pdf HTTP/1.1" 404 228
66.249.70.5 - - [19/Aug/2023:11:21:24 -0500] "GET /BLA/resoluciones/RESOLUCIONES%202011/3471.pdf HTTP/1.1" 200 535192
216.245.221.92 - - [19/Aug/2023:11:22:25 -0500] "HEAD / HTTP/1.1" 200 -
172.22.2.4 - - [19/Aug/2023:11:20:58 -0500] "HEAD /BLA/boletinlegal/ HTTP/1.1" 200 -
172.22.2.4 - - [19/Aug/2023:11:21:48 -0500] "GET /BLA/boletinlegal/ HTTP/1.1" 200 53013
66.249.70.6 - - [19/Aug/2023:11:23:32 -0500] "GET /BLA/resoluciones/Autos%202008/1015.pdf HTTP/1.1" 200 366911
66.249.70.5 - - [19/Aug/2023:11:23:33 -0500] "GET /BLA/resoluciones/AUTOS%202013/0706.pdf HTTP/1.1" 200 2579979
66.249.70.6 - - [19/Aug/2023:11:23:35 -0500] "GET /BLA/resoluciones/RESOLUCIONES%202007/RES%202007%202301%20AL%202400/RESOLUCION%202339%20DE%202007.pdf HTTP/1.1" 200 47836
66.249.70.5 - - [19/Aug/2023:11:23:37 -0500] "GET /BLA/resoluciones/AUTOS%202014/3754.pdf HTTP/1.1" 200 457928
66.249.70.6 - - [19/Aug/2023:11:23:37 -0500] "GET /BLA/resoluciones/AUTOS%202007/2483.pdf HTTP/1.1" 200 287008
66.249.70.6 - - [19/Aug/2023:11:23:38 -0500] "GET /Publicaciones/2023EE165073.pdf HTTP/1.1" 404 228
66.249.70.6 - - [19/Aug/2023:11:23:39 -0500] "GET /BLA/resoluciones/RESOLUCIONES%202009/3771.pdf HTTP/1.1" 200 61632
179.19.32.152 - - [19/Aug/2023:11:24:07 -0500] "-" 408 -
201.245.192.253 - - [19/Aug/2023:11:24:25 -0500] "POST /kwsrmcab/Wsrmcab  HTTP/1.1" 200 41818
216.245.221.92 - - [19/Aug/2023:11:27:25 -0500] "HEAD / HTTP/1.1" 200 -
172.22.2.4 - - [19/Aug/2023:11:27:29 -0500] "GET /BLA/boletinlegal/robots.txt HTTP/1.1" 404 1038
172.22.2.4 - - [19/Aug/2023:11:27:38 -0500] "GET /BLA/boletinlegal/jurisprudencia.php HTTP/1.1" 200 17583
172.22.2.4 - - [19/Aug/2023:11:27:55 -0500] "GET /BLA/boletinlegal/js/popup.js HTTP/1.1" 200 1270
172.22.2.4 - - [19/Aug/2023:11:28:02 -0500] "GET /BLA/boletinlegal/js/jquery1.js HTTP/1.1" 200 29846
172.22.2.4 - - [19/Aug/2023:11:28:03 -0500] "GET /BLA/boletinlegal/actos.php HTTP/1.1" 200 9682
172.22.2.4 - - [19/Aug/2023:11:28:06 -0500] "GET /BLA/boletinlegal/js/lib.js HTTP/1.1" 200 6474
200.118.61.89 - - [19/Aug/2023:11:28:20 -0500] "GET /galeria/galeria/jquery.fancybox.css?v=2.1.5 HTTP/1.1" 200 4895
200.118.61.89 - - [19/Aug/2023:11:28:20 -0500] "GET /BLA/boletinlegal/js/jquery.scrollShow.js HTTP/1.1" 200 4586
200.118.61.89 - - [19/Aug/2023:11:28:20 -0500] "GET /galeria/galeria/jquery.fancybox.js?v=2.1.5 HTTP/1.1" 200 48706
172.22.2.4 - - [19/Aug/2023:11:26:48 -0500] "HEAD /BLA/boletinlegal/ HTTP/1.1" 200 -
201.245.192.253 - - [19/Aug/2023:11:28:27 -0500] "POST /kwsrmcab/Wsrmcab HTTP/1.1" 200 38548
40.77.167.247 - - [19/Aug/2023:11:28:32 -0500] "GET /BLA/resoluciones/AUTOS%202022/1193.pdf HTTP/1.1" 304 -
201.245.192.253 - - [19/Aug/2023:11:28:30 -0500] "POST /kwsrmcab/Wsrmcab HTTP/1.1" 200 40801
172.22.2.4 - - [19/Aug/2023:11:28:41 -0500] "GET /BLA/boletinlegal/consulta_actos.php?tipo=resoluciones&no=0938&usuario=&sector=&fecha=2009&resuelve= HTTP/1.1" 200 1075
190.27.185.205 - - [19/Aug/2023:11:28:49 -0500] "GET /BLA/resoluciones/RESOLUCIONES%202009/0938.pdf HTTP/1.1" 200 270803
173.252.95.10 - - [19/Aug/2023:11:29:00 -0500] "GET /cerrados-los-caminos-de-los-cerros-orientales-por-jornada-electoral.html HTTP/1.1" 200 809
66.249.66.192 - - [19/Aug/2023:11:29:05 -0500] "GET /mujeres-que-reverdecen-secretaria-de-ambiente-anuncia-el-inicio-de-la-tercera-fase.html HTTP/1.1" 304 -
172.22.2.4 - - [19/Aug/2023:11:27:38 -0500] "GET /BLA/boletinlegal/ HTTP/1.1" 200 58187
66.249.70.6 - - [19/Aug/2023:11:29:27 -0500] "GET /Publicaciones/2023EE173833.pdf HTTP/1.1" 404 228
201.245.192.253 - - [19/Aug/2023:11:29:24 -0500] "POST /kwsrmcab/Wsrmcab  HTTP/1.1" 200 41818
173.252.111.8 - - [19/Aug/2023:11:29:55 -0500] "GET /images/camino-guadalupe-aguanoso.jpg HTTP/1.1" 200 103489
173.252.111.9 - - [19/Aug/2023:11:29:55 -0500] "GET /images/construccion-sostenible-.jpg HTTP/1.1" 200 82949
173.252.111.5 - - [19/Aug/2023:11:29:55 -0500] "GET /images/Caminatas-ecologicas-julio.jpg HTTP/1.1" 200 480557
168.119.253.69 - - [19/Aug/2023:11:30:13 -0500] "GET / HTTP/1.1" 200 319
168.119.253.69 - - [19/Aug/2023:11:30:14 -0500] "GET / HTTP/1.1" 200 4720
66.249.70.7 - - [19/Aug/2023:11:31:30 -0500] "GET /BLA/resoluciones/AUTOS%202013/0959.pdf HTTP/1.1" 200 1958205
216.245.221.92 - - [19/Aug/2023:11:32:25 -0500] "HEAD / HTTP/1.1" 200 -
40.77.167.233 - - [19/Aug/2023:11:33:25 -0500] "GET /cuales-son-las-senales-para-identificar-un-arbol-en-riesgo-de-caida-en-bogota.html HTTP/1.1" 200 863
172.22.2.4 - - [19/Aug/2023:11:32:38 -0500] "HEAD /BLA/boletinlegal/ HTTP/1.1" 200 -
201.245.192.253 - - [19/Aug/2023:11:34:23 -0500] "POST /kwsrmcab/Wsrmcab  HTTP/1.1" 200 41818
172.22.2.4 - - [19/Aug/2023:11:33:28 -0500] "GET /BLA/boletinlegal/ HTTP/1.1" 200 60692
181.206.152.110 - - [19/Aug/2023:11:36:45 -0500] "GET /bogota-empieza-la-consolidacion-de-la-estrategia-de-bosques-urbanos-con-el-brazo-salitre-en-barrios-unidos.html?utm_source=Meta_DIGI&utm_medium=CPV&utm_campaign=BosquesUrbanos&utm_id=Agosto_2023&fbclid=IwAR32x6W2Dzrw6Z4i0Zc96lUorejX8de0JUigtGTc0tXqBDa3fbqpo5Qi6EQ_aem_AXoaseRDFGh2gbRcmCjgh_kb3zW6uW_0CDGcABjtOSW3pKVCkPkHf5q5vECFtLGPM1stfJ5LjCcu3EWfe7BZUPG8 HTTP/1.1" 200 892
216.245.221.92 - - [19/Aug/2023:11:37:25 -0500] "HEAD / HTTP/1.1" 200 -
201.245.192.253 - - [19/Aug/2023:11:38:26 -0500] "POST /kwsrmcab/Wsrmcab HTTP/1.1" 200 38548
201.245.192.253 - - [19/Aug/2023:11:38:29 -0500] "POST /kwsrmcab/Wsrmcab HTTP/1.1" 200 40801
190.131.209.1 - - [19/Aug/2023:11:38:52 -0500] "GET /BLA/boletinlegal/js/jquery.scrollShow.js HTTP/1.1" 200 4586
