201.245.192.253 - - [19/Aug/2023:07:38:27 -0500] "POST /kwsrmcab/Wsrmcab HTTP/1.1" 200 42167
201.245.192.253 - - [19/Aug/2023:07:38:30 -0500] "POST /kwsrmcab/Wsrmcab HTTP/1.1" 200 40540
40.77.167.123 - - [19/Aug/2023:07:39:40 -0500] "GET /Publicaciones/2023EE137307.pdf HTTP/1.1" 404 228
201.245.192.253 - - [19/Aug/2023:07:40:04 -0500] "POST /kwsrmcab/Wsrmcab  HTTP/1.1" 200 41818
181.59.3.204 - - [19/Aug/2023:07:40:35 -0500] "GET /bogota-empieza-la-consolidacion-de-la-estrategia-de-bosques-urbanos-con-el-brazo-salitre-en-barrios-unidos.html?utm_source=Meta_DIGI&utm_medium=CPV&utm_campaign=BosquesUrbanos&utm_id=Agosto_2023&fbclid=IwAR1e6H3B8aMV-9jbelWJm4Roj4zh0Z4vTXpsJ5dqKkTs87D1EOlEHzU5K-k_aem_AXpPiZH_kwFxu7RTgEVrcFAZJpkdhd4pmuT1vIfT3xTgFH0XHIqV2gUgoHja40zyY6-Sr5Q19noXsVijuK-PkBqR HTTP/1.1" 200 892
191.156.176.62 - - [19/Aug/2023:07:40:44 -0500] "GET /inscribete-y-participa-en-la-convencion-internacional-de-emergencia-climatica-bogota-2023.html HTTP/1.1" 200 895
172.22.2.4 - - [19/Aug/2023:07:39:18 -0500] "HEAD /BLA/boletinlegal/ HTTP/1.1" 200 -
172.22.2.4 - - [19/Aug/2023:07:40:09 -0500] "GET /BLA/boletinlegal/ HTTP/1.1" 200 57790
216.245.221.92 - - [19/Aug/2023:07:42:25 -0500] "HEAD / HTTP/1.1" 200 -
40.77.167.208 - - [19/Aug/2023:07:44:21 -0500] "GET /BLA/resoluciones/AUTOS%202023/0753.pdf HTTP/1.1" 200 412902
201.245.192.253 - - [19/Aug/2023:07:45:04 -0500] "POST /kwsrmcab/Wsrmcab  HTTP/1.1" 200 41818
40.77.167.123 - - [19/Aug/2023:07:46:21 -0500] "GET /BLA/resoluciones/AUTOS%202023/3504.pdf HTTP/1.1" 200 396836
66.249.70.6 - - [19/Aug/2023:07:46:30 -0500] "GET /POT-2013/Cartografia/03_Suelos%20de%20Protecci%C3%B3n.pdf HTTP/1.1" 200 3680887
172.22.2.4 - - [19/Aug/2023:07:45:08 -0500] "HEAD /BLA/boletinlegal/ HTTP/1.1" 200 -
216.245.221.92 - - [19/Aug/2023:07:47:25 -0500] "HEAD / HTTP/1.1" 200 -
172.22.2.4 - - [19/Aug/2023:07:45:59 -0500] "GET /BLA/boletinlegal/ HTTP/1.1" 200 60342
123.126.68.123 - - [19/Aug/2023:07:48:10 -0500] "GET / HTTP/1.1" 200 319
172.22.2.4 - - [19/Aug/2023:07:47:37 -0500] "GET /BLA/boletinlegal/ HTTP/1.1" 200 32715
186.102.90.202 - - [19/Aug/2023:07:48:31 -0500] "GET /kwssiamovil/sm/ldap/au?x=U2FsdGVkX19dx48Dt55hnxYKrq9HIMHV7W3nIXe+MIBGvm6t5R3lV9Q13UYTYgZ0&y=U2FsdGVkX1+TNK021rhv5Y17ygM7j3C0JOfID+8Bd2gWIUOljnUDu6ApYr1i2pqK HTTP/1.1" 200 30
186.102.90.202 - - [19/Aug/2023:07:48:31 -0500] "GET /kwssiamovil/sm/acme/s?s=U2FsdGVkX1+quL/jh8YqeD1C+3JtQn96sQCeUU+A8glQGoGUpXWDsgH5HT1TyryiGysGy0sTLTgyFA4CO0aOK0KPp3hmsz2IRe6vEyySGfk=&u=U2FsdGVkX1+dshsDq9u+GO/X53S0X/w1RDaa9/w7xV94TdTwiUvgzOSpTNNznAGz&y=U2FsdGVkX1+TNK021rhv5Y17ygM7j3C0JOfID+8Bd2gWIUOljnUDu6ApYr1i2pqK HTTP/1.1" 200 97
186.102.90.202 - - [19/Aug/2023:07:48:31 -0500] "GET /kwssiamovil/sm/acme/s?s=U2FsdGVkX1+sLhkEVer6hnrrkqOdhdD9+j+vJSB7wX07a9Ohf/+6VvEqyQuuxanK5QlO83jeXzKnp4Fv0JU5wg/9RThtYbVjBbv/g4mExE2Wh5GPFy1+m91OhQYTWhkOFD7F+UBa43Td0mWX9Vr7MnjdTvtXDvMallpUy1xFlx71R8xP2JIndAInHHlEjLAbCNLUJOpfeY0Wd0y+YlMUv0+vwBNnIQeNIlw7aly+Sn6m3CuUz3Uofl07XixsMXj84SePAcoiCMsB8Ju1xaxP0Jgycamz1ycjvHo6AyBQ/aKi93CumTXvApvkcfhHsouvCAfCuRkWKp6q86ZFHgWDMkkz/KQr4nezd3JjLWjxMo6rjFqCl2tthINHSGt9HhsDEmK/x7MEG9fP5scNV0TBz99j/cNXJr5g/IffDDhf/eRwnTvXN0E9ma1O98M5FL69FKtNx9GabXdK/0c22ONOHPk4iJzHdXGI/CnGowv2Icum7J3uGWj201dthyV/CWuL0eIAJWMeJ0vq0AlqDOjok63ScjeoYLdT+oJttFgd8JpRuhEvo7ksacvIRHHawy26lOiENBJYBXnB0lJtFI2TniI6uRd/FNJU/l38dwvCb6mvo9NPKN+geLxaUHZY8r1hUTNKTGhGI7wNFIKmDeqEtmKGrZPqZyKxbBurqew4Rvj1jcKRKpGkea+poDiPZUgEka2Ut2sj2m6+2SNeXhziufGyKXtThOca5Qk3PIZH/YvLjWX5VGQXZ5T8KKoZ8AUE0xOyKdxV1fQ6jL4Hj+NF0EjiGDmmqT1ykEtH5f9eoBAAJs0hk6yiaHlciG7hcSq6RywlFMx2MRm+GL8bt3SFmFtxGZ5dhchX7FlwQCAec8Z60Q4yrRyGamG49OD1mzV/8iA0/7GdpIjGESRc0sr7isqoIlxD/ZEcyqVy6FZQoBNhJ1jmIE1XBypjLFeO1TbvGTgQcMWOknvbHRAqtDjzXNLxEFzfq7+yHXZ1GrY7G+f1b1XMf6bxvE/Kkwx4/EpgvLAuqZXHEdLHRHb+lKgePUL+oThchwCtbB0qFcgNxGnx6OxbODHGej9LZRMVochounoKGfqdsLyzn70x9PzEmlvF/q3XiRLUGCf/wRVnXySn4Q3tSJVy3zAECPhKJOS3Fh5TTD1L2Y0JzEpIix1ei92Hg9pIQ4VzZPex/nz2fwRrCNX1Preys/0bF7QNpvlsy668sTQycUqPhiCT8NgvnU7355T/6sl8C4zdTqEd6yPp5K/+D2o5ALCyy74pFgbfoyGIVyiBSDmNT8p6hqHDOl2pbwoybevKQqfSwT+FevGh49gnR/xMLYV3aB5OgwciBSXSv6K2W2mG4DPUYom6pqKDxAcyqn3pXNRX/Jn4Dw7WVV3suCq/UZ8WKKIFCgNKumeYtX7OHM9UMcraf4CQilFlPufX8mF9jgo5cLOlWaZJcUzkfjmPRVypT4YgfZx3Jq5ykdKqqS0bWGJX1c21thfZLjh9lGRCLw+EEEPxCxR2ohpI6KfdW6GD5eYm+uZa3eASEo+H0+KtptAVLgC5mM4DxiVOe2pYctCZAwAb2oaBMxX2eT+fwDufjO6jFgqFebhcfS5so4UhFVLhvnkqf0uAaf0rA3uFUmbY8dpV3dKacbumUIBgJxlIJ5rGitiPbQW/akA98b3JZQxAa1B0LdZeDm8UKd62xb0XbP9AQcW4+KkmUeDHNQlK9bc3g5JnMisuh0StgWmb9Yadc+SmD7tyd5aS4VQ+FX14ql/xcCvjI96GKaXTSLzRRPfVs7ax&u=U2FsdGVkX1+dshsDq9u+GO/X53S0X/w1RDaa9/w7xV94TdTwiUvgzOSpTNNznAGz&y=U2FsdGVkX1+TNK021rhv5Y17ygM7j3C0JOfID+8Bd2gWIUOljnUDu6ApYr1i2pqK HTTP/1.1" 200 2327
186.102.90.202 - - [19/Aug/2023:07:48:31 -0500] "GET /kwssiamovil/sm/acme/s?s=U2FsdGVkX1/BzWjRQvTf6m9WKVeKj4YQ1sO+gWkZbyT7ebVXOEwhBYRBVfgeni3umocCtmjVydQllMkcNq5Z0gYftLFcmNi5tJSVyjqoR7WnpSucODCEjC0DoEF7HwUdgDPoAPprY0l/VCuNL1pXDdDhIQMsccUhag8SiVQACXmttMc1O9T7ITF7ZFwho8v57OFa5giGNKOVJ5bQamoqPR6yGHme/sZ9ELaCaQ/W4c94mmYp0mn/KVn+1rt0kVz5QypoLw6Er//zd8vLnKYnDv6Vw3Rydo56v2YZ2s5NiilXMLjbVEcHfpJIQguumJMn7J+wnAzSswzMxmRNFDpWJ3FmLxrjZ2chzTzrL24/emLrxinRD0exHSmyYNCU6NMMvA2sszmIIRz3RshOWkBXdnFwo1HpBTLQ+7gHTGuUfI9y3jcEQjE2Uk/7oPH/qFKVhHBtjUGEY44xpT3tDlcnUS5VFF0f1sLkcMBhyF6gNIQ8kyculICEz7ENcFU//MsiP+9cWoCPQFDMkqQMw/L6mAR/1ol2eTs5KixYkfe1Kgzdx7zVISt20GS+YlTNcNRTORiTDiFH+DKQI1nrh4a0SJPYRPx9kq1LlI6tPARKl64fOIPMW2pkMZMsP8xzhwOP+AUTAHhfGLo8Uuga5otE/YeAOOC+/APerjnnGT+NaXp/e2J1heMDdOdrvkYqEC5TGpj8b64DwLJ8yvk8TQ7S4wOuRPOLJklxkSTB9iYgMfmvR8olaBaumHswqHhQSKfSQgfJyuzwU4VgIvChDN17CA==&u=U2FsdGVkX1+dshsDq9u+GO/X53S0X/w1RDaa9/w7xV94TdTwiUvgzOSpTNNznAGz&y=U2FsdGVkX1+TNK021rhv5Y17ygM7j3C0JOfID+8Bd2gWIUOljnUDu6ApYr1i2pqK HTTP/1.1" 200 208
186.102.90.202 - - [19/Aug/2023:07:48:31 -0500] "GET /kwssiamovil/sm/cjson/pre?f=1&x=U2FsdGVkX19dx48Dt55hnxYKrq9HIMHV7W3nIXe+MIBGvm6t5R3lV9Q13UYTYgZ0 HTTP/1.1" 200 31032
191.156.186.133 - - [19/Aug/2023:07:48:52 -0500] "GET /bogota-empieza-la-consolidacion-de-la-estrategia-de-bosques-urbanos-con-el-brazo-salitre-en-barrios-unidos.html?utm_source=Meta_DIGI&utm_medium=CPV&utm_campaign=BosquesUrbanos&utm_id=Agosto_2023&fbclid=IwAR2C2xLugE5hfbMlOpELorpYmdVbaro7okDWrgP--OgNsp_imcn1cMcqrrM_aem_AXr2IEg_KQBo64BeH5yVRrZk5n_HGh1sDW-wmoz3WC3VxDuDEclY5BDZJ5123vMzJO9_De37cRpolxu3j9OonEMd HTTP/1.1" 200 892
201.245.192.253 - - [19/Aug/2023:07:50:03 -0500] "POST /kwsrmcab/Wsrmcab  HTTP/1.1" 200 41818
191.156.180.160 - - [19/Aug/2023:07:50:12 -0500] "GET /bogota-empieza-la-consolidacion-de-la-estrategia-de-bosques-urbanos-con-el-brazo-salitre-en-barrios-unidos.html?utm_source=Meta_DIGI&utm_medium=CPV&utm_campaign=BosquesUrbanos&utm_id=Agosto_2023&fbclid=IwAR06-r1wlM59BXV9Kc_dcBS9Riat67BlzZPCToNYQM95mKFzzdwz7z5ApFs_aem_AXo09vEmc8wQOWiLyj9I6H8jchVFFLL1fPmXo30Ys5pa6r4GKxZ6pwYbSbNzGXb7ubB5xbvZtm9Zt7hlDC9q_Ng8 HTTP/1.1" 200 892
186.102.71.240 - - [19/Aug/2023:07:51:05 -0500] "GET /bogota-empieza-la-consolidacion-de-la-estrategia-de-bosques-urbanos-con-el-brazo-salitre-en-barrios-unidos.html?utm_source=Meta_DIGI&utm_medium=CPV&utm_campaign=BosquesUrbanos&utm_id=Agosto_2023&fbclid=IwAR2HyiZkiTzld-zEQnbhnOIB6Jy6OkC2JDiuLdH4GqrACAuIkMZf3poOQIc_aem_AXpz3p-Ch-G02YKOU-Zgs7wNUjrS1XedqbamgGZrItp0fJIXPlAhlhv1D4No5SoYOKomEhDoxoQPGB1N9PeY_Ee7 HTTP/1.1" 200 892
216.245.221.92 - - [19/Aug/2023:07:52:25 -0500] "HEAD / HTTP/1.1" 200 -
172.22.2.4 - - [19/Aug/2023:07:52:37 -0500] "GET /BLA/boletinlegal/Directivas/2017/Directiva%20No.%2006%20del%2016%20de%20Agosto%20de%202017.pdf HTTP/1.1" 200 310598
172.22.2.4 - - [19/Aug/2023:07:50:58 -0500] "HEAD /BLA/boletinlegal/ HTTP/1.1" 200 -
66.249.70.6 - - [19/Aug/2023:07:53:27 -0500] "GET /BLA/resoluciones/AUTOS%202017/2933.pdf HTTP/1.1" 200 219634
66.249.70.6 - - [19/Aug/2023:07:53:28 -0500] "GET /Publicaciones/2020EE230667.pdf HTTP/1.1" 404 228
66.249.70.5 - - [19/Aug/2023:07:53:28 -0500] "GET /BLA/resoluciones/RESOLUCIONES%202009/0019.pdf HTTP/1.1" 200 255412
66.249.70.7 - - [19/Aug/2023:07:53:29 -0500] "GET /BLA/resoluciones/RESOLUCIONES%202011/1118.pdf HTTP/1.1" 200 458295
172.22.2.4 - - [19/Aug/2023:07:51:49 -0500] "GET /BLA/boletinlegal/ HTTP/1.1" 200 60692
66.249.70.5 - - [19/Aug/2023:07:53:29 -0500] "GET /BLA/resoluciones/AUTOS%202015/6193.pdf HTTP/1.1" 200 516701
66.249.70.6 - - [19/Aug/2023:07:53:30 -0500] "GET /BLA/resoluciones/RESOLUCIONES%202009/3285.pdf HTTP/1.1" 200 646698
66.249.70.7 - - [19/Aug/2023:07:53:30 -0500] "GET /BLA/resoluciones/RESOLUCIONES%202011/4333.pdf HTTP/1.1" 200 601546
54.39.177.173 - - [19/Aug/2023:07:53:39 -0500] "GET /robots.txt HTTP/1.1" 404 1034
54.39.177.173 - - [19/Aug/2023:07:53:40 -0500] "GET /cuales-son-las-senales-para-identificar-un-arbol-en-riesgo-de-caida-en-bogota.html HTTP/1.1" 200 863
201.245.192.253 - - [19/Aug/2023:07:55:02 -0500] "POST /kwsrmcab/Wsrmcab  HTTP/1.1" 200 41818
181.59.3.54 - - [19/Aug/2023:07:55:28 -0500] "GET /bogota-empieza-la-consolidacion-de-la-estrategia-de-bosques-urbanos-con-el-brazo-salitre-en-barrios-unidos.html?utm_source=Meta_DIGI&utm_medium=CPV&utm_campaign=BosquesUrbanos&utm_id=Agosto_2023&fbclid=IwAR1NNRr8Blhmx3EH5UuE7-KrZH3dVuH5SwTsU6nHffV0_Pm5PMvHjtIVEIo_aem_AXrExjnZssHgsAiLfyHtNjMcsvCzrrZaHI9zhEBrIGX48bTDZRfnDUA821wONCZiQLzNK6V5_J53LtX0lEyetw80 HTTP/1.1" 200 892
66.249.66.193 - - [19/Aug/2023:07:55:56 -0500] "GET /secretaria-de-ambiente-presenta-cartilla-con-el-protocolo-para-el-manejo-y-control-de-la-langostilla-de- HTTP/1.1" 404 1034
66.249.66.192 - - [19/Aug/2023:07:56:03 -0500] "GET /movilidad- HTTP/1.1" 404 1034
66.249.66.192 - - [19/Aug/2023:07:56:03 -0500] "GET /con-liberacion-de-fauna-plantaciones-de-arboles- HTTP/1.1" 404 1034
66.249.66.192 - - [19/Aug/2023:07:56:03 -0500] "GET /carolina-urrutia-secretaria-de-ambiente-en-el-primer-seminario-iberoamericano-de-coberturas-vegetales-urbanas.html HTTP/1.1" 200 864
66.249.66.192 - - [19/Aug/2023:07:56:04 -0500] "GET /acuerdos-de-conservacion-herramienta-para-la-preservacion-y-conocimiento-de-la-biodiversidad.html HTTP/1.1" 200 865
52.167.144.78 - - [19/Aug/2023:07:56:35 -0500] "GET /galeria/galeria/fotos/GuaymaralTorca4P.jpg HTTP/1.1" 200 33981
216.245.221.92 - - [19/Aug/2023:07:57:25 -0500] "HEAD / HTTP/1.1" 200 -
52.167.144.78 - - [19/Aug/2023:07:57:56 -0500] "GET /Publicaciones/2023EE183595.pdf HTTP/1.1" 200 22821
40.77.167.208 - - [19/Aug/2023:07:58:23 -0500] "GET /BLA/resoluciones/AUTOS%202023/2412.pdf HTTP/1.1" 200 407218
172.22.2.4 - - [19/Aug/2023:07:56:48 -0500] "HEAD /BLA/boletinlegal/ HTTP/1.1" 200 -
186.29.60.142 - - [19/Aug/2023:07:58:55 -0500] "GET /secretaria-de-ambiente-invita-al-conversatorio-sobre-publicidad-exterior-electoral.html HTTP/1.1" 200 822
172.22.2.4 - - [19/Aug/2023:07:57:39 -0500] "GET /BLA/boletinlegal/ HTTP/1.1" 200 58981
191.156.230.78 - - [19/Aug/2023:07:59:29 -0500] "GET /bogota-empieza-la-consolidacion-de-la-estrategia-de-bosques-urbanos-con-el-brazo-salitre-en-barrios-unidos.html?utm_source=Meta_DIGI&utm_medium=CPV&utm_campaign=BosquesUrbanos&utm_id=Agosto_2023&fbclid=IwAR2gIDAVDVsG3MDqOk5-oxtVW1x3gG9Z3tbjpLEL8GGyLJP84OiVPIKNnMI_aem_AXpLROFKSprZsH9zowA9bZTNjCY7rgtfwCITqclpiNJaDHu13L399BtD8FcRg36AVlnKcpbTeiarCkeHO5Vl-J_7 HTTP/1.1" 200 892
201.245.192.253 - - [19/Aug/2023:08:00:01 -0500] "POST /kwsrmcab/Wsrmcab  HTTP/1.1" 200 41818
40.77.167.208 - - [19/Aug/2023:08:01:22 -0500] "GET /sipse/faces/autenticacion.xhtml HTTP/1.1" 200 12494
199.16.157.183 - - [19/Aug/2023:08:02:20 -0500] "GET /images/publicidad-exterior-bogota.jpg HTTP/1.1" 200 38930
216.245.221.92 - - [19/Aug/2023:08:02:25 -0500] "HEAD / HTTP/1.1" 200 -
191.156.154.73 - - [19/Aug/2023:08:02:59 -0500] "-" 408 -
191.156.224.210 - - [19/Aug/2023:08:04:12 -0500] "GET /bogota-empieza-la-consolidacion-de-la-estrategia-de-bosques-urbanos-con-el-brazo-salitre-en-barrios-unidos.html?utm_source=Meta_DIGI&utm_medium=CPV&utm_campaign=BosquesUrbanos&utm_id=Agosto_2023&fbclid=IwAR01b-4ggMEfVWCsI_ubtVs9U5GAju243AMeyDV6eTL0IriMS93VRb5fUbs_aem_AXoLl_8ATaz6QAkQ9mzZJ78Oh679PGil44pJy7PI9Y7onWklG6CDLMar7jRtj6-xKg8zesW4dpYwJY7JNGIl9jPx HTTP/1.1" 200 892
172.22.2.4 - - [19/Aug/2023:08:02:38 -0500] "HEAD /BLA/boletinlegal/ HTTP/1.1" 200 -
201.245.192.253 - - [19/Aug/2023:08:04:59 -0500] "POST /kwsrmcab/Wsrmcab  HTTP/1.1" 200 41818
172.22.2.4 - - [19/Aug/2023:08:03:29 -0500] "GET /BLA/boletinlegal/ HTTP/1.1" 200 56607
69.63.184.3 - - [19/Aug/2023:08:06:04 -0500] "GET /aeropuerto-el-dorado-distrito-sensibilizo-a-viajeros-para-evitar-el-trafico-de-especies-silvestres.html HTTP/1.1" 200 851
216.245.221.92 - - [19/Aug/2023:08:07:25 -0500] "HEAD / HTTP/1.1" 200 -
64.124.8.51 - - [19/Aug/2023:08:07:33 -0500] "GET /portaldeninos/wp-content/uploads/2021/11/monitoreo-animales-fauna-11-julio-1200x480.jpg HTTP/1.1" 304 -
64.124.8.51 - - [19/Aug/2023:08:07:34 -0500] "GET /portaldeninos/wp-content/uploads/2021/11/Agroecologia-semillas-1-junio.jpg HTTP/1.1" 200 80430
64.124.8.51 - - [19/Aug/2023:08:07:35 -0500] "GET /portaldeninos/wp-content/uploads/2021/07/Banners-pa%CC%81gina-de-nin%CC%83os-humedales-de-Bogota%CC%81-1024x50.jpg HTTP/1.1" 304 -
64.124.8.51 - - [19/Aug/2023:08:07:56 -0500] "GET /portaldeninos/wp-content/uploads/2022/08/HUmedalConejera03-1.jpg HTTP/1.1" 304 -
66.249.70.5 - - [19/Aug/2023:08:08:26 -0500] "GET /Publicaciones/2023EE166062.pdf HTTP/1.1" 404 228
186.29.60.142 - - [19/Aug/2023:08:09:43 -0500] "GET / HTTP/1.1" 200 4720
186.29.60.142 - - [19/Aug/2023:08:09:43 -0500] "GET /js/url.js HTTP/1.1" 404 1294
201.245.192.253 - - [19/Aug/2023:08:09:58 -0500] "POST /kwsrmcab/Wsrmcab  HTTP/1.1" 200 41818
172.22.2.4 - - [19/Aug/2023:08:08:28 -0500] "HEAD /BLA/boletinlegal/ HTTP/1.1" 200 -
186.29.60.142 - - [19/Aug/2023:08:10:22 -0500] "POST /procesar.php HTTP/1.1" 200 1032
186.29.60.142 - - [19/Aug/2023:08:10:28 -0500] "GET /secretaria-de-ambiente-socializo-con-partidos-politicos-el-correcto-uso-de-publicidad-exterior-en-epoca-electoral.html HTTP/1.1" 206 837
186.29.60.142 - - [19/Aug/2023:08:10:28 -0500] "GET /images/conversatorio-publicidad-electoral-08-2023.jpg HTTP/1.1" 206 47468
181.63.112.81 - - [19/Aug/2023:08:10:43 -0500] "GET /bogota-empieza-la-consolidacion-de-la-estrategia-de-bosques-urbanos-con-el-brazo-salitre-en-barrios-unidos.html?utm_source=Meta_DIGI&utm_medium=CPV&utm_campaign=BosquesUrbanos&utm_id=Agosto_2023&fbclid=IwAR3GB1xNTbLGTGz2xXVengiZuWDoAChGzq2dyJ6o7WRi0kfRbXm4GhpeeI0_aem_AXo2HGrgJqXhR9h5bQspAAL7hpu2QDDteF-okN-qVQklxF6--81G1Agwy4mXSQi2mgOelvbyf4sl7YoAa8lgVR7y HTTP/1.1" 200 892
172.22.2.4 - - [19/Aug/2023:08:09:19 -0500] "GET /BLA/boletinlegal/ HTTP/1.1" 200 59343
52.167.144.25 - - [19/Aug/2023:08:11:12 -0500] "GET /BLA/resoluciones/AUTOS%202022/3391.pdf HTTP/1.1" 304 -
40.77.167.208 - - [19/Aug/2023:08:11:45 -0500] "GET /BLA/resoluciones/RESOLUCIONES%202023/1412.pdf HTTP/1.1" 200 374041
40.77.167.208 - - [19/Aug/2023:08:11:46 -0500] "GET /BLA/resoluciones/RESOLUCIONES%202022/0799.pdf HTTP/1.1" 200 384237
216.245.221.92 - - [19/Aug/2023:08:12:25 -0500] "HEAD / HTTP/1.1" 200 -
191.95.58.151 - - [19/Aug/2023:08:13:02 -0500] "GET /bogota-empieza-la-consolidacion-de-la-estrategia-de-bosques-urbanos-con-el-brazo-salitre-en-barrios-unidos.html?utm_source=Meta_DIGI&utm_medium=CPV&utm_campaign=BosquesUrbanos&utm_id=Agosto_2023&fbclid=IwAR3p8T2Ct1ZjOnKgb1urWqLoShuvx4oFCIENKCBcmxbjFHFhb40CaW9-VQs_aem_AXpDn1LqDDhg8EYLaUJTuT71sMrZdfTKQfciAXB-2KlHWQFQ124XNSt9sFzM5vb8_2thl_aze7hr4JQN9ms4Ufd- HTTP/1.1" 200 892
52.167.144.78 - - [19/Aug/2023:08:14:18 -0500] "GET /BLA/resoluciones/AUTOS%202022/2788.pdf HTTP/1.1" 304 -
173.252.127.119 - - [19/Aug/2023:08:14:50 -0500] "GET /bogota-esta-mejorando-y-en-el-dia-de-los-humedales-bogota-reafirma-su-compromiso-con-estos-ecosistemas.html HTTP/1.1" 200 1153
172.22.2.4 - - [19/Aug/2023:08:14:58 -0500] "GET /BLA/boletinlegal/normativa.php HTTP/1.1" 200 8343
201.245.192.253 - - [19/Aug/2023:08:14:58 -0500] "POST /kwsrmcab/Wsrmcab  HTTP/1.1" 200 41818
172.22.2.4 - - [19/Aug/2023:08:15:54 -0500] "GET /BLA/boletinlegal/jurisprudencia/analisis/analisis%20C-595-2010.doc HTTP/1.1" 200 39424
172.22.2.4 - - [19/Aug/2023:08:14:18 -0500] "HEAD /BLA/boletinlegal/ HTTP/1.1" 200 -
172.22.2.4 - - [19/Aug/2023:08:15:09 -0500] "GET /BLA/boletinlegal/ HTTP/1.1" 200 58187
216.245.221.92 - - [19/Aug/2023:08:17:25 -0500] "HEAD / HTTP/1.1" 200 -
191.156.144.166 - - [19/Aug/2023:08:17:36 -0500] "GET /bogota-empieza-la-consolidacion-de-la-estrategia-de-bosques-urbanos-con-el-brazo-salitre-en-barrios-unidos.html?utm_source=Meta_DIGI&utm_medium=CPV&utm_campaign=BosquesUrbanos&utm_id=Agosto_2023&fbclid=IwAR242oShhUKJrdoXupxCaIKlCXA4_SE_cFwHjxMGnt-EpVv8EzE2mL7D46s_aem_AXqHVOfYWb9puOSONKdsgI77Q3nV9VX1wd9KRvTovZ4j0s3jd3m6INx1tW80b7Q8e6vBaoD08x7vLFL0V3gDAv1V HTTP/1.1" 200 892
201.245.192.253 - - [19/Aug/2023:08:18:27 -0500] "POST /kwsrmcab/Wsrmcab HTTP/1.1" 200 41991
201.245.192.253 - - [19/Aug/2023:08:18:30 -0500] "POST /kwsrmcab/Wsrmcab HTTP/1.1" 200 40400
186.102.69.196 - - [19/Aug/2023:08:19:36 -0500] "GET /secretaria-de-ambiente-socializo-con-partidos-politicos-el-correcto-uso-de-publicidad-exterior-en-epoca-electoral.html HTTP/1.1" 200 837
201.245.192.253 - - [19/Aug/2023:08:19:57 -0500] "POST /kwsrmcab/Wsrmcab  HTTP/1.1" 200 41818
172.22.2.4 - - [19/Aug/2023:08:20:08 -0500] "HEAD /BLA/boletinlegal/ HTTP/1.1" 200 -
186.102.105.200 - - [19/Aug/2023:08:21:54 -0500] "GET /inscribete-y-participa-en-la-convencion-internacional-de-emergencia-climatica-bogota-2023.html HTTP/1.1" 200 895
199.16.157.182 - - [19/Aug/2023:08:22:13 -0500] "GET /secretaria-de-ambiente-socializo-con-partidos-politicos-el-correcto-uso-de-publicidad-exterior-en-epoca-electoral.html HTTP/1.1" 200 837
199.16.157.182 - - [19/Aug/2023:08:22:13 -0500] "GET /images/conversatorio-publicidad-electoral-08-2023.jpg HTTP/1.1" 200 47468
199.16.157.182 - - [19/Aug/2023:08:22:13 -0500] "GET /secretaria-de-ambiente-socializo-con-partidos-politicos-el-correcto-uso-de-publicidad-exterior-en-epoca-electoral.html HTTP/1.1" 200 837
51.159.194.199 - - [19/Aug/2023:08:22:17 -0500] "GET /secretaria-de-ambiente-socializo-con-partidos-politicos-el-correcto-uso-de-publicidad-exterior-en-epoca-electoral.html HTTP/1.1" 200 837
51.159.194.199 - - [19/Aug/2023:08:22:17 -0500] "GET /images/conversatorio-publicidad-electoral-08-2023.jpg HTTP/1.1" 200 47468
216.245.221.92 - - [19/Aug/2023:08:22:25 -0500] "HEAD / HTTP/1.1" 200 -
69.171.249.9 - - [19/Aug/2023:08:22:37 -0500] "GET /secretaria-de-ambiente-socializo-con-partidos-politicos-el-correcto-uso-de-publicidad-exterior-en-epoca-electoral.html HTTP/1.1" 200 837
173.252.107.9 - - [19/Aug/2023:08:22:38 -0500] "GET /secretaria-de-ambiente-socializo-con-partidos-politicos-el-correcto-uso-de-publicidad-exterior-en-epoca-electoral.html HTTP/1.1" 200 837
172.22.2.4 - - [19/Aug/2023:08:20:59 -0500] "GET /BLA/boletinlegal/ HTTP/1.1" 200 58187
168.119.253.69 - - [19/Aug/2023:08:22:43 -0500] "GET / HTTP/1.1" 200 319
168.119.253.69 - - [19/Aug/2023:08:22:44 -0500] "GET / HTTP/1.1" 200 4720
116.202.35.116 - - [19/Aug/2023:08:22:44 -0500] "GET /robots.txt HTTP/1.1" 404 1034
116.202.35.116 - - [19/Aug/2023:08:22:44 -0500] "GET /secretaria-de-ambiente-socializo-con-partidos-politicos-el-correcto-uso-de-publicidad-exterior-en-epoca-electoral.html HTTP/1.1" 200 837
69.63.189.10 - - [19/Aug/2023:08:22:52 -0500] "GET /secretaria-de-ambiente-socializo-con-partidos-politicos-el-correcto-uso-de-publicidad-exterior-en-epoca-electoral.html HTTP/1.1" 200 837
173.252.95.120 - - [19/Aug/2023:08:23:19 -0500] "GET /secretaria-de-ambiente-socializo-con-partidos-politicos-el-correcto-uso-de-publicidad-exterior-en-epoca-electoral.html HTTP/1.1" 200 837
66.249.70.6 - - [19/Aug/2023:08:23:27 -0500] "GET /BLA/resoluciones/RESOLUCIONES%202017/1790.pdf HTTP/1.1" 200 510366
66.249.70.7 - - [19/Aug/2023:08:23:29 -0500] "GET /BLA/resoluciones/RESOLUCIONES%202018/2737.pdf HTTP/1.1" 200 244157
201.245.192.253 - - [19/Aug/2023:08:24:56 -0500] "POST /kwsrmcab/Wsrmcab  HTTP/1.1" 200 41818
52.167.144.78 - - [19/Aug/2023:08:26:18 -0500] "GET /BLA/resoluciones/AUTOS%202023/2808.pdf HTTP/1.1" 200 435163
216.245.221.92 - - [19/Aug/2023:08:27:25 -0500] "HEAD / HTTP/1.1" 200 -
172.22.2.4 - - [19/Aug/2023:08:25:58 -0500] "HEAD /BLA/boletinlegal/ HTTP/1.1" 200 -
172.22.2.4 - - [19/Aug/2023:08:26:49 -0500] "GET /BLA/boletinlegal/ HTTP/1.1" 200 57790
201.245.192.253 - - [19/Aug/2023:08:28:27 -0500] "POST /kwsrmcab/Wsrmcab HTTP/1.1" 200 41991
201.245.192.253 - - [19/Aug/2023:08:28:30 -0500] "POST /kwsrmcab/Wsrmcab HTTP/1.1" 200 40400
69.171.251.12 - - [19/Aug/2023:08:29:13 -0500] "GET /images/cr\xc3\xb3nica-29-nov-1_optimized.jpeg HTTP/1.1" 404 1034
201.245.192.253 - - [19/Aug/2023:08:29:54 -0500] "POST /kwsrmcab/Wsrmcab  HTTP/1.1" 200 41818
66.249.70.6 - - [19/Aug/2023:08:31:30 -0500] "GET /POT-2013/Cartografia/03_Suelos%20de%20Protecci%C3%B3n.pdf HTTP/1.1" 200 3680887
191.156.50.229 - - [19/Aug/2023:08:31:38 -0500] "GET /css/date_blue.css HTTP/1.1" 404 1254
191.156.50.229 - - [19/Aug/2023:08:31:38 -0500] "GET /css/fondos.css HTTP/1.1" 404 1254
191.156.50.229 - - [19/Aug/2023:08:31:38 -0500] "GET /css/textos.css HTTP/1.1" 404 1254
191.156.50.229 - - [19/Aug/2023:08:31:41 -0500] "GET /css/bordes.css HTTP/1.1" 404 1254
216.245.221.92 - - [19/Aug/2023:08:32:25 -0500] "HEAD / HTTP/1.1" 200 -
172.22.2.4 - - [19/Aug/2023:08:31:48 -0500] "HEAD /BLA/boletinlegal/ HTTP/1.1" 200 -
213.186.1.247 - - [19/Aug/2023:08:33:44 -0500] "GET /secretaria-de-ambiente-socializo-con-partidos-politicos-el-correcto-uso-de-publicidad-exterior-en-epoca-electoral.html HTTP/1.1" 200 837
172.22.2.4 - - [19/Aug/2023:08:32:39 -0500] "GET /BLA/boletinlegal/ HTTP/1.1" 200 61130
40.77.167.123 - - [19/Aug/2023:08:34:25 -0500] "GET /BLA/resoluciones/AUTOS%202022/3443.pdf HTTP/1.1" 304 -
201.245.192.253 - - [19/Aug/2023:08:34:54 -0500] "POST /kwsrmcab/Wsrmcab  HTTP/1.1" 200 41818
173.252.83.8 - - [19/Aug/2023:08:36:05 -0500] "GET /secretaria-de-ambiente-socializo-con-partidos-politicos-el-correcto-uso-de-publicidad-exterior-en-epoca-electoral.html HTTP/1.1" 206 837
173.252.107.119 - - [19/Aug/2023:08:36:06 -0500] "GET /secretaria-de-ambiente-socializo-con-partidos-politicos-el-correcto-uso-de-publicidad-exterior-en-epoca-electoral.html HTTP/1.1" 206 837
173.252.107.9 - - [19/Aug/2023:08:36:07 -0500] "GET /images/conversatorio-publicidad-electoral-08-2023.jpg HTTP/1.1" 200 47468
173.252.107.10 - - [19/Aug/2023:08:36:08 -0500] "GET /secretaria-de-ambiente-socializo-con-partidos-politicos-el-correcto-uso-de-publicidad-exterior-en-epoca-electoral.html HTTP/1.1" 200 837
69.171.249.10 - - [19/Aug/2023:08:36:09 -0500] "GET /secretaria-de-ambiente-socializo-con-partidos-politicos-el-correcto-uso-de-publicidad-exterior-en-epoca-electoral.html HTTP/1.1" 200 837
69.63.189.117 - - [19/Aug/2023:08:36:16 -0500] "GET /images/asistentes%20Foro%20sobre%20movilidad%20sostenible.jpg HTTP/1.1" 200 46965
173.252.127.13 - - [19/Aug/2023:08:36:23 -0500] "GET /secretaria-de-ambiente-socializo-con-partidos-politicos-el-correcto-uso-de-publicidad-exterior-en-epoca-electoral.html?fbclid=IwAR0UAPKHxId-VCH-jn4ACjOqwAHPqqKw7atMFfdUHgejrnfUHTSGN9cVnWE HTTP/1.1" 200 837
69.171.231.10 - - [19/Aug/2023:08:36:37 -0500] "GET /movilidad-sostenible-para-mitigar-el-cambio-climatico.html HTTP/1.1" 200 768
173.252.79.117 - - [19/Aug/2023:08:36:43 -0500] "GET /movilidad-sostenible-para-mitigar-el-cambio-climatico.html HTTP/1.1" 200 768
173.252.79.9 - - [19/Aug/2023:08:36:57 -0500] "GET /movilidad-sostenible-para-mitigar-el-cambio-climatico.html HTTP/1.1" 206 768
173.252.79.119 - - [19/Aug/2023:08:36:57 -0500] "GET /movilidad-sostenible-para-mitigar-el-cambio-climatico.html HTTP/1.1" 200 768
173.252.79.6 - - [19/Aug/2023:08:37:01 -0500] "GET /movilidad-sostenible-para-mitigar-el-cambio-climatico.html HTTP/1.1" 200 768
216.245.221.92 - - [19/Aug/2023:08:37:25 -0500] "HEAD / HTTP/1.1" 200 -
173.252.107.3 - - [19/Aug/2023:08:37:36 -0500] "GET /movilidad-sostenible-para-mitigar-el-cambio-climatico.html HTTP/1.1" 200 768
181.53.13.25 - - [19/Aug/2023:08:38:21 -0500] "GET /mujeres-que-reverdecen-secretaria-de-ambiente-anuncia-300-cupos-para-la-tercera-fase-del-programa.html HTTP/1.1" 200 823
66.249.70.6 - - [19/Aug/2023:08:38:26 -0500] "GET /Publicaciones/2023EE173835.pdf HTTP/1.1" 404 228
201.245.192.253 - - [19/Aug/2023:08:38:27 -0500] "POST /kwsrmcab/Wsrmcab HTTP/1.1" 200 41991
201.245.192.253 - - [19/Aug/2023:08:38:31 -0500] "POST /kwsrmcab/Wsrmcab HTTP/1.1" 200 40400
173.252.79.6 - - [19/Aug/2023:08:38:40 -0500] "GET /secretaria-de-ambiente-socializo-con-partidos-politicos-el-correcto-uso-de-publicidad-exterior-en-epoca-electoral.html HTTP/1.1" 200 837
172.22.2.4 - - [19/Aug/2023:08:37:38 -0500] "HEAD /BLA/boletinlegal/ HTTP/1.1" 200 -
201.245.192.253 - - [19/Aug/2023:08:39:53 -0500] "POST /kwsrmcab/Wsrmcab  HTTP/1.1" 200 41818
172.22.2.4 - - [19/Aug/2023:08:38:29 -0500] "GET /BLA/boletinlegal/ HTTP/1.1" 200 60692
52.167.144.78 - - [19/Aug/2023:08:40:30 -0500] "GET /galeria/galeria/fotos/1GuaymaralTorcaP1.jpg HTTP/1.1" 200 9512
181.131.208.97 - - [19/Aug/2023:08:42:05 -0500] "GET /bogota-empieza-la-consolidacion-de-la-estrategia-de-bosques-urbanos-con-el-brazo-salitre-en-barrios-unidos.html?utm_source=Meta_DIGI&utm_medium=CPV&utm_campaign=BosquesUrbanos&utm_id=Agosto_2023&fbclid=IwAR2_CBZmCWc1a956j8hrXQWySvzu0RxBCBYVqM4ftCD_A4ewHERXQ3RvL8E_aem_AXruSaAT5VuIViPzdqNkQSJdUDtCA5Yfv-RQ1l81We_djCyo6Yb81eA1qTb2k5EAr-ZX7zrKoM9QJZiYh0I1kIIP HTTP/1.1" 200 892
216.245.221.92 - - [19/Aug/2023:08:42:25 -0500] "HEAD / HTTP/1.1" 200 -
45.128.232.84 - - [19/Aug/2023:08:44:44 -0500] "CONNECT www.twitch.tv:443 HTTP/1.1" 405 941
201.245.192.253 - - [19/Aug/2023:08:44:51 -0500] "POST /kwsrmcab/Wsrmcab  HTTP/1.1" 200 41818
172.22.2.4 - - [19/Aug/2023:08:43:28 -0500] "HEAD /BLA/boletinlegal/ HTTP/1.1" 200 -
52.167.144.234 - - [19/Aug/2023:08:45:39 -0500] "GET /BLA/resoluciones/AUTOS%202023/3425.pdf HTTP/1.1" 200 673262
172.22.2.4 - - [19/Aug/2023:08:44:19 -0500] "GET /BLA/boletinlegal/ HTTP/1.1" 200 60692
186.84.21.200 - - [19/Aug/2023:08:46:06 -0500] "GET /bogota-empieza-la-consolidacion-de-la-estrategia-de-bosques-urbanos-con-el-brazo-salitre-en-barrios-unidos.html?utm_source=Meta_DIGI&utm_medium=CPV&utm_campaign=BosquesUrbanos&utm_id=Agosto_2023&fbclid=IwAR0sPAsuMUPClQLt3czw-rLkMUCkWqW7g1cU-iIf3u8c3HwWH2oRLm778So_aem_AXryTryhO17EP8KROMhXohe7aUEnCDQt8exrA9efLuXaupzklkMUABSdJkcdYHCun9slE-ulNAFNd2ElBMln1Adc HTTP/1.1" 200 892
40.77.167.123 - - [19/Aug/2023:08:46:57 -0500] "GET /BLA/resoluciones/AUTOS%202023/0453.pdf HTTP/1.1" 200 463656
216.245.221.92 - - [19/Aug/2023:08:47:25 -0500] "HEAD / HTTP/1.1" 200 -
201.245.192.253 - - [19/Aug/2023:08:49:51 -0500] "POST /kwsrmcab/Wsrmcab  HTTP/1.1" 200 41818
213.186.1.154 - - [19/Aug/2023:08:50:56 -0500] "GET /images/arbol-en-riesgo-18-08-23.jpg HTTP/1.1" 200 76635
172.22.2.4 - - [19/Aug/2023:08:49:18 -0500] "HEAD /BLA/boletinlegal/ HTTP/1.1" 200 -
172.22.2.4 - - [19/Aug/2023:08:50:09 -0500] "GET /BLA/boletinlegal/ HTTP/1.1" 200 60692
181.53.12.60 - - [19/Aug/2023:08:52:04 -0500] "GET /kwssiamovil/sm/acme/u?s=U2FsdGVkX19C5eEcpQxoeRSPh/bweB33FFVY0U48Gx7a0icp8lgWzneocy/AZi/LdGOUBRVU7wwwDSj0N0kGM7q3/nTDeMekYmDUX0WcftxlAMqF+dgjv9j2FOT2ZZQSnihBGoV9Hu/NSJfUtiyztpNBd4Uz0l2jsChlqCy8O1M=&u=U2FsdGVkX1/iC5r88q/jla888+apE1KGM5v0RSpcDlU=&y=U2FsdGVkX1/4VIsl7ZD/uqN8DpmBCZBqNdhZ9CZ3GDumppFnDPC4Bvj3A89A0NVf HTTP/1.1" 200 60
216.245.221.92 - - [19/Aug/2023:08:52:25 -0500] "HEAD / HTTP/1.1" 200 -
66.249.70.5 - - [19/Aug/2023:08:53:25 -0500] "GET /Publicaciones/2023EE170601.pdf HTTP/1.1" 404 228
66.249.70.5 - - [19/Aug/2023:08:53:27 -0500] "GET /BLA/resoluciones/RESOLUCIONES%202007/RES%202007%203001%20AL%203100/RESOLUCION%203081%20DE%202007.pdf HTTP/1.1" 200 334966
66.249.70.5 - - [19/Aug/2023:08:53:28 -0500] "GET /BLA/resoluciones/AUTOS%202009/0731.pdf HTTP/1.1" 200 113175
201.245.192.253 - - [19/Aug/2023:08:54:49 -0500] "POST /kwsrmcab/Wsrmcab  HTTP/1.1" 200 41818
172.22.2.4 - - [19/Aug/2023:08:55:14 -0500] "GET /BLA/boletinlegal/jurisprudencia/analisis/CUADRO%20ANALISIS%20SENTENCIA%20T-411%20DE%201992.doc HTTP/1.1" 200 41984
40.77.167.123 - - [19/Aug/2023:08:55:28 -0500] "GET /BLA/resoluciones/AUTOS%202023/3416.pdf HTTP/1.1" 200 398587
172.22.2.4 - - [19/Aug/2023:08:56:08 -0500] "GET /BLA/boletinlegal/jurisprudencia/analisis/CUADRO%20ANALISIS%20SENTENCIA%20T-411%20DE%201992.doc HTTP/1.1" 206 41984
172.22.2.4 - - [19/Aug/2023:08:56:17 -0500] "GET /BLA/boletinlegal/jurisprudencia/analisis/CUADRO%20ANALISIS%20SENTENCIA%20T-411%20DE%201992.doc HTTP/1.1" 200 41984
191.156.54.23 - - [19/Aug/2023:08:56:42 -0500] "GET /bogota-empieza-la-consolidacion-de-la-estrategia-de-bosques-urbanos-con-el-brazo-salitre-en-barrios-unidos.html?utm_source=Meta_DIGI&utm_medium=CPV&utm_campaign=BosquesUrbanos&utm_id=Agosto_2023&fbclid=IwAR3gjEFNgL_LDgAvzs_qdpV_05JQFL2No3JaI1R2TA0IsARIIb55uAkpaaQ_aem_AXqqZ1LmaeoVwYgvglblbIF09DMU_Ty5JnP7yQ38bD1joomIf3MSF9uEq09f5pink5Q4kRNe7jgdl-FqhvFYNeqw HTTP/1.1" 200 892
172.22.2.4 - - [19/Aug/2023:08:55:08 -0500] "HEAD /BLA/boletinlegal/ HTTP/1.1" 200 -
40.77.167.123 - - [19/Aug/2023:08:56:57 -0500] "GET /sipse/faces/index.xhtml HTTP/1.1" 200 677
40.77.167.123 - - [19/Aug/2023:08:56:58 -0500] "GET /BLA/resoluciones/AUTOS%202023/2351.pdf HTTP/1.1" 200 1468985
216.245.221.92 - - [19/Aug/2023:08:57:25 -0500] "HEAD / HTTP/1.1" 200 -
172.22.2.4 - - [19/Aug/2023:08:55:59 -0500] "GET /BLA/boletinlegal/ HTTP/1.1" 200 48235
40.77.167.208 - - [19/Aug/2023:08:58:20 -0500] "GET /BLA/resoluciones/AUTOS%202023/3315.pdf HTTP/1.1" 200 664885
40.77.167.255 - - [19/Aug/2023:08:59:04 -0500] "GET /portaldeninos/humedal-el-tunjo/ HTTP/1.1" 200 87661
201.245.192.253 - - [19/Aug/2023:08:59:48 -0500] "POST /kwsrmcab/Wsrmcab  HTTP/1.1" 200 41818
172.22.2.4 - - [19/Aug/2023:09:01:12 -0500] "GET /BLA/boletinlegal/Circulares/2020/Circular%20No.%2000018%20del%2002%20de%20diciembre%20del%202020.pdf HTTP/1.1" 304 -
40.77.167.123 - - [19/Aug/2023:09:01:28 -0500] "GET /BLA/resoluciones/AUTOS%202023/3510.pdf HTTP/1.1" 200 448798
216.245.221.92 - - [19/Aug/2023:09:02:25 -0500] "HEAD / HTTP/1.1" 200 -
186.84.89.34 - - [19/Aug/2023:09:02:35 -0500] "GET /Residuos/impresion/impresion.html HTTP/1.1" 200 1961
186.84.89.34 - - [19/Aug/2023:09:02:36 -0500] "GET /favicon.ico HTTP/1.1" 200 7782
172.22.2.4 - - [19/Aug/2023:09:00:58 -0500] "HEAD /BLA/boletinlegal/ HTTP/1.1" 200 -
172.22.2.4 - - [19/Aug/2023:09:01:49 -0500] "GET /BLA/boletinlegal/ HTTP/1.1" 200 60692
201.245.192.253 - - [19/Aug/2023:09:04:48 -0500] "POST /kwsrmcab/Wsrmcab  HTTP/1.1" 200 41818
52.167.144.16 - - [19/Aug/2023:09:06:25 -0500] "GET /portaldeninos/wp-content/uploads/2019/09/Cedro-%C3%A1rboles.jpg HTTP/1.1" 200 264883
216.245.221.92 - - [19/Aug/2023:09:07:25 -0500] "HEAD / HTTP/1.1" 200 -
172.22.2.4 - - [19/Aug/2023:09:06:48 -0500] "HEAD /BLA/boletinlegal/ HTTP/1.1" 200 -
200.119.110.26 - - [19/Aug/2023:09:09:12 -0500] "GET /bogota-empieza-la-consolidacion-de-la-estrategia-de-bosques-urbanos-con-el-brazo-salitre-en-barrios-unidos.html?utm_source=Youtube_DIGI&utm_medium=CPV&utm_campaign=BosquesUrbanos&utm_id=Agosto_2023&gclid=Cj0KCQjw0IGnBhDUARIsAMwFDLki1lU9CS-MfTbhicJ2IhHFr5EHGxzdzYuz_4vL9T654wEwkV4Bd5saAgZhEALw_wcB HTTP/1.1" 200 892
172.22.2.4 - - [19/Aug/2023:09:07:39 -0500] "GET /BLA/boletinlegal/ HTTP/1.1" 200 58597
200.118.80.110 - - [19/Aug/2023:09:09:40 -0500] "GET /sipse/faces/index.xhtml HTTP/1.1" 200 677
200.118.80.110 - - [19/Aug/2023:09:09:40 -0500] "GET /sipse/faces/javax.faces.resource/theme.css?ln=primefaces-sipse HTTP/1.1" 304 -
200.118.80.110 - - [19/Aug/2023:09:09:40 -0500] "GET /sipse/faces/faces/autenticacion.xhtml HTTP/1.1" 200 12172
200.118.80.110 - - [19/Aug/2023:09:09:40 -0500] "GET /sipse/faces/javax.faces.resource/theme.css?ln=primefaces-sipse HTTP/1.1" 304 -
200.118.80.110 - - [19/Aug/2023:09:09:40 -0500] "GET /sipse/faces/javax.faces.resource/primefaces.css?ln=primefaces&v=4.0 HTTP/1.1" 304 -
200.118.80.110 - - [19/Aug/2023:09:09:40 -0500] "GET /sipse/faces/javax.faces.resource/jquery/jquery-plugins.js?ln=primefaces&v=4.0 HTTP/1.1" 304 -
200.118.80.110 - - [19/Aug/2023:09:09:40 -0500] "GET /sipse/faces/javax.faces.resource/layout/layout.js?ln=primefaces&v=4.0 HTTP/1.1" 304 -
200.118.80.110 - - [19/Aug/2023:09:09:40 -0500] "GET /sipse/faces/javax.faces.resource/layout/layout.css?ln=primefaces&v=4.0 HTTP/1.1" 304 -
200.118.80.110 - - [19/Aug/2023:09:09:40 -0500] "GET /sipse/faces/javax.faces.resource/primefaces.js?ln=primefaces&v=4.0 HTTP/1.1" 304 -
200.118.80.110 - - [19/Aug/2023:09:09:40 -0500] "GET /sipse/faces/javax.faces.resource/jquery/jquery.js?ln=primefaces&v=4.0 HTTP/1.1" 304 -
200.118.80.110 - - [19/Aug/2023:09:09:40 -0500] "GET /sipse/faces/javax.faces.resource/images/ui-icons_898989_256x240.png?ln=primefaces-aristo HTTP/1.1" 304 -
200.118.80.110 - - [19/Aug/2023:09:09:44 -0500] "POST /sipse/faces/autenticacion.xhtml HTTP/1.1" 200 2224
200.118.80.110 - - [19/Aug/2023:09:09:45 -0500] "GET /sipse/faces/javax.faces.resource/messages/messages.png?ln=primefaces&v=4.0 HTTP/1.1" 304 -
200.118.80.110 - - [19/Aug/2023:09:09:46 -0500] "POST /sipse/faces/autenticacion.xhtml HTTP/1.1" 200 16354
200.118.80.110 - - [19/Aug/2023:09:09:46 -0500] "GET /sipse/faces/javax.faces.resource/theme.css?ln=primefaces-sipse HTTP/1.1" 304 -
200.118.80.110 - - [19/Aug/2023:09:09:46 -0500] "GET /sipse/faces/javax.faces.resource/primefaces.css?ln=primefaces&v=4.0 HTTP/1.1" 304 -
200.118.80.110 - - [19/Aug/2023:09:09:46 -0500] "GET /sipse/faces/javax.faces.resource/layout/layout.css?ln=primefaces&v=4.0 HTTP/1.1" 304 -
200.118.80.110 - - [19/Aug/2023:09:09:46 -0500] "GET /sipse/faces/javax.faces.resource/jquery/jquery.js?ln=primefaces&v=4.0 HTTP/1.1" 304 -
200.118.80.110 - - [19/Aug/2023:09:09:46 -0500] "GET /sipse/faces/javax.faces.resource/jquery/jquery-plugins.js?ln=primefaces&v=4.0 HTTP/1.1" 304 -
200.118.80.110 - - [19/Aug/2023:09:09:46 -0500] "GET /sipse/faces/javax.faces.resource/primefaces.js?ln=primefaces&v=4.0 HTTP/1.1" 304 -
200.118.80.110 - - [19/Aug/2023:09:09:46 -0500] "GET /sipse/faces/javax.faces.resource/layout/layout.js?ln=primefaces&v=4.0 HTTP/1.1" 304 -
200.118.80.110 - - [19/Aug/2023:09:09:46 -0500] "GET /sipse/css/imagen/contrasena.png HTTP/1.1" 404 383
200.118.80.110 - - [19/Aug/2023:09:09:48 -0500] "GET /sipse/faces/javax.faces.resource/images/ui-bg_flat_0_2d5972_40x100.png?ln=primefaces-aristo HTTP/1.1" 304 -
200.118.80.110 - - [19/Aug/2023:09:09:48 -0500] "POST /sipse/faces/bienvenido.xhtml HTTP/1.1" 200 2658
201.245.192.253 - - [19/Aug/2023:09:09:47 -0500] "POST /kwsrmcab/Wsrmcab  HTTP/1.1" 200 41818
200.118.80.110 - - [19/Aug/2023:09:09:50 -0500] "POST /sipse/faces/bienvenido.xhtml HTTP/1.1" 200 65193
200.118.80.110 - - [19/Aug/2023:09:09:53 -0500] "GET /sipse/faces/javax.faces.resource/theme.css?ln=primefaces-sipse HTTP/1.1" 304 -
200.118.80.110 - - [19/Aug/2023:09:09:53 -0500] "GET /sipse/faces/javax.faces.resource/primefaces.css?ln=primefaces&v=4.0 HTTP/1.1" 304 -
200.118.80.110 - - [19/Aug/2023:09:09:53 -0500] "GET /sipse/faces/javax.faces.resource/layout/layout.css?ln=primefaces&v=4.0 HTTP/1.1" 304 -
200.118.80.110 - - [19/Aug/2023:09:09:53 -0500] "GET /sipse/faces/javax.faces.resource/jquery/jquery.js?ln=primefaces&v=4.0 HTTP/1.1" 304 -
200.118.80.110 - - [19/Aug/2023:09:09:53 -0500] "GET /sipse/faces/javax.faces.resource/jquery/jquery-plugins.js?ln=primefaces&v=4.0 HTTP/1.1" 304 -
200.118.80.110 - - [19/Aug/2023:09:09:53 -0500] "GET /sipse/faces/javax.faces.resource/primefaces.js?ln=primefaces&v=4.0 HTTP/1.1" 304 -
200.118.80.110 - - [19/Aug/2023:09:09:53 -0500] "GET /sipse/faces/javax.faces.resource/layout/layout.js?ln=primefaces&v=4.0 HTTP/1.1" 304 -
200.118.80.110 - - [19/Aug/2023:09:09:53 -0500] "POST /sipse/faces/presentacion/financiero/solicitudProceso/listarSolicitudProceso.xhtml HTTP/1.1" 200 1556
200.118.80.110 - - [19/Aug/2023:09:09:57 -0500] "POST /sipse/faces/presentacion/financiero/solicitudProceso/listarSolicitudProceso.xhtml HTTP/1.1" 200 17662
200.118.80.110 - - [19/Aug/2023:09:10:07 -0500] "POST /sipse/faces/presentacion/financiero/solicitudProceso/listarSolicitudProceso.xhtml HTTP/1.1" 200 111669
200.118.80.110 - - [19/Aug/2023:09:10:08 -0500] "GET /sipse/faces/javax.faces.resource/layout/layout.css?ln=primefaces&v=4.0 HTTP/1.1" 304 -
200.118.80.110 - - [19/Aug/2023:09:10:08 -0500] "GET /sipse/faces/javax.faces.resource/primefaces.css?ln=primefaces&v=4.0 HTTP/1.1" 304 -
200.118.80.110 - - [19/Aug/2023:09:10:08 -0500] "GET /sipse/faces/javax.faces.resource/theme.css?ln=primefaces-sipse HTTP/1.1" 304 -
200.118.80.110 - - [19/Aug/2023:09:10:08 -0500] "GET /sipse/faces/javax.faces.resource/jquery/jquery.js?ln=primefaces&v=4.0 HTTP/1.1" 304 -
200.118.80.110 - - [19/Aug/2023:09:10:08 -0500] "GET /sipse/faces/javax.faces.resource/jquery/jquery-plugins.js?ln=primefaces&v=4.0 HTTP/1.1" 304 -
200.118.80.110 - - [19/Aug/2023:09:10:08 -0500] "GET /sipse/faces/javax.faces.resource/primefaces.js?ln=primefaces&v=4.0 HTTP/1.1" 304 -
200.118.80.110 - - [19/Aug/2023:09:10:08 -0500] "GET /sipse/faces/javax.faces.resource/layout/layout.js?ln=primefaces&v=4.0 HTTP/1.1" 304 -
200.118.80.110 - - [19/Aug/2023:09:10:12 -0500] "POST /sipse/faces/presentacion/financiero/solicitudProceso/consultarSolicitudProceso.xhtml HTTP/1.1" 200 240936
200.118.80.110 - - [19/Aug/2023:09:10:31 -0500] "POST /sipse/faces/presentacion/financiero/solicitudProceso/consultarSolicitudProceso.xhtml HTTP/1.1" 200 54415
186.147.100.185 - - [19/Aug/2023:09:12:20 -0500] "GET /agendate-para-participar-en-las-caminatas-ecologicas-de-febrero.html HTTP/1.1" 200 830
216.245.221.92 - - [19/Aug/2023:09:12:25 -0500] "HEAD / HTTP/1.1" 200 -
66.249.70.6 - - [19/Aug/2023:09:12:57 -0500] "GET /BLA/resoluciones/RESOLUCIONES%202009/6539.pdf HTTP/1.1" 200 436611
52.167.144.78 - - [19/Aug/2023:09:13:04 -0500] "GET /Publicaciones/2023EE187694.pdf HTTP/1.1" 200 88359
172.22.2.4 - - [19/Aug/2023:09:12:38 -0500] "HEAD /BLA/boletinlegal/ HTTP/1.1" 200 -
201.245.192.253 - - [19/Aug/2023:09:14:46 -0500] "POST /kwsrmcab/Wsrmcab  HTTP/1.1" 200 41818
172.22.2.4 - - [19/Aug/2023:09:13:29 -0500] "GET /BLA/boletinlegal/ HTTP/1.1" 200 60692
66.249.70.6 - - [19/Aug/2023:09:16:57 -0500] "GET /BLA/resoluciones/RESOLUCIONES%202010/4357.pdf HTTP/1.1" 200 501475
216.245.221.92 - - [19/Aug/2023:09:17:25 -0500] "HEAD / HTTP/1.1" 200 -
52.167.144.78 - - [19/Aug/2023:09:17:33 -0500] "GET /Publicaciones/2023EE91562.pdf HTTP/1.1" 404 227
201.245.192.253 - - [19/Aug/2023:09:18:26 -0500] "POST /kwsrmcab/Wsrmcab HTTP/1.1" 200 42166
201.245.192.253 - - [19/Aug/2023:09:18:30 -0500] "POST /kwsrmcab/Wsrmcab HTTP/1.1" 200 40551
66.249.70.7 - - [19/Aug/2023:09:18:36 -0500] "GET /BLA/resoluciones/AUTOS%202008/1964.pdf HTTP/1.1" 200 91704
172.22.2.4 - - [19/Aug/2023:09:18:37 -0500] "GET /BLA/boletinlegal/jurisprudencia/analisis/CUADRO%20ANALISIS%20SENTENCIA%20T-411%20DE%201992.doc HTTP/1.1" 200 41984
172.22.2.4 - - [19/Aug/2023:09:18:37 -0500] "GET /BLA/boletinlegal/jurisprudencia/analisis/CUADRO%20ANALISIS%20SENTENCIA%20T-411%20DE%201992.doc HTTP/1.1" 200 41984
201.245.192.253 - - [19/Aug/2023:09:19:44 -0500] "POST /kwsrmcab/Wsrmcab  HTTP/1.1" 200 41818
172.22.2.4 - - [19/Aug/2023:09:18:28 -0500] "HEAD /BLA/boletinlegal/ HTTP/1.1" 200 -
66.249.70.5 - - [19/Aug/2023:09:20:26 -0500] "GET /BLA/resoluciones/RESOLUCIONES%202009/3501.pdf HTTP/1.1" 200 697486
172.22.2.4 - - [19/Aug/2023:09:19:19 -0500] "GET /BLA/boletinlegal/ HTTP/1.1" 200 58187
66.249.70.6 - - [19/Aug/2023:09:22:23 -0500] "GET /BLA/resoluciones/AUTOS%202007/1686.pdf HTTP/1.1" 200 144797
216.245.221.92 - - [19/Aug/2023:09:22:25 -0500] "HEAD / HTTP/1.1" 200 -
66.249.70.7 - - [19/Aug/2023:09:23:26 -0500] "GET /Publicaciones/2023EE173832.pdf HTTP/1.1" 404 228
66.249.70.7 - - [19/Aug/2023:09:23:27 -0500] "GET /BLA/resoluciones/RESOLUCIONES%202011/1404.pdf HTTP/1.1" 200 70479
66.249.70.7 - - [19/Aug/2023:09:23:27 -0500] "GET /BLA/resoluciones/AUTOS%202012/0711.pdf HTTP/1.1" 200 239535
201.245.192.253 - - [19/Aug/2023:09:24:44 -0500] "POST /kwsrmcab/Wsrmcab  HTTP/1.1" 200 41818
191.156.182.224 - - [19/Aug/2023:09:25:28 -0500] "GET /bogota-empieza-la-consolidacion-de-la-estrategia-de-bosques-urbanos-con-el-brazo-salitre-en-barrios-unidos.html?utm_source=Meta_DIGI&utm_medium=CPV&utm_campaign=BosquesUrbanos&utm_id=Agosto_2023&fbclid=IwAR2fwbQSAYTrjsLdEO13XCDbuQG7z1BD9XIbs1mIEwpA2xLi2plO810x0N4_aem_AXqz3jiceTsZTXW2nZ7ecBerMhbzojKF9582RnTMapV7ezWv5eQK-YfiizI0d2_sUUi2Vv0_P9ug2XAh3ydDN0RB HTTP/1.1" 200 892
172.22.2.4 - - [19/Aug/2023:09:24:18 -0500] "HEAD /BLA/boletinlegal/ HTTP/1.1" 200 -
172.22.2.4 - - [19/Aug/2023:09:25:09 -0500] "GET /BLA/boletinlegal/ HTTP/1.1" 200 53013
186.86.32.248 - - [19/Aug/2023:09:27:05 -0500] "GET /bogota-empieza-la-consolidacion-de-la-estrategia-de-bosques-urbanos-con-el-brazo-salitre-en-barrios-unidos.html?utm_source=Meta_DIGI&utm_medium=CPV&utm_campaign=BosquesUrbanos&utm_id=Agosto_2023&fbclid=IwAR2FfinB9Y1AvYZqaF9C2usNXC-JXNtDRD37R8CFjUpTa3sYMj5yydP4wFs_aem_AXodrLEB5Fs3w9JEV1Ue1f3J3I-_NKCH1_KTpKjIlNvtGKr1NcC0ePPwGx6wZLzL-K3JwgS1M1Tbx7yNguwj4sE6 HTTP/1.1" 200 892
216.245.221.92 - - [19/Aug/2023:09:27:25 -0500] "HEAD / HTTP/1.1" 200 -
34.78.120.99 - - [19/Aug/2023:09:27:49 -0500] "GET / HTTP/1.1" 200 319
66.249.70.5 - - [19/Aug/2023:09:27:58 -0500] "GET /resoluciones/RESOLUCIONES%202008/0133.pdf HTTP/1.1" 404 1018
66.249.70.6 - - [19/Aug/2023:09:28:10 -0500] "GET /BLA/resoluciones/RESOLUCIONES%202009/5257.pdf HTTP/1.1" 200 327204
201.245.192.253 - - [19/Aug/2023:09:28:27 -0500] "POST /kwsrmcab/Wsrmcab HTTP/1.1" 200 42166
201.245.192.253 - - [19/Aug/2023:09:28:30 -0500] "POST /kwsrmcab/Wsrmcab HTTP/1.1" 200 40551
201.245.192.253 - - [19/Aug/2023:09:29:43 -0500] "POST /kwsrmcab/Wsrmcab  HTTP/1.1" 200 41818
200.118.60.11 - - [19/Aug/2023:09:30:11 -0500] "GET /bogota-empieza-la-consolidacion-de-la-estrategia-de-bosques-urbanos-con-el-brazo-salitre-en-barrios-unidos.html?utm_source=Meta_DIGI&utm_medium=CPV&utm_campaign=BosquesUrbanos&utm_id=Agosto_2023&fbclid=IwAR3bYj_MR2Jcd7T0fztEeAIpViIj47bdxZ9mcjXxnLr6ZIyvYoOupvFuDl0_aem_AXrMNRD00g3WPJm1Md1i_BFRRiAVNd_3jE9PcE95CSSu_ANiq4Dw66VeUeS314paGmt7qwMPEYX2cIQAmk-Oaun5 HTTP/1.1" 200 892
173.252.95.14 - - [19/Aug/2023:09:30:55 -0500] "GET /secretaria-de-ambiente-socializo-con-partidos-politicos-el-correcto-uso-de-publicidad-exterior-en-epoca-electoral.html HTTP/1.1" 206 837
173.252.95.14 - - [19/Aug/2023:09:30:55 -0500] "GET /secretaria-de-ambiente-socializo-con-partidos-politicos-el-correcto-uso-de-publicidad-exterior-en-epoca-electoral.html HTTP/1.1" 206 837
173.252.95.11 - - [19/Aug/2023:09:30:56 -0500] "GET /secretaria-de-ambiente-socializo-con-partidos-politicos-el-correcto-uso-de-publicidad-exterior-en-epoca-electoral.html HTTP/1.1" 200 837
172.22.2.4 - - [19/Aug/2023:09:30:08 -0500] "HEAD /BLA/boletinlegal/ HTTP/1.1" 200 -
186.102.24.85 - - [19/Aug/2023:09:31:59 -0500] "GET /kwssiamovil/sm/ldap/au?x=U2FsdGVkX1/W0QzA4lk21HMPvzU6vfgYBFcIH4u0difUkhPW8uRR/fXpoWVqlcjj&y=U2FsdGVkX1+wQ6Qy0v9Ku77nXjczfLf8aX/F+RqcjWuUVIuAMYofNsoIfP9etfmm HTTP/1.1" 200 30
186.102.24.85 - - [19/Aug/2023:09:31:59 -0500] "GET /kwssiamovil/sm/acme/s?s=U2FsdGVkX187655V364pKt7ON+rQfcZWq0OeSBxAzqqGQvVAaXd9/Fwkkm328+WGkMHr0D9OKAC8BPWGVpS9ldk3GFLyW16EPqEkcfoF2D0=&u=U2FsdGVkX18+VAdLBzHNYp7RffVbN2bJE23Q1TZ10Fk=&y=U2FsdGVkX1+wQ6Qy0v9Ku77nXjczfLf8aX/F+RqcjWuUVIuAMYofNsoIfP9etfmm HTTP/1.1" 200 70
186.102.24.85 - - [19/Aug/2023:09:32:00 -0500] "GET /kwssiamovil/sm/acme/s?s=U2FsdGVkX1+KdtaJB5wjaSf4riMw6rWKioFl8dAEWtOIrN3Uy8c3MmjhcIB9w+lzFeGc/ejWF205RHxmlrQpQEfn9Nwjj3pvtqYirJPyynKDzbOKSgXpL+bcfsNsuXTysV9Bd3o2e7kKLAjYTSNzrjNig/wj1AeiZPCWCHJPWkXj+ZIGMxPiFa7xF8eZZTSql+DHA9ia96zbBCLaKB91NUID1oXV6Br5Yy81S5NX5KrGNjZKKa/bl5nTSnGKVKnbfqN+WIOg/zW4xKsxt1LAIpwwnhRt5IQJ08jL9sa61429XXr0Hfs7hKdb/mVinEh34BZZkxO1J+JX1PZzEa97PeVG5LJOK8FWLRdclmAwJhYbSaqwYAAK1SiIZvCbToj/AMzwVDPPxfkJAm5Xl78rm5LOhmS/K6kRcFrF3PUiJgEFnhLCCPXbm8qFU/ERrkl9HCFhJbSPv58WVyIE7+rOQBqQq81oZQVDqXlTxcEL59Ds+oP5bQ8eGthXYzE/l0WYT1WQofqw5fBqlTTAUhB06Z+7ACyqZsW4q50eBEKgsbW6xyMEJ3PtgoF3rrbqYqZLTtfK2uAsdS5Lg1b4giZ9Y7zk0jiaPRag70wBzSCDz+v9VFY1tQu6Ag9WzOzAlHrPp+QdMLcbgjqrlsowvecOn9fInx+uAcxZrwjNGpDgLFIjW4lZfjoLaIOq3cDHmuShvvKYXobTyRYpy/DbeTnjVQ4r8eUVb7QTuMNzBXaoxHMQnkkiv1utVQ9bwWVKvml8YzBkeE94/fYXvXgGYzKO2BmbYXBsj/B+p+p1Q+Wy12tl4YOT8Sc8BIU3I+AhcpdB9Qsvaxd66cta1yCHm3OJuhOcB0whlws1xFr32Di78rW2dVk+qkVyhUzGpNzo9z2AZDcsYE3JmcD7bBhIqoiZg61kiHHg/AS2WgA62uoptWOTq+YEBpPRgA2fecT+mI3v/TQzhibRIHAmBt/MngFheBhKLYDfQNOjtBtzd5Ut8kF6o3tdPzTwAu+4FLl5GP4dxuywr2ihzX+khH6LDfzb7+Y8eMzSevxDRRTKKn1jHgfgn/mPs490E7P+tELK5xUNtxlI3C2/OIrgFJDDqnJ3DQ7mfidDXE9I4B19CAe8AsTONdt52KuI9t5Kdvt6Wm/8t8+2y7Yzhtyxo6P17H7DkDOhavRaxpXpdXndv13qQAm5rrHho5VsYnoA7w84Jy+5sKgzCNPhk0kaluH7SfpEuKjpXQMz3co0W7xMrugJrXFxpKaOY2tlCwwZQHnKupna+rK3kgA02Agwb0Q8EIkMBV7FD6dyv8ZL48LBw4JTL4Cp9Kfad+bdxRUfFzOzN+rrJJQ1sEI4fgj/QTVagZrsY+NcBmoHkV90raUh26HfshnM9LwZICLuMYCK62Ju9An0CS2N8wXWypfXfJx3pxlC/Kx837+bxP/FI46llyLAasTd363sCOqSwcKu7lQ+KiX3UT+RKmvdpQ7Br0hbbtFWZ/MDMsmgbRJjnnWaKk2RhEwnLYJbMoNi+ABCm49qYwFqEdPh3qQcAXzlNP+FjkIWxr6OSxahNNsmCP6dEMnSrl5M61l+KRmYLqJvjly0Rl/6jR6UFZdTuP6LMUybeikMhBXd9FdtCUpsZjjRRdP4DmwxX8frWF3Kz7POHcCdYlvOxLVhMQQSfRKwK/mL0sZmsg2KR3C2Ah3pcem+huuIxTE/8579BDkPS2NWk3tA7Sz3WzH+aijQhGeBuiZK0bxjuseOcnEyQF+Mf27QilH1F/E=&u=U2FsdGVkX18+VAdLBzHNYp7RffVbN2bJE23Q1TZ10Fk=&y=U2FsdGVkX1+wQ6Qy0v9Ku77nXjczfLf8aX/F+RqcjWuUVIuAMYofNsoIfP9etfmm HTTP/1.1" 200 2670
186.102.24.85 - - [19/Aug/2023:09:32:00 -0500] "GET /kwssiamovil/sm/acme/s?s=U2FsdGVkX18wW7Fit5gfqNZ331lK3fAPwm/s70qan/PNTGE8ek0fw3mE5/c5R6oS/RuQkhNFltIlmCNECx0MNdUG9RNhRqeakqnyHO2w4hkIaxYD4Z0MFr/jUywLgByyArJixsTnUi399tqMA53z+N7w1UJe3ZNhwtQQAKABRBeuqdIwk3qtgeWf2bBE43SvQdz+BQKloCDnY1FHd9hBFn1UAcntpc8oiiIOM+S6tBRK6/QKree9EFh1xbIKL/t7SlKuQopvlHZggl6ypHROt4rz1+JS2Lq/SALVj0gTvg9554cWhPI/KoSFZF/yAx31zcn5geH2Gq7c9zy+RotvpxxnuJZFiY9cSvpfJq5gkH180E1IGMTwQ3MDNJEbB4zD/w/RK6qsF/LwBlRSOO6/JY/HLYv5m1md+Aw/EkjbQTfC2WEG/LpASsU9FJHJlAB/CMjXauqMZsnf+dUN/ydIVWm2ZBcoCaFjoCC7irmPrdmv/UrQk/j/UsEBZ3SCPAgN+YkW+f6z/UBZqr5t6QlVwAG2SnAtzqB4IST+pEAkSg3bhKa8P16vyxwDYkXZTNTbFjTN0M/Lsm8QlprnS2WHAaAToqIvHibtMBh7NzMrRrvBRV7hFYnVQHILoxNqdeKQPeL6mOWUXW8IbLNd9oAmf7W/xw9NC4Ne5BGM8qQUjDJ3WUrUjr1DMvPimpL5NPwiwFYe+WIX7hNFA+yYD11OT2Cb5F4WfV+1LhEGWSEsn+S5yPjFuqBemjH8A1KuOJGm&u=U2FsdGVkX18+VAdLBzHNYp7RffVbN2bJE23Q1TZ10Fk=&y=U2FsdGVkX1+wQ6Qy0v9Ku77nXjczfLf8aX/F+RqcjWuUVIuAMYofNsoIfP9etfmm HTTP/1.1" 200 208
186.102.24.85 - - [19/Aug/2023:09:32:00 -0500] "GET /kwssiamovil/sm/cjson/pre?f=1&x=U2FsdGVkX1/W0QzA4lk21HMPvzU6vfgYBFcIH4u0difUkhPW8uRR/fXpoWVqlcjj HTTP/1.1" 200 31032
216.245.221.92 - - [19/Aug/2023:09:32:25 -0500] "HEAD / HTTP/1.1" 200 -
172.22.2.4 - - [19/Aug/2023:09:30:59 -0500] "GET /BLA/boletinlegal/ HTTP/1.1" 200 57790
54.155.245.227 - - [19/Aug/2023:09:34:19 -0500] "GET /robots.txt HTTP/1.1" 404 1022
54.155.245.227 - - [19/Aug/2023:09:34:19 -0500] "GET / HTTP/1.1" 200 319
201.245.192.253 - - [19/Aug/2023:09:34:43 -0500] "POST /kwsrmcab/Wsrmcab  HTTP/1.1" 200 41818
190.25.225.194 - - [19/Aug/2023:09:35:09 -0500] "GET /bogota-empieza-la-consolidacion-de-la-estrategia-de-bosques-urbanos-con-el-brazo-salitre-en-barrios-unidos.html?utm_source=Meta_DIGI&utm_medium=CPV&utm_campaign=BosquesUrbanos&utm_id=Agosto_2023&fbclid=IwAR3tyFxzFSYyYVjBhNxxa7Wbbw_IVDP8Oe9Apv31rDVMUq0FRMjrAqPpMSQ_aem_AXreBGKlXfPo2md53pCHKvwvC7f5eQOFKA8dK8gMuMd3lGDRE5knAbU471iH8mO3UyWBBfsaFuFGJspa2-Hza4n5 HTTP/1.1" 200 892
190.90.138.75 - - [19/Aug/2023:09:35:46 -0500] "GET /bogota-empieza-la-consolidacion-de-la-estrategia-de-bosques-urbanos-con-el-brazo-salitre-en-barrios-unidos.html?utm_source=Youtube_DIGI&utm_medium=CPV&utm_campaign=BosquesUrbanos&utm_id=Agosto_2023&gclid=Cj0KCQjw0IGnBhDUARIsAMwFDLnjatcAAgdtB__JgesnC5Fg1h3I0Twn7aDYRLQ2p1yHDa8WGsXVIcYaAsSKEALw_wcB HTTP/1.1" 200 892
216.245.221.92 - - [19/Aug/2023:09:37:25 -0500] "HEAD / HTTP/1.1" 200 -
172.22.2.4 - - [19/Aug/2023:09:35:58 -0500] "HEAD /BLA/boletinlegal/ HTTP/1.1" 200 -
172.22.2.4 - - [19/Aug/2023:09:36:49 -0500] "GET /BLA/boletinlegal/ HTTP/1.1" 200 54150
201.245.192.253 - - [19/Aug/2023:09:38:26 -0500] "POST /kwsrmcab/Wsrmcab HTTP/1.1" 200 42166
201.245.192.253 - - [19/Aug/2023:09:38:30 -0500] "POST /kwsrmcab/Wsrmcab HTTP/1.1" 200 40551
201.245.192.253 - - [19/Aug/2023:09:39:41 -0500] "POST /kwsrmcab/Wsrmcab  HTTP/1.1" 200 41818
173.252.95.16 - - [19/Aug/2023:09:41:00 -0500] "GET /florecio-la-herrania-en-el-tropicario-distrital-una-planta-nativa-de-la-amazonia-colombiana.html HTTP/1.1" 200 935
216.245.221.92 - - [19/Aug/2023:09:42:25 -0500] "HEAD / HTTP/1.1" 200 -
172.22.2.4 - - [19/Aug/2023:09:41:48 -0500] "HEAD /BLA/boletinlegal/ HTTP/1.1" 200 -
65.108.67.8 - - [19/Aug/2023:09:43:59 -0500] "GET /portaldeninos/wp-content/plugins/google-analytics-for-wordpress/assets/js/frontend-gtag.min.js?ver=8.5.0 HTTP/1.1" 200 11801
65.108.67.8 - - [19/Aug/2023:09:43:59 -0500] "GET /portaldeninos/wp-includes/js/jquery/jquery-migrate.min.js?ver=1.4.1 HTTP/1.1" 200 10056
65.108.67.8 - - [19/Aug/2023:09:43:59 -0500] "GET /portaldeninos/wp-includes/js/jquery/ui/core.min.js?ver=1.11.4 HTTP/1.1" 200 4000
65.108.67.8 - - [19/Aug/2023:09:43:59 -0500] "GET /portaldeninos/wp-content/plugins/gallery-videos/JS/modernizr.custom.js?ver=4.9.8 HTTP/1.1" 200 9019
65.108.67.8 - - [19/Aug/2023:09:43:59 -0500] "GET /portaldeninos/wp-includes/js/jquery/ui/widget.min.js?ver=1.11.4 HTTP/1.1" 200 6908
65.108.67.8 - - [19/Aug/2023:09:43:59 -0500] "GET /portaldeninos/wp-includes/js/jquery/ui/mouse.min.js?ver=1.11.4 HTTP/1.1" 200 3148
65.108.67.8 - - [19/Aug/2023:09:43:59 -0500] "GET /portaldeninos/wp-includes/js/jquery/ui/tabs.min.js?ver=1.11.4 HTTP/1.1" 200 12110
65.108.67.8 - - [19/Aug/2023:09:43:59 -0500] "GET /portaldeninos/wp-includes/js/jquery/ui/accordion.min.js?ver=1.11.4 HTTP/1.1" 200 8584
65.108.67.8 - - [19/Aug/2023:09:43:59 -0500] "GET /portaldeninos/wp-content/plugins/gallery-videos/JS/Total-Soft-Gallery-Video-Widget.js?ver=4.9.8 HTTP/1.1" 200 80264
65.108.67.8 - - [19/Aug/2023:09:44:00 -0500] "GET /portaldeninos/wp-content/themes/betheme/js/menu.js?ver=20.9.6 HTTP/1.1" 200 2449
65.108.67.8 - - [19/Aug/2023:09:43:59 -0500] "GET /portaldeninos/wp-includes/js/jquery/ui/sortable.min.js?ver=1.11.4 HTTP/1.1" 200 24899
