181.59.7.105 - - [20/Aug/2023:11:35:13 -0500] "POST /appsia/controlador HTTP/1.1" 200 6640
181.59.7.105 - - [20/Aug/2023:11:35:14 -0500] "POST /appsia/controlador HTTP/1.1" 200 11700
181.140.247.102 - - [20/Aug/2023:11:35:15 -0500] "GET /BLA/resoluciones/index.php?dir= HTTP/1.1" 200 13502
181.59.7.105 - - [20/Aug/2023:11:35:20 -0500] "POST /appsia/controlador HTTP/1.1" 200 7775
181.140.247.102 - - [20/Aug/2023:11:35:21 -0500] "GET /favicon.ico HTTP/1.1" 200 7782
181.59.7.105 - - [20/Aug/2023:11:35:27 -0500] "POST /appsia/controlador HTTP/1.1" 200 6640
181.59.7.105 - - [20/Aug/2023:11:35:28 -0500] "POST /appsia/controlador HTTP/1.1" 200 11310
201.245.192.253 - - [20/Aug/2023:11:35:31 -0500] "POST /kwsrmcab/Wsrmcab  HTTP/1.1" 200 41818
181.59.7.105 - - [20/Aug/2023:11:35:41 -0500] "POST /appsia/controlador HTTP/1.1" 200 7775
181.59.7.105 - - [20/Aug/2023:11:35:47 -0500] "POST /appsia/controlador HTTP/1.1" 200 6640
181.59.7.105 - - [20/Aug/2023:11:35:48 -0500] "POST /appsia/controlador HTTP/1.1" 200 11310
181.59.7.105 - - [20/Aug/2023:11:35:56 -0500] "POST /appsia/controlador HTTP/1.1" 200 7775
181.59.7.105 - - [20/Aug/2023:11:36:01 -0500] "POST /appsia/controlador HTTP/1.1" 200 6640
181.59.7.105 - - [20/Aug/2023:11:36:02 -0500] "POST /appsia/controlador HTTP/1.1" 200 11700
181.59.7.105 - - [20/Aug/2023:11:36:05 -0500] "POST /appsia/controlador HTTP/1.1" 200 7775
181.59.7.105 - - [20/Aug/2023:11:36:12 -0500] "POST /appsia/controlador HTTP/1.1" 200 6640
181.59.7.105 - - [20/Aug/2023:11:36:13 -0500] "POST /appsia/controlador HTTP/1.1" 200 11708
181.59.7.105 - - [20/Aug/2023:11:36:52 -0500] "POST /appsia/controlador HTTP/1.1" 200 7775
181.59.7.105 - - [20/Aug/2023:11:36:55 -0500] "POST /appsia/controlador HTTP/1.1" 200 6640
181.59.7.105 - - [20/Aug/2023:11:36:56 -0500] "POST /appsia/controlador HTTP/1.1" 200 12456
181.59.7.105 - - [20/Aug/2023:11:37:15 -0500] "POST /appsia/controlador HTTP/1.1" 200 7775
181.59.7.105 - - [20/Aug/2023:11:37:21 -0500] "POST /appsia/controlador HTTP/1.1" 200 6640
181.59.7.105 - - [20/Aug/2023:11:37:22 -0500] "POST /appsia/controlador HTTP/1.1" 200 11311
172.22.2.4 - - [20/Aug/2023:11:35:43 -0500] "HEAD /BLA/boletinlegal/ HTTP/1.1" 200 -
181.59.7.105 - - [20/Aug/2023:11:37:24 -0500] "POST /appsia/controlador HTTP/1.1" 200 7775
181.59.7.105 - - [20/Aug/2023:11:37:40 -0500] "POST /appsia/controlador HTTP/1.1" 200 6640
181.59.7.105 - - [20/Aug/2023:11:37:41 -0500] "POST /appsia/controlador HTTP/1.1" 200 11311
40.77.167.233 - - [20/Aug/2023:11:37:56 -0500] "GET /portaldeninos/parque-ecologico-distrital-humedal-santa-maria-del-lago/ HTTP/1.1" 200 90199
181.59.7.105 - - [20/Aug/2023:11:38:04 -0500] "POST /appsia/controlador HTTP/1.1" 200 7775
181.59.7.105 - - [20/Aug/2023:11:38:08 -0500] "POST /appsia/controlador HTTP/1.1" 200 6640
181.59.7.105 - - [20/Aug/2023:11:38:08 -0500] "POST /appsia/controlador HTTP/1.1" 200 11311
181.59.7.105 - - [20/Aug/2023:11:38:13 -0500] "POST /appsia/controlador HTTP/1.1" 200 7775
172.22.2.4 - - [20/Aug/2023:11:36:33 -0500] "GET /BLA/boletinlegal/ HTTP/1.1" 200 52656
216.245.221.92 - - [20/Aug/2023:11:38:22 -0500] "HEAD / HTTP/1.1" 200 -
181.59.7.105 - - [20/Aug/2023:11:38:42 -0500] "POST /appsia/controlador HTTP/1.1" 200 6640
181.59.7.105 - - [20/Aug/2023:11:38:43 -0500] "POST /appsia/controlador HTTP/1.1" 200 11310
181.59.7.105 - - [20/Aug/2023:11:38:49 -0500] "POST /appsia/controlador HTTP/1.1" 200 7775
181.59.7.105 - - [20/Aug/2023:11:38:51 -0500] "POST /appsia/controlador HTTP/1.1" 200 5234
201.245.192.253 - - [20/Aug/2023:11:39:22 -0500] "POST /kwsrmcab/Wsrmcab HTTP/1.1" 200 41992
201.245.192.253 - - [20/Aug/2023:11:39:26 -0500] "POST /kwsrmcab/Wsrmcab HTTP/1.1" 200 40791
66.249.70.6 - - [20/Aug/2023:11:39:53 -0500] "GET /BLA/resoluciones/Notificaciones/RESOLUCIONES%202022/4032.pdf HTTP/1.1" 304 -
52.167.144.78 - - [20/Aug/2023:11:40:30 -0500] "GET /BLA/resoluciones/AUTOS%202022/3524.pdf HTTP/1.1" 304 -
201.245.192.253 - - [20/Aug/2023:11:40:30 -0500] "POST /kwsrmcab/Wsrmcab  HTTP/1.1" 200 41818
201.245.192.253 - - [20/Aug/2023:11:40:38 -0500] "GET /sipse/faces/faces/faces/autenticacion.xhtml HTTP/1.1" 200 12494
201.245.192.253 - - [20/Aug/2023:11:40:38 -0500] "GET /sipse/css/custom_css_sg.css HTTP/1.1" 200 9694
201.245.192.253 - - [20/Aug/2023:11:40:38 -0500] "GET /sipse/css/custom_css_sg_prime_login.css HTTP/1.1" 200 443
201.245.192.253 - - [20/Aug/2023:11:40:38 -0500] "GET /sipse/js/funciones.js HTTP/1.1" 304 -
201.245.192.253 - - [20/Aug/2023:11:40:38 -0500] "GET /sipse/js/disable_browser_buttons.js HTTP/1.1" 304 -
201.245.192.253 - - [20/Aug/2023:11:40:38 -0500] "GET /sipse/faces/javax.faces.resource/layout/layout.css;jsessionid=sx3t2A+g0-uyt7kOqwwkHtql.undefined?ln=primefaces&v=4.0 HTTP/1.1" 200 542
201.245.192.253 - - [20/Aug/2023:11:40:38 -0500] "GET /sipse/faces/javax.faces.resource/jquery/jquery.js;jsessionid=sx3t2A+g0-uyt7kOqwwkHtql.undefined?ln=primefaces&v=4.0 HTTP/1.1" 200 105384
201.245.192.253 - - [20/Aug/2023:11:40:38 -0500] "GET /sipse/faces/javax.faces.resource/layout/layout.js;jsessionid=sx3t2A+g0-uyt7kOqwwkHtql.undefined?ln=primefaces&v=4.0 HTTP/1.1" 200 87560
201.245.192.253 - - [20/Aug/2023:11:40:38 -0500] "GET /sipse/faces/javax.faces.resource/theme.css?ln=primefaces-sipse HTTP/1.1" 200 50058
201.245.192.253 - - [20/Aug/2023:11:40:38 -0500] "GET /sipse/faces/javax.faces.resource/primefaces.css;jsessionid=sx3t2A+g0-uyt7kOqwwkHtql.undefined?ln=primefaces&v=4.0 HTTP/1.1" 200 53295
201.245.192.253 - - [20/Aug/2023:11:40:38 -0500] "GET /sipse/faces/javax.faces.resource/primefaces.js;jsessionid=sx3t2A+g0-uyt7kOqwwkHtql.undefined?ln=primefaces&v=4.0 HTTP/1.1" 200 276924
201.245.192.253 - - [20/Aug/2023:11:40:38 -0500] "GET /sipse/faces/javax.faces.resource/jquery/jquery-plugins.js;jsessionid=sx3t2A+g0-uyt7kOqwwkHtql.undefined?ln=primefaces&v=4.0 HTTP/1.1" 200 220526
201.245.192.253 - - [20/Aug/2023:11:40:38 -0500] "GET /favicon.ico HTTP/1.1" 200 7782
201.245.192.253 - - [20/Aug/2023:11:40:38 -0500] "GET /sipse/css/imagen/logoSDG.png HTTP/1.1" 200 53064
201.245.192.253 - - [20/Aug/2023:11:40:38 -0500] "GET /sipse/css/imagen/loginimg.png HTTP/1.1" 200 71635
201.245.192.253 - - [20/Aug/2023:11:40:38 -0500] "GET /sipse/faces/javax.faces.resource/images/ui-icons_898989_256x240.png?ln=primefaces-aristo HTTP/1.1" 200 5355
201.245.192.253 - - [20/Aug/2023:11:40:38 -0500] "GET /sipse/faces/faces/faces/index.xhtml HTTP/1.1" 200 677
201.245.192.253 - - [20/Aug/2023:11:40:38 -0500] "GET /sipse/faces/javax.faces.resource/theme.css?ln=primefaces-sipse HTTP/1.1" 304 -
201.245.192.253 - - [20/Aug/2023:11:40:38 -0500] "GET /sipse/faces/faces/faces/faces/autenticacion.xhtml HTTP/1.1" 200 12172
201.245.192.253 - - [20/Aug/2023:11:40:38 -0500] "GET /sipse/faces/javax.faces.resource/theme.css?ln=primefaces-sipse HTTP/1.1" 304 -
201.245.192.253 - - [20/Aug/2023:11:40:38 -0500] "GET /sipse/faces/javax.faces.resource/layout/layout.css?ln=primefaces&v=4.0 HTTP/1.1" 200 542
201.245.192.253 - - [20/Aug/2023:11:40:38 -0500] "GET /sipse/faces/javax.faces.resource/jquery/jquery-plugins.js?ln=primefaces&v=4.0 HTTP/1.1" 304 -
201.245.192.253 - - [20/Aug/2023:11:40:38 -0500] "GET /sipse/faces/javax.faces.resource/primefaces.js?ln=primefaces&v=4.0 HTTP/1.1" 304 -
201.245.192.253 - - [20/Aug/2023:11:40:38 -0500] "GET /sipse/faces/javax.faces.resource/jquery/jquery.js?ln=primefaces&v=4.0 HTTP/1.1" 304 -
201.245.192.253 - - [20/Aug/2023:11:40:38 -0500] "GET /sipse/faces/javax.faces.resource/layout/layout.js?ln=primefaces&v=4.0 HTTP/1.1" 304 -
201.245.192.253 - - [20/Aug/2023:11:40:38 -0500] "GET /sipse/faces/javax.faces.resource/primefaces.css?ln=primefaces&v=4.0 HTTP/1.1" 200 53295
201.245.192.253 - - [20/Aug/2023:11:40:38 -0500] "GET /sipse/faces/javax.faces.resource/images/ui-icons_898989_256x240.png?ln=primefaces-aristo HTTP/1.1" 304 -
201.245.192.253 - - [20/Aug/2023:11:40:40 -0500] "POST /sipse/faces/autenticacion.xhtml HTTP/1.1" 200 11166
201.245.192.253 - - [20/Aug/2023:11:40:40 -0500] "GET /sipse/css/custom_css_sg_prime.css HTTP/1.1" 200 5201
201.245.192.253 - - [20/Aug/2023:11:40:40 -0500] "GET /sipse/faces/javax.faces.resource/jquery/jquery.js?ln=primefaces&v=4.0 HTTP/1.1" 304 -
201.245.192.253 - - [20/Aug/2023:11:40:41 -0500] "GET /sipse/faces/javax.faces.resource/jquery/jquery-plugins.js?ln=primefaces&v=4.0 HTTP/1.1" 304 -
201.245.192.253 - - [20/Aug/2023:11:40:41 -0500] "GET /sipse/faces/javax.faces.resource/primefaces.js?ln=primefaces&v=4.0 HTTP/1.1" 304 -
201.245.192.253 - - [20/Aug/2023:11:40:41 -0500] "GET /sipse/faces/javax.faces.resource/layout/layout.js?ln=primefaces&v=4.0 HTTP/1.1" 304 -
201.245.192.253 - - [20/Aug/2023:11:40:41 -0500] "GET /sipse/faces/javax.faces.resource/messages/messages.png?ln=primefaces&v=4.0 HTTP/1.1" 200 27209
181.59.2.100 - - [20/Aug/2023:11:40:44 -0500] "GET /bogota-empieza-la-consolidacion-de-la-estrategia-de-bosques-urbanos-con-el-brazo-salitre-en-barrios-unidos.html?utm_source=Meta_DIGI&utm_medium=CPV&utm_campaign=BosquesUrbanos&utm_id=Agosto_2023&fbclid=IwAR3FrBVntaxo0H6DfSpxJxoDUbNYMteSmbBuhOG27-8lFrc0td64EVjcip8_aem_AfKy4AXBs7PEmseYuaU_9kdBvroT479UfUlqt8ub_ld3WGrSpdOVoOzuCfwYbHo1HMwwcqwZwBEpblBguts1iTpv HTTP/1.1" 200 892
201.245.192.253 - - [20/Aug/2023:11:40:44 -0500] "POST /sipse/faces/presentacion/sistema/seguridad/seleccionRol.xhtml HTTP/1.1" 200 5600
201.245.192.253 - - [20/Aug/2023:11:40:46 -0500] "POST /sipse/faces/presentacion/sistema/seguridad/seleccionRol.xhtml HTTP/1.1" 200 17558
201.245.192.253 - - [20/Aug/2023:11:40:46 -0500] "GET /sipse/js/jquery.min.js HTTP/1.1" 304 -
201.245.192.253 - - [20/Aug/2023:11:40:46 -0500] "GET /sipse/faces/javax.faces.resource/jquery/jquery.js?ln=primefaces&v=4.0 HTTP/1.1" 304 -
201.245.192.253 - - [20/Aug/2023:11:40:46 -0500] "GET /sipse/faces/javax.faces.resource/jquery/jquery-plugins.js?ln=primefaces&v=4.0 HTTP/1.1" 304 -
201.245.192.253 - - [20/Aug/2023:11:40:46 -0500] "GET /sipse/faces/javax.faces.resource/primefaces.js?ln=primefaces&v=4.0 HTTP/1.1" 304 -
201.245.192.253 - - [20/Aug/2023:11:40:46 -0500] "GET /sipse/faces/javax.faces.resource/layout/layout.js?ln=primefaces&v=4.0 HTTP/1.1" 304 -
201.245.192.253 - - [20/Aug/2023:11:40:46 -0500] "GET /sipse/css/v_mergente.css HTTP/1.1" 200 1505
201.245.192.253 - - [20/Aug/2023:11:40:46 -0500] "GET /sipse/imagenes/cargando.gif HTTP/1.1" 200 36959
201.245.192.253 - - [20/Aug/2023:11:40:46 -0500] "GET /sipse/imagenes/logoAplicacion.jpg HTTP/1.1" 200 155084
201.245.192.253 - - [20/Aug/2023:11:40:46 -0500] "GET /sipse/css/imagen/contrasena.png HTTP/1.1" 404 383
201.245.192.253 - - [20/Aug/2023:11:40:48 -0500] "GET /sipse/faces/javax.faces.resource/images/ui-bg_flat_0_2d5972_40x100.png?ln=primefaces-aristo HTTP/1.1" 200 183
201.245.192.253 - - [20/Aug/2023:11:40:48 -0500] "POST /sipse/faces/bienvenido.xhtml HTTP/1.1" 200 2055
201.245.192.253 - - [20/Aug/2023:11:40:49 -0500] "POST /sipse/faces/bienvenido.xhtml HTTP/1.1" 200 81581
201.245.192.253 - - [20/Aug/2023:11:41:33 -0500] "GET /sipse/faces/javax.faces.resource/jquery/jquery.js?ln=primefaces&v=4.0 HTTP/1.1" 304 -
201.245.192.253 - - [20/Aug/2023:11:41:33 -0500] "GET /sipse/faces/javax.faces.resource/jquery/jquery-plugins.js?ln=primefaces&v=4.0 HTTP/1.1" 304 -
201.245.192.253 - - [20/Aug/2023:11:41:33 -0500] "GET /sipse/faces/javax.faces.resource/primefaces.js?ln=primefaces&v=4.0 HTTP/1.1" 304 -
201.245.192.253 - - [20/Aug/2023:11:41:33 -0500] "GET /sipse/faces/javax.faces.resource/layout/layout.js?ln=primefaces&v=4.0 HTTP/1.1" 304 -
172.22.2.4 - - [20/Aug/2023:11:41:33 -0500] "HEAD /BLA/boletinlegal/ HTTP/1.1" 200 -
216.245.221.92 - - [20/Aug/2023:11:43:22 -0500] "HEAD / HTTP/1.1" 200 -
172.22.2.4 - - [20/Aug/2023:11:42:23 -0500] "GET /BLA/boletinlegal/ HTTP/1.1" 200 58597
191.102.117.217 - - [20/Aug/2023:11:45:30 -0500] "GET /forest/ HTTP/1.1" 200 12041
201.245.192.253 - - [20/Aug/2023:11:45:29 -0500] "POST /kwsrmcab/Wsrmcab  HTTP/1.1" 200 41818
191.102.117.217 - - [20/Aug/2023:11:45:35 -0500] "POST /forest/index.php HTTP/1.1" 200 12268
173.252.95.117 - - [20/Aug/2023:11:45:50 -0500] "GET /distrito-levanta-alerta-fase-1-por-calidad-del-aire-en-bogota-llamado-a-no-bajar-la-guardia-y-seguir-reduciendo-emisiones.html HTTP/1.1" 200 908
173.252.95.18 - - [20/Aug/2023:11:45:50 -0500] "GET /distrito-levanta-alerta-fase-1-por-calidad-del-aire-en-bogota-llamado-a-no-bajar-la-guardia-y-seguir-reduciendo-emisiones.html HTTP/1.1" 200 908
173.252.95.118 - - [20/Aug/2023:11:45:50 -0500] "GET /distrito-levanta-alerta-fase-1-por-calidad-del-aire-en-bogota-llamado-a-no-bajar-la-guardia-y-seguir-reduciendo-emisiones.html HTTP/1.1" 200 908
66.220.149.12 - - [20/Aug/2023:11:45:52 -0500] "GET /images/calidad-aire-2-marzo-1_optimized.jpeg HTTP/1.1" 200 51562
40.77.167.101 - - [20/Aug/2023:11:46:44 -0500] "GET /robots.txt HTTP/1.1" 404 1034
157.55.39.216 - - [20/Aug/2023:11:46:51 -0500] "GET /si-tienes-ropa-y-calzado-que-ya-no-usas-aca-te-presentamos-seis-puntos-a-donde-los-puedes-llevar.html HTTP/1.1" 304 -
201.245.192.253 - - [20/Aug/2023:11:48:05 -0500] "POST /sipse/faces/presentacion/proyectos/proyecto/listarProyecto.xhtml HTTP/1.1" 200 163
201.245.192.253 - - [20/Aug/2023:11:48:08 -0500] "GET /sipse/faces/presentacion/proyectos/proyecto/proyecto.xhtml HTTP/1.1" 200 87192
201.245.192.253 - - [20/Aug/2023:11:48:10 -0500] "GET /sipse/faces/javax.faces.resource/primefaces.css?ln=primefaces&v=4.0 HTTP/1.1" 304 -
201.245.192.253 - - [20/Aug/2023:11:48:10 -0500] "GET /sipse/faces/javax.faces.resource/theme.css?ln=primefaces-sipse HTTP/1.1" 304 -
201.245.192.253 - - [20/Aug/2023:11:48:10 -0500] "GET /sipse/faces/javax.faces.resource/jquery/jquery-plugins.js?ln=primefaces&v=4.0 HTTP/1.1" 304 -
201.245.192.253 - - [20/Aug/2023:11:48:10 -0500] "GET /sipse/faces/javax.faces.resource/jquery/jquery.js?ln=primefaces&v=4.0 HTTP/1.1" 304 -
201.245.192.253 - - [20/Aug/2023:11:48:10 -0500] "GET /sipse/faces/javax.faces.resource/primefaces.js?ln=primefaces&v=4.0 HTTP/1.1" 304 -
201.245.192.253 - - [20/Aug/2023:11:48:10 -0500] "GET /sipse/faces/javax.faces.resource/layout/layout.css?ln=primefaces&v=4.0 HTTP/1.1" 304 -
201.245.192.253 - - [20/Aug/2023:11:48:10 -0500] "GET /sipse/faces/javax.faces.resource/layout/layout.js?ln=primefaces&v=4.0 HTTP/1.1" 304 -
201.245.192.253 - - [20/Aug/2023:11:48:10 -0500] "GET /sipse/faces/javax.faces.resource/images/ui-icons_898989_256x240.png?ln=primefaces-aristo HTTP/1.1" 304 -
201.245.192.253 - - [20/Aug/2023:11:48:11 -0500] "GET /sipse/faces/javax.faces.resource/images/ui-bg_flat_0_2d5972_40x100.png?ln=primefaces-aristo HTTP/1.1" 304 -
201.245.192.253 - - [20/Aug/2023:11:48:11 -0500] "POST /sipse/faces/presentacion/proyectos/proyecto/proyecto.xhtml HTTP/1.1" 200 3265
201.245.192.253 - - [20/Aug/2023:11:48:13 -0500] "POST /sipse/faces/presentacion/proyectos/proyecto/proyecto.xhtml HTTP/1.1" 200 44492
201.245.192.253 - - [20/Aug/2023:11:48:18 -0500] "GET /sipse/faces/javax.faces.resource/spacer/dot_clear.gif?ln=primefaces&v=4.0 HTTP/1.1" 200 42
201.245.192.253 - - [20/Aug/2023:11:48:18 -0500] "POST /sipse/faces/presentacion/proyectos/proyecto/proyecto.xhtml HTTP/1.1" 200 3949
216.245.221.92 - - [20/Aug/2023:11:48:22 -0500] "HEAD / HTTP/1.1" 200 -
201.245.192.253 - - [20/Aug/2023:11:48:25 -0500] "POST /sipse/faces/presentacion/proyectos/proyecto/proyecto.xhtml HTTP/1.1" 200 71712
172.22.2.4 - - [20/Aug/2023:11:47:23 -0500] "HEAD /BLA/boletinlegal/ HTTP/1.1" 200 -
201.245.192.253 - - [20/Aug/2023:11:49:25 -0500] "POST /sipse/faces/presentacion/proyectos/proyecto/proyecto.xhtml HTTP/1.1" 200 72436
201.245.192.253 - - [20/Aug/2023:11:49:38 -0500] "POST /sipse/faces/presentacion/proyectos/proyecto/proyecto.xhtml HTTP/1.1" 200 73666
172.22.2.4 - - [20/Aug/2023:11:48:13 -0500] "GET /BLA/boletinlegal/ HTTP/1.1" 200 58597
201.245.192.253 - - [20/Aug/2023:11:49:50 -0500] "POST /sipse/faces/presentacion/proyectos/proyecto/proyecto.xhtml HTTP/1.1" 200 73340
201.245.192.253 - - [20/Aug/2023:11:50:28 -0500] "POST /kwsrmcab/Wsrmcab  HTTP/1.1" 200 41818
186.30.92.93 - - [20/Aug/2023:11:50:40 -0500] "GET /bogota-empieza-la-consolidacion-de-la-estrategia-de-bosques-urbanos-con-el-brazo-salitre-en-barrios-unidos.html?utm_source=Meta_DIGI&utm_medium=CPV&utm_campaign=BosquesUrbanos&utm_id=Agosto_2023&fbclid=IwAR28CP2rSFGwfbbCra24zAVNYq-2C0Ld8fLct9AiUGKn5tgG07zKT0NvLfE_aem_AfKKaTtCTrcbh-0TLR0mHBtPQhdZ9P8qTzwSAUcDQg-X-6X3j9pGtLDSzuG-6lJjbETkTnc-yql5sccIiUzxSRjh HTTP/1.1" 200 892
40.77.167.208 - - [20/Aug/2023:11:51:07 -0500] "GET /Publicaciones/2023EE189079.pdf HTTP/1.1" 200 231998
201.245.192.253 - - [20/Aug/2023:11:51:24 -0500] "POST /sipse/faces/presentacion/proyectos/proyecto/proyecto.xhtml HTTP/1.1" 200 73766
201.245.192.253 - - [20/Aug/2023:11:51:34 -0500] "POST /sipse/faces/presentacion/proyectos/proyecto/proyecto.xhtml HTTP/1.1" 200 72012
216.245.221.92 - - [20/Aug/2023:11:53:22 -0500] "HEAD / HTTP/1.1" 200 -
201.245.192.253 - - [20/Aug/2023:11:53:16 -0500] "POST /sipse/faces/presentacion/proyectos/proyecto/proyecto.xhtml HTTP/1.1" 200 72632
201.245.192.253 - - [20/Aug/2023:11:53:32 -0500] "POST /sipse/faces/presentacion/proyectos/proyecto/proyecto.xhtml HTTP/1.1" 200 73766
201.245.192.253 - - [20/Aug/2023:11:54:46 -0500] "POST /sipse/faces/presentacion/proyectos/proyecto/proyecto.xhtml HTTP/1.1" 200 72632
172.22.2.4 - - [20/Aug/2023:11:53:13 -0500] "HEAD /BLA/boletinlegal/ HTTP/1.1" 200 -
201.245.192.253 - - [20/Aug/2023:11:54:57 -0500] "POST /sipse/faces/presentacion/proyectos/proyecto/proyecto.xhtml HTTP/1.1" 200 72012
179.1.136.85 - - [20/Aug/2023:11:55:06 -0500] "GET /bogota-empieza-la-consolidacion-de-la-estrategia-de-bosques-urbanos-con-el-brazo-salitre-en-barrios-unidos.html?utm_source=Meta_DIGI&utm_medium=CPV&utm_campaign=BosquesUrbanos&utm_id=Agosto_2023&fbclid=IwAR2lW2fOzWtNPT_wkYsydOsYTzbY873Cz0VNtznsls8-ZWFD2aw6a0rh6hE_aem_AfJNPghP2D7kEsjhPbjyhC80Q0XvMw3DksQu0Eq_1li5_YF7dc0ef0mMPXE8t_fx83oo3U7elHXD5BZsi0MlzNnR HTTP/1.1" 200 892
201.245.192.253 - - [20/Aug/2023:11:55:07 -0500] "POST /sipse/faces/presentacion/proyectos/proyecto/proyecto.xhtml HTTP/1.1" 200 73344
201.245.192.253 - - [20/Aug/2023:11:55:27 -0500] "POST /kwsrmcab/Wsrmcab  HTTP/1.1" 200 41818
172.22.2.4 - - [20/Aug/2023:11:54:03 -0500] "GET /BLA/boletinlegal/ HTTP/1.1" 200 60692
201.245.192.253 - - [20/Aug/2023:11:56:07 -0500] "POST /sipse/faces/presentacion/proyectos/proyecto/proyecto.xhtml HTTP/1.1" 200 72012
186.84.21.238 - - [20/Aug/2023:11:56:34 -0500] "GET /bogota-empieza-la-consolidacion-de-la-estrategia-de-bosques-urbanos-con-el-brazo-salitre-en-barrios-unidos.html?utm_source=Meta_DIGI&utm_medium=CPV&utm_campaign=BosquesUrbanos&utm_id=Agosto_2023&fbclid=IwAR2zRW29rsvJmK285ux5xU0_Oei9H4RmG4OnI0pWMqr3ed1RxvW4UIlTgtQ_aem_AfIqjib9n0iAeFb9_5ajpOCzUapbOMp_YkOLY45C__BZYweV1WCGHhbAjHzuhHgriPOkyt6439Gmkb2M8qhCqu5G HTTP/1.1" 200 892
172.22.2.4 - - [20/Aug/2023:11:56:52 -0500] "GET /BLA/boletinlegal/jurisprudencia/analisis/AnalisisC-035-16.docx HTTP/1.1" 200 25011
216.245.221.92 - - [20/Aug/2023:11:58:22 -0500] "HEAD / HTTP/1.1" 200 -
186.154.39.57 - - [20/Aug/2023:11:58:52 -0500] "GET /bogota-empieza-la-consolidacion-de-la-estrategia-de-bosques-urbanos-con-el-brazo-salitre-en-barrios-unidos.html?utm_source=Meta_DIGI&utm_medium=CPV&utm_campaign=BosquesUrbanos&utm_id=Agosto_2023&fbclid=IwAR1a99S471YSUlelc2Wq-szGMNELLoxcnrtjnXioTj6Au5T6j2zBHJHarb4_aem_AfL1kCsQuxvGhs2kzFxx_JBuY5PBXUo7XgJrcGeQY6zhlv23-R0lJEW4MQ03uM3aMMxpD9GW8g8749aOSqQ_2-IH HTTP/1.1" 200 892
52.167.144.43 - - [20/Aug/2023:11:59:57 -0500] "GET /Publicaciones/2023EE135492.pdf HTTP/1.1" 404 228
201.245.192.253 - - [20/Aug/2023:12:00:26 -0500] "POST /kwsrmcab/Wsrmcab  HTTP/1.1" 200 41818
172.22.2.4 - - [20/Aug/2023:11:59:03 -0500] "HEAD /BLA/boletinlegal/ HTTP/1.1" 200 -
172.22.2.4 - - [20/Aug/2023:11:59:53 -0500] "GET /BLA/boletinlegal/ HTTP/1.1" 200 58981
201.221.172.102 - - [20/Aug/2023:12:02:43 -0500] "GET /bogota-empieza-la-consolidacion-de-la-estrategia-de-bosques-urbanos-con-el-brazo-salitre-en-barrios-unidos.html?utm_source=Meta_DIGI&utm_medium=CPV&utm_campaign=BosquesUrbanos&utm_id=Agosto_2023&fbclid=IwAR1KZDQPFnBR0H-NtnuozIi4BRzDKpB8YHEldCnvdDQ7rpMC-TasHGhGFe0_aem_AfL49W5XUojFQ6H1p10AT7Bm7_teh4agG_73itHrN-hnBzUI5Yi4XKBEutVvx6fMdZDiqOqQIBy7CeSTXCekdWM3 HTTP/1.1" 200 892
216.245.221.92 - - [20/Aug/2023:12:03:22 -0500] "HEAD / HTTP/1.1" 200 -
43.158.217.52 - - [20/Aug/2023:12:04:26 -0500] "GET /portaldeninos/ HTTP/1.1" 200 110175
201.245.192.253 - - [20/Aug/2023:12:05:24 -0500] "POST /kwsrmcab/Wsrmcab  HTTP/1.1" 200 41818
201.245.192.253 - - [20/Aug/2023:12:05:23 -0500] "POST /sipse/faces/presentacion/proyectos/proyecto/proyecto.xhtml HTTP/1.1" 200 72632
190.27.105.67 - - [20/Aug/2023:12:05:31 -0500] "GET /forest/ HTTP/1.1" 200 12041
190.27.105.67 - - [20/Aug/2023:12:05:35 -0500] "POST /forest/index.php HTTP/1.1" 200 12268
201.245.192.253 - - [20/Aug/2023:12:05:45 -0500] "POST /sipse/faces/presentacion/proyectos/proyecto/proyecto.xhtml HTTP/1.1" 200 73762
172.22.2.4 - - [20/Aug/2023:12:04:53 -0500] "HEAD /BLA/boletinlegal/ HTTP/1.1" 200 -
201.245.192.253 - - [20/Aug/2023:12:06:59 -0500] "POST /sipse/faces/presentacion/proyectos/proyecto/proyecto.xhtml HTTP/1.1" 200 72632
201.245.192.253 - - [20/Aug/2023:12:07:10 -0500] "POST /sipse/faces/presentacion/proyectos/proyecto/proyecto.xhtml HTTP/1.1" 200 72012
172.22.2.4 - - [20/Aug/2023:12:05:43 -0500] "GET /BLA/boletinlegal/ HTTP/1.1" 200 58597
201.245.192.253 - - [20/Aug/2023:12:07:23 -0500] "POST /sipse/faces/presentacion/proyectos/proyecto/proyecto.xhtml HTTP/1.1" 200 73344
52.167.144.43 - - [20/Aug/2023:12:07:37 -0500] "GET /forest/ HTTP/1.1" 200 12041
201.245.192.253 - - [20/Aug/2023:12:07:33 -0500] "POST /sipse/faces/presentacion/proyectos/proyecto/proyecto.xhtml HTTP/1.1" 200 72632
201.245.192.253 - - [20/Aug/2023:12:07:44 -0500] "POST /sipse/faces/presentacion/proyectos/proyecto/proyecto.xhtml HTTP/1.1" 200 72012
216.245.221.92 - - [20/Aug/2023:12:08:22 -0500] "HEAD / HTTP/1.1" 200 -
186.84.91.119 - - [20/Aug/2023:12:08:28 -0500] "GET /bogota-empieza-la-consolidacion-de-la-estrategia-de-bosques-urbanos-con-el-brazo-salitre-en-barrios-unidos.html?utm_source=Meta_DIGI&utm_medium=CPV&utm_campaign=BosquesUrbanos&utm_id=Agosto_2023&fbclid=IwAR0_OK9jbUm0ZXeQcNn_fEI7Nvrl7s4wCbZUTxOMjgKDVxdpCEj70YpGjLE_aem_AfLEa6tET_vatewc4MEQ7QuSklBDW4KwCVSr5PaJg7tkHpcX2b2YJgIukNJOL__k9tOI8ykBMSHR1GdYwUbK-bIu HTTP/1.1" 200 892
186.30.168.143 - - [20/Aug/2023:12:08:58 -0500] "GET /bogota-empieza-la-consolidacion-de-la-estrategia-de-bosques-urbanos-con-el-brazo-salitre-en-barrios-unidos.html?utm_source=Meta_DIGI&utm_medium=CPV&utm_campaign=BosquesUrbanos&utm_id=Agosto_2023&fbclid=IwAR1MU9LeKZJNpb9QTbflEGh6UGzK0nfiHNGKbKf_6ExObPmp9Z_n19KLDrE_aem_AfJOKY6Z52J9Jeqjn71W45S8m0FbuJnCfIBRqWbyTfFYH69LlQY48caTlDw1WWzONkKRPcsBaxi-20uPgX4Srw2E HTTP/1.1" 200 892
186.84.89.15 - - [20/Aug/2023:12:10:24 -0500] "GET /bogota-empieza-la-consolidacion-de-la-estrategia-de-bosques-urbanos-con-el-brazo-salitre-en-barrios-unidos.html?utm_source=Youtube_DIGI&utm_medium=CPV&utm_campaign=BosquesUrbanos&utm_id=Agosto_2023&gclid=Cj0KCQjw84anBhCtARIsAISI-xdAtPKkxoRUWMzBRu9J9-dCaFIVsXrQ6aq_oNXaKxX7P_0WEGoW0fwaAsotEALw_wcB HTTP/1.1" 200 892
201.245.192.253 - - [20/Aug/2023:12:10:24 -0500] "POST /kwsrmcab/Wsrmcab  HTTP/1.1" 200 41818
34.243.97.168 - - [20/Aug/2023:12:10:38 -0500] "GET /robots.txt HTTP/1.1" 404 1022
34.243.97.168 - - [20/Aug/2023:12:10:38 -0500] "GET / HTTP/1.1" 200 319
201.245.192.253 - - [20/Aug/2023:12:11:59 -0500] "POST /sipse/faces/presentacion/proyectos/proyecto/proyecto.xhtml HTTP/1.1" 200 127581
201.245.192.253 - - [20/Aug/2023:12:12:03 -0500] "GET /sipse/faces/javax.faces.resource/jquery/jquery.js?ln=primefaces&v=4.0 HTTP/1.1" 304 -
201.245.192.253 - - [20/Aug/2023:12:12:03 -0500] "GET /sipse/faces/javax.faces.resource/jquery/jquery-plugins.js?ln=primefaces&v=4.0 HTTP/1.1" 304 -
201.245.192.253 - - [20/Aug/2023:12:12:03 -0500] "GET /sipse/faces/javax.faces.resource/primefaces.js?ln=primefaces&v=4.0 HTTP/1.1" 304 -
201.245.192.253 - - [20/Aug/2023:12:12:04 -0500] "GET /sipse/faces/javax.faces.resource/layout/layout.js?ln=primefaces&v=4.0 HTTP/1.1" 304 -
201.245.192.253 - - [20/Aug/2023:12:12:12 -0500] "POST /sipse/faces/presentacion/proyectos/proyecto/presupuesto/presupuestoEntreActividades/seleccionarActividadesOrigen.xhtml HTTP/1.1" 200 1984
201.245.192.253 - - [20/Aug/2023:12:12:20 -0500] "POST /sipse/faces/presentacion/proyectos/proyecto/presupuesto/presupuestoEntreActividades/seleccionarActividadesOrigen.xhtml HTTP/1.1" 200 1984
172.22.2.4 - - [20/Aug/2023:12:10:43 -0500] "HEAD /BLA/boletinlegal/ HTTP/1.1" 200 -
172.22.2.4 - - [20/Aug/2023:12:11:33 -0500] "GET /BLA/boletinlegal/ HTTP/1.1" 200 57790
216.245.221.92 - - [20/Aug/2023:12:13:22 -0500] "HEAD / HTTP/1.1" 200 -
201.245.192.253 - - [20/Aug/2023:12:15:15 -0500] "POST /sipse/faces/presentacion/proyectos/proyecto/presupuesto/presupuestoEntreActividades/seleccionarActividadesOrigen.xhtml HTTP/1.1" 200 140012
201.245.192.253 - - [20/Aug/2023:12:15:15 -0500] "GET /sipse/faces/javax.faces.resource/jquery/jquery.js?ln=primefaces&v=4.0 HTTP/1.1" 304 -
201.245.192.253 - - [20/Aug/2023:12:15:15 -0500] "GET /sipse/faces/javax.faces.resource/jquery/jquery-plugins.js?ln=primefaces&v=4.0 HTTP/1.1" 304 -
201.245.192.253 - - [20/Aug/2023:12:15:15 -0500] "GET /sipse/faces/javax.faces.resource/primefaces.js?ln=primefaces&v=4.0 HTTP/1.1" 304 -
201.245.192.253 - - [20/Aug/2023:12:15:15 -0500] "GET /sipse/faces/javax.faces.resource/layout/layout.js?ln=primefaces&v=4.0 HTTP/1.1" 304 -
201.245.192.253 - - [20/Aug/2023:12:15:23 -0500] "POST /kwsrmcab/Wsrmcab  HTTP/1.1" 200 41818
201.245.192.253 - - [20/Aug/2023:12:16:21 -0500] "POST /sipse/faces/presentacion/proyectos/proyecto/presupuesto/presupuestoEntreActividades/seleccionarActividadesDestino.xhtml HTTP/1.1" 200 77565
201.245.192.253 - - [20/Aug/2023:12:16:24 -0500] "GET /sipse/faces/javax.faces.resource/jquery/jquery.js?ln=primefaces&v=4.0 HTTP/1.1" 304 -
201.245.192.253 - - [20/Aug/2023:12:16:24 -0500] "GET /sipse/faces/javax.faces.resource/jquery/jquery-plugins.js?ln=primefaces&v=4.0 HTTP/1.1" 304 -
201.245.192.253 - - [20/Aug/2023:12:16:24 -0500] "GET /sipse/faces/javax.faces.resource/primefaces.js?ln=primefaces&v=4.0 HTTP/1.1" 304 -
201.245.192.253 - - [20/Aug/2023:12:16:24 -0500] "GET /sipse/faces/javax.faces.resource/layout/layout.js?ln=primefaces&v=4.0 HTTP/1.1" 304 -
201.245.192.253 - - [20/Aug/2023:12:16:39 -0500] "POST /sipse/faces/presentacion/proyectos/proyecto/presupuesto/presupuestoEntreActividades/resumen.xhtml HTTP/1.1" 200 2812
172.22.2.4 - - [20/Aug/2023:12:16:33 -0500] "HEAD /BLA/boletinlegal/ HTTP/1.1" 200 -
216.245.221.92 - - [20/Aug/2023:12:18:22 -0500] "HEAD / HTTP/1.1" 200 -
172.22.2.4 - - [20/Aug/2023:12:18:41 -0500] "GET /BLA/boletinlegal/jurisprudencia/analisis/CUADRO%20ANALISIS%20SENTENCIA%20T-411%20DE%201992.doc HTTP/1.1" 200 41984
172.22.2.4 - - [20/Aug/2023:12:18:42 -0500] "GET /BLA/boletinlegal/jurisprudencia/analisis/CUADRO%20ANALISIS%20SENTENCIA%20T-411%20DE%201992.doc HTTP/1.1" 200 41984
172.22.2.4 - - [20/Aug/2023:12:17:23 -0500] "GET /BLA/boletinlegal/ HTTP/1.1" 200 53013
201.245.192.253 - - [20/Aug/2023:12:19:24 -0500] "POST /sipse/faces/presentacion/proyectos/proyecto/presupuesto/presupuestoEntreActividades/resumen.xhtml HTTP/1.1" 200 2622
201.245.192.253 - - [20/Aug/2023:12:19:21 -0500] "POST /kwsrmcab/Wsrmcab HTTP/1.1" 200 42453
201.245.192.253 - - [20/Aug/2023:12:19:24 -0500] "POST /sipse/faces/presentacion/proyectos/proyecto/presupuesto/presupuestoEntreActividades/resumen.xhtml HTTP/1.1" 200 2913
201.245.192.253 - - [20/Aug/2023:12:19:24 -0500] "GET /sipse/faces/javax.faces.resource/messages/messages.png?ln=primefaces&v=4.0 HTTP/1.1" 304 -
201.245.192.253 - - [20/Aug/2023:12:19:25 -0500] "POST /kwsrmcab/Wsrmcab HTTP/1.1" 200 40804
201.245.192.253 - - [20/Aug/2023:12:19:55 -0500] "POST /sipse/faces/presentacion/proyectos/proyecto/presupuesto/presupuestoEntreActividades/resumen.xhtml HTTP/1.1" 200 2690
201.245.192.253 - - [20/Aug/2023:12:20:22 -0500] "POST /kwsrmcab/Wsrmcab  HTTP/1.1" 200 41818
201.245.192.253 - - [20/Aug/2023:12:20:46 -0500] "POST /sipse/faces/presentacion/proyectos/proyecto/presupuesto/presupuestoEntreActividades/resumen.xhtml HTTP/1.1" 200 2682
201.245.192.253 - - [20/Aug/2023:12:20:46 -0500] "POST /sipse/faces/presentacion/proyectos/proyecto/presupuesto/presupuestoEntreActividades/resumen.xhtml HTTP/1.1" 200 2925
201.245.192.253 - - [20/Aug/2023:12:21:38 -0500] "POST /sipse/faces/presentacion/proyectos/proyecto/presupuesto/presupuestoEntreActividades/resumen.xhtml HTTP/1.1" 200 2687
201.245.192.253 - - [20/Aug/2023:12:22:14 -0500] "POST /sipse/faces/presentacion/proyectos/proyecto/presupuesto/presupuestoEntreActividades/resumen.xhtml HTTP/1.1" 200 2699
201.245.192.253 - - [20/Aug/2023:12:22:14 -0500] "POST /sipse/faces/presentacion/proyectos/proyecto/presupuesto/presupuestoEntreActividades/resumen.xhtml HTTP/1.1" 200 70551
201.245.192.253 - - [20/Aug/2023:12:22:22 -0500] "GET /sipse/faces/javax.faces.resource/jquery/jquery.js?ln=primefaces&v=4.0 HTTP/1.1" 304 -
201.245.192.253 - - [20/Aug/2023:12:22:22 -0500] "GET /sipse/faces/javax.faces.resource/jquery/jquery-plugins.js?ln=primefaces&v=4.0 HTTP/1.1" 304 -
201.245.192.253 - - [20/Aug/2023:12:22:22 -0500] "GET /sipse/faces/javax.faces.resource/primefaces.js?ln=primefaces&v=4.0 HTTP/1.1" 304 -
201.245.192.253 - - [20/Aug/2023:12:22:22 -0500] "GET /sipse/faces/javax.faces.resource/layout/layout.js?ln=primefaces&v=4.0 HTTP/1.1" 304 -
201.245.192.253 - - [20/Aug/2023:12:22:22 -0500] "POST /sipse/faces/presentacion/proyectos/proyecto/proyecto.xhtml HTTP/1.1" 200 3421
201.245.192.253 - - [20/Aug/2023:12:22:35 -0500] "POST /sipse/faces/presentacion/proyectos/proyecto/proyecto.xhtml HTTP/1.1" 200 44552
201.245.192.253 - - [20/Aug/2023:12:22:39 -0500] "POST /sipse/faces/presentacion/proyectos/proyecto/proyecto.xhtml HTTP/1.1" 200 4001
191.156.181.214 - - [20/Aug/2023:12:22:54 -0500] "GET /bogota-empieza-la-consolidacion-de-la-estrategia-de-bosques-urbanos-con-el-brazo-salitre-en-barrios-unidos.html?utm_source=Meta_DIGI&utm_medium=CPV&utm_campaign=BosquesUrbanos&utm_id=Agosto_2023&fbclid=IwAR2QFaOEanq34nX13ZLtu9G_xCRxyZJk7lSIs_zGEBA5hvF2tG-bnKCuHso_aem_AfIM3nniIl8G4COEwNeu5TlSioooOOhmLc-MSj0EIludnoT6l1h5BAq_qFvxETzwMfNiV6XhI-kAlDt_5ulyMohe HTTP/1.1" 200 892
201.245.192.253 - - [20/Aug/2023:12:22:57 -0500] "POST /sipse/faces/presentacion/proyectos/proyecto/proyecto.xhtml HTTP/1.1" 200 71743
87.236.176.211 - - [20/Aug/2023:12:23:17 -0500] "GET / HTTP/1.1" 200 319
216.245.221.92 - - [20/Aug/2023:12:23:22 -0500] "HEAD / HTTP/1.1" 200 -
201.245.192.253 - - [20/Aug/2023:12:23:20 -0500] "POST /sipse/faces/presentacion/proyectos/proyecto/proyecto.xhtml HTTP/1.1" 200 72484
201.245.192.253 - - [20/Aug/2023:12:23:30 -0500] "POST /sipse/faces/presentacion/proyectos/proyecto/proyecto.xhtml HTTP/1.1" 200 73716
201.245.192.253 - - [20/Aug/2023:12:23:52 -0500] "POST /sipse/faces/presentacion/proyectos/proyecto/proyecto.xhtml HTTP/1.1" 200 73395
172.22.2.4 - - [20/Aug/2023:12:22:23 -0500] "HEAD /BLA/boletinlegal/ HTTP/1.1" 200 -
200.118.60.212 - - [20/Aug/2023:12:24:08 -0500] "GET /bogota-empieza-la-consolidacion-de-la-estrategia-de-bosques-urbanos-con-el-brazo-salitre-en-barrios-unidos.html?utm_source=Meta_DIGI&utm_medium=CPV&utm_campaign=BosquesUrbanos&utm_id=Agosto_2023&fbclid=IwAR2dwZDGnwXFMSO6_poyxiy59V2zMbSt8U7ykY5M1jrYhDxDaJbGqEB_3cA_aem_AfLZTB2HvCMp4k_IeLCJS4ylG-C9vSSHEGnm6gAq07AyM_EWRf7fkntdFjk2Wyp5z8uITDECZCTeSv8F5JVzlH40 HTTP/1.1" 200 892
172.22.2.4 - - [20/Aug/2023:12:23:13 -0500] "GET /BLA/boletinlegal/ HTTP/1.1" 200 53013
201.245.192.253 - - [20/Aug/2023:12:25:08 -0500] "POST /sipse/faces/presentacion/proyectos/proyecto/proyecto.xhtml HTTP/1.1" 200 72047
201.245.192.253 - - [20/Aug/2023:12:25:20 -0500] "POST /kwsrmcab/Wsrmcab  HTTP/1.1" 200 41818
201.245.192.253 - - [20/Aug/2023:12:25:45 -0500] "POST /sipse/faces/presentacion/proyectos/proyecto/proyecto.xhtml HTTP/1.1" 200 72672
186.84.89.53 - - [20/Aug/2023:12:25:57 -0500] "GET /bogota-empieza-la-consolidacion-de-la-estrategia-de-bosques-urbanos-con-el-brazo-salitre-en-barrios-unidos.html?utm_source=Youtube_DIGI&utm_medium=CPV&utm_campaign=BosquesUrbanos&utm_id=Agosto_2023&gclid=Cj0KCQjw84anBhCtARIsAISI-xc_1qdxHOIUro5oGT7GuI9oX7KflP_p1dzAdmilrygGgoXFbXXuHSQaAvepEALw_wcB HTTP/1.1" 200 892
201.245.192.253 - - [20/Aug/2023:12:25:55 -0500] "POST /sipse/faces/presentacion/proyectos/proyecto/proyecto.xhtml HTTP/1.1" 200 73808
201.245.192.253 - - [20/Aug/2023:12:26:05 -0500] "POST /sipse/faces/presentacion/proyectos/proyecto/proyecto.xhtml HTTP/1.1" 200 73395
201.245.192.253 - - [20/Aug/2023:12:26:15 -0500] "POST /sipse/faces/presentacion/proyectos/proyecto/proyecto.xhtml HTTP/1.1" 200 72047
201.245.192.253 - - [20/Aug/2023:12:26:28 -0500] "POST /sipse/faces/presentacion/proyectos/proyecto/proyecto.xhtml HTTP/1.1" 200 72672
201.245.192.253 - - [20/Aug/2023:12:26:39 -0500] "POST /sipse/faces/presentacion/proyectos/proyecto/proyecto.xhtml HTTP/1.1" 200 73808
201.245.192.253 - - [20/Aug/2023:12:26:52 -0500] "POST /sipse/faces/presentacion/proyectos/proyecto/proyecto.xhtml HTTP/1.1" 200 73395
201.245.192.253 - - [20/Aug/2023:12:27:04 -0500] "POST /sipse/faces/presentacion/proyectos/proyecto/proyecto.xhtml HTTP/1.1" 200 72047
201.245.192.253 - - [20/Aug/2023:12:27:14 -0500] "POST /sipse/faces/presentacion/proyectos/proyecto/proyecto.xhtml HTTP/1.1" 200 73395
186.102.14.123 - - [20/Aug/2023:12:27:32 -0500] "-" 408 -
190.60.254.233 - - [20/Aug/2023:12:27:55 -0500] "GET /bogota-empieza-la-consolidacion-de-la-estrategia-de-bosques-urbanos-con-el-brazo-salitre-en-barrios-unidos.html?utm_source=Meta_DIGI&utm_medium=CPV&utm_campaign=BosquesUrbanos&utm_id=Agosto_2023&fbclid=IwAR05275QuqtWRADDagn4O5133LEYgSR8ptfMZh2JcxWEelMtvKc1B2ML7Yg_aem_AfJtm7OnoMRmLO0H97JyxXk8YB_J899KKyG_CJWv8NUXG1k1h7roctR_o-Uotjwdg83ewCZpSB6213YRbF7bde-j HTTP/1.1" 200 892
201.245.192.253 - - [20/Aug/2023:12:27:53 -0500] "POST /sipse/faces/presentacion/proyectos/proyecto/proyecto.xhtml HTTP/1.1" 200 73808
201.245.192.253 - - [20/Aug/2023:12:28:07 -0500] "POST /sipse/faces/presentacion/proyectos/proyecto/proyecto.xhtml HTTP/1.1" 200 72672
216.245.221.92 - - [20/Aug/2023:12:28:22 -0500] "HEAD / HTTP/1.1" 200 -
201.245.192.253 - - [20/Aug/2023:12:28:18 -0500] "POST /sipse/faces/presentacion/proyectos/proyecto/proyecto.xhtml HTTP/1.1" 200 72047
201.245.192.253 - - [20/Aug/2023:12:29:01 -0500] "POST /sipse/faces/presentacion/proyectos/proyecto/proyecto.xhtml HTTP/1.1" 200 72672
52.167.144.43 - - [20/Aug/2023:12:29:10 -0500] "GET /Publicaciones/2023EE188578.pdf HTTP/1.1" 200 231035
201.245.192.253 - - [20/Aug/2023:12:29:12 -0500] "POST /sipse/faces/presentacion/proyectos/proyecto/proyecto.xhtml HTTP/1.1" 200 73812
201.245.192.253 - - [20/Aug/2023:12:29:21 -0500] "POST /kwsrmcab/Wsrmcab HTTP/1.1" 200 42453
201.245.192.253 - - [20/Aug/2023:12:29:25 -0500] "POST /kwsrmcab/Wsrmcab HTTP/1.1" 200 40804
201.245.192.253 - - [20/Aug/2023:12:29:22 -0500] "POST /sipse/faces/presentacion/proyectos/proyecto/proyecto.xhtml HTTP/1.1" 200 73395
172.22.2.4 - - [20/Aug/2023:12:28:13 -0500] "HEAD /BLA/boletinlegal/ HTTP/1.1" 200 -
191.156.153.122 - - [20/Aug/2023:12:30:17 -0500] "GET /bogota-empieza-la-consolidacion-de-la-estrategia-de-bosques-urbanos-con-el-brazo-salitre-en-barrios-unidos.html?utm_source=Meta_DIGI&utm_medium=CPV&utm_campaign=BosquesUrbanos&utm_id=Agosto_2023&fbclid=IwAR1RuR6dZWttn5_X1fs7HTqjd3QW2LxJYSuNozVzZUMsezrSpzkTvZyU65Q_aem_AfIOnW8ibPc6keULwRbNs9qA4QJGEUOKqAgcC-ztqXvj2t2ZGwANTsAdWtNNDp6aREBc41eCPdCJWT30VAL9axC_ HTTP/1.1" 200 892
201.245.192.253 - - [20/Aug/2023:12:30:19 -0500] "POST /kwsrmcab/Wsrmcab  HTTP/1.1" 200 41818
172.22.2.4 - - [20/Aug/2023:12:29:03 -0500] "GET /BLA/boletinlegal/ HTTP/1.1" 200 54960
201.245.192.253 - - [20/Aug/2023:12:32:38 -0500] "POST /sipse/faces/presentacion/proyectos/proyecto/proyecto.xhtml HTTP/1.1" 200 72676
201.245.192.253 - - [20/Aug/2023:12:32:48 -0500] "POST /sipse/faces/presentacion/proyectos/proyecto/proyecto.xhtml HTTP/1.1" 200 72047
201.245.192.253 - - [20/Aug/2023:12:32:59 -0500] "POST /sipse/faces/presentacion/proyectos/proyecto/proyecto.xhtml HTTP/1.1" 200 73812
216.245.221.92 - - [20/Aug/2023:12:33:22 -0500] "HEAD / HTTP/1.1" 200 -
186.102.14.123 - - [20/Aug/2023:12:33:23 -0500] "-" 408 -
201.245.192.253 - - [20/Aug/2023:12:33:53 -0500] "POST /sipse/faces/presentacion/proyectos/proyecto/proyecto.xhtml HTTP/1.1" 200 73395
191.156.148.48 - - [20/Aug/2023:12:34:04 -0500] "GET /bogota-empieza-la-consolidacion-de-la-estrategia-de-bosques-urbanos-con-el-brazo-salitre-en-barrios-unidos.html?utm_source=Meta_DIGI&utm_medium=CPV&utm_campaign=BosquesUrbanos&utm_id=Agosto_2023&fbclid=IwAR1qfvGpP_eET8wgnu6MCPQiinXD_Y7ej2qpADLezp7Mw86h2yQKDmDO1Bg_aem_AfJpy9fv7gcbJSTRREyHE89dynDlrA26P3SgRDKu3fSAY8UB3eLbFRQuvOGeJv1kkGT_ItCNmUDXOmOqfpu8T2GR HTTP/1.1" 200 892
201.245.192.253 - - [20/Aug/2023:12:34:03 -0500] "POST /sipse/faces/presentacion/proyectos/proyecto/proyecto.xhtml HTTP/1.1" 200 72051
173.252.95.2 - - [20/Aug/2023:12:34:43 -0500] "GET /en-dia-internacional-de-la-tierra-secretaria-de-ambiente-presenta-libro-digital-de-relatos-escritos-por-ciudadanos.html HTTP/1.1" 200 1033
201.245.192.253 - - [20/Aug/2023:12:35:18 -0500] "POST /kwsrmcab/Wsrmcab  HTTP/1.1" 200 41818
172.22.2.4 - - [20/Aug/2023:12:34:03 -0500] "HEAD /BLA/boletinlegal/ HTTP/1.1" 200 -
172.22.2.4 - - [20/Aug/2023:12:34:53 -0500] "GET /BLA/boletinlegal/ HTTP/1.1" 200 58597
191.102.117.217 - - [20/Aug/2023:12:37:24 -0500] "GET /forest/ HTTP/1.1" 200 12041
191.102.117.217 - - [20/Aug/2023:12:37:30 -0500] "POST /forest/index.php HTTP/1.1" 200 12268
172.22.2.4 - - [20/Aug/2023:12:37:40 -0500] "GET /BLA/boletinlegal/actos.php HTTP/1.1" 200 9682
200.119.59.114 - - [20/Aug/2023:12:37:43 -0500] "GET /BLA/resoluciones/ HTTP/1.1" 200 13502
172.22.2.4 - - [20/Aug/2023:12:37:44 -0500] "GET /BLA/boletinlegal/images/screen_2.png HTTP/1.1" 200 362502
172.22.2.4 - - [20/Aug/2023:12:37:44 -0500] "GET /BLA/boletinlegal/images/screen_3.png HTTP/1.1" 200 210620
172.22.2.4 - - [20/Aug/2023:12:37:44 -0500] "GET /BLA/boletinlegal/images/screen_5.png HTTP/1.1" 200 368876
172.22.2.4 - - [20/Aug/2023:12:37:44 -0500] "GET /BLA/boletinlegal/images/arr_r.jpg HTTP/1.1" 200 1998
200.119.59.114 - - [20/Aug/2023:12:37:45 -0500] "GET /BLA/resoluciones/index.php?dir=AUTOS+2022%2F HTTP/1.1" 200 502589
172.22.2.4 - - [20/Aug/2023:12:37:52 -0500] "GET /BLA/boletinlegal/images/pdf.gif HTTP/1.1" 200 567
52.167.144.43 - - [20/Aug/2023:12:37:50 -0500] "GET /Publicaciones/2023EE188195.pdf HTTP/1.1" 200 293159
200.119.59.114 - - [20/Aug/2023:12:38:10 -0500] "GET /BLA/resoluciones/index.php?dir=RESOLUCIONES+2022%2F HTTP/1.1" 200 316542
216.245.221.92 - - [20/Aug/2023:12:38:21 -0500] "HEAD / HTTP/1.1" 200 -
186.154.32.194 - - [20/Aug/2023:12:38:36 -0500] "GET /bogota-empieza-la-consolidacion-de-la-estrategia-de-bosques-urbanos-con-el-brazo-salitre-en-barrios-unidos.html?utm_source=Meta_DIGI&utm_medium=CPV&utm_campaign=BosquesUrbanos&utm_id=Agosto_2023&fbclid=IwAR3ink4UHzdpwXzIJuTcIQc9-RcXTn4v0ulmN-FAx92-BxL6vZsB2q8uaFE_aem_AfJthApBnZbZs52bBDiAOhdAk3PfwFJ7kkXX0JgVsZUgA76s1w0VdNGr3YQ95cxoCjeUgbH_gZTnAdkWn9iXHyIK HTTP/1.1" 200 892
172.22.2.4 - - [20/Aug/2023:12:37:37 -0500] "GET /BLA/boletinlegal/ HTTP/1.1" 200 62795
201.245.192.253 - - [20/Aug/2023:12:39:21 -0500] "POST /kwsrmcab/Wsrmcab HTTP/1.1" 200 42453
201.245.192.253 - - [20/Aug/2023:12:39:24 -0500] "POST /kwsrmcab/Wsrmcab HTTP/1.1" 200 40804
201.245.192.253 - - [20/Aug/2023:12:40:17 -0500] "POST /kwsrmcab/Wsrmcab  HTTP/1.1" 200 41818
186.96.96.243 - - [20/Aug/2023:12:40:56 -0500] "GET /BLA/resoluciones/index.php?dir=RESOLUCIONES+2018%2F HTTP/1.1" 200 277387
172.22.2.4 - - [20/Aug/2023:12:39:53 -0500] "HEAD /BLA/boletinlegal/ HTTP/1.1" 200 -
172.22.2.4 - - [20/Aug/2023:12:40:43 -0500] "GET /BLA/boletinlegal/ HTTP/1.1" 200 58187
216.245.221.92 - - [20/Aug/2023:12:43:21 -0500] "HEAD / HTTP/1.1" 200 -
201.245.192.253 - - [20/Aug/2023:12:45:16 -0500] "POST /kwsrmcab/Wsrmcab  HTTP/1.1" 200 41818
191.89.104.156 - - [20/Aug/2023:12:45:28 -0500] "GET /inscribete-y-participa-en-la-convencion-internacional-de-emergencia-climatica-bogota-2023.html HTTP/1.1" 200 895
181.51.32.183 - - [20/Aug/2023:12:45:30 -0500] "GET /inscribete-y-participa-en-la-convencion-internacional-de-emergencia-climatica-bogota-2023.html HTTP/1.1" 200 895
181.51.32.183 - - [20/Aug/2023:12:45:30 -0500] "GET /html/css/main.css?browserId=other&themeId=rknowsys_WAR_rknowsystheme&minifierType=css&languageId=es_ES&b=6202&t=1419355480000 HTTP/1.1" 404 1136
40.77.167.208 - - [20/Aug/2023:12:46:41 -0500] "GET /BLA/resoluciones/AUTOS%202010/2483.pdf HTTP/1.1" 304 -
172.22.2.4 - - [20/Aug/2023:12:45:43 -0500] "HEAD /BLA/boletinlegal/ HTTP/1.1" 200 -
172.22.2.4 - - [20/Aug/2023:12:46:33 -0500] "GET /BLA/boletinlegal/ HTTP/1.1" 200 60692
216.245.221.92 - - [20/Aug/2023:12:48:21 -0500] "HEAD / HTTP/1.1" 200 -
181.54.205.219 - - [20/Aug/2023:12:49:34 -0500] "GET /bogota-empieza-la-consolidacion-de-la-estrategia-de-bosques-urbanos-con-el-brazo-salitre-en-barrios-unidos.html?utm_source=Meta_DIGI&utm_medium=CPV&utm_campaign=BosquesUrbanos&utm_id=Agosto_2023&fbclid=IwAR0a68ii37D1SR6BdwdwTsQV5A1ZQGB0Mqkbkqb81qZKhEvTZZe8g_Azp9Q_aem_AfITnXJLSD-HGLCchboqKWPZFr-JqCoua2AS7TqYFXad-ZFUHqIZvH87U-yis4cN4A7KuhQ_VSBaPShAbOyfiPc2 HTTP/1.1" 200 892
201.245.192.253 - - [20/Aug/2023:12:50:15 -0500] "POST /kwsrmcab/Wsrmcab  HTTP/1.1" 200 41818
181.237.65.92 - - [20/Aug/2023:12:50:31 -0500] "GET /bogota-empieza-la-consolidacion-de-la-estrategia-de-bosques-urbanos-con-el-brazo-salitre-en-barrios-unidos.html?utm_source=Meta_DIGI&utm_medium=CPV&utm_campaign=BosquesUrbanos&utm_id=Agosto_2023&fbclid=IwAR1WUMl8JkOHOiSNnbA8ISoQYpu8mKgFUdG7rB722RQlRrp8Ey65E9L5XZ0_aem_AfJlUeVRkpadXE_GtbJTBEU3KrVhgIGTGhn89tdQ1O-hfA6D-KZZBkwVGhnhr5-_PqIrAPk5Yx7GnaR44nDolAhh HTTP/1.1" 200 892
168.119.253.6 - - [20/Aug/2023:12:51:00 -0500] "GET / HTTP/1.1" 200 319
168.119.253.6 - - [20/Aug/2023:12:51:00 -0500] "GET / HTTP/1.1" 200 4720
172.22.2.4 - - [20/Aug/2023:12:51:33 -0500] "HEAD /BLA/boletinlegal/ HTTP/1.1" 200 -
216.245.221.92 - - [20/Aug/2023:12:53:21 -0500] "HEAD / HTTP/1.1" 200 -
172.22.2.4 - - [20/Aug/2023:12:52:23 -0500] "GET /BLA/boletinlegal/ HTTP/1.1" 200 58597
181.59.2.117 - - [20/Aug/2023:12:54:30 -0500] "GET /catalogoisis/ HTTP/1.1" 200 8575
181.59.2.117 - - [20/Aug/2023:12:54:31 -0500] "GET /catalogoisis/Css/Busqueda.css HTTP/1.1" 200 1995
181.59.2.117 - - [20/Aug/2023:12:54:31 -0500] "GET /catalogoisis/Js/AceptarLimpiar.js HTTP/1.1" 200 331
181.59.2.117 - - [20/Aug/2023:12:54:31 -0500] "GET /catalogoisis/Js/CriterioCombinada.js HTTP/1.1" 200 1843
181.59.2.117 - - [20/Aug/2023:12:54:31 -0500] "GET /catalogoisis/Js/Cookies.js HTTP/1.1" 200 1369
181.59.2.117 - - [20/Aug/2023:12:54:31 -0500] "GET /catalogoisis/Js/LimpiarCombinada.js HTTP/1.1" 200 207
181.59.2.117 - - [20/Aug/2023:12:54:31 -0500] "GET /catalogoisis/Js/Remote.js HTTP/1.1" 200 436
181.59.2.117 - - [20/Aug/2023:12:54:31 -0500] "GET /catalogoisis/Js/Numero.js HTTP/1.1" 200 398
181.59.2.117 - - [20/Aug/2023:12:54:31 -0500] "GET /catalogoisis/Js/Enter.js HTTP/1.1" 200 1208
181.59.2.117 - - [20/Aug/2023:12:54:31 -0500] "GET /catalogoisis/Js/Go.js HTTP/1.1" 200 364
181.59.2.117 - - [20/Aug/2023:12:54:31 -0500] "GET /catalogoisis/imagenes/br1c1.gif HTTP/1.1" 200 172
181.59.2.117 - - [20/Aug/2023:12:54:31 -0500] "GET /catalogoisis/imagenes/Turnbo1.gif HTTP/1.1" 200 227
181.59.2.117 - - [20/Aug/2023:12:54:31 -0500] "GET /catalogoisis/imagenes/br1c3.gif HTTP/1.1" 200 302
181.59.2.117 - - [20/Aug/2023:12:54:31 -0500] "GET /catalogoisis/imagenes/aceptar1.gif HTTP/1.1" 200 604
181.59.2.117 - - [20/Aug/2023:12:54:31 -0500] "GET /catalogoisis/imagenes/limpiar1.gif HTTP/1.1" 200 606
181.59.2.117 - - [20/Aug/2023:12:54:31 -0500] "GET /catalogoisis/imagenes/br3c1.gif HTTP/1.1" 200 177
181.59.2.117 - - [20/Aug/2023:12:54:31 -0500] "GET /catalogoisis/imagenes/br2c2.gif HTTP/1.1" 200 302
181.59.2.117 - - [20/Aug/2023:12:54:31 -0500] "GET /catalogoisis/imagenes/br2c3.gif HTTP/1.1" 200 416
181.59.2.117 - - [20/Aug/2023:12:54:31 -0500] "GET /catalogoisis/imagenes/br1c2.gif HTTP/1.1" 200 297
181.59.2.117 - - [20/Aug/2023:12:54:31 -0500] "GET /catalogoisis/imagenes/br2c1.gif HTTP/1.1" 200 297
181.59.2.117 - - [20/Aug/2023:12:54:31 -0500] "GET /catalogoisis/imagenes/br3c2.gif HTTP/1.1" 200 285
181.59.2.117 - - [20/Aug/2023:12:54:31 -0500] "GET /catalogoisis/imagenes/br3c3.gif HTTP/1.1" 200 186
181.59.2.117 - - [20/Aug/2023:12:54:31 -0500] "GET /catalogoisis/imagenes/Header.gif HTTP/1.1" 200 30313
181.59.2.117 - - [20/Aug/2023:12:54:31 -0500] "GET /favicon.ico HTTP/1.1" 200 7782
66.249.70.7 - - [20/Aug/2023:12:54:38 -0500] "GET /BLA/resoluciones/AUTOS%202014/5397.pdf HTTP/1.1" 200 607406
66.249.70.7 - - [20/Aug/2023:12:54:39 -0500] "GET /BLA/resoluciones/Notificaciones/RESOLUCIONES%202021/2166.pdf HTTP/1.1" 200 2393973
66.249.70.6 - - [20/Aug/2023:12:54:41 -0500] "GET /BLA/resoluciones/RESOLUCIONES%202013/1676.pdf HTTP/1.1" 200 784798
66.249.70.6 - - [20/Aug/2023:12:54:41 -0500] "GET /BLA/resoluciones/RESOLUCIONES%202015/2364.pdf HTTP/1.1" 200 696647
66.249.70.7 - - [20/Aug/2023:12:54:42 -0500] "GET /BLA/resoluciones/RESOLUCIONES%202008/4215.pdf HTTP/1.1" 200 645518
66.249.70.7 - - [20/Aug/2023:12:54:42 -0500] "GET /BLA/resoluciones/AUTOS%202014/1134.pdf HTTP/1.1" 200 340623
186.169.244.196 - - [20/Aug/2023:12:55:06 -0500] "GET /inscribete-y-participa-en-la-convencion-internacional-de-emergencia-climatica-bogota-2023.html HTTP/1.1" 200 895
191.95.166.204 - - [20/Aug/2023:12:55:13 -0500] "GET /bogota-empieza-la-consolidacion-de-la-estrategia-de-bosques-urbanos-con-el-brazo-salitre-en-barrios-unidos.html?utm_source=Meta_DIGI&utm_medium=CPV&utm_campaign=BosquesUrbanos&utm_id=Agosto_2023&fbclid=IwAR1MK5ahIPt1eV_R-BhpVZDOTMZTVVvNRPsS_vZUyE-LyGl1FF8k1fVAL0g_aem_AfKJTueoOCUsdJo218G961fKwzpRQj_s6zXzQR4xXMb_ScPcMcgJ5tbU-YXUaGPnehG-bla_8C2SeQKeLlWslRQl HTTP/1.1" 200 892
201.245.192.253 - - [20/Aug/2023:12:55:15 -0500] "POST /kwsrmcab/Wsrmcab  HTTP/1.1" 200 41818
181.59.2.117 - - [20/Aug/2023:12:55:58 -0500] "GET /catalogoisis/ HTTP/1.1" 200 8575
191.156.232.199 - - [20/Aug/2023:12:56:24 -0500] "GET /bogota-empieza-la-consolidacion-de-la-estrategia-de-bosques-urbanos-con-el-brazo-salitre-en-barrios-unidos.html?utm_source=Meta_DIGI&utm_medium=CPV&utm_campaign=BosquesUrbanos&utm_id=Agosto_2023&fbclid=IwAR3cneQ1HZFOEhPCp-TzmFwpGK6GVgLSMZEAOO4yFgczTOvpZkGGjpglVe0_aem_AfKskiKg_Wbm6wLSKgGPpkd_HHX8aEa1PlOgcbgF_Uzwah8l-GjHiDSwpVxzvkhYNqea9hd6KRu7z8Y6hLho9_bj HTTP/1.1" 200 892
181.59.2.117 - - [20/Aug/2023:12:56:33 -0500] "GET /catalogoisis/Diccionario.php?i=0&form=0&element=2&prefix=au-&first=yes HTTP/1.1" 200 4197
181.59.2.117 - - [20/Aug/2023:12:56:36 -0500] "GET /catalogoisis/Css/Diccionario.css HTTP/1.1" 200 1478
181.59.2.117 - - [20/Aug/2023:12:56:40 -0500] "GET /catalogoisis/Js/CriterioDiccionario.js HTTP/1.1" 200 608
181.59.2.117 - - [20/Aug/2023:12:56:43 -0500] "GET /catalogoisis/Js/LimpiarDiccionario.js HTTP/1.1" 200 98
181.59.2.117 - - [20/Aug/2023:12:56:43 -0500] "GET /catalogoisis/Js/Diccionario.js HTTP/1.1" 200 999
52.167.144.43 - - [20/Aug/2023:12:57:42 -0500] "GET /BLA/resoluciones/AUTOS%202016/1653.pdf HTTP/1.1" 304 -
216.245.221.92 - - [20/Aug/2023:12:58:21 -0500] "HEAD / HTTP/1.1" 200 -
172.22.2.4 - - [20/Aug/2023:12:57:23 -0500] "HEAD /BLA/boletinlegal/ HTTP/1.1" 200 -
52.167.144.186 - - [20/Aug/2023:12:59:13 -0500] "GET /Publicaciones/2023EE187695.pdf HTTP/1.1" 200 389848
181.59.2.97 - - [20/Aug/2023:12:59:29 -0500] "GET /bogota-empieza-la-consolidacion-de-la-estrategia-de-bosques-urbanos-con-el-brazo-salitre-en-barrios-unidos.html?utm_source=Meta_DIGI&utm_medium=CPV&utm_campaign=BosquesUrbanos&utm_id=Agosto_2023&fbclid=IwAR11nLVE5msHpZxFC0ML3-bgq7lIiFrCVvMHPwB3IrayLXJOeVjQVlOW-2g_aem_AfLelDR3MJYW78--9M_23sU_4bD-dpjg2AO5-AfjbQ0ZROM2D8MN8QqbqC4kNWSuBbIEBaATl7Ld6i-z9Qh5MOcv HTTP/1.1" 200 892
172.22.2.4 - - [20/Aug/2023:12:58:13 -0500] "GET /BLA/boletinlegal/ HTTP/1.1" 200 53013
201.245.192.253 - - [20/Aug/2023:13:00:14 -0500] "POST /kwsrmcab/Wsrmcab  HTTP/1.1" 200 41818
186.102.46.165 - - [20/Aug/2023:13:00:17 -0500] "GET /bogota-empieza-la-consolidacion-de-la-estrategia-de-bosques-urbanos-con-el-brazo-salitre-en-barrios-unidos.html?utm_source=Meta_DIGI&utm_medium=CPV&utm_campaign=BosquesUrbanos&utm_id=Agosto_2023&fbclid=IwAR1MrRjnkDEAwQjEQvqImWnG6vQi87H9qNJBLrHaz7lece4877MOoTkM68g_aem_AfLuXgyzVx3ifiCLQ0HQClBz1JK6lBXTtqatD1r1f-H8thL3Qw2eapx3dR7hxqEgztsq0l0rbqVL1_80sKN3YjFR HTTP/1.1" 200 892
52.167.144.78 - - [20/Aug/2023:13:00:44 -0500] "GET /BLA/resoluciones/RESOLUCIONES%202019/3299.pdf HTTP/1.1" 304 -
191.108.5.53 - - [20/Aug/2023:13:02:14 -0500] "GET /bogota-empieza-la-consolidacion-de-la-estrategia-de-bosques-urbanos-con-el-brazo-salitre-en-barrios-unidos.html?utm_source=Meta_DIGI&utm_medium=CPV&utm_campaign=BosquesUrbanos&utm_id=Agosto_2023&fbclid=IwAR25BUiAEmB1AYe1MZQrEvHpsezwZmLUoQeXqoKDvIEAXBne6p8t6nr5v70_aem_AfKCKKkv-rYE3pQcAHkCCaHvQR0GMIoodAliLckTPOIbc8Qjk6QAf-ylK-lbBb4JDh5oPwZG5S5EGdUwdkL6Sfmc HTTP/1.1" 200 892
216.245.221.92 - - [20/Aug/2023:13:03:21 -0500] "HEAD / HTTP/1.1" 200 -
66.249.77.133 - - [20/Aug/2023:13:04:08 -0500] "GET /portaldeninos/ HTTP/1.1" 200 110175
168.119.253.21 - - [20/Aug/2023:13:04:29 -0500] "GET / HTTP/1.1" 200 319
168.119.253.21 - - [20/Aug/2023:13:04:29 -0500] "GET / HTTP/1.1" 200 4720
66.249.70.7 - - [20/Aug/2023:13:04:39 -0500] "GET /BLA/resoluciones/RESOLUCIONES%202010/6625.pdf HTTP/1.1" 304 -
172.22.2.4 - - [20/Aug/2023:13:03:13 -0500] "HEAD /BLA/boletinlegal/ HTTP/1.1" 200 -
201.245.192.253 - - [20/Aug/2023:13:05:12 -0500] "POST /kwsrmcab/Wsrmcab  HTTP/1.1" 200 41818
172.22.2.4 - - [20/Aug/2023:13:04:03 -0500] "GET /BLA/boletinlegal/ HTTP/1.1" 200 58187
