172.22.2.4 - - [20/Aug/2023:17:38:12 -0500] "GET /BLA/boletinlegal/ HTTP/1.1" 200 59343
186.84.90.45 - - [20/Aug/2023:17:40:03 -0500] "GET /bogota-empieza-la-consolidacion-de-la-estrategia-de-bosques-urbanos-con-el-brazo-salitre-en-barrios-unidos.html?utm_source=Meta_DIGI&utm_medium=CPV&utm_campaign=BosquesUrbanos&utm_id=Agosto_2023&fbclid=IwAR2RYosmcQYbzKamfGPdPZLE-ajYg2RtUrGhPfppRfGFINvA1TwRFT2qMFw_aem_AcG9AQtCI0RMxuNwpUy4_wlQNPioZrYXsa_4I1RX6NaMXaOUHbxJ0Fwmlb1pv3aMVLeUzePQO1Sqkc2UXz5g8IAo HTTP/1.1" 200 892
191.156.58.91 - - [20/Aug/2023:17:40:09 -0500] "GET /bogota-empieza-la-consolidacion-de-la-estrategia-de-bosques-urbanos-con-el-brazo-salitre-en-barrios-unidos.html?utm_source=Meta_DIGI&utm_medium=CPV&utm_campaign=BosquesUrbanos&utm_id=Agosto_2023&fbclid=IwAR3PiEgmk7AmCKzdbVoLEKhcns9oxApaWO6VJxmCDn2Sf6hCrnAATDy9awU_aem_AcHWNniIwrUgnB5Hs3eISEGMoe6ozWD_-a9RgR3513VCy9W5f-7zFI_FA3GqzryVE-ixOVEKATgNGwcSGquyY-Cp HTTP/1.1" 200 892
40.77.167.247 - - [20/Aug/2023:17:40:21 -0500] "GET /cerrados-los-caminos-de-los-cerros-orientales-por-jornada-electoral.html HTTP/1.1" 200 809
186.102.87.35 - - [20/Aug/2023:17:40:34 -0500] "GET /bogota-empieza-la-consolidacion-de-la-estrategia-de-bosques-urbanos-con-el-brazo-salitre-en-barrios-unidos.html?utm_source=Meta_DIGI&utm_medium=CPV&utm_campaign=BosquesUrbanos&utm_id=Agosto_2023&fbclid=IwAR31xwfZ3kqW3zSYBNc5efkTT607WdzrEwIXfzyocvNGDuOhm_67bmZytJY_aem_AcGhpxX-fvL1wPppQGal8YiO9D6ynjPiEr3Hjks-ijx8SJCh9c7xZWhuVxoIKnBE97U2REwnTyZUJU9pPykLTM2D HTTP/1.1" 200 892
45.33.80.243 - - [20/Aug/2023:17:41:07 -0500] "\x16\x03\x01" 400 226
52.167.144.78 - - [20/Aug/2023:17:41:42 -0500] "GET /Publicaciones/2023EE189481.pdf HTTP/1.1" 200 106655
179.19.54.108 - - [20/Aug/2023:17:42:49 -0500] "GET /bogota-empieza-la-consolidacion-de-la-estrategia-de-bosques-urbanos-con-el-brazo-salitre-en-barrios-unidos.html?utm_source=Youtube_DIGI&utm_medium=CPV&utm_campaign=BosquesUrbanos&utm_id=Agosto_2023&gclid=Cj0KCQjw84anBhCtARIsAISI-xezFQQ85HeN_-iLN0Xx1Z8yzqM8tP4N416eLANQNN7B--CJIVoWkUsaAl1yEALw_wcB HTTP/1.1" 200 892
172.22.2.4 - - [20/Aug/2023:17:42:57 -0500] "GET /BLA/boletinlegal/jurisprudencia/analisis/AnalisisC-035-16.docx HTTP/1.1" 200 25011
216.245.221.92 - - [20/Aug/2023:17:43:21 -0500] "HEAD / HTTP/1.1" 200 -
201.245.192.253 - - [20/Aug/2023:17:44:16 -0500] "POST /kwsrmcab/Wsrmcab  HTTP/1.1" 200 41818
172.22.2.4 - - [20/Aug/2023:17:43:12 -0500] "HEAD /BLA/boletinlegal/ HTTP/1.1" 200 -
181.59.2.120 - - [20/Aug/2023:17:45:42 -0500] "GET /bogota-empieza-la-consolidacion-de-la-estrategia-de-bosques-urbanos-con-el-brazo-salitre-en-barrios-unidos.html?utm_source=Meta_DIGI&utm_medium=CPV&utm_campaign=BosquesUrbanos&utm_id=Agosto_2023&fbclid=IwAR1pR--hUog58IhDjcM8jcCUz2DV2QLQTAhOCV5Pj4Wfn6b26UXkgjVwPT0_aem_AcEAlI5WqUDjzsOHrfB_JmcrWTvS41WBv7aBM1yMnjUYayBONoPMoF4Jb-HDJSyiBXSiQp0lPt4fIQ9LphITGn0j HTTP/1.1" 200 892
172.22.2.4 - - [20/Aug/2023:17:44:02 -0500] "GET /BLA/boletinlegal/ HTTP/1.1" 200 52656
191.156.54.202 - - [20/Aug/2023:17:46:24 -0500] "GET /bogota-empieza-la-consolidacion-de-la-estrategia-de-bosques-urbanos-con-el-brazo-salitre-en-barrios-unidos.html?utm_source=Youtube_DIGI&utm_medium=CPV&utm_campaign=BosquesUrbanos&utm_id=Agosto_2023&gclid=Cj0KCQjw84anBhCtARIsAISI-xfuT2V9K4vT8oX63fe_Fa7GSG5M5357OyWN0LItqR0paXAdMQqpZEMaAu3wEALw_wcB HTTP/1.1" 200 892
216.245.221.92 - - [20/Aug/2023:17:48:21 -0500] "HEAD / HTTP/1.1" 200 -
201.245.192.253 - - [20/Aug/2023:17:49:15 -0500] "POST /kwsrmcab/Wsrmcab  HTTP/1.1" 200 41818
162.55.175.142 - - [20/Aug/2023:17:49:30 -0500] "GET / HTTP/1.1" 200 319
162.55.175.142 - - [20/Aug/2023:17:49:30 -0500] "GET / HTTP/1.1" 200 4720
172.22.2.4 - - [20/Aug/2023:17:49:02 -0500] "HEAD /BLA/boletinlegal/ HTTP/1.1" 200 -
52.167.144.78 - - [20/Aug/2023:17:51:22 -0500] "GET /BLA/resoluciones/AUTOS%202022/3578.pdf HTTP/1.1" 304 -
172.22.2.4 - - [20/Aug/2023:17:49:52 -0500] "GET /BLA/boletinlegal/ HTTP/1.1" 200 53013
66.102.8.38 - - [20/Aug/2023:17:53:14 -0500] "GET /galeria/galeria/fotos/Soratama1G.jpg HTTP/1.1" 200 127762
216.245.221.92 - - [20/Aug/2023:17:53:21 -0500] "HEAD / HTTP/1.1" 200 -
201.245.192.253 - - [20/Aug/2023:17:54:14 -0500] "POST /kwsrmcab/Wsrmcab  HTTP/1.1" 200 41818
172.22.2.4 - - [20/Aug/2023:17:54:52 -0500] "HEAD /BLA/boletinlegal/ HTTP/1.1" 200 -
172.22.2.4 - - [20/Aug/2023:17:55:42 -0500] "GET /BLA/boletinlegal/ HTTP/1.1" 200 60692
216.245.221.92 - - [20/Aug/2023:17:58:21 -0500] "HEAD / HTTP/1.1" 200 -
80.76.51.50 - - [20/Aug/2023:17:58:55 -0500] "POST /boaform/admin/formLogin HTTP/1.1" 404 1186
201.245.192.253 - - [20/Aug/2023:17:59:13 -0500] "POST /kwsrmcab/Wsrmcab  HTTP/1.1" 200 41818
186.102.111.238 - - [20/Aug/2023:17:59:31 -0500] "GET /bogota-empieza-la-consolidacion-de-la-estrategia-de-bosques-urbanos-con-el-brazo-salitre-en-barrios-unidos.html?utm_source=Meta_DIGI&utm_medium=CPV&utm_campaign=BosquesUrbanos&utm_id=Agosto_2023&fbclid=IwAR3tcbdgoOpW78PNLckuMuLENmufLdZxxy7UdiWZfh75mMjTnrepZPTsDLM_aem_AcHdv7i30svZev4dfX97BrRQ_ZjBfeRIg9POuDC1cECnaFRS9CWox7UifcZH_rEi-N_D1WJUl2PIOe9MF0KMF7-P HTTP/1.1" 200 892
186.102.95.250 - - [20/Aug/2023:18:00:36 -0500] "GET /bogota-empieza-la-consolidacion-de-la-estrategia-de-bosques-urbanos-con-el-brazo-salitre-en-barrios-unidos.html?utm_source=Meta_DIGI&utm_medium=CPV&utm_campaign=BosquesUrbanos&utm_id=Agosto_2023&fbclid=IwAR3yaTVDXBYZjdFZvSUlkkEz3mtT3MsmG576KS-xy2JUtzpXl0NmOXMgUSI_aem_AcFC_HpzGT6qzGbophJQNAqqQ1TA4BcLZD2rCXbN4WNTKg4LXH4YsSOy3CExx8nh4s6XYtXSNuxAw6k7obc-eGyM HTTP/1.1" 200 892
172.22.2.4 - - [20/Aug/2023:18:00:42 -0500] "HEAD /BLA/boletinlegal/ HTTP/1.1" 200 -
172.22.2.4 - - [20/Aug/2023:18:01:32 -0500] "GET /BLA/boletinlegal/ HTTP/1.1" 200 58597
216.245.221.92 - - [20/Aug/2023:18:03:21 -0500] "HEAD / HTTP/1.1" 200 -
201.245.192.253 - - [20/Aug/2023:18:04:12 -0500] "POST /kwsrmcab/Wsrmcab  HTTP/1.1" 200 41818
191.156.60.27 - - [20/Aug/2023:18:04:33 -0500] "GET /bogota-empieza-la-consolidacion-de-la-estrategia-de-bosques-urbanos-con-el-brazo-salitre-en-barrios-unidos.html?utm_source=Youtube_DIGI&utm_medium=CPV&utm_campaign=BosquesUrbanos&utm_id=Agosto_2023&gclid=Cj0KCQjw84anBhCtARIsAISI-xfyn-3Qcyjzz3RzEkz0PYTpynTLhvWq9-tAHL4mh3o7akKJi9ehhUUaAoaHEALw_wcB HTTP/1.1" 200 892
191.156.62.174 - - [20/Aug/2023:18:04:57 -0500] "GET /bogota-empieza-la-consolidacion-de-la-estrategia-de-bosques-urbanos-con-el-brazo-salitre-en-barrios-unidos.html?utm_source=Meta_DIGI&utm_medium=CPV&utm_campaign=BosquesUrbanos&utm_id=Agosto_2023&fbclid=IwAR2DfwrHQOzsEdK6F612bgKquWQ62YW3fXd7BRRepnMBiPg7fcjZZaTnSfU_aem_AcH2y4ZBo2PNV7--jjmyy0RaVnhLaFyLSrhvwvoeSXfLcvMLUJzF1YJrk7BmoPjsV9mXYCprPySeZYaL_ePVLLhL HTTP/1.1" 200 892
172.22.2.4 - - [20/Aug/2023:18:05:31 -0500] "GET /BLA/boletinlegal/ HTTP/1.1" 200 24523
178.139.234.161 - - [20/Aug/2023:18:08:12 -0500] "GET /bogota-empieza-la-consolidacion-de-la-estrategia-de-bosques-urbanos-con-el-brazo-salitre-en-barrios-unidos.html?utm_source=Meta_DIGI&utm_medium=CPV&utm_campaign=BosquesUrbanos&utm_id=Agosto_2023&fbclid=IwAR1ZcYdvxrD-ksEZkpjx48qlG30BMmb1KylzmzsZq2RWHvA1QxTBIedGwLI_aem_AcEG-1-6Z2xXtdaQqxMk0Cx3ah5Kuan08k6fEzn04T2Dh1LoWs3hWdSQ59WzuuiykGGzh5TX-TNv1DKiyrlnrsDM HTTP/1.1" 200 892
172.22.2.4 - - [20/Aug/2023:18:06:32 -0500] "HEAD /BLA/boletinlegal/ HTTP/1.1" 200 -
216.245.221.92 - - [20/Aug/2023:18:08:21 -0500] "HEAD / HTTP/1.1" 200 -
172.22.2.4 - - [20/Aug/2023:18:07:22 -0500] "GET /BLA/boletinlegal/ HTTP/1.1" 200 60692
201.245.192.253 - - [20/Aug/2023:18:09:11 -0500] "POST /kwsrmcab/Wsrmcab  HTTP/1.1" 200 41818
207.46.13.215 - - [20/Aug/2023:18:10:53 -0500] "GET /portaldeninos/wp-content/uploads/2021/05/los-nevados-mirador-768x429.jpg HTTP/1.1" 200 79761
157.90.254.89 - - [20/Aug/2023:18:11:30 -0500] "GET / HTTP/1.1" 200 4720
157.90.254.89 - - [20/Aug/2023:18:11:33 -0500] "GET / HTTP/1.1" 200 319
186.84.21.219 - - [20/Aug/2023:18:12:27 -0500] "GET /galeria/galeria/jquery.fancybox.css?v=2.1.5 HTTP/1.1" 200 4895
186.84.21.219 - - [20/Aug/2023:18:12:27 -0500] "GET /BLA/boletinlegal/js/jquery.scrollShow.js HTTP/1.1" 200 4586
186.84.21.219 - - [20/Aug/2023:18:12:27 -0500] "GET /galeria/galeria/jquery.fancybox.js?v=2.1.5 HTTP/1.1" 200 48706
216.245.221.92 - - [20/Aug/2023:18:13:21 -0500] "HEAD / HTTP/1.1" 200 -
172.22.2.4 - - [20/Aug/2023:18:12:22 -0500] "HEAD /BLA/boletinlegal/ HTTP/1.1" 200 -
201.245.192.253 - - [20/Aug/2023:18:14:10 -0500] "POST /kwsrmcab/Wsrmcab  HTTP/1.1" 200 41818
172.22.2.4 - - [20/Aug/2023:18:13:12 -0500] "GET /BLA/boletinlegal/ HTTP/1.1" 200 52656
186.119.110.115 - - [20/Aug/2023:18:15:34 -0500] "GET /galeria/galeria/jquery.fancybox.css?v=2.1.5 HTTP/1.1" 200 4895
186.119.110.115 - - [20/Aug/2023:18:15:34 -0500] "GET /BLA/boletinlegal/js/jquery.scrollShow.js HTTP/1.1" 200 4586
186.119.110.115 - - [20/Aug/2023:18:15:34 -0500] "GET /galeria/galeria/jquery.fancybox.js?v=2.1.5 HTTP/1.1" 200 48706
157.90.254.89 - - [20/Aug/2023:18:15:37 -0500] "GET / HTTP/1.1" 200 4720
157.90.254.89 - - [20/Aug/2023:18:15:40 -0500] "GET / HTTP/1.1" 200 319
40.77.167.208 - - [20/Aug/2023:18:16:41 -0500] "GET /Publicaciones/2023EE188342.pdf HTTP/1.1" 200 232087
179.60.242.77 - - [20/Aug/2023:18:18:05 -0500] "GET /bogota-empieza-la-consolidacion-de-la-estrategia-de-bosques-urbanos-con-el-brazo-salitre-en-barrios-unidos.html?utm_source=Meta_DIGI&utm_medium=CPV&utm_campaign=BosquesUrbanos&utm_id=Agosto_2023&fbclid=IwAR3W-jwUA5s894obLIXtsNC1YNnx9iWTTUBdljMOi_CCHsLQeuIZoLRhR4s_aem_AcEl7Hr6LgKkbA24RLu6DhQ2uG34nSeXbEZUrBBwhUiUhCaKynWKmzQakIh_3e1Bf1yMijrHHK5kIE6exqQlj25X HTTP/1.1" 200 892
216.245.221.92 - - [20/Aug/2023:18:18:21 -0500] "HEAD / HTTP/1.1" 200 -
181.32.215.190 - - [20/Aug/2023:18:18:51 -0500] "GET /bogota-empieza-la-consolidacion-de-la-estrategia-de-bosques-urbanos-con-el-brazo-salitre-en-barrios-unidos.html?utm_source=Meta_DIGI&utm_medium=CPV&utm_campaign=BosquesUrbanos&utm_id=Agosto_2023&fbclid=IwAR1nM84Br-bn-ZDVZBNfZZGyr60_YbVpuCQFt0uHI8SnE0N-xwsXAubWGzA_aem_AcG4cuh09KZ1sX__q0Qvrj1rWwZn8zt2tGI-IKZUaAyKkdWRT89JqwLDHw9DvejHb8LUkO7is6pN6qlzJfEMjUkb HTTP/1.1" 200 892
201.245.192.253 - - [20/Aug/2023:18:19:09 -0500] "POST /kwsrmcab/Wsrmcab  HTTP/1.1" 200 41818
201.244.238.230 - - [20/Aug/2023:18:19:13 -0500] "GET /bogota-empieza-la-consolidacion-de-la-estrategia-de-bosques-urbanos-con-el-brazo-salitre-en-barrios-unidos.html?utm_source=Meta_DIGI&utm_medium=CPV&utm_campaign=BosquesUrbanos&utm_id=Agosto_2023&fbclid=IwAR1Jo447XOsoLJuWqrDHK8Q2miUGvgvP4Hwwaj2G_PkvHmhU7qs78xBag6o_aem_AcHHl_Zngwa_DBenM6v4Jzxj7LW2fvCTBdrHruHSnRELlbXpQ9s_WZvIW85wWBjJXbLIQtzWrCoZjjIoFl9PvlQ3 HTTP/1.1" 200 892
201.245.192.253 - - [20/Aug/2023:18:19:21 -0500] "POST /kwsrmcab/Wsrmcab HTTP/1.1" 200 42706
201.245.192.253 - - [20/Aug/2023:18:19:24 -0500] "POST /kwsrmcab/Wsrmcab HTTP/1.1" 200 40660
172.22.2.4 - - [20/Aug/2023:18:18:12 -0500] "HEAD /BLA/boletinlegal/ HTTP/1.1" 200 -
172.22.2.4 - - [20/Aug/2023:18:19:02 -0500] "GET /BLA/boletinlegal/ HTTP/1.1" 200 58597
179.19.32.57 - - [20/Aug/2023:18:22:17 -0500] "GET /bogota-empieza-la-consolidacion-de-la-estrategia-de-bosques-urbanos-con-el-brazo-salitre-en-barrios-unidos.html?utm_source=Youtube_DIGI&utm_medium=CPV&utm_campaign=BosquesUrbanos&utm_id=Agosto_2023&gclid=Cj0KCQjw84anBhCtARIsAISI-xdWQWR21yzry0v7J5CL_-wnfm6ALrl9J2fHjDBH592LaNb0liUExYkaAgYqEALw_wcB HTTP/1.1" 200 892
216.245.221.92 - - [20/Aug/2023:18:23:21 -0500] "HEAD / HTTP/1.1" 200 -
172.22.2.4 - - [20/Aug/2023:18:21:48 -0500] "GET /BLA/boletinlegal/ HTTP/1.1" 200 62795
201.245.192.253 - - [20/Aug/2023:18:24:08 -0500] "POST /kwsrmcab/Wsrmcab  HTTP/1.1" 200 41818
201.221.172.48 - - [20/Aug/2023:18:24:49 -0500] "GET /bogota-empieza-la-consolidacion-de-la-estrategia-de-bosques-urbanos-con-el-brazo-salitre-en-barrios-unidos.html?utm_source=Meta_DIGI&utm_medium=CPV&utm_campaign=BosquesUrbanos&utm_id=Agosto_2023&fbclid=IwAR3B-w8RCxV7HVdpew5cT8-Ebmdg55OMWb6_IZ6_3Py3zmoG1Pg8gfCxzAk_aem_AcFYTn0ZmAf2FFmTDBSqB4gn1Fdcvl33Pybdem62YljclfYOcONKW26nS347JYWH5lquDUXS-f6hshQbEzkAuk4x HTTP/1.1" 200 892
172.22.2.4 - - [20/Aug/2023:18:24:02 -0500] "HEAD /BLA/boletinlegal/ HTTP/1.1" 200 -
172.22.2.4 - - [20/Aug/2023:18:24:52 -0500] "GET /BLA/boletinlegal/ HTTP/1.1" 200 60692
173.252.111.7 - - [20/Aug/2023:18:27:08 -0500] "GET /images/camino-guadalupe-aguanoso.jpg HTTP/1.1" 200 103489
173.252.111.7 - - [20/Aug/2023:18:27:10 -0500] "GET /images/Caminatas-ecologicas-julio.jpg HTTP/1.1" 200 480557
173.252.111.3 - - [20/Aug/2023:18:27:10 -0500] "GET /images/construccion-sostenible-.jpg HTTP/1.1" 200 82949
216.245.221.92 - - [20/Aug/2023:18:28:21 -0500] "HEAD / HTTP/1.1" 200 -
168.119.52.80 - - [20/Aug/2023:18:28:27 -0500] "GET / HTTP/1.1" 200 319
191.92.172.166 - - [20/Aug/2023:18:28:30 -0500] "GET /bogota-empieza-la-consolidacion-de-la-estrategia-de-bosques-urbanos-con-el-brazo-salitre-en-barrios-unidos.html?utm_source=Meta_DIGI&utm_medium=CPV&utm_campaign=BosquesUrbanos&utm_id=Agosto_2023&fbclid=IwAR2myrS0kJgRy01nChLZAeLWpi3aVFkHOZcJ2Z4iJUbHnCA2ZPmxOMyiq64_aem_AcHejJDC-gv6FPx0CV0nGtMmGXZ-FgoArDnPr5Q_gRmw2uzPn_DXbYJpYdXCqK81cXa17f0ixbuX3N3j_QToxNCA HTTP/1.1" 200 892
168.119.52.80 - - [20/Aug/2023:18:28:30 -0500] "GET / HTTP/1.1" 200 4720
201.245.192.253 - - [20/Aug/2023:18:29:07 -0500] "POST /kwsrmcab/Wsrmcab  HTTP/1.1" 200 41818
201.245.192.253 - - [20/Aug/2023:18:29:20 -0500] "POST /kwsrmcab/Wsrmcab HTTP/1.1" 200 42706
201.245.192.253 - - [20/Aug/2023:18:29:24 -0500] "POST /kwsrmcab/Wsrmcab HTTP/1.1" 200 40660
172.22.2.4 - - [20/Aug/2023:18:29:52 -0500] "HEAD /BLA/boletinlegal/ HTTP/1.1" 200 -
172.22.2.4 - - [20/Aug/2023:18:30:42 -0500] "GET /BLA/boletinlegal/ HTTP/1.1" 200 58597
172.22.2.4 - - [20/Aug/2023:18:32:44 -0500] "GET /BLA/boletinlegal/robots.txt HTTP/1.1" 404 1037
172.22.2.4 - - [20/Aug/2023:18:32:44 -0500] "GET /BLA/boletinlegal/robots.txt HTTP/1.1" 404 1037
172.22.2.4 - - [20/Aug/2023:18:32:56 -0500] "GET /BLA/boletinlegal/Circulares/2020/CIRCULAR%20No.%2000014%20del%2001%20de%20septiembre%20del%202020.pdf HTTP/1.1" 200 320826
216.245.221.92 - - [20/Aug/2023:18:33:21 -0500] "HEAD / HTTP/1.1" 200 -
201.221.172.51 - - [20/Aug/2023:18:33:51 -0500] "GET /BLA/resoluciones/Notificaciones/AUTOS%202015/1852.doc HTTP/1.1" 200 192512
186.102.28.70 - - [20/Aug/2023:18:33:56 -0500] "GET /bogota-empieza-la-consolidacion-de-la-estrategia-de-bosques-urbanos-con-el-brazo-salitre-en-barrios-unidos.html?utm_source=Meta_DIGI&utm_medium=CPV&utm_campaign=BosquesUrbanos&utm_id=Agosto_2023&fbclid=IwAR1NV_6QDpRe-O6rfxzVlfkYdmeU88D3Ep-vFMyaJC1UYqI9Urq1EOCZGmU_aem_AcFxzvApImPrPsD7NbGnNo_vgfuqAh3XrjQYQAYtHfV4KQ3NpnWct4fM3nefalvhsx9RKyIE3bqOAsjVjCBdQ4t9 HTTP/1.1" 200 892
201.245.192.253 - - [20/Aug/2023:18:34:06 -0500] "POST /kwsrmcab/Wsrmcab  HTTP/1.1" 200 41818
172.22.2.4 - - [20/Aug/2023:18:34:23 -0500] "GET /BLA/boletinlegal/favicon.ico HTTP/1.1" 404 1018
172.22.2.4 - - [20/Aug/2023:18:33:52 -0500] "GET /BLA/boletinlegal/ HTTP/1.1" 200 32715
172.22.2.4 - - [20/Aug/2023:18:34:07 -0500] "GET /BLA/boletinlegal/ HTTP/1.1" 200 32715
172.22.2.4 - - [20/Aug/2023:18:34:21 -0500] "GET /BLA/boletinlegal/ HTTP/1.1" 200 54150
190.84.108.224 - - [20/Aug/2023:18:36:47 -0500] "GET /BLA/resoluciones/ HTTP/1.1" 200 13502
190.84.108.224 - - [20/Aug/2023:18:36:48 -0500] "GET /BLA/resoluciones/dlf/styles.css HTTP/1.1" 200 3049
190.84.108.224 - - [20/Aug/2023:18:36:48 -0500] "GET /BLA/resoluciones/dlf/folder.png HTTP/1.1" 200 410
190.84.108.224 - - [20/Aug/2023:18:36:48 -0500] "GET /BLA/resoluciones/dlf/bg.gif HTTP/1.1" 200 54
172.22.2.4 - - [20/Aug/2023:18:35:42 -0500] "HEAD /BLA/boletinlegal/ HTTP/1.1" 200 -
190.27.18.82 - - [20/Aug/2023:18:37:57 -0500] "GET /bogota-empieza-la-consolidacion-de-la-estrategia-de-bosques-urbanos-con-el-brazo-salitre-en-barrios-unidos.html?utm_source=Meta_DIGI&utm_medium=CPV&utm_campaign=BosquesUrbanos&utm_id=Agosto_2023&fbclid=IwAR2fHM_GS1SN7UsztsNO0-sGBAoHLGLIuTV379crUjV0dnziUzFgjEXLFQI_aem_AcE0g8wOa8LeTvw8sBS1OtWBfv2iiaVtxQnCzwNHU8dSlmSZV7_OrLM9bcz_GZLn64oS3pPkeXRNgzc_69LtSYJr HTTP/1.1" 200 892
190.84.108.224 - - [20/Aug/2023:18:38:09 -0500] "GET /BLA/resoluciones/index.php?dir=RESOLUCIONES+2010%2F HTTP/1.1" 200 12235
190.84.108.224 - - [20/Aug/2023:18:38:09 -0500] "GET /BLA/resoluciones/dlf/dirup.png HTTP/1.1" 200 644
190.84.108.224 - - [20/Aug/2023:18:38:09 -0500] "GET /BLA/resoluciones/dlf/pdf.gif HTTP/1.1" 200 272
190.84.108.224 - - [20/Aug/2023:18:38:09 -0500] "GET /BLA/resoluciones/index.php?dir=RESOLUCIONES+2010%2F HTTP/1.1" 200 1307967
172.22.2.4 - - [20/Aug/2023:18:36:32 -0500] "GET /BLA/boletinlegal/ HTTP/1.1" 200 58597
216.245.221.92 - - [20/Aug/2023:18:38:21 -0500] "HEAD / HTTP/1.1" 200 -
172.22.2.4 - - [20/Aug/2023:18:38:24 -0500] "GET /BLA/boletinlegal/Circulares/2019/.pdf HTTP/1.1" 404 1218
190.84.108.224 - - [20/Aug/2023:18:38:33 -0500] "GET /BLA/resoluciones/RESOLUCIONES%202010/4554.pdf HTTP/1.1" 200 503069
201.245.192.253 - - [20/Aug/2023:18:39:05 -0500] "POST /kwsrmcab/Wsrmcab  HTTP/1.1" 200 41818
172.22.2.4 - - [20/Aug/2023:18:38:55 -0500] "GET /BLA/boletinlegal/ HTTP/1.1" 200 20427
201.245.192.253 - - [20/Aug/2023:18:39:21 -0500] "POST /kwsrmcab/Wsrmcab HTTP/1.1" 200 42706
201.245.192.253 - - [20/Aug/2023:18:39:24 -0500] "POST /kwsrmcab/Wsrmcab HTTP/1.1" 200 40660
186.29.224.172 - - [20/Aug/2023:18:42:18 -0500] "GET /mejora-tu-bienestar-con-las-caminatas-ecologicas-%C3%82%C2%A1conoce-la-programacion-de-agosto.html HTTP/1.1" 200 873
191.156.235.9 - - [20/Aug/2023:18:42:48 -0500] "GET /bogota-empieza-la-consolidacion-de-la-estrategia-de-bosques-urbanos-con-el-brazo-salitre-en-barrios-unidos.html?utm_source=Meta_DIGI&utm_medium=CPV&utm_campaign=BosquesUrbanos&utm_id=Agosto_2023&fbclid=IwAR11wJ5aLSZMzPm3nQRSFiGli5zTje7NjRLsgkAd2H8q4rouHzPn-UKfzpI_aem_AcFWpXrRZKN3rb0CaSmwoRdGlPf_kYI-osuyNVAuYjZJB6CyTr5mOf3kWKovATS1tOITVqIwvYGn7mOlrnCYtYyv HTTP/1.1" 200 892
172.22.2.4 - - [20/Aug/2023:18:41:32 -0500] "HEAD /BLA/boletinlegal/ HTTP/1.1" 200 -
216.245.221.92 - - [20/Aug/2023:18:43:21 -0500] "HEAD / HTTP/1.1" 200 -
172.22.2.4 - - [20/Aug/2023:18:42:22 -0500] "GET /BLA/boletinlegal/ HTTP/1.1" 200 58597
201.245.192.253 - - [20/Aug/2023:18:44:04 -0500] "POST /kwsrmcab/Wsrmcab  HTTP/1.1" 200 41818
181.63.29.4 - - [20/Aug/2023:18:44:44 -0500] "GET /bogota-empieza-la-consolidacion-de-la-estrategia-de-bosques-urbanos-con-el-brazo-salitre-en-barrios-unidos.html?utm_source=Meta_DIGI&utm_medium=CPV&utm_campaign=BosquesUrbanos&utm_id=Agosto_2023&fbclid=IwAR1MR6gVzZxFEikvWIKu42b4XjwY_pod6NOYE245OZzHKVUiAlAy1Cl8ZyY_aem_AcGGXRqOs4AyFpmOV7Ebem2pVQuauaU6BSdhXiIVE4YIXO7DoUfIAcSQRYqDQnpzdkcaCDIDB9l9DNRaV7ajowBu HTTP/1.1" 200 892
52.167.144.43 - - [20/Aug/2023:18:45:24 -0500] "GET /BLA/resoluciones/AUTOS%202013/0405.pdf HTTP/1.1" 304 -
40.77.167.208 - - [20/Aug/2023:18:47:14 -0500] "GET /Publicaciones/2023EE188355.pdf HTTP/1.1" 200 41459
216.245.221.92 - - [20/Aug/2023:18:48:21 -0500] "HEAD / HTTP/1.1" 200 -
172.22.2.4 - - [20/Aug/2023:18:47:22 -0500] "HEAD /BLA/boletinlegal/ HTTP/1.1" 200 -
201.245.192.253 - - [20/Aug/2023:18:49:03 -0500] "POST /kwsrmcab/Wsrmcab  HTTP/1.1" 200 41818
17.241.75.115 - - [20/Aug/2023:18:49:19 -0500] "GET /robots.txt HTTP/1.1" 404 1034
17.241.75.115 - - [20/Aug/2023:18:49:19 -0500] "GET /images/arbol-en-riesgo-18-08-23.jpg HTTP/1.1" 200 76635
172.22.2.4 - - [20/Aug/2023:18:48:12 -0500] "GET /BLA/boletinlegal/ HTTP/1.1" 200 53362
179.33.78.63 - - [20/Aug/2023:18:51:26 -0500] "GET /bogota-empieza-la-consolidacion-de-la-estrategia-de-bosques-urbanos-con-el-brazo-salitre-en-barrios-unidos.html?utm_source=Meta_DIGI&utm_medium=CPV&utm_campaign=BosquesUrbanos&utm_id=Agosto_2023&fbclid=IwAR26D0f1xRV_HyHiKDHmBxgyBTOgJRyPu1-ma610pWtsQOx678kiz7GHLGM_aem_AcEWWuw9uR4xGG9wqXXMm3p4hKR7K3xkFtDTugAPb051wz4tbbRK9PALu33Qa_7UyyWxrPgjLuLQBWdpeQGrAwRC HTTP/1.1" 200 892
191.156.227.64 - - [20/Aug/2023:18:52:10 -0500] "GET /bogota-empieza-la-consolidacion-de-la-estrategia-de-bosques-urbanos-con-el-brazo-salitre-en-barrios-unidos.html?utm_source=Meta_DIGI&utm_medium=CPV&utm_campaign=BosquesUrbanos&utm_id=Agosto_2023&fbclid=IwAR0VUcM2ACk8tL-M34GQA5jqqaoupjO-aN64h2CRxhOiHf35K3Z0kIqR5QE_aem_AcGy6rmDLCL6gXkCSI1VVZ9A-w8evCMHfGTzGxu3_Yfw28lIfK9naH3XuUgL_dycbkL39GiRzBqQ1LqueC2K5gRP HTTP/1.1" 200 892
186.84.88.224 - - [20/Aug/2023:18:52:22 -0500] "GET /galeria/galeria/jquery.fancybox.js?v=2.1.5 HTTP/1.1" 200 48706
186.84.88.224 - - [20/Aug/2023:18:52:22 -0500] "GET /BLA/boletinlegal/js/jquery.scrollShow.js HTTP/1.1" 200 4586
186.84.88.224 - - [20/Aug/2023:18:52:22 -0500] "GET /galeria/galeria/jquery.fancybox.css?v=2.1.5 HTTP/1.1" 200 4895
216.245.221.92 - - [20/Aug/2023:18:53:21 -0500] "HEAD / HTTP/1.1" 200 -
190.27.105.67 - - [20/Aug/2023:18:53:37 -0500] "GET /forest/ HTTP/1.1" 200 12041
190.27.105.67 - - [20/Aug/2023:18:53:43 -0500] "POST /forest/index.php HTTP/1.1" 200 12268
201.245.192.253 - - [20/Aug/2023:18:54:02 -0500] "POST /kwsrmcab/Wsrmcab  HTTP/1.1" 200 41818
66.249.70.5 - - [20/Aug/2023:18:54:38 -0500] "GET /BLA/resoluciones/AUTOS%202015/6015.pdf HTTP/1.1" 200 989414
66.249.70.7 - - [20/Aug/2023:18:54:40 -0500] "GET /BLA/resoluciones/RESOLUCIONES%202010/4525.pdf HTTP/1.1" 200 331967
66.249.70.6 - - [20/Aug/2023:18:54:40 -0500] "GET /BLA/resoluciones/RESOLUCIONES%202010/5296.pdf HTTP/1.1" 200 754631
172.22.2.4 - - [20/Aug/2023:18:53:12 -0500] "HEAD /BLA/boletinlegal/ HTTP/1.1" 200 -
52.167.144.43 - - [20/Aug/2023:18:55:34 -0500] "GET /BLA/resoluciones/AUTOS%202022/5031.pdf HTTP/1.1" 304 -
172.22.2.4 - - [20/Aug/2023:18:54:02 -0500] "GET /BLA/boletinlegal/ HTTP/1.1" 200 58187
194.165.16.78 - - [20/Aug/2023:18:55:54 -0500] "\x03" 400 226
181.57.18.109 - - [20/Aug/2023:18:56:15 -0500] "GET /bogota-empieza-la-consolidacion-de-la-estrategia-de-bosques-urbanos-con-el-brazo-salitre-en-barrios-unidos.html?utm_source=Meta_DIGI&utm_medium=CPV&utm_campaign=BosquesUrbanos&utm_id=Agosto_2023&fbclid=IwAR143YZH7eCEvfaZ5sQrZ44vQoDykZC76TaHAKb8Rf2H5Al5LStlhfsq33U_aem_AcF0Ud1GZBx7Bc96-nUb5beCVUhdZbbGQlC1wkYUCrLNJ9rsx-MAjeH59p56M_3WGi3rv-UfEj016SEMY6_qElBr HTTP/1.1" 200 892
172.22.2.4 - - [20/Aug/2023:18:55:38 -0500] "GET /BLA/boletinlegal/ HTTP/1.1" 200 41412
172.22.2.4 - - [20/Aug/2023:18:55:52 -0500] "GET /BLA/boletinlegal/ HTTP/1.1" 200 40981
186.154.104.126 - - [20/Aug/2023:18:57:39 -0500] "GET /bogota-empieza-la-consolidacion-de-la-estrategia-de-bosques-urbanos-con-el-brazo-salitre-en-barrios-unidos.html?utm_source=Meta_DIGI&utm_medium=CPV&utm_campaign=BosquesUrbanos&utm_id=Agosto_2023&fbclid=IwAR2YNUD05GOV7sRaRO0llbXu40gvBUprpykIY9jZFmy6yoALaK4mOkM4zpw_aem_AcE4SCM5kYaYD-XGm4RcHE9tlFv4g2Ddkd-1antyRsmq5SLr00u_1rPfd2tE2sSATCN_NBS13ru80i1nABPtFEla HTTP/1.1" 200 892
172.22.2.4 - - [20/Aug/2023:18:56:14 -0500] "GET /BLA/boletinlegal/ HTTP/1.1" 200 36141
172.22.2.4 - - [20/Aug/2023:18:56:23 -0500] "GET /BLA/boletinlegal/ HTTP/1.1" 200 39470
172.22.2.4 - - [20/Aug/2023:18:56:25 -0500] "GET /BLA/boletinlegal/ HTTP/1.1" 200 38355
216.245.221.92 - - [20/Aug/2023:18:58:21 -0500] "HEAD / HTTP/1.1" 200 -
172.22.2.4 - - [20/Aug/2023:18:57:12 -0500] "GET /BLA/boletinlegal/ HTTP/1.1" 200 31354
172.22.2.4 - - [20/Aug/2023:18:57:12 -0500] "GET /BLA/boletinlegal/ HTTP/1.1" 200 31354
172.22.2.4 - - [20/Aug/2023:18:57:16 -0500] "GET /BLA/boletinlegal/ HTTP/1.1" 200 32872
201.245.192.253 - - [20/Aug/2023:18:59:01 -0500] "POST /kwsrmcab/Wsrmcab  HTTP/1.1" 200 41818
172.22.2.4 - - [20/Aug/2023:18:57:27 -0500] "GET /BLA/boletinlegal/ HTTP/1.1" 200 37385
172.22.2.4 - - [20/Aug/2023:18:57:29 -0500] "GET /BLA/boletinlegal/ HTTP/1.1" 200 33851
172.22.2.4 - - [20/Aug/2023:18:57:53 -0500] "GET /BLA/boletinlegal/ HTTP/1.1" 200 42510
191.156.147.234 - - [20/Aug/2023:18:59:34 -0500] "GET /bogota-empieza-la-consolidacion-de-la-estrategia-de-bosques-urbanos-con-el-brazo-salitre-en-barrios-unidos.html?utm_source=Meta_DIGI&utm_medium=CPV&utm_campaign=BosquesUrbanos&utm_id=Agosto_2023&fbclid=IwAR0i5_t6It9RkDBTY2Mzs9XVqbl8j85b5uTYpudDsSKfXJzVwsTN0SIctJg_aem_AcGGDDgf1TdZhHRoJvv7K_eJP9HJqPPfZLLC4H1l04nMI-Av8faPszLvlCvl-x6n_2xOvuBid5k64ehBQIHrxQ7M HTTP/1.1" 200 892
172.22.2.4 - - [20/Aug/2023:18:59:41 -0500] "GET /BLA/boletinlegal/jurisprudencia/analisis/CUADRO%20ANALISIS%20SENTENCIA%20T-411%20DE%201992.doc HTTP/1.1" 200 41984
172.22.2.4 - - [20/Aug/2023:18:59:32 -0500] "GET /BLA/boletinlegal/ HTTP/1.1" 200 20427
172.22.2.4 - - [20/Aug/2023:18:59:02 -0500] "HEAD /BLA/boletinlegal/ HTTP/1.1" 200 -
52.167.144.189 - - [20/Aug/2023:19:01:14 -0500] "GET /forest/ HTTP/1.1" 200 12041
172.22.2.4 - - [20/Aug/2023:18:59:52 -0500] "GET /BLA/boletinlegal/ HTTP/1.1" 200 53362
172.22.2.4 - - [20/Aug/2023:19:01:52 -0500] "GET /BLA/boletinlegal/dns-query?dns=LSsBAAABAAAAAAAABmdvb2dsZQNjb20AAAEAAQ HTTP/1.1" 406 -
216.245.221.92 - - [20/Aug/2023:19:03:21 -0500] "HEAD / HTTP/1.1" 200 -
172.22.2.4 - - [20/Aug/2023:19:03:35 -0500] "POST /BLA/boletinlegal/dns-query HTTP/1.1" 406 -
181.59.3.2 - - [20/Aug/2023:19:03:51 -0500] "GET /bogota-empieza-la-consolidacion-de-la-estrategia-de-bosques-urbanos-con-el-brazo-salitre-en-barrios-unidos.html?utm_source=Youtube_DIGI&utm_medium=CPV&utm_campaign=BosquesUrbanos&utm_id=Agosto_2023&gclid=EAIaIQobChMIl_b4nrnsgAMVSQ6KAx2ekA0zEAEYASAAEgKeIvD_BwE HTTP/1.1" 200 892
201.245.192.253 - - [20/Aug/2023:19:04:00 -0500] "POST /kwsrmcab/Wsrmcab  HTTP/1.1" 200 41818
5.181.80.95 - - [20/Aug/2023:19:04:08 -0500] "GET /muieblackcat HTTP/1.1" 404 1018
5.181.80.95 - - [20/Aug/2023:19:04:08 -0500] "GET //phpMyAdmin/scripts/setup.php HTTP/1.1" 403 1165
5.181.80.95 - - [20/Aug/2023:19:04:08 -0500] "GET //phpmyadmin/scripts/setup.php HTTP/1.1" 403 1165
5.181.80.95 - - [20/Aug/2023:19:04:09 -0500] "GET //pma/scripts/setup.php HTTP/1.1" 404 1018
5.181.80.95 - - [20/Aug/2023:19:04:09 -0500] "GET //myadmin/scripts/setup.php HTTP/1.1" 404 1018
5.181.80.95 - - [20/Aug/2023:19:04:10 -0500] "GET //MyAdmin/scripts/setup.php HTTP/1.1" 404 1018
191.108.55.168 - - [20/Aug/2023:19:04:19 -0500] "-" 408 -
179.19.82.2 - - [20/Aug/2023:19:05:23 -0500] "GET /kwssiamovil/sm/acme/a?s=U2FsdGVkX1/XRQO7i4sI2Fv+QpUkMTmS18i5kaSE76jd1Gg6LPCgNdUCwjIhuI47lz+PdQdPNWBpK8kXFKeyt/szUonv0JNP+Memb+DS6cZltU7JOYCLZmWE/ymoJkWemICcgb8j8FVIFy8dWPAOVJuHdmKiPUqQhZ1+HVCLOAI9Oiys6AjmI26UTCZEuy6QFT8fZvRUiBm24Rrdm62i9sGWRf1jPxqeHAfcuySRowHi26RRmzhF3GEk8vE75WyeW0jx4WXzy7TIONIBItxBYA==&u=U2FsdGVkX1/I7Yz1HlWTR6LwTO0WUBZksX3dulcO118=&y=U2FsdGVkX18l6xJzhJ3cMMjH8SP/4wxg6rKeCdc+hx5b6JQU+YwiafJx8j6ezRpI HTTP/1.1" 200 26
179.19.82.2 - - [20/Aug/2023:19:05:25 -0500] "GET /kwssiamovil/sm/acme/a?s=U2FsdGVkX1/hv2qy7hNHNMCSrG/X8EbflZs99q0tPBjagi7qpx9WnNoL7hbh285tsDBpw19b7oWJbacrU6mfH0PMpz58n1m+yEzCZQWmJVrKxewJx7sN7rCUlsnkuAaskaUv6g7+D6w3NqkP9TFIkzFsqJgihcifyOYSc9AFopmTXARwnUq5ih6yNBTIW6y84FhHsUUC5qXJd9PoOcBGiYEI4IdwQkGqaHo2xoB3n2Mo3SDb4VmPP0Dz524xKEATE0dWA+HxCreZqCon+X2QGPQSnG3IE5sr1yBvYUSjtaRdiOdW1wT1JN4p0MHQB5vCw25cP0pK34sC2+Fa+BJBAiD21vaR55QvH4G3N6ZM/If3h31PKAOvztsyz/zESshhBNy6zCi62NaA9/XO23hVAihziySpNU2I6Jes1KWimokS5M4MGQeiX7SS+TKSWwJtBlWcvdEPrA+NAGuojUxNne9hCy6vJzrml1EoMBxDfFivQVfgj1bvX9eJOwwwv3b5+JbzSu0/rMjY1+lG4eTyBbS4e+6AIpyPv1BvS37W5xWXVt+oMCkwc/KZE3K7oZFRpXFwfFgjOtfZsyRHLQUz0BKNBwowsmURuTJZa3tDfd2H7b0V/8SrvoUHCw5M6LfjUKrN4bvC+keBHwuNMMVqcZEFezZtuBZ9VAfUOtD7s5P8gJk6KpcrplY5RiCKyepb2tmAeYRLaWvtktniUAW4NmkjbeWScrZe6/77AoOBbr65fHD38wk8NTZvPM2PfnrNKicBnz55k2s/coeuP7A0F7t5PEKSVCAx1GkFx15rgcYNDRORSlV7LwahHtTUf6H7ZAFkVwbFwlprZMdjrTq9rLz000m0Ci0UOVpfKx0KGWsDppZNVbW6X5ZTh30+s5t7bycRBtB4JqG/9aRhfO63X+S0fu4wuV9DhNjpkMIsy3uSR8wxS0ytSc4QI15NoOWwOPDlH1RNtLQP7VcHOsyHnbp7zv6cbcf2nrU0/gmKs+yyFOYHzkd0mIgiiro//u2QZRZjuUyZip6jrSbhoWWkKqt4QgwokvlpQ2oQV/+iE0JDLDK2rO2WnoJV+2fYLHD0QRtGFvtbI4Gmlv0ENfSBK6cOGHBvHpvjiZcOqGgQUE9C7T5t/KSDLTPMPpl7vce8KzQDN0YZNRMxEsHEHUX8Ev2OUsIN0i8lwIRqILV0CUWFM4knXQg6XpmiupaGmnZhStD2HxpWwmyZ5HiVc12M7/OMqrguw0LVwzxccYe9SeprL9B/RNGivIlDSZ0fkOLJ+pmfDRiXbTjZAV9G2XcmD0RIipcdPkYKiseTIDFa30binbUg6KFGvskuEq5hsiLWv09slPg4k44JlBPfBWFvlChyccoXHGj1eBEKlkRbZGQ=&u=U2FsdGVkX1/I7Yz1HlWTR6LwTO0WUBZksX3dulcO118=&y=U2FsdGVkX18l6xJzhJ3cMMjH8SP/4wxg6rKeCdc+hx5b6JQU+YwiafJx8j6ezRpI HTTP/1.1" 200 26
179.19.82.2 - - [20/Aug/2023:19:05:25 -0500] "GET /kwssiamovil/sm/acme/a?s=U2FsdGVkX1+X6nS/ydsudMmZuh1whZ9wGffK5WwM5rVfJWoE8NbsHXap+zq47zwlfU5Sk7qPkHNassdm4coiGHl1XGaBpb39Q0jSDcT1gUEKPRZvAUVXdo+XN3K4sjDkyJy8oh8628Fprr1Gluz+6uTtmbMZILQHKaYsF6MJLss=&u=U2FsdGVkX1/I7Yz1HlWTR6LwTO0WUBZksX3dulcO118=&y=U2FsdGVkX18l6xJzhJ3cMMjH8SP/4wxg6rKeCdc+hx5b6JQU+YwiafJx8j6ezRpI HTTP/1.1" 200 26
179.19.82.2 - - [20/Aug/2023:19:05:25 -0500] "GET /kwssiamovil/sm/acme/a?s=U2FsdGVkX1/Mh+KdRSZiAIPesp94Iy3wckzgE8CsM1TCJSQhtgH+5y77dqIBHTO3w1VXh5h9Tlyhawtjmb9OzJ1ALl/nzUHNTwXH3UMHREW4lAD7r0bX9LVJuDbrDSLy1B581y378X73PQOpGiWv+7qNfLNSHSf+YLVMb0smuoA=&u=U2FsdGVkX1/I7Yz1HlWTR6LwTO0WUBZksX3dulcO118=&y=U2FsdGVkX18l6xJzhJ3cMMjH8SP/4wxg6rKeCdc+hx5b6JQU+YwiafJx8j6ezRpI HTTP/1.1" 200 26
179.19.82.2 - - [20/Aug/2023:19:05:26 -0500] "GET /kwssiamovil/sm/acme/a?s=U2FsdGVkX1+hIGuHpisjKdKBlvbmP1ri238dHPolp/JVAUtRHKaAD9EjwcQVEmC/a17zgc/qXrvqSGyFRc/AjUUcwRytBgd13N67qi3QnKjQiKwsvYkLwWqqNwP3wrJ85N72S6tY9L4bK8TuhGDZtwKY/NYHiHtxYkb/DHoq3eM=&u=U2FsdGVkX1/I7Yz1HlWTR6LwTO0WUBZksX3dulcO118=&y=U2FsdGVkX18l6xJzhJ3cMMjH8SP/4wxg6rKeCdc+hx5b6JQU+YwiafJx8j6ezRpI HTTP/1.1" 200 26
179.19.82.2 - - [20/Aug/2023:19:05:26 -0500] "GET /kwssiamovil/sm/acme/a?s=U2FsdGVkX1/PUv43z3YxxfpRvCFzkIMKs7d88oiYaQpUswYjQ+pk2lR78xTrNPpgjYMEi8tIcV6z8nEn5aGY9Rrke2NmzJcd4ZI7SYz9ZFGmmB51Qub+2QXcjdsMM8Yd6GLxuMR7mvn/GLSqPiqcOoDgRDZ8hmFf3Oqu0yEcKLxd6aJWxRfJjrZ8/Vg01p5N7VcDjrSYgWrnYZroTuUAeQ==&u=U2FsdGVkX1/I7Yz1HlWTR6LwTO0WUBZksX3dulcO118=&y=U2FsdGVkX18l6xJzhJ3cMMjH8SP/4wxg6rKeCdc+hx5b6JQU+YwiafJx8j6ezRpI HTTP/1.1" 200 26
179.19.82.2 - - [20/Aug/2023:19:05:58 -0500] "GET /kwssiamovil/sm/acme/u?s=U2FsdGVkX198aEeDZmcGMUi+w+viNI7EANan3ioksyJDZF6FGITcte70c/D1aysh+ROMXkbqG8U+WzfSww1buAT3YiCJnous62OOQHWHlEY1DK9+4t3yoIiyPBgDRQ0pQjSAqRXPVRVaWKCFQmuTcBIdh82O6CPv4SFTaZU/zSc=&u=U2FsdGVkX1/I7Yz1HlWTR6LwTO0WUBZksX3dulcO118=&y=U2FsdGVkX18l6xJzhJ3cMMjH8SP/4wxg6rKeCdc+hx5b6JQU+YwiafJx8j6ezRpI HTTP/1.1" 200 60
172.22.2.4 - - [20/Aug/2023:19:05:43 -0500] "GET /BLA/boletinlegal/ HTTP/1.1" 200 20427
172.22.2.4 - - [20/Aug/2023:19:04:52 -0500] "HEAD /BLA/boletinlegal/ HTTP/1.1" 200 -
172.22.2.4 - - [20/Aug/2023:19:05:33 -0500] "GET /BLA/boletinlegal/ HTTP/1.1" 200 36811
186.102.72.84 - - [20/Aug/2023:19:06:45 -0500] "GET /bogota-empieza-la-consolidacion-de-la-estrategia-de-bosques-urbanos-con-el-brazo-salitre-en-barrios-unidos.html?utm_source=Meta_DIGI&utm_medium=CPV&utm_campaign=BosquesUrbanos&utm_id=Agosto_2023&fbclid=IwAR1sOsRB-tiiDY42g8W58Je1xkC6ukPYq1Lf_wKBqoydcxeKPqESzN-d7II_aem_AcFjcL9upyyX6qVr5bojtDJbR6vXNq9GWq8GlHAoBcPKidg4Ag7HiJB4q2bRiW1CWQdzbXfTBEC7YVuiw4O-pKxL HTTP/1.1" 200 892
172.22.2.4 - - [20/Aug/2023:19:05:42 -0500] "GET /BLA/boletinlegal/ HTTP/1.1" 200 42736
172.22.2.4 - - [20/Aug/2023:19:06:16 -0500] "GET /BLA/boletinlegal/ HTTP/1.1" 200 49296
216.245.221.92 - - [20/Aug/2023:19:08:21 -0500] "HEAD / HTTP/1.1" 200 -
172.22.2.4 - - [20/Aug/2023:19:08:25 -0500] "GET /BLA/boletinlegal/favicon.ico HTTP/1.1" 404 1038
186.28.78.251 - - [20/Aug/2023:19:08:52 -0500] "GET /bogota-empieza-la-consolidacion-de-la-estrategia-de-bosques-urbanos-con-el-brazo-salitre-en-barrios-unidos.html?utm_source=Meta_DIGI&utm_medium=CPV&utm_campaign=BosquesUrbanos&utm_id=Agosto_2023&fbclid=IwAR21AL97zl93pOkNWsWhHR2WhBgAL5-Qu1VPSubKN89wyugKuQMIoHQm6Sg_aem_AcG9ZnctyEDpoiP8sLGuBHTIFjrQ1J2kgm-nhU8WdrkZcrubVAqSDkaMagPKeTYdOn2sqojMhBSbTloIXfACTL4R HTTP/1.1" 200 892
201.245.192.253 - - [20/Aug/2023:19:08:59 -0500] "POST /kwsrmcab/Wsrmcab  HTTP/1.1" 200 41818
172.22.2.4 - - [20/Aug/2023:19:08:25 -0500] "GET /BLA/boletinlegal/ HTTP/1.1" 200 53195
172.22.2.4 - - [20/Aug/2023:19:08:45 -0500] "GET /BLA/boletinlegal/ HTTP/1.1" 200 54960
172.22.2.4 - - [20/Aug/2023:19:10:19 -0500] "GET /BLA/boletinlegal/ HTTP/1.1" 200 20427
172.22.2.4 - - [20/Aug/2023:19:10:42 -0500] "HEAD /BLA/boletinlegal/ HTTP/1.1" 200 -
172.22.2.4 - - [20/Aug/2023:19:11:32 -0500] "GET /BLA/boletinlegal/ HTTP/1.1" 200 60692
216.245.221.92 - - [20/Aug/2023:19:13:21 -0500] "HEAD / HTTP/1.1" 200 -
201.245.192.253 - - [20/Aug/2023:19:13:58 -0500] "POST /kwsrmcab/Wsrmcab  HTTP/1.1" 200 41818
186.102.191.198 - - [20/Aug/2023:19:14:43 -0500] "GET /bogota-empieza-la-consolidacion-de-la-estrategia-de-bosques-urbanos-con-el-brazo-salitre-en-barrios-unidos.html?utm_source=Youtube_DIGI&utm_medium=CPV&utm_campaign=BosquesUrbanos&utm_id=Agosto_2023&gclid=EAIaIQobChMImqXV_rvsgAMVSQ6KAx2ekA0zEAEYASAAEgJcp_D_BwE HTTP/1.1" 200 892
66.249.70.6 - - [20/Aug/2023:19:15:14 -0500] "GET /BLA/boletinlegal/js/jquery.scrollShow.js HTTP/1.1" 200 4586
113.207.1.133 - - [20/Aug/2023:19:17:47 -0500] "GET /galeria/galeria/fotos/Humedal-Tibanica4P.jpg HTTP/1.1" 200 26708
172.22.2.4 - - [20/Aug/2023:19:16:32 -0500] "HEAD /BLA/boletinlegal/ HTTP/1.1" 200 -
216.245.221.92 - - [20/Aug/2023:19:18:21 -0500] "HEAD / HTTP/1.1" 200 -
172.22.2.4 - - [20/Aug/2023:19:18:53 -0500] "GET /BLA/boletinlegal/actos.php HTTP/1.1" 200 9682
172.22.2.4 - - [20/Aug/2023:19:18:53 -0500] "GET /BLA/boletinlegal/niceforms-default.css HTTP/1.1" 200 6694
172.22.2.4 - - [20/Aug/2023:19:18:53 -0500] "GET /BLA/boletinlegal/images/tel.png HTTP/1.1" 200 14477
172.22.2.4 - - [20/Aug/2023:19:18:53 -0500] "GET /BLA/boletinlegal/images/green-yellow-blue-pink-th.png HTTP/1.1" 200 7394
172.22.2.4 - - [20/Aug/2023:19:18:55 -0500] "GET /BLA/boletinlegal/img/button-left.png HTTP/1.1" 200 57071
172.22.2.4 - - [20/Aug/2023:19:18:55 -0500] "GET /BLA/boletinlegal/img/button-right.png HTTP/1.1" 200 57878
172.22.2.4 - - [20/Aug/2023:19:18:56 -0500] "GET /BLA/boletinlegal/actos.php HTTP/1.1" 200 9682
177.93.46.98 - - [20/Aug/2023:19:18:59 -0500] "GET /BLA/resoluciones/ HTTP/1.1" 200 13502
201.245.192.253 - - [20/Aug/2023:19:18:57 -0500] "POST /kwsrmcab/Wsrmcab  HTTP/1.1" 200 41818
172.22.2.4 - - [20/Aug/2023:19:17:22 -0500] "GET /BLA/boletinlegal/ HTTP/1.1" 200 58981
177.93.46.98 - - [20/Aug/2023:19:19:05 -0500] "GET /BLA/resoluciones/index.php?dir=AUTOS+2023%2F HTTP/1.1" 200 233259
201.245.192.253 - - [20/Aug/2023:19:19:20 -0500] "POST /kwsrmcab/Wsrmcab HTTP/1.1" 200 42594
201.245.192.253 - - [20/Aug/2023:19:19:23 -0500] "POST /kwsrmcab/Wsrmcab HTTP/1.1" 200 40651
177.93.46.98 - - [20/Aug/2023:19:19:24 -0500] "GET /BLA/resoluciones/index.php?dir=AUTOS+2022%2F HTTP/1.1" 200 502589
49.237.37.22 - - [20/Aug/2023:19:20:14 -0500] "GET /bogota-empieza-la-consolidacion-de-la-estrategia-de-bosques-urbanos-con-el-brazo-salitre-en-barrios-unidos.html HTTP/1.1" 200 892
69.63.189.119 - - [20/Aug/2023:19:20:20 -0500] "GET /juntos-cuidamos-bogota-mas-de-65-kilogramos-de-residuos-especiales-y-peligrosos-fueron-recolectados-en-engativa.html HTTP/1.1" 200 994
52.167.144.78 - - [20/Aug/2023:19:23:00 -0500] "GET /Publicaciones/2023EE188350.pdf HTTP/1.1" 200 22823
216.245.221.92 - - [20/Aug/2023:19:23:20 -0500] "HEAD / HTTP/1.1" 200 -
201.245.192.253 - - [20/Aug/2023:19:23:56 -0500] "POST /kwsrmcab/Wsrmcab  HTTP/1.1" 200 41818
172.22.2.4 - - [20/Aug/2023:19:24:01 -0500] "GET /BLA/boletinlegal/Directivas/2022/DIRECTIVA%20No.%2000002%20DEL%2022%20DE%20JUNIO%20DEL%202022.pdf HTTP/1.1" 200 384175
172.22.2.4 - - [20/Aug/2023:19:22:22 -0500] "HEAD /BLA/boletinlegal/ HTTP/1.1" 200 -
172.22.2.4 - - [20/Aug/2023:19:24:07 -0500] "GET /BLA/boletinlegal/Directivas/2022/DIRECTIVA%20No.%2000002%20DEL%2022%20DE%20JUNIO%20DEL%202022.pdf HTTP/1.1" 206 1025
172.22.2.4 - - [20/Aug/2023:19:24:07 -0500] "GET /BLA/boletinlegal/Directivas/2022/DIRECTIVA%20No.%2000002%20DEL%2022%20DE%20JUNIO%20DEL%202022.pdf HTTP/1.1" 200 384175
190.24.59.213 - - [20/Aug/2023:19:24:08 -0500] "GET /bogota-empieza-la-consolidacion-de-la-estrategia-de-bosques-urbanos-con-el-brazo-salitre-en-barrios-unidos.html?utm_source=Youtube_DIGI&utm_medium=CPV&utm_campaign=BosquesUrbanos&utm_id=Agosto_2023&gclid=Cj0KCQjw84anBhCtARIsAISI-xcOD9aRTag2Og9Osm6YyvAjDBOJVfRUW4kpnC131LlCkfslQlvZsysaAhLbEALw_wcB HTTP/1.1" 200 892
172.22.2.4 - - [20/Aug/2023:19:23:12 -0500] "GET /BLA/boletinlegal/ HTTP/1.1" 200 61130
216.245.221.92 - - [20/Aug/2023:19:28:20 -0500] "HEAD / HTTP/1.1" 200 -
173.252.111.118 - - [20/Aug/2023:19:28:38 -0500] "GET /calidad-del-aire-distrito-avanza-unido-por-un-nuevo-aire.html?utm_id=Julio_2023 HTTP/1.1" 200 783
190.26.48.14 - - [20/Aug/2023:19:28:40 -0500] "GET /bogota-empieza-la-consolidacion-de-la-estrategia-de-bosques-urbanos-con-el-brazo-salitre-en-barrios-unidos.html?utm_source=Meta_DIGI&utm_medium=CPV&utm_campaign=BosquesUrbanos&utm_id=Agosto_2023&fbclid=IwAR1RWyTh-H_NZYGtpakuWI6DkyY9pGphxRvYIVlM7-exWZpUpYkY22_AI_w_aem_Aal-2wHeDhB3Zf-rxT86MvqO_A3U_skDrFvw7rts0_7Bb3Iz1hNOx6jo79yLOB1X2bNs3NWm_fWb31fdxR2BQ5GW HTTP/1.1" 200 892
186.84.90.239 - - [20/Aug/2023:19:28:57 -0500] "GET /bogota-empieza-la-consolidacion-de-la-estrategia-de-bosques-urbanos-con-el-brazo-salitre-en-barrios-unidos.html?utm_source=Youtube_DIGI&utm_medium=CPV&utm_campaign=BosquesUrbanos&utm_id=Agosto_2023&wbraid=ClEKCAjw84anBhA4EkEAIpkM5VJAA9M1Ur2MNErir5rjmFJWvB3wHbDqNzXSWSbfapHBoHkt1yr5qMK_w4Nme4Nxoe0fFkdclZQLhKoJTxoCiGI HTTP/1.1" 200 892
186.84.90.239 - - [20/Aug/2023:19:28:58 -0500] "GET /favicon.ico HTTP/1.1" 404 1136
201.245.192.253 - - [20/Aug/2023:19:28:55 -0500] "POST /kwsrmcab/Wsrmcab  HTTP/1.1" 200 41818
179.51.124.34 - - [20/Aug/2023:19:29:12 -0500] "GET /inscribete-y-participa-en-la-convencion-internacional-de-emergencia-climatica-bogota-2023.html HTTP/1.1" 200 895
201.245.192.253 - - [20/Aug/2023:19:29:20 -0500] "POST /kwsrmcab/Wsrmcab HTTP/1.1" 200 42594
201.245.192.253 - - [20/Aug/2023:19:29:24 -0500] "POST /kwsrmcab/Wsrmcab HTTP/1.1" 200 40651
172.22.2.4 - - [20/Aug/2023:19:28:12 -0500] "HEAD /BLA/boletinlegal/ HTTP/1.1" 200 -
172.22.2.4 - - [20/Aug/2023:19:29:02 -0500] "GET /BLA/boletinlegal/ HTTP/1.1" 200 60692
52.167.144.78 - - [20/Aug/2023:19:32:31 -0500] "GET /BLA/resoluciones/RESOLUCIONES%202014/3427.pdf HTTP/1.1" 304 -
216.245.221.92 - - [20/Aug/2023:19:33:20 -0500] "HEAD / HTTP/1.1" 200 -
201.245.192.253 - - [20/Aug/2023:19:33:54 -0500] "POST /kwsrmcab/Wsrmcab  HTTP/1.1" 200 41818
172.22.2.4 - - [20/Aug/2023:19:33:20 -0500] "GET /BLA/boletinlegal/?XDEBUG_SESSION_START=phpstorm HTTP/1.1" 200 40907
172.22.2.4 - - [20/Aug/2023:19:35:07 -0500] "GET /BLA/boletinlegal/Directivas/2022/DIRECTIVA%20No.%2000002%20DEL%2022%20DE%20JUNIO%20DEL%202022.pdf HTTP/1.1" 200 384175
172.22.2.4 - - [20/Aug/2023:19:35:08 -0500] "GET /BLA/boletinlegal/Directivas/2022/DIRECTIVA%20No.%2000002%20DEL%2022%20DE%20JUNIO%20DEL%202022.pdf HTTP/1.1" 200 384175
172.22.2.4 - - [20/Aug/2023:19:34:02 -0500] "HEAD /BLA/boletinlegal/ HTTP/1.1" 200 -
190.27.105.67 - - [20/Aug/2023:19:36:12 -0500] "GET /forest/ HTTP/1.1" 200 12041
190.27.105.67 - - [20/Aug/2023:19:36:15 -0500] "POST /forest/index.php HTTP/1.1" 200 12268
172.22.2.4 - - [20/Aug/2023:19:34:52 -0500] "GET /BLA/boletinlegal/ HTTP/1.1" 200 47010
172.22.2.4 - - [20/Aug/2023:19:35:18 -0500] "GET /BLA/boletinlegal/ HTTP/1.1" 200 47863
179.19.37.89 - - [20/Aug/2023:19:37:23 -0500] "GET /bogota-empieza-la-consolidacion-de-la-estrategia-de-bosques-urbanos-con-el-brazo-salitre-en-barrios-unidos.html?utm_source=Meta_DIGI&utm_medium=CPV&utm_campaign=BosquesUrbanos&utm_id=Agosto_2023&fbclid=IwAR2VA9nJQW7xOpCbge655rXiRod4eUc_aPDbdUs16_4M3ij0IGtcM1ukBfE_aem_Aalusx8_n0e-7bV0GwpDsPsRYk6mX8FwwvfEeOlzJpBncgCJD-w3rfMa7zUU19A6VghepKcOfomYBymSp_Eeksr5 HTTP/1.1" 200 892
181.61.101.77 - - [20/Aug/2023:19:38:09 -0500] "GET /bogota-empieza-la-consolidacion-de-la-estrategia-de-bosques-urbanos-con-el-brazo-salitre-en-barrios-unidos.html?utm_source=Youtube_DIGI&utm_medium=CPV&utm_campaign=BosquesUrbanos&utm_id=Agosto_2023&gclid=Cj0KCQjw84anBhCtARIsAISI-xdzOlXRXO96jjmgHvfrG1bf4bQ84znVbDbDNCp7OFzO5HUhb0PVkioaAoKAEALw_wcB HTTP/1.1" 200 892
191.95.52.54 - - [20/Aug/2023:19:38:18 -0500] "GET /bogota-empieza-la-consolidacion-de-la-estrategia-de-bosques-urbanos-con-el-brazo-salitre-en-barrios-unidos.html?utm_source=Meta_DIGI&utm_medium=CPV&utm_campaign=BosquesUrbanos&utm_id=Agosto_2023&fbclid=IwAR0FdkZYq-sYtXDxAJAZf3XJsDAImF-_5OZzwMauGjxSqZ2_fNcR8tG6Jnc_aem_Aan7r17_eWSDIhnRTXHbhe_8EAs-MY41PnUaGuVgwPzw2h1axbeoNzYu0qEtVwqZ9C2ezsXbUs713uxdlajUwl_5 HTTP/1.1" 200 892
216.245.221.92 - - [20/Aug/2023:19:38:20 -0500] "HEAD / HTTP/1.1" 200 -
201.245.192.253 - - [20/Aug/2023:19:38:53 -0500] "POST /kwsrmcab/Wsrmcab  HTTP/1.1" 200 41818
172.22.2.4 - - [20/Aug/2023:19:39:19 -0500] "GET /BLA/boletinlegal/Circulares/2019/.pdf HTTP/1.1" 404 1218
201.245.192.253 - - [20/Aug/2023:19:39:20 -0500] "POST /kwsrmcab/Wsrmcab HTTP/1.1" 200 42594
201.245.192.253 - - [20/Aug/2023:19:39:23 -0500] "POST /kwsrmcab/Wsrmcab HTTP/1.1" 200 40651
191.95.1.137 - - [20/Aug/2023:19:39:31 -0500] "GET /bogota-empieza-la-consolidacion-de-la-estrategia-de-bosques-urbanos-con-el-brazo-salitre-en-barrios-unidos.html?utm_source=Meta_DIGI&utm_medium=CPV&utm_campaign=BosquesUrbanos&utm_id=Agosto_2023&fbclid=IwAR1Zljiw7_9KEfLqQE12Tat9qgwgLC6fTWBiL_DChMWwqi2axXyf7AfakHk_aem_Aakb2errn9MA0v-DA74mHjrCxXXWV-lNrfEoIxL2bVgbYepp3ZEwIfG5b00VdEE073zBym1g21CcbP2ONsSVtYQ- HTTP/1.1" 200 892
172.22.2.4 - - [20/Aug/2023:19:39:52 -0500] "HEAD /BLA/boletinlegal/ HTTP/1.1" 200 -
172.22.2.4 - - [20/Aug/2023:19:42:00 -0500] "GET /BLA/boletinlegal/jurisprudencia/analisis/Analisis%20Jurisprudencia%20Sent%202000-00005-01.doc HTTP/1.1" 304 -
191.156.48.34 - - [20/Aug/2023:19:42:10 -0500] "GET /bogota-empieza-la-consolidacion-de-la-estrategia-de-bosques-urbanos-con-el-brazo-salitre-en-barrios-unidos.html?utm_source=Meta_DIGI&utm_medium=CPV&utm_campaign=BosquesUrbanos&utm_id=Agosto_2023&fbclid=IwAR3sjk1degRqdUQaSgvKC9tLqc5_mxJ3VkYMWqzsy-sZjicJ2w0nT48o9YA_aem_AamRSml2DKiWp4mTBvK3ePmw_JD8Q6C9vgV1Ob5RJVBxITU6XXyyq3rxmwYJVvQiFMa96CbYRLCespvEXvpp-CMg HTTP/1.1" 200 892
172.22.2.4 - - [20/Aug/2023:19:40:42 -0500] "GET /BLA/boletinlegal/ HTTP/1.1" 200 53013
216.245.221.92 - - [20/Aug/2023:19:43:20 -0500] "HEAD / HTTP/1.1" 200 -
201.245.192.253 - - [20/Aug/2023:19:43:51 -0500] "POST /kwsrmcab/Wsrmcab  HTTP/1.1" 200 41818
191.156.191.78 - - [20/Aug/2023:19:44:46 -0500] "GET /bogota-empieza-la-consolidacion-de-la-estrategia-de-bosques-urbanos-con-el-brazo-salitre-en-barrios-unidos.html?utm_source=Meta_DIGI&utm_medium=CPV&utm_campaign=BosquesUrbanos&utm_id=Agosto_2023&fbclid=IwAR1T9Z66x9OJK1AZOaKEh79LiWjfr4_j4TJqtME8Xyja-hnQ4gQfcaXswzU_aem_Aam1s99C10ib2NXCjBHYPvSI_iCgh_PQdsBx4WpcSkLRcnI4E0JUaOmcWwFvlERGYyHLPk-LfQUhkineJyTZWPvW HTTP/1.1" 200 892
191.108.45.87 - - [20/Aug/2023:19:45:06 -0500] "GET /bogota-empieza-la-consolidacion-de-la-estrategia-de-bosques-urbanos-con-el-brazo-salitre-en-barrios-unidos.html?utm_source=Meta_DIGI&utm_medium=CPV&utm_campaign=BosquesUrbanos&utm_id=Agosto_2023&fbclid=IwAR0Sr-Bm9Zv8HFQ0QeSahROeXrJsEFsEmdRrdM8Kk-LbZaZT4GnzuM_ol5w_aem_AalqIsuNkw1yC-hM6cDWkiettfB7HjAHC3Ur6UtPbN11ErtJgZcXqKJhKKCkEy5KmghbdPAXYxo3KlLe8khGip1u HTTP/1.1" 200 892
69.171.251.119 - - [20/Aug/2023:19:45:17 -0500] "GET /images/Acuerdos%2001%20(1)%20(1).jpeg HTTP/1.1" 200 32884
191.111.22.187 - - [20/Aug/2023:19:46:00 -0500] "GET /bogota-empieza-la-consolidacion-de-la-estrategia-de-bosques-urbanos-con-el-brazo-salitre-en-barrios-unidos.html?utm_source=Meta_DIGI&utm_medium=CPV&utm_campaign=BosquesUrbanos&utm_id=Agosto_2023&fbclid=IwAR28B-cS88hEkp4Bgp3uh6H29aXIey1ykgvXtJJtnor_2LZouBIakfimpvk_aem_AalkpFCPm_4Ll2isFOK1rRHh21JroKB10Z-chW_6pFJrsYuH1mocLj_tz6y59RYrRwKDr--KLXXxHDK7X5C52v7w HTTP/1.1" 200 892
172.22.2.4 - - [20/Aug/2023:19:45:42 -0500] "HEAD /BLA/boletinlegal/ HTTP/1.1" 200 -
172.22.2.4 - - [20/Aug/2023:19:46:32 -0500] "GET /BLA/boletinlegal/ HTTP/1.1" 200 59699
216.245.221.92 - - [20/Aug/2023:19:48:20 -0500] "HEAD / HTTP/1.1" 200 -
201.245.192.253 - - [20/Aug/2023:19:48:50 -0500] "POST /kwsrmcab/Wsrmcab  HTTP/1.1" 200 41818
191.95.59.46 - - [20/Aug/2023:19:50:19 -0500] "GET /bogota-empieza-la-consolidacion-de-la-estrategia-de-bosques-urbanos-con-el-brazo-salitre-en-barrios-unidos.html?utm_source=Meta_DIGI&utm_medium=CPV&utm_campaign=BosquesUrbanos&utm_id=Agosto_2023&fbclid=IwAR3ZOmtqTV7ZAzOPeWTRjz3477ozSv1PUJRvfXZSXoIglqrH9OA4d678m1Q_aem_Aal5pkqYlFGkQQ443PuxfI6TkyJRGvAE1CJWzKsgq0SnDD7LiGtCwWx2E13JnOubyCbHvGg3PxIxansZvmxUAdoh HTTP/1.1" 200 892
52.167.144.43 - - [20/Aug/2023:19:51:49 -0500] "GET /forest/ HTTP/1.1" 200 12041
172.22.2.4 - - [20/Aug/2023:19:51:32 -0500] "HEAD /BLA/boletinlegal/ HTTP/1.1" 200 -
216.245.221.92 - - [20/Aug/2023:19:53:20 -0500] "HEAD / HTTP/1.1" 200 -
201.245.192.253 - - [20/Aug/2023:19:53:48 -0500] "POST /kwsrmcab/Wsrmcab  HTTP/1.1" 200 41818
172.22.2.4 - - [20/Aug/2023:19:52:22 -0500] "GET /BLA/boletinlegal/ HTTP/1.1" 200 52656
172.22.2.4 - - [20/Aug/2023:19:54:31 -0500] "GET /BLA/boletinlegal/.git/config HTTP/1.1" 404 1038
172.22.2.4 - - [20/Aug/2023:19:54:32 -0500] "GET /BLA/boletinlegal/.git/config HTTP/1.1" 404 1038
172.22.2.4 - - [20/Aug/2023:19:54:35 -0500] "GET /BLA/boletinlegal/.git/config HTTP/1.1" 404 1038
172.22.2.4 - - [20/Aug/2023:19:54:37 -0500] "GET /BLA/boletinlegal/.git/config HTTP/1.1" 404 1038
66.249.70.5 - - [20/Aug/2023:19:54:39 -0500] "GET /BLA/resoluciones/AUTOS%202012/0526.pdf HTTP/1.1" 200 401404
66.249.70.7 - - [20/Aug/2023:19:54:40 -0500] "GET /BLA/resoluciones/AUTOS%202007/2818.pdf HTTP/1.1" 200 178833
52.167.144.43 - - [20/Aug/2023:19:54:50 -0500] "GET /Publicaciones/2023EE137866.pdf HTTP/1.1" 404 228
20.99.210.78 - - [20/Aug/2023:19:55:01 -0500] "GET /Publicaciones/2023EE137866.pdf HTTP/1.1" 404 228
200.118.61.10 - - [20/Aug/2023:19:55:19 -0500] "GET /bogota-empieza-la-consolidacion-de-la-estrategia-de-bosques-urbanos-con-el-brazo-salitre-en-barrios-unidos.html?utm_source=Meta_DIGI&utm_medium=CPV&utm_campaign=BosquesUrbanos&utm_id=Agosto_2023&fbclid=IwAR3x7-TdTHpV6HwugtI-JYqWn7d7wAZF2vcbmQ3-hTi4FdZvj4pP0FjZbMI_aem_AalKav76ii1Yw9sEoMapL2KGkRrplmcy1S_SpiP8DLMtWtnj6jzbe2vH6yGcUBXvQ0RMDiUX_WALN_VhS0BhVT_g HTTP/1.1" 200 892
216.245.221.92 - - [20/Aug/2023:19:58:20 -0500] "HEAD / HTTP/1.1" 200 -
201.245.192.253 - - [20/Aug/2023:19:58:47 -0500] "POST /kwsrmcab/Wsrmcab  HTTP/1.1" 200 41818
172.22.2.4 - - [20/Aug/2023:19:57:21 -0500] "HEAD /BLA/boletinlegal/ HTTP/1.1" 200 -
172.22.2.4 - - [20/Aug/2023:19:58:12 -0500] "GET /BLA/boletinlegal/ HTTP/1.1" 200 57790
172.22.2.4 - - [20/Aug/2023:20:02:21 -0500] "GET /BLA/boletinlegal/ HTTP/1.1" 200 32715
216.245.221.92 - - [20/Aug/2023:20:03:20 -0500] "HEAD / HTTP/1.1" 200 -
201.245.192.253 - - [20/Aug/2023:20:03:46 -0500] "POST /kwsrmcab/Wsrmcab  HTTP/1.1" 200 41818
157.55.39.216 - - [20/Aug/2023:20:04:27 -0500] "GET /portaldeninos/parque-mirador-de-los-nevados/ HTTP/1.1" 200 89855
172.22.2.4 - - [20/Aug/2023:20:03:11 -0500] "HEAD /BLA/boletinlegal/ HTTP/1.1" 200 -
186.84.88.250 - - [20/Aug/2023:20:05:02 -0500] "GET /bogota-empieza-la-consolidacion-de-la-estrategia-de-bosques-urbanos-con-el-brazo-salitre-en-barrios-unidos.html?utm_source=Meta_DIGI&utm_medium=CPV&utm_campaign=BosquesUrbanos&utm_id=Agosto_2023&fbclid=IwAR2yW2c8lWfWKMKC-pQS9BgNV2NFymtv9vWCFZ_pDZF0E1tbL-FHYv2F2YY_aem_AakdnX3enUGqizAOAKHoyvRgL9yew161JStwPsMzk-FhXJrWsn2Y-S3bA_Yt7y1bR3w2L7rD41i_5pB4CEifYN78 HTTP/1.1" 200 892
172.22.2.4 - - [20/Aug/2023:20:04:51 -0500] "GET /BLA/boletinlegal/ HTTP/1.1" 200 32715
172.22.2.4 - - [20/Aug/2023:20:04:02 -0500] "GET /BLA/boletinlegal/ HTTP/1.1" 200 49695
172.22.2.4 - - [20/Aug/2023:20:08:02 -0500] "GET /BLA/boletinlegal/Circulares/2021/CIRCULAR%20No.%2000009%20DEL%2001%20DE%20OCTUBRE%20DEL%202021.pdf HTTP/1.1" 200 320793
216.245.221.92 - - [20/Aug/2023:20:08:20 -0500] "HEAD / HTTP/1.1" 200 -
191.156.58.91 - - [20/Aug/2023:20:08:20 -0500] "GET /bogota-empieza-la-consolidacion-de-la-estrategia-de-bosques-urbanos-con-el-brazo-salitre-en-barrios-unidos.html?utm_source=Meta_DIGI&utm_medium=CPV&utm_campaign=BosquesUrbanos&utm_id=Agosto_2023&fbclid=IwAR3gjBTOLzaugyLtISoTXX37MP3UWGYXegT-zMqemvwT_ez8zxYckdFRycw_aem_AamzK9tX0y0r51WcyAhBIu2_-d9dPwfjffIY3JjupPRMATlTB59NDdxUKDubssPFgQ9L5IPtFTDDnH6hrXw4JcQY HTTP/1.1" 200 892
201.245.192.253 - - [20/Aug/2023:20:08:44 -0500] "POST /kwsrmcab/Wsrmcab  HTTP/1.1" 200 41818
186.155.15.51 - - [20/Aug/2023:20:09:36 -0500] "GET /bogota-empieza-la-consolidacion-de-la-estrategia-de-bosques-urbanos-con-el-brazo-salitre-en-barrios-unidos.html?utm_source=Meta_DIGI&utm_medium=CPV&utm_campaign=BosquesUrbanos&utm_id=Agosto_2023&fbclid=IwAR28ZZFtUQp395aI228PvtkeyPVQ9jjQ5Pm7OHv4ICfblnmfllpuAO7e5Go_aem_Aan8KYgvgCjbdvfzclUXXDTo8X51oz04mdH82wNkbSZP_kKf2OBZa_NcQ5lzt6yG5DIpRdnYDA9u_1fwVyqbH3Eo HTTP/1.1" 200 892
172.22.2.4 - - [20/Aug/2023:20:09:01 -0500] "HEAD /BLA/boletinlegal/ HTTP/1.1" 200 -
181.61.7.213 - - [20/Aug/2023:20:11:22 -0500] "GET /bogota-empieza-la-consolidacion-de-la-estrategia-de-bosques-urbanos-con-el-brazo-salitre-en-barrios-unidos.html?utm_source=Meta_DIGI&utm_medium=CPV&utm_campaign=BosquesUrbanos&utm_id=Agosto_2023&fbclid=IwAR12SyVQmb5gzQA9dLB_LAXDg0PsiVi5XCdamjwsg5PUdxF1MOlwXLqfnts_aem_AamJBWkc9FnnHkzguUkbIwVQQ0q-Lgv-4kmWwthRZYUjimzEq9DjUnom5eGqMcN9Ar9f_XVIWwClIgl2HRck9BHF HTTP/1.1" 200 892
172.22.2.4 - - [20/Aug/2023:20:09:52 -0500] "GET /BLA/boletinlegal/ HTTP/1.1" 200 58597
172.22.2.4 - - [20/Aug/2023:20:12:57 -0500] "GET /BLA/boletinlegal/actos.php HTTP/1.1" 200 9682
191.95.62.192 - - [20/Aug/2023:20:13:03 -0500] "GET / HTTP/1.1" 200 4720
191.95.62.192 - - [20/Aug/2023:20:13:03 -0500] "GET /js/url.js HTTP/1.1" 404 1294
172.22.2.4 - - [20/Aug/2023:20:11:37 -0500] "GET /BLA/boletinlegal/index.php HTTP/1.1" 200 62795
172.22.2.4 - - [20/Aug/2023:20:13:18 -0500] "GET /BLA/boletinlegal/js/jquery.scrollShow.js HTTP/1.1" 200 4586
216.245.221.92 - - [20/Aug/2023:20:13:20 -0500] "HEAD / HTTP/1.1" 200 -
201.245.192.253 - - [20/Aug/2023:20:13:43 -0500] "POST /kwsrmcab/Wsrmcab  HTTP/1.1" 200 41818
51.222.253.18 - - [20/Aug/2023:20:14:00 -0500] "GET /robots.txt HTTP/1.1" 404 1018
162.55.166.12 - - [20/Aug/2023:20:15:03 -0500] "GET / HTTP/1.1" 200 4720
186.84.21.137 - - [20/Aug/2023:20:15:06 -0500] "GET /bogota-empieza-la-consolidacion-de-la-estrategia-de-bosques-urbanos-con-el-brazo-salitre-en-barrios-unidos.html?utm_source=Meta_DIGI&utm_medium=CPV&utm_campaign=BosquesUrbanos&utm_id=Agosto_2023&fbclid=IwAR1BHwQ64Z-lPka6kewvsr-yjncmXYHyDRU9zCAT5OJKAwdg5LGuXSf-LNo_aem_Aam36Yl5GZ3ZRAxbtcRUca_oYoAtt3oQEh6k0assStKJmAmqkVpcdVnBwoZjRv0luC7m7TIGUtwKSlnTUAT_vZsa HTTP/1.1" 200 892
162.55.166.12 - - [20/Aug/2023:20:15:06 -0500] "GET / HTTP/1.1" 200 319
