191.95.175.47 - - [20/Aug/2023:13:07:46 -0500] "GET /bogota-empieza-la-consolidacion-de-la-estrategia-de-bosques-urbanos-con-el-brazo-salitre-en-barrios-unidos.html?utm_source=Meta_DIGI&utm_medium=CPV&utm_campaign=BosquesUrbanos&utm_id=Agosto_2023&fbclid=IwAR32XwQpWS1ovtUgdDzUvNigUw4oS5Ndqzc7zEhEf8OUTF5KvCRBwAbpEMs_aem_AfIT3Asl4Io-Jce5waRQqQoaIGdsLzTnj_Nn_0aFuUUKeZ_oPkaw7Chtp1Ht4a1_er6i12hOEjhNRYN6iiqVLGNc HTTP/1.1" 200 892
173.252.87.8 - - [20/Aug/2023:13:08:01 -0500] "GET /zuma-propuesta-de-pot-una-herramienta-clave-para-seguir-mejorando-la-calidad-del-aire-de-bogota.html HTTP/1.1" 200 1029
179.19.193.8 - - [20/Aug/2023:13:08:09 -0500] "GET /bogota-empieza-la-consolidacion-de-la-estrategia-de-bosques-urbanos-con-el-brazo-salitre-en-barrios-unidos.html?utm_source=Meta_DIGI&utm_medium=CPV&utm_campaign=BosquesUrbanos&utm_id=Agosto_2023&fbclid=IwAR3_w3bSjXsQQ0lsJ7Iwh7MfcAYe0FdCH5RleUm7NfOtKYGE-wfOUvcdJCs_aem_AfKLZKYxo1ztnfbyBQPX16LvUR7bz8IzwwwWn-wCwvp-AqIiSARSI9Aty8muk_a9xyRIdGvh5u5QhOJyedgUVsAL HTTP/1.1" 200 892
216.245.221.92 - - [20/Aug/2023:13:08:21 -0500] "HEAD / HTTP/1.1" 200 -
190.217.63.242 - - [20/Aug/2023:13:08:49 -0500] "GET /bogota-empieza-la-consolidacion-de-la-estrategia-de-bosques-urbanos-con-el-brazo-salitre-en-barrios-unidos.html?utm_source=Meta_DIGI&utm_medium=CPV&utm_campaign=BosquesUrbanos&utm_id=Agosto_2023&fbclid=IwAR0w1bFImZbO-su3UvEF48pNcsYDt2nSD-F1UzoIA5l2NcAwRfmXDxYopdw_aem_AfJkEd6ZtAgHo5Qqri4-dQAc2Ip28jx1aawfmeEWOtynEoyNkUzUUnQmBPwG0qve94FfWUhzBmMi7CVoMugxRyOP HTTP/1.1" 200 892
191.156.151.231 - - [20/Aug/2023:13:09:05 -0500] "GET /bogota-empieza-la-consolidacion-de-la-estrategia-de-bosques-urbanos-con-el-brazo-salitre-en-barrios-unidos.html?utm_source=Meta_DIGI&utm_medium=CPV&utm_campaign=BosquesUrbanos&utm_id=Agosto_2023&fbclid=IwAR31fSHK75faMLv324Uo89bwdzXLRiB7Ft_kmHC0OOuX0wG3sGBfH8C6juk_aem_AfLYpDkIVc4B4Okp2E354cakkQ5MqgzgKPLstu6-OK7nNfj0i3B4bn5k_9kHdQfFIjKEOQbOrzwiHqqIt4Ihctfs HTTP/1.1" 200 892
201.245.192.253 - - [20/Aug/2023:13:10:12 -0500] "POST /kwsrmcab/Wsrmcab  HTTP/1.1" 200 41818
172.22.2.4 - - [20/Aug/2023:13:09:03 -0500] "HEAD /BLA/boletinlegal/ HTTP/1.1" 200 -
172.22.2.4 - - [20/Aug/2023:13:09:53 -0500] "GET /BLA/boletinlegal/ HTTP/1.1" 200 58597
186.154.104.126 - - [20/Aug/2023:13:11:57 -0500] "GET /BLA/boletinlegal/js/jquery.scrollShow.js HTTP/1.1" 200 4586
186.154.104.126 - - [20/Aug/2023:13:11:57 -0500] "GET /galeria/galeria/jquery.fancybox.css?v=2.1.5 HTTP/1.1" 200 4895
186.154.104.126 - - [20/Aug/2023:13:11:57 -0500] "GET /galeria/galeria/jquery.fancybox.js?v=2.1.5 HTTP/1.1" 200 48706
216.245.221.92 - - [20/Aug/2023:13:13:22 -0500] "HEAD / HTTP/1.1" 200 -
173.252.111.6 - - [20/Aug/2023:13:13:25 -0500] "GET /images/avistamiento-aves.jpg HTTP/1.1" 200 104313
173.252.111.118 - - [20/Aug/2023:13:13:30 -0500] "GET /images/camino-guadalupe-aguanoso.jpg HTTP/1.1" 200 103489
173.252.111.1 - - [20/Aug/2023:13:13:31 -0500] "GET /images/Caminatas-ecologicas-julio.jpg HTTP/1.1" 200 480557
173.252.111.7 - - [20/Aug/2023:13:13:31 -0500] "GET /images/construccion-sostenible-.jpg HTTP/1.1" 200 82949
201.245.192.253 - - [20/Aug/2023:13:15:11 -0500] "POST /kwsrmcab/Wsrmcab  HTTP/1.1" 200 41818
172.22.2.4 - - [20/Aug/2023:13:14:53 -0500] "HEAD /BLA/boletinlegal/ HTTP/1.1" 200 -
168.119.48.175 - - [20/Aug/2023:13:16:53 -0500] "GET / HTTP/1.1" 200 4720
168.119.48.175 - - [20/Aug/2023:13:16:53 -0500] "GET / HTTP/1.1" 200 319
172.22.2.4 - - [20/Aug/2023:13:15:43 -0500] "GET /BLA/boletinlegal/ HTTP/1.1" 200 60692
216.245.221.92 - - [20/Aug/2023:13:18:21 -0500] "HEAD / HTTP/1.1" 200 -
201.245.192.253 - - [20/Aug/2023:13:19:21 -0500] "POST /kwsrmcab/Wsrmcab HTTP/1.1" 200 42753
201.245.192.253 - - [20/Aug/2023:13:19:24 -0500] "POST /kwsrmcab/Wsrmcab HTTP/1.1" 200 40800
201.245.192.253 - - [20/Aug/2023:13:20:09 -0500] "POST /kwsrmcab/Wsrmcab  HTTP/1.1" 200 41818
172.22.2.4 - - [20/Aug/2023:13:20:42 -0500] "HEAD /BLA/boletinlegal/ HTTP/1.1" 200 -
172.22.2.4 - - [20/Aug/2023:13:21:33 -0500] "GET /BLA/boletinlegal/ HTTP/1.1" 200 58597
216.245.221.92 - - [20/Aug/2023:13:23:21 -0500] "HEAD / HTTP/1.1" 200 -
66.249.70.7 - - [20/Aug/2023:13:24:38 -0500] "GET /BLA/resoluciones/RESOLUCIONES%202011/0849.pdf HTTP/1.1" 200 292483
66.249.70.7 - - [20/Aug/2023:13:24:39 -0500] "GET /Publicaciones/2023EE164643.pdf HTTP/1.1" 404 228
66.249.70.6 - - [20/Aug/2023:13:24:39 -0500] "GET /BLA/resoluciones/RESOLUCIONES%202014/3237.pdf HTTP/1.1" 200 3746310
66.249.70.6 - - [20/Aug/2023:13:24:41 -0500] "GET /BLA/resoluciones/AUTOS%202010/0146.pdf HTTP/1.1" 200 173665
66.249.70.5 - - [20/Aug/2023:13:24:42 -0500] "GET /BLA/resoluciones/AUTOS%202016/0741.pdf HTTP/1.1" 200 544461
66.249.70.6 - - [20/Aug/2023:13:24:42 -0500] "GET /BLA/resoluciones/RESOLUCIONES%202007/RES%202007%201501%20AL%201600/RESOLUCION%201541%20DE%202007.pdf HTTP/1.1" 200 528274
201.245.192.253 - - [20/Aug/2023:13:25:08 -0500] "POST /kwsrmcab/Wsrmcab  HTTP/1.1" 200 41818
172.22.2.4 - - [20/Aug/2023:13:26:32 -0500] "HEAD /BLA/boletinlegal/ HTTP/1.1" 200 -
216.245.221.92 - - [20/Aug/2023:13:28:21 -0500] "HEAD / HTTP/1.1" 200 -
172.22.2.4 - - [20/Aug/2023:13:28:34 -0500] "GET /BLA/boletinlegal/Circulares/2022/CIRCULAR%20No.%2000003%20DEL%2007%20DE%20MARZO%20DEL%202022.pdf HTTP/1.1" 200 311468
172.22.2.4 - - [20/Aug/2023:13:28:39 -0500] "GET /BLA/boletinlegal/favicon.ico HTTP/1.1" 404 1498
172.22.2.4 - - [20/Aug/2023:13:27:23 -0500] "GET /BLA/boletinlegal/ HTTP/1.1" 200 53362
172.22.2.4 - - [20/Aug/2023:13:29:19 -0500] "GET /BLA/boletinlegal/actos.php HTTP/1.1" 200 9682
201.245.192.253 - - [20/Aug/2023:13:29:22 -0500] "POST /kwsrmcab/Wsrmcab HTTP/1.1" 200 42753
201.245.192.253 - - [20/Aug/2023:13:29:25 -0500] "POST /kwsrmcab/Wsrmcab HTTP/1.1" 200 40800
201.245.192.253 - - [20/Aug/2023:13:30:07 -0500] "POST /kwsrmcab/Wsrmcab  HTTP/1.1" 200 41818
191.156.253.128 - - [20/Aug/2023:13:31:37 -0500] "GET /bogota-empieza-la-consolidacion-de-la-estrategia-de-bosques-urbanos-con-el-brazo-salitre-en-barrios-unidos.html?utm_source=Meta_DIGI&utm_medium=CPV&utm_campaign=BosquesUrbanos&utm_id=Agosto_2023&fbclid=IwAR2EIXTKzuC64IUqJ2yJcfNwTqE1d63uTnbdBnRTN7OR3AeSjaiJt7EXW5Y_aem_AfJ8HbghC1SzhLbSMmY3_VOnQnqlHOmGwHytItOB0A35anp0RrHYdU3U24_yG5sZWvRV-keE0KOkJDn6do5U4lDO HTTP/1.1" 200 892
186.84.22.10 - - [20/Aug/2023:13:32:11 -0500] "GET /bogota-empieza-la-consolidacion-de-la-estrategia-de-bosques-urbanos-con-el-brazo-salitre-en-barrios-unidos.html?utm_source=Meta_DIGI&utm_medium=CPV&utm_campaign=BosquesUrbanos&utm_id=Agosto_2023&fbclid=IwAR1e88WD6DNG-9aqtSjijafE1Wg2EDdOH3poEl3IllXRLvV2UsYt620ZJIo_aem_AfIepGRG2VR5NKS91QbgvJuYZTswvzSKGc4gbNXTByVsSJyUY4R6doAcqtPAQea0AovzajBQtrqJJVRmCvaLa0JM HTTP/1.1" 200 892
172.22.2.4 - - [20/Aug/2023:13:30:41 -0500] "GET /BLA/boletinlegal/ HTTP/1.1" 200 62795
181.78.13.205 - - [20/Aug/2023:13:33:13 -0500] "GET /inscribete-y-participa-en-la-convencion-internacional-de-emergencia-climatica-bogota-2023.html HTTP/1.1" 200 895
181.78.13.205 - - [20/Aug/2023:13:33:13 -0500] "GET /html/css/main.css?browserId=other&themeId=rknowsys_WAR_rknowsystheme&minifierType=css&languageId=es_ES&b=6202&t=1419355480000 HTTP/1.1" 404 1136
52.167.144.43 - - [20/Aug/2023:13:33:15 -0500] "GET /Publicaciones/2023EE189082.pdf HTTP/1.1" 200 231988
186.84.88.200 - - [20/Aug/2023:13:33:19 -0500] "GET /BLA/boletinlegal/js/jquery.scrollShow.js HTTP/1.1" 200 4586
186.84.88.200 - - [20/Aug/2023:13:33:19 -0500] "GET /galeria/galeria/jquery.fancybox.css?v=2.1.5 HTTP/1.1" 200 4895
186.84.88.200 - - [20/Aug/2023:13:33:19 -0500] "GET /galeria/galeria/jquery.fancybox.js?v=2.1.5 HTTP/1.1" 200 48706
216.245.221.92 - - [20/Aug/2023:13:33:21 -0500] "HEAD / HTTP/1.1" 200 -
172.22.2.4 - - [20/Aug/2023:13:32:22 -0500] "HEAD /BLA/boletinlegal/ HTTP/1.1" 200 -
172.22.2.4 - - [20/Aug/2023:13:33:13 -0500] "GET /BLA/boletinlegal/ HTTP/1.1" 200 58187
201.245.192.253 - - [20/Aug/2023:13:35:06 -0500] "POST /kwsrmcab/Wsrmcab  HTTP/1.1" 200 41818
186.112.48.206 - - [20/Aug/2023:13:35:57 -0500] "GET /galeria/galeria/jquery.fancybox.css?v=2.1.5 HTTP/1.1" 200 4895
179.1.98.62 - - [20/Aug/2023:13:36:32 -0500] "GET /bogota-empieza-la-consolidacion-de-la-estrategia-de-bosques-urbanos-con-el-brazo-salitre-en-barrios-unidos.html?utm_source=Meta_DIGI&utm_medium=CPV&utm_campaign=BosquesUrbanos&utm_id=Agosto_2023&fbclid=IwAR0RzhW0OiMpCJKizlFcvCbYX4WbYphz4_X9BhpX0w3lLnxx3msaWYC9Kfo_aem_AfIRT1MXwDKR9W9Vrm3J8AUso3ldvmk5lmq8u3zd5ORLEoU-Xu8fWFeWn0LEejs3gxs5FqlDQtSYayX73MlOjXzu HTTP/1.1" 200 892
186.84.22.10 - - [20/Aug/2023:13:36:51 -0500] "GET /bogota-empieza-la-consolidacion-de-la-estrategia-de-bosques-urbanos-con-el-brazo-salitre-en-barrios-unidos.html?utm_source=Meta_DIGI&utm_medium=CPV&utm_campaign=BosquesUrbanos&utm_id=Agosto_2023&fbclid=IwAR1e88WD6DNG-9aqtSjijafE1Wg2EDdOH3poEl3IllXRLvV2UsYt620ZJIo_aem_AfIepGRG2VR5NKS91QbgvJuYZTswvzSKGc4gbNXTByVsSJyUY4R6doAcqtPAQea0AovzajBQtrqJJVRmCvaLa0JM HTTP/1.1" 200 892
216.245.221.92 - - [20/Aug/2023:13:38:21 -0500] "HEAD / HTTP/1.1" 200 -
186.80.156.66 - - [20/Aug/2023:13:38:23 -0500] "GET /bogota-empieza-la-consolidacion-de-la-estrategia-de-bosques-urbanos-con-el-brazo-salitre-en-barrios-unidos.html?utm_source=Meta_DIGI&utm_medium=CPV&utm_campaign=BosquesUrbanos&utm_id=Agosto_2023&fbclid=IwAR1ra1MXDultiGXCR-GzcDluhkLZDE3qx0sINZE6deDn5UKbN0Zas_3tjcw_aem_AfKtu-OKPA0gkr3LygJtWmRsR1WRHmAgkS6zYwBfIrBMt3lQoSHbXFUJAUEpbQ7vrzdRXvkxuychRxCLKgE07tcC HTTP/1.1" 200 892
177.255.9.249 - - [20/Aug/2023:13:38:24 -0500] "GET /bogota-empieza-la-consolidacion-de-la-estrategia-de-bosques-urbanos-con-el-brazo-salitre-en-barrios-unidos.html?utm_source=Meta_DIGI&utm_medium=CPV&utm_campaign=BosquesUrbanos&utm_id=Agosto_2023&fbclid=IwAR2epxao3Bf9ILpt7XiLzxQtDcgOvWFpH-tpqiFyjGtA7WimDFFsS85X-Qw_aem_AfI64plQ7mpPRrAqRBrmvI0YwjcmWiusxdDblsbJ2ZnzWOexYvqHRYrCAhfkDdacBRkq6ZU6rq5ilkUjaXvkUHZt HTTP/1.1" 200 892
181.134.48.154 - - [20/Aug/2023:13:38:53 -0500] "GET /bogota-empieza-la-consolidacion-de-la-estrategia-de-bosques-urbanos-con-el-brazo-salitre-en-barrios-unidos.html?utm_source=Meta_DIGI&utm_medium=CPV&utm_campaign=BosquesUrbanos&utm_id=Agosto_2023&fbclid=IwAR2zaRocSrTt_JI8FqBm9I1FBABW8A5ihY0SIUTFPJjDKANufxoxhGr_c54_aem_AfJ_y9Br7-w4rMzxCWiQ5RaIHGbWSTeshYGLNCzL_WA1O1UTHmYllJ3QYeyMKUleRMvOoX7tZIEd8wqYkN-wymTH HTTP/1.1" 200 892
191.156.146.227 - - [20/Aug/2023:13:39:14 -0500] "GET /bogota-empieza-la-consolidacion-de-la-estrategia-de-bosques-urbanos-con-el-brazo-salitre-en-barrios-unidos.html?utm_source=Meta_DIGI&utm_medium=CPV&utm_campaign=BosquesUrbanos&utm_id=Agosto_2023&fbclid=IwAR2QCvlmpzRr3SXQXb0NW4vXbfJ29bAZ4SXby2BZJaxXE0vMweCnLKEotyI_aem_AfKpbsaM2hUD2zJiiVTVpnc1BOnfRxWOcgAbKrP7MoSXACVDlg3_cLkh5PIodYezTCaZ06T4Wdi47a7BnMqgOLzj HTTP/1.1" 200 892
201.245.192.253 - - [20/Aug/2023:13:39:21 -0500] "POST /kwsrmcab/Wsrmcab HTTP/1.1" 200 42753
201.245.192.253 - - [20/Aug/2023:13:39:25 -0500] "POST /kwsrmcab/Wsrmcab HTTP/1.1" 200 40800
172.22.2.4 - - [20/Aug/2023:13:38:12 -0500] "HEAD /BLA/boletinlegal/ HTTP/1.1" 200 -
201.245.192.253 - - [20/Aug/2023:13:40:06 -0500] "POST /kwsrmcab/Wsrmcab  HTTP/1.1" 200 41818
186.102.12.192 - - [20/Aug/2023:13:40:36 -0500] "GET /bogota-empieza-la-consolidacion-de-la-estrategia-de-bosques-urbanos-con-el-brazo-salitre-en-barrios-unidos.html?utm_source=Meta_DIGI&utm_medium=CPV&utm_campaign=BosquesUrbanos&utm_id=Agosto_2023&fbclid=IwAR0szV7UmnrVTfQK4luzwgaEcyEM4W4WRX36ulqSeuVNRk3yJAVJ5D0gOiA_aem_AfKPeuYHBFsPCMq_xyB91inF7OfDq9Z0jneo24dRsgAIcmb4Q2v9F2k5YmaUj_RV2v3c02eELVmG85-XXJKynsBC HTTP/1.1" 200 892
172.22.2.4 - - [20/Aug/2023:13:39:03 -0500] "GET /BLA/boletinlegal/ HTTP/1.1" 200 54150
186.102.66.131 - - [20/Aug/2023:13:41:19 -0500] "GET /bogota-empieza-la-consolidacion-de-la-estrategia-de-bosques-urbanos-con-el-brazo-salitre-en-barrios-unidos.html?utm_source=Meta_DIGI&utm_medium=CPV&utm_campaign=BosquesUrbanos&utm_id=Agosto_2023&fbclid=IwAR3maMvHNDFxCI7RqalrnvTEoZ-PTaPDwQrEYHfXLFAnIcI43uS0n0LGlKY_aem_AfL873j7j_HnNUeJaJMojb_55SC1N5mEdwM8szVXimv1LoK767L1ZWCj482xmNw5RV0AD9Q7SLFWTKo3rH2LToEZ HTTP/1.1" 200 892
35.233.62.116 - - [20/Aug/2023:13:41:25 -0500] "GET / HTTP/1.1" 200 319
181.53.12.93 - - [20/Aug/2023:13:41:55 -0500] "GET /bogota-empieza-la-consolidacion-de-la-estrategia-de-bosques-urbanos-con-el-brazo-salitre-en-barrios-unidos.html?utm_source=Meta_DIGI&utm_medium=CPV&utm_campaign=BosquesUrbanos&utm_id=Agosto_2023&fbclid=IwAR0Az3J9ncdm5xAgUxyGwmZYHY66gUVSb2S4RI4fS7i2z-WMa-YjxnfOyVc_aem_AfIPrft2W7tW1N31fk-XawJO4WLt5_cjRspiv18latSnt2vAvRI2b22FW7UtsB1KYCxMTv8jVS_48RWnX9CYO46a HTTP/1.1" 200 892
179.19.210.83 - - [20/Aug/2023:13:43:01 -0500] "GET /bogota-empieza-la-consolidacion-de-la-estrategia-de-bosques-urbanos-con-el-brazo-salitre-en-barrios-unidos.html?utm_source=Meta_DIGI&utm_medium=CPV&utm_campaign=BosquesUrbanos&utm_id=Agosto_2023&fbclid=IwAR3FijQXXqkkFhIwCHEINwzZqjWInyrkPBZ_dRMuZEtZN8rJy2qPHFOkd3w_aem_AfKkK8PDLpSl84O8ViR8ePZOZegHt5TJpCl85FIoUVtEcHuj_84BBH51gnaUi27MWm50n5W4xoIMrKVuXynV9ftC HTTP/1.1" 200 892
179.19.197.33 - - [20/Aug/2023:13:43:07 -0500] "GET /bogota-empieza-la-consolidacion-de-la-estrategia-de-bosques-urbanos-con-el-brazo-salitre-en-barrios-unidos.html?utm_source=Meta_DIGI&utm_medium=CPV&utm_campaign=BosquesUrbanos&utm_id=Agosto_2023&fbclid=IwAR2f2pu1n6RIzOnCnlcWZJ7TPVPPjBpbOOjc8G_wTYvmittgOSu1bHDIpJk_aem_AfLUjelygz7y-nf-SJwf-MyIpkVhQtQrURgLFPmdeJQ42fRa_1Y5hbfifCRSKXFYQzdQ0HhnMxwDSpdCxadfqn5g HTTP/1.1" 200 892
216.245.221.92 - - [20/Aug/2023:13:43:21 -0500] "HEAD / HTTP/1.1" 200 -
172.22.2.4 - - [20/Aug/2023:13:43:29 -0500] "GET /BLA/boletinlegal/jurisprudencia/analisis/CUADRO%20ANALISIS%20SENTENCIA%20T-411%20DE%201992.doc HTTP/1.1" 200 41984
201.245.192.253 - - [20/Aug/2023:13:45:05 -0500] "POST /kwsrmcab/Wsrmcab  HTTP/1.1" 200 41818
172.22.2.4 - - [20/Aug/2023:13:44:02 -0500] "HEAD /BLA/boletinlegal/ HTTP/1.1" 200 -
172.22.2.4 - - [20/Aug/2023:13:44:53 -0500] "GET /BLA/boletinlegal/ HTTP/1.1" 200 52656
191.95.41.172 - - [20/Aug/2023:13:48:20 -0500] "GET /BLA/resoluciones/RESOLUCIONES%202021/2903.pdf HTTP/1.1" 200 474460
181.61.204.138 - - [20/Aug/2023:13:48:20 -0500] "GET /galeria/galeria/jquery.fancybox.css?v=2.1.5 HTTP/1.1" 200 4895
181.61.204.138 - - [20/Aug/2023:13:48:20 -0500] "GET /galeria/galeria/jquery.fancybox.js?v=2.1.5 HTTP/1.1" 200 48706
181.61.204.138 - - [20/Aug/2023:13:48:20 -0500] "GET /BLA/boletinlegal/js/jquery.scrollShow.js HTTP/1.1" 200 4586
191.95.41.172 - - [20/Aug/2023:13:48:21 -0500] "GET /favicon.ico HTTP/1.1" 200 7782
216.245.221.92 - - [20/Aug/2023:13:48:21 -0500] "HEAD / HTTP/1.1" 200 -
186.31.173.136 - - [20/Aug/2023:13:48:46 -0500] "GET /bogota-empieza-la-consolidacion-de-la-estrategia-de-bosques-urbanos-con-el-brazo-salitre-en-barrios-unidos.html?utm_source=Meta_DIGI&utm_medium=CPV&utm_campaign=BosquesUrbanos&utm_id=Agosto_2023&fbclid=IwAR15Yx5j7aORmcHt1fFRcGUYuhj2ewGQpfFQQ__Mm2Oka6VpJFbSj0AmIjc_aem_AfLGL2pQ9fLaozBWz1iOG7YGsAnYARnEL8uz4Mcv-Em1Sh4bIffOa5ven-RArZQgiUFr0F5MuB1MHf5XgK5gONhO HTTP/1.1" 200 892
191.156.151.165 - - [20/Aug/2023:13:49:08 -0500] "GET /bogota-empieza-la-consolidacion-de-la-estrategia-de-bosques-urbanos-con-el-brazo-salitre-en-barrios-unidos.html?utm_source=Meta_DIGI&utm_medium=CPV&utm_campaign=BosquesUrbanos&utm_id=Agosto_2023&fbclid=IwAR2dDPgnXlZa0OpZdxk5CcS8mlbatU60gekrPYWNFajc3OBbxYBoSs1giLY_aem_AfLxTnGevMh9WNRZYRFVQku3NGjs408g9YdbsKyQ0vwm7sL3h4bzfKfvDG6iVd1yGIM7XsIl1aU260x8AYdF0SNn HTTP/1.1" 200 892
201.245.192.253 - - [20/Aug/2023:13:50:03 -0500] "POST /kwsrmcab/Wsrmcab  HTTP/1.1" 200 41818
172.22.2.4 - - [20/Aug/2023:13:49:52 -0500] "HEAD /BLA/boletinlegal/ HTTP/1.1" 200 -
172.22.2.4 - - [20/Aug/2023:13:50:43 -0500] "GET /BLA/boletinlegal/ HTTP/1.1" 200 59343
216.245.221.92 - - [20/Aug/2023:13:53:21 -0500] "HEAD / HTTP/1.1" 200 -
191.156.56.155 - - [20/Aug/2023:13:53:46 -0500] "GET /css/fondos.css HTTP/1.1" 404 1254
191.156.59.20 - - [20/Aug/2023:13:53:46 -0500] "GET /css/date_blue.css HTTP/1.1" 404 1254
191.156.56.155 - - [20/Aug/2023:13:53:46 -0500] "GET /css/textos.css HTTP/1.1" 404 1254
181.78.18.147 - - [20/Aug/2023:13:53:50 -0500] "GET /bogota-empieza-la-consolidacion-de-la-estrategia-de-bosques-urbanos-con-el-brazo-salitre-en-barrios-unidos.html?utm_source=Youtube_DIGI&utm_medium=CPV&utm_campaign=BosquesUrbanos&utm_id=Agosto_2023&gclid=Cj0KCQjw84anBhCtARIsAISI-xd84FfHfcbx3uPnrcPoZMkcpJ7rvAZr0i8_IcWFjwBOUNKsGCIVSU8aAn8kEALw_wcB HTTP/1.1" 200 892
191.156.56.155 - - [20/Aug/2023:13:53:56 -0500] "GET /css/bordes.css HTTP/1.1" 404 1254
201.245.192.253 - - [20/Aug/2023:13:55:02 -0500] "POST /kwsrmcab/Wsrmcab  HTTP/1.1" 200 41818
152.202.197.2 - - [20/Aug/2023:13:56:00 -0500] "GET /bogota-empieza-la-consolidacion-de-la-estrategia-de-bosques-urbanos-con-el-brazo-salitre-en-barrios-unidos.html?utm_source=Meta_DIGI&utm_medium=CPV&utm_campaign=BosquesUrbanos&utm_id=Agosto_2023&fbclid=IwAR2NnnOVYDoQ_o_g9Ivmc1FT683ZNZ0BH9uitUtZDU1FCyV8pKkqpeJ6DFM_aem_AfKg_AlMAPR75hAW9yDFSZk1nE3MiMoXD9ytvdQFw4y7dJNKhBEPwCF58sH2pYBJAzveUkpSrv-sXeABk7AqOA_C HTTP/1.1" 200 892
191.156.146.32 - - [20/Aug/2023:13:56:07 -0500] "GET /bogota-empieza-la-consolidacion-de-la-estrategia-de-bosques-urbanos-con-el-brazo-salitre-en-barrios-unidos.html?utm_source=Meta_DIGI&utm_medium=CPV&utm_campaign=BosquesUrbanos&utm_id=Agosto_2023&fbclid=IwAR2mNWfFFUh-CYSDM1mg_QkZzdmwO-9kEtUSt9PJ7Zp7TnTBPXoy4pGYi8g_aem_AfLopdgLE9Kwr2zjy-YppxvTWoAE3WohYuDaCf-5vtWUkge-kh2IKigc-InZipDlgZoJA0aXPd5T9U0GUeDJ4Rmh HTTP/1.1" 200 892
181.55.161.226 - - [20/Aug/2023:13:56:50 -0500] "GET /bogota-empieza-la-consolidacion-de-la-estrategia-de-bosques-urbanos-con-el-brazo-salitre-en-barrios-unidos.html?utm_source=Youtube_DIGI&utm_medium=CPV&utm_campaign=BosquesUrbanos&utm_id=Agosto_2023&gclid=Cj0KCQjw84anBhCtARIsAISI-xcZzET3bskhE9ATfDVZw8rJBX6phHDnS-a9dZOeQOaBXaQuSuKci9caAr3zEALw_wcB HTTP/1.1" 200 892
172.22.2.4 - - [20/Aug/2023:13:55:42 -0500] "HEAD /BLA/boletinlegal/ HTTP/1.1" 200 -
186.80.52.172 - - [20/Aug/2023:13:57:46 -0500] "GET /galeria/galeria/jquery.fancybox.css?v=2.1.5 HTTP/1.1" 200 4895
186.80.52.172 - - [20/Aug/2023:13:57:46 -0500] "GET /BLA/boletinlegal/js/jquery.scrollShow.js HTTP/1.1" 200 4586
186.80.52.172 - - [20/Aug/2023:13:57:46 -0500] "GET /galeria/galeria/jquery.fancybox.js?v=2.1.5 HTTP/1.1" 200 48706
172.22.2.4 - - [20/Aug/2023:13:56:33 -0500] "GET /BLA/boletinlegal/ HTTP/1.1" 200 58187
216.245.221.92 - - [20/Aug/2023:13:58:21 -0500] "HEAD / HTTP/1.1" 200 -
201.245.192.253 - - [20/Aug/2023:14:00:02 -0500] "POST /kwsrmcab/Wsrmcab  HTTP/1.1" 200 41818
181.53.13.53 - - [20/Aug/2023:14:00:52 -0500] "-" 408 -
181.53.13.53 - - [20/Aug/2023:14:00:52 -0500] "-" 408 -
161.18.216.185 - - [20/Aug/2023:14:02:39 -0500] "GET /bogota-empieza-la-consolidacion-de-la-estrategia-de-bosques-urbanos-con-el-brazo-salitre-en-barrios-unidos.html?utm_source=Meta_DIGI&utm_medium=CPV&utm_campaign=BosquesUrbanos&utm_id=Agosto_2023&fbclid=IwAR25DXNPTkY6XkASVY_5VducKYw1FcX9FTdTXCk_B77Y89TJvkaj8-uJTjE_aem_AfJb7YXzOHngB5tS78pmIFrNyGUpxzHihAF_4caRkQSacbcv0seJhG5SuEs9vHCUGwR35362NuQR2r0uX2cdk8gp HTTP/1.1" 200 892
172.22.2.4 - - [20/Aug/2023:14:01:32 -0500] "HEAD /BLA/boletinlegal/ HTTP/1.1" 200 -
216.245.221.92 - - [20/Aug/2023:14:03:21 -0500] "HEAD / HTTP/1.1" 200 -
138.0.88.122 - - [20/Aug/2023:14:03:57 -0500] "GET /inscribete-y-participa-en-la-convencion-internacional-de-emergencia-climatica-bogota-2023.html HTTP/1.1" 200 895
172.22.2.4 - - [20/Aug/2023:14:02:23 -0500] "GET /BLA/boletinlegal/ HTTP/1.1" 200 58597
40.77.167.235 - - [20/Aug/2023:14:04:48 -0500] "GET /BLA/resoluciones/RESOLUCIONES%202022/0615.pdf HTTP/1.1" 304 -
201.245.192.253 - - [20/Aug/2023:14:05:00 -0500] "POST /kwsrmcab/Wsrmcab  HTTP/1.1" 200 41818
186.86.32.141 - - [20/Aug/2023:14:05:40 -0500] "GET /secretaria-de-ambiente-invita-al-conversatorio-sobre-publicidad-exterior-electoral.html HTTP/1.1" 200 822
191.156.185.23 - - [20/Aug/2023:14:06:29 -0500] "GET /bogota-empieza-la-consolidacion-de-la-estrategia-de-bosques-urbanos-con-el-brazo-salitre-en-barrios-unidos.html?utm_source=Meta_DIGI&utm_medium=CPV&utm_campaign=BosquesUrbanos&utm_id=Agosto_2023&fbclid=IwAR0uJmai89wE9ZwAU2jMSY2LPZcNyda63qAvPwf-9TJntBOfKmK3zeDY_aA_aem_AfIcN6xQEhdIGRBgD3r9yxElmMmkBu7BLWESnmRWWbnCkvnD-U3tT1O2Wy2HQXvwjgHc6fa8OzBaAXQJI5aQP1L7 HTTP/1.1" 200 892
216.245.221.92 - - [20/Aug/2023:14:08:21 -0500] "HEAD / HTTP/1.1" 200 -
181.61.206.26 - - [20/Aug/2023:14:08:41 -0500] "GET /bogota-empieza-la-consolidacion-de-la-estrategia-de-bosques-urbanos-con-el-brazo-salitre-en-barrios-unidos.html?utm_source=Meta_DIGI&utm_medium=CPV&utm_campaign=BosquesUrbanos&utm_id=Agosto_2023&fbclid=IwAR0b3kSHE75lmrX19sLQGSmh_wu74zgL3nsYVuWcYBcReuPzi0wOn24gznI_aem_AfLuY-zviga4fG_a7kVl66yjQWGmqUfK8oz9WqnCI8yL7jlpKNQn9e_wfeQ6Q273NMMYPjukWsrj7WWlh6u2-u0S HTTP/1.1" 200 892
201.221.172.13 - - [20/Aug/2023:14:08:57 -0500] "GET /bogota-empieza-la-consolidacion-de-la-estrategia-de-bosques-urbanos-con-el-brazo-salitre-en-barrios-unidos.html?utm_source=Meta_DIGI&utm_medium=CPV&utm_campaign=BosquesUrbanos&utm_id=Agosto_2023&fbclid=IwAR3rV3bAIEXwPoRE7Q9_sDLJzYAa69zOPXY18n671rCLPv6HHwcGpnSQ0K0_aem_AfKw2uFmHc56lffSlsneRYWMr55FNM9WbnQm5H8UTlZ1uBqizy0jBY7Fm6Qs2yvx8pvj16aKE8GJn781yKX53iaL HTTP/1.1" 200 892
172.22.2.4 - - [20/Aug/2023:14:07:22 -0500] "HEAD /BLA/boletinlegal/ HTTP/1.1" 200 -
191.156.148.48 - - [20/Aug/2023:14:09:07 -0500] "GET /bogota-empieza-la-consolidacion-de-la-estrategia-de-bosques-urbanos-con-el-brazo-salitre-en-barrios-unidos.html?utm_source=Meta_DIGI&utm_medium=CPV&utm_campaign=BosquesUrbanos&utm_id=Agosto_2023&fbclid=IwAR0IV5DRA-n6zAVIcWgtg-BuvmpafD8CFYEErLjy5AmSTIIKf-0X8j_TBUg_aem_AfIl7IFP4KxsvkMCjNWJL4cyqfq6QIqgZLBnTKt9OJNGT_VeDe0oXddNR-s5TRsgz46TTQ3lEuJWkVJnTlLm7EwZ HTTP/1.1" 200 892
172.22.2.4 - - [20/Aug/2023:14:08:13 -0500] "GET /BLA/boletinlegal/ HTTP/1.1" 200 57790
201.245.192.253 - - [20/Aug/2023:14:09:59 -0500] "POST /kwsrmcab/Wsrmcab  HTTP/1.1" 200 41818
181.234.128.2 - - [20/Aug/2023:14:11:44 -0500] "GET /bogota-empieza-la-consolidacion-de-la-estrategia-de-bosques-urbanos-con-el-brazo-salitre-en-barrios-unidos.html?utm_source=Meta_DIGI&utm_medium=CPV&utm_campaign=BosquesUrbanos&utm_id=Agosto_2023&fbclid=IwAR004jrp_9sKulCKSq1Oitw4q3uh0JL9cX5mwyCkPKPBevE5m4YR7yHNER4_aem_AfIeRkf24GoueFoNGiehkz6qDYjq5EvrSt_8e0vhx2rj_7EIl1BHz6XTI-eTY5wb-1bikuPD0xLoMLb7SRRYuJEV HTTP/1.1" 200 892
191.156.148.152 - - [20/Aug/2023:14:13:02 -0500] "GET /inscribete-y-participa-en-la-convencion-internacional-de-emergencia-climatica-bogota-2023.html HTTP/1.1" 200 895
216.245.221.92 - - [20/Aug/2023:14:13:21 -0500] "HEAD / HTTP/1.1" 200 -
172.22.2.4 - - [20/Aug/2023:14:13:12 -0500] "HEAD /BLA/boletinlegal/ HTTP/1.1" 200 -
201.245.192.253 - - [20/Aug/2023:14:14:58 -0500] "POST /kwsrmcab/Wsrmcab  HTTP/1.1" 200 41818
40.77.167.247 - - [20/Aug/2023:14:15:31 -0500] "GET /BLA/resoluciones/AUTOS%202022/3094.pdf HTTP/1.1" 304 -
172.22.2.4 - - [20/Aug/2023:14:14:03 -0500] "GET /BLA/boletinlegal/ HTTP/1.1" 200 58597
191.156.51.239 - - [20/Aug/2023:14:16:24 -0500] "GET /bogota-empieza-la-consolidacion-de-la-estrategia-de-bosques-urbanos-con-el-brazo-salitre-en-barrios-unidos.html?utm_source=Youtube_DIGI&utm_medium=CPV&utm_campaign=BosquesUrbanos&utm_id=Agosto_2023&gclid=Cj0KCQjw84anBhCtARIsAISI-xd-cOXRHJiHMepFp5txNM73pbsQh8JYVc05ydHE1jFlW7egWfkRxRUaAuHbEALw_wcB HTTP/1.1" 200 892
216.245.221.92 - - [20/Aug/2023:14:18:21 -0500] "HEAD / HTTP/1.1" 200 -
201.245.192.253 - - [20/Aug/2023:14:19:21 -0500] "POST /kwsrmcab/Wsrmcab HTTP/1.1" 200 42898
201.245.192.253 - - [20/Aug/2023:14:19:25 -0500] "POST /kwsrmcab/Wsrmcab HTTP/1.1" 200 40651
191.95.167.249 - - [20/Aug/2023:14:19:49 -0500] "GET /bogota-empieza-la-consolidacion-de-la-estrategia-de-bosques-urbanos-con-el-brazo-salitre-en-barrios-unidos.html?utm_source=Meta_DIGI&utm_medium=CPV&utm_campaign=BosquesUrbanos&utm_id=Agosto_2023&fbclid=IwAR0hKmUaAU33qpqmwFpoJYLRR_bMWqxNGGZ59QGFD5UyxBKzMqv9t56ZhH4_aem_AfLUwoPDH9cjQ0ZOdijFaYNQORxgdgwH75Y01Psy7unJ7iV514i0VQoKAXZThze_hQ9OBapXmtwZLFrLhpYMfFgq HTTP/1.1" 200 892
201.245.192.253 - - [20/Aug/2023:14:19:58 -0500] "POST /kwsrmcab/Wsrmcab  HTTP/1.1" 200 41818
172.22.2.4 - - [20/Aug/2023:14:19:02 -0500] "HEAD /BLA/boletinlegal/ HTTP/1.1" 200 -
172.22.2.4 - - [20/Aug/2023:14:19:53 -0500] "GET /BLA/boletinlegal/ HTTP/1.1" 200 58187
181.61.204.251 - - [20/Aug/2023:14:22:47 -0500] "GET /bogota-empieza-la-consolidacion-de-la-estrategia-de-bosques-urbanos-con-el-brazo-salitre-en-barrios-unidos.html?utm_source=Youtube_DIGI&utm_medium=CPV&utm_campaign=BosquesUrbanos&utm_id=Agosto_2023&gclid=Cj0KCQjw84anBhCtARIsAISI-xfcD-yjWMBtncWBiD0X-_l0uO5K-MMiQNzThvCxEsh6KcD7jzR7Y5UaAknQEALw_wcB HTTP/1.1" 200 892
52.167.144.221 - - [20/Aug/2023:14:22:59 -0500] "GET /galeria/galeria/fotos/juan-amarillo1P.jpg HTTP/1.1" 200 30845
52.167.144.221 - - [20/Aug/2023:14:23:08 -0500] "GET /Publicaciones/2023EE92680.pdf HTTP/1.1" 404 227
216.245.221.92 - - [20/Aug/2023:14:23:21 -0500] "HEAD / HTTP/1.1" 200 -
191.156.150.124 - - [20/Aug/2023:14:23:46 -0500] "GET /bogota-empieza-la-consolidacion-de-la-estrategia-de-bosques-urbanos-con-el-brazo-salitre-en-barrios-unidos.html?utm_source=Youtube_DIGI&utm_medium=CPV&utm_campaign=BosquesUrbanos&utm_id=Agosto_2023&gclid=Cj0KCQjw84anBhCtARIsAISI-xeIgzBFteBpB5NJpuzBtl8tLAcNDvK9hGpZDrviezQJWuNx2_JQvv0aAgnzEALw_wcB HTTP/1.1" 200 892
111.229.21.19 - - [20/Aug/2023:14:24:37 -0500] "GET /xmlrpc.php HTTP/1.1" 404 1034
66.249.70.7 - - [20/Aug/2023:14:24:38 -0500] "GET /BLA/resoluciones/RESOLUCIONES%202009/1938.pdf HTTP/1.1" 200 424690
43.136.58.184 - - [20/Aug/2023:14:24:39 -0500] "GET /xmlrpc.php HTTP/1.1" 404 1034
201.245.192.253 - - [20/Aug/2023:14:24:58 -0500] "POST /kwsrmcab/Wsrmcab  HTTP/1.1" 200 41818
172.22.2.4 - - [20/Aug/2023:14:24:52 -0500] "HEAD /BLA/boletinlegal/ HTTP/1.1" 200 -
172.22.2.4 - - [20/Aug/2023:14:25:43 -0500] "GET /BLA/boletinlegal/ HTTP/1.1" 200 52656
186.102.96.141 - - [20/Aug/2023:14:27:31 -0500] "GET /kwssiamovil/sm/ldap/au?x=U2FsdGVkX18oCzgHW2dSeRN4R207HqibOVYAavaA8+NTbTQgb9Z3GeabTB4Mk6MR&y=U2FsdGVkX19RRrpaccclsTy3o9m+pr2KO5lkWijGjE8= HTTP/1.1" 200 30
186.102.96.141 - - [20/Aug/2023:14:27:31 -0500] "GET /kwssiamovil/sm/acme/s?s=U2FsdGVkX193mAg/6H8YJ6Jcy3FdTuGm2cgKP7D4r3LIxHcxFZZKIk3y0+GpGCRqUJUvzQ6cTEsolX/bJMYK7PfOGSI4sCod1FxHUHpBpso=&u=U2FsdGVkX1/V7PdRgjvfpcKiZenPyDTCeYZpZa+6rM8=&y=U2FsdGVkX19RRrpaccclsTy3o9m+pr2KO5lkWijGjE8= HTTP/1.1" 200 97
186.102.96.141 - - [20/Aug/2023:14:27:31 -0500] "GET /kwssiamovil/sm/acme/s?s=U2FsdGVkX1+a9SwALErbPz78e+eButdC8TQfsz0qsdaG72MVpde2KPnJ5PHR/IQ0zUaKbEj/4sA9hrprqkcOW+bv0n9qx3L9xzF3pakeh8S3JJDwYugaXlLBGX9OtPsJZLrNyHL3+GrGt/de9ebFNQeDUqneGLd0cImWZPTNsiD8tn7iIa1xdaHT6UDRWYuoOSH4uaRSSdTw8aToKWuH800qBqzxhFDa1/c8zN68leZ9lRi9sCeV3+S9WhDxPJmI1HMFhhW0WdHnCrUZZn82DmchfM/vb5rQq68BVZKzYagyTha/XJw2HFGJX96HTaMpvpN+/7kAqFDP1cu185id/ZkEbzDr6MBQrm1mhlMD40oEGeDr+m4IABFbF8Nht6Kl8Fm7AiOvevQ0Db1SChciEV0fGIRHYJd/lnKAvryNcdCa6+zsU5qbVTBppU8o/9HVu/r9624vSc+ti1Hb6n9dF82mJye9sqtcKaBprN9+Z7QYINESjYki+rtpivhZ/IHjvqjQV2G9gCcY8LCEGatFE3XgjJN0UrSMj3bFV0IX7AP5fZuiyETPcweVB6isqOduUxPXaUeNRMKwpfgQa4f64LqxTMj/U+5isp0guLldqAf25kTvUGOd9u2+lZPpoAxwOxnt1luU9ORdBsDR6NqJZyV8bY7HPjOaxf+vCSRjoRgqCsPF4aS7FcOM2RUMRZ+ZxgJYHPOw+GCE8Q5LqHKnI9K/d94TnFspy35hogBFaHFXnAKB4LPwKmqVqJe9mm5x/fBJ/p4pG6I33iAVQOcsbCy36mCYeCBswjo6duUSpnVvMQid1LCg3WkGiP0lp6+rEvGIS7CYeNb2FOtE0jOS7bK7fRq76gPv1jdWqkUF3l0h6ts6GHAiFtElpHB6peDp0JFIuuyZffeXQKiAkbnoL4cGgi0ZY7LcsQL7osrm6EQWXRPQFgbdjplb1NzicH7UgU/6JIXKmtwEPOxTOqHdnvpm8LL47fhBaRfC0X9pp5IYoNmTcDs15eeNicuqJVekB1O0DKZxyryY//LNUUisX6x9cVTAUVRWnKHs0jQfUcUhI71dTUR6t9Ily8prMV9ASomxv5IWoUOxtp/RWPnirIhEs6HRfjGOimoQr/iSsuIH6zcD3sSA+/3u8t82+vkLOFbjQbNHeINnbh1zolq1PbhOrGmV0gsWRCMjoxnEUw6kssFooa7Lewi5CiDwUTY/n8ntINee58A4gJ+YwEbg5Iv8wrioVD6JtTRPDa6+qGz0Z3wXStXXcDS3DgnURwP2qFuFUNrvRVzxJoGlIQABApUZIjl7wxHC16LEBxba5QwIh0btgAe0EzEZll0CzI+AYVBl9a2rkAtfi58lZFaF61DjJUOhxSLsja4c9jbQF1WgRYr9pZnzodxz11E7XfXdl9Vxyvphs0n6m+BwxJmyMgYHHZ87df/fHD2gjVK0etw=&u=U2FsdGVkX1/V7PdRgjvfpcKiZenPyDTCeYZpZa+6rM8=&y=U2FsdGVkX19RRrpaccclsTy3o9m+pr2KO5lkWijGjE8= HTTP/1.1" 200 940
186.102.96.141 - - [20/Aug/2023:14:27:32 -0500] "GET /kwssiamovil/sm/acme/s?s=U2FsdGVkX1/veFR4LdkkZ7F0xUyEL6CkTRTga0InHIF0UECgH/zHkww9uyB1n1yqVweQLJvTDRYDpuR0IHP28kuz2nDUw7w32/fXYNcPEER1DvUgvIO9VNgeEXcm8jTP0xymThDb5NbLHYp4+SY3XcsESbXf0ogG9hDWqu5Ulq1Y5tTThnD8XmAA+/ibVi8NX6exd+EW0Aai/H8UIcUGh+ECwXPnkyK6bvzbOkqRjvDbFSoChdwI6gR31CTHcVyNnwPOKg/eKAto5SEG5ZtdaCCqpkgU9jRpe3F7KgdFjB/FjTfqKp8+N7cyo7eThXNdn9r4vUVJHFUaTYsn6lhP1Q==&u=U2FsdGVkX1/V7PdRgjvfpcKiZenPyDTCeYZpZa+6rM8=&y=U2FsdGVkX19RRrpaccclsTy3o9m+pr2KO5lkWijGjE8= HTTP/1.1" 200 196
186.102.96.141 - - [20/Aug/2023:14:27:32 -0500] "GET /kwssiamovil/sm/cjson/pre?f=1&x=U2FsdGVkX18oCzgHW2dSeRN4R207HqibOVYAavaA8+NTbTQgb9Z3GeabTB4Mk6MR HTTP/1.1" 200 31032
179.19.186.39 - - [20/Aug/2023:14:28:10 -0500] "GET /kwssiamovil/sm/acme/a?s=U2FsdGVkX19nGFqdWxgbGsdRQq5f8UKqlRJsrFN9YizVdQjDkLz5L4/T1OevljGzSeQVvuYLh33aoVHapZ51w7RiLqxoHskrvJ2LuQFTpxih7MYbzdA8XK3Bgr0dQjfwbDq3iXrzy9sAor65KB81AqY3ZbY3uE3et4+y8R0r3aaDExuHj63F0Vq6+ck4HU3+LUR89Sq/f/OKWNF2YocCU8LaJsSN0tEvTfBJqJ9sKNF71u+8pr6vwK5CKd96hoxFAAR5BhUVSyQzRJpD6F+MxQ==&u=U2FsdGVkX1/I7Yz1HlWTR6LwTO0WUBZksX3dulcO118=&y=U2FsdGVkX18l6xJzhJ3cMMjH8SP/4wxg6rKeCdc+hx5b6JQU+YwiafJx8j6ezRpI HTTP/1.1" 200 26
179.19.186.39 - - [20/Aug/2023:14:28:10 -0500] "GET /kwssiamovil/sm/acme/a?s=U2FsdGVkX1/3Re79zSnf9TNqFksv7OtuYbFgd2KR1oFnPxmZXtPWInJNZSUtBvpBRlGRmdpT1Xfwo4+RhDwfAJv8XfJ0z9g4lp4G47S0yMozCOoyXRgX54iI99jbD0LdRXOItwksKi9MO7olD9hKL7IJvhBY17E1sZjIVuyMT6h2mqtBXq8B2+Auol9Q8mZAL83QWeaVPE8SQF1oqIzpw71nuePS93JfLabr9SOm7y5VA/BOqHNqFi5jABno8rw4IFsJdb7hD30nq+JqRHh/UMxM5Dv8P6QN7Kpsbxx/9pKut2v3GMTsl/gkD/jyAwjgyI+KGLF0TtDIGTz3QhMkhWPX5gnmmJRD22bCF9CLomwulMf+qL+xarwAYjn20RsUvmd5C8h0IfwQFML6WU76Wwtlq3VYBXTAdtm1TgU61Wm2LDUOoLGFv0WRaCQpSrV2j9A+MYPjyhsF9N0vrjljOZXxOafEc0EgYIxOYufZz3EoNVI63OqnU9FRP58SXfKxqqN4CSQGXlu8RHdTPs546wNhmW8sQ+we262z2s5TcyM4k2rnaWns0UBbDOhpCm7/32t+y7GZKUqU73fW/zYWNut2h2ai/HmpNwdfOivRc1vY8lx3Ou8BXOPGVYoXrACpJbFGY88ekKFOJjkwHjq+nfUsScjErKS3XEB4uiDt0ci4QRHV2Vzij11fDM0dki8sVxD7HWQJuSPunUyblHqFAeOOY74gXCY3HsoqvGv5+VvAguz7UfwB10Id2r68z28NTNrIruDIamTAARNZbTlXBkiXWnaDPaYXpJxtSecJC2wRg10O/ZfdfxSxI4Vk/mY98riEPHv09joCmEwT28pE+uWDUOcS8XA/N2BOY4Ln49aqdQRURP/CWbOj+QQ4d4g3yZjro9HwrV8SE87hsnzpvhjjZ526n/SLE5Vi8JthhxNwxJuo2F4t2tATKAKTiVXGlQixTf/tkknCdbdCHsTo2viNx1t9wx7ZZXIV1WdVV7lIQBkWUtBf0SpjKLS+3Mnoc0dN+vmUUuIVpSZKaybYqJMgp+VahxhlJuD4i2pA2r1s3/kS4XRn6a01fCyQjd2yNrGo5NYETGbmx0giupiwms58KWveDB8jYsJ1Wml7N2knfqKbiGFrEEGs7rXVvloCAbOXr2OhHU4I4uRXWU+qPVdTaWy7EULnkBbHCXVUQXecnttHDsmrry5B4usqZWNX+WM6FDin1Qa8wA2m7fqh4uPg9nX600iw/lWUAjkZoBgCeQIdLTWCdnHn6dnvgH+5cjTTqlJM/XL33PmzOqBsMZbphsKcaykuctSRRPciJzqxTFf8gd2JGIM5X1er30dLs6nWT+oB8olomJaHMoGFkJJ3ZFol3LbELRreYaBe5oEkl+fWdX5EzsEBkx0oKIor&u=U2FsdGVkX1/I7Yz1HlWTR6LwTO0WUBZksX3dulcO118=&y=U2FsdGVkX18l6xJzhJ3cMMjH8SP/4wxg6rKeCdc+hx5b6JQU+YwiafJx8j6ezRpI HTTP/1.1" 200 26
179.19.186.39 - - [20/Aug/2023:14:28:12 -0500] "GET /kwssiamovil/sm/acme/a?s=U2FsdGVkX19o2JV9V0hZyb21aJtcWpn+6m6ILpUPwxIzy2bIjVTfheiWTEX0GcE5mQ9X8JumpKYKBwj9MQG1gCBvHk4f/Udpdn/xl/XcSFJxM9KyWDapXJTO89a/uPPBsed6jcCeDlrV51ngZPcEX6IWLBLfb6UTk9tRxo+8gGU=&u=U2FsdGVkX1/I7Yz1HlWTR6LwTO0WUBZksX3dulcO118=&y=U2FsdGVkX18l6xJzhJ3cMMjH8SP/4wxg6rKeCdc+hx5b6JQU+YwiafJx8j6ezRpI HTTP/1.1" 200 26
179.19.186.39 - - [20/Aug/2023:14:28:12 -0500] "GET /kwssiamovil/sm/acme/a?s=U2FsdGVkX1/ZK9fsOIhgZMQXI8Owa7m9Pnw5xLsWRU/tfceJ4XqW5awR8G/ZwndORz/wxwDxcMD/P9/kcCCJ+8yRXLW8YooAd8KgcncImP2BLhaglkplfGisT55oPBoRkU5gTq0sp+SSNAhDTeRQY2AqWu5NzyUI7BGXOuylwHQ=&u=U2FsdGVkX1/I7Yz1HlWTR6LwTO0WUBZksX3dulcO118=&y=U2FsdGVkX18l6xJzhJ3cMMjH8SP/4wxg6rKeCdc+hx5b6JQU+YwiafJx8j6ezRpI HTTP/1.1" 200 26
179.19.186.39 - - [20/Aug/2023:14:28:12 -0500] "GET /kwssiamovil/sm/acme/a?s=U2FsdGVkX18eaPflKCiH50DcM7pPvD0ujCVknTQ0wAeKh3x38qX9p2LMykncM9VCEAlio820yrmuAzi8bNtH2drq4snVFizE/6C3//85Z8CfhBGTvLh2tZqw2H84C+aw7wI6IgPWktLk/Ty5azEYUklwd5UmdnwO4cAzSyhsOCs=&u=U2FsdGVkX1/I7Yz1HlWTR6LwTO0WUBZksX3dulcO118=&y=U2FsdGVkX18l6xJzhJ3cMMjH8SP/4wxg6rKeCdc+hx5b6JQU+YwiafJx8j6ezRpI HTTP/1.1" 200 26
179.19.186.39 - - [20/Aug/2023:14:28:13 -0500] "GET /kwssiamovil/sm/acme/a?s=U2FsdGVkX19/uek0ey8X9is2OQH9Kl8l9Nm08gCdILqbXZUPf296WLPpLfZRhVwkYpWCBXf4F24BMlsImxx+yabPCTBC9O9dnOMqnQLZru+zi8PEPQ22bTlVnkhUoG964wYUSELtJNfnVXTXmKqxxOQ16JCnLoDqE5aSUKGhpKSu+9AjyFppW/uGJqebMLioKza97FqH/UnV9pm+HU/OJg==&u=U2FsdGVkX1/I7Yz1HlWTR6LwTO0WUBZksX3dulcO118=&y=U2FsdGVkX18l6xJzhJ3cMMjH8SP/4wxg6rKeCdc+hx5b6JQU+YwiafJx8j6ezRpI HTTP/1.1" 200 26
216.245.221.92 - - [20/Aug/2023:14:28:21 -0500] "HEAD / HTTP/1.1" 200 -
179.19.186.39 - - [20/Aug/2023:14:28:24 -0500] "GET /kwssiamovil/sm/acme/u?s=U2FsdGVkX1/aBri/RsGXBwaZ9bHpts4+yLW47bkTB8h04YHstcLjds8katwvojf6Q9j39STvsX0MyayIjTCTIfek4alwL708uvRMgJdC2ppIXR+Tdl43MKFjNWUMfqLi6c2XokZJrvLY4K2csfBpDQO2wPTJGt3IzXyOtgg+i4M=&u=U2FsdGVkX1/I7Yz1HlWTR6LwTO0WUBZksX3dulcO118=&y=U2FsdGVkX18l6xJzhJ3cMMjH8SP/4wxg6rKeCdc+hx5b6JQU+YwiafJx8j6ezRpI HTTP/1.1" 200 60
179.19.186.39 - - [20/Aug/2023:14:28:28 -0500] "GET /kwssiamovil/sm/acme/u?s=U2FsdGVkX1+U+6xR+/KdXPe4Y33TGYNp2Ul7npzStIWJDURO0Wbxvl3TMFFfF3UmgiFFGY4ds2UFLE+xH81yG7/P3lwzf++LBjat7jzZ4s4z7yS6z8JKitMrXOYgxy1JNWkLZH4hfPqrR5S9qJy6ea05cv/Nuh6DGnLdhKQfna0=&u=U2FsdGVkX1/I7Yz1HlWTR6LwTO0WUBZksX3dulcO118=&y=U2FsdGVkX18l6xJzhJ3cMMjH8SP/4wxg6rKeCdc+hx5b6JQU+YwiafJx8j6ezRpI HTTP/1.1" 200 60
60.217.75.70 - - [20/Aug/2023:14:28:52 -0500] "GET / HTTP/1.1" 200 319
52.167.144.43 - - [20/Aug/2023:14:29:10 -0500] "GET /Publicaciones/2023EE90847.pdf HTTP/1.1" 404 227
201.245.192.253 - - [20/Aug/2023:14:29:21 -0500] "POST /kwsrmcab/Wsrmcab HTTP/1.1" 200 42898
201.245.192.253 - - [20/Aug/2023:14:29:24 -0500] "POST /kwsrmcab/Wsrmcab HTTP/1.1" 200 40651
201.245.192.253 - - [20/Aug/2023:14:29:56 -0500] "POST /kwsrmcab/Wsrmcab  HTTP/1.1" 200 41818
172.22.2.4 - - [20/Aug/2023:14:30:42 -0500] "HEAD /BLA/boletinlegal/ HTTP/1.1" 200 -
172.22.2.4 - - [20/Aug/2023:14:32:58 -0500] "GET /BLA/boletinlegal/actos.php HTTP/1.1" 200 9682
200.119.59.114 - - [20/Aug/2023:14:33:00 -0500] "GET /BLA/resoluciones/ HTTP/1.1" 200 13502
191.88.167.210 - - [20/Aug/2023:14:33:01 -0500] "GET /bogota-empieza-la-consolidacion-de-la-estrategia-de-bosques-urbanos-con-el-brazo-salitre-en-barrios-unidos.html?utm_source=Meta_DIGI&utm_medium=CPV&utm_campaign=BosquesUrbanos&utm_id=Agosto_2023&fbclid=IwAR3b2LEAvDLiFVemAhOsuX3tqCCU1JYJXNj50k0hJygG_NWuC82iIuRyNXA_aem_AfLSS7zkg5hCWoL9jEO9VdkNRtRQCAroPqsqcBbGaZSl2XdYtarKFiJcYK6mJi-DoYSesL_4umxYD04v1gGHagEe HTTP/1.1" 200 892
200.119.59.114 - - [20/Aug/2023:14:33:03 -0500] "GET /BLA/resoluciones/index.php?dir=RESOLUCIONES+2013%2F HTTP/1.1" 200 238278
200.119.59.114 - - [20/Aug/2023:14:33:04 -0500] "GET /BLA/resoluciones/dlf/doc.gif HTTP/1.1" 200 1079
172.22.2.4 - - [20/Aug/2023:14:31:33 -0500] "GET /BLA/boletinlegal/ HTTP/1.1" 200 56970
200.119.59.114 - - [20/Aug/2023:14:33:14 -0500] "GET /BLA/resoluciones/RESOLUCIONES%202013/2347.pdf HTTP/1.1" 200 1530171
216.245.221.92 - - [20/Aug/2023:14:33:21 -0500] "HEAD / HTTP/1.1" 200 -
186.102.43.53 - - [20/Aug/2023:14:33:27 -0500] "GET /inscribete-y-participa-en-la-convencion-internacional-de-emergencia-climatica-bogota-2023.html HTTP/1.1" 200 895
172.22.2.4 - - [20/Aug/2023:14:32:45 -0500] "GET /BLA/boletinlegal/ HTTP/1.1" 200 60342
201.245.192.253 - - [20/Aug/2023:14:34:56 -0500] "POST /kwsrmcab/Wsrmcab  HTTP/1.1" 200 41818
172.22.2.4 - - [20/Aug/2023:14:36:32 -0500] "HEAD /BLA/boletinlegal/ HTTP/1.1" 200 -
216.245.221.92 - - [20/Aug/2023:14:38:21 -0500] "HEAD / HTTP/1.1" 200 -
172.22.2.4 - - [20/Aug/2023:14:37:23 -0500] "GET /BLA/boletinlegal/ HTTP/1.1" 200 60692
201.245.192.253 - - [20/Aug/2023:14:39:21 -0500] "POST /kwsrmcab/Wsrmcab HTTP/1.1" 200 42898
201.245.192.253 - - [20/Aug/2023:14:39:25 -0500] "POST /kwsrmcab/Wsrmcab HTTP/1.1" 200 40651
201.245.192.253 - - [20/Aug/2023:14:39:55 -0500] "POST /kwsrmcab/Wsrmcab  HTTP/1.1" 200 41818
216.245.221.92 - - [20/Aug/2023:14:43:21 -0500] "HEAD / HTTP/1.1" 200 -
69.171.231.120 - - [20/Aug/2023:14:43:43 -0500] "GET /images/asistentes%20Foro%20sobre%20movilidad%20sostenible.jpg HTTP/1.1" 200 46965
172.22.2.4 - - [20/Aug/2023:14:42:22 -0500] "HEAD /BLA/boletinlegal/ HTTP/1.1" 200 -
172.22.2.4 - - [20/Aug/2023:14:43:13 -0500] "GET /BLA/boletinlegal/ HTTP/1.1" 200 52656
201.245.192.253 - - [20/Aug/2023:14:44:53 -0500] "POST /kwsrmcab/Wsrmcab  HTTP/1.1" 200 41818
186.112.62.162 - - [20/Aug/2023:14:45:33 -0500] "GET /bogota-empieza-la-consolidacion-de-la-estrategia-de-bosques-urbanos-con-el-brazo-salitre-en-barrios-unidos.html?utm_source=Meta_DIGI&utm_medium=CPV&utm_campaign=BosquesUrbanos&utm_id=Agosto_2023&fbclid=IwAR1kVu2U8kgOXg1CueEmZtfG-rt73Q0mX_XzdyrXU8Xvo_4jY_5Sxn_wJrw_aem_AfIoC5qSzJxT7h-1sANJaw5c8bZoMtQP9iAjRIz05DzmuGP3FxZkc33J52fx3WsVNVK6ztBMwyXA9OEJ4dav9ymx HTTP/1.1" 200 892
179.19.144.240 - - [20/Aug/2023:14:47:09 -0500] "GET /bogota-empieza-la-consolidacion-de-la-estrategia-de-bosques-urbanos-con-el-brazo-salitre-en-barrios-unidos.html?utm_source=Meta_DIGI&utm_medium=CPV&utm_campaign=BosquesUrbanos&utm_id=Agosto_2023&fbclid=IwAR0n74nmsYb8ePSJ004_0Q8DgzQPYyEcQXlHw18SwRoryzKMI6DIDwYy7J0_aem_AfKMGmManOq1618XqIeyGieK0QaxPpjrIrPdWg-MiYv9dKHNawgj1lEe2uns1tESVNrptgKbNZhL3oc7BTLJFAOl HTTP/1.1" 200 892
172.22.2.4 - - [20/Aug/2023:14:47:47 -0500] "GET /BLA/boletinlegal/robots.txt HTTP/1.1" 404 1038
172.22.2.4 - - [20/Aug/2023:14:47:47 -0500] "GET /BLA/boletinlegal/documentos-importantes.php HTTP/1.1" 200 4829
216.245.221.92 - - [20/Aug/2023:14:48:21 -0500] "HEAD / HTTP/1.1" 200 -
172.22.2.4 - - [20/Aug/2023:14:49:29 -0500] "GET /BLA/boletinlegal/actos.php HTTP/1.1" 200 9682
172.22.2.4 - - [20/Aug/2023:14:49:29 -0500] "GET /BLA/boletinlegal/favicon.ico HTTP/1.1" 404 1326
172.22.2.4 - - [20/Aug/2023:14:49:43 -0500] "GET /BLA/boletinlegal/actos.php HTTP/1.1" 200 9682
172.22.2.4 - - [20/Aug/2023:14:49:43 -0500] "GET /BLA/boletinlegal/styles2.css HTTP/1.1" 200 1838
172.22.2.4 - - [20/Aug/2023:14:49:43 -0500] "GET /BLA/boletinlegal/js/ajax_actos.js HTTP/1.1" 200 1322
172.22.2.4 - - [20/Aug/2023:14:49:43 -0500] "GET /BLA/boletinlegal/niceforms.js HTTP/1.1" 200 22876
172.22.2.4 - - [20/Aug/2023:14:49:43 -0500] "GET /BLA/boletinlegal/niceforms-default.css HTTP/1.1" 200 6694
172.22.2.4 - - [20/Aug/2023:14:49:43 -0500] "GET /BLA/boletinlegal/style.css HTTP/1.1" 200 9406
172.22.2.4 - - [20/Aug/2023:14:49:43 -0500] "GET /BLA/boletinlegal/js/popup.js HTTP/1.1" 200 1270
172.22.2.4 - - [20/Aug/2023:14:49:43 -0500] "GET /BLA/boletinlegal/js/lib.js HTTP/1.1" 200 6474
172.22.2.4 - - [20/Aug/2023:14:49:43 -0500] "GET /BLA/boletinlegal/js/jquery1.js HTTP/1.1" 200 29846
172.22.2.4 - - [20/Aug/2023:14:49:43 -0500] "GET /BLA/boletinlegal/images/cabezote%20BLEGAL.jpg HTTP/1.1" 200 118164
172.22.2.4 - - [20/Aug/2023:14:49:43 -0500] "GET /BLA/boletinlegal/images/subscribe-icon-big.png HTTP/1.1" 200 47702
172.22.2.4 - - [20/Aug/2023:14:49:43 -0500] "GET /BLA/boletinlegal/images/registro-usuarios.png HTTP/1.1" 200 8106
172.22.2.4 - - [20/Aug/2023:14:49:43 -0500] "GET /BLA/boletinlegal/images/historia.png HTTP/1.1" 200 52775
172.22.2.4 - - [20/Aug/2023:14:49:43 -0500] "GET /BLA/boletinlegal/images/tel.png HTTP/1.1" 200 14477
172.22.2.4 - - [20/Aug/2023:14:49:43 -0500] "GET /BLA/boletinlegal/images/green-yellow-blue-pink-th.png HTTP/1.1" 200 7394
172.22.2.4 - - [20/Aug/2023:14:49:43 -0500] "GET /BLA/boletinlegal/images/icono-email.png HTTP/1.1" 200 5544
172.22.2.4 - - [20/Aug/2023:14:49:43 -0500] "GET /BLA/boletinlegal/images/body_bg.jpg HTTP/1.1" 200 1601
172.22.2.4 - - [20/Aug/2023:14:49:43 -0500] "GET /BLA/boletinlegal/images/menu_lft.gif HTTP/1.1" 200 1713
172.22.2.4 - - [20/Aug/2023:14:49:43 -0500] "GET /BLA/boletinlegal/images/menu_bg.jpg HTTP/1.1" 200 620
172.22.2.4 - - [20/Aug/2023:14:49:43 -0500] "GET /BLA/boletinlegal/images/menu_rght.gif HTTP/1.1" 200 1627
172.22.2.4 - - [20/Aug/2023:14:49:43 -0500] "GET /BLA/boletinlegal/images/bg_top.jpg HTTP/1.1" 200 522
172.22.2.4 - - [20/Aug/2023:14:49:43 -0500] "GET /BLA/boletinlegal/images/hover.jpg HTTP/1.1" 200 640
172.22.2.4 - - [20/Aug/2023:14:49:43 -0500] "GET /BLA/boletinlegal/images/text.jpg HTTP/1.1" 200 568
172.22.2.4 - - [20/Aug/2023:14:49:43 -0500] "GET /BLA/boletinlegal/images/footer_bg.jpg HTTP/1.1" 200 586
172.22.2.4 - - [20/Aug/2023:14:49:43 -0500] "GET /BLA/boletinlegal/images/footer_bg_l.jpg HTTP/1.1" 200 776
172.22.2.4 - - [20/Aug/2023:14:49:43 -0500] "GET /BLA/boletinlegal/img/0.png HTTP/1.1" 200 110
172.22.2.4 - - [20/Aug/2023:14:49:43 -0500] "GET /BLA/boletinlegal/img/select-left.png HTTP/1.1" 200 263
172.22.2.4 - - [20/Aug/2023:14:49:43 -0500] "GET /BLA/boletinlegal/img/select-right.png HTTP/1.1" 200 44019
172.22.2.4 - - [20/Aug/2023:14:49:43 -0500] "GET /BLA/boletinlegal/img/button-left.png HTTP/1.1" 200 57071
172.22.2.4 - - [20/Aug/2023:14:49:43 -0500] "GET /BLA/boletinlegal/img/button.png HTTP/1.1" 200 43241
172.22.2.4 - - [20/Aug/2023:14:49:43 -0500] "GET /BLA/boletinlegal/img/button-right.png HTTP/1.1" 200 57878
172.22.2.4 - - [20/Aug/2023:14:49:43 -0500] "GET /BLA/boletinlegal/favicon.ico HTTP/1.1" 404 1326
172.22.2.4 - - [20/Aug/2023:14:48:12 -0500] "HEAD /BLA/boletinlegal/ HTTP/1.1" 200 -
201.245.192.253 - - [20/Aug/2023:14:49:53 -0500] "POST /kwsrmcab/Wsrmcab  HTTP/1.1" 200 41818
172.22.2.4 - - [20/Aug/2023:14:50:24 -0500] "GET /BLA/boletinlegal/consulta_actos.php?tipo=autos&no=4223&usuario=&sector=&fecha=2018&resuelve= HTTP/1.1" 200 626
172.22.2.4 - - [20/Aug/2023:14:50:37 -0500] "GET /BLA/boletinlegal/consulta_actos.php?tipo=resoluciones&no=4223&usuario=&sector=&fecha=2018&resuelve= HTTP/1.1" 200 1080
186.86.32.196 - - [20/Aug/2023:14:50:42 -0500] "GET /BLA/resoluciones/RESOLUCIONES%202018/4223.pdf HTTP/1.1" 200 651591
172.22.2.4 - - [20/Aug/2023:14:49:03 -0500] "GET /BLA/boletinlegal/ HTTP/1.1" 200 56257
181.137.165.173 - - [20/Aug/2023:14:51:43 -0500] "GET /bogota-empieza-la-consolidacion-de-la-estrategia-de-bosques-urbanos-con-el-brazo-salitre-en-barrios-unidos.html?utm_source=Meta_DIGI&utm_medium=CPV&utm_campaign=BosquesUrbanos&utm_id=Agosto_2023&fbclid=IwAR2FEoWmOL0VeEqxfT0G28kLPaqCSgs9coCFdulIW4N0oyZepZ3475HhrRk_aem_AfK2Bnox85lMsWOPCZb6MIpLz7VBglvPm-yAcV6jGLvxJMRwMajqqL_oKexEwq0dGUwWpHNZB0FuidDd6dw5g6Ku HTTP/1.1" 200 892
181.54.173.57 - - [20/Aug/2023:14:52:34 -0500] "GET /bogota-empieza-la-consolidacion-de-la-estrategia-de-bosques-urbanos-con-el-brazo-salitre-en-barrios-unidos.html?utm_source=Meta_DIGI&utm_medium=CPV&utm_campaign=BosquesUrbanos&utm_id=Agosto_2023&fbclid=IwAR0nezsYYdqAtjLoHvtOz1jIkd8Kdxsn4a_7UbmHpBlO-z6sPCLCQFAnHlg_aem_AfJ6fTHhv174qwZLx-9vl7r49lZgd48WRnAjAoV0Zx4EP5l3BuUm2WzChCxRNzmSPhos6aYV0heBbnD3TdFYcXaS HTTP/1.1" 200 892
172.22.2.4 - - [20/Aug/2023:14:53:03 -0500] "GET /BLA/boletinlegal/consulta_actos.php?tipo=resoluciones&no=0364&usuario=&sector=&fecha=2021&resuelve= HTTP/1.1" 200 1115
172.22.2.4 - - [20/Aug/2023:14:53:03 -0500] "GET /BLA/boletinlegal/images/pdf.gif HTTP/1.1" 200 567
200.118.80.8 - - [20/Aug/2023:14:53:07 -0500] "GET /bogota-empieza-la-consolidacion-de-la-estrategia-de-bosques-urbanos-con-el-brazo-salitre-en-barrios-unidos.html?utm_source=Meta_DIGI&utm_medium=CPV&utm_campaign=BosquesUrbanos&utm_id=Agosto_2023&fbclid=IwAR2vdYXZXmh_jLvtdAVtU75KpehK8X8pdI6Rh25Kt-Z55PHWNa-UCPYu6vM_aem_AfJRO2F8lTXo6pcQrj-52viTqm-mK78tT9uE2REMdMdnoT0yhvnCKtvcIGSP_ZcJ9NccWZaAqhzq-pmJ3_04iPdm HTTP/1.1" 200 892
216.245.221.92 - - [20/Aug/2023:14:53:21 -0500] "HEAD / HTTP/1.1" 200 -
186.84.90.245 - - [20/Aug/2023:14:53:32 -0500] "GET /bogota-empieza-la-consolidacion-de-la-estrategia-de-bosques-urbanos-con-el-brazo-salitre-en-barrios-unidos.html?utm_source=Meta_DIGI&utm_medium=CPV&utm_campaign=BosquesUrbanos&utm_id=Agosto_2023&fbclid=IwAR1Urjwf78JOWV7cm4-gbS5JONrOuJGfuV1Mn3XfVDcedsk6Qd6MkCE3-nQ_aem_AfL14ZFSN5ljaqb_rxutUFQee3ESFTkGHUFU7pq0kn09hvqQxf6ECcsGEDg9Ge4BB49QcJUwcBrlWh3WHZ8Bf7js HTTP/1.1" 200 892
66.249.70.7 - - [20/Aug/2023:14:54:38 -0500] "GET /BLA/resoluciones/RESOLUCIONES%202009/4734.pdf HTTP/1.1" 200 1481216
66.249.70.6 - - [20/Aug/2023:14:54:39 -0500] "GET /portalsiaccapacitaciones/Soportes%20Capacitaciones%202016/Mesas%20de%20Trabajo%202016/UNIVERSIDAD%20DISTRITAL.pdf HTTP/1.1" 200 1615318
66.249.70.5 - - [20/Aug/2023:14:54:40 -0500] "GET /BLA/resoluciones/AUTOS%202017/1910.pdf HTTP/1.1" 200 289823
66.249.70.5 - - [20/Aug/2023:14:54:41 -0500] "GET /BLA/resoluciones/AUTOS%202009/3392.pdf HTTP/1.1" 200 98058
201.245.192.253 - - [20/Aug/2023:14:54:51 -0500] "POST /kwsrmcab/Wsrmcab  HTTP/1.1" 200 41818
172.22.2.4 - - [20/Aug/2023:14:54:02 -0500] "HEAD /BLA/boletinlegal/ HTTP/1.1" 200 -
186.102.63.141 - - [20/Aug/2023:14:56:24 -0500] "GET /kwssiamovil/sm/acme/a?s=U2FsdGVkX192Nqkwl7W8OJwNNSStpbuCpIoZXNs/go5QmJvmC7x5CWBXJbPYAgCq29I5ysk71i4Qb2toabLF97x9AkgXyhRY/b/O9msphLVB+B9CUawW39j32VFuIA34IfoQwFQgH74Y91e0ITIOV2mtcIje95EKtwdrWV0GGVU2b3rnigCCzAsOAWWOB7aufBOV6ernzgiJGac9yW9Zwq9sHyBQsqkvYsilKF2/u2NLgR883mbxnIKiSL/FCBA4XokRBpVkBNQA3SdsyZvq3Q==&u=U2FsdGVkX1/V7PdRgjvfpcKiZenPyDTCeYZpZa+6rM8=&y=U2FsdGVkX19RRrpaccclsTy3o9m+pr2KO5lkWijGjE8= HTTP/1.1" 200 26
186.102.63.141 - - [20/Aug/2023:14:56:24 -0500] "GET /kwssiamovil/sm/acme/a?s=U2FsdGVkX1/KqMNRWClqQzYkUiJ5MHLXv4J0dOnavpAa2oVEG3q4dfVJI99eRpd7I/UYTyU2XBAC0QjA2+zIPsZto3j+P5QY8u5QYROVz/HuAwtqXt6tOltOVwU5/zSHA3g107MZwSi9o/pqd8h6yAvZWLpPIG1TlkzTuajKRIPwMpTYUZHFAj1/UsWIZC4NYs0t32gNdz0uVbexHrCKS93w4/0T3IH5mB4rxECyefAsiXBmSXoZLzhnrixufl1xfey5bGybzPibHD2aYGL2BXvFjPQw1bJfmIg6IdbQbk0UzEt/VoT7XcNhTwXVmdUyDB3ahS5xEvxEQDTwbfenF5qmSbA2EUcUOjGtCGjHkG+TmwQu7Q9EHoH4WU8X5WkbHud4DcBAaQON+k6RNZTviyKFL4xhxqABPVsVuvpx61lMo5DSeh6sYmWGvjH0Qd8Al9OnTN0GtwEt3ZKV7vzh1BNJZHLgLFNRcHdwrEi+jE7IVdpD3FGWy1D3tXe8RcgQGfDpbQBYy8HMeo0koKeYbMqbXI3h3TPZTdWyk6lq/XDUTqKsPo5mBEdB1JEVOc0FpUCFIroVoUbMrqE9jJHp/2AnOe2qR9F2PJej4pIksvCJqs0p9iFEFcAbCJQYjnoe2jRi8G7fS0ETuUQ41ohVFsXXagC+Hy9PgJxOpNb0l7uWsGeUaBitcydnL0aHGZgE18wb+A3Ql8oczd1Ti9Hnk6OkGBWD2OWBJWX2IzT47NZxqlJe8vygD6THWpDxl21jdBxzfKLgk/u4n1Hd9q5KYGvAQ6n+9818q1JfMIG8m7YaTFNpqhLsWsLtPVHXbAii0afK0OgaI1vy5FJ4ZoWyEt8evX4Rn3Vf0VkUaensMf4X24PiJLlgTnY9V1Byj5uAwlWURm193sABbDKC6mvmrusDI5NduRZngEAr7REv15XuQqJSuj0jW+d5n+IkbJSXLAQ6LLvek3ZtWcefsZN27Jm47Dej0h8aBbuikXc1WDSx74tchU+WSBKmVe9EpK/5flTfU8k+qFoXQBaKMvgDO0rFZQxCU4f59D6qo+VGDtexe/jBjN2HMp24ufAp6V89JFTKR5bcCru4wsadTT8lN2JRf/OUmgrkE6zC2M0OYCkUZg0qIhNkfFDaFHNRfCNtvThCJFvCE49/1FRlK7ppCrycct0z4vkDWFxJOx2k5hFGj1qADtp9Nt3yJ3EQDSEb9VgeFRS+bUu507xtVc932c760WBlST7FDnpBhINt1poCymqFhfuN6FGlU/vBKsJcU3fnb8fcMEWmukZ6VJJzIFW+4IBaq4y/MzC+pqrVRe6Lya8zvoFgke/YQxR4dVO4olenaR5gsTLRiCfZV+iBI2wlfxJ2DVP9kTVE9q3BdQpme+yY+V3wpvg3ReuzfzlZ94jzpnkor5U0Mvwcf5TmRMwuXz00PXQlP352jrHRM4NvcP5VJl7sWMPIaChUJBG98YP9wBu8/2joLBZ5y1tUh61KkeKUQ+sd6C2NIjGwIwbpHGzyDZhAiIypb55uP8F1BvGppxdQnMmHSX/7CDjDHPYpyCtdUrrVAGQyIpGaksmwfUpjlVSYCxn7qgzmryXWfwi+YoWw3083sMSH0eMEdUxO1VkK+Q9Qjbg/+l7O7rEOTK97TXvi1wscB+rqUviMh34mK88Z8EfBJwuJZvl+XfyTPqz5Ov+FofXjB6IG5culjcKD2iStEOR4aVAT4rUqfcNlxw+BLrL2CKxLh7FqsDzS6gW8NKy9jB5L5oZtJfiD+Z+xfXHzeGr4Nt8bSu2luuCt93jY3DkX6CGgKAEaJaM2810uoA2RXUYS/wPVVdz5/+r1im+H8y27INXAMwUaVP6dgfmJni8RhIcmOKPZ23eVAnYZoEpY5TlFWftcRlmvYEIEq4ibB8akH928vsSqcLxsc1dVdaN3D75/CydBoB/yXhIp+q3GmKBIhICliRUH6JrluDmW3P4SLLgoXXRXWxgp460yrp66YEfYXEQe35UFWUk099KXGZOQc7h+hZDARCUi8oK8wemRmZ+rvgQZFMb5JrtmGsoempk9O0VO4r2iN9fveRV2FmAWQ/oHb1PxQOfmTt7/ZEDBNuuztZJTvAFd60dQ8KdoNmi2ssfNaR6ktyxJITFWlWWGmF0M8Ub2zAyOjpLWW5gL1nk695Z/alJiF8qFjT+ud9in4l9JMAxBTxioVxcupK/nunEYcxiJGpbzjMpJ6IiJet1s9HFnKZ7/Kv3OgPufU12QT5V6Jd6NVYvNu7lcKtdE2PyrkkuGV1eM5agFhQMsMLh0G+MYCz8Kjm7LcJlenvPC54XIbOqcJZIu0UQAWsQONLxWKbKWYlMV1jZVV0MwsK4zIZlk7+Za5oDU+2rxMHsZpVC4a+ll+Z0VNDGxVkfGRktEc1I=&u=U2FsdGVkX1/V7PdRgjvfpcKiZenPyDTCeYZpZa+6rM8=&y=U2FsdGVkX19RRrpaccclsTy3o9m+pr2KO5lkWijGjE8= HTTP/1.1" 200 26
186.102.63.141 - - [20/Aug/2023:14:56:25 -0500] "GET /kwssiamovil/sm/acme/a?s=U2FsdGVkX1+64gpkGju80Vd16Y6PmyoWxmWurCYEEefPFvEIsEkc9Wva75yMxvA1bYgFKPyN1ggC1kqaOzgY85AoNsUXoqzxvIJ40Ql03LdJ5416UoNjQDgSrY7gmJB9jyWF/5XhThO4+9lmvPlD0BhmEpVN4+NFWrwDukjnVLo=&u=U2FsdGVkX1/V7PdRgjvfpcKiZenPyDTCeYZpZa+6rM8=&y=U2FsdGVkX19RRrpaccclsTy3o9m+pr2KO5lkWijGjE8= HTTP/1.1" 200 26
186.102.63.141 - - [20/Aug/2023:14:56:25 -0500] "GET /kwssiamovil/sm/acme/a?s=U2FsdGVkX192+Z9fg/4GeJzzPlcqqADhWpC3+pfNgDbz1A9oM9L7slantaT1I281QIGAfH0WI0y2akpLTJ2mldW1NNP6fzgcnzCcILlGtMIbUaxOvqjFGJks1Q7iHsgJR7RHF0L6PVfrmzABvLcX45awEan2jo8YqzarHamG3+c=&u=U2FsdGVkX1/V7PdRgjvfpcKiZenPyDTCeYZpZa+6rM8=&y=U2FsdGVkX19RRrpaccclsTy3o9m+pr2KO5lkWijGjE8= HTTP/1.1" 200 26
186.102.63.141 - - [20/Aug/2023:14:56:25 -0500] "GET /kwssiamovil/sm/acme/a?s=U2FsdGVkX19uZAl95TPi2+CNQ+BF99jeRTWQUusKuW7mEWOTDDz6SEfhc3BXJuJ6t+pX6lWQxw9YbPVFHvRGBx5pW0A9RKTluNiN11Q/Zs1d2O+GyPkf6MAT9OEyVZpmTexWqEw6UJQlMEI6VkVVsEzOTMIRv8zpfTE+LZoWf8E=&u=U2FsdGVkX1/V7PdRgjvfpcKiZenPyDTCeYZpZa+6rM8=&y=U2FsdGVkX19RRrpaccclsTy3o9m+pr2KO5lkWijGjE8= HTTP/1.1" 200 26
186.102.63.141 - - [20/Aug/2023:14:56:26 -0500] "GET /kwssiamovil/sm/acme/a?s=U2FsdGVkX1/CgbRep3ZofkLcniLG2cN2pfg5bvH8xHkXz8Ewuo1opQqRSj0H/rt+zQMYZP2OD2hQgkgqjpsiNoPhdXGlhO6upu8tmUpAc9uLPyLIn80QjxgH2dC1noWhqq+PyHAe+nzmnw2Sj2768vC3as49Sn2brIZyXeJDtxBqn4T0A/e3A0iLkoJxAj9k&u=U2FsdGVkX1/V7PdRgjvfpcKiZenPyDTCeYZpZa+6rM8=&y=U2FsdGVkX19RRrpaccclsTy3o9m+pr2KO5lkWijGjE8= HTTP/1.1" 200 26
172.22.2.4 - - [20/Aug/2023:14:54:53 -0500] "GET /BLA/boletinlegal/ HTTP/1.1" 200 60692
216.245.221.92 - - [20/Aug/2023:14:58:21 -0500] "HEAD / HTTP/1.1" 200 -
200.119.59.114 - - [20/Aug/2023:14:59:31 -0500] "GET /BLA/resoluciones/index.php?dir=RESOLUCIONES+2022%2F HTTP/1.1" 200 316542
200.119.59.114 - - [20/Aug/2023:14:59:41 -0500] "GET /BLA/resoluciones/RESOLUCIONES%202022/4324.pdf HTTP/1.1" 200 453042
201.245.192.253 - - [20/Aug/2023:14:59:51 -0500] "POST /kwsrmcab/Wsrmcab  HTTP/1.1" 200 41818
172.22.2.4 - - [20/Aug/2023:14:59:52 -0500] "HEAD /BLA/boletinlegal/ HTTP/1.1" 200 -
52.167.144.78 - - [20/Aug/2023:15:02:06 -0500] "GET /BLA/resoluciones/RESOLUCIONES%202013/0054.pdf HTTP/1.1" 200 779036
172.22.2.4 - - [20/Aug/2023:15:00:43 -0500] "GET /BLA/boletinlegal/ HTTP/1.1" 200 60692
216.245.221.92 - - [20/Aug/2023:15:03:21 -0500] "HEAD / HTTP/1.1" 200 -
66.249.77.134 - - [20/Aug/2023:15:04:08 -0500] "GET /portaldeninos/ HTTP/1.1" 200 110175
201.245.192.253 - - [20/Aug/2023:15:04:50 -0500] "POST /kwsrmcab/Wsrmcab  HTTP/1.1" 200 41818
186.28.90.214 - - [20/Aug/2023:15:05:35 -0500] "GET /inscribete-y-participa-en-la-convencion-internacional-de-emergencia-climatica-bogota-2023.html HTTP/1.1" 200 895
