!C99Shell v. 1.0 pre-release build #13!

Software: Apache. PHP/5.5.15 

uname -a: Windows NT SVR-DMZ 6.1 build 7600 (Windows Server 2008 R2 Enterprise Edition) i586 

SYSTEM 

Safe-mode: OFF (not secure)

E:\nuevo\apache\logs\   drwxrwxrwx
Free 8.02 GB of 239.26 GB (3.35%)
Detected drives: [ a ] [ c ] [ d ] [ e ] [ f ]
Home    Back    Forward    UPDIR    Refresh    Search    Buffer    Encoder    Tools    Proc.    FTP brute    Sec.    SQL    PHP-code    Update    Feedback    Self remove    Logout    


Viewing file:     access.2023.08.20.log (993.6 KB)      -rw-rw-rw-
Select action/file-type:
(+) | (+) | (+) | Code (+) | Session (+) | (+) | SDB (+) | (+) | (+) | (+) | (+) | (+) |
152.203.38.190 - - [20/Aug/2023:00:00:44 -0500] "GET /BLA/resoluciones/RESOLUCIONES%202011/6266.pdf HTTP/1.1" 200 1288184
172.22.2.4 - - [20/Aug/2023:00:00:16 -0500] "HEAD /BLA/boletinlegal/ HTTP/1.1" 200 -
172.22.2.4 - - [20/Aug/2023:00:01:07 -0500] "GET /BLA/boletinlegal/ HTTP/1.1" 200 58187
201.245.192.253 - - [20/Aug/2023:00:02:50 -0500] "POST /kwsrmcab/Wsrmcab  HTTP/1.1" 200 41818
216.245.221.92 - - [20/Aug/2023:00:03:23 -0500] "HEAD / HTTP/1.1" 200 -
172.22.2.4 - - [20/Aug/2023:00:03:49 -0500] "GET /BLA/boletinlegal/Circulares/2022/CIRCULAR%20No.%2000005%20DEL%2030%20DE%20JUNIO%20DEL%202022.pdf HTTP/1.1" 200 370015
186.168.120.178 - - [20/Aug/2023:00:06:10 -0500] "GET /inscribete-y-participa-en-la-convencion-internacional-de-emergencia-climatica-bogota-2023.html HTTP/1.1" 200 895
172.22.2.4 - - [20/Aug/2023:00:06:28 -0500] "GET /BLA/boletinlegal/robots.txt HTTP/1.1" 404 1037
172.22.2.4 - - [20/Aug/2023:00:06:28 -0500] "GET /BLA/boletinlegal/jurisprudencia/analisis/AnalisisT-146-16.docx HTTP/1.1" 304 -
172.22.2.4 - - [20/Aug/2023:00:06:06 -0500] "HEAD /BLA/boletinlegal/ HTTP/1.1" 200 -
201.245.192.253 - - [20/Aug/2023:00:07:48 -0500] "POST /kwsrmcab/Wsrmcab  HTTP/1.1" 200 41818
152.203.38.190 - - [20/Aug/2023:00:08:07 -0500] "GET /BLA/resoluciones/index.php?dir= HTTP/1.1" 200 13502
152.203.38.190 - - [20/Aug/2023:00:08:10 -0500] "GET /BLA/resoluciones/dlf/archive.png HTTP/1.1" 200 632
152.203.38.190 - - [20/Aug/2023:00:08:10 -0500] "GET /BLA/resoluciones/index.php?dir=RESOLUCIONES+2019%2F HTTP/1.1" 200 256991
152.203.38.190 - - [20/Aug/2023:00:08:13 -0500] "GET /BLA/resoluciones/RESOLUCIONES%202019/2539.pdf HTTP/1.1" 200 543669
216.245.221.92 - - [20/Aug/2023:00:08:23 -0500] "HEAD / HTTP/1.1" 200 -
172.22.2.4 - - [20/Aug/2023:00:06:57 -0500] "GET /BLA/boletinlegal/ HTTP/1.1" 200 58597
45.225.227.82 - - [20/Aug/2023:00:08:58 -0500] "GET /inscribete-y-participa-en-la-convencion-internacional-de-emergencia-climatica-bogota-2023.html HTTP/1.1" 200 895
191.156.191.78 - - [20/Aug/2023:00:09:02 -0500] "GET /inscribete-y-participa-en-la-convencion-internacional-de-emergencia-climatica-bogota-2023.html HTTP/1.1" 200 895
191.156.52.67 - - [20/Aug/2023:00:10:45 -0500] "GET /bogota-empieza-la-consolidacion-de-la-estrategia-de-bosques-urbanos-con-el-brazo-salitre-en-barrios-unidos.html?utm_source=Meta_DIGI&utm_medium=CPV&utm_campaign=BosquesUrbanos&utm_id=Agosto_2023&fbclid=IwAR32YWlKHDPxHRh3hcVfXd52we-CZ-LFyQPGzawKqdDXGaU4GlIr6_yLWSc_aem_AfMYtb3h8j__mBMWJIKPBgRU4sCvAo2K-T7wCLQfHWYoUHCfYjpWJBvcevtrh9V5WKhEsHZMYU6vqrrVQSqSFV1- HTTP/1.1" 200 892
66.249.70.5 - - [20/Aug/2023:00:12:35 -0500] "GET /BLA/resoluciones/RESOLUCIONES%202017/1944.pdf HTTP/1.1" 200 914513
201.245.192.253 - - [20/Aug/2023:00:12:48 -0500] "POST /kwsrmcab/Wsrmcab  HTTP/1.1" 200 41818
216.245.221.92 - - [20/Aug/2023:00:13:23 -0500] "HEAD / HTTP/1.1" 200 -
172.22.2.4 - - [20/Aug/2023:00:11:56 -0500] "HEAD /BLA/boletinlegal/ HTTP/1.1" 200 -
191.156.150.210 - - [20/Aug/2023:00:13:37 -0500] "GET /bogota-empieza-la-consolidacion-de-la-estrategia-de-bosques-urbanos-con-el-brazo-salitre-en-barrios-unidos.html?utm_source=Meta_DIGI&utm_medium=CPV&utm_campaign=BosquesUrbanos&utm_id=Agosto_2023&fbclid=IwAR2B9KsGaStgPeHg5lnIeJbdsVGt7IiJMOHp50N2MzIk0Pn2ecGu6_OzsXY_aem_AfNkijeTMzjW8oJT4hQhXvrhM94rMkfhaejZqssqaLUvipw46UygaEfMxbrF8yq9CA7szUnWmwPgLMj66-b6K0r5 HTTP/1.1" 200 892
172.22.2.4 - - [20/Aug/2023:00:12:47 -0500] "GET /BLA/boletinlegal/ HTTP/1.1" 200 58597
152.61.192.232 - - [20/Aug/2023:00:14:30 -0500] "GET / HTTP/1.1" 200 319
186.84.91.8 - - [20/Aug/2023:00:15:16 -0500] "GET /inscribete-y-participa-en-la-convencion-internacional-de-emergencia-climatica-bogota-2023.html HTTP/1.1" 200 895
66.249.66.194 - - [20/Aug/2023:00:16:43 -0500] "GET /humedal-guaymaral-refugio-de-animales-silvestres.html HTTP/1.1" 200 728
209.222.252.91 - - [20/Aug/2023:00:17:37 -0500] "GET / HTTP/1.1" 200 319
201.245.192.253 - - [20/Aug/2023:00:17:46 -0500] "POST /kwsrmcab/Wsrmcab  HTTP/1.1" 200 41818
216.245.221.92 - - [20/Aug/2023:00:18:23 -0500] "HEAD / HTTP/1.1" 200 -
201.245.192.253 - - [20/Aug/2023:00:19:24 -0500] "POST /kwsrmcab/Wsrmcab HTTP/1.1" 200 42122
172.22.2.4 - - [20/Aug/2023:00:17:46 -0500] "HEAD /BLA/boletinlegal/ HTTP/1.1" 200 -
201.245.192.253 - - [20/Aug/2023:00:19:27 -0500] "POST /kwsrmcab/Wsrmcab HTTP/1.1" 200 40508
172.22.2.4 - - [20/Aug/2023:00:19:58 -0500] "GET /BLA/boletinlegal/style.css HTTP/1.1" 200 9406
172.22.2.4 - - [20/Aug/2023:00:18:37 -0500] "GET /BLA/boletinlegal/ HTTP/1.1" 200 57790
152.203.38.190 - - [20/Aug/2023:00:20:24 -0500] "GET /BLA/resoluciones/index.php?dir= HTTP/1.1" 200 13502
152.203.38.190 - - [20/Aug/2023:00:20:28 -0500] "GET /BLA/resoluciones/index.php?dir=RESOLUCIONES+2009%2F HTTP/1.1" 200 1694101
152.203.38.190 - - [20/Aug/2023:00:20:37 -0500] "GET /BLA/resoluciones/RESOLUCIONES%202009/2767.pdf HTTP/1.1" 200 408439
201.245.192.253 - - [20/Aug/2023:00:22:46 -0500] "POST /kwsrmcab/Wsrmcab  HTTP/1.1" 200 41818
216.245.221.92 - - [20/Aug/2023:00:23:23 -0500] "HEAD / HTTP/1.1" 200 -
186.84.20.127 - - [20/Aug/2023:00:23:45 -0500] "GET /bogota-empieza-la-consolidacion-de-la-estrategia-de-bosques-urbanos-con-el-brazo-salitre-en-barrios-unidos.html?utm_source=Meta_DIGI&utm_medium=CPV&utm_campaign=BosquesUrbanos&utm_id=Agosto_2023&fbclid=IwAR2u8Irj4_Fm4xyOaLVHE0StuCdVZaiZ0j2YBU_12TNiN7TmJpYK2Q4HofQ_aem_AfMdBL0elJBiTzOp4BJ_9d5l81xo4EtVZsU8HtuN-hiYRdWwXvSBACHBrRGZQ5bM0Bne9T1x3PyPPoYMdPDTT9u1 HTTP/1.1" 200 892
3.15.186.70 - - [20/Aug/2023:00:24:12 -0500] "GET /ai.txt?t=1692493463.916788 HTTP/1.1" 404 1035
3.15.186.70 - - [20/Aug/2023:00:24:13 -0500] "GET /.well-known/ai.txt?t=1692493463.916788 HTTP/1.1" 404 1035
66.249.70.6 - - [20/Aug/2023:00:24:35 -0500] "GET /BLA/Directivas/2011/6.pdf HTTP/1.1" 200 996625
66.249.70.5 - - [20/Aug/2023:00:24:36 -0500] "GET /BLA/resoluciones/AUTOS%202017/1733.pdf HTTP/1.1" 200 715098
66.249.70.5 - - [20/Aug/2023:00:24:37 -0500] "GET /BLA/resoluciones/AUTOS%202010/4395.pdf HTTP/1.1" 200 143353
172.22.2.4 - - [20/Aug/2023:00:23:36 -0500] "HEAD /BLA/boletinlegal/ HTTP/1.1" 200 -
152.61.128.50 - - [20/Aug/2023:00:25:31 -0500] "GET / HTTP/1.1" 200 319
172.22.2.4 - - [20/Aug/2023:00:24:27 -0500] "GET /BLA/boletinlegal/ HTTP/1.1" 200 60692
179.19.8.237 - - [20/Aug/2023:00:26:23 -0500] "GET /inscribete-y-participa-en-la-convencion-internacional-de-emergencia-climatica-bogota-2023.html HTTP/1.1" 200 895
201.245.192.253 - - [20/Aug/2023:00:27:44 -0500] "POST /kwsrmcab/Wsrmcab  HTTP/1.1" 200 41818
216.245.221.92 - - [20/Aug/2023:00:28:23 -0500] "HEAD / HTTP/1.1" 200 -
186.102.12.33 - - [20/Aug/2023:00:29:08 -0500] "GET /bogota-empieza-la-consolidacion-de-la-estrategia-de-bosques-urbanos-con-el-brazo-salitre-en-barrios-unidos.html?utm_source=Meta_DIGI&utm_medium=CPV&utm_campaign=BosquesUrbanos&utm_id=Agosto_2023&fbclid=IwAR1EpwbSOeOpvUDbFcrgTJfuB8CI_m8VEu4GppdRz6MdqrIR0KqRKjVA_pU_aem_AfMusmyiNP0ielY_kXF-WLVVuKI5aC_gkTEDrjzko1AcF0SzCXOvSOdflGgqWxl_u49BS3_j0AFumbxtNYfDdWAV HTTP/1.1" 200 892
186.102.12.33 - - [20/Aug/2023:00:29:08 -0500] "GET /favicon.ico HTTP/1.1" 404 1914
201.245.192.253 - - [20/Aug/2023:00:29:24 -0500] "POST /kwsrmcab/Wsrmcab HTTP/1.1" 200 42122
201.245.192.253 - - [20/Aug/2023:00:29:27 -0500] "POST /kwsrmcab/Wsrmcab HTTP/1.1" 200 40508
152.203.38.190 - - [20/Aug/2023:00:29:44 -0500] "GET /BLA/resoluciones/index.php?dir= HTTP/1.1" 200 13502
152.203.38.190 - - [20/Aug/2023:00:29:44 -0500] "GET /BLA/resoluciones/index.php?dir=2018%2F HTTP/1.1" 200 1608
152.203.38.190 - - [20/Aug/2023:00:29:52 -0500] "GET /BLA/resoluciones/ HTTP/1.1" 200 13502
152.203.38.190 - - [20/Aug/2023:00:29:57 -0500] "GET /BLA/resoluciones/index.php?dir=RESOLUCIONES+2022%2F HTTP/1.1" 200 316542
152.203.38.190 - - [20/Aug/2023:00:30:00 -0500] "GET /BLA/resoluciones/RESOLUCIONES%202022/1416.pdf HTTP/1.1" 200 445335
152.203.38.190 - - [20/Aug/2023:00:30:05 -0500] "GET /BLA/resoluciones/RESOLUCIONES%202022/1415.pdf HTTP/1.1" 200 441756
172.22.2.4 - - [20/Aug/2023:00:29:26 -0500] "HEAD /BLA/boletinlegal/ HTTP/1.1" 200 -
152.203.38.190 - - [20/Aug/2023:00:31:29 -0500] "GET /BLA/resoluciones/index.php?dir= HTTP/1.1" 200 13502
152.203.38.190 - - [20/Aug/2023:00:31:31 -0500] "GET /BLA/resoluciones/index.php?dir=RESOLUCIONES+2023%2F HTTP/1.1" 200 58684
172.22.2.4 - - [20/Aug/2023:00:30:17 -0500] "GET /BLA/boletinlegal/ HTTP/1.1" 200 52656
152.201.212.44 - - [20/Aug/2023:00:32:17 -0500] "GET /BLA/resoluciones/ HTTP/1.1" 200 13502
52.167.144.78 - - [20/Aug/2023:00:32:18 -0500] "GET /BLA/resoluciones/AUTOS%202022/4804.pdf HTTP/1.1" 304 -
152.201.212.44 - - [20/Aug/2023:00:32:21 -0500] "GET /BLA/resoluciones/index.php?dir=RESOLUCIONES+2020%2F HTTP/1.1" 200 169062
201.245.192.253 - - [20/Aug/2023:00:32:43 -0500] "POST /kwsrmcab/Wsrmcab  HTTP/1.1" 200 41818
216.245.221.92 - - [20/Aug/2023:00:33:23 -0500] "HEAD / HTTP/1.1" 200 -
173.252.107.8 - - [20/Aug/2023:00:34:25 -0500] "GET /secretaria-de-ambiente-y-universidad-de-la-salle-firman-acuerdo-de-conservacion-en-17-hectareas.html HTTP/1.1" 200 990
173.252.107.10 - - [20/Aug/2023:00:34:25 -0500] "GET /secretaria-de-ambiente-y-universidad-de-la-salle-firman-acuerdo-de-conservacion-en-17-hectareas.html HTTP/1.1" 200 990
172.22.2.4 - - [20/Aug/2023:00:34:18 -0500] "GET /BLA/boletinlegal/ HTTP/1.1" 200 58597
172.22.2.4 - - [20/Aug/2023:00:35:16 -0500] "HEAD /BLA/boletinlegal/ HTTP/1.1" 200 -
172.22.2.4 - - [20/Aug/2023:00:36:07 -0500] "GET /BLA/boletinlegal/ HTTP/1.1" 200 58597
201.245.192.253 - - [20/Aug/2023:00:37:43 -0500] "POST /kwsrmcab/Wsrmcab  HTTP/1.1" 200 41818
216.245.221.92 - - [20/Aug/2023:00:38:23 -0500] "HEAD / HTTP/1.1" 200 -
201.245.192.253 - - [20/Aug/2023:00:39:24 -0500] "POST /kwsrmcab/Wsrmcab HTTP/1.1" 200 42122
201.245.192.253 - - [20/Aug/2023:00:39:28 -0500] "POST /kwsrmcab/Wsrmcab HTTP/1.1" 200 40508
191.156.181.211 - - [20/Aug/2023:00:40:27 -0500] "GET /bogota-empieza-la-consolidacion-de-la-estrategia-de-bosques-urbanos-con-el-brazo-salitre-en-barrios-unidos.html?utm_source=Meta_DIGI&utm_medium=CPV&utm_campaign=BosquesUrbanos&utm_id=Agosto_2023&fbclid=IwAR3KwhAUP9li0yr2X7h1ieN5jdqwrYMSOXAeuujbzp0c3g6i8cNy486sfVY_aem_AfPDrW5mzCeiOcvdLQWWAsM6t9e0gx6-1FWpW1NyJ2UNqpwdW_r3VYuh7TD8GCvtkhaBRvrsMXfT1fd0-ogqNzdn HTTP/1.1" 200 892
172.22.2.4 - - [20/Aug/2023:00:40:34 -0500] "GET /BLA/boletinlegal/Directivas/2017/Directiva%20No.%2006%20del%2016%20de%20Agosto%20de%202017.pdf HTTP/1.1" 200 310598
172.22.2.4 - - [20/Aug/2023:00:40:50 -0500] "GET /BLA/boletinlegal/actos.php HTTP/1.1" 200 9682
201.245.192.253 - - [20/Aug/2023:00:42:42 -0500] "POST /kwsrmcab/Wsrmcab  HTTP/1.1" 200 41818
172.22.2.4 - - [20/Aug/2023:00:41:06 -0500] "HEAD /BLA/boletinlegal/ HTTP/1.1" 200 -
216.245.221.92 - - [20/Aug/2023:00:43:23 -0500] "HEAD / HTTP/1.1" 200 -
172.22.2.4 - - [20/Aug/2023:00:41:57 -0500] "GET /BLA/boletinlegal/ HTTP/1.1" 200 60692
152.61.192.232 - - [20/Aug/2023:00:47:16 -0500] "GET /arcgis/services/Calidad_del_Agua_WQI/MapServer/WMSServer?request=GetCapabilities&service=WMS HTTP/1.1" 503 1020
152.61.192.232 - - [20/Aug/2023:00:47:17 -0500] "GET /arcgis/services/Calidad_del_Agua_WQI/MapServer/WMSServer?SERVICE=WMS&REQUEST=GetCapabilities HTTP/1.1" 503 1020
152.61.192.232 - - [20/Aug/2023:00:47:18 -0500] "GET /arcgis/services/Calidad_del_Agua_WQI/MapServer/WMSServer?WMTVER=1.0.0&REQUEST=capabilities HTTP/1.1" 503 1020
191.156.50.42 - - [20/Aug/2023:00:47:28 -0500] "GET /inscribete-y-participa-en-la-convencion-internacional-de-emergencia-climatica-bogota-2023.html HTTP/1.1" 200 895
201.245.192.253 - - [20/Aug/2023:00:47:41 -0500] "POST /kwsrmcab/Wsrmcab  HTTP/1.1" 200 41818
167.94.138.35 - - [20/Aug/2023:00:47:46 -0500] "GET / HTTP/1.1" 200 319
167.94.138.35 - - [20/Aug/2023:00:47:46 -0500] "GET / HTTP/1.1" 200 319
167.94.138.35 - - [20/Aug/2023:00:47:47 -0500] "PRI * HTTP/2.0" 400 946
167.94.138.35 - - [20/Aug/2023:00:47:47 -0500] "GET /favicon.ico HTTP/1.1" 200 7782
216.245.221.92 - - [20/Aug/2023:00:48:23 -0500] "HEAD / HTTP/1.1" 200 -
172.22.2.4 - - [20/Aug/2023:00:46:56 -0500] "HEAD /BLA/boletinlegal/ HTTP/1.1" 200 -
172.22.2.4 - - [20/Aug/2023:00:47:47 -0500] "GET /BLA/boletinlegal/ HTTP/1.1" 200 53013
191.95.52.32 - - [20/Aug/2023:00:50:23 -0500] "GET /inscribete-y-participa-en-la-convencion-internacional-de-emergencia-climatica-bogota-2023.html HTTP/1.1" 200 895
172.22.2.4 - - [20/Aug/2023:00:51:31 -0500] "GET /BLA/boletinlegal/favicon.ico HTTP/1.1" 404 1018
172.22.2.4 - - [20/Aug/2023:00:51:16 -0500] "GET /BLA/boletinlegal/ HTTP/1.1" 200 20427
172.22.2.4 - - [20/Aug/2023:00:51:16 -0500] "GET /BLA/boletinlegal/ HTTP/1.1" 200 32715
52.167.144.234 - - [20/Aug/2023:00:52:17 -0500] "GET /Publicaciones/2023EE189082.pdf HTTP/1.1" 200 231988
201.245.192.253 - - [20/Aug/2023:00:52:40 -0500] "POST /kwsrmcab/Wsrmcab  HTTP/1.1" 200 41818
216.245.221.92 - - [20/Aug/2023:00:53:23 -0500] "HEAD / HTTP/1.1" 200 -
191.95.51.208 - - [20/Aug/2023:00:53:42 -0500] "GET /bogota-empieza-la-consolidacion-de-la-estrategia-de-bosques-urbanos-con-el-brazo-salitre-en-barrios-unidos.html?utm_source=Meta_DIGI&utm_medium=CPV&utm_campaign=BosquesUrbanos&utm_id=Agosto_2023&fbclid=IwAR1myGAwDtD-RSwJ8Jfndoqcb1szb2FRQSnHGvOqhW3DeP4riB2ryF0CzTg_aem_AfNl-nzHOE6xdJMSwXUUi1UMvywR568jIAjyBcc6m1waUiFi1s4P8OlB_DB4CgIZ5ChKbYSvuBdhyHZU24ImxmjL HTTP/1.1" 200 892
45.136.153.217 - - [20/Aug/2023:00:53:43 -0500] "GET / HTTP/1.1" 200 319
45.136.153.217 - - [20/Aug/2023:00:53:43 -0500] "POST /HNAP1/ HTTP/1.1" 404 1018
172.22.2.4 - - [20/Aug/2023:00:52:46 -0500] "HEAD /BLA/boletinlegal/ HTTP/1.1" 200 -
66.249.70.6 - - [20/Aug/2023:00:54:36 -0500] "GET /BLA/resoluciones/Notificaciones/RESOLUCIONES%202023/429.pdf HTTP/1.1" 304 -
66.249.70.6 - - [20/Aug/2023:00:54:37 -0500] "GET /BLA/resoluciones/RESOLUCIONES%202013/0933.pdf HTTP/1.1" 200 2227984
172.22.2.4 - - [20/Aug/2023:00:53:37 -0500] "GET /BLA/boletinlegal/ HTTP/1.1" 200 53013
45.128.232.12 - - [20/Aug/2023:00:56:25 -0500] "POST /boaform/admin/formLogin HTTP/1.1" 404 1186
201.245.192.253 - - [20/Aug/2023:00:57:38 -0500] "POST /kwsrmcab/Wsrmcab  HTTP/1.1" 200 41818
216.245.221.92 - - [20/Aug/2023:00:58:23 -0500] "HEAD / HTTP/1.1" 200 -
172.22.2.4 - - [20/Aug/2023:00:58:36 -0500] "HEAD /BLA/boletinlegal/ HTTP/1.1" 200 -
172.22.2.4 - - [20/Aug/2023:00:59:27 -0500] "GET /BLA/boletinlegal/ HTTP/1.1" 200 58187
201.245.192.253 - - [20/Aug/2023:01:02:37 -0500] "POST /kwsrmcab/Wsrmcab  HTTP/1.1" 200 41818
216.245.221.92 - - [20/Aug/2023:01:03:23 -0500] "HEAD / HTTP/1.1" 200 -
66.249.66.193 - - [20/Aug/2023:01:04:07 -0500] "GET /el-ejemplo-comienza-por-casa-alcaldia-de-bogota-expide-decreto-para-reducir-plasticos-de-un-solo-uso-en-las-entidades-del-distrito.html HTTP/1.1" 304 -
172.22.2.4 - - [20/Aug/2023:01:04:14 -0500] "GET /BLA/boletinlegal/ HTTP/1.1" 200 20427
172.22.2.4 - - [20/Aug/2023:01:06:02 -0500] "GET /BLA/boletinlegal/Directivas/2018/Directiva%20No.%2027%20del%2028%20de%20diciembre%20de%202018.pdf HTTP/1.1" 304 -
172.22.2.4 - - [20/Aug/2023:01:04:26 -0500] "HEAD /BLA/boletinlegal/ HTTP/1.1" 200 -
191.156.52.208 - - [20/Aug/2023:01:06:26 -0500] "GET /inscribete-y-participa-en-la-convencion-internacional-de-emergencia-climatica-bogota-2023.html HTTP/1.1" 200 895
172.22.2.4 - - [20/Aug/2023:01:05:17 -0500] "GET /BLA/boletinlegal/ HTTP/1.1" 200 60692
201.245.192.253 - - [20/Aug/2023:01:07:37 -0500] "POST /kwsrmcab/Wsrmcab  HTTP/1.1" 200 41818
216.245.221.92 - - [20/Aug/2023:01:08:23 -0500] "HEAD / HTTP/1.1" 200 -
181.62.53.67 - - [20/Aug/2023:01:09:02 -0500] "GET /inscribete-y-participa-en-la-convencion-internacional-de-emergencia-climatica-bogota-2023.html HTTP/1.1" 200 895
172.22.2.4 - - [20/Aug/2023:01:10:16 -0500] "HEAD /BLA/boletinlegal/ HTTP/1.1" 200 -
201.245.192.253 - - [20/Aug/2023:01:12:35 -0500] "POST /kwsrmcab/Wsrmcab  HTTP/1.1" 200 41818
172.22.2.4 - - [20/Aug/2023:01:11:07 -0500] "GET /BLA/boletinlegal/ HTTP/1.1" 200 52656
216.245.221.92 - - [20/Aug/2023:01:13:23 -0500] "HEAD / HTTP/1.1" 200 -
66.249.70.7 - - [20/Aug/2023:01:17:06 -0500] "GET /BLA/resoluciones/RESOLUCIONES%202013/0933.pdf HTTP/1.1" 200 2227984
201.245.192.253 - - [20/Aug/2023:01:17:35 -0500] "POST /kwsrmcab/Wsrmcab  HTTP/1.1" 200 41818
172.22.2.4 - - [20/Aug/2023:01:16:06 -0500] "HEAD /BLA/boletinlegal/ HTTP/1.1" 200 -
191.156.178.201 - - [20/Aug/2023:01:18:04 -0500] "GET /inscribete-y-participa-en-la-convencion-internacional-de-emergencia-climatica-bogota-2023.html HTTP/1.1" 200 895
216.245.221.92 - - [20/Aug/2023:01:18:23 -0500] "HEAD / HTTP/1.1" 200 -
172.22.2.4 - - [20/Aug/2023:01:16:57 -0500] "GET /BLA/boletinlegal/ HTTP/1.1" 200 53013
201.245.192.253 - - [20/Aug/2023:01:19:24 -0500] "POST /kwsrmcab/Wsrmcab HTTP/1.1" 200 41833
201.245.192.253 - - [20/Aug/2023:01:19:28 -0500] "POST /kwsrmcab/Wsrmcab HTTP/1.1" 200 40513
201.245.192.253 - - [20/Aug/2023:01:22:33 -0500] "POST /kwsrmcab/Wsrmcab  HTTP/1.1" 200 41818
216.245.221.92 - - [20/Aug/2023:01:23:23 -0500] "HEAD / HTTP/1.1" 200 -
172.22.2.4 - - [20/Aug/2023:01:21:56 -0500] "HEAD /BLA/boletinlegal/ HTTP/1.1" 200 -
66.249.70.6 - - [20/Aug/2023:01:24:25 -0500] "GET /Publicaciones/2020EE213946.pdf HTTP/1.1" 404 228
172.22.2.4 - - [20/Aug/2023:01:22:47 -0500] "GET /BLA/boletinlegal/ HTTP/1.1" 200 51319
191.156.150.210 - - [20/Aug/2023:01:26:17 -0500] "GET /inscribete-y-participa-en-la-convencion-internacional-de-emergencia-climatica-bogota-2023.html HTTP/1.1" 200 895
66.249.66.194 - - [20/Aug/2023:01:26:37 -0500] "GET /el-ejemplo-comienza-por-casa-alcaldia-de-bogota-expide-decreto-para-reducir-plasticos-de-un-solo-uso-en-las-entidades-del-distrito.html HTTP/1.1" 304 -
201.245.192.253 - - [20/Aug/2023:01:27:32 -0500] "POST /kwsrmcab/Wsrmcab  HTTP/1.1" 200 41818
152.61.128.50 - - [20/Aug/2023:01:27:57 -0500] "GET /arcgis/services/Calidad_del_Agua_WQI/MapServer/WMSServer?request=GetCapabilities&service=WMS HTTP/1.1" 503 1020
152.61.128.50 - - [20/Aug/2023:01:27:59 -0500] "GET /arcgis/services/Calidad_del_Agua_WQI/MapServer/WMSServer?SERVICE=WMS&REQUEST=GetCapabilities HTTP/1.1" 503 1020
152.61.128.50 - - [20/Aug/2023:01:27:59 -0500] "GET /arcgis/services/Calidad_del_Agua_WQI/MapServer/WMSServer?WMTVER=1.0.0&REQUEST=capabilities HTTP/1.1" 503 1020
216.245.221.92 - - [20/Aug/2023:01:28:23 -0500] "HEAD / HTTP/1.1" 200 -
186.102.6.169 - - [20/Aug/2023:01:28:50 -0500] "GET /inscribete-y-participa-en-la-convencion-internacional-de-emergencia-climatica-bogota-2023.html HTTP/1.1" 200 895
172.22.2.4 - - [20/Aug/2023:01:27:46 -0500] "HEAD /BLA/boletinlegal/ HTTP/1.1" 200 -
201.245.192.253 - - [20/Aug/2023:01:29:24 -0500] "POST /kwsrmcab/Wsrmcab HTTP/1.1" 200 41833
201.245.192.253 - - [20/Aug/2023:01:29:27 -0500] "POST /kwsrmcab/Wsrmcab HTTP/1.1" 200 40513
191.95.54.239 - - [20/Aug/2023:01:30:00 -0500] "GET /bogota-empieza-la-consolidacion-de-la-estrategia-de-bosques-urbanos-con-el-brazo-salitre-en-barrios-unidos.html?utm_source=Meta_DIGI&utm_medium=CPV&utm_campaign=BosquesUrbanos&utm_id=Agosto_2023&fbclid=IwAR0K_ufII1dITLxmez-TysljRrP0tpWgVZiCmi9Z1dHW3wHJfC8zWgGTxcQ_aem_AfN6KyMzeVhskzgJVQApGlbpL95q8ngWlltLxQKOX8HMO3aZggWqMGLThPwvbyjMLIZgRFn6_L4Iyz1emdfgGiOV HTTP/1.1" 200 892
172.22.2.4 - - [20/Aug/2023:01:28:37 -0500] "GET /BLA/boletinlegal/ HTTP/1.1" 200 58597
201.245.192.253 - - [20/Aug/2023:01:32:31 -0500] "POST /kwsrmcab/Wsrmcab  HTTP/1.1" 200 41818
181.78.67.135 - - [20/Aug/2023:01:32:50 -0500] "GET /bogota-empieza-la-consolidacion-de-la-estrategia-de-bosques-urbanos-con-el-brazo-salitre-en-barrios-unidos.html?utm_source=Meta_DIGI&utm_medium=CPV&utm_campaign=BosquesUrbanos&utm_id=Agosto_2023&fbclid=IwAR3nI95dcfHGkDXLOqYwGm0orGWnD2fNPAHirX18JAqiBYfbgod2tY9fvxY_aem_AfNJE34CD66SMt6AH--5zqwCELXulCem2kdwc9QC5N7gD4IDZxPyOAjvBPNIea1sFI6myYIcUgry7ajaWN8hkBPO HTTP/1.1" 200 892
216.245.221.92 - - [20/Aug/2023:01:33:23 -0500] "HEAD / HTTP/1.1" 200 -
172.22.2.4 - - [20/Aug/2023:01:33:36 -0500] "HEAD /BLA/boletinlegal/ HTTP/1.1" 200 -
172.22.2.4 - - [20/Aug/2023:01:34:27 -0500] "GET /BLA/boletinlegal/ HTTP/1.1" 200 60692
66.249.70.5 - - [20/Aug/2023:01:37:32 -0500] "GET /Publicaciones/2020EE213946.pdf HTTP/1.1" 404 228
201.245.192.253 - - [20/Aug/2023:01:37:30 -0500] "POST /kwsrmcab/Wsrmcab  HTTP/1.1" 200 41818
216.245.221.92 - - [20/Aug/2023:01:38:23 -0500] "HEAD / HTTP/1.1" 200 -
201.245.192.253 - - [20/Aug/2023:01:39:23 -0500] "POST /kwsrmcab/Wsrmcab HTTP/1.1" 200 41833
201.245.192.253 - - [20/Aug/2023:01:39:27 -0500] "POST /kwsrmcab/Wsrmcab HTTP/1.1" 200 40513
111.202.101.136 - - [20/Aug/2023:01:39:58 -0500] "GET / HTTP/1.1" 200 319
172.22.2.4 - - [20/Aug/2023:01:39:26 -0500] "HEAD /BLA/boletinlegal/ HTTP/1.1" 200 -
172.22.2.4 - - [20/Aug/2023:01:40:17 -0500] "GET /BLA/boletinlegal/ HTTP/1.1" 200 58597
201.245.192.253 - - [20/Aug/2023:01:42:29 -0500] "POST /kwsrmcab/Wsrmcab  HTTP/1.1" 200 41818
191.95.57.67 - - [20/Aug/2023:01:42:50 -0500] "GET /inscribete-y-participa-en-la-convencion-internacional-de-emergencia-climatica-bogota-2023.html HTTP/1.1" 200 895
181.56.113.38 - - [20/Aug/2023:01:43:12 -0500] "GET /bogota-empieza-la-consolidacion-de-la-estrategia-de-bosques-urbanos-con-el-brazo-salitre-en-barrios-unidos.html?utm_source=Meta_DIGI&utm_medium=CPV&utm_campaign=BosquesUrbanos&utm_id=Agosto_2023&fbclid=IwAR1MA20pabuj2Bi9wl8_ayEFf3jCWwjo41rUuGzrcqcZDkHp-1LpskdtDP0_aem_AfOd-Rl8j6RxavXgqBNgv9KC1givM_jIsgg9E6q6ZzUjbUqM9coDTRcQHNAtdaDrz6QK8sWkBvH-tVwkNKx4liBs HTTP/1.1" 200 892
216.245.221.92 - - [20/Aug/2023:01:43:23 -0500] "HEAD / HTTP/1.1" 200 -
172.22.2.4 - - [20/Aug/2023:01:45:16 -0500] "HEAD /BLA/boletinlegal/ HTTP/1.1" 200 -
201.245.192.253 - - [20/Aug/2023:01:47:28 -0500] "POST /kwsrmcab/Wsrmcab  HTTP/1.1" 200 41818
172.22.2.4 - - [20/Aug/2023:01:46:07 -0500] "GET /BLA/boletinlegal/ HTTP/1.1" 200 58187
216.245.221.92 - - [20/Aug/2023:01:48:23 -0500] "HEAD / HTTP/1.1" 200 -
66.249.70.7 - - [20/Aug/2023:01:50:50 -0500] "GET /BLA/resoluciones/RESOLUCIONES%202013/1705.pdf HTTP/1.1" 200 4738970
172.22.2.4 - - [20/Aug/2023:01:51:01 -0500] "GET /BLA/boletinlegal/sugerencias.php HTTP/1.1" 200 8615
172.22.2.4 - - [20/Aug/2023:01:51:02 -0500] "GET /BLA/boletinlegal/js/jquery.js HTTP/1.1" 200 57254
201.245.192.253 - - [20/Aug/2023:01:52:26 -0500] "POST /kwsrmcab/Wsrmcab  HTTP/1.1" 200 41818
172.22.2.4 - - [20/Aug/2023:01:51:06 -0500] "HEAD /BLA/boletinlegal/ HTTP/1.1" 200 -
216.245.221.92 - - [20/Aug/2023:01:53:23 -0500] "HEAD / HTTP/1.1" 200 -
172.22.2.4 - - [20/Aug/2023:01:51:57 -0500] "GET /BLA/boletinlegal/ HTTP/1.1" 200 58192
66.249.70.5 - - [20/Aug/2023:01:54:37 -0500] "GET /BLA/resoluciones/AUTOS%202010/2420.pdf HTTP/1.1" 200 1456218
66.249.70.5 - - [20/Aug/2023:01:54:38 -0500] "GET /BLA/resoluciones/AUTOS%202016/0910.pdf HTTP/1.1" 200 436649
66.249.70.6 - - [20/Aug/2023:01:54:38 -0500] "GET /BLA/resoluciones/AUTOS%202016/1883.pdf HTTP/1.1" 200 880363
157.90.251.233 - - [20/Aug/2023:01:54:59 -0500] "GET / HTTP/1.1" 200 319
157.90.251.233 - - [20/Aug/2023:01:55:01 -0500] "GET / HTTP/1.1" 200 4720
191.95.171.221 - - [20/Aug/2023:01:55:57 -0500] "GET /bogota-empieza-la-consolidacion-de-la-estrategia-de-bosques-urbanos-con-el-brazo-salitre-en-barrios-unidos.html?utm_source=Meta_DIGI&utm_medium=CPV&utm_campaign=BosquesUrbanos&utm_id=Agosto_2023&fbclid=IwAR21RoTp0ZBf86-lvZAERHR8Cbemmy2U9swCpNp_ATQyKU72DXGU5ZJghw0_aem_AfN-xhdwfDbpqedn39Bxtf6pSDvvL5PbwrgtiZVbBH3klBE8McP4Oo7TUINZCFwPWNswN2QoDgYIpp64ObzUHGjW HTTP/1.1" 200 892
201.245.192.253 - - [20/Aug/2023:01:57:25 -0500] "POST /kwsrmcab/Wsrmcab  HTTP/1.1" 200 41818
52.167.144.43 - - [20/Aug/2023:01:58:00 -0500] "GET /Publicaciones/2023EE189080.pdf HTTP/1.1" 200 22823
216.245.221.92 - - [20/Aug/2023:01:58:23 -0500] "HEAD / HTTP/1.1" 200 -
172.22.2.4 - - [20/Aug/2023:01:56:56 -0500] "HEAD /BLA/boletinlegal/ HTTP/1.1" 200 -
172.22.2.4 - - [20/Aug/2023:01:57:47 -0500] "GET /BLA/boletinlegal/ HTTP/1.1" 200 59343
179.51.119.126 - - [20/Aug/2023:02:02:10 -0500] "GET /bogota-empieza-la-consolidacion-de-la-estrategia-de-bosques-urbanos-con-el-brazo-salitre-en-barrios-unidos.html?utm_source=Meta_DIGI&utm_medium=CPV&utm_campaign=BosquesUrbanos&utm_id=Agosto_2023&fbclid=IwAR3I9A4dR5fbyVNEGqzgYnKUNOghuUCuRQCPKsWvb1Nxru66izbqGU-fVSg_aem_AfPBfX-jRvm64lEYg-Ex9R9x7_iRj9vDT8PSRLq80fLy0-oopgJWsgIDZsCm9yxdMS3dWVlreqJtagHQpAAdy8B- HTTP/1.1" 200 892
201.245.192.253 - - [20/Aug/2023:02:02:25 -0500] "POST /kwsrmcab/Wsrmcab  HTTP/1.1" 200 41818
191.95.54.248 - - [20/Aug/2023:02:02:42 -0500] "GET /inscribete-y-participa-en-la-convencion-internacional-de-emergencia-climatica-bogota-2023.html HTTP/1.1" 200 895
216.245.221.92 - - [20/Aug/2023:02:03:23 -0500] "HEAD / HTTP/1.1" 200 -
172.22.2.4 - - [20/Aug/2023:02:02:46 -0500] "HEAD /BLA/boletinlegal/ HTTP/1.1" 200 -
172.22.2.4 - - [20/Aug/2023:02:04:37 -0500] "GET /BLA/boletinlegal/jurisprudencia/analisis/analisis%20C-595-2010.doc HTTP/1.1" 304 -
172.22.2.4 - - [20/Aug/2023:02:03:37 -0500] "GET /BLA/boletinlegal/ HTTP/1.1" 200 58597
191.156.153.225 - - [20/Aug/2023:02:06:46 -0500] "GET /bogota-empieza-la-consolidacion-de-la-estrategia-de-bosques-urbanos-con-el-brazo-salitre-en-barrios-unidos.html?utm_source=Meta_DIGI&utm_medium=CPV&utm_campaign=BosquesUrbanos&utm_id=Agosto_2023&fbclid=IwAR3nOQGdg7oG2l087a7AOqyrb-6mf_hR8Qql5uLYAV3zpcKSrt0zz0KYdo0_aem_AfNhc_NYpgo3qkSOnT8PtC6ubV3cXgJdH1GYYkjNXZATb4Y5Mpw1aAwEmilDF3gHIsWOkepeaguz86hicwFR0Z68 HTTP/1.1" 200 892
201.245.192.253 - - [20/Aug/2023:02:07:23 -0500] "POST /kwsrmcab/Wsrmcab  HTTP/1.1" 200 41818
216.245.221.92 - - [20/Aug/2023:02:08:23 -0500] "HEAD / HTTP/1.1" 200 -
172.22.2.4 - - [20/Aug/2023:02:08:36 -0500] "HEAD /BLA/boletinlegal/ HTTP/1.1" 200 -
66.249.70.7 - - [20/Aug/2023:02:08:58 -0500] "HEAD /BLA/boletinlegal/index.php HTTP/1.1" 200 -
172.22.2.4 - - [20/Aug/2023:02:09:27 -0500] "GET /BLA/boletinlegal/ HTTP/1.1" 200 41412
66.249.70.7 - - [20/Aug/2023:02:09:58 -0500] "HEAD /BLA/boletinlegal/index.php HTTP/1.1" 200 -
201.245.192.253 - - [20/Aug/2023:02:12:22 -0500] "POST /kwsrmcab/Wsrmcab  HTTP/1.1" 200 41818
66.249.70.6 - - [20/Aug/2023:02:12:35 -0500] "GET /BLA/resoluciones/RESOLUCIONES%202013/1705.pdf HTTP/1.1" 200 4738970
216.245.221.92 - - [20/Aug/2023:02:13:23 -0500] "HEAD / HTTP/1.1" 200 -
207.46.13.229 - - [20/Aug/2023:02:14:04 -0500] "GET /robots.txt HTTP/1.1" 404 1035
52.167.144.16 - - [20/Aug/2023:02:14:14 -0500] "GET /portaldeninos/ HTTP/1.1" 200 110175
52.167.144.78 - - [20/Aug/2023:02:15:36 -0500] "GET /Publicaciones/2023EE187695.pdf HTTP/1.1" 200 31015
172.22.2.4 - - [20/Aug/2023:02:14:26 -0500] "HEAD /BLA/boletinlegal/ HTTP/1.1" 200 -
172.22.2.4 - - [20/Aug/2023:02:15:17 -0500] "GET /BLA/boletinlegal/ HTTP/1.1" 200 60692
201.245.192.253 - - [20/Aug/2023:02:17:22 -0500] "POST /kwsrmcab/Wsrmcab  HTTP/1.1" 200 41818
216.245.221.92 - - [20/Aug/2023:02:18:23 -0500] "HEAD / HTTP/1.1" 200 -
40.77.167.7 - - [20/Aug/2023:02:18:44 -0500] "GET /Publicaciones/2023EE97339.pdf HTTP/1.1" 404 227
201.245.192.253 - - [20/Aug/2023:02:19:24 -0500] "POST /kwsrmcab/Wsrmcab HTTP/1.1" 200 41824
201.245.192.253 - - [20/Aug/2023:02:19:27 -0500] "POST /kwsrmcab/Wsrmcab HTTP/1.1" 200 40516
172.22.2.4 - - [20/Aug/2023:02:20:16 -0500] "HEAD /BLA/boletinlegal/ HTTP/1.1" 200 -
201.245.192.253 - - [20/Aug/2023:02:22:20 -0500] "POST /kwsrmcab/Wsrmcab  HTTP/1.1" 200 41818
172.22.2.4 - - [20/Aug/2023:02:21:07 -0500] "GET /BLA/boletinlegal/ HTTP/1.1" 200 52656
216.245.221.92 - - [20/Aug/2023:02:23:23 -0500] "HEAD / HTTP/1.1" 200 -
173.252.127.117 - - [20/Aug/2023:02:26:44 -0500] "GET /images/pl\xc3\xa1sticos%20foto%201..jpg HTTP/1.1" 404 1034
201.245.192.253 - - [20/Aug/2023:02:27:20 -0500] "POST /kwsrmcab/Wsrmcab  HTTP/1.1" 200 41818
113.207.1.133 - - [20/Aug/2023:02:27:26 -0500] "GET /galeria/galeria/fotos/juan-amarillo2P.jpg HTTP/1.1" 200 32696
172.22.2.4 - - [20/Aug/2023:02:26:06 -0500] "HEAD /BLA/boletinlegal/ HTTP/1.1" 200 -
216.245.221.92 - - [20/Aug/2023:02:28:23 -0500] "HEAD / HTTP/1.1" 200 -
172.22.2.4 - - [20/Aug/2023:02:26:57 -0500] "GET /BLA/boletinlegal/ HTTP/1.1" 200 57790
201.245.192.253 - - [20/Aug/2023:02:29:23 -0500] "POST /kwsrmcab/Wsrmcab HTTP/1.1" 200 41824
201.245.192.253 - - [20/Aug/2023:02:29:26 -0500] "POST /kwsrmcab/Wsrmcab HTTP/1.1" 200 40516
66.249.70.5 - - [20/Aug/2023:02:30:26 -0500] "GET /Publicaciones/2022EE193616.pdf HTTP/1.1" 404 228
206.0.24.105 - - [20/Aug/2023:02:31:14 -0500] "GET /bogota-empieza-la-consolidacion-de-la-estrategia-de-bosques-urbanos-con-el-brazo-salitre-en-barrios-unidos.html?utm_source=Meta_DIGI&utm_medium=CPV&utm_campaign=BosquesUrbanos&utm_id=Agosto_2023&fbclid=IwAR1mLWHLQCAEdqz8dqc_xdTjBfYjmANhbTEvIHcGaX5U84oRbH6kTtnvVqI_aem_AfORtr96QQnmLTys9fKKKrBF2Kkuo0ZqUIsgNPJYZpAEbGzV0Qn7Iyk38YxgKmnGyYSZWI7jSeaJzM7nWbBemubX HTTP/1.1" 200 892
66.249.70.6 - - [20/Aug/2023:02:31:29 -0500] "GET /Publicaciones/2022EE200319.pdf HTTP/1.1" 404 228
201.245.192.253 - - [20/Aug/2023:02:32:19 -0500] "POST /kwsrmcab/Wsrmcab  HTTP/1.1" 200 41818
216.245.221.92 - - [20/Aug/2023:02:33:23 -0500] "HEAD / HTTP/1.1" 200 -
172.22.2.4 - - [20/Aug/2023:02:31:56 -0500] "HEAD /BLA/boletinlegal/ HTTP/1.1" 200 -
66.249.70.6 - - [20/Aug/2023:02:33:37 -0500] "GET /BLA/resoluciones/RESOLUCIONES%202017/0568.pdf HTTP/1.1" 200 692967
172.22.2.4 - - [20/Aug/2023:02:32:47 -0500] "GET /BLA/boletinlegal/ HTTP/1.1" 200 58187
66.249.70.6 - - [20/Aug/2023:02:34:54 -0500] "GET /Publicaciones/2022EE202321.pdf HTTP/1.1" 404 228
66.249.70.6 - - [20/Aug/2023:02:35:56 -0500] "GET /Publicaciones/2022EE200079.pdf HTTP/1.1" 404 228
66.249.66.195 - - [20/Aug/2023:02:37:13 -0500] "GET /bogota-empieza-la-consolidacion-de-la-estrategia-de-bosques-urbanos-con-el-brazo-salitre-en-barrios-unidos.html HTTP/1.1" 200 892
201.245.192.253 - - [20/Aug/2023:02:37:18 -0500] "POST /kwsrmcab/Wsrmcab  HTTP/1.1" 200 41818
40.77.167.7 - - [20/Aug/2023:02:37:27 -0500] "GET /Publicaciones/2023EE73548.pdf HTTP/1.1" 404 227
216.245.221.92 - - [20/Aug/2023:02:38:23 -0500] "HEAD / HTTP/1.1" 200 -
66.249.70.5 - - [20/Aug/2023:02:37:06 -0500] "HEAD /BLA/boletinlegal/index.php HTTP/1.1" 200 -
172.22.2.4 - - [20/Aug/2023:02:37:46 -0500] "HEAD /BLA/boletinlegal/ HTTP/1.1" 200 -
201.245.192.253 - - [20/Aug/2023:02:39:24 -0500] "POST /kwsrmcab/Wsrmcab HTTP/1.1" 200 41824
201.245.192.253 - - [20/Aug/2023:02:39:27 -0500] "POST /kwsrmcab/Wsrmcab HTTP/1.1" 200 40516
66.249.70.6 - - [20/Aug/2023:02:38:06 -0500] "HEAD /BLA/boletinlegal/index.php HTTP/1.1" 200 -
172.22.2.4 - - [20/Aug/2023:02:38:36 -0500] "GET /BLA/boletinlegal/ HTTP/1.1" 200 48235
40.77.167.1 - - [20/Aug/2023:02:41:45 -0500] "GET /autoliquidacion/grupo%20forestal%20-%20silvicultura/ficha2_%20formato%20registro%20poda%20funcionando_v3.xlsm HTTP/1.1" 404 1018
66.249.70.5 - - [20/Aug/2023:02:42:06 -0500] "GET /Publicaciones/2022EE200519.pdf HTTP/1.1" 404 228
201.245.192.253 - - [20/Aug/2023:02:42:17 -0500] "POST /kwsrmcab/Wsrmcab  HTTP/1.1" 200 41818
172.22.2.4 - - [20/Aug/2023:02:42:27 -0500] "GET /BLA/boletinlegal/jurisprudencia/analisis/AnalisisT-606-15.docx HTTP/1.1" 200 26698
172.22.2.4 - - [20/Aug/2023:02:42:27 -0500] "GET /BLA/boletinlegal/apple-touch-icon-120x120-precomposed.png HTTP/1.1" 404 1140
172.22.2.4 - - [20/Aug/2023:02:42:27 -0500] "GET /BLA/boletinlegal/apple-touch-icon-120x120.png HTTP/1.1" 404 1140
172.22.2.4 - - [20/Aug/2023:02:42:27 -0500] "GET /BLA/boletinlegal/apple-touch-icon-precomposed.png HTTP/1.1" 404 1140
172.22.2.4 - - [20/Aug/2023:02:42:28 -0500] "GET /BLA/boletinlegal/apple-touch-icon.png HTTP/1.1" 404 1140
172.22.2.4 - - [20/Aug/2023:02:42:28 -0500] "GET /BLA/boletinlegal/favicon.ico HTTP/1.1" 404 1140
172.22.2.4 - - [20/Aug/2023:02:42:28 -0500] "GET /BLA/boletinlegal/apple-touch-icon-120x120-precomposed.png HTTP/1.1" 404 1140
172.22.2.4 - - [20/Aug/2023:02:42:28 -0500] "GET /BLA/boletinlegal/apple-touch-icon-120x120.png HTTP/1.1" 404 1140
172.22.2.4 - - [20/Aug/2023:02:42:28 -0500] "GET /BLA/boletinlegal/apple-touch-icon-precomposed.png HTTP/1.1" 404 1140
172.22.2.4 - - [20/Aug/2023:02:42:28 -0500] "GET /BLA/boletinlegal/apple-touch-icon.png HTTP/1.1" 404 1140
172.22.2.4 - - [20/Aug/2023:02:42:28 -0500] "GET /BLA/boletinlegal/favicon.ico HTTP/1.1" 404 1140
66.249.70.5 - - [20/Aug/2023:02:43:17 -0500] "GET /BLA/resoluciones/RESOLUCIONES%202017/0568.pdf HTTP/1.1" 200 692967
216.245.221.92 - - [20/Aug/2023:02:43:23 -0500] "HEAD / HTTP/1.1" 200 -
69.63.189.2 - - [20/Aug/2023:02:43:30 -0500] "GET /conoce-unas-de-las-plantas-endemicas-que-mas-se-ven-en-los-ecosistemas-de-bogota.html HTTP/1.1" 200 927
66.249.70.5 - - [20/Aug/2023:02:42:17 -0500] "HEAD /BLA/boletinlegal/index.php HTTP/1.1" 200 -
66.249.70.5 - - [20/Aug/2023:02:44:40 -0500] "GET /galeria/galeria/jquery.fancybox.js?v=2.1.5 HTTP/1.1" 200 48706
66.249.70.5 - - [20/Aug/2023:02:43:18 -0500] "HEAD /BLA/boletinlegal/index.php HTTP/1.1" 200 -
172.22.2.4 - - [20/Aug/2023:02:43:36 -0500] "HEAD /BLA/boletinlegal/ HTTP/1.1" 200 -
172.22.2.4 - - [20/Aug/2023:02:44:27 -0500] "GET /BLA/boletinlegal/ HTTP/1.1" 200 53766
201.245.192.253 - - [20/Aug/2023:02:47:16 -0500] "POST /kwsrmcab/Wsrmcab  HTTP/1.1" 200 41818
168.119.253.61 - - [20/Aug/2023:02:47:25 -0500] "GET / HTTP/1.1" 200 319
168.119.253.61 - - [20/Aug/2023:02:47:27 -0500] "GET / HTTP/1.1" 200 4720
216.245.221.92 - - [20/Aug/2023:02:48:23 -0500] "HEAD / HTTP/1.1" 200 -
66.249.70.6 - - [20/Aug/2023:02:47:46 -0500] "HEAD /BLA/boletinlegal/index.php HTTP/1.1" 200 -
66.249.70.5 - - [20/Aug/2023:02:48:46 -0500] "HEAD /BLA/boletinlegal/index.php HTTP/1.1" 200 -
172.22.2.4 - - [20/Aug/2023:02:49:26 -0500] "HEAD /BLA/boletinlegal/ HTTP/1.1" 200 -
66.249.70.7 - - [20/Aug/2023:02:51:50 -0500] "GET /Publicaciones/2022EE199955.pdf HTTP/1.1" 404 228
172.22.2.4 - - [20/Aug/2023:02:50:17 -0500] "GET /BLA/boletinlegal/ HTTP/1.1" 200 53362
201.245.192.253 - - [20/Aug/2023:02:52:15 -0500] "POST /kwsrmcab/Wsrmcab  HTTP/1.1" 200 41818
66.249.70.5 - - [20/Aug/2023:02:52:20 -0500] "GET /Publicaciones/2022EE200754.pdf HTTP/1.1" 404 228
216.245.221.92 - - [20/Aug/2023:02:53:23 -0500] "HEAD / HTTP/1.1" 200 -
66.249.70.7 - - [20/Aug/2023:02:53:48 -0500] "HEAD /BLA/boletinlegal/index.php HTTP/1.1" 200 -
66.249.70.7 - - [20/Aug/2023:02:54:48 -0500] "HEAD /BLA/boletinlegal/index.php HTTP/1.1" 200 -
172.22.2.4 - - [20/Aug/2023:02:55:16 -0500] "HEAD /BLA/boletinlegal/ HTTP/1.1" 200 -
201.245.192.253 - - [20/Aug/2023:02:57:13 -0500] "POST /kwsrmcab/Wsrmcab  HTTP/1.1" 200 41818
172.22.2.4 - - [20/Aug/2023:02:56:06 -0500] "GET /BLA/boletinlegal/ HTTP/1.1" 200 56257
66.249.70.6 - - [20/Aug/2023:02:58:15 -0500] "GET /Publicaciones/2022EE195175.pdf HTTP/1.1" 404 228
216.245.221.92 - - [20/Aug/2023:02:58:23 -0500] "HEAD / HTTP/1.1" 200 -
66.249.70.6 - - [20/Aug/2023:03:01:24 -0500] "GET /Publicaciones/2022EE200523.pdf HTTP/1.1" 404 228
66.249.70.5 - - [20/Aug/2023:03:01:48 -0500] "GET /Publicaciones/2022EE195558.pdf HTTP/1.1" 404 228
201.245.192.253 - - [20/Aug/2023:03:02:12 -0500] "POST /kwsrmcab/Wsrmcab  HTTP/1.1" 200 41818
172.22.2.4 - - [20/Aug/2023:03:01:06 -0500] "HEAD /BLA/boletinlegal/ HTTP/1.1" 200 -
66.249.70.5 - - [20/Aug/2023:03:03:21 -0500] "GET /Publicaciones/2022EE193938.pdf HTTP/1.1" 404 228
216.245.221.92 - - [20/Aug/2023:03:03:23 -0500] "HEAD / HTTP/1.1" 200 -
172.22.2.4 - - [20/Aug/2023:03:01:56 -0500] "GET /BLA/boletinlegal/ HTTP/1.1" 200 58187
179.19.50.156 - - [20/Aug/2023:03:05:15 -0500] "GET /bogota-empieza-la-consolidacion-de-la-estrategia-de-bosques-urbanos-con-el-brazo-salitre-en-barrios-unidos.html?utm_source=Meta_DIGI&utm_medium=CPV&utm_campaign=BosquesUrbanos&utm_id=Agosto_2023&fbclid=IwAR0HzQcIj3pE8j2rxubvX3ksRwO2MAmjypLLYOl0wGyNgpHtG6K70WH6oqg_aem_AfNs2GxwvRlZvWK10IJLYokfiFMoaKvXyphzGPGocCoNOIKGmedD21GkOkktXy9bSijDuIc8uJjdW48QxQFLd7AP HTTP/1.1" 200 892
69.63.189.3 - - [20/Aug/2023:03:05:40 -0500] "GET /images/avistamiento-aves.jpg HTTP/1.1" 200 104313
69.63.189.6 - - [20/Aug/2023:03:05:43 -0500] "GET /images/construccion-sostenible-.jpg HTTP/1.1" 200 82949
69.63.189.119 - - [20/Aug/2023:03:05:43 -0500] "GET /images/Caminatas-ecologicas-julio.jpg HTTP/1.1" 200 480557
69.63.189.116 - - [20/Aug/2023:03:05:43 -0500] "GET /images/camino-guadalupe-aguanoso.jpg HTTP/1.1" 200 103489
201.245.192.253 - - [20/Aug/2023:03:07:11 -0500] "POST /kwsrmcab/Wsrmcab  HTTP/1.1" 200 41818
172.22.2.4 - - [20/Aug/2023:03:07:35 -0500] "GET /BLA/boletinlegal/robots.txt HTTP/1.1" 404 1140
66.249.70.5 - - [20/Aug/2023:03:07:49 -0500] "GET /Publicaciones/2022EE195836.pdf HTTP/1.1" 404 228
216.245.221.92 - - [20/Aug/2023:03:08:23 -0500] "HEAD / HTTP/1.1" 200 -
172.22.2.4 - - [20/Aug/2023:03:06:56 -0500] "HEAD /BLA/boletinlegal/ HTTP/1.1" 200 -
66.249.70.6 - - [20/Aug/2023:03:08:37 -0500] "GET /Publicaciones/2022EE205297.pdf HTTP/1.1" 404 228
172.22.2.4 - - [20/Aug/2023:03:08:22 -0500] "GET /BLA/boletinlegal/ HTTP/1.1" 200 24523
172.22.2.4 - - [20/Aug/2023:03:07:47 -0500] "GET /BLA/boletinlegal/ HTTP/1.1" 200 42510
52.167.144.43 - - [20/Aug/2023:03:11:18 -0500] "GET /Publicaciones/2023EE188578.pdf HTTP/1.1" 200 88359
201.245.192.253 - - [20/Aug/2023:03:12:09 -0500] "POST /kwsrmcab/Wsrmcab  HTTP/1.1" 200 41818
216.245.221.92 - - [20/Aug/2023:03:13:23 -0500] "HEAD / HTTP/1.1" 200 -
172.22.2.4 - - [20/Aug/2023:03:12:46 -0500] "HEAD /BLA/boletinlegal/ HTTP/1.1" 200 -
66.249.70.5 - - [20/Aug/2023:03:14:35 -0500] "GET /Publicaciones/2022EE202184.pdf HTTP/1.1" 404 228
66.249.70.6 - - [20/Aug/2023:03:14:47 -0500] "GET /Publicaciones/2022EE194882.pdf HTTP/1.1" 404 228
66.249.70.5 - - [20/Aug/2023:03:14:51 -0500] "GET /Publicaciones/2022EE193901.pdf HTTP/1.1" 404 228
172.22.2.4 - - [20/Aug/2023:03:13:36 -0500] "GET /BLA/boletinlegal/ HTTP/1.1" 200 53013
66.249.70.5 - - [20/Aug/2023:03:16:34 -0500] "GET /BLA/resoluciones/RESOLUCIONES%202008/0398.pdf HTTP/1.1" 200 266847
66.249.70.6 - - [20/Aug/2023:03:16:59 -0500] "GET /Publicaciones/2022EE204392.pdf HTTP/1.1" 404 228
201.245.192.253 - - [20/Aug/2023:03:17:09 -0500] "POST /kwsrmcab/Wsrmcab  HTTP/1.1" 200 41818
190.84.118.4 - - [20/Aug/2023:03:17:31 -0500] "GET /inscribete-y-participa-en-la-convencion-internacional-de-emergencia-climatica-bogota-2023.html HTTP/1.1" 200 895
205.210.31.161 - - [20/Aug/2023:03:18:06 -0500] "GET / HTTP/1.1" 200 4720
216.245.221.92 - - [20/Aug/2023:03:18:23 -0500] "HEAD / HTTP/1.1" 200 -
191.156.59.172 - - [20/Aug/2023:03:18:58 -0500] "GET /inscribete-y-participa-en-la-convencion-internacional-de-emergencia-climatica-bogota-2023.html HTTP/1.1" 200 895
201.245.192.253 - - [20/Aug/2023:03:19:23 -0500] "POST /kwsrmcab/Wsrmcab HTTP/1.1" 200 41826
201.245.192.253 - - [20/Aug/2023:03:19:27 -0500] "POST /kwsrmcab/Wsrmcab HTTP/1.1" 200 40515
172.22.2.4 - - [20/Aug/2023:03:18:36 -0500] "HEAD /BLA/boletinlegal/ HTTP/1.1" 200 -
172.22.2.4 - - [20/Aug/2023:03:19:26 -0500] "GET /BLA/boletinlegal/ HTTP/1.1" 200 53013
201.245.192.253 - - [20/Aug/2023:03:22:08 -0500] "POST /kwsrmcab/Wsrmcab  HTTP/1.1" 200 41818
31.7.60.114 - - [20/Aug/2023:03:22:14 -0500] "GET / HTTP/1.1" 200 319
216.245.221.92 - - [20/Aug/2023:03:23:23 -0500] "HEAD / HTTP/1.1" 200 -
172.22.2.4 - - [20/Aug/2023:03:24:26 -0500] "HEAD /BLA/boletinlegal/ HTTP/1.1" 200 -
186.102.86.209 - - [20/Aug/2023:03:26:41 -0500] "GET /bogota-empieza-la-consolidacion-de-la-estrategia-de-bosques-urbanos-con-el-brazo-salitre-en-barrios-unidos.html?utm_source=Meta_DIGI&utm_medium=CPV&utm_campaign=BosquesUrbanos&utm_id=Agosto_2023&fbclid=IwAR3QS3-CgXZ5KOGSqOa_mLTUxMFGFeGQmUgven6xUtyUR1c1-zLPl_FcFaE_aem_AVZkfIjJKi1EB628bm92374_dRlgRDrRkq5COXLHfDD0CIikReIt3AXHgZd2bzz0aUqJ-HaoV9pdG_7Gn_Ad8JdC HTTP/1.1" 200 892
172.22.2.4 - - [20/Aug/2023:03:25:16 -0500] "GET /BLA/boletinlegal/ HTTP/1.1" 200 58597
201.245.192.253 - - [20/Aug/2023:03:27:07 -0500] "POST /kwsrmcab/Wsrmcab  HTTP/1.1" 200 41818
216.245.221.92 - - [20/Aug/2023:03:28:23 -0500] "HEAD / HTTP/1.1" 200 -
52.167.144.43 - - [20/Aug/2023:03:28:40 -0500] "GET /bla/resoluciones/resoluciones%201997/0542.pdf HTTP/1.1" 304 -
201.245.192.253 - - [20/Aug/2023:03:29:24 -0500] "POST /kwsrmcab/Wsrmcab HTTP/1.1" 200 41826
201.245.192.253 - - [20/Aug/2023:03:29:27 -0500] "GET /kwsrmcab/Wsrmcab?wsdl HTTP/1.1" 200 6948
201.245.192.253 - - [20/Aug/2023:03:29:27 -0500] "POST /kwsrmcab/Wsrmcab HTTP/1.1" 200 40515
40.77.167.18 - - [20/Aug/2023:03:29:43 -0500] "GET /Publicaciones/2023EE73548.pdf HTTP/1.1" 404 227
52.167.144.78 - - [20/Aug/2023:03:30:23 -0500] "GET /Publicaciones/2023EE188350.pdf HTTP/1.1" 200 88359
172.22.2.4 - - [20/Aug/2023:03:30:16 -0500] "HEAD /BLA/boletinlegal/ HTTP/1.1" 200 -
201.245.192.253 - - [20/Aug/2023:03:32:05 -0500] "POST /kwsrmcab/Wsrmcab  HTTP/1.1" 200 41818
172.22.2.4 - - [20/Aug/2023:03:31:06 -0500] "GET /BLA/boletinlegal/ HTTP/1.1" 200 57790
216.245.221.92 - - [20/Aug/2023:03:33:23 -0500] "HEAD / HTTP/1.1" 200 -
201.245.192.253 - - [20/Aug/2023:03:37:05 -0500] "POST /kwsrmcab/Wsrmcab  HTTP/1.1" 200 41818
172.22.2.4 - - [20/Aug/2023:03:36:06 -0500] "HEAD /BLA/boletinlegal/ HTTP/1.1" 200 -
216.245.221.92 - - [20/Aug/2023:03:38:23 -0500] "HEAD / HTTP/1.1" 200 -
52.167.144.186 - - [20/Aug/2023:03:38:32 -0500] "GET /Publicaciones/2023EE188360.pdf HTTP/1.1" 200 232025
172.22.2.4 - - [20/Aug/2023:03:36:56 -0500] "GET /BLA/boletinlegal/ HTTP/1.1" 200 60692
201.245.192.253 - - [20/Aug/2023:03:39:23 -0500] "POST /kwsrmcab/Wsrmcab HTTP/1.1" 200 41826
201.245.192.253 - - [20/Aug/2023:03:39:27 -0500] "POST /kwsrmcab/Wsrmcab HTTP/1.1" 200 40515
201.245.192.253 - - [20/Aug/2023:03:42:04 -0500] "POST /kwsrmcab/Wsrmcab  HTTP/1.1" 200 41818
52.167.144.231 - - [20/Aug/2023:03:42:44 -0500] "GET /portaldeninos/parque-ecologico-distrital-humedal-santa-maria-del-lago/ HTTP/1.1" 200 90199
207.46.13.215 - - [20/Aug/2023:03:42:56 -0500] "GET /portaldeninos/wp-content/plugins/gallery-videos/JS/modernizr.custom.js?ver=4.9.8 HTTP/1.1" 200 9019
207.46.13.215 - - [20/Aug/2023:03:42:57 -0500] "GET /portaldeninos/wp-content/themes/betheme/css/base.css?ver=20.9.6 HTTP/1.1" 200 57283
207.46.13.215 - - [20/Aug/2023:03:42:57 -0500] "GET /portaldeninos/wp-includes/js/jquery/jquery-migrate.min.js?ver=1.4.1 HTTP/1.1" 200 10056
52.167.144.238 - - [20/Aug/2023:03:43:01 -0500] "GET /portaldeninos/wp-content/plugins/gallery-videos/CSS/totalsoft.css?ver=4.9.8 HTTP/1.1" 200 40622
40.77.167.233 - - [20/Aug/2023:03:43:05 -0500] "GET /portaldeninos/wp-content/plugins/gallery-videos/JS/Total-Soft-Gallery-Video-Widget.js?ver=4.9.8 HTTP/1.1" 200 80264
40.77.167.233 - - [20/Aug/2023:03:43:06 -0500] "GET /portaldeninos/wp-content/themes/betheme/assets/animations/animations.min.css?ver=20.9.6 HTTP/1.1" 200 58508
40.77.167.233 - - [20/Aug/2023:03:43:06 -0500] "GET /portaldeninos/wp-includes/js/jquery/ui/tabs.min.js?ver=1.11.4 HTTP/1.1" 200 12110
40.77.167.233 - - [20/Aug/2023:03:43:06 -0500] "GET /portaldeninos/wp-includes/js/wp-embed.min.js?ver=4.9.8 HTTP/1.1" 200 1398
157.55.39.216 - - [20/Aug/2023:03:43:15 -0500] "GET /portaldeninos/wp-content/themes/betheme/assets/jplayer/jplayer.min.js?ver=20.9.6 HTTP/1.1" 200 52702
157.55.39.216 - - [20/Aug/2023:03:43:16 -0500] "GET /portaldeninos/wp-content/themes/betheme/js/plugins.js?ver=20.9.6 HTTP/1.1" 200 197151
157.55.39.216 - - [20/Aug/2023:03:43:17 -0500] "GET /portaldeninos/wp-content/themes/betheme/style.css?ver=20.9.6 HTTP/1.1" 200 287
216.245.221.92 - - [20/Aug/2023:03:43:23 -0500] "HEAD / HTTP/1.1" 200 -
172.22.2.4 - - [20/Aug/2023:03:41:56 -0500] "HEAD /BLA/boletinlegal/ HTTP/1.1" 200 -
157.55.39.216 - - [20/Aug/2023:03:43:17 -0500] "GET /portaldeninos/wp-content/uploads/2021/07/Humedal-Santa-Maria-del-Lago.mp4 HTTP/1.1" 200 10787102
157.55.39.216 - - [20/Aug/2023:03:43:56 -0500] "GET /portaldeninos/wp-includes/js/jquery/ui/core.min.js?ver=1.11.4 HTTP/1.1" 200 4000
157.55.39.216 - - [20/Aug/2023:03:43:56 -0500] "GET /portaldeninos/wp-includes/js/wp-emoji-release.min.js?ver=4.9.8 HTTP/1.1" 200 12026
172.22.2.4 - - [20/Aug/2023:03:42:46 -0500] "GET /BLA/boletinlegal/ HTTP/1.1" 200 58187
172.22.2.4 - - [20/Aug/2023:03:45:15 -0500] "GET /BLA/boletinlegal/ HTTP/1.1" 200 62795
201.245.192.253 - - [20/Aug/2023:03:47:03 -0500] "POST /kwsrmcab/Wsrmcab  HTTP/1.1" 200 41818
188.166.215.221 - - [20/Aug/2023:03:47:32 -0500] "GET /.env HTTP/1.1" 404 1018
52.167.144.43 - - [20/Aug/2023:03:48:02 -0500] "GET /Publicaciones/2023EE188974.pdf HTTP/1.1" 200 106103
216.245.221.92 - - [20/Aug/2023:03:48:23 -0500] "HEAD / HTTP/1.1" 200 -
54.242.100.23 - - [20/Aug/2023:03:48:28 -0500] "GET /inscribete-y-participa-en-la-convencion-internacional-de-emergencia-climatica-bogota-2023.html HTTP/1.1" 200 895
54.242.100.23 - - [20/Aug/2023:03:48:29 -0500] "GET /mejora-tu-bienestar-con-las-caminatas-ecologicas-%C3%82%C2%A1conoce-la-programacion-de-agosto.html HTTP/1.1" 200 873
54.242.100.23 - - [20/Aug/2023:03:49:07 -0500] "GET /portaldeninos/ HTTP/1.1" 200 110175
172.22.2.4 - - [20/Aug/2023:03:49:11 -0500] "GET /BLA/boletinlegal/actos.php HTTP/1.1" 200 9682
172.22.2.4 - - [20/Aug/2023:03:47:46 -0500] "HEAD /BLA/boletinlegal/ HTTP/1.1" 200 -
172.22.2.4 - - [20/Aug/2023:03:48:36 -0500] "GET /BLA/boletinlegal/ HTTP/1.1" 200 58597
201.245.192.253 - - [20/Aug/2023:03:52:01 -0500] "POST /kwsrmcab/Wsrmcab  HTTP/1.1" 200 41818
165.232.78.65 - - [20/Aug/2023:03:53:17 -0500] "GET / HTTP/1.1" 200 319
216.245.221.92 - - [20/Aug/2023:03:53:23 -0500] "HEAD / HTTP/1.1" 200 -
66.249.70.7 - - [20/Aug/2023:03:54:37 -0500] "GET /BLA/resoluciones/RESOLUCIONES%202009/3949.pdf HTTP/1.1" 200 126922
66.249.70.7 - - [20/Aug/2023:03:54:38 -0500] "GET /BLA/resoluciones/AUTOS%202014/5746.pdf HTTP/1.1" 200 423267
66.249.70.7 - - [20/Aug/2023:03:54:39 -0500] "GET /BLA/resoluciones/AUTOS%202015/1266.pdf HTTP/1.1" 200 325833
66.249.70.7 - - [20/Aug/2023:03:54:39 -0500] "GET /BLA/resoluciones/RESOLUCIONES%202016/0433.pdf HTTP/1.1" 200 945909
66.249.70.6 - - [20/Aug/2023:03:54:40 -0500] "GET /BLA/resoluciones/RESOLUCIONES%202011/5750.pdf HTTP/1.1" 200 480299
172.22.2.4 - - [20/Aug/2023:03:53:36 -0500] "HEAD /BLA/boletinlegal/ HTTP/1.1" 200 -
172.22.2.4 - - [20/Aug/2023:03:54:26 -0500] "GET /BLA/boletinlegal/ HTTP/1.1" 200 58187
52.167.144.78 - - [20/Aug/2023:03:56:25 -0500] "GET /BLA/resoluciones/AUTOS%202022/2847.pdf HTTP/1.1" 304 -
201.245.192.253 - - [20/Aug/2023:03:57:01 -0500] "POST /kwsrmcab/Wsrmcab  HTTP/1.1" 200 41818
216.245.221.92 - - [20/Aug/2023:03:58:23 -0500] "HEAD / HTTP/1.1" 200 -
40.77.167.60 - - [20/Aug/2023:03:58:48 -0500] "GET /Publicaciones/2023EE188357.pdf HTTP/1.1" 200 231930
40.77.189.164 - - [20/Aug/2023:03:58:55 -0500] "GET /portaldeninos/wp-content/uploads/useanyfont/uaf.css?ver=1589905315 HTTP/1.1" 200 408
40.77.189.164 - - [20/Aug/2023:03:58:55 -0500] "GET /portaldeninos/wp-content/themes/betheme/assets/jplayer/css/jplayer.blue.monday.css?ver=20.9.6 HTTP/1.1" 200 9834
40.77.189.164 - - [20/Aug/2023:03:58:55 -0500] "GET /portaldeninos/wp-content/plugins/gallery-videos/CSS/Total-Soft-Gallery-Video-Widget.css?ver=4.9.8 HTTP/1.1" 200 51554
40.77.189.164 - - [20/Aug/2023:03:58:56 -0500] "GET /portaldeninos/wp-includes/js/jquery/ui/widget.min.js?ver=1.11.4 HTTP/1.1" 200 6908
40.77.189.164 - - [20/Aug/2023:03:58:56 -0500] "GET /portaldeninos/wp-includes/js/jquery/ui/mouse.min.js?ver=1.11.4 HTTP/1.1" 200 3148
40.77.189.164 - - [20/Aug/2023:03:58:56 -0500] "GET /portaldeninos/wp-includes/js/jquery/ui/accordion.min.js?ver=1.11.4 HTTP/1.1" 200 8584
40.77.189.164 - - [20/Aug/2023:03:58:56 -0500] "GET /portaldeninos/wp-content/themes/betheme/js/scripts.js?ver=20.9.6 HTTP/1.1" 200 77162
40.77.189.164 - - [20/Aug/2023:03:58:57 -0500] "GET /portaldeninos/wp-content/themes/betheme/fonts/mfn-icons.woff?93978679 HTTP/1.1" 200 80932
191.156.44.203 - - [20/Aug/2023:04:00:07 -0500] "GET /galeria/galeria/jquery.fancybox.css?v=2.1.5 HTTP/1.1" 200 4895
191.156.33.7 - - [20/Aug/2023:04:00:07 -0500] "GET /BLA/boletinlegal/js/jquery.scrollShow.js HTTP/1.1" 200 4586
191.156.42.112 - - [20/Aug/2023:04:00:07 -0500] "GET /galeria/galeria/jquery.fancybox.js?v=2.1.5 HTTP/1.1" 200 48706
172.22.2.4 - - [20/Aug/2023:03:59:26 -0500] "HEAD /BLA/boletinlegal/ HTTP/1.1" 200 -
66.249.70.6 - - [20/Aug/2023:04:01:13 -0500] "GET /Publicaciones/2022EE196157.pdf HTTP/1.1" 404 228
172.22.2.4 - - [20/Aug/2023:04:00:16 -0500] "GET /BLA/boletinlegal/ HTTP/1.1" 200 52656
201.245.192.253 - - [20/Aug/2023:04:02:00 -0500] "POST /kwsrmcab/Wsrmcab  HTTP/1.1" 200 41818
106.75.79.16 - - [20/Aug/2023:04:02:30 -0500] "GET / HTTP/1.1" 200 319
216.245.221.92 - - [20/Aug/2023:04:03:23 -0500] "HEAD / HTTP/1.1" 200 -
66.249.66.85 - - [20/Aug/2023:04:04:07 -0500] "GET /portaldeninos/ HTTP/1.1" 200 110175
172.22.2.4 - - [20/Aug/2023:04:05:16 -0500] "HEAD /BLA/boletinlegal/ HTTP/1.1" 200 -
201.245.192.253 - - [20/Aug/2023:04:07:00 -0500] "POST /kwsrmcab/Wsrmcab  HTTP/1.1" 200 41818
172.22.2.4 - - [20/Aug/2023:04:06:06 -0500] "GET /BLA/boletinlegal/ HTTP/1.1" 200 60342
52.167.144.78 - - [20/Aug/2023:04:07:48 -0500] "GET /BLA/resoluciones/AUTOS%202022/2963.pdf HTTP/1.1" 304 -
216.245.221.92 - - [20/Aug/2023:04:08:23 -0500] "HEAD / HTTP/1.1" 200 -
40.77.167.208 - - [20/Aug/2023:04:09:10 -0500] "GET /Publicaciones/2023EE188355.pdf HTTP/1.1" 200 87111
66.249.70.7 - - [20/Aug/2023:04:09:50 -0500] "GET /sipse/faces/index.xhtml HTTP/1.1" 200 677
201.245.192.253 - - [20/Aug/2023:04:11:59 -0500] "POST /kwsrmcab/Wsrmcab  HTTP/1.1" 200 41818
172.22.2.4 - - [20/Aug/2023:04:12:21 -0500] "GET /BLA/boletinlegal/autodiscover/autodiscover.json?@zdi/Powershell HTTP/1.1" 404 1018
172.22.2.4 - - [20/Aug/2023:04:11:06 -0500] "HEAD /BLA/boletinlegal/ HTTP/1.1" 200 -
