181.59.148.27 - - [21/Aug/2023:21:38:01 -0500] "GET /bogota-empieza-la-consolidacion-de-la-estrategia-de-bosques-urbanos-con-el-brazo-salitre-en-barrios-unidos.html?utm_source=Youtube_DIGI&utm_medium=CPV&utm_campaign=BosquesUrbanos&utm_id=Agosto_2023&gclid=CjwKCAjwloynBhBbEiwAGY25dD_kMccZP0jvwvaVAywJ6lsUjbJAuFUVRjlkQDu13BikCzcyw5xX9xoC9qAQAvD_BwE HTTP/1.1" 200 892
216.245.221.92 - - [21/Aug/2023:21:38:17 -0500] "HEAD / HTTP/1.1" 200 -
40.77.167.208 - - [21/Aug/2023:21:38:21 -0500] "GET /Publicaciones/2023EE190603.pdf HTTP/1.1" 200 100263
201.245.192.253 - - [21/Aug/2023:21:38:39 -0500] "POST /kwsrmcab/Wsrmcab  HTTP/1.1" 200 41818
172.22.2.4 - - [21/Aug/2023:21:37:28 -0500] "HEAD /BLA/boletinlegal/ HTTP/1.1" 200 -
66.249.70.6 - - [21/Aug/2023:21:39:17 -0500] "GET /BLA/resoluciones/RESOLUCIONES%202009/2863.pdf HTTP/1.1" 200 537674
201.245.192.253 - - [21/Aug/2023:21:39:15 -0500] "POST /kwsrmcab/Wsrmcab HTTP/1.1" 200 43289
201.245.192.253 - - [21/Aug/2023:21:39:18 -0500] "POST /kwsrmcab/Wsrmcab HTTP/1.1" 200 38433
172.22.2.4 - - [21/Aug/2023:21:38:18 -0500] "GET /BLA/boletinlegal/ HTTP/1.1" 200 58981
172.22.2.4 - - [21/Aug/2023:21:40:27 -0500] "GET /BLA/boletinlegal/Directivas/2014/Directiva%20No.%204%20del%2006%20de%20Junio%20de%202014.pdf HTTP/1.1" 200 236794
172.22.2.4 - - [21/Aug/2023:21:40:28 -0500] "GET /BLA/boletinlegal/favicon.ico HTTP/1.1" 404 1394
172.22.2.4 - - [21/Aug/2023:21:40:28 -0500] "GET /BLA/boletinlegal/actuator/health HTTP/1.1" 404 1018
66.249.70.7 - - [21/Aug/2023:21:42:13 -0500] "GET /BLA/resoluciones/RESOLUCIONES%202008/2836.pdf HTTP/1.1" 200 255474
168.119.48.175 - - [21/Aug/2023:21:42:18 -0500] "GET / HTTP/1.1" 200 4720
168.119.48.175 - - [21/Aug/2023:21:42:19 -0500] "GET / HTTP/1.1" 200 319
216.245.221.92 - - [21/Aug/2023:21:43:17 -0500] "HEAD / HTTP/1.1" 200 -
186.102.38.228 - - [21/Aug/2023:21:43:25 -0500] "OPTIONS /kwssiamovil/sm/setfile/f? HTTP/1.1" 200 13
179.51.119.250 - - [21/Aug/2023:21:43:31 -0500] "GET /bogota-empieza-la-consolidacion-de-la-estrategia-de-bosques-urbanos-con-el-brazo-salitre-en-barrios-unidos.html?utm_source=Meta_DIGI&utm_medium=CPV&utm_campaign=BosquesUrbanos&utm_id=Agosto_2023&fbclid=IwAR3vh9aiDqauxzAjWLWUIfhgAl12Gsxfmgk23YF88qazXTEBN_OTDKbRgBU_aem_AUfgvTqKCBuu9kGZ0nMbyD4N-1iIokxtu7aQr6IoA6Tg21vf-BRu6imgDqy1X0PTjC3ndq-IgUZ1aiR_RL_aASPk HTTP/1.1" 200 892
186.102.38.228 - - [21/Aug/2023:21:43:25 -0500] "POST /kwssiamovil/sm/setfile/f? HTTP/1.1" 200 381
201.245.192.253 - - [21/Aug/2023:21:43:38 -0500] "POST /kwsrmcab/Wsrmcab  HTTP/1.1" 200 41818
186.102.38.228 - - [21/Aug/2023:21:43:48 -0500] "GET /kwssiamovil/sm/acme/a?s=U2FsdGVkX19W2jKT8DqIfaOAL+TTo8V7VGd/R7G1imV3ACCVXQDAarBY28rJWqwjzCe+vENfe2+sWAwjIq52mjY7ih/fCxtUvnegB01h7J3eVTbJ9CyxBog+Fo5wGG+h655BXVpbqJzP0jrpQ5kzB7jKjB3Vs8Y7xjzvHGMJ95YvP7Tl09LDIbVTku49NpB71p9MnsYNZyrNz0GIUpRFP0MlSEIc+VjHCGD8zGXLrbEMtl5bWlalUqXyBDq+I9+EE0cIITiT3XZqhNkYMTAFqA==&u=U2FsdGVkX1+AuzSDiK4Nxa3sMIVGspDc3WtzEne2BkY=&y=U2FsdGVkX1/MQipS7OWXNPAsUuUaea+NUnJW9Yck4s3lSEhd0fc+8J6nv6e116xb HTTP/1.1" 200 26
186.102.38.228 - - [21/Aug/2023:21:43:49 -0500] "GET /kwssiamovil/sm/acme/a?s=U2FsdGVkX19Ot/pRaw+i3Me+4dR1Pf7fNz3Qx4Pt1LxFQbmDrIDTmJ4NPSPY6YyPxQyAPfjZ14e7w/8H/WwzVaELdM9O2ijzODYfEW7Xuy0LKTEAqn5fKQTfXfNUNIX3/MCFgTsoMroQEP8DI2qdiL+uEFJDA+8uImmCEEfZ28uGIfUVfzj9LvAEEokmLdqJ4AiMiRAdxg30P64SSi2RSoaG6+icxDaaN3JrO5OF0pvppLPnrAwr6OLoehNnbZKSPiPNiGyLOVbpWDJs+O7ndmL1QJjq8mgbUGFfbuyF/bJ1Uup799VoAFu1YGkgFadorheorqMZ8fHOHsCXrowKgh0+dXmviOQgx1wj95n9ui2wo0WnbGQ7D0+zOTm7aNBQ27WI08I1KNKGbv6x6dEJKT4Bunw/JU/bmzuXY4qblTbtzUaTbcNlwptnTs47ArlUu8P9ho6hVsCKN7PJzOQsbw9F+z++Dqd53htL1ogSY8tKjZcQWPqmhRhthHXU1G6VBK/kYVMbBllDR1MNvghccSiNMehD44DlPdBm1VcAGkQwJuSReAfwoc7bFLMQ7m6qnOWRJ11T6yyJbNhKpKmevS8Db9CvBAyqS2d+cCXF8bTt9pWqlxMyaqrr/nUMB7px9GuVRSX6HxeKykZyxOdJd9WPKP/kRr+xuTz1QQLPHrO/WiFe/aL78d+AK2scvLhLNrF7MU5SsSkHvY2Xfu8NrUtp+mkNx9XT60UKMEPQKYpvSPM3xqW+KpzEBQH9HyBi7zmPwxiEwWFxglskJCblbwX8m5aJA2ftV7fngiqjMwBKBOKoi4GxR6Y4i0Mvl3navgXpjCFU35lu8zgw0qG0Gdm62XmIj6t55Q7o15mNAgsmcV5jLajA2uGYiuosMX2yffLLl2rgZyAcqHfXGJ9psCVpHy7GVyiPL+ibw6YZ5pYg94eSW4bN60YeXHQTmWjFWZZ/y7WVW+qWOEXher1c5NozXsV33ONjAccyQr489QB+51LNMdiPq5buOWh31N4aa5BPJNkORPvdjYJg3BvjX+FkoBmMn9jBCKe/MgpPpyYb7CXqPU95zYu8vOOIXdz3Kgi78BkIQ2KvC9dDlzlE3sWjtvAp0pp9ydb/i+8xKZxDLJMavAfPuTnhoP5+sSpcq3sYLlmhRoU6yCGXhNe99J2G5UKTFhWZHfspEr5FwYpsef+g75DRE71rF5bf0FCPHbsXtGGUxAT6x9Pwb4qD28onb6kTcoLgTFmB+WcW/j9gk5iz5fTbvUuhBqASCpjUSJrhPQnT4kQyOjpPIggZ2uVtD6NFIJrOz27NFCZEzd4lQHEraIjo3QPHb+yURXNJiwbf4HgJuV8jdQ8P0YoZlwtBDEmjgWzQHLM8B5XThleNpiqUt4zevkKsk7VXFxc6mM5cepxdohrrSzclpxnVj7Xc6g2gn7kve729O1lzC9Ua4hRpy19smxvaKASVE9Y2HRYdZtS2syQH/m+i+lAGWgyP8b2rVFPxnmN1D9seXV120J4JUw6YOhPQ4dFP+6O1xfAxuL6zDiQ00Jc71VfUz8hx6GAmqMqbyZ+mIqBourTvJB7WeobAm36RX1ez4yK9TKVDJmmd4NqfBm9ea4PesLlgyHq8iC0c+iJIApbJhWdmtuqqVxREp6/5LZyRCrEc4FljRiF/gymAk9PD2daJvn3oMQLpQ6hWTsKpjmZiR1VI5sOkpigPy0BsLQT7b2DnQN29jDeeOsSW+h+dzlv2v4zMA3nMJ9Jtx4bSct1bjXHoNGOEONhzhSgFaEz1hnZVWzPb3LZaoJSkjHCTNlJQpOEWoRxSB2UaA3lLqYUW58y/4TDENc38KDZxd6epRu9jVDVkWKpPfojm8v+znRYBPAZrhufILnJo3T+YMuj5PvdUitSj5NqAeUW5C10gHtZOKAh93lyAZ6YNZz3rDSa+AOvHO1sP1VZkbAOTI2MI71zVq5XgvppILDl9WkoFDNssAJeoUdbV4aTZ2FybDotCDPSajr+AnS5TvtHcH03GIgSKN9QWYZSsQ9al8yoc5F/SDA6Gu2CJ5kgwbWHoEdyblxDk9DIrINwORxHQDacXg2LxNmVN2Lu3BiRwMU3gIj8+gk1p42OMxWaKtBni1iv7DoVMatgNK+oWUDsicqUxEGPX1s7qEQvrHfLp+/5PoiaAO5hDQOt3DIAtGgj59gEaVU7pPxqFvCWvZgHvYnZhc/mQ05uvXspQql1kc4xWwObDxOy674D7qT1HW0BSp+a9exdZ9lTFRbnx721F5TxWN7M7iV1xOpmTNDvR63VvVqtR6dWOgUwaackSK9aDhhcP7KssBW0Xj2XSE7N5h6MfbZGgAxqZjk6nkyNdAjw5BGIQGxxHVsUAdQKheXChccoZuV63k1omeTzQDkR3Vm0Haq1c8ElopTqLalzwjbd1r8082v8iECdyl6SO9T3KB8BwlbS7UGgLDcXyTCChQWZa639cpNYxlld91+HrQfz5xO4VURqbYg2zEO+ZemAUhuEohQ==&u=U2FsdGVkX1+AuzSDiK4Nxa3sMIVGspDc3WtzEne2BkY=&y=U2FsdGVkX1/MQipS7OWXNPAsUuUaea+NUnJW9Yck4s3lSEhd0fc+8J6nv6e116xb HTTP/1.1" 200 26
186.102.38.228 - - [21/Aug/2023:21:43:49 -0500] "GET /kwssiamovil/sm/acme/a?s=U2FsdGVkX18TJghNyXasmp8Rg7J9iqWOziwozmAyQBM1UVc5+YjahjN5F4GTs0kYRiYIfB7yvdDsrTaD8SeCFK1C/ftT5AtxlY6lxH1zim5S+xZ6WTZaoyOxE49KdHBAaGM6M/0IvQ4oChtZkevW0oP+YpCTPbCa9bCFLIpUVwg=&u=U2FsdGVkX1+AuzSDiK4Nxa3sMIVGspDc3WtzEne2BkY=&y=U2FsdGVkX1/MQipS7OWXNPAsUuUaea+NUnJW9Yck4s3lSEhd0fc+8J6nv6e116xb HTTP/1.1" 200 26
186.102.38.228 - - [21/Aug/2023:21:43:49 -0500] "GET /kwssiamovil/sm/acme/a?s=U2FsdGVkX18Nr/a1aTVMAO4sClBMXYkpo4S98nWK0DJ2iwor38eK7jjRkPk9Av6gUQy2gc+2yWlgcYqJjrWcCOvfX7Vefwn0J0g4KPxy4Oxfb2areTH+uNGHFnTDN5pLw5Mapp7UDaLnXy4NbAjIKclx/w3xlzDLlsVnxiUbF3Y=&u=U2FsdGVkX1+AuzSDiK4Nxa3sMIVGspDc3WtzEne2BkY=&y=U2FsdGVkX1/MQipS7OWXNPAsUuUaea+NUnJW9Yck4s3lSEhd0fc+8J6nv6e116xb HTTP/1.1" 200 26
186.102.38.228 - - [21/Aug/2023:21:43:49 -0500] "GET /kwssiamovil/sm/acme/a?s=U2FsdGVkX1/QRMhUqBzCTXmM0BKe8gK6B8R2rVrACgab/7J48oHeV1knn2bT/nN1GFcu05jL4/rj95DwDoC7UUySJch4LTYhotx5lN7Y9YmB54SO6INyIkWLxk8UzaVYLvJEJlrdgFvTcmH1Kb5WHueaPyNfSXFvBkQX/jEU0KY=&u=U2FsdGVkX1+AuzSDiK4Nxa3sMIVGspDc3WtzEne2BkY=&y=U2FsdGVkX1/MQipS7OWXNPAsUuUaea+NUnJW9Yck4s3lSEhd0fc+8J6nv6e116xb HTTP/1.1" 200 26
186.102.38.228 - - [21/Aug/2023:21:43:49 -0500] "GET /kwssiamovil/sm/acme/a?s=U2FsdGVkX1/vgluIqOlod4Uxqs6oWj3YclBPalYyUChYNFbtlCuksnp1OdTCO1xdBcipIsBYcn4RbiIP2z04Rrcjoj71b0J8VnHNsqbYm2bf3NVt2NZMs6pODqDJLfYMNaTh92y28w4Qp/a1GyGHywpLDzjfcVjnp76+s17A1nDx9VGVw7TZrdsqnZpf3TO+DKOLCjN/9PBOcbZDPNQy/Q==&u=U2FsdGVkX1+AuzSDiK4Nxa3sMIVGspDc3WtzEne2BkY=&y=U2FsdGVkX1/MQipS7OWXNPAsUuUaea+NUnJW9Yck4s3lSEhd0fc+8J6nv6e116xb HTTP/1.1" 200 26
186.102.38.228 - - [21/Aug/2023:21:43:49 -0500] "GET /kwssiamovil/sm/acme/a?s=U2FsdGVkX1++8x5kMTD58LCkKjONnC1YDkviglv8jibg+w1Ws2stJ3wcFB94DsDLAIMmMHssUZtvN5FJtpedrUNHT60YQUGn/QP/TCuAtKUICeuezSntMOkMq9B4tOarWsATlIxTz3OojoqrBaCCLZb+x7oxZO0lGW16Q4O4QIBZ4ubtIZ7PlEiyIarLPs/3Ojx0cnO70iRc8ljOraAEwA==&u=U2FsdGVkX1+AuzSDiK4Nxa3sMIVGspDc3WtzEne2BkY=&y=U2FsdGVkX1/MQipS7OWXNPAsUuUaea+NUnJW9Yck4s3lSEhd0fc+8J6nv6e116xb HTTP/1.1" 200 26
186.102.38.228 - - [21/Aug/2023:21:43:50 -0500] "GET /kwssiamovil/sm/acme/a?s=U2FsdGVkX19r9bVcNd8dUtgN1QSOoNGmoQTCuYJJbl4Fpj78wK6SzjlUlAsvyvLipXHpXDhN6Sxkvaqw0UmqiIQksG1QyxbzCtIV5B+JBUTKZGBoV9sl/Cf2CzxI48qZAJqNG7xixd6cZckagCFHdrFVR94zceYOIxS5kbgw+xj/qG2RVjZhJLZg/vOv/T5v&u=U2FsdGVkX1+AuzSDiK4Nxa3sMIVGspDc3WtzEne2BkY=&y=U2FsdGVkX1/MQipS7OWXNPAsUuUaea+NUnJW9Yck4s3lSEhd0fc+8J6nv6e116xb HTTP/1.1" 200 26
23.99.182.24 - - [21/Aug/2023:21:44:05 -0500] "GET /robots.txt HTTP/1.1" 404 1034
172.22.2.4 - - [21/Aug/2023:21:43:18 -0500] "HEAD /BLA/boletinlegal/ HTTP/1.1" 200 -
191.95.169.180 - - [21/Aug/2023:21:45:34 -0500] "GET /bogota-empieza-la-consolidacion-de-la-estrategia-de-bosques-urbanos-con-el-brazo-salitre-en-barrios-unidos.html?utm_source=Meta_DIGI&utm_medium=CPV&utm_campaign=BosquesUrbanos&utm_id=Agosto_2023&fbclid=IwAR07RgHwABsutf3WAh1xga5P7z_s0TwvSVg08gNBeOjBP2UB1NZHle7XOBQ_aem_AUfPl46BpwAeQA9X4mh2xc1o8PREM7Qc4tVb1UsUfDrhN7ayMI7eL95DVc9krf5qKavMRVEhKEZA3LbHmCKhr0PB HTTP/1.1" 200 892
186.102.38.228 - - [21/Aug/2023:21:45:48 -0500] "GET /kwssiamovil/sm/ldap/au?x=U2FsdGVkX1+zX+vk/ttHW9GqwheqlGLnwWgRU6Cz3+2KeF1xImfdl3LaFGjptEGx&y=U2FsdGVkX19Vi6AKIhM5BsnDSue9MXiKGpwOjovt6Gah/Zg4yxCo+uUoR8CFNTFR HTTP/1.1" 200 30
186.102.38.228 - - [21/Aug/2023:21:45:48 -0500] "GET /kwssiamovil/sm/acme/s?s=U2FsdGVkX1/cVj6zIAWRCWRjC6lmyjY5BDBP6qkZwHlnd+dPj6MYC9fdI7lBJB+AyYxCG2BUuq7puYe9TFRS+XoR03nMH2eGWK7BS74zfSk=&u=U2FsdGVkX19omacLQA0zM1zmGEm9+u3IV7Q8vHrGFWA=&y=U2FsdGVkX19Vi6AKIhM5BsnDSue9MXiKGpwOjovt6Gah/Zg4yxCo+uUoR8CFNTFR HTTP/1.1" 200 97
186.102.38.228 - - [21/Aug/2023:21:45:48 -0500] "GET /kwssiamovil/sm/acme/s?s=U2FsdGVkX18HlkZ2qy7LT6rZqxLYhnE30PSkLAQIBAniNTAkUu2W/wsF0qQw17cH2ZjOOE0KVMbyI52T8Pg53GMQKpjkiktoGhfcxC+LXtCjYnEvEd3ZiC5lZjtAD05iYFLDGvU0h6YaCgq216MVZkPXQqISKssrNelGTpXuF/9OXPd15+KkUCWBZfmXG6jH78mHVO4NHC5MOPFn4fh+TpGQ4dFhHmNi5HZ+dNjYbMbyevAzghE0dqU1CPluEl9BsxhIVAQr0OXACWCLdTL3gZ8NR+f5i6Zb+RpfSPcnxR5W/dSbtdZ4TSgtnhBRkGdI1aeDu8NZLsjH4xrrzgHmmNz0MVVCzIdxch2EKSx5uOSDbMHYEen2GwUsBr70HDyDkLHT0kWvf+Mifz/4GHzVgGL5Tp/71x+iP0LVHBaMCZ0Nfk9ZjXVgSxBpbvj4UmzeqVva2xtNHCTEg1qrqWd/Ej7URqC7fcU4z1W6TKZecKJOxThZS13CMYb3p3VDr/LPIaulv1pcY6xzHgzO14S8mMLd67TwS0KtrMSFlrILtNEflSU7uZuZ5xASBMPbnzWnklPZtQeW4nn2zv3iAgvcfFeFobSJMHxnEqFVjW+UHi+/46/m2jz2JRJ6rIBUsYUw8NnkpevFh6RFnsL2FDgDIGCrnWir0I1QKy8LpFMbXqNOjeHR+Gx0vOdqGfoUDrx4ucLDtYk3HEt/EB5coyYOUOswf6a+RN82/6fu24jvXJ/i7pGqS4f+waP32LovSLlOhBG7YK4OXm0F5LXXQkkBgS082UI31Y0qYihKcflks2tqOSiVaXIvN+FwK9pFgSPceNuIMoecuYkFV+zyuDUfXeVuHhKfl5HJnd8jmP4JegFi8NCWHkus9x65Yg/JtQjwJJ7eHd0fD5FkefNnDFy1vPXLvr9kieYpMCkY7UldaZzQmGOZP/ECbMpazW8qW+OoklvZVCikO7EJTUY3ReyUX/9jlcYOdZEk5gbiYzdzWIg9hzxVlkoFvK4Xa1PQRoa/9oGiJ3QpVsWwbtNmT+dCcniGVaGJqldk7/CZnsdLZDSAh8dxUIBmSFmxQ95ulUXIK0fk7yRNJmgOgkLsvH3N9CXW/7gdqH2Y0tdTCPx7wAw9Nad/iwuTLVUe3axTgw2h+1F+GUo9NzWEaEDV0ivbgXVT4d+40C7PQt/obYk79N9Qe5nvQC0UuSjvz75lc89SVP0lyo9E9TU2z1DjejAic1TA+smVrLf8BEa058yotKDHJ7Vdil+HBx82lBOjqAeTHG45n8/Pq090yWoATCbLZOEfo7TPwHsaJd+I1Z7GQYZLxv9X8oQCASl0StM/XVx2EU9q3AfpwQG32s7nLc912CegEaCeRMzGR41l1VvXHvqtKAdJhTwdh5u/oouZm6EF+Gy48IbF4NDHD/H2TzQ6LvWeRhImgY3tDzbEotEu0dps3hvU3fCEwJE3yiBDi78FFg7EiaMZpYQLsL79/vu3mSKl1ONsXOnErtKxJbiczvRKxeiytKgid+cXTVeiTTrkkpNjOsYNjP5KeKjd7WBRvWnDFk2MG6g4gr3TmAHjBjMGPyuBM2nW3tiHKIz4WhhDlKcwnCeiWawNplS+4ff+JgzdudRJl0uSrbzi+SWKlq9cZfgPZgo6sLV5bVg5d7N5j3yWzPLuHR+ISgONt/IIj4e1KIrjjIl2NsmQKPqQJB6uPYI5DhD9JphgL6AplNqOAnB8c3R8hGey05/n6sGPF9eAwqpNkVpHgjctRqg+59Y=&u=U2FsdGVkX19omacLQA0zM1zmGEm9+u3IV7Q8vHrGFWA=&y=U2FsdGVkX19Vi6AKIhM5BsnDSue9MXiKGpwOjovt6Gah/Zg4yxCo+uUoR8CFNTFR HTTP/1.1" 200 3142
172.22.2.4 - - [21/Aug/2023:21:44:08 -0500] "GET /BLA/boletinlegal/ HTTP/1.1" 200 56257
186.102.38.228 - - [21/Aug/2023:21:45:48 -0500] "GET /kwssiamovil/sm/acme/s?s=U2FsdGVkX18shjxbWQyFZa9sn57xL+zEd1UH50Z4uDzh6t0kKk+LBcnJc8Hvb4Ct/duK36I5A1cLVoqEWv86R/GV6Yxnw3Me/r+7FDTKELgnhtnvq7B6UIG8lOUwN1B2RCkGlJt9y0oSxdjugRwWYQiXBCfPOu2Id59xS86RVEEIeSY3ZkvzvIRHyQqxN4AEs56C/0VpKTBYPa2ABbM5d++/UalZLZGjWSEvSW23ae2aCEoOse/H8inK4Pr3GqYe4BLL7WFBxTYwHZFXO7sKg8wZqHc4oMX14X5WrC2g7GacnNqo1lUxrzlp1x06kzkCVBCxdY7YtrB6WDcgbZCuGsZSkZkWkVoliSjdSHe1uw7HydCRtnQ1z6BcNVPT1PecUMNHtTYjiaGRFAUx6RzxtqIzD8xd8YEytu1Vnc53H1SCmxu69RAfLPTfwCT/Gkkjbh5UBbzruo57aJrVKhNrKpOxJkQsEfL0Dy/2O8qmtJZEmwiFaChHa2FKuPeOWI0iO0AIknSKRMzvzZ8bRYKCDAh1XRZxdQ+1l4nH+lWenfLjW2zmZme3GcuFAwjZdHBt2XAT6cNFLZNXhK+Y5rXEAwXqCth/WBmcmNqsxF8ZhbEqKZ2Qp+3i7jzYTPfzrRRNpo/MzIQp5xWRL+hD7IRVdO6pEh0bElLjR6e8/it/E4YX4sCNy2FiWzO26Gi+FK6wgkXmLHg7/X2HN2zYwxW/46fbdIt3IiwBPCHGCYxjhzFaEowur4jSFWbF8H72289R&u=U2FsdGVkX19omacLQA0zM1zmGEm9+u3IV7Q8vHrGFWA=&y=U2FsdGVkX19Vi6AKIhM5BsnDSue9MXiKGpwOjovt6Gah/Zg4yxCo+uUoR8CFNTFR HTTP/1.1" 200 208
186.102.38.228 - - [21/Aug/2023:21:45:49 -0500] "GET /kwssiamovil/sm/cjson/pre?f=1&x=U2FsdGVkX1+zX+vk/ttHW9GqwheqlGLnwWgRU6Cz3+2KeF1xImfdl3LaFGjptEGx HTTP/1.1" 200 31032
173.252.107.120 - - [21/Aug/2023:21:45:52 -0500] "GET /bogota-consolida-avances-ambientales-con-el-compromiso-ciudadano-planes-estrategicos-y-acuerdos-con-diversos-sectores.html HTTP/1.1" 200 1348
179.19.152.80 - - [21/Aug/2023:21:46:28 -0500] "GET /bogota-empieza-la-consolidacion-de-la-estrategia-de-bosques-urbanos-con-el-brazo-salitre-en-barrios-unidos.html?utm_source=Meta_DIGI&utm_medium=CPV&utm_campaign=BosquesUrbanos&utm_id=Agosto_2023&fbclid=IwAR3yptxdcm1syEcLCo8pA5hOdZ2TGW__cdjDTLTDz17igsz9AU6GEIPZ8kU_aem_AUfXXAs9ocgdJiqaylfWP4HfYMyc9USX_ds1xQSnBx8s_WM_tVR9nrbFxIhI0xi07DhoNruT0eXt9Ffn3mu-4Iuf HTTP/1.1" 200 892
66.249.66.78 - - [21/Aug/2023:21:47:25 -0500] "GET /como-obtener-el-certificado-de-estado-de-conservacion-ambiental-ceca.html HTTP/1.1" 304 -
216.245.221.92 - - [21/Aug/2023:21:48:17 -0500] "HEAD / HTTP/1.1" 200 -
172.22.2.4 - - [21/Aug/2023:21:48:17 -0500] "GET /BLA/boletinlegal/jurisprudencia/analisis/CUADRO%20ANALISIS%20SENTENCIA%20T-411%20DE%201992.doc HTTP/1.1" 200 41984
201.245.192.253 - - [21/Aug/2023:21:48:37 -0500] "POST /kwsrmcab/Wsrmcab  HTTP/1.1" 200 41818
190.147.47.188 - - [21/Aug/2023:21:48:55 -0500] "GET /bogota-empieza-la-consolidacion-de-la-estrategia-de-bosques-urbanos-con-el-brazo-salitre-en-barrios-unidos.html?utm_source=Meta_DIGI&utm_medium=CPV&utm_campaign=BosquesUrbanos&utm_id=Agosto_2023&fbclid=IwAR2Ql_5yQ_8eoprnK_nm2HoMiiFkKgkJHJyKLkwg7OkrYAKuDLAMpopr8QY_aem_AUek7mriiqU_C7SaAVDwLxOdaNyaLcRRNzla9zuQJRPawJNx0inUtrCivpMP3PhMyfIX73BNwktsX5spnNoWBRVj HTTP/1.1" 200 892
172.22.2.4 - - [21/Aug/2023:21:49:08 -0500] "HEAD /BLA/boletinlegal/ HTTP/1.1" 200 -
172.22.2.4 - - [21/Aug/2023:21:49:58 -0500] "GET /BLA/boletinlegal/ HTTP/1.1" 200 58187
216.245.221.92 - - [21/Aug/2023:21:53:17 -0500] "HEAD / HTTP/1.1" 200 -
201.245.192.253 - - [21/Aug/2023:21:53:35 -0500] "POST /kwsrmcab/Wsrmcab  HTTP/1.1" 200 41818
66.249.70.7 - - [21/Aug/2023:21:54:42 -0500] "GET /BLA/resoluciones/RESOLUCIONES%202013/2721.pdf HTTP/1.1" 200 906364
66.249.70.7 - - [21/Aug/2023:21:54:43 -0500] "GET /BLA/resoluciones/AUTOS%202012/2666.pdf HTTP/1.1" 200 918593
190.24.179.171 - - [21/Aug/2023:21:54:53 -0500] "GET /bogota-empieza-la-consolidacion-de-la-estrategia-de-bosques-urbanos-con-el-brazo-salitre-en-barrios-unidos.html?utm_source=Meta_DIGI&utm_medium=CPV&utm_campaign=BosquesUrbanos&utm_id=Agosto_2023&fbclid=IwAR1OUmWOS4xubXG-Q2xmeu3vj8eQGiy5z_MUp-OTfeVqleNyu6lDGpQkhI0_aem_AUc2lTTui-7_eNV4r8X3-JheMLZNDWuuyFha0bRrAXYL4CvHoa2DaFU-SxoLyFzP14NZHlPO7e59tXnVkMxmXhxd HTTP/1.1" 200 892
66.220.149.4 - - [21/Aug/2023:21:55:39 -0500] "GET /images/secretaria-ambiente-carolina-urrutia-en-brazo-salitre.jpg HTTP/1.1" 200 79448
172.22.2.4 - - [21/Aug/2023:21:54:58 -0500] "HEAD /BLA/boletinlegal/ HTTP/1.1" 200 -
172.22.2.4 - - [21/Aug/2023:21:55:49 -0500] "GET /BLA/boletinlegal/ HTTP/1.1" 200 60692
69.63.184.4 - - [21/Aug/2023:21:57:48 -0500] "GET /bogota-empieza-la-consolidacion-de-la-estrategia-de-bosques-urbanos-con-el-brazo-salitre-en-barrios-unidos.html?utm_id=Agosto_2023 HTTP/1.1" 200 892
216.245.221.92 - - [21/Aug/2023:21:58:17 -0500] "HEAD / HTTP/1.1" 200 -
201.245.192.253 - - [21/Aug/2023:21:58:34 -0500] "POST /kwsrmcab/Wsrmcab  HTTP/1.1" 200 41818
66.175.213.4 - - [21/Aug/2023:22:01:44 -0500] "\x16\x03\x01" 400 226
172.22.2.4 - - [21/Aug/2023:22:00:48 -0500] "HEAD /BLA/boletinlegal/ HTTP/1.1" 200 -
216.245.221.92 - - [21/Aug/2023:22:03:17 -0500] "HEAD / HTTP/1.1" 200 -
172.22.2.4 - - [21/Aug/2023:22:01:38 -0500] "GET /BLA/boletinlegal/ HTTP/1.1" 200 58597
201.245.192.253 - - [21/Aug/2023:22:03:33 -0500] "POST /kwsrmcab/Wsrmcab  HTTP/1.1" 200 41818
191.156.191.78 - - [21/Aug/2023:22:04:23 -0500] "GET /bogota-empieza-la-consolidacion-de-la-estrategia-de-bosques-urbanos-con-el-brazo-salitre-en-barrios-unidos.html?utm_source=Meta_DIGI&utm_medium=CPV&utm_campaign=BosquesUrbanos&utm_id=Agosto_2023&fbclid=IwAR0pQ4DlO3MCcqiFn_Ku6RXmXZ3acGnF5xOpSRcdkz9SBCqWiIkOHDcQ5QI_aem_AUchdeeGAINcHO0KzMISNElDrxpQLqza4CkEc68egDUI87DOlPMHrFuz4o5QtjCMJa0DtWlvhCw8vJ9Yw_hLTdG_ HTTP/1.1" 200 892
66.249.70.6 - - [21/Aug/2023:22:04:27 -0500] "GET /BLA/resoluciones/RESOLUCIONES%202007/RES%202007%20801%20AL%20900/RESOLUCION%200811%20DE%202007.pdf HTTP/1.1" 200 280492
181.61.246.113 - - [21/Aug/2023:22:05:14 -0500] "GET /bogota-empieza-la-consolidacion-de-la-estrategia-de-bosques-urbanos-con-el-brazo-salitre-en-barrios-unidos.html?utm_source=Youtube_DIGI&utm_medium=CPV&utm_campaign=BosquesUrbanos&utm_id=Agosto_2023&gclid=CjwKCAjwloynBhBbEiwAGY25dGQNH6L7xZWqQqjqLwp7bIaDBwQBEAQGYehTBSTrpr2B8Nga0TtuoRoC7cAQAvD_BwE HTTP/1.1" 200 892
190.25.116.221 - - [21/Aug/2023:22:05:54 -0500] "GET /bogota-empieza-la-consolidacion-de-la-estrategia-de-bosques-urbanos-con-el-brazo-salitre-en-barrios-unidos.html?utm_source=Meta_DIGI&utm_medium=CPV&utm_campaign=BosquesUrbanos&utm_id=Agosto_2023&fbclid=IwAR1rnKDKYXnVH-JgZR7FpMlI8749mN-jk0_FCunJ4tBb3OBV6Rdb3bPAu2w_aem_AUeLnj54DycOGNhfLSe7iYcNbv6zhU8UWhqMgI9kNaknc8XtjrylKIMEWKsLf5WirfQYTJ-TDNzhb-MQ5RiS-jWo HTTP/1.1" 200 892
190.25.116.221 - - [21/Aug/2023:22:05:57 -0500] "GET /favicon.ico HTTP/1.1" 404 1914
191.156.228.92 - - [21/Aug/2023:22:05:59 -0500] "GET /bogota-empieza-la-consolidacion-de-la-estrategia-de-bosques-urbanos-con-el-brazo-salitre-en-barrios-unidos.html?utm_source=Meta_DIGI&utm_medium=CPV&utm_campaign=BosquesUrbanos&utm_id=Agosto_2023&fbclid=IwAR3mpWFn4eTD05HJ2arPfSOHJCTSLBJrubIZ8Y4TZHt31qHa8S5A7cGYttM_aem_AUc5BioMMsyRhTGtW7m-Qks57wmkXUp4QeDLA5kPEpC4gNTMzTdXychSRYxyCoQhx6oxHIizWAjkUvLW5SjUr3c9 HTTP/1.1" 200 892
69.63.184.7 - - [21/Aug/2023:22:06:38 -0500] "GET /mas-de-179-individuos-de-aves-fueron-avistados-en-el-global-big-day.html HTTP/1.1" 200 786
66.249.70.5 - - [21/Aug/2023:22:06:40 -0500] "GET /BLA/resoluciones/Notificaciones/RESOLUCIONES%202022/3586.pdf HTTP/1.1" 304 -
172.22.2.4 - - [21/Aug/2023:22:06:49 -0500] "GET /BLA/boletinlegal/Directivas/2017/Directiva%20No.%2003%20del%2024%20de%20Febrero%20de%202017.pdf HTTP/1.1" 200 6911517
186.86.33.159 - - [21/Aug/2023:22:06:57 -0500] "GET /bogota-empieza-la-consolidacion-de-la-estrategia-de-bosques-urbanos-con-el-brazo-salitre-en-barrios-unidos.html?utm_source=Meta_DIGI&utm_medium=CPV&utm_campaign=BosquesUrbanos&utm_id=Agosto_2023&fbclid=IwAR1Gaxv3Vti_WG51_AgLAMUJBH6ZaFI3E30nOUbv8yCcbnNK9A_9jbZK50o_aem_AUeJK0HRy5W4RfvofxwvLj4tJJMuhaH2meFJSH1jEDUaK1_KnA1mr7bueY52g0eeqSAbneB9yGb4STRch_hFif9b HTTP/1.1" 200 892
186.102.109.228 - - [21/Aug/2023:22:07:01 -0500] "OPTIONS /kwssiamovil/sm/setfile/f? HTTP/1.1" 200 13
181.59.2.211 - - [21/Aug/2023:22:07:08 -0500] "GET /bogota-empieza-la-consolidacion-de-la-estrategia-de-bosques-urbanos-con-el-brazo-salitre-en-barrios-unidos.html?utm_source=Meta_DIGI&utm_medium=CPV&utm_campaign=BosquesUrbanos&utm_id=Agosto_2023&fbclid=IwAR1b-EYNoTGJUsAd8mz_9WG9eAFnIzFTiTafuKWAoaYl8kSNMvW0H6HUKo4_aem_AUcFwem7NS2ywKRCPm43gLNiuA_M5KoymUXUHrdvsLY-LfpOOyz2ITjz4BwfHvwCM0dFSsr3-8mC4_6NgdYe7Hpo HTTP/1.1" 200 892
186.102.109.228 - - [21/Aug/2023:22:07:01 -0500] "POST /kwssiamovil/sm/setfile/f? HTTP/1.1" 200 381
186.102.109.228 - - [21/Aug/2023:22:07:18 -0500] "GET /kwssiamovil/sm/acme/a?s=U2FsdGVkX19HOThMw6fJ96zPnQxPaBCV9P2deQedjeVGmGTD9FqbsCdqXNhj/f8jMujmQWWBnBK3IGRQu5QV6kTui/WHSC1j9MAH5xIRHmuVF5YRm0Efq/8WAHq4Oz1yUUIsyN2tNdHPDlOOEaZJlg3AlcGnXMyV7GpukL7kWAnuqvbngCetOBZJtiiUZDbuPpiKBaOJ4l6VYdtbKDeZO9j2/UsNYrTy8Llt3H2ajRw8MrZHI42BUfzs2W1stp0a5e40hgosB9HzezCW9m6PWQ==&u=U2FsdGVkX19omacLQA0zM1zmGEm9+u3IV7Q8vHrGFWA=&y=U2FsdGVkX19Vi6AKIhM5BsnDSue9MXiKGpwOjovt6Gah/Zg4yxCo+uUoR8CFNTFR HTTP/1.1" 200 26
186.102.109.228 - - [21/Aug/2023:22:07:18 -0500] "GET /kwssiamovil/sm/acme/a?s=U2FsdGVkX19txSwMO5psJQgdZRnyqafdq4d1HC2xBxrbqhPAXyHqvhP3s/Z5DHgkjE6muJGeUSxv8wwdDh9D5ziDUGU921xqZZNMMdI6cR/Li2sEfOHbp4yNY31V43w6RtY4VaMu4JENuxA3baI3x6JBmlgWnnDY3U8BQoUSoSlq0T3ZwuqdY5hfBFlYEdShqmvukFP/Qdh+gL+RiVRYYs9do1+ILRVfrCOf+tn9sn3R2fKKvmg4maRa9EB1H/kpf3hPlJuFP097BiWlrfBoljjV5nyxp2hPFDCrODn2dnkkjisegrE/IfmBxwWVLvcVhBjDPKKle7IJnJumV+7nCq1hFJvIKfo3Q2/vCaogPnM1mAfcgCVpJnBS+DkEf4BNfWfGbTs5YKpiyvREMFtg6onJZhBz3sJBXLjyFtutrvBZ2NQWZe5wTr2KEa7Qvdd3/XDkh/gqp8JB3gjdY6GcwC9zsosfJcFoNpQa3ObNmt7UpHau4w2XWfSWuqesdcXy39yEx+pVMn4kFOLPCmS04dHKfGTLsDZz94YYb4mGisOUY0SbfwvOULeSinnXoN6ByPuZIqbON1NP51f5YeJxQq1mFmkWAQ5++NlPT/NeqD5Y+U0VaShDdN3uxatL5B7BfxrNLipRdhFq2xCmhLtMrEiYyXkLIzi7VJFc3UWBFMV26UUecb4EMUeYz896+FEPCJSB2pEe2+ELMO11EF6CAgxcjvMbW1dDZxozvI0HCNptucahog1l356vEEaRuht1Y9j8uNggzNDNnFwCZAuPDGxmpEgIrazIkxS8Qdr3Sp/4NVL+KlQbxgvbpNFzNBJW/VOxH/dkN91O5iznW9ytQnYpmqyaPlvjywDUEaZ0dawJIyI5RdXcjD8n3Ohc3J3H4PhEKogvzsu47FUSks/WlK1akUawEfdY2bdTVzrWSJ9YXMAzDzdxAo5v2nm7wVQynvsnugSB6LuTYa1fE5S9T763CQcomwyGpdHNiGgwG8cubM62JNyNTnis6q5zUoUPkuYO7trUshINfPEiLWpBqaDNsfZpdXe8B2Fq6Bsy8WJnWNzHVn8fI2IhKxeO9TU8PiXN3Ixxf5QtcQVpJVHlckL3TFGvFg6/zSh7JHzzY4fjdrht1vjMnnuHxjYCnvdrkbyCJ3wisipWZq48WAnTYs2SVgoWECHL3vuEvNxWH+nOGFFYmke8CcKRJtEvu7PR39Ztr3vd3xnxZxb3NX7w8Zhrsa1d76ookaXEPX/huj8SXHeMsjZuRt13oxmEB51U/3tTD8RtRHkGEkkC5FEEdHVvWcXUW0+gcO0/r1psWHiznDImPiD5712RhvCYWE39uLkmkdm/Am/vT/Me8ZbA08JBUnGhnjlWexMDYRf9rH0MBufpIvVerNSNGQ22UJ7fmJJtyjT59jevpNR4pF8eBXORS2bEFs683S6TIY8YImB4U3Sh/F7mOPXcnRQWxtiAl8w4S6rr2yu3iEBNLSiFMJHfPNNVsa90aaAKQ4eB5VB2so6cux/OLeCnIUElPFDgWDBb24y+BUhE2SNiGZPYjSg+r/WH9HKQNYrdBs5+9LLtE5WmkgPpZpmqa+qtcjOgpMjwffzuuuVkCwHdeF6LLlky9GBhRBEBWiM9sg2A+k+4PGy+8YpbFiN7wJAlxV/Jl+KLKmCmmmh06uaYv8RgBBPck5P4dQtxIcdS9lY9pvSz0+lQ7tbyzCzyjfNMcFlfuUae0HXB6XyuNqknbeoKIoJCFH1Xj4w+r/lHjjokFaqji8i1oDPvEP7/jq/tPp/dpm/h34BWrKyavCzltHy3tTyy+ycPqPWmSM6hu9rnkwPyEImGfIacCiihG+sT+B8PdlJFXO8YmrgVv7DpBMM3H4oJ3UynLrqyNX715CuVbswxXZ0q/waqgX98PD6oVom6DUMcVMw7gh58k7xruvY1XS7oR7qfjJAaci8EMgvup7xScsYTFSIo8jJ+vNYo9P/BZkz7Y50usDkhEwBZ0pfeyFYNIOaRUY6Un3KQkWD+DY/4061hvhToD9OefX0o7pIbXa1b286TUWfEsFdYhSCIyeoPzm9j2ReIcS2RD7nBLX+B59kt/pLKrSKdJWmIB6VHzgiS2cwJttTyDjPQh4HA8MrXyJ7N6HVbKCQnM3sLmsqApccTW3NsA1gpYZq4HtYmhy8zCy+g5uE0mQFx/dQ/4Jg75w2WjbQaAGbk+dM7RXGRn0uIiIOlf/ywprNeZLS7lQmUesWYFcVskX8Rt8TC4hHdVpXqiauzfaezUwIB/6hU97XRUynBQSBzBgF/JXS+oVEKxZx1R43XoJEq4aaYyM4i/rOJdNLXD6/azzYoIjCr3ITfXcSw16DF+HgAD8M3UQ9zc0ezvXasQPE5bNGL0lm0UG76o1899EnOOSR7Mlf3+l4JSvTo7cEzMtraZ2Z+&u=U2FsdGVkX19omacLQA0zM1zmGEm9+u3IV7Q8vHrGFWA=&y=U2FsdGVkX19Vi6AKIhM5BsnDSue9MXiKGpwOjovt6Gah/Zg4yxCo+uUoR8CFNTFR HTTP/1.1" 200 26
186.102.109.228 - - [21/Aug/2023:22:07:19 -0500] "GET /kwssiamovil/sm/acme/a?s=U2FsdGVkX18eKdcUJhRp2IkoKJPX5dBXYZfUkGFAZ9UN3Bs1RJT++HUbiVdo1NEnJMUgpocQzDLswZpIkC924i1Y3hswSat9OGNEo5tu4ui+vZ+f8jqf/9wU95eXWbUZpH1g8kDkwWLcS7WMHNlyPog6aRQIX/c2WRgboFxzfTo=&u=U2FsdGVkX19omacLQA0zM1zmGEm9+u3IV7Q8vHrGFWA=&y=U2FsdGVkX19Vi6AKIhM5BsnDSue9MXiKGpwOjovt6Gah/Zg4yxCo+uUoR8CFNTFR HTTP/1.1" 200 26
186.102.109.228 - - [21/Aug/2023:22:07:19 -0500] "GET /kwssiamovil/sm/acme/a?s=U2FsdGVkX1/fl51kl4au0YXGDsd1Ud6DATwCY1i+I9YY034WsxHnN/73F6OXxwqO9RT46k20YF8mJVfJKYW/i5PI5vR83z+pWOvHXs4+S8bxmnCkWww6vRSH1gfnBANJvdRHdBXpFxPKr0LKBEqSYanJbju+zgT6BSmt7x9fxg0=&u=U2FsdGVkX19omacLQA0zM1zmGEm9+u3IV7Q8vHrGFWA=&y=U2FsdGVkX19Vi6AKIhM5BsnDSue9MXiKGpwOjovt6Gah/Zg4yxCo+uUoR8CFNTFR HTTP/1.1" 200 26
186.102.109.228 - - [21/Aug/2023:22:07:19 -0500] "GET /kwssiamovil/sm/acme/a?s=U2FsdGVkX1/lM6guT6O+ay2uxGL0nRi/06Eyq2BHgUcpYhLEDHQYqmCUU9UrvKKAgiZdhuygJ9KNaSi4n1YhLbD7wWHJAUOzDBq54Z5YU+2YYrrPnL3MCLyMh01RWSrem5rDPgNputlX1s/qbNgQisGYzFjwGTgJcRyG9x/4l5E=&u=U2FsdGVkX19omacLQA0zM1zmGEm9+u3IV7Q8vHrGFWA=&y=U2FsdGVkX19Vi6AKIhM5BsnDSue9MXiKGpwOjovt6Gah/Zg4yxCo+uUoR8CFNTFR HTTP/1.1" 200 26
186.102.109.228 - - [21/Aug/2023:22:07:19 -0500] "GET /kwssiamovil/sm/acme/a?s=U2FsdGVkX1/8n/1B2DqG2WooG0X5eN+n/AdHB7n+j+4PbyQZPr6Xj0wyO8ZpfxMDU6LTOok0SBmaZ4eqft5PvmWkLVFgj4zXvTbe61dYZ2a/trGDUsT2Qq1S/Gcur/+e1O3l2BvJaYQ6Af+6nRzNnv2OfQVdkFpZTBzEfKCGfmz3nXSgF2RfZb11B8CBaRwtueSMJyNRwy9xZxWKJqkNEA==&u=U2FsdGVkX19omacLQA0zM1zmGEm9+u3IV7Q8vHrGFWA=&y=U2FsdGVkX19Vi6AKIhM5BsnDSue9MXiKGpwOjovt6Gah/Zg4yxCo+uUoR8CFNTFR HTTP/1.1" 200 26
186.102.109.228 - - [21/Aug/2023:22:07:20 -0500] "GET /kwssiamovil/sm/acme/a?s=U2FsdGVkX199ox67S/2OiLbspZb8Ph3Lk8H7LYzxN4cBLlbJNTB2CHvMoQb6uzL2Hj5UV79kdY0L1CcXSZxUX9DUwfG+VwhSWMcUVSCRfBcocXdXGuQPIlobqrHAjQC+Fc+Xjqmfhwo4NGKW/8U07mmYWSQ5X40T0VyAsB9I+VY37rWE/TAb7QcFuMn07sI+G2vB/5OnJJl5zpRoCuYXhw==&u=U2FsdGVkX19omacLQA0zM1zmGEm9+u3IV7Q8vHrGFWA=&y=U2FsdGVkX19Vi6AKIhM5BsnDSue9MXiKGpwOjovt6Gah/Zg4yxCo+uUoR8CFNTFR HTTP/1.1" 200 26
186.102.109.228 - - [21/Aug/2023:22:07:20 -0500] "GET /kwssiamovil/sm/acme/a?s=U2FsdGVkX18PVvVxdIsKV2gga3wF8qKKSqyLK2F63GK3QoWUFp8LmhWzD/TLBgUj+Fs5+ykBWAQjM2xsGPmBemaIj25tkCMnwnX0ljD9nvA9VwmHgzyBLNZhX6jYMh9zWn0KA4CQ44cYpyMPYRUP6bKtnjOBpIfkvjvUKZ6SFIaGTcQgKz69m7qBCx6ye5Wr&u=U2FsdGVkX19omacLQA0zM1zmGEm9+u3IV7Q8vHrGFWA=&y=U2FsdGVkX19Vi6AKIhM5BsnDSue9MXiKGpwOjovt6Gah/Zg4yxCo+uUoR8CFNTFR HTTP/1.1" 200 26
181.54.183.175 - - [21/Aug/2023:22:07:46 -0500] "GET /bogota-empieza-la-consolidacion-de-la-estrategia-de-bosques-urbanos-con-el-brazo-salitre-en-barrios-unidos.html?utm_source=Meta_DIGI&utm_medium=CPV&utm_campaign=BosquesUrbanos&utm_id=Agosto_2023&fbclid=IwAR3jPZnT6aDNZglr0hqL4q9QVXwG43GeSMnLSAgrKENhutI4k1YEHlyegog_aem_AUf-RPd-ib2-iWQI31i3eZv-ZqB_1bqMoEYtyvP5xtME2FImOQ-Bv4iZUItAbSbY3f8KN4zrolJUeDNQuo_oBPg9 HTTP/1.1" 200 892
191.95.49.38 - - [21/Aug/2023:22:08:11 -0500] "GET /BLA/resoluciones/index.php?dir=AUTOS+2010%2F HTTP/1.1" 200 280046
216.245.221.92 - - [21/Aug/2023:22:08:17 -0500] "HEAD / HTTP/1.1" 200 -
172.22.2.4 - - [21/Aug/2023:22:06:38 -0500] "HEAD /BLA/boletinlegal/ HTTP/1.1" 200 -
201.245.192.253 - - [21/Aug/2023:22:08:32 -0500] "POST /kwsrmcab/Wsrmcab  HTTP/1.1" 200 41818
201.221.172.118 - - [21/Aug/2023:22:08:50 -0500] "GET /bogota-empieza-la-consolidacion-de-la-estrategia-de-bosques-urbanos-con-el-brazo-salitre-en-barrios-unidos.html?utm_source=Meta_DIGI&utm_medium=CPV&utm_campaign=BosquesUrbanos&utm_id=Agosto_2023&fbclid=IwAR3q-IMLUMYUL-6bag4f_4wsc36g82yZpATxgBJb3SntalFsjhNFbM36TPE_aem_AUc1VLv9g448IEeF51WPvtntJF-vM8eMOoeqk4sxZuJKVEmzV0ZS__Zc4_4VRsYo9p08-igYZ_R_CUFdpzTsFC4C HTTP/1.1" 200 892
172.22.2.4 - - [21/Aug/2023:22:07:28 -0500] "GET /BLA/boletinlegal/ HTTP/1.1" 200 58597
190.69.55.121 - - [21/Aug/2023:22:09:13 -0500] "GET /bogota-empieza-la-consolidacion-de-la-estrategia-de-bosques-urbanos-con-el-brazo-salitre-en-barrios-unidos.html?utm_source=Meta_DIGI&utm_medium=CPV&utm_campaign=BosquesUrbanos&utm_id=Agosto_2023&fbclid=IwAR2OtegBmfyP_Zcz7llzRucx44-IUse1UVR4m2MWdgU768U72JnRlsP7sKY_aem_AUdIjumP8cTdxuyRgcqGyDjzojVFujA9yzaVLX_C4G0Ck3L9bc5iZVNoaL9F2Mi1_YUkv9XIWRISRRYtqGW9p-zI HTTP/1.1" 200 892
173.252.127.16 - - [21/Aug/2023:22:10:34 -0500] "GET /bogota-empieza-la-consolidacion-de-la-estrategia-de-bosques-urbanos-con-el-brazo-salitre-en-barrios-unidos.html?utm_id=Agosto_2023 HTTP/1.1" 200 892
186.84.22.214 - - [21/Aug/2023:22:11:19 -0500] "GET /bogota-empieza-la-consolidacion-de-la-estrategia-de-bosques-urbanos-con-el-brazo-salitre-en-barrios-unidos.html?utm_source=Meta_DIGI&utm_medium=CPV&utm_campaign=BosquesUrbanos&utm_id=Agosto_2023&fbclid=IwAR1odqvOHdIDZ49HP4ywEqRyTjuMl6Z3bQjhN9JpCKmaU6rCOAhX_uVdRvk_aem_AUfI_gd8Rl9UGPppG-_XIMUAr43jGTfAHl7gwu1ULBKE2Sb0-sOK5KF24wmRbpn2GDxy6KZa_GcEWbDyiCucTEUU HTTP/1.1" 200 892
23.251.102.74 - - [21/Aug/2023:22:11:22 -0500] "GET / HTTP/1.1" 200 319
181.59.3.218 - - [21/Aug/2023:22:11:43 -0500] "GET /bogota-empieza-la-consolidacion-de-la-estrategia-de-bosques-urbanos-con-el-brazo-salitre-en-barrios-unidos.html?utm_source=Meta_DIGI&utm_medium=CPV&utm_campaign=BosquesUrbanos&utm_id=Agosto_2023&fbclid=IwAR36qe7DEBJYP0sSaCcAtFggW8mQAbLNjzo6zRC0uY_YIhG0bhNdmnadP88_aem_AUdnapLohdjtg4CSZwLjN7i4FeqCVjYkmwGFSiA_GI9wioubE99GRnjdhNRIKcNwudA4imr6T4XTGlezmkR-paHE HTTP/1.1" 200 892
216.245.221.92 - - [21/Aug/2023:22:13:17 -0500] "HEAD / HTTP/1.1" 200 -
201.245.192.253 - - [21/Aug/2023:22:13:31 -0500] "POST /kwsrmcab/Wsrmcab  HTTP/1.1" 200 41818
172.22.2.4 - - [21/Aug/2023:22:12:28 -0500] "HEAD /BLA/boletinlegal/ HTTP/1.1" 200 -
172.22.2.4 - - [21/Aug/2023:22:13:18 -0500] "GET /BLA/boletinlegal/ HTTP/1.1" 200 53013
66.249.70.5 - - [21/Aug/2023:22:16:41 -0500] "GET /Publicaciones/2022EE196389.pdf HTTP/1.1" 404 228
66.249.70.6 - - [21/Aug/2023:22:16:41 -0500] "GET /robots.txt HTTP/1.1" 404 1018
69.171.251.113 - - [21/Aug/2023:22:17:50 -0500] "GET /images/cr\xc3\xb3nica-29-nov-1_optimized.jpeg HTTP/1.1" 404 1034
216.245.221.92 - - [21/Aug/2023:22:18:17 -0500] "HEAD / HTTP/1.1" 200 -
191.95.49.38 - - [21/Aug/2023:22:18:26 -0500] "GET /BLA/resoluciones/index.php?dir=AUTOS+2012%2F HTTP/1.1" 200 276641
201.245.192.253 - - [21/Aug/2023:22:18:29 -0500] "POST /kwsrmcab/Wsrmcab  HTTP/1.1" 200 41818
69.63.184.7 - - [21/Aug/2023:22:18:32 -0500] "GET /images/reunion-planta-termovalorizacion-11-mayo.jpg HTTP/1.1" 200 34782
200.118.63.11 - - [21/Aug/2023:22:18:59 -0500] "GET /bogota-empieza-la-consolidacion-de-la-estrategia-de-bosques-urbanos-con-el-brazo-salitre-en-barrios-unidos.html?utm_source=Meta_DIGI&utm_medium=CPV&utm_campaign=BosquesUrbanos&utm_id=Agosto_2023&fbclid=IwAR0eV50GUi_3McRIOz2QJaUpmGi-faCSGVH7Gmb-M3MJBWeXX32PGpR62G0_aem_AUf1P4n2NwEawaV1-BeeDxp5zz6kxCWR8sWI1tdRQfHtZaEB66oXu6xNWx_h-plvUXiL47GziXGDH0-EwOoobByk HTTP/1.1" 200 892
162.221.192.26 - - [21/Aug/2023:22:19:01 -0500] "GET /portaldeninos/ HTTP/1.1" 200 110175
201.245.192.253 - - [21/Aug/2023:22:19:15 -0500] "POST /kwsrmcab/Wsrmcab HTTP/1.1" 200 43285
201.245.192.253 - - [21/Aug/2023:22:19:18 -0500] "POST /kwsrmcab/Wsrmcab HTTP/1.1" 200 38434
172.22.2.4 - - [21/Aug/2023:22:18:18 -0500] "HEAD /BLA/boletinlegal/ HTTP/1.1" 200 -
191.156.48.252 - - [21/Aug/2023:22:20:07 -0500] "-" 408 -
172.22.2.4 - - [21/Aug/2023:22:19:08 -0500] "GET /BLA/boletinlegal/ HTTP/1.1" 200 52656
52.167.144.78 - - [21/Aug/2023:22:21:19 -0500] "GET /Publicaciones/2023EE190575.pdf HTTP/1.1" 200 253559
161.18.164.67 - - [21/Aug/2023:22:23:01 -0500] "GET /bogota-empieza-la-consolidacion-de-la-estrategia-de-bosques-urbanos-con-el-brazo-salitre-en-barrios-unidos.html?utm_source=Meta_DIGI&utm_medium=CPV&utm_campaign=BosquesUrbanos&utm_id=Agosto_2023&fbclid=IwAR33CdYVcht_qcFIG8eQPL9vArMS75O2OtkTn03ljaLMPipFFzvUnCMS08k_aem_AUeEXLC2WUhgZzBZWzu_xh1bS4o8GEF0eWoay7TJ5JmwxS3MQabnYFDiabLVQ-HhkMhMl902FvX3wLbF3sEoUSgK HTTP/1.1" 200 892
216.245.221.92 - - [21/Aug/2023:22:23:17 -0500] "HEAD / HTTP/1.1" 200 -
201.245.192.253 - - [21/Aug/2023:22:23:28 -0500] "POST /kwsrmcab/Wsrmcab  HTTP/1.1" 200 41818
181.54.228.54 - - [21/Aug/2023:22:23:42 -0500] "GET /galeria/galeria/jquery.fancybox.css?v=2.1.5 HTTP/1.1" 200 4895
181.54.228.54 - - [21/Aug/2023:22:23:42 -0500] "GET /galeria/galeria/jquery.fancybox.js?v=2.1.5 HTTP/1.1" 200 48706
181.54.228.54 - - [21/Aug/2023:22:23:42 -0500] "GET /BLA/boletinlegal/js/jquery.scrollShow.js HTTP/1.1" 200 4586
172.22.2.4 - - [21/Aug/2023:22:23:58 -0500] "GET /BLA/boletinlegal/actos.php HTTP/1.1" 200 9682
172.22.2.4 - - [21/Aug/2023:22:23:58 -0500] "GET /BLA/boletinlegal/styles2.css HTTP/1.1" 200 1838
172.22.2.4 - - [21/Aug/2023:22:23:58 -0500] "GET /BLA/boletinlegal/js/ajax_actos.js HTTP/1.1" 200 1322
172.22.2.4 - - [21/Aug/2023:22:23:58 -0500] "GET /BLA/boletinlegal/niceforms-default.css HTTP/1.1" 200 6694
172.22.2.4 - - [21/Aug/2023:22:23:58 -0500] "GET /BLA/boletinlegal/style.css HTTP/1.1" 200 9406
172.22.2.4 - - [21/Aug/2023:22:23:58 -0500] "GET /BLA/boletinlegal/niceforms.js HTTP/1.1" 200 22876
172.22.2.4 - - [21/Aug/2023:22:23:58 -0500] "GET /BLA/boletinlegal/js/lib.js HTTP/1.1" 200 6474
172.22.2.4 - - [21/Aug/2023:22:23:58 -0500] "GET /BLA/boletinlegal/js/popup.js HTTP/1.1" 200 1270
172.22.2.4 - - [21/Aug/2023:22:23:58 -0500] "GET /BLA/boletinlegal/js/jquery1.js HTTP/1.1" 200 29846
172.22.2.4 - - [21/Aug/2023:22:23:58 -0500] "GET /BLA/boletinlegal/images/cabezote%20BLEGAL.jpg HTTP/1.1" 200 118164
172.22.2.4 - - [21/Aug/2023:22:23:58 -0500] "GET /BLA/boletinlegal/images/subscribe-icon-big.png HTTP/1.1" 200 47702
172.22.2.4 - - [21/Aug/2023:22:23:58 -0500] "GET /BLA/boletinlegal/images/historia.png HTTP/1.1" 200 52775
172.22.2.4 - - [21/Aug/2023:22:23:58 -0500] "GET /BLA/boletinlegal/images/tel.png HTTP/1.1" 200 14477
172.22.2.4 - - [21/Aug/2023:22:23:58 -0500] "GET /BLA/boletinlegal/images/registro-usuarios.png HTTP/1.1" 200 8106
172.22.2.4 - - [21/Aug/2023:22:23:58 -0500] "GET /BLA/boletinlegal/images/green-yellow-blue-pink-th.png HTTP/1.1" 200 7394
172.22.2.4 - - [21/Aug/2023:22:23:58 -0500] "GET /BLA/boletinlegal/images/icono-email.png HTTP/1.1" 200 5544
172.22.2.4 - - [21/Aug/2023:22:23:58 -0500] "GET /BLA/boletinlegal/images/body_bg.jpg HTTP/1.1" 200 1601
172.22.2.4 - - [21/Aug/2023:22:23:58 -0500] "GET /BLA/boletinlegal/images/menu_lft.gif HTTP/1.1" 200 1713
172.22.2.4 - - [21/Aug/2023:22:23:58 -0500] "GET /BLA/boletinlegal/images/menu_rght.gif HTTP/1.1" 200 1627
172.22.2.4 - - [21/Aug/2023:22:23:58 -0500] "GET /BLA/boletinlegal/images/bg_top.jpg HTTP/1.1" 200 522
172.22.2.4 - - [21/Aug/2023:22:23:58 -0500] "GET /BLA/boletinlegal/images/menu_bg.jpg HTTP/1.1" 200 620
172.22.2.4 - - [21/Aug/2023:22:23:58 -0500] "GET /BLA/boletinlegal/images/hover.jpg HTTP/1.1" 200 640
172.22.2.4 - - [21/Aug/2023:22:23:58 -0500] "GET /BLA/boletinlegal/images/text.jpg HTTP/1.1" 200 568
172.22.2.4 - - [21/Aug/2023:22:23:58 -0500] "GET /BLA/boletinlegal/images/footer_bg.jpg HTTP/1.1" 200 586
172.22.2.4 - - [21/Aug/2023:22:23:58 -0500] "GET /BLA/boletinlegal/images/footer_bg_l.jpg HTTP/1.1" 200 776
172.22.2.4 - - [21/Aug/2023:22:23:58 -0500] "GET /BLA/boletinlegal/img/0.png HTTP/1.1" 200 110
172.22.2.4 - - [21/Aug/2023:22:23:58 -0500] "GET /BLA/boletinlegal/img/button-left.png HTTP/1.1" 200 57071
172.22.2.4 - - [21/Aug/2023:22:23:58 -0500] "GET /BLA/boletinlegal/img/select-left.png HTTP/1.1" 200 263
172.22.2.4 - - [21/Aug/2023:22:23:58 -0500] "GET /BLA/boletinlegal/img/select-right.png HTTP/1.1" 200 44019
172.22.2.4 - - [21/Aug/2023:22:23:58 -0500] "GET /BLA/boletinlegal/img/button.png HTTP/1.1" 200 43241
172.22.2.4 - - [21/Aug/2023:22:23:58 -0500] "GET /BLA/boletinlegal/img/button-right.png HTTP/1.1" 200 57878
172.22.2.4 - - [21/Aug/2023:22:23:58 -0500] "GET /BLA/boletinlegal/favicon.ico HTTP/1.1" 404 1326
181.54.228.54 - - [21/Aug/2023:22:23:59 -0500] "GET /BLA/resoluciones/ HTTP/1.1" 200 13502
181.54.228.54 - - [21/Aug/2023:22:23:59 -0500] "GET /BLA/resoluciones/dlf/styles.css HTTP/1.1" 200 3049
181.54.228.54 - - [21/Aug/2023:22:23:59 -0500] "GET /BLA/resoluciones/dlf/folder.png HTTP/1.1" 200 410
181.54.228.54 - - [21/Aug/2023:22:24:00 -0500] "GET /BLA/resoluciones/dlf/bg.gif HTTP/1.1" 200 54
181.54.228.54 - - [21/Aug/2023:22:24:05 -0500] "GET /BLA/resoluciones/dlf/dirup.png HTTP/1.1" 200 644
181.54.228.54 - - [21/Aug/2023:22:24:06 -0500] "GET /BLA/resoluciones/dlf/pdf.gif HTTP/1.1" 200 272
181.54.228.54 - - [21/Aug/2023:22:24:06 -0500] "GET /BLA/resoluciones/dlf/archive.png HTTP/1.1" 200 632
181.54.228.54 - - [21/Aug/2023:22:24:05 -0500] "GET /BLA/resoluciones/index.php?dir=AUTOS+2023%2F HTTP/1.1" 200 233259
192.144.113.222 - - [21/Aug/2023:22:24:57 -0500] "GET /bogota-empieza-la-consolidacion-de-la-estrategia-de-bosques-urbanos-con-el-brazo-salitre-en-barrios-unidos.html?utm_source=Meta_DIGI&utm_medium=CPV&utm_campaign=BosquesUrbanos&utm_id=Agosto_2023&fbclid=IwAR3HwFR_xR5CWmoSBa3UquVCmWzPT0oB3qoAkCknRSMjC1502Py-a8iWJh0_aem_AUdJxD6dW0kcXSv1aYseDdF-acQAz3jEbmOCj1sNgYxRTN4TXB9v6rgn09U78F1e65oTigyKYIxKX7_-Amf6xw37 HTTP/1.1" 200 892
172.22.2.4 - - [21/Aug/2023:22:24:08 -0500] "HEAD /BLA/boletinlegal/ HTTP/1.1" 200 -
172.22.2.4 - - [21/Aug/2023:22:24:58 -0500] "GET /BLA/boletinlegal/ HTTP/1.1" 200 58187
172.22.2.4 - - [21/Aug/2023:22:27:59 -0500] "GET /BLA/boletinlegal/images/registro-usuarios.png HTTP/1.1" 304 -
172.22.2.4 - - [21/Aug/2023:22:28:06 -0500] "GET /BLA/boletinlegal/images/screen_3.png HTTP/1.1" 304 -
216.245.221.92 - - [21/Aug/2023:22:28:17 -0500] "HEAD / HTTP/1.1" 200 -
201.245.192.253 - - [21/Aug/2023:22:28:27 -0500] "POST /kwsrmcab/Wsrmcab  HTTP/1.1" 200 41818
172.22.2.4 - - [21/Aug/2023:22:27:59 -0500] "GET /BLA/boletinlegal/ HTTP/1.1" 200 36811
201.245.192.253 - - [21/Aug/2023:22:29:15 -0500] "POST /kwsrmcab/Wsrmcab HTTP/1.1" 200 43285
201.245.192.253 - - [21/Aug/2023:22:29:18 -0500] "POST /kwsrmcab/Wsrmcab HTTP/1.1" 200 38434
172.22.2.4 - - [21/Aug/2023:22:29:58 -0500] "HEAD /BLA/boletinlegal/ HTTP/1.1" 200 -
66.249.66.194 - - [21/Aug/2023:22:32:25 -0500] "GET /en-julio-programate-para-asistir-a-las-caminatas-ecologicas-y-conectarte-con-la-naturaleza.html HTTP/1.1" 304 -
172.22.2.4 - - [21/Aug/2023:22:30:48 -0500] "GET /BLA/boletinlegal/ HTTP/1.1" 200 61130
216.245.221.92 - - [21/Aug/2023:22:33:16 -0500] "HEAD / HTTP/1.1" 200 -
201.245.192.253 - - [21/Aug/2023:22:33:26 -0500] "POST /kwsrmcab/Wsrmcab  HTTP/1.1" 200 41818
186.102.69.192 - - [21/Aug/2023:22:35:11 -0500] "GET /bogota-empieza-la-consolidacion-de-la-estrategia-de-bosques-urbanos-con-el-brazo-salitre-en-barrios-unidos.html?utm_source=Meta_DIGI&utm_medium=CPV&utm_campaign=BosquesUrbanos&utm_id=Agosto_2023&fbclid=IwAR3XeBv8L4q2nUjvhdsfsomjJFYAEtvQI3i-c2cD1AUcKH_uiuqvEIVDalw_aem_AUdslCFjLgxjXGI9a2QYrPgQ-FfQXhyYeCNNAOYVhLms-mCU-3vp-yQOxxE86JYa7XsDVCUYmxe2_LAMY8TZHKH8 HTTP/1.1" 200 892
172.22.2.4 - - [21/Aug/2023:22:33:36 -0500] "GET /BLA/boletinlegal/ HTTP/1.1" 200 63248
23.99.180.208 - - [21/Aug/2023:22:35:25 -0500] "GET /robots.txt HTTP/1.1" 404 1032
172.22.2.4 - - [21/Aug/2023:22:36:58 -0500] "GET /BLA/boletinlegal/jurisprudencia/analisis/ANALISIST-046-99.docx HTTP/1.1" 200 20918
190.130.100.166 - - [21/Aug/2023:22:37:08 -0500] "GET /inscribete-y-participa-en-la-convencion-internacional-de-emergencia-climatica-bogota-2023.html HTTP/1.1" 200 895
190.130.100.166 - - [21/Aug/2023:22:37:09 -0500] "GET /inscribete-y-participa-en-la-convencion-internacional-de-emergencia-climatica-bogota-2023.html HTTP/1.1" 200 895
190.130.100.166 - - [21/Aug/2023:22:37:10 -0500] "GET /apple-touch-icon-120x120-precomposed.png HTTP/1.1" 404 1136
190.130.100.166 - - [21/Aug/2023:22:37:10 -0500] "GET /apple-touch-icon-120x120.png HTTP/1.1" 404 1136
190.130.100.166 - - [21/Aug/2023:22:37:10 -0500] "GET /apple-touch-icon-precomposed.png HTTP/1.1" 404 1136
190.130.100.166 - - [21/Aug/2023:22:37:10 -0500] "GET /apple-touch-icon.png HTTP/1.1" 404 1136
190.130.100.166 - - [21/Aug/2023:22:37:10 -0500] "GET /favicon.ico HTTP/1.1" 404 1136
190.130.100.166 - - [21/Aug/2023:22:37:10 -0500] "GET /apple-touch-icon-120x120-precomposed.png HTTP/1.1" 404 1136
190.130.100.166 - - [21/Aug/2023:22:37:10 -0500] "GET /apple-touch-icon-120x120.png HTTP/1.1" 404 1136
190.130.100.166 - - [21/Aug/2023:22:37:10 -0500] "GET /apple-touch-icon-precomposed.png HTTP/1.1" 404 1136
190.130.100.166 - - [21/Aug/2023:22:37:10 -0500] "GET /apple-touch-icon.png HTTP/1.1" 404 1136
190.130.100.166 - - [21/Aug/2023:22:37:10 -0500] "GET /favicon.ico HTTP/1.1" 404 1136
172.22.2.4 - - [21/Aug/2023:22:35:48 -0500] "HEAD /BLA/boletinlegal/ HTTP/1.1" 200 -
172.22.2.4 - - [21/Aug/2023:22:37:32 -0500] "GET /BLA/boletinlegal/Circulares/2019/.pdf HTTP/1.1" 404 1218
172.22.2.4 - - [21/Aug/2023:22:37:40 -0500] "GET /BLA/boletinlegal/Circulares/2012/Circular%20No.%2010%20del%2026%20de%20Enero%20de%202012.pdf HTTP/1.1" 404 1218
216.245.221.92 - - [21/Aug/2023:22:38:16 -0500] "HEAD / HTTP/1.1" 200 -
172.22.2.4 - - [21/Aug/2023:22:36:38 -0500] "GET /BLA/boletinlegal/ HTTP/1.1" 200 53362
181.53.13.98 - - [21/Aug/2023:22:38:21 -0500] "GET /bogota-empieza-la-consolidacion-de-la-estrategia-de-bosques-urbanos-con-el-brazo-salitre-en-barrios-unidos.html?utm_source=Meta_DIGI&utm_medium=CPV&utm_campaign=BosquesUrbanos&utm_id=Agosto_2023&fbclid=IwAR2CCG7iFvT5l9fkfVYND_Tc_x12yaDK3C1OL15BMVTfRU-rPnVLFqHe5Uk_aem_AUfJSeaC3JCVQEjpyvXjRgKOPPyrbLVEGP1R-hLNEBn4xTZuT2-KWSOHmMERlos_wexS5bjBJ3iogptFTiFjKzQx HTTP/1.1" 200 892
201.245.192.253 - - [21/Aug/2023:22:38:25 -0500] "POST /kwsrmcab/Wsrmcab  HTTP/1.1" 200 41818
201.245.192.253 - - [21/Aug/2023:22:39:14 -0500] "POST /kwsrmcab/Wsrmcab HTTP/1.1" 200 43285
201.245.192.253 - - [21/Aug/2023:22:39:18 -0500] "POST /kwsrmcab/Wsrmcab HTTP/1.1" 200 38434
40.113.193.37 - - [21/Aug/2023:22:40:49 -0500] "GET /robots.txt HTTP/1.1" 404 1049
216.245.221.92 - - [21/Aug/2023:22:43:16 -0500] "HEAD / HTTP/1.1" 200 -
172.22.2.4 - - [21/Aug/2023:22:41:38 -0500] "HEAD /BLA/boletinlegal/ HTTP/1.1" 200 -
201.245.192.253 - - [21/Aug/2023:22:43:23 -0500] "POST /kwsrmcab/Wsrmcab  HTTP/1.1" 200 41818
152.203.38.190 - - [21/Aug/2023:22:44:06 -0500] "GET /BLA/resoluciones/index.php?dir= HTTP/1.1" 200 13502
172.22.2.4 - - [21/Aug/2023:22:42:28 -0500] "GET /BLA/boletinlegal/ HTTP/1.1" 200 58597
152.203.38.190 - - [21/Aug/2023:22:44:09 -0500] "GET /BLA/resoluciones/index.php?dir=RESOLUCIONES+2017%2F HTTP/1.1" 200 286661
152.203.38.190 - - [21/Aug/2023:22:44:13 -0500] "GET /BLA/resoluciones/RESOLUCIONES%202017/1838.pdf HTTP/1.1" 200 651665
40.113.197.70 - - [21/Aug/2023:22:45:28 -0500] "GET /robots.txt HTTP/1.1" 404 1018
172.22.2.4 - - [21/Aug/2023:22:45:43 -0500] "GET /BLA/boletinlegal/actos.php HTTP/1.1" 200 9682
172.22.2.4 - - [21/Aug/2023:22:45:44 -0500] "GET /BLA/boletinlegal/styles2.css HTTP/1.1" 200 1838
172.22.2.4 - - [21/Aug/2023:22:45:44 -0500] "GET /BLA/boletinlegal/js/ajax_actos.js HTTP/1.1" 200 1322
172.22.2.4 - - [21/Aug/2023:22:45:44 -0500] "GET /BLA/boletinlegal/niceforms.js HTTP/1.1" 200 22876
172.22.2.4 - - [21/Aug/2023:22:45:44 -0500] "GET /BLA/boletinlegal/niceforms-default.css HTTP/1.1" 200 6694
172.22.2.4 - - [21/Aug/2023:22:45:44 -0500] "GET /BLA/boletinlegal/js/lib.js HTTP/1.1" 200 6474
172.22.2.4 - - [21/Aug/2023:22:45:44 -0500] "GET /BLA/boletinlegal/style.css HTTP/1.1" 200 9406
172.22.2.4 - - [21/Aug/2023:22:45:44 -0500] "GET /BLA/boletinlegal/js/jquery1.js HTTP/1.1" 200 29846
172.22.2.4 - - [21/Aug/2023:22:45:44 -0500] "GET /BLA/boletinlegal/js/popup.js HTTP/1.1" 200 1270
172.22.2.4 - - [21/Aug/2023:22:45:44 -0500] "GET /BLA/boletinlegal/images/cabezote%20BLEGAL.jpg HTTP/1.1" 200 118164
172.22.2.4 - - [21/Aug/2023:22:45:44 -0500] "GET /BLA/boletinlegal/images/subscribe-icon-big.png HTTP/1.1" 200 47702
172.22.2.4 - - [21/Aug/2023:22:45:44 -0500] "GET /BLA/boletinlegal/images/tel.png HTTP/1.1" 200 14477
172.22.2.4 - - [21/Aug/2023:22:45:44 -0500] "GET /BLA/boletinlegal/images/registro-usuarios.png HTTP/1.1" 200 8106
172.22.2.4 - - [21/Aug/2023:22:45:44 -0500] "GET /BLA/boletinlegal/images/historia.png HTTP/1.1" 200 52775
172.22.2.4 - - [21/Aug/2023:22:45:44 -0500] "GET /BLA/boletinlegal/images/green-yellow-blue-pink-th.png HTTP/1.1" 200 7394
172.22.2.4 - - [21/Aug/2023:22:45:44 -0500] "GET /BLA/boletinlegal/images/menu_lft.gif HTTP/1.1" 200 1713
172.22.2.4 - - [21/Aug/2023:22:45:44 -0500] "GET /BLA/boletinlegal/images/body_bg.jpg HTTP/1.1" 200 1601
172.22.2.4 - - [21/Aug/2023:22:45:44 -0500] "GET /BLA/boletinlegal/images/icono-email.png HTTP/1.1" 200 5544
172.22.2.4 - - [21/Aug/2023:22:45:44 -0500] "GET /BLA/boletinlegal/images/bg_top.jpg HTTP/1.1" 200 522
172.22.2.4 - - [21/Aug/2023:22:45:44 -0500] "GET /BLA/boletinlegal/images/menu_rght.gif HTTP/1.1" 200 1627
172.22.2.4 - - [21/Aug/2023:22:45:44 -0500] "GET /BLA/boletinlegal/images/text.jpg HTTP/1.1" 200 568
172.22.2.4 - - [21/Aug/2023:22:45:44 -0500] "GET /BLA/boletinlegal/images/footer_bg.jpg HTTP/1.1" 200 586
172.22.2.4 - - [21/Aug/2023:22:45:44 -0500] "GET /BLA/boletinlegal/images/menu_bg.jpg HTTP/1.1" 200 620
172.22.2.4 - - [21/Aug/2023:22:45:44 -0500] "GET /BLA/boletinlegal/images/footer_bg_l.jpg HTTP/1.1" 200 776
172.22.2.4 - - [21/Aug/2023:22:45:44 -0500] "GET /BLA/boletinlegal/images/hover.jpg HTTP/1.1" 200 640
172.22.2.4 - - [21/Aug/2023:22:45:44 -0500] "GET /BLA/boletinlegal/img/0.png HTTP/1.1" 200 110
172.22.2.4 - - [21/Aug/2023:22:45:44 -0500] "GET /BLA/boletinlegal/img/select-left.png HTTP/1.1" 200 263
172.22.2.4 - - [21/Aug/2023:22:45:44 -0500] "GET /BLA/boletinlegal/img/select-right.png HTTP/1.1" 200 44019
172.22.2.4 - - [21/Aug/2023:22:45:44 -0500] "GET /BLA/boletinlegal/img/button-left.png HTTP/1.1" 200 57071
172.22.2.4 - - [21/Aug/2023:22:45:44 -0500] "GET /BLA/boletinlegal/img/button.png HTTP/1.1" 200 43241
172.22.2.4 - - [21/Aug/2023:22:45:44 -0500] "GET /BLA/boletinlegal/img/button-right.png HTTP/1.1" 200 57878
172.22.2.4 - - [21/Aug/2023:22:45:44 -0500] "GET /BLA/boletinlegal/favicon.ico HTTP/1.1" 404 1326
40.113.198.237 - - [21/Aug/2023:22:45:58 -0500] "GET /robots.txt HTTP/1.1" 404 1035
172.22.2.4 - - [21/Aug/2023:22:46:06 -0500] "GET /BLA/boletinlegal/consulta_actos.php?tipo=autos&no=4058&usuario=&sector=&fecha=2023&resuelve= HTTP/1.1" 200 626
181.53.13.25 - - [21/Aug/2023:22:46:37 -0500] "GET /bogota-empieza-la-consolidacion-de-la-estrategia-de-bosques-urbanos-con-el-brazo-salitre-en-barrios-unidos.html?utm_source=Meta_DIGI&utm_medium=CPV&utm_campaign=BosquesUrbanos&utm_id=Agosto_2023&fbclid=IwAR3abaQMbJVTzINOvHTjx5w9-NgVx0WxkRfFeaBY7bJheUx0IPtMJ-lNmKg_aem_AUePowEGj8-V83w9CEls478zpGikyR8jX8shi88gmhN-M71k5D-JyYuLBHwlAuyaiYUqQZgxHJMLOgV6bP8b-yAZ HTTP/1.1" 200 892
186.102.86.235 - - [21/Aug/2023:22:47:12 -0500] "GET /bogota-empieza-la-consolidacion-de-la-estrategia-de-bosques-urbanos-con-el-brazo-salitre-en-barrios-unidos.html?utm_source=Meta_DIGI&utm_medium=CPV&utm_campaign=BosquesUrbanos&utm_id=Agosto_2023&fbclid=IwAR1-FVqurcLIwl0cYi-YSgXLGv8hXeE2VeOIXvUnYnlNBXyUAN6BJY5Botg_aem_AUf0g4O8gKK_mq4jVe59-8aeG6WKcSEC8L4_6TDJrPoPKd-uqsB91eAdLVyLWNiTwOCMrAiJ6YoxB8hgb2E8O4uO HTTP/1.1" 200 892
200.118.61.99 - - [21/Aug/2023:22:47:21 -0500] "GET /bogota-empieza-la-consolidacion-de-la-estrategia-de-bosques-urbanos-con-el-brazo-salitre-en-barrios-unidos.html?utm_source=Meta_DIGI&utm_medium=CPV&utm_campaign=BosquesUrbanos&utm_id=Agosto_2023&fbclid=IwAR3I-y0tDktogk8qZ3RVoQm1Ylde3r9dyTFl4WU06gLKPYspU8CI0JV0i2w_aem_AUfPO9XOA372nV-jSeA_l907r5N17Okx3bMk9w77sTTyTqIINpYY7UrHWZt3zLkLqe1eTV3Dtq9ZwilZORf--JDx HTTP/1.1" 200 892
186.96.96.243 - - [21/Aug/2023:22:47:34 -0500] "GET /BLA/resoluciones/index.php?dir=AUTOS+2010%2F HTTP/1.1" 200 280046
172.22.2.4 - - [21/Aug/2023:22:47:43 -0500] "GET /BLA/boletinlegal/consulta_actos.php?tipo=autos&no=0405&usuario=&sector=&fecha=2023&resuelve= HTTP/1.1" 200 626
172.22.2.4 - - [21/Aug/2023:22:47:55 -0500] "GET /BLA/boletinlegal/consulta_actos.php?tipo=autos&no=4058&usuario=&sector=&fecha=2023&resuelve= HTTP/1.1" 200 626
186.96.96.243 - - [21/Aug/2023:22:47:57 -0500] "GET /BLA/resoluciones/index.php?dir=AUTOS+2013%2F HTTP/1.1" 200 12235
186.96.96.243 - - [21/Aug/2023:22:47:59 -0500] "GET /BLA/resoluciones/index.php?dir=AUTOS+2012%2F HTTP/1.1" 200 276641
186.96.96.243 - - [21/Aug/2023:22:48:13 -0500] "GET /BLA/resoluciones/index.php?dir=AUTOS+2010%2F HTTP/1.1" 200 280046
216.245.221.92 - - [21/Aug/2023:22:48:16 -0500] "HEAD / HTTP/1.1" 200 -
186.96.96.243 - - [21/Aug/2023:22:48:24 -0500] "GET /BLA/resoluciones/AUTOS%202010/5891.pdf HTTP/1.1" 200 123783
201.245.192.253 - - [21/Aug/2023:22:48:23 -0500] "POST /kwsrmcab/Wsrmcab  HTTP/1.1" 200 41818
185.191.171.4 - - [21/Aug/2023:22:49:06 -0500] "GET /robots.txt HTTP/1.1" 404 1035
85.208.96.194 - - [21/Aug/2023:22:49:06 -0500] "GET /portaldeninos/los-arboles/ HTTP/1.1" 200 87546
172.22.2.4 - - [21/Aug/2023:22:47:28 -0500] "HEAD /BLA/boletinlegal/ HTTP/1.1" 200 -
186.102.70.91 - - [21/Aug/2023:22:49:26 -0500] "-" 408 -
186.102.24.45 - - [21/Aug/2023:22:49:48 -0500] "GET /bogota-empieza-la-consolidacion-de-la-estrategia-de-bosques-urbanos-con-el-brazo-salitre-en-barrios-unidos.html?utm_source=Meta_DIGI&utm_medium=CPV&utm_campaign=BosquesUrbanos&utm_id=Agosto_2023&fbclid=IwAR0dgLry9f3TGJjOsg-6-MUDBvSf8AfNPmNny-WyJmFuKVgNbd_7AJYWBGA_aem_AUdiA_hEbDQOX2o4lJMg9VI9q1Cg4HlhGmejYlpRE9IypJxH900flcEx-U-91DaVPCFoPN0PUaIbUj8S5jFdfF3f HTTP/1.1" 200 892
172.22.2.4 - - [21/Aug/2023:22:48:14 -0500] "GET /BLA/boletinlegal/ HTTP/1.1" 200 53013
191.107.136.131 - - [21/Aug/2023:22:49:56 -0500] "GET /bogota-empieza-la-consolidacion-de-la-estrategia-de-bosques-urbanos-con-el-brazo-salitre-en-barrios-unidos.html?utm_source=Meta_DIGI&utm_medium=CPV&utm_campaign=BosquesUrbanos&utm_id=Agosto_2023&fbclid=IwAR2oFFLPSurelS2M0TUURlzR67Y-F5v1FukHA3YSDuAljY2iULH5Gcetzec_aem_AUcL0WfY5N0rBfItokTmcDckwrgDo2a5DKma7usM2hVNDV1oQpkZAIDwKsrEtZevfUmjPsi856CCR2xhMRsTUXTx HTTP/1.1" 200 892
172.22.2.4 - - [21/Aug/2023:22:49:57 -0500] "GET /BLA/boletinlegal/favicon.ico HTTP/1.1" 404 1326
172.22.2.4 - - [21/Aug/2023:22:48:18 -0500] "GET /BLA/boletinlegal/ HTTP/1.1" 200 53362
181.130.48.133 - - [21/Aug/2023:22:50:05 -0500] "GET /galeria/galeria/jquery.fancybox.js?v=2.1.5 HTTP/1.1" 200 48706
181.130.48.133 - - [21/Aug/2023:22:50:05 -0500] "GET /galeria/galeria/jquery.fancybox.css?v=2.1.5 HTTP/1.1" 200 4895
181.130.48.133 - - [21/Aug/2023:22:50:05 -0500] "GET /BLA/boletinlegal/js/jquery.scrollShow.js HTTP/1.1" 200 4586
181.130.48.133 - - [21/Aug/2023:22:50:07 -0500] "GET /autoliquidacion2020 HTTP/1.1" 301 250
181.130.48.133 - - [21/Aug/2023:22:50:07 -0500] "GET /autoliquidacion2020/ HTTP/1.1" 200 6146
181.130.48.133 - - [21/Aug/2023:22:50:07 -0500] "GET /autoliquidacion2020/dlf/styles.css HTTP/1.1" 200 3045
181.130.48.133 - - [21/Aug/2023:22:50:07 -0500] "GET /autoliquidacion2020/dlf/folder.png HTTP/1.1" 200 410
181.130.48.133 - - [21/Aug/2023:22:50:07 -0500] "GET /autoliquidacion2020/dlf/bg.gif HTTP/1.1" 200 54
181.130.48.133 - - [21/Aug/2023:22:50:10 -0500] "GET /autoliquidacion2020/index.php?dir=Grupo+Forestal+-+Silvicultura%2F HTTP/1.1" 200 2799
181.130.48.133 - - [21/Aug/2023:22:50:10 -0500] "GET /autoliquidacion2020/dlf/dirup.png HTTP/1.1" 200 644
181.130.48.133 - - [21/Aug/2023:22:50:10 -0500] "GET /autoliquidacion2020/dlf/html.gif HTTP/1.1" 200 632
181.130.48.133 - - [21/Aug/2023:22:50:13 -0500] "GET /autoliquidacion2020/index.php?dir=Grupo+Forestal+-+Silvicultura%2FPermiso+o+autorizaci%F3n+para+aprovechamiento+forestal+de+%E1rboles+aislados%2F HTTP/1.1" 200 3777
