!C99Shell v. 1.0 pre-release build #13!

Software: Apache. PHP/5.5.15 

uname -a: Windows NT SVR-DMZ 6.1 build 7600 (Windows Server 2008 R2 Enterprise Edition) i586 

SYSTEM 

Safe-mode: OFF (not secure)

E:\nuevo\apache\logs\   drwxrwxrwx
Free 9.41 GB of 239.26 GB (3.93%)
Detected drives: [ a ] [ c ] [ d ] [ e ] [ f ]
Home    Back    Forward    UPDIR    Refresh    Search    Buffer    Encoder    Tools    Proc.    FTP brute    Sec.    SQL    PHP-code    Update    Feedback    Self remove    Logout    


Viewing file:     access.2023.08.21.log (713.77 KB)      -rw-rw-rw-
Select action/file-type:
(+) | (+) | (+) | Code (+) | Session (+) | (+) | SDB (+) | (+) | (+) | (+) | (+) | (+) |
162.55.175.138 - - [21/Aug/2023:00:00:24 -0500] "GET / HTTP/1.1" 200 319
162.55.175.138 - - [21/Aug/2023:00:00:24 -0500] "GET / HTTP/1.1" 200 4720
201.245.192.253 - - [21/Aug/2023:00:02:58 -0500] "POST /kwsrmcab/Wsrmcab  HTTP/1.1" 200 41818
216.245.221.92 - - [21/Aug/2023:00:03:20 -0500] "HEAD / HTTP/1.1" 200 -
157.55.39.216 - - [21/Aug/2023:00:03:29 -0500] "GET /portaldeninos/que-es-cambio-climatico/ HTTP/1.1" 200 86727
207.46.13.215 - - [21/Aug/2023:00:03:46 -0500] "GET /portaldeninos/wp-content/plugins/gallery-videos/CSS/Total-Soft-Gallery-Video-Widget.css?ver=4.9.8 HTTP/1.1" 200 51554
207.46.13.215 - - [21/Aug/2023:00:03:46 -0500] "GET /portaldeninos/wp-content/plugins/gallery-videos/JS/modernizr.custom.js?ver=4.9.8 HTTP/1.1" 200 9019
207.46.13.215 - - [21/Aug/2023:00:03:46 -0500] "GET /portaldeninos/wp-content/uploads/2020/01/Infograf%C3%ADa.gif%22%22 HTTP/1.1" 301 -
157.55.39.216 - - [21/Aug/2023:00:03:50 -0500] "GET /portaldeninos/wp-content/themes/betheme/style.css?ver=20.9.6 HTTP/1.1" 200 287
207.46.13.215 - - [21/Aug/2023:00:03:47 -0500] "GET /portaldeninos/wp-content/uploads/2020/01/Infograf%C3%ADa.gif HTTP/1.1" 200 965626
52.167.144.230 - - [21/Aug/2023:00:03:54 -0500] "GET /portaldeninos/wp-content/plugins/gallery-videos/CSS/totalsoft.css?ver=4.9.8 HTTP/1.1" 200 40622
52.167.144.230 - - [21/Aug/2023:00:03:55 -0500] "GET /portaldeninos/wp-content/themes/betheme/assets/animations/animations.min.css?ver=20.9.6 HTTP/1.1" 200 58508
52.167.144.230 - - [21/Aug/2023:00:03:55 -0500] "GET /portaldeninos/wp-content/themes/betheme/fonts/mfn-icons.ttf?93978679 HTTP/1.1" 200 124684
207.46.13.215 - - [21/Aug/2023:00:04:00 -0500] "GET /portaldeninos/wp-content/uploads/useanyfont/uaf.css?ver=1589905315 HTTP/1.1" 200 408
172.22.2.4 - - [21/Aug/2023:00:02:22 -0500] "HEAD /BLA/boletinlegal/ HTTP/1.1" 200 -
172.22.2.4 - - [21/Aug/2023:00:03:12 -0500] "GET /BLA/boletinlegal/ HTTP/1.1" 200 53766
52.167.144.78 - - [21/Aug/2023:00:04:59 -0500] "GET /Publicaciones/2023EE189413.pdf HTTP/1.1" 200 100263
179.19.158.232 - - [21/Aug/2023:00:06:27 -0500] "GET /bogota-empieza-la-consolidacion-de-la-estrategia-de-bosques-urbanos-con-el-brazo-salitre-en-barrios-unidos.html?utm_source=Meta_DIGI&utm_medium=CPV&utm_campaign=BosquesUrbanos&utm_id=Agosto_2023&fbclid=IwAR1tk9xE476gi-uBHymT1Rsu9TbuBMSS8vneUjMfQ1t1U9VVbchZI8goZgs_aem_AQ4nqPMZGBnIEIOhBtFpIeZGTu2LV7E3yxMKiVHK_cTPIrJ4RxrZWgRKcusIBnc8sCR1aAfoibAixohLYvTEqltz HTTP/1.1" 200 892
41.60.113.229 - - [21/Aug/2023:00:06:40 -0500] "GET /catalogoisis/ HTTP/1.1" 200 8575
201.245.192.253 - - [21/Aug/2023:00:07:56 -0500] "POST /kwsrmcab/Wsrmcab  HTTP/1.1" 200 41818
66.249.75.232 - - [21/Aug/2023:00:08:12 -0500] "GET /en-julio-programate-para-asistir-a-las-caminatas-ecologicas-y-conectarte-con-la-naturaleza.html HTTP/1.1" 304 -
66.249.75.233 - - [21/Aug/2023:00:08:13 -0500] "GET /mas-de-28-toneladas-de-residuos-se-recolectaron-en-la-primera-reciclaton-2023.html HTTP/1.1" 304 -
216.245.221.92 - - [21/Aug/2023:00:08:20 -0500] "HEAD / HTTP/1.1" 200 -
191.156.58.82 - - [21/Aug/2023:00:09:28 -0500] "GET /inscribete-y-participa-en-la-convencion-internacional-de-emergencia-climatica-bogota-2023.html HTTP/1.1" 200 895
172.22.2.4 - - [21/Aug/2023:00:08:12 -0500] "HEAD /BLA/boletinlegal/ HTTP/1.1" 200 -
152.201.74.161 - - [21/Aug/2023:00:10:13 -0500] "GET /inscribete-y-participa-en-la-convencion-internacional-de-emergencia-climatica-bogota-2023.html HTTP/1.1" 200 895
172.22.2.4 - - [21/Aug/2023:00:09:02 -0500] "GET /BLA/boletinlegal/ HTTP/1.1" 200 57790
201.245.192.253 - - [21/Aug/2023:00:12:53 -0500] "POST /kwsrmcab/Wsrmcab  HTTP/1.1" 200 41818
216.245.221.92 - - [21/Aug/2023:00:13:20 -0500] "HEAD / HTTP/1.1" 200 -
172.22.2.4 - - [21/Aug/2023:00:14:02 -0500] "HEAD /BLA/boletinlegal/ HTTP/1.1" 200 -
172.22.2.4 - - [21/Aug/2023:00:14:52 -0500] "GET /BLA/boletinlegal/ HTTP/1.1" 200 58597
173.252.87.8 - - [21/Aug/2023:00:16:38 -0500] "GET /oso-melero-recuperado-en-bogota-fue-liberado-exitosamente-en-el-meta.html HTTP/1.1" 200 948
201.245.192.253 - - [21/Aug/2023:00:17:53 -0500] "POST /kwsrmcab/Wsrmcab  HTTP/1.1" 200 41818
216.245.221.92 - - [21/Aug/2023:00:18:20 -0500] "HEAD / HTTP/1.1" 200 -
152.61.192.232 - - [21/Aug/2023:00:18:37 -0500] "GET / HTTP/1.1" 200 319
191.95.62.192 - - [21/Aug/2023:00:18:47 -0500] "GET / HTTP/1.1" 200 4720
191.95.62.192 - - [21/Aug/2023:00:18:47 -0500] "GET /js/url.js HTTP/1.1" 404 1294
191.95.62.192 - - [21/Aug/2023:00:18:50 -0500] "GET / HTTP/1.1" 200 4720
191.95.62.192 - - [21/Aug/2023:00:18:50 -0500] "GET /js/url.js HTTP/1.1" 404 1294
191.95.62.192 - - [21/Aug/2023:00:18:52 -0500] "GET / HTTP/1.1" 200 4720
191.95.62.192 - - [21/Aug/2023:00:18:52 -0500] "GET /apple-touch-icon-120x120-precomposed.png HTTP/1.1" 404 1136
191.95.62.192 - - [21/Aug/2023:00:18:52 -0500] "GET /apple-touch-icon-120x120.png HTTP/1.1" 404 1136
191.95.62.192 - - [21/Aug/2023:00:18:52 -0500] "GET /apple-touch-icon-precomposed.png HTTP/1.1" 404 1136
191.95.62.192 - - [21/Aug/2023:00:18:52 -0500] "GET /apple-touch-icon.png HTTP/1.1" 404 1136
191.95.62.192 - - [21/Aug/2023:00:18:52 -0500] "GET /favicon.ico HTTP/1.1" 404 1136
191.95.62.192 - - [21/Aug/2023:00:18:52 -0500] "GET /apple-touch-icon-120x120-precomposed.png HTTP/1.1" 404 1136
191.95.62.192 - - [21/Aug/2023:00:18:52 -0500] "GET /apple-touch-icon-120x120.png HTTP/1.1" 404 1136
191.95.62.192 - - [21/Aug/2023:00:18:52 -0500] "GET /apple-touch-icon-precomposed.png HTTP/1.1" 404 1136
191.95.62.192 - - [21/Aug/2023:00:18:52 -0500] "GET /apple-touch-icon.png HTTP/1.1" 404 1136
191.95.62.192 - - [21/Aug/2023:00:18:52 -0500] "GET /favicon.ico HTTP/1.1" 404 1136
191.95.62.192 - - [21/Aug/2023:00:19:00 -0500] "GET / HTTP/1.1" 200 4720
191.95.62.192 - - [21/Aug/2023:00:19:00 -0500] "GET /js/url.js HTTP/1.1" 404 1294
201.245.192.253 - - [21/Aug/2023:00:19:19 -0500] "POST /kwsrmcab/Wsrmcab HTTP/1.1" 200 42433
201.245.192.253 - - [21/Aug/2023:00:19:22 -0500] "POST /kwsrmcab/Wsrmcab HTTP/1.1" 200 40361
40.77.190.214 - - [21/Aug/2023:00:19:44 -0500] "GET /portaldeninos/wp-content/themes/betheme/fonts/mfn-icons.woff?93978679 HTTP/1.1" 200 80932
172.22.2.4 - - [21/Aug/2023:00:19:52 -0500] "HEAD /BLA/boletinlegal/ HTTP/1.1" 200 -
172.22.2.4 - - [21/Aug/2023:00:20:42 -0500] "GET /BLA/boletinlegal/ HTTP/1.1" 200 58187
201.245.192.253 - - [21/Aug/2023:00:22:53 -0500] "POST /kwsrmcab/Wsrmcab  HTTP/1.1" 200 41818
216.245.221.92 - - [21/Aug/2023:00:23:20 -0500] "HEAD / HTTP/1.1" 200 -
190.24.56.49 - - [21/Aug/2023:00:25:21 -0500] "GET /bogota-empieza-la-consolidacion-de-la-estrategia-de-bosques-urbanos-con-el-brazo-salitre-en-barrios-unidos.html?utm_source=Meta_DIGI&utm_medium=CPV&utm_campaign=BosquesUrbanos&utm_id=Agosto_2023&fbclid=IwAR33vBfWKLwJ48M_DR3TPl5ZB9Hd1AOrKo6otedsPw0P1CKXix-iyoxkgn4_aem_AQ69SNqCit-n4pZSNrCaoHbQy1RHF3IyTPkEu00fYzYOf4NxoXT6hxdLS4b8cAOeXgx7u5mB1loHrWpXMMRVNfac HTTP/1.1" 200 892
152.61.128.50 - - [21/Aug/2023:00:26:38 -0500] "GET / HTTP/1.1" 200 319
172.22.2.4 - - [21/Aug/2023:00:25:42 -0500] "HEAD /BLA/boletinlegal/ HTTP/1.1" 200 -
201.245.192.253 - - [21/Aug/2023:00:27:52 -0500] "POST /kwsrmcab/Wsrmcab  HTTP/1.1" 200 41818
172.22.2.4 - - [21/Aug/2023:00:26:32 -0500] "GET /BLA/boletinlegal/ HTTP/1.1" 200 57790
216.245.221.92 - - [21/Aug/2023:00:28:20 -0500] "HEAD / HTTP/1.1" 200 -
181.234.201.106 - - [21/Aug/2023:00:29:09 -0500] "GET /galeria/galeria/jquery.fancybox.js?v=2.1.5 HTTP/1.1" 200 48706
181.234.201.106 - - [21/Aug/2023:00:29:09 -0500] "GET /galeria/galeria/jquery.fancybox.css?v=2.1.5 HTTP/1.1" 200 4895
181.234.201.106 - - [21/Aug/2023:00:29:09 -0500] "GET /BLA/boletinlegal/js/jquery.scrollShow.js HTTP/1.1" 200 4586
201.245.192.253 - - [21/Aug/2023:00:29:19 -0500] "POST /kwsrmcab/Wsrmcab HTTP/1.1" 200 42433
201.245.192.253 - - [21/Aug/2023:00:29:23 -0500] "POST /kwsrmcab/Wsrmcab HTTP/1.1" 200 40361
216.244.66.246 - - [21/Aug/2023:00:32:23 -0500] "GET /participa-en-la-cuarta-convocatoria-de-sembradoras-por-la-reactivaccion.html HTTP/1.1" 200 757
201.245.192.253 - - [21/Aug/2023:00:32:51 -0500] "POST /kwsrmcab/Wsrmcab  HTTP/1.1" 200 41818
172.22.2.4 - - [21/Aug/2023:00:31:32 -0500] "HEAD /BLA/boletinlegal/ HTTP/1.1" 200 -
216.245.221.92 - - [21/Aug/2023:00:33:20 -0500] "HEAD / HTTP/1.1" 200 -
172.22.2.4 - - [21/Aug/2023:00:32:22 -0500] "GET /BLA/boletinlegal/ HTTP/1.1" 200 58187
66.249.77.134 - - [21/Aug/2023:00:34:09 -0500] "GET /portaldeninos/ HTTP/1.1" 200 110175
181.55.212.150 - - [21/Aug/2023:00:37:12 -0500] "GET /inscribete-y-participa-en-la-convencion-internacional-de-emergencia-climatica-bogota-2023.html HTTP/1.1" 200 895
181.55.212.150 - - [21/Aug/2023:00:37:14 -0500] "GET /favicon.ico HTTP/1.1" 404 1482
201.245.192.253 - - [21/Aug/2023:00:37:50 -0500] "POST /kwsrmcab/Wsrmcab  HTTP/1.1" 200 41818
216.245.221.92 - - [21/Aug/2023:00:38:20 -0500] "HEAD / HTTP/1.1" 200 -
172.22.2.4 - - [21/Aug/2023:00:37:22 -0500] "HEAD /BLA/boletinlegal/ HTTP/1.1" 200 -
201.245.192.253 - - [21/Aug/2023:00:39:19 -0500] "POST /kwsrmcab/Wsrmcab HTTP/1.1" 200 42433
201.245.192.253 - - [21/Aug/2023:00:39:23 -0500] "POST /kwsrmcab/Wsrmcab HTTP/1.1" 200 40361
172.22.2.4 - - [21/Aug/2023:00:38:12 -0500] "GET /BLA/boletinlegal/ HTTP/1.1" 200 55460
40.77.167.18 - - [21/Aug/2023:00:40:32 -0500] "GET /BLA/resoluciones/AUTOS%202014/0073.pdf HTTP/1.1" 304 -
66.249.70.7 - - [21/Aug/2023:00:42:39 -0500] "GET /Publicaciones/2023EE168141.pdf HTTP/1.1" 404 228
201.245.192.253 - - [21/Aug/2023:00:42:49 -0500] "POST /kwsrmcab/Wsrmcab  HTTP/1.1" 200 41818
216.245.221.92 - - [21/Aug/2023:00:43:20 -0500] "HEAD / HTTP/1.1" 200 -
211.130.63.227 - - [21/Aug/2023:00:43:29 -0500] "GET /galeria/galeria/fotos/Entrenube4P.jpg HTTP/1.1" 200 10881
66.249.70.5 - - [21/Aug/2023:00:43:57 -0500] "GET /Publicaciones/2023EE173828.pdf HTTP/1.1" 404 228
186.102.108.109 - - [21/Aug/2023:00:43:59 -0500] "GET /bogota-empieza-la-consolidacion-de-la-estrategia-de-bosques-urbanos-con-el-brazo-salitre-en-barrios-unidos.html?utm_source=Meta_DIGI&utm_medium=CPV&utm_campaign=BosquesUrbanos&utm_id=Agosto_2023&fbclid=IwAR3I5bwzC7wtPPuNs_B28BjdJFbeqUKh9awvOk6ANh4PGKilHd1FKNiNL6c_aem_AQ6lARRGRrbDKPmow_jAMLNWoppQjmqbhelMpXiWDtDfFvZCvZi2AOMtOMveaGc7L-gSCCAMDNtFGjUyZDY9uJcu HTTP/1.1" 200 892
172.22.2.4 - - [21/Aug/2023:00:43:12 -0500] "HEAD /BLA/boletinlegal/ HTTP/1.1" 200 -
172.22.2.4 - - [21/Aug/2023:00:44:02 -0500] "GET /BLA/boletinlegal/ HTTP/1.1" 200 58597
201.245.192.253 - - [21/Aug/2023:00:47:48 -0500] "POST /kwsrmcab/Wsrmcab  HTTP/1.1" 200 41818
173.252.79.1 - - [21/Aug/2023:00:47:52 -0500] "GET /images/mercados-campesinos-5-mayo.jpg HTTP/1.1" 200 95848
66.249.87.231 - - [21/Aug/2023:00:48:02 -0500] "GET /bogota-empieza-la-consolidacion-de-la-estrategia-de-bosques-urbanos-con-el-brazo-salitre-en-barrios-unidos.html?utm_source=Youtube_DIGI&utm_medium=CPV&utm_campaign=BosquesUrbanos&utm_id=Agosto_2023 HTTP/1.1" 200 892
216.245.221.92 - - [21/Aug/2023:00:48:20 -0500] "HEAD / HTTP/1.1" 200 -
152.61.192.232 - - [21/Aug/2023:00:50:29 -0500] "GET /arcgis/services/Calidad_del_Agua_WQI/MapServer/WMSServer?request=GetCapabilities&service=WMS HTTP/1.1" 503 1020
152.61.192.232 - - [21/Aug/2023:00:50:30 -0500] "GET /arcgis/services/Calidad_del_Agua_WQI/MapServer/WMSServer?SERVICE=WMS&REQUEST=GetCapabilities HTTP/1.1" 503 1020
152.61.192.232 - - [21/Aug/2023:00:50:31 -0500] "GET /arcgis/services/Calidad_del_Agua_WQI/MapServer/WMSServer?WMTVER=1.0.0&REQUEST=capabilities HTTP/1.1" 503 1020
172.22.2.4 - - [21/Aug/2023:00:49:02 -0500] "HEAD /BLA/boletinlegal/ HTTP/1.1" 200 -
66.249.70.6 - - [21/Aug/2023:00:50:57 -0500] "GET /Publicaciones/2023EE169448.pdf HTTP/1.1" 404 228
172.22.2.4 - - [21/Aug/2023:00:49:52 -0500] "GET /BLA/boletinlegal/ HTTP/1.1" 200 60692
201.245.192.253 - - [21/Aug/2023:00:52:48 -0500] "POST /kwsrmcab/Wsrmcab  HTTP/1.1" 200 41818
216.245.221.92 - - [21/Aug/2023:00:53:20 -0500] "HEAD / HTTP/1.1" 200 -
191.156.184.46 - - [21/Aug/2023:00:54:22 -0500] "GET /bogota-empieza-la-consolidacion-de-la-estrategia-de-bosques-urbanos-con-el-brazo-salitre-en-barrios-unidos.html?utm_source=Meta_DIGI&utm_medium=CPV&utm_campaign=BosquesUrbanos&utm_id=Agosto_2023&fbclid=IwAR1X3zo7bPoa_brhgkMbLk0FWBbWbeE7qixl0Vnh385TXO7yU6LMYp8hBys_aem_AQ583Ah83D56mN1JBz7EosjyBA3YEUcqUubslWrZ_XZP9_khuQKFdnfvzzjQ9s7riuvdM8qaHaRLzczVZVuYahd4 HTTP/1.1" 200 892
172.22.2.4 - - [21/Aug/2023:00:54:52 -0500] "HEAD /BLA/boletinlegal/ HTTP/1.1" 200 -
205.210.31.109 - - [21/Aug/2023:00:56:33 -0500] "\x16\x03\x01" 400 226
172.22.2.4 - - [21/Aug/2023:00:55:42 -0500] "GET /BLA/boletinlegal/ HTTP/1.1" 200 60692
201.245.192.253 - - [21/Aug/2023:00:57:46 -0500] "POST /kwsrmcab/Wsrmcab  HTTP/1.1" 200 41818
216.245.221.92 - - [21/Aug/2023:00:58:20 -0500] "HEAD / HTTP/1.1" 200 -
172.22.2.4 - - [21/Aug/2023:01:00:42 -0500] "HEAD /BLA/boletinlegal/ HTTP/1.1" 200 -
201.245.192.253 - - [21/Aug/2023:01:02:45 -0500] "POST /kwsrmcab/Wsrmcab  HTTP/1.1" 200 41818
172.22.2.4 - - [21/Aug/2023:01:03:01 -0500] "GET /BLA/boletinlegal/actos.php HTTP/1.1" 200 9682
172.22.2.4 - - [21/Aug/2023:01:03:12 -0500] "GET /BLA/boletinlegal/style.css HTTP/1.1" 200 9406
172.22.2.4 - - [21/Aug/2023:01:03:12 -0500] "GET /BLA/boletinlegal/styles2.css HTTP/1.1" 200 1838
172.22.2.4 - - [21/Aug/2023:01:01:32 -0500] "GET /BLA/boletinlegal/ HTTP/1.1" 200 58597
66.249.70.5 - - [21/Aug/2023:01:03:16 -0500] "HEAD /catalogoisis HTTP/1.1" 404 -
172.22.2.4 - - [21/Aug/2023:01:03:16 -0500] "GET /BLA/boletinlegal/niceforms-default.css HTTP/1.1" 200 6694
172.22.2.4 - - [21/Aug/2023:01:03:16 -0500] "GET /BLA/boletinlegal/niceforms.js HTTP/1.1" 200 22876
216.245.221.92 - - [21/Aug/2023:01:03:20 -0500] "HEAD / HTTP/1.1" 200 -
172.22.2.4 - - [21/Aug/2023:01:03:20 -0500] "GET /BLA/boletinlegal/js/ajax_actos.js HTTP/1.1" 200 1322
201.245.192.253 - - [21/Aug/2023:01:07:44 -0500] "POST /kwsrmcab/Wsrmcab  HTTP/1.1" 200 41818
186.82.84.51 - - [21/Aug/2023:01:07:55 -0500] "GET /inscribete-y-participa-en-la-convencion-internacional-de-emergencia-climatica-bogota-2023.html HTTP/1.1" 200 895
172.22.2.4 - - [21/Aug/2023:01:06:32 -0500] "HEAD /BLA/boletinlegal/ HTTP/1.1" 200 -
216.245.221.92 - - [21/Aug/2023:01:08:20 -0500] "HEAD / HTTP/1.1" 200 -
52.167.144.78 - - [21/Aug/2023:01:08:22 -0500] "GET /Publicaciones/2023EE189480.pdf HTTP/1.1" 200 231973
172.22.2.4 - - [21/Aug/2023:01:07:22 -0500] "GET /BLA/boletinlegal/ HTTP/1.1" 200 53013
152.61.128.50 - - [21/Aug/2023:01:09:25 -0500] "GET /arcgis/services/Calidad_del_Agua_WQI/MapServer/WMSServer?request=GetCapabilities&service=WMS HTTP/1.1" 503 1020
152.61.128.50 - - [21/Aug/2023:01:09:26 -0500] "GET /arcgis/services/Calidad_del_Agua_WQI/MapServer/WMSServer?SERVICE=WMS&REQUEST=GetCapabilities HTTP/1.1" 503 1020
152.61.128.50 - - [21/Aug/2023:01:09:27 -0500] "GET /arcgis/services/Calidad_del_Agua_WQI/MapServer/WMSServer?WMTVER=1.0.0&REQUEST=capabilities HTTP/1.1" 503 1020
201.185.109.116 - - [21/Aug/2023:01:11:25 -0500] "GET /inscribete-y-participa-en-la-convencion-internacional-de-emergencia-climatica-bogota-2023.html HTTP/1.1" 200 895
201.245.192.253 - - [21/Aug/2023:01:12:42 -0500] "POST /kwsrmcab/Wsrmcab  HTTP/1.1" 200 41818
216.245.221.92 - - [21/Aug/2023:01:13:20 -0500] "HEAD / HTTP/1.1" 200 -
172.22.2.4 - - [21/Aug/2023:01:12:22 -0500] "HEAD /BLA/boletinlegal/ HTTP/1.1" 200 -
172.22.2.4 - - [21/Aug/2023:01:13:12 -0500] "GET /BLA/boletinlegal/ HTTP/1.1" 200 60692
201.245.192.253 - - [21/Aug/2023:01:17:41 -0500] "POST /kwsrmcab/Wsrmcab  HTTP/1.1" 200 41818
216.245.221.92 - - [21/Aug/2023:01:18:20 -0500] "HEAD / HTTP/1.1" 200 -
172.22.2.4 - - [21/Aug/2023:01:17:57 -0500] "GET /BLA/boletinlegal/ HTTP/1.1" 200 40907
201.245.192.253 - - [21/Aug/2023:01:19:19 -0500] "POST /kwsrmcab/Wsrmcab HTTP/1.1" 200 42445
201.245.192.253 - - [21/Aug/2023:01:19:24 -0500] "POST /kwsrmcab/Wsrmcab HTTP/1.1" 200 40526
172.22.2.4 - - [21/Aug/2023:01:18:12 -0500] "HEAD /BLA/boletinlegal/ HTTP/1.1" 200 -
172.22.2.4 - - [21/Aug/2023:01:19:02 -0500] "GET /BLA/boletinlegal/ HTTP/1.1" 200 58187
201.245.192.253 - - [21/Aug/2023:01:22:39 -0500] "POST /kwsrmcab/Wsrmcab  HTTP/1.1" 200 41818
216.245.221.92 - - [21/Aug/2023:01:23:20 -0500] "HEAD / HTTP/1.1" 200 -
172.22.2.4 - - [21/Aug/2023:01:24:16 -0500] "GET /BLA/boletinlegal/ HTTP/1.1" 200 24523
172.22.2.4 - - [21/Aug/2023:01:24:02 -0500] "HEAD /BLA/boletinlegal/ HTTP/1.1" 200 -
172.22.2.4 - - [21/Aug/2023:01:24:52 -0500] "GET /BLA/boletinlegal/ HTTP/1.1" 200 54597
66.249.70.5 - - [21/Aug/2023:01:27:39 -0500] "GET /BLA/resoluciones/Notificaciones/AUTOS%202022/7852.pdf HTTP/1.1" 304 -
201.245.192.253 - - [21/Aug/2023:01:27:40 -0500] "POST /kwsrmcab/Wsrmcab  HTTP/1.1" 200 41818
216.245.221.92 - - [21/Aug/2023:01:28:20 -0500] "HEAD / HTTP/1.1" 200 -
179.43.191.194 - - [21/Aug/2023:01:28:54 -0500] "GET / HTTP/1.1" 200 319
201.245.192.253 - - [21/Aug/2023:01:29:19 -0500] "POST /kwsrmcab/Wsrmcab HTTP/1.1" 200 42445
201.245.192.253 - - [21/Aug/2023:01:29:23 -0500] "POST /kwsrmcab/Wsrmcab HTTP/1.1" 200 40526
216.244.66.246 - - [21/Aug/2023:01:30:21 -0500] "GET /robots.txt HTTP/1.1" 404 1034
172.22.2.4 - - [21/Aug/2023:01:29:52 -0500] "HEAD /BLA/boletinlegal/ HTTP/1.1" 200 -
168.119.253.61 - - [21/Aug/2023:01:32:07 -0500] "GET / HTTP/1.1" 200 319
168.119.253.61 - - [21/Aug/2023:01:32:09 -0500] "GET / HTTP/1.1" 200 4720
172.22.2.4 - - [21/Aug/2023:01:30:42 -0500] "GET /BLA/boletinlegal/ HTTP/1.1" 200 52656
123.126.50.71 - - [21/Aug/2023:01:32:33 -0500] "GET / HTTP/1.1" 200 319
201.245.192.253 - - [21/Aug/2023:01:32:39 -0500] "POST /kwsrmcab/Wsrmcab  HTTP/1.1" 200 41818
216.245.221.92 - - [21/Aug/2023:01:33:20 -0500] "HEAD / HTTP/1.1" 200 -
190.84.119.139 - - [21/Aug/2023:01:34:09 -0500] "GET / HTTP/1.1" 200 4720
190.27.188.250 - - [21/Aug/2023:01:36:05 -0500] "GET /BLA/boletinlegal/js/jquery.scrollShow.js HTTP/1.1" 200 4586
190.27.188.250 - - [21/Aug/2023:01:36:05 -0500] "GET /galeria/galeria/jquery.fancybox.css?v=2.1.5 HTTP/1.1" 200 4895
190.27.188.250 - - [21/Aug/2023:01:36:05 -0500] "GET /galeria/galeria/jquery.fancybox.js?v=2.1.5 HTTP/1.1" 200 48706
191.95.58.39 - - [21/Aug/2023:01:36:58 -0500] "GET /bogota-empieza-la-consolidacion-de-la-estrategia-de-bosques-urbanos-con-el-brazo-salitre-en-barrios-unidos.html?utm_source=Youtube_DIGI&utm_medium=CPV&utm_campaign=BosquesUrbanos&utm_id=Agosto_2023&gclid=Cj0KCQjw84anBhCtARIsAISI-xc_walgZE1R-rguw84T9YKsCIawj9Wtm9GIZcm3QTcRYKNNz6613bwaAunhEALw_wcB HTTP/1.1" 200 892
181.62.56.138 - - [21/Aug/2023:01:37:18 -0500] "GET /inscribete-y-participa-en-la-convencion-internacional-de-emergencia-climatica-bogota-2023.html HTTP/1.1" 200 895
172.22.2.4 - - [21/Aug/2023:01:35:42 -0500] "HEAD /BLA/boletinlegal/ HTTP/1.1" 200 -
201.245.192.253 - - [21/Aug/2023:01:37:38 -0500] "POST /kwsrmcab/Wsrmcab  HTTP/1.1" 200 41818
66.249.70.6 - - [21/Aug/2023:01:37:59 -0500] "GET /galeria/nivo-slider/demo/scripts/jquery-1.7.1.min.js HTTP/1.1" 200 93868
172.22.2.4 - - [21/Aug/2023:01:36:32 -0500] "GET /BLA/boletinlegal/ HTTP/1.1" 200 60692
216.245.221.92 - - [21/Aug/2023:01:38:20 -0500] "HEAD / HTTP/1.1" 200 -
201.245.192.253 - - [21/Aug/2023:01:39:19 -0500] "POST /kwsrmcab/Wsrmcab HTTP/1.1" 200 42445
201.245.192.253 - - [21/Aug/2023:01:39:22 -0500] "POST /kwsrmcab/Wsrmcab HTTP/1.1" 200 40526
173.252.107.119 - - [21/Aug/2023:01:40:17 -0500] "GET /techos-verdes-y-jardines-verticales-medida-de-adaptacion-al-cambio-climatico.html HTTP/1.1" 200 744
103.149.192.244 - - [21/Aug/2023:01:40:01 -0500] "GET /portaldeninos/ HTTP/1.1" 200 110175
40.77.167.60 - - [21/Aug/2023:01:40:41 -0500] "GET /Publicaciones/2023EE188360.pdf HTTP/1.1" 200 232025
66.249.70.6 - - [21/Aug/2023:01:41:59 -0500] "GET /Publicaciones/2023EE173760.pdf HTTP/1.1" 404 228
201.245.192.253 - - [21/Aug/2023:01:42:38 -0500] "POST /kwsrmcab/Wsrmcab  HTTP/1.1" 200 41818
52.167.144.78 - - [21/Aug/2023:01:43:05 -0500] "GET /Publicaciones/2023EE188352.pdf HTTP/1.1" 200 80167
172.22.2.4 - - [21/Aug/2023:01:41:32 -0500] "HEAD /BLA/boletinlegal/ HTTP/1.1" 200 -
216.245.221.92 - - [21/Aug/2023:01:43:20 -0500] "HEAD / HTTP/1.1" 200 -
172.22.2.4 - - [21/Aug/2023:01:42:22 -0500] "GET /BLA/boletinlegal/ HTTP/1.1" 200 58597
69.63.184.6 - - [21/Aug/2023:01:46:13 -0500] "GET /monica-fonnegra-una-disenadora-que-inspira-amor-por-la-naturaleza-a-traves-de-la-moda.html HTTP/1.1" 200 976
162.55.37.179 - - [21/Aug/2023:01:46:32 -0500] "GET / HTTP/1.1" 200 319
162.55.37.179 - - [21/Aug/2023:01:46:32 -0500] "GET / HTTP/1.1" 200 4720
201.245.192.253 - - [21/Aug/2023:01:47:37 -0500] "POST /kwsrmcab/Wsrmcab  HTTP/1.1" 200 41818
216.245.221.92 - - [21/Aug/2023:01:48:20 -0500] "HEAD / HTTP/1.1" 200 -
172.22.2.4 - - [21/Aug/2023:01:47:22 -0500] "HEAD /BLA/boletinlegal/ HTTP/1.1" 200 -
172.22.2.4 - - [21/Aug/2023:01:48:12 -0500] "GET /BLA/boletinlegal/ HTTP/1.1" 200 58187
52.167.144.43 - - [21/Aug/2023:01:50:53 -0500] "GET /BLA/resoluciones/AUTOS%202016/3144.pdf HTTP/1.1" 304 -
216.244.66.246 - - [21/Aug/2023:01:51:29 -0500] "GET /mas-de-130-000-tramites-y-servicios-ambientales-fueron-atendidos-durante-2021.html HTTP/1.1" 200 866
201.245.192.253 - - [21/Aug/2023:01:52:36 -0500] "POST /kwsrmcab/Wsrmcab  HTTP/1.1" 200 41818
216.245.221.92 - - [21/Aug/2023:01:53:20 -0500] "HEAD / HTTP/1.1" 200 -
172.22.2.4 - - [21/Aug/2023:01:53:12 -0500] "HEAD /BLA/boletinlegal/ HTTP/1.1" 200 -
172.22.2.4 - - [21/Aug/2023:01:54:02 -0500] "GET /BLA/boletinlegal/ HTTP/1.1" 200 53013
201.245.192.253 - - [21/Aug/2023:01:57:35 -0500] "POST /kwsrmcab/Wsrmcab  HTTP/1.1" 200 41818
216.245.221.92 - - [21/Aug/2023:01:58:20 -0500] "HEAD / HTTP/1.1" 200 -
172.22.2.4 - - [21/Aug/2023:01:59:02 -0500] "HEAD /BLA/boletinlegal/ HTTP/1.1" 200 -
172.22.2.4 - - [21/Aug/2023:01:59:52 -0500] "GET /BLA/boletinlegal/ HTTP/1.1" 200 53766
201.245.192.253 - - [21/Aug/2023:02:02:34 -0500] "POST /kwsrmcab/Wsrmcab  HTTP/1.1" 200 41818
216.245.221.92 - - [21/Aug/2023:02:03:20 -0500] "HEAD / HTTP/1.1" 200 -
40.77.167.233 - - [21/Aug/2023:02:03:24 -0500] "GET /portaldeninos/parque-ecologico-distrital-humedal-santa-maria-del-lago/ HTTP/1.1" 200 90199
185.233.19.206 - - [21/Aug/2023:02:04:57 -0500] "GET / HTTP/1.1" 200 319
172.22.2.4 - - [21/Aug/2023:02:04:52 -0500] "HEAD /BLA/boletinlegal/ HTTP/1.1" 200 -
172.22.2.4 - - [21/Aug/2023:02:05:42 -0500] "GET /BLA/boletinlegal/ HTTP/1.1" 200 60692
201.245.192.253 - - [21/Aug/2023:02:07:33 -0500] "POST /kwsrmcab/Wsrmcab  HTTP/1.1" 200 41818
181.237.57.150 - - [21/Aug/2023:02:07:51 -0500] "GET /bogota-empieza-la-consolidacion-de-la-estrategia-de-bosques-urbanos-con-el-brazo-salitre-en-barrios-unidos.html?utm_source=Meta_DIGI&utm_medium=CPV&utm_campaign=BosquesUrbanos&utm_id=Agosto_2023&fbclid=IwAR0-5OeYXazClXyXHm_WQT4tuxaY8ngddZySBvjK-23m7apW8n14WaF_UB0_aem_AQ6_PlN_o2g3xPyhma5BoQn2w3hBfNhFPAPz289mV1Ak8WLdr1ypKv-gDP_LK7wqYCNV8rK8LrIBl7IKBvkM9Api HTTP/1.1" 200 892
216.245.221.92 - - [21/Aug/2023:02:08:20 -0500] "HEAD / HTTP/1.1" 200 -
66.249.75.232 - - [21/Aug/2023:02:10:15 -0500] "GET /secretaria-de-ambiente-adelanta-rehabilitacion-de-un-tayra-mamifero-entregado-en-bogota.html HTTP/1.1" 200 786
172.22.2.4 - - [21/Aug/2023:02:10:42 -0500] "HEAD /BLA/boletinlegal/ HTTP/1.1" 200 -
201.245.192.253 - - [21/Aug/2023:02:12:32 -0500] "POST /kwsrmcab/Wsrmcab  HTTP/1.1" 200 41818
172.22.2.4 - - [21/Aug/2023:02:11:32 -0500] "GET /BLA/boletinlegal/ HTTP/1.1" 200 61130
216.245.221.92 - - [21/Aug/2023:02:13:19 -0500] "HEAD / HTTP/1.1" 200 -
172.22.2.4 - - [21/Aug/2023:02:14:43 -0500] "OPTIONS /BLA/boletinlegal/ HTTP/1.1" 200 49099
201.245.192.253 - - [21/Aug/2023:02:17:31 -0500] "POST /kwsrmcab/Wsrmcab  HTTP/1.1" 200 41818
172.22.2.4 - - [21/Aug/2023:02:16:32 -0500] "HEAD /BLA/boletinlegal/ HTTP/1.1" 200 -
216.245.221.92 - - [21/Aug/2023:02:18:20 -0500] "HEAD / HTTP/1.1" 200 -
172.22.2.4 - - [21/Aug/2023:02:17:22 -0500] "GET /BLA/boletinlegal/ HTTP/1.1" 200 53013
201.245.192.253 - - [21/Aug/2023:02:19:19 -0500] "POST /kwsrmcab/Wsrmcab HTTP/1.1" 200 42582
201.245.192.253 - - [21/Aug/2023:02:19:22 -0500] "POST /kwsrmcab/Wsrmcab HTTP/1.1" 200 38189
201.245.192.253 - - [21/Aug/2023:02:22:30 -0500] "POST /kwsrmcab/Wsrmcab  HTTP/1.1" 200 41818
152.201.108.22 - - [21/Aug/2023:02:23:17 -0500] "GET /bogota-empieza-la-consolidacion-de-la-estrategia-de-bosques-urbanos-con-el-brazo-salitre-en-barrios-unidos.html?utm_source=Meta_DIGI&utm_medium=CPV&utm_campaign=BosquesUrbanos&utm_id=Agosto_2023&fbclid=IwAR250Mxj_HwsAa3vdivj83YXwKQ0wQE7561I5K9N3fNZ9McdnvYwvsEzYbg_aem_AQ7B2GzPBxQg-rRh9Wi1KlMehrkM_xnosBQtup44zFR478v8C3IHHGCUZn3WYoK4GIIgSANycJHd8d4qYO48pxi5 HTTP/1.1" 200 892
216.245.221.92 - - [21/Aug/2023:02:23:19 -0500] "HEAD / HTTP/1.1" 200 -
191.156.49.221 - - [21/Aug/2023:02:23:58 -0500] "GET /bogota-empieza-la-consolidacion-de-la-estrategia-de-bosques-urbanos-con-el-brazo-salitre-en-barrios-unidos.html?utm_source=Meta_DIGI&utm_medium=CPV&utm_campaign=BosquesUrbanos&utm_id=Agosto_2023&fbclid=IwAR24A7nYY454IBhgfnKO-OgnBUqdFlWQHOJ9nVl_gdsVw9-BEKubhEqp_gk_aem_AQ7cOSoHSNXSnYdx4YyqCAsQDvrzyz4DrKPDTidx7y0cWtuTDLhXbwO-6JvM1GAu2H-BQ9yPk2Tq71R_smKL2bS4 HTTP/1.1" 200 892
172.22.2.4 - - [21/Aug/2023:02:22:22 -0500] "HEAD /BLA/boletinlegal/ HTTP/1.1" 200 -
172.22.2.4 - - [21/Aug/2023:02:23:12 -0500] "GET /BLA/boletinlegal/ HTTP/1.1" 200 61130
191.156.151.199 - - [21/Aug/2023:02:25:57 -0500] "GET /bogota-empieza-la-consolidacion-de-la-estrategia-de-bosques-urbanos-con-el-brazo-salitre-en-barrios-unidos.html?utm_source=Meta_DIGI&utm_medium=CPV&utm_campaign=BosquesUrbanos&utm_id=Agosto_2023&fbclid=IwAR3KjDiylcykTlwmkISCz3ZOw7D8OGF3OUoWJzTjw5GusjXGHA4_4sDvuyo_aem_AQ4ODgBtWaK-_GHMda2d62N-YpryMOp61yzw5uStoEOBPgkQsoRpl_kVWfMkAdx01AA0nWq5SG-0vbFh2QZqOmxp HTTP/1.1" 200 892
201.245.192.253 - - [21/Aug/2023:02:27:28 -0500] "POST /kwsrmcab/Wsrmcab  HTTP/1.1" 200 41818
216.245.221.92 - - [21/Aug/2023:02:28:19 -0500] "HEAD / HTTP/1.1" 200 -
201.245.192.253 - - [21/Aug/2023:02:29:18 -0500] "POST /kwsrmcab/Wsrmcab HTTP/1.1" 200 42582
201.245.192.253 - - [21/Aug/2023:02:29:22 -0500] "POST /kwsrmcab/Wsrmcab HTTP/1.1" 200 38189
172.22.2.4 - - [21/Aug/2023:02:29:36 -0500] "GET /BLA/boletinlegal/autodiscover/autodiscover.json?@zdi/Powershell HTTP/1.1" 404 1018
172.22.2.4 - - [21/Aug/2023:02:28:12 -0500] "HEAD /BLA/boletinlegal/ HTTP/1.1" 200 -
172.22.2.4 - - [21/Aug/2023:02:29:02 -0500] "GET /BLA/boletinlegal/ HTTP/1.1" 200 57790
52.167.144.43 - - [21/Aug/2023:02:31:56 -0500] "GET /BLA/resoluciones/AUTOS%202017/2555.pdf HTTP/1.1" 304 -
201.245.192.253 - - [21/Aug/2023:02:32:27 -0500] "POST /kwsrmcab/Wsrmcab  HTTP/1.1" 200 41818
216.245.221.92 - - [21/Aug/2023:02:33:19 -0500] "HEAD / HTTP/1.1" 200 -
172.22.2.4 - - [21/Aug/2023:02:34:02 -0500] "HEAD /BLA/boletinlegal/ HTTP/1.1" 200 -
172.22.2.4 - - [21/Aug/2023:02:34:52 -0500] "GET /BLA/boletinlegal/ HTTP/1.1" 200 58187
201.245.192.253 - - [21/Aug/2023:02:37:26 -0500] "POST /kwsrmcab/Wsrmcab  HTTP/1.1" 200 41818
172.22.2.4 - - [21/Aug/2023:02:38:02 -0500] "GET /BLA/boletinlegal/actas/acta%20de%20acuerdo%2001%20adop%20regla%20inter%20CISPAER.pdf HTTP/1.1" 200 837068
216.245.221.92 - - [21/Aug/2023:02:38:19 -0500] "HEAD / HTTP/1.1" 200 -
40.77.190.224 - - [21/Aug/2023:02:38:52 -0500] "GET /BLA/boletinlegal/js/jquery.scrollShow.js HTTP/1.1" 200 4586
201.245.192.253 - - [21/Aug/2023:02:39:19 -0500] "POST /kwsrmcab/Wsrmcab HTTP/1.1" 200 42582
201.245.192.253 - - [21/Aug/2023:02:39:22 -0500] "POST /kwsrmcab/Wsrmcab HTTP/1.1" 200 38189
172.22.2.4 - - [21/Aug/2023:02:39:51 -0500] "HEAD /BLA/boletinlegal/ HTTP/1.1" 200 -
40.77.167.255 - - [21/Aug/2023:02:41:45 -0500] "GET /BLA/resoluciones/AUTOS%202013/1437.pdf HTTP/1.1" 304 -
172.22.2.4 - - [21/Aug/2023:02:40:42 -0500] "GET /BLA/boletinlegal/ HTTP/1.1" 200 58187
201.245.192.253 - - [21/Aug/2023:02:42:26 -0500] "POST /kwsrmcab/Wsrmcab  HTTP/1.1" 200 41818
216.245.221.92 - - [21/Aug/2023:02:43:19 -0500] "HEAD / HTTP/1.1" 200 -
40.77.167.255 - - [21/Aug/2023:02:44:08 -0500] "GET /BLA/resoluciones/AUTOS%202022/3446.pdf HTTP/1.1" 304 -
172.22.2.4 - - [21/Aug/2023:02:44:47 -0500] "GET /BLA/boletinlegal/ HTTP/1.1" 200 24523
154.209.125.125 - - [21/Aug/2023:02:45:26 -0500] "GET / HTTP/1.1" 200 319
173.252.87.2 - - [21/Aug/2023:02:46:35 -0500] "GET /images/mercados-campesinos-5-mayo.jpg HTTP/1.1" 200 95848
172.22.2.4 - - [21/Aug/2023:02:45:42 -0500] "HEAD /BLA/boletinlegal/ HTTP/1.1" 200 -
201.245.192.253 - - [21/Aug/2023:02:47:25 -0500] "POST /kwsrmcab/Wsrmcab  HTTP/1.1" 200 41818
172.22.2.4 - - [21/Aug/2023:02:46:32 -0500] "GET /BLA/boletinlegal/ HTTP/1.1" 200 60692
216.245.221.92 - - [21/Aug/2023:02:48:19 -0500] "HEAD / HTTP/1.1" 200 -
172.22.2.4 - - [21/Aug/2023:02:48:55 -0500] "GET /BLA/boletinlegal/ab2g HTTP/1.1" 404 1018
172.22.2.4 - - [21/Aug/2023:02:48:56 -0500] "GET /BLA/boletinlegal/ab2h HTTP/1.1" 404 1018
172.22.2.4 - - [21/Aug/2023:02:49:11 -0500] "GET /BLA/boletinlegal/t4 HTTP/1.1" 404 1018
172.22.2.4 - - [21/Aug/2023:02:49:12 -0500] "GET /BLA/boletinlegal/favicon.ico HTTP/1.1" 404 1018
172.22.2.4 - - [21/Aug/2023:02:49:00 -0500] "GET /BLA/boletinlegal/ HTTP/1.1" 200 32715
172.22.2.4 - - [21/Aug/2023:02:49:13 -0500] "GET /BLA/boletinlegal/ HTTP/1.1" 200 32715
40.77.167.208 - - [21/Aug/2023:02:51:40 -0500] "GET /BLA/resoluciones/RESOLUCIONES%202013/1636.pdf HTTP/1.1" 200 1353599
52.167.144.221 - - [21/Aug/2023:02:51:54 -0500] "GET /BLA/resoluciones/AUTOS%202014/3632.pdf HTTP/1.1" 304 -
201.245.192.253 - - [21/Aug/2023:02:52:24 -0500] "POST /kwsrmcab/Wsrmcab  HTTP/1.1" 200 41818
172.22.2.4 - - [21/Aug/2023:02:51:31 -0500] "HEAD /BLA/boletinlegal/ HTTP/1.1" 200 -
216.245.221.92 - - [21/Aug/2023:02:53:19 -0500] "HEAD / HTTP/1.1" 200 -
172.22.2.4 - - [21/Aug/2023:02:52:22 -0500] "GET /BLA/boletinlegal/ HTTP/1.1" 200 58187
116.255.137.204 - - [21/Aug/2023:02:54:38 -0500] "GET http://api.ipaddress.com/myip HTTP/1.1" 404 1021
201.245.192.253 - - [21/Aug/2023:02:57:23 -0500] "POST /kwsrmcab/Wsrmcab  HTTP/1.1" 200 41818
216.245.221.92 - - [21/Aug/2023:02:58:19 -0500] "HEAD / HTTP/1.1" 200 -
172.22.2.4 - - [21/Aug/2023:02:57:21 -0500] "HEAD /BLA/boletinlegal/ HTTP/1.1" 200 -
172.22.2.4 - - [21/Aug/2023:02:58:12 -0500] "GET /BLA/boletinlegal/ HTTP/1.1" 200 53013
201.245.192.253 - - [21/Aug/2023:03:02:21 -0500] "POST /kwsrmcab/Wsrmcab  HTTP/1.1" 200 41818
216.245.221.92 - - [21/Aug/2023:03:03:19 -0500] "HEAD / HTTP/1.1" 200 -
66.249.70.7 - - [21/Aug/2023:03:04:23 -0500] "GET /galeria/nivo-slider/demo/escuadron.mp4 HTTP/1.1" 200 141917477
172.22.2.4 - - [21/Aug/2023:03:03:11 -0500] "HEAD /BLA/boletinlegal/ HTTP/1.1" 200 -
172.22.2.4 - - [21/Aug/2023:03:04:02 -0500] "GET /BLA/boletinlegal/ HTTP/1.1" 200 58187
52.167.144.25 - - [21/Aug/2023:03:06:28 -0500] "GET /Publicaciones/2023EE122193.pdf HTTP/1.1" 404 228
201.245.192.253 - - [21/Aug/2023:03:07:21 -0500] "POST /kwsrmcab/Wsrmcab  HTTP/1.1" 200 41818
216.245.221.92 - - [21/Aug/2023:03:08:19 -0500] "HEAD / HTTP/1.1" 200 -
172.22.2.4 - - [21/Aug/2023:03:09:01 -0500] "HEAD /BLA/boletinlegal/ HTTP/1.1" 200 -
172.22.2.4 - - [21/Aug/2023:03:09:52 -0500] "GET /BLA/boletinlegal/ HTTP/1.1" 200 58187
201.245.192.253 - - [21/Aug/2023:03:12:20 -0500] "POST /kwsrmcab/Wsrmcab  HTTP/1.1" 200 41818
44.192.78.189 - - [21/Aug/2023:03:12:31 -0500] "GET /robots.txt HTTP/1.1" 404 1035
216.245.221.92 - - [21/Aug/2023:03:13:19 -0500] "HEAD / HTTP/1.1" 200 -
44.192.78.189 - - [21/Aug/2023:03:13:43 -0500] "GET /portaldeninos/wp-includes/js/jquery/ui/core.min.js?ver=1.11.4 HTTP/1.1" 200 4000
52.167.144.231 - - [21/Aug/2023:03:13:50 -0500] "GET /BLA/resoluciones/RESOLUCIONES%202013/0619.pdf HTTP/1.1" 200 673953
173.252.107.119 - - [21/Aug/2023:03:14:26 -0500] "GET /calidad-del-aire-en-bogota-afectada-de-nuevo-por-incendios-forestales-se-decreta-alerta-fase-1.html HTTP/1.1" 200 1057
172.22.2.4 - - [21/Aug/2023:03:14:51 -0500] "HEAD /BLA/boletinlegal/ HTTP/1.1" 200 -
201.245.192.253 - - [21/Aug/2023:03:17:18 -0500] "POST /kwsrmcab/Wsrmcab  HTTP/1.1" 200 41818
172.22.2.4 - - [21/Aug/2023:03:15:42 -0500] "GET /BLA/boletinlegal/ HTTP/1.1" 200 58597
216.245.221.92 - - [21/Aug/2023:03:18:19 -0500] "HEAD / HTTP/1.1" 200 -
201.245.192.253 - - [21/Aug/2023:03:19:19 -0500] "POST /kwsrmcab/Wsrmcab HTTP/1.1" 200 42583
201.245.192.253 - - [21/Aug/2023:03:19:22 -0500] "POST /kwsrmcab/Wsrmcab HTTP/1.1" 200 38208
201.245.192.253 - - [21/Aug/2023:03:22:17 -0500] "POST /kwsrmcab/Wsrmcab  HTTP/1.1" 200 41818
172.22.2.4 - - [21/Aug/2023:03:20:41 -0500] "HEAD /BLA/boletinlegal/ HTTP/1.1" 200 -
172.22.2.4 - - [21/Aug/2023:03:21:32 -0500] "GET /BLA/boletinlegal/ HTTP/1.1" 200 55844
172.22.2.4 - - [21/Aug/2023:03:22:38 -0500] "GET /BLA/boletinlegal/ HTTP/1.1" 200 24523
216.245.221.92 - - [21/Aug/2023:03:23:19 -0500] "HEAD / HTTP/1.1" 200 -
52.167.144.78 - - [21/Aug/2023:03:23:34 -0500] "GET /Publicaciones/2023EE189081.pdf HTTP/1.1" 200 21575
190.125.155.31 - - [21/Aug/2023:03:25:05 -0500] "GET /bogota-empieza-la-consolidacion-de-la-estrategia-de-bosques-urbanos-con-el-brazo-salitre-en-barrios-unidos.html?utm_source=Meta_DIGI&utm_medium=CPV&utm_campaign=BosquesUrbanos&utm_id=Agosto_2023&fbclid=IwAR2gRRGAUXj18VO3G10UGXLJd0geGGLm2fxxA901WvkISb44jYY7NqVHZNk_aem_Af_98N77PW-NQ4-syMIbqUQQAI53LUYsvKYwk3Bjl4vgWiZQCzo-ai6f147fQd8czByzxhdP_x6eZ0LTYGG5Accy HTTP/1.1" 200 892
201.245.192.253 - - [21/Aug/2023:03:27:16 -0500] "POST /kwsrmcab/Wsrmcab  HTTP/1.1" 200 41818
172.22.2.4 - - [21/Aug/2023:03:26:31 -0500] "HEAD /BLA/boletinlegal/ HTTP/1.1" 200 -
216.245.221.92 - - [21/Aug/2023:03:28:19 -0500] "HEAD / HTTP/1.1" 200 -
172.22.2.4 - - [21/Aug/2023:03:27:22 -0500] "GET /BLA/boletinlegal/ HTTP/1.1" 200 58981
201.245.192.253 - - [21/Aug/2023:03:29:18 -0500] "POST /kwsrmcab/Wsrmcab HTTP/1.1" 200 42583
201.245.192.253 - - [21/Aug/2023:03:29:22 -0500] "POST /kwsrmcab/Wsrmcab HTTP/1.1" 200 38208
52.167.144.78 - - [21/Aug/2023:03:29:44 -0500] "GET /BLA/resoluciones/AUTOS%202013/0050.pdf HTTP/1.1" 304 -
191.91.57.108 - - [21/Aug/2023:03:30:32 -0500] "GET /bogota-empieza-la-consolidacion-de-la-estrategia-de-bosques-urbanos-con-el-brazo-salitre-en-barrios-unidos.html?utm_source=Meta_DIGI&utm_medium=CPV&utm_campaign=BosquesUrbanos&utm_id=Agosto_2023&fbclid=IwAR3lDEukYUa-oBPmb_4Pvtf07qEEsaLNFRIuQclUOq2lrpNMTh2EY2ceUsk_aem_Af_DqkAxUtL-zmfBhT-mvJSjnuiJNH3mmjzzGRFqtAhHTom2fOp3D_LqB516PswFNyhmvNBKpftuxiK6r-ICtJuZ HTTP/1.1" 200 892
201.245.192.253 - - [21/Aug/2023:03:32:15 -0500] "POST /kwsrmcab/Wsrmcab  HTTP/1.1" 200 41818
216.245.221.92 - - [21/Aug/2023:03:33:19 -0500] "HEAD / HTTP/1.1" 200 -
172.22.2.4 - - [21/Aug/2023:03:32:21 -0500] "HEAD /BLA/boletinlegal/ HTTP/1.1" 200 -
34.107.33.120 - - [21/Aug/2023:03:34:11 -0500] "\x16\x03\x01" 400 226
34.107.33.120 - - [21/Aug/2023:03:34:13 -0500] "OPTIONS / HTTP/1.0" 200 -
40.77.167.208 - - [21/Aug/2023:03:34:33 -0500] "GET /BLA/resoluciones/AUTOS%202014/3632.pdf HTTP/1.1" 304 -
172.22.2.4 - - [21/Aug/2023:03:33:12 -0500] "GET /BLA/boletinlegal/ HTTP/1.1" 200 58187
69.171.249.8 - - [21/Aug/2023:03:35:35 -0500] "GET /secretaria-de-ambiente-presenta-cartilla-con-el-protocolo-para-el-manejo-y-control-de-la-langostilla-de-rio.html HTTP/1.1" 200 857
201.245.192.253 - - [21/Aug/2023:03:37:15 -0500] "POST /kwsrmcab/Wsrmcab  HTTP/1.1" 200 41818
191.156.146.233 - - [21/Aug/2023:03:37:40 -0500] "GET /bogota-empieza-la-consolidacion-de-la-estrategia-de-bosques-urbanos-con-el-brazo-salitre-en-barrios-unidos.html?utm_source=Meta_DIGI&utm_medium=CPV&utm_campaign=BosquesUrbanos&utm_id=Agosto_2023&fbclid=IwAR1QR1eP9dEFEOepVD3cnw5ZgreMZ9yiRQs__noxT-s2FK-xvy8X2a6HmOA_aem_AQ6fk62E9mvwfCxoFyBJiEjvrbdYFCDoTudMzpJNUXikQWbrwaCJ75mrzWAeOWMXpSYrHXfq9b302c6stWoB3xM7 HTTP/1.1" 200 892
191.156.153.95 - - [21/Aug/2023:03:38:06 -0500] "GET /inscribete-y-participa-en-la-convencion-internacional-de-emergencia-climatica-bogota-2023.html HTTP/1.1" 200 895
216.245.221.92 - - [21/Aug/2023:03:38:19 -0500] "HEAD / HTTP/1.1" 200 -
201.245.192.253 - - [21/Aug/2023:03:39:19 -0500] "GET /kwsrmcab/Wsrmcab?wsdl HTTP/1.1" 200 6948
201.245.192.253 - - [21/Aug/2023:03:39:19 -0500] "POST /kwsrmcab/Wsrmcab HTTP/1.1" 200 42583
201.245.192.253 - - [21/Aug/2023:03:39:22 -0500] "POST /kwsrmcab/Wsrmcab HTTP/1.1" 200 38208
172.22.2.4 - - [21/Aug/2023:03:38:11 -0500] "HEAD /BLA/boletinlegal/ HTTP/1.1" 200 -
172.22.2.4 - - [21/Aug/2023:03:39:02 -0500] "GET /BLA/boletinlegal/ HTTP/1.1" 200 60692
201.245.192.253 - - [21/Aug/2023:03:42:13 -0500] "POST /kwsrmcab/Wsrmcab  HTTP/1.1" 200 41818
191.156.151.186 - - [21/Aug/2023:03:42:35 -0500] "GET /bogota-empieza-la-consolidacion-de-la-estrategia-de-bosques-urbanos-con-el-brazo-salitre-en-barrios-unidos.html?utm_source=Meta_DIGI&utm_medium=CPV&utm_campaign=BosquesUrbanos&utm_id=Agosto_2023&fbclid=IwAR3xzc0z78CG5pm3rKEWv4lqXt0tnYlAHA1r33Tuf0J4qjsEkFY5bLqjK_Y_aem_Af9ZjnhGnCg5KfHuCP4KksLsl32pQ4qChHgoeEKqiuymibU29B4k7w749hspRPHaQahrvyYd3mX8EWs3D5RA84er HTTP/1.1" 200 892
216.245.221.92 - - [21/Aug/2023:03:43:19 -0500] "HEAD / HTTP/1.1" 200 -
186.84.90.238 - - [21/Aug/2023:03:44:19 -0500] "GET /primer-festival-de-la-papa-nativa-en-el-jardin-botanico-conozca-pruebe-y-disfrute-estos-manjares-criollos-y-saludables.html?fbclid=IwAR1kPhiVAnLsNytK9hdWIOywlG2kXM-bbVxnes8Cfjw2Cyx4y8jy8U9VsLY HTTP/1.1" 200 1116
172.22.2.4 - - [21/Aug/2023:03:44:01 -0500] "HEAD /BLA/boletinlegal/ HTTP/1.1" 200 -
172.22.2.4 - - [21/Aug/2023:03:44:52 -0500] "GET /BLA/boletinlegal/ HTTP/1.1" 200 42736
201.245.192.253 - - [21/Aug/2023:03:47:13 -0500] "POST /kwsrmcab/Wsrmcab  HTTP/1.1" 200 41818
216.245.221.92 - - [21/Aug/2023:03:48:19 -0500] "HEAD / HTTP/1.1" 200 -
172.22.2.4 - - [21/Aug/2023:03:49:51 -0500] "HEAD /BLA/boletinlegal/ HTTP/1.1" 200 -
201.245.192.253 - - [21/Aug/2023:03:52:12 -0500] "POST /kwsrmcab/Wsrmcab  HTTP/1.1" 200 41818
172.22.2.4 - - [21/Aug/2023:03:52:19 -0500] "GET /BLA/boletinlegal/robots.txt HTTP/1.1" 404 1038
172.22.2.4 - - [21/Aug/2023:03:50:42 -0500] "GET /BLA/boletinlegal/ HTTP/1.1" 200 53013
216.245.221.92 - - [21/Aug/2023:03:53:19 -0500] "HEAD / HTTP/1.1" 200 -
172.22.2.4 - - [21/Aug/2023:03:52:21 -0500] "GET /BLA/boletinlegal/index.php HTTP/1.1" 200 62795
66.249.70.7 - - [21/Aug/2023:03:54:39 -0500] "GET /BLA/resoluciones/RESOLUCIONES%202019/2878.pdf HTTP/1.1" 200 411564
66.249.70.5 - - [21/Aug/2023:03:54:40 -0500] "GET /BLA/resoluciones/AUTOS%202007/0237.pdf HTTP/1.1" 200 19923
66.249.70.6 - - [21/Aug/2023:03:54:41 -0500] "GET /BLA/resoluciones/RESOLUCIONES%202010/7159.pdf HTTP/1.1" 200 674073
66.249.70.7 - - [21/Aug/2023:03:54:41 -0500] "GET /BLA/resoluciones/AUTOS%202016/2329.pdf HTTP/1.1" 200 567471
40.77.167.233 - - [21/Aug/2023:03:54:56 -0500] "GET /reciclaton-universidad-de-la-salle-se-une-a-esta-iniciativa.html HTTP/1.1" 200 753
172.22.2.4 - - [21/Aug/2023:03:56:23 -0500] "GET /BLA/boletinlegal/jurisprudencia/analisis/CUADRO%20SENTENCIA%20T-299%20DE%202008.doc HTTP/1.1" 304 -
201.245.192.253 - - [21/Aug/2023:03:57:11 -0500] "POST /kwsrmcab/Wsrmcab  HTTP/1.1" 200 41818
172.22.2.4 - - [21/Aug/2023:03:55:41 -0500] "HEAD /BLA/boletinlegal/ HTTP/1.1" 200 -
52.167.144.78 - - [21/Aug/2023:03:57:32 -0500] "GET /Publicaciones/2023EE187786.pdf HTTP/1.1" 200 22823
172.22.2.4 - - [21/Aug/2023:03:56:32 -0500] "GET /BLA/boletinlegal/ HTTP/1.1" 200 53362
216.245.221.92 - - [21/Aug/2023:03:58:19 -0500] "HEAD / HTTP/1.1" 200 -
201.245.192.253 - - [21/Aug/2023:04:02:10 -0500] "POST /kwsrmcab/Wsrmcab  HTTP/1.1" 200 41818
172.22.2.4 - - [21/Aug/2023:04:01:31 -0500] "HEAD /BLA/boletinlegal/ HTTP/1.1" 200 -
216.245.221.92 - - [21/Aug/2023:04:03:19 -0500] "HEAD / HTTP/1.1" 200 -
172.22.2.4 - - [21/Aug/2023:04:03:51 -0500] "GET /BLA/boletinlegal/jurisprudencia/analisis/ANALISIST-046-99.docx HTTP/1.1" 200 20918
172.22.2.4 - - [21/Aug/2023:04:02:22 -0500] "GET /BLA/boletinlegal/ HTTP/1.1" 200 60692
66.249.77.133 - - [21/Aug/2023:04:04:10 -0500] "GET /portaldeninos/ HTTP/1.1" 200 110175
31.7.60.114 - - [21/Aug/2023:04:05:02 -0500] "GET / HTTP/1.1" 200 319
181.58.47.165 - - [21/Aug/2023:04:06:30 -0500] "GET /inscribete-y-participa-en-la-convencion-internacional-de-emergencia-climatica-bogota-2023.html HTTP/1.1" 200 895
201.245.192.253 - - [21/Aug/2023:04:07:09 -0500] "POST /kwsrmcab/Wsrmcab  HTTP/1.1" 200 41818
40.77.167.18 - - [21/Aug/2023:04:07:16 -0500] "GET /Publicaciones/2023EE129164.pdf HTTP/1.1" 404 228
216.245.221.92 - - [21/Aug/2023:04:08:19 -0500] "HEAD / HTTP/1.1" 200 -
172.22.2.4 - - [21/Aug/2023:04:07:21 -0500] "HEAD /BLA/boletinlegal/ HTTP/1.1" 200 -
172.22.2.4 - - [21/Aug/2023:04:08:12 -0500] "GET /BLA/boletinlegal/ HTTP/1.1" 200 58597
201.245.192.253 - - [21/Aug/2023:04:12:07 -0500] "POST /kwsrmcab/Wsrmcab  HTTP/1.1" 200 41818
38.108.108.165 - - [21/Aug/2023:04:12:42 -0500] "GET /inscribete-y-participa-en-la-convencion-internacional-de-emergencia-climatica-bogota-2023.html HTTP/1.1" 200 895
38.108.108.165 - - [21/Aug/2023:04:12:47 -0500] "GET /mejora-tu-bienestar-con-las-caminatas-ecologicas-%C3%82%C2%A1conoce-la-programacion-de-agosto.html HTTP/1.1" 200 873
172.22.2.4 - - [21/Aug/2023:04:11:28 -0500] "GET /BLA/boletinlegal/ HTTP/1.1" 200 62795
216.245.221.92 - - [21/Aug/2023:04:13:19 -0500] "HEAD / HTTP/1.1" 200 -
191.156.146.233 - - [21/Aug/2023:04:13:27 -0500] "GET /bogota-empieza-la-consolidacion-de-la-estrategia-de-bosques-urbanos-con-el-brazo-salitre-en-barrios-unidos.html?utm_source=Meta_DIGI&utm_medium=CPV&utm_campaign=BosquesUrbanos&utm_id=Agosto_2023&fbclid=IwAR1qG4FR7Sfb7-uiTcE2YSuOUCrYIspAk2PKRr1NLdjZ05f5Ch9vGoEnt4g_aem_Af8aKjaHGiuo-dCUDpMfOB6hAuJ6vzJUbuzzEYraDh87tTLGpgXm12_Mm7s2K9IqnCw8qpNOm9Czb8o9f4k4Xbnw HTTP/1.1" 200 892
172.22.2.4 - - [21/Aug/2023:04:13:11 -0500] "HEAD /BLA/boletinlegal/ HTTP/1.1" 200 -
181.237.17.89 - - [21/Aug/2023:04:14:57 -0500] "GET /bogota-empieza-la-consolidacion-de-la-estrategia-de-bosques-urbanos-con-el-brazo-salitre-en-barrios-unidos.html?utm_source=Meta_DIGI&utm_medium=CPV&utm_campaign=BosquesUrbanos&utm_id=Agosto_2023&fbclid=IwAR0V47AOVpizl-klk6M9NXVmNBNmT0SPvcdGqqOFAvaJdWskVDkfign4Vlw_aem_Af87CuxdYvlHfWYs_Ab3MtaCDE39ZHGaqe81zQ16NVGf-tqEbVJqkwl-VJ_KTrxKjAcOJaQyHoiGcpJb2eTlyZ_P HTTP/1.1" 200 892
172.22.2.4 - - [21/Aug/2023:04:14:02 -0500] "GET /BLA/boletinlegal/ HTTP/1.1" 200 52656
201.245.192.253 - - [21/Aug/2023:04:17:07 -0500] "POST /kwsrmcab/Wsrmcab  HTTP/1.1" 200 41818
168.119.253.11 - - [21/Aug/2023:04:17:14 -0500] "GET / HTTP/1.1" 200 319
168.119.253.11 - - [21/Aug/2023:04:17:14 -0500] "GET / HTTP/1.1" 200 4720
216.245.221.92 - - [21/Aug/2023:04:18:19 -0500] "HEAD / HTTP/1.1" 200 -
201.245.192.253 - - [21/Aug/2023:04:19:18 -0500] "POST /kwsrmcab/Wsrmcab HTTP/1.1" 200 42427
201.245.192.253 - - [21/Aug/2023:04:19:21 -0500] "POST /kwsrmcab/Wsrmcab HTTP/1.1" 200 38194
172.22.2.4 - - [21/Aug/2023:04:19:01 -0500] "HEAD /BLA/boletinlegal/ HTTP/1.1" 200 -
172.22.2.4 - - [21/Aug/2023:04:19:52 -0500] "GET /BLA/boletinlegal/ HTTP/1.1" 200 55460
201.245.192.253 - - [21/Aug/2023:04:22:06 -0500] "POST /kwsrmcab/Wsrmcab  HTTP/1.1" 200 41818
172.22.2.4 - - [21/Aug/2023:04:20:53 -0500] "GET /BLA/boletinlegal/ HTTP/1.1" 200 59343
216.245.221.92 - - [21/Aug/2023:04:23:19 -0500] "HEAD / HTTP/1.1" 200 -
172.22.2.4 - - [21/Aug/2023:04:24:51 -0500] "HEAD /BLA/boletinlegal/ HTTP/1.1" 200 -
201.245.192.253 - - [21/Aug/2023:04:27:05 -0500] "POST /kwsrmcab/Wsrmcab  HTTP/1.1" 200 41818
172.22.2.4 - - [21/Aug/2023:04:25:42 -0500] "GET /BLA/boletinlegal/ HTTP/1.1" 200 53013
186.96.109.58 - - [21/Aug/2023:04:28:08 -0500] "GET /inscribete-y-participa-en-la-convencion-internacional-de-emergencia-climatica-bogota-2023.html HTTP/1.1" 200 895
186.96.109.58 - - [21/Aug/2023:04:28:08 -0500] "GET /inscribete-y-participa-en-la-convencion-internacional-de-emergencia-climatica-bogota-2023.html HTTP/1.1" 200 895
186.96.109.58 - - [21/Aug/2023:04:28:08 -0500] "GET /apple-touch-icon-120x120-precomposed.png HTTP/1.1" 404 1136
186.96.109.58 - - [21/Aug/2023:04:28:09 -0500] "GET /apple-touch-icon-120x120.png HTTP/1.1" 404 1136
186.96.109.58 - - [21/Aug/2023:04:28:09 -0500] "GET /apple-touch-icon-precomposed.png HTTP/1.1" 404 1136
186.96.109.58 - - [21/Aug/2023:04:28:09 -0500] "GET /apple-touch-icon.png HTTP/1.1" 404 1136
186.96.109.58 - - [21/Aug/2023:04:28:09 -0500] "GET /favicon.ico HTTP/1.1" 404 1136
186.96.109.58 - - [21/Aug/2023:04:28:09 -0500] "GET /apple-touch-icon-120x120-precomposed.png HTTP/1.1" 404 1136
186.96.109.58 - - [21/Aug/2023:04:28:09 -0500] "GET /apple-touch-icon-120x120.png HTTP/1.1" 404 1136
186.96.109.58 - - [21/Aug/2023:04:28:09 -0500] "GET /apple-touch-icon-precomposed.png HTTP/1.1" 404 1136
186.96.109.58 - - [21/Aug/2023:04:28:09 -0500] "GET /apple-touch-icon.png HTTP/1.1" 404 1136
186.96.109.58 - - [21/Aug/2023:04:28:09 -0500] "GET /favicon.ico HTTP/1.1" 404 1136
216.245.221.92 - - [21/Aug/2023:04:28:19 -0500] "HEAD / HTTP/1.1" 200 -
201.245.192.253 - - [21/Aug/2023:04:29:18 -0500] "POST /kwsrmcab/Wsrmcab HTTP/1.1" 200 42427
201.245.192.253 - - [21/Aug/2023:04:29:21 -0500] "POST /kwsrmcab/Wsrmcab HTTP/1.1" 200 38194
172.22.2.4 - - [21/Aug/2023:04:28:13 -0500] "GET /BLA/boletinlegal/ HTTP/1.1" 200 62795
69.63.189.1 - - [21/Aug/2023:04:30:45 -0500] "GET /images/avistamiento-aves.jpg HTTP/1.1" 200 104313
69.63.189.2 - - [21/Aug/2023:04:30:48 -0500] "GET /images/Caminatas-ecologicas-julio.jpg HTTP/1.1" 200 480557
69.63.189.8 - - [21/Aug/2023:04:30:48 -0500] "GET /images/camino-guadalupe-aguanoso.jpg HTTP/1.1" 200 103489
69.63.189.4 - - [21/Aug/2023:04:30:48 -0500] "GET /images/construccion-sostenible-.jpg HTTP/1.1" 200 82949
201.245.192.253 - - [21/Aug/2023:04:32:05 -0500] "POST /kwsrmcab/Wsrmcab  HTTP/1.1" 200 41818
172.22.2.4 - - [21/Aug/2023:04:30:41 -0500] "HEAD /BLA/boletinlegal/ HTTP/1.1" 200 -
173.252.107.6 - - [21/Aug/2023:04:32:54 -0500] "GET /bogota-tendra-la-primera-planta-de-termovalorizacion-de-colombia-la-cual-convertira-los-residuos-en-energia-para-la-ciudad.html HTTP/1.1" 200 883
69.63.189.8 - - [21/Aug/2023:04:32:55 -0500] "GET /images/reunion-planta-termovalorizacion-11-mayo.jpg HTTP/1.1" 200 34782
172.22.2.4 - - [21/Aug/2023:04:31:32 -0500] "GET /BLA/boletinlegal/ HTTP/1.1" 200 60692
216.245.221.92 - - [21/Aug/2023:04:33:19 -0500] "HEAD / HTTP/1.1" 200 -
211.130.63.227 - - [21/Aug/2023:04:34:07 -0500] "GET /galeria/galeria/fotos/Entrenube4P.jpg HTTP/1.1" 200 10881
78.110.194.100 - - [21/Aug/2023:04:35:03 -0500] "GET /BLA/resoluciones/AUTOS%202014/0838.pdf HTTP/1.1" 200 275032
201.245.192.253 - - [21/Aug/2023:04:37:03 -0500] "POST /kwsrmcab/Wsrmcab  HTTP/1.1" 200 41818
172.22.2.4 - - [21/Aug/2023:04:36:31 -0500] "HEAD /BLA/boletinlegal/ HTTP/1.1" 200 -
40.77.167.233 - - [21/Aug/2023:04:38:19 -0500] "GET /unidos-por-un-nuevo-aire-un-ano-de-pacto-del-compromiso-por-bogota.html HTTP/1.1" 200 764
216.245.221.92 - - [21/Aug/2023:04:38:19 -0500] "HEAD / HTTP/1.1" 200 -
172.22.2.4 - - [21/Aug/2023:04:37:22 -0500] "GET /BLA/boletinlegal/ HTTP/1.1" 200 52656
201.245.192.253 - - [21/Aug/2023:04:39:19 -0500] "POST /kwsrmcab/Wsrmcab HTTP/1.1" 200 42427
201.245.192.253 - - [21/Aug/2023:04:39:22 -0500] "POST /kwsrmcab/Wsrmcab HTTP/1.1" 200 38194
31.220.1.83 - - [21/Aug/2023:04:40:05 -0500] "GET / HTTP/1.1" 200 319
201.245.192.253 - - [21/Aug/2023:04:42:03 -0500] "POST /kwsrmcab/Wsrmcab  HTTP/1.1" 200 41818
216.245.221.92 - - [21/Aug/2023:04:43:19 -0500] "HEAD / HTTP/1.1" 200 -
172.22.2.4 - - [21/Aug/2023:04:42:21 -0500] "HEAD /BLA/boletinlegal/ HTTP/1.1" 200 -
172.22.2.4 - - [21/Aug/2023:04:43:12 -0500] "GET /BLA/boletinlegal/ HTTP/1.1" 200 54960
177.130.40.18 - - [21/Aug/2023:04:45:46 -0500] "GET / HTTP/1.1" 200 319
201.245.192.253 - - [21/Aug/2023:04:47:01 -0500] "POST /kwsrmcab/Wsrmcab  HTTP/1.1" 200 41818
52.167.144.238 - - [21/Aug/2023:04:47:08 -0500] "GET /Publicaciones/2023EE73007.pdf HTTP/1.1" 404 227
216.245.221.92 - - [21/Aug/2023:04:48:19 -0500] "HEAD / HTTP/1.1" 200 -
135.181.79.106 - - [21/Aug/2023:04:48:42 -0500] "GET /robots.txt HTTP/1.1" 404 1034
135.181.79.106 - - [21/Aug/2023:04:48:44 -0500] "GET /mejora-tu-bienestar-con-las-caminatas-ecologicas-%C3%82%C2%A1conoce-la-programacion-de-agosto.html HTTP/1.1" 200 873
66.249.77.133 - - [21/Aug/2023:04:49:10 -0500] "GET /portaldeninos/ HTTP/1.1" 200 110175
173.252.107.2 - - [21/Aug/2023:04:49:12 -0500] "GET /que-orgullo-bogota-obtiene-reconocimiento-por-sus-planes-y-acciones-para-enfrentar-el-cambio-climatico.html HTTP/1.1" 200 773
172.22.2.4 - - [21/Aug/2023:04:48:11 -0500] "HEAD /BLA/boletinlegal/ HTTP/1.1" 200 -
172.22.2.4 - - [21/Aug/2023:04:49:02 -0500] "GET /BLA/boletinlegal/ HTTP/1.1" 200 58187
172.22.2.4 - - [21/Aug/2023:04:51:12 -0500] "GET /BLA/boletinlegal/documentos-importantes.php HTTP/1.1" 200 4829
172.22.2.4 - - [21/Aug/2023:04:51:13 -0500] "GET /BLA/boletinlegal/normativa.php HTTP/1.1" 200 8343
172.22.2.4 - - [21/Aug/2023:04:51:16 -0500] "GET /BLA/boletinlegal/doctrina.php HTTP/1.1" 200 5614
172.22.2.4 - - [21/Aug/2023:04:51:18 -0500] "GET /BLA/boletinlegal/conceptos.php HTTP/1.1" 200 7496
172.22.2.4 - - [21/Aug/2023:04:51:20 -0500] "GET /BLA/boletinlegal/sugerencias.php HTTP/1.1" 200 8615
172.22.2.4 - - [21/Aug/2023:04:51:22 -0500] "GET /BLA/boletinlegal/actos.php HTTP/1.1" 200 9682
201.245.192.253 - - [21/Aug/2023:04:52:01 -0500] "POST /kwsrmcab/Wsrmcab  HTTP/1.1" 200 41818
216.245.221.92 - - [21/Aug/2023:04:53:19 -0500] "HEAD / HTTP/1.1" 200 -
66.249.70.7 - - [21/Aug/2023:04:54:42 -0500] "GET /BLA/resoluciones/RESOLUCIONES%202007/RES%202007%20801%20AL%20900/RESOLUCION%200841%20DE%202007.pdf HTTP/1.1" 200 255715
172.22.2.4 - - [21/Aug/2023:04:54:01 -0500] "HEAD /BLA/boletinlegal/ HTTP/1.1" 200 -
66.249.70.7 - - [21/Aug/2023:04:55:42 -0500] "GET /Publicaciones/2023EE167671.pdf HTTP/1.1" 404 228
