200.69.81.155 - - [22/Aug/2023:05:33:10 -0500] "GET /inscribete-y-participa-en-la-convencion-internacional-de-emergencia-climatica-bogota-2023.html HTTP/1.1" 200 895
200.69.81.155 - - [22/Aug/2023:05:33:10 -0500] "GET /html/css/main.css?browserId=other&themeId=rknowsys_WAR_rknowsystheme&minifierType=css&languageId=es_ES&b=6202&t=1419355480000 HTTP/1.1" 404 1136
216.245.221.92 - - [22/Aug/2023:05:33:14 -0500] "HEAD / HTTP/1.1" 200 -
201.221.172.168 - - [22/Aug/2023:05:34:47 -0500] "GET /bogota-empieza-la-consolidacion-de-la-estrategia-de-bosques-urbanos-con-el-brazo-salitre-en-barrios-unidos.html?utm_source=Meta_DIGI&utm_medium=CPV&utm_campaign=BosquesUrbanos&utm_id=Agosto_2023&fbclid=IwAR3b4CzYTMyyolBuKWhGJSHo4JDjBAfQYzLpdi1a7pOr2fEvzvnQVXplQ1E_aem_AZ0yNIvE5eN78J4UwY79YzsUwHTNQMnq3XDl7LnPygZBDYsrZVgy0MRLc7u0ILItnFweahnQokUbzehcUaPf0Xt8 HTTP/1.1" 200 892
66.249.70.6 - - [22/Aug/2023:05:35:30 -0500] "GET /BLA/resoluciones/RESOLUCIONES%202018/2566.pdf HTTP/1.1" 200 291217
66.249.70.5 - - [22/Aug/2023:05:35:58 -0500] "GET /BLA/resoluciones/RESOLUCIONES%202011/0258.pdf HTTP/1.1" 200 292609
66.249.70.6 - - [22/Aug/2023:05:36:01 -0500] "GET /BLA/resoluciones/RESOLUCIONES%202009/4153.pdf HTTP/1.1" 200 780888
66.249.70.5 - - [22/Aug/2023:05:36:25 -0500] "GET /BLA/resoluciones/RESOLUCIONES%202010/6084.pdf HTTP/1.1" 200 367968
172.22.2.4 - - [22/Aug/2023:05:36:42 -0500] "GET /BLA/boletinlegal/jurisprudencia/analisis/CUADRO%20ANALISIS%20SENTENCIA%20T-411%20DE%201992.doc HTTP/1.1" 200 41984
201.245.192.253 - - [22/Aug/2023:05:36:57 -0500] "POST /kwsrmcab/Wsrmcab  HTTP/1.1" 200 41818
172.22.2.4 - - [22/Aug/2023:05:35:48 -0500] "HEAD /BLA/boletinlegal/ HTTP/1.1" 200 -
66.249.70.5 - - [22/Aug/2023:05:37:50 -0500] "GET /BLA/resoluciones/AUTOS%202009/1861.pdf HTTP/1.1" 200 101532
216.245.221.92 - - [22/Aug/2023:05:38:14 -0500] "HEAD / HTTP/1.1" 200 -
172.22.2.4 - - [22/Aug/2023:05:36:38 -0500] "GET /BLA/boletinlegal/ HTTP/1.1" 200 58597
201.245.192.253 - - [22/Aug/2023:05:39:13 -0500] "POST /kwsrmcab/Wsrmcab HTTP/1.1" 200 42706
201.245.192.253 - - [22/Aug/2023:05:39:17 -0500] "POST /kwsrmcab/Wsrmcab HTTP/1.1" 200 38206
201.245.192.253 - - [22/Aug/2023:05:41:56 -0500] "POST /kwsrmcab/Wsrmcab  HTTP/1.1" 200 41818
66.249.70.6 - - [22/Aug/2023:05:42:17 -0500] "GET /BLA/resoluciones/RESOLUCIONES%202011/5213.pdf HTTP/1.1" 200 941378
66.249.70.5 - - [22/Aug/2023:05:42:34 -0500] "GET /BLA/resoluciones/RESOLUCIONES%202008/3741.pdf HTTP/1.1" 200 222718
216.245.221.92 - - [22/Aug/2023:05:43:14 -0500] "HEAD / HTTP/1.1" 200 -
172.22.2.4 - - [22/Aug/2023:05:41:38 -0500] "HEAD /BLA/boletinlegal/ HTTP/1.1" 200 -
172.22.2.4 - - [22/Aug/2023:05:42:28 -0500] "GET /BLA/boletinlegal/ HTTP/1.1" 200 52656
66.249.70.7 - - [22/Aug/2023:05:44:19 -0500] "GET /BLA/resoluciones/RESOLUCIONES%202009/4845.pdf HTTP/1.1" 200 1175800
201.245.212.33 - - [22/Aug/2023:05:45:20 -0500] "GET /bogota-empieza-la-consolidacion-de-la-estrategia-de-bosques-urbanos-con-el-brazo-salitre-en-barrios-unidos.html?utm_source=Meta_DIGI&utm_medium=CPV&utm_campaign=BosquesUrbanos&utm_id=Agosto_2023&fbclid=IwAR0GA4VFDAkpNff9zUEyozvZPQzmVBAiZoihEuB7CwiYmyQju4nnlRlBrtM_aem_AZ0umbK8zxzsjpGOdcYT1bUSLV34iKxWyucFWwB7s69y9-4Bu61n-sOvW3cV7ViBFdoEbIYi3_wcyDTTBZ7ezU3k HTTP/1.1" 200 892
66.249.70.7 - - [22/Aug/2023:05:46:25 -0500] "GET /BLA/resoluciones/RESOLUCIONES%202007/RES%202007%201801%20AL%201900/RESOLUCION%201848%20DE%202007.pdf HTTP/1.1" 200 182223
201.245.192.253 - - [22/Aug/2023:05:46:55 -0500] "POST /kwsrmcab/Wsrmcab  HTTP/1.1" 200 41818
181.68.145.143 - - [22/Aug/2023:05:47:31 -0500] "GET /inscribete-y-participa-en-la-convencion-internacional-de-emergencia-climatica-bogota-2023.html HTTP/1.1" 200 895
216.245.221.92 - - [22/Aug/2023:05:48:14 -0500] "HEAD / HTTP/1.1" 200 -
191.156.159.238 - - [22/Aug/2023:05:48:15 -0500] "GET /galeria/galeria/jquery.fancybox.css?v=2.1.5 HTTP/1.1" 200 4895
191.156.153.95 - - [22/Aug/2023:05:48:15 -0500] "GET /BLA/boletinlegal/js/jquery.scrollShow.js HTTP/1.1" 200 4586
191.156.151.199 - - [22/Aug/2023:05:48:15 -0500] "GET /galeria/galeria/jquery.fancybox.js?v=2.1.5 HTTP/1.1" 200 48706
172.22.2.4 - - [22/Aug/2023:05:47:28 -0500] "HEAD /BLA/boletinlegal/ HTTP/1.1" 200 -
190.24.22.190 - - [22/Aug/2023:05:49:36 -0500] "GET /inscribete-y-participa-en-la-convencion-internacional-de-emergencia-climatica-bogota-2023.html HTTP/1.1" 200 895
190.24.22.190 - - [22/Aug/2023:05:49:36 -0500] "GET /inscribete-y-participa-en-la-convencion-internacional-de-emergencia-climatica-bogota-2023.html HTTP/1.1" 200 895
190.24.22.190 - - [22/Aug/2023:05:49:36 -0500] "GET /apple-touch-icon-120x120-precomposed.png HTTP/1.1" 404 1136
190.24.22.190 - - [22/Aug/2023:05:49:36 -0500] "GET /apple-touch-icon-120x120.png HTTP/1.1" 404 1136
190.24.22.190 - - [22/Aug/2023:05:49:36 -0500] "GET /apple-touch-icon-precomposed.png HTTP/1.1" 404 1136
190.24.22.190 - - [22/Aug/2023:05:49:36 -0500] "GET /apple-touch-icon.png HTTP/1.1" 404 1136
190.24.22.190 - - [22/Aug/2023:05:49:36 -0500] "GET /favicon.ico HTTP/1.1" 404 1136
190.24.22.190 - - [22/Aug/2023:05:49:36 -0500] "GET /apple-touch-icon-120x120-precomposed.png HTTP/1.1" 404 1136
190.24.22.190 - - [22/Aug/2023:05:49:36 -0500] "GET /apple-touch-icon-120x120.png HTTP/1.1" 404 1136
190.24.22.190 - - [22/Aug/2023:05:49:36 -0500] "GET /apple-touch-icon-precomposed.png HTTP/1.1" 404 1136
190.24.22.190 - - [22/Aug/2023:05:49:36 -0500] "GET /apple-touch-icon.png HTTP/1.1" 404 1136
190.24.22.190 - - [22/Aug/2023:05:49:36 -0500] "GET /favicon.ico HTTP/1.1" 404 1136
69.63.189.16 - - [22/Aug/2023:05:49:37 -0500] "GET /movilidad-sostenible-para-mitigar-el-cambio-climatico.html HTTP/1.1" 200 768
69.63.189.17 - - [22/Aug/2023:05:49:37 -0500] "GET /movilidad-sostenible-para-mitigar-el-cambio-climatico.html HTTP/1.1" 200 768
69.171.251.3 - - [22/Aug/2023:05:49:44 -0500] "GET /images/asistentes%20Foro%20sobre%20movilidad%20sostenible.jpg HTTP/1.1" 200 46965
66.249.70.7 - - [22/Aug/2023:05:49:51 -0500] "GET /BLA/resoluciones/RESOLUCIONES%202010/7629.pdf HTTP/1.1" 200 387718
31.13.115.6 - - [22/Aug/2023:05:49:52 -0500] "GET /movilidad-sostenible-para-mitigar-el-cambio-climatico.html HTTP/1.1" 200 768
31.13.127.20 - - [22/Aug/2023:05:49:53 -0500] "GET /movilidad-sostenible-para-mitigar-el-cambio-climatico.html HTTP/1.1" 200 768
31.13.115.6 - - [22/Aug/2023:05:49:55 -0500] "GET /movilidad-sostenible-para-mitigar-el-cambio-climatico.html HTTP/1.1" 200 768
172.22.2.4 - - [22/Aug/2023:05:48:18 -0500] "GET /BLA/boletinlegal/ HTTP/1.1" 200 58187
66.249.70.5 - - [22/Aug/2023:05:50:43 -0500] "GET /BLA/resoluciones/RESOLUCIONES%202009/4480.pdf HTTP/1.1" 200 783941
66.249.70.5 - - [22/Aug/2023:05:50:50 -0500] "GET /BLA/resoluciones/RESOLUCIONES%202010/2099.pdf HTTP/1.1" 200 576857
201.245.192.253 - - [22/Aug/2023:05:51:54 -0500] "POST /kwsrmcab/Wsrmcab  HTTP/1.1" 200 41818
52.167.144.43 - - [22/Aug/2023:05:52:47 -0500] "GET /Publicaciones/2023EE190703.pdf HTTP/1.1" 200 98803
216.245.221.92 - - [22/Aug/2023:05:53:14 -0500] "HEAD / HTTP/1.1" 200 -
66.249.70.6 - - [22/Aug/2023:05:53:40 -0500] "GET /BLA/resoluciones/Notificaciones/AUTOS%202023/2502.pdf HTTP/1.1" 304 -
172.22.2.4 - - [22/Aug/2023:05:53:18 -0500] "HEAD /BLA/boletinlegal/ HTTP/1.1" 200 -
172.22.2.4 - - [22/Aug/2023:05:54:08 -0500] "GET /BLA/boletinlegal/ HTTP/1.1" 200 58981
181.54.110.144 - - [22/Aug/2023:05:56:34 -0500] "GET /bogota-empieza-la-consolidacion-de-la-estrategia-de-bosques-urbanos-con-el-brazo-salitre-en-barrios-unidos.html?utm_source=Meta_DIGI&utm_medium=CPV&utm_campaign=BosquesUrbanos&utm_id=Agosto_2023&fbclid=IwAR04visZXaTM5esMfFbcgDuMsXCNfvcFH1F0ChKVU_IfwFd-QAli55zPm1I_aem_AZ3nJMYTP_h4vtN_09C7zGSA4E6yQhFUH4qLX-o2t2mwftNPYIrQA7Ol_k9W1Tcvjl0xhZDLV3i39vHkIxXWVfiY HTTP/1.1" 200 892
201.245.192.253 - - [22/Aug/2023:05:56:53 -0500] "POST /kwsrmcab/Wsrmcab  HTTP/1.1" 200 41818
216.245.221.92 - - [22/Aug/2023:05:58:14 -0500] "HEAD / HTTP/1.1" 200 -
172.22.2.4 - - [22/Aug/2023:06:00:29 -0500] "GET /BLA/boletinlegal/autodiscover/autodiscover.json?@zdi/Powershell HTTP/1.1" 404 1018
172.22.2.4 - - [22/Aug/2023:05:59:07 -0500] "HEAD /BLA/boletinlegal/ HTTP/1.1" 200 -
172.22.2.4 - - [22/Aug/2023:05:59:58 -0500] "GET /BLA/boletinlegal/ HTTP/1.1" 200 58597
201.245.192.253 - - [22/Aug/2023:06:01:52 -0500] "POST /kwsrmcab/Wsrmcab  HTTP/1.1" 200 41818
172.22.2.4 - - [22/Aug/2023:06:02:24 -0500] "GET /BLA/boletinlegal/robots.txt HTTP/1.1" 404 1038
172.22.2.4 - - [22/Aug/2023:06:02:25 -0500] "GET /BLA/boletinlegal/jurisprudencia.php HTTP/1.1" 200 17583
216.245.221.92 - - [22/Aug/2023:06:03:14 -0500] "HEAD / HTTP/1.1" 200 -
173.252.107.5 - - [22/Aug/2023:06:05:43 -0500] "GET /las-mujeres-reverdecen-bogota-en-el-dia-mundial-de-los-humedales.html HTTP/1.1" 200 900
173.252.107.8 - - [22/Aug/2023:06:05:43 -0500] "GET /las-mujeres-reverdecen-bogota-en-el-dia-mundial-de-los-humedales.html HTTP/1.1" 200 900
173.252.107.3 - - [22/Aug/2023:06:05:44 -0500] "GET /images/mujeres-reverdecen-humedales-2-febrero.jpg HTTP/1.1" 200 47327
172.22.2.4 - - [22/Aug/2023:06:04:57 -0500] "HEAD /BLA/boletinlegal/ HTTP/1.1" 200 -
173.252.127.13 - - [22/Aug/2023:06:06:46 -0500] "GET /las-mujeres-reverdecen-bogota-en-el-dia-mundial-de-los-humedales.html HTTP/1.1" 200 900
201.245.192.253 - - [22/Aug/2023:06:06:50 -0500] "POST /kwsrmcab/Wsrmcab  HTTP/1.1" 200 41818
172.22.2.4 - - [22/Aug/2023:06:05:48 -0500] "GET /BLA/boletinlegal/ HTTP/1.1" 200 58597
216.245.221.92 - - [22/Aug/2023:06:08:14 -0500] "HEAD / HTTP/1.1" 200 -
201.245.192.253 - - [22/Aug/2023:06:11:49 -0500] "POST /kwsrmcab/Wsrmcab  HTTP/1.1" 200 41818
69.63.189.11 - - [22/Aug/2023:06:12:19 -0500] "GET /images/avistamiento-aves.jpg HTTP/1.1" 200 104313
69.63.189.11 - - [22/Aug/2023:06:12:22 -0500] "GET /images/construccion-sostenible-.jpg HTTP/1.1" 200 82949
69.63.189.11 - - [22/Aug/2023:06:12:22 -0500] "GET /images/camino-guadalupe-aguanoso.jpg HTTP/1.1" 200 103489
69.63.189.116 - - [22/Aug/2023:06:12:22 -0500] "GET /images/Caminatas-ecologicas-julio.jpg HTTP/1.1" 200 480557
172.22.2.4 - - [22/Aug/2023:06:10:47 -0500] "HEAD /BLA/boletinlegal/ HTTP/1.1" 200 -
172.22.2.4 - - [22/Aug/2023:06:12:50 -0500] "GET /BLA/boletinlegal/robots.txt HTTP/1.1" 404 1038
172.22.2.4 - - [22/Aug/2023:06:12:50 -0500] "GET /BLA/boletinlegal/Circulares/2023/CIRCULAR%20No.%2000002%20DEL%2020%20DE%20FEBRERO%20DEL%202023.pdf HTTP/1.1" 304 -
216.245.221.92 - - [22/Aug/2023:06:13:14 -0500] "HEAD / HTTP/1.1" 200 -
172.22.2.4 - - [22/Aug/2023:06:11:38 -0500] "GET /BLA/boletinlegal/ HTTP/1.1" 200 61130
45.26.180.12 - - [22/Aug/2023:06:14:08 -0500] "GET / HTTP/1.1" 200 4720
45.26.180.12 - - [22/Aug/2023:06:14:08 -0500] "GET /fonts/icomoon/style.css HTTP/1.1" 200 79820
45.26.180.12 - - [22/Aug/2023:06:14:08 -0500] "GET /js/url.js HTTP/1.1" 404 1294
45.26.180.12 - - [22/Aug/2023:06:14:08 -0500] "GET /css/style.css HTTP/1.1" 200 3473
45.26.180.12 - - [22/Aug/2023:06:14:08 -0500] "GET /css/bootstrap.min.css HTTP/1.1" 200 178212
201.245.192.253 - - [22/Aug/2023:06:16:48 -0500] "POST /kwsrmcab/Wsrmcab  HTTP/1.1" 200 41818
69.171.249.2 - - [22/Aug/2023:06:17:34 -0500] "GET /images/serpiente-sabanera.jpeg HTTP/1.1" 200 167272
191.156.224.138 - - [22/Aug/2023:06:17:57 -0500] "GET /bogota-empieza-la-consolidacion-de-la-estrategia-de-bosques-urbanos-con-el-brazo-salitre-en-barrios-unidos.html?utm_source=Meta_DIGI&utm_medium=CPV&utm_campaign=BosquesUrbanos&utm_id=Agosto_2023&fbclid=IwAR0nBJSUdtKYvo4xHeJA6JhkbGYaYCFg6RyqY_9avZkhq0Zvn3vI5VwAh-4_aem_AZ3jdtZtuIPdwS7bBgPow4LV-NT_VInW1kgEzeJ6L2UQTGCfWbQr3V4RMjgyDfZ5WQUXNHeqRueDC68hJHkY_o3b HTTP/1.1" 200 892
216.245.221.92 - - [22/Aug/2023:06:18:14 -0500] "HEAD / HTTP/1.1" 200 -
172.22.2.4 - - [22/Aug/2023:06:16:37 -0500] "HEAD /BLA/boletinlegal/ HTTP/1.1" 200 -
172.22.2.4 - - [22/Aug/2023:06:17:28 -0500] "GET /BLA/boletinlegal/ HTTP/1.1" 200 58597
201.245.192.253 - - [22/Aug/2023:06:19:14 -0500] "POST /kwsrmcab/Wsrmcab HTTP/1.1" 200 43197
201.245.192.253 - - [22/Aug/2023:06:19:17 -0500] "POST /kwsrmcab/Wsrmcab HTTP/1.1" 200 38205
201.245.192.253 - - [22/Aug/2023:06:21:46 -0500] "POST /kwsrmcab/Wsrmcab  HTTP/1.1" 200 41818
216.245.221.92 - - [22/Aug/2023:06:23:14 -0500] "HEAD / HTTP/1.1" 200 -
172.22.2.4 - - [22/Aug/2023:06:22:27 -0500] "HEAD /BLA/boletinlegal/ HTTP/1.1" 200 -
66.249.70.7 - - [22/Aug/2023:06:24:42 -0500] "GET /Publicaciones/2018EE217996.pdf HTTP/1.1" 404 228
66.249.70.6 - - [22/Aug/2023:06:24:43 -0500] "GET /BLA/resoluciones/RESOLUCIONES%202009/2006.pdf HTTP/1.1" 200 738799
66.249.70.7 - - [22/Aug/2023:06:24:44 -0500] "GET /Publicaciones/2020EE104386.pdf HTTP/1.1" 404 228
66.249.70.6 - - [22/Aug/2023:06:24:44 -0500] "GET /BLA/resoluciones/AUTOS%202009/3179.pdf HTTP/1.1" 200 130459
66.249.70.6 - - [22/Aug/2023:06:24:45 -0500] "GET /BLA/resoluciones/RESOLUCIONES%202009/6796.pdf HTTP/1.1" 200 595368
172.22.2.4 - - [22/Aug/2023:06:23:18 -0500] "GET /BLA/boletinlegal/ HTTP/1.1" 200 53013
162.55.171.94 - - [22/Aug/2023:06:26:36 -0500] "GET / HTTP/1.1" 200 4720
162.55.171.94 - - [22/Aug/2023:06:26:38 -0500] "GET / HTTP/1.1" 200 319
201.245.192.253 - - [22/Aug/2023:06:26:46 -0500] "POST /kwsrmcab/Wsrmcab  HTTP/1.1" 200 41818
216.245.221.92 - - [22/Aug/2023:06:28:14 -0500] "HEAD / HTTP/1.1" 200 -
201.245.192.253 - - [22/Aug/2023:06:29:13 -0500] "POST /kwsrmcab/Wsrmcab HTTP/1.1" 200 43197
201.245.192.253 - - [22/Aug/2023:06:29:17 -0500] "POST /kwsrmcab/Wsrmcab HTTP/1.1" 200 38205
172.22.2.4 - - [22/Aug/2023:06:28:17 -0500] "HEAD /BLA/boletinlegal/ HTTP/1.1" 200 -
172.22.2.4 - - [22/Aug/2023:06:29:08 -0500] "GET /BLA/boletinlegal/ HTTP/1.1" 200 56970
201.245.192.253 - - [22/Aug/2023:06:31:45 -0500] "POST /kwsrmcab/Wsrmcab  HTTP/1.1" 200 41818
216.245.221.92 - - [22/Aug/2023:06:33:14 -0500] "HEAD / HTTP/1.1" 200 -
40.77.167.208 - - [22/Aug/2023:06:33:51 -0500] "GET /BLA/resoluciones/AUTOS%202022/5027.pdf HTTP/1.1" 200 556439
172.22.2.4 - - [22/Aug/2023:06:34:07 -0500] "HEAD /BLA/boletinlegal/ HTTP/1.1" 200 -
52.167.144.189 - - [22/Aug/2023:06:36:01 -0500] "GET /BLA/resoluciones/RESOLUCIONES%202021/2613.pdf HTTP/1.1" 200 355522
172.22.2.4 - - [22/Aug/2023:06:34:58 -0500] "GET /BLA/boletinlegal/ HTTP/1.1" 200 58597
201.245.192.253 - - [22/Aug/2023:06:36:44 -0500] "POST /kwsrmcab/Wsrmcab  HTTP/1.1" 200 41818
216.245.221.92 - - [22/Aug/2023:06:38:14 -0500] "HEAD / HTTP/1.1" 200 -
66.249.70.6 - - [22/Aug/2023:06:38:40 -0500] "GET /BLA/resoluciones/Notificaciones/RESOLUCIONES%202022/4733.pdf HTTP/1.1" 304 -
201.245.192.253 - - [22/Aug/2023:06:39:13 -0500] "POST /kwsrmcab/Wsrmcab HTTP/1.1" 200 43197
201.245.192.253 - - [22/Aug/2023:06:39:16 -0500] "POST /kwsrmcab/Wsrmcab HTTP/1.1" 200 38205
191.156.191.78 - - [22/Aug/2023:06:39:54 -0500] "GET /bogota-empieza-la-consolidacion-de-la-estrategia-de-bosques-urbanos-con-el-brazo-salitre-en-barrios-unidos.html?utm_source=Meta_DIGI&utm_medium=CPV&utm_campaign=BosquesUrbanos&utm_id=Agosto_2023&fbclid=IwAR0NcttpsCMw2TJ2omgCK30rra9NspEe6opYyGpRVXQffTg7Ny95z6nlVL8_aem_AZ0Z5fIVzK0RVduEFUgo16eMJIdjgs-yFnefTkL2ZH20x11MB_t-MnyHNAzfBEIDaHNLNJBM6kSGiT8dnwLmCELc HTTP/1.1" 200 892
191.156.152.128 - - [22/Aug/2023:06:40:47 -0500] "GET /bogota-empieza-la-consolidacion-de-la-estrategia-de-bosques-urbanos-con-el-brazo-salitre-en-barrios-unidos.html?utm_source=Youtube_DIGI&utm_medium=CPV&utm_campaign=BosquesUrbanos&utm_id=Agosto_2023&gclid=Cj0KCQjwuZGnBhD1ARIsACxbAVhQgdndulc193dEto2ta8qanrDKdcnx1s_O84oJsOx0FzJ4Dq6q3E8aAr7PEALw_wcB HTTP/1.1" 200 892
172.22.2.4 - - [22/Aug/2023:06:39:57 -0500] "HEAD /BLA/boletinlegal/ HTTP/1.1" 200 -
201.245.192.253 - - [22/Aug/2023:06:41:42 -0500] "POST /kwsrmcab/Wsrmcab  HTTP/1.1" 200 41818
172.22.2.4 - - [22/Aug/2023:06:40:48 -0500] "GET /BLA/boletinlegal/ HTTP/1.1" 200 52656
191.95.58.167 - - [22/Aug/2023:06:42:32 -0500] "GET / HTTP/1.1" 200 4720
191.95.58.167 - - [22/Aug/2023:06:42:32 -0500] "GET /js/url.js HTTP/1.1" 404 1294
191.95.58.167 - - [22/Aug/2023:06:42:35 -0500] "GET / HTTP/1.1" 200 4720
191.95.58.167 - - [22/Aug/2023:06:42:35 -0500] "GET /js/url.js HTTP/1.1" 404 1294
191.95.58.167 - - [22/Aug/2023:06:42:39 -0500] "GET / HTTP/1.1" 200 4720
191.95.58.167 - - [22/Aug/2023:06:42:39 -0500] "GET /js/url.js HTTP/1.1" 404 1294
216.245.221.92 - - [22/Aug/2023:06:43:14 -0500] "HEAD / HTTP/1.1" 200 -
172.22.2.4 - - [22/Aug/2023:06:45:44 -0500] "GET /BLA/boletinlegal/Circulares/2018/Circular%20No.%2011%20del%2024%20de%20Septiembre%20de%202018.pdf HTTP/1.1" 200 169541
173.252.127.13 - - [22/Aug/2023:06:45:56 -0500] "GET /laurel-de-cera-distrito-intensifica-labores-para-prevenir-trafico-de-esta-especie-en-la-celebracion-de-la-cruz-de-mayo.html HTTP/1.1" 200 842
181.59.3.202 - - [22/Aug/2023:06:46:21 -0500] "GET /bogota-empieza-la-consolidacion-de-la-estrategia-de-bosques-urbanos-con-el-brazo-salitre-en-barrios-unidos.html?utm_source=Meta_DIGI&utm_medium=CPV&utm_campaign=BosquesUrbanos&utm_id=Agosto_2023&fbclid=IwAR1bAg_8xm4IDnyNwWaQ7CiDcXzhmUN1Dup2nTobxteGF0O-kwH9HZY7bCc_aem_AZ1X_Qb5qm7aas8z9HN3_SMOekl2Ul0G8PRtHTInbfd0LFIxtk9F52c9NG7CAlQh4Wd6JTCmC72RFBlGO2xur0ny HTTP/1.1" 200 892
179.19.224.221 - - [22/Aug/2023:06:46:43 -0500] "GET /bogota-empieza-la-consolidacion-de-la-estrategia-de-bosques-urbanos-con-el-brazo-salitre-en-barrios-unidos.html?utm_source=Meta_DIGI&utm_medium=CPV&utm_campaign=BosquesUrbanos&utm_id=Agosto_2023&fbclid=IwAR2GlPcy6C4Zi7TojopLWENHcitiLggooseKhrnNFZwLRQRrPVrjp_nPpps_aem_AZ0i6VN2zBZBrtGp_KTCYOvqboaNBt-NeA-5ZyVcH-pqPHfkv6dAGISm4ZVpRWLyIbJK_zflvDyieJLKvTUNmy7A HTTP/1.1" 200 892
201.245.192.253 - - [22/Aug/2023:06:46:42 -0500] "POST /kwsrmcab/Wsrmcab  HTTP/1.1" 200 41818
172.22.2.4 - - [22/Aug/2023:06:45:47 -0500] "HEAD /BLA/boletinlegal/ HTTP/1.1" 200 -
216.245.221.92 - - [22/Aug/2023:06:48:14 -0500] "HEAD / HTTP/1.1" 200 -
172.22.2.4 - - [22/Aug/2023:06:46:38 -0500] "GET /BLA/boletinlegal/ HTTP/1.1" 200 53766
191.156.50.75 - - [22/Aug/2023:06:48:52 -0500] "-" 408 -
172.22.2.4 - - [22/Aug/2023:06:47:22 -0500] "GET /BLA/boletinlegal/ HTTP/1.1" 200 57323
201.245.192.253 - - [22/Aug/2023:06:51:40 -0500] "POST /kwsrmcab/Wsrmcab  HTTP/1.1" 200 41818
216.245.221.92 - - [22/Aug/2023:06:53:14 -0500] "HEAD / HTTP/1.1" 200 -
172.22.2.4 - - [22/Aug/2023:06:51:37 -0500] "HEAD /BLA/boletinlegal/ HTTP/1.1" 200 -
172.22.2.4 - - [22/Aug/2023:06:52:28 -0500] "GET /BLA/boletinlegal/ HTTP/1.1" 200 60692
186.102.191.132 - - [22/Aug/2023:06:55:03 -0500] "GET /bogota-empieza-la-consolidacion-de-la-estrategia-de-bosques-urbanos-con-el-brazo-salitre-en-barrios-unidos.html?utm_source=Youtube_DIGI&utm_medium=CPV&utm_campaign=BosquesUrbanos&utm_id=Agosto_2023&gclid=EAIaIQobChMI_cXDsJrwgAMVoeUoBR1aHgKPEAEYAiAAEgLmKPD_BwE HTTP/1.1" 200 892
201.245.192.253 - - [22/Aug/2023:06:56:39 -0500] "POST /kwsrmcab/Wsrmcab  HTTP/1.1" 200 41818
216.245.221.92 - - [22/Aug/2023:06:58:14 -0500] "HEAD / HTTP/1.1" 200 -
186.155.19.212 - - [22/Aug/2023:06:58:17 -0500] "GET /bogota-empieza-la-consolidacion-de-la-estrategia-de-bosques-urbanos-con-el-brazo-salitre-en-barrios-unidos.html?utm_source=Meta_DIGI&utm_medium=CPV&utm_campaign=BosquesUrbanos&utm_id=Agosto_2023&fbclid=IwAR2YCVPbK-VDT7JlOtlNjl1PsO_xj-U5PHoEwWauQFszOHCBxz9hORDGLFs_aem_AZ0FMFgKD6oTol5x-bHiFBv7k3Q1ZobArKiF0wooTcg0XvBF_fVjMrmGbjgdjWv8D37lPrbSgK9WFPyrmBEdKdqC HTTP/1.1" 200 892
172.22.2.4 - - [22/Aug/2023:06:57:27 -0500] "HEAD /BLA/boletinlegal/ HTTP/1.1" 200 -
172.22.2.4 - - [22/Aug/2023:06:58:18 -0500] "GET /BLA/boletinlegal/ HTTP/1.1" 200 53013
172.22.2.4 - - [22/Aug/2023:07:01:08 -0500] "GET /BLA/boletinlegal/ HTTP/1.1" 200 24523
201.245.192.253 - - [22/Aug/2023:07:01:39 -0500] "POST /kwsrmcab/Wsrmcab  HTTP/1.1" 200 41818
191.156.33.199 - - [22/Aug/2023:07:01:47 -0500] "GET /inscribete-y-participa-en-la-convencion-internacional-de-emergencia-climatica-bogota-2023.html HTTP/1.1" 200 895
216.245.221.92 - - [22/Aug/2023:07:03:14 -0500] "HEAD / HTTP/1.1" 200 -
181.41.157.26 - - [22/Aug/2023:07:04:52 -0500] "GET /galeria/galeria/jquery.fancybox.css?v=2.1.5 HTTP/1.1" 200 4895
181.41.157.26 - - [22/Aug/2023:07:04:52 -0500] "GET /BLA/boletinlegal/js/jquery.scrollShow.js HTTP/1.1" 200 4586
181.41.157.26 - - [22/Aug/2023:07:04:52 -0500] "GET /galeria/galeria/jquery.fancybox.js?v=2.1.5 HTTP/1.1" 200 48706
172.22.2.4 - - [22/Aug/2023:07:03:17 -0500] "HEAD /BLA/boletinlegal/ HTTP/1.1" 200 -
172.22.2.4 - - [22/Aug/2023:07:04:08 -0500] "GET /BLA/boletinlegal/ HTTP/1.1" 200 58597
66.249.70.6 - - [22/Aug/2023:07:06:16 -0500] "GET /galeria/galeria/jquery.fancybox.css?v=2.1.5 HTTP/1.1" 200 4895
201.245.192.253 - - [22/Aug/2023:07:06:38 -0500] "POST /kwsrmcab/Wsrmcab  HTTP/1.1" 200 41818
172.22.2.4 - - [22/Aug/2023:07:06:57 -0500] "GET /BLA/boletinlegal/favicon.ico HTTP/1.1" 404 1018
216.245.221.92 - - [22/Aug/2023:07:08:14 -0500] "HEAD / HTTP/1.1" 200 -
190.24.22.190 - - [22/Aug/2023:07:08:52 -0500] "GET / HTTP/1.1" 200 4720
190.24.22.190 - - [22/Aug/2023:07:08:52 -0500] "GET /js/url.js HTTP/1.1" 404 1294
190.24.22.190 - - [22/Aug/2023:07:08:52 -0500] "GET /fonts/icomoon/style.css HTTP/1.1" 200 79820
190.24.22.190 - - [22/Aug/2023:07:08:52 -0500] "GET /css/bootstrap.min.css HTTP/1.1" 200 178212
190.24.22.190 - - [22/Aug/2023:07:08:52 -0500] "GET /css/style.css HTTP/1.1" 200 3473
172.22.2.4 - - [22/Aug/2023:07:09:03 -0500] "GET /BLA/boletinlegal/ HTTP/1.1" 200 24523
172.22.2.4 - - [22/Aug/2023:07:09:07 -0500] "HEAD /BLA/boletinlegal/ HTTP/1.1" 200 -
172.22.2.4 - - [22/Aug/2023:07:09:58 -0500] "GET /BLA/boletinlegal/ HTTP/1.1" 200 58187
201.245.192.253 - - [22/Aug/2023:07:11:37 -0500] "POST /kwsrmcab/Wsrmcab  HTTP/1.1" 200 41818
179.19.138.218 - - [22/Aug/2023:07:11:53 -0500] "GET /bogota-empieza-la-consolidacion-de-la-estrategia-de-bosques-urbanos-con-el-brazo-salitre-en-barrios-unidos.html?utm_source=Meta_DIGI&utm_medium=CPV&utm_campaign=BosquesUrbanos&utm_id=Agosto_2023&fbclid=IwAR1umkOhjCZYcv8tx6wP8XHNSu28RzkrfPiTH8NXTGqEm6rbfCn7Sf_Ql3o_aem_AZ0JqpbQ1Pc27jI6DSAPWWK5jtInrkJIJuLGoLGvkfBpjgAEg6_cLmDOaRnUIRxZqtUjtN0daHgU4ELvgj9LcRDg HTTP/1.1" 200 892
216.245.221.92 - - [22/Aug/2023:07:13:14 -0500] "HEAD / HTTP/1.1" 200 -
172.22.2.4 - - [22/Aug/2023:07:14:52 -0500] "GET /BLA/boletinlegal/geoserver/web/ HTTP/1.1" 404 1018
172.22.2.4 - - [22/Aug/2023:07:15:58 -0500] "GET /BLA/boletinlegal/.git/config HTTP/1.1" 404 1018
78.29.12.220 - - [22/Aug/2023:07:16:15 -0500] "GET / HTTP/1.1" 200 319
172.22.2.4 - - [22/Aug/2023:07:14:57 -0500] "HEAD /BLA/boletinlegal/ HTTP/1.1" 200 -
201.245.192.253 - - [22/Aug/2023:07:16:35 -0500] "POST /kwsrmcab/Wsrmcab  HTTP/1.1" 200 41818
201.245.192.253 - - [22/Aug/2023:07:17:10 -0500] "GET /sipse/faces/index.xhtml HTTP/1.1" 200 677
201.245.192.253 - - [22/Aug/2023:07:17:10 -0500] "GET /sipse/faces/javax.faces.resource/theme.css?ln=primefaces-sipse HTTP/1.1" 304 -
201.245.192.253 - - [22/Aug/2023:07:17:10 -0500] "GET /sipse/faces/faces/autenticacion.xhtml HTTP/1.1" 200 12171
201.245.192.253 - - [22/Aug/2023:07:17:10 -0500] "GET /sipse/js/disable_browser_buttons.js HTTP/1.1" 304 -
201.245.192.253 - - [22/Aug/2023:07:17:10 -0500] "GET /sipse/css/custom_css_sg.css HTTP/1.1" 304 -
201.245.192.253 - - [22/Aug/2023:07:17:10 -0500] "GET /sipse/js/funciones.js HTTP/1.1" 304 -
201.245.192.253 - - [22/Aug/2023:07:17:10 -0500] "GET /sipse/css/custom_css_sg_prime_login.css HTTP/1.1" 304 -
201.245.192.253 - - [22/Aug/2023:07:17:10 -0500] "GET /sipse/faces/javax.faces.resource/jquery/jquery.js?ln=primefaces&v=4.0 HTTP/1.1" 304 -
201.245.192.253 - - [22/Aug/2023:07:17:10 -0500] "GET /sipse/faces/javax.faces.resource/primefaces.css?ln=primefaces&v=4.0 HTTP/1.1" 304 -
201.245.192.253 - - [22/Aug/2023:07:17:10 -0500] "GET /sipse/faces/javax.faces.resource/theme.css?ln=primefaces-sipse HTTP/1.1" 304 -
201.245.192.253 - - [22/Aug/2023:07:17:10 -0500] "GET /sipse/faces/javax.faces.resource/layout/layout.css?ln=primefaces&v=4.0 HTTP/1.1" 304 -
201.245.192.253 - - [22/Aug/2023:07:17:10 -0500] "GET /sipse/faces/javax.faces.resource/primefaces.js?ln=primefaces&v=4.0 HTTP/1.1" 304 -
201.245.192.253 - - [22/Aug/2023:07:17:10 -0500] "GET /sipse/faces/javax.faces.resource/jquery/jquery-plugins.js?ln=primefaces&v=4.0 HTTP/1.1" 304 -
201.245.192.253 - - [22/Aug/2023:07:17:10 -0500] "GET /sipse/faces/javax.faces.resource/layout/layout.js?ln=primefaces&v=4.0 HTTP/1.1" 304 -
201.245.192.253 - - [22/Aug/2023:07:17:10 -0500] "GET /sipse/css/imagen/logoSDG.png HTTP/1.1" 304 -
201.245.192.253 - - [22/Aug/2023:07:17:10 -0500] "GET /sipse/css/imagen/loginimg.png HTTP/1.1" 304 -
201.245.192.253 - - [22/Aug/2023:07:17:10 -0500] "GET /sipse/faces/javax.faces.resource/images/ui-icons_898989_256x240.png?ln=primefaces-aristo HTTP/1.1" 304 -
201.245.192.253 - - [22/Aug/2023:07:17:15 -0500] "POST /sipse/faces/autenticacion.xhtml HTTP/1.1" 200 16781
201.245.192.253 - - [22/Aug/2023:07:17:15 -0500] "GET /sipse/css/custom_css_sg_prime.css HTTP/1.1" 304 -
201.245.192.253 - - [22/Aug/2023:07:17:15 -0500] "GET /sipse/faces/javax.faces.resource/layout/layout.css?ln=primefaces&v=4.0 HTTP/1.1" 304 -
201.245.192.253 - - [22/Aug/2023:07:17:15 -0500] "GET /sipse/faces/javax.faces.resource/theme.css?ln=primefaces-sipse HTTP/1.1" 304 -
201.245.192.253 - - [22/Aug/2023:07:17:15 -0500] "GET /sipse/js/jquery.min.js HTTP/1.1" 304 -
201.245.192.253 - - [22/Aug/2023:07:17:15 -0500] "GET /sipse/faces/javax.faces.resource/primefaces.css?ln=primefaces&v=4.0 HTTP/1.1" 304 -
201.245.192.253 - - [22/Aug/2023:07:17:15 -0500] "GET /sipse/faces/javax.faces.resource/jquery/jquery.js?ln=primefaces&v=4.0 HTTP/1.1" 304 -
201.245.192.253 - - [22/Aug/2023:07:17:15 -0500] "GET /sipse/faces/javax.faces.resource/jquery/jquery-plugins.js?ln=primefaces&v=4.0 HTTP/1.1" 304 -
201.245.192.253 - - [22/Aug/2023:07:17:15 -0500] "GET /sipse/faces/javax.faces.resource/primefaces.js?ln=primefaces&v=4.0 HTTP/1.1" 304 -
201.245.192.253 - - [22/Aug/2023:07:17:15 -0500] "GET /sipse/faces/javax.faces.resource/layout/layout.js?ln=primefaces&v=4.0 HTTP/1.1" 304 -
201.245.192.253 - - [22/Aug/2023:07:17:15 -0500] "GET /sipse/css/v_mergente.css HTTP/1.1" 304 -
201.245.192.253 - - [22/Aug/2023:07:17:15 -0500] "GET /sipse/imagenes/cargando.gif HTTP/1.1" 304 -
201.245.192.253 - - [22/Aug/2023:07:17:15 -0500] "GET /sipse/imagenes/logoAplicacion.jpg HTTP/1.1" 304 -
201.245.192.253 - - [22/Aug/2023:07:17:15 -0500] "GET /sipse/css/imagen/contrasena.png HTTP/1.1" 404 383
201.245.192.253 - - [22/Aug/2023:07:17:15 -0500] "GET /sipse/faces/javax.faces.resource/messages/messages.png?ln=primefaces&v=4.0 HTTP/1.1" 304 -
201.245.192.253 - - [22/Aug/2023:07:17:18 -0500] "GET /sipse/faces/javax.faces.resource/images/ui-bg_flat_0_2d5972_40x100.png?ln=primefaces-aristo HTTP/1.1" 304 -
201.245.192.253 - - [22/Aug/2023:07:17:18 -0500] "POST /sipse/faces/bienvenido.xhtml HTTP/1.1" 200 1471
201.245.192.253 - - [22/Aug/2023:07:17:19 -0500] "POST /sipse/faces/bienvenido.xhtml HTTP/1.1" 200 35003
201.245.192.253 - - [22/Aug/2023:07:17:20 -0500] "GET /sipse/faces/javax.faces.resource/primefaces.css?ln=primefaces&v=4.0 HTTP/1.1" 304 -
201.245.192.253 - - [22/Aug/2023:07:17:20 -0500] "GET /sipse/faces/javax.faces.resource/layout/layout.css?ln=primefaces&v=4.0 HTTP/1.1" 304 -
201.245.192.253 - - [22/Aug/2023:07:17:20 -0500] "GET /sipse/faces/javax.faces.resource/theme.css?ln=primefaces-sipse HTTP/1.1" 304 -
201.245.192.253 - - [22/Aug/2023:07:17:20 -0500] "GET /sipse/faces/javax.faces.resource/jquery/jquery.js?ln=primefaces&v=4.0 HTTP/1.1" 304 -
201.245.192.253 - - [22/Aug/2023:07:17:20 -0500] "GET /sipse/faces/javax.faces.resource/jquery/jquery-plugins.js?ln=primefaces&v=4.0 HTTP/1.1" 304 -
201.245.192.253 - - [22/Aug/2023:07:17:20 -0500] "GET /sipse/faces/javax.faces.resource/primefaces.js?ln=primefaces&v=4.0 HTTP/1.1" 304 -
201.245.192.253 - - [22/Aug/2023:07:17:20 -0500] "GET /sipse/faces/javax.faces.resource/layout/layout.js?ln=primefaces&v=4.0 HTTP/1.1" 304 -
201.245.192.253 - - [22/Aug/2023:07:17:21 -0500] "POST /sipse/faces/presentacion/financiero/solicitudProceso/listarSolicitudProceso.xhtml HTTP/1.1" 200 1400
172.22.2.4 - - [22/Aug/2023:07:15:48 -0500] "GET /BLA/boletinlegal/ HTTP/1.1" 200 58187
216.245.221.92 - - [22/Aug/2023:07:18:14 -0500] "HEAD / HTTP/1.1" 200 -
201.245.192.253 - - [22/Aug/2023:07:19:13 -0500] "POST /kwsrmcab/Wsrmcab HTTP/1.1" 200 42890
201.245.192.253 - - [22/Aug/2023:07:19:17 -0500] "POST /kwsrmcab/Wsrmcab HTTP/1.1" 200 38201
201.245.192.253 - - [22/Aug/2023:07:21:35 -0500] "POST /kwsrmcab/Wsrmcab  HTTP/1.1" 200 41818
172.22.2.4 - - [22/Aug/2023:07:20:47 -0500] "HEAD /BLA/boletinlegal/ HTTP/1.1" 200 -
216.245.221.92 - - [22/Aug/2023:07:23:14 -0500] "HEAD / HTTP/1.1" 200 -
172.22.2.4 - - [22/Aug/2023:07:21:38 -0500] "GET /BLA/boletinlegal/ HTTP/1.1" 200 58187
66.249.70.7 - - [22/Aug/2023:07:24:42 -0500] "GET /BLA/resoluciones/AUTOS%202014/4312.pdf HTTP/1.1" 200 374616
66.249.70.6 - - [22/Aug/2023:07:24:45 -0500] "GET /BLA/resoluciones/AUTOS%202013/1845.pdf HTTP/1.1" 200 1106688
201.245.192.253 - - [22/Aug/2023:07:26:33 -0500] "POST /kwsrmcab/Wsrmcab  HTTP/1.1" 200 41818
216.245.221.92 - - [22/Aug/2023:07:28:14 -0500] "HEAD / HTTP/1.1" 200 -
201.245.192.253 - - [22/Aug/2023:07:28:16 -0500] "POST /forms/lservlet;jsessionid=ac16012b30d6d35d86d182e6485e9f15e88a15710ec4.e3iSbxaKaheRe34Rch0Ra3mLchv0n6jAmljGr5XDqQLvpAe HTTP/1.1" 200 13
201.245.192.253 - - [22/Aug/2023:07:28:17 -0500] "POST /forms/lservlet;jsessionid=ac16012b30d6d35d86d182e6485e9f15e88a15710ec4.e3iSbxaKaheRe34Rch0Ra3mLchv0n6jAmljGr5XDqQLvpAe HTTP/1.1" 200 13
172.22.2.4 - - [22/Aug/2023:07:26:37 -0500] "HEAD /BLA/boletinlegal/ HTTP/1.1" 200 -
201.245.192.253 - - [22/Aug/2023:07:28:18 -0500] "POST /forms/lservlet;jsessionid=ac16012b30d6d35d86d182e6485e9f15e88a15710ec4.e3iSbxaKaheRe34Rch0Ra3mLchv0n6jAmljGr5XDqQLvpAe HTTP/1.1" 200 13
201.245.192.253 - - [22/Aug/2023:07:28:19 -0500] "POST /forms/lservlet;jsessionid=ac16012b30d6d35d86d182e6485e9f15e88a15710ec4.e3iSbxaKaheRe34Rch0Ra3mLchv0n6jAmljGr5XDqQLvpAe HTTP/1.1" 200 13
201.245.192.253 - - [22/Aug/2023:07:28:20 -0500] "POST /forms/lservlet;jsessionid=ac16012b30d6d35d86d182e6485e9f15e88a15710ec4.e3iSbxaKaheRe34Rch0Ra3mLchv0n6jAmljGr5XDqQLvpAe HTTP/1.1" 200 13
201.245.192.253 - - [22/Aug/2023:07:28:21 -0500] "POST /forms/lservlet;jsessionid=ac16012b30d6d35d86d182e6485e9f15e88a15710ec4.e3iSbxaKaheRe34Rch0Ra3mLchv0n6jAmljGr5XDqQLvpAe HTTP/1.1" 200 13
201.245.192.253 - - [22/Aug/2023:07:28:54 -0500] "GET /reports/rwservlet/getjobid=88640?server=repnomi HTTP/1.1" 200 28667
201.245.192.253 - - [22/Aug/2023:07:28:54 -0500] "GET /reports/rwservlet/getjobid=88642?server=repnomi HTTP/1.1" 200 28138
201.245.192.253 - - [22/Aug/2023:07:28:55 -0500] "GET /reports/rwservlet/getjobid=88683?server=repnomi HTTP/1.1" 200 28718
201.245.192.253 - - [22/Aug/2023:07:28:55 -0500] "GET /reports/rwservlet/getjobid=88712?server=repnomi HTTP/1.1" 200 28693
201.245.192.253 - - [22/Aug/2023:07:28:55 -0500] "GET /reports/rwservlet/getjobid=88646?server=repnomi HTTP/1.1" 200 28646
201.245.192.253 - - [22/Aug/2023:07:28:55 -0500] "GET /reports/rwservlet/getjobid=88682?server=repnomi HTTP/1.1" 200 28128
201.245.192.253 - - [22/Aug/2023:07:28:55 -0500] "GET /reports/rwservlet/getjobid=88644?server=repnomi HTTP/1.1" 200 28641
201.245.192.253 - - [22/Aug/2023:07:28:56 -0500] "GET /reports/rwservlet/getjobid=88684?server=repnomi HTTP/1.1" 200 28344
201.245.192.253 - - [22/Aug/2023:07:28:56 -0500] "GET /reports/rwservlet/getjobid=88687?server=repnomi HTTP/1.1" 200 28138
201.245.192.253 - - [22/Aug/2023:07:28:56 -0500] "GET /reports/rwservlet/getjobid=88651?server=repnomi HTTP/1.1" 200 34096
201.245.192.253 - - [22/Aug/2023:07:28:56 -0500] "GET /reports/rwservlet/getjobid=88645?server=repnomi HTTP/1.1" 200 35608
201.245.192.253 - - [22/Aug/2023:07:28:56 -0500] "GET /reports/rwservlet/getjobid=88678?server=repnomi HTTP/1.1" 200 28113
201.245.192.253 - - [22/Aug/2023:07:28:56 -0500] "GET /reports/rwservlet/getjobid=88681?server=repnomi HTTP/1.1" 200 28889
201.245.192.253 - - [22/Aug/2023:07:28:56 -0500] "GET /reports/rwservlet/getjobid=88714?server=repnomi HTTP/1.1" 200 171165
201.245.192.253 - - [22/Aug/2023:07:28:56 -0500] "GET /reports/rwservlet/getjobid=88679?server=repnomi HTTP/1.1" 200 28718
201.245.192.253 - - [22/Aug/2023:07:28:56 -0500] "GET /reports/rwservlet/getjobid=88652?server=repnomi HTTP/1.1" 200 28658
201.245.192.253 - - [22/Aug/2023:07:28:56 -0500] "GET /reports/rwservlet/getjobid=88674?server=repnomi HTTP/1.1" 200 36420
201.245.192.253 - - [22/Aug/2023:07:28:56 -0500] "GET /reports/rwservlet/getjobid=88648?server=repnomi HTTP/1.1" 200 28128
201.245.192.253 - - [22/Aug/2023:07:28:56 -0500] "GET /reports/rwservlet/getjobid=88641?server=repnomi HTTP/1.1" 200 28713
201.245.192.253 - - [22/Aug/2023:07:28:56 -0500] "GET /reports/rwservlet/getjobid=88680?server=repnomi HTTP/1.1" 200 28687
201.245.192.253 - - [22/Aug/2023:07:28:56 -0500] "GET /reports/rwservlet/getjobid=88649?server=repnomi HTTP/1.1" 200 28636
201.245.192.253 - - [22/Aug/2023:07:28:56 -0500] "GET /reports/rwservlet/getjobid=88650?server=repnomi HTTP/1.1" 200 28723
201.245.192.253 - - [22/Aug/2023:07:28:56 -0500] "GET /reports/rwservlet/getjobid=88686?server=repnomi HTTP/1.1" 200 28730
201.245.192.253 - - [22/Aug/2023:07:28:56 -0500] "GET /reports/rwservlet/getjobid=88639?server=repnomi HTTP/1.1" 200 28663
201.245.192.253 - - [22/Aug/2023:07:28:56 -0500] "GET /reports/rwservlet/getjobid=88653?server=repnomi HTTP/1.1" 200 28965
201.245.192.253 - - [22/Aug/2023:07:28:56 -0500] "GET /reports/rwservlet/getjobid=88677?server=repnomi HTTP/1.1" 200 28723
201.245.192.253 - - [22/Aug/2023:07:28:56 -0500] "GET /reports/rwservlet/getjobid=88673?server=repnomi HTTP/1.1" 200 28718
201.245.192.253 - - [22/Aug/2023:07:28:56 -0500] "GET /reports/rwservlet/getjobid=88713?server=repnomi HTTP/1.1" 200 28831
201.245.192.253 - - [22/Aug/2023:07:28:56 -0500] "GET /reports/rwservlet/getjobid=88647?server=repnomi HTTP/1.1" 200 28724
172.22.2.4 - - [22/Aug/2023:07:27:28 -0500] "GET /BLA/boletinlegal/ HTTP/1.1" 200 52656
201.245.192.253 - - [22/Aug/2023:07:29:13 -0500] "POST /kwsrmcab/Wsrmcab HTTP/1.1" 200 42890
201.245.192.253 - - [22/Aug/2023:07:29:16 -0500] "POST /kwsrmcab/Wsrmcab HTTP/1.1" 200 38201
172.22.2.4 - - [22/Aug/2023:07:30:44 -0500] "GET /BLA/boletinlegal/Directivas/2017/Directiva%20No.%2006%20del%2016%20de%20Agosto%20de%202017.pdf HTTP/1.1" 304 -
201.245.192.253 - - [22/Aug/2023:07:31:33 -0500] "POST /kwsrmcab/Wsrmcab  HTTP/1.1" 200 41818
172.22.2.4 - - [22/Aug/2023:07:31:50 -0500] "GET /BLA/boletinlegal/conceptos/2013/147.pdf HTTP/1.1" 200 609932
172.22.2.4 - - [22/Aug/2023:07:31:50 -0500] "GET /BLA/boletinlegal/conceptos/2012/107.pdf HTTP/1.1" 200 1030030
186.154.214.186 - - [22/Aug/2023:07:32:39 -0500] "GET /secretaria-de-ambiente-invita-al-conversatorio-sobre-publicidad-exterior-electoral.html HTTP/1.1" 200 822
216.245.221.92 - - [22/Aug/2023:07:33:14 -0500] "HEAD / HTTP/1.1" 200 -
172.22.2.4 - - [22/Aug/2023:07:32:27 -0500] "HEAD /BLA/boletinlegal/ HTTP/1.1" 200 -
191.156.236.15 - - [22/Aug/2023:07:34:38 -0500] "GET /galeria/galeria/jquery.fancybox.css?v=2.1.5 HTTP/1.1" 200 4895
191.156.236.15 - - [22/Aug/2023:07:34:38 -0500] "GET /BLA/boletinlegal/js/jquery.scrollShow.js HTTP/1.1" 200 4586
191.156.236.15 - - [22/Aug/2023:07:34:38 -0500] "GET /galeria/galeria/jquery.fancybox.js?v=2.1.5 HTTP/1.1" 200 48706
172.22.2.4 - - [22/Aug/2023:07:33:18 -0500] "GET /BLA/boletinlegal/ HTTP/1.1" 200 58187
45.238.183.57 - - [22/Aug/2023:07:35:20 -0500] "GET /bogota-empieza-la-consolidacion-de-la-estrategia-de-bosques-urbanos-con-el-brazo-salitre-en-barrios-unidos.html?utm_source=Youtube_DIGI&utm_medium=CPV&utm_campaign=BosquesUrbanos&utm_id=Agosto_2023&gclid=Cj0KCQjwuZGnBhD1ARIsACxbAVjhkq8HH96jJbVFi5o6WSay43IU3W8O7QlIAnTgQYROcYAdQv0lozkaAje9EALw_wcB HTTP/1.1" 200 892
201.245.192.253 - - [22/Aug/2023:07:36:32 -0500] "POST /kwsrmcab/Wsrmcab  HTTP/1.1" 200 41818
113.207.1.133 - - [22/Aug/2023:07:37:07 -0500] "GET /galeria/galeria/fotos/Huemdal-el-Tunjo1P.jpg HTTP/1.1" 200 24430
201.245.192.253 - - [22/Aug/2023:07:37:58 -0500] "GET /reports/rwservlet/getjobid=88714?server=repnomi HTTP/1.1" 200 171165
85.208.96.204 - - [22/Aug/2023:07:38:06 -0500] "GET /robots.txt HTTP/1.1" 404 1035
185.191.171.12 - - [22/Aug/2023:07:38:07 -0500] "GET /portaldeninos/que-es-cambio-climatico HTTP/1.1" 301 -
185.191.171.1 - - [22/Aug/2023:07:38:09 -0500] "GET /portaldeninos/que-es-cambio-climatico/ HTTP/1.1" 200 86727
190.70.199.200 - - [22/Aug/2023:07:38:12 -0500] "GET /bogota-empieza-la-consolidacion-de-la-estrategia-de-bosques-urbanos-con-el-brazo-salitre-en-barrios-unidos.html?utm_source=Meta_DIGI&utm_medium=CPV&utm_campaign=BosquesUrbanos&utm_id=Agosto_2023&fbclid=IwAR33I7NDctf3taEjLEU3Fe-06aMIxfaqTghhFO7950_KJuvUgHlHvzYZCxM_aem_AbbcxCzjyxBzoFsqF2srnY-Ey5jIqTBa60kA2ybrk0FemWd2lzb_DPy5mCVQQY4JCt1IEwy-vpnVKoPytEgxzw9b HTTP/1.1" 200 892
216.245.221.92 - - [22/Aug/2023:07:38:14 -0500] "HEAD / HTTP/1.1" 200 -
54.167.221.224 - - [22/Aug/2023:07:38:53 -0500] "GET /robots.txt HTTP/1.1" 404 1034
201.245.192.253 - - [22/Aug/2023:07:39:05 -0500] "GET /reports/rwservlet/getjobid=88677?server=repnomi HTTP/1.1" 200 28723
201.245.192.253 - - [22/Aug/2023:07:39:13 -0500] "POST /kwsrmcab/Wsrmcab HTTP/1.1" 200 42890
201.245.192.253 - - [22/Aug/2023:07:39:16 -0500] "POST /kwsrmcab/Wsrmcab HTTP/1.1" 200 38201
172.22.2.4 - - [22/Aug/2023:07:38:17 -0500] "HEAD /BLA/boletinlegal/ HTTP/1.1" 200 -
201.245.192.253 - - [22/Aug/2023:07:40:24 -0500] "GET /reports/rwservlet/getjobid=88679?server=repnomi HTTP/1.1" 200 28718
172.22.2.4 - - [22/Aug/2023:07:39:08 -0500] "GET /BLA/boletinlegal/ HTTP/1.1" 200 60692
186.102.86.41 - - [22/Aug/2023:07:41:26 -0500] "GET /kwssiamovil/sm/ldap/au?x=U2FsdGVkX18DXCqv6mYMs8aCmCBI1oVjjlxv0W+bvDlhvWtBeeGCeKYmbo14QAsD&y=U2FsdGVkX19yutM21N/ic0pCQkyFIF/Z88+P73RK9kM= HTTP/1.1" 200 30
186.102.86.41 - - [22/Aug/2023:07:41:26 -0500] "GET /kwssiamovil/sm/acme/s?s=U2FsdGVkX1+bBPwhk/Ot+zNERSbsR/6aFgVaz4Jp5o5NnJZYUVn3ZaRvzFDj3L6ls+uS9fMODmjx4mSVUufM2+dDg902IgUHvRKCSDq/nBE=&u=U2FsdGVkX18337Foz0vkS6TzhQ3Y6qdUEJtwKYV2Uf0=&y=U2FsdGVkX19yutM21N/ic0pCQkyFIF/Z88+P73RK9kM= HTTP/1.1" 200 97
186.102.86.41 - - [22/Aug/2023:07:41:26 -0500] "GET /kwssiamovil/sm/acme/s?s=U2FsdGVkX1+JF6klVN+SwjChWZJOfKYgPIWd5IhIQcTWEv7XqDKC8FmOiNg6Xtio82F6taPvXw33jCIKVk7QfNkR/Mje5z6v83QnuH/ZojjA3fqoSmooxHBZWSKp+NgTP5u6bjUBXfarrIUChPtOtAPTmiOenwVU57FL/Wanwq+8SkXqmGtsTuLhGlNVYcoetmm493KwjxJlxi72cQIIbeEM+BaVMcy9nhc2mrrd1kOsv4PRwvshqm/wM3P/iXTiJ0Sl6p8klWBLqGRSslBh0dm31xDd5zecSeSFq1gCp0tIzxejgQ24n4znFc9aEYUFMf1GwP2XvnnyUAQ+unpEu/8khb3s3B63UlamX0+cUDF08P4f0iuBs1qfgdDiCd+Xs6YwbD896Rddv9OnjXOqfB8xNhIgePMoiYGY0FiQPiZMIvJ/0VTHxl/v8PBd45Pos0k+nHmozTSOy6kVPFnrsC8SGqFv51pzIo+Srkq/PeQiiBTMachUe5SU+oNOPOawimdnh1Sfqe5KkAXgkNxcuEktCgFmyXRtogTnGxpOcwu/T4eRRmo+yL7MAQZwQyL+e6k0K7+pX2lbNmcOBh8RXzj5TmKT7jBwoDWK0ckmhVuPD+LL0wHscwRglcCBHADuhq6Pb4QPvfZ7A8fYLxYGWAXgVuTFPMAGsqcpIfGSS8u1r6Y6L+TmOm78AV4lc81275zhDzdKIWTslpmPsgvjO/DQe8xwprYtvERgSw4plGyOwdUF5Af+isW85gCosUvGTskdf+GSd/rLLUD7yUn8bK9KK5gA3J9lLYDLnBmHp0Nl4Y18/eyHDlj8LaVJAY2cREJfcg1DVrC31b53nLPIiXBLFkjnyo8TQek5OJsAfTdcKPxxJWAPXZEVsa65X077paj8v154yji0dfeWbLBg5s2423U++9udLgmJebxbrRJWMqNNYP3AjNbeQxdScABclHkLqFumMD2yuyFdQr3WZAUAyOzEOdVHiS47z2BO7olSBjpxxIuKDaxzQTOB6nYlYG/Ig/Nr1TK2sl6CVropErGt4Dtyepu/vx7YLVNs7eTvqxwqK3C9HaRQkwHXDch37zb3vTEAZXh5yU6qZHpUJzrazDcSYk4WOTsLpMvzjCTuuoeoho+7mKN8iRxetJouA3rn+lA42p0+asQZE0oNDzSfo76QQySTpZKymMrV8Xn3IJwE3rLl+r8MstKGDt2+gq3nYy6JySeVe+KG1KHtwfmLGLtHl5eufmAvGrQsyC+b7Md3KX/DcujOHdkQtH+rjOENGhcZ2sJiZ2RJSJONXFu3GPtG9S17Tl6g6oRDye4oPdZs8lxxNfQ8pAiL4XY9GMxTUA1nGdjzyYqjWlU/sB4PXrhnRcQVv8QkS9G/yY1ZCMZjhCoAy/KRvpboXfOrtP0zW7vhVMoPEWX/AoM9x2fyPnW+NZJDLspUXIHydcw=&u=U2FsdGVkX18337Foz0vkS6TzhQ3Y6qdUEJtwKYV2Uf0=&y=U2FsdGVkX19yutM21N/ic0pCQkyFIF/Z88+P73RK9kM= HTTP/1.1" 200 3002
186.102.86.41 - - [22/Aug/2023:07:41:26 -0500] "GET /kwssiamovil/sm/acme/s?s=U2FsdGVkX1/W78IWCCbR4CdcdEDZKlvdZ+0WnBp2saCFVFY6uZWFYXX9rFr5PcVD7RhH0HipviWLPkWwwp05RQBM79Dpm8cT0Y4Ubdt9XfSyxTMIxQz1bEz+4x4aMSyijs1nebtbCXVA9NfqInY2OXfz03OID+BAQW08ggb/E2TvvOKnY/XuWfr18u59Bs+TkW4lfxfSOgc/VjORiBza9AtycWS3vQvR0YYs3i8WVRWuz2yrlmDKzLVD+tYrggH77Cv/DLrnZd28vYIlX8GfHjmTDAW0LC/5sKfWehDspXf15BnJMpyW1nEhiKdE98m4g/tVJmhqg0yeQxc9niYCjw==&u=U2FsdGVkX18337Foz0vkS6TzhQ3Y6qdUEJtwKYV2Uf0=&y=U2FsdGVkX19yutM21N/ic0pCQkyFIF/Z88+P73RK9kM= HTTP/1.1" 200 196
186.102.86.41 - - [22/Aug/2023:07:41:27 -0500] "GET /kwssiamovil/sm/cjson/pre?f=1&x=U2FsdGVkX18DXCqv6mYMs8aCmCBI1oVjjlxv0W+bvDlhvWtBeeGCeKYmbo14QAsD HTTP/1.1" 200 31032
201.245.192.253 - - [22/Aug/2023:07:41:30 -0500] "POST /kwsrmcab/Wsrmcab  HTTP/1.1" 200 41818
172.22.2.4 - - [22/Aug/2023:07:42:27 -0500] "GET /BLA/boletinlegal/actos.php HTTP/1.1" 200 9682
172.22.2.4 - - [22/Aug/2023:07:42:27 -0500] "GET /BLA/boletinlegal/favicon.ico HTTP/1.1" 404 1326
181.61.204.215 - - [22/Aug/2023:07:42:29 -0500] "GET /BLA/resoluciones/ HTTP/1.1" 200 13502
181.61.204.215 - - [22/Aug/2023:07:42:29 -0500] "GET /favicon.ico HTTP/1.1" 200 7782
181.61.204.215 - - [22/Aug/2023:07:42:30 -0500] "GET /BLA/resoluciones/index.php?dir=AUTOS+2019%2F HTTP/1.1" 200 383911
181.61.204.215 - - [22/Aug/2023:07:42:31 -0500] "GET /BLA/resoluciones/dlf/archive.png HTTP/1.1" 200 632
173.252.107.116 - - [22/Aug/2023:07:42:42 -0500] "GET /se-abre-convocatoria-a-organizaciones-ambientales-para-generar-1-070-empleos-verdes-dirigidos-a-mujeres.html HTTP/1.1" 200 1128
31.13.115.120 - - [22/Aug/2023:07:42:58 -0500] "GET /se-abre-convocatoria-a-organizaciones-ambientales-para-generar-1-070-empleos-verdes-dirigidos-a-mujeres.html HTTP/1.1" 200 1128
201.245.192.253 - - [22/Aug/2023:07:43:01 -0500] "GET /reports/rwservlet/getjobid=88682?server=repnomi HTTP/1.1" 200 28128
201.245.192.253 - - [22/Aug/2023:07:43:09 -0500] "GET /reports/rwservlet/getjobid=88681?server=repnomi HTTP/1.1" 200 28889
216.245.221.92 - - [22/Aug/2023:07:43:14 -0500] "HEAD / HTTP/1.1" 200 -
191.156.148.181 - - [22/Aug/2023:07:43:28 -0500] "GET /bogota-empieza-la-consolidacion-de-la-estrategia-de-bosques-urbanos-con-el-brazo-salitre-en-barrios-unidos.html?utm_source=Meta_DIGI&utm_medium=CPV&utm_campaign=BosquesUrbanos&utm_id=Agosto_2023&fbclid=IwAR2q2Cj2XonI2MQiKl7KT8guWssAmxg0yJKbdNNV5__m0MW0gV2DxZH0HmM_aem_AbYX0U7-uWi4lXrz3lTOuQFx3eM7OrSg72Gb5aP97imusxs3X5iCAEwl5qtFaGzBQ14GH52p2EvgBmm1X9cw_e2K HTTP/1.1" 200 892
186.30.32.187 - - [22/Aug/2023:07:43:31 -0500] "GET /bogota-empieza-la-consolidacion-de-la-estrategia-de-bosques-urbanos-con-el-brazo-salitre-en-barrios-unidos.html?utm_source=Meta_DIGI&utm_medium=CPV&utm_campaign=BosquesUrbanos&utm_id=Agosto_2023&fbclid=IwAR3rG1N-a_Omhso8_B4LYjY76FJN1EvZyT2OK-KUZuRJeQgXOO7scslcUZo_aem_AbaLRaptQ9VvX0BCemygihzp5sJbVJJC6vvNuZ1bK5WLRxm7jTtmfgdOioL_pdT5-lyikfstwiUr0_hLQIWAOMWk HTTP/1.1" 200 892
172.22.2.4 - - [22/Aug/2023:07:43:38 -0500] "GET /BLA/boletinlegal/jurisprudencia.php HTTP/1.1" 200 17583
40.77.167.208 - - [22/Aug/2023:07:43:56 -0500] "GET /Autoliquidacion/Cobro%20Evaluacion%20Certificaci%C3%B3n%20Para%20La%20Deducci%C3%B3n%20Por%20Inversi%C3%B3n%20En%20Medio%20Ambiente/Acreditaci%C3%B3n%20o%20Certificaci%C3%B3n%20de%20Inversi%C3%B3n%20Ambiental.pdf HTTP/1.1" 200 36802
172.22.2.4 - - [22/Aug/2023:07:45:21 -0500] "GET /BLA/boletinlegal/actos.php HTTP/1.1" 200 9682
172.22.2.4 - - [22/Aug/2023:07:45:21 -0500] "GET /BLA/boletinlegal/js/ajax_actos.js HTTP/1.1" 200 1322
172.22.2.4 - - [22/Aug/2023:07:45:21 -0500] "GET /BLA/boletinlegal/niceforms-default.css HTTP/1.1" 200 6694
172.22.2.4 - - [22/Aug/2023:07:45:21 -0500] "GET /BLA/boletinlegal/styles2.css HTTP/1.1" 200 1838
172.22.2.4 - - [22/Aug/2023:07:45:21 -0500] "GET /BLA/boletinlegal/style.css HTTP/1.1" 200 9406
172.22.2.4 - - [22/Aug/2023:07:45:21 -0500] "GET /BLA/boletinlegal/niceforms.js HTTP/1.1" 200 22876
172.22.2.4 - - [22/Aug/2023:07:45:21 -0500] "GET /BLA/boletinlegal/js/popup.js HTTP/1.1" 200 1270
172.22.2.4 - - [22/Aug/2023:07:45:21 -0500] "GET /BLA/boletinlegal/js/lib.js HTTP/1.1" 200 6474
172.22.2.4 - - [22/Aug/2023:07:45:21 -0500] "GET /BLA/boletinlegal/js/jquery1.js HTTP/1.1" 200 29846
172.22.2.4 - - [22/Aug/2023:07:45:21 -0500] "GET /BLA/boletinlegal/images/cabezote%20BLEGAL.jpg HTTP/1.1" 200 118164
172.22.2.4 - - [22/Aug/2023:07:45:21 -0500] "GET /BLA/boletinlegal/images/subscribe-icon-big.png HTTP/1.1" 200 47702
172.22.2.4 - - [22/Aug/2023:07:45:21 -0500] "GET /BLA/boletinlegal/images/registro-usuarios.png HTTP/1.1" 200 8106
172.22.2.4 - - [22/Aug/2023:07:45:21 -0500] "GET /BLA/boletinlegal/images/historia.png HTTP/1.1" 200 52775
172.22.2.4 - - [22/Aug/2023:07:45:21 -0500] "GET /BLA/boletinlegal/images/green-yellow-blue-pink-th.png HTTP/1.1" 200 7394
172.22.2.4 - - [22/Aug/2023:07:45:21 -0500] "GET /BLA/boletinlegal/images/tel.png HTTP/1.1" 200 14477
172.22.2.4 - - [22/Aug/2023:07:45:22 -0500] "GET /BLA/boletinlegal/images/icono-email.png HTTP/1.1" 200 5544
172.22.2.4 - - [22/Aug/2023:07:45:22 -0500] "GET /BLA/boletinlegal/images/body_bg.jpg HTTP/1.1" 200 1601
172.22.2.4 - - [22/Aug/2023:07:45:22 -0500] "GET /BLA/boletinlegal/images/menu_lft.gif HTTP/1.1" 200 1713
172.22.2.4 - - [22/Aug/2023:07:45:22 -0500] "GET /BLA/boletinlegal/images/menu_rght.gif HTTP/1.1" 200 1627
172.22.2.4 - - [22/Aug/2023:07:45:22 -0500] "GET /BLA/boletinlegal/images/bg_top.jpg HTTP/1.1" 200 522
172.22.2.4 - - [22/Aug/2023:07:45:22 -0500] "GET /BLA/boletinlegal/images/menu_bg.jpg HTTP/1.1" 200 620
172.22.2.4 - - [22/Aug/2023:07:45:22 -0500] "GET /BLA/boletinlegal/images/text.jpg HTTP/1.1" 200 568
172.22.2.4 - - [22/Aug/2023:07:45:22 -0500] "GET /BLA/boletinlegal/images/hover.jpg HTTP/1.1" 200 640
172.22.2.4 - - [22/Aug/2023:07:45:22 -0500] "GET /BLA/boletinlegal/images/footer_bg.jpg HTTP/1.1" 200 586
172.22.2.4 - - [22/Aug/2023:07:45:22 -0500] "GET /BLA/boletinlegal/images/footer_bg_l.jpg HTTP/1.1" 200 776
172.22.2.4 - - [22/Aug/2023:07:45:22 -0500] "GET /BLA/boletinlegal/img/0.png HTTP/1.1" 200 110
172.22.2.4 - - [22/Aug/2023:07:45:22 -0500] "GET /BLA/boletinlegal/img/button.png HTTP/1.1" 200 43241
172.22.2.4 - - [22/Aug/2023:07:45:22 -0500] "GET /BLA/boletinlegal/img/button-left.png HTTP/1.1" 200 57071
172.22.2.4 - - [22/Aug/2023:07:45:22 -0500] "GET /BLA/boletinlegal/img/button-right.png HTTP/1.1" 200 57878
172.22.2.4 - - [22/Aug/2023:07:45:22 -0500] "GET /BLA/boletinlegal/img/select-left.png HTTP/1.1" 200 263
172.22.2.4 - - [22/Aug/2023:07:45:22 -0500] "GET /BLA/boletinlegal/img/select-right.png HTTP/1.1" 200 44019
172.22.2.4 - - [22/Aug/2023:07:45:22 -0500] "GET /BLA/boletinlegal/favicon.ico HTTP/1.1" 404 1326
172.22.2.4 - - [22/Aug/2023:07:44:07 -0500] "HEAD /BLA/boletinlegal/ HTTP/1.1" 200 -
201.245.192.253 - - [22/Aug/2023:07:45:48 -0500] "GET /reports/rwservlet/getjobid=88652?server=repnomi HTTP/1.1" 200 28658
201.245.192.253 - - [22/Aug/2023:07:45:55 -0500] "GET /reports/rwservlet/getjobid=88653?server=repnomi HTTP/1.1" 200 28965
201.245.192.253 - - [22/Aug/2023:07:46:30 -0500] "POST /kwsrmcab/Wsrmcab  HTTP/1.1" 200 41818
186.84.90.248 - - [22/Aug/2023:07:46:33 -0500] "GET /BLA/resoluciones/index.php?dir= HTTP/1.1" 200 13502
172.22.2.4 - - [22/Aug/2023:07:44:58 -0500] "GET /BLA/boletinlegal/ HTTP/1.1" 200 52656
151.80.238.21 - - [22/Aug/2023:07:46:51 -0500] "GET / HTTP/1.1" 200 319
186.84.90.248 - - [22/Aug/2023:07:46:59 -0500] "GET /BLA/resoluciones/index.php?dir=AUTOS+2012%2F HTTP/1.1" 200 276641
186.84.90.248 - - [22/Aug/2023:07:47:14 -0500] "GET /BLA/resoluciones/AUTOS%202012/1573.pdf HTTP/1.1" 200 2279562
186.84.90.248 - - [22/Aug/2023:07:47:14 -0500] "GET /BLA/resoluciones/AUTOS%202012/1573.pdf HTTP/1.1" 200 2279562
186.84.90.248 - - [22/Aug/2023:07:47:14 -0500] "GET /BLA/resoluciones/AUTOS%202012/1573.pdf HTTP/1.1" 206 1025
157.100.88.192 - - [22/Aug/2023:07:47:48 -0500] "GET / HTTP/1.1" 200 319
216.245.221.92 - - [22/Aug/2023:07:48:14 -0500] "HEAD / HTTP/1.1" 200 -
201.245.192.253 - - [22/Aug/2023:07:48:24 -0500] "GET /appsia/controlador HTTP/1.1" 200 4799
201.245.192.253 - - [22/Aug/2023:07:48:25 -0500] "GET /appsia/scripts/validarIngreso.js HTTP/1.1" 200 851
201.245.192.253 - - [22/Aug/2023:07:48:25 -0500] "GET /appsia/css/estilos.css HTTP/1.1" 200 4804
201.245.192.253 - - [22/Aug/2023:07:48:25 -0500] "GET /appsia/images/cabezoteHojaVida.png HTTP/1.1" 200 32493
201.245.192.253 - - [22/Aug/2023:07:48:26 -0500] "GET /appsia/images/logo_bogota_p.png HTTP/1.1" 200 14951
201.245.192.253 - - [22/Aug/2023:07:48:27 -0500] "GET /favicon.ico HTTP/1.1" 200 7782
201.245.192.253 - - [22/Aug/2023:07:47:43 -0500] "GET /reports/rwservlet/getjobid=88651?server=repnomi HTTP/1.1" 200 34096
201.245.192.253 - - [22/Aug/2023:07:48:33 -0500] "POST /appsia/controlador HTTP/1.1" 200 5437
201.245.192.253 - - [22/Aug/2023:07:48:37 -0500] "POST /appsia/controlador HTTP/1.1" 200 7777
201.245.192.253 - - [22/Aug/2023:07:48:46 -0500] "POST /appsia/controlador HTTP/1.1" 200 6642
201.245.192.253 - - [22/Aug/2023:07:48:50 -0500] "POST /appsia/controlador HTTP/1.1" 200 9872
201.245.192.253 - - [22/Aug/2023:07:48:51 -0500] "POST /appsia/controlador HTTP/1.1" 200 75777
201.245.192.253 - - [22/Aug/2023:07:49:06 -0500] "POST /appsia/controlador HTTP/1.1" 200 7777
201.245.192.253 - - [22/Aug/2023:07:49:11 -0500] "POST /appsia/controlador HTTP/1.1" 200 6642
173.252.95.4 - - [22/Aug/2023:07:49:12 -0500] "GET /images/negocios-verdes-mayo-2022.jpg HTTP/1.1" 200 48000
201.245.192.253 - - [22/Aug/2023:07:49:12 -0500] "POST /appsia/controlador HTTP/1.1" 200 11382
201.245.192.253 - - [22/Aug/2023:07:49:14 -0500] "POST /appsia/controlador HTTP/1.1" 200 75971
201.245.192.253 - - [22/Aug/2023:07:49:34 -0500] "GET /reports/rwservlet/getjobid=88650?server=repnomi HTTP/1.1" 200 28723
201.245.192.253 - - [22/Aug/2023:07:49:30 -0500] "POST /appsia/controlador HTTP/1.1" 200 75971
201.245.192.253 - - [22/Aug/2023:07:50:15 -0500] "POST /appsia/controlador HTTP/1.1" 200 7777
200.118.60.19 - - [22/Aug/2023:07:50:21 -0500] "GET /inscribete-y-participa-en-la-convencion-internacional-de-emergencia-climatica-bogota-2023.html HTTP/1.1" 200 895
201.245.192.253 - - [22/Aug/2023:07:50:21 -0500] "POST /appsia/controlador HTTP/1.1" 200 6642
201.245.192.253 - - [22/Aug/2023:07:50:22 -0500] "POST /appsia/controlador HTTP/1.1" 200 10604
201.245.192.253 - - [22/Aug/2023:07:50:24 -0500] "POST /appsia/controlador HTTP/1.1" 200 75878
