186.102.86.41 - - [22/Aug/2023:10:32:04 -0500] "GET /kwssiamovil/sm/acme/a?s=U2FsdGVkX1+3cNWD/tuKt7rOeRnNFShc4oxrUliSzm3gB7APW7TdDAG4XkMWBHYHEssDRnGqYrRC0SeSYcAM0sy71k54OiKNmBQtl4RsWWEzbF9j5gkejZegEOn+7agGX9ldR+Uw2xBf45SkrGdTbgcXm83mfRtyd+noU9cx3sYKqZuN1hRgtaXmZ7373LxYiWMqe2EthMCPJmu63KzHn81ES95GPHk68Y1akroL7Pvtdjj5Ui/dWeNFTwZHTNVk24i4PM1Hikenc28KKg9cbB94UTZ3U5g0ez0yExb71TjzEiYpHn1pB4Crjz/vFcul4Z2gKZvtM6J7ICcJs4KynjEQV7BAdSv6OmLKwGIjtkI1+4TtWj+3tJk0ne4CjvtJv4DK5X6l2r4D5r8O8DR8HXZHYNfVrCJFIp2WcELDeofE00Kh9xMA4Kaw/lrZzrpCunVpeps2oRbuSI0gYIXlzTJZ8WC1idee5RSgoUAtacLAhabF+c9uSTxK5pkB+L3G1RU4sLTX8/fWgyMww/5Yd38ymv1tLsSrqczfn+KJX7vmF/IDFi8rlSFiM3H3ihBKnEojj/Dg/SU4A7lAfnc/rnqkpIsJCDRO1esRaGoJWV99DDZl8+N3L9aGSimaLmyLocPYcWt6TYmBD265CfMMp8yqUEHAJXuFSD9VMaZ06PvCG3FgrfdAu19CRlRPAYD1M+rzaWLgqI4VwufjXASB/AzincqCkmUzNB3my+F+8Xhf7qmkXvFp7eAOZG5vKn0GPQrX9laEM+TUFhZRDZGxPVtHSdp7Cu+jVDV1Vv+R3ssNp88noQcOUnSDxQgSr5OaHFgEe+1qtmCHnP15YiFNsRrAVvpGYcZwRTJUPKR1EX69bLzbl1HBfsSTc2n913Gc6ExLNma91iTIiiG56gZ4FytZF9TJeqOf/hSU8YNf3K7oZWat6/zfgpTM+l5SmZVaTO03iBKmBxb+I26ne+OYqnn279MXGMWzzxiH4TQzSAarPCQ2CwhwU5n6Ur/rKBo2ZvSdDFsXhKoOMtgCE9dwCSgnAedwGouGBj8CpATJ63mYlniObEqrYX9a47RY6JrADfidIEEbp18hjArfH4zhApcAvleNqx7ozWFG1/eWYVM=&u=U2FsdGVkX1+NVqMP8ctLF96AwO+frNuN+MoUjPMGe0k=&y=U2FsdGVkX1+l1/nhs08HqdA9tUQtjNry8WZ3/MZM+YI= HTTP/1.1" 200 26
186.102.86.41 - - [22/Aug/2023:10:32:04 -0500] "GET /kwssiamovil/sm/acme/a?s=U2FsdGVkX19k8G3BvlHGZRm6J+H5sW76qKeE409tQ5YsAsxEz8+Uf4a2RKi/zClVnPhitg0v8JZZtmw1WHxgGQJjxEBCZSbYGPFzGl+dPtdUCBwwEOMuSBw3DeDzaSCupr9fvQUp/kqsV/I0+mnFVnomrpzsSgMXTEFLF04+030=&u=U2FsdGVkX1+NVqMP8ctLF96AwO+frNuN+MoUjPMGe0k=&y=U2FsdGVkX1+l1/nhs08HqdA9tUQtjNry8WZ3/MZM+YI= HTTP/1.1" 200 26
186.102.86.41 - - [22/Aug/2023:10:32:05 -0500] "GET /kwssiamovil/sm/acme/a?s=U2FsdGVkX19+RuhVDbZlqg9X8FpIby3r+byg0EhjMhIZZnq/RvyEHjqn5XS+SEkbdHkmWbTU7N5/RbBmph8/0ANo/MctmEpoV+6hm3qsqY1f++Rx3S7wf9/PthoUnYdKjFfb8OkStJ4nYX6qmbWbN708NG9W7jO7UjeHIO0LlJQ=&u=U2FsdGVkX1+NVqMP8ctLF96AwO+frNuN+MoUjPMGe0k=&y=U2FsdGVkX1+l1/nhs08HqdA9tUQtjNry8WZ3/MZM+YI= HTTP/1.1" 200 26
186.102.86.41 - - [22/Aug/2023:10:32:05 -0500] "GET /kwssiamovil/sm/acme/a?s=U2FsdGVkX18DQFtW9HQp7dmgZ1tPF4iVKWXAIXHHqTEQPnwl+JZXQfBNNMm5kL4pwaBjPWE8dqhuUbLCOcSXhLxiqW+yLpcPFtOLOq0PqGAjnUYQAtOQLZyZGStZ3Z7Utx9w/DQHHb7NWjGcPl7BnmRfj47nNUkEv/HUu3VLVOw=&u=U2FsdGVkX1+NVqMP8ctLF96AwO+frNuN+MoUjPMGe0k=&y=U2FsdGVkX1+l1/nhs08HqdA9tUQtjNry8WZ3/MZM+YI= HTTP/1.1" 200 26
186.102.86.41 - - [22/Aug/2023:10:32:05 -0500] "GET /kwssiamovil/sm/acme/a?s=U2FsdGVkX18IkJa0V+bbTXXl0J2OjfVNgD6QB141NIPUW61c0aDcJVqHPmpT7UiliMGX3rBQT/cCJZG+lzzEYQ17Ww8n2uTSUVkZcevphZZNInxtnTn86J+hYX6l8AU/g2Dw+lJKETrlUbeFBv/fk/+Q+3Hw2YzAnd+VDYl9uVdSJTiZsflo+Cd/g0wZp1CH&u=U2FsdGVkX1+NVqMP8ctLF96AwO+frNuN+MoUjPMGe0k=&y=U2FsdGVkX1+l1/nhs08HqdA9tUQtjNry8WZ3/MZM+YI= HTTP/1.1" 200 26
201.245.192.253 - - [22/Aug/2023:10:32:06 -0500] "GET /sipse/faces/javax.faces.resource/theme.css?ln=primefaces-sipse HTTP/1.1" 304 -
201.245.192.253 - - [22/Aug/2023:10:32:06 -0500] "GET /sipse/faces/javax.faces.resource/primefaces.css?ln=primefaces&v=4.0 HTTP/1.1" 304 -
201.245.192.253 - - [22/Aug/2023:10:32:06 -0500] "GET /sipse/faces/javax.faces.resource/layout/layout.css?ln=primefaces&v=4.0 HTTP/1.1" 304 -
201.245.192.253 - - [22/Aug/2023:10:32:06 -0500] "GET /sipse/faces/javax.faces.resource/jquery/jquery.js?ln=primefaces&v=4.0 HTTP/1.1" 304 -
201.245.192.253 - - [22/Aug/2023:10:32:06 -0500] "GET /sipse/faces/javax.faces.resource/jquery/jquery-plugins.js?ln=primefaces&v=4.0 HTTP/1.1" 304 -
201.245.192.253 - - [22/Aug/2023:10:32:06 -0500] "GET /sipse/faces/javax.faces.resource/primefaces.js?ln=primefaces&v=4.0 HTTP/1.1" 304 -
201.245.192.253 - - [22/Aug/2023:10:32:06 -0500] "GET /sipse/faces/javax.faces.resource/layout/layout.js?ln=primefaces&v=4.0 HTTP/1.1" 304 -
201.245.192.253 - - [22/Aug/2023:10:32:04 -0500] "POST /sipse/faces/presentacion/financiero/solicitudProceso/consultarSolicitudProceso.xhtml HTTP/1.1" 200 232871
201.245.192.253 - - [22/Aug/2023:10:32:08 -0500] "POST /sipse/faces/presentacion/financiero/solicitudProceso/consultarSolicitudProceso.xhtml HTTP/1.1" 200 279607
190.145.240.34 - - [22/Aug/2023:10:32:09 -0500] "GET /BLA/resoluciones/index.php?dir=RESOLUCIONES+2021%2F HTTP/1.1" 200 442371
201.245.192.253 - - [22/Aug/2023:10:32:05 -0500] "POST /sipse/faces/presentacion/financiero/solicitudProceso/consultarHistorialSolProceso.xhtml HTTP/1.1" 200 186922
201.245.192.253 - - [22/Aug/2023:10:32:12 -0500] "GET /sipse/faces/javax.faces.resource/dynamiccontent.properties?ln=primefaces&pfdrid=XjOR5%2F%2FfPAZAuY9TpWQeCiM0BhlXxYRBGKi%2FQcXXfeA%3D&pfdrid_c=false HTTP/1.1" 500 383
201.245.192.253 - - [22/Aug/2023:10:32:16 -0500] "POST /sipse/faces/presentacion/financiero/solicitudProceso/consultarSolicitudProceso.xhtml HTTP/1.1" 200 54294
190.145.240.34 - - [22/Aug/2023:10:32:17 -0500] "GET /BLA/resoluciones/RESOLUCIONES%202021/2478.pdf HTTP/1.1" 200 450865
172.22.2.4 - - [22/Aug/2023:10:31:39 -0500] "GET /BLA/boletinlegal/ HTTP/1.1" 200 32715
201.245.192.253 - - [22/Aug/2023:10:32:00 -0500] "POST /sipse/faces/presentacion/financiero/solicitudProceso/consultarSolicitudProceso.xhtml HTTP/1.1" 200 3276309
201.245.192.253 - - [22/Aug/2023:10:32:28 -0500] "POST /sipse/faces/presentacion/financiero/solicitudProceso/consultarHistorialSolProceso.xhtml HTTP/1.1" 200 42196
201.245.192.253 - - [22/Aug/2023:10:32:29 -0500] "GET /sipse/faces/javax.faces.resource/theme.css?ln=primefaces-sipse HTTP/1.1" 304 -
201.245.192.253 - - [22/Aug/2023:10:32:29 -0500] "GET /sipse/faces/javax.faces.resource/primefaces.css?ln=primefaces&v=4.0 HTTP/1.1" 304 -
201.245.192.253 - - [22/Aug/2023:10:32:29 -0500] "GET /sipse/faces/javax.faces.resource/layout/layout.css?ln=primefaces&v=4.0 HTTP/1.1" 304 -
201.245.192.253 - - [22/Aug/2023:10:32:29 -0500] "GET /sipse/faces/javax.faces.resource/jquery/jquery.js?ln=primefaces&v=4.0 HTTP/1.1" 304 -
201.245.192.253 - - [22/Aug/2023:10:32:30 -0500] "GET /sipse/faces/javax.faces.resource/jquery/jquery-plugins.js?ln=primefaces&v=4.0 HTTP/1.1" 304 -
201.245.192.253 - - [22/Aug/2023:10:32:30 -0500] "GET /sipse/faces/javax.faces.resource/primefaces.js?ln=primefaces&v=4.0 HTTP/1.1" 304 -
201.245.192.253 - - [22/Aug/2023:10:32:30 -0500] "GET /sipse/faces/javax.faces.resource/layout/layout.js?ln=primefaces&v=4.0 HTTP/1.1" 304 -
152.202.66.148 - - [22/Aug/2023:10:32:35 -0500] "GET /BLA/resoluciones/RESOLUCIONES%202021/4353.pdf HTTP/1.1" 200 484087
200.116.127.159 - - [22/Aug/2023:10:32:38 -0500] "GET /galeria/galeria/jquery.fancybox.css?v=2.1.5 HTTP/1.1" 200 4895
200.116.127.159 - - [22/Aug/2023:10:32:38 -0500] "GET /BLA/boletinlegal/js/jquery.scrollShow.js HTTP/1.1" 200 4586
200.116.127.159 - - [22/Aug/2023:10:32:38 -0500] "GET /galeria/galeria/jquery.fancybox.js?v=2.1.5 HTTP/1.1" 200 48706
201.245.192.253 - - [22/Aug/2023:10:31:53 -0500] "POST /sipse/faces/presentacion/financiero/solicitudProceso/consultarSolicitudProceso.xhtml HTTP/1.1" 200 8095145
66.249.70.6 - - [22/Aug/2023:10:33:03 -0500] "GET /BLA/resoluciones/RESOLUCIONES%202009/7425.pdf HTTP/1.1" 200 495513
191.156.50.18 - - [22/Aug/2023:10:33:04 -0500] "GET /sipse/faces/index.xhtml HTTP/1.1" 200 677
191.156.50.18 - - [22/Aug/2023:10:33:04 -0500] "GET /sipse/faces/javax.faces.resource/theme.css?ln=primefaces-sipse HTTP/1.1" 304 -
191.156.50.18 - - [22/Aug/2023:10:33:05 -0500] "GET /sipse/faces/faces/autenticacion.xhtml HTTP/1.1" 200 12171
191.156.60.27 - - [22/Aug/2023:10:33:05 -0500] "GET /sipse/faces/javax.faces.resource/theme.css?ln=primefaces-sipse HTTP/1.1" 304 -
191.156.54.121 - - [22/Aug/2023:10:33:06 -0500] "GET /sipse/faces/javax.faces.resource/primefaces.css?ln=primefaces&v=4.0 HTTP/1.1" 304 -
191.156.54.121 - - [22/Aug/2023:10:33:07 -0500] "GET /sipse/faces/javax.faces.resource/layout/layout.css?ln=primefaces&v=4.0 HTTP/1.1" 304 -
191.156.50.18 - - [22/Aug/2023:10:33:07 -0500] "GET /sipse/faces/javax.faces.resource/jquery/jquery.js?ln=primefaces&v=4.0 HTTP/1.1" 304 -
191.156.54.121 - - [22/Aug/2023:10:33:07 -0500] "GET /sipse/faces/javax.faces.resource/jquery/jquery-plugins.js?ln=primefaces&v=4.0 HTTP/1.1" 304 -
191.156.54.121 - - [22/Aug/2023:10:33:07 -0500] "GET /sipse/faces/javax.faces.resource/layout/layout.js?ln=primefaces&v=4.0 HTTP/1.1" 304 -
191.156.50.18 - - [22/Aug/2023:10:33:07 -0500] "GET /sipse/faces/javax.faces.resource/primefaces.js?ln=primefaces&v=4.0 HTTP/1.1" 304 -
191.156.60.27 - - [22/Aug/2023:10:33:09 -0500] "GET /sipse/faces/javax.faces.resource/images/ui-icons_898989_256x240.png?ln=primefaces-aristo HTTP/1.1" 304 -
191.156.60.27 - - [22/Aug/2023:10:33:12 -0500] "POST /sipse/faces/autenticacion.xhtml HTTP/1.1" 200 2225
191.156.60.27 - - [22/Aug/2023:10:33:12 -0500] "GET /sipse/faces/javax.faces.resource/messages/messages.png?ln=primefaces&v=4.0 HTTP/1.1" 304 -
216.245.221.92 - - [22/Aug/2023:10:33:14 -0500] "HEAD / HTTP/1.1" 200 -
191.156.60.27 - - [22/Aug/2023:10:33:14 -0500] "POST /sipse/faces/autenticacion.xhtml HTTP/1.1" 200 16340
191.156.60.27 - - [22/Aug/2023:10:33:18 -0500] "GET /sipse/faces/javax.faces.resource/theme.css?ln=primefaces-sipse HTTP/1.1" 304 -
191.156.52.114 - - [22/Aug/2023:10:33:18 -0500] "GET /sipse/faces/javax.faces.resource/primefaces.css?ln=primefaces&v=4.0 HTTP/1.1" 304 -
191.156.60.71 - - [22/Aug/2023:10:33:18 -0500] "GET /sipse/faces/javax.faces.resource/jquery/jquery.js?ln=primefaces&v=4.0 HTTP/1.1" 304 -
191.156.53.218 - - [22/Aug/2023:10:33:18 -0500] "GET /sipse/faces/javax.faces.resource/layout/layout.css?ln=primefaces&v=4.0 HTTP/1.1" 304 -
191.156.60.71 - - [22/Aug/2023:10:33:21 -0500] "GET /sipse/faces/javax.faces.resource/jquery/jquery-plugins.js?ln=primefaces&v=4.0 HTTP/1.1" 304 -
152.202.66.148 - - [22/Aug/2023:10:33:23 -0500] "GET /BLA/resoluciones/RESOLUCIONES%202021/4338.pdf HTTP/1.1" 200 517244
201.245.192.253 - - [22/Aug/2023:10:33:29 -0500] "POST /forms/lservlet;jsessionid=ac16012b30d6991ce9371c5c4592911cfedc7997d818.e3iSbxaKaheRe34Rch0Ra3mLchv0n6jAmljGr5XDqQLvpAe HTTP/1.1" 200 2
191.156.60.71 - - [22/Aug/2023:10:33:31 -0500] "GET /sipse/faces/javax.faces.resource/primefaces.js?ln=primefaces&v=4.0 HTTP/1.1" 304 -
191.156.60.71 - - [22/Aug/2023:10:33:31 -0500] "GET /sipse/faces/javax.faces.resource/layout/layout.js?ln=primefaces&v=4.0 HTTP/1.1" 304 -
191.156.60.71 - - [22/Aug/2023:10:33:31 -0500] "GET /sipse/css/imagen/contrasena.png HTTP/1.1" 404 383
52.167.144.43 - - [22/Aug/2023:10:33:52 -0500] "GET /sipse/faces/faces/autenticacion.xhtml HTTP/1.1" 200 12493
152.202.66.148 - - [22/Aug/2023:10:33:52 -0500] "GET /BLA/resoluciones/RESOLUCIONES%202021/3975.pdf HTTP/1.1" 200 408984
191.156.55.8 - - [22/Aug/2023:10:33:58 -0500] "GET /sipse/faces/javax.faces.resource/images/ui-bg_flat_0_2d5972_40x100.png?ln=primefaces-aristo HTTP/1.1" 304 -
191.156.55.8 - - [22/Aug/2023:10:34:01 -0500] "POST /sipse/faces/bienvenido.xhtml HTTP/1.1" 200 2658
191.156.55.8 - - [22/Aug/2023:10:34:03 -0500] "POST /sipse/faces/bienvenido.xhtml HTTP/1.1" 200 51354
200.118.60.55 - - [22/Aug/2023:10:34:11 -0500] "GET /BLA/resoluciones/index.php?dir=AUTOS+2015%2F HTTP/1.1" 200 583842
191.156.55.8 - - [22/Aug/2023:10:34:13 -0500] "GET /sipse/faces/javax.faces.resource/theme.css?ln=primefaces-sipse HTTP/1.1" 304 -
191.156.52.114 - - [22/Aug/2023:10:34:13 -0500] "GET /sipse/faces/javax.faces.resource/jquery/jquery.js?ln=primefaces&v=4.0 HTTP/1.1" 304 -
191.156.58.82 - - [22/Aug/2023:10:34:13 -0500] "GET /sipse/faces/javax.faces.resource/primefaces.css?ln=primefaces&v=4.0 HTTP/1.1" 304 -
191.156.53.218 - - [22/Aug/2023:10:34:13 -0500] "GET /sipse/faces/javax.faces.resource/layout/layout.css?ln=primefaces&v=4.0 HTTP/1.1" 304 -
191.156.52.114 - - [22/Aug/2023:10:34:16 -0500] "GET /sipse/faces/javax.faces.resource/jquery/jquery-plugins.js?ln=primefaces&v=4.0 HTTP/1.1" 304 -
191.156.52.114 - - [22/Aug/2023:10:34:17 -0500] "GET /sipse/faces/javax.faces.resource/primefaces.js?ln=primefaces&v=4.0 HTTP/1.1" 304 -
191.156.52.114 - - [22/Aug/2023:10:34:17 -0500] "GET /sipse/faces/javax.faces.resource/layout/layout.js?ln=primefaces&v=4.0 HTTP/1.1" 304 -
191.156.52.114 - - [22/Aug/2023:10:34:17 -0500] "POST /sipse/faces/presentacion/financiero/solicitudProceso/listarSolicitudProceso.xhtml HTTP/1.1" 200 1492
152.202.66.148 - - [22/Aug/2023:10:34:22 -0500] "GET /BLA/resoluciones/RESOLUCIONES%202021/3232.pdf HTTP/1.1" 200 725600
172.22.2.4 - - [22/Aug/2023:10:34:32 -0500] "GET /BLA/boletinlegal/normativa.php HTTP/1.1" 200 8343
172.22.2.4 - - [22/Aug/2023:10:34:32 -0500] "GET /BLA/boletinlegal/styles2.css HTTP/1.1" 200 1838
172.22.2.4 - - [22/Aug/2023:10:34:32 -0500] "GET /BLA/boletinlegal/js/ajax_normativa.js HTTP/1.1" 200 1154
172.22.2.4 - - [22/Aug/2023:10:34:32 -0500] "GET /BLA/boletinlegal/niceforms.js HTTP/1.1" 200 22876
172.22.2.4 - - [22/Aug/2023:10:34:32 -0500] "GET /BLA/boletinlegal/niceforms-default.css HTTP/1.1" 200 6694
172.22.2.4 - - [22/Aug/2023:10:34:32 -0500] "GET /BLA/boletinlegal/style.css HTTP/1.1" 200 9406
172.22.2.4 - - [22/Aug/2023:10:34:32 -0500] "GET /BLA/boletinlegal/images/cabezote%20BLEGAL.jpg HTTP/1.1" 200 118164
172.22.2.4 - - [22/Aug/2023:10:34:32 -0500] "GET /BLA/boletinlegal/images/subscribe-icon-big.png HTTP/1.1" 200 47702
172.22.2.4 - - [22/Aug/2023:10:34:32 -0500] "GET /BLA/boletinlegal/images/historia.png HTTP/1.1" 200 52775
172.22.2.4 - - [22/Aug/2023:10:34:32 -0500] "GET /BLA/boletinlegal/images/registro-usuarios.png HTTP/1.1" 200 8106
172.22.2.4 - - [22/Aug/2023:10:34:32 -0500] "GET /BLA/boletinlegal/images/icono-email.png HTTP/1.1" 200 5544
172.22.2.4 - - [22/Aug/2023:10:34:32 -0500] "GET /BLA/boletinlegal/images/tel.png HTTP/1.1" 200 14477
172.22.2.4 - - [22/Aug/2023:10:34:32 -0500] "GET /BLA/boletinlegal/images/body_bg.jpg HTTP/1.1" 200 1601
172.22.2.4 - - [22/Aug/2023:10:34:32 -0500] "GET /BLA/boletinlegal/images/menu_lft.gif HTTP/1.1" 200 1713
172.22.2.4 - - [22/Aug/2023:10:34:32 -0500] "GET /BLA/boletinlegal/images/menu_rght.gif HTTP/1.1" 200 1627
172.22.2.4 - - [22/Aug/2023:10:34:32 -0500] "GET /BLA/boletinlegal/images/bg_top.jpg HTTP/1.1" 200 522
172.22.2.4 - - [22/Aug/2023:10:34:32 -0500] "GET /BLA/boletinlegal/images/menu_bg.jpg HTTP/1.1" 200 620
172.22.2.4 - - [22/Aug/2023:10:34:32 -0500] "GET /BLA/boletinlegal/images/hover.jpg HTTP/1.1" 200 640
172.22.2.4 - - [22/Aug/2023:10:34:32 -0500] "GET /BLA/boletinlegal/images/text.jpg HTTP/1.1" 200 568
172.22.2.4 - - [22/Aug/2023:10:34:32 -0500] "GET /BLA/boletinlegal/images/footer_bg.jpg HTTP/1.1" 200 586
172.22.2.4 - - [22/Aug/2023:10:34:32 -0500] "GET /BLA/boletinlegal/images/footer_bg_l.jpg HTTP/1.1" 200 776
172.22.2.4 - - [22/Aug/2023:10:34:32 -0500] "GET /BLA/boletinlegal/img/0.png HTTP/1.1" 200 110
172.22.2.4 - - [22/Aug/2023:10:34:32 -0500] "GET /BLA/boletinlegal/img/select-left.png HTTP/1.1" 200 263
172.22.2.4 - - [22/Aug/2023:10:34:32 -0500] "GET /BLA/boletinlegal/img/button-left.png HTTP/1.1" 200 57071
172.22.2.4 - - [22/Aug/2023:10:34:32 -0500] "GET /BLA/boletinlegal/img/select-right.png HTTP/1.1" 200 44019
172.22.2.4 - - [22/Aug/2023:10:34:32 -0500] "GET /BLA/boletinlegal/img/button.png HTTP/1.1" 200 43241
172.22.2.4 - - [22/Aug/2023:10:34:32 -0500] "GET /BLA/boletinlegal/img/button-right.png HTTP/1.1" 200 57878
172.22.2.4 - - [22/Aug/2023:10:34:32 -0500] "GET /BLA/boletinlegal/favicon.ico HTTP/1.1" 404 1334
190.109.20.169 - - [22/Aug/2023:10:34:45 -0500] "POST /sipse/faces/presentacion/proyectos/proyecto/meta/meta.xhtml HTTP/1.1" 200 81597
190.109.20.169 - - [22/Aug/2023:10:34:46 -0500] "GET /sipse/faces/javax.faces.resource/jquery/jquery.js?ln=primefaces&v=4.0 HTTP/1.1" 304 -
190.109.20.169 - - [22/Aug/2023:10:34:46 -0500] "GET /sipse/faces/javax.faces.resource/jquery/jquery-plugins.js?ln=primefaces&v=4.0 HTTP/1.1" 304 -
190.109.20.169 - - [22/Aug/2023:10:34:46 -0500] "GET /sipse/faces/javax.faces.resource/primefaces.js?ln=primefaces&v=4.0 HTTP/1.1" 304 -
190.109.20.169 - - [22/Aug/2023:10:34:46 -0500] "GET /sipse/faces/javax.faces.resource/layout/layout.js?ln=primefaces&v=4.0 HTTP/1.1" 304 -
190.109.20.169 - - [22/Aug/2023:10:34:47 -0500] "POST /sipse/faces/presentacion/proyectos/proyecto/listarProyecto.xhtml HTTP/1.1" 200 75014
190.109.20.169 - - [22/Aug/2023:10:34:57 -0500] "POST /sipse/faces/presentacion/proyectos/proyecto/listarProyecto.xhtml HTTP/1.1" 200 2225
172.22.2.4 - - [22/Aug/2023:10:33:17 -0500] "HEAD /BLA/boletinlegal/ HTTP/1.1" 200 -
190.109.20.169 - - [22/Aug/2023:10:34:58 -0500] "POST /sipse/faces/presentacion/proyectos/proyecto/listarProyecto.xhtml HTTP/1.1" 200 35607
190.109.20.169 - - [22/Aug/2023:10:34:59 -0500] "POST /sipse/faces/presentacion/proyectos/proyecto/listarProyecto.xhtml HTTP/1.1" 200 5001
190.109.20.169 - - [22/Aug/2023:10:35:01 -0500] "POST /sipse/faces/presentacion/proyectos/proyecto/listarProyecto.xhtml HTTP/1.1" 200 163
190.109.20.169 - - [22/Aug/2023:10:35:03 -0500] "GET /sipse/faces/presentacion/proyectos/proyecto/proyecto.xhtml HTTP/1.1" 200 87356
190.109.20.169 - - [22/Aug/2023:10:35:05 -0500] "GET /sipse/faces/javax.faces.resource/theme.css?ln=primefaces-sipse HTTP/1.1" 304 -
190.109.20.169 - - [22/Aug/2023:10:35:05 -0500] "GET /sipse/faces/javax.faces.resource/layout/layout.css?ln=primefaces&v=4.0 HTTP/1.1" 304 -
190.109.20.169 - - [22/Aug/2023:10:35:05 -0500] "GET /sipse/faces/javax.faces.resource/primefaces.css?ln=primefaces&v=4.0 HTTP/1.1" 304 -
190.109.20.169 - - [22/Aug/2023:10:35:05 -0500] "GET /sipse/faces/javax.faces.resource/jquery/jquery.js?ln=primefaces&v=4.0 HTTP/1.1" 304 -
190.109.20.169 - - [22/Aug/2023:10:35:05 -0500] "GET /sipse/faces/javax.faces.resource/jquery/jquery-plugins.js?ln=primefaces&v=4.0 HTTP/1.1" 304 -
190.109.20.169 - - [22/Aug/2023:10:35:05 -0500] "GET /sipse/faces/javax.faces.resource/primefaces.js?ln=primefaces&v=4.0 HTTP/1.1" 304 -
190.109.20.169 - - [22/Aug/2023:10:35:05 -0500] "GET /sipse/faces/javax.faces.resource/layout/layout.js?ln=primefaces&v=4.0 HTTP/1.1" 304 -
190.109.20.169 - - [22/Aug/2023:10:35:05 -0500] "GET /sipse/faces/javax.faces.resource/images/ui-icons_898989_256x240.png?ln=primefaces-aristo HTTP/1.1" 304 -
190.109.20.169 - - [22/Aug/2023:10:35:06 -0500] "GET /sipse/faces/javax.faces.resource/images/ui-bg_flat_0_2d5972_40x100.png?ln=primefaces-aristo HTTP/1.1" 304 -
190.109.20.169 - - [22/Aug/2023:10:35:06 -0500] "POST /sipse/faces/presentacion/proyectos/proyecto/proyecto.xhtml HTTP/1.1" 200 3265
201.245.192.253 - - [22/Aug/2023:10:35:29 -0500] "POST /forms/lservlet;jsessionid=ac16012b30d6991ce9371c5c4592911cfedc7997d818.e3iSbxaKaheRe34Rch0Ra3mLchv0n6jAmljGr5XDqQLvpAe HTTP/1.1" 200 2
172.22.2.4 - - [22/Aug/2023:10:34:07 -0500] "GET /BLA/boletinlegal/ HTTP/1.1" 200 58597
52.167.144.43 - - [22/Aug/2023:10:35:52 -0500] "GET /sipse/faces/faces/autenticacion.xhtml HTTP/1.1" 200 12493
152.202.66.148 - - [22/Aug/2023:10:35:54 -0500] "GET /BLA/resoluciones/RESOLUCIONES%202021/3231.pdf HTTP/1.1" 200 5781643
191.156.191.77 - - [22/Aug/2023:10:35:55 -0500] "GET /bogota-empieza-la-consolidacion-de-la-estrategia-de-bosques-urbanos-con-el-brazo-salitre-en-barrios-unidos.html?utm_source=Meta_DIGI&utm_medium=CPV&utm_campaign=BosquesUrbanos&utm_id=Agosto_2023&fbclid=IwAR0mSNDTZ9L3d3R2x7Ax7CEhJlqputyIfsviSvklKghaXR-u2T_gS8KtJVk_aem_Aba_QrsD9o2dEYB-iIYzp-gRqaHPqVut3YvKmj56bMBGsYWr3PkNe3hZyFIFj3A0dZXs-2ZyUUZSzLgeqv_W31kE HTTP/1.1" 200 892
201.245.192.253 - - [22/Aug/2023:10:35:54 -0500] "POST /kwsrmcab/Wsrmcab  HTTP/1.1" 200 41818
186.29.33.77 - - [22/Aug/2023:10:36:00 -0500] "GET /cuales-son-las-senales-para-identificar-un-arbol-en-riesgo-de-caida-en-bogota.html HTTP/1.1" 200 863
186.102.50.255 - - [22/Aug/2023:10:36:00 -0500] "GET /kwssiamovil/sm/ldap/au?x=U2FsdGVkX198JdMwoeR54U7uVc9TSFUwQH4l8z6aDmzNI5a8XIUBAj9nmJ4Nf73i&y=U2FsdGVkX1/UQIpei1ZSH/y0OeEgRQDcrQo8OeRno+I= HTTP/1.1" 200 30
186.102.50.255 - - [22/Aug/2023:10:36:00 -0500] "GET /kwssiamovil/sm/acme/s?s=U2FsdGVkX18N3QoMmtBlxYUCDyFLLsgF7Y2uCZHCTx4IoLaD24cxI5rq+NPpzQd/8Ia9Hm/6ZdFGglEP7qjVz03oa/EqyBW3buQfggccDL4=&u=U2FsdGVkX18Wj5mTz0VUmmTw+ErnPOTHHMJoAMa27E8=&y=U2FsdGVkX1/UQIpei1ZSH/y0OeEgRQDcrQo8OeRno+I= HTTP/1.1" 200 97
186.102.50.255 - - [22/Aug/2023:10:36:00 -0500] "GET /kwssiamovil/sm/acme/s?s=U2FsdGVkX1/bXBQqsT1lReWdFz9Ews+b55zUs4liDJZ7UVGkAxRnH3IUu/ujZevp9mjlj0f5GKEfQNT3ViEFXQ9FQsBgSTafo2vWQjfYHT4qmqxyF0cPI7oANemanxeyOsANCswFobjwTAnWohimQ9KbezgnPPsWUzjTLHBtTlyLPQwcLs1Z/dybll0r9Jf9NswEb52cQvF4biDpsi4Oq6V5WDr3cJnyxiuuB1P2FRKWMA/y4LzZ59wDMyuOt8ChdFxTA3cOGiWtSlmZYKCPF4saui2DsBptkrlROTUXSQWtYTwbv7Hu0vt/NwMDYmOoPUy1Mjf2oVZLy8j324a5gG/iWGIWYrXioChCCcPKCk3Iwfs0ck56fESC/K70GYIlyNKLn3q0ltQMHcbHhE4z1uYUllTjqa3h3lU0yngKCmYKcVsHd5ClsPQn2vS/oQPxOh/qGC+vzj0vKNMJNN50BeRJauG4u2FMjuxJxIEsHQutUcv+7R2tBDQ4I98+W9Hjv58PxuOvhcwCFlpydEKPL98ZUHfHF7bfDLtYsDiG8W9tZJSGLKIYnYdVxXsHmVIVhUgo+isPDNwdLk5KvOktbusB1GIXRMTIS20fAA0p+dMXFHRi0V/zUQaSWjZ9MOO8O8kadhmvgtAtaEU66lBZT27IX3MQSNLgrtZcO1/ui4cdU1qSQ1PlBhQS81ftm9MgA+1w12+vSoSjad1pJ6QGoYOe4goKu95rKE8djZ2HIAV/kkz5rpsoyaMoEzqAvJkIeoFqXXqtORzZ2/4bpcBu5Vb5Yn5Vs5UUroDFg/AotPzM475aCFXT+hVwUNhTog3Lj2iiSkvN8FH5WvGz8sIs6F+qhktt/qXGvwdFGIGL/rSVob43uSfQlTYlXBwdaAUvrZeZis5ZOFCkFY5m1LQN+xrn2tJgHcEufBM3o0FonJx6nTCZjzzvYVque3ZpSh3zTtebift6HeqRiD2UsRjA0M3yxSugUfKzpQl9BaTJKKbfIUF4LtcliZuNNbbOHIskpBbtHDqpVaTr7Gcb60c0F0yN1oWA4+nM8BC/ZHd5nd13bVnP0oSxPZkR/bToG/3Axvum4QAfZafsShZGQrtNmeKca3Xa8b0KXC8+jqIlQgOH3hV9rKa/nwkCeXcJF8stL0cXMQaXMaWFKAq5pvIpdmWMzNghangK0c9N0/jwGOLf9ZCF7d/2o4Pl3gbllKlTJdOW74kssq7UZHopJa8RqH0vLyvABGr3ThkeEsCv+iW2gn7ghnqaE3idChw0SBT5KU3QSLLUi9TlGk1zh0DlwvHHFYyNaohJsN5MWN0MGk+OqLP/fMPHVOdVhiSzS+JjNCatBVrR72gX+oxtn4L4HZKakQB+5i8C5v6HSKOcTr86LvNufVC2t91mX8scDkzJEOZOZLZ2B89ZLu5BJPtjR60IMqx7ZKp7we/DuNKdk7W+G+f5wQsMEXsA3Cm1SK4Khcw73FPfjt73HeyNJMs7FercdUEr/oahFT2lGa8+ZkHPjhYd2H1hqVqliDGkf1y8jGU0Rh+gEeMIBqFfZK+kntm8MLu9I57x5UaFbZbXpRjMmba+CRou0VQmocwDe40VmN7IgghYkOsjKE9w/xZX0zWz0S5yQUNfBnuXLKYG8tGAcADWotWY8j1LEC69SmiAxM10dDc3In7K1ZCPCI0ELzoVR3DaayYr74TkmgHP35p6Pv1PHGwyd8it0fXQo9HGn5ilj8jF7CgxEnrR+Y4AiGCBIldQGSd5nv6tt4l82qw=&u=U2FsdGVkX18Wj5mTz0VUmmTw+ErnPOTHHMJoAMa27E8=&y=U2FsdGVkX1/UQIpei1ZSH/y0OeEgRQDcrQo8OeRno+I= HTTP/1.1" 200 1622
186.102.50.255 - - [22/Aug/2023:10:36:00 -0500] "GET /kwssiamovil/sm/acme/s?s=U2FsdGVkX193RiLPF1SWfl0sHl0Rre74CJhnCO/8tnrUjo7PxFmoCxYGUKnw0jdEJRSnUC+S/YvHxc4sAXUN11SNnRv0Z4r2z+bZMMXv/bh+R7vsAWYmjwFTcxr1q4l4rFmmt6FYaaYNudGnWB1wV+JsA9LH5p6KtuBM7BETz5rD5N89PyZkP+/p3mUz/TcERcZYXVWfiLa72abWJmab01f2KC8Pu2SFNpKNoi3IfgvNDtreFIKR9aaw+WQeBp4EHehln89nAJKZGgbS2bIBy4Q+IrQS4O90U0E45EvNTY+k5l8szXWD8XXu0E4LpCKc6rSmJcEmk5K9NvMfT81YBPm47a3RNfnDkQbHL4uY8zm2lpZY4sBx3yJDiQwcSPCK/NfBqg8bxIwyuju3fhJNZQ18d1XiQgZqgVLJ3qlAGN8QHPAablFNw7iZKrLjA/9E74bAJhF0DeP2VyTB5VtHq6aevaxWiZsU8r0lkrMl14bJMXV5zTvt+z1bWJU3OnDGyvY47CJOBwfKjt0/Df05JIsJJAsEPkTajyRvv83aWHsKMH0Ns19IlyMeUDCBzflmpklxb0YmPZfELoTMfbxCxizf0bMrcNCsz3vDyB6AvYENcrb3cAmM+aOYtaeS9F0VKtnYs7tGjbgx9xSeyPMi1tU8tJHorfaVvYdeWDQrJiF61Dtqtx92iGFlR7qcgrbm6sIRiRzaeh0wgfDsNE2L1vHDingwaj9H8ScbqnA+Pc7/EuVOxip5ZmdSrjMeS3rN&u=U2FsdGVkX18Wj5mTz0VUmmTw+ErnPOTHHMJoAMa27E8=&y=U2FsdGVkX1/UQIpei1ZSH/y0OeEgRQDcrQo8OeRno+I= HTTP/1.1" 200 208
186.102.50.255 - - [22/Aug/2023:10:36:00 -0500] "GET /kwssiamovil/sm/cjson/pre?f=1&x=U2FsdGVkX198JdMwoeR54U7uVc9TSFUwQH4l8z6aDmzNI5a8XIUBAj9nmJ4Nf73i HTTP/1.1" 200 31032
152.202.66.148 - - [22/Aug/2023:10:36:30 -0500] "GET /BLA/resoluciones/RESOLUCIONES%202021/3101.pdf HTTP/1.1" 200 333798
190.109.20.169 - - [22/Aug/2023:10:36:40 -0500] "POST /sipse/faces/presentacion/proyectos/proyecto/proyecto.xhtml HTTP/1.1" 200 44683
190.109.20.169 - - [22/Aug/2023:10:36:45 -0500] "GET /sipse/faces/javax.faces.resource/spacer/dot_clear.gif?ln=primefaces&v=4.0 HTTP/1.1" 304 -
190.109.20.169 - - [22/Aug/2023:10:36:45 -0500] "POST /sipse/faces/presentacion/proyectos/proyecto/proyecto.xhtml HTTP/1.1" 200 3949
52.167.144.78 - - [22/Aug/2023:10:36:54 -0500] "GET /Publicaciones/2023EE117028.pdf HTTP/1.1" 404 228
190.109.20.169 - - [22/Aug/2023:10:36:56 -0500] "POST /sipse/faces/presentacion/proyectos/proyecto/proyecto.xhtml HTTP/1.1" 200 187056
190.109.20.169 - - [22/Aug/2023:10:37:00 -0500] "GET /sipse/faces/javax.faces.resource/jquery/jquery.js?ln=primefaces&v=4.0 HTTP/1.1" 304 -
190.109.20.169 - - [22/Aug/2023:10:37:00 -0500] "GET /sipse/faces/javax.faces.resource/jquery/jquery-plugins.js?ln=primefaces&v=4.0 HTTP/1.1" 304 -
190.109.20.169 - - [22/Aug/2023:10:37:01 -0500] "GET /sipse/faces/javax.faces.resource/primefaces.js?ln=primefaces&v=4.0 HTTP/1.1" 304 -
190.109.20.169 - - [22/Aug/2023:10:37:01 -0500] "GET /sipse/faces/javax.faces.resource/layout/layout.js?ln=primefaces&v=4.0 HTTP/1.1" 304 -
152.202.66.148 - - [22/Aug/2023:10:37:15 -0500] "GET /BLA/resoluciones/RESOLUCIONES%202021/2995.pdf HTTP/1.1" 200 362258
190.109.20.169 - - [22/Aug/2023:10:37:16 -0500] "POST /sipse/faces/presentacion/proyectos/proyecto/actividad/crearActividad.xhtml HTTP/1.1" 200 89940
190.109.20.169 - - [22/Aug/2023:10:37:21 -0500] "GET /sipse/faces/javax.faces.resource/jquery/jquery.js?ln=primefaces&v=4.0 HTTP/1.1" 304 -
190.109.20.169 - - [22/Aug/2023:10:37:21 -0500] "GET /sipse/faces/javax.faces.resource/jquery/jquery-plugins.js?ln=primefaces&v=4.0 HTTP/1.1" 304 -
190.109.20.169 - - [22/Aug/2023:10:37:21 -0500] "GET /sipse/faces/javax.faces.resource/primefaces.js?ln=primefaces&v=4.0 HTTP/1.1" 304 -
190.109.20.169 - - [22/Aug/2023:10:37:22 -0500] "GET /sipse/faces/javax.faces.resource/layout/layout.js?ln=primefaces&v=4.0 HTTP/1.1" 304 -
190.109.20.169 - - [22/Aug/2023:10:37:22 -0500] "POST /sipse/faces/presentacion/proyectos/proyecto/proyecto.xhtml HTTP/1.1" 200 3825
190.109.20.169 - - [22/Aug/2023:10:37:25 -0500] "POST /sipse/faces/presentacion/proyectos/proyecto/proyecto.xhtml HTTP/1.1" 200 3821
201.245.192.253 - - [22/Aug/2023:10:37:29 -0500] "POST /forms/lservlet;jsessionid=ac16012b30d6991ce9371c5c4592911cfedc7997d818.e3iSbxaKaheRe34Rch0Ra3mLchv0n6jAmljGr5XDqQLvpAe HTTP/1.1" 200 2
190.109.20.169 - - [22/Aug/2023:10:37:37 -0500] "POST /sipse/faces/presentacion/proyectos/proyecto/proyecto.xhtml HTTP/1.1" 200 72023
66.249.70.5 - - [22/Aug/2023:10:37:45 -0500] "GET /siipev/Diseno%20de%20Elementos%20de%20Mobiliario%20Urbano/Diseno%20pertenecientes%20al%20mobiliario%20urbano%20M10-M160/PARTE%20A/Dise%C3%B1o%20de%20Elementos%20M-40.pdf HTTP/1.1" 200 486554
190.109.20.169 - - [22/Aug/2023:10:37:58 -0500] "POST /sipse/faces/presentacion/proyectos/proyecto/proyecto.xhtml HTTP/1.1" 200 61436
216.245.221.92 - - [22/Aug/2023:10:38:14 -0500] "HEAD / HTTP/1.1" 200 -
190.109.20.169 - - [22/Aug/2023:10:38:21 -0500] "POST /sipse/faces/presentacion/proyectos/proyecto/proyecto.xhtml HTTP/1.1" 200 15418
172.22.2.4 - - [22/Aug/2023:10:38:23 -0500] "GET /BLA/boletinlegal/actos.php HTTP/1.1" 200 9682
172.22.2.4 - - [22/Aug/2023:10:38:24 -0500] "GET /BLA/boletinlegal/styles2.css HTTP/1.1" 200 1838
172.22.2.4 - - [22/Aug/2023:10:38:24 -0500] "GET /BLA/boletinlegal/niceforms-default.css HTTP/1.1" 200 6694
172.22.2.4 - - [22/Aug/2023:10:38:24 -0500] "GET /BLA/boletinlegal/style.css HTTP/1.1" 200 9406
172.22.2.4 - - [22/Aug/2023:10:38:24 -0500] "GET /BLA/boletinlegal/js/ajax_actos.js HTTP/1.1" 200 1322
172.22.2.4 - - [22/Aug/2023:10:38:24 -0500] "GET /BLA/boletinlegal/niceforms.js HTTP/1.1" 200 22876
172.22.2.4 - - [22/Aug/2023:10:38:24 -0500] "GET /BLA/boletinlegal/js/lib.js HTTP/1.1" 200 6474
172.22.2.4 - - [22/Aug/2023:10:38:24 -0500] "GET /BLA/boletinlegal/js/popup.js HTTP/1.1" 200 1270
172.22.2.4 - - [22/Aug/2023:10:38:24 -0500] "GET /BLA/boletinlegal/js/jquery1.js HTTP/1.1" 200 29846
172.22.2.4 - - [22/Aug/2023:10:38:24 -0500] "GET /BLA/boletinlegal/images/cabezote%20BLEGAL.jpg HTTP/1.1" 200 118164
172.22.2.4 - - [22/Aug/2023:10:38:24 -0500] "GET /BLA/boletinlegal/images/subscribe-icon-big.png HTTP/1.1" 200 47702
172.22.2.4 - - [22/Aug/2023:10:38:24 -0500] "GET /BLA/boletinlegal/images/historia.png HTTP/1.1" 200 52775
172.22.2.4 - - [22/Aug/2023:10:38:24 -0500] "GET /BLA/boletinlegal/images/body_bg.jpg HTTP/1.1" 200 1601
172.22.2.4 - - [22/Aug/2023:10:38:24 -0500] "GET /BLA/boletinlegal/images/footer_bg.jpg HTTP/1.1" 200 586
172.22.2.4 - - [22/Aug/2023:10:38:24 -0500] "GET /BLA/boletinlegal/images/menu_lft.gif HTTP/1.1" 200 1713
172.22.2.4 - - [22/Aug/2023:10:38:24 -0500] "GET /BLA/boletinlegal/images/menu_rght.gif HTTP/1.1" 200 1627
172.22.2.4 - - [22/Aug/2023:10:38:24 -0500] "GET /BLA/boletinlegal/images/bg_top.jpg HTTP/1.1" 200 522
172.22.2.4 - - [22/Aug/2023:10:38:24 -0500] "GET /BLA/boletinlegal/images/menu_bg.jpg HTTP/1.1" 200 620
172.22.2.4 - - [22/Aug/2023:10:38:24 -0500] "GET /BLA/boletinlegal/images/text.jpg HTTP/1.1" 200 568
172.22.2.4 - - [22/Aug/2023:10:38:24 -0500] "GET /BLA/boletinlegal/images/registro-usuarios.png HTTP/1.1" 200 8106
172.22.2.4 - - [22/Aug/2023:10:38:24 -0500] "GET /BLA/boletinlegal/images/hover.jpg HTTP/1.1" 200 640
172.22.2.4 - - [22/Aug/2023:10:38:24 -0500] "GET /BLA/boletinlegal/images/green-yellow-blue-pink-th.png HTTP/1.1" 200 7394
172.22.2.4 - - [22/Aug/2023:10:38:24 -0500] "GET /BLA/boletinlegal/images/tel.png HTTP/1.1" 200 14477
172.22.2.4 - - [22/Aug/2023:10:38:24 -0500] "GET /BLA/boletinlegal/images/icono-email.png HTTP/1.1" 200 5544
172.22.2.4 - - [22/Aug/2023:10:38:24 -0500] "GET /BLA/boletinlegal/images/footer_bg_l.jpg HTTP/1.1" 200 776
172.22.2.4 - - [22/Aug/2023:10:38:25 -0500] "GET /BLA/boletinlegal/img/0.png HTTP/1.1" 200 110
172.22.2.4 - - [22/Aug/2023:10:38:25 -0500] "GET /BLA/boletinlegal/img/select-left.png HTTP/1.1" 200 263
172.22.2.4 - - [22/Aug/2023:10:38:25 -0500] "GET /BLA/boletinlegal/img/select-right.png HTTP/1.1" 200 44019
172.22.2.4 - - [22/Aug/2023:10:38:25 -0500] "GET /BLA/boletinlegal/img/button-left.png HTTP/1.1" 200 57071
172.22.2.4 - - [22/Aug/2023:10:38:25 -0500] "GET /BLA/boletinlegal/img/button.png HTTP/1.1" 200 43241
172.22.2.4 - - [22/Aug/2023:10:38:25 -0500] "GET /BLA/boletinlegal/img/button-right.png HTTP/1.1" 200 57878
172.22.2.4 - - [22/Aug/2023:10:38:25 -0500] "GET /BLA/boletinlegal/favicon.ico HTTP/1.1" 404 1326
186.169.145.166 - - [22/Aug/2023:10:38:25 -0500] "GET /inscribete-y-participa-en-la-convencion-internacional-de-emergencia-climatica-bogota-2023.html HTTP/1.1" 200 895
152.202.66.148 - - [22/Aug/2023:10:38:33 -0500] "GET /BLA/resoluciones/RESOLUCIONES%202021/2599.pdf HTTP/1.1" 200 367339
190.109.20.169 - - [22/Aug/2023:10:38:33 -0500] "POST /sipse/faces/presentacion/proyectos/proyecto/proyecto.xhtml HTTP/1.1" 200 136784
190.109.20.169 - - [22/Aug/2023:10:38:38 -0500] "GET /sipse/faces/javax.faces.resource/jquery/jquery.js?ln=primefaces&v=4.0 HTTP/1.1" 304 -
190.109.20.169 - - [22/Aug/2023:10:38:38 -0500] "GET /sipse/faces/javax.faces.resource/jquery/jquery-plugins.js?ln=primefaces&v=4.0 HTTP/1.1" 304 -
190.109.20.169 - - [22/Aug/2023:10:38:38 -0500] "GET /sipse/faces/javax.faces.resource/primefaces.js?ln=primefaces&v=4.0 HTTP/1.1" 304 -
190.109.20.169 - - [22/Aug/2023:10:38:38 -0500] "GET /sipse/faces/javax.faces.resource/layout/layout.js?ln=primefaces&v=4.0 HTTP/1.1" 304 -
172.22.2.4 - - [22/Aug/2023:10:38:44 -0500] "GET /BLA/boletinlegal/consulta_actos.php?tipo=resoluciones&no=2760&usuario=&sector=&fecha=2014&resuelve= HTTP/1.1" 200 1039
172.22.2.4 - - [22/Aug/2023:10:38:44 -0500] "GET /BLA/boletinlegal/images/pdf.gif HTTP/1.1" 200 567
190.109.20.169 - - [22/Aug/2023:10:38:43 -0500] "POST /sipse/faces/presentacion/proyectos/proyecto/meta/meta.xhtml HTTP/1.1" 200 182649
190.109.20.169 - - [22/Aug/2023:10:38:45 -0500] "GET /sipse/faces/javax.faces.resource/jquery/jquery.js?ln=primefaces&v=4.0 HTTP/1.1" 304 -
190.109.20.169 - - [22/Aug/2023:10:38:46 -0500] "GET /sipse/faces/javax.faces.resource/jquery/jquery-plugins.js?ln=primefaces&v=4.0 HTTP/1.1" 304 -
190.109.20.169 - - [22/Aug/2023:10:38:46 -0500] "GET /sipse/faces/javax.faces.resource/primefaces.js?ln=primefaces&v=4.0 HTTP/1.1" 304 -
190.109.20.169 - - [22/Aug/2023:10:38:46 -0500] "GET /sipse/faces/javax.faces.resource/layout/layout.js?ln=primefaces&v=4.0 HTTP/1.1" 304 -
181.60.177.141 - - [22/Aug/2023:10:38:46 -0500] "GET /BLA/resoluciones/RESOLUCIONES%202014/2760.pdf HTTP/1.1" 200 665480
181.60.177.141 - - [22/Aug/2023:10:38:47 -0500] "GET /favicon.ico HTTP/1.1" 200 7782
190.109.20.169 - - [22/Aug/2023:10:39:04 -0500] "POST /sipse/faces/presentacion/proyectos/proyecto/actividad/crearActividad.xhtml HTTP/1.1" 200 2540
172.22.2.4 - - [22/Aug/2023:10:39:06 -0500] "GET /BLA/boletinlegal/actos.php HTTP/1.1" 200 9682
152.202.66.148 - - [22/Aug/2023:10:39:07 -0500] "GET /BLA/resoluciones/RESOLUCIONES%202021/1826.pdf HTTP/1.1" 200 764921
201.245.192.253 - - [22/Aug/2023:10:39:08 -0500] "GET /BLA/resoluciones/ HTTP/1.1" 200 13502
190.109.20.169 - - [22/Aug/2023:10:39:12 -0500] "POST /sipse/faces/presentacion/proyectos/proyecto/actividad/crearActividad.xhtml HTTP/1.1" 200 2572
201.245.192.253 - - [22/Aug/2023:10:39:13 -0500] "GET /sipse/faces/javax.faces.resource/images/ui-bg_flat_0_2d5972_40x100.png?ln=primefaces-aristo HTTP/1.1" 304 -
201.245.192.253 - - [22/Aug/2023:10:39:13 -0500] "POST /sipse/faces/presentacion/financiero/solicitudProceso/consultarSolicitudProceso.xhtml HTTP/1.1" 200 64196
201.245.192.253 - - [22/Aug/2023:10:39:14 -0500] "GET /sipse/faces/javax.faces.resource/theme.css?ln=primefaces-sipse HTTP/1.1" 304 -
201.245.192.253 - - [22/Aug/2023:10:39:14 -0500] "GET /sipse/faces/javax.faces.resource/primefaces.css?ln=primefaces&v=4.0 HTTP/1.1" 304 -
201.245.192.253 - - [22/Aug/2023:10:39:14 -0500] "GET /sipse/faces/javax.faces.resource/layout/layout.css?ln=primefaces&v=4.0 HTTP/1.1" 304 -
201.245.192.253 - - [22/Aug/2023:10:39:14 -0500] "GET /sipse/faces/javax.faces.resource/jquery/jquery.js?ln=primefaces&v=4.0 HTTP/1.1" 304 -
201.245.192.253 - - [22/Aug/2023:10:39:14 -0500] "GET /sipse/faces/javax.faces.resource/jquery/jquery-plugins.js?ln=primefaces&v=4.0 HTTP/1.1" 304 -
201.245.192.253 - - [22/Aug/2023:10:39:14 -0500] "GET /sipse/faces/javax.faces.resource/primefaces.js?ln=primefaces&v=4.0 HTTP/1.1" 304 -
201.245.192.253 - - [22/Aug/2023:10:39:14 -0500] "GET /sipse/faces/javax.faces.resource/layout/layout.js?ln=primefaces&v=4.0 HTTP/1.1" 304 -
201.245.192.253 - - [22/Aug/2023:10:39:12 -0500] "POST /kwsrmcab/Wsrmcab HTTP/1.1" 200 41699
201.245.192.253 - - [22/Aug/2023:10:39:14 -0500] "POST /sipse/faces/presentacion/financiero/solicitudProceso/listarSolicitudProceso.xhtml HTTP/1.1" 200 57583
201.245.192.253 - - [22/Aug/2023:10:39:15 -0500] "POST /sipse/faces/presentacion/financiero/solicitudProceso/listarSolicitudProceso.xhtml HTTP/1.1" 200 57583
201.245.192.253 - - [22/Aug/2023:10:39:15 -0500] "POST /sipse/faces/presentacion/financiero/solicitudProceso/listarSolicitudProceso.xhtml HTTP/1.1" 200 57583
201.245.192.253 - - [22/Aug/2023:10:39:15 -0500] "GET /sipse/faces/index.xhtml HTTP/1.1" 200 677
201.245.192.253 - - [22/Aug/2023:10:39:15 -0500] "GET /sipse/faces/javax.faces.resource/theme.css?ln=primefaces-sipse HTTP/1.1" 200 50058
201.245.192.253 - - [22/Aug/2023:10:39:15 -0500] "POST /sipse/faces/presentacion/financiero/solicitudProceso/listarSolicitudProceso.xhtml HTTP/1.1" 200 57583
201.245.192.253 - - [22/Aug/2023:10:39:16 -0500] "GET /sipse/faces/faces/autenticacion.xhtml HTTP/1.1" 200 12171
201.245.192.253 - - [22/Aug/2023:10:39:16 -0500] "GET /sipse/js/disable_browser_buttons.js HTTP/1.1" 304 -
201.245.192.253 - - [22/Aug/2023:10:39:16 -0500] "GET /sipse/js/funciones.js HTTP/1.1" 304 -
201.245.192.253 - - [22/Aug/2023:10:39:16 -0500] "GET /sipse/css/custom_css_sg_prime_login.css HTTP/1.1" 304 -
201.245.192.253 - - [22/Aug/2023:10:39:16 -0500] "GET /sipse/css/custom_css_sg.css HTTP/1.1" 304 -
201.245.192.253 - - [22/Aug/2023:10:39:16 -0500] "GET /sipse/faces/javax.faces.resource/theme.css?ln=primefaces-sipse HTTP/1.1" 304 -
201.245.192.253 - - [22/Aug/2023:10:39:16 -0500] "GET /sipse/faces/javax.faces.resource/jquery/jquery.js?ln=primefaces&v=4.0 HTTP/1.1" 304 -
201.245.192.253 - - [22/Aug/2023:10:39:16 -0500] "GET /sipse/faces/javax.faces.resource/layout/layout.css?ln=primefaces&v=4.0 HTTP/1.1" 304 -
201.245.192.253 - - [22/Aug/2023:10:39:16 -0500] "GET /sipse/faces/javax.faces.resource/primefaces.css?ln=primefaces&v=4.0 HTTP/1.1" 304 -
201.245.192.253 - - [22/Aug/2023:10:39:16 -0500] "GET /sipse/faces/javax.faces.resource/jquery/jquery-plugins.js?ln=primefaces&v=4.0 HTTP/1.1" 304 -
201.245.192.253 - - [22/Aug/2023:10:39:16 -0500] "GET /sipse/faces/javax.faces.resource/primefaces.js?ln=primefaces&v=4.0 HTTP/1.1" 304 -
201.245.192.253 - - [22/Aug/2023:10:39:16 -0500] "GET /sipse/faces/javax.faces.resource/layout/layout.js?ln=primefaces&v=4.0 HTTP/1.1" 304 -
201.245.192.253 - - [22/Aug/2023:10:39:16 -0500] "POST /sipse/faces/presentacion/financiero/solicitudProceso/listarSolicitudProceso.xhtml HTTP/1.1" 200 57583
201.245.192.253 - - [22/Aug/2023:10:39:16 -0500] "GET /sipse/faces/javax.faces.resource/images/ui-icons_898989_256x240.png?ln=primefaces-aristo HTTP/1.1" 200 5355
201.245.192.253 - - [22/Aug/2023:10:39:16 -0500] "GET /sipse/css/imagen/logoSDG.png HTTP/1.1" 200 53064
201.245.192.253 - - [22/Aug/2023:10:39:16 -0500] "GET /sipse/css/imagen/loginimg.png HTTP/1.1" 200 71635
201.245.192.253 - - [22/Aug/2023:10:39:16 -0500] "POST /sipse/faces/presentacion/financiero/solicitudProceso/listarSolicitudProceso.xhtml HTTP/1.1" 200 57583
201.245.192.253 - - [22/Aug/2023:10:39:16 -0500] "POST /sipse/faces/presentacion/financiero/solicitudProceso/listarSolicitudProceso.xhtml HTTP/1.1" 200 57583
201.245.192.253 - - [22/Aug/2023:10:39:16 -0500] "POST /sipse/faces/presentacion/financiero/solicitudProceso/listarSolicitudProceso.xhtml HTTP/1.1" 200 57583
201.245.192.253 - - [22/Aug/2023:10:39:17 -0500] "POST /sipse/faces/presentacion/financiero/solicitudProceso/listarSolicitudProceso.xhtml HTTP/1.1" 200 57583
201.245.192.253 - - [22/Aug/2023:10:39:17 -0500] "POST /sipse/faces/presentacion/financiero/solicitudProceso/listarSolicitudProceso.xhtml HTTP/1.1" 200 1556
201.245.192.253 - - [22/Aug/2023:10:39:18 -0500] "POST /sipse/faces/presentacion/financiero/solicitudProceso/listarSolicitudProceso.xhtml HTTP/1.1" 200 1560
201.245.192.253 - - [22/Aug/2023:10:39:15 -0500] "POST /kwsrmcab/Wsrmcab HTTP/1.1" 200 37664
201.245.192.253 - - [22/Aug/2023:10:39:18 -0500] "POST /sipse/faces/presentacion/financiero/solicitudProceso/listarSolicitudProceso.xhtml HTTP/1.1" 200 1560
201.245.192.253 - - [22/Aug/2023:10:39:18 -0500] "POST /sipse/faces/presentacion/financiero/solicitudProceso/listarSolicitudProceso.xhtml HTTP/1.1" 200 1560
201.245.192.253 - - [22/Aug/2023:10:39:18 -0500] "POST /sipse/faces/presentacion/financiero/solicitudProceso/listarSolicitudProceso.xhtml HTTP/1.1" 200 1560
201.245.192.253 - - [22/Aug/2023:10:39:18 -0500] "POST /sipse/faces/presentacion/financiero/solicitudProceso/listarSolicitudProceso.xhtml HTTP/1.1" 200 1560
201.245.192.253 - - [22/Aug/2023:10:39:18 -0500] "POST /sipse/faces/presentacion/financiero/solicitudProceso/listarSolicitudProceso.xhtml HTTP/1.1" 200 1560
66.249.70.5 - - [22/Aug/2023:10:39:19 -0500] "GET /siipev/Diseno%20de%20Elementos%20de%20Mobiliario%20Urbano/Diseno%20pertenecientes%20al%20mobiliario%20urbano%20M10-M160/PARTE%20A/Dise%C3%B1o%20de%20Elementos%20M-130.pdf HTTP/1.1" 200 1571005
201.245.192.253 - - [22/Aug/2023:10:39:19 -0500] "POST /sipse/faces/presentacion/financiero/solicitudProceso/listarSolicitudProceso.xhtml HTTP/1.1" 200 1560
201.245.192.253 - - [22/Aug/2023:10:39:19 -0500] "POST /sipse/faces/presentacion/financiero/solicitudProceso/listarSolicitudProceso.xhtml HTTP/1.1" 200 1560
201.245.192.253 - - [22/Aug/2023:10:39:19 -0500] "POST /sipse/faces/presentacion/financiero/solicitudProceso/listarSolicitudProceso.xhtml HTTP/1.1" 200 1560
201.245.192.253 - - [22/Aug/2023:10:39:19 -0500] "GET /BLA/resoluciones/index.php?dir=RESOLUCIONES+2021%2F HTTP/1.1" 200 442371
190.109.20.169 - - [22/Aug/2023:10:39:20 -0500] "POST /sipse/faces/presentacion/proyectos/proyecto/actividad/crearActividad.xhtml HTTP/1.1" 200 2576
201.245.192.253 - - [22/Aug/2023:10:39:21 -0500] "POST /sipse/faces/presentacion/financiero/solicitudProceso/listarSolicitudProceso.xhtml HTTP/1.1" 200 19470
190.109.20.169 - - [22/Aug/2023:10:39:28 -0500] "POST /sipse/faces/presentacion/proyectos/proyecto/actividad/crearActividad.xhtml HTTP/1.1" 200 2588
201.245.192.253 - - [22/Aug/2023:10:39:28 -0500] "POST /sipse/faces/presentacion/financiero/solicitudProceso/listarSolicitudProceso.xhtml HTTP/1.1" 200 159502
201.245.192.253 - - [22/Aug/2023:10:39:29 -0500] "GET /sipse/faces/javax.faces.resource/layout/layout.css?ln=primefaces&v=4.0 HTTP/1.1" 304 -
201.245.192.253 - - [22/Aug/2023:10:39:29 -0500] "GET /sipse/faces/javax.faces.resource/theme.css?ln=primefaces-sipse HTTP/1.1" 304 -
201.245.192.253 - - [22/Aug/2023:10:39:29 -0500] "GET /sipse/faces/javax.faces.resource/primefaces.css?ln=primefaces&v=4.0 HTTP/1.1" 304 -
201.245.192.253 - - [22/Aug/2023:10:39:29 -0500] "GET /sipse/faces/javax.faces.resource/jquery/jquery.js?ln=primefaces&v=4.0 HTTP/1.1" 304 -
172.22.2.4 - - [22/Aug/2023:10:39:29 -0500] "GET /BLA/boletinlegal/consulta_actos.php?tipo=resoluciones&no=7186&usuario=&sector=&fecha=2010&resuelve= HTTP/1.1" 200 1086
201.245.192.253 - - [22/Aug/2023:10:39:29 -0500] "GET /sipse/faces/javax.faces.resource/jquery/jquery-plugins.js?ln=primefaces&v=4.0 HTTP/1.1" 304 -
201.245.192.253 - - [22/Aug/2023:10:39:29 -0500] "GET /sipse/faces/javax.faces.resource/primefaces.js?ln=primefaces&v=4.0 HTTP/1.1" 304 -
201.245.192.253 - - [22/Aug/2023:10:39:29 -0500] "GET /sipse/faces/javax.faces.resource/layout/layout.js?ln=primefaces&v=4.0 HTTP/1.1" 304 -
201.245.192.253 - - [22/Aug/2023:10:39:29 -0500] "GET /sipse/faces/javax.faces.resource/dynamiccontent.properties?ln=primefaces&pfdrid=XjOR5%2F%2FfPAZAuY9TpWQeCiM0BhlXxYRBGKi%2FQcXXfeA%3D&pfdrid_c=false HTTP/1.1" 500 383
201.245.192.253 - - [22/Aug/2023:10:39:29 -0500] "POST /forms/lservlet;jsessionid=ac16012b30d6991ce9371c5c4592911cfedc7997d818.e3iSbxaKaheRe34Rch0Ra3mLchv0n6jAmljGr5XDqQLvpAe HTTP/1.1" 200 2
190.109.20.169 - - [22/Aug/2023:10:39:30 -0500] "POST /sipse/faces/presentacion/proyectos/proyecto/actividad/crearActividad.xhtml HTTP/1.1" 200 2596
181.60.177.141 - - [22/Aug/2023:10:39:30 -0500] "GET /BLA/resoluciones/RESOLUCIONES%202010/7186.pdf HTTP/1.1" 200 1398291
66.249.70.5 - - [22/Aug/2023:10:39:36 -0500] "GET /siipev/Diseno%20de%20Elementos%20de%20Mobiliario%20Urbano/Otros%20Elementos/PARTE%20B/Dise%C3%B1o%20de%20Elementos%20M-130.pdf HTTP/1.1" 200 815593
190.109.20.169 - - [22/Aug/2023:10:39:39 -0500] "POST /sipse/faces/presentacion/proyectos/proyecto/actividad/crearActividad.xhtml HTTP/1.1" 200 2600
190.109.20.169 - - [22/Aug/2023:10:39:43 -0500] "POST /sipse/faces/presentacion/proyectos/proyecto/actividad/crearActividad.xhtml HTTP/1.1" 200 7299
201.245.192.253 - - [22/Aug/2023:10:39:44 -0500] "POST /sipse/faces/presentacion/financiero/solicitudProceso/consultarSolicitudProceso.xhtml HTTP/1.1" 200 158355
190.109.20.169 - - [22/Aug/2023:10:39:44 -0500] "POST /sipse/faces/presentacion/proyectos/proyecto/actividad/crearActividad.xhtml HTTP/1.1" 200 7310
190.109.20.169 - - [22/Aug/2023:10:39:47 -0500] "POST /sipse/faces/presentacion/proyectos/proyecto/actividad/crearActividad.xhtml HTTP/1.1" 200 7322
201.245.192.253 - - [22/Aug/2023:10:39:52 -0500] "POST /sipse/faces/presentacion/financiero/solicitudProceso/consultarSolicitudProceso.xhtml HTTP/1.1" 200 248565
152.202.66.148 - - [22/Aug/2023:10:40:03 -0500] "GET /BLA/resoluciones/RESOLUCIONES%202021/1646.pdf HTTP/1.1" 200 652991
191.95.170.121 - - [22/Aug/2023:10:40:08 -0500] "GET /bogota-empieza-la-consolidacion-de-la-estrategia-de-bosques-urbanos-con-el-brazo-salitre-en-barrios-unidos.html?utm_source=Meta_DIGI&utm_medium=CPV&utm_campaign=BosquesUrbanos&utm_id=Agosto_2023&fbclid=IwAR1z5sPglZu6IBrzeA3WT6DnSTiqFsWJtL7h0leZLLtC3x3yT-4I0OKPmP0_aem_Abb1odWPaIHJQrrP9QFbi7M8qsNmDpLL_151AR9lQMU4CsY0MQ7Wns3WoRJQvBwl2oZX2DmmzkeMD5i-X0RnP98r HTTP/1.1" 200 892
201.245.192.253 - - [22/Aug/2023:10:40:11 -0500] "POST /sipse/faces/presentacion/financiero/solicitudProceso/consultarSolicitudProceso.xhtml HTTP/1.1" 200 158355
152.202.66.148 - - [22/Aug/2023:10:40:13 -0500] "GET /BLA/resoluciones/RESOLUCIONES%202021/1590.pdf HTTP/1.1" 200 470667
157.55.39.216 - - [22/Aug/2023:10:40:12 -0500] "GET /portaldeninos/wp-content/uploads/2019/09/Caucho-sabanero-%C3%A1rboles.jpg HTTP/1.1" 200 344651
190.85.9.98 - - [22/Aug/2023:10:40:16 -0500] "GET /autoliquidacion/Fauna%20Silvestre/126pm04-pr22-f-a30%20solicitud%20verificacion%20Expo-Impo.xls HTTP/1.1" 404 1120
157.55.39.216 - - [22/Aug/2023:10:40:14 -0500] "GET /portaldeninos/wp-content/uploads/2019/09/Caucho-sabanero-%C3%A1rboles.jpg HTTP/1.1" 200 344651
190.85.9.98 - - [22/Aug/2023:10:40:16 -0500] "GET /favicon.ico HTTP/1.1" 200 7782
201.245.192.253 - - [22/Aug/2023:10:40:17 -0500] "POST /sipse/faces/presentacion/financiero/solicitudProceso/consultarSolicitudProceso.xhtml HTTP/1.1" 200 148328
190.109.20.169 - - [22/Aug/2023:10:40:17 -0500] "POST /sipse/faces/presentacion/proyectos/proyecto/actividad/crearActividad.xhtml HTTP/1.1" 200 60288
190.109.20.169 - - [22/Aug/2023:10:40:19 -0500] "GET /sipse/faces/javax.faces.resource/jquery/jquery.js?ln=primefaces&v=4.0 HTTP/1.1" 304 -
190.109.20.169 - - [22/Aug/2023:10:40:20 -0500] "GET /sipse/faces/javax.faces.resource/jquery/jquery-plugins.js?ln=primefaces&v=4.0 HTTP/1.1" 304 -
190.109.20.169 - - [22/Aug/2023:10:40:20 -0500] "GET /sipse/faces/javax.faces.resource/primefaces.js?ln=primefaces&v=4.0 HTTP/1.1" 304 -
190.109.20.169 - - [22/Aug/2023:10:40:20 -0500] "GET /sipse/faces/javax.faces.resource/layout/layout.js?ln=primefaces&v=4.0 HTTP/1.1" 304 -
190.109.20.169 - - [22/Aug/2023:10:40:27 -0500] "POST /sipse/faces/presentacion/proyectos/proyecto/actividad/ponderacionVertical.xhtml HTTP/1.1" 200 41332
190.109.20.169 - - [22/Aug/2023:10:40:36 -0500] "POST /sipse/faces/presentacion/proyectos/proyecto/actividad/ponderacionVertical.xhtml HTTP/1.1" 200 41325
190.109.20.169 - - [22/Aug/2023:10:40:41 -0500] "GET /sipse/faces/javax.faces.resource/theme.css?ln=primefaces-sipse HTTP/1.1" 304 -
190.109.20.169 - - [22/Aug/2023:10:40:41 -0500] "GET /sipse/faces/javax.faces.resource/primefaces.css?ln=primefaces&v=4.0 HTTP/1.1" 304 -
190.109.20.169 - - [22/Aug/2023:10:40:41 -0500] "GET /sipse/faces/javax.faces.resource/layout/layout.css?ln=primefaces&v=4.0 HTTP/1.1" 304 -
190.109.20.169 - - [22/Aug/2023:10:40:41 -0500] "GET /sipse/faces/javax.faces.resource/jquery/jquery.js?ln=primefaces&v=4.0 HTTP/1.1" 304 -
190.109.20.169 - - [22/Aug/2023:10:40:41 -0500] "GET /sipse/faces/javax.faces.resource/jquery/jquery-plugins.js?ln=primefaces&v=4.0 HTTP/1.1" 304 -
190.109.20.169 - - [22/Aug/2023:10:40:41 -0500] "GET /sipse/faces/javax.faces.resource/primefaces.js?ln=primefaces&v=4.0 HTTP/1.1" 304 -
190.109.20.169 - - [22/Aug/2023:10:40:41 -0500] "GET /sipse/faces/javax.faces.resource/layout/layout.js?ln=primefaces&v=4.0 HTTP/1.1" 304 -
190.109.20.169 - - [22/Aug/2023:10:40:38 -0500] "POST /sipse/faces/presentacion/proyectos/proyecto/actividad/ponderacionVertical.xhtml HTTP/1.1" 200 188234
190.109.20.169 - - [22/Aug/2023:10:40:41 -0500] "GET /sipse/faces/javax.faces.resource/images/ui-icons_898989_256x240.png?ln=primefaces-aristo HTTP/1.1" 304 -
190.109.20.169 - - [22/Aug/2023:10:40:41 -0500] "GET /sipse/faces/javax.faces.resource/messages/messages.png?ln=primefaces&v=4.0 HTTP/1.1" 304 -
190.109.20.169 - - [22/Aug/2023:10:40:41 -0500] "GET /sipse/faces/javax.faces.resource/spacer/dot_clear.gif?ln=primefaces&v=4.0 HTTP/1.1" 304 -
172.22.2.4 - - [22/Aug/2023:10:39:07 -0500] "HEAD /BLA/boletinlegal/ HTTP/1.1" 200 -
201.245.192.253 - - [22/Aug/2023:10:40:53 -0500] "POST /kwsrmcab/Wsrmcab  HTTP/1.1" 200 41818
152.202.66.148 - - [22/Aug/2023:10:40:59 -0500] "GET /BLA/resoluciones/RESOLUCIONES%202021/1266.pdf HTTP/1.1" 200 458410
190.109.20.169 - - [22/Aug/2023:10:41:04 -0500] "GET /sipse/faces/javax.faces.resource/images/ui-bg_flat_0_2d5972_40x100.png?ln=primefaces-aristo HTTP/1.1" 304 -
190.109.20.169 - - [22/Aug/2023:10:41:04 -0500] "POST /sipse/faces/presentacion/proyectos/proyecto/actividad/crearActividad.xhtml HTTP/1.1" 200 2957
201.245.192.253 - - [22/Aug/2023:10:41:15 -0500] "GET /sipse/faces/index.xhtml HTTP/1.1" 200 677
201.245.192.253 - - [22/Aug/2023:10:41:15 -0500] "GET /sipse/faces/javax.faces.resource/theme.css?ln=primefaces-sipse HTTP/1.1" 304 -
201.245.192.253 - - [22/Aug/2023:10:41:15 -0500] "GET /sipse/faces/faces/autenticacion.xhtml HTTP/1.1" 200 12171
201.245.192.253 - - [22/Aug/2023:10:41:15 -0500] "GET /sipse/js/disable_browser_buttons.js HTTP/1.1" 304 -
201.245.192.253 - - [22/Aug/2023:10:41:15 -0500] "GET /sipse/js/funciones.js HTTP/1.1" 304 -
201.245.192.253 - - [22/Aug/2023:10:41:15 -0500] "GET /sipse/css/custom_css_sg_prime_login.css HTTP/1.1" 304 -
201.245.192.253 - - [22/Aug/2023:10:41:15 -0500] "GET /sipse/css/custom_css_sg.css HTTP/1.1" 304 -
201.245.192.253 - - [22/Aug/2023:10:41:15 -0500] "GET /sipse/faces/javax.faces.resource/layout/layout.css?ln=primefaces&v=4.0 HTTP/1.1" 304 -
201.245.192.253 - - [22/Aug/2023:10:41:15 -0500] "GET /sipse/faces/javax.faces.resource/primefaces.css?ln=primefaces&v=4.0 HTTP/1.1" 304 -
201.245.192.253 - - [22/Aug/2023:10:41:15 -0500] "GET /sipse/faces/javax.faces.resource/theme.css?ln=primefaces-sipse HTTP/1.1" 304 -
201.245.192.253 - - [22/Aug/2023:10:41:15 -0500] "GET /sipse/faces/javax.faces.resource/jquery/jquery.js?ln=primefaces&v=4.0 HTTP/1.1" 304 -
201.245.192.253 - - [22/Aug/2023:10:41:15 -0500] "GET /sipse/faces/javax.faces.resource/jquery/jquery-plugins.js?ln=primefaces&v=4.0 HTTP/1.1" 304 -
201.245.192.253 - - [22/Aug/2023:10:41:15 -0500] "GET /sipse/faces/javax.faces.resource/primefaces.js?ln=primefaces&v=4.0 HTTP/1.1" 304 -
201.245.192.253 - - [22/Aug/2023:10:41:15 -0500] "GET /sipse/faces/javax.faces.resource/layout/layout.js?ln=primefaces&v=4.0 HTTP/1.1" 304 -
201.245.192.253 - - [22/Aug/2023:10:41:15 -0500] "GET /sipse/css/imagen/logoSDG.png HTTP/1.1" 304 -
201.245.192.253 - - [22/Aug/2023:10:41:15 -0500] "GET /sipse/css/imagen/loginimg.png HTTP/1.1" 304 -
201.245.192.253 - - [22/Aug/2023:10:41:15 -0500] "GET /sipse/faces/javax.faces.resource/images/ui-icons_898989_256x240.png?ln=primefaces-aristo HTTP/1.1" 304 -
