66.249.70.5 - - [23/Aug/2023:04:24:50 -0500] "GET /BLA/resoluciones/AUTOS%202011/3261.pdf HTTP/1.1" 200 232623
66.249.70.6 - - [23/Aug/2023:04:24:51 -0500] "GET /BLA/resoluciones/AUTOS%202016/1083.pdf HTTP/1.1" 200 231029
191.156.153.136 - - [23/Aug/2023:04:26:16 -0500] "GET /bogota-empieza-la-consolidacion-de-la-estrategia-de-bosques-urbanos-con-el-brazo-salitre-en-barrios-unidos.html?utm_source=Meta_DIGI&utm_medium=CPV&utm_campaign=BosquesUrbanos&utm_id=Agosto_2023&fbclid=IwAR1fMY8NMwA8jmegFcjYhvqTRQ0maMjqXn_7U5EPWgusfRlnJ3Y97s4Yock_aem_AebJoLiruMOgiyKxvew7Jrm0pPXAoz2jlhbwdnA8TVve4rgbqfc3YMvNu8mJBex--hRQZf8_Q9-9aHfZhWVLyAct HTTP/1.1" 200 892
201.245.192.253 - - [23/Aug/2023:04:27:17 -0500] "POST /kwsrmcab/Wsrmcab  HTTP/1.1" 200 41818
190.96.149.41 - - [23/Aug/2023:04:27:23 -0500] "GET /inscribete-y-participa-en-la-convencion-internacional-de-emergencia-climatica-bogota-2023.html HTTP/1.1" 200 895
216.245.221.92 - - [23/Aug/2023:04:28:11 -0500] "HEAD / HTTP/1.1" 200 -
172.22.2.4 - - [23/Aug/2023:04:26:34 -0500] "HEAD /BLA/boletinlegal/ HTTP/1.1" 200 -
172.22.2.4 - - [23/Aug/2023:04:27:25 -0500] "GET /BLA/boletinlegal/ HTTP/1.1" 200 60692
201.245.192.253 - - [23/Aug/2023:04:29:08 -0500] "POST /kwsrmcab/Wsrmcab HTTP/1.1" 200 42857
201.245.192.253 - - [23/Aug/2023:04:29:12 -0500] "POST /kwsrmcab/Wsrmcab HTTP/1.1" 200 43682
181.59.2.155 - - [23/Aug/2023:04:29:49 -0500] "GET /inscribete-y-participa-en-la-convencion-internacional-de-emergencia-climatica-bogota-2023.html HTTP/1.1" 200 895
201.245.192.253 - - [23/Aug/2023:04:32:16 -0500] "POST /kwsrmcab/Wsrmcab  HTTP/1.1" 200 41818
191.156.48.193 - - [23/Aug/2023:04:33:06 -0500] "GET /inscribete-y-participa-en-la-convencion-internacional-de-emergencia-climatica-bogota-2023.html HTTP/1.1" 200 895
216.245.221.92 - - [23/Aug/2023:04:33:11 -0500] "HEAD / HTTP/1.1" 200 -
93.147.10.13 - - [23/Aug/2023:04:33:56 -0500] "GET / HTTP/1.0" 200 319
172.22.2.4 - - [23/Aug/2023:04:32:24 -0500] "HEAD /BLA/boletinlegal/ HTTP/1.1" 200 -
172.22.2.4 - - [23/Aug/2023:04:33:15 -0500] "GET /BLA/boletinlegal/ HTTP/1.1" 200 58597
66.249.70.6 - - [23/Aug/2023:04:36:16 -0500] "GET /Publicaciones/2023EE168141.pdf HTTP/1.1" 404 228
172.22.2.4 - - [23/Aug/2023:04:36:47 -0500] "GET /BLA/boletinlegal/Directivas/2019/Directiva%20No.%200001%20del%2011%20de%20junio%20de%202019.pdf HTTP/1.1" 304 -
201.245.192.253 - - [23/Aug/2023:04:37:15 -0500] "POST /kwsrmcab/Wsrmcab  HTTP/1.1" 200 41818
216.245.221.92 - - [23/Aug/2023:04:38:11 -0500] "HEAD / HTTP/1.1" 200 -
191.102.224.199 - - [23/Aug/2023:04:38:39 -0500] "GET /inscribete-y-participa-en-la-convencion-internacional-de-emergencia-climatica-bogota-2023.html HTTP/1.1" 200 895
201.245.192.253 - - [23/Aug/2023:04:39:09 -0500] "POST /kwsrmcab/Wsrmcab HTTP/1.1" 200 42857
201.245.192.253 - - [23/Aug/2023:04:39:12 -0500] "POST /kwsrmcab/Wsrmcab HTTP/1.1" 200 43682
172.22.2.4 - - [23/Aug/2023:04:38:14 -0500] "HEAD /BLA/boletinlegal/ HTTP/1.1" 200 -
172.22.2.4 - - [23/Aug/2023:04:39:05 -0500] "GET /BLA/boletinlegal/ HTTP/1.1" 200 57323
172.22.2.4 - - [23/Aug/2023:04:40:32 -0500] "GET /BLA/boletinlegal/ HTTP/1.1" 200 62286
201.245.192.253 - - [23/Aug/2023:04:42:13 -0500] "POST /kwsrmcab/Wsrmcab  HTTP/1.1" 200 41818
216.245.221.92 - - [23/Aug/2023:04:43:11 -0500] "HEAD / HTTP/1.1" 200 -
181.61.204.193 - - [23/Aug/2023:04:45:01 -0500] "GET /bogota-empieza-la-consolidacion-de-la-estrategia-de-bosques-urbanos-con-el-brazo-salitre-en-barrios-unidos.html?utm_source=Meta_DIGI&utm_medium=CPV&utm_campaign=BosquesUrbanos&utm_id=Agosto_2023&fbclid=IwAR2MwdGgOnWvqwtp-cXF0v2pGQeRhHwqeBIHt9Pwv1ggRDWDldXK-LX53vM_aem_Aea-0riYaActLm_9evdAGumY07fKD-IndeH3DDp555Ta1QA5h0QbwFKWk_lXVNcI6suu6BhGxHenpb6Jn1dZDc0B HTTP/1.1" 200 892
172.22.2.4 - - [23/Aug/2023:04:44:04 -0500] "HEAD /BLA/boletinlegal/ HTTP/1.1" 200 -
172.22.2.4 - - [23/Aug/2023:04:44:55 -0500] "GET /BLA/boletinlegal/ HTTP/1.1" 200 60692
201.245.192.253 - - [23/Aug/2023:04:47:13 -0500] "POST /kwsrmcab/Wsrmcab  HTTP/1.1" 200 41818
123.126.50.76 - - [23/Aug/2023:04:47:21 -0500] "GET / HTTP/1.1" 200 319
216.245.221.92 - - [23/Aug/2023:04:48:11 -0500] "HEAD / HTTP/1.1" 200 -
40.77.167.208 - - [23/Aug/2023:04:51:03 -0500] "GET /BLA/resoluciones/AUTOS%202022/3050.pdf HTTP/1.1" 304 -
172.22.2.4 - - [23/Aug/2023:04:49:54 -0500] "HEAD /BLA/boletinlegal/ HTTP/1.1" 200 -
52.167.144.19 - - [23/Aug/2023:04:51:35 -0500] "GET /autoliquidacion/Solicitud%20de%20expedici%C3%B3n%20de%20certificados%20de%20estado%20de%20conservaci%C3%B3n%20ambiental%20(CECA)/Resoluci%C3%B3n%20No%2003918%20de%20%202019.pdf HTTP/1.1" 200 258617
168.119.251.242 - - [23/Aug/2023:04:51:48 -0500] "GET / HTTP/1.1" 200 319
168.119.251.242 - - [23/Aug/2023:04:51:49 -0500] "GET / HTTP/1.1" 200 4720
201.245.192.253 - - [23/Aug/2023:04:52:11 -0500] "POST /kwsrmcab/Wsrmcab  HTTP/1.1" 200 41818
172.22.2.4 - - [23/Aug/2023:04:50:45 -0500] "GET /BLA/boletinlegal/ HTTP/1.1" 200 58597
216.245.221.92 - - [23/Aug/2023:04:53:11 -0500] "HEAD / HTTP/1.1" 200 -
201.245.192.253 - - [23/Aug/2023:04:57:11 -0500] "POST /kwsrmcab/Wsrmcab  HTTP/1.1" 200 41818
172.22.2.4 - - [23/Aug/2023:04:55:44 -0500] "HEAD /BLA/boletinlegal/ HTTP/1.1" 200 -
216.245.221.92 - - [23/Aug/2023:04:58:11 -0500] "HEAD / HTTP/1.1" 200 -
172.22.2.4 - - [23/Aug/2023:04:56:35 -0500] "GET /BLA/boletinlegal/ HTTP/1.1" 200 53362
52.167.144.33 - - [23/Aug/2023:05:00:28 -0500] "GET /BLA/resoluciones/index.php?dir=Decretos/&sort=name&order=desc HTTP/1.1" 200 6803
201.245.192.253 - - [23/Aug/2023:05:02:09 -0500] "POST /kwsrmcab/Wsrmcab  HTTP/1.1" 200 41818
216.245.221.92 - - [23/Aug/2023:05:03:11 -0500] "HEAD / HTTP/1.1" 200 -
172.22.2.4 - - [23/Aug/2023:05:01:34 -0500] "HEAD /BLA/boletinlegal/ HTTP/1.1" 200 -
172.22.2.4 - - [23/Aug/2023:05:02:25 -0500] "GET /BLA/boletinlegal/ HTTP/1.1" 200 59343
172.22.2.4 - - [23/Aug/2023:05:03:50 -0500] "GET /BLA/boletinlegal/ HTTP/1.1" 200 20427
40.77.167.208 - - [23/Aug/2023:05:05:04 -0500] "GET /BLA/resoluciones/AUTOS%202022/1195.pdf HTTP/1.1" 200 431102
201.245.192.253 - - [23/Aug/2023:05:07:08 -0500] "POST /kwsrmcab/Wsrmcab  HTTP/1.1" 200 41818
172.22.2.4 - - [23/Aug/2023:05:07:45 -0500] "GET /BLA/boletinlegal/styles2.css HTTP/1.1" 200 1838
172.22.2.4 - - [23/Aug/2023:05:07:45 -0500] "GET /BLA/boletinlegal/js/jquery.js HTTP/1.1" 200 57254
172.22.2.4 - - [23/Aug/2023:05:07:45 -0500] "GET /BLA/boletinlegal/style.css HTTP/1.1" 200 9406
172.22.2.4 - - [23/Aug/2023:05:07:45 -0500] "GET /BLA/boletinlegal/js/jquery.scrollTo-min.js HTTP/1.1" 200 1150
172.22.2.4 - - [23/Aug/2023:05:07:45 -0500] "GET /BLA/boletinlegal/js/jquery.scrollShow.js HTTP/1.1" 200 4586
172.22.2.4 - - [23/Aug/2023:05:07:45 -0500] "GET /BLA/boletinlegal/images/cabezote%20BLEGAL.jpg HTTP/1.1" 200 118164
172.22.2.4 - - [23/Aug/2023:05:07:45 -0500] "GET /BLA/boletinlegal/images/subscribe-icon-big.png HTTP/1.1" 200 47702
172.22.2.4 - - [23/Aug/2023:05:07:45 -0500] "GET /BLA/boletinlegal/images/registro-usuarios.png HTTP/1.1" 200 8106
172.22.2.4 - - [23/Aug/2023:05:07:45 -0500] "GET /BLA/boletinlegal/images/historia.png HTTP/1.1" 200 52775
172.22.2.4 - - [23/Aug/2023:05:07:45 -0500] "GET /BLA/boletinlegal/images/arr_l.jpg HTTP/1.1" 200 1979
172.22.2.4 - - [23/Aug/2023:05:07:45 -0500] "GET /BLA/boletinlegal/images/screen_1.png HTTP/1.1" 200 202547
172.22.2.4 - - [23/Aug/2023:05:07:45 -0500] "GET /BLA/boletinlegal/images/launch.jpg HTTP/1.1" 200 14577
172.22.2.4 - - [23/Aug/2023:05:07:46 -0500] "GET /BLA/boletinlegal/images/body_bg.jpg HTTP/1.1" 200 1601
172.22.2.4 - - [23/Aug/2023:05:07:46 -0500] "GET /BLA/boletinlegal/images/menu_lft.gif HTTP/1.1" 200 1713
172.22.2.4 - - [23/Aug/2023:05:07:46 -0500] "GET /BLA/boletinlegal/images/menu_rght.gif HTTP/1.1" 200 1627
172.22.2.4 - - [23/Aug/2023:05:07:46 -0500] "GET /BLA/boletinlegal/images/bg_top.jpg HTTP/1.1" 200 522
172.22.2.4 - - [23/Aug/2023:05:07:46 -0500] "GET /BLA/boletinlegal/images/menu_bg.jpg HTTP/1.1" 200 620
172.22.2.4 - - [23/Aug/2023:05:07:46 -0500] "GET /BLA/boletinlegal/images/hover.jpg HTTP/1.1" 200 640
172.22.2.4 - - [23/Aug/2023:05:07:46 -0500] "GET /BLA/boletinlegal/images/text.jpg HTTP/1.1" 200 568
172.22.2.4 - - [23/Aug/2023:05:07:47 -0500] "GET /BLA/boletinlegal/actos.php HTTP/1.1" 200 9682
172.22.2.4 - - [23/Aug/2023:05:07:47 -0500] "GET /BLA/boletinlegal/js/ajax_actos.js HTTP/1.1" 200 1322
172.22.2.4 - - [23/Aug/2023:05:07:47 -0500] "GET /BLA/boletinlegal/niceforms.js HTTP/1.1" 200 22876
172.22.2.4 - - [23/Aug/2023:05:07:47 -0500] "GET /BLA/boletinlegal/niceforms-default.css HTTP/1.1" 200 6694
172.22.2.4 - - [23/Aug/2023:05:07:47 -0500] "GET /BLA/boletinlegal/js/lib.js HTTP/1.1" 200 6474
172.22.2.4 - - [23/Aug/2023:05:07:47 -0500] "GET /BLA/boletinlegal/js/popup.js HTTP/1.1" 200 1270
172.22.2.4 - - [23/Aug/2023:05:07:47 -0500] "GET /BLA/boletinlegal/js/jquery1.js HTTP/1.1" 200 29846
172.22.2.4 - - [23/Aug/2023:05:07:47 -0500] "GET /BLA/boletinlegal/images/green-yellow-blue-pink-th.png HTTP/1.1" 200 7394
172.22.2.4 - - [23/Aug/2023:05:07:47 -0500] "GET /BLA/boletinlegal/images/tel.png HTTP/1.1" 200 14477
172.22.2.4 - - [23/Aug/2023:05:07:47 -0500] "GET /BLA/boletinlegal/images/icono-email.png HTTP/1.1" 200 5544
172.22.2.4 - - [23/Aug/2023:05:07:47 -0500] "GET /BLA/boletinlegal/images/footer_bg.jpg HTTP/1.1" 200 586
172.22.2.4 - - [23/Aug/2023:05:07:47 -0500] "GET /BLA/boletinlegal/images/footer_bg_l.jpg HTTP/1.1" 200 776
172.22.2.4 - - [23/Aug/2023:05:07:48 -0500] "GET /BLA/boletinlegal/img/0.png HTTP/1.1" 200 110
172.22.2.4 - - [23/Aug/2023:05:07:48 -0500] "GET /BLA/boletinlegal/img/select-left.png HTTP/1.1" 200 263
172.22.2.4 - - [23/Aug/2023:05:07:48 -0500] "GET /BLA/boletinlegal/img/button-left.png HTTP/1.1" 200 57071
172.22.2.4 - - [23/Aug/2023:05:07:48 -0500] "GET /BLA/boletinlegal/img/select-right.png HTTP/1.1" 200 44019
172.22.2.4 - - [23/Aug/2023:05:07:48 -0500] "GET /BLA/boletinlegal/img/button.png HTTP/1.1" 200 43241
172.22.2.4 - - [23/Aug/2023:05:07:48 -0500] "GET /BLA/boletinlegal/favicon.ico HTTP/1.1" 404 1326
172.22.2.4 - - [23/Aug/2023:05:07:48 -0500] "GET /BLA/boletinlegal/img/button-right.png HTTP/1.1" 200 57878
172.22.2.4 - - [23/Aug/2023:05:07:54 -0500] "GET /BLA/boletinlegal/images/screen_2.png HTTP/1.1" 200 362502
172.22.2.4 - - [23/Aug/2023:05:07:54 -0500] "GET /BLA/boletinlegal/images/screen_3.png HTTP/1.1" 200 210620
172.22.2.4 - - [23/Aug/2023:05:07:54 -0500] "GET /BLA/boletinlegal/images/screen_5.png HTTP/1.1" 200 368876
172.22.2.4 - - [23/Aug/2023:05:07:54 -0500] "GET /BLA/boletinlegal/images/arr_r.jpg HTTP/1.1" 200 1998
172.22.2.4 - - [23/Aug/2023:05:08:01 -0500] "GET /BLA/boletinlegal/consulta_actos.php?tipo=resoluciones&no=3480&usuario=&sector=&fecha=2018&resuelve= HTTP/1.1" 200 626
172.22.2.4 - - [23/Aug/2023:05:08:04 -0500] "GET /BLA/boletinlegal/images/pdf.gif HTTP/1.1" 200 567
216.245.221.92 - - [23/Aug/2023:05:08:11 -0500] "HEAD / HTTP/1.1" 200 -
172.22.2.4 - - [23/Aug/2023:05:08:16 -0500] "GET /BLA/boletinlegal/consulta_actos.php?tipo=resoluciones&no=3480&usuario=&sector=&fecha=2018&resuelve= HTTP/1.1" 200 626
172.22.2.4 - - [23/Aug/2023:05:07:24 -0500] "HEAD /BLA/boletinlegal/ HTTP/1.1" 200 -
66.249.70.6 - - [23/Aug/2023:05:09:09 -0500] "GET /BLA/resoluciones/RESOLUCIONES%202008/0490.pdf HTTP/1.1" 200 114752
43.131.45.150 - - [23/Aug/2023:05:09:15 -0500] "GET / HTTP/1.1" 200 319
172.22.2.4 - - [23/Aug/2023:05:07:45 -0500] "GET /BLA/boletinlegal/ HTTP/1.1" 200 44302
172.22.2.4 - - [23/Aug/2023:05:08:15 -0500] "GET /BLA/boletinlegal/ HTTP/1.1" 200 40614
172.22.2.4 - - [23/Aug/2023:05:09:21 -0500] "GET /BLA/boletinlegal/ HTTP/1.1" 200 20427
201.245.192.253 - - [23/Aug/2023:05:12:07 -0500] "POST /kwsrmcab/Wsrmcab  HTTP/1.1" 200 41818
172.22.2.4 - - [23/Aug/2023:05:12:17 -0500] "GET /BLA/boletinlegal/consulta_actos.php?tipo=resoluciones&no=3658&usuario=&sector=&fecha=2018&resuelve= HTTP/1.1" 200 1054
172.22.2.4 - - [23/Aug/2023:05:12:39 -0500] "GET /BLA/boletinlegal/consulta_actos.php?tipo=resoluciones&no=3480&usuario=&sector=&fecha=2018&resuelve= HTTP/1.1" 200 626
172.22.2.4 - - [23/Aug/2023:05:12:51 -0500] "GET /BLA/boletinlegal/consulta_actos.php?tipo=resoluciones&no=1389&usuario=&sector=&fecha=2018&resuelve= HTTP/1.1" 200 1377
216.245.221.92 - - [23/Aug/2023:05:13:11 -0500] "HEAD / HTTP/1.1" 200 -
66.249.70.7 - - [23/Aug/2023:05:11:59 -0500] "HEAD /BLA/boletinlegal/index.php HTTP/1.1" 200 -
172.22.2.4 - - [23/Aug/2023:05:14:03 -0500] "GET /BLA/boletinlegal/consulta_actos.php?tipo=resoluciones&no=1389&usuario=&sector=&fecha=2019&resuelve= HTTP/1.1" 200 626
172.22.2.4 - - [23/Aug/2023:05:14:05 -0500] "GET /BLA/boletinlegal/consulta_actos.php?tipo=resoluciones&no=1389&usuario=&sector=&fecha=2019&resuelve= HTTP/1.1" 200 626
172.22.2.4 - - [23/Aug/2023:05:14:05 -0500] "GET /BLA/boletinlegal/consulta_actos.php?tipo=resoluciones&no=1389&usuario=&sector=&fecha=2019&resuelve= HTTP/1.1" 200 626
172.22.2.4 - - [23/Aug/2023:05:14:06 -0500] "GET /BLA/boletinlegal/consulta_actos.php?tipo=resoluciones&no=1389&usuario=&sector=&fecha=2019&resuelve= HTTP/1.1" 200 626
191.156.229.120 - - [23/Aug/2023:05:14:49 -0500] "GET /bogota-empieza-la-consolidacion-de-la-estrategia-de-bosques-urbanos-con-el-brazo-salitre-en-barrios-unidos.html?utm_source=Meta_DIGI&utm_medium=CPV&utm_campaign=BosquesUrbanos&utm_id=Agosto_2023&fbclid=IwAR1JPo1ivvFUKxjvpe1diZgRBzF3Znml_XFZzr2DMfaIoVGaYEh2wW2Ku6Q_aem_AeYTmPBRbYN_95mCKG9RDxWHOfcw0buG8R4rhntFc3-eVi5Wlef62XByrLD3DBQgBa84sGxKyRoPPF4tQWYy1Xfs HTTP/1.1" 200 892
66.249.70.7 - - [23/Aug/2023:05:14:52 -0500] "GET /resoluciones/RESOLUCIONES%202010/0128.pdf HTTP/1.1" 404 1018
172.22.2.4 - - [23/Aug/2023:05:13:14 -0500] "HEAD /BLA/boletinlegal/ HTTP/1.1" 200 -
172.22.2.4 - - [23/Aug/2023:05:14:05 -0500] "GET /BLA/boletinlegal/ HTTP/1.1" 200 53362
66.249.70.5 - - [23/Aug/2023:05:16:12 -0500] "GET /BLA/resoluciones/RESOLUCIONES%202008/1409.pdf HTTP/1.1" 200 202954
201.245.192.253 - - [23/Aug/2023:05:17:06 -0500] "POST /kwsrmcab/Wsrmcab  HTTP/1.1" 200 41818
179.19.199.221 - - [23/Aug/2023:05:17:52 -0500] "GET /inscribete-y-participa-en-la-convencion-internacional-de-emergencia-climatica-bogota-2023.html HTTP/1.1" 200 895
216.245.221.92 - - [23/Aug/2023:05:18:11 -0500] "HEAD / HTTP/1.1" 200 -
172.22.2.4 - - [23/Aug/2023:05:18:57 -0500] "GET /BLA/boletinlegal/ab2g HTTP/1.1" 404 1018
172.22.2.4 - - [23/Aug/2023:05:18:59 -0500] "GET /BLA/boletinlegal/ab2h HTTP/1.1" 404 1018
201.245.192.253 - - [23/Aug/2023:05:19:08 -0500] "POST /kwsrmcab/Wsrmcab HTTP/1.1" 200 42860
201.245.192.253 - - [23/Aug/2023:05:19:11 -0500] "POST /kwsrmcab/Wsrmcab HTTP/1.1" 200 43679
172.22.2.4 - - [23/Aug/2023:05:19:18 -0500] "GET /BLA/boletinlegal/t4 HTTP/1.1" 404 1018
172.22.2.4 - - [23/Aug/2023:05:19:20 -0500] "GET /BLA/boletinlegal/favicon.ico HTTP/1.1" 404 1018
172.22.2.4 - - [23/Aug/2023:05:19:06 -0500] "GET /BLA/boletinlegal/ HTTP/1.1" 200 24523
66.249.70.7 - - [23/Aug/2023:05:19:59 -0500] "GET /BLA/resoluciones/RESOLUCIONES%202011/4176.pdf HTTP/1.1" 200 608188
172.22.2.4 - - [23/Aug/2023:05:19:21 -0500] "GET /BLA/boletinlegal/ HTTP/1.1" 200 24523
172.22.2.4 - - [23/Aug/2023:05:19:04 -0500] "HEAD /BLA/boletinlegal/ HTTP/1.1" 200 -
172.22.2.4 - - [23/Aug/2023:05:19:55 -0500] "GET /BLA/boletinlegal/ HTTP/1.1" 200 56257
66.249.70.7 - - [23/Aug/2023:05:22:05 -0500] "GET /BLA/resoluciones/RESOLUCIONES%202008/3425.pdf HTTP/1.1" 200 317625
201.245.192.253 - - [23/Aug/2023:05:22:05 -0500] "POST /kwsrmcab/Wsrmcab  HTTP/1.1" 200 41818
186.31.219.224 - - [23/Aug/2023:05:22:50 -0500] "GET /bogota-empieza-la-consolidacion-de-la-estrategia-de-bosques-urbanos-con-el-brazo-salitre-en-barrios-unidos.html?utm_source=Meta_DIGI&utm_medium=CPV&utm_campaign=BosquesUrbanos&utm_id=Agosto_2023&fbclid=IwAR2823aGlOOGeTlTZUURS8T6I8WbVWy3h35jSoj7UOYlxf275m2wOzOONAg_aem_AeZoViC5sMFxW3uvIFknbVn6HOQt4Nf80d1k51HFZg_t2w9QExyN81y1Rcl7dG4JxwvO9Fc6m3XDFLW2cku4xPkM HTTP/1.1" 200 892
199.16.157.183 - - [23/Aug/2023:05:23:10 -0500] "GET /images/prendas-1_optimized.jpeg HTTP/1.1" 200 65869
199.16.157.183 - - [23/Aug/2023:05:23:10 -0500] "GET /images/prendas-1_optimized.jpeg HTTP/1.1" 200 65869
216.245.221.92 - - [23/Aug/2023:05:23:11 -0500] "HEAD / HTTP/1.1" 200 -
66.249.70.6 - - [23/Aug/2023:05:24:22 -0500] "GET /BLA/resoluciones/RESOLUCIONES%202009/0628.pdf HTTP/1.1" 200 374789
66.249.70.7 - - [23/Aug/2023:05:25:23 -0500] "GET /portel_dama/libreria/pdf/ecosistemas/restauracion/sitio/22_proye/xtras_in/4.pdf HTTP/1.1" 404 1018
172.22.2.4 - - [23/Aug/2023:05:25:40 -0500] "GET /BLA/boletinlegal/jurisprudencia/analisis/analisis%20sentencia%20C-596-10.doc HTTP/1.1" 304 -
172.22.2.4 - - [23/Aug/2023:05:24:54 -0500] "HEAD /BLA/boletinlegal/ HTTP/1.1" 200 -
201.245.192.253 - - [23/Aug/2023:05:27:04 -0500] "POST /kwsrmcab/Wsrmcab  HTTP/1.1" 200 41818
172.22.2.4 - - [23/Aug/2023:05:25:45 -0500] "GET /BLA/boletinlegal/ HTTP/1.1" 200 52656
216.245.221.92 - - [23/Aug/2023:05:28:11 -0500] "HEAD / HTTP/1.1" 200 -
191.156.58.82 - - [23/Aug/2023:05:28:37 -0500] "GET /bogota-empieza-la-consolidacion-de-la-estrategia-de-bosques-urbanos-con-el-brazo-salitre-en-barrios-unidos.html?utm_source=Meta_DIGI&utm_medium=CPV&utm_campaign=BosquesUrbanos&utm_id=Agosto_2023&fbclid=IwAR1EQJ8WBqXPcfP1ziP1i71T2wdKh4mupl-40CQ442guO_WaotoO7_W4mjM_aem_AeY8BuUqbPOnI4TS8CO2p9iPDiVByw9QU0UcrnkaWP1mlM7WdVd-7mR-EG9ULJt110F38wqsGZGN1WsDwodLrCy3 HTTP/1.1" 200 892
201.245.192.253 - - [23/Aug/2023:05:29:08 -0500] "POST /kwsrmcab/Wsrmcab HTTP/1.1" 200 42860
201.245.192.253 - - [23/Aug/2023:05:29:12 -0500] "POST /kwsrmcab/Wsrmcab HTTP/1.1" 200 43679
66.249.70.5 - - [23/Aug/2023:05:28:15 -0500] "HEAD /BLA/boletinlegal/index.php HTTP/1.1" 200 -
201.245.192.253 - - [23/Aug/2023:05:32:04 -0500] "POST /kwsrmcab/Wsrmcab  HTTP/1.1" 200 41818
172.22.2.4 - - [23/Aug/2023:05:30:44 -0500] "HEAD /BLA/boletinlegal/ HTTP/1.1" 200 -
216.245.221.92 - - [23/Aug/2023:05:33:11 -0500] "HEAD / HTTP/1.1" 200 -
172.22.2.4 - - [23/Aug/2023:05:31:35 -0500] "GET /BLA/boletinlegal/ HTTP/1.1" 200 60692
66.249.70.5 - - [23/Aug/2023:05:33:26 -0500] "GET /BLA/resoluciones/RESOLUCIONES%202009/6068.pdf HTTP/1.1" 200 537357
201.245.192.253 - - [23/Aug/2023:05:37:02 -0500] "POST /kwsrmcab/Wsrmcab  HTTP/1.1" 200 41818
216.245.221.92 - - [23/Aug/2023:05:38:11 -0500] "HEAD / HTTP/1.1" 200 -
172.22.2.4 - - [23/Aug/2023:05:36:34 -0500] "HEAD /BLA/boletinlegal/ HTTP/1.1" 200 -
201.185.147.48 - - [23/Aug/2023:05:38:24 -0500] "GET /bogota-empieza-la-consolidacion-de-la-estrategia-de-bosques-urbanos-con-el-brazo-salitre-en-barrios-unidos.html?utm_source=Meta_DIGI&utm_medium=CPV&utm_campaign=BosquesUrbanos&utm_id=Agosto_2023 HTTP/1.1" 200 892
172.22.2.4 - - [23/Aug/2023:05:37:24 -0500] "GET /BLA/boletinlegal/ HTTP/1.1" 200 59699
201.245.192.253 - - [23/Aug/2023:05:39:09 -0500] "POST /kwsrmcab/Wsrmcab HTTP/1.1" 200 42860
201.245.192.253 - - [23/Aug/2023:05:39:12 -0500] "POST /kwsrmcab/Wsrmcab HTTP/1.1" 200 43679
69.171.251.6 - - [23/Aug/2023:05:40:38 -0500] "GET /images/avistamiento-aves.jpg HTTP/1.1" 200 104313
201.245.192.253 - - [23/Aug/2023:05:42:01 -0500] "POST /kwsrmcab/Wsrmcab  HTTP/1.1" 200 41818
216.245.221.92 - - [23/Aug/2023:05:43:11 -0500] "HEAD / HTTP/1.1" 200 -
172.22.2.4 - - [23/Aug/2023:05:43:21 -0500] "GET /BLA/boletinlegal/consulta_actos.php?tipo=resoluciones&no=1903&usuario=&sector=&fecha=2019&resuelve= HTTP/1.1" 200 1597
172.22.2.4 - - [23/Aug/2023:05:43:21 -0500] "GET /BLA/boletinlegal/images/background.gif HTTP/1.1" 200 -
186.86.32.114 - - [23/Aug/2023:05:43:28 -0500] "GET /BLA/resoluciones/RESOLUCIONES%202019/1903.pdf HTTP/1.1" 200 393260
172.22.2.4 - - [23/Aug/2023:05:42:24 -0500] "HEAD /BLA/boletinlegal/ HTTP/1.1" 200 -
172.22.2.4 - - [23/Aug/2023:05:43:15 -0500] "GET /BLA/boletinlegal/ HTTP/1.1" 200 58597
201.245.192.253 - - [23/Aug/2023:05:47:00 -0500] "POST /kwsrmcab/Wsrmcab  HTTP/1.1" 200 41818
216.245.221.92 - - [23/Aug/2023:05:48:11 -0500] "HEAD / HTTP/1.1" 200 -
52.167.144.222 - - [23/Aug/2023:05:48:33 -0500] "GET /Publicaciones/2023EE190696.pdf HTTP/1.1" 200 232024
38.51.244.58 - - [23/Aug/2023:05:49:00 -0500] "GET /bogota-empieza-la-consolidacion-de-la-estrategia-de-bosques-urbanos-con-el-brazo-salitre-en-barrios-unidos.html?utm_source=Meta_DIGI&utm_medium=CPV&utm_campaign=BosquesUrbanos&utm_id=Agosto_2023&fbclid=IwAR0n7Ov8DP7E1Mzcmnc8W_MaSAdtbCw52uM0EqjfvYI_GOKNcu-vqVrydRg_aem_Aeb1wjz8vKfh4rysv8i5uoEypjvAEs_JReIa0EnJGry2__UucgWz1RsPrb9kolmeRi7aRF_6E3aQkc_cLRlzBth3 HTTP/1.1" 200 892
172.22.2.4 - - [23/Aug/2023:05:48:14 -0500] "HEAD /BLA/boletinlegal/ HTTP/1.1" 200 -
186.86.34.11 - - [23/Aug/2023:05:49:56 -0500] "GET /bogota-empieza-la-consolidacion-de-la-estrategia-de-bosques-urbanos-con-el-brazo-salitre-en-barrios-unidos.html?utm_source=Meta_DIGI&utm_medium=CPV&utm_campaign=BosquesUrbanos&utm_id=Agosto_2023&fbclid=IwAR2uV9drdocqkrNPQU2YBBU51BrNo6kush9Gc_vTbKYWJk3vxSV2k5X5wVs_aem_AebgCjeHRPvzudggNlcz0SSFBQ9VhP8tTxwUuCnw44Urz6pYgYftRGpJCYGcS48h2CCZKUdU0JhHuQ64vlKoCVUZ HTTP/1.1" 200 892
66.249.70.6 - - [23/Aug/2023:05:50:14 -0500] "GET /Publicaciones/2023EE173828.pdf HTTP/1.1" 404 228
172.22.2.4 - - [23/Aug/2023:05:49:04 -0500] "GET /BLA/boletinlegal/ HTTP/1.1" 200 58187
201.245.192.253 - - [23/Aug/2023:05:51:58 -0500] "POST /kwsrmcab/Wsrmcab  HTTP/1.1" 200 41818
216.245.221.92 - - [23/Aug/2023:05:53:11 -0500] "HEAD / HTTP/1.1" 200 -
66.249.70.5 - - [23/Aug/2023:05:54:49 -0500] "GET /BLA/resoluciones/RESOLUCIONES%202013/1085.pdf HTTP/1.1" 200 746093
66.249.70.6 - - [23/Aug/2023:05:54:50 -0500] "GET /BLA/resoluciones/AUTOS%202012/1936.pdf HTTP/1.1" 200 399373
66.249.70.7 - - [23/Aug/2023:05:54:51 -0500] "GET /BLA/resoluciones/Notificaciones/AUTOS%202017/01591.pdf HTTP/1.1" 200 321245
66.249.70.5 - - [23/Aug/2023:05:54:52 -0500] "GET /BLA/resoluciones/RESOLUCIONES%202016/1575.pdf HTTP/1.1" 200 623332
66.249.70.5 - - [23/Aug/2023:05:54:52 -0500] "GET /BLA/resoluciones/RESOLUCIONES%202010/7020.pdf HTTP/1.1" 200 1627908
172.22.2.4 - - [23/Aug/2023:05:54:04 -0500] "HEAD /BLA/boletinlegal/ HTTP/1.1" 200 -
181.61.205.228 - - [23/Aug/2023:05:56:20 -0500] "GET /bogota-empieza-la-consolidacion-de-la-estrategia-de-bosques-urbanos-con-el-brazo-salitre-en-barrios-unidos.html?utm_source=Meta_DIGI&utm_medium=CPV&utm_campaign=BosquesUrbanos&utm_id=Agosto_2023&fbclid=IwAR1Js5J5Lv50JdlPOcBCndrg9ugFQ4ScBV1wOfgub3XZQZ1b7OnFdCkH-2Y_aem_AeaM5mMPt8lUcCpT0a_-aRCmx62Vh4zbZqrHCFj3_mHmQzcp-RnRd5H7cRCvmU82kzmpKlSHI1MusfvMtSRLpswz HTTP/1.1" 200 892
172.22.2.4 - - [23/Aug/2023:05:54:55 -0500] "GET /BLA/boletinlegal/ HTTP/1.1" 200 58597
201.245.192.253 - - [23/Aug/2023:05:56:57 -0500] "POST /kwsrmcab/Wsrmcab  HTTP/1.1" 200 41818
216.245.221.92 - - [23/Aug/2023:05:58:11 -0500] "HEAD / HTTP/1.1" 200 -
186.102.35.187 - - [23/Aug/2023:06:00:05 -0500] "GET /cuales-son-los-tramites-ambientales-mas-solicitados-de-bogota.html?fbclid=IwAR1Pzw_MuZtAFMrM0MrK9WVAc87RqM_Q_GjduH0Ib1WJnC0YLjnzhrlug_k HTTP/1.1" 200 840
162.55.175.141 - - [23/Aug/2023:06:00:08 -0500] "GET / HTTP/1.1" 200 319
162.55.175.141 - - [23/Aug/2023:06:00:09 -0500] "GET / HTTP/1.1" 200 4720
172.22.2.4 - - [23/Aug/2023:05:59:54 -0500] "HEAD /BLA/boletinlegal/ HTTP/1.1" 200 -
201.245.192.253 - - [23/Aug/2023:06:01:57 -0500] "POST /kwsrmcab/Wsrmcab  HTTP/1.1" 200 41818
172.22.2.4 - - [23/Aug/2023:06:00:44 -0500] "GET /BLA/boletinlegal/ HTTP/1.1" 200 52656
216.245.221.92 - - [23/Aug/2023:06:03:11 -0500] "HEAD / HTTP/1.1" 200 -
186.155.18.238 - - [23/Aug/2023:06:04:13 -0500] "GET / HTTP/1.1" 200 4720
186.155.18.238 - - [23/Aug/2023:06:04:13 -0500] "GET /js/url.js HTTP/1.1" 404 1294
186.155.18.238 - - [23/Aug/2023:06:04:13 -0500] "GET /css/bootstrap.min.css HTTP/1.1" 200 178212
186.155.18.238 - - [23/Aug/2023:06:04:13 -0500] "GET /css/style.css HTTP/1.1" 200 3473
186.155.18.238 - - [23/Aug/2023:06:04:14 -0500] "GET /fonts/icomoon/style.css HTTP/1.1" 200 79820
186.155.18.238 - - [23/Aug/2023:06:04:14 -0500] "GET /favicon.ico HTTP/1.1" 404 1294
186.80.206.114 - - [23/Aug/2023:06:06:06 -0500] "GET /portaldeninos/aulas-ambientales/aula-ambiental-sorotama/ HTTP/1.1" 200 89600
186.80.206.114 - - [23/Aug/2023:06:06:07 -0500] "GET /portaldeninos/wp-includes/js/wp-emoji-release.min.js?ver=4.9.8 HTTP/1.1" 200 12026
186.80.206.114 - - [23/Aug/2023:06:06:07 -0500] "GET /portaldeninos/wp-content/uploads/useanyfont/uaf.css?ver=1589905315 HTTP/1.1" 200 408
186.80.206.114 - - [23/Aug/2023:06:06:07 -0500] "GET /portaldeninos/wp-content/themes/betheme/style.css?ver=20.9.6 HTTP/1.1" 200 287
186.80.206.114 - - [23/Aug/2023:06:06:07 -0500] "GET /portaldeninos/wp-content/themes/betheme/css/layout.css?ver=20.9.6 HTTP/1.1" 200 116639
186.80.206.114 - - [23/Aug/2023:06:06:07 -0500] "GET /portaldeninos/wp-content/plugins/gallery-videos/CSS/totalsoft.css?ver=4.9.8 HTTP/1.1" 200 40622
186.80.206.114 - - [23/Aug/2023:06:06:07 -0500] "GET /portaldeninos/wp-content/plugins/gallery-videos/CSS/Total-Soft-Gallery-Video-Widget.css?ver=4.9.8 HTTP/1.1" 200 51554
186.80.206.114 - - [23/Aug/2023:06:06:07 -0500] "GET /portaldeninos/wp-content/themes/betheme/assets/ui/jquery.ui.all.css?ver=20.9.6 HTTP/1.1" 200 18765
186.80.206.114 - - [23/Aug/2023:06:06:07 -0500] "GET /portaldeninos/wp-content/themes/betheme/assets/jplayer/css/jplayer.blue.monday.css?ver=20.9.6 HTTP/1.1" 200 9834
186.80.206.114 - - [23/Aug/2023:06:06:07 -0500] "GET /portaldeninos/wp-content/themes/betheme/css/base.css?ver=20.9.6 HTTP/1.1" 200 57283
186.80.206.114 - - [23/Aug/2023:06:06:07 -0500] "GET /portaldeninos/wp-content/themes/betheme/assets/animations/animations.min.css?ver=20.9.6 HTTP/1.1" 200 58508
186.80.206.114 - - [23/Aug/2023:06:06:07 -0500] "GET /portaldeninos/wp-content/plugins/google-analytics-for-wordpress/assets/js/frontend-gtag.min.js?ver=8.5.0 HTTP/1.1" 200 11801
186.80.206.114 - - [23/Aug/2023:06:06:07 -0500] "GET /portaldeninos/wp-includes/js/jquery/jquery-migrate.min.js?ver=1.4.1 HTTP/1.1" 200 10056
186.80.206.114 - - [23/Aug/2023:06:06:07 -0500] "GET /portaldeninos/wp-content/themes/betheme/css/responsive.css?ver=20.9.6 HTTP/1.1" 200 55740
186.80.206.114 - - [23/Aug/2023:06:06:07 -0500] "GET /portaldeninos/wp-content/plugins/gallery-videos/JS/modernizr.custom.js?ver=4.9.8 HTTP/1.1" 200 9019
186.80.206.114 - - [23/Aug/2023:06:06:07 -0500] "GET /portaldeninos/wp-includes/js/jquery/ui/core.min.js?ver=1.11.4 HTTP/1.1" 200 4000
186.80.206.114 - - [23/Aug/2023:06:06:07 -0500] "GET /portaldeninos/wp-includes/js/jquery/jquery.js?ver=1.12.4 HTTP/1.1" 200 97184
186.80.206.114 - - [23/Aug/2023:06:06:07 -0500] "GET /portaldeninos/wp-includes/js/jquery/ui/widget.min.js?ver=1.11.4 HTTP/1.1" 200 6908
186.80.206.114 - - [23/Aug/2023:06:06:07 -0500] "GET /portaldeninos/wp-includes/js/jquery/ui/mouse.min.js?ver=1.11.4 HTTP/1.1" 200 3148
186.80.206.114 - - [23/Aug/2023:06:06:07 -0500] "GET /portaldeninos/wp-content/themes/betheme/css/shortcodes.css?ver=20.9.6 HTTP/1.1" 200 138889
186.80.206.114 - - [23/Aug/2023:06:06:07 -0500] "GET /portaldeninos/wp-includes/js/jquery/ui/tabs.min.js?ver=1.11.4 HTTP/1.1" 200 12110
186.80.206.114 - - [23/Aug/2023:06:06:07 -0500] "GET /portaldeninos/wp-includes/js/jquery/ui/accordion.min.js?ver=1.11.4 HTTP/1.1" 200 8584
186.80.206.114 - - [23/Aug/2023:06:06:07 -0500] "GET /portaldeninos/wp-content/plugins/gallery-videos/JS/Total-Soft-Gallery-Video-Widget.js?ver=4.9.8 HTTP/1.1" 200 80264
186.80.206.114 - - [23/Aug/2023:06:06:07 -0500] "GET /portaldeninos/wp-includes/js/jquery/ui/sortable.min.js?ver=1.11.4 HTTP/1.1" 200 24899
186.80.206.114 - - [23/Aug/2023:06:06:07 -0500] "GET /portaldeninos/wp-content/themes/betheme/js/menu.js?ver=20.9.6 HTTP/1.1" 200 2449
186.80.206.114 - - [23/Aug/2023:06:06:07 -0500] "GET /portaldeninos/wp-content/themes/betheme/assets/animations/animations.min.js?ver=20.9.6 HTTP/1.1" 200 1896
186.80.206.114 - - [23/Aug/2023:06:06:07 -0500] "GET /portaldeninos/wp-includes/js/wp-embed.min.js?ver=4.9.8 HTTP/1.1" 200 1398
186.80.206.114 - - [23/Aug/2023:06:06:07 -0500] "GET /portaldeninos/wp-content/themes/betheme/js/scripts.js?ver=20.9.6 HTTP/1.1" 200 77162
186.80.206.114 - - [23/Aug/2023:06:06:07 -0500] "GET /portaldeninos/wp-content/themes/betheme/assets/jplayer/jplayer.min.js?ver=20.9.6 HTTP/1.1" 200 52702
186.80.206.114 - - [23/Aug/2023:06:06:07 -0500] "GET /portaldeninos/wp-content/themes/betheme/js/plugins.js?ver=20.9.6 HTTP/1.1" 200 197151
186.80.206.114 - - [23/Aug/2023:06:06:07 -0500] "GET /portaldeninos/wp-content/uploads/2019/08/Logo-Ambientic.png HTTP/1.1" 200 22941
186.80.206.114 - - [23/Aug/2023:06:06:07 -0500] "GET /portaldeninos/wp-content/themes/betheme/fonts/mfn-icons.woff?93978679 HTTP/1.1" 200 80932
186.80.206.114 - - [23/Aug/2023:06:06:07 -0500] "GET /portaldeninos/wp-content/uploads/2021/07/Banners-pa%CC%81gina-de-nin%CC%83os4.jpg HTTP/1.1" 200 27901
186.80.206.114 - - [23/Aug/2023:06:06:07 -0500] "GET /portaldeninos/wp-content/themes/betheme/images/box_shadow.png HTTP/1.1" 200 108
186.80.206.114 - - [23/Aug/2023:06:06:07 -0500] "GET /portaldeninos/wp-content/uploads/2021/07/Recorrido-virtual-Aula-Soratama.mp4 HTTP/1.1" 206 2
186.80.206.114 - - [23/Aug/2023:06:06:07 -0500] "GET /portaldeninos/wp-content/uploads/2021/07/imagenes-con-marcos-pa%CC%81gina-de-nin%CC%83os-aula-soratama.jpg HTTP/1.1" 200 42527
186.80.206.114 - - [23/Aug/2023:06:06:07 -0500] "GET /portaldeninos/wp-content/uploads/2021/07/Recorrido-virtual-Aula-Soratama.mp4 HTTP/1.1" 206 646958
186.80.206.114 - - [23/Aug/2023:06:06:08 -0500] "GET /favicon.ico HTTP/1.1" 200 7782
186.80.206.114 - - [23/Aug/2023:06:06:07 -0500] "GET /portaldeninos/wp-content/uploads/2021/07/Recorrido-virtual-Aula-Soratama.mp4 HTTP/1.1" 206 5319530
201.245.192.253 - - [23/Aug/2023:06:06:56 -0500] "POST /kwsrmcab/Wsrmcab  HTTP/1.1" 200 41818
172.22.2.4 - - [23/Aug/2023:06:05:44 -0500] "HEAD /BLA/boletinlegal/ HTTP/1.1" 200 -
201.221.172.153 - - [23/Aug/2023:06:07:36 -0500] "GET /inscribete-y-participa-en-la-convencion-internacional-de-emergencia-climatica-bogota-2023.html HTTP/1.1" 200 895
216.245.221.92 - - [23/Aug/2023:06:08:11 -0500] "HEAD / HTTP/1.1" 200 -
172.22.2.4 - - [23/Aug/2023:06:06:34 -0500] "GET /BLA/boletinlegal/ HTTP/1.1" 200 60692
186.84.90.247 - - [23/Aug/2023:06:09:12 -0500] "GET /bogota-empieza-la-consolidacion-de-la-estrategia-de-bosques-urbanos-con-el-brazo-salitre-en-barrios-unidos.html?utm_source=Meta_DIGI&utm_medium=CPV&utm_campaign=BosquesUrbanos&utm_id=Agosto_2023&fbclid=IwAR09ieBpNZpk-7M8YpJv7pyrtPF3KxWAGxs4JFj5bKGdxSXJfKwmVApwyC4_aem_AeY9crVajzqJIzAVXOFqVbBSkfDxWYk5sTRxiABYLar4CL3dGoY1dHd0Pcv1Ev9331xJgPNARsKpuVMjJJohSwD1 HTTP/1.1" 200 892
186.80.206.114 - - [23/Aug/2023:06:11:12 -0500] "GET /portaldeninos/parque-mirador-de-los-nevados/ HTTP/1.1" 200 89859
186.80.206.114 - - [23/Aug/2023:06:11:13 -0500] "GET /portaldeninos/wp-content/uploads/2021/07/imagenes-con-marcos-pa%CC%81gina-de-nin%CC%83os-parque-los-nevados.jpg HTTP/1.1" 200 48675
186.80.206.114 - - [23/Aug/2023:06:11:13 -0500] "GET /portaldeninos/wp-content/uploads/2021/07/Banners-pa%CC%81gina-de-nin%CC%83os5.jpg HTTP/1.1" 200 33413
186.80.206.114 - - [23/Aug/2023:06:11:13 -0500] "GET /portaldeninos/wp-content/uploads/2021/07/Recorrido-Aula-Mirador-de-los-Nevados.mp4 HTTP/1.1" 206 2
186.80.206.114 - - [23/Aug/2023:06:11:14 -0500] "GET /portaldeninos/wp-content/uploads/2021/07/Recorrido-Aula-Mirador-de-los-Nevados.mp4 HTTP/1.1" 206 10010971
201.245.192.253 - - [23/Aug/2023:06:11:55 -0500] "POST /kwsrmcab/Wsrmcab  HTTP/1.1" 200 41818
216.245.221.92 - - [23/Aug/2023:06:13:11 -0500] "HEAD / HTTP/1.1" 200 -
172.22.2.4 - - [23/Aug/2023:06:11:34 -0500] "HEAD /BLA/boletinlegal/ HTTP/1.1" 200 -
172.22.2.4 - - [23/Aug/2023:06:12:24 -0500] "GET /BLA/boletinlegal/ HTTP/1.1" 200 52656
181.237.176.125 - - [23/Aug/2023:06:14:43 -0500] "GET /bogota-empieza-la-consolidacion-de-la-estrategia-de-bosques-urbanos-con-el-brazo-salitre-en-barrios-unidos.html?utm_source=Meta_DIGI&utm_medium=CPV&utm_campaign=BosquesUrbanos&utm_id=Agosto_2023&fbclid=IwAR3T4FRTdxEZXktuOg5gIZsDWpjElpg2zI84f5V2zeGnZ7GqL6F7wNP4jx8_aem_AebBnZBmiBpnFmjh9eH3yUmB0cBfbeHsP23wR_hbj_ExnM0Xg8blh64nLJ6tnbgrXAtUbPrnxuqKO1sndsBeI_ye HTTP/1.1" 200 892
201.245.192.253 - - [23/Aug/2023:06:16:53 -0500] "POST /kwsrmcab/Wsrmcab  HTTP/1.1" 200 41818
34.196.97.47 - - [23/Aug/2023:06:16:57 -0500] "GET /mejora-tu-bienestar-con-las-caminatas-ecologicas-%C3%82%C2%A1conoce-la-programacion-de-agosto.html HTTP/1.1" 200 873
34.196.97.47 - - [23/Aug/2023:06:16:58 -0500] "GET / HTTP/1.1" 200 4720
34.196.97.47 - - [23/Aug/2023:06:16:59 -0500] "HEAD /mejora-tu-bienestar-con-las-caminatas-ecologicas-%C3%82%C2%A1conoce-la-programacion-de-agosto.html HTTP/1.1" 200 -
34.196.97.47 - - [23/Aug/2023:06:16:59 -0500] "GET /mejora-tu-bienestar-con-las-caminatas-ecologicas-%C3%82%C2%A1conoce-la-programacion-de-agosto.html HTTP/1.1" 200 873
3.91.190.80 - - [23/Aug/2023:06:16:59 -0500] "GET / HTTP/1.1" 200 4720
172.22.2.4 - - [23/Aug/2023:06:18:01 -0500] "GET /BLA/boletinlegal/jurisprudencia/analisis/AnalisisT-606-15.docx HTTP/1.1" 304 -
216.245.221.92 - - [23/Aug/2023:06:18:11 -0500] "HEAD / HTTP/1.1" 200 -
172.22.2.4 - - [23/Aug/2023:06:17:24 -0500] "HEAD /BLA/boletinlegal/ HTTP/1.1" 200 -
201.245.192.253 - - [23/Aug/2023:06:19:09 -0500] "POST /kwsrmcab/Wsrmcab HTTP/1.1" 200 42712
201.245.192.253 - - [23/Aug/2023:06:19:12 -0500] "POST /kwsrmcab/Wsrmcab HTTP/1.1" 200 43726
113.207.1.133 - - [23/Aug/2023:06:19:18 -0500] "GET /galeria/galeria/fotos/juan-amarillo1P.jpg HTTP/1.1" 200 30845
172.22.2.4 - - [23/Aug/2023:06:18:14 -0500] "GET /BLA/boletinlegal/ HTTP/1.1" 200 58187
186.102.45.90 - - [23/Aug/2023:06:21:36 -0500] "GET /bogota-empieza-la-consolidacion-de-la-estrategia-de-bosques-urbanos-con-el-brazo-salitre-en-barrios-unidos.html?utm_source=Meta_DIGI&utm_medium=CPV&utm_campaign=BosquesUrbanos&utm_id=Agosto_2023&fbclid=IwAR0lE0hr7jG3WUjlp6YyxXCst0SMAZ8f3j5hHcgYmrYQtBsjRlZ3hcH84E4_aem_AeaujAqMjyALqbHsz0w9_K9qNYT6mlbQLvMgvphc8xrc-tjcVRpgZa8F9Gt-UcAUcQ3AFFKl6PBZ2qGgZyVXHgT8 HTTP/1.1" 200 892
201.245.192.253 - - [23/Aug/2023:06:21:53 -0500] "POST /kwsrmcab/Wsrmcab  HTTP/1.1" 200 41818
216.245.221.92 - - [23/Aug/2023:06:23:11 -0500] "HEAD / HTTP/1.1" 200 -
191.156.48.193 - - [23/Aug/2023:06:24:49 -0500] "-" 408 -
172.22.2.4 - - [23/Aug/2023:06:23:14 -0500] "HEAD /BLA/boletinlegal/ HTTP/1.1" 200 -
172.22.2.4 - - [23/Aug/2023:06:24:04 -0500] "GET /BLA/boletinlegal/ HTTP/1.1" 200 58597
201.245.192.253 - - [23/Aug/2023:06:26:52 -0500] "POST /kwsrmcab/Wsrmcab  HTTP/1.1" 200 41818
186.84.90.63 - - [23/Aug/2023:06:27:40 -0500] "GET /bogota-empieza-la-consolidacion-de-la-estrategia-de-bosques-urbanos-con-el-brazo-salitre-en-barrios-unidos.html?utm_source=Meta_DIGI&utm_medium=CPV&utm_campaign=BosquesUrbanos&utm_id=Agosto_2023&fbclid=IwAR3j17PkXffNomzD0AaWJ92iACXsY2KMcDLZICujDTe_o1MI8EBx2x_t05s_aem_AeZqMBzsp0xWH3abIihEyXH38tYw72AHNlXK5W5lR-pNnr7cy302SPoNMx5pCKVeHtxFkE_WrBlIM_Ofh-vq5_IO HTTP/1.1" 200 892
216.245.221.92 - - [23/Aug/2023:06:28:11 -0500] "HEAD / HTTP/1.1" 200 -
201.245.192.253 - - [23/Aug/2023:06:29:08 -0500] "POST /kwsrmcab/Wsrmcab HTTP/1.1" 200 42712
201.245.192.253 - - [23/Aug/2023:06:29:11 -0500] "POST /kwsrmcab/Wsrmcab HTTP/1.1" 200 43726
173.252.83.120 - - [23/Aug/2023:06:30:27 -0500] "GET /robots.txt HTTP/1.1" 404 1018
172.22.2.4 - - [23/Aug/2023:06:29:04 -0500] "HEAD /BLA/boletinlegal/ HTTP/1.1" 200 -
172.22.2.4 - - [23/Aug/2023:06:29:54 -0500] "GET /BLA/boletinlegal/ HTTP/1.1" 200 60692
201.245.192.253 - - [23/Aug/2023:06:31:51 -0500] "POST /kwsrmcab/Wsrmcab  HTTP/1.1" 200 41818
173.252.83.120 - - [23/Aug/2023:06:32:32 -0500] "GET /galeria/nivo-slider/demo/images/bannerjardines2021.jpg HTTP/1.1" 200 364319
216.245.221.92 - - [23/Aug/2023:06:33:11 -0500] "HEAD / HTTP/1.1" 200 -
191.95.59.66 - - [23/Aug/2023:06:33:51 -0500] "GET /inscribete-y-participa-en-la-convencion-internacional-de-emergencia-climatica-bogota-2023.html HTTP/1.1" 200 895
201.221.172.96 - - [23/Aug/2023:06:35:09 -0500] "GET /bogota-empieza-la-consolidacion-de-la-estrategia-de-bosques-urbanos-con-el-brazo-salitre-en-barrios-unidos.html?utm_source=Meta_DIGI&utm_medium=CPV&utm_campaign=BosquesUrbanos&utm_id=Agosto_2023&fbclid=IwAR3epDTIFQ4x__hQp3mfzKUaZVEkpLWd3EgmicaLDJ-5PRWKQ2G5H33ojKQ_aem_Aead_lxP1DcurTq427IQzSFTzzJEpR4aYj5Iex5A2RRQsdDMe32rdsdR2X4Nv6BvnRA9-1o4j-pMb-K37EzL3IKm HTTP/1.1" 200 892
190.60.254.217 - - [23/Aug/2023:06:35:53 -0500] "GET /bogota-empieza-la-consolidacion-de-la-estrategia-de-bosques-urbanos-con-el-brazo-salitre-en-barrios-unidos.html?utm_source=Meta_DIGI&utm_medium=CPV&utm_campaign=BosquesUrbanos&utm_id=Agosto_2023&fbclid=IwAR1J-D7p6muOHDtrLC7VHSNE726mFyGhIF6w4RAETKS-kljR-0pUrQ2AmVo_aem_AeapOsJeL5v6dWjWlWqiU0eyL2UL-fYspr6NjD31M7-utprytWfrh2uH_xlP_-NupiUyxyVH4LsH9j3gB_TjTGOS HTTP/1.1" 200 892
172.22.2.4 - - [23/Aug/2023:06:34:54 -0500] "HEAD /BLA/boletinlegal/ HTTP/1.1" 200 -
201.245.192.253 - - [23/Aug/2023:06:36:50 -0500] "POST /kwsrmcab/Wsrmcab  HTTP/1.1" 200 41818
172.22.2.4 - - [23/Aug/2023:06:35:44 -0500] "GET /BLA/boletinlegal/ HTTP/1.1" 200 53013
34.196.97.47 - - [23/Aug/2023:06:37:41 -0500] "GET /inscribete-y-participa-en-la-convencion-internacional-de-emergencia-climatica-bogota-2023.html HTTP/1.1" 200 895
34.196.97.47 - - [23/Aug/2023:06:37:41 -0500] "HEAD /inscribete-y-participa-en-la-convencion-internacional-de-emergencia-climatica-bogota-2023.html HTTP/1.1" 200 -
34.196.97.47 - - [23/Aug/2023:06:37:42 -0500] "GET /inscribete-y-participa-en-la-convencion-internacional-de-emergencia-climatica-bogota-2023.html HTTP/1.1" 200 895
216.245.221.92 - - [23/Aug/2023:06:38:11 -0500] "HEAD / HTTP/1.1" 200 -
201.245.192.253 - - [23/Aug/2023:06:39:09 -0500] "POST /kwsrmcab/Wsrmcab HTTP/1.1" 200 42712
201.245.192.253 - - [23/Aug/2023:06:39:12 -0500] "POST /kwsrmcab/Wsrmcab HTTP/1.1" 200 43726
191.109.171.202 - - [23/Aug/2023:06:39:16 -0500] "GET /bogota-empieza-la-consolidacion-de-la-estrategia-de-bosques-urbanos-con-el-brazo-salitre-en-barrios-unidos.html?utm_source=Meta_DIGI&utm_medium=CPV&utm_campaign=BosquesUrbanos&utm_id=Agosto_2023&fbclid=IwAR37gPytZ_Z5uk3RQoeY63PXuIEd_g5gMin-vwEoz6w8CJKvGSgMqJkVv-w_aem_AebgeABS_-u4A2O8SzDkES0ONdjnd-XedM_LWC_GD6nQKXlYPgEdxu3Mqvz7XWfzm4tzM1R3AyEaQiP5cJBWvCdA HTTP/1.1" 200 892
201.245.192.253 - - [23/Aug/2023:06:41:49 -0500] "POST /kwsrmcab/Wsrmcab  HTTP/1.1" 200 41818
172.22.2.4 - - [23/Aug/2023:06:40:44 -0500] "HEAD /BLA/boletinlegal/ HTTP/1.1" 200 -
216.245.221.92 - - [23/Aug/2023:06:43:11 -0500] "HEAD / HTTP/1.1" 200 -
172.22.2.4 - - [23/Aug/2023:06:41:34 -0500] "GET /BLA/boletinlegal/ HTTP/1.1" 200 53013
201.245.192.253 - - [23/Aug/2023:06:46:50 -0500] "GET /sipse/faces/index.xhtml HTTP/1.1" 200 677
201.245.192.253 - - [23/Aug/2023:06:46:50 -0500] "GET /sipse/faces/javax.faces.resource/theme.css?ln=primefaces-sipse HTTP/1.1" 304 -
201.245.192.253 - - [23/Aug/2023:06:46:50 -0500] "GET /sipse/faces/faces/autenticacion.xhtml HTTP/1.1" 200 12175
201.245.192.253 - - [23/Aug/2023:06:46:50 -0500] "GET /sipse/faces/javax.faces.resource/theme.css?ln=primefaces-sipse HTTP/1.1" 304 -
201.245.192.253 - - [23/Aug/2023:06:46:50 -0500] "GET /sipse/faces/javax.faces.resource/primefaces.js?ln=primefaces&v=4.0 HTTP/1.1" 304 -
201.245.192.253 - - [23/Aug/2023:06:46:50 -0500] "GET /sipse/faces/javax.faces.resource/layout/layout.js?ln=primefaces&v=4.0 HTTP/1.1" 304 -
201.245.192.253 - - [23/Aug/2023:06:46:50 -0500] "GET /sipse/faces/javax.faces.resource/jquery/jquery-plugins.js?ln=primefaces&v=4.0 HTTP/1.1" 304 -
201.245.192.253 - - [23/Aug/2023:06:46:50 -0500] "GET /sipse/faces/javax.faces.resource/jquery/jquery.js?ln=primefaces&v=4.0 HTTP/1.1" 304 -
201.245.192.253 - - [23/Aug/2023:06:46:50 -0500] "GET /sipse/faces/javax.faces.resource/layout/layout.css?ln=primefaces&v=4.0 HTTP/1.1" 304 -
201.245.192.253 - - [23/Aug/2023:06:46:50 -0500] "GET /sipse/faces/javax.faces.resource/primefaces.css?ln=primefaces&v=4.0 HTTP/1.1" 304 -
201.245.192.253 - - [23/Aug/2023:06:46:51 -0500] "GET /sipse/faces/javax.faces.resource/images/ui-icons_898989_256x240.png?ln=primefaces-aristo HTTP/1.1" 304 -
201.245.192.253 - - [23/Aug/2023:06:46:48 -0500] "POST /kwsrmcab/Wsrmcab  HTTP/1.1" 200 41818
201.245.192.253 - - [23/Aug/2023:06:46:54 -0500] "POST /sipse/faces/autenticacion.xhtml HTTP/1.1" 200 16785
201.245.192.253 - - [23/Aug/2023:06:46:54 -0500] "GET /sipse/faces/javax.faces.resource/theme.css?ln=primefaces-sipse HTTP/1.1" 304 -
201.245.192.253 - - [23/Aug/2023:06:46:54 -0500] "GET /sipse/faces/javax.faces.resource/primefaces.css?ln=primefaces&v=4.0 HTTP/1.1" 304 -
201.245.192.253 - - [23/Aug/2023:06:46:54 -0500] "GET /sipse/faces/javax.faces.resource/layout/layout.css?ln=primefaces&v=4.0 HTTP/1.1" 304 -
201.245.192.253 - - [23/Aug/2023:06:46:54 -0500] "GET /sipse/faces/javax.faces.resource/jquery/jquery.js?ln=primefaces&v=4.0 HTTP/1.1" 304 -
201.245.192.253 - - [23/Aug/2023:06:46:54 -0500] "GET /sipse/faces/javax.faces.resource/jquery/jquery-plugins.js?ln=primefaces&v=4.0 HTTP/1.1" 304 -
201.245.192.253 - - [23/Aug/2023:06:46:54 -0500] "GET /sipse/faces/javax.faces.resource/primefaces.js?ln=primefaces&v=4.0 HTTP/1.1" 304 -
201.245.192.253 - - [23/Aug/2023:06:46:54 -0500] "GET /sipse/faces/javax.faces.resource/layout/layout.js?ln=primefaces&v=4.0 HTTP/1.1" 304 -
201.245.192.253 - - [23/Aug/2023:06:46:54 -0500] "GET /sipse/css/imagen/contrasena.png HTTP/1.1" 404 383
201.245.192.253 - - [23/Aug/2023:06:46:54 -0500] "GET /sipse/faces/javax.faces.resource/messages/messages.png?ln=primefaces&v=4.0 HTTP/1.1" 304 -
201.245.192.253 - - [23/Aug/2023:06:46:58 -0500] "GET /sipse/faces/javax.faces.resource/images/ui-bg_flat_0_2d5972_40x100.png?ln=primefaces-aristo HTTP/1.1" 304 -
201.245.192.253 - - [23/Aug/2023:06:46:58 -0500] "POST /sipse/faces/bienvenido.xhtml HTTP/1.1" 200 9851
201.245.192.253 - - [23/Aug/2023:06:46:59 -0500] "POST /sipse/faces/bienvenido.xhtml HTTP/1.1" 200 1471
201.245.192.253 - - [23/Aug/2023:06:47:01 -0500] "POST /sipse/faces/bienvenido.xhtml HTTP/1.1" 200 34909
201.245.192.253 - - [23/Aug/2023:06:47:01 -0500] "GET /sipse/faces/javax.faces.resource/theme.css?ln=primefaces-sipse HTTP/1.1" 304 -
201.245.192.253 - - [23/Aug/2023:06:47:01 -0500] "GET /sipse/faces/javax.faces.resource/primefaces.css?ln=primefaces&v=4.0 HTTP/1.1" 304 -
201.245.192.253 - - [23/Aug/2023:06:47:01 -0500] "GET /sipse/faces/javax.faces.resource/layout/layout.css?ln=primefaces&v=4.0 HTTP/1.1" 304 -
201.245.192.253 - - [23/Aug/2023:06:47:01 -0500] "GET /sipse/faces/javax.faces.resource/jquery/jquery.js?ln=primefaces&v=4.0 HTTP/1.1" 304 -
201.245.192.253 - - [23/Aug/2023:06:47:01 -0500] "GET /sipse/faces/javax.faces.resource/jquery/jquery-plugins.js?ln=primefaces&v=4.0 HTTP/1.1" 304 -
201.245.192.253 - - [23/Aug/2023:06:47:01 -0500] "GET /sipse/faces/javax.faces.resource/primefaces.js?ln=primefaces&v=4.0 HTTP/1.1" 304 -
201.245.192.253 - - [23/Aug/2023:06:47:01 -0500] "GET /sipse/faces/javax.faces.resource/layout/layout.js?ln=primefaces&v=4.0 HTTP/1.1" 304 -
201.245.192.253 - - [23/Aug/2023:06:47:01 -0500] "POST /sipse/faces/presentacion/financiero/solicitudProceso/listarSolicitudProceso.xhtml HTTP/1.1" 200 1400
201.245.192.253 - - [23/Aug/2023:06:47:10 -0500] "POST /sipse/faces/presentacion/financiero/solicitudProceso/listarSolicitudProceso.xhtml HTTP/1.1" 200 139748
201.245.192.253 - - [23/Aug/2023:06:47:12 -0500] "GET /sipse/faces/javax.faces.resource/layout/layout.css?ln=primefaces&v=4.0 HTTP/1.1" 304 -
201.245.192.253 - - [23/Aug/2023:06:47:12 -0500] "GET /sipse/faces/javax.faces.resource/theme.css?ln=primefaces-sipse HTTP/1.1" 304 -
201.245.192.253 - - [23/Aug/2023:06:47:12 -0500] "GET /sipse/faces/javax.faces.resource/primefaces.css?ln=primefaces&v=4.0 HTTP/1.1" 304 -
201.245.192.253 - - [23/Aug/2023:06:47:12 -0500] "GET /sipse/faces/javax.faces.resource/jquery/jquery.js?ln=primefaces&v=4.0 HTTP/1.1" 304 -
201.245.192.253 - - [23/Aug/2023:06:47:12 -0500] "GET /sipse/faces/javax.faces.resource/jquery/jquery-plugins.js?ln=primefaces&v=4.0 HTTP/1.1" 304 -
201.245.192.253 - - [23/Aug/2023:06:47:12 -0500] "GET /sipse/faces/javax.faces.resource/primefaces.js?ln=primefaces&v=4.0 HTTP/1.1" 304 -
201.245.192.253 - - [23/Aug/2023:06:47:12 -0500] "GET /sipse/faces/javax.faces.resource/layout/layout.js?ln=primefaces&v=4.0 HTTP/1.1" 304 -
201.245.192.253 - - [23/Aug/2023:06:47:32 -0500] "POST /sipse/faces/presentacion/financiero/solicitudProceso/consultarSolicitudProceso.xhtml HTTP/1.1" 200 188571
216.245.221.92 - - [23/Aug/2023:06:48:11 -0500] "HEAD / HTTP/1.1" 200 -
172.22.2.4 - - [23/Aug/2023:06:46:34 -0500] "HEAD /BLA/boletinlegal/ HTTP/1.1" 200 -
172.22.2.4 - - [23/Aug/2023:06:47:24 -0500] "GET /BLA/boletinlegal/ HTTP/1.1" 200 57790
172.22.2.4 - - [23/Aug/2023:06:51:15 -0500] "GET /BLA/boletinlegal/Directivas/2018/Directiva%20No.%2027%20del%2028%20de%20diciembre%20de%202018.pdf HTTP/1.1" 200 2831879
172.22.2.4 - - [23/Aug/2023:06:51:16 -0500] "GET /BLA/boletinlegal/favicon.ico HTTP/1.1" 404 1500
201.245.192.253 - - [23/Aug/2023:06:51:47 -0500] "POST /kwsrmcab/Wsrmcab  HTTP/1.1" 200 41818
172.22.2.4 - - [23/Aug/2023:06:52:01 -0500] "GET /BLA/boletinlegal/jurisprudencia/analisis/ANALISIST-046-99.docx HTTP/1.1" 304 -
216.245.221.92 - - [23/Aug/2023:06:53:11 -0500] "HEAD / HTTP/1.1" 200 -
191.156.48.193 - - [23/Aug/2023:06:53:35 -0500] "GET /bogota-empieza-la-consolidacion-de-la-estrategia-de-bosques-urbanos-con-el-brazo-salitre-en-barrios-unidos.html?utm_source=Meta_DIGI&utm_medium=CPV&utm_campaign=BosquesUrbanos&utm_id=Agosto_2023&fbclid=IwAR1WZYNkGEbaXUUnBpMu4n0_UB-zGvw08jFVlmpwI_XZacuZG_V_-S4syhc_aem_AeZUPXX95D1UsRP0rW_dpgz6UBHVQ0qN-WS9TnwDZFM9yD68TZpfH4Y-YbcZabjYa3P8nSqixIMxpxbTFM2Mus_s HTTP/1.1" 200 892
172.22.2.4 - - [23/Aug/2023:06:53:53 -0500] "GET /BLA/boletinlegal/Directivas/2018/Directiva%20No.%2027%20del%2028%20de%20diciembre%20de%202018.pdf HTTP/1.1" 200 2831879
172.22.2.4 - - [23/Aug/2023:06:53:57 -0500] "GET /BLA/boletinlegal/apple-touch-icon-120x120-precomposed.png HTTP/1.1" 404 1140
172.22.2.4 - - [23/Aug/2023:06:53:57 -0500] "GET /BLA/boletinlegal/apple-touch-icon-120x120.png HTTP/1.1" 404 1140
172.22.2.4 - - [23/Aug/2023:06:53:57 -0500] "GET /BLA/boletinlegal/apple-touch-icon-precomposed.png HTTP/1.1" 404 1140
172.22.2.4 - - [23/Aug/2023:06:53:57 -0500] "GET /BLA/boletinlegal/apple-touch-icon.png HTTP/1.1" 404 1140
172.22.2.4 - - [23/Aug/2023:06:53:57 -0500] "GET /BLA/boletinlegal/favicon.ico HTTP/1.1" 404 1140
172.22.2.4 - - [23/Aug/2023:06:53:58 -0500] "GET /BLA/boletinlegal/apple-touch-icon-120x120-precomposed.png HTTP/1.1" 404 1140
172.22.2.4 - - [23/Aug/2023:06:53:58 -0500] "GET /BLA/boletinlegal/apple-touch-icon-120x120.png HTTP/1.1" 404 1140
172.22.2.4 - - [23/Aug/2023:06:53:58 -0500] "GET /BLA/boletinlegal/apple-touch-icon-precomposed.png HTTP/1.1" 404 1140
172.22.2.4 - - [23/Aug/2023:06:53:58 -0500] "GET /BLA/boletinlegal/apple-touch-icon.png HTTP/1.1" 404 1140
172.22.2.4 - - [23/Aug/2023:06:53:58 -0500] "GET /BLA/boletinlegal/favicon.ico HTTP/1.1" 404 1140
172.22.2.4 - - [23/Aug/2023:06:52:24 -0500] "HEAD /BLA/boletinlegal/ HTTP/1.1" 200 -
66.249.70.7 - - [23/Aug/2023:06:54:50 -0500] "GET /BLA/resoluciones/RESOLUCIONES%202014/3856.pdf HTTP/1.1" 200 6530087
172.22.2.4 - - [23/Aug/2023:06:53:14 -0500] "GET /BLA/boletinlegal/ HTTP/1.1" 200 58597
201.245.192.253 - - [23/Aug/2023:06:56:46 -0500] "POST /kwsrmcab/Wsrmcab  HTTP/1.1" 200 41818
186.102.87.92 - - [23/Aug/2023:06:57:13 -0500] "GET /bogota-empieza-la-consolidacion-de-la-estrategia-de-bosques-urbanos-con-el-brazo-salitre-en-barrios-unidos.html?utm_source=Meta_DIGI&utm_medium=CPV&utm_campaign=BosquesUrbanos&utm_id=Agosto_2023&fbclid=IwAR0nC4Ff5WHCDsqKeySI9Ppi2BEgHPZ9CvVrXlzl7Bi0rZUG8uGbMZI5QHE_aem_AeYuMMIXA0X_DOeUHTzd3bVQGnwf11FG97XOUZ5iabGDKUoubZyM3-dytHwJAjVX5B7Q-WGuJ-wRl1wMTdfHlpAC HTTP/1.1" 200 892
216.245.221.92 - - [23/Aug/2023:06:58:11 -0500] "HEAD / HTTP/1.1" 200 -
172.22.2.4 - - [23/Aug/2023:06:58:14 -0500] "HEAD /BLA/boletinlegal/ HTTP/1.1" 200 -
172.22.2.4 - - [23/Aug/2023:06:59:04 -0500] "GET /BLA/boletinlegal/ HTTP/1.1" 200 54960
66.249.66.194 - - [23/Aug/2023:07:01:25 -0500] "GET /robots.txt HTTP/1.1" 404 1034
66.249.66.194 - - [23/Aug/2023:07:01:25 -0500] "GET /mujeres-que-reverdecen-secretaria-de-ambiente-anuncia-el-inicio-de-la-tercera-fase.html HTTP/1.1" 304 -
201.245.192.253 - - [23/Aug/2023:07:01:45 -0500] "POST /kwsrmcab/Wsrmcab  HTTP/1.1" 200 41818
40.77.167.208 - - [23/Aug/2023:07:02:55 -0500] "GET /autoliquidacion2020 HTTP/1.1" 301 250
40.77.167.208 - - [23/Aug/2023:07:02:56 -0500] "GET /autoliquidacion2020/ HTTP/1.1" 200 6146
216.245.221.92 - - [23/Aug/2023:07:03:11 -0500] "HEAD / HTTP/1.1" 200 -
66.249.66.192 - - [23/Aug/2023:07:05:23 -0500] "GET /reciclaton-universidad-de-la-salle-se-une-a-esta-iniciativa.html HTTP/1.1" 200 753
172.22.2.4 - - [23/Aug/2023:07:04:04 -0500] "HEAD /BLA/boletinlegal/ HTTP/1.1" 200 -
186.102.82.31 - - [23/Aug/2023:07:05:57 -0500] "GET /kwssiamovil/sm/ldap/au?x=U2FsdGVkX19zCrlg19GX/CwkznsjqMUm++UrymBsAuy3UocDUFkDwzFzG0DRBxGz&y=U2FsdGVkX18Q0cSsuwzGNpmDhadJCM9LbmLKOlyBpnxs6WvuPW86m63iANVigAoB HTTP/1.1" 200 30
186.102.82.31 - - [23/Aug/2023:07:05:57 -0500] "GET /kwssiamovil/sm/acme/s?s=U2FsdGVkX19U5417fQfsSVyGldFR792gPnRXwHSec/X9Te8jVVK0rIFSNtpog+Fe851pI4AlTfF/c+1u99T2MFYOoglCEzCyXHmJnZR0MKw=&u=U2FsdGVkX19ONbXpyFaP2c3Ux5S1GVMPptrGOjQf7xo=&y=U2FsdGVkX18Q0cSsuwzGNpmDhadJCM9LbmLKOlyBpnxs6WvuPW86m63iANVigAoB HTTP/1.1" 200 97
