216.245.221.92 - - [24/Aug/2023:11:39:04 -0500] "HEAD / HTTP/1.1" 200 -
201.245.192.253 - - [24/Aug/2023:11:39:03 -0500] "POST /kwsrmcab/Wsrmcab HTTP/1.1" 200 42646
201.245.192.253 - - [24/Aug/2023:11:39:06 -0500] "POST /kwsrmcab/Wsrmcab HTTP/1.1" 200 42648
201.245.192.253 - - [24/Aug/2023:11:39:14 -0500] "POST /forms/lservlet;jsessionid=ac16012b30d649e7a6135ab24c4fa557ab99fbd81b4a.e3iSbxaKaheRe34Rch0Ra3mLchv0n6jAmljGr5XDqQLvpAe HTTP/1.1" 200 2
172.22.2.4 - - [24/Aug/2023:11:39:19 -0500] "GET /BLA/boletinlegal/consulta_actos.php?tipo=resoluciones&no=3971&usuario=&sector=&fecha=2018&resuelve= HTTP/1.1" 200 1330
186.155.95.29 - - [24/Aug/2023:11:39:21 -0500] "GET /BLA/resoluciones/RESOLUCIONES%202018/3971.pdf HTTP/1.1" 200 3334526
66.249.79.111 - - [24/Aug/2023:11:40:11 -0500] "GET /BLA/resoluciones/RESOLUCIONES%202008/4598.pdf HTTP/1.1" 200 489997
40.77.167.208 - - [24/Aug/2023:11:40:17 -0500] "GET /BLA/resoluciones/AUTOS%202014/4130.pdf HTTP/1.1" 304 -
201.245.192.253 - - [24/Aug/2023:11:40:48 -0500] "POST /forms/lservlet;jsessionid=ac16012b30d68f1d81e4dc594f86873896b26f75c7ca.e3iSbxaKaheRe34Rch0Ra3mLchv0n6jAmljGr5XDqQLvpAe HTTP/1.1" 200 2
201.245.192.253 - - [24/Aug/2023:11:41:03 -0500] "POST /kwsrmcab/Wsrmcab  HTTP/1.1" 200 41818
172.22.2.4 - - [24/Aug/2023:11:41:13 -0500] "GET /BLA/boletinlegal/consulta_actos.php?tipo=resoluciones&no=0652&usuario=&sector=&fecha=2021&resuelve= HTTP/1.1" 200 1110
172.22.2.4 - - [24/Aug/2023:11:39:34 -0500] "HEAD /BLA/boletinlegal/ HTTP/1.1" 200 -
201.245.192.253 - - [24/Aug/2023:11:41:14 -0500] "POST /forms/lservlet;jsessionid=ac16012b30d649e7a6135ab24c4fa557ab99fbd81b4a.e3iSbxaKaheRe34Rch0Ra3mLchv0n6jAmljGr5XDqQLvpAe HTTP/1.1" 200 2
186.155.95.29 - - [24/Aug/2023:11:41:16 -0500] "GET /BLA/resoluciones/RESOLUCIONES%202021/0652.pdf HTTP/1.1" 200 600855
66.249.79.97 - - [24/Aug/2023:11:41:33 -0500] "GET /portel_dama/libreria/php/2006/ECOSISTEMAS%20FINAL%20web_mz27/restauracion/sitio/55_artic/xtras/13.pdf HTTP/1.1" 404 1018
186.28.142.186 - - [24/Aug/2023:11:42:00 -0500] "GET /bogota-empieza-la-consolidacion-de-la-estrategia-de-bosques-urbanos-con-el-brazo-salitre-en-barrios-unidos.html?utm_source=Meta_DIGI&utm_medium=CPV&utm_campaign=BosquesUrbanos&utm_id=Agosto_2023&fbclid=IwAR3co-tHw15arX9vqB1rQRahxqy8uPvvv4DFec2Xk0lY1XJckh3tW_1vuXo_aem_AY7iUTLaDMBwUffPrSPSv3NCbcAylCs9NsoGpWzRKd-LhiGDOHjqPTQzHDbj8tCJ8svmXiSvlNa1k851c0jLMDmC HTTP/1.1" 200 892
201.245.192.253 - - [24/Aug/2023:11:42:01 -0500] "POST /forms/lservlet;jsessionid=ac16012b30d68f1d81e4dc594f86873896b26f75c7ca.e3iSbxaKaheRe34Rch0Ra3mLchv0n6jAmljGr5XDqQLvpAe HTTP/1.1" 200 62
201.245.192.253 - - [24/Aug/2023:11:42:01 -0500] "POST /forms/lservlet;jsessionid=ac16012b30d68f1d81e4dc594f86873896b26f75c7ca.e3iSbxaKaheRe34Rch0Ra3mLchv0n6jAmljGr5XDqQLvpAe HTTP/1.1" 200 2
201.245.192.253 - - [24/Aug/2023:11:42:01 -0500] "POST /forms/lservlet;jsessionid=ac16012b30d68f1d81e4dc594f86873896b26f75c7ca.e3iSbxaKaheRe34Rch0Ra3mLchv0n6jAmljGr5XDqQLvpAe HTTP/1.1" 200 2
201.245.192.253 - - [24/Aug/2023:11:42:02 -0500] "POST /forms/lservlet;jsessionid=ac16012b30d68f1d81e4dc594f86873896b26f75c7ca.e3iSbxaKaheRe34Rch0Ra3mLchv0n6jAmljGr5XDqQLvpAe HTTP/1.1" 200 1323
201.245.192.253 - - [24/Aug/2023:11:42:02 -0500] "POST /forms/lservlet;jsessionid=ac16012b30d68f1d81e4dc594f86873896b26f75c7ca.e3iSbxaKaheRe34Rch0Ra3mLchv0n6jAmljGr5XDqQLvpAe HTTP/1.1" 200 2
201.245.192.253 - - [24/Aug/2023:11:42:03 -0500] "POST /forms/lservlet;jsessionid=ac16012b30d68f1d81e4dc594f86873896b26f75c7ca.e3iSbxaKaheRe34Rch0Ra3mLchv0n6jAmljGr5XDqQLvpAe HTTP/1.1" 200 24
172.22.2.4 - - [24/Aug/2023:11:40:24 -0500] "GET /BLA/boletinlegal/ HTTP/1.1" 200 59343
201.245.192.253 - - [24/Aug/2023:11:42:07 -0500] "POST /forms/lservlet;jsessionid=ac16012b30d68f1d81e4dc594f86873896b26f75c7ca.e3iSbxaKaheRe34Rch0Ra3mLchv0n6jAmljGr5XDqQLvpAe HTTP/1.1" 200 2265
201.245.192.253 - - [24/Aug/2023:11:42:48 -0500] "POST /forms/lservlet;jsessionid=ac16012b30d68f1d81e4dc594f86873896b26f75c7ca.e3iSbxaKaheRe34Rch0Ra3mLchv0n6jAmljGr5XDqQLvpAe HTTP/1.1" 200 2
66.249.79.97 - - [24/Aug/2023:11:42:57 -0500] "GET /BLA/resoluciones/AUTOS%202012/3002.pdf HTTP/1.1" 200 2442265
201.245.192.253 - - [24/Aug/2023:11:43:14 -0500] "POST /forms/lservlet;jsessionid=ac16012b30d649e7a6135ab24c4fa557ab99fbd81b4a.e3iSbxaKaheRe34Rch0Ra3mLchv0n6jAmljGr5XDqQLvpAe HTTP/1.1" 200 2
66.249.79.96 - - [24/Aug/2023:11:43:19 -0500] "GET /resoluciones/RESOLUCIONES%202008/2939.pdf HTTP/1.1" 404 1018
66.249.79.96 - - [24/Aug/2023:11:43:39 -0500] "GET /BLA/resoluciones/RESOLUCIONES%202009/1734.pdf HTTP/1.1" 200 238398
201.245.192.253 - - [24/Aug/2023:11:43:40 -0500] "GET /BLA/resoluciones/index.php?dir=RESOLUCIONES+2007%2F HTTP/1.1" 200 35450
66.249.79.111 - - [24/Aug/2023:11:43:41 -0500] "GET /BLA/resoluciones/RESOLUCIONES%202010/6074.pdf HTTP/1.1" 200 314070
201.245.192.253 - - [24/Aug/2023:11:43:49 -0500] "GET /BLA/resoluciones/index.php?dir=RESOLUCIONES+2007%2FRES+2007+401+AL+500%2F HTTP/1.1" 200 26642
201.245.192.253 - - [24/Aug/2023:11:43:54 -0500] "GET /BLA/resoluciones/RESOLUCIONES%202007/RES%202007%20401%20AL%20500/RESOLUCION%200467%20DE%202007.pdf HTTP/1.1" 200 1043644
66.249.79.96 - - [24/Aug/2023:11:44:03 -0500] "GET /BLA/resoluciones/RESOLUCIONES%202009/4519.pdf HTTP/1.1" 200 372338
216.245.221.92 - - [24/Aug/2023:11:44:03 -0500] "HEAD / HTTP/1.1" 200 -
201.245.192.253 - - [24/Aug/2023:11:44:07 -0500] "GET /BLA/resoluciones/RESOLUCIONES%202007/RES%202007%20401%20AL%20500/RESOLUCION%200461%20DE%202007.pdf HTTP/1.1" 200 2735937
201.245.192.253 - - [24/Aug/2023:11:44:48 -0500] "POST /forms/lservlet;jsessionid=ac16012b30d68f1d81e4dc594f86873896b26f75c7ca.e3iSbxaKaheRe34Rch0Ra3mLchv0n6jAmljGr5XDqQLvpAe HTTP/1.1" 200 2
200.29.113.39 - - [24/Aug/2023:11:44:53 -0500] "GET /inscribete-y-participa-en-la-convencion-internacional-de-emergencia-climatica-bogota-2023.html HTTP/1.1" 200 895
201.245.192.253 - - [24/Aug/2023:11:45:14 -0500] "POST /forms/lservlet;jsessionid=ac16012b30d649e7a6135ab24c4fa557ab99fbd81b4a.e3iSbxaKaheRe34Rch0Ra3mLchv0n6jAmljGr5XDqQLvpAe HTTP/1.1" 200 2
66.249.79.97 - - [24/Aug/2023:11:45:22 -0500] "GET /silvicultura/6.pdf HTTP/1.1" 200 215404
172.22.2.4 - - [24/Aug/2023:11:45:45 -0500] "GET /BLA/boletinlegal/actos.php HTTP/1.1" 200 9682
172.22.2.4 - - [24/Aug/2023:11:45:45 -0500] "GET /BLA/boletinlegal/favicon.ico HTTP/1.1" 404 1326
201.245.192.253 - - [24/Aug/2023:11:45:47 -0500] "GET /BLA/resoluciones/ HTTP/1.1" 200 13502
201.245.192.253 - - [24/Aug/2023:11:45:47 -0500] "GET /favicon.ico HTTP/1.1" 200 7782
201.245.192.253 - - [24/Aug/2023:11:45:48 -0500] "GET /BLA/resoluciones/index.php?dir=AUTOS+2011%2F HTTP/1.1" 200 636751
201.245.192.253 - - [24/Aug/2023:11:46:02 -0500] "POST /kwsrmcab/Wsrmcab  HTTP/1.1" 200 41818
201.245.192.253 - - [24/Aug/2023:11:46:09 -0500] "GET /BLA/resoluciones/AUTOS%202011/7804.pdf HTTP/1.1" 200 568533
186.102.61.20 - - [24/Aug/2023:11:46:13 -0500] "GET /kwssiamovil/sm/acme/a?s=U2FsdGVkX1/8PsTBsteQUBgtTGYWlVQCbGbVK09bYQ+3VsDn/iTgwnJY80/d3nhBoF2uBQFCawRITkq42pZBDEdlzfsXgEOoFa/koSPurNvdvUJ5ItDhpfG6ryky8BLwwgDt6DMAAmQNwkcwpPG7pus/50EHpfA+MJks88g38CEYAV9yGCVIxnhLYGPtvmEWZdWA+IDZhiG8ZyXvQo1K6xyV8fNDaZOnwJPJvjqgUBq8bCtukJ6YohD03JZHJ2XVwgXeqNiA8n846mL7taHmsQ==&u=U2FsdGVkX1+uP0edPlrF2u3AcZbGf9jjfPehsGXO9WQ=&y=U2FsdGVkX198YVpapyqkz/pTBWyOO2dj/J2pKrIUbYWjy3AICET9gbxkoDI4Uwi4 HTTP/1.1" 200 26
186.102.61.20 - - [24/Aug/2023:11:46:13 -0500] "GET /kwssiamovil/sm/acme/a?s=U2FsdGVkX18cfBF4uftRZiKhk0K2qJZk30UQSVBLKkY7V8l7NohxXVy0M7WlIfXwZGjQ61ZaSHfeVdK1YdR/JHTZhSwZ0+J66R8k9aAOp8Va6h6wcAs5Vm3KgqoADLUvfOEmYZ6LxDYdOjvkB5b1bLSLp2u6LsfZS+3THu8+Gkvvi1s8RRu0RVthTeO7uyLFV1NF4r9WGiUC09+Ay0JJlcaPuBga48YQ9646j325el77kOn3IdCl3H+sS3I/q3mF3ZIvcE4OVk1FMWTyUv/ZlMeGOtdfYJ/FzI6BC6CEUiAJfjVEMJtPOHeoRlfBvXd4Psxq5KsJ3/GaPUu0es3ltorXL8F+sQGtwVNrkVXW049Us73i/Z8tyl5sS/kT5KZSGOvUesvwCPxso/j7sYlhsgsDie/d7d7Kgk+OxB9N2O6lT8bxtBAFYJEQUdjo1BFY14dUSGivYkvaApaGZfD8JzgC85uvCxaF8IORacQbz15ji7RrOiSebiGxaiE21nc3Y7KU/8HLCdhy8Mxtez9wmEwkj9ZFQ1MOhdifnEn/8IXR7VV9jupiDhCUb0yDfvlHPtXSSNZt4aBE5W6sAoGtbg7avNOqPD+xE5SBDmkTybpc50TV3sdMpEeUqUSxzXZbdKiR8nbCDtwuOrXLgoqoGOhzz7wYd5UDYGOJqIP1nKfPdJslE66LBYkvp44UaUvnbGjT6X8VPCrrqTcqF1ZWD7HLGPpXw/9wFBqp7n3ih05zrZQkxY6r66hstqLHxz85ucyXZipindBTmDKcIW1aEbAceskgIAb8vp/aNAMr/4RplaxmTFw8t0ajKVW5muumUskmdhkY73ymJVwEc28p49pqtdKAVmkEApWBPOy/XX133Ijm30zqnmexI9LLWapzCC4134GvhjLYvONioC4wrN2cdsePsg0weL7Rzc0pEIf0ViFZvfLyCy8e3TSZPSO3qVHa2FRT2hGO71r54DCSyoUKW8q56duUCCovefQF8HxyJOiVjuv6Fwvc07ykXDk1aq8VVKEBb8uARYRmIGxS8YKtbZECQFYB7uZ+H5I5VVElxGB6NAi7dsiEF7ISipdKd3LN5vfb/zlprZEWVZGuD3WsfFIjToFJ5cmqJcNhpBxUo54EEUMBVHcuFZp5YJf/mzECT50mFj/6tPZz+wIwuMfVM7PiaRBq1kH18ls0GQVD6gEf17KXxXWzhVuIB5kFWdswLr8hTy7FZa2w4YZ4J5cX3L0+UZ+hi0/yx4NqpB/L77eDIw+IO6Ymt4WbybfHlcOSS8iEmLiz4ztlVWKRYU91mYeVl3xzD+A3hk75rnoVVWE5/MOyOrfOjUsG91Th5+5y2Tj1mm1jcpOdTGVdYF7DJRkpeo2vTN3BOzvEfz8h7SY3uuvpd+YA4QD3vE6a&u=U2FsdGVkX1+uP0edPlrF2u3AcZbGf9jjfPehsGXO9WQ=&y=U2FsdGVkX198YVpapyqkz/pTBWyOO2dj/J2pKrIUbYWjy3AICET9gbxkoDI4Uwi4 HTTP/1.1" 200 26
186.102.61.20 - - [24/Aug/2023:11:46:13 -0500] "GET /kwssiamovil/sm/acme/a?s=U2FsdGVkX187ojOQ0+4A7F0AfJCZNnDHBdBvIyEGzqCPRJNUXWgGYuarv0/Qo23yZa9G/94VtMLHwhrLWaJIwILWG+/NToBkxSqfCcvLOY2IvThaLBwvu56uPmvp0QkRqTTKStl74iAhaWnY/znmZpfenB88zDOQG2vPSCyFkkQ=&u=U2FsdGVkX1+uP0edPlrF2u3AcZbGf9jjfPehsGXO9WQ=&y=U2FsdGVkX198YVpapyqkz/pTBWyOO2dj/J2pKrIUbYWjy3AICET9gbxkoDI4Uwi4 HTTP/1.1" 200 26
186.102.61.20 - - [24/Aug/2023:11:46:14 -0500] "GET /kwssiamovil/sm/acme/a?s=U2FsdGVkX19NEuXA/+2E8JaBw1bu5xoqCOjkxHh2arDpVJi1Ddt5xs9koUtDEUNcTmpwMaNZRajNns2bS4zek5RBY7kue56MU+AZdjJ/yfzD4Czt/GLAyKVlzQV2uSRYPop76e8wHV0oZe5AWE1lrioA8PCFo0Zj6+9i7OLkhOM=&u=U2FsdGVkX1+uP0edPlrF2u3AcZbGf9jjfPehsGXO9WQ=&y=U2FsdGVkX198YVpapyqkz/pTBWyOO2dj/J2pKrIUbYWjy3AICET9gbxkoDI4Uwi4 HTTP/1.1" 200 26
186.102.61.20 - - [24/Aug/2023:11:46:14 -0500] "GET /kwssiamovil/sm/acme/a?s=U2FsdGVkX1+6BrAqczJDlgnhTRjp9djA19znXRb+6vLBf5wyuZOQ9MLOsr4c2bV+Bv3b4/73gIaT5i9d1pDEALBX+K+RoTbuS+uQFpp21qvnzwxoEGJeB5sQnpAubBpTlq0rAIgaxVCmQ6RVOzZpmIWMHFSw9FR4eez241t2YMI=&u=U2FsdGVkX1+uP0edPlrF2u3AcZbGf9jjfPehsGXO9WQ=&y=U2FsdGVkX198YVpapyqkz/pTBWyOO2dj/J2pKrIUbYWjy3AICET9gbxkoDI4Uwi4 HTTP/1.1" 200 26
186.102.61.20 - - [24/Aug/2023:11:46:14 -0500] "GET /kwssiamovil/sm/acme/a?s=U2FsdGVkX1/wwk4BCvWctU2irtOTW9nsoLvlk6iLcHDvLldUoP2TIj1pe3BMXOepWsXqBphcLAzDkYZnaXtqPz1uUtmNMfWv6otTEAqfmmelJa7M0QHxfekYp545gUaf899TyfMd80zg/LEE7KMlP4fnSz6DJbmRiKD0qAtDuGtQGhLyUMmcM4x4qDnrehlq&u=U2FsdGVkX1+uP0edPlrF2u3AcZbGf9jjfPehsGXO9WQ=&y=U2FsdGVkX198YVpapyqkz/pTBWyOO2dj/J2pKrIUbYWjy3AICET9gbxkoDI4Uwi4 HTTP/1.1" 200 26
172.22.2.4 - - [24/Aug/2023:11:45:42 -0500] "GET /BLA/boletinlegal/ HTTP/1.1" 200 24523
172.22.2.4 - - [24/Aug/2023:11:46:36 -0500] "GET /BLA/boletinlegal/consulta_actos.php?tipo=autos&no=1563&usuario=&sector=&fecha=2019&resuelve= HTTP/1.1" 200 1110
186.155.95.29 - - [24/Aug/2023:11:46:37 -0500] "GET /BLA/resoluciones/AUTOS%202019/1563.pdf HTTP/1.1" 200 266313
201.245.192.253 - - [24/Aug/2023:11:46:48 -0500] "POST /forms/lservlet;jsessionid=ac16012b30d68f1d81e4dc594f86873896b26f75c7ca.e3iSbxaKaheRe34Rch0Ra3mLchv0n6jAmljGr5XDqQLvpAe HTTP/1.1" 200 2
66.249.79.96 - - [24/Aug/2023:11:46:53 -0500] "GET /siipev/Diseno%20de%20Elementos%20de%20Mobiliario%20Urbano/Otros%20Elementos/Infografia/Parte2/M-143.png HTTP/1.1" 200 24704
66.249.79.96 - - [24/Aug/2023:11:46:55 -0500] "GET /BLA/resoluciones/AUTOS%202012/2566.pdf HTTP/1.1" 200 505067
172.22.2.4 - - [24/Aug/2023:11:45:24 -0500] "HEAD /BLA/boletinlegal/ HTTP/1.1" 200 -
201.245.192.253 - - [24/Aug/2023:11:47:14 -0500] "POST /forms/lservlet;jsessionid=ac16012b30d649e7a6135ab24c4fa557ab99fbd81b4a.e3iSbxaKaheRe34Rch0Ra3mLchv0n6jAmljGr5XDqQLvpAe HTTP/1.1" 200 2
172.22.2.4 - - [24/Aug/2023:11:46:14 -0500] "GET /BLA/boletinlegal/ HTTP/1.1" 200 60342
66.249.79.97 - - [24/Aug/2023:11:47:57 -0500] "GET /BLA/resoluciones/RESOLUCIONES%202009/6736.pdf HTTP/1.1" 200 451394
66.249.79.111 - - [24/Aug/2023:11:47:58 -0500] "GET /BLA/resoluciones/RESOLUCIONES%202010/2029.pdf HTTP/1.1" 200 347510
172.22.2.4 - - [24/Aug/2023:11:48:37 -0500] "GET /BLA/boletinlegal/consulta_actos.php?tipo=autos&no=2639&usuario=&sector=&fecha=2019&resuelve= HTTP/1.1" 200 626
172.22.2.4 - - [24/Aug/2023:11:48:39 -0500] "GET /BLA/boletinlegal/consulta_actos.php?tipo=autos&no=2639&usuario=&sector=&fecha=2019&resuelve= HTTP/1.1" 200 626
201.245.192.253 - - [24/Aug/2023:11:48:48 -0500] "POST /forms/lservlet;jsessionid=ac16012b30d68f1d81e4dc594f86873896b26f75c7ca.e3iSbxaKaheRe34Rch0Ra3mLchv0n6jAmljGr5XDqQLvpAe HTTP/1.1" 200 2
172.22.2.4 - - [24/Aug/2023:11:48:49 -0500] "GET /BLA/boletinlegal/consulta_actos.php?tipo=autos&no=1651&usuario=&sector=&fecha=2019&resuelve= HTTP/1.1" 200 1068
186.155.95.29 - - [24/Aug/2023:11:48:56 -0500] "GET /BLA/resoluciones/AUTOS%202019/1651.pdf HTTP/1.1" 200 465482
216.245.221.92 - - [24/Aug/2023:11:49:03 -0500] "HEAD / HTTP/1.1" 200 -
201.245.192.253 - - [24/Aug/2023:11:49:14 -0500] "POST /forms/lservlet;jsessionid=ac16012b30d649e7a6135ab24c4fa557ab99fbd81b4a.e3iSbxaKaheRe34Rch0Ra3mLchv0n6jAmljGr5XDqQLvpAe HTTP/1.1" 200 2
108.174.8.25 - - [24/Aug/2023:11:49:41 -0500] "GET /images/secretaria-ambiente-carolina-urrutia-en-brazo-salitre.jpg HTTP/1.1" 200 79448
172.22.2.4 - - [24/Aug/2023:11:50:04 -0500] "GET /BLA/boletinlegal/consulta_actos.php?tipo=autos&no=1433&usuario=&sector=&fecha=2020&resuelve= HTTP/1.1" 200 1078
186.155.95.29 - - [24/Aug/2023:11:50:08 -0500] "GET /BLA/resoluciones/AUTOS%202020/1433.pdf HTTP/1.1" 200 782157
201.245.192.253 - - [24/Aug/2023:11:50:48 -0500] "POST /forms/lservlet;jsessionid=ac16012b30d68f1d81e4dc594f86873896b26f75c7ca.e3iSbxaKaheRe34Rch0Ra3mLchv0n6jAmljGr5XDqQLvpAe HTTP/1.1" 200 2
172.22.2.4 - - [24/Aug/2023:11:50:58 -0500] "GET /BLA/boletinlegal/consulta_actos.php?tipo=resoluciones&no=2639&usuario=&sector=&fecha=2019&resuelve= HTTP/1.1" 200 1328
186.155.95.29 - - [24/Aug/2023:11:51:00 -0500] "GET /BLA/resoluciones/RESOLUCIONES%202019/2639.pdf HTTP/1.1" 200 418204
201.245.192.253 - - [24/Aug/2023:11:51:01 -0500] "POST /kwsrmcab/Wsrmcab  HTTP/1.1" 200 41818
201.245.192.253 - - [24/Aug/2023:11:51:14 -0500] "POST /forms/lservlet;jsessionid=ac16012b30d649e7a6135ab24c4fa557ab99fbd81b4a.e3iSbxaKaheRe34Rch0Ra3mLchv0n6jAmljGr5XDqQLvpAe HTTP/1.1" 200 2
172.22.2.4 - - [24/Aug/2023:11:51:19 -0500] "GET /BLA/boletinlegal/consulta_actos.php?tipo=resoluciones&no=1923&usuario=&sector=&fecha=2021&resuelve= HTTP/1.1" 200 1257
66.249.79.96 - - [24/Aug/2023:11:51:20 -0500] "GET /BLA/resoluciones/AUTOS%202014/5640.pdf HTTP/1.1" 200 206044
191.156.149.132 - - [24/Aug/2023:11:51:22 -0500] "GET /BLA/resoluciones/RESOLUCIONES%202021/1923.pdf HTTP/1.1" 200 1380017
66.249.79.96 - - [24/Aug/2023:11:51:42 -0500] "GET /BLA/resoluciones/RESOLUCIONES%202009/0150.pdf HTTP/1.1" 200 289740
172.22.2.4 - - [24/Aug/2023:11:51:47 -0500] "GET /BLA/boletinlegal/style.css HTTP/1.1" 200 9406
172.22.2.4 - - [24/Aug/2023:11:51:47 -0500] "GET /BLA/boletinlegal/styles2.css HTTP/1.1" 200 1838
172.22.2.4 - - [24/Aug/2023:11:51:48 -0500] "GET /BLA/boletinlegal/js/jquery.js HTTP/1.1" 200 57254
172.22.2.4 - - [24/Aug/2023:11:51:48 -0500] "GET /BLA/boletinlegal/js/jquery.scrollShow.js HTTP/1.1" 200 4586
172.22.2.4 - - [24/Aug/2023:11:51:48 -0500] "GET /BLA/boletinlegal/js/jquery.scrollTo-min.js HTTP/1.1" 200 1150
172.22.2.4 - - [24/Aug/2023:11:51:49 -0500] "GET /BLA/boletinlegal/images/cabezote%20BLEGAL.jpg HTTP/1.1" 200 118164
172.22.2.4 - - [24/Aug/2023:11:51:49 -0500] "GET /BLA/boletinlegal/images/screen_1.png HTTP/1.1" 200 202547
172.22.2.4 - - [24/Aug/2023:11:51:49 -0500] "GET /BLA/boletinlegal/images/registro-usuarios.png HTTP/1.1" 200 8106
172.22.2.4 - - [24/Aug/2023:11:51:49 -0500] "GET /BLA/boletinlegal/images/subscribe-icon-big.png HTTP/1.1" 200 47702
172.22.2.4 - - [24/Aug/2023:11:51:49 -0500] "GET /BLA/boletinlegal/images/historia.png HTTP/1.1" 200 52775
172.22.2.4 - - [24/Aug/2023:11:51:50 -0500] "GET /BLA/boletinlegal/images/body_bg.jpg HTTP/1.1" 200 1601
172.22.2.4 - - [24/Aug/2023:11:51:51 -0500] "GET /BLA/boletinlegal/images/menu_lft.gif HTTP/1.1" 200 1713
172.22.2.4 - - [24/Aug/2023:11:51:51 -0500] "GET /BLA/boletinlegal/images/menu_rght.gif HTTP/1.1" 200 1627
172.22.2.4 - - [24/Aug/2023:11:51:51 -0500] "GET /BLA/boletinlegal/images/bg_top.jpg HTTP/1.1" 200 522
172.22.2.4 - - [24/Aug/2023:11:51:51 -0500] "GET /BLA/boletinlegal/images/menu_bg.jpg HTTP/1.1" 200 620
172.22.2.4 - - [24/Aug/2023:11:51:51 -0500] "GET /BLA/boletinlegal/images/text.jpg HTTP/1.1" 200 568
172.22.2.4 - - [24/Aug/2023:11:51:51 -0500] "GET /BLA/boletinlegal/images/hover.jpg HTTP/1.1" 200 640
172.22.2.4 - - [24/Aug/2023:11:51:51 -0500] "GET /BLA/boletinlegal/images/arr_l.jpg HTTP/1.1" 200 1979
172.22.2.4 - - [24/Aug/2023:11:51:51 -0500] "GET /BLA/boletinlegal/images/launch.jpg HTTP/1.1" 200 14577
172.22.2.4 - - [24/Aug/2023:11:51:56 -0500] "GET /BLA/boletinlegal/images/screen_2.png HTTP/1.1" 200 362502
172.22.2.4 - - [24/Aug/2023:11:51:56 -0500] "GET /BLA/boletinlegal/images/arr_r.jpg HTTP/1.1" 200 1998
172.22.2.4 - - [24/Aug/2023:11:51:56 -0500] "GET /BLA/boletinlegal/images/screen_3.png HTTP/1.1" 200 210620
172.22.2.4 - - [24/Aug/2023:11:51:56 -0500] "GET /BLA/boletinlegal/images/screen_5.png HTTP/1.1" 200 368876
172.22.2.4 - - [24/Aug/2023:11:51:56 -0500] "GET /BLA/boletinlegal/actos.php HTTP/1.1" 200 9682
172.22.2.4 - - [24/Aug/2023:11:51:57 -0500] "GET /BLA/boletinlegal/images/footer_bg.jpg HTTP/1.1" 200 586
172.22.2.4 - - [24/Aug/2023:11:51:57 -0500] "GET /BLA/boletinlegal/js/ajax_actos.js HTTP/1.1" 200 1322
172.22.2.4 - - [24/Aug/2023:11:51:57 -0500] "GET /BLA/boletinlegal/niceforms-default.css HTTP/1.1" 200 6694
172.22.2.4 - - [24/Aug/2023:11:51:58 -0500] "GET /BLA/boletinlegal/js/popup.js HTTP/1.1" 200 1270
172.22.2.4 - - [24/Aug/2023:11:51:58 -0500] "GET /BLA/boletinlegal/js/jquery1.js HTTP/1.1" 200 29846
172.22.2.4 - - [24/Aug/2023:11:51:58 -0500] "GET /BLA/boletinlegal/niceforms.js HTTP/1.1" 200 22876
172.22.2.4 - - [24/Aug/2023:11:51:58 -0500] "GET /BLA/boletinlegal/js/lib.js HTTP/1.1" 200 6474
172.22.2.4 - - [24/Aug/2023:11:51:59 -0500] "GET /BLA/boletinlegal/images/green-yellow-blue-pink-th.png HTTP/1.1" 200 7394
172.22.2.4 - - [24/Aug/2023:11:51:59 -0500] "GET /BLA/boletinlegal/images/tel.png HTTP/1.1" 200 14477
172.22.2.4 - - [24/Aug/2023:11:51:59 -0500] "GET /BLA/boletinlegal/images/icono-email.png HTTP/1.1" 200 5544
172.22.2.4 - - [24/Aug/2023:11:51:59 -0500] "GET /BLA/boletinlegal/images/footer_bg.jpg HTTP/1.1" 200 586
172.22.2.4 - - [24/Aug/2023:11:51:59 -0500] "GET /BLA/boletinlegal/images/footer_bg_l.jpg HTTP/1.1" 200 776
172.22.2.4 - - [24/Aug/2023:11:52:00 -0500] "GET /BLA/boletinlegal/img/select-right.png HTTP/1.1" 200 44019
172.22.2.4 - - [24/Aug/2023:11:52:00 -0500] "GET /BLA/boletinlegal/img/button-left.png HTTP/1.1" 200 57071
172.22.2.4 - - [24/Aug/2023:11:52:00 -0500] "GET /BLA/boletinlegal/img/select-left.png HTTP/1.1" 200 263
172.22.2.4 - - [24/Aug/2023:11:52:00 -0500] "GET /BLA/boletinlegal/img/0.png HTTP/1.1" 200 110
172.22.2.4 - - [24/Aug/2023:11:52:00 -0500] "GET /BLA/boletinlegal/img/button-right.png HTTP/1.1" 200 57878
172.22.2.4 - - [24/Aug/2023:11:52:00 -0500] "GET /BLA/boletinlegal/img/button.png HTTP/1.1" 200 43241
172.22.2.4 - - [24/Aug/2023:11:52:00 -0500] "GET /BLA/boletinlegal/robots.txt HTTP/1.1" 404 1140
190.248.51.115 - - [24/Aug/2023:11:52:11 -0500] "GET /portaldeninos/wp-content/themes/betheme/style.css?ver=20.9.6 HTTP/1.1" 200 287
190.248.51.115 - - [24/Aug/2023:11:52:11 -0500] "GET /portaldeninos/wp-content/uploads/useanyfont/uaf.css?ver=1589905315 HTTP/1.1" 200 408
190.248.51.115 - - [24/Aug/2023:11:52:11 -0500] "GET /portaldeninos/wp-content/themes/betheme/css/base.css?ver=20.9.6 HTTP/1.1" 200 57283
190.248.51.115 - - [24/Aug/2023:11:52:11 -0500] "GET /portaldeninos/wp-content/plugins/gallery-videos/CSS/Total-Soft-Gallery-Video-Widget.css?ver=4.9.8 HTTP/1.1" 200 51554
190.248.51.115 - - [24/Aug/2023:11:52:11 -0500] "GET /portaldeninos/wp-content/plugins/gallery-videos/CSS/totalsoft.css?ver=4.9.8 HTTP/1.1" 200 40622
190.248.51.115 - - [24/Aug/2023:11:52:11 -0500] "GET /portaldeninos/wp-content/themes/betheme/assets/animations/animations.min.css?ver=20.9.6 HTTP/1.1" 200 58508
190.248.51.115 - - [24/Aug/2023:11:52:12 -0500] "GET /portaldeninos/wp-content/themes/betheme/assets/jplayer/css/jplayer.blue.monday.css?ver=20.9.6 HTTP/1.1" 200 9834
190.248.51.115 - - [24/Aug/2023:11:52:12 -0500] "GET /portaldeninos/wp-content/themes/betheme/assets/ui/jquery.ui.all.css?ver=20.9.6 HTTP/1.1" 200 18765
190.248.51.115 - - [24/Aug/2023:11:52:12 -0500] "GET /portaldeninos/wp-content/plugins/google-analytics-for-wordpress/assets/js/frontend-gtag.min.js?ver=8.5.0 HTTP/1.1" 200 11801
190.248.51.115 - - [24/Aug/2023:11:52:11 -0500] "GET /portaldeninos/wp-content/themes/betheme/css/shortcodes.css?ver=20.9.6 HTTP/1.1" 200 138889
190.248.51.115 - - [24/Aug/2023:11:52:12 -0500] "GET /portaldeninos/wp-includes/js/jquery/jquery-migrate.min.js?ver=1.4.1 HTTP/1.1" 200 10056
190.248.51.115 - - [24/Aug/2023:11:52:12 -0500] "GET /portaldeninos/wp-includes/js/jquery/ui/core.min.js?ver=1.11.4 HTTP/1.1" 200 4000
190.248.51.115 - - [24/Aug/2023:11:52:12 -0500] "GET /portaldeninos/wp-content/themes/betheme/css/responsive.css?ver=20.9.6 HTTP/1.1" 200 55740
190.248.51.115 - - [24/Aug/2023:11:52:12 -0500] "GET /portaldeninos/wp-content/plugins/gallery-videos/JS/modernizr.custom.js?ver=4.9.8 HTTP/1.1" 200 9019
190.248.51.115 - - [24/Aug/2023:11:52:12 -0500] "GET /portaldeninos/wp-includes/js/jquery/ui/widget.min.js?ver=1.11.4 HTTP/1.1" 200 6908
190.248.51.115 - - [24/Aug/2023:11:52:11 -0500] "GET /portaldeninos/wp-content/themes/betheme/css/layout.css?ver=20.9.6 HTTP/1.1" 200 116639
190.248.51.115 - - [24/Aug/2023:11:52:12 -0500] "GET /portaldeninos/wp-includes/js/jquery/ui/mouse.min.js?ver=1.11.4 HTTP/1.1" 200 3148
190.248.51.115 - - [24/Aug/2023:11:52:12 -0500] "GET /portaldeninos/wp-includes/js/jquery/ui/tabs.min.js?ver=1.11.4 HTTP/1.1" 200 12110
190.248.51.115 - - [24/Aug/2023:11:52:12 -0500] "GET /portaldeninos/wp-includes/js/jquery/jquery.js?ver=1.12.4 HTTP/1.1" 200 97184
190.248.51.115 - - [24/Aug/2023:11:52:12 -0500] "GET /portaldeninos/wp-includes/js/jquery/ui/accordion.min.js?ver=1.11.4 HTTP/1.1" 200 8584
190.248.51.115 - - [24/Aug/2023:11:52:12 -0500] "GET /portaldeninos/wp-includes/js/jquery/ui/sortable.min.js?ver=1.11.4 HTTP/1.1" 200 24899
190.248.51.115 - - [24/Aug/2023:11:52:12 -0500] "GET /portaldeninos/wp-content/plugins/gallery-videos/JS/Total-Soft-Gallery-Video-Widget.js?ver=4.9.8 HTTP/1.1" 200 80264
190.248.51.115 - - [24/Aug/2023:11:52:12 -0500] "GET /portaldeninos/wp-includes/js/wp-embed.min.js?ver=4.9.8 HTTP/1.1" 200 1398
190.248.51.115 - - [24/Aug/2023:11:52:12 -0500] "GET /portaldeninos/wp-content/themes/betheme/js/menu.js?ver=20.9.6 HTTP/1.1" 200 2449
190.248.51.115 - - [24/Aug/2023:11:52:12 -0500] "GET /portaldeninos/wp-content/themes/betheme/assets/jplayer/jplayer.min.js?ver=20.9.6 HTTP/1.1" 200 52702
190.248.51.115 - - [24/Aug/2023:11:52:12 -0500] "GET /portaldeninos/wp-includes/js/wp-emoji-release.min.js?ver=4.9.8 HTTP/1.1" 200 12026
190.248.51.115 - - [24/Aug/2023:11:52:12 -0500] "GET /portaldeninos/wp-content/themes/betheme/assets/animations/animations.min.js?ver=20.9.6 HTTP/1.1" 200 1896
190.248.51.115 - - [24/Aug/2023:11:52:12 -0500] "GET /portaldeninos/wp-content/themes/betheme/js/plugins.js?ver=20.9.6 HTTP/1.1" 200 197151
190.248.51.115 - - [24/Aug/2023:11:52:12 -0500] "GET /portaldeninos/wp-content/themes/betheme/images/box_shadow.png HTTP/1.1" 200 108
190.248.51.115 - - [24/Aug/2023:11:52:12 -0500] "GET /portaldeninos/wp-content/themes/betheme/js/scripts.js?ver=20.9.6 HTTP/1.1" 200 77162
190.248.51.115 - - [24/Aug/2023:11:52:12 -0500] "GET /portaldeninos/wp-content/themes/betheme/fonts/mfn-icons.woff?93978679 HTTP/1.1" 200 80932
190.248.51.115 - - [24/Aug/2023:11:52:13 -0500] "GET /portaldeninos/wp-content/themes/betheme/fonts/mfn-icons.ttf?93978679 HTTP/1.1" 200 90577
172.22.2.4 - - [24/Aug/2023:11:51:47 -0500] "GET /BLA/boletinlegal/ HTTP/1.1" 200 32715
201.245.192.253 - - [24/Aug/2023:11:52:48 -0500] "POST /forms/lservlet;jsessionid=ac16012b30d68f1d81e4dc594f86873896b26f75c7ca.e3iSbxaKaheRe34Rch0Ra3mLchv0n6jAmljGr5XDqQLvpAe HTTP/1.1" 200 2
172.22.2.4 - - [24/Aug/2023:11:52:48 -0500] "GET /BLA/boletinlegal/actos.php HTTP/1.1" 200 9682
172.22.2.4 - - [24/Aug/2023:11:52:48 -0500] "GET /BLA/boletinlegal/js/ajax_actos.js HTTP/1.1" 200 1322
172.22.2.4 - - [24/Aug/2023:11:52:48 -0500] "GET /BLA/boletinlegal/images/icono-email.png HTTP/1.1" 200 5544
172.22.2.4 - - [24/Aug/2023:11:52:48 -0500] "GET /BLA/boletinlegal/js/jquery1.js HTTP/1.1" 200 29846
172.22.2.4 - - [24/Aug/2023:11:52:48 -0500] "GET /BLA/boletinlegal/images/menu_lft.gif HTTP/1.1" 200 1713
172.22.2.4 - - [24/Aug/2023:11:52:49 -0500] "GET /BLA/boletinlegal/apple-touch-icon-precomposed.png HTTP/1.1" 404 1140
172.22.2.4 - - [24/Aug/2023:11:52:49 -0500] "GET /BLA/boletinlegal/apple-touch-icon.png HTTP/1.1" 404 1140
172.22.2.4 - - [24/Aug/2023:11:52:49 -0500] "GET /BLA/boletinlegal/favicon.ico HTTP/1.1" 404 1326
190.60.254.236 - - [24/Aug/2023:11:52:52 -0500] "GET /bogota-empieza-la-consolidacion-de-la-estrategia-de-bosques-urbanos-con-el-brazo-salitre-en-barrios-unidos.html?utm_source=Meta_DIGI&utm_medium=CPV&utm_campaign=BosquesUrbanos&utm_id=Agosto_2023&fbclid=IwAR2RE9s7ycsEeNgOA1epkVUpC5U-vbEkAU6tGva7AavpNWT9vVvRUe9ChZA_aem_AY7l-4ABzoKKLGZnkz1C-YY85HBmMZ0ZT07TjOIBVUCrF6jTGBwXPxP98ApptYXWZ9mQUiCoxIa3jvZX_U-OVMUx HTTP/1.1" 200 892
172.22.2.4 - - [24/Aug/2023:11:51:14 -0500] "HEAD /BLA/boletinlegal/ HTTP/1.1" 200 -
172.22.2.4 - - [24/Aug/2023:11:53:04 -0500] "GET /BLA/boletinlegal/consulta_actos.php?tipo=resoluciones&no=0186&usuario=&sector=&fecha=2022&resuelve= HTTP/1.1" 200 1095
186.144.252.26 - - [24/Aug/2023:11:53:09 -0500] "GET /BLA/resoluciones/RESOLUCIONES%202022/0186.pdf HTTP/1.1" 200 1457748
186.144.252.26 - - [24/Aug/2023:11:53:09 -0500] "GET /apple-touch-icon-precomposed.png HTTP/1.1" 404 1120
186.144.252.26 - - [24/Aug/2023:11:53:09 -0500] "GET /apple-touch-icon.png HTTP/1.1" 404 1120
186.144.252.26 - - [24/Aug/2023:11:53:09 -0500] "GET /favicon.ico HTTP/1.1" 200 7782
201.245.192.253 - - [24/Aug/2023:11:53:17 -0500] "POST /forms/lservlet;jsessionid=ac16012b30d649e7a6135ab24c4fa557ab99fbd81b4a.e3iSbxaKaheRe34Rch0Ra3mLchv0n6jAmljGr5XDqQLvpAe HTTP/1.1" 200 2
66.249.79.97 - - [24/Aug/2023:11:53:38 -0500] "GET /resoluciones/RESOLUCIONES%202010/1908.pdf HTTP/1.1" 404 1018
172.22.2.4 - - [24/Aug/2023:11:52:04 -0500] "GET /BLA/boletinlegal/ HTTP/1.1" 200 55460
216.245.221.92 - - [24/Aug/2023:11:54:03 -0500] "HEAD / HTTP/1.1" 200 -
66.249.79.111 - - [24/Aug/2023:11:54:21 -0500] "GET /portel_dama/libreria/php/2006/ECOSISTEMAS%20FINAL%20web_mz27/x%20restauracion/sitio/55_artic/xtras/2.pdf HTTP/1.1" 404 1018
201.245.192.253 - - [24/Aug/2023:11:54:48 -0500] "POST /forms/lservlet;jsessionid=ac16012b30d68f1d81e4dc594f86873896b26f75c7ca.e3iSbxaKaheRe34Rch0Ra3mLchv0n6jAmljGr5XDqQLvpAe HTTP/1.1" 200 2
190.255.40.72 - - [24/Aug/2023:11:55:03 -0500] "GET /galeria/galeria/jquery.fancybox.css?v=2.1.5 HTTP/1.1" 200 4895
190.255.40.72 - - [24/Aug/2023:11:55:03 -0500] "GET /BLA/boletinlegal/js/jquery.scrollShow.js HTTP/1.1" 200 4586
190.255.40.72 - - [24/Aug/2023:11:55:03 -0500] "GET /galeria/galeria/jquery.fancybox.js?v=2.1.5 HTTP/1.1" 200 48706
190.255.40.72 - - [24/Aug/2023:11:55:05 -0500] "GET /BLA/boletinlegal/disciplinarios.php? HTTP/1.1" 200 2069
190.255.40.72 - - [24/Aug/2023:11:55:05 -0500] "GET /BLA/boletinlegal/styles2.css HTTP/1.1" 200 1838
190.255.40.72 - - [24/Aug/2023:11:55:05 -0500] "GET /BLA/boletinlegal/js/jquery.js HTTP/1.1" 200 57254
190.255.40.72 - - [24/Aug/2023:11:55:05 -0500] "GET /BLA/boletinlegal/js/jquery.scrollShow.js HTTP/1.1" 200 4586
190.255.40.72 - - [24/Aug/2023:11:55:05 -0500] "GET /BLA/boletinlegal/js/jquery.scrollTo-min.js HTTP/1.1" 200 1150
190.255.40.72 - - [24/Aug/2023:11:55:05 -0500] "GET /BLA/boletinlegal/images/menu_bg.jpg HTTP/1.1" 200 620
66.249.79.96 - - [24/Aug/2023:11:55:08 -0500] "GET /Publicaciones/2023EE193715.pdf HTTP/1.1" 200 232780
201.245.192.253 - - [24/Aug/2023:11:55:17 -0500] "POST /forms/lservlet;jsessionid=ac16012b30d649e7a6135ab24c4fa557ab99fbd81b4a.e3iSbxaKaheRe34Rch0Ra3mLchv0n6jAmljGr5XDqQLvpAe HTTP/1.1" 200 2
66.249.79.96 - - [24/Aug/2023:11:55:29 -0500] "GET /BLA/resoluciones/Notificaciones/REGISTROS%202017/158.pdf HTTP/1.1" 200 311000
66.249.79.111 - - [24/Aug/2023:11:55:30 -0500] "GET /BLA/resoluciones/RESOLUCIONES%202009/6047.pdf HTTP/1.1" 200 494067
66.249.79.111 - - [24/Aug/2023:11:55:42 -0500] "GET /BLA/resoluciones/RESOLUCIONES%202009/0925.pdf HTTP/1.1" 200 602631
172.22.2.4 - - [24/Aug/2023:11:55:46 -0500] "GET /BLA/boletinlegal/conceptos.php HTTP/1.1" 200 7496
172.22.2.4 - - [24/Aug/2023:11:55:46 -0500] "GET /BLA/boletinlegal/styles2.css HTTP/1.1" 200 1838
172.22.2.4 - - [24/Aug/2023:11:55:46 -0500] "GET /BLA/boletinlegal/js/ajax_conceptos.js HTTP/1.1" 200 1326
172.22.2.4 - - [24/Aug/2023:11:55:46 -0500] "GET /BLA/boletinlegal/niceforms-default.css HTTP/1.1" 200 6694
172.22.2.4 - - [24/Aug/2023:11:55:46 -0500] "GET /BLA/boletinlegal/niceforms.js HTTP/1.1" 200 22876
172.22.2.4 - - [24/Aug/2023:11:55:46 -0500] "GET /BLA/boletinlegal/style.css HTTP/1.1" 200 9406
172.22.2.4 - - [24/Aug/2023:11:55:46 -0500] "GET /BLA/boletinlegal/images/cabezote%20BLEGAL.jpg HTTP/1.1" 200 118164
172.22.2.4 - - [24/Aug/2023:11:55:46 -0500] "GET /BLA/boletinlegal/images/subscribe-icon-big.png HTTP/1.1" 200 47702
172.22.2.4 - - [24/Aug/2023:11:55:46 -0500] "GET /BLA/boletinlegal/images/historia.png HTTP/1.1" 200 52775
172.22.2.4 - - [24/Aug/2023:11:55:46 -0500] "GET /BLA/boletinlegal/images/tel.png HTTP/1.1" 200 14477
172.22.2.4 - - [24/Aug/2023:11:55:46 -0500] "GET /BLA/boletinlegal/images/registro-usuarios.png HTTP/1.1" 200 8106
172.22.2.4 - - [24/Aug/2023:11:55:46 -0500] "GET /BLA/boletinlegal/images/icono-email.png HTTP/1.1" 200 5544
172.22.2.4 - - [24/Aug/2023:11:55:46 -0500] "GET /BLA/boletinlegal/images/body_bg.jpg HTTP/1.1" 200 1601
172.22.2.4 - - [24/Aug/2023:11:55:46 -0500] "GET /BLA/boletinlegal/images/menu_lft.gif HTTP/1.1" 200 1713
172.22.2.4 - - [24/Aug/2023:11:55:46 -0500] "GET /BLA/boletinlegal/images/menu_rght.gif HTTP/1.1" 200 1627
172.22.2.4 - - [24/Aug/2023:11:55:46 -0500] "GET /BLA/boletinlegal/images/bg_top.jpg HTTP/1.1" 200 522
172.22.2.4 - - [24/Aug/2023:11:55:46 -0500] "GET /BLA/boletinlegal/images/menu_bg.jpg HTTP/1.1" 200 620
172.22.2.4 - - [24/Aug/2023:11:55:46 -0500] "GET /BLA/boletinlegal/images/hover.jpg HTTP/1.1" 200 640
172.22.2.4 - - [24/Aug/2023:11:55:46 -0500] "GET /BLA/boletinlegal/images/text.jpg HTTP/1.1" 200 568
172.22.2.4 - - [24/Aug/2023:11:55:46 -0500] "GET /BLA/boletinlegal/images/footer_bg.jpg HTTP/1.1" 200 586
172.22.2.4 - - [24/Aug/2023:11:55:46 -0500] "GET /BLA/boletinlegal/images/footer_bg_l.jpg HTTP/1.1" 200 776
172.22.2.4 - - [24/Aug/2023:11:55:46 -0500] "GET /BLA/boletinlegal/img/0.png HTTP/1.1" 200 110
172.22.2.4 - - [24/Aug/2023:11:55:46 -0500] "GET /BLA/boletinlegal/img/select-left.png HTTP/1.1" 200 263
172.22.2.4 - - [24/Aug/2023:11:55:46 -0500] "GET /BLA/boletinlegal/favicon.ico HTTP/1.1" 404 1238
172.22.2.4 - - [24/Aug/2023:11:55:46 -0500] "GET /BLA/boletinlegal/img/select-right.png HTTP/1.1" 200 44019
172.22.2.4 - - [24/Aug/2023:11:55:46 -0500] "GET /BLA/boletinlegal/img/button-right.png HTTP/1.1" 200 57878
172.22.2.4 - - [24/Aug/2023:11:55:46 -0500] "GET /BLA/boletinlegal/img/button-left.png HTTP/1.1" 200 57071
172.22.2.4 - - [24/Aug/2023:11:55:46 -0500] "GET /BLA/boletinlegal/img/button.png HTTP/1.1" 200 43241
172.22.2.4 - - [24/Aug/2023:11:55:49 -0500] "GET /BLA/boletinlegal/conceptos.php HTTP/1.1" 200 7496
172.22.2.4 - - [24/Aug/2023:11:55:54 -0500] "GET /BLA/boletinlegal/actos.php HTTP/1.1" 200 9682
172.22.2.4 - - [24/Aug/2023:11:55:54 -0500] "GET /BLA/boletinlegal/js/ajax_actos.js HTTP/1.1" 200 1322
172.22.2.4 - - [24/Aug/2023:11:55:54 -0500] "GET /BLA/boletinlegal/js/lib.js HTTP/1.1" 200 6474
172.22.2.4 - - [24/Aug/2023:11:55:54 -0500] "GET /BLA/boletinlegal/js/popup.js HTTP/1.1" 200 1270
172.22.2.4 - - [24/Aug/2023:11:55:54 -0500] "GET /BLA/boletinlegal/js/jquery1.js HTTP/1.1" 200 29846
172.22.2.4 - - [24/Aug/2023:11:55:54 -0500] "GET /BLA/boletinlegal/images/green-yellow-blue-pink-th.png HTTP/1.1" 200 7394
201.245.192.253 - - [24/Aug/2023:11:55:59 -0500] "POST /kwsrmcab/Wsrmcab  HTTP/1.1" 200 41818
172.22.2.4 - - [24/Aug/2023:11:56:08 -0500] "GET /BLA/boletinlegal/consulta_actos.php?tipo=resoluciones&no=&usuario=&sector=&fecha=2023&resuelve=consejo%20directivo HTTP/1.1" 200 626
172.22.2.4 - - [24/Aug/2023:11:56:13 -0500] "GET /BLA/boletinlegal/consulta_actos.php?tipo=resoluciones&no=&usuario=&sector=&fecha=2022&resuelve=consejo%20directivo HTTP/1.1" 200 626
172.22.2.4 - - [24/Aug/2023:11:56:15 -0500] "GET /BLA/boletinlegal/consulta_actos.php?tipo=resoluciones&no=&usuario=&sector=&fecha=2022&resuelve=consejo%20directivo HTTP/1.1" 200 626
172.22.2.4 - - [24/Aug/2023:11:56:17 -0500] "GET /BLA/boletinlegal/consulta_actos.php?tipo=resoluciones&no=&usuario=&sector=&fecha=2021&resuelve=consejo%20directivo HTTP/1.1" 200 626
172.22.2.4 - - [24/Aug/2023:11:56:21 -0500] "GET /BLA/boletinlegal/consulta_actos.php?tipo=resoluciones&no=&usuario=&sector=&fecha=2020&resuelve=consejo%20directivo HTTP/1.1" 200 626
172.22.2.4 - - [24/Aug/2023:11:56:24 -0500] "GET /BLA/boletinlegal/consulta_actos.php?tipo=resoluciones&no=&usuario=&sector=&fecha=2019&resuelve=consejo%20directivo HTTP/1.1" 200 626
66.249.79.97 - - [24/Aug/2023:11:56:24 -0500] "GET /BLA/resoluciones/RESOLUCIONES%202009/5708.pdf HTTP/1.1" 200 448710
172.22.2.4 - - [24/Aug/2023:11:56:29 -0500] "GET /BLA/boletinlegal/conceptos.php HTTP/1.1" 200 7496
172.22.2.4 - - [24/Aug/2023:11:56:39 -0500] "GET /BLA/boletinlegal/consulta_conceptos.php?no=&solicitante=&radicado_entrada=&fecha_concepto=2023&objeto=consejo%20directivo HTTP/1.1" 200 570
172.22.2.4 - - [24/Aug/2023:11:56:43 -0500] "GET /BLA/boletinlegal/consulta_conceptos.php?no=&solicitante=&radicado_entrada=&fecha_concepto=2022&objeto=consejo%20directivo HTTP/1.1" 200 570
66.249.79.96 - - [24/Aug/2023:11:56:44 -0500] "GET /BLA/resoluciones/RESOLUCIONES%202008/5181.pdf HTTP/1.1" 200 86285
172.22.2.4 - - [24/Aug/2023:11:56:48 -0500] "GET /BLA/boletinlegal/consulta_conceptos.php?no=&solicitante=&radicado_entrada=&fecha_concepto=2021&objeto=consejo%20directivo HTTP/1.1" 200 570
201.245.192.253 - - [24/Aug/2023:11:56:48 -0500] "POST /forms/lservlet;jsessionid=ac16012b30d68f1d81e4dc594f86873896b26f75c7ca.e3iSbxaKaheRe34Rch0Ra3mLchv0n6jAmljGr5XDqQLvpAe HTTP/1.1" 200 2
172.22.2.4 - - [24/Aug/2023:11:56:51 -0500] "GET /BLA/boletinlegal/consulta_conceptos.php?no=&solicitante=&radicado_entrada=&fecha_concepto=2020&objeto=consejo%20directivo HTTP/1.1" 200 570
172.22.2.4 - - [24/Aug/2023:11:56:54 -0500] "GET /BLA/boletinlegal/consulta_conceptos.php?no=&solicitante=&radicado_entrada=&fecha_concepto=2019&objeto=consejo%20directivo HTTP/1.1" 200 570
172.22.2.4 - - [24/Aug/2023:11:56:56 -0500] "GET /BLA/boletinlegal/consulta_conceptos.php?no=&solicitante=&radicado_entrada=&fecha_concepto=2018&objeto=consejo%20directivo HTTP/1.1" 200 570
172.22.2.4 - - [24/Aug/2023:11:56:58 -0500] "GET /BLA/boletinlegal/consulta_conceptos.php?no=&solicitante=&radicado_entrada=&fecha_concepto=2017&objeto=consejo%20directivo HTTP/1.1" 200 570
172.22.2.4 - - [24/Aug/2023:11:57:00 -0500] "GET /BLA/boletinlegal/consulta_conceptos.php?no=&solicitante=&radicado_entrada=&fecha_concepto=2016&objeto=consejo%20directivo HTTP/1.1" 200 570
172.22.2.4 - - [24/Aug/2023:11:57:03 -0500] "GET /BLA/boletinlegal/consulta_conceptos.php?no=&solicitante=&radicado_entrada=&fecha_concepto=2015&objeto=consejo%20directivo HTTP/1.1" 200 570
172.22.2.4 - - [24/Aug/2023:11:57:07 -0500] "GET /BLA/boletinlegal/consulta_conceptos.php?no=&solicitante=&radicado_entrada=&fecha_concepto=2014&objeto=consejo%20directivo HTTP/1.1" 200 570
172.22.2.4 - - [24/Aug/2023:11:57:09 -0500] "GET /BLA/boletinlegal/consulta_conceptos.php?no=&solicitante=&radicado_entrada=&fecha_concepto=2013&objeto=consejo%20directivo HTTP/1.1" 200 570
172.22.2.4 - - [24/Aug/2023:11:57:12 -0500] "GET /BLA/boletinlegal/normativa.php HTTP/1.1" 200 8343
172.22.2.4 - - [24/Aug/2023:11:57:12 -0500] "GET /BLA/boletinlegal/js/ajax_normativa.js HTTP/1.1" 200 1154
201.245.192.253 - - [24/Aug/2023:11:57:17 -0500] "POST /forms/lservlet;jsessionid=ac16012b30d649e7a6135ab24c4fa557ab99fbd81b4a.e3iSbxaKaheRe34Rch0Ra3mLchv0n6jAmljGr5XDqQLvpAe HTTP/1.1" 200 2
172.22.2.4 - - [24/Aug/2023:11:57:25 -0500] "GET /BLA/boletinlegal/consulta_normativa.php?tipo=&sector=competencia-estructura&ano=&resuelve=consejo%20directivo HTTP/1.1" 200 936
172.22.2.4 - - [24/Aug/2023:11:57:25 -0500] "GET /BLA/boletinlegal/images/docs.png HTTP/1.1" 200 10288
172.22.2.4 - - [24/Aug/2023:11:57:37 -0500] "GET /BLA/boletinlegal/consulta_normativa.php?tipo=&sector=competencia-estructura&ano=&resuelve=CAR HTTP/1.1" 200 6072
172.22.2.4 - - [24/Aug/2023:11:57:37 -0500] "GET /BLA/boletinlegal/images/background.gif HTTP/1.1" 200 -
172.22.2.4 - - [24/Aug/2023:11:58:07 -0500] "GET /BLA/boletinlegal/consulta_actos.php?tipo=resoluciones&no=1433&usuario=&sector=&fecha=2020&resuelve= HTTP/1.1" 200 626
66.249.79.111 - - [24/Aug/2023:11:58:27 -0500] "GET /BLA/resoluciones/RESOLUCIONES%202010/0073.pdf HTTP/1.1" 200 520016
172.22.2.4 - - [24/Aug/2023:11:58:31 -0500] "GET /BLA/boletinlegal/consulta_actos.php?tipo=resoluciones&no=2488&usuario=&sector=&fecha=2019&resuelve= HTTP/1.1" 200 1072
186.155.95.29 - - [24/Aug/2023:11:58:33 -0500] "GET /BLA/resoluciones/RESOLUCIONES%202019/2488.pdf HTTP/1.1" 200 333291
201.245.192.253 - - [24/Aug/2023:11:58:48 -0500] "POST /forms/lservlet;jsessionid=ac16012b30d68f1d81e4dc594f86873896b26f75c7ca.e3iSbxaKaheRe34Rch0Ra3mLchv0n6jAmljGr5XDqQLvpAe HTTP/1.1" 200 2
172.22.2.4 - - [24/Aug/2023:11:57:09 -0500] "HEAD /BLA/boletinlegal/ HTTP/1.1" 200 -
172.22.2.4 - - [24/Aug/2023:11:58:50 -0500] "GET /BLA/boletinlegal/actos.php HTTP/1.1" 200 9682
191.156.52.229 - - [24/Aug/2023:11:58:55 -0500] "GET /galeria/galeria/jquery.fancybox.css?v=2.1.5 HTTP/1.1" 200 4895
191.156.52.215 - - [24/Aug/2023:11:58:55 -0500] "GET /BLA/boletinlegal/js/jquery.scrollShow.js HTTP/1.1" 200 4586
191.156.60.27 - - [24/Aug/2023:11:58:55 -0500] "GET /galeria/galeria/jquery.fancybox.js?v=2.1.5 HTTP/1.1" 200 48706
66.249.79.97 - - [24/Aug/2023:11:58:55 -0500] "GET /BLA/resoluciones/RESOLUCIONES%202013/1619.pdf HTTP/1.1" 200 643986
66.249.79.96 - - [24/Aug/2023:11:59:01 -0500] "GET /BLA/resoluciones/RESOLUCIONES%202011/0185.pdf HTTP/1.1" 200 285634
172.22.2.4 - - [24/Aug/2023:11:59:03 -0500] "GET /BLA/boletinlegal/consulta_actos.php?tipo=resoluciones&no=&usuario=&sector=&fecha=2018&resuelve=CONSEJO%20DIRECTIVO HTTP/1.1" 200 626
216.245.221.92 - - [24/Aug/2023:11:59:03 -0500] "HEAD / HTTP/1.1" 200 -
172.22.2.4 - - [24/Aug/2023:11:59:07 -0500] "GET /BLA/boletinlegal/consulta_actos.php?tipo=resoluciones&no=&usuario=&sector=&fecha=2016&resuelve=CONSEJO%20DIRECTIVO HTTP/1.1" 200 626
172.22.2.4 - - [24/Aug/2023:11:59:10 -0500] "GET /BLA/boletinlegal/consulta_actos.php?tipo=resoluciones&no=&usuario=&sector=&fecha=2017&resuelve=CONSEJO%20DIRECTIVO HTTP/1.1" 200 626
172.22.2.4 - - [24/Aug/2023:11:59:12 -0500] "GET /BLA/boletinlegal/consulta_actos.php?tipo=resoluciones&no=&usuario=&sector=&fecha=2019&resuelve=CONSEJO%20DIRECTIVO HTTP/1.1" 200 626
172.22.2.4 - - [24/Aug/2023:11:59:15 -0500] "GET /BLA/boletinlegal/consulta_actos.php?tipo=resoluciones&no=&usuario=&sector=&fecha=2020&resuelve=CONSEJO%20DIRECTIVO HTTP/1.1" 200 626
201.245.192.253 - - [24/Aug/2023:11:59:17 -0500] "POST /forms/lservlet;jsessionid=ac16012b30d649e7a6135ab24c4fa557ab99fbd81b4a.e3iSbxaKaheRe34Rch0Ra3mLchv0n6jAmljGr5XDqQLvpAe HTTP/1.1" 200 2
172.22.2.4 - - [24/Aug/2023:11:59:18 -0500] "GET /BLA/boletinlegal/consulta_actos.php?tipo=resoluciones&no=&usuario=&sector=&fecha=2020&resuelve=CAR HTTP/1.1" 200 10194
172.22.2.4 - - [24/Aug/2023:11:59:18 -0500] "GET /BLA/boletinlegal/images/pdf.gif HTTP/1.1" 200 567
66.249.79.111 - - [24/Aug/2023:11:59:25 -0500] "GET /BLA/resoluciones/AUTOS%202014/5571.pdf HTTP/1.1" 200 537408
172.22.2.4 - - [24/Aug/2023:11:57:57 -0500] "GET /BLA/boletinlegal/ HTTP/1.1" 200 60692
72.140.238.197 - - [24/Aug/2023:11:59:37 -0500] "GET /galeria/galeria/jquery.fancybox.css?v=2.1.5 HTTP/1.1" 200 4895
72.140.238.197 - - [24/Aug/2023:11:59:37 -0500] "GET /BLA/boletinlegal/js/jquery.scrollShow.js HTTP/1.1" 200 4586
72.140.238.197 - - [24/Aug/2023:11:59:37 -0500] "GET /galeria/galeria/jquery.fancybox.js?v=2.1.5 HTTP/1.1" 200 48706
172.22.2.4 - - [24/Aug/2023:12:00:16 -0500] "GET /BLA/boletinlegal/consulta_actos.php?tipo=resoluciones&no=&usuario=&sector=&fecha=2019&resuelve=CAR HTTP/1.1" 200 29645
66.249.79.97 - - [24/Aug/2023:12:00:17 -0500] "GET /BLA/resoluciones/Notificaciones/REGISTROS%202016/01783.pdf HTTP/1.1" 200 478015
66.249.79.96 - - [24/Aug/2023:12:00:22 -0500] "GET /BLA/resoluciones/AUTOS%202008/0851.pdf HTTP/1.1" 200 76780
66.249.66.194 - - [24/Aug/2023:12:00:40 -0500] "GET /secretaria-de-ambiente-abre-convocatoria-para-el-proceso-de-formacion-mujeres-cuidadoras-de-humedales.html HTTP/1.1" 200 943
186.29.89.4 - - [24/Aug/2023:12:00:47 -0500] "GET /BLA/resoluciones/RESOLUCIONES%202019/1827.pdf HTTP/1.1" 200 293304
201.245.192.253 - - [24/Aug/2023:12:00:48 -0500] "POST /forms/lservlet;jsessionid=ac16012b30d68f1d81e4dc594f86873896b26f75c7ca.e3iSbxaKaheRe34Rch0Ra3mLchv0n6jAmljGr5XDqQLvpAe HTTP/1.1" 200 2
186.29.89.4 - - [24/Aug/2023:12:00:48 -0500] "GET /favicon.ico HTTP/1.1" 200 7782
66.249.66.78 - - [24/Aug/2023:12:00:49 -0500] "GET /secretaria-de-ambiente-abre-convocatoria-para-el-proceso-de-formacion-mujeres-cuidadoras-de-humedales.html HTTP/1.1" 200 943
201.245.192.253 - - [24/Aug/2023:12:00:59 -0500] "POST /kwsrmcab/Wsrmcab  HTTP/1.1" 200 41818
201.245.192.253 - - [24/Aug/2023:12:01:17 -0500] "POST /forms/lservlet;jsessionid=ac16012b30d649e7a6135ab24c4fa557ab99fbd81b4a.e3iSbxaKaheRe34Rch0Ra3mLchv0n6jAmljGr5XDqQLvpAe HTTP/1.1" 200 2
66.249.66.193 - - [24/Aug/2023:12:01:31 -0500] "GET /secretaria-de-ambiente-abre-convocatoria-para-el-proceso-de-formacion-mujeres-cuidadoras-de-humedales.html HTTP/1.1" 200 943
172.22.2.4 - - [24/Aug/2023:12:01:37 -0500] "GET /BLA/boletinlegal/consulta_actos.php?tipo=resoluciones&no=&usuario=&sector=&fecha=2019&resuelve=Corporaci%F3n%20Aut%F3noma%20Regional%20de HTTP/1.1" 200 626
172.22.2.4 - - [24/Aug/2023:12:01:40 -0500] "GET /BLA/boletinlegal/consulta_actos.php?tipo=resoluciones&no=&usuario=&sector=&fecha=2019&resuelve=Corporaci%F3n%20Aut%F3noma%20Regional HTTP/1.1" 200 626
172.22.2.4 - - [24/Aug/2023:12:01:44 -0500] "GET /BLA/boletinlegal/consulta_actos.php?tipo=resoluciones&no=&usuario=&sector=&fecha=2022&resuelve=Corporaci%F3n%20Aut%F3noma%20Regional HTTP/1.1" 200 626
172.22.2.4 - - [24/Aug/2023:12:01:47 -0500] "GET /BLA/boletinlegal/consulta_actos.php?tipo=resoluciones&no=&usuario=&sector=&fecha=2022&resuelve=Corporaci%F3n%20Aut%F3noma%20Regional HTTP/1.1" 200 626
172.22.2.4 - - [24/Aug/2023:12:01:49 -0500] "GET /BLA/boletinlegal/consulta_actos.php?tipo=resoluciones&no=&usuario=&sector=&fecha=2020&resuelve=Corporaci%F3n%20Aut%F3noma%20Regional HTTP/1.1" 200 626
172.22.2.4 - - [24/Aug/2023:12:01:51 -0500] "GET /BLA/boletinlegal/consulta_actos.php?tipo=resoluciones&no=&usuario=&sector=&fecha=2019&resuelve=Corporaci%F3n%20Aut%F3noma%20Regional HTTP/1.1" 200 626
172.22.2.4 - - [24/Aug/2023:12:01:53 -0500] "GET /BLA/boletinlegal/consulta_actos.php?tipo=resoluciones&no=&usuario=&sector=&fecha=2018&resuelve=Corporaci%F3n%20Aut%F3noma%20Regional HTTP/1.1" 200 626
172.22.2.4 - - [24/Aug/2023:12:01:57 -0500] "GET /BLA/boletinlegal/normativa.php HTTP/1.1" 200 8343
172.22.2.4 - - [24/Aug/2023:12:02:01 -0500] "GET /BLA/boletinlegal/consulta_normativa.php?tipo=&sector=competencia-estructura&ano=&resuelve=Corporaci%F3n%20Aut%F3noma%20Regional%20de HTTP/1.1" 200 454
66.249.79.111 - - [24/Aug/2023:12:02:04 -0500] "GET /BLA/resoluciones/AUTOS%202013/1765.pdf HTTP/1.1" 200 362800
172.22.2.4 - - [24/Aug/2023:12:02:04 -0500] "GET /BLA/boletinlegal/consulta_normativa.php?tipo=&sector=competencia-estructura&ano=&resuelve=Corporaci%F3n%20Aut%F3noma%20Regional HTTP/1.1" 200 454
172.22.2.4 - - [24/Aug/2023:12:02:06 -0500] "GET /BLA/boletinlegal/consulta_normativa.php?tipo=&sector=competencia-estructura&ano=&resuelve=Corporaci%F3n%20Aut%F3noma%20Regional HTTP/1.1" 200 454
186.168.252.159 - - [24/Aug/2023:12:02:09 -0500] "OPTIONS /kwssiamovil/sm/setfile/f? HTTP/1.1" 200 13
186.168.252.159 - - [24/Aug/2023:12:02:09 -0500] "POST /kwssiamovil/sm/setfile/f? HTTP/1.1" 200 381
186.168.252.159 - - [24/Aug/2023:12:02:20 -0500] "GET /kwssiamovil/sm/acme/a?s=U2FsdGVkX18IC2Utg8wCaL1T9B4n0ulPNOyvli3oIsZjt3E1ozxgATHLLgU+Y8nk+B99irz+uiuH/qFYfGig/aQ9TuBwrwQMyjqpPAIEapr56Qy96mYoMlePpm+M8gwEsvrmutddCqo0/R+cAL5oBUFaxQbXVwEiLKV9FA34lF3yFCjMj6NmhYP8BLNKK+bgvuApQ+9v5Cr6t7AfJ+nvjG4XKsxaciAYCdyPAjcvRNEJkJuj42FLI9quoV/b9bf5Qmy6ATBF/dcn36UGp+I44A==&u=U2FsdGVkX1+2I8FC0O0fAMkw8fVFteVk2xEXqbaOOr0=&y=U2FsdGVkX1/xCmfNadvAaSKahYE2Sl4Ru3O/it7+8OZZ8s0a5bHSViVLbI31fUP0 HTTP/1.1" 200 26
186.168.252.159 - - [24/Aug/2023:12:02:20 -0500] "GET /kwssiamovil/sm/acme/a?s=U2FsdGVkX1/V0T7QbuTzvLVnavFBdlQcwhJ4PEbWpvOtQjEOBP5mQlKNVGdlQdKqFKhFbJK365XHWPKN3F6/o+U/NvOmeCS4P1Bg2ZWTcxqqls6+2b+I1WciMu1Mr3krt/FP1Pvn5nBOqPmJOnAry/C2Wgt+UsxbRNsAJ+kr0G9xFvmJoOZru1wkvKXcEVbdvgRAT+MKdB7qhC61WVKgMIXutNoQM7NQr8gMg0zIlqfdYh7NXKCBX/RQWA6zd+FJD0BJJtOl40jwltEBSMAVotUbod7yAu7FGA+kiUhips6AzpgDwzQCIdw2Rr2mpNPSnpwLldAwogSUwufXm4n4Kh1dDk7v64JUJQdNrOvNEfj+rti1wczf/maVVUr3IP1Eoa5763JYazzn0eBtgoMKl8NCvhx1vM/mxl+0ZfeCfmXZ1eXMvpDo/nOnV9WtWIFdL6Of0TTjCUZjawxSucAFzibADVdyjcF0ZXRjfZ9Vx/YIgNUp9FUi1Ow0bxboTUnbatmOW9qeh7aMMkk8ZJHEH3k1SfodmFFjtswywmN3pwudkbTSK7BluMIcFZvdKDRscCk6FfzGB3W/QbRNtl8B8MeqndvLGKmZjaM4J0IriuCXvtb+s9r2WkGO4PPapXDfC8VPrdxXv2gxgZbOpfVA4ngXdC46sJb1Jz/64E0wjn0La087nlLXmTHNAvvawGxf9Baeuz4QC90Yb7ciRP6kD3rB0CvUl3LVfSbJiEaADDIVtgIZLM9xkq/is/3frkUsXsB+v2wyRUicJ/FpyCsTlwfxGHBWm1WdZITHl1BTo7HnYMLn8PRo8I8/VyhDmCjqq+rNhMtwgj4EpznKprrlZBFWkbV8yS/Lc/84uVoAVQgeIKC3wyblgPmRyqpJcUcgd8niJ6yO08jiAumHzdo7GKao14UPTvjhwkzwdqjUpNuhxwZKAIiYO52YkP++3q1s75L7RcWqFD9vbDC9nX2Yyt8WyL3t8biwYy52OFok8aLps2rT3ho7eZ898Li6tCe1cTpbX7vRza3vjQnedp9vVzxNWkXavIMaA34Y5S7UImA1aMffwE90XPCvo5hHc09fViapJK9loUVzvEvNqcf9A+tBO1NBc4PKb+Y45dTe0QNmO1mk8cGlNhYm6rO9z3NQOmoVCRKedhfvOV9CeaQ8gxiOjhUiqhPOARjSCEJFMgS7/gKEq429M6rM9qfygUfG7wvhK61Jz1guL2dw+NaXr5fZpI+p/eXCDFj0zxLAaFwjz9Uri6zczwq+IRm/LrCqqQ545Sq3XVmPvuEoyglWfYTc4Oc5cfM4eANrxKqRF5W7CLkf07aESjYqnCXmhWjMEexHX3ytsTLAgtX435Ndtg==&u=U2FsdGVkX1+2I8FC0O0fAMkw8fVFteVk2xEXqbaOOr0=&y=U2FsdGVkX1/xCmfNadvAaSKahYE2Sl4Ru3O/it7+8OZZ8s0a5bHSViVLbI31fUP0 HTTP/1.1" 200 26
186.168.252.159 - - [24/Aug/2023:12:02:20 -0500] "GET /kwssiamovil/sm/acme/a?s=U2FsdGVkX186JQ9dLZJhDmuJJCgSUCejTF6wjhGfpVo/Sa/1DQLoIywJaqhqALerf5qMA7rWSf1/+a2/UZytR3LGhQW7qnQCB2zbjmHqil4rbjyn70D+WMACI7HkRyL0GSKiQ15in7iL8KvZMPrxYmdSg51Zh2piaV/9DShi2O4=&u=U2FsdGVkX1+2I8FC0O0fAMkw8fVFteVk2xEXqbaOOr0=&y=U2FsdGVkX1/xCmfNadvAaSKahYE2Sl4Ru3O/it7+8OZZ8s0a5bHSViVLbI31fUP0 HTTP/1.1" 200 26
186.168.252.159 - - [24/Aug/2023:12:02:21 -0500] "GET /kwssiamovil/sm/acme/a?s=U2FsdGVkX1+BeHn0KhUcyhiNqljd57CXoPEY+bBh/4FOv56gzrwcjkaCo0kCK4OkaOapAib1nuvND9m+BSUEY0Z8KayO+WNNk7Lm2tPKt811QUK73JsgjW7zSXDlDp1VMVHdy/CIx6XAury/wRjpAiPb3dUzONpCK1BKzmXFbnE=&u=U2FsdGVkX1+2I8FC0O0fAMkw8fVFteVk2xEXqbaOOr0=&y=U2FsdGVkX1/xCmfNadvAaSKahYE2Sl4Ru3O/it7+8OZZ8s0a5bHSViVLbI31fUP0 HTTP/1.1" 200 26
186.168.252.159 - - [24/Aug/2023:12:02:21 -0500] "GET /kwssiamovil/sm/acme/a?s=U2FsdGVkX18sAwpIWzmBruspd6UKER62b3hUddIFHPSxNHDHokGt6TApAH7aSidsRu/ErHIqnYTQwPWUMiVUTVPgsKvbPUfhSKB3CzYHCKlYKE8kv0EZSRJZu3YsdhQUBzk9GHUh4hJpyPnGEUu3W+TN1qyGYIk5HVrYrYkSztE=&u=U2FsdGVkX1+2I8FC0O0fAMkw8fVFteVk2xEXqbaOOr0=&y=U2FsdGVkX1/xCmfNadvAaSKahYE2Sl4Ru3O/it7+8OZZ8s0a5bHSViVLbI31fUP0 HTTP/1.1" 200 26
186.168.252.159 - - [24/Aug/2023:12:02:21 -0500] "GET /kwssiamovil/sm/acme/a?s=U2FsdGVkX1+gP5bovFv3PI25JzgI6BM6uJQZ9oSuIK9gQmomKeE4+cGTnZlyJE8DprutSHvurjlCVBM/bbj2PDbFCFXMv0EKti1+3R2xNMk/jm+0DXL6O/IGwJFkoa0rH4sKHQptH69y1z929fonNpRGJ4biFLKZ2xFRnMA1Aug6IF3Yt1w5I/2ZWZgBNyQmupKfqD/TYX4r4eQ6m946mg==&u=U2FsdGVkX1+2I8FC0O0fAMkw8fVFteVk2xEXqbaOOr0=&y=U2FsdGVkX1/xCmfNadvAaSKahYE2Sl4Ru3O/it7+8OZZ8s0a5bHSViVLbI31fUP0 HTTP/1.1" 200 26
186.168.252.159 - - [24/Aug/2023:12:02:21 -0500] "GET /kwssiamovil/sm/acme/a?s=U2FsdGVkX1+7RNZ5oMkLPORETzED2WsjPVWO4NiQHLDbtX+eCOlgpM67hAKzS0AlIv7iBH/ieyRgTAPzQlSfVqMjKrJ8xtvnNEmomwLcQ4nVALiQWZ29Cysuct5fMDHRjuAqcfpmWy9AYj8SJR77GOHoCeZIlFoeAVOQGZVGww1GibbHPmxTC6LzNqeXMKnPpx0EzY3X37JHzr0IyVWkBajzgLpJliLe/vUjDzJ8J0yp9XmU2m42Gt8erL87MHAXJNga0K1mLvkasl/w4kro8AwqNtaMTwluOfLVn3a1dCCm+SLIoC4C3w1CP6HUH+nJPOtqvD+gujQRRurEL9fb7ABWDXJitWTFsJbYjRsz9cWEHRL/ZKw3iCSMPIP5S6FxjW5zYiWHPyOjtNpiQR0oxMAUYqv/vlgwGT1fL/z4N9KltibWrOj99bLPPwkI2QCuKzgaCf2LpILdqEKTggfHjOgv0g3R/CRtVq1zcbeUKYQshtycWvLgE8w5oyB6ijib&u=U2FsdGVkX1+2I8FC0O0fAMkw8fVFteVk2xEXqbaOOr0=&y=U2FsdGVkX1/xCmfNadvAaSKahYE2Sl4Ru3O/it7+8OZZ8s0a5bHSViVLbI31fUP0 HTTP/1.1" 200 25
186.168.252.159 - - [24/Aug/2023:12:02:22 -0500] "GET /kwssiamovil/sm/acme/a?s=U2FsdGVkX18iPEXbESGrMWrxbY88qNMgFDd89WaClfOO7/cfiyZjCfMewKgyj4m7vdhsXOUbFJN1bv5hc9cVNEY4+7sNANIfyx3XdwUtbSNEihEkaub40DRcL3cBj0/jSbfq7UeLzvgjs4bix3pTZdbrQ/Rq2pdJv2QHcME9j5GV0G+vUQd1M1SwiO+F29VQ6puoUgMiB2LFtr77DVAs9D/lp531fziPkaEIUibFyvcC7fxvFNMo9LP5P6iauQRF/o3dhjgmQaINJXtFmT7FlOeEp4CN6SOLglC52Fyry7UEhLhri/sbwx24VDkJv3+aw3MfJAZJDzPmjWAhmt2pH/4PCPxjLbStugsQ9qVekWcKlgbOIaPqzcnPd6ptQiruNBNMDVoBibPJfFIASnN0gQfR57NbrOxJxFCgzsiWU73/13OvwForkH0yxIEh3oeiL1DLmDwzzp5n1vcHAvDwWw==&u=U2FsdGVkX1+2I8FC0O0fAMkw8fVFteVk2xEXqbaOOr0=&y=U2FsdGVkX1/xCmfNadvAaSKahYE2Sl4Ru3O/it7+8OZZ8s0a5bHSViVLbI31fUP0 HTTP/1.1" 200 25
172.22.2.4 - - [24/Aug/2023:12:02:33 -0500] "GET /BLA/boletinlegal/jurisprudencia.php HTTP/1.1" 200 17583
201.245.192.253 - - [24/Aug/2023:12:02:48 -0500] "POST /forms/lservlet;jsessionid=ac16012b30d68f1d81e4dc594f86873896b26f75c7ca.e3iSbxaKaheRe34Rch0Ra3mLchv0n6jAmljGr5XDqQLvpAe HTTP/1.1" 200 2
