201.245.192.253 - - [24/Aug/2023:13:02:48 -0500] "POST /forms/lservlet;jsessionid=ac16012b30d68f1d81e4dc594f86873896b26f75c7ca.e3iSbxaKaheRe34Rch0Ra3mLchv0n6jAmljGr5XDqQLvpAe HTTP/1.1" 200 2
172.22.2.4 - - [24/Aug/2023:13:01:15 -0500] "HEAD /BLA/boletinlegal/ HTTP/1.1" 200 -
172.22.2.4 - - [24/Aug/2023:13:03:05 -0500] "GET /BLA/boletinlegal/consulta_normativa.php?tipo=&sector=competencia-estructura&ano=&resuelve=PGIRS HTTP/1.1" 200 454
201.245.192.253 - - [24/Aug/2023:13:03:17 -0500] "POST /forms/lservlet;jsessionid=ac16012b30d649e7a6135ab24c4fa557ab99fbd81b4a.e3iSbxaKaheRe34Rch0Ra3mLchv0n6jAmljGr5XDqQLvpAe HTTP/1.1" 200 2
172.22.2.4 - - [24/Aug/2023:13:03:20 -0500] "GET /BLA/boletinlegal/consulta_normativa.php?tipo=&sector=competencia-estructura&ano=&resuelve=PGIRS HTTP/1.1" 200 454
181.143.149.218 - - [24/Aug/2023:13:03:34 -0500] "GET /galeria/galeria/jquery.fancybox.css?v=2.1.5 HTTP/1.1" 200 4895
181.143.149.218 - - [24/Aug/2023:13:03:35 -0500] "GET /BLA/boletinlegal/js/jquery.scrollShow.js HTTP/1.1" 200 4586
181.143.149.218 - - [24/Aug/2023:13:03:35 -0500] "GET /galeria/galeria/jquery.fancybox.js?v=2.1.5 HTTP/1.1" 200 48706
186.113.73.151 - - [24/Aug/2023:13:03:36 -0500] "POST /appsia/controlador HTTP/1.1" 200 5437
186.113.73.151 - - [24/Aug/2023:13:03:38 -0500] "POST /appsia/controlador HTTP/1.1" 200 7735
186.113.73.151 - - [24/Aug/2023:13:03:38 -0500] "GET /appsia/images/logo_escudo.png HTTP/1.1" 200 36965
172.22.2.4 - - [24/Aug/2023:13:02:06 -0500] "GET /BLA/boletinlegal/ HTTP/1.1" 200 58597
216.245.221.92 - - [24/Aug/2023:13:04:03 -0500] "HEAD / HTTP/1.1" 200 -
172.22.2.4 - - [24/Aug/2023:13:04:16 -0500] "GET /BLA/boletinlegal/jurisprudencia/analisis/AnalisisT-606-15.docx HTTP/1.1" 200 26698
172.22.2.4 - - [24/Aug/2023:13:04:16 -0500] "GET /BLA/boletinlegal/apple-touch-icon-120x120-precomposed.png HTTP/1.1" 404 1140
172.22.2.4 - - [24/Aug/2023:13:04:16 -0500] "GET /BLA/boletinlegal/apple-touch-icon-120x120.png HTTP/1.1" 404 1140
172.22.2.4 - - [24/Aug/2023:13:04:16 -0500] "GET /BLA/boletinlegal/apple-touch-icon-precomposed.png HTTP/1.1" 404 1140
172.22.2.4 - - [24/Aug/2023:13:04:17 -0500] "GET /BLA/boletinlegal/apple-touch-icon.png HTTP/1.1" 404 1140
172.22.2.4 - - [24/Aug/2023:13:04:17 -0500] "GET /BLA/boletinlegal/favicon.ico HTTP/1.1" 404 1140
172.22.2.4 - - [24/Aug/2023:13:04:17 -0500] "GET /BLA/boletinlegal/apple-touch-icon-120x120-precomposed.png HTTP/1.1" 404 1140
172.22.2.4 - - [24/Aug/2023:13:04:17 -0500] "GET /BLA/boletinlegal/apple-touch-icon-120x120.png HTTP/1.1" 404 1140
172.22.2.4 - - [24/Aug/2023:13:04:17 -0500] "GET /BLA/boletinlegal/apple-touch-icon-precomposed.png HTTP/1.1" 404 1140
172.22.2.4 - - [24/Aug/2023:13:04:17 -0500] "GET /BLA/boletinlegal/apple-touch-icon.png HTTP/1.1" 404 1140
172.22.2.4 - - [24/Aug/2023:13:04:17 -0500] "GET /BLA/boletinlegal/favicon.ico HTTP/1.1" 404 1140
201.245.192.253 - - [24/Aug/2023:13:04:48 -0500] "POST /forms/lservlet;jsessionid=ac16012b30d68f1d81e4dc594f86873896b26f75c7ca.e3iSbxaKaheRe34Rch0Ra3mLchv0n6jAmljGr5XDqQLvpAe HTTP/1.1" 200 2
191.156.176.62 - - [24/Aug/2023:13:04:50 -0500] "GET /secretaria-de-ambiente-abre-convocatoria-para-el-proceso-de-formacion-mujeres-cuidadoras-de-humedales.html?fbclid=IwAR38J5gxvK992yE1BorixGRjb8BOJ_L2qI5IYeAKFa47jXaX2eSmfj66dSo HTTP/1.1" 200 943
201.245.192.253 - - [24/Aug/2023:13:05:17 -0500] "POST /forms/lservlet;jsessionid=ac16012b30d649e7a6135ab24c4fa557ab99fbd81b4a.e3iSbxaKaheRe34Rch0Ra3mLchv0n6jAmljGr5XDqQLvpAe HTTP/1.1" 200 2
191.106.162.83 - - [24/Aug/2023:13:05:40 -0500] "GET /BLA/resoluciones/ HTTP/1.1" 200 13502
201.245.192.253 - - [24/Aug/2023:13:05:44 -0500] "POST /kwsrmcab/Wsrmcab  HTTP/1.1" 200 41818
71.6.134.234 - - [24/Aug/2023:13:05:51 -0500] "GET / HTTP/1.1" 200 319
186.84.91.73 - - [24/Aug/2023:13:06:33 -0500] "GET /alianzas-por-la-sostenibilidad-y-la-circularidad-en-la-moda-bogotana.html HTTP/1.1" 200 800
191.156.238.9 - - [24/Aug/2023:13:06:35 -0500] "GET /bogota-empieza-la-consolidacion-de-la-estrategia-de-bosques-urbanos-con-el-brazo-salitre-en-barrios-unidos.html?utm_source=Meta_DIGI&utm_medium=CPV&utm_campaign=BosquesUrbanos&utm_id=Agosto_2023&fbclid=IwAR3RVrAoqbLpdx30EpPlL9Db-NEXy4Oj0sM6fPXpqap1L_2uSWvSY7fk1Rk_aem_AY5I6Ipfjrr_0efu9F-BXnoyEZ6Q56Nsm2T8jwncfFQgwjuZlg_4AQnE9C1usz9FtoJHMn-upoAm2xTbjcqGkJs0 HTTP/1.1" 200 892
201.245.192.253 - - [24/Aug/2023:13:06:48 -0500] "POST /forms/lservlet;jsessionid=ac16012b30d68f1d81e4dc594f86873896b26f75c7ca.e3iSbxaKaheRe34Rch0Ra3mLchv0n6jAmljGr5XDqQLvpAe HTTP/1.1" 200 2
201.245.192.253 - - [24/Aug/2023:13:07:17 -0500] "POST /forms/lservlet;jsessionid=ac16012b30d649e7a6135ab24c4fa557ab99fbd81b4a.e3iSbxaKaheRe34Rch0Ra3mLchv0n6jAmljGr5XDqQLvpAe HTTP/1.1" 200 2
186.102.41.64 - - [24/Aug/2023:13:08:42 -0500] "GET /kwssiamovil/sm/acme/u?s=U2FsdGVkX19ueCkpLYFos8zfI3dXhrNJ8f28POEddM3xpLXC7rx63ns2dPMSu+szQCibUkqyKS680uhukvDZtWuZqXUwjxUuyqbs5nwYre60EgcbgDorzRhq3rDHyG+N2XvMzPbGAmcDm+UWakknidJpi5e1nRJelKVUcF1CYuI=&u=U2FsdGVkX1811q7DQoBjIS98MOodBCMGwxgHVAD0rAA=&y=U2FsdGVkX185b4HPTYhogY6zG3rB65npPrHrcByUJgo= HTTP/1.1" 200 60
172.22.2.4 - - [24/Aug/2023:13:07:05 -0500] "HEAD /BLA/boletinlegal/ HTTP/1.1" 200 -
201.245.192.253 - - [24/Aug/2023:13:08:48 -0500] "POST /forms/lservlet;jsessionid=ac16012b30d68f1d81e4dc594f86873896b26f75c7ca.e3iSbxaKaheRe34Rch0Ra3mLchv0n6jAmljGr5XDqQLvpAe HTTP/1.1" 200 2
216.245.221.92 - - [24/Aug/2023:13:09:03 -0500] "HEAD / HTTP/1.1" 200 -
201.245.192.253 - - [24/Aug/2023:13:09:17 -0500] "POST /forms/lservlet;jsessionid=ac16012b30d649e7a6135ab24c4fa557ab99fbd81b4a.e3iSbxaKaheRe34Rch0Ra3mLchv0n6jAmljGr5XDqQLvpAe HTTP/1.1" 200 2
172.22.2.4 - - [24/Aug/2023:13:07:56 -0500] "GET /BLA/boletinlegal/ HTTP/1.1" 200 58187
192.168.172.24 - - [24/Aug/2023:13:09:54 -0500] "GET /BLA/boletinlegal/consulta_actos.php?tipo=resoluciones&no=1085&usuario=&sector=&fecha=2023&resuelve= HTTP/1.1" 200 626
201.245.192.253 - - [24/Aug/2023:13:10:25 -0500] "GET /BLA/resoluciones/index.php?dir=AUTOS+2020%2F HTTP/1.1" 200 330405
201.245.192.253 - - [24/Aug/2023:13:10:41 -0500] "GET /BLA/resoluciones/AUTOS%202020/4360.pdf HTTP/1.1" 200 396607
201.245.192.253 - - [24/Aug/2023:13:10:43 -0500] "POST /kwsrmcab/Wsrmcab  HTTP/1.1" 200 41818
201.245.192.253 - - [24/Aug/2023:13:10:48 -0500] "POST /forms/lservlet;jsessionid=ac16012b30d68f1d81e4dc594f86873896b26f75c7ca.e3iSbxaKaheRe34Rch0Ra3mLchv0n6jAmljGr5XDqQLvpAe HTTP/1.1" 200 2
192.168.172.24 - - [24/Aug/2023:13:11:05 -0500] "POST /BLA/boletinlegal/admin/actos/ingresar.php HTTP/1.1" 200 7302
192.168.172.24 - - [24/Aug/2023:13:11:08 -0500] "GET /BLA/boletinlegal/consulta_actos.php?tipo=resoluciones&no=1085&usuario=&sector=&fecha=2023&resuelve= HTTP/1.1" 200 1121
201.245.192.253 - - [24/Aug/2023:13:11:17 -0500] "POST /forms/lservlet;jsessionid=ac16012b30d649e7a6135ab24c4fa557ab99fbd81b4a.e3iSbxaKaheRe34Rch0Ra3mLchv0n6jAmljGr5XDqQLvpAe HTTP/1.1" 200 2
201.245.192.253 - - [24/Aug/2023:13:12:37 -0500] "GET /appsia/controlador HTTP/1.1" 200 4799
201.245.192.253 - - [24/Aug/2023:13:12:40 -0500] "POST /appsia/controlador HTTP/1.1" 200 5437
201.245.192.253 - - [24/Aug/2023:13:12:41 -0500] "POST /appsia/controlador HTTP/1.1" 200 7789
201.245.192.253 - - [24/Aug/2023:13:12:42 -0500] "POST /appsia/controlador HTTP/1.1" 200 5254
201.245.192.253 - - [24/Aug/2023:13:12:44 -0500] "GET /appsia/controlador?comando=ingresarMenuPrincipal&id=1026273096&funcionario=JULIAN+CAMILO+BARON+CHAPARRO&desde=1026273096&hasta=1026273096&version=1026273096&accion=Regresar HTTP/1.1" 200 5437
201.245.192.253 - - [24/Aug/2023:13:12:48 -0500] "POST /forms/lservlet;jsessionid=ac16012b30d68f1d81e4dc594f86873896b26f75c7ca.e3iSbxaKaheRe34Rch0Ra3mLchv0n6jAmljGr5XDqQLvpAe HTTP/1.1" 200 2
201.245.192.253 - - [24/Aug/2023:13:13:17 -0500] "POST /forms/lservlet;jsessionid=ac16012b30d649e7a6135ab24c4fa557ab99fbd81b4a.e3iSbxaKaheRe34Rch0Ra3mLchv0n6jAmljGr5XDqQLvpAe HTTP/1.1" 200 2
216.245.221.92 - - [24/Aug/2023:13:14:03 -0500] "HEAD / HTTP/1.1" 200 -
201.245.192.253 - - [24/Aug/2023:13:14:12 -0500] "POST /appsia/controlador HTTP/1.1" 200 121488
201.245.192.253 - - [24/Aug/2023:13:14:12 -0500] "GET /appsia/images/logo_escudo.png HTTP/1.1" 200 36965
172.22.2.4 - - [24/Aug/2023:13:12:55 -0500] "HEAD /BLA/boletinlegal/ HTTP/1.1" 200 -
103.203.57.1 - - [24/Aug/2023:13:14:48 -0500] "GET / HTTP/1.1" 200 319
201.245.192.253 - - [24/Aug/2023:13:14:48 -0500] "POST /forms/lservlet;jsessionid=ac16012b30d68f1d81e4dc594f86873896b26f75c7ca.e3iSbxaKaheRe34Rch0Ra3mLchv0n6jAmljGr5XDqQLvpAe HTTP/1.1" 200 2
201.245.192.253 - - [24/Aug/2023:13:15:17 -0500] "POST /forms/lservlet;jsessionid=ac16012b30d649e7a6135ab24c4fa557ab99fbd81b4a.e3iSbxaKaheRe34Rch0Ra3mLchv0n6jAmljGr5XDqQLvpAe HTTP/1.1" 200 2
172.22.2.4 - - [24/Aug/2023:13:13:46 -0500] "GET /BLA/boletinlegal/ HTTP/1.1" 200 59699
201.245.192.253 - - [24/Aug/2023:13:15:42 -0500] "POST /kwsrmcab/Wsrmcab  HTTP/1.1" 200 41818
201.245.192.253 - - [24/Aug/2023:13:16:10 -0500] "GET /BLA/resoluciones/index.php?dir=RESOLUCIONES+2021%2F HTTP/1.1" 200 12235
201.245.192.253 - - [24/Aug/2023:13:16:10 -0500] "GET /BLA/resoluciones/index.php?dir=RESOLUCIONES+2021%2F HTTP/1.1" 200 442371
201.245.192.253 - - [24/Aug/2023:13:16:15 -0500] "GET /BLA/resoluciones/RESOLUCIONES%202021/2019.pdf HTTP/1.1" 200 492705
172.22.2.4 - - [24/Aug/2023:13:16:21 -0500] "GET /BLA/boletinlegal/consulta_actos.php?tipo=resoluciones&no=0832&usuario=&sector=&fecha=2021&resuelve= HTTP/1.1" 200 1107
186.155.95.29 - - [24/Aug/2023:13:16:24 -0500] "GET /BLA/resoluciones/RESOLUCIONES%202021/0832.pdf HTTP/1.1" 200 568691
201.245.192.253 - - [24/Aug/2023:13:16:48 -0500] "POST /forms/lservlet;jsessionid=ac16012b30d68f1d81e4dc594f86873896b26f75c7ca.e3iSbxaKaheRe34Rch0Ra3mLchv0n6jAmljGr5XDqQLvpAe HTTP/1.1" 200 2
201.245.192.253 - - [24/Aug/2023:13:17:17 -0500] "POST /forms/lservlet;jsessionid=ac16012b30d649e7a6135ab24c4fa557ab99fbd81b4a.e3iSbxaKaheRe34Rch0Ra3mLchv0n6jAmljGr5XDqQLvpAe HTTP/1.1" 200 2
181.237.246.38 - - [24/Aug/2023:13:17:22 -0500] "GET /forest/login.do HTTP/1.1" 404 1120
204.199.94.87 - - [24/Aug/2023:13:18:18 -0500] "GET /BLA/resoluciones/index.php?dir=RESOLUCIONES+2019%2F HTTP/1.1" 200 257331
201.245.192.253 - - [24/Aug/2023:13:18:48 -0500] "POST /forms/lservlet;jsessionid=ac16012b30d68f1d81e4dc594f86873896b26f75c7ca.e3iSbxaKaheRe34Rch0Ra3mLchv0n6jAmljGr5XDqQLvpAe HTTP/1.1" 200 2
216.245.221.92 - - [24/Aug/2023:13:19:03 -0500] "HEAD / HTTP/1.1" 200 -
201.245.192.253 - - [24/Aug/2023:13:19:02 -0500] "POST /kwsrmcab/Wsrmcab HTTP/1.1" 200 42532
201.245.192.253 - - [24/Aug/2023:13:19:05 -0500] "POST /kwsrmcab/Wsrmcab HTTP/1.1" 200 42190
201.245.192.253 - - [24/Aug/2023:13:19:17 -0500] "POST /forms/lservlet;jsessionid=ac16012b30d649e7a6135ab24c4fa557ab99fbd81b4a.e3iSbxaKaheRe34Rch0Ra3mLchv0n6jAmljGr5XDqQLvpAe HTTP/1.1" 200 2
40.77.167.255 - - [24/Aug/2023:13:19:25 -0500] "GET /BLA/resoluciones/RESOLUCIONES%202013/0923.pdf HTTP/1.1" 200 2369256
172.22.2.4 - - [24/Aug/2023:13:18:45 -0500] "HEAD /BLA/boletinlegal/ HTTP/1.1" 200 -
201.245.192.253 - - [24/Aug/2023:13:20:41 -0500] "POST /kwsrmcab/Wsrmcab  HTTP/1.1" 200 41818
201.245.192.253 - - [24/Aug/2023:13:20:48 -0500] "POST /forms/lservlet;jsessionid=ac16012b30d68f1d81e4dc594f86873896b26f75c7ca.e3iSbxaKaheRe34Rch0Ra3mLchv0n6jAmljGr5XDqQLvpAe HTTP/1.1" 200 2
172.22.2.4 - - [24/Aug/2023:13:19:36 -0500] "GET /BLA/boletinlegal/ HTTP/1.1" 200 52656
201.245.192.253 - - [24/Aug/2023:13:21:17 -0500] "POST /forms/lservlet;jsessionid=ac16012b30d649e7a6135ab24c4fa557ab99fbd81b4a.e3iSbxaKaheRe34Rch0Ra3mLchv0n6jAmljGr5XDqQLvpAe HTTP/1.1" 200 2
71.6.134.234 - - [24/Aug/2023:13:21:35 -0500] "\x16\x03\x01" 400 226
201.245.192.253 - - [24/Aug/2023:13:22:48 -0500] "POST /forms/lservlet;jsessionid=ac16012b30d68f1d81e4dc594f86873896b26f75c7ca.e3iSbxaKaheRe34Rch0Ra3mLchv0n6jAmljGr5XDqQLvpAe HTTP/1.1" 200 2
172.22.2.4 - - [24/Aug/2023:13:23:02 -0500] "GET /BLA/boletinlegal/actos.php HTTP/1.1" 200 9682
172.22.2.4 - - [24/Aug/2023:13:23:02 -0500] "GET /BLA/boletinlegal/js/ajax_actos.js HTTP/1.1" 200 1322
172.22.2.4 - - [24/Aug/2023:13:23:02 -0500] "GET /BLA/boletinlegal/niceforms-default.css HTTP/1.1" 200 6694
172.22.2.4 - - [24/Aug/2023:13:23:02 -0500] "GET /BLA/boletinlegal/niceforms.js HTTP/1.1" 200 22876
172.22.2.4 - - [24/Aug/2023:13:23:02 -0500] "GET /BLA/boletinlegal/style.css HTTP/1.1" 200 9406
172.22.2.4 - - [24/Aug/2023:13:23:02 -0500] "GET /BLA/boletinlegal/js/lib.js HTTP/1.1" 200 6474
172.22.2.4 - - [24/Aug/2023:13:23:02 -0500] "GET /BLA/boletinlegal/js/popup.js HTTP/1.1" 200 1270
172.22.2.4 - - [24/Aug/2023:13:23:02 -0500] "GET /BLA/boletinlegal/js/jquery1.js HTTP/1.1" 200 29846
172.22.2.4 - - [24/Aug/2023:13:23:02 -0500] "GET /BLA/boletinlegal/images/cabezote%20BLEGAL.jpg HTTP/1.1" 200 118164
172.22.2.4 - - [24/Aug/2023:13:23:02 -0500] "GET /BLA/boletinlegal/styles2.css HTTP/1.1" 200 1838
172.22.2.4 - - [24/Aug/2023:13:23:02 -0500] "GET /BLA/boletinlegal/images/subscribe-icon-big.png HTTP/1.1" 200 47702
172.22.2.4 - - [24/Aug/2023:13:23:02 -0500] "GET /BLA/boletinlegal/images/historia.png HTTP/1.1" 200 52775
172.22.2.4 - - [24/Aug/2023:13:23:02 -0500] "GET /BLA/boletinlegal/images/registro-usuarios.png HTTP/1.1" 200 8106
172.22.2.4 - - [24/Aug/2023:13:23:02 -0500] "GET /BLA/boletinlegal/images/green-yellow-blue-pink-th.png HTTP/1.1" 200 7394
172.22.2.4 - - [24/Aug/2023:13:23:02 -0500] "GET /BLA/boletinlegal/images/tel.png HTTP/1.1" 200 14477
172.22.2.4 - - [24/Aug/2023:13:23:02 -0500] "GET /BLA/boletinlegal/images/icono-email.png HTTP/1.1" 200 5544
172.22.2.4 - - [24/Aug/2023:13:23:02 -0500] "GET /BLA/boletinlegal/images/body_bg.jpg HTTP/1.1" 200 1601
172.22.2.4 - - [24/Aug/2023:13:23:02 -0500] "GET /BLA/boletinlegal/images/menu_lft.gif HTTP/1.1" 200 1713
172.22.2.4 - - [24/Aug/2023:13:23:02 -0500] "GET /BLA/boletinlegal/images/bg_top.jpg HTTP/1.1" 200 522
172.22.2.4 - - [24/Aug/2023:13:23:02 -0500] "GET /BLA/boletinlegal/images/menu_rght.gif HTTP/1.1" 200 1627
172.22.2.4 - - [24/Aug/2023:13:23:02 -0500] "GET /BLA/boletinlegal/images/menu_bg.jpg HTTP/1.1" 200 620
172.22.2.4 - - [24/Aug/2023:13:23:02 -0500] "GET /BLA/boletinlegal/images/hover.jpg HTTP/1.1" 200 640
172.22.2.4 - - [24/Aug/2023:13:23:02 -0500] "GET /BLA/boletinlegal/images/text.jpg HTTP/1.1" 200 568
172.22.2.4 - - [24/Aug/2023:13:23:02 -0500] "GET /BLA/boletinlegal/images/footer_bg.jpg HTTP/1.1" 200 586
172.22.2.4 - - [24/Aug/2023:13:23:02 -0500] "GET /BLA/boletinlegal/images/footer_bg_l.jpg HTTP/1.1" 200 776
172.22.2.4 - - [24/Aug/2023:13:23:02 -0500] "GET /BLA/boletinlegal/img/0.png HTTP/1.1" 200 110
172.22.2.4 - - [24/Aug/2023:13:23:02 -0500] "GET /BLA/boletinlegal/img/select-left.png HTTP/1.1" 200 263
172.22.2.4 - - [24/Aug/2023:13:23:02 -0500] "GET /BLA/boletinlegal/img/button-left.png HTTP/1.1" 200 57071
172.22.2.4 - - [24/Aug/2023:13:23:02 -0500] "GET /BLA/boletinlegal/img/select-right.png HTTP/1.1" 200 44019
172.22.2.4 - - [24/Aug/2023:13:23:02 -0500] "GET /BLA/boletinlegal/img/button.png HTTP/1.1" 200 43241
172.22.2.4 - - [24/Aug/2023:13:23:02 -0500] "GET /BLA/boletinlegal/img/button-right.png HTTP/1.1" 200 57878
172.22.2.4 - - [24/Aug/2023:13:23:02 -0500] "GET /BLA/boletinlegal/favicon.ico HTTP/1.1" 404 1326
201.245.192.253 - - [24/Aug/2023:13:23:17 -0500] "POST /forms/lservlet;jsessionid=ac16012b30d649e7a6135ab24c4fa557ab99fbd81b4a.e3iSbxaKaheRe34Rch0Ra3mLchv0n6jAmljGr5XDqQLvpAe HTTP/1.1" 200 2
216.245.221.92 - - [24/Aug/2023:13:24:03 -0500] "HEAD / HTTP/1.1" 200 -
191.95.54.196 - - [24/Aug/2023:13:24:27 -0500] "GET /appsia/controlador HTTP/1.1" 200 4799
186.29.49.233 - - [24/Aug/2023:13:24:31 -0500] "GET /sipse/faces/faces/autenticacion.xhtml HTTP/1.1" 200 12171
186.29.49.233 - - [24/Aug/2023:13:24:32 -0500] "GET /sipse/faces/javax.faces.resource/theme.css?ln=primefaces-sipse HTTP/1.1" 304 -
186.29.49.233 - - [24/Aug/2023:13:24:32 -0500] "GET /sipse/faces/javax.faces.resource/primefaces.css?ln=primefaces&v=4.0 HTTP/1.1" 304 -
186.29.49.233 - - [24/Aug/2023:13:24:32 -0500] "GET /sipse/faces/javax.faces.resource/layout/layout.css?ln=primefaces&v=4.0 HTTP/1.1" 304 -
186.29.49.233 - - [24/Aug/2023:13:24:32 -0500] "GET /sipse/faces/javax.faces.resource/layout/layout.js?ln=primefaces&v=4.0 HTTP/1.1" 304 -
186.29.49.233 - - [24/Aug/2023:13:24:32 -0500] "GET /sipse/faces/javax.faces.resource/primefaces.js?ln=primefaces&v=4.0 HTTP/1.1" 304 -
186.29.49.233 - - [24/Aug/2023:13:24:32 -0500] "GET /sipse/faces/javax.faces.resource/jquery/jquery.js?ln=primefaces&v=4.0 HTTP/1.1" 304 -
186.29.49.233 - - [24/Aug/2023:13:24:32 -0500] "GET /sipse/faces/javax.faces.resource/jquery/jquery-plugins.js?ln=primefaces&v=4.0 HTTP/1.1" 304 -
186.29.49.233 - - [24/Aug/2023:13:24:32 -0500] "GET /sipse/faces/javax.faces.resource/images/ui-icons_898989_256x240.png?ln=primefaces-aristo HTTP/1.1" 304 -
186.29.49.233 - - [24/Aug/2023:13:24:32 -0500] "GET /sipse/faces/faces/index.xhtml HTTP/1.1" 200 677
186.29.49.233 - - [24/Aug/2023:13:24:32 -0500] "GET /sipse/faces/javax.faces.resource/theme.css?ln=primefaces-sipse HTTP/1.1" 304 -
186.29.49.233 - - [24/Aug/2023:13:24:33 -0500] "GET /sipse/faces/faces/faces/autenticacion.xhtml HTTP/1.1" 200 12171
186.29.49.233 - - [24/Aug/2023:13:24:33 -0500] "GET /sipse/faces/javax.faces.resource/theme.css?ln=primefaces-sipse HTTP/1.1" 304 -
186.29.49.233 - - [24/Aug/2023:13:24:33 -0500] "GET /sipse/faces/javax.faces.resource/primefaces.css?ln=primefaces&v=4.0 HTTP/1.1" 304 -
186.29.49.233 - - [24/Aug/2023:13:24:33 -0500] "GET /sipse/faces/javax.faces.resource/layout/layout.js?ln=primefaces&v=4.0 HTTP/1.1" 304 -
186.29.49.233 - - [24/Aug/2023:13:24:33 -0500] "GET /sipse/faces/javax.faces.resource/jquery/jquery-plugins.js?ln=primefaces&v=4.0 HTTP/1.1" 304 -
186.29.49.233 - - [24/Aug/2023:13:24:33 -0500] "GET /sipse/faces/javax.faces.resource/layout/layout.css?ln=primefaces&v=4.0 HTTP/1.1" 304 -
186.29.49.233 - - [24/Aug/2023:13:24:33 -0500] "GET /sipse/faces/javax.faces.resource/primefaces.js?ln=primefaces&v=4.0 HTTP/1.1" 304 -
186.29.49.233 - - [24/Aug/2023:13:24:33 -0500] "GET /sipse/faces/javax.faces.resource/jquery/jquery.js?ln=primefaces&v=4.0 HTTP/1.1" 304 -
191.95.54.196 - - [24/Aug/2023:13:24:36 -0500] "POST /appsia/controlador HTTP/1.1" 200 5437
191.95.54.196 - - [24/Aug/2023:13:24:38 -0500] "POST /appsia/controlador HTTP/1.1" 200 7795
186.29.49.233 - - [24/Aug/2023:13:24:39 -0500] "POST /sipse/faces/autenticacion.xhtml HTTP/1.1" 200 2222
186.29.49.233 - - [24/Aug/2023:13:24:39 -0500] "GET /sipse/faces/javax.faces.resource/messages/messages.png?ln=primefaces&v=4.0 HTTP/1.1" 304 -
186.29.49.233 - - [24/Aug/2023:13:24:40 -0500] "GET /sipse/faces/javax.faces.resource/images/ui-icons_898989_256x240.png?ln=primefaces-aristo HTTP/1.1" 304 -
186.29.49.233 - - [24/Aug/2023:13:24:40 -0500] "POST /sipse/faces/autenticacion.xhtml HTTP/1.1" 200 16345
186.29.49.233 - - [24/Aug/2023:13:24:40 -0500] "GET /sipse/faces/javax.faces.resource/theme.css?ln=primefaces-sipse HTTP/1.1" 304 -
186.29.49.233 - - [24/Aug/2023:13:24:40 -0500] "GET /sipse/faces/javax.faces.resource/primefaces.css?ln=primefaces&v=4.0 HTTP/1.1" 304 -
186.29.49.233 - - [24/Aug/2023:13:24:40 -0500] "GET /sipse/faces/javax.faces.resource/layout/layout.css?ln=primefaces&v=4.0 HTTP/1.1" 304 -
186.29.49.233 - - [24/Aug/2023:13:24:40 -0500] "GET /sipse/faces/javax.faces.resource/jquery/jquery.js?ln=primefaces&v=4.0 HTTP/1.1" 304 -
186.29.49.233 - - [24/Aug/2023:13:24:40 -0500] "GET /sipse/faces/javax.faces.resource/jquery/jquery-plugins.js?ln=primefaces&v=4.0 HTTP/1.1" 304 -
186.29.49.233 - - [24/Aug/2023:13:24:40 -0500] "GET /sipse/faces/javax.faces.resource/primefaces.js?ln=primefaces&v=4.0 HTTP/1.1" 304 -
186.29.49.233 - - [24/Aug/2023:13:24:40 -0500] "GET /sipse/faces/javax.faces.resource/layout/layout.js?ln=primefaces&v=4.0 HTTP/1.1" 304 -
186.29.49.233 - - [24/Aug/2023:13:24:40 -0500] "GET /sipse/css/imagen/contrasena.png HTTP/1.1" 404 383
191.95.54.196 - - [24/Aug/2023:13:24:40 -0500] "POST /appsia/controlador HTTP/1.1" 200 5254
191.95.54.196 - - [24/Aug/2023:13:24:42 -0500] "GET /appsia/controlador?comando=ingresarMenuPrincipal&id=52934355&funcionario=CLAUDIA+JHOVANNA+MARTINEZ+MANCERA&desde=52934355&hasta=52934355&version=52934355&accion=Regresar HTTP/1.1" 200 5437
186.29.49.233 - - [24/Aug/2023:13:24:44 -0500] "GET /sipse/faces/javax.faces.resource/images/ui-bg_flat_0_2d5972_40x100.png?ln=primefaces-aristo HTTP/1.1" 304 -
186.29.49.233 - - [24/Aug/2023:13:24:44 -0500] "POST /sipse/faces/bienvenido.xhtml HTTP/1.1" 200 9852
186.29.49.233 - - [24/Aug/2023:13:24:45 -0500] "POST /sipse/faces/bienvenido.xhtml HTTP/1.1" 200 9852
186.29.49.233 - - [24/Aug/2023:13:24:46 -0500] "POST /sipse/faces/bienvenido.xhtml HTTP/1.1" 200 2060
186.29.49.233 - - [24/Aug/2023:13:24:47 -0500] "POST /sipse/faces/bienvenido.xhtml HTTP/1.1" 200 32438
186.29.49.233 - - [24/Aug/2023:13:24:47 -0500] "GET /sipse/faces/javax.faces.resource/theme.css?ln=primefaces-sipse HTTP/1.1" 304 -
186.29.49.233 - - [24/Aug/2023:13:24:47 -0500] "GET /sipse/faces/javax.faces.resource/layout/layout.css?ln=primefaces&v=4.0 HTTP/1.1" 304 -
186.29.49.233 - - [24/Aug/2023:13:24:47 -0500] "GET /sipse/faces/javax.faces.resource/primefaces.css?ln=primefaces&v=4.0 HTTP/1.1" 304 -
186.29.49.233 - - [24/Aug/2023:13:24:47 -0500] "GET /sipse/faces/javax.faces.resource/jquery/jquery.js?ln=primefaces&v=4.0 HTTP/1.1" 304 -
186.29.49.233 - - [24/Aug/2023:13:24:47 -0500] "GET /sipse/faces/javax.faces.resource/jquery/jquery-plugins.js?ln=primefaces&v=4.0 HTTP/1.1" 304 -
186.29.49.233 - - [24/Aug/2023:13:24:47 -0500] "GET /sipse/faces/javax.faces.resource/primefaces.js?ln=primefaces&v=4.0 HTTP/1.1" 304 -
186.29.49.233 - - [24/Aug/2023:13:24:47 -0500] "GET /sipse/faces/javax.faces.resource/layout/layout.js?ln=primefaces&v=4.0 HTTP/1.1" 304 -
186.29.49.233 - - [24/Aug/2023:13:24:48 -0500] "POST /sipse/faces/presentacion/financiero/solicitudProceso/listarSolicitudProceso.xhtml HTTP/1.1" 200 1376
201.245.192.253 - - [24/Aug/2023:13:24:48 -0500] "POST /forms/lservlet;jsessionid=ac16012b30d68f1d81e4dc594f86873896b26f75c7ca.e3iSbxaKaheRe34Rch0Ra3mLchv0n6jAmljGr5XDqQLvpAe HTTP/1.1" 200 2
186.29.49.233 - - [24/Aug/2023:13:24:51 -0500] "POST /sipse/faces/presentacion/financiero/solicitudProceso/listarSolicitudProceso.xhtml HTTP/1.1" 200 911
172.22.2.4 - - [24/Aug/2023:13:25:08 -0500] "GET /BLA/boletinlegal/consulta_actos.php?tipo=resoluciones&no=1146&usuario=&sector=&fecha=2020&resuelve= HTTP/1.1" 200 1100
186.102.101.128 - - [24/Aug/2023:13:25:09 -0500] "GET /kwssiamovil/sm/ldap/au?x=U2FsdGVkX18VLDDXiPfq1KU55HSeoPHZ9vItahYBzo6B8G0f1lmuGmg+st3Z+mLu&y=U2FsdGVkX1+HN8oWvIX6BE+8+KSMURYsoRT2+xqaoYI= HTTP/1.1" 200 30
186.155.95.29 - - [24/Aug/2023:13:25:10 -0500] "GET /BLA/resoluciones/RESOLUCIONES%202020/1146.pdf HTTP/1.1" 200 705158
201.245.192.253 - - [24/Aug/2023:13:25:17 -0500] "POST /forms/lservlet;jsessionid=ac16012b30d649e7a6135ab24c4fa557ab99fbd81b4a.e3iSbxaKaheRe34Rch0Ra3mLchv0n6jAmljGr5XDqQLvpAe HTTP/1.1" 200 2
201.245.192.253 - - [24/Aug/2023:13:25:40 -0500] "POST /kwsrmcab/Wsrmcab  HTTP/1.1" 200 41818
186.102.101.128 - - [24/Aug/2023:13:25:50 -0500] "GET /kwssiamovil/sm/ldap/au?x=U2FsdGVkX18Q8uvaJWWKqr5yUZW5u5yJGNGreOh4Hd72aWQ3lFyBVcdHrtU4XYYH&y=U2FsdGVkX1+RwbFN5gycKRi1JECBTcQeid71b6q5Q5Y= HTTP/1.1" 200 30
172.22.2.4 - - [24/Aug/2023:13:24:35 -0500] "HEAD /BLA/boletinlegal/ HTTP/1.1" 200 -
201.245.192.253 - - [24/Aug/2023:13:26:48 -0500] "POST /forms/lservlet;jsessionid=ac16012b30d68f1d81e4dc594f86873896b26f75c7ca.e3iSbxaKaheRe34Rch0Ra3mLchv0n6jAmljGr5XDqQLvpAe HTTP/1.1" 200 2
186.102.101.128 - - [24/Aug/2023:13:26:51 -0500] "GET /kwssiamovil/sm/ldap/au?x=U2FsdGVkX185jgR1M1qU3QjJkUvxNSVG78OJ8VY/FwK+Kiahgka/PkZa7GvcoMfZ&y=U2FsdGVkX19eG/UvUnfqIKGkR2dGB0rUsIVabLitW4p0elDI+oy3pXak/36jwaIp HTTP/1.1" 200 30
172.22.2.4 - - [24/Aug/2023:13:25:27 -0500] "GET /BLA/boletinlegal/ HTTP/1.1" 200 58597
201.245.192.253 - - [24/Aug/2023:13:27:17 -0500] "POST /forms/lservlet;jsessionid=ac16012b30d649e7a6135ab24c4fa557ab99fbd81b4a.e3iSbxaKaheRe34Rch0Ra3mLchv0n6jAmljGr5XDqQLvpAe HTTP/1.1" 200 2
191.156.246.105 - - [24/Aug/2023:13:27:23 -0500] "GET /galeria/galeria/jquery.fancybox.css?v=2.1.5 HTTP/1.1" 200 4895
191.156.241.114 - - [24/Aug/2023:13:27:23 -0500] "GET /BLA/boletinlegal/js/jquery.scrollShow.js HTTP/1.1" 200 4586
191.156.241.114 - - [24/Aug/2023:13:27:26 -0500] "GET /galeria/galeria/jquery.fancybox.js?v=2.1.5 HTTP/1.1" 200 48706
191.156.241.114 - - [24/Aug/2023:13:27:41 -0500] "GET /galeria/galeria/jquery.fancybox.js?v=2.1.5 HTTP/1.1" 206 1
191.156.241.114 - - [24/Aug/2023:13:27:41 -0500] "GET /galeria/galeria/jquery.fancybox.js?v=2.1.5 HTTP/1.1" 206 14783
172.22.2.4 - - [24/Aug/2023:13:28:16 -0500] "GET /BLA/boletinlegal/consulta_actos.php?tipo=resoluciones&no=1432&usuario=&sector=&fecha=2020&resuelve= HTTP/1.1" 200 1100
186.155.95.29 - - [24/Aug/2023:13:28:23 -0500] "GET /BLA/resoluciones/RESOLUCIONES%202020/1432.pdf HTTP/1.1" 200 539480
201.245.192.253 - - [24/Aug/2023:13:28:48 -0500] "POST /forms/lservlet;jsessionid=ac16012b30d68f1d81e4dc594f86873896b26f75c7ca.e3iSbxaKaheRe34Rch0Ra3mLchv0n6jAmljGr5XDqQLvpAe HTTP/1.1" 200 2
186.102.101.128 - - [24/Aug/2023:13:28:57 -0500] "GET /kwssiamovil/sm/acme/s?s=U2FsdGVkX1/CW9x0jupTrcZn9G9uWjP/fZ9w2oLBrN+BW++42iPh0DVA/ZoZzVUHMrQIx+ZLJcgCc1Zchff4wVc4kPWqzLBDLZ2uUO5E85J0IaJMqjjz4SR9HzuwkXGjEhJu5PBC+vPyu51Xkwp/tT9po7q8BK69ih3GM4dgtANhMLM4al+9aFxGLdRWa3i85W8hm+F22tngpz57ImEOyMNwANbeTo1WUO83w8ZuhPzjiJPPMmDtLl+dN7TTJZ5z4L8ZdLxfUvXlnKmEDO/P0sLA0iv9csNIs/P494PI4rChMRz0n9F68bnR6Kc+BpsyF6bZMXpqy6TX9jW1v811BvlXU/ZnJApnglVZN0okTlMOgtnb9KmAmycTksg9fZj7&u=U2FsdGVkX18HFYnHIeXtpuEF+bJr2ubD/YYniONP5YU=&y=U2FsdGVkX1+GKRW1b+d86PoyhmLgWor/D7SFurivHvzzkqd22hJDzgItStHVSahk HTTP/1.1" 200 90
186.102.101.128 - - [24/Aug/2023:13:28:58 -0500] "OPTIONS /kwssiamovil/sm/setfile/f? HTTP/1.1" 200 13
173.252.87.5 - - [24/Aug/2023:13:28:59 -0500] "GET /bogota-celebra-la-semana-de-los-insectos.html HTTP/1.1" 200 717
216.245.221.92 - - [24/Aug/2023:13:29:03 -0500] "HEAD / HTTP/1.1" 200 -
201.245.192.253 - - [24/Aug/2023:13:29:02 -0500] "POST /kwsrmcab/Wsrmcab HTTP/1.1" 200 42532
186.102.101.128 - - [24/Aug/2023:13:28:58 -0500] "POST /kwssiamovil/sm/setfile/f? HTTP/1.1" 200 381
186.102.101.128 - - [24/Aug/2023:13:29:07 -0500] "OPTIONS /kwssiamovil/sm/setfile/f? HTTP/1.1" 200 13
201.245.192.253 - - [24/Aug/2023:13:29:05 -0500] "POST /kwsrmcab/Wsrmcab HTTP/1.1" 200 42190
186.102.101.128 - - [24/Aug/2023:13:29:07 -0500] "POST /kwssiamovil/sm/setfile/f? HTTP/1.1" 200 381
186.102.101.128 - - [24/Aug/2023:13:29:16 -0500] "OPTIONS /kwssiamovil/sm/setfile/f? HTTP/1.1" 200 13
201.245.192.253 - - [24/Aug/2023:13:29:17 -0500] "POST /forms/lservlet;jsessionid=ac16012b30d649e7a6135ab24c4fa557ab99fbd81b4a.e3iSbxaKaheRe34Rch0Ra3mLchv0n6jAmljGr5XDqQLvpAe HTTP/1.1" 200 2
186.102.101.128 - - [24/Aug/2023:13:29:16 -0500] "POST /kwssiamovil/sm/setfile/f? HTTP/1.1" 200 381
186.102.101.128 - - [24/Aug/2023:13:29:22 -0500] "OPTIONS /kwssiamovil/sm/setfile/f? HTTP/1.1" 200 13
186.102.101.128 - - [24/Aug/2023:13:29:22 -0500] "POST /kwssiamovil/sm/setfile/f? HTTP/1.1" 200 381
186.102.101.128 - - [24/Aug/2023:13:29:26 -0500] "OPTIONS /kwssiamovil/sm/setfile/f? HTTP/1.1" 200 13
186.102.101.128 - - [24/Aug/2023:13:29:26 -0500] "POST /kwssiamovil/sm/setfile/f? HTTP/1.1" 200 381
186.102.101.128 - - [24/Aug/2023:13:29:29 -0500] "OPTIONS /kwssiamovil/sm/setfile/f? HTTP/1.1" 200 13
186.102.101.128 - - [24/Aug/2023:13:29:29 -0500] "POST /kwssiamovil/sm/setfile/f? HTTP/1.1" 200 381
186.102.101.128 - - [24/Aug/2023:13:29:30 -0500] "GET /kwssiamovil/sm/acme/s?s=U2FsdGVkX1/4+yzcL9GzkP2wbJbh5EgXN1ZXqoJlKSz16WqLOD4BFJla1cHWNBMgHIsgqblse/xB2KaSEQI2V0BG72J3PPXXH0mpee0t88CtFqcu//vMncwNMffZ+FJAzVKHUKnvCNDlrebIOPAkFuEP6NaHpY24OWK7HTKzbevzdq1deZX6zm5R36UGQ6kTVk34dx0eoZP3makGRJR3sewfO2WZ+atpC4sXmtbT6JAYBCBf8tpS2S+d9Feo2bMal24Ze3HNxAUO/CdkyAjroCgKZlwyE4MwYYqS0qxILDPRNNO6ho3DE1hlsflqpI7uRh1MH6GWHqSu3YVe7k3XrnKxB0kv3MwAskBIDaWrbT7ogWdSxk8o6j0JbQEpurHF&u=U2FsdGVkX18HFYnHIeXtpuEF+bJr2ubD/YYniONP5YU=&y=U2FsdGVkX1+GKRW1b+d86PoyhmLgWor/D7SFurivHvzzkqd22hJDzgItStHVSahk HTTP/1.1" 200 90
172.22.2.4 - - [24/Aug/2023:13:30:06 -0500] "GET /BLA/boletinlegal/actos.php HTTP/1.1" 200 9682
201.245.192.253 - - [24/Aug/2023:13:30:08 -0500] "GET /BLA/resoluciones/ HTTP/1.1" 200 13502
201.245.192.253 - - [24/Aug/2023:13:30:09 -0500] "GET /favicon.ico HTTP/1.1" 200 7782
201.245.192.253 - - [24/Aug/2023:13:30:10 -0500] "GET /BLA/resoluciones/index.php?dir=AUTOS+2018%2F HTTP/1.1" 200 462692
201.245.192.253 - - [24/Aug/2023:13:30:11 -0500] "GET /BLA/resoluciones/dlf/archive.png HTTP/1.1" 200 632
186.102.101.128 - - [24/Aug/2023:13:30:18 -0500] "GET /kwssiamovil/sm/acme/a?s=U2FsdGVkX18QSY5o84F8vPA1y5L539X9elbBX74upffiBer7xu2xLcV/+nfsyAtpsr+USxc1oVbGth5KtwOU3wDMDxD4j/ZktoLQpGguV8g2G0RkqyUdbj2t8ew7wqBWL5dGZfGwS9OWSifVJpJWVJ0hTGjI2GCYG3XUXOraHrEBztqFYq3KVOZj66CjgrJK+EE+ZJNHrEcPWH7Y1l2Nhg72g/qMbNBQ+BeDFqXJE272z8HHobpgXkT2n4pRTrHdwkVQns5/5u1tLwoByQdWlw==&u=U2FsdGVkX18HFYnHIeXtpuEF+bJr2ubD/YYniONP5YU=&y=U2FsdGVkX1+GKRW1b+d86PoyhmLgWor/D7SFurivHvzzkqd22hJDzgItStHVSahk HTTP/1.1" 200 26
186.102.101.128 - - [24/Aug/2023:13:30:18 -0500] "GET /kwssiamovil/sm/acme/u?s=U2FsdGVkX1/ytCwjAqp4HDkaxOi6/QKJ7kGFl3w/bqtbrBPWEWf/t2dO4VYbrD4uxdGoc5ZENcGRVjQj3uaiJyldlv7zoV+6WajexAjGxYzS1L19ZHebD1DQ74QG3sOTrMYrM6TJb+jyZUl4MpnUvioLl7tmcoDeIY/hGEESOTphY98h512L4rJoPsb+JTWRjMSSj+RsL8s/e7dOt42nDvQL32waT20ACkuWkNupEwdftBh8PY8uBLa4pQou0qb2sc4WE42OjwSsAHGNZfr+CG73lT2VRU+BqYAAbSlkAhCEHJ0dc37BoxylOPRP+MllXnkyOTxFvQM3nPmfixmhcUaKArYWQxTvZDb5Yachb0uELFGMaMje9yDpI7vSHchdgoHrC8AummUagRuDZmDixxxtynWzuf7oTFP/A6TYfU61gVKIeK5yS7LRnDAqLlbKZo8EpfwXliBLDwbyY/hJfML5C1Px438DTk7SCFpMefWnXKQcFpOwFP7vWeLHuwr6USbeFgj7MswsDJx/IUPvUOEzJ2brrYMwU3TZ8L6c5+UEYRXD6bfIpKZempOI94BOgHSbWnT3uVKOB573taVi16avVWmwip5590FNo8wvNlWQYHPAq76ekXR2Jh7O28l2LMk43LX0aBxuoHR4Bmhspg3JxcAJ9j+pDfgxL1VfnMS2VTkMo78r2T/I9JjwXkxpYkcPCqUJ51POQu7p+2JJifO7XiaZSQhIKq8/Qnp2Z99/wa1dpzPPinaOELacVUk5puaCie1FOLH6+b/7O1JVBj7Z0LDmcere9xNE3otmnsItLLTGfq1e183TXszvsFabF9UEqpabuW+tQIDpJZSMIjAWLUWiyF4NrL4TqQlpbL5acpkyJACuLtKJvLLuBety19wj1yv5NN0fyGhAC0QaMsu55TXk1L/Ehrhwu6Agip4vsm5YBSCUz8TcthmHzKs0B0js5lf/q4pb+6JeAgeL0JB2oEYFBtaLuUMhDSC3wM3GFGm94EBhUf5PCuK/zjfqn0Flr45gK1PkyLQ3CY/ktDRtIhxRyq4eIxdl0nQaVnd054H6eXhwGXwrWV4nCcE2cTYlYOJOByebXyayRxy8i5ScPCP85eYtDtB3+FScALXU7Ly2H2Qvd7BHuXW5q2GOUHswDgzw6cX7GIwRHVHOXJSa2QoWx1f8Aw2ME/6uwuLrBl0VZmAHdAXAdT+czE1/wxAEfD7r86yy6pMNsmG18tE5j5yY5qcbyp2GhbxB7UbakoqudMIpPVQj6T4MbVdCiGjG6J9790HwXOMGiR5bCSfQkQnrg55vp/BfafS45JS7GeaSWJlCDeORRDTg6LQ+T9gGDL3uBCQeBe42CnWh075Ibc2zdtMQrP/kDTAvVjvW+flVg+hSkpEbUHiPxTRnCL68flH7iLuLD9t34v6tepZQPt1n7868pGd4Cc7//wWVBAbDDJxKdOjOKvUqN1eidi9z+OP42EEgXiRX1FKkUr55YvYDfJ8m2IPh20j5tTuqtAuaQwbZboL6ZKcoorV0X/ET+N9pPDQEHMRfGhgJTPf8PltqMXQlWW7UXmfKZroXYYjtuUf5NfIK7g5fTbXD53He8v2PikIxDbIMPKnGgmCylg+dLmTZNNbzCrf+sA2IfFs+VL+KHyVZYYsf/U5P59oV0jAMIH9dELPWwfjAYEvbfVQl8VSvigo6KdDTytAZPZCrhB5UJV51uEaLYMFABIi2jNOnKJw4AoIYxYZoMhMvUzzIrLyMFN2rRn/44EXvYlAXgGwCNxnBu6a7of6nhScuab2L+3/Clyb/5I9jD+H9mdssLDwq3cvmQE9GKiaBHT981hicurQwKkpHDr1qbO0qCNtt3OiHsQFmGJFr7vIS8e7yPIg5XB3/bqu/y7DkVJDwPmfrauYZ9JibqnrCamwTRYN7jbyCLtOePUeS/JFpawbm4VD3bFvGQ29rU5hlgPMmyKrnsGdUZJ3VGbelBkY8zXdYZOFGrog8Egd5TBM5vbvu6LcU611lSe/AVMChDJUHTcrtcVz4LnEs73yw1dLsZYdLTXaFHQknaB+Tfr3wF/ULzhCrySebJJNsHO03d4zqa+TZ4bqJYOmxxk5+DyWLbodjN9P/wFWYz74n2VHIrQqBfGKhEYlcdstAoEs=&u=U2FsdGVkX18HFYnHIeXtpuEF+bJr2ubD/YYniONP5YU=&y=U2FsdGVkX1+GKRW1b+d86PoyhmLgWor/D7SFurivHvzzkqd22hJDzgItStHVSahk HTTP/1.1" 200 60
186.102.101.128 - - [24/Aug/2023:13:30:19 -0500] "GET /kwssiamovil/sm/acme/a?s=U2FsdGVkX18HPkcUq1DY4d+uG7UWmo7nu7LU0hC3AleKC+Rq92TXZhaz70iR78628/kEZDLzKyJVlD+ZnUS8w1WBzmInSMZdPiTuns3JLFjf1lJ3K5xAV1uPuLIBrBrrOx45MtekPSaAtH1gYmJfFzOmQhQzDPru8vjmyIBvSfpEjSYi/MNzfmnrsvJ/CAwk+eII8wRJEHGkJ4DbOu3J8ZLu75t+KAJFVuqWyJo9K1NYoZ0+HCptYxr8BQGTPnIG/dsBTasbcKfc0S+9n0I30q6jta9wT+QSp/yJ5D9DJNg/xLfY81tNPJVR0lEuMJ+k&u=U2FsdGVkX18HFYnHIeXtpuEF+bJr2ubD/YYniONP5YU=&y=U2FsdGVkX1+GKRW1b+d86PoyhmLgWor/D7SFurivHvzzkqd22hJDzgItStHVSahk HTTP/1.1" 200 25
186.102.101.128 - - [24/Aug/2023:13:30:19 -0500] "GET /kwssiamovil/sm/acme/a?s=U2FsdGVkX19zYydfEx6lKQlfVwnElwhxPbNAW/kPj7sk/rwVU5SZMCPL0tbpZ/fvL2L1pLuAaEEjW264Pu/dZ5ncZqkni9mW5gH3tF4LhFaP3jPrHbGCQiTmHN7mni/6kyXjqAgmjtT3bs7uZ+rjnkcoKFPUn+h7uxatJy3QI57c4PPDI9ezgYbo7PGnxwz2Pw5pw3s+XHK+WCROcNhuIX+NsqDaMm6qRBXgYOA1FCCz3ZN29rCKFDqz/GhcOWGc&u=U2FsdGVkX18HFYnHIeXtpuEF+bJr2ubD/YYniONP5YU=&y=U2FsdGVkX1+GKRW1b+d86PoyhmLgWor/D7SFurivHvzzkqd22hJDzgItStHVSahk HTTP/1.1" 200 25
186.102.101.128 - - [24/Aug/2023:13:30:19 -0500] "GET /kwssiamovil/sm/acme/a?s=U2FsdGVkX18yUqFv8bPUGdtxfzVO4P2WIlBP4P64T5A1bnxiekmWgk5fBPZauwdGTGd0AOfud79lNj8z93e6qwLpCGeYSk5ZGxUrlmNt5IJUFltAz4M2mASWkOxwNL8v9QIJXdORViOG8d9+5uvjxCOqBKa3XtuuzPZAtwUkGlkKljNCqSbSi6Ev+w38bKIT450s+iCh8ynZpfJoBHTnTPLIAk36w7LjHRdTGwq8V6erk/38G3Xez/SYK1kFH3qg3vD5Xbia84c7sjeJ6RWD0rpY+0t+B9tyiUZC7EmjvzGuzFMxYWyire9WbcTs/B5N&u=U2FsdGVkX18HFYnHIeXtpuEF+bJr2ubD/YYniONP5YU=&y=U2FsdGVkX1+GKRW1b+d86PoyhmLgWor/D7SFurivHvzzkqd22hJDzgItStHVSahk HTTP/1.1" 200 25
186.102.101.128 - - [24/Aug/2023:13:30:20 -0500] "GET /kwssiamovil/sm/acme/a?s=U2FsdGVkX19XLuDmyOn/s13ccENiarZ96hSOLjkW2IC8YqKshIDlzOkUN0bedC/5gtpuvg14oBX9vSD5mCcwQe4R84SU3yTZiV++nyMcMnjwd+yyluEIO3IrcC1LbW7sUXJ5RELg73Cyx2vC8yvmEMDbnknFAJMpi+F/bT7DgBE=&u=U2FsdGVkX18HFYnHIeXtpuEF+bJr2ubD/YYniONP5YU=&y=U2FsdGVkX1+GKRW1b+d86PoyhmLgWor/D7SFurivHvzzkqd22hJDzgItStHVSahk HTTP/1.1" 200 26
186.102.101.128 - - [24/Aug/2023:13:30:20 -0500] "GET /kwssiamovil/sm/acme/a?s=U2FsdGVkX19UzUz/bw5sbd+oZLf0P1/UBRXOhEY0UqGAGOhJq6TeVdklRnt7sS4XzyVFngW2BaDQBgWVfLzTCGsFE9Hohs3MdWazrl3AC0A3YXWtsErN7PJXX2KywEHhfuEUb46rSNrFWjF1C1ZjnKOZgoPONhg5ul562OahPg27MKcwYVQQm3rO1HhBto8cFpSG0uNrAFUJKj1+4928/MtMYFJEI+TJ4984LoRh+GpwaKKy+ovknK5Qg3Pc9Yp5&u=U2FsdGVkX18HFYnHIeXtpuEF+bJr2ubD/YYniONP5YU=&y=U2FsdGVkX1+GKRW1b+d86PoyhmLgWor/D7SFurivHvzzkqd22hJDzgItStHVSahk HTTP/1.1" 200 24
186.102.101.128 - - [24/Aug/2023:13:30:20 -0500] "GET /kwssiamovil/sm/acme/a?s=U2FsdGVkX1/aPn+Tvn5N5nExkCgrFoEqYZPewlGkk4Oj9RRFhpxzzNa2In54QyNQpg/RXsh8l6sRHFkFhgAVJIFANxzCQbKQlIdeVpOVnKb527EQexEfkkmFCfpfS7JCjEN0vj3ksStyX1vFO6XfSeB1XlrXR3uXOnpBEV7MI/BTa7YfamsrMepi38gCJPT+AApk1Fl4IPZjJDfY1vqfUw==&u=U2FsdGVkX18HFYnHIeXtpuEF+bJr2ubD/YYniONP5YU=&y=U2FsdGVkX1+GKRW1b+d86PoyhmLgWor/D7SFurivHvzzkqd22hJDzgItStHVSahk HTTP/1.1" 200 24
186.102.101.128 - - [24/Aug/2023:13:30:20 -0500] "GET /kwssiamovil/sm/acme/a?s=U2FsdGVkX1+v9Igut2qB+AIimIfbKFNHhvjgW5hlE97WADkITeRN8VSi/9VMJuD1cVKb6plmrQGy5JSyhynvYpAVRoFUxMWnmSg4pVdYlfhTvGW0KMv0L+zV1cPCMTheNDzKpNf6qgI3bDbhmAgbjHLJiiLFD00aTw1+BfESfNIMC/i2JyL1WZkLEcMSqRfQb/A2N+n8u42GeK3s7jWtMBEPnodqrJbv6MMwMg5s+Dq+I1oBXh5pBk39O8gIb73G9Y+8lP4WcKFjm2j+M9RsB7O+2hQToDpkzUUqDqMonjEVOxOMz9OdJXB6qh5tSSIJr0AoZWVZGnr6CJpb71sySC3fF4WTr40wJ2JGOvSvaFH4O0+8/oFe+g85fAiFboB00w8Iufi05f4phQuS3iKo04a9Mr5NUEV2gxPLYSmdJCRczjiWLweMwxpP6o9DcI1vuPKiPq4XpJd4MThdWBN5Iw==&u=U2FsdGVkX18HFYnHIeXtpuEF+bJr2ubD/YYniONP5YU=&y=U2FsdGVkX1+GKRW1b+d86PoyhmLgWor/D7SFurivHvzzkqd22hJDzgItStHVSahk HTTP/1.1" 200 24
186.102.101.128 - - [24/Aug/2023:13:30:21 -0500] "GET /kwssiamovil/sm/acme/a?s=U2FsdGVkX1+2AcKgKjn04xaiLyahXNAROcQU29of4jUxLEvZpUORYqCVts08lJz1JfTdFd+MS/GldDsFuSpW3keUOjz6KZ4RjsF3vi0Q6iqAyp9/Y65JGixyFiuoCZhEDa0x9z+caFDkAn/KVAGkg298HpgXfRCUvPuhEGybumS+iWBbMYzoavaZI3o9eoui8CUXFi2jYutfp0dCu1uVk9Krm1IQ4mKNArMcwAiN1TY=&u=U2FsdGVkX18HFYnHIeXtpuEF+bJr2ubD/YYniONP5YU=&y=U2FsdGVkX1+GKRW1b+d86PoyhmLgWor/D7SFurivHvzzkqd22hJDzgItStHVSahk HTTP/1.1" 200 26
186.102.101.128 - - [24/Aug/2023:13:30:21 -0500] "GET /kwssiamovil/sm/acme/a?s=U2FsdGVkX1/+UwXF5EM+PJsAnkWnDCWPigLccORLzww7MN9Go3CfELlxVMYhZLhXYUBHutfzTl65bTA8ToErQY2ycCc8znGGpLSKXwWwM+EqaLpcp5UW7t1kXqn3zCWtZa4ou0bD8FfBHbXXXSI1ZOchgZrkfuV2x9Da892hJ+fYMIX5kILm+aEogvH5eabswM1WRhyLyHwbqujDQXmhAnSynNForXt1/+Zbuw0WokHbAJoudhzKEVomuj2bvN1W0z67mJtz4hl4Ah0OXl53ZEJJms3++gddcZxdUweUMtI0nERYOY+IVdELl/Z9nbF5ienuvr3nB+93Q4lToW0sVpY2Vjg3UHe8a2BuNxxei/GPJxigwDpGx84KLB4QiVGeOK6gkZq6x88XvqvoMuHVRGwMQ9tHJVqAftOcSbtFdNo=&u=U2FsdGVkX18HFYnHIeXtpuEF+bJr2ubD/YYniONP5YU=&y=U2FsdGVkX1+GKRW1b+d86PoyhmLgWor/D7SFurivHvzzkqd22hJDzgItStHVSahk HTTP/1.1" 200 25
186.102.101.128 - - [24/Aug/2023:13:30:21 -0500] "GET /kwssiamovil/sm/acme/a?s=U2FsdGVkX1+yTQEeBGTwniYGQ6D5NxfHPA0F2mAnWoOOnkfzvm8N8lBczsCnYnKdMgh7a5mW1ge2uHzRea/1gsiAESeiF3FXU6zwKRRMT3eqSRUb7c+d6oDVadGUoxU03nbHRUq8RrGpUZHe1jztcfhdJfmUXsN6UHIBAAUvGKntoDy25F+jF8KnfyoOQ0ngx+wYmGSZU+C1BAqrgvT0qando08wjPt4GNAJ/fQX7nI0C8hUaO1j+KJkcnOewv17&u=U2FsdGVkX18HFYnHIeXtpuEF+bJr2ubD/YYniONP5YU=&y=U2FsdGVkX1+GKRW1b+d86PoyhmLgWor/D7SFurivHvzzkqd22hJDzgItStHVSahk HTTP/1.1" 200 24
186.102.101.128 - - [24/Aug/2023:13:30:21 -0500] "GET /kwssiamovil/sm/acme/a?s=U2FsdGVkX1/pfFWSsazFjvG/Ymfyk2lT9r7kzLsI9cMhSBkqmfAtRvt6oXD48g7ZvmfNXyJ4kSqju9UvnlP9IeZ+4Lwz90ol3OJH9Vk5GRKVwFejn2+1PfDgdj6oxBXqK/ooESZCkj41zUXpI5cEX0ApOVJifHWOcMYwvMt6KnmSGmYw2BtnMcJosWISGO4YJMA2Z4stGEXa7krbpUkZaA==&u=U2FsdGVkX18HFYnHIeXtpuEF+bJr2ubD/YYniONP5YU=&y=U2FsdGVkX1+GKRW1b+d86PoyhmLgWor/D7SFurivHvzzkqd22hJDzgItStHVSahk HTTP/1.1" 200 24
186.102.101.128 - - [24/Aug/2023:13:30:21 -0500] "GET /kwssiamovil/sm/acme/a?s=U2FsdGVkX1+kDG45N1scKyMlqhl7w1/UNLJJUCxyzF7E+EnCo92zydXgU6u0dyw2QSndNY6PLdbCBLzlucJZgBIbPYvNes+ne914H4bhqlEc5cv9S0nFJu4Df588xzlT/qOTlpEaXXy452QE3423UE3EHREzMKfAbivd8mee6/c5wXoSOVxE9CxdxpMOaddtDjk670vlJlqzRHJ7T4UwAemQOgV3g4vt9PDKOKTpPSQ=&u=U2FsdGVkX18HFYnHIeXtpuEF+bJr2ubD/YYniONP5YU=&y=U2FsdGVkX1+GKRW1b+d86PoyhmLgWor/D7SFurivHvzzkqd22hJDzgItStHVSahk HTTP/1.1" 200 26
186.102.101.128 - - [24/Aug/2023:13:30:22 -0500] "GET /kwssiamovil/sm/acme/a?s=U2FsdGVkX1/oKzQ+a5VRjdKWraVGC0ZKpvXa3cDRe/VNYex8LPQJL2iv2IJ1jG3DXX3ZpUyxdLpb7HQSkF0lPnlkSVOINT4jsH4s20YZKnfYOQGRXyFZ/kF5xDpXBnGNRfsZHORA3cC7aTHUAY0y8vAytzfyeM8OR7TjaVzyLe8=&u=U2FsdGVkX18HFYnHIeXtpuEF+bJr2ubD/YYniONP5YU=&y=U2FsdGVkX1+GKRW1b+d86PoyhmLgWor/D7SFurivHvzzkqd22hJDzgItStHVSahk HTTP/1.1" 200 26
186.102.101.128 - - [24/Aug/2023:13:30:22 -0500] "GET /kwssiamovil/sm/acme/a?s=U2FsdGVkX1/Y/xE+tcscpZ0fLSqQ0nVE5hdqUBWCdec+uIF4vjRKoFsMAo2WyJ06vzW1EfXFW06IHWw1zlUD2wYWiH4GnaGhhGDEBpT4y8UrrWMa3HunHAgd9HSMxSljd2iwa76P0yxBkVgiaqTrLxUHnqCqY63kMG/vBEPxchNSvKExrHv6ePGQA5pNJPF8qbzbDQQ95rp+bx8JTUp7e/ERYr4ZGivI0PrXkSkWYzQ=&u=U2FsdGVkX18HFYnHIeXtpuEF+bJr2ubD/YYniONP5YU=&y=U2FsdGVkX1+GKRW1b+d86PoyhmLgWor/D7SFurivHvzzkqd22hJDzgItStHVSahk HTTP/1.1" 200 24
186.102.101.128 - - [24/Aug/2023:13:30:22 -0500] "GET /kwssiamovil/sm/acme/a?s=U2FsdGVkX18MHwlgV/gc9tF8Zlk2nRXx4T0wqY1a1G9JyVO6FLNi1Gm/Snvp80l5uvvcZl4QksuZsV9azc/9+pRDTBeTKVguSN7ejxENwl83ynfSLKNNyBMT/DoAlircZ5fvszKRg991l8QPBvVzc9zvVt4i9xAtU2lzC3tReDwIQZk0WMsqVG0hRLnQixnc&u=U2FsdGVkX18HFYnHIeXtpuEF+bJr2ubD/YYniONP5YU=&y=U2FsdGVkX1+GKRW1b+d86PoyhmLgWor/D7SFurivHvzzkqd22hJDzgItStHVSahk HTTP/1.1" 200 24
186.102.101.128 - - [24/Aug/2023:13:30:22 -0500] "GET /kwssiamovil/sm/acme/a?s=U2FsdGVkX1/o3BGN4PXo0cFbDQZCZ4u/1bs41jMlznLWNUZ1NYCnIq0zipC949Wx0woBy1iT133mfN42QT+Db6WHs+/8gafCXAx1504HrFu7aVOciR+CGKQ0ia7iQXNUugGW8h9UOQVy7FYffLrEwXdklgTs4z2Na3r6blVE9bOQ/nzJ/xJD+8WFVp2n2S0GktcN8NqxnpUOBbk49Yb1/g==&u=U2FsdGVkX18HFYnHIeXtpuEF+bJr2ubD/YYniONP5YU=&y=U2FsdGVkX1+GKRW1b+d86PoyhmLgWor/D7SFurivHvzzkqd22hJDzgItStHVSahk HTTP/1.1" 200 26
186.102.101.128 - - [24/Aug/2023:13:30:23 -0500] "GET /kwssiamovil/sm/acme/a?s=U2FsdGVkX1+aXzSmX7vU4JQWFOrIOe2MrkBloEYSkR2wrL8aO6DgzvXmcBjEY40IHeugjxw54MfdyD5qo2qiw2c429wvLrisKd1Og9Z7vPrXXczH8aDtffhl3UNPZrYBXTyOqpPScvAHWefw2Iczjk192TiMVJQpp5jbCW2IZY0=&u=U2FsdGVkX18HFYnHIeXtpuEF+bJr2ubD/YYniONP5YU=&y=U2FsdGVkX1+GKRW1b+d86PoyhmLgWor/D7SFurivHvzzkqd22hJDzgItStHVSahk HTTP/1.1" 200 26
186.102.101.128 - - [24/Aug/2023:13:30:23 -0500] "GET /kwssiamovil/sm/acme/a?s=U2FsdGVkX188KL35ueyTtHwzk9w1QJ/W9yodjlwjbdInaSVNEi8/U4FbDrEKlsUzys8Li0SddPnqEi5QaoDEyfSSq4Bi4ukD2bLmlI5grtSs8k0jTlNTuBKpiaO6Kc49Gjc6jt2xq/YK4ykQOZpjA9S9p7O7kpcwGc/BUX10gq394lKrZ5UOKZ6UjOf5KrnUq9hYElML9SaWSfysf8mNt8Ns3nM3LnSQTpLhKLueZETctkdGLb7E3H/8oHpbBJQP&u=U2FsdGVkX18HFYnHIeXtpuEF+bJr2ubD/YYniONP5YU=&y=U2FsdGVkX1+GKRW1b+d86PoyhmLgWor/D7SFurivHvzzkqd22hJDzgItStHVSahk HTTP/1.1" 200 24
186.102.101.128 - - [24/Aug/2023:13:30:23 -0500] "GET /kwssiamovil/sm/acme/a?s=U2FsdGVkX1+OYaGAXROc3v3DXnCampfpnc4/I/v/pSQjNPa5PRLY2OiCXBuqNJOKSliLFqOotAccVXKyzQpkKADHs09o/wZSOO/LApCnXR6isGnoaXI5+xhEfv5nJuGBc8auOM7f70tIS3i7DJSSNw5b9iDIbhBkSNSap7gLH3K5dRH/yVV1o3d5+sN9eU6DnXEbTX/lcJzyNBBXM9CVOA==&u=U2FsdGVkX18HFYnHIeXtpuEF+bJr2ubD/YYniONP5YU=&y=U2FsdGVkX1+GKRW1b+d86PoyhmLgWor/D7SFurivHvzzkqd22hJDzgItStHVSahk HTTP/1.1" 200 24
186.102.101.128 - - [24/Aug/2023:13:30:23 -0500] "GET /kwssiamovil/sm/acme/a?s=U2FsdGVkX180dNbxWbtikKcZkgHC9AbfmiuaskEytav1v1dNdDKv/wA4FBiPMUoXW6scGapauDQGHCxNPyZHn0rFJX/8xnhAeAvnOJJbkkQ8+aOanCmzNCEXFwF2emTL8VPV0/BQJQGMVTbOgSzoL7qQ0kXgWipDWFwJET6bMisqoys540G6tHAvJTZT8oJQqvy2tLvVFcMAKiQnhR75QivFU+fpfxfMrLYpazTk5gIATt7kfkvuwtR3BjtwawEr&u=U2FsdGVkX18HFYnHIeXtpuEF+bJr2ubD/YYniONP5YU=&y=U2FsdGVkX1+GKRW1b+d86PoyhmLgWor/D7SFurivHvzzkqd22hJDzgItStHVSahk HTTP/1.1" 200 26
186.102.101.128 - - [24/Aug/2023:13:30:24 -0500] "GET /kwssiamovil/sm/acme/a?s=U2FsdGVkX1+8AnfbWwSNP+k63GYzQZUIj/5VdUg4JuThIwiprhIldQUTyzux4KLmcdx3lruLLpQoOf1+llSA+dksuhGSZNc8Y6oLDM6/UtNdW4FYUaYUfXS7bjCk7R48uVJQFX3CH4cmpx72cgFJGkl4QJbTOXZLlDYMVZIFlfo=&u=U2FsdGVkX18HFYnHIeXtpuEF+bJr2ubD/YYniONP5YU=&y=U2FsdGVkX1+GKRW1b+d86PoyhmLgWor/D7SFurivHvzzkqd22hJDzgItStHVSahk HTTP/1.1" 200 26
186.102.101.128 - - [24/Aug/2023:13:30:24 -0500] "GET /kwssiamovil/sm/acme/a?s=U2FsdGVkX18C/b3rrGOBRpuex1bVyqmUBCqinxiLg4lmIjUBtZ7/zepNxiMuW4sqoMC06dliBWtZKvZzuFZamXd+ChCQiMeilTQv/oPVV6RUj1yr4VdckV38x8E4fhi9MnfGb+iu5C+Or1FVzZGhptQ+k6SFHPfQVcsoD4xUzP1Yr+i21K8iH+f/71xTjP2UExV3NqQ45CzEr3FxxyPkzcNgrrgb2GjWR87+qDAUqHokxuxD4U92mRdKCi/tH3C1&u=U2FsdGVkX18HFYnHIeXtpuEF+bJr2ubD/YYniONP5YU=&y=U2FsdGVkX1+GKRW1b+d86PoyhmLgWor/D7SFurivHvzzkqd22hJDzgItStHVSahk HTTP/1.1" 200 24
186.102.101.128 - - [24/Aug/2023:13:30:24 -0500] "GET /kwssiamovil/sm/acme/a?s=U2FsdGVkX19/M3cUnxij5i5NC5KOpAmI+6PkbgyQnqKT6PvMfk6u8+XtX8DhW0fyopI9pW0VSqClwHIJ4zgVadJbLvY4q0LEyZe6MtZjhL0XR6KBWOPfiz/xYB9hAZrGgJknHfaXrh581mBcvt0Za0wiZV9dGabaPhEeLUvrGpESM0DklNv6qk1cx3Ut9bNztPFJumJhDSGF/0wp0gkzx265a8fk4wXJshvPJIUk26E=&u=U2FsdGVkX18HFYnHIeXtpuEF+bJr2ubD/YYniONP5YU=&y=U2FsdGVkX1+GKRW1b+d86PoyhmLgWor/D7SFurivHvzzkqd22hJDzgItStHVSahk HTTP/1.1" 200 26
201.245.192.253 - - [24/Aug/2023:13:30:39 -0500] "POST /kwsrmcab/Wsrmcab  HTTP/1.1" 200 41818
201.245.192.253 - - [24/Aug/2023:13:30:48 -0500] "POST /forms/lservlet;jsessionid=ac16012b30d68f1d81e4dc594f86873896b26f75c7ca.e3iSbxaKaheRe34Rch0Ra3mLchv0n6jAmljGr5XDqQLvpAe HTTP/1.1" 200 2
201.245.192.253 - - [24/Aug/2023:13:31:17 -0500] "POST /forms/lservlet;jsessionid=ac16012b30d649e7a6135ab24c4fa557ab99fbd81b4a.e3iSbxaKaheRe34Rch0Ra3mLchv0n6jAmljGr5XDqQLvpAe HTTP/1.1" 200 2
66.249.79.111 - - [24/Aug/2023:13:31:53 -0500] "GET /galeria/galeria/fotos/boa8G.jpg HTTP/1.1" 200 268973
172.22.2.4 - - [24/Aug/2023:13:30:26 -0500] "HEAD /BLA/boletinlegal/ HTTP/1.1" 200 -
201.245.192.253 - - [24/Aug/2023:13:32:48 -0500] "POST /forms/lservlet;jsessionid=ac16012b30d68f1d81e4dc594f86873896b26f75c7ca.e3iSbxaKaheRe34Rch0Ra3mLchv0n6jAmljGr5XDqQLvpAe HTTP/1.1" 200 2
172.22.2.4 - - [24/Aug/2023:13:31:16 -0500] "GET /BLA/boletinlegal/ HTTP/1.1" 200 60692
166.0.218.43 - - [24/Aug/2023:13:33:01 -0500] "GET / HTTP/1.1" 200 319
201.245.192.253 - - [24/Aug/2023:13:33:17 -0500] "POST /forms/lservlet;jsessionid=ac16012b30d649e7a6135ab24c4fa557ab99fbd81b4a.e3iSbxaKaheRe34Rch0Ra3mLchv0n6jAmljGr5XDqQLvpAe HTTP/1.1" 200 2
216.245.221.92 - - [24/Aug/2023:13:34:03 -0500] "HEAD / HTTP/1.1" 200 -
191.156.237.61 - - [24/Aug/2023:13:34:32 -0500] "GET /secretaria-de-ambiente-abre-convocatoria-para-el-proceso-de-formacion-mujeres-cuidadoras-de-humedales.html?fbclid=IwAR2_5Rx_Lk1MTww3LXLhZJB7VINbGzn5X3isNeXyL3C4ouf74LwdC36FDv0 HTTP/1.1" 200 943
201.245.192.253 - - [24/Aug/2023:13:34:48 -0500] "POST /forms/lservlet;jsessionid=ac16012b30d68f1d81e4dc594f86873896b26f75c7ca.e3iSbxaKaheRe34Rch0Ra3mLchv0n6jAmljGr5XDqQLvpAe HTTP/1.1" 200 2
201.245.192.253 - - [24/Aug/2023:13:35:17 -0500] "POST /forms/lservlet;jsessionid=ac16012b30d649e7a6135ab24c4fa557ab99fbd81b4a.e3iSbxaKaheRe34Rch0Ra3mLchv0n6jAmljGr5XDqQLvpAe HTTP/1.1" 200 2
201.245.192.253 - - [24/Aug/2023:13:35:38 -0500] "POST /kwsrmcab/Wsrmcab  HTTP/1.1" 200 41818
201.245.192.253 - - [24/Aug/2023:13:36:48 -0500] "POST /forms/lservlet;jsessionid=ac16012b30d68f1d81e4dc594f86873896b26f75c7ca.e3iSbxaKaheRe34Rch0Ra3mLchv0n6jAmljGr5XDqQLvpAe HTTP/1.1" 200 2
201.245.192.253 - - [24/Aug/2023:13:37:17 -0500] "POST /forms/lservlet;jsessionid=ac16012b30d649e7a6135ab24c4fa557ab99fbd81b4a.e3iSbxaKaheRe34Rch0Ra3mLchv0n6jAmljGr5XDqQLvpAe HTTP/1.1" 200 2
152.203.178.61 - - [24/Aug/2023:13:37:55 -0500] "GET /sipse/faces/faces/faces/faces/autenticacion.xhtml HTTP/1.1" 200 12493
172.22.2.4 - - [24/Aug/2023:13:36:15 -0500] "HEAD /BLA/boletinlegal/ HTTP/1.1" 200 -
152.203.178.61 - - [24/Aug/2023:13:37:55 -0500] "GET /sipse/faces/javax.faces.resource/layout/layout.css;jsessionid=fXAqAK4DDsR8fk0TAQ-rWeS+.undefined?ln=primefaces&v=4.0 HTTP/1.1" 200 542
152.203.178.61 - - [24/Aug/2023:13:37:56 -0500] "GET /sipse/css/custom_css_sg.css HTTP/1.1" 304 -
152.203.178.61 - - [24/Aug/2023:13:37:56 -0500] "GET /sipse/css/custom_css_sg_prime_login.css HTTP/1.1" 304 -
152.203.178.61 - - [24/Aug/2023:13:37:56 -0500] "GET /sipse/faces/javax.faces.resource/theme.css?ln=primefaces-sipse HTTP/1.1" 304 -
152.203.178.61 - - [24/Aug/2023:13:37:56 -0500] "GET /sipse/js/disable_browser_buttons.js HTTP/1.1" 304 -
152.203.178.61 - - [24/Aug/2023:13:37:56 -0500] "GET /sipse/js/funciones.js HTTP/1.1" 304 -
152.203.178.61 - - [24/Aug/2023:13:37:55 -0500] "GET /sipse/faces/javax.faces.resource/primefaces.css;jsessionid=fXAqAK4DDsR8fk0TAQ-rWeS+.undefined?ln=primefaces&v=4.0 HTTP/1.1" 200 53295
152.203.178.61 - - [24/Aug/2023:13:37:56 -0500] "GET /sipse/faces/javax.faces.resource/layout/layout.js;jsessionid=fXAqAK4DDsR8fk0TAQ-rWeS+.undefined?ln=primefaces&v=4.0 HTTP/1.1" 200 87560
152.203.178.61 - - [24/Aug/2023:13:37:56 -0500] "GET /sipse/faces/javax.faces.resource/jquery/jquery.js;jsessionid=fXAqAK4DDsR8fk0TAQ-rWeS+.undefined?ln=primefaces&v=4.0 HTTP/1.1" 200 105384
152.203.178.61 - - [24/Aug/2023:13:37:56 -0500] "GET /sipse/faces/javax.faces.resource/jquery/jquery-plugins.js;jsessionid=fXAqAK4DDsR8fk0TAQ-rWeS+.undefined?ln=primefaces&v=4.0 HTTP/1.1" 200 220526
152.203.178.61 - - [24/Aug/2023:13:37:56 -0500] "GET /sipse/faces/javax.faces.resource/primefaces.js;jsessionid=fXAqAK4DDsR8fk0TAQ-rWeS+.undefined?ln=primefaces&v=4.0 HTTP/1.1" 200 276924
152.203.178.61 - - [24/Aug/2023:13:37:56 -0500] "GET /sipse/css/imagen/logoSDG.png HTTP/1.1" 304 -
152.203.178.61 - - [24/Aug/2023:13:37:56 -0500] "GET /sipse/css/imagen/loginimg.png HTTP/1.1" 304 -
152.203.178.61 - - [24/Aug/2023:13:37:56 -0500] "GET /sipse/faces/javax.faces.resource/images/ui-icons_898989_256x240.png?ln=primefaces-aristo HTTP/1.1" 304 -
152.203.178.61 - - [24/Aug/2023:13:37:56 -0500] "GET /sipse/faces/faces/faces/faces/index.xhtml HTTP/1.1" 200 677
152.203.178.61 - - [24/Aug/2023:13:37:56 -0500] "GET /sipse/faces/javax.faces.resource/theme.css?ln=primefaces-sipse HTTP/1.1" 304 -
152.203.178.61 - - [24/Aug/2023:13:37:56 -0500] "GET /sipse/faces/faces/faces/faces/faces/autenticacion.xhtml HTTP/1.1" 200 12171
152.203.178.61 - - [24/Aug/2023:13:37:57 -0500] "GET /sipse/faces/javax.faces.resource/theme.css?ln=primefaces-sipse HTTP/1.1" 304 -
152.203.178.61 - - [24/Aug/2023:13:37:57 -0500] "GET /sipse/faces/javax.faces.resource/primefaces.css?ln=primefaces&v=4.0 HTTP/1.1" 304 -
152.203.178.61 - - [24/Aug/2023:13:37:57 -0500] "GET /sipse/faces/javax.faces.resource/layout/layout.css?ln=primefaces&v=4.0 HTTP/1.1" 304 -
152.203.178.61 - - [24/Aug/2023:13:37:57 -0500] "GET /sipse/faces/javax.faces.resource/jquery/jquery-plugins.js?ln=primefaces&v=4.0 HTTP/1.1" 304 -
152.203.178.61 - - [24/Aug/2023:13:37:57 -0500] "GET /sipse/faces/javax.faces.resource/primefaces.js?ln=primefaces&v=4.0 HTTP/1.1" 304 -
152.203.178.61 - - [24/Aug/2023:13:37:57 -0500] "GET /sipse/faces/javax.faces.resource/jquery/jquery.js?ln=primefaces&v=4.0 HTTP/1.1" 304 -
152.203.178.61 - - [24/Aug/2023:13:37:57 -0500] "GET /sipse/faces/javax.faces.resource/layout/layout.js?ln=primefaces&v=4.0 HTTP/1.1" 304 -
152.203.178.61 - - [24/Aug/2023:13:37:57 -0500] "GET /sipse/faces/javax.faces.resource/images/ui-icons_898989_256x240.png?ln=primefaces-aristo HTTP/1.1" 304 -
152.203.178.61 - - [24/Aug/2023:13:38:03 -0500] "POST /sipse/faces/autenticacion.xhtml HTTP/1.1" 200 2224
152.203.178.61 - - [24/Aug/2023:13:38:03 -0500] "GET /sipse/faces/javax.faces.resource/messages/messages.png?ln=primefaces&v=4.0 HTTP/1.1" 304 -
152.203.178.61 - - [24/Aug/2023:13:38:06 -0500] "POST /sipse/faces/autenticacion.xhtml HTTP/1.1" 200 16353
152.203.178.61 - - [24/Aug/2023:13:38:06 -0500] "GET /sipse/css/custom_css_sg_prime.css HTTP/1.1" 304 -
152.203.178.61 - - [24/Aug/2023:13:38:06 -0500] "GET /sipse/faces/javax.faces.resource/primefaces.css?ln=primefaces&v=4.0 HTTP/1.1" 304 -
152.203.178.61 - - [24/Aug/2023:13:38:06 -0500] "GET /sipse/faces/javax.faces.resource/theme.css?ln=primefaces-sipse HTTP/1.1" 304 -
152.203.178.61 - - [24/Aug/2023:13:38:06 -0500] "GET /sipse/faces/javax.faces.resource/layout/layout.css?ln=primefaces&v=4.0 HTTP/1.1" 304 -
152.203.178.61 - - [24/Aug/2023:13:38:06 -0500] "GET /sipse/js/jquery.min.js HTTP/1.1" 304 -
152.203.178.61 - - [24/Aug/2023:13:38:06 -0500] "GET /sipse/faces/javax.faces.resource/jquery/jquery.js?ln=primefaces&v=4.0 HTTP/1.1" 304 -
152.203.178.61 - - [24/Aug/2023:13:38:06 -0500] "GET /sipse/faces/javax.faces.resource/jquery/jquery-plugins.js?ln=primefaces&v=4.0 HTTP/1.1" 304 -
152.203.178.61 - - [24/Aug/2023:13:38:06 -0500] "GET /sipse/faces/javax.faces.resource/primefaces.js?ln=primefaces&v=4.0 HTTP/1.1" 304 -
152.203.178.61 - - [24/Aug/2023:13:38:06 -0500] "GET /sipse/faces/javax.faces.resource/layout/layout.js?ln=primefaces&v=4.0 HTTP/1.1" 304 -
152.203.178.61 - - [24/Aug/2023:13:38:06 -0500] "GET /sipse/css/v_mergente.css HTTP/1.1" 304 -
152.203.178.61 - - [24/Aug/2023:13:38:06 -0500] "GET /sipse/imagenes/cargando.gif HTTP/1.1" 304 -
152.203.178.61 - - [24/Aug/2023:13:38:06 -0500] "GET /sipse/imagenes/logoAplicacion.jpg HTTP/1.1" 304 -
