216.245.221.92 - - [24/Aug/2023:01:34:33 -0500] "HEAD / HTTP/1.1" 200 -
181.61.208.90 - - [24/Aug/2023:01:34:33 -0500] "GET /inscribete-y-participa-en-la-convencion-internacional-de-emergencia-climatica-bogota-2023.html HTTP/1.1" 200 895
201.245.192.253 - - [24/Aug/2023:01:34:46 -0500] "POST /forms/lservlet;jsessionid=ac16012b30d68f1d81e4dc594f86873896b26f75c7ca.e3iSbxaKaheRe34Rch0Ra3mLchv0n6jAmljGr5XDqQLvpAe HTTP/1.1" 200 2
201.245.192.253 - - [24/Aug/2023:01:35:09 -0500] "POST /forms/lservlet;jsessionid=ac16012b30d649e7a6135ab24c4fa557ab99fbd81b4a.e3iSbxaKaheRe34Rch0Ra3mLchv0n6jAmljGr5XDqQLvpAe HTTP/1.1" 200 2
201.245.192.253 - - [24/Aug/2023:01:36:46 -0500] "POST /forms/lservlet;jsessionid=ac16012b30d68f1d81e4dc594f86873896b26f75c7ca.e3iSbxaKaheRe34Rch0Ra3mLchv0n6jAmljGr5XDqQLvpAe HTTP/1.1" 200 2
201.245.192.253 - - [24/Aug/2023:01:37:09 -0500] "POST /forms/lservlet;jsessionid=ac16012b30d649e7a6135ab24c4fa557ab99fbd81b4a.e3iSbxaKaheRe34Rch0Ra3mLchv0n6jAmljGr5XDqQLvpAe HTTP/1.1" 200 2
201.245.192.253 - - [24/Aug/2023:01:38:06 -0500] "POST /kwsrmcab/Wsrmcab  HTTP/1.1" 200 41818
216.244.66.246 - - [24/Aug/2023:01:38:45 -0500] "GET /robots.txt HTTP/1.1" 404 1034
201.245.192.253 - - [24/Aug/2023:01:38:46 -0500] "POST /forms/lservlet;jsessionid=ac16012b30d68f1d81e4dc594f86873896b26f75c7ca.e3iSbxaKaheRe34Rch0Ra3mLchv0n6jAmljGr5XDqQLvpAe HTTP/1.1" 200 2
201.245.192.253 - - [24/Aug/2023:01:39:04 -0500] "POST /kwsrmcab/Wsrmcab HTTP/1.1" 200 42997
201.245.192.253 - - [24/Aug/2023:01:39:09 -0500] "POST /forms/lservlet;jsessionid=ac16012b30d649e7a6135ab24c4fa557ab99fbd81b4a.e3iSbxaKaheRe34Rch0Ra3mLchv0n6jAmljGr5XDqQLvpAe HTTP/1.1" 200 2
172.22.2.4 - - [24/Aug/2023:01:37:30 -0500] "HEAD /BLA/boletinlegal/ HTTP/1.1" 200 -
201.245.192.253 - - [24/Aug/2023:01:39:08 -0500] "POST /kwsrmcab/Wsrmcab HTTP/1.1" 200 41332
216.245.221.92 - - [24/Aug/2023:01:39:33 -0500] "HEAD / HTTP/1.1" 200 -
172.22.2.4 - - [24/Aug/2023:01:38:21 -0500] "GET /BLA/boletinlegal/ HTTP/1.1" 200 56257
172.22.2.4 - - [24/Aug/2023:01:40:04 -0500] "GET /BLA/boletinlegal/ HTTP/1.1" 200 32715
201.245.192.253 - - [24/Aug/2023:01:40:46 -0500] "POST /forms/lservlet;jsessionid=ac16012b30d68f1d81e4dc594f86873896b26f75c7ca.e3iSbxaKaheRe34Rch0Ra3mLchv0n6jAmljGr5XDqQLvpAe HTTP/1.1" 200 2
138.197.72.172 - - [24/Aug/2023:01:41:03 -0500] "GET / HTTP/1.1" 200 319
138.197.72.172 - - [24/Aug/2023:01:41:03 -0500] "GET /favicon.ico HTTP/1.1" 200 7782
201.245.192.253 - - [24/Aug/2023:01:41:09 -0500] "POST /forms/lservlet;jsessionid=ac16012b30d649e7a6135ab24c4fa557ab99fbd81b4a.e3iSbxaKaheRe34Rch0Ra3mLchv0n6jAmljGr5XDqQLvpAe HTTP/1.1" 200 2
201.245.192.253 - - [24/Aug/2023:01:42:46 -0500] "POST /forms/lservlet;jsessionid=ac16012b30d68f1d81e4dc594f86873896b26f75c7ca.e3iSbxaKaheRe34Rch0Ra3mLchv0n6jAmljGr5XDqQLvpAe HTTP/1.1" 200 2
201.245.192.253 - - [24/Aug/2023:01:43:05 -0500] "POST /kwsrmcab/Wsrmcab  HTTP/1.1" 200 41818
201.245.192.253 - - [24/Aug/2023:01:43:09 -0500] "POST /forms/lservlet;jsessionid=ac16012b30d649e7a6135ab24c4fa557ab99fbd81b4a.e3iSbxaKaheRe34Rch0Ra3mLchv0n6jAmljGr5XDqQLvpAe HTTP/1.1" 200 2
66.249.66.193 - - [24/Aug/2023:01:44:15 -0500] "GET /compania-nacional-de-chocolates-cerescos-y-cablemovil-entre-las-empresas-que-han-implementado-proyectos-ambientales-exitosos.html HTTP/1.1" 304 -
216.245.221.92 - - [24/Aug/2023:01:44:33 -0500] "HEAD / HTTP/1.1" 200 -
152.61.128.50 - - [24/Aug/2023:01:44:45 -0500] "GET /arcgis/services/Calidad_del_Agua_WQI/MapServer/WMSServer?request=GetCapabilities&service=WMS HTTP/1.1" 503 1020
201.245.192.253 - - [24/Aug/2023:01:44:46 -0500] "POST /forms/lservlet;jsessionid=ac16012b30d68f1d81e4dc594f86873896b26f75c7ca.e3iSbxaKaheRe34Rch0Ra3mLchv0n6jAmljGr5XDqQLvpAe HTTP/1.1" 200 2
152.61.128.50 - - [24/Aug/2023:01:44:46 -0500] "GET /arcgis/services/Calidad_del_Agua_WQI/MapServer/WMSServer?SERVICE=WMS&REQUEST=GetCapabilities HTTP/1.1" 503 1020
152.61.128.50 - - [24/Aug/2023:01:44:46 -0500] "GET /arcgis/services/Calidad_del_Agua_WQI/MapServer/WMSServer?WMTVER=1.0.0&REQUEST=capabilities HTTP/1.1" 503 1020
172.22.2.4 - - [24/Aug/2023:01:43:20 -0500] "HEAD /BLA/boletinlegal/ HTTP/1.1" 200 -
190.67.152.250 - - [24/Aug/2023:01:45:04 -0500] "GET /BLA/resoluciones/index.php?dir=AUTOS+2020%2F HTTP/1.1" 200 330405
201.245.192.253 - - [24/Aug/2023:01:45:09 -0500] "POST /forms/lservlet;jsessionid=ac16012b30d649e7a6135ab24c4fa557ab99fbd81b4a.e3iSbxaKaheRe34Rch0Ra3mLchv0n6jAmljGr5XDqQLvpAe HTTP/1.1" 200 2
216.244.66.246 - - [24/Aug/2023:01:45:13 -0500] "GET /la-ciudad-realizara-el-simulacro-distrital-de-evacuacion-a-las-10-30-a-m.html HTTP/1.1" 200 880
200.118.60.55 - - [24/Aug/2023:01:45:22 -0500] "GET /BLA/resoluciones/index.php?dir=AUTOS+2014%2F HTTP/1.1" 200 890525
172.22.2.4 - - [24/Aug/2023:01:44:11 -0500] "GET /BLA/boletinlegal/ HTTP/1.1" 200 55460
190.67.152.250 - - [24/Aug/2023:01:46:44 -0500] "GET /BLA/resoluciones/AUTOS%202020/3463.pdf HTTP/1.1" 200 378564
201.245.192.253 - - [24/Aug/2023:01:46:46 -0500] "POST /forms/lservlet;jsessionid=ac16012b30d68f1d81e4dc594f86873896b26f75c7ca.e3iSbxaKaheRe34Rch0Ra3mLchv0n6jAmljGr5XDqQLvpAe HTTP/1.1" 200 2
201.245.192.253 - - [24/Aug/2023:01:47:09 -0500] "POST /forms/lservlet;jsessionid=ac16012b30d649e7a6135ab24c4fa557ab99fbd81b4a.e3iSbxaKaheRe34Rch0Ra3mLchv0n6jAmljGr5XDqQLvpAe HTTP/1.1" 200 2
201.245.192.253 - - [24/Aug/2023:01:48:04 -0500] "POST /kwsrmcab/Wsrmcab  HTTP/1.1" 200 41818
201.245.192.253 - - [24/Aug/2023:01:48:46 -0500] "POST /forms/lservlet;jsessionid=ac16012b30d68f1d81e4dc594f86873896b26f75c7ca.e3iSbxaKaheRe34Rch0Ra3mLchv0n6jAmljGr5XDqQLvpAe HTTP/1.1" 200 2
172.22.2.4 - - [24/Aug/2023:01:47:27 -0500] "GET /BLA/boletinlegal/ HTTP/1.1" 200 62795
191.156.48.193 - - [24/Aug/2023:01:49:08 -0500] "GET /inscribete-y-participa-en-la-convencion-internacional-de-emergencia-climatica-bogota-2023.html HTTP/1.1" 200 895
201.245.192.253 - - [24/Aug/2023:01:49:09 -0500] "POST /forms/lservlet;jsessionid=ac16012b30d649e7a6135ab24c4fa557ab99fbd81b4a.e3iSbxaKaheRe34Rch0Ra3mLchv0n6jAmljGr5XDqQLvpAe HTTP/1.1" 200 2
172.22.2.4 - - [24/Aug/2023:01:49:19 -0500] "GET /BLA/boletinlegal/js/jquery.scrollTo-min.js HTTP/1.1" 200 1150
172.22.2.4 - - [24/Aug/2023:01:49:24 -0500] "GET /BLA/boletinlegal/js/jquery.scrollShow.js HTTP/1.1" 200 4586
216.245.221.92 - - [24/Aug/2023:01:49:33 -0500] "HEAD / HTTP/1.1" 200 -
201.245.192.253 - - [24/Aug/2023:01:50:46 -0500] "POST /forms/lservlet;jsessionid=ac16012b30d68f1d81e4dc594f86873896b26f75c7ca.e3iSbxaKaheRe34Rch0Ra3mLchv0n6jAmljGr5XDqQLvpAe HTTP/1.1" 200 2
172.22.2.4 - - [24/Aug/2023:01:49:10 -0500] "HEAD /BLA/boletinlegal/ HTTP/1.1" 200 -
201.245.192.253 - - [24/Aug/2023:01:51:09 -0500] "POST /forms/lservlet;jsessionid=ac16012b30d649e7a6135ab24c4fa557ab99fbd81b4a.e3iSbxaKaheRe34Rch0Ra3mLchv0n6jAmljGr5XDqQLvpAe HTTP/1.1" 200 2
74.125.212.225 - - [24/Aug/2023:01:51:17 -0500] "GET /Publicaciones/SSFFS-00857-2023.zip HTTP/1.1" 200 1860123
190.67.152.250 - - [24/Aug/2023:01:51:30 -0500] "GET /BLA/resoluciones/dlf/archive.png HTTP/1.1" 200 632
190.67.152.250 - - [24/Aug/2023:01:51:27 -0500] "GET /BLA/resoluciones/index.php?dir=AUTOS+2019%2F HTTP/1.1" 200 384074
190.67.152.250 - - [24/Aug/2023:01:51:35 -0500] "GET /BLA/resoluciones/AUTOS%202019/4486.pdf HTTP/1.1" 200 735519
172.22.2.4 - - [24/Aug/2023:01:50:01 -0500] "GET /BLA/boletinlegal/ HTTP/1.1" 200 60342
201.245.192.253 - - [24/Aug/2023:01:52:46 -0500] "POST /forms/lservlet;jsessionid=ac16012b30d68f1d81e4dc594f86873896b26f75c7ca.e3iSbxaKaheRe34Rch0Ra3mLchv0n6jAmljGr5XDqQLvpAe HTTP/1.1" 200 2
201.245.192.253 - - [24/Aug/2023:01:53:03 -0500] "POST /kwsrmcab/Wsrmcab  HTTP/1.1" 200 41818
201.245.192.253 - - [24/Aug/2023:01:53:09 -0500] "POST /forms/lservlet;jsessionid=ac16012b30d649e7a6135ab24c4fa557ab99fbd81b4a.e3iSbxaKaheRe34Rch0Ra3mLchv0n6jAmljGr5XDqQLvpAe HTTP/1.1" 200 2
40.77.167.233 - - [24/Aug/2023:01:54:01 -0500] "GET / HTTP/1.1" 200 4720
216.245.221.92 - - [24/Aug/2023:01:54:33 -0500] "HEAD / HTTP/1.1" 200 -
201.245.192.253 - - [24/Aug/2023:01:54:46 -0500] "POST /forms/lservlet;jsessionid=ac16012b30d68f1d81e4dc594f86873896b26f75c7ca.e3iSbxaKaheRe34Rch0Ra3mLchv0n6jAmljGr5XDqQLvpAe HTTP/1.1" 200 2
201.245.192.253 - - [24/Aug/2023:01:55:09 -0500] "POST /forms/lservlet;jsessionid=ac16012b30d649e7a6135ab24c4fa557ab99fbd81b4a.e3iSbxaKaheRe34Rch0Ra3mLchv0n6jAmljGr5XDqQLvpAe HTTP/1.1" 200 2
172.22.2.4 - - [24/Aug/2023:01:55:00 -0500] "HEAD /BLA/boletinlegal/ HTTP/1.1" 200 -
201.245.192.253 - - [24/Aug/2023:01:56:46 -0500] "POST /forms/lservlet;jsessionid=ac16012b30d68f1d81e4dc594f86873896b26f75c7ca.e3iSbxaKaheRe34Rch0Ra3mLchv0n6jAmljGr5XDqQLvpAe HTTP/1.1" 200 2
201.245.192.253 - - [24/Aug/2023:01:57:09 -0500] "POST /forms/lservlet;jsessionid=ac16012b30d649e7a6135ab24c4fa557ab99fbd81b4a.e3iSbxaKaheRe34Rch0Ra3mLchv0n6jAmljGr5XDqQLvpAe HTTP/1.1" 200 2
52.167.144.116 - - [24/Aug/2023:01:57:22 -0500] "GET /Publicaciones/2023EE192156.pdf HTTP/1.1" 200 231954
172.22.2.4 - - [24/Aug/2023:01:55:51 -0500] "GET /BLA/boletinlegal/ HTTP/1.1" 200 60692
172.22.2.4 - - [24/Aug/2023:01:58:02 -0500] "GET /BLA/boletinlegal/actuator/gateway/routes HTTP/1.1" 404 1018
201.245.192.253 - - [24/Aug/2023:01:58:02 -0500] "POST /kwsrmcab/Wsrmcab  HTTP/1.1" 200 41818
40.77.167.19 - - [24/Aug/2023:01:58:32 -0500] "GET /Publicaciones/2023EE192176.pdf HTTP/1.1" 200 232017
201.245.192.253 - - [24/Aug/2023:01:58:46 -0500] "POST /forms/lservlet;jsessionid=ac16012b30d68f1d81e4dc594f86873896b26f75c7ca.e3iSbxaKaheRe34Rch0Ra3mLchv0n6jAmljGr5XDqQLvpAe HTTP/1.1" 200 2
201.245.192.253 - - [24/Aug/2023:01:59:09 -0500] "POST /forms/lservlet;jsessionid=ac16012b30d649e7a6135ab24c4fa557ab99fbd81b4a.e3iSbxaKaheRe34Rch0Ra3mLchv0n6jAmljGr5XDqQLvpAe HTTP/1.1" 200 2
52.167.144.43 - - [24/Aug/2023:01:59:19 -0500] "GET /BLA/resoluciones/RESOLUCIONES%202013/2175.pdf HTTP/1.1" 200 864994
216.245.221.92 - - [24/Aug/2023:01:59:33 -0500] "HEAD / HTTP/1.1" 200 -
66.249.66.192 - - [24/Aug/2023:02:00:36 -0500] "GET /camino-guadalupe-aguanoso-abierto-de-nuevo-al-publico.html HTTP/1.1" 304 -
201.245.192.253 - - [24/Aug/2023:02:00:46 -0500] "POST /forms/lservlet;jsessionid=ac16012b30d68f1d81e4dc594f86873896b26f75c7ca.e3iSbxaKaheRe34Rch0Ra3mLchv0n6jAmljGr5XDqQLvpAe HTTP/1.1" 200 2
201.245.192.253 - - [24/Aug/2023:02:01:09 -0500] "POST /forms/lservlet;jsessionid=ac16012b30d649e7a6135ab24c4fa557ab99fbd81b4a.e3iSbxaKaheRe34Rch0Ra3mLchv0n6jAmljGr5XDqQLvpAe HTTP/1.1" 200 2
52.167.144.43 - - [24/Aug/2023:02:01:18 -0500] "GET /BLA/resoluciones/AUTOS%202016/2627.pdf HTTP/1.1" 304 -
200.118.60.55 - - [24/Aug/2023:02:01:23 -0500] "GET /BLA/resoluciones/index.php?dir=AUTOS+2014%2F HTTP/1.1" 200 890525
52.167.144.43 - - [24/Aug/2023:02:02:19 -0500] "GET /BLA/resoluciones/RESOLUCIONES%202013/2623.pdf HTTP/1.1" 200 204264
172.22.2.4 - - [24/Aug/2023:02:00:50 -0500] "HEAD /BLA/boletinlegal/ HTTP/1.1" 200 -
201.245.192.253 - - [24/Aug/2023:02:02:46 -0500] "POST /forms/lservlet;jsessionid=ac16012b30d68f1d81e4dc594f86873896b26f75c7ca.e3iSbxaKaheRe34Rch0Ra3mLchv0n6jAmljGr5XDqQLvpAe HTTP/1.1" 200 2
201.245.192.253 - - [24/Aug/2023:02:03:01 -0500] "POST /kwsrmcab/Wsrmcab  HTTP/1.1" 200 41818
201.245.192.253 - - [24/Aug/2023:02:03:09 -0500] "POST /forms/lservlet;jsessionid=ac16012b30d649e7a6135ab24c4fa557ab99fbd81b4a.e3iSbxaKaheRe34Rch0Ra3mLchv0n6jAmljGr5XDqQLvpAe HTTP/1.1" 200 2
172.22.2.4 - - [24/Aug/2023:02:01:40 -0500] "GET /BLA/boletinlegal/ HTTP/1.1" 200 54597
40.77.167.208 - - [24/Aug/2023:02:04:33 -0500] "GET /BLA/resoluciones/RESOLUCIONES%202020/1516.pdf HTTP/1.1" 304 -
216.245.221.92 - - [24/Aug/2023:02:04:33 -0500] "HEAD / HTTP/1.1" 200 -
201.245.192.253 - - [24/Aug/2023:02:04:46 -0500] "POST /forms/lservlet;jsessionid=ac16012b30d68f1d81e4dc594f86873896b26f75c7ca.e3iSbxaKaheRe34Rch0Ra3mLchv0n6jAmljGr5XDqQLvpAe HTTP/1.1" 200 2
201.245.192.253 - - [24/Aug/2023:02:05:09 -0500] "POST /forms/lservlet;jsessionid=ac16012b30d649e7a6135ab24c4fa557ab99fbd81b4a.e3iSbxaKaheRe34Rch0Ra3mLchv0n6jAmljGr5XDqQLvpAe HTTP/1.1" 200 2
172.22.2.4 - - [24/Aug/2023:02:05:17 -0500] "GET /BLA/boletinlegal/style.css HTTP/1.1" 200 9406
172.22.2.4 - - [24/Aug/2023:02:05:17 -0500] "GET /BLA/boletinlegal/styles2.css HTTP/1.1" 200 1838
172.22.2.4 - - [24/Aug/2023:02:05:17 -0500] "GET /BLA/boletinlegal/js/jquery.js HTTP/1.1" 200 57254
161.18.209.247 - - [24/Aug/2023:02:06:08 -0500] "GET /inscribete-y-participa-en-la-convencion-internacional-de-emergencia-climatica-bogota-2023.html HTTP/1.1" 200 895
201.245.192.253 - - [24/Aug/2023:02:06:46 -0500] "POST /forms/lservlet;jsessionid=ac16012b30d68f1d81e4dc594f86873896b26f75c7ca.e3iSbxaKaheRe34Rch0Ra3mLchv0n6jAmljGr5XDqQLvpAe HTTP/1.1" 200 2
201.245.192.253 - - [24/Aug/2023:02:07:09 -0500] "POST /forms/lservlet;jsessionid=ac16012b30d649e7a6135ab24c4fa557ab99fbd81b4a.e3iSbxaKaheRe34Rch0Ra3mLchv0n6jAmljGr5XDqQLvpAe HTTP/1.1" 200 2
201.245.192.253 - - [24/Aug/2023:02:08:00 -0500] "POST /kwsrmcab/Wsrmcab  HTTP/1.1" 200 41818
172.22.2.4 - - [24/Aug/2023:02:06:40 -0500] "HEAD /BLA/boletinlegal/ HTTP/1.1" 200 -
201.245.192.253 - - [24/Aug/2023:02:08:46 -0500] "POST /forms/lservlet;jsessionid=ac16012b30d68f1d81e4dc594f86873896b26f75c7ca.e3iSbxaKaheRe34Rch0Ra3mLchv0n6jAmljGr5XDqQLvpAe HTTP/1.1" 200 2
201.245.192.253 - - [24/Aug/2023:02:09:09 -0500] "POST /forms/lservlet;jsessionid=ac16012b30d649e7a6135ab24c4fa557ab99fbd81b4a.e3iSbxaKaheRe34Rch0Ra3mLchv0n6jAmljGr5XDqQLvpAe HTTP/1.1" 200 2
172.22.2.4 - - [24/Aug/2023:02:07:31 -0500] "GET /BLA/boletinlegal/ HTTP/1.1" 200 60692
216.245.221.92 - - [24/Aug/2023:02:09:33 -0500] "HEAD / HTTP/1.1" 200 -
201.245.192.253 - - [24/Aug/2023:02:10:46 -0500] "POST /forms/lservlet;jsessionid=ac16012b30d68f1d81e4dc594f86873896b26f75c7ca.e3iSbxaKaheRe34Rch0Ra3mLchv0n6jAmljGr5XDqQLvpAe HTTP/1.1" 200 2
201.245.192.253 - - [24/Aug/2023:02:11:09 -0500] "POST /forms/lservlet;jsessionid=ac16012b30d649e7a6135ab24c4fa557ab99fbd81b4a.e3iSbxaKaheRe34Rch0Ra3mLchv0n6jAmljGr5XDqQLvpAe HTTP/1.1" 200 2
201.245.192.253 - - [24/Aug/2023:02:12:46 -0500] "POST /forms/lservlet;jsessionid=ac16012b30d68f1d81e4dc594f86873896b26f75c7ca.e3iSbxaKaheRe34Rch0Ra3mLchv0n6jAmljGr5XDqQLvpAe HTTP/1.1" 200 2
201.245.192.253 - - [24/Aug/2023:02:12:59 -0500] "POST /kwsrmcab/Wsrmcab  HTTP/1.1" 200 41818
201.245.192.253 - - [24/Aug/2023:02:13:09 -0500] "POST /forms/lservlet;jsessionid=ac16012b30d649e7a6135ab24c4fa557ab99fbd81b4a.e3iSbxaKaheRe34Rch0Ra3mLchv0n6jAmljGr5XDqQLvpAe HTTP/1.1" 200 2
172.22.2.4 - - [24/Aug/2023:02:12:31 -0500] "HEAD /BLA/boletinlegal/ HTTP/1.1" 200 -
216.245.221.92 - - [24/Aug/2023:02:14:33 -0500] "HEAD / HTTP/1.1" 200 -
190.67.152.250 - - [24/Aug/2023:02:14:33 -0500] "GET /BLA/resoluciones/index.php?dir=AUTOS+2019%2F HTTP/1.1" 200 384074
201.245.192.253 - - [24/Aug/2023:02:14:46 -0500] "POST /forms/lservlet;jsessionid=ac16012b30d68f1d81e4dc594f86873896b26f75c7ca.e3iSbxaKaheRe34Rch0Ra3mLchv0n6jAmljGr5XDqQLvpAe HTTP/1.1" 200 2
199.16.157.181 - - [24/Aug/2023:02:14:52 -0500] "GET /robots.txt HTTP/1.1" 404 1034
199.16.157.181 - - [24/Aug/2023:02:14:52 -0500] "GET /images/prendas-1_optimized.jpeg HTTP/1.1" 200 65869
199.16.157.180 - - [24/Aug/2023:02:14:54 -0500] "GET /robots.txt HTTP/1.1" 404 1034
199.16.157.180 - - [24/Aug/2023:02:14:54 -0500] "GET /images/prendas-1_optimized.jpeg HTTP/1.1" 200 65869
172.22.2.4 - - [24/Aug/2023:02:13:21 -0500] "GET /BLA/boletinlegal/ HTTP/1.1" 200 56970
201.245.192.253 - - [24/Aug/2023:02:15:09 -0500] "POST /forms/lservlet;jsessionid=ac16012b30d649e7a6135ab24c4fa557ab99fbd81b4a.e3iSbxaKaheRe34Rch0Ra3mLchv0n6jAmljGr5XDqQLvpAe HTTP/1.1" 200 2
201.245.192.253 - - [24/Aug/2023:02:16:46 -0500] "POST /forms/lservlet;jsessionid=ac16012b30d68f1d81e4dc594f86873896b26f75c7ca.e3iSbxaKaheRe34Rch0Ra3mLchv0n6jAmljGr5XDqQLvpAe HTTP/1.1" 200 2
201.245.192.253 - - [24/Aug/2023:02:17:09 -0500] "POST /forms/lservlet;jsessionid=ac16012b30d649e7a6135ab24c4fa557ab99fbd81b4a.e3iSbxaKaheRe34Rch0Ra3mLchv0n6jAmljGr5XDqQLvpAe HTTP/1.1" 200 2
201.245.192.253 - - [24/Aug/2023:02:17:57 -0500] "POST /kwsrmcab/Wsrmcab  HTTP/1.1" 200 41818
52.167.144.190 - - [24/Aug/2023:02:18:23 -0500] "GET /BLA/resoluciones/RESOLUCIONES%202013/1173.pdf HTTP/1.1" 200 299078
201.245.192.253 - - [24/Aug/2023:02:18:46 -0500] "POST /forms/lservlet;jsessionid=ac16012b30d68f1d81e4dc594f86873896b26f75c7ca.e3iSbxaKaheRe34Rch0Ra3mLchv0n6jAmljGr5XDqQLvpAe HTTP/1.1" 200 2
201.245.192.253 - - [24/Aug/2023:02:19:04 -0500] "POST /kwsrmcab/Wsrmcab HTTP/1.1" 200 42998
201.245.192.253 - - [24/Aug/2023:02:19:09 -0500] "POST /forms/lservlet;jsessionid=ac16012b30d649e7a6135ab24c4fa557ab99fbd81b4a.e3iSbxaKaheRe34Rch0Ra3mLchv0n6jAmljGr5XDqQLvpAe HTTP/1.1" 200 2
201.245.192.253 - - [24/Aug/2023:02:19:08 -0500] "POST /kwsrmcab/Wsrmcab HTTP/1.1" 200 41347
216.245.221.92 - - [24/Aug/2023:02:19:33 -0500] "HEAD / HTTP/1.1" 200 -
172.22.2.4 - - [24/Aug/2023:02:18:21 -0500] "HEAD /BLA/boletinlegal/ HTTP/1.1" 200 -
201.245.192.253 - - [24/Aug/2023:02:20:46 -0500] "POST /forms/lservlet;jsessionid=ac16012b30d68f1d81e4dc594f86873896b26f75c7ca.e3iSbxaKaheRe34Rch0Ra3mLchv0n6jAmljGr5XDqQLvpAe HTTP/1.1" 200 2
172.22.2.4 - - [24/Aug/2023:02:19:11 -0500] "GET /BLA/boletinlegal/ HTTP/1.1" 200 53766
201.245.192.253 - - [24/Aug/2023:02:21:09 -0500] "POST /forms/lservlet;jsessionid=ac16012b30d649e7a6135ab24c4fa557ab99fbd81b4a.e3iSbxaKaheRe34Rch0Ra3mLchv0n6jAmljGr5XDqQLvpAe HTTP/1.1" 200 2
201.245.192.253 - - [24/Aug/2023:02:22:46 -0500] "POST /forms/lservlet;jsessionid=ac16012b30d68f1d81e4dc594f86873896b26f75c7ca.e3iSbxaKaheRe34Rch0Ra3mLchv0n6jAmljGr5XDqQLvpAe HTTP/1.1" 200 2
168.119.253.21 - - [24/Aug/2023:02:22:50 -0500] "GET / HTTP/1.1" 200 319
168.119.253.21 - - [24/Aug/2023:02:22:50 -0500] "GET / HTTP/1.1" 200 4720
201.245.192.253 - - [24/Aug/2023:02:22:57 -0500] "POST /kwsrmcab/Wsrmcab  HTTP/1.1" 200 41818
201.245.192.253 - - [24/Aug/2023:02:23:09 -0500] "POST /forms/lservlet;jsessionid=ac16012b30d649e7a6135ab24c4fa557ab99fbd81b4a.e3iSbxaKaheRe34Rch0Ra3mLchv0n6jAmljGr5XDqQLvpAe HTTP/1.1" 200 2
51.222.253.8 - - [24/Aug/2023:02:23:29 -0500] "GET /robots.txt HTTP/1.1" 404 1018
216.245.221.92 - - [24/Aug/2023:02:24:33 -0500] "HEAD / HTTP/1.1" 200 -
201.245.192.253 - - [24/Aug/2023:02:24:46 -0500] "POST /forms/lservlet;jsessionid=ac16012b30d68f1d81e4dc594f86873896b26f75c7ca.e3iSbxaKaheRe34Rch0Ra3mLchv0n6jAmljGr5XDqQLvpAe HTTP/1.1" 200 2
66.249.70.6 - - [24/Aug/2023:02:25:06 -0500] "GET /BLA/resoluciones/AUTOS%202012/1083.pdf HTTP/1.1" 200 248030
66.249.70.5 - - [24/Aug/2023:02:25:07 -0500] "GET /BLA/resoluciones/AUTOS%202015/0235.pdf HTTP/1.1" 200 576698
66.249.70.6 - - [24/Aug/2023:02:25:07 -0500] "GET /BLA/resoluciones/RESOLUCIONES%202014/1962.pdf HTTP/1.1" 200 686877
66.249.70.5 - - [24/Aug/2023:02:25:08 -0500] "GET /BLA/resoluciones/RESOLUCIONES%202008/2302.pdf HTTP/1.1" 200 352872
201.245.192.253 - - [24/Aug/2023:02:25:09 -0500] "POST /forms/lservlet;jsessionid=ac16012b30d649e7a6135ab24c4fa557ab99fbd81b4a.e3iSbxaKaheRe34Rch0Ra3mLchv0n6jAmljGr5XDqQLvpAe HTTP/1.1" 200 2
172.22.2.4 - - [24/Aug/2023:02:24:11 -0500] "HEAD /BLA/boletinlegal/ HTTP/1.1" 200 -
69.171.251.11 - - [24/Aug/2023:02:26:10 -0500] "GET /images/jardines-verticales-plantas-24-mayo.jpg HTTP/1.1" 200 148288
172.22.2.4 - - [24/Aug/2023:02:25:01 -0500] "GET /BLA/boletinlegal/ HTTP/1.1" 200 55844
201.245.192.253 - - [24/Aug/2023:02:26:46 -0500] "POST /forms/lservlet;jsessionid=ac16012b30d68f1d81e4dc594f86873896b26f75c7ca.e3iSbxaKaheRe34Rch0Ra3mLchv0n6jAmljGr5XDqQLvpAe HTTP/1.1" 200 2
201.245.192.253 - - [24/Aug/2023:02:27:09 -0500] "POST /forms/lservlet;jsessionid=ac16012b30d649e7a6135ab24c4fa557ab99fbd81b4a.e3iSbxaKaheRe34Rch0Ra3mLchv0n6jAmljGr5XDqQLvpAe HTTP/1.1" 200 2
201.245.192.253 - - [24/Aug/2023:02:27:56 -0500] "POST /kwsrmcab/Wsrmcab  HTTP/1.1" 200 41818
200.118.60.55 - - [24/Aug/2023:02:28:10 -0500] "GET /BLA/resoluciones/index.php?dir=AUTOS+2012%2F HTTP/1.1" 200 276641
201.245.192.253 - - [24/Aug/2023:02:28:46 -0500] "POST /forms/lservlet;jsessionid=ac16012b30d68f1d81e4dc594f86873896b26f75c7ca.e3iSbxaKaheRe34Rch0Ra3mLchv0n6jAmljGr5XDqQLvpAe HTTP/1.1" 200 2
201.245.192.253 - - [24/Aug/2023:02:29:04 -0500] "POST /kwsrmcab/Wsrmcab HTTP/1.1" 200 42998
201.245.192.253 - - [24/Aug/2023:02:29:07 -0500] "POST /kwsrmcab/Wsrmcab HTTP/1.1" 200 41347
201.245.192.253 - - [24/Aug/2023:02:29:09 -0500] "POST /forms/lservlet;jsessionid=ac16012b30d649e7a6135ab24c4fa557ab99fbd81b4a.e3iSbxaKaheRe34Rch0Ra3mLchv0n6jAmljGr5XDqQLvpAe HTTP/1.1" 200 2
216.245.221.92 - - [24/Aug/2023:02:29:33 -0500] "HEAD / HTTP/1.1" 200 -
186.102.114.57 - - [24/Aug/2023:02:30:04 -0500] "GET /inscribete-y-participa-en-la-convencion-internacional-de-emergencia-climatica-bogota-2023.html HTTP/1.1" 200 895
201.245.192.253 - - [24/Aug/2023:02:30:46 -0500] "POST /forms/lservlet;jsessionid=ac16012b30d68f1d81e4dc594f86873896b26f75c7ca.e3iSbxaKaheRe34Rch0Ra3mLchv0n6jAmljGr5XDqQLvpAe HTTP/1.1" 200 2
201.245.192.253 - - [24/Aug/2023:02:31:10 -0500] "POST /forms/lservlet;jsessionid=ac16012b30d649e7a6135ab24c4fa557ab99fbd81b4a.e3iSbxaKaheRe34Rch0Ra3mLchv0n6jAmljGr5XDqQLvpAe HTTP/1.1" 200 2
172.22.2.4 - - [24/Aug/2023:02:30:01 -0500] "HEAD /BLA/boletinlegal/ HTTP/1.1" 200 -
172.22.2.4 - - [24/Aug/2023:02:30:52 -0500] "GET /BLA/boletinlegal/ HTTP/1.1" 200 58597
201.245.192.253 - - [24/Aug/2023:02:32:46 -0500] "POST /forms/lservlet;jsessionid=ac16012b30d68f1d81e4dc594f86873896b26f75c7ca.e3iSbxaKaheRe34Rch0Ra3mLchv0n6jAmljGr5XDqQLvpAe HTTP/1.1" 200 2
190.67.152.250 - - [24/Aug/2023:02:32:52 -0500] "GET /BLA/resoluciones/index.php?dir=AUTOS+2020%2F HTTP/1.1" 200 330405
201.245.192.253 - - [24/Aug/2023:02:32:55 -0500] "POST /kwsrmcab/Wsrmcab  HTTP/1.1" 200 41818
201.245.192.253 - - [24/Aug/2023:02:33:10 -0500] "POST /forms/lservlet;jsessionid=ac16012b30d649e7a6135ab24c4fa557ab99fbd81b4a.e3iSbxaKaheRe34Rch0Ra3mLchv0n6jAmljGr5XDqQLvpAe HTTP/1.1" 200 2
216.245.221.92 - - [24/Aug/2023:02:34:33 -0500] "HEAD / HTTP/1.1" 200 -
201.245.192.253 - - [24/Aug/2023:02:34:46 -0500] "POST /forms/lservlet;jsessionid=ac16012b30d68f1d81e4dc594f86873896b26f75c7ca.e3iSbxaKaheRe34Rch0Ra3mLchv0n6jAmljGr5XDqQLvpAe HTTP/1.1" 200 2
201.245.192.253 - - [24/Aug/2023:02:35:10 -0500] "POST /forms/lservlet;jsessionid=ac16012b30d649e7a6135ab24c4fa557ab99fbd81b4a.e3iSbxaKaheRe34Rch0Ra3mLchv0n6jAmljGr5XDqQLvpAe HTTP/1.1" 200 2
52.167.144.225 - - [24/Aug/2023:02:35:13 -0500] "GET /BLA/resoluciones/AUTOS%202022/3333.pdf HTTP/1.1" 304 -
201.245.192.253 - - [24/Aug/2023:02:36:46 -0500] "POST /forms/lservlet;jsessionid=ac16012b30d68f1d81e4dc594f86873896b26f75c7ca.e3iSbxaKaheRe34Rch0Ra3mLchv0n6jAmljGr5XDqQLvpAe HTTP/1.1" 200 2
201.245.192.253 - - [24/Aug/2023:02:37:10 -0500] "POST /forms/lservlet;jsessionid=ac16012b30d649e7a6135ab24c4fa557ab99fbd81b4a.e3iSbxaKaheRe34Rch0Ra3mLchv0n6jAmljGr5XDqQLvpAe HTTP/1.1" 200 2
172.22.2.4 - - [24/Aug/2023:02:35:51 -0500] "HEAD /BLA/boletinlegal/ HTTP/1.1" 200 -
201.245.192.253 - - [24/Aug/2023:02:37:54 -0500] "POST /kwsrmcab/Wsrmcab  HTTP/1.1" 200 41818
172.22.2.4 - - [24/Aug/2023:02:36:41 -0500] "GET /BLA/boletinlegal/ HTTP/1.1" 200 60692
201.245.192.253 - - [24/Aug/2023:02:38:46 -0500] "POST /forms/lservlet;jsessionid=ac16012b30d68f1d81e4dc594f86873896b26f75c7ca.e3iSbxaKaheRe34Rch0Ra3mLchv0n6jAmljGr5XDqQLvpAe HTTP/1.1" 200 2
114.94.12.10 - - [24/Aug/2023:02:39:01 -0500] "GET /galeria/galeria/fotos/Entrenube3P.jpg HTTP/1.1" 200 8487
201.245.192.253 - - [24/Aug/2023:02:39:05 -0500] "POST /kwsrmcab/Wsrmcab HTTP/1.1" 200 42998
201.245.192.253 - - [24/Aug/2023:02:39:10 -0500] "POST /forms/lservlet;jsessionid=ac16012b30d649e7a6135ab24c4fa557ab99fbd81b4a.e3iSbxaKaheRe34Rch0Ra3mLchv0n6jAmljGr5XDqQLvpAe HTTP/1.1" 200 2
201.245.192.253 - - [24/Aug/2023:02:39:08 -0500] "POST /kwsrmcab/Wsrmcab HTTP/1.1" 200 41347
52.167.144.225 - - [24/Aug/2023:02:39:14 -0500] "GET /BLA/resoluciones/AUTOS%202022/4875.pdf HTTP/1.1" 304 -
216.245.221.92 - - [24/Aug/2023:02:39:33 -0500] "HEAD / HTTP/1.1" 200 -
201.245.192.253 - - [24/Aug/2023:02:40:46 -0500] "POST /forms/lservlet;jsessionid=ac16012b30d68f1d81e4dc594f86873896b26f75c7ca.e3iSbxaKaheRe34Rch0Ra3mLchv0n6jAmljGr5XDqQLvpAe HTTP/1.1" 200 2
172.22.2.4 - - [24/Aug/2023:02:41:03 -0500] "GET /BLA/boletinlegal/jurisprudencia/analisis/AnalisisC-746-12.docx HTTP/1.1" 304 -
201.245.192.253 - - [24/Aug/2023:02:41:10 -0500] "POST /forms/lservlet;jsessionid=ac16012b30d649e7a6135ab24c4fa557ab99fbd81b4a.e3iSbxaKaheRe34Rch0Ra3mLchv0n6jAmljGr5XDqQLvpAe HTTP/1.1" 200 2
201.245.192.253 - - [24/Aug/2023:02:42:46 -0500] "POST /forms/lservlet;jsessionid=ac16012b30d68f1d81e4dc594f86873896b26f75c7ca.e3iSbxaKaheRe34Rch0Ra3mLchv0n6jAmljGr5XDqQLvpAe HTTP/1.1" 200 2
201.245.192.253 - - [24/Aug/2023:02:42:53 -0500] "POST /kwsrmcab/Wsrmcab  HTTP/1.1" 200 41818
201.245.192.253 - - [24/Aug/2023:02:43:10 -0500] "POST /forms/lservlet;jsessionid=ac16012b30d649e7a6135ab24c4fa557ab99fbd81b4a.e3iSbxaKaheRe34Rch0Ra3mLchv0n6jAmljGr5XDqQLvpAe HTTP/1.1" 200 2
172.22.2.4 - - [24/Aug/2023:02:41:41 -0500] "HEAD /BLA/boletinlegal/ HTTP/1.1" 200 -
66.249.70.7 - - [24/Aug/2023:02:43:31 -0500] "GET /arcgis/services/Calidad_del_Agua_WQI/MapServer/WMSServer? HTTP/1.1" 503 1020
181.132.213.221 - - [24/Aug/2023:02:43:35 -0500] "GET /inscribete-y-participa-en-la-convencion-internacional-de-emergencia-climatica-bogota-2023.html HTTP/1.1" 200 895
172.22.2.4 - - [24/Aug/2023:02:42:31 -0500] "GET /BLA/boletinlegal/ HTTP/1.1" 200 58187
216.245.221.92 - - [24/Aug/2023:02:44:33 -0500] "HEAD / HTTP/1.1" 200 -
201.245.192.253 - - [24/Aug/2023:02:44:46 -0500] "POST /forms/lservlet;jsessionid=ac16012b30d68f1d81e4dc594f86873896b26f75c7ca.e3iSbxaKaheRe34Rch0Ra3mLchv0n6jAmljGr5XDqQLvpAe HTTP/1.1" 200 2
201.245.192.253 - - [24/Aug/2023:02:45:10 -0500] "POST /forms/lservlet;jsessionid=ac16012b30d649e7a6135ab24c4fa557ab99fbd81b4a.e3iSbxaKaheRe34Rch0Ra3mLchv0n6jAmljGr5XDqQLvpAe HTTP/1.1" 200 2
66.249.66.192 - - [24/Aug/2023:02:45:36 -0500] "GET /entrenubes-raton-de-montana-se-alimenta-de-hongos-presentes-en-este-ecosistema-del-suroriente-de-bogota.html HTTP/1.1" 304 -
201.245.192.253 - - [24/Aug/2023:02:46:46 -0500] "POST /forms/lservlet;jsessionid=ac16012b30d68f1d81e4dc594f86873896b26f75c7ca.e3iSbxaKaheRe34Rch0Ra3mLchv0n6jAmljGr5XDqQLvpAe HTTP/1.1" 200 2
201.245.192.253 - - [24/Aug/2023:02:47:10 -0500] "POST /forms/lservlet;jsessionid=ac16012b30d649e7a6135ab24c4fa557ab99fbd81b4a.e3iSbxaKaheRe34Rch0Ra3mLchv0n6jAmljGr5XDqQLvpAe HTTP/1.1" 200 2
172.22.2.4 - - [24/Aug/2023:02:46:38 -0500] "GET /BLA/boletinlegal/ HTTP/1.1" 200 32715
66.249.70.5 - - [24/Aug/2023:02:47:29 -0500] "GET /arcgis/services/Calidad_del_Agua_WQI/MapServer/WMSServer? HTTP/1.1" 503 1020
201.245.192.253 - - [24/Aug/2023:02:47:52 -0500] "POST /kwsrmcab/Wsrmcab  HTTP/1.1" 200 41818
201.245.192.253 - - [24/Aug/2023:02:48:46 -0500] "POST /forms/lservlet;jsessionid=ac16012b30d68f1d81e4dc594f86873896b26f75c7ca.e3iSbxaKaheRe34Rch0Ra3mLchv0n6jAmljGr5XDqQLvpAe HTTP/1.1" 200 2
201.245.192.253 - - [24/Aug/2023:02:49:10 -0500] "POST /forms/lservlet;jsessionid=ac16012b30d649e7a6135ab24c4fa557ab99fbd81b4a.e3iSbxaKaheRe34Rch0Ra3mLchv0n6jAmljGr5XDqQLvpAe HTTP/1.1" 200 2
172.22.2.4 - - [24/Aug/2023:02:47:31 -0500] "HEAD /BLA/boletinlegal/ HTTP/1.1" 200 -
216.245.221.92 - - [24/Aug/2023:02:49:33 -0500] "HEAD / HTTP/1.1" 200 -
172.22.2.4 - - [24/Aug/2023:02:48:21 -0500] "GET /BLA/boletinlegal/ HTTP/1.1" 200 60692
201.245.192.253 - - [24/Aug/2023:02:50:46 -0500] "POST /forms/lservlet;jsessionid=ac16012b30d68f1d81e4dc594f86873896b26f75c7ca.e3iSbxaKaheRe34Rch0Ra3mLchv0n6jAmljGr5XDqQLvpAe HTTP/1.1" 200 2
201.245.192.253 - - [24/Aug/2023:02:51:10 -0500] "POST /forms/lservlet;jsessionid=ac16012b30d649e7a6135ab24c4fa557ab99fbd81b4a.e3iSbxaKaheRe34Rch0Ra3mLchv0n6jAmljGr5XDqQLvpAe HTTP/1.1" 200 2
201.245.192.253 - - [24/Aug/2023:02:52:46 -0500] "POST /forms/lservlet;jsessionid=ac16012b30d68f1d81e4dc594f86873896b26f75c7ca.e3iSbxaKaheRe34Rch0Ra3mLchv0n6jAmljGr5XDqQLvpAe HTTP/1.1" 200 2
201.245.192.253 - - [24/Aug/2023:02:52:51 -0500] "POST /kwsrmcab/Wsrmcab  HTTP/1.1" 200 41818
201.245.192.253 - - [24/Aug/2023:02:53:10 -0500] "POST /forms/lservlet;jsessionid=ac16012b30d649e7a6135ab24c4fa557ab99fbd81b4a.e3iSbxaKaheRe34Rch0Ra3mLchv0n6jAmljGr5XDqQLvpAe HTTP/1.1" 200 2
216.245.221.92 - - [24/Aug/2023:02:54:33 -0500] "HEAD / HTTP/1.1" 200 -
201.245.192.253 - - [24/Aug/2023:02:54:46 -0500] "POST /forms/lservlet;jsessionid=ac16012b30d68f1d81e4dc594f86873896b26f75c7ca.e3iSbxaKaheRe34Rch0Ra3mLchv0n6jAmljGr5XDqQLvpAe HTTP/1.1" 200 2
172.22.2.4 - - [24/Aug/2023:02:53:21 -0500] "HEAD /BLA/boletinlegal/ HTTP/1.1" 200 -
201.245.192.253 - - [24/Aug/2023:02:55:10 -0500] "POST /forms/lservlet;jsessionid=ac16012b30d649e7a6135ab24c4fa557ab99fbd81b4a.e3iSbxaKaheRe34Rch0Ra3mLchv0n6jAmljGr5XDqQLvpAe HTTP/1.1" 200 2
172.22.2.4 - - [24/Aug/2023:02:54:11 -0500] "GET /BLA/boletinlegal/ HTTP/1.1" 200 53013
191.156.178.226 - - [24/Aug/2023:02:56:23 -0500] "GET /bogota-empieza-la-consolidacion-de-la-estrategia-de-bosques-urbanos-con-el-brazo-salitre-en-barrios-unidos.html?utm_source=Meta_DIGI&utm_medium=CPV&utm_campaign=BosquesUrbanos&utm_id=Agosto_2023&fbclid=IwAR12XIB79kfOJKA7AZV50CyFNbMJgVDQUSxULQkOJa20HwpMavGA8ORW92w_aem_AUUsadspC1PN_H8ONF-Z0FmSpltdj3aK_RunmH9BQFBCwdkb-Oad2bp-9bQp_LABhwhoewzIhja_NuaA7ddRMxtJ HTTP/1.1" 200 892
46.101.195.176 - - [24/Aug/2023:02:56:46 -0500] "GET / HTTP/1.1" 200 319
201.245.192.253 - - [24/Aug/2023:02:56:46 -0500] "POST /forms/lservlet;jsessionid=ac16012b30d68f1d81e4dc594f86873896b26f75c7ca.e3iSbxaKaheRe34Rch0Ra3mLchv0n6jAmljGr5XDqQLvpAe HTTP/1.1" 200 2
201.245.192.253 - - [24/Aug/2023:02:57:10 -0500] "POST /forms/lservlet;jsessionid=ac16012b30d649e7a6135ab24c4fa557ab99fbd81b4a.e3iSbxaKaheRe34Rch0Ra3mLchv0n6jAmljGr5XDqQLvpAe HTTP/1.1" 200 2
201.245.192.253 - - [24/Aug/2023:02:57:50 -0500] "POST /kwsrmcab/Wsrmcab  HTTP/1.1" 200 41818
201.245.192.253 - - [24/Aug/2023:02:58:46 -0500] "POST /forms/lservlet;jsessionid=ac16012b30d68f1d81e4dc594f86873896b26f75c7ca.e3iSbxaKaheRe34Rch0Ra3mLchv0n6jAmljGr5XDqQLvpAe HTTP/1.1" 200 2
172.22.2.4 - - [24/Aug/2023:02:57:07 -0500] "GET /BLA/boletinlegal/ HTTP/1.1" 200 62795
201.245.192.253 - - [24/Aug/2023:02:59:10 -0500] "POST /forms/lservlet;jsessionid=ac16012b30d649e7a6135ab24c4fa557ab99fbd81b4a.e3iSbxaKaheRe34Rch0Ra3mLchv0n6jAmljGr5XDqQLvpAe HTTP/1.1" 200 2
216.245.221.92 - - [24/Aug/2023:02:59:33 -0500] "HEAD / HTTP/1.1" 200 -
34.229.89.59 - - [24/Aug/2023:03:00:12 -0500] "GET /inscribete-y-participa-en-la-convencion-internacional-de-emergencia-climatica-bogota-2023.html HTTP/1.1" 200 895
34.229.89.59 - - [24/Aug/2023:03:00:13 -0500] "GET /mejora-tu-bienestar-con-las-caminatas-ecologicas-%C3%82%C2%A1conoce-la-programacion-de-agosto.html HTTP/1.1" 200 873
201.245.192.253 - - [24/Aug/2023:03:00:46 -0500] "POST /forms/lservlet;jsessionid=ac16012b30d68f1d81e4dc594f86873896b26f75c7ca.e3iSbxaKaheRe34Rch0Ra3mLchv0n6jAmljGr5XDqQLvpAe HTTP/1.1" 200 2
34.229.89.59 - - [24/Aug/2023:03:00:46 -0500] "GET /portaldeninos/ HTTP/1.1" 200 110175
172.22.2.4 - - [24/Aug/2023:02:59:11 -0500] "HEAD /BLA/boletinlegal/ HTTP/1.1" 200 -
172.22.2.4 - - [24/Aug/2023:03:00:51 -0500] "GET /BLA/boletinlegal/actos.php HTTP/1.1" 200 9682
201.245.192.253 - - [24/Aug/2023:03:01:10 -0500] "POST /forms/lservlet;jsessionid=ac16012b30d649e7a6135ab24c4fa557ab99fbd81b4a.e3iSbxaKaheRe34Rch0Ra3mLchv0n6jAmljGr5XDqQLvpAe HTTP/1.1" 200 2
172.22.2.4 - - [24/Aug/2023:03:00:01 -0500] "GET /BLA/boletinlegal/ HTTP/1.1" 200 52656
162.216.149.109 - - [24/Aug/2023:03:02:36 -0500] "GET / HTTP/1.1" 200 319
201.245.192.253 - - [24/Aug/2023:03:02:46 -0500] "POST /forms/lservlet;jsessionid=ac16012b30d68f1d81e4dc594f86873896b26f75c7ca.e3iSbxaKaheRe34Rch0Ra3mLchv0n6jAmljGr5XDqQLvpAe HTTP/1.1" 200 2
201.245.192.253 - - [24/Aug/2023:03:02:49 -0500] "POST /kwsrmcab/Wsrmcab  HTTP/1.1" 200 41818
201.245.192.253 - - [24/Aug/2023:03:03:10 -0500] "POST /forms/lservlet;jsessionid=ac16012b30d649e7a6135ab24c4fa557ab99fbd81b4a.e3iSbxaKaheRe34Rch0Ra3mLchv0n6jAmljGr5XDqQLvpAe HTTP/1.1" 200 2
172.22.2.4 - - [24/Aug/2023:03:02:12 -0500] "GET /BLA/boletinlegal/ HTTP/1.1" 200 53195
216.245.221.92 - - [24/Aug/2023:03:04:33 -0500] "HEAD / HTTP/1.1" 200 -
201.245.192.253 - - [24/Aug/2023:03:04:46 -0500] "POST /forms/lservlet;jsessionid=ac16012b30d68f1d81e4dc594f86873896b26f75c7ca.e3iSbxaKaheRe34Rch0Ra3mLchv0n6jAmljGr5XDqQLvpAe HTTP/1.1" 200 2
201.245.192.253 - - [24/Aug/2023:03:05:10 -0500] "POST /forms/lservlet;jsessionid=ac16012b30d649e7a6135ab24c4fa557ab99fbd81b4a.e3iSbxaKaheRe34Rch0Ra3mLchv0n6jAmljGr5XDqQLvpAe HTTP/1.1" 200 2
172.22.2.4 - - [24/Aug/2023:03:05:01 -0500] "HEAD /BLA/boletinlegal/ HTTP/1.1" 200 -
201.245.192.253 - - [24/Aug/2023:03:06:46 -0500] "POST /forms/lservlet;jsessionid=ac16012b30d68f1d81e4dc594f86873896b26f75c7ca.e3iSbxaKaheRe34Rch0Ra3mLchv0n6jAmljGr5XDqQLvpAe HTTP/1.1" 200 2
201.245.192.253 - - [24/Aug/2023:03:07:10 -0500] "POST /forms/lservlet;jsessionid=ac16012b30d649e7a6135ab24c4fa557ab99fbd81b4a.e3iSbxaKaheRe34Rch0Ra3mLchv0n6jAmljGr5XDqQLvpAe HTTP/1.1" 200 2
172.22.2.4 - - [24/Aug/2023:03:05:51 -0500] "GET /BLA/boletinlegal/ HTTP/1.1" 200 58187
201.245.192.253 - - [24/Aug/2023:03:07:48 -0500] "POST /kwsrmcab/Wsrmcab  HTTP/1.1" 200 41818
201.245.192.253 - - [24/Aug/2023:03:08:46 -0500] "POST /forms/lservlet;jsessionid=ac16012b30d68f1d81e4dc594f86873896b26f75c7ca.e3iSbxaKaheRe34Rch0Ra3mLchv0n6jAmljGr5XDqQLvpAe HTTP/1.1" 200 2
201.245.192.253 - - [24/Aug/2023:03:09:10 -0500] "POST /forms/lservlet;jsessionid=ac16012b30d649e7a6135ab24c4fa557ab99fbd81b4a.e3iSbxaKaheRe34Rch0Ra3mLchv0n6jAmljGr5XDqQLvpAe HTTP/1.1" 200 2
216.245.221.92 - - [24/Aug/2023:03:09:33 -0500] "HEAD / HTTP/1.1" 200 -
201.245.192.253 - - [24/Aug/2023:03:10:46 -0500] "POST /forms/lservlet;jsessionid=ac16012b30d68f1d81e4dc594f86873896b26f75c7ca.e3iSbxaKaheRe34Rch0Ra3mLchv0n6jAmljGr5XDqQLvpAe HTTP/1.1" 200 2
201.245.192.253 - - [24/Aug/2023:03:11:10 -0500] "POST /forms/lservlet;jsessionid=ac16012b30d649e7a6135ab24c4fa557ab99fbd81b4a.e3iSbxaKaheRe34Rch0Ra3mLchv0n6jAmljGr5XDqQLvpAe HTTP/1.1" 200 2
172.22.2.4 - - [24/Aug/2023:03:10:51 -0500] "HEAD /BLA/boletinlegal/ HTTP/1.1" 200 -
201.245.192.253 - - [24/Aug/2023:03:12:46 -0500] "POST /forms/lservlet;jsessionid=ac16012b30d68f1d81e4dc594f86873896b26f75c7ca.e3iSbxaKaheRe34Rch0Ra3mLchv0n6jAmljGr5XDqQLvpAe HTTP/1.1" 200 2
201.245.192.253 - - [24/Aug/2023:03:12:46 -0500] "POST /kwsrmcab/Wsrmcab  HTTP/1.1" 200 41818
201.245.192.253 - - [24/Aug/2023:03:13:10 -0500] "POST /forms/lservlet;jsessionid=ac16012b30d649e7a6135ab24c4fa557ab99fbd81b4a.e3iSbxaKaheRe34Rch0Ra3mLchv0n6jAmljGr5XDqQLvpAe HTTP/1.1" 200 2
172.22.2.4 - - [24/Aug/2023:03:11:41 -0500] "GET /BLA/boletinlegal/ HTTP/1.1" 200 58597
66.249.66.193 - - [24/Aug/2023:03:14:14 -0500] "GET /con-actividades-de-educacion-ambiental-cuidado-y-embellecimiento-bogota-celebro-el-dia-mundial-de-la-tierra.html HTTP/1.1" 304 -
216.245.221.92 - - [24/Aug/2023:03:14:33 -0500] "HEAD / HTTP/1.1" 200 -
201.245.192.253 - - [24/Aug/2023:03:14:46 -0500] "POST /forms/lservlet;jsessionid=ac16012b30d68f1d81e4dc594f86873896b26f75c7ca.e3iSbxaKaheRe34Rch0Ra3mLchv0n6jAmljGr5XDqQLvpAe HTTP/1.1" 200 2
201.245.192.253 - - [24/Aug/2023:03:15:10 -0500] "POST /forms/lservlet;jsessionid=ac16012b30d649e7a6135ab24c4fa557ab99fbd81b4a.e3iSbxaKaheRe34Rch0Ra3mLchv0n6jAmljGr5XDqQLvpAe HTTP/1.1" 200 2
201.245.192.253 - - [24/Aug/2023:03:16:46 -0500] "POST /forms/lservlet;jsessionid=ac16012b30d68f1d81e4dc594f86873896b26f75c7ca.e3iSbxaKaheRe34Rch0Ra3mLchv0n6jAmljGr5XDqQLvpAe HTTP/1.1" 200 2
172.22.2.4 - - [24/Aug/2023:03:16:04 -0500] "GET /BLA/boletinlegal/ HTTP/1.1" 200 36811
201.245.192.253 - - [24/Aug/2023:03:17:10 -0500] "POST /forms/lservlet;jsessionid=ac16012b30d649e7a6135ab24c4fa557ab99fbd81b4a.e3iSbxaKaheRe34Rch0Ra3mLchv0n6jAmljGr5XDqQLvpAe HTTP/1.1" 200 2
172.22.2.4 - - [24/Aug/2023:03:17:45 -0500] "GET /BLA/boletinlegal/js/jquery.scrollTo-min.js HTTP/1.1" 200 1150
172.22.2.4 - - [24/Aug/2023:03:17:46 -0500] "GET /BLA/boletinlegal/js/jquery.scrollShow.js HTTP/1.1" 200 4586
201.245.192.253 - - [24/Aug/2023:03:17:46 -0500] "POST /kwsrmcab/Wsrmcab  HTTP/1.1" 200 41818
181.78.23.210 - - [24/Aug/2023:03:18:10 -0500] "GET /inscribete-y-participa-en-la-convencion-internacional-de-emergencia-climatica-bogota-2023.html HTTP/1.1" 200 895
191.156.47.6 - - [24/Aug/2023:03:18:17 -0500] "GET /inscribete-y-participa-en-la-convencion-internacional-de-emergencia-climatica-bogota-2023.html HTTP/1.1" 200 895
172.22.2.4 - - [24/Aug/2023:03:16:41 -0500] "HEAD /BLA/boletinlegal/ HTTP/1.1" 200 -
201.245.192.253 - - [24/Aug/2023:03:18:46 -0500] "POST /forms/lservlet;jsessionid=ac16012b30d68f1d81e4dc594f86873896b26f75c7ca.e3iSbxaKaheRe34Rch0Ra3mLchv0n6jAmljGr5XDqQLvpAe HTTP/1.1" 200 2
201.245.192.253 - - [24/Aug/2023:03:19:04 -0500] "POST /kwsrmcab/Wsrmcab HTTP/1.1" 200 42687
201.245.192.253 - - [24/Aug/2023:03:19:10 -0500] "POST /forms/lservlet;jsessionid=ac16012b30d649e7a6135ab24c4fa557ab99fbd81b4a.e3iSbxaKaheRe34Rch0Ra3mLchv0n6jAmljGr5XDqQLvpAe HTTP/1.1" 200 2
201.245.192.253 - - [24/Aug/2023:03:19:07 -0500] "POST /kwsrmcab/Wsrmcab HTTP/1.1" 200 41364
172.22.2.4 - - [24/Aug/2023:03:17:31 -0500] "GET /BLA/boletinlegal/ HTTP/1.1" 200 58187
66.249.70.5 - - [24/Aug/2023:03:19:25 -0500] "GET /BLA/resoluciones/Notificaciones/RESOLUCIONES%202022/5244.pdf HTTP/1.1" 304 -
52.167.144.222 - - [24/Aug/2023:03:19:28 -0500] "GET /Publicaciones/2023EE95790.pdf HTTP/1.1" 404 227
20.27.20.19 - - [24/Aug/2023:03:19:31 -0500] "GET /Publicaciones/2023EE95790.pdf HTTP/1.1" 404 227
216.245.221.92 - - [24/Aug/2023:03:19:33 -0500] "HEAD / HTTP/1.1" 200 -
201.245.192.253 - - [24/Aug/2023:03:20:46 -0500] "POST /forms/lservlet;jsessionid=ac16012b30d68f1d81e4dc594f86873896b26f75c7ca.e3iSbxaKaheRe34Rch0Ra3mLchv0n6jAmljGr5XDqQLvpAe HTTP/1.1" 200 2
201.245.192.253 - - [24/Aug/2023:03:21:10 -0500] "POST /forms/lservlet;jsessionid=ac16012b30d649e7a6135ab24c4fa557ab99fbd81b4a.e3iSbxaKaheRe34Rch0Ra3mLchv0n6jAmljGr5XDqQLvpAe HTTP/1.1" 200 2
201.245.192.253 - - [24/Aug/2023:03:22:46 -0500] "POST /forms/lservlet;jsessionid=ac16012b30d68f1d81e4dc594f86873896b26f75c7ca.e3iSbxaKaheRe34Rch0Ra3mLchv0n6jAmljGr5XDqQLvpAe HTTP/1.1" 200 2
201.245.192.253 - - [24/Aug/2023:03:22:45 -0500] "POST /kwsrmcab/Wsrmcab  HTTP/1.1" 200 41818
201.245.192.253 - - [24/Aug/2023:03:23:10 -0500] "POST /forms/lservlet;jsessionid=ac16012b30d649e7a6135ab24c4fa557ab99fbd81b4a.e3iSbxaKaheRe34Rch0Ra3mLchv0n6jAmljGr5XDqQLvpAe HTTP/1.1" 200 2
172.22.2.4 - - [24/Aug/2023:03:22:31 -0500] "HEAD /BLA/boletinlegal/ HTTP/1.1" 200 -
216.245.221.92 - - [24/Aug/2023:03:24:33 -0500] "HEAD / HTTP/1.1" 200 -
201.245.192.253 - - [24/Aug/2023:03:24:46 -0500] "POST /forms/lservlet;jsessionid=ac16012b30d68f1d81e4dc594f86873896b26f75c7ca.e3iSbxaKaheRe34Rch0Ra3mLchv0n6jAmljGr5XDqQLvpAe HTTP/1.1" 200 2
172.22.2.4 - - [24/Aug/2023:03:23:21 -0500] "GET /BLA/boletinlegal/ HTTP/1.1" 200 60692
66.249.70.6 - - [24/Aug/2023:03:25:06 -0500] "GET /BLA/resoluciones/RESOLUCIONES%202007/RES%202007%20201%20AL%20300/RESOLUCION%200260%20DE%202007.pdf HTTP/1.1" 200 427009
201.245.192.253 - - [24/Aug/2023:03:25:10 -0500] "POST /forms/lservlet;jsessionid=ac16012b30d649e7a6135ab24c4fa557ab99fbd81b4a.e3iSbxaKaheRe34Rch0Ra3mLchv0n6jAmljGr5XDqQLvpAe HTTP/1.1" 200 2
66.249.70.5 - - [24/Aug/2023:03:26:20 -0500] "GET /portel_dama/libreria/php/2006/restauracion/22_proye/xtras_in/2a.pdf HTTP/1.1" 404 1018
172.22.2.4 - - [24/Aug/2023:03:26:38 -0500] "GET /BLA/boletinlegal/normativa.php HTTP/1.1" 200 8343
201.245.192.253 - - [24/Aug/2023:03:26:46 -0500] "POST /forms/lservlet;jsessionid=ac16012b30d68f1d81e4dc594f86873896b26f75c7ca.e3iSbxaKaheRe34Rch0Ra3mLchv0n6jAmljGr5XDqQLvpAe HTTP/1.1" 200 2
201.245.192.253 - - [24/Aug/2023:03:27:10 -0500] "POST /forms/lservlet;jsessionid=ac16012b30d649e7a6135ab24c4fa557ab99fbd81b4a.e3iSbxaKaheRe34Rch0Ra3mLchv0n6jAmljGr5XDqQLvpAe HTTP/1.1" 200 2
201.245.192.253 - - [24/Aug/2023:03:27:44 -0500] "POST /kwsrmcab/Wsrmcab  HTTP/1.1" 200 41818
66.249.70.6 - - [24/Aug/2023:03:28:20 -0500] "GET /BLA/resoluciones/RESOLUCIONES%202010/4900.pdf HTTP/1.1" 200 753573
201.245.192.253 - - [24/Aug/2023:03:28:46 -0500] "POST /forms/lservlet;jsessionid=ac16012b30d68f1d81e4dc594f86873896b26f75c7ca.e3iSbxaKaheRe34Rch0Ra3mLchv0n6jAmljGr5XDqQLvpAe HTTP/1.1" 200 2
201.245.192.253 - - [24/Aug/2023:03:29:03 -0500] "POST /kwsrmcab/Wsrmcab HTTP/1.1" 200 42687
201.245.192.253 - - [24/Aug/2023:03:29:07 -0500] "POST /kwsrmcab/Wsrmcab HTTP/1.1" 200 41364
201.245.192.253 - - [24/Aug/2023:03:29:10 -0500] "POST /forms/lservlet;jsessionid=ac16012b30d649e7a6135ab24c4fa557ab99fbd81b4a.e3iSbxaKaheRe34Rch0Ra3mLchv0n6jAmljGr5XDqQLvpAe HTTP/1.1" 200 2
66.249.70.7 - - [24/Aug/2023:03:29:17 -0500] "GET /BLA/resoluciones/RESOLUCIONES%202013/1188.pdf HTTP/1.1" 200 427655
216.245.221.92 - - [24/Aug/2023:03:29:33 -0500] "HEAD / HTTP/1.1" 200 -
172.22.2.4 - - [24/Aug/2023:03:28:21 -0500] "HEAD /BLA/boletinlegal/ HTTP/1.1" 200 -
66.249.66.193 - - [24/Aug/2023:03:30:36 -0500] "GET /el-ejemplo-comienza-por-casa-alcaldia-de-bogota-expide-decreto-para-reducir-plasticos-de-un-solo-uso-en-las-entidades-del-distrito.html HTTP/1.1" 304 -
201.245.192.253 - - [24/Aug/2023:03:30:46 -0500] "POST /forms/lservlet;jsessionid=ac16012b30d68f1d81e4dc594f86873896b26f75c7ca.e3iSbxaKaheRe34Rch0Ra3mLchv0n6jAmljGr5XDqQLvpAe HTTP/1.1" 200 2
172.22.2.4 - - [24/Aug/2023:03:29:13 -0500] "GET /BLA/boletinlegal/ HTTP/1.1" 200 58187
201.245.192.253 - - [24/Aug/2023:03:31:10 -0500] "POST /forms/lservlet;jsessionid=ac16012b30d649e7a6135ab24c4fa557ab99fbd81b4a.e3iSbxaKaheRe34Rch0Ra3mLchv0n6jAmljGr5XDqQLvpAe HTTP/1.1" 200 2
201.245.192.253 - - [24/Aug/2023:03:32:43 -0500] "POST /kwsrmcab/Wsrmcab  HTTP/1.1" 200 41818
201.245.192.253 - - [24/Aug/2023:03:32:46 -0500] "POST /forms/lservlet;jsessionid=ac16012b30d68f1d81e4dc594f86873896b26f75c7ca.e3iSbxaKaheRe34Rch0Ra3mLchv0n6jAmljGr5XDqQLvpAe HTTP/1.1" 200 2
201.245.192.253 - - [24/Aug/2023:03:33:10 -0500] "POST /forms/lservlet;jsessionid=ac16012b30d649e7a6135ab24c4fa557ab99fbd81b4a.e3iSbxaKaheRe34Rch0Ra3mLchv0n6jAmljGr5XDqQLvpAe HTTP/1.1" 200 2
172.22.2.4 - - [24/Aug/2023:03:33:54 -0500] "GET /BLA/boletinlegal/Directivas/2019/Directiva%20No.%200001%20del%2011%20de%20junio%20de%202019.pdf HTTP/1.1" 304 -
216.245.221.92 - - [24/Aug/2023:03:34:33 -0500] "HEAD / HTTP/1.1" 200 -
201.245.192.253 - - [24/Aug/2023:03:34:46 -0500] "POST /forms/lservlet;jsessionid=ac16012b30d68f1d81e4dc594f86873896b26f75c7ca.e3iSbxaKaheRe34Rch0Ra3mLchv0n6jAmljGr5XDqQLvpAe HTTP/1.1" 200 2
201.245.192.253 - - [24/Aug/2023:03:35:10 -0500] "POST /forms/lservlet;jsessionid=ac16012b30d649e7a6135ab24c4fa557ab99fbd81b4a.e3iSbxaKaheRe34Rch0Ra3mLchv0n6jAmljGr5XDqQLvpAe HTTP/1.1" 200 2
66.249.70.7 - - [24/Aug/2023:03:35:19 -0500] "GET /BLA/resoluciones/RESOLUCIONES%202010/6043.pdf HTTP/1.1" 200 677303
66.249.70.5 - - [24/Aug/2023:03:35:52 -0500] "GET /portel_dama/libreria/php/2006/ECOSISTEMAS%20FINAL%20web_mz27/xxxxx%20incendios/sitio/xtras/2.pdf HTTP/1.1" 404 1018
172.22.2.4 - - [24/Aug/2023:03:34:13 -0500] "HEAD /BLA/boletinlegal/ HTTP/1.1" 200 -
172.22.2.4 - - [24/Aug/2023:03:35:03 -0500] "GET /BLA/boletinlegal/ HTTP/1.1" 200 58981
201.245.192.253 - - [24/Aug/2023:03:36:46 -0500] "POST /forms/lservlet;jsessionid=ac16012b30d68f1d81e4dc594f86873896b26f75c7ca.e3iSbxaKaheRe34Rch0Ra3mLchv0n6jAmljGr5XDqQLvpAe HTTP/1.1" 200 2
66.249.70.6 - - [24/Aug/2023:03:36:55 -0500] "GET /BLA/resoluciones/RESOLUCIONES%202009/1317.pdf HTTP/1.1" 200 414750
201.245.192.253 - - [24/Aug/2023:03:37:10 -0500] "POST /forms/lservlet;jsessionid=ac16012b30d649e7a6135ab24c4fa557ab99fbd81b4a.e3iSbxaKaheRe34Rch0Ra3mLchv0n6jAmljGr5XDqQLvpAe HTTP/1.1" 200 2
201.245.192.253 - - [24/Aug/2023:03:37:42 -0500] "POST /kwsrmcab/Wsrmcab  HTTP/1.1" 200 41818
66.249.70.6 - - [24/Aug/2023:03:38:38 -0500] "GET /BLA/resoluciones/RESOLUCIONES%202010/RESOLUCION%20326%20DE%202010.PDF HTTP/1.1" 200 31656
201.245.192.253 - - [24/Aug/2023:03:38:46 -0500] "POST /forms/lservlet;jsessionid=ac16012b30d68f1d81e4dc594f86873896b26f75c7ca.e3iSbxaKaheRe34Rch0Ra3mLchv0n6jAmljGr5XDqQLvpAe HTTP/1.1" 200 2
201.245.192.253 - - [24/Aug/2023:03:39:04 -0500] "POST /kwsrmcab/Wsrmcab HTTP/1.1" 200 42687
201.245.192.253 - - [24/Aug/2023:03:39:10 -0500] "POST /forms/lservlet;jsessionid=ac16012b30d649e7a6135ab24c4fa557ab99fbd81b4a.e3iSbxaKaheRe34Rch0Ra3mLchv0n6jAmljGr5XDqQLvpAe HTTP/1.1" 200 2
201.245.192.253 - - [24/Aug/2023:03:39:07 -0500] "POST /kwsrmcab/Wsrmcab HTTP/1.1" 200 41364
216.245.221.92 - - [24/Aug/2023:03:39:33 -0500] "HEAD / HTTP/1.1" 200 -
188.165.87.109 - - [24/Aug/2023:03:39:53 -0500] "GET /Autoliquidacion/ HTTP/1.1" 200 7098
188.165.87.99 - - [24/Aug/2023:03:39:53 -0500] "GET /catalogoisis/ HTTP/1.1" 200 8575
52.167.144.16 - - [24/Aug/2023:03:40:09 -0500] "GET /Publicaciones/2023EE119263.pdf HTTP/1.1" 404 228
188.165.87.110 - - [24/Aug/2023:03:39:53 -0500] "GET /BLA/boletinlegal/ HTTP/1.1" 200 24523
66.249.70.5 - - [24/Aug/2023:03:40:39 -0500] "GET /BLA/resoluciones/RESOLUCIONES%202008/5531.pdf HTTP/1.1" 200 237080
201.245.192.253 - - [24/Aug/2023:03:40:46 -0500] "POST /forms/lservlet;jsessionid=ac16012b30d68f1d81e4dc594f86873896b26f75c7ca.e3iSbxaKaheRe34Rch0Ra3mLchv0n6jAmljGr5XDqQLvpAe HTTP/1.1" 200 2
201.245.192.253 - - [24/Aug/2023:03:41:10 -0500] "POST /forms/lservlet;jsessionid=ac16012b30d649e7a6135ab24c4fa557ab99fbd81b4a.e3iSbxaKaheRe34Rch0Ra3mLchv0n6jAmljGr5XDqQLvpAe HTTP/1.1" 200 2
52.167.144.43 - - [24/Aug/2023:03:41:17 -0500] "GET /appsia/controlador HTTP/1.1" 200 4799
40.77.167.208 - - [24/Aug/2023:03:41:29 -0500] "GET /appsia/scripts/validarIngreso.js HTTP/1.1" 200 851
52.167.144.16 - - [24/Aug/2023:03:41:33 -0500] "GET /appsia/css/estilos.css HTTP/1.1" 200 4804
172.22.2.4 - - [24/Aug/2023:03:40:03 -0500] "HEAD /BLA/boletinlegal/ HTTP/1.1" 200 -
172.22.2.4 - - [24/Aug/2023:03:40:53 -0500] "GET /BLA/boletinlegal/ HTTP/1.1" 200 52656
201.245.192.253 - - [24/Aug/2023:03:42:41 -0500] "POST /kwsrmcab/Wsrmcab  HTTP/1.1" 200 41818
201.245.192.253 - - [24/Aug/2023:03:42:46 -0500] "POST /forms/lservlet;jsessionid=ac16012b30d68f1d81e4dc594f86873896b26f75c7ca.e3iSbxaKaheRe34Rch0Ra3mLchv0n6jAmljGr5XDqQLvpAe HTTP/1.1" 200 2
201.245.192.253 - - [24/Aug/2023:03:43:10 -0500] "POST /forms/lservlet;jsessionid=ac16012b30d649e7a6135ab24c4fa557ab99fbd81b4a.e3iSbxaKaheRe34Rch0Ra3mLchv0n6jAmljGr5XDqQLvpAe HTTP/1.1" 200 2
216.245.221.92 - - [24/Aug/2023:03:44:33 -0500] "HEAD / HTTP/1.1" 200 -
69.63.189.5 - - [24/Aug/2023:03:44:42 -0500] "GET /images/Sumapaz.jpg HTTP/1.1" 200 84378
201.245.192.253 - - [24/Aug/2023:03:44:46 -0500] "POST /forms/lservlet;jsessionid=ac16012b30d68f1d81e4dc594f86873896b26f75c7ca.e3iSbxaKaheRe34Rch0Ra3mLchv0n6jAmljGr5XDqQLvpAe HTTP/1.1" 200 2
201.245.192.253 - - [24/Aug/2023:03:45:10 -0500] "POST /forms/lservlet;jsessionid=ac16012b30d649e7a6135ab24c4fa557ab99fbd81b4a.e3iSbxaKaheRe34Rch0Ra3mLchv0n6jAmljGr5XDqQLvpAe HTTP/1.1" 200 2
52.167.144.212 - - [24/Aug/2023:03:46:02 -0500] "GET /portaldeninos/2019/08/05/ruido/ HTTP/1.1" 200 92818
207.46.13.215 - - [24/Aug/2023:03:46:18 -0500] "GET /portaldeninos/wp-content/plugins/gallery-videos/CSS/Total-Soft-Gallery-Video-Widget.css?ver=4.9.8 HTTP/1.1" 200 51554
207.46.13.215 - - [24/Aug/2023:03:46:19 -0500] "GET /portaldeninos/wp-content/plugins/gallery-videos/CSS/totalsoft.css?ver=4.9.8 HTTP/1.1" 200 40622
207.46.13.215 - - [24/Aug/2023:03:46:19 -0500] "GET /portaldeninos/wp-content/plugins/gallery-videos/JS/modernizr.custom.js?ver=4.9.8 HTTP/1.1" 200 9019
207.46.13.215 - - [24/Aug/2023:03:46:19 -0500] "GET /portaldeninos/wp-content/themes/betheme/assets/jplayer/css/jplayer.blue.monday.css?ver=20.9.6 HTTP/1.1" 200 9834
207.46.13.215 - - [24/Aug/2023:03:46:19 -0500] "GET /portaldeninos/wp-includes/js/jquery/jquery-migrate.min.js?ver=1.4.1 HTTP/1.1" 200 10056
207.46.13.215 - - [24/Aug/2023:03:46:19 -0500] "GET /portaldeninos/wp-content/uploads/useanyfont/uaf.css?ver=1589905315 HTTP/1.1" 200 408
40.77.167.233 - - [24/Aug/2023:03:46:20 -0500] "GET /portaldeninos/wp-includes/js/jquery/ui/accordion.min.js?ver=1.11.4 HTTP/1.1" 200 8584
52.167.144.212 - - [24/Aug/2023:03:46:23 -0500] "GET /portaldeninos/wp-content/themes/betheme/assets/animations/animations.min.css?ver=20.9.6 HTTP/1.1" 200 58508
52.167.144.212 - - [24/Aug/2023:03:46:24 -0500] "GET /portaldeninos/wp-content/themes/betheme/fonts/mfn-icons.ttf?93978679 HTTP/1.1" 200 124684
52.167.144.212 - - [24/Aug/2023:03:46:25 -0500] "GET /portaldeninos/wp-content/themes/betheme/style.css?ver=20.9.6 HTTP/1.1" 200 287
52.167.144.212 - - [24/Aug/2023:03:46:25 -0500] "GET /portaldeninos/wp-content/themes/betheme/js/plugins.js?ver=20.9.6 HTTP/1.1" 200 197151
52.167.144.212 - - [24/Aug/2023:03:46:25 -0500] "GET /portaldeninos/wp-includes/js/wp-embed.min.js?ver=4.9.8 HTTP/1.1" 200 1398
52.167.144.212 - - [24/Aug/2023:03:46:26 -0500] "GET /portaldeninos/wp-includes/js/wp-emoji-release.min.js?ver=4.9.8 HTTP/1.1" 200 12026
66.249.70.6 - - [24/Aug/2023:03:46:26 -0500] "GET /BLA/resoluciones/RESOLUCIONES%202008/4510.pdf HTTP/1.1" 200 667846
157.55.39.216 - - [24/Aug/2023:03:46:29 -0500] "GET /portaldeninos/wp-content/themes/betheme/assets/jplayer/jplayer.min.js?ver=20.9.6 HTTP/1.1" 200 52702
157.55.39.216 - - [24/Aug/2023:03:46:30 -0500] "GET /portaldeninos/wp-includes/js/jquery/ui/core.min.js?ver=1.11.4 HTTP/1.1" 200 4000
201.245.192.253 - - [24/Aug/2023:03:46:46 -0500] "POST /forms/lservlet;jsessionid=ac16012b30d68f1d81e4dc594f86873896b26f75c7ca.e3iSbxaKaheRe34Rch0Ra3mLchv0n6jAmljGr5XDqQLvpAe HTTP/1.1" 200 2
201.245.192.253 - - [24/Aug/2023:03:47:10 -0500] "POST /forms/lservlet;jsessionid=ac16012b30d649e7a6135ab24c4fa557ab99fbd81b4a.e3iSbxaKaheRe34Rch0Ra3mLchv0n6jAmljGr5XDqQLvpAe HTTP/1.1" 200 2
172.22.2.4 - - [24/Aug/2023:03:45:53 -0500] "HEAD /BLA/boletinlegal/ HTTP/1.1" 200 -
201.245.192.253 - - [24/Aug/2023:03:47:41 -0500] "POST /kwsrmcab/Wsrmcab  HTTP/1.1" 200 41818
172.22.2.4 - - [24/Aug/2023:03:46:43 -0500] "GET /BLA/boletinlegal/ HTTP/1.1" 200 58597
201.245.192.253 - - [24/Aug/2023:03:48:46 -0500] "POST /forms/lservlet;jsessionid=ac16012b30d68f1d81e4dc594f86873896b26f75c7ca.e3iSbxaKaheRe34Rch0Ra3mLchv0n6jAmljGr5XDqQLvpAe HTTP/1.1" 200 2
