!C99Shell v. 1.0 pre-release build #13!

Software: Apache. PHP/5.5.15 

uname -a: Windows NT SVR-DMZ 6.1 build 7600 (Windows Server 2008 R2 Enterprise Edition) i586 

SYSTEM 

Safe-mode: OFF (not secure)

E:\nuevo\apache\logs\   drwxrwxrwx
Free 5.02 GB of 239.26 GB (2.1%)
Detected drives: [ a ] [ c ] [ d ] [ e ] [ f ]
Home    Back    Forward    UPDIR    Refresh    Search    Buffer    Encoder    Tools    Proc.    FTP brute    Sec.    SQL    PHP-code    Update    Feedback    Self remove    Logout    


Viewing file:     access.2023.08.25.log (2.55 MB)      -rw-rw-rw-
Select action/file-type:
(+) | (+) | (+) | Code (+) | Session (+) | (+) | SDB (+) | (+) | (+) | (+) | (+) | (+) |
52.56.152.129 - - [25/Aug/2023:00:00:31 -0500] "GET / HTTP/1.1" 200 319
172.22.2.4 - - [25/Aug/2023:00:00:26 -0500] "HEAD /BLA/boletinlegal/ HTTP/1.1" 200 -
172.22.2.4 - - [25/Aug/2023:00:01:16 -0500] "GET /BLA/boletinlegal/ HTTP/1.1" 200 60692
201.245.192.253 - - [25/Aug/2023:00:03:21 -0500] "POST /kwsrmcab/Wsrmcab  HTTP/1.1" 200 41818
191.156.224.184 - - [25/Aug/2023:00:04:00 -0500] "-" 408 -
191.156.224.184 - - [25/Aug/2023:00:04:00 -0500] "-" 408 -
216.245.221.92 - - [25/Aug/2023:00:04:02 -0500] "HEAD / HTTP/1.1" 200 -
191.107.218.91 - - [25/Aug/2023:00:04:04 -0500] "GET /inscribete-y-participa-en-la-convencion-internacional-de-emergencia-climatica-bogota-2023.html HTTP/1.1" 200 895
40.77.167.10 - - [25/Aug/2023:00:04:24 -0500] "GET /Publicaciones/2023EE193331.pdf HTTP/1.1" 200 231956
181.62.222.66 - - [25/Aug/2023:00:06:53 -0500] "GET /inscribete-y-participa-en-la-convencion-internacional-de-emergencia-climatica-bogota-2023.html HTTP/1.1" 200 895
172.22.2.4 - - [25/Aug/2023:00:06:16 -0500] "HEAD /BLA/boletinlegal/ HTTP/1.1" 200 -
201.245.192.253 - - [25/Aug/2023:00:08:20 -0500] "POST /kwsrmcab/Wsrmcab  HTTP/1.1" 200 41818
172.22.2.4 - - [25/Aug/2023:00:07:06 -0500] "GET /BLA/boletinlegal/ HTTP/1.1" 200 52656
216.245.221.92 - - [25/Aug/2023:00:09:02 -0500] "HEAD / HTTP/1.1" 200 -
172.22.2.4 - - [25/Aug/2023:00:10:45 -0500] "GET /BLA/boletinlegal/actos.php HTTP/1.1" 200 9682
172.22.2.4 - - [25/Aug/2023:00:10:48 -0500] "GET /BLA/boletinlegal/images/screen_2.png HTTP/1.1" 200 362502
172.22.2.4 - - [25/Aug/2023:00:10:48 -0500] "GET /BLA/boletinlegal/images/screen_3.png HTTP/1.1" 200 210620
172.22.2.4 - - [25/Aug/2023:00:10:48 -0500] "GET /BLA/boletinlegal/images/screen_5.png HTTP/1.1" 200 368876
172.22.2.4 - - [25/Aug/2023:00:10:48 -0500] "GET /BLA/boletinlegal/images/arr_r.jpg HTTP/1.1" 200 1998
186.84.89.20 - - [25/Aug/2023:00:10:49 -0500] "GET /BLA/resoluciones/dlf/styles.css HTTP/1.1" 200 3049
186.84.89.20 - - [25/Aug/2023:00:10:49 -0500] "GET /BLA/resoluciones/ HTTP/1.1" 200 13502
186.84.89.20 - - [25/Aug/2023:00:10:49 -0500] "GET /BLA/resoluciones/dlf/folder.png HTTP/1.1" 200 410
186.84.89.20 - - [25/Aug/2023:00:10:50 -0500] "GET /BLA/resoluciones/dlf/bg.gif HTTP/1.1" 200 54
186.84.89.20 - - [25/Aug/2023:00:10:50 -0500] "GET /favicon.ico HTTP/1.1" 200 7782
186.84.89.20 - - [25/Aug/2023:00:10:52 -0500] "GET /BLA/resoluciones/dlf/dirup.png HTTP/1.1" 200 644
186.84.89.20 - - [25/Aug/2023:00:10:52 -0500] "GET /BLA/resoluciones/dlf/pdf.gif HTTP/1.1" 200 272
186.84.89.20 - - [25/Aug/2023:00:10:52 -0500] "GET /BLA/resoluciones/dlf/archive.png HTTP/1.1" 200 632
186.84.89.20 - - [25/Aug/2023:00:10:52 -0500] "GET /BLA/resoluciones/index.php?dir=AUTOS+2023%2F HTTP/1.1" 200 250078
66.249.66.87 - - [25/Aug/2023:00:11:05 -0500] "GET /portaldeninos/ HTTP/1.1" 200 110175
172.22.2.4 - - [25/Aug/2023:00:10:41 -0500] "GET /BLA/boletinlegal/ HTTP/1.1" 200 61542
186.28.231.10 - - [25/Aug/2023:00:13:04 -0500] "GET /galeria/galeria/jquery.fancybox.css?v=2.1.5 HTTP/1.1" 200 4895
186.28.231.10 - - [25/Aug/2023:00:13:04 -0500] "GET /BLA/boletinlegal/js/jquery.scrollShow.js HTTP/1.1" 200 4586
186.28.231.10 - - [25/Aug/2023:00:13:04 -0500] "GET /galeria/galeria/jquery.fancybox.js?v=2.1.5 HTTP/1.1" 200 48706
201.245.192.253 - - [25/Aug/2023:00:13:19 -0500] "POST /kwsrmcab/Wsrmcab  HTTP/1.1" 200 41818
172.22.2.4 - - [25/Aug/2023:00:12:06 -0500] "HEAD /BLA/boletinlegal/ HTTP/1.1" 200 -
216.245.221.92 - - [25/Aug/2023:00:14:02 -0500] "HEAD / HTTP/1.1" 200 -
152.61.192.232 - - [25/Aug/2023:00:14:31 -0500] "GET / HTTP/1.1" 200 319
172.22.2.4 - - [25/Aug/2023:00:12:56 -0500] "GET /BLA/boletinlegal/ HTTP/1.1" 200 53013
54.194.156.18 - - [25/Aug/2023:00:15:40 -0500] "GET /BLA/resoluciones/RESOLUCIONES%202010/7687.pdf HTTP/1.1" 200 245087
191.156.53.55 - - [25/Aug/2023:00:15:52 -0500] "GET /secretaria-de-ambiente-suspende-actividades-de-industria-que-operaba-en-usme-sin-permisos-ambientales.html?fbclid=IwAR2SykyFVVSbKEi5YZumCI2wKTVtAfPVDhHRgPFWCAurViRUkLlNWNrxkNo HTTP/1.1" 200 864
66.249.66.193 - - [25/Aug/2023:00:16:27 -0500] "GET /secretaria-de-ambiente-recuerda-a-comerciantes-implementar-o-actualizar-el-programa-de-uso-racional-de-bolsas-plasticas.html HTTP/1.1" 304 -
186.155.18.99 - - [25/Aug/2023:00:17:33 -0500] "GET /secretaria-de-ambiente-abre-convocatoria-para-el-proceso-de-formacion-mujeres-cuidadoras-de-humedales.html HTTP/1.1" 200 943
201.245.192.253 - - [25/Aug/2023:00:18:18 -0500] "POST /kwsrmcab/Wsrmcab  HTTP/1.1" 200 41818
216.245.221.92 - - [25/Aug/2023:00:19:02 -0500] "HEAD / HTTP/1.1" 200 -
201.245.192.253 - - [25/Aug/2023:00:18:59 -0500] "POST /kwsrmcab/Wsrmcab HTTP/1.1" 200 41909
201.245.192.253 - - [25/Aug/2023:00:19:02 -0500] "POST /kwsrmcab/Wsrmcab HTTP/1.1" 200 43662
172.22.2.4 - - [25/Aug/2023:00:17:56 -0500] "HEAD /BLA/boletinlegal/ HTTP/1.1" 200 -
172.22.2.4 - - [25/Aug/2023:00:18:46 -0500] "GET /BLA/boletinlegal/ HTTP/1.1" 200 52656
172.22.2.4 - - [25/Aug/2023:00:21:18 -0500] "GET /BLA/boletinlegal/Directivas/2011/Directiva%20No.%208%20del%2020%20de%20Septiembre%20de%202011.pdf HTTP/1.1" 200 727150
66.249.79.111 - - [25/Aug/2023:00:21:40 -0500] "GET /galeria/galeria/fotos/1.jpg HTTP/1.1" 200 267672
186.154.105.138 - - [25/Aug/2023:00:22:58 -0500] "GET /galeria/galeria/jquery.fancybox.css?v=2.1.5 HTTP/1.1" 200 4895
186.154.105.138 - - [25/Aug/2023:00:22:58 -0500] "GET /BLA/boletinlegal/js/jquery.scrollShow.js HTTP/1.1" 200 4586
186.154.105.138 - - [25/Aug/2023:00:22:58 -0500] "GET /galeria/galeria/jquery.fancybox.js?v=2.1.5 HTTP/1.1" 200 48706
201.245.192.253 - - [25/Aug/2023:00:23:17 -0500] "POST /kwsrmcab/Wsrmcab  HTTP/1.1" 200 41818
191.95.49.152 - - [25/Aug/2023:00:23:59 -0500] "GET /bogota-empieza-la-consolidacion-de-la-estrategia-de-bosques-urbanos-con-el-brazo-salitre-en-barrios-unidos.html?utm_source=Meta_DIGI&utm_medium=CPV&utm_campaign=BosquesUrbanos&utm_id=Agosto_2023&fbclid=IwAR0nO8_t9Z9TNzLLfim0uradbw6p63C4qqf75-YPbL4VV5qsZHnfx2dmiXQ_aem_AUnbVCHEXmqFeydNBZuOw4byvX_NFLR9-A7XHB1nY5Zy7OYMLXhH5DvQyNmghZfe5rso424yT8H0EyOP9gjgFuN9 HTTP/1.1" 200 892
216.245.221.92 - - [25/Aug/2023:00:24:02 -0500] "HEAD / HTTP/1.1" 200 -
152.61.128.50 - - [25/Aug/2023:00:24:49 -0500] "GET / HTTP/1.1" 200 319
172.22.2.4 - - [25/Aug/2023:00:23:46 -0500] "HEAD /BLA/boletinlegal/ HTTP/1.1" 200 -
172.22.2.4 - - [25/Aug/2023:00:24:36 -0500] "GET /BLA/boletinlegal/ HTTP/1.1" 200 58597
201.245.192.253 - - [25/Aug/2023:00:28:16 -0500] "POST /kwsrmcab/Wsrmcab  HTTP/1.1" 200 41818
191.156.246.145 - - [25/Aug/2023:00:28:38 -0500] "GET /inscribete-y-participa-en-la-convencion-internacional-de-emergencia-climatica-bogota-2023.html HTTP/1.1" 200 895
216.245.221.92 - - [25/Aug/2023:00:29:02 -0500] "HEAD / HTTP/1.1" 200 -
201.245.192.253 - - [25/Aug/2023:00:29:00 -0500] "POST /kwsrmcab/Wsrmcab HTTP/1.1" 200 41909
201.245.192.253 - - [25/Aug/2023:00:29:03 -0500] "POST /kwsrmcab/Wsrmcab HTTP/1.1" 200 43662
40.77.167.9 - - [25/Aug/2023:00:30:12 -0500] "GET /BLA/resoluciones/AUTOS%202022/3232.pdf HTTP/1.1" 304 -
167.0.236.171 - - [25/Aug/2023:00:30:50 -0500] "GET /inscribete-y-participa-en-la-convencion-internacional-de-emergencia-climatica-bogota-2023.html HTTP/1.1" 200 895
167.0.236.171 - - [25/Aug/2023:00:30:51 -0500] "GET /favicon.ico HTTP/1.1" 404 1482
66.249.79.111 - - [25/Aug/2023:00:31:11 -0500] "GET /portalsiaccapacitaciones/Listas%20de%20Asistencia%202017/Planillas%20Asistencia%20Publicidad%20exterior%20visual%20y%20arbolado%2003%2011%202017.pdf HTTP/1.1" 200 2482788
172.22.2.4 - - [25/Aug/2023:00:29:36 -0500] "HEAD /BLA/boletinlegal/ HTTP/1.1" 200 -
181.250.255.146 - - [25/Aug/2023:00:31:53 -0500] "GET /inscribete-y-participa-en-la-convencion-internacional-de-emergencia-climatica-bogota-2023.html HTTP/1.1" 200 895
172.22.2.4 - - [25/Aug/2023:00:30:26 -0500] "GET /BLA/boletinlegal/ HTTP/1.1" 200 52656
191.95.1.219 - - [25/Aug/2023:00:32:34 -0500] "GET /secretaria-de-ambiente-abre-convocatoria-para-el-proceso-de-formacion-mujeres-cuidadoras-de-humedales.html?fbclid=IwAR2GP9_8ACX-T_ChbyzYnpO9C48OTxwy4xLwWvfQnras57FvhVEJ8XH8tSk HTTP/1.1" 200 943
40.77.167.213 - - [25/Aug/2023:00:32:47 -0500] "GET /portaldeninos/wp-content/uploads/2019/09/Caucho-sabanero-%C3%A1rboles.jpg HTTP/1.1" 200 344651
201.245.192.253 - - [25/Aug/2023:00:33:15 -0500] "POST /kwsrmcab/Wsrmcab  HTTP/1.1" 200 41818
69.63.189.119 - - [25/Aug/2023:00:33:49 -0500] "GET /dia-internacional-de-la-biodiversidad-fueron-liberados-10-animales-silvestres-la-conejera.html HTTP/1.1" 200 846
216.245.221.92 - - [25/Aug/2023:00:34:02 -0500] "HEAD / HTTP/1.1" 200 -
172.226.172.9 - - [25/Aug/2023:00:36:03 -0500] "GET /inscribete-y-participa-en-la-convencion-internacional-de-emergencia-climatica-bogota-2023.html HTTP/1.1" 200 895
40.77.167.241 - - [25/Aug/2023:00:36:14 -0500] "GET /Publicaciones/2023EE192166.pdf HTTP/1.1" 200 232011
172.22.2.4 - - [25/Aug/2023:00:35:26 -0500] "HEAD /BLA/boletinlegal/ HTTP/1.1" 200 -
186.29.199.30 - - [25/Aug/2023:00:37:15 -0500] "GET /inscribete-y-participa-en-la-convencion-internacional-de-emergencia-climatica-bogota-2023.html HTTP/1.1" 200 895
172.22.2.4 - - [25/Aug/2023:00:37:25 -0500] "GET /BLA/boletinlegal/.git/config HTTP/1.1" 404 1018
66.249.66.192 - - [25/Aug/2023:00:37:29 -0500] "GET /secretaria-de-ambiente-adelanta-rehabilitacion-de-un-tayra-mamifero-entregado-en-bogota.html HTTP/1.1" 304 -
172.22.2.4 - - [25/Aug/2023:00:36:16 -0500] "GET /BLA/boletinlegal/ HTTP/1.1" 200 52656
201.245.192.253 - - [25/Aug/2023:00:38:15 -0500] "POST /kwsrmcab/Wsrmcab  HTTP/1.1" 200 41818
216.245.221.92 - - [25/Aug/2023:00:39:02 -0500] "HEAD / HTTP/1.1" 200 -
201.245.192.253 - - [25/Aug/2023:00:38:59 -0500] "POST /kwsrmcab/Wsrmcab HTTP/1.1" 200 41909
201.245.192.253 - - [25/Aug/2023:00:39:03 -0500] "POST /kwsrmcab/Wsrmcab HTTP/1.1" 200 43662
181.51.34.207 - - [25/Aug/2023:00:39:08 -0500] "GET /inscribete-y-participa-en-la-convencion-internacional-de-emergencia-climatica-bogota-2023.html HTTP/1.1" 200 895
94.102.61.10 - - [25/Aug/2023:00:40:28 -0500] "GET /portaldeninos/ HTTP/1.1" 200 110175
172.22.2.4 - - [25/Aug/2023:00:41:16 -0500] "HEAD /BLA/boletinlegal/ HTTP/1.1" 200 -
201.245.192.253 - - [25/Aug/2023:00:43:14 -0500] "POST /kwsrmcab/Wsrmcab  HTTP/1.1" 200 41818
172.22.2.4 - - [25/Aug/2023:00:42:06 -0500] "GET /BLA/boletinlegal/ HTTP/1.1" 200 56607
216.245.221.92 - - [25/Aug/2023:00:44:02 -0500] "HEAD / HTTP/1.1" 200 -
66.249.79.96 - - [25/Aug/2023:00:44:10 -0500] "GET /galeria/galeria/fotos/18.jpg HTTP/1.1" 200 279741
211.130.63.227 - - [25/Aug/2023:00:46:42 -0500] "GET /galeria/galeria/fotos/2CaminataP5.jpg HTTP/1.1" 200 28121
152.203.52.110 - - [25/Aug/2023:00:47:15 -0500] "GET /inscribete-y-participa-en-la-convencion-internacional-de-emergencia-climatica-bogota-2023.html HTTP/1.1" 200 895
201.245.192.253 - - [25/Aug/2023:00:48:13 -0500] "POST /kwsrmcab/Wsrmcab  HTTP/1.1" 200 41818
172.22.2.4 - - [25/Aug/2023:00:47:06 -0500] "HEAD /BLA/boletinlegal/ HTTP/1.1" 200 -
216.245.221.92 - - [25/Aug/2023:00:49:02 -0500] "HEAD / HTTP/1.1" 200 -
162.55.175.141 - - [25/Aug/2023:00:49:21 -0500] "GET / HTTP/1.1" 200 319
162.55.175.141 - - [25/Aug/2023:00:49:22 -0500] "GET / HTTP/1.1" 200 4720
172.22.2.4 - - [25/Aug/2023:00:47:56 -0500] "GET /BLA/boletinlegal/ HTTP/1.1" 200 61130
69.171.249.7 - - [25/Aug/2023:00:49:50 -0500] "GET /images/avistamiento-aves.jpg HTTP/1.1" 200 104313
152.61.192.232 - - [25/Aug/2023:00:51:44 -0500] "GET /arcgis/services/Calidad_del_Agua_WQI/MapServer/WMSServer?request=GetCapabilities&service=WMS HTTP/1.1" 503 1020
152.61.192.232 - - [25/Aug/2023:00:51:45 -0500] "GET /arcgis/services/Calidad_del_Agua_WQI/MapServer/WMSServer?SERVICE=WMS&REQUEST=GetCapabilities HTTP/1.1" 503 1020
152.61.192.232 - - [25/Aug/2023:00:51:45 -0500] "GET /arcgis/services/Calidad_del_Agua_WQI/MapServer/WMSServer?WMTVER=1.0.0&REQUEST=capabilities HTTP/1.1" 503 1020
66.249.79.96 - - [25/Aug/2023:00:53:11 -0500] "GET /galeria/galeria/fotos/8.jpg HTTP/1.1" 200 229056
201.245.192.253 - - [25/Aug/2023:00:53:12 -0500] "POST /kwsrmcab/Wsrmcab  HTTP/1.1" 200 41818
216.245.221.92 - - [25/Aug/2023:00:54:02 -0500] "HEAD / HTTP/1.1" 200 -
172.22.2.4 - - [25/Aug/2023:00:52:56 -0500] "HEAD /BLA/boletinlegal/ HTTP/1.1" 200 -
172.22.2.4 - - [25/Aug/2023:00:53:46 -0500] "GET /BLA/boletinlegal/ HTTP/1.1" 200 58187
181.68.133.37 - - [25/Aug/2023:00:56:55 -0500] "GET /bogota-empieza-la-consolidacion-de-la-estrategia-de-bosques-urbanos-con-el-brazo-salitre-en-barrios-unidos.html?utm_source=Meta_DIGI&utm_medium=CPV&utm_campaign=BosquesUrbanos&utm_id=Agosto_2023&fbclid=IwAR2tgTHcDU5evL_vyEf79GEWbZ3Z0Q7QK4Azzq8bh--Bgyssag7JL8HqQqI_aem_AUm6c-cUkxM3_fIQcOKwUWkS1hlmL9hecG2Rz_wFUsPki2e2ohCGXFgd-sZyyyVEbyk8enARgcJLsCvqh5pfWFqC HTTP/1.1" 200 892
66.249.79.111 - - [25/Aug/2023:00:57:17 -0500] "GET /siipev/Diseno%20de%20Elementos%20de%20Mobiliario%20Urbano/Otros%20Elementos/Infografia/Parte2/M-140.png HTTP/1.1" 200 27774
201.245.192.253 - - [25/Aug/2023:00:58:11 -0500] "POST /kwsrmcab/Wsrmcab  HTTP/1.1" 200 41818
66.249.66.194 - - [25/Aug/2023:00:58:19 -0500] "GET /vehiculos-de-cero-o-bajas-emisiones-para-enfrentar-el-cambio-climatico.html HTTP/1.1" 200 743
52.167.144.225 - - [25/Aug/2023:00:58:56 -0500] "GET /Publicaciones/2023EE191577.pdf HTTP/1.1" 200 379445
216.245.221.92 - - [25/Aug/2023:00:59:02 -0500] "HEAD / HTTP/1.1" 200 -
172.22.2.4 - - [25/Aug/2023:00:58:46 -0500] "HEAD /BLA/boletinlegal/ HTTP/1.1" 200 -
181.50.69.74 - - [25/Aug/2023:01:00:38 -0500] "GET /kwssiamovil/sm/acme/a?s=U2FsdGVkX18K+dtk+ZA//Ar74tAsXFmY/PeDrcKdoEiHrS9tUkOD13N0YdAzz13RQa0+Ovy85bh0ptOhxptQT6s+OuOkrXU2WcIGsY7LvIu0Hnrh56YevBqb6B20piITrW/Ncua8Mj9lILpNIlELk2vsOs22FDOsMbGONljTbi0wHq8sPoxDMmY0pA1ofzsNhx+gmMkndWf5n/m93U++g0uW+ecmauxJhXVGAed8QBDO4iVnmLu6ziFYhWnvd/t/OKXzcVV774Eyef9JFerpQQ==&u=U2FsdGVkX1+WWDuBNSBW6jhGsEJeSP8iPSGI23cYmRX6rXtCKTPFBavYaH+I0JoM&y=U2FsdGVkX183HvJ5K1QRx9RtlzahaR7Hh/PjKv0qG2ewBFb3ZY0oAGSeSMo5EB5M HTTP/1.1" 200 26
181.50.69.74 - - [25/Aug/2023:01:00:38 -0500] "GET /kwssiamovil/sm/acme/a?s=U2FsdGVkX1/Bd6p6PIL6g753Ce+Nc3neH4RpuL3zDMtDdNOON+xThFoy9JfE8p+empnAiZ7QiCRMCrevsNXLlr9lsBCxuga9qmalseOMH+qzZJMf6rWWZ54nZS5mXH3YBqbrlC3tjCApNBJGoH4eAWpt9aFMMgn4mSakJfqN8CFw6tOuNUMikwcebvnN1wCvLkfstZ43kMlxsOC/YMDhPhjSgDxjgmyoWPY3bBR3pg5l7zsA9UZBJYVBOAXTVrn967ikmx0JAQ651JGDbiWRooSgOZD3T+wygY2tEw+8TAdrPuVMo24+FMQl5MhoMWi6LhchccJI+tYppjhYC19n+G4q8VqvzzTl4UUlHgzK2HiUGEzCi19Zo2AbMCml3QZFjb3nhSuRU0kwauLmOR1PR3BUc3ASaEWwJOQtcCJ71KmuF8i82CkO2cR1CkwpCLA+bNkj2Pmx1kOmaHhwKTwzy7ieBc/LnotCymPZHAM72XhrykF3EvDuGM9xFxUMu+xrGpWRtT/yrExox1ziV1+JrI04GwFXO4/bxzbXv/Qey76Ka9tIGDxSH9bFV0dsnlduskquW+XGuAD/0IsWVg2FqnJKhbMhmc2ureTO+3d+IV1bwpEluyvQnhafT+vANFC7XkSaxOVSQsu36jHz6p40Ph/ewJj67f2V2x/iDS7DhBlxsyEPGRT9K310SZ7lcfciJaipsYrqZ+SzADsSVmqP8amj9SfhApV7jzb+xa+wGH1rnZqQ9s6LyQFQHrXOlb/4x9fhvx/cuxF5d8zMGIcQN5dC9+D6R5z0rdLYsT6GKmDBLVK4XRS8jj6tfKXHjOeG3LQDy6mkgU5sUgeA9TaWpBSopLYJi4z53D4tI0sSPRlERYadScAI5+mqjQtxqG6v1Nk0IFkAN+LHXIfjzjyvUO8r2pvwMPKQwWf7GpLZJOmT57cnhsaUPn/Ef7XtYkQsrry317hCFpqjzq6elO0yL6vgMWISUdo0AQ2+UyBmPTiegHrg2aoPkspuMTqHvpLpIbLLMFlWtwwHUFJ9i1o0qwkGiJAOcdCwU5o9p9WXuQI3mna1FZ7X3Q7fNzbc5sQPEERqK17UQHMIFyTjOT+Mfnp9GKnM151IJEH0F27ZRMJDvIVs3L/RoZ0g233FPyA6ZfZbOyCZO68aO8Wg26vnSK4rA01k+cxGYLr9qJup17g3d5Yvc9jzDHbmxjfBFdJjl9qrwZuuwdTYsGKOlTdNy7AaJYD8ggkW8C+1DYqCWxSwlG65ROaWVkP2FXRiX4+nc8Qm3xm8K/UqalwMuutiarAMmJfoadaLPcIkLEv0e9EiO4o9oSTIZ6rR9Ol5wMzCo/3TeAe/xIb0ofkri/NzDv62uRa+FuvVjTItm+d39NTog6Z5AhwpgpjQD83ybK8HwxFbGNU28atBvNErqzRPvIO0u2AymAa57eB6aobDwRiMyNSvMb9NoOFNbj3KIXsIrMZlbGqunIozijnEqN/DFK8fasHXUwFgbOykyZf2WE6qRCk82Cx5tY4xgPTl593I4DY/i4WPzQLAeD/HsOURIod8dd+/QJGxuupwfuUnJTkSuYje56wzJjIN9Bj+eL4CUaUZ8RcLK0m8kCpOAfM/Dxb/eoy2+6pZL3gi/wgcuDK12orBu48pHTvuYSSjWFhiVeR8A1kpTFMBqRk7WnjHm8LAaCsoFN90Mavrecn6Kf5U2D4NPPs50CwGAlArYJG9N+do9TDGNd8DQj2x4YH7yC6KhRFaa6wTFjJ4L6a/wOyp7X8sp5phAzYIKkwT+TonIvBQFgsa2KVqQjKAR+6B0Q==&u=U2FsdGVkX1+WWDuBNSBW6jhGsEJeSP8iPSGI23cYmRX6rXtCKTPFBavYaH+I0JoM&y=U2FsdGVkX183HvJ5K1QRx9RtlzahaR7Hh/PjKv0qG2ewBFb3ZY0oAGSeSMo5EB5M HTTP/1.1" 200 26
181.50.69.74 - - [25/Aug/2023:01:00:38 -0500] "GET /kwssiamovil/sm/acme/a?s=U2FsdGVkX19IW5Bhsk1vez5diPi4FZWdg5qdtz4pnIASUlCVoydNEN+uOdJA/BrBavLLatfPiTt5Qd+ECdLNra4OUftNhGo2kYDl9HcRPxJutj6y60vwNJP/v5MFW5I8ufPX58dfzKzA2dBW8G1r3CDsi5irCqQmcHzTyjEjkpE=&u=U2FsdGVkX1+WWDuBNSBW6jhGsEJeSP8iPSGI23cYmRX6rXtCKTPFBavYaH+I0JoM&y=U2FsdGVkX183HvJ5K1QRx9RtlzahaR7Hh/PjKv0qG2ewBFb3ZY0oAGSeSMo5EB5M HTTP/1.1" 200 26
181.50.69.74 - - [25/Aug/2023:01:00:39 -0500] "GET /kwssiamovil/sm/acme/a?s=U2FsdGVkX1/6/jwq1D6Zyg0U0eqYuyptMjZEltkT/V1oSs7zgAjMwZq2P5C7X9vuiG7IUI2my3OREoMFSAFAQmHxRwxuIJt5XmJ/xJQjBfM6sfglyu+nNqWyiR/372O6mvxDXjl2ukZ0OEEfTtQn2BP9d6xDvJbEAvoBZDFKc6w=&u=U2FsdGVkX1+WWDuBNSBW6jhGsEJeSP8iPSGI23cYmRX6rXtCKTPFBavYaH+I0JoM&y=U2FsdGVkX183HvJ5K1QRx9RtlzahaR7Hh/PjKv0qG2ewBFb3ZY0oAGSeSMo5EB5M HTTP/1.1" 200 26
181.50.69.74 - - [25/Aug/2023:01:00:39 -0500] "GET /kwssiamovil/sm/acme/a?s=U2FsdGVkX1+xzL1zjlK3qbYFDRy5b41lSzKBJueIoZyrHLSVnhfXLIg6zIJcBmUUBFO/gCfedBXT9ZoJ5xG6Pyf7ZimBgCGuHAHzv0UUOX5STjx3MNQgX49ZwMzDf0w45/HFjJQkHfDmQMACN6dHS7PRJoBAQA6ANO8rmr7gy2k=&u=U2FsdGVkX1+WWDuBNSBW6jhGsEJeSP8iPSGI23cYmRX6rXtCKTPFBavYaH+I0JoM&y=U2FsdGVkX183HvJ5K1QRx9RtlzahaR7Hh/PjKv0qG2ewBFb3ZY0oAGSeSMo5EB5M HTTP/1.1" 200 26
181.50.69.74 - - [25/Aug/2023:01:00:39 -0500] "GET /kwssiamovil/sm/acme/a?s=U2FsdGVkX18xb/xNnvNifZudRr7TWCJLPDeiuy0rSlkcFsKeu5fsu3ng14kBS2orvQILwNP7Xj5J04awCn0tiOzXUOaEUeckj/IvCbRhqyLtEMApUdKfHccq5KVQjJ3A/FNFaGsMWCOHqjSzWKUcgizCyaWLGWmJXWxslVMeO9ASYPw6HVoXz2AsWRFntWM4qUVk1U4XPtATa/MEtwajPw==&u=U2FsdGVkX1+WWDuBNSBW6jhGsEJeSP8iPSGI23cYmRX6rXtCKTPFBavYaH+I0JoM&y=U2FsdGVkX183HvJ5K1QRx9RtlzahaR7Hh/PjKv0qG2ewBFb3ZY0oAGSeSMo5EB5M HTTP/1.1" 200 26
191.95.160.167 - - [25/Aug/2023:01:00:43 -0500] "GET /bogota-empieza-la-consolidacion-de-la-estrategia-de-bosques-urbanos-con-el-brazo-salitre-en-barrios-unidos.html?utm_source=Meta_DIGI&utm_medium=CPV&utm_campaign=BosquesUrbanos&utm_id=Agosto_2023&fbclid=IwAR17EyEpy9HmcTt7FpPcVH424K0SgP8yBirNFqC7HULpQaQx03udHMmB5dk_aem_AUns6COZ8EYu5ToU4CoU9SSqi3oNGnNElOCBK1CEereevheZpjZffI3bi3nMXfQeDzfxk_7v96fKWvAqrn9B00yn HTTP/1.1" 200 892
172.22.2.4 - - [25/Aug/2023:00:59:36 -0500] "GET /BLA/boletinlegal/ HTTP/1.1" 200 58597
66.249.79.111 - - [25/Aug/2023:01:01:22 -0500] "GET /galeria/galeria/fotos/3.jpg HTTP/1.1" 200 239479
114.94.12.8 - - [25/Aug/2023:01:01:12 -0500] "GET /portaldeninos/wp-content/uploads/2020/01/Tierra-escenario.jpg HTTP/1.1" 200 14598
114.94.12.8 - - [25/Aug/2023:01:01:22 -0500] "GET /portaldeninos/wp-content/uploads/2020/01/Tierra-escenario.jpg HTTP/1.1" 200 31958
114.94.12.8 - - [25/Aug/2023:01:01:47 -0500] "GET /portaldeninos/wp-content/uploads/2020/01/Tierra-escenario.jpg HTTP/1.1" 200 181491
190.102.122.6 - - [25/Aug/2023:01:01:54 -0500] "GET /inscribete-y-participa-en-la-convencion-internacional-de-emergencia-climatica-bogota-2023.html HTTP/1.1" 200 895
201.245.192.253 - - [25/Aug/2023:01:03:10 -0500] "POST /kwsrmcab/Wsrmcab  HTTP/1.1" 200 41818
200.118.60.55 - - [25/Aug/2023:01:03:14 -0500] "GET /BLA/resoluciones/AUTOS%202014/0003.pdf HTTP/1.1" 200 704918
216.245.221.92 - - [25/Aug/2023:01:04:02 -0500] "HEAD / HTTP/1.1" 200 -
40.77.167.213 - - [25/Aug/2023:01:04:33 -0500] "GET /agendate-para-participar-en-las-caminatas-ecologicas-de-febrero.html HTTP/1.1" 200 830
172.22.2.4 - - [25/Aug/2023:01:04:22 -0500] "GET /BLA/boletinlegal/?XDEBUG_SESSION_START=phpstorm HTTP/1.1" 200 32715
66.249.79.111 - - [25/Aug/2023:01:05:28 -0500] "GET /galeria/galeria/fotos/7.jpg HTTP/1.1" 200 190908
172.22.2.4 - - [25/Aug/2023:01:04:36 -0500] "HEAD /BLA/boletinlegal/ HTTP/1.1" 200 -
181.62.53.57 - - [25/Aug/2023:01:06:26 -0500] "GET /inscribete-y-participa-en-la-convencion-internacional-de-emergencia-climatica-bogota-2023.html HTTP/1.1" 200 895
172.22.2.4 - - [25/Aug/2023:01:05:26 -0500] "GET /BLA/boletinlegal/ HTTP/1.1" 200 58187
201.245.192.253 - - [25/Aug/2023:01:08:09 -0500] "POST /kwsrmcab/Wsrmcab  HTTP/1.1" 200 41818
216.245.221.92 - - [25/Aug/2023:01:09:02 -0500] "HEAD / HTTP/1.1" 200 -
66.249.79.96 - - [25/Aug/2023:01:09:33 -0500] "GET /galeria/galeria/fotos/10.jpg HTTP/1.1" 200 301298
181.50.69.74 - - [25/Aug/2023:01:11:02 -0500] "GET /kwssiamovil/sm/acme/a?s=U2FsdGVkX1/6V8WQMOIDc+zLeTc6HSCNQq918NwvMqdB5u1ra1N9hfzN2DJSs6i5CqtMUWt2KM7VilyhqIn9WvHf7DoFgJWoXpEtLSP51uF1smOqHQRyajgwbrX0ZmXuLXAOhPgcY5o7gJRsLLyVNHGMtOl9+mLjRHjxO6WyfdXJep/8DR4Xa7YRVExEUvcwZkwusiDbtvHKQOpiVbVC1tt/MAIocWiYJxhpjD2wXwzUbUAZvjutRGTBUbs2580yHgt6OhnlPyJGJwtNEtCd8A==&u=U2FsdGVkX1+WWDuBNSBW6jhGsEJeSP8iPSGI23cYmRX6rXtCKTPFBavYaH+I0JoM&y=U2FsdGVkX183HvJ5K1QRx9RtlzahaR7Hh/PjKv0qG2ewBFb3ZY0oAGSeSMo5EB5M HTTP/1.1" 200 26
181.50.69.74 - - [25/Aug/2023:01:11:02 -0500] "GET /kwssiamovil/sm/acme/a?s=U2FsdGVkX1/K0OjKYowlvCStI9VvSHJMACLSG9f69UZTiB1bzJ2GLbTwLZeHOH3M1OrlITayBmDMs/DWkyW8y5yMgnoUsvdwoTAZpGwFehek8QjsMiSpPtsR3CJxnij9koS/qUgzuOCUTt3OR+AcjM66UZhI7D3pc4UXRv9O+zFo5B7Hy5gmX38y1FDv1nN06rw41FCaEX6yDQVZbax3XtHo0BD/bRR5f/1cg+nPCpqEtDXq8yjhvudoiQ4sDRIQqk8fIeOdBm9cUCTaw+4/tyAVvPsc92Jf3ZGyVY0XSLxaTUTr09HfQtsfCmnoCK5tv2gdK7TQJhSPntmsAViqKSWHESEqKoEtFyGZ7ADnQChd9QntsJlANHM5qrEdp3D2GASDZvVLTAPlq0+aON6mfouUC/mKSMgkpSGCvZY842V7t1JyvQfuf+bWl7nCKhQOPZ8amZlMYShalfqPqwtkq8RD2eht+T0gCLeLI/fnrF62HeP+QentiUy0dDMBKvHt/0JmfXsQ4+ItCX4nMqo6jZ+mYq6vLzO7lBtuNckWlGI9UoSNZOjPnO7kiLCSOzRyijBrCXt1vcljr9P6e4iYrKEmt1l22FQUdUOkQYyKQ8KGLjeGmAy1QB2ziKpQ2FKHNlDiVbjWv2PzXbzTczSgZ67v561x0aUwPMZFkxNFAfpR4JwPSyIX6VV9x3/vwkbBLk5hPAZLfk3rXEkkQjmJpysXIrF3MrgClMUYkyMBiQ2ZYn/Imh3yFplVm6AhMX45tMsAV161Fp98462RQNyKzJCbYeH7pxuqpBBvwBZRoJz/zU8z8V59NXZBKAhlbyYK8JGwrN65/k6K2zQJMM/19wz0a3uc4wU67FeLYMP+TNkTurHzymSFP8sc3aCuZn78r4gxdo0Hn5RHHBqEgdC8dLrJSHgRyyJETpGdbWF0EMz355L6wqksw9eZ84HIwZcderbXGXxK/nXfCVCZOCx085GAeAuq8Slm+3GSuKa/F61ZNTfV1CoAbiDqn0c0s/mvrcudwYNU9ydUw7bmHKeNLdsV6GDT5h8djp/AsmwmT3mNZeknWKvnoF0s5LxHFVSrl2fqpsKdC7L/TlCn4dRLDRYUUz0jezBfoZKFLnu3LSK7ldiap4E7W8Z7gC+vMkVnZws11K6+P1qpxBXMt+qCZjrY2/LDod2ZhKj39CuU5Mz2Eb/sShje8ZDWCCmgkU4xrbpA5TzT1rf70jyV0t9oVqlanCNvwiM4BB4ZaTjvMicZy3nSPo2iXNn+vauilEIdkhzZLMKziPQeFVzNuxQoRZ9inm9vn6MC6s4bJD99l0Ks+WUQBns6ramRCe91RuhDOn3R2S200ioAPXGSAxL6QuqkltkKyeQRRgYDXud9iGXbTYjy/3W7AcLHoXIAf3mh3RtpZ1uObTIvm8SCcpaS7KIZqi/bUOcOXiPTtr2tz/EIbdkuXHo051k1mmWhUUV0AcvC7BaYTcOK/MFw+KXJQRRdYzHYFyASX+xuSQKls2wU24AzSJnegq0Mj9xIbt3yxFItvmlxDxYZpHNgIUXvXb7jGnb0nTnCVRBgyGqelZuOg4nStl4be0H+PfKOs48ez0WgEw4nT9wiywygmIQOS734AIDYYRYRA8NSa+LnMuX9B+aPMQbfdoH/5yEkvdsvA2Cm8VbzEV1ypRTNtJmuxbhz/rjLpliAibKGGsg+W66sw99dcpGi1I8IrHVyxTdiHSksGCAbqlhDS+MSOMhfs3x4x9GpZ2OHYHvAP24KBf3Z+O3bxA5SZdfBPHVlvBqvzU5GtcDOQUx9CmtR2C4hP8Uc0lJWpKS3LBX37/Yq68wNPx5quJugUjl3y9+LmpMRA61c8XJjTUrwpBMe5T9kSPjM/t3ZMDhaHqt295SpA/v1w85ER9FxJLjXEwPACt7jO0m/BcHCkkVRRjosozBrrg==&u=U2FsdGVkX1+WWDuBNSBW6jhGsEJeSP8iPSGI23cYmRX6rXtCKTPFBavYaH+I0JoM&y=U2FsdGVkX183HvJ5K1QRx9RtlzahaR7Hh/PjKv0qG2ewBFb3ZY0oAGSeSMo5EB5M HTTP/1.1" 200 26
181.50.69.74 - - [25/Aug/2023:01:11:03 -0500] "GET /kwssiamovil/sm/acme/a?s=U2FsdGVkX1/0rV+i5vVwDcpLFLDgghgjzUUiXjc47S+MF/dVZTwNWs6i7Xi3YQkEZVNfePR8pU8S0KUHen599ApjRQ2BRG1wKLJFqG8jl8Ew00LACc4x/uszSuCrwxb52Xpjun/7SyALwiO+sShCvHoHrhumJQWFV5VVSrmW3XQ=&u=U2FsdGVkX1+WWDuBNSBW6jhGsEJeSP8iPSGI23cYmRX6rXtCKTPFBavYaH+I0JoM&y=U2FsdGVkX183HvJ5K1QRx9RtlzahaR7Hh/PjKv0qG2ewBFb3ZY0oAGSeSMo5EB5M HTTP/1.1" 200 26
181.50.69.74 - - [25/Aug/2023:01:11:03 -0500] "GET /kwssiamovil/sm/acme/a?s=U2FsdGVkX18wVUW+7eBKnOjIXbJpF6shS/qIcUaAhNDDBSD6ZZhkLPMm+y9uMMu9wPSFdePRRDimW3NkA6NF4T8OVvB74duqXY9MMa7M2rBsLAYAgrU/3h9Q27W4UR6hQ+UsRR8oTbD6ebixbXcxAIv/RtcPdt7HJl6s11921kc=&u=U2FsdGVkX1+WWDuBNSBW6jhGsEJeSP8iPSGI23cYmRX6rXtCKTPFBavYaH+I0JoM&y=U2FsdGVkX183HvJ5K1QRx9RtlzahaR7Hh/PjKv0qG2ewBFb3ZY0oAGSeSMo5EB5M HTTP/1.1" 200 26
181.50.69.74 - - [25/Aug/2023:01:11:03 -0500] "GET /kwssiamovil/sm/acme/a?s=U2FsdGVkX1+swIVUDXz1xFkhbhCZOSELZwUuwJpuLCNm68sB9+0cdmaxFZxNaa4oUESaE9v8wmh/YcuG6FPjIv6vJOuQnFRaCc/GL7PAu2eVBr2dvNAXWrYl4aTrPuDN0WVN2jof/HPl89bmiOw9ZoHAKHS0TXweueLd3bMzCl0=&u=U2FsdGVkX1+WWDuBNSBW6jhGsEJeSP8iPSGI23cYmRX6rXtCKTPFBavYaH+I0JoM&y=U2FsdGVkX183HvJ5K1QRx9RtlzahaR7Hh/PjKv0qG2ewBFb3ZY0oAGSeSMo5EB5M HTTP/1.1" 200 26
181.50.69.74 - - [25/Aug/2023:01:11:03 -0500] "GET /kwssiamovil/sm/acme/a?s=U2FsdGVkX1+af3CDfqR+0SoVE5hvTJKojkg+Z6jr04YDVAKrJV9PeeXZGkC0Zh2veySlc1zGQXFMx0jtt5GmH5F87qPatB8r9KYDUYOvK/HKPBbG3OHLL1qJ0en6Gt0M8Kr27joarfBZRJwuR/NFgNrG+1gSsScNG4vzz2seMsBz8OS/SMeNjKHmKTo9E3AB3ZnZu8imGTuKUHU7bE+sYw==&u=U2FsdGVkX1+WWDuBNSBW6jhGsEJeSP8iPSGI23cYmRX6rXtCKTPFBavYaH+I0JoM&y=U2FsdGVkX183HvJ5K1QRx9RtlzahaR7Hh/PjKv0qG2ewBFb3ZY0oAGSeSMo5EB5M HTTP/1.1" 200 26
152.61.128.50 - - [25/Aug/2023:01:11:55 -0500] "GET /arcgis/services/Calidad_del_Agua_WQI/MapServer/WMSServer?request=GetCapabilities&service=WMS HTTP/1.1" 503 1020
152.61.128.50 - - [25/Aug/2023:01:11:56 -0500] "GET /arcgis/services/Calidad_del_Agua_WQI/MapServer/WMSServer?SERVICE=WMS&REQUEST=GetCapabilities HTTP/1.1" 503 1020
152.61.128.50 - - [25/Aug/2023:01:11:57 -0500] "GET /arcgis/services/Calidad_del_Agua_WQI/MapServer/WMSServer?WMTVER=1.0.0&REQUEST=capabilities HTTP/1.1" 503 1020
172.22.2.4 - - [25/Aug/2023:01:10:26 -0500] "HEAD /BLA/boletinlegal/ HTTP/1.1" 200 -
172.22.2.4 - - [25/Aug/2023:01:11:16 -0500] "GET /BLA/boletinlegal/ HTTP/1.1" 200 60692
201.245.192.253 - - [25/Aug/2023:01:13:09 -0500] "POST /kwsrmcab/Wsrmcab  HTTP/1.1" 200 41818
66.249.79.97 - - [25/Aug/2023:01:13:39 -0500] "GET /galeria/galeria/fotos/9.jpg HTTP/1.1" 200 206239
216.245.221.92 - - [25/Aug/2023:01:14:02 -0500] "HEAD / HTTP/1.1" 200 -
66.249.79.97 - - [25/Aug/2023:01:17:44 -0500] "GET /galeria/galeria/fotos/15.jpg HTTP/1.1" 200 218669
172.22.2.4 - - [25/Aug/2023:01:17:54 -0500] "GET /BLA/boletinlegal/actos.php HTTP/1.1" 200 9682
172.22.2.4 - - [25/Aug/2023:01:16:16 -0500] "HEAD /BLA/boletinlegal/ HTTP/1.1" 200 -
201.245.192.253 - - [25/Aug/2023:01:18:08 -0500] "POST /kwsrmcab/Wsrmcab  HTTP/1.1" 200 41818
52.167.144.230 - - [25/Aug/2023:01:18:35 -0500] "GET /Publicaciones/2023EE88960.pdf HTTP/1.1" 404 227
172.22.2.4 - - [25/Aug/2023:01:17:06 -0500] "GET /BLA/boletinlegal/ HTTP/1.1" 200 54150
40.77.167.208 - - [25/Aug/2023:01:19:01 -0500] "GET /Autoliquidacion/index.php?dir=Solicitud+de+Licencia+Ambiental%2F HTTP/1.1" 200 2558
216.245.221.92 - - [25/Aug/2023:01:19:01 -0500] "HEAD / HTTP/1.1" 200 -
201.245.192.253 - - [25/Aug/2023:01:18:59 -0500] "POST /kwsrmcab/Wsrmcab HTTP/1.1" 200 42357
201.245.192.253 - - [25/Aug/2023:01:19:03 -0500] "POST /kwsrmcab/Wsrmcab HTTP/1.1" 200 43660
66.249.66.192 - - [25/Aug/2023:01:19:14 -0500] "GET /inscribete-en-este-proceso-de-formacion-para-ser-un-lider-o-una-lideresa-ambiental-en-tu-localidad.html HTTP/1.1" 304 -
52.167.144.230 - - [25/Aug/2023:01:19:16 -0500] "GET /Autoliquidacion/dlf/styles.css HTTP/1.1" 200 3045
52.167.144.230 - - [25/Aug/2023:01:20:08 -0500] "GET /Publicaciones/2023EE193329.pdf HTTP/1.1" 200 231954
201.245.192.253 - - [25/Aug/2023:01:23:07 -0500] "POST /kwsrmcab/Wsrmcab  HTTP/1.1" 200 41818
186.80.66.190 - - [25/Aug/2023:01:23:41 -0500] "GET /secretaria-de-ambiente-abre-convocatoria-para-el-proceso-de-formacion-mujeres-cuidadoras-de-humedales.html HTTP/1.1" 200 943
172.22.2.4 - - [25/Aug/2023:01:22:06 -0500] "HEAD /BLA/boletinlegal/ HTTP/1.1" 200 -
216.245.221.92 - - [25/Aug/2023:01:24:01 -0500] "HEAD / HTTP/1.1" 200 -
172.22.2.4 - - [25/Aug/2023:01:22:56 -0500] "GET /BLA/boletinlegal/ HTTP/1.1" 200 58597
66.249.66.192 - - [25/Aug/2023:01:25:31 -0500] "GET /como-obtener-el-certificado-de-estado-de-conservacion-ambiental-ceca.html HTTP/1.1" 304 -
66.249.79.96 - - [25/Aug/2023:01:25:55 -0500] "GET /galeria/galeria/fotos/20.jpg HTTP/1.1" 200 262745
191.156.53.55 - - [25/Aug/2023:01:26:29 -0500] "GET /inscribete-y-participa-en-la-convencion-internacional-de-emergencia-climatica-bogota-2023.html HTTP/1.1" 200 895
52.167.144.108 - - [25/Aug/2023:01:26:46 -0500] "GET /sia/ HTTP/1.1" 200 2661
172.22.2.4 - - [25/Aug/2023:01:26:50 -0500] "GET /BLA/boletinlegal/jurisprudencia.php HTTP/1.1" 200 17583
52.167.144.108 - - [25/Aug/2023:01:26:56 -0500] "GET /css/fondos.css HTTP/1.1" 404 1018
52.167.144.230 - - [25/Aug/2023:01:27:06 -0500] "GET /css/bordes.css HTTP/1.1" 404 1018
52.167.144.230 - - [25/Aug/2023:01:27:06 -0500] "GET /css/date_blue.css HTTP/1.1" 404 1018
52.167.144.230 - - [25/Aug/2023:01:27:06 -0500] "GET /css/textos.css HTTP/1.1" 404 1018
172.22.2.4 - - [25/Aug/2023:01:27:10 -0500] "GET /BLA/boletinlegal/js/jquery1.js HTTP/1.1" 200 29846
172.22.2.4 - - [25/Aug/2023:01:27:10 -0500] "GET /BLA/boletinlegal/js/lib.js HTTP/1.1" 200 6474
172.22.2.4 - - [25/Aug/2023:01:27:14 -0500] "GET /BLA/boletinlegal/js/popup.js HTTP/1.1" 200 1270
201.245.192.253 - - [25/Aug/2023:01:28:05 -0500] "POST /kwsrmcab/Wsrmcab  HTTP/1.1" 200 41818
216.245.221.92 - - [25/Aug/2023:01:29:01 -0500] "HEAD / HTTP/1.1" 200 -
201.245.192.253 - - [25/Aug/2023:01:29:00 -0500] "POST /kwsrmcab/Wsrmcab HTTP/1.1" 200 42357
201.245.192.253 - - [25/Aug/2023:01:29:03 -0500] "POST /kwsrmcab/Wsrmcab HTTP/1.1" 200 43660
172.22.2.4 - - [25/Aug/2023:01:27:56 -0500] "HEAD /BLA/boletinlegal/ HTTP/1.1" 200 -
172.22.2.4 - - [25/Aug/2023:01:28:46 -0500] "GET /BLA/boletinlegal/ HTTP/1.1" 200 53013
207.46.13.208 - - [25/Aug/2023:01:30:57 -0500] "GET /Publicaciones/2023EE192164.pdf HTTP/1.1" 200 231877
51.15.249.70 - - [25/Aug/2023:01:31:31 -0500] "HEAD / HTTP/1.1" 200 -
201.245.192.253 - - [25/Aug/2023:01:33:04 -0500] "POST /kwsrmcab/Wsrmcab  HTTP/1.1" 200 41818
216.245.221.92 - - [25/Aug/2023:01:34:01 -0500] "HEAD / HTTP/1.1" 200 -
66.249.79.111 - - [25/Aug/2023:01:34:06 -0500] "GET /galeria/galeria/fotos/19.jpg HTTP/1.1" 200 294330
172.22.2.4 - - [25/Aug/2023:01:33:46 -0500] "HEAD /BLA/boletinlegal/ HTTP/1.1" 200 -
172.22.2.4 - - [25/Aug/2023:01:34:36 -0500] "GET /BLA/boletinlegal/ HTTP/1.1" 200 58187
201.245.192.253 - - [25/Aug/2023:01:38:03 -0500] "POST /kwsrmcab/Wsrmcab  HTTP/1.1" 200 41818
216.245.221.92 - - [25/Aug/2023:01:39:01 -0500] "HEAD / HTTP/1.1" 200 -
201.245.192.253 - - [25/Aug/2023:01:38:59 -0500] "POST /kwsrmcab/Wsrmcab HTTP/1.1" 200 42357
201.245.192.253 - - [25/Aug/2023:01:39:03 -0500] "POST /kwsrmcab/Wsrmcab HTTP/1.1" 200 43660
66.249.66.193 - - [25/Aug/2023:01:40:10 -0500] "GET /secretaria-de-ambiente-recuerda-a-comerciantes-implementar-o-actualizar-el-programa-de-uso-racional-de-bolsas-plasticas.html HTTP/1.1" 304 -
186.179.103.109 - - [25/Aug/2023:01:40:30 -0500] "GET /inscribete-y-participa-en-la-convencion-internacional-de-emergencia-climatica-bogota-2023.html HTTP/1.1" 200 895
186.179.103.109 - - [25/Aug/2023:01:40:42 -0500] "GET /inscribete-y-participa-en-la-convencion-internacional-de-emergencia-climatica-bogota-2023.html HTTP/1.1" 200 895
186.179.103.109 - - [25/Aug/2023:01:40:42 -0500] "GET /favicon.ico HTTP/1.1" 404 1136
172.22.2.4 - - [25/Aug/2023:01:39:35 -0500] "HEAD /BLA/boletinlegal/ HTTP/1.1" 200 -
172.22.2.4 - - [25/Aug/2023:01:40:26 -0500] "GET /BLA/boletinlegal/ HTTP/1.1" 200 55460
66.249.79.97 - - [25/Aug/2023:01:42:17 -0500] "GET /galeria/galeria/fotos/6.jpg HTTP/1.1" 200 313010
172.22.2.4 - - [25/Aug/2023:01:41:35 -0500] "GET /BLA/boletinlegal/ HTTP/1.1" 200 32715
201.245.192.253 - - [25/Aug/2023:01:43:02 -0500] "POST /kwsrmcab/Wsrmcab  HTTP/1.1" 200 41818
216.245.221.92 - - [25/Aug/2023:01:44:01 -0500] "HEAD / HTTP/1.1" 200 -
31.13.103.7 - - [25/Aug/2023:01:44:57 -0500] "GET /calidad-del-aire-distrito-avanza-unido-por-un-nuevo-aire.html?utm_id=Julio_2023 HTTP/1.1" 200 783
172.22.2.4 - - [25/Aug/2023:01:45:26 -0500] "HEAD /BLA/boletinlegal/ HTTP/1.1" 200 -
172.22.2.4 - - [25/Aug/2023:01:46:16 -0500] "GET /BLA/boletinlegal/ HTTP/1.1" 200 58187
201.245.192.253 - - [25/Aug/2023:01:47:59 -0500] "POST /kwsrmcab/Wsrmcab  HTTP/1.1" 200 41818
186.154.104.126 - - [25/Aug/2023:01:48:04 -0500] "GET /bogota-empieza-la-consolidacion-de-la-estrategia-de-bosques-urbanos-con-el-brazo-salitre-en-barrios-unidos.html?utm_source=Meta_DIGI&utm_medium=CPV&utm_campaign=BosquesUrbanos&utm_id=Agosto_2023&fbclid=IwAR1GHc_l0bha6JCpc6Al_p2S-II8kiMKkz70VUeouW5A1iuiqzwhqWGqNmI_aem_AUnOOklhZ4HUh48XD9UmtbU26zGe-UDVos_9FqqHHtjbc40Kwisyq_jE-pONAiRU24w2Q26s1-ZfA2mJG3f_Rxfe HTTP/1.1" 200 892
216.245.221.92 - - [25/Aug/2023:01:49:01 -0500] "HEAD / HTTP/1.1" 200 -
66.249.79.97 - - [25/Aug/2023:01:49:47 -0500] "GET /galeria/galeria/fotos/4.jpg HTTP/1.1" 200 296322
40.77.167.208 - - [25/Aug/2023:01:50:14 -0500] "GET /BLA/resoluciones/RESOLUCIONES%202022/0226.pdf HTTP/1.1" 304 -
40.77.167.247 - - [25/Aug/2023:01:50:40 -0500] "GET /Publicaciones/2023EE191919.pdf HTTP/1.1" 200 480305
181.53.12.249 - - [25/Aug/2023:01:51:38 -0500] "GET /inscribete-y-participa-en-la-convencion-internacional-de-emergencia-climatica-bogota-2023.html HTTP/1.1" 200 895
52.167.144.215 - - [25/Aug/2023:01:52:39 -0500] "GET /BLA/resoluciones/RESOLUCIONES%202021/5488.pdf HTTP/1.1" 200 424436
52.167.144.215 - - [25/Aug/2023:01:52:50 -0500] "GET /Publicaciones/2023EE192173.pdf HTTP/1.1" 200 231932
172.22.2.4 - - [25/Aug/2023:01:51:16 -0500] "HEAD /BLA/boletinlegal/ HTTP/1.1" 200 -
173.252.107.7 - - [25/Aug/2023:01:52:58 -0500] "GET /cerca-de-20-actividades-al-abrigo-de-las-aves-no-te-pierdas-la-jornada-cultural-jardin-de-noche.html HTTP/1.1" 200 793
201.245.192.253 - - [25/Aug/2023:01:52:59 -0500] "POST /kwsrmcab/Wsrmcab  HTTP/1.1" 200 41818
66.249.66.192 - - [25/Aug/2023:01:53:10 -0500] "GET /mas-de-28-toneladas-de-residuos-se-recolectaron-en-la-primera-reciclaton-2023.html HTTP/1.1" 304 -
172.22.2.4 - - [25/Aug/2023:01:52:06 -0500] "GET /BLA/boletinlegal/ HTTP/1.1" 200 53766
216.245.221.92 - - [25/Aug/2023:01:54:01 -0500] "HEAD / HTTP/1.1" 200 -
172.22.2.4 - - [25/Aug/2023:01:54:20 -0500] "GET /BLA/boletinlegal/ HTTP/1.1" 200 32715
52.167.144.215 - - [25/Aug/2023:01:55:38 -0500] "GET /Publicaciones/2023EE193715.pdf HTTP/1.1" 200 232780
66.249.79.97 - - [25/Aug/2023:01:57:17 -0500] "GET /galeria/galeria/fotos/16.jpg HTTP/1.1" 200 188294
201.245.192.253 - - [25/Aug/2023:01:57:59 -0500] "POST /kwsrmcab/Wsrmcab  HTTP/1.1" 200 41818
172.22.2.4 - - [25/Aug/2023:01:57:06 -0500] "HEAD /BLA/boletinlegal/ HTTP/1.1" 200 -
216.245.221.92 - - [25/Aug/2023:01:59:01 -0500] "HEAD / HTTP/1.1" 200 -
172.22.2.4 - - [25/Aug/2023:01:57:56 -0500] "GET /BLA/boletinlegal/ HTTP/1.1" 200 58981
201.245.192.253 - - [25/Aug/2023:02:02:59 -0500] "POST /kwsrmcab/Wsrmcab  HTTP/1.1" 200 41818
179.19.188.157 - - [25/Aug/2023:02:03:19 -0500] "GET /secretaria-de-ambiente-suspende-actividades-de-industria-que-operaba-en-usme-sin-permisos-ambientales.html HTTP/1.1" 200 864
216.245.221.92 - - [25/Aug/2023:02:04:01 -0500] "HEAD / HTTP/1.1" 200 -
66.249.66.87 - - [25/Aug/2023:02:04:32 -0500] "GET /portaldeninos/ HTTP/1.1" 200 110175
172.22.2.4 - - [25/Aug/2023:02:02:55 -0500] "HEAD /BLA/boletinlegal/ HTTP/1.1" 200 -
66.249.66.85 - - [25/Aug/2023:02:04:37 -0500] "GET /portaldeninos/wp-content/themes/betheme/css/base.css?ver=20.9.6 HTTP/1.1" 200 57283
66.249.66.86 - - [25/Aug/2023:02:04:38 -0500] "GET /portaldeninos/wp-content/themes/betheme/style.css?ver=20.9.6 HTTP/1.1" 200 287
66.249.66.85 - - [25/Aug/2023:02:04:39 -0500] "GET /portaldeninos/wp-content/themes/betheme/css/layout.css?ver=20.9.6 HTTP/1.1" 200 116639
66.249.66.85 - - [25/Aug/2023:02:04:40 -0500] "GET /portaldeninos/wp-includes/js/wp-emoji-release.min.js?ver=4.9.8 HTTP/1.1" 200 12026
66.249.66.86 - - [25/Aug/2023:02:04:41 -0500] "GET /portaldeninos/wp-content/themes/betheme/css/responsive.css?ver=20.9.6 HTTP/1.1" 200 55740
66.249.66.85 - - [25/Aug/2023:02:04:42 -0500] "GET /portaldeninos/wp-content/plugins/gallery-videos/JS/Total-Soft-Gallery-Video-Widget.js?ver=4.9.8 HTTP/1.1" 200 80264
66.249.66.85 - - [25/Aug/2023:02:04:44 -0500] "GET /portaldeninos/wp-content/themes/betheme/assets/jplayer/jplayer.min.js?ver=20.9.6 HTTP/1.1" 200 52702
66.249.66.85 - - [25/Aug/2023:02:04:44 -0500] "GET /portaldeninos/wp-content/themes/betheme/js/scripts.js?ver=20.9.6 HTTP/1.1" 200 77162
66.249.79.111 - - [25/Aug/2023:02:04:47 -0500] "GET /galeria/galeria/fotos/11.jpg HTTP/1.1" 200 204796
69.63.184.1 - - [25/Aug/2023:02:04:49 -0500] "GET /primer-festival-de-la-papa-nativa-en-el-jardin-botanico-conozca-pruebe-y-disfrute-estos-manjares-criollos-y-saludables.html HTTP/1.1" 200 1116
172.22.2.4 - - [25/Aug/2023:02:03:46 -0500] "GET /BLA/boletinlegal/ HTTP/1.1" 200 58187
111.202.101.14 - - [25/Aug/2023:02:06:44 -0500] "GET / HTTP/1.1" 200 319
201.245.192.253 - - [25/Aug/2023:02:07:58 -0500] "POST /kwsrmcab/Wsrmcab  HTTP/1.1" 200 41818
216.245.221.92 - - [25/Aug/2023:02:09:01 -0500] "HEAD / HTTP/1.1" 200 -
172.22.2.4 - - [25/Aug/2023:02:08:46 -0500] "HEAD /BLA/boletinlegal/ HTTP/1.1" 200 -
183.136.225.42 - - [25/Aug/2023:02:10:39 -0500] "GET / HTTP/1.1" 200 319
183.136.225.42 - - [25/Aug/2023:02:10:40 -0500] "GET / HTTP/1.1" 200 319
183.136.225.42 - - [25/Aug/2023:02:10:40 -0500] "GET /favicon.ico HTTP/1.1" 200 7782
183.136.225.42 - - [25/Aug/2023:02:10:41 -0500] "GET /robots.txt HTTP/1.1" 404 1018
172.22.2.4 - - [25/Aug/2023:02:09:36 -0500] "GET /BLA/boletinlegal/ HTTP/1.1" 200 53013
66.249.79.97 - - [25/Aug/2023:02:12:17 -0500] "GET /galeria/galeria/fotos/2.jpg HTTP/1.1" 200 204834
201.245.192.253 - - [25/Aug/2023:02:12:57 -0500] "POST /kwsrmcab/Wsrmcab  HTTP/1.1" 200 41818
186.154.32.123 - - [25/Aug/2023:02:13:16 -0500] "GET /inscribete-y-participa-en-la-convencion-internacional-de-emergencia-climatica-bogota-2023.html HTTP/1.1" 200 895
186.154.32.123 - - [25/Aug/2023:02:13:16 -0500] "GET /images/BANNER-WEB-convencion.jpg HTTP/1.1" 200 118772
216.245.221.92 - - [25/Aug/2023:02:14:01 -0500] "HEAD / HTTP/1.1" 200 -
172.22.2.4 - - [25/Aug/2023:02:14:35 -0500] "HEAD /BLA/boletinlegal/ HTTP/1.1" 200 -
172.22.2.4 - - [25/Aug/2023:02:15:26 -0500] "GET /BLA/boletinlegal/ HTTP/1.1" 200 58187
52.167.144.163 - - [25/Aug/2023:02:17:22 -0500] "GET /Publicaciones/2023EE193335.pdf HTTP/1.1" 200 231680
201.245.192.253 - - [25/Aug/2023:02:17:54 -0500] "POST /kwsrmcab/Wsrmcab  HTTP/1.1" 200 41818
201.245.192.253 - - [25/Aug/2023:02:18:59 -0500] "POST /kwsrmcab/Wsrmcab HTTP/1.1" 200 42496
216.245.221.92 - - [25/Aug/2023:02:19:01 -0500] "HEAD / HTTP/1.1" 200 -
201.245.192.253 - - [25/Aug/2023:02:19:02 -0500] "POST /kwsrmcab/Wsrmcab HTTP/1.1" 200 43665
52.167.144.163 - - [25/Aug/2023:02:21:02 -0500] "GET /BLA/resoluciones/AUTOS%202023/0707.pdf HTTP/1.1" 200 2856450
172.22.2.4 - - [25/Aug/2023:02:20:25 -0500] "HEAD /BLA/boletinlegal/ HTTP/1.1" 200 -
172.22.2.4 - - [25/Aug/2023:02:21:16 -0500] "GET /BLA/boletinlegal/ HTTP/1.1" 200 60692
201.245.192.253 - - [25/Aug/2023:02:22:54 -0500] "POST /kwsrmcab/Wsrmcab  HTTP/1.1" 200 41818
216.245.221.92 - - [25/Aug/2023:02:24:01 -0500] "HEAD / HTTP/1.1" 200 -
172.22.2.4 - - [25/Aug/2023:02:26:15 -0500] "HEAD /BLA/boletinlegal/ HTTP/1.1" 200 -
201.245.192.253 - - [25/Aug/2023:02:27:54 -0500] "POST /kwsrmcab/Wsrmcab  HTTP/1.1" 200 41818
200.118.60.55 - - [25/Aug/2023:02:28:14 -0500] "GET /BLA/resoluciones/index.php?dir=AUTOS+2015%2F HTTP/1.1" 200 583842
172.22.2.4 - - [25/Aug/2023:02:27:06 -0500] "GET /BLA/boletinlegal/ HTTP/1.1" 200 60692
216.245.221.92 - - [25/Aug/2023:02:29:01 -0500] "HEAD / HTTP/1.1" 200 -
201.245.192.253 - - [25/Aug/2023:02:29:00 -0500] "POST /kwsrmcab/Wsrmcab HTTP/1.1" 200 42496
201.245.192.253 - - [25/Aug/2023:02:29:03 -0500] "POST /kwsrmcab/Wsrmcab HTTP/1.1" 200 43665
201.245.192.253 - - [25/Aug/2023:02:32:53 -0500] "POST /kwsrmcab/Wsrmcab  HTTP/1.1" 200 41818
172.22.2.4 - - [25/Aug/2023:02:32:05 -0500] "HEAD /BLA/boletinlegal/ HTTP/1.1" 200 -
216.245.221.92 - - [25/Aug/2023:02:34:01 -0500] "HEAD / HTTP/1.1" 200 -
162.55.166.12 - - [25/Aug/2023:02:34:19 -0500] "GET / HTTP/1.1" 200 4720
162.55.166.12 - - [25/Aug/2023:02:34:21 -0500] "GET / HTTP/1.1" 200 319
66.249.66.192 - - [25/Aug/2023:02:34:32 -0500] "GET /inscribete-en-este-proceso-de-formacion-para-ser-un-lider-o-una-lideresa-ambiental-en-tu-localidad.html HTTP/1.1" 304 -
172.22.2.4 - - [25/Aug/2023:02:32:56 -0500] "GET /BLA/boletinlegal/ HTTP/1.1" 200 61130
201.245.192.253 - - [25/Aug/2023:02:37:52 -0500] "POST /kwsrmcab/Wsrmcab  HTTP/1.1" 200 41818
216.245.221.92 - - [25/Aug/2023:02:39:01 -0500] "HEAD / HTTP/1.1" 200 -
201.245.192.253 - - [25/Aug/2023:02:38:59 -0500] "POST /kwsrmcab/Wsrmcab HTTP/1.1" 200 42496
201.245.192.253 - - [25/Aug/2023:02:39:02 -0500] "POST /kwsrmcab/Wsrmcab HTTP/1.1" 200 43665
172.22.2.4 - - [25/Aug/2023:02:37:55 -0500] "HEAD /BLA/boletinlegal/ HTTP/1.1" 200 -
146.190.135.19 - - [25/Aug/2023:02:40:22 -0500] "GET / HTTP/1.0" 200 319
172.22.2.4 - - [25/Aug/2023:02:38:46 -0500] "GET /BLA/boletinlegal/ HTTP/1.1" 200 53013
201.245.192.253 - - [25/Aug/2023:02:42:50 -0500] "POST /kwsrmcab/Wsrmcab  HTTP/1.1" 200 41818
216.245.221.92 - - [25/Aug/2023:02:44:01 -0500] "HEAD / HTTP/1.1" 200 -
172.22.2.4 - - [25/Aug/2023:02:43:45 -0500] "HEAD /BLA/boletinlegal/ HTTP/1.1" 200 -
172.22.2.4 - - [25/Aug/2023:02:44:36 -0500] "GET /BLA/boletinlegal/ HTTP/1.1" 200 58597
201.245.192.253 - - [25/Aug/2023:02:47:49 -0500] "POST /kwsrmcab/Wsrmcab  HTTP/1.1" 200 41818
216.245.221.92 - - [25/Aug/2023:02:49:01 -0500] "HEAD / HTTP/1.1" 200 -
66.249.66.193 - - [25/Aug/2023:02:49:32 -0500] "GET /vehiculos-de-cero-o-bajas-emisiones-para-enfrentar-el-cambio-climatico.html HTTP/1.1" 304 -
69.63.189.6 - - [25/Aug/2023:02:50:06 -0500] "GET /secretaria-de-ambiente-suspende-actividades-de-industria-que-operaba-en-usme-sin-permisos-ambientales.html HTTP/1.1" 200 864
178.33.233.108 - - [25/Aug/2023:02:50:17 -0500] "GET /caminos-de-los-cerros-cerrados-este-fin-de-semana.html HTTP/1.1" 200 792
172.22.2.4 - - [25/Aug/2023:02:50:20 -0500] "GET /BLA/boletinlegal/actuator/gateway/routes HTTP/1.1" 404 1018
172.22.2.4 - - [25/Aug/2023:02:49:35 -0500] "HEAD /BLA/boletinlegal/ HTTP/1.1" 200 -
172.22.2.4 - - [25/Aug/2023:02:50:26 -0500] "GET /BLA/boletinlegal/ HTTP/1.1" 200 60692
201.245.192.253 - - [25/Aug/2023:02:52:50 -0500] "POST /kwsrmcab/Wsrmcab  HTTP/1.1" 200 41818
216.245.221.92 - - [25/Aug/2023:02:54:01 -0500] "HEAD / HTTP/1.1" 200 -
52.167.144.190 - - [25/Aug/2023:02:55:29 -0500] "GET /Publicaciones/2023EE193019.pdf HTTP/1.1" 200 471239
31.13.127.23 - - [25/Aug/2023:02:55:56 -0500] "GET /secretaria-de-ambiente-suspende-actividades-de-industria-que-operaba-en-usme-sin-permisos-ambientales.html?fbclid=IwAR35HUT7DtmRbM89FaQXRjTWdesL3IO9VzOVZfZYGqz42EN901YCRJGMY7o HTTP/1.1" 200 864
172.22.2.4 - - [25/Aug/2023:02:55:25 -0500] "HEAD /BLA/boletinlegal/ HTTP/1.1" 200 -
87.236.176.66 - - [25/Aug/2023:02:57:42 -0500] "GET /portaldeninos/ HTTP/1.1" 200 110175
201.245.192.253 - - [25/Aug/2023:02:57:49 -0500] "POST /kwsrmcab/Wsrmcab  HTTP/1.1" 200 41818
172.22.2.4 - - [25/Aug/2023:02:56:16 -0500] "GET /BLA/boletinlegal/ HTTP/1.1" 200 60692
216.245.221.92 - - [25/Aug/2023:02:59:01 -0500] "HEAD / HTTP/1.1" 200 -
207.46.13.208 - - [25/Aug/2023:02:59:55 -0500] "GET /BLA/resoluciones/AUTOS%202022/1420.pdf HTTP/1.1" 304 -
66.249.79.111 - - [25/Aug/2023:03:01:47 -0500] "GET /resoluciones/RESOLUCIONES%202009/2646.pdf HTTP/1.1" 404 1018
201.245.192.253 - - [25/Aug/2023:03:02:47 -0500] "POST /kwsrmcab/Wsrmcab  HTTP/1.1" 200 41818
172.22.2.4 - - [25/Aug/2023:03:01:15 -0500] "HEAD /BLA/boletinlegal/ HTTP/1.1" 200 -
186.86.34.3 - - [25/Aug/2023:03:02:56 -0500] "GET /inscribete-y-participa-en-la-convencion-internacional-de-emergencia-climatica-bogota-2023.html HTTP/1.1" 200 895
172.22.2.4 - - [25/Aug/2023:03:02:06 -0500] "GET /BLA/boletinlegal/ HTTP/1.1" 200 60692
216.245.221.92 - - [25/Aug/2023:03:04:01 -0500] "HEAD / HTTP/1.1" 200 -
66.249.79.97 - - [25/Aug/2023:03:04:36 -0500] "GET /portel_dama/libreria/pdf/ecosistemas/restauracion/sitio/22_proye/xtras_in/cni_3.pdf HTTP/1.1" 404 1018
82.207.240.255 - - [25/Aug/2023:03:05:40 -0500] "GET /secretaria-de-ambiente-suspende-actividades-de-industria-que-operaba-en-usme-sin-permisos-ambientales.html?fbclid=PAAaYLx-TWXV1o6Sia6XzMRnjyM_Cwe6ojhwcXjfCHxz6bCy3gkaGUku_q3wc HTTP/1.1" 200 864
40.77.167.50 - - [25/Aug/2023:03:06:40 -0500] "GET /portaldeninos/wp-content/uploads/2020/11/EL-Burro-B-1-1024x576.jpg HTTP/1.1" 200 120653
66.249.79.96 - - [25/Aug/2023:03:06:53 -0500] "GET /BLA/resoluciones/RESOLUCIONES%202010/5342.pdf HTTP/1.1" 200 503351
168.119.253.11 - - [25/Aug/2023:03:07:49 -0500] "GET / HTTP/1.1" 200 319
168.119.253.11 - - [25/Aug/2023:03:07:49 -0500] "GET / HTTP/1.1" 200 4720
201.245.192.253 - - [25/Aug/2023:03:07:47 -0500] "POST /kwsrmcab/Wsrmcab  HTTP/1.1" 200 41818
172.22.2.4 - - [25/Aug/2023:03:07:05 -0500] "HEAD /BLA/boletinlegal/ HTTP/1.1" 200 -
40.77.167.50 - - [25/Aug/2023:03:09:01 -0500] "GET /Publicaciones/2023EE193327.pdf HTTP/1.1" 200 232350
216.245.221.92 - - [25/Aug/2023:03:09:01 -0500] "HEAD / HTTP/1.1" 200 -
172.22.2.4 - - [25/Aug/2023:03:07:56 -0500] "GET /BLA/boletinlegal/ HTTP/1.1" 200 58597
201.245.192.253 - - [25/Aug/2023:03:12:45 -0500] "POST /kwsrmcab/Wsrmcab  HTTP/1.1" 200 41818
168.119.253.69 - - [25/Aug/2023:03:13:03 -0500] "GET / HTTP/1.1" 200 319
168.119.253.69 - - [25/Aug/2023:03:13:04 -0500] "GET / HTTP/1.1" 200 4720
66.249.79.97 - - [25/Aug/2023:03:13:11 -0500] "GET /BLA/resoluciones/RESOLUCIONES%202009/5686.pdf HTTP/1.1" 200 876706
216.245.221.92 - - [25/Aug/2023:03:14:01 -0500] "HEAD / HTTP/1.1" 200 -
172.22.2.4 - - [25/Aug/2023:03:12:55 -0500] "HEAD /BLA/boletinlegal/ HTTP/1.1" 200 -
172.22.2.4 - - [25/Aug/2023:03:13:46 -0500] "GET /BLA/boletinlegal/ HTTP/1.1" 200 53013
66.249.79.96 - - [25/Aug/2023:03:16:45 -0500] "GET /BLA/resoluciones/RESOLUCIONES%202011/3514.pdf HTTP/1.1" 200 440045
201.245.192.253 - - [25/Aug/2023:03:17:44 -0500] "POST /kwsrmcab/Wsrmcab  HTTP/1.1" 200 41818
40.77.167.10 - - [25/Aug/2023:03:18:55 -0500] "GET /galeria/carrusel/Carrusel/jquery-ui-1.8.13.custom.min.js HTTP/1.1" 200 10800
40.77.167.10 - - [25/Aug/2023:03:18:55 -0500] "GET /galeria/carrusel/Carrusel/jquery.thumbnailScroller.js HTTP/1.1" 200 8157
40.77.167.10 - - [25/Aug/2023:03:18:55 -0500] "GET /galeria/nivo-slider/demo/banner.html HTTP/1.1" 200 5446
207.46.13.208 - - [25/Aug/2023:03:18:59 -0500] "GET /galeria/carrusel/Carrusel/jquery.thumbnailScroller.css HTTP/1.1" 200 2066
216.245.221.92 - - [25/Aug/2023:03:19:01 -0500] "HEAD / HTTP/1.1" 200 -
201.245.192.253 - - [25/Aug/2023:03:18:59 -0500] "POST /kwsrmcab/Wsrmcab HTTP/1.1" 200 42376
201.245.192.253 - - [25/Aug/2023:03:19:03 -0500] "POST /kwsrmcab/Wsrmcab HTTP/1.1" 200 43664
66.249.79.97 - - [25/Aug/2023:03:20:19 -0500] "GET /BLA/resoluciones/RESOLUCIONES%202009/4942.pdf HTTP/1.1" 200 356588
172.22.2.4 - - [25/Aug/2023:03:18:45 -0500] "HEAD /BLA/boletinlegal/ HTTP/1.1" 200 -
66.249.79.111 - - [25/Aug/2023:03:21:02 -0500] "GET /resoluciones/RESOLUCIONES%202008/1457.pdf HTTP/1.1" 404 1018
172.22.2.4 - - [25/Aug/2023:03:19:36 -0500] "GET /BLA/boletinlegal/ HTTP/1.1" 200 58187
66.249.79.97 - - [25/Aug/2023:03:22:06 -0500] "GET /BLA/resoluciones/RESOLUCIONES%202011/5014.pdf HTTP/1.1" 200 594866
201.245.192.253 - - [25/Aug/2023:03:22:44 -0500] "POST /kwsrmcab/Wsrmcab  HTTP/1.1" 200 41818
66.249.66.206 - - [25/Aug/2023:03:23:11 -0500] "GET /robots.txt HTTP/1.1" 404 1043
66.249.79.111 - - [25/Aug/2023:03:23:11 -0500] "GET /BLA/resoluciones/AUTOS%202008/1015.pdf HTTP/1.1" 200 366911
66.249.66.205 - - [25/Aug/2023:03:23:11 -0500] "GET /BLA/boletinlegal/Directivas/2017/Directiva%20No.%2001%20del%2027%20de%20Junio%20de%202018.pdf HTTP/1.1" 304 -
216.245.221.92 - - [25/Aug/2023:03:24:01 -0500] "HEAD / HTTP/1.1" 200 -
66.249.66.194 - - [25/Aug/2023:03:25:10 -0500] "GET /mujeres-que-reverdecen-secretaria-de-ambiente-anuncia-el-inicio-de-la-tercera-fase.html HTTP/1.1" 200 954
66.249.79.96 - - [25/Aug/2023:03:25:40 -0500] "GET /BLA/resoluciones/AUTOS%202009/0499.pdf HTTP/1.1" 200 185717
172.22.2.4 - - [25/Aug/2023:03:24:35 -0500] "HEAD /BLA/boletinlegal/ HTTP/1.1" 200 -
54.73.240.65 - - [25/Aug/2023:03:26:18 -0500] "GET /BLA/resoluciones/RESOLUCIONES_2014/1597.pdf HTTP/1.1" 404 1018
54.73.240.65 - - [25/Aug/2023:03:26:19 -0500] "GET /BLA/resoluciones/RESOLUCIONES_2014/1597.pdf HTTP/1.1" 404 1018
179.19.46.135 - - [25/Aug/2023:03:26:40 -0500] "GET /secretaria-de-ambiente-suspende-actividades-de-industria-que-operaba-en-usme-sin-permisos-ambientales.html HTTP/1.1" 200 864
172.22.2.4 - - [25/Aug/2023:03:25:26 -0500] "GET /BLA/boletinlegal/ HTTP/1.1" 200 56257
201.245.192.253 - - [25/Aug/2023:03:27:42 -0500] "POST /kwsrmcab/Wsrmcab  HTTP/1.1" 200 41818
66.249.79.96 - - [25/Aug/2023:03:27:46 -0500] "GET /resoluciones/RESOLUCIONES%202010/1390.pdf HTTP/1.1" 404 1018
40.77.167.29 - - [25/Aug/2023:03:27:47 -0500] "GET /BLA/resoluciones/RESOLUCIONES%202013/0292.pdf HTTP/1.1" 200 1664527
66.249.79.96 - - [25/Aug/2023:03:28:32 -0500] "GET /BLA/resoluciones/AUTOS%202008/0123.pdf HTTP/1.1" 200 92021
216.245.221.92 - - [25/Aug/2023:03:29:01 -0500] "HEAD / HTTP/1.1" 200 -
201.245.192.253 - - [25/Aug/2023:03:29:00 -0500] "POST /kwsrmcab/Wsrmcab HTTP/1.1" 200 42376
201.245.192.253 - - [25/Aug/2023:03:29:03 -0500] "POST /kwsrmcab/Wsrmcab HTTP/1.1" 200 43664
66.249.79.97 - - [25/Aug/2023:03:29:53 -0500] "GET /BLA/resoluciones/RESOLUCIONES%202009/5993.pdf HTTP/1.1" 200 253487
66.249.79.96 - - [25/Aug/2023:03:31:05 -0500] "GET /BLA/resoluciones/RESOLUCIONES%202010/0128.pdf HTTP/1.1" 200 386612
66.249.79.96 - - [25/Aug/2023:03:31:11 -0500] "GET /BLA/resoluciones/RESOLUCIONES%202008/4223.pdf HTTP/1.1" 200 343032
66.249.79.96 - - [25/Aug/2023:03:31:53 -0500] "GET /BLA/resoluciones/RESOLUCIONES%202010/6040.pdf HTTP/1.1" 200 42310
199.16.157.181 - - [25/Aug/2023:03:32:01 -0500] "GET /robots.txt HTTP/1.1" 404 1034
199.16.157.181 - - [25/Aug/2023:03:32:01 -0500] "GET /images/1%20de%20febrer%20Operativo%20hornos.jpg HTTP/1.1" 200 69569
