201.245.192.253 - - [25/Aug/2023:05:52:13 -0500] "POST /kwsrmcab/Wsrmcab  HTTP/1.1" 200 41818
216.245.221.92 - - [25/Aug/2023:05:52:21 -0500] "HEAD / HTTP/1.1" 200 -
172.22.2.4 - - [25/Aug/2023:05:54:57 -0500] "HEAD /BLA/boletinlegal/ HTTP/1.1" 200 -
201.245.192.253 - - [25/Aug/2023:05:57:12 -0500] "POST /kwsrmcab/Wsrmcab  HTTP/1.1" 200 41818
216.245.221.92 - - [25/Aug/2023:05:57:21 -0500] "HEAD / HTTP/1.1" 200 -
172.22.2.4 - - [25/Aug/2023:05:55:47 -0500] "GET /BLA/boletinlegal/ HTTP/1.1" 200 60692
191.156.231.32 - - [25/Aug/2023:06:00:19 -0500] "GET /secretaria-de-ambiente-suspende-actividades-de-industria-que-operaba-en-usme-sin-permisos-ambientales.html?fbclid=PAAabzXUmp1N52VCtUkfn_fPf1DTw6PtBD87fePAWt5bYOuMiv7ISXa8FuyVA HTTP/1.1" 200 864
191.156.159.57 - - [25/Aug/2023:06:00:59 -0500] "GET /bogota-empieza-la-consolidacion-de-la-estrategia-de-bosques-urbanos-con-el-brazo-salitre-en-barrios-unidos.html?utm_source=Meta_DIGI&utm_medium=CPV&utm_campaign=BosquesUrbanos&utm_id=Agosto_2023&fbclid=IwAR122pOnazpHoJdAkfo9jjXJiV6y9gRbUugfegNJGuizB9PjnmXdQH60fP0_aem_AQLl4MX3VF3AjD7L1wwrPxMg6rvi1j1Xu2gJqoXK3_XT2_xOcbJUAa8e7_kW0dLArkmLgignELSMfAkUFt8aSz5m HTTP/1.1" 200 892
201.245.192.253 - - [25/Aug/2023:06:02:11 -0500] "POST /kwsrmcab/Wsrmcab  HTTP/1.1" 200 41818
216.245.221.92 - - [25/Aug/2023:06:02:21 -0500] "HEAD / HTTP/1.1" 200 -
172.22.2.4 - - [25/Aug/2023:06:00:47 -0500] "HEAD /BLA/boletinlegal/ HTTP/1.1" 200 -
172.22.2.4 - - [25/Aug/2023:06:01:37 -0500] "GET /BLA/boletinlegal/ HTTP/1.1" 200 52656
181.61.39.98 - - [25/Aug/2023:06:05:36 -0500] "GET /appsia/controlador HTTP/1.1" 200 4799
181.61.39.98 - - [25/Aug/2023:06:05:36 -0500] "GET /appsia/css/estilos.css HTTP/1.1" 200 4804
181.61.39.98 - - [25/Aug/2023:06:05:36 -0500] "GET /appsia/scripts/validarIngreso.js HTTP/1.1" 200 851
181.61.39.98 - - [25/Aug/2023:06:05:36 -0500] "GET /appsia/images/cabezoteHojaVida.png HTTP/1.1" 200 32493
181.61.39.98 - - [25/Aug/2023:06:05:36 -0500] "GET /appsia/images/logo_bogota_p.png HTTP/1.1" 200 14951
181.61.39.98 - - [25/Aug/2023:06:05:36 -0500] "GET /favicon.ico HTTP/1.1" 200 7782
181.61.39.98 - - [25/Aug/2023:06:05:41 -0500] "POST /appsia/controlador HTTP/1.1" 200 3602
181.61.39.98 - - [25/Aug/2023:06:05:41 -0500] "GET /appsia/jscripts/validarSolicitud.js HTTP/1.1" 404 68
181.61.39.98 - - [25/Aug/2023:06:05:57 -0500] "POST /appsia/controlador HTTP/1.1" 200 5437
181.61.39.98 - - [25/Aug/2023:06:06:07 -0500] "POST /appsia/controlador HTTP/1.1" 200 7799
181.61.39.98 - - [25/Aug/2023:06:06:12 -0500] "POST /appsia/controlador HTTP/1.1" 200 6664
181.61.39.98 - - [25/Aug/2023:06:06:17 -0500] "POST /appsia/controlador HTTP/1.1" 200 9488
181.61.39.98 - - [25/Aug/2023:06:07:04 -0500] "POST /appsia/controlador HTTP/1.1" 200 7799
191.156.226.237 - - [25/Aug/2023:06:07:07 -0500] "GET /secretaria-de-ambiente-abre-convocatoria-para-el-proceso-de-formacion-mujeres-cuidadoras-de-humedales.html HTTP/1.1" 200 943
181.61.39.98 - - [25/Aug/2023:06:07:08 -0500] "POST /appsia/controlador HTTP/1.1" 200 5437
181.61.39.98 - - [25/Aug/2023:06:07:12 -0500] "POST /appsia/controlador HTTP/1.1" 200 4799
201.245.192.253 - - [25/Aug/2023:06:07:11 -0500] "POST /kwsrmcab/Wsrmcab  HTTP/1.1" 200 41818
216.245.221.92 - - [25/Aug/2023:06:07:21 -0500] "HEAD / HTTP/1.1" 200 -
172.22.2.4 - - [25/Aug/2023:06:06:37 -0500] "HEAD /BLA/boletinlegal/ HTTP/1.1" 200 -
172.22.2.4 - - [25/Aug/2023:06:07:28 -0500] "GET /BLA/boletinlegal/ HTTP/1.1" 200 58187
201.245.192.253 - - [25/Aug/2023:06:12:09 -0500] "POST /kwsrmcab/Wsrmcab  HTTP/1.1" 200 41818
216.245.221.92 - - [25/Aug/2023:06:12:21 -0500] "HEAD / HTTP/1.1" 200 -
172.22.2.4 - - [25/Aug/2023:06:12:27 -0500] "HEAD /BLA/boletinlegal/ HTTP/1.1" 200 -
172.22.2.4 - - [25/Aug/2023:06:13:17 -0500] "GET /BLA/boletinlegal/ HTTP/1.1" 200 58187
113.207.1.133 - - [25/Aug/2023:06:15:06 -0500] "GET /galeria/galeria/fotos/mirador4P.jpg HTTP/1.1" 200 11757
52.167.144.108 - - [25/Aug/2023:06:16:32 -0500] "GET /sipse/faces/faces/autenticacion.xhtml HTTP/1.1" 200 12494
201.245.192.253 - - [25/Aug/2023:06:17:08 -0500] "POST /kwsrmcab/Wsrmcab  HTTP/1.1" 200 41818
172.22.2.4 - - [25/Aug/2023:06:16:43 -0500] "GET /BLA/boletinlegal/ HTTP/1.1" 200 24523
216.245.221.92 - - [25/Aug/2023:06:17:21 -0500] "HEAD / HTTP/1.1" 200 -
201.245.192.253 - - [25/Aug/2023:06:18:58 -0500] "POST /kwsrmcab/Wsrmcab HTTP/1.1" 200 42226
201.245.192.253 - - [25/Aug/2023:06:19:02 -0500] "POST /kwsrmcab/Wsrmcab HTTP/1.1" 200 43684
172.22.2.4 - - [25/Aug/2023:06:18:17 -0500] "HEAD /BLA/boletinlegal/ HTTP/1.1" 200 -
186.102.111.2 - - [25/Aug/2023:06:20:19 -0500] "GET /secretaria-de-ambiente-suspende-actividades-de-industria-que-operaba-en-usme-sin-permisos-ambientales.html?fbclid=IwAR3s4rBQ1BkG1sp2XhehOKbX8mpoXlJsDox6LKVCu2fZJFaPdJQ2RsfzFRQ HTTP/1.1" 200 864
172.22.2.4 - - [25/Aug/2023:06:19:07 -0500] "GET /BLA/boletinlegal/ HTTP/1.1" 200 60692
172.22.2.4 - - [25/Aug/2023:06:20:53 -0500] "GET /BLA/boletinlegal/jurisprudencia/analisis/AnalisisT-606-15.docx HTTP/1.1" 304 -
40.77.167.9 - - [25/Aug/2023:06:21:15 -0500] "GET /Publicaciones/2023EE192198.pdf HTTP/1.1" 200 774634
186.28.243.46 - - [25/Aug/2023:06:21:17 -0500] "GET /secretaria-de-ambiente-suspende-actividades-de-industria-que-operaba-en-usme-sin-permisos-ambientales.html HTTP/1.1" 200 864
207.46.13.208 - - [25/Aug/2023:06:21:55 -0500] "GET /Publicaciones/2023EE192925.pdf HTTP/1.1" 200 97527
201.245.192.253 - - [25/Aug/2023:06:22:07 -0500] "POST /kwsrmcab/Wsrmcab  HTTP/1.1" 200 41818
216.245.221.92 - - [25/Aug/2023:06:22:21 -0500] "HEAD / HTTP/1.1" 200 -
159.69.179.16 - - [25/Aug/2023:06:22:39 -0500] "GET / HTTP/1.1" 200 319
159.69.179.16 - - [25/Aug/2023:06:22:40 -0500] "GET / HTTP/1.1" 200 4720
181.59.2.243 - - [25/Aug/2023:06:25:34 -0500] "GET /bogota-empieza-la-consolidacion-de-la-estrategia-de-bosques-urbanos-con-el-brazo-salitre-en-barrios-unidos.html?utm_source=Meta_DIGI&utm_medium=CPV&utm_campaign=BosquesUrbanos&utm_id=Agosto_2023&fbclid=IwAR1uIkTBleoBDbMsLQwNNviCAHUzcQnPfZwAqvVcEBK8vrDGM6kyZ6_4iRs_aem_AQIEY-shOsmEvnXrxDBDE0QO3-UswXGcNP7jjCNc6uMd42Dta4BqaMeWbZyTpIBkawB605Q2xF2csssmzk2tPV0V HTTP/1.1" 200 892
172.22.2.4 - - [25/Aug/2023:06:24:07 -0500] "HEAD /BLA/boletinlegal/ HTTP/1.1" 200 -
168.119.52.80 - - [25/Aug/2023:06:26:20 -0500] "GET / HTTP/1.1" 200 319
168.119.52.80 - - [25/Aug/2023:06:26:22 -0500] "GET / HTTP/1.1" 200 4720
172.22.2.4 - - [25/Aug/2023:06:24:57 -0500] "GET /BLA/boletinlegal/ HTTP/1.1" 200 57323
201.245.192.253 - - [25/Aug/2023:06:27:07 -0500] "POST /kwsrmcab/Wsrmcab  HTTP/1.1" 200 41818
216.245.221.92 - - [25/Aug/2023:06:27:21 -0500] "HEAD / HTTP/1.1" 200 -
186.102.0.197 - - [25/Aug/2023:06:28:32 -0500] "GET /appsia/controlador HTTP/1.1" 200 4799
186.102.0.197 - - [25/Aug/2023:06:28:32 -0500] "GET /appsia/css/estilos.css HTTP/1.1" 200 4804
186.102.0.197 - - [25/Aug/2023:06:28:32 -0500] "GET /appsia/scripts/validarIngreso.js HTTP/1.1" 200 851
186.102.115.255 - - [25/Aug/2023:06:28:37 -0500] "OPTIONS /kwssiamovil/sm/setfile/f? HTTP/1.1" 200 13
186.102.115.255 - - [25/Aug/2023:06:28:37 -0500] "POST /kwssiamovil/sm/setfile/f? HTTP/1.1" 200 381
186.84.234.171 - - [25/Aug/2023:06:28:41 -0500] "POST /sipse/faces/presentacion/financiero/solicitudProceso/listarSolicitudProceso.xhtml HTTP/1.1" 200 115169
186.84.234.171 - - [25/Aug/2023:06:28:42 -0500] "GET /sipse/faces/javax.faces.resource/theme.css?ln=primefaces-sipse HTTP/1.1" 304 -
186.84.234.171 - - [25/Aug/2023:06:28:42 -0500] "GET /sipse/faces/javax.faces.resource/layout/layout.css?ln=primefaces&v=4.0 HTTP/1.1" 304 -
186.84.234.171 - - [25/Aug/2023:06:28:42 -0500] "GET /sipse/faces/javax.faces.resource/jquery/jquery.js?ln=primefaces&v=4.0 HTTP/1.1" 304 -
186.84.234.171 - - [25/Aug/2023:06:28:42 -0500] "GET /sipse/faces/javax.faces.resource/primefaces.css?ln=primefaces&v=4.0 HTTP/1.1" 304 -
186.84.234.171 - - [25/Aug/2023:06:28:42 -0500] "GET /sipse/faces/javax.faces.resource/jquery/jquery-plugins.js?ln=primefaces&v=4.0 HTTP/1.1" 304 -
186.84.234.171 - - [25/Aug/2023:06:28:42 -0500] "GET /sipse/faces/javax.faces.resource/primefaces.js?ln=primefaces&v=4.0 HTTP/1.1" 304 -
186.84.234.171 - - [25/Aug/2023:06:28:42 -0500] "GET /sipse/faces/javax.faces.resource/layout/layout.js?ln=primefaces&v=4.0 HTTP/1.1" 304 -
186.102.115.255 - - [25/Aug/2023:06:28:46 -0500] "GET /kwssiamovil/sm/acme/a?s=U2FsdGVkX1905oWhFpOKgZpY6J7r85NVANU+EVt597kph6j3W2WTYP1K4x4Y097PqmD8YptxPyZI+np21XCGE1n8gDFL6PmjuHumcx47P06OLhXamhvRZH8FwHVAkKKXrHMP4RuJ16VRBfpeM1AQL0tzmV9a36ce3P4PkWoZHAlUPhO4fsJSCdwSmK40aJdU9zuesoACq+AgKoy0/mZ/urBy5ANlAe7n2IAQEdg8iqJGcApAlUQgJr+QJu/irWLFwpwVVAKtUSaIkDl1WtnMaw==&u=U2FsdGVkX18fbMaJjzQJmX4uKxuBanzRGlb9E3RE//M=&y=U2FsdGVkX182AGp0fH3ScdN8IlYCHgVqChXDj8Eu97c= HTTP/1.1" 200 26
186.102.115.255 - - [25/Aug/2023:06:28:47 -0500] "GET /kwssiamovil/sm/acme/a?s=U2FsdGVkX1/jPOXTVxbZ3CbZxOUwos/o6XWtbiQJp1rSplSZED49t6HI0Zn898m/pr9CFrtSIMGjaGBlP5fTs1ajBV/rVPD4m4b8OSa/jUvNKa4WpOT+L0p9qEwpNKdyA9yMxMwzq0KWh+jv5DceecwvnPIvkTZasSzA3x8OGQgIM9TZ9dXFhsuOKNp1vbSLtJ1t5r+yKxbR8qW+z0hm5zZkPKIqlTZXLVrSiFu7VoS8SJP2unZejR5B9CDBtdyud9y2FQwtHmLmE95xb6EyIeRKnoJMmuSEXwxwfDdU1jwkx3lb6tQUxfawTDUvCmxqhdnXNeWjVjMnStg1pjLmUplgJFSlOkZS7bfgNPujUqRCOWT3x2ybtfrtAprFsliDlEv0aLRFzz2refXfQNcARtI93VPrq+nCzGnGx6U6W2jel52Xrf3bpUR1zRv+CdEXjxXPU/25sgcSVFRuvaZ88+FGgNbMxYiq3Xxm0qxDGAhTConQLAITuGGPll/4p2ca66kPV6iZPriF62EOUvZtIPfUlZoEFfU9EosmXe/zaPITkVPKiv8vkaydO1332+yp9NbKlZ9Vm6IJ+1CvamSm0o3p62E/ON9PnjHEEts90wr189/5re1Kz9kRt3R4sa/9B7jops98czLUc5oBHmQ2488ddDpl7DQPW303XJ7ilqEW64pb6kWLko2JqhkYj/mf7+ztrXHci6qMS25X+kVWMSRQOUjzU6FtFVXo42jGBeplhHKTvxSz8i9VEmKCeXjCzS8sci4tM6rtw7xPUqggxJcXZHsWGjUYfE+Zwk2gkqeLctIAIoyfFZ5OMN9HMH1SrGvkqX1L92VvfmhWbtnfG70tcpHuDmI/o2r4tmw2Hg/quQY3GNuRXEIsjtWBWV7XG3WTjzD7It9Oq9jbCMc2W9H+dUu1xsd7vLYckTKVs0raT/giJfy1/nALJo1kHFHo1thnLNlInllI59aseGMF0g7mAxqHFivit2MddMllZgF2s6/H2ZFRuwMrScsfqmXGq4eQQ2EveJHX3AA55AKMwCdqGbI+OzbCkhQFjjhyjVj4sGgFaWPEO7BDJIeURgPyo9X4IDPYzEvbRMcZgTNksGJ8A0trDTAPOyDjad2xEbHr/vLetTE4qrXqx37OJSw6CFe1q/K0LJnROOJmOIizzO2Uvw2hTtmpy+A+IsG18V9hQ+YnTUC1Anhm3T6DMya0i414W/Hl0UdpOCrZkJsAIh12uAWrJ0KC1QEyHSX+00XhXboRrjaDxu49R667N/POJx1ueUAkPI3ihe5EoGjI2aoyHpNOZldu4HbAjCW0mBmtt4SBKKFsXFOLjpOck4HghkoYUO7Lvh5sI3+VN09Vsloot1P5V+uA08WdzE+jdybZtrCFvoUhe8GkQyskpKfMU3/lPVa3Vc4TY8B88WfY+0eCXVxcvaWEfGLDwGh2mCWh5NiyS/aiz/tztq/cGE6cYAPVohF9Gdox4EE35l2BvAxVWZKrQ20WhsIDn207/KE7BTqNT8Nz+aDQctBGqp2FdScTQo6MVtEASz9XNWukhi74IqvGxOCQphxOoBgqmKW347Go/9/UZ1wKvwvfjyOUCsDQHdrpLyDu17/xohOjP2hMjYQlt/nHeM+pwtBpthhwWWL+LZ+KJLPdQ+sOIUHWivUpX6AO4oqGI+hw2KSdkrLEaZ5BrdSVnseCBeUvkWSxDIN+I20A5Jrq5D60sH6HC+nQO1rXsGlT8JpWf5UjmQ4mp/Q8Sy1ZAJwGm/vDsc6tt2deD/dfRQcvK6ojHFKzVjLQg45jYiVurKDj+Pj+iM43Uf1mQac4YUBSDnOhnB0QbYs0j+jfym2fsnCqnPicW0juG/ObfIdv9JHCkl1PbyGtcWvqJ7a8onk3BilHA7WSjNt1t52Mc7VlSP7U7tvixFfRuU0IO9jWjmTvbMbomgTb+kg+pZMSYt3RCIBGsqXwp1uF/8RZ7v05yJeiK/M9P2B0WPzTCyaqtg+TFa6eRBgwe4gxpkeH2E7iuPn7SpJRxyndjEdHeZSUYGus5FYtQrqblURTM5hdEnaCza0BFN8PbrcvQkhZuxbfFMBtexPaPFrKz5Uvro32YJQdTViPmQh4jkRRdojNI5rrBHg1VIk+rtmj2tQELOtjaHKH4PpVlf7rch6hoiLdl/nwwbWOwZP69vK5XZ+QDYQpgnnwkQ+QegT8E+uEw/zXG2CQxmGaULYCXfiDcjTsbjIzBGsggz4fLYqHh3VXRxt4NZ6i9UfRNFoAWm85DAIKTInB6wBBJUShf5QVL0GJuqsJ8Ma9VhI3rlli87MlbkPtXOHvRXeIvfwBRak6xY5+WZVUE1ftKv8SDE531XakPUlq0ELREC5mRDmAwOEuhQYY5bgTEtMVjX6xDNYmRNekOWOywgHlxGkoiQsb+ZGRWyKNVk5z71blaqgmv96PtTGiJ5V2J/ArwSa3xwI4ciizbUW0If4p4spBdzs11GpD5ROZbnqlU9oFu01fN4aLoTVdGX/dHo4nwmn+NeESbSJ/GfC27WK0k9wWenddkzILgxVucVmpA7YPG/ycmqma49kK6EYLB5cg0XBMI7+YPlsYcOHId7k=&u=U2FsdGVkX18fbMaJjzQJmX4uKxuBanzRGlb9E3RE//M=&y=U2FsdGVkX182AGp0fH3ScdN8IlYCHgVqChXDj8Eu97c= HTTP/1.1" 200 26
186.102.115.255 - - [25/Aug/2023:06:28:47 -0500] "GET /kwssiamovil/sm/acme/a?s=U2FsdGVkX18nBtNb7x0oGauSG42xkr/I7frnxB6xCFqUsaNeMBd7ukmKL8ay6lKg2bstmS7Vd6jBwrls37PTeywowEMeJHDFFpCMQ+Dxcsi1IE4WUiLxXZlybEcd9cpW1x2Ustcp/xIiWBdKCvDFdO2MOVsHFNsRbuzRV8AZZnA=&u=U2FsdGVkX18fbMaJjzQJmX4uKxuBanzRGlb9E3RE//M=&y=U2FsdGVkX182AGp0fH3ScdN8IlYCHgVqChXDj8Eu97c= HTTP/1.1" 200 26
186.102.115.255 - - [25/Aug/2023:06:28:47 -0500] "GET /kwssiamovil/sm/acme/a?s=U2FsdGVkX1/RdFiS+YM6znq7b6AKTt3YqmcENBG/QxwE3cLZolSHIepXBK5mKOW87vbHlKGRj+9TKwuzZ7Bu190GhAl5DNSkuhaXku0zvw0kZ4qjrgxx4MuhsvkmxO9xyNQcC1iAUuSn9pwFq6hlVOqu2TzkvZ8K68sJERYf8tA=&u=U2FsdGVkX18fbMaJjzQJmX4uKxuBanzRGlb9E3RE//M=&y=U2FsdGVkX182AGp0fH3ScdN8IlYCHgVqChXDj8Eu97c= HTTP/1.1" 200 26
186.102.115.255 - - [25/Aug/2023:06:28:47 -0500] "GET /kwssiamovil/sm/acme/a?s=U2FsdGVkX1+lK9Df8x5Uk4nZ1VN+Bk2KYwYPlG1p5g2oithYGLYm1HEHZqIXvKzqOoFk0K8xxAm4onwccf1CskhWkbAb6LclQlb9bBHUEhTDT1B5TveiQ99cwNBW1MvMYVh7sUjWabHF0vD7fgg4dSOxh5Vlw/SlzoYwfFjC1LE=&u=U2FsdGVkX18fbMaJjzQJmX4uKxuBanzRGlb9E3RE//M=&y=U2FsdGVkX182AGp0fH3ScdN8IlYCHgVqChXDj8Eu97c= HTTP/1.1" 200 26
186.102.115.255 - - [25/Aug/2023:06:28:48 -0500] "GET /kwssiamovil/sm/acme/a?s=U2FsdGVkX18N6JkiULa8fASHcoJK5R17FEVKmEy4g0IPCY0SPQ5gB2yGTSWstSoIW0Z0gSCvGV+k+rDsaqUMEuMiQfRsBlsBv92otnOQBUHxuiv3OJwWvHMBwc+7cEax1n1HkNjHh4s7mO5j16YnEQZ9YOx08UToyl3YVfyG8iw/cGSw+fiL0FRnYeaGi/qd&u=U2FsdGVkX18fbMaJjzQJmX4uKxuBanzRGlb9E3RE//M=&y=U2FsdGVkX182AGp0fH3ScdN8IlYCHgVqChXDj8Eu97c= HTTP/1.1" 200 26
186.84.234.171 - - [25/Aug/2023:06:28:48 -0500] "POST /sipse/faces/presentacion/financiero/solicitudProceso/consultarSolicitudProceso.xhtml HTTP/1.1" 200 30196
186.84.234.171 - - [25/Aug/2023:06:28:48 -0500] "GET /sipse/faces/javax.faces.resource/theme.css?ln=primefaces-sipse HTTP/1.1" 304 -
186.84.234.171 - - [25/Aug/2023:06:28:48 -0500] "GET /sipse/faces/javax.faces.resource/primefaces.css?ln=primefaces&v=4.0 HTTP/1.1" 304 -
186.84.234.171 - - [25/Aug/2023:06:28:48 -0500] "GET /sipse/faces/javax.faces.resource/layout/layout.css?ln=primefaces&v=4.0 HTTP/1.1" 304 -
186.102.115.255 - - [25/Aug/2023:06:28:48 -0500] "GET /kwssiamovil/sm/acme/a?s=U2FsdGVkX18/gJzkr/rPMioKwZXvWZumKux1R3ZuHo/2HoPEx4Fh5Mfhzr/zrG46EWjLCEszD7ZRW0MuDVQ+HhMzbnkM4XTDRY19P1cqcse/VIwCdyThEEsIzz7cU9zOxLL9s8Ux+mzqYHHkVEDGWM9H4EDmG03VK+GWd94hSFbf83c0C2E59VHYNx14o1aVaidngamQYt/8dxhjAudIMg==&u=U2FsdGVkX18fbMaJjzQJmX4uKxuBanzRGlb9E3RE//M=&y=U2FsdGVkX182AGp0fH3ScdN8IlYCHgVqChXDj8Eu97c= HTTP/1.1" 200 26
186.84.234.171 - - [25/Aug/2023:06:28:48 -0500] "GET /sipse/faces/javax.faces.resource/jquery/jquery.js?ln=primefaces&v=4.0 HTTP/1.1" 304 -
186.84.234.171 - - [25/Aug/2023:06:28:48 -0500] "GET /sipse/faces/javax.faces.resource/jquery/jquery-plugins.js?ln=primefaces&v=4.0 HTTP/1.1" 304 -
186.84.234.171 - - [25/Aug/2023:06:28:48 -0500] "GET /sipse/faces/javax.faces.resource/primefaces.js?ln=primefaces&v=4.0 HTTP/1.1" 304 -
186.84.234.171 - - [25/Aug/2023:06:28:48 -0500] "GET /sipse/faces/javax.faces.resource/layout/layout.js?ln=primefaces&v=4.0 HTTP/1.1" 304 -
186.102.115.255 - - [25/Aug/2023:06:28:48 -0500] "GET /kwssiamovil/sm/acme/a?s=U2FsdGVkX199k908jWzTNciDzfyW8qbuRKvsA3l7rKBDGgODT+mhiSa4YwpYpb1AHnkOwVm/xbq9rNjOGTVkFrA76N68RTTOenhSx2MbDh957EZBg7IDanx77MLlOUcGfxRAF6VKRtClOjpBrVZLNXJcVCrrmI8ETYFbkySKkO6C6v5f8ptcE4dItbs8PqeJ&u=U2FsdGVkX18fbMaJjzQJmX4uKxuBanzRGlb9E3RE//M=&y=U2FsdGVkX182AGp0fH3ScdN8IlYCHgVqChXDj8Eu97c= HTTP/1.1" 200 26
186.84.234.171 - - [25/Aug/2023:06:28:58 -0500] "POST /sipse/faces/presentacion/financiero/solicitudProceso/asignarContratacion.xhtml HTTP/1.1" 200 38581
186.84.234.171 - - [25/Aug/2023:06:29:00 -0500] "GET /sipse/faces/javax.faces.resource/theme.css?ln=primefaces-sipse HTTP/1.1" 304 -
186.84.234.171 - - [25/Aug/2023:06:29:00 -0500] "GET /sipse/faces/javax.faces.resource/jquery/jquery.js?ln=primefaces&v=4.0 HTTP/1.1" 304 -
186.84.234.171 - - [25/Aug/2023:06:29:00 -0500] "GET /sipse/faces/javax.faces.resource/primefaces.css?ln=primefaces&v=4.0 HTTP/1.1" 304 -
186.84.234.171 - - [25/Aug/2023:06:29:00 -0500] "GET /sipse/faces/javax.faces.resource/layout/layout.css?ln=primefaces&v=4.0 HTTP/1.1" 304 -
186.84.234.171 - - [25/Aug/2023:06:29:01 -0500] "GET /sipse/faces/javax.faces.resource/jquery/jquery-plugins.js?ln=primefaces&v=4.0 HTTP/1.1" 304 -
186.84.234.171 - - [25/Aug/2023:06:29:01 -0500] "GET /sipse/faces/javax.faces.resource/primefaces.js?ln=primefaces&v=4.0 HTTP/1.1" 304 -
186.84.234.171 - - [25/Aug/2023:06:29:01 -0500] "GET /sipse/faces/javax.faces.resource/layout/layout.js?ln=primefaces&v=4.0 HTTP/1.1" 304 -
186.84.234.171 - - [25/Aug/2023:06:29:01 -0500] "GET /sipse/faces/javax.faces.resource/messages/messages.png?ln=primefaces&v=4.0 HTTP/1.1" 304 -
186.84.234.171 - - [25/Aug/2023:06:29:01 -0500] "POST /sipse/faces/presentacion/financiero/solicitudProceso/listarSolicitudProceso.xhtml HTTP/1.1" 200 1420
201.245.192.253 - - [25/Aug/2023:06:28:58 -0500] "POST /kwsrmcab/Wsrmcab HTTP/1.1" 200 42226
201.245.192.253 - - [25/Aug/2023:06:29:01 -0500] "POST /kwsrmcab/Wsrmcab HTTP/1.1" 200 43684
186.84.234.171 - - [25/Aug/2023:06:29:14 -0500] "POST /sipse/faces/presentacion/financiero/solicitudProceso/listarSolicitudProceso.xhtml HTTP/1.1" 200 114801
186.84.234.171 - - [25/Aug/2023:06:29:15 -0500] "GET /sipse/faces/javax.faces.resource/theme.css?ln=primefaces-sipse HTTP/1.1" 304 -
186.84.234.171 - - [25/Aug/2023:06:29:15 -0500] "GET /sipse/faces/javax.faces.resource/primefaces.css?ln=primefaces&v=4.0 HTTP/1.1" 304 -
186.84.234.171 - - [25/Aug/2023:06:29:15 -0500] "GET /sipse/faces/javax.faces.resource/layout/layout.css?ln=primefaces&v=4.0 HTTP/1.1" 304 -
186.84.234.171 - - [25/Aug/2023:06:29:15 -0500] "GET /sipse/faces/javax.faces.resource/jquery/jquery.js?ln=primefaces&v=4.0 HTTP/1.1" 304 -
186.84.234.171 - - [25/Aug/2023:06:29:15 -0500] "GET /sipse/faces/javax.faces.resource/jquery/jquery-plugins.js?ln=primefaces&v=4.0 HTTP/1.1" 304 -
186.84.234.171 - - [25/Aug/2023:06:29:15 -0500] "GET /sipse/faces/javax.faces.resource/primefaces.js?ln=primefaces&v=4.0 HTTP/1.1" 304 -
186.84.234.171 - - [25/Aug/2023:06:29:15 -0500] "GET /sipse/faces/javax.faces.resource/layout/layout.js?ln=primefaces&v=4.0 HTTP/1.1" 304 -
186.84.234.171 - - [25/Aug/2023:06:29:22 -0500] "POST /sipse/faces/presentacion/financiero/solicitudProceso/consultarSolicitudProceso.xhtml HTTP/1.1" 200 30263
186.84.234.171 - - [25/Aug/2023:06:29:23 -0500] "GET /sipse/faces/javax.faces.resource/theme.css?ln=primefaces-sipse HTTP/1.1" 304 -
186.84.234.171 - - [25/Aug/2023:06:29:23 -0500] "GET /sipse/faces/javax.faces.resource/layout/layout.css?ln=primefaces&v=4.0 HTTP/1.1" 304 -
186.84.234.171 - - [25/Aug/2023:06:29:23 -0500] "GET /sipse/faces/javax.faces.resource/primefaces.css?ln=primefaces&v=4.0 HTTP/1.1" 304 -
186.84.234.171 - - [25/Aug/2023:06:29:23 -0500] "GET /sipse/faces/javax.faces.resource/jquery/jquery.js?ln=primefaces&v=4.0 HTTP/1.1" 304 -
186.84.234.171 - - [25/Aug/2023:06:29:23 -0500] "GET /sipse/faces/javax.faces.resource/jquery/jquery-plugins.js?ln=primefaces&v=4.0 HTTP/1.1" 304 -
186.84.234.171 - - [25/Aug/2023:06:29:23 -0500] "GET /sipse/faces/javax.faces.resource/primefaces.js?ln=primefaces&v=4.0 HTTP/1.1" 304 -
186.84.234.171 - - [25/Aug/2023:06:29:23 -0500] "GET /sipse/faces/javax.faces.resource/layout/layout.js?ln=primefaces&v=4.0 HTTP/1.1" 304 -
52.167.144.19 - - [25/Aug/2023:06:29:25 -0500] "GET /Publicaciones/2023EE191696.pdf HTTP/1.1" 200 481971
186.102.0.197 - - [25/Aug/2023:06:29:28 -0500] "POST /appsia/controlador HTTP/1.1" 200 5437
186.102.0.197 - - [25/Aug/2023:06:29:33 -0500] "POST /appsia/controlador HTTP/1.1" 200 7791
186.102.0.197 - - [25/Aug/2023:06:29:37 -0500] "POST /appsia/controlador HTTP/1.1" 200 5437
186.102.0.197 - - [25/Aug/2023:06:29:43 -0500] "POST /appsia/controlador HTTP/1.1" 200 7791
186.102.0.197 - - [25/Aug/2023:06:29:50 -0500] "POST /appsia/controlador HTTP/1.1" 200 6660
186.102.0.197 - - [25/Aug/2023:06:29:54 -0500] "POST /appsia/controlador HTTP/1.1" 200 11338
201.245.192.253 - - [25/Aug/2023:06:30:36 -0500] "GET /appsia/controlador HTTP/1.1" 200 4799
201.245.192.253 - - [25/Aug/2023:06:30:36 -0500] "GET /appsia/css/estilos.css HTTP/1.1" 200 4804
201.245.192.253 - - [25/Aug/2023:06:30:36 -0500] "GET /appsia/scripts/validarIngreso.js HTTP/1.1" 200 851
201.245.192.253 - - [25/Aug/2023:06:30:36 -0500] "GET /appsia/images/logo_bogota_p.png HTTP/1.1" 200 14951
201.245.192.253 - - [25/Aug/2023:06:30:36 -0500] "GET /appsia/images/cabezoteHojaVida.png HTTP/1.1" 200 32493
201.245.192.253 - - [25/Aug/2023:06:30:41 -0500] "POST /appsia/controlador HTTP/1.1" 200 5437
201.245.192.253 - - [25/Aug/2023:06:30:42 -0500] "POST /appsia/controlador HTTP/1.1" 200 7781
201.245.192.253 - - [25/Aug/2023:06:30:45 -0500] "POST /appsia/controlador HTTP/1.1" 200 6646
201.245.192.253 - - [25/Aug/2023:06:30:46 -0500] "POST /appsia/controlador HTTP/1.1" 200 10963
186.84.234.171 - - [25/Aug/2023:06:30:45 -0500] "POST /sipse/faces/presentacion/financiero/solicitudProceso/asignarContratacion.xhtml HTTP/1.1" 200 35633
186.84.234.171 - - [25/Aug/2023:06:30:48 -0500] "GET /sipse/faces/javax.faces.resource/theme.css?ln=primefaces-sipse HTTP/1.1" 304 -
186.84.234.171 - - [25/Aug/2023:06:30:48 -0500] "GET /sipse/faces/javax.faces.resource/primefaces.css?ln=primefaces&v=4.0 HTTP/1.1" 304 -
186.84.234.171 - - [25/Aug/2023:06:30:48 -0500] "GET /sipse/faces/javax.faces.resource/layout/layout.css?ln=primefaces&v=4.0 HTTP/1.1" 304 -
186.84.234.171 - - [25/Aug/2023:06:30:48 -0500] "GET /sipse/faces/javax.faces.resource/jquery/jquery.js?ln=primefaces&v=4.0 HTTP/1.1" 304 -
186.84.234.171 - - [25/Aug/2023:06:30:48 -0500] "GET /sipse/faces/javax.faces.resource/jquery/jquery-plugins.js?ln=primefaces&v=4.0 HTTP/1.1" 304 -
186.84.234.171 - - [25/Aug/2023:06:30:48 -0500] "GET /sipse/faces/javax.faces.resource/primefaces.js?ln=primefaces&v=4.0 HTTP/1.1" 304 -
186.84.234.171 - - [25/Aug/2023:06:30:48 -0500] "GET /sipse/faces/javax.faces.resource/layout/layout.js?ln=primefaces&v=4.0 HTTP/1.1" 304 -
186.84.234.171 - - [25/Aug/2023:06:30:48 -0500] "POST /sipse/faces/presentacion/financiero/solicitudProceso/listarSolicitudProceso.xhtml HTTP/1.1" 200 1400
186.84.234.171 - - [25/Aug/2023:06:30:59 -0500] "POST /sipse/faces/presentacion/financiero/solicitudProceso/listarSolicitudProceso.xhtml HTTP/1.1" 200 122119
186.84.234.171 - - [25/Aug/2023:06:31:00 -0500] "GET /sipse/faces/javax.faces.resource/theme.css?ln=primefaces-sipse HTTP/1.1" 304 -
186.84.234.171 - - [25/Aug/2023:06:31:00 -0500] "GET /sipse/faces/javax.faces.resource/primefaces.css?ln=primefaces&v=4.0 HTTP/1.1" 304 -
186.84.234.171 - - [25/Aug/2023:06:31:00 -0500] "GET /sipse/faces/javax.faces.resource/layout/layout.css?ln=primefaces&v=4.0 HTTP/1.1" 304 -
186.84.234.171 - - [25/Aug/2023:06:31:00 -0500] "GET /sipse/faces/javax.faces.resource/jquery/jquery.js?ln=primefaces&v=4.0 HTTP/1.1" 304 -
186.84.234.171 - - [25/Aug/2023:06:31:00 -0500] "GET /sipse/faces/javax.faces.resource/jquery/jquery-plugins.js?ln=primefaces&v=4.0 HTTP/1.1" 304 -
186.84.234.171 - - [25/Aug/2023:06:31:00 -0500] "GET /sipse/faces/javax.faces.resource/primefaces.js?ln=primefaces&v=4.0 HTTP/1.1" 304 -
186.84.234.171 - - [25/Aug/2023:06:31:00 -0500] "GET /sipse/faces/javax.faces.resource/layout/layout.js?ln=primefaces&v=4.0 HTTP/1.1" 304 -
186.84.234.171 - - [25/Aug/2023:06:31:05 -0500] "POST /sipse/faces/presentacion/financiero/solicitudProceso/consultarSolicitudProceso.xhtml HTTP/1.1" 200 30263
186.84.234.171 - - [25/Aug/2023:06:31:05 -0500] "GET /sipse/faces/javax.faces.resource/theme.css?ln=primefaces-sipse HTTP/1.1" 304 -
186.84.234.171 - - [25/Aug/2023:06:31:05 -0500] "GET /sipse/faces/javax.faces.resource/primefaces.css?ln=primefaces&v=4.0 HTTP/1.1" 304 -
186.84.234.171 - - [25/Aug/2023:06:31:05 -0500] "GET /sipse/faces/javax.faces.resource/layout/layout.css?ln=primefaces&v=4.0 HTTP/1.1" 304 -
186.84.234.171 - - [25/Aug/2023:06:31:05 -0500] "GET /sipse/faces/javax.faces.resource/jquery/jquery.js?ln=primefaces&v=4.0 HTTP/1.1" 304 -
186.84.234.171 - - [25/Aug/2023:06:31:05 -0500] "GET /sipse/faces/javax.faces.resource/jquery/jquery-plugins.js?ln=primefaces&v=4.0 HTTP/1.1" 304 -
186.84.234.171 - - [25/Aug/2023:06:31:05 -0500] "GET /sipse/faces/javax.faces.resource/primefaces.js?ln=primefaces&v=4.0 HTTP/1.1" 304 -
186.84.234.171 - - [25/Aug/2023:06:31:05 -0500] "GET /sipse/faces/javax.faces.resource/layout/layout.js?ln=primefaces&v=4.0 HTTP/1.1" 304 -
186.84.234.171 - - [25/Aug/2023:06:31:12 -0500] "POST /sipse/faces/presentacion/financiero/solicitudProceso/asignarContratacion.xhtml HTTP/1.1" 200 32342
186.84.234.171 - - [25/Aug/2023:06:31:15 -0500] "GET /sipse/faces/javax.faces.resource/theme.css?ln=primefaces-sipse HTTP/1.1" 304 -
186.84.234.171 - - [25/Aug/2023:06:31:15 -0500] "GET /sipse/faces/javax.faces.resource/primefaces.css?ln=primefaces&v=4.0 HTTP/1.1" 304 -
186.84.234.171 - - [25/Aug/2023:06:31:15 -0500] "GET /sipse/faces/javax.faces.resource/layout/layout.css?ln=primefaces&v=4.0 HTTP/1.1" 304 -
186.84.234.171 - - [25/Aug/2023:06:31:15 -0500] "GET /sipse/faces/javax.faces.resource/jquery/jquery.js?ln=primefaces&v=4.0 HTTP/1.1" 304 -
186.84.234.171 - - [25/Aug/2023:06:31:15 -0500] "GET /sipse/faces/javax.faces.resource/jquery/jquery-plugins.js?ln=primefaces&v=4.0 HTTP/1.1" 304 -
186.84.234.171 - - [25/Aug/2023:06:31:15 -0500] "GET /sipse/faces/javax.faces.resource/primefaces.js?ln=primefaces&v=4.0 HTTP/1.1" 304 -
186.84.234.171 - - [25/Aug/2023:06:31:15 -0500] "GET /sipse/faces/javax.faces.resource/layout/layout.js?ln=primefaces&v=4.0 HTTP/1.1" 304 -
186.84.234.171 - - [25/Aug/2023:06:31:15 -0500] "POST /sipse/faces/presentacion/financiero/solicitudProceso/listarSolicitudProceso.xhtml HTTP/1.1" 200 1376
172.22.2.4 - - [25/Aug/2023:06:29:57 -0500] "HEAD /BLA/boletinlegal/ HTTP/1.1" 200 -
201.245.192.253 - - [25/Aug/2023:06:32:06 -0500] "POST /kwsrmcab/Wsrmcab  HTTP/1.1" 200 41818
216.245.221.92 - - [25/Aug/2023:06:32:21 -0500] "HEAD / HTTP/1.1" 200 -
172.22.2.4 - - [25/Aug/2023:06:30:47 -0500] "GET /BLA/boletinlegal/ HTTP/1.1" 200 53013
191.156.159.250 - - [25/Aug/2023:06:33:39 -0500] "GET /secretaria-de-ambiente-suspende-actividades-de-industria-que-operaba-en-usme-sin-permisos-ambientales.html HTTP/1.1" 304 -
201.245.192.253 - - [25/Aug/2023:06:37:05 -0500] "POST /kwsrmcab/Wsrmcab  HTTP/1.1" 200 41818
52.167.144.19 - - [25/Aug/2023:06:37:16 -0500] "GET /Publicaciones/2023EE193023.pdf HTTP/1.1" 200 507935
216.245.221.92 - - [25/Aug/2023:06:37:21 -0500] "HEAD / HTTP/1.1" 200 -
172.22.2.4 - - [25/Aug/2023:06:35:47 -0500] "HEAD /BLA/boletinlegal/ HTTP/1.1" 200 -
172.22.2.4 - - [25/Aug/2023:06:36:37 -0500] "GET /BLA/boletinlegal/ HTTP/1.1" 200 58187
186.155.154.189 - - [25/Aug/2023:06:38:28 -0500] "GET /secretaria-de-ambiente-suspende-actividades-de-industria-que-operaba-en-usme-sin-permisos-ambientales.html HTTP/1.1" 200 864
186.155.154.189 - - [25/Aug/2023:06:38:28 -0500] "GET /secretaria-de-ambiente-suspende-actividades-de-industria-que-operaba-en-usme-sin-permisos-ambientales.html HTTP/1.1" 200 864
186.155.154.189 - - [25/Aug/2023:06:38:28 -0500] "GET /apple-touch-icon-120x120-precomposed.png HTTP/1.1" 404 1136
186.155.154.189 - - [25/Aug/2023:06:38:28 -0500] "GET /apple-touch-icon-120x120.png HTTP/1.1" 404 1136
186.155.154.189 - - [25/Aug/2023:06:38:28 -0500] "GET /apple-touch-icon-precomposed.png HTTP/1.1" 404 1136
186.155.154.189 - - [25/Aug/2023:06:38:28 -0500] "GET /apple-touch-icon.png HTTP/1.1" 404 1136
186.155.154.189 - - [25/Aug/2023:06:38:28 -0500] "GET /favicon.ico HTTP/1.1" 404 1136
186.155.154.189 - - [25/Aug/2023:06:38:28 -0500] "GET /apple-touch-icon-120x120-precomposed.png HTTP/1.1" 404 1136
186.155.154.189 - - [25/Aug/2023:06:38:28 -0500] "GET /apple-touch-icon-120x120.png HTTP/1.1" 404 1136
186.155.154.189 - - [25/Aug/2023:06:38:28 -0500] "GET /apple-touch-icon-precomposed.png HTTP/1.1" 404 1136
186.155.154.189 - - [25/Aug/2023:06:38:29 -0500] "GET /apple-touch-icon.png HTTP/1.1" 404 1136
186.155.154.189 - - [25/Aug/2023:06:38:29 -0500] "GET /favicon.ico HTTP/1.1" 404 1136
201.245.192.253 - - [25/Aug/2023:06:38:59 -0500] "POST /kwsrmcab/Wsrmcab HTTP/1.1" 200 42226
201.245.192.253 - - [25/Aug/2023:06:39:02 -0500] "POST /kwsrmcab/Wsrmcab HTTP/1.1" 200 43684
172.22.2.4 - - [25/Aug/2023:06:40:02 -0500] "GET /BLA/boletinlegal/ HTTP/1.1" 200 24523
66.249.70.7 - - [25/Aug/2023:06:40:43 -0500] "GET /Publicaciones/2023EE193019.pdf HTTP/1.1" 200 471239
201.245.192.253 - - [25/Aug/2023:06:42:04 -0500] "POST /kwsrmcab/Wsrmcab  HTTP/1.1" 200 41818
216.245.221.92 - - [25/Aug/2023:06:42:21 -0500] "HEAD / HTTP/1.1" 200 -
172.22.2.4 - - [25/Aug/2023:06:41:37 -0500] "HEAD /BLA/boletinlegal/ HTTP/1.1" 200 -
172.22.2.4 - - [25/Aug/2023:06:42:27 -0500] "GET /BLA/boletinlegal/ HTTP/1.1" 200 52656
66.249.70.5 - - [25/Aug/2023:06:46:52 -0500] "GET /galeria/galeria/jquery.fancybox.js?v=2.1.5 HTTP/1.1" 200 48706
201.245.192.253 - - [25/Aug/2023:06:47:02 -0500] "POST /kwsrmcab/Wsrmcab  HTTP/1.1" 200 41818
216.245.221.92 - - [25/Aug/2023:06:47:21 -0500] "HEAD / HTTP/1.1" 200 -
172.22.2.4 - - [25/Aug/2023:06:47:27 -0500] "HEAD /BLA/boletinlegal/ HTTP/1.1" 200 -
172.22.2.4 - - [25/Aug/2023:06:48:17 -0500] "GET /BLA/boletinlegal/ HTTP/1.1" 200 58597
191.156.153.224 - - [25/Aug/2023:06:49:58 -0500] "GET /secretaria-de-ambiente-suspende-actividades-de-industria-que-operaba-en-usme-sin-permisos-ambientales.html?fbclid=IwAR1b-5eU-H9buNBMGgi9FxvoljU-BNPtSqGxP8gVYoFvngwP0p6z3s4nnl4 HTTP/1.1" 200 864
152.203.175.245 - - [25/Aug/2023:06:51:48 -0500] "GET /inscribete-y-participa-en-la-convencion-internacional-de-emergencia-climatica-bogota-2023.html HTTP/1.1" 200 895
152.203.175.245 - - [25/Aug/2023:06:51:48 -0500] "GET /html/css/main.css?browserId=other&themeId=rknowsys_WAR_rknowsystheme&minifierType=css&languageId=es_ES&b=6202&t=1419355480000 HTTP/1.1" 404 1136
201.245.192.253 - - [25/Aug/2023:06:52:02 -0500] "POST /kwsrmcab/Wsrmcab  HTTP/1.1" 200 41818
216.245.221.92 - - [25/Aug/2023:06:52:21 -0500] "HEAD / HTTP/1.1" 200 -
181.59.2.134 - - [25/Aug/2023:06:52:48 -0500] "GET /secretaria-de-ambiente-abre-convocatoria-para-el-proceso-de-formacion-mujeres-cuidadoras-de-humedales.html HTTP/1.1" 304 -
216.244.66.246 - - [25/Aug/2023:06:53:26 -0500] "GET /robots.txt HTTP/1.1" 404 1034
172.22.2.4 - - [25/Aug/2023:06:53:17 -0500] "HEAD /BLA/boletinlegal/ HTTP/1.1" 200 -
66.249.70.6 - - [25/Aug/2023:06:55:11 -0500] "GET /BLA/resoluciones/RESOLUCIONES%202011/6982.pdf HTTP/1.1" 200 1266045
172.22.2.4 - - [25/Aug/2023:06:54:07 -0500] "GET /BLA/boletinlegal/ HTTP/1.1" 200 53013
172.22.2.4 - - [25/Aug/2023:06:55:53 -0500] "GET /BLA/boletinlegal/actos.php HTTP/1.1" 200 9682
172.22.2.4 - - [25/Aug/2023:06:55:53 -0500] "GET /BLA/boletinlegal/styles2.css HTTP/1.1" 200 1838
172.22.2.4 - - [25/Aug/2023:06:55:53 -0500] "GET /BLA/boletinlegal/js/ajax_actos.js HTTP/1.1" 200 1322
172.22.2.4 - - [25/Aug/2023:06:55:53 -0500] "GET /BLA/boletinlegal/niceforms.js HTTP/1.1" 200 22876
172.22.2.4 - - [25/Aug/2023:06:55:53 -0500] "GET /BLA/boletinlegal/niceforms-default.css HTTP/1.1" 200 6694
172.22.2.4 - - [25/Aug/2023:06:55:53 -0500] "GET /BLA/boletinlegal/style.css HTTP/1.1" 200 9406
172.22.2.4 - - [25/Aug/2023:06:55:53 -0500] "GET /BLA/boletinlegal/js/popup.js HTTP/1.1" 200 1270
172.22.2.4 - - [25/Aug/2023:06:55:53 -0500] "GET /BLA/boletinlegal/js/lib.js HTTP/1.1" 200 6474
172.22.2.4 - - [25/Aug/2023:06:55:53 -0500] "GET /BLA/boletinlegal/js/jquery1.js HTTP/1.1" 200 29846
172.22.2.4 - - [25/Aug/2023:06:55:53 -0500] "GET /BLA/boletinlegal/images/cabezote%20BLEGAL.jpg HTTP/1.1" 200 118164
172.22.2.4 - - [25/Aug/2023:06:55:53 -0500] "GET /BLA/boletinlegal/images/subscribe-icon-big.png HTTP/1.1" 200 47702
172.22.2.4 - - [25/Aug/2023:06:55:53 -0500] "GET /BLA/boletinlegal/images/historia.png HTTP/1.1" 200 52775
172.22.2.4 - - [25/Aug/2023:06:55:53 -0500] "GET /BLA/boletinlegal/images/tel.png HTTP/1.1" 200 14477
172.22.2.4 - - [25/Aug/2023:06:55:53 -0500] "GET /BLA/boletinlegal/images/registro-usuarios.png HTTP/1.1" 200 8106
172.22.2.4 - - [25/Aug/2023:06:55:53 -0500] "GET /BLA/boletinlegal/images/green-yellow-blue-pink-th.png HTTP/1.1" 200 7394
172.22.2.4 - - [25/Aug/2023:06:55:53 -0500] "GET /BLA/boletinlegal/images/icono-email.png HTTP/1.1" 200 5544
172.22.2.4 - - [25/Aug/2023:06:55:53 -0500] "GET /BLA/boletinlegal/images/body_bg.jpg HTTP/1.1" 200 1601
172.22.2.4 - - [25/Aug/2023:06:55:53 -0500] "GET /BLA/boletinlegal/images/menu_lft.gif HTTP/1.1" 200 1713
172.22.2.4 - - [25/Aug/2023:06:55:53 -0500] "GET /BLA/boletinlegal/images/menu_rght.gif HTTP/1.1" 200 1627
172.22.2.4 - - [25/Aug/2023:06:55:53 -0500] "GET /BLA/boletinlegal/images/bg_top.jpg HTTP/1.1" 200 522
172.22.2.4 - - [25/Aug/2023:06:55:53 -0500] "GET /BLA/boletinlegal/images/menu_bg.jpg HTTP/1.1" 200 620
172.22.2.4 - - [25/Aug/2023:06:55:53 -0500] "GET /BLA/boletinlegal/images/hover.jpg HTTP/1.1" 200 640
172.22.2.4 - - [25/Aug/2023:06:55:53 -0500] "GET /BLA/boletinlegal/images/text.jpg HTTP/1.1" 200 568
172.22.2.4 - - [25/Aug/2023:06:55:53 -0500] "GET /BLA/boletinlegal/images/footer_bg.jpg HTTP/1.1" 200 586
172.22.2.4 - - [25/Aug/2023:06:55:53 -0500] "GET /BLA/boletinlegal/images/footer_bg_l.jpg HTTP/1.1" 200 776
172.22.2.4 - - [25/Aug/2023:06:55:53 -0500] "GET /BLA/boletinlegal/img/0.png HTTP/1.1" 200 110
172.22.2.4 - - [25/Aug/2023:06:55:53 -0500] "GET /BLA/boletinlegal/img/select-left.png HTTP/1.1" 200 263
172.22.2.4 - - [25/Aug/2023:06:55:53 -0500] "GET /BLA/boletinlegal/img/select-right.png HTTP/1.1" 200 44019
172.22.2.4 - - [25/Aug/2023:06:55:53 -0500] "GET /BLA/boletinlegal/img/button-left.png HTTP/1.1" 200 57071
172.22.2.4 - - [25/Aug/2023:06:55:53 -0500] "GET /BLA/boletinlegal/img/button.png HTTP/1.1" 200 43241
172.22.2.4 - - [25/Aug/2023:06:55:53 -0500] "GET /BLA/boletinlegal/img/button-right.png HTTP/1.1" 200 57878
172.22.2.4 - - [25/Aug/2023:06:55:53 -0500] "GET /BLA/boletinlegal/favicon.ico HTTP/1.1" 404 1326
190.85.164.4 - - [25/Aug/2023:06:55:55 -0500] "GET /BLA/resoluciones/ HTTP/1.1" 200 13502
190.85.164.4 - - [25/Aug/2023:06:55:55 -0500] "GET /BLA/resoluciones/dlf/styles.css HTTP/1.1" 200 3049
190.85.164.4 - - [25/Aug/2023:06:55:55 -0500] "GET /BLA/resoluciones/dlf/folder.png HTTP/1.1" 200 410
190.85.164.4 - - [25/Aug/2023:06:55:55 -0500] "GET /BLA/resoluciones/dlf/bg.gif HTTP/1.1" 200 54
190.85.164.4 - - [25/Aug/2023:06:55:57 -0500] "GET /BLA/resoluciones/dlf/dirup.png HTTP/1.1" 200 644
190.85.164.4 - - [25/Aug/2023:06:55:57 -0500] "GET /BLA/resoluciones/dlf/pdf.gif HTTP/1.1" 200 272
190.85.164.4 - - [25/Aug/2023:06:55:57 -0500] "GET /BLA/resoluciones/dlf/archive.png HTTP/1.1" 200 632
190.85.164.4 - - [25/Aug/2023:06:55:57 -0500] "GET /BLA/resoluciones/index.php?dir=AUTOS+2023%2F HTTP/1.1" 200 250078
199.16.157.183 - - [25/Aug/2023:06:56:43 -0500] "GET /robots.txt HTTP/1.1" 404 1034
199.16.157.183 - - [25/Aug/2023:06:56:44 -0500] "GET /images/cr%C3%B3nica-29-nov-1_optimized.jpeg HTTP/1.1" 404 1034
201.245.192.253 - - [25/Aug/2023:06:57:01 -0500] "POST /kwsrmcab/Wsrmcab  HTTP/1.1" 200 41818
216.245.221.92 - - [25/Aug/2023:06:57:21 -0500] "HEAD / HTTP/1.1" 200 -
172.22.2.4 - - [25/Aug/2023:06:59:07 -0500] "HEAD /BLA/boletinlegal/ HTTP/1.1" 200 -
216.244.66.246 - - [25/Aug/2023:07:01:06 -0500] "GET /inscribete-y-participa-en-la-convencion-internacional-de-emergencia-climatica-bogota-2023.html HTTP/1.1" 200 895
172.22.2.4 - - [25/Aug/2023:06:59:57 -0500] "GET /BLA/boletinlegal/ HTTP/1.1" 200 60692
201.245.192.253 - - [25/Aug/2023:07:02:00 -0500] "POST /kwsrmcab/Wsrmcab  HTTP/1.1" 200 41818
216.245.221.92 - - [25/Aug/2023:07:02:21 -0500] "HEAD / HTTP/1.1" 200 -
152.202.66.97 - - [25/Aug/2023:07:05:13 -0500] "GET /appsia/controlador HTTP/1.1" 200 4799
152.202.66.97 - - [25/Aug/2023:07:05:14 -0500] "GET /favicon.ico HTTP/1.1" 200 7782
191.156.152.200 - - [25/Aug/2023:07:05:14 -0500] "GET /bogota-empieza-la-consolidacion-de-la-estrategia-de-bosques-urbanos-con-el-brazo-salitre-en-barrios-unidos.html?utm_source=Meta_DIGI&utm_medium=CPV&utm_campaign=BosquesUrbanos&utm_id=Agosto_2023&fbclid=IwAR2BCgQHb2pI2fSW-_8JDZhZcvWJ_5CeaSYDOlkXNkTtt1rtoSaQY0khXgI_aem_AQLEMSoeLalOzPbNi38B9chK8DZABsjikP5gAvaE1JoGtuQXeJXe2ji1PsCJl3uOJzxYE4c0YsfT_fyS71pZYs4W HTTP/1.1" 200 892
152.202.66.97 - - [25/Aug/2023:07:05:22 -0500] "POST /appsia/controlador HTTP/1.1" 200 5437
152.202.66.97 - - [25/Aug/2023:07:05:27 -0500] "POST /appsia/controlador HTTP/1.1" 200 7789
152.202.66.97 - - [25/Aug/2023:07:05:29 -0500] "POST /appsia/controlador HTTP/1.1" 200 6658
152.202.66.97 - - [25/Aug/2023:07:05:33 -0500] "POST /appsia/controlador HTTP/1.1" 200 12146
52.167.144.234 - - [25/Aug/2023:07:05:44 -0500] "GET /Publicaciones/2023EE192918.pdf HTTP/1.1" 200 232013
152.202.66.97 - - [25/Aug/2023:07:06:19 -0500] "POST /appsia/controlador HTTP/1.1" 200 7789
152.202.66.97 - - [25/Aug/2023:07:06:26 -0500] "POST /appsia/controlador HTTP/1.1" 200 6658
152.202.66.97 - - [25/Aug/2023:07:06:27 -0500] "POST /appsia/controlador HTTP/1.1" 200 11329
172.22.2.4 - - [25/Aug/2023:07:04:57 -0500] "HEAD /BLA/boletinlegal/ HTTP/1.1" 200 -
152.202.66.97 - - [25/Aug/2023:07:06:51 -0500] "GET /appsia/controlador?comando=regresar&id=79793608&funcionario=HERNAN+GONZALO+CADENA+CARRE%C3%83%C2%91O&desde=79793608&hasta=79793608&version=79793608 HTTP/1.1" 200 7789
152.202.66.97 - - [25/Aug/2023:07:07:00 -0500] "POST /appsia/controlador HTTP/1.1" 200 6658
201.245.192.253 - - [25/Aug/2023:07:06:58 -0500] "POST /kwsrmcab/Wsrmcab  HTTP/1.1" 200 41818
152.202.66.97 - - [25/Aug/2023:07:07:02 -0500] "POST /appsia/controlador HTTP/1.1" 200 10972
216.245.221.92 - - [25/Aug/2023:07:07:21 -0500] "HEAD / HTTP/1.1" 200 -
172.22.2.4 - - [25/Aug/2023:07:05:47 -0500] "GET /BLA/boletinlegal/ HTTP/1.1" 200 58187
152.202.66.97 - - [25/Aug/2023:07:07:32 -0500] "POST /appsia/controlador HTTP/1.1" 200 7789
152.202.66.97 - - [25/Aug/2023:07:07:41 -0500] "POST /appsia/controlador HTTP/1.1" 200 6658
152.202.66.97 - - [25/Aug/2023:07:07:42 -0500] "POST /appsia/controlador HTTP/1.1" 200 11329
152.202.66.97 - - [25/Aug/2023:07:07:56 -0500] "POST /appsia/controlador HTTP/1.1" 200 7789
152.202.66.97 - - [25/Aug/2023:07:08:02 -0500] "POST /appsia/controlador HTTP/1.1" 200 5437
152.202.66.97 - - [25/Aug/2023:07:08:07 -0500] "POST /appsia/controlador HTTP/1.1" 200 7789
152.202.66.97 - - [25/Aug/2023:07:08:09 -0500] "POST /appsia/controlador HTTP/1.1" 200 6658
152.202.66.97 - - [25/Aug/2023:07:08:10 -0500] "POST /appsia/controlador HTTP/1.1" 200 12146
191.156.230.209 - - [25/Aug/2023:07:08:46 -0500] "GET /bogota-empieza-la-consolidacion-de-la-estrategia-de-bosques-urbanos-con-el-brazo-salitre-en-barrios-unidos.html?utm_source=Meta_DIGI&utm_medium=CPV&utm_campaign=BosquesUrbanos&utm_id=Agosto_2023&fbclid=IwAR2HDUde783jXk1n5uOxaLNWnao_13LI5wSLx-_WRtUQTzT9aeCHNc94YCg_aem_AePIo2yhX2xDzHKKvwFTReFl8qiRctOSEyqKCl0G7doh_pPJYjiQoxZ_ix1V04YqbR_bM6jv2GK-Uk9IfWHPLrB9 HTTP/1.1" 200 892
191.156.224.184 - - [25/Aug/2023:07:09:59 -0500] "GET /appsia/controlador HTTP/1.1" 200 4799
191.156.224.184 - - [25/Aug/2023:07:10:06 -0500] "POST /appsia/controlador HTTP/1.1" 200 5437
191.156.224.184 - - [25/Aug/2023:07:10:08 -0500] "POST /appsia/controlador HTTP/1.1" 200 7789
191.156.224.184 - - [25/Aug/2023:07:10:09 -0500] "POST /appsia/controlador HTTP/1.1" 200 6662
191.156.224.184 - - [25/Aug/2023:07:10:16 -0500] "POST /appsia/controlador HTTP/1.1" 200 9860
186.28.125.183 - - [25/Aug/2023:07:10:31 -0500] "GET /appsia/controlador HTTP/1.1" 200 4799
186.28.125.183 - - [25/Aug/2023:07:10:31 -0500] "GET /appsia/css/estilos.css HTTP/1.1" 200 4804
186.28.125.183 - - [25/Aug/2023:07:10:31 -0500] "GET /appsia/scripts/validarIngreso.js HTTP/1.1" 200 851
186.28.125.183 - - [25/Aug/2023:07:10:31 -0500] "GET /appsia/images/logo_bogota_p.png HTTP/1.1" 200 14951
186.28.125.183 - - [25/Aug/2023:07:10:31 -0500] "GET /appsia/images/cabezoteHojaVida.png HTTP/1.1" 200 32493
186.28.125.183 - - [25/Aug/2023:07:10:31 -0500] "GET /favicon.ico HTTP/1.1" 200 7782
186.28.125.183 - - [25/Aug/2023:07:10:40 -0500] "POST /appsia/controlador HTTP/1.1" 200 5437
186.28.125.183 - - [25/Aug/2023:07:10:44 -0500] "POST /appsia/controlador HTTP/1.1" 200 7773
186.28.125.183 - - [25/Aug/2023:07:10:46 -0500] "POST /appsia/controlador HTTP/1.1" 200 6638
186.28.125.183 - - [25/Aug/2023:07:10:47 -0500] "POST /appsia/controlador HTTP/1.1" 200 11775
186.28.125.183 - - [25/Aug/2023:07:10:56 -0500] "POST /appsia/controlador HTTP/1.1" 200 76021
186.28.125.183 - - [25/Aug/2023:07:11:24 -0500] "POST /appsia/controlador HTTP/1.1" 200 7773
186.28.125.183 - - [25/Aug/2023:07:11:26 -0500] "POST /appsia/controlador HTTP/1.1" 200 5437
191.156.156.185 - - [25/Aug/2023:07:11:27 -0500] "GET /secretaria-de-ambiente-abre-convocatoria-para-el-proceso-de-formacion-mujeres-cuidadoras-de-humedales.html HTTP/1.1" 200 943
186.28.125.183 - - [25/Aug/2023:07:11:27 -0500] "POST /appsia/controlador HTTP/1.1" 200 4799
201.245.192.253 - - [25/Aug/2023:07:11:58 -0500] "POST /kwsrmcab/Wsrmcab  HTTP/1.1" 200 41818
172.22.2.4 - - [25/Aug/2023:07:12:09 -0500] "GET /BLA/boletinlegal/actos.php HTTP/1.1" 200 9682
172.22.2.4 - - [25/Aug/2023:07:12:09 -0500] "GET /BLA/boletinlegal/styles2.css HTTP/1.1" 200 1838
172.22.2.4 - - [25/Aug/2023:07:12:09 -0500] "GET /BLA/boletinlegal/js/ajax_actos.js HTTP/1.1" 200 1322
172.22.2.4 - - [25/Aug/2023:07:12:09 -0500] "GET /BLA/boletinlegal/niceforms-default.css HTTP/1.1" 200 6694
172.22.2.4 - - [25/Aug/2023:07:12:09 -0500] "GET /BLA/boletinlegal/niceforms.js HTTP/1.1" 200 22876
172.22.2.4 - - [25/Aug/2023:07:12:09 -0500] "GET /BLA/boletinlegal/style.css HTTP/1.1" 200 9406
172.22.2.4 - - [25/Aug/2023:07:12:09 -0500] "GET /BLA/boletinlegal/js/popup.js HTTP/1.1" 200 1270
172.22.2.4 - - [25/Aug/2023:07:12:09 -0500] "GET /BLA/boletinlegal/js/jquery1.js HTTP/1.1" 200 29846
172.22.2.4 - - [25/Aug/2023:07:12:09 -0500] "GET /BLA/boletinlegal/js/lib.js HTTP/1.1" 200 6474
172.22.2.4 - - [25/Aug/2023:07:12:09 -0500] "GET /BLA/boletinlegal/images/icono-email.png HTTP/1.1" 200 5544
172.22.2.4 - - [25/Aug/2023:07:12:09 -0500] "GET /BLA/boletinlegal/images/registro-usuarios.png HTTP/1.1" 200 8106
172.22.2.4 - - [25/Aug/2023:07:12:09 -0500] "GET /BLA/boletinlegal/images/historia.png HTTP/1.1" 200 52775
172.22.2.4 - - [25/Aug/2023:07:12:09 -0500] "GET /BLA/boletinlegal/images/subscribe-icon-big.png HTTP/1.1" 200 47702
172.22.2.4 - - [25/Aug/2023:07:12:09 -0500] "GET /BLA/boletinlegal/images/green-yellow-blue-pink-th.png HTTP/1.1" 200 7394
172.22.2.4 - - [25/Aug/2023:07:12:09 -0500] "GET /BLA/boletinlegal/images/tel.png HTTP/1.1" 200 14477
172.22.2.4 - - [25/Aug/2023:07:12:09 -0500] "GET /BLA/boletinlegal/images/text.jpg HTTP/1.1" 200 568
172.22.2.4 - - [25/Aug/2023:07:12:09 -0500] "GET /BLA/boletinlegal/images/cabezote%20BLEGAL.jpg HTTP/1.1" 200 118164
172.22.2.4 - - [25/Aug/2023:07:12:09 -0500] "GET /BLA/boletinlegal/images/body_bg.jpg HTTP/1.1" 200 1601
172.22.2.4 - - [25/Aug/2023:07:12:09 -0500] "GET /BLA/boletinlegal/images/menu_rght.gif HTTP/1.1" 200 1627
172.22.2.4 - - [25/Aug/2023:07:12:09 -0500] "GET /BLA/boletinlegal/images/menu_lft.gif HTTP/1.1" 200 1713
172.22.2.4 - - [25/Aug/2023:07:12:10 -0500] "GET /BLA/boletinlegal/images/bg_top.jpg HTTP/1.1" 200 522
172.22.2.4 - - [25/Aug/2023:07:12:10 -0500] "GET /BLA/boletinlegal/images/menu_bg.jpg HTTP/1.1" 200 620
172.22.2.4 - - [25/Aug/2023:07:12:10 -0500] "GET /BLA/boletinlegal/images/hover.jpg HTTP/1.1" 200 640
172.22.2.4 - - [25/Aug/2023:07:12:10 -0500] "GET /BLA/boletinlegal/images/footer_bg.jpg HTTP/1.1" 200 586
172.22.2.4 - - [25/Aug/2023:07:12:10 -0500] "GET /BLA/boletinlegal/images/footer_bg_l.jpg HTTP/1.1" 200 776
172.22.2.4 - - [25/Aug/2023:07:12:10 -0500] "GET /BLA/boletinlegal/favicon.ico HTTP/1.1" 404 1326
172.22.2.4 - - [25/Aug/2023:07:12:10 -0500] "GET /BLA/boletinlegal/img/0.png HTTP/1.1" 200 110
172.22.2.4 - - [25/Aug/2023:07:12:10 -0500] "GET /BLA/boletinlegal/img/button.png HTTP/1.1" 200 43241
172.22.2.4 - - [25/Aug/2023:07:12:10 -0500] "GET /BLA/boletinlegal/img/select-left.png HTTP/1.1" 200 263
172.22.2.4 - - [25/Aug/2023:07:12:10 -0500] "GET /BLA/boletinlegal/img/select-right.png HTTP/1.1" 200 44019
172.22.2.4 - - [25/Aug/2023:07:12:10 -0500] "GET /BLA/boletinlegal/img/button-left.png HTTP/1.1" 200 57071
172.22.2.4 - - [25/Aug/2023:07:12:10 -0500] "GET /BLA/boletinlegal/img/button-right.png HTTP/1.1" 200 57878
216.245.221.92 - - [25/Aug/2023:07:12:21 -0500] "HEAD / HTTP/1.1" 200 -
172.22.2.4 - - [25/Aug/2023:07:10:47 -0500] "HEAD /BLA/boletinlegal/ HTTP/1.1" 200 -
172.22.2.4 - - [25/Aug/2023:07:12:29 -0500] "GET /BLA/boletinlegal/consulta_actos.php?tipo=resoluciones&no=0918&usuario=&sector=&fecha=2018&resuelve= HTTP/1.1" 200 626
172.22.2.4 - - [25/Aug/2023:07:13:10 -0500] "GET /BLA/boletinlegal/consulta_actos.php?tipo=resoluciones&no=0915&usuario=&sector=&fecha=2018&resuelve= HTTP/1.1" 200 626
172.22.2.4 - - [25/Aug/2023:07:11:37 -0500] "GET /BLA/boletinlegal/ HTTP/1.1" 200 58597
52.167.144.207 - - [25/Aug/2023:07:13:29 -0500] "GET /BLA/resoluciones/RESOLUCIONES%202018/2215.pdf HTTP/1.1" 200 335154
51.89.59.187 - - [25/Aug/2023:07:13:33 -0500] "GET /portaldeninos/ HTTP/1.1" 200 110175
201.245.192.253 - - [25/Aug/2023:07:15:22 -0500] "GET /appsia/controlador HTTP/1.1" 200 4799
201.245.192.253 - - [25/Aug/2023:07:15:22 -0500] "GET /favicon.ico HTTP/1.1" 200 7782
190.26.26.62 - - [25/Aug/2023:07:15:29 -0500] "GET /secretaria-de-ambiente-abre-convocatoria-para-el-proceso-de-formacion-mujeres-cuidadoras-de-humedales.html HTTP/1.1" 200 943
201.245.192.253 - - [25/Aug/2023:07:15:29 -0500] "POST /appsia/controlador HTTP/1.1" 200 5437
201.245.192.253 - - [25/Aug/2023:07:15:32 -0500] "POST /appsia/controlador HTTP/1.1" 200 7783
201.245.192.253 - - [25/Aug/2023:07:15:33 -0500] "POST /appsia/controlador HTTP/1.1" 200 6644
201.245.192.253 - - [25/Aug/2023:07:15:35 -0500] "POST /appsia/controlador HTTP/1.1" 200 10604
201.245.192.253 - - [25/Aug/2023:07:16:00 -0500] "POST /appsia/controlador HTTP/1.1" 200 7783
201.245.192.253 - - [25/Aug/2023:07:16:03 -0500] "POST /appsia/controlador HTTP/1.1" 200 5437
201.245.192.253 - - [25/Aug/2023:07:16:05 -0500] "POST /appsia/controlador HTTP/1.1" 200 7728
201.245.192.253 - - [25/Aug/2023:07:16:08 -0500] "POST /appsia/controlador HTTP/1.1" 200 5437
201.245.192.253 - - [25/Aug/2023:07:16:11 -0500] "POST /appsia/controlador HTTP/1.1" 200 7728
201.245.192.253 - - [25/Aug/2023:07:16:57 -0500] "POST /kwsrmcab/Wsrmcab  HTTP/1.1" 200 41818
216.245.221.92 - - [25/Aug/2023:07:17:21 -0500] "HEAD / HTTP/1.1" 200 -
172.22.2.4 - - [25/Aug/2023:07:16:37 -0500] "HEAD /BLA/boletinlegal/ HTTP/1.1" 200 -
201.245.192.253 - - [25/Aug/2023:07:18:59 -0500] "POST /kwsrmcab/Wsrmcab HTTP/1.1" 200 42377
201.245.192.253 - - [25/Aug/2023:07:19:02 -0500] "POST /kwsrmcab/Wsrmcab HTTP/1.1" 200 43707
172.22.2.4 - - [25/Aug/2023:07:17:27 -0500] "GET /BLA/boletinlegal/ HTTP/1.1" 200 58597
40.77.167.18 - - [25/Aug/2023:07:20:49 -0500] "GET /autoliquidacion2020 HTTP/1.1" 301 250
40.77.167.18 - - [25/Aug/2023:07:20:50 -0500] "GET /autoliquidacion2020/ HTTP/1.1" 200 6146
201.245.192.253 - - [25/Aug/2023:07:21:56 -0500] "POST /kwsrmcab/Wsrmcab  HTTP/1.1" 200 41818
216.245.221.92 - - [25/Aug/2023:07:22:21 -0500] "HEAD / HTTP/1.1" 200 -
172.22.2.4 - - [25/Aug/2023:07:22:27 -0500] "HEAD /BLA/boletinlegal/ HTTP/1.1" 200 -
172.22.2.4 - - [25/Aug/2023:07:23:17 -0500] "GET /BLA/boletinlegal/ HTTP/1.1" 200 60342
186.102.65.226 - - [25/Aug/2023:07:25:29 -0500] "GET /secretaria-de-ambiente-abre-convocatoria-para-el-proceso-de-formacion-mujeres-cuidadoras-de-humedales.html HTTP/1.1" 200 943
152.203.158.178 - - [25/Aug/2023:07:25:32 -0500] "GET /kwssiamovil/sm/ldap/au?x=U2FsdGVkX19DzMonekr0MCGaDxmI/SaWJ/XmH9S1ifYf+8phdD+/twOnl4CYFbfB&y=U2FsdGVkX188ob7iYGqBftqWQGURDwQo5fUe6oztOS9TH16/R4Bg48TZwdmo9oZ4 HTTP/1.1" 200 30
152.203.158.178 - - [25/Aug/2023:07:25:33 -0500] "GET /kwssiamovil/sm/acme/s?s=U2FsdGVkX1/YWaiLCfE/RnV0OECwlCvgNjwTpaQePo5kPLXG6AY7Yd9o72wuN7GVeg9QWuDlfep36CrX9BfXlPBYsD4ViJ5UgVqre1lMq0U=&u=U2FsdGVkX18mAKvmeh4iL1cnocbQMJF7iDdIlAitcCsdTRZjWzZnBdXhQH1xXqb0&y=U2FsdGVkX188ob7iYGqBftqWQGURDwQo5fUe6oztOS9TH16/R4Bg48TZwdmo9oZ4 HTTP/1.1" 200 97
152.203.158.178 - - [25/Aug/2023:07:25:33 -0500] "GET /kwssiamovil/sm/acme/s?s=U2FsdGVkX1/lZVO59GS8McbuljEub0uWM5sUIvjugVAvNnk0O3kvm9io/4e4lJOWHoH6A96zxNrnb887RVWrhYZnY8l/r2gqLMcw0WN1cCdMC9sTNtBkIvYxBT3NmY1gGGEINVHxAZSotSZZGoRa+Qo/8XiBKJhtF7aZTQ2zGH2TfWuvd1z9mOu+BxlmJ3DXju80Papm+GBDHysGt5xPHAH26cvMKMjc9Q+k7GwUT+UovITLiB4wb+FeNCzsV5lVAJsJhRzHdi0BOCPwZTlfW9FIbCkZAFVJvO8g6RRcYrWo1DMQeSCgN/kN9JA0j+aowedutDUEaEo/XQFeUVbQ9j8Ng9KOcUbC8mDiThJAUUcJiF82HSdNgqgcFDz8a4Hn+2coKB+YCe16N7/tWDMb/83pxP+W19e/nUueRrZurUkx/8D1lYqc+2TU4yolYUQ9DIbQcfL3EvImO53iCbcAzUfOU7lKPJk9Ep0BpzIGCyz8lFZEpzfqX6Y0qGJHxQTQ8eRvHMLsBYpaq18YWrGH1Y4DSXTaBfAjpTWFfxw5dmnerSgIp8buXsuJSdDZh5trZ9MRFN84xA/B0y7QSPBfc6RbdLzHGrNHbPsQWpEls1AIp/QvBu4oRpmxE3l1ipMqk0H5h/Bcaeoa9XXNW7aBnhgQA964Iy90dzQjxviVZQJBXz7xv6IGqb5wZv9+1oyaIwVJIlai+eLD+DKrPjZ9pTV25J1pVVE4e2B2owPscM0yE6Lm56vsRfrdjcITarlfddG7Z07cbmX8C4HEjDcnwVP0KtKCtolKVFosVlTV80Hj23lUV+9I12xsAMUfhLfSqXzA1UwTuOYvPePjOo8aD7Fs9+twgukgtKeD/DWf9SbNSa/j+2zMLsHFD2VyNua4t5FfIZunQG+yluOgnjojFuuU6rW4SC4Py0VjWyWCGR3tUaJuIVwa2ukQqXcUW4NN1YSdDuLo+ekRsSNScvcLvD/gkkP9tf8rA5dyoI4TwTP3Eh2Lf39nYW29js/8yJiIrzHsIo/A3w2DI6ufHSz1fCuwE2uzDVkvFngHZJeAe2BWP3b8x/xRFNHqpq7ue8o6M3twoXD2VTrso5PX1mceap2q3IsP0k+iyuXSdii7IB7uNPnhjndwhM1y9r7s+wOovjHAUJkqM1qYw3UsQCMlVI0gV6IgFwavSYNtemo4jC+VP3Y9P78b1y93mgZcbYan5END5bf+lfr2HHiqmvKDXpaqBNH62+dkzhuNEdFGdqi7AY16kXRwCh1ltTPed3UcSsR25Fnozk0cGmdqPOOPvbLc+5xoZqgq6rDcXjbk3iVI8qJmqFJc8hfWJg2VlGGtmznqAODSIjucXv6kMiZnxUhu7fhzC2AgDhSN8yxNtKCpQrUwtLcBN7zk3/JYp2VaaDe9VnTO6Aub/27F0Pofx9NZvAlO/hV15JOWDVdkixA=&u=U2FsdGVkX18mAKvmeh4iL1cnocbQMJF7iDdIlAitcCsdTRZjWzZnBdXhQH1xXqb0&y=U2FsdGVkX188ob7iYGqBftqWQGURDwQo5fUe6oztOS9TH16/R4Bg48TZwdmo9oZ4 HTTP/1.1" 200 856
152.203.158.178 - - [25/Aug/2023:07:25:33 -0500] "GET /kwssiamovil/sm/acme/s?s=U2FsdGVkX1+V03wTxFncT65VrFnxyFM3OG2uYgsTSWA81AfOj5eetzkSQgGFRdYvt8VGvqMquyWIGZLisZZm0xB2DGwTB8phaO6TXr73oFaXje9SAlYTWOUyWuGUJJVaNg0Mc67WvUZTlbRGszIQ5LDnTRjeqNPrIlwwYdNyFey134SGyI0lNljsPwrIHwESSA1RDt8dzz0wO49XAocatKaq5rPgN8HuI3b2HPYogCJGPJoTh9dCZSGzv8cmNqzn3Wfjl31Ks06EU76v6E1V9zu0UehrdoB2AW1Rs2RH7LMaCcLBeLmPR7KlYRiGqUV1NM+6yCsFNKiis6ehyuaqzb1cp9zpr8rwR7bi1z8GE4E=&u=U2FsdGVkX18mAKvmeh4iL1cnocbQMJF7iDdIlAitcCsdTRZjWzZnBdXhQH1xXqb0&y=U2FsdGVkX188ob7iYGqBftqWQGURDwQo5fUe6oztOS9TH16/R4Bg48TZwdmo9oZ4 HTTP/1.1" 200 196
152.203.158.178 - - [25/Aug/2023:07:25:33 -0500] "GET /kwssiamovil/sm/cjson/pre?f=1&x=U2FsdGVkX19DzMonekr0MCGaDxmI/SaWJ/XmH9S1ifYf+8phdD+/twOnl4CYFbfB HTTP/1.1" 200 31032
