172.22.2.4 - - [27/Aug/2023:18:08:52 -0500] "GET /BLA/boletinlegal/images/text.jpg HTTP/1.1" 200 568
172.22.2.4 - - [27/Aug/2023:18:08:52 -0500] "GET /BLA/boletinlegal/images/menu_bg.jpg HTTP/1.1" 200 620
172.22.2.4 - - [27/Aug/2023:18:08:52 -0500] "GET /BLA/boletinlegal/images/hover.jpg HTTP/1.1" 200 640
172.22.2.4 - - [27/Aug/2023:18:08:52 -0500] "GET /BLA/boletinlegal/images/menu_rght.gif HTTP/1.1" 200 1627
172.22.2.4 - - [27/Aug/2023:18:08:52 -0500] "GET /BLA/boletinlegal/images/registro-usuarios.png HTTP/1.1" 200 8106
172.22.2.4 - - [27/Aug/2023:18:08:52 -0500] "GET /BLA/boletinlegal/images/arr_l.jpg HTTP/1.1" 200 1979
172.22.2.4 - - [27/Aug/2023:18:08:52 -0500] "GET /BLA/boletinlegal/images/launch.jpg HTTP/1.1" 200 14577
172.22.2.4 - - [27/Aug/2023:18:08:52 -0500] "GET /BLA/boletinlegal/images/screen_1.png HTTP/1.1" 200 202547
172.22.2.4 - - [27/Aug/2023:18:08:59 -0500] "GET /BLA/boletinlegal/images/screen_2.png HTTP/1.1" 200 362502
172.22.2.4 - - [27/Aug/2023:18:08:59 -0500] "GET /BLA/boletinlegal/images/screen_3.png HTTP/1.1" 200 210620
172.22.2.4 - - [27/Aug/2023:18:08:59 -0500] "GET /BLA/boletinlegal/images/screen_5.png HTTP/1.1" 200 368876
172.22.2.4 - - [27/Aug/2023:18:08:59 -0500] "GET /BLA/boletinlegal/images/arr_r.jpg HTTP/1.1" 200 1998
172.22.2.4 - - [27/Aug/2023:18:08:59 -0500] "GET /BLA/boletinlegal/images/footer_bg.jpg HTTP/1.1" 200 586
172.22.2.4 - - [27/Aug/2023:18:09:07 -0500] "GET /BLA/boletinlegal/images/pdf.gif HTTP/1.1" 200 567
172.22.2.4 - - [27/Aug/2023:18:09:07 -0500] "GET /BLA/boletinlegal/images/background.gif HTTP/1.1" 200 -
172.22.2.4 - - [27/Aug/2023:18:09:10 -0500] "GET /BLA/boletinlegal/actos.php HTTP/1.1" 200 9682
172.22.2.4 - - [27/Aug/2023:18:09:10 -0500] "GET /BLA/boletinlegal/js/ajax_actos.js HTTP/1.1" 200 1322
172.22.2.4 - - [27/Aug/2023:18:09:10 -0500] "GET /BLA/boletinlegal/styles2.css HTTP/1.1" 200 1838
172.22.2.4 - - [27/Aug/2023:18:09:10 -0500] "GET /BLA/boletinlegal/niceforms-default.css HTTP/1.1" 200 6694
172.22.2.4 - - [27/Aug/2023:18:09:10 -0500] "GET /BLA/boletinlegal/style.css HTTP/1.1" 200 9406
172.22.2.4 - - [27/Aug/2023:18:09:10 -0500] "GET /BLA/boletinlegal/niceforms.js HTTP/1.1" 200 22876
172.22.2.4 - - [27/Aug/2023:18:09:10 -0500] "GET /BLA/boletinlegal/js/lib.js HTTP/1.1" 200 6474
172.22.2.4 - - [27/Aug/2023:18:09:10 -0500] "GET /BLA/boletinlegal/images/cabezote%20BLEGAL.jpg HTTP/1.1" 200 118164
172.22.2.4 - - [27/Aug/2023:18:09:10 -0500] "GET /BLA/boletinlegal/js/popup.js HTTP/1.1" 200 1270
172.22.2.4 - - [27/Aug/2023:18:09:10 -0500] "GET /BLA/boletinlegal/js/jquery1.js HTTP/1.1" 200 29846
172.22.2.4 - - [27/Aug/2023:18:09:10 -0500] "GET /BLA/boletinlegal/images/subscribe-icon-big.png HTTP/1.1" 200 47702
172.22.2.4 - - [27/Aug/2023:18:09:10 -0500] "GET /BLA/boletinlegal/images/historia.png HTTP/1.1" 200 52775
172.22.2.4 - - [27/Aug/2023:18:09:10 -0500] "GET /BLA/boletinlegal/images/tel.png HTTP/1.1" 200 14477
172.22.2.4 - - [27/Aug/2023:18:09:10 -0500] "GET /BLA/boletinlegal/images/green-yellow-blue-pink-th.png HTTP/1.1" 200 7394
172.22.2.4 - - [27/Aug/2023:18:09:10 -0500] "GET /BLA/boletinlegal/images/registro-usuarios.png HTTP/1.1" 200 8106
172.22.2.4 - - [27/Aug/2023:18:09:10 -0500] "GET /BLA/boletinlegal/images/icono-email.png HTTP/1.1" 200 5544
172.22.2.4 - - [27/Aug/2023:18:09:10 -0500] "GET /BLA/boletinlegal/images/menu_rght.gif HTTP/1.1" 200 1627
172.22.2.4 - - [27/Aug/2023:18:09:10 -0500] "GET /BLA/boletinlegal/images/body_bg.jpg HTTP/1.1" 200 1601
172.22.2.4 - - [27/Aug/2023:18:09:10 -0500] "GET /BLA/boletinlegal/images/menu_lft.gif HTTP/1.1" 200 1713
172.22.2.4 - - [27/Aug/2023:18:09:10 -0500] "GET /BLA/boletinlegal/images/menu_bg.jpg HTTP/1.1" 200 620
172.22.2.4 - - [27/Aug/2023:18:09:10 -0500] "GET /BLA/boletinlegal/images/bg_top.jpg HTTP/1.1" 200 522
172.22.2.4 - - [27/Aug/2023:18:09:10 -0500] "GET /BLA/boletinlegal/images/hover.jpg HTTP/1.1" 200 640
172.22.2.4 - - [27/Aug/2023:18:09:10 -0500] "GET /BLA/boletinlegal/images/footer_bg.jpg HTTP/1.1" 200 586
172.22.2.4 - - [27/Aug/2023:18:09:10 -0500] "GET /BLA/boletinlegal/images/text.jpg HTTP/1.1" 200 568
172.22.2.4 - - [27/Aug/2023:18:09:10 -0500] "GET /BLA/boletinlegal/images/footer_bg_l.jpg HTTP/1.1" 200 776
172.22.2.4 - - [27/Aug/2023:18:09:10 -0500] "GET /BLA/boletinlegal/img/0.png HTTP/1.1" 200 110
172.22.2.4 - - [27/Aug/2023:18:09:10 -0500] "GET /BLA/boletinlegal/img/select-left.png HTTP/1.1" 200 263
172.22.2.4 - - [27/Aug/2023:18:09:10 -0500] "GET /BLA/boletinlegal/img/select-right.png HTTP/1.1" 200 44019
172.22.2.4 - - [27/Aug/2023:18:09:10 -0500] "GET /BLA/boletinlegal/img/button-left.png HTTP/1.1" 200 57071
172.22.2.4 - - [27/Aug/2023:18:09:10 -0500] "GET /BLA/boletinlegal/img/button-right.png HTTP/1.1" 200 57878
172.22.2.4 - - [27/Aug/2023:18:09:10 -0500] "GET /BLA/boletinlegal/img/button.png HTTP/1.1" 200 43241
172.22.2.4 - - [27/Aug/2023:18:09:10 -0500] "GET /BLA/boletinlegal/favicon.ico HTTP/1.1" 404 1326
172.22.2.4 - - [27/Aug/2023:18:09:20 -0500] "GET /BLA/boletinlegal/consulta_actos.php?tipo=resoluciones&no=&usuario=&sector=&fecha=2023&resuelve= HTTP/1.1" 200 200613
172.22.2.4 - - [27/Aug/2023:18:09:20 -0500] "GET /BLA/boletinlegal/images/pdf.gif HTTP/1.1" 200 567
172.22.2.4 - - [27/Aug/2023:18:09:20 -0500] "GET /BLA/boletinlegal/images/background.gif HTTP/1.1" 200 -
201.245.192.253 - - [27/Aug/2023:18:09:40 -0500] "POST /kwsrmcab/Wsrmcab  HTTP/1.1" 200 41818
172.22.2.4 - - [27/Aug/2023:18:10:07 -0500] "GET /BLA/boletinlegal/jurisprudencia/analisis/AnalisisC-035-16.docx HTTP/1.1" 200 25011
172.22.2.4 - - [27/Aug/2023:18:08:52 -0500] "GET /BLA/boletinlegal/ HTTP/1.1" 200 61130
172.22.2.4 - - [27/Aug/2023:18:10:33 -0500] "GET /BLA/boletinlegal/favicon.ico HTTP/1.1" 404 1308
52.167.144.138 - - [27/Aug/2023:18:10:52 -0500] "GET /Publicaciones/2023EE194675.pdf HTTP/1.1" 200 1951860
181.59.2.155 - - [27/Aug/2023:18:10:56 -0500] "GET /secretaria-de-ambiente-suspende-actividades-de-industria-que-operaba-en-usme-sin-permisos-ambientales.html HTTP/1.1" 200 864
216.245.221.92 - - [27/Aug/2023:18:11:11 -0500] "HEAD / HTTP/1.1" 200 -
172.22.2.4 - - [27/Aug/2023:18:09:47 -0500] "HEAD /BLA/boletinlegal/ HTTP/1.1" 200 -
172.22.2.4 - - [27/Aug/2023:18:10:38 -0500] "GET /BLA/boletinlegal/ HTTP/1.1" 200 61130
172.22.2.4 - - [27/Aug/2023:18:13:45 -0500] "GET /BLA/boletinlegal/consulta_actos.php?tipo=autos&no=&usuario=&sector=&fecha=2023&resuelve= HTTP/1.1" 200 723666
172.22.2.4 - - [27/Aug/2023:18:13:24 -0500] "GET /BLA/boletinlegal/ HTTP/1.1" 200 32715
52.167.144.181 - - [27/Aug/2023:18:14:34 -0500] "GET /Publicaciones/2023EE69066.pdf HTTP/1.1" 404 227
201.245.192.253 - - [27/Aug/2023:18:14:39 -0500] "POST /kwsrmcab/Wsrmcab  HTTP/1.1" 200 41818
216.245.221.92 - - [27/Aug/2023:18:16:11 -0500] "HEAD / HTTP/1.1" 200 -
190.27.103.134 - - [27/Aug/2023:18:16:32 -0500] "GET /secretaria-de-ambiente-abre-convocatoria-para-el-proceso-de-formacion-mujeres-cuidadoras-de-humedales.html?fbclid=IwAR2pIqlor3-ibFCIh9Zxj2i_fr5-pTUrf9B8qWFam2WRNr4cMVuqFIMBrPY HTTP/1.1" 200 943
172.22.2.4 - - [27/Aug/2023:18:15:37 -0500] "HEAD /BLA/boletinlegal/ HTTP/1.1" 200 -
172.22.2.4 - - [27/Aug/2023:18:16:28 -0500] "GET /BLA/boletinlegal/ HTTP/1.1" 200 59699
201.245.192.253 - - [27/Aug/2023:18:18:47 -0500] "POST /kwsrmcab/Wsrmcab HTTP/1.1" 200 41879
172.22.2.4 - - [27/Aug/2023:18:18:52 -0500] "GET /BLA/boletinlegal/Circulares/2012/Circular%20No.%2016%20del%2022%20de%20octubre%20de%202012.pdf HTTP/1.1" 200 381186
201.245.192.253 - - [27/Aug/2023:18:18:50 -0500] "POST /kwsrmcab/Wsrmcab HTTP/1.1" 200 43974
201.245.192.253 - - [27/Aug/2023:18:19:37 -0500] "POST /kwsrmcab/Wsrmcab  HTTP/1.1" 200 41818
172.22.2.4 - - [27/Aug/2023:18:20:14 -0500] "GET /BLA/boletinlegal/jurisprudencia/analisis/CUADRO%20ANALISIS%20SENTENCIA%20T-411%20DE%201992.doc HTTP/1.1" 200 41984
110.166.71.39 - - [27/Aug/2023:18:20:25 -0500] "GET / HTTP/1.1" 200 319
64.124.8.58 - - [27/Aug/2023:18:21:09 -0500] "GET /portaldeninos/aulas-ambientales/aula-ambiental-sorotama/ HTTP/1.1" 200 89596
216.245.221.92 - - [27/Aug/2023:18:21:11 -0500] "HEAD / HTTP/1.1" 200 -
172.22.2.4 - - [27/Aug/2023:18:21:27 -0500] "HEAD /BLA/boletinlegal/ HTTP/1.1" 200 -
172.22.2.4 - - [27/Aug/2023:18:22:18 -0500] "GET /BLA/boletinlegal/ HTTP/1.1" 200 52656
64.124.8.51 - - [27/Aug/2023:18:24:21 -0500] "GET /robots.txt HTTP/1.1" 404 1034
64.124.8.51 - - [27/Aug/2023:18:24:22 -0500] "GET /atrapamoscas-coronidorado-ave-austral-que-se-registro-en-el-humedal-cordoba.html HTTP/1.1" 304 -
201.245.192.253 - - [27/Aug/2023:18:24:36 -0500] "POST /kwsrmcab/Wsrmcab  HTTP/1.1" 200 41818
216.245.221.92 - - [27/Aug/2023:18:26:11 -0500] "HEAD / HTTP/1.1" 200 -
201.245.192.253 - - [27/Aug/2023:18:28:46 -0500] "POST /kwsrmcab/Wsrmcab HTTP/1.1" 200 41879
201.245.192.253 - - [27/Aug/2023:18:28:50 -0500] "POST /kwsrmcab/Wsrmcab HTTP/1.1" 200 43974
190.158.119.52 - - [27/Aug/2023:18:28:55 -0500] "GET /galeria/galeria/jquery.fancybox.css?v=2.1.5 HTTP/1.1" 200 4895
190.158.119.52 - - [27/Aug/2023:18:28:55 -0500] "GET /BLA/boletinlegal/js/jquery.scrollShow.js HTTP/1.1" 200 4586
190.158.119.52 - - [27/Aug/2023:18:28:55 -0500] "GET /galeria/galeria/jquery.fancybox.js?v=2.1.5 HTTP/1.1" 200 48706
172.22.2.4 - - [27/Aug/2023:18:27:17 -0500] "HEAD /BLA/boletinlegal/ HTTP/1.1" 200 -
64.124.8.58 - - [27/Aug/2023:18:29:24 -0500] "GET /portaldeninos/gestion-del-riesgo-incendios-forestales/ HTTP/1.1" 200 86825
201.245.192.253 - - [27/Aug/2023:18:29:36 -0500] "POST /kwsrmcab/Wsrmcab  HTTP/1.1" 200 41818
172.22.2.4 - - [27/Aug/2023:18:28:08 -0500] "GET /BLA/boletinlegal/ HTTP/1.1" 200 58597
172.22.2.4 - - [27/Aug/2023:18:30:48 -0500] "GET /BLA/boletinlegal/normativa.php HTTP/1.1" 200 8343
172.22.2.4 - - [27/Aug/2023:18:30:48 -0500] "GET /BLA/boletinlegal/js/ajax_normativa.js HTTP/1.1" 200 1154
216.245.221.92 - - [27/Aug/2023:18:31:11 -0500] "HEAD / HTTP/1.1" 200 -
172.22.2.4 - - [27/Aug/2023:18:31:14 -0500] "GET /BLA/boletinlegal/jurisprudencia/analisis/AnalisisC-035-16.docx HTTP/1.1" 200 25011
68.218.25.253 - - [27/Aug/2023:18:31:14 -0500] "GET / HTTP/1.1" 200 319
172.22.2.4 - - [27/Aug/2023:18:31:40 -0500] "GET /BLA/boletinlegal/normativa.php HTTP/1.1" 200 8343
68.218.25.253 - - [27/Aug/2023:18:31:30 -0500] "GET /wp-includes/wlwmanifest.xml HTTP/1.1" 404 1018
172.22.2.4 - - [27/Aug/2023:18:31:51 -0500] "GET /BLA/boletinlegal/consulta_normativa.php?tipo=Decreto&sector=Aire&ano=2022&resuelve= HTTP/1.1" 200 454
68.218.25.253 - - [27/Aug/2023:18:31:46 -0500] "GET /xmlrpc.php?rsd HTTP/1.1" 404 1018
68.218.25.253 - - [27/Aug/2023:18:32:02 -0500] "GET /blog/wp-includes/wlwmanifest.xml HTTP/1.1" 404 1018
68.218.25.253 - - [27/Aug/2023:18:32:18 -0500] "GET /web/wp-includes/wlwmanifest.xml HTTP/1.1" 404 1018
68.218.25.253 - - [27/Aug/2023:18:32:34 -0500] "GET /wordpress/wp-includes/wlwmanifest.xml HTTP/1.1" 404 1018
68.218.25.253 - - [27/Aug/2023:18:32:50 -0500] "GET /wp/wp-includes/wlwmanifest.xml HTTP/1.1" 404 1018
68.218.25.253 - - [27/Aug/2023:18:33:06 -0500] "GET /news/wp-includes/wlwmanifest.xml HTTP/1.1" 404 1018
68.218.25.253 - - [27/Aug/2023:18:33:22 -0500] "GET /2020/wp-includes/wlwmanifest.xml HTTP/1.1" 404 1018
68.218.25.253 - - [27/Aug/2023:18:33:38 -0500] "GET /2019/wp-includes/wlwmanifest.xml HTTP/1.1" 404 1018
68.218.25.253 - - [27/Aug/2023:18:33:54 -0500] "GET /shop/wp-includes/wlwmanifest.xml HTTP/1.1" 404 1018
68.218.25.253 - - [27/Aug/2023:18:34:10 -0500] "GET /test/wp-includes/wlwmanifest.xml HTTP/1.1" 404 1018
201.245.192.253 - - [27/Aug/2023:18:34:34 -0500] "POST /kwsrmcab/Wsrmcab  HTTP/1.1" 200 41818
68.218.25.253 - - [27/Aug/2023:18:34:26 -0500] "GET /wp2/wp-includes/wlwmanifest.xml HTTP/1.1" 404 1018
172.22.2.4 - - [27/Aug/2023:18:33:07 -0500] "HEAD /BLA/boletinlegal/ HTTP/1.1" 200 -
191.95.162.107 - - [27/Aug/2023:18:34:49 -0500] "GET /monica-fonnegra-una-disenadora-que-inspira-amor-por-la-naturaleza-a-traves-de-la-moda.html HTTP/1.1" 200 976
68.218.25.253 - - [27/Aug/2023:18:34:42 -0500] "GET /cms/wp-includes/wlwmanifest.xml HTTP/1.1" 404 1018
172.22.2.4 - - [27/Aug/2023:18:33:23 -0500] "GET /BLA/boletinlegal/ HTTP/1.1" 200 49296
172.22.2.4 - - [27/Aug/2023:18:33:58 -0500] "GET /BLA/boletinlegal/ HTTP/1.1" 200 50790
186.2.146.123 - - [27/Aug/2023:18:35:56 -0500] "GET /galeria/galeria/jquery.fancybox.css?v=2.1.5 HTTP/1.1" 200 4895
186.2.146.123 - - [27/Aug/2023:18:35:57 -0500] "GET /BLA/boletinlegal/js/jquery.scrollShow.js HTTP/1.1" 200 4586
186.2.146.123 - - [27/Aug/2023:18:35:57 -0500] "GET /galeria/galeria/jquery.fancybox.js?v=2.1.5 HTTP/1.1" 200 48706
216.245.221.92 - - [27/Aug/2023:18:36:11 -0500] "HEAD / HTTP/1.1" 200 -
179.6.14.121 - - [27/Aug/2023:18:36:30 -0500] "GET /proyecto-avantia-con-la-union-europea-busca-especialista-en-cambio-climatico.html HTTP/1.1" 200 814
179.6.14.121 - - [27/Aug/2023:18:36:30 -0500] "GET /images/aire-bogota.jpeg HTTP/1.1" 200 169194
201.245.192.253 - - [27/Aug/2023:18:38:47 -0500] "POST /kwsrmcab/Wsrmcab HTTP/1.1" 200 41879
201.245.192.253 - - [27/Aug/2023:18:38:50 -0500] "POST /kwsrmcab/Wsrmcab HTTP/1.1" 200 43974
172.22.2.4 - - [27/Aug/2023:18:37:19 -0500] "GET /BLA/boletinlegal/ HTTP/1.1" 200 62795
173.252.107.116 - - [27/Aug/2023:18:39:17 -0500] "GET /secretaria-de-ambiente-abre-convocatoria-para-el-proceso-de-formacion-mujeres-cuidadoras-de-humedales.html HTTP/1.1" 200 943
201.245.192.253 - - [27/Aug/2023:18:39:33 -0500] "POST /kwsrmcab/Wsrmcab  HTTP/1.1" 200 41818
186.155.12.134 - - [27/Aug/2023:18:39:55 -0500] "GET /appsia/controlador HTTP/1.1" 200 4799
186.155.12.134 - - [27/Aug/2023:18:39:55 -0500] "GET /appsia/scripts/validarIngreso.js HTTP/1.1" 200 851
186.155.12.134 - - [27/Aug/2023:18:39:55 -0500] "GET /appsia/css/estilos.css HTTP/1.1" 200 4804
186.155.12.134 - - [27/Aug/2023:18:39:55 -0500] "GET /appsia/images/logo_bogota_p.png HTTP/1.1" 200 14951
186.155.12.134 - - [27/Aug/2023:18:39:55 -0500] "GET /appsia/images/cabezoteHojaVida.png HTTP/1.1" 200 32493
186.155.12.134 - - [27/Aug/2023:18:39:56 -0500] "GET /favicon.ico HTTP/1.1" 200 7782
179.12.237.129 - - [27/Aug/2023:18:40:09 -0500] "GET /galeria/galeria/jquery.fancybox.js?v=2.1.5 HTTP/1.1" 200 48706
179.12.237.129 - - [27/Aug/2023:18:40:09 -0500] "GET /galeria/galeria/jquery.fancybox.css?v=2.1.5 HTTP/1.1" 200 4895
179.12.237.129 - - [27/Aug/2023:18:40:09 -0500] "GET /BLA/boletinlegal/js/jquery.scrollShow.js HTTP/1.1" 200 4586
186.155.12.134 - - [27/Aug/2023:18:40:12 -0500] "POST /appsia/controlador HTTP/1.1" 200 5437
186.155.12.134 - - [27/Aug/2023:18:40:19 -0500] "POST /appsia/controlador HTTP/1.1" 200 7769
186.155.12.134 - - [27/Aug/2023:18:40:21 -0500] "POST /appsia/controlador HTTP/1.1" 200 6634
186.155.12.134 - - [27/Aug/2023:18:40:24 -0500] "POST /appsia/controlador HTTP/1.1" 200 9094
172.22.2.4 - - [27/Aug/2023:18:38:57 -0500] "HEAD /BLA/boletinlegal/ HTTP/1.1" 200 -
216.245.221.92 - - [27/Aug/2023:18:41:11 -0500] "HEAD / HTTP/1.1" 200 -
172.22.2.4 - - [27/Aug/2023:18:41:15 -0500] "GET /BLA/boletinlegal/Circulares/2019/.pdf HTTP/1.1" 404 1218
172.22.2.4 - - [27/Aug/2023:18:41:25 -0500] "GET /BLA/boletinlegal/Circulares/2012/Circular%20No.%2010%20del%2026%20de%20Enero%20de%202012.pdf HTTP/1.1" 404 1218
186.155.12.134 - - [27/Aug/2023:18:41:22 -0500] "POST /appsia/controlador HTTP/1.1" 200 75630
186.155.12.134 - - [27/Aug/2023:18:41:26 -0500] "POST /appsia/controlador HTTP/1.1" 200 75630
172.22.2.4 - - [27/Aug/2023:18:39:47 -0500] "GET /BLA/boletinlegal/ HTTP/1.1" 200 58187
207.46.13.208 - - [27/Aug/2023:18:42:33 -0500] "GET /Publicaciones/2023EE69065.pdf HTTP/1.1" 404 227
201.245.192.253 - - [27/Aug/2023:18:44:32 -0500] "POST /kwsrmcab/Wsrmcab  HTTP/1.1" 200 41818
216.245.221.92 - - [27/Aug/2023:18:46:11 -0500] "HEAD / HTTP/1.1" 200 -
186.29.33.120 - - [27/Aug/2023:18:46:23 -0500] "GET /BLA/resoluciones/index.php?dir=AUTOS+2022%2F HTTP/1.1" 200 503242
172.22.2.4 - - [27/Aug/2023:18:44:47 -0500] "HEAD /BLA/boletinlegal/ HTTP/1.1" 200 -
172.22.2.4 - - [27/Aug/2023:18:45:37 -0500] "GET /BLA/boletinlegal/ HTTP/1.1" 200 60692
186.86.33.245 - - [27/Aug/2023:18:47:32 -0500] "GET /sipse/faces/index.xhtml HTTP/1.1" 200 677
186.86.33.245 - - [27/Aug/2023:18:47:32 -0500] "GET /sipse/faces/javax.faces.resource/theme.css?ln=primefaces-sipse HTTP/1.1" 304 -
186.86.33.245 - - [27/Aug/2023:18:47:32 -0500] "GET /sipse/faces/faces/autenticacion.xhtml HTTP/1.1" 200 12172
186.86.33.245 - - [27/Aug/2023:18:47:32 -0500] "GET /sipse/js/disable_browser_buttons.js HTTP/1.1" 304 -
186.86.33.245 - - [27/Aug/2023:18:47:32 -0500] "GET /sipse/css/custom_css_sg_prime_login.css HTTP/1.1" 304 -
186.86.33.245 - - [27/Aug/2023:18:47:32 -0500] "GET /sipse/faces/javax.faces.resource/theme.css?ln=primefaces-sipse HTTP/1.1" 304 -
186.86.33.245 - - [27/Aug/2023:18:47:32 -0500] "GET /sipse/faces/javax.faces.resource/primefaces.css?ln=primefaces&v=4.0 HTTP/1.1" 304 -
186.86.33.245 - - [27/Aug/2023:18:47:32 -0500] "GET /sipse/faces/javax.faces.resource/layout/layout.css?ln=primefaces&v=4.0 HTTP/1.1" 304 -
186.86.33.245 - - [27/Aug/2023:18:47:32 -0500] "GET /sipse/faces/javax.faces.resource/jquery/jquery-plugins.js?ln=primefaces&v=4.0 HTTP/1.1" 304 -
186.86.33.245 - - [27/Aug/2023:18:47:32 -0500] "GET /sipse/faces/javax.faces.resource/jquery/jquery.js?ln=primefaces&v=4.0 HTTP/1.1" 304 -
186.86.33.245 - - [27/Aug/2023:18:47:32 -0500] "GET /sipse/faces/javax.faces.resource/primefaces.js?ln=primefaces&v=4.0 HTTP/1.1" 304 -
186.86.33.245 - - [27/Aug/2023:18:47:32 -0500] "GET /sipse/js/funciones.js HTTP/1.1" 304 -
186.86.33.245 - - [27/Aug/2023:18:47:32 -0500] "GET /sipse/css/custom_css_sg.css HTTP/1.1" 304 -
186.86.33.245 - - [27/Aug/2023:18:47:32 -0500] "GET /sipse/faces/javax.faces.resource/layout/layout.js?ln=primefaces&v=4.0 HTTP/1.1" 304 -
186.86.33.245 - - [27/Aug/2023:18:47:32 -0500] "GET /sipse/css/imagen/loginimg.png HTTP/1.1" 304 -
186.86.33.245 - - [27/Aug/2023:18:47:32 -0500] "GET /sipse/faces/javax.faces.resource/images/ui-icons_898989_256x240.png?ln=primefaces-aristo HTTP/1.1" 304 -
186.86.33.245 - - [27/Aug/2023:18:47:32 -0500] "GET /sipse/css/imagen/logoSDG.png HTTP/1.1" 200 53064
186.86.33.245 - - [27/Aug/2023:18:47:35 -0500] "POST /sipse/faces/autenticacion.xhtml HTTP/1.1" 200 16165
186.86.33.245 - - [27/Aug/2023:18:47:35 -0500] "GET /sipse/css/custom_css_sg_prime.css HTTP/1.1" 304 -
186.86.33.245 - - [27/Aug/2023:18:47:35 -0500] "GET /sipse/js/jquery.min.js HTTP/1.1" 304 -
186.86.33.245 - - [27/Aug/2023:18:47:35 -0500] "GET /sipse/faces/javax.faces.resource/jquery/jquery.js?ln=primefaces&v=4.0 HTTP/1.1" 304 -
186.86.33.245 - - [27/Aug/2023:18:47:35 -0500] "GET /sipse/faces/javax.faces.resource/jquery/jquery-plugins.js?ln=primefaces&v=4.0 HTTP/1.1" 304 -
186.86.33.245 - - [27/Aug/2023:18:47:35 -0500] "GET /sipse/faces/javax.faces.resource/primefaces.js?ln=primefaces&v=4.0 HTTP/1.1" 304 -
186.86.33.245 - - [27/Aug/2023:18:47:35 -0500] "GET /sipse/faces/javax.faces.resource/layout/layout.js?ln=primefaces&v=4.0 HTTP/1.1" 304 -
186.86.33.245 - - [27/Aug/2023:18:47:36 -0500] "GET /sipse/imagenes/cargando.gif HTTP/1.1" 304 -
186.86.33.245 - - [27/Aug/2023:18:47:36 -0500] "GET /sipse/imagenes/logoAplicacion.jpg HTTP/1.1" 304 -
186.86.33.245 - - [27/Aug/2023:18:47:36 -0500] "GET /sipse/css/v_mergente.css HTTP/1.1" 304 -
186.86.33.245 - - [27/Aug/2023:18:47:36 -0500] "GET /sipse/css/imagen/contrasena.png HTTP/1.1" 404 383
186.86.33.245 - - [27/Aug/2023:18:47:36 -0500] "GET /sipse/faces/javax.faces.resource/messages/messages.png?ln=primefaces&v=4.0 HTTP/1.1" 304 -
186.86.33.245 - - [27/Aug/2023:18:47:38 -0500] "POST /sipse/faces/bienvenido.xhtml HTTP/1.1" 200 1471
186.86.33.245 - - [27/Aug/2023:18:47:38 -0500] "GET /sipse/faces/javax.faces.resource/images/ui-bg_flat_0_2d5972_40x100.png?ln=primefaces-aristo HTTP/1.1" 200 183
186.86.33.245 - - [27/Aug/2023:18:47:39 -0500] "POST /sipse/faces/bienvenido.xhtml HTTP/1.1" 200 43349
186.86.33.245 - - [27/Aug/2023:18:47:39 -0500] "GET /sipse/faces/javax.faces.resource/jquery/jquery.js?ln=primefaces&v=4.0 HTTP/1.1" 304 -
186.86.33.245 - - [27/Aug/2023:18:47:39 -0500] "GET /sipse/faces/javax.faces.resource/jquery/jquery-plugins.js?ln=primefaces&v=4.0 HTTP/1.1" 304 -
186.86.33.245 - - [27/Aug/2023:18:47:39 -0500] "GET /sipse/faces/javax.faces.resource/primefaces.js?ln=primefaces&v=4.0 HTTP/1.1" 304 -
186.86.33.245 - - [27/Aug/2023:18:47:40 -0500] "GET /sipse/faces/javax.faces.resource/layout/layout.js?ln=primefaces&v=4.0 HTTP/1.1" 304 -
186.86.33.245 - - [27/Aug/2023:18:47:40 -0500] "POST /sipse/faces/presentacion/financiero/solicitudProceso/listarSolicitudProceso.xhtml HTTP/1.1" 200 1468
201.245.192.253 - - [27/Aug/2023:18:49:32 -0500] "POST /kwsrmcab/Wsrmcab  HTTP/1.1" 200 41818
216.245.221.92 - - [27/Aug/2023:18:51:11 -0500] "HEAD / HTTP/1.1" 200 -
173.252.95.15 - - [27/Aug/2023:18:51:18 -0500] "GET /humedal-guaymaral-refugio-de-animales-silvestres.html HTTP/1.1" 200 728
186.28.76.64 - - [27/Aug/2023:18:51:58 -0500] "GET /favicon.ico HTTP/1.1" 404 1346
172.22.2.4 - - [27/Aug/2023:18:50:37 -0500] "HEAD /BLA/boletinlegal/ HTTP/1.1" 200 -
172.22.2.4 - - [27/Aug/2023:18:51:27 -0500] "GET /BLA/boletinlegal/ HTTP/1.1" 200 58597
201.245.192.253 - - [27/Aug/2023:18:54:30 -0500] "POST /kwsrmcab/Wsrmcab  HTTP/1.1" 200 41818
52.167.144.180 - - [27/Aug/2023:18:54:40 -0500] "GET /BLA/resoluciones/AUTOS%202022/2889.pdf HTTP/1.1" 304 -
186.29.33.120 - - [27/Aug/2023:18:55:37 -0500] "GET /BLA/resoluciones/AUTOS%202022/1850.pdf HTTP/1.1" 200 442651
216.245.221.92 - - [27/Aug/2023:18:56:11 -0500] "HEAD / HTTP/1.1" 200 -
52.167.144.180 - - [27/Aug/2023:18:56:42 -0500] "GET /BLA/resoluciones/AUTOS%202022/2030.pdf HTTP/1.1" 304 -
64.124.8.58 - - [27/Aug/2023:18:56:50 -0500] "GET /portaldeninos/2021/07/11/asi-monitoreamos-las-condiciones-y-caracteristicas-de-algunos-animales/ HTTP/1.1" 200 101617
4.17.224.133 - - [27/Aug/2023:18:57:09 -0500] "GET /laravel/.env HTTP/1.1" 404 1018
4.17.224.133 - - [27/Aug/2023:18:57:09 -0500] "POST /laravel HTTP/1.1" 404 1018
172.22.2.4 - - [27/Aug/2023:18:56:27 -0500] "HEAD /BLA/boletinlegal/ HTTP/1.1" 200 -
172.22.2.4 - - [27/Aug/2023:18:57:18 -0500] "GET /BLA/boletinlegal/ HTTP/1.1" 200 60692
201.245.192.253 - - [27/Aug/2023:18:59:30 -0500] "POST /kwsrmcab/Wsrmcab  HTTP/1.1" 200 41818
216.245.221.92 - - [27/Aug/2023:19:01:11 -0500] "HEAD / HTTP/1.1" 200 -
66.102.8.39 - - [27/Aug/2023:19:02:05 -0500] "GET /galeria/galeria/fotos/Soratama1G.jpg HTTP/1.1" 200 127762
172.22.2.4 - - [27/Aug/2023:19:02:17 -0500] "HEAD /BLA/boletinlegal/ HTTP/1.1" 200 -
172.22.2.4 - - [27/Aug/2023:19:04:02 -0500] "GET /BLA/boletinlegal/actos.php HTTP/1.1" 200 9682
172.22.2.4 - - [27/Aug/2023:19:04:03 -0500] "GET /BLA/boletinlegal/favicon.ico HTTP/1.1" 404 1326
181.61.208.164 - - [27/Aug/2023:19:04:07 -0500] "GET /BLA/resoluciones/ HTTP/1.1" 200 13502
181.61.208.164 - - [27/Aug/2023:19:04:07 -0500] "GET /favicon.ico HTTP/1.1" 200 7782
181.61.208.164 - - [27/Aug/2023:19:04:12 -0500] "GET /BLA/resoluciones/index.php?dir=AUTOS+2009%2F HTTP/1.1" 200 399860
181.61.208.164 - - [27/Aug/2023:19:04:14 -0500] "GET /BLA/resoluciones/AUTOS%202009/0004.pdf HTTP/1.1" 200 278634
181.61.208.164 - - [27/Aug/2023:19:04:19 -0500] "GET /BLA/resoluciones/ HTTP/1.1" 200 13502
181.61.208.164 - - [27/Aug/2023:19:04:24 -0500] "GET /BLA/resoluciones/index.php?dir=RESOLUCIONES+2009%2F HTTP/1.1" 200 12235
181.61.208.164 - - [27/Aug/2023:19:04:24 -0500] "GET /BLA/resoluciones/index.php?dir=RESOLUCIONES+2009%2F HTTP/1.1" 200 1694101
201.245.192.253 - - [27/Aug/2023:19:04:29 -0500] "POST /kwsrmcab/Wsrmcab  HTTP/1.1" 200 41818
172.22.2.4 - - [27/Aug/2023:19:03:59 -0500] "GET /BLA/boletinlegal/ HTTP/1.1" 200 24523
181.61.208.164 - - [27/Aug/2023:19:04:45 -0500] "GET /BLA/resoluciones/index.php?dir=RESOLUCIONES+2009%2F HTTP/1.1" 200 12235
181.61.208.164 - - [27/Aug/2023:19:04:46 -0500] "GET /BLA/resoluciones/index.php?dir=RESOLUCIONES+2009%2F HTTP/1.1" 200 1694101
172.22.2.4 - - [27/Aug/2023:19:03:07 -0500] "GET /BLA/boletinlegal/ HTTP/1.1" 200 51319
181.61.208.164 - - [27/Aug/2023:19:05:15 -0500] "GET /BLA/resoluciones/RESOLUCIONES%202009/5606.pdf HTTP/1.1" 200 578669
181.61.208.164 - - [27/Aug/2023:19:05:15 -0500] "GET /BLA/resoluciones/RESOLUCIONES%202009/5606.pdf HTTP/1.1" 206 1
181.61.208.164 - - [27/Aug/2023:19:05:15 -0500] "GET /BLA/resoluciones/RESOLUCIONES%202009/5606.pdf HTTP/1.1" 206 539845
52.167.144.138 - - [27/Aug/2023:19:05:21 -0500] "GET /Publicaciones/2023EE139442.pdf HTTP/1.1" 404 228
52.167.144.138 - - [27/Aug/2023:19:06:04 -0500] "GET /Publicaciones/2023EE194527.pdf HTTP/1.1" 200 860896
216.245.221.92 - - [27/Aug/2023:19:06:11 -0500] "HEAD / HTTP/1.1" 200 -
190.25.117.229 - - [27/Aug/2023:19:07:21 -0500] "GET /galeria/galeria/jquery.fancybox.js?v=2.1.5 HTTP/1.1" 200 48706
190.25.117.229 - - [27/Aug/2023:19:07:21 -0500] "GET /galeria/galeria/jquery.fancybox.css?v=2.1.5 HTTP/1.1" 200 4895
190.25.117.229 - - [27/Aug/2023:19:07:21 -0500] "GET /BLA/boletinlegal/js/jquery.scrollShow.js HTTP/1.1" 200 4586
185.76.9.56 - - [27/Aug/2023:19:09:20 -0500] "GET /BLA/boletinlegal/admin/index.php HTTP/1.1" 200 2324
201.245.192.253 - - [27/Aug/2023:19:09:29 -0500] "POST /kwsrmcab/Wsrmcab  HTTP/1.1" 200 41818
172.22.2.4 - - [27/Aug/2023:19:08:07 -0500] "HEAD /BLA/boletinlegal/ HTTP/1.1" 200 -
172.22.2.4 - - [27/Aug/2023:19:10:01 -0500] "GET /BLA/boletinlegal/ HTTP/1.1" 200 20427
172.22.2.4 - - [27/Aug/2023:19:08:57 -0500] "GET /BLA/boletinlegal/ HTTP/1.1" 200 49296
172.22.2.4 - - [27/Aug/2023:19:11:03 -0500] "GET /BLA/boletinlegal/actas/463597.pdf HTTP/1.1" 200 250044
216.245.221.92 - - [27/Aug/2023:19:11:11 -0500] "HEAD / HTTP/1.1" 200 -
181.61.204.149 - - [27/Aug/2023:19:13:41 -0500] "GET /sipse/faces/index.xhtml HTTP/1.1" 200 677
181.61.204.149 - - [27/Aug/2023:19:13:41 -0500] "GET /sipse/faces/javax.faces.resource/theme.css?ln=primefaces-sipse HTTP/1.1" 304 -
181.61.204.149 - - [27/Aug/2023:19:13:42 -0500] "GET /favicon.ico HTTP/1.1" 200 7782
181.61.204.149 - - [27/Aug/2023:19:13:42 -0500] "GET /sipse/faces/faces/autenticacion.xhtml HTTP/1.1" 200 12172
181.61.204.149 - - [27/Aug/2023:19:13:42 -0500] "GET /sipse/css/custom_css_sg_prime_login.css HTTP/1.1" 200 443
181.61.204.149 - - [27/Aug/2023:19:13:42 -0500] "GET /sipse/css/custom_css_sg.css HTTP/1.1" 304 -
181.61.204.149 - - [27/Aug/2023:19:13:42 -0500] "GET /sipse/faces/javax.faces.resource/theme.css?ln=primefaces-sipse HTTP/1.1" 304 -
181.61.204.149 - - [27/Aug/2023:19:13:42 -0500] "GET /sipse/faces/javax.faces.resource/primefaces.css?ln=primefaces&v=4.0 HTTP/1.1" 304 -
181.61.204.149 - - [27/Aug/2023:19:13:42 -0500] "GET /sipse/js/disable_browser_buttons.js HTTP/1.1" 304 -
181.61.204.149 - - [27/Aug/2023:19:13:42 -0500] "GET /sipse/faces/javax.faces.resource/layout/layout.css?ln=primefaces&v=4.0 HTTP/1.1" 304 -
181.61.204.149 - - [27/Aug/2023:19:13:42 -0500] "GET /sipse/js/funciones.js HTTP/1.1" 304 -
181.61.204.149 - - [27/Aug/2023:19:13:42 -0500] "GET /sipse/faces/javax.faces.resource/primefaces.js?ln=primefaces&v=4.0 HTTP/1.1" 304 -
181.61.204.149 - - [27/Aug/2023:19:13:42 -0500] "GET /sipse/faces/javax.faces.resource/jquery/jquery-plugins.js?ln=primefaces&v=4.0 HTTP/1.1" 304 -
181.61.204.149 - - [27/Aug/2023:19:13:42 -0500] "GET /sipse/faces/javax.faces.resource/layout/layout.js?ln=primefaces&v=4.0 HTTP/1.1" 304 -
181.61.204.149 - - [27/Aug/2023:19:13:42 -0500] "GET /sipse/faces/javax.faces.resource/jquery/jquery.js?ln=primefaces&v=4.0 HTTP/1.1" 304 -
181.61.204.149 - - [27/Aug/2023:19:13:43 -0500] "GET /sipse/css/imagen/logoSDG.png HTTP/1.1" 200 53064
181.61.204.149 - - [27/Aug/2023:19:13:43 -0500] "GET /sipse/faces/javax.faces.resource/images/ui-icons_898989_256x240.png?ln=primefaces-aristo HTTP/1.1" 200 5355
181.61.204.149 - - [27/Aug/2023:19:13:43 -0500] "GET /sipse/css/imagen/loginimg.png HTTP/1.1" 200 71635
181.61.204.149 - - [27/Aug/2023:19:13:48 -0500] "POST /sipse/faces/autenticacion.xhtml HTTP/1.1" 200 2226
181.61.204.149 - - [27/Aug/2023:19:13:48 -0500] "GET /sipse/faces/javax.faces.resource/messages/messages.png?ln=primefaces&v=4.0 HTTP/1.1" 200 27209
181.61.204.149 - - [27/Aug/2023:19:14:00 -0500] "POST /sipse/faces/autenticacion.xhtml HTTP/1.1" 200 16351
181.61.204.149 - - [27/Aug/2023:19:14:00 -0500] "GET /sipse/css/custom_css_sg_prime.css HTTP/1.1" 304 -
181.61.204.149 - - [27/Aug/2023:19:14:00 -0500] "GET /sipse/faces/javax.faces.resource/theme.css?ln=primefaces-sipse HTTP/1.1" 304 -
181.61.204.149 - - [27/Aug/2023:19:14:00 -0500] "GET /sipse/faces/javax.faces.resource/layout/layout.css?ln=primefaces&v=4.0 HTTP/1.1" 304 -
181.61.204.149 - - [27/Aug/2023:19:14:00 -0500] "GET /sipse/faces/javax.faces.resource/primefaces.css?ln=primefaces&v=4.0 HTTP/1.1" 304 -
181.61.204.149 - - [27/Aug/2023:19:14:00 -0500] "GET /sipse/js/jquery.min.js HTTP/1.1" 304 -
181.61.204.149 - - [27/Aug/2023:19:14:00 -0500] "GET /sipse/faces/javax.faces.resource/jquery/jquery.js?ln=primefaces&v=4.0 HTTP/1.1" 304 -
181.61.204.149 - - [27/Aug/2023:19:14:00 -0500] "GET /sipse/faces/javax.faces.resource/jquery/jquery-plugins.js?ln=primefaces&v=4.0 HTTP/1.1" 304 -
181.61.204.149 - - [27/Aug/2023:19:14:00 -0500] "GET /sipse/faces/javax.faces.resource/primefaces.js?ln=primefaces&v=4.0 HTTP/1.1" 304 -
181.61.204.149 - - [27/Aug/2023:19:14:00 -0500] "GET /sipse/faces/javax.faces.resource/layout/layout.js?ln=primefaces&v=4.0 HTTP/1.1" 304 -
181.61.204.149 - - [27/Aug/2023:19:14:00 -0500] "GET /sipse/css/v_mergente.css HTTP/1.1" 200 1505
181.61.204.149 - - [27/Aug/2023:19:14:00 -0500] "GET /sipse/css/imagen/contrasena.png HTTP/1.1" 404 383
181.61.204.149 - - [27/Aug/2023:19:14:00 -0500] "GET /sipse/imagenes/cargando.gif HTTP/1.1" 200 36959
181.61.204.149 - - [27/Aug/2023:19:14:00 -0500] "GET /sipse/imagenes/logoAplicacion.jpg HTTP/1.1" 200 155084
181.61.204.149 - - [27/Aug/2023:19:14:02 -0500] "GET /sipse/faces/javax.faces.resource/images/ui-bg_flat_0_2d5972_40x100.png?ln=primefaces-aristo HTTP/1.1" 200 183
181.61.204.149 - - [27/Aug/2023:19:14:02 -0500] "POST /sipse/faces/bienvenido.xhtml HTTP/1.1" 200 2073
181.61.204.149 - - [27/Aug/2023:19:14:03 -0500] "POST /sipse/faces/bienvenido.xhtml HTTP/1.1" 200 38978
181.61.204.149 - - [27/Aug/2023:19:14:03 -0500] "GET /sipse/faces/javax.faces.resource/theme.css?ln=primefaces-sipse HTTP/1.1" 304 -
181.61.204.149 - - [27/Aug/2023:19:14:03 -0500] "GET /sipse/faces/javax.faces.resource/primefaces.css?ln=primefaces&v=4.0 HTTP/1.1" 304 -
181.61.204.149 - - [27/Aug/2023:19:14:03 -0500] "GET /sipse/faces/javax.faces.resource/layout/layout.css?ln=primefaces&v=4.0 HTTP/1.1" 304 -
181.61.204.149 - - [27/Aug/2023:19:14:03 -0500] "GET /sipse/faces/javax.faces.resource/jquery/jquery.js?ln=primefaces&v=4.0 HTTP/1.1" 304 -
181.61.204.149 - - [27/Aug/2023:19:14:03 -0500] "GET /sipse/faces/javax.faces.resource/jquery/jquery-plugins.js?ln=primefaces&v=4.0 HTTP/1.1" 304 -
181.61.204.149 - - [27/Aug/2023:19:14:03 -0500] "GET /sipse/faces/javax.faces.resource/primefaces.js?ln=primefaces&v=4.0 HTTP/1.1" 304 -
181.61.204.149 - - [27/Aug/2023:19:14:03 -0500] "GET /sipse/faces/javax.faces.resource/layout/layout.js?ln=primefaces&v=4.0 HTTP/1.1" 304 -
181.61.204.149 - - [27/Aug/2023:19:14:05 -0500] "POST /sipse/faces/presentacion/financiero/solicitudProceso/consultar.xhtml HTTP/1.1" 200 31218
181.61.204.149 - - [27/Aug/2023:19:14:05 -0500] "POST /sipse/faces/presentacion/financiero/solicitudProceso/consultar.xhtml HTTP/1.1" 200 31218
181.61.204.149 - - [27/Aug/2023:19:14:07 -0500] "POST /sipse/faces/presentacion/financiero/solicitudProceso/consultar.xhtml HTTP/1.1" 200 3180
181.61.204.149 - - [27/Aug/2023:19:14:08 -0500] "POST /sipse/faces/presentacion/financiero/solicitudProceso/consultar.xhtml HTTP/1.1" 200 32444
181.61.204.149 - - [27/Aug/2023:19:14:08 -0500] "GET /sipse/faces/javax.faces.resource/theme.css?ln=primefaces-sipse HTTP/1.1" 304 -
181.61.204.149 - - [27/Aug/2023:19:14:08 -0500] "GET /sipse/faces/javax.faces.resource/primefaces.css?ln=primefaces&v=4.0 HTTP/1.1" 304 -
181.61.204.149 - - [27/Aug/2023:19:14:08 -0500] "GET /sipse/faces/javax.faces.resource/layout/layout.css?ln=primefaces&v=4.0 HTTP/1.1" 304 -
181.61.204.149 - - [27/Aug/2023:19:14:08 -0500] "GET /sipse/faces/javax.faces.resource/jquery/jquery.js?ln=primefaces&v=4.0 HTTP/1.1" 304 -
181.61.204.149 - - [27/Aug/2023:19:14:08 -0500] "GET /sipse/faces/javax.faces.resource/jquery/jquery-plugins.js?ln=primefaces&v=4.0 HTTP/1.1" 304 -
181.61.204.149 - - [27/Aug/2023:19:14:08 -0500] "GET /sipse/faces/javax.faces.resource/primefaces.js?ln=primefaces&v=4.0 HTTP/1.1" 304 -
181.61.204.149 - - [27/Aug/2023:19:14:08 -0500] "GET /sipse/faces/javax.faces.resource/layout/layout.js?ln=primefaces&v=4.0 HTTP/1.1" 304 -
181.61.204.149 - - [27/Aug/2023:19:14:08 -0500] "POST /sipse/faces/presentacion/financiero/solicitudProceso/listarSolicitudProceso.xhtml HTTP/1.1" 200 25819
181.61.204.149 - - [27/Aug/2023:19:14:08 -0500] "POST /sipse/faces/presentacion/financiero/solicitudProceso/listarSolicitudProceso.xhtml HTTP/1.1" 200 1376
181.61.204.149 - - [27/Aug/2023:19:14:09 -0500] "POST /sipse/faces/presentacion/financiero/solicitudProceso/listarSolicitudProceso.xhtml HTTP/1.1" 200 1380
201.245.192.253 - - [27/Aug/2023:19:14:27 -0500] "POST /kwsrmcab/Wsrmcab  HTTP/1.1" 200 41818
172.22.2.4 - - [27/Aug/2023:19:13:57 -0500] "HEAD /BLA/boletinlegal/ HTTP/1.1" 200 -
216.245.221.92 - - [27/Aug/2023:19:16:11 -0500] "HEAD / HTTP/1.1" 200 -
172.22.2.4 - - [27/Aug/2023:19:14:47 -0500] "GET /BLA/boletinlegal/ HTTP/1.1" 200 58187
201.245.192.253 - - [27/Aug/2023:19:18:46 -0500] "POST /kwsrmcab/Wsrmcab HTTP/1.1" 200 42536
201.245.192.253 - - [27/Aug/2023:19:18:49 -0500] "POST /kwsrmcab/Wsrmcab HTTP/1.1" 200 43949
201.245.192.253 - - [27/Aug/2023:19:19:25 -0500] "POST /kwsrmcab/Wsrmcab  HTTP/1.1" 200 41818
216.245.221.92 - - [27/Aug/2023:19:21:11 -0500] "HEAD / HTTP/1.1" 200 -
172.22.2.4 - - [27/Aug/2023:19:19:47 -0500] "HEAD /BLA/boletinlegal/ HTTP/1.1" 200 -
172.22.2.4 - - [27/Aug/2023:19:20:37 -0500] "GET /BLA/boletinlegal/ HTTP/1.1" 200 53766
186.28.46.171 - - [27/Aug/2023:19:23:48 -0500] "GET /kwssiamovil/sm/ldap/au?x=U2FsdGVkX1/1M1iEdXwzZIjFVBangusDP6r+F7z1UsEJGX1yJOwTo2+/Rq5ylCw0&y=U2FsdGVkX1+4JwP0TNJySAP1DJoQvjfvZWWMECgD1sI= HTTP/1.1" 200 31
201.245.192.253 - - [27/Aug/2023:19:24:25 -0500] "POST /kwsrmcab/Wsrmcab  HTTP/1.1" 200 41818
186.28.46.171 - - [27/Aug/2023:19:24:43 -0500] "GET /kwssiamovil/sm/ldap/au?x=U2FsdGVkX19sMTG/UJUK/ivLOV5gf+qEOkF6lC8TFF86kFoRFBlSFLm5MEvLvnjn&y=U2FsdGVkX18mbR11InkV1xCPqkoe6AoblL1qt3T6oo4= HTTP/1.1" 200 30
186.28.46.171 - - [27/Aug/2023:19:24:43 -0500] "GET /kwssiamovil/sm/acme/s?s=U2FsdGVkX19mqOXAgbAgXD35hw3WcTEYBVlqX/tznTfA82g8XyPSR4SHbU5dbnMcs7XeEotTyoIx4f/zyFbJ754PDR/omCGyPZvuyUrL1C8=&u=U2FsdGVkX18Hc8HcxC7D4s9K9tZB2ucXapA9dpaCsG8=&y=U2FsdGVkX18mbR11InkV1xCPqkoe6AoblL1qt3T6oo4= HTTP/1.1" 200 97
186.28.46.171 - - [27/Aug/2023:19:24:43 -0500] "GET /kwssiamovil/sm/acme/s?s=U2FsdGVkX1+WyI2stPkJy1eK252esyCukaddYKWIhjcyw1/IPB+3Hio/4IxcUxFndn/wt4Rs2GJaNXyjZ7lohXwd/fzGDS+bGudGZtRFr4eiarLye3zsXBUAo3AwNriAIX5AUmUbeDvbmiJ0OGXrK5Wa7Yhdm5/JU25c+eE9MaSMhUPpVQVVnc9SslVir8wM/4iOCPTgsuOUf6OuV5sMzqN+nQQm0Vb+6H00fJmClUTSUARC/THcQzSsF26ZF2ekgpuyibEctKnyCl2G2IRZdFTyQ7NvjpaY4qG43i40CPlSJwrCeDbZDQPjGQ6Ax1BVcbpRzn3nKS85fEPnFPY8rBg/gx10i3oq4XIcDz6Y/tVDlmvhszXACTnHkM4nHuY3R5m5f7hc9c3I3TaifpNu8imlqIsiiChZweKBwG08C3sVQTmTRNfGAbY/QScNzatOJd6mHDBn3ydPqjP4xGJndahybb+L9wi8Zv+UHeyDeaZl9y3qXTUPbfEPIVac5XEwmFPuyG2ZUajUYPkjEODJ/Hepc//k4jN3I6HI8urjeT4/4XOled/PmUK9hqfitqT83B+EEUCbjQxnsTZh2YhtGCOwcnyMCStmpekcf4xGMXyjT4yUom0mQs9pw1GfjOc5J7BwcbMKd0Psgwkv8abFhZ462PomJcYhlbtzFSDbfOILNOPmcqVsoo4oa7Ww7GZVPeNDwzaknhGFdsnrk8EtNx+dKrKwRXNnoPzvuQIaucf5ecD2KORV14LlyNv7SapL86Pv3nHckG5XrXthE2zEHIapCk4svBGI/ivAl0lf1s3dyG83u7UA8sEasnmYk2hBcxiaJOcrCtmMFz4KeHZbilLvn7iUxla+RZ8ZFPJfV499wqYjd0jMHGUXNKwNebgcfbauVH67RSR8IC7P2qDJTyNIrDSUiDvBg6Lqa+TH2uFou6EbrrTzq72rG+AgvlWZkE8C+s7EPqS8aSHGLE0iYOpXvCZHCIJ39HL/9X4lryFKSnhibijksrj90Pcl/wzXH35JkNcyl/Wl0CA62ONAzDZ/fRvKa2Gb9y3YZPTqKUMpqDWScXspowjHgkcW0pwUGfpGZGVHt5clIVf4jBVS/ppLKIuqBECbebDUAUHXBskAfsP9lI/QPqDn2/1wF+H3F00Y6lUixXCcW+nTFLI+zw4quRo+rydP3XbDcXDVtYIBxuNMvnN4ywY6mIXqicMhoEWdtaAEpUixnLFOimc/HfgEnoUUEpY6kNowEzeWs4Lo/IRrSBOe4rJfe6xgUoj9Y/bqfzMQLo8uIz8vRbgw03JFZ30V255a+RM/HEecW4F2C81NeNj4/DKVv90gzOV4N6Laz+fqZ0mNfXse0nF6u4XPJCojnbL/nHyR86tklvExw+uO7/dYuFem6yBKE8300bv9RxVXexv5YCC/71zIruuaVY2l+xdWBHTEucbn9Bwws1FlQZiJgT40w8kFuNr3vUZKfyAQxgLlEQdSwT3y9JF6GrLoklzBWBdHGbxP5xDzwLO2RFgs4U7eoIuQIUuMxd9O1o7GcNd03/uSN/kAfqY9Llmc6+Dl3dJLjkAqLyaJ3MWnirgOfw2HZVyIbr3YMO2mm0+/SXPpDtqiMJr+VSkQQg8NbRfHXf8pb87xHYj24PcN1X4dWtJSaH4b4EtynTB7z4miGlB23mxlqi1aGpKh6rQMGyZU54dMfZ9dq6x3l1m4dMDIl4DFdcjI61RNtpiRkmbIrdaeavJvbWGZ4nllIlTW8PXQEEK6++FMmuk=&u=U2FsdGVkX18Hc8HcxC7D4s9K9tZB2ucXapA9dpaCsG8=&y=U2FsdGVkX18mbR11InkV1xCPqkoe6AoblL1qt3T6oo4= HTTP/1.1" 200 72
186.28.46.171 - - [27/Aug/2023:19:24:43 -0500] "GET /kwssiamovil/sm/acme/s?s=U2FsdGVkX19R/9hOXLsjLFTGFLQg/N2EcKgoZNJ0pT+6DJ6kEhUyiZcCxxLN9ThzPm2nVhZLVRXu0h2hCqnZA+FDWHJrqYZMqhQ1jUgpCU0x7BLrDZFkUwMWwIh9O0Fb3VbkQNttxMw1qVw9FeIplXc/O1m9ailpQlmXt/5qhNg1UYFXif8WfSK2p3J8bvqo4rI02QtDE5QsRrzk/pR6rMZyyjEY+v88NqekQMBz/vNt6DxKrDH10FViL7lV+CNLAnHv9M36+dzpjvRz4PBi2M59kNDef7tD6wah0wI1UZXLVskeNWqEn0ZPJ1vNuVrcKCQpUxBG6Zv2eLlQhs91HHHB48rMjobh0SxYEOej+8yTMapYk+weuArDBlhIVffRyQ9oT/Lq9++2zbBIw1foTlqla8OOTpD7U2HS94hf8BCYVfNiEAf5huwb0+40tjNmNaqL+G9zCSjo9RhCHn7IRkkjTYbLYdX8Je+9SfTPvvEAnjB1LR0dD2pdRe7KK48TIT3Ax5qTdWkmjDpriPO/5aTXIzUFvDF241dIG9EiRoI41AmJ/lYTKH3mxlcLeXu/fdkCq7ucMqXfkKOxnwDybVcFPyL7PUljCV6xp26WzKAMUcw1PUvlYiV7iyOHDed4BDCDwo7QRUny9g9D9pjtO/46tAacIl17grwopp2DXyd/HSCFsqtzCoB4PWRFX1wMjnHc7QpGoKwoy2GMQVS+qRUGR1xjmitnBPDPgL9GHhgzyNtWZ5G3k4vvbEb8747J&u=U2FsdGVkX18Hc8HcxC7D4s9K9tZB2ucXapA9dpaCsG8=&y=U2FsdGVkX18mbR11InkV1xCPqkoe6AoblL1qt3T6oo4= HTTP/1.1" 200 208
186.28.46.171 - - [27/Aug/2023:19:24:43 -0500] "GET /kwssiamovil/sm/cjson/pre?f=1&x=U2FsdGVkX19sMTG/UJUK/ivLOV5gf+qEOkF6lC8TFF86kFoRFBlSFLm5MEvLvnjn HTTP/1.1" 200 31032
216.245.221.92 - - [27/Aug/2023:19:26:11 -0500] "HEAD / HTTP/1.1" 200 -
172.22.2.4 - - [27/Aug/2023:19:25:37 -0500] "HEAD /BLA/boletinlegal/ HTTP/1.1" 200 -
172.22.2.4 - - [27/Aug/2023:19:26:27 -0500] "GET /BLA/boletinlegal/ HTTP/1.1" 200 60692
201.245.192.253 - - [27/Aug/2023:19:28:47 -0500] "POST /kwsrmcab/Wsrmcab HTTP/1.1" 200 42536
201.245.192.253 - - [27/Aug/2023:19:28:50 -0500] "POST /kwsrmcab/Wsrmcab HTTP/1.1" 200 43949
201.245.192.253 - - [27/Aug/2023:19:29:24 -0500] "POST /kwsrmcab/Wsrmcab  HTTP/1.1" 200 41818
172.22.2.4 - - [27/Aug/2023:19:29:30 -0500] "GET /BLA/boletinlegal/jurisprudencia/analisis/AnalisisT-606-15.docx HTTP/1.1" 200 26698
172.22.2.4 - - [27/Aug/2023:19:29:31 -0500] "GET /BLA/boletinlegal/apple-touch-icon-120x120-precomposed.png HTTP/1.1" 404 1140
172.22.2.4 - - [27/Aug/2023:19:29:31 -0500] "GET /BLA/boletinlegal/apple-touch-icon-120x120.png HTTP/1.1" 404 1140
172.22.2.4 - - [27/Aug/2023:19:29:31 -0500] "GET /BLA/boletinlegal/apple-touch-icon-precomposed.png HTTP/1.1" 404 1140
172.22.2.4 - - [27/Aug/2023:19:29:31 -0500] "GET /BLA/boletinlegal/apple-touch-icon.png HTTP/1.1" 404 1140
172.22.2.4 - - [27/Aug/2023:19:29:31 -0500] "GET /BLA/boletinlegal/favicon.ico HTTP/1.1" 404 1140
172.22.2.4 - - [27/Aug/2023:19:29:31 -0500] "GET /BLA/boletinlegal/apple-touch-icon-120x120-precomposed.png HTTP/1.1" 404 1140
172.22.2.4 - - [27/Aug/2023:19:29:31 -0500] "GET /BLA/boletinlegal/apple-touch-icon-120x120.png HTTP/1.1" 404 1140
172.22.2.4 - - [27/Aug/2023:19:29:31 -0500] "GET /BLA/boletinlegal/apple-touch-icon-precomposed.png HTTP/1.1" 404 1140
172.22.2.4 - - [27/Aug/2023:19:29:31 -0500] "GET /BLA/boletinlegal/apple-touch-icon.png HTTP/1.1" 404 1140
172.22.2.4 - - [27/Aug/2023:19:29:31 -0500] "GET /BLA/boletinlegal/favicon.ico HTTP/1.1" 404 1140
216.245.221.92 - - [27/Aug/2023:19:31:11 -0500] "HEAD / HTTP/1.1" 200 -
207.46.13.208 - - [27/Aug/2023:19:31:28 -0500] "GET /BLA/resoluciones/AUTOS%202020/4227.pdf HTTP/1.1" 200 446513
172.22.2.4 - - [27/Aug/2023:19:32:18 -0500] "GET /BLA/boletinlegal/robots.txt HTTP/1.1" 404 1038
172.22.2.4 - - [27/Aug/2023:19:32:18 -0500] "GET /BLA/boletinlegal/jurisprudencia/analisis/Analisis%20Sentencia%20T-1077,%202%20corregida.doc HTTP/1.1" 200 47616
172.22.2.4 - - [27/Aug/2023:19:31:27 -0500] "HEAD /BLA/boletinlegal/ HTTP/1.1" 200 -
186.155.43.75 - - [27/Aug/2023:19:33:32 -0500] "GET /secretaria-de-ambiente-abre-convocatoria-para-el-proceso-de-formacion-mujeres-cuidadoras-de-humedales.html HTTP/1.1" 200 943
172.22.2.4 - - [27/Aug/2023:19:32:17 -0500] "GET /BLA/boletinlegal/ HTTP/1.1" 200 56257
201.245.192.253 - - [27/Aug/2023:19:34:23 -0500] "POST /kwsrmcab/Wsrmcab  HTTP/1.1" 200 41818
172.22.2.4 - - [27/Aug/2023:19:33:01 -0500] "GET /BLA/boletinlegal/ HTTP/1.1" 200 60342
216.245.221.92 - - [27/Aug/2023:19:36:11 -0500] "HEAD / HTTP/1.1" 200 -
172.22.2.4 - - [27/Aug/2023:19:36:59 -0500] "GET /BLA/boletinlegal/Circulares/2019/.pdf HTTP/1.1" 404 1218
172.22.2.4 - - [27/Aug/2023:19:37:09 -0500] "GET /BLA/boletinlegal/Circulares/2012/Circular%20No.%2010%20del%2026%20de%20Enero%20de%202012.pdf HTTP/1.1" 404 1218
201.245.192.253 - - [27/Aug/2023:19:38:46 -0500] "POST /kwsrmcab/Wsrmcab HTTP/1.1" 200 42536
201.245.192.253 - - [27/Aug/2023:19:38:50 -0500] "POST /kwsrmcab/Wsrmcab HTTP/1.1" 200 43949
172.22.2.4 - - [27/Aug/2023:19:37:17 -0500] "HEAD /BLA/boletinlegal/ HTTP/1.1" 200 -
201.245.192.253 - - [27/Aug/2023:19:39:22 -0500] "POST /kwsrmcab/Wsrmcab  HTTP/1.1" 200 41818
172.22.2.4 - - [27/Aug/2023:19:38:07 -0500] "GET /BLA/boletinlegal/ HTTP/1.1" 200 58597
216.245.221.92 - - [27/Aug/2023:19:41:11 -0500] "HEAD / HTTP/1.1" 200 -
64.124.8.44 - - [27/Aug/2023:19:42:42 -0500] "GET /robots.txt HTTP/1.1" 404 1018
64.124.8.44 - - [27/Aug/2023:19:42:42 -0500] "GET /BLA/boletinlegal/jurisprudencia/analisis/ANALISIST-672-14.docx HTTP/1.1" 200 22530
52.167.144.239 - - [27/Aug/2023:19:43:24 -0500] "GET /BLA/resoluciones/RESOLUCIONES%202021/2903.pdf HTTP/1.1" 304 -
31.13.103.1 - - [27/Aug/2023:19:44:08 -0500] "GET /calidad-del-aire-distrito-avanza-unido-por-un-nuevo-aire.html?utm_id=Julio_2023 HTTP/1.1" 200 783
201.245.192.253 - - [27/Aug/2023:19:44:22 -0500] "POST /kwsrmcab/Wsrmcab  HTTP/1.1" 200 41818
172.22.2.4 - - [27/Aug/2023:19:43:07 -0500] "HEAD /BLA/boletinlegal/ HTTP/1.1" 200 -
172.22.2.4 - - [27/Aug/2023:19:43:57 -0500] "GET /BLA/boletinlegal/ HTTP/1.1" 200 61130
216.245.221.92 - - [27/Aug/2023:19:46:11 -0500] "HEAD / HTTP/1.1" 200 -
172.22.2.4 - - [27/Aug/2023:19:46:21 -0500] "GET /BLA/boletinlegal/actos.php HTTP/1.1" 200 9682
172.22.2.4 - - [27/Aug/2023:19:46:21 -0500] "GET /BLA/boletinlegal/styles2.css HTTP/1.1" 200 1838
172.22.2.4 - - [27/Aug/2023:19:46:21 -0500] "GET /BLA/boletinlegal/js/ajax_actos.js HTTP/1.1" 200 1322
172.22.2.4 - - [27/Aug/2023:19:46:21 -0500] "GET /BLA/boletinlegal/niceforms-default.css HTTP/1.1" 200 6694
172.22.2.4 - - [27/Aug/2023:19:46:21 -0500] "GET /BLA/boletinlegal/style.css HTTP/1.1" 200 9406
172.22.2.4 - - [27/Aug/2023:19:46:21 -0500] "GET /BLA/boletinlegal/niceforms.js HTTP/1.1" 200 22876
172.22.2.4 - - [27/Aug/2023:19:46:21 -0500] "GET /BLA/boletinlegal/js/lib.js HTTP/1.1" 200 6474
172.22.2.4 - - [27/Aug/2023:19:46:21 -0500] "GET /BLA/boletinlegal/js/popup.js HTTP/1.1" 200 1270
172.22.2.4 - - [27/Aug/2023:19:46:21 -0500] "GET /BLA/boletinlegal/js/jquery1.js HTTP/1.1" 200 29846
172.22.2.4 - - [27/Aug/2023:19:46:21 -0500] "GET /BLA/boletinlegal/images/cabezote%20BLEGAL.jpg HTTP/1.1" 200 118164
172.22.2.4 - - [27/Aug/2023:19:46:21 -0500] "GET /BLA/boletinlegal/images/subscribe-icon-big.png HTTP/1.1" 200 47702
172.22.2.4 - - [27/Aug/2023:19:46:21 -0500] "GET /BLA/boletinlegal/images/registro-usuarios.png HTTP/1.1" 200 8106
172.22.2.4 - - [27/Aug/2023:19:46:21 -0500] "GET /BLA/boletinlegal/images/historia.png HTTP/1.1" 200 52775
172.22.2.4 - - [27/Aug/2023:19:46:21 -0500] "GET /BLA/boletinlegal/images/tel.png HTTP/1.1" 200 14477
172.22.2.4 - - [27/Aug/2023:19:46:21 -0500] "GET /BLA/boletinlegal/images/green-yellow-blue-pink-th.png HTTP/1.1" 200 7394
172.22.2.4 - - [27/Aug/2023:19:46:21 -0500] "GET /BLA/boletinlegal/images/bg_top.jpg HTTP/1.1" 200 522
172.22.2.4 - - [27/Aug/2023:19:46:21 -0500] "GET /BLA/boletinlegal/images/menu_lft.gif HTTP/1.1" 200 1713
172.22.2.4 - - [27/Aug/2023:19:46:21 -0500] "GET /BLA/boletinlegal/images/body_bg.jpg HTTP/1.1" 200 1601
172.22.2.4 - - [27/Aug/2023:19:46:21 -0500] "GET /BLA/boletinlegal/images/footer_bg.jpg HTTP/1.1" 200 586
172.22.2.4 - - [27/Aug/2023:19:46:21 -0500] "GET /BLA/boletinlegal/images/menu_rght.gif HTTP/1.1" 200 1627
172.22.2.4 - - [27/Aug/2023:19:46:21 -0500] "GET /BLA/boletinlegal/images/menu_bg.jpg HTTP/1.1" 200 620
172.22.2.4 - - [27/Aug/2023:19:46:21 -0500] "GET /BLA/boletinlegal/images/text.jpg HTTP/1.1" 200 568
172.22.2.4 - - [27/Aug/2023:19:46:21 -0500] "GET /BLA/boletinlegal/images/hover.jpg HTTP/1.1" 200 640
172.22.2.4 - - [27/Aug/2023:19:46:21 -0500] "GET /BLA/boletinlegal/images/icono-email.png HTTP/1.1" 200 5544
172.22.2.4 - - [27/Aug/2023:19:46:21 -0500] "GET /BLA/boletinlegal/images/footer_bg_l.jpg HTTP/1.1" 200 776
172.22.2.4 - - [27/Aug/2023:19:46:21 -0500] "GET /BLA/boletinlegal/img/0.png HTTP/1.1" 200 110
172.22.2.4 - - [27/Aug/2023:19:46:21 -0500] "GET /BLA/boletinlegal/img/select-left.png HTTP/1.1" 200 263
172.22.2.4 - - [27/Aug/2023:19:46:21 -0500] "GET /BLA/boletinlegal/img/select-right.png HTTP/1.1" 200 44019
172.22.2.4 - - [27/Aug/2023:19:46:21 -0500] "GET /BLA/boletinlegal/img/button-left.png HTTP/1.1" 200 57071
172.22.2.4 - - [27/Aug/2023:19:46:21 -0500] "GET /BLA/boletinlegal/img/button-right.png HTTP/1.1" 200 57878
172.22.2.4 - - [27/Aug/2023:19:46:21 -0500] "GET /BLA/boletinlegal/img/button.png HTTP/1.1" 200 43241
172.22.2.4 - - [27/Aug/2023:19:46:21 -0500] "GET /BLA/boletinlegal/favicon.ico HTTP/1.1" 404 1326
172.22.2.4 - - [27/Aug/2023:19:46:24 -0500] "GET /BLA/boletinlegal/normativa.php HTTP/1.1" 200 8343
172.22.2.4 - - [27/Aug/2023:19:46:24 -0500] "GET /BLA/boletinlegal/js/ajax_normativa.js HTTP/1.1" 200 1154
172.22.2.4 - - [27/Aug/2023:19:46:32 -0500] "GET /BLA/boletinlegal/conceptos.php HTTP/1.1" 200 7496
172.22.2.4 - - [27/Aug/2023:19:46:32 -0500] "GET /BLA/boletinlegal/js/ajax_conceptos.js HTTP/1.1" 200 1326
172.22.2.4 - - [27/Aug/2023:19:46:57 -0500] "GET /BLA/boletinlegal/consulta_conceptos.php?no=&solicitante=&radicado_entrada=&fecha_concepto=2019&objeto= HTTP/1.1" 200 28643
172.22.2.4 - - [27/Aug/2023:19:46:57 -0500] "GET /BLA/boletinlegal/images/background.gif HTTP/1.1" 200 -
172.22.2.4 - - [27/Aug/2023:19:46:57 -0500] "GET /BLA/boletinlegal/images/pdf.gif HTTP/1.1" 200 567
172.22.2.4 - - [27/Aug/2023:19:48:04 -0500] "GET /BLA/boletinlegal/actos.php HTTP/1.1" 200 9682
172.22.2.4 - - [27/Aug/2023:19:48:04 -0500] "GET /BLA/boletinlegal/styles2.css HTTP/1.1" 200 1838
172.22.2.4 - - [27/Aug/2023:19:48:04 -0500] "GET /BLA/boletinlegal/js/ajax_actos.js HTTP/1.1" 200 1322
172.22.2.4 - - [27/Aug/2023:19:48:04 -0500] "GET /BLA/boletinlegal/niceforms-default.css HTTP/1.1" 200 6694
172.22.2.4 - - [27/Aug/2023:19:48:04 -0500] "GET /BLA/boletinlegal/style.css HTTP/1.1" 200 9406
172.22.2.4 - - [27/Aug/2023:19:48:04 -0500] "GET /BLA/boletinlegal/js/popup.js HTTP/1.1" 200 1270
172.22.2.4 - - [27/Aug/2023:19:48:04 -0500] "GET /BLA/boletinlegal/js/jquery1.js HTTP/1.1" 200 29846
172.22.2.4 - - [27/Aug/2023:19:48:04 -0500] "GET /BLA/boletinlegal/niceforms.js HTTP/1.1" 200 22876
172.22.2.4 - - [27/Aug/2023:19:48:04 -0500] "GET /BLA/boletinlegal/js/lib.js HTTP/1.1" 200 6474
172.22.2.4 - - [27/Aug/2023:19:48:04 -0500] "GET /BLA/boletinlegal/images/cabezote%20BLEGAL.jpg HTTP/1.1" 200 118164
172.22.2.4 - - [27/Aug/2023:19:48:05 -0500] "GET /BLA/boletinlegal/images/subscribe-icon-big.png HTTP/1.1" 200 47702
172.22.2.4 - - [27/Aug/2023:19:48:05 -0500] "GET /BLA/boletinlegal/images/registro-usuarios.png HTTP/1.1" 200 8106
172.22.2.4 - - [27/Aug/2023:19:48:05 -0500] "GET /BLA/boletinlegal/images/green-yellow-blue-pink-th.png HTTP/1.1" 200 7394
172.22.2.4 - - [27/Aug/2023:19:48:05 -0500] "GET /BLA/boletinlegal/images/historia.png HTTP/1.1" 200 52775
172.22.2.4 - - [27/Aug/2023:19:48:05 -0500] "GET /BLA/boletinlegal/images/tel.png HTTP/1.1" 200 14477
172.22.2.4 - - [27/Aug/2023:19:48:05 -0500] "GET /BLA/boletinlegal/images/icono-email.png HTTP/1.1" 200 5544
172.22.2.4 - - [27/Aug/2023:19:48:05 -0500] "GET /BLA/boletinlegal/images/body_bg.jpg HTTP/1.1" 200 1601
172.22.2.4 - - [27/Aug/2023:19:48:05 -0500] "GET /BLA/boletinlegal/images/menu_lft.gif HTTP/1.1" 200 1713
172.22.2.4 - - [27/Aug/2023:19:48:05 -0500] "GET /BLA/boletinlegal/images/menu_rght.gif HTTP/1.1" 200 1627
172.22.2.4 - - [27/Aug/2023:19:48:05 -0500] "GET /BLA/boletinlegal/images/menu_bg.jpg HTTP/1.1" 200 620
172.22.2.4 - - [27/Aug/2023:19:48:05 -0500] "GET /BLA/boletinlegal/images/bg_top.jpg HTTP/1.1" 200 522
172.22.2.4 - - [27/Aug/2023:19:48:05 -0500] "GET /BLA/boletinlegal/images/footer_bg.jpg HTTP/1.1" 200 586
172.22.2.4 - - [27/Aug/2023:19:48:05 -0500] "GET /BLA/boletinlegal/images/text.jpg HTTP/1.1" 200 568
172.22.2.4 - - [27/Aug/2023:19:48:05 -0500] "GET /BLA/boletinlegal/images/hover.jpg HTTP/1.1" 200 640
172.22.2.4 - - [27/Aug/2023:19:48:05 -0500] "GET /BLA/boletinlegal/images/footer_bg_l.jpg HTTP/1.1" 200 776
172.22.2.4 - - [27/Aug/2023:19:48:05 -0500] "GET /BLA/boletinlegal/img/select-right.png HTTP/1.1" 200 44019
172.22.2.4 - - [27/Aug/2023:19:48:05 -0500] "GET /BLA/boletinlegal/img/0.png HTTP/1.1" 200 110
172.22.2.4 - - [27/Aug/2023:19:48:05 -0500] "GET /BLA/boletinlegal/img/select-left.png HTTP/1.1" 200 263
172.22.2.4 - - [27/Aug/2023:19:48:05 -0500] "GET /BLA/boletinlegal/img/button-left.png HTTP/1.1" 200 57071
172.22.2.4 - - [27/Aug/2023:19:48:05 -0500] "GET /BLA/boletinlegal/img/button.png HTTP/1.1" 200 43241
172.22.2.4 - - [27/Aug/2023:19:48:05 -0500] "GET /BLA/boletinlegal/img/button-right.png HTTP/1.1" 200 57878
172.22.2.4 - - [27/Aug/2023:19:48:05 -0500] "GET /BLA/boletinlegal/favicon.ico HTTP/1.1" 404 1326
172.22.2.4 - - [27/Aug/2023:19:48:08 -0500] "GET /BLA/boletinlegal/jurisprudencia.php HTTP/1.1" 200 17583
172.22.2.4 - - [27/Aug/2023:19:48:08 -0500] "GET /BLA/boletinlegal/images/sub_ul_li.gif HTTP/1.1" 200 343
