186.155.127.101 - - [27/Aug/2023:11:39:34 -0500] "GET /galeria/galeria/jquery.fancybox.js?v=2.1.5 HTTP/1.1" 200 48706
186.155.127.101 - - [27/Aug/2023:11:39:34 -0500] "GET /galeria/galeria/jquery.fancybox.css?v=2.1.5 HTTP/1.1" 200 4895
186.155.127.101 - - [27/Aug/2023:11:39:34 -0500] "GET /BLA/boletinlegal/js/jquery.scrollShow.js HTTP/1.1" 200 4586
201.245.192.253 - - [27/Aug/2023:11:41:02 -0500] "POST /kwsrmcab/Wsrmcab  HTTP/1.1" 200 41818
52.167.144.108 - - [27/Aug/2023:11:41:26 -0500] "GET /autoliquidacion/grupo%20forestal%20-%20silvicultura/Formato%20de%20ejecuci%C3%B3n%20de%20actividades%20silviculturales.xlsx HTTP/1.1" 404 1018
173.252.107.3 - - [27/Aug/2023:11:42:01 -0500] "GET /inscribete-y-participa-en-las-caminatas-ecologicas-de-marzo.html HTTP/1.1" 200 924
186.155.111.61 - - [27/Aug/2023:11:42:08 -0500] "GET /BLA/resoluciones/ HTTP/1.1" 200 13502
172.22.2.4 - - [27/Aug/2023:11:42:15 -0500] "GET /BLA/boletinlegal/style.css HTTP/1.1" 200 9406
172.22.2.4 - - [27/Aug/2023:11:42:15 -0500] "GET /BLA/boletinlegal/styles2.css HTTP/1.1" 200 1838
172.22.2.4 - - [27/Aug/2023:11:42:15 -0500] "GET /BLA/boletinlegal/js/jquery.js HTTP/1.1" 200 57254
172.22.2.4 - - [27/Aug/2023:11:42:15 -0500] "GET /BLA/boletinlegal/js/jquery.scrollShow.js HTTP/1.1" 200 4586
172.22.2.4 - - [27/Aug/2023:11:42:15 -0500] "GET /BLA/boletinlegal/js/jquery.scrollTo-min.js HTTP/1.1" 200 1150
172.22.2.4 - - [27/Aug/2023:11:42:15 -0500] "GET /BLA/boletinlegal/images/cabezote%20BLEGAL.jpg HTTP/1.1" 200 118164
172.22.2.4 - - [27/Aug/2023:11:42:15 -0500] "GET /BLA/boletinlegal/images/subscribe-icon-big.png HTTP/1.1" 200 47702
172.22.2.4 - - [27/Aug/2023:11:42:15 -0500] "GET /BLA/boletinlegal/images/historia.png HTTP/1.1" 200 52775
172.22.2.4 - - [27/Aug/2023:11:42:15 -0500] "GET /BLA/boletinlegal/images/arr_l.jpg HTTP/1.1" 200 1979
172.22.2.4 - - [27/Aug/2023:11:42:15 -0500] "GET /BLA/boletinlegal/images/registro-usuarios.png HTTP/1.1" 200 8106
172.22.2.4 - - [27/Aug/2023:11:42:15 -0500] "GET /BLA/boletinlegal/images/screen_1.png HTTP/1.1" 200 202547
172.22.2.4 - - [27/Aug/2023:11:42:15 -0500] "GET /BLA/boletinlegal/images/menu_rght.gif HTTP/1.1" 200 1627
172.22.2.4 - - [27/Aug/2023:11:42:15 -0500] "GET /BLA/boletinlegal/images/bg_top.jpg HTTP/1.1" 200 522
172.22.2.4 - - [27/Aug/2023:11:42:15 -0500] "GET /BLA/boletinlegal/images/menu_bg.jpg HTTP/1.1" 200 620
172.22.2.4 - - [27/Aug/2023:11:42:15 -0500] "GET /BLA/boletinlegal/images/text.jpg HTTP/1.1" 200 568
172.22.2.4 - - [27/Aug/2023:11:42:15 -0500] "GET /BLA/boletinlegal/images/hover.jpg HTTP/1.1" 200 640
172.22.2.4 - - [27/Aug/2023:11:42:15 -0500] "GET /BLA/boletinlegal/images/body_bg.jpg HTTP/1.1" 200 1601
172.22.2.4 - - [27/Aug/2023:11:42:15 -0500] "GET /BLA/boletinlegal/images/launch.jpg HTTP/1.1" 200 14577
172.22.2.4 - - [27/Aug/2023:11:42:15 -0500] "GET /BLA/boletinlegal/images/menu_lft.gif HTTP/1.1" 200 1713
172.22.2.4 - - [27/Aug/2023:11:42:17 -0500] "GET /BLA/boletinlegal/actos.php HTTP/1.1" 200 9682
186.155.111.61 - - [27/Aug/2023:11:42:16 -0500] "GET /BLA/resoluciones/index.php?dir=RESOLUCIONES+2009%2F HTTP/1.1" 200 1694101
172.22.2.4 - - [27/Aug/2023:11:42:17 -0500] "GET /BLA/boletinlegal/js/ajax_actos.js HTTP/1.1" 200 1322
172.22.2.4 - - [27/Aug/2023:11:42:17 -0500] "GET /BLA/boletinlegal/niceforms.js HTTP/1.1" 200 22876
172.22.2.4 - - [27/Aug/2023:11:42:17 -0500] "GET /BLA/boletinlegal/js/lib.js HTTP/1.1" 200 6474
172.22.2.4 - - [27/Aug/2023:11:42:17 -0500] "GET /BLA/boletinlegal/niceforms-default.css HTTP/1.1" 200 6694
172.22.2.4 - - [27/Aug/2023:11:42:17 -0500] "GET /BLA/boletinlegal/js/jquery1.js HTTP/1.1" 200 29846
172.22.2.4 - - [27/Aug/2023:11:42:17 -0500] "GET /BLA/boletinlegal/js/popup.js HTTP/1.1" 200 1270
172.22.2.4 - - [27/Aug/2023:11:42:17 -0500] "GET /BLA/boletinlegal/images/green-yellow-blue-pink-th.png HTTP/1.1" 200 7394
172.22.2.4 - - [27/Aug/2023:11:42:17 -0500] "GET /BLA/boletinlegal/images/tel.png HTTP/1.1" 200 14477
172.22.2.4 - - [27/Aug/2023:11:42:17 -0500] "GET /BLA/boletinlegal/images/icono-email.png HTTP/1.1" 200 5544
172.22.2.4 - - [27/Aug/2023:11:42:17 -0500] "GET /BLA/boletinlegal/images/footer_bg.jpg HTTP/1.1" 200 586
172.22.2.4 - - [27/Aug/2023:11:42:17 -0500] "GET /BLA/boletinlegal/images/footer_bg_l.jpg HTTP/1.1" 200 776
172.22.2.4 - - [27/Aug/2023:11:42:17 -0500] "GET /BLA/boletinlegal/img/0.png HTTP/1.1" 200 110
172.22.2.4 - - [27/Aug/2023:11:42:17 -0500] "GET /BLA/boletinlegal/img/select-left.png HTTP/1.1" 200 263
172.22.2.4 - - [27/Aug/2023:11:42:17 -0500] "GET /BLA/boletinlegal/img/select-right.png HTTP/1.1" 200 44019
172.22.2.4 - - [27/Aug/2023:11:42:17 -0500] "GET /BLA/boletinlegal/img/button-left.png HTTP/1.1" 200 57071
172.22.2.4 - - [27/Aug/2023:11:42:17 -0500] "GET /BLA/boletinlegal/img/button.png HTTP/1.1" 200 43241
172.22.2.4 - - [27/Aug/2023:11:42:17 -0500] "GET /BLA/boletinlegal/img/button-right.png HTTP/1.1" 200 57878
172.22.2.4 - - [27/Aug/2023:11:42:17 -0500] "GET /BLA/boletinlegal/favicon.ico HTTP/1.1" 404 1326
186.155.111.61 - - [27/Aug/2023:11:42:25 -0500] "GET /BLA/resoluciones/RESOLUCIONES%202009/0011.pdf HTTP/1.1" 200 277090
172.22.2.4 - - [27/Aug/2023:11:42:26 -0500] "GET /BLA/boletinlegal/consulta_actos.php?tipo=resoluciones&no=&usuario=&sector=&fecha=2021&resuelve= HTTP/1.1" 200 2540474
172.22.2.4 - - [27/Aug/2023:11:42:27 -0500] "GET /BLA/boletinlegal/images/pdf.gif HTTP/1.1" 200 567
172.22.2.4 - - [27/Aug/2023:11:42:27 -0500] "GET /BLA/boletinlegal/images/background.gif HTTP/1.1" 200 -
181.61.206.129 - - [27/Aug/2023:11:42:36 -0500] "GET /BLA/resoluciones/RESOLUCIONES%202021/0071.pdf HTTP/1.1" 200 346988
181.61.206.129 - - [27/Aug/2023:11:42:36 -0500] "GET /favicon.ico HTTP/1.1" 200 7782
172.22.2.4 - - [27/Aug/2023:11:42:15 -0500] "GET /BLA/boletinlegal/ HTTP/1.1" 200 24523
66.249.66.192 - - [27/Aug/2023:11:42:54 -0500] "GET /moda-circular-manos-reparadoras-la-estrategia-del-distrito-para-restaurar-prendas-usadas.html HTTP/1.1" 304 -
172.22.2.4 - - [27/Aug/2023:11:45:59 -0500] "GET /BLA/boletinlegal/robots.txt HTTP/1.1" 404 1037
172.22.2.4 - - [27/Aug/2023:11:46:00 -0500] "GET /BLA/boletinlegal/robots.txt HTTP/1.1" 404 1037
201.245.192.253 - - [27/Aug/2023:11:46:01 -0500] "POST /kwsrmcab/Wsrmcab  HTTP/1.1" 200 41818
172.22.2.4 - - [27/Aug/2023:11:46:07 -0500] "GET /BLA/boletinlegal/Circulares/2013/Circular%20No.%207%20del%201%20de%20Agosto%20de%202013.pdf HTTP/1.1" 200 340934
216.245.221.92 - - [27/Aug/2023:11:46:13 -0500] "HEAD / HTTP/1.1" 200 -
191.156.225.213 - - [27/Aug/2023:11:46:24 -0500] "GET /secretaria-de-ambiente-suspende-actividades-de-industria-que-operaba-en-usme-sin-permisos-ambientales.html?fbclid=IwAR1IEBYMPB628Hlz5xhCYyN5-4b8Fd98RZ1Cq0LrNC31ysaeOvXtVlkDsOg HTTP/1.1" 200 864
172.22.2.4 - - [27/Aug/2023:11:44:48 -0500] "HEAD /BLA/boletinlegal/ HTTP/1.1" 200 -
172.22.2.4 - - [27/Aug/2023:11:45:38 -0500] "GET /BLA/boletinlegal/ HTTP/1.1" 200 60692
200.29.113.38 - - [27/Aug/2023:11:50:31 -0500] "GET /inscribete-y-participa-en-la-convencion-internacional-de-emergencia-climatica-bogota-2023.html HTTP/1.1" 200 895
201.245.192.253 - - [27/Aug/2023:11:51:00 -0500] "POST /kwsrmcab/Wsrmcab  HTTP/1.1" 200 41818
216.245.221.92 - - [27/Aug/2023:11:51:12 -0500] "HEAD / HTTP/1.1" 200 -
172.22.2.4 - - [27/Aug/2023:11:50:38 -0500] "HEAD /BLA/boletinlegal/ HTTP/1.1" 200 -
172.22.2.4 - - [27/Aug/2023:11:51:28 -0500] "GET /BLA/boletinlegal/ HTTP/1.1" 200 60692
201.245.192.253 - - [27/Aug/2023:11:55:59 -0500] "POST /kwsrmcab/Wsrmcab  HTTP/1.1" 200 41818
216.245.221.92 - - [27/Aug/2023:11:56:12 -0500] "HEAD / HTTP/1.1" 200 -
172.22.2.4 - - [27/Aug/2023:11:56:28 -0500] "HEAD /BLA/boletinlegal/ HTTP/1.1" 200 -
172.22.2.4 - - [27/Aug/2023:11:57:05 -0500] "GET /BLA/boletinlegal/ HTTP/1.1" 200 43133
172.22.2.4 - - [27/Aug/2023:11:57:18 -0500] "GET /BLA/boletinlegal/ HTTP/1.1" 200 43904
172.22.2.4 - - [27/Aug/2023:11:59:58 -0500] "GET /BLA/boletinlegal/ HTTP/1.1" 200 20427
201.245.192.253 - - [27/Aug/2023:12:00:58 -0500] "POST /kwsrmcab/Wsrmcab  HTTP/1.1" 200 41818
216.245.221.92 - - [27/Aug/2023:12:01:12 -0500] "HEAD / HTTP/1.1" 200 -
34.79.162.186 - - [27/Aug/2023:12:03:09 -0500] "GET / HTTP/1.1" 200 319
52.167.144.19 - - [27/Aug/2023:12:03:56 -0500] "GET /transparencia/financiera/Ejecucion%20Presupuestal/? HTTP/1.1" 404 1018
172.22.2.4 - - [27/Aug/2023:12:02:18 -0500] "HEAD /BLA/boletinlegal/ HTTP/1.1" 200 -
172.22.2.4 - - [27/Aug/2023:12:03:08 -0500] "GET /BLA/boletinlegal/ HTTP/1.1" 200 60342
66.249.66.167 - - [27/Aug/2023:12:04:53 -0500] "GET /portaldeninos/gestion-del-riesgo-incendios-forestales/ HTTP/1.1" 200 86825
66.249.66.129 - - [27/Aug/2023:12:04:56 -0500] "GET /portaldeninos/wp-includes/js/jquery/ui/mouse.min.js?ver=1.11.4 HTTP/1.1" 200 3148
173.252.95.6 - - [27/Aug/2023:12:04:58 -0500] "GET /en-el-dia-mundial-de-la-educacion-ambiental-bogota-condecora-a-docentes-lideres-artistas-organizaciones-y-empresas.html HTTP/1.1" 200 1075
172.22.2.4 - - [27/Aug/2023:12:05:28 -0500] "GET /BLA/boletinlegal/Directivas/2017/Directiva%20No.%2001%20del%2027%20de%20Junio%20de%202018.pdf HTTP/1.1" 200 217496
172.22.2.4 - - [27/Aug/2023:12:05:28 -0500] "GET /BLA/boletinlegal/favicon.ico HTTP/1.1" 404 1492
201.245.192.253 - - [27/Aug/2023:12:05:57 -0500] "POST /kwsrmcab/Wsrmcab  HTTP/1.1" 200 41818
216.245.221.92 - - [27/Aug/2023:12:06:12 -0500] "HEAD / HTTP/1.1" 200 -
189.190.155.86 - - [27/Aug/2023:12:06:37 -0500] "GET /secretaria-de-ambiente-abre-convocatoria-para-el-proceso-de-formacion-mujeres-cuidadoras-de-humedales.html?fbclid=IwAR3UecggbV7i6p1-_bHG2hYpzEaUgtssDpFLYtctT19Fx0pz-RwBXmqr7P0 HTTP/1.1" 200 943
191.108.44.112 - - [27/Aug/2023:12:08:55 -0500] "GET /BLA/boletinlegal/js/jquery.scrollShow.js HTTP/1.1" 200 4586
191.108.44.112 - - [27/Aug/2023:12:08:55 -0500] "GET /galeria/galeria/jquery.fancybox.css?v=2.1.5 HTTP/1.1" 200 4895
191.108.44.112 - - [27/Aug/2023:12:08:55 -0500] "GET /galeria/galeria/jquery.fancybox.js?v=2.1.5 HTTP/1.1" 200 48706
172.22.2.4 - - [27/Aug/2023:12:08:08 -0500] "HEAD /BLA/boletinlegal/ HTTP/1.1" 200 -
172.22.2.4 - - [27/Aug/2023:12:08:58 -0500] "GET /BLA/boletinlegal/ HTTP/1.1" 200 58597
201.245.192.253 - - [27/Aug/2023:12:10:56 -0500] "POST /kwsrmcab/Wsrmcab  HTTP/1.1" 200 41818
216.245.221.92 - - [27/Aug/2023:12:11:12 -0500] "HEAD / HTTP/1.1" 200 -
172.22.2.4 - - [27/Aug/2023:12:13:02 -0500] "GET /BLA/boletinlegal/ HTTP/1.1" 200 24523
172.22.2.4 - - [27/Aug/2023:12:13:58 -0500] "HEAD /BLA/boletinlegal/ HTTP/1.1" 200 -
201.245.192.253 - - [27/Aug/2023:12:15:55 -0500] "POST /kwsrmcab/Wsrmcab  HTTP/1.1" 200 41818
216.245.221.92 - - [27/Aug/2023:12:16:12 -0500] "HEAD / HTTP/1.1" 200 -
172.22.2.4 - - [27/Aug/2023:12:14:48 -0500] "GET /BLA/boletinlegal/ HTTP/1.1" 200 58187
179.19.111.212 - - [27/Aug/2023:12:17:42 -0500] "GET /galeria/galeria/jquery.fancybox.css?v=2.1.5 HTTP/1.1" 200 4895
179.19.111.212 - - [27/Aug/2023:12:17:42 -0500] "GET /BLA/boletinlegal/js/jquery.scrollShow.js HTTP/1.1" 200 4586
179.19.111.212 - - [27/Aug/2023:12:17:42 -0500] "GET /galeria/galeria/jquery.fancybox.js?v=2.1.5 HTTP/1.1" 200 48706
191.156.232.100 - - [27/Aug/2023:12:17:55 -0500] "GET /galeria/galeria/jquery.fancybox.css?v=2.1.5 HTTP/1.1" 200 4895
191.156.232.100 - - [27/Aug/2023:12:17:55 -0500] "GET /BLA/boletinlegal/js/jquery.scrollShow.js HTTP/1.1" 200 4586
191.156.232.100 - - [27/Aug/2023:12:17:55 -0500] "GET /galeria/galeria/jquery.fancybox.js?v=2.1.5 HTTP/1.1" 200 48706
186.86.32.107 - - [27/Aug/2023:12:18:09 -0500] "GET /sipse/faces/index.xhtml HTTP/1.1" 200 677
186.86.32.107 - - [27/Aug/2023:12:18:09 -0500] "GET /sipse/faces/javax.faces.resource/theme.css?ln=primefaces-sipse HTTP/1.1" 304 -
186.86.32.107 - - [27/Aug/2023:12:18:09 -0500] "GET /sipse/faces/faces/autenticacion.xhtml HTTP/1.1" 200 12172
186.86.32.107 - - [27/Aug/2023:12:18:10 -0500] "GET /sipse/js/disable_browser_buttons.js HTTP/1.1" 304 -
186.86.32.107 - - [27/Aug/2023:12:18:10 -0500] "GET /sipse/css/custom_css_sg.css HTTP/1.1" 304 -
186.86.32.107 - - [27/Aug/2023:12:18:10 -0500] "GET /sipse/css/custom_css_sg_prime_login.css HTTP/1.1" 304 -
186.86.32.107 - - [27/Aug/2023:12:18:10 -0500] "GET /sipse/faces/javax.faces.resource/theme.css?ln=primefaces-sipse HTTP/1.1" 304 -
186.86.32.107 - - [27/Aug/2023:12:18:10 -0500] "GET /sipse/faces/javax.faces.resource/primefaces.css?ln=primefaces&v=4.0 HTTP/1.1" 304 -
186.86.32.107 - - [27/Aug/2023:12:18:10 -0500] "GET /sipse/js/funciones.js HTTP/1.1" 304 -
186.86.32.107 - - [27/Aug/2023:12:18:10 -0500] "GET /sipse/faces/javax.faces.resource/layout/layout.css?ln=primefaces&v=4.0 HTTP/1.1" 304 -
186.86.32.107 - - [27/Aug/2023:12:18:10 -0500] "GET /sipse/faces/javax.faces.resource/jquery/jquery.js?ln=primefaces&v=4.0 HTTP/1.1" 304 -
186.86.32.107 - - [27/Aug/2023:12:18:10 -0500] "GET /sipse/faces/javax.faces.resource/jquery/jquery-plugins.js?ln=primefaces&v=4.0 HTTP/1.1" 304 -
186.86.32.107 - - [27/Aug/2023:12:18:10 -0500] "GET /sipse/faces/javax.faces.resource/primefaces.js?ln=primefaces&v=4.0 HTTP/1.1" 304 -
186.86.32.107 - - [27/Aug/2023:12:18:10 -0500] "GET /sipse/faces/javax.faces.resource/layout/layout.js?ln=primefaces&v=4.0 HTTP/1.1" 304 -
186.86.32.107 - - [27/Aug/2023:12:18:10 -0500] "GET /sipse/css/imagen/logoSDG.png HTTP/1.1" 304 -
186.86.32.107 - - [27/Aug/2023:12:18:10 -0500] "GET /sipse/css/imagen/loginimg.png HTTP/1.1" 304 -
186.86.32.107 - - [27/Aug/2023:12:18:10 -0500] "GET /sipse/faces/javax.faces.resource/images/ui-icons_898989_256x240.png?ln=primefaces-aristo HTTP/1.1" 304 -
186.86.32.107 - - [27/Aug/2023:12:18:41 -0500] "POST /sipse/faces/autenticacion.xhtml HTTP/1.1" 200 2224
186.86.32.107 - - [27/Aug/2023:12:18:41 -0500] "GET /sipse/faces/javax.faces.resource/messages/messages.png?ln=primefaces&v=4.0 HTTP/1.1" 304 -
186.86.32.107 - - [27/Aug/2023:12:18:43 -0500] "POST /sipse/faces/autenticacion.xhtml HTTP/1.1" 200 16354
186.86.32.107 - - [27/Aug/2023:12:18:43 -0500] "GET /sipse/css/custom_css_sg_prime.css HTTP/1.1" 304 -
186.86.32.107 - - [27/Aug/2023:12:18:43 -0500] "GET /sipse/faces/javax.faces.resource/theme.css?ln=primefaces-sipse HTTP/1.1" 304 -
186.86.32.107 - - [27/Aug/2023:12:18:43 -0500] "GET /sipse/js/jquery.min.js HTTP/1.1" 304 -
186.86.32.107 - - [27/Aug/2023:12:18:43 -0500] "GET /sipse/faces/javax.faces.resource/primefaces.css?ln=primefaces&v=4.0 HTTP/1.1" 304 -
186.86.32.107 - - [27/Aug/2023:12:18:43 -0500] "GET /sipse/faces/javax.faces.resource/layout/layout.css?ln=primefaces&v=4.0 HTTP/1.1" 304 -
186.86.32.107 - - [27/Aug/2023:12:18:43 -0500] "GET /sipse/faces/javax.faces.resource/jquery/jquery.js?ln=primefaces&v=4.0 HTTP/1.1" 304 -
186.86.32.107 - - [27/Aug/2023:12:18:43 -0500] "GET /sipse/faces/javax.faces.resource/jquery/jquery-plugins.js?ln=primefaces&v=4.0 HTTP/1.1" 304 -
186.86.32.107 - - [27/Aug/2023:12:18:43 -0500] "GET /sipse/faces/javax.faces.resource/primefaces.js?ln=primefaces&v=4.0 HTTP/1.1" 304 -
186.86.32.107 - - [27/Aug/2023:12:18:43 -0500] "GET /sipse/faces/javax.faces.resource/layout/layout.js?ln=primefaces&v=4.0 HTTP/1.1" 304 -
186.86.32.107 - - [27/Aug/2023:12:18:43 -0500] "GET /sipse/css/v_mergente.css HTTP/1.1" 304 -
186.86.32.107 - - [27/Aug/2023:12:18:43 -0500] "GET /sipse/imagenes/cargando.gif HTTP/1.1" 304 -
186.86.32.107 - - [27/Aug/2023:12:18:43 -0500] "GET /sipse/imagenes/logoAplicacion.jpg HTTP/1.1" 304 -
186.86.32.107 - - [27/Aug/2023:12:18:43 -0500] "GET /sipse/css/imagen/contrasena.png HTTP/1.1" 404 383
201.245.192.253 - - [27/Aug/2023:12:18:47 -0500] "POST /kwsrmcab/Wsrmcab HTTP/1.1" 200 42111
201.245.192.253 - - [27/Aug/2023:12:18:51 -0500] "POST /kwsrmcab/Wsrmcab HTTP/1.1" 200 43969
186.86.32.107 - - [27/Aug/2023:12:19:53 -0500] "GET /sipse/faces/javax.faces.resource/images/ui-bg_flat_0_2d5972_40x100.png?ln=primefaces-aristo HTTP/1.1" 304 -
186.86.32.107 - - [27/Aug/2023:12:19:53 -0500] "POST /sipse/faces/bienvenido.xhtml HTTP/1.1" 200 2073
186.86.32.107 - - [27/Aug/2023:12:19:54 -0500] "POST /sipse/faces/bienvenido.xhtml HTTP/1.1" 200 38981
186.86.32.107 - - [27/Aug/2023:12:19:55 -0500] "GET /sipse/faces/javax.faces.resource/theme.css?ln=primefaces-sipse HTTP/1.1" 304 -
186.86.32.107 - - [27/Aug/2023:12:19:55 -0500] "GET /sipse/faces/javax.faces.resource/primefaces.css?ln=primefaces&v=4.0 HTTP/1.1" 304 -
186.86.32.107 - - [27/Aug/2023:12:19:55 -0500] "GET /sipse/faces/javax.faces.resource/layout/layout.css?ln=primefaces&v=4.0 HTTP/1.1" 304 -
186.86.32.107 - - [27/Aug/2023:12:19:55 -0500] "GET /sipse/faces/javax.faces.resource/jquery/jquery.js?ln=primefaces&v=4.0 HTTP/1.1" 304 -
186.86.32.107 - - [27/Aug/2023:12:19:55 -0500] "GET /sipse/faces/javax.faces.resource/jquery/jquery-plugins.js?ln=primefaces&v=4.0 HTTP/1.1" 304 -
186.86.32.107 - - [27/Aug/2023:12:19:55 -0500] "GET /sipse/faces/javax.faces.resource/primefaces.js?ln=primefaces&v=4.0 HTTP/1.1" 304 -
186.86.32.107 - - [27/Aug/2023:12:19:55 -0500] "GET /sipse/faces/javax.faces.resource/layout/layout.js?ln=primefaces&v=4.0 HTTP/1.1" 304 -
186.86.32.107 - - [27/Aug/2023:12:20:06 -0500] "POST /sipse/faces/presentacion/financiero/solicitudProceso/consultar.xhtml HTTP/1.1" 200 12781
186.86.32.107 - - [27/Aug/2023:12:20:10 -0500] "POST /sipse/faces/presentacion/financiero/solicitudProceso/consultar.xhtml HTTP/1.1" 200 115161
186.86.32.107 - - [27/Aug/2023:12:20:11 -0500] "GET /sipse/faces/javax.faces.resource/theme.css?ln=primefaces-sipse HTTP/1.1" 304 -
186.86.32.107 - - [27/Aug/2023:12:20:11 -0500] "GET /sipse/faces/javax.faces.resource/primefaces.css?ln=primefaces&v=4.0 HTTP/1.1" 304 -
186.86.32.107 - - [27/Aug/2023:12:20:11 -0500] "GET /sipse/faces/javax.faces.resource/layout/layout.css?ln=primefaces&v=4.0 HTTP/1.1" 304 -
186.86.32.107 - - [27/Aug/2023:12:20:11 -0500] "GET /sipse/faces/javax.faces.resource/jquery/jquery.js?ln=primefaces&v=4.0 HTTP/1.1" 304 -
186.86.32.107 - - [27/Aug/2023:12:20:11 -0500] "GET /sipse/faces/javax.faces.resource/jquery/jquery-plugins.js?ln=primefaces&v=4.0 HTTP/1.1" 304 -
186.86.32.107 - - [27/Aug/2023:12:20:11 -0500] "GET /sipse/faces/javax.faces.resource/primefaces.js?ln=primefaces&v=4.0 HTTP/1.1" 304 -
186.86.32.107 - - [27/Aug/2023:12:20:11 -0500] "GET /sipse/faces/javax.faces.resource/layout/layout.js?ln=primefaces&v=4.0 HTTP/1.1" 304 -
186.86.32.107 - - [27/Aug/2023:12:20:14 -0500] "POST /sipse/faces/presentacion/financiero/solicitudProceso/consultarSolicitudProceso.xhtml HTTP/1.1" 200 32947
186.86.32.107 - - [27/Aug/2023:12:20:15 -0500] "GET /sipse/faces/javax.faces.resource/theme.css?ln=primefaces-sipse HTTP/1.1" 304 -
186.86.32.107 - - [27/Aug/2023:12:20:15 -0500] "GET /sipse/faces/javax.faces.resource/primefaces.css?ln=primefaces&v=4.0 HTTP/1.1" 304 -
186.86.32.107 - - [27/Aug/2023:12:20:15 -0500] "GET /sipse/faces/javax.faces.resource/layout/layout.css?ln=primefaces&v=4.0 HTTP/1.1" 304 -
186.86.32.107 - - [27/Aug/2023:12:20:15 -0500] "GET /sipse/faces/javax.faces.resource/jquery/jquery.js?ln=primefaces&v=4.0 HTTP/1.1" 304 -
186.86.32.107 - - [27/Aug/2023:12:20:15 -0500] "GET /sipse/faces/javax.faces.resource/jquery/jquery-plugins.js?ln=primefaces&v=4.0 HTTP/1.1" 304 -
186.86.32.107 - - [27/Aug/2023:12:20:15 -0500] "GET /sipse/faces/javax.faces.resource/primefaces.js?ln=primefaces&v=4.0 HTTP/1.1" 304 -
186.86.32.107 - - [27/Aug/2023:12:20:15 -0500] "GET /sipse/faces/javax.faces.resource/layout/layout.js?ln=primefaces&v=4.0 HTTP/1.1" 304 -
186.86.32.107 - - [27/Aug/2023:12:20:15 -0500] "GET /sipse/css/imagen/contrasena.png HTTP/1.1" 404 383
186.86.32.107 - - [27/Aug/2023:12:20:39 -0500] "POST /sipse/faces/presentacion/financiero/solicitudProceso/consultarHistorialSolProceso.xhtml HTTP/1.1" 200 41987
186.86.32.107 - - [27/Aug/2023:12:20:39 -0500] "GET /sipse/faces/javax.faces.resource/theme.css?ln=primefaces-sipse HTTP/1.1" 304 -
186.86.32.107 - - [27/Aug/2023:12:20:39 -0500] "GET /sipse/faces/javax.faces.resource/jquery/jquery.js?ln=primefaces&v=4.0 HTTP/1.1" 304 -
186.86.32.107 - - [27/Aug/2023:12:20:40 -0500] "GET /sipse/faces/javax.faces.resource/primefaces.css?ln=primefaces&v=4.0 HTTP/1.1" 304 -
186.86.32.107 - - [27/Aug/2023:12:20:40 -0500] "GET /sipse/faces/javax.faces.resource/layout/layout.css?ln=primefaces&v=4.0 HTTP/1.1" 304 -
186.86.32.107 - - [27/Aug/2023:12:20:40 -0500] "GET /sipse/faces/javax.faces.resource/jquery/jquery-plugins.js?ln=primefaces&v=4.0 HTTP/1.1" 304 -
186.86.32.107 - - [27/Aug/2023:12:20:40 -0500] "GET /sipse/faces/javax.faces.resource/primefaces.js?ln=primefaces&v=4.0 HTTP/1.1" 304 -
186.86.32.107 - - [27/Aug/2023:12:20:40 -0500] "GET /sipse/faces/javax.faces.resource/layout/layout.js?ln=primefaces&v=4.0 HTTP/1.1" 304 -
40.77.167.95 - - [27/Aug/2023:12:20:42 -0500] "GET /images/Foro%20Emergencia%20clim%C3%A1tica%20y%20derechos%20humanos.jpg HTTP/1.1" 404 1034
186.86.32.107 - - [27/Aug/2023:12:20:45 -0500] "POST /sipse/faces/presentacion/financiero/solicitudProceso/consultar.xhtml HTTP/1.1" 200 12884
186.86.32.107 - - [27/Aug/2023:12:20:48 -0500] "POST /sipse/faces/presentacion/financiero/solicitudProceso/consultar.xhtml HTTP/1.1" 200 129187
186.86.32.107 - - [27/Aug/2023:12:20:49 -0500] "GET /sipse/faces/javax.faces.resource/theme.css?ln=primefaces-sipse HTTP/1.1" 304 -
186.86.32.107 - - [27/Aug/2023:12:20:49 -0500] "GET /sipse/faces/javax.faces.resource/primefaces.css?ln=primefaces&v=4.0 HTTP/1.1" 304 -
186.86.32.107 - - [27/Aug/2023:12:20:49 -0500] "GET /sipse/faces/javax.faces.resource/layout/layout.css?ln=primefaces&v=4.0 HTTP/1.1" 304 -
186.86.32.107 - - [27/Aug/2023:12:20:49 -0500] "GET /sipse/faces/javax.faces.resource/jquery/jquery.js?ln=primefaces&v=4.0 HTTP/1.1" 304 -
186.86.32.107 - - [27/Aug/2023:12:20:49 -0500] "GET /sipse/faces/javax.faces.resource/jquery/jquery-plugins.js?ln=primefaces&v=4.0 HTTP/1.1" 304 -
186.86.32.107 - - [27/Aug/2023:12:20:49 -0500] "GET /sipse/faces/javax.faces.resource/primefaces.js?ln=primefaces&v=4.0 HTTP/1.1" 304 -
186.86.32.107 - - [27/Aug/2023:12:20:49 -0500] "GET /sipse/faces/javax.faces.resource/layout/layout.js?ln=primefaces&v=4.0 HTTP/1.1" 304 -
201.245.192.253 - - [27/Aug/2023:12:20:52 -0500] "POST /kwsrmcab/Wsrmcab  HTTP/1.1" 200 41818
186.86.32.107 - - [27/Aug/2023:12:20:55 -0500] "POST /sipse/faces/presentacion/financiero/solicitudProceso/consultarSolicitudProceso.xhtml HTTP/1.1" 200 30110
186.86.32.107 - - [27/Aug/2023:12:20:55 -0500] "GET /sipse/faces/javax.faces.resource/primefaces.css?ln=primefaces&v=4.0 HTTP/1.1" 304 -
186.86.32.107 - - [27/Aug/2023:12:20:55 -0500] "GET /sipse/faces/javax.faces.resource/theme.css?ln=primefaces-sipse HTTP/1.1" 304 -
186.86.32.107 - - [27/Aug/2023:12:20:55 -0500] "GET /sipse/faces/javax.faces.resource/jquery/jquery.js?ln=primefaces&v=4.0 HTTP/1.1" 304 -
186.86.32.107 - - [27/Aug/2023:12:20:55 -0500] "GET /sipse/faces/javax.faces.resource/layout/layout.css?ln=primefaces&v=4.0 HTTP/1.1" 304 -
186.86.32.107 - - [27/Aug/2023:12:20:55 -0500] "GET /sipse/faces/javax.faces.resource/jquery/jquery-plugins.js?ln=primefaces&v=4.0 HTTP/1.1" 304 -
186.86.32.107 - - [27/Aug/2023:12:20:55 -0500] "GET /sipse/faces/javax.faces.resource/primefaces.js?ln=primefaces&v=4.0 HTTP/1.1" 304 -
186.86.32.107 - - [27/Aug/2023:12:20:56 -0500] "GET /sipse/faces/javax.faces.resource/layout/layout.js?ln=primefaces&v=4.0 HTTP/1.1" 304 -
186.86.32.107 - - [27/Aug/2023:12:21:00 -0500] "GET /sipse/faces/javax.faces.resource/theme.css?ln=primefaces-sipse HTTP/1.1" 304 -
186.86.32.107 - - [27/Aug/2023:12:21:00 -0500] "GET /sipse/faces/javax.faces.resource/layout/layout.css?ln=primefaces&v=4.0 HTTP/1.1" 304 -
186.86.32.107 - - [27/Aug/2023:12:21:00 -0500] "GET /sipse/faces/javax.faces.resource/primefaces.css?ln=primefaces&v=4.0 HTTP/1.1" 304 -
186.86.32.107 - - [27/Aug/2023:12:21:00 -0500] "GET /sipse/faces/javax.faces.resource/jquery/jquery.js?ln=primefaces&v=4.0 HTTP/1.1" 304 -
186.86.32.107 - - [27/Aug/2023:12:21:01 -0500] "GET /sipse/faces/javax.faces.resource/jquery/jquery-plugins.js?ln=primefaces&v=4.0 HTTP/1.1" 304 -
186.86.32.107 - - [27/Aug/2023:12:21:01 -0500] "GET /sipse/faces/javax.faces.resource/layout/layout.js?ln=primefaces&v=4.0 HTTP/1.1" 304 -
186.86.32.107 - - [27/Aug/2023:12:21:01 -0500] "GET /sipse/faces/javax.faces.resource/primefaces.js?ln=primefaces&v=4.0 HTTP/1.1" 304 -
186.86.32.107 - - [27/Aug/2023:12:21:00 -0500] "POST /sipse/faces/presentacion/financiero/solicitudProceso/consultarHistorialSolProceso.xhtml HTTP/1.1" 200 174981
216.245.221.92 - - [27/Aug/2023:12:21:12 -0500] "HEAD / HTTP/1.1" 200 -
172.22.2.4 - - [27/Aug/2023:12:19:48 -0500] "HEAD /BLA/boletinlegal/ HTTP/1.1" 200 -
172.22.2.4 - - [27/Aug/2023:12:20:38 -0500] "GET /BLA/boletinlegal/ HTTP/1.1" 200 58187
186.86.32.107 - - [27/Aug/2023:12:22:39 -0500] "POST /sipse/faces/presentacion/financiero/solicitudProceso/consultarSolicitudProceso.xhtml HTTP/1.1" 200 5862
186.86.32.107 - - [27/Aug/2023:12:22:41 -0500] "POST /sipse/faces/presentacion/financiero/solicitudProceso/consultarSolicitudProceso.xhtml HTTP/1.1" 200 66249
186.86.32.107 - - [27/Aug/2023:12:22:43 -0500] "GET /sipse/faces/javax.faces.resource/theme.css?ln=primefaces-sipse HTTP/1.1" 304 -
186.86.32.107 - - [27/Aug/2023:12:22:43 -0500] "GET /sipse/faces/javax.faces.resource/jquery/jquery.js?ln=primefaces&v=4.0 HTTP/1.1" 304 -
186.86.32.107 - - [27/Aug/2023:12:22:43 -0500] "GET /sipse/faces/javax.faces.resource/layout/layout.css?ln=primefaces&v=4.0 HTTP/1.1" 304 -
186.86.32.107 - - [27/Aug/2023:12:22:43 -0500] "GET /sipse/faces/javax.faces.resource/primefaces.css?ln=primefaces&v=4.0 HTTP/1.1" 304 -
186.86.32.107 - - [27/Aug/2023:12:22:43 -0500] "GET /sipse/faces/javax.faces.resource/jquery/jquery-plugins.js?ln=primefaces&v=4.0 HTTP/1.1" 304 -
186.86.32.107 - - [27/Aug/2023:12:22:43 -0500] "GET /sipse/faces/javax.faces.resource/primefaces.js?ln=primefaces&v=4.0 HTTP/1.1" 304 -
186.86.32.107 - - [27/Aug/2023:12:22:43 -0500] "GET /sipse/faces/javax.faces.resource/layout/layout.js?ln=primefaces&v=4.0 HTTP/1.1" 304 -
186.86.32.107 - - [27/Aug/2023:12:22:43 -0500] "POST /sipse/faces/presentacion/financiero/solicitudProceso/listarSolicitudProceso.xhtml HTTP/1.1" 200 1556
186.86.32.107 - - [27/Aug/2023:12:22:46 -0500] "POST /sipse/faces/presentacion/financiero/solicitudProceso/listarSolicitudProceso.xhtml HTTP/1.1" 200 60214
186.86.32.107 - - [27/Aug/2023:12:22:46 -0500] "GET /sipse/faces/javax.faces.resource/theme.css?ln=primefaces-sipse HTTP/1.1" 304 -
186.86.32.107 - - [27/Aug/2023:12:22:46 -0500] "GET /sipse/faces/javax.faces.resource/primefaces.css?ln=primefaces&v=4.0 HTTP/1.1" 304 -
186.86.32.107 - - [27/Aug/2023:12:22:46 -0500] "GET /sipse/faces/javax.faces.resource/layout/layout.css?ln=primefaces&v=4.0 HTTP/1.1" 304 -
186.86.32.107 - - [27/Aug/2023:12:22:46 -0500] "GET /sipse/faces/javax.faces.resource/jquery/jquery.js?ln=primefaces&v=4.0 HTTP/1.1" 304 -
186.86.32.107 - - [27/Aug/2023:12:22:46 -0500] "GET /sipse/faces/javax.faces.resource/jquery/jquery-plugins.js?ln=primefaces&v=4.0 HTTP/1.1" 304 -
186.86.32.107 - - [27/Aug/2023:12:22:46 -0500] "GET /sipse/faces/javax.faces.resource/primefaces.js?ln=primefaces&v=4.0 HTTP/1.1" 304 -
186.86.32.107 - - [27/Aug/2023:12:22:46 -0500] "GET /sipse/faces/javax.faces.resource/layout/layout.js?ln=primefaces&v=4.0 HTTP/1.1" 304 -
186.86.32.107 - - [27/Aug/2023:12:22:55 -0500] "POST /sipse/faces/presentacion/financiero/solicitudProceso/crearModificarSolicitudProceso.xhtml HTTP/1.1" 200 51772
172.22.2.4 - - [27/Aug/2023:12:23:38 -0500] "GET /BLA/boletinlegal/autodiscover/autodiscover.json?@zdi/Powershell HTTP/1.1" 404 1018
191.102.117.217 - - [27/Aug/2023:12:24:10 -0500] "GET /forest/ HTTP/1.1" 200 12041
191.102.117.217 - - [27/Aug/2023:12:24:14 -0500] "POST /forest/index.php HTTP/1.1" 200 12268
52.167.144.138 - - [27/Aug/2023:12:24:51 -0500] "GET /Publicaciones/2023EE195620.pdf HTTP/1.1" 200 2693737
201.245.192.253 - - [27/Aug/2023:12:25:52 -0500] "POST /kwsrmcab/Wsrmcab  HTTP/1.1" 200 41818
40.77.167.208 - - [27/Aug/2023:12:25:58 -0500] "GET /Publicaciones/2023EE92600.pdf HTTP/1.1" 404 227
216.245.221.92 - - [27/Aug/2023:12:26:12 -0500] "HEAD / HTTP/1.1" 200 -
172.22.2.4 - - [27/Aug/2023:12:25:38 -0500] "HEAD /BLA/boletinlegal/ HTTP/1.1" 200 -
172.22.2.4 - - [27/Aug/2023:12:26:28 -0500] "GET /BLA/boletinlegal/ HTTP/1.1" 200 60692
92.106.53.31 - - [27/Aug/2023:12:28:10 -0500] "GET /BLA/resoluciones/dlf/styles.css HTTP/1.1" 200 3049
92.106.53.31 - - [27/Aug/2023:12:28:09 -0500] "GET /BLA/resoluciones/ HTTP/1.1" 200 13502
92.106.53.31 - - [27/Aug/2023:12:28:10 -0500] "GET /BLA/resoluciones/dlf/folder.png HTTP/1.1" 200 410
92.106.53.31 - - [27/Aug/2023:12:28:10 -0500] "GET /BLA/resoluciones/dlf/bg.gif HTTP/1.1" 200 54
92.106.53.31 - - [27/Aug/2023:12:28:15 -0500] "GET /BLA/resoluciones/index.php?dir=2018%2F HTTP/1.1" 200 1608
92.106.53.31 - - [27/Aug/2023:12:28:15 -0500] "GET /BLA/resoluciones/index.php?dir=2018%2F HTTP/1.1" 200 1608
92.106.53.31 - - [27/Aug/2023:12:28:16 -0500] "GET /BLA/resoluciones/dlf/dirup.png HTTP/1.1" 200 644
92.106.53.31 - - [27/Aug/2023:12:28:20 -0500] "GET /BLA/resoluciones/index.php?dir=Acuerdos%2F HTTP/1.1" 200 3396
92.106.53.31 - - [27/Aug/2023:12:28:21 -0500] "GET /BLA/resoluciones/index.php?dir=Acuerdos%2F HTTP/1.1" 200 3396
92.106.53.31 - - [27/Aug/2023:12:28:21 -0500] "GET /BLA/resoluciones/dlf/pdf.gif HTTP/1.1" 200 272
92.106.53.31 - - [27/Aug/2023:12:28:24 -0500] "GET /BLA/resoluciones/Acuerdos/Acuerdo%20de%20Comite%20de%20Conciliaci%C3%B3n%20de%20la%20Secretaria.pdf HTTP/1.1" 200 3216046
92.106.53.31 - - [27/Aug/2023:12:28:24 -0500] "GET /BLA/resoluciones/Acuerdos/Acuerdo%20de%20Comite%20de%20Conciliaci%C3%B3n%20de%20la%20Secretaria.pdf HTTP/1.1" 200 3216046
201.245.192.253 - - [27/Aug/2023:12:28:47 -0500] "POST /kwsrmcab/Wsrmcab HTTP/1.1" 200 42111
201.245.192.253 - - [27/Aug/2023:12:28:50 -0500] "POST /kwsrmcab/Wsrmcab HTTP/1.1" 200 43969
92.106.53.31 - - [27/Aug/2023:12:29:28 -0500] "GET /BLA/resoluciones/index.php?dir=RESOLUCIONES+CONJUNTAS%2F HTTP/1.1" 200 4762
92.106.53.31 - - [27/Aug/2023:12:29:30 -0500] "GET /BLA/resoluciones/RESOLUCIONES%20CONJUNTAS/RESOLUCION%20%20001%20DE%20JULIO%2014%20DE%202017.pdf HTTP/1.1" 200 2450552
92.106.53.31 - - [27/Aug/2023:12:29:30 -0500] "GET /BLA/resoluciones/RESOLUCIONES%20CONJUNTAS/RESOLUCION%20%20001%20DE%20JULIO%2014%20DE%202017.pdf HTTP/1.1" 200 2450552
201.245.192.253 - - [27/Aug/2023:12:30:50 -0500] "POST /kwsrmcab/Wsrmcab  HTTP/1.1" 200 41818
216.245.221.92 - - [27/Aug/2023:12:31:12 -0500] "HEAD / HTTP/1.1" 200 -
186.86.32.107 - - [27/Aug/2023:12:31:15 -0500] "POST /sipse/faces/presentacion/financiero/solicitudProceso/crearModificarSolicitudProceso.xhtml HTTP/1.1" 200 25141
52.167.144.108 - - [27/Aug/2023:12:32:51 -0500] "GET /forest/ HTTP/1.1" 200 12041
201.245.192.253 - - [27/Aug/2023:12:32:59 -0500] "GET /sipsepre/faces/faces/faces/autenticacion.xhtml HTTP/1.1" 200 12811
201.245.192.253 - - [27/Aug/2023:12:32:59 -0500] "GET /sipsepre/faces/javax.faces.resource/layout/layout.css;jsessionid=Fn+sCDqXOuRJCsPJBF73gKlN.undefined?ln=primefaces&v=4.0 HTTP/1.1" 200 542
201.245.192.253 - - [27/Aug/2023:12:32:59 -0500] "GET /sipsepre/js/disable_browser_buttons.js HTTP/1.1" 304 -
201.245.192.253 - - [27/Aug/2023:12:32:59 -0500] "GET /sipsepre/css/custom_css_sg.css HTTP/1.1" 200 9692
201.245.192.253 - - [27/Aug/2023:12:32:59 -0500] "GET /sipsepre/faces/javax.faces.resource/layout/layout.js;jsessionid=Fn+sCDqXOuRJCsPJBF73gKlN.undefined?ln=primefaces&v=4.0 HTTP/1.1" 200 87560
201.245.192.253 - - [27/Aug/2023:12:32:59 -0500] "GET /sipsepre/faces/javax.faces.resource/jquery/jquery.js;jsessionid=Fn+sCDqXOuRJCsPJBF73gKlN.undefined?ln=primefaces&v=4.0 HTTP/1.1" 200 105384
201.245.192.253 - - [27/Aug/2023:12:32:59 -0500] "GET /sipsepre/css/custom_css_sg_prime_login.css HTTP/1.1" 200 443
201.245.192.253 - - [27/Aug/2023:12:32:59 -0500] "GET /sipsepre/faces/javax.faces.resource/primefaces.css;jsessionid=Fn+sCDqXOuRJCsPJBF73gKlN.undefined?ln=primefaces&v=4.0 HTTP/1.1" 200 53325
201.245.192.253 - - [27/Aug/2023:12:32:59 -0500] "GET /sipsepre/js/funciones.js HTTP/1.1" 304 -
201.245.192.253 - - [27/Aug/2023:12:32:59 -0500] "GET /sipsepre/faces/javax.faces.resource/primefaces.js;jsessionid=Fn+sCDqXOuRJCsPJBF73gKlN.undefined?ln=primefaces&v=4.0 HTTP/1.1" 200 276924
201.245.192.253 - - [27/Aug/2023:12:32:59 -0500] "GET /sipsepre/faces/javax.faces.resource/theme.css?ln=primefaces-sipse HTTP/1.1" 200 50106
201.245.192.253 - - [27/Aug/2023:12:32:59 -0500] "GET /sipsepre/faces/javax.faces.resource/jquery/jquery-plugins.js;jsessionid=Fn+sCDqXOuRJCsPJBF73gKlN.undefined?ln=primefaces&v=4.0 HTTP/1.1" 200 220526
201.245.192.253 - - [27/Aug/2023:12:32:59 -0500] "GET /favicon.ico HTTP/1.1" 200 7782
201.245.192.253 - - [27/Aug/2023:12:32:59 -0500] "GET /sipsepre/faces/javax.faces.resource/images/ui-icons_898989_256x240.png?ln=primefaces-aristo HTTP/1.1" 200 5355
201.245.192.253 - - [27/Aug/2023:12:32:59 -0500] "GET /sipsepre/css/imagen/loginimg.png HTTP/1.1" 200 71635
201.245.192.253 - - [27/Aug/2023:12:32:59 -0500] "GET /sipsepre/css/imagen/logoSDG.png HTTP/1.1" 200 53064
201.245.192.253 - - [27/Aug/2023:12:32:59 -0500] "GET /sipsepre/faces/faces/faces/index.xhtml HTTP/1.1" 200 680
201.245.192.253 - - [27/Aug/2023:12:32:59 -0500] "GET /sipsepre/faces/javax.faces.resource/theme.css?ln=primefaces-sipse HTTP/1.1" 304 -
201.245.192.253 - - [27/Aug/2023:12:32:59 -0500] "GET /sipsepre/faces/faces/faces/faces/autenticacion.xhtml HTTP/1.1" 200 12489
201.245.192.253 - - [27/Aug/2023:12:33:00 -0500] "GET /sipsepre/faces/javax.faces.resource/theme.css?ln=primefaces-sipse HTTP/1.1" 304 -
201.245.192.253 - - [27/Aug/2023:12:33:00 -0500] "GET /sipsepre/faces/javax.faces.resource/layout/layout.css?ln=primefaces&v=4.0 HTTP/1.1" 200 542
201.245.192.253 - - [27/Aug/2023:12:33:00 -0500] "GET /sipsepre/faces/javax.faces.resource/primefaces.css?ln=primefaces&v=4.0 HTTP/1.1" 200 53325
201.245.192.253 - - [27/Aug/2023:12:33:00 -0500] "GET /sipsepre/faces/javax.faces.resource/jquery/jquery.js?ln=primefaces&v=4.0 HTTP/1.1" 304 -
201.245.192.253 - - [27/Aug/2023:12:33:00 -0500] "GET /sipsepre/faces/javax.faces.resource/jquery/jquery-plugins.js?ln=primefaces&v=4.0 HTTP/1.1" 304 -
201.245.192.253 - - [27/Aug/2023:12:33:00 -0500] "GET /sipsepre/faces/javax.faces.resource/primefaces.js?ln=primefaces&v=4.0 HTTP/1.1" 304 -
201.245.192.253 - - [27/Aug/2023:12:33:00 -0500] "GET /sipsepre/faces/javax.faces.resource/layout/layout.js?ln=primefaces&v=4.0 HTTP/1.1" 304 -
201.245.192.253 - - [27/Aug/2023:12:33:00 -0500] "GET /sipsepre/faces/javax.faces.resource/images/ui-icons_898989_256x240.png?ln=primefaces-aristo HTTP/1.1" 304 -
201.245.192.253 - - [27/Aug/2023:12:33:05 -0500] "POST /sipsepre/faces/autenticacion.xhtml HTTP/1.1" 200 11266
201.245.192.253 - - [27/Aug/2023:12:33:05 -0500] "GET /sipsepre/faces/javax.faces.resource/jquery/jquery.js?ln=primefaces&v=4.0 HTTP/1.1" 304 -
201.245.192.253 - - [27/Aug/2023:12:33:05 -0500] "GET /sipsepre/css/custom_css_sg_prime.css HTTP/1.1" 200 5201
201.245.192.253 - - [27/Aug/2023:12:33:05 -0500] "GET /sipsepre/faces/javax.faces.resource/jquery/jquery-plugins.js?ln=primefaces&v=4.0 HTTP/1.1" 304 -
201.245.192.253 - - [27/Aug/2023:12:33:05 -0500] "GET /sipsepre/faces/javax.faces.resource/primefaces.js?ln=primefaces&v=4.0 HTTP/1.1" 304 -
201.245.192.253 - - [27/Aug/2023:12:33:05 -0500] "GET /sipsepre/faces/javax.faces.resource/layout/layout.js?ln=primefaces&v=4.0 HTTP/1.1" 304 -
201.245.192.253 - - [27/Aug/2023:12:33:05 -0500] "GET /sipsepre/faces/javax.faces.resource/messages/messages.png?ln=primefaces&v=4.0 HTTP/1.1" 200 27209
92.106.53.31 - - [27/Aug/2023:12:33:06 -0500] "GET /BLA/resoluciones/index.php?dir=RESOLUCIONES+CONJUNTAS%2F HTTP/1.1" 200 4762
201.245.192.253 - - [27/Aug/2023:12:33:07 -0500] "POST /sipsepre/faces/presentacion/sistema/seguridad/seleccionRol.xhtml HTTP/1.1" 200 5603
172.22.2.4 - - [27/Aug/2023:12:31:28 -0500] "HEAD /BLA/boletinlegal/ HTTP/1.1" 200 -
201.245.192.253 - - [27/Aug/2023:12:33:08 -0500] "POST /sipsepre/faces/presentacion/sistema/seguridad/seleccionRol.xhtml HTTP/1.1" 200 15299
201.245.192.253 - - [27/Aug/2023:12:33:08 -0500] "GET /sipsepre/js/jquery.min.js HTTP/1.1" 304 -
201.245.192.253 - - [27/Aug/2023:12:33:08 -0500] "GET /sipsepre/faces/javax.faces.resource/jquery/jquery.js?ln=primefaces&v=4.0 HTTP/1.1" 304 -
201.245.192.253 - - [27/Aug/2023:12:33:08 -0500] "GET /sipsepre/faces/javax.faces.resource/jquery/jquery-plugins.js?ln=primefaces&v=4.0 HTTP/1.1" 304 -
201.245.192.253 - - [27/Aug/2023:12:33:08 -0500] "GET /sipsepre/faces/javax.faces.resource/primefaces.js?ln=primefaces&v=4.0 HTTP/1.1" 304 -
201.245.192.253 - - [27/Aug/2023:12:33:09 -0500] "GET /sipsepre/faces/javax.faces.resource/layout/layout.js?ln=primefaces&v=4.0 HTTP/1.1" 304 -
92.106.53.31 - - [27/Aug/2023:12:33:08 -0500] "GET /BLA/resoluciones/index.php HTTP/1.1" 200 13502
201.245.192.253 - - [27/Aug/2023:12:33:09 -0500] "GET /sipsepre/css/v_mergente.css HTTP/1.1" 200 1508
201.245.192.253 - - [27/Aug/2023:12:33:09 -0500] "GET /sipsepre/css/imagen/contrasena.png HTTP/1.1" 404 383
201.245.192.253 - - [27/Aug/2023:12:33:09 -0500] "GET /sipsepre/imagenes/cargando.gif HTTP/1.1" 200 36959
201.245.192.253 - - [27/Aug/2023:12:33:09 -0500] "GET /sipsepre/imagenes/logoAplicacion.jpg HTTP/1.1" 200 155084
201.245.192.253 - - [27/Aug/2023:12:33:10 -0500] "GET /sipsepre/faces/javax.faces.resource/images/ui-bg_flat_0_2d5972_40x100.png?ln=primefaces-aristo HTTP/1.1" 200 183
201.245.192.253 - - [27/Aug/2023:12:33:10 -0500] "POST /sipsepre/faces/bienvenido.xhtml HTTP/1.1" 200 3843
201.245.192.253 - - [27/Aug/2023:12:33:11 -0500] "POST /sipsepre/faces/bienvenido.xhtml HTTP/1.1" 200 187
201.245.192.253 - - [27/Aug/2023:12:33:11 -0500] "GET /sipsepre/faces/presentacion/financiero/solicitudAnulacion/solicitudAnulacion.xhtml HTTP/1.1" 200 48038
201.245.192.253 - - [27/Aug/2023:12:33:12 -0500] "GET /sipsepre/faces/javax.faces.resource/jquery/jquery.js?ln=primefaces&v=4.0 HTTP/1.1" 304 -
201.245.192.253 - - [27/Aug/2023:12:33:12 -0500] "GET /sipsepre/faces/javax.faces.resource/primefaces.js?ln=primefaces&v=4.0 HTTP/1.1" 304 -
201.245.192.253 - - [27/Aug/2023:12:33:12 -0500] "GET /sipsepre/faces/javax.faces.resource/jquery/jquery-plugins.js?ln=primefaces&v=4.0 HTTP/1.1" 304 -
201.245.192.253 - - [27/Aug/2023:12:33:12 -0500] "GET /sipsepre/faces/javax.faces.resource/layout/layout.css?ln=primefaces&v=4.0 HTTP/1.1" 200 542
201.245.192.253 - - [27/Aug/2023:12:33:12 -0500] "GET /sipsepre/faces/javax.faces.resource/layout/layout.js?ln=primefaces&v=4.0 HTTP/1.1" 304 -
201.245.192.253 - - [27/Aug/2023:12:33:12 -0500] "GET /sipsepre/faces/javax.faces.resource/primefaces.css?ln=primefaces&v=4.0 HTTP/1.1" 200 53325
201.245.192.253 - - [27/Aug/2023:12:33:12 -0500] "GET /sipsepre/faces/javax.faces.resource/theme.css?ln=primefaces-sipse HTTP/1.1" 200 50106
201.245.192.253 - - [27/Aug/2023:12:33:13 -0500] "GET /favicon.ico HTTP/1.1" 200 7782
201.245.192.253 - - [27/Aug/2023:12:33:13 -0500] "GET /sipsepre/faces/javax.faces.resource/images/ui-icons_898989_256x240.png?ln=primefaces-aristo HTTP/1.1" 200 5355
201.245.192.253 - - [27/Aug/2023:12:33:13 -0500] "GET /sipsepre/faces/javax.faces.resource/images/ui-bg_flat_0_2d5972_40x100.png?ln=primefaces-aristo HTTP/1.1" 200 183
201.245.192.253 - - [27/Aug/2023:12:33:13 -0500] "POST /sipsepre/faces/presentacion/financiero/solicitudAnulacion/solicitudAnulacion.xhtml HTTP/1.1" 200 26235
92.106.53.31 - - [27/Aug/2023:12:33:16 -0500] "GET /BLA/resoluciones/index.php?dir=RESOLUCIONES+2023%2F HTTP/1.1" 200 63444
92.106.53.31 - - [27/Aug/2023:12:33:16 -0500] "GET /BLA/resoluciones/index.php?dir=RESOLUCIONES+2023%2F HTTP/1.1" 200 63444
92.106.53.31 - - [27/Aug/2023:12:33:18 -0500] "GET /BLA/resoluciones/RESOLUCIONES%202023/0012.pdf HTTP/1.1" 200 536579
92.106.53.31 - - [27/Aug/2023:12:33:18 -0500] "GET /BLA/resoluciones/RESOLUCIONES%202023/0012.pdf HTTP/1.1" 200 536579
201.245.192.253 - - [27/Aug/2023:12:33:50 -0500] "POST /sipsepre/faces/presentacion/financiero/solicitudAnulacion/solicitudAnulacion.xhtml HTTP/1.1" 200 36394
201.245.192.253 - - [27/Aug/2023:12:33:50 -0500] "GET /sipsepre/faces/javax.faces.resource/fileupload/fileupload.css?ln=primefaces&v=4.0 HTTP/1.1" 200 1333
201.245.192.253 - - [27/Aug/2023:12:33:50 -0500] "GET /sipsepre/faces/javax.faces.resource/jquery/jquery.js?ln=primefaces&v=4.0 HTTP/1.1" 304 -
201.245.192.253 - - [27/Aug/2023:12:33:50 -0500] "GET /sipsepre/faces/javax.faces.resource/jquery/jquery-plugins.js?ln=primefaces&v=4.0 HTTP/1.1" 304 -
201.245.192.253 - - [27/Aug/2023:12:33:51 -0500] "GET /sipsepre/faces/javax.faces.resource/primefaces.js?ln=primefaces&v=4.0 HTTP/1.1" 304 -
201.245.192.253 - - [27/Aug/2023:12:33:51 -0500] "GET /sipsepre/faces/javax.faces.resource/layout/layout.js?ln=primefaces&v=4.0 HTTP/1.1" 304 -
201.245.192.253 - - [27/Aug/2023:12:33:51 -0500] "GET /sipsepre/faces/javax.faces.resource/fileupload/fileupload.js?ln=primefaces&v=4.0 HTTP/1.1" 200 28091
201.245.192.253 - - [27/Aug/2023:12:33:53 -0500] "POST /sipsepre/faces/presentacion/financiero/solicitudAnulacion/registrarSolicitudAnulacion.xhtml HTTP/1.1" 200 19630
201.245.192.253 - - [27/Aug/2023:12:33:55 -0500] "POST /sipsepre/faces/presentacion/financiero/solicitudAnulacion/registrarSolicitudAnulacion.xhtml HTTP/1.1" 200 19648
66.249.66.131 - - [27/Aug/2023:12:33:56 -0500] "GET /inscribete-al-monitoreo-nocturno-en-celebracion-de-la-semana-de-las-polillas.html HTTP/1.1" 304 -
186.86.32.107 - - [27/Aug/2023:12:33:57 -0500] "POST /sipse/faces/presentacion/financiero/solicitudProceso/crearModificarSolicitudProceso.xhtml HTTP/1.1" 200 32758
92.106.53.31 - - [27/Aug/2023:12:33:57 -0500] "GET /BLA/resoluciones/RESOLUCIONES%202023/4767.pdf HTTP/1.1" 200 500322
201.245.192.253 - - [27/Aug/2023:12:33:57 -0500] "POST /sipsepre/faces/presentacion/financiero/solicitudAnulacion/registrarSolicitudAnulacion.xhtml HTTP/1.1" 200 3810
201.245.192.253 - - [27/Aug/2023:12:33:57 -0500] "POST /sipsepre/faces/presentacion/financiero/solicitudAnulacion/registrarSolicitudAnulacion.xhtml HTTP/1.1" 200 40875
201.245.192.253 - - [27/Aug/2023:12:33:57 -0500] "GET /sipsepre/faces/javax.faces.resource/jquery/jquery.js?ln=primefaces&v=4.0 HTTP/1.1" 304 -
201.245.192.253 - - [27/Aug/2023:12:33:57 -0500] "GET /sipsepre/faces/javax.faces.resource/jquery/jquery-plugins.js?ln=primefaces&v=4.0 HTTP/1.1" 304 -
201.245.192.253 - - [27/Aug/2023:12:33:57 -0500] "GET /sipsepre/faces/javax.faces.resource/primefaces.js?ln=primefaces&v=4.0 HTTP/1.1" 304 -
201.245.192.253 - - [27/Aug/2023:12:33:58 -0500] "GET /sipsepre/faces/javax.faces.resource/layout/layout.js?ln=primefaces&v=4.0 HTTP/1.1" 304 -
172.22.2.4 - - [27/Aug/2023:12:32:18 -0500] "GET /BLA/boletinlegal/ HTTP/1.1" 200 56257
201.245.192.253 - - [27/Aug/2023:12:33:59 -0500] "POST /sipsepre/faces/presentacion/financiero/solicitudProceso/consultar.xhtml HTTP/1.1" 200 43998
201.245.192.253 - - [27/Aug/2023:12:34:43 -0500] "POST /sipsepre/faces/presentacion/financiero/solicitudProceso/consultar.xhtml HTTP/1.1" 200 30673
201.245.192.253 - - [27/Aug/2023:12:34:45 -0500] "POST /sipsepre/faces/presentacion/financiero/solicitudProceso/consultar.xhtml HTTP/1.1" 200 31123
201.245.192.253 - - [27/Aug/2023:12:34:49 -0500] "POST /sipsepre/faces/presentacion/financiero/solicitudProceso/consultar.xhtml HTTP/1.1" 200 30647
186.86.32.107 - - [27/Aug/2023:12:34:52 -0500] "POST /sipse/faces/presentacion/financiero/solicitudProceso/crearModificarSolicitudProceso.xhtml HTTP/1.1" 200 6299
201.245.192.253 - - [27/Aug/2023:12:34:53 -0500] "POST /sipsepre/faces/presentacion/financiero/solicitudProceso/consultar.xhtml HTTP/1.1" 200 31185
92.106.53.31 - - [27/Aug/2023:12:34:59 -0500] "GET /BLA/resoluciones/RESOLUCIONES%202023/4327.pdf HTTP/1.1" 200 399800
92.106.53.31 - - [27/Aug/2023:12:34:59 -0500] "GET /BLA/resoluciones/RESOLUCIONES%202023/4327.pdf HTTP/1.1" 200 399800
201.245.192.253 - - [27/Aug/2023:12:35:00 -0500] "POST /sipsepre/faces/presentacion/financiero/solicitudProceso/consultar.xhtml HTTP/1.1" 200 30218
186.86.32.107 - - [27/Aug/2023:12:35:10 -0500] "POST /sipse/faces/presentacion/financiero/solicitudProceso/crearModificarSolicitudProceso.xhtml HTTP/1.1" 200 9552
92.106.53.31 - - [27/Aug/2023:12:35:12 -0500] "GET /BLA/resoluciones/RESOLUCIONES%202023/2797.pdf HTTP/1.1" 200 374193
92.106.53.31 - - [27/Aug/2023:12:35:12 -0500] "GET /BLA/resoluciones/RESOLUCIONES%202023/2797.pdf HTTP/1.1" 200 374193
186.86.32.107 - - [27/Aug/2023:12:35:17 -0500] "POST /sipse/faces/presentacion/financiero/solicitudProceso/crearModificarSolicitudProceso.xhtml HTTP/1.1" 200 7350
92.106.53.31 - - [27/Aug/2023:12:35:21 -0500] "GET /BLA/resoluciones/RESOLUCIONES%202023/1467.pdf HTTP/1.1" 200 323889
92.106.53.31 - - [27/Aug/2023:12:35:21 -0500] "GET /BLA/resoluciones/RESOLUCIONES%202023/1467.pdf HTTP/1.1" 200 323889
186.86.32.107 - - [27/Aug/2023:12:35:23 -0500] "POST /sipse/faces/presentacion/financiero/solicitudProceso/crearModificarSolicitudProceso.xhtml HTTP/1.1" 200 7455
92.106.53.31 - - [27/Aug/2023:12:35:30 -0500] "GET /BLA/resoluciones/RESOLUCIONES%202023/1365.pdf HTTP/1.1" 200 385599
92.106.53.31 - - [27/Aug/2023:12:35:30 -0500] "GET /BLA/resoluciones/RESOLUCIONES%202023/1365.pdf HTTP/1.1" 200 385599
186.86.32.107 - - [27/Aug/2023:12:35:47 -0500] "POST /sipse/faces/presentacion/financiero/solicitudProceso/crearModificarSolicitudProceso.xhtml HTTP/1.1" 200 6836
201.245.192.253 - - [27/Aug/2023:12:35:49 -0500] "POST /kwsrmcab/Wsrmcab  HTTP/1.1" 200 41818
186.86.32.107 - - [27/Aug/2023:12:35:55 -0500] "POST /sipse/faces/presentacion/financiero/solicitudProceso/crearModificarSolicitudProceso.xhtml HTTP/1.1" 200 7455
92.106.53.31 - - [27/Aug/2023:12:36:02 -0500] "GET /BLA/resoluciones/index.php?dir=RESOLUCIONES+1992%2F HTTP/1.1" 200 2871
92.106.53.31 - - [27/Aug/2023:12:36:03 -0500] "GET /BLA/resoluciones/index.php?dir=RESOLUCIONES+1992%2F HTTP/1.1" 200 2871
92.106.53.31 - - [27/Aug/2023:12:36:05 -0500] "GET /BLA/resoluciones/RESOLUCIONES%201992/0004.pdf HTTP/1.1" 200 154689
92.106.53.31 - - [27/Aug/2023:12:36:05 -0500] "GET /BLA/resoluciones/RESOLUCIONES%201992/0004.pdf HTTP/1.1" 200 154689
216.245.221.92 - - [27/Aug/2023:12:36:12 -0500] "HEAD / HTTP/1.1" 200 -
92.106.53.31 - - [27/Aug/2023:12:36:28 -0500] "GET /BLA/resoluciones/index.php?dir=RESOLUCIONES+2012%2F HTTP/1.1" 200 12235
92.106.53.31 - - [27/Aug/2023:12:36:29 -0500] "GET /BLA/resoluciones/index.php?dir=RESOLUCIONES+2012%2F HTTP/1.1" 200 140066
92.106.53.31 - - [27/Aug/2023:12:36:42 -0500] "GET /BLA/resoluciones/index.php?dir=RESOLUCIONES+2023%2F HTTP/1.1" 200 12235
92.106.53.31 - - [27/Aug/2023:12:36:42 -0500] "GET /BLA/resoluciones/index.php?dir=RESOLUCIONES+2023%2F HTTP/1.1" 200 63444
92.106.53.31 - - [27/Aug/2023:12:36:53 -0500] "GET /BLA/resoluciones/RESOLUCIONES%202023/0014.pdf HTTP/1.1" 200 522784
92.106.53.31 - - [27/Aug/2023:12:36:59 -0500] "GET /BLA/resoluciones/RESOLUCIONES%202023/0015.pdf HTTP/1.1" 200 486671
92.106.53.31 - - [27/Aug/2023:12:37:08 -0500] "GET /BLA/resoluciones/RESOLUCIONES%202023/0031.pdf HTTP/1.1" 200 786871
92.106.53.31 - - [27/Aug/2023:12:37:08 -0500] "GET /BLA/resoluciones/RESOLUCIONES%202023/0031.pdf HTTP/1.1" 200 786871
186.84.91.122 - - [27/Aug/2023:12:37:24 -0500] "GET /galeria/galeria/jquery.fancybox.css?v=2.1.5 HTTP/1.1" 200 4895
186.84.91.122 - - [27/Aug/2023:12:37:24 -0500] "GET /BLA/boletinlegal/js/jquery.scrollShow.js HTTP/1.1" 200 4586
186.84.91.122 - - [27/Aug/2023:12:37:24 -0500] "GET /galeria/galeria/jquery.fancybox.js?v=2.1.5 HTTP/1.1" 200 48706
186.86.32.107 - - [27/Aug/2023:12:37:54 -0500] "POST /sipse/faces/presentacion/financiero/solicitudProceso/crearModificarSolicitudProceso.xhtml HTTP/1.1" 200 43848
186.86.32.107 - - [27/Aug/2023:12:37:54 -0500] "GET /sipse/faces/javax.faces.resource/theme.css?ln=primefaces-sipse HTTP/1.1" 304 -
186.86.32.107 - - [27/Aug/2023:12:37:54 -0500] "GET /sipse/faces/javax.faces.resource/primefaces.css?ln=primefaces&v=4.0 HTTP/1.1" 304 -
186.86.32.107 - - [27/Aug/2023:12:37:54 -0500] "GET /sipse/css/imagen/contrasena.png HTTP/1.1" 404 383
186.86.32.107 - - [27/Aug/2023:12:37:54 -0500] "GET /sipse/faces/javax.faces.resource/layout/layout.css?ln=primefaces&v=4.0 HTTP/1.1" 304 -
186.86.32.107 - - [27/Aug/2023:12:37:54 -0500] "GET /sipse/faces/javax.faces.resource/jquery/jquery.js?ln=primefaces&v=4.0 HTTP/1.1" 304 -
186.86.32.107 - - [27/Aug/2023:12:37:54 -0500] "GET /sipse/faces/javax.faces.resource/jquery/jquery-plugins.js?ln=primefaces&v=4.0 HTTP/1.1" 304 -
186.86.32.107 - - [27/Aug/2023:12:37:54 -0500] "GET /sipse/faces/javax.faces.resource/primefaces.js?ln=primefaces&v=4.0 HTTP/1.1" 304 -
186.86.32.107 - - [27/Aug/2023:12:37:54 -0500] "GET /sipse/faces/javax.faces.resource/layout/layout.js?ln=primefaces&v=4.0 HTTP/1.1" 304 -
186.86.32.107 - - [27/Aug/2023:12:37:54 -0500] "GET /sipse/faces/javax.faces.resource/images/ui-icons_898989_256x240.png?ln=primefaces-aristo HTTP/1.1" 304 -
186.86.32.107 - - [27/Aug/2023:12:37:54 -0500] "POST /sipse/faces/presentacion/financiero/solicitudProceso/consultar.xhtml HTTP/1.1" 200 37246
186.86.32.107 - - [27/Aug/2023:12:37:54 -0500] "GET /sipse/faces/javax.faces.resource/images/ui-bg_flat_0_2d5972_40x100.png?ln=primefaces-aristo HTTP/1.1" 304 -
186.86.32.107 - - [27/Aug/2023:12:37:54 -0500] "POST /sipse/faces/presentacion/financiero/solicitudProceso/consultar.xhtml HTTP/1.1" 200 37246
186.29.231.102 - - [27/Aug/2023:12:38:18 -0500] "GET /secretaria-de-ambiente-abre-convocatoria-para-el-proceso-de-formacion-mujeres-cuidadoras-de-humedales.html?fbclid=IwAR0Vaom1mXUcFg1dQMPgMSouY9iNkifmBGyG7aDR47QCeMK1gnBmf_6eDrM HTTP/1.1" 200 943
186.86.32.107 - - [27/Aug/2023:12:38:21 -0500] "POST /sipse/faces/presentacion/financiero/solicitudProceso/consultar.xhtml HTTP/1.1" 200 12842
186.86.32.107 - - [27/Aug/2023:12:38:29 -0500] "POST /sipse/faces/presentacion/financiero/solicitudProceso/consultar.xhtml HTTP/1.1" 200 155119
186.86.32.107 - - [27/Aug/2023:12:38:31 -0500] "GET /sipse/faces/javax.faces.resource/theme.css?ln=primefaces-sipse HTTP/1.1" 304 -
186.86.32.107 - - [27/Aug/2023:12:38:31 -0500] "GET /sipse/faces/javax.faces.resource/primefaces.css?ln=primefaces&v=4.0 HTTP/1.1" 304 -
