186.86.32.107 - - [27/Aug/2023:12:38:31 -0500] "GET /sipse/faces/javax.faces.resource/layout/layout.css?ln=primefaces&v=4.0 HTTP/1.1" 304 -
186.86.32.107 - - [27/Aug/2023:12:38:31 -0500] "GET /sipse/faces/javax.faces.resource/jquery/jquery.js?ln=primefaces&v=4.0 HTTP/1.1" 304 -
186.86.32.107 - - [27/Aug/2023:12:38:31 -0500] "GET /sipse/faces/javax.faces.resource/jquery/jquery-plugins.js?ln=primefaces&v=4.0 HTTP/1.1" 304 -
186.86.32.107 - - [27/Aug/2023:12:38:31 -0500] "GET /sipse/faces/javax.faces.resource/primefaces.js?ln=primefaces&v=4.0 HTTP/1.1" 304 -
186.86.32.107 - - [27/Aug/2023:12:38:31 -0500] "GET /sipse/faces/javax.faces.resource/layout/layout.js?ln=primefaces&v=4.0 HTTP/1.1" 304 -
201.245.192.253 - - [27/Aug/2023:12:38:48 -0500] "POST /kwsrmcab/Wsrmcab HTTP/1.1" 200 42111
201.245.192.253 - - [27/Aug/2023:12:38:51 -0500] "POST /kwsrmcab/Wsrmcab HTTP/1.1" 200 43969
186.86.32.107 - - [27/Aug/2023:12:38:56 -0500] "POST /sipse/faces/presentacion/financiero/solicitudProceso/consultarSolicitudProceso.xhtml HTTP/1.1" 200 40580
186.86.32.107 - - [27/Aug/2023:12:38:57 -0500] "GET /sipse/faces/javax.faces.resource/theme.css?ln=primefaces-sipse HTTP/1.1" 304 -
186.86.32.107 - - [27/Aug/2023:12:38:57 -0500] "GET /sipse/faces/javax.faces.resource/primefaces.css?ln=primefaces&v=4.0 HTTP/1.1" 304 -
186.86.32.107 - - [27/Aug/2023:12:38:57 -0500] "GET /sipse/faces/javax.faces.resource/layout/layout.css?ln=primefaces&v=4.0 HTTP/1.1" 304 -
186.86.32.107 - - [27/Aug/2023:12:38:57 -0500] "GET /sipse/faces/javax.faces.resource/jquery/jquery.js?ln=primefaces&v=4.0 HTTP/1.1" 304 -
186.86.32.107 - - [27/Aug/2023:12:38:57 -0500] "GET /sipse/faces/javax.faces.resource/jquery/jquery-plugins.js?ln=primefaces&v=4.0 HTTP/1.1" 304 -
186.86.32.107 - - [27/Aug/2023:12:38:57 -0500] "GET /sipse/faces/javax.faces.resource/primefaces.js?ln=primefaces&v=4.0 HTTP/1.1" 304 -
186.86.32.107 - - [27/Aug/2023:12:38:57 -0500] "GET /sipse/faces/javax.faces.resource/layout/layout.js?ln=primefaces&v=4.0 HTTP/1.1" 304 -
186.86.32.107 - - [27/Aug/2023:12:38:57 -0500] "GET /sipse/faces/javax.faces.resource/messages/messages.png?ln=primefaces&v=4.0 HTTP/1.1" 304 -
172.22.2.4 - - [27/Aug/2023:12:37:18 -0500] "HEAD /BLA/boletinlegal/ HTTP/1.1" 200 -
186.86.32.107 - - [27/Aug/2023:12:39:06 -0500] "GET /sipse/faces/javax.faces.resource/theme.css?ln=primefaces-sipse HTTP/1.1" 304 -
186.86.32.107 - - [27/Aug/2023:12:39:06 -0500] "GET /sipse/faces/javax.faces.resource/primefaces.css?ln=primefaces&v=4.0 HTTP/1.1" 304 -
186.86.32.107 - - [27/Aug/2023:12:39:06 -0500] "GET /sipse/faces/javax.faces.resource/layout/layout.css?ln=primefaces&v=4.0 HTTP/1.1" 304 -
186.86.32.107 - - [27/Aug/2023:12:39:06 -0500] "GET /sipse/faces/javax.faces.resource/jquery/jquery-plugins.js?ln=primefaces&v=4.0 HTTP/1.1" 304 -
186.86.32.107 - - [27/Aug/2023:12:39:06 -0500] "GET /sipse/faces/javax.faces.resource/jquery/jquery.js?ln=primefaces&v=4.0 HTTP/1.1" 304 -
186.86.32.107 - - [27/Aug/2023:12:39:06 -0500] "GET /sipse/faces/javax.faces.resource/primefaces.js?ln=primefaces&v=4.0 HTTP/1.1" 304 -
186.86.32.107 - - [27/Aug/2023:12:39:06 -0500] "GET /sipse/faces/javax.faces.resource/layout/layout.js?ln=primefaces&v=4.0 HTTP/1.1" 304 -
186.86.32.107 - - [27/Aug/2023:12:39:05 -0500] "POST /sipse/faces/presentacion/financiero/estudioPrevio/personalSolicitado/personalSolicitadoSolicitudProceso.xhtml HTTP/1.1" 200 200481
186.86.32.107 - - [27/Aug/2023:12:39:06 -0500] "GET /sipse/css/imagen/contrasena.png HTTP/1.1" 404 383
186.86.32.107 - - [27/Aug/2023:12:39:35 -0500] "POST /sipse/faces/presentacion/financiero/solicitudProceso/consultarSolicitudProceso.xhtml HTTP/1.1" 200 43806
186.86.32.107 - - [27/Aug/2023:12:39:35 -0500] "GET /sipse/faces/javax.faces.resource/theme.css?ln=primefaces-sipse HTTP/1.1" 304 -
186.86.32.107 - - [27/Aug/2023:12:39:36 -0500] "GET /sipse/faces/javax.faces.resource/jquery/jquery.js?ln=primefaces&v=4.0 HTTP/1.1" 304 -
186.86.32.107 - - [27/Aug/2023:12:39:36 -0500] "GET /sipse/faces/javax.faces.resource/primefaces.css?ln=primefaces&v=4.0 HTTP/1.1" 304 -
186.86.32.107 - - [27/Aug/2023:12:39:36 -0500] "GET /sipse/faces/javax.faces.resource/layout/layout.css?ln=primefaces&v=4.0 HTTP/1.1" 304 -
186.86.32.107 - - [27/Aug/2023:12:39:36 -0500] "GET /sipse/faces/javax.faces.resource/jquery/jquery-plugins.js?ln=primefaces&v=4.0 HTTP/1.1" 304 -
186.86.32.107 - - [27/Aug/2023:12:39:36 -0500] "GET /sipse/faces/javax.faces.resource/primefaces.js?ln=primefaces&v=4.0 HTTP/1.1" 304 -
186.86.32.107 - - [27/Aug/2023:12:39:36 -0500] "GET /sipse/faces/javax.faces.resource/layout/layout.js?ln=primefaces&v=4.0 HTTP/1.1" 304 -
186.86.32.107 - - [27/Aug/2023:12:39:39 -0500] "POST /sipse/faces/presentacion/financiero/solicitudProceso/consultar.xhtml HTTP/1.1" 200 12847
186.86.32.107 - - [27/Aug/2023:12:39:45 -0500] "POST /sipse/faces/presentacion/financiero/solicitudProceso/consultar.xhtml HTTP/1.1" 200 165816
186.86.32.107 - - [27/Aug/2023:12:39:47 -0500] "GET /sipse/faces/javax.faces.resource/theme.css?ln=primefaces-sipse HTTP/1.1" 304 -
186.86.32.107 - - [27/Aug/2023:12:39:47 -0500] "GET /sipse/faces/javax.faces.resource/layout/layout.css?ln=primefaces&v=4.0 HTTP/1.1" 304 -
186.86.32.107 - - [27/Aug/2023:12:39:47 -0500] "GET /sipse/faces/javax.faces.resource/primefaces.css?ln=primefaces&v=4.0 HTTP/1.1" 304 -
186.86.32.107 - - [27/Aug/2023:12:39:47 -0500] "GET /sipse/faces/javax.faces.resource/jquery/jquery.js?ln=primefaces&v=4.0 HTTP/1.1" 304 -
186.86.32.107 - - [27/Aug/2023:12:39:47 -0500] "GET /sipse/faces/javax.faces.resource/jquery/jquery-plugins.js?ln=primefaces&v=4.0 HTTP/1.1" 304 -
186.86.32.107 - - [27/Aug/2023:12:39:47 -0500] "GET /sipse/faces/javax.faces.resource/primefaces.js?ln=primefaces&v=4.0 HTTP/1.1" 304 -
186.86.32.107 - - [27/Aug/2023:12:39:47 -0500] "GET /sipse/faces/javax.faces.resource/layout/layout.js?ln=primefaces&v=4.0 HTTP/1.1" 304 -
172.22.2.4 - - [27/Aug/2023:12:38:08 -0500] "GET /BLA/boletinlegal/ HTTP/1.1" 200 60692
186.86.32.107 - - [27/Aug/2023:12:39:54 -0500] "POST /sipse/faces/presentacion/financiero/solicitudProceso/consultarSolicitudProceso.xhtml HTTP/1.1" 200 40580
186.86.32.107 - - [27/Aug/2023:12:39:54 -0500] "GET /sipse/faces/javax.faces.resource/theme.css?ln=primefaces-sipse HTTP/1.1" 304 -
186.86.32.107 - - [27/Aug/2023:12:39:54 -0500] "GET /sipse/faces/javax.faces.resource/primefaces.css?ln=primefaces&v=4.0 HTTP/1.1" 304 -
186.86.32.107 - - [27/Aug/2023:12:39:54 -0500] "GET /sipse/faces/javax.faces.resource/layout/layout.css?ln=primefaces&v=4.0 HTTP/1.1" 304 -
186.86.32.107 - - [27/Aug/2023:12:39:54 -0500] "GET /sipse/faces/javax.faces.resource/jquery/jquery.js?ln=primefaces&v=4.0 HTTP/1.1" 304 -
186.86.32.107 - - [27/Aug/2023:12:39:54 -0500] "GET /sipse/faces/javax.faces.resource/jquery/jquery-plugins.js?ln=primefaces&v=4.0 HTTP/1.1" 304 -
186.86.32.107 - - [27/Aug/2023:12:39:54 -0500] "GET /sipse/faces/javax.faces.resource/primefaces.js?ln=primefaces&v=4.0 HTTP/1.1" 304 -
186.86.32.107 - - [27/Aug/2023:12:39:54 -0500] "GET /sipse/faces/javax.faces.resource/layout/layout.js?ln=primefaces&v=4.0 HTTP/1.1" 304 -
186.86.32.107 - - [27/Aug/2023:12:39:59 -0500] "GET /sipse/faces/javax.faces.resource/theme.css?ln=primefaces-sipse HTTP/1.1" 304 -
186.86.32.107 - - [27/Aug/2023:12:39:59 -0500] "GET /sipse/faces/javax.faces.resource/primefaces.css?ln=primefaces&v=4.0 HTTP/1.1" 304 -
186.86.32.107 - - [27/Aug/2023:12:39:59 -0500] "GET /sipse/faces/javax.faces.resource/layout/layout.css?ln=primefaces&v=4.0 HTTP/1.1" 304 -
186.86.32.107 - - [27/Aug/2023:12:39:59 -0500] "GET /sipse/faces/javax.faces.resource/jquery/jquery.js?ln=primefaces&v=4.0 HTTP/1.1" 304 -
186.86.32.107 - - [27/Aug/2023:12:39:59 -0500] "GET /sipse/faces/javax.faces.resource/primefaces.js?ln=primefaces&v=4.0 HTTP/1.1" 304 -
186.86.32.107 - - [27/Aug/2023:12:39:59 -0500] "GET /sipse/faces/javax.faces.resource/layout/layout.js?ln=primefaces&v=4.0 HTTP/1.1" 304 -
186.86.32.107 - - [27/Aug/2023:12:39:59 -0500] "GET /sipse/faces/javax.faces.resource/jquery/jquery-plugins.js?ln=primefaces&v=4.0 HTTP/1.1" 304 -
186.86.32.107 - - [27/Aug/2023:12:40:00 -0500] "GET /sipse/css/imagen/contrasena.png HTTP/1.1" 404 383
186.86.32.107 - - [27/Aug/2023:12:39:59 -0500] "POST /sipse/faces/presentacion/financiero/estudioPrevio/personalSolicitado/personalSolicitadoSolicitudProceso.xhtml HTTP/1.1" 200 211178
201.245.192.253 - - [27/Aug/2023:12:40:07 -0500] "POST /sipsepre/faces/presentacion/financiero/solicitudProceso/consultar.xhtml HTTP/1.1" 200 30698
201.245.192.253 - - [27/Aug/2023:12:40:10 -0500] "POST /sipsepre/faces/presentacion/financiero/solicitudProceso/consultar.xhtml HTTP/1.1" 200 31527
186.86.32.107 - - [27/Aug/2023:12:40:11 -0500] "POST /sipse/faces/presentacion/financiero/solicitudProceso/consultarSolicitudProceso.xhtml HTTP/1.1" 200 43811
186.86.32.107 - - [27/Aug/2023:12:40:11 -0500] "GET /sipse/faces/javax.faces.resource/theme.css?ln=primefaces-sipse HTTP/1.1" 304 -
186.86.32.107 - - [27/Aug/2023:12:40:11 -0500] "GET /sipse/faces/javax.faces.resource/primefaces.css?ln=primefaces&v=4.0 HTTP/1.1" 304 -
186.86.32.107 - - [27/Aug/2023:12:40:11 -0500] "GET /sipse/faces/javax.faces.resource/layout/layout.css?ln=primefaces&v=4.0 HTTP/1.1" 304 -
186.86.32.107 - - [27/Aug/2023:12:40:11 -0500] "GET /sipse/faces/javax.faces.resource/jquery/jquery.js?ln=primefaces&v=4.0 HTTP/1.1" 304 -
186.86.32.107 - - [27/Aug/2023:12:40:11 -0500] "GET /sipse/faces/javax.faces.resource/jquery/jquery-plugins.js?ln=primefaces&v=4.0 HTTP/1.1" 304 -
186.86.32.107 - - [27/Aug/2023:12:40:11 -0500] "GET /sipse/faces/javax.faces.resource/primefaces.js?ln=primefaces&v=4.0 HTTP/1.1" 304 -
186.86.32.107 - - [27/Aug/2023:12:40:12 -0500] "GET /sipse/faces/javax.faces.resource/layout/layout.js?ln=primefaces&v=4.0 HTTP/1.1" 304 -
201.245.192.253 - - [27/Aug/2023:12:40:13 -0500] "POST /sipsepre/faces/presentacion/financiero/solicitudProceso/consultar.xhtml HTTP/1.1" 200 31392
186.86.32.107 - - [27/Aug/2023:12:40:15 -0500] "POST /sipse/faces/presentacion/financiero/solicitudProceso/consultar.xhtml HTTP/1.1" 200 12850
201.245.192.253 - - [27/Aug/2023:12:40:20 -0500] "POST /sipsepre/faces/presentacion/financiero/solicitudProceso/consultar.xhtml HTTP/1.1" 200 31663
186.86.32.107 - - [27/Aug/2023:12:40:19 -0500] "POST /sipse/faces/presentacion/financiero/solicitudProceso/consultar.xhtml HTTP/1.1" 200 179855
186.86.32.107 - - [27/Aug/2023:12:40:20 -0500] "GET /sipse/faces/javax.faces.resource/primefaces.css?ln=primefaces&v=4.0 HTTP/1.1" 304 -
186.86.32.107 - - [27/Aug/2023:12:40:20 -0500] "GET /sipse/faces/javax.faces.resource/theme.css?ln=primefaces-sipse HTTP/1.1" 304 -
186.86.32.107 - - [27/Aug/2023:12:40:20 -0500] "GET /sipse/faces/javax.faces.resource/layout/layout.css?ln=primefaces&v=4.0 HTTP/1.1" 304 -
186.86.32.107 - - [27/Aug/2023:12:40:20 -0500] "GET /sipse/faces/javax.faces.resource/jquery/jquery.js?ln=primefaces&v=4.0 HTTP/1.1" 304 -
186.86.32.107 - - [27/Aug/2023:12:40:20 -0500] "GET /sipse/faces/javax.faces.resource/jquery/jquery-plugins.js?ln=primefaces&v=4.0 HTTP/1.1" 304 -
186.86.32.107 - - [27/Aug/2023:12:40:20 -0500] "GET /sipse/faces/javax.faces.resource/primefaces.js?ln=primefaces&v=4.0 HTTP/1.1" 304 -
186.86.32.107 - - [27/Aug/2023:12:40:20 -0500] "GET /sipse/faces/javax.faces.resource/layout/layout.js?ln=primefaces&v=4.0 HTTP/1.1" 304 -
186.86.32.107 - - [27/Aug/2023:12:40:26 -0500] "POST /sipse/faces/presentacion/financiero/solicitudProceso/consultarSolicitudProceso.xhtml HTTP/1.1" 200 40580
186.86.32.107 - - [27/Aug/2023:12:40:26 -0500] "GET /sipse/faces/javax.faces.resource/theme.css?ln=primefaces-sipse HTTP/1.1" 304 -
186.86.32.107 - - [27/Aug/2023:12:40:26 -0500] "GET /sipse/faces/javax.faces.resource/primefaces.css?ln=primefaces&v=4.0 HTTP/1.1" 304 -
201.245.192.253 - - [27/Aug/2023:12:40:26 -0500] "POST /sipsepre/faces/presentacion/financiero/solicitudProceso/consultar.xhtml HTTP/1.1" 200 30386
186.86.32.107 - - [27/Aug/2023:12:40:26 -0500] "GET /sipse/faces/javax.faces.resource/layout/layout.css?ln=primefaces&v=4.0 HTTP/1.1" 304 -
186.86.32.107 - - [27/Aug/2023:12:40:26 -0500] "GET /sipse/faces/javax.faces.resource/jquery/jquery.js?ln=primefaces&v=4.0 HTTP/1.1" 304 -
186.86.32.107 - - [27/Aug/2023:12:40:26 -0500] "GET /sipse/faces/javax.faces.resource/jquery/jquery-plugins.js?ln=primefaces&v=4.0 HTTP/1.1" 304 -
186.86.32.107 - - [27/Aug/2023:12:40:26 -0500] "GET /sipse/faces/javax.faces.resource/primefaces.js?ln=primefaces&v=4.0 HTTP/1.1" 304 -
186.86.32.107 - - [27/Aug/2023:12:40:26 -0500] "GET /sipse/faces/javax.faces.resource/layout/layout.js?ln=primefaces&v=4.0 HTTP/1.1" 304 -
201.245.192.253 - - [27/Aug/2023:12:40:32 -0500] "POST /sipsepre/faces/presentacion/financiero/solicitudProceso/consultar.xhtml HTTP/1.1" 200 31489
201.245.192.253 - - [27/Aug/2023:12:40:35 -0500] "POST /sipsepre/faces/presentacion/financiero/solicitudProceso/consultar.xhtml HTTP/1.1" 200 31819
186.86.32.107 - - [27/Aug/2023:12:40:35 -0500] "GET /sipse/faces/javax.faces.resource/theme.css?ln=primefaces-sipse HTTP/1.1" 304 -
186.86.32.107 - - [27/Aug/2023:12:40:35 -0500] "GET /sipse/faces/javax.faces.resource/primefaces.css?ln=primefaces&v=4.0 HTTP/1.1" 304 -
186.86.32.107 - - [27/Aug/2023:12:40:35 -0500] "GET /sipse/faces/javax.faces.resource/jquery/jquery.js?ln=primefaces&v=4.0 HTTP/1.1" 304 -
186.86.32.107 - - [27/Aug/2023:12:40:35 -0500] "GET /sipse/faces/javax.faces.resource/layout/layout.css?ln=primefaces&v=4.0 HTTP/1.1" 304 -
186.86.32.107 - - [27/Aug/2023:12:40:35 -0500] "GET /sipse/faces/javax.faces.resource/jquery/jquery-plugins.js?ln=primefaces&v=4.0 HTTP/1.1" 304 -
186.86.32.107 - - [27/Aug/2023:12:40:35 -0500] "GET /sipse/faces/javax.faces.resource/layout/layout.js?ln=primefaces&v=4.0 HTTP/1.1" 304 -
186.86.32.107 - - [27/Aug/2023:12:40:35 -0500] "GET /sipse/faces/javax.faces.resource/primefaces.js?ln=primefaces&v=4.0 HTTP/1.1" 304 -
186.86.32.107 - - [27/Aug/2023:12:40:35 -0500] "POST /sipse/faces/presentacion/financiero/estudioPrevio/personalSolicitado/personalSolicitadoSolicitudProceso.xhtml HTTP/1.1" 200 225217
201.245.192.253 - - [27/Aug/2023:12:40:48 -0500] "POST /kwsrmcab/Wsrmcab  HTTP/1.1" 200 41818
216.245.221.92 - - [27/Aug/2023:12:41:12 -0500] "HEAD / HTTP/1.1" 200 -
40.77.167.61 - - [27/Aug/2023:12:42:53 -0500] "GET /bla/resoluciones/autos%202012/0907.pdf HTTP/1.1" 200 412006
172.22.2.4 - - [27/Aug/2023:12:42:59 -0500] "GET /BLA/boletinlegal/jurisprudencia/analisis/CUADRO%20ANALISIS%20SENTENCIA%20T-411%20DE%201992.doc HTTP/1.1" 200 41984
172.22.2.4 - - [27/Aug/2023:12:43:00 -0500] "GET /BLA/boletinlegal/jurisprudencia/analisis/CUADRO%20ANALISIS%20SENTENCIA%20T-411%20DE%201992.doc HTTP/1.1" 200 41984
209.201.15.190 - - [27/Aug/2023:12:44:16 -0500] "GET /app/.env HTTP/1.1" 404 1018
209.201.15.190 - - [27/Aug/2023:12:44:17 -0500] "POST /app HTTP/1.1" 404 1018
172.22.2.4 - - [27/Aug/2023:12:43:08 -0500] "HEAD /BLA/boletinlegal/ HTTP/1.1" 200 -
167.0.150.4 - - [27/Aug/2023:12:45:16 -0500] "GET /inscribete-y-participa-en-la-convencion-internacional-de-emergencia-climatica-bogota-2023.html HTTP/1.1" 200 895
172.22.2.4 - - [27/Aug/2023:12:43:58 -0500] "GET /BLA/boletinlegal/ HTTP/1.1" 200 54597
201.245.192.253 - - [27/Aug/2023:12:45:47 -0500] "POST /kwsrmcab/Wsrmcab  HTTP/1.1" 200 41818
173.252.95.116 - - [27/Aug/2023:12:45:52 -0500] "GET /colegios-de-bogota-unidos-por-la-proteccion-de-la-fauna-silvestre.html HTTP/1.1" 200 765
191.95.170.52 - - [27/Aug/2023:12:46:09 -0500] "GET /galeria/galeria/jquery.fancybox.css?v=2.1.5 HTTP/1.1" 200 4895
191.95.170.52 - - [27/Aug/2023:12:46:09 -0500] "GET /BLA/boletinlegal/js/jquery.scrollShow.js HTTP/1.1" 200 4586
191.95.170.52 - - [27/Aug/2023:12:46:09 -0500] "GET /galeria/galeria/jquery.fancybox.js?v=2.1.5 HTTP/1.1" 200 48706
216.245.221.92 - - [27/Aug/2023:12:46:12 -0500] "HEAD / HTTP/1.1" 200 -
31.13.127.13 - - [27/Aug/2023:12:46:16 -0500] "GET /images/mercados-campesinos-5-mayo.jpg HTTP/1.1" 200 95848
92.106.53.31 - - [27/Aug/2023:12:46:58 -0500] "GET /BLA/resoluciones/ HTTP/1.1" 200 13502
92.106.53.31 - - [27/Aug/2023:12:46:59 -0500] "GET /BLA/resoluciones/dlf/styles.css HTTP/1.1" 200 3049
92.106.53.31 - - [27/Aug/2023:12:46:59 -0500] "GET /BLA/resoluciones/dlf/folder.png HTTP/1.1" 200 410
92.106.53.31 - - [27/Aug/2023:12:46:59 -0500] "GET /BLA/resoluciones/dlf/bg.gif HTTP/1.1" 200 54
92.106.53.31 - - [27/Aug/2023:12:46:59 -0500] "GET /favicon.ico HTTP/1.1" 200 7782
173.252.127.16 - - [27/Aug/2023:12:47:41 -0500] "GET /humedal-guaymaral-refugio-de-animales-silvestres.html HTTP/1.1" 200 728
92.106.53.31 - - [27/Aug/2023:12:47:44 -0500] "GET /BLA/resoluciones/ HTTP/1.1" 200 13502
173.252.127.15 - - [27/Aug/2023:12:47:52 -0500] "GET /secretaria-de-ambiente-sensibiliza-a-ciudadanos-sobre-la-importancia-de-proteger-la-fauna-silvestre.html HTTP/1.1" 200 819
92.106.53.31 - - [27/Aug/2023:12:47:56 -0500] "GET /BLA/resoluciones/index.php?dir=RESOLUCIONES+2023%2F HTTP/1.1" 200 63444
92.106.53.31 - - [27/Aug/2023:12:47:56 -0500] "GET /BLA/resoluciones/dlf/dirup.png HTTP/1.1" 200 644
92.106.53.31 - - [27/Aug/2023:12:47:56 -0500] "GET /BLA/resoluciones/dlf/pdf.gif HTTP/1.1" 200 272
173.252.127.117 - - [27/Aug/2023:12:48:16 -0500] "GET /secretaria-de-ambiente-adelanta-rehabilitacion-de-un-tayra-mamifero-entregado-en-bogota.html HTTP/1.1" 200 786
172.22.2.4 - - [27/Aug/2023:12:47:52 -0500] "GET /BLA/boletinlegal/ HTTP/1.1" 200 24523
92.106.53.31 - - [27/Aug/2023:12:48:41 -0500] "GET /BLA/resoluciones/ HTTP/1.1" 200 13502
92.106.53.31 - - [27/Aug/2023:12:48:48 -0500] "GET /BLA/resoluciones/index.php?dir=RESOLUCIONES+2023%2F HTTP/1.1" 200 63444
92.106.53.31 - - [27/Aug/2023:12:48:52 -0500] "GET /BLA/resoluciones/index.php?dir=RESOLUCIONES+2023%2F HTTP/1.1" 200 63444
92.106.53.31 - - [27/Aug/2023:12:48:56 -0500] "GET /BLA/resoluciones/RESOLUCIONES%202023/0012.pdf HTTP/1.1" 200 536579
92.106.53.31 - - [27/Aug/2023:12:49:16 -0500] "GET /BLA/resoluciones/RESOLUCIONES%202023/0014.pdf HTTP/1.1" 200 522784
92.106.53.31 - - [27/Aug/2023:12:50:24 -0500] "GET /BLA/resoluciones/RESOLUCIONES%202023/0015.pdf HTTP/1.1" 200 486671
172.22.2.4 - - [27/Aug/2023:12:48:58 -0500] "HEAD /BLA/boletinlegal/ HTTP/1.1" 200 -
201.245.192.253 - - [27/Aug/2023:12:50:46 -0500] "POST /kwsrmcab/Wsrmcab  HTTP/1.1" 200 41818
92.106.53.31 - - [27/Aug/2023:12:50:50 -0500] "GET /BLA/resoluciones/RESOLUCIONES%202023/0018.pdf HTTP/1.1" 200 784925
212.40.1.6 - - [27/Aug/2023:12:50:52 -0500] "GET /BLA/resoluciones/RESOLUCIONES%202023/0018.pdf HTTP/1.1" 200 784925
216.245.221.92 - - [27/Aug/2023:12:51:12 -0500] "HEAD / HTTP/1.1" 200 -
172.22.2.4 - - [27/Aug/2023:12:49:48 -0500] "GET /BLA/boletinlegal/ HTTP/1.1" 200 58187
92.106.53.31 - - [27/Aug/2023:12:51:33 -0500] "GET /BLA/resoluciones/RESOLUCIONES%202023/0019.pdf HTTP/1.1" 200 448541
92.106.53.31 - - [27/Aug/2023:12:51:51 -0500] "GET /BLA/resoluciones/RESOLUCIONES%202023/4767.pdf HTTP/1.1" 200 500322
92.106.53.31 - - [27/Aug/2023:12:52:12 -0500] "GET /BLA/resoluciones/RESOLUCIONES%202023/4327.pdf HTTP/1.1" 200 399800
92.106.53.31 - - [27/Aug/2023:12:52:50 -0500] "GET /BLA/resoluciones/RESOLUCIONES%202023/2797.pdf HTTP/1.1" 200 374193
52.167.144.186 - - [27/Aug/2023:12:53:23 -0500] "GET /BLA/resoluciones/AUTOS%202022/3257.pdf HTTP/1.1" 200 409422
201.245.192.253 - - [27/Aug/2023:12:55:45 -0500] "POST /kwsrmcab/Wsrmcab  HTTP/1.1" 200 41818
216.245.221.92 - - [27/Aug/2023:12:56:12 -0500] "HEAD / HTTP/1.1" 200 -
172.22.2.4 - - [27/Aug/2023:12:54:48 -0500] "HEAD /BLA/boletinlegal/ HTTP/1.1" 200 -
172.22.2.4 - - [27/Aug/2023:12:55:38 -0500] "GET /BLA/boletinlegal/ HTTP/1.1" 200 53013
52.167.144.181 - - [27/Aug/2023:12:57:25 -0500] "GET /BLA/resoluciones/RESOLUCIONES%202022/0982.pdf HTTP/1.1" 304 -
181.140.247.102 - - [27/Aug/2023:12:58:00 -0500] "GET /BLA/resoluciones/index.php?dir=AUTOS+2006%2F HTTP/1.1" 200 9681
92.106.53.31 - - [27/Aug/2023:12:58:50 -0500] "GET /BLA/resoluciones/ HTTP/1.1" 200 13502
181.140.247.102 - - [27/Aug/2023:13:00:36 -0500] "GET /BLA/resoluciones/index.php?dir=AUTOS+2006%2F HTTP/1.1" 200 9681
181.140.247.102 - - [27/Aug/2023:13:00:42 -0500] "GET /BLA/resoluciones/index.php?dir=AUTOS+2006%2FAUTOS+2006+2301+-+2400%2F HTTP/1.1" 200 22197
201.245.192.253 - - [27/Aug/2023:13:00:45 -0500] "POST /kwsrmcab/Wsrmcab  HTTP/1.1" 200 41818
216.245.221.92 - - [27/Aug/2023:13:01:12 -0500] "HEAD / HTTP/1.1" 200 -
92.106.53.31 - - [27/Aug/2023:13:01:15 -0500] "GET /BLA/resoluciones/ HTTP/1.1" 200 13502
92.106.53.31 - - [27/Aug/2023:13:01:28 -0500] "GET /BLA/resoluciones/index.php?dir=RESOLUCIONES+2023%2F HTTP/1.1" 200 63444
92.106.53.31 - - [27/Aug/2023:13:01:50 -0500] "GET /BLA/resoluciones/RESOLUCIONES%202023/0028.pdf HTTP/1.1" 200 5883213
92.106.53.31 - - [27/Aug/2023:13:01:50 -0500] "GET /BLA/resoluciones/RESOLUCIONES%202023/0028.pdf HTTP/1.1" 206 3922142
92.106.53.31 - - [27/Aug/2023:13:01:50 -0500] "GET /BLA/resoluciones/RESOLUCIONES%202023/0028.pdf HTTP/1.1" 206 1961071
212.40.1.4 - - [27/Aug/2023:13:01:52 -0500] "GET /BLA/resoluciones/RESOLUCIONES%202023/0028.pdf HTTP/1.1" 200 5883213
172.22.2.4 - - [27/Aug/2023:13:00:38 -0500] "HEAD /BLA/boletinlegal/ HTTP/1.1" 200 -
92.106.53.31 - - [27/Aug/2023:13:02:56 -0500] "GET /BLA/resoluciones/RESOLUCIONES%202023/0053.pdf HTTP/1.1" 200 501622
172.22.2.4 - - [27/Aug/2023:13:01:28 -0500] "GET /BLA/boletinlegal/ HTTP/1.1" 200 61130
201.245.192.253 - - [27/Aug/2023:13:05:44 -0500] "POST /kwsrmcab/Wsrmcab  HTTP/1.1" 200 41818
172.22.2.4 - - [27/Aug/2023:13:05:22 -0500] "GET /BLA/boletinlegal/?XDEBUG_SESSION_START=phpstorm HTTP/1.1" 200 24523
216.245.221.92 - - [27/Aug/2023:13:06:12 -0500] "HEAD / HTTP/1.1" 200 -
172.22.2.4 - - [27/Aug/2023:13:06:28 -0500] "HEAD /BLA/boletinlegal/ HTTP/1.1" 200 -
172.22.2.4 - - [27/Aug/2023:13:07:18 -0500] "GET /BLA/boletinlegal/ HTTP/1.1" 200 52656
201.245.192.253 - - [27/Aug/2023:13:09:53 -0500] "GET /sipsepre/faces/faces/faces/autenticacion.xhtml HTTP/1.1" 200 12495
201.245.192.253 - - [27/Aug/2023:13:09:53 -0500] "GET /sipsepre/css/custom_css_sg.css HTTP/1.1" 200 9692
201.245.192.253 - - [27/Aug/2023:13:09:53 -0500] "GET /sipsepre/css/custom_css_sg_prime_login.css HTTP/1.1" 200 443
201.245.192.253 - - [27/Aug/2023:13:09:53 -0500] "GET /sipsepre/faces/javax.faces.resource/layout/layout.css?ln=primefaces&v=4.0 HTTP/1.1" 200 542
201.245.192.253 - - [27/Aug/2023:13:09:53 -0500] "GET /sipsepre/faces/javax.faces.resource/theme.css?ln=primefaces-sipse HTTP/1.1" 200 50106
201.245.192.253 - - [27/Aug/2023:13:09:53 -0500] "GET /sipsepre/faces/javax.faces.resource/primefaces.css?ln=primefaces&v=4.0 HTTP/1.1" 200 53325
201.245.192.253 - - [27/Aug/2023:13:09:53 -0500] "GET /sipsepre/faces/javax.faces.resource/jquery/jquery.js?ln=primefaces&v=4.0 HTTP/1.1" 304 -
201.245.192.253 - - [27/Aug/2023:13:09:54 -0500] "GET /sipsepre/faces/javax.faces.resource/jquery/jquery-plugins.js?ln=primefaces&v=4.0 HTTP/1.1" 304 -
201.245.192.253 - - [27/Aug/2023:13:09:54 -0500] "GET /sipsepre/faces/javax.faces.resource/primefaces.js?ln=primefaces&v=4.0 HTTP/1.1" 304 -
201.245.192.253 - - [27/Aug/2023:13:09:54 -0500] "GET /sipsepre/faces/javax.faces.resource/layout/layout.js?ln=primefaces&v=4.0 HTTP/1.1" 304 -
201.245.192.253 - - [27/Aug/2023:13:09:54 -0500] "GET /sipsepre/faces/javax.faces.resource/images/ui-icons_898989_256x240.png?ln=primefaces-aristo HTTP/1.1" 200 5355
201.245.192.253 - - [27/Aug/2023:13:09:54 -0500] "GET /sipsepre/css/imagen/logoSDG.png HTTP/1.1" 200 53064
201.245.192.253 - - [27/Aug/2023:13:09:54 -0500] "GET /sipsepre/css/imagen/loginimg.png HTTP/1.1" 200 71635
201.245.192.253 - - [27/Aug/2023:13:09:54 -0500] "GET /favicon.ico HTTP/1.1" 200 7782
201.245.192.253 - - [27/Aug/2023:13:09:54 -0500] "GET /sipsepre/faces/faces/faces/index.xhtml HTTP/1.1" 200 680
201.245.192.253 - - [27/Aug/2023:13:09:54 -0500] "GET /sipsepre/faces/javax.faces.resource/theme.css?ln=primefaces-sipse HTTP/1.1" 304 -
201.245.192.253 - - [27/Aug/2023:13:09:54 -0500] "GET /sipsepre/faces/faces/faces/faces/autenticacion.xhtml HTTP/1.1" 200 12495
201.245.192.253 - - [27/Aug/2023:13:09:54 -0500] "GET /sipsepre/faces/javax.faces.resource/theme.css?ln=primefaces-sipse HTTP/1.1" 304 -
201.245.192.253 - - [27/Aug/2023:13:09:54 -0500] "GET /sipsepre/faces/javax.faces.resource/layout/layout.css?ln=primefaces&v=4.0 HTTP/1.1" 304 -
201.245.192.253 - - [27/Aug/2023:13:09:54 -0500] "GET /sipsepre/faces/javax.faces.resource/primefaces.css?ln=primefaces&v=4.0 HTTP/1.1" 304 -
201.245.192.253 - - [27/Aug/2023:13:09:54 -0500] "GET /sipsepre/faces/javax.faces.resource/jquery/jquery.js?ln=primefaces&v=4.0 HTTP/1.1" 304 -
201.245.192.253 - - [27/Aug/2023:13:09:54 -0500] "GET /sipsepre/faces/javax.faces.resource/primefaces.js?ln=primefaces&v=4.0 HTTP/1.1" 304 -
201.245.192.253 - - [27/Aug/2023:13:09:54 -0500] "GET /sipsepre/faces/javax.faces.resource/jquery/jquery-plugins.js?ln=primefaces&v=4.0 HTTP/1.1" 304 -
201.245.192.253 - - [27/Aug/2023:13:09:54 -0500] "GET /sipsepre/faces/javax.faces.resource/layout/layout.js?ln=primefaces&v=4.0 HTTP/1.1" 304 -
201.245.192.253 - - [27/Aug/2023:13:09:54 -0500] "GET /sipsepre/faces/javax.faces.resource/images/ui-icons_898989_256x240.png?ln=primefaces-aristo HTTP/1.1" 304 -
201.245.192.253 - - [27/Aug/2023:13:09:58 -0500] "POST /sipsepre/faces/autenticacion.xhtml HTTP/1.1" 200 11266
201.245.192.253 - - [27/Aug/2023:13:09:58 -0500] "GET /sipsepre/css/custom_css_sg_prime.css HTTP/1.1" 200 5201
201.245.192.253 - - [27/Aug/2023:13:09:58 -0500] "GET /sipsepre/faces/javax.faces.resource/jquery/jquery.js?ln=primefaces&v=4.0 HTTP/1.1" 304 -
201.245.192.253 - - [27/Aug/2023:13:09:58 -0500] "GET /sipsepre/faces/javax.faces.resource/jquery/jquery-plugins.js?ln=primefaces&v=4.0 HTTP/1.1" 304 -
201.245.192.253 - - [27/Aug/2023:13:09:58 -0500] "GET /sipsepre/faces/javax.faces.resource/primefaces.js?ln=primefaces&v=4.0 HTTP/1.1" 304 -
201.245.192.253 - - [27/Aug/2023:13:09:58 -0500] "GET /sipsepre/faces/javax.faces.resource/layout/layout.js?ln=primefaces&v=4.0 HTTP/1.1" 304 -
201.245.192.253 - - [27/Aug/2023:13:09:59 -0500] "GET /sipsepre/faces/javax.faces.resource/messages/messages.png?ln=primefaces&v=4.0 HTTP/1.1" 200 27209
201.245.192.253 - - [27/Aug/2023:13:10:00 -0500] "POST /sipsepre/faces/presentacion/sistema/seguridad/seleccionRol.xhtml HTTP/1.1" 200 15331
201.245.192.253 - - [27/Aug/2023:13:10:00 -0500] "GET /sipsepre/faces/javax.faces.resource/jquery/jquery.js?ln=primefaces&v=4.0 HTTP/1.1" 304 -
201.245.192.253 - - [27/Aug/2023:13:10:00 -0500] "GET /sipsepre/faces/javax.faces.resource/jquery/jquery-plugins.js?ln=primefaces&v=4.0 HTTP/1.1" 304 -
201.245.192.253 - - [27/Aug/2023:13:10:00 -0500] "GET /sipsepre/faces/javax.faces.resource/primefaces.js?ln=primefaces&v=4.0 HTTP/1.1" 304 -
201.245.192.253 - - [27/Aug/2023:13:10:00 -0500] "GET /sipsepre/faces/javax.faces.resource/layout/layout.js?ln=primefaces&v=4.0 HTTP/1.1" 304 -
201.245.192.253 - - [27/Aug/2023:13:10:00 -0500] "GET /sipsepre/css/v_mergente.css HTTP/1.1" 200 1508
201.245.192.253 - - [27/Aug/2023:13:10:00 -0500] "GET /sipsepre/imagenes/cargando.gif HTTP/1.1" 200 36959
201.245.192.253 - - [27/Aug/2023:13:10:00 -0500] "GET /sipsepre/css/imagen/contrasena.png HTTP/1.1" 404 383
201.245.192.253 - - [27/Aug/2023:13:10:00 -0500] "GET /sipsepre/imagenes/logoAplicacion.jpg HTTP/1.1" 200 155084
201.245.192.253 - - [27/Aug/2023:13:10:02 -0500] "GET /sipsepre/faces/javax.faces.resource/images/ui-bg_flat_0_2d5972_40x100.png?ln=primefaces-aristo HTTP/1.1" 200 183
201.245.192.253 - - [27/Aug/2023:13:10:02 -0500] "POST /sipsepre/faces/bienvenido.xhtml HTTP/1.1" 200 3843
201.245.192.253 - - [27/Aug/2023:13:10:03 -0500] "POST /sipsepre/faces/bienvenido.xhtml HTTP/1.1" 200 187
201.245.192.253 - - [27/Aug/2023:13:10:03 -0500] "GET /sipsepre/faces/javax.faces.resource/theme.css?ln=primefaces-sipse HTTP/1.1" 304 -
201.245.192.253 - - [27/Aug/2023:13:10:03 -0500] "GET /sipsepre/faces/javax.faces.resource/layout/layout.css?ln=primefaces&v=4.0 HTTP/1.1" 304 -
201.245.192.253 - - [27/Aug/2023:13:10:03 -0500] "GET /sipsepre/faces/javax.faces.resource/primefaces.css?ln=primefaces&v=4.0 HTTP/1.1" 304 -
201.245.192.253 - - [27/Aug/2023:13:10:03 -0500] "GET /sipsepre/faces/javax.faces.resource/jquery/jquery.js?ln=primefaces&v=4.0 HTTP/1.1" 304 -
201.245.192.253 - - [27/Aug/2023:13:10:03 -0500] "GET /sipsepre/faces/javax.faces.resource/jquery/jquery-plugins.js?ln=primefaces&v=4.0 HTTP/1.1" 304 -
201.245.192.253 - - [27/Aug/2023:13:10:03 -0500] "GET /sipsepre/faces/javax.faces.resource/primefaces.js?ln=primefaces&v=4.0 HTTP/1.1" 304 -
201.245.192.253 - - [27/Aug/2023:13:10:03 -0500] "GET /sipsepre/faces/javax.faces.resource/layout/layout.js?ln=primefaces&v=4.0 HTTP/1.1" 304 -
201.245.192.253 - - [27/Aug/2023:13:10:03 -0500] "GET /sipsepre/faces/presentacion/financiero/solicitudAnulacion/solicitudAnulacion.xhtml HTTP/1.1" 200 48038
201.245.192.253 - - [27/Aug/2023:13:10:03 -0500] "GET /sipsepre/faces/javax.faces.resource/images/ui-icons_898989_256x240.png?ln=primefaces-aristo HTTP/1.1" 304 -
201.245.192.253 - - [27/Aug/2023:13:10:03 -0500] "GET /sipsepre/faces/javax.faces.resource/images/ui-bg_flat_0_2d5972_40x100.png?ln=primefaces-aristo HTTP/1.1" 304 -
201.245.192.253 - - [27/Aug/2023:13:10:03 -0500] "POST /sipsepre/faces/presentacion/financiero/solicitudAnulacion/solicitudAnulacion.xhtml HTTP/1.1" 200 26235
201.245.192.253 - - [27/Aug/2023:13:10:05 -0500] "POST /sipsepre/faces/presentacion/financiero/solicitudAnulacion/solicitudAnulacion.xhtml HTTP/1.1" 200 36394
201.245.192.253 - - [27/Aug/2023:13:10:06 -0500] "GET /sipsepre/faces/javax.faces.resource/fileupload/fileupload.css?ln=primefaces&v=4.0 HTTP/1.1" 200 1333
201.245.192.253 - - [27/Aug/2023:13:10:06 -0500] "GET /sipsepre/faces/javax.faces.resource/jquery/jquery.js?ln=primefaces&v=4.0 HTTP/1.1" 304 -
201.245.192.253 - - [27/Aug/2023:13:10:06 -0500] "GET /sipsepre/faces/javax.faces.resource/jquery/jquery-plugins.js?ln=primefaces&v=4.0 HTTP/1.1" 304 -
201.245.192.253 - - [27/Aug/2023:13:10:06 -0500] "GET /sipsepre/faces/javax.faces.resource/primefaces.js?ln=primefaces&v=4.0 HTTP/1.1" 304 -
201.245.192.253 - - [27/Aug/2023:13:10:06 -0500] "GET /sipsepre/faces/javax.faces.resource/layout/layout.js?ln=primefaces&v=4.0 HTTP/1.1" 304 -
201.245.192.253 - - [27/Aug/2023:13:10:06 -0500] "GET /sipsepre/faces/javax.faces.resource/fileupload/fileupload.js?ln=primefaces&v=4.0 HTTP/1.1" 200 28091
201.245.192.253 - - [27/Aug/2023:13:10:08 -0500] "POST /sipsepre/faces/presentacion/financiero/solicitudAnulacion/registrarSolicitudAnulacion.xhtml HTTP/1.1" 200 19630
201.245.192.253 - - [27/Aug/2023:13:10:10 -0500] "POST /sipsepre/faces/presentacion/financiero/solicitudAnulacion/registrarSolicitudAnulacion.xhtml HTTP/1.1" 200 19648
201.245.192.253 - - [27/Aug/2023:13:10:11 -0500] "POST /sipsepre/faces/presentacion/financiero/solicitudAnulacion/registrarSolicitudAnulacion.xhtml HTTP/1.1" 200 3814
201.245.192.253 - - [27/Aug/2023:13:10:13 -0500] "POST /sipsepre/faces/presentacion/financiero/solicitudAnulacion/registrarSolicitudAnulacion.xhtml HTTP/1.1" 200 40875
201.245.192.253 - - [27/Aug/2023:13:10:13 -0500] "GET /sipsepre/faces/javax.faces.resource/jquery/jquery.js?ln=primefaces&v=4.0 HTTP/1.1" 304 -
201.245.192.253 - - [27/Aug/2023:13:10:13 -0500] "GET /sipsepre/faces/javax.faces.resource/jquery/jquery-plugins.js?ln=primefaces&v=4.0 HTTP/1.1" 304 -
201.245.192.253 - - [27/Aug/2023:13:10:13 -0500] "GET /sipsepre/faces/javax.faces.resource/primefaces.js?ln=primefaces&v=4.0 HTTP/1.1" 304 -
201.245.192.253 - - [27/Aug/2023:13:10:13 -0500] "GET /sipsepre/faces/javax.faces.resource/layout/layout.js?ln=primefaces&v=4.0 HTTP/1.1" 304 -
172.22.2.4 - - [27/Aug/2023:13:08:48 -0500] "GET /BLA/boletinlegal/index.php HTTP/1.1" 200 62286
172.22.2.4 - - [27/Aug/2023:13:10:28 -0500] "GET /BLA/boletinlegal/styles2.css HTTP/1.1" 200 1838
201.245.192.253 - - [27/Aug/2023:13:10:15 -0500] "POST /sipsepre/faces/presentacion/financiero/solicitudProceso/consultar.xhtml HTTP/1.1" 200 43998
201.245.192.253 - - [27/Aug/2023:13:10:33 -0500] "POST /sipsepre/faces/presentacion/financiero/solicitudProceso/consultar.xhtml HTTP/1.1" 200 31007
201.245.192.253 - - [27/Aug/2023:13:10:35 -0500] "POST /sipsepre/faces/presentacion/financiero/solicitudProceso/consultar.xhtml HTTP/1.1" 200 49001
201.245.192.253 - - [27/Aug/2023:13:10:36 -0500] "GET /sipsepre/faces/javax.faces.resource/jquery/jquery.js?ln=primefaces&v=4.0 HTTP/1.1" 304 -
201.245.192.253 - - [27/Aug/2023:13:10:36 -0500] "GET /sipsepre/faces/javax.faces.resource/jquery/jquery-plugins.js?ln=primefaces&v=4.0 HTTP/1.1" 304 -
201.245.192.253 - - [27/Aug/2023:13:10:36 -0500] "GET /sipsepre/faces/javax.faces.resource/primefaces.js?ln=primefaces&v=4.0 HTTP/1.1" 304 -
201.245.192.253 - - [27/Aug/2023:13:10:36 -0500] "GET /sipsepre/faces/javax.faces.resource/layout/layout.js?ln=primefaces&v=4.0 HTTP/1.1" 304 -
201.245.192.253 - - [27/Aug/2023:13:10:36 -0500] "GET /sipsepre/faces/javax.faces.resource/fileupload/fileupload.js?ln=primefaces&v=4.0 HTTP/1.1" 200 28091
201.245.192.253 - - [27/Aug/2023:13:10:43 -0500] "POST /kwsrmcab/Wsrmcab  HTTP/1.1" 200 41818
201.245.192.253 - - [27/Aug/2023:13:10:47 -0500] "POST /sipsepre/faces/presentacion/financiero/solicitudAnulacion/registrarSolicitudAnulacion.xhtml HTTP/1.1" 200 40875
201.245.192.253 - - [27/Aug/2023:13:10:47 -0500] "GET /sipsepre/faces/javax.faces.resource/jquery/jquery.js?ln=primefaces&v=4.0 HTTP/1.1" 304 -
201.245.192.253 - - [27/Aug/2023:13:10:47 -0500] "GET /sipsepre/faces/javax.faces.resource/jquery/jquery-plugins.js?ln=primefaces&v=4.0 HTTP/1.1" 304 -
201.245.192.253 - - [27/Aug/2023:13:10:48 -0500] "GET /sipsepre/faces/javax.faces.resource/primefaces.js?ln=primefaces&v=4.0 HTTP/1.1" 304 -
201.245.192.253 - - [27/Aug/2023:13:10:48 -0500] "GET /sipsepre/faces/javax.faces.resource/layout/layout.js?ln=primefaces&v=4.0 HTTP/1.1" 304 -
201.245.192.253 - - [27/Aug/2023:13:10:49 -0500] "POST /sipsepre/faces/presentacion/financiero/solicitudProceso/consultar.xhtml HTTP/1.1" 200 43998
216.245.221.92 - - [27/Aug/2023:13:11:12 -0500] "HEAD / HTTP/1.1" 200 -
172.22.2.4 - - [27/Aug/2023:13:12:35 -0500] "GET /BLA/boletinlegal/ HTTP/1.1" 200 20427
172.22.2.4 - - [27/Aug/2023:13:12:18 -0500] "HEAD /BLA/boletinlegal/ HTTP/1.1" 200 -
201.245.192.253 - - [27/Aug/2023:13:14:13 -0500] "POST /sipsepre/faces/presentacion/financiero/solicitudProceso/consultar.xhtml HTTP/1.1" 200 30423
201.245.192.253 - - [27/Aug/2023:13:14:16 -0500] "POST /sipsepre/faces/presentacion/financiero/solicitudProceso/consultar.xhtml HTTP/1.1" 200 48742
201.245.192.253 - - [27/Aug/2023:13:14:17 -0500] "GET /sipsepre/faces/javax.faces.resource/jquery/jquery.js?ln=primefaces&v=4.0 HTTP/1.1" 304 -
201.245.192.253 - - [27/Aug/2023:13:14:17 -0500] "GET /sipsepre/faces/javax.faces.resource/jquery/jquery-plugins.js?ln=primefaces&v=4.0 HTTP/1.1" 304 -
201.245.192.253 - - [27/Aug/2023:13:14:17 -0500] "GET /sipsepre/faces/javax.faces.resource/primefaces.js?ln=primefaces&v=4.0 HTTP/1.1" 304 -
201.245.192.253 - - [27/Aug/2023:13:14:17 -0500] "GET /sipsepre/faces/javax.faces.resource/layout/layout.js?ln=primefaces&v=4.0 HTTP/1.1" 304 -
201.245.192.253 - - [27/Aug/2023:13:14:17 -0500] "GET /sipsepre/faces/javax.faces.resource/fileupload/fileupload.js?ln=primefaces&v=4.0 HTTP/1.1" 200 28091
201.245.192.253 - - [27/Aug/2023:13:14:22 -0500] "POST /sipsepre/faces/presentacion/financiero/solicitudAnulacion/registrarSolicitudAnulacion.xhtml HTTP/1.1" 200 911
172.22.2.4 - - [27/Aug/2023:13:13:08 -0500] "GET /BLA/boletinlegal/ HTTP/1.1" 200 52656
201.245.192.253 - - [27/Aug/2023:13:15:42 -0500] "POST /kwsrmcab/Wsrmcab  HTTP/1.1" 200 41818
216.245.221.92 - - [27/Aug/2023:13:16:12 -0500] "HEAD / HTTP/1.1" 200 -
172.22.2.4 - - [27/Aug/2023:13:16:16 -0500] "GET /BLA/boletinlegal/ HTTP/1.1" 200 20427
201.245.192.253 - - [27/Aug/2023:13:18:47 -0500] "POST /kwsrmcab/Wsrmcab HTTP/1.1" 200 42849
201.245.192.253 - - [27/Aug/2023:13:18:51 -0500] "POST /kwsrmcab/Wsrmcab HTTP/1.1" 200 43966
172.22.2.4 - - [27/Aug/2023:13:18:08 -0500] "HEAD /BLA/boletinlegal/ HTTP/1.1" 200 -
173.252.87.10 - - [27/Aug/2023:13:20:13 -0500] "GET /images/Sello%201%20JA-2.jpeg HTTP/1.1" 200 42236
172.22.2.4 - - [27/Aug/2023:13:18:58 -0500] "GET /BLA/boletinlegal/ HTTP/1.1" 200 58597
201.245.192.253 - - [27/Aug/2023:13:20:41 -0500] "POST /kwsrmcab/Wsrmcab  HTTP/1.1" 200 41818
216.245.221.92 - - [27/Aug/2023:13:21:12 -0500] "HEAD / HTTP/1.1" 200 -
173.252.95.5 - - [27/Aug/2023:13:21:44 -0500] "GET /secretaria-de-ambiente-rescata-perezoso-y-lo-traslada-al-departamento-de-antioquia-para-su-rehabilitacion.html HTTP/1.1" 200 1059
125.75.66.97 - - [27/Aug/2023:13:24:43 -0500] "GET / HTTP/1.1" 200 319
172.22.2.4 - - [27/Aug/2023:13:23:58 -0500] "HEAD /BLA/boletinlegal/ HTTP/1.1" 200 -
201.245.192.253 - - [27/Aug/2023:13:25:39 -0500] "POST /kwsrmcab/Wsrmcab  HTTP/1.1" 200 41818
216.245.221.92 - - [27/Aug/2023:13:26:12 -0500] "HEAD / HTTP/1.1" 200 -
179.51.124.68 - - [27/Aug/2023:13:26:22 -0500] "GET /inscribete-y-participa-en-la-convencion-internacional-de-emergencia-climatica-bogota-2023.html HTTP/1.1" 200 895
172.22.2.4 - - [27/Aug/2023:13:24:48 -0500] "GET /BLA/boletinlegal/ HTTP/1.1" 200 52656
201.245.192.253 - - [27/Aug/2023:13:28:48 -0500] "POST /kwsrmcab/Wsrmcab HTTP/1.1" 200 42849
201.245.192.253 - - [27/Aug/2023:13:28:51 -0500] "POST /kwsrmcab/Wsrmcab HTTP/1.1" 200 43966
201.245.192.253 - - [27/Aug/2023:13:30:38 -0500] "POST /kwsrmcab/Wsrmcab  HTTP/1.1" 200 41818
216.245.221.92 - - [27/Aug/2023:13:31:12 -0500] "HEAD / HTTP/1.1" 200 -
172.22.2.4 - - [27/Aug/2023:13:29:48 -0500] "HEAD /BLA/boletinlegal/ HTTP/1.1" 200 -
172.22.2.4 - - [27/Aug/2023:13:30:55 -0500] "GET /BLA/boletinlegal/ HTTP/1.1" 200 24523
172.22.2.4 - - [27/Aug/2023:13:30:38 -0500] "GET /BLA/boletinlegal/ HTTP/1.1" 200 54960
201.245.192.253 - - [27/Aug/2023:13:35:37 -0500] "POST /kwsrmcab/Wsrmcab  HTTP/1.1" 200 41818
216.245.221.92 - - [27/Aug/2023:13:36:12 -0500] "HEAD / HTTP/1.1" 200 -
172.22.2.4 - - [27/Aug/2023:13:35:38 -0500] "HEAD /BLA/boletinlegal/ HTTP/1.1" 200 -
172.22.2.4 - - [27/Aug/2023:13:36:28 -0500] "GET /BLA/boletinlegal/ HTTP/1.1" 200 49695
181.51.106.215 - - [27/Aug/2023:13:38:38 -0500] "GET /secretaria-de-ambiente-suspende-actividades-de-industria-que-operaba-en-usme-sin-permisos-ambientales.html?fbclid=IwAR27EbTr1-8tNG6aGezMrvRVM8Ik1cS_VuGR2XiDQqWseOeiibIkirFNzDk_aem_ARmry1f70MiMh7nXdUhiQFWv_HgkIDGZD8asXnGG22gNJpJ5zNZb-tNn0tCJvqQVa1Q HTTP/1.1" 200 864
201.245.192.253 - - [27/Aug/2023:13:38:47 -0500] "POST /kwsrmcab/Wsrmcab HTTP/1.1" 200 42849
201.245.192.253 - - [27/Aug/2023:13:38:51 -0500] "POST /kwsrmcab/Wsrmcab HTTP/1.1" 200 43966
172.22.2.4 - - [27/Aug/2023:13:37:37 -0500] "GET /BLA/boletinlegal/ HTTP/1.1" 200 45671
192.133.77.14 - - [27/Aug/2023:13:40:28 -0500] "GET /monica-fonnegra-una-disenadora-que-inspira-amor-por-la-naturaleza-a-traves-de-la-moda.html HTTP/1.1" 200 976
192.133.77.16 - - [27/Aug/2023:13:40:28 -0500] "GET /images/cr%C3%B3nica-29-nov-1_optimized.jpeg HTTP/1.1" 404 1034
201.245.192.253 - - [27/Aug/2023:13:40:36 -0500] "POST /kwsrmcab/Wsrmcab  HTTP/1.1" 200 41818
216.245.221.92 - - [27/Aug/2023:13:41:12 -0500] "HEAD / HTTP/1.1" 200 -
173.252.107.8 - - [27/Aug/2023:13:41:31 -0500] "GET /secretaria-de-ambiente-abre-convocatoria-para-el-proceso-de-formacion-mujeres-cuidadoras-de-humedales.html HTTP/1.1" 206 943
181.55.161.249 - - [27/Aug/2023:13:41:31 -0500] "GET /secretaria-de-ambiente-abre-convocatoria-para-el-proceso-de-formacion-mujeres-cuidadoras-de-humedales.html?fbclid=IwAR14NIOfNNcxelZNKtx-r0MKtLqJnWXuN7Tkz_tH7rrcNQ89pysg2KcSIj4 HTTP/1.1" 200 943
173.252.107.116 - - [27/Aug/2023:13:41:31 -0500] "GET /secretaria-de-ambiente-abre-convocatoria-para-el-proceso-de-formacion-mujeres-cuidadoras-de-humedales.html HTTP/1.1" 200 943
173.252.107.10 - - [27/Aug/2023:13:41:31 -0500] "GET /secretaria-de-ambiente-abre-convocatoria-para-el-proceso-de-formacion-mujeres-cuidadoras-de-humedales.html HTTP/1.1" 200 943
172.22.2.4 - - [27/Aug/2023:13:41:28 -0500] "HEAD /BLA/boletinlegal/ HTTP/1.1" 200 -
172.22.2.4 - - [27/Aug/2023:13:42:18 -0500] "GET /BLA/boletinlegal/ HTTP/1.1" 200 56970
52.167.144.225 - - [27/Aug/2023:13:44:45 -0500] "GET /catalogoisis/ HTTP/1.1" 200 8575
52.167.144.225 - - [27/Aug/2023:13:45:05 -0500] "GET /catalogoisis/Css/Busqueda.css HTTP/1.1" 200 1995
52.167.144.225 - - [27/Aug/2023:13:45:05 -0500] "GET /catalogoisis/Js/AceptarLimpiar.js HTTP/1.1" 200 331
52.167.144.225 - - [27/Aug/2023:13:45:06 -0500] "GET /catalogoisis/Js/Cookies.js HTTP/1.1" 200 1369
52.167.144.225 - - [27/Aug/2023:13:45:06 -0500] "GET /catalogoisis/Js/CriterioCombinada.js HTTP/1.1" 200 1843
52.167.144.225 - - [27/Aug/2023:13:45:06 -0500] "GET /catalogoisis/Js/Enter.js HTTP/1.1" 200 1208
52.167.144.225 - - [27/Aug/2023:13:45:06 -0500] "GET /catalogoisis/Js/LimpiarCombinada.js HTTP/1.1" 200 207
52.167.144.225 - - [27/Aug/2023:13:45:06 -0500] "GET /catalogoisis/Js/Go.js HTTP/1.1" 200 364
52.167.144.225 - - [27/Aug/2023:13:45:07 -0500] "GET /catalogoisis/Js/Numero.js HTTP/1.1" 200 398
52.167.144.225 - - [27/Aug/2023:13:45:07 -0500] "GET /catalogoisis/Js/Remote.js HTTP/1.1" 200 436
52.167.144.172 - - [27/Aug/2023:13:45:24 -0500] "GET /secretaria-de-ambiente-suspende-actividades-de-industria-que-operaba-en-usme-sin-permisos-ambientales.html HTTP/1.1" 200 864
201.245.192.253 - - [27/Aug/2023:13:45:34 -0500] "POST /kwsrmcab/Wsrmcab  HTTP/1.1" 200 41818
186.154.185.9 - - [27/Aug/2023:13:45:46 -0500] "GET /kwssiamovil/sm/ldap/au?x=U2FsdGVkX1+RwrTAcFGYN1v+EFXd+wZNPvlZ3aMZ1BjUGOdn5VaVKGDXJ1VJ065M&y=U2FsdGVkX1+oIgNlPAuZQTZR56pVHZHu7IWtFZbUlzhMae2B7CavSxVFVF7OdE0n HTTP/1.1" 200 31
216.245.221.92 - - [27/Aug/2023:13:46:12 -0500] "HEAD / HTTP/1.1" 200 -
186.154.185.9 - - [27/Aug/2023:13:46:17 -0500] "GET /kwssiamovil/sm/ldap/au?x=U2FsdGVkX19pbeTZ63Egtl1PgtW1TGQO2MYa84sX7b3yt0RuUIgEJDv9kMdcUMR5&y=U2FsdGVkX18QfHnRyFYVBS2lFZPgAS9gAq3bF5ZYOdFo26YJCYBo5wg/qBVduiOC HTTP/1.1" 200 31
172.22.2.4 - - [27/Aug/2023:13:47:18 -0500] "HEAD /BLA/boletinlegal/ HTTP/1.1" 200 -
186.154.185.9 - - [27/Aug/2023:13:49:25 -0500] "GET /kwssiamovil/sm/ldap/au?x=U2FsdGVkX1+fPUH1602OSoEAOV1a+vwYojH7hRjj8/z8g4ucRGB9HolJnhmbeWWGu4/CdgLZAydoTGNgJN1Ttg==&y=U2FsdGVkX19ovWAL8W5ufHkxPWiBa9v3qPfQN5zQD31V7Hb+J4X0RaBo6uQNpsRp HTTP/1.1" 200 30
186.154.185.9 - - [27/Aug/2023:13:49:26 -0500] "GET /kwssiamovil/sm/acme/s?s=U2FsdGVkX189QmAAGakFFvlwqAKueWDK/6UxTJWkbJCtVFMtFMV5fbDBHB7i/QsGfZ+GqGSMLD8iDrmXI6GCkwJgNfLUJcv/T2ZOWkfTizs=&u=U2FsdGVkX1//ACrkeODTr5FP5Nw1n0wlsDaGwofU6kZAWrfdTrS4OvPnA6np+9as&y=U2FsdGVkX19ovWAL8W5ufHkxPWiBa9v3qPfQN5zQD31V7Hb+J4X0RaBo6uQNpsRp HTTP/1.1" 200 97
186.154.185.9 - - [27/Aug/2023:13:49:26 -0500] "GET /kwssiamovil/sm/acme/s?s=U2FsdGVkX19ztJbad1ACCYeQD0Hm1iab9UdRylugPAqYED56ouD3b9ByqampT/4/x5D5CWGhigvd+guemqozAh21v5Ug0Wv/fcKSLwfc0IzoLaEgWwHy4oEdh/ZoXJ3Oo6b9wVJ8wJhZhAeBxMT+shtLlO2t5MpHO7WlrAj4O96l4nun4Ofuz1QjIED+tJPVFzjKo5n+QGDAcxfP462ySxL6tvMcTDt6t1d9Gq4b0ikBL5eS/gHsIPnn3D1XztjOWHCUHMap6GN20q9DZIhEPmQ36zu1c0yRBZwQed6yMLJJUTW6cFpqMM2bMt6w+l3YEZU3AgRsZq7RKbq7jlZRXPy4Q3UC7WAmnq8Q0nhIxypolgoAVvDjprdnZfA9xGmYTSqvsGXDgbh7eQaGlKS6g1N3JQ5x7+UUZYcEy3jLoVIWw8I3QYgD1e/xH+p6nYxP+3eqf9WZEncNnf8eCCnNYmJksfTPclAB92N+CcWt7hbdK9LNh++1FwD6w2NakiraGjk7PgW8TEqt3J7t6RkeKG4THjwptgGvyvPpPW704ZVwukZZSOUIos8WG4cye1kQLQ4ujp3Eo2pHygxZJ9WvzYXWXzbfkztn0T6Fvb6d0DHgQ/YwplRXCR0m1n0AT59af15aFso/ziGR3AlmCeK8HxreBK95JuB90eiejdbymqaEFr7QKkmvqHR7OpL9YwjVrlMD2OrmJ2mxgzXoagW42aw2Xqr6YqyUxKCkvrFbVgHx3XtvEbr2pH0vUbVw632feVXT87jAuWg3vEm9tMeaidkDhFBzM4zZjw7uFDjiGwsA1Pkem7QanGIDUpIAkkPsUjpIHTnwx4Oh1qBGZ2tVghlvGu8pqFQyuT6faTV65XlgbFsA+mtdkGgYEV2S/1xxueuTGWwBKZhQE6jJN9Dyny6Jv0x1I4/32TxJwQ74REHhegrhw0mhke4I2GdSWXJa/7cXY3HOsjgPySlNcRnCITEVSRJoUyLvARyVdH6GyTynqJqrmG0wn0HKe1E9sFoKPkQSgGPoepoaHMC7/6p0Dtnqrek+ZZH3YdMS1kpnPQO0JUeX7ynW44bKZSR4BAVh5gHKOLGgCJbox7yvlh4/NnnhTPjo88jUk0QfCxyQXvZKrsJC42fVe/9ycSsDpJ+iL05UJyl5lUqwzbo7KaaxAAA3MoezwFIO3w+heemZEPxAEMeH/KGgWTlTJl2h2zeg340ytIrQYnwkY24LwNK7DRzGDef6Qf8CKR6MSuvJzmN5GcYcnNxa/YmhyFfasDAmDd8KD6mqVbeKP4SJCb7KZnTsK28DmNSztIPcprZIH0za0orn3apyuVOL0FjXYeGPftvRO0h7yX5poOaZaPHbKjDQgh41Nv9MmVZRMdEKFodeOJjfaV5/T32sgl7VdOVQGpzIBRLZzlwTJ+MrDsnVApT1WZZBy38juDoRCWRcRe4aTURPyRh1x8d6as98Ns6/HAXftDt4PHlnFfSIpkIXHrXPaKrNvdIY2MXcW5W74y9dWJKkxiWPAI/rMdtDKdxphrT3PLfsZdIiUUCtfRb1Nlu/hop9I5RorMuljbXKXejS9yrd1Q6519c+aVjegeUSF1NTHCBw9wyon8eiiv36C6j7lXmO3E/p5vC2PPDgG68HSXtmZ9c4+qsRtF3mcara9zCdCVTKUGo3/6Nl4CVCKmsw6taWNoJtXZyVn0gcF1R9pocFTdma/EynDPkJUCIvYq23sIQxclY2klrR9LzdrELY4NB7jixQDOXOVb8RMVcZ+8rG6IlU1IxyuehVRCsS&u=U2FsdGVkX1//ACrkeODTr5FP5Nw1n0wlsDaGwofU6kZAWrfdTrS4OvPnA6np+9as&y=U2FsdGVkX19ovWAL8W5ufHkxPWiBa9v3qPfQN5zQD31V7Hb+J4X0RaBo6uQNpsRp HTTP/1.1" 200 2279
186.154.185.9 - - [27/Aug/2023:13:49:26 -0500] "GET /kwssiamovil/sm/acme/s?s=U2FsdGVkX1+KYSbh3bBwhTeSMP1EUCxxoFsSxTH5ku1TWRSj+OMa+nh7+90iNnHgeegk+wdneFh7LbjP/76yWcHnaG3DTs+5emXJ9q0SxynNMzspzeo1RtB07ihJIx613kXZWrn8QCeC6YHMkeHH/oqI6PUHROhdKDr0Sje7gRx+tgoi1QUhjo2GyZ55i2v/O2Eei4ONzP2yllSnmqMHbKTwE3Cr2wQ9RXDOlwkTUlczZswYrgsQsAjwl3+YbYHiXsQH3wzCdHJ0wmfaNFfY8hMzU536MNyjj79nAGkLtVUH4/DrQoga+P3CMZ86lQUxZTxn7wL43seeRYoYM0D0RAQqbFGJffknHRkVwYJqZVnF6YBUnY52hU7e3+hE7SH9Q4yDUj1FyqBXJzA48H8fkzthevZmFDdhOX5ScbczrmdwHwiTf3Ld+ePGvaNijLWkBA1W1kzgXhjUinQlkUev6PEZJqM46UfeXpRueI1Ozg8yueZBuuZkOpI7rXwjQsWZHTZdNS3h/TmnCVxSnUMjUkeL3gPs4wc3FTZxr9sgp7mU0t7Kc6oTz9Y8RNYqBXleEqFQQG1RqmE9Aakf0XFyyt7LnYOjGv8bDo1J62S5XH2Q2jH3WPZ2no1R415OVhHPfGTtyS5PJs+rwqMT28iY6nZ5qMYG2tm6S8x34gr9X5/RSnuHiG9YaYqXk/4cWvRV22er/Z7+1miG5euGsDNHOvZC2CK+KCe3bjf+VOufm+H/ciPQahNtK4EoQz7zIfmLURpcf5bw0RiIKRIuwRCFGw==&u=U2FsdGVkX1//ACrkeODTr5FP5Nw1n0wlsDaGwofU6kZAWrfdTrS4OvPnA6np+9as&y=U2FsdGVkX19ovWAL8W5ufHkxPWiBa9v3qPfQN5zQD31V7Hb+J4X0RaBo6uQNpsRp HTTP/1.1" 200 354
186.154.185.9 - - [27/Aug/2023:13:49:26 -0500] "GET /kwssiamovil/sm/cjson/pre?f=1&x=U2FsdGVkX1+fPUH1602OSoEAOV1a+vwYojH7hRjj8/z8g4ucRGB9HolJnhmbeWWGu4/CdgLZAydoTGNgJN1Ttg== HTTP/1.1" 200 31032
186.154.185.9 - - [27/Aug/2023:13:49:26 -0500] "GET /kwssiamovil/sm/cjson/pre?f=18&x=U2FsdGVkX1+fPUH1602OSoEAOV1a+vwYojH7hRjj8/z8g4ucRGB9HolJnhmbeWWGu4/CdgLZAydoTGNgJN1Ttg== HTTP/1.1" 200 32849
172.22.2.4 - - [27/Aug/2023:13:48:08 -0500] "GET /BLA/boletinlegal/ HTTP/1.1" 200 57790
186.154.185.9 - - [27/Aug/2023:13:50:20 -0500] "GET /kwssiamovil/sm/ldap/au?x=U2FsdGVkX197hXAN8RamRLEsfxq2C2t28JWM3Df2N/eesXG0beTBwxOZmBp4q4reWtkhRM2+harVPf4OerOaHA==&y=U2FsdGVkX1+AGEJpIGt9ccdSJr19W5P13NqApNEyJaHkHiXO1CbPeUvxUsohgSLg HTTP/1.1" 200 30
186.154.185.9 - - [27/Aug/2023:13:50:20 -0500] "GET /kwssiamovil/sm/acme/s?s=U2FsdGVkX1/QZ7YnawhfhoVV2+vYQEtucSUIyZHMhgc31TFJ1FL8QNl4oxIYAZ2IvUHdcukNZ1nY36aiqfjq0Grk4r56qUPjotx80ECI0NA=&u=U2FsdGVkX1/d4PXqXA4v2qL3+blh4u6ZxPsaG6pbUCy0FUN5gxxfELPTDi8mU7v4&y=U2FsdGVkX1+AGEJpIGt9ccdSJr19W5P13NqApNEyJaHkHiXO1CbPeUvxUsohgSLg HTTP/1.1" 200 97
186.154.185.9 - - [27/Aug/2023:13:50:21 -0500] "GET /kwssiamovil/sm/acme/s?s=U2FsdGVkX1/ObiV+iRKDkIidrknqJGYY2TyZ3LuZFcnBkg7vdLP2ws3M2QNeiAyi7Rc6sx3diuOwV6FAQ1DWvyqHrakAgUNEbSd0nXGXRMeqX8Y8hAzH+NKoRD0U8/p9GlJhvCqJ4pqsH+ains2sm2WXGGlp1DDdnx0kIWlLUHva7up/QWmdFid88hOCMReR+sybW6L6SkneSIKEPxU7ougt52ZbuBPiQ4rbIJgWeJUFMRHASQ13mp/6Owa80qOt66isvS1M64/h/hy5CY6hOLRmNH70vQh/VzAfRLbDiv3h3s0/DzhPkrss77GpBeXHJyyTaZ/z3ODXwRtRgUl1kB5wbrczgh3pl/otMSfbzL1z2kkJEvJV0fQhP/V82WcNjm37n5ZOkZbTEb0wahOROFE//TWaV8FoLiERTM5qSmTlvzonk8EZCp1ckOtsWGnxjKd/TyCZRC4XnRygkhGa+sj5rT2g4TNfI+FJTavshJq2DOkN2+VaH0RV2MJe5fpC7InqznAu25F1cohraJqhy1bUK3WxXozuT56YYIexCTPFEw3bLXEWwOg537IblJAtm42fVSYljvkXS35w6LWo5+3g9a+lJYr9ZYT/7JTKgqvEcfCk2/PKKQRepXkxWMWG2E3sblEhtEyOG0SPKhXfKv7xDiVs5a1kZ9CcQbHdYQI5owP9Yb0piYoHiH2CRZ4N8BLd00jlPv55vazM5eCOY4q28F4Mb1RqErC4UtnO+G9UamEh6siWXw4DGO18Pec+kGevWJaozC3enu81K74pTzEfxyaIQrfRNkzdy/MkC5oXZwCK2x/AOzenREtGwGoIgViXgbZrg3z7AdF2KenHHZbCmUwyv8+NLzhTd9gOTYq/GD75iy9Z9mY78S3IYPNmFKmd5Iz+ftN9JG/k/XliDtfaCXEOL/5yNNCNFAwjx1S6kCvTvi7HXko4oQJKKnO9tJ7vXPKJBawQVzND9WHLDVYN6GyhJnZZnpRh85uRvsi/WdzrbouWIdONCBV1RgF8xW32ELKHA38gXEByZ69UF1jHuYigsHBK5wzxo8pUWAVYXplNEdrWqhbm8n8ulXgXP11qGQ29MuvbKrB1tODAiS98XkBFSIbMikJ+hKaTJ2JJvKi/Pfu8nVBFpKvfqzQ3RtaO6d5yWKP67DYyyC7pGxIhtt0tLtPRXdWpLa+A89V51ysITl7pzn07XoTu2Ama4kjSvHjy99t3vZUHIHcPrQ2DSgGmXyp9bJS4oakrif6qy0y9Xr6IeqVV1efu5mzbbYDujuG1NBqNtJJGbTI2XLL8jaw/3fIynHeOBQxeOzRO00xufxUfkc6AHPNeQhtCC5ghQ6CQA/5XmNL5ImlHg6EjP6LuRLgxj1X+rWGMU4jTlLN+P8o1EIyDN/qY+hYPAfMFZSqm3xxPUfh2VWL9WcW2rKmigv7Ne63m9p8oDWFon5pyz3cj8atjEykv+/iNcm/2o8RIsgMBGpPHfF5nr9TiHJyYQYVo7MwORhxBipsGQH9HqCQlqN91m9rAWQyxHsPpXsX5P+Su7etWeLVNT+TVKkIINrIBMLi+4BsiodKWmkJSBILY8cR0iGb/18PHTgeqsrNYnuFQj3wbCn1yKKy1q/gq116UlLsfVAK59lJtWgnTpES5T6ThaL2VmRLeF0bdc8LZnrgaIc0239Qgr94jPabr+9eugpqB/cJI1hOk5Cn+Meexxkb3GxS/ZSU+7gelHhUu4FwdYEo7uIA8XuAbAmki2T31i5hiuj6tZT/Qq6aLv01lyWsYqSkCApCt&u=U2FsdGVkX1/d4PXqXA4v2qL3+blh4u6ZxPsaG6pbUCy0FUN5gxxfELPTDi8mU7v4&y=U2FsdGVkX1+AGEJpIGt9ccdSJr19W5P13NqApNEyJaHkHiXO1CbPeUvxUsohgSLg HTTP/1.1" 200 2279
186.154.185.9 - - [27/Aug/2023:13:50:21 -0500] "GET /kwssiamovil/sm/acme/s?s=U2FsdGVkX18Lv+DjbufCdc72NGbGfRsRR65FF1qHU8+cFNL0lmVmt8gNhQcJb+0/4rPR8v06pESa7E7gLMxP3fwFk6P189o/Duy2Kq8d7m/ibkP7SEAdPe7vg5jy8G5S9hsmjLXdswMeQdVjNGZ8t78y4PV6RSSe2e8XzhhSo/7Udzfy4OV6BpncYJKxfJvdqopASNSH1zq9Pp8sVg2F9Y0MJWqEoGEfx0XdsOoDtoYRbslbI1xZvOMC/z+7AmwTz6ZMpzf4NeD3Qm7UlmOWMdsuMLONwMuuYhc2wAVUzzkRduSls0UMa3iJpBNQARE8a03qgEUwmmuv+Wn8cdSmfIqx0g2AMdCzl1coS7HLlrRRP/nj8uQ/3FXY25aJYqxMEBVu9R53sCnHKbBdhqKFTQkJ/gcJUrDDpcm36xN1RMavB1Qk5LWDMSzQLNzC8lkX9oaBYlo2LRYuDr7CubjrVACHDQEaSVKNjLMj1hb2UQ+bOZ2RXd6ge1t5SNMknk4kQmuxXPZQohVHBdrjV6aPUbRP4kx8BO6xC2f1K/ov3PI3u0SkZFWgrtOVQxQzG4vyYC86CcpjSA5fvwgmHPOe0u5Uu5fPyibmcTr4JuWWq8aMD4G6OwvqNUpWPqwke9VD4IURupHr24x4lw8hKIir7I+gccydcsSu2dYRwnjkYXyxJJfuC5VWp9IPBBZLVrcLlOwnf83tgaNoBO8JDkcBuWZL1SK8opR9hKgmOcrOHAgOzcM24OceY4DXGoNxy6+/LQJ18l9luWzjMgXHGSIFxw==&u=U2FsdGVkX1/d4PXqXA4v2qL3+blh4u6ZxPsaG6pbUCy0FUN5gxxfELPTDi8mU7v4&y=U2FsdGVkX1+AGEJpIGt9ccdSJr19W5P13NqApNEyJaHkHiXO1CbPeUvxUsohgSLg HTTP/1.1" 200 354
186.154.185.9 - - [27/Aug/2023:13:50:21 -0500] "GET /kwssiamovil/sm/cjson/pre?f=18&x=U2FsdGVkX197hXAN8RamRLEsfxq2C2t28JWM3Df2N/eesXG0beTBwxOZmBp4q4reWtkhRM2+harVPf4OerOaHA== HTTP/1.1" 200 32849
