172.22.2.4 - - [27/Aug/2023:07:19:05 -0500] "GET /BLA/boletinlegal/ HTTP/1.1" 200 53013
201.245.192.253 - - [27/Aug/2023:07:21:54 -0500] "POST /kwsrmcab/Wsrmcab  HTTP/1.1" 200 41818
190.27.59.207 - - [27/Aug/2023:07:22:08 -0500] "GET /alianza-entre-secretaria-de-ambiente-y-universidad-piloto-para-capacitar-y-fortalecer-a-las-mujeres-que-reverdecen.html?fbclid=IwAR37t6ofha_EE_vISFzsmBJWhVHaUTJTO3_XZgiqqNqvvv-p7dd_pgdir10 HTTP/1.1" 200 950
216.245.221.92 - - [27/Aug/2023:07:22:14 -0500] "HEAD / HTTP/1.1" 200 -
186.28.79.94 - - [27/Aug/2023:07:23:00 -0500] "GET /secretaria-de-ambiente-abre-convocatoria-para-el-proceso-de-formacion-mujeres-cuidadoras-de-humedales.html HTTP/1.1" 200 943
172.22.2.4 - - [27/Aug/2023:07:24:05 -0500] "HEAD /BLA/boletinlegal/ HTTP/1.1" 200 -
172.22.2.4 - - [27/Aug/2023:07:26:05 -0500] "GET /BLA/boletinlegal/actos.php HTTP/1.1" 200 9682
172.22.2.4 - - [27/Aug/2023:07:26:21 -0500] "GET /BLA/boletinlegal/consulta_actos.php?tipo=autos&no=3665&usuario=&sector=&fecha=2020&resuelve= HTTP/1.1" 200 1071
172.22.2.4 - - [27/Aug/2023:07:26:22 -0500] "GET /BLA/boletinlegal/images/pdf.gif HTTP/1.1" 200 567
172.22.2.4 - - [27/Aug/2023:07:24:55 -0500] "GET /BLA/boletinlegal/ HTTP/1.1" 200 51319
172.22.2.4 - - [27/Aug/2023:07:26:04 -0500] "GET /BLA/boletinlegal/ HTTP/1.1" 200 24523
201.245.192.253 - - [27/Aug/2023:07:26:53 -0500] "POST /kwsrmcab/Wsrmcab  HTTP/1.1" 200 41818
216.245.221.92 - - [27/Aug/2023:07:27:13 -0500] "HEAD / HTTP/1.1" 200 -
190.27.15.210 - - [27/Aug/2023:07:28:20 -0500] "GET /alianza-entre-secretaria-de-ambiente-y-universidad-piloto-para-capacitar-y-fortalecer-a-las-mujeres-que-reverdecen.html?fbclid=IwAR0yAta8Oe_vVSFjJgfMRYEbNJl4sQxXDP87FC0uNS_nrfA3HRvjJh-5c-c HTTP/1.1" 200 950
201.245.192.253 - - [27/Aug/2023:07:28:48 -0500] "POST /kwsrmcab/Wsrmcab HTTP/1.1" 200 43230
201.245.192.253 - - [27/Aug/2023:07:28:52 -0500] "POST /kwsrmcab/Wsrmcab HTTP/1.1" 200 43693
40.77.189.107 - - [27/Aug/2023:07:29:00 -0500] "GET /sipse/faces/javax.faces.resource/layout/layout.css;jsessionid=Kd-Di9ajpeJgMCvGIqOgvOYA.undefined?ln=primefaces&v=4.0 HTTP/1.1" 200 542
40.77.188.26 - - [27/Aug/2023:07:29:00 -0500] "GET /sipse/faces/javax.faces.resource/primefaces.css;jsessionid=Kd-Di9ajpeJgMCvGIqOgvOYA.undefined?ln=primefaces&v=4.0 HTTP/1.1" 200 53295
40.77.190.109 - - [27/Aug/2023:07:29:00 -0500] "GET /sipse/faces/javax.faces.resource/layout/layout.js;jsessionid=Kd-Di9ajpeJgMCvGIqOgvOYA.undefined?ln=primefaces&v=4.0 HTTP/1.1" 200 87560
40.77.188.102 - - [27/Aug/2023:07:29:00 -0500] "GET /sipse/faces/javax.faces.resource/primefaces.js;jsessionid=Kd-Di9ajpeJgMCvGIqOgvOYA.undefined?ln=primefaces&v=4.0 HTTP/1.1" 200 276924
40.77.190.31 - - [27/Aug/2023:07:29:01 -0500] "GET /sipse/faces/faces/index.xhtml HTTP/1.1" 200 677
172.22.2.4 - - [27/Aug/2023:07:29:55 -0500] "HEAD /BLA/boletinlegal/ HTTP/1.1" 200 -
201.245.192.253 - - [27/Aug/2023:07:31:52 -0500] "POST /kwsrmcab/Wsrmcab  HTTP/1.1" 200 41818
216.245.221.92 - - [27/Aug/2023:07:32:14 -0500] "HEAD / HTTP/1.1" 200 -
172.22.2.4 - - [27/Aug/2023:07:30:45 -0500] "GET /BLA/boletinlegal/ HTTP/1.1" 200 60692
52.167.144.238 - - [27/Aug/2023:07:33:31 -0500] "GET / HTTP/1.1" 200 319
40.77.190.124 - - [27/Aug/2023:07:35:51 -0500] "GET /dlf/styles.css HTTP/1.1" 404 1188
172.22.2.4 - - [27/Aug/2023:07:36:39 -0500] "GET /BLA/boletinlegal/images/screen_2.png HTTP/1.1" 304 -
201.245.192.253 - - [27/Aug/2023:07:36:51 -0500] "POST /kwsrmcab/Wsrmcab  HTTP/1.1" 200 41818
167.94.138.36 - - [27/Aug/2023:07:37:12 -0500] "GET / HTTP/1.1" 200 319
167.94.138.36 - - [27/Aug/2023:07:37:13 -0500] "GET / HTTP/1.1" 200 319
167.94.138.36 - - [27/Aug/2023:07:37:13 -0500] "PRI * HTTP/2.0" 400 946
167.94.138.36 - - [27/Aug/2023:07:37:13 -0500] "GET /favicon.ico HTTP/1.1" 200 7782
216.245.221.92 - - [27/Aug/2023:07:37:14 -0500] "HEAD / HTTP/1.1" 200 -
172.22.2.4 - - [27/Aug/2023:07:35:45 -0500] "HEAD /BLA/boletinlegal/ HTTP/1.1" 200 -
172.22.2.4 - - [27/Aug/2023:07:36:35 -0500] "GET /BLA/boletinlegal/ HTTP/1.1" 200 52656
201.245.192.253 - - [27/Aug/2023:07:38:48 -0500] "POST /kwsrmcab/Wsrmcab HTTP/1.1" 200 43230
201.245.192.253 - - [27/Aug/2023:07:38:52 -0500] "POST /kwsrmcab/Wsrmcab HTTP/1.1" 200 43693
52.167.144.206 - - [27/Aug/2023:07:41:51 -0500] "GET /bla/resoluciones/resoluciones%202021/2890.pdf HTTP/1.1" 200 360396
201.245.192.253 - - [27/Aug/2023:07:41:52 -0500] "POST /kwsrmcab/Wsrmcab  HTTP/1.1" 200 41818
216.245.221.92 - - [27/Aug/2023:07:42:14 -0500] "HEAD / HTTP/1.1" 200 -
172.22.2.4 - - [27/Aug/2023:07:41:35 -0500] "HEAD /BLA/boletinlegal/ HTTP/1.1" 200 -
190.25.171.33 - - [27/Aug/2023:07:43:23 -0500] "GET /secretaria-de-ambiente-abre-convocatoria-para-el-proceso-de-formacion-mujeres-cuidadoras-de-humedales.html?fbclid=IwAR3qnjgQLS7OZeQCbdboFuZOmWafIyY25rykx0TUFPzxCQhty3iI4Bno9Bc HTTP/1.1" 200 943
172.22.2.4 - - [27/Aug/2023:07:42:25 -0500] "GET /BLA/boletinlegal/ HTTP/1.1" 200 53013
61.135.159.143 - - [27/Aug/2023:07:44:27 -0500] "GET / HTTP/1.1" 200 319
201.245.192.253 - - [27/Aug/2023:07:46:51 -0500] "POST /kwsrmcab/Wsrmcab  HTTP/1.1" 200 41818
216.245.221.92 - - [27/Aug/2023:07:47:13 -0500] "HEAD / HTTP/1.1" 200 -
172.22.2.4 - - [27/Aug/2023:07:47:25 -0500] "HEAD /BLA/boletinlegal/ HTTP/1.1" 200 -
172.22.2.4 - - [27/Aug/2023:07:48:15 -0500] "GET /BLA/boletinlegal/ HTTP/1.1" 200 58597
201.245.192.253 - - [27/Aug/2023:07:51:49 -0500] "POST /kwsrmcab/Wsrmcab  HTTP/1.1" 200 41818
216.245.221.92 - - [27/Aug/2023:07:52:13 -0500] "HEAD / HTTP/1.1" 200 -
40.77.167.29 - - [27/Aug/2023:07:54:14 -0500] "GET /Publicaciones/2023EE192516.pdf HTTP/1.1" 200 2306781
172.22.2.4 - - [27/Aug/2023:07:53:15 -0500] "HEAD /BLA/boletinlegal/ HTTP/1.1" 200 -
172.22.2.4 - - [27/Aug/2023:07:54:05 -0500] "GET /BLA/boletinlegal/ HTTP/1.1" 200 58187
201.245.192.253 - - [27/Aug/2023:07:56:49 -0500] "POST /kwsrmcab/Wsrmcab  HTTP/1.1" 200 41818
216.245.221.92 - - [27/Aug/2023:07:57:13 -0500] "HEAD / HTTP/1.1" 200 -
54.36.148.77 - - [27/Aug/2023:07:57:49 -0500] "GET /robots.txt HTTP/1.1" 404 1034
40.77.167.73 - - [27/Aug/2023:07:58:17 -0500] "GET /derechos-humanos-eje-fundamental-en-la-toma-de-decisiones-en-la-emergencia-climatica.html HTTP/1.1" 200 948
40.77.167.73 - - [27/Aug/2023:07:58:17 -0500] "GET /alianza-entre-secretaria-de-ambiente-y-universidad-piloto-para-capacitar-y-fortalecer-a-las-mujeres-que-reverdecen.html HTTP/1.1" 200 950
172.22.2.4 - - [27/Aug/2023:07:59:04 -0500] "HEAD /BLA/boletinlegal/ HTTP/1.1" 200 -
172.22.2.4 - - [27/Aug/2023:07:59:55 -0500] "GET /BLA/boletinlegal/ HTTP/1.1" 200 53013
201.245.192.253 - - [27/Aug/2023:08:01:48 -0500] "POST /kwsrmcab/Wsrmcab  HTTP/1.1" 200 41818
216.245.221.92 - - [27/Aug/2023:08:02:13 -0500] "HEAD / HTTP/1.1" 200 -
172.22.2.4 - - [27/Aug/2023:08:05:44 -0500] "GET /BLA/boletinlegal/style.css HTTP/1.1" 200 9406
172.22.2.4 - - [27/Aug/2023:08:05:44 -0500] "GET /BLA/boletinlegal/styles2.css HTTP/1.1" 200 1838
172.22.2.4 - - [27/Aug/2023:08:05:44 -0500] "GET /BLA/boletinlegal/js/jquery.js HTTP/1.1" 200 57254
172.22.2.4 - - [27/Aug/2023:08:05:44 -0500] "GET /BLA/boletinlegal/js/jquery.scrollTo-min.js HTTP/1.1" 200 1150
172.22.2.4 - - [27/Aug/2023:08:05:44 -0500] "GET /BLA/boletinlegal/js/jquery.scrollShow.js HTTP/1.1" 200 4586
172.22.2.4 - - [27/Aug/2023:08:05:44 -0500] "GET /BLA/boletinlegal/images/cabezote%20BLEGAL.jpg HTTP/1.1" 200 118164
172.22.2.4 - - [27/Aug/2023:08:05:44 -0500] "GET /BLA/boletinlegal/images/screen_1.png HTTP/1.1" 200 202547
172.22.2.4 - - [27/Aug/2023:08:05:44 -0500] "GET /BLA/boletinlegal/images/subscribe-icon-big.png HTTP/1.1" 200 47702
172.22.2.4 - - [27/Aug/2023:08:05:44 -0500] "GET /BLA/boletinlegal/images/historia.png HTTP/1.1" 200 52775
172.22.2.4 - - [27/Aug/2023:08:05:44 -0500] "GET /BLA/boletinlegal/images/arr_l.jpg HTTP/1.1" 200 1979
172.22.2.4 - - [27/Aug/2023:08:05:44 -0500] "GET /BLA/boletinlegal/images/registro-usuarios.png HTTP/1.1" 200 8106
172.22.2.4 - - [27/Aug/2023:08:05:44 -0500] "GET /BLA/boletinlegal/images/launch.jpg HTTP/1.1" 200 14577
172.22.2.4 - - [27/Aug/2023:08:05:44 -0500] "GET /BLA/boletinlegal/images/body_bg.jpg HTTP/1.1" 200 1601
172.22.2.4 - - [27/Aug/2023:08:05:44 -0500] "GET /BLA/boletinlegal/images/menu_rght.gif HTTP/1.1" 200 1627
172.22.2.4 - - [27/Aug/2023:08:05:44 -0500] "GET /BLA/boletinlegal/images/menu_lft.gif HTTP/1.1" 200 1713
172.22.2.4 - - [27/Aug/2023:08:05:44 -0500] "GET /BLA/boletinlegal/images/bg_top.jpg HTTP/1.1" 200 522
172.22.2.4 - - [27/Aug/2023:08:05:44 -0500] "GET /BLA/boletinlegal/images/menu_bg.jpg HTTP/1.1" 200 620
172.22.2.4 - - [27/Aug/2023:08:05:44 -0500] "GET /BLA/boletinlegal/images/hover.jpg HTTP/1.1" 200 640
172.22.2.4 - - [27/Aug/2023:08:05:44 -0500] "GET /BLA/boletinlegal/images/text.jpg HTTP/1.1" 200 568
172.22.2.4 - - [27/Aug/2023:08:04:55 -0500] "HEAD /BLA/boletinlegal/ HTTP/1.1" 200 -
172.22.2.4 - - [27/Aug/2023:08:05:44 -0500] "GET /BLA/boletinlegal/ HTTP/1.1" 200 24523
201.245.192.253 - - [27/Aug/2023:08:06:46 -0500] "POST /kwsrmcab/Wsrmcab  HTTP/1.1" 200 41818
216.245.221.92 - - [27/Aug/2023:08:07:13 -0500] "HEAD / HTTP/1.1" 200 -
172.22.2.4 - - [27/Aug/2023:08:05:45 -0500] "GET /BLA/boletinlegal/ HTTP/1.1" 200 51700
69.171.251.11 - - [27/Aug/2023:08:10:58 -0500] "GET /images/mercados-campesinos-5-mayo.jpg HTTP/1.1" 200 95848
66.249.70.7 - - [27/Aug/2023:08:11:15 -0500] "GET /BLA/resoluciones/Notificaciones/AUTOS%202023/2502.pdf HTTP/1.1" 304 -
66.249.70.6 - - [27/Aug/2023:08:11:17 -0500] "GET /BLA/resoluciones/Notificaciones/RESOLUCIONES%202022/5244.pdf HTTP/1.1" 304 -
201.245.192.253 - - [27/Aug/2023:08:11:46 -0500] "POST /kwsrmcab/Wsrmcab  HTTP/1.1" 200 41818
216.245.221.92 - - [27/Aug/2023:08:12:13 -0500] "HEAD / HTTP/1.1" 200 -
172.22.2.4 - - [27/Aug/2023:08:10:44 -0500] "HEAD /BLA/boletinlegal/ HTTP/1.1" 200 -
172.22.2.4 - - [27/Aug/2023:08:11:35 -0500] "GET /BLA/boletinlegal/ HTTP/1.1" 200 61130
181.58.2.165 - - [27/Aug/2023:08:15:24 -0500] "GET /galeria/galeria/jquery.fancybox.css?v=2.1.5 HTTP/1.1" 200 4895
181.58.2.165 - - [27/Aug/2023:08:15:24 -0500] "GET /BLA/boletinlegal/js/jquery.scrollShow.js HTTP/1.1" 200 4586
181.58.2.165 - - [27/Aug/2023:08:15:25 -0500] "GET /galeria/galeria/jquery.fancybox.js?v=2.1.5 HTTP/1.1" 200 48706
123.126.50.56 - - [27/Aug/2023:08:15:45 -0500] "GET /transparencia/directorioservidores/abril2015.pdf HTTP/1.1" 200 325020
201.245.192.253 - - [27/Aug/2023:08:16:45 -0500] "POST /kwsrmcab/Wsrmcab  HTTP/1.1" 200 41818
216.245.221.92 - - [27/Aug/2023:08:17:13 -0500] "HEAD / HTTP/1.1" 200 -
207.46.13.208 - - [27/Aug/2023:08:18:01 -0500] "GET /Publicaciones/2023EE193327.pdf HTTP/1.1" 200 88359
172.22.2.4 - - [27/Aug/2023:08:16:35 -0500] "HEAD /BLA/boletinlegal/ HTTP/1.1" 200 -
201.245.192.253 - - [27/Aug/2023:08:18:49 -0500] "POST /kwsrmcab/Wsrmcab HTTP/1.1" 200 43249
201.245.192.253 - - [27/Aug/2023:08:18:52 -0500] "POST /kwsrmcab/Wsrmcab HTTP/1.1" 200 43551
172.22.2.4 - - [27/Aug/2023:08:17:25 -0500] "GET /BLA/boletinlegal/ HTTP/1.1" 200 52656
172.22.2.4 - - [27/Aug/2023:08:18:57 -0500] "GET /BLA/boletinlegal/ HTTP/1.1" 200 20427
201.245.192.253 - - [27/Aug/2023:08:21:43 -0500] "POST /kwsrmcab/Wsrmcab  HTTP/1.1" 200 41818
216.245.221.92 - - [27/Aug/2023:08:22:13 -0500] "HEAD / HTTP/1.1" 200 -
172.22.2.4 - - [27/Aug/2023:08:22:24 -0500] "HEAD /BLA/boletinlegal/ HTTP/1.1" 200 -
172.22.2.4 - - [27/Aug/2023:08:23:15 -0500] "GET /BLA/boletinlegal/ HTTP/1.1" 200 58597
201.245.192.253 - - [27/Aug/2023:08:26:42 -0500] "POST /kwsrmcab/Wsrmcab  HTTP/1.1" 200 41818
216.245.221.92 - - [27/Aug/2023:08:27:13 -0500] "HEAD / HTTP/1.1" 200 -
69.63.184.9 - - [27/Aug/2023:08:27:50 -0500] "GET /mas-de-28-toneladas-de-residuos-se-recolectaron-en-la-primera-reciclaton-2023.html HTTP/1.1" 200 726
191.108.44.112 - - [27/Aug/2023:08:28:36 -0500] "GET /galeria/galeria/jquery.fancybox.css?v=2.1.5 HTTP/1.1" 200 4895
191.108.44.112 - - [27/Aug/2023:08:28:36 -0500] "GET /galeria/galeria/jquery.fancybox.js?v=2.1.5 HTTP/1.1" 200 48706
191.108.44.112 - - [27/Aug/2023:08:28:36 -0500] "GET /BLA/boletinlegal/js/jquery.scrollShow.js HTTP/1.1" 200 4586
201.245.192.253 - - [27/Aug/2023:08:28:48 -0500] "POST /kwsrmcab/Wsrmcab HTTP/1.1" 200 43249
201.245.192.253 - - [27/Aug/2023:08:28:51 -0500] "POST /kwsrmcab/Wsrmcab HTTP/1.1" 200 43551
172.22.2.4 - - [27/Aug/2023:08:28:14 -0500] "HEAD /BLA/boletinlegal/ HTTP/1.1" 200 -
172.22.2.4 - - [27/Aug/2023:08:29:05 -0500] "GET /BLA/boletinlegal/ HTTP/1.1" 200 58981
201.221.172.161 - - [27/Aug/2023:08:31:39 -0500] "GET /secretaria-de-ambiente-abre-convocatoria-para-el-proceso-de-formacion-mujeres-cuidadoras-de-humedales.html?fbclid=IwAR1vpjS3SKt8spMiBHIOgZ6SvTjT_jZKNapqRlZheWwEVG9N-IYm-eDAOtg HTTP/1.1" 200 943
201.245.192.253 - - [27/Aug/2023:08:31:42 -0500] "POST /kwsrmcab/Wsrmcab  HTTP/1.1" 200 41818
216.245.221.92 - - [27/Aug/2023:08:32:13 -0500] "HEAD / HTTP/1.1" 200 -
172.22.2.4 - - [27/Aug/2023:08:33:00 -0500] "GET /BLA/boletinlegal/actos.php HTTP/1.1" 200 9682
172.22.2.4 - - [27/Aug/2023:08:33:01 -0500] "GET /BLA/boletinlegal/favicon.ico HTTP/1.1" 404 1326
201.185.97.236 - - [27/Aug/2023:08:33:05 -0500] "GET /BLA/resoluciones/ HTTP/1.1" 200 13502
201.185.97.236 - - [27/Aug/2023:08:33:05 -0500] "GET /favicon.ico HTTP/1.1" 200 7782
201.185.97.236 - - [27/Aug/2023:08:33:07 -0500] "GET /BLA/resoluciones/index.php?dir=AUTOS+2023%2F HTTP/1.1" 200 250078
172.22.2.4 - - [27/Aug/2023:08:34:04 -0500] "HEAD /BLA/boletinlegal/ HTTP/1.1" 200 -
186.102.117.0 - - [27/Aug/2023:08:35:53 -0500] "GET /galeria/galeria/jquery.fancybox.css?v=2.1.5 HTTP/1.1" 200 4895
186.102.117.0 - - [27/Aug/2023:08:35:53 -0500] "GET /BLA/boletinlegal/js/jquery.scrollShow.js HTTP/1.1" 200 4586
186.102.117.0 - - [27/Aug/2023:08:35:53 -0500] "GET /galeria/galeria/jquery.fancybox.js?v=2.1.5 HTTP/1.1" 200 48706
172.22.2.4 - - [27/Aug/2023:08:34:55 -0500] "GET /BLA/boletinlegal/ HTTP/1.1" 200 60692
201.245.192.253 - - [27/Aug/2023:08:36:40 -0500] "POST /kwsrmcab/Wsrmcab  HTTP/1.1" 200 41818
216.245.221.92 - - [27/Aug/2023:08:37:13 -0500] "HEAD / HTTP/1.1" 200 -
201.245.192.253 - - [27/Aug/2023:08:38:48 -0500] "POST /kwsrmcab/Wsrmcab HTTP/1.1" 200 43249
201.245.192.253 - - [27/Aug/2023:08:38:52 -0500] "POST /kwsrmcab/Wsrmcab HTTP/1.1" 200 43551
172.22.2.4 - - [27/Aug/2023:08:39:54 -0500] "HEAD /BLA/boletinlegal/ HTTP/1.1" 200 -
201.245.192.253 - - [27/Aug/2023:08:41:40 -0500] "POST /kwsrmcab/Wsrmcab  HTTP/1.1" 200 41818
66.249.66.192 - - [27/Aug/2023:08:41:53 -0500] "GET /robots.txt HTTP/1.1" 404 1034
66.249.66.129 - - [27/Aug/2023:08:41:54 -0500] "GET /por-un-corazon-mas-verde-del-1-al-9-de-junio-se-celebrara-la-semana-ambiental-2023-en-bogota.html HTTP/1.1" 200 819
216.245.221.92 - - [27/Aug/2023:08:42:13 -0500] "HEAD / HTTP/1.1" 200 -
172.22.2.4 - - [27/Aug/2023:08:40:45 -0500] "GET /BLA/boletinlegal/ HTTP/1.1" 200 58597
201.245.192.253 - - [27/Aug/2023:08:46:39 -0500] "POST /kwsrmcab/Wsrmcab  HTTP/1.1" 200 41818
216.245.221.92 - - [27/Aug/2023:08:47:13 -0500] "HEAD / HTTP/1.1" 200 -
172.22.2.4 - - [27/Aug/2023:08:47:14 -0500] "GET /BLA/boletinlegal/jurisprudencia/analisis/G__Jurisp.%20Junio%202014_Sent%20Tutela%20Drumond.docx HTTP/1.1" 200 25380
172.22.2.4 - - [27/Aug/2023:08:45:44 -0500] "HEAD /BLA/boletinlegal/ HTTP/1.1" 200 -
52.167.144.210 - - [27/Aug/2023:08:47:26 -0500] "GET /Publicaciones/2023EE128848.pdf HTTP/1.1" 404 228
20.197.112.229 - - [27/Aug/2023:08:47:43 -0500] "GET /Publicaciones/2023EE128848.pdf HTTP/1.1" 404 228
52.167.144.108 - - [27/Aug/2023:08:47:50 -0500] "GET /BLA/resoluciones/RESOLUCIONES%202019/3481.pdf HTTP/1.1" 200 335901
172.22.2.4 - - [27/Aug/2023:08:46:35 -0500] "GET /BLA/boletinlegal/ HTTP/1.1" 200 60692
52.167.144.210 - - [27/Aug/2023:08:49:48 -0500] "GET /Publicaciones/2023EE113997.pdf HTTP/1.1" 404 228
181.48.255.197 - - [27/Aug/2023:08:51:01 -0500] "GET /inscribete-y-participa-en-la-convencion-internacional-de-emergencia-climatica-bogota-2023.html HTTP/1.1" 200 895
201.245.192.253 - - [27/Aug/2023:08:51:37 -0500] "POST /kwsrmcab/Wsrmcab  HTTP/1.1" 200 41818
216.245.221.92 - - [27/Aug/2023:08:52:13 -0500] "HEAD / HTTP/1.1" 200 -
172.22.2.4 - - [27/Aug/2023:08:52:59 -0500] "GET /BLA/boletinlegal/actos.php HTTP/1.1" 200 9682
172.22.2.4 - - [27/Aug/2023:08:53:11 -0500] "GET /BLA/boletinlegal/consulta_actos.php?tipo=autos&no=&usuario=&sector=VERTIMIENTOS&fecha=2023&resuelve= HTTP/1.1" 200 98883
172.22.2.4 - - [27/Aug/2023:08:51:34 -0500] "HEAD /BLA/boletinlegal/ HTTP/1.1" 200 -
172.22.2.4 - - [27/Aug/2023:08:52:56 -0500] "GET /BLA/boletinlegal/ HTTP/1.1" 200 24523
186.167.202.59 - - [27/Aug/2023:08:53:54 -0500] "GET /BLA/boletinlegal/js/jquery.scrollShow.js HTTP/1.1" 200 4586
186.167.202.59 - - [27/Aug/2023:08:53:54 -0500] "GET /galeria/galeria/jquery.fancybox.css?v=2.1.5 HTTP/1.1" 200 4895
186.167.202.59 - - [27/Aug/2023:08:53:54 -0500] "GET /galeria/galeria/jquery.fancybox.js?v=2.1.5 HTTP/1.1" 200 48706
172.22.2.4 - - [27/Aug/2023:08:52:25 -0500] "GET /BLA/boletinlegal/ HTTP/1.1" 200 52068
172.22.2.4 - - [27/Aug/2023:08:54:06 -0500] "GET /BLA/boletinlegal/consulta_actos.php?tipo=autos&no=&usuario=&sector=VERTIMIENTOS&fecha=2023&resuelve=subterraneas HTTP/1.1" 200 626
172.22.2.4 - - [27/Aug/2023:08:54:25 -0500] "GET /BLA/boletinlegal/normativa.php HTTP/1.1" 200 8343
172.22.2.4 - - [27/Aug/2023:08:54:26 -0500] "GET /BLA/boletinlegal/js/ajax_normativa.js HTTP/1.1" 200 1154
172.22.2.4 - - [27/Aug/2023:08:54:51 -0500] "GET /BLA/boletinlegal/consulta_normativa.php?tipo=&sector=concesion&ano=&resuelve=aguas%20 HTTP/1.1" 200 1775
172.22.2.4 - - [27/Aug/2023:08:54:51 -0500] "GET /BLA/boletinlegal/images/docs.png HTTP/1.1" 200 10288
172.22.2.4 - - [27/Aug/2023:08:54:20 -0500] "GET /BLA/boletinlegal/ HTTP/1.1" 200 24523
172.22.2.4 - - [27/Aug/2023:08:55:16 -0500] "GET /BLA/boletinlegal/conceptos.php HTTP/1.1" 200 7496
172.22.2.4 - - [27/Aug/2023:08:55:16 -0500] "GET /BLA/boletinlegal/js/ajax_conceptos.js HTTP/1.1" 200 1326
172.22.2.4 - - [27/Aug/2023:08:55:22 -0500] "GET /BLA/boletinlegal/jurisprudencia.php HTTP/1.1" 200 17583
172.22.2.4 - - [27/Aug/2023:08:55:22 -0500] "GET /BLA/boletinlegal/images/jurisprudencia.png HTTP/1.1" 200 66721
172.22.2.4 - - [27/Aug/2023:08:55:22 -0500] "GET /BLA/boletinlegal/images/sub_ul_li.gif HTTP/1.1" 200 343
172.22.2.4 - - [27/Aug/2023:08:55:30 -0500] "GET /BLA/boletinlegal/actos.php HTTP/1.1" 200 9682
172.22.2.4 - - [27/Aug/2023:08:55:36 -0500] "GET /BLA/boletinlegal/normativa.php HTTP/1.1" 200 8343
172.22.2.4 - - [27/Aug/2023:08:55:50 -0500] "GET /BLA/boletinlegal/consulta_normativa.php?tipo=&sector=vertimientos&ano=&resuelve=aguas%20 HTTP/1.1" 200 454
172.22.2.4 - - [27/Aug/2023:08:55:26 -0500] "GET /BLA/boletinlegal/index.php HTTP/1.1" 200 24523
201.245.192.253 - - [27/Aug/2023:08:56:35 -0500] "POST /kwsrmcab/Wsrmcab  HTTP/1.1" 200 41818
216.245.221.92 - - [27/Aug/2023:08:57:13 -0500] "HEAD / HTTP/1.1" 200 -
51.159.164.227 - - [27/Aug/2023:08:58:33 -0500] "HEAD / HTTP/1.1" 200 -
51.159.164.227 - - [27/Aug/2023:08:58:34 -0500] "GET / HTTP/1.1" 200 319
172.22.2.4 - - [27/Aug/2023:08:57:24 -0500] "HEAD /BLA/boletinlegal/ HTTP/1.1" 200 -
172.22.2.4 - - [27/Aug/2023:08:58:15 -0500] "GET /BLA/boletinlegal/ HTTP/1.1" 200 59343
64.124.8.54 - - [27/Aug/2023:09:00:28 -0500] "GET /transparencia/financiera/2%20Desagregado%20con%20modificaciones/2%20Historico/ HTTP/1.1" 200 6017
201.245.192.253 - - [27/Aug/2023:09:01:35 -0500] "POST /kwsrmcab/Wsrmcab  HTTP/1.1" 200 41818
216.245.221.92 - - [27/Aug/2023:09:02:13 -0500] "HEAD / HTTP/1.1" 200 -
172.22.2.4 - - [27/Aug/2023:09:03:14 -0500] "HEAD /BLA/boletinlegal/ HTTP/1.1" 200 -
38.52.156.155 - - [27/Aug/2023:09:05:38 -0500] "GET /secretaria-de-ambiente-abre-convocatoria-para-el-proceso-de-formacion-mujeres-cuidadoras-de-humedales.html?fbclid=IwAR32Byp18iTQZNTp66WDO-jhAC0gaWN8IT85jA2mEa4MGzl41xiHx1n_zVY HTTP/1.1" 200 943
172.22.2.4 - - [27/Aug/2023:09:04:05 -0500] "GET /BLA/boletinlegal/ HTTP/1.1" 200 52656
201.245.192.253 - - [27/Aug/2023:09:06:34 -0500] "POST /kwsrmcab/Wsrmcab  HTTP/1.1" 200 41818
172.22.2.4 - - [27/Aug/2023:09:06:59 -0500] "GET /BLA/boletinlegal/actos.php HTTP/1.1" 200 9682
216.245.221.92 - - [27/Aug/2023:09:07:13 -0500] "HEAD / HTTP/1.1" 200 -
172.22.2.4 - - [27/Aug/2023:09:09:04 -0500] "HEAD /BLA/boletinlegal/ HTTP/1.1" 200 -
172.22.2.4 - - [27/Aug/2023:09:09:55 -0500] "GET /BLA/boletinlegal/ HTTP/1.1" 200 56257
201.245.192.253 - - [27/Aug/2023:09:11:33 -0500] "POST /kwsrmcab/Wsrmcab  HTTP/1.1" 200 41818
216.245.221.92 - - [27/Aug/2023:09:12:13 -0500] "HEAD / HTTP/1.1" 200 -
64.124.8.27 - - [27/Aug/2023:09:16:02 -0500] "GET /portaldeninos/que-es-cambio-climatico/ HTTP/1.1" 200 86727
172.22.2.4 - - [27/Aug/2023:09:16:29 -0500] "GET /BLA/boletinlegal/style.css HTTP/1.1" 200 9406
172.22.2.4 - - [27/Aug/2023:09:16:29 -0500] "GET /BLA/boletinlegal/styles2.css HTTP/1.1" 200 1838
172.22.2.4 - - [27/Aug/2023:09:16:29 -0500] "GET /BLA/boletinlegal/js/jquery.js HTTP/1.1" 200 57254
172.22.2.4 - - [27/Aug/2023:09:16:29 -0500] "GET /BLA/boletinlegal/js/jquery.scrollTo-min.js HTTP/1.1" 200 1150
172.22.2.4 - - [27/Aug/2023:09:16:29 -0500] "GET /BLA/boletinlegal/js/jquery.scrollShow.js HTTP/1.1" 200 4586
172.22.2.4 - - [27/Aug/2023:09:16:29 -0500] "GET /BLA/boletinlegal/images/cabezote%20BLEGAL.jpg HTTP/1.1" 200 118164
172.22.2.4 - - [27/Aug/2023:09:16:29 -0500] "GET /BLA/boletinlegal/images/subscribe-icon-big.png HTTP/1.1" 200 47702
172.22.2.4 - - [27/Aug/2023:09:16:29 -0500] "GET /BLA/boletinlegal/images/historia.png HTTP/1.1" 200 52775
172.22.2.4 - - [27/Aug/2023:09:16:29 -0500] "GET /BLA/boletinlegal/images/registro-usuarios.png HTTP/1.1" 200 8106
172.22.2.4 - - [27/Aug/2023:09:16:29 -0500] "GET /BLA/boletinlegal/images/arr_l.jpg HTTP/1.1" 200 1979
172.22.2.4 - - [27/Aug/2023:09:16:29 -0500] "GET /BLA/boletinlegal/images/screen_1.png HTTP/1.1" 200 202547
172.22.2.4 - - [27/Aug/2023:09:16:29 -0500] "GET /BLA/boletinlegal/images/launch.jpg HTTP/1.1" 200 14577
172.22.2.4 - - [27/Aug/2023:09:16:30 -0500] "GET /BLA/boletinlegal/images/menu_lft.gif HTTP/1.1" 200 1713
172.22.2.4 - - [27/Aug/2023:09:16:30 -0500] "GET /BLA/boletinlegal/images/menu_rght.gif HTTP/1.1" 200 1627
172.22.2.4 - - [27/Aug/2023:09:16:30 -0500] "GET /BLA/boletinlegal/images/body_bg.jpg HTTP/1.1" 200 1601
172.22.2.4 - - [27/Aug/2023:09:16:30 -0500] "GET /BLA/boletinlegal/images/menu_bg.jpg HTTP/1.1" 200 620
172.22.2.4 - - [27/Aug/2023:09:16:30 -0500] "GET /BLA/boletinlegal/images/bg_top.jpg HTTP/1.1" 200 522
172.22.2.4 - - [27/Aug/2023:09:16:30 -0500] "GET /BLA/boletinlegal/images/text.jpg HTTP/1.1" 200 568
172.22.2.4 - - [27/Aug/2023:09:16:30 -0500] "GET /BLA/boletinlegal/images/hover.jpg HTTP/1.1" 200 640
172.22.2.4 - - [27/Aug/2023:09:14:54 -0500] "HEAD /BLA/boletinlegal/ HTTP/1.1" 200 -
201.245.192.253 - - [27/Aug/2023:09:16:32 -0500] "POST /kwsrmcab/Wsrmcab  HTTP/1.1" 200 41818
172.22.2.4 - - [27/Aug/2023:09:16:29 -0500] "GET /BLA/boletinlegal/ HTTP/1.1" 200 24523
216.245.221.92 - - [27/Aug/2023:09:17:13 -0500] "HEAD / HTTP/1.1" 200 -
172.22.2.4 - - [27/Aug/2023:09:15:45 -0500] "GET /BLA/boletinlegal/ HTTP/1.1" 200 50790
173.252.107.8 - - [27/Aug/2023:09:17:25 -0500] "GET /mujeres-lideran-estrategias-para-enfrentar-el-cambio-climatico-en-bogota.html HTTP/1.1" 200 876
173.252.107.3 - - [27/Aug/2023:09:18:03 -0500] "GET /secretaria-de-ambiente-abre-convocatoria-para-el-proceso-de-formacion-mujeres-cuidadoras-de-humedales.html HTTP/1.1" 200 943
173.252.107.119 - - [27/Aug/2023:09:18:03 -0500] "GET /secretaria-de-ambiente-abre-convocatoria-para-el-proceso-de-formacion-mujeres-cuidadoras-de-humedales.html HTTP/1.1" 200 943
173.252.127.13 - - [27/Aug/2023:09:18:34 -0500] "GET /secretaria-de-ambiente-abre-convocatoria-para-el-proceso-de-formacion-mujeres-cuidadoras-de-humedales.html HTTP/1.1" 200 943
201.245.192.253 - - [27/Aug/2023:09:18:48 -0500] "POST /kwsrmcab/Wsrmcab HTTP/1.1" 200 41782
201.245.192.253 - - [27/Aug/2023:09:18:51 -0500] "POST /kwsrmcab/Wsrmcab HTTP/1.1" 200 43700
69.171.231.1 - - [27/Aug/2023:09:19:24 -0500] "GET /secretaria-de-ambiente-abre-convocatoria-para-el-proceso-de-formacion-mujeres-cuidadoras-de-humedales.html HTTP/1.1" 200 943
31.13.127.6 - - [27/Aug/2023:09:20:06 -0500] "GET /secretaria-de-ambiente-abre-convocatoria-para-el-proceso-de-formacion-mujeres-cuidadoras-de-humedales.html HTTP/1.1" 200 943
181.140.247.102 - - [27/Aug/2023:09:21:02 -0500] "GET /BLA/resoluciones/index.php?dir=AUTOS+2006%2FAUTOS+2006+2301+-+2400%2F HTTP/1.1" 200 22197
201.245.192.253 - - [27/Aug/2023:09:21:31 -0500] "POST /kwsrmcab/Wsrmcab  HTTP/1.1" 200 41818
216.245.221.92 - - [27/Aug/2023:09:22:13 -0500] "HEAD / HTTP/1.1" 200 -
172.22.2.4 - - [27/Aug/2023:09:22:17 -0500] "GET /BLA/boletinlegal/consulta_actos.php?tipo=autos&no=3806&usuario=&sector=&fecha=2017&resuelve= HTTP/1.1" 200 1071
181.78.24.97 - - [27/Aug/2023:09:22:20 -0500] "GET /BLA/resoluciones/AUTOS%202017/3806.pdf HTTP/1.1" 200 1017407
172.22.2.4 - - [27/Aug/2023:09:20:44 -0500] "HEAD /BLA/boletinlegal/ HTTP/1.1" 200 -
172.22.2.4 - - [27/Aug/2023:09:21:35 -0500] "GET /BLA/boletinlegal/ HTTP/1.1" 200 58187
5.181.80.94 - - [27/Aug/2023:09:23:34 -0500] "GET /muieblackcat HTTP/1.1" 404 1018
5.181.80.94 - - [27/Aug/2023:09:23:34 -0500] "GET //phpMyAdmin/scripts/setup.php HTTP/1.1" 403 1165
5.181.80.94 - - [27/Aug/2023:09:23:34 -0500] "GET //phpmyadmin/scripts/setup.php HTTP/1.1" 403 1165
5.181.80.94 - - [27/Aug/2023:09:23:35 -0500] "GET //pma/scripts/setup.php HTTP/1.1" 404 1018
5.181.80.94 - - [27/Aug/2023:09:23:35 -0500] "GET //myadmin/scripts/setup.php HTTP/1.1" 404 1018
5.181.80.94 - - [27/Aug/2023:09:23:36 -0500] "GET //MyAdmin/scripts/setup.php HTTP/1.1" 404 1018
173.252.107.10 - - [27/Aug/2023:09:24:28 -0500] "GET /bogota-se-la-juega-por-las-mujeres-emprendedoras-de-bogota-es-mi-huerta-y-mujeres-que-reverdecen-expusieron-sus-proyectos-productivos.html HTTP/1.1" 200 985
201.245.192.253 - - [27/Aug/2023:09:26:30 -0500] "POST /kwsrmcab/Wsrmcab  HTTP/1.1" 200 41818
216.245.221.92 - - [27/Aug/2023:09:27:13 -0500] "HEAD / HTTP/1.1" 200 -
172.22.2.4 - - [27/Aug/2023:09:25:37 -0500] "GET /BLA/boletinlegal/ HTTP/1.1" 200 61130
173.252.83.7 - - [27/Aug/2023:09:27:46 -0500] "GET /secretaria-de-ambiente-abre-convocatoria-para-el-proceso-de-formacion-mujeres-cuidadoras-de-humedales.html HTTP/1.1" 200 943
173.252.83.113 - - [27/Aug/2023:09:27:46 -0500] "GET /secretaria-de-ambiente-abre-convocatoria-para-el-proceso-de-formacion-mujeres-cuidadoras-de-humedales.html HTTP/1.1" 200 943
172.22.2.4 - - [27/Aug/2023:09:26:34 -0500] "HEAD /BLA/boletinlegal/ HTTP/1.1" 200 -
201.245.192.253 - - [27/Aug/2023:09:28:48 -0500] "POST /kwsrmcab/Wsrmcab HTTP/1.1" 200 41782
201.245.192.253 - - [27/Aug/2023:09:28:52 -0500] "POST /kwsrmcab/Wsrmcab HTTP/1.1" 200 43700
172.22.2.4 - - [27/Aug/2023:09:27:25 -0500] "GET /BLA/boletinlegal/ HTTP/1.1" 200 58597
64.124.8.27 - - [27/Aug/2023:09:29:46 -0500] "GET /portaldeninos/2021/06/10/ganadores-del-concurso-a-vuelo-de-pajaro-recibieron-reconocimientos-de-la-secretaria-de-ambiente/feed/ HTTP/1.1" 200 1257
52.167.144.207 - - [27/Aug/2023:09:30:45 -0500] "GET /secretaria-de-ambiente-abre-convocatoria-para-el-proceso-de-formacion-mujeres-cuidadoras-de-humedales.html HTTP/1.1" 200 943
191.156.188.4 - - [27/Aug/2023:09:30:56 -0500] "GET /secretaria-de-ambiente-abre-convocatoria-para-el-proceso-de-formacion-mujeres-cuidadoras-de-humedales.html?fbclid=IwAR1uV3r7YKHR_MCVOyyDLzv64VkF_gtiRUMaxloGyj3GiTjt7HjAjSWlepA HTTP/1.1" 200 943
207.46.13.208 - - [27/Aug/2023:09:31:08 -0500] "GET /bsc_sda/ HTTP/1.1" 404 1245
52.167.144.239 - - [27/Aug/2023:09:31:21 -0500] "GET /Publicaciones/2023EE120468.pdf HTTP/1.1" 404 228
201.245.192.253 - - [27/Aug/2023:09:31:29 -0500] "POST /kwsrmcab/Wsrmcab  HTTP/1.1" 200 41818
216.245.221.92 - - [27/Aug/2023:09:32:13 -0500] "HEAD / HTTP/1.1" 200 -
69.171.251.13 - - [27/Aug/2023:09:32:13 -0500] "GET /images/secretaria-participantes.14-octubre.jpg HTTP/1.1" 200 102021
172.22.2.4 - - [27/Aug/2023:09:32:24 -0500] "HEAD /BLA/boletinlegal/ HTTP/1.1" 200 -
172.22.2.4 - - [27/Aug/2023:09:33:15 -0500] "GET /BLA/boletinlegal/ HTTP/1.1" 200 52656
201.245.192.253 - - [27/Aug/2023:09:36:28 -0500] "POST /kwsrmcab/Wsrmcab  HTTP/1.1" 200 41818
216.245.221.92 - - [27/Aug/2023:09:37:13 -0500] "HEAD / HTTP/1.1" 200 -
201.245.192.253 - - [27/Aug/2023:09:38:48 -0500] "POST /kwsrmcab/Wsrmcab HTTP/1.1" 200 41782
201.245.192.253 - - [27/Aug/2023:09:38:51 -0500] "POST /kwsrmcab/Wsrmcab HTTP/1.1" 200 43700
172.22.2.4 - - [27/Aug/2023:09:38:14 -0500] "HEAD /BLA/boletinlegal/ HTTP/1.1" 200 -
172.22.2.4 - - [27/Aug/2023:09:39:05 -0500] "GET /BLA/boletinlegal/ HTTP/1.1" 200 58597
201.245.192.253 - - [27/Aug/2023:09:41:26 -0500] "POST /kwsrmcab/Wsrmcab  HTTP/1.1" 200 41818
216.245.221.92 - - [27/Aug/2023:09:42:13 -0500] "HEAD / HTTP/1.1" 200 -
69.63.189.120 - - [27/Aug/2023:09:43:50 -0500] "GET /secretaria-de-ambiente-abre-convocatoria-para-el-proceso-de-formacion-mujeres-cuidadoras-de-humedales.html HTTP/1.1" 200 943
172.22.2.4 - - [27/Aug/2023:09:44:04 -0500] "HEAD /BLA/boletinlegal/ HTTP/1.1" 200 -
201.245.192.253 - - [27/Aug/2023:09:46:25 -0500] "POST /kwsrmcab/Wsrmcab  HTTP/1.1" 200 41818
172.22.2.4 - - [27/Aug/2023:09:44:55 -0500] "GET /BLA/boletinlegal/ HTTP/1.1" 200 58981
216.245.221.92 - - [27/Aug/2023:09:47:13 -0500] "HEAD / HTTP/1.1" 200 -
186.28.76.74 - - [27/Aug/2023:09:48:25 -0500] "GET /secretaria-de-ambiente-abr HTTP/1.1" 404 1136
186.28.76.74 - - [27/Aug/2023:09:48:27 -0500] "GET /favicon.ico HTTP/1.1" 404 1346
186.28.76.74 - - [27/Aug/2023:09:48:39 -0500] "GET /secretaria-de-ambiente-abr HTTP/1.1" 404 1136
186.28.76.74 - - [27/Aug/2023:09:48:40 -0500] "GET /favicon.ico HTTP/1.1" 404 1346
201.245.192.253 - - [27/Aug/2023:09:51:25 -0500] "POST /kwsrmcab/Wsrmcab  HTTP/1.1" 200 41818
172.22.2.4 - - [27/Aug/2023:09:49:54 -0500] "HEAD /BLA/boletinlegal/ HTTP/1.1" 200 -
40.77.167.61 - - [27/Aug/2023:09:51:44 -0500] "GET /Publicaciones/2023EE195462.pdf HTTP/1.1" 200 231519
216.245.221.92 - - [27/Aug/2023:09:52:13 -0500] "HEAD / HTTP/1.1" 200 -
172.22.2.4 - - [27/Aug/2023:09:50:45 -0500] "GET /BLA/boletinlegal/ HTTP/1.1" 200 53013
201.245.192.253 - - [27/Aug/2023:09:56:25 -0500] "POST /kwsrmcab/Wsrmcab  HTTP/1.1" 200 41818
168.119.253.32 - - [27/Aug/2023:09:57:04 -0500] "GET / HTTP/1.1" 200 319
168.119.253.32 - - [27/Aug/2023:09:57:04 -0500] "GET / HTTP/1.1" 200 4720
216.245.221.92 - - [27/Aug/2023:09:57:13 -0500] "HEAD / HTTP/1.1" 200 -
172.22.2.4 - - [27/Aug/2023:09:55:44 -0500] "HEAD /BLA/boletinlegal/ HTTP/1.1" 200 -
172.22.2.4 - - [27/Aug/2023:09:56:35 -0500] "GET /BLA/boletinlegal/ HTTP/1.1" 200 58597
201.245.192.253 - - [27/Aug/2023:10:01:24 -0500] "POST /kwsrmcab/Wsrmcab  HTTP/1.1" 200 41818
216.245.221.92 - - [27/Aug/2023:10:02:13 -0500] "HEAD / HTTP/1.1" 200 -
172.22.2.4 - - [27/Aug/2023:10:01:34 -0500] "HEAD /BLA/boletinlegal/ HTTP/1.1" 200 -
172.22.2.4 - - [27/Aug/2023:10:02:25 -0500] "GET /BLA/boletinlegal/ HTTP/1.1" 200 61130
172.22.2.4 - - [27/Aug/2023:10:05:01 -0500] "GET /BLA/boletinlegal/actos.php HTTP/1.1" 200 9682
172.22.2.4 - - [27/Aug/2023:10:05:04 -0500] "GET /BLA/boletinlegal/images/screen_2.png HTTP/1.1" 200 362502
172.22.2.4 - - [27/Aug/2023:10:05:04 -0500] "GET /BLA/boletinlegal/images/screen_3.png HTTP/1.1" 200 210620
172.22.2.4 - - [27/Aug/2023:10:05:04 -0500] "GET /BLA/boletinlegal/images/screen_5.png HTTP/1.1" 200 368876
172.22.2.4 - - [27/Aug/2023:10:05:04 -0500] "GET /BLA/boletinlegal/images/arr_r.jpg HTTP/1.1" 200 1998
172.22.2.4 - - [27/Aug/2023:10:05:18 -0500] "GET /BLA/boletinlegal/consulta_actos.php?tipo=autos&no=&usuario=&sector=VERTIMIENTOS&fecha=2023&resuelve=archivo HTTP/1.1" 200 1121
186.84.89.20 - - [27/Aug/2023:10:05:27 -0500] "GET /BLA/resoluciones/AUTOS%202023/4199.pdf HTTP/1.1" 200 534958
201.245.192.253 - - [27/Aug/2023:10:06:22 -0500] "POST /kwsrmcab/Wsrmcab  HTTP/1.1" 200 41818
172.22.2.4 - - [27/Aug/2023:10:04:57 -0500] "GET /BLA/boletinlegal/ HTTP/1.1" 200 61922
172.22.2.4 - - [27/Aug/2023:10:06:40 -0500] "GET /BLA/boletinlegal/consulta_actos.php?tipo=autos&no=&usuario=&sector=VERTIMIENTOS&fecha=2022&resuelve=archivo HTTP/1.1" 200 6404
172.22.2.4 - - [27/Aug/2023:10:06:41 -0500] "GET /BLA/boletinlegal/images/background.gif HTTP/1.1" 200 -
186.84.89.20 - - [27/Aug/2023:10:06:47 -0500] "GET /BLA/resoluciones/AUTOS%202022/1204.pdf HTTP/1.1" 200 389492
216.245.221.92 - - [27/Aug/2023:10:07:13 -0500] "HEAD / HTTP/1.1" 200 -
191.156.225.10 - - [27/Aug/2023:10:07:44 -0500] "GET /secretaria-de-ambiente-abre-convocatoria-para-el-proceso-de-formacion-mujeres-cuidadoras-de-humedales.html?fbclid=IwAR2BPPmytq3CaTFhmzjduH2rxIyNbAHTgvFSqGps9c3AT26Kd6Di_Ei3Y_0 HTTP/1.1" 200 943
172.22.2.4 - - [27/Aug/2023:10:07:24 -0500] "HEAD /BLA/boletinlegal/ HTTP/1.1" 200 -
172.22.2.4 - - [27/Aug/2023:10:08:15 -0500] "GET /BLA/boletinlegal/ HTTP/1.1" 200 58187
173.252.95.12 - - [27/Aug/2023:10:10:02 -0500] "GET /secretaria-de-ambiente-abre-convocatoria-para-el-proceso-de-formacion-mujeres-cuidadoras-de-humedales.html HTTP/1.1" 200 943
173.252.95.4 - - [27/Aug/2023:10:10:02 -0500] "GET /secretaria-de-ambiente-abre-convocatoria-para-el-proceso-de-formacion-mujeres-cuidadoras-de-humedales.html HTTP/1.1" 200 943
66.220.149.8 - - [27/Aug/2023:10:11:22 -0500] "GET /secretaria-de-ambiente-abre-convocatoria-para-el-proceso-de-formacion-mujeres-cuidadoras-de-humedales.html HTTP/1.1" 200 943
201.245.192.253 - - [27/Aug/2023:10:11:22 -0500] "POST /kwsrmcab/Wsrmcab  HTTP/1.1" 200 41818
216.245.221.92 - - [27/Aug/2023:10:12:13 -0500] "HEAD / HTTP/1.1" 200 -
207.46.13.208 - - [27/Aug/2023:10:12:42 -0500] "GET /BLA/resoluciones/RESOLUCIONES%202010/4664.pdf HTTP/1.1" 200 497453
40.77.167.9 - - [27/Aug/2023:10:12:54 -0500] "GET /BLA/resoluciones/RESOLUCIONES%202008/2995.pdf HTTP/1.1" 200 811029
186.87.83.101 - - [27/Aug/2023:10:14:46 -0500] "GET /sipse/faces/presentacion/sistema/anexos/cargarAnexoSolicitudProceso.xhtml HTTP/1.1" 302 -
186.87.83.101 - - [27/Aug/2023:10:14:46 -0500] "GET /sipse/imagenes/cargando.gif HTTP/1.1" 302 -
172.22.2.4 - - [27/Aug/2023:10:13:14 -0500] "HEAD /BLA/boletinlegal/ HTTP/1.1" 200 -
172.22.2.4 - - [27/Aug/2023:10:14:05 -0500] "GET /BLA/boletinlegal/ HTTP/1.1" 200 60692
40.77.167.9 - - [27/Aug/2023:10:15:46 -0500] "GET /BLA/resoluciones/RESOLUCIONES%202004/RESOLUCION%20449%20DE%202004.PDF HTTP/1.1" 200 214892
201.245.192.253 - - [27/Aug/2023:10:16:21 -0500] "POST /kwsrmcab/Wsrmcab  HTTP/1.1" 200 41818
186.55.165.50 - - [27/Aug/2023:10:16:47 -0500] "GET /galeria/galeria/jquery.fancybox.css?v=2.1.5 HTTP/1.1" 200 4895
186.55.165.50 - - [27/Aug/2023:10:16:47 -0500] "GET /BLA/boletinlegal/js/jquery.scrollShow.js HTTP/1.1" 200 4586
186.55.165.50 - - [27/Aug/2023:10:16:47 -0500] "GET /galeria/galeria/jquery.fancybox.js?v=2.1.5 HTTP/1.1" 200 48706
173.252.107.119 - - [27/Aug/2023:10:17:07 -0500] "GET /mas-de-70-animales-silvestres-regresaron-a-la-libertad-en-el-humedal-juan-amarillo.html HTTP/1.1" 200 958
216.245.221.92 - - [27/Aug/2023:10:17:13 -0500] "HEAD / HTTP/1.1" 200 -
172.22.2.4 - - [27/Aug/2023:10:17:48 -0500] "GET /BLA/boletinlegal/autodiscover/autodiscover.json?@zdi/Powershell HTTP/1.1" 404 1018
201.245.192.253 - - [27/Aug/2023:10:18:48 -0500] "POST /kwsrmcab/Wsrmcab HTTP/1.1" 200 41943
201.245.192.253 - - [27/Aug/2023:10:18:52 -0500] "POST /kwsrmcab/Wsrmcab HTTP/1.1" 200 43962
172.22.2.4 - - [27/Aug/2023:10:19:04 -0500] "HEAD /BLA/boletinlegal/ HTTP/1.1" 200 -
201.245.192.253 - - [27/Aug/2023:10:21:19 -0500] "POST /kwsrmcab/Wsrmcab  HTTP/1.1" 200 41818
172.22.2.4 - - [27/Aug/2023:10:19:55 -0500] "GET /BLA/boletinlegal/ HTTP/1.1" 200 60692
186.84.89.20 - - [27/Aug/2023:10:21:59 -0500] "GET /BLA/resoluciones/AUTOS%202022/8233.pdf HTTP/1.1" 200 412891
216.245.221.92 - - [27/Aug/2023:10:22:13 -0500] "HEAD / HTTP/1.1" 200 -
186.84.89.20 - - [27/Aug/2023:10:22:17 -0500] "GET /BLA/resoluciones/AUTOS%202022/7917.pdf HTTP/1.1" 200 422231
186.84.89.20 - - [27/Aug/2023:10:22:27 -0500] "GET /BLA/resoluciones/AUTOS%202022/7060.pdf HTTP/1.1" 200 367998
186.84.89.20 - - [27/Aug/2023:10:23:02 -0500] "GET /BLA/resoluciones/AUTOS%202022/3763.pdf HTTP/1.1" 200 387992
186.84.89.20 - - [27/Aug/2023:10:23:13 -0500] "GET /BLA/resoluciones/AUTOS%202022/2249.pdf HTTP/1.1" 200 499762
186.84.89.240 - - [27/Aug/2023:10:24:16 -0500] "GET /forest/ HTTP/1.1" 200 12041
186.84.89.240 - - [27/Aug/2023:10:24:32 -0500] "POST /forest/index.php HTTP/1.1" 200 12268
172.22.2.4 - - [27/Aug/2023:10:24:51 -0500] "GET /BLA/boletinlegal/consulta_actos.php?tipo=autos&no=&usuario=&sector=VERTIMIENTOS&fecha=2021&resuelve=archivo HTTP/1.1" 200 1906
186.84.89.20 - - [27/Aug/2023:10:24:57 -0500] "GET /BLA/resoluciones/AUTOS%202021/0169.pdf HTTP/1.1" 200 3317272
186.84.89.20 - - [27/Aug/2023:10:25:15 -0500] "GET /BLA/resoluciones/AUTOS%202021/1779.pdf HTTP/1.1" 200 364643
201.245.192.253 - - [27/Aug/2023:10:26:18 -0500] "POST /kwsrmcab/Wsrmcab  HTTP/1.1" 200 41818
172.22.2.4 - - [27/Aug/2023:10:24:54 -0500] "HEAD /BLA/boletinlegal/ HTTP/1.1" 200 -
216.245.221.92 - - [27/Aug/2023:10:27:13 -0500] "HEAD / HTTP/1.1" 200 -
172.22.2.4 - - [27/Aug/2023:10:25:45 -0500] "GET /BLA/boletinlegal/ HTTP/1.1" 200 52656
201.245.192.253 - - [27/Aug/2023:10:28:48 -0500] "POST /kwsrmcab/Wsrmcab HTTP/1.1" 200 41943
201.245.192.253 - - [27/Aug/2023:10:28:51 -0500] "POST /kwsrmcab/Wsrmcab HTTP/1.1" 200 43962
40.77.167.208 - - [27/Aug/2023:10:29:38 -0500] "GET /BLA/resoluciones/RESOLUCIONES%202022/3431.pdf HTTP/1.1" 200 402258
194.165.16.72 - - [27/Aug/2023:10:31:00 -0500] "\x03" 400 226
201.245.192.253 - - [27/Aug/2023:10:31:16 -0500] "POST /kwsrmcab/Wsrmcab  HTTP/1.1" 200 41818
216.245.221.92 - - [27/Aug/2023:10:32:13 -0500] "HEAD / HTTP/1.1" 200 -
172.22.2.4 - - [27/Aug/2023:10:30:44 -0500] "HEAD /BLA/boletinlegal/ HTTP/1.1" 200 -
172.22.2.4 - - [27/Aug/2023:10:31:35 -0500] "GET /BLA/boletinlegal/ HTTP/1.1" 200 51700
172.22.2.4 - - [27/Aug/2023:10:32:20 -0500] "GET /BLA/boletinlegal/ HTTP/1.1" 200 36811
201.245.192.253 - - [27/Aug/2023:10:36:15 -0500] "POST /kwsrmcab/Wsrmcab  HTTP/1.1" 200 41818
216.245.221.92 - - [27/Aug/2023:10:37:13 -0500] "HEAD / HTTP/1.1" 200 -
172.22.2.4 - - [27/Aug/2023:10:36:34 -0500] "HEAD /BLA/boletinlegal/ HTTP/1.1" 200 -
201.245.192.253 - - [27/Aug/2023:10:38:48 -0500] "POST /kwsrmcab/Wsrmcab HTTP/1.1" 200 41943
201.245.192.253 - - [27/Aug/2023:10:38:51 -0500] "POST /kwsrmcab/Wsrmcab HTTP/1.1" 200 43962
64.124.8.21 - - [27/Aug/2023:10:38:58 -0500] "GET /BLA/boletinlegal/jurisprudencia/analisis/ANALISIST-672-14.docx HTTP/1.1" 200 22530
172.22.2.4 - - [27/Aug/2023:10:37:25 -0500] "GET /BLA/boletinlegal/ HTTP/1.1" 200 58597
201.245.192.253 - - [27/Aug/2023:10:41:14 -0500] "POST /kwsrmcab/Wsrmcab  HTTP/1.1" 200 41818
216.245.221.92 - - [27/Aug/2023:10:42:13 -0500] "HEAD / HTTP/1.1" 200 -
172.22.2.4 - - [27/Aug/2023:10:42:24 -0500] "HEAD /BLA/boletinlegal/ HTTP/1.1" 200 -
191.156.55.2 - - [27/Aug/2023:10:44:29 -0500] "GET /secretaria-de-ambiente-abr HTTP/1.1" 404 1136
181.61.209.73 - - [27/Aug/2023:10:44:39 -0500] "GET /galeria/galeria/jquery.fancybox.css?v=2.1.5 HTTP/1.1" 200 4895
181.61.209.73 - - [27/Aug/2023:10:44:39 -0500] "GET /galeria/galeria/jquery.fancybox.js?v=2.1.5 HTTP/1.1" 200 48706
181.61.209.73 - - [27/Aug/2023:10:44:39 -0500] "GET /BLA/boletinlegal/js/jquery.scrollShow.js HTTP/1.1" 200 4586
191.156.62.128 - - [27/Aug/2023:10:44:50 -0500] "GET /secretaria-de-ambiente-abre-convocatoria-para-el-proceso-de-formacion-mujeres-cuidadoras-de-humedales.html HTTP/1.1" 200 943
66.249.66.39 - - [27/Aug/2023:10:44:54 -0500] "GET /cooperacion-internacional-postulate-para-la-coordinacion-ambiental-de-proyecto-con-la-union-europea-avantia.html HTTP/1.1" 304 -
172.22.2.4 - - [27/Aug/2023:10:43:15 -0500] "GET /BLA/boletinlegal/ HTTP/1.1" 200 60692
201.245.192.253 - - [27/Aug/2023:10:46:13 -0500] "POST /kwsrmcab/Wsrmcab  HTTP/1.1" 200 41818
216.245.221.92 - - [27/Aug/2023:10:47:13 -0500] "HEAD / HTTP/1.1" 200 -
38.156.13.22 - - [27/Aug/2023:10:48:43 -0500] "GET /secretaria-de-ambiente-abr HTTP/1.1" 404 1136
38.156.13.22 - - [27/Aug/2023:10:48:44 -0500] "GET /favicon.ico HTTP/1.1" 404 1346
38.156.13.22 - - [27/Aug/2023:10:48:51 -0500] "GET /secretaria-de-ambiente-abre-convocatoria-para-el-proceso-de-formacion-mujeres-cuidadoras-de-humedales.html HTTP/1.1" 200 943
123.126.50.146 - - [27/Aug/2023:10:49:48 -0500] "GET / HTTP/1.1" 200 319
172.22.2.4 - - [27/Aug/2023:10:48:14 -0500] "HEAD /BLA/boletinlegal/ HTTP/1.1" 200 -
172.22.2.4 - - [27/Aug/2023:10:49:05 -0500] "GET /BLA/boletinlegal/ HTTP/1.1" 200 58597
201.245.192.253 - - [27/Aug/2023:10:51:12 -0500] "POST /kwsrmcab/Wsrmcab  HTTP/1.1" 200 41818
162.55.165.184 - - [27/Aug/2023:10:51:56 -0500] "GET / HTTP/1.1" 200 319
162.55.165.184 - - [27/Aug/2023:10:51:58 -0500] "GET / HTTP/1.1" 200 4720
216.245.221.92 - - [27/Aug/2023:10:52:13 -0500] "HEAD / HTTP/1.1" 200 -
172.22.2.4 - - [27/Aug/2023:10:54:04 -0500] "HEAD /BLA/boletinlegal/ HTTP/1.1" 200 -
201.245.192.253 - - [27/Aug/2023:10:56:12 -0500] "POST /kwsrmcab/Wsrmcab  HTTP/1.1" 200 41818
40.77.167.61 - - [27/Aug/2023:10:56:21 -0500] "GET /BLA/resoluciones/AUTOS%202022/3113.pdf HTTP/1.1" 304 -
69.63.184.3 - - [27/Aug/2023:10:56:31 -0500] "GET /generadores-de-residuos-hospitalarios-son-responsables-solidarios-sobre-la-correcta-disposicion.html HTTP/1.1" 200 974
69.63.184.2 - - [27/Aug/2023:10:56:31 -0500] "GET /images/pieza-residuos-hospitalarios-11-febrero.jpg HTTP/1.1" 200 38755
40.77.167.61 - - [27/Aug/2023:10:57:09 -0500] "GET /Publicaciones/2023EE72590.pdf HTTP/1.1" 404 227
216.245.221.92 - - [27/Aug/2023:10:57:13 -0500] "HEAD / HTTP/1.1" 200 -
190.25.162.45 - - [27/Aug/2023:11:01:07 -0500] "GET /appsia/controlador HTTP/1.1" 200 4799
190.25.162.45 - - [27/Aug/2023:11:01:08 -0500] "GET /appsia/scripts/validarIngreso.js HTTP/1.1" 200 851
190.25.162.45 - - [27/Aug/2023:11:01:08 -0500] "GET /appsia/css/estilos.css HTTP/1.1" 200 4804
190.25.162.45 - - [27/Aug/2023:11:01:08 -0500] "GET /appsia/images/logo_bogota_p.png HTTP/1.1" 200 14951
190.25.162.45 - - [27/Aug/2023:11:01:08 -0500] "GET /appsia/images/cabezoteHojaVida.png HTTP/1.1" 200 32493
190.25.162.45 - - [27/Aug/2023:11:01:09 -0500] "GET /favicon.ico HTTP/1.1" 200 7782
190.25.162.45 - - [27/Aug/2023:11:01:13 -0500] "POST /appsia/controlador HTTP/1.1" 200 5437
201.245.192.253 - - [27/Aug/2023:11:01:10 -0500] "POST /kwsrmcab/Wsrmcab  HTTP/1.1" 200 41818
190.25.162.45 - - [27/Aug/2023:11:01:15 -0500] "POST /appsia/controlador HTTP/1.1" 200 7777
190.25.162.45 - - [27/Aug/2023:11:01:21 -0500] "POST /appsia/controlador HTTP/1.1" 200 6642
190.25.162.45 - - [27/Aug/2023:11:01:22 -0500] "POST /appsia/controlador HTTP/1.1" 200 9876
216.245.221.92 - - [27/Aug/2023:11:02:13 -0500] "HEAD / HTTP/1.1" 200 -
172.22.2.4 - - [27/Aug/2023:11:01:12 -0500] "HEAD /BLA/boletinlegal/ HTTP/1.1" 200 -
38.128.66.90 - - [27/Aug/2023:11:04:19 -0500] "GET /js/url.js HTTP/1.1" 404 1294
38.128.66.90 - - [27/Aug/2023:11:04:20 -0500] "GET /favicon.ico HTTP/1.1" 404 1294
201.245.192.253 - - [27/Aug/2023:11:06:09 -0500] "POST /kwsrmcab/Wsrmcab  HTTP/1.1" 200 41818
172.22.2.4 - - [27/Aug/2023:11:06:34 -0500] "GET /BLA/boletinlegal/Circulares/2011/Circular%20No.%205%20del%2014%20de%20Julio%20de%202011.pdf HTTP/1.1" 304 -
216.245.221.92 - - [27/Aug/2023:11:07:13 -0500] "HEAD / HTTP/1.1" 200 -
52.167.144.222 - - [27/Aug/2023:11:10:15 -0500] "GET /BLA/resoluciones/RESOLUCIONES%202021/3754.pdf HTTP/1.1" 200 430300
172.22.2.4 - - [27/Aug/2023:11:10:27 -0500] "GET /BLA/boletinlegal/actos.php HTTP/1.1" 200 9682
172.22.2.4 - - [27/Aug/2023:11:10:27 -0500] "GET /BLA/boletinlegal/styles2.css HTTP/1.1" 200 1838
172.22.2.4 - - [27/Aug/2023:11:10:27 -0500] "GET /BLA/boletinlegal/niceforms-default.css HTTP/1.1" 200 6694
172.22.2.4 - - [27/Aug/2023:11:10:27 -0500] "GET /BLA/boletinlegal/style.css HTTP/1.1" 200 9406
172.22.2.4 - - [27/Aug/2023:11:10:27 -0500] "GET /BLA/boletinlegal/js/lib.js HTTP/1.1" 200 6474
172.22.2.4 - - [27/Aug/2023:11:10:27 -0500] "GET /BLA/boletinlegal/js/popup.js HTTP/1.1" 200 1270
172.22.2.4 - - [27/Aug/2023:11:10:27 -0500] "GET /BLA/boletinlegal/js/jquery1.js HTTP/1.1" 200 29846
172.22.2.4 - - [27/Aug/2023:11:10:27 -0500] "GET /BLA/boletinlegal/niceforms.js HTTP/1.1" 200 22876
172.22.2.4 - - [27/Aug/2023:11:10:27 -0500] "GET /BLA/boletinlegal/js/ajax_actos.js HTTP/1.1" 200 1322
172.22.2.4 - - [27/Aug/2023:11:10:27 -0500] "GET /BLA/boletinlegal/images/cabezote%20BLEGAL.jpg HTTP/1.1" 200 118164
172.22.2.4 - - [27/Aug/2023:11:10:27 -0500] "GET /BLA/boletinlegal/images/subscribe-icon-big.png HTTP/1.1" 200 47702
172.22.2.4 - - [27/Aug/2023:11:10:27 -0500] "GET /BLA/boletinlegal/images/historia.png HTTP/1.1" 200 52775
172.22.2.4 - - [27/Aug/2023:11:10:27 -0500] "GET /BLA/boletinlegal/images/registro-usuarios.png HTTP/1.1" 200 8106
172.22.2.4 - - [27/Aug/2023:11:10:27 -0500] "GET /BLA/boletinlegal/images/green-yellow-blue-pink-th.png HTTP/1.1" 200 7394
172.22.2.4 - - [27/Aug/2023:11:10:27 -0500] "GET /BLA/boletinlegal/images/tel.png HTTP/1.1" 200 14477
172.22.2.4 - - [27/Aug/2023:11:10:27 -0500] "GET /BLA/boletinlegal/images/icono-email.png HTTP/1.1" 200 5544
172.22.2.4 - - [27/Aug/2023:11:10:27 -0500] "GET /BLA/boletinlegal/images/body_bg.jpg HTTP/1.1" 200 1601
172.22.2.4 - - [27/Aug/2023:11:10:27 -0500] "GET /BLA/boletinlegal/images/menu_lft.gif HTTP/1.1" 200 1713
172.22.2.4 - - [27/Aug/2023:11:10:27 -0500] "GET /BLA/boletinlegal/images/menu_rght.gif HTTP/1.1" 200 1627
172.22.2.4 - - [27/Aug/2023:11:10:27 -0500] "GET /BLA/boletinlegal/images/footer_bg.jpg HTTP/1.1" 200 586
172.22.2.4 - - [27/Aug/2023:11:10:27 -0500] "GET /BLA/boletinlegal/images/bg_top.jpg HTTP/1.1" 200 522
172.22.2.4 - - [27/Aug/2023:11:10:27 -0500] "GET /BLA/boletinlegal/images/menu_bg.jpg HTTP/1.1" 200 620
172.22.2.4 - - [27/Aug/2023:11:10:27 -0500] "GET /BLA/boletinlegal/images/text.jpg HTTP/1.1" 200 568
172.22.2.4 - - [27/Aug/2023:11:10:27 -0500] "GET /BLA/boletinlegal/images/footer_bg_l.jpg HTTP/1.1" 200 776
172.22.2.4 - - [27/Aug/2023:11:10:27 -0500] "GET /BLA/boletinlegal/images/hover.jpg HTTP/1.1" 200 640
172.22.2.4 - - [27/Aug/2023:11:10:27 -0500] "GET /BLA/boletinlegal/img/select-right.png HTTP/1.1" 200 44019
172.22.2.4 - - [27/Aug/2023:11:10:27 -0500] "GET /BLA/boletinlegal/img/select-left.png HTTP/1.1" 200 263
172.22.2.4 - - [27/Aug/2023:11:10:27 -0500] "GET /BLA/boletinlegal/img/0.png HTTP/1.1" 200 110
172.22.2.4 - - [27/Aug/2023:11:10:27 -0500] "GET /BLA/boletinlegal/img/button.png HTTP/1.1" 200 43241
172.22.2.4 - - [27/Aug/2023:11:10:27 -0500] "GET /BLA/boletinlegal/img/button-left.png HTTP/1.1" 200 57071
172.22.2.4 - - [27/Aug/2023:11:10:27 -0500] "GET /BLA/boletinlegal/img/button-right.png HTTP/1.1" 200 57878
172.22.2.4 - - [27/Aug/2023:11:10:27 -0500] "GET /BLA/boletinlegal/favicon.ico HTTP/1.1" 404 1326
52.167.144.222 - - [27/Aug/2023:11:11:01 -0500] "GET /BLA/boletinlegal/norma_menu.php HTTP/1.1" 200 6328
201.245.192.253 - - [27/Aug/2023:11:11:08 -0500] "POST /kwsrmcab/Wsrmcab  HTTP/1.1" 200 41818
172.22.2.4 - - [27/Aug/2023:11:11:25 -0500] "GET /BLA/boletinlegal/consulta_actos.php?tipo=autos&no=3085&usuario=&sector=COMPETENCIA&fecha=2023&resuelve= HTTP/1.1" 200 626
52.167.144.108 - - [27/Aug/2023:11:11:43 -0500] "GET /Publicaciones/2023EE118875.pdf HTTP/1.1" 404 228
191.102.117.217 - - [27/Aug/2023:11:13:13 -0500] "GET /forest/ HTTP/1.1" 200 12041
191.102.117.217 - - [27/Aug/2023:11:14:42 -0500] "POST /forest/index.php HTTP/1.1" 200 12268
201.245.192.253 - - [27/Aug/2023:11:16:07 -0500] "POST /kwsrmcab/Wsrmcab  HTTP/1.1" 200 41818
201.245.192.253 - - [27/Aug/2023:11:18:48 -0500] "POST /kwsrmcab/Wsrmcab HTTP/1.1" 200 40583
201.245.192.253 - - [27/Aug/2023:11:18:51 -0500] "POST /kwsrmcab/Wsrmcab HTTP/1.1" 200 43973
186.155.13.150 - - [27/Aug/2023:11:19:25 -0500] "GET /secretaria-de-ambiente-abre-convocatoria-para-el-proceso-de-formacion-mujeres-cuidadoras-de-humedales.html?fbclid=IwAR1ENN-RECALqAFaE90Z7oToDJ-Y3L4JT11ydpFL-teSseCf74WfrrRHJ-w HTTP/1.1" 200 943
186.31.78.56 - - [27/Aug/2023:11:20:48 -0500] "GET /secretaria-de-ambiente-abre-convocatoria-para-el-proceso-de-formacion-mujeres-cuidadoras-de-humedales.html?fbclid=IwAR0T8J2M3FdRm_ClW898hW0zPBjkHTwVwj0tQzkQRT5G0oMSonP5OPWMYvs HTTP/1.1" 200 943
201.245.192.253 - - [27/Aug/2023:11:21:06 -0500] "POST /kwsrmcab/Wsrmcab  HTTP/1.1" 200 41818
40.77.167.79 - - [27/Aug/2023:11:21:33 -0500] "GET /Publicaciones/2023EE195461.pdf HTTP/1.1" 200 231434
216.245.221.92 - - [27/Aug/2023:11:22:13 -0500] "HEAD / HTTP/1.1" 200 -
168.119.51.200 - - [27/Aug/2023:11:22:55 -0500] "GET / HTTP/1.1" 200 319
168.119.51.200 - - [27/Aug/2023:11:22:55 -0500] "GET / HTTP/1.1" 200 4720
201.245.192.253 - - [27/Aug/2023:11:26:05 -0500] "POST /kwsrmcab/Wsrmcab  HTTP/1.1" 200 41818
201.245.192.253 - - [27/Aug/2023:11:28:47 -0500] "POST /kwsrmcab/Wsrmcab HTTP/1.1" 200 40583
201.245.192.253 - - [27/Aug/2023:11:28:51 -0500] "POST /kwsrmcab/Wsrmcab HTTP/1.1" 200 43973
40.77.167.47 - - [27/Aug/2023:11:29:02 -0500] "GET /Publicaciones/2023EE192944.pdf HTTP/1.1" 200 6828205
201.245.192.253 - - [27/Aug/2023:11:31:04 -0500] "POST /kwsrmcab/Wsrmcab  HTTP/1.1" 200 41818
201.245.192.253 - - [27/Aug/2023:11:36:04 -0500] "POST /kwsrmcab/Wsrmcab  HTTP/1.1" 200 41818
216.245.221.92 - - [27/Aug/2023:11:37:13 -0500] "HEAD / HTTP/1.1" 200 -
162.55.170.174 - - [27/Aug/2023:11:37:58 -0500] "GET / HTTP/1.1" 200 319
162.55.170.174 - - [27/Aug/2023:11:37:58 -0500] "GET / HTTP/1.1" 200 4720
172.22.2.4 - - [27/Aug/2023:11:38:29 -0500] "GET /BLA/boletinlegal/actos.php HTTP/1.1" 200 9682
172.22.2.4 - - [27/Aug/2023:11:38:29 -0500] "GET /BLA/boletinlegal/favicon.ico HTTP/1.1" 404 1326
201.245.192.253 - - [27/Aug/2023:11:38:48 -0500] "POST /kwsrmcab/Wsrmcab HTTP/1.1" 200 40583
172.22.2.4 - - [27/Aug/2023:11:38:52 -0500] "GET /BLA/boletinlegal/consulta_actos.php?tipo=resoluciones&no=3233&usuario=&sector=&fecha=2011&resuelve= HTTP/1.1" 200 1052
186.84.90.126 - - [27/Aug/2023:11:38:53 -0500] "GET /BLA/resoluciones/RESOLUCIONES%202011/3233.pdf HTTP/1.1" 200 681846
201.245.192.253 - - [27/Aug/2023:11:38:51 -0500] "POST /kwsrmcab/Wsrmcab HTTP/1.1" 200 43973
172.22.2.4 - - [27/Aug/2023:11:38:27 -0500] "GET /BLA/boletinlegal/ HTTP/1.1" 200 24523
