216.245.221.92 - - [27/Aug/2023:04:12:14 -0500] "HEAD / HTTP/1.1" 200 -
201.245.192.253 - - [27/Aug/2023:04:12:34 -0500] "POST /kwsrmcab/Wsrmcab  HTTP/1.1" 200 41818
172.22.2.4 - - [27/Aug/2023:04:11:35 -0500] "HEAD /BLA/boletinlegal/ HTTP/1.1" 200 -
172.22.2.4 - - [27/Aug/2023:04:12:26 -0500] "GET /BLA/boletinlegal/ HTTP/1.1" 200 60692
52.167.144.181 - - [27/Aug/2023:04:14:46 -0500] "GET /BLA/resoluciones/RESOLUCIONES%202013/0900.pdf HTTP/1.1" 200 236565
69.63.189.116 - - [27/Aug/2023:04:16:41 -0500] "GET /images/avistamiento-aves.jpg HTTP/1.1" 200 104313
216.245.221.92 - - [27/Aug/2023:04:17:14 -0500] "HEAD / HTTP/1.1" 200 -
201.245.192.253 - - [27/Aug/2023:04:17:34 -0500] "POST /kwsrmcab/Wsrmcab  HTTP/1.1" 200 41818
66.249.66.194 - - [27/Aug/2023:04:18:48 -0500] "GET /mas-de-28-toneladas-de-residuos-se-recolectaron-en-la-primera-reciclaton-2023.html HTTP/1.1" 200 726
201.245.192.253 - - [27/Aug/2023:04:18:49 -0500] "POST /kwsrmcab/Wsrmcab HTTP/1.1" 200 43172
201.245.192.253 - - [27/Aug/2023:04:18:53 -0500] "POST /kwsrmcab/Wsrmcab HTTP/1.1" 200 43679
172.22.2.4 - - [27/Aug/2023:04:17:25 -0500] "HEAD /BLA/boletinlegal/ HTTP/1.1" 200 -
64.124.8.21 - - [27/Aug/2023:04:19:48 -0500] "GET /robots.txt HTTP/1.1" 404 1049
64.124.8.21 - - [27/Aug/2023:04:19:48 -0500] "GET /BLA/boletinlegal/jurisprudencia/analisis/CUADRO%20SENTENCIA%20T-299%20DE%202008.doc HTTP/1.1" 200 40960
172.22.2.4 - - [27/Aug/2023:04:18:16 -0500] "GET /BLA/boletinlegal/ HTTP/1.1" 200 59699
52.167.144.223 - - [27/Aug/2023:04:20:25 -0500] "GET /BLA/resoluciones/AUTOS%202023/1280.pdf HTTP/1.1" 200 798355
216.245.221.92 - - [27/Aug/2023:04:22:14 -0500] "HEAD / HTTP/1.1" 200 -
201.245.192.253 - - [27/Aug/2023:04:22:32 -0500] "POST /kwsrmcab/Wsrmcab  HTTP/1.1" 200 41818
172.22.2.4 - - [27/Aug/2023:04:23:15 -0500] "HEAD /BLA/boletinlegal/ HTTP/1.1" 200 -
172.22.2.4 - - [27/Aug/2023:04:24:06 -0500] "GET /BLA/boletinlegal/ HTTP/1.1" 200 58187
216.245.221.92 - - [27/Aug/2023:04:27:14 -0500] "HEAD / HTTP/1.1" 200 -
201.245.192.253 - - [27/Aug/2023:04:27:31 -0500] "POST /kwsrmcab/Wsrmcab  HTTP/1.1" 200 41818
172.22.2.4 - - [27/Aug/2023:04:27:56 -0500] "GET /BLA/boletinlegal/jurisprudencia/analisis/AnalisisT-693-12.docx HTTP/1.1" 200 25737
66.249.70.7 - - [27/Aug/2023:04:28:36 -0500] "GET /BLA/boletinlegal/js/jquery.scrollShow.js HTTP/1.1" 200 4586
186.84.88.235 - - [27/Aug/2023:04:28:48 -0500] "GET /secretaria-de-ambiente-abre-convocatoria-para-el-proceso-de-formacion-mujeres-cuidadoras-de-humedales.html HTTP/1.1" 200 943
201.245.192.253 - - [27/Aug/2023:04:28:49 -0500] "POST /kwsrmcab/Wsrmcab HTTP/1.1" 200 43172
201.245.192.253 - - [27/Aug/2023:04:28:52 -0500] "GET /kwsrmcab/Wsrmcab?wsdl HTTP/1.1" 200 6948
201.245.192.253 - - [27/Aug/2023:04:28:52 -0500] "POST /kwsrmcab/Wsrmcab HTTP/1.1" 200 43679
52.167.144.108 - - [27/Aug/2023:04:29:27 -0500] "GET /sitemap.xml HTTP/1.1" 404 1018
64.124.8.27 - - [27/Aug/2023:04:30:40 -0500] "GET /robots.txt HTTP/1.1" 404 1035
64.124.8.27 - - [27/Aug/2023:04:30:40 -0500] "GET /portaldeninos/2021/05/30/cambio-climatico/ HTTP/1.1" 200 93898
172.22.2.4 - - [27/Aug/2023:04:29:05 -0500] "HEAD /BLA/boletinlegal/ HTTP/1.1" 200 -
172.22.2.4 - - [27/Aug/2023:04:29:56 -0500] "GET /BLA/boletinlegal/ HTTP/1.1" 200 58187
95.108.213.221 - - [27/Aug/2023:04:31:58 -0500] "GET /robots.txt HTTP/1.1" 404 1018
213.180.203.58 - - [27/Aug/2023:04:31:59 -0500] "GET / HTTP/1.1" 200 319
216.245.221.92 - - [27/Aug/2023:04:32:14 -0500] "HEAD / HTTP/1.1" 200 -
201.245.192.253 - - [27/Aug/2023:04:32:29 -0500] "POST /kwsrmcab/Wsrmcab  HTTP/1.1" 200 41818
216.244.66.246 - - [27/Aug/2023:04:33:45 -0500] "GET /robots.txt HTTP/1.1" 404 1034
40.77.167.10 - - [27/Aug/2023:04:35:19 -0500] "GET /varios-individuos-de-fauna-regresaron-a-la-libertad-en-el-dia-nacional-de-la-vida-silvestre.html HTTP/1.1" 200 870
172.22.2.4 - - [27/Aug/2023:04:34:55 -0500] "HEAD /BLA/boletinlegal/ HTTP/1.1" 200 -
216.245.221.92 - - [27/Aug/2023:04:37:14 -0500] "HEAD / HTTP/1.1" 200 -
172.22.2.4 - - [27/Aug/2023:04:35:46 -0500] "GET /BLA/boletinlegal/ HTTP/1.1" 200 52656
201.245.192.253 - - [27/Aug/2023:04:37:28 -0500] "POST /kwsrmcab/Wsrmcab  HTTP/1.1" 200 41818
40.77.167.39 - - [27/Aug/2023:04:38:00 -0500] "GET /Publicaciones/2023EE192551.pdf HTTP/1.1" 200 506020
162.55.43.55 - - [27/Aug/2023:04:38:34 -0500] "GET / HTTP/1.1" 200 4720
162.55.43.55 - - [27/Aug/2023:04:38:36 -0500] "GET / HTTP/1.1" 200 319
201.245.192.253 - - [27/Aug/2023:04:38:49 -0500] "POST /kwsrmcab/Wsrmcab HTTP/1.1" 200 43172
201.245.192.253 - - [27/Aug/2023:04:38:53 -0500] "POST /kwsrmcab/Wsrmcab HTTP/1.1" 200 43679
172.22.2.4 - - [27/Aug/2023:04:41:21 -0500] "GET /BLA/boletinlegal/jurisprudencia/analisis/CUADRO%20SENTENCIA%20C-245%20DE%202004.doc HTTP/1.1" 200 65536
216.245.221.92 - - [27/Aug/2023:04:42:14 -0500] "HEAD / HTTP/1.1" 200 -
172.22.2.4 - - [27/Aug/2023:04:40:45 -0500] "HEAD /BLA/boletinlegal/ HTTP/1.1" 200 -
64.124.8.54 - - [27/Aug/2023:04:42:28 -0500] "GET /robots.txt HTTP/1.1" 404 1018
64.124.8.54 - - [27/Aug/2023:04:42:28 -0500] "GET /transparencia/financiera/1%20Ejecucion%20Presupuestal/ HTTP/1.1" 200 65538
201.245.192.253 - - [27/Aug/2023:04:42:27 -0500] "POST /kwsrmcab/Wsrmcab  HTTP/1.1" 200 41818
66.249.70.6 - - [27/Aug/2023:04:42:53 -0500] "GET /BLA/resoluciones/RESOLUCIONES%202008/4462.pdf HTTP/1.1" 200 696783
172.22.2.4 - - [27/Aug/2023:04:41:36 -0500] "GET /BLA/boletinlegal/ HTTP/1.1" 200 58597
66.249.70.7 - - [27/Aug/2023:04:46:07 -0500] "GET /BLA/resoluciones/AUTOS%202007/1686.pdf HTTP/1.1" 200 144797
216.245.221.92 - - [27/Aug/2023:04:47:14 -0500] "HEAD / HTTP/1.1" 200 -
201.245.192.253 - - [27/Aug/2023:04:47:26 -0500] "POST /kwsrmcab/Wsrmcab  HTTP/1.1" 200 41818
172.22.2.4 - - [27/Aug/2023:04:46:35 -0500] "HEAD /BLA/boletinlegal/ HTTP/1.1" 200 -
172.22.2.4 - - [27/Aug/2023:04:47:26 -0500] "GET /BLA/boletinlegal/ HTTP/1.1" 200 57790
172.22.2.4 - - [27/Aug/2023:04:49:43 -0500] "GET /BLA/boletinlegal/ HTTP/1.1" 200 32715
66.249.70.6 - - [27/Aug/2023:04:51:21 -0500] "GET /BLA/resoluciones/RESOLUCIONES%202009/6537.pdf HTTP/1.1" 200 436417
216.245.221.92 - - [27/Aug/2023:04:52:14 -0500] "HEAD / HTTP/1.1" 200 -
201.245.192.253 - - [27/Aug/2023:04:52:26 -0500] "POST /kwsrmcab/Wsrmcab  HTTP/1.1" 200 41818
172.22.2.4 - - [27/Aug/2023:04:52:25 -0500] "HEAD /BLA/boletinlegal/ HTTP/1.1" 200 -
172.22.2.4 - - [27/Aug/2023:04:53:15 -0500] "GET /BLA/boletinlegal/ HTTP/1.1" 200 60692
66.249.70.6 - - [27/Aug/2023:04:55:28 -0500] "GET /BLA/resoluciones/RESOLUCIONES%202009/5257.pdf HTTP/1.1" 200 327204
216.245.221.92 - - [27/Aug/2023:04:57:14 -0500] "HEAD / HTTP/1.1" 200 -
201.245.192.253 - - [27/Aug/2023:04:57:25 -0500] "POST /kwsrmcab/Wsrmcab  HTTP/1.1" 200 41818
40.77.167.143 - - [27/Aug/2023:04:58:30 -0500] "GET /BLA/resoluciones/RESOLUCIONES%202022/1546.pdf HTTP/1.1" 200 564318
66.249.70.5 - - [27/Aug/2023:04:59:31 -0500] "GET /BLA/resoluciones/RESOLUCIONES%202009/3501.pdf HTTP/1.1" 200 697486
172.22.2.4 - - [27/Aug/2023:04:58:15 -0500] "HEAD /BLA/boletinlegal/ HTTP/1.1" 200 -
172.22.2.4 - - [27/Aug/2023:04:59:05 -0500] "GET /BLA/boletinlegal/ HTTP/1.1" 200 60692
66.249.70.6 - - [27/Aug/2023:05:01:04 -0500] "GET /BLA/resoluciones/RESOLUCIONES%202009/3036.pdf HTTP/1.1" 200 423976
166.0.218.53 - - [27/Aug/2023:05:01:35 -0500] "GET / HTTP/1.1" 200 319
216.245.221.92 - - [27/Aug/2023:05:02:14 -0500] "HEAD / HTTP/1.1" 200 -
201.245.192.253 - - [27/Aug/2023:05:02:23 -0500] "POST /kwsrmcab/Wsrmcab  HTTP/1.1" 200 41818
123.126.50.37 - - [27/Aug/2023:05:02:50 -0500] "GET / HTTP/1.1" 200 319
66.249.70.5 - - [27/Aug/2023:05:05:31 -0500] "GET /BLA/resoluciones/RESOLUCIONES%202011/3471.pdf HTTP/1.1" 200 535192
172.22.2.4 - - [27/Aug/2023:05:04:05 -0500] "HEAD /BLA/boletinlegal/ HTTP/1.1" 200 -
172.22.2.4 - - [27/Aug/2023:05:04:55 -0500] "GET /BLA/boletinlegal/ HTTP/1.1" 200 53013
216.245.221.92 - - [27/Aug/2023:05:07:14 -0500] "HEAD / HTTP/1.1" 200 -
3.82.146.165 - - [27/Aug/2023:05:07:20 -0500] "GET /portaldeninos/ HTTP/1.1" 200 110175
201.245.192.253 - - [27/Aug/2023:05:07:23 -0500] "POST /kwsrmcab/Wsrmcab  HTTP/1.1" 200 41818
216.244.66.246 - - [27/Aug/2023:05:07:38 -0500] "GET /secretaria-de-estado-de-desarrollo-francofonia-y-colaboracion-internacional-de-francia-destaco-el-ecobarrio-la-esmeralda-en-teusaquillo.html HTTP/1.1" 200 1091
66.249.70.5 - - [27/Aug/2023:05:08:22 -0500] "GET /BLA/resoluciones/AUTOS%202014/0984.pdf HTTP/1.1" 200 286283
52.167.144.108 - - [27/Aug/2023:05:11:10 -0500] "GET /sipse/faces/faces/autenticacion.xhtml HTTP/1.1" 200 12494
172.22.2.4 - - [27/Aug/2023:05:09:55 -0500] "HEAD /BLA/boletinlegal/ HTTP/1.1" 200 -
216.245.221.92 - - [27/Aug/2023:05:12:14 -0500] "HEAD / HTTP/1.1" 200 -
201.245.192.253 - - [27/Aug/2023:05:12:21 -0500] "POST /kwsrmcab/Wsrmcab  HTTP/1.1" 200 41818
172.22.2.4 - - [27/Aug/2023:05:10:45 -0500] "GET /BLA/boletinlegal/ HTTP/1.1" 200 52656
40.77.167.30 - - [27/Aug/2023:05:13:41 -0500] "GET /Publicaciones/2023EE192911.pdf HTTP/1.1" 200 232008
216.245.221.92 - - [27/Aug/2023:05:17:14 -0500] "HEAD / HTTP/1.1" 200 -
201.245.192.253 - - [27/Aug/2023:05:17:20 -0500] "POST /kwsrmcab/Wsrmcab  HTTP/1.1" 200 41818
172.22.2.4 - - [27/Aug/2023:05:15:45 -0500] "HEAD /BLA/boletinlegal/ HTTP/1.1" 200 -
172.22.2.4 - - [27/Aug/2023:05:16:35 -0500] "GET /BLA/boletinlegal/ HTTP/1.1" 200 53362
201.245.192.253 - - [27/Aug/2023:05:18:49 -0500] "POST /kwsrmcab/Wsrmcab HTTP/1.1" 200 43332
201.245.192.253 - - [27/Aug/2023:05:18:52 -0500] "POST /kwsrmcab/Wsrmcab HTTP/1.1" 200 43658
216.245.221.92 - - [27/Aug/2023:05:22:14 -0500] "HEAD / HTTP/1.1" 200 -
201.245.192.253 - - [27/Aug/2023:05:22:20 -0500] "POST /kwsrmcab/Wsrmcab  HTTP/1.1" 200 41818
172.22.2.4 - - [27/Aug/2023:05:21:35 -0500] "HEAD /BLA/boletinlegal/ HTTP/1.1" 200 -
172.22.2.4 - - [27/Aug/2023:05:23:27 -0500] "GET /BLA/boletinlegal/.env HTTP/1.1" 404 1038
172.22.2.4 - - [27/Aug/2023:05:22:25 -0500] "GET /BLA/boletinlegal/ HTTP/1.1" 200 52656
172.22.2.4 - - [27/Aug/2023:05:26:36 -0500] "GET /BLA/boletinlegal/robots.txt HTTP/1.1" 404 1037
216.245.221.92 - - [27/Aug/2023:05:27:14 -0500] "HEAD / HTTP/1.1" 200 -
201.245.192.253 - - [27/Aug/2023:05:27:18 -0500] "POST /kwsrmcab/Wsrmcab  HTTP/1.1" 200 41818
172.22.2.4 - - [27/Aug/2023:05:26:36 -0500] "GET /BLA/boletinlegal/ HTTP/1.1" 200 60692
181.54.228.54 - - [27/Aug/2023:05:28:41 -0500] "GET /BLA/resoluciones/dlf/styles.css HTTP/1.1" 200 3049
181.54.228.54 - - [27/Aug/2023:05:28:41 -0500] "GET /BLA/resoluciones/dlf/dirup.png HTTP/1.1" 200 644
181.54.228.54 - - [27/Aug/2023:05:28:41 -0500] "GET /BLA/resoluciones/dlf/pdf.gif HTTP/1.1" 200 272
181.54.228.54 - - [27/Aug/2023:05:28:40 -0500] "GET /BLA/resoluciones/index.php?dir=AUTOS+2023%2F HTTP/1.1" 200 250078
181.54.228.54 - - [27/Aug/2023:05:28:41 -0500] "GET /BLA/resoluciones/dlf/archive.png HTTP/1.1" 200 632
181.54.228.54 - - [27/Aug/2023:05:28:41 -0500] "GET /BLA/resoluciones/dlf/bg.gif HTTP/1.1" 200 54
201.245.192.253 - - [27/Aug/2023:05:28:48 -0500] "POST /kwsrmcab/Wsrmcab HTTP/1.1" 200 43332
201.245.192.253 - - [27/Aug/2023:05:28:52 -0500] "POST /kwsrmcab/Wsrmcab HTTP/1.1" 200 43658
172.22.2.4 - - [27/Aug/2023:05:27:25 -0500] "HEAD /BLA/boletinlegal/ HTTP/1.1" 200 -
172.22.2.4 - - [27/Aug/2023:05:28:15 -0500] "GET /BLA/boletinlegal/ HTTP/1.1" 200 56257
216.245.221.92 - - [27/Aug/2023:05:32:14 -0500] "HEAD / HTTP/1.1" 200 -
201.245.192.253 - - [27/Aug/2023:05:32:17 -0500] "POST /kwsrmcab/Wsrmcab  HTTP/1.1" 200 41818
172.22.2.4 - - [27/Aug/2023:05:33:15 -0500] "HEAD /BLA/boletinlegal/ HTTP/1.1" 200 -
207.46.13.208 - - [27/Aug/2023:05:35:06 -0500] "GET /BLA/resoluciones/AUTOS%202021/4555.pdf HTTP/1.1" 304 -
172.22.2.4 - - [27/Aug/2023:05:34:05 -0500] "GET /BLA/boletinlegal/ HTTP/1.1" 200 58597
216.245.221.92 - - [27/Aug/2023:05:37:14 -0500] "HEAD / HTTP/1.1" 200 -
201.245.192.253 - - [27/Aug/2023:05:37:16 -0500] "POST /kwsrmcab/Wsrmcab  HTTP/1.1" 200 41818
172.22.2.4 - - [27/Aug/2023:05:37:22 -0500] "GET /BLA/boletinlegal/actos.php HTTP/1.1" 200 9682
172.22.2.4 - - [27/Aug/2023:05:37:22 -0500] "GET /BLA/boletinlegal/favicon.ico HTTP/1.1" 404 1326
172.22.2.4 - - [27/Aug/2023:05:37:34 -0500] "GET /BLA/boletinlegal/consulta_actos.php?tipo=autos&no=6355&usuario=&sector=&fecha=2010&resuelve= HTTP/1.1" 200 1041
172.22.2.4 - - [27/Aug/2023:05:37:18 -0500] "GET /BLA/boletinlegal/ HTTP/1.1" 200 24523
181.58.60.135 - - [27/Aug/2023:05:38:04 -0500] "GET /BLA/resoluciones/ HTTP/1.1" 200 13502
181.58.60.135 - - [27/Aug/2023:05:38:07 -0500] "GET /BLA/resoluciones/index.php?dir=AUTOS+2010%2F HTTP/1.1" 200 280209
201.245.192.253 - - [27/Aug/2023:05:38:49 -0500] "POST /kwsrmcab/Wsrmcab HTTP/1.1" 200 43332
201.245.192.253 - - [27/Aug/2023:05:38:52 -0500] "POST /kwsrmcab/Wsrmcab HTTP/1.1" 200 43658
172.22.2.4 - - [27/Aug/2023:05:39:05 -0500] "HEAD /BLA/boletinlegal/ HTTP/1.1" 200 -
66.249.70.7 - - [27/Aug/2023:05:41:16 -0500] "GET /isolucionsda/FrameSetArticulo.asp?Pagina=/ISOlucionSDA/bancoconocimiento/D/Decreto1772deAgosto3de1994/Decreto1772deAgosto3de1994.asp?IdArticulo=586 HTTP/1.1" 200 527
66.249.70.5 - - [27/Aug/2023:05:41:17 -0500] "GET /Publicaciones/2022EE119719.pdf HTTP/1.1" 404 228
172.22.2.4 - - [27/Aug/2023:05:39:55 -0500] "GET /BLA/boletinlegal/ HTTP/1.1" 200 53013
216.245.221.92 - - [27/Aug/2023:05:42:14 -0500] "HEAD / HTTP/1.1" 200 -
201.245.192.253 - - [27/Aug/2023:05:42:14 -0500] "POST /kwsrmcab/Wsrmcab  HTTP/1.1" 200 41818
64.124.8.54 - - [27/Aug/2023:05:42:54 -0500] "GET /BLA/boletinlegal/conceptos.php HTTP/1.1" 200 7496
211.130.63.227 - - [27/Aug/2023:05:45:43 -0500] "GET /galeria/galeria/fotos/mirador4P.jpg HTTP/1.1" 200 11757
172.22.2.4 - - [27/Aug/2023:05:44:55 -0500] "HEAD /BLA/boletinlegal/ HTTP/1.1" 200 -
216.245.221.92 - - [27/Aug/2023:05:47:14 -0500] "HEAD / HTTP/1.1" 200 -
201.245.192.253 - - [27/Aug/2023:05:47:13 -0500] "POST /kwsrmcab/Wsrmcab  HTTP/1.1" 200 41818
168.119.61.24 - - [27/Aug/2023:05:47:19 -0500] "GET / HTTP/1.1" 200 4720
168.119.61.24 - - [27/Aug/2023:05:47:21 -0500] "GET / HTTP/1.1" 200 319
172.22.2.4 - - [27/Aug/2023:05:45:45 -0500] "GET /BLA/boletinlegal/ HTTP/1.1" 200 48660
172.22.2.4 - - [27/Aug/2023:05:49:29 -0500] "GET /BLA/boletinlegal/ HTTP/1.1" 200 60692
216.245.221.92 - - [27/Aug/2023:05:52:14 -0500] "HEAD / HTTP/1.1" 200 -
201.245.192.253 - - [27/Aug/2023:05:52:12 -0500] "POST /kwsrmcab/Wsrmcab  HTTP/1.1" 200 41818
172.22.2.4 - - [27/Aug/2023:05:50:45 -0500] "HEAD /BLA/boletinlegal/ HTTP/1.1" 200 -
54.83.107.244 - - [27/Aug/2023:05:52:37 -0500] "GET /inscribete-y-participa-en-la-convencion-internacional-de-emergencia-climatica-bogota-2023.html HTTP/1.1" 200 895
54.83.107.244 - - [27/Aug/2023:05:52:38 -0500] "GET /mejora-tu-bienestar-con-las-caminatas-ecologicas-%C3%82%C2%A1conoce-la-programacion-de-agosto.html HTTP/1.1" 200 873
172.22.2.4 - - [27/Aug/2023:05:51:35 -0500] "GET /BLA/boletinlegal/ HTTP/1.1" 200 61130
54.83.107.244 - - [27/Aug/2023:05:53:15 -0500] "GET /portaldeninos/ HTTP/1.1" 200 110175
168.119.253.21 - - [27/Aug/2023:05:53:17 -0500] "GET / HTTP/1.1" 200 319
168.119.253.21 - - [27/Aug/2023:05:53:18 -0500] "GET / HTTP/1.1" 200 4720
172.22.2.4 - - [27/Aug/2023:05:53:19 -0500] "GET /BLA/boletinlegal/actos.php HTTP/1.1" 200 9682
172.22.2.4 - - [27/Aug/2023:05:54:20 -0500] "GET /BLA/boletinlegal/anLA HTTP/1.1" 404 1018
172.22.2.4 - - [27/Aug/2023:05:54:22 -0500] "GET /BLA/boletinlegal/kHUU HTTP/1.1" 404 1018
172.22.2.4 - - [27/Aug/2023:05:54:22 -0500] "GET /BLA/boletinlegal/aab8 HTTP/1.1" 404 1018
172.22.2.4 - - [27/Aug/2023:05:54:24 -0500] "GET /BLA/boletinlegal/jquery-3.3.1.slim.min.js HTTP/1.1" 404 1018
172.22.2.4 - - [27/Aug/2023:05:54:24 -0500] "GET /BLA/boletinlegal/aab9 HTTP/1.1" 404 1018
172.22.2.4 - - [27/Aug/2023:05:54:25 -0500] "GET /BLA/boletinlegal/jquery-3.3.2.slim.min.js HTTP/1.1" 404 1018
96.127.174.90 - - [27/Aug/2023:05:55:35 -0500] "GET / HTTP/1.1" 200 319
201.245.192.253 - - [27/Aug/2023:05:57:11 -0500] "POST /kwsrmcab/Wsrmcab  HTTP/1.1" 200 41818
216.245.221.92 - - [27/Aug/2023:05:57:14 -0500] "HEAD / HTTP/1.1" 200 -
172.22.2.4 - - [27/Aug/2023:05:56:35 -0500] "HEAD /BLA/boletinlegal/ HTTP/1.1" 200 -
172.22.2.4 - - [27/Aug/2023:05:57:25 -0500] "GET /BLA/boletinlegal/ HTTP/1.1" 200 59699
168.119.101.10 - - [27/Aug/2023:06:00:32 -0500] "GET / HTTP/1.1" 200 4720
168.119.101.10 - - [27/Aug/2023:06:00:34 -0500] "GET / HTTP/1.1" 200 319
172.22.2.4 - - [27/Aug/2023:06:01:08 -0500] "GET /BLA/boletinlegal/favicon.ico HTTP/1.1" 404 1018
172.22.2.4 - - [27/Aug/2023:06:00:52 -0500] "GET /BLA/boletinlegal/ HTTP/1.1" 200 20427
172.22.2.4 - - [27/Aug/2023:06:00:52 -0500] "GET /BLA/boletinlegal/ HTTP/1.1" 200 32715
201.245.192.253 - - [27/Aug/2023:06:02:10 -0500] "POST /kwsrmcab/Wsrmcab  HTTP/1.1" 200 41818
216.245.221.92 - - [27/Aug/2023:06:02:14 -0500] "HEAD / HTTP/1.1" 200 -
172.22.2.4 - - [27/Aug/2023:06:02:25 -0500] "HEAD /BLA/boletinlegal/ HTTP/1.1" 200 -
172.22.2.4 - - [27/Aug/2023:06:03:15 -0500] "GET /BLA/boletinlegal/ HTTP/1.1" 200 53013
201.245.192.253 - - [27/Aug/2023:06:07:09 -0500] "POST /kwsrmcab/Wsrmcab  HTTP/1.1" 200 41818
216.245.221.92 - - [27/Aug/2023:06:07:14 -0500] "HEAD / HTTP/1.1" 200 -
172.22.2.4 - - [27/Aug/2023:06:08:15 -0500] "HEAD /BLA/boletinlegal/ HTTP/1.1" 200 -
172.22.2.4 - - [27/Aug/2023:06:09:05 -0500] "GET /BLA/boletinlegal/ HTTP/1.1" 200 58597
64.124.8.27 - - [27/Aug/2023:06:11:28 -0500] "GET /portaldeninos/fauna/ HTTP/1.1" 200 88429
201.245.192.253 - - [27/Aug/2023:06:12:08 -0500] "POST /kwsrmcab/Wsrmcab  HTTP/1.1" 200 41818
216.245.221.92 - - [27/Aug/2023:06:12:14 -0500] "HEAD / HTTP/1.1" 200 -
172.22.2.4 - - [27/Aug/2023:06:14:05 -0500] "HEAD /BLA/boletinlegal/ HTTP/1.1" 200 -
40.77.167.208 - - [27/Aug/2023:06:16:14 -0500] "GET /sipse/faces/autenticacion.xhtml HTTP/1.1" 200 12494
94.102.61.10 - - [27/Aug/2023:06:16:32 -0500] "GET /portaldeninos/ HTTP/1.1" 200 110175
172.22.2.4 - - [27/Aug/2023:06:14:55 -0500] "GET /BLA/boletinlegal/ HTTP/1.1" 200 60692
216.245.221.92 - - [27/Aug/2023:06:17:14 -0500] "HEAD / HTTP/1.1" 200 -
201.245.192.253 - - [27/Aug/2023:06:17:12 -0500] "POST /kwsrmcab/Wsrmcab  HTTP/1.1" 200 41818
201.245.192.253 - - [27/Aug/2023:06:18:49 -0500] "POST /kwsrmcab/Wsrmcab HTTP/1.1" 200 43076
201.245.192.253 - - [27/Aug/2023:06:18:52 -0500] "POST /kwsrmcab/Wsrmcab HTTP/1.1" 200 43689
172.22.2.4 - - [27/Aug/2023:06:20:21 -0500] "GET /BLA/boletinlegal/jurisprudencia/analisis/AnalisisT-606-15.docx HTTP/1.1" 304 -
172.22.2.4 - - [27/Aug/2023:06:19:55 -0500] "HEAD /BLA/boletinlegal/ HTTP/1.1" 200 -
35.203.210.213 - - [27/Aug/2023:06:22:06 -0500] "GET / HTTP/1.1" 200 319
201.245.192.253 - - [27/Aug/2023:06:22:10 -0500] "POST /kwsrmcab/Wsrmcab  HTTP/1.1" 200 41818
216.245.221.92 - - [27/Aug/2023:06:22:14 -0500] "HEAD / HTTP/1.1" 200 -
113.207.1.133 - - [27/Aug/2023:06:22:24 -0500] "GET /galeria/galeria/fotos/juan-amarillo1P.jpg HTTP/1.1" 200 30845
172.22.2.4 - - [27/Aug/2023:06:20:45 -0500] "GET /BLA/boletinlegal/ HTTP/1.1" 200 61130
191.156.176.62 - - [27/Aug/2023:06:23:19 -0500] "GET /secretaria-de-ambiente-abre-convocatoria-para-el-proceso-de-formacion-mujeres-cuidadoras-de-humedales.html?fbclid=IwAR0ScAvjmyHvRlFV0rS_LNLXMvlXmgjGAosCwWV_6m9Fuc5wtZKROP4BP2k HTTP/1.1" 200 943
40.77.167.67 - - [27/Aug/2023:06:25:46 -0500] "GET /forest/ HTTP/1.1" 200 12041
52.167.144.185 - - [27/Aug/2023:06:26:09 -0500] "GET /portaldeninos/ruido/ HTTP/1.1" 200 88494
66.249.70.5 - - [27/Aug/2023:06:26:14 -0500] "GET /Publicaciones/2023EE173722.pdf HTTP/1.1" 404 228
157.55.39.207 - - [27/Aug/2023:06:26:21 -0500] "GET /portaldeninos/wp-content/themes/betheme/assets/animations/animations.min.css?ver=20.9.6 HTTP/1.1" 200 58508
157.55.39.207 - - [27/Aug/2023:06:26:22 -0500] "GET /portaldeninos/wp-includes/js/jquery/ui/tabs.min.js?ver=1.11.4 HTTP/1.1" 200 12110
40.77.167.213 - - [27/Aug/2023:06:26:25 -0500] "GET /portaldeninos/wp-content/themes/betheme/css/layout.css?ver=20.9.6 HTTP/1.1" 200 116639
207.46.13.229 - - [27/Aug/2023:06:26:25 -0500] "GET /robots.txt HTTP/1.1" 404 1035
40.77.167.213 - - [27/Aug/2023:06:26:31 -0500] "GET /portaldeninos/wp-content/themes/betheme/assets/animations/animations.min.js?ver=20.9.6 HTTP/1.1" 200 1896
201.245.192.253 - - [27/Aug/2023:06:27:09 -0500] "POST /kwsrmcab/Wsrmcab  HTTP/1.1" 200 41818
216.245.221.92 - - [27/Aug/2023:06:27:14 -0500] "HEAD / HTTP/1.1" 200 -
172.22.2.4 - - [27/Aug/2023:06:25:45 -0500] "HEAD /BLA/boletinlegal/ HTTP/1.1" 200 -
172.22.2.4 - - [27/Aug/2023:06:26:35 -0500] "GET /BLA/boletinlegal/ HTTP/1.1" 200 58187
201.245.192.253 - - [27/Aug/2023:06:28:49 -0500] "POST /kwsrmcab/Wsrmcab HTTP/1.1" 200 43076
201.245.192.253 - - [27/Aug/2023:06:28:52 -0500] "POST /kwsrmcab/Wsrmcab HTTP/1.1" 200 43689
201.245.192.253 - - [27/Aug/2023:06:32:08 -0500] "POST /kwsrmcab/Wsrmcab  HTTP/1.1" 200 41818
216.245.221.92 - - [27/Aug/2023:06:32:14 -0500] "HEAD / HTTP/1.1" 200 -
172.22.2.4 - - [27/Aug/2023:06:31:35 -0500] "HEAD /BLA/boletinlegal/ HTTP/1.1" 200 -
172.22.2.4 - - [27/Aug/2023:06:32:25 -0500] "GET /BLA/boletinlegal/ HTTP/1.1" 200 58597
201.245.192.253 - - [27/Aug/2023:06:37:07 -0500] "POST /kwsrmcab/Wsrmcab  HTTP/1.1" 200 41818
216.245.221.92 - - [27/Aug/2023:06:37:14 -0500] "HEAD / HTTP/1.1" 200 -
201.245.192.253 - - [27/Aug/2023:06:38:48 -0500] "POST /kwsrmcab/Wsrmcab HTTP/1.1" 200 43076
201.245.192.253 - - [27/Aug/2023:06:38:52 -0500] "POST /kwsrmcab/Wsrmcab HTTP/1.1" 200 43689
172.22.2.4 - - [27/Aug/2023:06:37:25 -0500] "HEAD /BLA/boletinlegal/ HTTP/1.1" 200 -
206.0.24.50 - - [27/Aug/2023:06:39:39 -0500] "GET /favicon.ico HTTP/1.1" 404 1346
172.22.2.4 - - [27/Aug/2023:06:38:15 -0500] "GET /BLA/boletinlegal/ HTTP/1.1" 200 58597
207.46.13.208 - - [27/Aug/2023:06:40:32 -0500] "GET /Publicaciones/2023EE128848.pdf HTTP/1.1" 404 228
40.77.167.36 - - [27/Aug/2023:06:41:17 -0500] "GET /Publicaciones/2023EE193023.pdf HTTP/1.1" 200 507935
201.245.192.253 - - [27/Aug/2023:06:42:06 -0500] "POST /kwsrmcab/Wsrmcab  HTTP/1.1" 200 41818
216.245.221.92 - - [27/Aug/2023:06:42:14 -0500] "HEAD / HTTP/1.1" 200 -
40.77.189.108 - - [27/Aug/2023:06:42:18 -0500] "GET /portaldeninos/wp-content/themes/betheme/style.css?ver=20.9.6 HTTP/1.1" 200 287
40.77.190.19 - - [27/Aug/2023:06:42:18 -0500] "GET /portaldeninos/wp-content/uploads/useanyfont/uaf.css?ver=1589905315 HTTP/1.1" 200 408
40.77.190.224 - - [27/Aug/2023:06:42:18 -0500] "GET /portaldeninos/wp-content/plugins/gallery-videos/CSS/totalsoft.css?ver=4.9.8 HTTP/1.1" 200 40622
40.77.188.87 - - [27/Aug/2023:06:42:18 -0500] "GET /portaldeninos/wp-content/plugins/gallery-videos/CSS/Total-Soft-Gallery-Video-Widget.css?ver=4.9.8 HTTP/1.1" 200 51554
40.77.190.32 - - [27/Aug/2023:06:42:19 -0500] "GET /portaldeninos/wp-content/themes/betheme/assets/jplayer/css/jplayer.blue.monday.css?ver=20.9.6 HTTP/1.1" 200 9834
40.77.190.206 - - [27/Aug/2023:06:42:18 -0500] "GET /portaldeninos/wp-content/themes/betheme/css/base.css?ver=20.9.6 HTTP/1.1" 200 57283
40.77.189.39 - - [27/Aug/2023:06:42:19 -0500] "GET /portaldeninos/wp-content/themes/betheme/assets/ui/jquery.ui.all.css?ver=20.9.6 HTTP/1.1" 200 18765
40.77.190.19 - - [27/Aug/2023:06:42:19 -0500] "GET /portaldeninos/wp-includes/js/jquery/jquery-migrate.min.js?ver=1.4.1 HTTP/1.1" 200 10056
40.77.189.129 - - [27/Aug/2023:06:42:18 -0500] "GET /portaldeninos/wp-content/themes/betheme/css/shortcodes.css?ver=20.9.6 HTTP/1.1" 200 138889
40.77.190.224 - - [27/Aug/2023:06:42:19 -0500] "GET /portaldeninos/wp-content/themes/betheme/css/responsive.css?ver=20.9.6 HTTP/1.1" 200 55740
40.77.189.39 - - [27/Aug/2023:06:42:19 -0500] "GET /portaldeninos/wp-includes/js/jquery/ui/core.min.js?ver=1.11.4 HTTP/1.1" 200 4000
40.77.189.108 - - [27/Aug/2023:06:42:19 -0500] "GET /portaldeninos/wp-includes/js/jquery/jquery.js?ver=1.12.4 HTTP/1.1" 200 97184
40.77.190.97 - - [27/Aug/2023:06:42:19 -0500] "GET /portaldeninos/wp-content/plugins/gallery-videos/JS/modernizr.custom.js?ver=4.9.8 HTTP/1.1" 200 9019
40.77.190.19 - - [27/Aug/2023:06:42:20 -0500] "GET /portaldeninos/wp-includes/js/jquery/ui/widget.min.js?ver=1.11.4 HTTP/1.1" 200 6908
40.77.190.206 - - [27/Aug/2023:06:42:20 -0500] "GET /portaldeninos/wp-includes/js/jquery/ui/accordion.min.js?ver=1.11.4 HTTP/1.1" 200 8584
40.77.190.32 - - [27/Aug/2023:06:42:20 -0500] "GET /portaldeninos/wp-includes/js/jquery/ui/sortable.min.js?ver=1.11.4 HTTP/1.1" 200 24899
40.77.189.253 - - [27/Aug/2023:06:42:20 -0500] "GET /portaldeninos/wp-includes/js/jquery/ui/mouse.min.js?ver=1.11.4 HTTP/1.1" 200 3148
40.77.190.97 - - [27/Aug/2023:06:42:20 -0500] "GET /portaldeninos/wp-content/themes/betheme/js/menu.js?ver=20.9.6 HTTP/1.1" 200 2449
40.77.189.108 - - [27/Aug/2023:06:42:20 -0500] "GET /portaldeninos/wp-content/themes/betheme/js/plugins.js?ver=20.9.6 HTTP/1.1" 200 197151
40.77.189.39 - - [27/Aug/2023:06:42:20 -0500] "GET /portaldeninos/wp-content/themes/betheme/assets/jplayer/jplayer.min.js?ver=20.9.6 HTTP/1.1" 200 52702
40.77.190.97 - - [27/Aug/2023:06:42:20 -0500] "GET /portaldeninos/wp-includes/js/wp-emoji-release.min.js?ver=4.9.8 HTTP/1.1" 200 12026
40.77.190.238 - - [27/Aug/2023:06:42:20 -0500] "GET /portaldeninos/wp-includes/js/wp-embed.min.js?ver=4.9.8 HTTP/1.1" 200 1398
40.77.189.127 - - [27/Aug/2023:06:42:20 -0500] "GET /portaldeninos/wp-content/themes/betheme/js/scripts.js?ver=20.9.6 HTTP/1.1" 200 77162
40.77.189.253 - - [27/Aug/2023:06:42:21 -0500] "GET /portaldeninos/wp-content/themes/betheme/fonts/mfn-icons.woff?93978679 HTTP/1.1" 200 80932
172.22.2.4 - - [27/Aug/2023:06:43:15 -0500] "HEAD /BLA/boletinlegal/ HTTP/1.1" 200 -
172.22.2.4 - - [27/Aug/2023:06:44:05 -0500] "GET /BLA/boletinlegal/ HTTP/1.1" 200 52656
201.245.192.253 - - [27/Aug/2023:06:47:04 -0500] "POST /kwsrmcab/Wsrmcab  HTTP/1.1" 200 41818
216.245.221.92 - - [27/Aug/2023:06:47:14 -0500] "HEAD / HTTP/1.1" 200 -
172.22.2.4 - - [27/Aug/2023:06:47:23 -0500] "GET /BLA/boletinlegal/jurisprudencia/analisis/Analisis%20Jurisprudencia%20Sent%202000-00005-01.doc HTTP/1.1" 200 52736
181.58.2.165 - - [27/Aug/2023:06:49:42 -0500] "GET /galeria/galeria/jquery.fancybox.css?v=2.1.5 HTTP/1.1" 200 4895
181.58.2.165 - - [27/Aug/2023:06:49:42 -0500] "GET /BLA/boletinlegal/js/jquery.scrollShow.js HTTP/1.1" 200 4586
181.58.2.165 - - [27/Aug/2023:06:49:42 -0500] "GET /galeria/galeria/jquery.fancybox.js?v=2.1.5 HTTP/1.1" 200 48706
172.22.2.4 - - [27/Aug/2023:06:49:05 -0500] "HEAD /BLA/boletinlegal/ HTTP/1.1" 200 -
190.25.171.33 - - [27/Aug/2023:06:51:00 -0500] "GET /secretaria-de-ambiente-abre-convocatoria-para-el-proceso-de-formacion-mujeres-cuidadoras-de-humedales.html?fbclid=IwAR1mEcHnwAht_AovfvHZiSlt6vyqr-G77qlnKKZ1XGeGDvda2vmuk4CvEwk HTTP/1.1" 200 943
172.22.2.4 - - [27/Aug/2023:06:49:55 -0500] "GET /BLA/boletinlegal/ HTTP/1.1" 200 61130
201.245.192.253 - - [27/Aug/2023:06:52:02 -0500] "POST /kwsrmcab/Wsrmcab  HTTP/1.1" 200 41818
216.245.221.92 - - [27/Aug/2023:06:52:14 -0500] "HEAD / HTTP/1.1" 200 -
52.167.144.234 - - [27/Aug/2023:06:53:18 -0500] "GET /Publicaciones/2023EE193353.pdf HTTP/1.1" 200 344604
66.249.70.6 - - [27/Aug/2023:06:56:15 -0500] "GET /Publicaciones/2023EE164655.pdf HTTP/1.1" 404 228
66.249.70.7 - - [27/Aug/2023:06:56:17 -0500] "GET /Publicaciones/2023EE164633.pdf HTTP/1.1" 404 228
172.22.2.4 - - [27/Aug/2023:06:54:55 -0500] "HEAD /BLA/boletinlegal/ HTTP/1.1" 200 -
201.245.192.253 - - [27/Aug/2023:06:57:01 -0500] "POST /kwsrmcab/Wsrmcab  HTTP/1.1" 200 41818
216.245.221.92 - - [27/Aug/2023:06:57:14 -0500] "HEAD / HTTP/1.1" 200 -
172.22.2.4 - - [27/Aug/2023:06:55:45 -0500] "GET /BLA/boletinlegal/ HTTP/1.1" 200 60692
54.39.177.48 - - [27/Aug/2023:06:57:49 -0500] "GET /robots.txt HTTP/1.1" 404 1034
172.22.2.4 - - [27/Aug/2023:06:59:53 -0500] "GET /BLA/boletinlegal/Circulares/2017/Circular%20No.%20011%20del%2005%20de%20julio%20de%202017.pdf HTTP/1.1" 304 -
191.95.52.127 - - [27/Aug/2023:06:59:55 -0500] "GET /sipse/faces/faces/autenticacion.xhtml HTTP/1.1" 200 12172
191.95.52.127 - - [27/Aug/2023:06:59:56 -0500] "GET /sipse/js/disable_browser_buttons.js HTTP/1.1" 304 -
191.95.52.127 - - [27/Aug/2023:06:59:56 -0500] "GET /sipse/css/custom_css_sg_prime_login.css HTTP/1.1" 304 -
191.95.52.127 - - [27/Aug/2023:06:59:56 -0500] "GET /sipse/faces/javax.faces.resource/layout/layout.css?ln=primefaces&v=4.0 HTTP/1.1" 304 -
191.95.52.127 - - [27/Aug/2023:06:59:56 -0500] "GET /sipse/css/custom_css_sg.css HTTP/1.1" 304 -
191.95.52.127 - - [27/Aug/2023:06:59:56 -0500] "GET /sipse/faces/javax.faces.resource/jquery/jquery.js?ln=primefaces&v=4.0 HTTP/1.1" 200 105384
191.95.52.127 - - [27/Aug/2023:06:59:56 -0500] "GET /sipse/faces/javax.faces.resource/theme.css?ln=primefaces-sipse HTTP/1.1" 200 50058
191.95.52.127 - - [27/Aug/2023:06:59:56 -0500] "GET /sipse/faces/javax.faces.resource/primefaces.css?ln=primefaces&v=4.0 HTTP/1.1" 200 53295
191.95.52.127 - - [27/Aug/2023:06:59:57 -0500] "GET /sipse/js/funciones.js HTTP/1.1" 304 -
191.95.52.127 - - [27/Aug/2023:06:59:56 -0500] "GET /sipse/faces/javax.faces.resource/layout/layout.js?ln=primefaces&v=4.0 HTTP/1.1" 200 87560
191.95.52.127 - - [27/Aug/2023:06:59:56 -0500] "GET /sipse/faces/javax.faces.resource/primefaces.js?ln=primefaces&v=4.0 HTTP/1.1" 200 276924
191.95.52.127 - - [27/Aug/2023:06:59:56 -0500] "GET /sipse/faces/javax.faces.resource/jquery/jquery-plugins.js?ln=primefaces&v=4.0 HTTP/1.1" 200 220526
191.95.52.127 - - [27/Aug/2023:06:59:59 -0500] "GET /sipse/faces/javax.faces.resource/images/ui-icons_898989_256x240.png?ln=primefaces-aristo HTTP/1.1" 304 -
191.95.52.127 - - [27/Aug/2023:06:59:59 -0500] "GET /sipse/css/imagen/logoSDG.png HTTP/1.1" 200 53064
191.95.52.127 - - [27/Aug/2023:06:59:59 -0500] "GET /sipse/css/imagen/loginimg.png HTTP/1.1" 200 71635
191.95.52.127 - - [27/Aug/2023:07:00:00 -0500] "GET /sipse/faces/faces/index.xhtml HTTP/1.1" 200 677
191.95.52.127 - - [27/Aug/2023:07:00:00 -0500] "GET /sipse/faces/javax.faces.resource/theme.css?ln=primefaces-sipse HTTP/1.1" 304 -
191.95.52.127 - - [27/Aug/2023:07:00:00 -0500] "GET /sipse/faces/faces/faces/autenticacion.xhtml HTTP/1.1" 200 12172
191.95.52.127 - - [27/Aug/2023:07:00:00 -0500] "GET /sipse/faces/javax.faces.resource/layout/layout.css?ln=primefaces&v=4.0 HTTP/1.1" 304 -
191.95.52.127 - - [27/Aug/2023:07:00:00 -0500] "GET /sipse/faces/javax.faces.resource/primefaces.css?ln=primefaces&v=4.0 HTTP/1.1" 304 -
191.95.52.127 - - [27/Aug/2023:07:00:00 -0500] "GET /sipse/faces/javax.faces.resource/jquery/jquery.js?ln=primefaces&v=4.0 HTTP/1.1" 304 -
191.95.52.127 - - [27/Aug/2023:07:00:00 -0500] "GET /sipse/faces/javax.faces.resource/jquery/jquery-plugins.js?ln=primefaces&v=4.0 HTTP/1.1" 304 -
191.95.52.127 - - [27/Aug/2023:07:00:00 -0500] "GET /sipse/faces/javax.faces.resource/theme.css?ln=primefaces-sipse HTTP/1.1" 304 -
191.95.52.127 - - [27/Aug/2023:07:00:00 -0500] "GET /sipse/faces/javax.faces.resource/primefaces.js?ln=primefaces&v=4.0 HTTP/1.1" 304 -
191.95.52.127 - - [27/Aug/2023:07:00:01 -0500] "GET /sipse/faces/javax.faces.resource/layout/layout.js?ln=primefaces&v=4.0 HTTP/1.1" 304 -
191.95.52.127 - - [27/Aug/2023:07:00:12 -0500] "GET /sipse/faces/faces/autenticacion.xhtml HTTP/1.1" 200 12172
191.95.52.127 - - [27/Aug/2023:07:00:12 -0500] "GET /sipse/faces/javax.faces.resource/jquery/jquery-plugins.js?ln=primefaces&v=4.0 HTTP/1.1" 304 -
191.95.52.127 - - [27/Aug/2023:07:00:12 -0500] "GET /sipse/faces/javax.faces.resource/theme.css?ln=primefaces-sipse HTTP/1.1" 304 -
191.95.52.127 - - [27/Aug/2023:07:00:12 -0500] "GET /sipse/faces/javax.faces.resource/primefaces.css?ln=primefaces&v=4.0 HTTP/1.1" 304 -
191.95.52.127 - - [27/Aug/2023:07:00:12 -0500] "GET /sipse/faces/javax.faces.resource/jquery/jquery.js?ln=primefaces&v=4.0 HTTP/1.1" 304 -
191.95.52.127 - - [27/Aug/2023:07:00:12 -0500] "GET /sipse/faces/javax.faces.resource/primefaces.js?ln=primefaces&v=4.0 HTTP/1.1" 304 -
191.95.52.127 - - [27/Aug/2023:07:00:12 -0500] "GET /sipse/faces/javax.faces.resource/layout/layout.css?ln=primefaces&v=4.0 HTTP/1.1" 304 -
191.95.52.127 - - [27/Aug/2023:07:00:13 -0500] "GET /sipse/faces/javax.faces.resource/layout/layout.js?ln=primefaces&v=4.0 HTTP/1.1" 304 -
191.95.52.127 - - [27/Aug/2023:07:00:13 -0500] "GET /sipse/faces/faces/index.xhtml HTTP/1.1" 200 677
191.95.52.127 - - [27/Aug/2023:07:00:13 -0500] "GET /sipse/faces/javax.faces.resource/theme.css?ln=primefaces-sipse HTTP/1.1" 304 -
191.95.52.127 - - [27/Aug/2023:07:00:13 -0500] "GET /sipse/faces/faces/faces/autenticacion.xhtml HTTP/1.1" 200 12172
191.95.52.127 - - [27/Aug/2023:07:00:13 -0500] "GET /sipse/faces/javax.faces.resource/primefaces.css?ln=primefaces&v=4.0 HTTP/1.1" 304 -
191.95.52.127 - - [27/Aug/2023:07:00:13 -0500] "GET /sipse/faces/javax.faces.resource/jquery/jquery-plugins.js?ln=primefaces&v=4.0 HTTP/1.1" 304 -
191.95.52.127 - - [27/Aug/2023:07:00:13 -0500] "GET /sipse/faces/javax.faces.resource/layout/layout.css?ln=primefaces&v=4.0 HTTP/1.1" 304 -
191.95.52.127 - - [27/Aug/2023:07:00:13 -0500] "GET /sipse/faces/javax.faces.resource/theme.css?ln=primefaces-sipse HTTP/1.1" 304 -
191.95.52.127 - - [27/Aug/2023:07:00:13 -0500] "GET /sipse/faces/javax.faces.resource/primefaces.js?ln=primefaces&v=4.0 HTTP/1.1" 304 -
191.95.52.127 - - [27/Aug/2023:07:00:13 -0500] "GET /sipse/faces/javax.faces.resource/jquery/jquery.js?ln=primefaces&v=4.0 HTTP/1.1" 304 -
191.95.52.127 - - [27/Aug/2023:07:00:13 -0500] "GET /sipse/faces/javax.faces.resource/layout/layout.js?ln=primefaces&v=4.0 HTTP/1.1" 304 -
167.248.133.33 - - [27/Aug/2023:07:00:14 -0500] "GET / HTTP/1.1" 200 319
167.248.133.33 - - [27/Aug/2023:07:00:14 -0500] "GET / HTTP/1.1" 200 319
167.248.133.33 - - [27/Aug/2023:07:00:15 -0500] "PRI * HTTP/2.0" 400 946
167.248.133.33 - - [27/Aug/2023:07:00:15 -0500] "GET /favicon.ico HTTP/1.1" 200 7782
191.95.52.127 - - [27/Aug/2023:07:00:22 -0500] "GET /sipse/faces/faces/faces/autenticacion.xhtml HTTP/1.1" 200 12172
191.95.52.127 - - [27/Aug/2023:07:00:22 -0500] "GET /sipse/faces/javax.faces.resource/theme.css?ln=primefaces-sipse HTTP/1.1" 304 -
191.95.52.127 - - [27/Aug/2023:07:00:22 -0500] "GET /sipse/faces/javax.faces.resource/primefaces.css?ln=primefaces&v=4.0 HTTP/1.1" 304 -
191.95.52.127 - - [27/Aug/2023:07:00:22 -0500] "GET /sipse/faces/javax.faces.resource/jquery/jquery.js?ln=primefaces&v=4.0 HTTP/1.1" 304 -
191.95.52.127 - - [27/Aug/2023:07:00:22 -0500] "GET /sipse/faces/javax.faces.resource/layout/layout.css?ln=primefaces&v=4.0 HTTP/1.1" 304 -
191.95.52.127 - - [27/Aug/2023:07:00:22 -0500] "GET /sipse/faces/javax.faces.resource/primefaces.js?ln=primefaces&v=4.0 HTTP/1.1" 304 -
191.95.52.127 - - [27/Aug/2023:07:00:22 -0500] "GET /sipse/faces/javax.faces.resource/jquery/jquery-plugins.js?ln=primefaces&v=4.0 HTTP/1.1" 304 -
191.95.52.127 - - [27/Aug/2023:07:00:22 -0500] "GET /sipse/faces/javax.faces.resource/layout/layout.js?ln=primefaces&v=4.0 HTTP/1.1" 304 -
191.95.52.127 - - [27/Aug/2023:07:00:22 -0500] "GET /sipse/faces/javax.faces.resource/images/ui-icons_898989_256x240.png?ln=primefaces-aristo HTTP/1.1" 304 -
191.95.52.127 - - [27/Aug/2023:07:00:22 -0500] "GET /sipse/faces/faces/faces/index.xhtml HTTP/1.1" 200 677
191.95.52.127 - - [27/Aug/2023:07:00:23 -0500] "GET /sipse/faces/javax.faces.resource/theme.css?ln=primefaces-sipse HTTP/1.1" 304 -
191.95.52.127 - - [27/Aug/2023:07:00:23 -0500] "GET /sipse/faces/faces/faces/faces/autenticacion.xhtml HTTP/1.1" 200 12172
191.95.52.127 - - [27/Aug/2023:07:00:23 -0500] "GET /sipse/faces/javax.faces.resource/theme.css?ln=primefaces-sipse HTTP/1.1" 304 -
191.95.52.127 - - [27/Aug/2023:07:00:23 -0500] "GET /sipse/faces/javax.faces.resource/primefaces.css?ln=primefaces&v=4.0 HTTP/1.1" 304 -
191.95.52.127 - - [27/Aug/2023:07:00:23 -0500] "GET /sipse/faces/javax.faces.resource/primefaces.js?ln=primefaces&v=4.0 HTTP/1.1" 304 -
191.95.52.127 - - [27/Aug/2023:07:00:23 -0500] "GET /sipse/faces/javax.faces.resource/layout/layout.css?ln=primefaces&v=4.0 HTTP/1.1" 304 -
191.95.52.127 - - [27/Aug/2023:07:00:23 -0500] "GET /sipse/faces/javax.faces.resource/jquery/jquery-plugins.js?ln=primefaces&v=4.0 HTTP/1.1" 304 -
191.95.52.127 - - [27/Aug/2023:07:00:23 -0500] "GET /sipse/faces/javax.faces.resource/jquery/jquery.js?ln=primefaces&v=4.0 HTTP/1.1" 304 -
191.95.52.127 - - [27/Aug/2023:07:00:23 -0500] "GET /sipse/faces/javax.faces.resource/layout/layout.js?ln=primefaces&v=4.0 HTTP/1.1" 304 -
191.95.52.127 - - [27/Aug/2023:07:00:28 -0500] "POST /sipse/faces/autenticacion.xhtml HTTP/1.1" 200 2225
191.95.52.127 - - [27/Aug/2023:07:00:28 -0500] "GET /sipse/faces/javax.faces.resource/messages/messages.png?ln=primefaces&v=4.0 HTTP/1.1" 200 27209
191.95.52.127 - - [27/Aug/2023:07:00:29 -0500] "GET /sipse/faces/javax.faces.resource/images/ui-icons_898989_256x240.png?ln=primefaces-aristo HTTP/1.1" 304 -
191.95.52.127 - - [27/Aug/2023:07:00:29 -0500] "POST /sipse/faces/autenticacion.xhtml HTTP/1.1" 200 16344
191.95.52.127 - - [27/Aug/2023:07:00:29 -0500] "GET /sipse/css/custom_css_sg_prime.css HTTP/1.1" 304 -
191.95.52.127 - - [27/Aug/2023:07:00:29 -0500] "GET /sipse/faces/javax.faces.resource/theme.css?ln=primefaces-sipse HTTP/1.1" 304 -
191.95.52.127 - - [27/Aug/2023:07:00:29 -0500] "GET /sipse/faces/javax.faces.resource/primefaces.css?ln=primefaces&v=4.0 HTTP/1.1" 304 -
191.95.52.127 - - [27/Aug/2023:07:00:29 -0500] "GET /sipse/faces/javax.faces.resource/layout/layout.css?ln=primefaces&v=4.0 HTTP/1.1" 304 -
191.95.52.127 - - [27/Aug/2023:07:00:29 -0500] "GET /sipse/js/jquery.min.js HTTP/1.1" 200 85582
191.95.52.127 - - [27/Aug/2023:07:00:30 -0500] "GET /sipse/faces/javax.faces.resource/jquery/jquery.js?ln=primefaces&v=4.0 HTTP/1.1" 304 -
191.95.52.127 - - [27/Aug/2023:07:00:30 -0500] "GET /sipse/faces/javax.faces.resource/jquery/jquery-plugins.js?ln=primefaces&v=4.0 HTTP/1.1" 304 -
191.95.52.127 - - [27/Aug/2023:07:00:30 -0500] "GET /sipse/faces/javax.faces.resource/primefaces.js?ln=primefaces&v=4.0 HTTP/1.1" 304 -
191.95.52.127 - - [27/Aug/2023:07:00:30 -0500] "GET /sipse/faces/javax.faces.resource/layout/layout.js?ln=primefaces&v=4.0 HTTP/1.1" 304 -
191.95.52.127 - - [27/Aug/2023:07:00:30 -0500] "GET /sipse/css/imagen/contrasena.png HTTP/1.1" 404 383
191.95.52.127 - - [27/Aug/2023:07:00:31 -0500] "GET /sipse/css/v_mergente.css HTTP/1.1" 304 -
191.95.52.127 - - [27/Aug/2023:07:00:30 -0500] "GET /sipse/imagenes/cargando.gif HTTP/1.1" 200 36959
191.95.52.127 - - [27/Aug/2023:07:00:30 -0500] "GET /sipse/imagenes/logoAplicacion.jpg HTTP/1.1" 200 155084
191.95.52.127 - - [27/Aug/2023:07:00:32 -0500] "GET /sipse/faces/javax.faces.resource/images/ui-bg_flat_0_2d5972_40x100.png?ln=primefaces-aristo HTTP/1.1" 304 -
191.95.52.127 - - [27/Aug/2023:07:00:32 -0500] "POST /sipse/faces/bienvenido.xhtml HTTP/1.1" 200 2658
191.95.52.127 - - [27/Aug/2023:07:00:33 -0500] "POST /sipse/faces/bienvenido.xhtml HTTP/1.1" 200 63110
191.95.52.127 - - [27/Aug/2023:07:00:33 -0500] "GET /sipse/faces/javax.faces.resource/theme.css?ln=primefaces-sipse HTTP/1.1" 304 -
191.95.52.127 - - [27/Aug/2023:07:00:33 -0500] "GET /sipse/faces/javax.faces.resource/layout/layout.css?ln=primefaces&v=4.0 HTTP/1.1" 304 -
191.95.52.127 - - [27/Aug/2023:07:00:34 -0500] "GET /sipse/faces/javax.faces.resource/primefaces.css?ln=primefaces&v=4.0 HTTP/1.1" 304 -
191.95.52.127 - - [27/Aug/2023:07:00:34 -0500] "GET /sipse/faces/javax.faces.resource/jquery/jquery.js?ln=primefaces&v=4.0 HTTP/1.1" 304 -
191.95.52.127 - - [27/Aug/2023:07:00:34 -0500] "GET /sipse/faces/javax.faces.resource/jquery/jquery-plugins.js?ln=primefaces&v=4.0 HTTP/1.1" 304 -
191.95.52.127 - - [27/Aug/2023:07:00:34 -0500] "GET /sipse/faces/javax.faces.resource/primefaces.js?ln=primefaces&v=4.0 HTTP/1.1" 304 -
191.95.52.127 - - [27/Aug/2023:07:00:34 -0500] "GET /sipse/faces/javax.faces.resource/layout/layout.js?ln=primefaces&v=4.0 HTTP/1.1" 304 -
191.95.52.127 - - [27/Aug/2023:07:00:34 -0500] "POST /sipse/faces/presentacion/financiero/solicitudProceso/listarSolicitudProceso.xhtml HTTP/1.1" 200 1556
191.95.52.127 - - [27/Aug/2023:07:00:37 -0500] "POST /sipse/faces/presentacion/financiero/solicitudProceso/listarSolicitudProceso.xhtml HTTP/1.1" 200 4857
191.95.52.127 - - [27/Aug/2023:07:00:40 -0500] "POST /sipse/faces/presentacion/financiero/solicitudProceso/listarSolicitudProceso.xhtml HTTP/1.1" 200 120955
191.95.52.127 - - [27/Aug/2023:07:00:43 -0500] "GET /sipse/faces/javax.faces.resource/theme.css?ln=primefaces-sipse HTTP/1.1" 304 -
191.95.52.127 - - [27/Aug/2023:07:00:43 -0500] "GET /sipse/faces/javax.faces.resource/layout/layout.css?ln=primefaces&v=4.0 HTTP/1.1" 304 -
191.95.52.127 - - [27/Aug/2023:07:00:43 -0500] "GET /sipse/faces/javax.faces.resource/jquery/jquery.js?ln=primefaces&v=4.0 HTTP/1.1" 304 -
191.95.52.127 - - [27/Aug/2023:07:00:43 -0500] "GET /sipse/faces/javax.faces.resource/primefaces.css?ln=primefaces&v=4.0 HTTP/1.1" 304 -
191.95.52.127 - - [27/Aug/2023:07:00:43 -0500] "GET /sipse/faces/javax.faces.resource/jquery/jquery-plugins.js?ln=primefaces&v=4.0 HTTP/1.1" 304 -
191.95.52.127 - - [27/Aug/2023:07:00:43 -0500] "GET /sipse/faces/javax.faces.resource/primefaces.js?ln=primefaces&v=4.0 HTTP/1.1" 304 -
191.95.52.127 - - [27/Aug/2023:07:00:43 -0500] "GET /sipse/faces/javax.faces.resource/layout/layout.js?ln=primefaces&v=4.0 HTTP/1.1" 304 -
191.95.52.127 - - [27/Aug/2023:07:00:52 -0500] "POST /sipse/faces/presentacion/financiero/solicitudProceso/consultarSolicitudProceso.xhtml HTTP/1.1" 200 21122
191.95.52.127 - - [27/Aug/2023:07:00:53 -0500] "GET /sipse/faces/javax.faces.resource/theme.css?ln=primefaces-sipse HTTP/1.1" 304 -
191.95.52.127 - - [27/Aug/2023:07:00:53 -0500] "GET /sipse/faces/javax.faces.resource/layout/layout.css?ln=primefaces&v=4.0 HTTP/1.1" 304 -
191.95.52.127 - - [27/Aug/2023:07:00:53 -0500] "GET /sipse/faces/javax.faces.resource/primefaces.css?ln=primefaces&v=4.0 HTTP/1.1" 304 -
191.95.52.127 - - [27/Aug/2023:07:00:53 -0500] "GET /sipse/faces/javax.faces.resource/fileupload/fileupload.js?ln=primefaces&v=4.0 HTTP/1.1" 200 28091
191.95.52.127 - - [27/Aug/2023:07:00:53 -0500] "GET /sipse/faces/javax.faces.resource/jquery/jquery.js?ln=primefaces&v=4.0 HTTP/1.1" 304 -
191.95.52.127 - - [27/Aug/2023:07:00:53 -0500] "GET /sipse/faces/javax.faces.resource/fileupload/fileupload.css?ln=primefaces&v=4.0 HTTP/1.1" 304 -
191.95.52.127 - - [27/Aug/2023:07:00:53 -0500] "GET /sipse/faces/javax.faces.resource/primefaces.js?ln=primefaces&v=4.0 HTTP/1.1" 304 -
191.95.52.127 - - [27/Aug/2023:07:00:53 -0500] "GET /sipse/faces/javax.faces.resource/jquery/jquery-plugins.js?ln=primefaces&v=4.0 HTTP/1.1" 304 -
191.95.52.127 - - [27/Aug/2023:07:00:53 -0500] "GET /sipse/faces/javax.faces.resource/layout/layout.js?ln=primefaces&v=4.0 HTTP/1.1" 304 -
191.95.52.127 - - [27/Aug/2023:07:01:03 -0500] "GET /sipse/faces/javax.faces.resource/primefaces.css?ln=primefaces&v=4.0 HTTP/1.1" 304 -
191.95.52.127 - - [27/Aug/2023:07:01:03 -0500] "GET /sipse/faces/javax.faces.resource/theme.css?ln=primefaces-sipse HTTP/1.1" 304 -
191.95.52.127 - - [27/Aug/2023:07:01:03 -0500] "GET /sipse/faces/javax.faces.resource/layout/layout.js?ln=primefaces&v=4.0 HTTP/1.1" 304 -
191.95.52.127 - - [27/Aug/2023:07:01:03 -0500] "GET /sipse/faces/javax.faces.resource/jquery/jquery.js?ln=primefaces&v=4.0 HTTP/1.1" 304 -
191.95.52.127 - - [27/Aug/2023:07:01:03 -0500] "GET /sipse/faces/javax.faces.resource/primefaces.js?ln=primefaces&v=4.0 HTTP/1.1" 304 -
191.95.52.127 - - [27/Aug/2023:07:01:03 -0500] "GET /sipse/faces/javax.faces.resource/layout/layout.css?ln=primefaces&v=4.0 HTTP/1.1" 304 -
191.95.52.127 - - [27/Aug/2023:07:01:03 -0500] "GET /sipse/faces/javax.faces.resource/jquery/jquery-plugins.js?ln=primefaces&v=4.0 HTTP/1.1" 304 -
191.95.52.127 - - [27/Aug/2023:07:01:01 -0500] "POST /sipse/faces/presentacion/sistema/anexos/cargarAnexoSolicitudProceso.xhtml HTTP/1.1" 200 168708
191.95.52.127 - - [27/Aug/2023:07:01:11 -0500] "POST /sipse/faces/presentacion/financiero/solicitudProceso/consultarSolicitudProceso.xhtml HTTP/1.1" 200 6939
191.95.52.127 - - [27/Aug/2023:07:01:15 -0500] "POST /sipse/faces/presentacion/financiero/solicitudProceso/consultarSolicitudProceso.xhtml HTTP/1.1" 200 6780
191.95.52.127 - - [27/Aug/2023:07:01:23 -0500] "POST /sipse/faces/presentacion/financiero/solicitudProceso/consultarSolicitudProceso.xhtml HTTP/1.1" 200 63789
191.95.52.127 - - [27/Aug/2023:07:01:26 -0500] "GET /sipse/faces/javax.faces.resource/layout/layout.css?ln=primefaces&v=4.0 HTTP/1.1" 304 -
191.95.52.127 - - [27/Aug/2023:07:01:26 -0500] "GET /sipse/faces/javax.faces.resource/jquery/jquery.js?ln=primefaces&v=4.0 HTTP/1.1" 304 -
191.95.52.127 - - [27/Aug/2023:07:01:26 -0500] "GET /sipse/faces/javax.faces.resource/theme.css?ln=primefaces-sipse HTTP/1.1" 304 -
191.95.52.127 - - [27/Aug/2023:07:01:26 -0500] "GET /sipse/faces/javax.faces.resource/primefaces.css?ln=primefaces&v=4.0 HTTP/1.1" 304 -
191.95.52.127 - - [27/Aug/2023:07:01:27 -0500] "GET /sipse/faces/javax.faces.resource/jquery/jquery-plugins.js?ln=primefaces&v=4.0 HTTP/1.1" 304 -
191.95.52.127 - - [27/Aug/2023:07:01:27 -0500] "GET /sipse/faces/javax.faces.resource/primefaces.js?ln=primefaces&v=4.0 HTTP/1.1" 304 -
191.95.52.127 - - [27/Aug/2023:07:01:27 -0500] "GET /sipse/faces/javax.faces.resource/layout/layout.js?ln=primefaces&v=4.0 HTTP/1.1" 304 -
191.95.52.127 - - [27/Aug/2023:07:01:27 -0500] "POST /sipse/faces/presentacion/financiero/solicitudProceso/listarSolicitudProceso.xhtml HTTP/1.1" 200 1556
191.95.52.127 - - [27/Aug/2023:07:01:29 -0500] "POST /sipse/faces/presentacion/financiero/solicitudProceso/listarSolicitudProceso.xhtml HTTP/1.1" 200 4810
191.95.52.127 - - [27/Aug/2023:07:01:35 -0500] "POST /sipse/faces/presentacion/financiero/solicitudProceso/listarSolicitudProceso.xhtml HTTP/1.1" 200 56678
191.95.52.127 - - [27/Aug/2023:07:01:36 -0500] "POST /sipse/faces/presentacion/financiero/solicitudProceso/listarSolicitudProceso.xhtml HTTP/1.1" 200 56678
191.95.52.127 - - [27/Aug/2023:07:01:36 -0500] "POST /sipse/faces/presentacion/financiero/solicitudProceso/listarSolicitudProceso.xhtml HTTP/1.1" 200 1556
191.95.52.127 - - [27/Aug/2023:07:01:36 -0500] "POST /sipse/faces/presentacion/financiero/solicitudProceso/listarSolicitudProceso.xhtml HTTP/1.1" 200 1560
201.245.192.253 - - [27/Aug/2023:07:02:00 -0500] "POST /kwsrmcab/Wsrmcab  HTTP/1.1" 200 41818
216.245.221.92 - - [27/Aug/2023:07:02:14 -0500] "HEAD / HTTP/1.1" 200 -
172.22.2.4 - - [27/Aug/2023:07:00:45 -0500] "HEAD /BLA/boletinlegal/ HTTP/1.1" 200 -
172.22.2.4 - - [27/Aug/2023:07:01:35 -0500] "GET /BLA/boletinlegal/ HTTP/1.1" 200 61130
172.22.2.4 - - [27/Aug/2023:07:05:52 -0500] "GET /BLA/boletinlegal/jurisprudencia/analisis/AnalisisT-146-16.docx HTTP/1.1" 200 23021
201.245.192.253 - - [27/Aug/2023:07:06:59 -0500] "POST /kwsrmcab/Wsrmcab  HTTP/1.1" 200 41818
216.245.221.92 - - [27/Aug/2023:07:07:14 -0500] "HEAD / HTTP/1.1" 200 -
172.22.2.4 - - [27/Aug/2023:07:06:35 -0500] "HEAD /BLA/boletinlegal/ HTTP/1.1" 200 -
66.220.149.7 - - [27/Aug/2023:07:08:30 -0500] "GET /images/reunion-planta-termovalorizacion-11-mayo.jpg HTTP/1.1" 200 34782
52.167.144.208 - - [27/Aug/2023:07:08:57 -0500] "GET /Publicaciones/2023EE193298.pdf HTTP/1.1" 200 444428
172.22.2.4 - - [27/Aug/2023:07:07:25 -0500] "GET /BLA/boletinlegal/ HTTP/1.1" 200 56257
52.167.144.208 - - [27/Aug/2023:07:10:28 -0500] "GET /BLA/resoluciones/AUTOS%202022/2839.pdf HTTP/1.1" 304 -
201.245.192.253 - - [27/Aug/2023:07:11:57 -0500] "POST /kwsrmcab/Wsrmcab  HTTP/1.1" 200 41818
172.22.2.4 - - [27/Aug/2023:07:12:06 -0500] "GET /BLA/boletinlegal/jurisprudencia/analisis/CUADRO%20ANALISIS%20SENTENCIA%20C-554%20DE%202007.doc HTTP/1.1" 200 35328
216.245.221.92 - - [27/Aug/2023:07:12:14 -0500] "HEAD / HTTP/1.1" 200 -
52.167.144.108 - - [27/Aug/2023:07:12:51 -0500] "GET /sipse/faces/faces/autenticacion.xhtml HTTP/1.1" 200 12494
52.167.144.208 - - [27/Aug/2023:07:13:07 -0500] "GET /sipse/css/custom_css_sg.css HTTP/1.1" 200 9694
52.167.144.208 - - [27/Aug/2023:07:13:08 -0500] "GET /sipse/css/custom_css_sg_prime_login.css HTTP/1.1" 200 443
52.167.144.208 - - [27/Aug/2023:07:13:08 -0500] "GET /sipse/faces/javax.faces.resource/jquery/jquery-plugins.js;jsessionid=Kd-Di9ajpeJgMCvGIqOgvOYA.undefined?ln=primefaces&v=4.0 HTTP/1.1" 200 220526
52.167.144.208 - - [27/Aug/2023:07:13:08 -0500] "GET /sipse/faces/javax.faces.resource/jquery/jquery.js;jsessionid=Kd-Di9ajpeJgMCvGIqOgvOYA.undefined?ln=primefaces&v=4.0 HTTP/1.1" 200 105384
52.167.144.208 - - [27/Aug/2023:07:13:09 -0500] "GET /sipse/faces/javax.faces.resource/theme.css?ln=primefaces-sipse HTTP/1.1" 200 50058
52.167.144.208 - - [27/Aug/2023:07:13:09 -0500] "GET /sipse/js/funciones.js HTTP/1.1" 200 12592
40.77.167.208 - - [27/Aug/2023:07:13:13 -0500] "GET /sipse/js/disable_browser_buttons.js HTTP/1.1" 200 3230
172.22.2.4 - - [27/Aug/2023:07:12:25 -0500] "HEAD /BLA/boletinlegal/ HTTP/1.1" 200 -
52.167.144.108 - - [27/Aug/2023:07:14:52 -0500] "GET /BLA/resoluciones/AUTOS%202022/3279.pdf HTTP/1.1" 304 -
172.22.2.4 - - [27/Aug/2023:07:13:15 -0500] "GET /BLA/boletinlegal/ HTTP/1.1" 200 58981
201.245.192.253 - - [27/Aug/2023:07:16:56 -0500] "POST /kwsrmcab/Wsrmcab  HTTP/1.1" 200 41818
216.245.221.92 - - [27/Aug/2023:07:17:14 -0500] "HEAD / HTTP/1.1" 200 -
186.28.79.94 - - [27/Aug/2023:07:18:17 -0500] "GET /secretaria-de-ambiente-abr HTTP/1.1" 404 1136
186.28.79.94 - - [27/Aug/2023:07:18:18 -0500] "GET /favicon.ico HTTP/1.1" 404 1346
186.28.79.94 - - [27/Aug/2023:07:18:29 -0500] "GET / HTTP/1.1" 200 4720
186.28.79.94 - - [27/Aug/2023:07:18:30 -0500] "GET /js/url.js HTTP/1.1" 404 1294
186.28.79.94 - - [27/Aug/2023:07:18:30 -0500] "GET /fonts/icomoon/style.css HTTP/1.1" 200 79820
186.28.79.94 - - [27/Aug/2023:07:18:30 -0500] "GET /css/bootstrap.min.css HTTP/1.1" 200 178212
186.28.79.94 - - [27/Aug/2023:07:18:30 -0500] "GET /css/style.css HTTP/1.1" 200 3473
201.245.192.253 - - [27/Aug/2023:07:18:49 -0500] "POST /kwsrmcab/Wsrmcab HTTP/1.1" 200 43230
201.245.192.253 - - [27/Aug/2023:07:18:52 -0500] "POST /kwsrmcab/Wsrmcab HTTP/1.1" 200 43693
172.22.2.4 - - [27/Aug/2023:07:18:15 -0500] "HEAD /BLA/boletinlegal/ HTTP/1.1" 200 -
40.77.167.29 - - [27/Aug/2023:07:19:58 -0500] "GET /autoliquidacion2020 HTTP/1.1" 301 250
40.77.167.29 - - [27/Aug/2023:07:19:59 -0500] "GET /autoliquidacion2020/ HTTP/1.1" 200 6146
