186.154.185.9 - - [27/Aug/2023:20:39:47 -0500] "GET /kwssiamovil/sm/acme/a?s=U2FsdGVkX1/lsPqpVudejZ+3Sf3OFTmvXdsjRHkgOg+BPR5jmPaAqD20chS3N7h3ztRQbgTFSnLfkvBK5KA37clVxqqhiGj3+GI+WSdfqa0WTbEq91NJwu8OLDy1CbaCMHoOwghAOIAXqHtLAWJa/Cd+ecezmU/VDmO7mVinJYs=&u=U2FsdGVkX18xYJCvlTjZLz2PaqGA9yCjUSsvL1LRrn1Pq8wR66cZDQDSaJ+lIgaf&y=U2FsdGVkX19anFFin5TD7LWC6lG0I/HZOMWn1PEkxtrHRI02Gcn7ous5pYzk01NT HTTP/1.1" 200 26
186.154.185.9 - - [27/Aug/2023:20:39:47 -0500] "GET /kwssiamovil/sm/acme/a?s=U2FsdGVkX18aPo+QXhHcz3VynN2eKC0GNssfOt+4Klp/jDyMWvRi6Ne8TltuzS/GvO9hJ3MUzz8Mw0g8Eue64TdImPVAhdTmsBHQ1IImEgIm6I/11WHo1b6vUULyyZqe/RS9Nwk5MZzQphOP/PfIu251NMCV8YEjEEl3GzXc3BbGAP7Edf7ofDFuSeb9jbpx9FQ+b5UHeWCziruJK/P4aQ==&u=U2FsdGVkX18xYJCvlTjZLz2PaqGA9yCjUSsvL1LRrn1Pq8wR66cZDQDSaJ+lIgaf&y=U2FsdGVkX19anFFin5TD7LWC6lG0I/HZOMWn1PEkxtrHRI02Gcn7ous5pYzk01NT HTTP/1.1" 200 24
186.154.185.9 - - [27/Aug/2023:20:39:48 -0500] "GET /kwssiamovil/sm/acme/a?s=U2FsdGVkX19I5jQHpl8H2AhCHXOUMQMcWX4Os590k27Os8SO7xs1EOLhTojQmlYQp+MZg96xjn6O0cUxGXkcEXmGSaejwokX8y6Mr6XRkx2rVKqHuS7hUaj/G1Mojts8iAOXwSzPHPPNwP5zrNB1Wtfo88eyG8iDWHcD/lY4fM2tHROlkKXxjT/W9VVSHUgOcMlLgZ48/kxomVra57tGftJqHLZQzx2MlAjGeVKJRmMSW/z0PRQHow/g4ukqtMYE30dic0svKe/BYJDzgB/oVskadwYYaLbB+bd9YPBWCjk4CFP+lou7U9r9pTpLAN0dTmZfFMmL/6cnnPylvWEjme/sazTPbRLKSGBSPKkcKc5PqGJqjdCFSwbHVWBYbhjLGWw7N3cl200Okx9rrqEMvNTG0NC3HFa4Ch3IO+G4Q5U=&u=U2FsdGVkX18xYJCvlTjZLz2PaqGA9yCjUSsvL1LRrn1Pq8wR66cZDQDSaJ+lIgaf&y=U2FsdGVkX19anFFin5TD7LWC6lG0I/HZOMWn1PEkxtrHRI02Gcn7ous5pYzk01NT HTTP/1.1" 200 24
186.154.185.9 - - [27/Aug/2023:20:39:48 -0500] "GET /kwssiamovil/sm/acme/a?s=U2FsdGVkX19PlkO8n+VsKzwi3ScIzbzUc8xaYnlOlbuHSFm723OQ2lG2//WbP/FN3n8lh1/eAKqdI+amdiQxcT/yqaR4VN5crE0f/b9UNeazikr2NMdlMECFXn8pw3QRz4cOcdxZjbu3ykW1r0c+Aomm63irRp20DJBqQp6uAS6/4EmN6XmtJkKsoVtyED1zmOu6yOcQG1MVBCXPn+Xzs5SuV/DCU/wVpaDI1c4S8SoT/pj5f7A4jiZ3BWMvUF1h9sU+X5plLU2kjSgpPoZe7GujlnQz1NwA1uArPSqrWa3MJjgyjjuh77YOxV8iL982o6NHTLvrJod+j26C95/tnAS2INrsm3BwcTItc9Y/jAo/+zFllRBCd5G6TZl2PS//&u=U2FsdGVkX18xYJCvlTjZLz2PaqGA9yCjUSsvL1LRrn1Pq8wR66cZDQDSaJ+lIgaf&y=U2FsdGVkX19anFFin5TD7LWC6lG0I/HZOMWn1PEkxtrHRI02Gcn7ous5pYzk01NT HTTP/1.1" 200 25
216.245.221.92 - - [27/Aug/2023:20:41:11 -0500] "HEAD / HTTP/1.1" 200 -
172.22.2.4 - - [27/Aug/2023:20:42:04 -0500] "GET /BLA/boletinlegal/robots.txt HTTP/1.1" 404 1037
172.22.2.4 - - [27/Aug/2023:20:42:05 -0500] "GET /BLA/boletinlegal/actos.php HTTP/1.1" 200 9682
172.22.2.4 - - [27/Aug/2023:20:42:06 -0500] "GET /BLA/boletinlegal/js/jquery1.js HTTP/1.1" 200 29846
172.22.2.4 - - [27/Aug/2023:20:42:07 -0500] "GET /BLA/boletinlegal/js/lib.js HTTP/1.1" 200 6474
172.22.2.4 - - [27/Aug/2023:20:42:07 -0500] "GET /BLA/boletinlegal/niceforms.js HTTP/1.1" 200 22876
172.22.2.4 - - [27/Aug/2023:20:42:08 -0500] "GET /BLA/boletinlegal/niceforms-default.css HTTP/1.1" 200 6694
172.22.2.4 - - [27/Aug/2023:20:41:27 -0500] "HEAD /BLA/boletinlegal/ HTTP/1.1" 200 -
172.22.2.4 - - [27/Aug/2023:20:42:17 -0500] "GET /BLA/boletinlegal/ HTTP/1.1" 200 53013
201.245.192.253 - - [27/Aug/2023:20:44:09 -0500] "POST /kwsrmcab/Wsrmcab  HTTP/1.1" 200 41818
216.245.221.92 - - [27/Aug/2023:20:46:11 -0500] "HEAD / HTTP/1.1" 200 -
172.22.2.4 - - [27/Aug/2023:20:47:17 -0500] "HEAD /BLA/boletinlegal/ HTTP/1.1" 200 -
201.245.192.253 - - [27/Aug/2023:20:49:08 -0500] "POST /kwsrmcab/Wsrmcab  HTTP/1.1" 200 41818
172.22.2.4 - - [27/Aug/2023:20:48:07 -0500] "GET /BLA/boletinlegal/ HTTP/1.1" 200 60692
216.245.221.92 - - [27/Aug/2023:20:51:11 -0500] "HEAD / HTTP/1.1" 200 -
172.22.2.4 - - [27/Aug/2023:20:52:25 -0500] "GET /BLA/boletinlegal/consulta_actos.php?tipo=autos&no=&usuario=&sector=&fecha=2019&resuelve= HTTP/1.1" 200 1339822
172.22.2.4 - - [27/Aug/2023:20:52:57 -0500] "GET /BLA/boletinlegal/consulta_actos.php?tipo=resoluciones&no=&usuario=&sector=&fecha=2019&resuelve= HTTP/1.1" 200 1048720
201.244.242.6 - - [27/Aug/2023:20:53:33 -0500] "GET /BLA/resoluciones/RESOLUCIONES%202019/2304.pdf HTTP/1.1" 200 4328597
201.245.192.253 - - [27/Aug/2023:20:54:07 -0500] "POST /kwsrmcab/Wsrmcab  HTTP/1.1" 200 41818
172.22.2.4 - - [27/Aug/2023:20:53:07 -0500] "HEAD /BLA/boletinlegal/ HTTP/1.1" 200 -
172.22.2.4 - - [27/Aug/2023:20:53:58 -0500] "GET /BLA/boletinlegal/ HTTP/1.1" 200 60692
31.13.127.117 - - [27/Aug/2023:20:56:03 -0500] "GET /ciudad-bolivar-y-puente-aranda-se-alistan-para-una-nueva-llantaton.html HTTP/1.1" 200 991
216.245.221.92 - - [27/Aug/2023:20:56:11 -0500] "HEAD / HTTP/1.1" 200 -
172.22.2.4 - - [27/Aug/2023:20:58:26 -0500] "GET /BLA/boletinlegal/jurisprudencia/analisis/AnalisisC-035-16.docx HTTP/1.1" 200 25011
201.245.192.253 - - [27/Aug/2023:20:59:06 -0500] "POST /kwsrmcab/Wsrmcab  HTTP/1.1" 200 41818
172.22.2.4 - - [27/Aug/2023:20:58:57 -0500] "HEAD /BLA/boletinlegal/ HTTP/1.1" 200 -
216.245.221.92 - - [27/Aug/2023:21:01:11 -0500] "HEAD / HTTP/1.1" 200 -
69.63.184.10 - - [27/Aug/2023:21:01:12 -0500] "GET /images/buenas-practicas-ambientales21-octubre.jpg HTTP/1.1" 200 77514
172.22.2.4 - - [27/Aug/2023:20:59:48 -0500] "GET /BLA/boletinlegal/ HTTP/1.1" 200 60692
172.22.2.4 - - [27/Aug/2023:21:01:34 -0500] "GET /BLA/boletinlegal/consulta_actos.php?tipo=resoluciones&no=&usuario=&sector=&fecha=2016&resuelve= HTTP/1.1" 200 551346
201.244.242.6 - - [27/Aug/2023:21:01:43 -0500] "GET /BLA/resoluciones/RESOLUCIONES%202016/1002.pdf HTTP/1.1" 200 2515842
173.252.127.17 - - [27/Aug/2023:21:02:26 -0500] "GET /secretaria-de-ambiente-y-cruz-verde-se-unieron-para-reverdecer-la-conejera.html?fbclid=IwAR21Eu6vMlFLXBrReQc8GrYXf_9aJQmkJkiZ0SAy09E2N89fUqcN1pWTV0E HTTP/1.1" 200 803
2.103.85.25 - - [27/Aug/2023:21:02:46 -0500] "GET / HTTP/1.1" 200 319
2.103.85.25 - - [27/Aug/2023:21:02:46 -0500] "GET / HTTP/1.1" 200 319
2.103.85.25 - - [27/Aug/2023:21:02:46 -0500] "GET / HTTP/1.1" 200 319
173.252.107.3 - - [27/Aug/2023:21:02:53 -0500] "GET /tres-entidades-distritales-ganadoras-del-concurso-al-trabajo-en-bici.html HTTP/1.1" 200 945
185.32.164.145 - - [27/Aug/2023:21:04:07 -0500] "GET /.env HTTP/1.1" 404 1018
201.245.192.253 - - [27/Aug/2023:21:04:05 -0500] "POST /kwsrmcab/Wsrmcab  HTTP/1.1" 200 41818
185.32.164.145 - - [27/Aug/2023:21:04:08 -0500] "POST / HTTP/1.1" 200 319
216.245.221.92 - - [27/Aug/2023:21:06:11 -0500] "HEAD / HTTP/1.1" 200 -
172.22.2.4 - - [27/Aug/2023:21:04:47 -0500] "HEAD /BLA/boletinlegal/ HTTP/1.1" 200 -
172.22.2.4 - - [27/Aug/2023:21:06:26 -0500] "GET /BLA/boletinlegal/consulta_actos.php?tipo=resoluciones&no=&usuario=&sector=&fecha=2017&resuelve= HTTP/1.1" 200 1023175
66.249.70.7 - - [27/Aug/2023:21:07:15 -0500] "GET /BLA/resoluciones/Notificaciones/RESOLUCIONES%202023/5132.pdf HTTP/1.1" 304 -
172.22.2.4 - - [27/Aug/2023:21:05:37 -0500] "GET /BLA/boletinlegal/ HTTP/1.1" 200 60692
201.244.242.6 - - [27/Aug/2023:21:07:39 -0500] "GET /BLA/resoluciones/RESOLUCIONES%202017/3178.pdf HTTP/1.1" 200 262197
52.167.144.192 - - [27/Aug/2023:21:08:39 -0500] "GET /Publicaciones/2023EE195447.pdf HTTP/1.1" 200 231919
201.245.192.253 - - [27/Aug/2023:21:09:04 -0500] "POST /kwsrmcab/Wsrmcab  HTTP/1.1" 200 41818
216.245.221.92 - - [27/Aug/2023:21:11:10 -0500] "HEAD / HTTP/1.1" 200 -
172.22.2.4 - - [27/Aug/2023:21:10:37 -0500] "HEAD /BLA/boletinlegal/ HTTP/1.1" 200 -
172.22.2.4 - - [27/Aug/2023:21:11:27 -0500] "GET /BLA/boletinlegal/ HTTP/1.1" 200 52656
172.22.2.4 - - [27/Aug/2023:21:13:57 -0500] "GET /BLA/boletinlegal/actos.php HTTP/1.1" 200 9682
186.118.237.229 - - [27/Aug/2023:21:14:05 -0500] "GET /BLA/resoluciones/ HTTP/1.1" 200 13502
201.245.192.253 - - [27/Aug/2023:21:14:03 -0500] "POST /kwsrmcab/Wsrmcab  HTTP/1.1" 200 41818
40.77.167.6 - - [27/Aug/2023:21:14:14 -0500] "GET /bla/resoluciones/autos%202010/2132.pdf HTTP/1.1" 200 1272305
186.118.237.229 - - [27/Aug/2023:21:14:16 -0500] "GET /BLA/resoluciones/index.php?dir=AUTOS+2020%2F HTTP/1.1" 200 330405
216.245.221.92 - - [27/Aug/2023:21:16:11 -0500] "HEAD / HTTP/1.1" 200 -
172.22.2.4 - - [27/Aug/2023:21:16:20 -0500] "GET /BLA/boletinlegal/administrator/index HTTP/1.1" 404 1037
172.22.2.4 - - [27/Aug/2023:21:16:22 -0500] "GET /BLA/boletinlegal/admin HTTP/1.1" 301 272
172.22.2.4 - - [27/Aug/2023:21:16:24 -0500] "GET /BLA/boletinlegal/login HTTP/1.1" 404 1037
216.218.206.68 - - [27/Aug/2023:21:16:56 -0500] "\x16\x03\x01" 400 226
52.167.144.190 - - [27/Aug/2023:21:17:10 -0500] "GET /no-se-deje-enganar-mujeres-que-reverdecen-no-solicita-informacion-por-cadenas-de-whatsapp.html HTTP/1.1" 304 -
172.22.2.4 - - [27/Aug/2023:21:16:27 -0500] "HEAD /BLA/boletinlegal/ HTTP/1.1" 200 -
172.22.2.4 - - [27/Aug/2023:21:18:14 -0500] "GET /BLA/boletinlegal/actos.php HTTP/1.1" 200 9682
172.22.2.4 - - [27/Aug/2023:21:18:15 -0500] "GET /BLA/boletinlegal/styles2.css HTTP/1.1" 200 1838
172.22.2.4 - - [27/Aug/2023:21:18:15 -0500] "GET /BLA/boletinlegal/js/ajax_actos.js HTTP/1.1" 200 1322
172.22.2.4 - - [27/Aug/2023:21:18:15 -0500] "GET /BLA/boletinlegal/niceforms-default.css HTTP/1.1" 200 6694
172.22.2.4 - - [27/Aug/2023:21:18:15 -0500] "GET /BLA/boletinlegal/style.css HTTP/1.1" 200 9406
172.22.2.4 - - [27/Aug/2023:21:18:15 -0500] "GET /BLA/boletinlegal/niceforms.js HTTP/1.1" 200 22876
172.22.2.4 - - [27/Aug/2023:21:18:15 -0500] "GET /BLA/boletinlegal/js/lib.js HTTP/1.1" 200 6474
172.22.2.4 - - [27/Aug/2023:21:18:15 -0500] "GET /BLA/boletinlegal/js/popup.js HTTP/1.1" 200 1270
172.22.2.4 - - [27/Aug/2023:21:18:15 -0500] "GET /BLA/boletinlegal/js/jquery1.js HTTP/1.1" 200 29846
172.22.2.4 - - [27/Aug/2023:21:18:15 -0500] "GET /BLA/boletinlegal/images/cabezote%20BLEGAL.jpg HTTP/1.1" 200 118164
172.22.2.4 - - [27/Aug/2023:21:18:15 -0500] "GET /BLA/boletinlegal/images/subscribe-icon-big.png HTTP/1.1" 200 47702
172.22.2.4 - - [27/Aug/2023:21:18:15 -0500] "GET /BLA/boletinlegal/images/historia.png HTTP/1.1" 200 52775
172.22.2.4 - - [27/Aug/2023:21:18:15 -0500] "GET /BLA/boletinlegal/images/registro-usuarios.png HTTP/1.1" 200 8106
172.22.2.4 - - [27/Aug/2023:21:18:15 -0500] "GET /BLA/boletinlegal/images/icono-email.png HTTP/1.1" 200 5544
172.22.2.4 - - [27/Aug/2023:21:18:15 -0500] "GET /BLA/boletinlegal/images/tel.png HTTP/1.1" 200 14477
172.22.2.4 - - [27/Aug/2023:21:18:15 -0500] "GET /BLA/boletinlegal/images/green-yellow-blue-pink-th.png HTTP/1.1" 200 7394
172.22.2.4 - - [27/Aug/2023:21:18:15 -0500] "GET /BLA/boletinlegal/images/body_bg.jpg HTTP/1.1" 200 1601
172.22.2.4 - - [27/Aug/2023:21:18:15 -0500] "GET /BLA/boletinlegal/images/menu_lft.gif HTTP/1.1" 200 1713
172.22.2.4 - - [27/Aug/2023:21:18:15 -0500] "GET /BLA/boletinlegal/images/menu_rght.gif HTTP/1.1" 200 1627
172.22.2.4 - - [27/Aug/2023:21:18:15 -0500] "GET /BLA/boletinlegal/images/bg_top.jpg HTTP/1.1" 200 522
172.22.2.4 - - [27/Aug/2023:21:18:15 -0500] "GET /BLA/boletinlegal/images/menu_bg.jpg HTTP/1.1" 200 620
172.22.2.4 - - [27/Aug/2023:21:18:15 -0500] "GET /BLA/boletinlegal/images/hover.jpg HTTP/1.1" 200 640
172.22.2.4 - - [27/Aug/2023:21:18:15 -0500] "GET /BLA/boletinlegal/images/text.jpg HTTP/1.1" 200 568
172.22.2.4 - - [27/Aug/2023:21:18:15 -0500] "GET /BLA/boletinlegal/images/footer_bg.jpg HTTP/1.1" 200 586
172.22.2.4 - - [27/Aug/2023:21:18:15 -0500] "GET /BLA/boletinlegal/images/footer_bg_l.jpg HTTP/1.1" 200 776
172.22.2.4 - - [27/Aug/2023:21:18:16 -0500] "GET /BLA/boletinlegal/img/0.png HTTP/1.1" 200 110
172.22.2.4 - - [27/Aug/2023:21:18:16 -0500] "GET /BLA/boletinlegal/img/select-left.png HTTP/1.1" 200 263
172.22.2.4 - - [27/Aug/2023:21:18:16 -0500] "GET /BLA/boletinlegal/img/button-left.png HTTP/1.1" 200 57071
172.22.2.4 - - [27/Aug/2023:21:18:16 -0500] "GET /BLA/boletinlegal/img/select-right.png HTTP/1.1" 200 44019
172.22.2.4 - - [27/Aug/2023:21:18:16 -0500] "GET /BLA/boletinlegal/img/button-right.png HTTP/1.1" 200 57878
172.22.2.4 - - [27/Aug/2023:21:18:16 -0500] "GET /BLA/boletinlegal/img/button.png HTTP/1.1" 200 43241
172.22.2.4 - - [27/Aug/2023:21:18:16 -0500] "GET /BLA/boletinlegal/favicon.ico HTTP/1.1" 404 1326
190.27.6.218 - - [27/Aug/2023:21:18:23 -0500] "GET /BLA/resoluciones/ HTTP/1.1" 200 13502
190.27.6.218 - - [27/Aug/2023:21:18:39 -0500] "GET /BLA/resoluciones/index.php?dir=AUTOS+2018%2F HTTP/1.1" 200 462855
201.245.192.253 - - [27/Aug/2023:21:18:46 -0500] "POST /kwsrmcab/Wsrmcab HTTP/1.1" 200 42496
201.245.192.253 - - [27/Aug/2023:21:18:49 -0500] "POST /kwsrmcab/Wsrmcab HTTP/1.1" 200 43931
172.22.2.4 - - [27/Aug/2023:21:17:17 -0500] "GET /BLA/boletinlegal/ HTTP/1.1" 200 60692
190.27.6.218 - - [27/Aug/2023:21:19:00 -0500] "GET /BLA/resoluciones/AUTOS%202018/3108.pdf HTTP/1.1" 200 290449
201.245.192.253 - - [27/Aug/2023:21:19:02 -0500] "POST /kwsrmcab/Wsrmcab  HTTP/1.1" 200 41818
216.245.221.92 - - [27/Aug/2023:21:21:10 -0500] "HEAD / HTTP/1.1" 200 -
172.22.2.4 - - [27/Aug/2023:21:22:17 -0500] "HEAD /BLA/boletinlegal/ HTTP/1.1" 200 -
172.22.2.4 - - [27/Aug/2023:21:23:16 -0500] "GET /BLA/boletinlegal/ HTTP/1.1" 200 20427
201.245.192.253 - - [27/Aug/2023:21:24:01 -0500] "POST /kwsrmcab/Wsrmcab  HTTP/1.1" 200 41818
172.22.2.4 - - [27/Aug/2023:21:23:07 -0500] "GET /BLA/boletinlegal/ HTTP/1.1" 200 54597
190.84.119.147 - - [27/Aug/2023:21:26:04 -0500] "GET /BLA/resoluciones/index.php?dir=AUTOS+2015%2F HTTP/1.1" 200 583842
216.245.221.92 - - [27/Aug/2023:21:26:10 -0500] "HEAD / HTTP/1.1" 200 -
181.53.12.207 - - [27/Aug/2023:21:26:25 -0500] "GET /secretaria-de-ambiente-abre-convocatoria-para-el-proceso-de-formacion-mujeres-cuidadoras-de-humedales.html HTTP/1.1" 200 943
201.244.242.6 - - [27/Aug/2023:21:27:24 -0500] "GET /BLA/resoluciones/AUTOS%202019/0686.pdf HTTP/1.1" 200 305825
45.156.129.37 - - [27/Aug/2023:21:27:40 -0500] "GET / HTTP/1.1" 200 319
201.245.192.253 - - [27/Aug/2023:21:28:46 -0500] "POST /kwsrmcab/Wsrmcab HTTP/1.1" 200 42496
201.245.192.253 - - [27/Aug/2023:21:28:49 -0500] "POST /kwsrmcab/Wsrmcab HTTP/1.1" 200 43931
201.245.192.253 - - [27/Aug/2023:21:28:59 -0500] "POST /kwsrmcab/Wsrmcab  HTTP/1.1" 200 41818
40.77.167.73 - - [27/Aug/2023:21:29:41 -0500] "GET /forest/ HTTP/1.1" 200 12041
172.22.2.4 - - [27/Aug/2023:21:28:07 -0500] "HEAD /BLA/boletinlegal/ HTTP/1.1" 200 -
168.119.251.242 - - [27/Aug/2023:21:30:21 -0500] "GET / HTTP/1.1" 200 319
168.119.251.242 - - [27/Aug/2023:21:30:21 -0500] "GET / HTTP/1.1" 200 4720
172.22.2.4 - - [27/Aug/2023:21:28:57 -0500] "GET /BLA/boletinlegal/ HTTP/1.1" 200 58597
216.245.221.92 - - [27/Aug/2023:21:31:10 -0500] "HEAD / HTTP/1.1" 200 -
201.245.192.253 - - [27/Aug/2023:21:33:58 -0500] "POST /kwsrmcab/Wsrmcab  HTTP/1.1" 200 41818
172.22.2.4 - - [27/Aug/2023:21:34:41 -0500] "GET /BLA/boletinlegal/actos.php HTTP/1.1" 200 9682
172.22.2.4 - - [27/Aug/2023:21:33:09 -0500] "GET /BLA/boletinlegal/ HTTP/1.1" 200 60692
172.22.2.4 - - [27/Aug/2023:21:33:57 -0500] "HEAD /BLA/boletinlegal/ HTTP/1.1" 200 -
216.245.221.92 - - [27/Aug/2023:21:36:10 -0500] "HEAD / HTTP/1.1" 200 -
172.22.2.4 - - [27/Aug/2023:21:34:47 -0500] "GET /BLA/boletinlegal/ HTTP/1.1" 200 53013
200.29.113.38 - - [27/Aug/2023:21:37:02 -0500] "GET /inscribete-y-participa-en-la-convencion-internacional-de-emergencia-climatica-bogota-2023.html HTTP/1.1" 200 895
172.22.2.4 - - [27/Aug/2023:21:37:02 -0500] "GET /BLA/boletinlegal/Circulares/2022/CIRCULAR%20No.%2000005%20DEL%2030%20DE%20JUNIO%20DEL%202022.pdf HTTP/1.1" 200 370015
172.22.2.4 - - [27/Aug/2023:21:37:15 -0500] "GET /BLA/boletinlegal/Circulares/2019/.pdf HTTP/1.1" 404 1218
172.22.2.4 - - [27/Aug/2023:21:37:26 -0500] "GET /BLA/boletinlegal/Circulares/2012/Circular%20No.%2010%20del%2026%20de%20Enero%20de%202012.pdf HTTP/1.1" 404 1218
201.245.192.253 - - [27/Aug/2023:21:38:46 -0500] "POST /kwsrmcab/Wsrmcab HTTP/1.1" 200 42496
201.245.192.253 - - [27/Aug/2023:21:38:49 -0500] "POST /kwsrmcab/Wsrmcab HTTP/1.1" 200 43931
201.245.192.253 - - [27/Aug/2023:21:38:56 -0500] "POST /kwsrmcab/Wsrmcab  HTTP/1.1" 200 41818
66.175.213.4 - - [27/Aug/2023:21:40:13 -0500] "\x16\x03\x01" 400 226
216.245.221.92 - - [27/Aug/2023:21:41:10 -0500] "HEAD / HTTP/1.1" 200 -
172.22.2.4 - - [27/Aug/2023:21:39:47 -0500] "HEAD /BLA/boletinlegal/ HTTP/1.1" 200 -
64.124.8.58 - - [27/Aug/2023:21:41:29 -0500] "GET /portaldeninos/wp-includes/wlwmanifest.xml HTTP/1.1" 200 1045
172.22.2.4 - - [27/Aug/2023:21:40:37 -0500] "GET /BLA/boletinlegal/ HTTP/1.1" 200 56607
201.245.192.253 - - [27/Aug/2023:21:43:56 -0500] "POST /kwsrmcab/Wsrmcab  HTTP/1.1" 200 41818
66.249.70.7 - - [27/Aug/2023:21:44:45 -0500] "GET /BLA/resoluciones/AUTOS%202012/2566.pdf HTTP/1.1" 304 -
216.245.221.92 - - [27/Aug/2023:21:46:10 -0500] "HEAD / HTTP/1.1" 200 -
172.22.2.4 - - [27/Aug/2023:21:45:37 -0500] "HEAD /BLA/boletinlegal/ HTTP/1.1" 200 -
172.22.2.4 - - [27/Aug/2023:21:46:27 -0500] "GET /BLA/boletinlegal/ HTTP/1.1" 200 53013
201.245.192.253 - - [27/Aug/2023:21:48:54 -0500] "POST /kwsrmcab/Wsrmcab  HTTP/1.1" 200 41818
216.245.221.92 - - [27/Aug/2023:21:51:10 -0500] "HEAD / HTTP/1.1" 200 -
172.22.2.4 - - [27/Aug/2023:21:51:05 -0500] "GET /BLA/boletinlegal/ HTTP/1.1" 200 36811
172.22.2.4 - - [27/Aug/2023:21:51:26 -0500] "HEAD /BLA/boletinlegal/ HTTP/1.1" 200 -
201.245.192.253 - - [27/Aug/2023:21:53:53 -0500] "POST /kwsrmcab/Wsrmcab  HTTP/1.1" 200 41818
172.22.2.4 - - [27/Aug/2023:21:52:17 -0500] "GET /BLA/boletinlegal/ HTTP/1.1" 200 58597
216.245.221.92 - - [27/Aug/2023:21:56:10 -0500] "HEAD / HTTP/1.1" 200 -
201.245.192.253 - - [27/Aug/2023:21:58:52 -0500] "POST /kwsrmcab/Wsrmcab  HTTP/1.1" 200 41818
172.22.2.4 - - [27/Aug/2023:21:57:16 -0500] "HEAD /BLA/boletinlegal/ HTTP/1.1" 200 -
172.22.2.4 - - [27/Aug/2023:21:58:07 -0500] "GET /BLA/boletinlegal/ HTTP/1.1" 200 53766
216.245.221.92 - - [27/Aug/2023:22:01:10 -0500] "HEAD / HTTP/1.1" 200 -
201.245.192.253 - - [27/Aug/2023:22:03:52 -0500] "POST /kwsrmcab/Wsrmcab  HTTP/1.1" 200 41818
172.22.2.4 - - [27/Aug/2023:22:03:06 -0500] "HEAD /BLA/boletinlegal/ HTTP/1.1" 200 -
4.1.229.86 - - [27/Aug/2023:22:05:34 -0500] "GET /api/.env HTTP/1.1" 404 1018
4.1.229.86 - - [27/Aug/2023:22:05:34 -0500] "POST /api HTTP/1.1" 404 1018
172.22.2.4 - - [27/Aug/2023:22:03:57 -0500] "GET /BLA/boletinlegal/ HTTP/1.1" 200 60692
216.245.221.92 - - [27/Aug/2023:22:06:10 -0500] "HEAD / HTTP/1.1" 200 -
168.119.101.10 - - [27/Aug/2023:22:08:51 -0500] "GET / HTTP/1.1" 200 4720
201.245.192.253 - - [27/Aug/2023:22:08:51 -0500] "POST /kwsrmcab/Wsrmcab  HTTP/1.1" 200 41818
168.119.101.10 - - [27/Aug/2023:22:08:53 -0500] "GET / HTTP/1.1" 200 319
181.142.166.64 - - [27/Aug/2023:22:10:29 -0500] "GET /BLA/resoluciones/RESOLUCIONES%202022/4681.pdf HTTP/1.1" 200 436383
172.22.2.4 - - [27/Aug/2023:22:08:56 -0500] "HEAD /BLA/boletinlegal/ HTTP/1.1" 200 -
181.142.166.64 - - [27/Aug/2023:22:10:38 -0500] "GET /BLA/resoluciones/RESOLUCIONES%202022/4681.pdf HTTP/1.1" 206 1
181.142.166.64 - - [27/Aug/2023:22:10:38 -0500] "GET /BLA/resoluciones/RESOLUCIONES%202022/4681.pdf HTTP/1.1" 206 433759
181.142.166.64 - - [27/Aug/2023:22:10:39 -0500] "GET /BLA/resoluciones/RESOLUCIONES%202022/4681.pdf HTTP/1.1" 206 1
181.142.166.64 - - [27/Aug/2023:22:10:39 -0500] "GET /BLA/resoluciones/RESOLUCIONES%202022/4681.pdf HTTP/1.1" 206 433759
216.245.221.92 - - [27/Aug/2023:22:11:10 -0500] "HEAD / HTTP/1.1" 200 -
172.22.2.4 - - [27/Aug/2023:22:09:47 -0500] "GET /BLA/boletinlegal/ HTTP/1.1" 200 58187
201.245.192.253 - - [27/Aug/2023:22:13:49 -0500] "POST /kwsrmcab/Wsrmcab  HTTP/1.1" 200 41818
98.64.96.19 - - [27/Aug/2023:22:14:28 -0500] "GET /Publicaciones/2023EE138184.pdf HTTP/1.1" 404 228
216.245.221.92 - - [27/Aug/2023:22:16:10 -0500] "HEAD / HTTP/1.1" 200 -
172.22.2.4 - - [27/Aug/2023:22:14:46 -0500] "HEAD /BLA/boletinlegal/ HTTP/1.1" 200 -
172.22.2.4 - - [27/Aug/2023:22:16:53 -0500] "GET /BLA/boletinlegal/jurisprudencia/analisis/AnalisisC-035-16.docx HTTP/1.1" 200 25011
172.22.2.4 - - [27/Aug/2023:22:15:37 -0500] "GET /BLA/boletinlegal/ HTTP/1.1" 200 58187
172.22.2.4 - - [27/Aug/2023:22:17:31 -0500] "GET /BLA/boletinlegal/conceptos.php HTTP/1.1" 200 7496
172.22.2.4 - - [27/Aug/2023:22:17:42 -0500] "GET /BLA/boletinlegal/consulta_conceptos.php?no=&solicitante=&radicado_entrada=&fecha_concepto=2023&objeto=Huerta HTTP/1.1" 200 570
172.22.2.4 - - [27/Aug/2023:22:17:50 -0500] "GET /BLA/boletinlegal/consulta_conceptos.php?no=&solicitante=&radicado_entrada=&fecha_concepto=2022&objeto=Huerta HTTP/1.1" 200 570
172.22.2.4 - - [27/Aug/2023:22:17:57 -0500] "GET /BLA/boletinlegal/consulta_conceptos.php?no=&solicitante=&radicado_entrada=&fecha_concepto=2021&objeto=Huerta HTTP/1.1" 200 570
172.22.2.4 - - [27/Aug/2023:22:18:02 -0500] "GET /BLA/boletinlegal/consulta_conceptos.php?no=&solicitante=&radicado_entrada=&fecha_concepto=2020&objeto=Huerta HTTP/1.1" 200 570
172.22.2.4 - - [27/Aug/2023:22:18:07 -0500] "GET /BLA/boletinlegal/consulta_conceptos.php?no=&solicitante=&radicado_entrada=&fecha_concepto=2019&objeto=Huerta HTTP/1.1" 200 570
168.119.101.10 - - [27/Aug/2023:22:18:11 -0500] "GET / HTTP/1.1" 200 4720
168.119.101.10 - - [27/Aug/2023:22:18:13 -0500] "GET / HTTP/1.1" 200 319
172.22.2.4 - - [27/Aug/2023:22:18:13 -0500] "GET /BLA/boletinlegal/consulta_conceptos.php?no=&solicitante=&radicado_entrada=&fecha_concepto=2018&objeto=Huerta HTTP/1.1" 200 570
172.22.2.4 - - [27/Aug/2023:22:18:16 -0500] "GET /BLA/boletinlegal/consulta_conceptos.php?no=&solicitante=&radicado_entrada=&fecha_concepto=2017&objeto=Huerta HTTP/1.1" 200 570
172.22.2.4 - - [27/Aug/2023:22:18:21 -0500] "GET /BLA/boletinlegal/consulta_conceptos.php?no=&solicitante=&radicado_entrada=&fecha_concepto=2016&objeto=Huerta HTTP/1.1" 200 570
172.22.2.4 - - [27/Aug/2023:22:18:24 -0500] "GET /BLA/boletinlegal/consulta_conceptos.php?no=&solicitante=&radicado_entrada=&fecha_concepto=2015&objeto=Huerta HTTP/1.1" 200 570
172.22.2.4 - - [27/Aug/2023:22:18:28 -0500] "GET /BLA/boletinlegal/consulta_conceptos.php?no=&solicitante=&radicado_entrada=&fecha_concepto=2014&objeto=Huerta HTTP/1.1" 200 570
172.22.2.4 - - [27/Aug/2023:22:18:32 -0500] "GET /BLA/boletinlegal/consulta_conceptos.php?no=&solicitante=&radicado_entrada=&fecha_concepto=2013&objeto=Huerta HTTP/1.1" 200 570
201.245.192.253 - - [27/Aug/2023:22:18:46 -0500] "POST /kwsrmcab/Wsrmcab HTTP/1.1" 200 42488
201.245.192.253 - - [27/Aug/2023:22:18:48 -0500] "POST /kwsrmcab/Wsrmcab  HTTP/1.1" 200 41818
201.245.192.253 - - [27/Aug/2023:22:18:49 -0500] "POST /kwsrmcab/Wsrmcab HTTP/1.1" 200 43359
216.245.221.92 - - [27/Aug/2023:22:21:10 -0500] "HEAD / HTTP/1.1" 200 -
172.22.2.4 - - [27/Aug/2023:22:20:36 -0500] "HEAD /BLA/boletinlegal/ HTTP/1.1" 200 -
186.102.99.255 - - [27/Aug/2023:22:22:28 -0500] "OPTIONS /kwssiamovil/sm/setfile/f? HTTP/1.1" 200 13
186.102.99.255 - - [27/Aug/2023:22:22:28 -0500] "POST /kwssiamovil/sm/setfile/f? HTTP/1.1" 200 381
186.102.99.255 - - [27/Aug/2023:22:22:53 -0500] "GET /kwssiamovil/sm/acme/a?s=U2FsdGVkX18G8orY1q4sMQ2EK5bbJoay0HXkMw9UndWh0K0CDGNqLX1EM8CoMUlDu7Nt2mmDtG5Xg7vtZKVb6+bDWQO278cEMgesJqX6536Zg9HoAlYyBk/gghn5tQ04xUdHIIgJ3boZ88VRepxAtZLw6nDsyyAvwKT9vmlD61H19jNAqdkIFDRkJOAiiFhX+ZwNS7F09/NzH+OWtBFVEfeUdvKfIey16kDV33Qajd7RTbI2zWMDNAsYVT+Ov//GARwYbnlzC7GzK/mbXAbndQ==&u=U2FsdGVkX18fbMaJjzQJmX4uKxuBanzRGlb9E3RE//M=&y=U2FsdGVkX182AGp0fH3ScdN8IlYCHgVqChXDj8Eu97c= HTTP/1.1" 200 26
186.102.99.255 - - [27/Aug/2023:22:22:54 -0500] "GET /kwssiamovil/sm/acme/a?s=U2FsdGVkX18FMy61mVf5Da9s3V/2+CXpXEiXmh3R+NIu90A98G3jbI1sDNenLnyN9hzS0xje6uPv8rTipx7bSh9I4fAJba9TSRvhY6yvnqZ/KzFR7uFvvIQGk50Ry5R8m+0WYueeR02s37Knew73g99xDhKmG1jRsIGEgzsCddJ7fqm6A6s1o/UQ8HhyjR+2kf0jtz3LhQ2sFZg6VckJYZwaqh6m4C7tGZCQ2Z+9Vz0qJwAezOAi4AEMZrcE9IfPiu6/m9X7rR3Q70DMckRkfCX2fhEqHlzvnUzv9MRXMQ1ZIdBaNr7MyIaCG/vcmOSM1rMk/uWLMcPhh2dIVbK9FDOC1CUVu0hzL6U2JX+Xivc1TzmItmR3omHGQyhy1poa4+L10p951C6vuphASjOc0vOqyRxvh6bgkrsm0AqVmHhxQgtuQSiihiY6vqrhz9akT34z9NKXn0oZnRXoU9Y4Fzv731tf862faS037bWYuhu5sdw3ttn92pV1OVyoc6UXn9J9cmYEc5gUqcSC97telboLg81I2Pe8SHRAsJMr0CsEHYrZufW3iWKUMXKMwXlf4nI1YNFkXezPInEssMrUuaQXUB0cgGAd5C9jaaiTlYPPy+IX9WQuDaQZa3V44AqgA8YUORhU6SW/DXdgkAyjD7Cu4vvW/8U/wF+aWNlap9GIPAFNLOukBi19Pf9Y7oXhEsMQGGyIcR0Ir994z8xzRGaxDnpRxPTq4X+tt/HwsMuOZ+bZAiI1QBsSOqDC86cK/orSZVzO1+Exrwi144Es9B89JjHOa2/V3xqsU+vklKWoK+ToZQhZlGo/m2qdZc+WHPaVJ9VNgJtAm4jSSqZhFBVtvpX+zIHaovs0HQjWWn2hGF5NrnLdaNZf9z/Aa37h6QLm2HDlQCDyyCg+UI/K1iFraNN+ydE74Dw7x28MjUQHc7eZPr4kqRiFGWH2UnhdJCFTM0H7J6QGT2IQSguKHMq896CjaOFE43k8PRgXx11+GPGzInwMyWFfbfXMqFecUmqyqzRIwjINYvGu46B9VTO3v494kZWfkvVXDzziHHUpOFIJZroBe7ubjKtkkSbue+38HlzUcxfzBDeMP3HAUamJEBbE2RYnb2W9ww/U3h+LPmiW36DXNUTL+hiYFH9iidFkzsE46Cd2e/9IzFzuYYhVpsV11fNqMJkaZAPjNuaeb56XC26z8KAI0zWpMJ/DhBC4sEE+FXP4Oh+Zal8EriFgbQvGvDR0PsSaODy6/t6cnrIxOYtH/toTIKT3Vu09/oJtXiUMb0YQjp7kjfNS2wxxT7xxjBoVyOdYVKtJK+6O3iQ4OK6ZUbXsCxUr4vZFK/YegBH2PX5teURjTE24EbD8p4pCeWrJplfIQ+8dfMMZiSOaCm1M2DmUwBUtZVEcPwxJKeyQP3qpshhTYXOMPZiy+Qd5nOTWl42QHR659jv5n9II4w7kxDnPr6KcrdNU0PUdMac86Z08j99Mmi3s0jeVIyYeWDo8aWJlXYMUmGIVZsNHzwTIfXJURwWdtdyAIbaiIhE21WsxeCnWcqdCq8KxtzZCVDBKv22fQWLB0LA2EriiTNWuzd/oktHp22a6ChV6tm5btZgl5cBLr7ALUkB3q7vjiTJd9pmA3R+6MvHfnjjY9rMOrm7uRfnAhlT0dqZOmzlVayFG0EnRP7Aq+uxiQI0mglJc8bBV+73F2vWqDhEmeIEVfgaJbdkNf8KV313D6eFSzqpAz27XA6dVjyoGKXuUCM2HoVRhIzZ30t6qtoSSjyvFojGnh6pXpswZ6XHySxx6ZEKUG2I5Sl8s4joJt7Klmv7EQWtCZWYT9oi0fiD/7hedGrATLAuInyKqbIWLfbRgEt8u1VVy4qyvj/yab3KQsDpdy5JV37g9LsppXw3xH7NcJD1ZDH+pAbIiiBrkg5Y9FaTH4bvU+hOv9Oxq8wU9ZX23uQllMeFCGTL4p6Ew98p2FXpm2e3BDYrBHUz9vXugOYI2xjAIpplH1Hy5boctzqT2g78HECcbeWZ9Pf7rfwMbleYzvhMFffkZKBVXj7OY7t9L7heUL08aqiIkW4oNbQAukql7k2NdBHiVrbfh+0gWizunNocGcG+zOSay038k/BU+bcdkjYNDT2L/w7SidpeuHxpX3nlNRcYhvFvjzfL3GUvOKbIIVHaYD/j2LZjeCX2ipxfxMDBUsaMAioVZlLi5ZTgO2jvtA92I/Tu3ObFOzvl7Y4YXLWk0hRU+zacrUyXU1lPGT1upSdyB41D7nYk3XXi3JbWa7cbV+CGNzAi29zeqY7Xm9/yCtWJyqbu53PM9YXdzAaDgan6fPLWYWC7cy92orRH0J4nJ6CV31zi4LSki4SKR7E2tYzxqJPXDobwTVnBlQ64+dbD4k73dHAMYXp8TmbxRQ54KICF8+6UJ3tkr6A7sJMzxqF4JcyAYk9zQ2UPXu8xSPHQ6IGz7WBjqZAyRRddzOQcza0BwnsMbiEJ250s0bvGk7RVM82tduzKK1wMh/rkVBZ2vdxcqIr7jUhKqK92oVyA0+QAfM5cjHs6SgB8YpSla&u=U2FsdGVkX18fbMaJjzQJmX4uKxuBanzRGlb9E3RE//M=&y=U2FsdGVkX182AGp0fH3ScdN8IlYCHgVqChXDj8Eu97c= HTTP/1.1" 200 26
186.102.99.255 - - [27/Aug/2023:22:22:54 -0500] "GET /kwssiamovil/sm/acme/a?s=U2FsdGVkX18YGL4Z4VUzNTKZh/oemI0kSsfJ1FiRhId6Z1bHo7Q4g2nS6mXmi8fkJhu+089yjU3Xeo1pxJdAiQ5Jb8KHiJ1/ckySckW1I2gRphnLnq3nyTT4/n4eIVfEz4PVuEQXCKTl2uAX03y0vhthfn40O5527cd+oytVkZA=&u=U2FsdGVkX18fbMaJjzQJmX4uKxuBanzRGlb9E3RE//M=&y=U2FsdGVkX182AGp0fH3ScdN8IlYCHgVqChXDj8Eu97c= HTTP/1.1" 200 26
186.102.99.255 - - [27/Aug/2023:22:22:54 -0500] "GET /kwssiamovil/sm/acme/a?s=U2FsdGVkX19Rth0RKVtJScLSpRVMqnivgoRor9EQNmdtuAwThAzyJiQG58eHN6tTRv12ilbmBm2UAmP04pzzuOPlB0XzcFxOS+GIzW+AROqkem2xqKG7PlBLIkPSyiUn1+YX1aJCJkYR+UcnBIuQDX9T8rmdWWHApULlAkrlJ4s=&u=U2FsdGVkX18fbMaJjzQJmX4uKxuBanzRGlb9E3RE//M=&y=U2FsdGVkX182AGp0fH3ScdN8IlYCHgVqChXDj8Eu97c= HTTP/1.1" 200 26
186.102.99.255 - - [27/Aug/2023:22:22:54 -0500] "GET /kwssiamovil/sm/acme/a?s=U2FsdGVkX1+Kb7Qg/CnxtCsEqIs8K9ZHOTOJNd0GTz5TPqsY594T7c88h3kwkhG8xPQMq1Thsqy37lKgMS4L1cKiG1pmnDa3RwRKv/nO8a3grfAUUphnJKcb2CRKHXHGAPlQL1ITu+b5rWWaNUPslpO/Tqe82vis4V6yoQ1+0pM=&u=U2FsdGVkX18fbMaJjzQJmX4uKxuBanzRGlb9E3RE//M=&y=U2FsdGVkX182AGp0fH3ScdN8IlYCHgVqChXDj8Eu97c= HTTP/1.1" 200 26
186.102.99.255 - - [27/Aug/2023:22:22:54 -0500] "GET /kwssiamovil/sm/acme/a?s=U2FsdGVkX1/rVCkVdOxE6Q7UHm5Mk/yaLoVqARr6y38VdfUP7AsBzqA12bvxOpjuDINM2O/lhphZAOrDuF8yWCQc9SqW+ZISPDV6r+0jSO3oVZE5XnCNfYUL89BoQ46gSxwZyTZ7Ck5fY8+Xfn9bQiDddTVA35N8FhNCubJA5HjawViufFn+xnf3Pnf8AMZl&u=U2FsdGVkX18fbMaJjzQJmX4uKxuBanzRGlb9E3RE//M=&y=U2FsdGVkX182AGp0fH3ScdN8IlYCHgVqChXDj8Eu97c= HTTP/1.1" 200 26
186.102.99.255 - - [27/Aug/2023:22:22:55 -0500] "GET /kwssiamovil/sm/acme/a?s=U2FsdGVkX18RWOWYXpGm6q7GgZUAzsVEK/vxexMmt8xEwTkbbS1ASu8T97qiyzv0Va4ayYMP1UJk83n5vGWrFLxSGpWmclZBkpj4jEd493GP88wzjC62gnwCa+zOfm2iIrq3UQD0u7EAvJWi/wIss3TvjBgLl3kdRPny20QpyYhmls5J2wKwCV0LxJDSy6A4id9sElqqxgZQfLPdEJtlgQ==&u=U2FsdGVkX18fbMaJjzQJmX4uKxuBanzRGlb9E3RE//M=&y=U2FsdGVkX182AGp0fH3ScdN8IlYCHgVqChXDj8Eu97c= HTTP/1.1" 200 26
186.102.99.255 - - [27/Aug/2023:22:22:55 -0500] "GET /kwssiamovil/sm/acme/a?s=U2FsdGVkX1+uFt8Ux4OVKoxyiiLOTncWKTvtExO/YOXCW9Ym4oWYkZ9N5QUUFy0zhMnb57tP4AkoQPFnwNGY11kbmnvS0EHeO0MWULLOM7MmfetcSG93z7JYTRzZbOZoXvL9aUFBrh9sviVll2kuF82cuil0km1ikAzr7M8Pqa336g1wploiqg70Y2e2R8Tk&u=U2FsdGVkX18fbMaJjzQJmX4uKxuBanzRGlb9E3RE//M=&y=U2FsdGVkX182AGp0fH3ScdN8IlYCHgVqChXDj8Eu97c= HTTP/1.1" 200 26
172.22.2.4 - - [27/Aug/2023:22:21:27 -0500] "GET /BLA/boletinlegal/ HTTP/1.1" 200 52656
201.245.192.253 - - [27/Aug/2023:22:23:48 -0500] "POST /kwsrmcab/Wsrmcab  HTTP/1.1" 200 41818
172.22.2.4 - - [27/Aug/2023:22:24:16 -0500] "GET /BLA/boletinlegal/jurisprudencia/analisis/G__Jurisp.%20Junio%202014_Sent%20Tutela%20Drumond.docx HTTP/1.1" 200 25380
216.245.221.92 - - [27/Aug/2023:22:26:10 -0500] "HEAD / HTTP/1.1" 200 -
172.22.2.4 - - [27/Aug/2023:22:26:26 -0500] "HEAD /BLA/boletinlegal/ HTTP/1.1" 200 -
201.245.192.253 - - [27/Aug/2023:22:28:46 -0500] "POST /kwsrmcab/Wsrmcab HTTP/1.1" 200 42488
201.245.192.253 - - [27/Aug/2023:22:28:46 -0500] "POST /kwsrmcab/Wsrmcab  HTTP/1.1" 200 41818
201.245.192.253 - - [27/Aug/2023:22:28:49 -0500] "POST /kwsrmcab/Wsrmcab HTTP/1.1" 200 43359
172.22.2.4 - - [27/Aug/2023:22:27:17 -0500] "GET /BLA/boletinlegal/ HTTP/1.1" 200 52656
173.252.107.5 - - [27/Aug/2023:22:29:02 -0500] "GET /los-pies-descalzos-que-recorrieron-chinavita-boyaca-y-que-hoy-siembran-esperanza-en-bogota.html HTTP/1.1" 200 802
216.245.221.92 - - [27/Aug/2023:22:31:10 -0500] "HEAD / HTTP/1.1" 200 -
201.245.192.253 - - [27/Aug/2023:22:33:46 -0500] "POST /kwsrmcab/Wsrmcab  HTTP/1.1" 200 41818
172.22.2.4 - - [27/Aug/2023:22:32:16 -0500] "HEAD /BLA/boletinlegal/ HTTP/1.1" 200 -
172.22.2.4 - - [27/Aug/2023:22:33:07 -0500] "GET /BLA/boletinlegal/ HTTP/1.1" 200 49695
172.22.2.4 - - [27/Aug/2023:22:33:21 -0500] "GET /BLA/boletinlegal/ HTTP/1.1" 200 51700
216.245.221.92 - - [27/Aug/2023:22:36:10 -0500] "HEAD / HTTP/1.1" 200 -
172.22.2.4 - - [27/Aug/2023:22:37:15 -0500] "GET /BLA/boletinlegal/Circulares/2019/.pdf HTTP/1.1" 404 1218
61.135.159.155 - - [27/Aug/2023:22:38:09 -0500] "GET / HTTP/1.1" 200 319
201.245.192.253 - - [27/Aug/2023:22:38:45 -0500] "POST /kwsrmcab/Wsrmcab  HTTP/1.1" 200 41818
201.245.192.253 - - [27/Aug/2023:22:38:45 -0500] "POST /kwsrmcab/Wsrmcab HTTP/1.1" 200 42488
201.245.192.253 - - [27/Aug/2023:22:38:48 -0500] "POST /kwsrmcab/Wsrmcab HTTP/1.1" 200 43359
172.22.2.4 - - [27/Aug/2023:22:38:06 -0500] "HEAD /BLA/boletinlegal/ HTTP/1.1" 200 -
172.22.2.4 - - [27/Aug/2023:22:38:57 -0500] "GET /BLA/boletinlegal/ HTTP/1.1" 200 58187
216.245.221.92 - - [27/Aug/2023:22:41:10 -0500] "HEAD / HTTP/1.1" 200 -
201.245.192.253 - - [27/Aug/2023:22:43:44 -0500] "POST /kwsrmcab/Wsrmcab  HTTP/1.1" 200 41818
172.22.2.4 - - [27/Aug/2023:22:43:56 -0500] "HEAD /BLA/boletinlegal/ HTTP/1.1" 200 -
216.245.221.92 - - [27/Aug/2023:22:46:10 -0500] "HEAD / HTTP/1.1" 200 -
172.22.2.4 - - [27/Aug/2023:22:44:47 -0500] "GET /BLA/boletinlegal/ HTTP/1.1" 200 52656
201.245.192.253 - - [27/Aug/2023:22:48:43 -0500] "POST /kwsrmcab/Wsrmcab  HTTP/1.1" 200 41818
66.220.149.117 - - [27/Aug/2023:22:48:52 -0500] "GET /images/Bogot\xc3\xa1-Regi\xc3\xb3n-unidos-por-el-cuidado-del-agua.jpeg HTTP/1.1" 404 1034
66.220.149.4 - - [27/Aug/2023:22:48:53 -0500] "GET /images/Bogot\xc3\xa1-Regi\xc3\xb3n-unidos-por-el-cuidado-del-agua.jpeg HTTP/1.1" 404 1034
186.84.89.240 - - [27/Aug/2023:22:50:24 -0500] "GET /forest/ HTTP/1.1" 200 12041
186.84.89.240 - - [27/Aug/2023:22:50:43 -0500] "POST /forest/index.php HTTP/1.1" 200 12268
216.245.221.92 - - [27/Aug/2023:22:51:10 -0500] "HEAD / HTTP/1.1" 200 -
172.22.2.4 - - [27/Aug/2023:22:49:46 -0500] "HEAD /BLA/boletinlegal/ HTTP/1.1" 200 -
172.22.2.4 - - [27/Aug/2023:22:50:37 -0500] "GET /BLA/boletinlegal/ HTTP/1.1" 200 53013
52.167.144.206 - - [27/Aug/2023:22:52:21 -0500] "GET /Publicaciones/2023EE121090.pdf HTTP/1.1" 404 228
201.245.192.253 - - [27/Aug/2023:22:53:42 -0500] "POST /kwsrmcab/Wsrmcab  HTTP/1.1" 200 41818
216.245.221.92 - - [27/Aug/2023:22:56:10 -0500] "HEAD / HTTP/1.1" 200 -
172.22.2.4 - - [27/Aug/2023:22:55:36 -0500] "HEAD /BLA/boletinlegal/ HTTP/1.1" 200 -
172.22.2.4 - - [27/Aug/2023:22:57:29 -0500] "GET /BLA/boletinlegal/jurisprudencia/analisis/AnalisisC-035-16.docx HTTP/1.1" 200 25011
172.22.2.4 - - [27/Aug/2023:22:56:27 -0500] "GET /BLA/boletinlegal/ HTTP/1.1" 200 58597
201.245.192.253 - - [27/Aug/2023:22:58:41 -0500] "POST /kwsrmcab/Wsrmcab  HTTP/1.1" 200 41818
216.245.221.92 - - [27/Aug/2023:23:01:10 -0500] "HEAD / HTTP/1.1" 200 -
172.22.2.4 - - [27/Aug/2023:23:01:26 -0500] "HEAD /BLA/boletinlegal/ HTTP/1.1" 200 -
201.245.192.253 - - [27/Aug/2023:23:03:39 -0500] "POST /kwsrmcab/Wsrmcab  HTTP/1.1" 200 41818
172.22.2.4 - - [27/Aug/2023:23:02:17 -0500] "GET /BLA/boletinlegal/ HTTP/1.1" 200 58597
216.245.221.92 - - [27/Aug/2023:23:06:10 -0500] "HEAD / HTTP/1.1" 200 -
201.245.192.253 - - [27/Aug/2023:23:08:39 -0500] "POST /kwsrmcab/Wsrmcab  HTTP/1.1" 200 41818
172.22.2.4 - - [27/Aug/2023:23:07:16 -0500] "HEAD /BLA/boletinlegal/ HTTP/1.1" 200 -
172.22.2.4 - - [27/Aug/2023:23:08:07 -0500] "GET /BLA/boletinlegal/ HTTP/1.1" 200 52656
216.245.221.92 - - [27/Aug/2023:23:11:10 -0500] "HEAD / HTTP/1.1" 200 -
172.22.2.4 - - [27/Aug/2023:23:13:02 -0500] "GET /BLA/boletinlegal/normativa.php HTTP/1.1" 200 8343
172.22.2.4 - - [27/Aug/2023:23:13:02 -0500] "GET /BLA/boletinlegal/styles2.css HTTP/1.1" 200 1838
172.22.2.4 - - [27/Aug/2023:23:13:02 -0500] "GET /BLA/boletinlegal/js/ajax_normativa.js HTTP/1.1" 200 1154
172.22.2.4 - - [27/Aug/2023:23:13:02 -0500] "GET /BLA/boletinlegal/niceforms-default.css HTTP/1.1" 200 6694
172.22.2.4 - - [27/Aug/2023:23:13:02 -0500] "GET /BLA/boletinlegal/style.css HTTP/1.1" 200 9406
172.22.2.4 - - [27/Aug/2023:23:13:02 -0500] "GET /BLA/boletinlegal/niceforms.js HTTP/1.1" 200 22876
172.22.2.4 - - [27/Aug/2023:23:13:02 -0500] "GET /BLA/boletinlegal/images/cabezote%20BLEGAL.jpg HTTP/1.1" 200 118164
172.22.2.4 - - [27/Aug/2023:23:13:02 -0500] "GET /BLA/boletinlegal/images/historia.png HTTP/1.1" 200 52775
172.22.2.4 - - [27/Aug/2023:23:13:02 -0500] "GET /BLA/boletinlegal/images/subscribe-icon-big.png HTTP/1.1" 200 47702
172.22.2.4 - - [27/Aug/2023:23:13:02 -0500] "GET /BLA/boletinlegal/images/tel.png HTTP/1.1" 200 14477
172.22.2.4 - - [27/Aug/2023:23:13:02 -0500] "GET /BLA/boletinlegal/images/registro-usuarios.png HTTP/1.1" 200 8106
172.22.2.4 - - [27/Aug/2023:23:13:03 -0500] "GET /BLA/boletinlegal/images/icono-email.png HTTP/1.1" 200 5544
172.22.2.4 - - [27/Aug/2023:23:13:03 -0500] "GET /BLA/boletinlegal/images/text.jpg HTTP/1.1" 200 568
172.22.2.4 - - [27/Aug/2023:23:13:03 -0500] "GET /BLA/boletinlegal/images/footer_bg.jpg HTTP/1.1" 200 586
172.22.2.4 - - [27/Aug/2023:23:13:03 -0500] "GET /BLA/boletinlegal/images/menu_lft.gif HTTP/1.1" 200 1713
172.22.2.4 - - [27/Aug/2023:23:13:03 -0500] "GET /BLA/boletinlegal/images/menu_rght.gif HTTP/1.1" 200 1627
172.22.2.4 - - [27/Aug/2023:23:13:03 -0500] "GET /BLA/boletinlegal/images/bg_top.jpg HTTP/1.1" 200 522
172.22.2.4 - - [27/Aug/2023:23:13:03 -0500] "GET /BLA/boletinlegal/images/menu_bg.jpg HTTP/1.1" 200 620
172.22.2.4 - - [27/Aug/2023:23:13:03 -0500] "GET /BLA/boletinlegal/images/hover.jpg HTTP/1.1" 200 640
172.22.2.4 - - [27/Aug/2023:23:13:03 -0500] "GET /BLA/boletinlegal/images/body_bg.jpg HTTP/1.1" 200 1601
172.22.2.4 - - [27/Aug/2023:23:13:03 -0500] "GET /BLA/boletinlegal/images/footer_bg_l.jpg HTTP/1.1" 200 776
172.22.2.4 - - [27/Aug/2023:23:13:03 -0500] "GET /BLA/boletinlegal/img/select-left.png HTTP/1.1" 200 263
172.22.2.4 - - [27/Aug/2023:23:13:03 -0500] "GET /BLA/boletinlegal/img/0.png HTTP/1.1" 200 110
172.22.2.4 - - [27/Aug/2023:23:13:03 -0500] "GET /BLA/boletinlegal/img/select-right.png HTTP/1.1" 200 44019
172.22.2.4 - - [27/Aug/2023:23:13:03 -0500] "GET /BLA/boletinlegal/img/button.png HTTP/1.1" 200 43241
172.22.2.4 - - [27/Aug/2023:23:13:03 -0500] "GET /BLA/boletinlegal/img/button-left.png HTTP/1.1" 200 57071
172.22.2.4 - - [27/Aug/2023:23:13:03 -0500] "GET /BLA/boletinlegal/img/button-right.png HTTP/1.1" 200 57878
172.22.2.4 - - [27/Aug/2023:23:13:03 -0500] "GET /BLA/boletinlegal/favicon.ico HTTP/1.1" 404 1334
172.22.2.4 - - [27/Aug/2023:23:13:18 -0500] "GET /BLA/boletinlegal/consulta_normativa.php?tipo=&sector=hidrocarburos&ano=2022&resuelve=gas HTTP/1.1" 200 454
172.22.2.4 - - [27/Aug/2023:23:13:21 -0500] "GET /BLA/boletinlegal/consulta_normativa.php?tipo=&sector=hidrocarburos&ano=2022&resuelve= HTTP/1.1" 200 454
172.22.2.4 - - [27/Aug/2023:23:13:24 -0500] "GET /BLA/boletinlegal/consulta_normativa.php?tipo=&sector=hidrocarburos&ano=2022&resuelve= HTTP/1.1" 200 454
172.22.2.4 - - [27/Aug/2023:23:13:24 -0500] "GET /BLA/boletinlegal/consulta_normativa.php?tipo=&sector=hidrocarburos&ano=2022&resuelve= HTTP/1.1" 200 454
172.22.2.4 - - [27/Aug/2023:23:13:24 -0500] "GET /BLA/boletinlegal/consulta_normativa.php?tipo=&sector=hidrocarburos&ano=2022&resuelve= HTTP/1.1" 200 454
201.245.192.253 - - [27/Aug/2023:23:13:37 -0500] "POST /kwsrmcab/Wsrmcab  HTTP/1.1" 200 41818
172.22.2.4 - - [27/Aug/2023:23:13:06 -0500] "HEAD /BLA/boletinlegal/ HTTP/1.1" 200 -
172.22.2.4 - - [27/Aug/2023:23:13:57 -0500] "GET /BLA/boletinlegal/ HTTP/1.1" 200 52656
216.245.221.92 - - [27/Aug/2023:23:16:10 -0500] "HEAD / HTTP/1.1" 200 -
40.77.167.1 - - [27/Aug/2023:23:18:29 -0500] "GET /Publicaciones/2023EE114062.pdf HTTP/1.1" 404 228
201.245.192.253 - - [27/Aug/2023:23:18:36 -0500] "POST /kwsrmcab/Wsrmcab  HTTP/1.1" 200 41818
201.245.192.253 - - [27/Aug/2023:23:18:45 -0500] "POST /kwsrmcab/Wsrmcab HTTP/1.1" 200 42490
201.245.192.253 - - [27/Aug/2023:23:18:49 -0500] "POST /kwsrmcab/Wsrmcab HTTP/1.1" 200 43647
172.22.2.4 - - [27/Aug/2023:23:18:56 -0500] "HEAD /BLA/boletinlegal/ HTTP/1.1" 200 -
181.56.235.113 - - [27/Aug/2023:23:20:54 -0500] "GET /BLA/resoluciones/index.php HTTP/1.1" 200 13502
181.56.235.113 - - [27/Aug/2023:23:20:58 -0500] "GET /BLA/resoluciones/index.php?dir=AUTOS+2015%2F HTTP/1.1" 200 583842
216.245.221.92 - - [27/Aug/2023:23:21:10 -0500] "HEAD / HTTP/1.1" 200 -
172.22.2.4 - - [27/Aug/2023:23:19:47 -0500] "GET /BLA/boletinlegal/ HTTP/1.1" 200 58187
181.56.235.113 - - [27/Aug/2023:23:22:36 -0500] "GET /BLA/resoluciones/index.php HTTP/1.1" 200 13502
181.56.235.113 - - [27/Aug/2023:23:22:39 -0500] "GET /BLA/resoluciones/index.php?dir=RESOLUCIONES+2020%2F HTTP/1.1" 200 169062
201.245.192.253 - - [27/Aug/2023:23:23:35 -0500] "POST /kwsrmcab/Wsrmcab  HTTP/1.1" 200 41818
35.203.210.70 - - [27/Aug/2023:23:25:27 -0500] "GET / HTTP/1.1" 200 319
216.245.221.92 - - [27/Aug/2023:23:26:10 -0500] "HEAD / HTTP/1.1" 200 -
172.22.2.4 - - [27/Aug/2023:23:24:46 -0500] "HEAD /BLA/boletinlegal/ HTTP/1.1" 200 -
172.22.2.4 - - [27/Aug/2023:23:25:37 -0500] "GET /BLA/boletinlegal/ HTTP/1.1" 200 61130
201.245.192.253 - - [27/Aug/2023:23:28:33 -0500] "POST /kwsrmcab/Wsrmcab  HTTP/1.1" 200 41818
201.245.192.253 - - [27/Aug/2023:23:28:45 -0500] "POST /kwsrmcab/Wsrmcab HTTP/1.1" 200 42490
172.22.2.4 - - [27/Aug/2023:23:28:49 -0500] "GET /BLA/boletinlegal/actos.php HTTP/1.1" 200 9682
172.22.2.4 - - [27/Aug/2023:23:28:49 -0500] "GET /BLA/boletinlegal/styles2.css HTTP/1.1" 200 1838
172.22.2.4 - - [27/Aug/2023:23:28:49 -0500] "GET /BLA/boletinlegal/style.css HTTP/1.1" 200 9406
172.22.2.4 - - [27/Aug/2023:23:28:49 -0500] "GET /BLA/boletinlegal/js/ajax_actos.js HTTP/1.1" 200 1322
172.22.2.4 - - [27/Aug/2023:23:28:49 -0500] "GET /BLA/boletinlegal/niceforms-default.css HTTP/1.1" 200 6694
172.22.2.4 - - [27/Aug/2023:23:28:49 -0500] "GET /BLA/boletinlegal/js/popup.js HTTP/1.1" 200 1270
172.22.2.4 - - [27/Aug/2023:23:28:49 -0500] "GET /BLA/boletinlegal/niceforms.js HTTP/1.1" 200 22876
172.22.2.4 - - [27/Aug/2023:23:28:49 -0500] "GET /BLA/boletinlegal/js/jquery1.js HTTP/1.1" 200 29846
172.22.2.4 - - [27/Aug/2023:23:28:49 -0500] "GET /BLA/boletinlegal/js/lib.js HTTP/1.1" 200 6474
172.22.2.4 - - [27/Aug/2023:23:28:49 -0500] "GET /BLA/boletinlegal/images/cabezote%20BLEGAL.jpg HTTP/1.1" 200 118164
172.22.2.4 - - [27/Aug/2023:23:28:49 -0500] "GET /BLA/boletinlegal/images/subscribe-icon-big.png HTTP/1.1" 200 47702
172.22.2.4 - - [27/Aug/2023:23:28:49 -0500] "GET /BLA/boletinlegal/images/registro-usuarios.png HTTP/1.1" 200 8106
172.22.2.4 - - [27/Aug/2023:23:28:49 -0500] "GET /BLA/boletinlegal/images/green-yellow-blue-pink-th.png HTTP/1.1" 200 7394
172.22.2.4 - - [27/Aug/2023:23:28:49 -0500] "GET /BLA/boletinlegal/images/historia.png HTTP/1.1" 200 52775
172.22.2.4 - - [27/Aug/2023:23:28:49 -0500] "GET /BLA/boletinlegal/images/tel.png HTTP/1.1" 200 14477
172.22.2.4 - - [27/Aug/2023:23:28:49 -0500] "GET /BLA/boletinlegal/images/icono-email.png HTTP/1.1" 200 5544
172.22.2.4 - - [27/Aug/2023:23:28:49 -0500] "GET /BLA/boletinlegal/images/body_bg.jpg HTTP/1.1" 200 1601
172.22.2.4 - - [27/Aug/2023:23:28:49 -0500] "GET /BLA/boletinlegal/images/menu_lft.gif HTTP/1.1" 200 1713
172.22.2.4 - - [27/Aug/2023:23:28:49 -0500] "GET /BLA/boletinlegal/images/menu_rght.gif HTTP/1.1" 200 1627
172.22.2.4 - - [27/Aug/2023:23:28:49 -0500] "GET /BLA/boletinlegal/images/bg_top.jpg HTTP/1.1" 200 522
172.22.2.4 - - [27/Aug/2023:23:28:49 -0500] "GET /BLA/boletinlegal/images/menu_bg.jpg HTTP/1.1" 200 620
172.22.2.4 - - [27/Aug/2023:23:28:49 -0500] "GET /BLA/boletinlegal/images/hover.jpg HTTP/1.1" 200 640
172.22.2.4 - - [27/Aug/2023:23:28:49 -0500] "GET /BLA/boletinlegal/images/text.jpg HTTP/1.1" 200 568
172.22.2.4 - - [27/Aug/2023:23:28:49 -0500] "GET /BLA/boletinlegal/images/footer_bg.jpg HTTP/1.1" 200 586
172.22.2.4 - - [27/Aug/2023:23:28:49 -0500] "GET /BLA/boletinlegal/images/footer_bg_l.jpg HTTP/1.1" 200 776
172.22.2.4 - - [27/Aug/2023:23:28:50 -0500] "GET /BLA/boletinlegal/img/button-right.png HTTP/1.1" 200 57878
172.22.2.4 - - [27/Aug/2023:23:28:50 -0500] "GET /BLA/boletinlegal/img/select-left.png HTTP/1.1" 200 263
172.22.2.4 - - [27/Aug/2023:23:28:50 -0500] "GET /BLA/boletinlegal/img/button-left.png HTTP/1.1" 200 57071
172.22.2.4 - - [27/Aug/2023:23:28:50 -0500] "GET /BLA/boletinlegal/img/0.png HTTP/1.1" 200 110
172.22.2.4 - - [27/Aug/2023:23:28:50 -0500] "GET /BLA/boletinlegal/img/select-right.png HTTP/1.1" 200 44019
172.22.2.4 - - [27/Aug/2023:23:28:50 -0500] "GET /BLA/boletinlegal/img/button.png HTTP/1.1" 200 43241
172.22.2.4 - - [27/Aug/2023:23:28:50 -0500] "GET /BLA/boletinlegal/favicon.ico HTTP/1.1" 404 1326
201.245.192.253 - - [27/Aug/2023:23:28:48 -0500] "POST /kwsrmcab/Wsrmcab HTTP/1.1" 200 43647
200.118.60.55 - - [27/Aug/2023:23:28:52 -0500] "GET /BLA/resoluciones/dlf/styles.css HTTP/1.1" 200 3049
200.118.60.55 - - [27/Aug/2023:23:28:52 -0500] "GET /BLA/resoluciones/ HTTP/1.1" 200 13502
200.118.60.55 - - [27/Aug/2023:23:28:52 -0500] "GET /BLA/resoluciones/dlf/folder.png HTTP/1.1" 200 410
200.118.60.55 - - [27/Aug/2023:23:28:52 -0500] "GET /BLA/resoluciones/dlf/bg.gif HTTP/1.1" 200 54
200.118.60.55 - - [27/Aug/2023:23:28:52 -0500] "GET /favicon.ico HTTP/1.1" 200 7782
200.118.60.55 - - [27/Aug/2023:23:28:59 -0500] "GET /BLA/resoluciones/dlf/dirup.png HTTP/1.1" 200 644
200.118.60.55 - - [27/Aug/2023:23:28:59 -0500] "GET /BLA/resoluciones/dlf/pdf.gif HTTP/1.1" 200 272
200.118.60.55 - - [27/Aug/2023:23:28:59 -0500] "GET /BLA/resoluciones/index.php?dir=AUTOS+2016%2F HTTP/1.1" 200 331459
181.56.235.113 - - [27/Aug/2023:23:29:30 -0500] "GET /BLA/resoluciones/index.php HTTP/1.1" 200 13502
181.56.235.113 - - [27/Aug/2023:23:29:35 -0500] "GET /BLA/resoluciones/index.php?dir=RESOLUCIONES+2020%2F HTTP/1.1" 200 169062
45.249.244.58 - - [27/Aug/2023:23:30:24 -0500] "GET / HTTP/1.1" 200 319
216.245.221.92 - - [27/Aug/2023:23:31:10 -0500] "HEAD / HTTP/1.1" 200 -
172.22.2.4 - - [27/Aug/2023:23:30:37 -0500] "HEAD /BLA/boletinlegal/ HTTP/1.1" 200 -
172.22.2.4 - - [27/Aug/2023:23:31:27 -0500] "GET /BLA/boletinlegal/ HTTP/1.1" 200 61130
201.245.192.253 - - [27/Aug/2023:23:33:32 -0500] "POST /kwsrmcab/Wsrmcab  HTTP/1.1" 200 41818
172.22.2.4 - - [27/Aug/2023:23:34:00 -0500] "GET /BLA/boletinlegal/ HTTP/1.1" 200 63248
172.104.11.46 - - [27/Aug/2023:23:36:04 -0500] "GET / HTTP/1.1" 200 319
216.245.221.92 - - [27/Aug/2023:23:36:10 -0500] "HEAD / HTTP/1.1" 200 -
18.134.246.89 - - [27/Aug/2023:23:36:41 -0500] "" 400 226
34.174.152.29 - - [27/Aug/2023:23:37:08 -0500] "HEAD /BLA/resoluciones/RESOLUCIONES%202017/0520.pdf HTTP/1.1" 200 -
172.22.2.4 - - [27/Aug/2023:23:38:03 -0500] "GET /BLA/boletinlegal/Circulares/2019/.pdf HTTP/1.1" 404 1218
172.22.2.4 - - [27/Aug/2023:23:36:27 -0500] "HEAD /BLA/boletinlegal/ HTTP/1.1" 200 -
172.22.2.4 - - [27/Aug/2023:23:38:12 -0500] "GET /BLA/boletinlegal/Circulares/2012/Circular%20No.%2010%20del%2026%20de%20Enero%20de%202012.pdf HTTP/1.1" 404 1218
201.245.192.253 - - [27/Aug/2023:23:38:31 -0500] "POST /kwsrmcab/Wsrmcab  HTTP/1.1" 200 41818
201.245.192.253 - - [27/Aug/2023:23:38:46 -0500] "POST /kwsrmcab/Wsrmcab HTTP/1.1" 200 42490
201.245.192.253 - - [27/Aug/2023:23:38:49 -0500] "POST /kwsrmcab/Wsrmcab HTTP/1.1" 200 43647
66.249.66.194 - - [27/Aug/2023:23:38:56 -0500] "GET /robots.txt HTTP/1.1" 404 1034
66.249.66.192 - - [27/Aug/2023:23:38:56 -0500] "GET /serpiente-sabanera-pone-huevos-en-area-protegida-de-bogota.html HTTP/1.1" 304 -
172.22.2.4 - - [27/Aug/2023:23:37:17 -0500] "GET /BLA/boletinlegal/ HTTP/1.1" 200 53013
66.249.79.131 - - [27/Aug/2023:23:38:57 -0500] "GET /este-jueves-muevete-sostenible-y-dale-un-respiro-a-la-ciudad-en-el-dia-sin-carro-y-sin-moto.html HTTP/1.1" 304 -
18.134.246.89 - - [27/Aug/2023:23:39:31 -0500] "\x16\x03\x01" 400 226
66.249.70.7 - - [27/Aug/2023:23:40:18 -0500] "GET /BLA/resoluciones/Notificaciones/RESOLUCIONES%202022/4733.pdf HTTP/1.1" 304 -
216.245.221.92 - - [27/Aug/2023:23:41:10 -0500] "HEAD / HTTP/1.1" 200 -
201.245.192.253 - - [27/Aug/2023:23:43:30 -0500] "POST /kwsrmcab/Wsrmcab  HTTP/1.1" 200 41818
18.134.246.89 - - [27/Aug/2023:23:43:34 -0500] "\x16\x03\x01" 400 226
172.22.2.4 - - [27/Aug/2023:23:42:16 -0500] "HEAD /BLA/boletinlegal/ HTTP/1.1" 200 -
172.22.2.4 - - [27/Aug/2023:23:43:07 -0500] "GET /BLA/boletinlegal/ HTTP/1.1" 200 50790
18.134.246.89 - - [27/Aug/2023:23:45:03 -0500] "GET /favicon.ico HTTP/1.1" 200 7782
172.22.2.4 - - [27/Aug/2023:23:44:07 -0500] "GET /BLA/boletinlegal/ HTTP/1.1" 200 61130
172.22.2.4 - - [27/Aug/2023:23:45:49 -0500] "GET /BLA/boletinlegal/style.css HTTP/1.1" 200 9406
172.22.2.4 - - [27/Aug/2023:23:45:50 -0500] "GET /BLA/boletinlegal/styles2.css HTTP/1.1" 200 1838
216.245.221.92 - - [27/Aug/2023:23:46:10 -0500] "HEAD / HTTP/1.1" 200 -
18.134.246.89 - - [27/Aug/2023:23:47:15 -0500] "\x16\x03\x01" 400 226
201.245.192.253 - - [27/Aug/2023:23:48:30 -0500] "POST /kwsrmcab/Wsrmcab  HTTP/1.1" 200 41818
18.134.246.89 - - [27/Aug/2023:23:48:46 -0500] "GET /manage/account/login HTTP/1.1" 404 1018
172.22.2.4 - - [27/Aug/2023:23:48:06 -0500] "HEAD /BLA/boletinlegal/ HTTP/1.1" 200 -
172.22.2.4 - - [27/Aug/2023:23:48:57 -0500] "GET /BLA/boletinlegal/ HTTP/1.1" 200 54597
186.154.166.103 - - [27/Aug/2023:23:50:48 -0500] "GET /forest/ HTTP/1.1" 200 12041
186.154.166.103 - - [27/Aug/2023:23:50:59 -0500] "POST /forest/index.php HTTP/1.1" 200 12268
216.245.221.92 - - [27/Aug/2023:23:51:10 -0500] "HEAD / HTTP/1.1" 200 -
18.134.246.89 - - [27/Aug/2023:23:52:11 -0500] "\x16\x03\x01" 400 226
186.118.237.229 - - [27/Aug/2023:23:53:27 -0500] "GET /BLA/resoluciones/index.php?dir=AUTOS+2021%2F HTTP/1.1" 200 398380
186.118.237.229 - - [27/Aug/2023:23:53:28 -0500] "GET /BLA/resoluciones/dlf/unknown.png HTTP/1.1" 200 266
186.118.237.229 - - [27/Aug/2023:23:53:31 -0500] "GET /BLA/resoluciones/AUTOS%202021/0504.pdf HTTP/1.1" 200 1116751
201.245.192.253 - - [27/Aug/2023:23:53:29 -0500] "POST /kwsrmcab/Wsrmcab  HTTP/1.1" 200 41818
18.134.246.89 - - [27/Aug/2023:23:53:34 -0500] "GET /admin/index.html HTTP/1.1" 404 1018
172.22.2.4 - - [27/Aug/2023:23:53:56 -0500] "HEAD /BLA/boletinlegal/ HTTP/1.1" 200 -
216.245.221.92 - - [27/Aug/2023:23:56:10 -0500] "HEAD / HTTP/1.1" 200 -
172.22.2.4 - - [27/Aug/2023:23:54:47 -0500] "GET /BLA/boletinlegal/ HTTP/1.1" 200 53013
18.134.246.89 - - [27/Aug/2023:23:56:39 -0500] "\x16\x03\x01" 400 226
40.77.167.152 - - [27/Aug/2023:23:57:53 -0500] "GET /BLA/resoluciones/AUTOS%202014/7119.pdf HTTP/1.1" 200 504795
18.134.246.89 - - [27/Aug/2023:23:58:02 -0500] "GET /index.html HTTP/1.1" 200 319
201.245.192.253 - - [27/Aug/2023:23:58:28 -0500] "POST /kwsrmcab/Wsrmcab  HTTP/1.1" 200 41818
172.22.2.4 - - [27/Aug/2023:23:59:15 -0500] "GET /BLA/boletinlegal/actos.php HTTP/1.1" 200 9682
172.22.2.4 - - [27/Aug/2023:23:59:16 -0500] "GET /BLA/boletinlegal/styles2.css HTTP/1.1" 200 1838
172.22.2.4 - - [27/Aug/2023:23:59:16 -0500] "GET /BLA/boletinlegal/js/ajax_actos.js HTTP/1.1" 200 1322
172.22.2.4 - - [27/Aug/2023:23:59:16 -0500] "GET /BLA/boletinlegal/niceforms-default.css HTTP/1.1" 200 6694
172.22.2.4 - - [27/Aug/2023:23:59:16 -0500] "GET /BLA/boletinlegal/style.css HTTP/1.1" 200 9406
172.22.2.4 - - [27/Aug/2023:23:59:16 -0500] "GET /BLA/boletinlegal/niceforms.js HTTP/1.1" 200 22876
172.22.2.4 - - [27/Aug/2023:23:59:16 -0500] "GET /BLA/boletinlegal/js/lib.js HTTP/1.1" 200 6474
172.22.2.4 - - [27/Aug/2023:23:59:16 -0500] "GET /BLA/boletinlegal/js/popup.js HTTP/1.1" 200 1270
172.22.2.4 - - [27/Aug/2023:23:59:16 -0500] "GET /BLA/boletinlegal/images/cabezote%20BLEGAL.jpg HTTP/1.1" 200 118164
172.22.2.4 - - [27/Aug/2023:23:59:16 -0500] "GET /BLA/boletinlegal/js/jquery1.js HTTP/1.1" 200 29846
172.22.2.4 - - [27/Aug/2023:23:59:16 -0500] "GET /BLA/boletinlegal/images/subscribe-icon-big.png HTTP/1.1" 200 47702
172.22.2.4 - - [27/Aug/2023:23:59:16 -0500] "GET /BLA/boletinlegal/images/historia.png HTTP/1.1" 200 52775
172.22.2.4 - - [27/Aug/2023:23:59:16 -0500] "GET /BLA/boletinlegal/images/registro-usuarios.png HTTP/1.1" 200 8106
172.22.2.4 - - [27/Aug/2023:23:59:16 -0500] "GET /BLA/boletinlegal/images/icono-email.png HTTP/1.1" 200 5544
172.22.2.4 - - [27/Aug/2023:23:59:16 -0500] "GET /BLA/boletinlegal/images/green-yellow-blue-pink-th.png HTTP/1.1" 200 7394
172.22.2.4 - - [27/Aug/2023:23:59:16 -0500] "GET /BLA/boletinlegal/images/tel.png HTTP/1.1" 200 14477
172.22.2.4 - - [27/Aug/2023:23:59:16 -0500] "GET /BLA/boletinlegal/images/body_bg.jpg HTTP/1.1" 200 1601
172.22.2.4 - - [27/Aug/2023:23:59:16 -0500] "GET /BLA/boletinlegal/images/menu_lft.gif HTTP/1.1" 200 1713
172.22.2.4 - - [27/Aug/2023:23:59:16 -0500] "GET /BLA/boletinlegal/images/menu_rght.gif HTTP/1.1" 200 1627
172.22.2.4 - - [27/Aug/2023:23:59:16 -0500] "GET /BLA/boletinlegal/images/bg_top.jpg HTTP/1.1" 200 522
172.22.2.4 - - [27/Aug/2023:23:59:16 -0500] "GET /BLA/boletinlegal/images/hover.jpg HTTP/1.1" 200 640
172.22.2.4 - - [27/Aug/2023:23:59:16 -0500] "GET /BLA/boletinlegal/images/footer_bg.jpg HTTP/1.1" 200 586
