35.209.79.175 - - [27/Aug/2023:15:25:00 -0500] "GET /galeria/nivo-slider/demo/scripts/jquery-1.7.1.min.js HTTP/1.1" 200 93868
35.209.79.175 - - [27/Aug/2023:15:25:00 -0500] "GET /galeria/nivo-slider/jquery.nivo.slider.pack.js HTTP/1.1" 200 11561
69.171.231.119 - - [27/Aug/2023:15:25:12 -0500] "GET /images/Junio%2002-experiencias-jardines-verticales-sda.jpeg HTTP/1.1" 200 31171
201.245.192.253 - - [27/Aug/2023:15:25:15 -0500] "POST /kwsrmcab/Wsrmcab  HTTP/1.1" 200 41818
216.245.221.92 - - [27/Aug/2023:15:26:11 -0500] "HEAD / HTTP/1.1" 200 -
172.22.2.4 - - [27/Aug/2023:15:26:27 -0500] "HEAD /BLA/boletinlegal/ HTTP/1.1" 200 -
172.22.2.4 - - [27/Aug/2023:15:28:32 -0500] "GET /BLA/boletinlegal/robots.txt HTTP/1.1" 404 1038
201.245.192.253 - - [27/Aug/2023:15:28:47 -0500] "POST /kwsrmcab/Wsrmcab HTTP/1.1" 200 42064
172.22.2.4 - - [27/Aug/2023:15:28:49 -0500] "GET /BLA/boletinlegal/actos.php HTTP/1.1" 200 9682
201.245.192.253 - - [27/Aug/2023:15:28:50 -0500] "POST /kwsrmcab/Wsrmcab HTTP/1.1" 200 43973
172.22.2.4 - - [27/Aug/2023:15:27:19 -0500] "GET /BLA/boletinlegal/ HTTP/1.1" 200 58597
201.245.192.253 - - [27/Aug/2023:15:30:14 -0500] "POST /kwsrmcab/Wsrmcab  HTTP/1.1" 200 41818
152.203.205.14 - - [27/Aug/2023:15:31:03 -0500] "OPTIONS /kwssiamovil/sm/setfile/f? HTTP/1.1" 200 13
152.203.205.14 - - [27/Aug/2023:15:31:03 -0500] "POST /kwssiamovil/sm/setfile/f? HTTP/1.1" 200 381
152.203.205.14 - - [27/Aug/2023:15:31:05 -0500] "OPTIONS /kwssiamovil/sm/setfile/f? HTTP/1.1" 200 13
152.203.205.14 - - [27/Aug/2023:15:31:05 -0500] "POST /kwssiamovil/sm/setfile/f? HTTP/1.1" 200 381
152.203.205.14 - - [27/Aug/2023:15:31:07 -0500] "OPTIONS /kwssiamovil/sm/setfile/f? HTTP/1.1" 200 13
152.203.205.14 - - [27/Aug/2023:15:31:07 -0500] "POST /kwssiamovil/sm/setfile/f? HTTP/1.1" 200 381
152.203.205.14 - - [27/Aug/2023:15:31:09 -0500] "OPTIONS /kwssiamovil/sm/setfile/f? HTTP/1.1" 200 13
152.203.205.14 - - [27/Aug/2023:15:31:09 -0500] "POST /kwssiamovil/sm/setfile/f? HTTP/1.1" 200 381
152.203.205.14 - - [27/Aug/2023:15:31:11 -0500] "OPTIONS /kwssiamovil/sm/setfile/f? HTTP/1.1" 200 13
216.245.221.92 - - [27/Aug/2023:15:31:11 -0500] "HEAD / HTTP/1.1" 200 -
152.203.205.14 - - [27/Aug/2023:15:31:11 -0500] "POST /kwssiamovil/sm/setfile/f? HTTP/1.1" 200 381
152.203.205.14 - - [27/Aug/2023:15:31:13 -0500] "OPTIONS /kwssiamovil/sm/setfile/f? HTTP/1.1" 200 13
152.203.205.14 - - [27/Aug/2023:15:31:13 -0500] "POST /kwssiamovil/sm/setfile/f? HTTP/1.1" 200 381
172.22.2.4 - - [27/Aug/2023:15:30:47 -0500] "GET /BLA/boletinlegal/ HTTP/1.1" 200 24523
152.203.205.14 - - [27/Aug/2023:15:31:26 -0500] "GET /kwssiamovil/sm/acme/a?s=U2FsdGVkX19tNatFBLQaR8aB7fKa6wbhws23dkjIRqrTqhwbGB+rxwFUox2tqUFwCqda2T1oF4gDyE28eYxdJu7XNHsu7J5fV3yWMceA5GCfrV2BuCsMlFY9cQXnDCWJw/Ap0pYCMhHnmpUj7TrPmE6m5e5ke0ygFM9LJ+Qc7ZWB02eoWwADEiZ4Z92Uh1ZO2XfgIdkvvdJBZojIX40fsdVnr8dP4RyHpXRhwqpkeVEVA9+4V2nKY61YKdJI3ljYNedqViL6XQAEdzjabFTTiQ==&u=U2FsdGVkX1/Q5DbwS8Z1CohachgabfafipZiEGu2B9ypThx15J8O+1XDllHS9YJk&y=U2FsdGVkX1+axG6awx8eh6zTrIiLDUHg6n+n4zsRzj60JHLPbA6euZvzIOZ8quAC HTTP/1.1" 200 70
181.237.135.255 - - [27/Aug/2023:15:32:55 -0500] "GET /galeria/galeria/jquery.fancybox.css?v=2.1.5 HTTP/1.1" 200 4895
181.237.135.255 - - [27/Aug/2023:15:32:55 -0500] "GET /BLA/boletinlegal/js/jquery.scrollShow.js HTTP/1.1" 200 4586
181.237.135.255 - - [27/Aug/2023:15:32:55 -0500] "GET /galeria/galeria/jquery.fancybox.js?v=2.1.5 HTTP/1.1" 200 48706
152.203.205.14 - - [27/Aug/2023:15:33:56 -0500] "GET /kwssiamovil/sm/acme/a?s=U2FsdGVkX18N/S6oG8Lw8RNooU2EyHwn/h+5JEr9+kBxaEKgW07LNY0TEDSM+37DvDAg5shPr/XHZEfcHL3CxUb8RD+b3eCm892JJbaOv/x4Mxfsp6a5SDYehb0WjHFe4mBTIhUNtjc9OYCzmCHIQ4qAbTAeE/N8JSsWBz8dxlzRbvXAxHM++PeJeCegHdnTuSWcuaPE4x6gquUKIY4HVkNbNscMXP5RFTgs+AT59LpyxeSOVO3AMfzGNRXS89CBsUh9JHDmsbbqBfUP38+eJw==&u=U2FsdGVkX1/Q5DbwS8Z1CohachgabfafipZiEGu2B9ypThx15J8O+1XDllHS9YJk&y=U2FsdGVkX1+axG6awx8eh6zTrIiLDUHg6n+n4zsRzj60JHLPbA6euZvzIOZ8quAC HTTP/1.1" 200 26
152.203.205.14 - - [27/Aug/2023:15:33:57 -0500] "GET /kwssiamovil/sm/acme/a?s=U2FsdGVkX1+8PTRRrX49aEXVgJmw53twkZz8Qle92gjPEzhP86fIbg6rY949/8B7ScCCGyDcodyD1F5UZ9q8r9dCHZBACHO34zGyC/Dr9loNKn7DwKdgMmWdIG1kguQiKAkJHXG4tAXvp6eWjW8UY6wOxx8JwfUsQ5Go5FCkq26Gnx/PPuCZqpWV4EETqIu3olVBJpAzsk6NtdNLsQeqwb0lI8RJ6P1OeFRto8BXzLkhS0J4QtU2BEeryShrJO5/GC+0lxZvGDILetUVhOsJLRLZOnGtLUfwwpPyuWxBbVWkr2Y/DseQ/dWie/yx07tGs2c8MI1onx41kva//1oWxjSS4e/pmX3gXC22YBu0dBwzBnAWteUbU0mWAP6HZLrxLD9rZNxOeRcKLQjZkrP/XVcVmKghnKO6mmeb3eNHnKtBG7PCyOgEbghuiLXmiLhlTH8IJ7BbLBNlHAWdeVXjkYFYNANeeCHttoN+89UcieF0vUCzoKZYGAdXkzxfmie7XzUm+wvtUDgpC+qmmutFruKi/Uuowe6aWrkQxj40iE8o85SOhw4yCQMy/xjf/byYggOOOcIKeQ/B8AlJFOWjJMtf1AsSocZJqOIZoy1q0oGc5mUOVURkoxcOHHRxqB7QZFfh4gxtc3wF+vq0jzcPdpgoZlky2sfLC05jqaASLLjaU2HlA6P8hJqyqSneu8xSzySblloPPcSMUG91nFcZBKxpTsdxiqgA0m18Kq3rrZYaNkeCJrQfDwEqMHSG+0WmyljbJdqxvkGXmDSV0DPUOUpSLoOdiGDsUhi+stRXgWrNu+oRnNrPr9frGN6jUEst9OgCkbWaOwOkiBcUriiAPfUkDxLrf5NayVJbQ4Jg8Yt0iqN0aFAh5FntcpAb82D5O0iqDhbUSkN4KA1PajWCuGSxe86R149I0zH/UjBoU7MJNE35/9Oxok6GKrL8jIAdsMci1iMVXA8LplQuEBNKpcQ2UXSQl/21HTy+pNKUNfRy3CbBMVUGBw6wnPBc+R0a0bJ3wvcPfyKFDiDemmTuzOr6Vv8hUOhKi1Qzibu2QRUMviIr2uO+o7dOSUk2vmuSPHcN2IJBoP+M/sU2up0zJA0NjLilqdMXiDUcOXBobbpXmdwfMbCVWJNFiBjLBPy1F0Df99Y25KxU7n1dxXTnSL2n9uDO+wA//DRw9YCq0gRDwP0lZaXmK42tVcV5886T9gDSYri8Xpy8fcvHHNS1QhyW3kEVd+FM6XwdUdYIUIv+z/7e12LY6W32V04n90116IrwBPfhYvh2R5kE38oXm+z4ixtUUz/apkvb3bVKwAN134Y50cJO9oZWfd4dqQoSGQSDidVKobIxQV2ulSk8TTxRUQxf2QdDq3j3AToJCDE=&u=U2FsdGVkX1/Q5DbwS8Z1CohachgabfafipZiEGu2B9ypThx15J8O+1XDllHS9YJk&y=U2FsdGVkX1+axG6awx8eh6zTrIiLDUHg6n+n4zsRzj60JHLPbA6euZvzIOZ8quAC HTTP/1.1" 200 26
152.203.205.14 - - [27/Aug/2023:15:33:57 -0500] "GET /kwssiamovil/sm/acme/a?s=U2FsdGVkX1+Jhp2xY68NsYRX76q/xKcEb3c3jbpn4rIms5WpobdLDyeAUxhQrkxW2hWNPa4PcPzRaEjXyQ047HcKBbxMJXypza7PaYwHM0es5DzdRw7QJecIJLh7EX3+dSyQDxkt1tIqPg+SoeybO4rPlrdmKonc5YooQ1K/B4w=&u=U2FsdGVkX1/Q5DbwS8Z1CohachgabfafipZiEGu2B9ypThx15J8O+1XDllHS9YJk&y=U2FsdGVkX1+axG6awx8eh6zTrIiLDUHg6n+n4zsRzj60JHLPbA6euZvzIOZ8quAC HTTP/1.1" 200 26
172.22.2.4 - - [27/Aug/2023:15:32:17 -0500] "HEAD /BLA/boletinlegal/ HTTP/1.1" 200 -
152.203.205.14 - - [27/Aug/2023:15:33:58 -0500] "GET /kwssiamovil/sm/acme/a?s=U2FsdGVkX19gb/B0zYtKq1YSQJUD4X6A5vGvTAbeyej/PCFEMnHqhcaY4tjR+lwC9xZV/dJrvfEBzkZtI7fxLyq2zO5l1Z6GaV9tIJKlGSG4hsC/ko+UrAnJqmqz+WobYTMBFk9UCZjaclrDFU0d8nDJ/R0T2grE3Yajk0DRBRE=&u=U2FsdGVkX1/Q5DbwS8Z1CohachgabfafipZiEGu2B9ypThx15J8O+1XDllHS9YJk&y=U2FsdGVkX1+axG6awx8eh6zTrIiLDUHg6n+n4zsRzj60JHLPbA6euZvzIOZ8quAC HTTP/1.1" 200 26
152.203.205.14 - - [27/Aug/2023:15:33:58 -0500] "GET /kwssiamovil/sm/acme/a?s=U2FsdGVkX18x+nx8MZIKmCtJRXgx1vEPhps4bVyvPPrJVOBiE1iMuFXn5WQldEgSi1DNq31Ubki65BH/5QKNt24ny84wquihypyVt8ExBZM04w1C1REGyIO+a3v82jDaJklzS8Uz1ZD9szeo8oZ+c87UpgFWWrGMdezNLwGKv5M=&u=U2FsdGVkX1/Q5DbwS8Z1CohachgabfafipZiEGu2B9ypThx15J8O+1XDllHS9YJk&y=U2FsdGVkX1+axG6awx8eh6zTrIiLDUHg6n+n4zsRzj60JHLPbA6euZvzIOZ8quAC HTTP/1.1" 200 26
152.203.205.14 - - [27/Aug/2023:15:33:58 -0500] "GET /kwssiamovil/sm/acme/a?s=U2FsdGVkX18Zb8D8tX/26h7R9LHTJc7knmrUBkF2ojCcvTL9Uf8q+PtcoExEvAfVt5dkwZ+mdyn1ca0Mt7UY+/V/b4XeDZwPS/3wve7xfbTQnIvIeRUVz5LARwWjRl0veL2wcrkG1zY5dqEwnzHhzCPzMsgCby78uIH08dfRmMBTPby/wg85bP9XcWoUP0T6XUDTBazgoDGSIY62MiUZmg==&u=U2FsdGVkX1/Q5DbwS8Z1CohachgabfafipZiEGu2B9ypThx15J8O+1XDllHS9YJk&y=U2FsdGVkX1+axG6awx8eh6zTrIiLDUHg6n+n4zsRzj60JHLPbA6euZvzIOZ8quAC HTTP/1.1" 200 26
152.203.205.14 - - [27/Aug/2023:15:33:58 -0500] "GET /kwssiamovil/sm/acme/a?s=U2FsdGVkX1/OB0cXAkxCW29m6x7WyuYRFD1d6kXFI+4ZZukoHANNicm8MyerfzrMpxQU8xElwFGgYNdxjjQzbx5Jc49xNfYCsz7GIdvHYQRt0Erz8tyICWtR4NvYhzi1BgQlKzjTLmVtoIeGPaCmBCH0Zc8QhxLSaiZdbKxAZXDjNBeQ1xselGCQneBmlQLejInlzgJAs/aW4X5xlUkbBQ==&u=U2FsdGVkX1/Q5DbwS8Z1CohachgabfafipZiEGu2B9ypThx15J8O+1XDllHS9YJk&y=U2FsdGVkX1+axG6awx8eh6zTrIiLDUHg6n+n4zsRzj60JHLPbA6euZvzIOZ8quAC HTTP/1.1" 200 26
152.203.205.14 - - [27/Aug/2023:15:33:58 -0500] "GET /kwssiamovil/sm/acme/a?s=U2FsdGVkX198upb+mjmyKMb/gXcFG4j/QCCf0OIIJDE5WV0ANr0hcSxQ0ZDlIN2FHs99nMVW5ZmLqL70JSQDevCKSczMTc8K0slYc4hwE8kGjV0gdAckRCHkJeQxdy8NdAS71fhgLgwJKyZhi/7dFUuy0sX0C52yUFl3uSAtbyVpLmS8rLmcB8/bfqIFmafBWRzQ3TgIhUZ/P276pZtlOdHbtW4T0CHbgsw2vQCPTUm9urk30aki11ipbdh8r9tX+qVr94psO8bpHMntnfeeyoxeRHjwwPMKlxndlonNQUQMojTs7ixiZnqA6JEYriAhH21YJ6CI0r+vOLK7Y7RfoJkq6aqxXmsVTHVB9IwOTIFUEBNH38i8xOGQI36zydMQU93pRXts2R7/a/hrhzwFYziK9uLLDOdgL8sqrEtcYJrVZv27pkPiLLyk+mlk/EIr&u=U2FsdGVkX1/Q5DbwS8Z1CohachgabfafipZiEGu2B9ypThx15J8O+1XDllHS9YJk&y=U2FsdGVkX1+axG6awx8eh6zTrIiLDUHg6n+n4zsRzj60JHLPbA6euZvzIOZ8quAC HTTP/1.1" 200 25
152.203.205.14 - - [27/Aug/2023:15:33:58 -0500] "GET /kwssiamovil/sm/acme/a?s=U2FsdGVkX19khcDbjvraWXX7CFPY/NOJQW3xtnQsTVt1n8xhEcTMel2Xpx+I7SYetwKa/KZnOyD5pU2jy4eFvATzDXdmkoJjKEVX242ao57aRgJnGhrIEQNg2uE4LvePX7eUrIl1Bi6n3uYr6hroFJsezUQ+SJriWESM0qUAHkwpo7CFe84Q5VXh3BOWZ6X7&u=U2FsdGVkX1/Q5DbwS8Z1CohachgabfafipZiEGu2B9ypThx15J8O+1XDllHS9YJk&y=U2FsdGVkX1+axG6awx8eh6zTrIiLDUHg6n+n4zsRzj60JHLPbA6euZvzIOZ8quAC HTTP/1.1" 200 26
152.203.205.14 - - [27/Aug/2023:15:33:59 -0500] "GET /kwssiamovil/sm/acme/a?s=U2FsdGVkX1/rWF83xExhG6qRtWCoJjfWZkAnItRZ1EijZCj6VN2DxpNfutPF7mi+wp2TFBlJps/+GsOc181NtM9FP9CcxqDpRpQYob6RhKFPJyGUUJBDNA0mT4z2j2/2c27WqmYBTH6tyBpJWRPqIB2VppBkHeulJZebppWSuAB2isBwEXzc8rUlEfPtu8dkaNpY7NUzNDuwdLb9TdkVFpLDNOUFrDiebCkSxLknqjE913OqMI8Iir71KrrfrI87Gxbwnfd8R/NNWx0YRZsGPoflrmOuTRcv4nIokGM2pDWiuejk4KmbzwuodGgj/k6eyKH+di9Vm2ftoigxZ7us54IVBlhgKExZM8CN+AznIdaNkfPHCsnr+Eq06DnlwlmpFaTcVyAzkRw7VEPD0B1hKv/LDeGlHTqpHKtuuDfDR8I=&u=U2FsdGVkX1/Q5DbwS8Z1CohachgabfafipZiEGu2B9ypThx15J8O+1XDllHS9YJk&y=U2FsdGVkX1+axG6awx8eh6zTrIiLDUHg6n+n4zsRzj60JHLPbA6euZvzIOZ8quAC HTTP/1.1" 200 25
152.203.205.14 - - [27/Aug/2023:15:33:59 -0500] "GET /kwssiamovil/sm/acme/a?s=U2FsdGVkX19b2vpDvs3p+m9iiLJI7Yrrba4SEij8SiFt3kzTDV40bx0QqFfgfvP+LXWggFb+4LO0g4T4voH2+7v49TF5/Z0xmWWsKREI/Tw+uSocveYXDU3F8ASP9EPACHpAO9WrhUepntWQJp9Ir+/7diiRJCYdqQKq2uvupeXnMc6N95y05rXuC8fjliJnH9J8QJXthKQV4Ll2NacXbw==&u=U2FsdGVkX1/Q5DbwS8Z1CohachgabfafipZiEGu2B9ypThx15J8O+1XDllHS9YJk&y=U2FsdGVkX1+axG6awx8eh6zTrIiLDUHg6n+n4zsRzj60JHLPbA6euZvzIOZ8quAC HTTP/1.1" 200 26
152.203.205.14 - - [27/Aug/2023:15:33:59 -0500] "GET /kwssiamovil/sm/acme/a?s=U2FsdGVkX18vp+u+8d6kBI5wDbLLBqiTWjMfPQvWKZCywquCNSiCuZ7FogbSgs5aqaLV/cSFaLGc53JXkls8j46xs49MhUk5sc603pAFQHYlAHgHZcyXXDO414LDSccmtw5rpCY00/dwRzPnSzDxcY8ooV6fYbohkD4qSXSSKWNmVqZBHj0dyqROBxm9F6dD&u=U2FsdGVkX1/Q5DbwS8Z1CohachgabfafipZiEGu2B9ypThx15J8O+1XDllHS9YJk&y=U2FsdGVkX1+axG6awx8eh6zTrIiLDUHg6n+n4zsRzj60JHLPbA6euZvzIOZ8quAC HTTP/1.1" 200 26
152.203.205.14 - - [27/Aug/2023:15:33:59 -0500] "GET /kwssiamovil/sm/acme/a?s=U2FsdGVkX1+fqJ7qdTgjQ/JsZzNyDVoZNmAWHdFvGyy7xv5a3lN3AzOt+VNuwri/oyRZF0W2CarOV89hWvrvngSsK20oEQQAawbylj6jpwWx/cTas6LcuPeXjt0Z30KLyM0WpZVMQPbOTpNe5ofjGseaAlxFeWJRv4e6MII4ilPqMH43wqDF0ep2hqhQaWhrF3SdZaHWLEKwT1S7MmyUKg==&u=U2FsdGVkX1/Q5DbwS8Z1CohachgabfafipZiEGu2B9ypThx15J8O+1XDllHS9YJk&y=U2FsdGVkX1+axG6awx8eh6zTrIiLDUHg6n+n4zsRzj60JHLPbA6euZvzIOZ8quAC HTTP/1.1" 200 26
152.203.205.14 - - [27/Aug/2023:15:33:59 -0500] "GET /kwssiamovil/sm/acme/a?s=U2FsdGVkX18p5ddQFcUw5eCWlrvvwuTnel+gO7PsKoec1H/a/k6o9JWXEcmDXsuGySXBYChvFeNs3zaWqKtmQvTuRKU6GFLkNWEsYa6b1C7wtBAAHU1y06sV/d6sjr6D9RIRFVsIEGGZbb0sVlnsOievIgp2EdatGPNcN76EJG7mwmGjIlePOE5srRbhqnbs&u=U2FsdGVkX1/Q5DbwS8Z1CohachgabfafipZiEGu2B9ypThx15J8O+1XDllHS9YJk&y=U2FsdGVkX1+axG6awx8eh6zTrIiLDUHg6n+n4zsRzj60JHLPbA6euZvzIOZ8quAC HTTP/1.1" 200 26
152.203.205.14 - - [27/Aug/2023:15:34:00 -0500] "GET /kwssiamovil/sm/acme/a?s=U2FsdGVkX18xf4xfkBWORC89sOnO7aKFRazWp7XWU3R3CqOVSEthjawaQ4XgcBQI0cjkjq0/GdgJA7xKjPDRZUEMksUEAbO+brroWC0WmGKIcgRVijJppreN4AgcqnFSnKTNUmkOJsQ39zMZa9BU8gjlM5mVKyOPdJUcUfldI4kxRETPFtwvEgIHKgvh/k9NFe+7RBOvu2ac1ehzygdNhQ==&u=U2FsdGVkX1/Q5DbwS8Z1CohachgabfafipZiEGu2B9ypThx15J8O+1XDllHS9YJk&y=U2FsdGVkX1+axG6awx8eh6zTrIiLDUHg6n+n4zsRzj60JHLPbA6euZvzIOZ8quAC HTTP/1.1" 200 26
152.203.205.14 - - [27/Aug/2023:15:34:00 -0500] "GET /kwssiamovil/sm/acme/a?s=U2FsdGVkX1//K5TQ+dnBF/QIKQkH6KcS5sVXDPAghDKloRl1QjUZ2UpvdiWajcQzbvNccRMYx+YIeldBoO/L36XDHJBoh/iIo7WIlQyZRGBhwZ4kYXxImoIMqX6gqJBXuXi4L4mifEw5xBbC8AS57gYYBZeuu6wHdytLw5Ftr7Nf8lYUYKXlVHz4bEhDUi/1&u=U2FsdGVkX1/Q5DbwS8Z1CohachgabfafipZiEGu2B9ypThx15J8O+1XDllHS9YJk&y=U2FsdGVkX1+axG6awx8eh6zTrIiLDUHg6n+n4zsRzj60JHLPbA6euZvzIOZ8quAC HTTP/1.1" 200 26
152.203.205.14 - - [27/Aug/2023:15:34:00 -0500] "GET /kwssiamovil/sm/acme/a?s=U2FsdGVkX185yBPOAz0JDrsexOvmQ4VfRLEuDi8Qkiyj30b1mTolDv+uOZ3onHzNups+5/Az662MNB+SP2JL1J3Ad8pNeqTM4xuZcLnUREJch9QBoa3wOiAO28wNnLZky473lziR3JQwy6tMRtSb3Qr4Jx1/+ImrC4x9Mxy2mSgxW2phPzKd6Uhyf4ElfNUN5IFtLICvAVapJ0yEKpgLZw==&u=U2FsdGVkX1/Q5DbwS8Z1CohachgabfafipZiEGu2B9ypThx15J8O+1XDllHS9YJk&y=U2FsdGVkX1+axG6awx8eh6zTrIiLDUHg6n+n4zsRzj60JHLPbA6euZvzIOZ8quAC HTTP/1.1" 200 26
152.203.205.14 - - [27/Aug/2023:15:34:00 -0500] "GET /kwssiamovil/sm/acme/a?s=U2FsdGVkX18PQE6361JZCfu9oL3xIIef8MVarwnAZWRxShESeegd4zW9bEL5IyguHWLnTzciSyA8PVk/DOzNfbBFb2ZaFsKiFe8SputipJ3ZUUB0F6Nuni7DodgV6D1iqLnO9q73xewlFqbCHZBaxd+5udWRA3qn3cF+i1DLE9/ho/6K6C/2mGT69H5TDunn&u=U2FsdGVkX1/Q5DbwS8Z1CohachgabfafipZiEGu2B9ypThx15J8O+1XDllHS9YJk&y=U2FsdGVkX1+axG6awx8eh6zTrIiLDUHg6n+n4zsRzj60JHLPbA6euZvzIOZ8quAC HTTP/1.1" 200 26
172.22.2.4 - - [27/Aug/2023:15:32:50 -0500] "GET /BLA/boletinlegal/ HTTP/1.1" 200 48235
172.22.2.4 - - [27/Aug/2023:15:33:08 -0500] "GET /BLA/boletinlegal/ HTTP/1.1" 200 50790
201.245.192.253 - - [27/Aug/2023:15:35:13 -0500] "POST /kwsrmcab/Wsrmcab  HTTP/1.1" 200 41818
216.245.221.92 - - [27/Aug/2023:15:36:11 -0500] "HEAD / HTTP/1.1" 200 -
172.22.2.4 - - [27/Aug/2023:15:36:43 -0500] "GET /BLA/boletinlegal/Circulares/2019/.pdf HTTP/1.1" 404 1218
201.245.192.253 - - [27/Aug/2023:15:38:47 -0500] "POST /kwsrmcab/Wsrmcab HTTP/1.1" 200 42064
201.245.192.253 - - [27/Aug/2023:15:38:51 -0500] "POST /kwsrmcab/Wsrmcab HTTP/1.1" 200 43973
172.22.2.4 - - [27/Aug/2023:15:38:07 -0500] "HEAD /BLA/boletinlegal/ HTTP/1.1" 200 -
201.245.192.253 - - [27/Aug/2023:15:40:12 -0500] "POST /kwsrmcab/Wsrmcab  HTTP/1.1" 200 41818
172.22.2.4 - - [27/Aug/2023:15:38:58 -0500] "GET /BLA/boletinlegal/ HTTP/1.1" 200 61130
216.245.221.92 - - [27/Aug/2023:15:41:11 -0500] "HEAD / HTTP/1.1" 200 -
191.156.149.174 - - [27/Aug/2023:15:44:16 -0500] "-" 408 -
191.156.150.247 - - [27/Aug/2023:15:44:19 -0500] "-" 408 -
201.245.192.253 - - [27/Aug/2023:15:45:11 -0500] "POST /kwsrmcab/Wsrmcab  HTTP/1.1" 200 41818
172.22.2.4 - - [27/Aug/2023:15:43:57 -0500] "HEAD /BLA/boletinlegal/ HTTP/1.1" 200 -
172.22.2.4 - - [27/Aug/2023:15:45:52 -0500] "GET /BLA/boletinlegal/robots.txt HTTP/1.1" 404 1038
172.22.2.4 - - [27/Aug/2023:15:45:53 -0500] "GET /BLA/boletinlegal/jurisprudencia/analisis/SENTENCIA%20C-703%20DE%202010.xls HTTP/1.1" 304 -
216.245.221.92 - - [27/Aug/2023:15:46:11 -0500] "HEAD / HTTP/1.1" 200 -
172.22.2.4 - - [27/Aug/2023:15:44:48 -0500] "GET /BLA/boletinlegal/ HTTP/1.1" 200 42297
172.22.2.4 - - [27/Aug/2023:15:49:48 -0500] "GET /BLA/boletinlegal/Directivas/2017/Directiva%20No.%2002%20del%2017%20de%20Enero%20de%202017.pdf HTTP/1.1" 200 3521427
201.245.192.253 - - [27/Aug/2023:15:50:11 -0500] "POST /kwsrmcab/Wsrmcab  HTTP/1.1" 200 41818
216.245.221.92 - - [27/Aug/2023:15:51:11 -0500] "HEAD / HTTP/1.1" 200 -
172.22.2.4 - - [27/Aug/2023:15:49:47 -0500] "HEAD /BLA/boletinlegal/ HTTP/1.1" 200 -
172.22.2.4 - - [27/Aug/2023:15:50:38 -0500] "GET /BLA/boletinlegal/ HTTP/1.1" 200 54150
201.245.192.253 - - [27/Aug/2023:15:55:09 -0500] "POST /kwsrmcab/Wsrmcab  HTTP/1.1" 200 41818
66.249.70.7 - - [27/Aug/2023:15:55:15 -0500] "GET /Publicaciones/2022EE315197.pdf HTTP/1.1" 404 228
66.249.70.7 - - [27/Aug/2023:15:55:16 -0500] "GET /Publicaciones/2022EE314862.pdf HTTP/1.1" 404 228
66.249.70.5 - - [27/Aug/2023:15:55:17 -0500] "GET /Publicaciones/2022EE315550.pdf HTTP/1.1" 404 228
66.249.70.5 - - [27/Aug/2023:15:55:17 -0500] "GET /Publicaciones/2022EE315141.pdf HTTP/1.1" 404 228
66.249.70.5 - - [27/Aug/2023:15:55:18 -0500] "GET /Publicaciones/2022EE315547.pdf HTTP/1.1" 404 228
66.249.70.7 - - [27/Aug/2023:15:55:18 -0500] "GET /Publicaciones/2022EE315562.pdf HTTP/1.1" 404 228
66.249.70.5 - - [27/Aug/2023:15:55:18 -0500] "GET /Publicaciones/2022EE314869.pdf HTTP/1.1" 404 228
173.252.107.117 - - [27/Aug/2023:15:55:28 -0500] "GET /images/mercados-campesinos-5-mayo.jpg HTTP/1.1" 200 95848
216.245.221.92 - - [27/Aug/2023:15:56:11 -0500] "HEAD / HTTP/1.1" 200 -
172.22.2.4 - - [27/Aug/2023:15:55:37 -0500] "HEAD /BLA/boletinlegal/ HTTP/1.1" 200 -
172.22.2.4 - - [27/Aug/2023:15:56:28 -0500] "GET /BLA/boletinlegal/ HTTP/1.1" 200 53013
201.245.192.253 - - [27/Aug/2023:16:00:09 -0500] "POST /kwsrmcab/Wsrmcab  HTTP/1.1" 200 41818
207.46.13.208 - - [27/Aug/2023:16:00:39 -0500] "GET /svr-ciudadano/ HTTP/1.1" 200 116466
216.245.221.92 - - [27/Aug/2023:16:01:11 -0500] "HEAD / HTTP/1.1" 200 -
52.167.144.180 - - [27/Aug/2023:16:01:20 -0500] "GET /portaldeninos/aulas-ambientales-2/parque-ecologico-distrital-de-montana-entrenubes/ HTTP/1.1" 200 90406
52.167.144.180 - - [27/Aug/2023:16:01:30 -0500] "GET /portaldeninos/wp-content/plugins/gallery-videos/CSS/Total-Soft-Gallery-Video-Widget.css?ver=4.9.8 HTTP/1.1" 200 51554
52.167.144.180 - - [27/Aug/2023:16:01:31 -0500] "GET /portaldeninos/wp-content/plugins/gallery-videos/CSS/totalsoft.css?ver=4.9.8 HTTP/1.1" 200 40622
52.167.144.180 - - [27/Aug/2023:16:01:31 -0500] "GET /portaldeninos/wp-content/themes/betheme/assets/animations/animations.min.css?ver=20.9.6 HTTP/1.1" 200 58508
52.167.144.180 - - [27/Aug/2023:16:01:31 -0500] "GET /portaldeninos/wp-content/themes/betheme/assets/jplayer/jplayer.min.js?ver=20.9.6 HTTP/1.1" 200 52702
52.167.144.180 - - [27/Aug/2023:16:01:31 -0500] "GET /portaldeninos/wp-content/themes/betheme/fonts/mfn-icons.ttf?93978679 HTTP/1.1" 200 124684
52.167.144.180 - - [27/Aug/2023:16:01:32 -0500] "GET /portaldeninos/wp-content/themes/betheme/js/plugins.js?ver=20.9.6 HTTP/1.1" 200 197151
52.167.144.180 - - [27/Aug/2023:16:01:32 -0500] "GET /portaldeninos/wp-content/themes/betheme/style.css?ver=20.9.6 HTTP/1.1" 200 287
52.167.144.180 - - [27/Aug/2023:16:01:32 -0500] "GET /portaldeninos/wp-content/uploads/2021/07/Parque-entrenubes.mp4 HTTP/1.1" 200 11698950
52.167.144.180 - - [27/Aug/2023:16:01:44 -0500] "GET /portaldeninos/wp-content/uploads/useanyfont/uaf.css?ver=1589905315 HTTP/1.1" 200 408
52.167.144.180 - - [27/Aug/2023:16:01:44 -0500] "GET /portaldeninos/wp-includes/js/jquery/jquery-migrate.min.js?ver=1.4.1 HTTP/1.1" 200 10056
52.167.144.180 - - [27/Aug/2023:16:01:44 -0500] "GET /portaldeninos/wp-includes/js/jquery/ui/accordion.min.js?ver=1.11.4 HTTP/1.1" 200 8584
52.167.144.180 - - [27/Aug/2023:16:01:44 -0500] "GET /portaldeninos/wp-includes/js/wp-embed.min.js?ver=4.9.8 HTTP/1.1" 200 1398
52.167.144.180 - - [27/Aug/2023:16:01:45 -0500] "GET /portaldeninos/wp-includes/js/jquery/ui/core.min.js?ver=1.11.4 HTTP/1.1" 200 4000
52.167.144.180 - - [27/Aug/2023:16:01:45 -0500] "GET /portaldeninos/wp-includes/js/jquery/ui/widget.min.js?ver=1.11.4 HTTP/1.1" 200 6908
40.77.167.213 - - [27/Aug/2023:16:01:45 -0500] "GET /portaldeninos/wp-content/plugins/gallery-videos/JS/modernizr.custom.js?ver=4.9.8 HTTP/1.1" 200 9019
52.167.144.180 - - [27/Aug/2023:16:01:45 -0500] "GET /portaldeninos/wp-includes/js/wp-emoji-release.min.js?ver=4.9.8 HTTP/1.1" 200 12026
40.77.167.213 - - [27/Aug/2023:16:01:45 -0500] "GET /portaldeninos/wp-content/themes/betheme/assets/jplayer/css/jplayer.blue.monday.css?ver=20.9.6 HTTP/1.1" 200 9834
186.28.61.153 - - [27/Aug/2023:16:02:19 -0500] "GET /monica-fonnegra-una-disenadora-que-inspira-amor-por-la-naturaleza-a-traves-de-la-moda.html HTTP/1.1" 200 976
172.22.2.4 - - [27/Aug/2023:16:01:27 -0500] "HEAD /BLA/boletinlegal/ HTTP/1.1" 200 -
172.22.2.4 - - [27/Aug/2023:16:02:18 -0500] "GET /BLA/boletinlegal/ HTTP/1.1" 200 61130
191.156.154.177 - - [27/Aug/2023:16:04:46 -0500] "-" 408 -
191.156.150.247 - - [27/Aug/2023:16:04:46 -0500] "-" 408 -
201.245.192.253 - - [27/Aug/2023:16:05:08 -0500] "POST /kwsrmcab/Wsrmcab  HTTP/1.1" 200 41818
216.245.221.92 - - [27/Aug/2023:16:06:11 -0500] "HEAD / HTTP/1.1" 200 -
186.116.209.69 - - [27/Aug/2023:16:07:20 -0500] "GET /secretaria-de-ambiente-abre-convocatoria-para-el-proceso-de-formacion-mujeres-cuidadoras-de-humedales.html?fbclid=IwAR0-uYdUmIP_RKw_PvfxHtR9B82hRxPiIrmGS55-m-bzxc6XA27saMTwmfM HTTP/1.1" 200 943
52.167.144.190 - - [27/Aug/2023:16:08:21 -0500] "GET /Publicaciones/2023EE133933.pdf HTTP/1.1" 404 228
52.167.144.190 - - [27/Aug/2023:16:08:22 -0500] "GET /bla/resoluciones/autos%202010/5578.pdf HTTP/1.1" 200 846516
172.22.2.4 - - [27/Aug/2023:16:07:17 -0500] "HEAD /BLA/boletinlegal/ HTTP/1.1" 200 -
172.22.2.4 - - [27/Aug/2023:16:08:09 -0500] "GET /BLA/boletinlegal/ HTTP/1.1" 200 58597
201.245.192.253 - - [27/Aug/2023:16:10:06 -0500] "POST /kwsrmcab/Wsrmcab  HTTP/1.1" 200 41818
216.245.221.92 - - [27/Aug/2023:16:11:11 -0500] "HEAD / HTTP/1.1" 200 -
173.252.111.8 - - [27/Aug/2023:16:12:09 -0500] "GET /images/17%20de%20febrero%20mujeres%20que%20reverdecen.jpeg HTTP/1.1" 200 85735
173.252.111.120 - - [27/Aug/2023:16:13:53 -0500] "GET /dos-animales-silvestres-carne-y-huevos-de-tortuga-fueron-recuperados-en-semana-santa.html HTTP/1.1" 200 1092
172.22.2.4 - - [27/Aug/2023:16:13:07 -0500] "HEAD /BLA/boletinlegal/ HTTP/1.1" 200 -
190.24.110.0 - - [27/Aug/2023:16:14:50 -0500] "GET /BLA/resoluciones/index.php?dir=AUTOS+2010%2F HTTP/1.1" 200 280209
201.245.192.253 - - [27/Aug/2023:16:15:04 -0500] "POST /kwsrmcab/Wsrmcab  HTTP/1.1" 200 41818
172.22.2.4 - - [27/Aug/2023:16:13:58 -0500] "GET /BLA/boletinlegal/ HTTP/1.1" 200 47863
172.22.2.4 - - [27/Aug/2023:16:15:53 -0500] "GET /BLA/boletinlegal/actos.php HTTP/1.1" 200 9682
216.245.221.92 - - [27/Aug/2023:16:16:11 -0500] "HEAD / HTTP/1.1" 200 -
186.86.32.65 - - [27/Aug/2023:16:16:25 -0500] "GET /galeria/galeria/jquery.fancybox.js?v=2.1.5 HTTP/1.1" 200 48706
186.86.32.65 - - [27/Aug/2023:16:16:25 -0500] "GET /BLA/boletinlegal/js/jquery.scrollShow.js HTTP/1.1" 200 4586
186.86.32.65 - - [27/Aug/2023:16:16:25 -0500] "GET /galeria/galeria/jquery.fancybox.css?v=2.1.5 HTTP/1.1" 200 4895
172.22.2.4 - - [27/Aug/2023:16:14:45 -0500] "GET /BLA/boletinlegal/ HTTP/1.1" 200 48235
172.22.2.4 - - [27/Aug/2023:16:15:45 -0500] "GET /BLA/boletinlegal/ HTTP/1.1" 200 24523
172.22.2.4 - - [27/Aug/2023:16:17:05 -0500] "GET /BLA/boletinlegal/actos.php HTTP/1.1" 200 9682
186.29.33.120 - - [27/Aug/2023:16:17:07 -0500] "GET /BLA/resoluciones/ HTTP/1.1" 200 13502
186.29.33.120 - - [27/Aug/2023:16:17:11 -0500] "GET /BLA/resoluciones/index.php?dir=AUTOS+2021%2F HTTP/1.1" 200 398380
40.77.189.13 - - [27/Aug/2023:16:17:31 -0500] "GET /portaldeninos/wp-content/uploads/2021/07/Parque-entrenubes.mp4 HTTP/1.1" 206 7346882
201.245.192.253 - - [27/Aug/2023:16:18:47 -0500] "POST /kwsrmcab/Wsrmcab HTTP/1.1" 200 41722
201.245.192.253 - - [27/Aug/2023:16:18:51 -0500] "POST /kwsrmcab/Wsrmcab HTTP/1.1" 200 43969
201.245.192.253 - - [27/Aug/2023:16:20:03 -0500] "POST /kwsrmcab/Wsrmcab  HTTP/1.1" 200 41818
172.22.2.4 - - [27/Aug/2023:16:18:57 -0500] "HEAD /BLA/boletinlegal/ HTTP/1.1" 200 -
216.245.221.92 - - [27/Aug/2023:16:21:11 -0500] "HEAD / HTTP/1.1" 200 -
172.22.2.4 - - [27/Aug/2023:16:19:48 -0500] "GET /BLA/boletinlegal/ HTTP/1.1" 200 58187
162.55.37.148 - - [27/Aug/2023:16:24:20 -0500] "GET / HTTP/1.1" 200 4720
162.55.37.148 - - [27/Aug/2023:16:24:21 -0500] "GET / HTTP/1.1" 200 319
201.245.192.253 - - [27/Aug/2023:16:25:02 -0500] "POST /kwsrmcab/Wsrmcab  HTTP/1.1" 200 41818
216.245.221.92 - - [27/Aug/2023:16:26:11 -0500] "HEAD / HTTP/1.1" 200 -
172.22.2.4 - - [27/Aug/2023:16:24:47 -0500] "HEAD /BLA/boletinlegal/ HTTP/1.1" 200 -
113.207.1.133 - - [27/Aug/2023:16:26:52 -0500] "GET /galeria/galeria/fotos/Huemdal-el-Tunjo1P.jpg HTTP/1.1" 200 24430
138.201.157.89 - - [27/Aug/2023:16:27:01 -0500] "GET / HTTP/1.1" 200 319
138.201.157.89 - - [27/Aug/2023:16:27:02 -0500] "GET / HTTP/1.1" 200 4720
172.22.2.4 - - [27/Aug/2023:16:25:38 -0500] "GET /BLA/boletinlegal/ HTTP/1.1" 200 58597
190.24.5.217 - - [27/Aug/2023:16:28:32 -0500] "GET /catalogoisis/ HTTP/1.1" 200 8575
190.24.5.217 - - [27/Aug/2023:16:28:32 -0500] "GET /catalogoisis/Css/Busqueda.css HTTP/1.1" 200 1995
190.24.5.217 - - [27/Aug/2023:16:28:32 -0500] "GET /catalogoisis/Js/AceptarLimpiar.js HTTP/1.1" 200 331
190.24.5.217 - - [27/Aug/2023:16:28:32 -0500] "GET /catalogoisis/Js/Cookies.js HTTP/1.1" 200 1369
190.24.5.217 - - [27/Aug/2023:16:28:32 -0500] "GET /catalogoisis/Js/LimpiarCombinada.js HTTP/1.1" 200 207
190.24.5.217 - - [27/Aug/2023:16:28:32 -0500] "GET /catalogoisis/Js/CriterioCombinada.js HTTP/1.1" 200 1843
190.24.5.217 - - [27/Aug/2023:16:28:32 -0500] "GET /catalogoisis/Js/Remote.js HTTP/1.1" 200 436
190.24.5.217 - - [27/Aug/2023:16:28:32 -0500] "GET /catalogoisis/Js/Go.js HTTP/1.1" 200 364
190.24.5.217 - - [27/Aug/2023:16:28:32 -0500] "GET /catalogoisis/Js/Numero.js HTTP/1.1" 200 398
190.24.5.217 - - [27/Aug/2023:16:28:32 -0500] "GET /catalogoisis/Js/Enter.js HTTP/1.1" 200 1208
190.24.5.217 - - [27/Aug/2023:16:28:32 -0500] "GET /catalogoisis/imagenes/Header.gif HTTP/1.1" 200 30313
190.24.5.217 - - [27/Aug/2023:16:28:32 -0500] "GET /catalogoisis/imagenes/br1c3.gif HTTP/1.1" 200 302
190.24.5.217 - - [27/Aug/2023:16:28:33 -0500] "GET /catalogoisis/imagenes/br2c2.gif HTTP/1.1" 200 302
190.24.5.217 - - [27/Aug/2023:16:28:32 -0500] "GET /catalogoisis/imagenes/limpiar1.gif HTTP/1.1" 200 606
190.24.5.217 - - [27/Aug/2023:16:28:32 -0500] "GET /catalogoisis/imagenes/br1c1.gif HTTP/1.1" 200 172
190.24.5.217 - - [27/Aug/2023:16:28:32 -0500] "GET /catalogoisis/imagenes/aceptar1.gif HTTP/1.1" 200 604
190.24.5.217 - - [27/Aug/2023:16:28:32 -0500] "GET /catalogoisis/imagenes/Turnbo1.gif HTTP/1.1" 200 227
190.24.5.217 - - [27/Aug/2023:16:28:33 -0500] "GET /catalogoisis/imagenes/br3c2.gif HTTP/1.1" 200 285
190.24.5.217 - - [27/Aug/2023:16:28:33 -0500] "GET /catalogoisis/imagenes/br1c2.gif HTTP/1.1" 200 297
190.24.5.217 - - [27/Aug/2023:16:28:33 -0500] "GET /catalogoisis/imagenes/br2c3.gif HTTP/1.1" 200 416
190.24.5.217 - - [27/Aug/2023:16:28:33 -0500] "GET /catalogoisis/imagenes/br2c1.gif HTTP/1.1" 200 297
190.24.5.217 - - [27/Aug/2023:16:28:33 -0500] "GET /catalogoisis/imagenes/br3c3.gif HTTP/1.1" 200 186
190.24.5.217 - - [27/Aug/2023:16:28:33 -0500] "GET /catalogoisis/imagenes/br3c1.gif HTTP/1.1" 200 177
190.24.5.217 - - [27/Aug/2023:16:28:33 -0500] "GET /favicon.ico HTTP/1.1" 200 7782
201.245.192.253 - - [27/Aug/2023:16:28:46 -0500] "POST /kwsrmcab/Wsrmcab HTTP/1.1" 200 41722
201.245.192.253 - - [27/Aug/2023:16:28:50 -0500] "POST /kwsrmcab/Wsrmcab HTTP/1.1" 200 43969
190.24.5.217 - - [27/Aug/2023:16:28:55 -0500] "GET /catalogoisis/ HTTP/1.1" 200 8575
181.50.72.235 - - [27/Aug/2023:16:29:28 -0500] "GET /secretaria-de-ambiente-abre-convocatoria-para-el-proceso-de-formacion-mujeres-cuidadoras-de-humedales.html HTTP/1.1" 200 943
201.245.192.253 - - [27/Aug/2023:16:30:02 -0500] "POST /kwsrmcab/Wsrmcab  HTTP/1.1" 200 41818
172.22.2.4 - - [27/Aug/2023:16:30:51 -0500] "GET /BLA/boletinlegal/Directivas/2018/Directiva%20No.%2025%20del%2027%20de%20diciembre%20de%202018.pdf HTTP/1.1" 304 -
216.245.221.92 - - [27/Aug/2023:16:31:11 -0500] "HEAD / HTTP/1.1" 200 -
69.171.251.119 - - [27/Aug/2023:16:32:13 -0500] "GET /images/mujeres-reverdecen-humedales-2-febrero.jpg HTTP/1.1" 200 47327
172.22.2.4 - - [27/Aug/2023:16:30:37 -0500] "HEAD /BLA/boletinlegal/ HTTP/1.1" 200 -
172.22.2.4 - - [27/Aug/2023:16:31:28 -0500] "GET /BLA/boletinlegal/ HTTP/1.1" 200 56607
191.156.58.26 - - [27/Aug/2023:16:33:57 -0500] "GET /css/date_blue.css HTTP/1.1" 404 1254
191.156.55.116 - - [27/Aug/2023:16:33:57 -0500] "GET /css/fondos.css HTTP/1.1" 404 1254
191.156.55.116 - - [27/Aug/2023:16:33:58 -0500] "GET /css/textos.css HTTP/1.1" 404 1254
191.156.58.26 - - [27/Aug/2023:16:34:04 -0500] "GET /css/bordes.css HTTP/1.1" 404 1254
172.22.2.4 - - [27/Aug/2023:16:32:48 -0500] "GET /BLA/boletinlegal/ HTTP/1.1" 200 58981
181.61.101.40 - - [27/Aug/2023:16:35:01 -0500] "GET /secretaria-de-ambiente-suspende-actividades-de-industria-que-operaba-en-usme-sin-permisos-ambientales.html?fbclid=IwAR0Sw0q02j4l0kvxZyhXXjL2uz1A9Y4EBSCopnh0vkrIzypfkMGsfN3TBG8 HTTP/1.1" 200 864
201.245.192.253 - - [27/Aug/2023:16:35:01 -0500] "POST /kwsrmcab/Wsrmcab  HTTP/1.1" 200 41818
216.245.221.92 - - [27/Aug/2023:16:36:11 -0500] "HEAD / HTTP/1.1" 200 -
172.22.2.4 - - [27/Aug/2023:16:36:45 -0500] "GET /BLA/boletinlegal/Circulares/2019/.pdf HTTP/1.1" 404 1218
40.77.167.241 - - [27/Aug/2023:16:36:55 -0500] "GET /Publicaciones/2023EE193730.pdf HTTP/1.1" 200 327539
172.22.2.4 - - [27/Aug/2023:16:37:39 -0500] "GET /BLA/boletinlegal/jurisprudencia/analisis/AnalisisC-746-12.docx HTTP/1.1" 200 22637
172.22.2.4 - - [27/Aug/2023:16:36:27 -0500] "HEAD /BLA/boletinlegal/ HTTP/1.1" 200 -
201.245.192.253 - - [27/Aug/2023:16:38:47 -0500] "POST /kwsrmcab/Wsrmcab HTTP/1.1" 200 41722
201.245.192.253 - - [27/Aug/2023:16:38:50 -0500] "POST /kwsrmcab/Wsrmcab HTTP/1.1" 200 43969
172.22.2.4 - - [27/Aug/2023:16:37:18 -0500] "GET /BLA/boletinlegal/ HTTP/1.1" 200 53013
52.167.144.131 - - [27/Aug/2023:16:39:59 -0500] "GET /robots.txt HTTP/1.1" 404 1018
201.245.192.253 - - [27/Aug/2023:16:40:00 -0500] "POST /kwsrmcab/Wsrmcab  HTTP/1.1" 200 41818
216.245.221.92 - - [27/Aug/2023:16:41:11 -0500] "HEAD / HTTP/1.1" 200 -
172.22.2.4 - - [27/Aug/2023:16:42:10 -0500] "GET /BLA/boletinlegal/jurisprudencia/analisis/AnalisisC-035-16.docx HTTP/1.1" 200 25011
172.22.2.4 - - [27/Aug/2023:16:42:17 -0500] "HEAD /BLA/boletinlegal/ HTTP/1.1" 200 -
172.22.2.4 - - [27/Aug/2023:16:43:08 -0500] "GET /BLA/boletinlegal/ HTTP/1.1" 200 58187
201.245.192.253 - - [27/Aug/2023:16:44:58 -0500] "POST /kwsrmcab/Wsrmcab  HTTP/1.1" 200 41818
216.245.221.92 - - [27/Aug/2023:16:46:11 -0500] "HEAD / HTTP/1.1" 200 -
172.22.2.4 - - [27/Aug/2023:16:48:07 -0500] "HEAD /BLA/boletinlegal/ HTTP/1.1" 200 -
201.245.192.253 - - [27/Aug/2023:16:49:57 -0500] "POST /kwsrmcab/Wsrmcab  HTTP/1.1" 200 41818
172.22.2.4 - - [27/Aug/2023:16:48:58 -0500] "GET /BLA/boletinlegal/ HTTP/1.1" 200 53013
216.245.221.92 - - [27/Aug/2023:16:51:11 -0500] "HEAD / HTTP/1.1" 200 -
51.159.194.233 - - [27/Aug/2023:16:53:39 -0500] "GET /derechos-humanos-eje-fundamental-en-la-toma-de-decisiones-en-la-emergencia-climatica.html HTTP/1.1" 200 948
51.159.195.16 - - [27/Aug/2023:16:53:46 -0500] "GET /vehiculos-de-cero-o-bajas-emisiones-para-enfrentar-el-cambio-climatico.html HTTP/1.1" 200 743
51.159.195.16 - - [27/Aug/2023:16:53:46 -0500] "GET /secretaria-de-ambiente-y-cruz-verde-se-unieron-para-reverdecer-la-conejera.html HTTP/1.1" 200 803
51.159.195.16 - - [27/Aug/2023:16:53:46 -0500] "GET /cuales-son-las-senales-para-identificar-un-arbol-en-riesgo-de-caida-en-bogota.html HTTP/1.1" 200 863
51.159.194.199 - - [27/Aug/2023:16:53:48 -0500] "GET /caminos-de-los-cerros-cerrados-este-fin-de-semana.html HTTP/1.1" 200 792
212.129.57.169 - - [27/Aug/2023:16:53:52 -0500] "GET /secretaria-de-ambiente-socializo-con-partidos-politicos-el-correcto-uso-de-publicidad-exterior-en-epoca-electoral.html HTTP/1.1" 200 837
51.159.195.16 - - [27/Aug/2023:16:53:54 -0500] "GET /secretaria-de-ambiente-suspende-actividades-de-industria-que-operaba-en-usme-sin-permisos-ambientales.html HTTP/1.1" 200 864
51.159.195.16 - - [27/Aug/2023:16:53:54 -0500] "GET /secretaria-de-ambiente-abre-convocatoria-para-el-proceso-de-formacion-mujeres-cuidadoras-de-humedales.html HTTP/1.1" 200 943
51.159.194.199 - - [27/Aug/2023:16:53:54 -0500] "GET /cuales-son-los-tramites-ambientales-mas-solicitados-de-bogota.html HTTP/1.1" 200 840
51.159.194.199 - - [27/Aug/2023:16:53:54 -0500] "GET /alianza-entre-secretaria-de-ambiente-y-universidad-piloto-para-capacitar-y-fortalecer-a-las-mujeres-que-reverdecen.html HTTP/1.1" 200 950
40.77.167.101 - - [27/Aug/2023:16:53:56 -0500] "GET /robots.txt HTTP/1.1" 404 1034
157.55.39.207 - - [27/Aug/2023:16:53:59 -0500] "GET /conoce-las-medidas-de-prevencion-y-mitigacion-contempladas-en-la-alerta-fase-1-por-calidad-del-aire.html HTTP/1.1" 200 917
201.245.192.253 - - [27/Aug/2023:16:54:57 -0500] "POST /kwsrmcab/Wsrmcab  HTTP/1.1" 200 41818
172.22.2.4 - - [27/Aug/2023:16:53:57 -0500] "HEAD /BLA/boletinlegal/ HTTP/1.1" 200 -
216.245.221.92 - - [27/Aug/2023:16:56:11 -0500] "HEAD / HTTP/1.1" 200 -
172.22.2.4 - - [27/Aug/2023:16:54:48 -0500] "GET /BLA/boletinlegal/ HTTP/1.1" 200 58597
186.2.159.76 - - [27/Aug/2023:16:57:04 -0500] "GET /galeria/galeria/jquery.fancybox.css?v=2.1.5 HTTP/1.1" 200 4895
186.2.159.76 - - [27/Aug/2023:16:57:04 -0500] "GET /BLA/boletinlegal/js/jquery.scrollShow.js HTTP/1.1" 200 4586
186.2.159.76 - - [27/Aug/2023:16:57:04 -0500] "GET /galeria/galeria/jquery.fancybox.js?v=2.1.5 HTTP/1.1" 200 48706
201.245.192.253 - - [27/Aug/2023:16:59:56 -0500] "POST /kwsrmcab/Wsrmcab  HTTP/1.1" 200 41818
216.245.221.92 - - [27/Aug/2023:17:01:11 -0500] "HEAD / HTTP/1.1" 200 -
172.22.2.4 - - [27/Aug/2023:16:59:47 -0500] "HEAD /BLA/boletinlegal/ HTTP/1.1" 200 -
172.22.2.4 - - [27/Aug/2023:17:00:38 -0500] "GET /BLA/boletinlegal/ HTTP/1.1" 200 57790
201.245.192.253 - - [27/Aug/2023:17:04:55 -0500] "POST /kwsrmcab/Wsrmcab  HTTP/1.1" 200 41818
216.245.221.92 - - [27/Aug/2023:17:06:11 -0500] "HEAD / HTTP/1.1" 200 -
168.119.101.10 - - [27/Aug/2023:17:07:04 -0500] "GET / HTTP/1.1" 200 4720
168.119.101.10 - - [27/Aug/2023:17:07:06 -0500] "GET / HTTP/1.1" 200 319
172.22.2.4 - - [27/Aug/2023:17:05:37 -0500] "HEAD /BLA/boletinlegal/ HTTP/1.1" 200 -
172.22.2.4 - - [27/Aug/2023:17:07:41 -0500] "GET /BLA/boletinlegal/owa/auth/x.js HTTP/1.1" 404 1018
172.22.2.4 - - [27/Aug/2023:17:06:28 -0500] "GET /BLA/boletinlegal/ HTTP/1.1" 200 58597
201.245.192.253 - - [27/Aug/2023:17:09:54 -0500] "POST /kwsrmcab/Wsrmcab  HTTP/1.1" 200 41818
216.245.221.92 - - [27/Aug/2023:17:11:11 -0500] "HEAD / HTTP/1.1" 200 -
172.22.2.4 - - [27/Aug/2023:17:11:27 -0500] "HEAD /BLA/boletinlegal/ HTTP/1.1" 200 -
172.22.2.4 - - [27/Aug/2023:17:12:18 -0500] "GET /BLA/boletinlegal/ HTTP/1.1" 200 53013
201.245.192.253 - - [27/Aug/2023:17:14:53 -0500] "POST /kwsrmcab/Wsrmcab  HTTP/1.1" 200 41818
216.245.221.92 - - [27/Aug/2023:17:16:11 -0500] "HEAD / HTTP/1.1" 200 -
201.245.192.253 - - [27/Aug/2023:17:18:46 -0500] "POST /kwsrmcab/Wsrmcab HTTP/1.1" 200 41716
201.245.192.253 - - [27/Aug/2023:17:18:50 -0500] "POST /kwsrmcab/Wsrmcab HTTP/1.1" 200 43970
172.22.2.4 - - [27/Aug/2023:17:17:17 -0500] "HEAD /BLA/boletinlegal/ HTTP/1.1" 200 -
172.22.2.4 - - [27/Aug/2023:17:19:04 -0500] "GET /BLA/boletinlegal/actas/463597.pdf HTTP/1.1" 200 250044
172.22.2.4 - - [27/Aug/2023:17:18:08 -0500] "GET /BLA/boletinlegal/ HTTP/1.1" 200 58597
201.245.192.253 - - [27/Aug/2023:17:19:52 -0500] "POST /kwsrmcab/Wsrmcab  HTTP/1.1" 200 41818
216.245.221.92 - - [27/Aug/2023:17:21:11 -0500] "HEAD / HTTP/1.1" 200 -
181.59.2.59 - - [27/Aug/2023:17:22:28 -0500] "GET /secretaria-de-ambiente-abre-convocatoria-para-el-proceso-de-formacion-mujeres-cuidadoras-de-humedales.html?fbclid=IwAR2Gkp_xJKv6uVmhsNOYTLYCSXkpj_hHGNybeKcGBP8Jjd3PspoX1tJIu7Q HTTP/1.1" 200 943
170.253.10.250 - - [27/Aug/2023:17:23:18 -0500] "GET /backend/.env HTTP/1.1" 404 1018
170.253.10.250 - - [27/Aug/2023:17:23:19 -0500] "POST /backend HTTP/1.1" 404 1018
181.59.2.59 - - [27/Aug/2023:17:24:24 -0500] "GET /secretaria-de-ambiente-abre-convocatoria-para-el-proceso-de-formacion-mujeres-cuidadoras-de-humedales.html?fbclid=IwAR2Z6sPcVoa6uR2kUG6Cc--YftPeaw87RvKUihs6mst7dGx0snUMzzeX_CM HTTP/1.1" 200 943
172.22.2.4 - - [27/Aug/2023:17:23:07 -0500] "HEAD /BLA/boletinlegal/ HTTP/1.1" 200 -
172.22.2.4 - - [27/Aug/2023:17:24:49 -0500] "GET /BLA/boletinlegal/Circulares/2011/Circular%20No.%201%20del%2012%20de%20Abril%20de%202011.pdf HTTP/1.1" 200 366269
201.245.192.253 - - [27/Aug/2023:17:24:50 -0500] "POST /kwsrmcab/Wsrmcab  HTTP/1.1" 200 41818
172.22.2.4 - - [27/Aug/2023:17:23:58 -0500] "GET /BLA/boletinlegal/ HTTP/1.1" 200 53013
216.245.221.92 - - [27/Aug/2023:17:26:11 -0500] "HEAD / HTTP/1.1" 200 -
186.30.35.78 - - [27/Aug/2023:17:26:38 -0500] "GET /secretaria-de-ambiente-abre-convocatoria-para-el-proceso-de-formacion-mujeres-cuidadoras-de-humedales.html HTTP/1.1" 200 943
201.245.192.253 - - [27/Aug/2023:17:28:46 -0500] "POST /kwsrmcab/Wsrmcab HTTP/1.1" 200 41716
201.245.192.253 - - [27/Aug/2023:17:28:49 -0500] "POST /kwsrmcab/Wsrmcab HTTP/1.1" 200 43970
201.245.192.253 - - [27/Aug/2023:17:29:48 -0500] "POST /kwsrmcab/Wsrmcab  HTTP/1.1" 200 41818
173.252.95.2 - - [27/Aug/2023:17:30:07 -0500] "GET /bogota-ya-cuenta-mas-de-70-negocios-verdes-verificados.html HTTP/1.1" 200 992
173.252.95.6 - - [27/Aug/2023:17:30:07 -0500] "GET /bogota-ya-cuenta-mas-de-70-negocios-verdes-verificados.html HTTP/1.1" 200 992
173.252.111.2 - - [27/Aug/2023:17:30:07 -0500] "GET /images/negocios-verdes-mayo-2022.jpg HTTP/1.1" 200 48000
172.22.2.4 - - [27/Aug/2023:17:28:57 -0500] "HEAD /BLA/boletinlegal/ HTTP/1.1" 200 -
216.245.221.92 - - [27/Aug/2023:17:31:11 -0500] "HEAD / HTTP/1.1" 200 -
172.22.2.4 - - [27/Aug/2023:17:29:48 -0500] "GET /BLA/boletinlegal/ HTTP/1.1" 200 58597
40.77.167.6 - - [27/Aug/2023:17:31:28 -0500] "GET /BLA/resoluciones/Notificaciones/AUTOS%202017/2459.pdf HTTP/1.1" 200 277472
172.22.2.4 - - [27/Aug/2023:17:31:28 -0500] "GET /BLA/boletinlegal/jurisprudencia/analisis/ANALISIST-046-99.docx HTTP/1.1" 304 -
172.22.2.4 - - [27/Aug/2023:17:32:09 -0500] "GET /BLA/boletinlegal/actos.php HTTP/1.1" 200 9682
172.22.2.4 - - [27/Aug/2023:17:32:09 -0500] "GET /BLA/boletinlegal/styles2.css HTTP/1.1" 200 1838
40.77.167.6 - - [27/Aug/2023:17:32:09 -0500] "GET /catalogoisis/ HTTP/1.1" 200 8575
172.22.2.4 - - [27/Aug/2023:17:32:09 -0500] "GET /BLA/boletinlegal/js/popup.js HTTP/1.1" 200 1270
172.22.2.4 - - [27/Aug/2023:17:32:09 -0500] "GET /BLA/boletinlegal/js/jquery1.js HTTP/1.1" 200 29846
172.22.2.4 - - [27/Aug/2023:17:32:09 -0500] "GET /BLA/boletinlegal/niceforms-default.css HTTP/1.1" 200 6694
172.22.2.4 - - [27/Aug/2023:17:32:09 -0500] "GET /BLA/boletinlegal/js/lib.js HTTP/1.1" 200 6474
172.22.2.4 - - [27/Aug/2023:17:32:09 -0500] "GET /BLA/boletinlegal/js/ajax_actos.js HTTP/1.1" 200 1322
172.22.2.4 - - [27/Aug/2023:17:32:09 -0500] "GET /BLA/boletinlegal/style.css HTTP/1.1" 200 9406
172.22.2.4 - - [27/Aug/2023:17:32:09 -0500] "GET /BLA/boletinlegal/niceforms.js HTTP/1.1" 200 22876
172.22.2.4 - - [27/Aug/2023:17:32:09 -0500] "GET /BLA/boletinlegal/images/cabezote%20BLEGAL.jpg HTTP/1.1" 200 118164
172.22.2.4 - - [27/Aug/2023:17:32:09 -0500] "GET /BLA/boletinlegal/images/subscribe-icon-big.png HTTP/1.1" 200 47702
172.22.2.4 - - [27/Aug/2023:17:32:09 -0500] "GET /BLA/boletinlegal/images/historia.png HTTP/1.1" 200 52775
172.22.2.4 - - [27/Aug/2023:17:32:09 -0500] "GET /BLA/boletinlegal/images/registro-usuarios.png HTTP/1.1" 200 8106
172.22.2.4 - - [27/Aug/2023:17:32:09 -0500] "GET /BLA/boletinlegal/images/green-yellow-blue-pink-th.png HTTP/1.1" 200 7394
172.22.2.4 - - [27/Aug/2023:17:32:09 -0500] "GET /BLA/boletinlegal/images/tel.png HTTP/1.1" 200 14477
172.22.2.4 - - [27/Aug/2023:17:32:09 -0500] "GET /BLA/boletinlegal/images/icono-email.png HTTP/1.1" 200 5544
172.22.2.4 - - [27/Aug/2023:17:32:09 -0500] "GET /BLA/boletinlegal/images/body_bg.jpg HTTP/1.1" 200 1601
172.22.2.4 - - [27/Aug/2023:17:32:09 -0500] "GET /BLA/boletinlegal/images/menu_lft.gif HTTP/1.1" 200 1713
172.22.2.4 - - [27/Aug/2023:17:32:09 -0500] "GET /BLA/boletinlegal/images/menu_rght.gif HTTP/1.1" 200 1627
172.22.2.4 - - [27/Aug/2023:17:32:09 -0500] "GET /BLA/boletinlegal/images/bg_top.jpg HTTP/1.1" 200 522
172.22.2.4 - - [27/Aug/2023:17:32:09 -0500] "GET /BLA/boletinlegal/images/menu_bg.jpg HTTP/1.1" 200 620
172.22.2.4 - - [27/Aug/2023:17:32:09 -0500] "GET /BLA/boletinlegal/images/hover.jpg HTTP/1.1" 200 640
172.22.2.4 - - [27/Aug/2023:17:32:09 -0500] "GET /BLA/boletinlegal/images/footer_bg.jpg HTTP/1.1" 200 586
172.22.2.4 - - [27/Aug/2023:17:32:09 -0500] "GET /BLA/boletinlegal/images/text.jpg HTTP/1.1" 200 568
172.22.2.4 - - [27/Aug/2023:17:32:09 -0500] "GET /BLA/boletinlegal/images/footer_bg_l.jpg HTTP/1.1" 200 776
172.22.2.4 - - [27/Aug/2023:17:32:09 -0500] "GET /BLA/boletinlegal/favicon.ico HTTP/1.1" 404 1140
172.22.2.4 - - [27/Aug/2023:17:32:09 -0500] "GET /BLA/boletinlegal/img/0.png HTTP/1.1" 200 110
172.22.2.4 - - [27/Aug/2023:17:32:09 -0500] "GET /BLA/boletinlegal/img/select-left.png HTTP/1.1" 200 263
172.22.2.4 - - [27/Aug/2023:17:32:09 -0500] "GET /BLA/boletinlegal/img/select-right.png HTTP/1.1" 200 44019
172.22.2.4 - - [27/Aug/2023:17:32:09 -0500] "GET /BLA/boletinlegal/img/button-left.png HTTP/1.1" 200 57071
172.22.2.4 - - [27/Aug/2023:17:32:09 -0500] "GET /BLA/boletinlegal/img/button.png HTTP/1.1" 200 43241
172.22.2.4 - - [27/Aug/2023:17:32:09 -0500] "GET /BLA/boletinlegal/img/button-right.png HTTP/1.1" 200 57878
172.22.2.4 - - [27/Aug/2023:17:32:15 -0500] "GET /BLA/boletinlegal/actos.php HTTP/1.1" 200 9682
190.24.134.250 - - [27/Aug/2023:17:32:20 -0500] "GET /BLA/resoluciones/ HTTP/1.1" 200 13502
190.24.134.250 - - [27/Aug/2023:17:32:20 -0500] "GET /BLA/resoluciones/dlf/styles.css HTTP/1.1" 200 3049
190.24.134.250 - - [27/Aug/2023:17:32:20 -0500] "GET /BLA/resoluciones/dlf/folder.png HTTP/1.1" 200 410
190.24.134.250 - - [27/Aug/2023:17:32:20 -0500] "GET /favicon.ico HTTP/1.1" 200 7782
190.24.134.250 - - [27/Aug/2023:17:32:20 -0500] "GET /BLA/resoluciones/dlf/bg.gif HTTP/1.1" 200 54
172.22.2.4 - - [27/Aug/2023:17:32:23 -0500] "GET /BLA/boletinlegal/consulta_actos.php?tipo=resoluciones&no=1776&usuario=&sector=&fecha=2011&resuelve= HTTP/1.1" 200 626
172.22.2.4 - - [27/Aug/2023:17:32:27 -0500] "GET /BLA/boletinlegal/consulta_actos.php?tipo=resoluciones&no=1776&usuario=&sector=&fecha=2010&resuelve= HTTP/1.1" 200 1110
190.24.134.250 - - [27/Aug/2023:17:32:32 -0500] "GET /BLA/resoluciones/dlf/dirup.png HTTP/1.1" 200 644
190.24.134.250 - - [27/Aug/2023:17:32:32 -0500] "GET /BLA/resoluciones/dlf/pdf.gif HTTP/1.1" 200 272
190.24.134.250 - - [27/Aug/2023:17:32:32 -0500] "GET /BLA/resoluciones/dlf/archive.png HTTP/1.1" 200 632
190.24.134.250 - - [27/Aug/2023:17:32:32 -0500] "GET /BLA/resoluciones/index.php?dir=AUTOS+2018%2F HTTP/1.1" 200 462855
172.22.2.4 - - [27/Aug/2023:17:32:35 -0500] "GET /BLA/boletinlegal/consulta_actos.php?tipo=resoluciones&no=1776&usuario=&sector=&fecha=2012&resuelve= HTTP/1.1" 200 626
172.22.2.4 - - [27/Aug/2023:17:32:49 -0500] "GET /BLA/boletinlegal/consulta_actos.php?tipo=autos&no=1641&usuario=&sector=&fecha=2011&resuelve= HTTP/1.1" 200 1033
181.53.12.253 - - [27/Aug/2023:17:32:51 -0500] "GET /BLA/resoluciones/AUTOS%202011/1641.pdf HTTP/1.1" 200 138777
190.24.134.250 - - [27/Aug/2023:17:33:16 -0500] "GET /BLA/resoluciones/AUTOS%202018/3107.pdf HTTP/1.1" 200 261651
190.24.134.250 - - [27/Aug/2023:17:33:30 -0500] "GET /BLA/resoluciones/AUTOS%202018/3108.pdf HTTP/1.1" 200 290449
40.77.167.6 - - [27/Aug/2023:17:34:36 -0500] "GET /BLA/resoluciones/RESOLUCIONES%202011/3233.pdf HTTP/1.1" 200 681846
201.245.192.253 - - [27/Aug/2023:17:34:48 -0500] "POST /kwsrmcab/Wsrmcab  HTTP/1.1" 200 41818
172.22.2.4 - - [27/Aug/2023:17:33:10 -0500] "GET /BLA/boletinlegal/ HTTP/1.1" 200 62795
173.252.87.3 - - [27/Aug/2023:17:35:18 -0500] "GET /distrito-alcanza-meta-de-1000-hectareas-ya-con-pagos-por-servicios-ambientales.html HTTP/1.1" 200 828
172.22.2.4 - - [27/Aug/2023:17:36:02 -0500] "GET /BLA/boletinlegal/jurisprudencia/analisis/AnalisisC-035-16.docx HTTP/1.1" 200 25011
216.245.221.92 - - [27/Aug/2023:17:36:11 -0500] "HEAD / HTTP/1.1" 200 -
172.22.2.4 - - [27/Aug/2023:17:34:47 -0500] "HEAD /BLA/boletinlegal/ HTTP/1.1" 200 -
172.22.2.4 - - [27/Aug/2023:17:37:07 -0500] "GET /BLA/boletinlegal/Circulares/2019/.pdf HTTP/1.1" 404 1218
172.22.2.4 - - [27/Aug/2023:17:37:16 -0500] "GET /BLA/boletinlegal/Circulares/2012/Circular%20No.%2010%20del%2026%20de%20Enero%20de%202012.pdf HTTP/1.1" 404 1218
172.22.2.4 - - [27/Aug/2023:17:35:38 -0500] "GET /BLA/boletinlegal/ HTTP/1.1" 200 58597
201.245.192.253 - - [27/Aug/2023:17:38:47 -0500] "POST /kwsrmcab/Wsrmcab HTTP/1.1" 200 41716
201.245.192.253 - - [27/Aug/2023:17:38:50 -0500] "POST /kwsrmcab/Wsrmcab HTTP/1.1" 200 43970
92.106.53.31 - - [27/Aug/2023:17:39:47 -0500] "-" 408 -
92.106.53.31 - - [27/Aug/2023:17:39:47 -0500] "-" 408 -
201.245.192.253 - - [27/Aug/2023:17:39:46 -0500] "POST /kwsrmcab/Wsrmcab  HTTP/1.1" 200 41818
191.156.156.211 - - [27/Aug/2023:17:39:52 -0500] "GET / HTTP/1.1" 200 4720
191.156.152.238 - - [27/Aug/2023:17:39:52 -0500] "GET /js/url.js HTTP/1.1" 404 1294
191.156.158.122 - - [27/Aug/2023:17:39:52 -0500] "GET /css/bootstrap.min.css HTTP/1.1" 200 178212
191.156.158.122 - - [27/Aug/2023:17:39:52 -0500] "GET /fonts/icomoon/style.css HTTP/1.1" 200 79820
191.156.155.20 - - [27/Aug/2023:17:39:52 -0500] "GET /css/style.css HTTP/1.1" 200 3473
191.156.156.211 - - [27/Aug/2023:17:40:00 -0500] "GET / HTTP/1.1" 200 4720
191.156.155.20 - - [27/Aug/2023:17:40:00 -0500] "GET /js/url.js HTTP/1.1" 404 1294
191.156.146.73 - - [27/Aug/2023:17:40:00 -0500] "GET /fonts/icomoon/style.css HTTP/1.1" 200 79820
191.156.144.113 - - [27/Aug/2023:17:40:00 -0500] "GET /css/bootstrap.min.css HTTP/1.1" 200 178212
191.156.146.40 - - [27/Aug/2023:17:40:00 -0500] "GET /css/style.css HTTP/1.1" 200 3473
216.245.221.92 - - [27/Aug/2023:17:41:11 -0500] "HEAD / HTTP/1.1" 200 -
172.22.2.4 - - [27/Aug/2023:17:40:37 -0500] "HEAD /BLA/boletinlegal/ HTTP/1.1" 200 -
172.22.2.4 - - [27/Aug/2023:17:41:28 -0500] "GET /BLA/boletinlegal/ HTTP/1.1" 200 53013
51.222.253.11 - - [27/Aug/2023:17:44:08 -0500] "GET /robots.txt HTTP/1.1" 404 1018
173.252.87.9 - - [27/Aug/2023:17:44:14 -0500] "GET /images/caminatas-ecol\xc3\xb3gicas-marzo---1920x1080_optimized.jpg HTTP/1.1" 404 1034
201.245.192.253 - - [27/Aug/2023:17:44:45 -0500] "POST /kwsrmcab/Wsrmcab  HTTP/1.1" 200 41818
216.245.221.92 - - [27/Aug/2023:17:46:11 -0500] "HEAD / HTTP/1.1" 200 -
186.155.74.226 - - [27/Aug/2023:17:47:03 -0500] "GET /secretaria-de-ambiente-abre-convocatoria-para-el-proceso-de-formacion-mujeres-cuidadoras-de-humedales.html HTTP/1.1" 304 -
172.22.2.4 - - [27/Aug/2023:17:47:57 -0500] "GET /BLA/boletinlegal/jurisprudencia/analisis/AnalisisC-035-16.docx HTTP/1.1" 200 25011
172.22.2.4 - - [27/Aug/2023:17:46:27 -0500] "HEAD /BLA/boletinlegal/ HTTP/1.1" 200 -
186.84.22.240 - - [27/Aug/2023:17:48:15 -0500] "GET /galeria/galeria/jquery.fancybox.css?v=2.1.5 HTTP/1.1" 200 4895
186.84.22.240 - - [27/Aug/2023:17:48:15 -0500] "GET /BLA/boletinlegal/js/jquery.scrollShow.js HTTP/1.1" 200 4586
186.84.22.240 - - [27/Aug/2023:17:48:15 -0500] "GET /galeria/galeria/jquery.fancybox.js?v=2.1.5 HTTP/1.1" 200 48706
172.22.2.4 - - [27/Aug/2023:17:47:18 -0500] "GET /BLA/boletinlegal/ HTTP/1.1" 200 58597
201.245.192.253 - - [27/Aug/2023:17:49:44 -0500] "POST /kwsrmcab/Wsrmcab  HTTP/1.1" 200 41818
40.77.167.76 - - [27/Aug/2023:17:50:50 -0500] "GET /Publicaciones/2023EE195454.pdf HTTP/1.1" 200 231931
40.77.167.76 - - [27/Aug/2023:17:50:51 -0500] "GET /BLA/resoluciones/AUTOS%202022/4079.pdf HTTP/1.1" 304 -
216.245.221.92 - - [27/Aug/2023:17:51:11 -0500] "HEAD / HTTP/1.1" 200 -
172.22.2.4 - - [27/Aug/2023:17:52:17 -0500] "HEAD /BLA/boletinlegal/ HTTP/1.1" 200 -
201.245.192.253 - - [27/Aug/2023:17:54:43 -0500] "POST /kwsrmcab/Wsrmcab  HTTP/1.1" 200 41818
172.22.2.4 - - [27/Aug/2023:17:53:08 -0500] "GET /BLA/boletinlegal/ HTTP/1.1" 200 53013
69.171.249.10 - - [27/Aug/2023:17:56:02 -0500] "GET /images/ecosistema-dia-internacional-tierra-21-abril.jpg HTTP/1.1" 200 30098
216.245.221.92 - - [27/Aug/2023:17:56:11 -0500] "HEAD / HTTP/1.1" 200 -
173.252.95.119 - - [27/Aug/2023:17:56:15 -0500] "GET /dia-internacional-de-la-tierra-actividades-para-celebrar-esta-fecha-en-bogota.html HTTP/1.1" 200 879
201.245.192.253 - - [27/Aug/2023:17:59:42 -0500] "POST /kwsrmcab/Wsrmcab  HTTP/1.1" 200 41818
172.22.2.4 - - [27/Aug/2023:17:58:07 -0500] "HEAD /BLA/boletinlegal/ HTTP/1.1" 200 -
64.124.8.58 - - [27/Aug/2023:18:00:09 -0500] "GET /robots.txt HTTP/1.1" 404 1035
64.124.8.58 - - [27/Aug/2023:18:00:09 -0500] "GET /portaldeninos/2021/05/30/gestion-del-riesgo/feed/ HTTP/1.1" 200 930
172.22.2.4 - - [27/Aug/2023:17:58:58 -0500] "GET /BLA/boletinlegal/ HTTP/1.1" 200 60692
216.245.221.92 - - [27/Aug/2023:18:01:11 -0500] "HEAD / HTTP/1.1" 200 -
172.22.2.4 - - [27/Aug/2023:18:01:31 -0500] "GET /BLA/boletinlegal/jurisprudencia/analisis/AnalisisC-035-16.docx HTTP/1.1" 200 25011
201.245.192.253 - - [27/Aug/2023:18:04:41 -0500] "POST /kwsrmcab/Wsrmcab  HTTP/1.1" 200 41818
172.22.2.4 - - [27/Aug/2023:18:03:57 -0500] "HEAD /BLA/boletinlegal/ HTTP/1.1" 200 -
216.245.221.92 - - [27/Aug/2023:18:06:11 -0500] "HEAD / HTTP/1.1" 200 -
172.22.2.4 - - [27/Aug/2023:18:04:48 -0500] "GET /BLA/boletinlegal/ HTTP/1.1" 200 58187
52.167.144.138 - - [27/Aug/2023:18:06:40 -0500] "GET /Publicaciones/2023EE194238.pdf HTTP/1.1" 200 1188517
173.252.87.3 - - [27/Aug/2023:18:06:59 -0500] "GET /images/buenas-practicas-ambientales21-octubre.jpg HTTP/1.1" 200 77514
173.252.95.117 - - [27/Aug/2023:18:07:34 -0500] "GET /tres-entidades-distritales-ganadoras-del-concurso-al-trabajo-en-bici.html HTTP/1.1" 200 945
181.59.2.155 - - [27/Aug/2023:18:07:54 -0500] "GET /secretaria-de-ambiente-suspende-actividades-de-industria-que-operaba-en-usme-sin-permisos-ambientales.html HTTP/1.1" 200 864
172.22.2.4 - - [27/Aug/2023:18:08:52 -0500] "GET /BLA/boletinlegal/style.css HTTP/1.1" 200 9406
172.22.2.4 - - [27/Aug/2023:18:08:52 -0500] "GET /BLA/boletinlegal/styles2.css HTTP/1.1" 200 1838
172.22.2.4 - - [27/Aug/2023:18:08:52 -0500] "GET /BLA/boletinlegal/js/jquery.js HTTP/1.1" 200 57254
172.22.2.4 - - [27/Aug/2023:18:08:52 -0500] "GET /BLA/boletinlegal/js/jquery.scrollTo-min.js HTTP/1.1" 200 1150
172.22.2.4 - - [27/Aug/2023:18:08:52 -0500] "GET /BLA/boletinlegal/js/jquery.scrollShow.js HTTP/1.1" 200 4586
172.22.2.4 - - [27/Aug/2023:18:08:52 -0500] "GET /BLA/boletinlegal/images/cabezote%20BLEGAL.jpg HTTP/1.1" 200 118164
172.22.2.4 - - [27/Aug/2023:18:08:52 -0500] "GET /BLA/boletinlegal/images/subscribe-icon-big.png HTTP/1.1" 200 47702
172.22.2.4 - - [27/Aug/2023:18:08:52 -0500] "GET /BLA/boletinlegal/images/historia.png HTTP/1.1" 200 52775
172.22.2.4 - - [27/Aug/2023:18:08:52 -0500] "GET /BLA/boletinlegal/images/body_bg.jpg HTTP/1.1" 200 1601
172.22.2.4 - - [27/Aug/2023:18:08:52 -0500] "GET /BLA/boletinlegal/images/bg_top.jpg HTTP/1.1" 200 522
172.22.2.4 - - [27/Aug/2023:18:08:52 -0500] "GET /BLA/boletinlegal/images/menu_lft.gif HTTP/1.1" 200 1713
