172.22.2.4 - - [29/Aug/2023:13:46:13 -0500] "GET /BLA/boletinlegal/images/screen_1.png HTTP/1.1" 200 202547
172.22.2.4 - - [29/Aug/2023:13:46:13 -0500] "GET /BLA/boletinlegal/images/launch.jpg HTTP/1.1" 200 14577
172.22.2.4 - - [29/Aug/2023:13:46:13 -0500] "GET /BLA/boletinlegal/images/body_bg.jpg HTTP/1.1" 200 1601
172.22.2.4 - - [29/Aug/2023:13:46:13 -0500] "GET /BLA/boletinlegal/images/menu_lft.gif HTTP/1.1" 200 1713
172.22.2.4 - - [29/Aug/2023:13:46:13 -0500] "GET /BLA/boletinlegal/images/menu_rght.gif HTTP/1.1" 200 1627
172.22.2.4 - - [29/Aug/2023:13:46:13 -0500] "GET /BLA/boletinlegal/images/bg_top.jpg HTTP/1.1" 200 522
172.22.2.4 - - [29/Aug/2023:13:46:13 -0500] "GET /BLA/boletinlegal/images/menu_bg.jpg HTTP/1.1" 200 620
172.22.2.4 - - [29/Aug/2023:13:46:13 -0500] "GET /BLA/boletinlegal/images/hover.jpg HTTP/1.1" 200 640
172.22.2.4 - - [29/Aug/2023:13:46:13 -0500] "GET /BLA/boletinlegal/images/text.jpg HTTP/1.1" 200 568
172.22.2.4 - - [29/Aug/2023:13:46:17 -0500] "GET /BLA/boletinlegal/actos.php HTTP/1.1" 200 9682
172.22.2.4 - - [29/Aug/2023:13:46:17 -0500] "GET /BLA/boletinlegal/js/ajax_actos.js HTTP/1.1" 200 1322
172.22.2.4 - - [29/Aug/2023:13:46:17 -0500] "GET /BLA/boletinlegal/js/popup.js HTTP/1.1" 200 1270
172.22.2.4 - - [29/Aug/2023:13:46:17 -0500] "GET /BLA/boletinlegal/js/lib.js HTTP/1.1" 200 6474
172.22.2.4 - - [29/Aug/2023:13:46:17 -0500] "GET /BLA/boletinlegal/niceforms.js HTTP/1.1" 200 22876
172.22.2.4 - - [29/Aug/2023:13:46:17 -0500] "GET /BLA/boletinlegal/niceforms-default.css HTTP/1.1" 200 6694
172.22.2.4 - - [29/Aug/2023:13:46:17 -0500] "GET /BLA/boletinlegal/js/jquery1.js HTTP/1.1" 200 29846
172.22.2.4 - - [29/Aug/2023:13:46:17 -0500] "GET /BLA/boletinlegal/images/green-yellow-blue-pink-th.png HTTP/1.1" 200 7394
172.22.2.4 - - [29/Aug/2023:13:46:17 -0500] "GET /BLA/boletinlegal/images/tel.png HTTP/1.1" 200 14477
172.22.2.4 - - [29/Aug/2023:13:46:17 -0500] "GET /BLA/boletinlegal/images/icono-email.png HTTP/1.1" 200 5544
172.22.2.4 - - [29/Aug/2023:13:46:17 -0500] "GET /BLA/boletinlegal/images/footer_bg_l.jpg HTTP/1.1" 200 776
172.22.2.4 - - [29/Aug/2023:13:46:17 -0500] "GET /BLA/boletinlegal/images/footer_bg.jpg HTTP/1.1" 200 586
172.22.2.4 - - [29/Aug/2023:13:46:18 -0500] "GET /BLA/boletinlegal/img/0.png HTTP/1.1" 200 110
172.22.2.4 - - [29/Aug/2023:13:46:18 -0500] "GET /BLA/boletinlegal/img/button.png HTTP/1.1" 200 43241
172.22.2.4 - - [29/Aug/2023:13:46:18 -0500] "GET /BLA/boletinlegal/img/select-right.png HTTP/1.1" 200 44019
172.22.2.4 - - [29/Aug/2023:13:46:18 -0500] "GET /BLA/boletinlegal/img/select-left.png HTTP/1.1" 200 263
172.22.2.4 - - [29/Aug/2023:13:46:18 -0500] "GET /BLA/boletinlegal/img/button-left.png HTTP/1.1" 200 57071
172.22.2.4 - - [29/Aug/2023:13:46:18 -0500] "GET /BLA/boletinlegal/favicon.ico HTTP/1.1" 404 1326
172.22.2.4 - - [29/Aug/2023:13:46:18 -0500] "GET /BLA/boletinlegal/img/button-right.png HTTP/1.1" 200 57878
172.22.2.4 - - [29/Aug/2023:13:46:20 -0500] "GET /BLA/boletinlegal/consulta_actos.php?tipo=autos&no=&usuario=&sector=&fecha=2023&resuelve= HTTP/1.1" 200 752956
172.22.2.4 - - [29/Aug/2023:13:46:21 -0500] "GET /BLA/boletinlegal/images/pdf.gif HTTP/1.1" 200 567
172.22.2.4 - - [29/Aug/2023:13:46:21 -0500] "GET /BLA/boletinlegal/images/background.gif HTTP/1.1" 200 -
172.22.2.4 - - [29/Aug/2023:13:46:43 -0500] "GET /BLA/boletinlegal/consulta_actos.php?tipo=resoluciones&no=&usuario=&sector=&fecha=2023&resuelve= HTTP/1.1" 200 203859
172.22.2.4 - - [29/Aug/2023:13:46:11 -0500] "GET /BLA/boletinlegal/ HTTP/1.1" 200 24523
192.168.176.56 - - [29/Aug/2023:13:46:48 -0500] "POST /BLA/boletinlegal/admin/actos/ingresar.php HTTP/1.1" 200 7302
201.245.192.253 - - [29/Aug/2023:13:46:54 -0500] "POST /forms/lservlet;jsessionid=ac16012b30d68c7e0b04230b4c989fb8d8de3f8b9cc1.e3iSbxaKaheRe34Rch0Ra3mLchv0n6jAmljGr5XDqQLvpAe HTTP/1.1" 200 2
201.245.192.253 - - [29/Aug/2023:13:47:06 -0500] "POST /forms/lservlet;jsessionid=ac16012b30d6c6eb26ca23b746858ac9a1732f7367b8.e3iSbxaKaheRe34Rch0Ra3mLchv0n6jAmljGr5XDqQLvpAe HTTP/1.1" 200 2
192.168.169.90 - - [29/Aug/2023:13:47:28 -0500] "POST /BLA/boletinlegal/admin/notificaciones/ingresar.php HTTP/1.1" 200 30281
192.168.169.90 - - [29/Aug/2023:13:47:28 -0500] "GET /css/global/buttons.css HTTP/1.1" 404 1312
201.245.192.253 - - [29/Aug/2023:13:47:56 -0500] "POST /kwsrmcab/Wsrmcab  HTTP/1.1" 200 41818
190.255.40.72 - - [29/Aug/2023:13:48:02 -0500] "GET /BLA/resoluciones/RESOLUCIONES%202023/1438.pdf HTTP/1.1" 200 326122
192.168.176.56 - - [29/Aug/2023:13:48:11 -0500] "POST /BLA/boletinlegal/admin/actos/ingresar.php HTTP/1.1" 200 7302
201.245.192.253 - - [29/Aug/2023:13:48:54 -0500] "POST /forms/lservlet;jsessionid=ac16012b30d68c7e0b04230b4c989fb8d8de3f8b9cc1.e3iSbxaKaheRe34Rch0Ra3mLchv0n6jAmljGr5XDqQLvpAe HTTP/1.1" 200 2
192.168.169.90 - - [29/Aug/2023:13:48:58 -0500] "POST /BLA/boletinlegal/admin/notificaciones/ingresar.php HTTP/1.1" 200 30281
192.168.169.90 - - [29/Aug/2023:13:48:58 -0500] "GET /css/global/buttons.css HTTP/1.1" 404 1312
201.245.192.253 - - [29/Aug/2023:13:49:06 -0500] "POST /forms/lservlet;jsessionid=ac16012b30d6c6eb26ca23b746858ac9a1732f7367b8.e3iSbxaKaheRe34Rch0Ra3mLchv0n6jAmljGr5XDqQLvpAe HTTP/1.1" 200 2
192.168.176.56 - - [29/Aug/2023:13:49:15 -0500] "POST /BLA/boletinlegal/admin/actos/ingresar.php HTTP/1.1" 200 7302
192.168.169.90 - - [29/Aug/2023:13:50:05 -0500] "POST /BLA/boletinlegal/admin/notificaciones/ingresar.php HTTP/1.1" 200 30281
192.168.169.90 - - [29/Aug/2023:13:50:06 -0500] "GET /css/global/buttons.css HTTP/1.1" 404 1312
192.168.176.56 - - [29/Aug/2023:13:50:20 -0500] "POST /BLA/boletinlegal/admin/actos/ingresar.php HTTP/1.1" 200 7302
172.22.2.4 - - [29/Aug/2023:13:48:59 -0500] "HEAD /BLA/boletinlegal/ HTTP/1.1" 200 -
192.168.169.90 - - [29/Aug/2023:13:50:49 -0500] "GET /css/global/buttons.css HTTP/1.1" 404 1312
192.168.169.90 - - [29/Aug/2023:13:50:49 -0500] "POST /BLA/boletinlegal/admin/notificaciones/ingresar.php HTTP/1.1" 200 30281
201.245.192.253 - - [29/Aug/2023:13:50:54 -0500] "POST /forms/lservlet;jsessionid=ac16012b30d68c7e0b04230b4c989fb8d8de3f8b9cc1.e3iSbxaKaheRe34Rch0Ra3mLchv0n6jAmljGr5XDqQLvpAe HTTP/1.1" 200 2
216.245.221.92 - - [29/Aug/2023:13:51:05 -0500] "HEAD / HTTP/1.1" 200 -
201.245.192.253 - - [29/Aug/2023:13:51:06 -0500] "POST /forms/lservlet;jsessionid=ac16012b30d6c6eb26ca23b746858ac9a1732f7367b8.e3iSbxaKaheRe34Rch0Ra3mLchv0n6jAmljGr5XDqQLvpAe HTTP/1.1" 200 2
172.22.2.4 - - [29/Aug/2023:13:49:49 -0500] "GET /BLA/boletinlegal/ HTTP/1.1" 200 55460
192.168.176.56 - - [29/Aug/2023:13:51:46 -0500] "POST /BLA/boletinlegal/admin/actos/ingresar.php HTTP/1.1" 200 7302
192.168.169.90 - - [29/Aug/2023:13:51:51 -0500] "POST /BLA/boletinlegal/admin/notificaciones/ingresar.php HTTP/1.1" 200 30281
192.168.169.90 - - [29/Aug/2023:13:51:51 -0500] "GET /css/global/buttons.css HTTP/1.1" 404 1312
172.22.2.4 - - [29/Aug/2023:13:51:52 -0500] "GET /BLA/boletinlegal/robots.txt HTTP/1.1" 404 1038
192.168.169.90 - - [29/Aug/2023:13:52:21 -0500] "POST /BLA/boletinlegal/admin/notificaciones/ingresar.php HTTP/1.1" 200 30281
192.168.169.90 - - [29/Aug/2023:13:52:21 -0500] "GET /css/global/buttons.css HTTP/1.1" 404 1312
186.102.8.9 - - [29/Aug/2023:13:52:29 -0500] "OPTIONS /kwssiamovil/sm/setfile/f? HTTP/1.1" 200 13
191.95.55.90 - - [29/Aug/2023:13:52:47 -0500] "GET /sipse/faces/javax.faces.resource/theme.css?ln=primefaces-sipse HTTP/1.1" 304 -
191.95.55.90 - - [29/Aug/2023:13:52:47 -0500] "GET /sipse/faces/faces/faces/autenticacion.xhtml HTTP/1.1" 200 12171
191.95.55.90 - - [29/Aug/2023:13:52:48 -0500] "GET /sipse/css/custom_css_sg.css HTTP/1.1" 304 -
191.95.55.90 - - [29/Aug/2023:13:52:48 -0500] "GET /sipse/css/custom_css_sg_prime_login.css HTTP/1.1" 304 -
191.95.55.90 - - [29/Aug/2023:13:52:48 -0500] "GET /sipse/faces/javax.faces.resource/theme.css?ln=primefaces-sipse HTTP/1.1" 304 -
191.95.55.90 - - [29/Aug/2023:13:52:48 -0500] "GET /sipse/faces/javax.faces.resource/primefaces.css?ln=primefaces&v=4.0 HTTP/1.1" 304 -
191.95.55.90 - - [29/Aug/2023:13:52:48 -0500] "GET /sipse/js/disable_browser_buttons.js HTTP/1.1" 304 -
191.95.55.90 - - [29/Aug/2023:13:52:48 -0500] "GET /sipse/faces/javax.faces.resource/layout/layout.css?ln=primefaces&v=4.0 HTTP/1.1" 304 -
191.95.55.90 - - [29/Aug/2023:13:52:48 -0500] "GET /sipse/js/funciones.js HTTP/1.1" 304 -
191.95.55.90 - - [29/Aug/2023:13:52:48 -0500] "GET /sipse/faces/javax.faces.resource/jquery/jquery-plugins.js?ln=primefaces&v=4.0 HTTP/1.1" 304 -
191.95.55.90 - - [29/Aug/2023:13:52:48 -0500] "GET /sipse/faces/javax.faces.resource/primefaces.js?ln=primefaces&v=4.0 HTTP/1.1" 304 -
191.95.55.90 - - [29/Aug/2023:13:52:48 -0500] "GET /sipse/faces/javax.faces.resource/layout/layout.js?ln=primefaces&v=4.0 HTTP/1.1" 304 -
191.95.55.90 - - [29/Aug/2023:13:52:48 -0500] "GET /sipse/faces/javax.faces.resource/jquery/jquery.js?ln=primefaces&v=4.0 HTTP/1.1" 304 -
191.95.55.90 - - [29/Aug/2023:13:52:48 -0500] "GET /sipse/css/imagen/logoSDG.png HTTP/1.1" 304 -
191.95.55.90 - - [29/Aug/2023:13:52:48 -0500] "GET /sipse/css/imagen/loginimg.png HTTP/1.1" 304 -
191.95.55.90 - - [29/Aug/2023:13:52:48 -0500] "GET /sipse/faces/javax.faces.resource/images/ui-icons_898989_256x240.png?ln=primefaces-aristo HTTP/1.1" 304 -
191.95.55.90 - - [29/Aug/2023:13:52:51 -0500] "POST /sipse/faces/autenticacion.xhtml HTTP/1.1" 200 11320
191.95.55.90 - - [29/Aug/2023:13:52:52 -0500] "GET /sipse/css/custom_css_sg_prime.css HTTP/1.1" 304 -
191.95.55.90 - - [29/Aug/2023:13:52:52 -0500] "GET /sipse/faces/javax.faces.resource/layout/layout.css?ln=primefaces&v=4.0 HTTP/1.1" 304 -
191.95.55.90 - - [29/Aug/2023:13:52:52 -0500] "GET /sipse/faces/javax.faces.resource/jquery/jquery.js?ln=primefaces&v=4.0 HTTP/1.1" 304 -
191.95.55.90 - - [29/Aug/2023:13:52:52 -0500] "GET /sipse/faces/javax.faces.resource/primefaces.css?ln=primefaces&v=4.0 HTTP/1.1" 304 -
191.95.55.90 - - [29/Aug/2023:13:52:52 -0500] "GET /sipse/faces/javax.faces.resource/theme.css?ln=primefaces-sipse HTTP/1.1" 304 -
191.95.55.90 - - [29/Aug/2023:13:52:52 -0500] "GET /sipse/faces/javax.faces.resource/jquery/jquery-plugins.js?ln=primefaces&v=4.0 HTTP/1.1" 304 -
191.95.55.90 - - [29/Aug/2023:13:52:52 -0500] "GET /sipse/faces/javax.faces.resource/primefaces.js?ln=primefaces&v=4.0 HTTP/1.1" 304 -
191.95.55.90 - - [29/Aug/2023:13:52:53 -0500] "GET /sipse/faces/javax.faces.resource/layout/layout.js?ln=primefaces&v=4.0 HTTP/1.1" 304 -
191.95.55.90 - - [29/Aug/2023:13:52:53 -0500] "GET /sipse/faces/javax.faces.resource/messages/messages.png?ln=primefaces&v=4.0 HTTP/1.1" 304 -
201.245.192.253 - - [29/Aug/2023:13:52:54 -0500] "POST /forms/lservlet;jsessionid=ac16012b30d68c7e0b04230b4c989fb8d8de3f8b9cc1.e3iSbxaKaheRe34Rch0Ra3mLchv0n6jAmljGr5XDqQLvpAe HTTP/1.1" 200 2
191.95.55.90 - - [29/Aug/2023:13:52:56 -0500] "POST /sipse/faces/presentacion/sistema/seguridad/seleccionRol.xhtml HTTP/1.1" 200 5757
201.245.192.253 - - [29/Aug/2023:13:52:55 -0500] "POST /kwsrmcab/Wsrmcab  HTTP/1.1" 200 41818
191.95.55.90 - - [29/Aug/2023:13:52:59 -0500] "POST /sipse/faces/presentacion/sistema/seguridad/seleccionRol.xhtml HTTP/1.1" 200 5757
191.95.55.90 - - [29/Aug/2023:13:53:01 -0500] "POST /sipse/faces/presentacion/sistema/seguridad/seleccionRol.xhtml HTTP/1.1" 200 16341
191.95.55.90 - - [29/Aug/2023:13:53:01 -0500] "GET /sipse/faces/javax.faces.resource/primefaces.css?ln=primefaces&v=4.0 HTTP/1.1" 304 -
191.95.55.90 - - [29/Aug/2023:13:53:01 -0500] "GET /sipse/faces/javax.faces.resource/theme.css?ln=primefaces-sipse HTTP/1.1" 304 -
191.95.55.90 - - [29/Aug/2023:13:53:01 -0500] "GET /sipse/faces/javax.faces.resource/layout/layout.css?ln=primefaces&v=4.0 HTTP/1.1" 304 -
191.95.55.90 - - [29/Aug/2023:13:53:01 -0500] "GET /sipse/js/jquery.min.js HTTP/1.1" 304 -
191.95.55.90 - - [29/Aug/2023:13:53:01 -0500] "GET /sipse/faces/javax.faces.resource/jquery/jquery.js?ln=primefaces&v=4.0 HTTP/1.1" 304 -
191.95.55.90 - - [29/Aug/2023:13:53:01 -0500] "GET /sipse/faces/javax.faces.resource/jquery/jquery-plugins.js?ln=primefaces&v=4.0 HTTP/1.1" 304 -
191.95.55.90 - - [29/Aug/2023:13:53:02 -0500] "GET /sipse/faces/javax.faces.resource/primefaces.js?ln=primefaces&v=4.0 HTTP/1.1" 304 -
191.95.55.90 - - [29/Aug/2023:13:53:02 -0500] "GET /sipse/faces/javax.faces.resource/layout/layout.js?ln=primefaces&v=4.0 HTTP/1.1" 304 -
191.95.55.90 - - [29/Aug/2023:13:53:02 -0500] "GET /sipse/css/v_mergente.css HTTP/1.1" 304 -
191.95.55.90 - - [29/Aug/2023:13:53:02 -0500] "GET /sipse/imagenes/logoAplicacion.jpg HTTP/1.1" 304 -
191.95.55.90 - - [29/Aug/2023:13:53:02 -0500] "GET /sipse/css/imagen/contrasena.png HTTP/1.1" 404 383
191.95.55.90 - - [29/Aug/2023:13:53:03 -0500] "GET /sipse/imagenes/cargando.gif HTTP/1.1" 304 -
191.95.55.90 - - [29/Aug/2023:13:53:03 -0500] "GET /sipse/faces/javax.faces.resource/images/ui-bg_flat_0_2d5972_40x100.png?ln=primefaces-aristo HTTP/1.1" 304 -
191.95.55.90 - - [29/Aug/2023:13:53:03 -0500] "POST /sipse/faces/bienvenido.xhtml HTTP/1.1" 200 2658
191.95.55.90 - - [29/Aug/2023:13:53:04 -0500] "POST /sipse/faces/bienvenido.xhtml HTTP/1.1" 200 33032
191.95.55.90 - - [29/Aug/2023:13:53:05 -0500] "GET /sipse/faces/javax.faces.resource/layout/layout.css?ln=primefaces&v=4.0 HTTP/1.1" 304 -
191.95.55.90 - - [29/Aug/2023:13:53:05 -0500] "GET /sipse/faces/javax.faces.resource/theme.css?ln=primefaces-sipse HTTP/1.1" 304 -
191.95.55.90 - - [29/Aug/2023:13:53:05 -0500] "GET /sipse/faces/javax.faces.resource/primefaces.css?ln=primefaces&v=4.0 HTTP/1.1" 304 -
191.95.55.90 - - [29/Aug/2023:13:53:05 -0500] "GET /sipse/faces/javax.faces.resource/jquery/jquery.js?ln=primefaces&v=4.0 HTTP/1.1" 304 -
191.95.55.90 - - [29/Aug/2023:13:53:06 -0500] "GET /sipse/faces/javax.faces.resource/jquery/jquery-plugins.js?ln=primefaces&v=4.0 HTTP/1.1" 304 -
191.95.55.90 - - [29/Aug/2023:13:53:06 -0500] "GET /sipse/faces/javax.faces.resource/primefaces.js?ln=primefaces&v=4.0 HTTP/1.1" 304 -
191.95.55.90 - - [29/Aug/2023:13:53:06 -0500] "GET /sipse/faces/javax.faces.resource/layout/layout.js?ln=primefaces&v=4.0 HTTP/1.1" 304 -
201.245.192.253 - - [29/Aug/2023:13:53:06 -0500] "POST /forms/lservlet;jsessionid=ac16012b30d6c6eb26ca23b746858ac9a1732f7367b8.e3iSbxaKaheRe34Rch0Ra3mLchv0n6jAmljGr5XDqQLvpAe HTTP/1.1" 200 2
191.95.55.90 - - [29/Aug/2023:13:53:06 -0500] "POST /sipse/faces/presentacion/financiero/solicitudProceso/listarSolicitudProceso.xhtml HTTP/1.1" 200 1376
192.168.169.90 - - [29/Aug/2023:13:53:11 -0500] "POST /BLA/boletinlegal/admin/notificaciones/ingresar.php HTTP/1.1" 200 30281
192.168.169.90 - - [29/Aug/2023:13:53:11 -0500] "GET /css/global/buttons.css HTTP/1.1" 404 1312
191.95.55.90 - - [29/Aug/2023:13:53:15 -0500] "POST /sipse/faces/presentacion/financiero/solicitudProceso/listarSolicitudProceso.xhtml HTTP/1.1" 200 26417
191.95.55.90 - - [29/Aug/2023:13:53:16 -0500] "POST /sipse/faces/presentacion/financiero/solicitudProceso/listarSolicitudProceso.xhtml HTTP/1.1" 200 26417
191.95.55.90 - - [29/Aug/2023:13:53:16 -0500] "POST /sipse/faces/presentacion/financiero/solicitudProceso/listarSolicitudProceso.xhtml HTTP/1.1" 200 1376
191.95.55.90 - - [29/Aug/2023:13:53:16 -0500] "POST /sipse/faces/presentacion/financiero/solicitudProceso/listarSolicitudProceso.xhtml HTTP/1.1" 200 1380
192.168.176.56 - - [29/Aug/2023:13:53:18 -0500] "POST /BLA/boletinlegal/admin/actos/ingresar.php HTTP/1.1" 200 7302
191.95.55.90 - - [29/Aug/2023:13:53:28 -0500] "POST /sipse/faces/presentacion/financiero/solicitudProceso/listarSolicitudProceso.xhtml HTTP/1.1" 200 2652
173.252.95.19 - - [29/Aug/2023:13:53:29 -0500] "GET /proyecto-avantia-con-la-union-europea-busca-especialista-en-cambio-climatico.html HTTP/1.1" 200 814
191.95.55.90 - - [29/Aug/2023:13:53:29 -0500] "POST /sipse/faces/presentacion/financiero/solicitudProceso/listarSolicitudProceso.xhtml HTTP/1.1" 200 2677
173.252.79.3 - - [29/Aug/2023:13:53:29 -0500] "GET /images/aire-bogota.jpeg HTTP/1.1" 200 169194
191.95.55.90 - - [29/Aug/2023:13:53:30 -0500] "POST /sipse/faces/presentacion/financiero/solicitudProceso/listarSolicitudProceso.xhtml HTTP/1.1" 200 41874
191.95.55.90 - - [29/Aug/2023:13:53:31 -0500] "GET /sipse/faces/javax.faces.resource/theme.css?ln=primefaces-sipse HTTP/1.1" 304 -
191.95.55.90 - - [29/Aug/2023:13:53:31 -0500] "GET /sipse/faces/javax.faces.resource/primefaces.css?ln=primefaces&v=4.0 HTTP/1.1" 304 -
191.95.55.90 - - [29/Aug/2023:13:53:31 -0500] "GET /sipse/faces/javax.faces.resource/jquery/jquery.js?ln=primefaces&v=4.0 HTTP/1.1" 304 -
191.95.55.90 - - [29/Aug/2023:13:53:31 -0500] "GET /sipse/faces/javax.faces.resource/layout/layout.css?ln=primefaces&v=4.0 HTTP/1.1" 304 -
191.95.55.90 - - [29/Aug/2023:13:53:31 -0500] "GET /sipse/faces/javax.faces.resource/jquery/jquery-plugins.js?ln=primefaces&v=4.0 HTTP/1.1" 304 -
191.95.55.90 - - [29/Aug/2023:13:53:32 -0500] "GET /sipse/faces/javax.faces.resource/primefaces.js?ln=primefaces&v=4.0 HTTP/1.1" 304 -
191.95.55.90 - - [29/Aug/2023:13:53:32 -0500] "GET /sipse/faces/javax.faces.resource/layout/layout.js?ln=primefaces&v=4.0 HTTP/1.1" 304 -
190.144.232.94 - - [29/Aug/2023:13:53:32 -0500] "GET /catalogoisis/ HTTP/1.1" 200 8575
191.95.55.90 - - [29/Aug/2023:13:53:32 -0500] "POST /sipse/faces/presentacion/financiero/solicitudProceso/consultar.xhtml HTTP/1.1" 200 35285
172.22.2.4 - - [29/Aug/2023:13:51:54 -0500] "GET /BLA/boletinlegal/index.php HTTP/1.1" 200 62795
191.95.55.90 - - [29/Aug/2023:13:53:38 -0500] "POST /sipse/faces/presentacion/financiero/solicitudProceso/consultar.xhtml HTTP/1.1" 200 12892
172.22.2.4 - - [29/Aug/2023:13:53:38 -0500] "GET /BLA/boletinlegal/jurisprudencia/analisis/AnalisisC-035-16.docx HTTP/1.1" 200 25011
191.95.55.90 - - [29/Aug/2023:13:53:41 -0500] "POST /sipse/faces/presentacion/financiero/solicitudProceso/consultar.xhtml HTTP/1.1" 200 130298
191.95.55.90 - - [29/Aug/2023:13:53:43 -0500] "GET /sipse/faces/javax.faces.resource/primefaces.css?ln=primefaces&v=4.0 HTTP/1.1" 304 -
191.95.55.90 - - [29/Aug/2023:13:53:43 -0500] "GET /sipse/faces/javax.faces.resource/theme.css?ln=primefaces-sipse HTTP/1.1" 304 -
191.95.55.90 - - [29/Aug/2023:13:53:43 -0500] "GET /sipse/faces/javax.faces.resource/layout/layout.css?ln=primefaces&v=4.0 HTTP/1.1" 304 -
191.95.55.90 - - [29/Aug/2023:13:53:43 -0500] "GET /sipse/faces/javax.faces.resource/jquery/jquery.js?ln=primefaces&v=4.0 HTTP/1.1" 304 -
191.95.55.90 - - [29/Aug/2023:13:53:43 -0500] "GET /sipse/faces/javax.faces.resource/jquery/jquery-plugins.js?ln=primefaces&v=4.0 HTTP/1.1" 304 -
191.95.55.90 - - [29/Aug/2023:13:53:43 -0500] "GET /sipse/faces/javax.faces.resource/primefaces.js?ln=primefaces&v=4.0 HTTP/1.1" 304 -
191.95.55.90 - - [29/Aug/2023:13:53:43 -0500] "GET /sipse/faces/javax.faces.resource/layout/layout.js?ln=primefaces&v=4.0 HTTP/1.1" 304 -
191.95.55.90 - - [29/Aug/2023:13:53:48 -0500] "GET /sipse/faces/javax.faces.resource/theme.css?ln=primefaces-sipse HTTP/1.1" 304 -
191.95.55.90 - - [29/Aug/2023:13:53:48 -0500] "GET /sipse/faces/javax.faces.resource/layout/layout.css?ln=primefaces&v=4.0 HTTP/1.1" 304 -
191.95.55.90 - - [29/Aug/2023:13:53:48 -0500] "GET /sipse/faces/javax.faces.resource/primefaces.css?ln=primefaces&v=4.0 HTTP/1.1" 304 -
191.95.55.90 - - [29/Aug/2023:13:53:48 -0500] "GET /sipse/faces/javax.faces.resource/jquery/jquery.js?ln=primefaces&v=4.0 HTTP/1.1" 304 -
191.95.55.90 - - [29/Aug/2023:13:53:48 -0500] "GET /sipse/faces/javax.faces.resource/layout/layout.js?ln=primefaces&v=4.0 HTTP/1.1" 304 -
191.95.55.90 - - [29/Aug/2023:13:53:48 -0500] "GET /sipse/faces/javax.faces.resource/jquery/jquery-plugins.js?ln=primefaces&v=4.0 HTTP/1.1" 304 -
191.95.55.90 - - [29/Aug/2023:13:53:48 -0500] "GET /sipse/faces/javax.faces.resource/primefaces.js?ln=primefaces&v=4.0 HTTP/1.1" 304 -
191.95.55.90 - - [29/Aug/2023:13:53:48 -0500] "POST /sipse/faces/presentacion/financiero/solicitudProceso/consultarSolicitudProceso.xhtml HTTP/1.1" 200 31637
192.168.169.90 - - [29/Aug/2023:13:53:53 -0500] "POST /BLA/boletinlegal/admin/notificaciones/ingresar.php HTTP/1.1" 200 30281
192.168.169.90 - - [29/Aug/2023:13:53:53 -0500] "GET /css/global/buttons.css HTTP/1.1" 404 1312
201.245.192.253 - - [29/Aug/2023:13:54:54 -0500] "POST /forms/lservlet;jsessionid=ac16012b30d68c7e0b04230b4c989fb8d8de3f8b9cc1.e3iSbxaKaheRe34Rch0Ra3mLchv0n6jAmljGr5XDqQLvpAe HTTP/1.1" 200 2
192.168.176.56 - - [29/Aug/2023:13:54:58 -0500] "POST /BLA/boletinlegal/admin/actos/ingresar.php HTTP/1.1" 200 7302
201.245.192.253 - - [29/Aug/2023:13:55:06 -0500] "POST /forms/lservlet;jsessionid=ac16012b30d6c6eb26ca23b746858ac9a1732f7367b8.e3iSbxaKaheRe34Rch0Ra3mLchv0n6jAmljGr5XDqQLvpAe HTTP/1.1" 200 2
192.168.169.90 - - [29/Aug/2023:13:55:14 -0500] "GET /css/global/buttons.css HTTP/1.1" 404 1312
192.168.169.90 - - [29/Aug/2023:13:55:14 -0500] "POST /BLA/boletinlegal/admin/notificaciones/ingresar.php HTTP/1.1" 200 30281
192.168.169.90 - - [29/Aug/2023:13:55:50 -0500] "POST /BLA/boletinlegal/admin/notificaciones/ingresar.php HTTP/1.1" 200 30281
192.168.169.90 - - [29/Aug/2023:13:55:50 -0500] "GET /css/global/buttons.css HTTP/1.1" 404 1312
172.22.2.4 - - [29/Aug/2023:13:55:57 -0500] "GET /BLA/boletinlegal/style.css HTTP/1.1" 200 9406
172.22.2.4 - - [29/Aug/2023:13:55:57 -0500] "GET /BLA/boletinlegal/styles2.css HTTP/1.1" 200 1838
172.22.2.4 - - [29/Aug/2023:13:55:57 -0500] "GET /BLA/boletinlegal/js/jquery.js HTTP/1.1" 200 57254
172.22.2.4 - - [29/Aug/2023:13:55:57 -0500] "GET /BLA/boletinlegal/js/jquery.scrollTo-min.js HTTP/1.1" 200 1150
172.22.2.4 - - [29/Aug/2023:13:55:57 -0500] "GET /BLA/boletinlegal/images/cabezote%20BLEGAL.jpg HTTP/1.1" 200 118164
172.22.2.4 - - [29/Aug/2023:13:55:57 -0500] "GET /BLA/boletinlegal/js/jquery.scrollShow.js HTTP/1.1" 200 4586
172.22.2.4 - - [29/Aug/2023:13:55:57 -0500] "GET /BLA/boletinlegal/images/screen_1.png HTTP/1.1" 200 202547
172.22.2.4 - - [29/Aug/2023:13:55:57 -0500] "GET /BLA/boletinlegal/images/subscribe-icon-big.png HTTP/1.1" 200 47702
172.22.2.4 - - [29/Aug/2023:13:55:57 -0500] "GET /BLA/boletinlegal/images/registro-usuarios.png HTTP/1.1" 200 8106
172.22.2.4 - - [29/Aug/2023:13:55:57 -0500] "GET /BLA/boletinlegal/images/historia.png HTTP/1.1" 200 52775
172.22.2.4 - - [29/Aug/2023:13:55:57 -0500] "GET /BLA/boletinlegal/images/launch.jpg HTTP/1.1" 200 14577
172.22.2.4 - - [29/Aug/2023:13:55:57 -0500] "GET /BLA/boletinlegal/images/arr_l.jpg HTTP/1.1" 200 1979
172.22.2.4 - - [29/Aug/2023:13:55:57 -0500] "GET /BLA/boletinlegal/images/menu_lft.gif HTTP/1.1" 200 1713
172.22.2.4 - - [29/Aug/2023:13:55:57 -0500] "GET /BLA/boletinlegal/images/body_bg.jpg HTTP/1.1" 200 1601
172.22.2.4 - - [29/Aug/2023:13:55:57 -0500] "GET /BLA/boletinlegal/images/menu_rght.gif HTTP/1.1" 200 1627
172.22.2.4 - - [29/Aug/2023:13:55:57 -0500] "GET /BLA/boletinlegal/images/bg_top.jpg HTTP/1.1" 200 522
172.22.2.4 - - [29/Aug/2023:13:55:57 -0500] "GET /BLA/boletinlegal/images/hover.jpg HTTP/1.1" 200 640
172.22.2.4 - - [29/Aug/2023:13:55:57 -0500] "GET /BLA/boletinlegal/images/menu_bg.jpg HTTP/1.1" 200 620
172.22.2.4 - - [29/Aug/2023:13:55:57 -0500] "GET /BLA/boletinlegal/images/text.jpg HTTP/1.1" 200 568
216.245.221.92 - - [29/Aug/2023:13:56:05 -0500] "HEAD / HTTP/1.1" 200 -
192.168.176.56 - - [29/Aug/2023:13:56:10 -0500] "POST /BLA/boletinlegal/admin/actos/ingresar.php HTTP/1.1" 200 7302
192.168.169.90 - - [29/Aug/2023:13:56:19 -0500] "POST /BLA/boletinlegal/admin/notificaciones/ingresar.php HTTP/1.1" 200 30281
192.168.169.90 - - [29/Aug/2023:13:56:19 -0500] "GET /css/global/buttons.css HTTP/1.1" 404 1312
66.220.149.9 - - [29/Aug/2023:13:56:20 -0500] "GET /images/caminatas-ecol\xc3\xb3gicas-marzo---1920x1080_optimized.jpg HTTP/1.1" 404 1034
172.22.2.4 - - [29/Aug/2023:13:56:21 -0500] "GET /BLA/boletinlegal/images/screen_2.png HTTP/1.1" 200 362502
172.22.2.4 - - [29/Aug/2023:13:56:21 -0500] "GET /BLA/boletinlegal/images/screen_3.png HTTP/1.1" 200 210620
172.22.2.4 - - [29/Aug/2023:13:56:21 -0500] "GET /BLA/boletinlegal/images/arr_r.jpg HTTP/1.1" 200 1998
172.22.2.4 - - [29/Aug/2023:13:56:21 -0500] "GET /BLA/boletinlegal/images/screen_5.png HTTP/1.1" 200 368876
172.22.2.4 - - [29/Aug/2023:13:56:21 -0500] "GET /BLA/boletinlegal/images/footer_bg.jpg HTTP/1.1" 200 586
172.22.2.4 - - [29/Aug/2023:13:54:49 -0500] "HEAD /BLA/boletinlegal/ HTTP/1.1" 200 -
172.22.2.4 - - [29/Aug/2023:13:56:33 -0500] "GET /BLA/boletinlegal/images/pdf.gif HTTP/1.1" 200 567
172.22.2.4 - - [29/Aug/2023:13:56:38 -0500] "GET /BLA/boletinlegal/actos.php HTTP/1.1" 200 9682
172.22.2.4 - - [29/Aug/2023:13:56:38 -0500] "GET /BLA/boletinlegal/js/ajax_actos.js HTTP/1.1" 200 1322
172.22.2.4 - - [29/Aug/2023:13:56:38 -0500] "GET /BLA/boletinlegal/niceforms-default.css HTTP/1.1" 200 6694
172.22.2.4 - - [29/Aug/2023:13:56:38 -0500] "GET /BLA/boletinlegal/niceforms.js HTTP/1.1" 200 22876
172.22.2.4 - - [29/Aug/2023:13:56:38 -0500] "GET /BLA/boletinlegal/js/lib.js HTTP/1.1" 200 6474
172.22.2.4 - - [29/Aug/2023:13:56:38 -0500] "GET /BLA/boletinlegal/js/popup.js HTTP/1.1" 200 1270
172.22.2.4 - - [29/Aug/2023:13:56:38 -0500] "GET /BLA/boletinlegal/js/jquery1.js HTTP/1.1" 200 29846
172.22.2.4 - - [29/Aug/2023:13:56:38 -0500] "GET /BLA/boletinlegal/images/tel.png HTTP/1.1" 200 14477
172.22.2.4 - - [29/Aug/2023:13:56:38 -0500] "GET /BLA/boletinlegal/images/icono-email.png HTTP/1.1" 200 5544
172.22.2.4 - - [29/Aug/2023:13:56:38 -0500] "GET /BLA/boletinlegal/images/green-yellow-blue-pink-th.png HTTP/1.1" 200 7394
172.22.2.4 - - [29/Aug/2023:13:56:46 -0500] "GET /BLA/boletinlegal/images/footer_bg_l.jpg HTTP/1.1" 200 776
172.22.2.4 - - [29/Aug/2023:13:56:47 -0500] "GET /BLA/boletinlegal/img/0.png HTTP/1.1" 200 110
172.22.2.4 - - [29/Aug/2023:13:56:47 -0500] "GET /BLA/boletinlegal/img/select-left.png HTTP/1.1" 200 263
172.22.2.4 - - [29/Aug/2023:13:56:47 -0500] "GET /BLA/boletinlegal/img/select-right.png HTTP/1.1" 200 44019
172.22.2.4 - - [29/Aug/2023:13:56:47 -0500] "GET /BLA/boletinlegal/favicon.ico HTTP/1.1" 404 1326
172.22.2.4 - - [29/Aug/2023:13:56:47 -0500] "GET /BLA/boletinlegal/img/button-left.png HTTP/1.1" 200 57071
172.22.2.4 - - [29/Aug/2023:13:56:47 -0500] "GET /BLA/boletinlegal/img/button.png HTTP/1.1" 200 43241
172.22.2.4 - - [29/Aug/2023:13:56:47 -0500] "GET /BLA/boletinlegal/img/button-right.png HTTP/1.1" 200 57878
186.102.19.33 - - [29/Aug/2023:13:56:53 -0500] "GET /kwssiamovil/sm/ldap/au?x=U2FsdGVkX1+A9ZT9i7WTwUA/9tWfFqFcDDlSJQMpSe+2Nr2YeGWHNd2nFBDXMQdz&y=U2FsdGVkX191Xx2LIWWvjgClEmnsU25jNi7YrCtWyutKDUpjUZYlaZIzV0LhPybS HTTP/1.1" 200 30
186.102.19.33 - - [29/Aug/2023:13:56:53 -0500] "GET /kwssiamovil/sm/acme/s?s=U2FsdGVkX19j+c6n+TqOqurpl/WvBSk+9mmdNJH7FPcV+TqGxYzwoAJLy6RVetb3DhMJgiQ2O6IQ4vQspXMwHFSRb1pnZ3GSNDu+gnBW9jM=&u=U2FsdGVkX1/MKDyF14Xj1HrACZUgtmqbCDpKua2YXUXlGVhdl1oumAhdyatNd5+D&y=U2FsdGVkX191Xx2LIWWvjgClEmnsU25jNi7YrCtWyutKDUpjUZYlaZIzV0LhPybS HTTP/1.1" 200 97
186.102.19.33 - - [29/Aug/2023:13:56:54 -0500] "GET /kwssiamovil/sm/acme/s?s=U2FsdGVkX18xk3XRsJbVezgoVSc8lmky9aCi7OnZ1ZMT/NWX8UiYwkHIx7xbzlP+PlEATGl6m/bWDfjT8H/ebv7ZFbeY3l054GmDgTH/8H99T0++XgXMRbo+nY5ExDTGyTjCdZd2vGZJysUAScqxXazSQcFW4FD1LOqoJi3TJFVdroU1g1uSaYGQxAHeqWiK3faAX9BvN4vvgKY4APn0dLY01yODNowysihhSpW3hfDgBaABTcaDRDoROCxYb+nHvrVW2mnQ1//wtw1WSlit9PzzW0m84//1elgS6ugnmBIKBOHnLzRa3BIx9WdtLhw+JFHfe/X8XBB/nKoMv9LLfyk8+/F/bKQxJIpRp28gxxYWYdcMPBji1y58FecErN0ls0XJv+074JZPbm6Bn2CzdCp9hqyKKZH3mWAxSdzbPvUCzpE5J3rLjfW9J0ay/hVZH2uLhqWcIN8A3+dWGDpBT7pXK1YPQ8OkllNEVrcQ7Pu1Ouqka541Mz+qMlEB5cZeJplzseEXAZnxr7Ns2onC26UcZoXz+LaKBjqo4AoIYfeHY7HSuhQkKC3M09+FFx+3xkAZD+llOHiWdHkb8f56QlFubKSBio+EPNRR9Ugjp9G1ikd/0Z+L0/K12IuOUqQMzFTDf+qkils1+hVzb1B6snVehQJRGvcEP1uMUgowc9QH90+ABawFCuouo4AJGDc8jJy6wiDggehVZEg7SMROQBscZZzkYgWAEM+8kJ2PZ6QB+2RmJuYI/lV5TKQNMEoD5PDzImeqyMsQlu7lS+GpAW0OIP78i3I2TBUxlUvGF9bJBHXhTIYCKBv5GQhnwpAk/CAyRBGVUFEhvSsmlytcXMPt+vSdj/sNF5N+XNlphRtMfnoaL357Psudltm5icAMYIke3TiJnPgKg+udrx6QNVOeZu3WHNpIB3IRWqdLda4clOtJtZIYya/tcuWtgngbcqwHCPvhDmBMcCZS1xKwMKXuTC/y/IdrLOJmSUUOd6EuhyT/VHlhaD+SFJ24pGo+rEIyx9kd8epQbtA052NVsLm+46vmkKjeyb3Y0kRu4d1aDDuPutKgQGokbYyqLsorruRIVJSiOFNNS9YZ+crCTs2tY7sZ1WOB42u69rDNYChKMzD4AYcZogckMW5GMS2acCDNVEYxrzi9ac3+o4erKLn/5KE0aai9AKewuiwoTa73fMchkOSHcOX0SHKUFY27WMz9V1Ijbm3ifFkT0P/5T0UcOteqRDk7ybReEDBxMYK8piYHEDIJTm9oT4W1guRqawLBF7Ghf8/jJPY2CkzwtkFY+1Lgxb76FnztYFo72KEc1CRcVMllixGD16cZalfVg3Sy3/PUn1s7yHsLdY+onDtvril/h+XwyNlZ0wRc5eevnz0dxYZ/pZD+HscxqpXtRq/eaXcN/wrh2MmlDG+GElEsu/dNubujGIwHuLIKuEI=&u=U2FsdGVkX1/MKDyF14Xj1HrACZUgtmqbCDpKua2YXUXlGVhdl1oumAhdyatNd5+D&y=U2FsdGVkX191Xx2LIWWvjgClEmnsU25jNi7YrCtWyutKDUpjUZYlaZIzV0LhPybS HTTP/1.1" 200 12555
201.245.192.253 - - [29/Aug/2023:13:56:54 -0500] "POST /forms/lservlet;jsessionid=ac16012b30d68c7e0b04230b4c989fb8d8de3f8b9cc1.e3iSbxaKaheRe34Rch0Ra3mLchv0n6jAmljGr5XDqQLvpAe HTTP/1.1" 200 2
186.102.19.33 - - [29/Aug/2023:13:56:54 -0500] "GET /kwssiamovil/sm/acme/s?s=U2FsdGVkX1+Ona5nmbD16dYJr4Qvjw3L4QZi5Syw1SHiGTrGXsLrBHvXTRAhQFGBB6nMmYYWXXMlQb/MgDFvT/q5vKjQAcXe3kmEw6i5AvKBjUzjTLQZ/W65OlaFggOc855NaGYHqMdunu7G0Vwi+zbkeMFwW5xjWZR8We5VQlb+5TK4Rl1rEOgCcHU8187Tv1rlJcDY1AOygMcqAzARdKxpLUzfxV5aNdAncE1JVIahYS+5RVQjdKz9BQgDJNtDxNuPBXIhHPb3fAGRQu9SD9gIwgz/bLcoQdaMRAMZuwx4POEox6hfcHF7rYggiLyt+gwsLnT60k419hJGI9nW0PEC0OunrN0g99L75u9R6d0=&u=U2FsdGVkX1/MKDyF14Xj1HrACZUgtmqbCDpKua2YXUXlGVhdl1oumAhdyatNd5+D&y=U2FsdGVkX191Xx2LIWWvjgClEmnsU25jNi7YrCtWyutKDUpjUZYlaZIzV0LhPybS HTTP/1.1" 200 196
186.102.19.33 - - [29/Aug/2023:13:56:54 -0500] "GET /kwssiamovil/sm/cjson/pre?f=1&x=U2FsdGVkX1+A9ZT9i7WTwUA/9tWfFqFcDDlSJQMpSe+2Nr2YeGWHNd2nFBDXMQdz HTTP/1.1" 200 31032
172.22.2.4 - - [29/Aug/2023:13:55:57 -0500] "GET /BLA/boletinlegal/ HTTP/1.1" 200 32715
201.245.192.253 - - [29/Aug/2023:13:57:06 -0500] "POST /forms/lservlet;jsessionid=ac16012b30d6c6eb26ca23b746858ac9a1732f7367b8.e3iSbxaKaheRe34Rch0Ra3mLchv0n6jAmljGr5XDqQLvpAe HTTP/1.1" 200 2
192.168.169.90 - - [29/Aug/2023:13:57:13 -0500] "POST /BLA/boletinlegal/admin/notificaciones/ingresar.php HTTP/1.1" 200 30281
192.168.169.90 - - [29/Aug/2023:13:57:13 -0500] "GET /css/global/buttons.css HTTP/1.1" 404 1312
179.19.52.253 - - [29/Aug/2023:13:57:15 -0500] "GET /mejora-tu-bienestar-con-las-caminatas-ecologicas-%C3%82%C2%A1conoce-la-programacion-de-agosto.html HTTP/1.1" 200 873
179.19.52.253 - - [29/Aug/2023:13:57:15 -0500] "GET /html/css/main.css?browserId=other&themeId=rknowsys_WAR_rknowsystheme&minifierType=css&languageId=es_ES&b=6202&t=1419355480000 HTTP/1.1" 404 1136
192.168.176.56 - - [29/Aug/2023:13:57:17 -0500] "POST /BLA/boletinlegal/admin/actos/ingresar.php HTTP/1.1" 200 7302
172.22.2.4 - - [29/Aug/2023:13:55:39 -0500] "GET /BLA/boletinlegal/ HTTP/1.1" 200 42510
172.22.2.4 - - [29/Aug/2023:13:56:09 -0500] "GET /BLA/boletinlegal/index.php HTTP/1.1" 200 36811
201.245.192.253 - - [29/Aug/2023:13:57:29 -0500] "GET /sipse/faces/index.xhtml HTTP/1.1" 200 677
201.245.192.253 - - [29/Aug/2023:13:57:29 -0500] "GET /sipse/faces/javax.faces.resource/theme.css?ln=primefaces-sipse HTTP/1.1" 304 -
201.245.192.253 - - [29/Aug/2023:13:57:29 -0500] "GET /favicon.ico HTTP/1.1" 200 7782
201.245.192.253 - - [29/Aug/2023:13:57:29 -0500] "GET /sipse/faces/faces/autenticacion.xhtml HTTP/1.1" 200 12171
201.245.192.253 - - [29/Aug/2023:13:57:29 -0500] "GET /sipse/js/disable_browser_buttons.js HTTP/1.1" 304 -
201.245.192.253 - - [29/Aug/2023:13:57:29 -0500] "GET /sipse/js/funciones.js HTTP/1.1" 304 -
201.245.192.253 - - [29/Aug/2023:13:57:29 -0500] "GET /sipse/css/custom_css_sg.css HTTP/1.1" 200 9694
201.245.192.253 - - [29/Aug/2023:13:57:29 -0500] "GET /sipse/css/custom_css_sg_prime_login.css HTTP/1.1" 200 443
201.245.192.253 - - [29/Aug/2023:13:57:29 -0500] "GET /sipse/faces/javax.faces.resource/theme.css?ln=primefaces-sipse HTTP/1.1" 304 -
201.245.192.253 - - [29/Aug/2023:13:57:29 -0500] "GET /sipse/faces/javax.faces.resource/primefaces.css?ln=primefaces&v=4.0 HTTP/1.1" 304 -
201.245.192.253 - - [29/Aug/2023:13:57:29 -0500] "GET /sipse/faces/javax.faces.resource/primefaces.js?ln=primefaces&v=4.0 HTTP/1.1" 304 -
201.245.192.253 - - [29/Aug/2023:13:57:29 -0500] "GET /sipse/faces/javax.faces.resource/jquery/jquery.js?ln=primefaces&v=4.0 HTTP/1.1" 304 -
201.245.192.253 - - [29/Aug/2023:13:57:29 -0500] "GET /sipse/faces/javax.faces.resource/layout/layout.css?ln=primefaces&v=4.0 HTTP/1.1" 304 -
201.245.192.253 - - [29/Aug/2023:13:57:29 -0500] "GET /sipse/faces/javax.faces.resource/layout/layout.js?ln=primefaces&v=4.0 HTTP/1.1" 304 -
201.245.192.253 - - [29/Aug/2023:13:57:29 -0500] "GET /sipse/faces/javax.faces.resource/jquery/jquery-plugins.js?ln=primefaces&v=4.0 HTTP/1.1" 304 -
201.245.192.253 - - [29/Aug/2023:13:57:29 -0500] "GET /sipse/faces/javax.faces.resource/images/ui-icons_898989_256x240.png?ln=primefaces-aristo HTTP/1.1" 200 5355
201.245.192.253 - - [29/Aug/2023:13:57:29 -0500] "GET /sipse/css/imagen/loginimg.png HTTP/1.1" 200 71635
201.245.192.253 - - [29/Aug/2023:13:57:29 -0500] "GET /sipse/css/imagen/logoSDG.png HTTP/1.1" 200 53064
52.167.144.19 - - [29/Aug/2023:13:57:39 -0500] "GET /BLA/resoluciones/RESOLUCIONES%202010/4664.pdf HTTP/1.1" 200 497453
186.102.8.9 - - [29/Aug/2023:13:57:41 -0500] "OPTIONS /kwssiamovil/sm/setfile/f? HTTP/1.1" 200 13
186.102.8.9 - - [29/Aug/2023:13:57:41 -0500] "POST /kwssiamovil/sm/setfile/f? HTTP/1.1" 200 381
201.245.192.253 - - [29/Aug/2023:13:57:54 -0500] "POST /kwsrmcab/Wsrmcab  HTTP/1.1" 200 41818
192.168.169.90 - - [29/Aug/2023:13:58:11 -0500] "POST /BLA/boletinlegal/admin/notificaciones/ingresar.php HTTP/1.1" 200 30281
192.168.169.90 - - [29/Aug/2023:13:58:12 -0500] "GET /css/global/buttons.css HTTP/1.1" 404 1312
192.168.176.56 - - [29/Aug/2023:13:58:33 -0500] "POST /BLA/boletinlegal/admin/actos/ingresar.php HTTP/1.1" 200 7302
192.168.169.90 - - [29/Aug/2023:13:58:48 -0500] "POST /BLA/boletinlegal/admin/notificaciones/ingresar.php HTTP/1.1" 200 30281
192.168.169.90 - - [29/Aug/2023:13:58:48 -0500] "GET /css/global/buttons.css HTTP/1.1" 404 1312
201.245.192.253 - - [29/Aug/2023:13:58:54 -0500] "POST /forms/lservlet;jsessionid=ac16012b30d68c7e0b04230b4c989fb8d8de3f8b9cc1.e3iSbxaKaheRe34Rch0Ra3mLchv0n6jAmljGr5XDqQLvpAe HTTP/1.1" 200 2
69.171.249.9 - - [29/Aug/2023:13:58:57 -0500] "GET /images/acuerdos-conservacion-08-23.jpg HTTP/1.1" 200 55051
201.245.192.253 - - [29/Aug/2023:13:59:06 -0500] "POST /forms/lservlet;jsessionid=ac16012b30d6c6eb26ca23b746858ac9a1732f7367b8.e3iSbxaKaheRe34Rch0Ra3mLchv0n6jAmljGr5XDqQLvpAe HTTP/1.1" 200 2
192.168.176.56 - - [29/Aug/2023:13:59:51 -0500] "POST /BLA/boletinlegal/admin/actos/ingresar.php HTTP/1.1" 200 7302
192.168.169.90 - - [29/Aug/2023:14:00:13 -0500] "POST /BLA/boletinlegal/admin/notificaciones/ingresar.php HTTP/1.1" 200 30281
192.168.169.90 - - [29/Aug/2023:14:00:13 -0500] "GET /css/global/buttons.css HTTP/1.1" 404 1312
172.22.2.4 - - [29/Aug/2023:14:00:34 -0500] "GET /BLA/boletinlegal/actos.php HTTP/1.1" 200 9682
172.22.2.4 - - [29/Aug/2023:14:00:34 -0500] "GET /BLA/boletinlegal/favicon.ico HTTP/1.1" 404 1326
51.222.253.2 - - [29/Aug/2023:14:00:37 -0500] "GET /robots.txt HTTP/1.1" 404 1034
201.245.192.253 - - [29/Aug/2023:14:00:40 -0500] "GET /BLA/resoluciones/ HTTP/1.1" 200 13502
201.245.192.253 - - [29/Aug/2023:14:00:41 -0500] "GET /BLA/resoluciones/index.php?dir=AUTOS+2011%2F HTTP/1.1" 200 636751
201.245.192.253 - - [29/Aug/2023:14:00:54 -0500] "POST /forms/lservlet;jsessionid=ac16012b30d68c7e0b04230b4c989fb8d8de3f8b9cc1.e3iSbxaKaheRe34Rch0Ra3mLchv0n6jAmljGr5XDqQLvpAe HTTP/1.1" 200 2
201.245.192.253 - - [29/Aug/2023:14:00:57 -0500] "GET /BLA/resoluciones/AUTOS%202011/4727.pdf HTTP/1.1" 200 552514
216.245.221.92 - - [29/Aug/2023:14:01:04 -0500] "HEAD / HTTP/1.1" 200 -
201.245.192.253 - - [29/Aug/2023:14:01:06 -0500] "POST /forms/lservlet;jsessionid=ac16012b30d6c6eb26ca23b746858ac9a1732f7367b8.e3iSbxaKaheRe34Rch0Ra3mLchv0n6jAmljGr5XDqQLvpAe HTTP/1.1" 200 2
66.249.66.193 - - [29/Aug/2023:14:01:18 -0500] "GET /presentamos-las-nuevas-herramientas-de-la-secretaria-de-ambiente-para-analizar-y-monitorear-los-rios-de-bogota.html HTTP/1.1" 200 905
66.249.66.192 - - [29/Aug/2023:14:01:21 -0500] "GET /presentamos-las-nuevas-herramientas-de-la-secretaria-de-ambiente-para-analizar-y-monitorear-los-rios-de-bogota.html HTTP/1.1" 200 905
172.22.2.4 - - [29/Aug/2023:14:00:32 -0500] "GET /BLA/boletinlegal/ HTTP/1.1" 200 24523
172.22.2.4 - - [29/Aug/2023:14:00:39 -0500] "HEAD /BLA/boletinlegal/ HTTP/1.1" 200 -
192.168.176.56 - - [29/Aug/2023:14:02:41 -0500] "POST /BLA/boletinlegal/admin/actos/ingresar.php HTTP/1.1" 200 7302
201.245.192.253 - - [29/Aug/2023:14:02:54 -0500] "POST /forms/lservlet;jsessionid=ac16012b30d68c7e0b04230b4c989fb8d8de3f8b9cc1.e3iSbxaKaheRe34Rch0Ra3mLchv0n6jAmljGr5XDqQLvpAe HTTP/1.1" 200 2
201.245.192.253 - - [29/Aug/2023:14:02:53 -0500] "POST /kwsrmcab/Wsrmcab  HTTP/1.1" 200 41818
201.245.192.253 - - [29/Aug/2023:14:03:06 -0500] "POST /forms/lservlet;jsessionid=ac16012b30d6c6eb26ca23b746858ac9a1732f7367b8.e3iSbxaKaheRe34Rch0Ra3mLchv0n6jAmljGr5XDqQLvpAe HTTP/1.1" 200 2
172.22.2.4 - - [29/Aug/2023:14:01:29 -0500] "GET /BLA/boletinlegal/ HTTP/1.1" 200 58597
186.102.94.233 - - [29/Aug/2023:14:03:52 -0500] "GET /kwssiamovil/sm/ldap/au?x=U2FsdGVkX18rqi5PhGPJL8SPEKl1TjEo7Jhk1nU6QCn1nO8KiWU9W15oDp3IX+kl&y=U2FsdGVkX1/HTH7CMvVlYh+UGseTwfB2YYRFI9pkcaGV3oyefQZKCf9cd6crSmT4 HTTP/1.1" 200 30
186.102.94.233 - - [29/Aug/2023:14:03:53 -0500] "GET /kwssiamovil/sm/acme/s?s=U2FsdGVkX1+4gZzYVR9VNnu38nAiZyjG2nMjClqHjAIGzmGanh+A+HXJZgIl45RD6SH84X2seAe9VtN3nAa8FlIYMfm74EV7jTKaBuQwfYY=&u=U2FsdGVkX1+dJcdHrpcxkeNMRQRFwmK1NtWtZBuiBH8=&y=U2FsdGVkX1/HTH7CMvVlYh+UGseTwfB2YYRFI9pkcaGV3oyefQZKCf9cd6crSmT4 HTTP/1.1" 200 97
186.102.94.233 - - [29/Aug/2023:14:03:53 -0500] "GET /kwssiamovil/sm/acme/s?s=U2FsdGVkX19vCtbPsiAHnwSDt7wIvq1vx4542F6Kul7nWDgJg7NujcKIprgBogRPILWsXI+YYQx3SM0pt32Nw8MXG9TRBt631eN4Y0vzbFbXelRCikO7B2aACy47QKCbbcLsgUqdeym4Uae+1d7oH5GmQdcHOxNDgZUe9qagVkfGUQ5zE6Oa+cj9oBQQRWphLgfPSPNa4b1PNQLCXNSeUYKCrW11oN9c2e720RQS4RfT5JYmNIGcSfiwgWkHad7QjxxSNM5HJTKi0byoOiq1VB6qwSZBNmnIhr+oHbiaICCIVHyjFvD/1ima6Uj3cmMUlaqMIQySvq0S1yvG5VjfaF1nrUEBtMq7MF7umb7G6FKviv8+kJfRPVvEg1TLpcOFrl38KollunFvvTIX4RNXP8LlCr5np6hY/GLL3uJZhB6uk1FfClDu0kZ9c1yLe33gJ4L24G0OTZa5f1tRmhtR0suIVT1dosHsIAYjLDjQ/G5h3E7x73DbPUiXCjeXPgWzFSAGrxgxzi2r/AN5uMM91BzihLQxFb2u5yx/XKW2G6I9mPeDBQBQTlu/oE+gG72jkcjY43l4gITPx54HDuaN9XEm5prOeBTpNnxIpngIwNlqUTkJ5nXP0xyWL1+SqFVaI0BaMCPWL7d9Ju1q16S/ekaShlt9sKuNUDJ0BDYDDkVC9QhOqn9y/S2pzG9P2E7e10AEkujiZpY9H6RIqUWntTIr4plu2YhzkrI0ZdF9HptV7XTXbcUTTFiJeZmg8NdAo7bBFa7I18WCa4BqVjgvRU8cIPfb5L4tB6vEdjE9IUmQ5/7PlXZhAseGg35P6CJ+ieoKfC5WrxyrxOgOnMscZILyQd6mgKEfvnWolxFBmUy4OOs6VDfu+q/CArqux8+344urEEmbc+ggJY8Ki03uicA3uSq5H9WeMcjyKTYWJWmye8c/oNIiOqy6nvayZQ+UtH8MR2X4iB/NZFHaUb/ElzaxLOcPhhGTX+EeiADPQvZwaFAR9KEaqBzLdDgvST3Q/9pJ1zpGImaYPO8/nsa1xFo8XTfdMCEscj5pk1J7rstjhT/Y9WHTQdhpZ0gBTri0K7PXC1bBxmQXBfY19GNMfx7JPngXMnh8vUBgGf8zx90uclT763KUaH+wvGXZ1zWEtjbTnQYnUt8azIjVJtD/rcut2t5rBhS89pSxDnN7ZZkl3CSxrql7k8vgd3imLBl5yED2sJsKxzkZE/StjRHChkgTmh4vpfREhVJX4TNNp4Cdc4gc/o+VmUtt/81awTLOADdyQzkE0T23FlkX/ibsrZPvIyNGJLbr6ajoln7be3GDAlT6JK7fr5nos8RiepazFdUkuANNElyw65Jc0mjKpQ+BCl3c657N9MN9IkHcgxaHX2h/NGPTI2xcmNhS6exafVHeJ3dddccRtC2SGENorawPyyPwBcwYpr9TvY4IAbQ=&u=U2FsdGVkX1+dJcdHrpcxkeNMRQRFwmK1NtWtZBuiBH8=&y=U2FsdGVkX1/HTH7CMvVlYh+UGseTwfB2YYRFI9pkcaGV3oyefQZKCf9cd6crSmT4 HTTP/1.1" 200 755
186.102.94.233 - - [29/Aug/2023:14:03:53 -0500] "GET /kwssiamovil/sm/acme/s?s=U2FsdGVkX188d7XUbCRrgcRXzLZwxSoGHg2J4PM9e0cA0KPuGJBOJ/Tv7+Smx+OIkiW2bXbb0y1+AcaZRgkYmeihXhh5iIRFLXCIHkxojQCwKHAd/bfOZlOai6jgCrtN/3tf7su3HRgDYTCA9swFqz4vgQfYmuKWtpmgk3WiAocMIoVgWbVIVdRFA8AOpUdq99rn5vFxZ9Yoknrk2eqVi5pHDTDzs5rTC2/J0+PkuYQT8gOc7TDOQ/sozg6OYIn93CBd/ohDEcWqyc1qS/3vEihbuQ8jQ/mqhQf9vMe1dB4QyA/ja8/KpGmLg8KrHHapBA1LhgKA1iJSde7I5yieAx+JBd29bZjSNPWvUy2GKVY=&u=U2FsdGVkX1+dJcdHrpcxkeNMRQRFwmK1NtWtZBuiBH8=&y=U2FsdGVkX1/HTH7CMvVlYh+UGseTwfB2YYRFI9pkcaGV3oyefQZKCf9cd6crSmT4 HTTP/1.1" 200 196
186.102.94.233 - - [29/Aug/2023:14:03:53 -0500] "GET /kwssiamovil/sm/cjson/pre?f=1&x=U2FsdGVkX18rqi5PhGPJL8SPEKl1TjEo7Jhk1nU6QCn1nO8KiWU9W15oDp3IX+kl HTTP/1.1" 200 31032
192.168.176.56 - - [29/Aug/2023:14:03:55 -0500] "POST /BLA/boletinlegal/admin/actos/ingresar.php HTTP/1.1" 200 7302
52.167.144.196 - - [29/Aug/2023:14:04:00 -0500] "GET /Publicaciones/2023EE195878.pdf HTTP/1.1" 200 1644073
65.141.6.170 - - [29/Aug/2023:14:04:15 -0500] "GET /admin/.env HTTP/1.1" 404 1018
65.141.6.170 - - [29/Aug/2023:14:04:15 -0500] "POST /admin HTTP/1.1" 404 1018
201.245.192.253 - - [29/Aug/2023:14:04:26 -0500] "GET /BLA/resoluciones/ HTTP/1.1" 200 13502
201.245.192.253 - - [29/Aug/2023:14:04:28 -0500] "GET /BLA/resoluciones/index.php?dir=AUTOS+2016%2F HTTP/1.1" 200 331459
201.245.192.253 - - [29/Aug/2023:14:04:35 -0500] "GET /BLA/resoluciones/AUTOS%202016/0275.pdf HTTP/1.1" 200 483651
201.245.192.253 - - [29/Aug/2023:14:04:54 -0500] "POST /forms/lservlet;jsessionid=ac16012b30d68c7e0b04230b4c989fb8d8de3f8b9cc1.e3iSbxaKaheRe34Rch0Ra3mLchv0n6jAmljGr5XDqQLvpAe HTTP/1.1" 200 2
201.245.192.253 - - [29/Aug/2023:14:05:06 -0500] "POST /forms/lservlet;jsessionid=ac16012b30d6c6eb26ca23b746858ac9a1732f7367b8.e3iSbxaKaheRe34Rch0Ra3mLchv0n6jAmljGr5XDqQLvpAe HTTP/1.1" 200 2
192.168.176.56 - - [29/Aug/2023:14:05:40 -0500] "POST /BLA/boletinlegal/admin/actos/ingresar.php HTTP/1.1" 200 7302
201.245.192.253 - - [29/Aug/2023:14:05:41 -0500] "GET /sipse/faces/presentacion/financiero/solicitudProceso/consultarSolicitudProceso.xhtml HTTP/1.1" 302 -
201.245.192.253 - - [29/Aug/2023:14:05:41 -0500] "GET /sipse/faces/autenticacion.xhtml HTTP/1.1" 200 12171
201.245.192.253 - - [29/Aug/2023:14:05:43 -0500] "GET /sipse/faces/javax.faces.resource/theme.css?ln=primefaces-sipse HTTP/1.1" 304 -
201.245.192.253 - - [29/Aug/2023:14:05:43 -0500] "GET /sipse/faces/javax.faces.resource/layout/layout.css?ln=primefaces&v=4.0 HTTP/1.1" 304 -
201.245.192.253 - - [29/Aug/2023:14:05:43 -0500] "GET /sipse/faces/javax.faces.resource/jquery/jquery.js?ln=primefaces&v=4.0 HTTP/1.1" 304 -
201.245.192.253 - - [29/Aug/2023:14:05:43 -0500] "GET /sipse/faces/javax.faces.resource/primefaces.css?ln=primefaces&v=4.0 HTTP/1.1" 304 -
201.245.192.253 - - [29/Aug/2023:14:05:43 -0500] "GET /sipse/faces/javax.faces.resource/jquery/jquery-plugins.js?ln=primefaces&v=4.0 HTTP/1.1" 304 -
201.245.192.253 - - [29/Aug/2023:14:05:43 -0500] "GET /sipse/faces/javax.faces.resource/primefaces.js?ln=primefaces&v=4.0 HTTP/1.1" 304 -
201.245.192.253 - - [29/Aug/2023:14:05:43 -0500] "GET /sipse/faces/javax.faces.resource/layout/layout.js?ln=primefaces&v=4.0 HTTP/1.1" 304 -
201.245.192.253 - - [29/Aug/2023:14:05:44 -0500] "GET /sipse/faces/javax.faces.resource/images/ui-icons_898989_256x240.png?ln=primefaces-aristo HTTP/1.1" 304 -
201.245.192.253 - - [29/Aug/2023:14:05:44 -0500] "GET /sipse/faces/index.xhtml HTTP/1.1" 200 677
201.245.192.253 - - [29/Aug/2023:14:05:44 -0500] "GET /sipse/faces/javax.faces.resource/theme.css?ln=primefaces-sipse HTTP/1.1" 304 -
201.245.192.253 - - [29/Aug/2023:14:05:45 -0500] "GET /sipse/faces/faces/autenticacion.xhtml HTTP/1.1" 200 12171
201.245.192.253 - - [29/Aug/2023:14:05:46 -0500] "GET /sipse/faces/javax.faces.resource/theme.css?ln=primefaces-sipse HTTP/1.1" 304 -
201.245.192.253 - - [29/Aug/2023:14:05:46 -0500] "GET /sipse/faces/javax.faces.resource/primefaces.css?ln=primefaces&v=4.0 HTTP/1.1" 304 -
201.245.192.253 - - [29/Aug/2023:14:05:46 -0500] "GET /sipse/faces/javax.faces.resource/layout/layout.css?ln=primefaces&v=4.0 HTTP/1.1" 304 -
201.245.192.253 - - [29/Aug/2023:14:05:46 -0500] "GET /sipse/faces/javax.faces.resource/jquery/jquery-plugins.js?ln=primefaces&v=4.0 HTTP/1.1" 304 -
201.245.192.253 - - [29/Aug/2023:14:05:46 -0500] "GET /sipse/faces/javax.faces.resource/jquery/jquery.js?ln=primefaces&v=4.0 HTTP/1.1" 304 -
201.245.192.253 - - [29/Aug/2023:14:05:46 -0500] "GET /sipse/faces/javax.faces.resource/primefaces.js?ln=primefaces&v=4.0 HTTP/1.1" 304 -
201.245.192.253 - - [29/Aug/2023:14:05:46 -0500] "GET /sipse/faces/javax.faces.resource/layout/layout.js?ln=primefaces&v=4.0 HTTP/1.1" 304 -
201.245.192.253 - - [29/Aug/2023:14:05:55 -0500] "POST /sipse/faces/autenticacion.xhtml HTTP/1.1" 200 2183
201.245.192.253 - - [29/Aug/2023:14:05:55 -0500] "POST /sipse/faces/autenticacion.xhtml HTTP/1.1" 200 2187
201.245.192.253 - - [29/Aug/2023:14:05:55 -0500] "GET /sipse/faces/javax.faces.resource/messages/messages.png?ln=primefaces&v=4.0 HTTP/1.1" 304 -
216.245.221.92 - - [29/Aug/2023:14:06:05 -0500] "HEAD / HTTP/1.1" 200 -
201.245.192.253 - - [29/Aug/2023:14:06:07 -0500] "POST /sipse/faces/autenticacion.xhtml HTTP/1.1" 200 2228
201.245.192.253 - - [29/Aug/2023:14:06:09 -0500] "GET /sipse/faces/javax.faces.resource/images/ui-icons_898989_256x240.png?ln=primefaces-aristo HTTP/1.1" 304 -
201.245.192.253 - - [29/Aug/2023:14:06:09 -0500] "POST /sipse/faces/autenticacion.xhtml HTTP/1.1" 200 16353
201.245.192.253 - - [29/Aug/2023:14:06:09 -0500] "GET /sipse/faces/javax.faces.resource/theme.css?ln=primefaces-sipse HTTP/1.1" 304 -
201.245.192.253 - - [29/Aug/2023:14:06:09 -0500] "GET /sipse/faces/javax.faces.resource/primefaces.css?ln=primefaces&v=4.0 HTTP/1.1" 304 -
201.245.192.253 - - [29/Aug/2023:14:06:09 -0500] "GET /sipse/faces/javax.faces.resource/layout/layout.css?ln=primefaces&v=4.0 HTTP/1.1" 304 -
201.245.192.253 - - [29/Aug/2023:14:06:09 -0500] "GET /sipse/faces/javax.faces.resource/jquery/jquery.js?ln=primefaces&v=4.0 HTTP/1.1" 304 -
201.245.192.253 - - [29/Aug/2023:14:06:09 -0500] "GET /sipse/faces/javax.faces.resource/jquery/jquery-plugins.js?ln=primefaces&v=4.0 HTTP/1.1" 304 -
201.245.192.253 - - [29/Aug/2023:14:06:09 -0500] "GET /sipse/faces/javax.faces.resource/primefaces.js?ln=primefaces&v=4.0 HTTP/1.1" 304 -
201.245.192.253 - - [29/Aug/2023:14:06:09 -0500] "GET /sipse/faces/javax.faces.resource/layout/layout.js?ln=primefaces&v=4.0 HTTP/1.1" 304 -
201.245.192.253 - - [29/Aug/2023:14:06:10 -0500] "GET /sipse/css/imagen/contrasena.png HTTP/1.1" 404 383
186.102.79.146 - - [29/Aug/2023:14:06:14 -0500] "GET /kwssiamovil/sm/acme/s?s=U2FsdGVkX19ZUEa9oVh1E2F1SpFBomcePxMmj5/T/Iap3w5QYlgMYxfCnBJXn0NGohVWsDFPcClexY3T7ZBYe26ER2xmtCaXAiaHJOrFMW45ZUPcQsqk6sNHjXmY+i7ULU/VqoW2oEkOM/VaEWzdHqaSsKU7BWrmxIrtzSEt7J2HQx+UHl0iDs3Rj42LrBgPT99QuKGzZ8zEUyxr4EzGpxEMI3UkFtGrguWfGxFNEPeh8VMt8gNVQ21PpFNjKV30UJxLzAVN4u/lIolOTrX5E0DcVBRe2mKDSWtATWhg2ePHYOQHZbJcnpTRak3pOQsdgRw76z+V6IxJJlpoOEAlhlcZ88alo8mrmMK+ib6Wl5Fe+DkCtyhB678EOC5mKgcG&u=U2FsdGVkX19U2aWWHSL7J/1aUYg+8PfXy8TaecbsqTHvFg/R5dC6SvzcoT018aJX&y=U2FsdGVkX19DdW8kOReskJTimQl9fYG5D//c+vs9EMdnSfVwI8QSbIS8JmV8eN17 HTTP/1.1" 200 91
201.245.192.253 - - [29/Aug/2023:14:06:14 -0500] "GET /sipse/faces/javax.faces.resource/images/ui-bg_flat_0_2d5972_40x100.png?ln=primefaces-aristo HTTP/1.1" 304 -
201.245.192.253 - - [29/Aug/2023:14:06:14 -0500] "POST /sipse/faces/bienvenido.xhtml HTTP/1.1" 200 2658
186.102.79.146 - - [29/Aug/2023:14:06:14 -0500] "GET /kwssiamovil/sm/acme/s?s=U2FsdGVkX19uOLMhlQmI3Hvte3zipYjjNgJF2xxM2I6I7Qv2fcc8qro0gjFxf8Ier1YGf9Ko6SsjkJbDbRFCvzJPo5idNKPVgRiPDB7Tro9eaboog4o4D6l/TWqKcNMWHTTNG+iON/+IJHTbhm9g21Pe6jB5EfetTcV7RuillGD0TXZG6VKE005XJEW4rmg8smYenByblVWNSZ6Hq9sRW0yegdTXZn9ZCWv132OlHTgqqiViZOlAVcmqBNXiRZ1AU9IX3aVjKvWU5raWz+Ee0duM/jujhkmvg2B/X8y6MLJfTVtUrR5pXN1fYSu7tO+0/84B5Q+hW9t2IREUM95/34atZpt9dFUR4pm8CbwU0H8Y2GfZq5j/fN2dy+SfqBrqpMEzmELiLxjJYhWxHdAgXxR9uINWU/XUyYgww3FBU7W4aIj2XcSP8X93SPTlYgRkUyLoLEeZ+XO4I204XB9X5w==&u=U2FsdGVkX19U2aWWHSL7J/1aUYg+8PfXy8TaecbsqTHvFg/R5dC6SvzcoT018aJX&y=U2FsdGVkX19DdW8kOReskJTimQl9fYG5D//c+vs9EMdnSfVwI8QSbIS8JmV8eN17 HTTP/1.1" 200 91
186.102.79.146 - - [29/Aug/2023:14:06:15 -0500] "OPTIONS /kwssiamovil/sm/setfile/f? HTTP/1.1" 200 13
201.245.192.253 - - [29/Aug/2023:14:06:15 -0500] "POST /sipse/faces/bienvenido.xhtml HTTP/1.1" 200 65190
201.245.192.253 - - [29/Aug/2023:14:06:18 -0500] "GET /sipse/faces/javax.faces.resource/theme.css?ln=primefaces-sipse HTTP/1.1" 304 -
201.245.192.253 - - [29/Aug/2023:14:06:18 -0500] "GET /sipse/faces/javax.faces.resource/primefaces.css?ln=primefaces&v=4.0 HTTP/1.1" 304 -
201.245.192.253 - - [29/Aug/2023:14:06:18 -0500] "GET /sipse/faces/javax.faces.resource/layout/layout.css?ln=primefaces&v=4.0 HTTP/1.1" 304 -
201.245.192.253 - - [29/Aug/2023:14:06:18 -0500] "GET /sipse/faces/javax.faces.resource/jquery/jquery.js?ln=primefaces&v=4.0 HTTP/1.1" 304 -
201.245.192.253 - - [29/Aug/2023:14:06:18 -0500] "GET /sipse/faces/javax.faces.resource/jquery/jquery-plugins.js?ln=primefaces&v=4.0 HTTP/1.1" 304 -
201.245.192.253 - - [29/Aug/2023:14:06:18 -0500] "GET /sipse/faces/javax.faces.resource/primefaces.js?ln=primefaces&v=4.0 HTTP/1.1" 304 -
201.245.192.253 - - [29/Aug/2023:14:06:18 -0500] "GET /sipse/faces/javax.faces.resource/layout/layout.js?ln=primefaces&v=4.0 HTTP/1.1" 304 -
186.102.79.146 - - [29/Aug/2023:14:06:15 -0500] "POST /kwssiamovil/sm/setfile/f? HTTP/1.1" 200 381
186.102.79.146 - - [29/Aug/2023:14:06:19 -0500] "OPTIONS /kwssiamovil/sm/setfile/f? HTTP/1.1" 200 13
201.245.192.253 - - [29/Aug/2023:14:06:18 -0500] "POST /sipse/faces/presentacion/financiero/solicitudProceso/listarSolicitudProceso.xhtml HTTP/1.1" 200 1556
201.245.192.253 - - [29/Aug/2023:14:06:23 -0500] "GET /appsia/controlador HTTP/1.1" 200 4799
201.245.192.253 - - [29/Aug/2023:14:06:23 -0500] "GET /appsia/css/estilos.css HTTP/1.1" 200 4804
201.245.192.253 - - [29/Aug/2023:14:06:23 -0500] "GET /appsia/scripts/validarIngreso.js HTTP/1.1" 200 851
201.245.192.253 - - [29/Aug/2023:14:06:23 -0500] "GET /appsia/images/cabezoteHojaVida.png HTTP/1.1" 200 32493
201.245.192.253 - - [29/Aug/2023:14:06:23 -0500] "GET /appsia/images/logo_bogota_p.png HTTP/1.1" 200 14951
201.245.192.253 - - [29/Aug/2023:14:06:23 -0500] "GET /favicon.ico HTTP/1.1" 200 7782
186.102.79.146 - - [29/Aug/2023:14:06:19 -0500] "POST /kwssiamovil/sm/setfile/f? HTTP/1.1" 200 381
186.102.79.146 - - [29/Aug/2023:14:06:26 -0500] "OPTIONS /kwssiamovil/sm/setfile/f? HTTP/1.1" 200 13
186.102.79.146 - - [29/Aug/2023:14:06:26 -0500] "POST /kwssiamovil/sm/setfile/f? HTTP/1.1" 200 381
186.102.79.146 - - [29/Aug/2023:14:06:33 -0500] "OPTIONS /kwssiamovil/sm/setfile/f? HTTP/1.1" 200 13
201.245.192.253 - - [29/Aug/2023:14:06:36 -0500] "GET /sipse/faces/faces/autenticacion.xhtml HTTP/1.1" 200 12171
201.245.192.253 - - [29/Aug/2023:14:06:36 -0500] "GET /sipse/faces/javax.faces.resource/theme.css?ln=primefaces-sipse HTTP/1.1" 304 -
