113.247.45.9 - - [30/Aug/2023:03:32:49 -0500] "GET /inscribete-y-participa-en-la-convencion-internacional-de-emergencia-climatica-bogota-2023.html HTTP/1.1" 200 895
173.252.107.6 - - [30/Aug/2023:03:33:01 -0500] "GET /raton-de-campo-o-arrocero-nuevo-registro-en-el-humedal-torca-guaymaral.html HTTP/1.1" 200 727
172.22.2.4 - - [30/Aug/2023:03:31:27 -0500] "HEAD /BLA/boletinlegal/ HTTP/1.1" 200 -
66.249.83.106 - - [30/Aug/2023:03:33:08 -0500] "GET /galeria/galeria/jquery.fancybox.css?v=2.1.5 HTTP/1.1" 200 4895
66.249.83.106 - - [30/Aug/2023:03:33:08 -0500] "GET /BLA/boletinlegal/js/jquery.scrollShow.js HTTP/1.1" 200 4586
66.249.83.108 - - [30/Aug/2023:03:33:08 -0500] "GET /galeria/galeria/jquery.fancybox.js?v=2.1.5 HTTP/1.1" 200 48706
172.22.2.4 - - [30/Aug/2023:03:32:46 -0500] "GET /BLA/boletinlegal/ HTTP/1.1" 200 20427
172.22.2.4 - - [30/Aug/2023:03:33:00 -0500] "GET /BLA/boletinlegal/ HTTP/1.1" 200 20427
172.22.2.4 - - [30/Aug/2023:03:32:17 -0500] "GET /BLA/boletinlegal/ HTTP/1.1" 200 44302
201.245.192.253 - - [30/Aug/2023:03:34:19 -0500] "POST /kwsrmcab/Wsrmcab  HTTP/1.1" 200 213
168.119.252.242 - - [30/Aug/2023:03:34:51 -0500] "GET / HTTP/1.1" 200 319
168.119.252.242 - - [30/Aug/2023:03:34:52 -0500] "GET / HTTP/1.1" 200 4720
52.167.144.108 - - [30/Aug/2023:03:34:57 -0500] "GET /appsia/controlador HTTP/1.1" 200 4799
185.180.143.137 - - [30/Aug/2023:03:34:59 -0500] "GET / HTTP/1.1" 200 319
40.77.167.208 - - [30/Aug/2023:03:35:07 -0500] "GET /appsia/scripts/validarIngreso.js HTTP/1.1" 200 851
52.167.144.193 - - [30/Aug/2023:03:35:11 -0500] "GET /appsia/css/estilos.css HTTP/1.1" 200 4804
52.167.144.193 - - [30/Aug/2023:03:35:12 -0500] "GET /sitemap.txt HTTP/1.1" 404 1018
216.245.221.92 - - [30/Aug/2023:03:36:03 -0500] "HEAD / HTTP/1.1" 200 -
52.167.144.180 - - [30/Aug/2023:03:38:13 -0500] "GET /Publicaciones/2023EE195732.pdf HTTP/1.1" 200 231691
201.245.192.253 - - [30/Aug/2023:03:38:35 -0500] "POST /kwsrmcab/Wsrmcab HTTP/1.1" 200 43650
201.245.192.253 - - [30/Aug/2023:03:38:38 -0500] "POST /kwsrmcab/Wsrmcab HTTP/1.1" 200 43049
172.22.2.4 - - [30/Aug/2023:03:37:17 -0500] "HEAD /BLA/boletinlegal/ HTTP/1.1" 200 -
201.245.192.253 - - [30/Aug/2023:03:39:17 -0500] "POST /kwsrmcab/Wsrmcab  HTTP/1.1" 200 213
172.22.2.4 - - [30/Aug/2023:03:38:07 -0500] "GET /BLA/boletinlegal/ HTTP/1.1" 200 58187
216.245.221.92 - - [30/Aug/2023:03:41:03 -0500] "HEAD / HTTP/1.1" 200 -
66.249.70.5 - - [30/Aug/2023:03:41:03 -0500] "GET /BLA/resoluciones/RESOLUCIONES%202010/6117.pdf HTTP/1.1" 200 648525
205.169.39.209 - - [30/Aug/2023:03:42:11 -0500] "GET /portaldeninos/wp-includes/js/wp-emoji-release.min.js?ver=4.9.8 HTTP/1.1" 200 12026
205.169.39.209 - - [30/Aug/2023:03:42:12 -0500] "GET /portaldeninos/wp-content/plugins/google-analytics-for-wordpress/assets/js/frontend-gtag.min.js?ver=8.5.0 HTTP/1.1" 200 11801
205.169.39.209 - - [30/Aug/2023:03:42:12 -0500] "GET /portaldeninos/wp-includes/js/jquery/jquery.js?ver=1.12.4 HTTP/1.1" 200 97184
205.169.39.209 - - [30/Aug/2023:03:42:13 -0500] "GET /portaldeninos/wp-includes/js/jquery/jquery-migrate.min.js?ver=1.4.1 HTTP/1.1" 200 10056
205.169.39.209 - - [30/Aug/2023:03:42:13 -0500] "GET /portaldeninos/wp-includes/js/jquery/ui/core.min.js?ver=1.11.4 HTTP/1.1" 200 4000
205.169.39.209 - - [30/Aug/2023:03:42:13 -0500] "GET /portaldeninos/wp-content/plugins/gallery-videos/JS/modernizr.custom.js?ver=4.9.8 HTTP/1.1" 200 9019
205.169.39.209 - - [30/Aug/2023:03:42:13 -0500] "GET /portaldeninos/wp-content/plugins/gallery-videos/JS/Total-Soft-Gallery-Video-Widget.js?ver=4.9.8 HTTP/1.1" 200 80264
205.169.39.209 - - [30/Aug/2023:03:42:14 -0500] "GET /portaldeninos/wp-includes/js/jquery/ui/widget.min.js?ver=1.11.4 HTTP/1.1" 200 6908
205.169.39.209 - - [30/Aug/2023:03:42:14 -0500] "GET /portaldeninos/wp-includes/js/jquery/ui/mouse.min.js?ver=1.11.4 HTTP/1.1" 200 3148
205.169.39.209 - - [30/Aug/2023:03:42:14 -0500] "GET /portaldeninos/wp-includes/js/jquery/ui/sortable.min.js?ver=1.11.4 HTTP/1.1" 200 24899
205.169.39.209 - - [30/Aug/2023:03:42:15 -0500] "GET /portaldeninos/wp-includes/js/jquery/ui/tabs.min.js?ver=1.11.4 HTTP/1.1" 200 12110
205.169.39.209 - - [30/Aug/2023:03:42:15 -0500] "GET /portaldeninos/wp-includes/js/jquery/ui/accordion.min.js?ver=1.11.4 HTTP/1.1" 200 8584
205.169.39.209 - - [30/Aug/2023:03:42:15 -0500] "GET /portaldeninos/wp-content/themes/betheme/js/plugins.js?ver=20.9.6 HTTP/1.1" 200 197151
205.169.39.209 - - [30/Aug/2023:03:42:16 -0500] "GET /portaldeninos/wp-content/themes/betheme/js/menu.js?ver=20.9.6 HTTP/1.1" 200 2449
205.169.39.209 - - [30/Aug/2023:03:42:16 -0500] "GET /portaldeninos/wp-content/themes/betheme/assets/animations/animations.min.js?ver=20.9.6 HTTP/1.1" 200 1896
205.169.39.209 - - [30/Aug/2023:03:42:16 -0500] "GET /portaldeninos/wp-content/themes/betheme/assets/jplayer/jplayer.min.js?ver=20.9.6 HTTP/1.1" 200 52702
205.169.39.209 - - [30/Aug/2023:03:42:17 -0500] "GET /portaldeninos/wp-content/themes/betheme/js/scripts.js?ver=20.9.6 HTTP/1.1" 200 77162
205.169.39.209 - - [30/Aug/2023:03:42:17 -0500] "GET /portaldeninos/wp-includes/js/wp-embed.min.js?ver=4.9.8 HTTP/1.1" 200 1398
66.249.70.7 - - [30/Aug/2023:03:43:46 -0500] "GET /BLA/resoluciones/RESOLUCIONES%202010/2653.pdf HTTP/1.1" 200 337860
201.245.192.253 - - [30/Aug/2023:03:44:16 -0500] "POST /kwsrmcab/Wsrmcab  HTTP/1.1" 200 213
172.22.2.4 - - [30/Aug/2023:03:43:07 -0500] "HEAD /BLA/boletinlegal/ HTTP/1.1" 200 -
172.22.2.4 - - [30/Aug/2023:03:43:57 -0500] "GET /BLA/boletinlegal/ HTTP/1.1" 200 53013
216.245.221.92 - - [30/Aug/2023:03:46:03 -0500] "HEAD / HTTP/1.1" 200 -
66.249.70.6 - - [30/Aug/2023:03:47:38 -0500] "GET /BLA/resoluciones/RESOLUCIONES%202009/2059.pdf HTTP/1.1" 200 794596
201.245.192.253 - - [30/Aug/2023:03:49:15 -0500] "POST /kwsrmcab/Wsrmcab  HTTP/1.1" 200 213
172.22.2.4 - - [30/Aug/2023:03:48:57 -0500] "HEAD /BLA/boletinlegal/ HTTP/1.1" 200 -
216.245.221.92 - - [30/Aug/2023:03:51:02 -0500] "HEAD / HTTP/1.1" 200 -
172.22.2.4 - - [30/Aug/2023:03:49:47 -0500] "GET /BLA/boletinlegal/ HTTP/1.1" 200 53013
201.245.192.253 - - [30/Aug/2023:03:54:15 -0500] "POST /kwsrmcab/Wsrmcab  HTTP/1.1" 200 213
52.167.144.181 - - [30/Aug/2023:03:55:44 -0500] "GET /Publicaciones/2023EE119057.pdf HTTP/1.1" 404 228
216.245.221.92 - - [30/Aug/2023:03:56:02 -0500] "HEAD / HTTP/1.1" 200 -
172.22.2.4 - - [30/Aug/2023:03:54:47 -0500] "HEAD /BLA/boletinlegal/ HTTP/1.1" 200 -
172.22.2.4 - - [30/Aug/2023:03:55:37 -0500] "GET /BLA/boletinlegal/ HTTP/1.1" 200 58187
172.22.2.4 - - [30/Aug/2023:03:59:13 -0500] "GET /BLA/boletinlegal/jurisprudencia/analisis/AnalisisT-095-16.docx HTTP/1.1" 200 20284
201.245.192.253 - - [30/Aug/2023:03:59:14 -0500] "POST /kwsrmcab/Wsrmcab  HTTP/1.1" 200 213
168.119.51.200 - - [30/Aug/2023:04:00:54 -0500] "GET / HTTP/1.1" 200 319
168.119.51.200 - - [30/Aug/2023:04:00:55 -0500] "GET / HTTP/1.1" 200 4720
216.245.221.92 - - [30/Aug/2023:04:01:02 -0500] "HEAD / HTTP/1.1" 200 -
172.22.2.4 - - [30/Aug/2023:04:00:37 -0500] "HEAD /BLA/boletinlegal/ HTTP/1.1" 200 -
172.22.2.4 - - [30/Aug/2023:04:01:27 -0500] "GET /BLA/boletinlegal/ HTTP/1.1" 200 52656
201.245.192.253 - - [30/Aug/2023:04:04:13 -0500] "POST /kwsrmcab/Wsrmcab  HTTP/1.1" 200 213
205.169.39.132 - - [30/Aug/2023:04:04:17 -0500] "GET /portaldeninos/wp-includes/js/wp-emoji-release.min.js?ver=4.9.8 HTTP/1.1" 200 12026
205.169.39.132 - - [30/Aug/2023:04:04:17 -0500] "GET /portaldeninos/wp-content/plugins/google-analytics-for-wordpress/assets/js/frontend-gtag.min.js?ver=8.5.0 HTTP/1.1" 200 11801
205.169.39.132 - - [30/Aug/2023:04:04:18 -0500] "GET /portaldeninos/wp-includes/js/jquery/jquery.js?ver=1.12.4 HTTP/1.1" 200 97184
205.169.39.132 - - [30/Aug/2023:04:04:19 -0500] "GET /portaldeninos/wp-includes/js/jquery/jquery-migrate.min.js?ver=1.4.1 HTTP/1.1" 200 10056
205.169.39.132 - - [30/Aug/2023:04:04:19 -0500] "GET /portaldeninos/wp-includes/js/jquery/ui/core.min.js?ver=1.11.4 HTTP/1.1" 200 4000
205.169.39.132 - - [30/Aug/2023:04:04:19 -0500] "GET /portaldeninos/wp-content/plugins/gallery-videos/JS/modernizr.custom.js?ver=4.9.8 HTTP/1.1" 200 9019
205.169.39.132 - - [30/Aug/2023:04:04:19 -0500] "GET /portaldeninos/wp-content/plugins/gallery-videos/JS/Total-Soft-Gallery-Video-Widget.js?ver=4.9.8 HTTP/1.1" 200 80264
205.169.39.132 - - [30/Aug/2023:04:04:20 -0500] "GET /portaldeninos/wp-includes/js/jquery/ui/widget.min.js?ver=1.11.4 HTTP/1.1" 200 6908
205.169.39.132 - - [30/Aug/2023:04:04:20 -0500] "GET /portaldeninos/wp-includes/js/jquery/ui/mouse.min.js?ver=1.11.4 HTTP/1.1" 200 3148
205.169.39.132 - - [30/Aug/2023:04:04:20 -0500] "GET /portaldeninos/wp-includes/js/jquery/ui/sortable.min.js?ver=1.11.4 HTTP/1.1" 200 24899
205.169.39.132 - - [30/Aug/2023:04:04:20 -0500] "GET /portaldeninos/wp-includes/js/jquery/ui/tabs.min.js?ver=1.11.4 HTTP/1.1" 200 12110
205.169.39.132 - - [30/Aug/2023:04:04:20 -0500] "GET /portaldeninos/wp-includes/js/jquery/ui/accordion.min.js?ver=1.11.4 HTTP/1.1" 200 8584
205.169.39.132 - - [30/Aug/2023:04:04:21 -0500] "GET /portaldeninos/wp-content/themes/betheme/js/plugins.js?ver=20.9.6 HTTP/1.1" 200 197151
205.169.39.132 - - [30/Aug/2023:04:04:22 -0500] "GET /portaldeninos/wp-content/themes/betheme/js/menu.js?ver=20.9.6 HTTP/1.1" 200 2449
205.169.39.132 - - [30/Aug/2023:04:04:22 -0500] "GET /portaldeninos/wp-content/themes/betheme/assets/animations/animations.min.js?ver=20.9.6 HTTP/1.1" 200 1896
205.169.39.132 - - [30/Aug/2023:04:04:22 -0500] "GET /portaldeninos/wp-content/themes/betheme/assets/jplayer/jplayer.min.js?ver=20.9.6 HTTP/1.1" 200 52702
205.169.39.132 - - [30/Aug/2023:04:04:23 -0500] "GET /portaldeninos/wp-content/themes/betheme/js/scripts.js?ver=20.9.6 HTTP/1.1" 200 77162
205.169.39.132 - - [30/Aug/2023:04:04:23 -0500] "GET /portaldeninos/wp-includes/js/wp-embed.min.js?ver=4.9.8 HTTP/1.1" 200 1398
216.245.221.92 - - [30/Aug/2023:04:06:02 -0500] "HEAD / HTTP/1.1" 200 -
40.77.167.61 - - [30/Aug/2023:04:07:05 -0500] "GET /Publicaciones/2023EE194247.pdf HTTP/1.1" 200 469265
172.22.2.4 - - [30/Aug/2023:04:06:27 -0500] "HEAD /BLA/boletinlegal/ HTTP/1.1" 200 -
40.77.167.50 - - [30/Aug/2023:04:08:36 -0500] "GET /Publicaciones/2023EE194527.pdf HTTP/1.1" 200 860896
172.22.2.4 - - [30/Aug/2023:04:07:17 -0500] "GET /BLA/boletinlegal/ HTTP/1.1" 200 58597
123.126.50.160 - - [30/Aug/2023:04:09:04 -0500] "GET / HTTP/1.1" 200 319
201.245.192.253 - - [30/Aug/2023:04:09:11 -0500] "POST /kwsrmcab/Wsrmcab  HTTP/1.1" 200 213
216.245.221.92 - - [30/Aug/2023:04:11:02 -0500] "HEAD / HTTP/1.1" 200 -
40.77.167.208 - - [30/Aug/2023:04:11:41 -0500] "GET /Publicaciones/2023EE196231.pdf HTTP/1.1" 200 88359
52.167.144.222 - - [30/Aug/2023:04:11:58 -0500] "GET /BLA/resoluciones/RESOLUCIONES%202021/3172.pdf HTTP/1.1" 200 460703
172.22.2.4 - - [30/Aug/2023:04:12:17 -0500] "HEAD /BLA/boletinlegal/ HTTP/1.1" 200 -
201.245.192.253 - - [30/Aug/2023:04:14:10 -0500] "POST /kwsrmcab/Wsrmcab  HTTP/1.1" 200 213
172.22.2.4 - - [30/Aug/2023:04:13:07 -0500] "GET /BLA/boletinlegal/ HTTP/1.1" 200 58981
216.245.221.92 - - [30/Aug/2023:04:16:02 -0500] "HEAD / HTTP/1.1" 200 -
52.167.144.222 - - [30/Aug/2023:04:17:28 -0500] "GET /sitemap.txt HTTP/1.1" 404 1018
201.245.192.253 - - [30/Aug/2023:04:18:35 -0500] "POST /kwsrmcab/Wsrmcab HTTP/1.1" 200 43652
172.22.2.4 - - [30/Aug/2023:04:18:38 -0500] "GET /BLA/boletinlegal/normativa.php HTTP/1.1" 200 8343
172.22.2.4 - - [30/Aug/2023:04:18:39 -0500] "GET /BLA/boletinlegal/niceforms-default.css HTTP/1.1" 200 6694
172.22.2.4 - - [30/Aug/2023:04:18:39 -0500] "GET /BLA/boletinlegal/niceforms.js HTTP/1.1" 200 22876
172.22.2.4 - - [30/Aug/2023:04:18:40 -0500] "GET /BLA/boletinlegal/js/ajax_normativa.js HTTP/1.1" 200 1154
201.245.192.253 - - [30/Aug/2023:04:18:38 -0500] "POST /kwsrmcab/Wsrmcab HTTP/1.1" 200 43219
172.22.2.4 - - [30/Aug/2023:04:18:59 -0500] "GET /BLA/boletinlegal/ab2g HTTP/1.1" 404 1018
172.22.2.4 - - [30/Aug/2023:04:18:59 -0500] "GET /BLA/boletinlegal/ab2h HTTP/1.1" 404 1018
172.22.2.4 - - [30/Aug/2023:04:19:05 -0500] "GET /BLA/boletinlegal/actos.php HTTP/1.1" 200 9682
172.22.2.4 - - [30/Aug/2023:04:19:05 -0500] "GET /BLA/boletinlegal/favicon.ico HTTP/1.1" 404 1326
201.245.192.253 - - [30/Aug/2023:04:19:09 -0500] "POST /kwsrmcab/Wsrmcab  HTTP/1.1" 200 213
172.22.2.4 - - [30/Aug/2023:04:19:14 -0500] "GET /BLA/boletinlegal/t4 HTTP/1.1" 404 1018
172.22.2.4 - - [30/Aug/2023:04:19:16 -0500] "GET /BLA/boletinlegal/favicon.ico HTTP/1.1" 404 1018
172.22.2.4 - - [30/Aug/2023:04:19:20 -0500] "GET /BLA/boletinlegal/consulta_actos.php?tipo=autos&no=0016&usuario=&sector=&fecha=2020&resuelve= HTTP/1.1" 200 1148
181.58.60.135 - - [30/Aug/2023:04:19:25 -0500] "GET /BLA/resoluciones/ HTTP/1.1" 200 13502
181.58.60.135 - - [30/Aug/2023:04:19:25 -0500] "GET /favicon.ico HTTP/1.1" 200 7782
181.58.60.135 - - [30/Aug/2023:04:19:28 -0500] "GET /BLA/resoluciones/index.php?dir=AUTOS+2020%2F HTTP/1.1" 200 330568
172.22.2.4 - - [30/Aug/2023:04:18:06 -0500] "HEAD /BLA/boletinlegal/ HTTP/1.1" 200 -
181.58.60.135 - - [30/Aug/2023:04:19:48 -0500] "GET /BLA/resoluciones/AUTOS%202020/0016.pdf HTTP/1.1" 200 255039
172.22.2.4 - - [30/Aug/2023:04:19:02 -0500] "GET /BLA/boletinlegal/ HTTP/1.1" 200 24523
172.22.2.4 - - [30/Aug/2023:04:19:04 -0500] "GET /BLA/boletinlegal/ HTTP/1.1" 200 24523
69.63.189.14 - - [30/Aug/2023:04:20:03 -0500] "GET /presentamos-las-nuevas-herramientas-de-la-secretaria-de-ambiente-para-analizar-y-monitorear-los-rios-de-bogota.html HTTP/1.1" 200 905
172.22.2.4 - - [30/Aug/2023:04:19:16 -0500] "GET /BLA/boletinlegal/ HTTP/1.1" 200 24523
172.22.2.4 - - [30/Aug/2023:04:18:57 -0500] "GET /BLA/boletinlegal/ HTTP/1.1" 200 49296
216.245.221.92 - - [30/Aug/2023:04:21:02 -0500] "HEAD / HTTP/1.1" 200 -
205.169.39.105 - - [30/Aug/2023:04:22:04 -0500] "GET /portaldeninos/wp-includes/js/wp-emoji-release.min.js?ver=4.9.8 HTTP/1.1" 200 12026
205.169.39.105 - - [30/Aug/2023:04:22:05 -0500] "GET /portaldeninos/wp-content/plugins/google-analytics-for-wordpress/assets/js/frontend-gtag.min.js?ver=8.5.0 HTTP/1.1" 200 11801
205.169.39.105 - - [30/Aug/2023:04:22:05 -0500] "GET /portaldeninos/wp-includes/js/jquery/jquery.js?ver=1.12.4 HTTP/1.1" 200 97184
205.169.39.105 - - [30/Aug/2023:04:22:05 -0500] "GET /portaldeninos/wp-includes/js/jquery/jquery-migrate.min.js?ver=1.4.1 HTTP/1.1" 200 10056
205.169.39.105 - - [30/Aug/2023:04:22:05 -0500] "GET /portaldeninos/wp-includes/js/jquery/ui/core.min.js?ver=1.11.4 HTTP/1.1" 200 4000
205.169.39.105 - - [30/Aug/2023:04:22:06 -0500] "GET /portaldeninos/wp-content/plugins/gallery-videos/JS/modernizr.custom.js?ver=4.9.8 HTTP/1.1" 200 9019
205.169.39.105 - - [30/Aug/2023:04:22:06 -0500] "GET /portaldeninos/wp-content/plugins/gallery-videos/JS/Total-Soft-Gallery-Video-Widget.js?ver=4.9.8 HTTP/1.1" 200 80264
205.169.39.105 - - [30/Aug/2023:04:22:07 -0500] "GET /portaldeninos/wp-includes/js/jquery/ui/widget.min.js?ver=1.11.4 HTTP/1.1" 200 6908
205.169.39.105 - - [30/Aug/2023:04:22:07 -0500] "GET /portaldeninos/wp-includes/js/jquery/ui/mouse.min.js?ver=1.11.4 HTTP/1.1" 200 3148
205.169.39.105 - - [30/Aug/2023:04:22:07 -0500] "GET /portaldeninos/wp-includes/js/jquery/ui/sortable.min.js?ver=1.11.4 HTTP/1.1" 200 24899
205.169.39.105 - - [30/Aug/2023:04:22:07 -0500] "GET /portaldeninos/wp-includes/js/jquery/ui/tabs.min.js?ver=1.11.4 HTTP/1.1" 200 12110
205.169.39.105 - - [30/Aug/2023:04:22:07 -0500] "GET /portaldeninos/wp-includes/js/jquery/ui/accordion.min.js?ver=1.11.4 HTTP/1.1" 200 8584
205.169.39.105 - - [30/Aug/2023:04:22:07 -0500] "GET /portaldeninos/wp-content/themes/betheme/js/plugins.js?ver=20.9.6 HTTP/1.1" 200 197151
205.169.39.105 - - [30/Aug/2023:04:22:08 -0500] "GET /portaldeninos/wp-content/themes/betheme/js/menu.js?ver=20.9.6 HTTP/1.1" 200 2449
205.169.39.105 - - [30/Aug/2023:04:22:08 -0500] "GET /portaldeninos/wp-content/themes/betheme/assets/animations/animations.min.js?ver=20.9.6 HTTP/1.1" 200 1896
205.169.39.105 - - [30/Aug/2023:04:22:08 -0500] "GET /portaldeninos/wp-content/themes/betheme/assets/jplayer/jplayer.min.js?ver=20.9.6 HTTP/1.1" 200 52702
205.169.39.105 - - [30/Aug/2023:04:22:09 -0500] "GET /portaldeninos/wp-content/themes/betheme/js/scripts.js?ver=20.9.6 HTTP/1.1" 200 77162
205.169.39.105 - - [30/Aug/2023:04:22:09 -0500] "GET /portaldeninos/wp-includes/js/wp-embed.min.js?ver=4.9.8 HTTP/1.1" 200 1398
201.245.192.253 - - [30/Aug/2023:04:24:08 -0500] "POST /kwsrmcab/Wsrmcab  HTTP/1.1" 200 213
172.22.2.4 - - [30/Aug/2023:04:23:56 -0500] "HEAD /BLA/boletinlegal/ HTTP/1.1" 200 -
52.167.144.230 - - [30/Aug/2023:04:25:47 -0500] "GET /Publicaciones/2023EE129999.pdf HTTP/1.1" 404 228
216.245.221.92 - - [30/Aug/2023:04:26:02 -0500] "HEAD / HTTP/1.1" 200 -
172.22.2.4 - - [30/Aug/2023:04:24:47 -0500] "GET /BLA/boletinlegal/ HTTP/1.1" 200 60692
66.249.70.6 - - [30/Aug/2023:04:26:40 -0500] "GET /BLA/resoluciones/RESOLUCIONES%202010/2300.pdf HTTP/1.1" 200 803943
201.245.192.253 - - [30/Aug/2023:04:28:35 -0500] "POST /kwsrmcab/Wsrmcab HTTP/1.1" 200 43652
201.245.192.253 - - [30/Aug/2023:04:28:38 -0500] "POST /kwsrmcab/Wsrmcab HTTP/1.1" 200 43219
201.245.192.253 - - [30/Aug/2023:04:29:07 -0500] "POST /kwsrmcab/Wsrmcab  HTTP/1.1" 200 213
69.171.249.2 - - [30/Aug/2023:04:29:36 -0500] "GET /conoce-la-exposicion-fotografica-de-areas-protegidas-y-acuerdos-de-conservacion.html HTTP/1.1" 200 849
173.252.127.7 - - [30/Aug/2023:04:29:37 -0500] "GET /images/acuerdos-conservacion-08-23.jpg HTTP/1.1" 200 55051
69.171.249.116 - - [30/Aug/2023:04:29:38 -0500] "GET /conoce-la-exposicion-fotografica-de-areas-protegidas-y-acuerdos-de-conservacion.html HTTP/1.1" 206 849
172.22.2.4 - - [30/Aug/2023:04:29:40 -0500] "GET /BLA/boletinlegal/robots.txt HTTP/1.1" 404 1038
69.171.249.7 - - [30/Aug/2023:04:29:42 -0500] "GET /conoce-la-exposicion-fotografica-de-areas-protegidas-y-acuerdos-de-conservacion.html HTTP/1.1" 200 849
40.77.167.10 - - [30/Aug/2023:04:30:38 -0500] "GET /forest/ HTTP/1.1" 200 12041
172.22.2.4 - - [30/Aug/2023:04:30:41 -0500] "GET /BLA/boletinlegal/robots.txt HTTP/1.1" 404 1018
172.22.2.4 - - [30/Aug/2023:04:30:44 -0500] "GET /BLA/boletinlegal/sitemap.xml HTTP/1.1" 404 1018
172.22.2.4 - - [30/Aug/2023:04:29:43 -0500] "GET /BLA/boletinlegal/ HTTP/1.1" 200 32715
172.22.2.4 - - [30/Aug/2023:04:29:56 -0500] "GET /BLA/boletinlegal/ HTTP/1.1" 200 24523
172.22.2.4 - - [30/Aug/2023:04:30:57 -0500] "GET /BLA/boletinlegal/.well-known/security.txt HTTP/1.1" 404 1018
172.22.2.4 - - [30/Aug/2023:04:31:01 -0500] "GET /BLA/boletinlegal/favicon.ico HTTP/1.1" 404 1018
216.245.221.92 - - [30/Aug/2023:04:31:02 -0500] "HEAD / HTTP/1.1" 200 -
173.252.83.6 - - [30/Aug/2023:04:31:13 -0500] "GET /conoce-la-exposicion-fotografica-de-areas-protegidas-y-acuerdos-de-conservacion.html HTTP/1.1" 200 849
172.22.2.4 - - [30/Aug/2023:04:29:42 -0500] "GET /BLA/boletinlegal/ HTTP/1.1" 200 44302
172.22.2.4 - - [30/Aug/2023:04:29:47 -0500] "HEAD /BLA/boletinlegal/ HTTP/1.1" 200 -
69.63.189.7 - - [30/Aug/2023:04:31:33 -0500] "GET /images/avistamiento-aves.jpg HTTP/1.1" 200 104313
172.22.2.4 - - [30/Aug/2023:04:30:37 -0500] "GET /BLA/boletinlegal/ HTTP/1.1" 200 55460
66.249.66.85 - - [30/Aug/2023:04:34:04 -0500] "GET /robots.txt HTTP/1.1" 404 1035
66.249.66.86 - - [30/Aug/2023:04:34:04 -0500] "GET /portaldeninos/gestion-del-riesgo-incendios-forestales HTTP/1.1" 301 -
66.249.66.85 - - [30/Aug/2023:04:34:05 -0500] "GET /portaldeninos/gestion-del-riesgo-incendios-forestales/ HTTP/1.1" 200 86825
201.245.192.253 - - [30/Aug/2023:04:34:06 -0500] "POST /kwsrmcab/Wsrmcab  HTTP/1.1" 200 213
172.22.2.4 - - [30/Aug/2023:04:35:30 -0500] "GET /BLA/boletinlegal/sugerencias.php HTTP/1.1" 200 8615
172.22.2.4 - - [30/Aug/2023:04:35:32 -0500] "GET /BLA/boletinlegal/js/jquery.js HTTP/1.1" 200 57254
172.22.2.4 - - [30/Aug/2023:04:35:32 -0500] "GET /BLA/boletinlegal/styles2.css HTTP/1.1" 200 1838
52.167.144.181 - - [30/Aug/2023:04:35:42 -0500] "GET /portaldeninos/parque-mirador-de-los-nevados/ HTTP/1.1" 200 89855
216.245.221.92 - - [30/Aug/2023:04:36:02 -0500] "HEAD / HTTP/1.1" 200 -
40.77.167.233 - - [30/Aug/2023:04:36:02 -0500] "GET /portaldeninos/parque-mirador-de-los-nevados/ HTTP/1.1" 200 89855
172.22.2.4 - - [30/Aug/2023:04:35:36 -0500] "HEAD /BLA/boletinlegal/ HTTP/1.1" 200 -
66.249.66.192 - - [30/Aug/2023:04:38:06 -0500] "GET /robots.txt HTTP/1.1" 404 1034
66.249.66.193 - - [30/Aug/2023:04:38:06 -0500] "GET /el-ejemplo-comienza-por-casa-alcaldia-de-bogota-expide-decreto-para-reducir-plasticos-de-un-solo-uso-en-las-entidades-del-distrito.html HTTP/1.1" 304 -
172.22.2.4 - - [30/Aug/2023:04:36:27 -0500] "GET /BLA/boletinlegal/ HTTP/1.1" 200 58187
66.249.66.87 - - [30/Aug/2023:04:38:11 -0500] "GET /portaldeninos/wp-includes/js/jquery/ui/tabs.min.js?ver=1.11.4 HTTP/1.1" 200 12110
66.249.66.86 - - [30/Aug/2023:04:38:11 -0500] "GET /portaldeninos/wp-includes/js/jquery/ui/accordion.min.js?ver=1.11.4 HTTP/1.1" 200 8584
66.249.66.86 - - [30/Aug/2023:04:38:11 -0500] "GET /portaldeninos/wp-content/themes/betheme/js/plugins.js?ver=20.9.6 HTTP/1.1" 200 197151
66.249.66.87 - - [30/Aug/2023:04:38:12 -0500] "GET /portaldeninos/wp-content/themes/betheme/js/menu.js?ver=20.9.6 HTTP/1.1" 200 2449
201.245.192.253 - - [30/Aug/2023:04:38:34 -0500] "POST /kwsrmcab/Wsrmcab HTTP/1.1" 200 43652
201.245.192.253 - - [30/Aug/2023:04:38:37 -0500] "POST /kwsrmcab/Wsrmcab HTTP/1.1" 200 43219
201.245.192.253 - - [30/Aug/2023:04:39:05 -0500] "POST /kwsrmcab/Wsrmcab  HTTP/1.1" 200 213
162.55.175.142 - - [30/Aug/2023:04:39:50 -0500] "GET / HTTP/1.1" 200 319
162.55.175.142 - - [30/Aug/2023:04:39:50 -0500] "GET / HTTP/1.1" 200 4720
66.249.70.5 - - [30/Aug/2023:04:41:01 -0500] "GET /BLA/resoluciones/RESOLUCIONES%202010/1604.pdf HTTP/1.1" 200 925039
216.245.221.92 - - [30/Aug/2023:04:41:02 -0500] "HEAD / HTTP/1.1" 200 -
172.22.2.4 - - [30/Aug/2023:04:41:26 -0500] "HEAD /BLA/boletinlegal/ HTTP/1.1" 200 -
172.22.2.4 - - [30/Aug/2023:04:42:17 -0500] "GET /BLA/boletinlegal/ HTTP/1.1" 200 52656
201.245.192.253 - - [30/Aug/2023:04:44:04 -0500] "POST /kwsrmcab/Wsrmcab  HTTP/1.1" 200 213
172.22.2.4 - - [30/Aug/2023:04:44:13 -0500] "GET /BLA/boletinlegal/jurisprudencia/analisis/AnalisisT-095-16.docx HTTP/1.1" 200 20284
20.15.133.163 - - [30/Aug/2023:04:45:33 -0500] "GET /BLA/resoluciones/AUTOS%202018/0949.pdf HTTP/1.1" 200 319178
216.245.221.92 - - [30/Aug/2023:04:46:02 -0500] "HEAD / HTTP/1.1" 200 -
172.22.2.4 - - [30/Aug/2023:04:47:16 -0500] "HEAD /BLA/boletinlegal/ HTTP/1.1" 200 -
201.245.192.253 - - [30/Aug/2023:04:49:02 -0500] "POST /kwsrmcab/Wsrmcab  HTTP/1.1" 200 213
172.22.2.4 - - [30/Aug/2023:04:48:07 -0500] "GET /BLA/boletinlegal/ HTTP/1.1" 200 58187
216.245.221.92 - - [30/Aug/2023:04:51:02 -0500] "HEAD / HTTP/1.1" 200 -
113.247.45.9 - - [30/Aug/2023:04:53:22 -0500] "HEAD /inscribete-y-participa-en-la-convencion-internacional-de-emergencia-climatica-bogota-2023.html HTTP/1.1" 200 -
113.247.45.9 - - [30/Aug/2023:04:53:23 -0500] "GET /inscribete-y-participa-en-la-convencion-internacional-de-emergencia-climatica-bogota-2023.html HTTP/1.1" 200 895
201.245.192.253 - - [30/Aug/2023:04:54:01 -0500] "POST /kwsrmcab/Wsrmcab  HTTP/1.1" 200 213
172.22.2.4 - - [30/Aug/2023:04:53:06 -0500] "HEAD /BLA/boletinlegal/ HTTP/1.1" 200 -
172.22.2.4 - - [30/Aug/2023:04:53:57 -0500] "GET /BLA/boletinlegal/ HTTP/1.1" 200 58981
216.245.221.92 - - [30/Aug/2023:04:56:02 -0500] "HEAD / HTTP/1.1" 200 -
66.249.70.6 - - [30/Aug/2023:04:56:43 -0500] "GET /BLA/resoluciones/AUTOS%202008/1657.pdf HTTP/1.1" 200 320589
47.128.26.11 - - [30/Aug/2023:04:56:59 -0500] "GET /galeria/nivo-slider/demo/images/banner-bolsas-plasticas.jpg HTTP/1.1" 200 317939
172.22.2.4 - - [30/Aug/2023:04:57:04 -0500] "GET /BLA/boletinlegal/robots.txt HTTP/1.1" 404 1038
172.22.2.4 - - [30/Aug/2023:04:57:04 -0500] "GET /BLA/boletinlegal/jurisprudencia/analisis/CUADRO%20ANALISIS%20SENTENCIA%20T-411%20DE%201992.doc HTTP/1.1" 304 -
201.245.192.253 - - [30/Aug/2023:04:59:00 -0500] "POST /kwsrmcab/Wsrmcab  HTTP/1.1" 200 213
66.249.70.5 - - [30/Aug/2023:04:59:51 -0500] "GET /BLA/resoluciones/RESOLUCIONES%202009/6046.pdf HTTP/1.1" 200 491887
172.22.2.4 - - [30/Aug/2023:04:58:56 -0500] "HEAD /BLA/boletinlegal/ HTTP/1.1" 200 -
216.245.221.92 - - [30/Aug/2023:05:01:02 -0500] "HEAD / HTTP/1.1" 200 -
172.22.2.4 - - [30/Aug/2023:04:59:47 -0500] "GET /BLA/boletinlegal/ HTTP/1.1" 200 59343
172.22.2.4 - - [30/Aug/2023:05:01:48 -0500] "GET /BLA/boletinlegal/ HTTP/1.1" 200 24523
201.245.192.253 - - [30/Aug/2023:05:03:58 -0500] "POST /kwsrmcab/Wsrmcab  HTTP/1.1" 200 213
52.167.144.239 - - [30/Aug/2023:05:05:32 -0500] "GET /Publicaciones/2023EE197544.pdf HTTP/1.1" 200 981846
216.245.221.92 - - [30/Aug/2023:05:06:02 -0500] "HEAD / HTTP/1.1" 200 -
172.22.2.4 - - [30/Aug/2023:05:04:46 -0500] "HEAD /BLA/boletinlegal/ HTTP/1.1" 200 -
172.22.2.4 - - [30/Aug/2023:05:05:37 -0500] "GET /BLA/boletinlegal/ HTTP/1.1" 200 52656
66.249.70.5 - - [30/Aug/2023:05:07:32 -0500] "GET /BLA/resoluciones/AUTOS%202007/3425.pdf HTTP/1.1" 200 164243
66.249.70.5 - - [30/Aug/2023:05:07:54 -0500] "GET /BLA/resoluciones/RESOLUCIONES%202009/1260.pdf HTTP/1.1" 200 684752
201.245.192.253 - - [30/Aug/2023:05:08:57 -0500] "POST /kwsrmcab/Wsrmcab  HTTP/1.1" 200 213
172.22.2.4 - - [30/Aug/2023:05:09:37 -0500] "GET /BLA/boletinlegal/actos.php HTTP/1.1" 200 9682
66.249.70.5 - - [30/Aug/2023:05:10:14 -0500] "GET /BLA/resoluciones/AUTOS%202012/2848.pdf HTTP/1.1" 200 174442
216.245.221.92 - - [30/Aug/2023:05:11:02 -0500] "HEAD / HTTP/1.1" 200 -
52.167.144.239 - - [30/Aug/2023:05:11:52 -0500] "GET /Publicaciones/2023EE88958.pdf HTTP/1.1" 404 227
66.249.70.7 - - [30/Aug/2023:05:12:02 -0500] "GET /BLA/resoluciones/AUTOS%202011/3048.pdf HTTP/1.1" 200 161237
172.22.2.4 - - [30/Aug/2023:05:10:36 -0500] "HEAD /BLA/boletinlegal/ HTTP/1.1" 200 -
172.22.2.4 - - [30/Aug/2023:05:11:27 -0500] "GET /BLA/boletinlegal/ HTTP/1.1" 200 60692
66.249.70.7 - - [30/Aug/2023:05:13:11 -0500] "GET /resoluciones/RESOLUCIONES%202008/3449.pdf HTTP/1.1" 404 1018
66.249.70.6 - - [30/Aug/2023:05:13:22 -0500] "GET /BLA/resoluciones/RESOLUCIONES%202008/5483.pdf HTTP/1.1" 200 211977
201.245.192.253 - - [30/Aug/2023:05:13:57 -0500] "POST /kwsrmcab/Wsrmcab  HTTP/1.1" 200 213
66.249.70.5 - - [30/Aug/2023:05:14:07 -0500] "GET /BLA/resoluciones/RESOLUCIONES%202009/3459.pdf HTTP/1.1" 200 798397
66.249.70.6 - - [30/Aug/2023:05:14:29 -0500] "GET /BLA/resoluciones/RESOLUCIONES%202012/1914.pdf HTTP/1.1" 200 319834
216.245.221.92 - - [30/Aug/2023:05:16:02 -0500] "HEAD / HTTP/1.1" 200 -
66.249.70.6 - - [30/Aug/2023:05:17:41 -0500] "GET /BLA/resoluciones/Autos%202008/2310.pdf HTTP/1.1" 200 85070
172.22.2.4 - - [30/Aug/2023:05:16:26 -0500] "HEAD /BLA/boletinlegal/ HTTP/1.1" 200 -
66.249.70.5 - - [30/Aug/2023:05:18:20 -0500] "GET /BLA/resoluciones/RESOLUCIONES%202009/9358.pdf HTTP/1.1" 200 491517
66.249.70.6 - - [30/Aug/2023:05:18:32 -0500] "GET /BLA/resoluciones/RESOLUCIONES%202010/4055.pdf HTTP/1.1" 200 490101
201.245.192.253 - - [30/Aug/2023:05:18:34 -0500] "GET /kwsrmcab/Wsrmcab?wsdl HTTP/1.1" 200 6948
201.245.192.253 - - [30/Aug/2023:05:18:35 -0500] "POST /kwsrmcab/Wsrmcab HTTP/1.1" 200 43675
201.245.192.253 - - [30/Aug/2023:05:18:38 -0500] "POST /kwsrmcab/Wsrmcab HTTP/1.1" 200 43215
66.249.70.5 - - [30/Aug/2023:05:18:42 -0500] "GET /BLA/resoluciones/RESOLUCIONES%202011/5456.pdf HTTP/1.1" 200 573168
40.77.167.241 - - [30/Aug/2023:05:18:43 -0500] "GET /Publicaciones/2023EE195688.pdf HTTP/1.1" 200 1244744
172.22.2.4 - - [30/Aug/2023:05:17:17 -0500] "GET /BLA/boletinlegal/ HTTP/1.1" 200 55460
201.245.192.253 - - [30/Aug/2023:05:18:56 -0500] "POST /kwsrmcab/Wsrmcab  HTTP/1.1" 200 213
52.167.144.215 - - [30/Aug/2023:05:19:27 -0500] "GET /bogota-sostenible-articulacion-entre-el-distrito-y-el-sector-privado-claves-del-exito.html HTTP/1.1" 200 868
40.77.167.208 - - [30/Aug/2023:05:19:56 -0500] "GET /Publicaciones/2023EE194528.pdf HTTP/1.1" 200 22823
216.245.221.92 - - [30/Aug/2023:05:21:02 -0500] "HEAD / HTTP/1.1" 200 -
172.22.2.4 - - [30/Aug/2023:05:22:16 -0500] "HEAD /BLA/boletinlegal/ HTTP/1.1" 200 -
201.245.192.253 - - [30/Aug/2023:05:23:55 -0500] "POST /kwsrmcab/Wsrmcab  HTTP/1.1" 200 213
172.22.2.4 - - [30/Aug/2023:05:23:07 -0500] "GET /BLA/boletinlegal/ HTTP/1.1" 200 54960
216.245.221.92 - - [30/Aug/2023:05:26:02 -0500] "HEAD / HTTP/1.1" 200 -
207.46.13.208 - - [30/Aug/2023:05:27:52 -0500] "GET /Publicaciones/2023EE195467.pdf HTTP/1.1" 200 98803
201.245.192.253 - - [30/Aug/2023:05:28:35 -0500] "POST /kwsrmcab/Wsrmcab HTTP/1.1" 200 43675
201.245.192.253 - - [30/Aug/2023:05:28:38 -0500] "POST /kwsrmcab/Wsrmcab HTTP/1.1" 200 43215
201.245.192.253 - - [30/Aug/2023:05:28:53 -0500] "POST /kwsrmcab/Wsrmcab  HTTP/1.1" 200 213
172.22.2.4 - - [30/Aug/2023:05:28:06 -0500] "HEAD /BLA/boletinlegal/ HTTP/1.1" 200 -
172.22.2.4 - - [30/Aug/2023:05:28:57 -0500] "GET /BLA/boletinlegal/ HTTP/1.1" 200 58981
216.245.221.92 - - [30/Aug/2023:05:31:02 -0500] "HEAD / HTTP/1.1" 200 -
201.245.192.253 - - [30/Aug/2023:05:33:52 -0500] "POST /kwsrmcab/Wsrmcab  HTTP/1.1" 200 213
186.84.88.215 - - [30/Aug/2023:05:35:29 -0500] "GET /sipse/faces/index.xhtml HTTP/1.1" 200 677
186.84.88.215 - - [30/Aug/2023:05:35:30 -0500] "GET /sipse/faces/javax.faces.resource/theme.css?ln=primefaces-sipse HTTP/1.1" 304 -
186.84.88.215 - - [30/Aug/2023:05:35:30 -0500] "GET /sipse/faces/faces/autenticacion.xhtml HTTP/1.1" 200 12175
186.84.88.215 - - [30/Aug/2023:05:35:30 -0500] "GET /sipse/js/disable_browser_buttons.js HTTP/1.1" 304 -
186.84.88.215 - - [30/Aug/2023:05:35:30 -0500] "GET /sipse/js/funciones.js HTTP/1.1" 304 -
186.84.88.215 - - [30/Aug/2023:05:35:30 -0500] "GET /sipse/css/custom_css_sg.css HTTP/1.1" 304 -
186.84.88.215 - - [30/Aug/2023:05:35:30 -0500] "GET /sipse/css/custom_css_sg_prime_login.css HTTP/1.1" 304 -
186.84.88.215 - - [30/Aug/2023:05:35:30 -0500] "GET /sipse/faces/javax.faces.resource/theme.css?ln=primefaces-sipse HTTP/1.1" 304 -
186.84.88.215 - - [30/Aug/2023:05:35:30 -0500] "GET /sipse/faces/javax.faces.resource/primefaces.css?ln=primefaces&v=4.0 HTTP/1.1" 304 -
186.84.88.215 - - [30/Aug/2023:05:35:30 -0500] "GET /sipse/faces/javax.faces.resource/layout/layout.css?ln=primefaces&v=4.0 HTTP/1.1" 304 -
186.84.88.215 - - [30/Aug/2023:05:35:30 -0500] "GET /sipse/faces/javax.faces.resource/jquery/jquery-plugins.js?ln=primefaces&v=4.0 HTTP/1.1" 304 -
186.84.88.215 - - [30/Aug/2023:05:35:30 -0500] "GET /sipse/faces/javax.faces.resource/jquery/jquery.js?ln=primefaces&v=4.0 HTTP/1.1" 304 -
186.84.88.215 - - [30/Aug/2023:05:35:30 -0500] "GET /sipse/faces/javax.faces.resource/layout/layout.js?ln=primefaces&v=4.0 HTTP/1.1" 304 -
186.84.88.215 - - [30/Aug/2023:05:35:30 -0500] "GET /sipse/faces/javax.faces.resource/primefaces.js?ln=primefaces&v=4.0 HTTP/1.1" 304 -
186.84.88.215 - - [30/Aug/2023:05:35:30 -0500] "GET /sipse/css/imagen/logoSDG.png HTTP/1.1" 304 -
186.84.88.215 - - [30/Aug/2023:05:35:30 -0500] "GET /sipse/css/imagen/loginimg.png HTTP/1.1" 304 -
186.84.88.215 - - [30/Aug/2023:05:35:30 -0500] "GET /sipse/faces/javax.faces.resource/images/ui-icons_898989_256x240.png?ln=primefaces-aristo HTTP/1.1" 304 -
186.84.88.215 - - [30/Aug/2023:05:35:33 -0500] "POST /sipse/faces/autenticacion.xhtml HTTP/1.1" 200 16785
186.84.88.215 - - [30/Aug/2023:05:35:33 -0500] "GET /sipse/css/custom_css_sg_prime.css HTTP/1.1" 304 -
186.84.88.215 - - [30/Aug/2023:05:35:33 -0500] "GET /sipse/faces/javax.faces.resource/primefaces.css?ln=primefaces&v=4.0 HTTP/1.1" 304 -
186.84.88.215 - - [30/Aug/2023:05:35:33 -0500] "GET /sipse/faces/javax.faces.resource/theme.css?ln=primefaces-sipse HTTP/1.1" 304 -
186.84.88.215 - - [30/Aug/2023:05:35:33 -0500] "GET /sipse/faces/javax.faces.resource/layout/layout.css?ln=primefaces&v=4.0 HTTP/1.1" 304 -
186.84.88.215 - - [30/Aug/2023:05:35:33 -0500] "GET /sipse/js/jquery.min.js HTTP/1.1" 304 -
186.84.88.215 - - [30/Aug/2023:05:35:33 -0500] "GET /sipse/faces/javax.faces.resource/jquery/jquery.js?ln=primefaces&v=4.0 HTTP/1.1" 304 -
186.84.88.215 - - [30/Aug/2023:05:35:33 -0500] "GET /sipse/faces/javax.faces.resource/jquery/jquery-plugins.js?ln=primefaces&v=4.0 HTTP/1.1" 304 -
186.84.88.215 - - [30/Aug/2023:05:35:33 -0500] "GET /sipse/faces/javax.faces.resource/primefaces.js?ln=primefaces&v=4.0 HTTP/1.1" 304 -
186.84.88.215 - - [30/Aug/2023:05:35:33 -0500] "GET /sipse/faces/javax.faces.resource/layout/layout.js?ln=primefaces&v=4.0 HTTP/1.1" 304 -
186.84.88.215 - - [30/Aug/2023:05:35:34 -0500] "GET /sipse/css/v_mergente.css HTTP/1.1" 304 -
186.84.88.215 - - [30/Aug/2023:05:35:34 -0500] "GET /sipse/imagenes/cargando.gif HTTP/1.1" 304 -
186.84.88.215 - - [30/Aug/2023:05:35:34 -0500] "GET /sipse/css/imagen/contrasena.png HTTP/1.1" 404 383
186.84.88.215 - - [30/Aug/2023:05:35:34 -0500] "GET /sipse/imagenes/logoAplicacion.jpg HTTP/1.1" 304 -
186.84.88.215 - - [30/Aug/2023:05:35:34 -0500] "GET /sipse/faces/javax.faces.resource/messages/messages.png?ln=primefaces&v=4.0 HTTP/1.1" 304 -
186.84.88.215 - - [30/Aug/2023:05:35:36 -0500] "GET /sipse/faces/javax.faces.resource/images/ui-bg_flat_0_2d5972_40x100.png?ln=primefaces-aristo HTTP/1.1" 304 -
186.84.88.215 - - [30/Aug/2023:05:35:36 -0500] "POST /sipse/faces/bienvenido.xhtml HTTP/1.1" 200 1471
172.22.2.4 - - [30/Aug/2023:05:33:56 -0500] "HEAD /BLA/boletinlegal/ HTTP/1.1" 200 -
186.84.88.215 - - [30/Aug/2023:05:35:37 -0500] "POST /sipse/faces/bienvenido.xhtml HTTP/1.1" 200 40776
186.84.88.215 - - [30/Aug/2023:05:35:37 -0500] "GET /sipse/faces/javax.faces.resource/theme.css?ln=primefaces-sipse HTTP/1.1" 304 -
186.84.88.215 - - [30/Aug/2023:05:35:37 -0500] "GET /sipse/faces/javax.faces.resource/layout/layout.css?ln=primefaces&v=4.0 HTTP/1.1" 304 -
186.84.88.215 - - [30/Aug/2023:05:35:37 -0500] "GET /sipse/faces/javax.faces.resource/primefaces.css?ln=primefaces&v=4.0 HTTP/1.1" 304 -
186.84.88.215 - - [30/Aug/2023:05:35:37 -0500] "GET /sipse/faces/javax.faces.resource/jquery/jquery.js?ln=primefaces&v=4.0 HTTP/1.1" 304 -
186.84.88.215 - - [30/Aug/2023:05:35:37 -0500] "GET /sipse/faces/javax.faces.resource/jquery/jquery-plugins.js?ln=primefaces&v=4.0 HTTP/1.1" 304 -
186.84.88.215 - - [30/Aug/2023:05:35:37 -0500] "GET /sipse/faces/javax.faces.resource/primefaces.js?ln=primefaces&v=4.0 HTTP/1.1" 304 -
186.84.88.215 - - [30/Aug/2023:05:35:37 -0500] "GET /sipse/faces/javax.faces.resource/layout/layout.js?ln=primefaces&v=4.0 HTTP/1.1" 304 -
186.84.88.215 - - [30/Aug/2023:05:35:38 -0500] "POST /sipse/faces/presentacion/financiero/solicitudProceso/listarSolicitudProceso.xhtml HTTP/1.1" 200 1436
216.245.221.92 - - [30/Aug/2023:05:36:02 -0500] "HEAD / HTTP/1.1" 200 -
186.84.88.215 - - [30/Aug/2023:05:36:22 -0500] "POST /sipse/faces/presentacion/financiero/solicitudProceso/listarSolicitudProceso.xhtml HTTP/1.1" 200 113906
186.84.88.215 - - [30/Aug/2023:05:36:23 -0500] "GET /sipse/faces/javax.faces.resource/theme.css?ln=primefaces-sipse HTTP/1.1" 304 -
186.84.88.215 - - [30/Aug/2023:05:36:23 -0500] "GET /sipse/faces/javax.faces.resource/primefaces.css?ln=primefaces&v=4.0 HTTP/1.1" 304 -
186.84.88.215 - - [30/Aug/2023:05:36:23 -0500] "GET /sipse/faces/javax.faces.resource/layout/layout.css?ln=primefaces&v=4.0 HTTP/1.1" 304 -
186.84.88.215 - - [30/Aug/2023:05:36:23 -0500] "GET /sipse/faces/javax.faces.resource/jquery/jquery.js?ln=primefaces&v=4.0 HTTP/1.1" 304 -
186.84.88.215 - - [30/Aug/2023:05:36:23 -0500] "GET /sipse/faces/javax.faces.resource/jquery/jquery-plugins.js?ln=primefaces&v=4.0 HTTP/1.1" 304 -
186.84.88.215 - - [30/Aug/2023:05:36:23 -0500] "GET /sipse/faces/javax.faces.resource/primefaces.js?ln=primefaces&v=4.0 HTTP/1.1" 304 -
186.84.88.215 - - [30/Aug/2023:05:36:23 -0500] "GET /sipse/faces/javax.faces.resource/layout/layout.js?ln=primefaces&v=4.0 HTTP/1.1" 304 -
186.84.88.215 - - [30/Aug/2023:05:36:23 -0500] "GET /sipse/faces/javax.faces.resource/dynamiccontent.properties?ln=primefaces&pfdrid=XjOR5%2F%2FfPAZAuY9TpWQeCiM0BhlXxYRBGKi%2FQcXXfeA%3D&pfdrid_c=false HTTP/1.1" 500 383
172.22.2.4 - - [30/Aug/2023:05:34:47 -0500] "GET /BLA/boletinlegal/ HTTP/1.1" 200 60692
186.84.88.215 - - [30/Aug/2023:05:36:40 -0500] "POST /sipse/faces/presentacion/financiero/solicitudProceso/consultarSolicitudProceso.xhtml HTTP/1.1" 200 132633
172.22.2.4 - - [30/Aug/2023:05:36:47 -0500] "GET /BLA/boletinlegal/Directivas/2018/Directiva%20No.%2027%20del%2028%20de%20diciembre%20de%202018.pdf HTTP/1.1" 304 -
186.84.88.215 - - [30/Aug/2023:05:38:01 -0500] "POST /sipse/faces/presentacion/financiero/solicitudProceso/consultarSolicitudProceso.xhtml HTTP/1.1" 200 30199
186.84.88.215 - - [30/Aug/2023:05:38:01 -0500] "GET /sipse/faces/javax.faces.resource/theme.css?ln=primefaces-sipse HTTP/1.1" 304 -
186.84.88.215 - - [30/Aug/2023:05:38:01 -0500] "GET /sipse/faces/javax.faces.resource/primefaces.css?ln=primefaces&v=4.0 HTTP/1.1" 304 -
186.84.88.215 - - [30/Aug/2023:05:38:01 -0500] "GET /sipse/faces/javax.faces.resource/layout/layout.css?ln=primefaces&v=4.0 HTTP/1.1" 304 -
186.84.88.215 - - [30/Aug/2023:05:38:01 -0500] "GET /sipse/faces/javax.faces.resource/jquery/jquery.js?ln=primefaces&v=4.0 HTTP/1.1" 304 -
186.84.88.215 - - [30/Aug/2023:05:38:01 -0500] "GET /sipse/faces/javax.faces.resource/jquery/jquery-plugins.js?ln=primefaces&v=4.0 HTTP/1.1" 304 -
186.84.88.215 - - [30/Aug/2023:05:38:01 -0500] "GET /sipse/faces/javax.faces.resource/primefaces.js?ln=primefaces&v=4.0 HTTP/1.1" 304 -
186.84.88.215 - - [30/Aug/2023:05:38:01 -0500] "GET /sipse/faces/javax.faces.resource/layout/layout.js?ln=primefaces&v=4.0 HTTP/1.1" 304 -
186.84.88.215 - - [30/Aug/2023:05:38:06 -0500] "POST /sipse/faces/presentacion/financiero/solicitudProceso/asignarContratacion.xhtml HTTP/1.1" 200 38245
186.84.88.215 - - [30/Aug/2023:05:38:08 -0500] "GET /sipse/faces/javax.faces.resource/theme.css?ln=primefaces-sipse HTTP/1.1" 304 -
186.84.88.215 - - [30/Aug/2023:05:38:08 -0500] "GET /sipse/faces/javax.faces.resource/primefaces.css?ln=primefaces&v=4.0 HTTP/1.1" 304 -
186.84.88.215 - - [30/Aug/2023:05:38:08 -0500] "GET /sipse/faces/javax.faces.resource/layout/layout.css?ln=primefaces&v=4.0 HTTP/1.1" 304 -
186.84.88.215 - - [30/Aug/2023:05:38:08 -0500] "GET /sipse/faces/javax.faces.resource/jquery/jquery.js?ln=primefaces&v=4.0 HTTP/1.1" 304 -
186.84.88.215 - - [30/Aug/2023:05:38:08 -0500] "GET /sipse/faces/javax.faces.resource/jquery/jquery-plugins.js?ln=primefaces&v=4.0 HTTP/1.1" 304 -
186.84.88.215 - - [30/Aug/2023:05:38:08 -0500] "GET /sipse/faces/javax.faces.resource/primefaces.js?ln=primefaces&v=4.0 HTTP/1.1" 304 -
186.84.88.215 - - [30/Aug/2023:05:38:08 -0500] "GET /sipse/faces/javax.faces.resource/layout/layout.js?ln=primefaces&v=4.0 HTTP/1.1" 304 -
186.84.88.215 - - [30/Aug/2023:05:38:09 -0500] "POST /sipse/faces/presentacion/financiero/solicitudProceso/listarSolicitudProceso.xhtml HTTP/1.1" 200 1420
186.84.88.215 - - [30/Aug/2023:05:38:12 -0500] "POST /sipse/faces/presentacion/financiero/solicitudProceso/listarSolicitudProceso.xhtml HTTP/1.1" 200 110475
186.84.88.215 - - [30/Aug/2023:05:38:13 -0500] "GET /sipse/faces/javax.faces.resource/theme.css?ln=primefaces-sipse HTTP/1.1" 304 -
186.84.88.215 - - [30/Aug/2023:05:38:13 -0500] "GET /sipse/faces/javax.faces.resource/layout/layout.css?ln=primefaces&v=4.0 HTTP/1.1" 304 -
186.84.88.215 - - [30/Aug/2023:05:38:13 -0500] "GET /sipse/faces/javax.faces.resource/primefaces.css?ln=primefaces&v=4.0 HTTP/1.1" 304 -
186.84.88.215 - - [30/Aug/2023:05:38:13 -0500] "GET /sipse/faces/javax.faces.resource/jquery/jquery.js?ln=primefaces&v=4.0 HTTP/1.1" 304 -
186.84.88.215 - - [30/Aug/2023:05:38:13 -0500] "GET /sipse/faces/javax.faces.resource/jquery/jquery-plugins.js?ln=primefaces&v=4.0 HTTP/1.1" 304 -
186.84.88.215 - - [30/Aug/2023:05:38:13 -0500] "GET /sipse/faces/javax.faces.resource/primefaces.js?ln=primefaces&v=4.0 HTTP/1.1" 304 -
186.84.88.215 - - [30/Aug/2023:05:38:13 -0500] "GET /sipse/faces/javax.faces.resource/layout/layout.js?ln=primefaces&v=4.0 HTTP/1.1" 304 -
186.84.88.215 - - [30/Aug/2023:05:38:13 -0500] "GET /sipse/faces/javax.faces.resource/dynamiccontent.properties?ln=primefaces&pfdrid=XjOR5%2F%2FfPAZAuY9TpWQeCiM0BhlXxYRBGKi%2FQcXXfeA%3D&pfdrid_c=false HTTP/1.1" 500 383
186.84.88.215 - - [30/Aug/2023:05:38:27 -0500] "POST /sipse/faces/presentacion/financiero/solicitudProceso/consultarSolicitudProceso.xhtml HTTP/1.1" 200 187252
201.245.192.253 - - [30/Aug/2023:05:38:34 -0500] "POST /kwsrmcab/Wsrmcab HTTP/1.1" 200 43675
201.245.192.253 - - [30/Aug/2023:05:38:38 -0500] "POST /kwsrmcab/Wsrmcab HTTP/1.1" 200 43215
201.245.192.253 - - [30/Aug/2023:05:38:50 -0500] "POST /kwsrmcab/Wsrmcab  HTTP/1.1" 200 213
186.84.88.215 - - [30/Aug/2023:05:40:38 -0500] "POST /sipse/faces/presentacion/financiero/solicitudProceso/consultarSolicitudProceso.xhtml HTTP/1.1" 200 30266
186.84.88.215 - - [30/Aug/2023:05:40:38 -0500] "GET /sipse/faces/javax.faces.resource/theme.css?ln=primefaces-sipse HTTP/1.1" 304 -
186.84.88.215 - - [30/Aug/2023:05:40:38 -0500] "GET /sipse/faces/javax.faces.resource/primefaces.css?ln=primefaces&v=4.0 HTTP/1.1" 304 -
186.84.88.215 - - [30/Aug/2023:05:40:38 -0500] "GET /sipse/faces/javax.faces.resource/layout/layout.css?ln=primefaces&v=4.0 HTTP/1.1" 304 -
186.84.88.215 - - [30/Aug/2023:05:40:38 -0500] "GET /sipse/faces/javax.faces.resource/jquery/jquery.js?ln=primefaces&v=4.0 HTTP/1.1" 304 -
186.84.88.215 - - [30/Aug/2023:05:40:38 -0500] "GET /sipse/faces/javax.faces.resource/jquery/jquery-plugins.js?ln=primefaces&v=4.0 HTTP/1.1" 304 -
186.84.88.215 - - [30/Aug/2023:05:40:38 -0500] "GET /sipse/faces/javax.faces.resource/primefaces.js?ln=primefaces&v=4.0 HTTP/1.1" 304 -
186.84.88.215 - - [30/Aug/2023:05:40:38 -0500] "GET /sipse/faces/javax.faces.resource/layout/layout.js?ln=primefaces&v=4.0 HTTP/1.1" 304 -
186.84.88.215 - - [30/Aug/2023:05:40:47 -0500] "POST /sipse/faces/presentacion/financiero/solicitudProceso/asignarContratacion.xhtml HTTP/1.1" 200 35347
186.84.88.215 - - [30/Aug/2023:05:40:49 -0500] "GET /sipse/faces/javax.faces.resource/theme.css?ln=primefaces-sipse HTTP/1.1" 304 -
186.84.88.215 - - [30/Aug/2023:05:40:49 -0500] "GET /sipse/faces/javax.faces.resource/layout/layout.css?ln=primefaces&v=4.0 HTTP/1.1" 304 -
186.84.88.215 - - [30/Aug/2023:05:40:49 -0500] "GET /sipse/faces/javax.faces.resource/primefaces.css?ln=primefaces&v=4.0 HTTP/1.1" 304 -
186.84.88.215 - - [30/Aug/2023:05:40:49 -0500] "GET /sipse/faces/javax.faces.resource/jquery/jquery.js?ln=primefaces&v=4.0 HTTP/1.1" 304 -
186.84.88.215 - - [30/Aug/2023:05:40:49 -0500] "GET /sipse/faces/javax.faces.resource/jquery/jquery-plugins.js?ln=primefaces&v=4.0 HTTP/1.1" 304 -
186.84.88.215 - - [30/Aug/2023:05:40:49 -0500] "GET /sipse/faces/javax.faces.resource/primefaces.js?ln=primefaces&v=4.0 HTTP/1.1" 304 -
186.84.88.215 - - [30/Aug/2023:05:40:49 -0500] "GET /sipse/faces/javax.faces.resource/layout/layout.js?ln=primefaces&v=4.0 HTTP/1.1" 304 -
186.84.88.215 - - [30/Aug/2023:05:40:50 -0500] "POST /sipse/faces/presentacion/financiero/solicitudProceso/listarSolicitudProceso.xhtml HTTP/1.1" 200 1400
186.84.88.215 - - [30/Aug/2023:05:40:55 -0500] "POST /sipse/faces/presentacion/financiero/solicitudProceso/listarSolicitudProceso.xhtml HTTP/1.1" 200 109480
186.84.88.215 - - [30/Aug/2023:05:40:56 -0500] "GET /sipse/faces/javax.faces.resource/theme.css?ln=primefaces-sipse HTTP/1.1" 304 -
186.84.88.215 - - [30/Aug/2023:05:40:56 -0500] "GET /sipse/faces/javax.faces.resource/primefaces.css?ln=primefaces&v=4.0 HTTP/1.1" 304 -
186.84.88.215 - - [30/Aug/2023:05:40:56 -0500] "GET /sipse/faces/javax.faces.resource/layout/layout.css?ln=primefaces&v=4.0 HTTP/1.1" 304 -
186.84.88.215 - - [30/Aug/2023:05:40:56 -0500] "GET /sipse/faces/javax.faces.resource/jquery/jquery.js?ln=primefaces&v=4.0 HTTP/1.1" 304 -
186.84.88.215 - - [30/Aug/2023:05:40:56 -0500] "GET /sipse/faces/javax.faces.resource/jquery/jquery-plugins.js?ln=primefaces&v=4.0 HTTP/1.1" 304 -
186.84.88.215 - - [30/Aug/2023:05:40:56 -0500] "GET /sipse/faces/javax.faces.resource/primefaces.js?ln=primefaces&v=4.0 HTTP/1.1" 304 -
186.84.88.215 - - [30/Aug/2023:05:40:56 -0500] "GET /sipse/faces/javax.faces.resource/layout/layout.js?ln=primefaces&v=4.0 HTTP/1.1" 304 -
186.84.88.215 - - [30/Aug/2023:05:40:56 -0500] "GET /sipse/faces/javax.faces.resource/dynamiccontent.properties?ln=primefaces&pfdrid=XjOR5%2F%2FfPAZAuY9TpWQeCiM0BhlXxYRBGKi%2FQcXXfeA%3D&pfdrid_c=false HTTP/1.1" 500 383
216.245.221.92 - - [30/Aug/2023:05:41:02 -0500] "HEAD / HTTP/1.1" 200 -
186.84.88.215 - - [30/Aug/2023:05:41:05 -0500] "POST /sipse/faces/presentacion/financiero/solicitudProceso/consultarSolicitudProceso.xhtml HTTP/1.1" 200 130290
172.22.2.4 - - [30/Aug/2023:05:39:46 -0500] "HEAD /BLA/boletinlegal/ HTTP/1.1" 200 -
186.84.88.215 - - [30/Aug/2023:05:41:34 -0500] "POST /sipse/faces/presentacion/financiero/solicitudProceso/consultarSolicitudProceso.xhtml HTTP/1.1" 200 62158
52.167.144.160 - - [30/Aug/2023:05:41:35 -0500] "GET /BLA/resoluciones/RESOLUCIONES%202011/3233.pdf HTTP/1.1" 200 681846
172.22.2.4 - - [30/Aug/2023:05:40:37 -0500] "GET /BLA/boletinlegal/ HTTP/1.1" 200 53013
186.84.88.215 - - [30/Aug/2023:05:43:43 -0500] "POST /sipse/faces/presentacion/financiero/solicitudProceso/consultarSolicitudProceso.xhtml HTTP/1.1" 200 30266
186.84.88.215 - - [30/Aug/2023:05:43:43 -0500] "GET /sipse/faces/javax.faces.resource/theme.css?ln=primefaces-sipse HTTP/1.1" 304 -
186.84.88.215 - - [30/Aug/2023:05:43:43 -0500] "GET /sipse/faces/javax.faces.resource/layout/layout.css?ln=primefaces&v=4.0 HTTP/1.1" 304 -
186.84.88.215 - - [30/Aug/2023:05:43:43 -0500] "GET /sipse/faces/javax.faces.resource/primefaces.css?ln=primefaces&v=4.0 HTTP/1.1" 304 -
186.84.88.215 - - [30/Aug/2023:05:43:43 -0500] "GET /sipse/faces/javax.faces.resource/jquery/jquery.js?ln=primefaces&v=4.0 HTTP/1.1" 304 -
186.84.88.215 - - [30/Aug/2023:05:43:43 -0500] "GET /sipse/faces/javax.faces.resource/jquery/jquery-plugins.js?ln=primefaces&v=4.0 HTTP/1.1" 304 -
186.84.88.215 - - [30/Aug/2023:05:43:43 -0500] "GET /sipse/faces/javax.faces.resource/primefaces.js?ln=primefaces&v=4.0 HTTP/1.1" 304 -
186.84.88.215 - - [30/Aug/2023:05:43:43 -0500] "GET /sipse/faces/javax.faces.resource/layout/layout.js?ln=primefaces&v=4.0 HTTP/1.1" 304 -
186.84.88.215 - - [30/Aug/2023:05:43:47 -0500] "POST /sipse/faces/presentacion/financiero/solicitudProceso/asignarContratacion.xhtml HTTP/1.1" 200 32345
186.84.88.215 - - [30/Aug/2023:05:43:50 -0500] "GET /sipse/faces/javax.faces.resource/theme.css?ln=primefaces-sipse HTTP/1.1" 304 -
186.84.88.215 - - [30/Aug/2023:05:43:50 -0500] "GET /sipse/faces/javax.faces.resource/primefaces.css?ln=primefaces&v=4.0 HTTP/1.1" 304 -
186.84.88.215 - - [30/Aug/2023:05:43:50 -0500] "GET /sipse/faces/javax.faces.resource/layout/layout.css?ln=primefaces&v=4.0 HTTP/1.1" 304 -
186.84.88.215 - - [30/Aug/2023:05:43:50 -0500] "GET /sipse/faces/javax.faces.resource/jquery/jquery.js?ln=primefaces&v=4.0 HTTP/1.1" 304 -
186.84.88.215 - - [30/Aug/2023:05:43:50 -0500] "GET /sipse/faces/javax.faces.resource/jquery/jquery-plugins.js?ln=primefaces&v=4.0 HTTP/1.1" 304 -
186.84.88.215 - - [30/Aug/2023:05:43:50 -0500] "GET /sipse/faces/javax.faces.resource/primefaces.js?ln=primefaces&v=4.0 HTTP/1.1" 304 -
186.84.88.215 - - [30/Aug/2023:05:43:50 -0500] "GET /sipse/faces/javax.faces.resource/layout/layout.js?ln=primefaces&v=4.0 HTTP/1.1" 304 -
186.84.88.215 - - [30/Aug/2023:05:43:50 -0500] "POST /sipse/faces/presentacion/financiero/solicitudProceso/listarSolicitudProceso.xhtml HTTP/1.1" 200 1376
201.245.192.253 - - [30/Aug/2023:05:43:50 -0500] "POST /kwsrmcab/Wsrmcab  HTTP/1.1" 200 213
114.94.12.8 - - [30/Aug/2023:05:45:29 -0500] "GET /galeria/galeria/fotos/Entrenube2P.jpg HTTP/1.1" 200 8416
216.245.221.92 - - [30/Aug/2023:05:46:02 -0500] "HEAD / HTTP/1.1" 200 -
172.22.2.4 - - [30/Aug/2023:05:45:36 -0500] "HEAD /BLA/boletinlegal/ HTTP/1.1" 200 -
172.22.2.4 - - [30/Aug/2023:05:46:27 -0500] "GET /BLA/boletinlegal/ HTTP/1.1" 200 58187
201.245.192.253 - - [30/Aug/2023:05:48:49 -0500] "POST /kwsrmcab/Wsrmcab  HTTP/1.1" 200 213
216.245.221.92 - - [30/Aug/2023:05:51:02 -0500] "HEAD / HTTP/1.1" 200 -
172.22.2.4 - - [30/Aug/2023:05:51:40 -0500] "GET /BLA/boletinlegal/robots.txt HTTP/1.1" 404 1038
172.22.2.4 - - [30/Aug/2023:05:51:41 -0500] "GET /BLA/boletinlegal/jurisprudencia.php HTTP/1.1" 200 17583
172.22.2.4 - - [30/Aug/2023:05:51:26 -0500] "HEAD /BLA/boletinlegal/ HTTP/1.1" 200 -
172.22.2.4 - - [30/Aug/2023:05:53:38 -0500] "GET /BLA/boletinlegal/actos.php HTTP/1.1" 200 9682
172.22.2.4 - - [30/Aug/2023:05:53:38 -0500] "GET /BLA/boletinlegal/favicon.ico HTTP/1.1" 404 1326
172.22.2.4 - - [30/Aug/2023:05:53:48 -0500] "GET /BLA/boletinlegal/consulta_actos.php?tipo=resoluciones&no=5023&usuario=&sector=&fecha=2021&resuelve= HTTP/1.1" 200 626
201.245.192.253 - - [30/Aug/2023:05:53:47 -0500] "POST /kwsrmcab/Wsrmcab  HTTP/1.1" 200 213
172.22.2.4 - - [30/Aug/2023:05:52:17 -0500] "GET /BLA/boletinlegal/ HTTP/1.1" 200 50790
172.22.2.4 - - [30/Aug/2023:05:53:57 -0500] "GET /BLA/boletinlegal/consulta_actos.php?tipo=resoluciones&no=5023&usuario=&sector=&fecha=2022&resuelve= HTTP/1.1" 200 1099
191.104.113.253 - - [30/Aug/2023:05:53:58 -0500] "GET /BLA/resoluciones/RESOLUCIONES%202022/5023.pdf HTTP/1.1" 200 418635
172.22.2.4 - - [30/Aug/2023:05:53:36 -0500] "GET /BLA/boletinlegal/ HTTP/1.1" 200 24523
216.245.221.92 - - [30/Aug/2023:05:56:02 -0500] "HEAD / HTTP/1.1" 200 -
201.245.192.253 - - [30/Aug/2023:05:58:47 -0500] "POST /kwsrmcab/Wsrmcab  HTTP/1.1" 200 213
172.22.2.4 - - [30/Aug/2023:05:57:16 -0500] "HEAD /BLA/boletinlegal/ HTTP/1.1" 200 -
172.22.2.4 - - [30/Aug/2023:05:58:07 -0500] "GET /BLA/boletinlegal/ HTTP/1.1" 200 52656
216.245.221.92 - - [30/Aug/2023:06:01:02 -0500] "HEAD / HTTP/1.1" 200 -
201.245.192.253 - - [30/Aug/2023:06:03:46 -0500] "POST /kwsrmcab/Wsrmcab  HTTP/1.1" 200 213
186.86.33.245 - - [30/Aug/2023:06:03:53 -0500] "POST /sipse/faces/presentacion/financiero/solicitudProceso/consultarSolicitudProceso.xhtml HTTP/1.1" 302 -
186.86.33.245 - - [30/Aug/2023:06:03:53 -0500] "GET /sipse/faces/autenticacion.xhtml HTTP/1.1" 200 1099
186.86.33.245 - - [30/Aug/2023:06:03:53 -0500] "POST /sipse/faces/presentacion/financiero/solicitudProceso/consultarSolicitudProceso.xhtml HTTP/1.1" 302 -
186.86.33.245 - - [30/Aug/2023:06:03:53 -0500] "GET /sipse/faces/autenticacion.xhtml HTTP/1.1" 200 1099
