186.84.88.215 - - [31/Aug/2023:14:16:04 -0500] "GET /sipse/faces/autenticacion.xhtml HTTP/1.1" 200 1099
201.245.192.253 - - [31/Aug/2023:14:16:10 -0500] "POST /forms/lservlet;jsessionid=ac16012b30d62b9459a25ead4557b46098856db815a4.e3iSbxaKaheRe34Rch0Ra3mLchv0n6jAmljGr5XDqQLvpAe HTTP/1.1" 200 2
186.84.88.215 - - [31/Aug/2023:14:16:14 -0500] "GET /sipse/faces/index.xhtml HTTP/1.1" 200 677
186.84.88.215 - - [31/Aug/2023:14:16:14 -0500] "GET /sipse/faces/javax.faces.resource/theme.css?ln=primefaces-sipse HTTP/1.1" 304 -
186.84.88.215 - - [31/Aug/2023:14:16:14 -0500] "GET /sipse/faces/faces/autenticacion.xhtml HTTP/1.1" 200 12171
186.84.88.215 - - [31/Aug/2023:14:16:14 -0500] "GET /sipse/faces/javax.faces.resource/theme.css?ln=primefaces-sipse HTTP/1.1" 304 -
186.84.88.215 - - [31/Aug/2023:14:16:14 -0500] "GET /sipse/faces/javax.faces.resource/primefaces.css?ln=primefaces&v=4.0 HTTP/1.1" 304 -
186.84.88.215 - - [31/Aug/2023:14:16:14 -0500] "GET /sipse/faces/javax.faces.resource/jquery/jquery-plugins.js?ln=primefaces&v=4.0 HTTP/1.1" 304 -
186.84.88.215 - - [31/Aug/2023:14:16:14 -0500] "GET /sipse/faces/javax.faces.resource/jquery/jquery.js?ln=primefaces&v=4.0 HTTP/1.1" 304 -
186.84.88.215 - - [31/Aug/2023:14:16:14 -0500] "GET /sipse/faces/javax.faces.resource/layout/layout.js?ln=primefaces&v=4.0 HTTP/1.1" 304 -
186.84.88.215 - - [31/Aug/2023:14:16:14 -0500] "GET /sipse/faces/javax.faces.resource/layout/layout.css?ln=primefaces&v=4.0 HTTP/1.1" 304 -
186.84.88.215 - - [31/Aug/2023:14:16:14 -0500] "GET /sipse/faces/javax.faces.resource/primefaces.js?ln=primefaces&v=4.0 HTTP/1.1" 304 -
186.84.88.215 - - [31/Aug/2023:14:16:14 -0500] "GET /sipse/faces/javax.faces.resource/images/ui-icons_898989_256x240.png?ln=primefaces-aristo HTTP/1.1" 304 -
186.84.88.215 - - [31/Aug/2023:14:16:18 -0500] "POST /sipse/faces/autenticacion.xhtml HTTP/1.1" 200 16781
186.84.88.215 - - [31/Aug/2023:14:16:18 -0500] "GET /sipse/faces/javax.faces.resource/theme.css?ln=primefaces-sipse HTTP/1.1" 304 -
186.84.88.215 - - [31/Aug/2023:14:16:18 -0500] "GET /sipse/faces/javax.faces.resource/primefaces.css?ln=primefaces&v=4.0 HTTP/1.1" 304 -
186.84.88.215 - - [31/Aug/2023:14:16:18 -0500] "GET /sipse/faces/javax.faces.resource/layout/layout.css?ln=primefaces&v=4.0 HTTP/1.1" 304 -
186.84.88.215 - - [31/Aug/2023:14:16:18 -0500] "GET /sipse/faces/javax.faces.resource/jquery/jquery.js?ln=primefaces&v=4.0 HTTP/1.1" 304 -
186.84.88.215 - - [31/Aug/2023:14:16:18 -0500] "GET /sipse/faces/javax.faces.resource/jquery/jquery-plugins.js?ln=primefaces&v=4.0 HTTP/1.1" 304 -
186.84.88.215 - - [31/Aug/2023:14:16:18 -0500] "GET /sipse/faces/javax.faces.resource/primefaces.js?ln=primefaces&v=4.0 HTTP/1.1" 304 -
186.84.88.215 - - [31/Aug/2023:14:16:18 -0500] "GET /sipse/faces/javax.faces.resource/layout/layout.js?ln=primefaces&v=4.0 HTTP/1.1" 304 -
186.84.88.215 - - [31/Aug/2023:14:16:18 -0500] "GET /sipse/css/imagen/contrasena.png HTTP/1.1" 404 383
186.84.88.215 - - [31/Aug/2023:14:16:18 -0500] "GET /sipse/faces/javax.faces.resource/messages/messages.png?ln=primefaces&v=4.0 HTTP/1.1" 304 -
186.84.88.215 - - [31/Aug/2023:14:16:22 -0500] "GET /sipse/faces/javax.faces.resource/images/ui-bg_flat_0_2d5972_40x100.png?ln=primefaces-aristo HTTP/1.1" 304 -
186.84.88.215 - - [31/Aug/2023:14:16:22 -0500] "POST /sipse/faces/bienvenido.xhtml HTTP/1.1" 200 1471
186.84.88.215 - - [31/Aug/2023:14:16:23 -0500] "POST /sipse/faces/bienvenido.xhtml HTTP/1.1" 200 31843
186.84.88.215 - - [31/Aug/2023:14:16:23 -0500] "GET /sipse/faces/javax.faces.resource/theme.css?ln=primefaces-sipse HTTP/1.1" 304 -
186.84.88.215 - - [31/Aug/2023:14:16:23 -0500] "GET /sipse/faces/javax.faces.resource/layout/layout.css?ln=primefaces&v=4.0 HTTP/1.1" 304 -
186.84.88.215 - - [31/Aug/2023:14:16:23 -0500] "GET /sipse/faces/javax.faces.resource/primefaces.css?ln=primefaces&v=4.0 HTTP/1.1" 304 -
186.84.88.215 - - [31/Aug/2023:14:16:23 -0500] "GET /sipse/faces/javax.faces.resource/jquery/jquery.js?ln=primefaces&v=4.0 HTTP/1.1" 304 -
186.84.88.215 - - [31/Aug/2023:14:16:23 -0500] "GET /sipse/faces/javax.faces.resource/jquery/jquery-plugins.js?ln=primefaces&v=4.0 HTTP/1.1" 304 -
186.84.88.215 - - [31/Aug/2023:14:16:23 -0500] "GET /sipse/faces/javax.faces.resource/primefaces.js?ln=primefaces&v=4.0 HTTP/1.1" 304 -
186.84.88.215 - - [31/Aug/2023:14:16:23 -0500] "GET /sipse/faces/javax.faces.resource/layout/layout.js?ln=primefaces&v=4.0 HTTP/1.1" 304 -
186.84.88.215 - - [31/Aug/2023:14:16:23 -0500] "POST /sipse/faces/presentacion/financiero/solicitudProceso/listarSolicitudProceso.xhtml HTTP/1.1" 200 1376
172.22.2.4 - - [31/Aug/2023:14:16:29 -0500] "GET /BLA/boletinlegal/consulta_actos.php?tipo=autos&no=0731&usuario=&sector=&fecha=2023&resuelve= HTTP/1.1" 200 1128
201.245.192.253 - - [31/Aug/2023:14:16:35 -0500] "POST /sipse/faces/presentacion/financiero/solicitudProceso/listarSolicitudProceso.xhtml HTTP/1.1" 200 184
201.245.192.253 - - [31/Aug/2023:14:16:35 -0500] "POST /sipse/faces/presentacion/financiero/solicitudProceso/listarSolicitudProceso.xhtml HTTP/1.1" 200 184
201.245.192.253 - - [31/Aug/2023:14:16:35 -0500] "POST /sipse/faces/presentacion/financiero/solicitudProceso/listarSolicitudProceso.xhtml HTTP/1.1" 200 184
201.245.192.253 - - [31/Aug/2023:14:16:35 -0500] "GET /sipse/faces/presentacion/financiero/solicitudAnulacion/solicitudAnulacion.xhtml HTTP/1.1" 200 29664
201.245.192.253 - - [31/Aug/2023:14:16:35 -0500] "GET /sipse/faces/presentacion/financiero/solicitudAnulacion/solicitudAnulacion.xhtml HTTP/1.1" 200 29664
201.245.192.253 - - [31/Aug/2023:14:16:35 -0500] "GET /sipse/faces/presentacion/financiero/solicitudAnulacion/solicitudAnulacion.xhtml HTTP/1.1" 200 33454
201.245.192.253 - - [31/Aug/2023:14:16:36 -0500] "GET /sipse/faces/javax.faces.resource/theme.css?ln=primefaces-sipse HTTP/1.1" 304 -
201.245.192.253 - - [31/Aug/2023:14:16:36 -0500] "GET /sipse/faces/javax.faces.resource/primefaces.css?ln=primefaces&v=4.0 HTTP/1.1" 304 -
201.245.192.253 - - [31/Aug/2023:14:16:36 -0500] "GET /sipse/faces/javax.faces.resource/jquery/jquery.js?ln=primefaces&v=4.0 HTTP/1.1" 304 -
201.245.192.253 - - [31/Aug/2023:14:16:36 -0500] "GET /sipse/faces/javax.faces.resource/jquery/jquery-plugins.js?ln=primefaces&v=4.0 HTTP/1.1" 304 -
201.245.192.253 - - [31/Aug/2023:14:16:36 -0500] "GET /sipse/faces/javax.faces.resource/layout/layout.css?ln=primefaces&v=4.0 HTTP/1.1" 304 -
201.245.192.253 - - [31/Aug/2023:14:16:36 -0500] "GET /sipse/faces/javax.faces.resource/primefaces.js?ln=primefaces&v=4.0 HTTP/1.1" 304 -
201.245.192.253 - - [31/Aug/2023:14:16:36 -0500] "GET /sipse/faces/javax.faces.resource/layout/layout.js?ln=primefaces&v=4.0 HTTP/1.1" 304 -
201.245.192.253 - - [31/Aug/2023:14:16:36 -0500] "GET /sipse/css/imagen/contrasena.png HTTP/1.1" 404 383
201.245.192.253 - - [31/Aug/2023:14:16:36 -0500] "GET /sipse/faces/javax.faces.resource/images/ui-icons_898989_256x240.png?ln=primefaces-aristo HTTP/1.1" 304 -
201.245.192.253 - - [31/Aug/2023:14:16:36 -0500] "GET /sipse/faces/javax.faces.resource/images/ui-bg_flat_0_2d5972_40x100.png?ln=primefaces-aristo HTTP/1.1" 304 -
201.245.192.253 - - [31/Aug/2023:14:16:36 -0500] "POST /sipse/faces/presentacion/financiero/solicitudAnulacion/solicitudAnulacion.xhtml HTTP/1.1" 200 10464
201.245.192.253 - - [31/Aug/2023:14:16:36 -0500] "GET /sipse/faces/javax.faces.resource/messages/messages.png?ln=primefaces&v=4.0 HTTP/1.1" 304 -
201.245.192.253 - - [31/Aug/2023:14:16:53 -0500] "POST /kwsrmcab/Wsrmcab  HTTP/1.1" 200 213
172.22.2.4 - - [31/Aug/2023:14:17:16 -0500] "GET /BLA/boletinlegal/consulta_actos.php?tipo=autos&no=0734&usuario=&sector=&fecha=2023&resuelve= HTTP/1.1" 200 1126
201.245.192.253 - - [31/Aug/2023:14:17:34 -0500] "POST /forms/lservlet;jsessionid=ac16012b30d67ce85dc4fe27431592f9e5bb6ed93a9e.e3iSbxaKaheRe34Rch0Ra3mLchv0n6jAmljGr5XDqQLvpAe HTTP/1.1" 200 2
172.22.2.4 - - [31/Aug/2023:14:17:38 -0500] "GET /BLA/boletinlegal/consulta_actos.php?tipo=autos&no=0737&usuario=&sector=&fecha=2023&resuelve= HTTP/1.1" 200 1129
134.122.57.128 - - [31/Aug/2023:14:17:40 -0500] "HEAD /portaldeninos/ HTTP/1.1" 200 -
20.15.133.163 - - [31/Aug/2023:14:17:56 -0500] "GET /Publicaciones/2023EE187665.pdf HTTP/1.1" 404 228
172.22.2.4 - - [31/Aug/2023:14:18:08 -0500] "GET /BLA/boletinlegal/consulta_actos.php?tipo=autos&no=0750&usuario=&sector=&fecha=2023&resuelve= HTTP/1.1" 200 1127
201.245.192.253 - - [31/Aug/2023:14:18:10 -0500] "POST /forms/lservlet;jsessionid=ac16012b30d62b9459a25ead4557b46098856db815a4.e3iSbxaKaheRe34Rch0Ra3mLchv0n6jAmljGr5XDqQLvpAe HTTP/1.1" 200 2
134.122.57.128 - - [31/Aug/2023:14:18:16 -0500] "GET /portaldeninos/ HTTP/1.1" 200 110175
134.122.57.128 - - [31/Aug/2023:14:18:23 -0500] "GET /portaldeninos/wp-includes/js/wp-emoji-release.min.js?ver=4.9.8 HTTP/1.1" 200 12026
134.122.57.128 - - [31/Aug/2023:14:18:23 -0500] "GET /portaldeninos/wp-includes/js/jquery/ui/core.min.js?ver=1.11.4 HTTP/1.1" 200 4000
134.122.57.128 - - [31/Aug/2023:14:18:24 -0500] "GET /portaldeninos/wp-content/plugins/google-analytics-for-wordpress/assets/js/frontend-gtag.min.js?ver=8.5.0 HTTP/1.1" 200 11801
134.122.57.128 - - [31/Aug/2023:14:18:24 -0500] "GET /portaldeninos/wp-content/plugins/gallery-videos/JS/modernizr.custom.js?ver=4.9.8 HTTP/1.1" 200 9019
134.122.57.128 - - [31/Aug/2023:14:18:23 -0500] "GET /portaldeninos/wp-includes/js/jquery/jquery.js?ver=1.12.4 HTTP/1.1" 200 97184
134.122.57.128 - - [31/Aug/2023:14:18:25 -0500] "GET /portaldeninos/wp-includes/js/jquery/jquery-migrate.min.js?ver=1.4.1 HTTP/1.1" 200 10056
201.245.192.253 - - [31/Aug/2023:14:18:27 -0500] "POST /kwsrmcab/Wsrmcab HTTP/1.1" 200 43822
172.22.2.4 - - [31/Aug/2023:14:18:31 -0500] "GET /BLA/boletinlegal/consulta_actos.php?tipo=autos&no=0751&usuario=&sector=&fecha=2023&resuelve= HTTP/1.1" 200 1126
134.122.57.128 - - [31/Aug/2023:14:18:24 -0500] "GET /portaldeninos/wp-content/plugins/gallery-videos/JS/Total-Soft-Gallery-Video-Widget.js?ver=4.9.8 HTTP/1.1" 200 80264
201.245.192.253 - - [31/Aug/2023:14:18:31 -0500] "POST /kwsrmcab/Wsrmcab HTTP/1.1" 200 42682
40.77.167.132 - - [31/Aug/2023:14:18:51 -0500] "GET /BLA/resoluciones/AUTOS%202013/1609.pdf HTTP/1.1" 304 -
200.118.80.2 - - [31/Aug/2023:14:18:59 -0500] "GET /BLA/resoluciones/RESOLUCIONES%202021/4967.pdf HTTP/1.1" 200 603543
186.102.30.242 - - [31/Aug/2023:14:19:05 -0500] "GET /kwssiamovil/sm/acme/a?s=U2FsdGVkX19nSSiiC1cnsMTDFIodiZhxD9g6iLtEIdUCLKwbWZPOf7MnyXnyXFHZfEdxnEC1S93MfbyT4ckAGiIYrPw0p8fluOJrKv1pnKyzG0T8p4BXuvkrwfkU6HwmaS/zxi9Sn3jAFKkgmBINZ2yhIdrldZc9fsxI6/Qkb+g8MFV/1DLSCFsj3vuoxC8Yw2gFo7KoZ6hT4n9B2E/80thsCTzSCmo8Jt7XaqAhlUlgwxTK47Z+UGMDbg6bzYwKRXmWHi70OcZ3MP4VkpIyWg==&u=U2FsdGVkX1+1S/p6+5Xjcturk1UwivN3qajh92KRd9k=&y=U2FsdGVkX19Hd7pzMYUTyt4zE7DQCO61x6a5qQJgQBya6MYibOr6Il0jCjzUWjIU HTTP/1.1" 200 26
186.102.30.242 - - [31/Aug/2023:14:19:06 -0500] "GET /kwssiamovil/sm/acme/a?s=U2FsdGVkX1+oZdHPb2mqVR0BhdhJIq1jtviK0VEXhvGr9m4/UPvwySZ2D/HxKlkhpKA2Lb/YBuI/doGB+KiR0CpWFxPwdpfVQLBmGiyKkXEQVWAcHEnQofp+1TRclXKX6vXH9uVCj+VP4sDPjRUMcc8f7JuNvF85nDs44D/A998S8vvhRuDzgh7Z+cMj+RZeuUvzo7A2PvRRsnhRgZPmxz0Qte5XOshoyrWDJixX9z2udLBf/hUvd4Rz6JyByhnpwbUcK6xxlEVEyxNucyAycIX9Nl+J1ctFVE2jLH7r08HhcUEWMNPP4PFEib3b3iFD8eFPjsbo1R5FkNRKJHN63lu/qoHvvK7YriZPPMCXyWD85wjf7Udidnz9TBCEycRZHZs912vw0M3p56mujwEMD72d4A7lgqRnY6wwr6HT0/5KGZct3lAcSLLeZbvgkY/RrekenyB44NGC8TJw48WAq5a6kzelIvdmMzQMoxDvvjCMrkduwrM1LhnWDFixKdY1iMFgPJWO9Q/qBZyVt7GJW7BGh15ZnWY/w+UMUruHFREA8jeZaJbJA8vA8EUwq2GOve6vtJJ0CfqJ7f9ZuIYPLAsY/d64ZdE7I1xRNWfGuZwSgpIGxEWa3nnr0C7b3wTlOdKIpIOZZUXbl/eOavDviCNuPAsWHCS7fqjLc1FVl2U44jeARqxxW9t8fmOt0cy7Vuu6L+dpnd1JIDmB3DC61C4RJo8OK0wvDGJ+Xvq0Jcnf7i58JxYOu+MifYSRHOx4i+gfX8jiDMa6/sLmjx6omgv6L/bN1fS1mFuGyuwvgYSl31yPW40aVWFL0cSZ94Zxlyzk8j3g8VIltrlj/yRiKooXdLRNu47MkbzNhwAELwGsWDh9rLzhR5kRHdIU4acfbGaWE6vAwcuIawUBe6HY5J+aW9z6b09NhCTRiT4FzgDp44trzByNhQeED+qtM2lu3jnktEr0udYb8W+TU6ramO9R+ODKLVmuXv68qp1jG0d0yQ1XbSbxWDeiNL3qGC7ByAQIZ2fseBJvBHGOS+WTO+xoBtin4ZR3/JuUx6WZW/Dz7uzF6g5AGuSKCG5SQFPPhYEMwyvSxOcSV58j40pktXF/qxY66Nc6LYbzC5hYJgOsLQhRbl1p3eehECnSpm4GMchRgIAPYaYLxQAeW4cQwVapjYkZ2yuqvappfRVJ6HZ2PLDYF7NHE0xzSueUAstETyFu3pTo8A78EtrLSvNnI3h2QfztwsF1X0o1cNtlOM2qzs5q3tQx+rg2DCO8kytoJ9NB33QW3Z9CcfiZWjvG94n9Fnhedpi3DdH/segsnA4fjWUvA2KImP40tki7WwZFtekmkB+qsBgA9JXtZGisDCOUi2Nnrs7iCgUGrMJzw4JLCUAMUqLV8q1hKD1eH7DlrHeiTjX0s2zXnrhKYiaPhQ==&u=U2FsdGVkX1+1S/p6+5Xjcturk1UwivN3qajh92KRd9k=&y=U2FsdGVkX19Hd7pzMYUTyt4zE7DQCO61x6a5qQJgQBya6MYibOr6Il0jCjzUWjIU HTTP/1.1" 200 26
186.102.30.242 - - [31/Aug/2023:14:19:06 -0500] "GET /kwssiamovil/sm/acme/a?s=U2FsdGVkX1+5rGMTYXYrRdrl5iPIIT6BRlEdAOYGvCrKI7ijOMM4gtgi8q119u71evIkseyJsGSXbPZvsqzvB91ZYcCy4IUiyFuEkYUw1lf3LU/foxuLeOlq2xS3ofhPwk/JBAZRPKff3lPf6f0fXHFoOoGopBS6GT14gsAPvQw=&u=U2FsdGVkX1+1S/p6+5Xjcturk1UwivN3qajh92KRd9k=&y=U2FsdGVkX19Hd7pzMYUTyt4zE7DQCO61x6a5qQJgQBya6MYibOr6Il0jCjzUWjIU HTTP/1.1" 200 26
186.102.30.242 - - [31/Aug/2023:14:19:06 -0500] "GET /kwssiamovil/sm/acme/a?s=U2FsdGVkX1/hu6LeQrb1QcXrG7U3E3Tc7+PvrWnj1vJSXWBYNom2uBEJQM//u4JHqO2jJP2jmTsJNh4K2XW2TNWbH+OsN5lq8KiY6w0L8ZAlkBBYXgQdpENuxGDLnxtHCI1smJtFgtcm6MpnmG6K240IRGJVAXUfzYJ7r7a1St0=&u=U2FsdGVkX1+1S/p6+5Xjcturk1UwivN3qajh92KRd9k=&y=U2FsdGVkX19Hd7pzMYUTyt4zE7DQCO61x6a5qQJgQBya6MYibOr6Il0jCjzUWjIU HTTP/1.1" 200 26
186.102.30.242 - - [31/Aug/2023:14:19:07 -0500] "GET /kwssiamovil/sm/acme/a?s=U2FsdGVkX18a7aeYYhadVqFI+lVs1mOmuuA/Ifi2lhQfMY3WRpOPRV/37k2gE6UXBI269thulhh7/IkCXGkwhIAbuw/nbShxaggXVGaxCe5vJltP6weZ8ZN7OL3d9PAyNXi9qClHQG4wraimanQF7VgPbcA5/dN3YLcJo2pFYoY=&u=U2FsdGVkX1+1S/p6+5Xjcturk1UwivN3qajh92KRd9k=&y=U2FsdGVkX19Hd7pzMYUTyt4zE7DQCO61x6a5qQJgQBya6MYibOr6Il0jCjzUWjIU HTTP/1.1" 200 26
186.102.30.242 - - [31/Aug/2023:14:19:07 -0500] "GET /kwssiamovil/sm/acme/a?s=U2FsdGVkX194dfC3ynX10JQNR/dsGAI90ADFPb3q01xKHUbCa1AqJgi22iP13Gt3J7OuEEuk5hM1o4vvoFYAoBpZJKfe8+fY64iyjbe9WQHTnQCrThxGog9dPTBQDXu3gWkrJcqeFGIcTTAyWWaaiJBv5j5BlHXAmvZne16bPyCjJrx63ItrF4+eya+qJMlR&u=U2FsdGVkX1+1S/p6+5Xjcturk1UwivN3qajh92KRd9k=&y=U2FsdGVkX19Hd7pzMYUTyt4zE7DQCO61x6a5qQJgQBya6MYibOr6Il0jCjzUWjIU HTTP/1.1" 200 26
172.22.2.4 - - [31/Aug/2023:14:19:17 -0500] "GET /BLA/boletinlegal/consulta_actos.php?tipo=autos&no=0761&usuario=&sector=&fecha=2023&resuelve= HTTP/1.1" 200 1131
201.245.192.253 - - [31/Aug/2023:14:19:34 -0500] "POST /forms/lservlet;jsessionid=ac16012b30d67ce85dc4fe27431592f9e5bb6ed93a9e.e3iSbxaKaheRe34Rch0Ra3mLchv0n6jAmljGr5XDqQLvpAe HTTP/1.1" 200 2
172.22.2.4 - - [31/Aug/2023:14:18:09 -0500] "HEAD /BLA/boletinlegal/ HTTP/1.1" 200 -
216.245.221.92 - - [31/Aug/2023:14:19:55 -0500] "HEAD / HTTP/1.1" 200 -
172.22.2.4 - - [31/Aug/2023:14:20:00 -0500] "GET /BLA/boletinlegal/consulta_actos.php?tipo=autos&no=0764&usuario=&sector=&fecha=2023&resuelve= HTTP/1.1" 200 1134
201.245.192.253 - - [31/Aug/2023:14:20:10 -0500] "POST /forms/lservlet;jsessionid=ac16012b30d62b9459a25ead4557b46098856db815a4.e3iSbxaKaheRe34Rch0Ra3mLchv0n6jAmljGr5XDqQLvpAe HTTP/1.1" 200 2
172.22.2.4 - - [31/Aug/2023:14:18:59 -0500] "GET /BLA/boletinlegal/ HTTP/1.1" 200 58597
172.22.2.4 - - [31/Aug/2023:14:20:46 -0500] "GET /BLA/boletinlegal/consulta_actos.php?tipo=autos&no=0766&usuario=&sector=&fecha=2023&resuelve= HTTP/1.1" 200 1128
134.122.57.128 - - [31/Aug/2023:14:21:15 -0500] "GET /portaldeninos/ HTTP/1.1" 200 110175
134.122.57.128 - - [31/Aug/2023:14:21:32 -0500] "GET /favicon.ico HTTP/1.1" 200 7782
201.245.192.253 - - [31/Aug/2023:14:21:34 -0500] "POST /forms/lservlet;jsessionid=ac16012b30d67ce85dc4fe27431592f9e5bb6ed93a9e.e3iSbxaKaheRe34Rch0Ra3mLchv0n6jAmljGr5XDqQLvpAe HTTP/1.1" 200 2
172.22.2.4 - - [31/Aug/2023:14:21:51 -0500] "GET /BLA/boletinlegal/consulta_actos.php?tipo=autos&no=0768&usuario=&sector=&fecha=2023&resuelve= HTTP/1.1" 200 1133
201.245.192.253 - - [31/Aug/2023:14:21:52 -0500] "POST /kwsrmcab/Wsrmcab  HTTP/1.1" 200 213
201.245.192.253 - - [31/Aug/2023:14:22:10 -0500] "POST /forms/lservlet;jsessionid=ac16012b30d62b9459a25ead4557b46098856db815a4.e3iSbxaKaheRe34Rch0Ra3mLchv0n6jAmljGr5XDqQLvpAe HTTP/1.1" 200 2
172.22.2.4 - - [31/Aug/2023:14:22:21 -0500] "GET /BLA/boletinlegal/consulta_actos.php?tipo=autos&no=0771&usuario=&sector=&fecha=2023&resuelve= HTTP/1.1" 200 1129
172.22.2.4 - - [31/Aug/2023:14:22:51 -0500] "GET /BLA/boletinlegal/consulta_actos.php?tipo=autos&no=0776&usuario=&sector=&fecha=2023&resuelve= HTTP/1.1" 200 1161
172.22.2.4 - - [31/Aug/2023:14:23:11 -0500] "GET /BLA/boletinlegal/consulta_actos.php?tipo=autos&no=0781&usuario=&sector=&fecha=2023&resuelve= HTTP/1.1" 200 626
172.22.2.4 - - [31/Aug/2023:14:23:19 -0500] "GET /BLA/boletinlegal/consulta_actos.php?tipo=autos&no=0781&usuario=&sector=&fecha=2023&resuelve= HTTP/1.1" 200 626
201.245.192.253 - - [31/Aug/2023:14:23:34 -0500] "POST /forms/lservlet;jsessionid=ac16012b30d67ce85dc4fe27431592f9e5bb6ed93a9e.e3iSbxaKaheRe34Rch0Ra3mLchv0n6jAmljGr5XDqQLvpAe HTTP/1.1" 200 2
40.77.167.132 - - [31/Aug/2023:14:24:01 -0500] "GET /BLA/resoluciones/AUTOS%202023/0868.pdf HTTP/1.1" 200 818288
172.22.2.4 - - [31/Aug/2023:14:24:01 -0500] "GET /BLA/boletinlegal/consulta_actos.php?tipo=autos&no=0785&usuario=&sector=&fecha=2023&resuelve= HTTP/1.1" 200 1130
201.245.192.253 - - [31/Aug/2023:14:24:10 -0500] "POST /forms/lservlet;jsessionid=ac16012b30d62b9459a25ead4557b46098856db815a4.e3iSbxaKaheRe34Rch0Ra3mLchv0n6jAmljGr5XDqQLvpAe HTTP/1.1" 200 2
172.22.2.4 - - [31/Aug/2023:14:24:14 -0500] "GET /BLA/boletinlegal/consulta_actos.php?tipo=autos&no=0786&usuario=&sector=&fecha=2023&resuelve= HTTP/1.1" 200 1128
172.22.2.4 - - [31/Aug/2023:14:24:34 -0500] "GET /BLA/boletinlegal/images/cabezote%20BLEGAL.jpg HTTP/1.1" 304 -
20.15.133.182 - - [31/Aug/2023:14:24:38 -0500] "GET /Publicaciones/2023EE187665.pdf HTTP/1.1" 404 228
172.22.2.4 - - [31/Aug/2023:14:24:40 -0500] "GET /BLA/boletinlegal/images/launch.jpg HTTP/1.1" 200 14577
204.199.94.87 - - [31/Aug/2023:14:24:40 -0500] "GET /favicon.ico HTTP/1.1" 200 7782
204.199.94.87 - - [31/Aug/2023:14:24:45 -0500] "GET /BLA/resoluciones/index.php?dir= HTTP/1.1" 200 13502
52.167.144.108 - - [31/Aug/2023:14:24:48 -0500] "GET /Publicaciones/2023EE198112.pdf HTTP/1.1" 200 301349
216.245.221.92 - - [31/Aug/2023:14:24:55 -0500] "HEAD / HTTP/1.1" 200 -
204.199.94.87 - - [31/Aug/2023:14:25:08 -0500] "GET /BLA/resoluciones/index.php?dir=RESOLUCIONES+2008%2F HTTP/1.1" 200 976272
173.252.111.10 - - [31/Aug/2023:14:25:09 -0500] "GET /conoce-la-exposicion-fotografica-de-areas-protegidas-y-acuerdos-de-conservacion.html HTTP/1.1" 200 849
173.252.111.118 - - [31/Aug/2023:14:25:09 -0500] "GET /conoce-la-exposicion-fotografica-de-areas-protegidas-y-acuerdos-de-conservacion.html HTTP/1.1" 200 849
204.199.94.87 - - [31/Aug/2023:14:25:16 -0500] "GET /BLA/resoluciones/RESOLUCIONES%202008/4801.pdf HTTP/1.1" 200 486138
201.245.192.253 - - [31/Aug/2023:14:25:34 -0500] "POST /forms/lservlet;jsessionid=ac16012b30d67ce85dc4fe27431592f9e5bb6ed93a9e.e3iSbxaKaheRe34Rch0Ra3mLchv0n6jAmljGr5XDqQLvpAe HTTP/1.1" 200 2
172.22.2.4 - - [31/Aug/2023:14:25:37 -0500] "GET /BLA/boletinlegal/consulta_actos.php?tipo=autos&no=0790&usuario=&sector=&fecha=2023&resuelve= HTTP/1.1" 200 1127
172.22.2.4 - - [31/Aug/2023:14:24:00 -0500] "HEAD /BLA/boletinlegal/ HTTP/1.1" 200 -
201.245.192.253 - - [31/Aug/2023:14:26:10 -0500] "POST /forms/lservlet;jsessionid=ac16012b30d62b9459a25ead4557b46098856db815a4.e3iSbxaKaheRe34Rch0Ra3mLchv0n6jAmljGr5XDqQLvpAe HTTP/1.1" 200 2
186.80.66.114 - - [31/Aug/2023:14:26:23 -0500] "POST /sipsepre/faces/autenticacion.xhtml HTTP/1.1" 200 2187
186.80.66.114 - - [31/Aug/2023:14:26:23 -0500] "GET /sipsepre/faces/javax.faces.resource/messages/messages.png?ln=primefaces&v=4.0 HTTP/1.1" 200 27209
186.80.66.114 - - [31/Aug/2023:14:26:28 -0500] "GET /sipsepre/faces/faces/faces/recuperarclave.xhtml HTTP/1.1" 200 9141
186.80.66.114 - - [31/Aug/2023:14:26:29 -0500] "GET /sipsepre/js/disable_browser_buttons.js HTTP/1.1" 200 3230
186.80.66.114 - - [31/Aug/2023:14:26:29 -0500] "GET /sipsepre/js/funciones.js HTTP/1.1" 200 12592
186.80.66.114 - - [31/Aug/2023:14:26:29 -0500] "GET /sipsepre/faces/javax.faces.resource/primefaces.js?ln=primefaces&v=4.0 HTTP/1.1" 304 -
186.80.66.114 - - [31/Aug/2023:14:26:29 -0500] "GET /sipsepre/faces/javax.faces.resource/layout/layout.css?ln=primefaces&v=4.0 HTTP/1.1" 200 542
186.80.66.114 - - [31/Aug/2023:14:26:29 -0500] "GET /sipsepre/css/custom_css_sg_prime_login.css HTTP/1.1" 200 443
186.80.66.114 - - [31/Aug/2023:14:26:29 -0500] "GET /sipsepre/css/custom_css_sg.css HTTP/1.1" 200 9692
186.80.66.114 - - [31/Aug/2023:14:26:29 -0500] "GET /sipsepre/faces/javax.faces.resource/theme.css?ln=primefaces-sipse HTTP/1.1" 200 50106
186.80.66.114 - - [31/Aug/2023:14:26:29 -0500] "GET /sipsepre/faces/javax.faces.resource/layout/layout.js?ln=primefaces&v=4.0 HTTP/1.1" 200 87560
186.80.66.114 - - [31/Aug/2023:14:26:29 -0500] "GET /sipsepre/faces/javax.faces.resource/primefaces.css?ln=primefaces&v=4.0 HTTP/1.1" 200 53325
186.80.66.114 - - [31/Aug/2023:14:26:29 -0500] "GET /sipsepre/css/v_recuperar_clave.css HTTP/1.1" 200 1293
186.80.66.114 - - [31/Aug/2023:14:26:29 -0500] "GET /sipsepre/faces/javax.faces.resource/jquery/jquery-plugins.js?ln=primefaces&v=4.0 HTTP/1.1" 200 220526
186.80.66.114 - - [31/Aug/2023:14:26:29 -0500] "GET /sipsepre/faces/javax.faces.resource/jquery/jquery.js?ln=primefaces&v=4.0 HTTP/1.1" 200 105384
186.80.66.114 - - [31/Aug/2023:14:26:30 -0500] "GET /sipsepre/css/imagen/clave.png HTTP/1.1" 200 12376
186.80.66.114 - - [31/Aug/2023:14:26:30 -0500] "GET /sipsepre/css/imagen/cargandoC.gif HTTP/1.1" 200 36959
186.80.66.114 - - [31/Aug/2023:14:26:30 -0500] "GET /sipsepre/css/imagen/logoSDG.png HTTP/1.1" 200 53064
186.80.66.114 - - [31/Aug/2023:14:26:30 -0500] "GET /favicon.ico HTTP/1.1" 200 7782
172.22.2.4 - - [31/Aug/2023:14:24:50 -0500] "GET /BLA/boletinlegal/ HTTP/1.1" 200 58981
172.22.2.4 - - [31/Aug/2023:14:26:32 -0500] "GET /BLA/boletinlegal/consulta_actos.php?tipo=autos&no=0791&usuario=&sector=&fecha=2023&resuelve= HTTP/1.1" 200 1126
40.77.167.69 - - [31/Aug/2023:14:26:40 -0500] "GET /BLA/resoluciones/AUTOS%202023/1816.pdf HTTP/1.1" 200 400649
186.80.66.114 - - [31/Aug/2023:14:26:49 -0500] "GET /sipsepre/faces/javax.faces.resource/images/ui-bg_flat_0_2d5972_40x100.png?ln=primefaces-aristo HTTP/1.1" 200 183
186.80.66.114 - - [31/Aug/2023:14:26:49 -0500] "POST /sipsepre/faces/recuperarclave.xhtml HTTP/1.1" 200 2158
186.80.66.114 - - [31/Aug/2023:14:26:49 -0500] "GET /sipsepre/faces/javax.faces.resource/images/ui-icons_898989_256x240.png?ln=primefaces-aristo HTTP/1.1" 200 5355
186.80.66.114 - - [31/Aug/2023:14:26:49 -0500] "GET /sipsepre/faces/javax.faces.resource/messages/messages.png?ln=primefaces&v=4.0 HTTP/1.1" 200 27209
201.245.192.253 - - [31/Aug/2023:14:26:51 -0500] "POST /kwsrmcab/Wsrmcab  HTTP/1.1" 200 213
186.80.66.114 - - [31/Aug/2023:14:27:19 -0500] "POST /sipsepre/faces/recuperarclave.xhtml HTTP/1.1" 200 2162
172.22.2.4 - - [31/Aug/2023:14:27:25 -0500] "GET /BLA/boletinlegal/consulta_actos.php?tipo=autos&no=0796&usuario=&sector=&fecha=2023&resuelve= HTTP/1.1" 200 1169
200.118.80.2 - - [31/Aug/2023:14:27:33 -0500] "GET /BLA/resoluciones/RESOLUCIONES%202021/5211.pdf HTTP/1.1" 200 538978
201.245.192.253 - - [31/Aug/2023:14:27:34 -0500] "POST /forms/lservlet;jsessionid=ac16012b30d67ce85dc4fe27431592f9e5bb6ed93a9e.e3iSbxaKaheRe34Rch0Ra3mLchv0n6jAmljGr5XDqQLvpAe HTTP/1.1" 200 2
172.22.2.4 - - [31/Aug/2023:14:27:44 -0500] "GET /BLA/boletinlegal/consulta_actos.php?tipo=autos&no=0813&usuario=&sector=&fecha=2023&resuelve= HTTP/1.1" 200 1150
201.245.192.253 - - [31/Aug/2023:14:28:10 -0500] "POST /forms/lservlet;jsessionid=ac16012b30d62b9459a25ead4557b46098856db815a4.e3iSbxaKaheRe34Rch0Ra3mLchv0n6jAmljGr5XDqQLvpAe HTTP/1.1" 200 2
186.80.66.114 - - [31/Aug/2023:14:28:12 -0500] "GET /sipsepre/faces/faces/index.xhtml HTTP/1.1" 200 680
186.80.66.114 - - [31/Aug/2023:14:28:12 -0500] "GET /sipsepre/faces/javax.faces.resource/theme.css?ln=primefaces-sipse HTTP/1.1" 200 50106
186.80.66.114 - - [31/Aug/2023:14:28:12 -0500] "GET /sipsepre/faces/faces/faces/autenticacion.xhtml HTTP/1.1" 200 12444
186.80.66.114 - - [31/Aug/2023:14:28:12 -0500] "GET /sipsepre/faces/javax.faces.resource/theme.css?ln=primefaces-sipse HTTP/1.1" 304 -
186.80.66.114 - - [31/Aug/2023:14:28:12 -0500] "GET /sipsepre/faces/javax.faces.resource/jquery/jquery.js?ln=primefaces&v=4.0 HTTP/1.1" 304 -
186.80.66.114 - - [31/Aug/2023:14:28:12 -0500] "GET /sipsepre/faces/javax.faces.resource/jquery/jquery-plugins.js?ln=primefaces&v=4.0 HTTP/1.1" 304 -
186.80.66.114 - - [31/Aug/2023:14:28:13 -0500] "GET /sipsepre/faces/javax.faces.resource/primefaces.js?ln=primefaces&v=4.0 HTTP/1.1" 304 -
186.80.66.114 - - [31/Aug/2023:14:28:13 -0500] "GET /sipsepre/faces/javax.faces.resource/layout/layout.css?ln=primefaces&v=4.0 HTTP/1.1" 304 -
186.80.66.114 - - [31/Aug/2023:14:28:13 -0500] "GET /sipsepre/faces/javax.faces.resource/layout/layout.js?ln=primefaces&v=4.0 HTTP/1.1" 304 -
186.80.66.114 - - [31/Aug/2023:14:28:13 -0500] "GET /sipsepre/faces/javax.faces.resource/primefaces.css?ln=primefaces&v=4.0 HTTP/1.1" 304 -
186.80.66.114 - - [31/Aug/2023:14:28:13 -0500] "GET /sipsepre/faces/javax.faces.resource/images/ui-icons_898989_256x240.png?ln=primefaces-aristo HTTP/1.1" 200 5355
186.80.66.114 - - [31/Aug/2023:14:28:13 -0500] "GET /sipsepre/css/imagen/loginimg.png HTTP/1.1" 200 71635
186.80.66.114 - - [31/Aug/2023:14:28:17 -0500] "POST /sipsepre/faces/autenticacion.xhtml HTTP/1.1" 200 2187
186.80.66.114 - - [31/Aug/2023:14:28:17 -0500] "GET /sipsepre/faces/javax.faces.resource/messages/messages.png?ln=primefaces&v=4.0 HTTP/1.1" 200 27209
201.245.192.253 - - [31/Aug/2023:14:28:26 -0500] "POST /sipse/faces/presentacion/financiero/modificacionContrato/cargarModifiacion.xhtml HTTP/1.1" 200 5359
201.245.192.253 - - [31/Aug/2023:14:28:28 -0500] "POST /kwsrmcab/Wsrmcab HTTP/1.1" 200 43822
201.245.192.253 - - [31/Aug/2023:14:28:31 -0500] "POST /kwsrmcab/Wsrmcab HTTP/1.1" 200 42682
186.80.66.114 - - [31/Aug/2023:14:28:50 -0500] "GET /sipse/ HTTP/1.1" 302 -
186.80.66.114 - - [31/Aug/2023:14:28:50 -0500] "GET /sipse/faces/autenticacion.xhtml HTTP/1.1" 200 12171
186.80.66.114 - - [31/Aug/2023:14:28:51 -0500] "GET /sipse/js/disable_browser_buttons.js HTTP/1.1" 200 3230
186.80.66.114 - - [31/Aug/2023:14:28:51 -0500] "GET /sipse/css/custom_css_sg_prime_login.css HTTP/1.1" 200 443
186.80.66.114 - - [31/Aug/2023:14:28:51 -0500] "GET /sipse/faces/javax.faces.resource/layout/layout.css?ln=primefaces&v=4.0 HTTP/1.1" 200 542
186.80.66.114 - - [31/Aug/2023:14:28:51 -0500] "GET /sipse/js/funciones.js HTTP/1.1" 200 12592
186.80.66.114 - - [31/Aug/2023:14:28:51 -0500] "GET /sipse/faces/javax.faces.resource/primefaces.css?ln=primefaces&v=4.0 HTTP/1.1" 200 53295
186.80.66.114 - - [31/Aug/2023:14:28:51 -0500] "GET /sipse/css/custom_css_sg.css HTTP/1.1" 200 9694
186.80.66.114 - - [31/Aug/2023:14:28:51 -0500] "GET /sipse/faces/javax.faces.resource/theme.css?ln=primefaces-sipse HTTP/1.1" 200 50058
186.80.66.114 - - [31/Aug/2023:14:28:51 -0500] "GET /sipse/faces/javax.faces.resource/layout/layout.js?ln=primefaces&v=4.0 HTTP/1.1" 200 87560
186.80.66.114 - - [31/Aug/2023:14:28:51 -0500] "GET /sipse/faces/javax.faces.resource/jquery/jquery-plugins.js?ln=primefaces&v=4.0 HTTP/1.1" 200 220526
186.80.66.114 - - [31/Aug/2023:14:28:51 -0500] "GET /sipse/faces/javax.faces.resource/jquery/jquery.js?ln=primefaces&v=4.0 HTTP/1.1" 200 105384
186.80.66.114 - - [31/Aug/2023:14:28:51 -0500] "GET /sipse/faces/javax.faces.resource/primefaces.js?ln=primefaces&v=4.0 HTTP/1.1" 304 -
186.80.66.114 - - [31/Aug/2023:14:28:51 -0500] "GET /sipse/faces/javax.faces.resource/images/ui-icons_898989_256x240.png?ln=primefaces-aristo HTTP/1.1" 200 5355
186.80.66.114 - - [31/Aug/2023:14:28:51 -0500] "GET /sipse/css/imagen/loginimg.png HTTP/1.1" 200 71635
186.80.66.114 - - [31/Aug/2023:14:28:51 -0500] "GET /sipse/css/imagen/logoSDG.png HTTP/1.1" 200 53064
186.80.66.114 - - [31/Aug/2023:14:28:51 -0500] "GET /sipse/faces/index.xhtml HTTP/1.1" 200 677
186.80.66.114 - - [31/Aug/2023:14:28:51 -0500] "GET /sipse/faces/javax.faces.resource/theme.css?ln=primefaces-sipse HTTP/1.1" 304 -
186.80.66.114 - - [31/Aug/2023:14:28:52 -0500] "GET /favicon.ico HTTP/1.1" 200 7782
186.80.66.114 - - [31/Aug/2023:14:28:52 -0500] "GET /sipse/faces/faces/autenticacion.xhtml HTTP/1.1" 200 12171
186.80.66.114 - - [31/Aug/2023:14:28:52 -0500] "GET /sipse/faces/javax.faces.resource/theme.css?ln=primefaces-sipse HTTP/1.1" 304 -
186.80.66.114 - - [31/Aug/2023:14:28:52 -0500] "GET /sipse/faces/javax.faces.resource/primefaces.css?ln=primefaces&v=4.0 HTTP/1.1" 304 -
186.80.66.114 - - [31/Aug/2023:14:28:52 -0500] "GET /sipse/faces/javax.faces.resource/jquery/jquery.js?ln=primefaces&v=4.0 HTTP/1.1" 304 -
186.80.66.114 - - [31/Aug/2023:14:28:52 -0500] "GET /sipse/faces/javax.faces.resource/layout/layout.css?ln=primefaces&v=4.0 HTTP/1.1" 304 -
186.80.66.114 - - [31/Aug/2023:14:28:52 -0500] "GET /sipse/faces/javax.faces.resource/primefaces.js?ln=primefaces&v=4.0 HTTP/1.1" 304 -
186.80.66.114 - - [31/Aug/2023:14:28:52 -0500] "GET /sipse/faces/javax.faces.resource/jquery/jquery-plugins.js?ln=primefaces&v=4.0 HTTP/1.1" 304 -
186.80.66.114 - - [31/Aug/2023:14:28:52 -0500] "GET /sipse/faces/javax.faces.resource/layout/layout.js?ln=primefaces&v=4.0 HTTP/1.1" 304 -
186.80.66.114 - - [31/Aug/2023:14:28:52 -0500] "GET /sipse/faces/javax.faces.resource/images/ui-icons_898989_256x240.png?ln=primefaces-aristo HTTP/1.1" 304 -
186.80.66.114 - - [31/Aug/2023:14:29:02 -0500] "POST /sipse/faces/autenticacion.xhtml HTTP/1.1" 200 11145
186.80.66.114 - - [31/Aug/2023:14:29:02 -0500] "GET /sipse/css/custom_css_sg_prime.css HTTP/1.1" 200 5201
186.80.66.114 - - [31/Aug/2023:14:29:02 -0500] "GET /sipse/faces/javax.faces.resource/jquery/jquery.js?ln=primefaces&v=4.0 HTTP/1.1" 304 -
186.80.66.114 - - [31/Aug/2023:14:29:02 -0500] "GET /sipse/faces/javax.faces.resource/jquery/jquery-plugins.js?ln=primefaces&v=4.0 HTTP/1.1" 304 -
186.80.66.114 - - [31/Aug/2023:14:29:02 -0500] "GET /sipse/faces/javax.faces.resource/primefaces.js?ln=primefaces&v=4.0 HTTP/1.1" 304 -
186.80.66.114 - - [31/Aug/2023:14:29:02 -0500] "GET /sipse/faces/javax.faces.resource/layout/layout.js?ln=primefaces&v=4.0 HTTP/1.1" 304 -
186.80.66.114 - - [31/Aug/2023:14:29:02 -0500] "GET /sipse/faces/javax.faces.resource/messages/messages.png?ln=primefaces&v=4.0 HTTP/1.1" 200 27209
186.80.66.114 - - [31/Aug/2023:14:29:04 -0500] "POST /sipse/faces/presentacion/sistema/seguridad/seleccionRol.xhtml HTTP/1.1" 200 1687
186.80.66.114 - - [31/Aug/2023:14:29:07 -0500] "POST /sipse/faces/presentacion/sistema/seguridad/seleccionRol.xhtml HTTP/1.1" 200 5581
186.80.66.114 - - [31/Aug/2023:14:29:08 -0500] "POST /sipse/faces/presentacion/sistema/seguridad/seleccionRol.xhtml HTTP/1.1" 200 17561
186.80.66.114 - - [31/Aug/2023:14:29:09 -0500] "GET /sipse/js/jquery.min.js HTTP/1.1" 200 85582
186.80.66.114 - - [31/Aug/2023:14:29:09 -0500] "GET /sipse/faces/javax.faces.resource/jquery/jquery.js?ln=primefaces&v=4.0 HTTP/1.1" 304 -
186.80.66.114 - - [31/Aug/2023:14:29:09 -0500] "GET /sipse/faces/javax.faces.resource/jquery/jquery-plugins.js?ln=primefaces&v=4.0 HTTP/1.1" 304 -
186.80.66.114 - - [31/Aug/2023:14:29:09 -0500] "GET /sipse/faces/javax.faces.resource/primefaces.js?ln=primefaces&v=4.0 HTTP/1.1" 304 -
186.80.66.114 - - [31/Aug/2023:14:29:09 -0500] "GET /sipse/faces/javax.faces.resource/layout/layout.js?ln=primefaces&v=4.0 HTTP/1.1" 304 -
186.80.66.114 - - [31/Aug/2023:14:29:09 -0500] "GET /sipse/css/v_mergente.css HTTP/1.1" 200 1505
186.80.66.114 - - [31/Aug/2023:14:29:09 -0500] "GET /sipse/imagenes/cargando.gif HTTP/1.1" 200 36959
186.80.66.114 - - [31/Aug/2023:14:29:09 -0500] "GET /sipse/css/imagen/contrasena.png HTTP/1.1" 404 383
186.80.66.114 - - [31/Aug/2023:14:29:09 -0500] "GET /sipse/imagenes/logoAplicacion.jpg HTTP/1.1" 200 155084
186.80.66.114 - - [31/Aug/2023:14:29:11 -0500] "GET /sipse/faces/javax.faces.resource/images/ui-bg_flat_0_2d5972_40x100.png?ln=primefaces-aristo HTTP/1.1" 200 183
186.80.66.114 - - [31/Aug/2023:14:29:11 -0500] "POST /sipse/faces/bienvenido.xhtml HTTP/1.1" 200 8138
186.80.66.114 - - [31/Aug/2023:14:29:13 -0500] "POST /sipse/faces/bienvenido.xhtml HTTP/1.1" 200 2059
186.80.66.114 - - [31/Aug/2023:14:29:14 -0500] "POST /sipse/faces/bienvenido.xhtml HTTP/1.1" 200 67939
186.80.66.114 - - [31/Aug/2023:14:29:15 -0500] "GET /sipse/faces/javax.faces.resource/jquery/jquery.js?ln=primefaces&v=4.0 HTTP/1.1" 304 -
186.80.66.114 - - [31/Aug/2023:14:29:15 -0500] "GET /sipse/faces/javax.faces.resource/jquery/jquery-plugins.js?ln=primefaces&v=4.0 HTTP/1.1" 304 -
186.80.66.114 - - [31/Aug/2023:14:29:15 -0500] "GET /sipse/faces/javax.faces.resource/primefaces.js?ln=primefaces&v=4.0 HTTP/1.1" 304 -
186.80.66.114 - - [31/Aug/2023:14:29:15 -0500] "GET /sipse/faces/javax.faces.resource/layout/layout.js?ln=primefaces&v=4.0 HTTP/1.1" 304 -
172.22.2.4 - - [31/Aug/2023:14:29:22 -0500] "GET /BLA/boletinlegal/consulta_actos.php?tipo=autos&no=0814&usuario=&sector=&fecha=2023&resuelve= HTTP/1.1" 200 1133
186.80.66.114 - - [31/Aug/2023:14:29:29 -0500] "POST /sipse/faces/presentacion/parametrica/funcionario/consultarFuncionario.xhtml HTTP/1.1" 200 42665
186.80.66.114 - - [31/Aug/2023:14:29:29 -0500] "GET /sipse/faces/javax.faces.resource/fileupload/fileupload.css?ln=primefaces&v=4.0 HTTP/1.1" 200 1330
186.80.66.114 - - [31/Aug/2023:14:29:29 -0500] "GET /sipse/faces/javax.faces.resource/jquery/jquery.js?ln=primefaces&v=4.0 HTTP/1.1" 304 -
186.80.66.114 - - [31/Aug/2023:14:29:29 -0500] "GET /sipse/faces/javax.faces.resource/jquery/jquery-plugins.js?ln=primefaces&v=4.0 HTTP/1.1" 304 -
186.80.66.114 - - [31/Aug/2023:14:29:29 -0500] "GET /sipse/faces/javax.faces.resource/primefaces.js?ln=primefaces&v=4.0 HTTP/1.1" 304 -
186.80.66.114 - - [31/Aug/2023:14:29:29 -0500] "GET /sipse/faces/javax.faces.resource/layout/layout.js?ln=primefaces&v=4.0 HTTP/1.1" 304 -
186.80.66.114 - - [31/Aug/2023:14:29:30 -0500] "GET /sipse/faces/javax.faces.resource/fileupload/fileupload.js?ln=primefaces&v=4.0 HTTP/1.1" 200 28091
186.80.66.114 - - [31/Aug/2023:14:29:30 -0500] "GET /sipse/faces/javax.faces.resource/spacer/dot_clear.gif?ln=primefaces&v=4.0 HTTP/1.1" 200 42
186.80.66.114 - - [31/Aug/2023:14:29:30 -0500] "POST /sipse/faces/presentacion/parametrica/funcionario/adminFuncionario.xhtml HTTP/1.1" 200 1984
201.245.192.253 - - [31/Aug/2023:14:29:34 -0500] "POST /forms/lservlet;jsessionid=ac16012b30d67ce85dc4fe27431592f9e5bb6ed93a9e.e3iSbxaKaheRe34Rch0Ra3mLchv0n6jAmljGr5XDqQLvpAe HTTP/1.1" 200 2
186.80.66.114 - - [31/Aug/2023:14:29:35 -0500] "POST /sipse/faces/presentacion/parametrica/funcionario/adminFuncionario.xhtml HTTP/1.1" 200 67939
186.80.66.114 - - [31/Aug/2023:14:29:35 -0500] "GET /sipse/faces/javax.faces.resource/jquery/jquery.js?ln=primefaces&v=4.0 HTTP/1.1" 304 -
186.80.66.114 - - [31/Aug/2023:14:29:35 -0500] "GET /sipse/faces/javax.faces.resource/jquery/jquery-plugins.js?ln=primefaces&v=4.0 HTTP/1.1" 304 -
186.80.66.114 - - [31/Aug/2023:14:29:35 -0500] "GET /sipse/faces/javax.faces.resource/primefaces.js?ln=primefaces&v=4.0 HTTP/1.1" 304 -
186.80.66.114 - - [31/Aug/2023:14:29:35 -0500] "GET /sipse/faces/javax.faces.resource/layout/layout.js?ln=primefaces&v=4.0 HTTP/1.1" 304 -
186.80.66.114 - - [31/Aug/2023:14:29:35 -0500] "POST /sipse/faces/presentacion/parametrica/funcionario/consultarFuncionario.xhtml HTTP/1.1" 200 61347
186.80.66.114 - - [31/Aug/2023:14:29:35 -0500] "POST /sipse/faces/presentacion/parametrica/funcionario/consultarFuncionario.xhtml HTTP/1.1" 200 61347
186.80.66.114 - - [31/Aug/2023:14:29:39 -0500] "POST /sipse/faces/presentacion/parametrica/funcionario/consultarFuncionario.xhtml HTTP/1.1" 200 5453
40.77.167.69 - - [31/Aug/2023:14:29:41 -0500] "GET /BLA/resoluciones/AUTOS%202023/3423.pdf HTTP/1.1" 200 620470
172.22.2.4 - - [31/Aug/2023:14:29:42 -0500] "GET /BLA/boletinlegal/consulta_actos.php?tipo=autos&no=0815&usuario=&sector=&fecha=2023&resuelve= HTTP/1.1" 200 626
186.80.66.114 - - [31/Aug/2023:14:29:42 -0500] "POST /sipse/faces/presentacion/parametrica/funcionario/consultarFuncionario.xhtml HTTP/1.1" 200 82129
186.80.66.114 - - [31/Aug/2023:14:29:43 -0500] "GET /sipse/faces/javax.faces.resource/jquery/jquery.js?ln=primefaces&v=4.0 HTTP/1.1" 304 -
186.80.66.114 - - [31/Aug/2023:14:29:43 -0500] "GET /sipse/faces/javax.faces.resource/jquery/jquery-plugins.js?ln=primefaces&v=4.0 HTTP/1.1" 304 -
186.80.66.114 - - [31/Aug/2023:14:29:43 -0500] "GET /sipse/faces/javax.faces.resource/primefaces.js?ln=primefaces&v=4.0 HTTP/1.1" 304 -
186.80.66.114 - - [31/Aug/2023:14:29:43 -0500] "GET /sipse/faces/javax.faces.resource/layout/layout.js?ln=primefaces&v=4.0 HTTP/1.1" 304 -
186.80.66.114 - - [31/Aug/2023:14:29:43 -0500] "GET /sipse/faces/javax.faces.resource/fileupload/fileupload.js?ln=primefaces&v=4.0 HTTP/1.1" 304 -
201.245.192.253 - - [31/Aug/2023:14:29:48 -0500] "POST /forms/lservlet;jsessionid=ac16012b30d62b9459a25ead4557b46098856db815a4.e3iSbxaKaheRe34Rch0Ra3mLchv0n6jAmljGr5XDqQLvpAe HTTP/1.1" 200 1459
201.245.192.253 - - [31/Aug/2023:14:29:49 -0500] "POST /forms/lservlet;jsessionid=ac16012b30d62b9459a25ead4557b46098856db815a4.e3iSbxaKaheRe34Rch0Ra3mLchv0n6jAmljGr5XDqQLvpAe HTTP/1.1" 200 2
201.245.192.253 - - [31/Aug/2023:14:29:49 -0500] "POST /forms/lservlet;jsessionid=ac16012b30d62b9459a25ead4557b46098856db815a4.e3iSbxaKaheRe34Rch0Ra3mLchv0n6jAmljGr5XDqQLvpAe HTTP/1.1" 200 -
216.245.221.92 - - [31/Aug/2023:14:29:55 -0500] "HEAD / HTTP/1.1" 200 -
186.80.66.114 - - [31/Aug/2023:14:30:04 -0500] "POST /sipse/faces/presentacion/parametrica/funcionario/adminFuncionarioVerDetalle.xhtml HTTP/1.1" 200 911
172.22.2.4 - - [31/Aug/2023:14:30:12 -0500] "GET /BLA/boletinlegal/consulta_actos.php?tipo=autos&no=0815&usuario=&sector=&fecha=2023&resuelve= HTTP/1.1" 200 626
186.80.66.114 - - [31/Aug/2023:14:30:12 -0500] "GET /sipsepre/faces/index.xhtml HTTP/1.1" 200 680
186.80.66.114 - - [31/Aug/2023:14:30:12 -0500] "GET /sipsepre/faces/javax.faces.resource/theme.css?ln=primefaces-sipse HTTP/1.1" 200 50106
186.80.66.114 - - [31/Aug/2023:14:30:13 -0500] "GET /sipsepre/faces/faces/autenticacion.xhtml HTTP/1.1" 200 12444
186.80.66.114 - - [31/Aug/2023:14:30:13 -0500] "GET /sipsepre/faces/javax.faces.resource/theme.css?ln=primefaces-sipse HTTP/1.1" 304 -
186.80.66.114 - - [31/Aug/2023:14:30:13 -0500] "GET /sipsepre/faces/javax.faces.resource/layout/layout.css?ln=primefaces&v=4.0 HTTP/1.1" 200 542
186.80.66.114 - - [31/Aug/2023:14:30:13 -0500] "GET /sipsepre/faces/javax.faces.resource/jquery/jquery.js?ln=primefaces&v=4.0 HTTP/1.1" 304 -
186.80.66.114 - - [31/Aug/2023:14:30:13 -0500] "GET /sipsepre/faces/javax.faces.resource/jquery/jquery-plugins.js?ln=primefaces&v=4.0 HTTP/1.1" 304 -
186.80.66.114 - - [31/Aug/2023:14:30:13 -0500] "GET /sipsepre/faces/javax.faces.resource/layout/layout.js?ln=primefaces&v=4.0 HTTP/1.1" 304 -
186.80.66.114 - - [31/Aug/2023:14:30:13 -0500] "GET /sipsepre/faces/javax.faces.resource/primefaces.js?ln=primefaces&v=4.0 HTTP/1.1" 304 -
186.80.66.114 - - [31/Aug/2023:14:30:13 -0500] "GET /sipsepre/faces/javax.faces.resource/primefaces.css?ln=primefaces&v=4.0 HTTP/1.1" 200 53325
186.80.66.114 - - [31/Aug/2023:14:30:13 -0500] "GET /sipsepre/faces/javax.faces.resource/images/ui-icons_898989_256x240.png?ln=primefaces-aristo HTTP/1.1" 200 5355
186.80.66.114 - - [31/Aug/2023:14:30:18 -0500] "POST /sipsepre/faces/autenticacion.xhtml HTTP/1.1" 200 2187
186.80.66.114 - - [31/Aug/2023:14:30:20 -0500] "POST /sipsepre/faces/autenticacion.xhtml HTTP/1.1" 200 2191
186.80.66.114 - - [31/Aug/2023:14:30:20 -0500] "GET /sipsepre/faces/javax.faces.resource/messages/messages.png?ln=primefaces&v=4.0 HTTP/1.1" 200 27209
186.80.66.114 - - [31/Aug/2023:14:30:23 -0500] "GET /sipsepre/faces/faces/recuperarclave.xhtml HTTP/1.1" 200 9173
186.80.66.114 - - [31/Aug/2023:14:30:23 -0500] "GET /sipsepre/faces/javax.faces.resource/primefaces.css?ln=primefaces&v=4.0 HTTP/1.1" 304 -
186.80.66.114 - - [31/Aug/2023:14:30:23 -0500] "GET /sipsepre/faces/javax.faces.resource/theme.css?ln=primefaces-sipse HTTP/1.1" 304 -
186.80.66.114 - - [31/Aug/2023:14:30:23 -0500] "GET /sipsepre/faces/javax.faces.resource/jquery/jquery-plugins.js?ln=primefaces&v=4.0 HTTP/1.1" 304 -
186.80.66.114 - - [31/Aug/2023:14:30:23 -0500] "GET /sipsepre/faces/javax.faces.resource/layout/layout.css?ln=primefaces&v=4.0 HTTP/1.1" 304 -
186.80.66.114 - - [31/Aug/2023:14:30:23 -0500] "GET /sipsepre/faces/javax.faces.resource/jquery/jquery.js?ln=primefaces&v=4.0 HTTP/1.1" 304 -
186.80.66.114 - - [31/Aug/2023:14:30:23 -0500] "GET /sipsepre/faces/javax.faces.resource/primefaces.js?ln=primefaces&v=4.0 HTTP/1.1" 304 -
186.80.66.114 - - [31/Aug/2023:14:30:23 -0500] "GET /sipsepre/faces/javax.faces.resource/layout/layout.js?ln=primefaces&v=4.0 HTTP/1.1" 304 -
172.22.2.4 - - [31/Aug/2023:14:30:26 -0500] "GET /BLA/boletinlegal/consulta_actos.php?tipo=autos&no=0815&usuario=&sector=&fecha=2023&resuelve= HTTP/1.1" 200 626
172.22.2.4 - - [31/Aug/2023:14:30:26 -0500] "GET /BLA/boletinlegal/consulta_actos.php?tipo=autos&no=0815&usuario=&sector=&fecha=2023&resuelve= HTTP/1.1" 200 626
172.22.2.4 - - [31/Aug/2023:14:30:27 -0500] "GET /BLA/boletinlegal/consulta_actos.php?tipo=autos&no=0815&usuario=&sector=&fecha=2023&resuelve= HTTP/1.1" 200 626
172.22.2.4 - - [31/Aug/2023:14:30:27 -0500] "GET /BLA/boletinlegal/consulta_actos.php?tipo=autos&no=0815&usuario=&sector=&fecha=2023&resuelve= HTTP/1.1" 200 626
186.80.66.114 - - [31/Aug/2023:14:30:31 -0500] "GET /sipsepre/faces/javax.faces.resource/images/ui-bg_flat_0_2d5972_40x100.png?ln=primefaces-aristo HTTP/1.1" 200 183
186.80.66.114 - - [31/Aug/2023:14:30:31 -0500] "POST /sipsepre/faces/recuperarclave.xhtml HTTP/1.1" 200 2158
186.80.66.114 - - [31/Aug/2023:14:30:31 -0500] "GET /sipsepre/faces/javax.faces.resource/images/ui-icons_898989_256x240.png?ln=primefaces-aristo HTTP/1.1" 304 -
186.80.66.114 - - [31/Aug/2023:14:30:31 -0500] "GET /sipsepre/faces/javax.faces.resource/messages/messages.png?ln=primefaces&v=4.0 HTTP/1.1" 304 -
172.22.2.4 - - [31/Aug/2023:14:30:36 -0500] "GET /BLA/boletinlegal/consulta_actos.php?tipo=autos&no=0815&usuario=&sector=&fecha=2023&resuelve= HTTP/1.1" 200 626
66.249.66.85 - - [31/Aug/2023:14:30:40 -0500] "GET /portaldeninos/wp-content/uploads/2016/02/home_toy_pic5-960x675.jpg HTTP/1.1" 200 91229
201.245.192.253 - - [31/Aug/2023:14:30:50 -0500] "POST /sipse/faces/presentacion/financiero/solicitudProceso/consultarSolicitudProceso.xhtml HTTP/1.1" 200 43782
201.245.192.253 - - [31/Aug/2023:14:30:51 -0500] "GET /sipse/faces/javax.faces.resource/layout/layout.css?ln=primefaces&v=4.0 HTTP/1.1" 304 -
201.245.192.253 - - [31/Aug/2023:14:30:51 -0500] "GET /sipse/faces/javax.faces.resource/primefaces.css?ln=primefaces&v=4.0 HTTP/1.1" 304 -
201.245.192.253 - - [31/Aug/2023:14:30:51 -0500] "GET /sipse/faces/javax.faces.resource/jquery/jquery.js?ln=primefaces&v=4.0 HTTP/1.1" 304 -
201.245.192.253 - - [31/Aug/2023:14:30:51 -0500] "GET /sipse/faces/javax.faces.resource/jquery/jquery-plugins.js?ln=primefaces&v=4.0 HTTP/1.1" 304 -
201.245.192.253 - - [31/Aug/2023:14:30:52 -0500] "GET /sipse/faces/javax.faces.resource/primefaces.js?ln=primefaces&v=4.0 HTTP/1.1" 304 -
201.245.192.253 - - [31/Aug/2023:14:30:52 -0500] "GET /sipse/faces/javax.faces.resource/layout/layout.js?ln=primefaces&v=4.0 HTTP/1.1" 304 -
201.245.192.253 - - [31/Aug/2023:14:30:52 -0500] "POST /sipse/faces/presentacion/financiero/solicitudProceso/consultar.xhtml HTTP/1.1" 200 37181
201.245.192.253 - - [31/Aug/2023:14:30:52 -0500] "POST /sipse/faces/presentacion/financiero/solicitudProceso/consultar.xhtml HTTP/1.1" 200 37181
201.245.192.253 - - [31/Aug/2023:14:30:52 -0500] "GET /sipse/faces/javax.faces.resource/theme.css?ln=primefaces-sipse HTTP/1.1" 304 -
201.245.192.253 - - [31/Aug/2023:14:30:52 -0500] "POST /sipse/faces/presentacion/financiero/solicitudProceso/consultar.xhtml HTTP/1.1" 200 37181
201.245.192.253 - - [31/Aug/2023:14:30:53 -0500] "POST /sipse/faces/presentacion/financiero/solicitudProceso/consultar.xhtml HTTP/1.1" 200 37181
201.245.192.253 - - [31/Aug/2023:14:30:53 -0500] "POST /sipse/faces/presentacion/financiero/solicitudProceso/consultar.xhtml HTTP/1.1" 200 37181
201.245.192.253 - - [31/Aug/2023:14:30:53 -0500] "POST /sipse/faces/presentacion/financiero/solicitudProceso/consultar.xhtml HTTP/1.1" 200 37181
201.245.192.253 - - [31/Aug/2023:14:30:53 -0500] "POST /sipse/faces/presentacion/financiero/solicitudProceso/consultar.xhtml HTTP/1.1" 200 37181
201.245.192.253 - - [31/Aug/2023:14:30:53 -0500] "POST /sipse/faces/presentacion/financiero/solicitudProceso/consultar.xhtml HTTP/1.1" 200 37181
201.245.192.253 - - [31/Aug/2023:14:30:54 -0500] "POST /sipse/faces/presentacion/financiero/solicitudProceso/consultar.xhtml HTTP/1.1" 200 37181
201.245.192.253 - - [31/Aug/2023:14:30:54 -0500] "POST /sipse/faces/presentacion/financiero/solicitudProceso/consultar.xhtml HTTP/1.1" 200 37181
201.245.192.253 - - [31/Aug/2023:14:30:56 -0500] "POST /sipse/faces/presentacion/financiero/solicitudProceso/consultar.xhtml HTTP/1.1" 200 12819
201.245.192.253 - - [31/Aug/2023:14:31:02 -0500] "POST /sipse/faces/presentacion/financiero/solicitudProceso/consultar.xhtml HTTP/1.1" 200 150169
201.245.192.253 - - [31/Aug/2023:14:31:03 -0500] "GET /sipse/faces/javax.faces.resource/theme.css?ln=primefaces-sipse HTTP/1.1" 304 -
201.245.192.253 - - [31/Aug/2023:14:31:03 -0500] "GET /sipse/faces/javax.faces.resource/primefaces.css?ln=primefaces&v=4.0 HTTP/1.1" 304 -
201.245.192.253 - - [31/Aug/2023:14:31:03 -0500] "GET /sipse/faces/javax.faces.resource/layout/layout.css?ln=primefaces&v=4.0 HTTP/1.1" 304 -
201.245.192.253 - - [31/Aug/2023:14:31:03 -0500] "GET /sipse/faces/javax.faces.resource/jquery/jquery.js?ln=primefaces&v=4.0 HTTP/1.1" 304 -
201.245.192.253 - - [31/Aug/2023:14:31:03 -0500] "GET /sipse/faces/javax.faces.resource/jquery/jquery-plugins.js?ln=primefaces&v=4.0 HTTP/1.1" 304 -
201.245.192.253 - - [31/Aug/2023:14:31:03 -0500] "GET /sipse/faces/javax.faces.resource/primefaces.js?ln=primefaces&v=4.0 HTTP/1.1" 304 -
201.245.192.253 - - [31/Aug/2023:14:31:03 -0500] "GET /sipse/faces/javax.faces.resource/layout/layout.js?ln=primefaces&v=4.0 HTTP/1.1" 304 -
201.245.192.253 - - [31/Aug/2023:14:31:04 -0500] "GET /sipse/faces/javax.faces.resource/dynamiccontent.properties?ln=primefaces&pfdrid=XjOR5%2F%2FfPAZAuY9TpWQeCiM0BhlXxYRBGKi%2FQcXXfeA%3D&pfdrid_c=false HTTP/1.1" 500 383
172.22.2.4 - - [31/Aug/2023:14:31:05 -0500] "GET /BLA/boletinlegal/consulta_actos.php?tipo=autos&no=0824&usuario=&sector=&fecha=2023&resuelve= HTTP/1.1" 200 1097
172.22.2.4 - - [31/Aug/2023:14:31:22 -0500] "GET /BLA/boletinlegal/consulta_actos.php?tipo=autos&no=0835&usuario=&sector=&fecha=2023&resuelve= HTTP/1.1" 200 1125
186.155.19.136 - - [31/Aug/2023:14:31:23 -0500] "GET /BLA/resoluciones/index.php?dir=RESOLUCIONES+2014%2F HTTP/1.1" 200 334019
186.155.19.136 - - [31/Aug/2023:14:31:28 -0500] "GET /BLA/resoluciones/RESOLUCIONES%202014/2597.pdf HTTP/1.1" 200 275159
201.245.192.253 - - [31/Aug/2023:14:31:28 -0500] "POST /sipse/faces/presentacion/financiero/solicitudProceso/consultarSolicitudProceso.xhtml HTTP/1.1" 200 51019
201.245.192.253 - - [31/Aug/2023:14:31:29 -0500] "GET /sipse/faces/javax.faces.resource/primefaces.css?ln=primefaces&v=4.0 HTTP/1.1" 304 -
201.245.192.253 - - [31/Aug/2023:14:31:29 -0500] "GET /sipse/faces/javax.faces.resource/theme.css?ln=primefaces-sipse HTTP/1.1" 304 -
201.245.192.253 - - [31/Aug/2023:14:31:29 -0500] "GET /sipse/faces/javax.faces.resource/layout/layout.css?ln=primefaces&v=4.0 HTTP/1.1" 304 -
201.245.192.253 - - [31/Aug/2023:14:31:29 -0500] "GET /sipse/faces/javax.faces.resource/jquery/jquery.js?ln=primefaces&v=4.0 HTTP/1.1" 304 -
201.245.192.253 - - [31/Aug/2023:14:31:29 -0500] "GET /sipse/faces/javax.faces.resource/jquery/jquery-plugins.js?ln=primefaces&v=4.0 HTTP/1.1" 304 -
201.245.192.253 - - [31/Aug/2023:14:31:29 -0500] "GET /sipse/faces/javax.faces.resource/primefaces.js?ln=primefaces&v=4.0 HTTP/1.1" 304 -
201.245.192.253 - - [31/Aug/2023:14:31:29 -0500] "GET /sipse/faces/javax.faces.resource/layout/layout.js?ln=primefaces&v=4.0 HTTP/1.1" 304 -
201.245.192.253 - - [31/Aug/2023:14:31:29 -0500] "GET /sipse/css/imagen/contrasena.png HTTP/1.1" 404 383
201.245.192.253 - - [31/Aug/2023:14:31:29 -0500] "GET /sipse/faces/javax.faces.resource/images/ui-icons_898989_256x240.png?ln=primefaces-aristo HTTP/1.1" 304 -
172.22.2.4 - - [31/Aug/2023:14:29:50 -0500] "HEAD /BLA/boletinlegal/ HTTP/1.1" 200 -
201.245.192.253 - - [31/Aug/2023:14:31:34 -0500] "POST /forms/lservlet;jsessionid=ac16012b30d67ce85dc4fe27431592f9e5bb6ed93a9e.e3iSbxaKaheRe34Rch0Ra3mLchv0n6jAmljGr5XDqQLvpAe HTTP/1.1" 200 2
201.245.192.253 - - [31/Aug/2023:14:31:50 -0500] "POST /kwsrmcab/Wsrmcab  HTTP/1.1" 200 213
172.22.2.4 - - [31/Aug/2023:14:32:19 -0500] "GET /BLA/boletinlegal/consulta_actos.php?tipo=autos&no=0863&usuario=&sector=&fecha=2023&resuelve= HTTP/1.1" 200 1133
172.22.2.4 - - [31/Aug/2023:14:30:40 -0500] "GET /BLA/boletinlegal/ HTTP/1.1" 200 59343
172.22.2.4 - - [31/Aug/2023:14:32:38 -0500] "GET /BLA/boletinlegal/consulta_actos.php?tipo=autos&no=0866&usuario=&sector=&fecha=2023&resuelve= HTTP/1.1" 200 1128
186.80.66.114 - - [31/Aug/2023:14:32:39 -0500] "POST /sipsepre/faces/recuperarclave.xhtml HTTP/1.1" 200 2162
201.245.192.253 - - [31/Aug/2023:14:32:47 -0500] "GET /BLA/resoluciones/ HTTP/1.1" 200 13502
201.245.192.253 - - [31/Aug/2023:14:32:51 -0500] "GET /BLA/resoluciones/index.php?dir=RESOLUCIONES+2001%2F HTTP/1.1" 200 25153
186.80.66.114 - - [31/Aug/2023:14:33:01 -0500] "POST /sipsepre/faces/recuperarclave.xhtml HTTP/1.1" 200 2162
201.245.192.253 - - [31/Aug/2023:14:33:03 -0500] "GET /BLA/resoluciones/RESOLUCIONES%202001/2001%20750-799.TIF HTTP/1.1" 200 8805346
201.245.192.253 - - [31/Aug/2023:14:33:15 -0500] "GET /BLA/resoluciones/ HTTP/1.1" 200 13502
201.245.192.253 - - [31/Aug/2023:14:33:18 -0500] "GET /BLA/resoluciones/index.php?dir=RESOLUCIONES+2002%2F HTTP/1.1" 200 26096
201.245.192.253 - - [31/Aug/2023:14:33:25 -0500] "GET /BLA/resoluciones/index.php HTTP/1.1" 200 13502
186.80.66.114 - - [31/Aug/2023:14:33:27 -0500] "GET /sipsepre/faces/index.xhtml HTTP/1.1" 200 680
