!C99Shell v. 1.0 pre-release build #13!

Software: Apache. PHP/5.5.15 

uname -a: Windows NT SVR-DMZ 6.1 build 7600 (Windows Server 2008 R2 Enterprise Edition) i586 

SYSTEM 

Safe-mode: OFF (not secure)

E:\nuevo\apache\logs\   drwxrwxrwx
Free 9.41 GB of 239.26 GB (3.93%)
Detected drives: [ a ] [ c ] [ d ] [ e ] [ f ]
Home    Back    Forward    UPDIR    Refresh    Search    Buffer    Encoder    Tools    Proc.    FTP brute    Sec.    SQL    PHP-code    Update    Feedback    Self remove    Logout    


Viewing file:     access.2023.09.01.log (2.03 MB)      -rw-rw-rw-
Select action/file-type:
(+) | (+) | (+) | Code (+) | Session (+) | (+) | SDB (+) | (+) | (+) | (+) | (+) | (+) |
172.22.2.4 - - [01/Sep/2023:00:01:28 -0500] "HEAD /BLA/boletinlegal/ HTTP/1.1" 200 -
172.22.2.4 - - [01/Sep/2023:00:02:19 -0500] "GET /BLA/boletinlegal/ HTTP/1.1" 200 58597
52.167.144.184 - - [01/Sep/2023:00:04:11 -0500] "GET /BLA/resoluciones/AUTOS%202023/2845.pdf HTTP/1.1" 200 601055
52.167.144.184 - - [01/Sep/2023:00:04:11 -0500] "GET /BLA/resoluciones/AUTOS%202023/3526.pdf HTTP/1.1" 200 393723
201.245.192.253 - - [01/Sep/2023:00:04:38 -0500] "POST /kwsrmcab/Wsrmcab  HTTP/1.1" 200 43358
216.245.221.92 - - [01/Sep/2023:00:04:54 -0500] "HEAD / HTTP/1.1" 200 -
172.22.2.4 - - [01/Sep/2023:00:07:18 -0500] "HEAD /BLA/boletinlegal/ HTTP/1.1" 200 -
201.245.192.253 - - [01/Sep/2023:00:09:38 -0500] "POST /kwsrmcab/Wsrmcab  HTTP/1.1" 200 43358
172.22.2.4 - - [01/Sep/2023:00:08:08 -0500] "GET /BLA/boletinlegal/ HTTP/1.1" 200 59699
216.245.221.92 - - [01/Sep/2023:00:09:54 -0500] "HEAD / HTTP/1.1" 200 -
52.167.144.16 - - [01/Sep/2023:00:11:22 -0500] "GET /BLA/resoluciones/AUTOS%202023/1301.pdf HTTP/1.1" 200 381558
52.167.144.189 - - [01/Sep/2023:00:12:31 -0500] "GET /BLA/resoluciones/AUTOS%202023/0715.pdf HTTP/1.1" 200 1191446
186.29.201.82 - - [01/Sep/2023:00:13:53 -0500] "GET /BLA/resoluciones/index.php?dir=AUTOS+2023%2F HTTP/1.1" 200 264124
152.61.192.232 - - [01/Sep/2023:00:14:00 -0500] "GET / HTTP/1.1" 200 319
162.55.167.166 - - [01/Sep/2023:00:14:30 -0500] "GET / HTTP/1.1" 200 4720
162.55.167.166 - - [01/Sep/2023:00:14:31 -0500] "GET / HTTP/1.1" 200 319
201.245.192.253 - - [01/Sep/2023:00:14:37 -0500] "POST /kwsrmcab/Wsrmcab  HTTP/1.1" 200 43358
172.22.2.4 - - [01/Sep/2023:00:13:08 -0500] "HEAD /BLA/boletinlegal/ HTTP/1.1" 200 -
216.245.221.92 - - [01/Sep/2023:00:14:54 -0500] "HEAD / HTTP/1.1" 200 -
173.252.107.4 - - [01/Sep/2023:00:14:56 -0500] "GET /monica-fonnegra-una-disenadora-que-inspira-amor-por-la-naturaleza-a-traves-de-la-moda.html HTTP/1.1" 200 976
66.249.66.86 - - [01/Sep/2023:00:15:23 -0500] "GET /portaldeninos/2021/06/05/celebracion-del-dia-mundial-del-medio-ambiente-comenzo-desde-uno-de-los-pulmones-de-bogota/ HTTP/1.1" 200 104357
66.249.66.85 - - [01/Sep/2023:00:15:26 -0500] "GET /portaldeninos/wp-content/themes/betheme/assets/animations/animations.min.css?ver=20.9.6 HTTP/1.1" 200 58508
66.249.66.86 - - [01/Sep/2023:00:15:27 -0500] "GET /portaldeninos/wp-content/themes/betheme/css/shortcodes.css?ver=20.9.6 HTTP/1.1" 200 138889
66.249.66.86 - - [01/Sep/2023:00:15:28 -0500] "GET /portaldeninos/wp-content/plugins/google-analytics-for-wordpress/assets/js/frontend-gtag.min.js?ver=8.5.0 HTTP/1.1" 200 11801
66.249.66.85 - - [01/Sep/2023:00:15:29 -0500] "GET /portaldeninos/wp-includes/js/jquery/jquery.js?ver=1.12.4 HTTP/1.1" 200 97184
66.249.66.85 - - [01/Sep/2023:00:15:30 -0500] "GET /portaldeninos/wp-content/themes/betheme/assets/jplayer/jplayer.min.js?ver=20.9.6 HTTP/1.1" 200 52702
66.249.66.85 - - [01/Sep/2023:00:15:30 -0500] "GET /portaldeninos/wp-includes/js/comment-reply.min.js?ver=4.9.8 HTTP/1.1" 200 1078
172.22.2.4 - - [01/Sep/2023:00:13:59 -0500] "GET /BLA/boletinlegal/ HTTP/1.1" 200 58187
51.222.44.188 - - [01/Sep/2023:00:15:50 -0500] "GET /wp-content/plugins/incache/index.php HTTP/1.1" 404 1022
40.77.167.73 - - [01/Sep/2023:00:16:42 -0500] "GET /svr-ciudadano/ HTTP/1.1" 200 104600
200.118.60.55 - - [01/Sep/2023:00:17:47 -0500] "GET /BLA/resoluciones/dlf/styles.css HTTP/1.1" 200 3049
200.118.60.55 - - [01/Sep/2023:00:17:47 -0500] "GET /BLA/resoluciones/dlf/pdf.gif HTTP/1.1" 200 272
200.118.60.55 - - [01/Sep/2023:00:17:47 -0500] "GET /BLA/resoluciones/dlf/dirup.png HTTP/1.1" 200 644
200.118.60.55 - - [01/Sep/2023:00:17:46 -0500] "GET /BLA/resoluciones/index.php?dir=AUTOS+2014%2F HTTP/1.1" 200 890525
200.118.60.55 - - [01/Sep/2023:00:17:47 -0500] "GET /BLA/resoluciones/dlf/unknown.png HTTP/1.1" 200 266
200.118.60.55 - - [01/Sep/2023:00:17:47 -0500] "GET /BLA/resoluciones/dlf/bg.gif HTTP/1.1" 200 54
201.245.192.253 - - [01/Sep/2023:00:18:25 -0500] "POST /kwsrmcab/Wsrmcab HTTP/1.1" 200 43474
201.245.192.253 - - [01/Sep/2023:00:18:29 -0500] "POST /kwsrmcab/Wsrmcab HTTP/1.1" 200 43343
52.167.144.108 - - [01/Sep/2023:00:19:27 -0500] "GET /Publicaciones/2023EE201304.pdf HTTP/1.1" 200 232029
52.167.144.108 - - [01/Sep/2023:00:19:27 -0500] "GET /Publicaciones/2023EE201242.pdf HTTP/1.1" 200 232099
157.55.39.212 - - [01/Sep/2023:00:19:31 -0500] "GET /Publicaciones/2023EE201246.pdf HTTP/1.1" 200 1188056
201.245.192.253 - - [01/Sep/2023:00:19:36 -0500] "POST /kwsrmcab/Wsrmcab  HTTP/1.1" 200 43358
157.55.39.212 - - [01/Sep/2023:00:19:36 -0500] "GET /Publicaciones/2023EE200785.pdf HTTP/1.1" 200 1095040
52.167.144.209 - - [01/Sep/2023:00:19:41 -0500] "GET /Publicaciones/2023EE200814.pdf HTTP/1.1" 200 231990
52.167.144.209 - - [01/Sep/2023:00:19:41 -0500] "GET /Publicaciones/2023EE201240.pdf HTTP/1.1" 200 232010
52.167.144.209 - - [01/Sep/2023:00:19:42 -0500] "GET /Publicaciones/2023EE201243.pdf HTTP/1.1" 200 231996
52.167.144.209 - - [01/Sep/2023:00:19:42 -0500] "GET /Publicaciones/2023EE201072.pdf HTTP/1.1" 200 648029
52.167.144.209 - - [01/Sep/2023:00:19:43 -0500] "GET /Publicaciones/2023EE201021.pdf HTTP/1.1" 200 426364
52.167.144.209 - - [01/Sep/2023:00:19:44 -0500] "GET /Publicaciones/2023EE201011.pdf HTTP/1.1" 200 370193
52.167.144.209 - - [01/Sep/2023:00:19:44 -0500] "GET /Publicaciones/2023EE200784.pdf HTTP/1.1" 200 1184374
216.245.221.92 - - [01/Sep/2023:00:19:54 -0500] "HEAD / HTTP/1.1" 200 -
172.22.2.4 - - [01/Sep/2023:00:18:58 -0500] "HEAD /BLA/boletinlegal/ HTTP/1.1" 200 -
172.22.2.4 - - [01/Sep/2023:00:19:49 -0500] "GET /BLA/boletinlegal/ HTTP/1.1" 200 53013
173.252.127.20 - - [01/Sep/2023:00:23:24 -0500] "GET /mas-de-179-individuos-de-aves-fueron-avistados-en-el-global-big-day.html HTTP/1.1" 200 786
201.245.192.253 - - [01/Sep/2023:00:24:35 -0500] "POST /kwsrmcab/Wsrmcab  HTTP/1.1" 200 43358
152.61.128.50 - - [01/Sep/2023:00:24:40 -0500] "GET / HTTP/1.1" 200 319
216.245.221.92 - - [01/Sep/2023:00:24:54 -0500] "HEAD / HTTP/1.1" 200 -
40.77.167.208 - - [01/Sep/2023:00:25:35 -0500] "GET /BLA/resoluciones/RESOLUCIONES%202019/2304.pdf HTTP/1.1" 304 -
176.58.99.17 - - [01/Sep/2023:00:26:23 -0500] "GET /portaldeninos/ HTTP/1.1" 200 110175
172.22.2.4 - - [01/Sep/2023:00:24:48 -0500] "HEAD /BLA/boletinlegal/ HTTP/1.1" 200 -
172.22.2.4 - - [01/Sep/2023:00:25:38 -0500] "GET /BLA/boletinlegal/ HTTP/1.1" 200 52656
40.77.167.46 - - [01/Sep/2023:00:27:51 -0500] "GET /BLA/resoluciones/AUTOS%202017/2767.pdf HTTP/1.1" 304 -
66.249.70.5 - - [01/Sep/2023:00:28:27 -0500] "GET /BLA/resoluciones/Notificaciones/RESOLUCIONES%202023/5132.pdf HTTP/1.1" 304 -
201.245.192.253 - - [01/Sep/2023:00:28:26 -0500] "POST /kwsrmcab/Wsrmcab HTTP/1.1" 200 43474
201.245.192.253 - - [01/Sep/2023:00:28:29 -0500] "POST /kwsrmcab/Wsrmcab HTTP/1.1" 200 43343
172.22.2.4 - - [01/Sep/2023:00:28:57 -0500] "GET /BLA/boletinlegal/actos.php HTTP/1.1" 200 9682
201.245.192.253 - - [01/Sep/2023:00:29:34 -0500] "POST /kwsrmcab/Wsrmcab  HTTP/1.1" 200 43358
216.245.221.92 - - [01/Sep/2023:00:29:54 -0500] "HEAD / HTTP/1.1" 200 -
172.22.2.4 - - [01/Sep/2023:00:30:38 -0500] "HEAD /BLA/boletinlegal/ HTTP/1.1" 200 -
172.22.2.4 - - [01/Sep/2023:00:32:31 -0500] "GET /BLA/boletinlegal/robots.txt HTTP/1.1" 404 1038
172.22.2.4 - - [01/Sep/2023:00:31:29 -0500] "GET /BLA/boletinlegal/ HTTP/1.1" 200 55460
172.22.2.4 - - [01/Sep/2023:00:32:34 -0500] "GET /BLA/boletinlegal/index.php HTTP/1.1" 200 59699
201.245.192.253 - - [01/Sep/2023:00:34:33 -0500] "POST /kwsrmcab/Wsrmcab  HTTP/1.1" 200 43358
216.245.221.92 - - [01/Sep/2023:00:34:54 -0500] "HEAD / HTTP/1.1" 200 -
40.77.167.51 - - [01/Sep/2023:00:35:32 -0500] "GET /BLA/resoluciones/AUTOS%202023/0814.pdf HTTP/1.1" 200 375496
186.31.177.62 - - [01/Sep/2023:00:36:18 -0500] "GET /sipse/faces/index.xhtml HTTP/1.1" 200 677
186.31.177.62 - - [01/Sep/2023:00:36:19 -0500] "GET /sipse/faces/javax.faces.resource/theme.css?ln=primefaces-sipse HTTP/1.1" 304 -
186.31.177.62 - - [01/Sep/2023:00:36:20 -0500] "GET /favicon.ico HTTP/1.1" 200 7782
186.31.177.62 - - [01/Sep/2023:00:36:20 -0500] "GET /sipse/faces/faces/autenticacion.xhtml HTTP/1.1" 200 12175
186.31.177.62 - - [01/Sep/2023:00:36:20 -0500] "GET /sipse/js/disable_browser_buttons.js HTTP/1.1" 304 -
186.31.177.62 - - [01/Sep/2023:00:36:20 -0500] "GET /sipse/js/funciones.js HTTP/1.1" 304 -
186.31.177.62 - - [01/Sep/2023:00:36:20 -0500] "GET /sipse/faces/javax.faces.resource/primefaces.css?ln=primefaces&v=4.0 HTTP/1.1" 200 53295
186.31.177.62 - - [01/Sep/2023:00:36:20 -0500] "GET /sipse/faces/javax.faces.resource/jquery/jquery-plugins.js?ln=primefaces&v=4.0 HTTP/1.1" 304 -
186.31.177.62 - - [01/Sep/2023:00:36:20 -0500] "GET /sipse/css/custom_css_sg_prime_login.css HTTP/1.1" 200 443
186.31.177.62 - - [01/Sep/2023:00:36:20 -0500] "GET /sipse/faces/javax.faces.resource/theme.css?ln=primefaces-sipse HTTP/1.1" 304 -
186.31.177.62 - - [01/Sep/2023:00:36:20 -0500] "GET /sipse/faces/javax.faces.resource/primefaces.js?ln=primefaces&v=4.0 HTTP/1.1" 304 -
186.31.177.62 - - [01/Sep/2023:00:36:20 -0500] "GET /sipse/faces/javax.faces.resource/jquery/jquery.js?ln=primefaces&v=4.0 HTTP/1.1" 304 -
186.31.177.62 - - [01/Sep/2023:00:36:20 -0500] "GET /sipse/faces/javax.faces.resource/layout/layout.css?ln=primefaces&v=4.0 HTTP/1.1" 200 542
186.31.177.62 - - [01/Sep/2023:00:36:20 -0500] "GET /sipse/css/custom_css_sg.css HTTP/1.1" 200 9694
186.31.177.62 - - [01/Sep/2023:00:36:20 -0500] "GET /sipse/faces/javax.faces.resource/layout/layout.js?ln=primefaces&v=4.0 HTTP/1.1" 304 -
186.31.177.62 - - [01/Sep/2023:00:36:21 -0500] "GET /sipse/css/imagen/logoSDG.png HTTP/1.1" 304 -
186.31.177.62 - - [01/Sep/2023:00:36:21 -0500] "GET /sipse/css/imagen/loginimg.png HTTP/1.1" 304 -
186.31.177.62 - - [01/Sep/2023:00:36:21 -0500] "GET /sipse/faces/javax.faces.resource/images/ui-icons_898989_256x240.png?ln=primefaces-aristo HTTP/1.1" 304 -
186.31.177.62 - - [01/Sep/2023:00:36:25 -0500] "POST /sipse/faces/autenticacion.xhtml HTTP/1.1" 200 16172
186.31.177.62 - - [01/Sep/2023:00:36:26 -0500] "GET /sipse/css/custom_css_sg_prime.css HTTP/1.1" 200 5201
186.31.177.62 - - [01/Sep/2023:00:36:26 -0500] "GET /sipse/faces/javax.faces.resource/theme.css?ln=primefaces-sipse HTTP/1.1" 304 -
186.31.177.62 - - [01/Sep/2023:00:36:26 -0500] "GET /sipse/faces/javax.faces.resource/primefaces.css?ln=primefaces&v=4.0 HTTP/1.1" 304 -
186.31.177.62 - - [01/Sep/2023:00:36:26 -0500] "GET /sipse/faces/javax.faces.resource/layout/layout.css?ln=primefaces&v=4.0 HTTP/1.1" 304 -
186.31.177.62 - - [01/Sep/2023:00:36:26 -0500] "GET /sipse/js/disable_browser_buttons.js HTTP/1.1" 200 3230
186.31.177.62 - - [01/Sep/2023:00:36:26 -0500] "GET /sipse/js/jquery.min.js HTTP/1.1" 200 85582
186.31.177.62 - - [01/Sep/2023:00:36:26 -0500] "GET /sipse/js/funciones.js HTTP/1.1" 200 12592
186.31.177.62 - - [01/Sep/2023:00:36:26 -0500] "GET /sipse/faces/javax.faces.resource/jquery/jquery.js?ln=primefaces&v=4.0 HTTP/1.1" 200 105384
186.31.177.62 - - [01/Sep/2023:00:36:26 -0500] "GET /sipse/faces/javax.faces.resource/jquery/jquery-plugins.js?ln=primefaces&v=4.0 HTTP/1.1" 200 220526
186.31.177.62 - - [01/Sep/2023:00:36:26 -0500] "GET /sipse/faces/javax.faces.resource/primefaces.js?ln=primefaces&v=4.0 HTTP/1.1" 200 276924
186.31.177.62 - - [01/Sep/2023:00:36:26 -0500] "GET /sipse/faces/javax.faces.resource/layout/layout.js?ln=primefaces&v=4.0 HTTP/1.1" 200 87560
186.31.177.62 - - [01/Sep/2023:00:36:26 -0500] "GET /sipse/css/v_mergente.css HTTP/1.1" 200 1505
186.31.177.62 - - [01/Sep/2023:00:36:27 -0500] "GET /sipse/css/imagen/contrasena.png HTTP/1.1" 404 383
186.31.177.62 - - [01/Sep/2023:00:36:27 -0500] "GET /sipse/imagenes/cargando.gif HTTP/1.1" 200 36959
186.31.177.62 - - [01/Sep/2023:00:36:27 -0500] "GET /sipse/imagenes/logoAplicacion.jpg HTTP/1.1" 200 155084
186.31.177.62 - - [01/Sep/2023:00:36:27 -0500] "GET /sipse/faces/javax.faces.resource/messages/messages.png?ln=primefaces&v=4.0 HTTP/1.1" 200 27209
186.31.177.62 - - [01/Sep/2023:00:36:33 -0500] "GET /sipse/faces/javax.faces.resource/images/ui-bg_flat_0_2d5972_40x100.png?ln=primefaces-aristo HTTP/1.1" 200 183
186.31.177.62 - - [01/Sep/2023:00:36:33 -0500] "POST /sipse/faces/bienvenido.xhtml HTTP/1.1" 200 1471
186.31.177.62 - - [01/Sep/2023:00:36:34 -0500] "POST /sipse/faces/bienvenido.xhtml HTTP/1.1" 200 43358
186.31.177.62 - - [01/Sep/2023:00:36:35 -0500] "GET /sipse/faces/javax.faces.resource/theme.css?ln=primefaces-sipse HTTP/1.1" 304 -
186.31.177.62 - - [01/Sep/2023:00:36:35 -0500] "GET /sipse/faces/javax.faces.resource/primefaces.css?ln=primefaces&v=4.0 HTTP/1.1" 304 -
186.31.177.62 - - [01/Sep/2023:00:36:35 -0500] "GET /sipse/faces/javax.faces.resource/layout/layout.css?ln=primefaces&v=4.0 HTTP/1.1" 304 -
186.31.177.62 - - [01/Sep/2023:00:36:35 -0500] "GET /sipse/faces/javax.faces.resource/jquery/jquery.js?ln=primefaces&v=4.0 HTTP/1.1" 304 -
186.31.177.62 - - [01/Sep/2023:00:36:35 -0500] "GET /sipse/faces/javax.faces.resource/jquery/jquery-plugins.js?ln=primefaces&v=4.0 HTTP/1.1" 304 -
186.31.177.62 - - [01/Sep/2023:00:36:35 -0500] "GET /sipse/faces/javax.faces.resource/primefaces.js?ln=primefaces&v=4.0 HTTP/1.1" 304 -
186.31.177.62 - - [01/Sep/2023:00:36:35 -0500] "GET /sipse/faces/javax.faces.resource/layout/layout.js?ln=primefaces&v=4.0 HTTP/1.1" 304 -
186.31.177.62 - - [01/Sep/2023:00:36:35 -0500] "POST /sipse/faces/presentacion/financiero/solicitudProceso/listarSolicitudProceso.xhtml HTTP/1.1" 200 1468
186.31.177.62 - - [01/Sep/2023:00:36:47 -0500] "POST /sipse/faces/presentacion/financiero/solicitudProceso/listarSolicitudProceso.xhtml HTTP/1.1" 200 119029
186.31.177.62 - - [01/Sep/2023:00:36:48 -0500] "GET /sipse/faces/javax.faces.resource/primefaces.css?ln=primefaces&v=4.0 HTTP/1.1" 304 -
186.31.177.62 - - [01/Sep/2023:00:36:48 -0500] "GET /sipse/faces/javax.faces.resource/layout/layout.css?ln=primefaces&v=4.0 HTTP/1.1" 304 -
186.31.177.62 - - [01/Sep/2023:00:36:48 -0500] "GET /sipse/faces/javax.faces.resource/theme.css?ln=primefaces-sipse HTTP/1.1" 304 -
186.31.177.62 - - [01/Sep/2023:00:36:48 -0500] "GET /sipse/faces/javax.faces.resource/jquery/jquery.js?ln=primefaces&v=4.0 HTTP/1.1" 304 -
186.31.177.62 - - [01/Sep/2023:00:36:48 -0500] "GET /sipse/faces/javax.faces.resource/jquery/jquery-plugins.js?ln=primefaces&v=4.0 HTTP/1.1" 304 -
186.31.177.62 - - [01/Sep/2023:00:36:48 -0500] "GET /sipse/faces/javax.faces.resource/primefaces.js?ln=primefaces&v=4.0 HTTP/1.1" 304 -
186.31.177.62 - - [01/Sep/2023:00:36:48 -0500] "GET /sipse/faces/javax.faces.resource/layout/layout.js?ln=primefaces&v=4.0 HTTP/1.1" 304 -
186.31.177.62 - - [01/Sep/2023:00:36:53 -0500] "POST /sipse/faces/presentacion/financiero/solicitudProceso/consultarSolicitudProceso.xhtml HTTP/1.1" 200 19320
186.31.177.62 - - [01/Sep/2023:00:36:53 -0500] "GET /sipse/faces/javax.faces.resource/theme.css?ln=primefaces-sipse HTTP/1.1" 304 -
186.31.177.62 - - [01/Sep/2023:00:36:53 -0500] "GET /sipse/faces/javax.faces.resource/fileupload/fileupload.css?ln=primefaces&v=4.0 HTTP/1.1" 200 1330
186.31.177.62 - - [01/Sep/2023:00:36:53 -0500] "GET /sipse/faces/javax.faces.resource/layout/layout.css?ln=primefaces&v=4.0 HTTP/1.1" 304 -
186.31.177.62 - - [01/Sep/2023:00:36:53 -0500] "GET /sipse/faces/javax.faces.resource/primefaces.css?ln=primefaces&v=4.0 HTTP/1.1" 304 -
186.31.177.62 - - [01/Sep/2023:00:36:53 -0500] "GET /sipse/faces/javax.faces.resource/jquery/jquery.js?ln=primefaces&v=4.0 HTTP/1.1" 304 -
186.31.177.62 - - [01/Sep/2023:00:36:53 -0500] "GET /sipse/faces/javax.faces.resource/fileupload/fileupload.js?ln=primefaces&v=4.0 HTTP/1.1" 200 28091
186.31.177.62 - - [01/Sep/2023:00:36:53 -0500] "GET /sipse/faces/javax.faces.resource/jquery/jquery-plugins.js?ln=primefaces&v=4.0 HTTP/1.1" 304 -
186.31.177.62 - - [01/Sep/2023:00:36:53 -0500] "GET /sipse/faces/javax.faces.resource/primefaces.js?ln=primefaces&v=4.0 HTTP/1.1" 304 -
186.31.177.62 - - [01/Sep/2023:00:36:53 -0500] "GET /sipse/faces/javax.faces.resource/layout/layout.js?ln=primefaces&v=4.0 HTTP/1.1" 304 -
71.6.134.230 - - [01/Sep/2023:00:36:55 -0500] "GET / HTTP/1.1" 200 319
186.31.177.62 - - [01/Sep/2023:00:37:05 -0500] "GET /sipse/faces/javax.faces.resource/theme.css?ln=primefaces-sipse HTTP/1.1" 304 -
186.31.177.62 - - [01/Sep/2023:00:37:05 -0500] "GET /sipse/faces/javax.faces.resource/primefaces.js?ln=primefaces&v=4.0 HTTP/1.1" 304 -
186.31.177.62 - - [01/Sep/2023:00:37:05 -0500] "GET /sipse/faces/javax.faces.resource/primefaces.css?ln=primefaces&v=4.0 HTTP/1.1" 304 -
186.31.177.62 - - [01/Sep/2023:00:37:05 -0500] "GET /sipse/faces/javax.faces.resource/jquery/jquery.js?ln=primefaces&v=4.0 HTTP/1.1" 304 -
186.31.177.62 - - [01/Sep/2023:00:37:05 -0500] "GET /sipse/faces/javax.faces.resource/jquery/jquery-plugins.js?ln=primefaces&v=4.0 HTTP/1.1" 304 -
186.31.177.62 - - [01/Sep/2023:00:37:05 -0500] "GET /sipse/faces/javax.faces.resource/layout/layout.css?ln=primefaces&v=4.0 HTTP/1.1" 304 -
186.31.177.62 - - [01/Sep/2023:00:37:05 -0500] "GET /sipse/faces/javax.faces.resource/layout/layout.js?ln=primefaces&v=4.0 HTTP/1.1" 304 -
186.31.177.62 - - [01/Sep/2023:00:37:04 -0500] "POST /sipse/faces/presentacion/sistema/anexos/cargarAnexoSolicitudProceso.xhtml HTTP/1.1" 200 165538
186.31.177.62 - - [01/Sep/2023:00:37:15 -0500] "POST /sipse/faces/presentacion/financiero/solicitudProceso/consultarSolicitudProceso.xhtml HTTP/1.1" 200 166196
186.31.177.62 - - [01/Sep/2023:00:37:15 -0500] "GET /sipse/faces/javax.faces.resource/primefaces.css?ln=primefaces&v=4.0 HTTP/1.1" 304 -
186.31.177.62 - - [01/Sep/2023:00:37:15 -0500] "GET /sipse/faces/javax.faces.resource/layout/layout.css?ln=primefaces&v=4.0 HTTP/1.1" 304 -
186.31.177.62 - - [01/Sep/2023:00:37:15 -0500] "GET /sipse/faces/javax.faces.resource/jquery/jquery.js?ln=primefaces&v=4.0 HTTP/1.1" 304 -
186.31.177.62 - - [01/Sep/2023:00:37:15 -0500] "GET /sipse/faces/javax.faces.resource/theme.css?ln=primefaces-sipse HTTP/1.1" 304 -
186.31.177.62 - - [01/Sep/2023:00:37:15 -0500] "GET /sipse/faces/javax.faces.resource/jquery/jquery-plugins.js?ln=primefaces&v=4.0 HTTP/1.1" 304 -
186.31.177.62 - - [01/Sep/2023:00:37:15 -0500] "GET /sipse/faces/javax.faces.resource/primefaces.js?ln=primefaces&v=4.0 HTTP/1.1" 304 -
186.31.177.62 - - [01/Sep/2023:00:37:15 -0500] "GET /sipse/faces/javax.faces.resource/layout/layout.js?ln=primefaces&v=4.0 HTTP/1.1" 304 -
186.31.177.62 - - [01/Sep/2023:00:37:23 -0500] "POST /sipse/faces/presentacion/financiero/solicitudProceso/consultarSolicitudProceso.xhtml HTTP/1.1" 200 40896
186.31.177.62 - - [01/Sep/2023:00:37:26 -0500] "GET /sipse/faces/javax.faces.resource/primefaces.css?ln=primefaces&v=4.0 HTTP/1.1" 304 -
186.31.177.62 - - [01/Sep/2023:00:37:26 -0500] "GET /sipse/faces/javax.faces.resource/theme.css?ln=primefaces-sipse HTTP/1.1" 304 -
186.31.177.62 - - [01/Sep/2023:00:37:26 -0500] "GET /sipse/faces/javax.faces.resource/layout/layout.css?ln=primefaces&v=4.0 HTTP/1.1" 304 -
186.31.177.62 - - [01/Sep/2023:00:37:26 -0500] "GET /sipse/faces/javax.faces.resource/jquery/jquery.js?ln=primefaces&v=4.0 HTTP/1.1" 304 -
186.31.177.62 - - [01/Sep/2023:00:37:26 -0500] "GET /sipse/faces/javax.faces.resource/jquery/jquery-plugins.js?ln=primefaces&v=4.0 HTTP/1.1" 304 -
186.31.177.62 - - [01/Sep/2023:00:37:26 -0500] "GET /sipse/faces/javax.faces.resource/primefaces.js?ln=primefaces&v=4.0 HTTP/1.1" 304 -
186.31.177.62 - - [01/Sep/2023:00:37:26 -0500] "GET /sipse/faces/javax.faces.resource/layout/layout.js?ln=primefaces&v=4.0 HTTP/1.1" 304 -
186.31.177.62 - - [01/Sep/2023:00:37:26 -0500] "POST /sipse/faces/presentacion/financiero/solicitudProceso/listarSolicitudProceso.xhtml HTTP/1.1" 200 1436
186.31.177.62 - - [01/Sep/2023:00:37:31 -0500] "POST /sipse/faces/presentacion/financiero/solicitudProceso/listarSolicitudProceso.xhtml HTTP/1.1" 200 10554
186.31.177.62 - - [01/Sep/2023:00:37:31 -0500] "POST /sipse/faces/presentacion/financiero/solicitudProceso/listarSolicitudProceso.xhtml HTTP/1.1" 200 22248
186.31.177.62 - - [01/Sep/2023:00:37:40 -0500] "POST /sipse/faces/presentacion/financiero/solicitudProceso/listarSolicitudProceso.xhtml HTTP/1.1" 200 110814
186.31.177.62 - - [01/Sep/2023:00:37:41 -0500] "GET /sipse/faces/javax.faces.resource/primefaces.css?ln=primefaces&v=4.0 HTTP/1.1" 304 -
186.31.177.62 - - [01/Sep/2023:00:37:41 -0500] "GET /sipse/faces/javax.faces.resource/theme.css?ln=primefaces-sipse HTTP/1.1" 304 -
186.31.177.62 - - [01/Sep/2023:00:37:41 -0500] "GET /sipse/faces/javax.faces.resource/layout/layout.css?ln=primefaces&v=4.0 HTTP/1.1" 304 -
186.31.177.62 - - [01/Sep/2023:00:37:41 -0500] "GET /sipse/faces/javax.faces.resource/jquery/jquery.js?ln=primefaces&v=4.0 HTTP/1.1" 304 -
186.31.177.62 - - [01/Sep/2023:00:37:41 -0500] "GET /sipse/faces/javax.faces.resource/jquery/jquery-plugins.js?ln=primefaces&v=4.0 HTTP/1.1" 304 -
186.31.177.62 - - [01/Sep/2023:00:37:41 -0500] "GET /sipse/faces/javax.faces.resource/primefaces.js?ln=primefaces&v=4.0 HTTP/1.1" 304 -
186.31.177.62 - - [01/Sep/2023:00:37:41 -0500] "GET /sipse/faces/javax.faces.resource/layout/layout.js?ln=primefaces&v=4.0 HTTP/1.1" 304 -
186.31.177.62 - - [01/Sep/2023:00:37:46 -0500] "POST /sipse/faces/presentacion/financiero/solicitudProceso/consultarSolicitudProceso.xhtml HTTP/1.1" 200 19320
186.31.177.62 - - [01/Sep/2023:00:37:46 -0500] "GET /sipse/faces/javax.faces.resource/theme.css?ln=primefaces-sipse HTTP/1.1" 304 -
186.31.177.62 - - [01/Sep/2023:00:37:46 -0500] "GET /sipse/faces/javax.faces.resource/layout/layout.css?ln=primefaces&v=4.0 HTTP/1.1" 304 -
186.31.177.62 - - [01/Sep/2023:00:37:46 -0500] "GET /sipse/faces/javax.faces.resource/primefaces.css?ln=primefaces&v=4.0 HTTP/1.1" 304 -
186.31.177.62 - - [01/Sep/2023:00:37:46 -0500] "GET /sipse/faces/javax.faces.resource/layout/layout.js?ln=primefaces&v=4.0 HTTP/1.1" 304 -
186.31.177.62 - - [01/Sep/2023:00:37:46 -0500] "GET /sipse/faces/javax.faces.resource/primefaces.js?ln=primefaces&v=4.0 HTTP/1.1" 304 -
186.31.177.62 - - [01/Sep/2023:00:37:46 -0500] "GET /sipse/faces/javax.faces.resource/fileupload/fileupload.css?ln=primefaces&v=4.0 HTTP/1.1" 304 -
186.31.177.62 - - [01/Sep/2023:00:37:46 -0500] "GET /sipse/faces/javax.faces.resource/jquery/jquery-plugins.js?ln=primefaces&v=4.0 HTTP/1.1" 304 -
186.31.177.62 - - [01/Sep/2023:00:37:46 -0500] "GET /sipse/faces/javax.faces.resource/jquery/jquery.js?ln=primefaces&v=4.0 HTTP/1.1" 304 -
186.31.177.62 - - [01/Sep/2023:00:37:46 -0500] "GET /sipse/faces/javax.faces.resource/fileupload/fileupload.js?ln=primefaces&v=4.0 HTTP/1.1" 304 -
186.31.177.62 - - [01/Sep/2023:00:37:49 -0500] "POST /sipse/faces/presentacion/sistema/anexos/cargarAnexoSolicitudProceso.xhtml HTTP/1.1" 200 110814
186.31.177.62 - - [01/Sep/2023:00:37:50 -0500] "GET /sipse/faces/javax.faces.resource/theme.css?ln=primefaces-sipse HTTP/1.1" 304 -
186.31.177.62 - - [01/Sep/2023:00:37:50 -0500] "GET /sipse/faces/javax.faces.resource/layout/layout.css?ln=primefaces&v=4.0 HTTP/1.1" 304 -
186.31.177.62 - - [01/Sep/2023:00:37:50 -0500] "GET /sipse/faces/javax.faces.resource/primefaces.css?ln=primefaces&v=4.0 HTTP/1.1" 304 -
186.31.177.62 - - [01/Sep/2023:00:37:50 -0500] "GET /sipse/faces/javax.faces.resource/jquery/jquery.js?ln=primefaces&v=4.0 HTTP/1.1" 304 -
186.31.177.62 - - [01/Sep/2023:00:37:50 -0500] "GET /sipse/faces/javax.faces.resource/jquery/jquery-plugins.js?ln=primefaces&v=4.0 HTTP/1.1" 304 -
186.31.177.62 - - [01/Sep/2023:00:37:50 -0500] "GET /sipse/faces/javax.faces.resource/primefaces.js?ln=primefaces&v=4.0 HTTP/1.1" 304 -
186.31.177.62 - - [01/Sep/2023:00:37:50 -0500] "GET /sipse/faces/javax.faces.resource/layout/layout.js?ln=primefaces&v=4.0 HTTP/1.1" 304 -
186.31.177.62 - - [01/Sep/2023:00:37:57 -0500] "POST /sipse/faces/presentacion/financiero/solicitudProceso/consultarSolicitudProceso.xhtml HTTP/1.1" 200 40913
186.31.177.62 - - [01/Sep/2023:00:37:59 -0500] "GET /sipse/faces/javax.faces.resource/layout/layout.css?ln=primefaces&v=4.0 HTTP/1.1" 304 -
186.31.177.62 - - [01/Sep/2023:00:37:59 -0500] "GET /sipse/faces/javax.faces.resource/theme.css?ln=primefaces-sipse HTTP/1.1" 304 -
186.31.177.62 - - [01/Sep/2023:00:37:59 -0500] "GET /sipse/faces/javax.faces.resource/primefaces.css?ln=primefaces&v=4.0 HTTP/1.1" 304 -
186.31.177.62 - - [01/Sep/2023:00:37:59 -0500] "GET /sipse/faces/javax.faces.resource/jquery/jquery.js?ln=primefaces&v=4.0 HTTP/1.1" 304 -
186.31.177.62 - - [01/Sep/2023:00:37:59 -0500] "GET /sipse/faces/javax.faces.resource/jquery/jquery-plugins.js?ln=primefaces&v=4.0 HTTP/1.1" 304 -
186.31.177.62 - - [01/Sep/2023:00:37:59 -0500] "GET /sipse/faces/javax.faces.resource/primefaces.js?ln=primefaces&v=4.0 HTTP/1.1" 304 -
186.31.177.62 - - [01/Sep/2023:00:37:59 -0500] "GET /sipse/faces/javax.faces.resource/layout/layout.js?ln=primefaces&v=4.0 HTTP/1.1" 304 -
186.31.177.62 - - [01/Sep/2023:00:38:00 -0500] "POST /sipse/faces/presentacion/financiero/solicitudProceso/listarSolicitudProceso.xhtml HTTP/1.1" 200 1436
186.31.177.62 - - [01/Sep/2023:00:38:02 -0500] "POST /sipse/faces/presentacion/financiero/solicitudProceso/listarSolicitudProceso.xhtml HTTP/1.1" 200 7681
186.31.177.62 - - [01/Sep/2023:00:38:02 -0500] "POST /sipse/faces/presentacion/financiero/solicitudProceso/listarSolicitudProceso.xhtml HTTP/1.1" 200 19375
172.22.2.4 - - [01/Sep/2023:00:36:28 -0500] "HEAD /BLA/boletinlegal/ HTTP/1.1" 200 -
186.31.177.62 - - [01/Sep/2023:00:38:09 -0500] "POST /sipse/faces/presentacion/financiero/solicitudProceso/listarSolicitudProceso.xhtml HTTP/1.1" 200 119408
186.31.177.62 - - [01/Sep/2023:00:38:10 -0500] "GET /sipse/faces/javax.faces.resource/primefaces.css?ln=primefaces&v=4.0 HTTP/1.1" 304 -
186.31.177.62 - - [01/Sep/2023:00:38:10 -0500] "GET /sipse/faces/javax.faces.resource/theme.css?ln=primefaces-sipse HTTP/1.1" 304 -
186.31.177.62 - - [01/Sep/2023:00:38:10 -0500] "GET /sipse/faces/javax.faces.resource/layout/layout.css?ln=primefaces&v=4.0 HTTP/1.1" 304 -
186.31.177.62 - - [01/Sep/2023:00:38:10 -0500] "GET /sipse/faces/javax.faces.resource/jquery/jquery.js?ln=primefaces&v=4.0 HTTP/1.1" 304 -
186.31.177.62 - - [01/Sep/2023:00:38:10 -0500] "GET /sipse/faces/javax.faces.resource/jquery/jquery-plugins.js?ln=primefaces&v=4.0 HTTP/1.1" 304 -
186.31.177.62 - - [01/Sep/2023:00:38:10 -0500] "GET /sipse/faces/javax.faces.resource/primefaces.js?ln=primefaces&v=4.0 HTTP/1.1" 304 -
186.31.177.62 - - [01/Sep/2023:00:38:10 -0500] "GET /sipse/faces/javax.faces.resource/layout/layout.js?ln=primefaces&v=4.0 HTTP/1.1" 304 -
186.29.1.245 - - [01/Sep/2023:00:38:13 -0500] "GET /images/jardines-verticales_optimized.jpeg HTTP/1.1" 200 138197
186.31.177.62 - - [01/Sep/2023:00:38:16 -0500] "POST /sipse/faces/presentacion/financiero/solicitudProceso/consultarSolicitudProceso.xhtml HTTP/1.1" 200 37986
186.31.177.62 - - [01/Sep/2023:00:38:18 -0500] "GET /sipse/faces/javax.faces.resource/primefaces.css?ln=primefaces&v=4.0 HTTP/1.1" 304 -
186.31.177.62 - - [01/Sep/2023:00:38:18 -0500] "GET /sipse/faces/javax.faces.resource/theme.css?ln=primefaces-sipse HTTP/1.1" 304 -
186.31.177.62 - - [01/Sep/2023:00:38:18 -0500] "GET /sipse/faces/javax.faces.resource/layout/layout.css?ln=primefaces&v=4.0 HTTP/1.1" 304 -
186.31.177.62 - - [01/Sep/2023:00:38:18 -0500] "GET /sipse/faces/javax.faces.resource/jquery/jquery.js?ln=primefaces&v=4.0 HTTP/1.1" 304 -
186.31.177.62 - - [01/Sep/2023:00:38:18 -0500] "GET /sipse/faces/javax.faces.resource/jquery/jquery-plugins.js?ln=primefaces&v=4.0 HTTP/1.1" 304 -
186.31.177.62 - - [01/Sep/2023:00:38:18 -0500] "GET /sipse/faces/javax.faces.resource/primefaces.js?ln=primefaces&v=4.0 HTTP/1.1" 304 -
186.31.177.62 - - [01/Sep/2023:00:38:18 -0500] "GET /sipse/faces/javax.faces.resource/layout/layout.js?ln=primefaces&v=4.0 HTTP/1.1" 304 -
186.31.177.62 - - [01/Sep/2023:00:38:18 -0500] "POST /sipse/faces/presentacion/financiero/solicitudProceso/listarSolicitudProceso.xhtml HTTP/1.1" 200 1420
186.31.177.62 - - [01/Sep/2023:00:38:20 -0500] "POST /sipse/faces/presentacion/financiero/solicitudProceso/listarSolicitudProceso.xhtml HTTP/1.1" 200 4560
186.31.177.62 - - [01/Sep/2023:00:38:21 -0500] "POST /sipse/faces/presentacion/financiero/solicitudProceso/listarSolicitudProceso.xhtml HTTP/1.1" 200 16212
186.31.177.62 - - [01/Sep/2023:00:38:26 -0500] "POST /sipse/faces/presentacion/financiero/solicitudProceso/listarSolicitudProceso.xhtml HTTP/1.1" 200 114342
186.31.177.62 - - [01/Sep/2023:00:38:28 -0500] "GET /sipse/faces/javax.faces.resource/primefaces.css?ln=primefaces&v=4.0 HTTP/1.1" 304 -
186.31.177.62 - - [01/Sep/2023:00:38:28 -0500] "GET /sipse/faces/javax.faces.resource/layout/layout.css?ln=primefaces&v=4.0 HTTP/1.1" 304 -
186.31.177.62 - - [01/Sep/2023:00:38:28 -0500] "GET /sipse/faces/javax.faces.resource/theme.css?ln=primefaces-sipse HTTP/1.1" 304 -
186.31.177.62 - - [01/Sep/2023:00:38:28 -0500] "GET /sipse/faces/javax.faces.resource/jquery/jquery.js?ln=primefaces&v=4.0 HTTP/1.1" 304 -
186.31.177.62 - - [01/Sep/2023:00:38:28 -0500] "GET /sipse/faces/javax.faces.resource/jquery/jquery-plugins.js?ln=primefaces&v=4.0 HTTP/1.1" 304 -
186.31.177.62 - - [01/Sep/2023:00:38:28 -0500] "GET /sipse/faces/javax.faces.resource/primefaces.js?ln=primefaces&v=4.0 HTTP/1.1" 304 -
186.31.177.62 - - [01/Sep/2023:00:38:28 -0500] "GET /sipse/faces/javax.faces.resource/layout/layout.js?ln=primefaces&v=4.0 HTTP/1.1" 304 -
201.245.192.253 - - [01/Sep/2023:00:38:25 -0500] "POST /kwsrmcab/Wsrmcab HTTP/1.1" 200 43474
201.245.192.253 - - [01/Sep/2023:00:38:29 -0500] "POST /kwsrmcab/Wsrmcab HTTP/1.1" 200 43343
186.31.177.62 - - [01/Sep/2023:00:38:40 -0500] "POST /sipse/faces/presentacion/financiero/solicitudProceso/consultarSolicitudProceso.xhtml HTTP/1.1" 200 393101
172.22.2.4 - - [01/Sep/2023:00:37:18 -0500] "GET /BLA/boletinlegal/ HTTP/1.1" 200 52656
201.245.192.253 - - [01/Sep/2023:00:39:32 -0500] "POST /kwsrmcab/Wsrmcab  HTTP/1.1" 200 43358
216.245.221.92 - - [01/Sep/2023:00:39:54 -0500] "HEAD / HTTP/1.1" 200 -
186.31.177.62 - - [01/Sep/2023:00:42:35 -0500] "POST /sipse/faces/presentacion/financiero/solicitudProceso/consultarSolicitudProceso.xhtml HTTP/1.1" 200 4537
186.31.177.62 - - [01/Sep/2023:00:42:36 -0500] "POST /sipse/faces/presentacion/financiero/solicitudProceso/consultarSolicitudProceso.xhtml HTTP/1.1" 200 38327
186.31.177.62 - - [01/Sep/2023:00:42:36 -0500] "GET /sipse/faces/javax.faces.resource/theme.css?ln=primefaces-sipse HTTP/1.1" 304 -
186.31.177.62 - - [01/Sep/2023:00:42:36 -0500] "GET /sipse/faces/javax.faces.resource/layout/layout.css?ln=primefaces&v=4.0 HTTP/1.1" 304 -
186.31.177.62 - - [01/Sep/2023:00:42:36 -0500] "GET /sipse/faces/javax.faces.resource/primefaces.css?ln=primefaces&v=4.0 HTTP/1.1" 304 -
186.31.177.62 - - [01/Sep/2023:00:42:36 -0500] "GET /sipse/faces/javax.faces.resource/jquery/jquery.js?ln=primefaces&v=4.0 HTTP/1.1" 304 -
186.31.177.62 - - [01/Sep/2023:00:42:36 -0500] "GET /sipse/faces/javax.faces.resource/jquery/jquery-plugins.js?ln=primefaces&v=4.0 HTTP/1.1" 304 -
186.31.177.62 - - [01/Sep/2023:00:42:36 -0500] "GET /sipse/faces/javax.faces.resource/primefaces.js?ln=primefaces&v=4.0 HTTP/1.1" 304 -
186.31.177.62 - - [01/Sep/2023:00:42:36 -0500] "GET /sipse/faces/javax.faces.resource/layout/layout.js?ln=primefaces&v=4.0 HTTP/1.1" 304 -
186.31.177.62 - - [01/Sep/2023:00:42:36 -0500] "POST /sipse/faces/presentacion/financiero/solicitudProceso/consultar.xhtml HTTP/1.1" 200 31741
186.31.177.62 - - [01/Sep/2023:00:42:36 -0500] "POST /sipse/faces/presentacion/financiero/solicitudProceso/consultar.xhtml HTTP/1.1" 200 31741
186.31.177.62 - - [01/Sep/2023:00:42:37 -0500] "POST /sipse/faces/presentacion/financiero/solicitudProceso/consultar.xhtml HTTP/1.1" 200 31741
186.31.177.62 - - [01/Sep/2023:00:42:37 -0500] "POST /sipse/faces/presentacion/financiero/solicitudProceso/consultar.xhtml HTTP/1.1" 200 31741
186.31.177.62 - - [01/Sep/2023:00:42:37 -0500] "POST /sipse/faces/presentacion/financiero/solicitudProceso/consultar.xhtml HTTP/1.1" 200 31741
186.31.177.62 - - [01/Sep/2023:00:42:44 -0500] "POST /sipse/faces/presentacion/financiero/solicitudProceso/consultar.xhtml HTTP/1.1" 200 12864
186.31.177.62 - - [01/Sep/2023:00:42:52 -0500] "POST /sipse/faces/presentacion/financiero/solicitudProceso/consultar.xhtml HTTP/1.1" 200 34928
186.31.177.62 - - [01/Sep/2023:00:42:52 -0500] "GET /sipse/faces/javax.faces.resource/theme.css?ln=primefaces-sipse HTTP/1.1" 304 -
186.31.177.62 - - [01/Sep/2023:00:42:52 -0500] "GET /sipse/faces/javax.faces.resource/layout/layout.css?ln=primefaces&v=4.0 HTTP/1.1" 304 -
186.31.177.62 - - [01/Sep/2023:00:42:52 -0500] "GET /sipse/faces/javax.faces.resource/primefaces.css?ln=primefaces&v=4.0 HTTP/1.1" 304 -
186.31.177.62 - - [01/Sep/2023:00:42:52 -0500] "GET /sipse/faces/javax.faces.resource/jquery/jquery.js?ln=primefaces&v=4.0 HTTP/1.1" 304 -
186.31.177.62 - - [01/Sep/2023:00:42:52 -0500] "GET /sipse/faces/javax.faces.resource/jquery/jquery-plugins.js?ln=primefaces&v=4.0 HTTP/1.1" 304 -
186.31.177.62 - - [01/Sep/2023:00:42:52 -0500] "GET /sipse/faces/javax.faces.resource/primefaces.js?ln=primefaces&v=4.0 HTTP/1.1" 304 -
186.31.177.62 - - [01/Sep/2023:00:42:52 -0500] "GET /sipse/faces/javax.faces.resource/layout/layout.js?ln=primefaces&v=4.0 HTTP/1.1" 304 -
186.31.177.62 - - [01/Sep/2023:00:42:52 -0500] "POST /sipse/faces/presentacion/financiero/solicitudProceso/listarSolicitudProceso.xhtml HTTP/1.1" 200 28316
186.31.177.62 - - [01/Sep/2023:00:42:52 -0500] "POST /sipse/faces/presentacion/financiero/solicitudProceso/listarSolicitudProceso.xhtml HTTP/1.1" 200 28316
186.31.177.62 - - [01/Sep/2023:00:42:53 -0500] "POST /sipse/faces/presentacion/financiero/solicitudProceso/listarSolicitudProceso.xhtml HTTP/1.1" 200 28316
186.31.177.62 - - [01/Sep/2023:00:42:53 -0500] "POST /sipse/faces/presentacion/financiero/solicitudProceso/listarSolicitudProceso.xhtml HTTP/1.1" 200 28316
186.31.177.62 - - [01/Sep/2023:00:42:53 -0500] "POST /sipse/faces/presentacion/financiero/solicitudProceso/listarSolicitudProceso.xhtml HTTP/1.1" 200 28316
186.31.177.62 - - [01/Sep/2023:00:42:53 -0500] "POST /sipse/faces/presentacion/financiero/solicitudProceso/listarSolicitudProceso.xhtml HTTP/1.1" 200 28316
186.31.177.62 - - [01/Sep/2023:00:42:54 -0500] "POST /sipse/faces/presentacion/financiero/solicitudProceso/listarSolicitudProceso.xhtml HTTP/1.1" 200 1400
186.31.177.62 - - [01/Sep/2023:00:42:54 -0500] "POST /sipse/faces/presentacion/financiero/solicitudProceso/listarSolicitudProceso.xhtml HTTP/1.1" 200 1396
186.31.177.62 - - [01/Sep/2023:00:42:54 -0500] "POST /sipse/faces/presentacion/financiero/solicitudProceso/listarSolicitudProceso.xhtml HTTP/1.1" 200 1404
186.31.177.62 - - [01/Sep/2023:00:42:54 -0500] "POST /sipse/faces/presentacion/financiero/solicitudProceso/listarSolicitudProceso.xhtml HTTP/1.1" 200 1396
186.31.177.62 - - [01/Sep/2023:00:42:54 -0500] "POST /sipse/faces/presentacion/financiero/solicitudProceso/listarSolicitudProceso.xhtml HTTP/1.1" 200 1400
186.31.177.62 - - [01/Sep/2023:00:42:54 -0500] "POST /sipse/faces/presentacion/financiero/solicitudProceso/listarSolicitudProceso.xhtml HTTP/1.1" 200 1396
186.31.177.62 - - [01/Sep/2023:00:42:54 -0500] "POST /sipse/faces/presentacion/financiero/solicitudProceso/listarSolicitudProceso.xhtml HTTP/1.1" 200 1400
186.31.177.62 - - [01/Sep/2023:00:43:36 -0500] "POST /sipse/faces/presentacion/financiero/solicitudProceso/listarSolicitudProceso.xhtml HTTP/1.1" 200 114915
186.31.177.62 - - [01/Sep/2023:00:43:37 -0500] "GET /sipse/faces/javax.faces.resource/theme.css?ln=primefaces-sipse HTTP/1.1" 304 -
186.31.177.62 - - [01/Sep/2023:00:43:37 -0500] "GET /sipse/faces/javax.faces.resource/primefaces.css?ln=primefaces&v=4.0 HTTP/1.1" 304 -
186.31.177.62 - - [01/Sep/2023:00:43:37 -0500] "GET /sipse/faces/javax.faces.resource/layout/layout.css?ln=primefaces&v=4.0 HTTP/1.1" 304 -
186.31.177.62 - - [01/Sep/2023:00:43:37 -0500] "GET /sipse/faces/javax.faces.resource/jquery/jquery.js?ln=primefaces&v=4.0 HTTP/1.1" 304 -
186.31.177.62 - - [01/Sep/2023:00:43:37 -0500] "GET /sipse/faces/javax.faces.resource/jquery/jquery-plugins.js?ln=primefaces&v=4.0 HTTP/1.1" 304 -
186.31.177.62 - - [01/Sep/2023:00:43:37 -0500] "GET /sipse/faces/javax.faces.resource/primefaces.js?ln=primefaces&v=4.0 HTTP/1.1" 304 -
186.31.177.62 - - [01/Sep/2023:00:43:37 -0500] "GET /sipse/faces/javax.faces.resource/layout/layout.js?ln=primefaces&v=4.0 HTTP/1.1" 304 -
186.31.177.62 - - [01/Sep/2023:00:43:55 -0500] "POST /sipse/faces/presentacion/financiero/solicitudProceso/consultarSolicitudProceso.xhtml HTTP/1.1" 200 377469
172.22.2.4 - - [01/Sep/2023:00:42:18 -0500] "HEAD /BLA/boletinlegal/ HTTP/1.1" 200 -
186.31.177.62 - - [01/Sep/2023:00:44:13 -0500] "POST /sipse/faces/presentacion/financiero/solicitudProceso/consultarSolicitudProceso.xhtml HTTP/1.1" 200 393101
186.31.177.62 - - [01/Sep/2023:00:44:18 -0500] "POST /sipse/faces/presentacion/financiero/solicitudProceso/consultarSolicitudProceso.xhtml HTTP/1.1" 200 2273496
186.31.177.62 - - [01/Sep/2023:00:44:24 -0500] "POST /sipse/faces/presentacion/financiero/solicitudProceso/consultarSolicitudProceso.xhtml HTTP/1.1" 200 2847676
186.31.177.62 - - [01/Sep/2023:00:44:29 -0500] "POST /sipse/faces/presentacion/financiero/solicitudProceso/consultarSolicitudProceso.xhtml HTTP/1.1" 200 4391952
201.245.192.253 - - [01/Sep/2023:00:44:31 -0500] "POST /kwsrmcab/Wsrmcab  HTTP/1.1" 200 43358
186.31.177.62 - - [01/Sep/2023:00:44:39 -0500] "POST /sipse/faces/presentacion/financiero/solicitudProceso/consultarSolicitudProceso.xhtml HTTP/1.1" 200 2169974
172.22.2.4 - - [01/Sep/2023:00:43:08 -0500] "GET /BLA/boletinlegal/ HTTP/1.1" 200 53013
216.245.221.92 - - [01/Sep/2023:00:44:54 -0500] "HEAD / HTTP/1.1" 200 -
186.30.35.78 - - [01/Sep/2023:00:47:19 -0500] "GET / HTTP/1.1" 200 4720
186.30.35.78 - - [01/Sep/2023:00:47:19 -0500] "GET /js/url.js HTTP/1.1" 404 1294
186.30.35.78 - - [01/Sep/2023:00:47:19 -0500] "GET /css/bootstrap.min.css HTTP/1.1" 200 178212
186.30.35.78 - - [01/Sep/2023:00:47:19 -0500] "GET /fonts/icomoon/style.css HTTP/1.1" 200 79820
186.30.35.78 - - [01/Sep/2023:00:47:19 -0500] "GET /favicon.ico HTTP/1.1" 404 1294
52.167.144.191 - - [01/Sep/2023:00:48:54 -0500] "GET /Publicaciones/2023EE115511.pdf HTTP/1.1" 404 228
152.61.192.232 - - [01/Sep/2023:00:49:25 -0500] "GET /arcgis/services/Calidad_del_Agua_WQI/MapServer/WMSServer?request=GetCapabilities&service=WMS HTTP/1.1" 503 1020
152.61.192.232 - - [01/Sep/2023:00:49:26 -0500] "GET /arcgis/services/Calidad_del_Agua_WQI/MapServer/WMSServer?SERVICE=WMS&REQUEST=GetCapabilities HTTP/1.1" 503 1020
152.61.192.232 - - [01/Sep/2023:00:49:26 -0500] "GET /arcgis/services/Calidad_del_Agua_WQI/MapServer/WMSServer?WMTVER=1.0.0&REQUEST=capabilities HTTP/1.1" 503 1020
201.245.192.253 - - [01/Sep/2023:00:49:30 -0500] "POST /kwsrmcab/Wsrmcab  HTTP/1.1" 200 43358
172.22.2.4 - - [01/Sep/2023:00:48:08 -0500] "HEAD /BLA/boletinlegal/ HTTP/1.1" 200 -
216.245.221.92 - - [01/Sep/2023:00:49:54 -0500] "HEAD / HTTP/1.1" 200 -
172.22.2.4 - - [01/Sep/2023:00:48:58 -0500] "GET /BLA/boletinlegal/ HTTP/1.1" 200 60692
168.119.253.13 - - [01/Sep/2023:00:51:27 -0500] "GET / HTTP/1.1" 200 4720
168.119.253.13 - - [01/Sep/2023:00:51:29 -0500] "GET / HTTP/1.1" 200 319
52.167.144.191 - - [01/Sep/2023:00:52:37 -0500] "GET /BLA/resoluciones/AUTOS%202023/4078.pdf HTTP/1.1" 200 333026
71.6.134.230 - - [01/Sep/2023:00:54:06 -0500] "\x16\x03\x01" 400 226
172.22.2.4 - - [01/Sep/2023:00:52:41 -0500] "GET /BLA/boletinlegal/ HTTP/1.1" 200 61130
201.245.192.253 - - [01/Sep/2023:00:54:29 -0500] "POST /kwsrmcab/Wsrmcab  HTTP/1.1" 200 43358
216.245.221.92 - - [01/Sep/2023:00:54:54 -0500] "HEAD / HTTP/1.1" 200 -
172.22.2.4 - - [01/Sep/2023:00:53:58 -0500] "HEAD /BLA/boletinlegal/ HTTP/1.1" 200 -
200.118.60.55 - - [01/Sep/2023:00:56:23 -0500] "GET /BLA/resoluciones/ HTTP/1.1" 200 13502
200.118.60.55 - - [01/Sep/2023:00:56:24 -0500] "GET /BLA/resoluciones/dlf/folder.png HTTP/1.1" 200 410
200.118.60.55 - - [01/Sep/2023:00:56:26 -0500] "GET /BLA/resoluciones/index.php?dir=AUTOS+2013%2F HTTP/1.1" 200 407591
172.22.2.4 - - [01/Sep/2023:00:54:49 -0500] "GET /BLA/boletinlegal/ HTTP/1.1" 200 60692
172.22.2.4 - - [01/Sep/2023:00:57:03 -0500] "GET /BLA/boletinlegal/robots.txt HTTP/1.1" 404 1139
201.245.192.253 - - [01/Sep/2023:00:59:28 -0500] "POST /kwsrmcab/Wsrmcab  HTTP/1.1" 200 43358
64.124.8.49 - - [01/Sep/2023:00:59:51 -0500] "GET /portaldeninos/wp-content/uploads/2019/09/Pino-Romer%C3%B3n-%C3%A1rboles.jpg HTTP/1.1" 200 414717
64.124.8.49 - - [01/Sep/2023:00:59:53 -0500] "GET /portaldeninos/wp-content/uploads/2021/11/monitoreo-animales-fauna-11-julio-1024x768.jpg HTTP/1.1" 304 -
216.245.221.92 - - [01/Sep/2023:00:59:54 -0500] "HEAD / HTTP/1.1" 200 -
64.124.8.49 - - [01/Sep/2023:01:00:07 -0500] "GET /portaldeninos/wp-content/uploads/2021/07/imagenes-con-marcos-pa%CC%81gina-de-nin%CC%83os-parque-los-nevados.jpg HTTP/1.1" 200 48675
172.22.2.4 - - [01/Sep/2023:00:59:48 -0500] "HEAD /BLA/boletinlegal/ HTTP/1.1" 200 -
172.22.2.4 - - [01/Sep/2023:01:00:38 -0500] "GET /BLA/boletinlegal/ HTTP/1.1" 200 58187
52.167.144.210 - - [01/Sep/2023:01:03:06 -0500] "GET /BLA/resoluciones/AUTOS%202023/0771.pdf HTTP/1.1" 200 407567
52.167.144.210 - - [01/Sep/2023:01:04:06 -0500] "GET /BLA/resoluciones/AUTOS%202023/2623.pdf HTTP/1.1" 200 445338
181.53.12.203 - - [01/Sep/2023:01:04:09 -0500] "GET /secretaria-de-ambiente-reconoce-82-empresas-que-dejaron-de-emitir-17-7-toneladas-de-material-particulado-en-los-ultimos-tres-anos.html HTTP/1.1" 200 900
201.245.192.253 - - [01/Sep/2023:01:04:27 -0500] "POST /kwsrmcab/Wsrmcab  HTTP/1.1" 200 43358
216.245.221.92 - - [01/Sep/2023:01:04:54 -0500] "HEAD / HTTP/1.1" 200 -
186.29.201.82 - - [01/Sep/2023:01:05:02 -0500] "GET /BLA/resoluciones/index.php?dir= HTTP/1.1" 200 13502
186.29.201.82 - - [01/Sep/2023:01:05:05 -0500] "GET /BLA/resoluciones/index.php?dir=AUTOS+2023%2F HTTP/1.1" 200 264124
172.22.2.4 - - [01/Sep/2023:01:05:38 -0500] "HEAD /BLA/boletinlegal/ HTTP/1.1" 200 -
107.170.252.61 - - [01/Sep/2023:01:07:59 -0500] "GET /portal/redlion HTTP/1.1" 404 1018
172.22.2.4 - - [01/Sep/2023:01:06:28 -0500] "GET /BLA/boletinlegal/ HTTP/1.1" 200 53766
201.245.192.253 - - [01/Sep/2023:01:09:26 -0500] "POST /kwsrmcab/Wsrmcab  HTTP/1.1" 200 43358
216.245.221.92 - - [01/Sep/2023:01:09:54 -0500] "HEAD / HTTP/1.1" 200 -
52.167.144.184 - - [01/Sep/2023:01:10:37 -0500] "GET /BLA/resoluciones/AUTOS%202023/0751.pdf HTTP/1.1" 200 2245645
66.249.66.193 - - [01/Sep/2023:01:11:09 -0500] "GET /privados-y-distrito-inauguraron-vivero-en-la-reserva-van-der-hammen-con-capacidad-para-producir-50-mil-arboles-al-ano.html HTTP/1.1" 304 -
157.90.251.233 - - [01/Sep/2023:01:12:54 -0500] "GET / HTTP/1.1" 200 319
157.90.251.233 - - [01/Sep/2023:01:12:56 -0500] "GET / HTTP/1.1" 200 4720
172.22.2.4 - - [01/Sep/2023:01:11:28 -0500] "HEAD /BLA/boletinlegal/ HTTP/1.1" 200 -
172.22.2.4 - - [01/Sep/2023:01:12:18 -0500] "GET /BLA/boletinlegal/ HTTP/1.1" 200 53013
201.245.192.253 - - [01/Sep/2023:01:14:25 -0500] "POST /kwsrmcab/Wsrmcab  HTTP/1.1" 200 43358
216.245.221.92 - - [01/Sep/2023:01:14:54 -0500] "HEAD / HTTP/1.1" 200 -
114.94.12.10 - - [01/Sep/2023:01:15:05 -0500] "GET /portaldeninos/wp-content/uploads/2021/06/titulo-videos-ni%C3%B1os.png HTTP/1.1" 200 10502
52.167.144.220 - - [01/Sep/2023:01:16:37 -0500] "GET /BLA/resoluciones/AUTOS%202023/0786.pdf HTTP/1.1" 200 524479
208.100.26.233 - - [01/Sep/2023:01:17:43 -0500] "GET / HTTP/1.1" 200 319
211.130.63.227 - - [01/Sep/2023:01:17:57 -0500] "GET /galeria/galeria/fotos/Entrenube4P.jpg HTTP/1.1" 200 10881
201.245.192.253 - - [01/Sep/2023:01:18:26 -0500] "POST /kwsrmcab/Wsrmcab HTTP/1.1" 200 43495
201.245.192.253 - - [01/Sep/2023:01:18:29 -0500] "POST /kwsrmcab/Wsrmcab HTTP/1.1" 200 43342
172.22.2.4 - - [01/Sep/2023:01:17:18 -0500] "HEAD /BLA/boletinlegal/ HTTP/1.1" 200 -
201.245.192.253 - - [01/Sep/2023:01:19:24 -0500] "POST /kwsrmcab/Wsrmcab  HTTP/1.1" 200 43358
172.22.2.4 - - [01/Sep/2023:01:18:08 -0500] "GET /BLA/boletinlegal/ HTTP/1.1" 200 58597
216.245.221.92 - - [01/Sep/2023:01:19:54 -0500] "HEAD / HTTP/1.1" 200 -
172.22.2.4 - - [01/Sep/2023:01:20:31 -0500] "GET /BLA/boletinlegal/images/screen_2.png HTTP/1.1" 304 -
213.180.203.70 - - [01/Sep/2023:01:20:34 -0500] "GET /robots.txt HTTP/1.1" 404 1034
213.180.203.2 - - [01/Sep/2023:01:20:36 -0500] "GET /caminatas-ecologicas-en-bogota-inscribete-y-participa-en-los-recorridos-de-abril.html HTTP/1.1" 200 868
172.22.2.4 - - [01/Sep/2023:01:20:42 -0500] "GET /BLA/boletinlegal/images/subscribe-icon-big.png HTTP/1.1" 200 47702
152.61.128.50 - - [01/Sep/2023:01:21:31 -0500] "GET /arcgis/services/Calidad_del_Agua_WQI/MapServer/WMSServer?request=GetCapabilities&service=WMS HTTP/1.1" 503 1020
152.61.128.50 - - [01/Sep/2023:01:21:32 -0500] "GET /arcgis/services/Calidad_del_Agua_WQI/MapServer/WMSServer?SERVICE=WMS&REQUEST=GetCapabilities HTTP/1.1" 503 1020
152.61.128.50 - - [01/Sep/2023:01:21:33 -0500] "GET /arcgis/services/Calidad_del_Agua_WQI/MapServer/WMSServer?WMTVER=1.0.0&REQUEST=capabilities HTTP/1.1" 503 1020
1.12.253.254 - - [01/Sep/2023:01:22:28 -0500] "GET /xmlrpc.php HTTP/1.1" 404 1035
179.43.191.194 - - [01/Sep/2023:01:23:09 -0500] "GET / HTTP/1.1" 200 319
201.245.192.253 - - [01/Sep/2023:01:24:24 -0500] "POST /kwsrmcab/Wsrmcab  HTTP/1.1" 200 43358
172.22.2.4 - - [01/Sep/2023:01:23:08 -0500] "HEAD /BLA/boletinlegal/ HTTP/1.1" 200 -
216.245.221.92 - - [01/Sep/2023:01:24:54 -0500] "HEAD / HTTP/1.1" 200 -
172.22.2.4 - - [01/Sep/2023:01:23:58 -0500] "GET /BLA/boletinlegal/ HTTP/1.1" 200 60692
201.245.192.253 - - [01/Sep/2023:01:28:26 -0500] "POST /kwsrmcab/Wsrmcab HTTP/1.1" 200 43495
201.245.192.253 - - [01/Sep/2023:01:28:29 -0500] "POST /kwsrmcab/Wsrmcab HTTP/1.1" 200 43342
201.245.192.253 - - [01/Sep/2023:01:29:23 -0500] "POST /kwsrmcab/Wsrmcab  HTTP/1.1" 200 43358
216.245.221.92 - - [01/Sep/2023:01:29:54 -0500] "HEAD / HTTP/1.1" 200 -
172.22.2.4 - - [01/Sep/2023:01:28:58 -0500] "HEAD /BLA/boletinlegal/ HTTP/1.1" 200 -
172.22.2.4 - - [01/Sep/2023:01:29:48 -0500] "GET /BLA/boletinlegal/ HTTP/1.1" 200 58597
40.77.167.26 - - [01/Sep/2023:01:33:14 -0500] "GET /secretaria-de-ambiente-suspende-actividades-de-industria-que-operaba-en-usme-sin-permisos-ambientales.html HTTP/1.1" 200 864
172.22.2.4 - - [01/Sep/2023:01:33:33 -0500] "GET /BLA/boletinlegal/actos.php HTTP/1.1" 200 9682
201.245.192.253 - - [01/Sep/2023:01:34:22 -0500] "POST /kwsrmcab/Wsrmcab  HTTP/1.1" 200 43358
216.245.221.92 - - [01/Sep/2023:01:34:54 -0500] "HEAD / HTTP/1.1" 200 -
172.22.2.4 - - [01/Sep/2023:01:34:48 -0500] "HEAD /BLA/boletinlegal/ HTTP/1.1" 200 -
172.22.2.4 - - [01/Sep/2023:01:35:38 -0500] "GET /BLA/boletinlegal/ HTTP/1.1" 200 53013
201.245.192.253 - - [01/Sep/2023:01:38:25 -0500] "POST /kwsrmcab/Wsrmcab HTTP/1.1" 200 43495
201.245.192.253 - - [01/Sep/2023:01:38:29 -0500] "POST /kwsrmcab/Wsrmcab HTTP/1.1" 200 43342
186.29.201.82 - - [01/Sep/2023:01:39:11 -0500] "GET /BLA/resoluciones/index.php?dir=AUTOS+2023%2F HTTP/1.1" 200 264124
201.245.192.253 - - [01/Sep/2023:01:39:21 -0500] "POST /kwsrmcab/Wsrmcab  HTTP/1.1" 200 43358
216.245.221.92 - - [01/Sep/2023:01:39:54 -0500] "HEAD / HTTP/1.1" 200 -
94.102.61.10 - - [01/Sep/2023:01:40:22 -0500] "GET /portaldeninos/ HTTP/1.1" 200 110175
66.249.70.5 - - [01/Sep/2023:01:41:37 -0500] "GET /Publicaciones/2023EE173788.pdf HTTP/1.1" 404 228
172.22.2.4 - - [01/Sep/2023:01:40:38 -0500] "HEAD /BLA/boletinlegal/ HTTP/1.1" 200 -
172.22.2.4 - - [01/Sep/2023:01:41:28 -0500] "GET /BLA/boletinlegal/ HTTP/1.1" 200 58597
66.249.66.87 - - [01/Sep/2023:01:43:37 -0500] "GET /portaldeninos/que-es-cambio-climatico/ HTTP/1.1" 200 86727
66.249.66.86 - - [01/Sep/2023:01:43:39 -0500] "GET /portaldeninos/wp-includes/js/jquery/jquery-migrate.min.js?ver=1.4.1 HTTP/1.1" 200 10056
66.249.66.86 - - [01/Sep/2023:01:43:40 -0500] "GET /portaldeninos/wp-content/themes/betheme/css/base.css?ver=20.9.6 HTTP/1.1" 200 57283
201.245.192.253 - - [01/Sep/2023:01:44:20 -0500] "POST /kwsrmcab/Wsrmcab  HTTP/1.1" 200 43358
216.245.221.92 - - [01/Sep/2023:01:44:54 -0500] "HEAD / HTTP/1.1" 200 -
52.167.144.190 - - [01/Sep/2023:01:46:30 -0500] "GET /BLA/resoluciones/AUTOS%202022/4074.pdf HTTP/1.1" 304 -
172.22.2.4 - - [01/Sep/2023:01:46:28 -0500] "HEAD /BLA/boletinlegal/ HTTP/1.1" 200 -
172.22.2.4 - - [01/Sep/2023:01:47:18 -0500] "GET /BLA/boletinlegal/ HTTP/1.1" 200 58187
201.245.192.253 - - [01/Sep/2023:01:49:19 -0500] "POST /kwsrmcab/Wsrmcab  HTTP/1.1" 200 43358
52.167.144.190 - - [01/Sep/2023:01:49:41 -0500] "GET /BLA/resoluciones/AUTOS%202023/2918.pdf HTTP/1.1" 200 523147
216.245.221.92 - - [01/Sep/2023:01:49:54 -0500] "HEAD / HTTP/1.1" 200 -
40.77.167.241 - - [01/Sep/2023:01:53:01 -0500] "GET /BLA/resoluciones/AUTOS%202023/0869.pdf HTTP/1.1" 200 862914
172.22.2.4 - - [01/Sep/2023:01:53:26 -0500] "GET /BLA/boletinlegal/conceptos.php HTTP/1.1" 200 7496
172.22.2.4 - - [01/Sep/2023:01:53:44 -0500] "GET /BLA/boletinlegal/niceforms.js HTTP/1.1" 200 22876
172.22.2.4 - - [01/Sep/2023:01:53:44 -0500] "GET /BLA/boletinlegal/js/ajax_conceptos.js HTTP/1.1" 200 1326
172.22.2.4 - - [01/Sep/2023:01:53:44 -0500] "GET /BLA/boletinlegal/niceforms-default.css HTTP/1.1" 200 6694
172.22.2.4 - - [01/Sep/2023:01:53:44 -0500] "GET /BLA/boletinlegal/style.css HTTP/1.1" 200 9406
172.22.2.4 - - [01/Sep/2023:01:53:48 -0500] "GET /BLA/boletinlegal/styles2.css HTTP/1.1" 200 1838
172.22.2.4 - - [01/Sep/2023:01:52:18 -0500] "HEAD /BLA/boletinlegal/ HTTP/1.1" 200 -
201.245.192.253 - - [01/Sep/2023:01:54:18 -0500] "POST /kwsrmcab/Wsrmcab  HTTP/1.1" 200 43358
