201.245.172.17 - - [01/Sep/2023:16:06:36 -0500] "GET /sipse/faces/javax.faces.resource/primefaces.js?ln=primefaces&v=4.0 HTTP/1.1" 304 -
201.245.172.17 - - [01/Sep/2023:16:06:36 -0500] "GET /sipse/faces/javax.faces.resource/layout/layout.js?ln=primefaces&v=4.0 HTTP/1.1" 304 -
201.245.172.17 - - [01/Sep/2023:16:06:36 -0500] "POST /sipse/faces/presentacion/contratacion/contrato/listarContrato.xhtml HTTP/1.1" 200 27114
201.245.172.17 - - [01/Sep/2023:16:06:36 -0500] "POST /sipse/faces/presentacion/contratacion/contrato/listarContrato.xhtml HTTP/1.1" 200 27114
201.245.172.17 - - [01/Sep/2023:16:06:36 -0500] "POST /sipse/faces/presentacion/contratacion/contrato/listarContrato.xhtml HTTP/1.1" 200 27114
52.167.144.206 - - [01/Sep/2023:16:06:52 -0500] "GET /BLA/resoluciones/AUTOS%202023/3356.pdf HTTP/1.1" 200 940032
201.245.172.17 - - [01/Sep/2023:16:06:52 -0500] "POST /sipse/faces/presentacion/contratacion/contrato/listarContrato.xhtml HTTP/1.1" 200 10996
201.245.172.17 - - [01/Sep/2023:16:06:55 -0500] "POST /sipse/faces/presentacion/contratacion/contrato/listarContrato.xhtml HTTP/1.1" 200 112636
201.245.172.17 - - [01/Sep/2023:16:06:55 -0500] "GET /sipse/faces/javax.faces.resource/theme.css?ln=primefaces-sipse HTTP/1.1" 304 -
201.245.172.17 - - [01/Sep/2023:16:06:55 -0500] "GET /sipse/faces/javax.faces.resource/primefaces.css?ln=primefaces&v=4.0 HTTP/1.1" 304 -
201.245.172.17 - - [01/Sep/2023:16:06:55 -0500] "GET /sipse/faces/javax.faces.resource/layout/layout.css?ln=primefaces&v=4.0 HTTP/1.1" 304 -
201.245.172.17 - - [01/Sep/2023:16:06:55 -0500] "GET /sipse/faces/javax.faces.resource/jquery/jquery.js?ln=primefaces&v=4.0 HTTP/1.1" 304 -
201.245.172.17 - - [01/Sep/2023:16:06:55 -0500] "GET /sipse/faces/javax.faces.resource/jquery/jquery-plugins.js?ln=primefaces&v=4.0 HTTP/1.1" 304 -
201.245.172.17 - - [01/Sep/2023:16:06:55 -0500] "GET /sipse/faces/javax.faces.resource/primefaces.js?ln=primefaces&v=4.0 HTTP/1.1" 304 -
201.245.172.17 - - [01/Sep/2023:16:06:55 -0500] "GET /sipse/faces/javax.faces.resource/layout/layout.js?ln=primefaces&v=4.0 HTTP/1.1" 304 -
201.245.172.17 - - [01/Sep/2023:16:06:56 -0500] "GET /sipse/faces/javax.faces.resource/dynamiccontent.properties?ln=primefaces&pfdrid=XjOR5%2F%2FfPAZAuY9TpWQeCiM0BhlXxYRBGKi%2FQcXXfeA%3D&pfdrid_c=false HTTP/1.1" 500 383
201.245.172.17 - - [01/Sep/2023:16:07:04 -0500] "POST /sipse/faces/presentacion/contratacion/contrato/consultarContrato.xhtml HTTP/1.1" 200 3671
201.245.172.17 - - [01/Sep/2023:16:07:05 -0500] "GET /sipse/faces/javax.faces.resource/messages/messages.png?ln=primefaces&v=4.0 HTTP/1.1" 304 -
201.245.172.17 - - [01/Sep/2023:16:07:09 -0500] "POST /sipse/faces/presentacion/contratacion/contrato/consultarContrato.xhtml HTTP/1.1" 200 3671
201.245.172.17 - - [01/Sep/2023:16:07:10 -0500] "POST /sipse/faces/presentacion/contratacion/contrato/consultarContrato.xhtml HTTP/1.1" 200 3671
201.245.172.17 - - [01/Sep/2023:16:07:11 -0500] "POST /sipse/faces/presentacion/contratacion/contrato/consultarContrato.xhtml HTTP/1.1" 200 3671
201.245.192.253 - - [01/Sep/2023:16:07:12 -0500] "POST /forms/lservlet;jsessionid=ac16012b30d63ecc6c2c7a8940aa82eeb76f26bce266.e3iSbxaKaheRe34Rch0Ra3mLchv0n6jAmljGr5XDqQLvpAe HTTP/1.1" 200 2
201.245.172.17 - - [01/Sep/2023:16:07:17 -0500] "GET /sipse/faces/index.xhtml HTTP/1.1" 200 677
201.245.172.17 - - [01/Sep/2023:16:07:18 -0500] "GET /sipse/faces/javax.faces.resource/theme.css?ln=primefaces-sipse HTTP/1.1" 304 -
201.245.172.17 - - [01/Sep/2023:16:07:18 -0500] "GET /sipse/faces/faces/autenticacion.xhtml HTTP/1.1" 200 12185
201.245.172.17 - - [01/Sep/2023:16:07:18 -0500] "GET /sipse/faces/javax.faces.resource/theme.css?ln=primefaces-sipse HTTP/1.1" 304 -
201.245.172.17 - - [01/Sep/2023:16:07:18 -0500] "GET /sipse/faces/javax.faces.resource/primefaces.css?ln=primefaces&v=4.0 HTTP/1.1" 304 -
201.245.172.17 - - [01/Sep/2023:16:07:18 -0500] "GET /sipse/faces/javax.faces.resource/jquery/jquery-plugins.js?ln=primefaces&v=4.0 HTTP/1.1" 304 -
201.245.172.17 - - [01/Sep/2023:16:07:18 -0500] "GET /sipse/faces/javax.faces.resource/jquery/jquery.js?ln=primefaces&v=4.0 HTTP/1.1" 304 -
201.245.172.17 - - [01/Sep/2023:16:07:18 -0500] "GET /sipse/faces/javax.faces.resource/primefaces.js?ln=primefaces&v=4.0 HTTP/1.1" 304 -
201.245.172.17 - - [01/Sep/2023:16:07:18 -0500] "GET /sipse/faces/javax.faces.resource/layout/layout.css?ln=primefaces&v=4.0 HTTP/1.1" 304 -
201.245.172.17 - - [01/Sep/2023:16:07:18 -0500] "GET /sipse/faces/javax.faces.resource/layout/layout.js?ln=primefaces&v=4.0 HTTP/1.1" 304 -
201.245.172.17 - - [01/Sep/2023:16:07:19 -0500] "GET /sipse/faces/javax.faces.resource/images/ui-icons_898989_256x240.png?ln=primefaces-aristo HTTP/1.1" 304 -
201.245.172.17 - - [01/Sep/2023:16:07:21 -0500] "POST /sipse/faces/autenticacion.xhtml HTTP/1.1" 200 2225
201.245.172.17 - - [01/Sep/2023:16:07:21 -0500] "GET /sipse/faces/javax.faces.resource/messages/messages.png?ln=primefaces&v=4.0 HTTP/1.1" 304 -
201.245.172.17 - - [01/Sep/2023:16:07:22 -0500] "POST /sipse/faces/autenticacion.xhtml HTTP/1.1" 200 16364
201.245.172.17 - - [01/Sep/2023:16:07:22 -0500] "GET /sipse/faces/javax.faces.resource/theme.css?ln=primefaces-sipse HTTP/1.1" 304 -
201.245.172.17 - - [01/Sep/2023:16:07:22 -0500] "GET /sipse/faces/javax.faces.resource/primefaces.css?ln=primefaces&v=4.0 HTTP/1.1" 304 -
201.245.172.17 - - [01/Sep/2023:16:07:22 -0500] "GET /sipse/faces/javax.faces.resource/layout/layout.css?ln=primefaces&v=4.0 HTTP/1.1" 304 -
201.245.172.17 - - [01/Sep/2023:16:07:22 -0500] "GET /sipse/faces/javax.faces.resource/jquery/jquery.js?ln=primefaces&v=4.0 HTTP/1.1" 304 -
201.245.172.17 - - [01/Sep/2023:16:07:22 -0500] "GET /sipse/faces/javax.faces.resource/jquery/jquery-plugins.js?ln=primefaces&v=4.0 HTTP/1.1" 304 -
201.245.172.17 - - [01/Sep/2023:16:07:23 -0500] "GET /sipse/faces/javax.faces.resource/primefaces.js?ln=primefaces&v=4.0 HTTP/1.1" 304 -
201.245.172.17 - - [01/Sep/2023:16:07:23 -0500] "GET /sipse/faces/javax.faces.resource/layout/layout.js?ln=primefaces&v=4.0 HTTP/1.1" 304 -
201.245.172.17 - - [01/Sep/2023:16:07:23 -0500] "GET /sipse/css/imagen/contrasena.png HTTP/1.1" 404 383
201.245.192.253 - - [01/Sep/2023:16:07:24 -0500] "POST /forms/lservlet;jsessionid=ac16012b30d63ecc6c2c7a8940aa82eeb76f26bce266.e3iSbxaKaheRe34Rch0Ra3mLchv0n6jAmljGr5XDqQLvpAe HTTP/1.1" 200 196
201.245.192.253 - - [01/Sep/2023:16:07:24 -0500] "POST /forms/lservlet;jsessionid=ac16012b30d63ecc6c2c7a8940aa82eeb76f26bce266.e3iSbxaKaheRe34Rch0Ra3mLchv0n6jAmljGr5XDqQLvpAe HTTP/1.1" 200 2
201.245.172.17 - - [01/Sep/2023:16:07:25 -0500] "POST /sipse/faces/bienvenido.xhtml HTTP/1.1" 200 2048
201.245.172.17 - - [01/Sep/2023:16:07:25 -0500] "GET /sipse/faces/javax.faces.resource/images/ui-bg_flat_0_2d5972_40x100.png?ln=primefaces-aristo HTTP/1.1" 304 -
201.245.192.253 - - [01/Sep/2023:16:07:25 -0500] "POST /forms/lservlet;jsessionid=ac16012b30d63ecc6c2c7a8940aa82eeb76f26bce266.e3iSbxaKaheRe34Rch0Ra3mLchv0n6jAmljGr5XDqQLvpAe HTTP/1.1" 200 1444
201.245.192.253 - - [01/Sep/2023:16:07:25 -0500] "POST /forms/lservlet;jsessionid=ac16012b30d63ecc6c2c7a8940aa82eeb76f26bce266.e3iSbxaKaheRe34Rch0Ra3mLchv0n6jAmljGr5XDqQLvpAe HTTP/1.1" 200 10
201.245.192.253 - - [01/Sep/2023:16:07:25 -0500] "POST /forms/lservlet;jsessionid=ac16012b30d63ecc6c2c7a8940aa82eeb76f26bce266.e3iSbxaKaheRe34Rch0Ra3mLchv0n6jAmljGr5XDqQLvpAe HTTP/1.1" 200 24
201.245.172.17 - - [01/Sep/2023:16:07:26 -0500] "POST /sipse/faces/bienvenido.xhtml HTTP/1.1" 200 32531
201.245.172.17 - - [01/Sep/2023:16:07:27 -0500] "GET /sipse/faces/javax.faces.resource/theme.css?ln=primefaces-sipse HTTP/1.1" 304 -
201.245.172.17 - - [01/Sep/2023:16:07:27 -0500] "GET /sipse/faces/javax.faces.resource/primefaces.css?ln=primefaces&v=4.0 HTTP/1.1" 304 -
201.245.172.17 - - [01/Sep/2023:16:07:27 -0500] "GET /sipse/faces/javax.faces.resource/layout/layout.css?ln=primefaces&v=4.0 HTTP/1.1" 304 -
201.245.172.17 - - [01/Sep/2023:16:07:27 -0500] "GET /sipse/faces/javax.faces.resource/jquery/jquery.js?ln=primefaces&v=4.0 HTTP/1.1" 304 -
201.245.172.17 - - [01/Sep/2023:16:07:27 -0500] "GET /sipse/faces/javax.faces.resource/jquery/jquery-plugins.js?ln=primefaces&v=4.0 HTTP/1.1" 304 -
201.245.172.17 - - [01/Sep/2023:16:07:27 -0500] "GET /sipse/faces/javax.faces.resource/primefaces.js?ln=primefaces&v=4.0 HTTP/1.1" 304 -
201.245.172.17 - - [01/Sep/2023:16:07:27 -0500] "GET /sipse/faces/javax.faces.resource/layout/layout.js?ln=primefaces&v=4.0 HTTP/1.1" 304 -
201.245.192.253 - - [01/Sep/2023:16:07:29 -0500] "POST /forms/lservlet;jsessionid=ac16012b30d63ecc6c2c7a8940aa82eeb76f26bce266.e3iSbxaKaheRe34Rch0Ra3mLchv0n6jAmljGr5XDqQLvpAe HTTP/1.1" 200 27
201.245.192.253 - - [01/Sep/2023:16:07:32 -0500] "POST /forms/lservlet;jsessionid=ac16012b30d63ecc6c2c7a8940aa82eeb76f26bce266.e3iSbxaKaheRe34Rch0Ra3mLchv0n6jAmljGr5XDqQLvpAe HTTP/1.1" 200 22
201.245.192.253 - - [01/Sep/2023:16:07:33 -0500] "POST /forms/lservlet;jsessionid=ac16012b30d63ecc6c2c7a8940aa82eeb76f26bce266.e3iSbxaKaheRe34Rch0Ra3mLchv0n6jAmljGr5XDqQLvpAe HTTP/1.1" 200 2109
201.245.172.17 - - [01/Sep/2023:16:07:34 -0500] "POST /sipse/faces/presentacion/contratacion/contrato/listarContrato.xhtml HTTP/1.1" 200 10996
201.245.192.253 - - [01/Sep/2023:16:07:35 -0500] "POST /forms/lservlet;jsessionid=ac16012b30d63ecc6c2c7a8940aa82eeb76f26bce266.e3iSbxaKaheRe34Rch0Ra3mLchv0n6jAmljGr5XDqQLvpAe HTTP/1.1" 200 13
201.245.172.17 - - [01/Sep/2023:16:07:38 -0500] "POST /sipse/faces/presentacion/contratacion/contrato/listarContrato.xhtml HTTP/1.1" 200 111463
201.245.172.17 - - [01/Sep/2023:16:07:38 -0500] "GET /sipse/faces/javax.faces.resource/theme.css?ln=primefaces-sipse HTTP/1.1" 304 -
201.245.172.17 - - [01/Sep/2023:16:07:38 -0500] "GET /sipse/faces/javax.faces.resource/primefaces.css?ln=primefaces&v=4.0 HTTP/1.1" 304 -
201.245.172.17 - - [01/Sep/2023:16:07:38 -0500] "GET /sipse/faces/javax.faces.resource/layout/layout.css?ln=primefaces&v=4.0 HTTP/1.1" 304 -
201.245.172.17 - - [01/Sep/2023:16:07:39 -0500] "GET /sipse/faces/javax.faces.resource/jquery/jquery.js?ln=primefaces&v=4.0 HTTP/1.1" 304 -
201.245.172.17 - - [01/Sep/2023:16:07:39 -0500] "GET /sipse/faces/javax.faces.resource/jquery/jquery-plugins.js?ln=primefaces&v=4.0 HTTP/1.1" 304 -
201.245.172.17 - - [01/Sep/2023:16:07:39 -0500] "GET /sipse/faces/javax.faces.resource/primefaces.js?ln=primefaces&v=4.0 HTTP/1.1" 304 -
201.245.172.17 - - [01/Sep/2023:16:07:39 -0500] "GET /sipse/faces/javax.faces.resource/layout/layout.js?ln=primefaces&v=4.0 HTTP/1.1" 304 -
201.245.172.17 - - [01/Sep/2023:16:07:39 -0500] "GET /sipse/faces/javax.faces.resource/dynamiccontent.properties?ln=primefaces&pfdrid=XjOR5%2F%2FfPAZAuY9TpWQeCiM0BhlXxYRBGKi%2FQcXXfeA%3D&pfdrid_c=false HTTP/1.1" 500 383
201.245.192.253 - - [01/Sep/2023:16:07:39 -0500] "POST /forms/lservlet;jsessionid=ac16012b30d63ecc6c2c7a8940aa82eeb76f26bce266.e3iSbxaKaheRe34Rch0Ra3mLchv0n6jAmljGr5XDqQLvpAe HTTP/1.1" 200 12
201.245.172.17 - - [01/Sep/2023:16:07:43 -0500] "POST /sipse/faces/presentacion/contratacion/contrato/consultarContrato.xhtml HTTP/1.1" 200 3671
201.245.172.17 - - [01/Sep/2023:16:07:47 -0500] "POST /sipse/faces/presentacion/contratacion/contrato/consultarContrato.xhtml HTTP/1.1" 200 3671
201.245.172.17 - - [01/Sep/2023:16:07:51 -0500] "POST /sipse/faces/presentacion/contratacion/contrato/consultarContrato.xhtml HTTP/1.1" 200 5094
201.245.192.253 - - [01/Sep/2023:16:08:08 -0500] "POST /forms/lservlet;jsessionid=ac16012b30d63ecc6c2c7a8940aa82eeb76f26bce266.e3iSbxaKaheRe34Rch0Ra3mLchv0n6jAmljGr5XDqQLvpAe HTTP/1.1" 200 117
201.245.192.253 - - [01/Sep/2023:16:08:08 -0500] "POST /forms/lservlet;jsessionid=ac16012b30d63ecc6c2c7a8940aa82eeb76f26bce266.e3iSbxaKaheRe34Rch0Ra3mLchv0n6jAmljGr5XDqQLvpAe HTTP/1.1" 200 2
201.245.192.253 - - [01/Sep/2023:16:08:09 -0500] "POST /forms/lservlet;jsessionid=ac16012b30d63ecc6c2c7a8940aa82eeb76f26bce266.e3iSbxaKaheRe34Rch0Ra3mLchv0n6jAmljGr5XDqQLvpAe HTTP/1.1" 200 13
201.245.192.253 - - [01/Sep/2023:16:08:10 -0500] "POST /forms/lservlet;jsessionid=ac16012b30d63ecc6c2c7a8940aa82eeb76f26bce266.e3iSbxaKaheRe34Rch0Ra3mLchv0n6jAmljGr5XDqQLvpAe HTTP/1.1" 200 122
201.245.192.253 - - [01/Sep/2023:16:08:10 -0500] "POST /forms/lservlet;jsessionid=ac16012b30d63ecc6c2c7a8940aa82eeb76f26bce266.e3iSbxaKaheRe34Rch0Ra3mLchv0n6jAmljGr5XDqQLvpAe HTTP/1.1" 200 2
201.245.192.253 - - [01/Sep/2023:16:08:11 -0500] "POST /forms/lservlet;jsessionid=ac16012b30d63ecc6c2c7a8940aa82eeb76f26bce266.e3iSbxaKaheRe34Rch0Ra3mLchv0n6jAmljGr5XDqQLvpAe HTTP/1.1" 200 1295
201.245.192.253 - - [01/Sep/2023:16:08:11 -0500] "POST /forms/lservlet;jsessionid=ac16012b30d63ecc6c2c7a8940aa82eeb76f26bce266.e3iSbxaKaheRe34Rch0Ra3mLchv0n6jAmljGr5XDqQLvpAe HTTP/1.1" 200 10
201.245.192.253 - - [01/Sep/2023:16:08:11 -0500] "POST /forms/lservlet;jsessionid=ac16012b30d63ecc6c2c7a8940aa82eeb76f26bce266.e3iSbxaKaheRe34Rch0Ra3mLchv0n6jAmljGr5XDqQLvpAe HTTP/1.1" 200 24
201.245.192.253 - - [01/Sep/2023:16:08:14 -0500] "POST /forms/lservlet;jsessionid=ac16012b30d63ecc6c2c7a8940aa82eeb76f26bce266.e3iSbxaKaheRe34Rch0Ra3mLchv0n6jAmljGr5XDqQLvpAe HTTP/1.1" 200 22
128.14.209.42 - - [01/Sep/2023:16:08:14 -0500] "GET / HTTP/1.1" 200 319
201.245.192.253 - - [01/Sep/2023:16:08:17 -0500] "POST /forms/lservlet;jsessionid=ac16012b30d63ecc6c2c7a8940aa82eeb76f26bce266.e3iSbxaKaheRe34Rch0Ra3mLchv0n6jAmljGr5XDqQLvpAe HTTP/1.1" 200 2034
201.245.192.253 - - [01/Sep/2023:16:08:18 -0500] "POST /forms/lservlet;jsessionid=ac16012b30d63ecc6c2c7a8940aa82eeb76f26bce266.e3iSbxaKaheRe34Rch0Ra3mLchv0n6jAmljGr5XDqQLvpAe HTTP/1.1" 200 13
201.245.172.17 - - [01/Sep/2023:16:08:24 -0500] "POST /sipse/faces/presentacion/contratacion/contrato/consultarContrato.xhtml HTTP/1.1" 200 64471
201.245.172.17 - - [01/Sep/2023:16:08:24 -0500] "GET /sipse/faces/javax.faces.resource/theme.css?ln=primefaces-sipse HTTP/1.1" 304 -
201.245.172.17 - - [01/Sep/2023:16:08:24 -0500] "GET /sipse/faces/javax.faces.resource/primefaces.css?ln=primefaces&v=4.0 HTTP/1.1" 304 -
201.245.172.17 - - [01/Sep/2023:16:08:24 -0500] "GET /sipse/faces/javax.faces.resource/layout/layout.css?ln=primefaces&v=4.0 HTTP/1.1" 304 -
201.245.172.17 - - [01/Sep/2023:16:08:24 -0500] "GET /sipse/faces/javax.faces.resource/jquery/jquery.js?ln=primefaces&v=4.0 HTTP/1.1" 304 -
201.245.172.17 - - [01/Sep/2023:16:08:24 -0500] "GET /sipse/faces/javax.faces.resource/jquery/jquery-plugins.js?ln=primefaces&v=4.0 HTTP/1.1" 304 -
201.245.172.17 - - [01/Sep/2023:16:08:24 -0500] "GET /sipse/faces/javax.faces.resource/primefaces.js?ln=primefaces&v=4.0 HTTP/1.1" 304 -
201.245.172.17 - - [01/Sep/2023:16:08:24 -0500] "GET /sipse/faces/javax.faces.resource/layout/layout.js?ln=primefaces&v=4.0 HTTP/1.1" 304 -
201.245.172.17 - - [01/Sep/2023:16:08:24 -0500] "POST /sipse/faces/presentacion/financiero/solicitudProceso/listarSolicitudProceso.xhtml HTTP/1.1" 200 57853
201.245.172.17 - - [01/Sep/2023:16:08:25 -0500] "POST /sipse/faces/presentacion/financiero/solicitudProceso/listarSolicitudProceso.xhtml HTTP/1.1" 200 57853
201.245.172.17 - - [01/Sep/2023:16:08:25 -0500] "POST /sipse/faces/presentacion/financiero/solicitudProceso/listarSolicitudProceso.xhtml HTTP/1.1" 200 1556
201.245.172.17 - - [01/Sep/2023:16:08:25 -0500] "POST /sipse/faces/presentacion/financiero/solicitudProceso/listarSolicitudProceso.xhtml HTTP/1.1" 200 1560
201.245.172.17 - - [01/Sep/2023:16:08:25 -0500] "POST /sipse/faces/presentacion/financiero/solicitudProceso/listarSolicitudProceso.xhtml HTTP/1.1" 200 1560
201.245.192.253 - - [01/Sep/2023:16:08:25 -0500] "POST /forms/lservlet;jsessionid=ac16012b30d63ecc6c2c7a8940aa82eeb76f26bce266.e3iSbxaKaheRe34Rch0Ra3mLchv0n6jAmljGr5XDqQLvpAe HTTP/1.1" 200 12
201.245.172.17 - - [01/Sep/2023:16:08:29 -0500] "POST /sipse/faces/presentacion/financiero/solicitudProceso/listarSolicitudProceso.xhtml HTTP/1.1" 200 1901
201.245.192.253 - - [01/Sep/2023:16:08:55 -0500] "POST /forms/lservlet;jsessionid=ac16012b30d63ecc6c2c7a8940aa82eeb76f26bce266.e3iSbxaKaheRe34Rch0Ra3mLchv0n6jAmljGr5XDqQLvpAe HTTP/1.1" 200 117
201.245.192.253 - - [01/Sep/2023:16:08:55 -0500] "POST /forms/lservlet;jsessionid=ac16012b30d63ecc6c2c7a8940aa82eeb76f26bce266.e3iSbxaKaheRe34Rch0Ra3mLchv0n6jAmljGr5XDqQLvpAe HTTP/1.1" 200 2
201.245.192.253 - - [01/Sep/2023:16:08:56 -0500] "POST /forms/lservlet;jsessionid=ac16012b30d63ecc6c2c7a8940aa82eeb76f26bce266.e3iSbxaKaheRe34Rch0Ra3mLchv0n6jAmljGr5XDqQLvpAe HTTP/1.1" 200 13
186.154.68.50 - - [01/Sep/2023:16:08:57 -0500] "GET /appsia/controlador HTTP/1.1" 200 4799
186.154.68.50 - - [01/Sep/2023:16:08:57 -0500] "GET /appsia/css/estilos.css HTTP/1.1" 200 4804
186.154.68.50 - - [01/Sep/2023:16:08:57 -0500] "GET /appsia/scripts/validarIngreso.js HTTP/1.1" 200 851
186.154.68.50 - - [01/Sep/2023:16:08:57 -0500] "GET /appsia/images/cabezoteHojaVida.png HTTP/1.1" 200 32493
186.154.68.50 - - [01/Sep/2023:16:08:57 -0500] "GET /appsia/images/logo_bogota_p.png HTTP/1.1" 200 14951
186.154.68.50 - - [01/Sep/2023:16:08:57 -0500] "GET /favicon.ico HTTP/1.1" 200 7782
201.245.192.253 - - [01/Sep/2023:16:08:57 -0500] "POST /forms/lservlet;jsessionid=ac16012b30d63ecc6c2c7a8940aa82eeb76f26bce266.e3iSbxaKaheRe34Rch0Ra3mLchv0n6jAmljGr5XDqQLvpAe HTTP/1.1" 200 631
186.154.68.50 - - [01/Sep/2023:16:09:11 -0500] "POST /appsia/controlador HTTP/1.1" 200 5437
201.245.192.253 - - [01/Sep/2023:16:09:12 -0500] "POST /forms/lservlet;jsessionid=ac16012b30d63ecc6c2c7a8940aa82eeb76f26bce266.e3iSbxaKaheRe34Rch0Ra3mLchv0n6jAmljGr5XDqQLvpAe HTTP/1.1" 200 2
201.245.172.17 - - [01/Sep/2023:16:09:29 -0500] "POST /sipse/faces/presentacion/financiero/solicitudProceso/listarSolicitudProceso.xhtml HTTP/1.1" 200 1905
186.154.68.50 - - [01/Sep/2023:16:09:32 -0500] "POST /appsia/controlador HTTP/1.1" 200 3238
186.154.68.50 - - [01/Sep/2023:16:09:32 -0500] "GET /appsia/jscripts/validarSolicitud.js HTTP/1.1" 404 68
201.245.172.17 - - [01/Sep/2023:16:09:33 -0500] "POST /sipse/faces/presentacion/financiero/solicitudProceso/listarSolicitudProceso.xhtml HTTP/1.1" 200 1901
201.245.172.17 - - [01/Sep/2023:16:09:34 -0500] "POST /sipse/faces/presentacion/financiero/solicitudProceso/listarSolicitudProceso.xhtml HTTP/1.1" 200 31308
201.245.172.17 - - [01/Sep/2023:16:09:34 -0500] "POST /sipse/faces/presentacion/financiero/solicitudProceso/listarSolicitudProceso.xhtml HTTP/1.1" 200 43374
201.245.172.17 - - [01/Sep/2023:16:09:34 -0500] "POST /sipse/faces/presentacion/financiero/solicitudProceso/listarSolicitudProceso.xhtml HTTP/1.1" 200 31308
201.245.172.17 - - [01/Sep/2023:16:09:34 -0500] "POST /sipse/faces/presentacion/financiero/solicitudProceso/listarSolicitudProceso.xhtml HTTP/1.1" 200 31304
186.154.68.50 - - [01/Sep/2023:16:09:38 -0500] "POST /appsia/controlador HTTP/1.1" 200 5437
201.245.172.17 - - [01/Sep/2023:16:09:39 -0500] "POST /sipse/faces/presentacion/financiero/solicitudProceso/listarSolicitudProceso.xhtml HTTP/1.1" 200 31320
201.245.172.17 - - [01/Sep/2023:16:09:39 -0500] "POST /sipse/faces/presentacion/financiero/solicitudProceso/listarSolicitudProceso.xhtml HTTP/1.1" 200 31316
186.154.68.50 - - [01/Sep/2023:16:09:40 -0500] "POST /appsia/controlador HTTP/1.1" 200 3238
186.154.68.50 - - [01/Sep/2023:16:09:40 -0500] "GET /appsia/jscripts/validarSolicitud.js HTTP/1.1" 404 68
201.245.172.17 - - [01/Sep/2023:16:09:41 -0500] "POST /sipse/faces/presentacion/financiero/solicitudProceso/listarSolicitudProceso.xhtml HTTP/1.1" 200 1905
201.245.172.17 - - [01/Sep/2023:16:09:42 -0500] "POST /sipse/faces/presentacion/financiero/solicitudProceso/listarSolicitudProceso.xhtml HTTP/1.1" 200 1901
201.245.172.17 - - [01/Sep/2023:16:09:42 -0500] "POST /sipse/faces/presentacion/financiero/solicitudProceso/listarSolicitudProceso.xhtml HTTP/1.1" 200 1905
186.154.68.50 - - [01/Sep/2023:16:09:42 -0500] "POST /appsia/controlador HTTP/1.1" 200 5437
201.245.172.17 - - [01/Sep/2023:16:09:50 -0500] "POST /sipse/faces/presentacion/financiero/solicitudProceso/listarSolicitudProceso.xhtml HTTP/1.1" 200 1901
216.245.221.92 - - [01/Sep/2023:16:09:52 -0500] "HEAD / HTTP/1.1" 200 -
201.245.172.17 - - [01/Sep/2023:16:09:53 -0500] "POST /sipse/faces/presentacion/financiero/solicitudProceso/listarSolicitudProceso.xhtml HTTP/1.1" 200 2949
201.245.172.17 - - [01/Sep/2023:16:09:54 -0500] "POST /sipse/faces/presentacion/financiero/solicitudProceso/listarSolicitudProceso.xhtml HTTP/1.1" 200 41877
201.245.172.17 - - [01/Sep/2023:16:09:54 -0500] "GET /sipse/faces/javax.faces.resource/theme.css?ln=primefaces-sipse HTTP/1.1" 304 -
201.245.172.17 - - [01/Sep/2023:16:09:54 -0500] "GET /sipse/faces/javax.faces.resource/layout/layout.css?ln=primefaces&v=4.0 HTTP/1.1" 304 -
201.245.172.17 - - [01/Sep/2023:16:09:54 -0500] "GET /sipse/faces/javax.faces.resource/primefaces.css?ln=primefaces&v=4.0 HTTP/1.1" 304 -
201.245.172.17 - - [01/Sep/2023:16:09:54 -0500] "GET /sipse/faces/javax.faces.resource/jquery/jquery.js?ln=primefaces&v=4.0 HTTP/1.1" 304 -
201.245.172.17 - - [01/Sep/2023:16:09:54 -0500] "GET /sipse/faces/javax.faces.resource/jquery/jquery-plugins.js?ln=primefaces&v=4.0 HTTP/1.1" 304 -
201.245.172.17 - - [01/Sep/2023:16:09:54 -0500] "GET /sipse/faces/javax.faces.resource/primefaces.js?ln=primefaces&v=4.0 HTTP/1.1" 304 -
201.245.172.17 - - [01/Sep/2023:16:09:54 -0500] "GET /sipse/faces/javax.faces.resource/layout/layout.js?ln=primefaces&v=4.0 HTTP/1.1" 304 -
201.245.172.17 - - [01/Sep/2023:16:09:54 -0500] "POST /sipse/faces/presentacion/financiero/solicitudProceso/consultar.xhtml HTTP/1.1" 200 35285
201.245.172.17 - - [01/Sep/2023:16:09:55 -0500] "POST /sipse/faces/presentacion/financiero/solicitudProceso/consultar.xhtml HTTP/1.1" 200 35285
201.245.172.17 - - [01/Sep/2023:16:09:55 -0500] "POST /sipse/faces/presentacion/financiero/solicitudProceso/consultar.xhtml HTTP/1.1" 200 35285
201.245.172.17 - - [01/Sep/2023:16:09:59 -0500] "POST /sipse/faces/presentacion/financiero/solicitudProceso/consultar.xhtml HTTP/1.1" 200 12930
201.245.192.253 - - [01/Sep/2023:16:09:59 -0500] "POST /forms/lservlet;jsessionid=ac16012b30d63ecc6c2c7a8940aa82eeb76f26bce266.e3iSbxaKaheRe34Rch0Ra3mLchv0n6jAmljGr5XDqQLvpAe HTTP/1.1" 200 1001
201.245.172.17 - - [01/Sep/2023:16:10:02 -0500] "POST /sipse/faces/presentacion/financiero/solicitudProceso/consultar.xhtml HTTP/1.1" 200 177225
201.245.172.17 - - [01/Sep/2023:16:10:04 -0500] "GET /sipse/faces/javax.faces.resource/theme.css?ln=primefaces-sipse HTTP/1.1" 304 -
201.245.172.17 - - [01/Sep/2023:16:10:04 -0500] "GET /sipse/faces/javax.faces.resource/primefaces.css?ln=primefaces&v=4.0 HTTP/1.1" 304 -
201.245.172.17 - - [01/Sep/2023:16:10:04 -0500] "GET /sipse/faces/javax.faces.resource/layout/layout.css?ln=primefaces&v=4.0 HTTP/1.1" 304 -
201.245.172.17 - - [01/Sep/2023:16:10:04 -0500] "GET /sipse/faces/javax.faces.resource/jquery/jquery.js?ln=primefaces&v=4.0 HTTP/1.1" 304 -
201.245.172.17 - - [01/Sep/2023:16:10:04 -0500] "GET /sipse/faces/javax.faces.resource/jquery/jquery-plugins.js?ln=primefaces&v=4.0 HTTP/1.1" 304 -
201.245.172.17 - - [01/Sep/2023:16:10:04 -0500] "GET /sipse/faces/javax.faces.resource/primefaces.js?ln=primefaces&v=4.0 HTTP/1.1" 304 -
201.245.172.17 - - [01/Sep/2023:16:10:04 -0500] "GET /sipse/faces/javax.faces.resource/layout/layout.js?ln=primefaces&v=4.0 HTTP/1.1" 304 -
201.245.172.17 - - [01/Sep/2023:16:10:05 -0500] "GET /sipse/faces/javax.faces.resource/dynamiccontent.properties?ln=primefaces&pfdrid=XjOR5%2F%2FfPAZAuY9TpWQeCiM0BhlXxYRBGKi%2FQcXXfeA%3D&pfdrid_c=false HTTP/1.1" 500 383
201.245.192.253 - - [01/Sep/2023:16:10:34 -0500] "POST /forms/lservlet;jsessionid=ac16012b30d63ecc6c2c7a8940aa82eeb76f26bce266.e3iSbxaKaheRe34Rch0Ra3mLchv0n6jAmljGr5XDqQLvpAe HTTP/1.1" 200 694
201.245.192.253 - - [01/Sep/2023:16:10:34 -0500] "POST /forms/lservlet;jsessionid=ac16012b30d63ecc6c2c7a8940aa82eeb76f26bce266.e3iSbxaKaheRe34Rch0Ra3mLchv0n6jAmljGr5XDqQLvpAe HTTP/1.1" 200 799
201.245.192.253 - - [01/Sep/2023:16:10:35 -0500] "POST /forms/lservlet;jsessionid=ac16012b30d63ecc6c2c7a8940aa82eeb76f26bce266.e3iSbxaKaheRe34Rch0Ra3mLchv0n6jAmljGr5XDqQLvpAe HTTP/1.1" 200 849
179.43.191.194 - - [01/Sep/2023:16:10:36 -0500] "GET / HTTP/1.1" 200 319
201.245.192.253 - - [01/Sep/2023:16:10:36 -0500] "POST /forms/lservlet;jsessionid=ac16012b30d63ecc6c2c7a8940aa82eeb76f26bce266.e3iSbxaKaheRe34Rch0Ra3mLchv0n6jAmljGr5XDqQLvpAe HTTP/1.1" 200 651
186.154.68.50 - - [01/Sep/2023:16:10:50 -0500] "GET /appsia/controlador HTTP/1.1" 200 5437
186.154.68.50 - - [01/Sep/2023:16:10:52 -0500] "POST /appsia/controlador HTTP/1.1" 200 3238
186.154.68.50 - - [01/Sep/2023:16:10:52 -0500] "GET /appsia/jscripts/validarSolicitud.js HTTP/1.1" 404 68
186.154.68.50 - - [01/Sep/2023:16:11:00 -0500] "POST /appsia/controlador HTTP/1.1" 200 5437
186.154.68.50 - - [01/Sep/2023:16:11:06 -0500] "POST /appsia/controlador HTTP/1.1" 200 4799
201.245.192.253 - - [01/Sep/2023:16:11:12 -0500] "POST /forms/lservlet;jsessionid=ac16012b30d63ecc6c2c7a8940aa82eeb76f26bce266.e3iSbxaKaheRe34Rch0Ra3mLchv0n6jAmljGr5XDqQLvpAe HTTP/1.1" 200 2
186.154.68.50 - - [01/Sep/2023:16:11:24 -0500] "POST /appsia/controlador HTTP/1.1" 200 5437
201.245.192.253 - - [01/Sep/2023:16:11:22 -0500] "POST /kwsrmcab/Wsrmcab  HTTP/1.1" 200 43358
172.22.2.4 - - [01/Sep/2023:16:09:46 -0500] "HEAD /BLA/boletinlegal/ HTTP/1.1" 200 -
186.154.68.50 - - [01/Sep/2023:16:11:26 -0500] "POST /appsia/controlador HTTP/1.1" 200 3238
186.154.68.50 - - [01/Sep/2023:16:11:26 -0500] "GET /appsia/jscripts/validarSolicitud.js HTTP/1.1" 404 68
186.154.68.50 - - [01/Sep/2023:16:11:28 -0500] "POST /appsia/controlador HTTP/1.1" 200 5437
201.245.172.17 - - [01/Sep/2023:16:11:49 -0500] "POST /sipse/faces/presentacion/financiero/solicitudProceso/consultarSolicitudProceso.xhtml HTTP/1.1" 200 35769
201.245.172.17 - - [01/Sep/2023:16:11:49 -0500] "GET /sipse/faces/javax.faces.resource/theme.css?ln=primefaces-sipse HTTP/1.1" 304 -
201.245.172.17 - - [01/Sep/2023:16:11:49 -0500] "GET /sipse/faces/javax.faces.resource/layout/layout.css?ln=primefaces&v=4.0 HTTP/1.1" 304 -
201.245.172.17 - - [01/Sep/2023:16:11:49 -0500] "GET /sipse/faces/javax.faces.resource/primefaces.css?ln=primefaces&v=4.0 HTTP/1.1" 304 -
201.245.172.17 - - [01/Sep/2023:16:11:49 -0500] "GET /sipse/faces/javax.faces.resource/jquery/jquery.js?ln=primefaces&v=4.0 HTTP/1.1" 304 -
201.245.172.17 - - [01/Sep/2023:16:11:49 -0500] "GET /sipse/faces/javax.faces.resource/jquery/jquery-plugins.js?ln=primefaces&v=4.0 HTTP/1.1" 304 -
201.245.172.17 - - [01/Sep/2023:16:11:49 -0500] "GET /sipse/faces/javax.faces.resource/primefaces.js?ln=primefaces&v=4.0 HTTP/1.1" 304 -
201.245.172.17 - - [01/Sep/2023:16:11:49 -0500] "GET /sipse/faces/javax.faces.resource/layout/layout.js?ln=primefaces&v=4.0 HTTP/1.1" 304 -
201.245.172.17 - - [01/Sep/2023:16:11:49 -0500] "POST /sipse/faces/presentacion/financiero/solicitudProceso/listarSolicitudProceso.xhtml HTTP/1.1" 200 29151
201.245.172.17 - - [01/Sep/2023:16:11:49 -0500] "POST /sipse/faces/presentacion/financiero/solicitudProceso/listarSolicitudProceso.xhtml HTTP/1.1" 200 29151
201.245.172.17 - - [01/Sep/2023:16:11:49 -0500] "POST /sipse/faces/presentacion/financiero/solicitudProceso/listarSolicitudProceso.xhtml HTTP/1.1" 200 29151
201.245.172.17 - - [01/Sep/2023:16:11:50 -0500] "POST /sipse/faces/presentacion/financiero/solicitudProceso/listarSolicitudProceso.xhtml HTTP/1.1" 200 29151
201.245.172.17 - - [01/Sep/2023:16:11:50 -0500] "POST /sipse/faces/presentacion/financiero/solicitudProceso/listarSolicitudProceso.xhtml HTTP/1.1" 200 29151
201.245.172.17 - - [01/Sep/2023:16:11:50 -0500] "POST /sipse/faces/presentacion/financiero/solicitudProceso/listarSolicitudProceso.xhtml HTTP/1.1" 200 1376
201.245.172.17 - - [01/Sep/2023:16:11:50 -0500] "POST /sipse/faces/presentacion/financiero/solicitudProceso/listarSolicitudProceso.xhtml HTTP/1.1" 200 1380
201.245.172.17 - - [01/Sep/2023:16:11:50 -0500] "POST /sipse/faces/presentacion/financiero/solicitudProceso/listarSolicitudProceso.xhtml HTTP/1.1" 200 1380
201.245.172.17 - - [01/Sep/2023:16:11:50 -0500] "POST /sipse/faces/presentacion/financiero/solicitudProceso/listarSolicitudProceso.xhtml HTTP/1.1" 200 1380
201.245.172.17 - - [01/Sep/2023:16:11:50 -0500] "POST /sipse/faces/presentacion/financiero/solicitudProceso/listarSolicitudProceso.xhtml HTTP/1.1" 200 1380
201.245.172.17 - - [01/Sep/2023:16:11:50 -0500] "POST /sipse/faces/presentacion/financiero/solicitudProceso/listarSolicitudProceso.xhtml HTTP/1.1" 200 1380
201.245.172.17 - - [01/Sep/2023:16:11:51 -0500] "POST /sipse/faces/presentacion/financiero/solicitudProceso/listarSolicitudProceso.xhtml HTTP/1.1" 200 31304
201.245.172.17 - - [01/Sep/2023:16:11:51 -0500] "POST /sipse/faces/presentacion/financiero/solicitudProceso/listarSolicitudProceso.xhtml HTTP/1.1" 200 43378
201.245.192.253 - - [01/Sep/2023:16:11:52 -0500] "POST /forms/lservlet;jsessionid=ac16012b30d63ecc6c2c7a8940aa82eeb76f26bce266.e3iSbxaKaheRe34Rch0Ra3mLchv0n6jAmljGr5XDqQLvpAe HTTP/1.1" 200 24
201.245.192.253 - - [01/Sep/2023:16:11:53 -0500] "POST /forms/lservlet;jsessionid=ac16012b30d63ecc6c2c7a8940aa82eeb76f26bce266.e3iSbxaKaheRe34Rch0Ra3mLchv0n6jAmljGr5XDqQLvpAe HTTP/1.1" 200 237
201.245.192.253 - - [01/Sep/2023:16:11:53 -0500] "POST /forms/lservlet;jsessionid=ac16012b30d63ecc6c2c7a8940aa82eeb76f26bce266.e3iSbxaKaheRe34Rch0Ra3mLchv0n6jAmljGr5XDqQLvpAe HTTP/1.1" 200 21
201.245.192.253 - - [01/Sep/2023:16:11:53 -0500] "POST /forms/lservlet;jsessionid=ac16012b30d63ecc6c2c7a8940aa82eeb76f26bce266.e3iSbxaKaheRe34Rch0Ra3mLchv0n6jAmljGr5XDqQLvpAe HTTP/1.1" 200 7
201.245.192.253 - - [01/Sep/2023:16:11:53 -0500] "POST /forms/lservlet;jsessionid=ac16012b30d63ecc6c2c7a8940aa82eeb76f26bce266.e3iSbxaKaheRe34Rch0Ra3mLchv0n6jAmljGr5XDqQLvpAe HTTP/1.1" 200 426
201.245.192.253 - - [01/Sep/2023:16:11:54 -0500] "POST /forms/lservlet;jsessionid=ac16012b30d63ecc6c2c7a8940aa82eeb76f26bce266.e3iSbxaKaheRe34Rch0Ra3mLchv0n6jAmljGr5XDqQLvpAe HTTP/1.1" 200 2
201.245.172.17 - - [01/Sep/2023:16:11:57 -0500] "POST /sipse/faces/presentacion/financiero/solicitudProceso/listarSolicitudProceso.xhtml HTTP/1.1" 200 28397
201.245.172.17 - - [01/Sep/2023:16:11:57 -0500] "POST /sipse/faces/presentacion/financiero/solicitudProceso/listarSolicitudProceso.xhtml HTTP/1.1" 200 1905
201.245.172.17 - - [01/Sep/2023:16:11:59 -0500] "POST /sipse/faces/presentacion/financiero/solicitudProceso/listarSolicitudProceso.xhtml HTTP/1.1" 200 4712
201.245.172.17 - - [01/Sep/2023:16:11:59 -0500] "POST /sipse/faces/presentacion/financiero/solicitudProceso/listarSolicitudProceso.xhtml HTTP/1.1" 200 4720
201.245.192.253 - - [01/Sep/2023:16:12:00 -0500] "POST /forms/lservlet;jsessionid=ac16012b30d63ecc6c2c7a8940aa82eeb76f26bce266.e3iSbxaKaheRe34Rch0Ra3mLchv0n6jAmljGr5XDqQLvpAe HTTP/1.1" 200 82
201.245.192.253 - - [01/Sep/2023:16:12:01 -0500] "POST /forms/lservlet;jsessionid=ac16012b30d63ecc6c2c7a8940aa82eeb76f26bce266.e3iSbxaKaheRe34Rch0Ra3mLchv0n6jAmljGr5XDqQLvpAe HTTP/1.1" 200 67
201.245.192.253 - - [01/Sep/2023:16:12:01 -0500] "POST /forms/lservlet;jsessionid=ac16012b30d63ecc6c2c7a8940aa82eeb76f26bce266.e3iSbxaKaheRe34Rch0Ra3mLchv0n6jAmljGr5XDqQLvpAe HTTP/1.1" 200 2
201.245.192.253 - - [01/Sep/2023:16:12:01 -0500] "POST /forms/lservlet;jsessionid=ac16012b30d63ecc6c2c7a8940aa82eeb76f26bce266.e3iSbxaKaheRe34Rch0Ra3mLchv0n6jAmljGr5XDqQLvpAe HTTP/1.1" 200 81
201.245.192.253 - - [01/Sep/2023:16:12:02 -0500] "POST /forms/lservlet;jsessionid=ac16012b30d63ecc6c2c7a8940aa82eeb76f26bce266.e3iSbxaKaheRe34Rch0Ra3mLchv0n6jAmljGr5XDqQLvpAe HTTP/1.1" 200 83
201.245.192.253 - - [01/Sep/2023:16:12:10 -0500] "POST /forms/lservlet;jsessionid=ac16012b30d63ecc6c2c7a8940aa82eeb76f26bce266.e3iSbxaKaheRe34Rch0Ra3mLchv0n6jAmljGr5XDqQLvpAe HTTP/1.1" 200 13
201.245.192.253 - - [01/Sep/2023:16:12:12 -0500] "POST /forms/lservlet;jsessionid=ac16012b30d63ecc6c2c7a8940aa82eeb76f26bce266.e3iSbxaKaheRe34Rch0Ra3mLchv0n6jAmljGr5XDqQLvpAe HTTP/1.1" 200 7
201.245.192.253 - - [01/Sep/2023:16:12:12 -0500] "POST /forms/lservlet;jsessionid=ac16012b30d63ecc6c2c7a8940aa82eeb76f26bce266.e3iSbxaKaheRe34Rch0Ra3mLchv0n6jAmljGr5XDqQLvpAe HTTP/1.1" 200 2
201.245.192.253 - - [01/Sep/2023:16:12:13 -0500] "POST /forms/lservlet;jsessionid=ac16012b30d63ecc6c2c7a8940aa82eeb76f26bce266.e3iSbxaKaheRe34Rch0Ra3mLchv0n6jAmljGr5XDqQLvpAe HTTP/1.1" 200 2
201.245.192.253 - - [01/Sep/2023:16:12:13 -0500] "POST /forms/lservlet;jsessionid=ac16012b30d63ecc6c2c7a8940aa82eeb76f26bce266.e3iSbxaKaheRe34Rch0Ra3mLchv0n6jAmljGr5XDqQLvpAe HTTP/1.1" 200 2
201.245.192.253 - - [01/Sep/2023:16:12:13 -0500] "POST /forms/lservlet;jsessionid=ac16012b30d63ecc6c2c7a8940aa82eeb76f26bce266.e3iSbxaKaheRe34Rch0Ra3mLchv0n6jAmljGr5XDqQLvpAe HTTP/1.1" 200 2
201.245.192.253 - - [01/Sep/2023:16:12:13 -0500] "POST /forms/lservlet;jsessionid=ac16012b30d63ecc6c2c7a8940aa82eeb76f26bce266.e3iSbxaKaheRe34Rch0Ra3mLchv0n6jAmljGr5XDqQLvpAe HTTP/1.1" 200 2
201.245.192.253 - - [01/Sep/2023:16:12:15 -0500] "POST /forms/lservlet;jsessionid=ac16012b30d63ecc6c2c7a8940aa82eeb76f26bce266.e3iSbxaKaheRe34Rch0Ra3mLchv0n6jAmljGr5XDqQLvpAe HTTP/1.1" 200 65
172.22.2.4 - - [01/Sep/2023:16:10:36 -0500] "GET /BLA/boletinlegal/ HTTP/1.1" 200 58597
201.245.192.253 - - [01/Sep/2023:16:12:31 -0500] "POST /forms/lservlet;jsessionid=ac16012b30d63ecc6c2c7a8940aa82eeb76f26bce266.e3iSbxaKaheRe34Rch0Ra3mLchv0n6jAmljGr5XDqQLvpAe HTTP/1.1" 200 154
201.245.172.17 - - [01/Sep/2023:16:12:33 -0500] "POST /sipse/faces/presentacion/financiero/solicitudProceso/listarSolicitudProceso.xhtml HTTP/1.1" 200 1901
201.245.192.253 - - [01/Sep/2023:16:12:33 -0500] "POST /forms/lservlet;jsessionid=ac16012b30d63ecc6c2c7a8940aa82eeb76f26bce266.e3iSbxaKaheRe34Rch0Ra3mLchv0n6jAmljGr5XDqQLvpAe HTTP/1.1" 200 58
201.245.172.17 - - [01/Sep/2023:16:12:35 -0500] "POST /sipse/faces/presentacion/financiero/solicitudProceso/listarSolicitudProceso.xhtml HTTP/1.1" 200 45032
201.245.172.17 - - [01/Sep/2023:16:12:36 -0500] "GET /sipse/faces/javax.faces.resource/theme.css?ln=primefaces-sipse HTTP/1.1" 304 -
201.245.172.17 - - [01/Sep/2023:16:12:36 -0500] "GET /sipse/faces/javax.faces.resource/primefaces.css?ln=primefaces&v=4.0 HTTP/1.1" 304 -
201.245.172.17 - - [01/Sep/2023:16:12:36 -0500] "GET /sipse/faces/javax.faces.resource/layout/layout.css?ln=primefaces&v=4.0 HTTP/1.1" 304 -
201.245.172.17 - - [01/Sep/2023:16:12:36 -0500] "GET /sipse/faces/javax.faces.resource/jquery/jquery.js?ln=primefaces&v=4.0 HTTP/1.1" 304 -
201.245.172.17 - - [01/Sep/2023:16:12:36 -0500] "GET /sipse/faces/javax.faces.resource/jquery/jquery-plugins.js?ln=primefaces&v=4.0 HTTP/1.1" 304 -
201.245.172.17 - - [01/Sep/2023:16:12:36 -0500] "GET /sipse/faces/javax.faces.resource/primefaces.js?ln=primefaces&v=4.0 HTTP/1.1" 304 -
201.245.172.17 - - [01/Sep/2023:16:12:36 -0500] "GET /sipse/faces/javax.faces.resource/layout/layout.js?ln=primefaces&v=4.0 HTTP/1.1" 304 -
201.245.172.17 - - [01/Sep/2023:16:12:36 -0500] "POST /sipse/faces/presentacion/financiero/solicitudProceso/consultar.xhtml HTTP/1.1" 200 38440
201.245.172.17 - - [01/Sep/2023:16:12:36 -0500] "POST /sipse/faces/presentacion/financiero/solicitudProceso/consultar.xhtml HTTP/1.1" 200 38440
201.245.172.17 - - [01/Sep/2023:16:12:37 -0500] "POST /sipse/faces/presentacion/financiero/solicitudProceso/consultar.xhtml HTTP/1.1" 200 38440
201.245.192.253 - - [01/Sep/2023:16:12:37 -0500] "POST /forms/lservlet;jsessionid=ac16012b30d63ecc6c2c7a8940aa82eeb76f26bce266.e3iSbxaKaheRe34Rch0Ra3mLchv0n6jAmljGr5XDqQLvpAe HTTP/1.1" 200 276
201.245.172.17 - - [01/Sep/2023:16:12:37 -0500] "POST /sipse/faces/presentacion/financiero/solicitudProceso/consultar.xhtml HTTP/1.1" 200 38440
201.245.172.17 - - [01/Sep/2023:16:12:37 -0500] "POST /sipse/faces/presentacion/financiero/solicitudProceso/consultar.xhtml HTTP/1.1" 200 38440
201.245.172.17 - - [01/Sep/2023:16:12:37 -0500] "POST /sipse/faces/presentacion/financiero/solicitudProceso/consultar.xhtml HTTP/1.1" 200 38440
201.245.192.253 - - [01/Sep/2023:16:12:39 -0500] "POST /forms/lservlet;jsessionid=ac16012b30d63ecc6c2c7a8940aa82eeb76f26bce266.e3iSbxaKaheRe34Rch0Ra3mLchv0n6jAmljGr5XDqQLvpAe HTTP/1.1" 200 505
201.245.192.253 - - [01/Sep/2023:16:12:44 -0500] "POST /forms/lservlet;jsessionid=ac16012b30d63ecc6c2c7a8940aa82eeb76f26bce266.e3iSbxaKaheRe34Rch0Ra3mLchv0n6jAmljGr5XDqQLvpAe HTTP/1.1" 200 2
201.245.172.17 - - [01/Sep/2023:16:12:44 -0500] "POST /sipse/faces/presentacion/financiero/solicitudProceso/consultar.xhtml HTTP/1.1" 200 12790
201.245.192.253 - - [01/Sep/2023:16:12:45 -0500] "POST /forms/lservlet;jsessionid=ac16012b30d63ecc6c2c7a8940aa82eeb76f26bce266.e3iSbxaKaheRe34Rch0Ra3mLchv0n6jAmljGr5XDqQLvpAe HTTP/1.1" 200 300
201.245.192.253 - - [01/Sep/2023:16:12:46 -0500] "POST /forms/lservlet;jsessionid=ac16012b30d63ecc6c2c7a8940aa82eeb76f26bce266.e3iSbxaKaheRe34Rch0Ra3mLchv0n6jAmljGr5XDqQLvpAe HTTP/1.1" 200 2
201.245.192.253 - - [01/Sep/2023:16:12:46 -0500] "POST /forms/lservlet;jsessionid=ac16012b30d63ecc6c2c7a8940aa82eeb76f26bce266.e3iSbxaKaheRe34Rch0Ra3mLchv0n6jAmljGr5XDqQLvpAe HTTP/1.1" 200 91
201.245.192.253 - - [01/Sep/2023:16:12:47 -0500] "POST /forms/lservlet;jsessionid=ac16012b30d63ecc6c2c7a8940aa82eeb76f26bce266.e3iSbxaKaheRe34Rch0Ra3mLchv0n6jAmljGr5XDqQLvpAe HTTP/1.1" 200 2
201.245.192.253 - - [01/Sep/2023:16:12:48 -0500] "POST /forms/lservlet;jsessionid=ac16012b30d63ecc6c2c7a8940aa82eeb76f26bce266.e3iSbxaKaheRe34Rch0Ra3mLchv0n6jAmljGr5XDqQLvpAe HTTP/1.1" 200 621
201.245.192.253 - - [01/Sep/2023:16:12:48 -0500] "POST /forms/lservlet;jsessionid=ac16012b30d63ecc6c2c7a8940aa82eeb76f26bce266.e3iSbxaKaheRe34Rch0Ra3mLchv0n6jAmljGr5XDqQLvpAe HTTP/1.1" 200 2
201.245.192.253 - - [01/Sep/2023:16:12:50 -0500] "POST /forms/lservlet;jsessionid=ac16012b30d63ecc6c2c7a8940aa82eeb76f26bce266.e3iSbxaKaheRe34Rch0Ra3mLchv0n6jAmljGr5XDqQLvpAe HTTP/1.1" 200 1277
201.245.192.253 - - [01/Sep/2023:16:12:50 -0500] "POST /forms/lservlet;jsessionid=ac16012b30d63ecc6c2c7a8940aa82eeb76f26bce266.e3iSbxaKaheRe34Rch0Ra3mLchv0n6jAmljGr5XDqQLvpAe HTTP/1.1" 200 10
201.245.192.253 - - [01/Sep/2023:16:12:52 -0500] "POST /forms/lservlet;jsessionid=ac16012b30d63ecc6c2c7a8940aa82eeb76f26bce266.e3iSbxaKaheRe34Rch0Ra3mLchv0n6jAmljGr5XDqQLvpAe HTTP/1.1" 200 2
201.245.192.253 - - [01/Sep/2023:16:12:53 -0500] "POST /forms/lservlet;jsessionid=ac16012b30d63ecc6c2c7a8940aa82eeb76f26bce266.e3iSbxaKaheRe34Rch0Ra3mLchv0n6jAmljGr5XDqQLvpAe HTTP/1.1" 200 281
201.245.192.253 - - [01/Sep/2023:16:12:53 -0500] "POST /forms/lservlet;jsessionid=ac16012b30d63ecc6c2c7a8940aa82eeb76f26bce266.e3iSbxaKaheRe34Rch0Ra3mLchv0n6jAmljGr5XDqQLvpAe HTTP/1.1" 200 11
201.245.192.253 - - [01/Sep/2023:16:12:55 -0500] "POST /forms/lservlet;jsessionid=ac16012b30d63ecc6c2c7a8940aa82eeb76f26bce266.e3iSbxaKaheRe34Rch0Ra3mLchv0n6jAmljGr5XDqQLvpAe HTTP/1.1" 200 2
201.245.192.253 - - [01/Sep/2023:16:12:55 -0500] "POST /forms/lservlet;jsessionid=ac16012b30d63ecc6c2c7a8940aa82eeb76f26bce266.e3iSbxaKaheRe34Rch0Ra3mLchv0n6jAmljGr5XDqQLvpAe HTTP/1.1" 200 14
201.245.172.17 - - [01/Sep/2023:16:12:55 -0500] "POST /sipse/faces/presentacion/financiero/solicitudProceso/consultar.xhtml HTTP/1.1" 200 121644
201.245.172.17 - - [01/Sep/2023:16:12:56 -0500] "GET /sipse/faces/javax.faces.resource/theme.css?ln=primefaces-sipse HTTP/1.1" 304 -
201.245.172.17 - - [01/Sep/2023:16:12:56 -0500] "GET /sipse/faces/javax.faces.resource/layout/layout.css?ln=primefaces&v=4.0 HTTP/1.1" 304 -
201.245.172.17 - - [01/Sep/2023:16:12:56 -0500] "GET /sipse/faces/javax.faces.resource/primefaces.css?ln=primefaces&v=4.0 HTTP/1.1" 304 -
201.245.172.17 - - [01/Sep/2023:16:12:56 -0500] "GET /sipse/faces/javax.faces.resource/jquery/jquery.js?ln=primefaces&v=4.0 HTTP/1.1" 304 -
201.245.172.17 - - [01/Sep/2023:16:12:56 -0500] "GET /sipse/faces/javax.faces.resource/jquery/jquery-plugins.js?ln=primefaces&v=4.0 HTTP/1.1" 304 -
201.245.172.17 - - [01/Sep/2023:16:12:56 -0500] "GET /sipse/faces/javax.faces.resource/primefaces.js?ln=primefaces&v=4.0 HTTP/1.1" 304 -
201.245.172.17 - - [01/Sep/2023:16:12:56 -0500] "GET /sipse/faces/javax.faces.resource/layout/layout.js?ln=primefaces&v=4.0 HTTP/1.1" 304 -
201.245.172.17 - - [01/Sep/2023:16:12:56 -0500] "GET /sipse/faces/javax.faces.resource/dynamiccontent.properties?ln=primefaces&pfdrid=XjOR5%2F%2FfPAZAuY9TpWQeCiM0BhlXxYRBGKi%2FQcXXfeA%3D&pfdrid_c=false HTTP/1.1" 500 383
201.245.192.253 - - [01/Sep/2023:16:12:56 -0500] "POST /forms/lservlet;jsessionid=ac16012b30d63ecc6c2c7a8940aa82eeb76f26bce266.e3iSbxaKaheRe34Rch0Ra3mLchv0n6jAmljGr5XDqQLvpAe HTTP/1.1" 200 14
201.245.192.253 - - [01/Sep/2023:16:12:57 -0500] "POST /forms/lservlet;jsessionid=ac16012b30d63ecc6c2c7a8940aa82eeb76f26bce266.e3iSbxaKaheRe34Rch0Ra3mLchv0n6jAmljGr5XDqQLvpAe HTTP/1.1" 200 14
201.245.192.253 - - [01/Sep/2023:16:12:58 -0500] "POST /forms/lservlet;jsessionid=ac16012b30d63ecc6c2c7a8940aa82eeb76f26bce266.e3iSbxaKaheRe34Rch0Ra3mLchv0n6jAmljGr5XDqQLvpAe HTTP/1.1" 200 266
201.245.192.253 - - [01/Sep/2023:16:12:59 -0500] "POST /forms/lservlet;jsessionid=ac16012b30d63ecc6c2c7a8940aa82eeb76f26bce266.e3iSbxaKaheRe34Rch0Ra3mLchv0n6jAmljGr5XDqQLvpAe HTTP/1.1" 200 7
201.245.192.253 - - [01/Sep/2023:16:13:01 -0500] "GET /reports/rwservlet/getjobid=88942?server=repnomi HTTP/1.1" 200 28914
201.245.172.17 - - [01/Sep/2023:16:13:01 -0500] "POST /sipse/faces/presentacion/financiero/solicitudProceso/consultarSolicitudProceso.xhtml HTTP/1.1" 200 498315
201.245.192.253 - - [01/Sep/2023:16:13:12 -0500] "POST /forms/lservlet;jsessionid=ac16012b30d63ecc6c2c7a8940aa82eeb76f26bce266.e3iSbxaKaheRe34Rch0Ra3mLchv0n6jAmljGr5XDqQLvpAe HTTP/1.1" 200 2
216.245.221.92 - - [01/Sep/2023:16:14:52 -0500] "HEAD / HTTP/1.1" 200 -
201.245.192.253 - - [01/Sep/2023:16:15:12 -0500] "POST /forms/lservlet;jsessionid=ac16012b30d63ecc6c2c7a8940aa82eeb76f26bce266.e3iSbxaKaheRe34Rch0Ra3mLchv0n6jAmljGr5XDqQLvpAe HTTP/1.1" 200 2
186.31.153.169 - - [01/Sep/2023:16:13:18 -0500] "GET /BLA/boletinlegal/ HTTP/1.1" 200 63248
201.245.192.253 - - [01/Sep/2023:16:16:23 -0500] "GET /sipse/faces/javax.faces.resource/images/ui-bg_flat_0_2d5972_40x100.png?ln=primefaces-aristo HTTP/1.1" 200 183
201.245.192.253 - - [01/Sep/2023:16:16:23 -0500] "POST /sipse/faces/presentacion/sistema/reporte/ventanaVerReporteParametros.xhtml HTTP/1.1" 200 2073
201.245.192.253 - - [01/Sep/2023:16:16:21 -0500] "POST /kwsrmcab/Wsrmcab  HTTP/1.1" 200 43358
172.22.2.4 - - [01/Sep/2023:16:16:27 -0500] "GET /BLA/boletinlegal/robots.txt HTTP/1.1" 404 1037
172.22.2.4 - - [01/Sep/2023:16:16:27 -0500] "GET /BLA/boletinlegal/Circulares/2022/CIRCULAR%20No.%2000009%20DEL%2010%20DE%20OCTUBRE%20DEL%202022.pdf HTTP/1.1" 304 -
201.245.192.253 - - [01/Sep/2023:16:16:30 -0500] "POST /sipse/faces/presentacion/sistema/reporte/ventanaVerReporteParametros.xhtml HTTP/1.1" 200 72010
201.245.192.253 - - [01/Sep/2023:16:16:30 -0500] "GET /sipse/faces/javax.faces.resource/jquery/jquery.js?ln=primefaces&v=4.0 HTTP/1.1" 304 -
201.245.192.253 - - [01/Sep/2023:16:16:30 -0500] "GET /sipse/faces/javax.faces.resource/jquery/jquery-plugins.js?ln=primefaces&v=4.0 HTTP/1.1" 304 -
201.245.192.253 - - [01/Sep/2023:16:16:30 -0500] "GET /sipse/faces/javax.faces.resource/primefaces.js?ln=primefaces&v=4.0 HTTP/1.1" 304 -
201.245.192.253 - - [01/Sep/2023:16:16:30 -0500] "GET /sipse/faces/javax.faces.resource/layout/layout.js?ln=primefaces&v=4.0 HTTP/1.1" 304 -
201.245.192.253 - - [01/Sep/2023:16:16:30 -0500] "POST /sipse/faces/presentacion/financiero/solicitudProceso/listarSolicitudProceso.xhtml HTTP/1.1" 200 1556
201.245.192.253 - - [01/Sep/2023:16:16:32 -0500] "POST /sipse/faces/presentacion/financiero/solicitudProceso/listarSolicitudProceso.xhtml HTTP/1.1" 200 3101
201.245.192.253 - - [01/Sep/2023:16:16:34 -0500] "POST /sipse/faces/presentacion/financiero/solicitudProceso/listarSolicitudProceso.xhtml HTTP/1.1" 200 47165
201.245.192.253 - - [01/Sep/2023:16:16:34 -0500] "GET /sipse/faces/javax.faces.resource/jquery/jquery.js?ln=primefaces&v=4.0 HTTP/1.1" 304 -
201.245.192.253 - - [01/Sep/2023:16:16:34 -0500] "GET /sipse/faces/javax.faces.resource/jquery/jquery-plugins.js?ln=primefaces&v=4.0 HTTP/1.1" 304 -
201.245.192.253 - - [01/Sep/2023:16:16:34 -0500] "GET /sipse/faces/javax.faces.resource/primefaces.js?ln=primefaces&v=4.0 HTTP/1.1" 304 -
201.245.192.253 - - [01/Sep/2023:16:16:34 -0500] "GET /sipse/faces/javax.faces.resource/layout/layout.js?ln=primefaces&v=4.0 HTTP/1.1" 304 -
201.245.192.253 - - [01/Sep/2023:16:16:34 -0500] "POST /sipse/faces/presentacion/financiero/solicitudProceso/consultar.xhtml HTTP/1.1" 200 40577
201.245.192.253 - - [01/Sep/2023:16:16:36 -0500] "POST /sipse/faces/presentacion/financiero/solicitudProceso/consultar.xhtml HTTP/1.1" 200 12622
191.156.53.55 - - [01/Sep/2023:16:17:00 -0500] "GET /sipse/faces/index.xhtml HTTP/1.1" 200 677
191.156.53.55 - - [01/Sep/2023:16:17:00 -0500] "GET /sipse/faces/javax.faces.resource/theme.css?ln=primefaces-sipse HTTP/1.1" 200 50058
191.156.53.55 - - [01/Sep/2023:16:17:01 -0500] "GET /sipse/faces/faces/autenticacion.xhtml HTTP/1.1" 200 12175
191.156.53.184 - - [01/Sep/2023:16:17:01 -0500] "GET /sipse/css/custom_css_sg_prime_login.css HTTP/1.1" 304 -
191.156.62.128 - - [01/Sep/2023:16:17:01 -0500] "GET /sipse/css/custom_css_sg.css HTTP/1.1" 304 -
191.156.53.184 - - [01/Sep/2023:16:17:01 -0500] "GET /sipse/faces/javax.faces.resource/theme.css?ln=primefaces-sipse HTTP/1.1" 304 -
191.156.60.237 - - [01/Sep/2023:16:17:01 -0500] "GET /sipse/faces/javax.faces.resource/layout/layout.css?ln=primefaces&v=4.0 HTTP/1.1" 304 -
191.156.62.128 - - [01/Sep/2023:16:17:01 -0500] "GET /sipse/js/disable_browser_buttons.js HTTP/1.1" 304 -
191.156.53.55 - - [01/Sep/2023:16:17:01 -0500] "GET /sipse/faces/javax.faces.resource/primefaces.css?ln=primefaces&v=4.0 HTTP/1.1" 200 53295
191.156.62.128 - - [01/Sep/2023:16:17:01 -0500] "GET /sipse/js/funciones.js HTTP/1.1" 304 -
191.156.55.116 - - [01/Sep/2023:16:17:01 -0500] "GET /sipse/faces/javax.faces.resource/jquery/jquery.js?ln=primefaces&v=4.0 HTTP/1.1" 200 105384
191.156.60.237 - - [01/Sep/2023:16:17:01 -0500] "GET /sipse/faces/javax.faces.resource/layout/layout.js?ln=primefaces&v=4.0 HTTP/1.1" 200 87560
191.156.53.184 - - [01/Sep/2023:16:17:01 -0500] "GET /sipse/faces/javax.faces.resource/jquery/jquery-plugins.js?ln=primefaces&v=4.0 HTTP/1.1" 200 220526
191.156.53.184 - - [01/Sep/2023:16:17:01 -0500] "GET /sipse/faces/javax.faces.resource/primefaces.js?ln=primefaces&v=4.0 HTTP/1.1" 200 276924
191.156.60.237 - - [01/Sep/2023:16:17:02 -0500] "GET /sipse/faces/javax.faces.resource/images/ui-icons_898989_256x240.png?ln=primefaces-aristo HTTP/1.1" 304 -
191.156.53.184 - - [01/Sep/2023:16:17:02 -0500] "GET /sipse/css/imagen/loginimg.png HTTP/1.1" 200 71635
191.156.53.184 - - [01/Sep/2023:16:17:02 -0500] "GET /sipse/css/imagen/logoSDG.png HTTP/1.1" 200 53064
191.156.53.184 - - [01/Sep/2023:16:17:05 -0500] "POST /sipse/faces/autenticacion.xhtml HTTP/1.1" 200 16172
191.156.55.116 - - [01/Sep/2023:16:17:05 -0500] "GET /sipse/css/custom_css_sg_prime.css HTTP/1.1" 304 -
191.156.53.184 - - [01/Sep/2023:16:17:05 -0500] "GET /sipse/faces/javax.faces.resource/primefaces.css?ln=primefaces&v=4.0 HTTP/1.1" 304 -
191.156.60.237 - - [01/Sep/2023:16:17:05 -0500] "GET /sipse/faces/javax.faces.resource/layout/layout.css?ln=primefaces&v=4.0 HTTP/1.1" 304 -
191.156.53.184 - - [01/Sep/2023:16:17:05 -0500] "GET /sipse/faces/javax.faces.resource/theme.css?ln=primefaces-sipse HTTP/1.1" 304 -
191.156.62.128 - - [01/Sep/2023:16:17:05 -0500] "GET /sipse/js/jquery.min.js HTTP/1.1" 200 85582
191.156.62.128 - - [01/Sep/2023:16:17:05 -0500] "GET /sipse/faces/javax.faces.resource/jquery/jquery.js?ln=primefaces&v=4.0 HTTP/1.1" 304 -
191.156.62.128 - - [01/Sep/2023:16:17:05 -0500] "GET /sipse/faces/javax.faces.resource/jquery/jquery-plugins.js?ln=primefaces&v=4.0 HTTP/1.1" 304 -
191.156.62.128 - - [01/Sep/2023:16:17:05 -0500] "GET /sipse/faces/javax.faces.resource/primefaces.js?ln=primefaces&v=4.0 HTTP/1.1" 304 -
191.156.62.128 - - [01/Sep/2023:16:17:05 -0500] "GET /sipse/faces/javax.faces.resource/layout/layout.js?ln=primefaces&v=4.0 HTTP/1.1" 304 -
191.156.62.128 - - [01/Sep/2023:16:17:05 -0500] "GET /sipse/css/v_mergente.css HTTP/1.1" 304 -
191.156.55.116 - - [01/Sep/2023:16:17:05 -0500] "GET /sipse/css/imagen/contrasena.png HTTP/1.1" 404 383
191.156.53.184 - - [01/Sep/2023:16:17:05 -0500] "GET /sipse/imagenes/cargando.gif HTTP/1.1" 200 36959
191.156.60.237 - - [01/Sep/2023:16:17:05 -0500] "GET /sipse/imagenes/logoAplicacion.jpg HTTP/1.1" 200 155084
191.156.53.184 - - [01/Sep/2023:16:17:05 -0500] "GET /sipse/faces/javax.faces.resource/messages/messages.png?ln=primefaces&v=4.0 HTTP/1.1" 200 27209
191.156.53.184 - - [01/Sep/2023:16:17:11 -0500] "GET /sipse/faces/javax.faces.resource/images/ui-bg_flat_0_2d5972_40x100.png?ln=primefaces-aristo HTTP/1.1" 304 -
191.156.60.237 - - [01/Sep/2023:16:17:11 -0500] "POST /sipse/faces/bienvenido.xhtml HTTP/1.1" 200 1471
201.245.192.253 - - [01/Sep/2023:16:17:12 -0500] "POST /forms/lservlet;jsessionid=ac16012b30d63ecc6c2c7a8940aa82eeb76f26bce266.e3iSbxaKaheRe34Rch0Ra3mLchv0n6jAmljGr5XDqQLvpAe HTTP/1.1" 200 2
191.156.60.237 - - [01/Sep/2023:16:17:12 -0500] "POST /sipse/faces/bienvenido.xhtml HTTP/1.1" 200 34269
191.156.60.237 - - [01/Sep/2023:16:17:12 -0500] "GET /sipse/faces/javax.faces.resource/theme.css?ln=primefaces-sipse HTTP/1.1" 304 -
191.156.53.184 - - [01/Sep/2023:16:17:12 -0500] "GET /sipse/faces/javax.faces.resource/primefaces.css?ln=primefaces&v=4.0 HTTP/1.1" 304 -
191.156.53.184 - - [01/Sep/2023:16:17:12 -0500] "GET /sipse/faces/javax.faces.resource/layout/layout.css?ln=primefaces&v=4.0 HTTP/1.1" 304 -
191.156.53.184 - - [01/Sep/2023:16:17:12 -0500] "GET /sipse/faces/javax.faces.resource/jquery/jquery.js?ln=primefaces&v=4.0 HTTP/1.1" 304 -
191.156.53.184 - - [01/Sep/2023:16:17:13 -0500] "GET /sipse/faces/javax.faces.resource/jquery/jquery-plugins.js?ln=primefaces&v=4.0 HTTP/1.1" 304 -
191.156.53.184 - - [01/Sep/2023:16:17:13 -0500] "GET /sipse/faces/javax.faces.resource/primefaces.js?ln=primefaces&v=4.0 HTTP/1.1" 304 -
191.156.53.184 - - [01/Sep/2023:16:17:13 -0500] "GET /sipse/faces/javax.faces.resource/layout/layout.js?ln=primefaces&v=4.0 HTTP/1.1" 304 -
