201.245.192.253 - - [01/Sep/2023:12:15:29 -0500] "GET /sipse/faces/javax.faces.resource/primefaces.js?ln=primefaces&v=4.0 HTTP/1.1" 304 -
201.245.192.253 - - [01/Sep/2023:12:15:29 -0500] "GET /sipse/faces/javax.faces.resource/layout/layout.js?ln=primefaces&v=4.0 HTTP/1.1" 304 -
201.245.192.253 - - [01/Sep/2023:12:15:29 -0500] "GET /sipse/faces/javax.faces.resource/fileupload/fileupload.css?ln=primefaces&v=4.0 HTTP/1.1" 304 -
201.245.192.253 - - [01/Sep/2023:12:15:29 -0500] "GET /sipse/faces/javax.faces.resource/fileupload/fileupload.js?ln=primefaces&v=4.0 HTTP/1.1" 304 -
201.245.192.253 - - [01/Sep/2023:12:15:29 -0500] "GET /sipse/faces/javax.faces.resource/images/ui-icons_898989_256x240.png?ln=primefaces-aristo HTTP/1.1" 304 -
201.245.192.253 - - [01/Sep/2023:12:15:32 -0500] "POST /sipse/faces/presentacion/financiero/solicitudProceso/consultarSolicitudProceso.xhtml HTTP/1.1" 200 40152
201.245.192.253 - - [01/Sep/2023:12:15:34 -0500] "GET /sipse/faces/javax.faces.resource/jquery/jquery.js?ln=primefaces&v=4.0 HTTP/1.1" 304 -
201.245.192.253 - - [01/Sep/2023:12:15:34 -0500] "GET /sipse/faces/javax.faces.resource/jquery/jquery-plugins.js?ln=primefaces&v=4.0 HTTP/1.1" 304 -
201.245.192.253 - - [01/Sep/2023:12:15:34 -0500] "GET /sipse/faces/javax.faces.resource/primefaces.js?ln=primefaces&v=4.0 HTTP/1.1" 304 -
201.245.192.253 - - [01/Sep/2023:12:15:34 -0500] "GET /sipse/faces/javax.faces.resource/layout/layout.js?ln=primefaces&v=4.0 HTTP/1.1" 304 -
201.245.192.253 - - [01/Sep/2023:12:15:34 -0500] "GET /sipse/faces/javax.faces.resource/messages/messages.png?ln=primefaces&v=4.0 HTTP/1.1" 200 27209
201.245.192.253 - - [01/Sep/2023:12:15:34 -0500] "POST /sipse/faces/presentacion/financiero/solicitudProceso/listarSolicitudProceso.xhtml HTTP/1.1" 200 1400
172.22.2.4 - - [01/Sep/2023:12:15:37 -0500] "GET /BLA/boletinlegal/actos.php HTTP/1.1" 200 9682
201.245.192.253 - - [01/Sep/2023:12:15:39 -0500] "POST /sipse/faces/presentacion/financiero/solicitudProceso/listarSolicitudProceso.xhtml HTTP/1.1" 200 2085
201.245.192.253 - - [01/Sep/2023:12:15:40 -0500] "GET /sipse/faces/javax.faces.resource/theme.css?ln=primefaces-sipse HTTP/1.1" 304 -
201.245.192.253 - - [01/Sep/2023:12:15:40 -0500] "GET /sipse/faces/javax.faces.resource/primefaces.css?ln=primefaces&v=4.0 HTTP/1.1" 304 -
201.245.192.253 - - [01/Sep/2023:12:15:40 -0500] "GET /sipse/faces/javax.faces.resource/layout/layout.css?ln=primefaces&v=4.0 HTTP/1.1" 304 -
201.245.192.253 - - [01/Sep/2023:12:15:40 -0500] "GET /sipse/faces/javax.faces.resource/jquery/jquery.js?ln=primefaces&v=4.0 HTTP/1.1" 304 -
201.245.192.253 - - [01/Sep/2023:12:15:40 -0500] "GET /sipse/faces/javax.faces.resource/jquery/jquery-plugins.js?ln=primefaces&v=4.0 HTTP/1.1" 304 -
201.245.192.253 - - [01/Sep/2023:12:15:40 -0500] "GET /sipse/faces/javax.faces.resource/layout/layout.js?ln=primefaces&v=4.0 HTTP/1.1" 304 -
201.245.192.253 - - [01/Sep/2023:12:15:40 -0500] "GET /sipse/faces/javax.faces.resource/primefaces.js?ln=primefaces&v=4.0 HTTP/1.1" 304 -
201.245.192.253 - - [01/Sep/2023:12:15:39 -0500] "POST /sipse/faces/presentacion/sistema/anexos/cargarAnexoSolicitudProceso.xhtml HTTP/1.1" 200 163939
201.245.192.253 - - [01/Sep/2023:12:15:40 -0500] "GET /sipse/faces/javax.faces.resource/images/ui-icons_898989_256x240.png?ln=primefaces-aristo HTTP/1.1" 304 -
201.245.192.253 - - [01/Sep/2023:12:15:40 -0500] "GET /sipse/faces/javax.faces.resource/dynamiccontent.properties?ln=primefaces&pfdrid=XjOR5%2F%2FfPAZAuY9TpWQeCiM0BhlXxYRBGKi%2FQcXXfeA%3D&pfdrid_c=false HTTP/1.1" 500 383
201.245.192.253 - - [01/Sep/2023:12:15:40 -0500] "POST /sipse/faces/presentacion/financiero/solicitudProceso/listarSolicitudProceso.xhtml HTTP/1.1" 200 43610
201.245.192.253 - - [01/Sep/2023:12:15:40 -0500] "GET /sipse/faces/javax.faces.resource/jquery/jquery.js?ln=primefaces&v=4.0 HTTP/1.1" 304 -
201.245.192.253 - - [01/Sep/2023:12:15:40 -0500] "GET /sipse/faces/javax.faces.resource/jquery/jquery-plugins.js?ln=primefaces&v=4.0 HTTP/1.1" 304 -
201.245.192.253 - - [01/Sep/2023:12:15:40 -0500] "GET /sipse/faces/javax.faces.resource/primefaces.js?ln=primefaces&v=4.0 HTTP/1.1" 304 -
201.245.192.253 - - [01/Sep/2023:12:15:40 -0500] "GET /sipse/faces/javax.faces.resource/layout/layout.js?ln=primefaces&v=4.0 HTTP/1.1" 304 -
201.245.192.253 - - [01/Sep/2023:12:15:40 -0500] "POST /sipse/faces/presentacion/financiero/solicitudProceso/consultar.xhtml HTTP/1.1" 200 37026
201.245.192.253 - - [01/Sep/2023:12:15:41 -0500] "POST /sipse/faces/presentacion/financiero/solicitudProceso/consultar.xhtml HTTP/1.1" 200 37026
201.245.192.253 - - [01/Sep/2023:12:15:41 -0500] "POST /sipse/faces/presentacion/financiero/solicitudProceso/consultar.xhtml HTTP/1.1" 200 37026
172.22.2.4 - - [01/Sep/2023:12:15:49 -0500] "GET /BLA/boletinlegal/consulta_actos.php?tipo=resoluciones&no=0182&usuario=&sector=&fecha=2018&resuelve= HTTP/1.1" 200 1129
201.245.192.253 - - [01/Sep/2023:12:15:49 -0500] "POST /sipse/faces/presentacion/financiero/solicitudProceso/consultar.xhtml HTTP/1.1" 200 12798
201.245.192.253 - - [01/Sep/2023:12:15:50 -0500] "GET /sipse/faces/javax.faces.resource/images/ui-bg_flat_0_2d5972_40x100.png?ln=primefaces-aristo HTTP/1.1" 304 -
186.155.13.153 - - [01/Sep/2023:12:15:52 -0500] "GET /BLA/resoluciones/RESOLUCIONES%202018/0182.pdf HTTP/1.1" 200 1962221
201.245.192.253 - - [01/Sep/2023:12:15:51 -0500] "POST /sipse/faces/presentacion/financiero/solicitudProceso/consultarSolicitudProceso.xhtml HTTP/1.1" 200 60247
201.245.192.253 - - [01/Sep/2023:12:15:53 -0500] "GET /sipse/faces/javax.faces.resource/jquery/jquery.js?ln=primefaces&v=4.0 HTTP/1.1" 304 -
201.245.192.253 - - [01/Sep/2023:12:15:54 -0500] "GET /sipse/faces/javax.faces.resource/jquery/jquery-plugins.js?ln=primefaces&v=4.0 HTTP/1.1" 304 -
201.245.192.253 - - [01/Sep/2023:12:15:54 -0500] "GET /sipse/faces/javax.faces.resource/primefaces.js?ln=primefaces&v=4.0 HTTP/1.1" 304 -
201.245.192.253 - - [01/Sep/2023:12:15:54 -0500] "GET /sipse/faces/javax.faces.resource/layout/layout.js?ln=primefaces&v=4.0 HTTP/1.1" 304 -
201.245.192.253 - - [01/Sep/2023:12:15:54 -0500] "POST /sipse/faces/presentacion/financiero/solicitudProceso/consultar.xhtml HTTP/1.1" 200 40218
201.245.192.253 - - [01/Sep/2023:12:15:54 -0500] "GET /sipse/faces/javax.faces.resource/jquery/jquery.js?ln=primefaces&v=4.0 HTTP/1.1" 304 -
201.245.192.253 - - [01/Sep/2023:12:15:54 -0500] "GET /sipse/faces/javax.faces.resource/jquery/jquery-plugins.js?ln=primefaces&v=4.0 HTTP/1.1" 304 -
201.245.192.253 - - [01/Sep/2023:12:15:54 -0500] "GET /sipse/faces/javax.faces.resource/primefaces.js?ln=primefaces&v=4.0 HTTP/1.1" 304 -
201.245.192.253 - - [01/Sep/2023:12:15:54 -0500] "GET /sipse/faces/javax.faces.resource/messages/messages.png?ln=primefaces&v=4.0 HTTP/1.1" 304 -
201.245.192.253 - - [01/Sep/2023:12:15:54 -0500] "GET /sipse/faces/javax.faces.resource/layout/layout.js?ln=primefaces&v=4.0 HTTP/1.1" 304 -
201.245.192.253 - - [01/Sep/2023:12:15:54 -0500] "POST /sipse/faces/presentacion/financiero/solicitudProceso/listarSolicitudProceso.xhtml HTTP/1.1" 200 1556
201.245.192.253 - - [01/Sep/2023:12:15:54 -0500] "POST /sipse/faces/presentacion/financiero/solicitudProceso/listarSolicitudProceso.xhtml HTTP/1.1" 200 33608
201.245.192.253 - - [01/Sep/2023:12:15:55 -0500] "POST /sipse/faces/presentacion/financiero/solicitudProceso/listarSolicitudProceso.xhtml HTTP/1.1" 200 33608
201.245.192.253 - - [01/Sep/2023:12:15:55 -0500] "POST /sipse/faces/presentacion/financiero/solicitudProceso/listarSolicitudProceso.xhtml HTTP/1.1" 200 33608
201.245.192.253 - - [01/Sep/2023:12:15:55 -0500] "POST /sipse/faces/presentacion/financiero/solicitudProceso/listarSolicitudProceso.xhtml HTTP/1.1" 200 33608
201.245.192.253 - - [01/Sep/2023:12:15:55 -0500] "POST /sipse/faces/presentacion/financiero/solicitudProceso/listarSolicitudProceso.xhtml HTTP/1.1" 200 1400
201.245.192.253 - - [01/Sep/2023:12:15:55 -0500] "POST /sipse/faces/presentacion/financiero/solicitudProceso/listarSolicitudProceso.xhtml HTTP/1.1" 200 1396
201.245.192.253 - - [01/Sep/2023:12:15:55 -0500] "POST /sipse/faces/presentacion/financiero/solicitudProceso/listarSolicitudProceso.xhtml HTTP/1.1" 200 1404
201.245.192.253 - - [01/Sep/2023:12:15:55 -0500] "POST /sipse/faces/presentacion/financiero/solicitudProceso/listarSolicitudProceso.xhtml HTTP/1.1" 200 1396
201.245.192.253 - - [01/Sep/2023:12:15:55 -0500] "POST /sipse/faces/presentacion/financiero/solicitudProceso/listarSolicitudProceso.xhtml HTTP/1.1" 200 1400
172.22.2.4 - - [01/Sep/2023:12:15:34 -0500] "GET /BLA/boletinlegal/ HTTP/1.1" 200 24523
40.77.167.64 - - [01/Sep/2023:12:16:31 -0500] "GET /BLA/resoluciones/AUTOS%202022/2893.pdf HTTP/1.1" 304 -
172.22.2.4 - - [01/Sep/2023:12:16:09 -0500] "GET /BLA/boletinlegal/ HTTP/1.1" 200 20427
201.245.192.253 - - [01/Sep/2023:12:17:11 -0500] "POST /forms/lservlet;jsessionid=ac16012b30d63ecc6c2c7a8940aa82eeb76f26bce266.e3iSbxaKaheRe34Rch0Ra3mLchv0n6jAmljGr5XDqQLvpAe HTTP/1.1" 200 2
201.245.192.253 - - [01/Sep/2023:12:17:10 -0500] "POST /kwsrmcab/Wsrmcab  HTTP/1.1" 200 43358
172.22.2.4 - - [01/Sep/2023:12:18:04 -0500] "GET /BLA/boletinlegal/actos.php HTTP/1.1" 200 9682
172.22.2.4 - - [01/Sep/2023:12:18:04 -0500] "GET /BLA/boletinlegal/js/ajax_actos.js HTTP/1.1" 200 1322
172.22.2.4 - - [01/Sep/2023:12:18:04 -0500] "GET /BLA/boletinlegal/niceforms-default.css HTTP/1.1" 200 6694
172.22.2.4 - - [01/Sep/2023:12:18:04 -0500] "GET /BLA/boletinlegal/style.css HTTP/1.1" 200 9406
172.22.2.4 - - [01/Sep/2023:12:18:04 -0500] "GET /BLA/boletinlegal/niceforms.js HTTP/1.1" 200 22876
172.22.2.4 - - [01/Sep/2023:12:18:04 -0500] "GET /BLA/boletinlegal/js/lib.js HTTP/1.1" 200 6474
172.22.2.4 - - [01/Sep/2023:12:18:04 -0500] "GET /BLA/boletinlegal/js/jquery1.js HTTP/1.1" 200 29846
172.22.2.4 - - [01/Sep/2023:12:18:04 -0500] "GET /BLA/boletinlegal/js/popup.js HTTP/1.1" 200 1270
172.22.2.4 - - [01/Sep/2023:12:18:04 -0500] "GET /BLA/boletinlegal/images/cabezote%20BLEGAL.jpg HTTP/1.1" 200 118164
172.22.2.4 - - [01/Sep/2023:12:18:04 -0500] "GET /BLA/boletinlegal/styles2.css HTTP/1.1" 200 1838
172.22.2.4 - - [01/Sep/2023:12:18:04 -0500] "GET /BLA/boletinlegal/images/subscribe-icon-big.png HTTP/1.1" 200 47702
172.22.2.4 - - [01/Sep/2023:12:18:04 -0500] "GET /BLA/boletinlegal/images/historia.png HTTP/1.1" 200 52775
172.22.2.4 - - [01/Sep/2023:12:18:04 -0500] "GET /BLA/boletinlegal/images/registro-usuarios.png HTTP/1.1" 200 8106
172.22.2.4 - - [01/Sep/2023:12:18:04 -0500] "GET /BLA/boletinlegal/images/green-yellow-blue-pink-th.png HTTP/1.1" 200 7394
172.22.2.4 - - [01/Sep/2023:12:18:04 -0500] "GET /BLA/boletinlegal/images/tel.png HTTP/1.1" 200 14477
172.22.2.4 - - [01/Sep/2023:12:18:04 -0500] "GET /BLA/boletinlegal/images/icono-email.png HTTP/1.1" 200 5544
172.22.2.4 - - [01/Sep/2023:12:18:05 -0500] "GET /BLA/boletinlegal/images/menu_lft.gif HTTP/1.1" 200 1713
172.22.2.4 - - [01/Sep/2023:12:18:05 -0500] "GET /BLA/boletinlegal/images/hover.jpg HTTP/1.1" 200 640
172.22.2.4 - - [01/Sep/2023:12:18:05 -0500] "GET /BLA/boletinlegal/images/menu_rght.gif HTTP/1.1" 200 1627
172.22.2.4 - - [01/Sep/2023:12:18:05 -0500] "GET /BLA/boletinlegal/images/menu_bg.jpg HTTP/1.1" 200 620
172.22.2.4 - - [01/Sep/2023:12:18:05 -0500] "GET /BLA/boletinlegal/images/bg_top.jpg HTTP/1.1" 200 522
172.22.2.4 - - [01/Sep/2023:12:18:05 -0500] "GET /BLA/boletinlegal/images/text.jpg HTTP/1.1" 200 568
172.22.2.4 - - [01/Sep/2023:12:18:05 -0500] "GET /BLA/boletinlegal/images/footer_bg.jpg HTTP/1.1" 200 586
172.22.2.4 - - [01/Sep/2023:12:18:05 -0500] "GET /BLA/boletinlegal/images/footer_bg_l.jpg HTTP/1.1" 200 776
172.22.2.4 - - [01/Sep/2023:12:18:05 -0500] "GET /BLA/boletinlegal/images/body_bg.jpg HTTP/1.1" 200 1601
172.22.2.4 - - [01/Sep/2023:12:18:05 -0500] "GET /BLA/boletinlegal/img/select-left.png HTTP/1.1" 200 263
172.22.2.4 - - [01/Sep/2023:12:18:05 -0500] "GET /BLA/boletinlegal/img/select-right.png HTTP/1.1" 200 44019
172.22.2.4 - - [01/Sep/2023:12:18:05 -0500] "GET /BLA/boletinlegal/img/0.png HTTP/1.1" 200 110
172.22.2.4 - - [01/Sep/2023:12:18:05 -0500] "GET /BLA/boletinlegal/img/button-left.png HTTP/1.1" 200 57071
172.22.2.4 - - [01/Sep/2023:12:18:05 -0500] "GET /BLA/boletinlegal/img/button-right.png HTTP/1.1" 200 57878
172.22.2.4 - - [01/Sep/2023:12:18:05 -0500] "GET /BLA/boletinlegal/img/button.png HTTP/1.1" 200 43241
172.22.2.4 - - [01/Sep/2023:12:18:05 -0500] "GET /BLA/boletinlegal/favicon.ico HTTP/1.1" 404 1326
172.22.2.4 - - [01/Sep/2023:12:16:26 -0500] "HEAD /BLA/boletinlegal/ HTTP/1.1" 200 -
172.22.2.4 - - [01/Sep/2023:12:18:12 -0500] "GET /BLA/boletinlegal/consulta_actos.php?tipo=resoluciones&no=0229&usuario=&sector=&fecha=2023&resuelve= HTTP/1.1" 200 626
172.22.2.4 - - [01/Sep/2023:12:18:22 -0500] "GET /BLA/boletinlegal/consulta_actos.php?tipo=resoluciones&no=0229&usuario=&sector=&fecha=2023&resuelve= HTTP/1.1" 200 626
172.22.2.4 - - [01/Sep/2023:12:18:23 -0500] "GET /BLA/boletinlegal/consulta_actos.php?tipo=resoluciones&no=0229&usuario=&sector=&fecha=2023&resuelve= HTTP/1.1" 200 626
201.245.192.253 - - [01/Sep/2023:12:18:23 -0500] "POST /kwsrmcab/Wsrmcab HTTP/1.1" 200 42915
172.22.2.4 - - [01/Sep/2023:12:18:27 -0500] "GET /BLA/boletinlegal/consulta_actos.php?tipo=resoluciones&no=0229&usuario=&sector=&fecha=2023&resuelve=sancion HTTP/1.1" 200 626
201.245.192.253 - - [01/Sep/2023:12:18:27 -0500] "POST /kwsrmcab/Wsrmcab HTTP/1.1" 200 42392
172.22.2.4 - - [01/Sep/2023:12:18:30 -0500] "GET /BLA/boletinlegal/consulta_actos.php?tipo=resoluciones&no=0228&usuario=&sector=&fecha=2023&resuelve=sancion HTTP/1.1" 200 626
172.22.2.4 - - [01/Sep/2023:12:18:40 -0500] "GET /BLA/boletinlegal/consulta_actos.php?tipo=resoluciones&no=0228&usuario=&sector=COMPETENCIA&fecha=2023&resuelve= HTTP/1.1" 200 626
172.22.2.4 - - [01/Sep/2023:12:18:43 -0500] "GET /BLA/boletinlegal/consulta_actos.php?tipo=autos&no=0228&usuario=&sector=COMPETENCIA&fecha=2023&resuelve= HTTP/1.1" 200 626
172.22.2.4 - - [01/Sep/2023:12:18:47 -0500] "GET /BLA/boletinlegal/actos.php HTTP/1.1" 200 9682
172.22.2.4 - - [01/Sep/2023:12:18:51 -0500] "GET /BLA/boletinlegal/consulta_actos.php?tipo=autos&no=0229&usuario=&sector=&fecha=2023&resuelve= HTTP/1.1" 200 1098
172.22.2.4 - - [01/Sep/2023:12:18:51 -0500] "GET /BLA/boletinlegal/images/pdf.gif HTTP/1.1" 200 567
172.22.2.4 - - [01/Sep/2023:12:17:17 -0500] "GET /BLA/boletinlegal/ HTTP/1.1" 200 60692
172.22.2.4 - - [01/Sep/2023:12:18:59 -0500] "GET /BLA/boletinlegal/consulta_actos.php?tipo=resoluciones&no=0229&usuario=&sector=&fecha=2023&resuelve= HTTP/1.1" 200 626
172.22.2.4 - - [01/Sep/2023:12:19:03 -0500] "GET /BLA/boletinlegal/consulta_actos.php?tipo=resoluciones&no=0228&usuario=&sector=&fecha=2023&resuelve= HTTP/1.1" 200 626
201.245.192.253 - - [01/Sep/2023:12:19:11 -0500] "POST /forms/lservlet;jsessionid=ac16012b30d63ecc6c2c7a8940aa82eeb76f26bce266.e3iSbxaKaheRe34Rch0Ra3mLchv0n6jAmljGr5XDqQLvpAe HTTP/1.1" 200 2
216.245.221.92 - - [01/Sep/2023:12:19:52 -0500] "HEAD / HTTP/1.1" 200 -
201.245.192.253 - - [01/Sep/2023:12:21:11 -0500] "POST /forms/lservlet;jsessionid=ac16012b30d63ecc6c2c7a8940aa82eeb76f26bce266.e3iSbxaKaheRe34Rch0Ra3mLchv0n6jAmljGr5XDqQLvpAe HTTP/1.1" 200 2
34.140.248.32 - - [01/Sep/2023:12:21:16 -0500] "GET / HTTP/1.1" 200 319
190.146.131.32 - - [01/Sep/2023:12:21:31 -0500] "GET /guadalupe-aguanoso-un-nuevo-tramo-de-camino-para-disfrutar-en-los-cerros-orientales.html HTTP/1.1" 200 795
201.245.192.253 - - [01/Sep/2023:12:22:08 -0500] "POST /kwsrmcab/Wsrmcab  HTTP/1.1" 200 43358
54.36.148.219 - - [01/Sep/2023:12:23:00 -0500] "GET /robots.txt HTTP/1.1" 404 1034
201.245.192.253 - - [01/Sep/2023:12:23:11 -0500] "POST /forms/lservlet;jsessionid=ac16012b30d63ecc6c2c7a8940aa82eeb76f26bce266.e3iSbxaKaheRe34Rch0Ra3mLchv0n6jAmljGr5XDqQLvpAe HTTP/1.1" 200 2
172.22.2.4 - - [01/Sep/2023:12:22:16 -0500] "HEAD /BLA/boletinlegal/ HTTP/1.1" 200 -
172.22.2.4 - - [01/Sep/2023:12:23:07 -0500] "GET /BLA/boletinlegal/ HTTP/1.1" 200 55844
216.245.221.92 - - [01/Sep/2023:12:24:52 -0500] "HEAD / HTTP/1.1" 200 -
172.22.2.4 - - [01/Sep/2023:12:23:45 -0500] "GET /BLA/boletinlegal/ HTTP/1.1" 200 49099
201.245.192.253 - - [01/Sep/2023:12:25:11 -0500] "POST /forms/lservlet;jsessionid=ac16012b30d63ecc6c2c7a8940aa82eeb76f26bce266.e3iSbxaKaheRe34Rch0Ra3mLchv0n6jAmljGr5XDqQLvpAe HTTP/1.1" 200 2
69.63.184.120 - - [01/Sep/2023:12:25:38 -0500] "GET /mujeres-que-reverdecen-secretaria-de-ambiente-anuncia-el-inicio-de-la-tercera-fase.html HTTP/1.1" 200 954
66.249.70.5 - - [01/Sep/2023:12:25:39 -0500] "GET /BLA/resoluciones/RESOLUCIONES%202007/RES%202007%203801%20AL%203900/RESOLUCION%203809%20DE%202007.pdf HTTP/1.1" 200 388442
66.249.70.5 - - [01/Sep/2023:12:25:40 -0500] "GET /BLA/resoluciones/RESOLUCIONES%202007/RES%202007%202701%20AL%202800/RESOLUCION%202745%20DE%202007.pdf HTTP/1.1" 200 257237
181.53.12.207 - - [01/Sep/2023:12:26:12 -0500] "GET /secretaria-de-ambiente-abre-convocatoria-para-el-proceso-de-formacion-mujeres-cuidadoras-de-humedales.html HTTP/1.1" 200 943
201.245.192.253 - - [01/Sep/2023:12:27:07 -0500] "POST /kwsrmcab/Wsrmcab  HTTP/1.1" 200 43358
201.245.192.253 - - [01/Sep/2023:12:27:11 -0500] "POST /forms/lservlet;jsessionid=ac16012b30d63ecc6c2c7a8940aa82eeb76f26bce266.e3iSbxaKaheRe34Rch0Ra3mLchv0n6jAmljGr5XDqQLvpAe HTTP/1.1" 200 2
201.245.192.253 - - [01/Sep/2023:12:28:23 -0500] "POST /kwsrmcab/Wsrmcab HTTP/1.1" 200 42915
201.245.192.253 - - [01/Sep/2023:12:28:26 -0500] "POST /kwsrmcab/Wsrmcab HTTP/1.1" 200 42392
201.245.192.253 - - [01/Sep/2023:12:29:11 -0500] "POST /forms/lservlet;jsessionid=ac16012b30d63ecc6c2c7a8940aa82eeb76f26bce266.e3iSbxaKaheRe34Rch0Ra3mLchv0n6jAmljGr5XDqQLvpAe HTTP/1.1" 200 2
186.102.91.123 - - [01/Sep/2023:12:29:17 -0500] "GET /kwssiamovil/sm/ldap/au?x=U2FsdGVkX18I9DlGKPHmb1iBpL8QOhL3d2Sm4d713zi0AQC1CxPYFfYuSRitRYY9&y=U2FsdGVkX1+ryWfzPtauPbaUY1pBczuoKalr70hyGwFclM0HTJHIhcD4eEmLznq4 HTTP/1.1" 200 30
186.102.91.123 - - [01/Sep/2023:12:29:17 -0500] "GET /kwssiamovil/sm/acme/s?s=U2FsdGVkX1/f+1q6h9l0oquyunIwFvVS7MBQ8zhKyJP9TbgvE+s6I2Fxidjf3eS1aQHXK2zqWgTwFjmz7ie8xI/8mp7onW+f1bPUCkQauMQ=&u=U2FsdGVkX1/HVpzY1gtMq5mEdkuiYphWmi8JFbEraMM=&y=U2FsdGVkX1+ryWfzPtauPbaUY1pBczuoKalr70hyGwFclM0HTJHIhcD4eEmLznq4 HTTP/1.1" 200 97
186.102.91.123 - - [01/Sep/2023:12:29:17 -0500] "GET /kwssiamovil/sm/acme/s?s=U2FsdGVkX19JGJg99sAzCvLsn/DHyUO8KlX1xw+m8u3cTgBfyAMIKbhgS5OUaiC/lV95+ZjrbEg7S0ufooi+MW3zeYoqF/FWdh8P+poiGVp7l1pUPXI3yUJ7xi322BKdzyLBoS2RHeH49Q0MGa2pr7BXe08bMY2P+HequjfKy7vtjVP21uGAXfl4yxcNIl1ycPUj6ADPFctkUqdVIfnVpoXKv8fvBHJHZ/ny+Gic4moF9ykHeQAqigO2tbN8S5b/GH/8yU8moCzgrf/+9lJ+nYvcYw5mzeg2h9uxt8nhWuGZ8++r/gaIe7Hlcw8c3RpPFkjsUfiwavSMxmJv/JK0QlPQ2Jc7qeOcWznTlrDVungK45yOaMnLYujgoI1MaDXwQCbFgbaoEEnMmCXWKXk/oiMJRUW0FN5Uj6b9Jo8mO7zn1tSAoK7i5dR58/8Kxhc+58oa1FgZBAaExhqx08qUbBTPujg601Ysloxav9YXehsW9NOsAyP1SC7TyIW3tc21RADHt7fwE9BI98lx3FWr6MhZa/cbedd4MMN1bg63CFC2KWoLQgddiZfcgn4wsVnywP1tOoqxJUQtKZdv09aoSc4CHuK8BxgkZ5e7ILieH5I+/EfhKjN911gxdKJqmd7XOM4/ra8NchtvwXFfR7wndVA53JvsoDm0vz+A1ibIY+FLjy4ZwyCp4d3Z/gvp4Ot0+hwhlSyv04INlb/FseHyze5t3gnQbjlTraf7M79rljc0sbMTf2N2f2uVk5CYVd8yA+WJsl1zta5eNrCJkoRehyKWfRmSCQFJ4UUK8YTpWQux95WMJotoPSMrUORCFwea1haazlPQNI43IAFUFbz8GUmjOW1p9hS8gXbzbJvucpYCfzn5zZz92N23Sl8rxS4yJBcDABox44vqwtJ3IW5pk7eKRXsQVgSdI/PaEF+x9r7VAmoEsOR9dGPamHkJ0Ke296uyyFIHqPoU3IQ/i58wpqJCST4wmclnHrgCYB3bRliN5pWev/n5QjEsr1iCHkLUJN7vCp6doJ5ajVYdYyoCKfb411e5uxBJhlWLqk5gyWRcQxeB1ipexUlY7vC37QGuxJwtiYfnQxt3qcHb8hH6gOAMnkKUbCSTKI8/1iujeOuCgznQSXLNxxZkIrbirybHSKUHLKkUhX1YvfWyuXkHsaRsdyjaWiWBxjCd85egvy0yp88z4E0hoHo8N7Fr2Os4byHkTCgbEBkRpoL17ZFR9+Rj8D9J09o4HLW1y7aZzGcv7d2NLrXx3OPEosL52Ffa2JIUALhqTYVJK49J9TZNJz5aOlf76E+RnhmfLc70OgElXV6auIgO31ZAZfEtoxlm+Jp+I8vOTUuN6u2YWzVVvF6KVXI3NkF8YTnwtm6eS1tGPCia3EX/2OKYopP82rYGoCVDlNAsy5aJD9nonHfXkuZbCaQYnSTtqBZooQH7bCc=&u=U2FsdGVkX1/HVpzY1gtMq5mEdkuiYphWmi8JFbEraMM=&y=U2FsdGVkX1+ryWfzPtauPbaUY1pBczuoKalr70hyGwFclM0HTJHIhcD4eEmLznq4 HTTP/1.1" 200 527
186.102.91.123 - - [01/Sep/2023:12:29:18 -0500] "GET /kwssiamovil/sm/acme/s?s=U2FsdGVkX18IsWIdMBAWbzioTKFZJrL2vQrgXi+5phRqgncj9iRV/c0hTz4X1SqiOd9mm5yCxhUO1hzuoA55eunhCeAbf9KKzKoMpz6+S5uaDBJ1ftAyNigKk58xthEfA8nX4S7XcbXfwuQyQVkETj6BbdhdzCQL/dCiXcF1hPClvy0gSTymGZjzxUcoZxlFhFOG7P/L+b7E4aasEgTbzSpXkkqPQA0iLpgVqmc7PCGYTrlJ6lFqCjP36oUG/OnIkt/zfssfZfYZN2oLbXazKlxZB4ShJHqkV1VFbY4QdQ3F/oKBg8ALRwQ5/Lt4tQrQCCsij1fMBS+Sx/AypAt0gPa9DS88VLuPcjn0Q/hXFYs=&u=U2FsdGVkX1/HVpzY1gtMq5mEdkuiYphWmi8JFbEraMM=&y=U2FsdGVkX1+ryWfzPtauPbaUY1pBczuoKalr70hyGwFclM0HTJHIhcD4eEmLznq4 HTTP/1.1" 200 196
186.102.91.123 - - [01/Sep/2023:12:29:18 -0500] "GET /kwssiamovil/sm/cjson/pre?f=1&x=U2FsdGVkX18I9DlGKPHmb1iBpL8QOhL3d2Sm4d713zi0AQC1CxPYFfYuSRitRYY9 HTTP/1.1" 200 31032
172.22.2.4 - - [01/Sep/2023:12:28:06 -0500] "HEAD /BLA/boletinlegal/ HTTP/1.1" 200 -
216.245.221.92 - - [01/Sep/2023:12:29:52 -0500] "HEAD / HTTP/1.1" 200 -
89.213.6.16 - - [01/Sep/2023:12:30:16 -0500] "GET /BLA/boletinlegal/admin/index.php HTTP/1.1" 200 2324
172.22.2.4 - - [01/Sep/2023:12:28:57 -0500] "GET /BLA/boletinlegal/ HTTP/1.1" 200 52656
52.167.144.186 - - [01/Sep/2023:12:30:51 -0500] "GET /BLA/resoluciones/RESOLUCIONES%202023/0992.pdf HTTP/1.1" 200 461576
201.245.192.253 - - [01/Sep/2023:12:31:11 -0500] "POST /forms/lservlet;jsessionid=ac16012b30d63ecc6c2c7a8940aa82eeb76f26bce266.e3iSbxaKaheRe34Rch0Ra3mLchv0n6jAmljGr5XDqQLvpAe HTTP/1.1" 200 2
192.168.176.56 - - [01/Sep/2023:12:31:13 -0500] "GET /BLA/boletinlegal/admin/index.php HTTP/1.1" 200 2324
192.168.176.56 - - [01/Sep/2023:12:31:13 -0500] "GET /favicon.ico HTTP/1.1" 200 7782
192.168.176.56 - - [01/Sep/2023:12:31:20 -0500] "POST /BLA/boletinlegal/admin/usuarios/process.php HTTP/1.1" 302 -
172.22.2.4 - - [01/Sep/2023:12:29:51 -0500] "HEAD /BLA/boletinlegal/ HTTP/1.1" 200 -
192.168.176.56 - - [01/Sep/2023:12:31:20 -0500] "GET /BLA/boletinlegal/admin/index.php HTTP/1.1" 200 5696
192.168.176.56 - - [01/Sep/2023:12:31:32 -0500] "GET /BLA/boletinlegal/admin/index_files/index_files/tback.gif HTTP/1.1" 404 1322
201.245.192.253 - - [01/Sep/2023:12:32:06 -0500] "POST /kwsrmcab/Wsrmcab  HTTP/1.1" 200 43358
66.249.75.232 - - [01/Sep/2023:12:32:39 -0500] "GET /dia-mundial-de-la-tierra-unete-a-esta-celebracion-con-actividades-que-promueven-el-cuidado-de-nuestro-planeta.html HTTP/1.1" 200 818
192.168.176.56 - - [01/Sep/2023:12:32:55 -0500] "GET /BLA/boletinlegal/admin/actos/ingresar.php HTTP/1.1" 200 7209
192.168.176.56 - - [01/Sep/2023:12:32:57 -0500] "GET /BLA/boletinlegal/images/favicon.ico HTTP/1.1" 404 1316
201.245.192.253 - - [01/Sep/2023:12:33:11 -0500] "POST /forms/lservlet;jsessionid=ac16012b30d63ecc6c2c7a8940aa82eeb76f26bce266.e3iSbxaKaheRe34Rch0Ra3mLchv0n6jAmljGr5XDqQLvpAe HTTP/1.1" 200 2
172.22.2.4 - - [01/Sep/2023:12:33:15 -0500] "GET /BLA/boletinlegal/actos.php HTTP/1.1" 200 9682
40.77.167.208 - - [01/Sep/2023:12:33:32 -0500] "GET /BLA/resoluciones/AUTOS%202023/0766.pdf HTTP/1.1" 200 520785
190.131.225.131 - - [01/Sep/2023:12:33:52 -0500] "GET /BLA/resoluciones/RESOLUCIONES%202021/5262.pdf HTTP/1.1" 200 370932
190.131.225.131 - - [01/Sep/2023:12:33:53 -0500] "GET /favicon.ico HTTP/1.1" 200 7782
190.131.225.131 - - [01/Sep/2023:12:33:53 -0500] "GET /BLA/resoluciones/RESOLUCIONES%202021/5262.pdf HTTP/1.1" 200 370932
190.131.225.131 - - [01/Sep/2023:12:33:53 -0500] "GET /BLA/resoluciones/RESOLUCIONES%202021/5262.pdf HTTP/1.1" 206 1025
192.168.176.56 - - [01/Sep/2023:12:34:16 -0500] "POST /BLA/boletinlegal/admin/actos/ingresar.php HTTP/1.1" 200 2102
192.168.176.56 - - [01/Sep/2023:12:34:17 -0500] "GET /BLA/boletinlegal/admin/actos/ingresar.php HTTP/1.1" 200 7209
172.22.2.4 - - [01/Sep/2023:12:34:21 -0500] "GET /BLA/boletinlegal/actos.php HTTP/1.1" 200 9682
201.245.192.253 - - [01/Sep/2023:12:34:23 -0500] "GET /BLA/resoluciones/ HTTP/1.1" 200 13502
201.245.192.253 - - [01/Sep/2023:12:34:25 -0500] "GET /BLA/resoluciones/dlf/archive.png HTTP/1.1" 200 632
201.245.192.253 - - [01/Sep/2023:12:34:24 -0500] "GET /BLA/resoluciones/index.php?dir=AUTOS+2018%2F HTTP/1.1" 200 462855
172.22.2.4 - - [01/Sep/2023:12:34:25 -0500] "GET /BLA/boletinlegal/favicon.ico HTTP/1.1" 404 1326
201.245.192.253 - - [01/Sep/2023:12:34:31 -0500] "GET /BLA/resoluciones/AUTOS%202018/0305.pdf HTTP/1.1" 200 331281
216.245.221.92 - - [01/Sep/2023:12:34:52 -0500] "HEAD / HTTP/1.1" 200 -
172.22.2.4 - - [01/Sep/2023:12:34:20 -0500] "GET /BLA/boletinlegal/ HTTP/1.1" 200 24523
201.245.192.253 - - [01/Sep/2023:12:35:11 -0500] "POST /forms/lservlet;jsessionid=ac16012b30d63ecc6c2c7a8940aa82eeb76f26bce266.e3iSbxaKaheRe34Rch0Ra3mLchv0n6jAmljGr5XDqQLvpAe HTTP/1.1" 200 2
172.22.2.4 - - [01/Sep/2023:12:33:56 -0500] "HEAD /BLA/boletinlegal/ HTTP/1.1" 200 -
172.22.2.4 - - [01/Sep/2023:12:34:47 -0500] "GET /BLA/boletinlegal/ HTTP/1.1" 200 56257
201.245.192.253 - - [01/Sep/2023:12:37:06 -0500] "POST /kwsrmcab/Wsrmcab  HTTP/1.1" 200 43358
201.245.192.253 - - [01/Sep/2023:12:37:11 -0500] "POST /forms/lservlet;jsessionid=ac16012b30d63ecc6c2c7a8940aa82eeb76f26bce266.e3iSbxaKaheRe34Rch0Ra3mLchv0n6jAmljGr5XDqQLvpAe HTTP/1.1" 200 2
204.199.122.19 - - [01/Sep/2023:12:37:37 -0500] "-" 408 -
201.245.192.253 - - [01/Sep/2023:12:38:23 -0500] "POST /kwsrmcab/Wsrmcab HTTP/1.1" 200 42915
201.245.192.253 - - [01/Sep/2023:12:38:27 -0500] "POST /kwsrmcab/Wsrmcab HTTP/1.1" 200 42392
201.245.192.253 - - [01/Sep/2023:12:39:11 -0500] "POST /forms/lservlet;jsessionid=ac16012b30d63ecc6c2c7a8940aa82eeb76f26bce266.e3iSbxaKaheRe34Rch0Ra3mLchv0n6jAmljGr5XDqQLvpAe HTTP/1.1" 200 2
172.22.2.4 - - [01/Sep/2023:12:39:27 -0500] "GET /BLA/boletinlegal/actos.php?tipo=resoluciones&no=&usuario=&sector=&fecha=2023&resuelve=&mostrar=Consultar HTTP/1.1" 200 9682
172.22.2.4 - - [01/Sep/2023:12:39:27 -0500] "GET /BLA/boletinlegal/styles2.css HTTP/1.1" 200 1838
172.22.2.4 - - [01/Sep/2023:12:39:27 -0500] "GET /BLA/boletinlegal/niceforms-default.css HTTP/1.1" 200 6694
172.22.2.4 - - [01/Sep/2023:12:39:27 -0500] "GET /BLA/boletinlegal/js/popup.js HTTP/1.1" 200 1270
172.22.2.4 - - [01/Sep/2023:12:39:27 -0500] "GET /BLA/boletinlegal/style.css HTTP/1.1" 200 9406
172.22.2.4 - - [01/Sep/2023:12:39:27 -0500] "GET /BLA/boletinlegal/js/ajax_actos.js HTTP/1.1" 200 1322
172.22.2.4 - - [01/Sep/2023:12:39:27 -0500] "GET /BLA/boletinlegal/js/lib.js HTTP/1.1" 200 6474
172.22.2.4 - - [01/Sep/2023:12:39:27 -0500] "GET /BLA/boletinlegal/niceforms.js HTTP/1.1" 200 22876
172.22.2.4 - - [01/Sep/2023:12:39:27 -0500] "GET /BLA/boletinlegal/js/jquery1.js HTTP/1.1" 200 29846
172.22.2.4 - - [01/Sep/2023:12:39:27 -0500] "GET /BLA/boletinlegal/images/cabezote%20BLEGAL.jpg HTTP/1.1" 200 118164
172.22.2.4 - - [01/Sep/2023:12:39:27 -0500] "GET /BLA/boletinlegal/images/subscribe-icon-big.png HTTP/1.1" 200 47702
172.22.2.4 - - [01/Sep/2023:12:39:27 -0500] "GET /BLA/boletinlegal/images/historia.png HTTP/1.1" 200 52775
172.22.2.4 - - [01/Sep/2023:12:39:27 -0500] "GET /BLA/boletinlegal/images/registro-usuarios.png HTTP/1.1" 200 8106
172.22.2.4 - - [01/Sep/2023:12:39:27 -0500] "GET /BLA/boletinlegal/images/green-yellow-blue-pink-th.png HTTP/1.1" 200 7394
172.22.2.4 - - [01/Sep/2023:12:39:27 -0500] "GET /BLA/boletinlegal/images/tel.png HTTP/1.1" 200 14477
172.22.2.4 - - [01/Sep/2023:12:39:27 -0500] "GET /BLA/boletinlegal/images/icono-email.png HTTP/1.1" 200 5544
172.22.2.4 - - [01/Sep/2023:12:39:27 -0500] "GET /BLA/boletinlegal/images/menu_bg.jpg HTTP/1.1" 200 620
172.22.2.4 - - [01/Sep/2023:12:39:27 -0500] "GET /BLA/boletinlegal/images/menu_lft.gif HTTP/1.1" 200 1713
172.22.2.4 - - [01/Sep/2023:12:39:27 -0500] "GET /BLA/boletinlegal/images/body_bg.jpg HTTP/1.1" 200 1601
172.22.2.4 - - [01/Sep/2023:12:39:27 -0500] "GET /BLA/boletinlegal/images/bg_top.jpg HTTP/1.1" 200 522
172.22.2.4 - - [01/Sep/2023:12:39:27 -0500] "GET /BLA/boletinlegal/images/menu_rght.gif HTTP/1.1" 200 1627
172.22.2.4 - - [01/Sep/2023:12:39:27 -0500] "GET /BLA/boletinlegal/images/text.jpg HTTP/1.1" 200 568
172.22.2.4 - - [01/Sep/2023:12:39:27 -0500] "GET /BLA/boletinlegal/images/footer_bg.jpg HTTP/1.1" 200 586
172.22.2.4 - - [01/Sep/2023:12:39:27 -0500] "GET /BLA/boletinlegal/images/hover.jpg HTTP/1.1" 200 640
172.22.2.4 - - [01/Sep/2023:12:39:27 -0500] "GET /BLA/boletinlegal/images/footer_bg_l.jpg HTTP/1.1" 200 776
172.22.2.4 - - [01/Sep/2023:12:39:27 -0500] "GET /BLA/boletinlegal/img/0.png HTTP/1.1" 200 110
172.22.2.4 - - [01/Sep/2023:12:39:27 -0500] "GET /BLA/boletinlegal/img/select-right.png HTTP/1.1" 200 44019
172.22.2.4 - - [01/Sep/2023:12:39:27 -0500] "GET /BLA/boletinlegal/img/select-left.png HTTP/1.1" 200 263
172.22.2.4 - - [01/Sep/2023:12:39:27 -0500] "GET /BLA/boletinlegal/img/button-left.png HTTP/1.1" 200 57071
172.22.2.4 - - [01/Sep/2023:12:39:27 -0500] "GET /BLA/boletinlegal/img/button.png HTTP/1.1" 200 43241
172.22.2.4 - - [01/Sep/2023:12:39:27 -0500] "GET /BLA/boletinlegal/img/button-right.png HTTP/1.1" 200 57878
172.22.2.4 - - [01/Sep/2023:12:39:27 -0500] "GET /BLA/boletinlegal/favicon.ico HTTP/1.1" 404 1486
172.22.2.4 - - [01/Sep/2023:12:39:38 -0500] "GET /BLA/boletinlegal/consulta_actos.php?tipo=resoluciones&no=&usuario=&sector=&fecha=2023&resuelve= HTTP/1.1" 200 206500
172.22.2.4 - - [01/Sep/2023:12:39:38 -0500] "GET /BLA/boletinlegal/images/pdf.gif HTTP/1.1" 200 567
172.22.2.4 - - [01/Sep/2023:12:39:38 -0500] "GET /BLA/boletinlegal/images/background.gif HTTP/1.1" 200 -
216.245.221.92 - - [01/Sep/2023:12:39:52 -0500] "HEAD / HTTP/1.1" 200 -
40.77.167.19 - - [01/Sep/2023:12:41:02 -0500] "GET /BLA/resoluciones/AUTOS%202023/0726.pdf HTTP/1.1" 200 1124535
201.245.192.253 - - [01/Sep/2023:12:41:11 -0500] "POST /forms/lservlet;jsessionid=ac16012b30d63ecc6c2c7a8940aa82eeb76f26bce266.e3iSbxaKaheRe34Rch0Ra3mLchv0n6jAmljGr5XDqQLvpAe HTTP/1.1" 200 2
186.102.94.172 - - [01/Sep/2023:12:41:20 -0500] "OPTIONS /kwssiamovil/sm/setfile/f? HTTP/1.1" 200 13
186.102.94.172 - - [01/Sep/2023:12:41:20 -0500] "POST /kwssiamovil/sm/setfile/f? HTTP/1.1" 200 381
172.22.2.4 - - [01/Sep/2023:12:39:46 -0500] "HEAD /BLA/boletinlegal/ HTTP/1.1" 200 -
201.245.192.253 - - [01/Sep/2023:12:42:04 -0500] "POST /kwsrmcab/Wsrmcab  HTTP/1.1" 200 43358
172.22.2.4 - - [01/Sep/2023:12:40:37 -0500] "GET /BLA/boletinlegal/ HTTP/1.1" 200 53013
40.77.167.19 - - [01/Sep/2023:12:42:51 -0500] "GET /forest/ HTTP/1.1" 200 12041
191.156.149.79 - - [01/Sep/2023:12:43:10 -0500] "GET /css/textos.css HTTP/1.1" 404 1254
191.156.144.184 - - [01/Sep/2023:12:43:10 -0500] "GET /css/date_blue.css HTTP/1.1" 404 1254
191.156.157.25 - - [01/Sep/2023:12:43:10 -0500] "GET /css/fondos.css HTTP/1.1" 404 1254
201.245.192.253 - - [01/Sep/2023:12:43:11 -0500] "POST /forms/lservlet;jsessionid=ac16012b30d63ecc6c2c7a8940aa82eeb76f26bce266.e3iSbxaKaheRe34Rch0Ra3mLchv0n6jAmljGr5XDqQLvpAe HTTP/1.1" 200 2
66.249.77.133 - - [01/Sep/2023:12:43:13 -0500] "GET /portaldeninos/wp-includes/js/comment-reply.min.js?ver=4.9.8 HTTP/1.1" 200 1078
191.156.157.25 - - [01/Sep/2023:12:43:16 -0500] "GET /css/bordes.css HTTP/1.1" 404 1254
80.66.88.204 - - [01/Sep/2023:12:44:21 -0500] "\x03" 400 226
216.245.221.92 - - [01/Sep/2023:12:44:52 -0500] "HEAD / HTTP/1.1" 200 -
190.26.222.122 - - [01/Sep/2023:12:45:05 -0500] "GET /inscribete-y-participa-en-la-convencion-internacional-de-emergencia-climatica-bogota-2023.html HTTP/1.1" 200 895
201.245.192.253 - - [01/Sep/2023:12:45:11 -0500] "POST /forms/lservlet;jsessionid=ac16012b30d63ecc6c2c7a8940aa82eeb76f26bce266.e3iSbxaKaheRe34Rch0Ra3mLchv0n6jAmljGr5XDqQLvpAe HTTP/1.1" 200 2
111.85.200.189 - - [01/Sep/2023:12:45:45 -0500] "GET / HTTP/1.0" 200 319
40.77.167.1 - - [01/Sep/2023:12:46:33 -0500] "GET /bla/resoluciones/autos%202010/5129.pdf HTTP/1.1" 200 337310
201.245.192.253 - - [01/Sep/2023:12:47:03 -0500] "POST /kwsrmcab/Wsrmcab  HTTP/1.1" 200 43358
201.245.192.253 - - [01/Sep/2023:12:47:11 -0500] "POST /forms/lservlet;jsessionid=ac16012b30d63ecc6c2c7a8940aa82eeb76f26bce266.e3iSbxaKaheRe34Rch0Ra3mLchv0n6jAmljGr5XDqQLvpAe HTTP/1.1" 200 2
172.22.2.4 - - [01/Sep/2023:12:45:36 -0500] "HEAD /BLA/boletinlegal/ HTTP/1.1" 200 -
40.77.167.1 - - [01/Sep/2023:12:47:33 -0500] "GET /BLA/resoluciones/index.php?dir=RESOLUCIONES+2006%2FRES+2006+751-800%2F HTTP/1.1" 200 12235
172.22.2.4 - - [01/Sep/2023:12:46:27 -0500] "GET /BLA/boletinlegal/ HTTP/1.1" 200 54597
201.245.192.253 - - [01/Sep/2023:12:49:11 -0500] "POST /forms/lservlet;jsessionid=ac16012b30d63ecc6c2c7a8940aa82eeb76f26bce266.e3iSbxaKaheRe34Rch0Ra3mLchv0n6jAmljGr5XDqQLvpAe HTTP/1.1" 200 2
216.245.221.92 - - [01/Sep/2023:12:49:52 -0500] "HEAD / HTTP/1.1" 200 -
201.245.192.253 - - [01/Sep/2023:12:51:11 -0500] "POST /forms/lservlet;jsessionid=ac16012b30d63ecc6c2c7a8940aa82eeb76f26bce266.e3iSbxaKaheRe34Rch0Ra3mLchv0n6jAmljGr5XDqQLvpAe HTTP/1.1" 200 2
201.245.192.253 - - [01/Sep/2023:12:52:01 -0500] "POST /kwsrmcab/Wsrmcab  HTTP/1.1" 200 43358
172.22.2.4 - - [01/Sep/2023:12:50:45 -0500] "GET /BLA/boletinlegal/ HTTP/1.1" 200 57323
172.22.2.4 - - [01/Sep/2023:12:51:26 -0500] "HEAD /BLA/boletinlegal/ HTTP/1.1" 200 -
40.77.167.29 - - [01/Sep/2023:12:53:11 -0500] "GET /BLA/resoluciones/AUTOS%202023/2614.pdf HTTP/1.1" 200 1078834
201.245.192.253 - - [01/Sep/2023:12:53:11 -0500] "POST /forms/lservlet;jsessionid=ac16012b30d63ecc6c2c7a8940aa82eeb76f26bce266.e3iSbxaKaheRe34Rch0Ra3mLchv0n6jAmljGr5XDqQLvpAe HTTP/1.1" 200 2
144.76.94.114 - - [01/Sep/2023:12:53:15 -0500] "HEAD /bogota-lanza-la-red-colaborativa-de-microsensores-para-medir-la-calidad-del-aire-en-microambientes.html HTTP/1.1" 200 -
144.76.94.114 - - [01/Sep/2023:12:53:15 -0500] "HEAD /distrito-lanza-la-patrulla-cazachimeneas-un-vehiculo-que-hara-seguimiento-a-fuentes-moviles-contaminantes.html HTTP/1.1" 200 -
144.76.94.114 - - [01/Sep/2023:12:53:15 -0500] "GET /robots.txt HTTP/1.1" 404 1034
144.76.94.114 - - [01/Sep/2023:12:53:16 -0500] "GET /distrito-lanza-la-patrulla-cazachimeneas-un-vehiculo-que-hara-seguimiento-a-fuentes-moviles-contaminantes.html HTTP/1.1" 200 1010
144.76.94.114 - - [01/Sep/2023:12:53:16 -0500] "GET /bogota-lanza-la-red-colaborativa-de-microsensores-para-medir-la-calidad-del-aire-en-microambientes.html HTTP/1.1" 200 1008
172.22.2.4 - - [01/Sep/2023:12:52:17 -0500] "GET /BLA/boletinlegal/ HTTP/1.1" 200 59343
216.245.221.92 - - [01/Sep/2023:12:54:52 -0500] "HEAD / HTTP/1.1" 200 -
201.245.192.253 - - [01/Sep/2023:12:55:11 -0500] "POST /forms/lservlet;jsessionid=ac16012b30d63ecc6c2c7a8940aa82eeb76f26bce266.e3iSbxaKaheRe34Rch0Ra3mLchv0n6jAmljGr5XDqQLvpAe HTTP/1.1" 200 2
66.249.77.135 - - [01/Sep/2023:12:55:33 -0500] "GET /portaldeninos/2021/06/05/celebracion-del-dia-mundial-del-medio-ambiente-comenzo-desde-uno-de-los-pulmones-de-bogota/ HTTP/1.1" 200 104357
66.249.77.135 - - [01/Sep/2023:12:55:35 -0500] "GET /portaldeninos/wp-content/uploads/useanyfont/uaf.css?ver=1589905315 HTTP/1.1" 200 408
123.160.235.179 - - [01/Sep/2023:12:55:43 -0500] "GET / HTTP/1.1" 200 319
171.8.138.224 - - [01/Sep/2023:12:55:44 -0500] "GET /favicon.ico HTTP/1.1" 200 7782
173.252.95.119 - - [01/Sep/2023:12:56:06 -0500] "GET /images/mercados-campesinos-5-mayo.jpg HTTP/1.1" 200 95848
201.245.192.253 - - [01/Sep/2023:12:57:01 -0500] "POST /kwsrmcab/Wsrmcab  HTTP/1.1" 200 43358
201.245.192.253 - - [01/Sep/2023:12:57:11 -0500] "POST /forms/lservlet;jsessionid=ac16012b30d63ecc6c2c7a8940aa82eeb76f26bce266.e3iSbxaKaheRe34Rch0Ra3mLchv0n6jAmljGr5XDqQLvpAe HTTP/1.1" 200 2
172.22.2.4 - - [01/Sep/2023:12:57:16 -0500] "HEAD /BLA/boletinlegal/ HTTP/1.1" 200 -
201.245.192.253 - - [01/Sep/2023:12:59:11 -0500] "POST /forms/lservlet;jsessionid=ac16012b30d63ecc6c2c7a8940aa82eeb76f26bce266.e3iSbxaKaheRe34Rch0Ra3mLchv0n6jAmljGr5XDqQLvpAe HTTP/1.1" 200 2
172.22.2.4 - - [01/Sep/2023:12:58:07 -0500] "GET /BLA/boletinlegal/ HTTP/1.1" 200 53013
216.245.221.92 - - [01/Sep/2023:12:59:52 -0500] "HEAD / HTTP/1.1" 200 -
191.156.228.46 - - [01/Sep/2023:13:00:37 -0500] "GET /inscribete-y-participa-en-la-convencion-internacional-de-emergencia-climatica-bogota-2023.html HTTP/1.1" 200 895
201.245.192.253 - - [01/Sep/2023:13:01:12 -0500] "POST /forms/lservlet;jsessionid=ac16012b30d63ecc6c2c7a8940aa82eeb76f26bce266.e3iSbxaKaheRe34Rch0Ra3mLchv0n6jAmljGr5XDqQLvpAe HTTP/1.1" 200 2
199.16.157.182 - - [01/Sep/2023:13:02:01 -0500] "GET /images/conversatotio-carbono-comtaminacion-5-octubre.jpg HTTP/1.1" 200 225350
201.245.192.253 - - [01/Sep/2023:13:01:59 -0500] "POST /kwsrmcab/Wsrmcab  HTTP/1.1" 200 43358
201.245.192.253 - - [01/Sep/2023:13:03:12 -0500] "POST /forms/lservlet;jsessionid=ac16012b30d63ecc6c2c7a8940aa82eeb76f26bce266.e3iSbxaKaheRe34Rch0Ra3mLchv0n6jAmljGr5XDqQLvpAe HTTP/1.1" 200 2
172.22.2.4 - - [01/Sep/2023:13:03:06 -0500] "HEAD /BLA/boletinlegal/ HTTP/1.1" 200 -
20.26.44.162 - - [01/Sep/2023:13:04:49 -0500] "GET /Publicaciones/2023EE92600.pdf HTTP/1.1" 404 227
173.252.111.5 - - [01/Sep/2023:13:04:50 -0500] "GET /images/avistamiento-aves.jpg HTTP/1.1" 200 104313
216.245.221.92 - - [01/Sep/2023:13:04:52 -0500] "HEAD / HTTP/1.1" 200 -
201.245.192.253 - - [01/Sep/2023:13:05:11 -0500] "POST /forms/lservlet;jsessionid=ac16012b30d63ecc6c2c7a8940aa82eeb76f26bce266.e3iSbxaKaheRe34Rch0Ra3mLchv0n6jAmljGr5XDqQLvpAe HTTP/1.1" 200 2
66.249.75.232 - - [01/Sep/2023:13:05:13 -0500] "GET /compania-nacional-de-chocolates-cerescos-y-cablemovil-entre-las-empresas-que-han-implementado-proyectos-ambientales-exitosos.html HTTP/1.1" 304 -
172.22.2.4 - - [01/Sep/2023:13:03:57 -0500] "GET /BLA/boletinlegal/ HTTP/1.1" 200 53013
201.245.192.253 - - [01/Sep/2023:13:06:58 -0500] "POST /kwsrmcab/Wsrmcab  HTTP/1.1" 200 43358
201.245.192.253 - - [01/Sep/2023:13:07:11 -0500] "POST /forms/lservlet;jsessionid=ac16012b30d63ecc6c2c7a8940aa82eeb76f26bce266.e3iSbxaKaheRe34Rch0Ra3mLchv0n6jAmljGr5XDqQLvpAe HTTP/1.1" 200 2
172.22.2.4 - - [01/Sep/2023:13:08:59 -0500] "GET /BLA/boletinlegal/actos.php HTTP/1.1" 200 9682
172.22.2.4 - - [01/Sep/2023:13:09:00 -0500] "GET /BLA/boletinlegal/niceforms-default.css HTTP/1.1" 200 6694
172.22.2.4 - - [01/Sep/2023:13:09:00 -0500] "GET /BLA/boletinlegal/styles2.css HTTP/1.1" 200 1838
172.22.2.4 - - [01/Sep/2023:13:09:00 -0500] "GET /BLA/boletinlegal/style.css HTTP/1.1" 200 9406
172.22.2.4 - - [01/Sep/2023:13:09:00 -0500] "GET /BLA/boletinlegal/js/ajax_actos.js HTTP/1.1" 200 1322
172.22.2.4 - - [01/Sep/2023:13:09:00 -0500] "GET /BLA/boletinlegal/niceforms.js HTTP/1.1" 200 22876
172.22.2.4 - - [01/Sep/2023:13:09:00 -0500] "GET /BLA/boletinlegal/js/lib.js HTTP/1.1" 200 6474
172.22.2.4 - - [01/Sep/2023:13:09:00 -0500] "GET /BLA/boletinlegal/js/popup.js HTTP/1.1" 200 1270
172.22.2.4 - - [01/Sep/2023:13:09:00 -0500] "GET /BLA/boletinlegal/js/jquery1.js HTTP/1.1" 200 29846
172.22.2.4 - - [01/Sep/2023:13:09:00 -0500] "GET /BLA/boletinlegal/images/subscribe-icon-big.png HTTP/1.1" 200 47702
172.22.2.4 - - [01/Sep/2023:13:09:00 -0500] "GET /BLA/boletinlegal/images/cabezote%20BLEGAL.jpg HTTP/1.1" 200 118164
172.22.2.4 - - [01/Sep/2023:13:09:00 -0500] "GET /BLA/boletinlegal/images/historia.png HTTP/1.1" 200 52775
172.22.2.4 - - [01/Sep/2023:13:09:00 -0500] "GET /BLA/boletinlegal/images/registro-usuarios.png HTTP/1.1" 200 8106
172.22.2.4 - - [01/Sep/2023:13:09:00 -0500] "GET /BLA/boletinlegal/images/green-yellow-blue-pink-th.png HTTP/1.1" 200 7394
172.22.2.4 - - [01/Sep/2023:13:09:00 -0500] "GET /BLA/boletinlegal/images/tel.png HTTP/1.1" 200 14477
172.22.2.4 - - [01/Sep/2023:13:09:00 -0500] "GET /BLA/boletinlegal/images/icono-email.png HTTP/1.1" 200 5544
172.22.2.4 - - [01/Sep/2023:13:09:00 -0500] "GET /BLA/boletinlegal/images/body_bg.jpg HTTP/1.1" 200 1601
172.22.2.4 - - [01/Sep/2023:13:09:00 -0500] "GET /BLA/boletinlegal/images/menu_lft.gif HTTP/1.1" 200 1713
172.22.2.4 - - [01/Sep/2023:13:09:00 -0500] "GET /BLA/boletinlegal/images/menu_rght.gif HTTP/1.1" 200 1627
172.22.2.4 - - [01/Sep/2023:13:09:00 -0500] "GET /BLA/boletinlegal/images/bg_top.jpg HTTP/1.1" 200 522
172.22.2.4 - - [01/Sep/2023:13:09:00 -0500] "GET /BLA/boletinlegal/images/menu_bg.jpg HTTP/1.1" 200 620
172.22.2.4 - - [01/Sep/2023:13:09:00 -0500] "GET /BLA/boletinlegal/images/text.jpg HTTP/1.1" 200 568
172.22.2.4 - - [01/Sep/2023:13:09:00 -0500] "GET /BLA/boletinlegal/images/hover.jpg HTTP/1.1" 200 640
172.22.2.4 - - [01/Sep/2023:13:09:00 -0500] "GET /BLA/boletinlegal/images/footer_bg_l.jpg HTTP/1.1" 200 776
172.22.2.4 - - [01/Sep/2023:13:09:00 -0500] "GET /BLA/boletinlegal/images/footer_bg.jpg HTTP/1.1" 200 586
172.22.2.4 - - [01/Sep/2023:13:09:00 -0500] "GET /BLA/boletinlegal/img/0.png HTTP/1.1" 200 110
172.22.2.4 - - [01/Sep/2023:13:09:00 -0500] "GET /BLA/boletinlegal/img/select-left.png HTTP/1.1" 200 263
172.22.2.4 - - [01/Sep/2023:13:09:00 -0500] "GET /BLA/boletinlegal/img/select-right.png HTTP/1.1" 200 44019
172.22.2.4 - - [01/Sep/2023:13:09:00 -0500] "GET /BLA/boletinlegal/img/button-left.png HTTP/1.1" 200 57071
172.22.2.4 - - [01/Sep/2023:13:09:00 -0500] "GET /BLA/boletinlegal/img/button.png HTTP/1.1" 200 43241
172.22.2.4 - - [01/Sep/2023:13:09:00 -0500] "GET /BLA/boletinlegal/img/button-right.png HTTP/1.1" 200 57878
172.22.2.4 - - [01/Sep/2023:13:09:00 -0500] "GET /BLA/boletinlegal/favicon.ico HTTP/1.1" 404 1326
172.22.2.4 - - [01/Sep/2023:13:09:08 -0500] "GET /BLA/boletinlegal/consulta_actos.php?tipo=resoluciones&no=&usuario=&sector=&fecha=2023&resuelve= HTTP/1.1" 200 206500
172.22.2.4 - - [01/Sep/2023:13:09:08 -0500] "GET /BLA/boletinlegal/images/pdf.gif HTTP/1.1" 200 567
172.22.2.4 - - [01/Sep/2023:13:09:08 -0500] "GET /BLA/boletinlegal/images/background.gif HTTP/1.1" 200 -
201.245.192.253 - - [01/Sep/2023:13:09:12 -0500] "POST /forms/lservlet;jsessionid=ac16012b30d63ecc6c2c7a8940aa82eeb76f26bce266.e3iSbxaKaheRe34Rch0Ra3mLchv0n6jAmljGr5XDqQLvpAe HTTP/1.1" 200 2
216.245.221.92 - - [01/Sep/2023:13:09:52 -0500] "HEAD / HTTP/1.1" 200 -
172.22.2.4 - - [01/Sep/2023:13:08:56 -0500] "HEAD /BLA/boletinlegal/ HTTP/1.1" 200 -
201.245.192.253 - - [01/Sep/2023:13:10:49 -0500] "GET /sipse/faces/faces/index.xhtml HTTP/1.1" 200 677
201.245.192.253 - - [01/Sep/2023:13:10:50 -0500] "GET /sipse/faces/javax.faces.resource/theme.css?ln=primefaces-sipse HTTP/1.1" 304 -
201.245.192.253 - - [01/Sep/2023:13:11:01 -0500] "GET /sipse/faces/faces/index.xhtml HTTP/1.1" 200 677
201.245.192.253 - - [01/Sep/2023:13:11:01 -0500] "GET /sipse/faces/javax.faces.resource/theme.css?ln=primefaces-sipse HTTP/1.1" 304 -
201.245.192.253 - - [01/Sep/2023:13:11:01 -0500] "GET /sipse/faces/faces/faces/autenticacion.xhtml HTTP/1.1" 200 12180
201.245.192.253 - - [01/Sep/2023:13:11:01 -0500] "GET /sipse/faces/javax.faces.resource/theme.css?ln=primefaces-sipse HTTP/1.1" 304 -
201.245.192.253 - - [01/Sep/2023:13:11:01 -0500] "GET /sipse/faces/javax.faces.resource/layout/layout.css?ln=primefaces&v=4.0 HTTP/1.1" 304 -
201.245.192.253 - - [01/Sep/2023:13:11:01 -0500] "GET /sipse/faces/javax.faces.resource/jquery/jquery-plugins.js?ln=primefaces&v=4.0 HTTP/1.1" 304 -
201.245.192.253 - - [01/Sep/2023:13:11:01 -0500] "GET /sipse/faces/javax.faces.resource/layout/layout.js?ln=primefaces&v=4.0 HTTP/1.1" 304 -
201.245.192.253 - - [01/Sep/2023:13:11:01 -0500] "GET /sipse/faces/javax.faces.resource/primefaces.css?ln=primefaces&v=4.0 HTTP/1.1" 304 -
201.245.192.253 - - [01/Sep/2023:13:11:01 -0500] "GET /sipse/faces/javax.faces.resource/jquery/jquery.js?ln=primefaces&v=4.0 HTTP/1.1" 304 -
201.245.192.253 - - [01/Sep/2023:13:11:01 -0500] "GET /sipse/faces/javax.faces.resource/primefaces.js?ln=primefaces&v=4.0 HTTP/1.1" 304 -
201.245.192.253 - - [01/Sep/2023:13:11:01 -0500] "GET /sipse/faces/javax.faces.resource/images/ui-icons_898989_256x240.png?ln=primefaces-aristo HTTP/1.1" 304 -
201.245.192.253 - - [01/Sep/2023:13:11:07 -0500] "POST /sipse/faces/autenticacion.xhtml HTTP/1.1" 200 16197
201.245.192.253 - - [01/Sep/2023:13:11:08 -0500] "GET /sipse/faces/javax.faces.resource/layout/layout.css?ln=primefaces&v=4.0 HTTP/1.1" 304 -
201.245.192.253 - - [01/Sep/2023:13:11:08 -0500] "GET /sipse/faces/javax.faces.resource/primefaces.css?ln=primefaces&v=4.0 HTTP/1.1" 304 -
201.245.192.253 - - [01/Sep/2023:13:11:08 -0500] "GET /sipse/faces/javax.faces.resource/theme.css?ln=primefaces-sipse HTTP/1.1" 304 -
201.245.192.253 - - [01/Sep/2023:13:11:08 -0500] "GET /sipse/faces/javax.faces.resource/jquery/jquery.js?ln=primefaces&v=4.0 HTTP/1.1" 304 -
201.245.192.253 - - [01/Sep/2023:13:11:08 -0500] "GET /sipse/faces/javax.faces.resource/jquery/jquery-plugins.js?ln=primefaces&v=4.0 HTTP/1.1" 304 -
201.245.192.253 - - [01/Sep/2023:13:11:08 -0500] "GET /sipse/faces/javax.faces.resource/primefaces.js?ln=primefaces&v=4.0 HTTP/1.1" 304 -
201.245.192.253 - - [01/Sep/2023:13:11:08 -0500] "GET /sipse/faces/javax.faces.resource/layout/layout.js?ln=primefaces&v=4.0 HTTP/1.1" 304 -
201.245.192.253 - - [01/Sep/2023:13:11:08 -0500] "GET /sipse/css/imagen/contrasena.png HTTP/1.1" 404 383
201.245.192.253 - - [01/Sep/2023:13:11:08 -0500] "GET /sipse/faces/javax.faces.resource/messages/messages.png?ln=primefaces&v=4.0 HTTP/1.1" 304 -
201.245.192.253 - - [01/Sep/2023:13:11:09 -0500] "GET /sipse/faces/javax.faces.resource/images/ui-bg_flat_0_2d5972_40x100.png?ln=primefaces-aristo HTTP/1.1" 304 -
201.245.192.253 - - [01/Sep/2023:13:11:09 -0500] "POST /sipse/faces/bienvenido.xhtml HTTP/1.1" 200 1471
201.245.192.253 - - [01/Sep/2023:13:11:10 -0500] "POST /sipse/faces/bienvenido.xhtml HTTP/1.1" 200 37310
201.245.192.253 - - [01/Sep/2023:13:11:11 -0500] "GET /sipse/faces/javax.faces.resource/theme.css?ln=primefaces-sipse HTTP/1.1" 304 -
201.245.192.253 - - [01/Sep/2023:13:11:11 -0500] "GET /sipse/faces/javax.faces.resource/layout/layout.css?ln=primefaces&v=4.0 HTTP/1.1" 304 -
201.245.192.253 - - [01/Sep/2023:13:11:11 -0500] "GET /sipse/faces/javax.faces.resource/primefaces.css?ln=primefaces&v=4.0 HTTP/1.1" 304 -
201.245.192.253 - - [01/Sep/2023:13:11:11 -0500] "GET /sipse/faces/javax.faces.resource/jquery/jquery.js?ln=primefaces&v=4.0 HTTP/1.1" 304 -
201.245.192.253 - - [01/Sep/2023:13:11:11 -0500] "GET /sipse/faces/javax.faces.resource/jquery/jquery-plugins.js?ln=primefaces&v=4.0 HTTP/1.1" 304 -
201.245.192.253 - - [01/Sep/2023:13:11:11 -0500] "GET /sipse/faces/javax.faces.resource/primefaces.js?ln=primefaces&v=4.0 HTTP/1.1" 304 -
201.245.192.253 - - [01/Sep/2023:13:11:11 -0500] "GET /sipse/faces/javax.faces.resource/layout/layout.js?ln=primefaces&v=4.0 HTTP/1.1" 304 -
201.245.192.253 - - [01/Sep/2023:13:11:11 -0500] "POST /sipse/faces/presentacion/financiero/solicitudProceso/listarSolicitudProceso.xhtml HTTP/1.1" 200 1420
201.245.192.253 - - [01/Sep/2023:13:11:12 -0500] "POST /forms/lservlet;jsessionid=ac16012b30d63ecc6c2c7a8940aa82eeb76f26bce266.e3iSbxaKaheRe34Rch0Ra3mLchv0n6jAmljGr5XDqQLvpAe HTTP/1.1" 200 2
172.22.2.4 - - [01/Sep/2023:13:09:47 -0500] "GET /BLA/boletinlegal/ HTTP/1.1" 200 53013
201.245.192.253 - - [01/Sep/2023:13:11:58 -0500] "POST /kwsrmcab/Wsrmcab  HTTP/1.1" 200 43358
201.245.192.253 - - [01/Sep/2023:13:13:12 -0500] "POST /forms/lservlet;jsessionid=ac16012b30d63ecc6c2c7a8940aa82eeb76f26bce266.e3iSbxaKaheRe34Rch0Ra3mLchv0n6jAmljGr5XDqQLvpAe HTTP/1.1" 200 2
190.242.104.178 - - [01/Sep/2023:13:14:22 -0500] "GET /inscribete-y-participa-en-la-convencion-internacional-de-emergencia-climatica-bogota-2023.html HTTP/1.1" 200 895
216.245.221.92 - - [01/Sep/2023:13:14:52 -0500] "HEAD / HTTP/1.1" 200 -
201.245.192.253 - - [01/Sep/2023:13:15:12 -0500] "POST /forms/lservlet;jsessionid=ac16012b30d63ecc6c2c7a8940aa82eeb76f26bce266.e3iSbxaKaheRe34Rch0Ra3mLchv0n6jAmljGr5XDqQLvpAe HTTP/1.1" 200 2
172.22.2.4 - - [01/Sep/2023:13:14:46 -0500] "HEAD /BLA/boletinlegal/ HTTP/1.1" 200 -
172.22.2.4 - - [01/Sep/2023:13:16:34 -0500] "GET /BLA/boletinlegal/actos.php HTTP/1.1" 200 9682
172.22.2.4 - - [01/Sep/2023:13:16:34 -0500] "GET /BLA/boletinlegal/favicon.ico HTTP/1.1" 404 1326
201.185.97.236 - - [01/Sep/2023:13:16:37 -0500] "GET /BLA/resoluciones/ HTTP/1.1" 200 13502
201.185.97.236 - - [01/Sep/2023:13:16:40 -0500] "GET /BLA/resoluciones/index.php?dir=AUTOS+2023%2F HTTP/1.1" 200 264124
201.245.192.253 - - [01/Sep/2023:13:16:57 -0500] "POST /kwsrmcab/Wsrmcab  HTTP/1.1" 200 43358
201.245.192.253 - - [01/Sep/2023:13:17:12 -0500] "POST /forms/lservlet;jsessionid=ac16012b30d63ecc6c2c7a8940aa82eeb76f26bce266.e3iSbxaKaheRe34Rch0Ra3mLchv0n6jAmljGr5XDqQLvpAe HTTP/1.1" 200 2
172.22.2.4 - - [01/Sep/2023:13:15:37 -0500] "GET /BLA/boletinlegal/ HTTP/1.1" 200 53766
201.245.192.253 - - [01/Sep/2023:13:18:23 -0500] "POST /kwsrmcab/Wsrmcab HTTP/1.1" 200 42903
201.245.192.253 - - [01/Sep/2023:13:18:26 -0500] "POST /kwsrmcab/Wsrmcab HTTP/1.1" 200 43518
201.245.192.253 - - [01/Sep/2023:13:19:12 -0500] "POST /forms/lservlet;jsessionid=ac16012b30d63ecc6c2c7a8940aa82eeb76f26bce266.e3iSbxaKaheRe34Rch0Ra3mLchv0n6jAmljGr5XDqQLvpAe HTTP/1.1" 200 2
216.245.221.92 - - [01/Sep/2023:13:19:52 -0500] "HEAD / HTTP/1.1" 200 -
201.245.192.253 - - [01/Sep/2023:13:21:12 -0500] "POST /forms/lservlet;jsessionid=ac16012b30d63ecc6c2c7a8940aa82eeb76f26bce266.e3iSbxaKaheRe34Rch0Ra3mLchv0n6jAmljGr5XDqQLvpAe HTTP/1.1" 200 2
201.245.192.253 - - [01/Sep/2023:13:21:55 -0500] "POST /kwsrmcab/Wsrmcab  HTTP/1.1" 200 43358
172.22.2.4 - - [01/Sep/2023:13:20:36 -0500] "HEAD /BLA/boletinlegal/ HTTP/1.1" 200 -
172.22.2.4 - - [01/Sep/2023:13:21:27 -0500] "GET /BLA/boletinlegal/ HTTP/1.1" 200 58597
201.245.192.253 - - [01/Sep/2023:13:23:12 -0500] "POST /forms/lservlet;jsessionid=ac16012b30d63ecc6c2c7a8940aa82eeb76f26bce266.e3iSbxaKaheRe34Rch0Ra3mLchv0n6jAmljGr5XDqQLvpAe HTTP/1.1" 200 2
52.167.144.186 - - [01/Sep/2023:13:23:17 -0500] "GET /BLA/resoluciones/AUTOS%202023/0866.pdf HTTP/1.1" 200 838629
36.99.136.136 - - [01/Sep/2023:13:23:42 -0500] "GET / HTTP/1.1" 200 319
36.99.136.136 - - [01/Sep/2023:13:23:42 -0500] "GET /favicon.ico HTTP/1.1" 200 7782
216.245.221.92 - - [01/Sep/2023:13:24:52 -0500] "HEAD / HTTP/1.1" 200 -
201.245.192.253 - - [01/Sep/2023:13:25:12 -0500] "POST /forms/lservlet;jsessionid=ac16012b30d63ecc6c2c7a8940aa82eeb76f26bce266.e3iSbxaKaheRe34Rch0Ra3mLchv0n6jAmljGr5XDqQLvpAe HTTP/1.1" 200 2
66.249.70.6 - - [01/Sep/2023:13:25:39 -0500] "GET /BLA/resoluciones/AUTOS%202014/6095.pdf HTTP/1.1" 200 166707
66.249.70.7 - - [01/Sep/2023:13:25:40 -0500] "GET /BLA/resoluciones/AUTOS%202015/1613.pdf HTTP/1.1" 200 666987
66.249.70.7 - - [01/Sep/2023:13:25:41 -0500] "GET /BLA/resoluciones/AUTOS%202017/4139.pdf HTTP/1.1" 200 1180099
66.249.70.6 - - [01/Sep/2023:13:25:42 -0500] "GET /BLA/resoluciones/RESOLUCIONES%202009/1946.pdf HTTP/1.1" 200 639924
