152.203.205.14 - - [02/Sep/2023:15:35:52 -0500] "OPTIONS /kwssiamovil/sm/setfile/f? HTTP/1.1" 200 13
152.203.205.14 - - [02/Sep/2023:15:35:52 -0500] "POST /kwssiamovil/sm/setfile/f? HTTP/1.1" 200 381
152.203.205.14 - - [02/Sep/2023:15:35:54 -0500] "OPTIONS /kwssiamovil/sm/setfile/f? HTTP/1.1" 200 13
152.203.205.14 - - [02/Sep/2023:15:35:54 -0500] "POST /kwssiamovil/sm/setfile/f? HTTP/1.1" 200 381
152.203.205.14 - - [02/Sep/2023:15:35:56 -0500] "OPTIONS /kwssiamovil/sm/setfile/f? HTTP/1.1" 200 13
152.203.205.14 - - [02/Sep/2023:15:35:56 -0500] "POST /kwssiamovil/sm/setfile/f? HTTP/1.1" 200 381
52.167.144.108 - - [02/Sep/2023:15:36:33 -0500] "GET /bla/resoluciones/autos%202012/2903.pdf HTTP/1.1" 200 216567
201.245.192.253 - - [02/Sep/2023:15:36:41 -0500] "POST /kwsrmcab/Wsrmcab  HTTP/1.1" 200 43358
172.22.2.4 - - [02/Sep/2023:15:36:57 -0500] "GET /BLA/boletinlegal/Circulares/2019/.pdf HTTP/1.1" 404 1218
172.22.2.4 - - [02/Sep/2023:15:37:05 -0500] "GET /BLA/boletinlegal/Circulares/2012/Circular%20No.%2010%20del%2026%20de%20Enero%20de%202012.pdf HTTP/1.1" 404 1218
172.22.2.4 - - [02/Sep/2023:15:35:37 -0500] "HEAD /BLA/boletinlegal/ HTTP/1.1" 200 -
152.203.205.14 - - [02/Sep/2023:15:37:23 -0500] "GET /kwssiamovil/sm/acme/a?s=U2FsdGVkX1+n+axqdu3P3vGSBsZrJXIvK79d47Me5bta4cH1HsnqNaOSZ0uxgtss2YwkboDwezeIvRYg5W7M+15x5tXRxhsQ/eQ1w61jgePLbf1J1x7+03HtuPpgqR1mhLRb/622Jk37piEmR3IjRGC3XM91zen6LW2bYNPfJJOVw9aEqnYFR6UcSV7umJq+JmZcxt17G2ZTM1+rqQO8jLvn+CY1Q5XnSH8EKUkeyKLj1auA6hfVRA29h41LHZTdoGPEqog7EweettCf44Z+1g==&u=U2FsdGVkX19uJv+yJf6QSpMDx0VH4FB02Dt3IF2wdWX55HnHWjf75rdI47cw60cY&y=U2FsdGVkX190xeJfz0xjF0Utkzm2YSUhmJ5Fkqxfdlfh7sZAs/iMzqDy8T0eJOOz HTTP/1.1" 200 26
152.203.205.14 - - [02/Sep/2023:15:37:24 -0500] "GET /kwssiamovil/sm/acme/a?s=U2FsdGVkX18BxHk8WvABfaiWHlrmBRaDji8jr/IVZrmroMCYIZZr+Y7BWooVrfbUxUy/u711lL6LFcWwSB8jONsBJI8X7HOGqbm5kD3t3MFok5lobcZWLPBZQFB8ymTTAgIiGzWKxMWDdw50BwBXOdI8cehaTSpDy02uIcjqBWLrJUsARHiXk8iBiN2Bw00L67KOgmTNKm71+WCo7pPXq8xxOqoXUxnZ67MgVLnAf6GB8SIvyCIkvdFTXXhsMVZivsGtuuJtNeqzuw3Iy7FREhPrQS3swU/CGJiA4wNMA7mZkxo3aHXCN+PDR6Fiy52YzTLDNjFjtpjELOLzJuDuwf2vSjDrFVhfb9jz+M8swVMFCnEwaehKeVtDa6GppMtwm5pR3QwfBSTQ/4lgpXua6QGMsAlDOUHhQckt9uvkdQBCkHH4c5S/6HMJkBEeOn8IfJiua6QsReZRQAGN8yJrrEq7Z9vvC3fJ5I25Mz9P4e7UEqH33uKOgA7bHIvec0QS2X2AImyjpzXsul9wLWxEW0UDV1KNo1DaAW3LGwKGgO0LafP30SAQ09PeqYKfu6SJbHRws/0VuICXSZLw3ERb3bweA2aeiZ1GvxkSZaM8qgGepLlZTRAZkV0mbqQzKu66NIEsGTFULj9EbNPfh6RQvbJC4D47UsD12KmlHPh8S0RGgWpbuWvpDPgSxGCh8gZ1LCJwaZVUHZ6Z+0HwSKNjemYZfb2XZaPmCFn3QmJ4aoQT1dhC1e+Rj4mJcpZBN1+9oYf35r0FBVA86MjEKY5PEgKYE/3NoNmq7t4YtZwG5xJr3Yo1rTqS6IhKTLy05ErokSREvigywBrWDCBgHsws5Y2OeKNJ/un2fKgwA/0QXQX0sTBzHg9NzO11lRE8THyt1ePGDM4AThu+kTKlbZiH0p3yhUcc9EF5nXlftzWIRW4OiiW8KG39tpEvnJpR4ixfOJiSiIeyeHqYaz3giSdHjqqXuPtrBezqmEmOn4KO0HXUyOoJU0e24wVn14wOebtGGUQilC0okBSZRySHw4kFmWwc64w+jH/F4TED3+74BvHQpQ2rDlWj7Jnye6/nSm1827qOo7a+MhypxvlqDMRxxz7tsOwApAMqFK9byvi+Q4yRAu6LLiyajzczDxDpvmKuYbuNZYLiLFa8uAdrlKoQ8w==&u=U2FsdGVkX19uJv+yJf6QSpMDx0VH4FB02Dt3IF2wdWX55HnHWjf75rdI47cw60cY&y=U2FsdGVkX190xeJfz0xjF0Utkzm2YSUhmJ5Fkqxfdlfh7sZAs/iMzqDy8T0eJOOz HTTP/1.1" 200 26
152.203.205.14 - - [02/Sep/2023:15:37:24 -0500] "GET /kwssiamovil/sm/acme/a?s=U2FsdGVkX183P9ravNR1iIgxlvQTtk/vOytafo6olthSAh18u4pA0e2jw07ymhfEa+uaNWbQLDYoZ6cTAqW5X/ULOwv2VfQPEN0oNH20IsZJ73IiHbL+0j0G0xMmdmVyVyo+B29UeVYI48sesP2bo/Snpa2ZdUf5csB/6Vb4K+Y=&u=U2FsdGVkX19uJv+yJf6QSpMDx0VH4FB02Dt3IF2wdWX55HnHWjf75rdI47cw60cY&y=U2FsdGVkX190xeJfz0xjF0Utkzm2YSUhmJ5Fkqxfdlfh7sZAs/iMzqDy8T0eJOOz HTTP/1.1" 200 26
152.203.205.14 - - [02/Sep/2023:15:37:24 -0500] "GET /kwssiamovil/sm/acme/a?s=U2FsdGVkX18hS1K2loMtkNPdHJvzimEMBpAst3E1Q2XuEipE+by+4hBeYXkmnDlFuzdOnRS+mo85UXSsFwZTOOElmveBcPu+JVz9WtVsZuvaBmxqespDx0Pi7r/4yzNe3WokvOLCcUMweetToSQR3IGcpQbE9lM0RUbd8bzR58s=&u=U2FsdGVkX19uJv+yJf6QSpMDx0VH4FB02Dt3IF2wdWX55HnHWjf75rdI47cw60cY&y=U2FsdGVkX190xeJfz0xjF0Utkzm2YSUhmJ5Fkqxfdlfh7sZAs/iMzqDy8T0eJOOz HTTP/1.1" 200 26
152.203.205.14 - - [02/Sep/2023:15:37:24 -0500] "GET /kwssiamovil/sm/acme/a?s=U2FsdGVkX188++KWb1wJXbnedYSWTL+ZDf2qhz2QOjSAeUeyGQRWuQ8tbN24BjBcBavw6hvAqiSHjwlN8vdNUhVHLUsnkY7yLIVt7e1OembFFDlpVibZ3LPUtiaZlAVzVevyd+ojwuSo7yDZm1yI7ptsBO5kNhVzSH+rvs30BG0=&u=U2FsdGVkX19uJv+yJf6QSpMDx0VH4FB02Dt3IF2wdWX55HnHWjf75rdI47cw60cY&y=U2FsdGVkX190xeJfz0xjF0Utkzm2YSUhmJ5Fkqxfdlfh7sZAs/iMzqDy8T0eJOOz HTTP/1.1" 200 26
152.203.205.14 - - [02/Sep/2023:15:37:24 -0500] "GET /kwssiamovil/sm/acme/a?s=U2FsdGVkX19+2N+PFg+G/MkYs+y8VFp6EWxmkItqMVM9QdDmUEVov1u1RCv7amrp2l4+QrYLBlMTD0zmzw+XWIlqkqIZq+nVBZ9vXkzuqb/W/PW595C3WopDEqzaMI+WgTPra0TIgPQPrWBcWL9Ch2al2COEbn32MGwZXV2zVk+tj0FuuvmIo01Ou7clhHYOtFK6utkLbfGitbbcOPQdmA==&u=U2FsdGVkX19uJv+yJf6QSpMDx0VH4FB02Dt3IF2wdWX55HnHWjf75rdI47cw60cY&y=U2FsdGVkX190xeJfz0xjF0Utkzm2YSUhmJ5Fkqxfdlfh7sZAs/iMzqDy8T0eJOOz HTTP/1.1" 200 26
152.203.205.14 - - [02/Sep/2023:15:37:25 -0500] "GET /kwssiamovil/sm/acme/a?s=U2FsdGVkX18xROdZC+hejndeuD4n985wdcPQZa13/HhY6VO7rw2NP8D9IEI8n3v4dukC/5vmB3C9xxF85VcrO1scy08uLrdIssb5tgcafjehKSuEkn2NTjRZhNIVH8W/kPyo0I9DKy377Mtk+Ic79MIWB/2F/4XSLFonpna1RLpm81k6XbDwEHE0zTtOPtYMRtysdRypKU9AmARpWnBnjA==&u=U2FsdGVkX19uJv+yJf6QSpMDx0VH4FB02Dt3IF2wdWX55HnHWjf75rdI47cw60cY&y=U2FsdGVkX190xeJfz0xjF0Utkzm2YSUhmJ5Fkqxfdlfh7sZAs/iMzqDy8T0eJOOz HTTP/1.1" 200 26
152.203.205.14 - - [02/Sep/2023:15:37:25 -0500] "GET /kwssiamovil/sm/acme/a?s=U2FsdGVkX19EtutcErKhRxWjs80GK5fRfOEgC2mLo9JyqOhP4v9y7kIRzOBNP/vLPJKt3LkE/WFgmg/mfu19X5CNPJQKEwIrDj0u47vvydtO3OOWUpoF5zTpUqihXKU9d5PCivwFxQQrQeA5YOeeZDcUT1FDtqL7TA8FS5rIf3YxoYggpBTi1xpKlsHSw23F&u=U2FsdGVkX19uJv+yJf6QSpMDx0VH4FB02Dt3IF2wdWX55HnHWjf75rdI47cw60cY&y=U2FsdGVkX190xeJfz0xjF0Utkzm2YSUhmJ5Fkqxfdlfh7sZAs/iMzqDy8T0eJOOz HTTP/1.1" 200 26
152.203.205.14 - - [02/Sep/2023:15:37:25 -0500] "GET /kwssiamovil/sm/acme/a?s=U2FsdGVkX1/9DgmraOFhlhA09mjgiscZ+MEFCPqEV82fsA7nfgEt7V5Do2lzh1QV840ef02fhr5ECvYHRvc1RDNMvKF5RX1WDTAak4O+c3enFR9ZCjnzcgek25v0d4/H5UEJJyRl+25reqv2YqXIp8YbauL1m+gPgqXHOC8cnad+WsQzdaLRcEZNRI2PwXT9zT63cuPEbZDAdUtJX7GajA==&u=U2FsdGVkX19uJv+yJf6QSpMDx0VH4FB02Dt3IF2wdWX55HnHWjf75rdI47cw60cY&y=U2FsdGVkX190xeJfz0xjF0Utkzm2YSUhmJ5Fkqxfdlfh7sZAs/iMzqDy8T0eJOOz HTTP/1.1" 200 26
152.203.205.14 - - [02/Sep/2023:15:37:25 -0500] "GET /kwssiamovil/sm/acme/a?s=U2FsdGVkX18R47XTeQ96cFSIy0vvFWc3QSA/dtc5RIPtxTMHA/R2sQyrFO5ZQVA+Uc+zcEMzHBx0JW+5T+e1YPE/EvygwwbI/ylSaqgTm3uKHfQU0tdAcZXtzCD9rpmaP1k3m4l/XkrZiNaUsPdRziIJ4TGgE2QlIrCfttxKkYelcCbtlGNCOZLY7UVikTxooUMIig7tT/Y8g30IzwUdMw==&u=U2FsdGVkX19uJv+yJf6QSpMDx0VH4FB02Dt3IF2wdWX55HnHWjf75rdI47cw60cY&y=U2FsdGVkX190xeJfz0xjF0Utkzm2YSUhmJ5Fkqxfdlfh7sZAs/iMzqDy8T0eJOOz HTTP/1.1" 200 26
152.203.205.14 - - [02/Sep/2023:15:37:25 -0500] "GET /kwssiamovil/sm/acme/a?s=U2FsdGVkX191eheBMB7mGp/4iKFGLTU6SqqA5NDzueTQ0z5zKgm9ZfgJHzqemK4U60UimE6FKVxNfhpweSDjrwc6zsmNPx9j0Dkj9QD6T5aBrK+WWMZWbMkLhmnaBomPm2NxDxseojRm4iAPZic097rIgtBsL/F8a5iWK4RJHH/WKgLbSGSFSuBIBJN9stKrnNvbXv53aOczs1l89VngsQ==&u=U2FsdGVkX19uJv+yJf6QSpMDx0VH4FB02Dt3IF2wdWX55HnHWjf75rdI47cw60cY&y=U2FsdGVkX190xeJfz0xjF0Utkzm2YSUhmJ5Fkqxfdlfh7sZAs/iMzqDy8T0eJOOz HTTP/1.1" 200 26
152.203.205.14 - - [02/Sep/2023:15:37:25 -0500] "GET /kwssiamovil/sm/acme/a?s=U2FsdGVkX18RGr2pWG9HsdhnGR4R39mM3UmZwnlUhEpwSDdwGmt3uWO779VA0Of7/Zi8xpT9jYctXsw7KsM9BfMAt9K6b4ACwLMUZ6YGXFiMhAHVSZpM36aWuEr0sHABfYgt2Oa1xnAxnwDdDk4+7b2DAz0gGP7CKOrWTKLXTvNEVlKbyP54k2wGHIXOthuX1LzV0YZzX5+WSOO6tOU5Ew==&u=U2FsdGVkX19uJv+yJf6QSpMDx0VH4FB02Dt3IF2wdWX55HnHWjf75rdI47cw60cY&y=U2FsdGVkX190xeJfz0xjF0Utkzm2YSUhmJ5Fkqxfdlfh7sZAs/iMzqDy8T0eJOOz HTTP/1.1" 200 26
172.22.2.4 - - [02/Sep/2023:15:37:29 -0500] "GET /BLA/boletinlegal/favicon.ico HTTP/1.1" 404 1018
66.249.70.6 - - [02/Sep/2023:15:37:47 -0500] "GET /BLA/resoluciones/AUTOS%202014/5668.pdf HTTP/1.1" 200 228818
152.203.205.14 - - [02/Sep/2023:15:37:47 -0500] "GET /kwssiamovil/sm/acme/u?s=U2FsdGVkX18hqtgeArAop50eapaAcAyfDxWuFPkx2zqOeuEjTU/vlNo4PTopaiOQicT2icL13VPG2LxEHIs1dmYZ+w0FNVAbnkiTSCz8yImJwjZ9lzVPuX7raG8kPxhLFgJviWra/474aRNldz6+pAFfZwSymbMTv1sujLzVpvU=&u=U2FsdGVkX19uJv+yJf6QSpMDx0VH4FB02Dt3IF2wdWX55HnHWjf75rdI47cw60cY&y=U2FsdGVkX190xeJfz0xjF0Utkzm2YSUhmJ5Fkqxfdlfh7sZAs/iMzqDy8T0eJOOz HTTP/1.1" 200 60
201.245.192.253 - - [02/Sep/2023:15:37:56 -0500] "GET /BLA/resoluciones/index.php?dir=RESOLUCIONES+2009%2F HTTP/1.1" 200 1694101
201.245.192.253 - - [02/Sep/2023:15:38:03 -0500] "GET /BLA/resoluciones/RESOLUCIONES%202009/8113.pdf HTTP/1.1" 200 511420
172.22.2.4 - - [02/Sep/2023:15:36:28 -0500] "GET /BLA/boletinlegal/ HTTP/1.1" 200 48660
201.245.192.253 - - [02/Sep/2023:15:38:18 -0500] "POST /kwsrmcab/Wsrmcab HTTP/1.1" 200 43375
201.245.192.253 - - [02/Sep/2023:15:38:21 -0500] "POST /kwsrmcab/Wsrmcab HTTP/1.1" 200 42699
201.245.192.253 - - [02/Sep/2023:15:38:32 -0500] "GET /BLA/resoluciones/ HTTP/1.1" 200 13502
66.249.70.6 - - [02/Sep/2023:15:38:33 -0500] "GET /BLA/resoluciones/RESOLUCIONES%202012/0416.pdf HTTP/1.1" 200 412829
201.245.192.253 - - [02/Sep/2023:15:38:34 -0500] "GET /BLA/resoluciones/index.php?dir=RESOLUCIONES+2009%2F HTTP/1.1" 200 1694101
172.22.2.4 - - [02/Sep/2023:15:36:59 -0500] "GET /BLA/boletinlegal/ HTTP/1.1" 200 44302
201.245.192.253 - - [02/Sep/2023:15:38:41 -0500] "GET /BLA/resoluciones/RESOLUCIONES%202009/6113.pdf HTTP/1.1" 200 451436
172.22.2.4 - - [02/Sep/2023:15:37:14 -0500] "GET /BLA/boletinlegal/ HTTP/1.1" 200 46180
66.249.70.5 - - [02/Sep/2023:15:39:00 -0500] "GET /BLA/resoluciones/RESOLUCIONES%202007/RES%202007%20301%20AL%20400/RESOLUCION%200374%20DE%202007.pdf HTTP/1.1" 200 391014
66.249.70.5 - - [02/Sep/2023:15:39:08 -0500] "GET /BLA/resoluciones/Notificaciones/AUTOS%202023/2754.pdf HTTP/1.1" 200 405666
216.245.221.92 - - [02/Sep/2023:15:39:48 -0500] "HEAD / HTTP/1.1" 200 -
216.244.66.195 - - [02/Sep/2023:15:40:33 -0500] "GET /galeria/galeria/fotos/Huemdal-Cordoba1G.jpg HTTP/1.1" 200 379768
66.249.70.5 - - [02/Sep/2023:15:40:33 -0500] "GET /BLA/resoluciones/RESOLUCIONES%202008/4546.pdf HTTP/1.1" 200 728143
201.245.192.253 - - [02/Sep/2023:15:41:40 -0500] "POST /kwsrmcab/Wsrmcab  HTTP/1.1" 200 43358
66.249.70.6 - - [02/Sep/2023:15:42:00 -0500] "GET /resoluciones/RESOLUCIONES%202008/1740.pdf HTTP/1.1" 404 1018
52.167.144.16 - - [02/Sep/2023:15:42:34 -0500] "GET /BLA/resoluciones/AUTOS%202023/2591.pdf HTTP/1.1" 200 1384438
172.22.2.4 - - [02/Sep/2023:15:41:27 -0500] "HEAD /BLA/boletinlegal/ HTTP/1.1" 200 -
172.22.2.4 - - [02/Sep/2023:15:42:18 -0500] "GET /BLA/boletinlegal/ HTTP/1.1" 200 60692
66.249.70.7 - - [02/Sep/2023:15:44:47 -0500] "GET /BLA/resoluciones/Notificaciones/AUTOS%202023/2820.pdf HTTP/1.1" 200 1060050
216.245.221.92 - - [02/Sep/2023:15:44:48 -0500] "HEAD / HTTP/1.1" 200 -
216.244.66.195 - - [02/Sep/2023:15:45:22 -0500] "GET /BLA/resoluciones/AUTOS%202016/0067.pdf HTTP/1.1" 200 544832
216.244.66.195 - - [02/Sep/2023:15:46:03 -0500] "GET /BLA/resoluciones/AUTOS%202016/0159.pdf HTTP/1.1" 200 440399
201.245.192.253 - - [02/Sep/2023:15:46:39 -0500] "POST /kwsrmcab/Wsrmcab  HTTP/1.1" 200 43358
66.249.70.5 - - [02/Sep/2023:15:46:44 -0500] "GET /BLA/resoluciones/Autos%202008/1313.pdf HTTP/1.1" 200 315430
216.244.66.195 - - [02/Sep/2023:15:46:45 -0500] "GET /BLA/resoluciones/AUTOS%202016/0415.pdf HTTP/1.1" 200 885097
216.244.66.195 - - [02/Sep/2023:15:47:33 -0500] "GET /BLA/resoluciones/AUTOS%202016/0566.pdf HTTP/1.1" 200 525659
216.244.66.195 - - [02/Sep/2023:15:48:07 -0500] "GET /BLA/resoluciones/AUTOS%202016/0589.pdf HTTP/1.1" 200 478890
66.249.70.7 - - [02/Sep/2023:15:48:36 -0500] "GET /BLA/resoluciones/RESOLUCIONES%202009/7991.pdf HTTP/1.1" 200 514162
216.244.66.195 - - [02/Sep/2023:15:48:49 -0500] "GET /BLA/resoluciones/AUTOS%202016/0617.pdf HTTP/1.1" 200 524033
172.22.2.4 - - [02/Sep/2023:15:47:17 -0500] "HEAD /BLA/boletinlegal/ HTTP/1.1" 200 -
66.249.70.6 - - [02/Sep/2023:15:49:16 -0500] "GET /BLA/resoluciones/RESOLUCIONES%202009/7410.pdf HTTP/1.1" 200 847032
216.244.66.195 - - [02/Sep/2023:15:49:28 -0500] "GET /BLA/resoluciones/AUTOS%202016/0646.pdf HTTP/1.1" 200 618744
216.245.221.92 - - [02/Sep/2023:15:49:48 -0500] "HEAD / HTTP/1.1" 200 -
157.55.39.212 - - [02/Sep/2023:15:49:51 -0500] "GET /BLA/resoluciones/AUTOS%202023/2073.pdf HTTP/1.1" 200 394110
172.22.2.4 - - [02/Sep/2023:15:48:11 -0500] "GET /BLA/boletinlegal/ HTTP/1.1" 200 61130
216.244.66.195 - - [02/Sep/2023:15:50:09 -0500] "GET /BLA/resoluciones/AUTOS%202016/0849.pdf HTTP/1.1" 200 484449
172.22.2.4 - - [02/Sep/2023:15:50:33 -0500] "GET /BLA/boletinlegal/jurisprudencia/analisis/CUADRO%20ANALISIS%20SENTENCIA%20C-554%20DE%202007.doc HTTP/1.1" 304 -
66.249.70.5 - - [02/Sep/2023:15:50:34 -0500] "GET /BLA/resoluciones/Autos%202008/0401.pdf HTTP/1.1" 200 113228
216.244.66.195 - - [02/Sep/2023:15:50:40 -0500] "GET /BLA/resoluciones/AUTOS%202016/0934.pdf HTTP/1.1" 200 530100
216.244.66.195 - - [02/Sep/2023:15:51:10 -0500] "GET /BLA/resoluciones/AUTOS%202016/1092.pdf HTTP/1.1" 200 440708
66.249.70.5 - - [02/Sep/2023:15:51:35 -0500] "GET /BLA/resoluciones/RESOLUCIONES%202009/9560.pdf HTTP/1.1" 200 501405
216.244.66.195 - - [02/Sep/2023:15:51:40 -0500] "GET /BLA/resoluciones/AUTOS%202016/1107.pdf HTTP/1.1" 200 554568
201.245.192.253 - - [02/Sep/2023:15:51:38 -0500] "POST /kwsrmcab/Wsrmcab  HTTP/1.1" 200 43358
66.249.70.5 - - [02/Sep/2023:15:51:46 -0500] "GET /BLA/resoluciones/RESOLUCIONES%202008/1996.pdf HTTP/1.1" 200 235537
216.244.66.195 - - [02/Sep/2023:15:52:08 -0500] "GET /BLA/resoluciones/AUTOS%202016/1720.pdf HTTP/1.1" 200 466482
216.244.66.195 - - [02/Sep/2023:15:52:34 -0500] "GET /BLA/resoluciones/AUTOS%202016/1821.pdf HTTP/1.1" 200 294858
216.244.66.195 - - [02/Sep/2023:15:53:00 -0500] "GET /BLA/resoluciones/AUTOS%202016/2322.pdf HTTP/1.1" 200 375465
216.244.66.195 - - [02/Sep/2023:15:53:25 -0500] "GET /BLA/resoluciones/AUTOS%202016/2379.pdf HTTP/1.1" 200 461851
52.167.144.108 - - [02/Sep/2023:15:53:47 -0500] "GET /BLA/resoluciones/AUTOS%202023/0770.pdf HTTP/1.1" 200 408648
216.244.66.195 - - [02/Sep/2023:15:53:52 -0500] "GET /BLA/resoluciones/AUTOS%202016/2530.pdf HTTP/1.1" 200 652418
216.244.66.195 - - [02/Sep/2023:15:54:15 -0500] "GET /BLA/resoluciones/AUTOS%202016/2586.pdf HTTP/1.1" 200 414340
216.244.66.195 - - [02/Sep/2023:15:54:36 -0500] "GET /BLA/resoluciones/AUTOS%202016/2619.pdf HTTP/1.1" 200 417209
66.249.66.87 - - [02/Sep/2023:15:54:39 -0500] "GET /portaldeninos/feed/ HTTP/1.1" 200 77259
172.22.2.4 - - [02/Sep/2023:15:53:07 -0500] "HEAD /BLA/boletinlegal/ HTTP/1.1" 200 -
216.245.221.92 - - [02/Sep/2023:15:54:48 -0500] "HEAD / HTTP/1.1" 200 -
173.252.95.8 - - [02/Sep/2023:15:54:51 -0500] "GET /humedales-por-que-son-importantes-en-epoca-de-lluvia.html HTTP/1.1" 200 793
173.252.95.16 - - [02/Sep/2023:15:54:51 -0500] "GET /humedales-por-que-son-importantes-en-epoca-de-lluvia.html HTTP/1.1" 200 793
173.252.83.119 - - [02/Sep/2023:15:54:52 -0500] "GET /images/humedal-agua-lluvias-bogota-18-marzo.jpg HTTP/1.1" 200 146923
216.244.66.195 - - [02/Sep/2023:15:54:57 -0500] "GET /BLA/resoluciones/AUTOS%202016/2682.pdf HTTP/1.1" 200 434799
64.124.8.50 - - [02/Sep/2023:15:55:01 -0500] "GET /portaldeninos/wp-content/uploads/2021/07/imagenes-con-marcos-pa%CC%81gina-de-nin%CC%83os-aula-soratama.jpg HTTP/1.1" 200 42527
64.124.8.50 - - [02/Sep/2023:15:55:01 -0500] "GET /portaldeninos/wp-content/uploads/2016/02/home_toy_studio1.jpg HTTP/1.1" 304 -
64.124.8.50 - - [02/Sep/2023:15:55:06 -0500] "GET /portaldeninos/wp-content/uploads/2020/06/tw.jpg HTTP/1.1" 200 11056
64.124.8.50 - - [02/Sep/2023:15:55:07 -0500] "GET /portaldeninos/wp-content/uploads/2021/11/dibujos-concurso-vuelo-pajaro-relatos-27-mayo-80x80.jpg HTTP/1.1" 200 2915
64.124.8.50 - - [02/Sep/2023:15:55:07 -0500] "GET /portaldeninos/wp-content/uploads/2019/09/Cipr%C3%A9s-%C3%A1rboles.jpg HTTP/1.1" 200 485766
64.124.8.50 - - [02/Sep/2023:15:55:07 -0500] "GET /portaldeninos/wp-content/uploads/2021/11/monitoreo-animales-fauna-11-julio-960x750.jpg HTTP/1.1" 200 141559
64.124.8.50 - - [02/Sep/2023:15:55:11 -0500] "GET /portaldeninos/wp-content/uploads/2020/11/EL-Burro-B-1-1024x576.jpg HTTP/1.1" 304 -
64.124.8.50 - - [02/Sep/2023:15:55:14 -0500] "GET /portaldeninos/wp-content/uploads/2021/07/inforgrafia-agua.jpg HTTP/1.1" 304 -
216.244.66.195 - - [02/Sep/2023:15:55:19 -0500] "GET /BLA/resoluciones/AUTOS%202016/2779.pdf HTTP/1.1" 200 323773
173.252.95.120 - - [02/Sep/2023:15:55:25 -0500] "GET /secretaria-de-ambiente-impone-sancion-por-puntos-de-obra-sin-permiso-en-el-humedal-tibabuyes.html HTTP/1.1" 200 990
173.252.95.6 - - [02/Sep/2023:15:55:25 -0500] "GET /secretaria-de-ambiente-impone-sancion-por-puntos-de-obra-sin-permiso-en-el-humedal-tibabuyes.html HTTP/1.1" 200 990
173.252.79.7 - - [02/Sep/2023:15:55:26 -0500] "GET /images/Sello%201%20JA-2.jpeg HTTP/1.1" 200 42236
40.77.167.29 - - [02/Sep/2023:15:55:26 -0500] "GET /BLA/resoluciones/RESOLUCIONES%202023/0998.pdf HTTP/1.1" 200 446898
172.22.2.4 - - [02/Sep/2023:15:53:58 -0500] "GET /BLA/boletinlegal/ HTTP/1.1" 200 58187
216.244.66.195 - - [02/Sep/2023:15:55:40 -0500] "GET /BLA/resoluciones/AUTOS%202016/2876.pdf HTTP/1.1" 200 459559
216.244.66.195 - - [02/Sep/2023:15:55:58 -0500] "GET /BLA/resoluciones/AUTOS%202016/3052.pdf HTTP/1.1" 200 1839236
173.252.127.15 - - [02/Sep/2023:15:56:32 -0500] "GET /secretaria-de-ambiente-impone-sancion-por-puntos-de-obra-sin-permiso-en-el-humedal-tibabuyes.html HTTP/1.1" 200 990
216.244.66.195 - - [02/Sep/2023:15:56:38 -0500] "GET /BLA/resoluciones/AUTOS%202016/3137.pdf HTTP/1.1" 200 520231
201.245.192.253 - - [02/Sep/2023:15:56:38 -0500] "POST /kwsrmcab/Wsrmcab  HTTP/1.1" 200 43358
216.244.66.195 - - [02/Sep/2023:15:57:08 -0500] "GET /BLA/resoluciones/AUTOS%202007/1925.pdf HTTP/1.1" 200 71287
152.203.205.14 - - [02/Sep/2023:15:57:32 -0500] "OPTIONS /kwssiamovil/sm/setfile/f? HTTP/1.1" 200 13
152.203.205.14 - - [02/Sep/2023:15:57:33 -0500] "POST /kwssiamovil/sm/setfile/f? HTTP/1.1" 200 381
152.203.205.14 - - [02/Sep/2023:15:57:35 -0500] "OPTIONS /kwssiamovil/sm/setfile/f? HTTP/1.1" 200 13
152.203.205.14 - - [02/Sep/2023:15:57:35 -0500] "POST /kwssiamovil/sm/setfile/f? HTTP/1.1" 200 381
152.203.205.14 - - [02/Sep/2023:15:57:37 -0500] "OPTIONS /kwssiamovil/sm/setfile/f? HTTP/1.1" 200 13
152.203.205.14 - - [02/Sep/2023:15:57:37 -0500] "POST /kwssiamovil/sm/setfile/f? HTTP/1.1" 200 381
152.203.205.14 - - [02/Sep/2023:15:57:56 -0500] "GET /kwssiamovil/sm/acme/a?s=U2FsdGVkX1+yZLmLoFZPqFS65jY5OzLtzcvev4Rjf3Qaa/dOV5H7RIZx9WrNQqYNchC9YKFS0S7pEfBj0HicYc+nUVZtWJYbRiM0SgG+ArQh7qYpYIVnfzgYqrDr+zN2kF8vIu/0SVtgTVPT7tm6VD4DGs8l1IaeOVfk3SRZHC+F0Ug+8mo3nyEE+wnPeOnZb4bb1bFDz+svL50OqAiFFpkoFgdOSxbY7FQL19VFDcA+H1h9DoVeFzutbanSlbLsy0QI+W+zxsT1EKB/iEtKdQ==&u=U2FsdGVkX19uJv+yJf6QSpMDx0VH4FB02Dt3IF2wdWX55HnHWjf75rdI47cw60cY&y=U2FsdGVkX190xeJfz0xjF0Utkzm2YSUhmJ5Fkqxfdlfh7sZAs/iMzqDy8T0eJOOz HTTP/1.1" 200 26
152.203.205.14 - - [02/Sep/2023:15:57:57 -0500] "GET /kwssiamovil/sm/acme/a?s=U2FsdGVkX1/ew169TVv5po6hFLLf1zYWN8em0lu4lRPvfGX0Xw76/ne4rbuQEYwe1R1phKZdUTQRBl3nMd7/ECVAs9ePNtyvW3zt4FF/wHJl9Znc/7RYcWnnUrOcb93EyjljHLnC8xiUBNL9ozlULbphioRSVjNWUR7Xm5ybUMR/SDbF3OE1OdcCkdzyyIo6bIMGBMrGiqt2xRDRak4s7oarcVt3wZIcFyJxnbZNIYytfRR9LTOUU8LhScl31BFzgWPDeEpjg0pbckIKcc6Zgi5Jo87Zzib62RwMO0TCd90WkmSFW/z5VME5D0FBWHt0+3GAbssj62wpTLtixwGOHe/5K244QScQ9Y/aCWM8/1o98gBebImTv+j+nMBFUZLxkSQUF4qYBiBXpfL+oIOOyuuRSZCfA3OGSnTFMkChmPGZI6G8RzCOBRLWSCMafxjJss9NjCsYaW0nVNWdrbZec/uItx6zzRpOuHi5owRlX38oEu/Rp/2YM/LWhigi/x2u7thGP6xesHP/nYY13UOdPtc8DOQhF/0t/ZumgyRHcYskfP+cKgxK2h279/wEs66PTmefvUMqBLprgZi6VPjOb50944LA6f43GFJ5E8TcNGxKIgy38DuQZ+lyqEmBcHFo9ky+21L1JcMHsBVCKpxk7/DYSw9PqKL1qQw62RcC0uieadC0noLgEubx0KYlKXnJ1UtTOSfMjNNbPvsaAsIKN/bskchPxW29imXl4i//hlhc7Q9XV1a9Rd7AzLJJ6Spvn2TrOK6W5thAkn5G1cBmoqVK3QMS8qkrXOMl5eRPcARb9SpQLC5trkJYoF9RLAMj2akpzOcP3BHg97LQxDBYJxm1vy/TNX3187zvg4A7+i3EV11qai4lfhzL3oBf3y3Aw4oH09rAD7G7aG0bm2j+fA9blaEasefQDqOtll80zDjLubH4PPaqzw1e3q6rtYBZCiDjPF9hSQC06X7/4YgGtXyqGYBt7dAyxZBfU78yoL6qhr8EiZjHVUKgACyr+cq/8Oul0w5f8ZJ8w8LbHc3ta0mnkxyDtK2e/Hlu6qBJukBpt504+mPr2P2V3Q+/OwSDKMJs4WXcZVHlxJ42HwCYaVZVcF8lQMSCDIM5FzaTIBwbfydqTcKrWhzyhp7TyI3X2ZJML/f0aWvgvdGr97xVaJ+pEgshIqsaM1gD6fGkQDRhFc9EWnF2vAvYAIJjdvA/kb0eAHZDUQTC1evcXmeh8DRGxun84gT/EajyerdqeOSaviWjdvXjEP5B/iydVp7Nhs6CPDsHvs8LRmJ/AqpZOrh0Wimz6r5SOjUwLY7+Q8JqtsTTzgtKWL+3Hr3/TauEMkrvhR+ds/uj+p8PfhFkNrYb33Nk5GWjKWl6JuV7bz6fMLkowpeN7tdg05nh+EzABZiwjy/Bt0eYhq6+9pJwrL8YoHyZnx4XxnqVXdvdKAk=&u=U2FsdGVkX19uJv+yJf6QSpMDx0VH4FB02Dt3IF2wdWX55HnHWjf75rdI47cw60cY&y=U2FsdGVkX190xeJfz0xjF0Utkzm2YSUhmJ5Fkqxfdlfh7sZAs/iMzqDy8T0eJOOz HTTP/1.1" 200 26
152.203.205.14 - - [02/Sep/2023:15:57:57 -0500] "GET /kwssiamovil/sm/acme/a?s=U2FsdGVkX1/mf/AZPq2m7vy3wNfbZXnbIA48wA/pNSG0xYEa5QzMRGPxW1piWWAKed5Kh/LNUBYWBNmCgkg45IVhDVjl6dO90IgQlYVNNKwEsbGJlyDowPHzJvD+jEpP4MML+j0Spd8vwYgpiJpT2gql1sYa0JXhIxwdYGW6Pps=&u=U2FsdGVkX19uJv+yJf6QSpMDx0VH4FB02Dt3IF2wdWX55HnHWjf75rdI47cw60cY&y=U2FsdGVkX190xeJfz0xjF0Utkzm2YSUhmJ5Fkqxfdlfh7sZAs/iMzqDy8T0eJOOz HTTP/1.1" 200 26
152.203.205.14 - - [02/Sep/2023:15:57:57 -0500] "GET /kwssiamovil/sm/acme/a?s=U2FsdGVkX1/MWl2XlT1Lr5mbpK+QdoWVF1gOQ67n25n78VVm8VEomjSzQYcTEH9MvMOXZ0FwuQxDLzaShYQft8/HCA7egatSPMXm2Dc9HKe0if5iaS3WLm4G5Qx7mPub1MX8ISPAX1gmuAodNQGY6wHRSmXtrTKrb0m3EIIb3eY=&u=U2FsdGVkX19uJv+yJf6QSpMDx0VH4FB02Dt3IF2wdWX55HnHWjf75rdI47cw60cY&y=U2FsdGVkX190xeJfz0xjF0Utkzm2YSUhmJ5Fkqxfdlfh7sZAs/iMzqDy8T0eJOOz HTTP/1.1" 200 26
152.203.205.14 - - [02/Sep/2023:15:57:57 -0500] "GET /kwssiamovil/sm/acme/a?s=U2FsdGVkX18+B2QbcCkRa3jiy3o9tPJuFjnMW10chDZE+T4BSr77i+S0QCJt6R3YhKbk3WmlF3teQ/3PnL8CgK7Ib+nlmD/YNmcV9rnRXcsQfdMOaztGhtSRawy0BNjPFV4M/cOWqW13jolcrg/IaHUUEPtUpiA43pMnPCGgE40=&u=U2FsdGVkX19uJv+yJf6QSpMDx0VH4FB02Dt3IF2wdWX55HnHWjf75rdI47cw60cY&y=U2FsdGVkX190xeJfz0xjF0Utkzm2YSUhmJ5Fkqxfdlfh7sZAs/iMzqDy8T0eJOOz HTTP/1.1" 200 26
152.203.205.14 - - [02/Sep/2023:15:57:58 -0500] "GET /kwssiamovil/sm/acme/a?s=U2FsdGVkX18Q0X2EBk58/PIp+4lVFxqH5A52izEV7ZdbW1pMVtT8IsmBxJVD7xMN9mXa8078zacX+nQH1T0vqez2hV3MJsfKUbvGko5dzuxkMAtuOS4hiG9U70mYKzXgeBk3VkSaHjGY6ynYmxhMi+yPyLG+lljGlAgBDqn+tontkyujpD6g3K1URFb46s7wSccId7uvkZm+HFXavgEzLg==&u=U2FsdGVkX19uJv+yJf6QSpMDx0VH4FB02Dt3IF2wdWX55HnHWjf75rdI47cw60cY&y=U2FsdGVkX190xeJfz0xjF0Utkzm2YSUhmJ5Fkqxfdlfh7sZAs/iMzqDy8T0eJOOz HTTP/1.1" 200 26
152.203.205.14 - - [02/Sep/2023:15:57:58 -0500] "GET /kwssiamovil/sm/acme/a?s=U2FsdGVkX18CzBI7SW0NwO0D6fghmsVMdFtksvBuiqiKlnCYWHYaVYCpqk8CZrTIL+N6SXgnKfBNYe/BxVKVqaJxPuKdMin/81SMwJVyUmsj6LvMfx4fuFN5+1h6tibHzfC1t1NYxNXo3MmfEHS1P2/h3k08OExqzm1HIPjCQmvd+7sryFex4D3MNaZLyknaEer6X5kdOpVSbCIpQ6i7yw==&u=U2FsdGVkX19uJv+yJf6QSpMDx0VH4FB02Dt3IF2wdWX55HnHWjf75rdI47cw60cY&y=U2FsdGVkX190xeJfz0xjF0Utkzm2YSUhmJ5Fkqxfdlfh7sZAs/iMzqDy8T0eJOOz HTTP/1.1" 200 26
152.203.205.14 - - [02/Sep/2023:15:57:58 -0500] "GET /kwssiamovil/sm/acme/a?s=U2FsdGVkX1/I5pqaq9x+Byypy10qa/B3FzOYVsmUXYsy0Q9r9jYxpqtJclgNapZsl8FDjDXlrMu+DWQCfUxIr4yEJhQW05xEwj2R8myvG4QXgt6ue5biAOCuPzejURSlBligI0jv3YS2fBTOaopa9lcI0oL9IKagcbjLOozSz5h6RWkTaC5MT5EfjLgcaQQe&u=U2FsdGVkX19uJv+yJf6QSpMDx0VH4FB02Dt3IF2wdWX55HnHWjf75rdI47cw60cY&y=U2FsdGVkX190xeJfz0xjF0Utkzm2YSUhmJ5Fkqxfdlfh7sZAs/iMzqDy8T0eJOOz HTTP/1.1" 200 26
152.203.205.14 - - [02/Sep/2023:15:57:58 -0500] "GET /kwssiamovil/sm/acme/a?s=U2FsdGVkX18w3V2J3B5ZplaRjRNNdoUhf9/C6IcnHxbRf8kyzRmo/QH7OxD7eEhLH2/4XuvEH/OeiR3NGa+jbLDKuhPZHQL25GmsobItnSad5LgQrae4YNnND7pF0baPjLJUww0IyWQbnlWL5Kg3P+L6qmWxy1gUbMXo9x0whJxtFVbtCFsTkCTyweNrFqKN8bji3wIC+BZx4hta+XgT+w==&u=U2FsdGVkX19uJv+yJf6QSpMDx0VH4FB02Dt3IF2wdWX55HnHWjf75rdI47cw60cY&y=U2FsdGVkX190xeJfz0xjF0Utkzm2YSUhmJ5Fkqxfdlfh7sZAs/iMzqDy8T0eJOOz HTTP/1.1" 200 26
152.203.205.14 - - [02/Sep/2023:15:57:58 -0500] "GET /kwssiamovil/sm/acme/a?s=U2FsdGVkX1+xXNC+GH8gAFPoytJrxq7Oy7PTMby1N/cOUy4C7XKoNpQtGUTroXGsZyp/dWcQC7bLu36A4FmEehs+IcQXi6wOgAxalBoePDjwouQNu66xJADrwrodfJuai2Atlg2iKNaYuOlVCgBFoDpxy9Cv0rCjjaoRJVJ3+M9EdJFl3/nAtgBykhmqjEBt&u=U2FsdGVkX19uJv+yJf6QSpMDx0VH4FB02Dt3IF2wdWX55HnHWjf75rdI47cw60cY&y=U2FsdGVkX190xeJfz0xjF0Utkzm2YSUhmJ5Fkqxfdlfh7sZAs/iMzqDy8T0eJOOz HTTP/1.1" 200 26
152.203.205.14 - - [02/Sep/2023:15:57:58 -0500] "GET /kwssiamovil/sm/acme/a?s=U2FsdGVkX18HyCokF9qBm7D6apbnTLufK6wTo6VQBQxTdEYjd7T4okLyfmL1c51qyih1q95j0HEFqRlev20+yHKdvZ+G6fgxmKMxN4z5XaMkkxeWRq6nMfnF6N28i/utriSQAjEamsS9+bNJoduHZ43TIWdpbrbcU759PR9P/FPNOfFfWNpDjWCAtroNzPa8Nj4fgUf7v/hfpEQjN4BGEA==&u=U2FsdGVkX19uJv+yJf6QSpMDx0VH4FB02Dt3IF2wdWX55HnHWjf75rdI47cw60cY&y=U2FsdGVkX190xeJfz0xjF0Utkzm2YSUhmJ5Fkqxfdlfh7sZAs/iMzqDy8T0eJOOz HTTP/1.1" 200 26
152.203.205.14 - - [02/Sep/2023:15:57:58 -0500] "GET /kwssiamovil/sm/acme/a?s=U2FsdGVkX1+7mYP+mI5OzV7UJR6lBHo3z34GVASkJ7WrXUGoG4mIBdDOsUO7muxE35oCUZDFpb3EEqWnVE0EJSeJsod9GJXNZEO1ucgxl183qXldCxZ6On+vQ5pWXiWX737ikkG++CQ2BRneNHVb32zU6k39wXTXQVTizf0hQRbyksPTG9LTnmHMwYzy252x&u=U2FsdGVkX19uJv+yJf6QSpMDx0VH4FB02Dt3IF2wdWX55HnHWjf75rdI47cw60cY&y=U2FsdGVkX190xeJfz0xjF0Utkzm2YSUhmJ5Fkqxfdlfh7sZAs/iMzqDy8T0eJOOz HTTP/1.1" 200 26
152.203.205.14 - - [02/Sep/2023:15:58:12 -0500] "GET /kwssiamovil/sm/acme/u?s=U2FsdGVkX1/lBAnvW8OogNBkOIDUkRWSUqKd3GA+U86oebt3/gLpJyC7/CGph+xjDlycp3saNULTF24AByC320p4tK/aL24le13f+z9+7SH/TvvUEBxZUYbKI4AdpR9jXnDutTV3L0D3/oQwBNwA6m3Bf97W3lb6swHfDpIjAN0=&u=U2FsdGVkX19uJv+yJf6QSpMDx0VH4FB02Dt3IF2wdWX55HnHWjf75rdI47cw60cY&y=U2FsdGVkX190xeJfz0xjF0Utkzm2YSUhmJ5Fkqxfdlfh7sZAs/iMzqDy8T0eJOOz HTTP/1.1" 200 60
66.249.70.5 - - [02/Sep/2023:15:58:20 -0500] "GET /BLA/resoluciones/AUTOS%202011/6755.pdf HTTP/1.1" 200 234042
40.77.167.29 - - [02/Sep/2023:15:58:26 -0500] "GET /BLA/resoluciones/AUTOS%202023/2809.pdf HTTP/1.1" 200 441524
66.249.70.6 - - [02/Sep/2023:15:58:35 -0500] "GET /BLA/resoluciones/Notificaciones/AUTOS%202023/2893.pdf HTTP/1.1" 200 388518
66.249.70.5 - - [02/Sep/2023:15:59:37 -0500] "GET /BLA/resoluciones/RESOLUCIONES%202009/3221.pdf HTTP/1.1" 200 463110
66.249.70.6 - - [02/Sep/2023:15:59:43 -0500] "GET /BLA/resoluciones/RESOLUCIONES%202011/3325.pdf HTTP/1.1" 200 767058
216.245.221.92 - - [02/Sep/2023:15:59:48 -0500] "HEAD / HTTP/1.1" 200 -
172.22.2.4 - - [02/Sep/2023:15:58:57 -0500] "HEAD /BLA/boletinlegal/ HTTP/1.1" 200 -
216.244.66.195 - - [02/Sep/2023:16:01:17 -0500] "GET /robots.txt HTTP/1.1" 404 1018
172.22.2.4 - - [02/Sep/2023:15:59:48 -0500] "GET /BLA/boletinlegal/ HTTP/1.1" 200 58187
201.245.192.253 - - [02/Sep/2023:16:01:38 -0500] "POST /kwsrmcab/Wsrmcab  HTTP/1.1" 200 43358
66.249.70.7 - - [02/Sep/2023:16:02:23 -0500] "GET /BLA/resoluciones/Autos%202008/1968.pdf HTTP/1.1" 200 88322
66.249.66.193 - - [02/Sep/2023:16:04:40 -0500] "GET /los-tramites-y-servicios-que-ofrece-la-secretaria-de-ambiente-de-bogota.html HTTP/1.1" 200 911
216.245.221.92 - - [02/Sep/2023:16:04:48 -0500] "HEAD / HTTP/1.1" 200 -
52.167.144.238 - - [02/Sep/2023:16:04:56 -0500] "GET /BLA/resoluciones/AUTOS%202022/1502.pdf HTTP/1.1" 304 -
172.22.2.4 - - [02/Sep/2023:16:04:47 -0500] "HEAD /BLA/boletinlegal/ HTTP/1.1" 200 -
201.245.192.253 - - [02/Sep/2023:16:06:36 -0500] "POST /kwsrmcab/Wsrmcab  HTTP/1.1" 200 43358
172.22.2.4 - - [02/Sep/2023:16:05:39 -0500] "GET /BLA/boletinlegal/ HTTP/1.1" 200 58187
52.167.144.180 - - [02/Sep/2023:16:07:35 -0500] "GET /BLA/resoluciones/AUTOS%202023/4264.pdf HTTP/1.1" 200 268958
66.249.70.6 - - [02/Sep/2023:16:07:38 -0500] "GET /portel_dama/libreria/php/2006/ECOSISTEMAS%20FINAL%20web_mz27/restauracion/sitio/22_proye/xtras_in/2a.pdf HTTP/1.1" 404 1018
116.202.20.140 - - [02/Sep/2023:16:08:18 -0500] "GET / HTTP/1.1" 200 4720
116.202.20.140 - - [02/Sep/2023:16:08:19 -0500] "GET / HTTP/1.1" 200 319
5.255.231.35 - - [02/Sep/2023:16:09:16 -0500] "GET /robots.txt HTTP/1.1" 404 1035
213.180.203.232 - - [02/Sep/2023:16:09:17 -0500] "GET /portaldeninos/humedal-capellania-2/ HTTP/1.1" 200 87949
216.245.221.92 - - [02/Sep/2023:16:09:48 -0500] "HEAD / HTTP/1.1" 200 -
201.245.192.253 - - [02/Sep/2023:16:11:35 -0500] "POST /kwsrmcab/Wsrmcab  HTTP/1.1" 200 43358
40.77.167.79 - - [02/Sep/2023:16:11:43 -0500] "GET /mejora-tu-bienestar-con-las-caminatas-ecologicas-%C3%82%C2%A1conoce-la-programacion-de-agosto.html HTTP/1.1" 200 873
172.22.2.4 - - [02/Sep/2023:16:10:37 -0500] "HEAD /BLA/boletinlegal/ HTTP/1.1" 200 -
172.22.2.4 - - [02/Sep/2023:16:11:28 -0500] "GET /BLA/boletinlegal/ HTTP/1.1" 200 58597
216.244.66.195 - - [02/Sep/2023:16:13:24 -0500] "GET /BLA/resoluciones/RESOLUCIONES%202017/0520.pdf HTTP/1.1" 200 407112
52.167.144.180 - - [02/Sep/2023:16:13:36 -0500] "GET /BLA/resoluciones/AUTOS%202023/0889.pdf HTTP/1.1" 200 1370532
216.244.66.195 - - [02/Sep/2023:16:14:11 -0500] "GET /BLA/resoluciones/index.php?dir=RESOLUCIONES%202017/&sort=name&order=desc HTTP/1.1" 200 286660
52.167.144.192 - - [02/Sep/2023:16:14:46 -0500] "GET /BLA/resoluciones/RESOLUCIONES%202019/1513.pdf HTTP/1.1" 200 378162
216.245.221.92 - - [02/Sep/2023:16:14:48 -0500] "HEAD / HTTP/1.1" 200 -
216.244.66.195 - - [02/Sep/2023:16:15:44 -0500] "GET /Residuos/curtiembres/curtiembres.html HTTP/1.1" 200 1965
201.245.192.253 - - [02/Sep/2023:16:16:34 -0500] "POST /kwsrmcab/Wsrmcab  HTTP/1.1" 200 43358
168.119.51.200 - - [02/Sep/2023:16:17:46 -0500] "GET / HTTP/1.1" 200 319
168.119.51.200 - - [02/Sep/2023:16:17:47 -0500] "GET / HTTP/1.1" 200 4720
172.22.2.4 - - [02/Sep/2023:16:16:13 -0500] "GET /BLA/boletinlegal/ HTTP/1.1" 200 53766
172.22.2.4 - - [02/Sep/2023:16:16:27 -0500] "HEAD /BLA/boletinlegal/ HTTP/1.1" 200 -
201.245.192.253 - - [02/Sep/2023:16:18:18 -0500] "POST /kwsrmcab/Wsrmcab HTTP/1.1" 200 43523
201.245.192.253 - - [02/Sep/2023:16:18:21 -0500] "POST /kwsrmcab/Wsrmcab HTTP/1.1" 200 42702
172.22.2.4 - - [02/Sep/2023:16:17:18 -0500] "GET /BLA/boletinlegal/ HTTP/1.1" 200 52656
40.77.167.8 - - [02/Sep/2023:16:19:26 -0500] "GET /BLA/resoluciones/RESOLUCIONES%202023/1308.pdf HTTP/1.1" 200 520735
216.245.221.92 - - [02/Sep/2023:16:19:48 -0500] "HEAD / HTTP/1.1" 200 -
89.40.159.72 - - [02/Sep/2023:16:20:01 -0500] "GET / HTTP/1.1" 200 319
216.244.66.195 - - [02/Sep/2023:16:20:45 -0500] "GET /BLA/resoluciones/RESOLUCIONES%202017/1592.pdf HTTP/1.1" 200 614014
201.245.192.253 - - [02/Sep/2023:16:21:32 -0500] "POST /kwsrmcab/Wsrmcab  HTTP/1.1" 200 43358
216.244.66.195 - - [02/Sep/2023:16:21:40 -0500] "GET /galeria/galeria/fotos/Humedal-la-Isla4G.jpg HTTP/1.1" 200 238346
172.22.2.4 - - [02/Sep/2023:16:22:06 -0500] "GET /BLA/boletinlegal/Circulares/2020/CIRCULAR%20No.%2000014%20del%2001%20de%20septiembre%20del%202020.pdf HTTP/1.1" 200 320826
216.244.66.195 - - [02/Sep/2023:16:22:30 -0500] "GET /BLA/resoluciones/index.php?dir=AUTOS+2006%2FAUTOS+2006+101-200%2F HTTP/1.1" 200 21758
40.77.167.8 - - [02/Sep/2023:16:22:37 -0500] "GET /BLA/resoluciones/AUTOS%202023/3704.pdf HTTP/1.1" 200 321959
216.244.66.195 - - [02/Sep/2023:16:23:26 -0500] "GET /BLA/resoluciones/AUTOS%202016/0061.pdf HTTP/1.1" 200 690894
172.22.2.4 - - [02/Sep/2023:16:22:17 -0500] "HEAD /BLA/boletinlegal/ HTTP/1.1" 200 -
216.244.66.195 - - [02/Sep/2023:16:24:17 -0500] "GET /BLA/resoluciones/AUTOS%202016/0131.pdf HTTP/1.1" 200 439309
152.203.205.14 - - [02/Sep/2023:16:24:43 -0500] "OPTIONS /kwssiamovil/sm/setfile/f? HTTP/1.1" 200 13
152.203.205.14 - - [02/Sep/2023:16:24:43 -0500] "POST /kwssiamovil/sm/setfile/f? HTTP/1.1" 200 381
152.203.205.14 - - [02/Sep/2023:16:24:45 -0500] "OPTIONS /kwssiamovil/sm/setfile/f? HTTP/1.1" 200 13
152.203.205.14 - - [02/Sep/2023:16:24:45 -0500] "POST /kwssiamovil/sm/setfile/f? HTTP/1.1" 200 381
172.22.2.4 - - [02/Sep/2023:16:23:08 -0500] "GET /BLA/boletinlegal/ HTTP/1.1" 200 57790
216.245.221.92 - - [02/Sep/2023:16:24:48 -0500] "HEAD / HTTP/1.1" 200 -
216.244.66.195 - - [02/Sep/2023:16:24:59 -0500] "GET /BLA/resoluciones/AUTOS%202016/0444.pdf HTTP/1.1" 200 811436
152.203.205.14 - - [02/Sep/2023:16:25:24 -0500] "GET /kwssiamovil/sm/acme/a?s=U2FsdGVkX1+NBZ+krKwVSbgRbDl9TtHapjwYE2G9ExJmmyxqYuLmfBsTWf8sqOibVfMPbxZ9IwtS5gzguZfJRenilED9HFSKmJTbKZ6BXUVu/c71ZpMXnO9szoj7PHhfT8uUhJhgV/1SLGkePRBzJq3JNQ6hiZ7MK91OHitJkLpuLYNrxXOXuQ8XSAxORKLQibkX34PLEla0URMSpyjOkovSC4Dlz5d+molXFoXx2t7iz7xYhCtPnuFO0dOIWYnfjleWKYBXljiMXu7TG+lB4g==&u=U2FsdGVkX19uJv+yJf6QSpMDx0VH4FB02Dt3IF2wdWX55HnHWjf75rdI47cw60cY&y=U2FsdGVkX190xeJfz0xjF0Utkzm2YSUhmJ5Fkqxfdlfh7sZAs/iMzqDy8T0eJOOz HTTP/1.1" 200 26
152.203.205.14 - - [02/Sep/2023:16:25:24 -0500] "GET /kwssiamovil/sm/acme/a?s=U2FsdGVkX19WDI/24S1E4OL+iP62STfvhqGKNdhndocZkmWx3BYrnMrfl3hi9DhIjFm8eV7yvoAQqzOaXjnQowPPogpIrCIqIV1y5DjQDw3IeLeykKwa+Ow5igICyQtXByHjdmrbxbc1YcMTQsHVS/ONT/kFJsTk3Az+eQxGWpYuyCTBxP+T0aicxpitcNQQJJfunztWTt5SdHifnilar6Uj4akG2v/l3rQMwUsll0k37WY33rBlM0EIMNtDu/4mGutMHiPJ6FWCKfW3U6Du9B4LXSpVmdmBbjHkFbU/7mYtMKYTigGYnveTzAw0T+4b/uKzRk3qT7RFLdLb384ArcyzFg4AN/Uit7lG6oe+j3CWIf9ZedPiYVoRWiw/jB0U7kSS5YCrK5Kk2BGPSiRqO3hFNFgOg/fhCBiXrY4hWXJoJBn50X6/BmU0DDfV2ia3TK2xfcRbq4nBcz++vNHZUifai8tPO48KuDi1SwNHBoJ2B5pBTYrsHC1Q2eKu/1+kK1dMvjgNCuy9e14aWgtBytkB83Qj4OvRMn03GlNS+yVKt+j8KAAZRaK6DCAO6Jt59A3IT32jkLj72XBPlFPk/olCnXiewH2wGRmU0pv5CDir8dOD8o6SdCVH7E+ls0Fj0S9V8STkPxHHfF0K570C+OCYXy+ItU1n6vj3OYDoJDBcJ+QH/VjEZo7wdnKhdB5500W0x1Cq3rtO5yk9F2RNqpccW3nKLxzkrn3aYI2bj4adUXUCKZ5/4ESfEXkT3UmdJmjLko34ubfyRJzrxVUokasTmskfz7tGkh+cBBhicjajsWkWewnfUCn7G/Lp8bozfqSqGESNNuwwcJ8Bau77HvdFngiKm49vwdCZzuQYWog1dOytdmvUUoxL4s9Sxz6dEZSdU8uJJKecgWLgpVrrw2p2zYHdVVYyFLRHezcCmxDXIzVtH7B2/H3aUMdUo7MZtSwuiL2tHIYGPk/ctiWMTj/brRS4F2HB32LAbjT9f8n9UFcAT9CFgoIJeDxYg8fKz/SEPWERFPLMnjVREZguzEBaTa70djZJy0a84nGe7PwpF0/UEq9ZcsLnNN1lj7p+tJHhvYXkKq6YQM2Ny/jUtJnvdMQuiFJZTJ2c8iX74xWu0Kd/UIxc5ZJ/Vdkfkq+rB1naDw0bujbmRVOaMc2sMlZm5dRV28KrOg5C/8rHVGs=&u=U2FsdGVkX19uJv+yJf6QSpMDx0VH4FB02Dt3IF2wdWX55HnHWjf75rdI47cw60cY&y=U2FsdGVkX190xeJfz0xjF0Utkzm2YSUhmJ5Fkqxfdlfh7sZAs/iMzqDy8T0eJOOz HTTP/1.1" 200 26
152.203.205.14 - - [02/Sep/2023:16:25:24 -0500] "GET /kwssiamovil/sm/acme/a?s=U2FsdGVkX1+Z5vf4HM2xPvFbkOdYsGNE9eJqAh/p/jvCKPJiyMnu7Zn1AErffc7mfNiw+E2iLKtD4stCqGkN62KUF0aJxEmYa+u4pum+fEzqyUdblS7XDFlZ79sZLDTPy2DNCslIAdw5eEDRn9kfpLMfrqnfpc1IMEhU8wwSF+o=&u=U2FsdGVkX19uJv+yJf6QSpMDx0VH4FB02Dt3IF2wdWX55HnHWjf75rdI47cw60cY&y=U2FsdGVkX190xeJfz0xjF0Utkzm2YSUhmJ5Fkqxfdlfh7sZAs/iMzqDy8T0eJOOz HTTP/1.1" 200 26
152.203.205.14 - - [02/Sep/2023:16:25:24 -0500] "GET /kwssiamovil/sm/acme/a?s=U2FsdGVkX18lfGADP1VRs+3IRYJvR6b3+xgkNj1SBcWLlMCP+jy4qeF5ZPBW8Yb+2ACJgpJccb5/EuoheXr3/ttipBGiBHJy6Uh7KgXNOQEy3Ym53U49P4Na2gnyOjKW9RGUKnGKJ+70ZDH4z6LlZ28sgXIsd7oG6qNrXnjJL+A=&u=U2FsdGVkX19uJv+yJf6QSpMDx0VH4FB02Dt3IF2wdWX55HnHWjf75rdI47cw60cY&y=U2FsdGVkX190xeJfz0xjF0Utkzm2YSUhmJ5Fkqxfdlfh7sZAs/iMzqDy8T0eJOOz HTTP/1.1" 200 26
152.203.205.14 - - [02/Sep/2023:16:25:25 -0500] "GET /kwssiamovil/sm/acme/a?s=U2FsdGVkX1++VidgvRS5u/wWhA9pSPc1P+ez8+2OnUegrPsPXN4XFhxQiG+f2Cr6r5zhHzf32FD452YPtdRDaZwSrK+2futInwe64C2yQ5g4H6xPVmh4dHbPLFvPZn7PTkg0OJRaE8hsq+xTRKLOi1Q5Ze17m2dXWJIhz1F4Q3I=&u=U2FsdGVkX19uJv+yJf6QSpMDx0VH4FB02Dt3IF2wdWX55HnHWjf75rdI47cw60cY&y=U2FsdGVkX190xeJfz0xjF0Utkzm2YSUhmJ5Fkqxfdlfh7sZAs/iMzqDy8T0eJOOz HTTP/1.1" 200 26
152.203.205.14 - - [02/Sep/2023:16:25:25 -0500] "GET /kwssiamovil/sm/acme/a?s=U2FsdGVkX1/rNViG5sgaOOzeG71jkWmpRw9cxAkMz1IWznsTMo+pcs5LY0oRz59PbE0r9Sgcisr6o38Whgr7LmcRD8AZ8HgGu3GRaSAISC6qhjTTbbEJEnx7fA0DR04elwHIH3gLo296m6Q2UodCXCSVu8a0EOxl3PobC01i1JXo0d0VNtwezwzi+9Rl+4NRyEfdAP9tjANW5EL2PwxWtA==&u=U2FsdGVkX19uJv+yJf6QSpMDx0VH4FB02Dt3IF2wdWX55HnHWjf75rdI47cw60cY&y=U2FsdGVkX190xeJfz0xjF0Utkzm2YSUhmJ5Fkqxfdlfh7sZAs/iMzqDy8T0eJOOz HTTP/1.1" 200 26
152.203.205.14 - - [02/Sep/2023:16:25:25 -0500] "GET /kwssiamovil/sm/acme/a?s=U2FsdGVkX19EyhL5XIuqx8kFtueshgF4TUOFSwRk1Oy4Qa0OW9McvsUF/hq5accpGHzCdY020y91GgrTf9PvJHzmPtbapqRmgIXb23gDUFF+iyzQsQuGfJbLMMZAQxa+GeQFL2lFNXRsAXcljZp2pzk+IGEWx+oTPn175TuIvxRTJQ/oP6d1JFBuqZEYtHSMRKqkZoQRIptf25mZuzVWjg==&u=U2FsdGVkX19uJv+yJf6QSpMDx0VH4FB02Dt3IF2wdWX55HnHWjf75rdI47cw60cY&y=U2FsdGVkX190xeJfz0xjF0Utkzm2YSUhmJ5Fkqxfdlfh7sZAs/iMzqDy8T0eJOOz HTTP/1.1" 200 26
152.203.205.14 - - [02/Sep/2023:16:25:25 -0500] "GET /kwssiamovil/sm/acme/a?s=U2FsdGVkX18vFjN0ArTOeSifKowu3nRq2IZlsViYf8Tqznr390KkSFadqFGLJd8++pyYzRcepEktV9iIfwa7R204pi3WHtbicPPzHXgznGQ/QXyU9AVdr2lHixmKpgeOkMeqrC7ONVXan4m/5GfNdsbEDq1hfOtd967phfQ5FnSdQ2UI+HGQfmytJ2nCQ4XL&u=U2FsdGVkX19uJv+yJf6QSpMDx0VH4FB02Dt3IF2wdWX55HnHWjf75rdI47cw60cY&y=U2FsdGVkX190xeJfz0xjF0Utkzm2YSUhmJ5Fkqxfdlfh7sZAs/iMzqDy8T0eJOOz HTTP/1.1" 200 26
152.203.205.14 - - [02/Sep/2023:16:25:25 -0500] "GET /kwssiamovil/sm/acme/a?s=U2FsdGVkX1/800wkQeq1C5LZjzsKcV7NsqjX2TBXYnaaXx275fLDekZcXIynpYAlB9vzeBeLtVFt63zLKW3OOD9fd6sHOInVXOhJeFZGdxi0YOiqgVtK1dB2KdQfkmCSEl61/jU5oH+ov1Nu3jR2UBWdooyTjlHMQcFCWNgWTFEh/C5f3S2eJ4QTATyP9XWcSZ8/k3afJPcS6DIclV97pQ==&u=U2FsdGVkX19uJv+yJf6QSpMDx0VH4FB02Dt3IF2wdWX55HnHWjf75rdI47cw60cY&y=U2FsdGVkX190xeJfz0xjF0Utkzm2YSUhmJ5Fkqxfdlfh7sZAs/iMzqDy8T0eJOOz HTTP/1.1" 200 26
152.203.205.14 - - [02/Sep/2023:16:25:25 -0500] "GET /kwssiamovil/sm/acme/a?s=U2FsdGVkX18NmgJNnVFy7Ir8e967SI95vNC5MTMt93+kimTnyjiXby5EA7JRAMCuQkQRuOp8FDmkEl6ODv2O2v8hLe4fXffspH5mBtkeI7GwNh2OALE+jJJ+yKK+dYxEQ4DKqu823niizorDSj+Igllk4EGZD7gJyF4LhdjKWSBeJ8knhROKS4eb0jGHMBfjhKvBROFStcE73ZsCK6Y40g==&u=U2FsdGVkX19uJv+yJf6QSpMDx0VH4FB02Dt3IF2wdWX55HnHWjf75rdI47cw60cY&y=U2FsdGVkX190xeJfz0xjF0Utkzm2YSUhmJ5Fkqxfdlfh7sZAs/iMzqDy8T0eJOOz HTTP/1.1" 200 26
216.244.66.195 - - [02/Sep/2023:16:25:53 -0500] "GET /BLA/resoluciones/AUTOS%202016/0460.pdf HTTP/1.1" 200 326346
152.203.205.14 - - [02/Sep/2023:16:26:29 -0500] "OPTIONS /kwssiamovil/sm/setfile/f? HTTP/1.1" 200 13
152.203.205.14 - - [02/Sep/2023:16:26:29 -0500] "POST /kwssiamovil/sm/setfile/f? HTTP/1.1" 200 381
152.203.205.14 - - [02/Sep/2023:16:26:31 -0500] "OPTIONS /kwssiamovil/sm/setfile/f? HTTP/1.1" 200 13
152.203.205.14 - - [02/Sep/2023:16:26:31 -0500] "POST /kwssiamovil/sm/setfile/f? HTTP/1.1" 200 381
201.245.192.253 - - [02/Sep/2023:16:26:31 -0500] "POST /kwsrmcab/Wsrmcab  HTTP/1.1" 200 43358
216.244.66.195 - - [02/Sep/2023:16:26:35 -0500] "GET /BLA/resoluciones/AUTOS%202016/0615.pdf HTTP/1.1" 200 701331
152.203.205.14 - - [02/Sep/2023:16:26:43 -0500] "GET /kwssiamovil/sm/acme/a?s=U2FsdGVkX1+4+daToaLEPtTaoICXsuxK9viI1vbptad+OREq9ucSgjgeRq2UeQ7NAOL+lb6cKzd+l6MRoJfqZEZbJ+bwcLCqokHxukQ8A5VBPS2w7Br16tatE5rUuPs1snwJYYImQ137ReVZJ+PLcFUP8TNh1VMOiCSN1Ks7Y9UffolRNFuM2IIVciIFWWekOn9QyVBsHvA8FGq1RLA814YGakj56k9rqp84NocyT4wl9DwfTXHDFkx7pY2p2CPJcsrRoTxbaoLFoOelX02XbA==&u=U2FsdGVkX19uJv+yJf6QSpMDx0VH4FB02Dt3IF2wdWX55HnHWjf75rdI47cw60cY&y=U2FsdGVkX190xeJfz0xjF0Utkzm2YSUhmJ5Fkqxfdlfh7sZAs/iMzqDy8T0eJOOz HTTP/1.1" 200 26
152.203.205.14 - - [02/Sep/2023:16:26:44 -0500] "GET /kwssiamovil/sm/acme/a?s=U2FsdGVkX1/k//+kn+6J/B1CfU5OrEE/YG6Zx3BbbNdszV4HJ9fBhe4OSr2A35tpyPQedNrVv7hYFNH5sNxVlAtFPtISi8+WjOOyEM+lU4jwqfqTcfRaz/eyjpeiOkEDfWI/ZH4qz3I+A0SFKl8yoq9JTYfpER8h1l0oVWkDmkCgm/4AYWsnjxBZHqmUWF/UWcbVGf3zHMfakOQY58EbCTDc+8n9LUCaWAaEl62vTtkMIpVrIZqxaoJ8ysNdpUQCNml4z2s5oG02lJidBbVx8j1w4PUl7K1HYbO0cfnr+pKe4fAK0XmWCDE+LZkaBdJTYz0Zx29fmbNNfefNgaNnLeEjPcormqdRwRuMTRV0RSFzXG0FOJV3Bx6flD7iDQF4mkSHs5xwTTnUaj7nfyodMDRrr8akGl1gHxMB2cPdwC50jiO48hIveXCTyp0nn1TJWqoyIDe/lNW/vt+ZGSka+ySm03S5LzKgWVjWbRsP/88UK9lx5xTDbg1Lr72UsBMwARpC6L4rMctvG8kiCGGOGQ5pyM7u2BhG4ltWgeVp+baiQXa0WSAANujKikg5VJMma+tWDeoWxqVXJihfVR4rpnrTiw2uHwYInztubboBnG8f822b3JLEm0mfEsFVNBJyMymhtUrXDgDHisW3OEQc10Z33CXVOCnQ/pYCNB9niTkOiIFP0m7SYBtoMT32n3q8+cCZb0Tn5EDsKV6DOKZtpM+eXgT7ldkYF6MYPbVAqEmkXqsZzgJ9OuwwmyMQANU7Bq61lXahPXBTux2e6mAcJmn5xkd4oNYAF7ucoGmkRgPNrKvC1+TDVi2nXuw96BQ9lOLbqnvtMVdP2i9pnjQlgz+ePHybUJSPx8gAuGm8wBbhd02zpr+ijEHO1Log+GNYcuEgdS0R2zClURUn9oqW0Oq/ph02uXu+sap9N9TXkz45+0qGLBHY082++mpgXKvjg8xUS2VrTxOwv5wNMAZnVyUYpuBSAIqX7Yv/qZEH75JAy/g7zYd8FSShyNT1qJy21R7MMktH6QJL9cBUNwdpr14939YXYg9vYPGXSwZEPYLXOU2uGgaZF3B/8rizeFFJMLf8PPimLo3TfxnumWMAdVdx3vNMdPQbiV13jGv4lstmBerlegSlzIvH8zNCQxGneqOZsYQ1ISBmXEKNPByp5miIeIGqkgKtt+UWMDEmIWk=&u=U2FsdGVkX19uJv+yJf6QSpMDx0VH4FB02Dt3IF2wdWX55HnHWjf75rdI47cw60cY&y=U2FsdGVkX190xeJfz0xjF0Utkzm2YSUhmJ5Fkqxfdlfh7sZAs/iMzqDy8T0eJOOz HTTP/1.1" 200 26
152.203.205.14 - - [02/Sep/2023:16:26:44 -0500] "GET /kwssiamovil/sm/acme/a?s=U2FsdGVkX19H0aSuYLBGU2iSVFfl+rJdxJJx2I93aXLbhJ37bUMp89JyymLJb7YkV0FoIgzWGNRRzQbE3X6wo4lWX3MJ/cxvUKe2HU/RRo9npQz++xRJUg4RGEHj+/wm8Et5z0/2m153x0VjRIlyJUmZkd1J0d9etUQczzxi600=&u=U2FsdGVkX19uJv+yJf6QSpMDx0VH4FB02Dt3IF2wdWX55HnHWjf75rdI47cw60cY&y=U2FsdGVkX190xeJfz0xjF0Utkzm2YSUhmJ5Fkqxfdlfh7sZAs/iMzqDy8T0eJOOz HTTP/1.1" 200 26
152.203.205.14 - - [02/Sep/2023:16:26:44 -0500] "GET /kwssiamovil/sm/acme/a?s=U2FsdGVkX1+YNSm1FKJn6E6JJtZJQUQkuVy4Nb4bPHEEKFcOEj7+uM3+wHTqgetppiSOe2ItwxHJ/o3QAyKdqPzIaWqtqiIxOOjjj0B1BsNiRMwJAzieCX6USgAs7Hj4r+7OoyRGMRyMOYTyv6jOzyvG/6S7na+w7pZHYD4yF8I=&u=U2FsdGVkX19uJv+yJf6QSpMDx0VH4FB02Dt3IF2wdWX55HnHWjf75rdI47cw60cY&y=U2FsdGVkX190xeJfz0xjF0Utkzm2YSUhmJ5Fkqxfdlfh7sZAs/iMzqDy8T0eJOOz HTTP/1.1" 200 26
152.203.205.14 - - [02/Sep/2023:16:26:44 -0500] "GET /kwssiamovil/sm/acme/a?s=U2FsdGVkX18eNTjy6JzsPt5RGeAZuKFn0DH6KakkgbgQC8bSpra//YvJXLQWlxb89BEXPQEcXHb+OM58YCkdbEW/UuqMaN06bcKn6MpMrgCKRt2qjrepb+AI/Tapuo4sMUydW6/MVruzWe+xK6YIFirKDf671wfQblmJ1JvVPHI=&u=U2FsdGVkX19uJv+yJf6QSpMDx0VH4FB02Dt3IF2wdWX55HnHWjf75rdI47cw60cY&y=U2FsdGVkX190xeJfz0xjF0Utkzm2YSUhmJ5Fkqxfdlfh7sZAs/iMzqDy8T0eJOOz HTTP/1.1" 200 26
152.203.205.14 - - [02/Sep/2023:16:26:44 -0500] "GET /kwssiamovil/sm/acme/a?s=U2FsdGVkX1+A/oapAWk64jGThT4rxz/NO4F0LW7JWv5A7h5SjRHWKnZT3iiPiBLEGlLqTsa1fz7g1xryCCDicLYOzXXnssE3Or6hSyGt3zzTL0710OcJuIc9W2LMMe4M96jdiYPMlMnJdAJhvN8TegBURMRmFuzYsWtY9hBkxOrCZPWbC7XdRher/zi0qFzU4pEMoUQTg27ktSlZi0TA6Q==&u=U2FsdGVkX19uJv+yJf6QSpMDx0VH4FB02Dt3IF2wdWX55HnHWjf75rdI47cw60cY&y=U2FsdGVkX190xeJfz0xjF0Utkzm2YSUhmJ5Fkqxfdlfh7sZAs/iMzqDy8T0eJOOz HTTP/1.1" 200 26
152.203.205.14 - - [02/Sep/2023:16:26:44 -0500] "GET /kwssiamovil/sm/acme/a?s=U2FsdGVkX19gjncMQfNaNsGDIPqV9hXihuv2gM4C/lX00ZYEyQFYr8+NVFY7G/yLG1n72aEtAuU9K80BXYmFzjzzX6pufPFQ0gnRQsiDAof+CeYn5G1QiEWkcewOVc5bpu/TTeBN0NVK7RhFvMSHqO+xWcMjAflbsse83yL2CNhzp8EQFlZ4HwYhhJO1uXKJ/X+Cp0lImu1yDr+9E64CXg==&u=U2FsdGVkX19uJv+yJf6QSpMDx0VH4FB02Dt3IF2wdWX55HnHWjf75rdI47cw60cY&y=U2FsdGVkX190xeJfz0xjF0Utkzm2YSUhmJ5Fkqxfdlfh7sZAs/iMzqDy8T0eJOOz HTTP/1.1" 200 26
152.203.205.14 - - [02/Sep/2023:16:26:45 -0500] "GET /kwssiamovil/sm/acme/a?s=U2FsdGVkX18u+3OvTf3mc2nt+4LIft/fdmpiBpOb1AFhzq9IMbfrC/a30MPyJfcAwEaF1x2P2+QoaErI8cHrM7MVCekN4Ldp1z/OZwqp0fGlqNoQYaLvs6oL9CY1iuU6ksRxTtOsNn1EHONF1E5C/mErlVyWrpDXTGGgsvKtqM7cwOm2qEy6kCN+3NQ28aKZ&u=U2FsdGVkX19uJv+yJf6QSpMDx0VH4FB02Dt3IF2wdWX55HnHWjf75rdI47cw60cY&y=U2FsdGVkX190xeJfz0xjF0Utkzm2YSUhmJ5Fkqxfdlfh7sZAs/iMzqDy8T0eJOOz HTTP/1.1" 200 26
152.203.205.14 - - [02/Sep/2023:16:26:45 -0500] "GET /kwssiamovil/sm/acme/a?s=U2FsdGVkX18vzQLNWmQ1itwFJUMxhMUSi0XFwiQFwxhjOll2qBSp1thBO48f/zBysmfVtL5CSb72Gdka8FdS4KGTzVaUV63szLx0WZ4JNhUo7J+flWJ3CnZRSElGgHY8znDKf7XS0cDmKi0ubsk9c9ki8bULs/m47Zk7YtMjW+EL8y37WOl7xrlxCI7qI7gppko/v68Eb9Bjrb843/kAhg==&u=U2FsdGVkX19uJv+yJf6QSpMDx0VH4FB02Dt3IF2wdWX55HnHWjf75rdI47cw60cY&y=U2FsdGVkX190xeJfz0xjF0Utkzm2YSUhmJ5Fkqxfdlfh7sZAs/iMzqDy8T0eJOOz HTTP/1.1" 200 26
152.203.205.14 - - [02/Sep/2023:16:26:45 -0500] "GET /kwssiamovil/sm/acme/a?s=U2FsdGVkX19C4rJaTBxGeR2tbec+XYzLW9ABBUSINJoCZhdnjPx9SrpBQVKVE2n4NlAnCjFzmetzZVq3ixAMGL4wPrUqkcS1WQooKNIW/ndaF8/bUUIxfu14uom7cFH9Sy+b0zuNhWsKS5w1cZCKEINBGwYHpAU0zSeCThRPOXU9N89P2V8HgtE6/DXUH2KMi0yLP+YozInGBMh3OWJZTg==&u=U2FsdGVkX19uJv+yJf6QSpMDx0VH4FB02Dt3IF2wdWX55HnHWjf75rdI47cw60cY&y=U2FsdGVkX190xeJfz0xjF0Utkzm2YSUhmJ5Fkqxfdlfh7sZAs/iMzqDy8T0eJOOz HTTP/1.1" 200 26
51.222.253.10 - - [02/Sep/2023:16:26:58 -0500] "GET /robots.txt HTTP/1.1" 404 1018
40.77.167.65 - - [02/Sep/2023:16:27:06 -0500] "GET /BLA/resoluciones/AUTOS%202022/4500.pdf HTTP/1.1" 200 374979
152.203.205.14 - - [02/Sep/2023:16:27:12 -0500] "GET /kwssiamovil/sm/acme/a?s=U2FsdGVkX1+qS0h5KjAAF5qUD8qRNXz3JHpsYtvzK4DxUyKmW8PHNRjpXyPBCGk5MAyVGt0Y+bA/AM7mjK4P5fHbgvGx4xkFgkK+PxYa2hkDwdsY/jr8PxTwD2idLBtamWv0KkRMzxBCtoaGHO+/2pvF/+Uk4oFGnoasPfERZRSAZQG6caAsm108s5AnEgsvfrsh2lEXu1JF2Mn6CyBUCywVD4yd3hkJ5CMlGqkPfsS+07nXZOj9hS7jnxZV1jIzXwfs5uja5bVjuzViDRUyYg==&u=U2FsdGVkX19uJv+yJf6QSpMDx0VH4FB02Dt3IF2wdWX55HnHWjf75rdI47cw60cY&y=U2FsdGVkX190xeJfz0xjF0Utkzm2YSUhmJ5Fkqxfdlfh7sZAs/iMzqDy8T0eJOOz HTTP/1.1" 200 26
216.244.66.195 - - [02/Sep/2023:16:27:28 -0500] "GET /BLA/resoluciones/AUTOS%202016/0875.pdf HTTP/1.1" 200 652293
152.203.205.14 - - [02/Sep/2023:16:28:02 -0500] "GET /kwssiamovil/sm/acme/u?s=U2FsdGVkX1/jURQ4ZBUTQ069XB0DNJDPRwg/5LY1Khn8Ka3XLHYXqqbp21bGX51xHy+GimUxF7acJYILT5W/5ohXMV7zpGygH5OHgbEsGua9G56PVrW81i/lV//h7aht0eq8qXBYir9d4avyPac4wfLrehLgR+GZ93qoZvc5LE4=&u=U2FsdGVkX19uJv+yJf6QSpMDx0VH4FB02Dt3IF2wdWX55HnHWjf75rdI47cw60cY&y=U2FsdGVkX190xeJfz0xjF0Utkzm2YSUhmJ5Fkqxfdlfh7sZAs/iMzqDy8T0eJOOz HTTP/1.1" 200 60
216.244.66.195 - - [02/Sep/2023:16:28:19 -0500] "GET /BLA/resoluciones/AUTOS%202016/0961.pdf HTTP/1.1" 200 442053
201.245.192.253 - - [02/Sep/2023:16:28:17 -0500] "POST /kwsrmcab/Wsrmcab HTTP/1.1" 200 43523
201.245.192.253 - - [02/Sep/2023:16:28:21 -0500] "POST /kwsrmcab/Wsrmcab HTTP/1.1" 200 42702
216.244.66.195 - - [02/Sep/2023:16:29:01 -0500] "GET /BLA/resoluciones/AUTOS%202016/1008.pdf HTTP/1.1" 200 590768
179.33.75.58 - - [02/Sep/2023:16:29:13 -0500] "GET /secretaria-de-ambiente-abre-convocatoria-para-el-proceso-de-formacion-mujeres-cuidadoras-de-humedales.html?fbclid=IwAR1-B2Dy81yuxqM25ZTPbbuxl5-tz7bO3nE4td9uP9Ja45WmhbJ5tbDU3Eo HTTP/1.1" 200 943
172.22.2.4 - - [02/Sep/2023:16:28:07 -0500] "HEAD /BLA/boletinlegal/ HTTP/1.1" 200 -
216.245.221.92 - - [02/Sep/2023:16:29:48 -0500] "HEAD / HTTP/1.1" 200 -
216.244.66.195 - - [02/Sep/2023:16:29:50 -0500] "GET /BLA/resoluciones/AUTOS%202016/1042.pdf HTTP/1.1" 200 219747
157.55.39.212 - - [02/Sep/2023:16:29:54 -0500] "GET /BLA/resoluciones/AUTOS%202023/0904.pdf HTTP/1.1" 200 820884
216.244.66.195 - - [02/Sep/2023:16:30:25 -0500] "GET /BLA/resoluciones/AUTOS%202016/1238.pdf HTTP/1.1" 200 485003
172.22.2.4 - - [02/Sep/2023:16:28:58 -0500] "GET /BLA/boletinlegal/ HTTP/1.1" 200 53013
216.244.66.195 - - [02/Sep/2023:16:31:06 -0500] "GET /BLA/resoluciones/AUTOS%202016/1271.pdf HTTP/1.1" 200 468741
173.252.83.116 - - [02/Sep/2023:16:31:27 -0500] "GET /conoce-la-exposicion-fotografica-de-areas-protegidas-y-acuerdos-de-conservacion.html HTTP/1.1" 200 849
173.252.83.9 - - [02/Sep/2023:16:31:27 -0500] "GET /conoce-la-exposicion-fotografica-de-areas-protegidas-y-acuerdos-de-conservacion.html HTTP/1.1" 200 849
201.245.192.253 - - [02/Sep/2023:16:31:30 -0500] "POST /kwsrmcab/Wsrmcab  HTTP/1.1" 200 43358
216.244.66.195 - - [02/Sep/2023:16:31:50 -0500] "GET /BLA/resoluciones/AUTOS%202016/1473.pdf HTTP/1.1" 200 333082
216.244.66.195 - - [02/Sep/2023:16:32:26 -0500] "GET /BLA/resoluciones/AUTOS%202016/1652.pdf HTTP/1.1" 200 371167
216.244.66.195 - - [02/Sep/2023:16:33:05 -0500] "GET /BLA/resoluciones/AUTOS%202016/1689.pdf HTTP/1.1" 200 323639
172.22.2.4 - - [02/Sep/2023:16:33:21 -0500] "GET /BLA/boletinlegal/jurisprudencia/analisis/analisis%20C-595-2010.doc HTTP/1.1" 304 -
216.244.66.195 - - [02/Sep/2023:16:33:36 -0500] "GET /BLA/resoluciones/AUTOS%202016/1940.pdf HTTP/1.1" 200 369902
172.22.2.4 - - [02/Sep/2023:16:34:03 -0500] "GET /BLA/boletinlegal/consulta_actos.php?tipo=autos&no=0238&usuario=&sector=&fecha=2020&resuelve= HTTP/1.1" 200 626
216.244.66.195 - - [02/Sep/2023:16:34:07 -0500] "GET /BLA/resoluciones/AUTOS%202016/1941.pdf HTTP/1.1" 200 511737
172.22.2.4 - - [02/Sep/2023:16:32:29 -0500] "GET /BLA/boletinlegal/ HTTP/1.1" 200 61922
172.22.2.4 - - [02/Sep/2023:16:34:19 -0500] "GET /BLA/boletinlegal/consulta_actos.php?tipo=autos&no=0238&usuario=&sector=&fecha=2020&resuelve= HTTP/1.1" 200 626
172.22.2.4 - - [02/Sep/2023:16:34:30 -0500] "GET /BLA/boletinlegal/consulta_actos.php?tipo=autos&no=0238&usuario=&sector=&fecha=2020&resuelve= HTTP/1.1" 200 626
216.244.66.195 - - [02/Sep/2023:16:34:39 -0500] "GET /BLA/resoluciones/AUTOS%202016/2094.pdf HTTP/1.1" 200 353695
172.22.2.4 - - [02/Sep/2023:16:34:39 -0500] "GET /BLA/boletinlegal/consulta_actos.php?tipo=autos&no=2384&usuario=&sector=&fecha=2020&resuelve= HTTP/1.1" 200 1075
216.245.221.92 - - [02/Sep/2023:16:34:48 -0500] "HEAD / HTTP/1.1" 200 -
181.78.24.97 - - [02/Sep/2023:16:34:50 -0500] "GET /BLA/resoluciones/AUTOS%202020/2384.pdf HTTP/1.1" 200 417653
216.244.66.195 - - [02/Sep/2023:16:35:06 -0500] "GET /BLA/resoluciones/AUTOS%202016/2124.pdf HTTP/1.1" 200 4222434
172.22.2.4 - - [02/Sep/2023:16:33:57 -0500] "HEAD /BLA/boletinlegal/ HTTP/1.1" 200 -
173.252.83.9 - - [02/Sep/2023:16:35:46 -0500] "GET /cuales-son-los-tramites-ambientales-mas-solicitados-de-bogota.html HTTP/1.1" 200 840
216.244.66.195 - - [02/Sep/2023:16:35:55 -0500] "GET /BLA/resoluciones/AUTOS%202016/2316.pdf HTTP/1.1" 200 523844
172.22.2.4 - - [02/Sep/2023:16:36:23 -0500] "GET /BLA/boletinlegal/Circulares/2019/.pdf HTTP/1.1" 404 1218
69.171.231.6 - - [02/Sep/2023:16:36:27 -0500] "GET /conoce-la-exposicion-fotografica-de-areas-protegidas-y-acuerdos-de-conservacion.html HTTP/1.1" 200 849
172.22.2.4 - - [02/Sep/2023:16:34:48 -0500] "GET /BLA/boletinlegal/ HTTP/1.1" 200 60692
216.244.66.195 - - [02/Sep/2023:16:36:29 -0500] "GET /BLA/resoluciones/AUTOS%202016/2589.pdf HTTP/1.1" 200 379256
172.22.2.4 - - [02/Sep/2023:16:36:31 -0500] "GET /BLA/boletinlegal/Circulares/2012/Circular%20No.%2010%20del%2026%20de%20Enero%20de%202012.pdf HTTP/1.1" 404 1218
201.245.192.253 - - [02/Sep/2023:16:36:29 -0500] "POST /kwsrmcab/Wsrmcab  HTTP/1.1" 200 43358
216.244.66.195 - - [02/Sep/2023:16:36:59 -0500] "GET /BLA/resoluciones/AUTOS%202016/2618.pdf HTTP/1.1" 200 548698
52.167.144.185 - - [02/Sep/2023:16:37:17 -0500] "GET /BLA/resoluciones/AUTOS%202017/2767.pdf HTTP/1.1" 200 279456
216.244.66.195 - - [02/Sep/2023:16:37:31 -0500] "GET /BLA/resoluciones/AUTOS%202016/2864.pdf HTTP/1.1" 200 426289
216.244.66.195 - - [02/Sep/2023:16:38:08 -0500] "GET /BLA/resoluciones/AUTOS%202016/2972.pdf HTTP/1.1" 200 438074
201.245.192.253 - - [02/Sep/2023:16:38:18 -0500] "POST /kwsrmcab/Wsrmcab HTTP/1.1" 200 43523
201.245.192.253 - - [02/Sep/2023:16:38:21 -0500] "POST /kwsrmcab/Wsrmcab HTTP/1.1" 200 42702
216.244.66.195 - - [02/Sep/2023:16:38:39 -0500] "GET /BLA/resoluciones/AUTOS%202016/3020.pdf HTTP/1.1" 200 50844
52.167.144.182 - - [02/Sep/2023:16:38:58 -0500] "GET /BLA/resoluciones/RESOLUCIONES%202023/0700.pdf HTTP/1.1" 200 517112
157.55.39.212 - - [02/Sep/2023:16:39:05 -0500] "GET /BLA/resoluciones/AUTOS%202023/0868.pdf HTTP/1.1" 200 818288
216.244.66.195 - - [02/Sep/2023:16:39:07 -0500] "GET /BLA/resoluciones/AUTOS%202016/3142.pdf HTTP/1.1" 200 355653
66.249.70.5 - - [02/Sep/2023:16:39:20 -0500] "GET /BLA/resoluciones/RESOLUCIONES%202009/3865.pdf HTTP/1.1" 200 1141662
216.244.66.195 - - [02/Sep/2023:16:39:37 -0500] "GET /BLA/resoluciones/index.php?dir=RESOLUCIONES+2007%2FRES+2007+3801+AL+3900%2F HTTP/1.1" 200 26637
216.245.221.92 - - [02/Sep/2023:16:39:48 -0500] "HEAD / HTTP/1.1" 200 -
216.244.66.195 - - [02/Sep/2023:16:40:03 -0500] "GET /BLA/resoluciones/RESOLUCIONES%202018/0970.pdf HTTP/1.1" 200 6731126
