66.249.92.194 - - [02/Sep/2023:16:40:29 -0500] "GET /bogota-empieza-la-consolidacion-de-la-estrategia-de-bosques-urbanos-con-el-brazo-salitre-en-barrios-unidos.html?utm_source=Youtube_DIGI&utm_medium=CPV&utm_campaign=BosquesUrbanos&utm_id=Agosto_2023 HTTP/1.1" 200 892
216.244.66.195 - - [02/Sep/2023:16:40:38 -0500] "GET /BLA/resoluciones/AUTOS%202007/1907.pdf HTTP/1.1" 200 30665
34.253.55.27 - - [02/Sep/2023:16:41:05 -0500] "GET /robots.txt HTTP/1.1" 404 1018
34.253.55.27 - - [02/Sep/2023:16:41:05 -0500] "GET /BLA/resoluciones/RESOLUCIONES%202013/0715.pdf HTTP/1.1" 200 497969
216.244.66.195 - - [02/Sep/2023:16:41:07 -0500] "GET /BLA/resoluciones/AUTOS%202007/1979.pdf HTTP/1.1" 200 40154
172.22.2.4 - - [02/Sep/2023:16:39:47 -0500] "HEAD /BLA/boletinlegal/ HTTP/1.1" 200 -
201.245.192.253 - - [02/Sep/2023:16:41:27 -0500] "POST /kwsrmcab/Wsrmcab  HTTP/1.1" 200 43358
216.244.66.195 - - [02/Sep/2023:16:41:36 -0500] "GET /BLA/resoluciones/AUTOS%202010/0052.pdf HTTP/1.1" 200 163768
216.244.66.195 - - [02/Sep/2023:16:42:04 -0500] "GET /BLA/resoluciones/AUTOS%202010/0115.pdf HTTP/1.1" 200 181579
172.22.2.4 - - [02/Sep/2023:16:40:38 -0500] "GET /BLA/boletinlegal/ HTTP/1.1" 200 58597
216.244.66.195 - - [02/Sep/2023:16:42:31 -0500] "GET /BLA/resoluciones/AUTOS%202010/0377.pdf HTTP/1.1" 200 190755
216.244.66.195 - - [02/Sep/2023:16:42:58 -0500] "GET /BLA/resoluciones/AUTOS%202010/0834.pdf HTTP/1.1" 200 210641
216.244.66.195 - - [02/Sep/2023:16:43:23 -0500] "GET /BLA/resoluciones/AUTOS%202010/0854.pdf HTTP/1.1" 200 162114
216.245.221.92 - - [02/Sep/2023:16:44:48 -0500] "HEAD / HTTP/1.1" 200 -
52.167.144.108 - - [02/Sep/2023:16:45:58 -0500] "GET /BLA/resoluciones/RESOLUCIONES%202023/1049.pdf HTTP/1.1" 200 473354
201.245.192.253 - - [02/Sep/2023:16:46:26 -0500] "POST /kwsrmcab/Wsrmcab  HTTP/1.1" 200 43358
52.167.144.199 - - [02/Sep/2023:16:46:58 -0500] "GET /BLA/resoluciones/RESOLUCIONES%202023/0992.pdf HTTP/1.1" 200 461576
172.22.2.4 - - [02/Sep/2023:16:45:37 -0500] "HEAD /BLA/boletinlegal/ HTTP/1.1" 200 -
216.244.66.195 - - [02/Sep/2023:16:47:57 -0500] "GET /robots.txt HTTP/1.1" 404 1018
172.22.2.4 - - [02/Sep/2023:16:46:28 -0500] "GET /BLA/boletinlegal/ HTTP/1.1" 200 58597
216.245.221.92 - - [02/Sep/2023:16:49:48 -0500] "HEAD / HTTP/1.1" 200 -
40.77.167.143 - - [02/Sep/2023:16:50:40 -0500] "GET /BLA/resoluciones/RESOLUCIONES%202023/1545.pdf HTTP/1.1" 200 464651
201.245.192.253 - - [02/Sep/2023:16:51:25 -0500] "POST /kwsrmcab/Wsrmcab  HTTP/1.1" 200 43358
66.249.70.5 - - [02/Sep/2023:16:52:57 -0500] "GET /BLA/resoluciones/AUTOS%202013/2134.pdf HTTP/1.1" 200 260732
172.22.2.4 - - [02/Sep/2023:16:51:27 -0500] "HEAD /BLA/boletinlegal/ HTTP/1.1" 200 -
40.77.167.143 - - [02/Sep/2023:16:53:52 -0500] "GET /Publicaciones/2023EE200404.pdf HTTP/1.1" 200 535433
172.22.2.4 - - [02/Sep/2023:16:52:19 -0500] "GET /BLA/boletinlegal/ HTTP/1.1" 200 57790
172.22.2.4 - - [02/Sep/2023:16:54:01 -0500] "GET /BLA/boletinlegal/robots.txt HTTP/1.1" 404 1038
216.245.221.92 - - [02/Sep/2023:16:54:48 -0500] "HEAD / HTTP/1.1" 200 -
172.22.2.4 - - [02/Sep/2023:16:54:02 -0500] "GET /BLA/boletinlegal/index.php HTTP/1.1" 200 60692
216.244.66.195 - - [02/Sep/2023:16:55:19 -0500] "GET /BLA/boletinlegal/index.php HTTP/1.1" 200 24523
201.245.192.253 - - [02/Sep/2023:16:56:24 -0500] "POST /kwsrmcab/Wsrmcab  HTTP/1.1" 200 43358
51.159.195.16 - - [02/Sep/2023:16:56:39 -0500] "GET /derechos-humanos-eje-fundamental-en-la-toma-de-decisiones-en-la-emergencia-climatica.html HTTP/1.1" 200 948
212.129.57.169 - - [02/Sep/2023:16:56:39 -0500] "GET /los-tramites-y-servicios-que-ofrece-la-secretaria-de-ambiente-de-bogota.html HTTP/1.1" 200 911
216.244.66.195 - - [02/Sep/2023:16:56:43 -0500] "GET /bla/resoluciones/resoluciones%202011/5482.pdf HTTP/1.1" 200 2404955
51.159.194.199 - - [02/Sep/2023:16:56:45 -0500] "GET /caminos-de-los-cerros-cerrados-este-fin-de-semana.html HTTP/1.1" 200 792
51.159.194.233 - - [02/Sep/2023:16:56:46 -0500] "GET /secretaria-de-ambiente-presenta-cartilla-con-el-protocolo-para-el-manejo-y-control-de-la-langostilla-de-rio.html HTTP/1.1" 200 857
51.159.195.16 - - [02/Sep/2023:16:56:46 -0500] "GET /un-arbol-por-cada-ano-de-bogota-asi-se-siguen-celebrando-los-485-anos-de-la-ciudad.html HTTP/1.1" 200 892
51.159.194.233 - - [02/Sep/2023:16:56:47 -0500] "GET /secretaria-de-ambiente-abre-convocatoria-para-el-proceso-de-formacion-mujeres-cuidadoras-de-humedales.html HTTP/1.1" 200 943
212.129.57.169 - - [02/Sep/2023:16:56:47 -0500] "GET /secretaria-de-ambiente-reconoce-82-empresas-que-dejaron-de-emitir-17-7-toneladas-de-material-particulado-en-los-ultimos-tres-anos.html HTTP/1.1" 200 900
51.159.195.16 - - [02/Sep/2023:16:56:55 -0500] "GET /secretaria-de-ambiente-y-cruz-verde-se-unieron-para-reverdecer-la-conejera.html HTTP/1.1" 200 803
51.159.194.199 - - [02/Sep/2023:16:56:55 -0500] "GET /presentamos-las-nuevas-herramientas-de-la-secretaria-de-ambiente-para-analizar-y-monitorear-los-rios-de-bogota.html HTTP/1.1" 200 905
51.159.194.199 - - [02/Sep/2023:16:56:59 -0500] "GET /secretaria-de-ambiente-suspende-actividades-de-industria-que-operaba-en-usme-sin-permisos-ambientales.html HTTP/1.1" 200 864
212.129.57.169 - - [02/Sep/2023:16:56:59 -0500] "GET /conoce-la-exposicion-fotografica-de-areas-protegidas-y-acuerdos-de-conservacion.html HTTP/1.1" 200 849
51.159.194.199 - - [02/Sep/2023:16:57:01 -0500] "GET /alianza-entre-secretaria-de-ambiente-y-universidad-piloto-para-capacitar-y-fortalecer-a-las-mujeres-que-reverdecen.html HTTP/1.1" 200 950
152.203.205.14 - - [02/Sep/2023:16:57:02 -0500] "OPTIONS /kwssiamovil/sm/setfile/f? HTTP/1.1" 200 13
152.203.205.14 - - [02/Sep/2023:16:57:03 -0500] "POST /kwssiamovil/sm/setfile/f? HTTP/1.1" 200 381
152.203.205.14 - - [02/Sep/2023:16:57:05 -0500] "OPTIONS /kwssiamovil/sm/setfile/f? HTTP/1.1" 200 13
152.203.205.14 - - [02/Sep/2023:16:57:05 -0500] "POST /kwssiamovil/sm/setfile/f? HTTP/1.1" 200 381
152.203.205.14 - - [02/Sep/2023:16:57:08 -0500] "OPTIONS /kwssiamovil/sm/setfile/f? HTTP/1.1" 200 13
152.203.205.14 - - [02/Sep/2023:16:57:08 -0500] "POST /kwssiamovil/sm/setfile/f? HTTP/1.1" 200 381
152.203.205.14 - - [02/Sep/2023:16:57:10 -0500] "OPTIONS /kwssiamovil/sm/setfile/f? HTTP/1.1" 200 13
152.203.205.14 - - [02/Sep/2023:16:57:10 -0500] "POST /kwssiamovil/sm/setfile/f? HTTP/1.1" 200 381
152.203.205.14 - - [02/Sep/2023:16:57:12 -0500] "OPTIONS /kwssiamovil/sm/setfile/f? HTTP/1.1" 200 13
152.203.205.14 - - [02/Sep/2023:16:57:13 -0500] "POST /kwssiamovil/sm/setfile/f? HTTP/1.1" 200 381
152.203.205.14 - - [02/Sep/2023:16:57:14 -0500] "OPTIONS /kwssiamovil/sm/setfile/f? HTTP/1.1" 200 13
152.203.205.14 - - [02/Sep/2023:16:57:14 -0500] "POST /kwssiamovil/sm/setfile/f? HTTP/1.1" 200 381
152.203.205.14 - - [02/Sep/2023:16:57:22 -0500] "GET /kwssiamovil/sm/acme/a?s=U2FsdGVkX1/qqQvyqcIrL6ciijQSg4xqnVhi1dvhE5gWKUl/YIgk5vIo4cGk4WNkFw5j2aHKbfB43znBtIjG4TxvrhY2jmLwQolEfRbK4Va2J63+PLrezFDkXm5Yj7/IGvIQgxWZgE/Pi77IHfPh8hA0XtEwnGVi0QBwvVw0s8dROsfn4cxpNelaL4u7p2MhrZbzi0HLU7udpz8nei2PVzWFA3Mraw7uLKHRm212NSowwnxV7wVFFhDKOUar+tbKLuTm6dAgK6fGy6vgeIl1pQ==&u=U2FsdGVkX19uJv+yJf6QSpMDx0VH4FB02Dt3IF2wdWX55HnHWjf75rdI47cw60cY&y=U2FsdGVkX190xeJfz0xjF0Utkzm2YSUhmJ5Fkqxfdlfh7sZAs/iMzqDy8T0eJOOz HTTP/1.1" 200 26
152.203.205.14 - - [02/Sep/2023:16:57:23 -0500] "GET /kwssiamovil/sm/acme/a?s=U2FsdGVkX19Qql1sBgodEjfKkijeJBIgWGPyfKGFLcEBafEC0F4kJERkbOaHHo8JmGx3gOtAVh6d1+SuxjnuXjZ1T7J7nlBNK/AttCixswvMTHu1ZzxKcqF0sZs9HIrmjXQ4rlIa6ruLmJCjyq0/s7rsMdglUNY85DqDa40Uaz+VrT/yY4PvU7/+8CE3qJmET+GNAM6v85Ib/dGJP1H19KYjWJVylav4Nr/OePfUxzjCpEb3vfFduH5Br66Em0BDQ4PmtdX69VFHeaMnSu0r0V5pvLvTAv1QxysDC5BGYGJaPSuqqjAE1maNU+rjkfmQQPUmCOC82Dd6V2zMFdXTYd6leElxC66KU3zOs86sUxSY4Wq+R+mJkthj02+NF0EmT/rLQ7oVKwU3hlpJ4nwqEcOnR8qGuIXH6p+v/6i+ZoGgT/C3V9py4JS2Eslh2YQfg86EXZF/DY5KotFRxk5h04VhJHYrR6cOwabZ+3OuyAQr9Ne2uoxmttIO+qIWkMXzs+0eCJFcvsXFJQi3/lbENDVk7oH5BYGQkMUYJ0sfZjz0POsPoW9ZpSrQQfb2/BVR5lOkANAKx6KQLtDUCBC8vVts5fY0S/m2MBcWHnse3kL1JtvsKvQ9ssorsMX+TESjDCeCtRqYd3BUqQqUeIde14gTfo2ygVnYe/iECKAGe/JyZ+ouGRUh40RVZ1d6rUHe+WLiJVvfrGp07Q3Px/wsug+VksnsABTQcJdvrUrLljDhSx0IhuMw5Pq905kiuvA/9m8nyhEPl6a2QD4uJry+EngBESvYibJ/7EaGO9FC0hAvn0HBtn370oPROt4HvYRR039A8QLSlYHENn3Rc1yld+5caMaH1AcBMQCf8ju5JU5xyO9r/UtuTr5pyECCt8w1iez7alHzl7nNAL6uu1v1xnHMocQJyFPqKkzRmGRPec48TzNPZXUwk3qUoqp+v40JipDEMPdTeVwaZzfzQe8WtqGcrBqJ44g3NBsB1IcwO2Xu0fhh9udg2H2fOwgyNTU7kY7mFqld3dm1RgIM1t46hcxR1nTw8ovipQIBvXLUNNcqK9dsycKQB5WHqvSZtxpeFW6LFJLJfdEFb9kZu/CM4EjdsnqhCJWn9H4U9U7FAX/ajIp2apR+EGrg017pMAm8/O/QqDiwLOQH+0XbMGsMGZ2KUJM/OEhw7kAN/Q7K95RC1Knw4s3nCnrxcw2PCHrrUltnmO6G6lksiTO8oYXoNcw/nAgs0OYhyKR7va14i7zn84CTf1MmL450J1W4ahw+YTeoAnE/+phEV/UnyxXIZAObwm/ldN8breSJ55J3kFMS5YOtQ8mdwAJ0Wlhe5yxzNl8vWaYr32pYg64+1a9tEpdoIik8FhclPQlzVeMKfoN+yyE8Fi7+pFSgLreNPm5djz7qY1AWUo5bVFOxUVKDtshf9PfSHs5df2gEavpmg48G2sxpZaFBmsqk4HoGXEcR8Of3gURKhfkP5b/6czEQo8eF0jklijl8+si7d+EGVrJKD7PJRDYZBP+3QtEfoDT1&u=U2FsdGVkX19uJv+yJf6QSpMDx0VH4FB02Dt3IF2wdWX55HnHWjf75rdI47cw60cY&y=U2FsdGVkX190xeJfz0xjF0Utkzm2YSUhmJ5Fkqxfdlfh7sZAs/iMzqDy8T0eJOOz HTTP/1.1" 200 26
152.203.205.14 - - [02/Sep/2023:16:57:23 -0500] "GET /kwssiamovil/sm/acme/a?s=U2FsdGVkX1++LlpPdTTakMTB1gbe8OuyeFIxICSD7ArOBZ5b4F5GvhTxd1JbmU+r1rJyOjKzhlCky1iZ0K7i+bx/mt/sl9PqvXpAGqvNH4jxL98liOuLTbMWBbKzhJvWzfH5rf3oBzzfhOmb8QvPCMB/2sZpR7eaHzLY3zf00po=&u=U2FsdGVkX19uJv+yJf6QSpMDx0VH4FB02Dt3IF2wdWX55HnHWjf75rdI47cw60cY&y=U2FsdGVkX190xeJfz0xjF0Utkzm2YSUhmJ5Fkqxfdlfh7sZAs/iMzqDy8T0eJOOz HTTP/1.1" 200 26
152.203.205.14 - - [02/Sep/2023:16:57:23 -0500] "GET /kwssiamovil/sm/acme/a?s=U2FsdGVkX188rXJdgcRXlrOMe+SHmSY+8qyry/uGI80CH4hlXoKOjBiUpgkXs37s4iNcxny2JTT3cKqy7ScWPO9oOxCPBj+X2jWQJNsAthRahL7TdCZ2tGNOhyhsN8GTpVMYhEGGlWjExt0fzerDLJd4TLSwpDid2iX29J9jwxk=&u=U2FsdGVkX19uJv+yJf6QSpMDx0VH4FB02Dt3IF2wdWX55HnHWjf75rdI47cw60cY&y=U2FsdGVkX190xeJfz0xjF0Utkzm2YSUhmJ5Fkqxfdlfh7sZAs/iMzqDy8T0eJOOz HTTP/1.1" 200 26
152.203.205.14 - - [02/Sep/2023:16:57:23 -0500] "GET /kwssiamovil/sm/acme/a?s=U2FsdGVkX19Z06uvA9L9ueVkWfbXxo8EjkIo5OfauSb14X/0Pl/sQG3hnHWlgkLNcUje4MOU4Cw9+WU0ZtmEcsHZNv6ECte8AcPZSdLJtAiPFWuqIXlK+3LuUoq4rwNMIJo2omw/VHX7ainUbEot23SUmbDfpmB5dbl7/hRvCWg=&u=U2FsdGVkX19uJv+yJf6QSpMDx0VH4FB02Dt3IF2wdWX55HnHWjf75rdI47cw60cY&y=U2FsdGVkX190xeJfz0xjF0Utkzm2YSUhmJ5Fkqxfdlfh7sZAs/iMzqDy8T0eJOOz HTTP/1.1" 200 26
152.203.205.14 - - [02/Sep/2023:16:57:23 -0500] "GET /kwssiamovil/sm/acme/a?s=U2FsdGVkX1/CxKBWDyrL8ZG7Ei4REK6BejKZ//2guYV5WeZpdYmcju9j6Xz8SA9uQHQMSIdyakPEunuNqXUdWO5MqUeNsLwZ5fYPtuSy0x3qgZYumtBaGGBHLW9uyT//kgUyYNRExQG3GTNzj6efaSzp7Nf1euMbNF7oJsRc0lahh8lzINyVE9Dpn3a3T2K2UBuVH4cQufY/gpnKAbOalA==&u=U2FsdGVkX19uJv+yJf6QSpMDx0VH4FB02Dt3IF2wdWX55HnHWjf75rdI47cw60cY&y=U2FsdGVkX190xeJfz0xjF0Utkzm2YSUhmJ5Fkqxfdlfh7sZAs/iMzqDy8T0eJOOz HTTP/1.1" 200 26
152.203.205.14 - - [02/Sep/2023:16:57:24 -0500] "GET /kwssiamovil/sm/acme/a?s=U2FsdGVkX180GeP6MNID45ekQjGvaVMRZYe+ypQCDMXT7AuGo0tOR0L2rjAYJhIute+dA+J8RRzzsgsUjFbC0JGmFL3QnzeU76cJP0lmNFCySawfFIzsXgMvFoikGukoNNxKbmv70CqhDUrhUA59SgHrv6xDT6VLxDSzLYz8WLLKip6TypLoPinaQ9MAcUe0g4qgD4660fAlbVXe56FzWQ==&u=U2FsdGVkX19uJv+yJf6QSpMDx0VH4FB02Dt3IF2wdWX55HnHWjf75rdI47cw60cY&y=U2FsdGVkX190xeJfz0xjF0Utkzm2YSUhmJ5Fkqxfdlfh7sZAs/iMzqDy8T0eJOOz HTTP/1.1" 200 26
152.203.205.14 - - [02/Sep/2023:16:57:24 -0500] "GET /kwssiamovil/sm/acme/a?s=U2FsdGVkX1/KsBFuScgnN1/RtHrCzFHcRoNPAXLFHaftSMy4ihZsKWAnM732yKeT7phStU5yObKDIkuSI8hAi3yK/6pFy8hx+ZeYPEOnAPvFalOgZJ242sRrDXBMXzZVZSGGGu7e9gLTKQ8eWaxb2GhJzGoY+cH3oiBS1v1zGyaxVrZ1sLlTc2Atca/QFZuhpMDvg629zBOej5pohiGqOBdGRPAcT1TjF7a1f0ymVH1F+uZS5jTyJE+YsuPMO1dErnkjyLg/4OK7VN9zqejUzTejxzE3e316d/wWWAiQ6UNaKrxYxc1uYR68Ucui4GvS8U5AbUuXN8yAW/ZPOsT0W1THIWHrqfGaG8FAJZWv+8hXM+oAdODuQ7G7MlidcomqKrZPl3l31aL3qvIj+yYZtLl7hITBd3vj7rOsH1DSy4p1VAFLvkVqQohDrPOxWW4J&u=U2FsdGVkX19uJv+yJf6QSpMDx0VH4FB02Dt3IF2wdWX55HnHWjf75rdI47cw60cY&y=U2FsdGVkX190xeJfz0xjF0Utkzm2YSUhmJ5Fkqxfdlfh7sZAs/iMzqDy8T0eJOOz HTTP/1.1" 200 25
152.203.205.14 - - [02/Sep/2023:16:57:24 -0500] "GET /kwssiamovil/sm/acme/a?s=U2FsdGVkX1/BOpP1wJqvYDknO3eTPszbrQ2dyDjOs52fxJHd5kk8/gyF3VOOX4JT3EpKLUtgZ6xQotUYWHcbgJ9WiFEVdfDKLbN2VDkGB5bpFVegk3NwhnwiL3pUbfade6A2cmanbpahHdK1iixtf6iY8hkKLKSMxGSURWLVQgRKPiYmketcMB8QjmN5Szsz&u=U2FsdGVkX19uJv+yJf6QSpMDx0VH4FB02Dt3IF2wdWX55HnHWjf75rdI47cw60cY&y=U2FsdGVkX190xeJfz0xjF0Utkzm2YSUhmJ5Fkqxfdlfh7sZAs/iMzqDy8T0eJOOz HTTP/1.1" 200 26
152.203.205.14 - - [02/Sep/2023:16:57:24 -0500] "GET /kwssiamovil/sm/acme/a?s=U2FsdGVkX1/UZzjUGmchIvNBVd+7P1doUqrN7ywLWYBcPcsAjxtjVxADpGb5qdm6MKcyRSOZUECSgvYZIq64vwyucOcRFWGazYyG9byN7gIkgOk/3xpYMpgdpwGl44adHsLaV2CU43RHwMwTSrcHK9BX+72JDG/9t1SKfZ9r2LXTEO9/Aog/2tFUq9waS8SYiNtmp0dIuIOh2G6A1glS32aDdp4NdVEndYVgfOvR0wn+fYx1HEHE6dqdMtTv7LLCn5BJo3YhX3mxLOOJmVdxnjgBs4/Lx/fIVDojLXudXHIzCdIxT5z+1/bZyjTj3yUO4UAEHEDKz6WtX+dulqJ97lhACvot9VS6tJTdpqrdYI5WWtLaedNwYJpTt5sbp/kBM4R8Q0CHmZXXsrrXs/iUE3QXl6lnWZeWeoRKh6rIz9w=&u=U2FsdGVkX19uJv+yJf6QSpMDx0VH4FB02Dt3IF2wdWX55HnHWjf75rdI47cw60cY&y=U2FsdGVkX190xeJfz0xjF0Utkzm2YSUhmJ5Fkqxfdlfh7sZAs/iMzqDy8T0eJOOz HTTP/1.1" 200 25
152.203.205.14 - - [02/Sep/2023:16:57:24 -0500] "GET /kwssiamovil/sm/acme/a?s=U2FsdGVkX1/fEGGovLRpLGFt6/PPeyAP9Snz6EMTT6ModX4N6ldTsFtIcytuqtW+tJ55EysPuUljn2VmOSVL2VP13NrYHzBYN5c+/5uRJ5G4He94UqlC1oK1GxrYEr1QoywTUnCMFehmZ6DMW5nIXUv4f0b2/iNIE0XkfGoOg0l5vSvKndxzkRww5FkttqLNLbz0RKsg7xpvJj6b15YYUw==&u=U2FsdGVkX19uJv+yJf6QSpMDx0VH4FB02Dt3IF2wdWX55HnHWjf75rdI47cw60cY&y=U2FsdGVkX190xeJfz0xjF0Utkzm2YSUhmJ5Fkqxfdlfh7sZAs/iMzqDy8T0eJOOz HTTP/1.1" 200 26
152.203.205.14 - - [02/Sep/2023:16:57:24 -0500] "GET /kwssiamovil/sm/acme/a?s=U2FsdGVkX18gp/rjmUQwGX7gSuhMqY35EaYRzz5mo47EjE+FJrFlNc9GbTVJKDJnycBfDiwbmXG7nrTW01Bp6XmXYXMQDQ2ylbmpEBvhogkb9DKQQ2XCAdh4R8V6ikwhptAj7N50A2IG07+i4jTnGQY+K5BvFlH+I122Y8e+YwbyABwB50jxlhWDqLBT1uQM&u=U2FsdGVkX19uJv+yJf6QSpMDx0VH4FB02Dt3IF2wdWX55HnHWjf75rdI47cw60cY&y=U2FsdGVkX190xeJfz0xjF0Utkzm2YSUhmJ5Fkqxfdlfh7sZAs/iMzqDy8T0eJOOz HTTP/1.1" 200 26
152.203.205.14 - - [02/Sep/2023:16:57:24 -0500] "GET /kwssiamovil/sm/acme/a?s=U2FsdGVkX1+XFOb8V9HmHeQXmXZmLc2W7JA2kXgvcMzwbFFlnUpKiG0cImEUOmeiFr3hDQJUlo9YdoQG8fkr0qw0PyJtmfd8pI2lfYy8zT/yS8a1SyGmZsZmoDIzsKMTuBz6QJGsyOByoJwahmTp5YEqne3D9xw1P+pV7Qwyxk66HaqusANAES+1hObijju40E1+cVDLbmZsA0zpvzTCNw==&u=U2FsdGVkX19uJv+yJf6QSpMDx0VH4FB02Dt3IF2wdWX55HnHWjf75rdI47cw60cY&y=U2FsdGVkX190xeJfz0xjF0Utkzm2YSUhmJ5Fkqxfdlfh7sZAs/iMzqDy8T0eJOOz HTTP/1.1" 200 26
152.203.205.14 - - [02/Sep/2023:16:57:25 -0500] "GET /kwssiamovil/sm/acme/a?s=U2FsdGVkX1/tKT3rLapuuzUBr6YeWRFh+EGtMma6C7FfH7xl98AvQhjX5VvTJ9Z43KgNHZ6wSEFd3qZLL6ikzg5tyhjmzzuSdmAeXdxu1SibejBIsKUWmn2pRaZ1LW0GXy+AbEAYyMiGNpjtCtiP/PJRb6ByErQviBCpAo2qIwBg7gS8gfsYdhyF2cZumrT9&u=U2FsdGVkX19uJv+yJf6QSpMDx0VH4FB02Dt3IF2wdWX55HnHWjf75rdI47cw60cY&y=U2FsdGVkX190xeJfz0xjF0Utkzm2YSUhmJ5Fkqxfdlfh7sZAs/iMzqDy8T0eJOOz HTTP/1.1" 200 26
152.203.205.14 - - [02/Sep/2023:16:57:25 -0500] "GET /kwssiamovil/sm/acme/a?s=U2FsdGVkX1/8Gqod45gMAYvdWN/RYIKqUalWbohA2QL+282m1xcWd5xykb/GACBgjnUJPU5hKuZZdnq6gggQQ853ks3dEWTHYP0/xzlYp5i450YfBX/3gpcJLA/axRZL0fj2Yjpl+yw5riJtQ/68euSK4t2XaUApK8QiYs3Xxi1qEOnZB7M3nsszkYDvEKsMwYxooKsCAkRieEnKyKs5kA==&u=U2FsdGVkX19uJv+yJf6QSpMDx0VH4FB02Dt3IF2wdWX55HnHWjf75rdI47cw60cY&y=U2FsdGVkX190xeJfz0xjF0Utkzm2YSUhmJ5Fkqxfdlfh7sZAs/iMzqDy8T0eJOOz HTTP/1.1" 200 26
152.203.205.14 - - [02/Sep/2023:16:57:25 -0500] "GET /kwssiamovil/sm/acme/a?s=U2FsdGVkX199yxbcIHBC4gkxEllsfuD8cfVBBW8RAPjh/FDvFSsP8VyWle+vOuNdlTxNHHx48fODagdTkN9R7n5Mf2H7+4Io8ybiwFrSV/2wHPo/SxDwL3W27OdMI53t2k84+Tt7vqsswS+AUHlbJw3/fd429wozBzWrfrbK+NZxDgdTx9Nk2ZTRlLBelBan&u=U2FsdGVkX19uJv+yJf6QSpMDx0VH4FB02Dt3IF2wdWX55HnHWjf75rdI47cw60cY&y=U2FsdGVkX190xeJfz0xjF0Utkzm2YSUhmJ5Fkqxfdlfh7sZAs/iMzqDy8T0eJOOz HTTP/1.1" 200 26
152.203.205.14 - - [02/Sep/2023:16:57:25 -0500] "GET /kwssiamovil/sm/acme/a?s=U2FsdGVkX1/oj0zPhtHotdvBoKriz7icQzCej5ppfHbXvtnkyQmxes/c/5sLb8I56DjjSKKam8vocRptNbWfoOMYxHPBSjddSwA6T4Acqd5cWrc6QSiJWdQnusafDs8o+GsKMVaG0XBKemIng53T5mumCr6xvTvWGLDdZ9/aygY2j3ZGvcgcEHy917w47RDr4uVFFVeYv5Q6UzkhEJfitg==&u=U2FsdGVkX19uJv+yJf6QSpMDx0VH4FB02Dt3IF2wdWX55HnHWjf75rdI47cw60cY&y=U2FsdGVkX190xeJfz0xjF0Utkzm2YSUhmJ5Fkqxfdlfh7sZAs/iMzqDy8T0eJOOz HTTP/1.1" 200 26
152.203.205.14 - - [02/Sep/2023:16:57:25 -0500] "GET /kwssiamovil/sm/acme/a?s=U2FsdGVkX18vKIYBko7WEcQASGiqH4WF6JSxioQSRgNjnZ5xgsG6NCmW9fIrisCCjOQS/MYAgRb2F7beylXPHtTmzAEbhMNhw3SKzMgIAFYmgpA3KeI8UO0v1ydtLbTyI7y/ZsMo0oBj4UDJ8LDSwxws30qVjQ9kmQkZhUFEAFDw5HB1cjD1WV+VBehFD3fe&u=U2FsdGVkX19uJv+yJf6QSpMDx0VH4FB02Dt3IF2wdWX55HnHWjf75rdI47cw60cY&y=U2FsdGVkX190xeJfz0xjF0Utkzm2YSUhmJ5Fkqxfdlfh7sZAs/iMzqDy8T0eJOOz HTTP/1.1" 200 26
152.203.205.14 - - [02/Sep/2023:16:57:39 -0500] "GET /kwssiamovil/sm/acme/u?s=U2FsdGVkX1+w0MQfFho1y3uzi8mYeXEzwqvAyoYCem93aIVvd6XycMrjLR6XM7tzxMCMM/I+SayEacsEl2VtlYEGg5CG/gnAeivL4EGx2bkRsgWgVfNHr+9Mqv/JcfZBZrzfhsdqOC5cm5a9GbKGgFSJSH4d9EIYgD4PVaUzKAU=&u=U2FsdGVkX19uJv+yJf6QSpMDx0VH4FB02Dt3IF2wdWX55HnHWjf75rdI47cw60cY&y=U2FsdGVkX190xeJfz0xjF0Utkzm2YSUhmJ5Fkqxfdlfh7sZAs/iMzqDy8T0eJOOz HTTP/1.1" 200 60
216.244.66.195 - - [02/Sep/2023:16:57:54 -0500] "GET /transparencia/directorioservidores/2016/mayo2016.xlsx HTTP/1.1" 200 92904
186.102.7.253 - - [02/Sep/2023:16:58:23 -0500] "GET /kwssiamovil/sm/ldap/au?x=U2FsdGVkX19pxvhQXHTVnU/jV+jP2w35MaDT0sMmz/UzKlnqiXbFPyzAN7x1ttlv&y=U2FsdGVkX1/YAYW2s1fUD31scHyzHa+mYT8lpRHalitNB3eTuhIkDD5sJC4yvGix HTTP/1.1" 200 30
186.102.7.253 - - [02/Sep/2023:16:58:23 -0500] "GET /kwssiamovil/sm/acme/s?s=U2FsdGVkX1/npxGQYCZhREd4QKzGfaCbScnZDYhtKIVwZEkcPNWOsXYBm1dcfkVWi87ELCggCzIGgO6rsOtrAUkL7ouD7JAz67LS+243zM8=&u=U2FsdGVkX1/eOJzfsCJ2P5rS+LlVloGkJfzach2JeaI=&y=U2FsdGVkX1/YAYW2s1fUD31scHyzHa+mYT8lpRHalitNB3eTuhIkDD5sJC4yvGix HTTP/1.1" 200 97
186.102.7.253 - - [02/Sep/2023:16:58:24 -0500] "GET /kwssiamovil/sm/acme/s?s=U2FsdGVkX1/EoyBK3EPkTHtVAdAR6uKkSh3FsKMzsC2YDxK7wSi6LWorY6M5dR6BnxU9lo80dAyI3JyWb8/FySZFGWXvJq0U70s1oC6nNuu1GNJBjGPHKAC2FhPmuw/CZ8OEpVDNdugW+2bq+y1COk3XSgY1Vgi3gh/WxPSARs3sF8O7t2qxspugEdsKlrw6KSAMDt/pzGVWAjxKwfu0ScKaS2Lk5Y8FC4vf1z62hMJdsC7zyJGmwrHobX+PpaIGGNoY+1qdeQ+5IvMoegjY4USOA5sMK0uDD0uXbB8GgJBod+cJFaSmZNR0HEc444wy/oRE9qhkItStTWkyd4Bs0HNh7H2VaLDbnM6BkmzRcp3lCUD1yzXXeY7JcAUonxkuJjOLxwOj5kg48kny06aIead8wHy3iBoq1Pkh2js17o4oXw1T8VKJxVZw6EGfB4LEmglhY73iqEzrjYnS9rKFtnY9RxYjlhiJlIxR9EWLMU/jG/qIGBhFS/paTwvT4D2MH1mVTDIb6lTKqgwWrfFleFv1Zv8IraVpvTKQZCCSuMM3v2RzIfmIQZeF2u/IZuGBlJVHqzFu7xOr45gTZzK62RRu2Y5DTEe7oFtStxUccrHorDT5WL9hRfGF3Su+rLJbKIPayWgJcj4wzp4pBAesiMdTmL65YZpYIXJab0cFBvbtblMSFGC+mY7Il+Zjvk6DNyl+xn54IWR5Oau4dcyyfHs0Y6L8qSyV1QYmOEwyDNjRxrm1LxkAMhM4OragY4Hidn64TzYiOUTQnBsWMwIik42zhWPciTLC5SnMfecYWqyuxSSDHXXWz8YOsikSvFmXYdECKc6ehUB5gSyH89XJZUoXCAg1xzaY5Xyh2YPuqY3en1ukaM6CUN/twB25yNYwdDjVqQ0dZLYiQ/Ka1UfLxc1yPHFt52kLL+AihWVD3BHidBOoRKJUT3kY2MPpYTk7XfyOOvxxN0wNwvgb4D3sT2M9Cg1ueW5FxBg7+47L2pjp1xdPwGjReN3WmIGzjKRF4M/Z1W8MKw9R35HpdnTFIh/HUU/YPL20DTpbv9Czob+hLJYMNiVg4huNJukDrAIg6vPlJINrh0WOyBWbZnkhKbOKGV1XXT7rT25FmVhLqIhFyIDKZ+0WF4RoLIt1CNGg34kHYZno7pSXTXqXOpmqzw9XOgq4vsNxcqUCttxSqFOfPVO5g8WVgdeh58VZxPU/Ge7VyGzRGaUnZN1p+0yAfbMgx3PxICuNY3pKVByyowi2pIpE4iGc7g8inw8ipqoU6O+s0ZTsCZFrGuOesUt8OUI/4YsVT75Y4xuvktFSLbrkfO5cMipL0Owa1hhrpY7CFotUvktoQ5bgkTgJI8FivLBQXmssh+1anb6wOMY6bcgNUWxRVDA1nlrRyNrf3A+oypq5ci+IBANjVDH2vnqBNIMavb5UQ0AQU18h0WzOxfN39HUWO0SeepLTWGn7EfbwS7W1Vea42zjDN9lP2BKAQqoiGc7Ow1YGTUh6RsEFhBkT7riVwDeEquROFUsbeDsO8mKGpCvmm1lI2sCrfvHlI9CstPUQgbAzYxD1/RpWIoskhd9nMsYiSGpO8txHxw3CP4fCABZMKK0HZx2z1LJO7fcEsOCvJKZtIxHnNSHSZ2eXgiDRzGFEAllteuEF25GGoDyv6s0GEUIxMV9y9436OzN61KQs3M/jj8O0ErbRvqHllI7UA+equCQavMT5kzPmXyC4SO6FKCGc1Is7iIAIRTvwht38D1FUcW9EqRdRt5c=&u=U2FsdGVkX1/eOJzfsCJ2P5rS+LlVloGkJfzach2JeaI=&y=U2FsdGVkX1/YAYW2s1fUD31scHyzHa+mYT8lpRHalitNB3eTuhIkDD5sJC4yvGix HTTP/1.1" 200 4337
186.102.7.253 - - [02/Sep/2023:16:58:24 -0500] "GET /kwssiamovil/sm/acme/s?s=U2FsdGVkX1981hrKQlqe0hgA8nrt6p9JZUlnDDfsjT8z+7Thf8jAwEpEqy2TFNuACIJKyrYhV8IEqaHsX48yI3hqMS8QQcdhQQ4Kmao8c6U3LZjY0n0TjPWdWwGIt1pAWEGx4f2DBlbKc8XXYsKnEmYNzzhcyPFliyY+q0/lHxHNvfGS+3QTZP2HI/9Emrtrs7i9AjO7rOP09cKo6XyjYmaAKlbSRywsmH4egZ1/hMuI81/cayU9GygZGDQkbYtg0LP2VpNLo6aPENK1pZHEVTfaYVOLCtgygr3+fTkS5Y5Pcv2uDZhAIRj9qpQLfs3rZvgUzW2FAdQA2XLhB09a6OHUi3So2N4jP239dzsuxgmGAWEEjb4zP5kaq0hyu2Og7qW/C6/YZv9i/sW280PIzCeyybA8OIOUbxk9+2HJIYqj7rEBbbYN0mbBa9GMoH4fyBRbSqKdPRBUIuh4TB9HMRNi3S29Lf0MUZdaLSaU3y+qrPmnzGs7Ea5KB6n1QJoRbb3wQTgjZyFT7PO4ZcaRCgz8CLO2JeYhKw/tM5Y1YbigQYUCdSY0ILStv0Jfq5GoHid1aH7JnROEF2Vek8hxNuPReAx0qbUEVMq624bEJauOD0VbOWsveB7UwZrOTgYqQJuklva98o11IXYduPoqtz0A31HM4X3T5sFnrDkk0yIQGn3scFu2pZOUT3IpG54aaT8ESQvQrOtbbyYXze2rQmlqsfq39nE6Q3e3ZoYJaQvBYh9zsnq1/ONovIniTB5R&u=U2FsdGVkX1/eOJzfsCJ2P5rS+LlVloGkJfzach2JeaI=&y=U2FsdGVkX1/YAYW2s1fUD31scHyzHa+mYT8lpRHalitNB3eTuhIkDD5sJC4yvGix HTTP/1.1" 200 208
186.102.7.253 - - [02/Sep/2023:16:58:25 -0500] "GET /kwssiamovil/sm/cjson/pre?f=1&x=U2FsdGVkX19pxvhQXHTVnU/jV+jP2w35MaDT0sMmz/UzKlnqiXbFPyzAN7x1ttlv HTTP/1.1" 200 31032
66.249.70.5 - - [02/Sep/2023:16:58:50 -0500] "GET /BLA/resoluciones/RESOLUCIONES%202008/3152.pdf HTTP/1.1" 200 1132215
172.22.2.4 - - [02/Sep/2023:16:57:17 -0500] "HEAD /BLA/boletinlegal/ HTTP/1.1" 200 -
69.63.184.10 - - [02/Sep/2023:16:59:34 -0500] "GET /distrito-declara-alerta-fase-i-en-suroccidente-de-bogota-por-altas-concentraciones-de-material-particulado.html HTTP/1.1" 200 883
173.252.95.118 - - [02/Sep/2023:16:59:43 -0500] "GET /images/acuerdos-conservacion-08-23.jpg HTTP/1.1" 200 55051
172.22.2.4 - - [02/Sep/2023:16:58:07 -0500] "GET /BLA/boletinlegal/ HTTP/1.1" 200 58597
216.245.221.92 - - [02/Sep/2023:16:59:48 -0500] "HEAD / HTTP/1.1" 200 -
201.245.192.253 - - [02/Sep/2023:17:01:23 -0500] "POST /kwsrmcab/Wsrmcab  HTTP/1.1" 200 43358
172.22.2.4 - - [02/Sep/2023:17:03:07 -0500] "HEAD /BLA/boletinlegal/ HTTP/1.1" 200 -
216.245.221.92 - - [02/Sep/2023:17:04:48 -0500] "HEAD / HTTP/1.1" 200 -
216.244.66.195 - - [02/Sep/2023:17:05:00 -0500] "GET /BLA/resoluciones/AUTOS%202016/2177.pdf HTTP/1.1" 200 517225
172.22.2.4 - - [02/Sep/2023:17:03:58 -0500] "GET /BLA/boletinlegal/ HTTP/1.1" 200 58187
201.245.192.253 - - [02/Sep/2023:17:06:22 -0500] "POST /kwsrmcab/Wsrmcab  HTTP/1.1" 200 43358
40.77.167.208 - - [02/Sep/2023:17:06:54 -0500] "GET /BLA/resoluciones/AUTOS%202023/2658.pdf HTTP/1.1" 200 790496
20.120.134.37 - - [02/Sep/2023:17:07:56 -0500] "GET /Publicaciones/2023EE137045.pdf HTTP/1.1" 404 228
52.167.144.208 - - [02/Sep/2023:17:07:58 -0500] "GET /BLA/resoluciones/RESOLUCIONES%202023/0476.pdf HTTP/1.1" 200 430274
66.249.66.86 - - [02/Sep/2023:17:09:38 -0500] "GET /portaldeninos/2021/07/01/en-fotos-conoce-algunos-de-los-lugares-mas-biodiversos-de-bogota/ HTTP/1.1" 200 100987
52.167.144.195 - - [02/Sep/2023:17:09:42 -0500] "GET /BLA/resoluciones/RESOLUCIONES%202019/3232.pdf HTTP/1.1" 200 379253
216.245.221.92 - - [02/Sep/2023:17:09:48 -0500] "HEAD / HTTP/1.1" 200 -
172.22.2.4 - - [02/Sep/2023:17:08:57 -0500] "HEAD /BLA/boletinlegal/ HTTP/1.1" 200 -
201.245.192.253 - - [02/Sep/2023:17:11:21 -0500] "POST /kwsrmcab/Wsrmcab  HTTP/1.1" 200 43358
172.22.2.4 - - [02/Sep/2023:17:09:47 -0500] "GET /BLA/boletinlegal/ HTTP/1.1" 200 58187
216.244.66.195 - - [02/Sep/2023:17:11:40 -0500] "GET /BLA/resoluciones/AUTOS%202016/0100.pdf HTTP/1.1" 200 688058
52.167.144.21 - - [02/Sep/2023:17:12:03 -0500] "GET /BLA/resoluciones/AUTOS%202023/0726.pdf HTTP/1.1" 200 1124535
216.244.66.195 - - [02/Sep/2023:17:12:30 -0500] "GET /BLA/resoluciones/AUTOS%202016/0177.pdf HTTP/1.1" 200 439223
216.244.66.195 - - [02/Sep/2023:17:13:17 -0500] "GET /BLA/resoluciones/AUTOS%202016/0201.pdf HTTP/1.1" 200 312857
216.244.66.195 - - [02/Sep/2023:17:13:50 -0500] "GET /BLA/resoluciones/AUTOS%202016/0260.pdf HTTP/1.1" 200 566350
186.28.158.45 - - [02/Sep/2023:17:14:06 -0500] "GET /BLA/resoluciones/index.php?dir= HTTP/1.1" 200 13502
186.28.158.45 - - [02/Sep/2023:17:14:15 -0500] "GET /BLA/resoluciones/index.php?dir=RESOLUCIONES+2019%2F HTTP/1.1" 200 257501
216.244.66.195 - - [02/Sep/2023:17:14:31 -0500] "GET /BLA/resoluciones/AUTOS%202016/0603.pdf HTTP/1.1" 200 441608
216.245.221.92 - - [02/Sep/2023:17:14:48 -0500] "HEAD / HTTP/1.1" 200 -
216.244.66.195 - - [02/Sep/2023:17:15:15 -0500] "GET /BLA/resoluciones/AUTOS%202016/0720.pdf HTTP/1.1" 200 439567
216.244.66.195 - - [02/Sep/2023:17:15:55 -0500] "GET /BLA/resoluciones/AUTOS%202016/0779.pdf HTTP/1.1" 200 472700
201.245.192.253 - - [02/Sep/2023:17:16:21 -0500] "POST /kwsrmcab/Wsrmcab  HTTP/1.1" 200 43358
172.22.2.4 - - [02/Sep/2023:17:14:47 -0500] "HEAD /BLA/boletinlegal/ HTTP/1.1" 200 -
216.244.66.195 - - [02/Sep/2023:17:16:37 -0500] "GET /BLA/resoluciones/AUTOS%202016/0897.pdf HTTP/1.1" 200 680012
172.22.2.4 - - [02/Sep/2023:17:15:37 -0500] "GET /BLA/boletinlegal/ HTTP/1.1" 200 56970
216.244.66.195 - - [02/Sep/2023:17:17:25 -0500] "GET /BLA/resoluciones/AUTOS%202016/0941.pdf HTTP/1.1" 200 528013
216.244.66.195 - - [02/Sep/2023:17:18:03 -0500] "GET /BLA/resoluciones/AUTOS%202016/1035.pdf HTTP/1.1" 200 440014
52.167.144.215 - - [02/Sep/2023:17:18:07 -0500] "GET /portaldeninos/2018/06/06/hola-mundo-3-2/ HTTP/1.1" 200 95536
201.245.192.253 - - [02/Sep/2023:17:18:17 -0500] "POST /kwsrmcab/Wsrmcab HTTP/1.1" 200 43504
201.245.192.253 - - [02/Sep/2023:17:18:20 -0500] "POST /kwsrmcab/Wsrmcab HTTP/1.1" 200 42700
216.244.66.195 - - [02/Sep/2023:17:18:41 -0500] "GET /BLA/resoluciones/AUTOS%202016/1402.pdf HTTP/1.1" 200 634041
186.102.101.165 - - [02/Sep/2023:17:18:56 -0500] "GET /kwssiamovil/sm/acme/a?s=U2FsdGVkX18CVL5jh4mT3mUU/SFddrLWJdkYcass0uSwphXJLslLds6AilSMSkocnQwPkrePpunQg3UEFygW2syuvjKXObFyhMpPzYiEc8lWcL0jyvjdzIBg6fSZMTbwpCp3FLbY6p1O6JOTuq+sddStPmhHPdxZiDXYNAVvg4kqFfgEZKuBlUDxz/9PKI2ZdcIRuSegDScRm5/uLTutjMMmG/Qpf79EdaWQ8GhllmO2PRTAzgtgX3wWrEFfV6xlLmoXXw8EaZBXPLHp33ea9g==&u=U2FsdGVkX19FvkDYKqLUof51gQ0EoRhw9kdSE0xU5KCyIKwHHbX18DdubFOmrP2O&y=U2FsdGVkX1/1BDfFJa6Qli999N1CAr+OZeKYN68V61SOMhRq0KjpbdftbPbB5Wws HTTP/1.1" 200 26
186.102.101.165 - - [02/Sep/2023:17:18:56 -0500] "GET /kwssiamovil/sm/acme/a?s=U2FsdGVkX1+PWlSN5LrfHjeHA+Dv+CNPgsJNJw/RhQl969eKxdqUTgS9dnvJb7Agoazls8y//GU4oDRuGUa0VE2mF0wW99TfeKVaO8sKG6nc3o06ej98orTPdMGzA5zk2puRWNGs3CwCOBItna/QZO5+8/PKJFHrASWYLmA2Omyf7uWeeviClydlyoSCoWQB5EwGPiUBMi2IXywloeFcy8Z8dVs7mTAhYgpTa8iWIgjsu3/xUAwWhyzwZwM+16B7iyx8YAogBUjcfyQa75oPgBhPAJrbUkGeLlNTcLMMKC8RLhQEy6gqzOcAmA+Sj9pLX388Mkl6AkS/1Sf1PVff698Fr473fDo/vWSuuJX5qF+0/3nmHvGmxRFnzqrHjPZXTay6EKQYfQ9LU9E5AzyDobBD8LdZNVqHFPBWm+KC6giwnY0wDN+ZakzPrJNM5hUoSZ7BBWP+POaf/xTMZpWAWG4p/1fwIwY0MW90tg984PZ9zUZpd/lKw3SZJDYbONjkRDCcYWlup9FU2aaHAikf0vsQW+WpAurQi/5Wo8e5bLPV88QZJLlD2caISiFNLkZJKqttGPYx8I+9ltPK64Ag6W8NgRuUa2iXfCbbYnbTRWkF9frzHms2R3rE0TEjtuaUCTDT62eawRnFpT3fDGz007vRXWx1IwQNmYneigWoM8ChqZsZL/lUbggIlMjyGrCb36r7xBoVncIThaiVx+MXrE8d+1r137D1XJwQiurxeVXapjFRMf8LfnigyEJt6+Z2A3+1IftNo2HnO2yGzsZD7K/ENnrh4qobGAtVwjfic7LedyhrZAWJesYBI9DU5OCrFejZd/xI9voKq/unXU1/NCnXxGAOKoCT7dz+sRrMSCmPAYcrt2Q0V8zpph8aH+zfjl/5QxTw0Zh8pWzfWuoKvjN/kK/3BdJDdA4qQH6aHqRVqA8xS/4oDQRyyTw2PTJSi/KWvu6Fc1quUnX2pzmtKSqrbB0oAzTL3/eRWPpvrcfzTZswjakTH0c2yKLohSEyiDzfZ4iAj//X4s+ET5tkLQMaDbFrDiJbR4U1daOASafzTs8PWn/7Vv7xQ5z39YKvrBSRefolGSUlxO5s2BAeH//PgFFoj6rX+KcmAX3bf/39Rs0cPfbLMdtJg0qEB0czrtl12qPQAN5wQWJDm61iMlex3A8DFF7bCTPJikIz2UihP7Fu6WOXSwkb2sKnr8kvqp5ifqawA/DFp0pBp3IL8mhde4YXmO0FHlDzQ5KmYxc9qYB/fjxAIERFnTbVvRixIDluxcONYH0eKPzHZJSlTZDKhopBGhvcVQ3rC1EjRF0FRaloQksJUimb2dRLkV+gC7dBtrswSDOBx3SDLhk+VipJl7qVOh1hsIgrrYZyedNArKv50FHKY+ugAeZTQoaU3gPpZt7/hUtGtBgOAJ4+zi4BarSTtTFCDVbg7gaIFe0WuYztRQczMuEJrFeDHSuJHTWi+jSNtG0r9+Mh1VsvHG4ZQvjm/bK63gbNdz4J2nV3IlCFu+c50GcXsvloQzBBxAl26zlvMaA728qDbEU4a+NoUNKMr4gSoa+8zOv5tTfkrnNhFFiqIIWbtQZHwk27Ux+Zh2sL8mOcQphjw9vXbMR6FBBkM/r62BUzjtdL2YukqSNwEOCoyff78gAotLScTEv5Vb9NDI1SAcDKLTTcl26HH9/XfZdSgenqWXj+DGknuyY+EzXe7daNO3xIjKlT2qTH1DSSvvIT5WHho61891nTwvDjROyoEZ2/JXdNOVwa7M3Ot/SvXPD2ySh2qu8CjDsSqyQmdOo3p45jYDQtp0AmZZrd2HcEXmvPpjUv6E1ZRVXG5iNgUiJ6ya3VTby0vwf2MIErgctnDNg0kAD4APqt5xzq2uEKLTxAOJZlk+pPx6rf9tVlKtPX/9JkEh1rYgVS+R1/08KY0JOOPXj84MN/LA8Lo5z4Tah8tEeseQbzNI4jxehrfglg59QyfOPQ&u=U2FsdGVkX19FvkDYKqLUof51gQ0EoRhw9kdSE0xU5KCyIKwHHbX18DdubFOmrP2O&y=U2FsdGVkX1/1BDfFJa6Qli999N1CAr+OZeKYN68V61SOMhRq0KjpbdftbPbB5Wws HTTP/1.1" 200 26
186.102.101.165 - - [02/Sep/2023:17:18:56 -0500] "GET /kwssiamovil/sm/acme/a?s=U2FsdGVkX18c4+sM8eFOoGuv98ZDx64m533HvFxfQy8m6z3klm/pafn4UjRuUzLSwWe+4ctbvsNDonT3zOiidfw6mk/FmeFq088D60N9AdTo+aT5xWlQnJuAe5IDH9ywerKf10cvZelhPMW1CWQ9V6dxUP+7IAv0GduIRjatPxY=&u=U2FsdGVkX19FvkDYKqLUof51gQ0EoRhw9kdSE0xU5KCyIKwHHbX18DdubFOmrP2O&y=U2FsdGVkX1/1BDfFJa6Qli999N1CAr+OZeKYN68V61SOMhRq0KjpbdftbPbB5Wws HTTP/1.1" 200 26
186.102.101.165 - - [02/Sep/2023:17:18:56 -0500] "GET /kwssiamovil/sm/acme/a?s=U2FsdGVkX18RlL0HdRRTrT+ph4u54JOWHXdMgLvSKoOH+zt+j1D+v21XQbEBSvSvI22JXzl70gNRMTYBhX7dSHSGPh5olmJWSpWjSG6uaSINwGSGZQ9jtDuc1wDm686pS7yuC6aydpPeuRWxYqHOcJxiXhGwq1+qKHmdfl2DkTA=&u=U2FsdGVkX19FvkDYKqLUof51gQ0EoRhw9kdSE0xU5KCyIKwHHbX18DdubFOmrP2O&y=U2FsdGVkX1/1BDfFJa6Qli999N1CAr+OZeKYN68V61SOMhRq0KjpbdftbPbB5Wws HTTP/1.1" 200 26
186.102.101.165 - - [02/Sep/2023:17:18:57 -0500] "GET /kwssiamovil/sm/acme/a?s=U2FsdGVkX18GrZ/CdAnGrx1WvwxyirWfv7N1JIiMRwXmLmB54rcFL51PTCpSTWGayOHyoMu/VqNvjMAW4BBHszlZSFh4P2BY4fNAGWkiPaMSrtmvmgh6MRw7Gc8OkmHMUKEBCi8roTsOmLH61pfmHYyI3FEvPsU2fUVX6yHh9pk=&u=U2FsdGVkX19FvkDYKqLUof51gQ0EoRhw9kdSE0xU5KCyIKwHHbX18DdubFOmrP2O&y=U2FsdGVkX1/1BDfFJa6Qli999N1CAr+OZeKYN68V61SOMhRq0KjpbdftbPbB5Wws HTTP/1.1" 200 26
186.102.101.165 - - [02/Sep/2023:17:18:57 -0500] "GET /kwssiamovil/sm/acme/a?s=U2FsdGVkX18+UQGGGxb60I8gip3UCInP+kUn4NokjAWNfmkDGicDFd73yNhR+PiUri+m+zE28tYd+l9SLBvmZNouS/oBHOGadyUbvqs1D+DFa8nuC6Pyawt5bjRKeac9mWezqu9nhXSJ5VQMcYsGW6sTIaLSfDXboliyFci8Bsg7CZLImTdgTihZBY7DIMhpymcc/VorSORWt2HJnIHufQ==&u=U2FsdGVkX19FvkDYKqLUof51gQ0EoRhw9kdSE0xU5KCyIKwHHbX18DdubFOmrP2O&y=U2FsdGVkX1/1BDfFJa6Qli999N1CAr+OZeKYN68V61SOMhRq0KjpbdftbPbB5Wws HTTP/1.1" 200 26
216.244.66.195 - - [02/Sep/2023:17:19:12 -0500] "GET /BLA/resoluciones/AUTOS%202016/1624.pdf HTTP/1.1" 200 715235
216.244.66.195 - - [02/Sep/2023:17:19:42 -0500] "GET /BLA/resoluciones/AUTOS%202016/1707.pdf HTTP/1.1" 200 469680
216.245.221.92 - - [02/Sep/2023:17:19:48 -0500] "HEAD / HTTP/1.1" 200 -
172.22.2.4 - - [02/Sep/2023:17:18:21 -0500] "GET /BLA/boletinlegal/index.php HTTP/1.1" 200 62795
216.244.66.195 - - [02/Sep/2023:17:20:14 -0500] "GET /BLA/resoluciones/AUTOS%202016/2005.pdf HTTP/1.1" 200 299962
216.244.66.195 - - [02/Sep/2023:17:20:41 -0500] "GET /BLA/resoluciones/AUTOS%202016/2009.pdf HTTP/1.1" 200 557664
172.22.2.4 - - [02/Sep/2023:17:20:56 -0500] "GET /BLA/boletinlegal/robots.txt HTTP/1.1" 404 1037
216.244.66.195 - - [02/Sep/2023:17:21:08 -0500] "GET /BLA/resoluciones/AUTOS%202016/2085.pdf HTTP/1.1" 200 1294379
201.245.192.253 - - [02/Sep/2023:17:21:20 -0500] "POST /kwsrmcab/Wsrmcab  HTTP/1.1" 200 43358
172.22.2.4 - - [02/Sep/2023:17:21:28 -0500] "GET /BLA/boletinlegal/Directivas/2017/Directiva%20No.%2001%20del%2027%20de%20Junio%20de%202018.pdf HTTP/1.1" 304 -
216.244.66.195 - - [02/Sep/2023:17:21:48 -0500] "GET /BLA/resoluciones/AUTOS%202016/3122.pdf HTTP/1.1" 200 527765
66.249.70.7 - - [02/Sep/2023:17:22:04 -0500] "GET /BLA/resoluciones/RESOLUCIONES%202019/0427.pdf HTTP/1.1" 200 265237
172.22.2.4 - - [02/Sep/2023:17:20:37 -0500] "HEAD /BLA/boletinlegal/ HTTP/1.1" 200 -
216.244.66.195 - - [02/Sep/2023:17:22:19 -0500] "GET /BLA/resoluciones/AUTOS%202016/3199.pdf HTTP/1.1" 200 358869
40.77.167.63 - - [02/Sep/2023:17:22:34 -0500] "GET /BLA/resoluciones/AUTOS%202023/2530.pdf HTTP/1.1" 200 1337643
216.244.66.195 - - [02/Sep/2023:17:22:52 -0500] "GET /BLA/resoluciones/AUTOS%202009/3100.pdf HTTP/1.1" 200 146627
172.22.2.4 - - [02/Sep/2023:17:21:28 -0500] "GET /BLA/boletinlegal/ HTTP/1.1" 200 58597
216.244.66.195 - - [02/Sep/2023:17:23:22 -0500] "GET /BLA/resoluciones/AUTOS%202007/1174.pdf HTTP/1.1" 200 96226
66.249.70.7 - - [02/Sep/2023:17:23:31 -0500] "GET /BLA/resoluciones/Notificaciones/AUTOS%202023/1475.pdf HTTP/1.1" 200 390592
216.244.66.195 - - [02/Sep/2023:17:23:49 -0500] "GET /BLA/resoluciones/AUTOS%202007/1919.pdf HTTP/1.1" 200 90400
216.244.66.195 - - [02/Sep/2023:17:24:15 -0500] "GET /BLA/resoluciones/AUTOS%202007/1998.pdf HTTP/1.1" 200 33224
216.244.66.195 - - [02/Sep/2023:17:24:40 -0500] "GET /BLA/resoluciones/AUTOS%202010/0123.pdf HTTP/1.1" 200 271876
216.245.221.92 - - [02/Sep/2023:17:24:48 -0500] "HEAD / HTTP/1.1" 200 -
216.244.66.195 - - [02/Sep/2023:17:25:04 -0500] "GET /BLA/resoluciones/AUTOS%202010/0381.pdf HTTP/1.1" 200 187055
186.28.158.45 - - [02/Sep/2023:17:25:14 -0500] "GET /BLA/resoluciones/index.php?dir=RESOLUCIONES+2015%2F HTTP/1.1" 200 130562
216.244.66.195 - - [02/Sep/2023:17:25:27 -0500] "GET /BLA/resoluciones/AUTOS%202010/0616.pdf HTTP/1.1" 200 162644
216.244.66.195 - - [02/Sep/2023:17:25:50 -0500] "GET /BLA/resoluciones/AUTOS%202010/0702.pdf HTTP/1.1" 200 179547
186.28.158.45 - - [02/Sep/2023:17:25:58 -0500] "GET /BLA/resoluciones/index.php?dir=RESOLUCIONES+2016%2F HTTP/1.1" 200 172156
216.244.66.195 - - [02/Sep/2023:17:26:14 -0500] "GET /BLA/resoluciones/AUTOS%202010/0779.pdf HTTP/1.1" 200 192731
201.245.192.253 - - [02/Sep/2023:17:26:19 -0500] "POST /kwsrmcab/Wsrmcab  HTTP/1.1" 200 43358
216.244.66.195 - - [02/Sep/2023:17:26:39 -0500] "GET /BLA/resoluciones/AUTOS%202010/1434.pdf HTTP/1.1" 200 239091
216.244.66.195 - - [02/Sep/2023:17:26:59 -0500] "GET /BLA/resoluciones/AUTOS%202010/1723.pdf HTTP/1.1" 200 819092
216.244.66.195 - - [02/Sep/2023:17:27:38 -0500] "GET /BLA/resoluciones/AUTOS%202010/2520.pdf HTTP/1.1" 200 151997
172.22.2.4 - - [02/Sep/2023:17:26:27 -0500] "HEAD /BLA/boletinlegal/ HTTP/1.1" 200 -
216.244.66.195 - - [02/Sep/2023:17:28:08 -0500] "GET /BLA/resoluciones/AUTOS%202010/3782.pdf HTTP/1.1" 200 258671
201.245.192.253 - - [02/Sep/2023:17:28:17 -0500] "POST /kwsrmcab/Wsrmcab HTTP/1.1" 200 43504
201.245.192.253 - - [02/Sep/2023:17:28:21 -0500] "POST /kwsrmcab/Wsrmcab HTTP/1.1" 200 42700
216.244.66.195 - - [02/Sep/2023:17:28:40 -0500] "GET /BLA/resoluciones/AUTOS%202010/4957.pdf HTTP/1.1" 200 243500
66.249.70.7 - - [02/Sep/2023:17:28:45 -0500] "GET /resoluciones/RESOLUCIONES%202010/1690.pdf HTTP/1.1" 404 1018
172.22.2.4 - - [02/Sep/2023:17:27:17 -0500] "GET /BLA/boletinlegal/ HTTP/1.1" 200 58597
216.244.66.195 - - [02/Sep/2023:17:29:08 -0500] "GET /BLA/resoluciones/AUTOS%202010/5209.pdf HTTP/1.1" 200 157235
172.22.2.4 - - [02/Sep/2023:17:29:16 -0500] "GET /BLA/boletinlegal/style.css HTTP/1.1" 200 9406
172.22.2.4 - - [02/Sep/2023:17:29:16 -0500] "GET /BLA/boletinlegal/styles2.css HTTP/1.1" 200 1838
172.22.2.4 - - [02/Sep/2023:17:29:16 -0500] "GET /BLA/boletinlegal/js/jquery.js HTTP/1.1" 200 57254
172.22.2.4 - - [02/Sep/2023:17:29:16 -0500] "GET /BLA/boletinlegal/js/jquery.scrollTo-min.js HTTP/1.1" 200 1150
172.22.2.4 - - [02/Sep/2023:17:29:16 -0500] "GET /BLA/boletinlegal/js/jquery.scrollShow.js HTTP/1.1" 200 4586
172.22.2.4 - - [02/Sep/2023:17:29:16 -0500] "GET /BLA/boletinlegal/images/cabezote%20BLEGAL.jpg HTTP/1.1" 200 118164
172.22.2.4 - - [02/Sep/2023:17:29:16 -0500] "GET /BLA/boletinlegal/images/screen_1.png HTTP/1.1" 200 202547
172.22.2.4 - - [02/Sep/2023:17:29:16 -0500] "GET /BLA/boletinlegal/images/registro-usuarios.png HTTP/1.1" 200 8106
172.22.2.4 - - [02/Sep/2023:17:29:16 -0500] "GET /BLA/boletinlegal/images/subscribe-icon-big.png HTTP/1.1" 200 47702
172.22.2.4 - - [02/Sep/2023:17:29:16 -0500] "GET /BLA/boletinlegal/images/historia.png HTTP/1.1" 200 52775
172.22.2.4 - - [02/Sep/2023:17:29:16 -0500] "GET /BLA/boletinlegal/images/arr_l.jpg HTTP/1.1" 200 1979
172.22.2.4 - - [02/Sep/2023:17:29:16 -0500] "GET /BLA/boletinlegal/images/launch.jpg HTTP/1.1" 200 14577
172.22.2.4 - - [02/Sep/2023:17:29:16 -0500] "GET /BLA/boletinlegal/images/body_bg.jpg HTTP/1.1" 200 1601
172.22.2.4 - - [02/Sep/2023:17:29:16 -0500] "GET /BLA/boletinlegal/images/menu_rght.gif HTTP/1.1" 200 1627
172.22.2.4 - - [02/Sep/2023:17:29:16 -0500] "GET /BLA/boletinlegal/images/bg_top.jpg HTTP/1.1" 200 522
172.22.2.4 - - [02/Sep/2023:17:29:16 -0500] "GET /BLA/boletinlegal/images/text.jpg HTTP/1.1" 200 568
172.22.2.4 - - [02/Sep/2023:17:29:16 -0500] "GET /BLA/boletinlegal/images/hover.jpg HTTP/1.1" 200 640
172.22.2.4 - - [02/Sep/2023:17:29:16 -0500] "GET /BLA/boletinlegal/images/menu_bg.jpg HTTP/1.1" 200 620
172.22.2.4 - - [02/Sep/2023:17:29:16 -0500] "GET /BLA/boletinlegal/images/menu_lft.gif HTTP/1.1" 200 1713
186.102.101.165 - - [02/Sep/2023:17:29:21 -0500] "GET /kwssiamovil/sm/acme/u?s=U2FsdGVkX1/0EqqY4xVQN6UTogG3kYJU2QbhG7bTeuqLAqDA4PgJ+5O3I95VIhMSk+X9Tu/+WMlZyQ0klwZztTF9SI4q06a8mMFBNLJCLshsvMomNyZCEYluEry2HGsY1XasmM37DBbyTLdgkHTSO9ospMpmS1iN16s+RMgm8nU=&u=U2FsdGVkX19FvkDYKqLUof51gQ0EoRhw9kdSE0xU5KCyIKwHHbX18DdubFOmrP2O&y=U2FsdGVkX1/1BDfFJa6Qli999N1CAr+OZeKYN68V61SOMhRq0KjpbdftbPbB5Wws HTTP/1.1" 200 60
172.22.2.4 - - [02/Sep/2023:17:29:23 -0500] "GET /BLA/boletinlegal/images/screen_2.png HTTP/1.1" 200 362502
172.22.2.4 - - [02/Sep/2023:17:29:23 -0500] "GET /BLA/boletinlegal/images/screen_3.png HTTP/1.1" 200 210620
172.22.2.4 - - [02/Sep/2023:17:29:23 -0500] "GET /BLA/boletinlegal/images/screen_5.png HTTP/1.1" 200 368876
172.22.2.4 - - [02/Sep/2023:17:29:23 -0500] "GET /BLA/boletinlegal/images/arr_r.jpg HTTP/1.1" 200 1998
172.22.2.4 - - [02/Sep/2023:17:29:23 -0500] "GET /BLA/boletinlegal/images/footer_bg.jpg HTTP/1.1" 200 586
172.22.2.4 - - [02/Sep/2023:17:29:31 -0500] "GET /BLA/boletinlegal/images/pdf.gif HTTP/1.1" 200 567
216.244.66.195 - - [02/Sep/2023:17:29:35 -0500] "GET /BLA/resoluciones/AUTOS%202010/5252.pdf HTTP/1.1" 200 164813
216.245.221.92 - - [02/Sep/2023:17:29:48 -0500] "HEAD / HTTP/1.1" 200 -
216.244.66.195 - - [02/Sep/2023:17:30:01 -0500] "GET /BLA/resoluciones/AUTOS%202010/5280.pdf HTTP/1.1" 200 183809
40.77.167.63 - - [02/Sep/2023:17:30:11 -0500] "GET /BLA/resoluciones/AUTOS%202023/3431.pdf HTTP/1.1" 200 408291
172.22.2.4 - - [02/Sep/2023:17:29:16 -0500] "GET /BLA/boletinlegal/ HTTP/1.1" 200 62795
172.22.2.4 - - [02/Sep/2023:17:30:56 -0500] "GET /BLA/boletinlegal/favicon.ico HTTP/1.1" 404 1308
66.249.70.5 - - [02/Sep/2023:17:31:14 -0500] "GET /resoluciones/RESOLUCIONES%202009/0584.pdf HTTP/1.1" 404 1018
201.245.192.253 - - [02/Sep/2023:17:31:18 -0500] "POST /kwsrmcab/Wsrmcab  HTTP/1.1" 200 43358
66.249.70.6 - - [02/Sep/2023:17:32:17 -0500] "GET /BLA/resoluciones/RESOLUCIONES%202007/RES%202007%202101%20AL%202200/RESOLUCION%202148%20DE%202007.pdf HTTP/1.1" 200 181076
66.249.70.7 - - [02/Sep/2023:17:33:30 -0500] "GET /BLA/resoluciones/RESOLUCIONES%202011/3340.pdf HTTP/1.1" 200 613208
66.249.70.5 - - [02/Sep/2023:17:33:52 -0500] "GET /BLA/resoluciones/RESOLUCIONES%202010/5185.pdf HTTP/1.1" 200 849599
172.22.2.4 - - [02/Sep/2023:17:32:17 -0500] "HEAD /BLA/boletinlegal/ HTTP/1.1" 200 -
66.249.70.5 - - [02/Sep/2023:17:34:01 -0500] "GET /BLA/resoluciones/Notificaciones/AUTOS%202023/2834.pdf HTTP/1.1" 200 467634
172.22.2.4 - - [02/Sep/2023:17:32:50 -0500] "GET /BLA/boletinlegal/ HTTP/1.1" 200 48660
66.249.66.193 - - [02/Sep/2023:17:34:40 -0500] "GET /1-7-millones-de-personas-participaron-activamente-en-el-simulacro-distrital-de-evacuacion.html HTTP/1.1" 304 -
172.22.2.4 - - [02/Sep/2023:17:33:07 -0500] "GET /BLA/boletinlegal/ HTTP/1.1" 200 50177
216.245.221.92 - - [02/Sep/2023:17:34:48 -0500] "HEAD / HTTP/1.1" 200 -
66.249.70.5 - - [02/Sep/2023:17:35:02 -0500] "GET /BLA/resoluciones/AUTOS%202008/1313.pdf HTTP/1.1" 200 315430
66.249.70.6 - - [02/Sep/2023:17:35:22 -0500] "GET /resoluciones/RESOLUCIONES%202009/9360.pdf HTTP/1.1" 404 1018
66.249.70.5 - - [02/Sep/2023:17:35:27 -0500] "GET /portel_dama/libreria/php/2006/restauracion/22_proye/xtras_in/3a.pdf HTTP/1.1" 404 1018
157.55.39.212 - - [02/Sep/2023:17:36:00 -0500] "GET /BLA/resoluciones/AUTOS%202023/0866.pdf HTTP/1.1" 200 838629
201.245.192.253 - - [02/Sep/2023:17:36:17 -0500] "POST /kwsrmcab/Wsrmcab  HTTP/1.1" 200 43358
172.22.2.4 - - [02/Sep/2023:17:36:45 -0500] "GET /BLA/boletinlegal/Circulares/2019/.pdf HTTP/1.1" 404 1218
52.167.144.196 - - [02/Sep/2023:17:38:16 -0500] "GET /BLA/resoluciones/AUTOS%202023/2849.pdf HTTP/1.1" 200 624298
201.245.192.253 - - [02/Sep/2023:17:38:17 -0500] "POST /kwsrmcab/Wsrmcab HTTP/1.1" 200 43504
201.245.192.253 - - [02/Sep/2023:17:38:20 -0500] "POST /kwsrmcab/Wsrmcab HTTP/1.1" 200 42700
66.249.70.5 - - [02/Sep/2023:17:38:55 -0500] "GET /BLA/resoluciones/AUTOS%202008/2080.pdf HTTP/1.1" 200 98515
66.249.70.6 - - [02/Sep/2023:17:38:59 -0500] "GET /bla/resoluciones/RESOLUCIONES%202011/1371.pdf HTTP/1.1" 200 519061
173.252.95.119 - - [02/Sep/2023:17:39:27 -0500] "GET /chulo-o-gallinazo-un-carronero-que-cumple-un-papel-fundamental-en-los-ecosistemas.html HTTP/1.1" 200 784
172.22.2.4 - - [02/Sep/2023:17:38:07 -0500] "HEAD /BLA/boletinlegal/ HTTP/1.1" 200 -
216.245.221.92 - - [02/Sep/2023:17:39:48 -0500] "HEAD / HTTP/1.1" 200 -
172.22.2.4 - - [02/Sep/2023:17:38:57 -0500] "GET /BLA/boletinlegal/ HTTP/1.1" 200 58597
66.249.70.7 - - [02/Sep/2023:17:40:38 -0500] "GET /BLA/resoluciones/RESOLUCIONES%202012/0725.pdf HTTP/1.1" 200 376644
201.245.192.253 - - [02/Sep/2023:17:41:16 -0500] "POST /kwsrmcab/Wsrmcab  HTTP/1.1" 200 43358
66.249.70.6 - - [02/Sep/2023:17:41:24 -0500] "GET /BLA/resoluciones/AUTOS%202009/2776.pdf HTTP/1.1" 200 137234
66.249.70.5 - - [02/Sep/2023:17:43:02 -0500] "GET /BLA/resoluciones/AUTOS%202009/2587.pdf HTTP/1.1" 200 86907
173.252.83.120 - - [02/Sep/2023:17:43:25 -0500] "GET /images/reunion-planta-termovalorizacion-11-mayo.jpg HTTP/1.1" 200 34782
172.22.2.4 - - [02/Sep/2023:17:43:58 -0500] "GET /BLA/boletinlegal/conceptos.php HTTP/1.1" 200 7496
172.22.2.4 - - [02/Sep/2023:17:43:58 -0500] "GET /BLA/boletinlegal/styles2.css HTTP/1.1" 200 1838
172.22.2.4 - - [02/Sep/2023:17:43:59 -0500] "GET /BLA/boletinlegal/niceforms-default.css HTTP/1.1" 200 6694
172.22.2.4 - - [02/Sep/2023:17:43:59 -0500] "GET /BLA/boletinlegal/style.css HTTP/1.1" 200 9406
172.22.2.4 - - [02/Sep/2023:17:43:59 -0500] "GET /BLA/boletinlegal/js/ajax_conceptos.js HTTP/1.1" 200 1326
172.22.2.4 - - [02/Sep/2023:17:43:59 -0500] "GET /BLA/boletinlegal/niceforms.js HTTP/1.1" 200 22876
172.22.2.4 - - [02/Sep/2023:17:43:59 -0500] "GET /BLA/boletinlegal/images/cabezote%20BLEGAL.jpg HTTP/1.1" 200 118164
172.22.2.4 - - [02/Sep/2023:17:43:59 -0500] "GET /BLA/boletinlegal/images/subscribe-icon-big.png HTTP/1.1" 200 47702
172.22.2.4 - - [02/Sep/2023:17:43:59 -0500] "GET /BLA/boletinlegal/images/historia.png HTTP/1.1" 200 52775
172.22.2.4 - - [02/Sep/2023:17:43:59 -0500] "GET /BLA/boletinlegal/images/registro-usuarios.png HTTP/1.1" 200 8106
172.22.2.4 - - [02/Sep/2023:17:43:59 -0500] "GET /BLA/boletinlegal/images/tel.png HTTP/1.1" 200 14477
172.22.2.4 - - [02/Sep/2023:17:43:59 -0500] "GET /BLA/boletinlegal/images/icono-email.png HTTP/1.1" 200 5544
172.22.2.4 - - [02/Sep/2023:17:43:59 -0500] "GET /BLA/boletinlegal/images/body_bg.jpg HTTP/1.1" 200 1601
172.22.2.4 - - [02/Sep/2023:17:43:59 -0500] "GET /BLA/boletinlegal/images/menu_lft.gif HTTP/1.1" 200 1713
172.22.2.4 - - [02/Sep/2023:17:43:59 -0500] "GET /BLA/boletinlegal/images/menu_rght.gif HTTP/1.1" 200 1627
172.22.2.4 - - [02/Sep/2023:17:43:59 -0500] "GET /BLA/boletinlegal/images/bg_top.jpg HTTP/1.1" 200 522
172.22.2.4 - - [02/Sep/2023:17:43:59 -0500] "GET /BLA/boletinlegal/images/menu_bg.jpg HTTP/1.1" 200 620
172.22.2.4 - - [02/Sep/2023:17:43:59 -0500] "GET /BLA/boletinlegal/images/text.jpg HTTP/1.1" 200 568
172.22.2.4 - - [02/Sep/2023:17:43:59 -0500] "GET /BLA/boletinlegal/images/hover.jpg HTTP/1.1" 200 640
172.22.2.4 - - [02/Sep/2023:17:43:59 -0500] "GET /BLA/boletinlegal/images/footer_bg_l.jpg HTTP/1.1" 200 776
172.22.2.4 - - [02/Sep/2023:17:43:59 -0500] "GET /BLA/boletinlegal/images/footer_bg.jpg HTTP/1.1" 200 586
172.22.2.4 - - [02/Sep/2023:17:43:59 -0500] "GET /BLA/boletinlegal/img/0.png HTTP/1.1" 200 110
172.22.2.4 - - [02/Sep/2023:17:43:59 -0500] "GET /BLA/boletinlegal/img/button-left.png HTTP/1.1" 200 57071
172.22.2.4 - - [02/Sep/2023:17:43:59 -0500] "GET /BLA/boletinlegal/img/select-right.png HTTP/1.1" 200 44019
172.22.2.4 - - [02/Sep/2023:17:43:59 -0500] "GET /BLA/boletinlegal/img/select-left.png HTTP/1.1" 200 263
172.22.2.4 - - [02/Sep/2023:17:43:59 -0500] "GET /BLA/boletinlegal/img/button.png HTTP/1.1" 200 43241
172.22.2.4 - - [02/Sep/2023:17:43:59 -0500] "GET /BLA/boletinlegal/img/button-right.png HTTP/1.1" 200 57878
40.77.167.49 - - [02/Sep/2023:17:44:46 -0500] "GET /BLA/resoluciones/RESOLUCIONES%202023/0693.pdf HTTP/1.1" 200 360113
216.245.221.92 - - [02/Sep/2023:17:44:48 -0500] "HEAD / HTTP/1.1" 200 -
205.210.31.147 - - [02/Sep/2023:17:45:23 -0500] "GET / HTTP/1.1" 200 4720
172.22.2.4 - - [02/Sep/2023:17:43:57 -0500] "HEAD /BLA/boletinlegal/ HTTP/1.1" 200 -
201.245.192.253 - - [02/Sep/2023:17:46:15 -0500] "POST /kwsrmcab/Wsrmcab  HTTP/1.1" 200 43358
172.22.2.4 - - [02/Sep/2023:17:44:47 -0500] "GET /BLA/boletinlegal/ HTTP/1.1" 200 55460
66.249.70.7 - - [02/Sep/2023:17:47:52 -0500] "GET /BLA/resoluciones/Notificaciones/AUTOS%202023/1721.pdf HTTP/1.1" 200 382544
66.249.70.5 - - [02/Sep/2023:17:48:33 -0500] "GET /pdc/actos/1789.pdf HTTP/1.1" 200 1121404
216.245.221.92 - - [02/Sep/2023:17:49:48 -0500] "HEAD / HTTP/1.1" 200 -
66.249.70.7 - - [02/Sep/2023:17:50:13 -0500] "GET /BLA/resoluciones/RESOLUCIONES%202009/8707.pdf HTTP/1.1" 200 582806
201.245.192.253 - - [02/Sep/2023:17:51:14 -0500] "POST /kwsrmcab/Wsrmcab  HTTP/1.1" 200 43358
66.249.70.6 - - [02/Sep/2023:17:51:19 -0500] "GET /BLA/resoluciones/RESOLUCIONES%202010/1989.pdf HTTP/1.1" 200 339200
40.77.167.49 - - [02/Sep/2023:17:51:24 -0500] "GET /BLA/resoluciones/RESOLUCIONES%202021/1298.pdf HTTP/1.1" 200 331303
172.22.2.4 - - [02/Sep/2023:17:49:47 -0500] "HEAD /BLA/boletinlegal/ HTTP/1.1" 200 -
181.53.118.25 - - [02/Sep/2023:17:51:26 -0500] "GET /portaldeninos/ HTTP/1.1" 200 110175
181.53.118.25 - - [02/Sep/2023:17:51:27 -0500] "GET /portaldeninos/wp-content/plugins/popup-maker/assets/css/site.min.css?ver=1.8.14 HTTP/1.1" 200 8260
181.53.118.25 - - [02/Sep/2023:17:51:27 -0500] "GET /portaldeninos/wp-content/plugins/google-analytics-for-wordpress/assets/js/frontend-gtag.min.js?ver=8.5.0 HTTP/1.1" 200 11801
181.53.118.25 - - [02/Sep/2023:17:51:27 -0500] "GET /portaldeninos/wp-includes/js/jquery/ui/core.min.js?ver=1.11.4 HTTP/1.1" 200 4000
181.53.118.25 - - [02/Sep/2023:17:51:27 -0500] "GET /portaldeninos/wp-content/plugins/gallery-videos/JS/modernizr.custom.js?ver=4.9.8 HTTP/1.1" 200 9019
181.53.118.25 - - [02/Sep/2023:17:51:27 -0500] "GET /portaldeninos/wp-includes/js/jquery/jquery-migrate.min.js?ver=1.4.1 HTTP/1.1" 200 10056
181.53.118.25 - - [02/Sep/2023:17:51:27 -0500] "GET /portaldeninos/wp-content/plugins/gallery-videos/JS/Total-Soft-Gallery-Video-Widget.js?ver=4.9.8 HTTP/1.1" 200 80264
181.53.118.25 - - [02/Sep/2023:17:51:27 -0500] "GET /portaldeninos/wp-includes/js/jquery/jquery.js?ver=1.12.4 HTTP/1.1" 200 97184
181.53.118.25 - - [02/Sep/2023:17:51:28 -0500] "GET /portaldeninos/wp-includes/js/jquery/ui/widget.min.js?ver=1.11.4 HTTP/1.1" 200 6908
181.53.118.25 - - [02/Sep/2023:17:51:28 -0500] "GET /portaldeninos/wp-includes/js/jquery/ui/mouse.min.js?ver=1.11.4 HTTP/1.1" 200 3148
181.53.118.25 - - [02/Sep/2023:17:51:28 -0500] "GET /portaldeninos/wp-includes/js/jquery/ui/accordion.min.js?ver=1.11.4 HTTP/1.1" 200 8584
181.53.118.25 - - [02/Sep/2023:17:51:28 -0500] "GET /portaldeninos/wp-includes/js/jquery/ui/tabs.min.js?ver=1.11.4 HTTP/1.1" 200 12110
181.53.118.25 - - [02/Sep/2023:17:51:28 -0500] "GET /portaldeninos/wp-content/themes/betheme/js/menu.js?ver=20.9.6 HTTP/1.1" 200 2449
181.53.118.25 - - [02/Sep/2023:17:51:28 -0500] "GET /portaldeninos/wp-content/themes/betheme/assets/animations/animations.min.js?ver=20.9.6 HTTP/1.1" 200 1896
181.53.118.25 - - [02/Sep/2023:17:51:28 -0500] "GET /portaldeninos/wp-includes/js/jquery/ui/position.min.js?ver=1.11.4 HTTP/1.1" 200 6527
181.53.118.25 - - [02/Sep/2023:17:51:28 -0500] "GET /portaldeninos/wp-includes/js/jquery/ui/sortable.min.js?ver=1.11.4 HTTP/1.1" 200 24899
181.53.118.25 - - [02/Sep/2023:17:51:28 -0500] "GET /portaldeninos/wp-content/themes/betheme/js/scripts.js?ver=20.9.6 HTTP/1.1" 200 77162
181.53.118.25 - - [02/Sep/2023:17:51:28 -0500] "GET /portaldeninos/wp-content/themes/betheme/assets/jplayer/jplayer.min.js?ver=20.9.6 HTTP/1.1" 200 52702
181.53.118.25 - - [02/Sep/2023:17:51:28 -0500] "GET /portaldeninos/wp-includes/js/wp-embed.min.js?ver=4.9.8 HTTP/1.1" 200 1398
181.53.118.25 - - [02/Sep/2023:17:51:28 -0500] "GET /portaldeninos/wp-content/plugins/popup-maker/assets/js/site.min.js?defer&ver=1.8.14 HTTP/1.1" 200 48457
181.53.118.25 - - [02/Sep/2023:17:51:28 -0500] "GET /portaldeninos/wp-content/uploads/2021/06/titulo-miambiente-ni%C3%B1os.png HTTP/1.1" 200 11944
181.53.118.25 - - [02/Sep/2023:17:51:28 -0500] "GET /portaldeninos/wp-content/uploads/2019/08/Logo-Ambientic.png HTTP/1.1" 200 22941
181.53.118.25 - - [02/Sep/2023:17:51:28 -0500] "GET /portaldeninos/wp-content/uploads/2021/06/titulo-cabezote-ni%C3%B1os.png HTTP/1.1" 200 64425
181.53.118.25 - - [02/Sep/2023:17:51:28 -0500] "GET /portaldeninos/wp-content/themes/betheme/js/plugins.js?ver=20.9.6 HTTP/1.1" 200 197151
181.53.118.25 - - [02/Sep/2023:17:51:28 -0500] "GET /portaldeninos/wp-content/uploads/2021/06/titulo-videos-ni%C3%B1os.png HTTP/1.1" 200 10502
181.53.118.25 - - [02/Sep/2023:17:51:28 -0500] "GET /portaldeninos/wp-content/uploads/2018/11/caneca.jpg HTTP/1.1" 200 262661
181.53.118.25 - - [02/Sep/2023:17:51:28 -0500] "GET /portaldeninos/wp-content/uploads/2020/01/Frailejon-escenario.jpg HTTP/1.1" 200 357472
181.53.118.25 - - [02/Sep/2023:17:51:28 -0500] "GET /portaldeninos/wp-content/themes/betheme/fonts/mfn-icons.woff?93978679 HTTP/1.1" 200 80932
181.53.118.25 - - [02/Sep/2023:17:51:28 -0500] "GET /portaldeninos/wp-content/uploads/2018/10/oso.jpg HTTP/1.1" 200 305180
181.53.118.25 - - [02/Sep/2023:17:51:28 -0500] "GET /portaldeninos/wp-content/uploads/2018/11/tigrillo.jpg HTTP/1.1" 200 402961
181.53.118.25 - - [02/Sep/2023:17:51:28 -0500] "GET /portaldeninos/wp-content/uploads/2020/01/Tierra-escenario.jpg HTTP/1.1" 200 181491
181.53.118.25 - - [02/Sep/2023:17:51:28 -0500] "GET /portaldeninos/wp-content/uploads/2021/06/titulo-humedales-ni%C3%B1os.png HTTP/1.1" 200 13361
181.53.118.25 - - [02/Sep/2023:17:51:28 -0500] "GET /portaldeninos/wp-content/uploads/2020/06/tw.jpg HTTP/1.1" 200 11056
181.53.118.25 - - [02/Sep/2023:17:51:28 -0500] "GET /portaldeninos/wp-content/uploads/2020/06/yt.jpg HTTP/1.1" 200 10577
181.53.118.25 - - [02/Sep/2023:17:51:28 -0500] "GET /portaldeninos/wp-content/uploads/2020/05/fb.jpg HTTP/1.1" 200 9893
181.53.118.25 - - [02/Sep/2023:17:51:28 -0500] "GET /portaldeninos/wp-content/uploads/2020/05/ig.jpg HTTP/1.1" 200 11470
