152.203.205.14 - - [02/Sep/2023:14:00:57 -0500] "GET /kwssiamovil/sm/acme/a?s=U2FsdGVkX1/zPW6vGj/b/D7MW38fdxNWA6aA92bXdDdal6Tg6Jny/46pCxJ6PtRarpDnXtTIG+Ho2TvIP6Ev1L0L272KJE7JRGkfM0MmmPwOEhQ3AUai788TxtZNlXbvyOSSR5FbxibQfz+6ONgqVU/xf9PrcC2PEhId1eTxO8IW9mvxByIVcJo/qptS97KI&u=U2FsdGVkX19uJv+yJf6QSpMDx0VH4FB02Dt3IF2wdWX55HnHWjf75rdI47cw60cY&y=U2FsdGVkX190xeJfz0xjF0Utkzm2YSUhmJ5Fkqxfdlfh7sZAs/iMzqDy8T0eJOOz HTTP/1.1" 200 26
152.203.205.14 - - [02/Sep/2023:14:00:57 -0500] "GET /kwssiamovil/sm/acme/a?s=U2FsdGVkX1+Xx5oezvZbnlY19UI7asZVVf0gLaWmkblC+ve4TTbUil2euD13EkmMv3OUH29XN2noFRnNYjqDbA3BQLRaEZUUj9FIJZK3NL574LbX5ILmKWi3fTBftvnNLeMWgHk+huDwmriXbxfztAgW3suXSY1++6V3B2VzjUvAC/rGKfP3vHVHflUsnjBXFx2aDpnkbdVG8cGCZNny+w==&u=U2FsdGVkX19uJv+yJf6QSpMDx0VH4FB02Dt3IF2wdWX55HnHWjf75rdI47cw60cY&y=U2FsdGVkX190xeJfz0xjF0Utkzm2YSUhmJ5Fkqxfdlfh7sZAs/iMzqDy8T0eJOOz HTTP/1.1" 200 26
152.203.205.14 - - [02/Sep/2023:14:00:57 -0500] "GET /kwssiamovil/sm/acme/a?s=U2FsdGVkX1+ejmq6rUQXEDZN0yYDOlUFJaRhgE8nN6HDIMLVg2cn91B/W+V0FyYHKtkYiBXO6wH3ji3BhzExZt6uswe4cDtYo7hpPYnvv0OXdsbaZ0OfR7lWI8NykKjwePRvYDs2oKFPLHMPzDaR4jHV8+hc/OueKFFyDvIj83yJY2ogiBa7lGvpYXDO/P6C4MLIA6/BIuyjWJmW8iP6lw==&u=U2FsdGVkX19uJv+yJf6QSpMDx0VH4FB02Dt3IF2wdWX55HnHWjf75rdI47cw60cY&y=U2FsdGVkX190xeJfz0xjF0Utkzm2YSUhmJ5Fkqxfdlfh7sZAs/iMzqDy8T0eJOOz HTTP/1.1" 200 26
40.77.167.208 - - [02/Sep/2023:14:01:02 -0500] "GET /BLA/resoluciones/RESOLUCIONES%202023/0768.pdf HTTP/1.1" 200 455039
172.22.2.4 - - [02/Sep/2023:14:01:08 -0500] "GET /BLA/boletinlegal/jurisprudencia/analisis/CUADRO%20SENTENCIA%20T-299%20DE%202008.doc HTTP/1.1" 200 40960
172.22.2.4 - - [02/Sep/2023:14:01:13 -0500] "GET /BLA/boletinlegal/jurisprudencia/analisis/CUADRO%20SENTENCIA%20T-299%20DE%202008.doc HTTP/1.1" 200 40960
152.203.205.14 - - [02/Sep/2023:14:01:19 -0500] "GET /kwssiamovil/sm/acme/u?s=U2FsdGVkX18YdkjyqXwvMSh9ajQC6NPwqrk1pMCZvIsCag3iu1Bej+1bzMTH/G6SE++7OT/BiVz/gYo35dIlEu3wkyODygTV97oQ7omuY2WZKiC25HH+kRHHIamYsiMQIe9M5ip6PH27BytfsLvLV82hc7uQ3+dKtv+k+agU/9s=&u=U2FsdGVkX19uJv+yJf6QSpMDx0VH4FB02Dt3IF2wdWX55HnHWjf75rdI47cw60cY&y=U2FsdGVkX190xeJfz0xjF0Utkzm2YSUhmJ5Fkqxfdlfh7sZAs/iMzqDy8T0eJOOz HTTP/1.1" 200 60
201.245.192.253 - - [02/Sep/2023:14:02:02 -0500] "POST /kwsrmcab/Wsrmcab  HTTP/1.1" 200 43358
40.77.167.29 - - [02/Sep/2023:14:03:25 -0500] "GET /BLA/resoluciones/AUTOS%202023/2569.pdf HTTP/1.1" 200 2424237
172.22.2.4 - - [02/Sep/2023:14:02:16 -0500] "HEAD /BLA/boletinlegal/ HTTP/1.1" 200 -
172.22.2.4 - - [02/Sep/2023:14:04:25 -0500] "GET /BLA/boletinlegal/actos.php HTTP/1.1" 200 9682
172.22.2.4 - - [02/Sep/2023:14:04:25 -0500] "GET /BLA/boletinlegal/styles2.css HTTP/1.1" 200 1838
172.22.2.4 - - [02/Sep/2023:14:04:25 -0500] "GET /BLA/boletinlegal/js/ajax_actos.js HTTP/1.1" 200 1322
172.22.2.4 - - [02/Sep/2023:14:04:25 -0500] "GET /BLA/boletinlegal/niceforms-default.css HTTP/1.1" 200 6694
172.22.2.4 - - [02/Sep/2023:14:04:25 -0500] "GET /BLA/boletinlegal/style.css HTTP/1.1" 200 9406
172.22.2.4 - - [02/Sep/2023:14:04:25 -0500] "GET /BLA/boletinlegal/niceforms.js HTTP/1.1" 200 22876
172.22.2.4 - - [02/Sep/2023:14:04:25 -0500] "GET /BLA/boletinlegal/js/popup.js HTTP/1.1" 200 1270
172.22.2.4 - - [02/Sep/2023:14:04:25 -0500] "GET /BLA/boletinlegal/js/lib.js HTTP/1.1" 200 6474
172.22.2.4 - - [02/Sep/2023:14:04:25 -0500] "GET /BLA/boletinlegal/js/jquery1.js HTTP/1.1" 200 29846
172.22.2.4 - - [02/Sep/2023:14:04:25 -0500] "GET /BLA/boletinlegal/images/cabezote%20BLEGAL.jpg HTTP/1.1" 200 118164
172.22.2.4 - - [02/Sep/2023:14:04:25 -0500] "GET /BLA/boletinlegal/images/subscribe-icon-big.png HTTP/1.1" 200 47702
172.22.2.4 - - [02/Sep/2023:14:04:25 -0500] "GET /BLA/boletinlegal/images/historia.png HTTP/1.1" 200 52775
172.22.2.4 - - [02/Sep/2023:14:04:25 -0500] "GET /BLA/boletinlegal/images/registro-usuarios.png HTTP/1.1" 200 8106
172.22.2.4 - - [02/Sep/2023:14:04:25 -0500] "GET /BLA/boletinlegal/images/green-yellow-blue-pink-th.png HTTP/1.1" 200 7394
172.22.2.4 - - [02/Sep/2023:14:04:25 -0500] "GET /BLA/boletinlegal/images/tel.png HTTP/1.1" 200 14477
172.22.2.4 - - [02/Sep/2023:14:04:25 -0500] "GET /BLA/boletinlegal/images/icono-email.png HTTP/1.1" 200 5544
172.22.2.4 - - [02/Sep/2023:14:04:25 -0500] "GET /BLA/boletinlegal/images/menu_lft.gif HTTP/1.1" 200 1713
172.22.2.4 - - [02/Sep/2023:14:04:25 -0500] "GET /BLA/boletinlegal/images/body_bg.jpg HTTP/1.1" 200 1601
172.22.2.4 - - [02/Sep/2023:14:04:25 -0500] "GET /BLA/boletinlegal/images/menu_rght.gif HTTP/1.1" 200 1627
172.22.2.4 - - [02/Sep/2023:14:04:25 -0500] "GET /BLA/boletinlegal/images/bg_top.jpg HTTP/1.1" 200 522
172.22.2.4 - - [02/Sep/2023:14:04:25 -0500] "GET /BLA/boletinlegal/images/hover.jpg HTTP/1.1" 200 640
172.22.2.4 - - [02/Sep/2023:14:04:25 -0500] "GET /BLA/boletinlegal/images/menu_bg.jpg HTTP/1.1" 200 620
172.22.2.4 - - [02/Sep/2023:14:04:25 -0500] "GET /BLA/boletinlegal/images/text.jpg HTTP/1.1" 200 568
172.22.2.4 - - [02/Sep/2023:14:04:25 -0500] "GET /BLA/boletinlegal/images/footer_bg_l.jpg HTTP/1.1" 200 776
172.22.2.4 - - [02/Sep/2023:14:04:25 -0500] "GET /BLA/boletinlegal/images/footer_bg.jpg HTTP/1.1" 200 586
172.22.2.4 - - [02/Sep/2023:14:04:25 -0500] "GET /BLA/boletinlegal/img/0.png HTTP/1.1" 200 110
172.22.2.4 - - [02/Sep/2023:14:04:25 -0500] "GET /BLA/boletinlegal/img/select-left.png HTTP/1.1" 200 263
172.22.2.4 - - [02/Sep/2023:14:04:25 -0500] "GET /BLA/boletinlegal/img/button-left.png HTTP/1.1" 200 57071
172.22.2.4 - - [02/Sep/2023:14:04:25 -0500] "GET /BLA/boletinlegal/img/button-right.png HTTP/1.1" 200 57878
172.22.2.4 - - [02/Sep/2023:14:04:25 -0500] "GET /BLA/boletinlegal/img/button.png HTTP/1.1" 200 43241
172.22.2.4 - - [02/Sep/2023:14:04:25 -0500] "GET /BLA/boletinlegal/img/select-right.png HTTP/1.1" 200 44019
172.22.2.4 - - [02/Sep/2023:14:04:32 -0500] "GET /BLA/boletinlegal/jurisprudencia/analisis/CUADRO%20SENTENCIA%20T-299%20DE%202008.doc HTTP/1.1" 200 40960
172.22.2.4 - - [02/Sep/2023:14:03:07 -0500] "GET /BLA/boletinlegal/ HTTP/1.1" 200 59699
216.245.221.92 - - [02/Sep/2023:14:04:48 -0500] "HEAD / HTTP/1.1" 200 -
181.53.13.214 - - [02/Sep/2023:14:05:22 -0500] "-" 408 -
216.244.66.195 - - [02/Sep/2023:14:06:25 -0500] "GET /silvicultura/13.pdf HTTP/1.1" 200 222445
201.245.192.253 - - [02/Sep/2023:14:07:00 -0500] "POST /kwsrmcab/Wsrmcab  HTTP/1.1" 200 43358
52.167.144.207 - - [02/Sep/2023:14:07:34 -0500] "GET /BLA/resoluciones/AUTOS%202023/0896.pdf HTTP/1.1" 200 838683
172.22.2.4 - - [02/Sep/2023:14:08:41 -0500] "GET /BLA/boletinlegal/jurisprudencia/analisis/CUADRO%20SENTENCIA%20T-299%20DE%202008.doc HTTP/1.1" 200 40960
172.22.2.4 - - [02/Sep/2023:14:08:17 -0500] "GET /BLA/boletinlegal/ HTTP/1.1" 200 24523
216.244.66.195 - - [02/Sep/2023:14:09:41 -0500] "GET /BLA/resoluciones/AUTOS%202016/0073.pdf HTTP/1.1" 200 814863
172.22.2.4 - - [02/Sep/2023:14:08:06 -0500] "HEAD /BLA/boletinlegal/ HTTP/1.1" 200 -
216.245.221.92 - - [02/Sep/2023:14:09:48 -0500] "HEAD / HTTP/1.1" 200 -
216.244.66.195 - - [02/Sep/2023:14:10:34 -0500] "GET /BLA/resoluciones/AUTOS%202016/0559.pdf HTTP/1.1" 200 440580
172.22.2.4 - - [02/Sep/2023:14:08:57 -0500] "GET /BLA/boletinlegal/ HTTP/1.1" 200 58187
216.244.66.195 - - [02/Sep/2023:14:11:16 -0500] "GET /BLA/resoluciones/AUTOS%202016/0962.pdf HTTP/1.1" 200 446802
216.244.66.195 - - [02/Sep/2023:14:11:55 -0500] "GET /BLA/resoluciones/AUTOS%202016/1028.pdf HTTP/1.1" 200 447084
201.245.192.253 - - [02/Sep/2023:14:11:59 -0500] "POST /kwsrmcab/Wsrmcab  HTTP/1.1" 200 43358
216.244.66.195 - - [02/Sep/2023:14:12:37 -0500] "GET /BLA/resoluciones/AUTOS%202016/1067.pdf HTTP/1.1" 200 223175
216.244.66.195 - - [02/Sep/2023:14:13:11 -0500] "GET /BLA/resoluciones/AUTOS%202016/1085.pdf HTTP/1.1" 200 340935
216.244.66.195 - - [02/Sep/2023:14:13:41 -0500] "GET /BLA/resoluciones/AUTOS%202016/1093.pdf HTTP/1.1" 200 480987
64.124.8.24 - - [02/Sep/2023:14:14:11 -0500] "GET /BLA/boletinlegal/images/screen_3.png HTTP/1.1" 200 210620
216.244.66.195 - - [02/Sep/2023:14:14:20 -0500] "GET /BLA/resoluciones/AUTOS%202016/1173.pdf HTTP/1.1" 200 394616
190.84.0.198 - - [02/Sep/2023:14:14:48 -0500] "GET /guadalupe-aguanoso-un-nuevo-tramo-de-camino-para-disfrutar-en-los-cerros-orientales.html HTTP/1.1" 200 795
216.245.221.92 - - [02/Sep/2023:14:14:48 -0500] "HEAD / HTTP/1.1" 200 -
216.244.66.195 - - [02/Sep/2023:14:14:53 -0500] "GET /BLA/resoluciones/AUTOS%202016/1561.pdf HTTP/1.1" 200 502103
216.244.66.195 - - [02/Sep/2023:14:15:22 -0500] "GET /BLA/resoluciones/AUTOS%202016/1832.pdf HTTP/1.1" 200 473967
172.22.2.4 - - [02/Sep/2023:14:13:56 -0500] "HEAD /BLA/boletinlegal/ HTTP/1.1" 200 -
216.244.66.195 - - [02/Sep/2023:14:15:56 -0500] "GET /BLA/resoluciones/AUTOS%202016/1843.pdf HTTP/1.1" 200 472304
216.244.66.195 - - [02/Sep/2023:14:16:24 -0500] "GET /BLA/resoluciones/AUTOS%202016/1903.pdf HTTP/1.1" 200 555580
172.22.2.4 - - [02/Sep/2023:14:14:47 -0500] "GET /BLA/boletinlegal/ HTTP/1.1" 200 57790
172.22.2.4 - - [02/Sep/2023:14:16:16 -0500] "GET /BLA/boletinlegal/ HTTP/1.1" 200 20427
52.167.144.239 - - [02/Sep/2023:14:16:45 -0500] "GET /BLA/resoluciones/AUTOS%202023/3451.pdf HTTP/1.1" 200 412244
201.245.192.253 - - [02/Sep/2023:14:16:58 -0500] "POST /kwsrmcab/Wsrmcab  HTTP/1.1" 200 43358
216.244.66.195 - - [02/Sep/2023:14:17:05 -0500] "GET /BLA/resoluciones/AUTOS%202016/2170.pdf HTTP/1.1" 200 484552
216.244.66.195 - - [02/Sep/2023:14:17:41 -0500] "GET /BLA/resoluciones/AUTOS%202016/2279.pdf HTTP/1.1" 200 475073
201.245.192.253 - - [02/Sep/2023:14:18:18 -0500] "POST /kwsrmcab/Wsrmcab HTTP/1.1" 200 43373
216.244.66.195 - - [02/Sep/2023:14:18:22 -0500] "GET /BLA/resoluciones/AUTOS%202016/2776.pdf HTTP/1.1" 200 399409
201.245.192.253 - - [02/Sep/2023:14:18:21 -0500] "POST /kwsrmcab/Wsrmcab HTTP/1.1" 200 42526
216.244.66.195 - - [02/Sep/2023:14:18:52 -0500] "GET /BLA/resoluciones/AUTOS%202016/2921.pdf HTTP/1.1" 200 356382
216.244.66.195 - - [02/Sep/2023:14:19:26 -0500] "GET /BLA/resoluciones/AUTOS%202016/2990.pdf HTTP/1.1" 200 442064
152.203.205.14 - - [02/Sep/2023:14:19:46 -0500] "OPTIONS /kwssiamovil/sm/setfile/f? HTTP/1.1" 200 13
152.203.205.14 - - [02/Sep/2023:14:19:46 -0500] "POST /kwssiamovil/sm/setfile/f? HTTP/1.1" 200 381
152.203.205.14 - - [02/Sep/2023:14:19:48 -0500] "OPTIONS /kwssiamovil/sm/setfile/f? HTTP/1.1" 200 13
216.245.221.92 - - [02/Sep/2023:14:19:48 -0500] "HEAD / HTTP/1.1" 200 -
152.203.205.14 - - [02/Sep/2023:14:19:48 -0500] "POST /kwssiamovil/sm/setfile/f? HTTP/1.1" 200 381
152.203.205.14 - - [02/Sep/2023:14:19:50 -0500] "OPTIONS /kwssiamovil/sm/setfile/f? HTTP/1.1" 200 13
152.203.205.14 - - [02/Sep/2023:14:19:50 -0500] "POST /kwssiamovil/sm/setfile/f? HTTP/1.1" 200 381
152.203.205.14 - - [02/Sep/2023:14:19:52 -0500] "OPTIONS /kwssiamovil/sm/setfile/f? HTTP/1.1" 200 13
152.203.205.14 - - [02/Sep/2023:14:19:52 -0500] "POST /kwssiamovil/sm/setfile/f? HTTP/1.1" 200 381
216.244.66.195 - - [02/Sep/2023:14:19:59 -0500] "GET /BLA/resoluciones/AUTOS%202016/3016.pdf HTTP/1.1" 200 378854
152.203.205.14 - - [02/Sep/2023:14:20:09 -0500] "GET /kwssiamovil/sm/acme/a?s=U2FsdGVkX1+e9SGrvOwNs9Egnh0/GnIj5Y0dOUSwkgC6xniPz8M4xuczy4v1OubtXSXJIabJBG8fpWFBOqTHAwcryZK6aE1Hv14RbmVOBVkpWls4JZ93dDH2z0IflznXOrtrbN2SJHtRwWdohyywCm3g64IrIE6XJMZc0XDO0fxGhGjPcEt6CjCzqSgprCvpzc6I6Qm9xXOHNTuO9AzOF2itjfpbS4U6pOjA8m+wO/iaNjznvKJVrSRED+tadqwC6blUcZjMzHFrpBi9aA4etA==&u=U2FsdGVkX19uJv+yJf6QSpMDx0VH4FB02Dt3IF2wdWX55HnHWjf75rdI47cw60cY&y=U2FsdGVkX190xeJfz0xjF0Utkzm2YSUhmJ5Fkqxfdlfh7sZAs/iMzqDy8T0eJOOz HTTP/1.1" 200 26
152.203.205.14 - - [02/Sep/2023:14:20:09 -0500] "GET /kwssiamovil/sm/acme/a?s=U2FsdGVkX18oBBU0EC/U39FDh+RW1kb7Z0mDBti6EpoRDV/OTilob+RKbCUcLJbbqNchhkm2mdYpi3v8oT1N7IbAxarQim/tmAsFnyeTLfyW3pXQxbw9aVA3/nIMiG4KLhMlEOy1A0Lcalu7gYuVso7SDSg6u6jEGsfUUp/irIbb2FD7nMtsRpwipSVHQ/a5rfFCVXJ0Q5gKOEJoeHIQjJzO0TtdxdOZfkxZyJOkWx1fmEpO114r/MsWja1jN0ZSylWdCrgjt2HGyZgdfh3iHUpGUDzKNzjr4Sro8cKKzqcI6gQvcuRiyUlO100gM9ZBFhrnzG1sebBSlRNMRjqsKuqukCydCwg3Es1fEawiE47hmkbWFVp9pROCTkcOs4fYc5BSq9VkgO02kjbr2X7irOBfSQDrMjDkPQiaXhKnqLxy2NlYv31xFC50YqPtcS6Cv48kreVFt2FcScpX0cPuTlu57fR5RSYRAF66epLnKP2RhcKyJqDuOOFO/SBhTe4Hawcpres1wTD1I1uc+t7yUm6uLU2gCmbxay2lfjN04mH0RLfFljpPjCSsGxohnU+zrxC6B82WIM6lw5W/fJf1sayHbZ1m0dnoLsPd/5qsKTE9Ktg9Sl0p4itcDoyGkMbdV7oLZ/gmYYoL5n5FchHpTKmjlmHfj5A3AEWbiTZ/uAN4f9H0Xy1PNpC2rORT/v4By9XkxhghzxcgGa6oH8sXY21qqZL1CbZJ3QeAU/wkoMM7uIf6fmYot/hVoolFQlg36RdkpEfHEI4nCxgqxQU0Xmyox+G+6N5+EJtgN+V6lpw6j8R7tN7oA/K3gnZUep0pHE0DcD/AvckozJa65uyR+d98N9k09hlFCtph4v+p98oqcZZf/mvBzafwd6E2ItpCnFVFbPAe/kfY4D78yy5/sDscAn3HYnukdgRZmX9FGMda529Lcip+OP0D/hSqcHsmv/HN18U2kwPc7TVGzkZT6J7ohFY7bGJQTZ3MoyJJUFKKOrX+VDqPNF0apUEBU6xaKGxVBZDThN+wh08/JE3NXzfA+F4VFty4p+nDLag7e9LO/CRKng12F/r7/v+fTCQFdjdDBidMdC6dR+Q2HmHQzhPdsDKquwjdyqYq/g+8dww=&u=U2FsdGVkX19uJv+yJf6QSpMDx0VH4FB02Dt3IF2wdWX55HnHWjf75rdI47cw60cY&y=U2FsdGVkX190xeJfz0xjF0Utkzm2YSUhmJ5Fkqxfdlfh7sZAs/iMzqDy8T0eJOOz HTTP/1.1" 200 26
152.203.205.14 - - [02/Sep/2023:14:20:10 -0500] "GET /kwssiamovil/sm/acme/a?s=U2FsdGVkX1+GfN0AtkJ47WLrVDm/xHt/TUSb/jH5Nm5hkuNkF782NrT1MttWd/rW0jXRn0Scv/AEX6PkmO6EL69evSjqZ5QctEu+8BvbNlKpKgth6oxR+PaAuI5Y4ZxCBXuLdbHTWqOjcMGiEshOYLy0FJbxyMb4pTxlzTQZPgw=&u=U2FsdGVkX19uJv+yJf6QSpMDx0VH4FB02Dt3IF2wdWX55HnHWjf75rdI47cw60cY&y=U2FsdGVkX190xeJfz0xjF0Utkzm2YSUhmJ5Fkqxfdlfh7sZAs/iMzqDy8T0eJOOz HTTP/1.1" 200 26
152.203.205.14 - - [02/Sep/2023:14:20:10 -0500] "GET /kwssiamovil/sm/acme/a?s=U2FsdGVkX199kBbP0KUzXgb8+r+kEvPuTSkq1iZQrZFkbv5xXs4aNTnx8mnKuTJEfhwzcupS7GLjBzQHAKwMd2T9IIql9JWMnTlwUsaW6I1KBn419OGJvmCfge0yhWg4u22SQwASSEKe0jxNTY/JxBsJASAcRuZz693JScJmmAM=&u=U2FsdGVkX19uJv+yJf6QSpMDx0VH4FB02Dt3IF2wdWX55HnHWjf75rdI47cw60cY&y=U2FsdGVkX190xeJfz0xjF0Utkzm2YSUhmJ5Fkqxfdlfh7sZAs/iMzqDy8T0eJOOz HTTP/1.1" 200 26
152.203.205.14 - - [02/Sep/2023:14:20:10 -0500] "GET /kwssiamovil/sm/acme/a?s=U2FsdGVkX18/d+D6fhxLgadd3q8Pk0t0VQcePEA9jzodURMgES37Zeep3I0wcqLwfCptLL1cSM1kaCa5frArSBRrwPt7RyUG10Pw9/n2XLxHe0POa5T1sglvs6quoZrh8npgsAARTS2Lo/fq4ms4lVpW0aENw8uxpBVS7vFJIlo=&u=U2FsdGVkX19uJv+yJf6QSpMDx0VH4FB02Dt3IF2wdWX55HnHWjf75rdI47cw60cY&y=U2FsdGVkX190xeJfz0xjF0Utkzm2YSUhmJ5Fkqxfdlfh7sZAs/iMzqDy8T0eJOOz HTTP/1.1" 200 26
152.203.205.14 - - [02/Sep/2023:14:20:10 -0500] "GET /kwssiamovil/sm/acme/a?s=U2FsdGVkX1++lpFdYzk3+fz/r1L3hBTB96xTSj7jo8ynOvqGKeJhdqLr+jgJ8II0dIUj/hICK5mWVVve0tISB1TJ/d+XGjhS6jPy99eiaV17ZUhGzXOpReUzemObBjYECQd+6/zlYGrxZU3fxfpo5cTdHiTzERtRTM0A9Qo+CmIqwLAtQurG9LOQKZGEwUoBjUbDtOqAef2N8J2addCg6A==&u=U2FsdGVkX19uJv+yJf6QSpMDx0VH4FB02Dt3IF2wdWX55HnHWjf75rdI47cw60cY&y=U2FsdGVkX190xeJfz0xjF0Utkzm2YSUhmJ5Fkqxfdlfh7sZAs/iMzqDy8T0eJOOz HTTP/1.1" 200 26
152.203.205.14 - - [02/Sep/2023:14:20:10 -0500] "GET /kwssiamovil/sm/acme/a?s=U2FsdGVkX1+9B/nQwdgb5+JHfRDJDXyWROaBlcxBzXlutwbA3LJRh6FGJVMToToAY57KOGX5ff9YFyGMSvuwWDccX8oLEagqByoDUNycYamak/R6I/vJoE61m1y5OdnuZkaEjjCMjD2fKuazbOb3s+Wplj8vKiA9TIr77nfdMGSk+ScSNMmla7FbiQ6iaMRLLNavcqxhhHX4FvrnKpV4jw==&u=U2FsdGVkX19uJv+yJf6QSpMDx0VH4FB02Dt3IF2wdWX55HnHWjf75rdI47cw60cY&y=U2FsdGVkX190xeJfz0xjF0Utkzm2YSUhmJ5Fkqxfdlfh7sZAs/iMzqDy8T0eJOOz HTTP/1.1" 200 26
152.203.205.14 - - [02/Sep/2023:14:20:11 -0500] "GET /kwssiamovil/sm/acme/a?s=U2FsdGVkX190jRPo5kj/+QZezA5f3Od4VLfH4u2iUR/75vtJjMjp9DfDeF4XT1Hei8ZOJNJdpNodY9Rw2zkpILYwX7YRc7o4047dl7FxMkn7D6KyyY/JAinLklwir9e/GbfSWLZbwfRyMeSXDHju15lLS7BOiUrD+J8X5QyXJUmWzCGN/jyyUYJduCkdVgn5&u=U2FsdGVkX19uJv+yJf6QSpMDx0VH4FB02Dt3IF2wdWX55HnHWjf75rdI47cw60cY&y=U2FsdGVkX190xeJfz0xjF0Utkzm2YSUhmJ5Fkqxfdlfh7sZAs/iMzqDy8T0eJOOz HTTP/1.1" 200 26
152.203.205.14 - - [02/Sep/2023:14:20:11 -0500] "GET /kwssiamovil/sm/acme/a?s=U2FsdGVkX1+ZHx698tGOL2Qfwp+bnv9Sl3QbqH66nkpeA+6wbdO0oCvnZ9ed2qkXX6z/7TFUp2XH18R5x9oOXmc28nd592krhjKz/MeWT7nr3/TWZanjIbZxDOVLXWjDe5xH4oaNyCwUqYyX+kj834dNkuEeaF86Dpge64Yj1aTNktJvCFeEXSEhfEB6WIvTQq0ClY8fmAgTWxE2HWDg1Q==&u=U2FsdGVkX19uJv+yJf6QSpMDx0VH4FB02Dt3IF2wdWX55HnHWjf75rdI47cw60cY&y=U2FsdGVkX190xeJfz0xjF0Utkzm2YSUhmJ5Fkqxfdlfh7sZAs/iMzqDy8T0eJOOz HTTP/1.1" 200 26
152.203.205.14 - - [02/Sep/2023:14:20:11 -0500] "GET /kwssiamovil/sm/acme/a?s=U2FsdGVkX18PScK1HnkPP37/CDAPIfBlpZ+QXmBpo3lLyIWatNe/sOydF2xzQSLQeoSjL/kbhH5R27YnDr0N6+i6iU4tivgzDf77p/6Ss2o+k81I3W6apGOGz1ZXYArh4ecAL3mslfwrgm4q4kqRysp15QWprw/8LpHaIASNXuu6VEYGCs1gnjX4MwU97VDK&u=U2FsdGVkX19uJv+yJf6QSpMDx0VH4FB02Dt3IF2wdWX55HnHWjf75rdI47cw60cY&y=U2FsdGVkX190xeJfz0xjF0Utkzm2YSUhmJ5Fkqxfdlfh7sZAs/iMzqDy8T0eJOOz HTTP/1.1" 200 26
152.203.205.14 - - [02/Sep/2023:14:20:11 -0500] "GET /kwssiamovil/sm/acme/a?s=U2FsdGVkX1/qcVjATm9H4sFRTHXAEKFf5rPwOUhMOCdC1s426TkifjenPORdpewoB4bEWE9ng9SooRby9TEJgq3lHSVvKQiIWCSnmb0YW0hgvnspudWVhU48DMWke48ncBC8nqOtXueUr4Wf0eqTFV067D4g6sYbD37jUAZw+WGYXSdA9SbCBpnvS8n564/LJoLRgBRfq83YQErjggZqyQ==&u=U2FsdGVkX19uJv+yJf6QSpMDx0VH4FB02Dt3IF2wdWX55HnHWjf75rdI47cw60cY&y=U2FsdGVkX190xeJfz0xjF0Utkzm2YSUhmJ5Fkqxfdlfh7sZAs/iMzqDy8T0eJOOz HTTP/1.1" 200 26
152.203.205.14 - - [02/Sep/2023:14:20:11 -0500] "GET /kwssiamovil/sm/acme/a?s=U2FsdGVkX1/m8vCDhqg+qnXZnHRjWz+uLPxrcgAtM3ipApdrKEjnj7Iqz/4jkWc8jJXdEuPQ4vpAHUq/i64bUUrZ98oE89OcDuMOT21d+GrcVCHWfACDmH2FCWjMmnTEOw+kaS1wEOewJPJZ9F5NHhb7EMMDoURyba55D6uC86DloADnBnFoCnpLPwEN7sgjCm7nVTnTN3pjoh2D/RIoow==&u=U2FsdGVkX19uJv+yJf6QSpMDx0VH4FB02Dt3IF2wdWX55HnHWjf75rdI47cw60cY&y=U2FsdGVkX190xeJfz0xjF0Utkzm2YSUhmJ5Fkqxfdlfh7sZAs/iMzqDy8T0eJOOz HTTP/1.1" 200 26
152.203.205.14 - - [02/Sep/2023:14:20:11 -0500] "GET /kwssiamovil/sm/acme/a?s=U2FsdGVkX1/i762ulxR/ileEpKTjd1qnwfQaPv7FnvkqXBv1SlJFGopHsI7ITlM1ebSv6uh7oQ1jlRDQZ+HXdVRYX2SZLqQazx9WEE/ri9G4R8XlUxo0jlCizu/U5nvTAjt0Q6sz9DKXlriNQmbjuh7+FwcW2fSjOAbJ/i1+9AdUjC8uwy6KJW0ll05K+0+8JYoY45lyAGXLtVU6df9cYQ==&u=U2FsdGVkX19uJv+yJf6QSpMDx0VH4FB02Dt3IF2wdWX55HnHWjf75rdI47cw60cY&y=U2FsdGVkX190xeJfz0xjF0Utkzm2YSUhmJ5Fkqxfdlfh7sZAs/iMzqDy8T0eJOOz HTTP/1.1" 200 26
152.203.205.14 - - [02/Sep/2023:14:20:12 -0500] "GET /kwssiamovil/sm/acme/a?s=U2FsdGVkX18jO264tjO5hf+dO9x/s8NGgsNYsQmfoNqeo1XGVL0LhgG1IaNpKKvUDj5y5OIo0XJTI+OkuE25L/yF4D6irMEvbjuBTmThzTOvgEpAm3yWLykJ08d0mBVw+f2datNB6+kXBTm5cVt4qiIlnz+7RVYoCOqMHMhn9n6+QsPkLqih0s5exnvNk9CL&u=U2FsdGVkX19uJv+yJf6QSpMDx0VH4FB02Dt3IF2wdWX55HnHWjf75rdI47cw60cY&y=U2FsdGVkX190xeJfz0xjF0Utkzm2YSUhmJ5Fkqxfdlfh7sZAs/iMzqDy8T0eJOOz HTTP/1.1" 200 26
216.244.66.195 - - [02/Sep/2023:14:20:27 -0500] "GET /BLA/resoluciones/AUTOS%202016/3055.pdf HTTP/1.1" 200 345404
152.203.205.14 - - [02/Sep/2023:14:20:28 -0500] "GET /kwssiamovil/sm/acme/u?s=U2FsdGVkX1/Jp2qULm67f/1X5fOZpGkqs6uVyWsaM7wtHNeI6PyIMw7svESmOBoEav4dWwOI2gR+QmsyrVnXFdN6+tuwnUP0jQsggfow3sW/xpUpX1qHBFAjoga3I5WiDqRGyIBJW4gs3y4tZZpt8oX7qh0j7gCy74rpLDR7PV0=&u=U2FsdGVkX19uJv+yJf6QSpMDx0VH4FB02Dt3IF2wdWX55HnHWjf75rdI47cw60cY&y=U2FsdGVkX190xeJfz0xjF0Utkzm2YSUhmJ5Fkqxfdlfh7sZAs/iMzqDy8T0eJOOz HTTP/1.1" 200 60
216.244.66.195 - - [02/Sep/2023:14:20:56 -0500] "GET /BLA/resoluciones/AUTOS%202016/3202.pdf HTTP/1.1" 200 379607
216.244.66.195 - - [02/Sep/2023:14:21:23 -0500] "GET /BLA/resoluciones/RESOLUCIONES%202011/1769.pdf HTTP/1.1" 200 508043
172.22.2.4 - - [02/Sep/2023:14:19:46 -0500] "HEAD /BLA/boletinlegal/ HTTP/1.1" 200 -
216.244.66.195 - - [02/Sep/2023:14:21:51 -0500] "GET /BLA/resoluciones/AUTOS%202010/0435.pdf HTTP/1.1" 200 274941
201.245.192.253 - - [02/Sep/2023:14:21:58 -0500] "POST /kwsrmcab/Wsrmcab  HTTP/1.1" 200 43358
216.244.66.195 - - [02/Sep/2023:14:22:14 -0500] "GET /BLA/resoluciones/AUTOS%202010/0873.pdf HTTP/1.1" 200 291232
172.22.2.4 - - [02/Sep/2023:14:20:37 -0500] "GET /BLA/boletinlegal/ HTTP/1.1" 200 58597
172.22.2.4 - - [02/Sep/2023:14:22:19 -0500] "GET /BLA/boletinlegal/robots.txt HTTP/1.1" 404 1038
172.22.2.4 - - [02/Sep/2023:14:22:19 -0500] "GET /BLA/boletinlegal/Directivas/2017/Directiva%20No.%2005%20del%2013%20de%20Junio%20de%202017.pdf HTTP/1.1" 304 -
216.244.66.195 - - [02/Sep/2023:14:22:39 -0500] "GET /BLA/resoluciones/AUTOS%202010/1109.pdf HTTP/1.1" 200 190415
216.244.66.195 - - [02/Sep/2023:14:23:03 -0500] "GET /BLA/resoluciones/AUTOS%202010/1135.pdf HTTP/1.1" 200 280877
216.244.66.195 - - [02/Sep/2023:14:23:23 -0500] "GET /BLA/resoluciones/AUTOS%202010/1399.pdf HTTP/1.1" 200 292705
66.249.70.7 - - [02/Sep/2023:14:24:05 -0500] "GET /BLA/resoluciones/Notificaciones/AUTOS%202023/3573.pdf HTTP/1.1" 200 415697
66.249.70.5 - - [02/Sep/2023:14:24:13 -0500] "GET /BLA/resoluciones/Notificaciones/AUTOS%202023/1301.pdf HTTP/1.1" 200 381558
216.245.221.92 - - [02/Sep/2023:14:24:48 -0500] "HEAD / HTTP/1.1" 200 -
201.245.192.253 - - [02/Sep/2023:14:26:57 -0500] "POST /kwsrmcab/Wsrmcab  HTTP/1.1" 200 43358
172.22.2.4 - - [02/Sep/2023:14:25:36 -0500] "HEAD /BLA/boletinlegal/ HTTP/1.1" 200 -
172.22.2.4 - - [02/Sep/2023:14:26:03 -0500] "GET /BLA/boletinlegal/ HTTP/1.1" 200 45671
172.22.2.4 - - [02/Sep/2023:14:26:27 -0500] "GET /BLA/boletinlegal/ HTTP/1.1" 200 43904
216.244.66.195 - - [02/Sep/2023:14:28:08 -0500] "GET /robots.txt HTTP/1.1" 404 1018
201.245.192.253 - - [02/Sep/2023:14:28:18 -0500] "POST /kwsrmcab/Wsrmcab HTTP/1.1" 200 43373
201.245.192.253 - - [02/Sep/2023:14:28:21 -0500] "POST /kwsrmcab/Wsrmcab HTTP/1.1" 200 42526
172.22.2.4 - - [02/Sep/2023:14:27:42 -0500] "GET /BLA/boletinlegal/ HTTP/1.1" 200 36811
216.245.221.92 - - [02/Sep/2023:14:29:48 -0500] "HEAD / HTTP/1.1" 200 -
66.249.70.5 - - [02/Sep/2023:14:30:16 -0500] "GET /BLA/resoluciones/Notificaciones/RESOLUCIONES%202023/1877.pdf HTTP/1.1" 200 1276744
52.167.144.22 - - [02/Sep/2023:14:30:17 -0500] "GET /BLA/resoluciones/AUTOS%202023/4475.pdf HTTP/1.1" 200 390270
66.249.70.5 - - [02/Sep/2023:14:30:23 -0500] "GET /BLA/resoluciones/Notificaciones/AUTOS%202023/2919.pdf HTTP/1.1" 200 409290
201.245.192.253 - - [02/Sep/2023:14:31:56 -0500] "POST /kwsrmcab/Wsrmcab  HTTP/1.1" 200 43358
172.22.2.4 - - [02/Sep/2023:14:31:27 -0500] "HEAD /BLA/boletinlegal/ HTTP/1.1" 200 -
172.22.2.4 - - [02/Sep/2023:14:32:18 -0500] "GET /BLA/boletinlegal/ HTTP/1.1" 200 61130
66.249.70.7 - - [02/Sep/2023:14:34:00 -0500] "GET /BLA/resoluciones/Notificaciones/RESOLUCIONES%202022/5242.pdf HTTP/1.1" 200 490981
216.245.221.92 - - [02/Sep/2023:14:34:48 -0500] "HEAD / HTTP/1.1" 200 -
172.22.2.4 - - [02/Sep/2023:14:35:27 -0500] "GET /BLA/boletinlegal/actos.php HTTP/1.1" 200 9682
172.22.2.4 - - [02/Sep/2023:14:35:29 -0500] "GET /BLA/boletinlegal/favicon.ico HTTP/1.1" 404 1326
216.244.66.195 - - [02/Sep/2023:14:35:44 -0500] "GET /BLA/resoluciones/index.php?dir=RESOLUCIONES+1994%2F HTTP/1.1" 200 2479
201.245.192.253 - - [02/Sep/2023:14:36:55 -0500] "POST /kwsrmcab/Wsrmcab  HTTP/1.1" 200 43358
172.22.2.4 - - [02/Sep/2023:14:37:22 -0500] "GET /BLA/boletinlegal/jurisprudencia/analisis/CUADRO%20SENTENCIA%20T-299%20DE%202008.doc HTTP/1.1" 200 40960
172.22.2.4 - - [02/Sep/2023:14:37:23 -0500] "GET /BLA/boletinlegal/favicon.ico HTTP/1.1" 404 1140
201.245.192.253 - - [02/Sep/2023:14:38:18 -0500] "POST /kwsrmcab/Wsrmcab HTTP/1.1" 200 43373
201.245.192.253 - - [02/Sep/2023:14:38:22 -0500] "POST /kwsrmcab/Wsrmcab HTTP/1.1" 200 42526
216.244.66.195 - - [02/Sep/2023:14:38:35 -0500] "GET /BLA/resoluciones/index.php?dir=RESOLUCIONES+2004%2FRES+2004+1251-1300%2F HTTP/1.1" 200 12352
162.55.37.148 - - [02/Sep/2023:14:38:51 -0500] "GET / HTTP/1.1" 200 4720
162.55.37.148 - - [02/Sep/2023:14:38:53 -0500] "GET / HTTP/1.1" 200 319
40.77.167.10 - - [02/Sep/2023:14:38:56 -0500] "GET /BLA/resoluciones/AUTOS%202023/2579.pdf HTTP/1.1" 200 1433922
172.22.2.4 - - [02/Sep/2023:14:37:17 -0500] "HEAD /BLA/boletinlegal/ HTTP/1.1" 200 -
216.244.66.195 - - [02/Sep/2023:14:38:59 -0500] "GET /silvicultura/1.pdf HTTP/1.1" 200 334952
66.249.66.192 - - [02/Sep/2023:14:39:39 -0500] "GET /cooperacion-internacional-postulate-para-la-coordinacion-ambiental-de-proyecto-con-la-union-europea-avantia.html HTTP/1.1" 304 -
40.77.167.46 - - [02/Sep/2023:14:39:47 -0500] "GET /BLA/resoluciones/AUTOS%202023/2882.pdf HTTP/1.1" 200 2421358
172.22.2.4 - - [02/Sep/2023:14:38:08 -0500] "GET /BLA/boletinlegal/ HTTP/1.1" 200 53013
216.245.221.92 - - [02/Sep/2023:14:39:48 -0500] "HEAD / HTTP/1.1" 200 -
216.244.66.195 - - [02/Sep/2023:14:40:58 -0500] "GET /BLA/resoluciones/index.php?dir=RESOLUCIONES+2002%2FRES+2002+1851-1900%2F HTTP/1.1" 200 12150
172.22.2.4 - - [02/Sep/2023:14:41:07 -0500] "GET /BLA/boletinlegal/jurisprudencia/analisis/ANALISIST-046-99.docx HTTP/1.1" 200 20918
152.203.205.14 - - [02/Sep/2023:14:41:08 -0500] "OPTIONS /kwssiamovil/sm/setfile/f? HTTP/1.1" 200 13
152.203.205.14 - - [02/Sep/2023:14:41:08 -0500] "POST /kwssiamovil/sm/setfile/f? HTTP/1.1" 200 381
152.203.205.14 - - [02/Sep/2023:14:41:09 -0500] "OPTIONS /kwssiamovil/sm/setfile/f? HTTP/1.1" 200 13
152.203.205.14 - - [02/Sep/2023:14:41:09 -0500] "POST /kwssiamovil/sm/setfile/f? HTTP/1.1" 200 381
152.203.205.14 - - [02/Sep/2023:14:41:12 -0500] "OPTIONS /kwssiamovil/sm/setfile/f? HTTP/1.1" 200 13
152.203.205.14 - - [02/Sep/2023:14:41:12 -0500] "POST /kwssiamovil/sm/setfile/f? HTTP/1.1" 200 381
152.203.205.14 - - [02/Sep/2023:14:41:14 -0500] "OPTIONS /kwssiamovil/sm/setfile/f? HTTP/1.1" 200 13
152.203.205.14 - - [02/Sep/2023:14:41:14 -0500] "POST /kwssiamovil/sm/setfile/f? HTTP/1.1" 200 381
152.203.205.14 - - [02/Sep/2023:14:41:16 -0500] "OPTIONS /kwssiamovil/sm/setfile/f? HTTP/1.1" 200 13
152.203.205.14 - - [02/Sep/2023:14:41:16 -0500] "POST /kwssiamovil/sm/setfile/f? HTTP/1.1" 200 381
152.203.205.14 - - [02/Sep/2023:14:41:18 -0500] "OPTIONS /kwssiamovil/sm/setfile/f? HTTP/1.1" 200 13
152.203.205.14 - - [02/Sep/2023:14:41:18 -0500] "POST /kwssiamovil/sm/setfile/f? HTTP/1.1" 200 381
216.244.66.195 - - [02/Sep/2023:14:41:29 -0500] "GET /BLA/resoluciones/index.php?dir=RESOLUCIONES+2006%2FRES+2006+1401-1450%2F HTTP/1.1" 200 12367
152.203.205.14 - - [02/Sep/2023:14:41:43 -0500] "GET /kwssiamovil/sm/acme/a?s=U2FsdGVkX1+i8lgFKDNDr1gloH+zlgZhfkWPWlBSQX98eiHOA5HdHvqpYUbu306WoGyvWwwlspy2yZ1qJM1LGNtw5DMpobra/4SPsHLbkj0Xwl8fQ//PDK27CxFPFdrFdS0C3vrPM7BoPG0H8VBtzue7JJlViHWd/tGvFpxV6nF/nDIFwsHlFYD3m/dgmI8YNKEjiCIw2ZIADvs+87NcI9XAGO5p+UYigtn55OrPXrrIZeu84X4z1oD/Jmouw3Q+Mh3vh2AiYE0cpLaoioExPA==&u=U2FsdGVkX19uJv+yJf6QSpMDx0VH4FB02Dt3IF2wdWX55HnHWjf75rdI47cw60cY&y=U2FsdGVkX190xeJfz0xjF0Utkzm2YSUhmJ5Fkqxfdlfh7sZAs/iMzqDy8T0eJOOz HTTP/1.1" 200 26
152.203.205.14 - - [02/Sep/2023:14:41:43 -0500] "GET /kwssiamovil/sm/acme/a?s=U2FsdGVkX1/pWTNSQDWuYQk/9vxLKEe584ouwPtRHRXBlqeuI6+7ir4jAd5Juzppa7rR8e/dbXSlTL4Dp6ArlEEzUiHGlIV48thm4TD1NzFIesG8I3fu2zzjt9LU1z9ly/05orznSE+EFFBjuvqvXDiZDbnESnIVwDjL6kRHnX9HAYP54g5x5Ac6CyhX5k0SUn1pEagZF9skqAbsYReB8lLR1nEbIUI4fFDkgnRCYNMxoPFNGtdvbZsHT4fFEtEZ1HTpJOrtWm4zTI51VmbUp+y3EkizB1/bjmepkcAHr8+ua58KhmZFLLe2j0YnOiumnLvAETUjDalLNtlrEBT89JGOluhL0iQyQisVraESM8K8YUGh7ctVfmzWXWXNctqNpHIf+Ch/rUAJLM/Qk8F2Zb2nxnb5J4L7GFQTmBmSY8WoMNUTIiSxRLyfYTXdW98JZxdoLuMmdEwe2nKr9mufDj0paprzvWwcIkqy2HIKnRuW14AT2fVracD8JSXshPkR08uZ+ILIv1dtZDnPdk++Y+nE26AnUK+tq68U3fS/v9XpzOmEXfpsfBayRXs3V5ITQ0hgiwWDKGiDTHgm60Zt3R7r5LN4SsL9qt6r0orFRt5EHAvEq1JAkx9AC6KRdUs1IC1Ad5SURLt6XkU19qLkxbnYHelFHhcDss0jZ7ZKAlLIseA2XVrVXLF5lA7S++FlNqpQB4rzjdDHgCLoPFVvi9JjKTRMimns0olpsRZKxWg47DxNAlwAWHGJSvR2gLMswDImIbuy7KzG/satmY3jPCMo5eDMLnqRIGNoav05jWG940XVN/LVtO9ClKC1bLhA4Sk6i353vhP4106jfd8yrJZgRVceiA6lcTDsdihFfAzgXzoQH4xPQFXbyxSvEnGPDScV17rnV/vdXcFRF+2UXjnfLbMDkNi3Ect7Ej9hGKzddmooqzL+S45TUGYgwr5yIm+39rhJhvsAZJbLqXYe7fGcamJcTRzM6d+Oi79SGpiKsdhorVgXIP8QPuEJdgFdVwGNgBytMEeaMdKVWOlhbcwnxB6UavI5fOKoOm1AGn1ssdNqGBb0chxJuah0OLgCYt3g0k3QPDws2KgXgdUARRp3jSwMJlaT5wqDPWqRbEpF50UpItHsCvlKifwvFiA/AskTA6IKa5i9KxDZvsUvGEYhH4h65EvbQYvHr9UvN0lMyq1PWhzKksU+mbjNbTqlvPxj5I/ce72ZlXYHfkqeuV7Ukoewv0tvsxOMbF9iNlRmraUSOTC15xLTEFiqwpgyBK4Da3pQ8E2g9FgpnWTsOnV4paMxS8nR5/LHHRkWDCetW25pheapARvCsS95MIDC1ZrQ6whAJ7lK/qOS/sj08qCh9ijs2eXNnFeLUhBIy3BvsalGIukjziW8I2pED9fgGOORNVt/WHOrsKIM1IBhTa/kDKkZBp7MAAPuv6hBW5NTY6ByJXeCkztNheo/U0kqyj/Vi+LxO1ciqDVZrEWXzg==&u=U2FsdGVkX19uJv+yJf6QSpMDx0VH4FB02Dt3IF2wdWX55HnHWjf75rdI47cw60cY&y=U2FsdGVkX190xeJfz0xjF0Utkzm2YSUhmJ5Fkqxfdlfh7sZAs/iMzqDy8T0eJOOz HTTP/1.1" 200 26
152.203.205.14 - - [02/Sep/2023:14:41:44 -0500] "GET /kwssiamovil/sm/acme/a?s=U2FsdGVkX19GSkrV1cN/rszAZagPB/WQpofG1Dra9l/65oV8lXO3/pS437hgccgOQfx5UCSpTjtpRlEi2KHk+JgUecCGuPSB1Kky7uPhsHA2+Ij1tfYEiJG7lvbSFnt7GCC5SQ+5bOJHfZ76TWiKG5uCTXwo1Vb2fxHE4vXOqk0=&u=U2FsdGVkX19uJv+yJf6QSpMDx0VH4FB02Dt3IF2wdWX55HnHWjf75rdI47cw60cY&y=U2FsdGVkX190xeJfz0xjF0Utkzm2YSUhmJ5Fkqxfdlfh7sZAs/iMzqDy8T0eJOOz HTTP/1.1" 200 26
152.203.205.14 - - [02/Sep/2023:14:41:44 -0500] "GET /kwssiamovil/sm/acme/a?s=U2FsdGVkX1/W1Y34mKgRBZdGB2ZzJyoLs/2P/A3CKcJIULAcb1snCtwnDm1rnMPpOkN8OwA1VsvLHFj3qR9mDMbrvd8crJOTGuaJzCPfQOtZf7mP62qTFRzB4PMlwgkfjItiH+nZ5z/cdI+l4xTacwBCL6uf+5k/nf4X2+dlR1s=&u=U2FsdGVkX19uJv+yJf6QSpMDx0VH4FB02Dt3IF2wdWX55HnHWjf75rdI47cw60cY&y=U2FsdGVkX190xeJfz0xjF0Utkzm2YSUhmJ5Fkqxfdlfh7sZAs/iMzqDy8T0eJOOz HTTP/1.1" 200 26
152.203.205.14 - - [02/Sep/2023:14:41:44 -0500] "GET /kwssiamovil/sm/acme/a?s=U2FsdGVkX19vk/DM0Al/RtuzilsxzTpc67UrE6/IxdyV2QMjGf5VyBreAsObQ7X/yrUoW+6W9h3r6b1vlhrNpEXSG/ZQujau8s7zKlZ/7/QZ/DvThWguqdC1mBeEQT1PUCBBTt1pfTmLpd+bNO0uk4v9GU576P36p06es1PQ7Vk=&u=U2FsdGVkX19uJv+yJf6QSpMDx0VH4FB02Dt3IF2wdWX55HnHWjf75rdI47cw60cY&y=U2FsdGVkX190xeJfz0xjF0Utkzm2YSUhmJ5Fkqxfdlfh7sZAs/iMzqDy8T0eJOOz HTTP/1.1" 200 26
152.203.205.14 - - [02/Sep/2023:14:41:44 -0500] "GET /kwssiamovil/sm/acme/a?s=U2FsdGVkX189Dgfqvyn7m77E972oduef6GZvwOE4Hfn1a0v3G5+y3SNah0ZTFpB3L0NYI1epSTZkMp7Fi3exhI8tFXVDbAOAXBAzo7hagyf12OVT6bZgE/yHS2HBwMDMn6ZCJ4Lwassy9CgUU0f/g1PMxfCtWNBN2iyb+VFDHjIXILTZoiaAHSW/sZtQgn4iGGOCbeFUf+uux1chZnN9Xg==&u=U2FsdGVkX19uJv+yJf6QSpMDx0VH4FB02Dt3IF2wdWX55HnHWjf75rdI47cw60cY&y=U2FsdGVkX190xeJfz0xjF0Utkzm2YSUhmJ5Fkqxfdlfh7sZAs/iMzqDy8T0eJOOz HTTP/1.1" 200 26
152.203.205.14 - - [02/Sep/2023:14:41:44 -0500] "GET /kwssiamovil/sm/acme/a?s=U2FsdGVkX1/5jXSqk5ZJrtFS394QK9dTiz8O+qJK18rAGxEa9IJmZd1d0sgXVEIWSfZtmy6GMKa9VpB1FH9FvR7TYfcepnmBwrH0NptmFNLU+8NeQnv98NLczqAneT5z6zjv5M93EuWLdSSzdT/ag0pf+UxExHSRoLNUn4QQofYlb6H33GDPHWrIapIUQahY9VgQiUX8pRUyJEXhuH1IDQ==&u=U2FsdGVkX19uJv+yJf6QSpMDx0VH4FB02Dt3IF2wdWX55HnHWjf75rdI47cw60cY&y=U2FsdGVkX190xeJfz0xjF0Utkzm2YSUhmJ5Fkqxfdlfh7sZAs/iMzqDy8T0eJOOz HTTP/1.1" 200 26
152.203.205.14 - - [02/Sep/2023:14:41:44 -0500] "GET /kwssiamovil/sm/acme/a?s=U2FsdGVkX193s79t2JiVW9kZ/x3FC1opKXbYY/VuJ4MNZTyrtmRjN+EtkLmSHvOfhJd2jp49D00wTzaNtOMqCwGkSEfNI4Q+jmOzE8zYPdp1/opAn7QbgDJ35OsYt+hAdnNKQWwTgHmf9GwdKEMr5UWZWg3SkQN5YdyEjFHP9DQONQpdmHpbguYx212cHGGa&u=U2FsdGVkX19uJv+yJf6QSpMDx0VH4FB02Dt3IF2wdWX55HnHWjf75rdI47cw60cY&y=U2FsdGVkX190xeJfz0xjF0Utkzm2YSUhmJ5Fkqxfdlfh7sZAs/iMzqDy8T0eJOOz HTTP/1.1" 200 26
152.203.205.14 - - [02/Sep/2023:14:41:44 -0500] "GET /kwssiamovil/sm/acme/a?s=U2FsdGVkX18tyyBCD59OaQc7QD8rAFBmHR0o72IwFuhbHzVFSaNICO+eSlGrEnLLYeeF0XGrpiP4t4fCBMmY0WgdzJz+dQiRH2XclxdNiRhkHz6DQFXykoSUUDBNzTODyV8WDxWy5JVtCjAqXtNlp8DCBUOYFFhocL0QY1xB3GgstfMItJBc1ZZNrs4TvfUIhyzFqywCyBqwetFGDUWVhw==&u=U2FsdGVkX19uJv+yJf6QSpMDx0VH4FB02Dt3IF2wdWX55HnHWjf75rdI47cw60cY&y=U2FsdGVkX190xeJfz0xjF0Utkzm2YSUhmJ5Fkqxfdlfh7sZAs/iMzqDy8T0eJOOz HTTP/1.1" 200 26
152.203.205.14 - - [02/Sep/2023:14:41:45 -0500] "GET /kwssiamovil/sm/acme/a?s=U2FsdGVkX1/1Cn6/cIUnJMw3vslhWg3XlRS63sSFPnMZ5D8gk3UU9DONaNwhXGiraJ2Qxcvy/9urk8OS2zYEEfh9fxXytus6/v/LxfG3BE4+Q2ovfIn8U5P/be1h2/VNj6Dx1OMLkMQxC1OmBC3716XHrDSqDTZsjiX8JpW2/2PlKsoO1JX1FhoMGgvKgBTm&u=U2FsdGVkX19uJv+yJf6QSpMDx0VH4FB02Dt3IF2wdWX55HnHWjf75rdI47cw60cY&y=U2FsdGVkX190xeJfz0xjF0Utkzm2YSUhmJ5Fkqxfdlfh7sZAs/iMzqDy8T0eJOOz HTTP/1.1" 200 26
152.203.205.14 - - [02/Sep/2023:14:41:45 -0500] "GET /kwssiamovil/sm/acme/a?s=U2FsdGVkX19OtROXd8laWcjI+rmWWXoyY9QiayNcjyQJ1UIY5pUd6ioTuemjH/jV1LVqfCys4r63Cc66yHl9NKC+GWcc26xsxgHAifVaVukRf7+mm03FEsmdPmByhCI0rPScdLUxsfoDlQd93vwA0Rv/KgJZlY8YSW/m4QCc30hh8gj3Lde9vFZh1bFlvTxbNkwnx0Q54qofdII3bwfJSA==&u=U2FsdGVkX19uJv+yJf6QSpMDx0VH4FB02Dt3IF2wdWX55HnHWjf75rdI47cw60cY&y=U2FsdGVkX190xeJfz0xjF0Utkzm2YSUhmJ5Fkqxfdlfh7sZAs/iMzqDy8T0eJOOz HTTP/1.1" 200 26
152.203.205.14 - - [02/Sep/2023:14:41:45 -0500] "GET /kwssiamovil/sm/acme/a?s=U2FsdGVkX19vUnIyLl1V0dIuOEN0YYphcSxQJsg0GiEeAD6X4N1slBRToctC9vCDWRO4ol+NE7pwz3/kWeFU3vnq4k5+b4oYbdWuZXV1Cmhm9lpFh/C9YWdcfouVEi8On2EtPWj40Q6XGWA0eW8diFzhOHG6nCOjppJD4YWzLUyZ0nmUKMUGVQguirFFRZXC&u=U2FsdGVkX19uJv+yJf6QSpMDx0VH4FB02Dt3IF2wdWX55HnHWjf75rdI47cw60cY&y=U2FsdGVkX190xeJfz0xjF0Utkzm2YSUhmJ5Fkqxfdlfh7sZAs/iMzqDy8T0eJOOz HTTP/1.1" 200 26
152.203.205.14 - - [02/Sep/2023:14:41:45 -0500] "GET /kwssiamovil/sm/acme/a?s=U2FsdGVkX19PukmjzCVCpXSjKFwtDg+S6I+6ncGj91bcE3sMw0uwmcmFIN1fxYxhFOgCM3KUjcU7EXHt+gI9XhmFwDQ7+XWAIiTCMVmGxmumu3yVKBIfew8c4JFLNgQSZOK1NmWBW3MmudzELJpINXBcOIWrnDVd97SYqIokEKM8510YyqznVoG/R3c+MQtPKYnAEKER/3tfDUPR6W+CmQ==&u=U2FsdGVkX19uJv+yJf6QSpMDx0VH4FB02Dt3IF2wdWX55HnHWjf75rdI47cw60cY&y=U2FsdGVkX190xeJfz0xjF0Utkzm2YSUhmJ5Fkqxfdlfh7sZAs/iMzqDy8T0eJOOz HTTP/1.1" 200 26
152.203.205.14 - - [02/Sep/2023:14:41:45 -0500] "GET /kwssiamovil/sm/acme/a?s=U2FsdGVkX19ZZmN5SVMx6N+41B0ASl7ycTrTz4UOIW4wZTKfUDAK8nDFF+2BnGXfiPe0yoj8m3GQTNiiRO5NJN5d5EQy3CWAbwOrS4yqvyau7eYBXoyLcWExOf7J/DmMntod6OqxeFnQD+GPcXF9PBOlPFnFFnMdjTGro2MOk5D+tk9VQMbv/MsfBs1KaXtA4HB7CJ5AmPeUypouhvHhbA==&u=U2FsdGVkX19uJv+yJf6QSpMDx0VH4FB02Dt3IF2wdWX55HnHWjf75rdI47cw60cY&y=U2FsdGVkX190xeJfz0xjF0Utkzm2YSUhmJ5Fkqxfdlfh7sZAs/iMzqDy8T0eJOOz HTTP/1.1" 200 26
152.203.205.14 - - [02/Sep/2023:14:41:45 -0500] "GET /kwssiamovil/sm/acme/a?s=U2FsdGVkX19+mlzl1K8Zrfvv/99DYvPboxJ0nlqHAWqH+GUf1/o4/K+lX3kFZ+GxVSF5qMptyFuSP+EkwxA0RSWFbJcCmIIJpYru05b05ZCgvgfKVpNKggNyBl8UIE2DhyS7AIqVSYjcbw9vvmsMS/vMtqBoJYczRRdtpafIXE2mMUGXW1LYo8tXLfnXFvkW3v14YQx22CrU0QY6XUaALw==&u=U2FsdGVkX19uJv+yJf6QSpMDx0VH4FB02Dt3IF2wdWX55HnHWjf75rdI47cw60cY&y=U2FsdGVkX190xeJfz0xjF0Utkzm2YSUhmJ5Fkqxfdlfh7sZAs/iMzqDy8T0eJOOz HTTP/1.1" 200 26
152.203.205.14 - - [02/Sep/2023:14:41:45 -0500] "GET /kwssiamovil/sm/acme/a?s=U2FsdGVkX18xyZ/Cn+npLKc7awDDaPIyNvwS8GzGIRJt/oZ5/jeb2zN4WT/Wm74fjKz9OwLdIlSg+HveaQDzYOP+13v2WIVdP69rliStNfDBiNl0nwj9INhg61ZkiZDgYhLTuno7P8Js9RaDyydkXCSxrN3opI1y3zy5Ty7NvvXfmFiBGIc1SQx9JNdW3G+7&u=U2FsdGVkX19uJv+yJf6QSpMDx0VH4FB02Dt3IF2wdWX55HnHWjf75rdI47cw60cY&y=U2FsdGVkX190xeJfz0xjF0Utkzm2YSUhmJ5Fkqxfdlfh7sZAs/iMzqDy8T0eJOOz HTTP/1.1" 200 26
152.203.205.14 - - [02/Sep/2023:14:41:46 -0500] "GET /kwssiamovil/sm/acme/a?s=U2FsdGVkX1/RqG/7tKJYIYIuJ4eMLMi+cD/EJRAnAloELioRz9iH+QXQIChqXV0ArTOZJfO3dLavqCtf3gVKN/S7qvPJ7dzy5+cHq6Ku9ulb3S5f7kLlJF5/kcqVeT2hkyUW+HtUYVvOwTZ8Kga9wmbWHYVIOQPTogu1z1lt1/uDsln6IaY+CuZg24gKghiXCFy/Qll5h1+PZDpE7bokMw==&u=U2FsdGVkX19uJv+yJf6QSpMDx0VH4FB02Dt3IF2wdWX55HnHWjf75rdI47cw60cY&y=U2FsdGVkX190xeJfz0xjF0Utkzm2YSUhmJ5Fkqxfdlfh7sZAs/iMzqDy8T0eJOOz HTTP/1.1" 200 26
152.203.205.14 - - [02/Sep/2023:14:41:46 -0500] "GET /kwssiamovil/sm/acme/a?s=U2FsdGVkX18gfiMmjrnaxjEJ4f5jF5p/W+/pjht3ciLbeE60RUn/nREsbzm58P8fVOfhBCSPy+CnFhaRRB+2OFFNhomn/bldkdCTiYE/LlJ2f7W7SLEmt8k+NWFqOkoeAmgQ24u1KAoRkSIiWQqBqoT38o2XnSAZnyhJ2aE6rlAPW7dgy4+GUQVAyKa+5xDu&u=U2FsdGVkX19uJv+yJf6QSpMDx0VH4FB02Dt3IF2wdWX55HnHWjf75rdI47cw60cY&y=U2FsdGVkX190xeJfz0xjF0Utkzm2YSUhmJ5Fkqxfdlfh7sZAs/iMzqDy8T0eJOOz HTTP/1.1" 200 26
40.77.167.208 - - [02/Sep/2023:14:41:57 -0500] "GET /BLA/resoluciones/AUTOS%202023/0723.pdf HTTP/1.1" 200 1022268
201.245.192.253 - - [02/Sep/2023:14:41:55 -0500] "POST /kwsrmcab/Wsrmcab  HTTP/1.1" 200 43358
152.203.205.14 - - [02/Sep/2023:14:42:18 -0500] "GET /kwssiamovil/sm/acme/u?s=U2FsdGVkX1+s6BsBIgWPaaHarFd6X5t+i8IgzZkvYv6YgghYKguccGDjqbbrUWZc513y5RfpP5AZPbVfQETJzz09QoWOVcOyZ4gk909lifEnYufVK9TB7WyRNdRuXntf9o41VEw9AUbr2mnu5OKIOQPjsnJ5nDPL5tDMuzCpR7g=&u=U2FsdGVkX19uJv+yJf6QSpMDx0VH4FB02Dt3IF2wdWX55HnHWjf75rdI47cw60cY&y=U2FsdGVkX190xeJfz0xjF0Utkzm2YSUhmJ5Fkqxfdlfh7sZAs/iMzqDy8T0eJOOz HTTP/1.1" 200 60
216.244.66.195 - - [02/Sep/2023:14:42:55 -0500] "GET /BLA/resoluciones/index.php?dir=Notificaciones/AUTOS%202017/&sort=size&order=asc HTTP/1.1" 200 140025
40.77.167.46 - - [02/Sep/2023:14:43:17 -0500] "GET /BLA/resoluciones/AUTOS%202023/2532.pdf HTTP/1.1" 200 1028398
173.252.111.10 - - [02/Sep/2023:14:43:18 -0500] "GET /images/avistamiento-aves.jpg HTTP/1.1" 200 104313
172.22.2.4 - - [02/Sep/2023:14:43:25 -0500] "GET /BLA/boletinlegal/actos.php HTTP/1.1" 200 9682
172.22.2.4 - - [02/Sep/2023:14:43:26 -0500] "GET /BLA/boletinlegal/favicon.ico HTTP/1.1" 404 1326
201.245.192.253 - - [02/Sep/2023:14:43:28 -0500] "GET /BLA/resoluciones/ HTTP/1.1" 200 13502
201.245.192.253 - - [02/Sep/2023:14:43:28 -0500] "GET /BLA/resoluciones/dlf/styles.css HTTP/1.1" 200 3049
201.245.192.253 - - [02/Sep/2023:14:43:28 -0500] "GET /BLA/resoluciones/dlf/bg.gif HTTP/1.1" 200 54
201.245.192.253 - - [02/Sep/2023:14:43:28 -0500] "GET /BLA/resoluciones/dlf/folder.png HTTP/1.1" 200 410
201.245.192.253 - - [02/Sep/2023:14:43:28 -0500] "GET /favicon.ico HTTP/1.1" 200 7782
201.245.192.253 - - [02/Sep/2023:14:43:34 -0500] "GET /BLA/resoluciones/dlf/pdf.gif HTTP/1.1" 200 272
201.245.192.253 - - [02/Sep/2023:14:43:34 -0500] "GET /BLA/resoluciones/dlf/dirup.png HTTP/1.1" 200 644
201.245.192.253 - - [02/Sep/2023:14:43:34 -0500] "GET /BLA/resoluciones/index.php?dir=RESOLUCIONES+2007%2F HTTP/1.1" 200 35450
216.244.66.195 - - [02/Sep/2023:14:43:35 -0500] "GET /transparencia/directorioservidores/2018/octubre.xlsx HTTP/1.1" 404 1018
172.22.2.4 - - [02/Sep/2023:14:44:18 -0500] "GET /BLA/boletinlegal/consulta_actos.php?tipo=resoluciones&no=4055&usuario=&sector=&fecha=2007&resuelve= HTTP/1.1" 200 626
172.22.2.4 - - [02/Sep/2023:14:43:07 -0500] "HEAD /BLA/boletinlegal/ HTTP/1.1" 200 -
216.245.221.92 - - [02/Sep/2023:14:44:48 -0500] "HEAD / HTTP/1.1" 200 -
40.77.167.46 - - [02/Sep/2023:14:45:38 -0500] "GET /BLA/resoluciones/RESOLUCIONES%202023/0855.pdf HTTP/1.1" 200 640828
172.22.2.4 - - [02/Sep/2023:14:43:58 -0500] "GET /BLA/boletinlegal/ HTTP/1.1" 200 58981
201.245.192.253 - - [02/Sep/2023:14:46:53 -0500] "POST /kwsrmcab/Wsrmcab  HTTP/1.1" 200 43358
172.22.2.4 - - [02/Sep/2023:14:47:59 -0500] "GET /BLA/boletinlegal/jurisprudencia/analisis/CUADRO%20SENTENCIA%20T-299%20DE%202008.doc HTTP/1.1" 200 40960
216.245.221.92 - - [02/Sep/2023:14:49:48 -0500] "HEAD / HTTP/1.1" 200 -
181.206.119.129 - - [02/Sep/2023:14:50:27 -0500] "GET /appsia/controlador HTTP/1.1" 200 4799
172.22.2.4 - - [02/Sep/2023:14:48:57 -0500] "HEAD /BLA/boletinlegal/ HTTP/1.1" 200 -
181.206.119.129 - - [02/Sep/2023:14:50:51 -0500] "POST /appsia/controlador HTTP/1.1" 200 5437
40.77.167.208 - - [02/Sep/2023:14:50:56 -0500] "GET /BLA/resoluciones/AUTOS%202023/0720.pdf HTTP/1.1" 200 1035256
181.206.119.129 - - [02/Sep/2023:14:50:58 -0500] "POST /appsia/controlador HTTP/1.1" 200 4799
181.206.119.129 - - [02/Sep/2023:14:51:25 -0500] "POST /appsia/controlador HTTP/1.1" 200 5437
172.22.2.4 - - [02/Sep/2023:14:49:48 -0500] "GET /BLA/boletinlegal/ HTTP/1.1" 200 58597
181.206.119.129 - - [02/Sep/2023:14:51:30 -0500] "POST /appsia/controlador HTTP/1.1" 200 7791
181.206.119.129 - - [02/Sep/2023:14:51:34 -0500] "POST /appsia/controlador HTTP/1.1" 200 5254
181.206.119.129 - - [02/Sep/2023:14:51:37 -0500] "GET /appsia/controlador?comando=regresar&id=39713905&funcionario=FANNY+CECILIA+PATI%C3%83%C2%91O+SALAMANCA&desde=39713905&hasta=39713905&version=39713905 HTTP/1.1" 200 7791
181.206.119.129 - - [02/Sep/2023:14:51:43 -0500] "POST /appsia/controlador HTTP/1.1" 200 6660
181.206.119.129 - - [02/Sep/2023:14:51:47 -0500] "POST /appsia/controlador HTTP/1.1" 200 11338
201.245.192.253 - - [02/Sep/2023:14:51:53 -0500] "POST /kwsrmcab/Wsrmcab  HTTP/1.1" 200 43358
31.13.127.16 - - [02/Sep/2023:14:52:49 -0500] "GET /camino-guadalupe-aguanoso-abierto-de-nuevo-al-publico.html HTTP/1.1" 200 879
31.13.127.23 - - [02/Sep/2023:14:52:49 -0500] "GET /camino-guadalupe-aguanoso-abierto-de-nuevo-al-publico.html HTTP/1.1" 200 879
31.13.127.5 - - [02/Sep/2023:14:52:49 -0500] "GET /camino-guadalupe-aguanoso-abierto-de-nuevo-al-publico.html HTTP/1.1" 200 879
52.167.144.210 - - [02/Sep/2023:14:54:08 -0500] "GET /BLA/resoluciones/RESOLUCIONES%202023/0982.pdf HTTP/1.1" 200 469983
216.245.221.92 - - [02/Sep/2023:14:54:48 -0500] "HEAD / HTTP/1.1" 200 -
216.244.66.195 - - [02/Sep/2023:14:55:09 -0500] "GET /BLA/resoluciones/RESOLUCIONES%202016/1655.pdf HTTP/1.1" 200 466835
66.249.70.7 - - [02/Sep/2023:14:55:11 -0500] "GET /BLA/resoluciones/Notificaciones/AUTOS%202023/1623.pdf HTTP/1.1" 200 392928
52.167.144.210 - - [02/Sep/2023:14:55:48 -0500] "GET /BLA/resoluciones/AUTOS%202023/0909.pdf HTTP/1.1" 200 2572661
172.22.2.4 - - [02/Sep/2023:14:54:47 -0500] "HEAD /BLA/boletinlegal/ HTTP/1.1" 200 -
201.245.192.253 - - [02/Sep/2023:14:56:51 -0500] "POST /kwsrmcab/Wsrmcab  HTTP/1.1" 200 43358
172.22.2.4 - - [02/Sep/2023:14:55:38 -0500] "GET /BLA/boletinlegal/ HTTP/1.1" 200 60692
163.172.158.174 - - [02/Sep/2023:14:57:35 -0500] "GET / HTTP/1.1" 200 319
66.249.70.5 - - [02/Sep/2023:14:58:10 -0500] "GET /BLA/resoluciones/Notificaciones/AUTOS%202023/1877.pdf HTTP/1.1" 200 1276744
216.245.221.92 - - [02/Sep/2023:14:59:48 -0500] "HEAD / HTTP/1.1" 200 -
216.244.66.195 - - [02/Sep/2023:15:01:37 -0500] "GET /BLA/resoluciones/AUTOS%202016/0172.pdf HTTP/1.1" 200 439213
201.245.192.253 - - [02/Sep/2023:15:01:51 -0500] "POST /kwsrmcab/Wsrmcab  HTTP/1.1" 200 43358
216.244.66.195 - - [02/Sep/2023:15:02:12 -0500] "GET /BLA/resoluciones/AUTOS%202016/0195.pdf HTTP/1.1" 200 440456
172.22.2.4 - - [02/Sep/2023:15:00:37 -0500] "HEAD /BLA/boletinlegal/ HTTP/1.1" 200 -
216.244.66.195 - - [02/Sep/2023:15:02:45 -0500] "GET /BLA/resoluciones/AUTOS%202016/0232.pdf HTTP/1.1" 200 687946
186.155.73.45 - - [02/Sep/2023:15:02:52 -0500] "GET /mujeres-que-reverdec HTTP/1.1" 404 1136
186.155.73.45 - - [02/Sep/2023:15:02:53 -0500] "GET /mujeres-que-reverdec HTTP/1.1" 404 1136
186.155.73.45 - - [02/Sep/2023:15:02:54 -0500] "GET /favicon.ico HTTP/1.1" 404 1334
201.245.192.253 - - [02/Sep/2023:15:03:03 -0500] "GET /BLA/resoluciones/ HTTP/1.1" 200 13502
172.22.2.4 - - [02/Sep/2023:15:01:28 -0500] "GET /BLA/boletinlegal/ HTTP/1.1" 200 58597
201.245.192.253 - - [02/Sep/2023:15:03:08 -0500] "GET /BLA/resoluciones/dlf/unknown.png HTTP/1.1" 200 266
201.245.192.253 - - [02/Sep/2023:15:03:08 -0500] "GET /BLA/resoluciones/index.php?dir=RESOLUCIONES+2008%2F HTTP/1.1" 200 976272
216.244.66.195 - - [02/Sep/2023:15:03:14 -0500] "GET /BLA/resoluciones/AUTOS%202016/0405.pdf HTTP/1.1" 200 744098
201.245.192.253 - - [02/Sep/2023:15:03:20 -0500] "GET /BLA/resoluciones/RESOLUCIONES%202008/3165.pdf HTTP/1.1" 200 179834
52.167.144.21 - - [02/Sep/2023:15:03:40 -0500] "GET /BLA/resoluciones/RESOLUCIONES%202023/0530.pdf HTTP/1.1" 200 441868
216.244.66.195 - - [02/Sep/2023:15:03:48 -0500] "GET /BLA/resoluciones/AUTOS%202016/0523.pdf HTTP/1.1" 200 773675
216.244.66.195 - - [02/Sep/2023:15:04:16 -0500] "GET /BLA/resoluciones/AUTOS%202016/0737.pdf HTTP/1.1" 200 501832
216.244.66.195 - - [02/Sep/2023:15:04:43 -0500] "GET /BLA/resoluciones/AUTOS%202016/0740.pdf HTTP/1.1" 200 506338
216.245.221.92 - - [02/Sep/2023:15:04:48 -0500] "HEAD / HTTP/1.1" 200 -
146.70.170.56 - - [02/Sep/2023:15:04:48 -0500] "GET /portaldeninos/ HTTP/1.0" 200 110175
146.70.170.56 - - [02/Sep/2023:15:04:51 -0500] "GET /portaldeninos/contactanos/ HTTP/1.0" 200 88135
146.70.170.56 - - [02/Sep/2023:15:04:54 -0500] "GET /portaldeninos/contactanos/index.php HTTP/1.0" 301 -
146.70.170.56 - - [02/Sep/2023:15:04:55 -0500] "GET /portaldeninos/contactanos/index.php HTTP/1.0" 301 -
146.70.170.56 - - [02/Sep/2023:15:04:55 -0500] "GET /portaldeninos/contactanos/index.php HTTP/1.0" 301 -
216.244.66.195 - - [02/Sep/2023:15:05:09 -0500] "GET /BLA/resoluciones/AUTOS%202016/0891.pdf HTTP/1.1" 200 804074
216.244.66.195 - - [02/Sep/2023:15:05:35 -0500] "GET /BLA/resoluciones/AUTOS%202016/1011.pdf HTTP/1.1" 200 244173
216.244.66.195 - - [02/Sep/2023:15:05:59 -0500] "GET /BLA/resoluciones/AUTOS%202016/1260.pdf HTTP/1.1" 200 335342
216.244.66.195 - - [02/Sep/2023:15:06:22 -0500] "GET /BLA/resoluciones/AUTOS%202016/1475.pdf HTTP/1.1" 200 392227
173.252.87.120 - - [02/Sep/2023:15:06:30 -0500] "GET /images/acuerdos-conservacion-08-23.jpg HTTP/1.1" 200 55051
186.155.73.45 - - [02/Sep/2023:15:06:30 -0500] "GET /mujeres-que-reverdec HTTP/1.1" 404 1136
186.155.73.45 - - [02/Sep/2023:15:06:30 -0500] "GET /mujeres-que-reverdec HTTP/1.1" 404 1136
186.155.73.45 - - [02/Sep/2023:15:06:31 -0500] "GET /favicon.ico HTTP/1.1" 404 1334
186.155.73.45 - - [02/Sep/2023:15:06:31 -0500] "GET /favicon.ico HTTP/1.1" 404 1334
216.244.66.195 - - [02/Sep/2023:15:06:45 -0500] "GET /BLA/resoluciones/AUTOS%202016/1626.pdf HTTP/1.1" 200 1098142
201.245.192.253 - - [02/Sep/2023:15:06:49 -0500] "POST /kwsrmcab/Wsrmcab  HTTP/1.1" 200 43358
172.22.2.4 - - [02/Sep/2023:15:07:06 -0500] "GET /BLA/boletinlegal/Circulares/2019/Circular%20No.%20006%20del%2008%20de%20Febrero%20de%202019.pdf HTTP/1.1" 200 674401
216.244.66.195 - - [02/Sep/2023:15:07:22 -0500] "GET /BLA/resoluciones/AUTOS%202016/1792.pdf HTTP/1.1" 200 540550
66.249.70.6 - - [02/Sep/2023:15:07:26 -0500] "GET /BLA/resoluciones/Notificaciones/RESOLUCIONES%202023/1558.pdf HTTP/1.1" 200 381014
216.244.66.195 - - [02/Sep/2023:15:08:00 -0500] "GET /BLA/resoluciones/AUTOS%202016/1968.pdf HTTP/1.1" 200 775008
172.22.2.4 - - [02/Sep/2023:15:06:27 -0500] "HEAD /BLA/boletinlegal/ HTTP/1.1" 200 -
216.244.66.195 - - [02/Sep/2023:15:08:31 -0500] "GET /BLA/resoluciones/AUTOS%202016/2174.pdf HTTP/1.1" 200 504144
172.22.2.4 - - [02/Sep/2023:15:07:18 -0500] "GET /BLA/boletinlegal/ HTTP/1.1" 200 53013
216.244.66.195 - - [02/Sep/2023:15:09:02 -0500] "GET /BLA/resoluciones/AUTOS%202016/2492.pdf HTTP/1.1" 200 513839
52.167.144.195 - - [02/Sep/2023:15:09:30 -0500] "GET /BLA/resoluciones/AUTOS%202023/0791.pdf HTTP/1.1" 200 411174
216.244.66.195 - - [02/Sep/2023:15:09:30 -0500] "GET /BLA/resoluciones/AUTOS%202016/2769.pdf HTTP/1.1" 200 476279
216.245.221.92 - - [02/Sep/2023:15:09:48 -0500] "HEAD / HTTP/1.1" 200 -
216.244.66.195 - - [02/Sep/2023:15:09:59 -0500] "GET /BLA/resoluciones/AUTOS%202016/2832.pdf HTTP/1.1" 200 408680
216.244.66.195 - - [02/Sep/2023:15:10:25 -0500] "GET /BLA/resoluciones/AUTOS%202016/2893.pdf HTTP/1.1" 200 542455
173.252.87.12 - - [02/Sep/2023:15:11:05 -0500] "GET /bogota-empieza-la-consolidacion-de-la-estrategia-de-bosques-urbanos-con-el-brazo-salitre-en-barrios-unidos.html HTTP/1.1" 200 892
173.252.87.1 - - [02/Sep/2023:15:11:05 -0500] "GET /movilidad-sostenible-para-mitigar-el-cambio-climatico.html HTTP/1.1" 200 768
201.245.192.253 - - [02/Sep/2023:15:11:47 -0500] "POST /kwsrmcab/Wsrmcab  HTTP/1.1" 200 43358
40.77.167.6 - - [02/Sep/2023:15:12:43 -0500] "GET /BLA/resoluciones/index.php?dir=RESOLUCIONES+2006%2FRES+2006+751-800%2F HTTP/1.1" 200 12235
172.22.2.4 - - [02/Sep/2023:15:12:17 -0500] "HEAD /BLA/boletinlegal/ HTTP/1.1" 200 -
216.244.66.195 - - [02/Sep/2023:15:14:47 -0500] "GET /robots.txt HTTP/1.1" 404 1018
172.22.2.4 - - [02/Sep/2023:15:13:08 -0500] "GET /BLA/boletinlegal/ HTTP/1.1" 200 58597
216.245.221.92 - - [02/Sep/2023:15:14:48 -0500] "HEAD / HTTP/1.1" 200 -
40.77.167.6 - - [02/Sep/2023:15:15:15 -0500] "GET /BLA/resoluciones/AUTOS%202023/3348.pdf HTTP/1.1" 200 962315
40.77.167.6 - - [02/Sep/2023:15:15:16 -0500] "GET /BLA/resoluciones/RESOLUCIONES%202023/1364.pdf HTTP/1.1" 200 441618
66.249.70.6 - - [02/Sep/2023:15:16:18 -0500] "GET /BLA/resoluciones/Notificaciones/AUTOS%202023/1473.pdf HTTP/1.1" 200 391360
201.245.192.253 - - [02/Sep/2023:15:16:46 -0500] "POST /kwsrmcab/Wsrmcab  HTTP/1.1" 200 43358
201.245.192.253 - - [02/Sep/2023:15:18:18 -0500] "POST /kwsrmcab/Wsrmcab HTTP/1.1" 200 43375
201.245.192.253 - - [02/Sep/2023:15:18:21 -0500] "POST /kwsrmcab/Wsrmcab HTTP/1.1" 200 42699
66.249.70.6 - - [02/Sep/2023:15:19:07 -0500] "GET /portel_dama/libreria/php/2006/ECOSISTEMAS%20FINAL%20web_mz27/restauracion/sitio/22_proye/xtras_in/4.pdf HTTP/1.1" 404 1018
172.22.2.4 - - [02/Sep/2023:15:18:07 -0500] "HEAD /BLA/boletinlegal/ HTTP/1.1" 200 -
216.245.221.92 - - [02/Sep/2023:15:19:48 -0500] "HEAD / HTTP/1.1" 200 -
172.22.2.4 - - [02/Sep/2023:15:18:58 -0500] "GET /BLA/boletinlegal/ HTTP/1.1" 200 58597
40.77.167.7 - - [02/Sep/2023:15:20:51 -0500] "GET /BLA/resoluciones/RESOLUCIONES%202023/0968.pdf HTTP/1.1" 200 488843
172.22.2.4 - - [02/Sep/2023:15:20:58 -0500] "GET /BLA/boletinlegal/actos.php HTTP/1.1" 200 9682
66.249.70.5 - - [02/Sep/2023:15:21:24 -0500] "GET /BLA/resoluciones/RESOLUCIONES%202009/5909.pdf HTTP/1.1" 200 387030
201.245.192.253 - - [02/Sep/2023:15:21:46 -0500] "POST /kwsrmcab/Wsrmcab  HTTP/1.1" 200 43358
52.167.144.108 - - [02/Sep/2023:15:21:51 -0500] "GET /BLA/resoluciones/AUTOS%202023/1258.pdf HTTP/1.1" 200 463480
216.244.66.195 - - [02/Sep/2023:15:22:17 -0500] "GET /BLA/resoluciones/Resoluciones%202011/6416.pdf HTTP/1.1" 200 3596143
66.249.70.7 - - [02/Sep/2023:15:23:15 -0500] "GET /BLA/resoluciones/RESOLUCIONES%202009/9510.pdf HTTP/1.1" 200 304609
216.245.221.92 - - [02/Sep/2023:15:24:48 -0500] "HEAD / HTTP/1.1" 200 -
216.244.66.195 - - [02/Sep/2023:15:24:55 -0500] "GET /transparencia/directorioservidores/septiembre2015.xlsx HTTP/1.1" 200 37000
172.22.2.4 - - [02/Sep/2023:15:23:57 -0500] "HEAD /BLA/boletinlegal/ HTTP/1.1" 200 -
66.249.70.7 - - [02/Sep/2023:15:25:42 -0500] "GET /BLA/resoluciones/AUTOS%202015/0888.pdf HTTP/1.1" 200 465674
66.249.70.6 - - [02/Sep/2023:15:26:13 -0500] "GET /BLA/resoluciones/AUTOS%202012/1300.pdf HTTP/1.1" 200 193645
66.249.70.6 - - [02/Sep/2023:15:26:14 -0500] "GET /BLA/resoluciones/Notificaciones/AUTOS%202023/1525.pdf HTTP/1.1" 200 4575923
172.22.2.4 - - [02/Sep/2023:15:24:48 -0500] "GET /BLA/boletinlegal/ HTTP/1.1" 200 58597
201.245.192.253 - - [02/Sep/2023:15:26:44 -0500] "POST /kwsrmcab/Wsrmcab  HTTP/1.1" 200 43358
201.245.192.253 - - [02/Sep/2023:15:28:18 -0500] "POST /kwsrmcab/Wsrmcab HTTP/1.1" 200 43375
201.245.192.253 - - [02/Sep/2023:15:28:22 -0500] "POST /kwsrmcab/Wsrmcab HTTP/1.1" 200 42699
66.249.70.5 - - [02/Sep/2023:15:29:32 -0500] "GET /BLA/resoluciones/AUTOS%202013/2701.pdf HTTP/1.1" 200 394736
216.245.221.92 - - [02/Sep/2023:15:29:48 -0500] "HEAD / HTTP/1.1" 200 -
172.22.2.4 - - [02/Sep/2023:15:29:47 -0500] "HEAD /BLA/boletinlegal/ HTTP/1.1" 200 -
201.245.192.253 - - [02/Sep/2023:15:31:43 -0500] "POST /kwsrmcab/Wsrmcab  HTTP/1.1" 200 43358
172.22.2.4 - - [02/Sep/2023:15:30:38 -0500] "GET /BLA/boletinlegal/ HTTP/1.1" 200 58981
52.167.144.222 - - [02/Sep/2023:15:32:26 -0500] "GET /BLA/resoluciones/AUTOS%202023/3116.pdf HTTP/1.1" 200 2620587
185.91.127.13 - - [02/Sep/2023:15:32:47 -0500] "CONNECT judge.9000.co.in:443 HTTP/1.1" 405 944
66.249.70.6 - - [02/Sep/2023:15:32:49 -0500] "GET /BLA/resoluciones/Autos%202008/0368.pdf HTTP/1.1" 200 151967
172.22.2.4 - - [02/Sep/2023:15:33:00 -0500] "GET /BLA/boletinlegal/ HTTP/1.1" 200 63248
216.245.221.92 - - [02/Sep/2023:15:34:48 -0500] "HEAD / HTTP/1.1" 200 -
66.249.70.5 - - [02/Sep/2023:15:35:51 -0500] "GET /BLA/resoluciones/Autos%202008/0851.pdf HTTP/1.1" 200 76780
