201.245.192.253 - - [05/Sep/2023:12:08:07 -0500] "POST /forms/lservlet;jsessionid=ac16012b30d62eda719afc174e28a0dea47e26939047.e3iSbxaKaheRe34Rch0Ra3mLchv0n6jAmljGr5XDqQLvpAe HTTP/1.1" 200 2
201.245.192.253 - - [05/Sep/2023:12:08:06 -0500] "POST /sipse/faces/presentacion/financiero/solicitudProceso/listarSolicitudProceso.xhtml HTTP/1.1" 200 115370
201.245.192.253 - - [05/Sep/2023:12:08:08 -0500] "GET /sipse/faces/javax.faces.resource/theme.css?ln=primefaces-sipse HTTP/1.1" 304 -
201.245.192.253 - - [05/Sep/2023:12:08:08 -0500] "GET /sipse/faces/javax.faces.resource/primefaces.css?ln=primefaces&v=4.0 HTTP/1.1" 304 -
201.245.192.253 - - [05/Sep/2023:12:08:08 -0500] "GET /sipse/faces/javax.faces.resource/layout/layout.css?ln=primefaces&v=4.0 HTTP/1.1" 304 -
201.245.192.253 - - [05/Sep/2023:12:08:08 -0500] "GET /sipse/faces/javax.faces.resource/jquery/jquery.js?ln=primefaces&v=4.0 HTTP/1.1" 304 -
201.245.192.253 - - [05/Sep/2023:12:08:08 -0500] "GET /sipse/faces/javax.faces.resource/jquery/jquery-plugins.js?ln=primefaces&v=4.0 HTTP/1.1" 304 -
201.245.192.253 - - [05/Sep/2023:12:08:08 -0500] "GET /sipse/faces/javax.faces.resource/primefaces.js?ln=primefaces&v=4.0 HTTP/1.1" 304 -
201.245.192.253 - - [05/Sep/2023:12:08:08 -0500] "GET /sipse/faces/javax.faces.resource/layout/layout.js?ln=primefaces&v=4.0 HTTP/1.1" 304 -
201.245.192.253 - - [05/Sep/2023:12:08:12 -0500] "POST /sipse/faces/presentacion/financiero/solicitudProceso/consultarSolicitudProceso.xhtml HTTP/1.1" 200 143078
201.245.192.253 - - [05/Sep/2023:12:08:48 -0500] "POST /forms/lservlet;jsessionid=ac16012b30d6bc37a32d6dd1475b9cc7ba92661c2a41.e3iSbxaKaheRe34Rch0Ra3mLchv0n6jAmljGr5XDqQLvpAe HTTP/1.1" 200 2
172.22.2.4 - - [05/Sep/2023:12:08:49 -0500] "GET /BLA/boletinlegal/favicon.ico HTTP/1.1" 404 1140
40.77.167.65 - - [05/Sep/2023:12:09:27 -0500] "GET /BLA/boletinlegal/Circulares/2023/CIRCULAR%20No.%2000002%20DEL%2020%20DE%20FEBRERO%20DEL%202023.pdf HTTP/1.1" 200 333231
216.244.66.195 - - [05/Sep/2023:12:09:27 -0500] "GET /BLA/resoluciones/AUTOS%202016/0092.pdf HTTP/1.1" 200 589448
216.245.221.92 - - [05/Sep/2023:12:09:38 -0500] "HEAD / HTTP/1.1" 200 -
201.245.192.253 - - [05/Sep/2023:12:09:39 -0500] "GET /sipse/faces/javax.faces.resource/images/ui-bg_flat_0_2d5972_40x100.png?ln=primefaces-aristo HTTP/1.1" 304 -
201.245.192.253 - - [05/Sep/2023:12:09:39 -0500] "POST /sipse/faces/presentacion/financiero/solicitudAnulacion/registrarSolicitudAnulacion.xhtml HTTP/1.1" 200 3072
201.245.192.253 - - [05/Sep/2023:12:09:41 -0500] "POST /sipse/faces/presentacion/financiero/solicitudAnulacion/registrarSolicitudAnulacion.xhtml HTTP/1.1" 200 3076
172.22.2.4 - - [05/Sep/2023:12:08:10 -0500] "HEAD /BLA/boletinlegal/ HTTP/1.1" 200 -
216.244.66.195 - - [05/Sep/2023:12:09:53 -0500] "GET /BLA/resoluciones/AUTOS%202016/0580.pdf HTTP/1.1" 200 530412
201.245.192.253 - - [05/Sep/2023:12:10:07 -0500] "POST /forms/lservlet;jsessionid=ac16012b30d62eda719afc174e28a0dea47e26939047.e3iSbxaKaheRe34Rch0Ra3mLchv0n6jAmljGr5XDqQLvpAe HTTP/1.1" 200 2
216.244.66.195 - - [05/Sep/2023:12:10:13 -0500] "GET /BLA/resoluciones/AUTOS%202016/0581.pdf HTTP/1.1" 200 443845
201.245.192.253 - - [05/Sep/2023:12:10:29 -0500] "POST /sipse/faces/presentacion/financiero/solicitudAnulacion/registrarSolicitudAnulacion.xhtml HTTP/1.1" 200 3076
201.245.192.253 - - [05/Sep/2023:12:10:29 -0500] "POST /sipse/faces/presentacion/financiero/solicitudAnulacion/registrarSolicitudAnulacion.xhtml HTTP/1.1" 200 38080
201.245.192.253 - - [05/Sep/2023:12:10:32 -0500] "GET /sipse/faces/javax.faces.resource/jquery/jquery.js?ln=primefaces&v=4.0 HTTP/1.1" 304 -
201.245.192.253 - - [05/Sep/2023:12:10:32 -0500] "GET /sipse/faces/javax.faces.resource/jquery/jquery-plugins.js?ln=primefaces&v=4.0 HTTP/1.1" 304 -
201.245.192.253 - - [05/Sep/2023:12:10:32 -0500] "GET /sipse/faces/javax.faces.resource/primefaces.js?ln=primefaces&v=4.0 HTTP/1.1" 304 -
201.245.192.253 - - [05/Sep/2023:12:10:32 -0500] "GET /sipse/faces/javax.faces.resource/layout/layout.js?ln=primefaces&v=4.0 HTTP/1.1" 304 -
201.245.192.253 - - [05/Sep/2023:12:10:32 -0500] "GET /sipse/faces/javax.faces.resource/messages/messages.png?ln=primefaces&v=4.0 HTTP/1.1" 304 -
201.245.192.253 - - [05/Sep/2023:12:10:32 -0500] "POST /sipse/faces/presentacion/financiero/solicitudAnulacion/solicitudAnulacion.xhtml HTTP/1.1" 200 12476
216.244.66.195 - - [05/Sep/2023:12:10:33 -0500] "GET /BLA/resoluciones/AUTOS%202016/0729.pdf HTTP/1.1" 200 656834
172.22.2.4 - - [05/Sep/2023:12:09:01 -0500] "GET /BLA/boletinlegal/ HTTP/1.1" 200 58187
201.245.192.253 - - [05/Sep/2023:12:10:48 -0500] "POST /forms/lservlet;jsessionid=ac16012b30d6bc37a32d6dd1475b9cc7ba92661c2a41.e3iSbxaKaheRe34Rch0Ra3mLchv0n6jAmljGr5XDqQLvpAe HTTP/1.1" 200 2
216.244.66.195 - - [05/Sep/2023:12:10:51 -0500] "GET /BLA/resoluciones/AUTOS%202016/0730.pdf HTTP/1.1" 200 474931
66.249.66.75 - - [05/Sep/2023:12:10:53 -0500] "GET /robots.txt HTTP/1.1" 404 1035
66.249.66.76 - - [05/Sep/2023:12:10:53 -0500] "GET /portaldeninos/2021/06/29/jasbleady-castaneda-una-mujer-que-le-pone-el-alma-a-la-proteccion-de-las-tinguas-azules/feed/ HTTP/1.1" 200 1208
216.244.66.195 - - [05/Sep/2023:12:11:10 -0500] "GET /BLA/resoluciones/AUTOS%202016/0832.pdf HTTP/1.1" 200 443529
216.244.66.195 - - [05/Sep/2023:12:11:34 -0500] "GET /BLA/resoluciones/AUTOS%202016/0835.pdf HTTP/1.1" 200 481112
216.244.66.195 - - [05/Sep/2023:12:11:55 -0500] "GET /BLA/resoluciones/AUTOS%202016/1032.pdf HTTP/1.1" 200 573764
201.245.192.253 - - [05/Sep/2023:12:12:07 -0500] "POST /forms/lservlet;jsessionid=ac16012b30d62eda719afc174e28a0dea47e26939047.e3iSbxaKaheRe34Rch0Ra3mLchv0n6jAmljGr5XDqQLvpAe HTTP/1.1" 200 2
201.245.192.253 - - [05/Sep/2023:12:12:06 -0500] "POST /kwsrmcab/Wsrmcab  HTTP/1.1" 200 42865
216.244.66.195 - - [05/Sep/2023:12:12:20 -0500] "GET /BLA/resoluciones/AUTOS%202016/1097.pdf HTTP/1.1" 200 480984
216.244.66.195 - - [05/Sep/2023:12:12:39 -0500] "GET /BLA/resoluciones/AUTOS%202016/1311.pdf HTTP/1.1" 200 435024
201.245.192.253 - - [05/Sep/2023:12:12:48 -0500] "POST /forms/lservlet;jsessionid=ac16012b30d6bc37a32d6dd1475b9cc7ba92661c2a41.e3iSbxaKaheRe34Rch0Ra3mLchv0n6jAmljGr5XDqQLvpAe HTTP/1.1" 200 2
216.244.66.195 - - [05/Sep/2023:12:13:01 -0500] "GET /BLA/resoluciones/AUTOS%202016/1486.pdf HTTP/1.1" 200 329592
216.244.66.195 - - [05/Sep/2023:12:13:18 -0500] "GET /BLA/resoluciones/AUTOS%202016/1706.pdf HTTP/1.1" 200 338211
216.244.66.195 - - [05/Sep/2023:12:13:34 -0500] "GET /BLA/resoluciones/AUTOS%202016/1825.pdf HTTP/1.1" 200 471032
190.25.224.10 - - [05/Sep/2023:12:13:42 -0500] "GET /catalogoisis/ HTTP/1.1" 200 8575
54.36.148.13 - - [05/Sep/2023:12:13:43 -0500] "GET /robots.txt HTTP/1.1" 404 1018
216.244.66.195 - - [05/Sep/2023:12:13:50 -0500] "GET /BLA/resoluciones/AUTOS%202016/2153.pdf HTTP/1.1" 200 1007164
216.244.66.195 - - [05/Sep/2023:12:14:06 -0500] "GET /BLA/resoluciones/AUTOS%202016/2329.pdf HTTP/1.1" 200 567471
201.245.192.253 - - [05/Sep/2023:12:14:07 -0500] "POST /forms/lservlet;jsessionid=ac16012b30d62eda719afc174e28a0dea47e26939047.e3iSbxaKaheRe34Rch0Ra3mLchv0n6jAmljGr5XDqQLvpAe HTTP/1.1" 200 2
216.244.66.195 - - [05/Sep/2023:12:14:20 -0500] "GET /BLA/resoluciones/AUTOS%202016/2336.pdf HTTP/1.1" 200 703133
216.244.66.195 - - [05/Sep/2023:12:14:33 -0500] "GET /BLA/resoluciones/AUTOS%202016/2538.pdf HTTP/1.1" 200 700646
216.245.221.92 - - [05/Sep/2023:12:14:38 -0500] "HEAD / HTTP/1.1" 200 -
216.244.66.195 - - [05/Sep/2023:12:14:44 -0500] "GET /BLA/resoluciones/AUTOS%202016/2845.pdf HTTP/1.1" 200 381318
201.245.192.253 - - [05/Sep/2023:12:14:48 -0500] "POST /forms/lservlet;jsessionid=ac16012b30d6bc37a32d6dd1475b9cc7ba92661c2a41.e3iSbxaKaheRe34Rch0Ra3mLchv0n6jAmljGr5XDqQLvpAe HTTP/1.1" 200 2
179.33.66.88 - - [05/Sep/2023:12:14:53 -0500] "OPTIONS /kwssiamovil/sm/setfile/f? HTTP/1.1" 200 13
179.33.66.88 - - [05/Sep/2023:12:14:53 -0500] "POST /kwssiamovil/sm/setfile/f? HTTP/1.1" 200 381
216.244.66.195 - - [05/Sep/2023:12:14:54 -0500] "GET /BLA/resoluciones/AUTOS%202016/3091.pdf HTTP/1.1" 200 603547
40.77.167.75 - - [05/Sep/2023:12:14:57 -0500] "GET /Publicaciones/2023EE203331.pdf HTTP/1.1" 200 231909
179.33.66.88 - - [05/Sep/2023:12:15:01 -0500] "GET /kwssiamovil/sm/acme/a?s=U2FsdGVkX19m/pYsBGaQDCVW9F16sl/svu83G3/cA6iZD1XWl5D/4cKucs+9ZUQmWI4LzYiFrbTBAxUF/R0PPl6PFuCUQ8/AcSJCJmfKgetcDp4jcMvEDGmF5fm/VULk5wyT8TFpfQAfPiJf6GesOV2BGTCsidgH5yS9nQ8CuLGFcPf3sQWTosNy4icCnHnKCilJDUc0aRatlhCl44V+ndnC0KfWMBG5vSWEEAtJZNiZV7j4MItnrOu65wWpFlBRlUBymPkdC1D9ls3oFty6Iw==&u=U2FsdGVkX188E06YY8GuDWiubcGKLtw+B2ng2HYO8tE=&y=U2FsdGVkX18Czkyn4jqMBeFCwG8YvAJAHAinOlmDha4gFv9jn9c7vaRxSGkQ6qDn HTTP/1.1" 200 26
179.33.66.88 - - [05/Sep/2023:12:15:02 -0500] "GET /kwssiamovil/sm/acme/a?s=U2FsdGVkX1+em/ZbjKbiyIUTBkghQ5RGIm7dHz3arqaUTHkqhZ5MgV4Fu7BBtLIIA3oFUcXxVjB1cab5vA8WWKZk4XWUsS4tzMiSyf9teAPsXQrn/iCMSkjDq8Kk8Jfv+FXnY4PHRBdgA0PgopbFPG2MPB5YFpd/m1084f/hdXjcUUHqiuhdkiQAGZhkD//8fdfDZL9ObvqSF/4b5uFnnlF9akXVFYjKmZ3stTa9rJuJjSdDnDj9X/F30cQkBTGT24AYcStCIItw+7RxCdMFDrOn/P1okdtsTdXqDNN+4YsPi77t/0dHIoM+wzEPwPO3hhHLidn+K/DrWLnpvNRd53SJSDnGJlo7ZdAmDGlKNo2f3TWcsW+4NpHl812koLKbi1ZsLYlHdsbFi1LuuQiYN2I4c+2Qtd7yQjEyakepBfM8hMlkBp995QuRwVZtbORC6E8dUB2vZA4uKhP3tzbTQLsi7JzJkgSikdQ04wW6QOJUXZY1lqOunuVsZPyucUKab2Wv+TryGalsiKmZuVVMxhxtp277Fd8iA1Tsa2Y/E0ziiEqoX0UdT/vQ9GXeKIaLuprLpmyIo+LTQUNVJ7Ef5dvYVor0kirYB9O8JAwOUic+Qf2bVc9XgMvKZ/yv47w5iOMr6au74asDxxU0BJZDbQESQ32kK727gPMmmtYFf8WsZ2nbXSjn2qFMx851jHmMpUp86gtjWjurrr8oDHKc/fn2z8kUFZiA+OzTC6Ajk3+WSaTcNmAFhISx1aX0tD/mwKs1rIHgFzdO5off3noKIy98ZG8CAizqkyuAsr7X3r310nUamZ+kEC7RFTpMDrSeLUTCQxOFLWO2DppZJcYJqLEKC6N18t15YQzptjt8PUog7y7BQ/jFqVl+aGvRgpZdCoSEO3vBa1wo41HN3r86LiyNOs8OJFS6YjkTM76amTSwjbDC8j/4/r/Y099yuvcFaJbw3iQ0m3uBM39DlhsZw/h+iZNAbK3hd3dAZOOGR1HWVrlCw/3RhNurX3uL1LYgjcawknm0FeEBifepQZ5O/3elg2wgw68wLvD4tUvsiR688Se1tuJo7gab6ArH2TGPiwwzEboPdefUDgvbqQgPVpng1snEmmGfyNeNccbg+LjVCqvSpasuR2CbLz4MtiUgP47Jpp4ovFIFzrPaE+wE+ndhg6hBE+900IZkHz4VgnpxmJl5YcmSNkPQFcivBazhx67k2TvX/6UASo6fn36F/Kz1R0xT12t/BmOh60Jihu9qMLCjfPx9aOruNw4Mi8xaIXwAT6+guK3uFdnnjwXfWb2W5FMsopMJkhgQJZvfqpoFxtEKRCLvOAa6h1Ap5THFiFNKSVZIm9XKEwzsIiWf3S6dXyW7AG10ll1WvJGe8ZkjlhOSQvMfYJFvQ0hSFAvbPMiMNi22mNp7zX3fZfWfHTCIMub7iyS0xuin4BCmmRKgq+pAPVO17WfeZI5VeK9iBQq+fyKzyUCneencutQn0MVImnxNBnX2IHgvDS5HBKbKpr7iptAYKY1IzLDqrPfqo6znuZBs0lyfNTgZ+MT9zg==&u=U2FsdGVkX188E06YY8GuDWiubcGKLtw+B2ng2HYO8tE=&y=U2FsdGVkX18Czkyn4jqMBeFCwG8YvAJAHAinOlmDha4gFv9jn9c7vaRxSGkQ6qDn HTTP/1.1" 200 26
179.33.66.88 - - [05/Sep/2023:12:15:02 -0500] "GET /kwssiamovil/sm/acme/a?s=U2FsdGVkX19hTol3dr558oz7CuKoAx01cD3wr17tvd/Jue0tOYbB5qofnPP0HbCMvMZlC56+YmnlrjsTb0enG5itV9GUFRox6SiohOWjUpcC4BfCiFVyC2fJXHDmDAZHQYLXvCw4KpRl9XQJ+4oBx8vWerU2vEjxWUzb2sorL0A=&u=U2FsdGVkX188E06YY8GuDWiubcGKLtw+B2ng2HYO8tE=&y=U2FsdGVkX18Czkyn4jqMBeFCwG8YvAJAHAinOlmDha4gFv9jn9c7vaRxSGkQ6qDn HTTP/1.1" 200 26
179.33.66.88 - - [05/Sep/2023:12:15:03 -0500] "GET /kwssiamovil/sm/acme/a?s=U2FsdGVkX18yKJPq8yMuxNxWOm5KWnrYzdqhPXh9pIvz+VPCbX8JfLSAIDNjzdN44SUyLFo8BpK8cdT1CcOjEpgLfmlawpFACELvd0eeInYxb0sWhOnFT9ZyyV5aJqSi0ICxyQgSC7EPLaizJH6mnQW5SF8HsNGUREPeYLHC0M0=&u=U2FsdGVkX188E06YY8GuDWiubcGKLtw+B2ng2HYO8tE=&y=U2FsdGVkX18Czkyn4jqMBeFCwG8YvAJAHAinOlmDha4gFv9jn9c7vaRxSGkQ6qDn HTTP/1.1" 200 26
179.33.66.88 - - [05/Sep/2023:12:15:03 -0500] "GET /kwssiamovil/sm/acme/a?s=U2FsdGVkX1/Woq8uF7hEvtVM2T3EaybLzmAfkG9EfxH6A+7ijenoBrdMit37RE/vUp5otlW5vAWWrr56hLf5u7hU5IgseAa94G3Rz82piR6+yv6Cwp0jQuyBIuLDwaGgBPkLl1CNdKv6WgjHdxOgczx1aCKM9YOeqrCnYHPDX2I=&u=U2FsdGVkX188E06YY8GuDWiubcGKLtw+B2ng2HYO8tE=&y=U2FsdGVkX18Czkyn4jqMBeFCwG8YvAJAHAinOlmDha4gFv9jn9c7vaRxSGkQ6qDn HTTP/1.1" 200 26
179.33.66.88 - - [05/Sep/2023:12:15:03 -0500] "GET /kwssiamovil/sm/acme/a?s=U2FsdGVkX193bQurP4sGo22e168ClULxD3/OtTeaHSNuitB0doT572tmQvqbtUlSGfvaEucsw/Ul4FyH/sV29iVE5ry/d8YZW3kKseKHWtk0ekwbPdRYA+cs3qS/AnBzoyYGCxYr/+7OK459XkEMP9KUZWMqck5vuH1hfL+HM2g963nhPCSzCHYAe/wlJFS71BAQ/P/iyRlbDAVjNTS5Lw==&u=U2FsdGVkX188E06YY8GuDWiubcGKLtw+B2ng2HYO8tE=&y=U2FsdGVkX18Czkyn4jqMBeFCwG8YvAJAHAinOlmDha4gFv9jn9c7vaRxSGkQ6qDn HTTP/1.1" 200 26
179.33.66.88 - - [05/Sep/2023:12:15:03 -0500] "GET /kwssiamovil/sm/acme/a?s=U2FsdGVkX1+qsTR4X3/H8pxq7IBEExf6DWo5tSNMXTw3diKjo4fDBQntiw17T2mVpbHmzDkoioAb294Lbi5ALqF9XLYWcWJYXGkhLh8mo4/O7rehXGgeuUofMuWfDtJzygG+ytKzYBJrJO5keOBGKzBxbXisvL9n8zGBJLT2bpd7gcIaPxwHbLTpzc09ri0e1kbtfmvYOggszMeoDBAfFMULPsKQBIeqXmf7Oh2Obl4icVGhytuyqCpeaa2Y9NiO1/ixsTIDj33k4f2p3wido4Bi+LK+phNbc2xMF/pq2t42ddXRpW97P89rK+Q2Yp1xh2uK+QNnem5LqpuZOyM7kolmvZrIxhZJIYQfe+c6b+vUDKJLJBd5Yyv1IK+FIcLs&u=U2FsdGVkX188E06YY8GuDWiubcGKLtw+B2ng2HYO8tE=&y=U2FsdGVkX18Czkyn4jqMBeFCwG8YvAJAHAinOlmDha4gFv9jn9c7vaRxSGkQ6qDn HTTP/1.1" 200 25
179.33.66.88 - - [05/Sep/2023:12:15:04 -0500] "GET /kwssiamovil/sm/acme/a?s=U2FsdGVkX18cWDG62KWkwxMq3XOH/4ROuu4JwP5rDCuH0QH2187QMcfiubIZwdfS0BDBUTbVAHVMKU3sVL7vqvIOqNsXIHYXbJ2zVEy4k4HHV9eUpuzFwnzS00pPCQHI+mZHq7PU7iwvYhZaw2GDRGT+FumW6oSJZ/2PGmQ8ZIfwq909zg/exskZ1kWosjMG4CSE3j1ZybzD3SWRHAbDLI8xefhb9FrRJQKGX817XdxNAEkSWFNklK0meJWl/1Q8yNWfSFRuaMooYY8ewOXcD9H5N6v3VOi0Mv9Rz9g6GQcoaSUsIBHhs/EglqVa/U6EOU1HASwGMlVcxhEsTJyWjfheQaJfmcSoEpUGgYn4VDw=&u=U2FsdGVkX188E06YY8GuDWiubcGKLtw+B2ng2HYO8tE=&y=U2FsdGVkX18Czkyn4jqMBeFCwG8YvAJAHAinOlmDha4gFv9jn9c7vaRxSGkQ6qDn HTTP/1.1" 200 25
216.244.66.195 - - [05/Sep/2023:12:15:32 -0500] "GET /BLA/resoluciones/AUTOS%202007/3315.pdf HTTP/1.1" 200 153191
172.22.2.4 - - [05/Sep/2023:12:14:00 -0500] "HEAD /BLA/boletinlegal/ HTTP/1.1" 200 -
190.27.63.34 - - [05/Sep/2023:12:15:47 -0500] "GET /mesa/contrasena.pdf HTTP/1.1" 200 443199
190.27.63.34 - - [05/Sep/2023:12:15:48 -0500] "GET /mesa/contrasena.pdf HTTP/1.1" 206 1
190.27.63.34 - - [05/Sep/2023:12:15:48 -0500] "GET /mesa/contrasena.pdf HTTP/1.1" 206 434759
216.244.66.195 - - [05/Sep/2023:12:16:02 -0500] "GET /BLA/resoluciones/AUTOS%202014/1361.pdf HTTP/1.1" 200 509251
201.245.192.253 - - [05/Sep/2023:12:16:07 -0500] "POST /forms/lservlet;jsessionid=ac16012b30d62eda719afc174e28a0dea47e26939047.e3iSbxaKaheRe34Rch0Ra3mLchv0n6jAmljGr5XDqQLvpAe HTTP/1.1" 200 2
172.22.2.4 - - [05/Sep/2023:12:14:51 -0500] "GET /BLA/boletinlegal/ HTTP/1.1" 200 60692
216.244.66.195 - - [05/Sep/2023:12:16:32 -0500] "GET /BLA/resoluciones/AUTOS%202014/1912.pdf HTTP/1.1" 200 522448
201.245.192.253 - - [05/Sep/2023:12:16:48 -0500] "POST /forms/lservlet;jsessionid=ac16012b30d6bc37a32d6dd1475b9cc7ba92661c2a41.e3iSbxaKaheRe34Rch0Ra3mLchv0n6jAmljGr5XDqQLvpAe HTTP/1.1" 200 2
201.245.192.253 - - [05/Sep/2023:12:17:05 -0500] "POST /kwsrmcab/Wsrmcab  HTTP/1.1" 200 42865
216.244.66.195 - - [05/Sep/2023:12:17:13 -0500] "GET /BLA/resoluciones/AUTOS%202007/1964.pdf HTTP/1.1" 200 57154
172.22.2.4 - - [05/Sep/2023:12:17:33 -0500] "GET /BLA/boletinlegal/actos.php HTTP/1.1" 200 9682
172.22.2.4 - - [05/Sep/2023:12:17:33 -0500] "GET /BLA/boletinlegal/styles2.css HTTP/1.1" 200 1838
172.22.2.4 - - [05/Sep/2023:12:17:33 -0500] "GET /BLA/boletinlegal/niceforms-default.css HTTP/1.1" 200 6694
172.22.2.4 - - [05/Sep/2023:12:17:33 -0500] "GET /BLA/boletinlegal/style.css HTTP/1.1" 200 9406
172.22.2.4 - - [05/Sep/2023:12:17:33 -0500] "GET /BLA/boletinlegal/js/ajax_actos.js HTTP/1.1" 200 1322
172.22.2.4 - - [05/Sep/2023:12:17:33 -0500] "GET /BLA/boletinlegal/niceforms.js HTTP/1.1" 200 22876
172.22.2.4 - - [05/Sep/2023:12:17:33 -0500] "GET /BLA/boletinlegal/js/lib.js HTTP/1.1" 200 6474
172.22.2.4 - - [05/Sep/2023:12:17:33 -0500] "GET /BLA/boletinlegal/js/popup.js HTTP/1.1" 200 1270
172.22.2.4 - - [05/Sep/2023:12:17:33 -0500] "GET /BLA/boletinlegal/js/jquery1.js HTTP/1.1" 200 29846
172.22.2.4 - - [05/Sep/2023:12:17:33 -0500] "GET /BLA/boletinlegal/images/cabezote%20BLEGAL.jpg HTTP/1.1" 200 118164
172.22.2.4 - - [05/Sep/2023:12:17:33 -0500] "GET /BLA/boletinlegal/images/subscribe-icon-big.png HTTP/1.1" 200 47702
172.22.2.4 - - [05/Sep/2023:12:17:33 -0500] "GET /BLA/boletinlegal/images/historia.png HTTP/1.1" 200 52775
172.22.2.4 - - [05/Sep/2023:12:17:33 -0500] "GET /BLA/boletinlegal/images/registro-usuarios.png HTTP/1.1" 200 8106
172.22.2.4 - - [05/Sep/2023:12:17:33 -0500] "GET /BLA/boletinlegal/images/green-yellow-blue-pink-th.png HTTP/1.1" 200 7394
172.22.2.4 - - [05/Sep/2023:12:17:33 -0500] "GET /BLA/boletinlegal/images/tel.png HTTP/1.1" 200 14477
172.22.2.4 - - [05/Sep/2023:12:17:33 -0500] "GET /BLA/boletinlegal/images/icono-email.png HTTP/1.1" 200 5544
172.22.2.4 - - [05/Sep/2023:12:17:33 -0500] "GET /BLA/boletinlegal/images/body_bg.jpg HTTP/1.1" 200 1601
172.22.2.4 - - [05/Sep/2023:12:17:33 -0500] "GET /BLA/boletinlegal/images/menu_lft.gif HTTP/1.1" 200 1713
172.22.2.4 - - [05/Sep/2023:12:17:33 -0500] "GET /BLA/boletinlegal/images/menu_rght.gif HTTP/1.1" 200 1627
172.22.2.4 - - [05/Sep/2023:12:17:33 -0500] "GET /BLA/boletinlegal/images/bg_top.jpg HTTP/1.1" 200 522
172.22.2.4 - - [05/Sep/2023:12:17:33 -0500] "GET /BLA/boletinlegal/images/menu_bg.jpg HTTP/1.1" 200 620
172.22.2.4 - - [05/Sep/2023:12:17:33 -0500] "GET /BLA/boletinlegal/images/hover.jpg HTTP/1.1" 200 640
172.22.2.4 - - [05/Sep/2023:12:17:33 -0500] "GET /BLA/boletinlegal/images/text.jpg HTTP/1.1" 200 568
172.22.2.4 - - [05/Sep/2023:12:17:33 -0500] "GET /BLA/boletinlegal/images/footer_bg.jpg HTTP/1.1" 200 586
172.22.2.4 - - [05/Sep/2023:12:17:33 -0500] "GET /BLA/boletinlegal/images/footer_bg_l.jpg HTTP/1.1" 200 776
172.22.2.4 - - [05/Sep/2023:12:17:34 -0500] "GET /BLA/boletinlegal/img/0.png HTTP/1.1" 200 110
172.22.2.4 - - [05/Sep/2023:12:17:34 -0500] "GET /BLA/boletinlegal/img/select-left.png HTTP/1.1" 200 263
172.22.2.4 - - [05/Sep/2023:12:17:34 -0500] "GET /BLA/boletinlegal/img/select-right.png HTTP/1.1" 200 44019
172.22.2.4 - - [05/Sep/2023:12:17:34 -0500] "GET /BLA/boletinlegal/img/button-left.png HTTP/1.1" 200 57071
172.22.2.4 - - [05/Sep/2023:12:17:34 -0500] "GET /BLA/boletinlegal/img/button.png HTTP/1.1" 200 43241
172.22.2.4 - - [05/Sep/2023:12:17:34 -0500] "GET /BLA/boletinlegal/img/button-right.png HTTP/1.1" 200 57878
172.22.2.4 - - [05/Sep/2023:12:17:34 -0500] "GET /BLA/boletinlegal/favicon.ico HTTP/1.1" 404 1326
216.244.66.195 - - [05/Sep/2023:12:17:40 -0500] "GET /BLA/resoluciones/AUTOS%202007/1980.pdf HTTP/1.1" 200 43229
172.22.2.4 - - [05/Sep/2023:12:17:45 -0500] "GET /BLA/boletinlegal/consulta_actos.php?tipo=autos&no=&usuario=&sector=PEV&fecha=2023&resuelve= HTTP/1.1" 200 226725
172.22.2.4 - - [05/Sep/2023:12:17:45 -0500] "GET /BLA/boletinlegal/images/pdf.gif HTTP/1.1" 200 567
172.22.2.4 - - [05/Sep/2023:12:17:45 -0500] "GET /BLA/boletinlegal/images/background.gif HTTP/1.1" 200 -
172.22.2.4 - - [05/Sep/2023:12:17:59 -0500] "GET /BLA/boletinlegal/consulta_actos.php?tipo=resoluciones&no=&usuario=&sector=PEV&fecha=2023&resuelve= HTTP/1.1" 200 10991
216.244.66.195 - - [05/Sep/2023:12:18:06 -0500] "GET /BLA/resoluciones/AUTOS%202010/0174.pdf HTTP/1.1" 200 359908
201.245.192.253 - - [05/Sep/2023:12:18:04 -0500] "POST /kwsrmcab/Wsrmcab HTTP/1.1" 200 41746
201.245.192.253 - - [05/Sep/2023:12:18:07 -0500] "POST /forms/lservlet;jsessionid=ac16012b30d62eda719afc174e28a0dea47e26939047.e3iSbxaKaheRe34Rch0Ra3mLchv0n6jAmljGr5XDqQLvpAe HTTP/1.1" 200 2
201.245.192.253 - - [05/Sep/2023:12:18:07 -0500] "POST /kwsrmcab/Wsrmcab HTTP/1.1" 200 39034
181.189.25.57 - - [05/Sep/2023:12:18:26 -0500] "GET /sipse/faces/javax.faces.resource/images/ui-bg_flat_0_2d5972_40x100.png?ln=primefaces-aristo HTTP/1.1" 304 -
181.189.25.57 - - [05/Sep/2023:12:18:26 -0500] "POST /sipse/faces/presentacion/financiero/solicitudProceso/consultarSolicitudProceso.xhtml HTTP/1.1" 200 34661
181.189.25.57 - - [05/Sep/2023:12:18:26 -0500] "GET /sipse/faces/javax.faces.resource/theme.css?ln=primefaces-sipse HTTP/1.1" 304 -
181.189.25.57 - - [05/Sep/2023:12:18:26 -0500] "GET /sipse/faces/javax.faces.resource/primefaces.css?ln=primefaces&v=4.0 HTTP/1.1" 304 -
181.189.25.57 - - [05/Sep/2023:12:18:26 -0500] "GET /sipse/faces/javax.faces.resource/layout/layout.css?ln=primefaces&v=4.0 HTTP/1.1" 304 -
181.189.25.57 - - [05/Sep/2023:12:18:26 -0500] "GET /sipse/faces/javax.faces.resource/jquery/jquery.js?ln=primefaces&v=4.0 HTTP/1.1" 304 -
181.189.25.57 - - [05/Sep/2023:12:18:26 -0500] "GET /sipse/faces/javax.faces.resource/jquery/jquery-plugins.js?ln=primefaces&v=4.0 HTTP/1.1" 304 -
181.189.25.57 - - [05/Sep/2023:12:18:26 -0500] "GET /sipse/faces/javax.faces.resource/primefaces.js?ln=primefaces&v=4.0 HTTP/1.1" 304 -
181.189.25.57 - - [05/Sep/2023:12:18:26 -0500] "GET /sipse/faces/javax.faces.resource/layout/layout.js?ln=primefaces&v=4.0 HTTP/1.1" 304 -
181.189.25.57 - - [05/Sep/2023:12:18:26 -0500] "POST /sipse/faces/presentacion/financiero/solicitudProceso/listarSolicitudProceso.xhtml HTTP/1.1" 200 1376
181.189.25.57 - - [05/Sep/2023:12:18:28 -0500] "POST /sipse/faces/presentacion/financiero/solicitudProceso/listarSolicitudProceso.xhtml HTTP/1.1" 200 5866
216.244.66.195 - - [05/Sep/2023:12:18:31 -0500] "GET /BLA/resoluciones/AUTOS%202010/0531.pdf HTTP/1.1" 200 176359
181.189.25.57 - - [05/Sep/2023:12:18:32 -0500] "POST /sipse/faces/presentacion/financiero/solicitudProceso/listarSolicitudProceso.xhtml HTTP/1.1" 200 119421
181.189.25.57 - - [05/Sep/2023:12:18:32 -0500] "GET /sipse/faces/javax.faces.resource/theme.css?ln=primefaces-sipse HTTP/1.1" 304 -
181.189.25.57 - - [05/Sep/2023:12:18:32 -0500] "GET /sipse/faces/javax.faces.resource/primefaces.css?ln=primefaces&v=4.0 HTTP/1.1" 304 -
181.189.25.57 - - [05/Sep/2023:12:18:32 -0500] "GET /sipse/faces/javax.faces.resource/layout/layout.css?ln=primefaces&v=4.0 HTTP/1.1" 304 -
181.189.25.57 - - [05/Sep/2023:12:18:32 -0500] "GET /sipse/faces/javax.faces.resource/jquery/jquery.js?ln=primefaces&v=4.0 HTTP/1.1" 304 -
181.189.25.57 - - [05/Sep/2023:12:18:32 -0500] "GET /sipse/faces/javax.faces.resource/jquery/jquery-plugins.js?ln=primefaces&v=4.0 HTTP/1.1" 304 -
181.189.25.57 - - [05/Sep/2023:12:18:32 -0500] "GET /sipse/faces/javax.faces.resource/primefaces.js?ln=primefaces&v=4.0 HTTP/1.1" 304 -
181.189.25.57 - - [05/Sep/2023:12:18:32 -0500] "GET /sipse/faces/javax.faces.resource/layout/layout.js?ln=primefaces&v=4.0 HTTP/1.1" 304 -
181.189.25.57 - - [05/Sep/2023:12:18:34 -0500] "POST /sipse/faces/presentacion/financiero/solicitudProceso/consultarSolicitudProceso.xhtml HTTP/1.1" 200 22296
181.189.25.57 - - [05/Sep/2023:12:18:34 -0500] "GET /sipse/faces/javax.faces.resource/theme.css?ln=primefaces-sipse HTTP/1.1" 304 -
181.189.25.57 - - [05/Sep/2023:12:18:34 -0500] "GET /sipse/faces/javax.faces.resource/layout/layout.css?ln=primefaces&v=4.0 HTTP/1.1" 304 -
181.189.25.57 - - [05/Sep/2023:12:18:34 -0500] "GET /sipse/faces/javax.faces.resource/primefaces.css?ln=primefaces&v=4.0 HTTP/1.1" 304 -
181.189.25.57 - - [05/Sep/2023:12:18:34 -0500] "GET /sipse/faces/javax.faces.resource/jquery/jquery.js?ln=primefaces&v=4.0 HTTP/1.1" 304 -
181.189.25.57 - - [05/Sep/2023:12:18:34 -0500] "GET /sipse/faces/javax.faces.resource/jquery/jquery-plugins.js?ln=primefaces&v=4.0 HTTP/1.1" 304 -
181.189.25.57 - - [05/Sep/2023:12:18:34 -0500] "GET /sipse/faces/javax.faces.resource/primefaces.js?ln=primefaces&v=4.0 HTTP/1.1" 304 -
181.189.25.57 - - [05/Sep/2023:12:18:34 -0500] "GET /sipse/faces/javax.faces.resource/layout/layout.js?ln=primefaces&v=4.0 HTTP/1.1" 304 -
181.189.25.57 - - [05/Sep/2023:12:18:34 -0500] "GET /sipse/faces/javax.faces.resource/fileupload/fileupload.css?ln=primefaces&v=4.0 HTTP/1.1" 304 -
181.189.25.57 - - [05/Sep/2023:12:18:34 -0500] "GET /sipse/faces/javax.faces.resource/fileupload/fileupload.js?ln=primefaces&v=4.0 HTTP/1.1" 304 -
181.189.25.57 - - [05/Sep/2023:12:18:34 -0500] "GET /sipse/css/imagen/contrasena.png HTTP/1.1" 404 383
201.245.192.253 - - [05/Sep/2023:12:18:48 -0500] "POST /forms/lservlet;jsessionid=ac16012b30d6bc37a32d6dd1475b9cc7ba92661c2a41.e3iSbxaKaheRe34Rch0Ra3mLchv0n6jAmljGr5XDqQLvpAe HTTP/1.1" 200 2
216.244.66.195 - - [05/Sep/2023:12:18:56 -0500] "GET /BLA/resoluciones/AUTOS%202010/1389.pdf HTTP/1.1" 200 255177
181.189.25.57 - - [05/Sep/2023:12:18:58 -0500] "GET /sipse/faces/javax.faces.resource/theme.css?ln=primefaces-sipse HTTP/1.1" 304 -
181.189.25.57 - - [05/Sep/2023:12:18:58 -0500] "GET /sipse/faces/javax.faces.resource/layout/layout.css?ln=primefaces&v=4.0 HTTP/1.1" 304 -
181.189.25.57 - - [05/Sep/2023:12:18:58 -0500] "GET /sipse/faces/javax.faces.resource/primefaces.css?ln=primefaces&v=4.0 HTTP/1.1" 304 -
181.189.25.57 - - [05/Sep/2023:12:18:58 -0500] "GET /sipse/faces/javax.faces.resource/jquery/jquery.js?ln=primefaces&v=4.0 HTTP/1.1" 304 -
181.189.25.57 - - [05/Sep/2023:12:18:58 -0500] "POST /sipse/faces/presentacion/sistema/anexos/cargarAnexoSolicitudProceso.xhtml HTTP/1.1" 200 165379
181.189.25.57 - - [05/Sep/2023:12:18:58 -0500] "GET /sipse/faces/javax.faces.resource/jquery/jquery-plugins.js?ln=primefaces&v=4.0 HTTP/1.1" 304 -
181.189.25.57 - - [05/Sep/2023:12:18:58 -0500] "GET /sipse/faces/javax.faces.resource/primefaces.js?ln=primefaces&v=4.0 HTTP/1.1" 304 -
181.189.25.57 - - [05/Sep/2023:12:18:58 -0500] "GET /sipse/faces/javax.faces.resource/layout/layout.js?ln=primefaces&v=4.0 HTTP/1.1" 304 -
181.189.25.57 - - [05/Sep/2023:12:18:58 -0500] "GET /sipse/faces/javax.faces.resource/images/ui-icons_898989_256x240.png?ln=primefaces-aristo HTTP/1.1" 304 -
181.189.25.57 - - [05/Sep/2023:12:18:58 -0500] "GET /sipse/css/imagen/contrasena.png HTTP/1.1" 404 383
181.189.25.57 - - [05/Sep/2023:12:19:02 -0500] "GET /sipse/faces/javax.faces.resource/images/ui-bg_flat_0_2d5972_40x100.png?ln=primefaces-aristo HTTP/1.1" 304 -
181.189.25.57 - - [05/Sep/2023:12:19:04 -0500] "POST /sipse/faces/presentacion/financiero/solicitudProceso/consultarSolicitudProceso.xhtml HTTP/1.1" 200 83673
181.189.25.57 - - [05/Sep/2023:12:19:04 -0500] "GET /sipse/faces/javax.faces.resource/theme.css?ln=primefaces-sipse HTTP/1.1" 304 -
181.189.25.57 - - [05/Sep/2023:12:19:04 -0500] "GET /sipse/faces/javax.faces.resource/primefaces.css?ln=primefaces&v=4.0 HTTP/1.1" 304 -
181.189.25.57 - - [05/Sep/2023:12:19:04 -0500] "GET /sipse/faces/javax.faces.resource/layout/layout.css?ln=primefaces&v=4.0 HTTP/1.1" 304 -
181.189.25.57 - - [05/Sep/2023:12:19:04 -0500] "GET /sipse/faces/javax.faces.resource/jquery/jquery.js?ln=primefaces&v=4.0 HTTP/1.1" 304 -
181.189.25.57 - - [05/Sep/2023:12:19:04 -0500] "GET /sipse/faces/javax.faces.resource/jquery/jquery-plugins.js?ln=primefaces&v=4.0 HTTP/1.1" 304 -
181.189.25.57 - - [05/Sep/2023:12:19:04 -0500] "GET /sipse/faces/javax.faces.resource/primefaces.js?ln=primefaces&v=4.0 HTTP/1.1" 304 -
181.189.25.57 - - [05/Sep/2023:12:19:04 -0500] "GET /sipse/faces/javax.faces.resource/layout/layout.js?ln=primefaces&v=4.0 HTTP/1.1" 304 -
181.189.25.57 - - [05/Sep/2023:12:19:06 -0500] "POST /sipse/faces/presentacion/financiero/solicitudProceso/crearModificarSolicitudProceso.xhtml HTTP/1.1" 200 121635
181.189.25.57 - - [05/Sep/2023:12:19:07 -0500] "GET /sipse/faces/javax.faces.resource/theme.css?ln=primefaces-sipse HTTP/1.1" 304 -
181.189.25.57 - - [05/Sep/2023:12:19:07 -0500] "GET /sipse/faces/javax.faces.resource/layout/layout.css?ln=primefaces&v=4.0 HTTP/1.1" 304 -
181.189.25.57 - - [05/Sep/2023:12:19:07 -0500] "GET /sipse/faces/javax.faces.resource/primefaces.css?ln=primefaces&v=4.0 HTTP/1.1" 304 -
181.189.25.57 - - [05/Sep/2023:12:19:07 -0500] "GET /sipse/faces/javax.faces.resource/jquery/jquery.js?ln=primefaces&v=4.0 HTTP/1.1" 304 -
181.189.25.57 - - [05/Sep/2023:12:19:07 -0500] "GET /sipse/faces/javax.faces.resource/jquery/jquery-plugins.js?ln=primefaces&v=4.0 HTTP/1.1" 304 -
181.189.25.57 - - [05/Sep/2023:12:19:07 -0500] "GET /sipse/faces/javax.faces.resource/primefaces.js?ln=primefaces&v=4.0 HTTP/1.1" 304 -
181.189.25.57 - - [05/Sep/2023:12:19:07 -0500] "GET /sipse/faces/javax.faces.resource/layout/layout.js?ln=primefaces&v=4.0 HTTP/1.1" 304 -
181.189.25.57 - - [05/Sep/2023:12:19:07 -0500] "GET /sipse/faces/javax.faces.resource/messages/messages.png?ln=primefaces&v=4.0 HTTP/1.1" 304 -
181.189.25.57 - - [05/Sep/2023:12:19:10 -0500] "POST /sipse/faces/presentacion/financiero/solicitudProceso/consultarSolicitudProceso.xhtml HTTP/1.1" 200 159580
216.244.66.195 - - [05/Sep/2023:12:19:19 -0500] "GET /BLA/resoluciones/AUTOS%202010/1457.pdf HTTP/1.1" 200 200489
186.155.211.123 - - [05/Sep/2023:12:19:26 -0500] "GET /siipev/Diseno%20de%20Elementos%20de%20Mobiliario%20Urbano/Otros%20Elementos/PARTE%20B/Dise%C3%B1o%20de%20Elementos%20M10.pdf HTTP/1.1" 200 508498
216.245.221.92 - - [05/Sep/2023:12:19:38 -0500] "HEAD / HTTP/1.1" 200 -
216.244.66.195 - - [05/Sep/2023:12:19:41 -0500] "GET /BLA/resoluciones/AUTOS%202010/1516.pdf HTTP/1.1" 200 490095
216.244.66.195 - - [05/Sep/2023:12:20:03 -0500] "GET /BLA/resoluciones/AUTOS%202010/2171.pdf HTTP/1.1" 200 211784
201.245.192.253 - - [05/Sep/2023:12:20:07 -0500] "POST /forms/lservlet;jsessionid=ac16012b30d62eda719afc174e28a0dea47e26939047.e3iSbxaKaheRe34Rch0Ra3mLchv0n6jAmljGr5XDqQLvpAe HTTP/1.1" 200 2
181.189.25.57 - - [05/Sep/2023:12:20:13 -0500] "POST /sipse/faces/presentacion/financiero/solicitudProceso/consultarSolicitudProceso.xhtml HTTP/1.1" 200 38273
181.189.25.57 - - [05/Sep/2023:12:20:15 -0500] "GET /sipse/faces/javax.faces.resource/theme.css?ln=primefaces-sipse HTTP/1.1" 304 -
181.189.25.57 - - [05/Sep/2023:12:20:15 -0500] "GET /sipse/faces/javax.faces.resource/layout/layout.css?ln=primefaces&v=4.0 HTTP/1.1" 304 -
181.189.25.57 - - [05/Sep/2023:12:20:15 -0500] "GET /sipse/faces/javax.faces.resource/primefaces.css?ln=primefaces&v=4.0 HTTP/1.1" 304 -
181.189.25.57 - - [05/Sep/2023:12:20:15 -0500] "GET /sipse/faces/javax.faces.resource/jquery/jquery.js?ln=primefaces&v=4.0 HTTP/1.1" 304 -
181.189.25.57 - - [05/Sep/2023:12:20:15 -0500] "GET /sipse/faces/javax.faces.resource/jquery/jquery-plugins.js?ln=primefaces&v=4.0 HTTP/1.1" 304 -
181.189.25.57 - - [05/Sep/2023:12:20:15 -0500] "GET /sipse/faces/javax.faces.resource/primefaces.js?ln=primefaces&v=4.0 HTTP/1.1" 304 -
181.189.25.57 - - [05/Sep/2023:12:20:15 -0500] "GET /sipse/faces/javax.faces.resource/layout/layout.js?ln=primefaces&v=4.0 HTTP/1.1" 304 -
181.189.25.57 - - [05/Sep/2023:12:20:15 -0500] "POST /sipse/faces/presentacion/financiero/solicitudProceso/listarSolicitudProceso.xhtml HTTP/1.1" 200 1400
181.189.25.57 - - [05/Sep/2023:12:20:19 -0500] "POST /sipse/faces/presentacion/financiero/solicitudProceso/listarSolicitudProceso.xhtml HTTP/1.1" 200 5858
216.244.66.195 - - [05/Sep/2023:12:20:23 -0500] "GET /BLA/resoluciones/AUTOS%202010/3790.pdf HTTP/1.1" 200 265517
181.197.146.69 - - [05/Sep/2023:12:20:35 -0500] "GET /sipse/faces/index.xhtml HTTP/1.1" 200 677
181.197.146.69 - - [05/Sep/2023:12:20:35 -0500] "GET /sipse/faces/javax.faces.resource/theme.css?ln=primefaces-sipse HTTP/1.1" 304 -
181.197.146.69 - - [05/Sep/2023:12:20:35 -0500] "GET /sipse/faces/faces/autenticacion.xhtml HTTP/1.1" 200 12174
181.197.146.69 - - [05/Sep/2023:12:20:35 -0500] "GET /sipse/css/custom_css_sg.css HTTP/1.1" 304 -
181.197.146.69 - - [05/Sep/2023:12:20:35 -0500] "GET /sipse/css/custom_css_sg_prime_login.css HTTP/1.1" 304 -
181.197.146.69 - - [05/Sep/2023:12:20:35 -0500] "GET /sipse/faces/javax.faces.resource/theme.css?ln=primefaces-sipse HTTP/1.1" 304 -
181.197.146.69 - - [05/Sep/2023:12:20:35 -0500] "GET /sipse/faces/javax.faces.resource/layout/layout.css?ln=primefaces&v=4.0 HTTP/1.1" 304 -
181.197.146.69 - - [05/Sep/2023:12:20:35 -0500] "GET /sipse/faces/javax.faces.resource/primefaces.css?ln=primefaces&v=4.0 HTTP/1.1" 304 -
181.197.146.69 - - [05/Sep/2023:12:20:36 -0500] "GET /sipse/js/funciones.js HTTP/1.1" 304 -
181.197.146.69 - - [05/Sep/2023:12:20:36 -0500] "GET /sipse/faces/javax.faces.resource/jquery/jquery.js?ln=primefaces&v=4.0 HTTP/1.1" 304 -
181.197.146.69 - - [05/Sep/2023:12:20:36 -0500] "GET /sipse/faces/javax.faces.resource/jquery/jquery-plugins.js?ln=primefaces&v=4.0 HTTP/1.1" 304 -
181.197.146.69 - - [05/Sep/2023:12:20:36 -0500] "GET /sipse/faces/javax.faces.resource/primefaces.js?ln=primefaces&v=4.0 HTTP/1.1" 304 -
181.197.146.69 - - [05/Sep/2023:12:20:36 -0500] "GET /sipse/faces/javax.faces.resource/layout/layout.js?ln=primefaces&v=4.0 HTTP/1.1" 304 -
181.197.146.69 - - [05/Sep/2023:12:20:36 -0500] "GET /sipse/js/disable_browser_buttons.js HTTP/1.1" 304 -
181.197.146.69 - - [05/Sep/2023:12:20:36 -0500] "GET /sipse/css/imagen/logoSDG.png HTTP/1.1" 304 -
181.197.146.69 - - [05/Sep/2023:12:20:36 -0500] "GET /sipse/faces/javax.faces.resource/images/ui-icons_898989_256x240.png?ln=primefaces-aristo HTTP/1.1" 304 -
181.197.146.69 - - [05/Sep/2023:12:20:36 -0500] "GET /sipse/css/imagen/loginimg.png HTTP/1.1" 304 -
216.244.66.195 - - [05/Sep/2023:12:20:43 -0500] "GET /BLA/resoluciones/AUTOS%202010/4347.pdf HTTP/1.1" 200 257983
201.245.192.253 - - [05/Sep/2023:12:20:51 -0500] "POST /forms/lservlet;jsessionid=ac16012b30d6bc37a32d6dd1475b9cc7ba92661c2a41.e3iSbxaKaheRe34Rch0Ra3mLchv0n6jAmljGr5XDqQLvpAe HTTP/1.1" 200 2
181.197.146.69 - - [05/Sep/2023:12:20:52 -0500] "POST /sipse/faces/autenticacion.xhtml HTTP/1.1" 200 2216
181.197.146.69 - - [05/Sep/2023:12:20:52 -0500] "GET /sipse/faces/javax.faces.resource/messages/messages.png?ln=primefaces&v=4.0 HTTP/1.1" 304 -
181.197.146.69 - - [05/Sep/2023:12:20:54 -0500] "POST /sipse/faces/autenticacion.xhtml HTTP/1.1" 200 16342
181.197.146.69 - - [05/Sep/2023:12:20:54 -0500] "GET /sipse/css/custom_css_sg_prime.css HTTP/1.1" 304 -
181.197.146.69 - - [05/Sep/2023:12:20:54 -0500] "GET /sipse/js/jquery.min.js HTTP/1.1" 304 -
181.197.146.69 - - [05/Sep/2023:12:20:55 -0500] "GET /sipse/faces/javax.faces.resource/primefaces.css?ln=primefaces&v=4.0 HTTP/1.1" 304 -
181.197.146.69 - - [05/Sep/2023:12:20:55 -0500] "GET /sipse/faces/javax.faces.resource/theme.css?ln=primefaces-sipse HTTP/1.1" 304 -
181.197.146.69 - - [05/Sep/2023:12:20:55 -0500] "GET /sipse/faces/javax.faces.resource/layout/layout.css?ln=primefaces&v=4.0 HTTP/1.1" 304 -
181.197.146.69 - - [05/Sep/2023:12:20:55 -0500] "GET /sipse/faces/javax.faces.resource/jquery/jquery.js?ln=primefaces&v=4.0 HTTP/1.1" 304 -
181.197.146.69 - - [05/Sep/2023:12:20:55 -0500] "GET /sipse/faces/javax.faces.resource/jquery/jquery-plugins.js?ln=primefaces&v=4.0 HTTP/1.1" 304 -
181.197.146.69 - - [05/Sep/2023:12:20:55 -0500] "GET /sipse/faces/javax.faces.resource/primefaces.js?ln=primefaces&v=4.0 HTTP/1.1" 304 -
181.197.146.69 - - [05/Sep/2023:12:20:55 -0500] "GET /sipse/faces/javax.faces.resource/layout/layout.js?ln=primefaces&v=4.0 HTTP/1.1" 304 -
181.197.146.69 - - [05/Sep/2023:12:20:55 -0500] "GET /sipse/css/v_mergente.css HTTP/1.1" 304 -
181.197.146.69 - - [05/Sep/2023:12:20:55 -0500] "GET /sipse/imagenes/logoAplicacion.jpg HTTP/1.1" 304 -
181.197.146.69 - - [05/Sep/2023:12:20:55 -0500] "GET /sipse/imagenes/cargando.gif HTTP/1.1" 304 -
181.197.146.69 - - [05/Sep/2023:12:20:55 -0500] "GET /sipse/css/imagen/contrasena.png HTTP/1.1" 404 383
181.197.146.69 - - [05/Sep/2023:12:21:00 -0500] "GET /sipse/faces/javax.faces.resource/images/ui-bg_flat_0_2d5972_40x100.png?ln=primefaces-aristo HTTP/1.1" 304 -
181.197.146.69 - - [05/Sep/2023:12:21:00 -0500] "POST /sipse/faces/bienvenido.xhtml HTTP/1.1" 200 2658
216.244.66.195 - - [05/Sep/2023:12:21:01 -0500] "GET /BLA/resoluciones/AUTOS%202010/5468.pdf HTTP/1.1" 200 152655
181.197.146.69 - - [05/Sep/2023:12:21:02 -0500] "POST /sipse/faces/bienvenido.xhtml HTTP/1.1" 200 64276
181.197.146.69 - - [05/Sep/2023:12:21:03 -0500] "GET /sipse/faces/javax.faces.resource/primefaces.css?ln=primefaces&v=4.0 HTTP/1.1" 304 -
181.197.146.69 - - [05/Sep/2023:12:21:03 -0500] "GET /sipse/faces/javax.faces.resource/jquery/jquery.js?ln=primefaces&v=4.0 HTTP/1.1" 304 -
181.197.146.69 - - [05/Sep/2023:12:21:03 -0500] "GET /sipse/faces/javax.faces.resource/layout/layout.css?ln=primefaces&v=4.0 HTTP/1.1" 304 -
181.197.146.69 - - [05/Sep/2023:12:21:03 -0500] "GET /sipse/faces/javax.faces.resource/theme.css?ln=primefaces-sipse HTTP/1.1" 304 -
181.197.146.69 - - [05/Sep/2023:12:21:03 -0500] "GET /sipse/faces/javax.faces.resource/jquery/jquery-plugins.js?ln=primefaces&v=4.0 HTTP/1.1" 304 -
181.197.146.69 - - [05/Sep/2023:12:21:04 -0500] "GET /sipse/faces/javax.faces.resource/primefaces.js?ln=primefaces&v=4.0 HTTP/1.1" 304 -
181.197.146.69 - - [05/Sep/2023:12:21:04 -0500] "GET /sipse/faces/javax.faces.resource/layout/layout.js?ln=primefaces&v=4.0 HTTP/1.1" 304 -
181.197.146.69 - - [05/Sep/2023:12:21:04 -0500] "POST /sipse/faces/presentacion/financiero/solicitudProceso/listarSolicitudProceso.xhtml HTTP/1.1" 200 1560
181.197.146.69 - - [05/Sep/2023:12:21:11 -0500] "POST /sipse/faces/presentacion/financiero/solicitudProceso/listarSolicitudProceso.xhtml HTTP/1.1" 200 19459
201.245.192.253 - - [05/Sep/2023:12:21:11 -0500] "POST /sipse/faces/presentacion/financiero/solicitudProceso/listarSolicitudProceso.xhtml HTTP/1.1" 200 25229
201.245.192.253 - - [05/Sep/2023:12:21:12 -0500] "POST /sipse/faces/presentacion/financiero/solicitudProceso/listarSolicitudProceso.xhtml HTTP/1.1" 200 25229
201.245.192.253 - - [05/Sep/2023:12:21:13 -0500] "POST /sipse/faces/presentacion/financiero/solicitudProceso/listarSolicitudProceso.xhtml HTTP/1.1" 200 25229
201.245.192.253 - - [05/Sep/2023:12:21:13 -0500] "POST /sipse/faces/presentacion/financiero/solicitudProceso/listarSolicitudProceso.xhtml HTTP/1.1" 200 25229
201.245.192.253 - - [05/Sep/2023:12:21:13 -0500] "POST /sipse/faces/presentacion/financiero/solicitudProceso/listarSolicitudProceso.xhtml HTTP/1.1" 200 25229
201.245.192.253 - - [05/Sep/2023:12:21:13 -0500] "POST /sipse/faces/presentacion/financiero/solicitudProceso/listarSolicitudProceso.xhtml HTTP/1.1" 200 25229
201.245.192.253 - - [05/Sep/2023:12:21:14 -0500] "POST /sipse/faces/presentacion/financiero/solicitudProceso/listarSolicitudProceso.xhtml HTTP/1.1" 200 25229
201.245.192.253 - - [05/Sep/2023:12:21:14 -0500] "POST /sipse/faces/presentacion/financiero/solicitudProceso/listarSolicitudProceso.xhtml HTTP/1.1" 200 25229
201.245.192.253 - - [05/Sep/2023:12:21:15 -0500] "POST /sipse/faces/presentacion/financiero/solicitudProceso/listarSolicitudProceso.xhtml HTTP/1.1" 200 25229
201.245.192.253 - - [05/Sep/2023:12:21:15 -0500] "POST /sipse/faces/presentacion/financiero/solicitudProceso/listarSolicitudProceso.xhtml HTTP/1.1" 200 25229
201.245.192.253 - - [05/Sep/2023:12:21:16 -0500] "POST /sipse/faces/presentacion/financiero/solicitudProceso/listarSolicitudProceso.xhtml HTTP/1.1" 200 25229
201.245.192.253 - - [05/Sep/2023:12:21:16 -0500] "POST /sipse/faces/presentacion/financiero/solicitudProceso/listarSolicitudProceso.xhtml HTTP/1.1" 200 25229
201.245.192.253 - - [05/Sep/2023:12:21:17 -0500] "POST /sipse/faces/presentacion/financiero/solicitudProceso/listarSolicitudProceso.xhtml HTTP/1.1" 200 25229
201.245.192.253 - - [05/Sep/2023:12:21:17 -0500] "POST /sipse/faces/presentacion/financiero/solicitudProceso/listarSolicitudProceso.xhtml HTTP/1.1" 200 25229
201.245.192.253 - - [05/Sep/2023:12:21:18 -0500] "POST /sipse/faces/presentacion/financiero/solicitudProceso/listarSolicitudProceso.xhtml HTTP/1.1" 200 25229
201.245.192.253 - - [05/Sep/2023:12:21:18 -0500] "POST /sipse/faces/presentacion/financiero/solicitudProceso/listarSolicitudProceso.xhtml HTTP/1.1" 200 1376
201.245.192.253 - - [05/Sep/2023:12:21:18 -0500] "POST /sipse/faces/presentacion/financiero/solicitudProceso/listarSolicitudProceso.xhtml HTTP/1.1" 200 1380
201.245.192.253 - - [05/Sep/2023:12:21:18 -0500] "POST /sipse/faces/presentacion/financiero/solicitudProceso/listarSolicitudProceso.xhtml HTTP/1.1" 200 1384
201.245.192.253 - - [05/Sep/2023:12:21:18 -0500] "POST /sipse/faces/presentacion/financiero/solicitudProceso/listarSolicitudProceso.xhtml HTTP/1.1" 200 1380
201.245.192.253 - - [05/Sep/2023:12:21:18 -0500] "POST /sipse/faces/presentacion/financiero/solicitudProceso/listarSolicitudProceso.xhtml HTTP/1.1" 200 1380
201.245.192.253 - - [05/Sep/2023:12:21:18 -0500] "POST /sipse/faces/presentacion/financiero/solicitudProceso/listarSolicitudProceso.xhtml HTTP/1.1" 200 1380
216.244.66.195 - - [05/Sep/2023:12:21:18 -0500] "GET /BLA/resoluciones/AUTOS%202010/5622.pdf HTTP/1.1" 200 135499
201.245.192.253 - - [05/Sep/2023:12:21:18 -0500] "POST /sipse/faces/presentacion/financiero/solicitudProceso/listarSolicitudProceso.xhtml HTTP/1.1" 200 1380
201.245.192.253 - - [05/Sep/2023:12:21:18 -0500] "POST /sipse/faces/presentacion/financiero/solicitudProceso/listarSolicitudProceso.xhtml HTTP/1.1" 200 1380
201.245.192.253 - - [05/Sep/2023:12:21:19 -0500] "POST /sipse/faces/presentacion/financiero/solicitudProceso/listarSolicitudProceso.xhtml HTTP/1.1" 200 1380
201.245.192.253 - - [05/Sep/2023:12:21:19 -0500] "POST /sipse/faces/presentacion/financiero/solicitudProceso/listarSolicitudProceso.xhtml HTTP/1.1" 200 1380
201.245.192.253 - - [05/Sep/2023:12:21:19 -0500] "POST /sipse/faces/presentacion/financiero/solicitudProceso/listarSolicitudProceso.xhtml HTTP/1.1" 200 1380
201.245.192.253 - - [05/Sep/2023:12:21:19 -0500] "POST /sipse/faces/presentacion/financiero/solicitudProceso/listarSolicitudProceso.xhtml HTTP/1.1" 200 1380
201.245.192.253 - - [05/Sep/2023:12:21:19 -0500] "POST /sipse/faces/presentacion/financiero/solicitudProceso/listarSolicitudProceso.xhtml HTTP/1.1" 200 1380
201.245.192.253 - - [05/Sep/2023:12:21:19 -0500] "POST /sipse/faces/presentacion/financiero/solicitudProceso/listarSolicitudProceso.xhtml HTTP/1.1" 200 1380
201.245.192.253 - - [05/Sep/2023:12:21:20 -0500] "POST /sipse/faces/presentacion/financiero/solicitudProceso/listarSolicitudProceso.xhtml HTTP/1.1" 200 1380
181.197.146.69 - - [05/Sep/2023:12:21:19 -0500] "POST /sipse/faces/presentacion/financiero/solicitudProceso/listarSolicitudProceso.xhtml HTTP/1.1" 200 148601
181.197.146.69 - - [05/Sep/2023:12:21:21 -0500] "GET /sipse/faces/javax.faces.resource/theme.css?ln=primefaces-sipse HTTP/1.1" 304 -
181.197.146.69 - - [05/Sep/2023:12:21:21 -0500] "GET /sipse/faces/javax.faces.resource/primefaces.css?ln=primefaces&v=4.0 HTTP/1.1" 304 -
181.197.146.69 - - [05/Sep/2023:12:21:21 -0500] "GET /sipse/faces/javax.faces.resource/jquery/jquery.js?ln=primefaces&v=4.0 HTTP/1.1" 304 -
181.197.146.69 - - [05/Sep/2023:12:21:21 -0500] "GET /sipse/faces/javax.faces.resource/layout/layout.css?ln=primefaces&v=4.0 HTTP/1.1" 304 -
181.197.146.69 - - [05/Sep/2023:12:21:21 -0500] "GET /sipse/faces/javax.faces.resource/jquery/jquery-plugins.js?ln=primefaces&v=4.0 HTTP/1.1" 304 -
181.197.146.69 - - [05/Sep/2023:12:21:21 -0500] "GET /sipse/faces/javax.faces.resource/primefaces.js?ln=primefaces&v=4.0 HTTP/1.1" 304 -
181.197.146.69 - - [05/Sep/2023:12:21:21 -0500] "GET /sipse/faces/javax.faces.resource/layout/layout.js?ln=primefaces&v=4.0 HTTP/1.1" 304 -
201.245.192.253 - - [05/Sep/2023:12:21:25 -0500] "POST /sipse/faces/presentacion/financiero/solicitudProceso/listarSolicitudProceso.xhtml HTTP/1.1" 200 911
201.245.192.253 - - [05/Sep/2023:12:21:27 -0500] "GET /sipse/faces/faces/faces/autenticacion HTTP/1.1" 302 -
201.245.192.253 - - [05/Sep/2023:12:21:27 -0500] "GET /sipse/faces/autenticacion.xhtml HTTP/1.1" 200 12174
201.245.192.253 - - [05/Sep/2023:12:21:28 -0500] "GET /sipse/faces/javax.faces.resource/theme.css?ln=primefaces-sipse HTTP/1.1" 304 -
201.245.192.253 - - [05/Sep/2023:12:21:28 -0500] "GET /sipse/faces/javax.faces.resource/primefaces.css?ln=primefaces&v=4.0 HTTP/1.1" 304 -
201.245.192.253 - - [05/Sep/2023:12:21:28 -0500] "GET /sipse/faces/javax.faces.resource/jquery/jquery.js?ln=primefaces&v=4.0 HTTP/1.1" 304 -
201.245.192.253 - - [05/Sep/2023:12:21:28 -0500] "GET /sipse/faces/javax.faces.resource/layout/layout.css?ln=primefaces&v=4.0 HTTP/1.1" 304 -
201.245.192.253 - - [05/Sep/2023:12:21:28 -0500] "GET /sipse/faces/javax.faces.resource/primefaces.js?ln=primefaces&v=4.0 HTTP/1.1" 304 -
201.245.192.253 - - [05/Sep/2023:12:21:28 -0500] "GET /sipse/faces/javax.faces.resource/jquery/jquery-plugins.js?ln=primefaces&v=4.0 HTTP/1.1" 304 -
201.245.192.253 - - [05/Sep/2023:12:21:28 -0500] "GET /sipse/faces/javax.faces.resource/layout/layout.js?ln=primefaces&v=4.0 HTTP/1.1" 304 -
201.245.192.253 - - [05/Sep/2023:12:21:28 -0500] "GET /sipse/faces/javax.faces.resource/images/ui-icons_898989_256x240.png?ln=primefaces-aristo HTTP/1.1" 304 -
172.22.2.4 - - [05/Sep/2023:12:19:50 -0500] "HEAD /BLA/boletinlegal/ HTTP/1.1" 200 -
201.245.192.253 - - [05/Sep/2023:12:21:32 -0500] "POST /sipse/faces/autenticacion.xhtml HTTP/1.1" 200 16784
201.245.192.253 - - [05/Sep/2023:12:21:32 -0500] "GET /sipse/faces/javax.faces.resource/theme.css?ln=primefaces-sipse HTTP/1.1" 304 -
201.245.192.253 - - [05/Sep/2023:12:21:32 -0500] "GET /sipse/faces/javax.faces.resource/primefaces.css?ln=primefaces&v=4.0 HTTP/1.1" 304 -
201.245.192.253 - - [05/Sep/2023:12:21:32 -0500] "GET /sipse/faces/javax.faces.resource/layout/layout.css?ln=primefaces&v=4.0 HTTP/1.1" 304 -
201.245.192.253 - - [05/Sep/2023:12:21:32 -0500] "GET /sipse/faces/javax.faces.resource/jquery/jquery.js?ln=primefaces&v=4.0 HTTP/1.1" 304 -
201.245.192.253 - - [05/Sep/2023:12:21:32 -0500] "GET /sipse/faces/javax.faces.resource/jquery/jquery-plugins.js?ln=primefaces&v=4.0 HTTP/1.1" 304 -
201.245.192.253 - - [05/Sep/2023:12:21:32 -0500] "GET /sipse/faces/javax.faces.resource/primefaces.js?ln=primefaces&v=4.0 HTTP/1.1" 304 -
201.245.192.253 - - [05/Sep/2023:12:21:32 -0500] "GET /sipse/faces/javax.faces.resource/layout/layout.js?ln=primefaces&v=4.0 HTTP/1.1" 304 -
201.245.192.253 - - [05/Sep/2023:12:21:32 -0500] "GET /sipse/css/imagen/contrasena.png HTTP/1.1" 404 383
201.245.192.253 - - [05/Sep/2023:12:21:33 -0500] "GET /sipse/faces/javax.faces.resource/messages/messages.png?ln=primefaces&v=4.0 HTTP/1.1" 304 -
216.244.66.195 - - [05/Sep/2023:12:21:34 -0500] "GET /BLA/resoluciones/AUTOS%202010/5716.pdf HTTP/1.1" 200 151517
201.245.192.253 - - [05/Sep/2023:12:21:35 -0500] "GET /sipse/faces/javax.faces.resource/images/ui-bg_flat_0_2d5972_40x100.png?ln=primefaces-aristo HTTP/1.1" 304 -
201.245.192.253 - - [05/Sep/2023:12:21:35 -0500] "POST /sipse/faces/bienvenido.xhtml HTTP/1.1" 200 9851
201.245.192.253 - - [05/Sep/2023:12:21:38 -0500] "POST /sipse/faces/bienvenido.xhtml HTTP/1.1" 200 1471
201.245.192.253 - - [05/Sep/2023:12:21:39 -0500] "POST /sipse/faces/bienvenido.xhtml HTTP/1.1" 200 31846
201.245.192.253 - - [05/Sep/2023:12:21:40 -0500] "GET /sipse/faces/javax.faces.resource/theme.css?ln=primefaces-sipse HTTP/1.1" 304 -
201.245.192.253 - - [05/Sep/2023:12:21:40 -0500] "GET /sipse/faces/javax.faces.resource/primefaces.css?ln=primefaces&v=4.0 HTTP/1.1" 304 -
201.245.192.253 - - [05/Sep/2023:12:21:40 -0500] "GET /sipse/faces/javax.faces.resource/layout/layout.css?ln=primefaces&v=4.0 HTTP/1.1" 304 -
201.245.192.253 - - [05/Sep/2023:12:21:40 -0500] "GET /sipse/faces/javax.faces.resource/jquery/jquery.js?ln=primefaces&v=4.0 HTTP/1.1" 304 -
201.245.192.253 - - [05/Sep/2023:12:21:40 -0500] "GET /sipse/faces/javax.faces.resource/jquery/jquery-plugins.js?ln=primefaces&v=4.0 HTTP/1.1" 304 -
201.245.192.253 - - [05/Sep/2023:12:21:40 -0500] "GET /sipse/faces/javax.faces.resource/primefaces.js?ln=primefaces&v=4.0 HTTP/1.1" 304 -
201.245.192.253 - - [05/Sep/2023:12:21:40 -0500] "GET /sipse/faces/javax.faces.resource/layout/layout.js?ln=primefaces&v=4.0 HTTP/1.1" 304 -
201.245.192.253 - - [05/Sep/2023:12:21:40 -0500] "POST /sipse/faces/presentacion/financiero/solicitudProceso/listarSolicitudProceso.xhtml HTTP/1.1" 200 1376
201.245.192.253 - - [05/Sep/2023:12:21:43 -0500] "POST /sipse/faces/presentacion/financiero/solicitudProceso/listarSolicitudProceso.xhtml HTTP/1.1" 200 911
201.245.192.253 - - [05/Sep/2023:12:21:46 -0500] "GET /sipse/faces/faces/autenticacion HTTP/1.1" 302 -
201.245.192.253 - - [05/Sep/2023:12:21:46 -0500] "GET /sipse/faces/autenticacion.xhtml HTTP/1.1" 200 12174
201.245.192.253 - - [05/Sep/2023:12:21:46 -0500] "GET /sipse/faces/javax.faces.resource/primefaces.css?ln=primefaces&v=4.0 HTTP/1.1" 304 -
201.245.192.253 - - [05/Sep/2023:12:21:46 -0500] "GET /sipse/faces/javax.faces.resource/layout/layout.js?ln=primefaces&v=4.0 HTTP/1.1" 304 -
201.245.192.253 - - [05/Sep/2023:12:21:46 -0500] "GET /sipse/faces/javax.faces.resource/layout/layout.css?ln=primefaces&v=4.0 HTTP/1.1" 304 -
201.245.192.253 - - [05/Sep/2023:12:21:46 -0500] "GET /sipse/faces/javax.faces.resource/jquery/jquery.js?ln=primefaces&v=4.0 HTTP/1.1" 304 -
201.245.192.253 - - [05/Sep/2023:12:21:46 -0500] "GET /sipse/faces/javax.faces.resource/theme.css?ln=primefaces-sipse HTTP/1.1" 304 -
201.245.192.253 - - [05/Sep/2023:12:21:46 -0500] "GET /sipse/faces/javax.faces.resource/jquery/jquery-plugins.js?ln=primefaces&v=4.0 HTTP/1.1" 304 -
201.245.192.253 - - [05/Sep/2023:12:21:46 -0500] "GET /sipse/faces/javax.faces.resource/primefaces.js?ln=primefaces&v=4.0 HTTP/1.1" 304 -
216.244.66.195 - - [05/Sep/2023:12:21:50 -0500] "GET /BLA/resoluciones/AUTOS%202010/6916.pdf HTTP/1.1" 200 215425
201.245.192.253 - - [05/Sep/2023:12:21:50 -0500] "POST /sipse/faces/autenticacion.xhtml HTTP/1.1" 200 11372
201.245.192.253 - - [05/Sep/2023:12:21:50 -0500] "GET /sipse/faces/javax.faces.resource/theme.css?ln=primefaces-sipse HTTP/1.1" 304 -
201.245.192.253 - - [05/Sep/2023:12:21:50 -0500] "GET /sipse/faces/javax.faces.resource/primefaces.css?ln=primefaces&v=4.0 HTTP/1.1" 304 -
201.245.192.253 - - [05/Sep/2023:12:21:50 -0500] "GET /sipse/faces/javax.faces.resource/layout/layout.css?ln=primefaces&v=4.0 HTTP/1.1" 304 -
201.245.192.253 - - [05/Sep/2023:12:21:50 -0500] "GET /sipse/faces/javax.faces.resource/jquery/jquery.js?ln=primefaces&v=4.0 HTTP/1.1" 304 -
201.245.192.253 - - [05/Sep/2023:12:21:51 -0500] "GET /sipse/faces/javax.faces.resource/jquery/jquery-plugins.js?ln=primefaces&v=4.0 HTTP/1.1" 304 -
201.245.192.253 - - [05/Sep/2023:12:21:51 -0500] "GET /sipse/faces/javax.faces.resource/primefaces.js?ln=primefaces&v=4.0 HTTP/1.1" 304 -
201.245.192.253 - - [05/Sep/2023:12:21:51 -0500] "GET /sipse/faces/javax.faces.resource/layout/layout.js?ln=primefaces&v=4.0 HTTP/1.1" 304 -
201.245.192.253 - - [05/Sep/2023:12:21:53 -0500] "POST /sipse/faces/presentacion/sistema/seguridad/seleccionRol.xhtml HTTP/1.1" 200 5803
201.245.192.253 - - [05/Sep/2023:12:21:55 -0500] "POST /sipse/faces/presentacion/sistema/seguridad/seleccionRol.xhtml HTTP/1.1" 200 16340
201.245.192.253 - - [05/Sep/2023:12:21:56 -0500] "GET /sipse/faces/javax.faces.resource/primefaces.css?ln=primefaces&v=4.0 HTTP/1.1" 304 -
201.245.192.253 - - [05/Sep/2023:12:21:56 -0500] "GET /sipse/faces/javax.faces.resource/layout/layout.css?ln=primefaces&v=4.0 HTTP/1.1" 304 -
