201.245.192.253 - - [05/Sep/2023:07:00:06 -0500] "POST /forms/lservlet;jsessionid=ac16012b30d62eda719afc174e28a0dea47e26939047.e3iSbxaKaheRe34Rch0Ra3mLchv0n6jAmljGr5XDqQLvpAe HTTP/1.1" 200 2
216.244.66.195 - - [05/Sep/2023:07:00:25 -0500] "GET /BLA/resoluciones/RESOLUCIONES%202017/3288.pdf HTTP/1.1" 200 445811
172.22.2.4 - - [05/Sep/2023:06:58:56 -0500] "HEAD /BLA/boletinlegal/ HTTP/1.1" 200 -
201.245.192.253 - - [05/Sep/2023:07:00:44 -0500] "POST /forms/lservlet;jsessionid=ac16012b30d6bc37a32d6dd1475b9cc7ba92661c2a41.e3iSbxaKaheRe34Rch0Ra3mLchv0n6jAmljGr5XDqQLvpAe HTTP/1.1" 200 2
216.244.66.195 - - [05/Sep/2023:07:00:54 -0500] "GET /BLA/resoluciones/RESOLUCIONES%202019/0312.pdf HTTP/1.1" 200 255896
216.244.66.195 - - [05/Sep/2023:07:01:23 -0500] "GET /BLA/resoluciones/RESOLUCIONES%202019/0670.pdf HTTP/1.1" 200 360680
172.22.2.4 - - [05/Sep/2023:06:59:46 -0500] "GET /BLA/boletinlegal/ HTTP/1.1" 200 53766
216.244.66.195 - - [05/Sep/2023:07:01:53 -0500] "GET /BLA/resoluciones/RESOLUCIONES%201996/RESOLUCION%2038%20DE%201996.pdf HTTP/1.1" 200 137162
201.245.192.253 - - [05/Sep/2023:07:02:06 -0500] "POST /forms/lservlet;jsessionid=ac16012b30d62eda719afc174e28a0dea47e26939047.e3iSbxaKaheRe34Rch0Ra3mLchv0n6jAmljGr5XDqQLvpAe HTTP/1.1" 200 2
216.244.66.195 - - [05/Sep/2023:07:02:19 -0500] "GET /BLA/resoluciones/RESOLUCIONES%202001/RESOLUCION%201542%20DE%202001.pdf HTTP/1.1" 200 53925
201.245.192.253 - - [05/Sep/2023:07:02:44 -0500] "POST /forms/lservlet;jsessionid=ac16012b30d6bc37a32d6dd1475b9cc7ba92661c2a41.e3iSbxaKaheRe34Rch0Ra3mLchv0n6jAmljGr5XDqQLvpAe HTTP/1.1" 200 2
216.244.66.195 - - [05/Sep/2023:07:02:44 -0500] "GET /BLA/resoluciones/index.php?dir=RESOLUCIONES%202002/RES%202002%20951-1000/&sort=size&order=asc HTTP/1.1" 200 12521
201.245.192.253 - - [05/Sep/2023:07:03:06 -0500] "POST /kwsrmcab/Wsrmcab  HTTP/1.1" 200 43037
201.245.192.253 - - [05/Sep/2023:07:04:06 -0500] "POST /forms/lservlet;jsessionid=ac16012b30d62eda719afc174e28a0dea47e26939047.e3iSbxaKaheRe34Rch0Ra3mLchv0n6jAmljGr5XDqQLvpAe HTTP/1.1" 200 2
216.245.221.92 - - [05/Sep/2023:07:04:39 -0500] "HEAD / HTTP/1.1" 200 -
201.245.192.253 - - [05/Sep/2023:07:04:44 -0500] "POST /forms/lservlet;jsessionid=ac16012b30d6bc37a32d6dd1475b9cc7ba92661c2a41.e3iSbxaKaheRe34Rch0Ra3mLchv0n6jAmljGr5XDqQLvpAe HTTP/1.1" 200 2
66.249.79.102 - - [05/Sep/2023:07:05:35 -0500] "GET /galeria/galeria/fotos/cusumbo4P.jpg HTTP/1.1" 304 -
201.245.192.253 - - [05/Sep/2023:07:06:06 -0500] "POST /forms/lservlet;jsessionid=ac16012b30d62eda719afc174e28a0dea47e26939047.e3iSbxaKaheRe34Rch0Ra3mLchv0n6jAmljGr5XDqQLvpAe HTTP/1.1" 200 2
172.22.2.4 - - [05/Sep/2023:07:06:16 -0500] "GET /BLA/boletinlegal/actos.php HTTP/1.1" 200 9682
172.22.2.4 - - [05/Sep/2023:07:06:17 -0500] "GET /BLA/boletinlegal/favicon.ico HTTP/1.1" 404 1326
172.22.2.4 - - [05/Sep/2023:07:04:46 -0500] "HEAD /BLA/boletinlegal/ HTTP/1.1" 200 -
172.22.2.4 - - [05/Sep/2023:07:06:36 -0500] "GET /BLA/boletinlegal/consulta_actos.php?tipo=resoluciones&no=1612&usuario=&sector=&fecha=2022&resuelve= HTTP/1.1" 200 1379
191.107.135.28 - - [05/Sep/2023:07:06:37 -0500] "GET /BLA/resoluciones/RESOLUCIONES%202022/1612.pdf HTTP/1.1" 200 538009
201.245.192.253 - - [05/Sep/2023:07:06:44 -0500] "POST /forms/lservlet;jsessionid=ac16012b30d6bc37a32d6dd1475b9cc7ba92661c2a41.e3iSbxaKaheRe34Rch0Ra3mLchv0n6jAmljGr5XDqQLvpAe HTTP/1.1" 200 2
172.22.2.4 - - [05/Sep/2023:07:06:15 -0500] "GET /BLA/boletinlegal/ HTTP/1.1" 200 24523
172.22.2.4 - - [05/Sep/2023:07:05:36 -0500] "GET /BLA/boletinlegal/ HTTP/1.1" 200 49695
183.136.225.42 - - [05/Sep/2023:07:07:48 -0500] "GET / HTTP/1.1" 200 319
183.136.225.42 - - [05/Sep/2023:07:07:48 -0500] "GET / HTTP/1.1" 200 319
183.136.225.42 - - [05/Sep/2023:07:07:49 -0500] "GET /favicon.ico HTTP/1.1" 200 7782
183.136.225.42 - - [05/Sep/2023:07:07:50 -0500] "GET /robots.txt HTTP/1.1" 404 1018
201.245.192.253 - - [05/Sep/2023:07:08:06 -0500] "POST /forms/lservlet;jsessionid=ac16012b30d62eda719afc174e28a0dea47e26939047.e3iSbxaKaheRe34Rch0Ra3mLchv0n6jAmljGr5XDqQLvpAe HTTP/1.1" 200 2
201.245.192.253 - - [05/Sep/2023:07:08:05 -0500] "POST /kwsrmcab/Wsrmcab  HTTP/1.1" 200 43037
172.22.2.4 - - [05/Sep/2023:07:08:29 -0500] "GET /BLA/boletinlegal/consulta_actos.php?tipo=resoluciones&no=4916&usuario=&sector=&fecha=2023&resuelve= HTTP/1.1" 200 626
172.22.2.4 - - [05/Sep/2023:07:08:39 -0500] "GET /BLA/boletinlegal/consulta_actos.php?tipo=resoluciones&no=4919&usuario=&sector=&fecha=2023&resuelve= HTTP/1.1" 200 626
201.245.192.253 - - [05/Sep/2023:07:08:44 -0500] "POST /forms/lservlet;jsessionid=ac16012b30d6bc37a32d6dd1475b9cc7ba92661c2a41.e3iSbxaKaheRe34Rch0Ra3mLchv0n6jAmljGr5XDqQLvpAe HTTP/1.1" 200 2
216.245.221.92 - - [05/Sep/2023:07:09:39 -0500] "HEAD / HTTP/1.1" 200 -
172.22.2.4 - - [05/Sep/2023:07:09:55 -0500] "GET /BLA/boletinlegal/consulta_actos.php?tipo=resoluciones&no=4919&usuario=&sector=&fecha=2021&resuelve= HTTP/1.1" 200 1116
201.245.192.253 - - [05/Sep/2023:07:10:06 -0500] "POST /forms/lservlet;jsessionid=ac16012b30d62eda719afc174e28a0dea47e26939047.e3iSbxaKaheRe34Rch0Ra3mLchv0n6jAmljGr5XDqQLvpAe HTTP/1.1" 200 2
201.245.192.253 - - [05/Sep/2023:07:10:44 -0500] "POST /forms/lservlet;jsessionid=ac16012b30d6bc37a32d6dd1475b9cc7ba92661c2a41.e3iSbxaKaheRe34Rch0Ra3mLchv0n6jAmljGr5XDqQLvpAe HTTP/1.1" 200 2
216.244.66.195 - - [05/Sep/2023:07:10:52 -0500] "GET /robots.txt HTTP/1.1" 404 1018
172.22.2.4 - - [05/Sep/2023:07:09:23 -0500] "GET /BLA/boletinlegal/ HTTP/1.1" 200 60692
181.62.12.47 - - [05/Sep/2023:07:11:14 -0500] "GET /%C3%82%C2%A1este-22-de-septiembre-vuelve-el-dia-sin-carro-y-sin-moto-a-bogota.html HTTP/1.1" 200 920
201.245.192.253 - - [05/Sep/2023:07:12:06 -0500] "POST /forms/lservlet;jsessionid=ac16012b30d62eda719afc174e28a0dea47e26939047.e3iSbxaKaheRe34Rch0Ra3mLchv0n6jAmljGr5XDqQLvpAe HTTP/1.1" 200 2
172.22.2.4 - - [05/Sep/2023:07:10:36 -0500] "HEAD /BLA/boletinlegal/ HTTP/1.1" 200 -
201.245.192.253 - - [05/Sep/2023:07:12:44 -0500] "POST /forms/lservlet;jsessionid=ac16012b30d6bc37a32d6dd1475b9cc7ba92661c2a41.e3iSbxaKaheRe34Rch0Ra3mLchv0n6jAmljGr5XDqQLvpAe HTTP/1.1" 200 2
172.22.2.4 - - [05/Sep/2023:07:11:26 -0500] "GET /BLA/boletinlegal/ HTTP/1.1" 200 53766
201.245.192.253 - - [05/Sep/2023:07:13:04 -0500] "POST /kwsrmcab/Wsrmcab  HTTP/1.1" 200 43037
201.245.192.253 - - [05/Sep/2023:07:14:06 -0500] "POST /forms/lservlet;jsessionid=ac16012b30d62eda719afc174e28a0dea47e26939047.e3iSbxaKaheRe34Rch0Ra3mLchv0n6jAmljGr5XDqQLvpAe HTTP/1.1" 200 2
66.249.79.100 - - [05/Sep/2023:07:14:35 -0500] "GET /galeria/galeria/fotos/boa10G.jpg HTTP/1.1" 304 -
216.245.221.92 - - [05/Sep/2023:07:14:39 -0500] "HEAD / HTTP/1.1" 200 -
201.245.192.253 - - [05/Sep/2023:07:14:44 -0500] "POST /forms/lservlet;jsessionid=ac16012b30d6bc37a32d6dd1475b9cc7ba92661c2a41.e3iSbxaKaheRe34Rch0Ra3mLchv0n6jAmljGr5XDqQLvpAe HTTP/1.1" 200 2
201.245.192.253 - - [05/Sep/2023:07:16:06 -0500] "POST /forms/lservlet;jsessionid=ac16012b30d62eda719afc174e28a0dea47e26939047.e3iSbxaKaheRe34Rch0Ra3mLchv0n6jAmljGr5XDqQLvpAe HTTP/1.1" 200 2
201.245.192.253 - - [05/Sep/2023:07:16:44 -0500] "POST /forms/lservlet;jsessionid=ac16012b30d6bc37a32d6dd1475b9cc7ba92661c2a41.e3iSbxaKaheRe34Rch0Ra3mLchv0n6jAmljGr5XDqQLvpAe HTTP/1.1" 200 2
191.156.190.19 - - [05/Sep/2023:07:17:01 -0500] "GET /recuperados-en-la-terminal-el-salitre-102-peces-que-eran-movilizados-ilegalmente-desde-el-caribe-colombiano.html HTTP/1.1" 200 773
201.245.192.253 - - [05/Sep/2023:07:18:06 -0500] "POST /forms/lservlet;jsessionid=ac16012b30d62eda719afc174e28a0dea47e26939047.e3iSbxaKaheRe34Rch0Ra3mLchv0n6jAmljGr5XDqQLvpAe HTTP/1.1" 200 2
172.22.2.4 - - [05/Sep/2023:07:16:26 -0500] "HEAD /BLA/boletinlegal/ HTTP/1.1" 200 -
201.245.192.253 - - [05/Sep/2023:07:18:03 -0500] "POST /kwsrmcab/Wsrmcab  HTTP/1.1" 200 43037
201.245.192.253 - - [05/Sep/2023:07:18:05 -0500] "POST /kwsrmcab/Wsrmcab HTTP/1.1" 200 42919
201.245.192.253 - - [05/Sep/2023:07:18:09 -0500] "POST /kwsrmcab/Wsrmcab HTTP/1.1" 200 42090
201.245.192.253 - - [05/Sep/2023:07:18:44 -0500] "POST /forms/lservlet;jsessionid=ac16012b30d6bc37a32d6dd1475b9cc7ba92661c2a41.e3iSbxaKaheRe34Rch0Ra3mLchv0n6jAmljGr5XDqQLvpAe HTTP/1.1" 200 2
172.22.2.4 - - [05/Sep/2023:07:17:16 -0500] "GET /BLA/boletinlegal/ HTTP/1.1" 200 60692
216.245.221.92 - - [05/Sep/2023:07:19:39 -0500] "HEAD / HTTP/1.1" 200 -
201.245.192.253 - - [05/Sep/2023:07:20:06 -0500] "POST /forms/lservlet;jsessionid=ac16012b30d62eda719afc174e28a0dea47e26939047.e3iSbxaKaheRe34Rch0Ra3mLchv0n6jAmljGr5XDqQLvpAe HTTP/1.1" 200 2
216.244.66.195 - - [05/Sep/2023:07:20:09 -0500] "GET /transparencia/directorioservidores/diciembre2015.xlsx HTTP/1.1" 200 37314
201.245.192.253 - - [05/Sep/2023:07:20:44 -0500] "POST /forms/lservlet;jsessionid=ac16012b30d6bc37a32d6dd1475b9cc7ba92661c2a41.e3iSbxaKaheRe34Rch0Ra3mLchv0n6jAmljGr5XDqQLvpAe HTTP/1.1" 200 2
172.22.2.4 - - [05/Sep/2023:07:20:47 -0500] "GET /BLA/boletinlegal/jurisprudencia.php HTTP/1.1" 200 17583
172.22.2.4 - - [05/Sep/2023:07:21:05 -0500] "GET /BLA/boletinlegal/js/jquery1.js HTTP/1.1" 200 29846
172.22.2.4 - - [05/Sep/2023:07:21:05 -0500] "GET /BLA/boletinlegal/js/lib.js HTTP/1.1" 200 6474
172.22.2.4 - - [05/Sep/2023:07:21:12 -0500] "GET /BLA/boletinlegal/js/popup.js HTTP/1.1" 200 1270
172.22.2.4 - - [05/Sep/2023:07:21:57 -0500] "GET /BLA/boletinlegal/actos.php HTTP/1.1" 200 9682
172.22.2.4 - - [05/Sep/2023:07:21:59 -0500] "GET /BLA/boletinlegal/favicon.ico HTTP/1.1" 404 1326
172.22.2.4 - - [05/Sep/2023:07:21:59 -0500] "GET /BLA/boletinlegal/favicon.ico HTTP/1.1" 404 1326
172.22.2.4 - - [05/Sep/2023:07:22:00 -0500] "GET /BLA/boletinlegal/favicon.ico HTTP/1.1" 404 1038
201.245.192.253 - - [05/Sep/2023:07:22:06 -0500] "POST /forms/lservlet;jsessionid=ac16012b30d62eda719afc174e28a0dea47e26939047.e3iSbxaKaheRe34Rch0Ra3mLchv0n6jAmljGr5XDqQLvpAe HTTP/1.1" 200 2
172.22.2.4 - - [05/Sep/2023:07:22:14 -0500] "GET /BLA/boletinlegal/consulta_actos.php?tipo=resoluciones&no=0177&usuario=&sector=&fecha=2023&resuelve= HTTP/1.1" 200 1107
68.183.209.83 - - [05/Sep/2023:07:22:15 -0500] "GET / HTTP/1.1" 200 4720
186.87.228.14 - - [05/Sep/2023:07:22:17 -0500] "GET /BLA/resoluciones/RESOLUCIONES%202023/0177.pdf HTTP/1.1" 200 487857
201.245.192.253 - - [05/Sep/2023:07:22:44 -0500] "POST /forms/lservlet;jsessionid=ac16012b30d6bc37a32d6dd1475b9cc7ba92661c2a41.e3iSbxaKaheRe34Rch0Ra3mLchv0n6jAmljGr5XDqQLvpAe HTTP/1.1" 200 2
201.245.192.253 - - [05/Sep/2023:07:23:02 -0500] "POST /kwsrmcab/Wsrmcab  HTTP/1.1" 200 43037
216.244.66.195 - - [05/Sep/2023:07:23:32 -0500] "GET /BLA/resoluciones/AUTOS%202016/0054.pdf HTTP/1.1" 200 773982
66.249.79.102 - - [05/Sep/2023:07:23:35 -0500] "GET /galeria/nivo-slider/demo/images/Bannersedeelectronica.jpg HTTP/1.1" 304 -
172.22.2.4 - - [05/Sep/2023:07:22:16 -0500] "HEAD /BLA/boletinlegal/ HTTP/1.1" 200 -
173.252.87.120 - - [05/Sep/2023:07:24:00 -0500] "GET /images/reunion-planta-termovalorizacion-11-mayo.jpg HTTP/1.1" 200 34782
201.245.192.253 - - [05/Sep/2023:07:24:06 -0500] "POST /forms/lservlet;jsessionid=ac16012b30d62eda719afc174e28a0dea47e26939047.e3iSbxaKaheRe34Rch0Ra3mLchv0n6jAmljGr5XDqQLvpAe HTTP/1.1" 200 2
172.22.2.4 - - [05/Sep/2023:07:24:13 -0500] "GET /BLA/boletinlegal/consulta_actos.php?tipo=resoluciones&no=0812&usuario=&sector=&fecha=2021&resuelve= HTTP/1.1" 200 1102
186.87.228.14 - - [05/Sep/2023:07:24:14 -0500] "GET /BLA/resoluciones/RESOLUCIONES%202021/0812.pdf HTTP/1.1" 200 524141
216.245.221.92 - - [05/Sep/2023:07:24:39 -0500] "HEAD / HTTP/1.1" 200 -
201.245.192.253 - - [05/Sep/2023:07:24:44 -0500] "POST /forms/lservlet;jsessionid=ac16012b30d6bc37a32d6dd1475b9cc7ba92661c2a41.e3iSbxaKaheRe34Rch0Ra3mLchv0n6jAmljGr5XDqQLvpAe HTTP/1.1" 200 2
172.22.2.4 - - [05/Sep/2023:07:23:06 -0500] "GET /BLA/boletinlegal/ HTTP/1.1" 200 57790
216.244.66.195 - - [05/Sep/2023:07:25:55 -0500] "GET /BLA/resoluciones/AUTOS%202016/0442.pdf HTTP/1.1" 200 698005
201.245.192.253 - - [05/Sep/2023:07:26:06 -0500] "POST /forms/lservlet;jsessionid=ac16012b30d62eda719afc174e28a0dea47e26939047.e3iSbxaKaheRe34Rch0Ra3mLchv0n6jAmljGr5XDqQLvpAe HTTP/1.1" 200 2
40.77.167.6 - - [05/Sep/2023:07:26:19 -0500] "GET /BLA/resoluciones/AUTOS%202023/1914.pdf HTTP/1.1" 200 420228
216.244.66.195 - - [05/Sep/2023:07:26:25 -0500] "GET /BLA/resoluciones/AUTOS%202016/0569.pdf HTTP/1.1" 200 525522
201.245.192.253 - - [05/Sep/2023:07:26:44 -0500] "POST /forms/lservlet;jsessionid=ac16012b30d6bc37a32d6dd1475b9cc7ba92661c2a41.e3iSbxaKaheRe34Rch0Ra3mLchv0n6jAmljGr5XDqQLvpAe HTTP/1.1" 200 2
66.249.66.194 - - [05/Sep/2023:07:26:52 -0500] "GET /acuerdos-de-conservacion-herramienta-para-la-preservacion-y-conocimiento-de-la-biodiversidad.html HTTP/1.1" 304 -
216.244.66.195 - - [05/Sep/2023:07:27:08 -0500] "GET /BLA/resoluciones/AUTOS%202016/1416.pdf HTTP/1.1" 200 363623
172.22.2.4 - - [05/Sep/2023:07:27:20 -0500] "GET /BLA/boletinlegal/Directivas/2009/Directiva%20No.%20del%2023%20de%20Diciembre%20de%202009.pdf HTTP/1.1" 304 -
87.236.176.121 - - [05/Sep/2023:07:27:32 -0500] "GET / HTTP/1.1" 200 319
216.244.66.195 - - [05/Sep/2023:07:27:39 -0500] "GET /BLA/resoluciones/AUTOS%202016/1487.pdf HTTP/1.1" 200 301556
201.245.192.253 - - [05/Sep/2023:07:28:01 -0500] "POST /kwsrmcab/Wsrmcab  HTTP/1.1" 200 43037
201.245.192.253 - - [05/Sep/2023:07:28:06 -0500] "POST /forms/lservlet;jsessionid=ac16012b30d62eda719afc174e28a0dea47e26939047.e3iSbxaKaheRe34Rch0Ra3mLchv0n6jAmljGr5XDqQLvpAe HTTP/1.1" 200 2
201.245.192.253 - - [05/Sep/2023:07:28:05 -0500] "POST /kwsrmcab/Wsrmcab HTTP/1.1" 200 42919
216.244.66.195 - - [05/Sep/2023:07:28:08 -0500] "GET /BLA/resoluciones/AUTOS%202016/1644.pdf HTTP/1.1" 200 849356
201.245.192.253 - - [05/Sep/2023:07:28:08 -0500] "POST /kwsrmcab/Wsrmcab HTTP/1.1" 200 42090
201.245.192.253 - - [05/Sep/2023:07:28:44 -0500] "POST /forms/lservlet;jsessionid=ac16012b30d6bc37a32d6dd1475b9cc7ba92661c2a41.e3iSbxaKaheRe34Rch0Ra3mLchv0n6jAmljGr5XDqQLvpAe HTTP/1.1" 200 2
216.244.66.195 - - [05/Sep/2023:07:28:48 -0500] "GET /BLA/resoluciones/AUTOS%202016/1778.pdf HTTP/1.1" 200 258821
216.244.66.195 - - [05/Sep/2023:07:29:22 -0500] "GET /BLA/resoluciones/AUTOS%202016/2158.pdf HTTP/1.1" 200 352257
216.245.221.92 - - [05/Sep/2023:07:29:39 -0500] "HEAD / HTTP/1.1" 200 -
172.22.2.4 - - [05/Sep/2023:07:28:06 -0500] "HEAD /BLA/boletinlegal/ HTTP/1.1" 200 -
216.244.66.195 - - [05/Sep/2023:07:29:55 -0500] "GET /BLA/resoluciones/AUTOS%202016/2162.pdf HTTP/1.1" 200 512301
201.245.192.253 - - [05/Sep/2023:07:30:06 -0500] "POST /forms/lservlet;jsessionid=ac16012b30d62eda719afc174e28a0dea47e26939047.e3iSbxaKaheRe34Rch0Ra3mLchv0n6jAmljGr5XDqQLvpAe HTTP/1.1" 200 2
172.22.2.4 - - [05/Sep/2023:07:30:27 -0500] "GET /BLA/boletinlegal/consulta_actos.php?tipo=resoluciones&no=0472&usuario=&sector=&fecha=2020&resuelve= HTTP/1.1" 200 1362
186.87.228.14 - - [05/Sep/2023:07:30:29 -0500] "GET /BLA/resoluciones/RESOLUCIONES%202020/0472.pdf HTTP/1.1" 200 570290
216.244.66.195 - - [05/Sep/2023:07:30:33 -0500] "GET /BLA/resoluciones/AUTOS%202016/2171.pdf HTTP/1.1" 200 607654
172.22.2.4 - - [05/Sep/2023:07:28:56 -0500] "GET /BLA/boletinlegal/ HTTP/1.1" 200 60692
201.245.192.253 - - [05/Sep/2023:07:30:44 -0500] "POST /forms/lservlet;jsessionid=ac16012b30d6bc37a32d6dd1475b9cc7ba92661c2a41.e3iSbxaKaheRe34Rch0Ra3mLchv0n6jAmljGr5XDqQLvpAe HTTP/1.1" 200 2
216.244.66.195 - - [05/Sep/2023:07:31:12 -0500] "GET /BLA/resoluciones/AUTOS%202016/2243.pdf HTTP/1.1" 200 833832
216.244.66.195 - - [05/Sep/2023:07:31:56 -0500] "GET /BLA/resoluciones/AUTOS%202016/2389.pdf HTTP/1.1" 200 378059
201.245.192.253 - - [05/Sep/2023:07:32:06 -0500] "POST /forms/lservlet;jsessionid=ac16012b30d62eda719afc174e28a0dea47e26939047.e3iSbxaKaheRe34Rch0Ra3mLchv0n6jAmljGr5XDqQLvpAe HTTP/1.1" 200 2
216.244.66.195 - - [05/Sep/2023:07:32:27 -0500] "GET /BLA/resoluciones/AUTOS%202016/2662.pdf HTTP/1.1" 200 424557
201.245.192.253 - - [05/Sep/2023:07:32:44 -0500] "POST /forms/lservlet;jsessionid=ac16012b30d6bc37a32d6dd1475b9cc7ba92661c2a41.e3iSbxaKaheRe34Rch0Ra3mLchv0n6jAmljGr5XDqQLvpAe HTTP/1.1" 200 2
216.244.66.195 - - [05/Sep/2023:07:32:58 -0500] "GET /BLA/resoluciones/AUTOS%202016/2871.pdf HTTP/1.1" 200 411239
201.245.192.253 - - [05/Sep/2023:07:33:01 -0500] "POST /kwsrmcab/Wsrmcab  HTTP/1.1" 200 43037
216.244.66.195 - - [05/Sep/2023:07:33:27 -0500] "GET /BLA/resoluciones/AUTOS%202016/3030.pdf HTTP/1.1" 200 394207
216.244.66.195 - - [05/Sep/2023:07:33:58 -0500] "GET /BLA/resoluciones/RESOLUCIONES%202018/1381.pdf HTTP/1.1" 200 898394
172.22.2.4 - - [05/Sep/2023:07:34:01 -0500] "GET /BLA/boletinlegal/consulta_actos.php?tipo=resoluciones&no=0826&usuario=&sector=&fecha=2021&resuelve= HTTP/1.1" 200 1104
201.245.192.253 - - [05/Sep/2023:07:34:06 -0500] "POST /forms/lservlet;jsessionid=ac16012b30d62eda719afc174e28a0dea47e26939047.e3iSbxaKaheRe34Rch0Ra3mLchv0n6jAmljGr5XDqQLvpAe HTTP/1.1" 200 2
52.167.144.186 - - [05/Sep/2023:07:34:17 -0500] "GET /BLA/resoluciones/RESOLUCIONES%202019/1468.pdf HTTP/1.1" 200 309821
216.244.66.195 - - [05/Sep/2023:07:34:37 -0500] "GET /BLA/resoluciones/AUTOS%202007/0700.pdf HTTP/1.1" 200 94955
216.245.221.92 - - [05/Sep/2023:07:34:39 -0500] "HEAD / HTTP/1.1" 200 -
201.245.192.253 - - [05/Sep/2023:07:34:44 -0500] "POST /forms/lservlet;jsessionid=ac16012b30d6bc37a32d6dd1475b9cc7ba92661c2a41.e3iSbxaKaheRe34Rch0Ra3mLchv0n6jAmljGr5XDqQLvpAe HTTP/1.1" 200 2
216.244.66.195 - - [05/Sep/2023:07:35:08 -0500] "GET /BLA/resoluciones/AUTOS%202010/0484.pdf HTTP/1.1" 200 184323
52.167.144.186 - - [05/Sep/2023:07:35:20 -0500] "GET /Publicaciones/2023EE201522.pdf HTTP/1.1" 200 1472405
66.249.79.102 - - [05/Sep/2023:07:35:35 -0500] "GET /BLA/resoluciones/Notificaciones/RESOLUCIONES%202022/4733.pdf HTTP/1.1" 304 -
172.22.2.4 - - [05/Sep/2023:07:33:56 -0500] "HEAD /BLA/boletinlegal/ HTTP/1.1" 200 -
216.244.66.195 - - [05/Sep/2023:07:35:38 -0500] "GET /BLA/resoluciones/AUTOS%202010/0615.pdf HTTP/1.1" 200 196667
173.252.107.9 - - [05/Sep/2023:07:35:50 -0500] "GET /entrenubes-raton-de-montana-se-alimenta-de-hongos-presentes-en-este-ecosistema-del-suroriente-de-bogota.html HTTP/1.1" 200 843
201.245.192.253 - - [05/Sep/2023:07:36:06 -0500] "POST /forms/lservlet;jsessionid=ac16012b30d62eda719afc174e28a0dea47e26939047.e3iSbxaKaheRe34Rch0Ra3mLchv0n6jAmljGr5XDqQLvpAe HTTP/1.1" 200 2
216.244.66.195 - - [05/Sep/2023:07:36:06 -0500] "GET /BLA/resoluciones/AUTOS%202010/0807.pdf HTTP/1.1" 200 175387
172.22.2.4 - - [05/Sep/2023:07:34:46 -0500] "GET /BLA/boletinlegal/ HTTP/1.1" 200 57790
216.244.66.195 - - [05/Sep/2023:07:36:34 -0500] "GET /BLA/resoluciones/AUTOS%202010/1418.pdf HTTP/1.1" 200 208387
201.245.192.253 - - [05/Sep/2023:07:36:44 -0500] "POST /forms/lservlet;jsessionid=ac16012b30d6bc37a32d6dd1475b9cc7ba92661c2a41.e3iSbxaKaheRe34Rch0Ra3mLchv0n6jAmljGr5XDqQLvpAe HTTP/1.1" 200 2
216.244.66.195 - - [05/Sep/2023:07:37:00 -0500] "GET /BLA/resoluciones/AUTOS%202010/1421.pdf HTTP/1.1" 200 161318
201.245.192.253 - - [05/Sep/2023:07:37:09 -0500] "GET /appsia/controlador HTTP/1.1" 200 4799
201.245.192.253 - - [05/Sep/2023:07:37:10 -0500] "GET /appsia/css/estilos.css HTTP/1.1" 200 4804
201.245.192.253 - - [05/Sep/2023:07:37:10 -0500] "GET /appsia/scripts/validarIngreso.js HTTP/1.1" 200 851
201.245.192.253 - - [05/Sep/2023:07:37:10 -0500] "GET /appsia/images/cabezoteHojaVida.png HTTP/1.1" 200 32493
201.245.192.253 - - [05/Sep/2023:07:37:10 -0500] "GET /appsia/images/logo_bogota_p.png HTTP/1.1" 200 14951
201.245.192.253 - - [05/Sep/2023:07:37:10 -0500] "GET /favicon.ico HTTP/1.1" 200 7782
172.22.2.4 - - [05/Sep/2023:07:37:16 -0500] "GET /BLA/boletinlegal/consulta_actos.php?tipo=resoluciones&no=0423&usuario=&sector=&fecha=2023&resuelve= HTTP/1.1" 200 1104
186.87.228.14 - - [05/Sep/2023:07:37:17 -0500] "GET /BLA/resoluciones/RESOLUCIONES%202023/0423.pdf HTTP/1.1" 200 480618
201.245.192.253 - - [05/Sep/2023:07:37:19 -0500] "POST /appsia/controlador HTTP/1.1" 200 3603
201.245.192.253 - - [05/Sep/2023:07:37:19 -0500] "GET /appsia/jscripts/validarSolicitud.js HTTP/1.1" 404 68
201.245.192.253 - - [05/Sep/2023:07:37:21 -0500] "POST /appsia/controlador HTTP/1.1" 200 4799
216.244.66.195 - - [05/Sep/2023:07:37:25 -0500] "GET /BLA/resoluciones/AUTOS%202010/3559.pdf HTTP/1.1" 200 411726
201.245.192.253 - - [05/Sep/2023:07:37:31 -0500] "POST /appsia/controlador HTTP/1.1" 200 5437
201.245.192.253 - - [05/Sep/2023:07:37:33 -0500] "POST /appsia/controlador HTTP/1.1" 200 5437
201.245.192.253 - - [05/Sep/2023:07:37:37 -0500] "POST /appsia/controlador HTTP/1.1" 200 7793
201.245.192.253 - - [05/Sep/2023:07:37:49 -0500] "POST /appsia/controlador HTTP/1.1" 200 6658
201.245.192.253 - - [05/Sep/2023:07:37:51 -0500] "POST /appsia/controlador HTTP/1.1" 200 11971
216.244.66.195 - - [05/Sep/2023:07:37:53 -0500] "GET /BLA/resoluciones/AUTOS%202010/3702.pdf HTTP/1.1" 200 241021
201.245.192.253 - - [05/Sep/2023:07:38:00 -0500] "POST /kwsrmcab/Wsrmcab  HTTP/1.1" 200 43037
201.245.192.253 - - [05/Sep/2023:07:38:06 -0500] "POST /forms/lservlet;jsessionid=ac16012b30d62eda719afc174e28a0dea47e26939047.e3iSbxaKaheRe34Rch0Ra3mLchv0n6jAmljGr5XDqQLvpAe HTTP/1.1" 200 2
201.245.192.253 - - [05/Sep/2023:07:38:05 -0500] "POST /kwsrmcab/Wsrmcab HTTP/1.1" 200 42919
201.245.192.253 - - [05/Sep/2023:07:38:08 -0500] "POST /kwsrmcab/Wsrmcab HTTP/1.1" 200 42090
216.244.66.195 - - [05/Sep/2023:07:38:16 -0500] "GET /BLA/resoluciones/AUTOS%202010/3986.pdf HTTP/1.1" 200 127017
66.249.79.101 - - [05/Sep/2023:07:38:34 -0500] "GET /galeria/nivo-slider/demo/images/banneraire2021.jpg HTTP/1.1" 304 -
216.244.66.195 - - [05/Sep/2023:07:38:39 -0500] "GET /BLA/resoluciones/AUTOS%202010/4614.pdf HTTP/1.1" 200 393321
201.245.192.253 - - [05/Sep/2023:07:38:44 -0500] "POST /forms/lservlet;jsessionid=ac16012b30d6bc37a32d6dd1475b9cc7ba92661c2a41.e3iSbxaKaheRe34Rch0Ra3mLchv0n6jAmljGr5XDqQLvpAe HTTP/1.1" 200 2
201.245.192.253 - - [05/Sep/2023:07:38:47 -0500] "POST /appsia/controlador HTTP/1.1" 200 7793
201.245.192.253 - - [05/Sep/2023:07:38:52 -0500] "POST /appsia/controlador HTTP/1.1" 200 6658
201.245.192.253 - - [05/Sep/2023:07:38:53 -0500] "POST /appsia/controlador HTTP/1.1" 200 13142
201.245.192.253 - - [05/Sep/2023:07:39:00 -0500] "GET /appsia/controlador?comando=regresar&id=51748090&funcionario=CARMENZA.GIRALDO+GIRALDO+SALAZAR&desde=51748090&hasta=51748090&version=51748090 HTTP/1.1" 200 7793
216.244.66.195 - - [05/Sep/2023:07:39:00 -0500] "GET /BLA/resoluciones/AUTOS%202010/4959.pdf HTTP/1.1" 200 203814
201.245.192.253 - - [05/Sep/2023:07:39:04 -0500] "POST /appsia/controlador HTTP/1.1" 200 6658
186.102.12.240 - - [05/Sep/2023:07:39:05 -0500] "GET /kwssiamovil/sm/ldap/au?x=U2FsdGVkX19n3r95WljcXxi4phm3ndTJIyQth4Qk1cIBLsEDfR7EVVfl0ZTWuwbO&y=U2FsdGVkX1/TeDUPQDNyRrrlYttH2rSI7fyI+VFxnvo= HTTP/1.1" 200 30
201.245.192.253 - - [05/Sep/2023:07:39:06 -0500] "POST /appsia/controlador HTTP/1.1" 200 12753
186.102.12.240 - - [05/Sep/2023:07:39:06 -0500] "GET /kwssiamovil/sm/acme/s?s=U2FsdGVkX1/fcvtys1wwiltxftyg0A6RiBu1Hk4JC6W1zFnttjvpyn4gOqfIUJWQUBJODh93QWsdAAzIIKjsx/9bjbz0sBUIpgNBLxPIk9U=&u=U2FsdGVkX18AI+VAPaP/JHal4h1hTu51V+GtdjzRfPY=&y=U2FsdGVkX1/TeDUPQDNyRrrlYttH2rSI7fyI+VFxnvo= HTTP/1.1" 200 97
186.102.12.240 - - [05/Sep/2023:07:39:06 -0500] "GET /kwssiamovil/sm/acme/s?s=U2FsdGVkX1/1y8Rgwp3OIbSioyg2xEBt220keKFIkUIrOw7XflsJaqLl6/7QZTMj3iAFxhsAnCp7gW67Kc3bqqUKKCJpQ48ofHYa6hS21I43gqYiLF7fCW0bcdUL8kSbt86PRaaHK/Ku2qJQ5uNg+qOJDJvfhsI5xaO6KiEHscfh5+/WyDwadOHlYbbUOxMI1Y9Gc/xb43mmUfN3VvVI+Ap7VofDigsFbjeJOS7bui7gGwY4DTsWCUU1LlpMPnoQs17nkuXht5c82SSwO6oLtlr6aeuGQ5M3akJy+HDUKznBSqbH4EhjYZbtZ4yTe0jfJKc+oQD4tsgtITOcokv+ERFSKRLKRKk1lTi7LPWK4vc6nl6TOuC1NdzU74PVTlXPE8rfygwaIwKN9WAODOig0+GTKolHxq69V+PJjXQtz7VoB1AV4Rq3QuUJi30qGk2iUfmdVhTcnXMiF3vlfqYqHhzYhU0j3605TDoIGLBLirgSuSuZXcW73e1bn6s7jhCsCINTYufb1vb8TgYXFlfhNNNTOdpNw3pQFr5aHaOvVmYjAK+Myo5G40kHF6lhFFfxqIhTQBYpXqT4wVNx3sVXi2ByZ7km9gNmHMZoUGDFW+8GzMANC62QPCDs3AImLFiuE9lWp09we6QpIJXzBBVzWvcEE4FTmlVZCvXdlXgTbB4U7uNRKxXLlmBZnp2RXG0Q6JfHlEo4z6jveT8Lc0BkcRqAuQsmmmZgCRIuXInK80BciJBrU8bDAK09LbunSREt90gPPvtYfpFVZZWPV4syGtw/5/0+ZK56uPNSaI1AmYMuQzsFztsNgmyUNTIP4boZlrVhO/aCnFkxFG61sUnYgyD0qFgOgozXw7+iOX7qU6HhsfM5jzJLZNldNAHUNWGj5Z25ztEolbTIOyEjM0VgfeD8iEj6WIqVTf2xXyF5eHrP2D43vtHiplyEIaBOFSqq9xUERiAQzE1l8D6NRGAc+zxXHr51jX75U5njuok1UH4g4gwNPqfEbvJaDY7L2aFWBUgEixqRhNonCzQH7FzOF9uHRJXQj/o1OA2r2H7FRhTkzCC3cRU5p+IP6t0zM8yz5RB+l5C9l6ceMebMCt3BFhXVzGMYEgVNYLvInmuIg48A88xtxITvlmq+M2rov/qcP9XI+EK0RQD7iiy+Im3qy8u82oM+fXrkhBLwxHMjDrRRTxnmg0xWg6PklDubft0O6HhR6TU0Qbt+q77UYFceU671kDZrkH+rtzhbxnwRoQ2J+jZRTmi0zD6kQYMwS7jW8KDn86ECFWPjjmfZGmZdW/6q+gKwlZdM5BbvbCLfHdKoRJV7FiwOimRDgPl7vlaJIUunTVVUxJxuyiFaNvXAq+Ye2ToZSV36XMfR+QUo25qyE6f2zn+VwvRgfo1o8daoYZxv/lBimO+VFJwdmDoZ31VH+7SHF7QX0ETI4mWvQpE=&u=U2FsdGVkX18AI+VAPaP/JHal4h1hTu51V+GtdjzRfPY=&y=U2FsdGVkX1/TeDUPQDNyRrrlYttH2rSI7fyI+VFxnvo= HTTP/1.1" 200 5774
186.102.12.240 - - [05/Sep/2023:07:39:06 -0500] "GET /kwssiamovil/sm/acme/s?s=U2FsdGVkX1/7vV9Vhzg0CdC40OVZI4g99R6iYa0Ubq2E4xKGd/3DryOMgo7a9em6/4nu6o7rBf34zgFaalbviXUxdbXhI2CToTiVa4lAjscQDzHyOpHVsICJ/xdpph935iR7HByL7+QFYM1TO6SUEU0mkBLlEhthUHV1/ZL/oidjD8D0vdj8xALaERGnhhqkKv2r67ZfxuZpcMC7IR+AR8EtbXWE+m0dw7kx9g7M7U8Q4YtJ3XjLIipGxC0fqPftem7a0avzcdAhX2GsRA7bIUtscDAnt9MEhzKwV+dlkvNQLzBdFMKh3D6VzF7BdfZ9T/8c9BFC/JzbCawNwAa77g==&u=U2FsdGVkX18AI+VAPaP/JHal4h1hTu51V+GtdjzRfPY=&y=U2FsdGVkX1/TeDUPQDNyRrrlYttH2rSI7fyI+VFxnvo= HTTP/1.1" 200 196
186.102.12.240 - - [05/Sep/2023:07:39:06 -0500] "GET /kwssiamovil/sm/cjson/pre?f=1&x=U2FsdGVkX19n3r95WljcXxi4phm3ndTJIyQth4Qk1cIBLsEDfR7EVVfl0ZTWuwbO HTTP/1.1" 200 31032
201.245.192.253 - - [05/Sep/2023:07:39:08 -0500] "POST /forms/lservlet;jsessionid=ac16012b30d6bc37a32d6dd1475b9cc7ba92661c2a41.e3iSbxaKaheRe34Rch0Ra3mLchv0n6jAmljGr5XDqQLvpAe HTTP/1.1" 200 7
201.245.192.253 - - [05/Sep/2023:07:39:09 -0500] "POST /forms/lservlet;jsessionid=ac16012b30d6bc37a32d6dd1475b9cc7ba92661c2a41.e3iSbxaKaheRe34Rch0Ra3mLchv0n6jAmljGr5XDqQLvpAe HTTP/1.1" 200 94
201.245.192.253 - - [05/Sep/2023:07:39:10 -0500] "POST /forms/lservlet;jsessionid=ac16012b30d6bc37a32d6dd1475b9cc7ba92661c2a41.e3iSbxaKaheRe34Rch0Ra3mLchv0n6jAmljGr5XDqQLvpAe HTTP/1.1" 200 1326
201.245.192.253 - - [05/Sep/2023:07:39:10 -0500] "POST /forms/lservlet;jsessionid=ac16012b30d6bc37a32d6dd1475b9cc7ba92661c2a41.e3iSbxaKaheRe34Rch0Ra3mLchv0n6jAmljGr5XDqQLvpAe HTTP/1.1" 200 10
201.245.192.253 - - [05/Sep/2023:07:39:10 -0500] "POST /forms/lservlet;jsessionid=ac16012b30d6bc37a32d6dd1475b9cc7ba92661c2a41.e3iSbxaKaheRe34Rch0Ra3mLchv0n6jAmljGr5XDqQLvpAe HTTP/1.1" 200 24
216.244.66.195 - - [05/Sep/2023:07:39:20 -0500] "GET /BLA/resoluciones/AUTOS%202010/5224.pdf HTTP/1.1" 200 139376
201.245.192.253 - - [05/Sep/2023:07:39:21 -0500] "POST /appsia/controlador HTTP/1.1" 200 12753
201.245.192.253 - - [05/Sep/2023:07:39:26 -0500] "POST /forms/lservlet;jsessionid=ac16012b30d6bc37a32d6dd1475b9cc7ba92661c2a41.e3iSbxaKaheRe34Rch0Ra3mLchv0n6jAmljGr5XDqQLvpAe HTTP/1.1" 200 2252
201.245.192.253 - - [05/Sep/2023:07:39:27 -0500] "POST /forms/lservlet;jsessionid=ac16012b30d6bc37a32d6dd1475b9cc7ba92661c2a41.e3iSbxaKaheRe34Rch0Ra3mLchv0n6jAmljGr5XDqQLvpAe HTTP/1.1" 200 1320
201.245.192.253 - - [05/Sep/2023:07:39:27 -0500] "POST /forms/lservlet;jsessionid=ac16012b30d6bc37a32d6dd1475b9cc7ba92661c2a41.e3iSbxaKaheRe34Rch0Ra3mLchv0n6jAmljGr5XDqQLvpAe HTTP/1.1" 200 24
201.245.192.253 - - [05/Sep/2023:07:39:32 -0500] "POST /forms/lservlet;jsessionid=ac16012b30d6bc37a32d6dd1475b9cc7ba92661c2a41.e3iSbxaKaheRe34Rch0Ra3mLchv0n6jAmljGr5XDqQLvpAe HTTP/1.1" 200 2081
201.245.192.253 - - [05/Sep/2023:07:39:32 -0500] "POST /appsia/controlador HTTP/1.1" 200 12753
201.245.192.253 - - [05/Sep/2023:07:39:34 -0500] "POST /forms/lservlet;jsessionid=ac16012b30d6bc37a32d6dd1475b9cc7ba92661c2a41.e3iSbxaKaheRe34Rch0Ra3mLchv0n6jAmljGr5XDqQLvpAe HTTP/1.1" 200 1807
201.245.192.253 - - [05/Sep/2023:07:39:34 -0500] "POST /appsia/controlador HTTP/1.1" 200 7793
201.245.192.253 - - [05/Sep/2023:07:39:34 -0500] "POST /forms/lservlet;jsessionid=ac16012b30d6bc37a32d6dd1475b9cc7ba92661c2a41.e3iSbxaKaheRe34Rch0Ra3mLchv0n6jAmljGr5XDqQLvpAe HTTP/1.1" 200 24
201.245.192.253 - - [05/Sep/2023:07:39:36 -0500] "POST /appsia/controlador HTTP/1.1" 200 5252
201.245.192.253 - - [05/Sep/2023:07:39:38 -0500] "GET /appsia/controlador?comando=ingresarMenuPrincipal&id=51748090&funcionario=CARMENZA.GIRALDO+GIRALDO+SALAZAR&desde=51748090&hasta=51748090&version=51748090&accion=Regresar HTTP/1.1" 200 5437
216.245.221.92 - - [05/Sep/2023:07:39:39 -0500] "HEAD / HTTP/1.1" 200 -
201.245.192.253 - - [05/Sep/2023:07:39:39 -0500] "POST /appsia/controlador HTTP/1.1" 200 7793
216.244.66.195 - - [05/Sep/2023:07:39:39 -0500] "GET /BLA/resoluciones/AUTOS%202010/5457.pdf HTTP/1.1" 200 145850
201.245.192.253 - - [05/Sep/2023:07:39:40 -0500] "POST /forms/lservlet;jsessionid=ac16012b30d6bc37a32d6dd1475b9cc7ba92661c2a41.e3iSbxaKaheRe34Rch0Ra3mLchv0n6jAmljGr5XDqQLvpAe HTTP/1.1" 200 2718
201.245.192.253 - - [05/Sep/2023:07:39:41 -0500] "POST /forms/lservlet;jsessionid=ac16012b30d6bc37a32d6dd1475b9cc7ba92661c2a41.e3iSbxaKaheRe34Rch0Ra3mLchv0n6jAmljGr5XDqQLvpAe HTTP/1.1" 200 1806
201.245.192.253 - - [05/Sep/2023:07:39:42 -0500] "POST /forms/lservlet;jsessionid=ac16012b30d6bc37a32d6dd1475b9cc7ba92661c2a41.e3iSbxaKaheRe34Rch0Ra3mLchv0n6jAmljGr5XDqQLvpAe HTTP/1.1" 200 24
201.245.192.253 - - [05/Sep/2023:07:39:45 -0500] "POST /forms/lservlet;jsessionid=ac16012b30d6bc37a32d6dd1475b9cc7ba92661c2a41.e3iSbxaKaheRe34Rch0Ra3mLchv0n6jAmljGr5XDqQLvpAe HTTP/1.1" 200 2156
201.245.192.253 - - [05/Sep/2023:07:39:46 -0500] "POST /forms/lservlet;jsessionid=ac16012b30d6bc37a32d6dd1475b9cc7ba92661c2a41.e3iSbxaKaheRe34Rch0Ra3mLchv0n6jAmljGr5XDqQLvpAe HTTP/1.1" 200 1806
201.245.192.253 - - [05/Sep/2023:07:39:47 -0500] "POST /forms/lservlet;jsessionid=ac16012b30d6bc37a32d6dd1475b9cc7ba92661c2a41.e3iSbxaKaheRe34Rch0Ra3mLchv0n6jAmljGr5XDqQLvpAe HTTP/1.1" 200 24
201.245.192.253 - - [05/Sep/2023:07:39:48 -0500] "POST /appsia/controlador HTTP/1.1" 200 6658
201.245.192.253 - - [05/Sep/2023:07:39:49 -0500] "POST /appsia/controlador HTTP/1.1" 200 13142
201.245.192.253 - - [05/Sep/2023:07:39:52 -0500] "POST /forms/lservlet;jsessionid=ac16012b30d6bc37a32d6dd1475b9cc7ba92661c2a41.e3iSbxaKaheRe34Rch0Ra3mLchv0n6jAmljGr5XDqQLvpAe HTTP/1.1" 200 2293
201.245.192.253 - - [05/Sep/2023:07:39:54 -0500] "POST /forms/lservlet;jsessionid=ac16012b30d6bc37a32d6dd1475b9cc7ba92661c2a41.e3iSbxaKaheRe34Rch0Ra3mLchv0n6jAmljGr5XDqQLvpAe HTTP/1.1" 200 1829
201.245.192.253 - - [05/Sep/2023:07:39:54 -0500] "POST /forms/lservlet;jsessionid=ac16012b30d6bc37a32d6dd1475b9cc7ba92661c2a41.e3iSbxaKaheRe34Rch0Ra3mLchv0n6jAmljGr5XDqQLvpAe HTTP/1.1" 200 24
216.244.66.195 - - [05/Sep/2023:07:39:58 -0500] "GET /BLA/resoluciones/AUTOS%202010/5471.pdf HTTP/1.1" 200 200754
201.245.192.253 - - [05/Sep/2023:07:39:58 -0500] "POST /forms/lservlet;jsessionid=ac16012b30d6bc37a32d6dd1475b9cc7ba92661c2a41.e3iSbxaKaheRe34Rch0Ra3mLchv0n6jAmljGr5XDqQLvpAe HTTP/1.1" 200 2057
201.245.192.253 - - [05/Sep/2023:07:40:06 -0500] "POST /forms/lservlet;jsessionid=ac16012b30d62eda719afc174e28a0dea47e26939047.e3iSbxaKaheRe34Rch0Ra3mLchv0n6jAmljGr5XDqQLvpAe HTTP/1.1" 200 2
216.244.66.195 - - [05/Sep/2023:07:40:15 -0500] "GET /BLA/resoluciones/AUTOS%202010/5624.pdf HTTP/1.1" 200 448060
190.27.94.119 - - [05/Sep/2023:07:40:28 -0500] "GET /BLA/boletinlegal/actos.php HTTP/1.1" 200 9682
190.27.94.119 - - [05/Sep/2023:07:40:28 -0500] "GET /BLA/boletinlegal/styles2.css HTTP/1.1" 200 1838
190.27.94.119 - - [05/Sep/2023:07:40:28 -0500] "GET /BLA/boletinlegal/js/ajax_actos.js HTTP/1.1" 200 1322
190.27.94.119 - - [05/Sep/2023:07:40:28 -0500] "GET /BLA/boletinlegal/niceforms.js HTTP/1.1" 200 22876
190.27.94.119 - - [05/Sep/2023:07:40:28 -0500] "GET /BLA/boletinlegal/niceforms-default.css HTTP/1.1" 200 6694
190.27.94.119 - - [05/Sep/2023:07:40:28 -0500] "GET /BLA/boletinlegal/style.css HTTP/1.1" 200 9406
190.27.94.119 - - [05/Sep/2023:07:40:28 -0500] "GET /BLA/boletinlegal/js/lib.js HTTP/1.1" 200 6474
190.27.94.119 - - [05/Sep/2023:07:40:28 -0500] "GET /BLA/boletinlegal/js/popup.js HTTP/1.1" 200 1270
190.27.94.119 - - [05/Sep/2023:07:40:28 -0500] "GET /BLA/boletinlegal/js/jquery1.js HTTP/1.1" 200 29846
190.27.94.119 - - [05/Sep/2023:07:40:28 -0500] "GET /BLA/boletinlegal/images/cabezote%20BLEGAL.jpg HTTP/1.1" 200 118164
190.27.94.119 - - [05/Sep/2023:07:40:28 -0500] "GET /BLA/boletinlegal/images/subscribe-icon-big.png HTTP/1.1" 200 47702
190.27.94.119 - - [05/Sep/2023:07:40:28 -0500] "GET /BLA/boletinlegal/images/historia.png HTTP/1.1" 200 52775
190.27.94.119 - - [05/Sep/2023:07:40:28 -0500] "GET /BLA/boletinlegal/images/registro-usuarios.png HTTP/1.1" 200 8106
190.27.94.119 - - [05/Sep/2023:07:40:28 -0500] "GET /BLA/boletinlegal/images/green-yellow-blue-pink-th.png HTTP/1.1" 200 7394
190.27.94.119 - - [05/Sep/2023:07:40:29 -0500] "GET /BLA/boletinlegal/images/tel.png HTTP/1.1" 200 14477
190.27.94.119 - - [05/Sep/2023:07:40:29 -0500] "GET /BLA/boletinlegal/images/body_bg.jpg HTTP/1.1" 200 1601
190.27.94.119 - - [05/Sep/2023:07:40:29 -0500] "GET /BLA/boletinlegal/images/footer_bg.jpg HTTP/1.1" 200 586
190.27.94.119 - - [05/Sep/2023:07:40:29 -0500] "GET /BLA/boletinlegal/images/menu_lft.gif HTTP/1.1" 200 1713
190.27.94.119 - - [05/Sep/2023:07:40:29 -0500] "GET /BLA/boletinlegal/images/menu_rght.gif HTTP/1.1" 200 1627
190.27.94.119 - - [05/Sep/2023:07:40:29 -0500] "GET /BLA/boletinlegal/images/bg_top.jpg HTTP/1.1" 200 522
190.27.94.119 - - [05/Sep/2023:07:40:29 -0500] "GET /BLA/boletinlegal/images/menu_bg.jpg HTTP/1.1" 200 620
190.27.94.119 - - [05/Sep/2023:07:40:29 -0500] "GET /BLA/boletinlegal/images/text.jpg HTTP/1.1" 200 568
190.27.94.119 - - [05/Sep/2023:07:40:29 -0500] "GET /BLA/boletinlegal/images/hover.jpg HTTP/1.1" 200 640
190.27.94.119 - - [05/Sep/2023:07:40:29 -0500] "GET /BLA/boletinlegal/images/icono-email.png HTTP/1.1" 200 5544
190.27.94.119 - - [05/Sep/2023:07:40:29 -0500] "GET /BLA/boletinlegal/images/footer_bg_l.jpg HTTP/1.1" 200 776
190.27.94.119 - - [05/Sep/2023:07:40:29 -0500] "GET /BLA/boletinlegal/img/0.png HTTP/1.1" 200 110
190.27.94.119 - - [05/Sep/2023:07:40:29 -0500] "GET /BLA/boletinlegal/img/select-left.png HTTP/1.1" 200 263
190.27.94.119 - - [05/Sep/2023:07:40:29 -0500] "GET /BLA/boletinlegal/img/select-right.png HTTP/1.1" 200 44019
190.27.94.119 - - [05/Sep/2023:07:40:29 -0500] "GET /BLA/boletinlegal/img/button-left.png HTTP/1.1" 200 57071
190.27.94.119 - - [05/Sep/2023:07:40:29 -0500] "GET /BLA/boletinlegal/img/button.png HTTP/1.1" 200 43241
190.27.94.119 - - [05/Sep/2023:07:40:29 -0500] "GET /BLA/boletinlegal/img/button-right.png HTTP/1.1" 200 57878
216.244.66.195 - - [05/Sep/2023:07:40:42 -0500] "GET /BLA/resoluciones/AUTOS%202010/5631.pdf HTTP/1.1" 200 631848
201.245.192.253 - - [05/Sep/2023:07:40:44 -0500] "POST /forms/lservlet;jsessionid=ac16012b30d6bc37a32d6dd1475b9cc7ba92661c2a41.e3iSbxaKaheRe34Rch0Ra3mLchv0n6jAmljGr5XDqQLvpAe HTTP/1.1" 200 2
216.244.66.195 - - [05/Sep/2023:07:41:04 -0500] "GET /BLA/resoluciones/AUTOS%202010/5711.pdf HTTP/1.1" 200 236581
216.244.66.195 - - [05/Sep/2023:07:41:24 -0500] "GET /BLA/resoluciones/AUTOS%202010/6741.pdf HTTP/1.1" 200 218407
172.22.2.4 - - [05/Sep/2023:07:39:46 -0500] "HEAD /BLA/boletinlegal/ HTTP/1.1" 200 -
216.244.66.195 - - [05/Sep/2023:07:41:44 -0500] "GET /BLA/resoluciones/AUTOS%202010/6812.pdf HTTP/1.1" 200 147835
216.244.66.195 - - [05/Sep/2023:07:42:04 -0500] "GET /BLA/resoluciones/AUTOS%202011/3848.pdf HTTP/1.1" 200 272701
201.245.192.253 - - [05/Sep/2023:07:42:06 -0500] "POST /forms/lservlet;jsessionid=ac16012b30d62eda719afc174e28a0dea47e26939047.e3iSbxaKaheRe34Rch0Ra3mLchv0n6jAmljGr5XDqQLvpAe HTTP/1.1" 200 2
172.22.2.4 - - [05/Sep/2023:07:40:36 -0500] "GET /BLA/boletinlegal/ HTTP/1.1" 200 58187
216.244.66.195 - - [05/Sep/2023:07:42:21 -0500] "GET /BLA/resoluciones/AUTOS%202011/3903.pdf HTTP/1.1" 200 329290
172.22.2.4 - - [05/Sep/2023:07:42:32 -0500] "GET /BLA/boletinlegal/consulta_actos.php?tipo=resoluciones&no=0798&usuario=&sector=&fecha=2021&resuelve= HTTP/1.1" 200 626
216.244.66.195 - - [05/Sep/2023:07:42:38 -0500] "GET /BLA/resoluciones/RESOLUCIONES%202016/0397.pdf HTTP/1.1" 200 1219357
201.245.192.253 - - [05/Sep/2023:07:42:44 -0500] "POST /forms/lservlet;jsessionid=ac16012b30d6bc37a32d6dd1475b9cc7ba92661c2a41.e3iSbxaKaheRe34Rch0Ra3mLchv0n6jAmljGr5XDqQLvpAe HTTP/1.1" 200 2
172.22.2.4 - - [05/Sep/2023:07:42:50 -0500] "GET /BLA/boletinlegal/consulta_actos.php?tipo=resoluciones&no=0797&usuario=&sector=&fecha=2021&resuelve= HTTP/1.1" 200 1152
186.87.228.14 - - [05/Sep/2023:07:42:52 -0500] "GET /BLA/resoluciones/RESOLUCIONES%202021/0797.pdf HTTP/1.1" 200 582536
216.244.66.195 - - [05/Sep/2023:07:42:54 -0500] "GET /BLA/resoluciones/RESOLUCIONES%202016/0435.pdf HTTP/1.1" 200 680583
201.245.192.253 - - [05/Sep/2023:07:42:59 -0500] "POST /kwsrmcab/Wsrmcab  HTTP/1.1" 200 43037
216.244.66.195 - - [05/Sep/2023:07:43:18 -0500] "GET /BLA/resoluciones/RESOLUCIONES%202016/1245.pdf HTTP/1.1" 200 481329
216.244.66.195 - - [05/Sep/2023:07:43:41 -0500] "GET /BLA/resoluciones/RESOLUCIONES%202016/1848.pdf HTTP/1.1" 200 749501
216.244.66.195 - - [05/Sep/2023:07:44:00 -0500] "GET /BLA/resoluciones/RESOLUCIONES%202016/1945.pdf HTTP/1.1" 200 480797
201.245.192.253 - - [05/Sep/2023:07:44:06 -0500] "POST /forms/lservlet;jsessionid=ac16012b30d62eda719afc174e28a0dea47e26939047.e3iSbxaKaheRe34Rch0Ra3mLchv0n6jAmljGr5XDqQLvpAe HTTP/1.1" 200 2
216.244.66.195 - - [05/Sep/2023:07:44:18 -0500] "GET /BLA/resoluciones/RESOLUCIONES%202016/2168.pdf HTTP/1.1" 200 311230
216.245.221.92 - - [05/Sep/2023:07:44:39 -0500] "HEAD / HTTP/1.1" 200 -
201.245.192.253 - - [05/Sep/2023:07:44:44 -0500] "POST /forms/lservlet;jsessionid=ac16012b30d6bc37a32d6dd1475b9cc7ba92661c2a41.e3iSbxaKaheRe34Rch0Ra3mLchv0n6jAmljGr5XDqQLvpAe HTTP/1.1" 200 2
216.244.66.195 - - [05/Sep/2023:07:44:52 -0500] "GET /BLA/resoluciones/RESOLUCIONES%202016/2206.pdf HTTP/1.1" 200 472884
186.84.89.167 - - [05/Sep/2023:07:45:09 -0500] "GET /sipse/faces/index.xhtml HTTP/1.1" 200 677
186.84.89.167 - - [05/Sep/2023:07:45:09 -0500] "GET /sipse/faces/javax.faces.resource/theme.css?ln=primefaces-sipse HTTP/1.1" 200 50058
186.84.89.167 - - [05/Sep/2023:07:45:09 -0500] "GET /sipse/faces/faces/autenticacion.xhtml HTTP/1.1" 200 12174
186.84.89.167 - - [05/Sep/2023:07:45:09 -0500] "GET /sipse/faces/javax.faces.resource/jquery/jquery.js?ln=primefaces&v=4.0 HTTP/1.1" 200 105384
186.84.89.167 - - [05/Sep/2023:07:45:09 -0500] "GET /sipse/css/custom_css_sg_prime_login.css HTTP/1.1" 200 443
186.84.89.167 - - [05/Sep/2023:07:45:09 -0500] "GET /sipse/faces/javax.faces.resource/layout/layout.css?ln=primefaces&v=4.0 HTTP/1.1" 304 -
186.84.89.167 - - [05/Sep/2023:07:45:09 -0500] "GET /sipse/faces/javax.faces.resource/primefaces.css?ln=primefaces&v=4.0 HTTP/1.1" 304 -
186.84.89.167 - - [05/Sep/2023:07:45:09 -0500] "GET /sipse/faces/javax.faces.resource/theme.css?ln=primefaces-sipse HTTP/1.1" 304 -
186.84.89.167 - - [05/Sep/2023:07:45:09 -0500] "GET /sipse/css/custom_css_sg.css HTTP/1.1" 200 9694
186.84.89.167 - - [05/Sep/2023:07:45:09 -0500] "GET /sipse/js/funciones.js HTTP/1.1" 200 12592
186.84.89.167 - - [05/Sep/2023:07:45:09 -0500] "GET /sipse/js/disable_browser_buttons.js HTTP/1.1" 200 3230
186.84.89.167 - - [05/Sep/2023:07:45:09 -0500] "GET /sipse/faces/javax.faces.resource/layout/layout.js?ln=primefaces&v=4.0 HTTP/1.1" 304 -
186.84.89.167 - - [05/Sep/2023:07:45:09 -0500] "GET /sipse/faces/javax.faces.resource/jquery/jquery-plugins.js?ln=primefaces&v=4.0 HTTP/1.1" 304 -
186.84.89.167 - - [05/Sep/2023:07:45:09 -0500] "GET /sipse/faces/javax.faces.resource/primefaces.js?ln=primefaces&v=4.0 HTTP/1.1" 200 276924
186.84.89.167 - - [05/Sep/2023:07:45:10 -0500] "GET /sipse/faces/javax.faces.resource/images/ui-icons_898989_256x240.png?ln=primefaces-aristo HTTP/1.1" 304 -
186.84.89.167 - - [05/Sep/2023:07:45:10 -0500] "GET /sipse/css/imagen/loginimg.png HTTP/1.1" 200 71635
186.84.89.167 - - [05/Sep/2023:07:45:10 -0500] "GET /sipse/css/imagen/logoSDG.png HTTP/1.1" 200 53064
172.22.2.4 - - [05/Sep/2023:07:45:19 -0500] "GET /BLA/boletinlegal/consulta_actos.php?tipo=resoluciones&no=3834&usuario=&sector=&fecha=2021&resuelve= HTTP/1.1" 200 1100
216.244.66.195 - - [05/Sep/2023:07:45:20 -0500] "GET /BLA/resoluciones/RESOLUCIONES%202016/2408.pdf HTTP/1.1" 200 1061545
186.87.228.14 - - [05/Sep/2023:07:45:21 -0500] "GET /BLA/resoluciones/RESOLUCIONES%202021/3834.pdf HTTP/1.1" 200 488746
191.102.224.197 - - [05/Sep/2023:07:45:22 -0500] "GET /BLA/resoluciones/RESOLUCIONES%202021/3834.pdf HTTP/1.1" 200 488746
186.84.89.167 - - [05/Sep/2023:07:45:24 -0500] "POST /sipse/faces/autenticacion.xhtml HTTP/1.1" 200 2215
186.84.89.167 - - [05/Sep/2023:07:45:24 -0500] "GET /sipse/faces/javax.faces.resource/messages/messages.png?ln=primefaces&v=4.0 HTTP/1.1" 304 -
186.84.89.167 - - [05/Sep/2023:07:45:34 -0500] "POST /sipse/faces/autenticacion.xhtml HTTP/1.1" 200 16343
186.84.89.167 - - [05/Sep/2023:07:45:34 -0500] "GET /sipse/faces/javax.faces.resource/primefaces.css?ln=primefaces&v=4.0 HTTP/1.1" 304 -
186.84.89.167 - - [05/Sep/2023:07:45:34 -0500] "GET /sipse/css/custom_css_sg_prime.css HTTP/1.1" 200 5201
186.84.89.167 - - [05/Sep/2023:07:45:34 -0500] "GET /sipse/faces/javax.faces.resource/theme.css?ln=primefaces-sipse HTTP/1.1" 304 -
186.84.89.167 - - [05/Sep/2023:07:45:34 -0500] "GET /sipse/faces/javax.faces.resource/layout/layout.css?ln=primefaces&v=4.0 HTTP/1.1" 304 -
186.84.89.167 - - [05/Sep/2023:07:45:34 -0500] "GET /sipse/js/jquery.min.js HTTP/1.1" 200 85582
186.84.89.167 - - [05/Sep/2023:07:45:34 -0500] "GET /sipse/faces/javax.faces.resource/jquery/jquery.js?ln=primefaces&v=4.0 HTTP/1.1" 304 -
186.84.89.167 - - [05/Sep/2023:07:45:34 -0500] "GET /sipse/faces/javax.faces.resource/jquery/jquery-plugins.js?ln=primefaces&v=4.0 HTTP/1.1" 304 -
186.84.89.167 - - [05/Sep/2023:07:45:34 -0500] "GET /sipse/faces/javax.faces.resource/primefaces.js?ln=primefaces&v=4.0 HTTP/1.1" 304 -
186.84.89.167 - - [05/Sep/2023:07:45:34 -0500] "GET /sipse/faces/javax.faces.resource/layout/layout.js?ln=primefaces&v=4.0 HTTP/1.1" 304 -
186.84.89.167 - - [05/Sep/2023:07:45:34 -0500] "GET /sipse/css/imagen/contrasena.png HTTP/1.1" 404 383
186.84.89.167 - - [05/Sep/2023:07:45:34 -0500] "GET /sipse/css/v_mergente.css HTTP/1.1" 200 1505
186.84.89.167 - - [05/Sep/2023:07:45:34 -0500] "GET /sipse/imagenes/cargando.gif HTTP/1.1" 200 36959
186.84.89.167 - - [05/Sep/2023:07:45:34 -0500] "GET /sipse/imagenes/logoAplicacion.jpg HTTP/1.1" 200 155084
186.84.89.167 - - [05/Sep/2023:07:45:38 -0500] "GET /sipse/faces/javax.faces.resource/images/ui-bg_flat_0_2d5972_40x100.png?ln=primefaces-aristo HTTP/1.1" 304 -
186.84.89.167 - - [05/Sep/2023:07:45:38 -0500] "POST /sipse/faces/bienvenido.xhtml HTTP/1.1" 200 2658
186.84.89.167 - - [05/Sep/2023:07:45:39 -0500] "POST /sipse/faces/bienvenido.xhtml HTTP/1.1" 200 63948
186.84.89.167 - - [05/Sep/2023:07:45:40 -0500] "GET /sipse/faces/javax.faces.resource/theme.css?ln=primefaces-sipse HTTP/1.1" 304 -
186.84.89.167 - - [05/Sep/2023:07:45:40 -0500] "GET /sipse/faces/javax.faces.resource/layout/layout.css?ln=primefaces&v=4.0 HTTP/1.1" 304 -
186.84.89.167 - - [05/Sep/2023:07:45:40 -0500] "GET /sipse/faces/javax.faces.resource/jquery/jquery.js?ln=primefaces&v=4.0 HTTP/1.1" 304 -
186.84.89.167 - - [05/Sep/2023:07:45:40 -0500] "GET /sipse/faces/javax.faces.resource/primefaces.css?ln=primefaces&v=4.0 HTTP/1.1" 304 -
186.84.89.167 - - [05/Sep/2023:07:45:40 -0500] "GET /sipse/faces/javax.faces.resource/jquery/jquery-plugins.js?ln=primefaces&v=4.0 HTTP/1.1" 304 -
186.84.89.167 - - [05/Sep/2023:07:45:40 -0500] "GET /sipse/faces/javax.faces.resource/primefaces.js?ln=primefaces&v=4.0 HTTP/1.1" 304 -
186.84.89.167 - - [05/Sep/2023:07:45:40 -0500] "GET /sipse/faces/javax.faces.resource/layout/layout.js?ln=primefaces&v=4.0 HTTP/1.1" 304 -
186.84.89.167 - - [05/Sep/2023:07:45:40 -0500] "POST /sipse/faces/presentacion/financiero/solicitudProceso/listarSolicitudProceso.xhtml HTTP/1.1" 200 1560
186.84.89.167 - - [05/Sep/2023:07:45:48 -0500] "POST /sipse/faces/presentacion/financiero/solicitudProceso/listarSolicitudProceso.xhtml HTTP/1.1" 200 10434
186.102.26.209 - - [05/Sep/2023:07:45:55 -0500] "GET /kwssiamovil/sm/ldap/au?x=U2FsdGVkX18jn0jZbMWINvJ8f1ba00WzWKWacVdCt4KGyYDjloD8tqUs4LhsC5eh9H9QCzSrBdfu30Fzw/JOEw==&y=U2FsdGVkX192qmpNGtg51xOQQwcsePsEBfYROJlkBSwNpbUo9NRBFTrRE6N0QZ+h HTTP/1.1" 200 30
186.102.26.209 - - [05/Sep/2023:07:45:56 -0500] "GET /kwssiamovil/sm/acme/s?s=U2FsdGVkX18bx5QCB+VQdAYi/0m/cp36TV/GhrlfvldCdegOVQd2tn2jS66kHBNUUfNsfEgsUcDhhN6g+zMzRKeKEG59wDV8rEuFJQEZZy8=&u=U2FsdGVkX18T7fSXhzeYc49xQDDChXjBfM6KB5NoZLilZq5kYwxx2jd5Wui2UHIW&y=U2FsdGVkX192qmpNGtg51xOQQwcsePsEBfYROJlkBSwNpbUo9NRBFTrRE6N0QZ+h HTTP/1.1" 200 97
186.102.26.209 - - [05/Sep/2023:07:45:56 -0500] "GET /kwssiamovil/sm/acme/s?s=U2FsdGVkX19GaouCr5HRzPyKaQr7zsuU3ROZQaCS+Q6WxFNpMVPUsr13ksrCxOFEjHMNJlMPp8bGkthNm605wtcM5dlPc5cGlIgn89XbxSWdp/f2ooze3CLPTn2gWlzNBjNl+etc04IC7wqWehkSVcKjySNnLTmiEoBF/+C3GOxfcdSvEEoxcb2d9FDAogMeFYkDTikayClXRpvIi8jIN56vjGxwLZhwupsywbpikv1KCQGqcWVipN0D4JIKro8xd7qvObUgaN74tyv45DSjHKJ5ARW1UR1e33wC+T81Cq02Eg2hrzF6J2mQwfss3fxyvo9AAuLPcpqd35SmPMFdRDT5WgtO/NeRLEvyvp/wnL3JJa+vdtPn9zrKTLetaZ26J32Aog1D2GK4qNZH0SfCBnmcQl4GFGL61gqGANxg86w792N7nS6YFzmKD7EjEU5UlARcJWer2Sihfxq0Ta4EJj4rVXoQkhKcE/FTNvCn7uP1T0OmZ2KBgsMc3PYhjn8sRpTDSwMd0KSt0Rma58yHQ57dtTCR6RKZ10WHnU1dTAo5NSxYv2spw3zF0Pm9FcPpyqXXhGFMez0psYSMykqTo4Fj03bL/bPUFlxZZ0UZxJb1C3Qm4YgiLjjBrcorrCfqQdtvVeAp48GsiECeZ7kzehNU+mmCsxuJhNa8MA/H7osuceYAWx+zFCXUzeh9GBv/zHpv7Owa9qmGP2RiGI9T9t8qp62Pea8rC4DtgQwqnQCSWnzBEHS2Ek1yBR5ghKJSLWqYIhquszsOeU276nVSynTgPqsEH/xHDw04jXRVc5E8MvvzahwgMr1nL1j6GPlqJiHdOzBwUVSr1ikW4bUgDlUi07GrrfPkTH5/I3WsiU2ccd+W+dBjvEV71a/NCjeh83mPXn2SGZoeTOi2CH6LE3qUHRDBVf4h0/R1nnocqYadPwe4c0DcOFRvVeeRraVNLPikDimOFJp6A9m4tGJiiDDRO9G9dsVwM55wk9y6Jwn12+LMjiyKyrg9x/CdfcEQeTE+nQhfJGocElI3S9UXke6kJgTqTbTnQigNYJRPWkwib9CRINlMDWEPKP6S1mVdeagxAOVfCsA+EvHaXG27npapxDvb9aM+SbHnoe9Kty9ykvhLsxNm0Ixvv11FDd/yRKm4sD2p55tc09wDqby59KzAidBh/3DDZ5Ir2r3vlSajqMWKDP8rWU8/jFo7CcApdMe4fXxxy8uzYlaQjeRUb2ZCAFY865STxfUB/KK6kYPVO5svgFCYxYyhwrq+hxm8MZb6iJTAVnWLlwzDHoscNPsdYl32CwTVazHfe2+oSs9Yo883Pd+rpLW8c+E872tsIte+knNKbZyrtU/VP+1oekuNUOUd9wDp2MfBMJ4DDjz2JwHQlAJb4EMmZxOhJFEQb+MEPD/KCIpCt1vcnm1sA476PZDXZKRfF1YvHoDD17rGfF+WcT4v/JXTorze8weSVBCCvbc2cQG6SaNkIgs6w3PEehUUQesD8ZXPGhPQPmuBoXaMlNYMayu76atDQpltUJDFTvF2JQ27Detfw5RABFObcaLas009p95YkR4U+dJcVun0LLITth96dEZvEZiaLlX7sYN191yZYu8BkCvxtiEgUq2JTbvU7XOh6Z1WTayX9dg0pymzw5ll/SgWMTTa6/YZHeczqbkyIsTuryAQRMF8AXgP+M8OaxpgHTALBGxNGsyYIlarQAOJQJCPNz/9C1edBeco5QDapE5GYcpOid3mZ7tFEuTjqTN7wfZjbgIo2CEFYH6dDNJsPlTkgpnY&u=U2FsdGVkX18T7fSXhzeYc49xQDDChXjBfM6KB5NoZLilZq5kYwxx2jd5Wui2UHIW&y=U2FsdGVkX192qmpNGtg51xOQQwcsePsEBfYROJlkBSwNpbUo9NRBFTrRE6N0QZ+h HTTP/1.1" 200 1036
186.102.26.209 - - [05/Sep/2023:07:45:56 -0500] "GET /kwssiamovil/sm/acme/s?s=U2FsdGVkX1+a4MMuH5eDx7pfofG3INvh+PpiII972c7ZUsAD2SW79QZmYOJa2ZRuycJAgkVcmxmPWNdSPr4KTswD1ru2BLAL8RNN5A5gPRhuR1Cq9n49evKx2wRDhbV3hjJI1lyTwR94h4KDklGVjDMK2uVpzukQt9fvQ95R+DJq2qF/F9lHhCEPYUvrEyI7L4Iab4EvVNTQH7gBuKAEBzKTZ+GRY5ks8ExRmwIMmBPE80aOoi8o5qc97nt5o9Kd13BIFkKsTLo3nE0tzyJcKVjTWgjv4M8n6huQfwazhNiyH61OVHdrgjfva7ut3oV7I/jy/ivM6CWscgRSOKCF0iNR8Do6Q2YbkaLw+WyY5RSg6NC002LUPso8lPvzy4vS/WyXxcF44a7KWIS0/R8rPfsoeCtvSYxd/Pn/QbgpnmM0gKfu7Y2BXdsCAh47BQftoQwEbq6QvMaU2spaP4W1/2aeim/4ekEg11htPDbLRzh+nF3pW9snwkG7rVhjqNzD0s0Og4oPXfS3LfVyS8mr7DM/3o8V+7uSPW+fUL15YIbBoWgYDdBCkPAKDXmYKzB3QS2eB8Oo3tapGjHIf/hxZAcU9zAAaGzFOCa3PJ15dydEobOKpTqL+kfdN9qbqqNUJVerRXtaNjrySl5UL8J/swmRWV8TnHl4fQMR2gikuAFM+PgIQZfylKNIfTVIjT7NPQEnrrZ7jHj112Ed8Artfs9+g2fgb1dR8RWph1va29oTt5Srjy1a9jIEFTQrGtdJO6mELNFPRVNxSe9YUxCMZQ==&u=U2FsdGVkX18T7fSXhzeYc49xQDDChXjBfM6KB5NoZLilZq5kYwxx2jd5Wui2UHIW&y=U2FsdGVkX192qmpNGtg51xOQQwcsePsEBfYROJlkBSwNpbUo9NRBFTrRE6N0QZ+h HTTP/1.1" 200 352
186.102.26.209 - - [05/Sep/2023:07:45:56 -0500] "GET /kwssiamovil/sm/cjson/pre?f=9&x=U2FsdGVkX18jn0jZbMWINvJ8f1ba00WzWKWacVdCt4KGyYDjloD8tqUs4LhsC5eh9H9QCzSrBdfu30Fzw/JOEw== HTTP/1.1" 200 25142
186.102.26.209 - - [05/Sep/2023:07:45:56 -0500] "GET /kwssiamovil/sm/cjson/pre?f=18&x=U2FsdGVkX18jn0jZbMWINvJ8f1ba00WzWKWacVdCt4KGyYDjloD8tqUs4LhsC5eh9H9QCzSrBdfu30Fzw/JOEw== HTTP/1.1" 200 32849
201.245.192.253 - - [05/Sep/2023:07:46:06 -0500] "POST /forms/lservlet;jsessionid=ac16012b30d62eda719afc174e28a0dea47e26939047.e3iSbxaKaheRe34Rch0Ra3mLchv0n6jAmljGr5XDqQLvpAe HTTP/1.1" 200 2
216.244.66.195 - - [05/Sep/2023:07:46:06 -0500] "GET /BLA/resoluciones/RESOLUCIONES%202016/2444.pdf HTTP/1.1" 200 459331
172.22.2.4 - - [05/Sep/2023:07:46:16 -0500] "GET /BLA/boletinlegal/consulta_actos.php?tipo=resoluciones&no=3530&usuario=&sector=&fecha=2021&resuelve= HTTP/1.1" 200 626
172.22.2.4 - - [05/Sep/2023:07:46:26 -0500] "GET /BLA/boletinlegal/consulta_actos.php?tipo=resoluciones&no=3530&usuario=&sector=&fecha=2020&resuelve= HTTP/1.1" 200 626
172.22.2.4 - - [05/Sep/2023:07:46:36 -0500] "GET /BLA/boletinlegal/consulta_actos.php?tipo=resoluciones&no=3530&usuario=&sector=&fecha=2020&resuelve= HTTP/1.1" 200 626
216.244.66.195 - - [05/Sep/2023:07:46:37 -0500] "GET /BLA/resoluciones/RESOLUCIONES%202017/0052.pdf HTTP/1.1" 200 355119
172.22.2.4 - - [05/Sep/2023:07:46:38 -0500] "GET /BLA/boletinlegal/consulta_actos.php?tipo=resoluciones&no=3530&usuario=&sector=&fecha=2020&resuelve= HTTP/1.1" 200 626
201.245.192.253 - - [05/Sep/2023:07:46:44 -0500] "POST /forms/lservlet;jsessionid=ac16012b30d6bc37a32d6dd1475b9cc7ba92661c2a41.e3iSbxaKaheRe34Rch0Ra3mLchv0n6jAmljGr5XDqQLvpAe HTTP/1.1" 200 2
172.22.2.4 - - [05/Sep/2023:07:46:45 -0500] "GET /BLA/boletinlegal/consulta_actos.php?tipo=resoluciones&no=1404&usuario=&sector=&fecha=2020&resuelve= HTTP/1.1" 200 1101
186.87.228.14 - - [05/Sep/2023:07:46:47 -0500] "GET /BLA/resoluciones/RESOLUCIONES%202020/1404.pdf HTTP/1.1" 200 539290
216.244.66.195 - - [05/Sep/2023:07:47:09 -0500] "GET /BLA/resoluciones/RESOLUCIONES%202017/0251.pdf HTTP/1.1" 200 498456
172.22.2.4 - - [05/Sep/2023:07:45:36 -0500] "HEAD /BLA/boletinlegal/ HTTP/1.1" 200 -
213.244.251.42 - - [05/Sep/2023:07:47:46 -0500] "GET /galeria/galeria/fotos/Humedal-Tibanica2P.jpg HTTP/1.1" 200 29568
216.244.66.195 - - [05/Sep/2023:07:47:48 -0500] "GET /BLA/resoluciones/RESOLUCIONES%202017/0573.pdf HTTP/1.1" 200 598475
201.245.192.253 - - [05/Sep/2023:07:47:58 -0500] "POST /kwsrmcab/Wsrmcab  HTTP/1.1" 200 43037
