172.22.2.4 - - [05/Sep/2023:05:06:14 -0500] "GET /BLA/boletinlegal/images/bg_top.jpg HTTP/1.1" 200 522
172.22.2.4 - - [05/Sep/2023:05:06:19 -0500] "GET /BLA/boletinlegal/actos.php HTTP/1.1" 200 9682
172.22.2.4 - - [05/Sep/2023:05:06:19 -0500] "GET /BLA/boletinlegal/js/ajax_actos.js HTTP/1.1" 200 1322
172.22.2.4 - - [05/Sep/2023:05:06:19 -0500] "GET /BLA/boletinlegal/niceforms-default.css HTTP/1.1" 200 6694
172.22.2.4 - - [05/Sep/2023:05:06:19 -0500] "GET /BLA/boletinlegal/niceforms.js HTTP/1.1" 200 22876
172.22.2.4 - - [05/Sep/2023:05:06:19 -0500] "GET /BLA/boletinlegal/js/lib.js HTTP/1.1" 200 6474
172.22.2.4 - - [05/Sep/2023:05:06:19 -0500] "GET /BLA/boletinlegal/js/popup.js HTTP/1.1" 200 1270
172.22.2.4 - - [05/Sep/2023:05:06:19 -0500] "GET /BLA/boletinlegal/js/jquery1.js HTTP/1.1" 200 29846
172.22.2.4 - - [05/Sep/2023:05:06:19 -0500] "GET /BLA/boletinlegal/images/green-yellow-blue-pink-th.png HTTP/1.1" 200 7394
172.22.2.4 - - [05/Sep/2023:05:06:19 -0500] "GET /BLA/boletinlegal/images/tel.png HTTP/1.1" 200 14477
172.22.2.4 - - [05/Sep/2023:05:06:19 -0500] "GET /BLA/boletinlegal/images/icono-email.png HTTP/1.1" 200 5544
172.22.2.4 - - [05/Sep/2023:05:06:19 -0500] "GET /BLA/boletinlegal/images/footer_bg.jpg HTTP/1.1" 200 586
172.22.2.4 - - [05/Sep/2023:05:06:19 -0500] "GET /BLA/boletinlegal/images/footer_bg_l.jpg HTTP/1.1" 200 776
172.22.2.4 - - [05/Sep/2023:05:06:19 -0500] "GET /BLA/boletinlegal/img/0.png HTTP/1.1" 200 110
172.22.2.4 - - [05/Sep/2023:05:06:19 -0500] "GET /BLA/boletinlegal/img/select-left.png HTTP/1.1" 200 263
172.22.2.4 - - [05/Sep/2023:05:06:19 -0500] "GET /BLA/boletinlegal/img/select-right.png HTTP/1.1" 200 44019
172.22.2.4 - - [05/Sep/2023:05:06:19 -0500] "GET /BLA/boletinlegal/img/button-left.png HTTP/1.1" 200 57071
172.22.2.4 - - [05/Sep/2023:05:06:19 -0500] "GET /BLA/boletinlegal/img/button.png HTTP/1.1" 200 43241
172.22.2.4 - - [05/Sep/2023:05:06:19 -0500] "GET /BLA/boletinlegal/img/button-right.png HTTP/1.1" 200 57878
172.22.2.4 - - [05/Sep/2023:05:06:19 -0500] "GET /BLA/boletinlegal/favicon.ico HTTP/1.1" 404 1326
216.244.66.195 - - [05/Sep/2023:05:06:22 -0500] "GET /BLA/resoluciones/RESOLUCIONES%202016/0425.pdf HTTP/1.1" 200 839222
216.244.66.195 - - [05/Sep/2023:05:06:30 -0500] "GET /BLA/resoluciones/RESOLUCIONES%202016/0460.pdf HTTP/1.1" 200 1044397
172.22.2.4 - - [05/Sep/2023:05:06:31 -0500] "GET /BLA/boletinlegal/consulta_actos.php?tipo=resoluciones&no=3226&usuario=&sector=&fecha=2022&resuelve= HTTP/1.1" 200 1098
172.22.2.4 - - [05/Sep/2023:05:06:31 -0500] "GET /BLA/boletinlegal/images/pdf.gif HTTP/1.1" 200 567
201.245.192.253 - - [05/Sep/2023:05:06:44 -0500] "POST /forms/lservlet;jsessionid=ac16012b30d6bc37a32d6dd1475b9cc7ba92661c2a41.e3iSbxaKaheRe34Rch0Ra3mLchv0n6jAmljGr5XDqQLvpAe HTTP/1.1" 200 2
172.22.2.4 - - [05/Sep/2023:05:06:14 -0500] "GET /BLA/boletinlegal/ HTTP/1.1" 200 24523
172.22.2.4 - - [05/Sep/2023:05:06:50 -0500] "GET /BLA/boletinlegal/consulta_actos.php?tipo=resoluciones&no=3226&usuario=&sector=&fecha=2021&resuelve= HTTP/1.1" 200 1118
181.32.198.28 - - [05/Sep/2023:05:06:53 -0500] "GET /BLA/resoluciones/RESOLUCIONES%202021/3226.pdf HTTP/1.1" 200 814219
181.32.198.28 - - [05/Sep/2023:05:06:53 -0500] "GET /favicon.ico HTTP/1.1" 200 7782
216.244.66.195 - - [05/Sep/2023:05:07:12 -0500] "GET /BLA/resoluciones/RESOLUCIONES%202016/0540.pdf HTTP/1.1" 200 481466
172.22.2.4 - - [05/Sep/2023:05:07:32 -0500] "GET /BLA/boletinlegal/consulta_actos.php?tipo=resoluciones&no=1695&usuario=&sector=&fecha=2020&resuelve= HTTP/1.1" 200 1172
181.32.198.28 - - [05/Sep/2023:05:07:34 -0500] "GET /BLA/resoluciones/RESOLUCIONES%202020/1695.pdf HTTP/1.1" 200 673479
216.244.66.195 - - [05/Sep/2023:05:07:42 -0500] "GET /BLA/resoluciones/RESOLUCIONES%202016/0619.pdf HTTP/1.1" 200 478363
201.245.192.253 - - [05/Sep/2023:05:08:05 -0500] "POST /forms/lservlet;jsessionid=ac16012b30d62eda719afc174e28a0dea47e26939047.e3iSbxaKaheRe34Rch0Ra3mLchv0n6jAmljGr5XDqQLvpAe HTTP/1.1" 200 2
216.244.66.195 - - [05/Sep/2023:05:08:12 -0500] "GET /BLA/resoluciones/RESOLUCIONES%202016/0888.pdf HTTP/1.1" 200 331044
201.245.192.253 - - [05/Sep/2023:05:08:28 -0500] "POST /kwsrmcab/Wsrmcab  HTTP/1.1" 200 43037
216.244.66.195 - - [05/Sep/2023:05:08:40 -0500] "GET /BLA/resoluciones/RESOLUCIONES%202016/1003.pdf HTTP/1.1" 200 624834
201.245.192.253 - - [05/Sep/2023:05:08:44 -0500] "POST /forms/lservlet;jsessionid=ac16012b30d6bc37a32d6dd1475b9cc7ba92661c2a41.e3iSbxaKaheRe34Rch0Ra3mLchv0n6jAmljGr5XDqQLvpAe HTTP/1.1" 200 2
216.244.66.195 - - [05/Sep/2023:05:09:09 -0500] "GET /BLA/resoluciones/RESOLUCIONES%202016/1266.pdf HTTP/1.1" 200 451163
216.244.66.195 - - [05/Sep/2023:05:09:36 -0500] "GET /BLA/resoluciones/RESOLUCIONES%202016/1327.pdf HTTP/1.1" 200 1037346
216.245.221.92 - - [05/Sep/2023:05:09:39 -0500] "HEAD / HTTP/1.1" 200 -
172.22.2.4 - - [05/Sep/2023:05:08:06 -0500] "HEAD /BLA/boletinlegal/ HTTP/1.1" 200 -
216.244.66.195 - - [05/Sep/2023:05:10:02 -0500] "GET /BLA/resoluciones/RESOLUCIONES%202016/1641.pdf HTTP/1.1" 200 583843
201.245.192.253 - - [05/Sep/2023:05:10:05 -0500] "POST /forms/lservlet;jsessionid=ac16012b30d62eda719afc174e28a0dea47e26939047.e3iSbxaKaheRe34Rch0Ra3mLchv0n6jAmljGr5XDqQLvpAe HTTP/1.1" 200 2
66.249.77.9 - - [05/Sep/2023:05:10:21 -0500] "GET /BLA/resoluciones/RESOLUCIONES%202011/2003.pdf HTTP/1.1" 200 442985
216.244.66.195 - - [05/Sep/2023:05:10:26 -0500] "GET /BLA/resoluciones/RESOLUCIONES%202016/1685.pdf HTTP/1.1" 200 565393
172.22.2.4 - - [05/Sep/2023:05:08:57 -0500] "GET /BLA/boletinlegal/ HTTP/1.1" 200 60692
201.245.192.253 - - [05/Sep/2023:05:10:44 -0500] "POST /forms/lservlet;jsessionid=ac16012b30d6bc37a32d6dd1475b9cc7ba92661c2a41.e3iSbxaKaheRe34Rch0Ra3mLchv0n6jAmljGr5XDqQLvpAe HTTP/1.1" 200 2
216.244.66.195 - - [05/Sep/2023:05:10:50 -0500] "GET /BLA/resoluciones/RESOLUCIONES%202016/1982.pdf HTTP/1.1" 200 363192
216.244.66.195 - - [05/Sep/2023:05:11:12 -0500] "GET /BLA/resoluciones/RESOLUCIONES%202016/2462.pdf HTTP/1.1" 200 588976
216.244.66.195 - - [05/Sep/2023:05:11:34 -0500] "GET /BLA/resoluciones/RESOLUCIONES%202016/2514.pdf HTTP/1.1" 200 258398
167.0.138.180 - - [05/Sep/2023:05:11:40 -0500] "GET /kwssiamovil/sm/ldap/au?x=U2FsdGVkX186AGyN4rJSen8BJ2EjxOLLc8R77+sdcD9RGi4cy//TRNTiVLYf3ep1&y=U2FsdGVkX1955OIpOtGoNvp1g1lCxn19B7qeeIMBXVJzilVsFeNOCMh4TKbmYwkQ HTTP/1.1" 200 30
167.0.138.180 - - [05/Sep/2023:05:11:40 -0500] "GET /kwssiamovil/sm/acme/s?s=U2FsdGVkX1/ySE1Q5D16zmHuRzVDrGgTJRRCacJuScV5JFhMuMkHq6OGP8aPANrVBHmZm/8g5iKZfOFQyjjsIx6EJIzlBDhRfknTHuJqZB8=&u=U2FsdGVkX196LnjW1/RedwolQ04cj9v6/xzKQYr2S2s=&y=U2FsdGVkX1955OIpOtGoNvp1g1lCxn19B7qeeIMBXVJzilVsFeNOCMh4TKbmYwkQ HTTP/1.1" 200 97
167.0.138.180 - - [05/Sep/2023:05:11:41 -0500] "GET /kwssiamovil/sm/acme/s?s=U2FsdGVkX1+rN3nCIxqLOBQUOY5+EJF6ib4XUbw+767ew5yAb3hCkdGG7MkWspqkWLpBMi7A/7/DMNrfuKMk7CRhJsEq/x+i/vbO62wzElxlKO0CwR0D3K/QVcaq2sSpLW3FGV3c5ZWVgmCqt7jL8xeVGXb+01zc7CVeFnSl+E6V4ICSKrrGE2yzFNs8r4Ek/ruN34wv5SyS+b1GGMV4B62EUI8Z8HiItjVu++eSDqAhmu+VnXtoabh9Nuv/uaFtVD24l6plCx1QRDOFrKTfu1ekX5QO2HS6PJD6AwN5PeVdIDMEI2Zv9H5fb6sfV1z7gYR2zahcGPl7IAGHe9YWWm5AIJQiyhhW51d5hM+VUZ5JCqnm3v798dooBWpLUc9xj4+7lNP1TvXaZDUeh9FTAUxChJG8zjW17f5jfZxYsbq4g+OcIdXlnx1vYZn4F6xO2QsiFcmtK7X1NoGormp3GjSSORsNpq4us2O/W95CydHRokSdtkqAdc7z0ypAcsxzqkRsPIv0oxPFWqzIo8Hl0T9jxXKcJjLOhc8UOLfY4itmon+zpNplmHoG/L8Mc8damEzkAWVKQbN3QeetMoigU6zFy7wv0NUMIpeOty/3+dfeNPUp3axsQlNangBfxQ0J63Y2VJiENunHjbA0jFJibXd0l2REOfTpeLpq9p1e9H5m29zfjqK2u3uiOPbKxEBfgJrMFhZk0P536l4Q+2kv2ocL7ZSwjr++tPG2dJPEQzALSVLUsFckIioVRu/+jjgI9sHjDGd+8b5yav7BdKmGySMSPnHJgwdE1jEW6yF6d5FPfrEiRlt8djt9kEmdkZd8DeDl9ovVcb+yZkxxWcV4e3WhwSwAUdBA+eg+vGtHbyvcbZlSIiaz1u7zjh0Mp+6YAIw8Hzs+NKvhQ8wx3kRvpNjemjnq3co5v1RXYCKqfiw8TwlmVqvAX1oeLDvk6gnw6wSIbGtjRTCsN9ESvF+kwangTwxdOtofwBZ+LIqpGtKNtY0ScagqOhEGR9dmldu/R50zVL/e8cNO5hrRv3snU6zeHNA2UdxNnIhIhFSx2+uWbMVJZIU/7oXzgsF8cpCHNsA13g/jDKWafjmX+6dvvALLfC+4LVAjYmEIj7/kF+DcAWBQFQQYVpBM11y/Ia0C0HuWeSGLG1HJSdEFTarVVh2p+VDjhvc+x0vZ/7kjmkPcRfBs875AUAYnktdVy4L75eel5eXN/YAqZMq7yGOWHi0XCKbtW/YmALmzRmJjDnsnkhfZxLLzerXIuYZqLFWlbU1xjUaj/7D7D8mmM4tPY6lUrfa9TsLzTTvo2qONmbVrzFE3WNeRZLn7T/wqr7oW3hNvwDRNP7KiPYIhiYYpHN4ICKLeRL1VdIZzGW57eG6oSagAQI5nn3EQ3YifzjnxZqwluDeafWlAWshtT6gmIbWxcuIh5CriwrmS0pQKTEovlzEBVmIJ+TcjkSD6L3MNNxJ0r7k6SbuPJoNcp7jmT48LJRqdzwkrRPX4m7radIC1/c01sQGPG7L1m7LixHf+xJFYFI6/mizeC2FeMJCbMD4pQH7pjsi9ekWKBA1ere+Jpwl4xPST9DAAiJwH6Jycn19s5RWh148L91SrkuTZ/YN+/dO/6PoHUjg6PZenH2cgZbBINcVpBXPcci/cUygKq9EP9qTX7kvwO6fI7qRHj9oXILufl1r4kYwrlMNGCgVj0SgJI3AoYZUm/I9T+NN1owdu7jHMr7orxXB3oBcfkPY5T+QzK6ee56v+hiyYcxs=&u=U2FsdGVkX196LnjW1/RedwolQ04cj9v6/xzKQYr2S2s=&y=U2FsdGVkX1955OIpOtGoNvp1g1lCxn19B7qeeIMBXVJzilVsFeNOCMh4TKbmYwkQ HTTP/1.1" 200 3216
167.0.138.180 - - [05/Sep/2023:05:11:41 -0500] "GET /kwssiamovil/sm/acme/s?s=U2FsdGVkX1+YKj+eaKWvMnhFKVkRfhTWLcbxfI3XFmsYQXieyCU6N3rx8MqtMdbCd7Ijv953g/h4IieG2cuWu3qqApwE3V2qDXV9Eq+NBlqJN0WvJbdohXa+OTr+cP2PtH8JUo+sXDTOldw32IB6LNCvCyJgh+RKH3wECyD6Zm8rgWGwiw4pcj7+cSfNwaf67v+aU84CZiUTlT6iUdxR7ka93fRnyEwQdiKmFi9wCAW4ocXRy2axUIdBPQ/tvkEHce/vFiecy45kFxxK6HjtH9a+SdVb1/0qYGi/ihYLlJE5uIZK6taCZzSvNw1UmG8M464mIDTsHQPmX6VwTcLy4iiNEVliVSKMMJlZQosBhEKLwp1EKzuTFrybawm7C0Riww7iMpe9rSdMRkygu0uwAM4oT9U30tgHqT0cs/wY7+Pec+T4lN8XPlrTvX40sZlrt62AehX13PhzIKjNHm1qm9Hz3EmTKRRIQSJf6FE80WJDVixHW56kVJG7Jl1JtQ9I/vdzzKpTxAXO183flcuRyWrmLqt3KrTqFPTBNJpAEo9kQa5mG3MXArwhSRAJNVx/OfYQYRpnnpFYLfbATXmmfYved+ndAudkiMJ6iQExP/nUPBf/fUVus94ojtaOh3Q1Ab5Ka9G27hUlYPePJeOI0NAteXHKxpDOo6pCR4YfjPxS3lJkueXynItomffRQXXXRw2F9E0bhsz0cdQ7Yp3HBi2CssQCboTch2S8wsVCA1C4DkD3nDRd6OpDpHwix9kn&u=U2FsdGVkX196LnjW1/RedwolQ04cj9v6/xzKQYr2S2s=&y=U2FsdGVkX1955OIpOtGoNvp1g1lCxn19B7qeeIMBXVJzilVsFeNOCMh4TKbmYwkQ HTTP/1.1" 200 208
167.0.138.180 - - [05/Sep/2023:05:11:41 -0500] "GET /kwssiamovil/sm/cjson/pre?f=1&x=U2FsdGVkX186AGyN4rJSen8BJ2EjxOLLc8R77+sdcD9RGi4cy//TRNTiVLYf3ep1 HTTP/1.1" 200 31032
216.244.66.195 - - [05/Sep/2023:05:11:54 -0500] "GET /BLA/resoluciones/RESOLUCIONES%202016/2542.pdf HTTP/1.1" 200 576416
201.245.192.253 - - [05/Sep/2023:05:12:05 -0500] "POST /forms/lservlet;jsessionid=ac16012b30d62eda719afc174e28a0dea47e26939047.e3iSbxaKaheRe34Rch0Ra3mLchv0n6jAmljGr5XDqQLvpAe HTTP/1.1" 200 2
216.244.66.195 - - [05/Sep/2023:05:12:14 -0500] "GET /BLA/resoluciones/RESOLUCIONES%202017/0310.pdf HTTP/1.1" 200 412082
216.244.66.195 - - [05/Sep/2023:05:12:32 -0500] "GET /BLA/resoluciones/RESOLUCIONES%202017/0720.pdf HTTP/1.1" 200 329999
201.245.192.253 - - [05/Sep/2023:05:12:44 -0500] "POST /forms/lservlet;jsessionid=ac16012b30d6bc37a32d6dd1475b9cc7ba92661c2a41.e3iSbxaKaheRe34Rch0Ra3mLchv0n6jAmljGr5XDqQLvpAe HTTP/1.1" 200 2
216.244.66.195 - - [05/Sep/2023:05:12:50 -0500] "GET /BLA/resoluciones/RESOLUCIONES%202017/0790.pdf HTTP/1.1" 200 406300
167.0.138.180 - - [05/Sep/2023:05:13:11 -0500] "GET /kwssiamovil/sm/ldap/au?x=U2FsdGVkX1+AoH303CyjRFOzLxIWpfM2ue09A80Gf+NksSOJesbv2j9w83ihjNC+&y=U2FsdGVkX19KXoiGWSp/ICtKPiLfb1GnAGwPVubN09nHvFPJq0JWBJKQhsDmByLC HTTP/1.1" 200 30
167.0.138.180 - - [05/Sep/2023:05:13:11 -0500] "GET /kwssiamovil/sm/acme/s?s=U2FsdGVkX1/drct8q/+GNFeBOaw9z6M2Ns8o7PymXJwFd68QY6oc8aOvkYLJySjZPBSzXVmQqzkyt6C75radAw+/S1DRdgOtc218AsxefhI=&u=U2FsdGVkX18G1tx1SJITokW1KVwwlMZC0x27TIRCjCY=&y=U2FsdGVkX19KXoiGWSp/ICtKPiLfb1GnAGwPVubN09nHvFPJq0JWBJKQhsDmByLC HTTP/1.1" 200 97
167.0.138.180 - - [05/Sep/2023:05:13:11 -0500] "GET /kwssiamovil/sm/acme/s?s=U2FsdGVkX198L2uubFwnIXklwdl1I7AG/H/hVByjXm4R4fct0jyflUgk/ft2/o7z4QPngdYKrC1uiS/Yxcqjvm7thut5byehPSijfqGqH37e5vQ6jGS3oKaQL97f7OB3/HHXETIcyeQqU/NEyyvlWHHzNbYjThAdw0xibGgDXKYRwIaNym2IkP9NxzKs4bkI0bv1c/cUA8t3fx4pMmw9fo5UPX5JuSTLNbWGqCKXCRd9iY5kbi2PH0U90Pi9UlKvF8R6fT7vO6Z4b07+OZhJlxhhJJlisDdU7VhnMAD/mV9g0gTS/2fe3PgCse6ckVsRHSIC5GIXp96Wko/WOaKsvpxUxt9K9B3x3CIQmu3sp1DhVzOenXnxgyyFxxd4qkNit4gh1t9Nn1oqMaALRrX3tQX7+BAqVw6HCY5D4jKo6TBvBhOjvWwAoFjA2deo1LUZAmo4gYmeG/Pk54CxtCYjIYoEk20GzBnZyBHuzzfzSQzANvloKefADQA5730tzqz8OXYpo7e7mx9FO8Nf2ZFdS5niyAtqGsrbvxD+immcPcM2Wg4Iv3KVNqKCizZOED7R5FN5MbZ3fdv+pIPZ/uwOk4GcuKJCheykLDIGhBNI6Xlz08NQOvHQdHkWt96PPaaSbul5qq6TqkZZjOKIVsfDnqEYOyIBQOb/thDEUxJLmi2GNlxgLbYj9XQYRJfSI71sfMxmPiKoK69nK8tmoqYSy3XXKgVnQxYs5wk05ABqPNJ4OL6FbmffTn86Banta7VgvJLIU9zIF2RP4gwS+CrfDjA5pKkkOXWxKN3QOSqhHQ9DQukZFiLOuZHSf/Whay3zK260hww5XFVpDyT4ftbnfh+JZ4uUonCBu2get+2BSwl3tRIxjLQncl4FmErwiHXa+RGkyL/VhbbAtyY4QWKkGPSfhJc4cZ7Pl3bHbRufkTupDtC4TnDe+0PR66Z6rF3w8DY1qab8/0G5uFQ0aKPp1Y3qkL39Gz8Er26WABkDR2whzcgzAlBO94aWQg8ZlrwDIIbXjn4kSUzPdaSVLFCPVC/ZGNii8MuZ/EZAy6OwF1XmiX+xmCEio/Trl9qpsNYpMG+2zeKcLv76WWnWes+3GbgQXTa5ZhNQHg1NeUSPhjYMkGPxTTsc2N3l3oX7a6tNUvODZfq8SQLNx6NgSiEVtsD5lekTi8DEAQzkXGrTSblJImkhEg4eHz8jePaTUPno+On260oYaH0qU4i9MRVw12uTvc60pi3k5HzhC9Ewl3i5sC6/c0GrikdcMwbUyNRsucju2GzUfbDaZ27N0BDtEcFeM3u2N/sIzb9aTFsiiqH563vGPNoknDV4wolLsQfv0FLEqx+8AAaK9UqPhExiFmSSteONsQUMG8DQ1hrksyIboyJMdf8fuRO1x4lvZJI9NxhniYksDf98J07oPju0JuqEEyhxB2d5UEGpyNQKZCseBtr9sG7yn6/RRs26kL7YImDwKTmfo6Y0wXKI0cNGlZ3t960QbIe+PkduY6tiNSKP6LqHYm1zEa4tfm4LSpPEIJYTmz8/375iX0XY91u8ePfGy/nGCtVM7yuoZ62R7XYK2UxKCc9f3PThGlQItq42VQM6B5x0ncXRF2qPKL+F/mU3FoQZa46ZMfgN3cMHYSjFuwL50AuKQVdgKuC+IEtk01ECK7Y0ZNSyn0u/Ym1U8UBtWyypo/s/J5WY2oa6CipUiYhqKkBrOcI1BvrpwTRztyotyoWIW5uP9+rNyvw+VSYtwR4xWpO//0VF8+1RCzc=&u=U2FsdGVkX18G1tx1SJITokW1KVwwlMZC0x27TIRCjCY=&y=U2FsdGVkX19KXoiGWSp/ICtKPiLfb1GnAGwPVubN09nHvFPJq0JWBJKQhsDmByLC HTTP/1.1" 200 3508
167.0.138.180 - - [05/Sep/2023:05:13:11 -0500] "GET /kwssiamovil/sm/acme/s?s=U2FsdGVkX18V8w8LX/wQotXzy/xigFgov5gHGSuEEik/EtCafhSGm5fEJ5bQn9cu+JukP0H9t2E3X1IAICDo1HayYXPwfeG4eZ12PkxI20kU8QZyHrongokN7kH0+pHmgjDp8Lz1nTArXfd1Ycj8TYBTBcUcu4/lGiddYMq4q9aqEcqqKDVIWO+etsbqal3ZjWZvIwQKRN8+M2gfeo4cELzzh7EEOz9daCJ/w/JFG+EJQMqHFo6YOLJoCEYkRdXsxT1Pfh1yrkj9lDesOMo7kdy3eoEPjKXRQeuXQWLff96wv4aKmfeSm7PMW3a/AiYJlFlYJnZzmfV5qUmmQXr6C+1YGxnJr1mEtVJz0MVDqXFLHM7/ZoVTYVvR1hTtOlLdJn71mmTjdwqzxTLIPHV4xcH3Z14wU4BlKJYfs5MGYvWFZkXSnQvZqhlMEmr5SrIWJAUUSKmrVfJozyb/9En0mbO43XJDTakbOF+ymUyW9qgZLKP6sDeGHiVHPMSk7cU/K/mxFvITREpVvgyTODrfdq0kG0cvmzjNSDjEB1l33FjB02B832Fhy9l28gKmmq3GqdXcTorwQN3vlBkpsMCy9CI5NP9532KvQbUfNgIBWsmWPXP0MNwW/MrXu0j8nX7Q813QH1O0yLxMROdnOJundEY7jW1KdgiJ7sh4239gzaFSD3saamBC8XyOk3yXLL+W59HUiy3xR1IUmizu/kSOk80xHIeNgGnPfypV0gUsdIh2ObKTtkH5DQnWMM0cWl2F&u=U2FsdGVkX18G1tx1SJITokW1KVwwlMZC0x27TIRCjCY=&y=U2FsdGVkX19KXoiGWSp/ICtKPiLfb1GnAGwPVubN09nHvFPJq0JWBJKQhsDmByLC HTTP/1.1" 200 208
167.0.138.180 - - [05/Sep/2023:05:13:11 -0500] "GET /kwssiamovil/sm/cjson/pre?f=1&x=U2FsdGVkX1+AoH303CyjRFOzLxIWpfM2ue09A80Gf+NksSOJesbv2j9w83ihjNC+ HTTP/1.1" 200 31032
201.245.192.253 - - [05/Sep/2023:05:13:27 -0500] "POST /kwsrmcab/Wsrmcab  HTTP/1.1" 200 43037
201.245.192.253 - - [05/Sep/2023:05:14:05 -0500] "POST /forms/lservlet;jsessionid=ac16012b30d62eda719afc174e28a0dea47e26939047.e3iSbxaKaheRe34Rch0Ra3mLchv0n6jAmljGr5XDqQLvpAe HTTP/1.1" 200 2
66.249.77.9 - - [05/Sep/2023:05:14:34 -0500] "GET /galeria/nivo-slider/demo/images/bannerresiduoshospitalariosagosto.jpg HTTP/1.1" 304 -
216.245.221.92 - - [05/Sep/2023:05:14:39 -0500] "HEAD / HTTP/1.1" 200 -
201.245.192.253 - - [05/Sep/2023:05:14:44 -0500] "POST /forms/lservlet;jsessionid=ac16012b30d6bc37a32d6dd1475b9cc7ba92661c2a41.e3iSbxaKaheRe34Rch0Ra3mLchv0n6jAmljGr5XDqQLvpAe HTTP/1.1" 200 2
172.22.2.4 - - [05/Sep/2023:05:13:56 -0500] "HEAD /BLA/boletinlegal/ HTTP/1.1" 200 -
201.245.192.253 - - [05/Sep/2023:05:16:05 -0500] "POST /forms/lservlet;jsessionid=ac16012b30d62eda719afc174e28a0dea47e26939047.e3iSbxaKaheRe34Rch0Ra3mLchv0n6jAmljGr5XDqQLvpAe HTTP/1.1" 200 2
172.22.2.4 - - [05/Sep/2023:05:14:47 -0500] "GET /BLA/boletinlegal/ HTTP/1.1" 200 55460
201.245.192.253 - - [05/Sep/2023:05:16:44 -0500] "POST /forms/lservlet;jsessionid=ac16012b30d6bc37a32d6dd1475b9cc7ba92661c2a41.e3iSbxaKaheRe34Rch0Ra3mLchv0n6jAmljGr5XDqQLvpAe HTTP/1.1" 200 2
172.22.2.4 - - [05/Sep/2023:05:15:53 -0500] "GET /BLA/boletinlegal/ HTTP/1.1" 200 36811
201.245.192.253 - - [05/Sep/2023:05:18:05 -0500] "POST /forms/lservlet;jsessionid=ac16012b30d62eda719afc174e28a0dea47e26939047.e3iSbxaKaheRe34Rch0Ra3mLchv0n6jAmljGr5XDqQLvpAe HTTP/1.1" 200 2
201.245.192.253 - - [05/Sep/2023:05:18:05 -0500] "POST /kwsrmcab/Wsrmcab HTTP/1.1" 200 42703
201.245.192.253 - - [05/Sep/2023:05:18:08 -0500] "POST /kwsrmcab/Wsrmcab HTTP/1.1" 200 42230
201.245.192.253 - - [05/Sep/2023:05:18:27 -0500] "POST /kwsrmcab/Wsrmcab  HTTP/1.1" 200 43037
201.245.192.253 - - [05/Sep/2023:05:18:44 -0500] "POST /forms/lservlet;jsessionid=ac16012b30d6bc37a32d6dd1475b9cc7ba92661c2a41.e3iSbxaKaheRe34Rch0Ra3mLchv0n6jAmljGr5XDqQLvpAe HTTP/1.1" 200 2
186.102.31.148 - - [05/Sep/2023:05:19:09 -0500] "GET /kwssiamovil/sm/acme/u?s=U2FsdGVkX19zxpHVmQPzIifBSXxLxEe6njceoEtWTaFGeCw9mWKJl7CznKv6ix2fv1BppomXGw8PxDYNn5ix3WR8i7EJ5qaSbaBQy524AFlghj0qc4n1/XTjBbB3WNjLMBevJTfQtu8nhth0wxj9TzXYMzSOnQWXCoypgGuce+c=&u=U2FsdGVkX19C4mR4e02eqFVcAMnPv2ZsRKO97Orily8=&y=U2FsdGVkX195Tym3r6qjIntdqNhsUHZwzYyBRtx2A4U= HTTP/1.1" 200 60
186.102.31.148 - - [05/Sep/2023:05:19:24 -0500] "GET /kwssiamovil/sm/ldap/au?x=U2FsdGVkX181QgROaCx65OxKmKLhbgoYHWjHtaYbJFNcBXYL9h/W/D418hlVQBGN&y=U2FsdGVkX1/JbHABX7nKVVt68wlP7lOxYGdkrREMHI0= HTTP/1.1" 200 30
186.102.31.148 - - [05/Sep/2023:05:19:25 -0500] "GET /kwssiamovil/sm/acme/s?s=U2FsdGVkX1+Y+EWe2+54O5CrlSn+AEogDhePUfXJZFLcJkvhDoHgyteEDiBZNkMWpaJA3Nju4YRYp87xwFuul0gZHQrcR2rgty6a8AKhMvA=&u=U2FsdGVkX1+xzzsBB53G7+N6KzCSJOV1lJUH6+Y8frY=&y=U2FsdGVkX1/JbHABX7nKVVt68wlP7lOxYGdkrREMHI0= HTTP/1.1" 200 97
186.102.31.148 - - [05/Sep/2023:05:19:25 -0500] "GET /kwssiamovil/sm/acme/s?s=U2FsdGVkX1+xUR9/OsUAnv7JPTDQZytAEPE4SQ9jnfK1dwOnJ1OzLO1X1f6O9l1rjLDUJuXhKj6DYtECyGV2CmNtRtrNLnl8whtbm0OD9AErlSWFvDpiHTkOtLuwHwelrO4hD4EFz1ZfZcY8LNWHqy03wDKDZVzh7t6ff9dMMm5RNb1VXUzHM2zadeqVNgLwUhrTd5whuesgwDqRHKvnFmckS8OJGUI6J1OicV/OMHc04xSgJgBVakbeTIJAd/cfcUhm/JM1B1Nv01qZ9iRa4cdV0wZQaQFusJf+Hqk/f8IA/gzwP8sY/2wwMu9aGXrfuynKX/Cj3nhrBG0b0571MfUA05Wucg9ttaHHSlDWUfnpYqGW0eb3BN22BwqyQE28v9jC+J6FFoUPk7S4gcgVQg9npmhT4IeWSM3Wpi53nLVP2FvrtYLTcQrfR6VrrkK38VfzMHm8ZHDTW3siZmki4m5aqPCyYLJtTrlH/xMqj0iNC/mXWqpc3f9KCDoWejTzH6vU/mM9W5Xzra5KF/5FrdUyXqo5SWwk3Q/RIeaMMA31UGf0Y3OMVrxleDAgFM1l7900TBS77OgcebswKjdXcdcNwMBMOW5d12Fw0XnaAlNpU0t8Y6eVWyRk/BzpEyN1/pMeax9QUYlNgGlfpK9EfAhlt4xsggesHWqbMNEAcSGCZxhwykWFXG35Iy4/eqCofG/NMzAyxFgseOhG3X83FrEePXbb3/eWt/n71bJAYkvlnydbVavWwCIkMlaX85TqgMYBOlDoFGZShFAGqwVLMpACA34dqNqyD7gn5MYye7rZGeGwlBMGnTp3TpnwdQFcvZtVgQnGZ/uIb14qZHxU5FeHrch+nsBlK+uV5RGLrgTUvw8U1Mic2qPWe1GmpF7cuZZT9YdhkIM5ScL4+Jyah9jHT9ADX7hvFCcG5X8Pm2sFnfEdhiJMVwN2+SAypZ+ytrjasua17BFAkyB3aTJJyHbC7fvPbJmIAy/DSxaRry0e6rvvUbhZysQN8hibDgblLtAsdBQyBef6tkOQ3ra07qe+E60tiRZ8nQDdSjZhrkZH8I10TcNIXRhwO9f/LoUfnv6Nnu39cA0KqB4QHEKxSuiqk2Ig9nUYnBzJLjFzu/t03nFlAYW7BSGDZnOMIH00n107h1eWuvSHmE+gV3sjOxAWz3IgKUg8mQUKP1hFkEqCPz+dNZM/12TtLObImazxVHZoc+4dDxcKYXI5ncMOiE6e/iBuls367myXYVVm5bnzUm32S5GXckGE80dE8bGhdt0AKyoYm2Wvq+aoTLicMrljj3f3tync1KSakBCyafYwt+GVk9hiAfwFTH0BgzxbjNrG00kpBDfKmPS04fUDZ9j3HhXExybh6pMgRT0ZlZtjD0szv06zh5qnopBk5qhAhOiN1+TbJgIi05OHwSZ+3akJd2TiANLg66tonzHsMSE=&u=U2FsdGVkX1+xzzsBB53G7+N6KzCSJOV1lJUH6+Y8frY=&y=U2FsdGVkX1/JbHABX7nKVVt68wlP7lOxYGdkrREMHI0= HTTP/1.1" 200 346
186.102.31.148 - - [05/Sep/2023:05:19:25 -0500] "GET /kwssiamovil/sm/acme/s?s=U2FsdGVkX1+1072YWMJK5xbmnVx7BWbwi+xkREhpH/S5wsflhO5hBIXDk8ZvWGbA9yAYAkigrnDL+udF2MxyMPKREoMq+I5amJbD2Dk4Ptxc00+j4OargUeJb4Ciw1uJVrmw0Vo4Fq/JdWBpoYyoqO8o7Zpr4Kpcd5AaEItegCiiT03gKXQBKa83PuiQ1VbYhx2fdTJvdbHfVKnpeMRmc7fIbgNc9mdLsTlTm7KTMpHEDu7xEFIL9/So/Og1A2rnld1ZrsbrMT+aim6IAA/SJzhWU8iXnCvB/HF65IjoyZr3LPUjgJDk5Dji6U9YN90ItH7rhggqa22OAylK+ZiQVg==&u=U2FsdGVkX1+xzzsBB53G7+N6KzCSJOV1lJUH6+Y8frY=&y=U2FsdGVkX1/JbHABX7nKVVt68wlP7lOxYGdkrREMHI0= HTTP/1.1" 200 196
186.102.31.148 - - [05/Sep/2023:05:19:25 -0500] "GET /kwssiamovil/sm/cjson/pre?f=1&x=U2FsdGVkX181QgROaCx65OxKmKLhbgoYHWjHtaYbJFNcBXYL9h/W/D418hlVQBGN HTTP/1.1" 200 31032
216.245.221.92 - - [05/Sep/2023:05:19:39 -0500] "HEAD / HTTP/1.1" 200 -
173.252.107.10 - - [05/Sep/2023:05:19:41 -0500] "GET /distrito-alcanza-meta-de-1000-hectareas-ya-con-pagos-por-servicios-ambientales.html HTTP/1.1" 200 828
201.245.192.253 - - [05/Sep/2023:05:20:05 -0500] "POST /forms/lservlet;jsessionid=ac16012b30d62eda719afc174e28a0dea47e26939047.e3iSbxaKaheRe34Rch0Ra3mLchv0n6jAmljGr5XDqQLvpAe HTTP/1.1" 200 2
52.167.144.189 - - [05/Sep/2023:05:20:36 -0500] "GET /portaldeninos/gestion-del-riesgo-incendios-forestales/ HTTP/1.1" 200 86825
201.245.192.253 - - [05/Sep/2023:05:20:44 -0500] "POST /forms/lservlet;jsessionid=ac16012b30d6bc37a32d6dd1475b9cc7ba92661c2a41.e3iSbxaKaheRe34Rch0Ra3mLchv0n6jAmljGr5XDqQLvpAe HTTP/1.1" 200 2
172.22.2.4 - - [05/Sep/2023:05:19:46 -0500] "HEAD /BLA/boletinlegal/ HTTP/1.1" 200 -
40.77.167.73 - - [05/Sep/2023:05:21:46 -0500] "GET /BLA/resoluciones/AUTOS%202021/3062.pdf HTTP/1.1" 304 -
201.245.192.253 - - [05/Sep/2023:05:22:05 -0500] "POST /forms/lservlet;jsessionid=ac16012b30d62eda719afc174e28a0dea47e26939047.e3iSbxaKaheRe34Rch0Ra3mLchv0n6jAmljGr5XDqQLvpAe HTTP/1.1" 200 2
172.22.2.4 - - [05/Sep/2023:05:20:37 -0500] "GET /BLA/boletinlegal/ HTTP/1.1" 200 58187
66.249.79.102 - - [05/Sep/2023:05:22:27 -0500] "GET /BLA/resoluciones/AUTOS%202008/1412.pdf HTTP/1.1" 200 340105
201.245.192.253 - - [05/Sep/2023:05:22:44 -0500] "POST /forms/lservlet;jsessionid=ac16012b30d6bc37a32d6dd1475b9cc7ba92661c2a41.e3iSbxaKaheRe34Rch0Ra3mLchv0n6jAmljGr5XDqQLvpAe HTTP/1.1" 200 2
213.244.248.43 - - [05/Sep/2023:05:23:00 -0500] "GET /galeria/galeria/fotos/2CaminataP5.jpg HTTP/1.1" 200 28121
201.245.192.253 - - [05/Sep/2023:05:23:25 -0500] "POST /kwsrmcab/Wsrmcab  HTTP/1.1" 200 43037
66.249.79.100 - - [05/Sep/2023:05:23:34 -0500] "GET /galeria/galeria/fotos/Entrenube3G.jpg HTTP/1.1" 304 -
201.245.192.253 - - [05/Sep/2023:05:24:05 -0500] "POST /forms/lservlet;jsessionid=ac16012b30d62eda719afc174e28a0dea47e26939047.e3iSbxaKaheRe34Rch0Ra3mLchv0n6jAmljGr5XDqQLvpAe HTTP/1.1" 200 2
216.245.221.92 - - [05/Sep/2023:05:24:39 -0500] "HEAD / HTTP/1.1" 200 -
201.245.192.253 - - [05/Sep/2023:05:24:44 -0500] "POST /forms/lservlet;jsessionid=ac16012b30d6bc37a32d6dd1475b9cc7ba92661c2a41.e3iSbxaKaheRe34Rch0Ra3mLchv0n6jAmljGr5XDqQLvpAe HTTP/1.1" 200 2
216.244.66.195 - - [05/Sep/2023:05:25:46 -0500] "GET /robots.txt HTTP/1.1" 404 1018
201.245.192.253 - - [05/Sep/2023:05:26:05 -0500] "POST /forms/lservlet;jsessionid=ac16012b30d62eda719afc174e28a0dea47e26939047.e3iSbxaKaheRe34Rch0Ra3mLchv0n6jAmljGr5XDqQLvpAe HTTP/1.1" 200 2
201.245.192.253 - - [05/Sep/2023:05:26:44 -0500] "POST /forms/lservlet;jsessionid=ac16012b30d6bc37a32d6dd1475b9cc7ba92661c2a41.e3iSbxaKaheRe34Rch0Ra3mLchv0n6jAmljGr5XDqQLvpAe HTTP/1.1" 200 2
66.249.79.101 - - [05/Sep/2023:05:27:14 -0500] "GET /BLA/resoluciones/RESOLUCIONES%202009/3867.pdf HTTP/1.1" 200 1233173
172.22.2.4 - - [05/Sep/2023:05:25:36 -0500] "HEAD /BLA/boletinlegal/ HTTP/1.1" 200 -
201.245.192.253 - - [05/Sep/2023:05:28:05 -0500] "POST /forms/lservlet;jsessionid=ac16012b30d62eda719afc174e28a0dea47e26939047.e3iSbxaKaheRe34Rch0Ra3mLchv0n6jAmljGr5XDqQLvpAe HTTP/1.1" 200 2
172.22.2.4 - - [05/Sep/2023:05:26:27 -0500] "GET /BLA/boletinlegal/ HTTP/1.1" 200 60692
201.245.192.253 - - [05/Sep/2023:05:28:05 -0500] "POST /kwsrmcab/Wsrmcab HTTP/1.1" 200 42703
201.245.192.253 - - [05/Sep/2023:05:28:09 -0500] "POST /kwsrmcab/Wsrmcab HTTP/1.1" 200 42230
201.245.192.253 - - [05/Sep/2023:05:28:24 -0500] "POST /kwsrmcab/Wsrmcab  HTTP/1.1" 200 43037
201.245.192.253 - - [05/Sep/2023:05:28:44 -0500] "POST /forms/lservlet;jsessionid=ac16012b30d6bc37a32d6dd1475b9cc7ba92661c2a41.e3iSbxaKaheRe34Rch0Ra3mLchv0n6jAmljGr5XDqQLvpAe HTTP/1.1" 200 2
40.77.167.108 - - [05/Sep/2023:05:29:36 -0500] "GET /robots.txt HTTP/1.1" 404 1049
52.167.144.193 - - [05/Sep/2023:05:29:38 -0500] "GET /inicio/humedal-jaboque-2/ HTTP/1.1" 404 1049
216.245.221.92 - - [05/Sep/2023:05:29:39 -0500] "HEAD / HTTP/1.1" 200 -
201.245.192.253 - - [05/Sep/2023:05:30:05 -0500] "POST /forms/lservlet;jsessionid=ac16012b30d62eda719afc174e28a0dea47e26939047.e3iSbxaKaheRe34Rch0Ra3mLchv0n6jAmljGr5XDqQLvpAe HTTP/1.1" 200 2
201.245.192.253 - - [05/Sep/2023:05:30:44 -0500] "POST /forms/lservlet;jsessionid=ac16012b30d6bc37a32d6dd1475b9cc7ba92661c2a41.e3iSbxaKaheRe34Rch0Ra3mLchv0n6jAmljGr5XDqQLvpAe HTTP/1.1" 200 2
66.249.79.101 - - [05/Sep/2023:05:30:50 -0500] "GET /BLA/resoluciones/RESOLUCIONES%202009/5288.pdf HTTP/1.1" 200 510511
201.245.192.253 - - [05/Sep/2023:05:32:05 -0500] "POST /forms/lservlet;jsessionid=ac16012b30d62eda719afc174e28a0dea47e26939047.e3iSbxaKaheRe34Rch0Ra3mLchv0n6jAmljGr5XDqQLvpAe HTTP/1.1" 200 2
66.249.79.101 - - [05/Sep/2023:05:32:34 -0500] "GET /galeria/nivo-slider/demo/images/bannerclases2021.jpg HTTP/1.1" 304 -
201.245.192.253 - - [05/Sep/2023:05:32:44 -0500] "POST /forms/lservlet;jsessionid=ac16012b30d6bc37a32d6dd1475b9cc7ba92661c2a41.e3iSbxaKaheRe34Rch0Ra3mLchv0n6jAmljGr5XDqQLvpAe HTTP/1.1" 200 2
172.22.2.4 - - [05/Sep/2023:05:31:26 -0500] "HEAD /BLA/boletinlegal/ HTTP/1.1" 200 -
201.245.192.253 - - [05/Sep/2023:05:33:23 -0500] "POST /kwsrmcab/Wsrmcab  HTTP/1.1" 200 43037
66.249.79.101 - - [05/Sep/2023:05:33:39 -0500] "GET /resoluciones/RESOLUCIONES%202007/RES%202007%20101%20AL%20200/RESOLUCION%200110%20%20DE%202007.pdf HTTP/1.1" 404 1018
216.244.66.195 - - [05/Sep/2023:05:33:39 -0500] "GET /BLA/resoluciones/index.php?dir=RESOLUCIONES+2004%2F HTTP/1.1" 200 33860
216.244.66.195 - - [05/Sep/2023:05:33:44 -0500] "GET /BLA/resoluciones/ HTTP/1.1" 200 13696
216.244.66.195 - - [05/Sep/2023:05:33:50 -0500] "GET /BLA/resoluciones/index.php?dir=AUTOS%202005/&sort=size&order=asc HTTP/1.1" 200 2791
216.244.66.195 - - [05/Sep/2023:05:33:54 -0500] "GET /BLA/resoluciones/AUTOS%202015/1052.pdf HTTP/1.1" 200 2210866
172.22.2.4 - - [05/Sep/2023:05:32:17 -0500] "GET /BLA/boletinlegal/ HTTP/1.1" 200 53362
201.245.192.253 - - [05/Sep/2023:05:34:05 -0500] "POST /forms/lservlet;jsessionid=ac16012b30d62eda719afc174e28a0dea47e26939047.e3iSbxaKaheRe34Rch0Ra3mLchv0n6jAmljGr5XDqQLvpAe HTTP/1.1" 200 2
216.245.221.92 - - [05/Sep/2023:05:34:39 -0500] "HEAD / HTTP/1.1" 200 -
201.245.192.253 - - [05/Sep/2023:05:34:44 -0500] "POST /forms/lservlet;jsessionid=ac16012b30d6bc37a32d6dd1475b9cc7ba92661c2a41.e3iSbxaKaheRe34Rch0Ra3mLchv0n6jAmljGr5XDqQLvpAe HTTP/1.1" 200 2
186.102.62.148 - - [05/Sep/2023:05:34:48 -0500] "GET /kwssiamovil/sm/acme/a?s=U2FsdGVkX1/RVhzQZSjSt/H6ojYw35RWYpQa2eY6B7JgtT0/6GNo2YCfh2Uw8zg1AvBWUKEyHX00MZME7uQZUgaMnOROsJOjMCt7xREzYaSNyool5ZIhuYRvsLm/LiNF+ox3cYoGQBITpstjktw5uKiB+blGq8OIrtM2TWSdBBquEpikwnVSZwLX8t3FWJsjbFkByL25BgCEraVtptwIdbKn/bcFfyMvY01oZ5ff/7u/siG21DLanxrPy++CHeT2FYGlyTjjcER1FcSU85ucMQ==&u=U2FsdGVkX1+xzzsBB53G7+N6KzCSJOV1lJUH6+Y8frY=&y=U2FsdGVkX1/JbHABX7nKVVt68wlP7lOxYGdkrREMHI0= HTTP/1.1" 200 26
186.102.62.148 - - [05/Sep/2023:05:34:48 -0500] "GET /kwssiamovil/sm/acme/a?s=U2FsdGVkX1/w104kjq9wG8qbfo0jp1mmS3AXUSVzxCBrXZySt9upGUNrThxSlfxBVLSDCQdmFjrZPV7W7JUY8ifShuiDfhrleMBWgi+XdaYLy9nO8UKgY2yK0O9LS+KhF3wJLmFdQyfadf12dv4EaECklkjeTJEwgjX4qEQ5//h1udzPV7uat2EaHD4gdi2FOuWnKrN9GtQQ+gouE0rXMzGCWtXm+Lr2b9CO16nDmryXA0sKUrWiKhhkOlu//8xe+fP9U5InbXVuLqHUjbgXLU/A6L/nWD2FB69BhAcpnJA/x3mMDIwccEXJQCJ9V1Oy/WHMekDkqcP5iEOax5zK4lFjdLP7a3K1dnW8CVzebBAQkSK0JFR18uUDVgEwCbcfN+tNW+k3VoOjsC4Qj9ZFh6wO6VkLnj+V9G3esfV0Rx6MOWeRAxhUhd6Oc99Zm5qHhxxEPF028x5MVwAfU8QhvF1cmXmDcWdT/lzFDo14MwH20Qdi3OjiqfIEdeZTaBeXamhRPLZnZUYMPpt7Khvziw6fmreJNwPtwkY/zdJHQET29m9rb0TUfPJKzHqlOKT0jbvjBNdemiXAB56H6TQeAworUT052Oe3/j9eIh9J93bsVEZU64lBjFGgBrpMoOrBA5FErADAKWKM3E/utw6R5EtfsabXSkSoqwrojhBcVKzHTTUqFf9q4DBHhirrhfhZABNnOkOUfwgPDrdJcpkP9YKX4SKlhFx/sV4lI+Z3O9IORJqgbv/XJ1gxMT2aE3jOREEXMUc39EjnzmR7mLXCDvCardtD0jStZbFEhY4Mn50PSJAquwW83Uh432bed+0IhlRVUKbk5ehNTYttL59LkhBI7cCBKmzenZbHOVvsTva6OmZde02UR4CdL+qcqRqJimmA3D1d3EITr0CuUpi7NyTLpVkNLsS77jyXhHg6rGE+e1F0OJUH6essfelEBU3z0/ixnfD/Of3WtjtT+vZmUX7SPBH/NV1KdwjLqmN3rEit1JHVcTy8W6DewqBkCvhwtN9WWqpKSsmVEzqMbmYtwWD43nTNzhIdQqlEuSfMPKm0fXla3Whn+ULMzmuGPIYQDMKaBU7NMtFNx/rBXCsxyBpp5bEcdpABDXMb763KCM5xQoV+E0CaP7j6PHVRbQ8eQZ0abAf3kk5+pyXT+fgtNmaZqaGOKLtzpAbWhYGzoSXJ5ggkvroRMvNsHwx5iwA1O7UjQXLKmbw3mVUdX5abXHPxkYxANO1V+h0xOvyOuzsjBJECHxDq8Og8Q+fFbEB0K9DUThxSyxLOHNn76K3Zu/6WzXQnn6W1GCq7U27fdQotRQpSTWV6JDYM2cl7QEnYloBAT3tekDAothyXU7D3lzRmOzXsyONtpYWMdXIjx0SssI/5zT1a7+LH2pPwnSvM34stiAsj74Qtzy2eXzxCvf8pPI1an1Am8SpjD67o+uuhgGcSoB3gnki2TbyqSzqv34AbYlE+/oH277ahFtoeDTca12LSB1UExzchvx2Nf51aStgqoBJ8PIKhGR/yao+9&u=U2FsdGVkX1+xzzsBB53G7+N6KzCSJOV1lJUH6+Y8frY=&y=U2FsdGVkX1/JbHABX7nKVVt68wlP7lOxYGdkrREMHI0= HTTP/1.1" 200 26
186.102.62.148 - - [05/Sep/2023:05:34:48 -0500] "GET /kwssiamovil/sm/acme/a?s=U2FsdGVkX1/Pb14I3fFGJ6X8mcQRdP/PuayKcrxuPvSIWjdIqw2aY94+zW3ERn72kXQlq/cfVZ/Mc/srz4mUIckzIAE5C0yUWi9DCR2aYcYLKvxSojNY8MBDNIW4hlXOPvkDfzlpWhNGBieC9TxNp1KJ3e0VwO2LXPK2EljHN2Q=&u=U2FsdGVkX1+xzzsBB53G7+N6KzCSJOV1lJUH6+Y8frY=&y=U2FsdGVkX1/JbHABX7nKVVt68wlP7lOxYGdkrREMHI0= HTTP/1.1" 200 26
186.102.62.148 - - [05/Sep/2023:05:34:48 -0500] "GET /kwssiamovil/sm/acme/a?s=U2FsdGVkX1/yPfzKzpVtoBzQS7e97dO2G7hDZ4Sdz4FsHc0uLQo102zABvqhJchOf+4Z/20Td0qsof16Ua0NdBriwpyLXiCTJvCY+ACbSS7e75cFHhrxpIX8Py4JMMo8Zev8dXRuBCFJkBkyibv+DldUG7XOMmiruq3cvC8gfu0=&u=U2FsdGVkX1+xzzsBB53G7+N6KzCSJOV1lJUH6+Y8frY=&y=U2FsdGVkX1/JbHABX7nKVVt68wlP7lOxYGdkrREMHI0= HTTP/1.1" 200 26
186.102.62.148 - - [05/Sep/2023:05:34:49 -0500] "GET /kwssiamovil/sm/acme/a?s=U2FsdGVkX1/MvPU2lu5YzIzWMts6wamHahzd7jpx/3QilPx6ts/d9FhdN1iSep8hn1wIpoNwlHueoYREjVojX5cFjyygyWRPb3TgDdxSEZ1BLenb4BkEOMFPozCHyCpcSj4bgaXcK1dF8pTv6oezuvJyRLy6DWOYjMO6aJ75G6U=&u=U2FsdGVkX1+xzzsBB53G7+N6KzCSJOV1lJUH6+Y8frY=&y=U2FsdGVkX1/JbHABX7nKVVt68wlP7lOxYGdkrREMHI0= HTTP/1.1" 200 26
186.102.62.148 - - [05/Sep/2023:05:34:49 -0500] "GET /kwssiamovil/sm/acme/a?s=U2FsdGVkX19yH+x5n3gl9B8WI9UW53HQIuB59fnqLuTjL+l934tpwix5AoEM0RGOn1SpoyDjEc+1zfdNL1/1dBWrN95/+RVXB/WsRmTXj7otfhaqld28AgUl+DpZ3xsqZVqbffxcvvXDAfoSdyuMsDrSEhTulOP+sVG/3vWAfbiTWiBikxibIax4m6w6yht5&u=U2FsdGVkX1+xzzsBB53G7+N6KzCSJOV1lJUH6+Y8frY=&y=U2FsdGVkX1/JbHABX7nKVVt68wlP7lOxYGdkrREMHI0= HTTP/1.1" 200 26
201.245.192.253 - - [05/Sep/2023:05:36:05 -0500] "POST /forms/lservlet;jsessionid=ac16012b30d62eda719afc174e28a0dea47e26939047.e3iSbxaKaheRe34Rch0Ra3mLchv0n6jAmljGr5XDqQLvpAe HTTP/1.1" 200 2
216.244.66.195 - - [05/Sep/2023:05:36:18 -0500] "GET /videos/SpotQuebradas.flv HTTP/1.1" 200 3426319
201.245.192.253 - - [05/Sep/2023:05:36:44 -0500] "POST /forms/lservlet;jsessionid=ac16012b30d6bc37a32d6dd1475b9cc7ba92661c2a41.e3iSbxaKaheRe34Rch0Ra3mLchv0n6jAmljGr5XDqQLvpAe HTTP/1.1" 200 2
201.245.192.253 - - [05/Sep/2023:05:38:05 -0500] "POST /forms/lservlet;jsessionid=ac16012b30d62eda719afc174e28a0dea47e26939047.e3iSbxaKaheRe34Rch0Ra3mLchv0n6jAmljGr5XDqQLvpAe HTTP/1.1" 200 2
201.245.192.253 - - [05/Sep/2023:05:38:05 -0500] "POST /kwsrmcab/Wsrmcab HTTP/1.1" 200 42703
201.245.192.253 - - [05/Sep/2023:05:38:08 -0500] "GET /kwsrmcab/Wsrmcab?wsdl HTTP/1.1" 200 6948
201.245.192.253 - - [05/Sep/2023:05:38:08 -0500] "POST /kwsrmcab/Wsrmcab HTTP/1.1" 200 42230
201.245.192.253 - - [05/Sep/2023:05:38:23 -0500] "POST /kwsrmcab/Wsrmcab  HTTP/1.1" 200 43037
201.245.192.253 - - [05/Sep/2023:05:38:44 -0500] "POST /forms/lservlet;jsessionid=ac16012b30d6bc37a32d6dd1475b9cc7ba92661c2a41.e3iSbxaKaheRe34Rch0Ra3mLchv0n6jAmljGr5XDqQLvpAe HTTP/1.1" 200 2
172.22.2.4 - - [05/Sep/2023:05:37:16 -0500] "HEAD /BLA/boletinlegal/ HTTP/1.1" 200 -
66.249.79.100 - - [05/Sep/2023:05:39:32 -0500] "GET /BLA/resoluciones/RESOLUCIONES%202011/5715.pdf HTTP/1.1" 200 591366
216.245.221.92 - - [05/Sep/2023:05:39:39 -0500] "HEAD / HTTP/1.1" 200 -
172.22.2.4 - - [05/Sep/2023:05:38:06 -0500] "GET /BLA/boletinlegal/ HTTP/1.1" 200 60692
66.249.66.193 - - [05/Sep/2023:05:39:52 -0500] "GET /habilitado-nuevo-camino-para-recorrer-los-cerros-guadalupe-aguanoso.html HTTP/1.1" 304 -
201.245.192.253 - - [05/Sep/2023:05:40:05 -0500] "POST /forms/lservlet;jsessionid=ac16012b30d62eda719afc174e28a0dea47e26939047.e3iSbxaKaheRe34Rch0Ra3mLchv0n6jAmljGr5XDqQLvpAe HTTP/1.1" 200 2
216.244.66.195 - - [05/Sep/2023:05:40:17 -0500] "GET /BLA/resoluciones/AUTOS%202016/0486.pdf HTTP/1.1" 200 527976
66.249.79.102 - - [05/Sep/2023:05:40:17 -0500] "GET /BLA/resoluciones/Autos%202008/2021.pdf HTTP/1.1" 200 74692
216.244.66.195 - - [05/Sep/2023:05:40:30 -0500] "GET /BLA/resoluciones/AUTOS%202016/0513.pdf HTTP/1.1" 200 782735
216.244.66.195 - - [05/Sep/2023:05:40:42 -0500] "GET /BLA/resoluciones/AUTOS%202016/0538.pdf HTTP/1.1" 200 478501
201.245.192.253 - - [05/Sep/2023:05:40:44 -0500] "POST /forms/lservlet;jsessionid=ac16012b30d6bc37a32d6dd1475b9cc7ba92661c2a41.e3iSbxaKaheRe34Rch0Ra3mLchv0n6jAmljGr5XDqQLvpAe HTTP/1.1" 200 2
66.249.79.100 - - [05/Sep/2023:05:40:45 -0500] "GET /BLA/resoluciones/RESOLUCIONES%202010/7243.pdf HTTP/1.1" 200 393450
216.244.66.195 - - [05/Sep/2023:05:41:04 -0500] "GET /BLA/resoluciones/AUTOS%202016/0785.pdf HTTP/1.1" 200 475227
216.244.66.195 - - [05/Sep/2023:05:41:27 -0500] "GET /BLA/resoluciones/AUTOS%202016/0925.pdf HTTP/1.1" 200 534072
66.249.79.101 - - [05/Sep/2023:05:41:34 -0500] "GET /galeria/galeria/fotos/micos6G.jpg HTTP/1.1" 304 -
216.244.66.195 - - [05/Sep/2023:05:41:48 -0500] "GET /BLA/resoluciones/AUTOS%202016/0965.pdf HTTP/1.1" 200 442211
66.249.79.100 - - [05/Sep/2023:05:41:51 -0500] "GET /BLA/resoluciones/RESOLUCIONES%202009/0291.pdf HTTP/1.1" 200 562301
66.249.79.100 - - [05/Sep/2023:05:41:56 -0500] "GET /BLA/resoluciones/AUTOS%202007/3358.pdf HTTP/1.1" 200 116981
201.245.192.253 - - [05/Sep/2023:05:42:05 -0500] "POST /forms/lservlet;jsessionid=ac16012b30d62eda719afc174e28a0dea47e26939047.e3iSbxaKaheRe34Rch0Ra3mLchv0n6jAmljGr5XDqQLvpAe HTTP/1.1" 200 2
66.249.79.102 - - [05/Sep/2023:05:42:07 -0500] "GET /portel_dama/libreria/php/2006/restauracion/55_artic/xtras/10.pdf HTTP/1.1" 404 1018
172.22.2.4 - - [05/Sep/2023:05:42:09 -0500] "GET /BLA/boletinlegal/robots.txt HTTP/1.1" 404 1037
172.22.2.4 - - [05/Sep/2023:05:42:11 -0500] "GET /BLA/boletinlegal/Circulares/2019/Circular%20No.%200003%20del%2031%20de%20Enero%20de%202019.pdf HTTP/1.1" 200 164676
66.249.79.100 - - [05/Sep/2023:05:42:13 -0500] "GET /BLA/resoluciones/Autos%202008/1701.pdf HTTP/1.1" 200 98707
216.244.66.195 - - [05/Sep/2023:05:42:29 -0500] "GET /BLA/resoluciones/AUTOS%202016/1021.pdf HTTP/1.1" 200 240317
172.22.2.4 - - [05/Sep/2023:05:42:10 -0500] "GET /BLA/boletinlegal/ HTTP/1.1" 200 24523
201.245.192.253 - - [05/Sep/2023:05:42:44 -0500] "POST /forms/lservlet;jsessionid=ac16012b30d6bc37a32d6dd1475b9cc7ba92661c2a41.e3iSbxaKaheRe34Rch0Ra3mLchv0n6jAmljGr5XDqQLvpAe HTTP/1.1" 200 2
216.244.66.195 - - [05/Sep/2023:05:43:05 -0500] "GET /BLA/resoluciones/AUTOS%202016/1182.pdf HTTP/1.1" 200 609449
201.245.192.253 - - [05/Sep/2023:05:43:22 -0500] "POST /kwsrmcab/Wsrmcab  HTTP/1.1" 200 43037
216.244.66.195 - - [05/Sep/2023:05:43:36 -0500] "GET /BLA/resoluciones/AUTOS%202016/1225.pdf HTTP/1.1" 200 319541
201.245.192.253 - - [05/Sep/2023:05:44:05 -0500] "POST /forms/lservlet;jsessionid=ac16012b30d62eda719afc174e28a0dea47e26939047.e3iSbxaKaheRe34Rch0Ra3mLchv0n6jAmljGr5XDqQLvpAe HTTP/1.1" 200 2
216.244.66.195 - - [05/Sep/2023:05:44:08 -0500] "GET /BLA/resoluciones/AUTOS%202016/1239.pdf HTTP/1.1" 200 472715
66.249.79.102 - - [05/Sep/2023:05:44:13 -0500] "GET /BLA/resoluciones/RESOLUCIONES%202010/7175.pdf HTTP/1.1" 200 50738
216.245.221.92 - - [05/Sep/2023:05:44:39 -0500] "HEAD / HTTP/1.1" 200 -
201.245.192.253 - - [05/Sep/2023:05:44:44 -0500] "POST /forms/lservlet;jsessionid=ac16012b30d6bc37a32d6dd1475b9cc7ba92661c2a41.e3iSbxaKaheRe34Rch0Ra3mLchv0n6jAmljGr5XDqQLvpAe HTTP/1.1" 200 2
216.244.66.195 - - [05/Sep/2023:05:44:45 -0500] "GET /BLA/resoluciones/AUTOS%202016/1320.pdf HTTP/1.1" 200 479754
172.22.2.4 - - [05/Sep/2023:05:43:06 -0500] "HEAD /BLA/boletinlegal/ HTTP/1.1" 200 -
66.249.79.100 - - [05/Sep/2023:05:44:53 -0500] "GET /BLA/resoluciones/Autos%202008/0941.pdf HTTP/1.1" 200 110340
216.244.66.195 - - [05/Sep/2023:05:45:17 -0500] "GET /BLA/resoluciones/AUTOS%202016/1471.pdf HTTP/1.1" 200 488242
172.22.2.4 - - [05/Sep/2023:05:43:57 -0500] "GET /BLA/boletinlegal/ HTTP/1.1" 200 52656
216.244.66.195 - - [05/Sep/2023:05:45:54 -0500] "GET /BLA/resoluciones/AUTOS%202016/1688.pdf HTTP/1.1" 200 299617
201.245.192.253 - - [05/Sep/2023:05:46:05 -0500] "POST /forms/lservlet;jsessionid=ac16012b30d62eda719afc174e28a0dea47e26939047.e3iSbxaKaheRe34Rch0Ra3mLchv0n6jAmljGr5XDqQLvpAe HTTP/1.1" 200 2
216.244.66.195 - - [05/Sep/2023:05:46:26 -0500] "GET /BLA/resoluciones/AUTOS%202016/1879.pdf HTTP/1.1" 200 376189
201.245.192.253 - - [05/Sep/2023:05:46:44 -0500] "POST /forms/lservlet;jsessionid=ac16012b30d6bc37a32d6dd1475b9cc7ba92661c2a41.e3iSbxaKaheRe34Rch0Ra3mLchv0n6jAmljGr5XDqQLvpAe HTTP/1.1" 200 2
216.244.66.195 - - [05/Sep/2023:05:46:56 -0500] "GET /BLA/resoluciones/AUTOS%202016/1967.pdf HTTP/1.1" 200 926275
66.249.79.101 - - [05/Sep/2023:05:46:57 -0500] "GET /BLA/resoluciones/RESOLUCIONES%202009/0192.pdf HTTP/1.1" 200 257319
66.249.79.102 - - [05/Sep/2023:05:47:09 -0500] "GET /resoluciones/AUTOS%202007/2341.pdf HTTP/1.1" 404 1018
66.249.79.101 - - [05/Sep/2023:05:47:22 -0500] "GET /portel_dama/libreria/php/2006/ECOSISTEMAS%20FINAL%20web_mz27/restauracion/sitio/55_artic/xtras/2.pdf HTTP/1.1" 404 1018
66.249.79.101 - - [05/Sep/2023:05:47:23 -0500] "GET /BLA/resoluciones/RESOLUCIONES%202007/RES%202007%20301%20AL%20400/RESOLUCION%200328%20DE%202007.pdf HTTP/1.1" 200 485487
216.244.66.195 - - [05/Sep/2023:05:47:44 -0500] "GET /BLA/resoluciones/AUTOS%202016/2277.pdf HTTP/1.1" 200 572258
201.245.192.253 - - [05/Sep/2023:05:48:05 -0500] "POST /forms/lservlet;jsessionid=ac16012b30d62eda719afc174e28a0dea47e26939047.e3iSbxaKaheRe34Rch0Ra3mLchv0n6jAmljGr5XDqQLvpAe HTTP/1.1" 200 2
216.244.66.195 - - [05/Sep/2023:05:48:14 -0500] "GET /BLA/resoluciones/AUTOS%202016/2584.pdf HTTP/1.1" 200 409595
201.245.192.253 - - [05/Sep/2023:05:48:21 -0500] "POST /kwsrmcab/Wsrmcab  HTTP/1.1" 200 43037
66.249.79.101 - - [05/Sep/2023:05:48:39 -0500] "GET /BLA/resoluciones/RESOLUCIONES%202010/4778.pdf HTTP/1.1" 200 444951
66.249.79.101 - - [05/Sep/2023:05:48:40 -0500] "GET /BLA/resoluciones/RESOLUCIONES%202008/0621.pdf HTTP/1.1" 200 219315
201.245.192.253 - - [05/Sep/2023:05:48:44 -0500] "POST /forms/lservlet;jsessionid=ac16012b30d6bc37a32d6dd1475b9cc7ba92661c2a41.e3iSbxaKaheRe34Rch0Ra3mLchv0n6jAmljGr5XDqQLvpAe HTTP/1.1" 200 2
216.244.66.195 - - [05/Sep/2023:05:48:46 -0500] "GET /BLA/resoluciones/AUTOS%202016/3602.pdf HTTP/1.1" 200 274340
66.249.79.100 - - [05/Sep/2023:05:48:50 -0500] "GET /BLA/resoluciones/AUTOS%202009/0021.pdf HTTP/1.1" 200 186346
216.244.66.195 - - [05/Sep/2023:05:49:16 -0500] "GET /BLA/resoluciones/AUTOS%202007/1911.pdf HTTP/1.1" 200 166465
66.249.79.102 - - [05/Sep/2023:05:49:38 -0500] "GET /BLA/resoluciones/RESOLUCIONES%202007/RES%202007%202801%20AL%202900/RESOLUCION%202873%20DE%202007.pdf HTTP/1.1" 200 351498
216.245.221.92 - - [05/Sep/2023:05:49:39 -0500] "HEAD / HTTP/1.1" 200 -
216.244.66.195 - - [05/Sep/2023:05:49:43 -0500] "GET /BLA/resoluciones/AUTOS%202007/1969.pdf HTTP/1.1" 200 121850
186.102.107.98 - - [05/Sep/2023:05:50:01 -0500] "GET /recuperados-en-la-terminal-el-salitre-102-peces-que-eran-movilizados-ilegalmente-desde-el-caribe-colombiano.html HTTP/1.1" 200 773
186.102.107.98 - - [05/Sep/2023:05:50:01 -0500] "GET /images/peces-terminal-salitre.jpg HTTP/1.1" 200 22885
201.245.192.253 - - [05/Sep/2023:05:50:05 -0500] "POST /forms/lservlet;jsessionid=ac16012b30d62eda719afc174e28a0dea47e26939047.e3iSbxaKaheRe34Rch0Ra3mLchv0n6jAmljGr5XDqQLvpAe HTTP/1.1" 200 2
216.244.66.195 - - [05/Sep/2023:05:50:11 -0500] "GET /BLA/resoluciones/AUTOS%202007/1995.pdf HTTP/1.1" 200 194505
66.249.79.100 - - [05/Sep/2023:05:50:34 -0500] "GET /galeria/galeria/fotos/mico1P.jpg HTTP/1.1" 304 -
172.22.2.4 - - [05/Sep/2023:05:48:56 -0500] "HEAD /BLA/boletinlegal/ HTTP/1.1" 200 -
216.244.66.195 - - [05/Sep/2023:05:50:39 -0500] "GET /BLA/resoluciones/AUTOS%202010/1365.pdf HTTP/1.1" 200 266013
201.245.192.253 - - [05/Sep/2023:05:50:44 -0500] "POST /forms/lservlet;jsessionid=ac16012b30d6bc37a32d6dd1475b9cc7ba92661c2a41.e3iSbxaKaheRe34Rch0Ra3mLchv0n6jAmljGr5XDqQLvpAe HTTP/1.1" 200 2
66.249.79.100 - - [05/Sep/2023:05:50:55 -0500] "GET /resoluciones/RESOLUCIONES%202008/0476.pdf HTTP/1.1" 404 1018
216.244.66.195 - - [05/Sep/2023:05:51:03 -0500] "GET /BLA/resoluciones/AUTOS%202010/1420.pdf HTTP/1.1" 200 161238
216.244.66.195 - - [05/Sep/2023:05:51:26 -0500] "GET /BLA/resoluciones/AUTOS%202010/1480.pdf HTTP/1.1" 200 260305
172.22.2.4 - - [05/Sep/2023:05:49:46 -0500] "GET /BLA/boletinlegal/ HTTP/1.1" 200 60692
216.244.66.195 - - [05/Sep/2023:05:51:51 -0500] "GET /BLA/resoluciones/AUTOS%202010/4017.pdf HTTP/1.1" 200 419820
201.245.192.253 - - [05/Sep/2023:05:52:05 -0500] "POST /forms/lservlet;jsessionid=ac16012b30d62eda719afc174e28a0dea47e26939047.e3iSbxaKaheRe34Rch0Ra3mLchv0n6jAmljGr5XDqQLvpAe HTTP/1.1" 200 2
216.244.66.195 - - [05/Sep/2023:05:52:29 -0500] "GET /BLA/resoluciones/AUTOS%202010/4795.pdf HTTP/1.1" 200 109588
201.245.192.253 - - [05/Sep/2023:05:52:44 -0500] "POST /forms/lservlet;jsessionid=ac16012b30d6bc37a32d6dd1475b9cc7ba92661c2a41.e3iSbxaKaheRe34Rch0Ra3mLchv0n6jAmljGr5XDqQLvpAe HTTP/1.1" 200 2
216.244.66.195 - - [05/Sep/2023:05:52:59 -0500] "GET /BLA/resoluciones/AUTOS%202010/5218.pdf HTTP/1.1" 200 163229
201.245.192.253 - - [05/Sep/2023:05:53:20 -0500] "POST /kwsrmcab/Wsrmcab  HTTP/1.1" 200 43037
216.244.66.195 - - [05/Sep/2023:05:53:32 -0500] "GET /BLA/resoluciones/AUTOS%202010/5409.pdf HTTP/1.1" 200 4674711
201.245.192.253 - - [05/Sep/2023:05:54:05 -0500] "POST /forms/lservlet;jsessionid=ac16012b30d62eda719afc174e28a0dea47e26939047.e3iSbxaKaheRe34Rch0Ra3mLchv0n6jAmljGr5XDqQLvpAe HTTP/1.1" 200 2
216.244.66.195 - - [05/Sep/2023:05:54:25 -0500] "GET /BLA/resoluciones/AUTOS%202010/5419.pdf HTTP/1.1" 200 203074
216.245.221.92 - - [05/Sep/2023:05:54:39 -0500] "HEAD / HTTP/1.1" 200 -
66.249.79.101 - - [05/Sep/2023:05:54:41 -0500] "GET /BLA/resoluciones/RESOLUCIONES%202008/0570.pdf HTTP/1.1" 200 116940
201.245.192.253 - - [05/Sep/2023:05:54:44 -0500] "POST /forms/lservlet;jsessionid=ac16012b30d6bc37a32d6dd1475b9cc7ba92661c2a41.e3iSbxaKaheRe34Rch0Ra3mLchv0n6jAmljGr5XDqQLvpAe HTTP/1.1" 200 2
216.244.66.195 - - [05/Sep/2023:05:54:58 -0500] "GET /BLA/resoluciones/AUTOS%202010/6351.pdf HTTP/1.1" 200 2324463
66.249.79.100 - - [05/Sep/2023:05:55:00 -0500] "GET /resoluciones/RESOLUCIONES%202009/7425.pdf HTTP/1.1" 404 1018
216.244.66.195 - - [05/Sep/2023:05:55:47 -0500] "GET /BLA/resoluciones/AUTOS%202010/6819.pdf HTTP/1.1" 200 145307
201.245.192.253 - - [05/Sep/2023:05:56:05 -0500] "POST /forms/lservlet;jsessionid=ac16012b30d62eda719afc174e28a0dea47e26939047.e3iSbxaKaheRe34Rch0Ra3mLchv0n6jAmljGr5XDqQLvpAe HTTP/1.1" 200 2
216.244.66.195 - - [05/Sep/2023:05:56:17 -0500] "GET /BLA/resoluciones/AUTOS%202010/6929.pdf HTTP/1.1" 200 198656
172.22.2.4 - - [05/Sep/2023:05:54:46 -0500] "HEAD /BLA/boletinlegal/ HTTP/1.1" 200 -
201.245.192.253 - - [05/Sep/2023:05:56:44 -0500] "POST /forms/lservlet;jsessionid=ac16012b30d6bc37a32d6dd1475b9cc7ba92661c2a41.e3iSbxaKaheRe34Rch0Ra3mLchv0n6jAmljGr5XDqQLvpAe HTTP/1.1" 200 2
216.244.66.195 - - [05/Sep/2023:05:56:46 -0500] "GET /BLA/resoluciones/AUTOS%202011/2233.pdf HTTP/1.1" 200 219748
66.249.66.194 - - [05/Sep/2023:05:56:52 -0500] "GET /mejora-tu-bienestar-con-las-caminatas-ecologicas-%C3%82%C2%A1conoce-la-programacion-de-agosto.html HTTP/1.1" 304 -
172.22.2.4 - - [05/Sep/2023:05:55:37 -0500] "GET /BLA/boletinlegal/ HTTP/1.1" 200 58597
216.244.66.195 - - [05/Sep/2023:05:57:18 -0500] "GET /BLA/resoluciones/AUTOS%202011/4009.pdf HTTP/1.1" 200 333840
216.244.66.195 - - [05/Sep/2023:05:57:49 -0500] "GET /BLA/resoluciones/AUTOS%202011/4019.pdf HTTP/1.1" 200 345304
201.245.192.253 - - [05/Sep/2023:05:58:05 -0500] "POST /forms/lservlet;jsessionid=ac16012b30d62eda719afc174e28a0dea47e26939047.e3iSbxaKaheRe34Rch0Ra3mLchv0n6jAmljGr5XDqQLvpAe HTTP/1.1" 200 2
216.244.66.195 - - [05/Sep/2023:05:58:15 -0500] "GET /BLA/resoluciones/RESOLUCIONES%202016/0251.pdf HTTP/1.1" 200 1218725
201.245.192.253 - - [05/Sep/2023:05:58:19 -0500] "POST /kwsrmcab/Wsrmcab  HTTP/1.1" 200 43037
172.22.2.4 - - [05/Sep/2023:05:58:43 -0500] "GET /BLA/boletinlegal/actos.php HTTP/1.1" 200 9682
216.244.66.195 - - [05/Sep/2023:05:58:44 -0500] "GET /BLA/resoluciones/RESOLUCIONES%202016/0457.pdf HTTP/1.1" 200 1000943
201.245.192.253 - - [05/Sep/2023:05:58:44 -0500] "POST /forms/lservlet;jsessionid=ac16012b30d6bc37a32d6dd1475b9cc7ba92661c2a41.e3iSbxaKaheRe34Rch0Ra3mLchv0n6jAmljGr5XDqQLvpAe HTTP/1.1" 200 2
172.22.2.4 - - [05/Sep/2023:05:59:07 -0500] "GET /BLA/boletinlegal/Circulares/2012/Circular%20No.%2013%20del%2006%20de%20Septiembre%20de%202012.pdf HTTP/1.1" 200 351421
216.244.66.195 - - [05/Sep/2023:05:59:11 -0500] "GET /BLA/resoluciones/RESOLUCIONES%202016/0525.pdf HTTP/1.1" 200 483180
216.244.66.195 - - [05/Sep/2023:05:59:34 -0500] "GET /BLA/resoluciones/RESOLUCIONES%202016/0609.pdf HTTP/1.1" 200 522010
216.245.221.92 - - [05/Sep/2023:05:59:39 -0500] "HEAD / HTTP/1.1" 200 -
216.244.66.195 - - [05/Sep/2023:05:59:57 -0500] "GET /BLA/resoluciones/RESOLUCIONES%202016/0631.pdf HTTP/1.1" 200 519410
201.245.192.253 - - [05/Sep/2023:06:00:05 -0500] "POST /forms/lservlet;jsessionid=ac16012b30d62eda719afc174e28a0dea47e26939047.e3iSbxaKaheRe34Rch0Ra3mLchv0n6jAmljGr5XDqQLvpAe HTTP/1.1" 200 2
216.244.66.195 - - [05/Sep/2023:06:00:20 -0500] "GET /BLA/resoluciones/RESOLUCIONES%202016/1618.pdf HTTP/1.1" 200 381429
216.244.66.195 - - [05/Sep/2023:06:00:40 -0500] "GET /BLA/resoluciones/RESOLUCIONES%202016/1966.pdf HTTP/1.1" 200 544761
201.245.192.253 - - [05/Sep/2023:06:00:44 -0500] "POST /forms/lservlet;jsessionid=ac16012b30d6bc37a32d6dd1475b9cc7ba92661c2a41.e3iSbxaKaheRe34Rch0Ra3mLchv0n6jAmljGr5XDqQLvpAe HTTP/1.1" 200 2
40.77.167.18 - - [05/Sep/2023:06:00:48 -0500] "GET /bla/resoluciones/autos%202012/1503.pdf HTTP/1.1" 200 316007
40.77.167.18 - - [05/Sep/2023:06:00:49 -0500] "GET /BLA/resoluciones/RESOLUCIONES%202019/1211.pdf HTTP/1.1" 200 354338
216.244.66.195 - - [05/Sep/2023:06:01:00 -0500] "GET /BLA/resoluciones/RESOLUCIONES%202017/1159.pdf HTTP/1.1" 200 464279
216.244.66.195 - - [05/Sep/2023:06:01:18 -0500] "GET /BLA/resoluciones/RESOLUCIONES%202017/1354.pdf HTTP/1.1" 200 440522
216.244.66.195 - - [05/Sep/2023:06:01:36 -0500] "GET /BLA/resoluciones/RESOLUCIONES%202017/1492.pdf HTTP/1.1" 200 322743
216.244.66.195 - - [05/Sep/2023:06:01:52 -0500] "GET /BLA/resoluciones/RESOLUCIONES%202017/1609.pdf HTTP/1.1" 200 2065453
201.245.192.253 - - [05/Sep/2023:06:02:05 -0500] "POST /forms/lservlet;jsessionid=ac16012b30d62eda719afc174e28a0dea47e26939047.e3iSbxaKaheRe34Rch0Ra3mLchv0n6jAmljGr5XDqQLvpAe HTTP/1.1" 200 2
172.22.2.4 - - [05/Sep/2023:06:00:36 -0500] "HEAD /BLA/boletinlegal/ HTTP/1.1" 200 -
216.244.66.195 - - [05/Sep/2023:06:02:42 -0500] "GET /BLA/resoluciones/RESOLUCIONES%202017/1846.pdf HTTP/1.1" 200 678258
201.245.192.253 - - [05/Sep/2023:06:02:44 -0500] "POST /forms/lservlet;jsessionid=ac16012b30d6bc37a32d6dd1475b9cc7ba92661c2a41.e3iSbxaKaheRe34Rch0Ra3mLchv0n6jAmljGr5XDqQLvpAe HTTP/1.1" 200 2
172.22.2.4 - - [05/Sep/2023:06:01:26 -0500] "GET /BLA/boletinlegal/ HTTP/1.1" 200 58187
216.244.66.195 - - [05/Sep/2023:06:03:13 -0500] "GET /BLA/resoluciones/RESOLUCIONES%202017/2244.pdf HTTP/1.1" 200 323874
201.245.192.253 - - [05/Sep/2023:06:03:19 -0500] "POST /kwsrmcab/Wsrmcab  HTTP/1.1" 200 43037
216.244.66.195 - - [05/Sep/2023:06:03:42 -0500] "GET /BLA/resoluciones/RESOLUCIONES%202017/2420.pdf HTTP/1.1" 200 251653
201.245.192.253 - - [05/Sep/2023:06:04:05 -0500] "POST /forms/lservlet;jsessionid=ac16012b30d62eda719afc174e28a0dea47e26939047.e3iSbxaKaheRe34Rch0Ra3mLchv0n6jAmljGr5XDqQLvpAe HTTP/1.1" 200 2
216.244.66.195 - - [05/Sep/2023:06:04:11 -0500] "GET /BLA/resoluciones/RESOLUCIONES%202017/2781.pdf HTTP/1.1" 200 314291
216.245.221.92 - - [05/Sep/2023:06:04:39 -0500] "HEAD / HTTP/1.1" 200 -
216.244.66.195 - - [05/Sep/2023:06:04:39 -0500] "GET /BLA/resoluciones/RESOLUCIONES%202017/3121.pdf HTTP/1.1" 200 338790
201.245.192.253 - - [05/Sep/2023:06:04:44 -0500] "POST /forms/lservlet;jsessionid=ac16012b30d6bc37a32d6dd1475b9cc7ba92661c2a41.e3iSbxaKaheRe34Rch0Ra3mLchv0n6jAmljGr5XDqQLvpAe HTTP/1.1" 200 2
216.244.66.195 - - [05/Sep/2023:06:05:05 -0500] "GET /BLA/resoluciones/RESOLUCIONES%202017/3342.pdf HTTP/1.1" 200 418380
216.244.66.195 - - [05/Sep/2023:06:05:31 -0500] "GET /BLA/resoluciones/RESOLUCIONES%202019/0033.pdf HTTP/1.1" 200 253337
66.249.79.101 - - [05/Sep/2023:06:05:35 -0500] "GET /Publicaciones/2023EE174379.pdf HTTP/1.1" 404 228
216.244.66.195 - - [05/Sep/2023:06:05:55 -0500] "GET /BLA/resoluciones/RESOLUCIONES%202019/0041.pdf HTTP/1.1" 200 545192
201.245.192.253 - - [05/Sep/2023:06:06:05 -0500] "POST /forms/lservlet;jsessionid=ac16012b30d62eda719afc174e28a0dea47e26939047.e3iSbxaKaheRe34Rch0Ra3mLchv0n6jAmljGr5XDqQLvpAe HTTP/1.1" 200 2
216.244.66.195 - - [05/Sep/2023:06:06:20 -0500] "GET /BLA/resoluciones/RESOLUCIONES%201996/RESOLUCION%20345%20DE%201996.pdf HTTP/1.1" 200 38476
216.244.66.195 - - [05/Sep/2023:06:06:42 -0500] "GET /BLA/resoluciones/AUTOS%202007/0142.pdf HTTP/1.1" 200 313445
201.245.192.253 - - [05/Sep/2023:06:06:44 -0500] "POST /forms/lservlet;jsessionid=ac16012b30d6bc37a32d6dd1475b9cc7ba92661c2a41.e3iSbxaKaheRe34Rch0Ra3mLchv0n6jAmljGr5XDqQLvpAe HTTP/1.1" 200 2
216.244.66.195 - - [05/Sep/2023:06:07:03 -0500] "GET /BLA/resoluciones/AUTOS%202007/0225.pdf HTTP/1.1" 200 17094
216.244.66.195 - - [05/Sep/2023:06:07:23 -0500] "GET /BLA/resoluciones/AUTOS%202007/0274.pdf HTTP/1.1" 200 455313
216.244.66.195 - - [05/Sep/2023:06:07:42 -0500] "GET /BLA/resoluciones/AUTOS%202007/0376.pdf HTTP/1.1" 200 170644
216.244.66.195 - - [05/Sep/2023:06:08:00 -0500] "GET /BLA/resoluciones/AUTOS%202007/0432.pdf HTTP/1.1" 200 67635
201.245.192.253 - - [05/Sep/2023:06:08:05 -0500] "POST /forms/lservlet;jsessionid=ac16012b30d62eda719afc174e28a0dea47e26939047.e3iSbxaKaheRe34Rch0Ra3mLchv0n6jAmljGr5XDqQLvpAe HTTP/1.1" 200 2
172.22.2.4 - - [05/Sep/2023:06:06:26 -0500] "HEAD /BLA/boletinlegal/ HTTP/1.1" 200 -
216.244.66.195 - - [05/Sep/2023:06:08:17 -0500] "GET /BLA/resoluciones/AUTOS%202007/0460.pdf HTTP/1.1" 200 17454
201.245.192.253 - - [05/Sep/2023:06:08:17 -0500] "POST /kwsrmcab/Wsrmcab  HTTP/1.1" 200 43037
216.244.66.195 - - [05/Sep/2023:06:08:33 -0500] "GET /BLA/resoluciones/AUTOS%202007/0486.pdf HTTP/1.1" 200 34455
66.249.79.100 - - [05/Sep/2023:06:08:34 -0500] "GET /galeria/nivo-slider/demo/images/Rendicion.png HTTP/1.1" 200 262274
