201.245.192.253 - - [05/Sep/2023:11:22:40 -0500] "GET /sipse/faces/javax.faces.resource/layout/layout.js?ln=primefaces&v=4.0 HTTP/1.1" 304 -
201.245.192.253 - - [05/Sep/2023:11:22:40 -0500] "GET /sipse/faces/javax.faces.resource/jquery/jquery-plugins.js?ln=primefaces&v=4.0 HTTP/1.1" 304 -
201.245.192.253 - - [05/Sep/2023:11:22:40 -0500] "GET /sipse/faces/javax.faces.resource/images/ui-icons_898989_256x240.png?ln=primefaces-aristo HTTP/1.1" 304 -
201.245.192.253 - - [05/Sep/2023:11:22:43 -0500] "POST /sipse/faces/autenticacion.xhtml HTTP/1.1" 200 16203
201.245.192.253 - - [05/Sep/2023:11:22:43 -0500] "GET /sipse/faces/javax.faces.resource/theme.css?ln=primefaces-sipse HTTP/1.1" 304 -
201.245.192.253 - - [05/Sep/2023:11:22:43 -0500] "GET /sipse/faces/javax.faces.resource/layout/layout.css?ln=primefaces&v=4.0 HTTP/1.1" 304 -
201.245.192.253 - - [05/Sep/2023:11:22:43 -0500] "GET /sipse/faces/javax.faces.resource/primefaces.css?ln=primefaces&v=4.0 HTTP/1.1" 304 -
201.245.192.253 - - [05/Sep/2023:11:22:43 -0500] "GET /sipse/faces/javax.faces.resource/jquery/jquery.js?ln=primefaces&v=4.0 HTTP/1.1" 304 -
201.245.192.253 - - [05/Sep/2023:11:22:43 -0500] "GET /sipse/faces/javax.faces.resource/jquery/jquery-plugins.js?ln=primefaces&v=4.0 HTTP/1.1" 304 -
201.245.192.253 - - [05/Sep/2023:11:22:43 -0500] "GET /sipse/faces/javax.faces.resource/primefaces.js?ln=primefaces&v=4.0 HTTP/1.1" 304 -
201.245.192.253 - - [05/Sep/2023:11:22:43 -0500] "GET /sipse/faces/javax.faces.resource/layout/layout.js?ln=primefaces&v=4.0 HTTP/1.1" 304 -
201.245.192.253 - - [05/Sep/2023:11:22:43 -0500] "GET /sipse/css/imagen/contrasena.png HTTP/1.1" 404 383
201.245.192.253 - - [05/Sep/2023:11:22:43 -0500] "GET /sipse/faces/javax.faces.resource/messages/messages.png?ln=primefaces&v=4.0 HTTP/1.1" 304 -
172.22.2.4 - - [05/Sep/2023:11:22:45 -0500] "GET /BLA/boletinlegal/actuator/health HTTP/1.1" 404 1018
201.245.192.253 - - [05/Sep/2023:11:22:47 -0500] "POST /sipse/faces/presentacion/financiero/solicitudProceso/consultarHistorialSolProceso.xhtml HTTP/1.1" 200 38045
201.245.192.253 - - [05/Sep/2023:11:22:47 -0500] "GET /sipse/faces/javax.faces.resource/theme.css?ln=primefaces-sipse HTTP/1.1" 304 -
201.245.192.253 - - [05/Sep/2023:11:22:47 -0500] "GET /sipse/faces/javax.faces.resource/primefaces.css?ln=primefaces&v=4.0 HTTP/1.1" 304 -
201.245.192.253 - - [05/Sep/2023:11:22:47 -0500] "GET /sipse/faces/javax.faces.resource/layout/layout.css?ln=primefaces&v=4.0 HTTP/1.1" 304 -
201.245.192.253 - - [05/Sep/2023:11:22:47 -0500] "GET /sipse/faces/javax.faces.resource/jquery/jquery.js?ln=primefaces&v=4.0 HTTP/1.1" 304 -
201.245.192.253 - - [05/Sep/2023:11:22:47 -0500] "GET /sipse/faces/javax.faces.resource/jquery/jquery-plugins.js?ln=primefaces&v=4.0 HTTP/1.1" 304 -
201.245.192.253 - - [05/Sep/2023:11:22:47 -0500] "GET /sipse/css/imagen/contrasena.png HTTP/1.1" 404 383
201.245.192.253 - - [05/Sep/2023:11:22:47 -0500] "GET /sipse/faces/javax.faces.resource/primefaces.js?ln=primefaces&v=4.0 HTTP/1.1" 304 -
201.245.192.253 - - [05/Sep/2023:11:22:47 -0500] "GET /sipse/faces/javax.faces.resource/layout/layout.js?ln=primefaces&v=4.0 HTTP/1.1" 304 -
201.245.192.253 - - [05/Sep/2023:11:22:47 -0500] "GET /sipse/faces/javax.faces.resource/images/ui-icons_898989_256x240.png?ln=primefaces-aristo HTTP/1.1" 304 -
201.245.192.253 - - [05/Sep/2023:11:22:47 -0500] "GET /sipse/faces/javax.faces.resource/images/ui-bg_flat_0_2d5972_40x100.png?ln=primefaces-aristo HTTP/1.1" 304 -
201.245.192.253 - - [05/Sep/2023:11:22:47 -0500] "POST /sipse/faces/presentacion/financiero/solicitudProceso/listarSolicitudProceso.xhtml HTTP/1.1" 200 1400
201.245.192.253 - - [05/Sep/2023:11:22:48 -0500] "POST /forms/lservlet;jsessionid=ac16012b30d6bc37a32d6dd1475b9cc7ba92661c2a41.e3iSbxaKaheRe34Rch0Ra3mLchv0n6jAmljGr5XDqQLvpAe HTTP/1.1" 200 2
201.245.192.253 - - [05/Sep/2023:11:22:51 -0500] "POST /sipse/faces/presentacion/financiero/solicitudProceso/listarSolicitudProceso.xhtml HTTP/1.1" 200 44505
201.245.192.253 - - [05/Sep/2023:11:22:52 -0500] "POST /sipse/faces/presentacion/financiero/solicitudProceso/listarSolicitudProceso.xhtml HTTP/1.1" 200 44226
201.245.192.253 - - [05/Sep/2023:11:22:53 -0500] "POST /sipse/faces/presentacion/financiero/solicitudProceso/listarSolicitudProceso.xhtml HTTP/1.1" 200 29494
216.244.66.195 - - [05/Sep/2023:11:22:54 -0500] "GET /BLA/resoluciones/AUTOS%202010/2302.pdf HTTP/1.1" 200 367141
201.245.192.253 - - [05/Sep/2023:11:22:55 -0500] "POST /sipse/faces/presentacion/financiero/solicitudProceso/listarSolicitudProceso.xhtml HTTP/1.1" 200 17572
172.22.2.4 - - [05/Sep/2023:11:21:29 -0500] "HEAD /BLA/boletinlegal/ HTTP/1.1" 200 -
201.245.192.253 - - [05/Sep/2023:11:23:19 -0500] "GET /sipse/faces/javax.faces.resource/images/ui-bg_flat_0_2d5972_40x100.png?ln=primefaces-aristo HTTP/1.1" 304 -
201.245.192.253 - - [05/Sep/2023:11:23:19 -0500] "POST /sipse/faces/bienvenido.xhtml HTTP/1.1" 200 1471
216.244.66.195 - - [05/Sep/2023:11:23:20 -0500] "GET /BLA/resoluciones/AUTOS%202010/2467.pdf HTTP/1.1" 200 220939
201.245.192.253 - - [05/Sep/2023:11:23:20 -0500] "POST /sipse/faces/bienvenido.xhtml HTTP/1.1" 200 40349
201.245.192.253 - - [05/Sep/2023:11:23:20 -0500] "GET /sipse/faces/javax.faces.resource/theme.css?ln=primefaces-sipse HTTP/1.1" 304 -
201.245.192.253 - - [05/Sep/2023:11:23:20 -0500] "GET /sipse/faces/javax.faces.resource/primefaces.css?ln=primefaces&v=4.0 HTTP/1.1" 304 -
201.245.192.253 - - [05/Sep/2023:11:23:20 -0500] "GET /sipse/faces/javax.faces.resource/layout/layout.css?ln=primefaces&v=4.0 HTTP/1.1" 304 -
201.245.192.253 - - [05/Sep/2023:11:23:20 -0500] "GET /sipse/faces/javax.faces.resource/jquery/jquery.js?ln=primefaces&v=4.0 HTTP/1.1" 304 -
201.245.192.253 - - [05/Sep/2023:11:23:20 -0500] "GET /sipse/faces/javax.faces.resource/jquery/jquery-plugins.js?ln=primefaces&v=4.0 HTTP/1.1" 304 -
201.245.192.253 - - [05/Sep/2023:11:23:20 -0500] "GET /sipse/faces/javax.faces.resource/primefaces.js?ln=primefaces&v=4.0 HTTP/1.1" 304 -
201.245.192.253 - - [05/Sep/2023:11:23:20 -0500] "GET /sipse/faces/javax.faces.resource/layout/layout.js?ln=primefaces&v=4.0 HTTP/1.1" 304 -
201.245.192.253 - - [05/Sep/2023:11:23:20 -0500] "POST /sipse/faces/presentacion/financiero/solicitudProceso/listarSolicitudProceso.xhtml HTTP/1.1" 200 1436
201.245.192.253 - - [05/Sep/2023:11:23:30 -0500] "POST /sipse/faces/presentacion/financiero/solicitudProceso/listarSolicitudProceso.xhtml HTTP/1.1" 200 118173
201.245.192.253 - - [05/Sep/2023:11:23:30 -0500] "GET /sipse/faces/javax.faces.resource/theme.css?ln=primefaces-sipse HTTP/1.1" 304 -
201.245.192.253 - - [05/Sep/2023:11:23:30 -0500] "GET /sipse/faces/javax.faces.resource/layout/layout.css?ln=primefaces&v=4.0 HTTP/1.1" 304 -
201.245.192.253 - - [05/Sep/2023:11:23:30 -0500] "GET /sipse/faces/javax.faces.resource/primefaces.css?ln=primefaces&v=4.0 HTTP/1.1" 304 -
201.245.192.253 - - [05/Sep/2023:11:23:30 -0500] "GET /sipse/faces/javax.faces.resource/jquery/jquery.js?ln=primefaces&v=4.0 HTTP/1.1" 304 -
201.245.192.253 - - [05/Sep/2023:11:23:30 -0500] "GET /sipse/faces/javax.faces.resource/jquery/jquery-plugins.js?ln=primefaces&v=4.0 HTTP/1.1" 304 -
201.245.192.253 - - [05/Sep/2023:11:23:30 -0500] "GET /sipse/faces/javax.faces.resource/primefaces.js?ln=primefaces&v=4.0 HTTP/1.1" 304 -
201.245.192.253 - - [05/Sep/2023:11:23:30 -0500] "GET /sipse/faces/javax.faces.resource/layout/layout.js?ln=primefaces&v=4.0 HTTP/1.1" 304 -
190.26.199.250 - - [05/Sep/2023:11:23:31 -0500] "-" 408 -
190.26.199.250 - - [05/Sep/2023:11:23:34 -0500] "-" 408 -
201.245.192.253 - - [05/Sep/2023:11:23:38 -0500] "POST /sipse/faces/presentacion/financiero/solicitudProceso/consultarSolicitudProceso.xhtml HTTP/1.1" 200 47020
216.244.66.195 - - [05/Sep/2023:11:23:46 -0500] "GET /BLA/resoluciones/AUTOS%202010/2557.pdf HTTP/1.1" 200 142297
201.245.166.34 - - [05/Sep/2023:11:23:09 -0500] "GET /Publicaciones/SSFFS-09117-2023.zip HTTP/1.1" 200 14231890
172.22.2.4 - - [05/Sep/2023:11:22:20 -0500] "GET /BLA/boletinlegal/ HTTP/1.1" 200 57790
201.245.192.253 - - [05/Sep/2023:11:24:07 -0500] "POST /forms/lservlet;jsessionid=ac16012b30d62eda719afc174e28a0dea47e26939047.e3iSbxaKaheRe34Rch0Ra3mLchv0n6jAmljGr5XDqQLvpAe HTTP/1.1" 200 2
216.244.66.195 - - [05/Sep/2023:11:24:09 -0500] "GET /BLA/resoluciones/AUTOS%202010/3075.pdf HTTP/1.1" 200 2221189
200.118.80.75 - - [05/Sep/2023:11:24:14 -0500] "GET /%C3%82%C2%A1este-22-de-septiembre-vuelve-el-dia-sin-carro-y-sin-moto-a-bogota.html HTTP/1.1" 200 920
216.245.221.92 - - [05/Sep/2023:11:24:38 -0500] "HEAD / HTTP/1.1" 200 -
216.244.66.195 - - [05/Sep/2023:11:24:45 -0500] "GET /BLA/resoluciones/AUTOS%202010/3719.pdf HTTP/1.1" 200 249455
201.245.192.253 - - [05/Sep/2023:11:24:48 -0500] "POST /forms/lservlet;jsessionid=ac16012b30d6bc37a32d6dd1475b9cc7ba92661c2a41.e3iSbxaKaheRe34Rch0Ra3mLchv0n6jAmljGr5XDqQLvpAe HTTP/1.1" 200 2
186.102.104.233 - - [05/Sep/2023:11:25:06 -0500] "GET /kwssiamovil/sm/acme/s?s=U2FsdGVkX18DPSXWabezBbg337FtnzEkydpp8f09as22BwTStS216oMp6ga6E5TAScaecr57QC+1SNB3ceSO8J1gT+Pdqw/YjXFtuEtrnZTH1KdWZ+rcvoytYwLpgsOLeZsaFtS3BlwpzdzF1hnNoeTzfhHGGBx2tgqQlkfR1Q73g0ftKJCNSGOBwTP/KfYLd8QYLLnQo0xGsQ4DPp/HUPN/nWE6rDnILkvRFn9rs07hbwjFcl6TXw9+PO24lHeo/C6s2m/OZdyfPerabMerpKQnVRlhIPkEIE3Bv6RheswFt6uTQUJxyoBeVNsLLhyF4GHhQJJKTvlo8qEqktmz5VsrWya6KFQbX5cQUY/k7e5uvEx88xHFTzvJ5yVClV5q&u=U2FsdGVkX18hKBkadkvpVs/m/XXAnCsFUMhRpI9XE7E=&y=U2FsdGVkX1+N3arqc48L/xIoMvKadBEVINalsYWnYzM= HTTP/1.1" 200 91
186.102.104.233 - - [05/Sep/2023:11:25:06 -0500] "GET /kwssiamovil/sm/acme/s?s=U2FsdGVkX19rSFRCyoWn6ScW6UvITV3UIXTRwt+OCSwS4u3Ne8Fnh02wGt/ySD8qdggVl6U9CdZV7wIsTWKyUsDvMFuUdeyI3YivGYqnj46aS+Wd6AQn5IMHtRtfk6UoKq8ZhVycRp5AO8EKtlJUnQ2iCUA3MrhuBOIKfEvjK2zSTPkAvNMGAurLs+EHuoFk7H8CSUVFXztJSoPzn2VKGfQIMWtLsG+IEkPzoa1Z9LDixWzS3mr2HA/IPJUWCttk5veOnwKgZQKB7Dl74tPJxVrVdRJAJTGuJz9gdCzjhJV2JL5yR0+emViDxdwWMv/OZjclQpnr8NRiLklj0PRxIc3OUOCTxoZ2kWmcCBCZaWS6TK1NgGm660uN5v3SWL1/4UhlD2OYjFOLib1Gos1pMK0JXpsvLCQLX+pDskaSJLrvcFf5FYAPEBuPPefCYG2ksHxhOu56R7hbPzJ3GpcsyQ==&u=U2FsdGVkX18hKBkadkvpVs/m/XXAnCsFUMhRpI9XE7E=&y=U2FsdGVkX1+N3arqc48L/xIoMvKadBEVINalsYWnYzM= HTTP/1.1" 200 91
186.102.104.233 - - [05/Sep/2023:11:25:06 -0500] "OPTIONS /kwssiamovil/sm/setfile/f? HTTP/1.1" 200 13
186.102.104.233 - - [05/Sep/2023:11:25:06 -0500] "POST /kwssiamovil/sm/setfile/f? HTTP/1.1" 200 381
172.22.2.4 - - [05/Sep/2023:11:25:09 -0500] "GET /BLA/boletinlegal/style.css HTTP/1.1" 200 9406
172.22.2.4 - - [05/Sep/2023:11:25:09 -0500] "GET /BLA/boletinlegal/styles2.css HTTP/1.1" 200 1838
172.22.2.4 - - [05/Sep/2023:11:25:09 -0500] "GET /BLA/boletinlegal/js/jquery.scrollTo-min.js HTTP/1.1" 200 1150
172.22.2.4 - - [05/Sep/2023:11:25:09 -0500] "GET /BLA/boletinlegal/js/jquery.js HTTP/1.1" 200 57254
172.22.2.4 - - [05/Sep/2023:11:25:09 -0500] "GET /BLA/boletinlegal/js/jquery.scrollShow.js HTTP/1.1" 200 4586
172.22.2.4 - - [05/Sep/2023:11:25:09 -0500] "GET /BLA/boletinlegal/images/cabezote%20BLEGAL.jpg HTTP/1.1" 200 118164
172.22.2.4 - - [05/Sep/2023:11:25:09 -0500] "GET /BLA/boletinlegal/images/subscribe-icon-big.png HTTP/1.1" 200 47702
172.22.2.4 - - [05/Sep/2023:11:25:09 -0500] "GET /BLA/boletinlegal/images/historia.png HTTP/1.1" 200 52775
172.22.2.4 - - [05/Sep/2023:11:25:09 -0500] "GET /BLA/boletinlegal/images/registro-usuarios.png HTTP/1.1" 200 8106
172.22.2.4 - - [05/Sep/2023:11:25:09 -0500] "GET /BLA/boletinlegal/images/arr_l.jpg HTTP/1.1" 200 1979
172.22.2.4 - - [05/Sep/2023:11:25:09 -0500] "GET /BLA/boletinlegal/images/launch.jpg HTTP/1.1" 200 14577
172.22.2.4 - - [05/Sep/2023:11:25:09 -0500] "GET /BLA/boletinlegal/images/screen_1.png HTTP/1.1" 200 202547
186.102.104.233 - - [05/Sep/2023:11:25:10 -0500] "OPTIONS /kwssiamovil/sm/setfile/f? HTTP/1.1" 200 13
172.22.2.4 - - [05/Sep/2023:11:25:11 -0500] "GET /BLA/boletinlegal/images/menu_lft.gif HTTP/1.1" 200 1713
172.22.2.4 - - [05/Sep/2023:11:25:11 -0500] "GET /BLA/boletinlegal/images/body_bg.jpg HTTP/1.1" 200 1601
172.22.2.4 - - [05/Sep/2023:11:25:11 -0500] "GET /BLA/boletinlegal/images/menu_rght.gif HTTP/1.1" 200 1627
172.22.2.4 - - [05/Sep/2023:11:25:11 -0500] "GET /BLA/boletinlegal/images/bg_top.jpg HTTP/1.1" 200 522
172.22.2.4 - - [05/Sep/2023:11:25:11 -0500] "GET /BLA/boletinlegal/images/menu_bg.jpg HTTP/1.1" 200 620
172.22.2.4 - - [05/Sep/2023:11:25:11 -0500] "GET /BLA/boletinlegal/images/hover.jpg HTTP/1.1" 200 640
172.22.2.4 - - [05/Sep/2023:11:25:11 -0500] "GET /BLA/boletinlegal/images/text.jpg HTTP/1.1" 200 568
186.102.104.233 - - [05/Sep/2023:11:25:10 -0500] "POST /kwssiamovil/sm/setfile/f? HTTP/1.1" 200 381
186.102.104.233 - - [05/Sep/2023:11:25:13 -0500] "OPTIONS /kwssiamovil/sm/setfile/f? HTTP/1.1" 200 13
216.244.66.195 - - [05/Sep/2023:11:25:15 -0500] "GET /BLA/resoluciones/AUTOS%202010/4010.pdf HTTP/1.1" 200 3552603
172.22.2.4 - - [05/Sep/2023:11:25:16 -0500] "GET /BLA/boletinlegal/images/screen_2.png HTTP/1.1" 200 362502
172.22.2.4 - - [05/Sep/2023:11:25:16 -0500] "GET /BLA/boletinlegal/images/screen_3.png HTTP/1.1" 200 210620
172.22.2.4 - - [05/Sep/2023:11:25:16 -0500] "GET /BLA/boletinlegal/images/arr_r.jpg HTTP/1.1" 200 1998
172.22.2.4 - - [05/Sep/2023:11:25:16 -0500] "GET /BLA/boletinlegal/images/screen_5.png HTTP/1.1" 200 368876
172.22.2.4 - - [05/Sep/2023:11:25:16 -0500] "GET /BLA/boletinlegal/images/footer_bg.jpg HTTP/1.1" 200 586
186.102.104.233 - - [05/Sep/2023:11:25:13 -0500] "POST /kwssiamovil/sm/setfile/f? HTTP/1.1" 200 381
172.22.2.4 - - [05/Sep/2023:11:25:17 -0500] "GET /BLA/boletinlegal/documentos-importantes.php HTTP/1.1" 200 4829
172.22.2.4 - - [05/Sep/2023:11:25:17 -0500] "GET /BLA/boletinlegal/ajax.js HTTP/1.1" 200 577
172.22.2.4 - - [05/Sep/2023:11:25:18 -0500] "GET /BLA/boletinlegal/js/ajax_documentos.js HTTP/1.1" 200 1155
172.22.2.4 - - [05/Sep/2023:11:25:18 -0500] "GET /BLA/boletinlegal/niceforms.js HTTP/1.1" 200 22876
172.22.2.4 - - [05/Sep/2023:11:25:18 -0500] "GET /BLA/boletinlegal/niceforms-default.css HTTP/1.1" 200 6694
172.22.2.4 - - [05/Sep/2023:11:25:18 -0500] "GET /BLA/boletinlegal/images/nuevo.gif HTTP/1.1" 200 26475
172.22.2.4 - - [05/Sep/2023:11:25:18 -0500] "GET /BLA/boletinlegal/images/footer_bg_l.jpg HTTP/1.1" 200 776
172.22.2.4 - - [05/Sep/2023:11:25:18 -0500] "GET /BLA/boletinlegal/img/0.png HTTP/1.1" 200 110
172.22.2.4 - - [05/Sep/2023:11:25:18 -0500] "GET /BLA/boletinlegal/img/textarea-tr.png HTTP/1.1" 200 488
172.22.2.4 - - [05/Sep/2023:11:25:18 -0500] "GET /BLA/boletinlegal/img/textarea-l-off.png HTTP/1.1" 200 168
172.22.2.4 - - [05/Sep/2023:11:25:18 -0500] "GET /BLA/boletinlegal/img/textarea-tl.png HTTP/1.1" 200 269
172.22.2.4 - - [05/Sep/2023:11:25:18 -0500] "GET /BLA/boletinlegal/img/textarea-r-off.png HTTP/1.1" 200 266
172.22.2.4 - - [05/Sep/2023:11:25:18 -0500] "GET /BLA/boletinlegal/img/button.png HTTP/1.1" 200 43241
172.22.2.4 - - [05/Sep/2023:11:25:18 -0500] "GET /BLA/boletinlegal/img/button-right.png HTTP/1.1" 200 57878
172.22.2.4 - - [05/Sep/2023:11:25:18 -0500] "GET /BLA/boletinlegal/img/button-left.png HTTP/1.1" 200 57071
172.22.2.4 - - [05/Sep/2023:11:25:18 -0500] "GET /BLA/boletinlegal/img/textarea-bl.png HTTP/1.1" 200 265
172.22.2.4 - - [05/Sep/2023:11:25:18 -0500] "GET /BLA/boletinlegal/favicon.ico HTTP/1.1" 404 1360
172.22.2.4 - - [05/Sep/2023:11:25:18 -0500] "GET /BLA/boletinlegal/img/textarea-br.png HTTP/1.1" 200 488
186.102.104.233 - - [05/Sep/2023:11:25:18 -0500] "OPTIONS /kwssiamovil/sm/setfile/f? HTTP/1.1" 200 13
172.22.2.4 - - [05/Sep/2023:11:25:20 -0500] "GET /BLA/boletinlegal/norma_menu.php HTTP/1.1" 200 6328
172.22.2.4 - - [05/Sep/2023:11:25:20 -0500] "GET /BLA/boletinlegal/js/ajax.js HTTP/1.1" 200 772
172.22.2.4 - - [05/Sep/2023:11:25:20 -0500] "GET /BLA/boletinlegal/js/popup.js HTTP/1.1" 200 1270
172.22.2.4 - - [05/Sep/2023:11:25:20 -0500] "GET /BLA/boletinlegal/js/lib.js HTTP/1.1" 200 6474
172.22.2.4 - - [05/Sep/2023:11:25:20 -0500] "GET /BLA/boletinlegal/js/jquery1.js HTTP/1.1" 200 29846
172.22.2.4 - - [05/Sep/2023:11:25:20 -0500] "GET /BLA/boletinlegal/swfobject.js HTTP/1.1" 200 9763
172.22.2.4 - - [05/Sep/2023:11:25:20 -0500] "GET /BLA/boletinlegal/images/signo-mas.gif HTTP/1.1" 200 13689
172.22.2.4 - - [05/Sep/2023:11:25:20 -0500] "GET /BLA/boletinlegal/images/img_3.jpg HTTP/1.1" 200 1841
172.22.2.4 - - [05/Sep/2023:11:25:20 -0500] "GET /BLA/boletinlegal/images/icono-email.png HTTP/1.1" 200 5544
172.22.2.4 - - [05/Sep/2023:11:25:20 -0500] "GET /BLA/boletinlegal/images/tel.png HTTP/1.1" 200 14477
172.22.2.4 - - [05/Sep/2023:11:25:20 -0500] "GET /BLA/boletinlegal/images/signo-menos.gif HTTP/1.1" 200 13454
186.102.104.233 - - [05/Sep/2023:11:25:18 -0500] "POST /kwssiamovil/sm/setfile/f? HTTP/1.1" 200 381
201.245.192.253 - - [05/Sep/2023:11:25:21 -0500] "POST /sipse/faces/presentacion/financiero/solicitudProceso/consultarSolicitudProceso.xhtml HTTP/1.1" 200 170957
186.102.104.233 - - [05/Sep/2023:11:25:22 -0500] "OPTIONS /kwssiamovil/sm/setfile/f? HTTP/1.1" 200 13
172.22.2.4 - - [05/Sep/2023:11:25:24 -0500] "GET /BLA/boletinlegal/consulta.php?ordenar=mas HTTP/1.1" 200 251375
172.22.2.4 - - [05/Sep/2023:11:25:24 -0500] "GET /BLA/boletinlegal/images/docs.png HTTP/1.1" 200 10288
172.22.2.4 - - [05/Sep/2023:11:25:24 -0500] "GET /BLA/boletinlegal/images/background.gif HTTP/1.1" 200 -
172.22.2.4 - - [05/Sep/2023:11:25:24 -0500] "GET /BLA/boletinlegal/images/pdf.gif HTTP/1.1" 200 567
186.102.104.233 - - [05/Sep/2023:11:25:22 -0500] "POST /kwssiamovil/sm/setfile/f? HTTP/1.1" 200 381
186.102.104.233 - - [05/Sep/2023:11:25:27 -0500] "OPTIONS /kwssiamovil/sm/setfile/f? HTTP/1.1" 200 13
186.102.104.233 - - [05/Sep/2023:11:25:27 -0500] "POST /kwssiamovil/sm/setfile/f? HTTP/1.1" 200 381
186.102.104.233 - - [05/Sep/2023:11:25:27 -0500] "GET /kwssiamovil/sm/acme/s?s=U2FsdGVkX18Qkz+87V8JmvOXyUK/15d2Gudro6gdbNQHveDUKP556FTzfYfG1NyVS7EbZFaRDUnSHdhkA3H2KffhncizQ5NYdBT81dU1ZuMFVXU1IpVbt0eRZGSik8PyuEzb4uUPWGxpaXvY6UDXnXi6wMk6XblmQH/umBAkC5BzMGuco7e5nDFFxjtiPuP4gLi4QIGgJLmeW/XwxD9D8E7DUP0pG8/2wRH2ALO2Kfa47uSt6BtSU0INluJjLAVSesAGVknzgsDoBzbpQ7OWfsribs0l+W1CNBptRPxrXVPwYmtURfDiUkuFmzfM3zmeEnt5wTLdFgTWHCzIEV8a5WvyZ78OE0kJrjd2W1mSTkatDm/a646GInvr9/c7jkcR&u=U2FsdGVkX18hKBkadkvpVs/m/XXAnCsFUMhRpI9XE7E=&y=U2FsdGVkX1+N3arqc48L/xIoMvKadBEVINalsYWnYzM= HTTP/1.1" 200 91
186.102.104.233 - - [05/Sep/2023:11:25:29 -0500] "GET /kwssiamovil/sm/acme/s?s=U2FsdGVkX18FpQaKDu10FWgebQG/11yzn+c7J89vPF55qxtitQS0t/SkIPLsZBTMj2Bw3et309q6rrab+gi3nfLPVy5owRPyogrJNoao03346w4rydu7uXytQjTy+FLkCgYHwAtgsgm1pSncuu877p+AGET0mN8ipPs4CqD0+VeknKbRfTkAAHmXMjJ5j0vCXBSrT9hBHAg/jQgFQTKXKuf0UAwN2IonHepmF+KhdcPjZRZTHpmD7BdQGpgPASITWQ9z5vn6FwXbn2m4Eih3CGzHvCl9cpj6DQ8VxgV3uiEX7lC0VRAcSTBOMtFo4jgqcI9CrUmBBFBUP2vO5VWEGHdf3GaeD572kKiNdQq6hLnv5U+HJIy6xlqrnHaCWE544ZelFchWJi4+sYTiA1VPRtJ8AABDUllhalNEggLKJojOrZ756c33QD3tUWzSGC0FZKwi05HUfWRYg5godJMNNg==&u=U2FsdGVkX18hKBkadkvpVs/m/XXAnCsFUMhRpI9XE7E=&y=U2FsdGVkX1+N3arqc48L/xIoMvKadBEVINalsYWnYzM= HTTP/1.1" 200 91
201.245.192.253 - - [05/Sep/2023:11:25:32 -0500] "POST /sipse/faces/presentacion/financiero/solicitudProceso/consultarSolicitudProceso.xhtml HTTP/1.1" 200 47020
201.245.192.253 - - [05/Sep/2023:11:25:35 -0500] "POST /sipse/faces/presentacion/financiero/solicitudProceso/consultarSolicitudProceso.xhtml HTTP/1.1" 200 278302
201.245.192.253 - - [05/Sep/2023:11:25:38 -0500] "POST /sipse/faces/presentacion/financiero/solicitudProceso/consultarSolicitudProceso.xhtml HTTP/1.1" 200 981553
201.245.192.253 - - [05/Sep/2023:11:25:43 -0500] "POST /sipse/faces/presentacion/financiero/solicitudProceso/consultarSolicitudProceso.xhtml HTTP/1.1" 200 79334
201.245.192.253 - - [05/Sep/2023:11:25:46 -0500] "POST /sipse/faces/presentacion/financiero/solicitudProceso/consultarSolicitudProceso.xhtml HTTP/1.1" 200 3242891
216.244.66.195 - - [05/Sep/2023:11:25:48 -0500] "GET /BLA/resoluciones/AUTOS%202010/4374.pdf HTTP/1.1" 200 303097
201.245.192.253 - - [05/Sep/2023:11:26:07 -0500] "POST /forms/lservlet;jsessionid=ac16012b30d62eda719afc174e28a0dea47e26939047.e3iSbxaKaheRe34Rch0Ra3mLchv0n6jAmljGr5XDqQLvpAe HTTP/1.1" 200 2
186.102.104.233 - - [05/Sep/2023:11:26:15 -0500] "GET /kwssiamovil/sm/acme/a?s=U2FsdGVkX1/oLPy7WkcHNvKYU+Hed5LwD9JskL0Fl8JY6pI20rYsm34a2QT2GlsLc57eSVT8xENaj1SvPAn6MpkuB8jXzMWe5lZdfebIY+vTtSGQRX9126DyPsW9ZwDspE3rvBJNu71FFo1MIs/CfvVLUH/ZoIAJ6pr4Q/wM7zp8xbLaFgHth2qwJqGA7wM72IFrc0DXCsALvDfscMrOdzUaF9463obutXaPEIxra8k//M/QdDL3WUY1BRXOLVogrF5Jee+u2drOB8yu0Gz/nQ==&u=U2FsdGVkX18hKBkadkvpVs/m/XXAnCsFUMhRpI9XE7E=&y=U2FsdGVkX1+N3arqc48L/xIoMvKadBEVINalsYWnYzM= HTTP/1.1" 200 26
186.102.104.233 - - [05/Sep/2023:11:26:16 -0500] "GET /kwssiamovil/sm/acme/u?s=U2FsdGVkX1/6xvbNZ2GI/FGeqMHN2fxctnlRknGJrLQVOlIn99vD0zuhkGRfbwktDqen0Uct7dx5i11KRdtU9rSruHyC4qHIZmwoLRUOOQQaCRX10nSVzNtjEdp81vEpxXEZ73SQazTIoMoiV8Ug8A==&u=U2FsdGVkX18hKBkadkvpVs/m/XXAnCsFUMhRpI9XE7E=&y=U2FsdGVkX1+N3arqc48L/xIoMvKadBEVINalsYWnYzM= HTTP/1.1" 200 60
186.102.104.233 - - [05/Sep/2023:11:26:16 -0500] "GET /kwssiamovil/sm/acme/a?s=U2FsdGVkX1/PNPagJs/EFRnPz7SiJKyr/HiZljjZcwbI4xVjXkAbuDzH/4TzoxiUTFwz5uFOcfzAzXSDg74bL9w3kveqCHEwvgdbWYsuRoZFUpjg6rbXVQlorxtWeBeNRv3R8I+L31tsVeQ5UFRZrmcZMT4bYIekiriFk/QWZyq4kN6CdL/8m0nu+InfyTwoxyqDmtYReaAJHMMPUWbso4F4Dr7qvNMrX+tVz2NyrXZS9wD19ZrcagfvDzhfaJTd&u=U2FsdGVkX18hKBkadkvpVs/m/XXAnCsFUMhRpI9XE7E=&y=U2FsdGVkX1+N3arqc48L/xIoMvKadBEVINalsYWnYzM= HTTP/1.1" 200 25
186.102.104.233 - - [05/Sep/2023:11:26:16 -0500] "GET /kwssiamovil/sm/acme/a?s=U2FsdGVkX1+yIoYZ62lukrNqgjy7/NFC5BvALaklbI2X8ge2edQbAQxuqAcRAEqYZsZTnT5FQQoyAHZsr6GaYPPpYlypxEDWe1SKI4njWaGGfkAojZelUJ1yEPLfkPohKICGNTjsffvoIU2Qbp6rN5h3xiCCNH9xpnI4/n2HwVcDL4hfxqNBpV4dLoumhA082bTnhgbv5SWO2DpigReNuGF9RMAoBzOW3+mpox2CDsY=&u=U2FsdGVkX18hKBkadkvpVs/m/XXAnCsFUMhRpI9XE7E=&y=U2FsdGVkX1+N3arqc48L/xIoMvKadBEVINalsYWnYzM= HTTP/1.1" 200 25
186.102.104.233 - - [05/Sep/2023:11:26:16 -0500] "GET /kwssiamovil/sm/acme/a?s=U2FsdGVkX183w9o2CZzOcGfg4Jn0J6LesKw/GQAVB74AbcaAdll7gNRBIDkTKh7jwTEkjEYcDwiFCyhjl/GKfHspfs/EJaXWhjdZbka8jV0LRY4w+CBdvytQRMP+bIUutWpWENdQoEEmV3EugmurTECGIWe01bb3vYN1goNXO5nG3YKpvLtkmxZcNl9HC3TiGadIHds9bA07J9Dkc/nzI/vpiGqgEyGa7D1ASw9mpIc=&u=U2FsdGVkX18hKBkadkvpVs/m/XXAnCsFUMhRpI9XE7E=&y=U2FsdGVkX1+N3arqc48L/xIoMvKadBEVINalsYWnYzM= HTTP/1.1" 200 26
186.102.104.233 - - [05/Sep/2023:11:26:17 -0500] "GET /kwssiamovil/sm/acme/u?s=U2FsdGVkX1+XygSueSS133OyGg2um/GebT/2SAdeNnp32trnNfp2CB1ZLzRDSUM/n8GeXqSFLqtv+wmW2DMycPNROqh9sIUBF7u8MfWijoJPUxOWo4VKH3fZkYYTpdnDlXVmFjsMAYWR4+auFTUdWvBrt1JKbg7dmepcccB5aMCZJnv2kM3ypsp5mL8uo8altMiy50PnllMMihCelZImX8vN5fFGi6/5UlS+dHo3kqxjtYzRqEGypSHlnTEElXQbpTbsoMTHfrpi+cy22Da32TlKeffZKet1uMADyCQQR4bHMJQyi5LRqZFtsuK751pANRE4DTAkjF106HHtevYiZOgm4AoXZ/HTdj6ey5Hpo2XiUOkLTbTUguUKIebz0v+WG5npvnfNWNnNA5PWReze5s7Ji+JnsFACKnlcO05pqOf2L7uW9Jmrazj8cJmqUAwOcRj9NGdvgjSbNK8NTZ4bV87+aP9q06WzXo2hD0Ak8nmlWUNJYVDzU2HKBZHFiQCuTrf5APl95ODjHW8QKhye+brr6R7rdlR3oacDIcaw6ZN2AEhbIDHzPkq2QEw4khjJT0m0l/OYbhtQKgcxAqvM5HWTItHCAO5N1+ODvMZjPHTINF+OD5ZiASKrJeT8o3GpEk92Rm3YTflH560DHxcUcHhYVY895cqUI1U4PxegZAEgsuhYSsrL493dOvI4l+aWK6ZoV3wLXtLpo5rWQUGSkrCwB8sWKuwFXbHcflsCtJEZMP+a7gYmpR5aB1ZfYu0Xl5QmE96oFx+kKN7cdn6HowCujg6lvUb+/EhFw7SCX1/zpR/DRF2mO9FlAVXwynPO58YxPk0GtxKBRLuDw8QiXeE30hIVZBcoHC8ka2aqcHU8uxMkh9P1hBZKL29Lg/0Zfmpi+Nj+I1eonARlF9eLkwGDma/WB8FUWhSdLl1EBwnozPFdDvhcinR/0GvOCs0iER/OEN6cr5oRmdGE8XQku+A0QUP5r75PD3UAVzVlZzJ/S2G0bOBW2K2xZfqxTkQXDLU8BtK73rSuWArTbgc2KVOy0kHdiL3HTbLm1GxL46OhBFBitBwV6q39/taAOyJPQ2mmqUy8Ngw1DtTjnNBonuCudbrz8sak8O4iQhGVBXWBlbPrrj98cLPT7U48as/NyCdJh0SDt8UEXkziJCD/1Z5LU9MDujZn8HXVddGecmW0LoldbYa39d8XEkg4Uo0zCZtd5BrWbMf9FOuBnO0aQ6TWGr60U9poaYw0YjjUeZUEY7IbFSFVxeXYp6sxAxHdYeGbS1q2KffeQ1fZNxUgjKeMXqydmmCBuzYPZZRPcjPWllAFwNapO9rN8zq+b9Voo9u6XE+GE75FPk9Ft2p9F/7Zpy9sWddB1OlZKnuO+mFPn8VvFbcumU+ytX8uetnjx4U9Tc83xoo9VXZpltFYTfe0rpM+yfECSjmfeZneqdQ0uQnHmRKEMNMlJeUzsuDxns6sD8jK5V9bn47tBl8cxN0nnb6mEG4CkUtoiDKOhdtin4fDsMd1goKAAcaivqqQYqNijEPxh3VjfHq2NgdOajXGkC9YR28t/iSJwFi6pgA=&u=U2FsdGVkX18hKBkadkvpVs/m/XXAnCsFUMhRpI9XE7E=&y=U2FsdGVkX1+N3arqc48L/xIoMvKadBEVINalsYWnYzM= HTTP/1.1" 200 60
186.102.104.233 - - [05/Sep/2023:11:26:17 -0500] "GET /kwssiamovil/sm/acme/a?s=U2FsdGVkX192ChiPxS5dRrhCSfKK9XT6TVzZtKx0fmwKsSkzQEtGP0oMGqx0nUInvA51tyFwv+B4xoIBG+pZCMs4uYgaVifzGPMvC9Djg7kofnlrrlTPD8bcY3Mj/de2NaEBGluEymgB8zo2cRcggjNmZehL3awp10gjkj4fNI+wupmLqujwDGm3GgC/+j+ELathfsdNsTCZDzYnlqqp1cr7ALdmcSxJq83/2pIuWXQ=&u=U2FsdGVkX18hKBkadkvpVs/m/XXAnCsFUMhRpI9XE7E=&y=U2FsdGVkX1+N3arqc48L/xIoMvKadBEVINalsYWnYzM= HTTP/1.1" 200 25
186.102.104.233 - - [05/Sep/2023:11:26:17 -0500] "GET /kwssiamovil/sm/acme/a?s=U2FsdGVkX1/jLBsj1jusAzO8J3Vw3LbSBX+KcPv6cYyfHB6cIy9LsPC0jrep8toDNl4PvnSHIFDPY+CHsRkG5MM1NYTdYvgr2bdIOdUDIVgRTK4trR8g3yJL8gir9InREWmi483F0ZbWYJGG1MmvftN1X+FjVODC7XnpQX/0dlQ=&u=U2FsdGVkX18hKBkadkvpVs/m/XXAnCsFUMhRpI9XE7E=&y=U2FsdGVkX1+N3arqc48L/xIoMvKadBEVINalsYWnYzM= HTTP/1.1" 200 26
186.102.104.233 - - [05/Sep/2023:11:26:17 -0500] "GET /kwssiamovil/sm/acme/a?s=U2FsdGVkX18T1tIh2EPPD+gRxJ5jFeLNNePlObRQyRLuCt937lweA1uAPAra+JeLVErqohOSTmKSoQCBl4C25HEKSeNlFifWcEov0hhnHaGxBqIA5qWCk+U9unJ0UPwTIDj1WSOV9tlQEvAzO4oaPhOO2zOKbZdIo3S9UYmGh23eU3T1U61Wbq0gKUoPM4J2r1Rf/QoowFLeTMlmU30ANw==&u=U2FsdGVkX18hKBkadkvpVs/m/XXAnCsFUMhRpI9XE7E=&y=U2FsdGVkX1+N3arqc48L/xIoMvKadBEVINalsYWnYzM= HTTP/1.1" 200 26
186.102.104.233 - - [05/Sep/2023:11:26:18 -0500] "GET /kwssiamovil/sm/acme/a?s=U2FsdGVkX18geC1hvQjPTAFggQv2NdEVCJ2PxIocPqooKANpjlKqV0+gsgvUu6n/udqAy9yUff2yGfbwAUPVUR4RZPI2VHQeR4Jd/kNQtLO0sUtyE0WFSXCPUYALTg3kYn9Ry6k6rLWkvZklf+cYCdaZM77/UKqG7ba7soC07BdqXrtQzsx69jLAPeatcEWS&u=U2FsdGVkX18hKBkadkvpVs/m/XXAnCsFUMhRpI9XE7E=&y=U2FsdGVkX1+N3arqc48L/xIoMvKadBEVINalsYWnYzM= HTTP/1.1" 200 25
186.102.104.233 - - [05/Sep/2023:11:26:18 -0500] "GET /kwssiamovil/sm/acme/a?s=U2FsdGVkX19IveHJUiSzm0V4Lx2dSQwxJsLR3eWT3ZLIrPK6Imp0P6DzfB9rva1sdhiqkEfREWWPCyogrG18RNvQGhxFBw67/Zzn/u0kZwiGEg8SaWZBvkScmFpks5037ZEzadCXq1LcdWpID5ABBlmNNEBKwge8DZ6f6+iTQ8KCmRqCfv08OAccM+2ssRGGShWtCm0kyhn0rfG77R2zZA0EvvvwTVjeDwaLuPq67HrqYTYPM/Kpzy55n08+IN8haF+I4OabKPu0OSPHOcuEIFj6gxrEuMlZ59dsD3VS3S5TJwoqAOEMZyOhPRabQQ4XBAivdVTJoS7QBX9DOTAP0bBFvXLh42SyvRCEGLrFWqbEKB9sgdxWXGWYPnbx7NG5iHBAGMh0AoYO+fSQyR1X5cR4jobB59Z+rErQldEZ09QDoj89gP8lUAPaVGxN9gMA&u=U2FsdGVkX18hKBkadkvpVs/m/XXAnCsFUMhRpI9XE7E=&y=U2FsdGVkX1+N3arqc48L/xIoMvKadBEVINalsYWnYzM= HTTP/1.1" 200 25
216.244.66.195 - - [05/Sep/2023:11:26:18 -0500] "GET /BLA/resoluciones/AUTOS%202010/4833.pdf HTTP/1.1" 200 378973
186.102.104.233 - - [05/Sep/2023:11:26:18 -0500] "GET /kwssiamovil/sm/acme/a?s=U2FsdGVkX1/keiZ0K0eoJj8YU6xnyK98nkXmX8lN4I6XVGu/11dwnzp+R1ReYD5nTxzMvih+BQ09gii+hqhP5VxMo2hya4PxNcTDULyl+zXXwSCmSp7z5fXEUGZWRroxmqyK8KKOZQRZY3E+3NvZzJ8LLG/gBKmBi/LWF7SmeJh4pqn4Ixh+0kxpTp/fTyoB60hV/To/TnD/ONPurAeCjw==&u=U2FsdGVkX18hKBkadkvpVs/m/XXAnCsFUMhRpI9XE7E=&y=U2FsdGVkX1+N3arqc48L/xIoMvKadBEVINalsYWnYzM= HTTP/1.1" 200 25
186.102.104.233 - - [05/Sep/2023:11:26:18 -0500] "GET /kwssiamovil/sm/acme/a?s=U2FsdGVkX1+TtU4GNzwzdiPo41M9iRIncGPMWpypQuORXoLhdM2UE9QlNZLFG0bOs+mH+MVE7sm137spYBAIARcVrog20DbGAtEjklr66RmHeX1GJ9CAi2W1VmsebWS0PIAYVl7btsJ4lXBtGYLMrcCxQaaO7fB1lsvkpWtk7K4oeAmebRmYg+HchuLirIzIkWGL6AnxL3izcThRHlPTC+bN9jUtOUdKtkOGI5R0gmPtFhuWUbj7vrzD2axNC3MoOHAjLMNr6YHN7DMDzcigcu/iDp8cnNuDo5wToolCC3feUg7Kyg/owb9c8UxYjlfQtVflESfG8atxLIZbkMSj6bFnFkIkzg3XEQP7PdYOsw2rP54vr6DWMzHSY6RmFSwJC2VMIKay5Y5M1AvY8sTUwxyHIAqvX5FvEPUPEPIJM6g=&u=U2FsdGVkX18hKBkadkvpVs/m/XXAnCsFUMhRpI9XE7E=&y=U2FsdGVkX1+N3arqc48L/xIoMvKadBEVINalsYWnYzM= HTTP/1.1" 200 25
186.102.104.233 - - [05/Sep/2023:11:26:19 -0500] "GET /kwssiamovil/sm/acme/a?s=U2FsdGVkX19ko1Wxh7XbBpYkgOPNcCsy0OxkxdsiUBI6FwLGxyGCv9tk5tiRsubOkUjOnAEj7VXgB4T6ftVI69OCuW29TTOv3gQ3+iGiMNfMOQEp7Ifr32Bc7AZ79rq1Hoy7BnnmV/EgOQoXw81jh815lLoXqpuiyHcZAKw6VThJgSWEVztUzB9lpPtogp6nXMadYWf2zocOJk4rCUwqBA==&u=U2FsdGVkX18hKBkadkvpVs/m/XXAnCsFUMhRpI9XE7E=&y=U2FsdGVkX1+N3arqc48L/xIoMvKadBEVINalsYWnYzM= HTTP/1.1" 200 26
186.102.104.233 - - [05/Sep/2023:11:26:19 -0500] "GET /kwssiamovil/sm/acme/a?s=U2FsdGVkX19h/WYYtYbLHn4RQfAp7P4X/XdvDDpmo0E0HobuiZ7lKyvy48ywKHZaZvW4y9tE371qBoAygLRkOhgr4P6KvQYdASqOwGxF9kaQnGuOd/xWve0lyMU3lkbLtw3S2myuUMklzjtZufGpeI41qJgXu/G1OyHQ+06Uz5XBIR6Mxlrjid5FgCIenxKC202ReuzkTIT49LNNMZlwZZGeGSdwxlwA06NSvlQLWORdR+7xVDitpp++bc4Ix0RmYaaEbRs/PXPLigG1HFEwZw==&u=U2FsdGVkX18hKBkadkvpVs/m/XXAnCsFUMhRpI9XE7E=&y=U2FsdGVkX1+N3arqc48L/xIoMvKadBEVINalsYWnYzM= HTTP/1.1" 200 25
186.102.104.233 - - [05/Sep/2023:11:26:19 -0500] "GET /kwssiamovil/sm/acme/a?s=U2FsdGVkX18jCqxN2c3ybaY1AWtH0Y2XBkOoQtpqmTJkagWC57D2D9mXqYLl6mkAUewZEQUlS3knR7K4G2upAqzayrj1ePZnH8z7onDznS3cIYy3xCKs0hlLHJldcW/BybZYicb8qwYOilHbOTbls7ixdRPknkTPxxQtb/C9IAEv8hUKREzAUInuslImJcMqYNtTVDOR+gbjXVWCUg7IaZ1sbVZjiOCHrLsAdapX7mb5TgKUK3RlLtP2i1BN9ApH&u=U2FsdGVkX18hKBkadkvpVs/m/XXAnCsFUMhRpI9XE7E=&y=U2FsdGVkX1+N3arqc48L/xIoMvKadBEVINalsYWnYzM= HTTP/1.1" 200 26
186.102.104.233 - - [05/Sep/2023:11:26:19 -0500] "GET /kwssiamovil/sm/acme/a?s=U2FsdGVkX1+Yn8URdRXmFJda7toQmwVOCj4HdxR8rVc+NN45PHnr5oP6C68xcDDqF+EkZs4xGLAFK3QClWKq8NBUXeaIRHx1/oO74NjbusamZzh4y1qW/gyHBSHLDL6XD4L5Xudy6ow6q1C1y2EYT4AVMiSEcicqUdFUyk7ARVBmr3cGyhwEnAqMADTY5LZO8IJuCVbOSWBDSqOiXVs57romk+CVZwFiBRlbMrt5eA+m26i2EYfpEOUSWbaNq5it&u=U2FsdGVkX18hKBkadkvpVs/m/XXAnCsFUMhRpI9XE7E=&y=U2FsdGVkX1+N3arqc48L/xIoMvKadBEVINalsYWnYzM= HTTP/1.1" 200 25
186.102.104.233 - - [05/Sep/2023:11:26:19 -0500] "GET /kwssiamovil/sm/acme/a?s=U2FsdGVkX1/2q9+94EIBxxwXyU43FDE4YM/auPRYDI2qfhrKi//2C0hIwNgC/yjgAEvT9OZc4DPlWDwuVuwHPtORm/mmfKVYZEh5rQwhlMEPb/RxTHK1fiI5pV/GI3shYant8Gm5+TJjEKy0TuoRpSeT+ltnBWPhCNZpHtxVnwjl3Aja+ArE38zjoeapAvrSE/n1juoaRLaaO4DBgy9KekkprPcmKRff9P8JX0AQOsy2cj/Ji7Q50/VDSP7B05ns&u=U2FsdGVkX18hKBkadkvpVs/m/XXAnCsFUMhRpI9XE7E=&y=U2FsdGVkX1+N3arqc48L/xIoMvKadBEVINalsYWnYzM= HTTP/1.1" 200 26
66.249.79.102 - - [05/Sep/2023:11:26:36 -0500] "GET /BLA/resoluciones/AUTOS%202007/0905.pdf HTTP/1.1" 200 178263
66.249.79.102 - - [05/Sep/2023:11:26:37 -0500] "GET /BLA/resoluciones/RESOLUCIONES%202010/1288.pdf HTTP/1.1" 200 102346
66.249.79.101 - - [05/Sep/2023:11:26:38 -0500] "GET /BLA/resoluciones/AUTOS%202015/3756.pdf HTTP/1.1" 200 573696
201.245.192.253 - - [05/Sep/2023:11:26:38 -0500] "POST /sipse/faces/presentacion/financiero/solicitudProceso/listarSolicitudProceso.xhtml HTTP/1.1" 200 25229
201.245.192.253 - - [05/Sep/2023:11:26:38 -0500] "POST /sipse/faces/presentacion/financiero/solicitudProceso/listarSolicitudProceso.xhtml HTTP/1.1" 200 25229
201.245.192.253 - - [05/Sep/2023:11:26:38 -0500] "POST /sipse/faces/presentacion/financiero/solicitudProceso/listarSolicitudProceso.xhtml HTTP/1.1" 200 25229
201.245.192.253 - - [05/Sep/2023:11:26:38 -0500] "POST /sipse/faces/presentacion/financiero/solicitudProceso/listarSolicitudProceso.xhtml HTTP/1.1" 200 25229
201.245.192.253 - - [05/Sep/2023:11:26:39 -0500] "POST /sipse/faces/presentacion/financiero/solicitudProceso/listarSolicitudProceso.xhtml HTTP/1.1" 200 25229
201.245.192.253 - - [05/Sep/2023:11:26:39 -0500] "POST /sipse/faces/presentacion/financiero/solicitudProceso/listarSolicitudProceso.xhtml HTTP/1.1" 200 25229
66.249.79.100 - - [05/Sep/2023:11:26:39 -0500] "GET /BLA/resoluciones/AUTOS%202016/0232.pdf HTTP/1.1" 200 687946
201.245.192.253 - - [05/Sep/2023:11:26:39 -0500] "POST /sipse/faces/presentacion/financiero/solicitudProceso/listarSolicitudProceso.xhtml HTTP/1.1" 200 25229
201.245.192.253 - - [05/Sep/2023:11:26:39 -0500] "POST /sipse/faces/presentacion/financiero/solicitudProceso/listarSolicitudProceso.xhtml HTTP/1.1" 200 25229
201.245.192.253 - - [05/Sep/2023:11:26:39 -0500] "POST /sipse/faces/presentacion/financiero/solicitudProceso/listarSolicitudProceso.xhtml HTTP/1.1" 200 25229
201.245.192.253 - - [05/Sep/2023:11:26:39 -0500] "POST /sipse/faces/presentacion/financiero/solicitudProceso/listarSolicitudProceso.xhtml HTTP/1.1" 200 25229
201.245.192.253 - - [05/Sep/2023:11:26:40 -0500] "POST /sipse/faces/presentacion/financiero/solicitudProceso/listarSolicitudProceso.xhtml HTTP/1.1" 200 25229
66.249.79.101 - - [05/Sep/2023:11:26:40 -0500] "GET /Publicaciones/2023EE193331.pdf HTTP/1.1" 404 228
201.245.192.253 - - [05/Sep/2023:11:26:40 -0500] "POST /sipse/faces/presentacion/financiero/solicitudProceso/listarSolicitudProceso.xhtml HTTP/1.1" 200 25229
201.245.192.253 - - [05/Sep/2023:11:26:40 -0500] "POST /sipse/faces/presentacion/financiero/solicitudProceso/listarSolicitudProceso.xhtml HTTP/1.1" 200 25229
201.245.192.253 - - [05/Sep/2023:11:26:40 -0500] "POST /sipse/faces/presentacion/financiero/solicitudProceso/listarSolicitudProceso.xhtml HTTP/1.1" 200 25229
201.245.192.253 - - [05/Sep/2023:11:26:40 -0500] "POST /sipse/faces/presentacion/financiero/solicitudProceso/listarSolicitudProceso.xhtml HTTP/1.1" 200 25229
201.245.192.253 - - [05/Sep/2023:11:26:41 -0500] "POST /sipse/faces/presentacion/financiero/solicitudProceso/listarSolicitudProceso.xhtml HTTP/1.1" 200 1376
201.245.192.253 - - [05/Sep/2023:11:26:41 -0500] "POST /sipse/faces/presentacion/financiero/solicitudProceso/listarSolicitudProceso.xhtml HTTP/1.1" 200 1380
201.245.192.253 - - [05/Sep/2023:11:26:41 -0500] "POST /sipse/faces/presentacion/financiero/solicitudProceso/listarSolicitudProceso.xhtml HTTP/1.1" 200 1384
201.245.192.253 - - [05/Sep/2023:11:26:41 -0500] "POST /sipse/faces/presentacion/financiero/solicitudProceso/listarSolicitudProceso.xhtml HTTP/1.1" 200 1380
201.245.192.253 - - [05/Sep/2023:11:26:41 -0500] "POST /sipse/faces/presentacion/financiero/solicitudProceso/listarSolicitudProceso.xhtml HTTP/1.1" 200 1380
201.245.192.253 - - [05/Sep/2023:11:26:41 -0500] "POST /sipse/faces/presentacion/financiero/solicitudProceso/listarSolicitudProceso.xhtml HTTP/1.1" 200 1380
201.245.192.253 - - [05/Sep/2023:11:26:41 -0500] "POST /sipse/faces/presentacion/financiero/solicitudProceso/listarSolicitudProceso.xhtml HTTP/1.1" 200 1380
201.245.192.253 - - [05/Sep/2023:11:26:41 -0500] "POST /sipse/faces/presentacion/financiero/solicitudProceso/listarSolicitudProceso.xhtml HTTP/1.1" 200 1380
201.245.192.253 - - [05/Sep/2023:11:26:41 -0500] "POST /sipse/faces/presentacion/financiero/solicitudProceso/listarSolicitudProceso.xhtml HTTP/1.1" 200 1380
201.245.192.253 - - [05/Sep/2023:11:26:41 -0500] "POST /sipse/faces/presentacion/financiero/solicitudProceso/listarSolicitudProceso.xhtml HTTP/1.1" 200 1380
201.245.192.253 - - [05/Sep/2023:11:26:41 -0500] "POST /sipse/faces/presentacion/financiero/solicitudProceso/listarSolicitudProceso.xhtml HTTP/1.1" 200 1380
201.245.192.253 - - [05/Sep/2023:11:26:41 -0500] "POST /sipse/faces/presentacion/financiero/solicitudProceso/listarSolicitudProceso.xhtml HTTP/1.1" 200 1380
201.245.192.253 - - [05/Sep/2023:11:26:42 -0500] "POST /sipse/faces/presentacion/financiero/solicitudProceso/listarSolicitudProceso.xhtml HTTP/1.1" 200 1380
201.245.192.253 - - [05/Sep/2023:11:26:42 -0500] "POST /sipse/faces/presentacion/financiero/solicitudProceso/listarSolicitudProceso.xhtml HTTP/1.1" 200 1380
201.245.192.253 - - [05/Sep/2023:11:26:42 -0500] "POST /sipse/faces/presentacion/financiero/solicitudProceso/listarSolicitudProceso.xhtml HTTP/1.1" 200 1380
216.244.66.195 - - [05/Sep/2023:11:26:48 -0500] "GET /BLA/resoluciones/AUTOS%202010/5056.pdf HTTP/1.1" 200 175714
201.245.192.253 - - [05/Sep/2023:11:26:48 -0500] "POST /forms/lservlet;jsessionid=ac16012b30d6bc37a32d6dd1475b9cc7ba92661c2a41.e3iSbxaKaheRe34Rch0Ra3mLchv0n6jAmljGr5XDqQLvpAe HTTP/1.1" 200 2
172.22.2.4 - - [05/Sep/2023:11:25:09 -0500] "GET /BLA/boletinlegal/ HTTP/1.1" 200 62795
201.245.166.34 - - [05/Sep/2023:11:26:09 -0500] "GET /Publicaciones/SSFFS-09118-2023.zip HTTP/1.1" 200 18660273
191.95.59.5 - - [05/Sep/2023:11:26:59 -0500] "GET /sipse/faces/javax.faces.resource/theme.css?ln=primefaces-sipse HTTP/1.1" 304 -
216.244.66.195 - - [05/Sep/2023:11:27:17 -0500] "GET /BLA/resoluciones/AUTOS%202010/5251.pdf HTTP/1.1" 200 254667
201.245.192.253 - - [05/Sep/2023:11:27:15 -0500] "POST /kwsrmcab/Wsrmcab  HTTP/1.1" 200 42865
172.22.2.4 - - [05/Sep/2023:11:27:24 -0500] "GET /BLA/boletinlegal/favicon.ico HTTP/1.1" 404 1018
172.22.2.4 - - [05/Sep/2023:11:27:24 -0500] "GET /BLA/boletinlegal/actos.php HTTP/1.1" 200 9682
192.168.169.90 - - [05/Sep/2023:11:27:31 -0500] "GET /BLA/boletinlegal/admin/notificaciones/setvaluef.php?month=9&year=1993 HTTP/1.1" 200 3212
172.22.2.4 - - [05/Sep/2023:11:27:40 -0500] "GET /BLA/boletinlegal/consulta_actos.php?tipo=resoluciones&no=1598&usuario=&sector=&fecha=2022&resuelve= HTTP/1.1" 200 1099
192.168.169.90 - - [05/Sep/2023:11:27:41 -0500] "GET /BLA/boletinlegal/admin/notificaciones/setvaluef.php?month=9&year=2023 HTTP/1.1" 200 3212
186.102.32.106 - - [05/Sep/2023:11:27:41 -0500] "GET /kwssiamovil/sm/acme/a?s=U2FsdGVkX1/RcODcw3dec19ev24iaUvmcvsGPlrSBy/FdlgiVsXB0Oi1Aj5hhrax9hwXb94OkXfhRQrAcV9MEwFyxlv/bU0Wy7Qb//j01mjvg3cwwVjNQhV8lrSebdSe84tZiqNB/C7iCaZW4dRT4eeGiMLh+SJX77mq5+gJxzfheTQA0FJymmPZwHVDXKXpYpzEOtk8aKBxKGAgSzMudjr/I16VtcI+oNlBu6jl4T9bqfMvwl/EoWdmaQF0C474gweZgHzOD+rR1pgjuNmGcw==&u=U2FsdGVkX1+yswKr0jj5itnKXEicRaZNIIz7j7gfkAU=&y=U2FsdGVkX186YtWN0areZb80kEnWfmlWNAROgkrdmqI= HTTP/1.1" 200 26
186.102.32.106 - - [05/Sep/2023:11:27:42 -0500] "GET /kwssiamovil/sm/acme/a?s=U2FsdGVkX1/i5vK4JBE/rgMzi7BQztwh2D6EYDIN7FK1AlE6sTCtegWMGw1bbjne7W/rqmQ0LHEOPQKH4EAw8W/5VWY9NMUUj67wojMntS9LtJwpG2ZjNTog8je2Wq4DzukyfCLVCYvn+r7I/UTa91AQ1ibsqG8lM7nQXiD9YJA6PatbxMpA8ejfburOfg4uVgTbTszBQ3Iz6x1dks9BiN+sndLqriLLlfrruDiGlisJplhrZM9aWzAmEp9A65SjW2dPS2SYybv/z0jysE+aAOgA9MIHp20c7pv10vsLMkcUe1S4sjgAvHglJL99oYAwInSN0b4y8iwPSd6d4kSgwocgsm2p1lQYUGMpbXlM7n1q7A9kCz2WPUmeS0zOSVkmWujjH8RkBOhE3MagvYJQwG1kLNyKyU3SB1Vpp4mhF2f5r2eFpAKHhwCeGw3QOdV81myFUeyMv94HjnIcyLwXseR5E812q3BkRxOLA8JT/amWQ40lqlWamVBpngYjvyJ6kLw12leL7ryGV/tT3OMuzCT61+pgiMcIsjuyf1td81PUs3VYxDYEd3eNFM6r/YdQUhtiJo55E7gKxyueU5kGVQxw9M861k0IkNCZCBELKqGRIiF9plFqz2v7nRkvP2D0KYh5NI3uOuZif0InHd1bvY3QfaVejS+bu77dm4APBT7TRMCsNNOIGE5td37UtWsa98CckVUhf2xuokS+LSTxqzEFyBb/K7m5NtNQcJD+aodh3YK9yZxrEKyzi6SgRtD1sHVbC6kbhEygwoI7lOnqUrQfXdA6j8lH0B19EIqIYU4tv3J9ITB9vNSBs//BUDWDF9+DI5ZNNZFVCK1jO7OWqYUwMWdW/OVweL9IMRK3gmyp1TlPIgxUtuvEfd5mzpnzkvhNJGGJ5IXyh+OBdGc4QYCEa+3ZHOZ2JvgG2vjaLZeft/TLQwzNVkrVHC8U+wVfEJU+dU8tbr6ko3ks8WAm7wdfSggd5LZKisMAgxbs+ZaxpeKjxoM5+84nZHXXy2DvKtkxrMkyx9q1VamXmB3ZMCnoZVk+R4ndaOLAmJ1VGNLouCVscvsMOKpwKkRoD5v9aoc15eHwTzjNOf8w6G0ym2Vua823qQFEWTXkY6ZaC9f4e3x+S0f7/K+9t8TTe51IBmbbmQwHUd7KzUJ76jjHlPdEcIHLclMV0QF/NRQZvnielCBQ6o+4LqYrm1iAdISRLvKGWSG/QMo56xJjnZUFgcSmPA+K7ACzOH7B+GF3f0/pogQU5FV2CXZCkqbltf+JvtJtEmum2dkKgjEruDjtgNOi4xwNdZxaaW40CURFdH2IAibeglFKsAQJfl92Tois6bY1Q2eviMXH+XiJhGQ7e3miDWbJI76Mv3dOgovXaU9FayfCN5wweqESM9t6gH4mloHldp5kg3i7GDEeUIGXNcFYPI+iWcHI+qBiY7r8VnLJqSkq6DFZBhugODWUGaozp2O90IsdMEZM7bhfW2tnuNGA6fjEyY5bY/2RIQoJdZDXGHsLOL/zNMMkX/2psTL98mp0D4yOntKxhNP18fYNJJ8CaiXkaSC9fzuMbcofEZHw9UWvEXqQp/nVP6Ofe0s50jE+BvpIDgXjovxuIm2jPgBfWwhnByyqvVQN/hzwc+FNiXvnNQg32rQctVJLcrgnAiZimck/HC/XkpoDhIzu3aBsbBgpo9A/ZAwvpgyzIR+AcUHBiPyijB+M4p6zYLJGmeOVZ3cJBwlp7itwj1UzcUwKoKzqR8yjp8/wRYUpuOf4JElLnCv5DRp+dbn1MtsMpGqnnAVRrW+G8AXK71Q27gk6taIxK0wv7dnS3yyVSDH+0nz+Gy7eZ7iuA1ZwsDYu7EZs3/s/r8s1h2ajykoJhgHtCG9suP5h4aLUujQOtEee5qw5NbC17KjjMQSr3HUaM4ot1stKdJlMK8/R6lfc97lpaVpFwmiIvQo0ppPE7t9ICOq9b2dcFDiHzfBG9FCzdWA3MQ+4glXgjYsGQ/75KXZNP7LaNDPuO8zcoToYacQt8ZZWSGbdy20nC/fZnSMMzmhtpMHpvgIzu7HqdxzIZ++sKXN0sds5UIxn7ECfByz+jvWSMRIq/pXWB/kqP10Y0jOKp8WT8PB6NyjlfoERrPrWpbbBrOgXo0qrvdiOWr2fkhTX4iAD7PuYCkyiyn9zp+Peyuc2IvIxZoCMM58hhs9CpdJUfS02qKH/lqwt4mwR3fachV4kP9d7Tfy3KvSs3acD0ZCesrJVPBk2On8WVoZI+QH1l1R1oDPexfGDGD1bIyyRgtCI2+pjrLCSkeJyQbKdqsLfukruCvk5GDK7WeFmEFKRorUsxR5ETApn5zx9WGU6YUDKuulQbdYOI3Ak0EwytZz2bUYUR1JHSPEYcZ1FFSeJ1uUx8UIMZqBGHZGNFLDfXRgwmvTf+GzFYtHcg42sPc79Hun6CGvHgaIzxFk0N+hM6+Zz6HODunb1sY4=&u=U2FsdGVkX1+yswKr0jj5itnKXEicRaZNIIz7j7gfkAU=&y=U2FsdGVkX186YtWN0areZb80kEnWfmlWNAROgkrdmqI= HTTP/1.1" 200 26
186.102.32.106 - - [05/Sep/2023:11:27:42 -0500] "GET /kwssiamovil/sm/acme/a?s=U2FsdGVkX1/n8wFvkhs6KtXUy3jlCXDHNHPKOI8rmnf0fmC567JgRZkYYYXpxCTn72c7tNAR4HflarjnNleftVc321dsujd/yqmF1FiVWb3tH/lIeqLLZIVvNUxZZ8FkH+nVeuJ1IUoRqvrIxuLFoqPRVUf83D3JXtsPjmpQDbk=&u=U2FsdGVkX1+yswKr0jj5itnKXEicRaZNIIz7j7gfkAU=&y=U2FsdGVkX186YtWN0areZb80kEnWfmlWNAROgkrdmqI= HTTP/1.1" 200 26
186.102.32.106 - - [05/Sep/2023:11:27:43 -0500] "GET /kwssiamovil/sm/acme/a?s=U2FsdGVkX1+UoXgyOVHWlIzwiDzjMaKw3JzkPyrhqZUkbb4ERb4VeEaDEHBnx2yuTxmjb14YLkkvXJfvyl5Pb+laJCIzk5NVELQQuqNFQxKuTDyqTzoMSVmbQAUjZPbNeSenvjRME92gqqTjQjmv1a4EnGMwtRjkkKBaRmFZqWQ=&u=U2FsdGVkX1+yswKr0jj5itnKXEicRaZNIIz7j7gfkAU=&y=U2FsdGVkX186YtWN0areZb80kEnWfmlWNAROgkrdmqI= HTTP/1.1" 200 26
181.49.153.193 - - [05/Sep/2023:11:27:43 -0500] "GET /BLA/resoluciones/RESOLUCIONES%202022/1598.pdf HTTP/1.1" 200 345691
186.102.32.106 - - [05/Sep/2023:11:27:43 -0500] "GET /kwssiamovil/sm/acme/a?s=U2FsdGVkX19JwU/eM1WhCSpfd7dUaD71BWUBTC2Wpdm139Gw3VdGQnIYvm5zRlwp7qVeFlakHf+gzYB11NVU0JZPKPFG5OoK8Y967hFxgl5zf9EQXaKKSLRBM1viZoeUeUmIrGffQJZ5b9hKPh47aGWn51Jb8oCFDp+2yldN2B0=&u=U2FsdGVkX1+yswKr0jj5itnKXEicRaZNIIz7j7gfkAU=&y=U2FsdGVkX186YtWN0areZb80kEnWfmlWNAROgkrdmqI= HTTP/1.1" 200 26
181.59.148.18 - - [05/Sep/2023:11:27:43 -0500] "OPTIONS /kwssiamovil/sm/setfile/f? HTTP/1.1" 200 13
186.102.32.106 - - [05/Sep/2023:11:27:43 -0500] "GET /kwssiamovil/sm/acme/a?s=U2FsdGVkX1+b+hwkSMbdoPa/U5czgU0yFgizShFtfJS/qaySfDyH7B9L2DHLt6JRnVk04sJCZaGuf04Qo8sT6j9Ih2tvUJXPdR7slci03D/FApqMK4h9FpBEJv9SZSL3HmbORv2r9YOHkGP+HhdiruQuWONyPir21YqpmmNesvGCek84tuss63E4rrXlnsLH&u=U2FsdGVkX1+yswKr0jj5itnKXEicRaZNIIz7j7gfkAU=&y=U2FsdGVkX186YtWN0areZb80kEnWfmlWNAROgkrdmqI= HTTP/1.1" 200 26
186.102.32.106 - - [05/Sep/2023:11:27:43 -0500] "GET /kwssiamovil/sm/acme/a?s=U2FsdGVkX18RnNIbvMsQtidUD01Je1kUanIXlasBB72G8SEd+h1P+61jjjSzDRVXGiu6mYPQ87+jkEl1deVwGnLGmC+DhFHjv7l30zajFL2HoVG7zrCNGav9jNr8olcO1J0ziZJp6cDGYXh3kJ5XEa6ux5AszVBC/Fk8Sn0B6MQffxDQmfK86TAcij2U70xcE5/Vvytu4mIPEMBWqYjrUw==&u=U2FsdGVkX1+yswKr0jj5itnKXEicRaZNIIz7j7gfkAU=&y=U2FsdGVkX186YtWN0areZb80kEnWfmlWNAROgkrdmqI= HTTP/1.1" 200 26
186.102.32.106 - - [05/Sep/2023:11:27:44 -0500] "GET /kwssiamovil/sm/acme/a?s=U2FsdGVkX1/UAZ+lx6IoklYRqDLmh9RYnmwmXWmqF1TYjH9ksxbTGTRWRxjgmvDzRqlyVWft2Z105ExncdLjdNIZIhW44xrC6OaYg07YA3jHlmohSB2+Fk2us9kEN42CFHntb3opfZPqk+xhovOz+z9T3SF/FHDdIO1RLxo1g8sxPyhThnqow93zIVUu/kJy&u=U2FsdGVkX1+yswKr0jj5itnKXEicRaZNIIz7j7gfkAU=&y=U2FsdGVkX186YtWN0areZb80kEnWfmlWNAROgkrdmqI= HTTP/1.1" 200 26
186.102.32.106 - - [05/Sep/2023:11:27:44 -0500] "GET /kwssiamovil/sm/acme/a?s=U2FsdGVkX18veaYRBLT19uJ4sDK7KkzbDIwMUFeGaK/NaGdVFa7rK9+ICGBZ5m97Yz3yh9bKgnQDvI14QxSfGynOdT8OPmE0ILda47RwUjb/NSuSARV7IjvYy1NIG2dmEwLHqhLO2lxK+i9VQ5kjuUF6iYANETovxqna7dzoL+Yx/auRUh26pxirhyVtmglPubKRaNWM+5qLj6OtvbLptQ==&u=U2FsdGVkX1+yswKr0jj5itnKXEicRaZNIIz7j7gfkAU=&y=U2FsdGVkX186YtWN0areZb80kEnWfmlWNAROgkrdmqI= HTTP/1.1" 200 26
216.244.66.195 - - [05/Sep/2023:11:27:44 -0500] "GET /BLA/resoluciones/AUTOS%202010/5505.pdf HTTP/1.1" 200 197267
186.102.32.106 - - [05/Sep/2023:11:27:44 -0500] "GET /kwssiamovil/sm/acme/a?s=U2FsdGVkX19KjPEJ8VdQ/SSEhjgrLa1xQ4rwqRYEwEks4amgg/xd359zBNA047SzshlWuMjhj+9iA5iqgv/+kxwTDyxSpTXvFSZZLX5ihEEpTUe5ZuhT4RQoBn4TafMovGrFRqa8qqDKn+/NRt5HcppZWSPmcZpmY9t9prpjJErjG+uo1iWuTWpT40Ek+uy+&u=U2FsdGVkX1+yswKr0jj5itnKXEicRaZNIIz7j7gfkAU=&y=U2FsdGVkX186YtWN0areZb80kEnWfmlWNAROgkrdmqI= HTTP/1.1" 200 26
186.102.32.106 - - [05/Sep/2023:11:27:45 -0500] "GET /kwssiamovil/sm/acme/a?s=U2FsdGVkX18kixr/M/x/Y42QPYfEB56VMf9lpGSrn/Fn3maDY2PwBxA1uXAUjkTq+P75nFkU/1aPJI+g3cQFzxE9/UM+5DuYB6eajobcmIlwXZu7BwJZ+xtCXXDoiLneQSw0pJGeejpaTZsl0pzfeAgrz15YsmeEssLc2VsWtABktmy2pK0I+pAPXGlrC9NMZkwy5McJvzHrnDRZt92Thg==&u=U2FsdGVkX1+yswKr0jj5itnKXEicRaZNIIz7j7gfkAU=&y=U2FsdGVkX186YtWN0areZb80kEnWfmlWNAROgkrdmqI= HTTP/1.1" 200 26
181.59.148.18 - - [05/Sep/2023:11:27:43 -0500] "POST /kwssiamovil/sm/setfile/f? HTTP/1.1" 200 381
186.102.32.106 - - [05/Sep/2023:11:27:45 -0500] "GET /kwssiamovil/sm/acme/a?s=U2FsdGVkX1+Q47V63miBgeuOG8/QLWGy8ZPpOhUTzlQmHghPp8prq4lSUILCM65iS7yYZ1I/bLVZlLjzRij3BjJ/fzjbwmc3BW082rK+yuRk0I0/7dEBa3Z9Pds4rs265SXU6c8wA7ineFf9OvURlqlQRdP86Aod9veKpB86qDXbr8Y7IJTzxCRADR5ZzvhR&u=U2FsdGVkX1+yswKr0jj5itnKXEicRaZNIIz7j7gfkAU=&y=U2FsdGVkX186YtWN0areZb80kEnWfmlWNAROgkrdmqI= HTTP/1.1" 200 26
186.102.32.106 - - [05/Sep/2023:11:27:45 -0500] "GET /kwssiamovil/sm/acme/a?s=U2FsdGVkX18nOlCLjETqEC7m2Kiglh+cBJsqFtgEQTh9UJQbDoQRC7H5ameHng/B6iB1GNLnUJ1UD1bIORFUJOKdCiWx3FcG0ZagDZHwoeNR3/x09OjdQfuQQp+HROfkdVQM1EG4webw+I0QF6GPWJDXWMjTbYqFZ82LSoUudjrrpWAXu+nHgIWfbt6ArLm2iVNJjVME6SbHXPysqxRHig==&u=U2FsdGVkX1+yswKr0jj5itnKXEicRaZNIIz7j7gfkAU=&y=U2FsdGVkX186YtWN0areZb80kEnWfmlWNAROgkrdmqI= HTTP/1.1" 200 26
186.102.32.106 - - [05/Sep/2023:11:27:45 -0500] "GET /kwssiamovil/sm/acme/a?s=U2FsdGVkX18yugFcOeLGnjNPHtMY4GlpVJplQJthz40wigi88kxRMALHYNNNYrjpaqxUdAqGjmcInbP5c996Siy9892bKVNmvfYiYdFKS5Dhy+nYwLgFATsPnqg1d5JGgT3DZHjS1z1ev7YYwXzgFlw77rTK9IV8o30V1zsM8NV+V9ZvP/ixR3F0QXMSHTd+&u=U2FsdGVkX1+yswKr0jj5itnKXEicRaZNIIz7j7gfkAU=&y=U2FsdGVkX186YtWN0areZb80kEnWfmlWNAROgkrdmqI= HTTP/1.1" 200 26
186.102.32.106 - - [05/Sep/2023:11:27:46 -0500] "GET /kwssiamovil/sm/acme/a?s=U2FsdGVkX18nv3Q5/slNaUBpfyaqFXOiDKaZ4suoveQrAN+P1LnNUplCDPRtxNSLo3Qpi9pu6ivKeK/vd/46J3Rr3RMzg/XQj+OySbmmur9yhs1j1AQw1llz2smV0cddJB6NBLcoy4KCmTd3KcREI2/UiW5OhT2OfVn/E5NJ3Wg4P0qqMfJ5+N2BhR/askEjGwf4olyK2UjGRbd1I6HXoA==&u=U2FsdGVkX1+yswKr0jj5itnKXEicRaZNIIz7j7gfkAU=&y=U2FsdGVkX186YtWN0areZb80kEnWfmlWNAROgkrdmqI= HTTP/1.1" 200 26
186.102.32.106 - - [05/Sep/2023:11:27:46 -0500] "GET /kwssiamovil/sm/acme/a?s=U2FsdGVkX1/NvspIpwBHxiNCNFEzoqmdavqVCYiaYFwJlYxIGyKroaKE4K1MG+8979e3R/UQoG+C1/IUCuuWXxXWUXif2hcWrFYU17+RS/Y6QXt/FJdnCDzFSuGEihF1GZ19RihHjKc7DTOR3BfnGPSRexpfcBYK2ho7mjEqnKZIjtJAcwEnF/Uudc8JsHxd&u=U2FsdGVkX1+yswKr0jj5itnKXEicRaZNIIz7j7gfkAU=&y=U2FsdGVkX186YtWN0areZb80kEnWfmlWNAROgkrdmqI= HTTP/1.1" 200 26
186.102.32.106 - - [05/Sep/2023:11:27:46 -0500] "GET /kwssiamovil/sm/acme/a?s=U2FsdGVkX1/uza69LQc+66qLDzBJZICBanFHyw+tDrWY1YTDepENNH4OgloRCEy3SRjIwB2bFZHnm7CnyNCOLhVD0uvYF8AgFxiyEolYYEL92Gsg/RUasIcyKO5fJPNZimcqARB8jXyBlRoNiDn8JpPb+NhuVQqL2fkE3XFNXoJ2CWzS2YdnxOAuYMgg+qp5YF7QS/8RAbjSARZu/IwX0g==&u=U2FsdGVkX1+yswKr0jj5itnKXEicRaZNIIz7j7gfkAU=&y=U2FsdGVkX186YtWN0areZb80kEnWfmlWNAROgkrdmqI= HTTP/1.1" 200 26
186.102.32.106 - - [05/Sep/2023:11:27:46 -0500] "GET /kwssiamovil/sm/acme/a?s=U2FsdGVkX1+ET5knT8JJNOMA91o/K5Ftx2hC3iqFSvcoFcTKbzRQI2bpT7bPtPCjcuHDP6jzbgPQ+ubwZNakjqLVmjia8P3i+JXHyQG/cBIIlAY7TAmzshObQSqC315N4ilp4QiKxh0q7bMu/kaWnAK2BzOl7DBOzLkEITrcvRHpN/f0z2YfSoViM8WBn/9R&u=U2FsdGVkX1+yswKr0jj5itnKXEicRaZNIIz7j7gfkAU=&y=U2FsdGVkX186YtWN0areZb80kEnWfmlWNAROgkrdmqI= HTTP/1.1" 200 26
186.102.32.106 - - [05/Sep/2023:11:27:47 -0500] "GET /kwssiamovil/sm/acme/a?s=U2FsdGVkX1/uXT8e4bxNU15kCi/trQgFuOMH1C5g0ibDhIR+NPjyE1rzBRRrFUVHXL5aJW+uwOEqqWY4eSM2vlOIgqRQFVfjRdMrVEqTzU/8hhwpg6OYhfMKYyxD+aAasR3cZuL2vrB+TJExSoBMQUtyPxUffQ3VEEafpZwB3vuSwOETmSoJn4Rig8BPRl4NM131O9QLB2tTkw42GyLjeA==&u=U2FsdGVkX1+yswKr0jj5itnKXEicRaZNIIz7j7gfkAU=&y=U2FsdGVkX186YtWN0areZb80kEnWfmlWNAROgkrdmqI= HTTP/1.1" 200 26
186.102.32.106 - - [05/Sep/2023:11:27:47 -0500] "GET /kwssiamovil/sm/acme/a?s=U2FsdGVkX1/3fgBhr2C+Y2d/HiP0RnkIHbUGhWsUbZE0WO4dZPAjJNj5sJvJ5HA9ToK1rhtrIgxAcY/rrrXVViL/j+LsvECcXZTCV1e1D03EjkV3gZCPhJ83vvwmkuD47DkNC/C4dxlLy4JT9jIcu/3LPWc1GOyzw8OZ51lRRQpC9/KdmgAE+VHYzH7LGzCH&u=U2FsdGVkX1+yswKr0jj5itnKXEicRaZNIIz7j7gfkAU=&y=U2FsdGVkX186YtWN0areZb80kEnWfmlWNAROgkrdmqI= HTTP/1.1" 200 26
186.102.32.106 - - [05/Sep/2023:11:27:47 -0500] "GET /kwssiamovil/sm/acme/a?s=U2FsdGVkX1+oxi1eqA5sdzC+ZZdFxrnE+FDKcPAKGl5hTNtsEPtW5/1wr2o1+nWlj1bKGNVVEZxfaZJLm7ByMFFAVV/CZZ9feCnmafiYR8dGqDUg/MVKPCcDWA0TTfUzfqU72ZpvDD1oVLYZ+n/Qt6haaZcVA+i751+g6WZcX9EhS+Pt9brzaF5z91vB4eiSJSA4jikQ6LwgCnCroYcFCA==&u=U2FsdGVkX1+yswKr0jj5itnKXEicRaZNIIz7j7gfkAU=&y=U2FsdGVkX186YtWN0areZb80kEnWfmlWNAROgkrdmqI= HTTP/1.1" 200 26
186.102.32.106 - - [05/Sep/2023:11:27:47 -0500] "GET /kwssiamovil/sm/acme/a?s=U2FsdGVkX1/5QpqVOH+8utyAIxJpk/8Q498CS8/IgbtvvTpbIwrq0hffacubEjdt6QBTgao8KKSEAYh8JEgDpM9PTvDZdxlzMxIjKou3QnRDaLdm+jfq8yp+zAteTFwHcIvNDkZqz/Zc6/TOjCtt+94BbN/OQkxP9i0/1OWBBlLgTFDEF22CbY1jNepx88ok&u=U2FsdGVkX1+yswKr0jj5itnKXEicRaZNIIz7j7gfkAU=&y=U2FsdGVkX186YtWN0areZb80kEnWfmlWNAROgkrdmqI= HTTP/1.1" 200 26
186.102.32.106 - - [05/Sep/2023:11:27:48 -0500] "GET /kwssiamovil/sm/acme/a?s=U2FsdGVkX1+my19Uo268p8DC4fC6v23xR/2c3/P6+GHkxoJ740GMwFpYDG1+kooBGK/S0ctr62CS3Rx8NPSzloixCzGGc1hARXF6Cu0yFwThJApvHnY+8wB3oWCRcDWqXuSSe2Cip85owrjBAYc5c0roAgCKhgTurdREsEe90Z1rzcWiCfr7jA2lJidQIrViamvsRBBmvrD7D6AWJtoNOA==&u=U2FsdGVkX1+yswKr0jj5itnKXEicRaZNIIz7j7gfkAU=&y=U2FsdGVkX186YtWN0areZb80kEnWfmlWNAROgkrdmqI= HTTP/1.1" 200 26
186.102.32.106 - - [05/Sep/2023:11:27:48 -0500] "GET /kwssiamovil/sm/acme/a?s=U2FsdGVkX1/bmXBIG5jX98d1SoC5DOaVJ8tTrAfEo/GupZ36dDp6GrQ9xHpDrHw6WUWeMZZg4PH1N5PlBcJxrFqVgF0fyEpuIGWoe28bY75rqr4nuNW5lqqV8Ng0NPswf5YSTae7oakQ/UgrwmTwEnbp2WnlH8M5Bvvegryse7Pr2b4I/C3/VnsQ+k1e3hsA&u=U2FsdGVkX1+yswKr0jj5itnKXEicRaZNIIz7j7gfkAU=&y=U2FsdGVkX186YtWN0areZb80kEnWfmlWNAROgkrdmqI= HTTP/1.1" 200 26
186.102.32.106 - - [05/Sep/2023:11:27:48 -0500] "GET /kwssiamovil/sm/acme/a?s=U2FsdGVkX1/MpqGAk5x9IONHZywq3RQ++nymbrpRSUvvSLUZd92RL99n8y0plUbEwO9Jl0RkqqyxcItZVyVDE5/HSU8p/7nv480LtaqeEZoTFOCFskFJqOe9kbSJ16JAMhhIv0XmwGL0VrrDBPYcO2BQor0M1qpMQy4u86EYo5puEEApNArhAXlXNPY1AeHBVNqj/f1PCmodsAw8lgB21g==&u=U2FsdGVkX1+yswKr0jj5itnKXEicRaZNIIz7j7gfkAU=&y=U2FsdGVkX186YtWN0areZb80kEnWfmlWNAROgkrdmqI= HTTP/1.1" 200 26
186.102.32.106 - - [05/Sep/2023:11:27:48 -0500] "GET /kwssiamovil/sm/acme/a?s=U2FsdGVkX1/u9DhAi2SCOS+2Dj0zh+lVjPzav44G3dfFFShUQS3YmjGnincwm8brSCN2tQswaqlM9+hGu0UyCx02F9uHApByG48946jRoAXsOB9k6t1qzUA4sbKKQPFQgxxajnFLtu/W60D3H8lyZj6U3EJUbe7P3TXvtnN/jLe0Jd7ziq7mcUy6c7F+dR2M&u=U2FsdGVkX1+yswKr0jj5itnKXEicRaZNIIz7j7gfkAU=&y=U2FsdGVkX186YtWN0areZb80kEnWfmlWNAROgkrdmqI= HTTP/1.1" 200 26
186.102.32.106 - - [05/Sep/2023:11:27:49 -0500] "GET /kwssiamovil/sm/acme/a?s=U2FsdGVkX1+17pLsvqRBxEUf6WUpT3uzHHLGSzVtaekfysjrBgKwLQWY4V5j39Z21e4Cet3wNg1EuuD7HwIIFWZF9ikVjQsSrMmNqZHWdXeEfBK34MXDlJhbHGny8cv1SHcVCRKJCYvjjDeurktZ/qejZzP8cKZWeyL83X7m7nErTypp9Os+2cLC25Eobteervu9FbOd/BBczSWaNNcPqw==&u=U2FsdGVkX1+yswKr0jj5itnKXEicRaZNIIz7j7gfkAU=&y=U2FsdGVkX186YtWN0areZb80kEnWfmlWNAROgkrdmqI= HTTP/1.1" 200 26
186.102.32.106 - - [05/Sep/2023:11:27:49 -0500] "GET /kwssiamovil/sm/acme/a?s=U2FsdGVkX19MlFfe07G7lOSFCbryfzM1lKLZmyF+Fw0FPDfC/hcMmKgSeJF5VU2B2QN8dorkuf3kyoYjMrNnUv/8w0cRsjvnPlu8XaW9cajlMS7AcuU4vvk5nQ463NUZYJcr5wBCo/+KtsoqjzlC48+naXIK0RByWZFjsWj9g+HQ9Wtz54QXRpNEvMgjnf0c&u=U2FsdGVkX1+yswKr0jj5itnKXEicRaZNIIz7j7gfkAU=&y=U2FsdGVkX186YtWN0areZb80kEnWfmlWNAROgkrdmqI= HTTP/1.1" 200 26
