201.245.192.253 - - [05/Sep/2023:01:50:05 -0500] "POST /forms/lservlet;jsessionid=ac16012b30d62eda719afc174e28a0dea47e26939047.e3iSbxaKaheRe34Rch0Ra3mLchv0n6jAmljGr5XDqQLvpAe HTTP/1.1" 200 2
201.245.192.253 - - [05/Sep/2023:01:50:43 -0500] "POST /forms/lservlet;jsessionid=ac16012b30d6bc37a32d6dd1475b9cc7ba92661c2a41.e3iSbxaKaheRe34Rch0Ra3mLchv0n6jAmljGr5XDqQLvpAe HTTP/1.1" 200 2
172.22.2.4 - - [05/Sep/2023:01:49:47 -0500] "HEAD /BLA/boletinlegal/ HTTP/1.1" 200 -
201.245.192.253 - - [05/Sep/2023:01:52:05 -0500] "POST /forms/lservlet;jsessionid=ac16012b30d62eda719afc174e28a0dea47e26939047.e3iSbxaKaheRe34Rch0Ra3mLchv0n6jAmljGr5XDqQLvpAe HTTP/1.1" 200 2
172.22.2.4 - - [05/Sep/2023:01:50:37 -0500] "GET /BLA/boletinlegal/ HTTP/1.1" 200 57790
201.245.192.253 - - [05/Sep/2023:01:52:43 -0500] "POST /forms/lservlet;jsessionid=ac16012b30d6bc37a32d6dd1475b9cc7ba92661c2a41.e3iSbxaKaheRe34Rch0Ra3mLchv0n6jAmljGr5XDqQLvpAe HTTP/1.1" 200 2
201.245.192.253 - - [05/Sep/2023:01:54:05 -0500] "POST /forms/lservlet;jsessionid=ac16012b30d62eda719afc174e28a0dea47e26939047.e3iSbxaKaheRe34Rch0Ra3mLchv0n6jAmljGr5XDqQLvpAe HTTP/1.1" 200 2
201.245.192.253 - - [05/Sep/2023:01:54:04 -0500] "POST /kwsrmcab/Wsrmcab  HTTP/1.1" 200 43037
216.245.221.92 - - [05/Sep/2023:01:54:39 -0500] "HEAD / HTTP/1.1" 200 -
201.245.192.253 - - [05/Sep/2023:01:54:43 -0500] "POST /forms/lservlet;jsessionid=ac16012b30d6bc37a32d6dd1475b9cc7ba92661c2a41.e3iSbxaKaheRe34Rch0Ra3mLchv0n6jAmljGr5XDqQLvpAe HTTP/1.1" 200 2
201.245.192.253 - - [05/Sep/2023:01:56:05 -0500] "POST /forms/lservlet;jsessionid=ac16012b30d62eda719afc174e28a0dea47e26939047.e3iSbxaKaheRe34Rch0Ra3mLchv0n6jAmljGr5XDqQLvpAe HTTP/1.1" 200 2
66.249.77.8 - - [05/Sep/2023:01:56:31 -0500] "GET /BLA/resoluciones/RESOLUCIONES%202007/RES%202007%203901%20AL%204000/RESOLUCION%203954%20DE%202007.pdf HTTP/1.1" 200 397288
201.245.192.253 - - [05/Sep/2023:01:56:43 -0500] "POST /forms/lservlet;jsessionid=ac16012b30d6bc37a32d6dd1475b9cc7ba92661c2a41.e3iSbxaKaheRe34Rch0Ra3mLchv0n6jAmljGr5XDqQLvpAe HTTP/1.1" 200 2
172.22.2.4 - - [05/Sep/2023:01:55:37 -0500] "HEAD /BLA/boletinlegal/ HTTP/1.1" 200 -
216.244.66.195 - - [05/Sep/2023:01:57:24 -0500] "GET /BLA/resoluciones/index.php?dir=AUTOS%202016/&sort=date&order=asc HTTP/1.1" 200 331459
201.245.192.253 - - [05/Sep/2023:01:58:05 -0500] "POST /forms/lservlet;jsessionid=ac16012b30d62eda719afc174e28a0dea47e26939047.e3iSbxaKaheRe34Rch0Ra3mLchv0n6jAmljGr5XDqQLvpAe HTTP/1.1" 200 2
172.22.2.4 - - [05/Sep/2023:01:56:27 -0500] "GET /BLA/boletinlegal/ HTTP/1.1" 200 58597
201.245.192.253 - - [05/Sep/2023:01:58:43 -0500] "POST /forms/lservlet;jsessionid=ac16012b30d6bc37a32d6dd1475b9cc7ba92661c2a41.e3iSbxaKaheRe34Rch0Ra3mLchv0n6jAmljGr5XDqQLvpAe HTTP/1.1" 200 2
216.244.66.195 - - [05/Sep/2023:01:58:58 -0500] "GET /BLA/resoluciones/index.php?dir=RESOLUCIONES%202019/&sort=size&order=asc HTTP/1.1" 200 257501
201.245.192.253 - - [05/Sep/2023:01:59:03 -0500] "POST /kwsrmcab/Wsrmcab  HTTP/1.1" 200 43037
216.245.221.92 - - [05/Sep/2023:01:59:39 -0500] "HEAD / HTTP/1.1" 200 -
201.245.192.253 - - [05/Sep/2023:02:00:05 -0500] "POST /forms/lservlet;jsessionid=ac16012b30d62eda719afc174e28a0dea47e26939047.e3iSbxaKaheRe34Rch0Ra3mLchv0n6jAmljGr5XDqQLvpAe HTTP/1.1" 200 2
201.245.192.253 - - [05/Sep/2023:02:00:43 -0500] "POST /forms/lservlet;jsessionid=ac16012b30d6bc37a32d6dd1475b9cc7ba92661c2a41.e3iSbxaKaheRe34Rch0Ra3mLchv0n6jAmljGr5XDqQLvpAe HTTP/1.1" 200 2
201.245.192.253 - - [05/Sep/2023:02:02:05 -0500] "POST /forms/lservlet;jsessionid=ac16012b30d62eda719afc174e28a0dea47e26939047.e3iSbxaKaheRe34Rch0Ra3mLchv0n6jAmljGr5XDqQLvpAe HTTP/1.1" 200 2
201.245.192.253 - - [05/Sep/2023:02:02:43 -0500] "POST /forms/lservlet;jsessionid=ac16012b30d6bc37a32d6dd1475b9cc7ba92661c2a41.e3iSbxaKaheRe34Rch0Ra3mLchv0n6jAmljGr5XDqQLvpAe HTTP/1.1" 200 2
216.244.66.195 - - [05/Sep/2023:02:02:48 -0500] "GET /BLA/resoluciones/index.php?dir=RESOLUCIONES+2003%2FRES+2003+551-600%2F HTTP/1.1" 200 11305
172.22.2.4 - - [05/Sep/2023:02:01:27 -0500] "HEAD /BLA/boletinlegal/ HTTP/1.1" 200 -
216.244.66.195 - - [05/Sep/2023:02:03:23 -0500] "GET /BLA/resoluciones/index.php?dir=RESOLUCIONES+2005%2FRES+2005+2351-2400%2F HTTP/1.1" 200 12366
216.244.66.195 - - [05/Sep/2023:02:03:37 -0500] "GET /transparencia/directorioservidores/2017/agosto.xlsx HTTP/1.1" 200 88875
216.244.66.195 - - [05/Sep/2023:02:03:51 -0500] "GET /transparencia/directorioservidores/2017/mayo.xlsx HTTP/1.1" 200 88321
172.22.2.4 - - [05/Sep/2023:02:02:17 -0500] "GET /BLA/boletinlegal/ HTTP/1.1" 200 60342
201.245.192.253 - - [05/Sep/2023:02:04:02 -0500] "POST /kwsrmcab/Wsrmcab  HTTP/1.1" 200 43037
201.245.192.253 - - [05/Sep/2023:02:04:05 -0500] "POST /forms/lservlet;jsessionid=ac16012b30d62eda719afc174e28a0dea47e26939047.e3iSbxaKaheRe34Rch0Ra3mLchv0n6jAmljGr5XDqQLvpAe HTTP/1.1" 200 2
216.245.221.92 - - [05/Sep/2023:02:04:39 -0500] "HEAD / HTTP/1.1" 200 -
66.249.66.194 - - [05/Sep/2023:02:04:42 -0500] "GET /robots.txt HTTP/1.1" 404 1034
66.249.66.193 - - [05/Sep/2023:02:04:42 -0500] "GET /dia-mundial-del-agua-2023-programate-para-participar-en-estas-actividades-de-educacion-ambiental.html HTTP/1.1" 200 903
201.245.192.253 - - [05/Sep/2023:02:04:43 -0500] "POST /forms/lservlet;jsessionid=ac16012b30d6bc37a32d6dd1475b9cc7ba92661c2a41.e3iSbxaKaheRe34Rch0Ra3mLchv0n6jAmljGr5XDqQLvpAe HTTP/1.1" 200 2
66.249.66.204 - - [05/Sep/2023:02:05:51 -0500] "GET /robots.txt HTTP/1.1" 404 1043
66.249.66.205 - - [05/Sep/2023:02:05:52 -0500] "GET /BLA/boletinlegal/Circulares/2012/Circular%20No.%2011%20del%2027%20de%20Agosto%20de%202012.pdf HTTP/1.1" 200 526945
201.245.192.253 - - [05/Sep/2023:02:06:05 -0500] "POST /forms/lservlet;jsessionid=ac16012b30d62eda719afc174e28a0dea47e26939047.e3iSbxaKaheRe34Rch0Ra3mLchv0n6jAmljGr5XDqQLvpAe HTTP/1.1" 200 2
201.245.192.253 - - [05/Sep/2023:02:06:43 -0500] "POST /forms/lservlet;jsessionid=ac16012b30d6bc37a32d6dd1475b9cc7ba92661c2a41.e3iSbxaKaheRe34Rch0Ra3mLchv0n6jAmljGr5XDqQLvpAe HTTP/1.1" 200 2
201.245.192.253 - - [05/Sep/2023:02:08:05 -0500] "POST /forms/lservlet;jsessionid=ac16012b30d62eda719afc174e28a0dea47e26939047.e3iSbxaKaheRe34Rch0Ra3mLchv0n6jAmljGr5XDqQLvpAe HTTP/1.1" 200 2
212.29.233.218 - - [05/Sep/2023:02:08:21 -0500] "GET /robots.txt HTTP/1.1" 404 1034
212.29.233.218 - - [05/Sep/2023:02:08:21 -0500] "GET /inscribete-y-participa-en-la-convencion-internacional-de-emergencia-climatica-bogota-2023.html HTTP/1.1" 200 895
216.244.66.195 - - [05/Sep/2023:02:08:37 -0500] "GET /BLA/resoluciones/index.php?dir=RESOLUCIONES+2003%2FANEXOS+RES+2048%2F HTTP/1.1" 200 7160
201.245.192.253 - - [05/Sep/2023:02:08:43 -0500] "POST /forms/lservlet;jsessionid=ac16012b30d6bc37a32d6dd1475b9cc7ba92661c2a41.e3iSbxaKaheRe34Rch0Ra3mLchv0n6jAmljGr5XDqQLvpAe HTTP/1.1" 200 2
216.244.66.195 - - [05/Sep/2023:02:08:49 -0500] "GET /BLA/resoluciones/index.php?dir=RESOLUCIONES+2005%2FRES+2005+551-600%2F HTTP/1.1" 200 12249
172.22.2.4 - - [05/Sep/2023:02:07:17 -0500] "HEAD /BLA/boletinlegal/ HTTP/1.1" 200 -
201.245.192.253 - - [05/Sep/2023:02:09:01 -0500] "POST /kwsrmcab/Wsrmcab  HTTP/1.1" 200 43037
216.245.221.92 - - [05/Sep/2023:02:09:39 -0500] "HEAD / HTTP/1.1" 200 -
172.22.2.4 - - [05/Sep/2023:02:08:07 -0500] "GET /BLA/boletinlegal/ HTTP/1.1" 200 60692
201.245.192.253 - - [05/Sep/2023:02:10:05 -0500] "POST /forms/lservlet;jsessionid=ac16012b30d62eda719afc174e28a0dea47e26939047.e3iSbxaKaheRe34Rch0Ra3mLchv0n6jAmljGr5XDqQLvpAe HTTP/1.1" 200 2
201.245.192.253 - - [05/Sep/2023:02:10:43 -0500] "POST /forms/lservlet;jsessionid=ac16012b30d6bc37a32d6dd1475b9cc7ba92661c2a41.e3iSbxaKaheRe34Rch0Ra3mLchv0n6jAmljGr5XDqQLvpAe HTTP/1.1" 200 2
216.244.66.195 - - [05/Sep/2023:02:11:11 -0500] "GET /sipse/ HTTP/1.1" 302 -
201.245.192.253 - - [05/Sep/2023:02:12:05 -0500] "POST /forms/lservlet;jsessionid=ac16012b30d62eda719afc174e28a0dea47e26939047.e3iSbxaKaheRe34Rch0Ra3mLchv0n6jAmljGr5XDqQLvpAe HTTP/1.1" 200 2
201.245.192.253 - - [05/Sep/2023:02:12:43 -0500] "POST /forms/lservlet;jsessionid=ac16012b30d6bc37a32d6dd1475b9cc7ba92661c2a41.e3iSbxaKaheRe34Rch0Ra3mLchv0n6jAmljGr5XDqQLvpAe HTTP/1.1" 200 2
216.244.66.195 - - [05/Sep/2023:02:13:30 -0500] "GET /galeria/galeria/fotos/diaSC12.jpg HTTP/1.1" 200 152053
201.245.192.253 - - [05/Sep/2023:02:14:00 -0500] "POST /kwsrmcab/Wsrmcab  HTTP/1.1" 200 43037
201.245.192.253 - - [05/Sep/2023:02:14:05 -0500] "POST /forms/lservlet;jsessionid=ac16012b30d62eda719afc174e28a0dea47e26939047.e3iSbxaKaheRe34Rch0Ra3mLchv0n6jAmljGr5XDqQLvpAe HTTP/1.1" 200 2
216.245.221.92 - - [05/Sep/2023:02:14:39 -0500] "HEAD / HTTP/1.1" 200 -
201.245.192.253 - - [05/Sep/2023:02:14:43 -0500] "POST /forms/lservlet;jsessionid=ac16012b30d6bc37a32d6dd1475b9cc7ba92661c2a41.e3iSbxaKaheRe34Rch0Ra3mLchv0n6jAmljGr5XDqQLvpAe HTTP/1.1" 200 2
172.22.2.4 - - [05/Sep/2023:02:13:07 -0500] "HEAD /BLA/boletinlegal/ HTTP/1.1" 200 -
172.22.2.4 - - [05/Sep/2023:02:13:57 -0500] "GET /BLA/boletinlegal/ HTTP/1.1" 200 55460
201.245.192.253 - - [05/Sep/2023:02:16:05 -0500] "POST /forms/lservlet;jsessionid=ac16012b30d62eda719afc174e28a0dea47e26939047.e3iSbxaKaheRe34Rch0Ra3mLchv0n6jAmljGr5XDqQLvpAe HTTP/1.1" 200 2
201.245.192.253 - - [05/Sep/2023:02:16:43 -0500] "POST /forms/lservlet;jsessionid=ac16012b30d6bc37a32d6dd1475b9cc7ba92661c2a41.e3iSbxaKaheRe34Rch0Ra3mLchv0n6jAmljGr5XDqQLvpAe HTTP/1.1" 200 2
201.245.192.253 - - [05/Sep/2023:02:18:05 -0500] "POST /forms/lservlet;jsessionid=ac16012b30d62eda719afc174e28a0dea47e26939047.e3iSbxaKaheRe34Rch0Ra3mLchv0n6jAmljGr5XDqQLvpAe HTTP/1.1" 200 2
201.245.192.253 - - [05/Sep/2023:02:18:06 -0500] "POST /kwsrmcab/Wsrmcab HTTP/1.1" 200 42688
201.245.192.253 - - [05/Sep/2023:02:18:09 -0500] "POST /kwsrmcab/Wsrmcab HTTP/1.1" 200 42239
201.245.192.253 - - [05/Sep/2023:02:18:43 -0500] "POST /forms/lservlet;jsessionid=ac16012b30d6bc37a32d6dd1475b9cc7ba92661c2a41.e3iSbxaKaheRe34Rch0Ra3mLchv0n6jAmljGr5XDqQLvpAe HTTP/1.1" 200 2
201.245.192.253 - - [05/Sep/2023:02:19:00 -0500] "POST /kwsrmcab/Wsrmcab  HTTP/1.1" 200 43037
216.245.221.92 - - [05/Sep/2023:02:19:39 -0500] "HEAD / HTTP/1.1" 200 -
201.245.192.253 - - [05/Sep/2023:02:20:05 -0500] "POST /forms/lservlet;jsessionid=ac16012b30d62eda719afc174e28a0dea47e26939047.e3iSbxaKaheRe34Rch0Ra3mLchv0n6jAmljGr5XDqQLvpAe HTTP/1.1" 200 2
172.22.2.4 - - [05/Sep/2023:02:18:57 -0500] "HEAD /BLA/boletinlegal/ HTTP/1.1" 200 -
201.245.192.253 - - [05/Sep/2023:02:20:43 -0500] "POST /forms/lservlet;jsessionid=ac16012b30d6bc37a32d6dd1475b9cc7ba92661c2a41.e3iSbxaKaheRe34Rch0Ra3mLchv0n6jAmljGr5XDqQLvpAe HTTP/1.1" 200 2
172.22.2.4 - - [05/Sep/2023:02:19:47 -0500] "GET /BLA/boletinlegal/ HTTP/1.1" 200 60692
201.245.192.253 - - [05/Sep/2023:02:22:05 -0500] "POST /forms/lservlet;jsessionid=ac16012b30d62eda719afc174e28a0dea47e26939047.e3iSbxaKaheRe34Rch0Ra3mLchv0n6jAmljGr5XDqQLvpAe HTTP/1.1" 200 2
201.245.192.253 - - [05/Sep/2023:02:22:43 -0500] "POST /forms/lservlet;jsessionid=ac16012b30d6bc37a32d6dd1475b9cc7ba92661c2a41.e3iSbxaKaheRe34Rch0Ra3mLchv0n6jAmljGr5XDqQLvpAe HTTP/1.1" 200 2
201.245.192.253 - - [05/Sep/2023:02:23:58 -0500] "POST /kwsrmcab/Wsrmcab  HTTP/1.1" 200 43037
201.245.192.253 - - [05/Sep/2023:02:24:05 -0500] "POST /forms/lservlet;jsessionid=ac16012b30d62eda719afc174e28a0dea47e26939047.e3iSbxaKaheRe34Rch0Ra3mLchv0n6jAmljGr5XDqQLvpAe HTTP/1.1" 200 2
216.245.221.92 - - [05/Sep/2023:02:24:39 -0500] "HEAD / HTTP/1.1" 200 -
201.245.192.253 - - [05/Sep/2023:02:24:43 -0500] "POST /forms/lservlet;jsessionid=ac16012b30d6bc37a32d6dd1475b9cc7ba92661c2a41.e3iSbxaKaheRe34Rch0Ra3mLchv0n6jAmljGr5XDqQLvpAe HTTP/1.1" 200 2
201.245.192.253 - - [05/Sep/2023:02:26:05 -0500] "POST /forms/lservlet;jsessionid=ac16012b30d62eda719afc174e28a0dea47e26939047.e3iSbxaKaheRe34Rch0Ra3mLchv0n6jAmljGr5XDqQLvpAe HTTP/1.1" 200 2
172.22.2.4 - - [05/Sep/2023:02:24:47 -0500] "HEAD /BLA/boletinlegal/ HTTP/1.1" 200 -
66.249.72.224 - - [05/Sep/2023:02:26:31 -0500] "GET /BLA/resoluciones/Notificaciones/AUTOS%202018/00679.pdf HTTP/1.1" 200 265203
201.245.192.253 - - [05/Sep/2023:02:26:43 -0500] "POST /forms/lservlet;jsessionid=ac16012b30d6bc37a32d6dd1475b9cc7ba92661c2a41.e3iSbxaKaheRe34Rch0Ra3mLchv0n6jAmljGr5XDqQLvpAe HTTP/1.1" 200 2
216.244.66.195 - - [05/Sep/2023:02:26:53 -0500] "GET /BLA/resoluciones/index.php?dir=RESOLUCIONES%202002/RES%202002%201101-1150/&sort=size&order=asc HTTP/1.1" 200 12347
172.22.2.4 - - [05/Sep/2023:02:25:37 -0500] "GET /BLA/boletinlegal/ HTTP/1.1" 200 59343
201.245.192.253 - - [05/Sep/2023:02:28:05 -0500] "POST /forms/lservlet;jsessionid=ac16012b30d62eda719afc174e28a0dea47e26939047.e3iSbxaKaheRe34Rch0Ra3mLchv0n6jAmljGr5XDqQLvpAe HTTP/1.1" 200 2
216.244.66.195 - - [05/Sep/2023:02:28:06 -0500] "GET /BLA/resoluciones/AUTOS%202016/0278.pdf HTTP/1.1" 200 686964
201.245.192.253 - - [05/Sep/2023:02:28:06 -0500] "POST /kwsrmcab/Wsrmcab HTTP/1.1" 200 42688
201.245.192.253 - - [05/Sep/2023:02:28:09 -0500] "POST /kwsrmcab/Wsrmcab HTTP/1.1" 200 42239
216.244.66.195 - - [05/Sep/2023:02:28:14 -0500] "GET /BLA/resoluciones/AUTOS%202016/0684.pdf HTTP/1.1" 200 480321
216.244.66.195 - - [05/Sep/2023:02:28:27 -0500] "GET /BLA/resoluciones/AUTOS%202016/0714.pdf HTTP/1.1" 200 741322
201.245.192.253 - - [05/Sep/2023:02:28:43 -0500] "POST /forms/lservlet;jsessionid=ac16012b30d6bc37a32d6dd1475b9cc7ba92661c2a41.e3iSbxaKaheRe34Rch0Ra3mLchv0n6jAmljGr5XDqQLvpAe HTTP/1.1" 200 2
201.245.192.253 - - [05/Sep/2023:02:28:57 -0500] "POST /kwsrmcab/Wsrmcab  HTTP/1.1" 200 43037
216.244.66.195 - - [05/Sep/2023:02:29:01 -0500] "GET /BLA/resoluciones/AUTOS%202016/0850.pdf HTTP/1.1" 200 568769
216.244.66.195 - - [05/Sep/2023:02:29:33 -0500] "GET /BLA/resoluciones/AUTOS%202016/1147.pdf HTTP/1.1" 200 483812
216.245.221.92 - - [05/Sep/2023:02:29:39 -0500] "HEAD / HTTP/1.1" 200 -
216.244.66.195 - - [05/Sep/2023:02:30:00 -0500] "GET /BLA/resoluciones/AUTOS%202016/1193.pdf HTTP/1.1" 200 473335
201.245.192.253 - - [05/Sep/2023:02:30:05 -0500] "POST /forms/lservlet;jsessionid=ac16012b30d62eda719afc174e28a0dea47e26939047.e3iSbxaKaheRe34Rch0Ra3mLchv0n6jAmljGr5XDqQLvpAe HTTP/1.1" 200 2
216.244.66.195 - - [05/Sep/2023:02:30:26 -0500] "GET /BLA/resoluciones/AUTOS%202016/1196.pdf HTTP/1.1" 200 356572
201.245.192.253 - - [05/Sep/2023:02:30:43 -0500] "POST /forms/lservlet;jsessionid=ac16012b30d6bc37a32d6dd1475b9cc7ba92661c2a41.e3iSbxaKaheRe34Rch0Ra3mLchv0n6jAmljGr5XDqQLvpAe HTTP/1.1" 200 2
216.244.66.195 - - [05/Sep/2023:02:30:51 -0500] "GET /BLA/resoluciones/AUTOS%202016/1281.pdf HTTP/1.1" 200 316374
216.244.66.195 - - [05/Sep/2023:02:31:14 -0500] "GET /BLA/resoluciones/AUTOS%202016/1336.pdf HTTP/1.1" 200 388843
216.244.66.195 - - [05/Sep/2023:02:31:46 -0500] "GET /BLA/resoluciones/AUTOS%202016/1458.pdf HTTP/1.1" 200 599926
201.245.192.253 - - [05/Sep/2023:02:32:05 -0500] "POST /forms/lservlet;jsessionid=ac16012b30d62eda719afc174e28a0dea47e26939047.e3iSbxaKaheRe34Rch0Ra3mLchv0n6jAmljGr5XDqQLvpAe HTTP/1.1" 200 2
172.22.2.4 - - [05/Sep/2023:02:30:37 -0500] "HEAD /BLA/boletinlegal/ HTTP/1.1" 200 -
201.245.192.253 - - [05/Sep/2023:02:32:43 -0500] "POST /forms/lservlet;jsessionid=ac16012b30d6bc37a32d6dd1475b9cc7ba92661c2a41.e3iSbxaKaheRe34Rch0Ra3mLchv0n6jAmljGr5XDqQLvpAe HTTP/1.1" 200 2
172.22.2.4 - - [05/Sep/2023:02:31:27 -0500] "GET /BLA/boletinlegal/ HTTP/1.1" 200 57790
201.245.192.253 - - [05/Sep/2023:02:33:55 -0500] "POST /kwsrmcab/Wsrmcab  HTTP/1.1" 200 43037
201.245.192.253 - - [05/Sep/2023:02:34:05 -0500] "POST /forms/lservlet;jsessionid=ac16012b30d62eda719afc174e28a0dea47e26939047.e3iSbxaKaheRe34Rch0Ra3mLchv0n6jAmljGr5XDqQLvpAe HTTP/1.1" 200 2
216.245.221.92 - - [05/Sep/2023:02:34:39 -0500] "HEAD / HTTP/1.1" 200 -
201.245.192.253 - - [05/Sep/2023:02:34:43 -0500] "POST /forms/lservlet;jsessionid=ac16012b30d6bc37a32d6dd1475b9cc7ba92661c2a41.e3iSbxaKaheRe34Rch0Ra3mLchv0n6jAmljGr5XDqQLvpAe HTTP/1.1" 200 2
201.245.192.253 - - [05/Sep/2023:02:36:05 -0500] "POST /forms/lservlet;jsessionid=ac16012b30d62eda719afc174e28a0dea47e26939047.e3iSbxaKaheRe34Rch0Ra3mLchv0n6jAmljGr5XDqQLvpAe HTTP/1.1" 200 2
201.245.192.253 - - [05/Sep/2023:02:36:43 -0500] "POST /forms/lservlet;jsessionid=ac16012b30d6bc37a32d6dd1475b9cc7ba92661c2a41.e3iSbxaKaheRe34Rch0Ra3mLchv0n6jAmljGr5XDqQLvpAe HTTP/1.1" 200 2
201.245.192.253 - - [05/Sep/2023:02:38:05 -0500] "POST /forms/lservlet;jsessionid=ac16012b30d62eda719afc174e28a0dea47e26939047.e3iSbxaKaheRe34Rch0Ra3mLchv0n6jAmljGr5XDqQLvpAe HTTP/1.1" 200 2
172.22.2.4 - - [05/Sep/2023:02:36:26 -0500] "HEAD /BLA/boletinlegal/ HTTP/1.1" 200 -
201.245.192.253 - - [05/Sep/2023:02:38:06 -0500] "POST /kwsrmcab/Wsrmcab HTTP/1.1" 200 42688
201.245.192.253 - - [05/Sep/2023:02:38:09 -0500] "POST /kwsrmcab/Wsrmcab HTTP/1.1" 200 42239
201.245.192.253 - - [05/Sep/2023:02:38:43 -0500] "POST /forms/lservlet;jsessionid=ac16012b30d6bc37a32d6dd1475b9cc7ba92661c2a41.e3iSbxaKaheRe34Rch0Ra3mLchv0n6jAmljGr5XDqQLvpAe HTTP/1.1" 200 2
172.22.2.4 - - [05/Sep/2023:02:37:17 -0500] "GET /BLA/boletinlegal/ HTTP/1.1" 200 52656
201.245.192.253 - - [05/Sep/2023:02:38:55 -0500] "POST /kwsrmcab/Wsrmcab  HTTP/1.1" 200 43037
216.244.66.195 - - [05/Sep/2023:02:39:32 -0500] "GET /robots.txt HTTP/1.1" 404 1018
216.245.221.92 - - [05/Sep/2023:02:39:39 -0500] "HEAD / HTTP/1.1" 200 -
201.245.192.253 - - [05/Sep/2023:02:40:05 -0500] "POST /forms/lservlet;jsessionid=ac16012b30d62eda719afc174e28a0dea47e26939047.e3iSbxaKaheRe34Rch0Ra3mLchv0n6jAmljGr5XDqQLvpAe HTTP/1.1" 200 2
201.245.192.253 - - [05/Sep/2023:02:40:43 -0500] "POST /forms/lservlet;jsessionid=ac16012b30d6bc37a32d6dd1475b9cc7ba92661c2a41.e3iSbxaKaheRe34Rch0Ra3mLchv0n6jAmljGr5XDqQLvpAe HTTP/1.1" 200 2
201.245.192.253 - - [05/Sep/2023:02:42:05 -0500] "POST /forms/lservlet;jsessionid=ac16012b30d62eda719afc174e28a0dea47e26939047.e3iSbxaKaheRe34Rch0Ra3mLchv0n6jAmljGr5XDqQLvpAe HTTP/1.1" 200 2
201.245.192.253 - - [05/Sep/2023:02:42:43 -0500] "POST /forms/lservlet;jsessionid=ac16012b30d6bc37a32d6dd1475b9cc7ba92661c2a41.e3iSbxaKaheRe34Rch0Ra3mLchv0n6jAmljGr5XDqQLvpAe HTTP/1.1" 200 2
172.22.2.4 - - [05/Sep/2023:02:42:16 -0500] "HEAD /BLA/boletinlegal/ HTTP/1.1" 200 -
201.245.192.253 - - [05/Sep/2023:02:43:54 -0500] "POST /kwsrmcab/Wsrmcab  HTTP/1.1" 200 43037
201.245.192.253 - - [05/Sep/2023:02:44:05 -0500] "POST /forms/lservlet;jsessionid=ac16012b30d62eda719afc174e28a0dea47e26939047.e3iSbxaKaheRe34Rch0Ra3mLchv0n6jAmljGr5XDqQLvpAe HTTP/1.1" 200 2
216.245.221.92 - - [05/Sep/2023:02:44:39 -0500] "HEAD / HTTP/1.1" 200 -
201.245.192.253 - - [05/Sep/2023:02:44:43 -0500] "POST /forms/lservlet;jsessionid=ac16012b30d6bc37a32d6dd1475b9cc7ba92661c2a41.e3iSbxaKaheRe34Rch0Ra3mLchv0n6jAmljGr5XDqQLvpAe HTTP/1.1" 200 2
172.22.2.4 - - [05/Sep/2023:02:43:07 -0500] "GET /BLA/boletinlegal/ HTTP/1.1" 200 58187
201.245.192.253 - - [05/Sep/2023:02:46:05 -0500] "POST /forms/lservlet;jsessionid=ac16012b30d62eda719afc174e28a0dea47e26939047.e3iSbxaKaheRe34Rch0Ra3mLchv0n6jAmljGr5XDqQLvpAe HTTP/1.1" 200 2
201.245.192.253 - - [05/Sep/2023:02:46:43 -0500] "POST /forms/lservlet;jsessionid=ac16012b30d6bc37a32d6dd1475b9cc7ba92661c2a41.e3iSbxaKaheRe34Rch0Ra3mLchv0n6jAmljGr5XDqQLvpAe HTTP/1.1" 200 2
216.244.66.195 - - [05/Sep/2023:02:47:34 -0500] "GET /BLA/resoluciones/index.php?dir=RESOLUCIONES+2014%2F HTTP/1.1" 200 334019
216.244.66.195 - - [05/Sep/2023:02:47:39 -0500] "GET /BLA/resoluciones/index.php?dir=&sort=name&order=asc HTTP/1.1" 200 13696
201.245.192.253 - - [05/Sep/2023:02:48:05 -0500] "POST /forms/lservlet;jsessionid=ac16012b30d62eda719afc174e28a0dea47e26939047.e3iSbxaKaheRe34Rch0Ra3mLchv0n6jAmljGr5XDqQLvpAe HTTP/1.1" 200 2
201.245.192.253 - - [05/Sep/2023:02:48:43 -0500] "POST /forms/lservlet;jsessionid=ac16012b30d6bc37a32d6dd1475b9cc7ba92661c2a41.e3iSbxaKaheRe34Rch0Ra3mLchv0n6jAmljGr5XDqQLvpAe HTTP/1.1" 200 2
201.245.192.253 - - [05/Sep/2023:02:48:53 -0500] "POST /kwsrmcab/Wsrmcab  HTTP/1.1" 200 43037
216.245.221.92 - - [05/Sep/2023:02:49:39 -0500] "HEAD / HTTP/1.1" 200 -
172.22.2.4 - - [05/Sep/2023:02:48:06 -0500] "HEAD /BLA/boletinlegal/ HTTP/1.1" 200 -
216.244.66.195 - - [05/Sep/2023:02:49:55 -0500] "GET /BLA/resoluciones/index.php?dir=AUTOS%202012/&sort=date&order=asc HTTP/1.1" 200 276641
201.245.192.253 - - [05/Sep/2023:02:50:05 -0500] "POST /forms/lservlet;jsessionid=ac16012b30d62eda719afc174e28a0dea47e26939047.e3iSbxaKaheRe34Rch0Ra3mLchv0n6jAmljGr5XDqQLvpAe HTTP/1.1" 200 2
172.22.2.4 - - [05/Sep/2023:02:49:46 -0500] "GET /BLA/boletinlegal/ HTTP/1.1" 200 32715
172.22.2.4 - - [05/Sep/2023:02:48:57 -0500] "GET /BLA/boletinlegal/ HTTP/1.1" 200 53362
201.245.192.253 - - [05/Sep/2023:02:50:43 -0500] "POST /forms/lservlet;jsessionid=ac16012b30d6bc37a32d6dd1475b9cc7ba92661c2a41.e3iSbxaKaheRe34Rch0Ra3mLchv0n6jAmljGr5XDqQLvpAe HTTP/1.1" 200 2
172.22.2.4 - - [05/Sep/2023:02:51:36 -0500] "GET /BLA/boletinlegal/favicon.ico HTTP/1.1" 404 1018
201.245.192.253 - - [05/Sep/2023:02:52:05 -0500] "POST /forms/lservlet;jsessionid=ac16012b30d62eda719afc174e28a0dea47e26939047.e3iSbxaKaheRe34Rch0Ra3mLchv0n6jAmljGr5XDqQLvpAe HTTP/1.1" 200 2
172.22.2.4 - - [05/Sep/2023:02:50:40 -0500] "GET /BLA/boletinlegal/ HTTP/1.1" 200 51700
201.245.192.253 - - [05/Sep/2023:02:52:43 -0500] "POST /forms/lservlet;jsessionid=ac16012b30d6bc37a32d6dd1475b9cc7ba92661c2a41.e3iSbxaKaheRe34Rch0Ra3mLchv0n6jAmljGr5XDqQLvpAe HTTP/1.1" 200 2
216.244.66.195 - - [05/Sep/2023:02:52:45 -0500] "GET /transparencia/directorioservidores/2017/febrero.xlsx HTTP/1.1" 200 88385
172.22.2.4 - - [05/Sep/2023:02:51:06 -0500] "GET /BLA/boletinlegal/ HTTP/1.1" 200 44302
172.22.2.4 - - [05/Sep/2023:02:51:21 -0500] "GET /BLA/boletinlegal/ HTTP/1.1" 200 45101
201.245.192.253 - - [05/Sep/2023:02:53:53 -0500] "POST /kwsrmcab/Wsrmcab  HTTP/1.1" 200 43037
201.245.192.253 - - [05/Sep/2023:02:54:05 -0500] "POST /forms/lservlet;jsessionid=ac16012b30d62eda719afc174e28a0dea47e26939047.e3iSbxaKaheRe34Rch0Ra3mLchv0n6jAmljGr5XDqQLvpAe HTTP/1.1" 200 2
216.245.221.92 - - [05/Sep/2023:02:54:39 -0500] "HEAD / HTTP/1.1" 200 -
201.245.192.253 - - [05/Sep/2023:02:54:43 -0500] "POST /forms/lservlet;jsessionid=ac16012b30d6bc37a32d6dd1475b9cc7ba92661c2a41.e3iSbxaKaheRe34Rch0Ra3mLchv0n6jAmljGr5XDqQLvpAe HTTP/1.1" 200 2
172.22.2.4 - - [05/Sep/2023:02:53:56 -0500] "HEAD /BLA/boletinlegal/ HTTP/1.1" 200 -
201.245.192.253 - - [05/Sep/2023:02:56:05 -0500] "POST /forms/lservlet;jsessionid=ac16012b30d62eda719afc174e28a0dea47e26939047.e3iSbxaKaheRe34Rch0Ra3mLchv0n6jAmljGr5XDqQLvpAe HTTP/1.1" 200 2
172.22.2.4 - - [05/Sep/2023:02:54:47 -0500] "GET /BLA/boletinlegal/ HTTP/1.1" 200 58187
201.245.192.253 - - [05/Sep/2023:02:56:43 -0500] "POST /forms/lservlet;jsessionid=ac16012b30d6bc37a32d6dd1475b9cc7ba92661c2a41.e3iSbxaKaheRe34Rch0Ra3mLchv0n6jAmljGr5XDqQLvpAe HTTP/1.1" 200 2
52.167.144.195 - - [05/Sep/2023:02:56:52 -0500] "GET /BLA/resoluciones/AUTOS%202023/2816.pdf HTTP/1.1" 200 892128
201.245.192.253 - - [05/Sep/2023:02:58:05 -0500] "POST /forms/lservlet;jsessionid=ac16012b30d62eda719afc174e28a0dea47e26939047.e3iSbxaKaheRe34Rch0Ra3mLchv0n6jAmljGr5XDqQLvpAe HTTP/1.1" 200 2
162.55.170.174 - - [05/Sep/2023:02:58:32 -0500] "GET / HTTP/1.1" 200 319
162.55.170.174 - - [05/Sep/2023:02:58:32 -0500] "GET / HTTP/1.1" 200 4720
201.245.192.253 - - [05/Sep/2023:02:58:43 -0500] "POST /forms/lservlet;jsessionid=ac16012b30d6bc37a32d6dd1475b9cc7ba92661c2a41.e3iSbxaKaheRe34Rch0Ra3mLchv0n6jAmljGr5XDqQLvpAe HTTP/1.1" 200 2
201.245.192.253 - - [05/Sep/2023:02:58:51 -0500] "POST /kwsrmcab/Wsrmcab  HTTP/1.1" 200 43037
216.245.221.92 - - [05/Sep/2023:02:59:39 -0500] "HEAD / HTTP/1.1" 200 -
201.245.192.253 - - [05/Sep/2023:03:00:05 -0500] "POST /forms/lservlet;jsessionid=ac16012b30d62eda719afc174e28a0dea47e26939047.e3iSbxaKaheRe34Rch0Ra3mLchv0n6jAmljGr5XDqQLvpAe HTTP/1.1" 200 2
216.244.66.195 - - [05/Sep/2023:03:00:35 -0500] "GET /galeria/galeria/fotos/diaSC3.jpg HTTP/1.1" 200 194033
201.245.192.253 - - [05/Sep/2023:03:00:43 -0500] "POST /forms/lservlet;jsessionid=ac16012b30d6bc37a32d6dd1475b9cc7ba92661c2a41.e3iSbxaKaheRe34Rch0Ra3mLchv0n6jAmljGr5XDqQLvpAe HTTP/1.1" 200 2
172.22.2.4 - - [05/Sep/2023:02:59:46 -0500] "HEAD /BLA/boletinlegal/ HTTP/1.1" 200 -
34.210.85.71 - - [05/Sep/2023:03:01:54 -0500] "GET / HTTP/1.1" 200 319
201.245.192.253 - - [05/Sep/2023:03:02:05 -0500] "POST /forms/lservlet;jsessionid=ac16012b30d62eda719afc174e28a0dea47e26939047.e3iSbxaKaheRe34Rch0Ra3mLchv0n6jAmljGr5XDqQLvpAe HTTP/1.1" 200 2
172.22.2.4 - - [05/Sep/2023:03:00:37 -0500] "GET /BLA/boletinlegal/ HTTP/1.1" 200 58597
201.245.192.253 - - [05/Sep/2023:03:02:43 -0500] "POST /forms/lservlet;jsessionid=ac16012b30d6bc37a32d6dd1475b9cc7ba92661c2a41.e3iSbxaKaheRe34Rch0Ra3mLchv0n6jAmljGr5XDqQLvpAe HTTP/1.1" 200 2
201.245.192.253 - - [05/Sep/2023:03:03:50 -0500] "POST /kwsrmcab/Wsrmcab  HTTP/1.1" 200 43037
201.245.192.253 - - [05/Sep/2023:03:04:05 -0500] "POST /forms/lservlet;jsessionid=ac16012b30d62eda719afc174e28a0dea47e26939047.e3iSbxaKaheRe34Rch0Ra3mLchv0n6jAmljGr5XDqQLvpAe HTTP/1.1" 200 2
94.102.61.80 - - [05/Sep/2023:03:04:35 -0500] "GET /portaldeninos/ HTTP/1.1" 200 110175
216.245.221.92 - - [05/Sep/2023:03:04:39 -0500] "HEAD / HTTP/1.1" 200 -
201.245.192.253 - - [05/Sep/2023:03:04:43 -0500] "POST /forms/lservlet;jsessionid=ac16012b30d6bc37a32d6dd1475b9cc7ba92661c2a41.e3iSbxaKaheRe34Rch0Ra3mLchv0n6jAmljGr5XDqQLvpAe HTTP/1.1" 200 2
52.167.144.163 - - [05/Sep/2023:03:04:53 -0500] "GET /BLA/resoluciones/RESOLUCIONES%202011/1948.pdf HTTP/1.1" 200 498871
216.244.66.195 - - [05/Sep/2023:03:05:56 -0500] "GET /BLA/resoluciones/RESOLUCIONES%202017/1031.pdf HTTP/1.1" 200 1150414
201.245.192.253 - - [05/Sep/2023:03:06:05 -0500] "POST /forms/lservlet;jsessionid=ac16012b30d62eda719afc174e28a0dea47e26939047.e3iSbxaKaheRe34Rch0Ra3mLchv0n6jAmljGr5XDqQLvpAe HTTP/1.1" 200 2
216.244.66.195 - - [05/Sep/2023:03:06:37 -0500] "GET /galeria/galeria/fotos/Humedal-la-conejera4G.jpg HTTP/1.1" 200 371145
201.245.192.253 - - [05/Sep/2023:03:06:43 -0500] "POST /forms/lservlet;jsessionid=ac16012b30d6bc37a32d6dd1475b9cc7ba92661c2a41.e3iSbxaKaheRe34Rch0Ra3mLchv0n6jAmljGr5XDqQLvpAe HTTP/1.1" 200 2
172.22.2.4 - - [05/Sep/2023:03:05:36 -0500] "HEAD /BLA/boletinlegal/ HTTP/1.1" 200 -
201.245.192.253 - - [05/Sep/2023:03:08:05 -0500] "POST /forms/lservlet;jsessionid=ac16012b30d62eda719afc174e28a0dea47e26939047.e3iSbxaKaheRe34Rch0Ra3mLchv0n6jAmljGr5XDqQLvpAe HTTP/1.1" 200 2
172.22.2.4 - - [05/Sep/2023:03:06:27 -0500] "GET /BLA/boletinlegal/ HTTP/1.1" 200 60692
201.245.192.253 - - [05/Sep/2023:03:08:43 -0500] "POST /forms/lservlet;jsessionid=ac16012b30d6bc37a32d6dd1475b9cc7ba92661c2a41.e3iSbxaKaheRe34Rch0Ra3mLchv0n6jAmljGr5XDqQLvpAe HTTP/1.1" 200 2
201.245.192.253 - - [05/Sep/2023:03:08:50 -0500] "POST /kwsrmcab/Wsrmcab  HTTP/1.1" 200 43037
216.244.66.195 - - [05/Sep/2023:03:09:34 -0500] "GET /BLA/resoluciones/AUTOS%202016/0461.pdf HTTP/1.1" 200 730144
216.245.221.92 - - [05/Sep/2023:03:09:39 -0500] "HEAD / HTTP/1.1" 200 -
201.245.192.253 - - [05/Sep/2023:03:10:05 -0500] "POST /forms/lservlet;jsessionid=ac16012b30d62eda719afc174e28a0dea47e26939047.e3iSbxaKaheRe34Rch0Ra3mLchv0n6jAmljGr5XDqQLvpAe HTTP/1.1" 200 2
52.167.144.56 - - [05/Sep/2023:03:10:09 -0500] "GET /robots.txt HTTP/1.1" 404 1032
52.167.144.160 - - [05/Sep/2023:03:10:13 -0500] "GET / HTTP/1.1" 200 319
216.244.66.195 - - [05/Sep/2023:03:10:13 -0500] "GET /BLA/resoluciones/AUTOS%202016/0530.pdf HTTP/1.1" 200 812461
201.245.192.253 - - [05/Sep/2023:03:10:43 -0500] "POST /forms/lservlet;jsessionid=ac16012b30d6bc37a32d6dd1475b9cc7ba92661c2a41.e3iSbxaKaheRe34Rch0Ra3mLchv0n6jAmljGr5XDqQLvpAe HTTP/1.1" 200 2
216.244.66.195 - - [05/Sep/2023:03:10:55 -0500] "GET /BLA/resoluciones/AUTOS%202016/0638.pdf HTTP/1.1" 200 483946
216.244.66.195 - - [05/Sep/2023:03:11:27 -0500] "GET /BLA/resoluciones/AUTOS%202016/0673.pdf HTTP/1.1" 200 486400
216.244.66.195 - - [05/Sep/2023:03:11:56 -0500] "GET /BLA/resoluciones/AUTOS%202016/0738.pdf HTTP/1.1" 200 503196
201.245.192.253 - - [05/Sep/2023:03:12:05 -0500] "POST /forms/lservlet;jsessionid=ac16012b30d62eda719afc174e28a0dea47e26939047.e3iSbxaKaheRe34Rch0Ra3mLchv0n6jAmljGr5XDqQLvpAe HTTP/1.1" 200 2
216.244.66.195 - - [05/Sep/2023:03:12:27 -0500] "GET /BLA/resoluciones/AUTOS%202016/0780.pdf HTTP/1.1" 200 478496
201.245.192.253 - - [05/Sep/2023:03:12:43 -0500] "POST /forms/lservlet;jsessionid=ac16012b30d6bc37a32d6dd1475b9cc7ba92661c2a41.e3iSbxaKaheRe34Rch0Ra3mLchv0n6jAmljGr5XDqQLvpAe HTTP/1.1" 200 2
216.244.66.195 - - [05/Sep/2023:03:12:55 -0500] "GET /BLA/resoluciones/AUTOS%202016/1014.pdf HTTP/1.1" 200 547800
172.22.2.4 - - [05/Sep/2023:03:11:26 -0500] "HEAD /BLA/boletinlegal/ HTTP/1.1" 200 -
216.244.66.195 - - [05/Sep/2023:03:13:22 -0500] "GET /BLA/resoluciones/AUTOS%202016/1812.pdf HTTP/1.1" 200 636453
216.244.66.195 - - [05/Sep/2023:03:13:48 -0500] "GET /BLA/resoluciones/AUTOS%202016/1964.pdf HTTP/1.1" 200 333764
201.245.192.253 - - [05/Sep/2023:03:13:49 -0500] "POST /kwsrmcab/Wsrmcab  HTTP/1.1" 200 43037
172.22.2.4 - - [05/Sep/2023:03:12:17 -0500] "GET /BLA/boletinlegal/ HTTP/1.1" 200 58597
201.245.192.253 - - [05/Sep/2023:03:14:05 -0500] "POST /forms/lservlet;jsessionid=ac16012b30d62eda719afc174e28a0dea47e26939047.e3iSbxaKaheRe34Rch0Ra3mLchv0n6jAmljGr5XDqQLvpAe HTTP/1.1" 200 2
216.244.66.195 - - [05/Sep/2023:03:14:12 -0500] "GET /BLA/resoluciones/AUTOS%202016/2150.pdf HTTP/1.1" 200 568775
216.244.66.195 - - [05/Sep/2023:03:14:37 -0500] "GET /BLA/resoluciones/AUTOS%202016/2173.pdf HTTP/1.1" 200 553878
216.245.221.92 - - [05/Sep/2023:03:14:39 -0500] "HEAD / HTTP/1.1" 200 -
201.245.192.253 - - [05/Sep/2023:03:14:43 -0500] "POST /forms/lservlet;jsessionid=ac16012b30d6bc37a32d6dd1475b9cc7ba92661c2a41.e3iSbxaKaheRe34Rch0Ra3mLchv0n6jAmljGr5XDqQLvpAe HTTP/1.1" 200 2
216.244.66.195 - - [05/Sep/2023:03:14:59 -0500] "GET /BLA/resoluciones/AUTOS%202016/2512.pdf HTTP/1.1" 200 511619
216.244.66.195 - - [05/Sep/2023:03:15:21 -0500] "GET /BLA/resoluciones/AUTOS%202016/2768.pdf HTTP/1.1" 200 653203
216.244.66.195 - - [05/Sep/2023:03:15:41 -0500] "GET /BLA/resoluciones/AUTOS%202016/2794.pdf HTTP/1.1" 200 474968
201.245.192.253 - - [05/Sep/2023:03:16:05 -0500] "POST /forms/lservlet;jsessionid=ac16012b30d62eda719afc174e28a0dea47e26939047.e3iSbxaKaheRe34Rch0Ra3mLchv0n6jAmljGr5XDqQLvpAe HTTP/1.1" 200 2
216.244.66.195 - - [05/Sep/2023:03:16:07 -0500] "GET /BLA/resoluciones/AUTOS%202016/3029.pdf HTTP/1.1" 200 415151
216.244.66.195 - - [05/Sep/2023:03:16:27 -0500] "GET /BLA/resoluciones/AUTOS%202016/3118.pdf HTTP/1.1" 200 483421
186.155.15.152 - - [05/Sep/2023:03:16:27 -0500] "GET /sipse/faces/faces/faces/autenticacion.xhtml HTTP/1.1" 200 12174
186.155.15.152 - - [05/Sep/2023:03:16:28 -0500] "GET /sipse/js/disable_browser_buttons.js HTTP/1.1" 304 -
186.155.15.152 - - [05/Sep/2023:03:16:28 -0500] "GET /sipse/css/custom_css_sg.css HTTP/1.1" 304 -
186.155.15.152 - - [05/Sep/2023:03:16:28 -0500] "GET /sipse/faces/javax.faces.resource/theme.css?ln=primefaces-sipse HTTP/1.1" 304 -
186.155.15.152 - - [05/Sep/2023:03:16:28 -0500] "GET /sipse/faces/javax.faces.resource/primefaces.css?ln=primefaces&v=4.0 HTTP/1.1" 304 -
186.155.15.152 - - [05/Sep/2023:03:16:28 -0500] "GET /sipse/css/custom_css_sg_prime_login.css HTTP/1.1" 304 -
186.155.15.152 - - [05/Sep/2023:03:16:28 -0500] "GET /sipse/faces/javax.faces.resource/layout/layout.css?ln=primefaces&v=4.0 HTTP/1.1" 304 -
186.155.15.152 - - [05/Sep/2023:03:16:28 -0500] "GET /sipse/js/funciones.js HTTP/1.1" 304 -
186.155.15.152 - - [05/Sep/2023:03:16:28 -0500] "GET /sipse/faces/javax.faces.resource/jquery/jquery.js?ln=primefaces&v=4.0 HTTP/1.1" 304 -
186.155.15.152 - - [05/Sep/2023:03:16:28 -0500] "GET /sipse/faces/javax.faces.resource/jquery/jquery-plugins.js?ln=primefaces&v=4.0 HTTP/1.1" 304 -
186.155.15.152 - - [05/Sep/2023:03:16:28 -0500] "GET /sipse/faces/javax.faces.resource/layout/layout.js?ln=primefaces&v=4.0 HTTP/1.1" 304 -
186.155.15.152 - - [05/Sep/2023:03:16:28 -0500] "GET /sipse/faces/javax.faces.resource/primefaces.js?ln=primefaces&v=4.0 HTTP/1.1" 200 276924
186.155.15.152 - - [05/Sep/2023:03:16:28 -0500] "GET /sipse/css/imagen/loginimg.png HTTP/1.1" 304 -
186.155.15.152 - - [05/Sep/2023:03:16:28 -0500] "GET /sipse/css/imagen/logoSDG.png HTTP/1.1" 304 -
186.155.15.152 - - [05/Sep/2023:03:16:28 -0500] "GET /sipse/faces/javax.faces.resource/images/ui-icons_898989_256x240.png?ln=primefaces-aristo HTTP/1.1" 304 -
186.155.15.152 - - [05/Sep/2023:03:16:28 -0500] "GET /sipse/faces/faces/faces/index.xhtml HTTP/1.1" 200 677
186.155.15.152 - - [05/Sep/2023:03:16:28 -0500] "GET /sipse/faces/javax.faces.resource/theme.css?ln=primefaces-sipse HTTP/1.1" 304 -
186.155.15.152 - - [05/Sep/2023:03:16:28 -0500] "GET /sipse/faces/faces/faces/faces/autenticacion.xhtml HTTP/1.1" 200 12174
186.155.15.152 - - [05/Sep/2023:03:16:28 -0500] "GET /sipse/faces/javax.faces.resource/theme.css?ln=primefaces-sipse HTTP/1.1" 304 -
186.155.15.152 - - [05/Sep/2023:03:16:28 -0500] "GET /sipse/faces/javax.faces.resource/primefaces.css?ln=primefaces&v=4.0 HTTP/1.1" 304 -
186.155.15.152 - - [05/Sep/2023:03:16:28 -0500] "GET /sipse/faces/javax.faces.resource/layout/layout.css?ln=primefaces&v=4.0 HTTP/1.1" 304 -
186.155.15.152 - - [05/Sep/2023:03:16:28 -0500] "GET /sipse/faces/javax.faces.resource/jquery/jquery.js?ln=primefaces&v=4.0 HTTP/1.1" 304 -
186.155.15.152 - - [05/Sep/2023:03:16:28 -0500] "GET /sipse/faces/javax.faces.resource/jquery/jquery-plugins.js?ln=primefaces&v=4.0 HTTP/1.1" 304 -
186.155.15.152 - - [05/Sep/2023:03:16:28 -0500] "GET /sipse/faces/javax.faces.resource/primefaces.js?ln=primefaces&v=4.0 HTTP/1.1" 304 -
186.155.15.152 - - [05/Sep/2023:03:16:28 -0500] "GET /sipse/faces/javax.faces.resource/layout/layout.js?ln=primefaces&v=4.0 HTTP/1.1" 304 -
186.155.15.152 - - [05/Sep/2023:03:16:34 -0500] "POST /sipse/faces/autenticacion.xhtml HTTP/1.1" 200 2217
186.155.15.152 - - [05/Sep/2023:03:16:34 -0500] "GET /sipse/faces/javax.faces.resource/messages/messages.png?ln=primefaces&v=4.0 HTTP/1.1" 304 -
186.155.15.152 - - [05/Sep/2023:03:16:35 -0500] "GET /sipse/faces/javax.faces.resource/images/ui-icons_898989_256x240.png?ln=primefaces-aristo HTTP/1.1" 304 -
186.155.15.152 - - [05/Sep/2023:03:16:35 -0500] "POST /sipse/faces/autenticacion.xhtml HTTP/1.1" 200 16346
186.155.15.152 - - [05/Sep/2023:03:16:36 -0500] "GET /sipse/faces/javax.faces.resource/theme.css?ln=primefaces-sipse HTTP/1.1" 304 -
186.155.15.152 - - [05/Sep/2023:03:16:36 -0500] "GET /sipse/js/jquery.min.js HTTP/1.1" 304 -
186.155.15.152 - - [05/Sep/2023:03:16:36 -0500] "GET /sipse/faces/javax.faces.resource/primefaces.css?ln=primefaces&v=4.0 HTTP/1.1" 304 -
186.155.15.152 - - [05/Sep/2023:03:16:36 -0500] "GET /sipse/faces/javax.faces.resource/layout/layout.css?ln=primefaces&v=4.0 HTTP/1.1" 304 -
186.155.15.152 - - [05/Sep/2023:03:16:36 -0500] "GET /sipse/css/custom_css_sg_prime.css HTTP/1.1" 304 -
186.155.15.152 - - [05/Sep/2023:03:16:36 -0500] "GET /sipse/faces/javax.faces.resource/jquery/jquery.js?ln=primefaces&v=4.0 HTTP/1.1" 304 -
186.155.15.152 - - [05/Sep/2023:03:16:36 -0500] "GET /sipse/faces/javax.faces.resource/jquery/jquery-plugins.js?ln=primefaces&v=4.0 HTTP/1.1" 304 -
186.155.15.152 - - [05/Sep/2023:03:16:36 -0500] "GET /sipse/faces/javax.faces.resource/primefaces.js?ln=primefaces&v=4.0 HTTP/1.1" 304 -
186.155.15.152 - - [05/Sep/2023:03:16:36 -0500] "GET /sipse/faces/javax.faces.resource/layout/layout.js?ln=primefaces&v=4.0 HTTP/1.1" 304 -
186.155.15.152 - - [05/Sep/2023:03:16:36 -0500] "GET /sipse/css/v_mergente.css HTTP/1.1" 304 -
186.155.15.152 - - [05/Sep/2023:03:16:36 -0500] "GET /sipse/css/imagen/contrasena.png HTTP/1.1" 404 383
186.155.15.152 - - [05/Sep/2023:03:16:36 -0500] "GET /sipse/imagenes/logoAplicacion.jpg HTTP/1.1" 304 -
186.155.15.152 - - [05/Sep/2023:03:16:36 -0500] "GET /sipse/imagenes/cargando.gif HTTP/1.1" 304 -
186.155.15.152 - - [05/Sep/2023:03:16:38 -0500] "POST /sipse/faces/bienvenido.xhtml HTTP/1.1" 200 2658
186.155.15.152 - - [05/Sep/2023:03:16:38 -0500] "GET /sipse/faces/javax.faces.resource/images/ui-bg_flat_0_2d5972_40x100.png?ln=primefaces-aristo HTTP/1.1" 304 -
186.155.15.152 - - [05/Sep/2023:03:16:39 -0500] "POST /sipse/faces/bienvenido.xhtml HTTP/1.1" 200 63293
186.155.15.152 - - [05/Sep/2023:03:16:39 -0500] "GET /sipse/faces/javax.faces.resource/layout/layout.css?ln=primefaces&v=4.0 HTTP/1.1" 304 -
186.155.15.152 - - [05/Sep/2023:03:16:39 -0500] "GET /sipse/faces/javax.faces.resource/primefaces.css?ln=primefaces&v=4.0 HTTP/1.1" 304 -
186.155.15.152 - - [05/Sep/2023:03:16:39 -0500] "GET /sipse/faces/javax.faces.resource/theme.css?ln=primefaces-sipse HTTP/1.1" 304 -
186.155.15.152 - - [05/Sep/2023:03:16:39 -0500] "GET /sipse/faces/javax.faces.resource/jquery/jquery.js?ln=primefaces&v=4.0 HTTP/1.1" 304 -
186.155.15.152 - - [05/Sep/2023:03:16:39 -0500] "GET /sipse/faces/javax.faces.resource/jquery/jquery-plugins.js?ln=primefaces&v=4.0 HTTP/1.1" 304 -
186.155.15.152 - - [05/Sep/2023:03:16:39 -0500] "GET /sipse/faces/javax.faces.resource/primefaces.js?ln=primefaces&v=4.0 HTTP/1.1" 304 -
186.155.15.152 - - [05/Sep/2023:03:16:39 -0500] "GET /sipse/faces/javax.faces.resource/layout/layout.js?ln=primefaces&v=4.0 HTTP/1.1" 304 -
186.155.15.152 - - [05/Sep/2023:03:16:39 -0500] "POST /sipse/faces/presentacion/financiero/solicitudProceso/listarSolicitudProceso.xhtml HTTP/1.1" 200 1560
186.155.15.152 - - [05/Sep/2023:03:16:41 -0500] "POST /sipse/faces/presentacion/financiero/solicitudProceso/listarSolicitudProceso.xhtml HTTP/1.1" 200 4819
186.155.15.152 - - [05/Sep/2023:03:16:43 -0500] "POST /sipse/faces/presentacion/financiero/solicitudProceso/listarSolicitudProceso.xhtml HTTP/1.1" 200 31331
201.245.192.253 - - [05/Sep/2023:03:16:43 -0500] "POST /forms/lservlet;jsessionid=ac16012b30d6bc37a32d6dd1475b9cc7ba92661c2a41.e3iSbxaKaheRe34Rch0Ra3mLchv0n6jAmljGr5XDqQLvpAe HTTP/1.1" 200 2
216.244.66.195 - - [05/Sep/2023:03:16:46 -0500] "GET /BLA/resoluciones/AUTOS%202016/3214.pdf HTTP/1.1" 200 356233
216.244.66.195 - - [05/Sep/2023:03:17:07 -0500] "GET /BLA/resoluciones/AUTOS%202007/1952.pdf HTTP/1.1" 200 91060
216.244.66.195 - - [05/Sep/2023:03:17:23 -0500] "GET /BLA/resoluciones/AUTOS%202004/0990.pdf HTTP/1.1" 200 78792
216.244.66.195 - - [05/Sep/2023:03:17:40 -0500] "GET /BLA/resoluciones/AUTOS%202007/1883.pdf HTTP/1.1" 200 65913
40.77.167.29 - - [05/Sep/2023:03:17:44 -0500] "GET /bla/resoluciones/autos%202012/2713.pdf HTTP/1.1" 200 456709
216.244.66.195 - - [05/Sep/2023:03:17:54 -0500] "GET /BLA/resoluciones/AUTOS%202010/0056.pdf HTTP/1.1" 200 199153
201.245.192.253 - - [05/Sep/2023:03:18:05 -0500] "POST /forms/lservlet;jsessionid=ac16012b30d62eda719afc174e28a0dea47e26939047.e3iSbxaKaheRe34Rch0Ra3mLchv0n6jAmljGr5XDqQLvpAe HTTP/1.1" 200 2
216.244.66.195 - - [05/Sep/2023:03:18:08 -0500] "GET /BLA/resoluciones/AUTOS%202010/0145.pdf HTTP/1.1" 200 185791
201.245.192.253 - - [05/Sep/2023:03:18:06 -0500] "POST /kwsrmcab/Wsrmcab HTTP/1.1" 200 43014
201.245.192.253 - - [05/Sep/2023:03:18:09 -0500] "POST /kwsrmcab/Wsrmcab HTTP/1.1" 200 42226
216.244.66.195 - - [05/Sep/2023:03:18:24 -0500] "GET /BLA/resoluciones/AUTOS%202010/0420.pdf HTTP/1.1" 200 241264
216.244.66.195 - - [05/Sep/2023:03:18:36 -0500] "GET /BLA/resoluciones/AUTOS%202010/0536.pdf HTTP/1.1" 200 180673
201.245.192.253 - - [05/Sep/2023:03:18:43 -0500] "POST /forms/lservlet;jsessionid=ac16012b30d6bc37a32d6dd1475b9cc7ba92661c2a41.e3iSbxaKaheRe34Rch0Ra3mLchv0n6jAmljGr5XDqQLvpAe HTTP/1.1" 200 2
216.244.66.195 - - [05/Sep/2023:03:18:47 -0500] "GET /BLA/resoluciones/AUTOS%202010/0849.pdf HTTP/1.1" 200 183847
201.245.192.253 - - [05/Sep/2023:03:18:49 -0500] "POST /kwsrmcab/Wsrmcab  HTTP/1.1" 200 43037
172.22.2.4 - - [05/Sep/2023:03:17:16 -0500] "HEAD /BLA/boletinlegal/ HTTP/1.1" 200 -
216.244.66.195 - - [05/Sep/2023:03:18:59 -0500] "GET /BLA/resoluciones/AUTOS%202010/1114.pdf HTTP/1.1" 200 192413
216.244.66.195 - - [05/Sep/2023:03:19:08 -0500] "GET /BLA/resoluciones/AUTOS%202010/1405.pdf HTTP/1.1" 200 252713
216.244.66.195 - - [05/Sep/2023:03:19:28 -0500] "GET /BLA/resoluciones/AUTOS%202010/2357.pdf HTTP/1.1" 200 20440
216.245.221.92 - - [05/Sep/2023:03:19:39 -0500] "HEAD / HTTP/1.1" 200 -
216.244.66.195 - - [05/Sep/2023:03:19:42 -0500] "GET /BLA/resoluciones/AUTOS%202010/2514.pdf HTTP/1.1" 200 210305
172.22.2.4 - - [05/Sep/2023:03:18:07 -0500] "GET /BLA/boletinlegal/ HTTP/1.1" 200 54597
216.244.66.195 - - [05/Sep/2023:03:19:55 -0500] "GET /BLA/resoluciones/AUTOS%202010/2607.pdf HTTP/1.1" 200 160815
201.245.192.253 - - [05/Sep/2023:03:20:05 -0500] "POST /forms/lservlet;jsessionid=ac16012b30d62eda719afc174e28a0dea47e26939047.e3iSbxaKaheRe34Rch0Ra3mLchv0n6jAmljGr5XDqQLvpAe HTTP/1.1" 200 2
216.244.66.195 - - [05/Sep/2023:03:20:08 -0500] "GET /BLA/resoluciones/AUTOS%202010/3999.pdf HTTP/1.1" 200 640097
216.244.66.195 - - [05/Sep/2023:03:20:21 -0500] "GET /BLA/resoluciones/AUTOS%202010/4858.pdf HTTP/1.1" 200 2084132
216.244.66.195 - - [05/Sep/2023:03:20:33 -0500] "GET /BLA/resoluciones/AUTOS%202010/4945.pdf HTTP/1.1" 200 149383
216.244.66.195 - - [05/Sep/2023:03:20:42 -0500] "GET /BLA/resoluciones/AUTOS%202010/5450.pdf HTTP/1.1" 200 1741130
201.245.192.253 - - [05/Sep/2023:03:20:43 -0500] "POST /forms/lservlet;jsessionid=ac16012b30d6bc37a32d6dd1475b9cc7ba92661c2a41.e3iSbxaKaheRe34Rch0Ra3mLchv0n6jAmljGr5XDqQLvpAe HTTP/1.1" 200 2
216.244.66.195 - - [05/Sep/2023:03:20:57 -0500] "GET /BLA/resoluciones/AUTOS%202010/5523.pdf HTTP/1.1" 200 425401
216.244.66.195 - - [05/Sep/2023:03:21:09 -0500] "GET /BLA/resoluciones/AUTOS%202010/6473.pdf HTTP/1.1" 200 155617
216.244.66.195 - - [05/Sep/2023:03:21:21 -0500] "GET /BLA/resoluciones/AUTOS%202010/6480.pdf HTTP/1.1" 200 162593
216.244.66.195 - - [05/Sep/2023:03:21:29 -0500] "GET /BLA/resoluciones/AUTOS%202010/6708.pdf HTTP/1.1" 200 189284
216.244.66.195 - - [05/Sep/2023:03:21:37 -0500] "GET /BLA/resoluciones/AUTOS%202010/6774.pdf HTTP/1.1" 200 174988
216.244.66.195 - - [05/Sep/2023:03:21:48 -0500] "GET /BLA/resoluciones/AUTOS%202011/3600.pdf HTTP/1.1" 200 218811
216.244.66.195 - - [05/Sep/2023:03:21:55 -0500] "GET /BLA/resoluciones/AUTOS%202011/3835.pdf HTTP/1.1" 200 334894
216.244.66.195 - - [05/Sep/2023:03:22:01 -0500] "GET /BLA/resoluciones/AUTOS%202011/3980.pdf HTTP/1.1" 200 867152
201.245.192.253 - - [05/Sep/2023:03:22:05 -0500] "POST /forms/lservlet;jsessionid=ac16012b30d62eda719afc174e28a0dea47e26939047.e3iSbxaKaheRe34Rch0Ra3mLchv0n6jAmljGr5XDqQLvpAe HTTP/1.1" 200 2
216.244.66.195 - - [05/Sep/2023:03:22:08 -0500] "GET /BLA/resoluciones/AUTOS%202011/4002.pdf HTTP/1.1" 200 263049
216.244.66.195 - - [05/Sep/2023:03:22:13 -0500] "GET /BLA/resoluciones/Decretos/Decreto%20723%20del%2021%20de%20Diciembre%20de%202017.pdf HTTP/1.1" 200 1076061
201.245.192.253 - - [05/Sep/2023:03:22:43 -0500] "POST /forms/lservlet;jsessionid=ac16012b30d6bc37a32d6dd1475b9cc7ba92661c2a41.e3iSbxaKaheRe34Rch0Ra3mLchv0n6jAmljGr5XDqQLvpAe HTTP/1.1" 200 2
201.245.192.253 - - [05/Sep/2023:03:23:48 -0500] "POST /kwsrmcab/Wsrmcab  HTTP/1.1" 200 43037
201.245.192.253 - - [05/Sep/2023:03:24:05 -0500] "POST /forms/lservlet;jsessionid=ac16012b30d62eda719afc174e28a0dea47e26939047.e3iSbxaKaheRe34Rch0Ra3mLchv0n6jAmljGr5XDqQLvpAe HTTP/1.1" 200 2
216.245.221.92 - - [05/Sep/2023:03:24:39 -0500] "HEAD / HTTP/1.1" 200 -
201.245.192.253 - - [05/Sep/2023:03:24:43 -0500] "POST /forms/lservlet;jsessionid=ac16012b30d6bc37a32d6dd1475b9cc7ba92661c2a41.e3iSbxaKaheRe34Rch0Ra3mLchv0n6jAmljGr5XDqQLvpAe HTTP/1.1" 200 2
172.22.2.4 - - [05/Sep/2023:03:23:06 -0500] "HEAD /BLA/boletinlegal/ HTTP/1.1" 200 -
172.22.2.4 - - [05/Sep/2023:03:23:57 -0500] "GET /BLA/boletinlegal/ HTTP/1.1" 200 58597
201.245.192.253 - - [05/Sep/2023:03:26:05 -0500] "POST /forms/lservlet;jsessionid=ac16012b30d62eda719afc174e28a0dea47e26939047.e3iSbxaKaheRe34Rch0Ra3mLchv0n6jAmljGr5XDqQLvpAe HTTP/1.1" 200 2
201.245.192.253 - - [05/Sep/2023:03:26:43 -0500] "POST /forms/lservlet;jsessionid=ac16012b30d6bc37a32d6dd1475b9cc7ba92661c2a41.e3iSbxaKaheRe34Rch0Ra3mLchv0n6jAmljGr5XDqQLvpAe HTTP/1.1" 200 2
201.245.192.253 - - [05/Sep/2023:03:28:05 -0500] "POST /forms/lservlet;jsessionid=ac16012b30d62eda719afc174e28a0dea47e26939047.e3iSbxaKaheRe34Rch0Ra3mLchv0n6jAmljGr5XDqQLvpAe HTTP/1.1" 200 2
201.245.192.253 - - [05/Sep/2023:03:28:05 -0500] "POST /kwsrmcab/Wsrmcab HTTP/1.1" 200 43014
201.245.192.253 - - [05/Sep/2023:03:28:09 -0500] "POST /kwsrmcab/Wsrmcab HTTP/1.1" 200 42226
201.245.192.253 - - [05/Sep/2023:03:28:43 -0500] "POST /forms/lservlet;jsessionid=ac16012b30d6bc37a32d6dd1475b9cc7ba92661c2a41.e3iSbxaKaheRe34Rch0Ra3mLchv0n6jAmljGr5XDqQLvpAe HTTP/1.1" 200 2
201.245.192.253 - - [05/Sep/2023:03:28:46 -0500] "POST /kwsrmcab/Wsrmcab  HTTP/1.1" 200 43037
66.249.72.225 - - [05/Sep/2023:03:29:05 -0500] "GET /robots.txt HTTP/1.1" 404 1018
66.249.72.238 - - [05/Sep/2023:03:29:06 -0500] "GET /BLA/resoluciones/RESOLUCIONES%202007/RES%202007%202701%20AL%202800/RESOLUCION%202734%20DE%202007.pdf HTTP/1.1" 200 388615
216.245.221.92 - - [05/Sep/2023:03:29:39 -0500] "HEAD / HTTP/1.1" 200 -
201.245.192.253 - - [05/Sep/2023:03:30:05 -0500] "POST /forms/lservlet;jsessionid=ac16012b30d62eda719afc174e28a0dea47e26939047.e3iSbxaKaheRe34Rch0Ra3mLchv0n6jAmljGr5XDqQLvpAe HTTP/1.1" 200 2
172.22.2.4 - - [05/Sep/2023:03:28:57 -0500] "HEAD /BLA/boletinlegal/ HTTP/1.1" 200 -
201.245.192.253 - - [05/Sep/2023:03:30:43 -0500] "POST /forms/lservlet;jsessionid=ac16012b30d6bc37a32d6dd1475b9cc7ba92661c2a41.e3iSbxaKaheRe34Rch0Ra3mLchv0n6jAmljGr5XDqQLvpAe HTTP/1.1" 200 2
172.22.2.4 - - [05/Sep/2023:03:29:47 -0500] "GET /BLA/boletinlegal/ HTTP/1.1" 200 60692
201.245.192.253 - - [05/Sep/2023:03:32:05 -0500] "POST /forms/lservlet;jsessionid=ac16012b30d62eda719afc174e28a0dea47e26939047.e3iSbxaKaheRe34Rch0Ra3mLchv0n6jAmljGr5XDqQLvpAe HTTP/1.1" 200 2
201.245.192.253 - - [05/Sep/2023:03:32:43 -0500] "POST /forms/lservlet;jsessionid=ac16012b30d6bc37a32d6dd1475b9cc7ba92661c2a41.e3iSbxaKaheRe34Rch0Ra3mLchv0n6jAmljGr5XDqQLvpAe HTTP/1.1" 200 2
201.245.192.253 - - [05/Sep/2023:03:33:45 -0500] "POST /kwsrmcab/Wsrmcab  HTTP/1.1" 200 43037
201.245.192.253 - - [05/Sep/2023:03:34:05 -0500] "POST /forms/lservlet;jsessionid=ac16012b30d62eda719afc174e28a0dea47e26939047.e3iSbxaKaheRe34Rch0Ra3mLchv0n6jAmljGr5XDqQLvpAe HTTP/1.1" 200 2
172.22.2.4 - - [05/Sep/2023:03:32:50 -0500] "GET /BLA/boletinlegal/ HTTP/1.1" 200 61387
216.245.221.92 - - [05/Sep/2023:03:34:39 -0500] "HEAD / HTTP/1.1" 200 -
201.245.192.253 - - [05/Sep/2023:03:34:43 -0500] "POST /forms/lservlet;jsessionid=ac16012b30d6bc37a32d6dd1475b9cc7ba92661c2a41.e3iSbxaKaheRe34Rch0Ra3mLchv0n6jAmljGr5XDqQLvpAe HTTP/1.1" 200 2
216.244.66.195 - - [05/Sep/2023:03:35:00 -0500] "GET /robots.txt HTTP/1.1" 404 1018
162.55.175.141 - - [05/Sep/2023:03:35:34 -0500] "GET / HTTP/1.1" 200 319
162.55.175.141 - - [05/Sep/2023:03:35:35 -0500] "GET / HTTP/1.1" 200 4720
66.249.66.192 - - [05/Sep/2023:03:35:52 -0500] "GET /pagos-por-servicios-ambientales-hidricos-una-iniciativa-para-la-conservacion-de-este-recurso.html HTTP/1.1" 200 1006
66.249.66.205 - - [05/Sep/2023:03:35:53 -0500] "GET /BLA/boletinlegal/Circulares/2010/Circular%2002%20de%2025%20de%20febrero%20de%202010.pdf HTTP/1.1" 200 233254
201.245.192.253 - - [05/Sep/2023:03:36:05 -0500] "POST /forms/lservlet;jsessionid=ac16012b30d62eda719afc174e28a0dea47e26939047.e3iSbxaKaheRe34Rch0Ra3mLchv0n6jAmljGr5XDqQLvpAe HTTP/1.1" 200 2
172.22.2.4 - - [05/Sep/2023:03:34:46 -0500] "HEAD /BLA/boletinlegal/ HTTP/1.1" 200 -
180.225.13.60 - - [05/Sep/2023:03:36:27 -0500] "GET /manager/html HTTP/1.1" 404 1018
201.245.192.253 - - [05/Sep/2023:03:36:43 -0500] "POST /forms/lservlet;jsessionid=ac16012b30d6bc37a32d6dd1475b9cc7ba92661c2a41.e3iSbxaKaheRe34Rch0Ra3mLchv0n6jAmljGr5XDqQLvpAe HTTP/1.1" 200 2
172.22.2.4 - - [05/Sep/2023:03:35:37 -0500] "GET /BLA/boletinlegal/ HTTP/1.1" 200 53766
66.249.72.224 - - [05/Sep/2023:03:37:43 -0500] "GET /resoluciones/RESOLUCIONES%202008/1042.pdf HTTP/1.1" 404 1018
52.167.144.215 - - [05/Sep/2023:03:37:45 -0500] "GET /cuales-son-los-tramites-ambientales-mas-solicitados-de-bogota.html HTTP/1.1" 304 -
201.245.192.253 - - [05/Sep/2023:03:38:05 -0500] "POST /forms/lservlet;jsessionid=ac16012b30d62eda719afc174e28a0dea47e26939047.e3iSbxaKaheRe34Rch0Ra3mLchv0n6jAmljGr5XDqQLvpAe HTTP/1.1" 200 2
201.245.192.253 - - [05/Sep/2023:03:38:05 -0500] "POST /kwsrmcab/Wsrmcab HTTP/1.1" 200 43014
201.245.192.253 - - [05/Sep/2023:03:38:08 -0500] "POST /kwsrmcab/Wsrmcab HTTP/1.1" 200 42226
201.245.192.253 - - [05/Sep/2023:03:38:43 -0500] "POST /forms/lservlet;jsessionid=ac16012b30d6bc37a32d6dd1475b9cc7ba92661c2a41.e3iSbxaKaheRe34Rch0Ra3mLchv0n6jAmljGr5XDqQLvpAe HTTP/1.1" 200 2
201.245.192.253 - - [05/Sep/2023:03:38:44 -0500] "POST /kwsrmcab/Wsrmcab  HTTP/1.1" 200 43037
216.245.221.92 - - [05/Sep/2023:03:39:39 -0500] "HEAD / HTTP/1.1" 200 -
66.249.72.224 - - [05/Sep/2023:03:39:42 -0500] "GET /BLA/resoluciones/RESOLUCIONES%202011/2054.pdf HTTP/1.1" 200 308991
201.245.192.253 - - [05/Sep/2023:03:40:05 -0500] "POST /forms/lservlet;jsessionid=ac16012b30d62eda719afc174e28a0dea47e26939047.e3iSbxaKaheRe34Rch0Ra3mLchv0n6jAmljGr5XDqQLvpAe HTTP/1.1" 200 2
201.245.192.253 - - [05/Sep/2023:03:40:43 -0500] "POST /forms/lservlet;jsessionid=ac16012b30d6bc37a32d6dd1475b9cc7ba92661c2a41.e3iSbxaKaheRe34Rch0Ra3mLchv0n6jAmljGr5XDqQLvpAe HTTP/1.1" 200 2
201.245.192.253 - - [05/Sep/2023:03:42:05 -0500] "POST /forms/lservlet;jsessionid=ac16012b30d62eda719afc174e28a0dea47e26939047.e3iSbxaKaheRe34Rch0Ra3mLchv0n6jAmljGr5XDqQLvpAe HTTP/1.1" 200 2
172.22.2.4 - - [05/Sep/2023:03:40:36 -0500] "HEAD /BLA/boletinlegal/ HTTP/1.1" 200 -
201.245.192.253 - - [05/Sep/2023:03:42:43 -0500] "POST /forms/lservlet;jsessionid=ac16012b30d6bc37a32d6dd1475b9cc7ba92661c2a41.e3iSbxaKaheRe34Rch0Ra3mLchv0n6jAmljGr5XDqQLvpAe HTTP/1.1" 200 2
66.249.72.238 - - [05/Sep/2023:03:43:04 -0500] "GET /BLA/resoluciones/RESOLUCIONES%202010/0518.pdf HTTP/1.1" 200 687426
172.22.2.4 - - [05/Sep/2023:03:41:27 -0500] "GET /BLA/boletinlegal/ HTTP/1.1" 200 58187
201.245.192.253 - - [05/Sep/2023:03:43:43 -0500] "POST /kwsrmcab/Wsrmcab  HTTP/1.1" 200 43037
201.245.192.253 - - [05/Sep/2023:03:44:05 -0500] "POST /forms/lservlet;jsessionid=ac16012b30d62eda719afc174e28a0dea47e26939047.e3iSbxaKaheRe34Rch0Ra3mLchv0n6jAmljGr5XDqQLvpAe HTTP/1.1" 200 2
66.249.72.224 - - [05/Sep/2023:03:44:26 -0500] "GET /BLA/resoluciones/AUTOS%202008/2310.pdf HTTP/1.1" 200 85070
