201.245.192.253 - - [05/Sep/2023:06:08:44 -0500] "POST /forms/lservlet;jsessionid=ac16012b30d6bc37a32d6dd1475b9cc7ba92661c2a41.e3iSbxaKaheRe34Rch0Ra3mLchv0n6jAmljGr5XDqQLvpAe HTTP/1.1" 200 2
172.22.2.4 - - [05/Sep/2023:06:07:17 -0500] "GET /BLA/boletinlegal/ HTTP/1.1" 200 56607
162.55.43.55 - - [05/Sep/2023:06:09:16 -0500] "GET / HTTP/1.1" 200 4720
162.55.43.55 - - [05/Sep/2023:06:09:17 -0500] "GET / HTTP/1.1" 200 319
216.245.221.92 - - [05/Sep/2023:06:09:39 -0500] "HEAD / HTTP/1.1" 200 -
201.245.192.253 - - [05/Sep/2023:06:10:05 -0500] "POST /forms/lservlet;jsessionid=ac16012b30d62eda719afc174e28a0dea47e26939047.e3iSbxaKaheRe34Rch0Ra3mLchv0n6jAmljGr5XDqQLvpAe HTTP/1.1" 200 2
201.245.192.253 - - [05/Sep/2023:06:10:44 -0500] "POST /forms/lservlet;jsessionid=ac16012b30d6bc37a32d6dd1475b9cc7ba92661c2a41.e3iSbxaKaheRe34Rch0Ra3mLchv0n6jAmljGr5XDqQLvpAe HTTP/1.1" 200 2
114.119.132.207 - - [05/Sep/2023:06:11:39 -0500] "GET /BLA/resoluciones/AUTOS%202007/3811.pdf HTTP/1.1" 200 72744
201.221.172.72 - - [05/Sep/2023:06:11:55 -0500] "GET /recuperados-en-la-terminal-el-salitre-102-peces-que-eran-movilizados-ilegalmente-desde-el-caribe-colombiano.html HTTP/1.1" 200 773
201.245.192.253 - - [05/Sep/2023:06:12:05 -0500] "POST /forms/lservlet;jsessionid=ac16012b30d62eda719afc174e28a0dea47e26939047.e3iSbxaKaheRe34Rch0Ra3mLchv0n6jAmljGr5XDqQLvpAe HTTP/1.1" 200 2
201.245.192.253 - - [05/Sep/2023:06:12:44 -0500] "POST /forms/lservlet;jsessionid=ac16012b30d6bc37a32d6dd1475b9cc7ba92661c2a41.e3iSbxaKaheRe34Rch0Ra3mLchv0n6jAmljGr5XDqQLvpAe HTTP/1.1" 200 2
52.167.144.199 - - [05/Sep/2023:06:13:00 -0500] "GET /BLA/resoluciones/AUTOS%202017/4680.pdf HTTP/1.1" 200 446661
103.187.191.204 - - [05/Sep/2023:06:13:03 -0500] "GET /portaldeninos/ HTTP/1.1" 200 110175
201.245.192.253 - - [05/Sep/2023:06:13:15 -0500] "POST /kwsrmcab/Wsrmcab  HTTP/1.1" 200 43037
172.22.2.4 - - [05/Sep/2023:06:12:16 -0500] "HEAD /BLA/boletinlegal/ HTTP/1.1" 200 -
201.245.192.253 - - [05/Sep/2023:06:14:05 -0500] "POST /forms/lservlet;jsessionid=ac16012b30d62eda719afc174e28a0dea47e26939047.e3iSbxaKaheRe34Rch0Ra3mLchv0n6jAmljGr5XDqQLvpAe HTTP/1.1" 200 2
216.245.221.92 - - [05/Sep/2023:06:14:39 -0500] "HEAD / HTTP/1.1" 200 -
201.245.192.253 - - [05/Sep/2023:06:14:44 -0500] "POST /forms/lservlet;jsessionid=ac16012b30d6bc37a32d6dd1475b9cc7ba92661c2a41.e3iSbxaKaheRe34Rch0Ra3mLchv0n6jAmljGr5XDqQLvpAe HTTP/1.1" 200 2
172.22.2.4 - - [05/Sep/2023:06:13:07 -0500] "GET /BLA/boletinlegal/ HTTP/1.1" 200 57790
52.167.144.199 - - [05/Sep/2023:06:15:30 -0500] "GET /Publicaciones/2023EE95209.pdf HTTP/1.1" 404 227
201.245.192.253 - - [05/Sep/2023:06:16:05 -0500] "POST /forms/lservlet;jsessionid=ac16012b30d62eda719afc174e28a0dea47e26939047.e3iSbxaKaheRe34Rch0Ra3mLchv0n6jAmljGr5XDqQLvpAe HTTP/1.1" 200 2
201.245.192.253 - - [05/Sep/2023:06:16:44 -0500] "POST /forms/lservlet;jsessionid=ac16012b30d6bc37a32d6dd1475b9cc7ba92661c2a41.e3iSbxaKaheRe34Rch0Ra3mLchv0n6jAmljGr5XDqQLvpAe HTTP/1.1" 200 2
201.245.192.253 - - [05/Sep/2023:06:18:06 -0500] "POST /forms/lservlet;jsessionid=ac16012b30d62eda719afc174e28a0dea47e26939047.e3iSbxaKaheRe34Rch0Ra3mLchv0n6jAmljGr5XDqQLvpAe HTTP/1.1" 200 2
201.245.192.253 - - [05/Sep/2023:06:18:05 -0500] "POST /kwsrmcab/Wsrmcab HTTP/1.1" 200 42748
201.245.192.253 - - [05/Sep/2023:06:18:08 -0500] "POST /kwsrmcab/Wsrmcab HTTP/1.1" 200 42243
201.245.192.253 - - [05/Sep/2023:06:18:14 -0500] "POST /kwsrmcab/Wsrmcab  HTTP/1.1" 200 43037
201.245.192.253 - - [05/Sep/2023:06:18:44 -0500] "POST /forms/lservlet;jsessionid=ac16012b30d6bc37a32d6dd1475b9cc7ba92661c2a41.e3iSbxaKaheRe34Rch0Ra3mLchv0n6jAmljGr5XDqQLvpAe HTTP/1.1" 200 2
216.245.221.92 - - [05/Sep/2023:06:19:39 -0500] "HEAD / HTTP/1.1" 200 -
172.22.2.4 - - [05/Sep/2023:06:18:06 -0500] "HEAD /BLA/boletinlegal/ HTTP/1.1" 200 -
216.244.66.195 - - [05/Sep/2023:06:19:55 -0500] "GET /robots.txt HTTP/1.1" 404 1018
201.245.192.253 - - [05/Sep/2023:06:20:06 -0500] "POST /forms/lservlet;jsessionid=ac16012b30d62eda719afc174e28a0dea47e26939047.e3iSbxaKaheRe34Rch0Ra3mLchv0n6jAmljGr5XDqQLvpAe HTTP/1.1" 200 2
172.22.2.4 - - [05/Sep/2023:06:18:56 -0500] "GET /BLA/boletinlegal/ HTTP/1.1" 200 57790
201.245.192.253 - - [05/Sep/2023:06:20:44 -0500] "POST /forms/lservlet;jsessionid=ac16012b30d6bc37a32d6dd1475b9cc7ba92661c2a41.e3iSbxaKaheRe34Rch0Ra3mLchv0n6jAmljGr5XDqQLvpAe HTTP/1.1" 200 2
191.156.228.230 - - [05/Sep/2023:06:21:55 -0500] "GET /sipse/faces/index.xhtml HTTP/1.1" 200 677
191.156.228.230 - - [05/Sep/2023:06:21:55 -0500] "GET /sipse/faces/javax.faces.resource/theme.css?ln=primefaces-sipse HTTP/1.1" 304 -
191.156.228.230 - - [05/Sep/2023:06:21:55 -0500] "GET /sipse/faces/faces/autenticacion.xhtml HTTP/1.1" 200 12174
191.156.228.230 - - [05/Sep/2023:06:21:55 -0500] "GET /sipse/css/custom_css_sg.css HTTP/1.1" 304 -
191.156.228.187 - - [05/Sep/2023:06:21:55 -0500] "GET /sipse/css/custom_css_sg_prime_login.css HTTP/1.1" 304 -
191.156.228.230 - - [05/Sep/2023:06:21:55 -0500] "GET /sipse/faces/javax.faces.resource/theme.css?ln=primefaces-sipse HTTP/1.1" 304 -
191.156.228.230 - - [05/Sep/2023:06:21:55 -0500] "GET /sipse/faces/javax.faces.resource/primefaces.css?ln=primefaces&v=4.0 HTTP/1.1" 304 -
191.156.228.230 - - [05/Sep/2023:06:21:55 -0500] "GET /sipse/js/funciones.js HTTP/1.1" 304 -
191.156.228.187 - - [05/Sep/2023:06:21:55 -0500] "GET /sipse/js/disable_browser_buttons.js HTTP/1.1" 304 -
191.156.228.230 - - [05/Sep/2023:06:21:55 -0500] "GET /sipse/faces/javax.faces.resource/layout/layout.css?ln=primefaces&v=4.0 HTTP/1.1" 304 -
191.156.228.230 - - [05/Sep/2023:06:21:56 -0500] "GET /sipse/faces/javax.faces.resource/jquery/jquery.js?ln=primefaces&v=4.0 HTTP/1.1" 304 -
191.156.228.187 - - [05/Sep/2023:06:21:56 -0500] "GET /sipse/faces/javax.faces.resource/jquery/jquery-plugins.js?ln=primefaces&v=4.0 HTTP/1.1" 304 -
191.156.228.187 - - [05/Sep/2023:06:21:56 -0500] "GET /sipse/faces/javax.faces.resource/layout/layout.js?ln=primefaces&v=4.0 HTTP/1.1" 304 -
191.156.228.230 - - [05/Sep/2023:06:21:56 -0500] "GET /sipse/faces/javax.faces.resource/primefaces.js?ln=primefaces&v=4.0 HTTP/1.1" 304 -
191.156.228.187 - - [05/Sep/2023:06:21:56 -0500] "GET /sipse/css/imagen/logoSDG.png HTTP/1.1" 304 -
191.156.228.187 - - [05/Sep/2023:06:21:56 -0500] "GET /sipse/css/imagen/loginimg.png HTTP/1.1" 304 -
191.156.228.230 - - [05/Sep/2023:06:21:56 -0500] "GET /sipse/faces/javax.faces.resource/images/ui-icons_898989_256x240.png?ln=primefaces-aristo HTTP/1.1" 304 -
191.156.228.230 - - [05/Sep/2023:06:21:59 -0500] "POST /sipse/faces/autenticacion.xhtml HTTP/1.1" 200 2214
191.156.228.230 - - [05/Sep/2023:06:21:59 -0500] "GET /sipse/faces/javax.faces.resource/messages/messages.png?ln=primefaces&v=4.0 HTTP/1.1" 304 -
191.156.228.230 - - [05/Sep/2023:06:22:03 -0500] "POST /sipse/faces/autenticacion.xhtml HTTP/1.1" 200 16352
191.156.228.230 - - [05/Sep/2023:06:22:03 -0500] "GET /sipse/css/custom_css_sg_prime.css HTTP/1.1" 304 -
191.156.228.187 - - [05/Sep/2023:06:22:03 -0500] "GET /sipse/faces/javax.faces.resource/theme.css?ln=primefaces-sipse HTTP/1.1" 304 -
191.156.228.187 - - [05/Sep/2023:06:22:03 -0500] "GET /sipse/faces/javax.faces.resource/primefaces.css?ln=primefaces&v=4.0 HTTP/1.1" 304 -
191.156.228.230 - - [05/Sep/2023:06:22:03 -0500] "GET /sipse/faces/javax.faces.resource/layout/layout.css?ln=primefaces&v=4.0 HTTP/1.1" 304 -
191.156.228.230 - - [05/Sep/2023:06:22:03 -0500] "GET /sipse/js/jquery.min.js HTTP/1.1" 304 -
191.156.228.230 - - [05/Sep/2023:06:22:03 -0500] "GET /sipse/faces/javax.faces.resource/jquery/jquery.js?ln=primefaces&v=4.0 HTTP/1.1" 304 -
191.156.228.230 - - [05/Sep/2023:06:22:03 -0500] "GET /sipse/faces/javax.faces.resource/jquery/jquery-plugins.js?ln=primefaces&v=4.0 HTTP/1.1" 304 -
191.156.228.230 - - [05/Sep/2023:06:22:03 -0500] "GET /sipse/faces/javax.faces.resource/primefaces.js?ln=primefaces&v=4.0 HTTP/1.1" 304 -
191.156.228.230 - - [05/Sep/2023:06:22:03 -0500] "GET /sipse/faces/javax.faces.resource/layout/layout.js?ln=primefaces&v=4.0 HTTP/1.1" 304 -
191.156.228.230 - - [05/Sep/2023:06:22:04 -0500] "GET /sipse/css/v_mergente.css HTTP/1.1" 304 -
191.156.228.187 - - [05/Sep/2023:06:22:04 -0500] "GET /sipse/css/imagen/contrasena.png HTTP/1.1" 404 383
191.156.228.187 - - [05/Sep/2023:06:22:04 -0500] "GET /sipse/imagenes/logoAplicacion.jpg HTTP/1.1" 304 -
191.156.228.230 - - [05/Sep/2023:06:22:04 -0500] "GET /sipse/imagenes/cargando.gif HTTP/1.1" 304 -
201.245.192.253 - - [05/Sep/2023:06:22:05 -0500] "POST /forms/lservlet;jsessionid=ac16012b30d62eda719afc174e28a0dea47e26939047.e3iSbxaKaheRe34Rch0Ra3mLchv0n6jAmljGr5XDqQLvpAe HTTP/1.1" 200 2
191.156.228.187 - - [05/Sep/2023:06:22:09 -0500] "GET /sipse/faces/javax.faces.resource/images/ui-bg_flat_0_2d5972_40x100.png?ln=primefaces-aristo HTTP/1.1" 304 -
191.156.228.230 - - [05/Sep/2023:06:22:09 -0500] "POST /sipse/faces/bienvenido.xhtml HTTP/1.1" 200 9852
191.156.228.230 - - [05/Sep/2023:06:22:11 -0500] "POST /sipse/faces/bienvenido.xhtml HTTP/1.1" 200 2658
191.156.228.230 - - [05/Sep/2023:06:22:14 -0500] "POST /sipse/faces/bienvenido.xhtml HTTP/1.1" 200 27893
191.156.228.230 - - [05/Sep/2023:06:22:14 -0500] "GET /sipse/faces/javax.faces.resource/theme.css?ln=primefaces-sipse HTTP/1.1" 304 -
191.156.228.187 - - [05/Sep/2023:06:22:14 -0500] "GET /sipse/faces/javax.faces.resource/primefaces.css?ln=primefaces&v=4.0 HTTP/1.1" 304 -
191.156.228.187 - - [05/Sep/2023:06:22:14 -0500] "GET /sipse/faces/javax.faces.resource/layout/layout.css?ln=primefaces&v=4.0 HTTP/1.1" 304 -
191.156.228.187 - - [05/Sep/2023:06:22:14 -0500] "GET /sipse/faces/javax.faces.resource/jquery/jquery.js?ln=primefaces&v=4.0 HTTP/1.1" 304 -
191.156.228.187 - - [05/Sep/2023:06:22:14 -0500] "GET /sipse/faces/javax.faces.resource/jquery/jquery-plugins.js?ln=primefaces&v=4.0 HTTP/1.1" 304 -
191.156.228.187 - - [05/Sep/2023:06:22:14 -0500] "GET /sipse/faces/javax.faces.resource/primefaces.js?ln=primefaces&v=4.0 HTTP/1.1" 304 -
191.156.228.187 - - [05/Sep/2023:06:22:14 -0500] "GET /sipse/faces/javax.faces.resource/layout/layout.js?ln=primefaces&v=4.0 HTTP/1.1" 304 -
191.156.228.187 - - [05/Sep/2023:06:22:20 -0500] "POST /sipse/faces/presentacion/financiero/solicitudProceso/solicitudProcesoOtrosPagos.xhtml HTTP/1.1" 200 184
191.156.228.187 - - [05/Sep/2023:06:22:20 -0500] "POST /sipse/faces/presentacion/financiero/solicitudProceso/solicitudProcesoOtrosPagos.xhtml HTTP/1.1" 200 184
191.156.228.187 - - [05/Sep/2023:06:22:20 -0500] "GET /sipse/faces/presentacion/financiero/solicitudAnulacion/solicitudAnulacion.xhtml HTTP/1.1" 200 31661
191.156.228.187 - - [05/Sep/2023:06:22:20 -0500] "GET /sipse/faces/javax.faces.resource/theme.css?ln=primefaces-sipse HTTP/1.1" 304 -
191.156.228.230 - - [05/Sep/2023:06:22:20 -0500] "GET /sipse/faces/javax.faces.resource/primefaces.css?ln=primefaces&v=4.0 HTTP/1.1" 304 -
191.156.228.187 - - [05/Sep/2023:06:22:20 -0500] "GET /sipse/faces/javax.faces.resource/layout/layout.css?ln=primefaces&v=4.0 HTTP/1.1" 304 -
191.156.228.230 - - [05/Sep/2023:06:22:20 -0500] "GET /sipse/faces/javax.faces.resource/jquery/jquery.js?ln=primefaces&v=4.0 HTTP/1.1" 304 -
191.156.228.187 - - [05/Sep/2023:06:22:20 -0500] "GET /sipse/faces/javax.faces.resource/primefaces.js?ln=primefaces&v=4.0 HTTP/1.1" 304 -
191.156.228.187 - - [05/Sep/2023:06:22:20 -0500] "GET /sipse/faces/javax.faces.resource/jquery/jquery-plugins.js?ln=primefaces&v=4.0 HTTP/1.1" 304 -
191.156.228.187 - - [05/Sep/2023:06:22:20 -0500] "GET /sipse/faces/javax.faces.resource/layout/layout.js?ln=primefaces&v=4.0 HTTP/1.1" 304 -
191.156.228.187 - - [05/Sep/2023:06:22:21 -0500] "POST /sipse/faces/presentacion/financiero/solicitudAnulacion/solicitudAnulacion.xhtml HTTP/1.1" 200 10468
191.156.228.187 - - [05/Sep/2023:06:22:25 -0500] "POST /sipse/faces/presentacion/financiero/solicitudAnulacion/solicitudAnulacion.xhtml HTTP/1.1" 200 27893
191.156.228.187 - - [05/Sep/2023:06:22:25 -0500] "GET /sipse/faces/javax.faces.resource/layout/layout.css?ln=primefaces&v=4.0 HTTP/1.1" 304 -
191.156.228.187 - - [05/Sep/2023:06:22:25 -0500] "GET /sipse/faces/javax.faces.resource/primefaces.css?ln=primefaces&v=4.0 HTTP/1.1" 304 -
191.156.228.187 - - [05/Sep/2023:06:22:25 -0500] "GET /sipse/faces/javax.faces.resource/theme.css?ln=primefaces-sipse HTTP/1.1" 304 -
191.156.228.187 - - [05/Sep/2023:06:22:26 -0500] "GET /sipse/faces/javax.faces.resource/jquery/jquery.js?ln=primefaces&v=4.0 HTTP/1.1" 304 -
191.156.228.187 - - [05/Sep/2023:06:22:26 -0500] "GET /sipse/faces/javax.faces.resource/jquery/jquery-plugins.js?ln=primefaces&v=4.0 HTTP/1.1" 304 -
191.156.228.187 - - [05/Sep/2023:06:22:26 -0500] "GET /sipse/faces/javax.faces.resource/primefaces.js?ln=primefaces&v=4.0 HTTP/1.1" 304 -
191.156.228.187 - - [05/Sep/2023:06:22:26 -0500] "GET /sipse/faces/javax.faces.resource/layout/layout.js?ln=primefaces&v=4.0 HTTP/1.1" 304 -
191.156.228.187 - - [05/Sep/2023:06:22:39 -0500] "POST /sipse/faces/presentacion/financiero/solicitudProceso/solicitudProcesoOtrosPagos.xhtml HTTP/1.1" 200 184
191.156.228.187 - - [05/Sep/2023:06:22:39 -0500] "POST /sipse/faces/presentacion/financiero/solicitudProceso/solicitudProcesoOtrosPagos.xhtml HTTP/1.1" 200 184
191.156.228.187 - - [05/Sep/2023:06:22:39 -0500] "GET /sipse/faces/presentacion/financiero/solicitudAnulacion/solicitudAnulacion.xhtml HTTP/1.1" 200 15757
191.156.228.187 - - [05/Sep/2023:06:22:39 -0500] "GET /sipse/faces/presentacion/financiero/solicitudAnulacion/solicitudAnulacion.xhtml HTTP/1.1" 200 31661
191.156.228.187 - - [05/Sep/2023:06:22:39 -0500] "GET /sipse/faces/javax.faces.resource/theme.css?ln=primefaces-sipse HTTP/1.1" 304 -
191.156.228.187 - - [05/Sep/2023:06:22:39 -0500] "GET /sipse/faces/javax.faces.resource/primefaces.css?ln=primefaces&v=4.0 HTTP/1.1" 304 -
191.156.228.230 - - [05/Sep/2023:06:22:39 -0500] "GET /sipse/faces/javax.faces.resource/jquery/jquery.js?ln=primefaces&v=4.0 HTTP/1.1" 304 -
191.156.228.230 - - [05/Sep/2023:06:22:39 -0500] "GET /sipse/faces/javax.faces.resource/layout/layout.css?ln=primefaces&v=4.0 HTTP/1.1" 304 -
191.156.228.230 - - [05/Sep/2023:06:22:39 -0500] "GET /sipse/faces/javax.faces.resource/jquery/jquery-plugins.js?ln=primefaces&v=4.0 HTTP/1.1" 304 -
191.156.228.230 - - [05/Sep/2023:06:22:39 -0500] "GET /sipse/faces/javax.faces.resource/primefaces.js?ln=primefaces&v=4.0 HTTP/1.1" 304 -
191.156.228.187 - - [05/Sep/2023:06:22:39 -0500] "GET /sipse/faces/javax.faces.resource/layout/layout.js?ln=primefaces&v=4.0 HTTP/1.1" 304 -
191.156.228.187 - - [05/Sep/2023:06:22:39 -0500] "POST /sipse/faces/presentacion/financiero/solicitudAnulacion/solicitudAnulacion.xhtml HTTP/1.1" 200 10468
191.156.228.187 - - [05/Sep/2023:06:22:42 -0500] "POST /sipse/faces/presentacion/financiero/solicitudAnulacion/solicitudAnulacion.xhtml HTTP/1.1" 200 63831
191.156.228.230 - - [05/Sep/2023:06:22:42 -0500] "GET /sipse/faces/javax.faces.resource/layout/layout.css?ln=primefaces&v=4.0 HTTP/1.1" 304 -
191.156.228.187 - - [05/Sep/2023:06:22:42 -0500] "GET /sipse/faces/javax.faces.resource/theme.css?ln=primefaces-sipse HTTP/1.1" 304 -
191.156.228.230 - - [05/Sep/2023:06:22:42 -0500] "GET /sipse/faces/javax.faces.resource/primefaces.css?ln=primefaces&v=4.0 HTTP/1.1" 304 -
191.156.228.187 - - [05/Sep/2023:06:22:42 -0500] "GET /sipse/faces/javax.faces.resource/jquery/jquery.js?ln=primefaces&v=4.0 HTTP/1.1" 304 -
191.156.228.187 - - [05/Sep/2023:06:22:43 -0500] "GET /sipse/faces/javax.faces.resource/jquery/jquery-plugins.js?ln=primefaces&v=4.0 HTTP/1.1" 304 -
191.156.228.187 - - [05/Sep/2023:06:22:43 -0500] "GET /sipse/faces/javax.faces.resource/primefaces.js?ln=primefaces&v=4.0 HTTP/1.1" 304 -
191.156.228.187 - - [05/Sep/2023:06:22:43 -0500] "GET /sipse/faces/javax.faces.resource/layout/layout.js?ln=primefaces&v=4.0 HTTP/1.1" 304 -
191.156.228.187 - - [05/Sep/2023:06:22:43 -0500] "POST /sipse/faces/presentacion/financiero/solicitudProceso/listarSolicitudProceso.xhtml HTTP/1.1" 200 1560
201.245.192.253 - - [05/Sep/2023:06:22:44 -0500] "POST /forms/lservlet;jsessionid=ac16012b30d6bc37a32d6dd1475b9cc7ba92661c2a41.e3iSbxaKaheRe34Rch0Ra3mLchv0n6jAmljGr5XDqQLvpAe HTTP/1.1" 200 2
191.156.228.187 - - [05/Sep/2023:06:22:50 -0500] "POST /sipse/faces/presentacion/financiero/solicitudProceso/listarSolicitudProceso.xhtml HTTP/1.1" 200 33026
191.156.228.187 - - [05/Sep/2023:06:22:54 -0500] "POST /sipse/faces/presentacion/financiero/solicitudProceso/listarSolicitudProceso.xhtml HTTP/1.1" 200 184
191.156.228.187 - - [05/Sep/2023:06:22:55 -0500] "POST /sipse/faces/presentacion/financiero/solicitudProceso/listarSolicitudProceso.xhtml HTTP/1.1" 200 184
191.156.228.187 - - [05/Sep/2023:06:22:55 -0500] "GET /sipse/faces/presentacion/financiero/solicitudAnulacion/solicitudAnulacion.xhtml HTTP/1.1" 200 29664
191.156.228.230 - - [05/Sep/2023:06:22:55 -0500] "GET /sipse/faces/presentacion/financiero/solicitudAnulacion/solicitudAnulacion.xhtml HTTP/1.1" 200 31661
191.156.228.230 - - [05/Sep/2023:06:22:55 -0500] "GET /sipse/faces/javax.faces.resource/jquery/jquery.js?ln=primefaces&v=4.0 HTTP/1.1" 304 -
191.156.228.187 - - [05/Sep/2023:06:22:55 -0500] "GET /sipse/faces/javax.faces.resource/layout/layout.css?ln=primefaces&v=4.0 HTTP/1.1" 304 -
191.156.228.187 - - [05/Sep/2023:06:22:55 -0500] "GET /sipse/faces/javax.faces.resource/theme.css?ln=primefaces-sipse HTTP/1.1" 304 -
191.156.228.187 - - [05/Sep/2023:06:22:55 -0500] "GET /sipse/faces/javax.faces.resource/primefaces.css?ln=primefaces&v=4.0 HTTP/1.1" 304 -
191.156.228.230 - - [05/Sep/2023:06:22:55 -0500] "GET /sipse/faces/javax.faces.resource/jquery/jquery-plugins.js?ln=primefaces&v=4.0 HTTP/1.1" 304 -
191.156.228.230 - - [05/Sep/2023:06:22:55 -0500] "GET /sipse/faces/javax.faces.resource/primefaces.js?ln=primefaces&v=4.0 HTTP/1.1" 304 -
191.156.228.187 - - [05/Sep/2023:06:22:55 -0500] "GET /sipse/faces/javax.faces.resource/layout/layout.js?ln=primefaces&v=4.0 HTTP/1.1" 304 -
191.156.228.187 - - [05/Sep/2023:06:22:55 -0500] "POST /sipse/faces/presentacion/financiero/solicitudAnulacion/solicitudAnulacion.xhtml HTTP/1.1" 200 10468
191.156.228.187 - - [05/Sep/2023:06:22:56 -0500] "POST /sipse/faces/presentacion/financiero/solicitudAnulacion/solicitudAnulacion.xhtml HTTP/1.1" 200 184
191.156.228.230 - - [05/Sep/2023:06:22:56 -0500] "GET /sipse/faces/javax.faces.resource/theme.css?ln=primefaces-sipse HTTP/1.1" 304 -
191.156.228.230 - - [05/Sep/2023:06:22:56 -0500] "GET /sipse/faces/javax.faces.resource/primefaces.css?ln=primefaces&v=4.0 HTTP/1.1" 304 -
191.156.228.187 - - [05/Sep/2023:06:22:56 -0500] "GET /sipse/faces/javax.faces.resource/jquery/jquery.js?ln=primefaces&v=4.0 HTTP/1.1" 304 -
191.156.228.187 - - [05/Sep/2023:06:22:56 -0500] "GET /sipse/faces/javax.faces.resource/layout/layout.css?ln=primefaces&v=4.0 HTTP/1.1" 304 -
191.156.228.230 - - [05/Sep/2023:06:22:56 -0500] "GET /sipse/faces/javax.faces.resource/jquery/jquery-plugins.js?ln=primefaces&v=4.0 HTTP/1.1" 304 -
191.156.228.187 - - [05/Sep/2023:06:22:56 -0500] "GET /sipse/faces/presentacion/financiero/solicitudAnulacion/solicitudAnulacion.xhtml HTTP/1.1" 200 31661
191.156.228.230 - - [05/Sep/2023:06:22:56 -0500] "GET /sipse/faces/javax.faces.resource/primefaces.js?ln=primefaces&v=4.0 HTTP/1.1" 304 -
191.156.228.187 - - [05/Sep/2023:06:22:56 -0500] "GET /sipse/faces/javax.faces.resource/layout/layout.js?ln=primefaces&v=4.0 HTTP/1.1" 304 -
191.156.228.187 - - [05/Sep/2023:06:22:57 -0500] "POST /sipse/faces/presentacion/financiero/solicitudAnulacion/solicitudAnulacion.xhtml HTTP/1.1" 200 10468
191.156.228.187 - - [05/Sep/2023:06:22:57 -0500] "POST /sipse/faces/presentacion/financiero/solicitudAnulacion/solicitudAnulacion.xhtml HTTP/1.1" 200 184
191.156.228.187 - - [05/Sep/2023:06:22:57 -0500] "GET /sipse/faces/presentacion/financiero/solicitudAnulacion/solicitudAnulacion.xhtml HTTP/1.1" 200 31661
191.156.228.230 - - [05/Sep/2023:06:22:57 -0500] "GET /sipse/faces/javax.faces.resource/layout/layout.css?ln=primefaces&v=4.0 HTTP/1.1" 304 -
191.156.228.230 - - [05/Sep/2023:06:22:57 -0500] "GET /sipse/faces/javax.faces.resource/jquery/jquery.js?ln=primefaces&v=4.0 HTTP/1.1" 304 -
191.156.228.187 - - [05/Sep/2023:06:22:57 -0500] "GET /sipse/faces/javax.faces.resource/primefaces.css?ln=primefaces&v=4.0 HTTP/1.1" 304 -
191.156.228.230 - - [05/Sep/2023:06:22:57 -0500] "GET /sipse/faces/javax.faces.resource/theme.css?ln=primefaces-sipse HTTP/1.1" 304 -
191.156.228.187 - - [05/Sep/2023:06:22:57 -0500] "GET /sipse/faces/javax.faces.resource/jquery/jquery-plugins.js?ln=primefaces&v=4.0 HTTP/1.1" 304 -
191.156.228.230 - - [05/Sep/2023:06:22:57 -0500] "GET /sipse/faces/javax.faces.resource/layout/layout.js?ln=primefaces&v=4.0 HTTP/1.1" 304 -
191.156.228.230 - - [05/Sep/2023:06:22:57 -0500] "GET /sipse/faces/javax.faces.resource/primefaces.js?ln=primefaces&v=4.0 HTTP/1.1" 304 -
191.156.228.230 - - [05/Sep/2023:06:22:58 -0500] "POST /sipse/faces/presentacion/financiero/solicitudAnulacion/solicitudAnulacion.xhtml HTTP/1.1" 200 10468
191.156.228.230 - - [05/Sep/2023:06:22:58 -0500] "POST /sipse/faces/presentacion/financiero/solicitudAnulacion/solicitudAnulacion.xhtml HTTP/1.1" 200 184
191.156.228.230 - - [05/Sep/2023:06:22:58 -0500] "GET /sipse/faces/presentacion/financiero/solicitudAnulacion/solicitudAnulacion.xhtml HTTP/1.1" 200 31661
191.156.228.230 - - [05/Sep/2023:06:22:58 -0500] "GET /sipse/faces/javax.faces.resource/theme.css?ln=primefaces-sipse HTTP/1.1" 304 -
191.156.228.187 - - [05/Sep/2023:06:22:58 -0500] "GET /sipse/faces/javax.faces.resource/primefaces.css?ln=primefaces&v=4.0 HTTP/1.1" 304 -
191.156.228.187 - - [05/Sep/2023:06:22:58 -0500] "GET /sipse/faces/javax.faces.resource/layout/layout.css?ln=primefaces&v=4.0 HTTP/1.1" 304 -
191.156.228.230 - - [05/Sep/2023:06:22:58 -0500] "GET /sipse/faces/javax.faces.resource/jquery/jquery.js?ln=primefaces&v=4.0 HTTP/1.1" 304 -
191.156.228.187 - - [05/Sep/2023:06:22:58 -0500] "GET /sipse/faces/javax.faces.resource/jquery/jquery-plugins.js?ln=primefaces&v=4.0 HTTP/1.1" 304 -
191.156.228.230 - - [05/Sep/2023:06:22:58 -0500] "GET /sipse/faces/javax.faces.resource/primefaces.js?ln=primefaces&v=4.0 HTTP/1.1" 304 -
191.156.228.230 - - [05/Sep/2023:06:22:58 -0500] "GET /sipse/faces/javax.faces.resource/layout/layout.js?ln=primefaces&v=4.0 HTTP/1.1" 304 -
191.156.228.230 - - [05/Sep/2023:06:22:58 -0500] "POST /sipse/faces/presentacion/financiero/solicitudAnulacion/solicitudAnulacion.xhtml HTTP/1.1" 200 10468
191.156.228.230 - - [05/Sep/2023:06:23:00 -0500] "POST /sipse/faces/presentacion/financiero/solicitudAnulacion/solicitudAnulacion.xhtml HTTP/1.1" 200 27893
191.156.228.230 - - [05/Sep/2023:06:23:00 -0500] "GET /sipse/faces/javax.faces.resource/primefaces.css?ln=primefaces&v=4.0 HTTP/1.1" 304 -
191.156.228.187 - - [05/Sep/2023:06:23:00 -0500] "GET /sipse/faces/javax.faces.resource/layout/layout.css?ln=primefaces&v=4.0 HTTP/1.1" 304 -
191.156.228.230 - - [05/Sep/2023:06:23:00 -0500] "GET /sipse/faces/javax.faces.resource/theme.css?ln=primefaces-sipse HTTP/1.1" 304 -
191.156.228.230 - - [05/Sep/2023:06:23:00 -0500] "GET /sipse/faces/javax.faces.resource/jquery/jquery.js?ln=primefaces&v=4.0 HTTP/1.1" 304 -
191.156.228.230 - - [05/Sep/2023:06:23:00 -0500] "GET /sipse/faces/javax.faces.resource/jquery/jquery-plugins.js?ln=primefaces&v=4.0 HTTP/1.1" 304 -
191.156.228.230 - - [05/Sep/2023:06:23:01 -0500] "GET /sipse/faces/javax.faces.resource/primefaces.js?ln=primefaces&v=4.0 HTTP/1.1" 304 -
191.156.228.230 - - [05/Sep/2023:06:23:01 -0500] "GET /sipse/faces/javax.faces.resource/layout/layout.js?ln=primefaces&v=4.0 HTTP/1.1" 304 -
191.156.228.230 - - [05/Sep/2023:06:23:10 -0500] "GET /sipse/faces/presentacion/financiero/solicitudAnulacion/solicitudAnulacion.xhtml HTTP/1.1" 200 31143
191.156.228.230 - - [05/Sep/2023:06:23:10 -0500] "POST /sipse/faces/presentacion/financiero/solicitudAnulacion/solicitudAnulacion.xhtml HTTP/1.1" 200 10468
201.245.192.253 - - [05/Sep/2023:06:23:13 -0500] "POST /kwsrmcab/Wsrmcab  HTTP/1.1" 200 43037
201.245.192.253 - - [05/Sep/2023:06:24:06 -0500] "POST /forms/lservlet;jsessionid=ac16012b30d62eda719afc174e28a0dea47e26939047.e3iSbxaKaheRe34Rch0Ra3mLchv0n6jAmljGr5XDqQLvpAe HTTP/1.1" 200 2
216.245.221.92 - - [05/Sep/2023:06:24:39 -0500] "HEAD / HTTP/1.1" 200 -
201.245.192.253 - - [05/Sep/2023:06:24:44 -0500] "POST /forms/lservlet;jsessionid=ac16012b30d6bc37a32d6dd1475b9cc7ba92661c2a41.e3iSbxaKaheRe34Rch0Ra3mLchv0n6jAmljGr5XDqQLvpAe HTTP/1.1" 200 2
172.22.2.4 - - [05/Sep/2023:06:23:56 -0500] "HEAD /BLA/boletinlegal/ HTTP/1.1" 200 -
201.245.192.253 - - [05/Sep/2023:06:26:06 -0500] "POST /forms/lservlet;jsessionid=ac16012b30d62eda719afc174e28a0dea47e26939047.e3iSbxaKaheRe34Rch0Ra3mLchv0n6jAmljGr5XDqQLvpAe HTTP/1.1" 200 2
172.22.2.4 - - [05/Sep/2023:06:24:46 -0500] "GET /BLA/boletinlegal/ HTTP/1.1" 200 55460
201.245.192.253 - - [05/Sep/2023:06:26:44 -0500] "POST /forms/lservlet;jsessionid=ac16012b30d6bc37a32d6dd1475b9cc7ba92661c2a41.e3iSbxaKaheRe34Rch0Ra3mLchv0n6jAmljGr5XDqQLvpAe HTTP/1.1" 200 2
172.22.2.4 - - [05/Sep/2023:06:27:09 -0500] "GET /BLA/boletinlegal/jurisprudencia/analisis/CUADRO%20ANALISIS%20SENTENCIA%20T-411%20DE%201992.doc HTTP/1.1" 304 -
172.22.2.4 - - [05/Sep/2023:06:27:09 -0500] "GET /BLA/boletinlegal/robots.txt HTTP/1.1" 404 1038
172.22.2.4 - - [05/Sep/2023:06:27:10 -0500] "GET /BLA/boletinlegal/Circulares/2022/CIRCULAR%20No.%2000007%20DEL%2025%20DE%20JULIO%20DEL%202022.pdf HTTP/1.1" 304 -
201.245.192.253 - - [05/Sep/2023:06:28:06 -0500] "POST /forms/lservlet;jsessionid=ac16012b30d62eda719afc174e28a0dea47e26939047.e3iSbxaKaheRe34Rch0Ra3mLchv0n6jAmljGr5XDqQLvpAe HTTP/1.1" 200 2
201.245.192.253 - - [05/Sep/2023:06:28:05 -0500] "POST /kwsrmcab/Wsrmcab HTTP/1.1" 200 42748
201.245.192.253 - - [05/Sep/2023:06:28:09 -0500] "POST /kwsrmcab/Wsrmcab HTTP/1.1" 200 42243
201.245.192.253 - - [05/Sep/2023:06:28:13 -0500] "POST /kwsrmcab/Wsrmcab  HTTP/1.1" 200 43037
201.245.192.253 - - [05/Sep/2023:06:28:44 -0500] "POST /forms/lservlet;jsessionid=ac16012b30d6bc37a32d6dd1475b9cc7ba92661c2a41.e3iSbxaKaheRe34Rch0Ra3mLchv0n6jAmljGr5XDqQLvpAe HTTP/1.1" 200 2
216.245.221.92 - - [05/Sep/2023:06:29:39 -0500] "HEAD / HTTP/1.1" 200 -
201.245.192.253 - - [05/Sep/2023:06:30:06 -0500] "POST /forms/lservlet;jsessionid=ac16012b30d62eda719afc174e28a0dea47e26939047.e3iSbxaKaheRe34Rch0Ra3mLchv0n6jAmljGr5XDqQLvpAe HTTP/1.1" 200 2
201.245.192.253 - - [05/Sep/2023:06:30:44 -0500] "POST /forms/lservlet;jsessionid=ac16012b30d6bc37a32d6dd1475b9cc7ba92661c2a41.e3iSbxaKaheRe34Rch0Ra3mLchv0n6jAmljGr5XDqQLvpAe HTTP/1.1" 200 2
216.244.66.195 - - [05/Sep/2023:06:30:45 -0500] "GET /BLA/resoluciones/index.php?dir=RESOLUCIONES+2005%2FRES+2005++1601-1650%2F HTTP/1.1" 200 12426
216.244.66.195 - - [05/Sep/2023:06:30:50 -0500] "GET /BLA/resoluciones/index.php?dir=RESOLUCIONES+2005%2FRES+2005+1151-1200%2F HTTP/1.1" 200 12362
216.244.66.195 - - [05/Sep/2023:06:30:54 -0500] "GET /BLA/resoluciones/index.php?dir=RESOLUCIONES+2005%2FRES+2005+2951-3000%2F HTTP/1.1" 200 11937
172.22.2.4 - - [05/Sep/2023:06:29:46 -0500] "HEAD /BLA/boletinlegal/ HTTP/1.1" 200 -
201.245.192.253 - - [05/Sep/2023:06:32:06 -0500] "POST /forms/lservlet;jsessionid=ac16012b30d62eda719afc174e28a0dea47e26939047.e3iSbxaKaheRe34Rch0Ra3mLchv0n6jAmljGr5XDqQLvpAe HTTP/1.1" 200 2
216.244.66.195 - - [05/Sep/2023:06:32:08 -0500] "GET /BLA/resoluciones/AUTOS%202016/0097.pdf HTTP/1.1" 200 897977
172.22.2.4 - - [05/Sep/2023:06:30:36 -0500] "GET /BLA/boletinlegal/ HTTP/1.1" 200 55844
191.156.233.241 - - [05/Sep/2023:06:32:24 -0500] "GET /recuperados-en-la-terminal-el-salitre-102-peces-que-eran-movilizados-ilegalmente-desde-el-caribe-colombiano.html HTTP/1.1" 200 773
201.245.192.253 - - [05/Sep/2023:06:32:44 -0500] "POST /forms/lservlet;jsessionid=ac16012b30d6bc37a32d6dd1475b9cc7ba92661c2a41.e3iSbxaKaheRe34Rch0Ra3mLchv0n6jAmljGr5XDqQLvpAe HTTP/1.1" 200 2
216.244.66.195 - - [05/Sep/2023:06:32:54 -0500] "GET /galeria/galeria/fotos/Humedal-Santa-Mar%C3%ADa-del-Lago3G.jpg HTTP/1.1" 200 271832
201.245.192.253 - - [05/Sep/2023:06:33:12 -0500] "POST /kwsrmcab/Wsrmcab  HTTP/1.1" 200 43037
216.244.66.195 - - [05/Sep/2023:06:33:24 -0500] "GET /galeria/galeria/fotos/Pacto_Madera4G.jpg HTTP/1.1" 200 76633
216.244.66.195 - - [05/Sep/2023:06:33:54 -0500] "GET /BLA/resoluciones/index.php?dir=Notificaciones/REGISTROS%202016/&sort=date&order=asc HTTP/1.1" 200 17179
201.245.192.253 - - [05/Sep/2023:06:34:06 -0500] "POST /forms/lservlet;jsessionid=ac16012b30d62eda719afc174e28a0dea47e26939047.e3iSbxaKaheRe34Rch0Ra3mLchv0n6jAmljGr5XDqQLvpAe HTTP/1.1" 200 2
216.244.66.195 - - [05/Sep/2023:06:34:22 -0500] "GET /BLA/resoluciones/index.php?dir=RESOLUCIONES%202004/RES%202004%20801-850/&sort=date&order=asc HTTP/1.1" 200 12048
216.245.221.92 - - [05/Sep/2023:06:34:39 -0500] "HEAD / HTTP/1.1" 200 -
201.245.192.253 - - [05/Sep/2023:06:34:44 -0500] "POST /forms/lservlet;jsessionid=ac16012b30d6bc37a32d6dd1475b9cc7ba92661c2a41.e3iSbxaKaheRe34Rch0Ra3mLchv0n6jAmljGr5XDqQLvpAe HTTP/1.1" 200 2
216.244.66.195 - - [05/Sep/2023:06:34:49 -0500] "GET /BLA/resoluciones/AUTOS%202016/0093.pdf HTTP/1.1" 200 724641
216.244.66.195 - - [05/Sep/2023:06:35:17 -0500] "GET /BLA/resoluciones/AUTOS%202016/0508.pdf HTTP/1.1" 200 861281
173.252.87.8 - - [05/Sep/2023:06:35:27 -0500] "GET /recuperados-en-la-terminal-el-salitre-102-peces-que-eran-movilizados-ilegalmente-desde-el-caribe-colombiano.html HTTP/1.1" 200 773
216.244.66.195 - - [05/Sep/2023:06:35:43 -0500] "GET /BLA/resoluciones/AUTOS%202016/0540.pdf HTTP/1.1" 200 475752
172.22.2.4 - - [05/Sep/2023:06:35:58 -0500] "GET /BLA/boletinlegal/actos.php HTTP/1.1" 200 9682
172.22.2.4 - - [05/Sep/2023:06:35:58 -0500] "GET /BLA/boletinlegal/styles2.css HTTP/1.1" 200 1838
172.22.2.4 - - [05/Sep/2023:06:35:58 -0500] "GET /BLA/boletinlegal/niceforms-default.css HTTP/1.1" 200 6694
172.22.2.4 - - [05/Sep/2023:06:35:58 -0500] "GET /BLA/boletinlegal/js/ajax_actos.js HTTP/1.1" 200 1322
172.22.2.4 - - [05/Sep/2023:06:35:58 -0500] "GET /BLA/boletinlegal/js/popup.js HTTP/1.1" 200 1270
172.22.2.4 - - [05/Sep/2023:06:35:58 -0500] "GET /BLA/boletinlegal/niceforms.js HTTP/1.1" 200 22876
172.22.2.4 - - [05/Sep/2023:06:35:58 -0500] "GET /BLA/boletinlegal/style.css HTTP/1.1" 200 9406
172.22.2.4 - - [05/Sep/2023:06:35:58 -0500] "GET /BLA/boletinlegal/js/jquery1.js HTTP/1.1" 200 29846
172.22.2.4 - - [05/Sep/2023:06:35:58 -0500] "GET /BLA/boletinlegal/js/lib.js HTTP/1.1" 200 6474
172.22.2.4 - - [05/Sep/2023:06:35:58 -0500] "GET /BLA/boletinlegal/images/cabezote%20BLEGAL.jpg HTTP/1.1" 200 118164
172.22.2.4 - - [05/Sep/2023:06:35:58 -0500] "GET /BLA/boletinlegal/images/subscribe-icon-big.png HTTP/1.1" 200 47702
172.22.2.4 - - [05/Sep/2023:06:35:58 -0500] "GET /BLA/boletinlegal/images/body_bg.jpg HTTP/1.1" 200 1601
172.22.2.4 - - [05/Sep/2023:06:35:58 -0500] "GET /BLA/boletinlegal/images/tel.png HTTP/1.1" 200 14477
172.22.2.4 - - [05/Sep/2023:06:35:58 -0500] "GET /BLA/boletinlegal/images/menu_rght.gif HTTP/1.1" 200 1627
172.22.2.4 - - [05/Sep/2023:06:35:58 -0500] "GET /BLA/boletinlegal/images/menu_bg.jpg HTTP/1.1" 200 620
172.22.2.4 - - [05/Sep/2023:06:35:58 -0500] "GET /BLA/boletinlegal/images/icono-email.png HTTP/1.1" 200 5544
172.22.2.4 - - [05/Sep/2023:06:35:58 -0500] "GET /BLA/boletinlegal/images/green-yellow-blue-pink-th.png HTTP/1.1" 200 7394
172.22.2.4 - - [05/Sep/2023:06:35:58 -0500] "GET /BLA/boletinlegal/images/historia.png HTTP/1.1" 200 52775
172.22.2.4 - - [05/Sep/2023:06:35:58 -0500] "GET /BLA/boletinlegal/images/hover.jpg HTTP/1.1" 200 640
172.22.2.4 - - [05/Sep/2023:06:35:58 -0500] "GET /BLA/boletinlegal/images/registro-usuarios.png HTTP/1.1" 200 8106
172.22.2.4 - - [05/Sep/2023:06:35:58 -0500] "GET /BLA/boletinlegal/images/footer_bg.jpg HTTP/1.1" 200 586
172.22.2.4 - - [05/Sep/2023:06:35:58 -0500] "GET /BLA/boletinlegal/images/bg_top.jpg HTTP/1.1" 200 522
172.22.2.4 - - [05/Sep/2023:06:35:58 -0500] "GET /BLA/boletinlegal/images/footer_bg_l.jpg HTTP/1.1" 200 776
172.22.2.4 - - [05/Sep/2023:06:35:58 -0500] "GET /BLA/boletinlegal/images/menu_lft.gif HTTP/1.1" 200 1713
172.22.2.4 - - [05/Sep/2023:06:35:58 -0500] "GET /BLA/boletinlegal/images/text.jpg HTTP/1.1" 200 568
172.22.2.4 - - [05/Sep/2023:06:35:59 -0500] "GET /BLA/boletinlegal/img/0.png HTTP/1.1" 200 110
172.22.2.4 - - [05/Sep/2023:06:35:59 -0500] "GET /BLA/boletinlegal/img/select-left.png HTTP/1.1" 200 263
172.22.2.4 - - [05/Sep/2023:06:35:59 -0500] "GET /BLA/boletinlegal/img/button.png HTTP/1.1" 200 43241
172.22.2.4 - - [05/Sep/2023:06:35:59 -0500] "GET /BLA/boletinlegal/img/select-right.png HTTP/1.1" 200 44019
172.22.2.4 - - [05/Sep/2023:06:35:59 -0500] "GET /BLA/boletinlegal/img/button-right.png HTTP/1.1" 200 57878
172.22.2.4 - - [05/Sep/2023:06:35:59 -0500] "GET /BLA/boletinlegal/img/button-left.png HTTP/1.1" 200 57071
172.22.2.4 - - [05/Sep/2023:06:35:59 -0500] "GET /BLA/boletinlegal/favicon.ico HTTP/1.1" 404 1326
201.245.192.253 - - [05/Sep/2023:06:36:06 -0500] "POST /forms/lservlet;jsessionid=ac16012b30d62eda719afc174e28a0dea47e26939047.e3iSbxaKaheRe34Rch0Ra3mLchv0n6jAmljGr5XDqQLvpAe HTTP/1.1" 200 2
216.244.66.195 - - [05/Sep/2023:06:36:09 -0500] "GET /BLA/resoluciones/AUTOS%202016/0837.pdf HTTP/1.1" 200 537282
172.22.2.4 - - [05/Sep/2023:06:36:13 -0500] "GET /BLA/boletinlegal/consulta_actos.php?tipo=resoluciones&no=&usuario=Secretaria%20distrital%20de%20ambiente&sector=&fecha=2023&resuelve= HTTP/1.1" 200 21801
172.22.2.4 - - [05/Sep/2023:06:36:13 -0500] "GET /BLA/boletinlegal/images/pdf.gif HTTP/1.1" 200 567
172.22.2.4 - - [05/Sep/2023:06:36:13 -0500] "GET /BLA/boletinlegal/images/background.gif HTTP/1.1" 200 -
172.22.2.4 - - [05/Sep/2023:06:36:19 -0500] "GET /BLA/boletinlegal/consulta_actos.php?tipo=autos&no=&usuario=Secretaria%20distrital%20de%20ambiente&sector=&fecha=2023&resuelve= HTTP/1.1" 200 626
172.22.2.4 - - [05/Sep/2023:06:36:26 -0500] "GET /BLA/boletinlegal/actos.php HTTP/1.1" 200 9682
172.22.2.4 - - [05/Sep/2023:06:36:26 -0500] "GET /BLA/boletinlegal/actos.php HTTP/1.1" 200 9682
172.22.2.4 - - [05/Sep/2023:06:36:26 -0500] "GET /BLA/boletinlegal/apple-touch-icon-152x152-precomposed.png HTTP/1.1" 404 1140
172.22.2.4 - - [05/Sep/2023:06:36:26 -0500] "GET /BLA/boletinlegal/apple-touch-icon-152x152.png HTTP/1.1" 404 1140
172.22.2.4 - - [05/Sep/2023:06:36:26 -0500] "GET /BLA/boletinlegal/apple-touch-icon-152x152-precomposed.png HTTP/1.1" 404 1140
172.22.2.4 - - [05/Sep/2023:06:36:26 -0500] "GET /BLA/boletinlegal/apple-touch-icon-precomposed.png HTTP/1.1" 404 1140
172.22.2.4 - - [05/Sep/2023:06:36:26 -0500] "GET /BLA/boletinlegal/apple-touch-icon-152x152.png HTTP/1.1" 404 1140
172.22.2.4 - - [05/Sep/2023:06:36:26 -0500] "GET /BLA/boletinlegal/apple-touch-icon.png HTTP/1.1" 404 1140
172.22.2.4 - - [05/Sep/2023:06:36:26 -0500] "GET /BLA/boletinlegal/apple-touch-icon-precomposed.png HTTP/1.1" 404 1140
172.22.2.4 - - [05/Sep/2023:06:36:26 -0500] "GET /BLA/boletinlegal/favicon.ico HTTP/1.1" 404 1140
172.22.2.4 - - [05/Sep/2023:06:36:26 -0500] "GET /BLA/boletinlegal/apple-touch-icon.png HTTP/1.1" 404 1140
172.22.2.4 - - [05/Sep/2023:06:36:26 -0500] "GET /BLA/boletinlegal/apple-touch-icon-152x152-precomposed.png HTTP/1.1" 404 1140
172.22.2.4 - - [05/Sep/2023:06:36:26 -0500] "GET /BLA/boletinlegal/favicon.ico HTTP/1.1" 404 1140
172.22.2.4 - - [05/Sep/2023:06:36:26 -0500] "GET /BLA/boletinlegal/apple-touch-icon-152x152.png HTTP/1.1" 404 1140
172.22.2.4 - - [05/Sep/2023:06:36:26 -0500] "GET /BLA/boletinlegal/apple-touch-icon-152x152-precomposed.png HTTP/1.1" 404 1140
172.22.2.4 - - [05/Sep/2023:06:36:26 -0500] "GET /BLA/boletinlegal/apple-touch-icon-precomposed.png HTTP/1.1" 404 1140
172.22.2.4 - - [05/Sep/2023:06:36:26 -0500] "GET /BLA/boletinlegal/apple-touch-icon-152x152.png HTTP/1.1" 404 1140
172.22.2.4 - - [05/Sep/2023:06:36:27 -0500] "GET /BLA/boletinlegal/apple-touch-icon.png HTTP/1.1" 404 1140
172.22.2.4 - - [05/Sep/2023:06:36:27 -0500] "GET /BLA/boletinlegal/apple-touch-icon-precomposed.png HTTP/1.1" 404 1140
172.22.2.4 - - [05/Sep/2023:06:36:27 -0500] "GET /BLA/boletinlegal/favicon.ico HTTP/1.1" 404 1140
172.22.2.4 - - [05/Sep/2023:06:36:27 -0500] "GET /BLA/boletinlegal/apple-touch-icon.png HTTP/1.1" 404 1140
172.22.2.4 - - [05/Sep/2023:06:36:27 -0500] "GET /BLA/boletinlegal/favicon.ico HTTP/1.1" 404 1140
201.245.192.253 - - [05/Sep/2023:06:36:44 -0500] "POST /forms/lservlet;jsessionid=ac16012b30d6bc37a32d6dd1475b9cc7ba92661c2a41.e3iSbxaKaheRe34Rch0Ra3mLchv0n6jAmljGr5XDqQLvpAe HTTP/1.1" 200 2
216.244.66.195 - - [05/Sep/2023:06:36:52 -0500] "GET /BLA/resoluciones/AUTOS%202016/0852.pdf HTTP/1.1" 200 568741
172.22.2.4 - - [05/Sep/2023:06:35:36 -0500] "HEAD /BLA/boletinlegal/ HTTP/1.1" 200 -
216.244.66.195 - - [05/Sep/2023:06:37:33 -0500] "GET /BLA/resoluciones/AUTOS%202016/1192.pdf HTTP/1.1" 200 473027
201.245.192.253 - - [05/Sep/2023:06:38:06 -0500] "POST /forms/lservlet;jsessionid=ac16012b30d62eda719afc174e28a0dea47e26939047.e3iSbxaKaheRe34Rch0Ra3mLchv0n6jAmljGr5XDqQLvpAe HTTP/1.1" 200 2
216.244.66.195 - - [05/Sep/2023:06:38:06 -0500] "GET /BLA/resoluciones/AUTOS%202016/1227.pdf HTTP/1.1" 200 476600
172.22.2.4 - - [05/Sep/2023:06:36:26 -0500] "GET /BLA/boletinlegal/ HTTP/1.1" 200 58187
201.245.192.253 - - [05/Sep/2023:06:38:05 -0500] "POST /kwsrmcab/Wsrmcab HTTP/1.1" 200 42748
201.245.192.253 - - [05/Sep/2023:06:38:08 -0500] "POST /kwsrmcab/Wsrmcab HTTP/1.1" 200 42243
201.245.192.253 - - [05/Sep/2023:06:38:11 -0500] "POST /kwsrmcab/Wsrmcab  HTTP/1.1" 200 43037
201.245.192.253 - - [05/Sep/2023:06:38:44 -0500] "POST /forms/lservlet;jsessionid=ac16012b30d6bc37a32d6dd1475b9cc7ba92661c2a41.e3iSbxaKaheRe34Rch0Ra3mLchv0n6jAmljGr5XDqQLvpAe HTTP/1.1" 200 2
216.244.66.195 - - [05/Sep/2023:06:38:47 -0500] "GET /BLA/resoluciones/AUTOS%202016/1261.pdf HTTP/1.1" 200 473692
173.252.87.1 - - [05/Sep/2023:06:38:57 -0500] "GET /fauna-silvestre-acciones-de-control-y-recuperacion-en-puente-de-reyes.html HTTP/1.1" 200 1061
173.252.87.12 - - [05/Sep/2023:06:38:57 -0500] "GET /fauna-silvestre-distrito-sensibiliza-a-personas-que-van-a-viajar-en-semana-santa-sobre-la-importancia-de-proteger-la-fauna-silvestre.html HTTP/1.1" 200 955
173.252.87.14 - - [05/Sep/2023:06:38:59 -0500] "GET /images/Fauna%20Silvestre%20SDA%2002.jpeg HTTP/1.1" 200 41590
173.252.87.6 - - [05/Sep/2023:06:39:01 -0500] "GET /images/Fauna-silvestre-jornada-sensibilizacion-semana-santa.jpeg HTTP/1.1" 200 50019
66.220.149.12 - - [05/Sep/2023:06:39:13 -0500] "GET /recuperados-en-la-terminal-el-salitre-102-peces-que-eran-movilizados-ilegalmente-desde-el-caribe-colombiano.html HTTP/1.1" 200 773
216.244.66.195 - - [05/Sep/2023:06:39:33 -0500] "GET /BLA/resoluciones/AUTOS%202016/1631.pdf HTTP/1.1" 200 460286
216.245.221.92 - - [05/Sep/2023:06:39:39 -0500] "HEAD / HTTP/1.1" 200 -
216.244.66.195 - - [05/Sep/2023:06:40:04 -0500] "GET /BLA/resoluciones/AUTOS%202016/2260.pdf HTTP/1.1" 200 561351
201.245.192.253 - - [05/Sep/2023:06:40:06 -0500] "POST /forms/lservlet;jsessionid=ac16012b30d62eda719afc174e28a0dea47e26939047.e3iSbxaKaheRe34Rch0Ra3mLchv0n6jAmljGr5XDqQLvpAe HTTP/1.1" 200 2
201.245.192.253 - - [05/Sep/2023:06:40:44 -0500] "POST /forms/lservlet;jsessionid=ac16012b30d6bc37a32d6dd1475b9cc7ba92661c2a41.e3iSbxaKaheRe34Rch0Ra3mLchv0n6jAmljGr5XDqQLvpAe HTTP/1.1" 200 2
216.244.66.195 - - [05/Sep/2023:06:40:49 -0500] "GET /BLA/resoluciones/AUTOS%202016/2360.pdf HTTP/1.1" 200 525170
216.244.66.195 - - [05/Sep/2023:06:41:24 -0500] "GET /BLA/resoluciones/AUTOS%202016/2425.pdf HTTP/1.1" 200 293623
216.244.66.195 - - [05/Sep/2023:06:41:54 -0500] "GET /BLA/resoluciones/AUTOS%202016/2630.pdf HTTP/1.1" 200 434621
201.245.192.253 - - [05/Sep/2023:06:42:06 -0500] "POST /forms/lservlet;jsessionid=ac16012b30d62eda719afc174e28a0dea47e26939047.e3iSbxaKaheRe34Rch0Ra3mLchv0n6jAmljGr5XDqQLvpAe HTTP/1.1" 200 2
36.225.120.223 - - [05/Sep/2023:06:42:12 -0500] "GET / HTTP/1.1" 400 946
216.244.66.195 - - [05/Sep/2023:06:42:23 -0500] "GET /BLA/resoluciones/AUTOS%202016/2658.pdf HTTP/1.1" 200 433476
201.245.192.253 - - [05/Sep/2023:06:42:44 -0500] "POST /forms/lservlet;jsessionid=ac16012b30d6bc37a32d6dd1475b9cc7ba92661c2a41.e3iSbxaKaheRe34Rch0Ra3mLchv0n6jAmljGr5XDqQLvpAe HTTP/1.1" 200 2
216.244.66.195 - - [05/Sep/2023:06:42:52 -0500] "GET /BLA/resoluciones/AUTOS%202016/2801.pdf HTTP/1.1" 200 368693
172.22.2.4 - - [05/Sep/2023:06:41:26 -0500] "HEAD /BLA/boletinlegal/ HTTP/1.1" 200 -
201.245.192.253 - - [05/Sep/2023:06:43:10 -0500] "POST /kwsrmcab/Wsrmcab  HTTP/1.1" 200 43037
36.225.120.223 - - [05/Sep/2023:06:43:17 -0500] "GET / HTTP/1.1" 400 946
216.244.66.195 - - [05/Sep/2023:06:43:19 -0500] "GET /BLA/resoluciones/AUTOS%202016/2899.pdf HTTP/1.1" 200 1124023
172.22.2.4 - - [05/Sep/2023:06:42:16 -0500] "GET /BLA/boletinlegal/ HTTP/1.1" 200 60342
216.244.66.195 - - [05/Sep/2023:06:44:02 -0500] "GET /BLA/resoluciones/AUTOS%202016/3151.pdf HTTP/1.1" 200 393590
201.245.192.253 - - [05/Sep/2023:06:44:06 -0500] "POST /forms/lservlet;jsessionid=ac16012b30d62eda719afc174e28a0dea47e26939047.e3iSbxaKaheRe34Rch0Ra3mLchv0n6jAmljGr5XDqQLvpAe HTTP/1.1" 200 2
216.244.66.195 - - [05/Sep/2023:06:44:33 -0500] "GET /BLA/resoluciones/AUTOS%202014/0391.pdf HTTP/1.1" 200 170323
216.245.221.92 - - [05/Sep/2023:06:44:39 -0500] "HEAD / HTTP/1.1" 200 -
201.245.192.253 - - [05/Sep/2023:06:44:44 -0500] "POST /forms/lservlet;jsessionid=ac16012b30d6bc37a32d6dd1475b9cc7ba92661c2a41.e3iSbxaKaheRe34Rch0Ra3mLchv0n6jAmljGr5XDqQLvpAe HTTP/1.1" 200 2
216.244.66.195 - - [05/Sep/2023:06:45:02 -0500] "GET /BLA/resoluciones/AUTOS%202015/1071.pdf HTTP/1.1" 200 362905
216.244.66.195 - - [05/Sep/2023:06:45:44 -0500] "GET /BLA/resoluciones/AUTOS%202007/1993.pdf HTTP/1.1" 200 229127
201.245.192.253 - - [05/Sep/2023:06:46:06 -0500] "POST /forms/lservlet;jsessionid=ac16012b30d62eda719afc174e28a0dea47e26939047.e3iSbxaKaheRe34Rch0Ra3mLchv0n6jAmljGr5XDqQLvpAe HTTP/1.1" 200 2
216.244.66.195 - - [05/Sep/2023:06:46:14 -0500] "GET /BLA/resoluciones/AUTOS%202010/0603.pdf HTTP/1.1" 200 160788
52.167.144.138 - - [05/Sep/2023:06:46:24 -0500] "GET /BLA/resoluciones/AUTOS%202021/1424.pdf HTTP/1.1" 304 -
216.244.66.195 - - [05/Sep/2023:06:46:43 -0500] "GET /BLA/resoluciones/AUTOS%202010/0850.pdf HTTP/1.1" 200 272397
201.245.192.253 - - [05/Sep/2023:06:46:44 -0500] "POST /forms/lservlet;jsessionid=ac16012b30d6bc37a32d6dd1475b9cc7ba92661c2a41.e3iSbxaKaheRe34Rch0Ra3mLchv0n6jAmljGr5XDqQLvpAe HTTP/1.1" 200 2
216.244.66.195 - - [05/Sep/2023:06:47:16 -0500] "GET /BLA/resoluciones/AUTOS%202010/1447.pdf HTTP/1.1" 200 193473
216.244.66.195 - - [05/Sep/2023:06:47:44 -0500] "GET /BLA/resoluciones/AUTOS%202010/2793.pdf HTTP/1.1" 200 129013
201.245.192.253 - - [05/Sep/2023:06:48:06 -0500] "POST /forms/lservlet;jsessionid=ac16012b30d62eda719afc174e28a0dea47e26939047.e3iSbxaKaheRe34Rch0Ra3mLchv0n6jAmljGr5XDqQLvpAe HTTP/1.1" 200 2
216.244.66.195 - - [05/Sep/2023:06:48:10 -0500] "GET /BLA/resoluciones/AUTOS%202010/4267.pdf HTTP/1.1" 200 222733
201.245.192.253 - - [05/Sep/2023:06:48:09 -0500] "POST /kwsrmcab/Wsrmcab  HTTP/1.1" 200 43037
216.244.66.195 - - [05/Sep/2023:06:48:36 -0500] "GET /BLA/resoluciones/AUTOS%202010/4874.pdf HTTP/1.1" 200 161947
201.245.192.253 - - [05/Sep/2023:06:48:44 -0500] "POST /forms/lservlet;jsessionid=ac16012b30d6bc37a32d6dd1475b9cc7ba92661c2a41.e3iSbxaKaheRe34Rch0Ra3mLchv0n6jAmljGr5XDqQLvpAe HTTP/1.1" 200 2
172.22.2.4 - - [05/Sep/2023:06:47:16 -0500] "HEAD /BLA/boletinlegal/ HTTP/1.1" 200 -
216.244.66.195 - - [05/Sep/2023:06:49:00 -0500] "GET /BLA/resoluciones/AUTOS%202010/6169.pdf HTTP/1.1" 200 233625
216.244.66.195 - - [05/Sep/2023:06:49:25 -0500] "GET /BLA/resoluciones/AUTOS%202010/6679.pdf HTTP/1.1" 200 377251
216.245.221.92 - - [05/Sep/2023:06:49:39 -0500] "HEAD / HTTP/1.1" 200 -
172.22.2.4 - - [05/Sep/2023:06:48:06 -0500] "GET /BLA/boletinlegal/ HTTP/1.1" 200 60692
216.244.66.195 - - [05/Sep/2023:06:49:48 -0500] "GET /BLA/resoluciones/AUTOS%202010/6933.pdf HTTP/1.1" 200 137389
201.245.192.253 - - [05/Sep/2023:06:50:06 -0500] "POST /forms/lservlet;jsessionid=ac16012b30d62eda719afc174e28a0dea47e26939047.e3iSbxaKaheRe34Rch0Ra3mLchv0n6jAmljGr5XDqQLvpAe HTTP/1.1" 200 2
216.244.66.195 - - [05/Sep/2023:06:50:10 -0500] "GET /BLA/resoluciones/AUTOS%202011/3281.pdf HTTP/1.1" 200 220971
216.244.66.195 - - [05/Sep/2023:06:50:30 -0500] "GET /BLA/resoluciones/AUTOS%202011/3943.pdf HTTP/1.1" 200 318607
201.245.192.253 - - [05/Sep/2023:06:50:44 -0500] "POST /forms/lservlet;jsessionid=ac16012b30d6bc37a32d6dd1475b9cc7ba92661c2a41.e3iSbxaKaheRe34Rch0Ra3mLchv0n6jAmljGr5XDqQLvpAe HTTP/1.1" 200 2
216.244.66.195 - - [05/Sep/2023:06:50:50 -0500] "GET /BLA/resoluciones/AUTOS%202011/3987.pdf HTTP/1.1" 200 134538
216.244.66.195 - - [05/Sep/2023:06:51:08 -0500] "GET /BLA/resoluciones/AUTOS%202011/4078.pdf HTTP/1.1" 200 341271
31.13.115.10 - - [05/Sep/2023:06:51:14 -0500] "GET /recuperados-en-la-terminal-el-salitre-102-peces-que-eran-movilizados-ilegalmente-desde-el-caribe-colombiano.html HTTP/1.1" 200 773
216.244.66.195 - - [05/Sep/2023:06:51:25 -0500] "GET /BLA/resoluciones/RESOLUCIONES%202016/0610.pdf HTTP/1.1" 200 486360
216.244.66.195 - - [05/Sep/2023:06:51:42 -0500] "GET /BLA/resoluciones/RESOLUCIONES%202016/0810.pdf HTTP/1.1" 200 755169
216.244.66.195 - - [05/Sep/2023:06:51:59 -0500] "GET /BLA/resoluciones/RESOLUCIONES%202016/0950.pdf HTTP/1.1" 200 251980
201.245.192.253 - - [05/Sep/2023:06:52:06 -0500] "POST /forms/lservlet;jsessionid=ac16012b30d62eda719afc174e28a0dea47e26939047.e3iSbxaKaheRe34Rch0Ra3mLchv0n6jAmljGr5XDqQLvpAe HTTP/1.1" 200 2
216.244.66.195 - - [05/Sep/2023:06:52:13 -0500] "GET /BLA/resoluciones/RESOLUCIONES%202016/1017.pdf HTTP/1.1" 200 418753
216.244.66.195 - - [05/Sep/2023:06:52:27 -0500] "GET /BLA/resoluciones/RESOLUCIONES%202016/1554.pdf HTTP/1.1" 200 876502
216.244.66.195 - - [05/Sep/2023:06:52:41 -0500] "GET /BLA/resoluciones/RESOLUCIONES%202016/1950.pdf HTTP/1.1" 200 292927
201.245.192.253 - - [05/Sep/2023:06:52:44 -0500] "POST /forms/lservlet;jsessionid=ac16012b30d6bc37a32d6dd1475b9cc7ba92661c2a41.e3iSbxaKaheRe34Rch0Ra3mLchv0n6jAmljGr5XDqQLvpAe HTTP/1.1" 200 2
216.244.66.195 - - [05/Sep/2023:06:52:52 -0500] "GET /BLA/resoluciones/RESOLUCIONES%202016/1965.pdf HTTP/1.1" 200 361201
173.252.107.8 - - [05/Sep/2023:06:52:59 -0500] "GET /mujeres-que-reverdecen-secretaria-de-ambiente-anuncia-el-inicio-de-la-tercera-fase.html HTTP/1.1" 200 954
216.244.66.195 - - [05/Sep/2023:06:53:02 -0500] "GET /BLA/resoluciones/RESOLUCIONES%202016/1979.pdf HTTP/1.1" 200 367878
201.245.192.253 - - [05/Sep/2023:06:53:08 -0500] "POST /kwsrmcab/Wsrmcab  HTTP/1.1" 200 43037
216.244.66.195 - - [05/Sep/2023:06:53:24 -0500] "GET /BLA/resoluciones/RESOLUCIONES%202017/0017.pdf HTTP/1.1" 200 736011
40.77.167.6 - - [05/Sep/2023:06:53:56 -0500] "GET /BLA/resoluciones/index.php?dir=RESOLUCIONES+2005%2FRES+2005+2801-2850%2F HTTP/1.1" 200 11939
216.244.66.195 - - [05/Sep/2023:06:54:00 -0500] "GET /BLA/resoluciones/RESOLUCIONES%202017/0317.pdf HTTP/1.1" 200 404801
201.245.192.253 - - [05/Sep/2023:06:54:06 -0500] "POST /forms/lservlet;jsessionid=ac16012b30d62eda719afc174e28a0dea47e26939047.e3iSbxaKaheRe34Rch0Ra3mLchv0n6jAmljGr5XDqQLvpAe HTTP/1.1" 200 2
216.244.66.195 - - [05/Sep/2023:06:54:30 -0500] "GET /BLA/resoluciones/RESOLUCIONES%202017/0346.pdf HTTP/1.1" 200 778434
216.245.221.92 - - [05/Sep/2023:06:54:39 -0500] "HEAD / HTTP/1.1" 200 -
201.245.192.253 - - [05/Sep/2023:06:54:44 -0500] "POST /forms/lservlet;jsessionid=ac16012b30d6bc37a32d6dd1475b9cc7ba92661c2a41.e3iSbxaKaheRe34Rch0Ra3mLchv0n6jAmljGr5XDqQLvpAe HTTP/1.1" 200 2
172.22.2.4 - - [05/Sep/2023:06:53:06 -0500] "HEAD /BLA/boletinlegal/ HTTP/1.1" 200 -
216.244.66.195 - - [05/Sep/2023:06:55:06 -0500] "GET /BLA/resoluciones/RESOLUCIONES%202017/0497.pdf HTTP/1.1" 200 583083
216.244.66.195 - - [05/Sep/2023:06:55:35 -0500] "GET /BLA/resoluciones/RESOLUCIONES%202017/1144.pdf HTTP/1.1" 200 682846
172.22.2.4 - - [05/Sep/2023:06:53:56 -0500] "GET /BLA/boletinlegal/ HTTP/1.1" 200 52656
216.244.66.195 - - [05/Sep/2023:06:56:03 -0500] "GET /BLA/resoluciones/RESOLUCIONES%202017/1185.pdf HTTP/1.1" 200 607292
201.245.192.253 - - [05/Sep/2023:06:56:06 -0500] "POST /forms/lservlet;jsessionid=ac16012b30d62eda719afc174e28a0dea47e26939047.e3iSbxaKaheRe34Rch0Ra3mLchv0n6jAmljGr5XDqQLvpAe HTTP/1.1" 200 2
216.244.66.195 - - [05/Sep/2023:06:56:31 -0500] "GET /BLA/resoluciones/RESOLUCIONES%202017/1240.pdf HTTP/1.1" 200 441639
66.249.79.100 - - [05/Sep/2023:06:56:35 -0500] "GET /galeria/galeria/fotos/micos7P.jpg HTTP/1.1" 304 -
201.245.192.253 - - [05/Sep/2023:06:56:44 -0500] "POST /forms/lservlet;jsessionid=ac16012b30d6bc37a32d6dd1475b9cc7ba92661c2a41.e3iSbxaKaheRe34Rch0Ra3mLchv0n6jAmljGr5XDqQLvpAe HTTP/1.1" 200 2
216.244.66.195 - - [05/Sep/2023:06:56:57 -0500] "GET /BLA/resoluciones/RESOLUCIONES%202017/1641.pdf HTTP/1.1" 200 459457
216.244.66.195 - - [05/Sep/2023:06:57:22 -0500] "GET /BLA/resoluciones/RESOLUCIONES%202017/1956.pdf HTTP/1.1" 200 440109
123.126.50.129 - - [05/Sep/2023:06:57:34 -0500] "GET / HTTP/1.1" 200 319
216.244.66.195 - - [05/Sep/2023:06:57:46 -0500] "GET /BLA/resoluciones/RESOLUCIONES%202017/2128.pdf HTTP/1.1" 200 311592
201.245.192.253 - - [05/Sep/2023:06:58:06 -0500] "POST /forms/lservlet;jsessionid=ac16012b30d62eda719afc174e28a0dea47e26939047.e3iSbxaKaheRe34Rch0Ra3mLchv0n6jAmljGr5XDqQLvpAe HTTP/1.1" 200 2
201.245.192.253 - - [05/Sep/2023:06:58:07 -0500] "POST /kwsrmcab/Wsrmcab  HTTP/1.1" 200 43037
216.244.66.195 - - [05/Sep/2023:06:58:13 -0500] "GET /BLA/resoluciones/RESOLUCIONES%202017/2388.pdf HTTP/1.1" 200 449087
216.244.66.195 - - [05/Sep/2023:06:58:35 -0500] "GET /BLA/resoluciones/RESOLUCIONES%202017/2417.pdf HTTP/1.1" 200 330789
201.245.192.253 - - [05/Sep/2023:06:58:44 -0500] "POST /forms/lservlet;jsessionid=ac16012b30d6bc37a32d6dd1475b9cc7ba92661c2a41.e3iSbxaKaheRe34Rch0Ra3mLchv0n6jAmljGr5XDqQLvpAe HTTP/1.1" 200 2
216.244.66.195 - - [05/Sep/2023:06:58:56 -0500] "GET /BLA/resoluciones/RESOLUCIONES%202017/2540.pdf HTTP/1.1" 200 411499
216.244.66.195 - - [05/Sep/2023:06:59:16 -0500] "GET /BLA/resoluciones/RESOLUCIONES%202017/2551.pdf HTTP/1.1" 200 1657224
216.245.221.92 - - [05/Sep/2023:06:59:39 -0500] "HEAD / HTTP/1.1" 200 -
216.244.66.195 - - [05/Sep/2023:06:59:54 -0500] "GET /BLA/resoluciones/RESOLUCIONES%202017/2778.pdf HTTP/1.1" 200 286432
