201.245.192.253 - - [05/Sep/2023:10:10:46 -0500] "GET /sipse/faces/javax.faces.resource/theme.css?ln=primefaces-sipse HTTP/1.1" 304 -
201.245.192.253 - - [05/Sep/2023:10:10:46 -0500] "GET /sipse/faces/javax.faces.resource/primefaces.css?ln=primefaces&v=4.0 HTTP/1.1" 304 -
201.245.192.253 - - [05/Sep/2023:10:10:46 -0500] "GET /sipse/faces/javax.faces.resource/jquery/jquery.js?ln=primefaces&v=4.0 HTTP/1.1" 304 -
201.245.192.253 - - [05/Sep/2023:10:10:46 -0500] "GET /sipse/faces/javax.faces.resource/jquery/jquery-plugins.js?ln=primefaces&v=4.0 HTTP/1.1" 304 -
201.245.192.253 - - [05/Sep/2023:10:10:46 -0500] "GET /sipse/faces/javax.faces.resource/primefaces.js?ln=primefaces&v=4.0 HTTP/1.1" 304 -
201.245.192.253 - - [05/Sep/2023:10:10:46 -0500] "GET /sipse/faces/javax.faces.resource/layout/layout.js?ln=primefaces&v=4.0 HTTP/1.1" 304 -
201.245.192.253 - - [05/Sep/2023:10:10:46 -0500] "GET /sipse/faces/javax.faces.resource/dynamiccontent.properties?ln=primefaces&pfdrid=XjOR5%2F%2FfPAZAuY9TpWQeCiM0BhlXxYRBGKi%2FQcXXfeA%3D&pfdrid_c=false HTTP/1.1" 500 383
201.245.192.253 - - [05/Sep/2023:10:10:47 -0500] "POST /sipse/faces/autenticacion.xhtml HTTP/1.1" 200 16774
201.245.192.253 - - [05/Sep/2023:10:10:47 -0500] "GET /sipse/css/custom_css_sg_prime.css HTTP/1.1" 200 5201
201.245.192.253 - - [05/Sep/2023:10:10:47 -0500] "GET /sipse/faces/javax.faces.resource/primefaces.css?ln=primefaces&v=4.0 HTTP/1.1" 304 -
201.245.192.253 - - [05/Sep/2023:10:10:47 -0500] "GET /sipse/faces/javax.faces.resource/theme.css?ln=primefaces-sipse HTTP/1.1" 304 -
201.245.192.253 - - [05/Sep/2023:10:10:47 -0500] "GET /sipse/faces/javax.faces.resource/layout/layout.css?ln=primefaces&v=4.0 HTTP/1.1" 304 -
201.245.192.253 - - [05/Sep/2023:10:10:48 -0500] "GET /sipse/js/jquery.min.js HTTP/1.1" 200 85582
201.245.192.253 - - [05/Sep/2023:10:10:48 -0500] "GET /sipse/faces/javax.faces.resource/jquery/jquery.js?ln=primefaces&v=4.0 HTTP/1.1" 304 -
201.245.192.253 - - [05/Sep/2023:10:10:48 -0500] "GET /sipse/faces/javax.faces.resource/jquery/jquery-plugins.js?ln=primefaces&v=4.0 HTTP/1.1" 304 -
201.245.192.253 - - [05/Sep/2023:10:10:48 -0500] "GET /sipse/faces/javax.faces.resource/primefaces.js?ln=primefaces&v=4.0 HTTP/1.1" 304 -
201.245.192.253 - - [05/Sep/2023:10:10:48 -0500] "GET /sipse/faces/javax.faces.resource/layout/layout.js?ln=primefaces&v=4.0 HTTP/1.1" 304 -
201.245.192.253 - - [05/Sep/2023:10:10:48 -0500] "GET /sipse/css/v_mergente.css HTTP/1.1" 200 1505
201.245.192.253 - - [05/Sep/2023:10:10:48 -0500] "GET /sipse/css/imagen/contrasena.png HTTP/1.1" 404 383
201.245.192.253 - - [05/Sep/2023:10:10:48 -0500] "GET /sipse/imagenes/cargando.gif HTTP/1.1" 200 36959
201.245.192.253 - - [05/Sep/2023:10:10:48 -0500] "GET /sipse/faces/javax.faces.resource/messages/messages.png?ln=primefaces&v=4.0 HTTP/1.1" 200 27209
201.245.192.253 - - [05/Sep/2023:10:10:48 -0500] "POST /forms/lservlet;jsessionid=ac16012b30d6bc37a32d6dd1475b9cc7ba92661c2a41.e3iSbxaKaheRe34Rch0Ra3mLchv0n6jAmljGr5XDqQLvpAe HTTP/1.1" 200 2
201.245.192.253 - - [05/Sep/2023:10:10:48 -0500] "GET /sipse/imagenes/logoAplicacion.jpg HTTP/1.1" 200 155084
201.245.192.253 - - [05/Sep/2023:10:10:50 -0500] "GET /sipse/faces/javax.faces.resource/images/ui-bg_flat_0_2d5972_40x100.png?ln=primefaces-aristo HTTP/1.1" 200 183
201.245.192.253 - - [05/Sep/2023:10:10:50 -0500] "POST /sipse/faces/bienvenido.xhtml HTTP/1.1" 200 2658
201.245.192.253 - - [05/Sep/2023:10:10:50 -0500] "POST /sipse/faces/bienvenido.xhtml HTTP/1.1" 200 39164
201.245.192.253 - - [05/Sep/2023:10:10:51 -0500] "GET /sipse/faces/javax.faces.resource/theme.css?ln=primefaces-sipse HTTP/1.1" 304 -
201.245.192.253 - - [05/Sep/2023:10:10:51 -0500] "GET /sipse/faces/javax.faces.resource/layout/layout.css?ln=primefaces&v=4.0 HTTP/1.1" 304 -
201.245.192.253 - - [05/Sep/2023:10:10:51 -0500] "GET /sipse/faces/javax.faces.resource/primefaces.css?ln=primefaces&v=4.0 HTTP/1.1" 304 -
201.245.192.253 - - [05/Sep/2023:10:10:51 -0500] "GET /sipse/faces/javax.faces.resource/jquery/jquery.js?ln=primefaces&v=4.0 HTTP/1.1" 304 -
201.245.192.253 - - [05/Sep/2023:10:10:51 -0500] "GET /sipse/faces/javax.faces.resource/jquery/jquery-plugins.js?ln=primefaces&v=4.0 HTTP/1.1" 304 -
201.245.192.253 - - [05/Sep/2023:10:10:51 -0500] "GET /sipse/faces/javax.faces.resource/primefaces.js?ln=primefaces&v=4.0 HTTP/1.1" 304 -
201.245.192.253 - - [05/Sep/2023:10:10:50 -0500] "POST /sipse/faces/presentacion/financiero/solicitudProceso/consultarSolicitudProceso.xhtml HTTP/1.1" 200 709549
201.245.192.253 - - [05/Sep/2023:10:10:51 -0500] "GET /sipse/faces/javax.faces.resource/layout/layout.js?ln=primefaces&v=4.0 HTTP/1.1" 304 -
201.245.192.253 - - [05/Sep/2023:10:10:51 -0500] "POST /sipse/faces/presentacion/financiero/solicitudProceso/listarSolicitudProceso.xhtml HTTP/1.1" 200 1420
52.167.144.221 - - [05/Sep/2023:10:10:55 -0500] "GET /BLA/resoluciones/RESOLUCIONES%202022/3226.pdf HTTP/1.1" 200 373631
201.245.192.253 - - [05/Sep/2023:10:11:02 -0500] "POST /sipse/faces/presentacion/financiero/solicitudProceso/listarSolicitudProceso.xhtml HTTP/1.1" 200 132653
201.245.192.253 - - [05/Sep/2023:10:11:02 -0500] "GET /sipse/faces/javax.faces.resource/theme.css?ln=primefaces-sipse HTTP/1.1" 304 -
201.245.192.253 - - [05/Sep/2023:10:11:02 -0500] "GET /sipse/faces/javax.faces.resource/primefaces.css?ln=primefaces&v=4.0 HTTP/1.1" 304 -
201.245.192.253 - - [05/Sep/2023:10:11:02 -0500] "GET /sipse/faces/javax.faces.resource/layout/layout.css?ln=primefaces&v=4.0 HTTP/1.1" 304 -
201.245.192.253 - - [05/Sep/2023:10:11:02 -0500] "GET /sipse/faces/javax.faces.resource/jquery/jquery.js?ln=primefaces&v=4.0 HTTP/1.1" 304 -
201.245.192.253 - - [05/Sep/2023:10:11:02 -0500] "GET /sipse/faces/javax.faces.resource/jquery/jquery-plugins.js?ln=primefaces&v=4.0 HTTP/1.1" 304 -
201.245.192.253 - - [05/Sep/2023:10:11:02 -0500] "GET /sipse/faces/javax.faces.resource/primefaces.js?ln=primefaces&v=4.0 HTTP/1.1" 304 -
201.245.192.253 - - [05/Sep/2023:10:11:02 -0500] "GET /sipse/faces/javax.faces.resource/layout/layout.js?ln=primefaces&v=4.0 HTTP/1.1" 304 -
201.245.192.253 - - [05/Sep/2023:10:11:03 -0500] "GET /sipse/faces/javax.faces.resource/dynamiccontent.properties?ln=primefaces&pfdrid=XjOR5%2F%2FfPAZAuY9TpWQeCiM0BhlXxYRBGKi%2FQcXXfeA%3D&pfdrid_c=false HTTP/1.1" 500 383
216.244.66.195 - - [05/Sep/2023:10:11:08 -0500] "GET /BLA/resoluciones/AUTOS%202016/1184.pdf HTTP/1.1" 200 371003
201.245.192.253 - - [05/Sep/2023:10:11:18 -0500] "POST /sipse/faces/presentacion/financiero/solicitudProceso/consultarSolicitudProceso.xhtml HTTP/1.1" 200 36572
201.245.192.253 - - [05/Sep/2023:10:11:21 -0500] "GET /sipse/faces/javax.faces.resource/theme.css?ln=primefaces-sipse HTTP/1.1" 304 -
201.245.192.253 - - [05/Sep/2023:10:11:21 -0500] "GET /sipse/faces/javax.faces.resource/primefaces.css?ln=primefaces&v=4.0 HTTP/1.1" 304 -
201.245.192.253 - - [05/Sep/2023:10:11:21 -0500] "GET /sipse/faces/javax.faces.resource/layout/layout.css?ln=primefaces&v=4.0 HTTP/1.1" 304 -
201.245.192.253 - - [05/Sep/2023:10:11:21 -0500] "GET /sipse/faces/javax.faces.resource/jquery/jquery.js?ln=primefaces&v=4.0 HTTP/1.1" 304 -
201.245.192.253 - - [05/Sep/2023:10:11:21 -0500] "GET /sipse/faces/javax.faces.resource/jquery/jquery-plugins.js?ln=primefaces&v=4.0 HTTP/1.1" 304 -
201.245.192.253 - - [05/Sep/2023:10:11:21 -0500] "GET /sipse/faces/javax.faces.resource/primefaces.js?ln=primefaces&v=4.0 HTTP/1.1" 304 -
201.245.192.253 - - [05/Sep/2023:10:11:21 -0500] "GET /sipse/faces/javax.faces.resource/layout/layout.js?ln=primefaces&v=4.0 HTTP/1.1" 304 -
201.245.192.253 - - [05/Sep/2023:10:11:21 -0500] "POST /sipse/faces/presentacion/financiero/solicitudProceso/listarSolicitudProceso.xhtml HTTP/1.1" 200 1400
201.245.192.253 - - [05/Sep/2023:10:11:22 -0500] "POST /sipse/faces/presentacion/financiero/solicitudProceso/listarSolicitudProceso.xhtml HTTP/1.1" 200 138009
201.245.192.253 - - [05/Sep/2023:10:11:23 -0500] "GET /sipse/faces/javax.faces.resource/layout/layout.css?ln=primefaces&v=4.0 HTTP/1.1" 304 -
201.245.192.253 - - [05/Sep/2023:10:11:23 -0500] "GET /sipse/faces/javax.faces.resource/theme.css?ln=primefaces-sipse HTTP/1.1" 304 -
201.245.192.253 - - [05/Sep/2023:10:11:23 -0500] "GET /sipse/faces/javax.faces.resource/primefaces.css?ln=primefaces&v=4.0 HTTP/1.1" 304 -
201.245.192.253 - - [05/Sep/2023:10:11:23 -0500] "GET /sipse/faces/javax.faces.resource/jquery/jquery.js?ln=primefaces&v=4.0 HTTP/1.1" 304 -
201.245.192.253 - - [05/Sep/2023:10:11:23 -0500] "GET /sipse/faces/javax.faces.resource/jquery/jquery-plugins.js?ln=primefaces&v=4.0 HTTP/1.1" 304 -
201.245.192.253 - - [05/Sep/2023:10:11:23 -0500] "GET /sipse/faces/javax.faces.resource/primefaces.js?ln=primefaces&v=4.0 HTTP/1.1" 304 -
201.245.192.253 - - [05/Sep/2023:10:11:23 -0500] "GET /sipse/faces/javax.faces.resource/layout/layout.js?ln=primefaces&v=4.0 HTTP/1.1" 304 -
201.245.192.253 - - [05/Sep/2023:10:11:23 -0500] "GET /sipse/faces/javax.faces.resource/dynamiccontent.properties?ln=primefaces&pfdrid=XjOR5%2F%2FfPAZAuY9TpWQeCiM0BhlXxYRBGKi%2FQcXXfeA%3D&pfdrid_c=false HTTP/1.1" 500 383
179.43.191.194 - - [05/Sep/2023:10:11:14 -0500] "POST /boaform/admin/formLogin HTTP/1.1" 404 1186
201.245.192.253 - - [05/Sep/2023:10:11:35 -0500] "POST /sipse/faces/presentacion/financiero/solicitudProceso/consultarSolicitudProceso.xhtml HTTP/1.1" 200 38755
201.245.192.253 - - [05/Sep/2023:10:11:36 -0500] "GET /sipse/faces/javax.faces.resource/primefaces.css?ln=primefaces&v=4.0 HTTP/1.1" 304 -
201.245.192.253 - - [05/Sep/2023:10:11:36 -0500] "GET /sipse/faces/javax.faces.resource/theme.css?ln=primefaces-sipse HTTP/1.1" 304 -
201.245.192.253 - - [05/Sep/2023:10:11:36 -0500] "GET /sipse/faces/javax.faces.resource/layout/layout.css?ln=primefaces&v=4.0 HTTP/1.1" 304 -
201.245.192.253 - - [05/Sep/2023:10:11:36 -0500] "GET /sipse/faces/javax.faces.resource/jquery/jquery-plugins.js?ln=primefaces&v=4.0 HTTP/1.1" 304 -
201.245.192.253 - - [05/Sep/2023:10:11:36 -0500] "GET /sipse/faces/javax.faces.resource/jquery/jquery.js?ln=primefaces&v=4.0 HTTP/1.1" 304 -
201.245.192.253 - - [05/Sep/2023:10:11:36 -0500] "GET /sipse/faces/javax.faces.resource/primefaces.js?ln=primefaces&v=4.0 HTTP/1.1" 304 -
201.245.192.253 - - [05/Sep/2023:10:11:36 -0500] "GET /sipse/faces/javax.faces.resource/layout/layout.js?ln=primefaces&v=4.0 HTTP/1.1" 304 -
201.245.192.253 - - [05/Sep/2023:10:11:41 -0500] "GET /sipse/faces/javax.faces.resource/primefaces.css?ln=primefaces&v=4.0 HTTP/1.1" 304 -
201.245.192.253 - - [05/Sep/2023:10:11:41 -0500] "GET /sipse/faces/javax.faces.resource/theme.css?ln=primefaces-sipse HTTP/1.1" 304 -
201.245.192.253 - - [05/Sep/2023:10:11:41 -0500] "GET /sipse/faces/javax.faces.resource/jquery/jquery.js?ln=primefaces&v=4.0 HTTP/1.1" 304 -
201.245.192.253 - - [05/Sep/2023:10:11:41 -0500] "GET /sipse/faces/javax.faces.resource/layout/layout.css?ln=primefaces&v=4.0 HTTP/1.1" 304 -
201.245.192.253 - - [05/Sep/2023:10:11:41 -0500] "GET /sipse/faces/javax.faces.resource/jquery/jquery-plugins.js?ln=primefaces&v=4.0 HTTP/1.1" 304 -
201.245.192.253 - - [05/Sep/2023:10:11:41 -0500] "GET /sipse/faces/javax.faces.resource/layout/layout.js?ln=primefaces&v=4.0 HTTP/1.1" 304 -
201.245.192.253 - - [05/Sep/2023:10:11:41 -0500] "GET /sipse/faces/javax.faces.resource/primefaces.js?ln=primefaces&v=4.0 HTTP/1.1" 304 -
201.245.192.253 - - [05/Sep/2023:10:11:41 -0500] "POST /sipse/faces/presentacion/financiero/solicitudProceso/consultarHistorialSolProceso.xhtml HTTP/1.1" 200 183323
201.245.192.253 - - [05/Sep/2023:10:11:41 -0500] "GET /sipse/faces/javax.faces.resource/dynamiccontent.properties?ln=primefaces&pfdrid=XjOR5%2F%2FfPAZAuY9TpWQeCiM0BhlXxYRBGKi%2FQcXXfeA%3D&pfdrid_c=false HTTP/1.1" 500 383
216.244.66.195 - - [05/Sep/2023:10:11:41 -0500] "GET /BLA/resoluciones/AUTOS%202016/1319.pdf HTTP/1.1" 200 566506
52.167.144.221 - - [05/Sep/2023:10:11:44 -0500] "GET /BLA/resoluciones/AUTOS%202022/3093.pdf HTTP/1.1" 304 -
201.245.192.253 - - [05/Sep/2023:10:12:07 -0500] "POST /forms/lservlet;jsessionid=ac16012b30d62eda719afc174e28a0dea47e26939047.e3iSbxaKaheRe34Rch0Ra3mLchv0n6jAmljGr5XDqQLvpAe HTTP/1.1" 200 2
172.22.2.4 - - [05/Sep/2023:10:12:18 -0500] "GET /BLA/boletinlegal/actos.php HTTP/1.1" 200 9682
172.22.2.4 - - [05/Sep/2023:10:12:18 -0500] "GET /BLA/boletinlegal/js/ajax_actos.js HTTP/1.1" 200 1322
172.22.2.4 - - [05/Sep/2023:10:12:18 -0500] "GET /BLA/boletinlegal/niceforms-default.css HTTP/1.1" 200 6694
172.22.2.4 - - [05/Sep/2023:10:12:18 -0500] "GET /BLA/boletinlegal/niceforms.js HTTP/1.1" 200 22876
172.22.2.4 - - [05/Sep/2023:10:12:18 -0500] "GET /BLA/boletinlegal/style.css HTTP/1.1" 200 9406
172.22.2.4 - - [05/Sep/2023:10:12:18 -0500] "GET /BLA/boletinlegal/styles2.css HTTP/1.1" 200 1838
172.22.2.4 - - [05/Sep/2023:10:12:18 -0500] "GET /BLA/boletinlegal/js/popup.js HTTP/1.1" 200 1270
172.22.2.4 - - [05/Sep/2023:10:12:18 -0500] "GET /BLA/boletinlegal/js/lib.js HTTP/1.1" 200 6474
172.22.2.4 - - [05/Sep/2023:10:12:18 -0500] "GET /BLA/boletinlegal/js/jquery1.js HTTP/1.1" 200 29846
172.22.2.4 - - [05/Sep/2023:10:12:18 -0500] "GET /BLA/boletinlegal/images/cabezote%20BLEGAL.jpg HTTP/1.1" 200 118164
172.22.2.4 - - [05/Sep/2023:10:12:18 -0500] "GET /BLA/boletinlegal/images/subscribe-icon-big.png HTTP/1.1" 200 47702
172.22.2.4 - - [05/Sep/2023:10:12:18 -0500] "GET /BLA/boletinlegal/images/historia.png HTTP/1.1" 200 52775
172.22.2.4 - - [05/Sep/2023:10:12:18 -0500] "GET /BLA/boletinlegal/images/registro-usuarios.png HTTP/1.1" 200 8106
172.22.2.4 - - [05/Sep/2023:10:12:18 -0500] "GET /BLA/boletinlegal/images/green-yellow-blue-pink-th.png HTTP/1.1" 200 7394
172.22.2.4 - - [05/Sep/2023:10:12:18 -0500] "GET /BLA/boletinlegal/images/icono-email.png HTTP/1.1" 200 5544
172.22.2.4 - - [05/Sep/2023:10:12:18 -0500] "GET /BLA/boletinlegal/images/tel.png HTTP/1.1" 200 14477
172.22.2.4 - - [05/Sep/2023:10:12:18 -0500] "GET /BLA/boletinlegal/images/body_bg.jpg HTTP/1.1" 200 1601
172.22.2.4 - - [05/Sep/2023:10:12:18 -0500] "GET /BLA/boletinlegal/images/menu_lft.gif HTTP/1.1" 200 1713
172.22.2.4 - - [05/Sep/2023:10:12:18 -0500] "GET /BLA/boletinlegal/images/menu_rght.gif HTTP/1.1" 200 1627
172.22.2.4 - - [05/Sep/2023:10:12:18 -0500] "GET /BLA/boletinlegal/images/menu_bg.jpg HTTP/1.1" 200 620
172.22.2.4 - - [05/Sep/2023:10:12:18 -0500] "GET /BLA/boletinlegal/images/bg_top.jpg HTTP/1.1" 200 522
172.22.2.4 - - [05/Sep/2023:10:12:18 -0500] "GET /BLA/boletinlegal/images/text.jpg HTTP/1.1" 200 568
172.22.2.4 - - [05/Sep/2023:10:12:18 -0500] "GET /BLA/boletinlegal/images/hover.jpg HTTP/1.1" 200 640
172.22.2.4 - - [05/Sep/2023:10:12:18 -0500] "GET /BLA/boletinlegal/images/footer_bg.jpg HTTP/1.1" 200 586
172.22.2.4 - - [05/Sep/2023:10:12:18 -0500] "GET /BLA/boletinlegal/images/footer_bg_l.jpg HTTP/1.1" 200 776
172.22.2.4 - - [05/Sep/2023:10:12:18 -0500] "GET /BLA/boletinlegal/img/0.png HTTP/1.1" 200 110
172.22.2.4 - - [05/Sep/2023:10:12:18 -0500] "GET /BLA/boletinlegal/img/button-left.png HTTP/1.1" 200 57071
172.22.2.4 - - [05/Sep/2023:10:12:18 -0500] "GET /BLA/boletinlegal/img/select-right.png HTTP/1.1" 200 44019
172.22.2.4 - - [05/Sep/2023:10:12:18 -0500] "GET /BLA/boletinlegal/img/select-left.png HTTP/1.1" 200 263
172.22.2.4 - - [05/Sep/2023:10:12:18 -0500] "GET /BLA/boletinlegal/img/button-right.png HTTP/1.1" 200 57878
172.22.2.4 - - [05/Sep/2023:10:12:18 -0500] "GET /BLA/boletinlegal/img/button.png HTTP/1.1" 200 43241
172.22.2.4 - - [05/Sep/2023:10:12:18 -0500] "GET /BLA/boletinlegal/favicon.ico HTTP/1.1" 404 1326
216.244.66.195 - - [05/Sep/2023:10:12:21 -0500] "GET /BLA/resoluciones/AUTOS%202016/1460.pdf HTTP/1.1" 200 380642
66.249.66.77 - - [05/Sep/2023:10:12:22 -0500] "GET /portaldeninos/wp-content/uploads/2016/02/home_toy_studio1.jpg HTTP/1.1" 200 219300
172.22.2.4 - - [05/Sep/2023:10:12:32 -0500] "GET /BLA/boletinlegal/consulta_actos.php?tipo=resoluciones&no=1598&usuario=&sector=&fecha=2022&resuelve= HTTP/1.1" 200 1099
172.22.2.4 - - [05/Sep/2023:10:12:32 -0500] "GET /BLA/boletinlegal/images/pdf.gif HTTP/1.1" 200 567
201.245.192.253 - - [05/Sep/2023:10:12:31 -0500] "POST /kwsrmcab/Wsrmcab  HTTP/1.1" 200 43037
181.49.153.193 - - [05/Sep/2023:10:12:35 -0500] "GET /BLA/resoluciones/RESOLUCIONES%202022/1598.pdf HTTP/1.1" 200 345691
181.49.153.193 - - [05/Sep/2023:10:12:35 -0500] "GET /favicon.ico HTTP/1.1" 200 7782
201.245.192.253 - - [05/Sep/2023:10:12:47 -0500] "POST /sipse/faces/presentacion/financiero/solicitudProceso/consultarHistorialSolProceso.xhtml HTTP/1.1" 200 177723
201.245.192.253 - - [05/Sep/2023:10:12:47 -0500] "GET /sipse/faces/javax.faces.resource/theme.css?ln=primefaces-sipse HTTP/1.1" 304 -
201.245.192.253 - - [05/Sep/2023:10:12:47 -0500] "GET /sipse/faces/javax.faces.resource/layout/layout.css?ln=primefaces&v=4.0 HTTP/1.1" 304 -
201.245.192.253 - - [05/Sep/2023:10:12:47 -0500] "GET /sipse/faces/javax.faces.resource/primefaces.css?ln=primefaces&v=4.0 HTTP/1.1" 304 -
201.245.192.253 - - [05/Sep/2023:10:12:47 -0500] "GET /sipse/faces/javax.faces.resource/primefaces.js?ln=primefaces&v=4.0 HTTP/1.1" 304 -
201.245.192.253 - - [05/Sep/2023:10:12:47 -0500] "GET /sipse/faces/javax.faces.resource/jquery/jquery.js?ln=primefaces&v=4.0 HTTP/1.1" 304 -
201.245.192.253 - - [05/Sep/2023:10:12:47 -0500] "GET /sipse/faces/javax.faces.resource/jquery/jquery-plugins.js?ln=primefaces&v=4.0 HTTP/1.1" 304 -
201.245.192.253 - - [05/Sep/2023:10:12:47 -0500] "GET /sipse/faces/javax.faces.resource/layout/layout.js?ln=primefaces&v=4.0 HTTP/1.1" 304 -
201.245.192.253 - - [05/Sep/2023:10:12:47 -0500] "GET /sipse/faces/javax.faces.resource/images/ui-icons_898989_256x240.png?ln=primefaces-aristo HTTP/1.1" 304 -
201.245.192.253 - - [05/Sep/2023:10:12:47 -0500] "GET /sipse/css/imagen/contrasena.png HTTP/1.1" 404 383
201.245.192.253 - - [05/Sep/2023:10:12:48 -0500] "GET /sipse/faces/javax.faces.resource/dynamiccontent.properties?ln=primefaces&pfdrid=XjOR5%2F%2FfPAZAuY9TpWQeCiM0BhlXxYRBGKi%2FQcXXfeA%3D&pfdrid_c=false HTTP/1.1" 500 383
201.245.192.253 - - [05/Sep/2023:10:12:48 -0500] "POST /forms/lservlet;jsessionid=ac16012b30d6bc37a32d6dd1475b9cc7ba92661c2a41.e3iSbxaKaheRe34Rch0Ra3mLchv0n6jAmljGr5XDqQLvpAe HTTP/1.1" 200 2
201.244.254.28 - - [05/Sep/2023:10:12:52 -0500] "POST /BLA/boletinlegal/admin/actos/ingresar.php HTTP/1.1" 200 7302
216.244.66.195 - - [05/Sep/2023:10:12:54 -0500] "GET /BLA/resoluciones/AUTOS%202016/1539.pdf HTTP/1.1" 200 453128
201.245.192.253 - - [05/Sep/2023:10:12:58 -0500] "POST /sipse/faces/presentacion/financiero/solicitudProceso/consultarSolicitudProceso.xhtml HTTP/1.1" 200 713619
172.22.2.4 - - [05/Sep/2023:10:13:03 -0500] "GET /BLA/boletinlegal/consulta_actos.php?tipo=resoluciones&no=1692&usuario=&sector=&fecha=2022&resuelve= HTTP/1.1" 200 1434
181.49.153.193 - - [05/Sep/2023:10:13:05 -0500] "GET /BLA/resoluciones/RESOLUCIONES%202022/1692.pdf HTTP/1.1" 200 588224
172.22.2.4 - - [05/Sep/2023:10:11:26 -0500] "HEAD /BLA/boletinlegal/ HTTP/1.1" 200 -
216.244.66.195 - - [05/Sep/2023:10:13:25 -0500] "GET /BLA/resoluciones/AUTOS%202016/1719.pdf HTTP/1.1" 200 463437
172.22.2.4 - - [05/Sep/2023:10:13:25 -0500] "GET /BLA/boletinlegal/consulta_actos.php?tipo=resoluciones&no=1599&usuario=&sector=&fecha=2022&resuelve= HTTP/1.1" 200 1099
181.49.153.193 - - [05/Sep/2023:10:13:33 -0500] "GET /BLA/resoluciones/RESOLUCIONES%202022/1599.pdf HTTP/1.1" 200 351030
201.245.192.253 - - [05/Sep/2023:10:13:40 -0500] "GET /sipse/faces/faces/index.xhtml HTTP/1.1" 200 677
201.245.192.253 - - [05/Sep/2023:10:13:40 -0500] "GET /sipse/faces/javax.faces.resource/theme.css?ln=primefaces-sipse HTTP/1.1" 304 -
201.245.192.253 - - [05/Sep/2023:10:13:55 -0500] "GET /sipse/faces/faces/index.xhtml HTTP/1.1" 200 677
201.245.192.253 - - [05/Sep/2023:10:13:55 -0500] "GET /sipse/faces/javax.faces.resource/theme.css?ln=primefaces-sipse HTTP/1.1" 304 -
201.245.192.253 - - [05/Sep/2023:10:13:55 -0500] "GET /sipse/faces/faces/faces/autenticacion.xhtml HTTP/1.1" 200 12174
201.245.192.253 - - [05/Sep/2023:10:13:55 -0500] "GET /sipse/js/disable_browser_buttons.js HTTP/1.1" 304 -
201.245.192.253 - - [05/Sep/2023:10:13:55 -0500] "GET /sipse/js/funciones.js HTTP/1.1" 304 -
201.245.192.253 - - [05/Sep/2023:10:13:55 -0500] "GET /sipse/css/custom_css_sg.css HTTP/1.1" 304 -
201.245.192.253 - - [05/Sep/2023:10:13:55 -0500] "GET /sipse/css/custom_css_sg_prime_login.css HTTP/1.1" 304 -
201.245.192.253 - - [05/Sep/2023:10:13:55 -0500] "GET /sipse/faces/javax.faces.resource/theme.css?ln=primefaces-sipse HTTP/1.1" 304 -
201.245.192.253 - - [05/Sep/2023:10:13:55 -0500] "GET /sipse/faces/javax.faces.resource/primefaces.css?ln=primefaces&v=4.0 HTTP/1.1" 304 -
201.245.192.253 - - [05/Sep/2023:10:13:55 -0500] "GET /sipse/faces/javax.faces.resource/layout/layout.css?ln=primefaces&v=4.0 HTTP/1.1" 304 -
201.245.192.253 - - [05/Sep/2023:10:13:55 -0500] "GET /sipse/faces/javax.faces.resource/jquery/jquery.js?ln=primefaces&v=4.0 HTTP/1.1" 304 -
201.245.192.253 - - [05/Sep/2023:10:13:55 -0500] "GET /sipse/faces/javax.faces.resource/jquery/jquery-plugins.js?ln=primefaces&v=4.0 HTTP/1.1" 304 -
201.245.192.253 - - [05/Sep/2023:10:13:55 -0500] "GET /sipse/faces/javax.faces.resource/layout/layout.js?ln=primefaces&v=4.0 HTTP/1.1" 304 -
201.245.192.253 - - [05/Sep/2023:10:13:55 -0500] "GET /sipse/faces/javax.faces.resource/primefaces.js?ln=primefaces&v=4.0 HTTP/1.1" 304 -
216.244.66.195 - - [05/Sep/2023:10:13:55 -0500] "GET /BLA/resoluciones/AUTOS%202016/2114.pdf HTTP/1.1" 200 331886
172.22.2.4 - - [05/Sep/2023:10:12:17 -0500] "GET /BLA/boletinlegal/ HTTP/1.1" 200 60342
201.245.192.253 - - [05/Sep/2023:10:13:58 -0500] "GET /sipse/css/imagen/loginimg.png HTTP/1.1" 304 -
201.245.192.253 - - [05/Sep/2023:10:13:58 -0500] "GET /sipse/css/imagen/logoSDG.png HTTP/1.1" 304 -
201.245.192.253 - - [05/Sep/2023:10:13:58 -0500] "GET /sipse/faces/javax.faces.resource/images/ui-icons_898989_256x240.png?ln=primefaces-aristo HTTP/1.1" 304 -
201.244.254.28 - - [05/Sep/2023:10:14:05 -0500] "POST /BLA/boletinlegal/admin/actos/ingresar.php HTTP/1.1" 200 7302
201.245.192.253 - - [05/Sep/2023:10:14:07 -0500] "POST /forms/lservlet;jsessionid=ac16012b30d62eda719afc174e28a0dea47e26939047.e3iSbxaKaheRe34Rch0Ra3mLchv0n6jAmljGr5XDqQLvpAe HTTP/1.1" 200 2
201.245.192.253 - - [05/Sep/2023:10:14:10 -0500] "POST /sipse/faces/autenticacion.xhtml HTTP/1.1" 200 16164
201.245.192.253 - - [05/Sep/2023:10:14:10 -0500] "GET /sipse/css/custom_css_sg_prime.css HTTP/1.1" 304 -
201.245.192.253 - - [05/Sep/2023:10:14:10 -0500] "GET /sipse/faces/javax.faces.resource/primefaces.css?ln=primefaces&v=4.0 HTTP/1.1" 304 -
201.245.192.253 - - [05/Sep/2023:10:14:10 -0500] "GET /sipse/faces/javax.faces.resource/theme.css?ln=primefaces-sipse HTTP/1.1" 304 -
201.245.192.253 - - [05/Sep/2023:10:14:10 -0500] "GET /sipse/faces/javax.faces.resource/layout/layout.css?ln=primefaces&v=4.0 HTTP/1.1" 304 -
201.245.192.253 - - [05/Sep/2023:10:14:10 -0500] "GET /sipse/js/jquery.min.js HTTP/1.1" 304 -
201.245.192.253 - - [05/Sep/2023:10:14:10 -0500] "GET /sipse/faces/javax.faces.resource/jquery/jquery.js?ln=primefaces&v=4.0 HTTP/1.1" 304 -
201.245.192.253 - - [05/Sep/2023:10:14:10 -0500] "GET /sipse/faces/javax.faces.resource/jquery/jquery-plugins.js?ln=primefaces&v=4.0 HTTP/1.1" 304 -
201.245.192.253 - - [05/Sep/2023:10:14:10 -0500] "GET /sipse/faces/javax.faces.resource/primefaces.js?ln=primefaces&v=4.0 HTTP/1.1" 304 -
201.245.192.253 - - [05/Sep/2023:10:14:10 -0500] "GET /sipse/faces/javax.faces.resource/layout/layout.js?ln=primefaces&v=4.0 HTTP/1.1" 304 -
201.245.192.253 - - [05/Sep/2023:10:14:10 -0500] "GET /sipse/css/v_mergente.css HTTP/1.1" 304 -
201.245.192.253 - - [05/Sep/2023:10:14:10 -0500] "GET /sipse/imagenes/cargando.gif HTTP/1.1" 304 -
201.245.192.253 - - [05/Sep/2023:10:14:10 -0500] "GET /sipse/imagenes/logoAplicacion.jpg HTTP/1.1" 304 -
201.245.192.253 - - [05/Sep/2023:10:14:10 -0500] "GET /sipse/css/imagen/contrasena.png HTTP/1.1" 404 383
201.245.192.253 - - [05/Sep/2023:10:14:10 -0500] "GET /sipse/faces/javax.faces.resource/messages/messages.png?ln=primefaces&v=4.0 HTTP/1.1" 304 -
52.167.144.221 - - [05/Sep/2023:10:14:15 -0500] "GET /Publicaciones/2023EE202208.pdf HTTP/1.1" 200 232016
201.245.192.253 - - [05/Sep/2023:10:14:20 -0500] "POST /forms/lservlet;jsessionid=ac16012b30d62eda719afc174e28a0dea47e26939047.e3iSbxaKaheRe34Rch0Ra3mLchv0n6jAmljGr5XDqQLvpAe HTTP/1.1" 200 374
201.245.192.253 - - [05/Sep/2023:10:14:20 -0500] "POST /forms/lservlet;jsessionid=ac16012b30d62eda719afc174e28a0dea47e26939047.e3iSbxaKaheRe34Rch0Ra3mLchv0n6jAmljGr5XDqQLvpAe HTTP/1.1" 200 7
201.245.192.253 - - [05/Sep/2023:10:14:20 -0500] "POST /forms/lservlet;jsessionid=ac16012b30d62eda719afc174e28a0dea47e26939047.e3iSbxaKaheRe34Rch0Ra3mLchv0n6jAmljGr5XDqQLvpAe HTTP/1.1" 200 2
216.244.66.195 - - [05/Sep/2023:10:14:28 -0500] "GET /BLA/resoluciones/AUTOS%202016/2208.pdf HTTP/1.1" 200 516819
201.245.192.253 - - [05/Sep/2023:10:14:28 -0500] "POST /forms/lservlet;jsessionid=ac16012b30d6bc37a32d6dd1475b9cc7ba92661c2a41.e3iSbxaKaheRe34Rch0Ra3mLchv0n6jAmljGr5XDqQLvpAe HTTP/1.1" 200 62
201.245.192.253 - - [05/Sep/2023:10:14:28 -0500] "POST /forms/lservlet;jsessionid=ac16012b30d6bc37a32d6dd1475b9cc7ba92661c2a41.e3iSbxaKaheRe34Rch0Ra3mLchv0n6jAmljGr5XDqQLvpAe HTTP/1.1" 200 2
201.245.192.253 - - [05/Sep/2023:10:14:28 -0500] "POST /forms/lservlet;jsessionid=ac16012b30d6bc37a32d6dd1475b9cc7ba92661c2a41.e3iSbxaKaheRe34Rch0Ra3mLchv0n6jAmljGr5XDqQLvpAe HTTP/1.1" 200 2
201.245.192.253 - - [05/Sep/2023:10:14:29 -0500] "POST /forms/lservlet;jsessionid=ac16012b30d6bc37a32d6dd1475b9cc7ba92661c2a41.e3iSbxaKaheRe34Rch0Ra3mLchv0n6jAmljGr5XDqQLvpAe HTTP/1.1" 200 2
201.245.192.253 - - [05/Sep/2023:10:14:38 -0500] "POST /forms/lservlet;jsessionid=ac16012b30d6bc37a32d6dd1475b9cc7ba92661c2a41.e3iSbxaKaheRe34Rch0Ra3mLchv0n6jAmljGr5XDqQLvpAe HTTP/1.1" 200 13
216.245.221.92 - - [05/Sep/2023:10:14:38 -0500] "HEAD / HTTP/1.1" 200 -
201.245.192.253 - - [05/Sep/2023:10:14:40 -0500] "POST /forms/lservlet;jsessionid=ac16012b30d6bc37a32d6dd1475b9cc7ba92661c2a41.e3iSbxaKaheRe34Rch0Ra3mLchv0n6jAmljGr5XDqQLvpAe HTTP/1.1" 200 1838
201.245.192.253 - - [05/Sep/2023:10:14:40 -0500] "POST /forms/lservlet;jsessionid=ac16012b30d6bc37a32d6dd1475b9cc7ba92661c2a41.e3iSbxaKaheRe34Rch0Ra3mLchv0n6jAmljGr5XDqQLvpAe HTTP/1.1" 200 10
201.245.192.253 - - [05/Sep/2023:10:14:41 -0500] "POST /forms/lservlet;jsessionid=ac16012b30d6bc37a32d6dd1475b9cc7ba92661c2a41.e3iSbxaKaheRe34Rch0Ra3mLchv0n6jAmljGr5XDqQLvpAe HTTP/1.1" 200 24
201.245.192.253 - - [05/Sep/2023:10:14:48 -0500] "POST /forms/lservlet;jsessionid=ac16012b30d6bc37a32d6dd1475b9cc7ba92661c2a41.e3iSbxaKaheRe34Rch0Ra3mLchv0n6jAmljGr5XDqQLvpAe HTTP/1.1" 200 7
201.245.192.253 - - [05/Sep/2023:10:14:51 -0500] "POST /forms/lservlet;jsessionid=ac16012b30d6bc37a32d6dd1475b9cc7ba92661c2a41.e3iSbxaKaheRe34Rch0Ra3mLchv0n6jAmljGr5XDqQLvpAe HTTP/1.1" 200 2497
201.245.192.253 - - [05/Sep/2023:10:14:53 -0500] "POST /forms/lservlet;jsessionid=ac16012b30d6bc37a32d6dd1475b9cc7ba92661c2a41.e3iSbxaKaheRe34Rch0Ra3mLchv0n6jAmljGr5XDqQLvpAe HTTP/1.1" 200 7
216.244.66.195 - - [05/Sep/2023:10:14:55 -0500] "GET /BLA/resoluciones/AUTOS%202016/2319.pdf HTTP/1.1" 200 380320
201.244.254.28 - - [05/Sep/2023:10:15:17 -0500] "POST /BLA/boletinlegal/admin/actos/ingresar.php HTTP/1.1" 200 7302
216.244.66.195 - - [05/Sep/2023:10:15:21 -0500] "GET /BLA/resoluciones/AUTOS%202016/2321.pdf HTTP/1.1" 200 515363
201.245.192.253 - - [05/Sep/2023:10:15:31 -0500] "POST /sipse/faces/presentacion/financiero/solicitudProceso/consultarSolicitudProceso.xhtml HTTP/1.1" 200 45460
201.245.192.253 - - [05/Sep/2023:10:15:31 -0500] "GET /sipse/faces/javax.faces.resource/theme.css?ln=primefaces-sipse HTTP/1.1" 304 -
201.245.192.253 - - [05/Sep/2023:10:15:31 -0500] "GET /sipse/faces/javax.faces.resource/primefaces.css?ln=primefaces&v=4.0 HTTP/1.1" 304 -
201.245.192.253 - - [05/Sep/2023:10:15:31 -0500] "GET /sipse/faces/javax.faces.resource/layout/layout.css?ln=primefaces&v=4.0 HTTP/1.1" 304 -
201.245.192.253 - - [05/Sep/2023:10:15:31 -0500] "GET /sipse/faces/javax.faces.resource/jquery/jquery-plugins.js?ln=primefaces&v=4.0 HTTP/1.1" 304 -
201.245.192.253 - - [05/Sep/2023:10:15:31 -0500] "GET /sipse/faces/javax.faces.resource/jquery/jquery.js?ln=primefaces&v=4.0 HTTP/1.1" 304 -
201.245.192.253 - - [05/Sep/2023:10:15:31 -0500] "GET /sipse/faces/javax.faces.resource/primefaces.js?ln=primefaces&v=4.0 HTTP/1.1" 304 -
201.245.192.253 - - [05/Sep/2023:10:15:31 -0500] "GET /sipse/faces/javax.faces.resource/layout/layout.js?ln=primefaces&v=4.0 HTTP/1.1" 304 -
201.245.192.253 - - [05/Sep/2023:10:15:31 -0500] "GET /sipse/css/imagen/contrasena.png HTTP/1.1" 404 383
201.245.192.253 - - [05/Sep/2023:10:15:31 -0500] "GET /sipse/faces/javax.faces.resource/images/ui-icons_898989_256x240.png?ln=primefaces-aristo HTTP/1.1" 304 -
201.245.192.253 - - [05/Sep/2023:10:15:36 -0500] "GET /sipse/faces/javax.faces.resource/images/ui-bg_flat_0_2d5972_40x100.png?ln=primefaces-aristo HTTP/1.1" 304 -
201.245.192.253 - - [05/Sep/2023:10:15:36 -0500] "POST /sipse/faces/presentacion/financiero/solicitudProceso/consultar.xhtml HTTP/1.1" 200 12830
216.244.66.195 - - [05/Sep/2023:10:15:50 -0500] "GET /BLA/resoluciones/AUTOS%202016/2340.pdf HTTP/1.1" 200 387485
201.245.192.253 - - [05/Sep/2023:10:16:07 -0500] "POST /forms/lservlet;jsessionid=ac16012b30d62eda719afc174e28a0dea47e26939047.e3iSbxaKaheRe34Rch0Ra3mLchv0n6jAmljGr5XDqQLvpAe HTTP/1.1" 200 2
216.244.66.195 - - [05/Sep/2023:10:16:21 -0500] "GET /BLA/resoluciones/AUTOS%202016/2345.pdf HTTP/1.1" 200 613153
201.244.254.28 - - [05/Sep/2023:10:16:27 -0500] "POST /BLA/boletinlegal/admin/actos/ingresar.php HTTP/1.1" 200 7302
201.245.192.253 - - [05/Sep/2023:10:16:48 -0500] "POST /forms/lservlet;jsessionid=ac16012b30d6bc37a32d6dd1475b9cc7ba92661c2a41.e3iSbxaKaheRe34Rch0Ra3mLchv0n6jAmljGr5XDqQLvpAe HTTP/1.1" 200 2
216.244.66.195 - - [05/Sep/2023:10:16:59 -0500] "GET /BLA/resoluciones/AUTOS%202010/1018.pdf HTTP/1.1" 200 123332
201.245.192.253 - - [05/Sep/2023:10:17:18 -0500] "POST /sipse/faces/presentacion/financiero/solicitudProceso/consultarSolicitudProceso.xhtml HTTP/1.1" 200 46323
201.245.192.253 - - [05/Sep/2023:10:17:18 -0500] "GET /sipse/faces/javax.faces.resource/jquery/jquery.js?ln=primefaces&v=4.0 HTTP/1.1" 304 -
201.245.192.253 - - [05/Sep/2023:10:17:18 -0500] "GET /sipse/faces/javax.faces.resource/jquery/jquery-plugins.js?ln=primefaces&v=4.0 HTTP/1.1" 304 -
201.245.192.253 - - [05/Sep/2023:10:17:18 -0500] "GET /sipse/faces/javax.faces.resource/primefaces.js?ln=primefaces&v=4.0 HTTP/1.1" 304 -
201.245.192.253 - - [05/Sep/2023:10:17:18 -0500] "GET /sipse/faces/javax.faces.resource/layout/layout.js?ln=primefaces&v=4.0 HTTP/1.1" 304 -
201.245.192.253 - - [05/Sep/2023:10:17:19 -0500] "POST /sipse/faces/presentacion/financiero/solicitudProceso/consultar.xhtml HTTP/1.1" 200 39742
201.245.192.253 - - [05/Sep/2023:10:17:19 -0500] "POST /sipse/faces/presentacion/financiero/solicitudProceso/consultar.xhtml HTTP/1.1" 200 39742
201.245.192.253 - - [05/Sep/2023:10:17:19 -0500] "POST /sipse/faces/presentacion/financiero/solicitudProceso/consultar.xhtml HTTP/1.1" 200 39742
201.245.192.253 - - [05/Sep/2023:10:17:19 -0500] "POST /sipse/faces/presentacion/financiero/solicitudProceso/consultar.xhtml HTTP/1.1" 200 39742
201.245.192.253 - - [05/Sep/2023:10:17:19 -0500] "POST /sipse/faces/presentacion/financiero/solicitudProceso/consultar.xhtml HTTP/1.1" 200 39742
201.245.192.253 - - [05/Sep/2023:10:17:19 -0500] "POST /sipse/faces/presentacion/financiero/solicitudProceso/consultar.xhtml HTTP/1.1" 200 39742
201.245.192.253 - - [05/Sep/2023:10:17:19 -0500] "POST /sipse/faces/presentacion/financiero/solicitudProceso/consultar.xhtml HTTP/1.1" 200 39742
201.245.192.253 - - [05/Sep/2023:10:17:19 -0500] "POST /sipse/faces/presentacion/financiero/solicitudProceso/consultar.xhtml HTTP/1.1" 200 39742
201.245.192.253 - - [05/Sep/2023:10:17:19 -0500] "POST /sipse/faces/presentacion/financiero/solicitudProceso/consultar.xhtml HTTP/1.1" 200 39742
201.245.192.253 - - [05/Sep/2023:10:17:19 -0500] "POST /sipse/faces/presentacion/financiero/solicitudProceso/consultar.xhtml HTTP/1.1" 200 39742
201.245.192.253 - - [05/Sep/2023:10:17:19 -0500] "POST /sipse/faces/presentacion/financiero/solicitudProceso/consultar.xhtml HTTP/1.1" 200 39742
201.245.192.253 - - [05/Sep/2023:10:17:19 -0500] "POST /sipse/faces/presentacion/financiero/solicitudProceso/consultar.xhtml HTTP/1.1" 200 39742
201.245.192.253 - - [05/Sep/2023:10:17:30 -0500] "POST /kwsrmcab/Wsrmcab  HTTP/1.1" 200 43037
216.244.66.195 - - [05/Sep/2023:10:17:32 -0500] "GET /BLA/resoluciones/AUTOS%202010/1471.pdf HTTP/1.1" 200 270875
201.244.254.28 - - [05/Sep/2023:10:17:47 -0500] "POST /BLA/boletinlegal/admin/actos/ingresar.php HTTP/1.1" 200 7302
216.244.66.195 - - [05/Sep/2023:10:18:05 -0500] "GET /BLA/resoluciones/AUTOS%202010/2367.pdf HTTP/1.1" 200 178880
201.245.192.253 - - [05/Sep/2023:10:18:04 -0500] "POST /kwsrmcab/Wsrmcab HTTP/1.1" 200 41329
201.245.192.253 - - [05/Sep/2023:10:18:07 -0500] "POST /forms/lservlet;jsessionid=ac16012b30d62eda719afc174e28a0dea47e26939047.e3iSbxaKaheRe34Rch0Ra3mLchv0n6jAmljGr5XDqQLvpAe HTTP/1.1" 200 2
201.245.192.253 - - [05/Sep/2023:10:18:07 -0500] "POST /kwsrmcab/Wsrmcab HTTP/1.1" 200 40213
123.125.109.87 - - [05/Sep/2023:10:18:17 -0500] "GET / HTTP/1.1" 200 319
216.244.66.195 - - [05/Sep/2023:10:18:33 -0500] "GET /BLA/resoluciones/AUTOS%202010/4827.pdf HTTP/1.1" 200 378739
201.245.192.253 - - [05/Sep/2023:10:18:48 -0500] "POST /forms/lservlet;jsessionid=ac16012b30d6bc37a32d6dd1475b9cc7ba92661c2a41.e3iSbxaKaheRe34Rch0Ra3mLchv0n6jAmljGr5XDqQLvpAe HTTP/1.1" 200 2
201.244.254.28 - - [05/Sep/2023:10:18:59 -0500] "POST /BLA/boletinlegal/admin/actos/ingresar.php HTTP/1.1" 200 7302
172.22.2.4 - - [05/Sep/2023:10:17:20 -0500] "HEAD /BLA/boletinlegal/ HTTP/1.1" 200 -
216.244.66.195 - - [05/Sep/2023:10:19:01 -0500] "GET /BLA/resoluciones/AUTOS%202010/5277.pdf HTTP/1.1" 200 192997
216.244.66.195 - - [05/Sep/2023:10:19:27 -0500] "GET /BLA/resoluciones/AUTOS%202010/5476.pdf HTTP/1.1" 200 238900
216.245.221.92 - - [05/Sep/2023:10:19:38 -0500] "HEAD / HTTP/1.1" 200 -
172.22.2.4 - - [05/Sep/2023:10:18:10 -0500] "GET /BLA/boletinlegal/ HTTP/1.1" 200 57323
216.244.66.195 - - [05/Sep/2023:10:19:53 -0500] "GET /BLA/resoluciones/AUTOS%202010/5625.pdf HTTP/1.1" 200 635533
201.245.192.253 - - [05/Sep/2023:10:20:07 -0500] "POST /forms/lservlet;jsessionid=ac16012b30d62eda719afc174e28a0dea47e26939047.e3iSbxaKaheRe34Rch0Ra3mLchv0n6jAmljGr5XDqQLvpAe HTTP/1.1" 200 2
216.244.66.195 - - [05/Sep/2023:10:20:17 -0500] "GET /BLA/resoluciones/AUTOS%202010/5654.pdf HTTP/1.1" 200 938648
201.244.254.28 - - [05/Sep/2023:10:20:22 -0500] "POST /BLA/boletinlegal/admin/actos/ingresar.php HTTP/1.1" 200 7302
66.249.79.102 - - [05/Sep/2023:10:20:37 -0500] "GET /BLA/resoluciones/AUTOS%202007/2748.pdf HTTP/1.1" 200 83094
216.244.66.195 - - [05/Sep/2023:10:20:41 -0500] "GET /BLA/resoluciones/AUTOS%202010/5656.pdf HTTP/1.1" 200 258131
201.245.192.253 - - [05/Sep/2023:10:20:48 -0500] "POST /forms/lservlet;jsessionid=ac16012b30d6bc37a32d6dd1475b9cc7ba92661c2a41.e3iSbxaKaheRe34Rch0Ra3mLchv0n6jAmljGr5XDqQLvpAe HTTP/1.1" 200 148
201.245.192.253 - - [05/Sep/2023:10:20:48 -0500] "POST /forms/lservlet;jsessionid=ac16012b30d6bc37a32d6dd1475b9cc7ba92661c2a41.e3iSbxaKaheRe34Rch0Ra3mLchv0n6jAmljGr5XDqQLvpAe HTTP/1.1" 200 2
201.245.192.253 - - [05/Sep/2023:10:20:53 -0500] "POST /forms/lservlet;jsessionid=ac16012b30d6bc37a32d6dd1475b9cc7ba92661c2a41.e3iSbxaKaheRe34Rch0Ra3mLchv0n6jAmljGr5XDqQLvpAe HTTP/1.1" 200 7
201.245.192.253 - - [05/Sep/2023:10:20:55 -0500] "POST /forms/lservlet;jsessionid=ac16012b30d6bc37a32d6dd1475b9cc7ba92661c2a41.e3iSbxaKaheRe34Rch0Ra3mLchv0n6jAmljGr5XDqQLvpAe HTTP/1.1" 200 23
201.245.192.253 - - [05/Sep/2023:10:21:01 -0500] "POST /forms/lservlet;jsessionid=ac16012b30d6bc37a32d6dd1475b9cc7ba92661c2a41.e3iSbxaKaheRe34Rch0Ra3mLchv0n6jAmljGr5XDqQLvpAe HTTP/1.1" 200 2
201.245.192.253 - - [05/Sep/2023:10:21:01 -0500] "POST /forms/lservlet;jsessionid=ac16012b30d6bc37a32d6dd1475b9cc7ba92661c2a41.e3iSbxaKaheRe34Rch0Ra3mLchv0n6jAmljGr5XDqQLvpAe HTTP/1.1" 200 213
201.245.192.253 - - [05/Sep/2023:10:21:01 -0500] "POST /forms/lservlet;jsessionid=ac16012b30d6bc37a32d6dd1475b9cc7ba92661c2a41.e3iSbxaKaheRe34Rch0Ra3mLchv0n6jAmljGr5XDqQLvpAe HTTP/1.1" 200 10
190.27.46.211 - - [05/Sep/2023:10:21:01 -0500] "GET /catalogoisis/ HTTP/1.1" 200 8575
190.27.46.211 - - [05/Sep/2023:10:21:01 -0500] "GET /catalogoisis/Css/Busqueda.css HTTP/1.1" 200 1995
190.27.46.211 - - [05/Sep/2023:10:21:01 -0500] "GET /catalogoisis/Js/LimpiarCombinada.js HTTP/1.1" 200 207
190.27.46.211 - - [05/Sep/2023:10:21:01 -0500] "GET /catalogoisis/Js/Cookies.js HTTP/1.1" 200 1369
190.27.46.211 - - [05/Sep/2023:10:21:01 -0500] "GET /catalogoisis/Js/Remote.js HTTP/1.1" 200 436
190.27.46.211 - - [05/Sep/2023:10:21:01 -0500] "GET /catalogoisis/Js/AceptarLimpiar.js HTTP/1.1" 200 331
190.27.46.211 - - [05/Sep/2023:10:21:01 -0500] "GET /catalogoisis/Js/CriterioCombinada.js HTTP/1.1" 200 1843
190.27.46.211 - - [05/Sep/2023:10:21:01 -0500] "GET /catalogoisis/Js/Enter.js HTTP/1.1" 200 1208
190.27.46.211 - - [05/Sep/2023:10:21:01 -0500] "GET /catalogoisis/Js/Go.js HTTP/1.1" 200 364
190.27.46.211 - - [05/Sep/2023:10:21:01 -0500] "GET /catalogoisis/Js/Numero.js HTTP/1.1" 200 398
190.27.46.211 - - [05/Sep/2023:10:21:01 -0500] "GET /catalogoisis/imagenes/br1c1.gif HTTP/1.1" 200 172
190.27.46.211 - - [05/Sep/2023:10:21:02 -0500] "GET /catalogoisis/imagenes/br1c3.gif HTTP/1.1" 200 302
190.27.46.211 - - [05/Sep/2023:10:21:02 -0500] "GET /catalogoisis/imagenes/br3c1.gif HTTP/1.1" 200 177
190.27.46.211 - - [05/Sep/2023:10:21:02 -0500] "GET /catalogoisis/imagenes/Turnbo1.gif HTTP/1.1" 200 227
190.27.46.211 - - [05/Sep/2023:10:21:02 -0500] "GET /catalogoisis/imagenes/limpiar1.gif HTTP/1.1" 200 606
190.27.46.211 - - [05/Sep/2023:10:21:02 -0500] "GET /catalogoisis/imagenes/aceptar1.gif HTTP/1.1" 200 604
190.27.46.211 - - [05/Sep/2023:10:21:02 -0500] "GET /catalogoisis/imagenes/br3c2.gif HTTP/1.1" 200 285
190.27.46.211 - - [05/Sep/2023:10:21:02 -0500] "GET /catalogoisis/imagenes/br3c3.gif HTTP/1.1" 200 186
190.27.46.211 - - [05/Sep/2023:10:21:02 -0500] "GET /catalogoisis/imagenes/br1c2.gif HTTP/1.1" 200 297
190.27.46.211 - - [05/Sep/2023:10:21:02 -0500] "GET /catalogoisis/imagenes/br2c1.gif HTTP/1.1" 200 297
190.27.46.211 - - [05/Sep/2023:10:21:02 -0500] "GET /catalogoisis/imagenes/br2c2.gif HTTP/1.1" 200 302
190.27.46.211 - - [05/Sep/2023:10:21:01 -0500] "GET /catalogoisis/imagenes/Header.gif HTTP/1.1" 200 27040
190.27.46.211 - - [05/Sep/2023:10:21:02 -0500] "GET /catalogoisis/imagenes/br2c3.gif HTTP/1.1" 200 416
190.27.46.211 - - [05/Sep/2023:10:21:02 -0500] "GET /favicon.ico HTTP/1.1" 200 7782
201.245.192.253 - - [05/Sep/2023:10:21:02 -0500] "POST /forms/lservlet;jsessionid=ac16012b30d6bc37a32d6dd1475b9cc7ba92661c2a41.e3iSbxaKaheRe34Rch0Ra3mLchv0n6jAmljGr5XDqQLvpAe HTTP/1.1" 200 2
201.245.192.253 - - [05/Sep/2023:10:21:03 -0500] "POST /forms/lservlet;jsessionid=ac16012b30d6bc37a32d6dd1475b9cc7ba92661c2a41.e3iSbxaKaheRe34Rch0Ra3mLchv0n6jAmljGr5XDqQLvpAe HTTP/1.1" 200 177
201.245.192.253 - - [05/Sep/2023:10:21:03 -0500] "POST /forms/lservlet;jsessionid=ac16012b30d6bc37a32d6dd1475b9cc7ba92661c2a41.e3iSbxaKaheRe34Rch0Ra3mLchv0n6jAmljGr5XDqQLvpAe HTTP/1.1" 200 11
201.245.192.253 - - [05/Sep/2023:10:21:05 -0500] "POST /forms/lservlet;jsessionid=ac16012b30d6bc37a32d6dd1475b9cc7ba92661c2a41.e3iSbxaKaheRe34Rch0Ra3mLchv0n6jAmljGr5XDqQLvpAe HTTP/1.1" 200 2
216.244.66.195 - - [05/Sep/2023:10:21:05 -0500] "GET /BLA/resoluciones/AUTOS%202010/6773.pdf HTTP/1.1" 200 386408
201.245.192.253 - - [05/Sep/2023:10:21:05 -0500] "POST /forms/lservlet;jsessionid=ac16012b30d6bc37a32d6dd1475b9cc7ba92661c2a41.e3iSbxaKaheRe34Rch0Ra3mLchv0n6jAmljGr5XDqQLvpAe HTTP/1.1" 200 227
201.245.192.253 - - [05/Sep/2023:10:21:06 -0500] "POST /forms/lservlet;jsessionid=ac16012b30d6bc37a32d6dd1475b9cc7ba92661c2a41.e3iSbxaKaheRe34Rch0Ra3mLchv0n6jAmljGr5XDqQLvpAe HTTP/1.1" 200 7
201.245.192.253 - - [05/Sep/2023:10:21:07 -0500] "GET /reports/rwservlet/getjobid=89009?server=repnomi HTTP/1.1" 200 28170
201.245.192.253 - - [05/Sep/2023:10:21:25 -0500] "POST /sipse/faces/presentacion/financiero/solicitudProceso/consultar.xhtml HTTP/1.1" 200 13418
201.245.192.253 - - [05/Sep/2023:10:21:28 -0500] "POST /sipse/faces/presentacion/financiero/solicitudProceso/consultar.xhtml HTTP/1.1" 200 110319
201.245.192.253 - - [05/Sep/2023:10:21:28 -0500] "GET /sipse/faces/javax.faces.resource/jquery/jquery.js?ln=primefaces&v=4.0 HTTP/1.1" 304 -
201.245.192.253 - - [05/Sep/2023:10:21:28 -0500] "GET /sipse/faces/javax.faces.resource/jquery/jquery-plugins.js?ln=primefaces&v=4.0 HTTP/1.1" 304 -
201.245.192.253 - - [05/Sep/2023:10:21:28 -0500] "GET /sipse/faces/javax.faces.resource/primefaces.js?ln=primefaces&v=4.0 HTTP/1.1" 304 -
201.245.192.253 - - [05/Sep/2023:10:21:29 -0500] "GET /sipse/faces/javax.faces.resource/layout/layout.js?ln=primefaces&v=4.0 HTTP/1.1" 304 -
201.245.192.253 - - [05/Sep/2023:10:21:29 -0500] "GET /sipse/faces/javax.faces.resource/dynamiccontent.properties?ln=primefaces&pfdrid=XjOR5%2F%2FfPAZAuY9TpWQeCiM0BhlXxYRBGKi%2FQcXXfeA%3D&pfdrid_c=false HTTP/1.1" 500 383
201.245.192.253 - - [05/Sep/2023:10:21:32 -0500] "GET /sipse/faces/index.xhtml HTTP/1.1" 200 677
216.244.66.195 - - [05/Sep/2023:10:21:32 -0500] "GET /BLA/resoluciones/AUTOS%202010/6927.pdf HTTP/1.1" 200 257878
201.245.192.253 - - [05/Sep/2023:10:21:32 -0500] "GET /sipse/faces/javax.faces.resource/theme.css?ln=primefaces-sipse HTTP/1.1" 304 -
201.245.192.253 - - [05/Sep/2023:10:21:32 -0500] "GET /sipse/faces/faces/autenticacion.xhtml HTTP/1.1" 200 12174
201.245.192.253 - - [05/Sep/2023:10:21:32 -0500] "GET /sipse/faces/javax.faces.resource/theme.css?ln=primefaces-sipse HTTP/1.1" 304 -
201.245.192.253 - - [05/Sep/2023:10:21:32 -0500] "GET /sipse/faces/javax.faces.resource/primefaces.css?ln=primefaces&v=4.0 HTTP/1.1" 304 -
201.245.192.253 - - [05/Sep/2023:10:21:32 -0500] "GET /sipse/faces/javax.faces.resource/jquery/jquery.js?ln=primefaces&v=4.0 HTTP/1.1" 304 -
201.245.192.253 - - [05/Sep/2023:10:21:32 -0500] "GET /sipse/faces/javax.faces.resource/jquery/jquery-plugins.js?ln=primefaces&v=4.0 HTTP/1.1" 304 -
201.245.192.253 - - [05/Sep/2023:10:21:32 -0500] "GET /sipse/faces/javax.faces.resource/layout/layout.css?ln=primefaces&v=4.0 HTTP/1.1" 304 -
201.245.192.253 - - [05/Sep/2023:10:21:32 -0500] "GET /sipse/faces/javax.faces.resource/primefaces.js?ln=primefaces&v=4.0 HTTP/1.1" 304 -
201.245.192.253 - - [05/Sep/2023:10:21:32 -0500] "GET /sipse/faces/javax.faces.resource/layout/layout.js?ln=primefaces&v=4.0 HTTP/1.1" 304 -
201.245.192.253 - - [05/Sep/2023:10:21:32 -0500] "GET /sipse/faces/javax.faces.resource/images/ui-icons_898989_256x240.png?ln=primefaces-aristo HTTP/1.1" 304 -
201.245.192.253 - - [05/Sep/2023:10:21:35 -0500] "POST /sipse/faces/autenticacion.xhtml HTTP/1.1" 200 16784
201.245.192.253 - - [05/Sep/2023:10:21:35 -0500] "GET /sipse/faces/javax.faces.resource/theme.css?ln=primefaces-sipse HTTP/1.1" 304 -
201.245.192.253 - - [05/Sep/2023:10:21:35 -0500] "GET /sipse/faces/javax.faces.resource/primefaces.css?ln=primefaces&v=4.0 HTTP/1.1" 304 -
201.245.192.253 - - [05/Sep/2023:10:21:35 -0500] "GET /sipse/faces/javax.faces.resource/layout/layout.css?ln=primefaces&v=4.0 HTTP/1.1" 304 -
201.245.192.253 - - [05/Sep/2023:10:21:35 -0500] "GET /sipse/faces/javax.faces.resource/jquery/jquery.js?ln=primefaces&v=4.0 HTTP/1.1" 304 -
201.245.192.253 - - [05/Sep/2023:10:21:35 -0500] "GET /sipse/faces/javax.faces.resource/jquery/jquery-plugins.js?ln=primefaces&v=4.0 HTTP/1.1" 304 -
201.245.192.253 - - [05/Sep/2023:10:21:35 -0500] "GET /sipse/faces/javax.faces.resource/primefaces.js?ln=primefaces&v=4.0 HTTP/1.1" 304 -
201.245.192.253 - - [05/Sep/2023:10:21:35 -0500] "GET /sipse/faces/javax.faces.resource/layout/layout.js?ln=primefaces&v=4.0 HTTP/1.1" 304 -
201.245.192.253 - - [05/Sep/2023:10:21:35 -0500] "GET /sipse/css/imagen/contrasena.png HTTP/1.1" 404 383
201.245.192.253 - - [05/Sep/2023:10:21:35 -0500] "GET /sipse/faces/javax.faces.resource/messages/messages.png?ln=primefaces&v=4.0 HTTP/1.1" 304 -
201.245.192.253 - - [05/Sep/2023:10:21:38 -0500] "GET /sipse/faces/javax.faces.resource/images/ui-bg_flat_0_2d5972_40x100.png?ln=primefaces-aristo HTTP/1.1" 304 -
201.245.192.253 - - [05/Sep/2023:10:21:38 -0500] "POST /sipse/faces/bienvenido.xhtml HTTP/1.1" 200 1471
201.245.192.253 - - [05/Sep/2023:10:21:39 -0500] "POST /sipse/faces/bienvenido.xhtml HTTP/1.1" 200 40856
201.245.192.253 - - [05/Sep/2023:10:21:41 -0500] "GET /sipse/faces/javax.faces.resource/layout/layout.css?ln=primefaces&v=4.0 HTTP/1.1" 304 -
201.245.192.253 - - [05/Sep/2023:10:21:41 -0500] "GET /sipse/faces/javax.faces.resource/primefaces.css?ln=primefaces&v=4.0 HTTP/1.1" 304 -
201.245.192.253 - - [05/Sep/2023:10:21:41 -0500] "GET /sipse/faces/javax.faces.resource/theme.css?ln=primefaces-sipse HTTP/1.1" 304 -
201.245.192.253 - - [05/Sep/2023:10:21:41 -0500] "GET /sipse/faces/javax.faces.resource/jquery/jquery.js?ln=primefaces&v=4.0 HTTP/1.1" 304 -
201.245.192.253 - - [05/Sep/2023:10:21:41 -0500] "GET /sipse/faces/javax.faces.resource/jquery/jquery-plugins.js?ln=primefaces&v=4.0 HTTP/1.1" 304 -
201.245.192.253 - - [05/Sep/2023:10:21:41 -0500] "GET /sipse/faces/javax.faces.resource/primefaces.js?ln=primefaces&v=4.0 HTTP/1.1" 304 -
201.245.192.253 - - [05/Sep/2023:10:21:41 -0500] "GET /sipse/faces/javax.faces.resource/layout/layout.js?ln=primefaces&v=4.0 HTTP/1.1" 304 -
201.245.192.253 - - [05/Sep/2023:10:21:41 -0500] "POST /sipse/faces/presentacion/financiero/solicitudProceso/listarSolicitudProceso.xhtml HTTP/1.1" 200 1436
201.244.254.28 - - [05/Sep/2023:10:21:43 -0500] "POST /BLA/boletinlegal/admin/actos/ingresar.php HTTP/1.1" 200 7302
201.245.192.253 - - [05/Sep/2023:10:21:50 -0500] "POST /sipse/faces/presentacion/financiero/solicitudProceso/listarSolicitudProceso.xhtml HTTP/1.1" 200 140944
201.245.192.253 - - [05/Sep/2023:10:21:51 -0500] "GET /sipse/faces/javax.faces.resource/layout/layout.css?ln=primefaces&v=4.0 HTTP/1.1" 304 -
201.245.192.253 - - [05/Sep/2023:10:21:51 -0500] "GET /sipse/faces/javax.faces.resource/theme.css?ln=primefaces-sipse HTTP/1.1" 304 -
201.245.192.253 - - [05/Sep/2023:10:21:51 -0500] "GET /sipse/faces/javax.faces.resource/primefaces.css?ln=primefaces&v=4.0 HTTP/1.1" 304 -
201.245.192.253 - - [05/Sep/2023:10:21:51 -0500] "GET /sipse/faces/javax.faces.resource/jquery/jquery.js?ln=primefaces&v=4.0 HTTP/1.1" 304 -
201.245.192.253 - - [05/Sep/2023:10:21:51 -0500] "GET /sipse/faces/javax.faces.resource/jquery/jquery-plugins.js?ln=primefaces&v=4.0 HTTP/1.1" 304 -
201.245.192.253 - - [05/Sep/2023:10:21:51 -0500] "GET /sipse/faces/javax.faces.resource/primefaces.js?ln=primefaces&v=4.0 HTTP/1.1" 304 -
201.245.192.253 - - [05/Sep/2023:10:21:51 -0500] "GET /sipse/faces/javax.faces.resource/layout/layout.js?ln=primefaces&v=4.0 HTTP/1.1" 304 -
201.245.192.253 - - [05/Sep/2023:10:21:51 -0500] "GET /sipse/faces/javax.faces.resource/dynamiccontent.properties?ln=primefaces&pfdrid=XjOR5%2F%2FfPAZAuY9TpWQeCiM0BhlXxYRBGKi%2FQcXXfeA%3D&pfdrid_c=false HTTP/1.1" 500 383
216.244.66.195 - - [05/Sep/2023:10:21:53 -0500] "GET /BLA/resoluciones/AUTOS%202010/6941.pdf HTTP/1.1" 200 260394
201.245.192.253 - - [05/Sep/2023:10:22:05 -0500] "POST /sipse/faces/presentacion/financiero/solicitudProceso/consultarSolicitudProceso.xhtml HTTP/1.1" 200 1263336
201.245.192.253 - - [05/Sep/2023:10:22:07 -0500] "POST /forms/lservlet;jsessionid=ac16012b30d62eda719afc174e28a0dea47e26939047.e3iSbxaKaheRe34Rch0Ra3mLchv0n6jAmljGr5XDqQLvpAe HTTP/1.1" 200 2
216.244.66.195 - - [05/Sep/2023:10:22:13 -0500] "GET /BLA/resoluciones/AUTOS%202011/3058.pdf HTTP/1.1" 200 225757
201.245.192.253 - - [05/Sep/2023:10:22:29 -0500] "POST /kwsrmcab/Wsrmcab  HTTP/1.1" 200 43037
216.244.66.195 - - [05/Sep/2023:10:22:32 -0500] "GET /BLA/resoluciones/AUTOS%202011/3854.pdf HTTP/1.1" 200 238815
201.245.192.253 - - [05/Sep/2023:10:22:33 -0500] "POST /sipse/faces/presentacion/financiero/solicitudProceso/consultarSolicitudProceso.xhtml HTTP/1.1" 200 46864
201.245.192.253 - - [05/Sep/2023:10:22:33 -0500] "GET /sipse/faces/javax.faces.resource/jquery/jquery.js?ln=primefaces&v=4.0 HTTP/1.1" 304 -
201.245.192.253 - - [05/Sep/2023:10:22:33 -0500] "GET /sipse/faces/javax.faces.resource/jquery/jquery-plugins.js?ln=primefaces&v=4.0 HTTP/1.1" 304 -
201.245.192.253 - - [05/Sep/2023:10:22:34 -0500] "GET /sipse/faces/javax.faces.resource/primefaces.js?ln=primefaces&v=4.0 HTTP/1.1" 304 -
201.245.192.253 - - [05/Sep/2023:10:22:34 -0500] "GET /sipse/faces/javax.faces.resource/layout/layout.js?ln=primefaces&v=4.0 HTTP/1.1" 304 -
201.245.192.253 - - [05/Sep/2023:10:22:34 -0500] "POST /sipse/faces/presentacion/financiero/solicitudProceso/consultar.xhtml HTTP/1.1" 200 40283
201.245.192.253 - - [05/Sep/2023:10:22:34 -0500] "POST /sipse/faces/presentacion/financiero/solicitudProceso/consultar.xhtml HTTP/1.1" 200 40283
201.245.192.253 - - [05/Sep/2023:10:22:34 -0500] "POST /sipse/faces/presentacion/financiero/solicitudProceso/consultar.xhtml HTTP/1.1" 200 40283
201.245.192.253 - - [05/Sep/2023:10:22:34 -0500] "POST /sipse/faces/presentacion/financiero/solicitudProceso/consultar.xhtml HTTP/1.1" 200 40283
201.245.192.253 - - [05/Sep/2023:10:22:35 -0500] "POST /sipse/faces/presentacion/financiero/solicitudProceso/consultar.xhtml HTTP/1.1" 200 40283
201.245.192.253 - - [05/Sep/2023:10:22:35 -0500] "POST /sipse/faces/presentacion/financiero/solicitudProceso/consultar.xhtml HTTP/1.1" 200 40283
201.245.192.253 - - [05/Sep/2023:10:22:35 -0500] "POST /sipse/faces/presentacion/financiero/solicitudProceso/consultar.xhtml HTTP/1.1" 200 40283
201.245.192.253 - - [05/Sep/2023:10:22:35 -0500] "POST /sipse/faces/presentacion/financiero/solicitudProceso/consultar.xhtml HTTP/1.1" 200 40283
201.245.192.253 - - [05/Sep/2023:10:22:35 -0500] "POST /sipse/faces/presentacion/financiero/solicitudProceso/consultar.xhtml HTTP/1.1" 200 40283
201.245.192.253 - - [05/Sep/2023:10:22:35 -0500] "POST /sipse/faces/presentacion/financiero/solicitudProceso/consultar.xhtml HTTP/1.1" 200 40283
