216.244.66.195 - - [08/Sep/2023:13:12:33 -0500] "GET /BLA/resoluciones/AUTOS%202010/1356.pdf HTTP/1.1" 200 198887
172.22.2.4 - - [08/Sep/2023:13:12:38 -0500] "GET /BLA/boletinlegal/consulta_actos.php?tipo=resoluciones&no=&usuario=&sector=VERTIMIENTOS&fecha=2023&resuelve=RECURSO HTTP/1.1" 200 1525
172.22.2.4 - - [08/Sep/2023:13:12:43 -0500] "GET /BLA/boletinlegal/consulta_actos.php?tipo=resoluciones&no=&usuario=&sector=VERTIMIENTOS&fecha=2022&resuelve=RECURSO HTTP/1.1" 200 4455
172.22.2.4 - - [08/Sep/2023:13:12:50 -0500] "GET /BLA/boletinlegal/consulta_actos.php?tipo=resoluciones&no=&usuario=&sector=VERTIMIENTOS&fecha=2023&resuelve=RECURSO HTTP/1.1" 200 1525
186.84.91.34 - - [08/Sep/2023:13:12:56 -0500] "GET /BLA/resoluciones/RESOLUCIONES%202023/0154.pdf HTTP/1.1" 200 395805
201.245.192.253 - - [08/Sep/2023:13:13:05 -0500] "POST /forms/lservlet;jsessionid=ac16012b30d6fe616ddb68764dacb333ec8eb017034b.e3iSbxaKaheRe34Rch0Ra3mLchv0n6jAmljGr5XDqQLvpAe HTTP/1.1" 200 2
173.252.87.12 - - [08/Sep/2023:13:13:06 -0500] "GET /distrito-firma-acuerdos-de-conservacion-con-academia-y-sociedad-civil-para-proteger-22-hectareas-en-suba-y-cerros-orientales.html HTTP/1.1" 200 1062
173.252.83.111 - - [08/Sep/2023:13:13:07 -0500] "GET /images/Acuerdos1.jpeg HTTP/1.1" 200 59889
216.244.66.195 - - [08/Sep/2023:13:13:07 -0500] "GET /BLA/resoluciones/AUTOS%202010/1475.pdf HTTP/1.1" 200 272619
216.244.66.195 - - [08/Sep/2023:13:13:47 -0500] "GET /BLA/resoluciones/AUTOS%202010/1898.pdf HTTP/1.1" 200 148345
66.249.66.84 - - [08/Sep/2023:13:14:12 -0500] "GET /portaldeninos/glosario/ HTTP/1.1" 200 97198
216.244.66.195 - - [08/Sep/2023:13:14:21 -0500] "GET /BLA/resoluciones/AUTOS%202010/1902.pdf HTTP/1.1" 200 144429
201.245.192.253 - - [08/Sep/2023:13:14:23 -0500] "POST /forms/lservlet;jsessionid=ac16012b30d65962943bc1d1484c974eac862b03ab49.e3iSbxaKaheRe34Rch0Ra3mLchv0n6jAmljGr5XDqQLvpAe HTTP/1.1" 200 2
35.245.53.199 - - [08/Sep/2023:13:14:25 -0500] "GET /inscribete-y-participa-en-el-foro-sobre-la-gestion-de-los-bifenilos-policlorados-en-transformadores-electricos.html HTTP/1.1" 200 931
35.245.53.199 - - [08/Sep/2023:13:14:25 -0500] "GET /inscribete-y-participa-en-el-foro-sobre-la-gestion-de-los-bifenilos-policlorados-en-transformadores-electricos.html HTTP/1.1" 200 931
216.244.66.195 - - [08/Sep/2023:13:14:55 -0500] "GET /BLA/resoluciones/AUTOS%202010/2908.pdf HTTP/1.1" 200 220265
172.22.2.4 - - [08/Sep/2023:13:14:58 -0500] "GET /BLA/boletinlegal/conceptos.php HTTP/1.1" 200 7496
172.22.2.4 - - [08/Sep/2023:13:15:01 -0500] "GET /BLA/boletinlegal/consulta_conceptos.php?no=&solicitante=&radicado_entrada=&fecha_concepto=2023&objeto= HTTP/1.1" 200 23039
40.77.167.65 - - [08/Sep/2023:13:15:04 -0500] "GET /galeria/galeria/fotos/Jaboque2P.jpg HTTP/1.1" 200 31057
201.245.192.253 - - [08/Sep/2023:13:15:05 -0500] "POST /forms/lservlet;jsessionid=ac16012b30d6fe616ddb68764dacb333ec8eb017034b.e3iSbxaKaheRe34Rch0Ra3mLchv0n6jAmljGr5XDqQLvpAe HTTP/1.1" 200 2
216.245.221.92 - - [08/Sep/2023:13:15:27 -0500] "HEAD / HTTP/1.1" 200 -
216.244.66.195 - - [08/Sep/2023:13:15:28 -0500] "GET /BLA/resoluciones/AUTOS%202010/4505.pdf HTTP/1.1" 200 293000
186.102.28.46 - - [08/Sep/2023:13:15:50 -0500] "GET /kwssiamovil/sm/ldap/au?x=U2FsdGVkX19r2gqmoWlQiDfHlObmgA/XSxWzgonkoKyFPF/+vTS2ricuWNPo14ce&y=U2FsdGVkX19n6IbGIMObaa+AqpRNowz4eCj07bI9qEA= HTTP/1.1" 200 31
216.244.66.195 - - [08/Sep/2023:13:16:00 -0500] "GET /BLA/resoluciones/AUTOS%202010/4628.pdf HTTP/1.1" 200 327139
52.167.144.108 - - [08/Sep/2023:13:16:06 -0500] "GET /BLA/resoluciones/AUTOS%202023/4018.pdf HTTP/1.1" 200 717249
186.102.28.46 - - [08/Sep/2023:13:16:15 -0500] "GET /kwssiamovil/sm/ldap/au?x=U2FsdGVkX1/vDASPMxiHkMsjV42LjK1908ux8Ngk0IDjumc+wyfWDznzdYYP3hZC&y=U2FsdGVkX18RW6LB8yJoazfcqrNDSz1TeTexQo9XxQ4= HTTP/1.1" 200 30
201.245.192.253 - - [08/Sep/2023:13:16:23 -0500] "POST /forms/lservlet;jsessionid=ac16012b30d65962943bc1d1484c974eac862b03ab49.e3iSbxaKaheRe34Rch0Ra3mLchv0n6jAmljGr5XDqQLvpAe HTTP/1.1" 200 2
216.244.66.195 - - [08/Sep/2023:13:16:31 -0500] "GET /BLA/resoluciones/AUTOS%202010/4747.pdf HTTP/1.1" 200 332604
201.245.192.253 - - [08/Sep/2023:13:16:42 -0500] "POST /kwsrmcab/Wsrmcab  HTTP/1.1" 200 42865
216.244.66.195 - - [08/Sep/2023:13:16:58 -0500] "GET /BLA/resoluciones/AUTOS%202010/4860.pdf HTTP/1.1" 200 246505
201.245.192.253 - - [08/Sep/2023:13:17:05 -0500] "POST /forms/lservlet;jsessionid=ac16012b30d6fe616ddb68764dacb333ec8eb017034b.e3iSbxaKaheRe34Rch0Ra3mLchv0n6jAmljGr5XDqQLvpAe HTTP/1.1" 200 2
216.244.66.195 - - [08/Sep/2023:13:17:23 -0500] "GET /BLA/resoluciones/AUTOS%202010/5733.pdf HTTP/1.1" 200 8760
172.22.2.4 - - [08/Sep/2023:13:15:49 -0500] "HEAD /BLA/boletinlegal/ HTTP/1.1" 200 -
216.244.66.195 - - [08/Sep/2023:13:17:47 -0500] "GET /BLA/resoluciones/AUTOS%202011/1837.pdf HTTP/1.1" 200 221277
192.168.181.70 - - [08/Sep/2023:13:17:57 -0500] "GET / HTTP/1.1" 200 4720
192.168.181.70 - - [08/Sep/2023:13:17:57 -0500] "GET /js/url.js HTTP/1.1" 404 1294
216.244.66.195 - - [08/Sep/2023:13:18:10 -0500] "GET /BLA/resoluciones/AUTOS%202011/3911.pdf HTTP/1.1" 200 186697
172.22.2.4 - - [08/Sep/2023:13:16:39 -0500] "GET /BLA/boletinlegal/ HTTP/1.1" 200 60342
192.168.181.70 - - [08/Sep/2023:13:18:23 -0500] "POST /procesar.php HTTP/1.1" 200 1047
201.245.192.253 - - [08/Sep/2023:13:18:23 -0500] "POST /forms/lservlet;jsessionid=ac16012b30d65962943bc1d1484c974eac862b03ab49.e3iSbxaKaheRe34Rch0Ra3mLchv0n6jAmljGr5XDqQLvpAe HTTP/1.1" 200 2
216.244.66.195 - - [08/Sep/2023:13:18:33 -0500] "GET /BLA/resoluciones/RESOLUCIONES%202016/0094.pdf HTTP/1.1" 200 1365472
172.22.2.4 - - [08/Sep/2023:13:18:39 -0500] "GET /BLA/boletinlegal/consulta_actos.php?tipo=resoluciones&no=&usuario=&sector=VERTIMIENTOS&fecha=2022&resuelve=RECURSO HTTP/1.1" 200 4455
186.84.91.34 - - [08/Sep/2023:13:18:42 -0500] "GET /BLA/resoluciones/RESOLUCIONES%202022/5252.pdf HTTP/1.1" 200 516317
201.245.192.253 - - [08/Sep/2023:13:18:49 -0500] "POST /kwsrmcab/Wsrmcab HTTP/1.1" 200 40846
216.244.66.195 - - [08/Sep/2023:13:18:55 -0500] "GET /BLA/resoluciones/RESOLUCIONES%202016/0629.pdf HTTP/1.1" 200 482808
201.245.192.253 - - [08/Sep/2023:13:18:52 -0500] "POST /kwsrmcab/Wsrmcab HTTP/1.1" 200 42138
186.84.91.34 - - [08/Sep/2023:13:19:00 -0500] "GET /BLA/resoluciones/RESOLUCIONES%202022/5137.pdf HTTP/1.1" 200 550434
201.245.192.253 - - [08/Sep/2023:13:19:06 -0500] "POST /forms/lservlet;jsessionid=ac16012b30d6fe616ddb68764dacb333ec8eb017034b.e3iSbxaKaheRe34Rch0Ra3mLchv0n6jAmljGr5XDqQLvpAe HTTP/1.1" 200 2
40.77.167.241 - - [08/Sep/2023:13:19:13 -0500] "GET /forest/ HTTP/1.1" 200 12041
190.145.77.226 - - [08/Sep/2023:13:19:25 -0500] "GET /inscribete-y-participa-en-el-foro-sobre-la-gestion-de-los-bifenilos-policlorados-en-transformadores-electricos.html HTTP/1.1" 200 931
152.203.205.14 - - [08/Sep/2023:13:19:46 -0500] "GET /kwssiamovil/sm/acme/a?s=U2FsdGVkX1/0LhcRCxT+/ECik1COIeLLJIe7R9Q4VsWQZcbYk8wQ+iXqZuBolPdxMAHrbVOqCE4Tx4YmY0UMsH8ZmxGWnFbN74yydTZ8lQInJvlSgKXATWNdKK7laGzZf9i6TakAcQiLzs5popU2h7DTYswr2KIAPEo45sBFRk7T6+Q8tlfOjqd2tHqCtiaYJChGJ/ybXVuz292ItRZBOVAN92zHdh2mxKjWycn1/4tEX/o36NMjFfWEP0BpKNfa7/1Km9gBo5hP857eAWceNQ==&u=U2FsdGVkX1+kOfi+LgO2/YvLPgfEfujAj3tGsIt9dwI2PcybsunrLYDEFYz7bqJw&y=U2FsdGVkX1/rCxv+0IykS8MPgmmgcPwhwzMOnEwhVNixBE349BKeSdqCVKmq0uLk HTTP/1.1" 200 26
152.203.205.14 - - [08/Sep/2023:13:19:46 -0500] "GET /kwssiamovil/sm/acme/a?s=U2FsdGVkX18fcwz7zuLMxCiu7vgp9xxswwNqHI5Z8gvypBl42W+6pfl8MFgQjL/LIhAchiYQWyv1rCrwxR8ZEnE2ZSUCzDw96TvBJQkjYxEfGyLQW5InM2iHTCSSLEChJ48BI2qu+2ZLbd+JJt0mSURjYSV9w8G8cPelr4cR6AritTneBFW/5fqUob8/M0lgXGTosdPmNOOsZHF+LZzb47b6EvUSTOXraqiKU9fSVl4lHryxkcVsZCVcuox5IO2Mq1kunwKBKWKbC0wDmig0P7RZKtbGKSwVY1dyplaDfJQdzmZ7MCMvxdl8a7PuagPV8A4BuqDuCqNjCZOtzZOV0SAmlJ48ju0LnapWVKRbGgHzhaI+R9X7XHvRheKhcCYBFWv6uUm32kO2ytjW9l5Tz5wpWyL6NeooPBytDQ07HSBurfQ05XgZzH2Jr0kliL2IavJHSQRnZoMS+z79ghMtZPKJex12OBp8WB2KZT41HRRGd68fy06WpdtMKdmaN4OWpssWs0U5NEi8oWyQR6zLPcmgvEEoD0OwoN8xQGL5KzfUWC3Qt/XlEqv74vSBw+H7jiLQseJzUJh+p858KR1m7E4AA8G42xV3i0BbLjEgASOlduSUKTpGoOmbhejcV7BlZRHQjOVDosGfF2jcQ4VWZrK4U7uNpB8vy7SX3z0EVq7REd2RFnTU79bgW7Oeoko//LvRXbOFxFPa/nRjG4QMfRm3z0jASt8OmJaGKMqJuMKvpYhYVDiJYcqMGtNPqo8lWef4aBeqfyb4USGOHQpVFTdE7c63kznadtHEFgtk8fYX3pzFhnGqvjSdrGtRF/qGm0MD8PiBFm9hefop8muJwjcdqvhawOeBDBslwHRFgLhhS9C9dI/XzTHN5jmkRG2a6CZZp8q34iAklj6tzWwqYeQ9/d+OEM/8+EdkLRoRNDKPcP2/eKf8p7h1lAGorMtn81hE10F20rGCVb+ruJRuRicbtZfMIG9g63FEIwboHm1jyA1xb4ckm01R18BTER81Sp1czysBF7ZZxDWcfx2iRwnGcBCfNa7s2mv8cyWE3ZNxeRTEHPRmfKHQRhhUrKktBrNW7roPie7g4mUaWI/yfrpTtN2xJpEGvOxEPXSTyP++qFSt8TcsLSPU5uUSg25O4Ys0+f1B8FQ812tj4131WfaaU5jkVn10TmrZjgR+e2V0t5HaR0xNIQGjbXpGLOuR1uiiXz18Jn7wl4graQyogaES1Q5EfclZx3CTVK2LxJRpGtMrV4AE3aK2xkefZp6wTZFSzyEr7Hn9aQvidaDosA==&u=U2FsdGVkX1+kOfi+LgO2/YvLPgfEfujAj3tGsIt9dwI2PcybsunrLYDEFYz7bqJw&y=U2FsdGVkX1/rCxv+0IykS8MPgmmgcPwhwzMOnEwhVNixBE349BKeSdqCVKmq0uLk HTTP/1.1" 200 26
152.203.205.14 - - [08/Sep/2023:13:19:46 -0500] "GET /kwssiamovil/sm/acme/a?s=U2FsdGVkX1+4hQtq1wPC2sP6UuMx2CgM0pjesmQ/fubwgboIWLaSy/QOrkq+K1MY/n7SU3ggNPYQWxxHmmVLQrWlMg9N11YvBhMn1Ws9Sknas5afK/2zZHv3koEQ71YAY2iz26j0uiGd+q3sSAxKw5UjWGhVxp2LAHMukZpLkVc=&u=U2FsdGVkX1+kOfi+LgO2/YvLPgfEfujAj3tGsIt9dwI2PcybsunrLYDEFYz7bqJw&y=U2FsdGVkX1/rCxv+0IykS8MPgmmgcPwhwzMOnEwhVNixBE349BKeSdqCVKmq0uLk HTTP/1.1" 200 26
152.203.205.14 - - [08/Sep/2023:13:19:47 -0500] "GET /kwssiamovil/sm/acme/a?s=U2FsdGVkX1899HsT4q9wc32fiG5xEUUAe1nC6MHXG0uAkXK13EL8kgAOmgBybRkrB9Ad0Izy325sODDnTxkDFzXyPogLAOaD9rzDDgqBEvin0K0+3de3KBWkliGiVYaNSY5uVCb2u3nA6GDnsIwPr2mvowGsBaj4lfPAW8VQMuQ=&u=U2FsdGVkX1+kOfi+LgO2/YvLPgfEfujAj3tGsIt9dwI2PcybsunrLYDEFYz7bqJw&y=U2FsdGVkX1/rCxv+0IykS8MPgmmgcPwhwzMOnEwhVNixBE349BKeSdqCVKmq0uLk HTTP/1.1" 200 26
152.203.205.14 - - [08/Sep/2023:13:19:47 -0500] "GET /kwssiamovil/sm/acme/a?s=U2FsdGVkX1+LMClV75v8RYEIyVA5sHXDfksJRlyYKWCQ8TEC/Xvf6bOwRAAwLDKdTSi7/IfrLqv0uynSehWa3T55BPPnt5WQ0/RX0teCnXMHHHRTL9yQh51g5UavEHO7HYG/YBnn+rPX1nER+ZjXwHoBzhpjwnWEvdiQjg2lfrs=&u=U2FsdGVkX1+kOfi+LgO2/YvLPgfEfujAj3tGsIt9dwI2PcybsunrLYDEFYz7bqJw&y=U2FsdGVkX1/rCxv+0IykS8MPgmmgcPwhwzMOnEwhVNixBE349BKeSdqCVKmq0uLk HTTP/1.1" 200 26
152.203.205.14 - - [08/Sep/2023:13:19:47 -0500] "GET /kwssiamovil/sm/acme/a?s=U2FsdGVkX1/KVHsf9P23/smeD5P5NYurCpo/ox6awB+okNLDrTY8N95ibiXqt0oY76/+ht42xb3R0BnC7eLnw+9NJyNHOOrxw8YmM8szkZyYRYXXRzdnjumU0J43Oiy0uF9T7LwpDXbXM3rgXIz6FXcddn2bb9wLUEm05FTneOkQDvjy9tf7oOxl9OEpi8h5M6E+LiKSsa4bHNSfL2JBzA==&u=U2FsdGVkX1+kOfi+LgO2/YvLPgfEfujAj3tGsIt9dwI2PcybsunrLYDEFYz7bqJw&y=U2FsdGVkX1/rCxv+0IykS8MPgmmgcPwhwzMOnEwhVNixBE349BKeSdqCVKmq0uLk HTTP/1.1" 200 26
172.22.2.4 - - [08/Sep/2023:13:20:05 -0500] "GET /BLA/boletinlegal/consulta_actos.php?tipo=resoluciones&no=1655&usuario=&sector=&fecha=2015&resuelve= HTTP/1.1" 200 626
172.22.2.4 - - [08/Sep/2023:13:20:07 -0500] "GET /BLA/boletinlegal/consulta_actos.php?tipo=resoluciones&no=1655&usuario=&sector=&fecha=2015&resuelve= HTTP/1.1" 200 626
172.22.2.4 - - [08/Sep/2023:13:20:08 -0500] "GET /BLA/boletinlegal/actos.php HTTP/1.1" 200 9682
172.22.2.4 - - [08/Sep/2023:13:20:17 -0500] "GET /BLA/boletinlegal/consulta_actos.php?tipo=autos&no=1655&usuario=&sector=&fecha=2015&resuelve= HTTP/1.1" 200 1074
201.236.251.50 - - [08/Sep/2023:13:20:19 -0500] "GET /BLA/resoluciones/AUTOS%202015/1655.pdf HTTP/1.1" 200 975666
201.236.251.50 - - [08/Sep/2023:13:20:19 -0500] "GET /BLA/resoluciones/AUTOS%202015/1655.pdf HTTP/1.1" 206 16384
201.245.192.253 - - [08/Sep/2023:13:20:23 -0500] "POST /forms/lservlet;jsessionid=ac16012b30d65962943bc1d1484c974eac862b03ab49.e3iSbxaKaheRe34Rch0Ra3mLchv0n6jAmljGr5XDqQLvpAe HTTP/1.1" 200 2
216.245.221.92 - - [08/Sep/2023:13:20:27 -0500] "HEAD / HTTP/1.1" 200 -
201.245.192.253 - - [08/Sep/2023:13:21:06 -0500] "POST /forms/lservlet;jsessionid=ac16012b30d6fe616ddb68764dacb333ec8eb017034b.e3iSbxaKaheRe34Rch0Ra3mLchv0n6jAmljGr5XDqQLvpAe HTTP/1.1" 200 2
4.154.25.175 - - [08/Sep/2023:13:21:22 -0500] "GET /BLA/resoluciones/RESOLUCIONES%202007/RES%202007%202501%20AL%202600/RESOLUCION%202542%20DE%202007.pdf HTTP/1.1" 200 867071
186.84.91.34 - - [08/Sep/2023:13:21:42 -0500] "GET /BLA/resoluciones/RESOLUCIONES%202022/4609.pdf HTTP/1.1" 200 1805225
201.245.192.253 - - [08/Sep/2023:13:21:40 -0500] "POST /kwsrmcab/Wsrmcab  HTTP/1.1" 200 42865
201.245.192.253 - - [08/Sep/2023:13:22:23 -0500] "POST /forms/lservlet;jsessionid=ac16012b30d65962943bc1d1484c974eac862b03ab49.e3iSbxaKaheRe34Rch0Ra3mLchv0n6jAmljGr5XDqQLvpAe HTTP/1.1" 200 2
172.22.2.4 - - [08/Sep/2023:13:22:30 -0500] "GET /BLA/boletinlegal/consulta_actos.php?tipo=resoluciones&no=&usuario=&sector=VERTIMIENTOS&fecha=2017&resuelve=RECURSO HTTP/1.1" 200 16631
186.84.91.34 - - [08/Sep/2023:13:22:32 -0500] "GET /BLA/resoluciones/RESOLUCIONES%202017/3427.pdf HTTP/1.1" 200 361988
201.245.192.253 - - [08/Sep/2023:13:23:06 -0500] "POST /forms/lservlet;jsessionid=ac16012b30d6fe616ddb68764dacb333ec8eb017034b.e3iSbxaKaheRe34Rch0Ra3mLchv0n6jAmljGr5XDqQLvpAe HTTP/1.1" 200 2
172.22.2.4 - - [08/Sep/2023:13:21:39 -0500] "HEAD /BLA/boletinlegal/ HTTP/1.1" 200 -
186.84.91.34 - - [08/Sep/2023:13:23:26 -0500] "GET /BLA/resoluciones/RESOLUCIONES%202017/3338.pdf HTTP/1.1" 200 323221
111.202.101.112 - - [08/Sep/2023:13:23:42 -0500] "GET /transparencia/directorioservidores/abril2015.pdf HTTP/1.1" 200 325020
186.84.91.34 - - [08/Sep/2023:13:23:49 -0500] "GET /BLA/resoluciones/RESOLUCIONES%202017/2034.pdf HTTP/1.1" 200 1295310
186.31.210.83 - - [08/Sep/2023:13:23:51 -0500] "GET /distrito-firmo-resolucion-de-etiquetado-vehicular-ambiental-herramienta-para-clasificar-vehiculos-segun-sus-niveles-de-emisiones.html HTTP/1.1" 206 841
172.22.2.4 - - [08/Sep/2023:13:22:29 -0500] "GET /BLA/boletinlegal/ HTTP/1.1" 200 58187
201.245.192.253 - - [08/Sep/2023:13:24:23 -0500] "POST /forms/lservlet;jsessionid=ac16012b30d65962943bc1d1484c974eac862b03ab49.e3iSbxaKaheRe34Rch0Ra3mLchv0n6jAmljGr5XDqQLvpAe HTTP/1.1" 200 2
216.244.66.195 - - [08/Sep/2023:13:24:31 -0500] "GET /robots.txt HTTP/1.1" 404 1018
191.156.225.219 - - [08/Sep/2023:13:24:36 -0500] "GET /distrito-firmo-resolucion-de-etiquetado-vehicular-ambiental-herramienta-para-clasificar-vehiculos-segun-sus-niveles-de-emisiones.html HTTP/1.1" 200 841
66.249.66.194 - - [08/Sep/2023:13:24:39 -0500] "GET /abierta-convocatoria-para-postular-a-organizaciones-que-desarrollan-actividades-de-voluntariado-ambiental-en-bogota.html HTTP/1.1" 200 880
66.249.66.193 - - [08/Sep/2023:13:24:41 -0500] "GET /abierta-convocatoria-para-postular-a-organizaciones-que-desarrollan-actividades-de-voluntariado-ambiental-en-bogota.html HTTP/1.1" 200 880
201.245.192.253 - - [08/Sep/2023:13:25:06 -0500] "POST /forms/lservlet;jsessionid=ac16012b30d6fe616ddb68764dacb333ec8eb017034b.e3iSbxaKaheRe34Rch0Ra3mLchv0n6jAmljGr5XDqQLvpAe HTTP/1.1" 200 2
201.245.192.253 - - [08/Sep/2023:13:25:26 -0500] "GET /sipse/faces/faces/index.xhtml HTTP/1.1" 200 677
201.245.192.253 - - [08/Sep/2023:13:25:26 -0500] "GET /sipse/faces/javax.faces.resource/theme.css?ln=primefaces-sipse HTTP/1.1" 304 -
216.245.221.92 - - [08/Sep/2023:13:25:27 -0500] "HEAD / HTTP/1.1" 200 -
66.249.66.192 - - [08/Sep/2023:13:25:41 -0500] "GET /abierta-convocatoria-para-postular-a-organizaciones-que-desarrollan-actividades-de-voluntariado-ambiental-en-bogota.html HTTP/1.1" 200 880
201.245.192.253 - - [08/Sep/2023:13:25:55 -0500] "POST /sipse/faces/presentacion/financiero/solicitudProceso/listarSolicitudProceso.xhtml HTTP/1.1" 200 184
201.245.192.253 - - [08/Sep/2023:13:25:55 -0500] "POST /sipse/faces/presentacion/financiero/solicitudProceso/listarSolicitudProceso.xhtml HTTP/1.1" 200 184
201.245.192.253 - - [08/Sep/2023:13:25:55 -0500] "GET /sipse/faces/presentacion/financiero/solicitudAnulacion/solicitudAnulacion.xhtml HTTP/1.1" 200 24776
201.245.192.253 - - [08/Sep/2023:13:25:55 -0500] "GET /sipse/faces/presentacion/financiero/solicitudAnulacion/solicitudAnulacion.xhtml HTTP/1.1" 200 37587
201.245.192.253 - - [08/Sep/2023:13:25:55 -0500] "GET /sipse/faces/javax.faces.resource/theme.css?ln=primefaces-sipse HTTP/1.1" 304 -
201.245.192.253 - - [08/Sep/2023:13:25:55 -0500] "GET /sipse/faces/javax.faces.resource/primefaces.css?ln=primefaces&v=4.0 HTTP/1.1" 304 -
201.245.192.253 - - [08/Sep/2023:13:25:55 -0500] "GET /sipse/faces/javax.faces.resource/jquery/jquery-plugins.js?ln=primefaces&v=4.0 HTTP/1.1" 304 -
201.245.192.253 - - [08/Sep/2023:13:25:55 -0500] "GET /sipse/faces/javax.faces.resource/layout/layout.css?ln=primefaces&v=4.0 HTTP/1.1" 200 542
201.245.192.253 - - [08/Sep/2023:13:25:55 -0500] "GET /sipse/faces/javax.faces.resource/jquery/jquery.js?ln=primefaces&v=4.0 HTTP/1.1" 304 -
201.245.192.253 - - [08/Sep/2023:13:25:55 -0500] "GET /sipse/faces/javax.faces.resource/primefaces.js?ln=primefaces&v=4.0 HTTP/1.1" 304 -
201.245.192.253 - - [08/Sep/2023:13:25:55 -0500] "GET /sipse/faces/javax.faces.resource/layout/layout.js?ln=primefaces&v=4.0 HTTP/1.1" 304 -
201.245.192.253 - - [08/Sep/2023:13:25:55 -0500] "GET /sipse/faces/javax.faces.resource/images/ui-icons_898989_256x240.png?ln=primefaces-aristo HTTP/1.1" 304 -
201.245.192.253 - - [08/Sep/2023:13:25:55 -0500] "GET /sipse/faces/javax.faces.resource/images/ui-bg_flat_0_2d5972_40x100.png?ln=primefaces-aristo HTTP/1.1" 304 -
201.245.192.253 - - [08/Sep/2023:13:25:55 -0500] "POST /sipse/faces/presentacion/financiero/solicitudAnulacion/solicitudAnulacion.xhtml HTTP/1.1" 200 10468
201.245.192.253 - - [08/Sep/2023:13:25:55 -0500] "GET /sipse/faces/javax.faces.resource/messages/messages.png?ln=primefaces&v=4.0 HTTP/1.1" 304 -
201.245.192.253 - - [08/Sep/2023:13:25:58 -0500] "POST /sipse/faces/presentacion/financiero/solicitudAnulacion/solicitudAnulacion.xhtml HTTP/1.1" 200 33772
201.245.192.253 - - [08/Sep/2023:13:25:58 -0500] "GET /sipse/faces/javax.faces.resource/jquery/jquery.js?ln=primefaces&v=4.0 HTTP/1.1" 304 -
201.245.192.253 - - [08/Sep/2023:13:25:58 -0500] "GET /sipse/faces/javax.faces.resource/jquery/jquery-plugins.js?ln=primefaces&v=4.0 HTTP/1.1" 304 -
201.245.192.253 - - [08/Sep/2023:13:25:58 -0500] "GET /sipse/faces/javax.faces.resource/primefaces.js?ln=primefaces&v=4.0 HTTP/1.1" 304 -
201.245.192.253 - - [08/Sep/2023:13:25:58 -0500] "GET /sipse/faces/javax.faces.resource/layout/layout.js?ln=primefaces&v=4.0 HTTP/1.1" 304 -
201.245.192.253 - - [08/Sep/2023:13:26:00 -0500] "POST /sipse/faces/presentacion/financiero/solicitudProceso/solicitudProcesoOtrosPagos.xhtml HTTP/1.1" 200 38969
201.245.192.253 - - [08/Sep/2023:13:26:00 -0500] "GET /sipse/faces/javax.faces.resource/jquery/jquery.js?ln=primefaces&v=4.0 HTTP/1.1" 304 -
201.245.192.253 - - [08/Sep/2023:13:26:00 -0500] "GET /sipse/faces/javax.faces.resource/jquery/jquery-plugins.js?ln=primefaces&v=4.0 HTTP/1.1" 304 -
201.245.192.253 - - [08/Sep/2023:13:26:00 -0500] "GET /sipse/faces/javax.faces.resource/primefaces.js?ln=primefaces&v=4.0 HTTP/1.1" 304 -
201.245.192.253 - - [08/Sep/2023:13:26:00 -0500] "GET /sipse/faces/javax.faces.resource/layout/layout.js?ln=primefaces&v=4.0 HTTP/1.1" 304 -
201.245.192.253 - - [08/Sep/2023:13:26:01 -0500] "POST /sipse/faces/presentacion/financiero/solicitudProceso/listarSolicitudProceso.xhtml HTTP/1.1" 200 32365
201.245.192.253 - - [08/Sep/2023:13:26:01 -0500] "POST /sipse/faces/presentacion/financiero/solicitudProceso/listarSolicitudProceso.xhtml HTTP/1.1" 200 1376
201.245.192.253 - - [08/Sep/2023:13:26:01 -0500] "POST /sipse/faces/presentacion/financiero/solicitudProceso/listarSolicitudProceso.xhtml HTTP/1.1" 200 1380
201.245.192.253 - - [08/Sep/2023:13:26:03 -0500] "POST /sipse/faces/presentacion/financiero/solicitudProceso/listarSolicitudProceso.xhtml HTTP/1.1" 200 184
201.245.192.253 - - [08/Sep/2023:13:26:03 -0500] "POST /sipse/faces/presentacion/financiero/solicitudProceso/listarSolicitudProceso.xhtml HTTP/1.1" 200 184
201.245.192.253 - - [08/Sep/2023:13:26:03 -0500] "POST /sipse/faces/presentacion/financiero/solicitudProceso/listarSolicitudProceso.xhtml HTTP/1.1" 200 184
201.245.192.253 - - [08/Sep/2023:13:26:03 -0500] "GET /sipse/faces/presentacion/financiero/solicitudAnulacion/solicitudAnulacion.xhtml HTTP/1.1" 200 26192
201.245.192.253 - - [08/Sep/2023:13:26:03 -0500] "GET /sipse/faces/presentacion/financiero/solicitudAnulacion/solicitudAnulacion.xhtml HTTP/1.1" 200 16132
201.245.192.253 - - [08/Sep/2023:13:26:03 -0500] "GET /sipse/faces/presentacion/financiero/solicitudAnulacion/solicitudAnulacion.xhtml HTTP/1.1" 200 37587
201.245.192.253 - - [08/Sep/2023:13:26:03 -0500] "GET /sipse/faces/javax.faces.resource/theme.css?ln=primefaces-sipse HTTP/1.1" 304 -
201.245.192.253 - - [08/Sep/2023:13:26:03 -0500] "GET /sipse/faces/javax.faces.resource/primefaces.css?ln=primefaces&v=4.0 HTTP/1.1" 304 -
201.245.192.253 - - [08/Sep/2023:13:26:03 -0500] "GET /sipse/faces/javax.faces.resource/layout/layout.css?ln=primefaces&v=4.0 HTTP/1.1" 304 -
201.245.192.253 - - [08/Sep/2023:13:26:03 -0500] "GET /sipse/faces/javax.faces.resource/jquery/jquery.js?ln=primefaces&v=4.0 HTTP/1.1" 304 -
201.245.192.253 - - [08/Sep/2023:13:26:03 -0500] "GET /sipse/faces/javax.faces.resource/jquery/jquery-plugins.js?ln=primefaces&v=4.0 HTTP/1.1" 304 -
201.245.192.253 - - [08/Sep/2023:13:26:03 -0500] "GET /sipse/faces/javax.faces.resource/primefaces.js?ln=primefaces&v=4.0 HTTP/1.1" 304 -
201.245.192.253 - - [08/Sep/2023:13:26:03 -0500] "GET /sipse/faces/javax.faces.resource/layout/layout.js?ln=primefaces&v=4.0 HTTP/1.1" 304 -
201.245.192.253 - - [08/Sep/2023:13:26:03 -0500] "GET /sipse/faces/javax.faces.resource/images/ui-icons_898989_256x240.png?ln=primefaces-aristo HTTP/1.1" 304 -
201.245.192.253 - - [08/Sep/2023:13:26:03 -0500] "GET /sipse/faces/javax.faces.resource/images/ui-bg_flat_0_2d5972_40x100.png?ln=primefaces-aristo HTTP/1.1" 304 -
201.245.192.253 - - [08/Sep/2023:13:26:03 -0500] "POST /sipse/faces/presentacion/financiero/solicitudAnulacion/solicitudAnulacion.xhtml HTTP/1.1" 200 10468
201.245.192.253 - - [08/Sep/2023:13:26:03 -0500] "GET /sipse/faces/javax.faces.resource/messages/messages.png?ln=primefaces&v=4.0 HTTP/1.1" 304 -
201.245.192.253 - - [08/Sep/2023:13:26:04 -0500] "POST /sipse/faces/presentacion/financiero/solicitudAnulacion/solicitudAnulacion.xhtml HTTP/1.1" 200 38969
201.245.192.253 - - [08/Sep/2023:13:26:05 -0500] "GET /sipse/faces/javax.faces.resource/jquery/jquery.js?ln=primefaces&v=4.0 HTTP/1.1" 304 -
201.245.192.253 - - [08/Sep/2023:13:26:05 -0500] "GET /sipse/faces/javax.faces.resource/jquery/jquery-plugins.js?ln=primefaces&v=4.0 HTTP/1.1" 304 -
201.245.192.253 - - [08/Sep/2023:13:26:05 -0500] "GET /sipse/faces/javax.faces.resource/primefaces.js?ln=primefaces&v=4.0 HTTP/1.1" 304 -
201.245.192.253 - - [08/Sep/2023:13:26:05 -0500] "GET /sipse/faces/javax.faces.resource/layout/layout.js?ln=primefaces&v=4.0 HTTP/1.1" 304 -
201.245.192.253 - - [08/Sep/2023:13:26:05 -0500] "POST /sipse/faces/presentacion/financiero/solicitudProceso/listarSolicitudProceso.xhtml HTTP/1.1" 200 1376
201.245.192.253 - - [08/Sep/2023:13:26:23 -0500] "POST /forms/lservlet;jsessionid=ac16012b30d65962943bc1d1484c974eac862b03ab49.e3iSbxaKaheRe34Rch0Ra3mLchv0n6jAmljGr5XDqQLvpAe HTTP/1.1" 200 2
201.245.192.253 - - [08/Sep/2023:13:26:23 -0500] "GET /sipse/faces/faces/faces/autenticacion.xhtml HTTP/1.1" 200 12497
201.245.192.253 - - [08/Sep/2023:13:26:24 -0500] "GET /sipse/css/custom_css_sg.css HTTP/1.1" 200 9694
201.245.192.253 - - [08/Sep/2023:13:26:24 -0500] "GET /sipse/faces/javax.faces.resource/layout/layout.css;jsessionid=II7pY61W4j0WUQEyLSjZtHFi.undefined?ln=primefaces&v=4.0 HTTP/1.1" 200 542
201.245.192.253 - - [08/Sep/2023:13:26:24 -0500] "GET /sipse/faces/javax.faces.resource/theme.css?ln=primefaces-sipse HTTP/1.1" 304 -
201.245.192.253 - - [08/Sep/2023:13:26:24 -0500] "GET /sipse/faces/javax.faces.resource/jquery/jquery.js;jsessionid=II7pY61W4j0WUQEyLSjZtHFi.undefined?ln=primefaces&v=4.0 HTTP/1.1" 200 105384
201.245.192.253 - - [08/Sep/2023:13:26:24 -0500] "GET /sipse/faces/javax.faces.resource/layout/layout.js;jsessionid=II7pY61W4j0WUQEyLSjZtHFi.undefined?ln=primefaces&v=4.0 HTTP/1.1" 200 87560
201.245.192.253 - - [08/Sep/2023:13:26:24 -0500] "GET /sipse/faces/javax.faces.resource/jquery/jquery-plugins.js;jsessionid=II7pY61W4j0WUQEyLSjZtHFi.undefined?ln=primefaces&v=4.0 HTTP/1.1" 200 220526
201.245.192.253 - - [08/Sep/2023:13:26:24 -0500] "GET /sipse/faces/javax.faces.resource/primefaces.js;jsessionid=II7pY61W4j0WUQEyLSjZtHFi.undefined?ln=primefaces&v=4.0 HTTP/1.1" 200 276924
201.245.192.253 - - [08/Sep/2023:13:26:24 -0500] "GET /sipse/faces/javax.faces.resource/primefaces.css;jsessionid=II7pY61W4j0WUQEyLSjZtHFi.undefined?ln=primefaces&v=4.0 HTTP/1.1" 200 53295
201.245.192.253 - - [08/Sep/2023:13:26:24 -0500] "GET /sipse/css/imagen/logoSDG.png HTTP/1.1" 200 53064
201.245.192.253 - - [08/Sep/2023:13:26:24 -0500] "GET /sipse/faces/javax.faces.resource/images/ui-icons_898989_256x240.png?ln=primefaces-aristo HTTP/1.1" 200 5355
201.245.192.253 - - [08/Sep/2023:13:26:24 -0500] "GET /sipse/css/imagen/loginimg.png HTTP/1.1" 200 71635
201.245.192.253 - - [08/Sep/2023:13:26:24 -0500] "GET /favicon.ico HTTP/1.1" 200 7782
201.245.192.253 - - [08/Sep/2023:13:26:24 -0500] "GET /sipse/faces/faces/faces/index.xhtml HTTP/1.1" 200 677
201.245.192.253 - - [08/Sep/2023:13:26:24 -0500] "GET /sipse/faces/javax.faces.resource/theme.css?ln=primefaces-sipse HTTP/1.1" 304 -
201.245.192.253 - - [08/Sep/2023:13:26:24 -0500] "GET /sipse/faces/faces/faces/faces/autenticacion.xhtml HTTP/1.1" 200 12175
201.245.192.253 - - [08/Sep/2023:13:26:24 -0500] "GET /sipse/faces/javax.faces.resource/theme.css?ln=primefaces-sipse HTTP/1.1" 304 -
201.245.192.253 - - [08/Sep/2023:13:26:24 -0500] "GET /sipse/faces/javax.faces.resource/layout/layout.css?ln=primefaces&v=4.0 HTTP/1.1" 200 542
201.245.192.253 - - [08/Sep/2023:13:26:24 -0500] "GET /sipse/faces/javax.faces.resource/jquery/jquery.js?ln=primefaces&v=4.0 HTTP/1.1" 304 -
201.245.192.253 - - [08/Sep/2023:13:26:24 -0500] "GET /sipse/faces/javax.faces.resource/jquery/jquery-plugins.js?ln=primefaces&v=4.0 HTTP/1.1" 304 -
201.245.192.253 - - [08/Sep/2023:13:26:24 -0500] "GET /sipse/faces/javax.faces.resource/primefaces.js?ln=primefaces&v=4.0 HTTP/1.1" 304 -
201.245.192.253 - - [08/Sep/2023:13:26:24 -0500] "GET /sipse/faces/javax.faces.resource/layout/layout.js?ln=primefaces&v=4.0 HTTP/1.1" 304 -
201.245.192.253 - - [08/Sep/2023:13:26:24 -0500] "GET /sipse/faces/faces/index.xhtml HTTP/1.1" 200 677
201.245.192.253 - - [08/Sep/2023:13:26:24 -0500] "GET /sipse/faces/javax.faces.resource/theme.css?ln=primefaces-sipse HTTP/1.1" 304 -
201.245.192.253 - - [08/Sep/2023:13:26:24 -0500] "GET /sipse/faces/javax.faces.resource/primefaces.css?ln=primefaces&v=4.0 HTTP/1.1" 200 53295
201.245.192.253 - - [08/Sep/2023:13:26:24 -0500] "GET /sipse/faces/javax.faces.resource/images/ui-icons_898989_256x240.png?ln=primefaces-aristo HTTP/1.1" 304 -
201.245.192.253 - - [08/Sep/2023:13:26:25 -0500] "GET /sipse/faces/faces/faces/autenticacion.xhtml HTTP/1.1" 200 12180
201.245.192.253 - - [08/Sep/2023:13:26:25 -0500] "GET /sipse/faces/javax.faces.resource/theme.css?ln=primefaces-sipse HTTP/1.1" 304 -
201.245.192.253 - - [08/Sep/2023:13:26:25 -0500] "GET /sipse/faces/javax.faces.resource/primefaces.css?ln=primefaces&v=4.0 HTTP/1.1" 304 -
201.245.192.253 - - [08/Sep/2023:13:26:25 -0500] "GET /sipse/faces/javax.faces.resource/layout/layout.css?ln=primefaces&v=4.0 HTTP/1.1" 304 -
201.245.192.253 - - [08/Sep/2023:13:26:25 -0500] "GET /sipse/faces/javax.faces.resource/jquery/jquery.js?ln=primefaces&v=4.0 HTTP/1.1" 304 -
201.245.192.253 - - [08/Sep/2023:13:26:25 -0500] "GET /sipse/faces/javax.faces.resource/jquery/jquery-plugins.js?ln=primefaces&v=4.0 HTTP/1.1" 304 -
201.245.192.253 - - [08/Sep/2023:13:26:25 -0500] "GET /sipse/faces/javax.faces.resource/primefaces.js?ln=primefaces&v=4.0 HTTP/1.1" 304 -
201.245.192.253 - - [08/Sep/2023:13:26:25 -0500] "GET /sipse/faces/javax.faces.resource/layout/layout.js?ln=primefaces&v=4.0 HTTP/1.1" 304 -
201.245.192.253 - - [08/Sep/2023:13:26:25 -0500] "GET /sipse/faces/javax.faces.resource/images/ui-icons_898989_256x240.png?ln=primefaces-aristo HTTP/1.1" 304 -
172.22.2.4 - - [08/Sep/2023:13:26:26 -0500] "GET /BLA/boletinlegal/actos.php HTTP/1.1" 200 9682
201.245.192.253 - - [08/Sep/2023:13:26:27 -0500] "POST /sipse/faces/autenticacion.xhtml HTTP/1.1" 200 11169
201.245.192.253 - - [08/Sep/2023:13:26:27 -0500] "GET /sipse/css/custom_css_sg_prime.css HTTP/1.1" 200 5201
201.245.192.253 - - [08/Sep/2023:13:26:27 -0500] "GET /sipse/faces/javax.faces.resource/jquery/jquery.js?ln=primefaces&v=4.0 HTTP/1.1" 304 -
201.245.192.253 - - [08/Sep/2023:13:26:27 -0500] "GET /sipse/faces/javax.faces.resource/jquery/jquery-plugins.js?ln=primefaces&v=4.0 HTTP/1.1" 304 -
201.245.192.253 - - [08/Sep/2023:13:26:27 -0500] "GET /sipse/faces/javax.faces.resource/primefaces.js?ln=primefaces&v=4.0 HTTP/1.1" 304 -
201.245.192.253 - - [08/Sep/2023:13:26:27 -0500] "GET /sipse/faces/javax.faces.resource/layout/layout.js?ln=primefaces&v=4.0 HTTP/1.1" 304 -
201.245.192.253 - - [08/Sep/2023:13:26:27 -0500] "GET /sipse/faces/javax.faces.resource/messages/messages.png?ln=primefaces&v=4.0 HTTP/1.1" 200 27209
201.245.192.253 - - [08/Sep/2023:13:26:30 -0500] "POST /sipse/faces/presentacion/sistema/seguridad/seleccionRol.xhtml HTTP/1.1" 200 5600
201.245.192.253 - - [08/Sep/2023:13:26:32 -0500] "POST /sipse/faces/presentacion/sistema/seguridad/seleccionRol.xhtml HTTP/1.1" 200 17561
201.245.192.253 - - [08/Sep/2023:13:26:32 -0500] "GET /sipse/faces/javax.faces.resource/jquery/jquery.js?ln=primefaces&v=4.0 HTTP/1.1" 304 -
201.245.192.253 - - [08/Sep/2023:13:26:32 -0500] "GET /sipse/faces/javax.faces.resource/jquery/jquery-plugins.js?ln=primefaces&v=4.0 HTTP/1.1" 304 -
201.245.192.253 - - [08/Sep/2023:13:26:32 -0500] "GET /sipse/faces/javax.faces.resource/primefaces.js?ln=primefaces&v=4.0 HTTP/1.1" 304 -
201.245.192.253 - - [08/Sep/2023:13:26:32 -0500] "GET /sipse/faces/javax.faces.resource/layout/layout.js?ln=primefaces&v=4.0 HTTP/1.1" 304 -
201.245.192.253 - - [08/Sep/2023:13:26:32 -0500] "GET /sipse/imagenes/cargando.gif HTTP/1.1" 200 36959
201.245.192.253 - - [08/Sep/2023:13:26:32 -0500] "GET /sipse/css/v_mergente.css HTTP/1.1" 200 1505
201.245.192.253 - - [08/Sep/2023:13:26:32 -0500] "GET /sipse/css/imagen/contrasena.png HTTP/1.1" 404 383
201.245.192.253 - - [08/Sep/2023:13:26:32 -0500] "GET /sipse/imagenes/logoAplicacion.jpg HTTP/1.1" 200 155084
201.245.192.253 - - [08/Sep/2023:13:26:35 -0500] "GET /sipse/faces/javax.faces.resource/images/ui-bg_flat_0_2d5972_40x100.png?ln=primefaces-aristo HTTP/1.1" 200 183
201.245.192.253 - - [08/Sep/2023:13:26:35 -0500] "POST /sipse/faces/bienvenido.xhtml HTTP/1.1" 200 3246
201.245.192.253 - - [08/Sep/2023:13:26:40 -0500] "POST /sipse/faces/autenticacion.xhtml HTTP/1.1" 200 16197
201.245.192.253 - - [08/Sep/2023:13:26:40 -0500] "GET /sipse/faces/javax.faces.resource/theme.css?ln=primefaces-sipse HTTP/1.1" 304 -
201.245.192.253 - - [08/Sep/2023:13:26:40 -0500] "GET /sipse/faces/javax.faces.resource/layout/layout.css?ln=primefaces&v=4.0 HTTP/1.1" 304 -
201.245.192.253 - - [08/Sep/2023:13:26:40 -0500] "GET /sipse/faces/javax.faces.resource/primefaces.css?ln=primefaces&v=4.0 HTTP/1.1" 304 -
201.245.192.253 - - [08/Sep/2023:13:26:40 -0500] "GET /sipse/faces/javax.faces.resource/jquery/jquery.js?ln=primefaces&v=4.0 HTTP/1.1" 304 -
201.245.192.253 - - [08/Sep/2023:13:26:40 -0500] "GET /sipse/faces/javax.faces.resource/jquery/jquery-plugins.js?ln=primefaces&v=4.0 HTTP/1.1" 304 -
201.245.192.253 - - [08/Sep/2023:13:26:40 -0500] "GET /sipse/faces/javax.faces.resource/primefaces.js?ln=primefaces&v=4.0 HTTP/1.1" 304 -
201.245.192.253 - - [08/Sep/2023:13:26:40 -0500] "GET /sipse/faces/javax.faces.resource/layout/layout.js?ln=primefaces&v=4.0 HTTP/1.1" 304 -
201.245.192.253 - - [08/Sep/2023:13:26:40 -0500] "GET /sipse/css/imagen/contrasena.png HTTP/1.1" 404 383
201.245.192.253 - - [08/Sep/2023:13:26:40 -0500] "GET /sipse/faces/javax.faces.resource/messages/messages.png?ln=primefaces&v=4.0 HTTP/1.1" 304 -
201.245.192.253 - - [08/Sep/2023:13:26:39 -0500] "POST /kwsrmcab/Wsrmcab  HTTP/1.1" 200 42865
201.245.192.253 - - [08/Sep/2023:13:26:44 -0500] "GET /sipse/faces/javax.faces.resource/images/ui-bg_flat_0_2d5972_40x100.png?ln=primefaces-aristo HTTP/1.1" 304 -
201.245.192.253 - - [08/Sep/2023:13:26:44 -0500] "POST /sipse/faces/bienvenido.xhtml HTTP/1.1" 200 1471
201.245.192.253 - - [08/Sep/2023:13:26:44 -0500] "POST /sipse/faces/bienvenido.xhtml HTTP/1.1" 200 34437
201.245.192.253 - - [08/Sep/2023:13:26:45 -0500] "GET /sipse/faces/javax.faces.resource/layout/layout.css?ln=primefaces&v=4.0 HTTP/1.1" 304 -
201.245.192.253 - - [08/Sep/2023:13:26:45 -0500] "GET /sipse/faces/javax.faces.resource/theme.css?ln=primefaces-sipse HTTP/1.1" 304 -
201.245.192.253 - - [08/Sep/2023:13:26:45 -0500] "GET /sipse/faces/javax.faces.resource/primefaces.css?ln=primefaces&v=4.0 HTTP/1.1" 304 -
201.245.192.253 - - [08/Sep/2023:13:26:45 -0500] "GET /sipse/faces/javax.faces.resource/jquery/jquery.js?ln=primefaces&v=4.0 HTTP/1.1" 304 -
201.245.192.253 - - [08/Sep/2023:13:26:45 -0500] "GET /sipse/faces/javax.faces.resource/jquery/jquery-plugins.js?ln=primefaces&v=4.0 HTTP/1.1" 304 -
201.245.192.253 - - [08/Sep/2023:13:26:45 -0500] "GET /sipse/faces/javax.faces.resource/primefaces.js?ln=primefaces&v=4.0 HTTP/1.1" 304 -
201.245.192.253 - - [08/Sep/2023:13:26:45 -0500] "GET /sipse/faces/javax.faces.resource/layout/layout.js?ln=primefaces&v=4.0 HTTP/1.1" 304 -
201.245.192.253 - - [08/Sep/2023:13:26:45 -0500] "POST /sipse/faces/presentacion/financiero/solicitudProceso/listarSolicitudProceso.xhtml HTTP/1.1" 200 1400
201.245.192.253 - - [08/Sep/2023:13:26:53 -0500] "POST /sipse/faces/bienvenido.xhtml HTTP/1.1" 200 34840
201.245.192.253 - - [08/Sep/2023:13:26:53 -0500] "GET /sipse/faces/javax.faces.resource/jquery/jquery.js?ln=primefaces&v=4.0 HTTP/1.1" 304 -
201.245.192.253 - - [08/Sep/2023:13:26:53 -0500] "GET /sipse/faces/javax.faces.resource/jquery/jquery-plugins.js?ln=primefaces&v=4.0 HTTP/1.1" 304 -
201.245.192.253 - - [08/Sep/2023:13:26:53 -0500] "GET /sipse/faces/javax.faces.resource/primefaces.js?ln=primefaces&v=4.0 HTTP/1.1" 304 -
201.245.192.253 - - [08/Sep/2023:13:26:54 -0500] "GET /sipse/faces/javax.faces.resource/layout/layout.js?ln=primefaces&v=4.0 HTTP/1.1" 304 -
201.245.192.253 - - [08/Sep/2023:13:26:54 -0500] "POST /sipse/faces/presentacion/financiero/solicitudProceso/listarSolicitudProceso.xhtml HTTP/1.1" 200 1376
201.245.192.253 - - [08/Sep/2023:13:26:56 -0500] "POST /sipse/faces/presentacion/financiero/solicitudProceso/listarSolicitudProceso.xhtml HTTP/1.1" 200 29643
201.245.192.253 - - [08/Sep/2023:13:26:56 -0500] "GET /sipse/faces/javax.faces.resource/jquery/jquery.js?ln=primefaces&v=4.0 HTTP/1.1" 304 -
201.245.192.253 - - [08/Sep/2023:13:26:56 -0500] "GET /sipse/faces/javax.faces.resource/jquery/jquery-plugins.js?ln=primefaces&v=4.0 HTTP/1.1" 304 -
201.245.192.253 - - [08/Sep/2023:13:26:56 -0500] "GET /sipse/faces/javax.faces.resource/primefaces.js?ln=primefaces&v=4.0 HTTP/1.1" 304 -
201.245.192.253 - - [08/Sep/2023:13:26:56 -0500] "GET /sipse/faces/javax.faces.resource/layout/layout.js?ln=primefaces&v=4.0 HTTP/1.1" 304 -
201.245.192.253 - - [08/Sep/2023:13:26:56 -0500] "POST /sipse/faces/presentacion/financiero/solicitudProceso/solicitudProcesoOtrosPagos.xhtml HTTP/1.1" 200 23031
201.245.192.253 - - [08/Sep/2023:13:26:58 -0500] "POST /sipse/faces/presentacion/financiero/solicitudProceso/solicitudProcesoOtrosPagos.xhtml HTTP/1.1" 200 184
201.245.192.253 - - [08/Sep/2023:13:26:58 -0500] "POST /sipse/faces/presentacion/financiero/solicitudProceso/solicitudProcesoOtrosPagos.xhtml HTTP/1.1" 200 184
201.245.192.253 - - [08/Sep/2023:13:26:58 -0500] "POST /sipse/faces/presentacion/financiero/solicitudProceso/solicitudProcesoOtrosPagos.xhtml HTTP/1.1" 200 184
201.245.192.253 - - [08/Sep/2023:13:26:58 -0500] "GET /sipse/faces/presentacion/financiero/solicitudAnulacion/solicitudAnulacion.xhtml HTTP/1.1" 200 29664
201.245.192.253 - - [08/Sep/2023:13:26:58 -0500] "GET /sipse/faces/presentacion/financiero/solicitudAnulacion/solicitudAnulacion.xhtml HTTP/1.1" 200 33458
201.245.192.253 - - [08/Sep/2023:13:26:58 -0500] "GET /sipse/faces/javax.faces.resource/theme.css?ln=primefaces-sipse HTTP/1.1" 304 -
201.245.192.253 - - [08/Sep/2023:13:26:58 -0500] "GET /sipse/faces/javax.faces.resource/primefaces.css?ln=primefaces&v=4.0 HTTP/1.1" 304 -
201.245.192.253 - - [08/Sep/2023:13:26:58 -0500] "GET /sipse/faces/javax.faces.resource/jquery/jquery.js?ln=primefaces&v=4.0 HTTP/1.1" 304 -
201.245.192.253 - - [08/Sep/2023:13:26:58 -0500] "GET /sipse/faces/javax.faces.resource/jquery/jquery-plugins.js?ln=primefaces&v=4.0 HTTP/1.1" 304 -
201.245.192.253 - - [08/Sep/2023:13:26:58 -0500] "GET /sipse/faces/javax.faces.resource/layout/layout.css?ln=primefaces&v=4.0 HTTP/1.1" 304 -
201.245.192.253 - - [08/Sep/2023:13:26:58 -0500] "GET /sipse/faces/javax.faces.resource/primefaces.js?ln=primefaces&v=4.0 HTTP/1.1" 304 -
201.245.192.253 - - [08/Sep/2023:13:26:58 -0500] "GET /sipse/faces/javax.faces.resource/layout/layout.js?ln=primefaces&v=4.0 HTTP/1.1" 304 -
201.245.192.253 - - [08/Sep/2023:13:26:58 -0500] "GET /sipse/faces/javax.faces.resource/images/ui-icons_898989_256x240.png?ln=primefaces-aristo HTTP/1.1" 304 -
201.245.192.253 - - [08/Sep/2023:13:26:58 -0500] "GET /sipse/faces/presentacion/financiero/solicitudAnulacion/solicitudAnulacion.xhtml HTTP/1.1" 200 26192
201.245.192.253 - - [08/Sep/2023:13:26:58 -0500] "GET /sipse/faces/javax.faces.resource/images/ui-bg_flat_0_2d5972_40x100.png?ln=primefaces-aristo HTTP/1.1" 304 -
201.245.192.253 - - [08/Sep/2023:13:26:58 -0500] "POST /sipse/faces/presentacion/financiero/solicitudAnulacion/solicitudAnulacion.xhtml HTTP/1.1" 200 10468
201.245.192.253 - - [08/Sep/2023:13:26:58 -0500] "GET /sipse/faces/javax.faces.resource/messages/messages.png?ln=primefaces&v=4.0 HTTP/1.1" 304 -
201.245.192.253 - - [08/Sep/2023:13:27:00 -0500] "POST /sipse/faces/presentacion/financiero/solicitudAnulacion/solicitudAnulacion.xhtml HTTP/1.1" 200 34840
201.245.192.253 - - [08/Sep/2023:13:27:00 -0500] "GET /sipse/faces/javax.faces.resource/jquery/jquery.js?ln=primefaces&v=4.0 HTTP/1.1" 304 -
201.245.192.253 - - [08/Sep/2023:13:27:00 -0500] "GET /sipse/faces/javax.faces.resource/jquery/jquery-plugins.js?ln=primefaces&v=4.0 HTTP/1.1" 304 -
201.245.192.253 - - [08/Sep/2023:13:27:01 -0500] "GET /sipse/faces/javax.faces.resource/primefaces.js?ln=primefaces&v=4.0 HTTP/1.1" 304 -
201.245.192.253 - - [08/Sep/2023:13:27:01 -0500] "GET /sipse/faces/javax.faces.resource/layout/layout.js?ln=primefaces&v=4.0 HTTP/1.1" 304 -
201.245.192.253 - - [08/Sep/2023:13:27:01 -0500] "POST /sipse/faces/presentacion/financiero/solicitudProceso/listarSolicitudProceso.xhtml HTTP/1.1" 200 1376
201.245.192.253 - - [08/Sep/2023:13:27:06 -0500] "POST /forms/lservlet;jsessionid=ac16012b30d6fe616ddb68764dacb333ec8eb017034b.e3iSbxaKaheRe34Rch0Ra3mLchv0n6jAmljGr5XDqQLvpAe HTTP/1.1" 200 2
172.22.2.4 - - [08/Sep/2023:13:27:07 -0500] "GET /BLA/boletinlegal/consulta_actos.php?tipo=autos&no=1229&usuario=&sector=&fecha=2020&resuelve= HTTP/1.1" 200 1082
201.236.251.50 - - [08/Sep/2023:13:27:09 -0500] "GET /BLA/resoluciones/AUTOS%202020/1229.pdf HTTP/1.1" 200 2706111
201.236.251.50 - - [08/Sep/2023:13:27:10 -0500] "GET /BLA/resoluciones/AUTOS%202020/1229.pdf HTTP/1.1" 206 16384
201.245.192.253 - - [08/Sep/2023:13:27:12 -0500] "POST /sipse/faces/presentacion/financiero/solicitudProceso/listarSolicitudProceso.xhtml HTTP/1.1" 200 28236
201.245.192.253 - - [08/Sep/2023:13:27:13 -0500] "POST /sipse/faces/presentacion/financiero/solicitudProceso/listarSolicitudProceso.xhtml HTTP/1.1" 200 28236
201.245.192.253 - - [08/Sep/2023:13:27:13 -0500] "POST /sipse/faces/presentacion/financiero/solicitudProceso/listarSolicitudProceso.xhtml HTTP/1.1" 200 1376
201.245.192.253 - - [08/Sep/2023:13:27:13 -0500] "POST /sipse/faces/presentacion/financiero/solicitudProceso/listarSolicitudProceso.xhtml HTTP/1.1" 200 1380
201.245.192.253 - - [08/Sep/2023:13:27:14 -0500] "POST /sipse/faces/presentacion/financiero/solicitudProceso/listarSolicitudProceso.xhtml HTTP/1.1" 200 184
201.245.192.253 - - [08/Sep/2023:13:27:15 -0500] "POST /sipse/faces/presentacion/financiero/solicitudProceso/listarSolicitudProceso.xhtml HTTP/1.1" 200 184
201.245.192.253 - - [08/Sep/2023:13:27:15 -0500] "GET /sipse/faces/presentacion/financiero/solicitudAnulacion/solicitudAnulacion.xhtml HTTP/1.1" 200 33458
201.245.192.253 - - [08/Sep/2023:13:27:15 -0500] "GET /sipse/faces/presentacion/financiero/solicitudAnulacion/solicitudAnulacion.xhtml HTTP/1.1" 200 29664
201.245.192.253 - - [08/Sep/2023:13:27:15 -0500] "GET /sipse/faces/javax.faces.resource/theme.css?ln=primefaces-sipse HTTP/1.1" 304 -
201.245.192.253 - - [08/Sep/2023:13:27:15 -0500] "GET /sipse/faces/javax.faces.resource/primefaces.css?ln=primefaces&v=4.0 HTTP/1.1" 304 -
201.245.192.253 - - [08/Sep/2023:13:27:15 -0500] "GET /sipse/faces/javax.faces.resource/layout/layout.css?ln=primefaces&v=4.0 HTTP/1.1" 304 -
201.245.192.253 - - [08/Sep/2023:13:27:15 -0500] "GET /sipse/faces/javax.faces.resource/jquery/jquery.js?ln=primefaces&v=4.0 HTTP/1.1" 304 -
201.245.192.253 - - [08/Sep/2023:13:27:15 -0500] "GET /sipse/faces/javax.faces.resource/jquery/jquery-plugins.js?ln=primefaces&v=4.0 HTTP/1.1" 304 -
201.245.192.253 - - [08/Sep/2023:13:27:15 -0500] "GET /sipse/faces/javax.faces.resource/primefaces.js?ln=primefaces&v=4.0 HTTP/1.1" 304 -
201.245.192.253 - - [08/Sep/2023:13:27:15 -0500] "GET /sipse/faces/javax.faces.resource/layout/layout.js?ln=primefaces&v=4.0 HTTP/1.1" 304 -
201.245.192.253 - - [08/Sep/2023:13:27:15 -0500] "GET /sipse/faces/javax.faces.resource/images/ui-icons_898989_256x240.png?ln=primefaces-aristo HTTP/1.1" 304 -
201.245.192.253 - - [08/Sep/2023:13:27:15 -0500] "GET /sipse/faces/javax.faces.resource/images/ui-bg_flat_0_2d5972_40x100.png?ln=primefaces-aristo HTTP/1.1" 304 -
201.245.192.253 - - [08/Sep/2023:13:27:15 -0500] "POST /sipse/faces/presentacion/financiero/solicitudAnulacion/solicitudAnulacion.xhtml HTTP/1.1" 200 10468
201.245.192.253 - - [08/Sep/2023:13:27:15 -0500] "GET /sipse/faces/javax.faces.resource/messages/messages.png?ln=primefaces&v=4.0 HTTP/1.1" 304 -
201.245.192.253 - - [08/Sep/2023:13:27:16 -0500] "POST /sipse/faces/presentacion/financiero/solicitudAnulacion/solicitudAnulacion.xhtml HTTP/1.1" 200 29643
201.245.192.253 - - [08/Sep/2023:13:27:16 -0500] "GET /sipse/faces/javax.faces.resource/jquery/jquery.js?ln=primefaces&v=4.0 HTTP/1.1" 304 -
201.245.192.253 - - [08/Sep/2023:13:27:16 -0500] "GET /sipse/faces/javax.faces.resource/jquery/jquery-plugins.js?ln=primefaces&v=4.0 HTTP/1.1" 304 -
201.245.192.253 - - [08/Sep/2023:13:27:16 -0500] "GET /sipse/faces/javax.faces.resource/primefaces.js?ln=primefaces&v=4.0 HTTP/1.1" 304 -
201.245.192.253 - - [08/Sep/2023:13:27:16 -0500] "GET /sipse/faces/javax.faces.resource/layout/layout.js?ln=primefaces&v=4.0 HTTP/1.1" 304 -
201.245.192.253 - - [08/Sep/2023:13:27:19 -0500] "POST /sipse/faces/presentacion/financiero/solicitudProceso/solicitudProcesoOtrosPagos.xhtml HTTP/1.1" 200 34840
201.245.192.253 - - [08/Sep/2023:13:27:19 -0500] "GET /sipse/faces/javax.faces.resource/jquery/jquery.js?ln=primefaces&v=4.0 HTTP/1.1" 304 -
201.245.192.253 - - [08/Sep/2023:13:27:19 -0500] "GET /sipse/faces/javax.faces.resource/jquery/jquery-plugins.js?ln=primefaces&v=4.0 HTTP/1.1" 304 -
201.245.192.253 - - [08/Sep/2023:13:27:19 -0500] "GET /sipse/faces/javax.faces.resource/primefaces.js?ln=primefaces&v=4.0 HTTP/1.1" 304 -
201.245.192.253 - - [08/Sep/2023:13:27:19 -0500] "GET /sipse/faces/javax.faces.resource/layout/layout.js?ln=primefaces&v=4.0 HTTP/1.1" 304 -
201.245.192.253 - - [08/Sep/2023:13:27:19 -0500] "POST /sipse/faces/presentacion/financiero/solicitudProceso/listarSolicitudProceso.xhtml HTTP/1.1" 200 28236
201.245.192.253 - - [08/Sep/2023:13:27:19 -0500] "POST /sipse/faces/presentacion/financiero/solicitudProceso/listarSolicitudProceso.xhtml HTTP/1.1" 200 1376
201.245.192.253 - - [08/Sep/2023:13:27:19 -0500] "POST /sipse/faces/presentacion/financiero/solicitudProceso/listarSolicitudProceso.xhtml HTTP/1.1" 200 1380
172.22.2.4 - - [08/Sep/2023:13:27:40 -0500] "GET /BLA/boletinlegal/actos.php HTTP/1.1" 200 9682
172.22.2.4 - - [08/Sep/2023:13:27:40 -0500] "GET /BLA/boletinlegal/favicon.ico HTTP/1.1" 404 1326
201.245.192.253 - - [08/Sep/2023:13:27:43 -0500] "GET /BLA/resoluciones/ HTTP/1.1" 200 13696
201.245.192.253 - - [08/Sep/2023:13:27:49 -0500] "GET /BLA/resoluciones/index.php?dir=RESOLUCIONES+2022%2F HTTP/1.1" 200 12235
201.245.192.253 - - [08/Sep/2023:13:27:49 -0500] "GET /BLA/resoluciones/index.php?dir=RESOLUCIONES+2022%2F HTTP/1.1" 200 319266
201.245.192.253 - - [08/Sep/2023:13:28:06 -0500] "GET /BLA/resoluciones/RESOLUCIONES%202022/2781.pdf HTTP/1.1" 200 360042
201.245.192.253 - - [08/Sep/2023:13:28:23 -0500] "POST /forms/lservlet;jsessionid=ac16012b30d65962943bc1d1484c974eac862b03ab49.e3iSbxaKaheRe34Rch0Ra3mLchv0n6jAmljGr5XDqQLvpAe HTTP/1.1" 200 2
201.245.192.253 - - [08/Sep/2023:13:28:50 -0500] "POST /kwsrmcab/Wsrmcab HTTP/1.1" 200 40846
201.245.192.253 - - [08/Sep/2023:13:28:55 -0500] "POST /kwsrmcab/Wsrmcab HTTP/1.1" 200 42138
201.245.192.253 - - [08/Sep/2023:13:29:06 -0500] "POST /forms/lservlet;jsessionid=ac16012b30d6fe616ddb68764dacb333ec8eb017034b.e3iSbxaKaheRe34Rch0Ra3mLchv0n6jAmljGr5XDqQLvpAe HTTP/1.1" 200 2
172.22.2.4 - - [08/Sep/2023:13:27:29 -0500] "HEAD /BLA/boletinlegal/ HTTP/1.1" 200 -
66.249.66.84 - - [08/Sep/2023:13:29:12 -0500] "GET /portaldeninos/2018/06/06/hola-mundo-2/ HTTP/1.1" 200 95483
172.22.2.4 - - [08/Sep/2023:13:28:19 -0500] "GET /BLA/boletinlegal/ HTTP/1.1" 200 60692
162.55.171.94 - - [08/Sep/2023:13:30:20 -0500] "GET / HTTP/1.1" 200 4720
162.55.171.94 - - [08/Sep/2023:13:30:22 -0500] "GET / HTTP/1.1" 200 319
201.245.192.253 - - [08/Sep/2023:13:30:23 -0500] "POST /forms/lservlet;jsessionid=ac16012b30d65962943bc1d1484c974eac862b03ab49.e3iSbxaKaheRe34Rch0Ra3mLchv0n6jAmljGr5XDqQLvpAe HTTP/1.1" 200 2
216.245.221.92 - - [08/Sep/2023:13:30:27 -0500] "HEAD / HTTP/1.1" 200 -
172.22.2.4 - - [08/Sep/2023:13:30:29 -0500] "GET /BLA/boletinlegal/actos.php HTTP/1.1" 200 9682
172.22.2.4 - - [08/Sep/2023:13:30:30 -0500] "GET /BLA/boletinlegal/favicon.ico HTTP/1.1" 404 1326
201.245.192.253 - - [08/Sep/2023:13:30:47 -0500] "GET /sipse/faces/index.xhtml HTTP/1.1" 200 677
201.245.192.253 - - [08/Sep/2023:13:30:47 -0500] "GET /sipse/faces/javax.faces.resource/theme.css?ln=primefaces-sipse HTTP/1.1" 304 -
201.245.192.253 - - [08/Sep/2023:13:30:47 -0500] "GET /sipse/faces/faces/autenticacion.xhtml HTTP/1.1" 200 12175
201.245.192.253 - - [08/Sep/2023:13:30:47 -0500] "GET /sipse/faces/javax.faces.resource/theme.css?ln=primefaces-sipse HTTP/1.1" 304 -
201.245.192.253 - - [08/Sep/2023:13:30:47 -0500] "GET /sipse/faces/javax.faces.resource/primefaces.css?ln=primefaces&v=4.0 HTTP/1.1" 304 -
201.245.192.253 - - [08/Sep/2023:13:30:47 -0500] "GET /sipse/faces/javax.faces.resource/layout/layout.css?ln=primefaces&v=4.0 HTTP/1.1" 304 -
201.245.192.253 - - [08/Sep/2023:13:30:47 -0500] "GET /sipse/faces/javax.faces.resource/layout/layout.js?ln=primefaces&v=4.0 HTTP/1.1" 304 -
201.245.192.253 - - [08/Sep/2023:13:30:47 -0500] "GET /sipse/faces/javax.faces.resource/jquery/jquery-plugins.js?ln=primefaces&v=4.0 HTTP/1.1" 304 -
201.245.192.253 - - [08/Sep/2023:13:30:47 -0500] "GET /sipse/faces/javax.faces.resource/primefaces.js?ln=primefaces&v=4.0 HTTP/1.1" 304 -
201.245.192.253 - - [08/Sep/2023:13:30:47 -0500] "GET /sipse/faces/javax.faces.resource/jquery/jquery.js?ln=primefaces&v=4.0 HTTP/1.1" 304 -
201.245.192.253 - - [08/Sep/2023:13:30:47 -0500] "GET /sipse/faces/javax.faces.resource/images/ui-icons_898989_256x240.png?ln=primefaces-aristo HTTP/1.1" 304 -
201.245.192.253 - - [08/Sep/2023:13:30:51 -0500] "POST /sipse/faces/autenticacion.xhtml HTTP/1.1" 200 11371
201.245.192.253 - - [08/Sep/2023:13:30:51 -0500] "GET /sipse/faces/javax.faces.resource/theme.css?ln=primefaces-sipse HTTP/1.1" 304 -
201.245.192.253 - - [08/Sep/2023:13:30:51 -0500] "GET /sipse/faces/javax.faces.resource/primefaces.css?ln=primefaces&v=4.0 HTTP/1.1" 304 -
201.245.192.253 - - [08/Sep/2023:13:30:51 -0500] "GET /sipse/faces/javax.faces.resource/jquery/jquery.js?ln=primefaces&v=4.0 HTTP/1.1" 304 -
201.245.192.253 - - [08/Sep/2023:13:30:51 -0500] "GET /sipse/faces/javax.faces.resource/layout/layout.css?ln=primefaces&v=4.0 HTTP/1.1" 304 -
201.245.192.253 - - [08/Sep/2023:13:30:51 -0500] "GET /sipse/faces/javax.faces.resource/jquery/jquery-plugins.js?ln=primefaces&v=4.0 HTTP/1.1" 304 -
201.245.192.253 - - [08/Sep/2023:13:30:51 -0500] "GET /sipse/faces/javax.faces.resource/primefaces.js?ln=primefaces&v=4.0 HTTP/1.1" 304 -
201.245.192.253 - - [08/Sep/2023:13:30:52 -0500] "GET /sipse/faces/javax.faces.resource/layout/layout.js?ln=primefaces&v=4.0 HTTP/1.1" 304 -
201.245.192.253 - - [08/Sep/2023:13:30:52 -0500] "GET /sipse/faces/javax.faces.resource/messages/messages.png?ln=primefaces&v=4.0 HTTP/1.1" 304 -
201.245.192.253 - - [08/Sep/2023:13:30:54 -0500] "POST /sipse/faces/presentacion/sistema/seguridad/seleccionRol.xhtml HTTP/1.1" 200 5801
201.245.192.253 - - [08/Sep/2023:13:30:55 -0500] "POST /sipse/faces/presentacion/sistema/seguridad/seleccionRol.xhtml HTTP/1.1" 200 16344
201.245.192.253 - - [08/Sep/2023:13:30:55 -0500] "GET /sipse/faces/javax.faces.resource/theme.css?ln=primefaces-sipse HTTP/1.1" 304 -
201.245.192.253 - - [08/Sep/2023:13:30:55 -0500] "GET /sipse/faces/javax.faces.resource/layout/layout.css?ln=primefaces&v=4.0 HTTP/1.1" 304 -
201.245.192.253 - - [08/Sep/2023:13:30:55 -0500] "GET /sipse/faces/javax.faces.resource/primefaces.css?ln=primefaces&v=4.0 HTTP/1.1" 304 -
201.245.192.253 - - [08/Sep/2023:13:30:55 -0500] "GET /sipse/faces/javax.faces.resource/jquery/jquery.js?ln=primefaces&v=4.0 HTTP/1.1" 304 -
201.245.192.253 - - [08/Sep/2023:13:30:55 -0500] "GET /sipse/faces/javax.faces.resource/jquery/jquery-plugins.js?ln=primefaces&v=4.0 HTTP/1.1" 304 -
201.245.192.253 - - [08/Sep/2023:13:30:55 -0500] "GET /sipse/faces/javax.faces.resource/primefaces.js?ln=primefaces&v=4.0 HTTP/1.1" 304 -
201.245.192.253 - - [08/Sep/2023:13:30:55 -0500] "GET /sipse/faces/javax.faces.resource/layout/layout.js?ln=primefaces&v=4.0 HTTP/1.1" 304 -
