186.102.45.95 - - [08/Sep/2023:11:22:11 -0500] "GET /kwssiamovil/sm/ldap/au?x=U2FsdGVkX19Qd1SuMqNyWRfAFCZYhQnhsvR9BibaHzmCvmtMgtyCRCmhQTjEyJTu&y=U2FsdGVkX1/zEZHOT6NCqX6A120tuprS6ObivOyVmcxM1fAe+p04s9Cx4VcdFK4g HTTP/1.1" 200 30
186.102.45.95 - - [08/Sep/2023:11:22:11 -0500] "GET /kwssiamovil/sm/acme/s?s=U2FsdGVkX1+g/wwbn0erAejxnlDGtaDBp2lcYNSoATnf0VhkXVECcAf6iU2U7uEghddZzr4zS6Yx86fJiFO7hTrmO7+wCJR74eP5FDQd4yE=&u=U2FsdGVkX1/SwAIvs8tFU5dZRiGCUZMA9+mK2p5Valw=&y=U2FsdGVkX1/zEZHOT6NCqX6A120tuprS6ObivOyVmcxM1fAe+p04s9Cx4VcdFK4g HTTP/1.1" 200 97
186.102.45.95 - - [08/Sep/2023:11:22:11 -0500] "GET /kwssiamovil/sm/acme/s?s=U2FsdGVkX18gS05+P/9KohhiFK7JVtXxXafhp/za3uGdTA0LMEen4j00aS57e7fNfy8YrhcTBL/McBFUgC52H6GydYNERfhNQH+bGGkr+UIlutSAXn2ZdaOZd8hAiKueDDVIomMfEaiRUYoVGRqAtKK7qxHM8gchX9WRqmXpFvCeyL+0WtRcijpNWtRX1VRYUB129rb4frsds9z8ftIKON4OQLQu1Dyd+wG3EsdomxrMYDgKfPibVeK54tuZzPWRBAGQtBgJKmDXtw8kU3ikbgjiFiAhAkvjT/WLuxUYI/2GwqczgBx4CjF8h1b6jgoE/QoI0NHxouYXHkgiPQdesrnmVgcLdjFFznfYFGLJHPHjQA+VA03C828Ju5RThvTy+KEEx3LXn3PVejkMTYRB9K99cMDmzUOgZp55BDjvhTPdAuGwvCK34ZjrId5gasFPPzqUvTB5vzO30njMHZ1fExd1lHcSNbF5ZB4RO0tI/0apviLMajJfCPB1ZsavW3bcT4l9L/PM3bCSA9xp5gDyaXMxVTtJFT/6zb4EqXPpFKxwAXezbJ20HdCAsZYDOl7ZSmWbES1ZZGiNbvR7OvuN0W9rigDj2rZrXlZGLIzi1hDoHJEZAZblOP0ueje+bEwWejL6Slb59DkS7lXlsAFJAgfoWdc38jTHWmNm6ZPwn3pcSvWEwXJfhBgtZtUTN2kNOEeiwNo9oDkKUsvtvKDvrNybuKsmq3qtDZBrkVbULsCoFtPxsSrbYvUoo33dR44aqlj2muBt75OB2+Ec0BtmctJkIDnz3RjzFAgEcxV+GCCPdNJZpC4iExGOosb5FoGy55s8lq2yoTmlHj88+cbF9dQ+qfe5DeT67fRRntYuxQYj/eVRUXgrXcDgfMo0LAuCEFAqM9S26ShdIjEFpia7USbvOps5hNVFE2exzy2ao7xcSTW4+WUspV1hS7g+x5DyokL/NegtjZ+OmPNAOuon9hL+lGPAmKkZ00hqfcn2sfGj5gitCRcu9hWYFZxFKm+HsoLp+Qr99LUJYhg4833u3shvwrb4X+/5dGMccfwrrQhULhYhpSXV1YIguFztwsJ8R4p2brg9xZsthyYqCfknOP4CBMAPSYvkM27jSPszq7Rmfq1UBA3oVysx0P3/OHD8ykrxtvlSq6W61XF9VxwBo7Hx1tg7NUB7HTaCrzwqaRR14o7CbLJv/ju20XWdb16QuX39Td3BFk5IySOMz5ESzOzl86SemxfZVcquLvFFW+yv6u5xVpi7BJzhHabcf1yi0qVuPb/4F9Kp+MXwoKmSL7V2QNOahA/uMNv5KBNb+nzVeqlgHDnvWSc0wUhvxyQ+8tFfeWy1PucNQLIXZxRDX0SM9TEquBlrpI24GUg0Q2lASaC6UX6exaTgEDQETj9Z72Zcqk42ll16rM1KAoeQtaxVFje+NZsJcOTpLWdl8YNFKMuheSChvDg6w3tNe6W2Sg34kkSAmQtHgg9O1RZ6908QYobuAYgOfftsfRJmiCM+LGuUBgkS97wvc7+gj5beaFlF+gBrIeIX6RrfFLnUDy1t0imcx0XI4FDPfjQdK8EwreM9+DtqmmUUGuuWtaNGriF1YNGmDYHxahxUJ5lH2H7jpHxpiUbllbH2j44rGlvNtDAEztcB6DxVON/16ux2hLvSV9lH0CgG+rzBz/GHcrkYmnpmT+sNfCix3xQDuJrH4MmaZaM7BzkaSeLjVTTd1mrln+ePR7oQZhM7JNhMAJq5pfsc2kREjGG3UdD42Kg=&u=U2FsdGVkX1/SwAIvs8tFU5dZRiGCUZMA9+mK2p5Valw=&y=U2FsdGVkX1/zEZHOT6NCqX6A120tuprS6ObivOyVmcxM1fAe+p04s9Cx4VcdFK4g HTTP/1.1" 200 4426
201.245.192.253 - - [08/Sep/2023:11:22:11 -0500] "POST /BLA/boletinlegal/admin/usuarios/process.php HTTP/1.1" 302 -
186.102.45.95 - - [08/Sep/2023:11:22:11 -0500] "GET /kwssiamovil/sm/acme/s?s=U2FsdGVkX18IMpzMdDrZcyVm+hlRJckMe+/rxm+aCc0AnxOZcwaPYQuLucUqTNR6GjWHHbA6IpsRSRn4+q9D2OXcEvP+ejMlfPtQQ7PvApOcJdKptURQNz977/7RPH72jBiXdod6i6Wm9L+LO7PQ4YI6ZLA8ROQCtQmo31D/5bIUPjrCLE+wMPdjwDZRf4Jg6qRPDlpksuzqMS5pSsL8LzY1ouWklJmYkIiR6gQTdBrldOM80zJHikpcXHtUK4yPukO9/fUK+rcP3nmnNQlqUdhmj750wXzMrvuUm+LMI/zpzSd37RUiqJhpePcBMZYrqFCXqeR948mxzxT4KOIN+o8qhhwbuBjfE29yd4Ogilk9UuWPrg1QFYmFXLU618pXjfB9fo7mEKbWFjrmnuQu/ctX1ahixIl58LnB6XfHkmYh17y8YN4FK9YzMJchORtwQxNC1SsCkDVRBNO7KYFho+7Cs86do1CAFJHxSleyLYB0hHO+SfJvs48w7YMQ0w8gAlMq4XiiC4dEhGGTX28rZyimq8Ks32ScYrk27cW/7HT+1ZNRYrSbGOLdwvAT7Mhj4k19uzGMe5340Cgq2sCd91T1buDjtgd2oTvX6WypgCU9pjBbKTQ5XOCa6bX9MeX4uHiSeEpwSc2oo0uAWxneTHkh/1dteKrAPmcFisXJCtsZOOODlOu6jUGAM9lp2etWDYml3rn6lSfQcVsYWObG9xNLBgaA3QCMDSFDPL7LzTKflxsRlVOZGapFlSccHohO&u=U2FsdGVkX1/SwAIvs8tFU5dZRiGCUZMA9+mK2p5Valw=&y=U2FsdGVkX1/zEZHOT6NCqX6A120tuprS6ObivOyVmcxM1fAe+p04s9Cx4VcdFK4g HTTP/1.1" 200 208
186.102.45.95 - - [08/Sep/2023:11:22:11 -0500] "GET /kwssiamovil/sm/cjson/pre?f=1&x=U2FsdGVkX19Qd1SuMqNyWRfAFCZYhQnhsvR9BibaHzmCvmtMgtyCRCmhQTjEyJTu HTTP/1.1" 200 31032
186.102.5.155 - - [08/Sep/2023:11:22:16 -0500] "GET /kwssiamovil/sm/ldap/au?x=U2FsdGVkX196v5wPz//2oY2yJzbJkDoefx+pLHpKyLdeDqnhXD67waAPMBbvrCyY&y=U2FsdGVkX19y+TVacmSN7PtBJ6uwFmOLpJQnHRkQ19Q= HTTP/1.1" 200 30
186.102.5.155 - - [08/Sep/2023:11:22:16 -0500] "GET /kwssiamovil/sm/acme/s?s=U2FsdGVkX1905QAN+QAkVDLtT/3d4KGuIXNObRxNf7YANA12/Thi2gzU+z5t9LPiBeMEX85jp5V9k/LMap7oUgBuuoXuH/um6BDCl5YKNlw=&u=U2FsdGVkX19dDiE9nMosrhdX3s50HWTRdWu570HHUgw=&y=U2FsdGVkX19y+TVacmSN7PtBJ6uwFmOLpJQnHRkQ19Q= HTTP/1.1" 200 97
186.102.5.155 - - [08/Sep/2023:11:22:16 -0500] "GET /kwssiamovil/sm/acme/s?s=U2FsdGVkX18zeU8716UbrA2amfxLz0Enu6ia/vmCHt3g5M2eZJ0BHDy2bQ/JUtydD5eLIcKFqmA8diRi5mIuvIHiEeOxQSzk06PeuiPbtkWDyTT5FAaivlfSU4kolGPdnDUbQIZJJfaZUiQQsJKRWySWn9ZfZD74gh70dUGMW5iw59qsZpUOT9j9rpobbViKa/2DzIBzaSDuXZbjubI83okMbyTlW9wBKmIMD76T3Q/FdSQL+tq31LISfgCxEXw4xKNVpcxJMlMaX+YXxrcDl0K2RYCCMkCHK5xu2Xu3AJHzq5vgd2YE3f45/DEpHJR0JbAJ4+fq3BAWVrPUHg/WDywAMH44TFuzqGin2eAtR2CufHeLOkXiFAueGfHuJn3kaDIB29c4CfGYmiY1xExsURMRN7nF6IUWgINFWQHBOXxi5GfmKbKqlIUlK21ChglVY1mx3avbCI1el1wNhwvsLCebM+1XrpRT5eMVaTib72O3u2ni2J5GB0KcHrcSBvaQggpHT/JDkelTq2sLm/sWki7MN2/v8gGx0Y81ynYEWCyduugZva2Dori1Ln535gvxMjKkKXElSVwZZ/gTFU4RSnMHtVI04vOtYE3XLOnczWEVmM0GcqIjYdln922znhDXj+0FuAUTgrXFMI1saIV4vuwfkElnNLX8wpRsi3gs/tWOAogCe8jpcC/UiFT1+oOPhzHM5pHrSplou8CS7uT5EQbEuciY5VgAU6q9M3tcdzSQElJDX2qnA9t/+LTpIaSC0QMKAQT7PYV6KEJXWqxct7yiMLc/nG+MuV+DsMdh8rYETMeGyP19yATlbU6PbXs7Qc5URroiW+VfgXz1B2pvVEx7nOPr0E4OSS7fTm7CLI+lJ1yXo0aHxW3RDcD0/ytfwWSfH0xZcqlRRAr7uX3FLZZSnsKy7hYRA1akkLyepd4JDJc3wACPCKd75T+1bc60HfvFLpWwNf6+ePfvkdG35DGKf+eUJSqjQB/4407A7bVkIBJTQfFDXZ/MLPRXBUT38/+sG1/XvNdwQR1pEvyblkZ8BlmfV+gaNgmN3aQsimvgAZ0/mrfFAVTiE5MzINsIoL0JIAW3G56uAFzIfpYW+fWmmnK/77po50ceoUMJSHxcl06xmozIWEpKEzqNVBA0ddcjrTBPbznt5t9dtGeitsfQyzjxeCuHbY2r632aNOZIYGwRW3XVzj8Z+CPQkNO8DGb0mnG0GcxeGgO1HC4ekTQWSJfzRrhRs1vDkOhhFNNmrQTkLo+0gIrSeTMe0dMudqOkRvVO7ednO4GTLuXdZnf5dFD2i2l5p2xLxjX+TfMcstzIKpxpUtEfwQ0ZNU1mEisO/AeI5FO9zPfwiTN4G1qcs4w/HpwfIbf83jzJrm19ywz+mXfr+wajehZ5aE3r14jshQTvqpgijW+qRlfRH0JkRAp6aXt/L3dVdptQWjc=&u=U2FsdGVkX19dDiE9nMosrhdX3s50HWTRdWu570HHUgw=&y=U2FsdGVkX19y+TVacmSN7PtBJ6uwFmOLpJQnHRkQ19Q= HTTP/1.1" 200 649
186.102.5.155 - - [08/Sep/2023:11:22:16 -0500] "GET /kwssiamovil/sm/acme/s?s=U2FsdGVkX19AmQZ+HjA+m08689MtM5SJO65eZZkJNKV42rPrT2DgiNntXVnCU6bfJ4E4CIRm5qm3qPICtyRdBppDAry288L0zIH0ur6ZEjU4COoySLnyihAZbaJI9ipIDrGm/w7VINlBJiKWulFVznT2m4rpz4MbcMTNd744z86NXkIbBX2g0PscyRfv5KoJWPf9qKUJ6io2H6e7N0kbb7U0EHYWfiyTkPMkTQCVat3pYTQk8SEDTRST+NHPW3AAjxat7YWgi/LJH7RYLgE3xRKgOxVOcNonVFbDKGZrK2T8jPgaaKd41s6dDKikafBWlK5UkyEokDvmBVUxWz+O9A==&u=U2FsdGVkX19dDiE9nMosrhdX3s50HWTRdWu570HHUgw=&y=U2FsdGVkX19y+TVacmSN7PtBJ6uwFmOLpJQnHRkQ19Q= HTTP/1.1" 200 196
186.102.5.155 - - [08/Sep/2023:11:22:16 -0500] "GET /kwssiamovil/sm/cjson/pre?f=1&x=U2FsdGVkX196v5wPz//2oY2yJzbJkDoefx+pLHpKyLdeDqnhXD67waAPMBbvrCyY HTTP/1.1" 200 31032
201.245.192.253 - - [08/Sep/2023:11:22:22 -0500] "POST /forms/lservlet;jsessionid=ac16012b30d65962943bc1d1484c974eac862b03ab49.e3iSbxaKaheRe34Rch0Ra3mLchv0n6jAmljGr5XDqQLvpAe HTTP/1.1" 200 2
201.245.192.253 - - [08/Sep/2023:11:22:11 -0500] "GET /BLA/boletinlegal/admin/index.php HTTP/1.1" 200 5691
201.245.192.253 - - [08/Sep/2023:11:22:28 -0500] "GET /BLA/boletinlegal/images/can.png HTTP/1.1" 200 37574
201.245.192.253 - - [08/Sep/2023:11:22:28 -0500] "GET /BLA/boletinlegal/admin/index_files/3_5.gif HTTP/1.1" 200 1633
201.245.192.253 - - [08/Sep/2023:11:22:28 -0500] "GET /BLA/boletinlegal/admin/index_files/7_5.gif HTTP/1.1" 200 1565
201.245.192.253 - - [08/Sep/2023:11:22:28 -0500] "GET /BLA/boletinlegal/admin/index_files/7_1.gif HTTP/1.1" 200 1455
201.245.192.253 - - [08/Sep/2023:11:22:28 -0500] "GET /BLA/boletinlegal/admin/index_files/2_2.gif HTTP/1.1" 200 1728
201.245.192.253 - - [08/Sep/2023:11:22:28 -0500] "GET /BLA/boletinlegal/admin/index_files/2_4.gif HTTP/1.1" 200 1763
201.245.192.253 - - [08/Sep/2023:11:22:28 -0500] "GET /BLA/boletinlegal/admin/index_files/index_files/tback.gif HTTP/1.1" 404 1334
201.245.192.253 - - [08/Sep/2023:11:22:28 -0500] "GET /BLA/boletinlegal/admin/index_files/header.png HTTP/1.1" 200 240212
201.245.192.253 - - [08/Sep/2023:11:22:24 -0500] "GET /BLA/boletinlegal/admin/notificaciones/ingresar.php HTTP/1.1" 200 30026
201.245.192.253 - - [08/Sep/2023:11:22:28 -0500] "GET /BLA/boletinlegal/admin/js/jquery-1.3.1.min.js HTTP/1.1" 200 55272
201.245.192.253 - - [08/Sep/2023:11:22:28 -0500] "GET /BLA/boletinlegal/admin/css/creation.css HTTP/1.1" 200 3945
201.245.192.253 - - [08/Sep/2023:11:22:28 -0500] "GET /BLA/boletinlegal/admin/js/jquery.functions.js HTTP/1.1" 200 2317
201.245.192.253 - - [08/Sep/2023:11:22:28 -0500] "GET /css/global/buttons.css HTTP/1.1" 404 1324
201.245.192.253 - - [08/Sep/2023:11:22:28 -0500] "GET /BLA/boletinlegal/admin/js/nicEdit-latest.js HTTP/1.1" 200 38373
201.245.192.253 - - [08/Sep/2023:11:22:28 -0500] "GET /BLA/boletinlegal/admin/css/dynamic.css HTTP/1.1" 200 23305
201.245.192.253 - - [08/Sep/2023:11:22:28 -0500] "GET /BLA/boletinlegal/images/cabezote%20BLEGAL.jpg HTTP/1.1" 200 118164
201.245.192.253 - - [08/Sep/2023:11:22:28 -0500] "GET /BLA/boletinlegal/admin/images/calendario.png HTTP/1.1" 200 4380
201.245.192.253 - - [08/Sep/2023:11:22:28 -0500] "GET /BLA/boletinlegal/images/favicon.ico HTTP/1.1" 404 1346
201.245.192.253 - - [08/Sep/2023:11:23:04 -0500] "POST /forms/lservlet;jsessionid=ac16012b30d6fe616ddb68764dacb333ec8eb017034b.e3iSbxaKaheRe34Rch0Ra3mLchv0n6jAmljGr5XDqQLvpAe HTTP/1.1" 200 2
190.27.248.73 - - [08/Sep/2023:11:23:08 -0500] "POST /appsia/controlador HTTP/1.1" 200 4799
190.27.248.73 - - [08/Sep/2023:11:23:08 -0500] "POST /appsia/controlador HTTP/1.1" 200 4799
190.27.248.73 - - [08/Sep/2023:11:23:24 -0500] "POST /appsia/controlador HTTP/1.1" 200 5437
172.22.2.4 - - [08/Sep/2023:11:23:13 -0500] "GET /BLA/boletinlegal/ HTTP/1.1" 200 32715
190.27.248.73 - - [08/Sep/2023:11:23:58 -0500] "GET /appsia/images/logo_escudo.png HTTP/1.1" 200 36965
173.252.95.120 - - [08/Sep/2023:11:24:04 -0500] "GET /images/mercados-campesinos-5-mayo.jpg HTTP/1.1" 200 95848
190.27.248.73 - - [08/Sep/2023:11:23:45 -0500] "POST /appsia/controlador HTTP/1.1" 200 177568
201.245.192.253 - - [08/Sep/2023:11:24:22 -0500] "POST /forms/lservlet;jsessionid=ac16012b30d65962943bc1d1484c974eac862b03ab49.e3iSbxaKaheRe34Rch0Ra3mLchv0n6jAmljGr5XDqQLvpAe HTTP/1.1" 200 2
201.245.192.253 - - [08/Sep/2023:11:24:23 -0500] "GET /BLA/boletinlegal/admin/notificaciones/setvaluef.php?month=8&year=1993 HTTP/1.1" 200 3293
201.245.192.253 - - [08/Sep/2023:11:24:28 -0500] "GET /BLA/boletinlegal/admin/notificaciones/setvaluef.php?month=8&year=2023 HTTP/1.1" 200 3293
201.245.192.253 - - [08/Sep/2023:11:24:37 -0500] "POST /BLA/boletinlegal/admin/notificaciones/ingresar.php HTTP/1.1" 200 30119
201.245.192.253 - - [08/Sep/2023:11:24:37 -0500] "GET /css/global/buttons.css HTTP/1.1" 404 1324
216.244.66.195 - - [08/Sep/2023:11:24:45 -0500] "GET /BLA/resoluciones/RESOLUCIONES%202019/0195.pdf HTTP/1.1" 200 1282199
201.245.192.253 - - [08/Sep/2023:11:25:04 -0500] "POST /forms/lservlet;jsessionid=ac16012b30d6fe616ddb68764dacb333ec8eb017034b.e3iSbxaKaheRe34Rch0Ra3mLchv0n6jAmljGr5XDqQLvpAe HTTP/1.1" 200 2
52.167.144.181 - - [08/Sep/2023:11:25:13 -0500] "GET /BLA/resoluciones/AUTOS%202023/3285.pdf HTTP/1.1" 200 890631
216.244.66.195 - - [08/Sep/2023:11:25:20 -0500] "GET /BLA/resoluciones/RESOLUCIONES%202019/1653.pdf HTTP/1.1" 200 728800
201.245.192.253 - - [08/Sep/2023:11:25:26 -0500] "GET /BLA/boletinlegal/admin/notificaciones/setvaluef.php?month=8&year=1993 HTTP/1.1" 200 3293
216.245.221.92 - - [08/Sep/2023:11:25:27 -0500] "HEAD / HTTP/1.1" 200 -
201.245.192.253 - - [08/Sep/2023:11:25:28 -0500] "GET /BLA/boletinlegal/admin/notificaciones/setvaluef.php?month=8&year=2023 HTTP/1.1" 200 3293
52.167.144.181 - - [08/Sep/2023:11:25:44 -0500] "GET /BLA/resoluciones/AUTOS%202023/1749.pdf HTTP/1.1" 200 425976
201.245.192.253 - - [08/Sep/2023:11:25:51 -0500] "GET /BLA/boletinlegal/admin/notificaciones/setvaluef.php?month=8&year=2013 HTTP/1.1" 200 3293
201.245.192.253 - - [08/Sep/2023:11:25:55 -0500] "GET /BLA/boletinlegal/admin/notificaciones/setvaluef.php?month=8&year=2023 HTTP/1.1" 200 3293
201.245.192.253 - - [08/Sep/2023:11:26:03 -0500] "POST /BLA/boletinlegal/admin/notificaciones/ingresar.php HTTP/1.1" 200 30630
201.245.192.253 - - [08/Sep/2023:11:26:03 -0500] "GET /css/global/buttons.css HTTP/1.1" 404 1324
216.244.66.195 - - [08/Sep/2023:11:26:04 -0500] "GET /BLA/resoluciones/RESOLUCIONES%202019/2006.pdf HTTP/1.1" 200 344616
172.22.2.4 - - [08/Sep/2023:11:26:15 -0500] "GET /BLA/boletinlegal/consulta_actos.php?tipo=resoluciones&no=3423&usuario=&sector=&fecha=2007&resuelve= HTTP/1.1" 200 626
172.22.2.4 - - [08/Sep/2023:11:26:16 -0500] "GET /BLA/boletinlegal/consulta_actos.php?tipo=resoluciones&no=3423&usuario=&sector=&fecha=2007&resuelve= HTTP/1.1" 200 626
172.22.2.4 - - [08/Sep/2023:11:26:16 -0500] "GET /BLA/boletinlegal/consulta_actos.php?tipo=resoluciones&no=3423&usuario=&sector=&fecha=2007&resuelve= HTTP/1.1" 200 626
201.245.192.253 - - [08/Sep/2023:11:26:22 -0500] "POST /forms/lservlet;jsessionid=ac16012b30d65962943bc1d1484c974eac862b03ab49.e3iSbxaKaheRe34Rch0Ra3mLchv0n6jAmljGr5XDqQLvpAe HTTP/1.1" 200 2
172.22.2.4 - - [08/Sep/2023:11:24:59 -0500] "HEAD /BLA/boletinlegal/ HTTP/1.1" 200 -
186.29.33.173 - - [08/Sep/2023:11:26:42 -0500] "GET /BLA/resoluciones/index.php?dir=AUTOS+2020%2F HTTP/1.1" 200 331383
216.244.66.195 - - [08/Sep/2023:11:26:57 -0500] "GET /BLA/resoluciones/RESOLUCIONES%202019/2881.pdf HTTP/1.1" 200 377478
69.63.189.120 - - [08/Sep/2023:11:27:01 -0500] "GET /images/camino-cerros-orientales-guadalupe.jpg HTTP/1.1" 200 68101
201.245.192.253 - - [08/Sep/2023:11:27:04 -0500] "POST /forms/lservlet;jsessionid=ac16012b30d6fe616ddb68764dacb333ec8eb017034b.e3iSbxaKaheRe34Rch0Ra3mLchv0n6jAmljGr5XDqQLvpAe HTTP/1.1" 200 2
201.245.192.253 - - [08/Sep/2023:11:27:06 -0500] "GET /BLA/boletinlegal/admin/notificaciones/setvaluef.php?month=8&year=1993 HTTP/1.1" 200 3293
201.245.192.253 - - [08/Sep/2023:11:27:04 -0500] "POST /kwsrmcab/Wsrmcab  HTTP/1.1" 200 42865
201.245.192.253 - - [08/Sep/2023:11:27:08 -0500] "GET /BLA/boletinlegal/admin/notificaciones/setvaluef.php?month=8&year=2023 HTTP/1.1" 200 3293
190.25.103.60 - - [08/Sep/2023:11:27:08 -0500] "GET /Publicaciones/SSFFS-08960-2023.zip HTTP/1.1" 200 6619358
201.245.192.253 - - [08/Sep/2023:11:27:13 -0500] "GET /css/global/buttons.css HTTP/1.1" 404 1324
201.245.192.253 - - [08/Sep/2023:11:27:13 -0500] "POST /BLA/boletinlegal/admin/notificaciones/ingresar.php HTTP/1.1" 200 30119
181.54.236.238 - - [08/Sep/2023:11:27:18 -0500] "POST /BLA/boletinlegal/admin/actos/ingresar.php HTTP/1.1" 200 7302
172.22.2.4 - - [08/Sep/2023:11:27:21 -0500] "GET /BLA/boletinlegal/consulta_actos.php?tipo=resoluciones&no=3423&usuario=&sector=&fecha=2007&resuelve= HTTP/1.1" 200 1181
172.22.2.4 - - [08/Sep/2023:11:27:29 -0500] "GET /BLA/boletinlegal/consulta_actos.php?tipo=resoluciones&no=3641&usuario=&sector=&fecha=2007&resuelve= HTTP/1.1" 200 626
201.217.201.183 - - [08/Sep/2023:11:27:29 -0500] "GET /chulo-o-gallinazo-un-carronero-que-cumple-un-papel-fundamental-en-los-ecosistemas.html HTTP/1.1" 200 784
172.22.2.4 - - [08/Sep/2023:11:25:50 -0500] "GET /BLA/boletinlegal/ HTTP/1.1" 200 60692
181.54.236.238 - - [08/Sep/2023:11:27:35 -0500] "GET /BLA/resoluciones/index.php?dir=RESOLUCIONES+2007%2FRES+2007+3601+AL+3700%2F HTTP/1.1" 200 26855
181.54.236.238 - - [08/Sep/2023:11:27:39 -0500] "GET /BLA/resoluciones/RESOLUCIONES%202007/RES%202007%203601%20AL%203700/RESOLUCION%203641%20DE%202007.pdf HTTP/1.1" 200 152084
181.54.236.238 - - [08/Sep/2023:11:27:39 -0500] "GET /BLA/resoluciones/RESOLUCIONES%202007/RES%202007%203601%20AL%203700/RESOLUCION%203641%20DE%202007.pdf HTTP/1.1" 200 152084
181.54.236.238 - - [08/Sep/2023:11:27:39 -0500] "GET /BLA/resoluciones/RESOLUCIONES%202007/RES%202007%203601%20AL%203700/RESOLUCION%203641%20DE%202007.pdf HTTP/1.1" 206 1025
216.244.66.195 - - [08/Sep/2023:11:27:42 -0500] "GET /BLA/resoluciones/RESOLUCIONES%202019/3170.pdf HTTP/1.1" 200 289799
172.22.2.4 - - [08/Sep/2023:11:28:03 -0500] "GET /BLA/boletinlegal/actos.php HTTP/1.1" 200 9682
201.245.192.253 - - [08/Sep/2023:11:28:22 -0500] "POST /forms/lservlet;jsessionid=ac16012b30d65962943bc1d1484c974eac862b03ab49.e3iSbxaKaheRe34Rch0Ra3mLchv0n6jAmljGr5XDqQLvpAe HTTP/1.1" 200 2
172.22.2.4 - - [08/Sep/2023:11:28:24 -0500] "GET /BLA/boletinlegal/consulta_actos.php?tipo=resoluciones&no=0814&usuario=&sector=&fecha=2023&resuelve= HTTP/1.1" 200 1126
216.244.66.195 - - [08/Sep/2023:11:28:28 -0500] "GET /BLA/resoluciones/RESOLUCIONES%202019/3237.pdf HTTP/1.1" 200 343831
181.54.236.238 - - [08/Sep/2023:11:28:39 -0500] "POST /BLA/boletinlegal/admin/actos/ingresar.php HTTP/1.1" 200 7302
172.22.2.4 - - [08/Sep/2023:11:28:42 -0500] "GET /BLA/boletinlegal/consulta_actos.php?tipo=resoluciones&no=3641&usuario=&sector=&fecha=2007&resuelve= HTTP/1.1" 200 1133
201.245.192.253 - - [08/Sep/2023:11:28:46 -0500] "GET /BLA/boletinlegal/admin/notificaciones/setvaluef.php?month=8&year=1993 HTTP/1.1" 200 3293
201.245.192.253 - - [08/Sep/2023:11:28:48 -0500] "GET /BLA/boletinlegal/admin/notificaciones/setvaluef.php?month=8&year=2023 HTTP/1.1" 200 3293
172.22.2.4 - - [08/Sep/2023:11:28:50 -0500] "GET /BLA/boletinlegal/consulta_actos.php?tipo=resoluciones&no=3754&usuario=&sector=&fecha=2007&resuelve= HTTP/1.1" 200 1478
201.245.192.253 - - [08/Sep/2023:11:28:53 -0500] "POST /BLA/boletinlegal/admin/notificaciones/ingresar.php HTTP/1.1" 200 30630
201.245.192.253 - - [08/Sep/2023:11:28:50 -0500] "POST /kwsrmcab/Wsrmcab HTTP/1.1" 200 39614
201.245.192.253 - - [08/Sep/2023:11:28:53 -0500] "GET /css/global/buttons.css HTTP/1.1" 404 1324
201.245.192.253 - - [08/Sep/2023:11:28:54 -0500] "POST /kwsrmcab/Wsrmcab HTTP/1.1" 200 39983
201.245.192.253 - - [08/Sep/2023:11:29:04 -0500] "POST /forms/lservlet;jsessionid=ac16012b30d6fe616ddb68764dacb333ec8eb017034b.e3iSbxaKaheRe34Rch0Ra3mLchv0n6jAmljGr5XDqQLvpAe HTTP/1.1" 200 2
216.244.66.195 - - [08/Sep/2023:11:29:08 -0500] "GET /BLA/resoluciones/RESOLUCIONES%202019/3408.pdf HTTP/1.1" 200 294109
190.25.103.60 - - [08/Sep/2023:11:29:36 -0500] "GET /Publicaciones/SSFFS-08963-2023.zip HTTP/1.1" 200 20866266
216.244.66.195 - - [08/Sep/2023:11:29:47 -0500] "GET /BLA/resoluciones/RESOLUCIONES%202019/3583.pdf HTTP/1.1" 200 298796
201.245.192.253 - - [08/Sep/2023:11:30:22 -0500] "POST /forms/lservlet;jsessionid=ac16012b30d65962943bc1d1484c974eac862b03ab49.e3iSbxaKaheRe34Rch0Ra3mLchv0n6jAmljGr5XDqQLvpAe HTTP/1.1" 200 2
216.245.221.92 - - [08/Sep/2023:11:30:27 -0500] "HEAD / HTTP/1.1" 200 -
216.244.66.195 - - [08/Sep/2023:11:30:28 -0500] "GET /BLA/resoluciones/RESOLUCIONES%202019/3701.pdf HTTP/1.1" 200 301227
66.249.70.198 - - [08/Sep/2023:11:30:39 -0500] "GET /Publicaciones/2023EE170479.pdf HTTP/1.1" 404 228
201.245.192.253 - - [08/Sep/2023:11:31:04 -0500] "POST /forms/lservlet;jsessionid=ac16012b30d6fe616ddb68764dacb333ec8eb017034b.e3iSbxaKaheRe34Rch0Ra3mLchv0n6jAmljGr5XDqQLvpAe HTTP/1.1" 200 2
201.245.192.253 - - [08/Sep/2023:11:31:05 -0500] "POST /sipse/faces/presentacion/financiero/solicitudProceso/consultarSolicitudProceso.xhtml HTTP/1.1" 200 34879
201.245.192.253 - - [08/Sep/2023:11:31:08 -0500] "GET /sipse/faces/javax.faces.resource/layout/layout.css?ln=primefaces&v=4.0 HTTP/1.1" 304 -
201.245.192.253 - - [08/Sep/2023:11:31:08 -0500] "GET /sipse/faces/javax.faces.resource/primefaces.css?ln=primefaces&v=4.0 HTTP/1.1" 304 -
201.245.192.253 - - [08/Sep/2023:11:31:08 -0500] "GET /sipse/faces/javax.faces.resource/theme.css?ln=primefaces-sipse HTTP/1.1" 304 -
201.245.192.253 - - [08/Sep/2023:11:31:08 -0500] "GET /sipse/faces/javax.faces.resource/jquery/jquery.js?ln=primefaces&v=4.0 HTTP/1.1" 304 -
201.245.192.253 - - [08/Sep/2023:11:31:08 -0500] "GET /sipse/faces/javax.faces.resource/jquery/jquery-plugins.js?ln=primefaces&v=4.0 HTTP/1.1" 304 -
201.245.192.253 - - [08/Sep/2023:11:31:08 -0500] "GET /sipse/faces/javax.faces.resource/primefaces.js?ln=primefaces&v=4.0 HTTP/1.1" 304 -
201.245.192.253 - - [08/Sep/2023:11:31:08 -0500] "GET /sipse/faces/javax.faces.resource/layout/layout.js?ln=primefaces&v=4.0 HTTP/1.1" 304 -
201.245.192.253 - - [08/Sep/2023:11:31:08 -0500] "POST /sipse/faces/presentacion/financiero/solicitudProceso/listarSolicitudProceso.xhtml HTTP/1.1" 200 1400
201.245.192.253 - - [08/Sep/2023:11:31:09 -0500] "POST /sipse/faces/presentacion/financiero/solicitudProceso/listarSolicitudProceso.xhtml HTTP/1.1" 200 4633
201.245.192.253 - - [08/Sep/2023:11:31:09 -0500] "POST /sipse/faces/presentacion/financiero/solicitudProceso/listarSolicitudProceso.xhtml HTTP/1.1" 200 16285
216.244.66.195 - - [08/Sep/2023:11:31:10 -0500] "GET /BLA/resoluciones/RESOLUCIONES%202017/2896.pdf HTTP/1.1" 200 317230
69.171.249.112 - - [08/Sep/2023:11:31:27 -0500] "GET /dia-nacional-del-arbol-atributos-y-caracteristicas-de-las-especies-representativas-de-bogota.html HTTP/1.1" 200 697
216.244.66.195 - - [08/Sep/2023:11:31:54 -0500] "GET /BLA/resoluciones/RESOLUCIONES%202017/3584.pdf HTTP/1.1" 200 334837
201.245.192.253 - - [08/Sep/2023:11:32:03 -0500] "POST /kwsrmcab/Wsrmcab  HTTP/1.1" 200 42865
172.22.2.4 - - [08/Sep/2023:11:32:21 -0500] "GET /BLA/boletinlegal/consulta_actos.php?tipo=resoluciones&no=3754&usuario=&sector=&fecha=2007&resuelve= HTTP/1.1" 200 1478
201.245.192.253 - - [08/Sep/2023:11:32:22 -0500] "POST /forms/lservlet;jsessionid=ac16012b30d65962943bc1d1484c974eac862b03ab49.e3iSbxaKaheRe34Rch0Ra3mLchv0n6jAmljGr5XDqQLvpAe HTTP/1.1" 200 2
172.22.2.4 - - [08/Sep/2023:11:32:24 -0500] "GET /BLA/boletinlegal/consulta_actos.php?tipo=resoluciones&no=3788&usuario=&sector=&fecha=2007&resuelve= HTTP/1.1" 200 626
172.22.2.4 - - [08/Sep/2023:11:30:49 -0500] "HEAD /BLA/boletinlegal/ HTTP/1.1" 200 -
201.245.192.253 - - [08/Sep/2023:11:32:29 -0500] "GET /BLA/boletinlegal/admin/notificaciones/setvaluef.php?month=8&year=1993 HTTP/1.1" 200 3293
201.245.192.253 - - [08/Sep/2023:11:32:32 -0500] "GET /BLA/boletinlegal/admin/notificaciones/setvaluef.php?month=8&year=2023 HTTP/1.1" 200 3293
172.22.2.4 - - [08/Sep/2023:11:32:33 -0500] "GET /BLA/boletinlegal/consulta_actos.php?tipo=resoluciones&no=3788&usuario=&sector=&fecha=2007&resuelve= HTTP/1.1" 200 626
201.245.192.253 - - [08/Sep/2023:11:32:37 -0500] "POST /BLA/boletinlegal/admin/notificaciones/ingresar.php HTTP/1.1" 200 30119
201.245.192.253 - - [08/Sep/2023:11:32:37 -0500] "GET /css/global/buttons.css HTTP/1.1" 404 1324
181.54.236.238 - - [08/Sep/2023:11:32:37 -0500] "GET /BLA/resoluciones/index.php?dir=RESOLUCIONES+2007%2FRES+2007+3701+AL+3800%2F HTTP/1.1" 200 26851
216.244.66.195 - - [08/Sep/2023:11:32:41 -0500] "GET /BLA/resoluciones/RESOLUCIONES%202001/1337.pdf HTTP/1.1" 200 274019
181.54.236.238 - - [08/Sep/2023:11:32:51 -0500] "GET /BLA/resoluciones/RESOLUCIONES%202007/RES%202007%203701%20AL%203800/RESOLUCION%203788%20DE%202007.pdf HTTP/1.1" 200 504061
181.54.236.238 - - [08/Sep/2023:11:32:52 -0500] "GET /BLA/resoluciones/RESOLUCIONES%202007/RES%202007%203701%20AL%203800/RESOLUCION%203788%20DE%202007.pdf HTTP/1.1" 200 504061
181.54.236.238 - - [08/Sep/2023:11:32:52 -0500] "GET /BLA/resoluciones/RESOLUCIONES%202007/RES%202007%203701%20AL%203800/RESOLUCION%203788%20DE%202007.pdf HTTP/1.1" 206 1025
201.245.192.253 - - [08/Sep/2023:11:33:05 -0500] "POST /forms/lservlet;jsessionid=ac16012b30d6fe616ddb68764dacb333ec8eb017034b.e3iSbxaKaheRe34Rch0Ra3mLchv0n6jAmljGr5XDqQLvpAe HTTP/1.1" 200 2
216.244.66.195 - - [08/Sep/2023:11:33:15 -0500] "GET /BLA/resoluciones/AUTOS%202013/0137.pdf HTTP/1.1" 200 1626887
172.22.2.4 - - [08/Sep/2023:11:31:40 -0500] "GET /BLA/boletinlegal/ HTTP/1.1" 200 54960
94.102.61.10 - - [08/Sep/2023:11:33:49 -0500] "GET /portaldeninos/ HTTP/1.1" 200 110175
216.244.66.195 - - [08/Sep/2023:11:34:06 -0500] "GET /BLA/resoluciones/AUTOS%202016/0044.pdf HTTP/1.1" 200 933202
201.245.192.253 - - [08/Sep/2023:11:34:22 -0500] "POST /forms/lservlet;jsessionid=ac16012b30d65962943bc1d1484c974eac862b03ab49.e3iSbxaKaheRe34Rch0Ra3mLchv0n6jAmljGr5XDqQLvpAe HTTP/1.1" 200 2
181.54.236.238 - - [08/Sep/2023:11:34:46 -0500] "GET /BLA/resoluciones/index.php?dir=RESOLUCIONES+2007%2FRES+2007+3701+AL+3800%2F HTTP/1.1" 200 26851
181.54.236.238 - - [08/Sep/2023:11:34:51 -0500] "GET /BLA/resoluciones/RESOLUCIONES%202007/RES%202007%203701%20AL%203800/RESOLUCION%203787%20DE%202007.pdf HTTP/1.1" 200 57931
181.54.236.238 - - [08/Sep/2023:11:34:51 -0500] "GET /BLA/resoluciones/RESOLUCIONES%202007/RES%202007%203701%20AL%203800/RESOLUCION%203787%20DE%202007.pdf HTTP/1.1" 200 57931
181.54.236.238 - - [08/Sep/2023:11:34:51 -0500] "GET /BLA/resoluciones/RESOLUCIONES%202007/RES%202007%203701%20AL%203800/RESOLUCION%203787%20DE%202007.pdf HTTP/1.1" 206 1025
216.244.66.195 - - [08/Sep/2023:11:34:56 -0500] "GET /BLA/resoluciones/AUTOS%202016/0399.pdf HTTP/1.1" 200 813039
181.54.236.238 - - [08/Sep/2023:11:34:57 -0500] "GET /BLA/resoluciones/RESOLUCIONES%202007/RES%202007%203701%20AL%203800/RESOLUCION%203789%20DE%202007.pdf HTTP/1.1" 200 1635965
181.54.236.238 - - [08/Sep/2023:11:34:58 -0500] "GET /BLA/resoluciones/RESOLUCIONES%202007/RES%202007%203701%20AL%203800/RESOLUCION%203789%20DE%202007.pdf HTTP/1.1" 206 1025
181.54.236.238 - - [08/Sep/2023:11:34:58 -0500] "GET /BLA/resoluciones/RESOLUCIONES%202007/RES%202007%203701%20AL%203800/RESOLUCION%203789%20DE%202007.pdf HTTP/1.1" 200 1635965
186.154.251.36 - - [08/Sep/2023:11:35:01 -0500] "GET /BLA/resoluciones/index.php?dir= HTTP/1.1" 200 13696
186.154.251.36 - - [08/Sep/2023:11:35:01 -0500] "GET /BLA/resoluciones/dlf/styles.css HTTP/1.1" 200 3049
186.154.251.36 - - [08/Sep/2023:11:35:01 -0500] "GET /BLA/resoluciones/dlf/folder.png HTTP/1.1" 200 410
186.154.251.36 - - [08/Sep/2023:11:35:01 -0500] "GET /BLA/resoluciones/dlf/bg.gif HTTP/1.1" 200 54
201.245.192.253 - - [08/Sep/2023:11:35:05 -0500] "POST /forms/lservlet;jsessionid=ac16012b30d6fe616ddb68764dacb333ec8eb017034b.e3iSbxaKaheRe34Rch0Ra3mLchv0n6jAmljGr5XDqQLvpAe HTTP/1.1" 200 2
186.154.251.36 - - [08/Sep/2023:11:35:05 -0500] "GET /BLA/resoluciones/dlf/dirup.png HTTP/1.1" 200 644
186.154.251.36 - - [08/Sep/2023:11:35:05 -0500] "GET /BLA/resoluciones/dlf/pdf.gif HTTP/1.1" 200 272
186.154.251.36 - - [08/Sep/2023:11:35:05 -0500] "GET /BLA/resoluciones/dlf/unknown.png HTTP/1.1" 200 266
186.154.251.36 - - [08/Sep/2023:11:35:05 -0500] "GET /BLA/resoluciones/index.php?dir=AUTOS+2015%2F HTTP/1.1" 200 584005
186.154.251.36 - - [08/Sep/2023:11:35:10 -0500] "GET /BLA/resoluciones/AUTOS%202015/1764.pdf HTTP/1.1" 200 691745
172.22.2.4 - - [08/Sep/2023:11:33:43 -0500] "GET /BLA/boletinlegal/ HTTP/1.1" 200 62795
216.245.221.92 - - [08/Sep/2023:11:35:27 -0500] "HEAD / HTTP/1.1" 200 -
172.22.2.4 - - [08/Sep/2023:11:35:30 -0500] "GET /BLA/boletinlegal/login.php HTTP/1.1" 404 1186
216.244.66.195 - - [08/Sep/2023:11:35:46 -0500] "GET /BLA/resoluciones/AUTOS%202016/0926.pdf HTTP/1.1" 200 528515
186.102.5.155 - - [08/Sep/2023:11:35:55 -0500] "OPTIONS /kwssiamovil/sm/setfile/f? HTTP/1.1" 200 13
181.54.236.238 - - [08/Sep/2023:11:35:55 -0500] "POST /BLA/boletinlegal/admin/actos/ingresar.php HTTP/1.1" 200 7302
186.102.5.155 - - [08/Sep/2023:11:35:56 -0500] "POST /kwssiamovil/sm/setfile/f? HTTP/1.1" 200 381
186.102.5.155 - - [08/Sep/2023:11:36:03 -0500] "GET /kwssiamovil/sm/acme/a?s=U2FsdGVkX1/Q5tvRcli/BKTTUVU325Ouy+3AKO25rQe4+4GD/gWB9qVqUSGcM2vj5+OG/h1FNCM+WDAFc0K4X5ei9r1VVxI6lmTSCC1CEaFscYlP1a0R9PuVxRfCpoapm9OHnxqiuy6ZzCG5qv09c1rBQV3mf8lKBrXq/9hbEUJ4eljQHr1SVx+mqrWpAPT3cUqdODTQo8cwoF+9CWyo8NmxNogp4FIjdN58162U9ZXfmtiiAuQvZa9QtF2gVEvEzshloZiQwNwVeKB/L9n4oA==&u=U2FsdGVkX19dDiE9nMosrhdX3s50HWTRdWu570HHUgw=&y=U2FsdGVkX19y+TVacmSN7PtBJ6uwFmOLpJQnHRkQ19Q= HTTP/1.1" 200 26
186.102.5.155 - - [08/Sep/2023:11:36:04 -0500] "GET /kwssiamovil/sm/acme/a?s=U2FsdGVkX19M8Y+AHwLQLBPbF2REw66tDTvnNvz8CSsNmXMH7TuZ05hyxHT9yqmLAOQeTfiqHopUTjpy4hnpFHLOX47M/ZLlIVE6v4xSatbVY7PajG7MKCn0E5XUnh0884Wmt+j813Rii4RPnruOvFjuuzb5k5G8TS8/QZcDQe1WHmm2VLIj500iKxQ4GKyp/z6p4OSMQ1GDX8AtqkCR0BDVf6Oct5V+bWUGunyaxzbZwqciDZlRw+LG//aP1WyTCOnUQ2pQTeb5McORyEE+8Ub3uFTJOEmbXTZeW8n0N3MbgyH+tS9AO2JjfUln7ClkFJu9jYvfTMHCdXbe7lubLGk6pTN7nmuU4ClODgZfRHhZGi+tiTUfVWDVul2/AJD3yCGzGiRunquE0OgeRbdSEqehZO+ISdE4tV/xtGkDWRwXoeCsRCQ0pgZhuE34gUJP2Y0Jc7506EZX6Vr5R0Hh6o0NlVh0NVOBDIeIPoOi4t+/EbdDSb0NiBkE8gKlDzq642JWf1O4+I84QpVIpWRGjHz8ggBBRFPUqI7FPEBXSurJd7/DSfYKv1Rf+1jcol3UTvVFsg2c/+dj8fO1H/DMdNyc+RM1reBjtuMFQfYsrDQWA0OSgo4iNt7yteFprtl2h2DCq4cBwSRTzSwyjWSYjtVPKEvlEf+/MEhqQ6FCKAtD2Qs9jieCMDZGkkMS97CvLpgycNW/gn+mXvvBvv3nLqG5Br8DRh4tDPtdEdLG8l4baGuZKB9wY923fWw7kQ77cFJmiwzti307owNvklPsrLnSDjfbuS82OcK0m/ZafklnKspl4iSQZdaioHsVl0Dscy7W9/T41SJAfObspQq70uKkbG2GM6wHUgevo7H6J5LaaW46RO04EKR+EyhawSKxJF4ynIhzVY+CWq/D70OKsPPqc6Lj97iDQo9cjF1EPGLUOQcad+YPfCgkGH8zdzigh5B+jE6APN3bLmpNVhdM+ordr9TYo7E0Y5eO6PkBTs+n/N0qA0OPrA7RheE1x5nvfgdXAebF1Fe2dZSlqadl8xBtwUNJ7/bTDcdNcPsqEvKcD+ad101F4Uz3XB9T/yU2axnac/O/9+qRN4T1jW8WNY5/Zw9kjTQ6bQPnJsgH2mipqy1ACIL3B5r1Lr2sg9Bfb+TeFESroHtiBQuf9wLFkGdtZTlC9+qzuNrrY7kjznApUJwwYA4KT5X11MyG7wffPWyELrgkd2mfYL82dahp460JMfQAnhIV9P4WnDPzxK4rMYBvkPJqJjQBD/10X0GpMJKhsD72l4ulAzkpjgwMLdYXTS6B0X+tceS4toO/fDokT6jwLnhp3pRoOKA/6h+rzlm9T4Xd1WrQbOua2ME+zyoBTLlYih0In4w4kn+7uLWXeajSIUrZHNm/cZ1xzLIGEiKHw0jtG6jwfPDWytqc/eTjLVtt3AI11nW/8Ylh3bG4XumBCgqWTEE73Gk3vNBNqjFdIQidEgHszfwK9VZULp7khY45QcSsmEUCbbOv4UsHmfzzgvlCwXqNjUvUoD+6wiN89mZtBw+ZmQTxL138bPqEvFC+uH/S2dLOoJS1msAyz2WTt6DHhXZLVeChVLw1Gw90mMd3tJGXmcemd4X8GmUjTM7qsEoTxk3RH2n4xmcP7YgYI6va6yFv4SXPt9gcgg2x8OCJ0Qu3ABZ+7djVquJgxgMXycPpW6jMU4SsYK8onUtOgDs/OcDXUDkmTk2ngiPEOeXlBunwmCYBbwV1IRDq39oG2Gx9kLqoGR0EK74r205Papun/NXCY4KLLCA4LodMEJbb2oPxGAdDnN2MZhZOCtsBi6PSeC6FjzNUlV8AW73I83epbwkhEfXpnVOAvsNL5O1giUEbunlPeQus/SpyDOscFsjsmK0+zaLPynejCoDxA239sgYfG7CR5P6qLd9pMaxGc9XtwAKNaACy2f5KlUdD8Pcvo4jQIg8hwQMiwOJJNhEzTWBEwgYXbAqiey5+cyG09YBFEwZRO5jxdxYpJlIDjgCN6mtA9V6ajhCKr4Ay/XLN29REBzvfXc/kNGNvbmovu8jXW0kWPrfLzKFvKmkGjHqDXCcPYg9X5HhfI6IjrrUjOh9C5ryzHjO79HJW5PBdNe/g21uU8+dA1GJ76GI1Woz04Cqfr/QFD5I=&u=U2FsdGVkX19dDiE9nMosrhdX3s50HWTRdWu570HHUgw=&y=U2FsdGVkX19y+TVacmSN7PtBJ6uwFmOLpJQnHRkQ19Q= HTTP/1.1" 200 26
186.102.5.155 - - [08/Sep/2023:11:36:04 -0500] "GET /kwssiamovil/sm/acme/a?s=U2FsdGVkX1/06SJDEZM2ML6WGCnlo9CrJiWpBN1K3B82tdaHEJ/OUh91BNXlcUAqKYPhwRUOrsksXj629zgzm2AOvgMP6zWoeFN6Brk4JbmI+ZEocev7iFE1VHY4FHcHhXzzM1zR6hIXRG7ltQVsM11k2eb2XypDLkZsAgNFsoE=&u=U2FsdGVkX19dDiE9nMosrhdX3s50HWTRdWu570HHUgw=&y=U2FsdGVkX19y+TVacmSN7PtBJ6uwFmOLpJQnHRkQ19Q= HTTP/1.1" 200 26
186.102.5.155 - - [08/Sep/2023:11:36:04 -0500] "GET /kwssiamovil/sm/acme/a?s=U2FsdGVkX1+UFWywEM5Y2XqXrFHlVFXZ6xpmgrq8LaDS1Aa0cPagu+zgFjRs5xqO3ZiwAahW1tbt47NQEvVBZDcGnj1mVBq+QEq9Zl/RsXexaipc9aajRMDuUBB5jwfB49Lt352tGKjNFMPS6BmnFpWkUSY/RSThp3VgFQX9EVk=&u=U2FsdGVkX19dDiE9nMosrhdX3s50HWTRdWu570HHUgw=&y=U2FsdGVkX19y+TVacmSN7PtBJ6uwFmOLpJQnHRkQ19Q= HTTP/1.1" 200 26
186.102.5.155 - - [08/Sep/2023:11:36:05 -0500] "GET /kwssiamovil/sm/acme/a?s=U2FsdGVkX1+be2sAhUJo1BgOW4rGqTY4svMMlQntyrtR1zxuNwJf0FTUuTvz4wdUbT6xrnj+KfNuOVXn+y23O0T9iB5Bzy/y+76ZVKSiJtQj1oK3g8QYZD/xtrXKAC4FUwUQNDKmRceOTYs/gQHlvdHsxEvFyJBfJ/d5fJLqncM=&u=U2FsdGVkX19dDiE9nMosrhdX3s50HWTRdWu570HHUgw=&y=U2FsdGVkX19y+TVacmSN7PtBJ6uwFmOLpJQnHRkQ19Q= HTTP/1.1" 200 26
186.102.5.155 - - [08/Sep/2023:11:36:05 -0500] "GET /kwssiamovil/sm/acme/a?s=U2FsdGVkX184ev3JP+IKKZVcVEzqvurXLdNS5JuPdjI1T+DLo/HUBUaqgdP4yMEUju4aWtutZcXOigtQIZpSEhFgiGFxqP40cl6FkB1uN6uzsdUaerzubqJExTzioSnBtUik9pBSTyczDT+PeefCi0px/v6vTKbAtlrZXwQ7SPhgVLWfg12Uw6PSVmBdzb79&u=U2FsdGVkX19dDiE9nMosrhdX3s50HWTRdWu570HHUgw=&y=U2FsdGVkX19y+TVacmSN7PtBJ6uwFmOLpJQnHRkQ19Q= HTTP/1.1" 200 26
186.102.5.155 - - [08/Sep/2023:11:36:05 -0500] "GET /kwssiamovil/sm/acme/a?s=U2FsdGVkX19jP5p99iTlHDpP2CWPmbkiPC/4e1eOCi7cf7nIH0t8KMomg/lN3yN9/qlAFZol4Isz6loWiaiCdbuV7qWs4oG6tW5VjXVghwBP5tKTpbyNPbRQStKd1eWEpxk5PJiAkSVHmFQzf7CEnDk5uH+0gn41LADjuCyqFBH48Pm+nuld3UOD/UxYfPgiechOmq61F2HHYkKcufHaSQXEdethKDO9U+9GBfQ7VqmtNIhTpxVdhIjhnEMVUJTRm4iIHgKAkiPzkVV3ssOAsRd1VtaIbSQn9cpJwRkDambYu2aAa6FpGWV6nRH+8NuvwEprvJhxbsIt6MA68ZPOWHL1M7N2ZMTDVNsUlAmQeL5B79MrBEP2w9ZxmOd2UTSNCcsDv6TzrxnhgQkghvIxaxtzuiHHCMC8z9Ox3Eyq77kKhRDXrPgHSvxvenAg2/i/yLiySCo6gMR6Hw7l0G84vDDBPnPg/kXpKeR+8GJw/0o=&u=U2FsdGVkX19dDiE9nMosrhdX3s50HWTRdWu570HHUgw=&y=U2FsdGVkX19y+TVacmSN7PtBJ6uwFmOLpJQnHRkQ19Q= HTTP/1.1" 200 25
186.102.5.155 - - [08/Sep/2023:11:36:05 -0500] "GET /kwssiamovil/sm/acme/a?s=U2FsdGVkX1/E54DFDknow4AXf26F8bHfwadwZq59vS4vGIH1IxBlRJew70I3arO/U+AFVETRWOsLMSdC9u2+g1cmDFxEhrkjy1pGBnPHpCZ4IQmUsdjDck+Sqxyu6nnywSwscJ8kbFqjCoIKl395IdhVEqbktdaskGKY8UAyoADWor3NZpq8Q/rDvWmcGdI7jQGZ/VbSBhoPF9/f6KQUHF9+Vh1IqtRxiri2ezJfs5lLugPwjgJsIpcwA9YgD6qUeqD2D/fmUwPIxvOu+rFs77C1Htbd/Q7TzAM4Cxz950PysFY3wR7dv4v7HmFLNCgJFzeRJYKj/fAcP02tPOexujEYdcAGwG1jZ/QQ69/D18RfekglFDYtj3rwzd5xjfwA5Oq/390lBiy8GXpd7XbACRsRH53JLLGa3eiA9glF7dz2ySiVk956mDaWsMU0ptX1&u=U2FsdGVkX19dDiE9nMosrhdX3s50HWTRdWu570HHUgw=&y=U2FsdGVkX19y+TVacmSN7PtBJ6uwFmOLpJQnHRkQ19Q= HTTP/1.1" 200 25
52.167.144.192 - - [08/Sep/2023:11:36:14 -0500] "GET /BLA/resoluciones/AUTOS%202023/2556.pdf HTTP/1.1" 200 1233524
201.245.192.253 - - [08/Sep/2023:11:36:22 -0500] "POST /forms/lservlet;jsessionid=ac16012b30d65962943bc1d1484c974eac862b03ab49.e3iSbxaKaheRe34Rch0Ra3mLchv0n6jAmljGr5XDqQLvpAe HTTP/1.1" 200 2
216.244.66.195 - - [08/Sep/2023:11:36:26 -0500] "GET /BLA/resoluciones/AUTOS%202016/0949.pdf HTTP/1.1" 200 484539
172.22.2.4 - - [08/Sep/2023:11:36:36 -0500] "GET /BLA/boletinlegal/consulta_actos.php?tipo=resoluciones&no=3788&usuario=&sector=&fecha=2007&resuelve= HTTP/1.1" 200 1166
172.22.2.4 - - [08/Sep/2023:11:36:44 -0500] "GET /BLA/boletinlegal/consulta_actos.php?tipo=resoluciones&no=3859&usuario=&sector=&fecha=2007&resuelve= HTTP/1.1" 200 626
181.54.236.238 - - [08/Sep/2023:11:36:49 -0500] "GET /BLA/resoluciones/index.php?dir=RESOLUCIONES+2007%2FRES+2007+3801+AL+3900%2F HTTP/1.1" 200 26637
172.22.2.4 - - [08/Sep/2023:11:36:51 -0500] "GET /BLA/boletinlegal/login HTTP/1.1" 404 1018
181.54.236.238 - - [08/Sep/2023:11:36:52 -0500] "GET /BLA/resoluciones/RESOLUCIONES%202007/RES%202007%203801%20AL%203900/RESOLUCION%203859%20DE%202007.pdf HTTP/1.1" 200 285369
181.54.236.238 - - [08/Sep/2023:11:36:52 -0500] "GET /BLA/resoluciones/RESOLUCIONES%202007/RES%202007%203801%20AL%203900/RESOLUCION%203859%20DE%202007.pdf HTTP/1.1" 200 285369
181.54.236.238 - - [08/Sep/2023:11:36:52 -0500] "GET /BLA/resoluciones/RESOLUCIONES%202007/RES%202007%203801%20AL%203900/RESOLUCION%203859%20DE%202007.pdf HTTP/1.1" 206 1025
201.245.192.253 - - [08/Sep/2023:11:37:05 -0500] "POST /forms/lservlet;jsessionid=ac16012b30d6fe616ddb68764dacb333ec8eb017034b.e3iSbxaKaheRe34Rch0Ra3mLchv0n6jAmljGr5XDqQLvpAe HTTP/1.1" 200 2
201.245.192.253 - - [08/Sep/2023:11:37:02 -0500] "POST /kwsrmcab/Wsrmcab  HTTP/1.1" 200 42865
201.245.192.253 - - [08/Sep/2023:11:37:09 -0500] "POST /BLA/boletinlegal/admin/actos/ingresar.php HTTP/1.1" 200 7302
216.244.66.195 - - [08/Sep/2023:11:37:14 -0500] "GET /BLA/resoluciones/AUTOS%202016/0951.pdf HTTP/1.1" 200 444324
201.245.192.253 - - [08/Sep/2023:11:37:14 -0500] "GET /BLA/resoluciones/index.php?dir=AUTOS+2019%2F HTTP/1.1" 200 385052
66.249.66.194 - - [08/Sep/2023:11:37:16 -0500] "GET /secretaria-de-ambiente-presenta-cartilla-con-el-protocolo-para-el-manejo-y-control-de-la-langostilla-de- HTTP/1.1" 404 1034
40.77.167.208 - - [08/Sep/2023:11:37:31 -0500] "GET /sipse/faces/autenticacion.xhtml HTTP/1.1" 200 12497
181.54.236.238 - - [08/Sep/2023:11:37:40 -0500] "POST /BLA/boletinlegal/admin/actos/ingresar.php HTTP/1.1" 200 7302
172.22.2.4 - - [08/Sep/2023:11:37:43 -0500] "GET /BLA/boletinlegal/consulta_actos.php?tipo=resoluciones&no=3859&usuario=&sector=&fecha=2007&resuelve= HTTP/1.1" 200 1166
172.22.2.4 - - [08/Sep/2023:11:37:53 -0500] "GET /BLA/boletinlegal/consulta_actos.php?tipo=resoluciones&no=4090&usuario=&sector=&fecha=2007&resuelve= HTTP/1.1" 200 626
216.244.66.195 - - [08/Sep/2023:11:37:53 -0500] "GET /BLA/resoluciones/AUTOS%202016/0960.pdf HTTP/1.1" 200 440298
172.22.2.4 - - [08/Sep/2023:11:37:54 -0500] "GET /BLA/boletinlegal/consulta_actos.php?tipo=resoluciones&no=4090&usuario=&sector=&fecha=2007&resuelve= HTTP/1.1" 200 626
181.54.236.238 - - [08/Sep/2023:11:37:58 -0500] "GET /BLA/resoluciones/index.php?dir=RESOLUCIONES+2007%2FRES+2007+4001+AL+4100%2F HTTP/1.1" 200 26864
172.22.2.4 - - [08/Sep/2023:11:36:39 -0500] "HEAD /BLA/boletinlegal/ HTTP/1.1" 200 -
201.245.192.253 - - [08/Sep/2023:11:38:22 -0500] "POST /forms/lservlet;jsessionid=ac16012b30d65962943bc1d1484c974eac862b03ab49.e3iSbxaKaheRe34Rch0Ra3mLchv0n6jAmljGr5XDqQLvpAe HTTP/1.1" 200 2
181.54.236.238 - - [08/Sep/2023:11:38:22 -0500] "GET /BLA/resoluciones/RESOLUCIONES%202007/RES%202007%204001%20AL%204100/RESOLUCION%204090%20DE%202007.pdf HTTP/1.1" 200 13950935
181.54.236.238 - - [08/Sep/2023:11:38:25 -0500] "GET /BLA/resoluciones/RESOLUCIONES%202007/RES%202007%204001%20AL%204100/RESOLUCION%204090%20DE%202007.pdf HTTP/1.1" 206 1025
181.54.236.238 - - [08/Sep/2023:11:38:25 -0500] "GET /BLA/resoluciones/RESOLUCIONES%202007/RES%202007%204001%20AL%204100/RESOLUCION%204090%20DE%202007.pdf HTTP/1.1" 200 13950935
181.54.236.238 - - [08/Sep/2023:11:38:26 -0500] "GET /BLA/resoluciones/RESOLUCIONES%202007/RES%202007%204001%20AL%204100/RESOLUCION%204090%20DE%202007.pdf HTTP/1.1" 206 64512
201.245.192.253 - - [08/Sep/2023:11:38:50 -0500] "POST /kwsrmcab/Wsrmcab HTTP/1.1" 200 39614
201.245.192.253 - - [08/Sep/2023:11:38:53 -0500] "POST /kwsrmcab/Wsrmcab HTTP/1.1" 200 39983
201.245.192.253 - - [08/Sep/2023:11:39:05 -0500] "POST /forms/lservlet;jsessionid=ac16012b30d6fe616ddb68764dacb333ec8eb017034b.e3iSbxaKaheRe34Rch0Ra3mLchv0n6jAmljGr5XDqQLvpAe HTTP/1.1" 200 2
172.22.2.4 - - [08/Sep/2023:11:37:30 -0500] "GET /BLA/boletinlegal/ HTTP/1.1" 200 60692
201.245.192.253 - - [08/Sep/2023:11:39:22 -0500] "POST /BLA/boletinlegal/admin/actos/ingresar.php HTTP/1.1" 200 7302
52.188.77.43 - - [08/Sep/2023:11:39:34 -0500] "GET /images/Gesti%C3%83%C2%B3n%20de%20Bifenilos%20Policlorados-23.jpg HTTP/1.1" 200 56482
201.245.192.253 - - [08/Sep/2023:11:39:34 -0500] "GET /BLA/resoluciones/index.php?dir=AUTOS+2019%2F HTTP/1.1" 200 385215
201.245.192.253 - - [08/Sep/2023:11:40:00 -0500] "POST /forms/lservlet;jsessionid=ac16012b30d65962943bc1d1484c974eac862b03ab49.e3iSbxaKaheRe34Rch0Ra3mLchv0n6jAmljGr5XDqQLvpAe HTTP/1.1" 200 12145
201.245.192.253 - - [08/Sep/2023:11:40:00 -0500] "HEAD /imagenes/msh_close.gif HTTP/1.1" 404 -
201.245.192.253 - - [08/Sep/2023:11:40:00 -0500] "GET /imagenes/msh_close.gif HTTP/1.1" 404 328
201.245.192.253 - - [08/Sep/2023:11:40:00 -0500] "POST /forms/lservlet;jsessionid=ac16012b30d65962943bc1d1484c974eac862b03ab49.e3iSbxaKaheRe34Rch0Ra3mLchv0n6jAmljGr5XDqQLvpAe HTTP/1.1" 200 10
201.245.192.253 - - [08/Sep/2023:11:40:00 -0500] "POST /forms/lservlet;jsessionid=ac16012b30d65962943bc1d1484c974eac862b03ab49.e3iSbxaKaheRe34Rch0Ra3mLchv0n6jAmljGr5XDqQLvpAe HTTP/1.1" 200 2
201.245.192.253 - - [08/Sep/2023:11:40:01 -0500] "POST /forms/lservlet;jsessionid=ac16012b30d65962943bc1d1484c974eac862b03ab49.e3iSbxaKaheRe34Rch0Ra3mLchv0n6jAmljGr5XDqQLvpAe HTTP/1.1" 200 13
201.245.192.253 - - [08/Sep/2023:11:40:07 -0500] "POST /forms/lservlet;jsessionid=ac16012b30d65962943bc1d1484c974eac862b03ab49.e3iSbxaKaheRe34Rch0Ra3mLchv0n6jAmljGr5XDqQLvpAe HTTP/1.1" 200 12
201.245.192.253 - - [08/Sep/2023:11:40:17 -0500] "POST /forms/lservlet;jsessionid=ac16012b30d65962943bc1d1484c974eac862b03ab49.e3iSbxaKaheRe34Rch0Ra3mLchv0n6jAmljGr5XDqQLvpAe HTTP/1.1" 200 1391
201.245.192.253 - - [08/Sep/2023:11:40:17 -0500] "POST /forms/lservlet;jsessionid=ac16012b30d65962943bc1d1484c974eac862b03ab49.e3iSbxaKaheRe34Rch0Ra3mLchv0n6jAmljGr5XDqQLvpAe HTTP/1.1" 200 2
201.245.192.253 - - [08/Sep/2023:11:40:18 -0500] "POST /forms/lservlet;jsessionid=ac16012b30d65962943bc1d1484c974eac862b03ab49.e3iSbxaKaheRe34Rch0Ra3mLchv0n6jAmljGr5XDqQLvpAe HTTP/1.1" 200 13
201.245.192.253 - - [08/Sep/2023:11:40:22 -0500] "POST /forms/lservlet;jsessionid=ac16012b30d65962943bc1d1484c974eac862b03ab49.e3iSbxaKaheRe34Rch0Ra3mLchv0n6jAmljGr5XDqQLvpAe HTTP/1.1" 200 2
216.245.221.92 - - [08/Sep/2023:11:40:27 -0500] "HEAD / HTTP/1.1" 200 -
201.245.192.253 - - [08/Sep/2023:11:40:30 -0500] "POST /forms/lservlet;jsessionid=ac16012b30d65962943bc1d1484c974eac862b03ab49.e3iSbxaKaheRe34Rch0Ra3mLchv0n6jAmljGr5XDqQLvpAe HTTP/1.1" 200 221
201.245.192.253 - - [08/Sep/2023:11:40:30 -0500] "POST /forms/lservlet;jsessionid=ac16012b30d65962943bc1d1484c974eac862b03ab49.e3iSbxaKaheRe34Rch0Ra3mLchv0n6jAmljGr5XDqQLvpAe HTTP/1.1" 200 2
201.245.192.253 - - [08/Sep/2023:11:40:31 -0500] "POST /forms/lservlet;jsessionid=ac16012b30d65962943bc1d1484c974eac862b03ab49.e3iSbxaKaheRe34Rch0Ra3mLchv0n6jAmljGr5XDqQLvpAe HTTP/1.1" 200 271
201.245.192.253 - - [08/Sep/2023:11:40:31 -0500] "POST /forms/lservlet;jsessionid=ac16012b30d65962943bc1d1484c974eac862b03ab49.e3iSbxaKaheRe34Rch0Ra3mLchv0n6jAmljGr5XDqQLvpAe HTTP/1.1" 200 2
181.54.236.238 - - [08/Sep/2023:11:40:43 -0500] "POST /BLA/boletinlegal/admin/actos/ingresar.php HTTP/1.1" 200 7348
201.245.192.253 - - [08/Sep/2023:11:40:54 -0500] "POST /forms/lservlet;jsessionid=ac16012b30d65962943bc1d1484c974eac862b03ab49.e3iSbxaKaheRe34Rch0Ra3mLchv0n6jAmljGr5XDqQLvpAe HTTP/1.1" 200 105
201.245.192.253 - - [08/Sep/2023:11:40:54 -0500] "POST /forms/lservlet;jsessionid=ac16012b30d65962943bc1d1484c974eac862b03ab49.e3iSbxaKaheRe34Rch0Ra3mLchv0n6jAmljGr5XDqQLvpAe HTTP/1.1" 200 105
201.245.192.253 - - [08/Sep/2023:11:40:54 -0500] "POST /forms/lservlet;jsessionid=ac16012b30d65962943bc1d1484c974eac862b03ab49.e3iSbxaKaheRe34Rch0Ra3mLchv0n6jAmljGr5XDqQLvpAe HTTP/1.1" 200 105
201.245.192.253 - - [08/Sep/2023:11:40:55 -0500] "POST /forms/lservlet;jsessionid=ac16012b30d65962943bc1d1484c974eac862b03ab49.e3iSbxaKaheRe34Rch0Ra3mLchv0n6jAmljGr5XDqQLvpAe HTTP/1.1" 200 210
201.245.192.253 - - [08/Sep/2023:11:40:55 -0500] "POST /forms/lservlet;jsessionid=ac16012b30d65962943bc1d1484c974eac862b03ab49.e3iSbxaKaheRe34Rch0Ra3mLchv0n6jAmljGr5XDqQLvpAe HTTP/1.1" 200 22
201.245.192.253 - - [08/Sep/2023:11:40:55 -0500] "POST /forms/lservlet;jsessionid=ac16012b30d65962943bc1d1484c974eac862b03ab49.e3iSbxaKaheRe34Rch0Ra3mLchv0n6jAmljGr5XDqQLvpAe HTTP/1.1" 200 22
201.245.192.253 - - [08/Sep/2023:11:40:55 -0500] "POST /forms/lservlet;jsessionid=ac16012b30d65962943bc1d1484c974eac862b03ab49.e3iSbxaKaheRe34Rch0Ra3mLchv0n6jAmljGr5XDqQLvpAe HTTP/1.1" 200 22
201.245.192.253 - - [08/Sep/2023:11:40:56 -0500] "POST /forms/lservlet;jsessionid=ac16012b30d65962943bc1d1484c974eac862b03ab49.e3iSbxaKaheRe34Rch0Ra3mLchv0n6jAmljGr5XDqQLvpAe HTTP/1.1" 200 121
201.245.192.253 - - [08/Sep/2023:11:40:56 -0500] "POST /forms/lservlet;jsessionid=ac16012b30d65962943bc1d1484c974eac862b03ab49.e3iSbxaKaheRe34Rch0Ra3mLchv0n6jAmljGr5XDqQLvpAe HTTP/1.1" 200 106
201.245.192.253 - - [08/Sep/2023:11:40:56 -0500] "POST /forms/lservlet;jsessionid=ac16012b30d65962943bc1d1484c974eac862b03ab49.e3iSbxaKaheRe34Rch0Ra3mLchv0n6jAmljGr5XDqQLvpAe HTTP/1.1" 200 106
201.245.192.253 - - [08/Sep/2023:11:40:56 -0500] "POST /forms/lservlet;jsessionid=ac16012b30d65962943bc1d1484c974eac862b03ab49.e3iSbxaKaheRe34Rch0Ra3mLchv0n6jAmljGr5XDqQLvpAe HTTP/1.1" 200 106
201.245.192.253 - - [08/Sep/2023:11:40:56 -0500] "POST /forms/lservlet;jsessionid=ac16012b30d65962943bc1d1484c974eac862b03ab49.e3iSbxaKaheRe34Rch0Ra3mLchv0n6jAmljGr5XDqQLvpAe HTTP/1.1" 200 218
201.245.192.253 - - [08/Sep/2023:11:40:57 -0500] "POST /forms/lservlet;jsessionid=ac16012b30d65962943bc1d1484c974eac862b03ab49.e3iSbxaKaheRe34Rch0Ra3mLchv0n6jAmljGr5XDqQLvpAe HTTP/1.1" 200 22
201.245.192.253 - - [08/Sep/2023:11:40:58 -0500] "POST /forms/lservlet;jsessionid=ac16012b30d65962943bc1d1484c974eac862b03ab49.e3iSbxaKaheRe34Rch0Ra3mLchv0n6jAmljGr5XDqQLvpAe HTTP/1.1" 200 120
201.245.192.253 - - [08/Sep/2023:11:40:58 -0500] "POST /forms/lservlet;jsessionid=ac16012b30d65962943bc1d1484c974eac862b03ab49.e3iSbxaKaheRe34Rch0Ra3mLchv0n6jAmljGr5XDqQLvpAe HTTP/1.1" 200 105
201.245.192.253 - - [08/Sep/2023:11:40:58 -0500] "POST /forms/lservlet;jsessionid=ac16012b30d65962943bc1d1484c974eac862b03ab49.e3iSbxaKaheRe34Rch0Ra3mLchv0n6jAmljGr5XDqQLvpAe HTTP/1.1" 200 105
201.245.192.253 - - [08/Sep/2023:11:40:58 -0500] "POST /forms/lservlet;jsessionid=ac16012b30d65962943bc1d1484c974eac862b03ab49.e3iSbxaKaheRe34Rch0Ra3mLchv0n6jAmljGr5XDqQLvpAe HTTP/1.1" 200 105
201.245.192.253 - - [08/Sep/2023:11:40:58 -0500] "POST /forms/lservlet;jsessionid=ac16012b30d65962943bc1d1484c974eac862b03ab49.e3iSbxaKaheRe34Rch0Ra3mLchv0n6jAmljGr5XDqQLvpAe HTTP/1.1" 200 210
201.245.192.253 - - [08/Sep/2023:11:40:58 -0500] "POST /forms/lservlet;jsessionid=ac16012b30d65962943bc1d1484c974eac862b03ab49.e3iSbxaKaheRe34Rch0Ra3mLchv0n6jAmljGr5XDqQLvpAe HTTP/1.1" 200 22
201.245.192.253 - - [08/Sep/2023:11:40:58 -0500] "POST /forms/lservlet;jsessionid=ac16012b30d65962943bc1d1484c974eac862b03ab49.e3iSbxaKaheRe34Rch0Ra3mLchv0n6jAmljGr5XDqQLvpAe HTTP/1.1" 200 22
201.245.192.253 - - [08/Sep/2023:11:40:58 -0500] "POST /forms/lservlet;jsessionid=ac16012b30d65962943bc1d1484c974eac862b03ab49.e3iSbxaKaheRe34Rch0Ra3mLchv0n6jAmljGr5XDqQLvpAe HTTP/1.1" 200 22
201.245.192.253 - - [08/Sep/2023:11:40:58 -0500] "POST /forms/lservlet;jsessionid=ac16012b30d65962943bc1d1484c974eac862b03ab49.e3iSbxaKaheRe34Rch0Ra3mLchv0n6jAmljGr5XDqQLvpAe HTTP/1.1" 200 22
201.245.192.253 - - [08/Sep/2023:11:40:58 -0500] "POST /forms/lservlet;jsessionid=ac16012b30d65962943bc1d1484c974eac862b03ab49.e3iSbxaKaheRe34Rch0Ra3mLchv0n6jAmljGr5XDqQLvpAe HTTP/1.1" 200 22
201.245.192.253 - - [08/Sep/2023:11:40:58 -0500] "POST /forms/lservlet;jsessionid=ac16012b30d65962943bc1d1484c974eac862b03ab49.e3iSbxaKaheRe34Rch0Ra3mLchv0n6jAmljGr5XDqQLvpAe HTTP/1.1" 200 22
201.245.192.253 - - [08/Sep/2023:11:40:58 -0500] "POST /forms/lservlet;jsessionid=ac16012b30d65962943bc1d1484c974eac862b03ab49.e3iSbxaKaheRe34Rch0Ra3mLchv0n6jAmljGr5XDqQLvpAe HTTP/1.1" 200 22
201.245.192.253 - - [08/Sep/2023:11:40:59 -0500] "POST /forms/lservlet;jsessionid=ac16012b30d65962943bc1d1484c974eac862b03ab49.e3iSbxaKaheRe34Rch0Ra3mLchv0n6jAmljGr5XDqQLvpAe HTTP/1.1" 200 22
201.245.192.253 - - [08/Sep/2023:11:40:59 -0500] "POST /forms/lservlet;jsessionid=ac16012b30d65962943bc1d1484c974eac862b03ab49.e3iSbxaKaheRe34Rch0Ra3mLchv0n6jAmljGr5XDqQLvpAe HTTP/1.1" 200 22
201.245.192.253 - - [08/Sep/2023:11:40:59 -0500] "POST /forms/lservlet;jsessionid=ac16012b30d65962943bc1d1484c974eac862b03ab49.e3iSbxaKaheRe34Rch0Ra3mLchv0n6jAmljGr5XDqQLvpAe HTTP/1.1" 200 22
201.245.192.253 - - [08/Sep/2023:11:40:59 -0500] "POST /forms/lservlet;jsessionid=ac16012b30d65962943bc1d1484c974eac862b03ab49.e3iSbxaKaheRe34Rch0Ra3mLchv0n6jAmljGr5XDqQLvpAe HTTP/1.1" 200 121
201.245.192.253 - - [08/Sep/2023:11:40:59 -0500] "POST /forms/lservlet;jsessionid=ac16012b30d65962943bc1d1484c974eac862b03ab49.e3iSbxaKaheRe34Rch0Ra3mLchv0n6jAmljGr5XDqQLvpAe HTTP/1.1" 200 106
201.245.192.253 - - [08/Sep/2023:11:40:59 -0500] "POST /forms/lservlet;jsessionid=ac16012b30d65962943bc1d1484c974eac862b03ab49.e3iSbxaKaheRe34Rch0Ra3mLchv0n6jAmljGr5XDqQLvpAe HTTP/1.1" 200 106
201.245.192.253 - - [08/Sep/2023:11:40:59 -0500] "POST /forms/lservlet;jsessionid=ac16012b30d65962943bc1d1484c974eac862b03ab49.e3iSbxaKaheRe34Rch0Ra3mLchv0n6jAmljGr5XDqQLvpAe HTTP/1.1" 200 106
201.245.192.253 - - [08/Sep/2023:11:40:59 -0500] "POST /forms/lservlet;jsessionid=ac16012b30d65962943bc1d1484c974eac862b03ab49.e3iSbxaKaheRe34Rch0Ra3mLchv0n6jAmljGr5XDqQLvpAe HTTP/1.1" 200 218
201.245.192.253 - - [08/Sep/2023:11:40:59 -0500] "POST /forms/lservlet;jsessionid=ac16012b30d65962943bc1d1484c974eac862b03ab49.e3iSbxaKaheRe34Rch0Ra3mLchv0n6jAmljGr5XDqQLvpAe HTTP/1.1" 200 22
201.245.192.253 - - [08/Sep/2023:11:40:59 -0500] "POST /forms/lservlet;jsessionid=ac16012b30d65962943bc1d1484c974eac862b03ab49.e3iSbxaKaheRe34Rch0Ra3mLchv0n6jAmljGr5XDqQLvpAe HTTP/1.1" 200 22
201.245.192.253 - - [08/Sep/2023:11:41:00 -0500] "POST /forms/lservlet;jsessionid=ac16012b30d65962943bc1d1484c974eac862b03ab49.e3iSbxaKaheRe34Rch0Ra3mLchv0n6jAmljGr5XDqQLvpAe HTTP/1.1" 200 22
201.245.192.253 - - [08/Sep/2023:11:41:00 -0500] "POST /forms/lservlet;jsessionid=ac16012b30d65962943bc1d1484c974eac862b03ab49.e3iSbxaKaheRe34Rch0Ra3mLchv0n6jAmljGr5XDqQLvpAe HTTP/1.1" 200 22
201.245.192.253 - - [08/Sep/2023:11:41:00 -0500] "POST /forms/lservlet;jsessionid=ac16012b30d65962943bc1d1484c974eac862b03ab49.e3iSbxaKaheRe34Rch0Ra3mLchv0n6jAmljGr5XDqQLvpAe HTTP/1.1" 200 22
201.245.192.253 - - [08/Sep/2023:11:41:00 -0500] "POST /forms/lservlet;jsessionid=ac16012b30d65962943bc1d1484c974eac862b03ab49.e3iSbxaKaheRe34Rch0Ra3mLchv0n6jAmljGr5XDqQLvpAe HTTP/1.1" 200 22
201.245.192.253 - - [08/Sep/2023:11:41:00 -0500] "POST /forms/lservlet;jsessionid=ac16012b30d65962943bc1d1484c974eac862b03ab49.e3iSbxaKaheRe34Rch0Ra3mLchv0n6jAmljGr5XDqQLvpAe HTTP/1.1" 200 22
201.245.192.253 - - [08/Sep/2023:11:41:00 -0500] "POST /forms/lservlet;jsessionid=ac16012b30d65962943bc1d1484c974eac862b03ab49.e3iSbxaKaheRe34Rch0Ra3mLchv0n6jAmljGr5XDqQLvpAe HTTP/1.1" 200 22
201.245.192.253 - - [08/Sep/2023:11:41:00 -0500] "POST /forms/lservlet;jsessionid=ac16012b30d65962943bc1d1484c974eac862b03ab49.e3iSbxaKaheRe34Rch0Ra3mLchv0n6jAmljGr5XDqQLvpAe HTTP/1.1" 200 22
201.245.192.253 - - [08/Sep/2023:11:41:00 -0500] "POST /forms/lservlet;jsessionid=ac16012b30d65962943bc1d1484c974eac862b03ab49.e3iSbxaKaheRe34Rch0Ra3mLchv0n6jAmljGr5XDqQLvpAe HTTP/1.1" 200 22
201.245.192.253 - - [08/Sep/2023:11:41:00 -0500] "POST /forms/lservlet;jsessionid=ac16012b30d65962943bc1d1484c974eac862b03ab49.e3iSbxaKaheRe34Rch0Ra3mLchv0n6jAmljGr5XDqQLvpAe HTTP/1.1" 200 22
201.245.192.253 - - [08/Sep/2023:11:41:00 -0500] "POST /forms/lservlet;jsessionid=ac16012b30d65962943bc1d1484c974eac862b03ab49.e3iSbxaKaheRe34Rch0Ra3mLchv0n6jAmljGr5XDqQLvpAe HTTP/1.1" 200 22
201.245.192.253 - - [08/Sep/2023:11:41:00 -0500] "POST /forms/lservlet;jsessionid=ac16012b30d65962943bc1d1484c974eac862b03ab49.e3iSbxaKaheRe34Rch0Ra3mLchv0n6jAmljGr5XDqQLvpAe HTTP/1.1" 200 22
201.245.192.253 - - [08/Sep/2023:11:41:01 -0500] "POST /forms/lservlet;jsessionid=ac16012b30d65962943bc1d1484c974eac862b03ab49.e3iSbxaKaheRe34Rch0Ra3mLchv0n6jAmljGr5XDqQLvpAe HTTP/1.1" 200 120
201.245.192.253 - - [08/Sep/2023:11:41:01 -0500] "POST /forms/lservlet;jsessionid=ac16012b30d65962943bc1d1484c974eac862b03ab49.e3iSbxaKaheRe34Rch0Ra3mLchv0n6jAmljGr5XDqQLvpAe HTTP/1.1" 200 105
201.245.192.253 - - [08/Sep/2023:11:41:02 -0500] "POST /forms/lservlet;jsessionid=ac16012b30d65962943bc1d1484c974eac862b03ab49.e3iSbxaKaheRe34Rch0Ra3mLchv0n6jAmljGr5XDqQLvpAe HTTP/1.1" 200 105
