201.245.192.253 - - [08/Sep/2023:05:34:51 -0500] "POST /forms/lservlet;jsessionid=ac16012b30d6b1684f53d2254ee1b857b141e1aca771.e3iSbxaKaheRe34Rch0Ra3mLchv0n6jAmljGr5XDqQLvpAe HTTP/1.1" 200 2
201.245.192.253 - - [08/Sep/2023:05:35:24 -0500] "POST /forms/lservlet;jsessionid=ac16012b30d6f0abcd22e02d4973af6b841376726b5f.e3iSbxaKaheRe34Rch0Ra3mLchv0n6jAmljGr5XDqQLvpAe HTTP/1.1" 200 2
216.245.221.92 - - [08/Sep/2023:05:35:28 -0500] "HEAD / HTTP/1.1" 200 -
172.22.2.4 - - [08/Sep/2023:05:35:00 -0500] "HEAD /BLA/boletinlegal/ HTTP/1.1" 200 -
201.245.192.253 - - [08/Sep/2023:05:36:51 -0500] "POST /forms/lservlet;jsessionid=ac16012b30d6b1684f53d2254ee1b857b141e1aca771.e3iSbxaKaheRe34Rch0Ra3mLchv0n6jAmljGr5XDqQLvpAe HTTP/1.1" 200 2
201.245.192.253 - - [08/Sep/2023:05:37:24 -0500] "POST /forms/lservlet;jsessionid=ac16012b30d6f0abcd22e02d4973af6b841376726b5f.e3iSbxaKaheRe34Rch0Ra3mLchv0n6jAmljGr5XDqQLvpAe HTTP/1.1" 200 2
172.22.2.4 - - [08/Sep/2023:05:35:51 -0500] "GET /BLA/boletinlegal/ HTTP/1.1" 200 60342
216.244.66.195 - - [08/Sep/2023:05:38:17 -0500] "GET /BLA/resoluciones/index.php?dir=RESOLUCIONES%20CONJUNTAS/&sort=size&order=asc HTTP/1.1" 200 4762
201.245.192.253 - - [08/Sep/2023:05:38:16 -0500] "POST /kwsrmcab/Wsrmcab  HTTP/1.1" 200 42865
172.22.2.4 - - [08/Sep/2023:05:38:41 -0500] "GET /BLA/boletinlegal/robots.txt HTTP/1.1" 404 1139
201.245.192.253 - - [08/Sep/2023:05:38:51 -0500] "POST /forms/lservlet;jsessionid=ac16012b30d6b1684f53d2254ee1b857b141e1aca771.e3iSbxaKaheRe34Rch0Ra3mLchv0n6jAmljGr5XDqQLvpAe HTTP/1.1" 200 2
201.245.192.253 - - [08/Sep/2023:05:38:52 -0500] "POST /kwsrmcab/Wsrmcab HTTP/1.1" 200 41594
201.245.192.253 - - [08/Sep/2023:05:38:55 -0500] "POST /kwsrmcab/Wsrmcab HTTP/1.1" 200 42570
201.245.192.253 - - [08/Sep/2023:05:39:24 -0500] "POST /forms/lservlet;jsessionid=ac16012b30d6f0abcd22e02d4973af6b841376726b5f.e3iSbxaKaheRe34Rch0Ra3mLchv0n6jAmljGr5XDqQLvpAe HTTP/1.1" 200 2
216.245.221.92 - - [08/Sep/2023:05:40:28 -0500] "HEAD / HTTP/1.1" 200 -
201.245.192.253 - - [08/Sep/2023:05:40:51 -0500] "POST /forms/lservlet;jsessionid=ac16012b30d6b1684f53d2254ee1b857b141e1aca771.e3iSbxaKaheRe34Rch0Ra3mLchv0n6jAmljGr5XDqQLvpAe HTTP/1.1" 200 2
201.245.192.253 - - [08/Sep/2023:05:41:24 -0500] "POST /forms/lservlet;jsessionid=ac16012b30d6f0abcd22e02d4973af6b841376726b5f.e3iSbxaKaheRe34Rch0Ra3mLchv0n6jAmljGr5XDqQLvpAe HTTP/1.1" 200 2
172.22.2.4 - - [08/Sep/2023:05:40:50 -0500] "HEAD /BLA/boletinlegal/ HTTP/1.1" 200 -
201.245.192.253 - - [08/Sep/2023:05:42:51 -0500] "POST /forms/lservlet;jsessionid=ac16012b30d6b1684f53d2254ee1b857b141e1aca771.e3iSbxaKaheRe34Rch0Ra3mLchv0n6jAmljGr5XDqQLvpAe HTTP/1.1" 200 2
201.245.192.253 - - [08/Sep/2023:05:43:15 -0500] "POST /kwsrmcab/Wsrmcab  HTTP/1.1" 200 42865
172.22.2.4 - - [08/Sep/2023:05:41:40 -0500] "GET /BLA/boletinlegal/ HTTP/1.1" 200 60342
201.245.192.253 - - [08/Sep/2023:05:43:24 -0500] "POST /forms/lservlet;jsessionid=ac16012b30d6f0abcd22e02d4973af6b841376726b5f.e3iSbxaKaheRe34Rch0Ra3mLchv0n6jAmljGr5XDqQLvpAe HTTP/1.1" 200 2
52.167.144.160 - - [08/Sep/2023:05:44:22 -0500] "GET /BLA/resoluciones/AUTOS%202023/0832.pdf HTTP/1.1" 200 689505
201.245.192.253 - - [08/Sep/2023:05:44:51 -0500] "POST /forms/lservlet;jsessionid=ac16012b30d6b1684f53d2254ee1b857b141e1aca771.e3iSbxaKaheRe34Rch0Ra3mLchv0n6jAmljGr5XDqQLvpAe HTTP/1.1" 200 2
201.245.192.253 - - [08/Sep/2023:05:45:24 -0500] "POST /forms/lservlet;jsessionid=ac16012b30d6f0abcd22e02d4973af6b841376726b5f.e3iSbxaKaheRe34Rch0Ra3mLchv0n6jAmljGr5XDqQLvpAe HTTP/1.1" 200 2
216.245.221.92 - - [08/Sep/2023:05:45:28 -0500] "HEAD / HTTP/1.1" 200 -
66.249.70.5 - - [08/Sep/2023:05:46:28 -0500] "GET /galeria/nivo-slider/demo/images/bannerclases2021.jpg HTTP/1.1" 304 -
201.245.192.253 - - [08/Sep/2023:05:46:51 -0500] "POST /forms/lservlet;jsessionid=ac16012b30d6b1684f53d2254ee1b857b141e1aca771.e3iSbxaKaheRe34Rch0Ra3mLchv0n6jAmljGr5XDqQLvpAe HTTP/1.1" 200 2
201.245.192.253 - - [08/Sep/2023:05:47:24 -0500] "POST /forms/lservlet;jsessionid=ac16012b30d6f0abcd22e02d4973af6b841376726b5f.e3iSbxaKaheRe34Rch0Ra3mLchv0n6jAmljGr5XDqQLvpAe HTTP/1.1" 200 2
201.245.192.253 - - [08/Sep/2023:05:48:14 -0500] "POST /kwsrmcab/Wsrmcab  HTTP/1.1" 200 42865
172.22.2.4 - - [08/Sep/2023:05:46:40 -0500] "HEAD /BLA/boletinlegal/ HTTP/1.1" 200 -
201.245.192.253 - - [08/Sep/2023:05:48:51 -0500] "POST /forms/lservlet;jsessionid=ac16012b30d6b1684f53d2254ee1b857b141e1aca771.e3iSbxaKaheRe34Rch0Ra3mLchv0n6jAmljGr5XDqQLvpAe HTTP/1.1" 200 2
172.22.2.4 - - [08/Sep/2023:05:47:31 -0500] "GET /BLA/boletinlegal/ HTTP/1.1" 200 58597
201.245.192.253 - - [08/Sep/2023:05:49:24 -0500] "POST /forms/lservlet;jsessionid=ac16012b30d6f0abcd22e02d4973af6b841376726b5f.e3iSbxaKaheRe34Rch0Ra3mLchv0n6jAmljGr5XDqQLvpAe HTTP/1.1" 200 2
216.245.221.92 - - [08/Sep/2023:05:50:28 -0500] "HEAD / HTTP/1.1" 200 -
201.245.192.253 - - [08/Sep/2023:05:50:51 -0500] "POST /forms/lservlet;jsessionid=ac16012b30d6b1684f53d2254ee1b857b141e1aca771.e3iSbxaKaheRe34Rch0Ra3mLchv0n6jAmljGr5XDqQLvpAe HTTP/1.1" 200 2
201.245.192.253 - - [08/Sep/2023:05:51:24 -0500] "POST /forms/lservlet;jsessionid=ac16012b30d6f0abcd22e02d4973af6b841376726b5f.e3iSbxaKaheRe34Rch0Ra3mLchv0n6jAmljGr5XDqQLvpAe HTTP/1.1" 200 2
201.245.192.253 - - [08/Sep/2023:05:52:51 -0500] "POST /forms/lservlet;jsessionid=ac16012b30d6b1684f53d2254ee1b857b141e1aca771.e3iSbxaKaheRe34Rch0Ra3mLchv0n6jAmljGr5XDqQLvpAe HTTP/1.1" 200 2
186.102.12.211 - - [08/Sep/2023:05:52:58 -0500] "GET /kwssiamovil/sm/ldap/au?x=U2FsdGVkX18U5JvFdD9gWxAyxnfx6YgJqNOksJD63JFOGSrvs341bEOZ4QhmU5Rg&y=U2FsdGVkX19cyTKpMUC/QIvyQvV7lTiRanj6mQpCZrs= HTTP/1.1" 200 30
186.102.12.211 - - [08/Sep/2023:05:52:58 -0500] "GET /kwssiamovil/sm/acme/s?s=U2FsdGVkX1+FglE9evX9PAGByI1vXemOJwWKcqYvE7th0ZJJkZ+aBrYPgjacPsdxnvO155kSb7dW9THAp+Bc2nnk3CNzEw/nH2+sJ+aH+lM=&u=U2FsdGVkX186RXqgVj6O+GYPR2FHGZAThR0WCjrAQxU=&y=U2FsdGVkX19cyTKpMUC/QIvyQvV7lTiRanj6mQpCZrs= HTTP/1.1" 200 97
186.102.12.211 - - [08/Sep/2023:05:52:59 -0500] "GET /kwssiamovil/sm/acme/s?s=U2FsdGVkX18D0Jj9NoEzzYxzWXyk81osP64xHPXSzrDtGMZhmqdhpwAsMIfhYbqEKdI/7z02xYXnzERs5TumJuqSC3MnyuPTci0l3fSH6JToXMFGj9DZuKuTEPolDePffAB+g0Z5CIImrptupxXR0hK3yoKVyJ9vgXDXPs59FoHcQveBqM/v7fCmfUBNkZSRSuse2DYC+ZIirUUR967IIR+vGVbUP7gPkG1Agi40dfc1NXqSt4m8FCIfMVYdBv/HEu+PRCdCB4s9OP3EvuQsESqqRESTGurkFZ9GwS/jhWUnGNkcMTc5v9fH7um3pYAvh+K4tPpeOkCar/sZUSAPs42Kv3kVgEREzlIMpqhLypU+YRnLGVSCMyt5qwFe/Rgopfer9RUQ25LQPY9kZ7vi1qHk2X1XTSptb4+WX4yWSB5v3jpDNM9dVl16sOi61TCCGjEnGi5/fxswT7AuUTeSJ7MWrYMnNasdqhWMuOxjPFxzWvxoiLmxg80MOTfJBmgDzr6qoWk4SP+0NRf6C+E2tTA/6VpDeKQpS+k1oVPF9RIK4wNwgg49FH4rrf0mrhFbFwPB4FyoqnlYSaops8/HvRHycMolvrT1jKii94Z7YeM5o506uzQTzqTmpxvp1DVjPM9BYHn1DvJhndSmh8j5HG6bUwdBRdaeDEziJ4FvNlyUsD8SshZMEvp2jjG8kcejQvgfR51JcJf/1HWiPjiHWYs7uSoHocVUnKo8Re8ZAZLRR5NGTZU9rd3tdd0ePjB8zxeoM6EmL1hayv5NuWQm1t1jEUlMPovQHSnSEP8umHcTfS3i9Q7neWfnqg8LtglMI0gN2V4Ro8LPNMT3YiNAvb+tGdViCCBeIY15M2o5InTW/I0R2TcdseG9ZdXo+8pWgjnPo/ErMqVDewC3mzeAKzpt9PJDz5Iiwk637SmQ5Ic7Z5wZ/8gvDtMj4Y61i5JX/pT7S/3WgXfR+x4IifDfwMdEHrVjS2EDcwmIPaGkk339GpgF97E+B/zJ2zPdxRwAghtsSFxJb9LaLp4UZhPs060rw3FFbUmcIIIcKC6jUa172zhdEMQmhIMbWdICnga9M7s/C9uRJfZ2L8VUZdHz+H4puq0gxbYZT0PBFataNElkSxEkxKinc75FNBaunmrIbmfB33WkBLM3S1Hzn1ZcshDa7pxPt/0Ep0nW9ArjIuIUmtOuHxAsE9BhzrVeRAE3EZNihzpckc9vhkJqfEgtSRk2BRVJYM3Tzwq5Pern0b+y39ll+h3n0LWh4y2sroj++Ytmk72YQdUVtIOdhZUY0UsWyspFWTVHbl/yZ5BTUy/WyHLN2EHWwx+N02xxCwn07FM0sEaNRsR1qIpQxwwW5PUYcAK044F7WPByAjB1dO5UtccWQ9ruyODyrbRCZbIkO3cUk3ToWNfRCgIC+f7TFdwau9SEQPw0wlYRThUr1IM=&u=U2FsdGVkX186RXqgVj6O+GYPR2FHGZAThR0WCjrAQxU=&y=U2FsdGVkX19cyTKpMUC/QIvyQvV7lTiRanj6mQpCZrs= HTTP/1.1" 200 8228
186.102.12.211 - - [08/Sep/2023:05:52:59 -0500] "GET /kwssiamovil/sm/acme/s?s=U2FsdGVkX18Ilu/IuCYwl4d3fU94bCGBaglEXswpVAyDGCwFOXnmDCu3jsgnV4J5quVMjoP7ZPaA3Rixl6oDLNiwQgT0HRLUFQazd9SlBdBa1CON6KLASCEl0bBwevrgIh6/+RiCD7axi5wXUcmZomjS7WOQSG0rBrN8/NtLuJiDb1bBTaiPpuz9LqNOsrTa3P9NRf417XSbHv9BmEXDKia2wu29NI9s9wnRxyh82jRVGcRXA72pP6S3+FIR/1a4t+hxwtZBYtRLIElE02zpGRypr1+nXb07WJGCsL1B114Mq0GCQicdmgYrbiAPlkbpyKOjdpcciOB9hgF4CfcR/w==&u=U2FsdGVkX186RXqgVj6O+GYPR2FHGZAThR0WCjrAQxU=&y=U2FsdGVkX19cyTKpMUC/QIvyQvV7lTiRanj6mQpCZrs= HTTP/1.1" 200 196
186.102.12.211 - - [08/Sep/2023:05:52:59 -0500] "GET /kwssiamovil/sm/cjson/pre?f=1&x=U2FsdGVkX18U5JvFdD9gWxAyxnfx6YgJqNOksJD63JFOGSrvs341bEOZ4QhmU5Rg HTTP/1.1" 200 31032
201.245.192.253 - - [08/Sep/2023:05:53:13 -0500] "POST /kwsrmcab/Wsrmcab  HTTP/1.1" 200 42865
201.245.192.253 - - [08/Sep/2023:05:53:24 -0500] "POST /forms/lservlet;jsessionid=ac16012b30d6f0abcd22e02d4973af6b841376726b5f.e3iSbxaKaheRe34Rch0Ra3mLchv0n6jAmljGr5XDqQLvpAe HTTP/1.1" 200 2
172.22.2.4 - - [08/Sep/2023:05:52:30 -0500] "HEAD /BLA/boletinlegal/ HTTP/1.1" 200 -
216.244.66.195 - - [08/Sep/2023:05:54:11 -0500] "GET /BLA/resoluciones/index.php?dir=RESOLUCIONES+2002%2FRES+2002+1001-1050%2F HTTP/1.1" 200 12610
216.244.66.195 - - [08/Sep/2023:05:54:16 -0500] "GET /BLA/resoluciones/index.php?dir=RESOLUCIONES+2002%2FRES+2002+1651-1700%2F HTTP/1.1" 200 12155
216.244.66.195 - - [08/Sep/2023:05:54:20 -0500] "GET /BLA/resoluciones/index.php?dir=RESOLUCIONES+2006%2FRES+2006+1151-1200%2F HTTP/1.1" 200 12365
201.245.192.253 - - [08/Sep/2023:05:54:51 -0500] "POST /forms/lservlet;jsessionid=ac16012b30d6b1684f53d2254ee1b857b141e1aca771.e3iSbxaKaheRe34Rch0Ra3mLchv0n6jAmljGr5XDqQLvpAe HTTP/1.1" 200 2
172.22.2.4 - - [08/Sep/2023:05:53:20 -0500] "GET /BLA/boletinlegal/ HTTP/1.1" 200 55460
201.245.192.253 - - [08/Sep/2023:05:55:24 -0500] "POST /forms/lservlet;jsessionid=ac16012b30d6f0abcd22e02d4973af6b841376726b5f.e3iSbxaKaheRe34Rch0Ra3mLchv0n6jAmljGr5XDqQLvpAe HTTP/1.1" 200 2
216.245.221.92 - - [08/Sep/2023:05:55:28 -0500] "HEAD / HTTP/1.1" 200 -
201.245.192.253 - - [08/Sep/2023:05:56:51 -0500] "POST /forms/lservlet;jsessionid=ac16012b30d6b1684f53d2254ee1b857b141e1aca771.e3iSbxaKaheRe34Rch0Ra3mLchv0n6jAmljGr5XDqQLvpAe HTTP/1.1" 200 2
201.245.192.253 - - [08/Sep/2023:05:57:24 -0500] "POST /forms/lservlet;jsessionid=ac16012b30d6f0abcd22e02d4973af6b841376726b5f.e3iSbxaKaheRe34Rch0Ra3mLchv0n6jAmljGr5XDqQLvpAe HTTP/1.1" 200 2
216.244.66.195 - - [08/Sep/2023:05:58:01 -0500] "GET /BLA/resoluciones/RESOLUCIONES%202019/0052.pdf HTTP/1.1" 200 384311
216.244.66.195 - - [08/Sep/2023:05:58:04 -0500] "GET /BLA/resoluciones/RESOLUCIONES%202019/2161.pdf HTTP/1.1" 200 389692
216.244.66.195 - - [08/Sep/2023:05:58:10 -0500] "GET /BLA/resoluciones/RESOLUCIONES%202019/2317.pdf HTTP/1.1" 200 366879
216.244.66.195 - - [08/Sep/2023:05:58:14 -0500] "GET /BLA/resoluciones/RESOLUCIONES%202019/2627.pdf HTTP/1.1" 200 1348009
201.245.192.253 - - [08/Sep/2023:05:58:11 -0500] "POST /kwsrmcab/Wsrmcab  HTTP/1.1" 200 42865
216.244.66.195 - - [08/Sep/2023:05:58:19 -0500] "GET /BLA/resoluciones/RESOLUCIONES%202019/3110.pdf HTTP/1.1" 200 514354
216.244.66.195 - - [08/Sep/2023:05:58:23 -0500] "GET /BLA/resoluciones/RESOLUCIONES%202019/3151.pdf HTTP/1.1" 200 292560
216.244.66.195 - - [08/Sep/2023:05:58:26 -0500] "GET /BLA/resoluciones/RESOLUCIONES%202019/3179.pdf HTTP/1.1" 200 13383307
216.244.66.195 - - [08/Sep/2023:05:58:33 -0500] "GET /BLA/resoluciones/RESOLUCIONES%202019/3304.pdf HTTP/1.1" 200 299515
216.244.66.195 - - [08/Sep/2023:05:58:38 -0500] "GET /BLA/resoluciones/RESOLUCIONES%202019/3324.pdf HTTP/1.1" 200 293973
216.244.66.195 - - [08/Sep/2023:05:58:43 -0500] "GET /BLA/resoluciones/RESOLUCIONES%202019/3509.pdf HTTP/1.1" 200 333644
216.244.66.195 - - [08/Sep/2023:05:58:47 -0500] "GET /BLA/resoluciones/RESOLUCIONES%202019/3582.pdf HTTP/1.1" 200 602677
201.245.192.253 - - [08/Sep/2023:05:58:51 -0500] "POST /forms/lservlet;jsessionid=ac16012b30d6b1684f53d2254ee1b857b141e1aca771.e3iSbxaKaheRe34Rch0Ra3mLchv0n6jAmljGr5XDqQLvpAe HTTP/1.1" 200 2
216.244.66.195 - - [08/Sep/2023:05:58:53 -0500] "GET /BLA/boletinlegal/actos.php HTTP/1.1" 200 9682
201.245.192.253 - - [08/Sep/2023:05:59:24 -0500] "POST /forms/lservlet;jsessionid=ac16012b30d6f0abcd22e02d4973af6b841376726b5f.e3iSbxaKaheRe34Rch0Ra3mLchv0n6jAmljGr5XDqQLvpAe HTTP/1.1" 200 2
172.22.2.4 - - [08/Sep/2023:05:58:20 -0500] "HEAD /BLA/boletinlegal/ HTTP/1.1" 200 -
216.245.221.92 - - [08/Sep/2023:06:00:28 -0500] "HEAD / HTTP/1.1" 200 -
172.22.2.4 - - [08/Sep/2023:05:59:11 -0500] "GET /BLA/boletinlegal/ HTTP/1.1" 200 58187
201.245.192.253 - - [08/Sep/2023:06:00:51 -0500] "POST /forms/lservlet;jsessionid=ac16012b30d6b1684f53d2254ee1b857b141e1aca771.e3iSbxaKaheRe34Rch0Ra3mLchv0n6jAmljGr5XDqQLvpAe HTTP/1.1" 200 2
216.244.66.195 - - [08/Sep/2023:06:00:56 -0500] "GET /BLA/resoluciones/RESOLUCIONES%202017/3800.pdf HTTP/1.1" 200 278239
201.245.192.253 - - [08/Sep/2023:06:01:24 -0500] "POST /forms/lservlet;jsessionid=ac16012b30d6f0abcd22e02d4973af6b841376726b5f.e3iSbxaKaheRe34Rch0Ra3mLchv0n6jAmljGr5XDqQLvpAe HTTP/1.1" 200 2
172.22.2.4 - - [08/Sep/2023:06:01:43 -0500] "GET /BLA/boletinlegal/normativa.php HTTP/1.1" 200 8343
201.245.192.253 - - [08/Sep/2023:06:02:51 -0500] "POST /forms/lservlet;jsessionid=ac16012b30d6b1684f53d2254ee1b857b141e1aca771.e3iSbxaKaheRe34Rch0Ra3mLchv0n6jAmljGr5XDqQLvpAe HTTP/1.1" 200 2
201.245.192.253 - - [08/Sep/2023:06:03:11 -0500] "POST /kwsrmcab/Wsrmcab  HTTP/1.1" 200 42865
216.244.66.195 - - [08/Sep/2023:06:03:19 -0500] "GET /BLA/resoluciones/RESOLUCIONES%202017/0262.pdf HTTP/1.1" 200 461094
201.245.192.253 - - [08/Sep/2023:06:03:24 -0500] "POST /forms/lservlet;jsessionid=ac16012b30d6f0abcd22e02d4973af6b841376726b5f.e3iSbxaKaheRe34Rch0Ra3mLchv0n6jAmljGr5XDqQLvpAe HTTP/1.1" 200 2
216.244.66.195 - - [08/Sep/2023:06:04:48 -0500] "GET /BLA/resoluciones/AUTOS%202013/2509.pdf HTTP/1.1" 200 528312
201.245.192.253 - - [08/Sep/2023:06:04:51 -0500] "POST /forms/lservlet;jsessionid=ac16012b30d6b1684f53d2254ee1b857b141e1aca771.e3iSbxaKaheRe34Rch0Ra3mLchv0n6jAmljGr5XDqQLvpAe HTTP/1.1" 200 2
216.244.66.195 - - [08/Sep/2023:06:04:52 -0500] "GET /BLA/resoluciones/index.php?dir=RESOLUCIONES%202004/RES%202004%20151-200/&sort=date&order=asc HTTP/1.1" 200 12047
216.244.66.195 - - [08/Sep/2023:06:04:54 -0500] "GET /BLA/resoluciones/index.php?dir=RESOLUCIONES%202004/RES%202004%20151-200/&sort=size&order=asc HTTP/1.1" 200 12047
201.245.192.253 - - [08/Sep/2023:06:05:24 -0500] "POST /forms/lservlet;jsessionid=ac16012b30d6f0abcd22e02d4973af6b841376726b5f.e3iSbxaKaheRe34Rch0Ra3mLchv0n6jAmljGr5XDqQLvpAe HTTP/1.1" 200 2
216.245.221.92 - - [08/Sep/2023:06:05:28 -0500] "HEAD / HTTP/1.1" 200 -
172.22.2.4 - - [08/Sep/2023:06:04:10 -0500] "HEAD /BLA/boletinlegal/ HTTP/1.1" 200 -
216.244.66.195 - - [08/Sep/2023:06:05:51 -0500] "GET /BLA/resoluciones/AUTOS%202016/0039.pdf HTTP/1.1" 200 371399
216.244.66.195 - - [08/Sep/2023:06:05:54 -0500] "GET /BLA/resoluciones/AUTOS%202016/0781.pdf HTTP/1.1" 200 477040
216.244.66.195 - - [08/Sep/2023:06:05:58 -0500] "GET /BLA/resoluciones/AUTOS%202016/0803.pdf HTTP/1.1" 200 548299
216.244.66.195 - - [08/Sep/2023:06:06:01 -0500] "GET /BLA/resoluciones/AUTOS%202016/0959.pdf HTTP/1.1" 200 440223
216.244.66.195 - - [08/Sep/2023:06:06:04 -0500] "GET /BLA/resoluciones/AUTOS%202016/1059.pdf HTTP/1.1" 200 236101
216.244.66.195 - - [08/Sep/2023:06:06:07 -0500] "GET /BLA/resoluciones/AUTOS%202016/1474.pdf HTTP/1.1" 200 383129
216.244.66.195 - - [08/Sep/2023:06:06:10 -0500] "GET /BLA/resoluciones/AUTOS%202016/1791.pdf HTTP/1.1" 200 538374
216.244.66.195 - - [08/Sep/2023:06:06:14 -0500] "GET /BLA/resoluciones/AUTOS%202016/1991.pdf HTTP/1.1" 200 562770
172.22.2.4 - - [08/Sep/2023:06:05:00 -0500] "GET /BLA/boletinlegal/ HTTP/1.1" 200 60692
201.245.192.253 - - [08/Sep/2023:06:06:51 -0500] "POST /forms/lservlet;jsessionid=ac16012b30d6b1684f53d2254ee1b857b141e1aca771.e3iSbxaKaheRe34Rch0Ra3mLchv0n6jAmljGr5XDqQLvpAe HTTP/1.1" 200 2
201.245.192.253 - - [08/Sep/2023:06:07:24 -0500] "POST /forms/lservlet;jsessionid=ac16012b30d6f0abcd22e02d4973af6b841376726b5f.e3iSbxaKaheRe34Rch0Ra3mLchv0n6jAmljGr5XDqQLvpAe HTTP/1.1" 200 2
201.245.192.253 - - [08/Sep/2023:06:08:09 -0500] "POST /kwsrmcab/Wsrmcab  HTTP/1.1" 200 42865
201.245.192.253 - - [08/Sep/2023:06:08:51 -0500] "POST /forms/lservlet;jsessionid=ac16012b30d6b1684f53d2254ee1b857b141e1aca771.e3iSbxaKaheRe34Rch0Ra3mLchv0n6jAmljGr5XDqQLvpAe HTTP/1.1" 200 2
201.245.192.253 - - [08/Sep/2023:06:09:24 -0500] "POST /forms/lservlet;jsessionid=ac16012b30d6f0abcd22e02d4973af6b841376726b5f.e3iSbxaKaheRe34Rch0Ra3mLchv0n6jAmljGr5XDqQLvpAe HTTP/1.1" 200 2
216.245.221.92 - - [08/Sep/2023:06:10:28 -0500] "HEAD / HTTP/1.1" 200 -
201.245.192.253 - - [08/Sep/2023:06:10:51 -0500] "POST /forms/lservlet;jsessionid=ac16012b30d6b1684f53d2254ee1b857b141e1aca771.e3iSbxaKaheRe34Rch0Ra3mLchv0n6jAmljGr5XDqQLvpAe HTTP/1.1" 200 2
216.244.66.195 - - [08/Sep/2023:06:11:06 -0500] "GET /robots.txt HTTP/1.1" 404 1018
201.245.192.253 - - [08/Sep/2023:06:11:24 -0500] "POST /forms/lservlet;jsessionid=ac16012b30d6f0abcd22e02d4973af6b841376726b5f.e3iSbxaKaheRe34Rch0Ra3mLchv0n6jAmljGr5XDqQLvpAe HTTP/1.1" 200 2
172.22.2.4 - - [08/Sep/2023:06:10:00 -0500] "HEAD /BLA/boletinlegal/ HTTP/1.1" 200 -
172.22.2.4 - - [08/Sep/2023:06:10:50 -0500] "GET /BLA/boletinlegal/ HTTP/1.1" 200 58187
201.245.192.253 - - [08/Sep/2023:06:12:51 -0500] "POST /forms/lservlet;jsessionid=ac16012b30d6b1684f53d2254ee1b857b141e1aca771.e3iSbxaKaheRe34Rch0Ra3mLchv0n6jAmljGr5XDqQLvpAe HTTP/1.1" 200 2
201.245.192.253 - - [08/Sep/2023:06:13:08 -0500] "POST /kwsrmcab/Wsrmcab  HTTP/1.1" 200 42865
201.245.192.253 - - [08/Sep/2023:06:13:24 -0500] "POST /forms/lservlet;jsessionid=ac16012b30d6f0abcd22e02d4973af6b841376726b5f.e3iSbxaKaheRe34Rch0Ra3mLchv0n6jAmljGr5XDqQLvpAe HTTP/1.1" 200 2
172.22.2.4 - - [08/Sep/2023:06:12:56 -0500] "GET /BLA/boletinlegal/ HTTP/1.1" 200 62795
201.245.192.253 - - [08/Sep/2023:06:14:51 -0500] "POST /forms/lservlet;jsessionid=ac16012b30d6b1684f53d2254ee1b857b141e1aca771.e3iSbxaKaheRe34Rch0Ra3mLchv0n6jAmljGr5XDqQLvpAe HTTP/1.1" 200 2
201.245.192.253 - - [08/Sep/2023:06:15:24 -0500] "POST /forms/lservlet;jsessionid=ac16012b30d6f0abcd22e02d4973af6b841376726b5f.e3iSbxaKaheRe34Rch0Ra3mLchv0n6jAmljGr5XDqQLvpAe HTTP/1.1" 200 2
216.245.221.92 - - [08/Sep/2023:06:15:28 -0500] "HEAD / HTTP/1.1" 200 -
201.245.192.253 - - [08/Sep/2023:06:16:51 -0500] "POST /forms/lservlet;jsessionid=ac16012b30d6b1684f53d2254ee1b857b141e1aca771.e3iSbxaKaheRe34Rch0Ra3mLchv0n6jAmljGr5XDqQLvpAe HTTP/1.1" 200 2
201.245.192.253 - - [08/Sep/2023:06:17:24 -0500] "POST /forms/lservlet;jsessionid=ac16012b30d6f0abcd22e02d4973af6b841376726b5f.e3iSbxaKaheRe34Rch0Ra3mLchv0n6jAmljGr5XDqQLvpAe HTTP/1.1" 200 2
172.22.2.4 - - [08/Sep/2023:06:15:50 -0500] "HEAD /BLA/boletinlegal/ HTTP/1.1" 200 -
54.39.177.173 - - [08/Sep/2023:06:17:34 -0500] "GET /inscribete-y-participa-en-el-foro-sobre-la-gestion-de-los-bifenilos-policlorados-en-transformadores-electricos.html HTTP/1.1" 200 931
201.245.192.253 - - [08/Sep/2023:06:18:07 -0500] "POST /kwsrmcab/Wsrmcab  HTTP/1.1" 200 42865
172.22.2.4 - - [08/Sep/2023:06:16:41 -0500] "GET /BLA/boletinlegal/ HTTP/1.1" 200 58187
201.245.192.253 - - [08/Sep/2023:06:18:51 -0500] "POST /forms/lservlet;jsessionid=ac16012b30d6b1684f53d2254ee1b857b141e1aca771.e3iSbxaKaheRe34Rch0Ra3mLchv0n6jAmljGr5XDqQLvpAe HTTP/1.1" 200 2
201.245.192.253 - - [08/Sep/2023:06:18:51 -0500] "POST /kwsrmcab/Wsrmcab HTTP/1.1" 200 41447
201.245.192.253 - - [08/Sep/2023:06:18:54 -0500] "POST /kwsrmcab/Wsrmcab HTTP/1.1" 200 42587
201.245.192.253 - - [08/Sep/2023:06:19:24 -0500] "POST /forms/lservlet;jsessionid=ac16012b30d6f0abcd22e02d4973af6b841376726b5f.e3iSbxaKaheRe34Rch0Ra3mLchv0n6jAmljGr5XDqQLvpAe HTTP/1.1" 200 2
216.245.221.92 - - [08/Sep/2023:06:20:28 -0500] "HEAD / HTTP/1.1" 200 -
201.245.192.253 - - [08/Sep/2023:06:20:51 -0500] "POST /forms/lservlet;jsessionid=ac16012b30d6b1684f53d2254ee1b857b141e1aca771.e3iSbxaKaheRe34Rch0Ra3mLchv0n6jAmljGr5XDqQLvpAe HTTP/1.1" 200 2
201.245.192.253 - - [08/Sep/2023:06:21:25 -0500] "POST /forms/lservlet;jsessionid=ac16012b30d6f0abcd22e02d4973af6b841376726b5f.e3iSbxaKaheRe34Rch0Ra3mLchv0n6jAmljGr5XDqQLvpAe HTTP/1.1" 200 2
201.245.192.253 - - [08/Sep/2023:06:22:51 -0500] "POST /forms/lservlet;jsessionid=ac16012b30d6b1684f53d2254ee1b857b141e1aca771.e3iSbxaKaheRe34Rch0Ra3mLchv0n6jAmljGr5XDqQLvpAe HTTP/1.1" 200 2
216.244.66.195 - - [08/Sep/2023:06:23:06 -0500] "GET /BLA/resoluciones/index.php?dir=Notificaciones%2FRESOLUCIONES+2014%2F HTTP/1.1" 200 13932
201.245.192.253 - - [08/Sep/2023:06:23:05 -0500] "POST /kwsrmcab/Wsrmcab  HTTP/1.1" 200 42865
172.22.2.4 - - [08/Sep/2023:06:21:40 -0500] "HEAD /BLA/boletinlegal/ HTTP/1.1" 200 -
201.245.192.253 - - [08/Sep/2023:06:23:25 -0500] "POST /forms/lservlet;jsessionid=ac16012b30d6f0abcd22e02d4973af6b841376726b5f.e3iSbxaKaheRe34Rch0Ra3mLchv0n6jAmljGr5XDqQLvpAe HTTP/1.1" 200 2
40.77.167.152 - - [08/Sep/2023:06:23:46 -0500] "GET /BLA/resoluciones/AUTOS%202023/3219.pdf HTTP/1.1" 200 347661
172.22.2.4 - - [08/Sep/2023:06:22:30 -0500] "GET /BLA/boletinlegal/ HTTP/1.1" 200 57790
66.249.66.85 - - [08/Sep/2023:06:24:14 -0500] "GET /portaldeninos/2021/06/06/ciudadanos-disfrutaron-del-tunel-ambiental-en-el-parque-de-los-novios/ HTTP/1.1" 200 105118
201.245.192.253 - - [08/Sep/2023:06:24:51 -0500] "POST /forms/lservlet;jsessionid=ac16012b30d6b1684f53d2254ee1b857b141e1aca771.e3iSbxaKaheRe34Rch0Ra3mLchv0n6jAmljGr5XDqQLvpAe HTTP/1.1" 200 2
66.249.70.5 - - [08/Sep/2023:06:25:09 -0500] "GET /BLA/resoluciones/RESOLUCIONES%202017/1659.pdf HTTP/1.1" 304 -
201.245.192.253 - - [08/Sep/2023:06:25:25 -0500] "POST /forms/lservlet;jsessionid=ac16012b30d6f0abcd22e02d4973af6b841376726b5f.e3iSbxaKaheRe34Rch0Ra3mLchv0n6jAmljGr5XDqQLvpAe HTTP/1.1" 200 2
216.245.221.92 - - [08/Sep/2023:06:25:28 -0500] "HEAD / HTTP/1.1" 200 -
201.245.192.253 - - [08/Sep/2023:06:26:51 -0500] "POST /forms/lservlet;jsessionid=ac16012b30d6b1684f53d2254ee1b857b141e1aca771.e3iSbxaKaheRe34Rch0Ra3mLchv0n6jAmljGr5XDqQLvpAe HTTP/1.1" 200 2
201.245.192.253 - - [08/Sep/2023:06:27:25 -0500] "POST /forms/lservlet;jsessionid=ac16012b30d6f0abcd22e02d4973af6b841376726b5f.e3iSbxaKaheRe34Rch0Ra3mLchv0n6jAmljGr5XDqQLvpAe HTTP/1.1" 200 2
8.222.220.181 - - [08/Sep/2023:06:27:40 -0500] "GET /galeria/galeria/fotos/MeandrodelSay3P.jpg HTTP/1.1" 200 32353
201.245.192.253 - - [08/Sep/2023:06:28:05 -0500] "POST /kwsrmcab/Wsrmcab  HTTP/1.1" 200 42865
201.245.192.253 - - [08/Sep/2023:06:28:50 -0500] "GET /kwsrmcab/Wsrmcab?wsdl HTTP/1.1" 200 6948
201.245.192.253 - - [08/Sep/2023:06:28:51 -0500] "POST /forms/lservlet;jsessionid=ac16012b30d6b1684f53d2254ee1b857b141e1aca771.e3iSbxaKaheRe34Rch0Ra3mLchv0n6jAmljGr5XDqQLvpAe HTTP/1.1" 200 2
201.245.192.253 - - [08/Sep/2023:06:28:51 -0500] "POST /kwsrmcab/Wsrmcab HTTP/1.1" 200 41447
201.245.192.253 - - [08/Sep/2023:06:28:54 -0500] "POST /kwsrmcab/Wsrmcab HTTP/1.1" 200 42587
172.22.2.4 - - [08/Sep/2023:06:27:30 -0500] "HEAD /BLA/boletinlegal/ HTTP/1.1" 200 -
201.245.192.253 - - [08/Sep/2023:06:29:25 -0500] "POST /forms/lservlet;jsessionid=ac16012b30d6f0abcd22e02d4973af6b841376726b5f.e3iSbxaKaheRe34Rch0Ra3mLchv0n6jAmljGr5XDqQLvpAe HTTP/1.1" 200 2
216.244.66.195 - - [08/Sep/2023:06:29:29 -0500] "GET /BLA/resoluciones/index.php?dir=RESOLUCIONES%202001/&sort=name&order=desc HTTP/1.1" 200 25491
172.22.2.4 - - [08/Sep/2023:06:28:20 -0500] "GET /BLA/boletinlegal/ HTTP/1.1" 200 60692
216.245.221.92 - - [08/Sep/2023:06:30:28 -0500] "HEAD / HTTP/1.1" 200 -
201.245.192.253 - - [08/Sep/2023:06:30:51 -0500] "POST /forms/lservlet;jsessionid=ac16012b30d6b1684f53d2254ee1b857b141e1aca771.e3iSbxaKaheRe34Rch0Ra3mLchv0n6jAmljGr5XDqQLvpAe HTTP/1.1" 200 2
201.245.192.253 - - [08/Sep/2023:06:31:25 -0500] "POST /forms/lservlet;jsessionid=ac16012b30d6f0abcd22e02d4973af6b841376726b5f.e3iSbxaKaheRe34Rch0Ra3mLchv0n6jAmljGr5XDqQLvpAe HTTP/1.1" 200 2
201.245.192.253 - - [08/Sep/2023:06:32:51 -0500] "POST /forms/lservlet;jsessionid=ac16012b30d6b1684f53d2254ee1b857b141e1aca771.e3iSbxaKaheRe34Rch0Ra3mLchv0n6jAmljGr5XDqQLvpAe HTTP/1.1" 200 2
201.245.192.253 - - [08/Sep/2023:06:33:05 -0500] "POST /kwsrmcab/Wsrmcab  HTTP/1.1" 200 42865
201.245.192.253 - - [08/Sep/2023:06:33:25 -0500] "POST /forms/lservlet;jsessionid=ac16012b30d6f0abcd22e02d4973af6b841376726b5f.e3iSbxaKaheRe34Rch0Ra3mLchv0n6jAmljGr5XDqQLvpAe HTTP/1.1" 200 2
201.245.192.253 - - [08/Sep/2023:06:34:51 -0500] "POST /forms/lservlet;jsessionid=ac16012b30d6b1684f53d2254ee1b857b141e1aca771.e3iSbxaKaheRe34Rch0Ra3mLchv0n6jAmljGr5XDqQLvpAe HTTP/1.1" 200 2
186.84.90.69 - - [08/Sep/2023:06:34:57 -0500] "GET /inscribete-y-participa-en-la-convencion-internacional-de-emergencia-climatica-bogota-2023.html HTTP/1.1" 200 895
172.22.2.4 - - [08/Sep/2023:06:33:20 -0500] "HEAD /BLA/boletinlegal/ HTTP/1.1" 200 -
201.245.192.253 - - [08/Sep/2023:06:35:25 -0500] "POST /forms/lservlet;jsessionid=ac16012b30d6f0abcd22e02d4973af6b841376726b5f.e3iSbxaKaheRe34Rch0Ra3mLchv0n6jAmljGr5XDqQLvpAe HTTP/1.1" 200 2
216.245.221.92 - - [08/Sep/2023:06:35:28 -0500] "HEAD / HTTP/1.1" 200 -
216.244.66.195 - - [08/Sep/2023:06:35:40 -0500] "GET /BLA/resoluciones/index.php?dir=AUTOS+2006%2FAUTOS+2006+2401+-+2500%2F HTTP/1.1" 200 22199
216.244.66.195 - - [08/Sep/2023:06:35:44 -0500] "GET /BLA/resoluciones/index.php?dir=RESOLUCIONES+2002%2FRES+2002+651-700%2F HTTP/1.1" 200 12213
216.244.66.195 - - [08/Sep/2023:06:35:48 -0500] "GET /BLA/resoluciones/index.php?dir=RESOLUCIONES+2006%2FRES+2006+501-550%2F HTTP/1.1" 200 12241
172.22.2.4 - - [08/Sep/2023:06:34:10 -0500] "GET /BLA/boletinlegal/ HTTP/1.1" 200 56257
216.244.66.195 - - [08/Sep/2023:06:35:51 -0500] "GET /BLA/resoluciones/index.php?dir=RESOLUCIONES+2006%2FRES+2006+51-100%2F HTTP/1.1" 200 11996
201.245.192.253 - - [08/Sep/2023:06:36:51 -0500] "POST /forms/lservlet;jsessionid=ac16012b30d6b1684f53d2254ee1b857b141e1aca771.e3iSbxaKaheRe34Rch0Ra3mLchv0n6jAmljGr5XDqQLvpAe HTTP/1.1" 200 2
201.245.192.253 - - [08/Sep/2023:06:37:25 -0500] "POST /forms/lservlet;jsessionid=ac16012b30d6f0abcd22e02d4973af6b841376726b5f.e3iSbxaKaheRe34Rch0Ra3mLchv0n6jAmljGr5XDqQLvpAe HTTP/1.1" 200 2
216.244.66.195 - - [08/Sep/2023:06:37:59 -0500] "GET /BLA/resoluciones/index.php?dir=RESOLUCIONES+2007%2FRES+2007+3901+AL+4000%2F HTTP/1.1" 200 26851
201.245.192.253 - - [08/Sep/2023:06:38:04 -0500] "POST /kwsrmcab/Wsrmcab  HTTP/1.1" 200 42865
201.245.192.253 - - [08/Sep/2023:06:38:51 -0500] "POST /forms/lservlet;jsessionid=ac16012b30d6b1684f53d2254ee1b857b141e1aca771.e3iSbxaKaheRe34Rch0Ra3mLchv0n6jAmljGr5XDqQLvpAe HTTP/1.1" 200 2
201.245.192.253 - - [08/Sep/2023:06:38:51 -0500] "POST /kwsrmcab/Wsrmcab HTTP/1.1" 200 41447
201.245.192.253 - - [08/Sep/2023:06:38:54 -0500] "POST /kwsrmcab/Wsrmcab HTTP/1.1" 200 42587
201.245.192.253 - - [08/Sep/2023:06:39:25 -0500] "POST /forms/lservlet;jsessionid=ac16012b30d6f0abcd22e02d4973af6b841376726b5f.e3iSbxaKaheRe34Rch0Ra3mLchv0n6jAmljGr5XDqQLvpAe HTTP/1.1" 200 2
216.245.221.92 - - [08/Sep/2023:06:40:28 -0500] "HEAD / HTTP/1.1" 200 -
172.22.2.4 - - [08/Sep/2023:06:39:10 -0500] "HEAD /BLA/boletinlegal/ HTTP/1.1" 200 -
201.245.192.253 - - [08/Sep/2023:06:40:51 -0500] "POST /forms/lservlet;jsessionid=ac16012b30d6b1684f53d2254ee1b857b141e1aca771.e3iSbxaKaheRe34Rch0Ra3mLchv0n6jAmljGr5XDqQLvpAe HTTP/1.1" 200 2
201.245.192.253 - - [08/Sep/2023:06:41:25 -0500] "POST /forms/lservlet;jsessionid=ac16012b30d6f0abcd22e02d4973af6b841376726b5f.e3iSbxaKaheRe34Rch0Ra3mLchv0n6jAmljGr5XDqQLvpAe HTTP/1.1" 200 2
172.22.2.4 - - [08/Sep/2023:06:40:00 -0500] "GET /BLA/boletinlegal/ HTTP/1.1" 200 54960
216.244.66.195 - - [08/Sep/2023:06:41:53 -0500] "GET /BLA/resoluciones/RESOLUCIONES%202019/1227.pdf HTTP/1.1" 200 373007
216.244.66.195 - - [08/Sep/2023:06:41:56 -0500] "GET /BLA/resoluciones/RESOLUCIONES%202019/1552.pdf HTTP/1.1" 200 260747
216.244.66.195 - - [08/Sep/2023:06:42:00 -0500] "GET /BLA/resoluciones/RESOLUCIONES%202019/1903.pdf HTTP/1.1" 200 393260
216.244.66.195 - - [08/Sep/2023:06:42:26 -0500] "GET /BLA/resoluciones/RESOLUCIONES%202019/1981.pdf HTTP/1.1" 200 420966
216.244.66.195 - - [08/Sep/2023:06:42:49 -0500] "GET /BLA/resoluciones/RESOLUCIONES%202019/2086.pdf HTTP/1.1" 200 1245635
201.245.192.253 - - [08/Sep/2023:06:42:51 -0500] "POST /forms/lservlet;jsessionid=ac16012b30d6b1684f53d2254ee1b857b141e1aca771.e3iSbxaKaheRe34Rch0Ra3mLchv0n6jAmljGr5XDqQLvpAe HTTP/1.1" 200 2
201.245.192.253 - - [08/Sep/2023:06:43:02 -0500] "POST /kwsrmcab/Wsrmcab  HTTP/1.1" 200 42865
201.245.192.253 - - [08/Sep/2023:06:43:25 -0500] "POST /forms/lservlet;jsessionid=ac16012b30d6f0abcd22e02d4973af6b841376726b5f.e3iSbxaKaheRe34Rch0Ra3mLchv0n6jAmljGr5XDqQLvpAe HTTP/1.1" 200 2
216.244.66.195 - - [08/Sep/2023:06:43:27 -0500] "GET /BLA/resoluciones/RESOLUCIONES%202019/2105.pdf HTTP/1.1" 200 392394
216.244.66.195 - - [08/Sep/2023:06:43:57 -0500] "GET /BLA/resoluciones/RESOLUCIONES%202019/2249.pdf HTTP/1.1" 200 251658
216.244.66.195 - - [08/Sep/2023:06:44:26 -0500] "GET /BLA/resoluciones/RESOLUCIONES%202019/2826.pdf HTTP/1.1" 200 411118
201.245.192.253 - - [08/Sep/2023:06:44:51 -0500] "POST /forms/lservlet;jsessionid=ac16012b30d6b1684f53d2254ee1b857b141e1aca771.e3iSbxaKaheRe34Rch0Ra3mLchv0n6jAmljGr5XDqQLvpAe HTTP/1.1" 200 2
216.244.66.195 - - [08/Sep/2023:06:44:56 -0500] "GET /BLA/resoluciones/RESOLUCIONES%202019/2971.pdf HTTP/1.1" 200 294797
216.244.66.195 - - [08/Sep/2023:06:45:23 -0500] "GET /BLA/resoluciones/RESOLUCIONES%202019/3009.pdf HTTP/1.1" 200 327611
201.245.192.253 - - [08/Sep/2023:06:45:25 -0500] "POST /forms/lservlet;jsessionid=ac16012b30d6f0abcd22e02d4973af6b841376726b5f.e3iSbxaKaheRe34Rch0Ra3mLchv0n6jAmljGr5XDqQLvpAe HTTP/1.1" 200 2
216.245.221.92 - - [08/Sep/2023:06:45:28 -0500] "HEAD / HTTP/1.1" 200 -
216.244.66.195 - - [08/Sep/2023:06:45:50 -0500] "GET /BLA/resoluciones/RESOLUCIONES%202019/3153.pdf HTTP/1.1" 200 291184
216.244.66.195 - - [08/Sep/2023:06:46:17 -0500] "GET /BLA/resoluciones/RESOLUCIONES%202019/3224.pdf HTTP/1.1" 200 426387
172.22.2.4 - - [08/Sep/2023:06:45:00 -0500] "HEAD /BLA/boletinlegal/ HTTP/1.1" 200 -
216.244.66.195 - - [08/Sep/2023:06:46:41 -0500] "GET /BLA/resoluciones/RESOLUCIONES%202019/3298.pdf HTTP/1.1" 200 1733302
201.245.192.253 - - [08/Sep/2023:06:46:51 -0500] "POST /forms/lservlet;jsessionid=ac16012b30d6b1684f53d2254ee1b857b141e1aca771.e3iSbxaKaheRe34Rch0Ra3mLchv0n6jAmljGr5XDqQLvpAe HTTP/1.1" 200 2
191.156.190.16 - - [08/Sep/2023:06:46:55 -0500] "GET /favicon.ico HTTP/1.1" 404 1346
216.244.66.195 - - [08/Sep/2023:06:47:06 -0500] "GET /BLA/resoluciones/RESOLUCIONES%202019/3484.pdf HTTP/1.1" 200 2134866
201.245.192.253 - - [08/Sep/2023:06:47:25 -0500] "POST /forms/lservlet;jsessionid=ac16012b30d6f0abcd22e02d4973af6b841376726b5f.e3iSbxaKaheRe34Rch0Ra3mLchv0n6jAmljGr5XDqQLvpAe HTTP/1.1" 200 2
172.22.2.4 - - [08/Sep/2023:06:45:50 -0500] "GET /BLA/boletinlegal/ HTTP/1.1" 200 60692
216.244.66.195 - - [08/Sep/2023:06:47:39 -0500] "GET /BLA/resoluciones/RESOLUCIONES%202019/3495.pdf HTTP/1.1" 200 274845
201.245.192.253 - - [08/Sep/2023:06:48:01 -0500] "POST /kwsrmcab/Wsrmcab  HTTP/1.1" 200 42865
216.244.66.195 - - [08/Sep/2023:06:48:09 -0500] "GET /BLA/resoluciones/RESOLUCIONES%202019/3834.pdf HTTP/1.1" 200 346343
216.244.66.195 - - [08/Sep/2023:06:48:41 -0500] "GET /BLA/resoluciones/RESOLUCIONES%202019/3887.pdf HTTP/1.1" 200 302021
201.245.192.253 - - [08/Sep/2023:06:48:51 -0500] "POST /forms/lservlet;jsessionid=ac16012b30d6b1684f53d2254ee1b857b141e1aca771.e3iSbxaKaheRe34Rch0Ra3mLchv0n6jAmljGr5XDqQLvpAe HTTP/1.1" 200 2
201.245.192.253 - - [08/Sep/2023:06:49:25 -0500] "POST /forms/lservlet;jsessionid=ac16012b30d6f0abcd22e02d4973af6b841376726b5f.e3iSbxaKaheRe34Rch0Ra3mLchv0n6jAmljGr5XDqQLvpAe HTTP/1.1" 200 2
216.244.66.195 - - [08/Sep/2023:06:49:10 -0500] "GET /sendero/DOCUMENTO%20EIA%20Y%20ANEXOS.zip HTTP/1.1" 200 2227394
216.244.66.195 - - [08/Sep/2023:06:49:55 -0500] "GET /BLA/resoluciones/RESOLUCIONES%202017/1798.pdf HTTP/1.1" 200 331244
216.244.66.195 - - [08/Sep/2023:06:50:26 -0500] "GET /BLA/resoluciones/RESOLUCIONES%202017/1980.pdf HTTP/1.1" 200 287661
216.245.221.92 - - [08/Sep/2023:06:50:28 -0500] "HEAD / HTTP/1.1" 200 -
201.245.192.253 - - [08/Sep/2023:06:50:51 -0500] "POST /forms/lservlet;jsessionid=ac16012b30d6b1684f53d2254ee1b857b141e1aca771.e3iSbxaKaheRe34Rch0Ra3mLchv0n6jAmljGr5XDqQLvpAe HTTP/1.1" 200 2
216.244.66.195 - - [08/Sep/2023:06:50:55 -0500] "GET /BLA/resoluciones/RESOLUCIONES%202017/2798.pdf HTTP/1.1" 200 333199
216.244.66.195 - - [08/Sep/2023:06:51:23 -0500] "GET /BLA/resoluciones/RESOLUCIONES%202017/2800.pdf HTTP/1.1" 200 273672
201.245.192.253 - - [08/Sep/2023:06:51:25 -0500] "POST /forms/lservlet;jsessionid=ac16012b30d6f0abcd22e02d4973af6b841376726b5f.e3iSbxaKaheRe34Rch0Ra3mLchv0n6jAmljGr5XDqQLvpAe HTTP/1.1" 200 2
172.22.2.4 - - [08/Sep/2023:06:51:31 -0500] "GET /BLA/boletinlegal/Directivas/2022/DIRECTIVA%20No.%2000002%20DEL%2022%20DE%20JUNIO%20DEL%202022.pdf HTTP/1.1" 304 -
216.244.66.195 - - [08/Sep/2023:06:51:51 -0500] "GET /BLA/resoluciones/RESOLUCIONES%202017/3569.pdf HTTP/1.1" 200 277745
216.244.66.195 - - [08/Sep/2023:06:52:20 -0500] "GET /BLA/resoluciones/index.php?dir=RESOLUCIONES%201994/&sort=name&order=asc HTTP/1.1" 200 2479
172.22.2.4 - - [08/Sep/2023:06:50:50 -0500] "HEAD /BLA/boletinlegal/ HTTP/1.1" 200 -
216.244.66.195 - - [08/Sep/2023:06:52:44 -0500] "GET /BLA/resoluciones/RESOLUCIONES%202016/0347.pdf HTTP/1.1" 200 859063
201.245.192.253 - - [08/Sep/2023:06:52:51 -0500] "POST /forms/lservlet;jsessionid=ac16012b30d6b1684f53d2254ee1b857b141e1aca771.e3iSbxaKaheRe34Rch0Ra3mLchv0n6jAmljGr5XDqQLvpAe HTTP/1.1" 200 2
201.245.192.253 - - [08/Sep/2023:06:53:00 -0500] "POST /kwsrmcab/Wsrmcab  HTTP/1.1" 200 42865
216.244.66.195 - - [08/Sep/2023:06:53:10 -0500] "GET /BLA/resoluciones/AUTOS%202016/0021.pdf HTTP/1.1" 200 518815
172.22.2.4 - - [08/Sep/2023:06:51:40 -0500] "GET /BLA/boletinlegal/ HTTP/1.1" 200 58187
201.245.192.253 - - [08/Sep/2023:06:53:25 -0500] "POST /forms/lservlet;jsessionid=ac16012b30d6f0abcd22e02d4973af6b841376726b5f.e3iSbxaKaheRe34Rch0Ra3mLchv0n6jAmljGr5XDqQLvpAe HTTP/1.1" 200 2
216.244.66.195 - - [08/Sep/2023:06:53:34 -0500] "GET /BLA/resoluciones/AUTOS%202016/0179.pdf HTTP/1.1" 200 439202
216.244.66.195 - - [08/Sep/2023:06:53:56 -0500] "GET /BLA/resoluciones/AUTOS%202016/0228.pdf HTTP/1.1" 200 594617
216.244.66.195 - - [08/Sep/2023:06:54:22 -0500] "GET /BLA/resoluciones/AUTOS%202016/0238.pdf HTTP/1.1" 200 897979
201.245.192.253 - - [08/Sep/2023:06:54:51 -0500] "POST /forms/lservlet;jsessionid=ac16012b30d6b1684f53d2254ee1b857b141e1aca771.e3iSbxaKaheRe34Rch0Ra3mLchv0n6jAmljGr5XDqQLvpAe HTTP/1.1" 200 2
216.244.66.195 - - [08/Sep/2023:06:54:54 -0500] "GET /BLA/resoluciones/AUTOS%202016/0243.pdf HTTP/1.1" 200 477155
216.244.66.195 - - [08/Sep/2023:06:55:20 -0500] "GET /BLA/resoluciones/AUTOS%202016/0404.pdf HTTP/1.1" 200 584888
201.245.192.253 - - [08/Sep/2023:06:55:25 -0500] "POST /forms/lservlet;jsessionid=ac16012b30d6f0abcd22e02d4973af6b841376726b5f.e3iSbxaKaheRe34Rch0Ra3mLchv0n6jAmljGr5XDqQLvpAe HTTP/1.1" 200 2
216.245.221.92 - - [08/Sep/2023:06:55:28 -0500] "HEAD / HTTP/1.1" 200 -
216.244.66.195 - - [08/Sep/2023:06:55:45 -0500] "GET /BLA/resoluciones/AUTOS%202016/0874.pdf HTTP/1.1" 200 598621
201.245.192.253 - - [08/Sep/2023:06:56:51 -0500] "POST /forms/lservlet;jsessionid=ac16012b30d6b1684f53d2254ee1b857b141e1aca771.e3iSbxaKaheRe34Rch0Ra3mLchv0n6jAmljGr5XDqQLvpAe HTTP/1.1" 200 2
201.245.192.253 - - [08/Sep/2023:06:57:25 -0500] "POST /forms/lservlet;jsessionid=ac16012b30d6f0abcd22e02d4973af6b841376726b5f.e3iSbxaKaheRe34Rch0Ra3mLchv0n6jAmljGr5XDqQLvpAe HTTP/1.1" 200 2
172.22.2.4 - - [08/Sep/2023:06:56:17 -0500] "GET /BLA/boletinlegal/ HTTP/1.1" 200 53195
201.245.192.253 - - [08/Sep/2023:06:58:00 -0500] "POST /kwsrmcab/Wsrmcab  HTTP/1.1" 200 42865
172.22.2.4 - - [08/Sep/2023:06:56:40 -0500] "HEAD /BLA/boletinlegal/ HTTP/1.1" 200 -
201.245.192.253 - - [08/Sep/2023:06:58:51 -0500] "POST /forms/lservlet;jsessionid=ac16012b30d6b1684f53d2254ee1b857b141e1aca771.e3iSbxaKaheRe34Rch0Ra3mLchv0n6jAmljGr5XDqQLvpAe HTTP/1.1" 200 2
172.22.2.4 - - [08/Sep/2023:06:57:30 -0500] "GET /BLA/boletinlegal/ HTTP/1.1" 200 56607
66.249.66.192 - - [08/Sep/2023:06:59:15 -0500] "GET /robots.txt HTTP/1.1" 404 1034
66.249.66.193 - - [08/Sep/2023:06:59:15 -0500] "GET /vehiculos-de-cero-o-bajas-emisiones-para-enfrentar-el-cambio-climatico.html HTTP/1.1" 200 743
201.245.192.253 - - [08/Sep/2023:06:59:25 -0500] "POST /forms/lservlet;jsessionid=ac16012b30d6f0abcd22e02d4973af6b841376726b5f.e3iSbxaKaheRe34Rch0Ra3mLchv0n6jAmljGr5XDqQLvpAe HTTP/1.1" 200 2
216.244.66.195 - - [08/Sep/2023:06:59:59 -0500] "GET /robots.txt HTTP/1.1" 404 1018
216.245.221.92 - - [08/Sep/2023:07:00:28 -0500] "HEAD / HTTP/1.1" 200 -
66.249.70.5 - - [08/Sep/2023:07:00:40 -0500] "GET /Publicaciones/2023EE169448.pdf HTTP/1.1" 404 228
201.245.192.253 - - [08/Sep/2023:07:00:51 -0500] "POST /forms/lservlet;jsessionid=ac16012b30d6b1684f53d2254ee1b857b141e1aca771.e3iSbxaKaheRe34Rch0Ra3mLchv0n6jAmljGr5XDqQLvpAe HTTP/1.1" 200 2
186.80.52.212 - - [08/Sep/2023:07:01:00 -0500] "GET /sipse/faces/index.xhtml HTTP/1.1" 200 677
186.80.52.212 - - [08/Sep/2023:07:01:00 -0500] "GET /sipse/faces/javax.faces.resource/theme.css?ln=primefaces-sipse HTTP/1.1" 304 -
186.80.52.212 - - [08/Sep/2023:07:01:00 -0500] "GET /sipse/faces/faces/autenticacion.xhtml HTTP/1.1" 200 12175
186.80.52.212 - - [08/Sep/2023:07:01:00 -0500] "GET /sipse/js/disable_browser_buttons.js HTTP/1.1" 304 -
186.80.52.212 - - [08/Sep/2023:07:01:00 -0500] "GET /sipse/css/custom_css_sg.css HTTP/1.1" 304 -
186.80.52.212 - - [08/Sep/2023:07:01:00 -0500] "GET /sipse/faces/javax.faces.resource/theme.css?ln=primefaces-sipse HTTP/1.1" 304 -
186.80.52.212 - - [08/Sep/2023:07:01:00 -0500] "GET /sipse/js/funciones.js HTTP/1.1" 304 -
186.80.52.212 - - [08/Sep/2023:07:01:00 -0500] "GET /sipse/faces/javax.faces.resource/jquery/jquery.js?ln=primefaces&v=4.0 HTTP/1.1" 304 -
186.80.52.212 - - [08/Sep/2023:07:01:00 -0500] "GET /sipse/css/custom_css_sg_prime_login.css HTTP/1.1" 304 -
186.80.52.212 - - [08/Sep/2023:07:01:00 -0500] "GET /sipse/faces/javax.faces.resource/primefaces.css?ln=primefaces&v=4.0 HTTP/1.1" 304 -
186.80.52.212 - - [08/Sep/2023:07:01:00 -0500] "GET /sipse/faces/javax.faces.resource/layout/layout.css?ln=primefaces&v=4.0 HTTP/1.1" 304 -
186.80.52.212 - - [08/Sep/2023:07:01:00 -0500] "GET /sipse/faces/javax.faces.resource/layout/layout.js?ln=primefaces&v=4.0 HTTP/1.1" 304 -
186.80.52.212 - - [08/Sep/2023:07:01:00 -0500] "GET /sipse/faces/javax.faces.resource/jquery/jquery-plugins.js?ln=primefaces&v=4.0 HTTP/1.1" 304 -
186.80.52.212 - - [08/Sep/2023:07:01:00 -0500] "GET /sipse/faces/javax.faces.resource/primefaces.js?ln=primefaces&v=4.0 HTTP/1.1" 304 -
186.80.52.212 - - [08/Sep/2023:07:01:00 -0500] "GET /sipse/css/imagen/logoSDG.png HTTP/1.1" 304 -
186.80.52.212 - - [08/Sep/2023:07:01:00 -0500] "GET /sipse/css/imagen/loginimg.png HTTP/1.1" 304 -
186.80.52.212 - - [08/Sep/2023:07:01:00 -0500] "GET /sipse/faces/javax.faces.resource/images/ui-icons_898989_256x240.png?ln=primefaces-aristo HTTP/1.1" 304 -
186.80.52.212 - - [08/Sep/2023:07:01:06 -0500] "POST /sipse/faces/autenticacion.xhtml HTTP/1.1" 200 2213
186.80.52.212 - - [08/Sep/2023:07:01:06 -0500] "GET /sipse/faces/javax.faces.resource/messages/messages.png?ln=primefaces&v=4.0 HTTP/1.1" 304 -
186.80.52.212 - - [08/Sep/2023:07:01:11 -0500] "POST /sipse/faces/autenticacion.xhtml HTTP/1.1" 200 16333
186.80.52.212 - - [08/Sep/2023:07:01:11 -0500] "GET /sipse/faces/javax.faces.resource/theme.css?ln=primefaces-sipse HTTP/1.1" 304 -
186.80.52.212 - - [08/Sep/2023:07:01:11 -0500] "GET /sipse/faces/javax.faces.resource/primefaces.css?ln=primefaces&v=4.0 HTTP/1.1" 304 -
186.80.52.212 - - [08/Sep/2023:07:01:11 -0500] "GET /sipse/css/custom_css_sg_prime.css HTTP/1.1" 304 -
186.80.52.212 - - [08/Sep/2023:07:01:11 -0500] "GET /sipse/js/jquery.min.js HTTP/1.1" 304 -
186.80.52.212 - - [08/Sep/2023:07:01:11 -0500] "GET /sipse/faces/javax.faces.resource/layout/layout.css?ln=primefaces&v=4.0 HTTP/1.1" 304 -
186.80.52.212 - - [08/Sep/2023:07:01:11 -0500] "GET /sipse/faces/javax.faces.resource/jquery/jquery.js?ln=primefaces&v=4.0 HTTP/1.1" 304 -
186.80.52.212 - - [08/Sep/2023:07:01:11 -0500] "GET /sipse/faces/javax.faces.resource/jquery/jquery-plugins.js?ln=primefaces&v=4.0 HTTP/1.1" 304 -
186.80.52.212 - - [08/Sep/2023:07:01:11 -0500] "GET /sipse/faces/javax.faces.resource/primefaces.js?ln=primefaces&v=4.0 HTTP/1.1" 304 -
186.80.52.212 - - [08/Sep/2023:07:01:11 -0500] "GET /sipse/faces/javax.faces.resource/layout/layout.js?ln=primefaces&v=4.0 HTTP/1.1" 304 -
186.80.52.212 - - [08/Sep/2023:07:01:11 -0500] "GET /sipse/imagenes/cargando.gif HTTP/1.1" 304 -
186.80.52.212 - - [08/Sep/2023:07:01:11 -0500] "GET /sipse/css/v_mergente.css HTTP/1.1" 304 -
186.80.52.212 - - [08/Sep/2023:07:01:11 -0500] "GET /sipse/imagenes/logoAplicacion.jpg HTTP/1.1" 304 -
186.80.52.212 - - [08/Sep/2023:07:01:11 -0500] "GET /sipse/css/imagen/contrasena.png HTTP/1.1" 304 -
186.80.52.212 - - [08/Sep/2023:07:01:15 -0500] "GET /sipse/faces/javax.faces.resource/images/ui-bg_flat_0_2d5972_40x100.png?ln=primefaces-aristo HTTP/1.1" 304 -
186.80.52.212 - - [08/Sep/2023:07:01:15 -0500] "POST /sipse/faces/bienvenido.xhtml HTTP/1.1" 200 2658
186.80.52.212 - - [08/Sep/2023:07:01:16 -0500] "POST /sipse/faces/bienvenido.xhtml HTTP/1.1" 200 63875
186.80.52.212 - - [08/Sep/2023:07:01:17 -0500] "GET /sipse/faces/javax.faces.resource/theme.css?ln=primefaces-sipse HTTP/1.1" 304 -
186.80.52.212 - - [08/Sep/2023:07:01:17 -0500] "GET /sipse/faces/javax.faces.resource/layout/layout.css?ln=primefaces&v=4.0 HTTP/1.1" 304 -
186.80.52.212 - - [08/Sep/2023:07:01:17 -0500] "GET /sipse/faces/javax.faces.resource/primefaces.css?ln=primefaces&v=4.0 HTTP/1.1" 304 -
186.80.52.212 - - [08/Sep/2023:07:01:17 -0500] "GET /sipse/faces/javax.faces.resource/jquery/jquery.js?ln=primefaces&v=4.0 HTTP/1.1" 304 -
186.80.52.212 - - [08/Sep/2023:07:01:17 -0500] "GET /sipse/faces/javax.faces.resource/jquery/jquery-plugins.js?ln=primefaces&v=4.0 HTTP/1.1" 304 -
186.80.52.212 - - [08/Sep/2023:07:01:17 -0500] "GET /sipse/faces/javax.faces.resource/primefaces.js?ln=primefaces&v=4.0 HTTP/1.1" 304 -
186.80.52.212 - - [08/Sep/2023:07:01:17 -0500] "GET /sipse/faces/javax.faces.resource/layout/layout.js?ln=primefaces&v=4.0 HTTP/1.1" 304 -
186.80.52.212 - - [08/Sep/2023:07:01:17 -0500] "POST /sipse/faces/presentacion/financiero/solicitudProceso/listarSolicitudProceso.xhtml HTTP/1.1" 200 1560
201.245.192.253 - - [08/Sep/2023:07:01:25 -0500] "POST /forms/lservlet;jsessionid=ac16012b30d6f0abcd22e02d4973af6b841376726b5f.e3iSbxaKaheRe34Rch0Ra3mLchv0n6jAmljGr5XDqQLvpAe HTTP/1.1" 200 2
186.80.52.212 - - [08/Sep/2023:07:01:28 -0500] "POST /sipse/faces/presentacion/financiero/solicitudProceso/listarSolicitudProceso.xhtml HTTP/1.1" 200 26031
52.167.144.138 - - [08/Sep/2023:07:01:29 -0500] "GET /BLA/resoluciones/RESOLUCIONES%202020/2713.pdf HTTP/1.1" 200 514991
186.80.52.212 - - [08/Sep/2023:07:01:37 -0500] "POST /sipse/faces/presentacion/financiero/solicitudProceso/listarSolicitudProceso.xhtml HTTP/1.1" 200 127843
186.80.52.212 - - [08/Sep/2023:07:01:38 -0500] "GET /sipse/faces/javax.faces.resource/primefaces.css?ln=primefaces&v=4.0 HTTP/1.1" 304 -
186.80.52.212 - - [08/Sep/2023:07:01:38 -0500] "GET /sipse/faces/javax.faces.resource/theme.css?ln=primefaces-sipse HTTP/1.1" 304 -
186.80.52.212 - - [08/Sep/2023:07:01:38 -0500] "GET /sipse/faces/javax.faces.resource/layout/layout.css?ln=primefaces&v=4.0 HTTP/1.1" 304 -
186.80.52.212 - - [08/Sep/2023:07:01:38 -0500] "GET /sipse/faces/javax.faces.resource/jquery/jquery.js?ln=primefaces&v=4.0 HTTP/1.1" 304 -
186.80.52.212 - - [08/Sep/2023:07:01:38 -0500] "GET /sipse/faces/javax.faces.resource/jquery/jquery-plugins.js?ln=primefaces&v=4.0 HTTP/1.1" 304 -
186.80.52.212 - - [08/Sep/2023:07:01:38 -0500] "GET /sipse/faces/javax.faces.resource/primefaces.js?ln=primefaces&v=4.0 HTTP/1.1" 304 -
186.80.52.212 - - [08/Sep/2023:07:01:38 -0500] "GET /sipse/faces/javax.faces.resource/layout/layout.js?ln=primefaces&v=4.0 HTTP/1.1" 304 -
186.80.52.212 - - [08/Sep/2023:07:02:08 -0500] "POST /sipse/faces/presentacion/financiero/solicitudProceso/consultarSolicitudProceso.xhtml HTTP/1.1" 200 67882
186.80.52.212 - - [08/Sep/2023:07:02:09 -0500] "GET /sipse/faces/javax.faces.resource/primefaces.js?ln=primefaces&v=4.0 HTTP/1.1" 304 -
186.80.52.212 - - [08/Sep/2023:07:02:09 -0500] "GET /sipse/faces/javax.faces.resource/theme.css?ln=primefaces-sipse HTTP/1.1" 304 -
186.80.52.212 - - [08/Sep/2023:07:02:09 -0500] "GET /sipse/faces/javax.faces.resource/jquery/jquery-plugins.js?ln=primefaces&v=4.0 HTTP/1.1" 304 -
186.80.52.212 - - [08/Sep/2023:07:02:09 -0500] "GET /sipse/faces/javax.faces.resource/jquery/jquery.js?ln=primefaces&v=4.0 HTTP/1.1" 304 -
186.80.52.212 - - [08/Sep/2023:07:02:21 -0500] "GET /sipse/faces/javax.faces.resource/images/ui-icons_898989_256x240.png?ln=primefaces-aristo HTTP/1.1" 304 -
186.80.52.212 - - [08/Sep/2023:07:02:21 -0500] "GET /sipse/faces/javax.faces.resource/layout/layout.js?ln=primefaces&v=4.0 HTTP/1.1" 304 -
186.80.52.212 - - [08/Sep/2023:07:02:21 -0500] "GET /sipse/faces/javax.faces.resource/images/ui-bg_flat_0_2d5972_40x100.png?ln=primefaces-aristo HTTP/1.1" 304 -
186.80.52.212 - - [08/Sep/2023:07:02:21 -0500] "POST /sipse/faces/presentacion/financiero/solicitudProceso/listarSolicitudProceso.xhtml HTTP/1.1" 200 1560
186.80.52.212 - - [08/Sep/2023:07:02:22 -0500] "POST /sipse/faces/presentacion/financiero/solicitudProceso/listarSolicitudProceso.xhtml HTTP/1.1" 200 1568
201.245.192.253 - - [08/Sep/2023:07:02:51 -0500] "POST /forms/lservlet;jsessionid=ac16012b30d6b1684f53d2254ee1b857b141e1aca771.e3iSbxaKaheRe34Rch0Ra3mLchv0n6jAmljGr5XDqQLvpAe HTTP/1.1" 200 2
201.245.192.253 - - [08/Sep/2023:07:02:59 -0500] "POST /kwsrmcab/Wsrmcab  HTTP/1.1" 200 42865
201.245.192.253 - - [08/Sep/2023:07:03:25 -0500] "POST /forms/lservlet;jsessionid=ac16012b30d6f0abcd22e02d4973af6b841376726b5f.e3iSbxaKaheRe34Rch0Ra3mLchv0n6jAmljGr5XDqQLvpAe HTTP/1.1" 200 2
172.22.2.4 - - [08/Sep/2023:07:02:30 -0500] "HEAD /BLA/boletinlegal/ HTTP/1.1" 200 -
201.245.192.253 - - [08/Sep/2023:07:04:51 -0500] "POST /forms/lservlet;jsessionid=ac16012b30d6b1684f53d2254ee1b857b141e1aca771.e3iSbxaKaheRe34Rch0Ra3mLchv0n6jAmljGr5XDqQLvpAe HTTP/1.1" 200 2
172.22.2.4 - - [08/Sep/2023:07:03:20 -0500] "GET /BLA/boletinlegal/ HTTP/1.1" 200 60342
201.245.192.253 - - [08/Sep/2023:07:05:25 -0500] "POST /forms/lservlet;jsessionid=ac16012b30d6f0abcd22e02d4973af6b841376726b5f.e3iSbxaKaheRe34Rch0Ra3mLchv0n6jAmljGr5XDqQLvpAe HTTP/1.1" 200 2
216.245.221.92 - - [08/Sep/2023:07:05:28 -0500] "HEAD / HTTP/1.1" 200 -
168.119.253.48 - - [08/Sep/2023:07:06:08 -0500] "GET / HTTP/1.1" 200 4720
168.119.253.48 - - [08/Sep/2023:07:06:09 -0500] "GET / HTTP/1.1" 200 319
201.245.192.253 - - [08/Sep/2023:07:06:51 -0500] "POST /forms/lservlet;jsessionid=ac16012b30d6b1684f53d2254ee1b857b141e1aca771.e3iSbxaKaheRe34Rch0Ra3mLchv0n6jAmljGr5XDqQLvpAe HTTP/1.1" 200 2
201.245.192.253 - - [08/Sep/2023:07:07:25 -0500] "POST /forms/lservlet;jsessionid=ac16012b30d6f0abcd22e02d4973af6b841376726b5f.e3iSbxaKaheRe34Rch0Ra3mLchv0n6jAmljGr5XDqQLvpAe HTTP/1.1" 200 2
201.245.192.253 - - [08/Sep/2023:07:07:58 -0500] "POST /kwsrmcab/Wsrmcab  HTTP/1.1" 200 42865
201.245.192.253 - - [08/Sep/2023:07:08:51 -0500] "POST /forms/lservlet;jsessionid=ac16012b30d6b1684f53d2254ee1b857b141e1aca771.e3iSbxaKaheRe34Rch0Ra3mLchv0n6jAmljGr5XDqQLvpAe HTTP/1.1" 200 2
216.244.66.195 - - [08/Sep/2023:07:09:16 -0500] "GET /BLA/resoluciones/index.php?dir= HTTP/1.1" 200 13696
201.245.192.253 - - [08/Sep/2023:07:09:25 -0500] "POST /forms/lservlet;jsessionid=ac16012b30d6f0abcd22e02d4973af6b841376726b5f.e3iSbxaKaheRe34Rch0Ra3mLchv0n6jAmljGr5XDqQLvpAe HTTP/1.1" 200 2
216.244.66.195 - - [08/Sep/2023:07:09:27 -0500] "GET /BLA/resoluciones/index.php?dir=AUTOS+2005%2F HTTP/1.1" 200 2791
172.22.2.4 - - [08/Sep/2023:07:08:20 -0500] "HEAD /BLA/boletinlegal/ HTTP/1.1" 200 -
157.55.39.212 - - [08/Sep/2023:07:10:16 -0500] "GET / HTTP/1.1" 200 319
216.245.221.92 - - [08/Sep/2023:07:10:28 -0500] "HEAD / HTTP/1.1" 200 -
172.22.2.4 - - [08/Sep/2023:07:09:10 -0500] "GET /BLA/boletinlegal/ HTTP/1.1" 200 54960
201.245.192.253 - - [08/Sep/2023:07:10:51 -0500] "POST /forms/lservlet;jsessionid=ac16012b30d6b1684f53d2254ee1b857b141e1aca771.e3iSbxaKaheRe34Rch0Ra3mLchv0n6jAmljGr5XDqQLvpAe HTTP/1.1" 200 2
201.245.192.253 - - [08/Sep/2023:07:11:25 -0500] "POST /forms/lservlet;jsessionid=ac16012b30d6f0abcd22e02d4973af6b841376726b5f.e3iSbxaKaheRe34Rch0Ra3mLchv0n6jAmljGr5XDqQLvpAe HTTP/1.1" 200 2
201.245.192.253 - - [08/Sep/2023:07:12:51 -0500] "POST /forms/lservlet;jsessionid=ac16012b30d6b1684f53d2254ee1b857b141e1aca771.e3iSbxaKaheRe34Rch0Ra3mLchv0n6jAmljGr5XDqQLvpAe HTTP/1.1" 200 2
201.245.192.253 - - [08/Sep/2023:07:12:57 -0500] "POST /kwsrmcab/Wsrmcab  HTTP/1.1" 200 42865
216.244.66.195 - - [08/Sep/2023:07:13:20 -0500] "GET /BLA/resoluciones/index.php?dir=RESOLUCIONES%201997/&sort=date&order=asc HTTP/1.1" 200 17831
201.245.192.253 - - [08/Sep/2023:07:13:25 -0500] "POST /forms/lservlet;jsessionid=ac16012b30d6f0abcd22e02d4973af6b841376726b5f.e3iSbxaKaheRe34Rch0Ra3mLchv0n6jAmljGr5XDqQLvpAe HTTP/1.1" 200 2
201.245.192.253 - - [08/Sep/2023:07:14:51 -0500] "POST /forms/lservlet;jsessionid=ac16012b30d6b1684f53d2254ee1b857b141e1aca771.e3iSbxaKaheRe34Rch0Ra3mLchv0n6jAmljGr5XDqQLvpAe HTTP/1.1" 200 2
201.245.192.253 - - [08/Sep/2023:07:15:25 -0500] "POST /forms/lservlet;jsessionid=ac16012b30d6f0abcd22e02d4973af6b841376726b5f.e3iSbxaKaheRe34Rch0Ra3mLchv0n6jAmljGr5XDqQLvpAe HTTP/1.1" 200 2
216.245.221.92 - - [08/Sep/2023:07:15:28 -0500] "HEAD / HTTP/1.1" 200 -
172.22.2.4 - - [08/Sep/2023:07:14:10 -0500] "HEAD /BLA/boletinlegal/ HTTP/1.1" 200 -
172.22.2.4 - - [08/Sep/2023:07:15:00 -0500] "GET /BLA/boletinlegal/ HTTP/1.1" 200 58187
201.245.192.253 - - [08/Sep/2023:07:16:51 -0500] "POST /forms/lservlet;jsessionid=ac16012b30d6b1684f53d2254ee1b857b141e1aca771.e3iSbxaKaheRe34Rch0Ra3mLchv0n6jAmljGr5XDqQLvpAe HTTP/1.1" 200 2
201.245.192.253 - - [08/Sep/2023:07:17:25 -0500] "POST /forms/lservlet;jsessionid=ac16012b30d6f0abcd22e02d4973af6b841376726b5f.e3iSbxaKaheRe34Rch0Ra3mLchv0n6jAmljGr5XDqQLvpAe HTTP/1.1" 200 2
201.245.192.253 - - [08/Sep/2023:07:17:56 -0500] "POST /kwsrmcab/Wsrmcab  HTTP/1.1" 200 42865
161.18.154.158 - - [08/Sep/2023:07:18:37 -0500] "POST /sipse/faces/presentacion/financiero/solicitudProceso/listarSolicitudProceso.xhtml HTTP/1.1" 302 -
