201.245.192.253 - - [08/Sep/2023:08:20:05 -0500] "POST /forms/lservlet;jsessionid=ac16012b30d6fe616ddb68764dacb333ec8eb017034b.e3iSbxaKaheRe34Rch0Ra3mLchv0n6jAmljGr5XDqQLvpAe HTTP/1.1" 200 2
201.245.192.253 - - [08/Sep/2023:08:20:06 -0500] "POST /forms/lservlet;jsessionid=ac16012b30d6fe616ddb68764dacb333ec8eb017034b.e3iSbxaKaheRe34Rch0Ra3mLchv0n6jAmljGr5XDqQLvpAe HTTP/1.1" 200 278
201.245.192.253 - - [08/Sep/2023:08:20:06 -0500] "POST /forms/lservlet;jsessionid=ac16012b30d6fe616ddb68764dacb333ec8eb017034b.e3iSbxaKaheRe34Rch0Ra3mLchv0n6jAmljGr5XDqQLvpAe HTTP/1.1" 200 11
201.245.192.253 - - [08/Sep/2023:08:20:07 -0500] "POST /forms/lservlet;jsessionid=ac16012b30d6fe616ddb68764dacb333ec8eb017034b.e3iSbxaKaheRe34Rch0Ra3mLchv0n6jAmljGr5XDqQLvpAe HTTP/1.1" 200 2
201.245.192.253 - - [08/Sep/2023:08:20:07 -0500] "POST /forms/lservlet;jsessionid=ac16012b30d6fe616ddb68764dacb333ec8eb017034b.e3iSbxaKaheRe34Rch0Ra3mLchv0n6jAmljGr5XDqQLvpAe HTTP/1.1" 200 14
201.245.192.253 - - [08/Sep/2023:08:20:08 -0500] "POST /forms/lservlet;jsessionid=ac16012b30d6fe616ddb68764dacb333ec8eb017034b.e3iSbxaKaheRe34Rch0Ra3mLchv0n6jAmljGr5XDqQLvpAe HTTP/1.1" 200 261
201.245.192.253 - - [08/Sep/2023:08:20:08 -0500] "POST /forms/lservlet;jsessionid=ac16012b30d6fe616ddb68764dacb333ec8eb017034b.e3iSbxaKaheRe34Rch0Ra3mLchv0n6jAmljGr5XDqQLvpAe HTTP/1.1" 200 7
201.245.192.253 - - [08/Sep/2023:08:20:10 -0500] "GET /reports/rwservlet/getjobid=89108?server=repnomi HTTP/1.1" 200 31308
216.245.221.92 - - [08/Sep/2023:08:20:28 -0500] "HEAD / HTTP/1.1" 200 -
216.244.66.195 - - [08/Sep/2023:08:20:49 -0500] "GET /BLA/resoluciones/RESOLUCIONES%202019/0968.pdf HTTP/1.1" 200 338068
172.22.2.4 - - [08/Sep/2023:08:19:10 -0500] "GET /BLA/boletinlegal/ HTTP/1.1" 200 60692
201.245.192.253 - - [08/Sep/2023:08:20:52 -0500] "POST /forms/lservlet;jsessionid=ac16012b30d6b1684f53d2254ee1b857b141e1aca771.e3iSbxaKaheRe34Rch0Ra3mLchv0n6jAmljGr5XDqQLvpAe HTTP/1.1" 200 2
201.245.192.253 - - [08/Sep/2023:08:21:00 -0500] "POST /forms/lservlet;jsessionid=ac16012b30d6fe616ddb68764dacb333ec8eb017034b.e3iSbxaKaheRe34Rch0Ra3mLchv0n6jAmljGr5XDqQLvpAe HTTP/1.1" 200 2
66.249.70.5 - - [08/Sep/2023:08:21:09 -0500] "GET /isolucionsda/FramesetArticulo.asp?Pagina=bancoconocimiento%2FR%2FResolucion715de31demarzode2017%2FResolucion715de31demarzode2017%2Easp&IdArticulo=10934&Codigo=&Fecha=&Version=&Procedimiento=&cliente= HTTP/1.1" 200 8114
66.249.70.5 - - [08/Sep/2023:08:21:10 -0500] "GET /isolucionsda/Scripts/customRequired/toasterConfiguration.js HTTP/1.1" 200 1446
66.249.70.5 - - [08/Sep/2023:08:21:11 -0500] "GET /isolucionsda/Arriba.asp?Pagina=bancoconocimiento%2FR%2FResolucion715de31demarzode2017%2FResolucion715de31demarzode2017%2Easp&IdArticulo=10934&Codigo=&Fecha=&Version=&Procedimiento=&cliente= HTTP/1.1" 500 9068
216.244.66.195 - - [08/Sep/2023:08:21:11 -0500] "GET /BLA/resoluciones/RESOLUCIONES%202019/3037.pdf HTTP/1.1" 200 5412932
66.249.70.6 - - [08/Sep/2023:08:21:11 -0500] "GET /isolucionsda/bancoconocimiento/R/Resolucion715de31demarzode2017/Resolucion715de31demarzode2017.asp?IdArticulo=10934 HTTP/1.1" 404 5025
216.244.66.195 - - [08/Sep/2023:08:22:01 -0500] "GET /BLA/resoluciones/RESOLUCIONES%202019/3040.pdf HTTP/1.1" 200 2974644
186.31.177.62 - - [08/Sep/2023:08:22:33 -0500] "POST /sipse/faces/presentacion/financiero/solicitudProceso/listarSolicitudProceso.xhtml HTTP/1.1" 200 2129
216.244.66.195 - - [08/Sep/2023:08:22:34 -0500] "GET /BLA/resoluciones/RESOLUCIONES%202019/3180.pdf HTTP/1.1" 200 482666
186.31.177.62 - - [08/Sep/2023:08:22:35 -0500] "POST /sipse/faces/presentacion/financiero/solicitudProceso/listarSolicitudProceso.xhtml HTTP/1.1" 200 38327
186.31.177.62 - - [08/Sep/2023:08:22:35 -0500] "GET /sipse/faces/javax.faces.resource/theme.css?ln=primefaces-sipse HTTP/1.1" 304 -
186.31.177.62 - - [08/Sep/2023:08:22:35 -0500] "GET /sipse/faces/javax.faces.resource/primefaces.css?ln=primefaces&v=4.0 HTTP/1.1" 304 -
186.31.177.62 - - [08/Sep/2023:08:22:35 -0500] "GET /sipse/faces/javax.faces.resource/layout/layout.css?ln=primefaces&v=4.0 HTTP/1.1" 304 -
186.31.177.62 - - [08/Sep/2023:08:22:35 -0500] "GET /sipse/faces/javax.faces.resource/jquery/jquery.js?ln=primefaces&v=4.0 HTTP/1.1" 304 -
186.31.177.62 - - [08/Sep/2023:08:22:35 -0500] "GET /sipse/faces/javax.faces.resource/jquery/jquery-plugins.js?ln=primefaces&v=4.0 HTTP/1.1" 304 -
186.31.177.62 - - [08/Sep/2023:08:22:35 -0500] "GET /sipse/faces/javax.faces.resource/primefaces.js?ln=primefaces&v=4.0 HTTP/1.1" 304 -
186.31.177.62 - - [08/Sep/2023:08:22:35 -0500] "GET /sipse/faces/javax.faces.resource/layout/layout.js?ln=primefaces&v=4.0 HTTP/1.1" 304 -
186.31.177.62 - - [08/Sep/2023:08:22:35 -0500] "POST /sipse/faces/presentacion/financiero/solicitudProceso/consultar.xhtml HTTP/1.1" 200 31741
186.31.177.62 - - [08/Sep/2023:08:22:39 -0500] "POST /sipse/faces/presentacion/financiero/solicitudProceso/consultar.xhtml HTTP/1.1" 200 12708
201.245.192.253 - - [08/Sep/2023:08:22:43 -0500] "POST /kwsrmcab/Wsrmcab  HTTP/1.1" 200 42865
186.31.177.62 - - [08/Sep/2023:08:22:47 -0500] "POST /sipse/faces/presentacion/financiero/solicitudProceso/consultar.xhtml HTTP/1.1" 200 110063
186.31.177.62 - - [08/Sep/2023:08:22:47 -0500] "GET /sipse/faces/javax.faces.resource/theme.css?ln=primefaces-sipse HTTP/1.1" 304 -
186.31.177.62 - - [08/Sep/2023:08:22:47 -0500] "GET /sipse/faces/javax.faces.resource/layout/layout.css?ln=primefaces&v=4.0 HTTP/1.1" 304 -
186.31.177.62 - - [08/Sep/2023:08:22:47 -0500] "GET /sipse/faces/javax.faces.resource/primefaces.css?ln=primefaces&v=4.0 HTTP/1.1" 304 -
186.31.177.62 - - [08/Sep/2023:08:22:47 -0500] "GET /sipse/faces/javax.faces.resource/jquery/jquery.js?ln=primefaces&v=4.0 HTTP/1.1" 304 -
186.31.177.62 - - [08/Sep/2023:08:22:47 -0500] "GET /sipse/faces/javax.faces.resource/jquery/jquery-plugins.js?ln=primefaces&v=4.0 HTTP/1.1" 304 -
186.31.177.62 - - [08/Sep/2023:08:22:48 -0500] "GET /sipse/faces/javax.faces.resource/primefaces.js?ln=primefaces&v=4.0 HTTP/1.1" 304 -
186.31.177.62 - - [08/Sep/2023:08:22:48 -0500] "GET /sipse/faces/javax.faces.resource/layout/layout.js?ln=primefaces&v=4.0 HTTP/1.1" 304 -
201.245.192.253 - - [08/Sep/2023:08:22:52 -0500] "POST /forms/lservlet;jsessionid=ac16012b30d6b1684f53d2254ee1b857b141e1aca771.e3iSbxaKaheRe34Rch0Ra3mLchv0n6jAmljGr5XDqQLvpAe HTTP/1.1" 200 2
201.245.192.253 - - [08/Sep/2023:08:23:00 -0500] "POST /forms/lservlet;jsessionid=ac16012b30d6fe616ddb68764dacb333ec8eb017034b.e3iSbxaKaheRe34Rch0Ra3mLchv0n6jAmljGr5XDqQLvpAe HTTP/1.1" 200 2
216.244.66.195 - - [08/Sep/2023:08:23:07 -0500] "GET /BLA/resoluciones/RESOLUCIONES%202019/3186.pdf HTTP/1.1" 200 261134
216.244.66.195 - - [08/Sep/2023:08:23:41 -0500] "GET /BLA/resoluciones/RESOLUCIONES%202019/3267.pdf HTTP/1.1" 200 377007
186.31.177.62 - - [08/Sep/2023:08:24:17 -0500] "POST /sipse/faces/presentacion/financiero/solicitudProceso/consultarSolicitudProceso.xhtml HTTP/1.1" 200 639264
186.31.177.62 - - [08/Sep/2023:08:24:35 -0500] "POST /sipse/faces/presentacion/financiero/solicitudProceso/consultarSolicitudProceso.xhtml HTTP/1.1" 200 157744
186.31.177.62 - - [08/Sep/2023:08:24:42 -0500] "POST /sipse/faces/presentacion/financiero/solicitudProceso/consultarSolicitudProceso.xhtml HTTP/1.1" 200 1039563
201.245.192.253 - - [08/Sep/2023:08:24:44 -0500] "POST /forms/lservlet;jsessionid=ac16012b30d6b1684f53d2254ee1b857b141e1aca771.e3iSbxaKaheRe34Rch0Ra3mLchv0n6jAmljGr5XDqQLvpAe HTTP/1.1" 200 1547
201.245.192.253 - - [08/Sep/2023:08:24:44 -0500] "POST /forms/lservlet;jsessionid=ac16012b30d6b1684f53d2254ee1b857b141e1aca771.e3iSbxaKaheRe34Rch0Ra3mLchv0n6jAmljGr5XDqQLvpAe HTTP/1.1" 200 2
201.245.192.253 - - [08/Sep/2023:08:24:44 -0500] "POST /forms/lservlet;jsessionid=ac16012b30d6b1684f53d2254ee1b857b141e1aca771.e3iSbxaKaheRe34Rch0Ra3mLchv0n6jAmljGr5XDqQLvpAe HTTP/1.1" 200 -
186.31.177.62 - - [08/Sep/2023:08:24:47 -0500] "POST /sipse/faces/presentacion/financiero/solicitudProceso/consultarSolicitudProceso.xhtml HTTP/1.1" 200 148332
201.245.192.253 - - [08/Sep/2023:08:25:03 -0500] "POST /forms/lservlet;jsessionid=ac16012b30d6fe616ddb68764dacb333ec8eb017034b.e3iSbxaKaheRe34Rch0Ra3mLchv0n6jAmljGr5XDqQLvpAe HTTP/1.1" 200 2
216.244.66.195 - - [08/Sep/2023:08:25:21 -0500] "GET /BLA/resoluciones/RESOLUCIONES%202017/1760.pdf HTTP/1.1" 200 458309
216.245.221.92 - - [08/Sep/2023:08:25:28 -0500] "HEAD / HTTP/1.1" 200 -
173.252.107.1 - - [08/Sep/2023:08:25:47 -0500] "GET /en-el-dia-mundial-de-la-educacion-ambiental-bogota-condecora-a-docentes-lideres-artistas-organizaciones-y-empresas.html HTTP/1.1" 200 1075
216.244.66.195 - - [08/Sep/2023:08:25:49 -0500] "GET /BLA/resoluciones/RESOLUCIONES%202017/2729.pdf HTTP/1.1" 200 306945
172.22.2.4 - - [08/Sep/2023:08:24:10 -0500] "HEAD /BLA/boletinlegal/ HTTP/1.1" 200 -
216.244.66.195 - - [08/Sep/2023:08:26:15 -0500] "GET /BLA/resoluciones/RESOLUCIONES%202017/2905.pdf HTTP/1.1" 200 287409
172.22.2.4 - - [08/Sep/2023:08:25:00 -0500] "GET /BLA/boletinlegal/ HTTP/1.1" 200 58597
216.244.66.195 - - [08/Sep/2023:08:26:41 -0500] "GET /BLA/resoluciones/RESOLUCIONES%202017/3363.pdf HTTP/1.1" 200 363182
162.55.175.138 - - [08/Sep/2023:08:26:49 -0500] "GET / HTTP/1.1" 200 319
162.55.175.138 - - [08/Sep/2023:08:26:49 -0500] "GET / HTTP/1.1" 200 4720
201.245.192.253 - - [08/Sep/2023:08:27:03 -0500] "POST /forms/lservlet;jsessionid=ac16012b30d6fe616ddb68764dacb333ec8eb017034b.e3iSbxaKaheRe34Rch0Ra3mLchv0n6jAmljGr5XDqQLvpAe HTTP/1.1" 200 2
216.244.66.195 - - [08/Sep/2023:08:27:25 -0500] "GET /BLA/resoluciones/index.php?dir=RESOLUCIONES%201996/&sort=name&order=asc HTTP/1.1" 200 9137
201.244.254.28 - - [08/Sep/2023:08:27:30 -0500] "GET /BLA/boletinlegal/admin/index.php HTTP/1.1" 200 2324
201.245.192.253 - - [08/Sep/2023:08:27:42 -0500] "POST /kwsrmcab/Wsrmcab  HTTP/1.1" 200 42865
186.102.20.95 - - [08/Sep/2023:08:27:56 -0500] "GET /kwssiamovil/sm/ldap/au?x=U2FsdGVkX1+dW/49B8WCwtbFs7thGX7whSSw6kqQvdT5tk1ySg3DwhFpWWhlAE0u&y=U2FsdGVkX1/JqYrDBYJplItcqZA5+J/itqbpW4zXKzWZCwtLf49YebMl+CnU3lFN HTTP/1.1" 200 30
186.102.20.95 - - [08/Sep/2023:08:27:57 -0500] "GET /kwssiamovil/sm/acme/s?s=U2FsdGVkX193R71e+B/UwZOKf9O3aJdEFXGP9t0aoWSMCuKjEzJE935OgeDARoz3AZxJVC4ubhH2wJa0b7Nn9losfCvMx9j6LsNFDQUVDXo=&u=U2FsdGVkX1/iYTVCC6vs5fDTqxDDyjFhdbx8Pyn+AGA=&y=U2FsdGVkX1/JqYrDBYJplItcqZA5+J/itqbpW4zXKzWZCwtLf49YebMl+CnU3lFN HTTP/1.1" 200 97
186.102.20.95 - - [08/Sep/2023:08:27:57 -0500] "GET /kwssiamovil/sm/acme/s?s=U2FsdGVkX18Ceu7TSRH+sa+uHeW7M1vhgDGSVVZtRv0nh8+UxQ4DBo91kKszdSOxOa47jifRx6NK6Q6EyIwSLyhJda9KVedNirbjl89CB/bWQOJYuom2pxYMcjTrk5aB7rlPPZwP/g2DNUnjXdOUbMFq/HZ70+BoybCJEDRj54Z//ssyORjuGr5PcvZLbK117L4WdWjqDg1XK0aEPVog0sDmDuFEeUkRXyFXbzZal+zDYqat7SPb7kisUXIpiaOBxdyPzXJYo2Jf1g2zosGgQ3od80gV0C3fjFjfI1XyDl1SPFxs4NYhA3cG7cWhJ+lJ4PRYaC7ncifcZ+JRj7pUzKFAOnsYenMAh3XZWmQsrKZcUXtVJCHf3ENFrAFsQTac14hV3QXimUT+jgB1nGOUd7wLDJfQUEnKqpSPw9BYUKSy3MleEVXO3Aep8NXZZwnHaa/+RmxTM3sGt3emb16lzdXHC6oKFPiJBXfkJqbaUoiArBnYJy3Bomwov+xMzeg4ZSxkSBELaJxcrK4fJXPukeAyGif2odqipFydXmIQdUFeE65v5kya7DcJ1XSTfKkNxxidEXLaeY+jXGhk7dyfna3UD3oVI8PfcBFhESoI4LSGPp0Ti8XX05e/Dk7Mk23hGBPYLXp6AsA6jMm4U7bIk4olsL0V73DofDj+AX/RSANJSnFojeE1FcW5dMHpwAyvgNDfpfQquaYuuIM7jUzM930ihs0/21goc3z8cxHHJ1BDEPdg7/COwOS/unTMzdFlIxAPOlfis2WOlkwlmyQW+fbTb64QLlLgKY6fYaJZeNv+iE8woH1Ne0+gtAFvwPHzhaUne/agVjk4HJf7XqYjk0GKyuXo7Y5mmWtaiOZyzCdvHQKe5/sbDwX8Hg/BCvxhz1OKUDTGSpnMoEus6YPQ1cMNd4OuImpaLEUBsGFiGZe7l7GGNSoU1e9LTTSnYjG9ExzEcAxLEalUZPZirAHXs4V2G/S2wvYrMBrYSk/69F+Fw2Wmxjb4wtuKnRg0V+ZbSW0qHBN3VhYcy6CGo7HB1E8ts/uzXn0bwGRrcn9ftogIe3nfbVr3zLjIkxDmtX4eMnFw19g5GcSaS7yV5nz23Lk3DxWfzLlShG0Ioz7iV8f2YDXWz5ePE8BzxuKe/A9aNbX/rGzLVywmyWp662dhn9uW1hdHJ2aovUTD3APcBlJl4GuyyN5tCSLw6+MwgSApeNrfrBloDX8A/BNSdE7YmvU2tIrJAioJRAIZEBiVFMWDc/Yk+Qk8ORbDuk9+SKuPnyKmEYmxGUuZmBVhEbrTcaRSGPsgmwN9qvlb1aJW2IaKRWnK13PGzq3xfRCLj1hww4SK9etj5FXQKlen/0wUlypSpc4EkvP97LTuC8pcTBDKkHqvOl9cJ/M4l3quoraUWLy692oR0sKogEDFdNfMgopB6mcmqmyDLgZDe34tJ6c7YpfcpuK7dQvBhI1qcJ4yMupDbgC0MshTeBw/UfRUG4Ty3LKkclciJmQPZnURI0qr8G0CjFImBMYrJwugPy8DBzDMgYmZPxNxfoHDveM/NqtSRYED5FhoVy4lMrNExvP9rrFKLGHjOhq8gdmbkowM/MBmwA/QRUhmJmjF5OcMy3aHeD/JQvffxOojIiMQ1KSCN2JqQ0sZKhBfsEMxalwgmuX6pBJ+renopedJp2nz2poheWjyr6eCi/7Tmf8QtV0pfrkwJQiV49PUheRCa4/B5W1bBvXVXm5uabf2XPZ/mf99gYnO1xc7ZyYpi3NbNqo=&u=U2FsdGVkX1/iYTVCC6vs5fDTqxDDyjFhdbx8Pyn+AGA=&y=U2FsdGVkX1/JqYrDBYJplItcqZA5+J/itqbpW4zXKzWZCwtLf49YebMl+CnU3lFN HTTP/1.1" 200 4426
186.102.20.95 - - [08/Sep/2023:08:27:57 -0500] "GET /kwssiamovil/sm/acme/s?s=U2FsdGVkX18/B/2LMwYJqz/d9zendiKIUjLK5/bWvyKeRoAV0OiwS7g25LE7u0T+DP7ups2NZlcdt+9CAp6Hos0AiOJDx7sOKHa7rgNczCT3CHKG8J8ACT1VhScIe1vOk69XQ0Da2adtzNFq5s7iPuVOAUqNeTCqPPFN+PDhsdufFlcaUaKsEOr4bZwMSpA2/1oeR55wLY1HSbgtRtxbYRqjEsoqBEFaQimYX2JcuHQSSgmhaNDOG6N7Ht4FKIiY2k2EfCNX8+6124Hia18bOWaHKZ/2ElhCqFtFCv/AapBXd3q6XCvnPwx9QemE5koj6r37P7qpGFnSyVQV3DgGp/t74IewLMBIJxpO48XXSqx4/KtOVc160zxvGEFlMEQ1v5SK3WHnbiujcZA+Slqk28/kI+Buc6LQemmWlMXJHVyY2kC2x8C/XyS4FqouNnfDkHbvvWbetUMyLvcBGEHAay3coJpv2lpuo2BH//O6Nr6Or1/97Uc7WBU253d3j1qUqfNbsPSAtaVP24tXMNLXUj4wvNfwtkCS/EiyQhe52UFHQ4RkW9vaPWtnJb/9Rw83t36ysoWhzg1vNjZzlADc7sA+CphvPTMstlJX/VwXmmb7RlxQR+IK9mFJ7hdVnHENEomEoNp3P5Wdiq5erO9eFi1ORZjJK7H0eHTl368uRQvVppX525RVlL8Le9wolf7OS3fvDPoLhT1FjEkTVg0Ol7Ey55lbZ5vsIm5BE3IqPsadH/cA/M985jXt+NoY2lMY&u=U2FsdGVkX1/iYTVCC6vs5fDTqxDDyjFhdbx8Pyn+AGA=&y=U2FsdGVkX1/JqYrDBYJplItcqZA5+J/itqbpW4zXKzWZCwtLf49YebMl+CnU3lFN HTTP/1.1" 200 208
186.102.20.95 - - [08/Sep/2023:08:27:57 -0500] "GET /kwssiamovil/sm/cjson/pre?f=1&x=U2FsdGVkX1+dW/49B8WCwtbFs7thGX7whSSw6kqQvdT5tk1ySg3DwhFpWWhlAE0u HTTP/1.1" 200 31032
172.22.2.4 - - [08/Sep/2023:08:28:10 -0500] "GET /BLA/boletinlegal/consulta_actos.php?tipo=autos&no=0248&usuario=&sector=PEV&fecha=2023&resuelve= HTTP/1.1" 200 626
172.22.2.4 - - [08/Sep/2023:08:28:33 -0500] "GET /BLA/boletinlegal/consulta_actos.php?tipo=autos&no=8251&usuario=&sector=PEV&fecha=2022&resuelve= HTTP/1.1" 200 626
172.22.2.4 - - [08/Sep/2023:08:28:35 -0500] "GET /BLA/boletinlegal/consulta_actos.php?tipo=autos&no=8251&usuario=&sector=PEV&fecha=2022&resuelve= HTTP/1.1" 200 626
216.244.66.195 - - [08/Sep/2023:08:28:39 -0500] "GET /BLA/resoluciones/RESOLUCIONES%201997/0299.pdf HTTP/1.1" 200 33851
172.22.2.4 - - [08/Sep/2023:08:28:49 -0500] "GET /BLA/boletinlegal/actos.php HTTP/1.1" 200 9682
201.245.192.253 - - [08/Sep/2023:08:28:50 -0500] "POST /kwsrmcab/Wsrmcab HTTP/1.1" 200 41789
201.245.192.253 - - [08/Sep/2023:08:28:53 -0500] "POST /kwsrmcab/Wsrmcab HTTP/1.1" 200 42757
216.244.66.195 - - [08/Sep/2023:08:29:01 -0500] "GET /BLA/resoluciones/RESOLUCIONES%201997/0399.pdf HTTP/1.1" 200 42897
201.245.192.253 - - [08/Sep/2023:08:29:03 -0500] "POST /forms/lservlet;jsessionid=ac16012b30d6fe616ddb68764dacb333ec8eb017034b.e3iSbxaKaheRe34Rch0Ra3mLchv0n6jAmljGr5XDqQLvpAe HTTP/1.1" 200 2
185.180.143.189 - - [08/Sep/2023:08:29:12 -0500] "GET /portaldeninos/ HTTP/1.1" 200 110175
172.22.2.4 - - [08/Sep/2023:08:29:15 -0500] "GET /BLA/boletinlegal/consulta_actos.php?tipo=autos&no=0248&usuario=&sector=PEV&fecha=2023&resuelve= HTTP/1.1" 200 626
172.22.2.4 - - [08/Sep/2023:08:29:38 -0500] "GET /BLA/boletinlegal/consulta_actos.php?tipo=autos&no=8251&usuario=&sector=PEV&fecha=2022&resuelve= HTTP/1.1" 200 626
172.22.2.4 - - [08/Sep/2023:08:29:39 -0500] "GET /BLA/boletinlegal/consulta_actos.php?tipo=autos&no=8251&usuario=&sector=PEV&fecha=2022&resuelve= HTTP/1.1" 200 626
172.22.2.4 - - [08/Sep/2023:08:29:43 -0500] "GET /BLA/boletinlegal/actos.php HTTP/1.1" 200 9682
172.22.2.4 - - [08/Sep/2023:08:30:01 -0500] "GET /BLA/boletinlegal/consulta_actos.php?tipo=autos&no=8251&usuario=&sector=PEV&fecha=2022&resuelve= HTTP/1.1" 200 626
216.245.221.92 - - [08/Sep/2023:08:30:28 -0500] "HEAD / HTTP/1.1" 200 -
190.70.197.103 - - [08/Sep/2023:08:30:55 -0500] "GET /sipse/faces/autenticacion.xhtml HTTP/1.1" 200 12497
190.70.197.103 - - [08/Sep/2023:08:31:00 -0500] "GET /sipse/js/disable_browser_buttons.js HTTP/1.1" 304 -
190.70.197.103 - - [08/Sep/2023:08:31:00 -0500] "GET /sipse/faces/javax.faces.resource/layout/layout.css;jsessionid=Jhh+ye-E3whFibPjBQLLSWxZ.undefined?ln=primefaces&v=4.0 HTTP/1.1" 200 542
190.70.197.103 - - [08/Sep/2023:08:31:00 -0500] "GET /sipse/css/custom_css_sg.css HTTP/1.1" 304 -
190.70.197.103 - - [08/Sep/2023:08:31:00 -0500] "GET /sipse/faces/javax.faces.resource/theme.css?ln=primefaces-sipse HTTP/1.1" 304 -
190.70.197.103 - - [08/Sep/2023:08:31:00 -0500] "GET /sipse/css/custom_css_sg_prime_login.css HTTP/1.1" 304 -
190.70.197.103 - - [08/Sep/2023:08:31:00 -0500] "GET /sipse/js/funciones.js HTTP/1.1" 304 -
190.70.197.103 - - [08/Sep/2023:08:31:00 -0500] "GET /sipse/faces/javax.faces.resource/layout/layout.js;jsessionid=Jhh+ye-E3whFibPjBQLLSWxZ.undefined?ln=primefaces&v=4.0 HTTP/1.1" 200 87560
190.70.197.103 - - [08/Sep/2023:08:31:00 -0500] "GET /sipse/faces/javax.faces.resource/primefaces.css;jsessionid=Jhh+ye-E3whFibPjBQLLSWxZ.undefined?ln=primefaces&v=4.0 HTTP/1.1" 200 53295
190.70.197.103 - - [08/Sep/2023:08:31:00 -0500] "GET /sipse/faces/javax.faces.resource/jquery/jquery.js;jsessionid=Jhh+ye-E3whFibPjBQLLSWxZ.undefined?ln=primefaces&v=4.0 HTTP/1.1" 200 105384
190.70.197.103 - - [08/Sep/2023:08:31:00 -0500] "GET /sipse/faces/javax.faces.resource/jquery/jquery-plugins.js;jsessionid=Jhh+ye-E3whFibPjBQLLSWxZ.undefined?ln=primefaces&v=4.0 HTTP/1.1" 200 220526
190.70.197.103 - - [08/Sep/2023:08:31:00 -0500] "GET /sipse/faces/javax.faces.resource/primefaces.js;jsessionid=Jhh+ye-E3whFibPjBQLLSWxZ.undefined?ln=primefaces&v=4.0 HTTP/1.1" 200 276924
190.70.197.103 - - [08/Sep/2023:08:31:01 -0500] "GET /sipse/css/imagen/logoSDG.png HTTP/1.1" 304 -
190.70.197.103 - - [08/Sep/2023:08:31:01 -0500] "GET /sipse/css/imagen/loginimg.png HTTP/1.1" 304 -
190.70.197.103 - - [08/Sep/2023:08:31:01 -0500] "GET /sipse/faces/javax.faces.resource/images/ui-icons_898989_256x240.png?ln=primefaces-aristo HTTP/1.1" 304 -
190.70.197.103 - - [08/Sep/2023:08:31:01 -0500] "GET /sipse/faces/index.xhtml HTTP/1.1" 200 677
190.70.197.103 - - [08/Sep/2023:08:31:01 -0500] "GET /sipse/faces/javax.faces.resource/theme.css?ln=primefaces-sipse HTTP/1.1" 304 -
190.70.197.103 - - [08/Sep/2023:08:31:01 -0500] "GET /sipse/faces/faces/autenticacion.xhtml HTTP/1.1" 200 12175
190.70.197.103 - - [08/Sep/2023:08:31:01 -0500] "GET /sipse/faces/javax.faces.resource/theme.css?ln=primefaces-sipse HTTP/1.1" 304 -
190.70.197.103 - - [08/Sep/2023:08:31:01 -0500] "GET /sipse/faces/javax.faces.resource/layout/layout.css?ln=primefaces&v=4.0 HTTP/1.1" 304 -
190.70.197.103 - - [08/Sep/2023:08:31:01 -0500] "GET /sipse/faces/javax.faces.resource/jquery/jquery.js?ln=primefaces&v=4.0 HTTP/1.1" 304 -
190.70.197.103 - - [08/Sep/2023:08:31:01 -0500] "GET /sipse/faces/javax.faces.resource/primefaces.css?ln=primefaces&v=4.0 HTTP/1.1" 304 -
190.70.197.103 - - [08/Sep/2023:08:31:01 -0500] "GET /sipse/faces/javax.faces.resource/primefaces.js?ln=primefaces&v=4.0 HTTP/1.1" 304 -
190.70.197.103 - - [08/Sep/2023:08:31:01 -0500] "GET /sipse/faces/javax.faces.resource/jquery/jquery-plugins.js?ln=primefaces&v=4.0 HTTP/1.1" 304 -
190.70.197.103 - - [08/Sep/2023:08:31:01 -0500] "GET /sipse/faces/javax.faces.resource/layout/layout.js?ln=primefaces&v=4.0 HTTP/1.1" 304 -
201.245.192.253 - - [08/Sep/2023:08:31:03 -0500] "POST /forms/lservlet;jsessionid=ac16012b30d6fe616ddb68764dacb333ec8eb017034b.e3iSbxaKaheRe34Rch0Ra3mLchv0n6jAmljGr5XDqQLvpAe HTTP/1.1" 200 2
201.244.254.28 - - [08/Sep/2023:08:31:05 -0500] "POST /BLA/boletinlegal/admin/usuarios/process.php HTTP/1.1" 302 -
201.244.254.28 - - [08/Sep/2023:08:31:05 -0500] "GET /BLA/boletinlegal/admin/index.php HTTP/1.1" 200 2466
190.70.197.103 - - [08/Sep/2023:08:31:06 -0500] "POST /sipse/faces/autenticacion.xhtml HTTP/1.1" 200 2216
190.70.197.103 - - [08/Sep/2023:08:31:06 -0500] "GET /sipse/faces/javax.faces.resource/messages/messages.png?ln=primefaces&v=4.0 HTTP/1.1" 304 -
190.70.197.103 - - [08/Sep/2023:08:31:07 -0500] "GET /sipse/faces/javax.faces.resource/images/ui-icons_898989_256x240.png?ln=primefaces-aristo HTTP/1.1" 304 -
190.70.197.103 - - [08/Sep/2023:08:31:08 -0500] "POST /sipse/faces/autenticacion.xhtml HTTP/1.1" 200 16357
190.70.197.103 - - [08/Sep/2023:08:31:08 -0500] "GET /sipse/css/custom_css_sg_prime.css HTTP/1.1" 304 -
190.70.197.103 - - [08/Sep/2023:08:31:08 -0500] "GET /sipse/faces/javax.faces.resource/primefaces.css?ln=primefaces&v=4.0 HTTP/1.1" 304 -
190.70.197.103 - - [08/Sep/2023:08:31:08 -0500] "GET /sipse/faces/javax.faces.resource/theme.css?ln=primefaces-sipse HTTP/1.1" 304 -
190.70.197.103 - - [08/Sep/2023:08:31:08 -0500] "GET /sipse/js/jquery.min.js HTTP/1.1" 304 -
190.70.197.103 - - [08/Sep/2023:08:31:08 -0500] "GET /sipse/faces/javax.faces.resource/layout/layout.css?ln=primefaces&v=4.0 HTTP/1.1" 304 -
190.70.197.103 - - [08/Sep/2023:08:31:09 -0500] "GET /sipse/faces/javax.faces.resource/jquery/jquery.js?ln=primefaces&v=4.0 HTTP/1.1" 304 -
190.70.197.103 - - [08/Sep/2023:08:31:09 -0500] "GET /sipse/faces/javax.faces.resource/jquery/jquery-plugins.js?ln=primefaces&v=4.0 HTTP/1.1" 304 -
190.70.197.103 - - [08/Sep/2023:08:31:09 -0500] "GET /sipse/faces/javax.faces.resource/primefaces.js?ln=primefaces&v=4.0 HTTP/1.1" 304 -
190.70.197.103 - - [08/Sep/2023:08:31:09 -0500] "GET /sipse/faces/javax.faces.resource/layout/layout.js?ln=primefaces&v=4.0 HTTP/1.1" 304 -
190.70.197.103 - - [08/Sep/2023:08:31:09 -0500] "GET /sipse/css/v_mergente.css HTTP/1.1" 304 -
190.70.197.103 - - [08/Sep/2023:08:31:09 -0500] "GET /sipse/imagenes/logoAplicacion.jpg HTTP/1.1" 304 -
190.70.197.103 - - [08/Sep/2023:08:31:09 -0500] "GET /sipse/imagenes/cargando.gif HTTP/1.1" 304 -
190.70.197.103 - - [08/Sep/2023:08:31:09 -0500] "GET /sipse/css/imagen/contrasena.png HTTP/1.1" 404 383
190.70.197.103 - - [08/Sep/2023:08:31:11 -0500] "GET /sipse/faces/javax.faces.resource/images/ui-bg_flat_0_2d5972_40x100.png?ln=primefaces-aristo HTTP/1.1" 304 -
190.70.197.103 - - [08/Sep/2023:08:31:11 -0500] "POST /sipse/faces/bienvenido.xhtml HTTP/1.1" 200 2658
201.244.254.28 - - [08/Sep/2023:08:31:14 -0500] "POST /BLA/boletinlegal/admin/usuarios/process.php HTTP/1.1" 302 -
190.70.197.103 - - [08/Sep/2023:08:31:14 -0500] "POST /sipse/faces/bienvenido.xhtml HTTP/1.1" 200 65217
190.70.197.103 - - [08/Sep/2023:08:31:16 -0500] "GET /sipse/faces/javax.faces.resource/theme.css?ln=primefaces-sipse HTTP/1.1" 304 -
190.70.197.103 - - [08/Sep/2023:08:31:16 -0500] "GET /sipse/faces/javax.faces.resource/primefaces.css?ln=primefaces&v=4.0 HTTP/1.1" 304 -
190.70.197.103 - - [08/Sep/2023:08:31:16 -0500] "GET /sipse/faces/javax.faces.resource/layout/layout.css?ln=primefaces&v=4.0 HTTP/1.1" 304 -
190.70.197.103 - - [08/Sep/2023:08:31:16 -0500] "GET /sipse/faces/javax.faces.resource/jquery/jquery.js?ln=primefaces&v=4.0 HTTP/1.1" 304 -
190.70.197.103 - - [08/Sep/2023:08:31:16 -0500] "GET /sipse/faces/javax.faces.resource/jquery/jquery-plugins.js?ln=primefaces&v=4.0 HTTP/1.1" 304 -
190.70.197.103 - - [08/Sep/2023:08:31:16 -0500] "GET /sipse/faces/javax.faces.resource/primefaces.js?ln=primefaces&v=4.0 HTTP/1.1" 304 -
190.70.197.103 - - [08/Sep/2023:08:31:16 -0500] "GET /sipse/faces/javax.faces.resource/layout/layout.js?ln=primefaces&v=4.0 HTTP/1.1" 304 -
190.70.197.103 - - [08/Sep/2023:08:31:16 -0500] "POST /sipse/faces/presentacion/financiero/solicitudProceso/listarSolicitudProceso.xhtml HTTP/1.1" 200 1560
190.70.197.103 - - [08/Sep/2023:08:31:19 -0500] "POST /sipse/faces/presentacion/financiero/solicitudProceso/listarSolicitudProceso.xhtml HTTP/1.1" 200 44761
190.70.197.103 - - [08/Sep/2023:08:31:21 -0500] "POST /sipse/faces/presentacion/financiero/solicitudProceso/listarSolicitudProceso.xhtml HTTP/1.1" 200 44489
190.70.197.103 - - [08/Sep/2023:08:31:22 -0500] "POST /sipse/faces/presentacion/financiero/solicitudProceso/listarSolicitudProceso.xhtml HTTP/1.1" 200 44204
190.70.197.103 - - [08/Sep/2023:08:31:24 -0500] "POST /sipse/faces/presentacion/financiero/solicitudProceso/listarSolicitudProceso.xhtml HTTP/1.1" 200 20402
190.70.197.103 - - [08/Sep/2023:08:31:25 -0500] "POST /sipse/faces/presentacion/financiero/solicitudProceso/listarSolicitudProceso.xhtml HTTP/1.1" 200 14833
190.70.197.103 - - [08/Sep/2023:08:31:28 -0500] "POST /sipse/faces/presentacion/financiero/solicitudProceso/listarSolicitudProceso.xhtml HTTP/1.1" 200 20402
190.70.197.103 - - [08/Sep/2023:08:31:28 -0500] "POST /sipse/faces/presentacion/financiero/solicitudProceso/listarSolicitudProceso.xhtml HTTP/1.1" 200 20418
190.70.197.103 - - [08/Sep/2023:08:31:30 -0500] "POST /sipse/faces/presentacion/financiero/solicitudProceso/listarSolicitudProceso.xhtml HTTP/1.1" 200 17542
201.244.254.28 - - [08/Sep/2023:08:31:14 -0500] "GET /BLA/boletinlegal/admin/index.php HTTP/1.1" 200 5699
201.244.254.28 - - [08/Sep/2023:08:31:31 -0500] "GET /BLA/boletinlegal/admin/index_files/index_files/tback.gif HTTP/1.1" 404 1334
216.244.66.195 - - [08/Sep/2023:08:31:35 -0500] "GET /BLA/resoluciones/AUTOS%202016/0192.pdf HTTP/1.1" 200 439176
172.22.2.4 - - [08/Sep/2023:08:30:00 -0500] "HEAD /BLA/boletinlegal/ HTTP/1.1" 200 -
186.86.32.196 - - [08/Sep/2023:08:32:12 -0500] "OPTIONS /kwssiamovil/sm/setfile/f? HTTP/1.1" 200 13
216.244.66.195 - - [08/Sep/2023:08:32:15 -0500] "GET /BLA/resoluciones/AUTOS%202016/0491.pdf HTTP/1.1" 200 781600
186.86.32.196 - - [08/Sep/2023:08:32:12 -0500] "POST /kwssiamovil/sm/setfile/f? HTTP/1.1" 200 381
186.86.32.196 - - [08/Sep/2023:08:32:21 -0500] "OPTIONS /kwssiamovil/sm/setfile/f? HTTP/1.1" 200 13
186.86.32.196 - - [08/Sep/2023:08:32:21 -0500] "POST /kwssiamovil/sm/setfile/f? HTTP/1.1" 200 381
186.86.32.196 - - [08/Sep/2023:08:32:28 -0500] "OPTIONS /kwssiamovil/sm/setfile/f? HTTP/1.1" 200 13
172.22.2.4 - - [08/Sep/2023:08:30:50 -0500] "GET /BLA/boletinlegal/ HTTP/1.1" 200 53013
201.244.254.28 - - [08/Sep/2023:08:32:33 -0500] "GET /BLA/boletinlegal/admin/actos/ingresar.php HTTP/1.1" 200 7209
201.244.254.28 - - [08/Sep/2023:08:32:33 -0500] "GET /BLA/boletinlegal/admin/js/jquery-1.3.1.min.js HTTP/1.1" 200 55272
201.244.254.28 - - [08/Sep/2023:08:32:33 -0500] "GET /BLA/boletinlegal/admin/js/jquery.functions.js HTTP/1.1" 200 2317
201.244.254.28 - - [08/Sep/2023:08:32:33 -0500] "GET /BLA/boletinlegal/admin/js/nicEdit-latest.js HTTP/1.1" 200 38373
201.244.254.28 - - [08/Sep/2023:08:32:34 -0500] "GET /BLA/boletinlegal/admin/img/h1.png HTTP/1.1" 200 3227
201.244.254.28 - - [08/Sep/2023:08:32:34 -0500] "GET /BLA/boletinlegal/admin/img/overlay.png HTTP/1.1" 200 984
186.86.32.196 - - [08/Sep/2023:08:32:28 -0500] "POST /kwssiamovil/sm/setfile/f? HTTP/1.1" 200 381
186.86.32.196 - - [08/Sep/2023:08:32:36 -0500] "OPTIONS /kwssiamovil/sm/setfile/f? HTTP/1.1" 200 13
201.245.192.253 - - [08/Sep/2023:08:32:40 -0500] "POST /kwsrmcab/Wsrmcab  HTTP/1.1" 200 42865
216.244.66.195 - - [08/Sep/2023:08:32:46 -0500] "GET /BLA/resoluciones/AUTOS%202016/0715.pdf HTTP/1.1" 200 321696
186.86.32.196 - - [08/Sep/2023:08:32:37 -0500] "POST /kwssiamovil/sm/setfile/f? HTTP/1.1" 200 381
186.86.32.196 - - [08/Sep/2023:08:32:50 -0500] "OPTIONS /kwssiamovil/sm/setfile/f? HTTP/1.1" 200 13
186.86.32.196 - - [08/Sep/2023:08:32:50 -0500] "POST /kwssiamovil/sm/setfile/f? HTTP/1.1" 200 381
201.245.192.253 - - [08/Sep/2023:08:33:03 -0500] "POST /forms/lservlet;jsessionid=ac16012b30d6fe616ddb68764dacb333ec8eb017034b.e3iSbxaKaheRe34Rch0Ra3mLchv0n6jAmljGr5XDqQLvpAe HTTP/1.1" 200 2
201.244.254.28 - - [08/Sep/2023:08:33:09 -0500] "POST /BLA/boletinlegal/admin/actos/ingresar.php HTTP/1.1" 200 7302
186.86.32.196 - - [08/Sep/2023:08:33:10 -0500] "GET /kwssiamovil/sm/acme/a?s=U2FsdGVkX18MsFXB5YYYeKcR8LS1PTOCIGeDsomd2l9DUDY9rnAOcH3wLggk3vbVJncODL8UDrZ4eoKvJg34SiZw4YfGCuufJXbywOF/Kj7nVmUr8it+WPwPogZktF1bxh+sIpdHvAYpgFImZ6IVZk5i+sa8F0qN9Qon8HLW/JHGQFnmMzLe1zPqaVZATj+i6SNENfmcES2DT4jY1Up2JlfNO0HJMsOcK3vNC9+kBFnt5oYrpm51kUHkoIk0og8iXTxIYHg7lRO+gkkS3AqUug==&u=U2FsdGVkX1/Gy41DjdV25twOwMhWo7+s/HygMKnMoNA=&y=U2FsdGVkX1+P2QURcHcY1BG4lgsu+0avmiOLC36wHAQ= HTTP/1.1" 200 26
186.86.32.196 - - [08/Sep/2023:08:33:11 -0500] "GET /kwssiamovil/sm/acme/a?s=U2FsdGVkX1+2mVTdBTzK8cZrFLozabU8mLwT+Wm9eufCSjObj2dCEtv3K/u+PJmxVdPJLOcDuMDfiQi8eTrxMUxoS2xfWYAxuJeAy9XwNKpilvE8G3Phz3JS9Z7/W4w+t+QCNdrj7a1+zLYjiURkrIqx/nsCcJbblo3f4DtNK8BxPF4+E03MxBKTiLLq2q1sFzA/L1iGZH0p0d1fkM/eMsmQivEj3aRUgyOdadWLd0aVTm4I1e4mvOpGLPPIMXlaHzVjYyUlzXAk6OyAFgYEcLsaCKsAF2MDyXdUm34sam5fKAY+ffD3mer7cZg0dxGFJzJf5M3zS/wpWX4CrrQ074x+Qtxj/vOcwm/8KUFG+LLiY+wloJItOzwDx8V1mCp+153XezhF+hiNsHwHp+J7Eg7Mcsa26igXo0Y/s65wPZbM6eYT6V6Otgs3s28yS9bHhVSYPiMZg92JldRvTmFxng+1cCRx4dt9vxymXptagPGGhK9y6wMFilwGlRs/MzWauLM14ldC7TZ4M5ZMlkxMwF0BFxUkl+n5B1VmiwQY+LFIUA1yAq77ZizceQoBUJL4cVc7Lq1flyTRtzpNxpQnoHjl/87SBtaOCw2gzUbqtthDW193venqhXLC5KPAE0fkSY4zRGXd5gb8bX4V54KYgh1cRNYdkmUfgpECUJ7d0MLX5IhWF/Mp4hTae6Nkr1eyqz8APEZBtQj/vNxU3PjGH70/M7oxc4C/wexaDWvuuuT9mQSnzqYUodEWU/6hApmWbyzdsjSQOK+TAI9aVoZYXLhMgPOUaU2KQ/cRDmOmURK/qSCgtieUXpgnXUmCYyMgI6URpu2sCiAvkFmuETwX66ateCiPcFUpPJWWJ7E1we8APpkV+C6UFzPXOmSKy4qKcDa2hWMpQraARtJoPOFInKr1UXC6RmV6Q+GJA41nMKeqm2uozgiIaeWfvYE4pT81/unuZf9CqdACNZHPIoxaCklg8PfesU3V2KPlCIABRVecFNnzwIwJQbUE/2/PdFE2tWan9fegaH4KMrkV8uQn095t/a8gVdzoQvSEvKqa3bWSj1/xzzdmAi14TEJ6uOY56CG7/3a9guCH0VIB0Bhp55BmFDRfctTtoJzss1XhXyAQ0F9dbNFr2x5cbvfxmVJFdiuqd2t1/UDnaxXSSuVz6ajpGX3W6xfYqB+rUwMSLrkCLY8oqOMqsO97Jy9XFgmMfdvYzuognXpQUjBuC+sAI8Cx/09bs70Wl68OgFWO/utfwuLesd2l1zMp4JcKYLNiinluzTs+V+cWi8YlMduMsWX4wQyzBKIbuIiK/pACExsXrcVj7N5veuXlbO7vM2nQiF7w9NkDqoKBOGeNvL9+J0rJc9tHFDTIspZZdVExxU8eyQ/eYqw4RnRemg/OdbZmHbFMyL8bD8hlO0meXI24icKlVzxOZcMScoRctf8iycv+GUG04Qjlh5Vmalxe/wU9EM9RbPPUkW1RGCeK/YisUTrBSOfK9H7BXXugEB9gfkWajUJwBqYRXz6qWQRR2V0j8crHnmKOFD7JqRv+2f8OAgsd1rI44XPykJTymVHt0JkWqf7vuS+hA8s5hzF+QeqH8z1j3DzPz8/QtEz4/2E7CNBFejgp/D0Of6tKfGP04F9Cgak5jgDX0fvgSDn1dj888y1GdxARd20EiPEnj7gByXb70naLg3xiCyyyZrvy7+Z7MhZQ/aNPvMbiL+eVWgVccOEoCLsJLpAmO3YxyctB6g==&u=U2FsdGVkX1/Gy41DjdV25twOwMhWo7+s/HygMKnMoNA=&y=U2FsdGVkX1+P2QURcHcY1BG4lgsu+0avmiOLC36wHAQ= HTTP/1.1" 200 26
186.86.32.196 - - [08/Sep/2023:08:33:11 -0500] "GET /kwssiamovil/sm/acme/a?s=U2FsdGVkX19qVUGDTmxhjrcNbqkSec/XaXcnNOsc1EzNWCyKk3UeuyzcxeRxqlzUqKoaBhCBEMFCD0S8bjKsOqfcea9WKNsW7laalzwHM3ZBWL+NyVGGDOnxUQH7Vpiifg/Nr4W5HJyIAViWqXi91/MMx1lBGQJr7oP81dQ14tU=&u=U2FsdGVkX1/Gy41DjdV25twOwMhWo7+s/HygMKnMoNA=&y=U2FsdGVkX1+P2QURcHcY1BG4lgsu+0avmiOLC36wHAQ= HTTP/1.1" 200 26
186.86.32.196 - - [08/Sep/2023:08:33:11 -0500] "GET /kwssiamovil/sm/acme/a?s=U2FsdGVkX19DX4ku0Tp7ZzyLuTFabWEgm29LTjJdMlYvqx5mSmL7SWS3qN1wZZT+5dw9o8MXDOIvXrN5l1ShEOdn+Uaa6DFun/obDoVWaVUC83RBF7WhLMu9k8YMeTVisHNULVfdLNVxR5KIpptxdhXqbIVvYu1vQugQX4pIFG0=&u=U2FsdGVkX1/Gy41DjdV25twOwMhWo7+s/HygMKnMoNA=&y=U2FsdGVkX1+P2QURcHcY1BG4lgsu+0avmiOLC36wHAQ= HTTP/1.1" 200 26
186.86.32.196 - - [08/Sep/2023:08:33:11 -0500] "GET /kwssiamovil/sm/acme/a?s=U2FsdGVkX1+1frNc3N9J8vVkIAI+cT86RgzjTk+qOfSpEBf5d8+gdJU0J+gWCP8eHdMuHzwvqyejXYOMbgVvgU6QGB/3nensUV+geFqPm7lB8KV7bQGkUD29Ucs1s9VIJeiyN6PTaFxra4JS1dAO+LoWqdRCh6rlUhpb3bx1hqs=&u=U2FsdGVkX1/Gy41DjdV25twOwMhWo7+s/HygMKnMoNA=&y=U2FsdGVkX1+P2QURcHcY1BG4lgsu+0avmiOLC36wHAQ= HTTP/1.1" 200 26
186.86.32.196 - - [08/Sep/2023:08:33:11 -0500] "GET /kwssiamovil/sm/acme/a?s=U2FsdGVkX1/6cQu/yhehi/KP3M4j3z7fV3pJKTdby+l3rEds5IEm/+skxU/B8ZcB//CIvfDAlmXmHOJqX9doE+LfPCy0bY2KuBNY318yvQdZaaaKOM+Oxe02XJ/EjgpT3AJT/6JEnwv5WxOXMWAby9gg8n/eM4BJpFcEvsWoWdLRc9maHppsJADq7zIgUGHq&u=U2FsdGVkX1/Gy41DjdV25twOwMhWo7+s/HygMKnMoNA=&y=U2FsdGVkX1+P2QURcHcY1BG4lgsu+0avmiOLC36wHAQ= HTTP/1.1" 200 26
186.86.32.196 - - [08/Sep/2023:08:33:12 -0500] "GET /kwssiamovil/sm/acme/a?s=U2FsdGVkX1+wJdLVxcTlh2B1qL0SDcf1vYKC9ruK/hBKJZp2GGGbjk2PrA6o/9BuIdWam4Ee6Syay+BNZvw4r0UJw8dbPYTFuBu6iUKr5FFrgb5tQRZ/JuXsNvKqE8eTiIFKvSLrnQPi/2wkM8vf1PTltNqYNCR6l3JSH3P60S+kHuG68TFh6ATMKLRwfr5Y+34dbLWnIxOTLG7DvN0CaA==&u=U2FsdGVkX1/Gy41DjdV25twOwMhWo7+s/HygMKnMoNA=&y=U2FsdGVkX1+P2QURcHcY1BG4lgsu+0avmiOLC36wHAQ= HTTP/1.1" 200 26
186.86.32.196 - - [08/Sep/2023:08:33:12 -0500] "GET /kwssiamovil/sm/acme/a?s=U2FsdGVkX19vkkjKqrDxcoyPsru/y0NrtmwE0Kk7vutclD9Z4ptdnG+cHWYsRkFiIcfs8TNdkUOYylvCMcvFuAaakkPCqUPjpeo/o/jY5FymvJRIwN6X0RqUFglE03J9NA+Fl216X/v/cDHoIaN93BYRn1RE/xRWwM1fwEQNrVXRaYKCyZv39pjGI2xPk4Q5&u=U2FsdGVkX1/Gy41DjdV25twOwMhWo7+s/HygMKnMoNA=&y=U2FsdGVkX1+P2QURcHcY1BG4lgsu+0avmiOLC36wHAQ= HTTP/1.1" 200 26
186.86.32.196 - - [08/Sep/2023:08:33:12 -0500] "GET /kwssiamovil/sm/acme/a?s=U2FsdGVkX18FQCP6264/reWpXrAHxNpoYA7KSWPxOgM5fsWm/58NNJEfLyNCA7y3Ax2o/Ut0qvtki6kdU59harEa7z3zaUdvxhWKH2GjcGw4AoY20jB5uQF7tjkaF+WyQOruOnG8g8JahlUe/JHugIhzWvsY0FaOg5Jeadff6qsu4AdLmuXmtDeiQ5WnM4oW8Zhn68HgXEc8XSgVYbTkrQ==&u=U2FsdGVkX1/Gy41DjdV25twOwMhWo7+s/HygMKnMoNA=&y=U2FsdGVkX1+P2QURcHcY1BG4lgsu+0avmiOLC36wHAQ= HTTP/1.1" 200 26
186.86.32.196 - - [08/Sep/2023:08:33:12 -0500] "GET /kwssiamovil/sm/acme/a?s=U2FsdGVkX195cGwbw0yVorYxe+TkIthZraSnnsIob8vyk245bt0P/7v6HzyWt7/hL506epPyXR12ArB0mamGtJJgh2bS/kCRI53PTOH5DusdU/JdBVX9WuaI0emW6zaE4HDBU2KymN592yhoLD7wrVTInbAGa8gh0GG92epOdJw7E/+3ous16Bc5DBJAVahx&u=U2FsdGVkX1/Gy41DjdV25twOwMhWo7+s/HygMKnMoNA=&y=U2FsdGVkX1+P2QURcHcY1BG4lgsu+0avmiOLC36wHAQ= HTTP/1.1" 200 26
186.86.32.196 - - [08/Sep/2023:08:33:13 -0500] "GET /kwssiamovil/sm/acme/a?s=U2FsdGVkX18Gt/zx8W9c1ZiuybjkdYjELo7qLSB9POQTrPSeXy3gySvAOPmP28g0hRne67R3SocLZHfRQHlA777KpaRk8lqpl4eqXvc1ENKWYONOPdACWfWDug4RBkEgABWw7LyEtS5vqllX3+t72hTkTWw+ixsrObVi3NDqvW3Mxspwc1rfLm0TEQ8dacFZcWZ2au+DMmIeiXUiHMXTiA==&u=U2FsdGVkX1/Gy41DjdV25twOwMhWo7+s/HygMKnMoNA=&y=U2FsdGVkX1+P2QURcHcY1BG4lgsu+0avmiOLC36wHAQ= HTTP/1.1" 200 26
186.86.32.196 - - [08/Sep/2023:08:33:13 -0500] "GET /kwssiamovil/sm/acme/a?s=U2FsdGVkX1/+fQtfgBPDaEsx2lnTXYWt7/yCKN+rMXRIA9DKCB+0QJ2FfLqkClVLW3QaimYYqruyD0Uk6HfMdVm++IRLjnTw6hdAhj3GmGqQuI/So4l4rpq154q+JYuNyZIKb+vg+iFyA44Jfqc+YVWz4oeoiStp1PT1itOOrNAH962BC/Su6HBChYV0IqM/&u=U2FsdGVkX1/Gy41DjdV25twOwMhWo7+s/HygMKnMoNA=&y=U2FsdGVkX1+P2QURcHcY1BG4lgsu+0avmiOLC36wHAQ= HTTP/1.1" 200 26
186.86.32.196 - - [08/Sep/2023:08:33:13 -0500] "GET /kwssiamovil/sm/acme/a?s=U2FsdGVkX1/eWe77auUIm71pCRwAEzsUu54MnM6YJE6wjg9HKey/9NZnmFtP6QU7mODa++L3DDGzNwfz2HdwzT44ZSl4ai3YTSfZjJ1Ya7KaseyOp4VAEarkhgh+DafuuuV/C7pRP8YM5+B/T6nuYbikxOCeZi8JbLL+56SdrPCtzWWgIeSlQ993ygPx20SjwajLXUqW/ym0Ak41KXsrxQ==&u=U2FsdGVkX1/Gy41DjdV25twOwMhWo7+s/HygMKnMoNA=&y=U2FsdGVkX1+P2QURcHcY1BG4lgsu+0avmiOLC36wHAQ= HTTP/1.1" 200 26
186.86.32.196 - - [08/Sep/2023:08:33:13 -0500] "GET /kwssiamovil/sm/acme/a?s=U2FsdGVkX1+WekCefoXp+eMwpBz1eXQWT1EVp8vy5S921yRnGmmTuXsgDhAN+HqAKs5o/21Nopvvi3wDLEh3883rQn1WF7TA28cmTbrqSqEbdxyMbA354OJkUpWxRrkzUcPpbeSvTFrhudV/FIF8gg2kPjUvI0MzoC2BBTPmUJ8tpzyXuG7i+7WSJU1uoR+W&u=U2FsdGVkX1/Gy41DjdV25twOwMhWo7+s/HygMKnMoNA=&y=U2FsdGVkX1+P2QURcHcY1BG4lgsu+0avmiOLC36wHAQ= HTTP/1.1" 200 26
186.86.32.196 - - [08/Sep/2023:08:33:13 -0500] "GET /kwssiamovil/sm/acme/a?s=U2FsdGVkX19uBjOh1PC2gWAybISwq5QWFRhA4/MpsegjaNg0TCaLettTx8BFK59KkLBQwjCtqHyShKqCeqF+PKdEQ8GVAgCsVixQ2KXfgbdDftzvpyBHNP4F29zXqJau2is4vAdpubXKtWZ7F8wVSlfgWEhj+65Av4unBWs2cyFZe9nRPwx7zvJkg8WI+Fb1MJqJ+gtr3D7+idK3gZsjGwJB+X00QYcGPn9U9LqW1cA=&u=U2FsdGVkX1/Gy41DjdV25twOwMhWo7+s/HygMKnMoNA=&y=U2FsdGVkX1+P2QURcHcY1BG4lgsu+0avmiOLC36wHAQ= HTTP/1.1" 200 26
186.86.32.196 - - [08/Sep/2023:08:33:13 -0500] "GET /kwssiamovil/sm/acme/a?s=U2FsdGVkX1/e5Ur/Aps4uY6bPBpiNvsYo3otXdFD8+wjOJZdYyUCINOpaKf/6ExiVg7cC+il0081KPnCLmMT7pUjZlNkd/SVPazRyXXHYwk302psnEyhdMGEKQKYx/ZLNllEldsNNJ9/fF4WYyud8LCZkOpm/eGxFnokaihvyManTWVs3GOCAioZLMrIRt3v0CianFVquEKIQ0460T2DjQ==&u=U2FsdGVkX1/Gy41DjdV25twOwMhWo7+s/HygMKnMoNA=&y=U2FsdGVkX1+P2QURcHcY1BG4lgsu+0avmiOLC36wHAQ= HTTP/1.1" 200 26
216.244.66.195 - - [08/Sep/2023:08:33:18 -0500] "GET /BLA/resoluciones/AUTOS%202016/1003.pdf HTTP/1.1" 200 677787
216.244.66.195 - - [08/Sep/2023:08:33:47 -0500] "GET /BLA/resoluciones/AUTOS%202016/1013.pdf HTTP/1.1" 200 481053
201.244.254.28 - - [08/Sep/2023:08:34:29 -0500] "POST /BLA/boletinlegal/admin/actos/ingresar.php HTTP/1.1" 200 7302
216.244.66.195 - - [08/Sep/2023:08:34:29 -0500] "GET /BLA/resoluciones/AUTOS%202016/1086.pdf HTTP/1.1" 200 499696
216.244.66.195 - - [08/Sep/2023:08:35:00 -0500] "GET /BLA/resoluciones/AUTOS%202016/1224.pdf HTTP/1.1" 200 478268
201.245.192.253 - - [08/Sep/2023:08:35:03 -0500] "POST /forms/lservlet;jsessionid=ac16012b30d6fe616ddb68764dacb333ec8eb017034b.e3iSbxaKaheRe34Rch0Ra3mLchv0n6jAmljGr5XDqQLvpAe HTTP/1.1" 200 2
216.245.221.92 - - [08/Sep/2023:08:35:28 -0500] "HEAD / HTTP/1.1" 200 -
201.244.254.28 - - [08/Sep/2023:08:35:51 -0500] "POST /BLA/boletinlegal/admin/actos/ingresar.php HTTP/1.1" 200 7302
201.245.192.253 - - [08/Sep/2023:08:37:03 -0500] "POST /forms/lservlet;jsessionid=ac16012b30d6fe616ddb68764dacb333ec8eb017034b.e3iSbxaKaheRe34Rch0Ra3mLchv0n6jAmljGr5XDqQLvpAe HTTP/1.1" 200 2
66.249.66.85 - - [08/Sep/2023:08:37:11 -0500] "GET /portaldeninos/2021/06/29/jasbleady-castaneda-una-mujer-que-le-pone-el-alma-a-la-proteccion-de-las-tinguas-azules/ HTTP/1.1" 200 108388
66.249.70.6 - - [08/Sep/2023:08:37:22 -0500] "GET /Publicaciones/2022EE222131.pdf HTTP/1.1" 404 228
172.22.2.4 - - [08/Sep/2023:08:35:50 -0500] "HEAD /BLA/boletinlegal/ HTTP/1.1" 200 -
201.244.254.28 - - [08/Sep/2023:08:37:35 -0500] "POST /BLA/boletinlegal/admin/actos/ingresar.php HTTP/1.1" 200 7302
201.245.192.253 - - [08/Sep/2023:08:37:39 -0500] "POST /kwsrmcab/Wsrmcab  HTTP/1.1" 200 42865
217.24.151.101 - - [08/Sep/2023:08:37:51 -0500] "GET / HTTP/1.1" 200 319
172.22.2.4 - - [08/Sep/2023:08:36:40 -0500] "GET /BLA/boletinlegal/ HTTP/1.1" 200 58187
201.245.192.253 - - [08/Sep/2023:08:38:50 -0500] "POST /kwsrmcab/Wsrmcab HTTP/1.1" 200 41789
201.245.192.253 - - [08/Sep/2023:08:38:53 -0500] "POST /kwsrmcab/Wsrmcab HTTP/1.1" 200 42757
201.244.254.28 - - [08/Sep/2023:08:38:57 -0500] "POST /BLA/boletinlegal/admin/actos/ingresar.php HTTP/1.1" 200 7302
201.245.192.253 - - [08/Sep/2023:08:39:03 -0500] "POST /forms/lservlet;jsessionid=ac16012b30d6fe616ddb68764dacb333ec8eb017034b.e3iSbxaKaheRe34Rch0Ra3mLchv0n6jAmljGr5XDqQLvpAe HTTP/1.1" 200 2
201.244.254.28 - - [08/Sep/2023:08:40:16 -0500] "POST /BLA/boletinlegal/admin/actos/ingresar.php HTTP/1.1" 200 7302
216.245.221.92 - - [08/Sep/2023:08:40:27 -0500] "HEAD / HTTP/1.1" 200 -
201.245.192.253 - - [08/Sep/2023:08:41:03 -0500] "POST /forms/lservlet;jsessionid=ac16012b30d6fe616ddb68764dacb333ec8eb017034b.e3iSbxaKaheRe34Rch0Ra3mLchv0n6jAmljGr5XDqQLvpAe HTTP/1.1" 200 2
216.244.66.195 - - [08/Sep/2023:08:41:42 -0500] "GET /robots.txt HTTP/1.1" 404 1018
40.77.167.255 - - [08/Sep/2023:08:42:29 -0500] "GET /BLA/resoluciones/AUTOS%202023/4252.pdf HTTP/1.1" 200 1090434
201.245.192.253 - - [08/Sep/2023:08:42:39 -0500] "POST /kwsrmcab/Wsrmcab  HTTP/1.1" 200 42865
201.244.254.28 - - [08/Sep/2023:08:42:45 -0500] "POST /BLA/boletinlegal/admin/actos/ingresar.php HTTP/1.1" 200 7302
201.245.192.253 - - [08/Sep/2023:08:43:03 -0500] "GET /BLA/boletinlegal/admin/index.php HTTP/1.1" 200 2324
201.245.192.253 - - [08/Sep/2023:08:43:03 -0500] "POST /forms/lservlet;jsessionid=ac16012b30d6fe616ddb68764dacb333ec8eb017034b.e3iSbxaKaheRe34Rch0Ra3mLchv0n6jAmljGr5XDqQLvpAe HTTP/1.1" 200 2
201.245.192.253 - - [08/Sep/2023:08:43:12 -0500] "POST /BLA/boletinlegal/admin/usuarios/process.php HTTP/1.1" 302 -
201.245.192.253 - - [08/Sep/2023:08:43:16 -0500] "GET /BLA/resoluciones/index.php?dir=AUTOS+2020%2F HTTP/1.1" 200 331383
201.245.192.253 - - [08/Sep/2023:08:43:17 -0500] "GET /BLA/resoluciones/index.php?dir= HTTP/1.1" 200 13696
172.22.2.4 - - [08/Sep/2023:08:41:40 -0500] "HEAD /BLA/boletinlegal/ HTTP/1.1" 200 -
201.245.192.253 - - [08/Sep/2023:08:43:13 -0500] "GET /BLA/boletinlegal/admin/index.php HTTP/1.1" 200 7165
201.245.192.253 - - [08/Sep/2023:08:43:29 -0500] "GET /BLA/boletinlegal/admin/index_files/index_files/tback.gif HTTP/1.1" 404 1334
201.245.192.253 - - [08/Sep/2023:08:43:32 -0500] "GET /BLA/resoluciones/index.php?dir=RESOLUCIONES+2022%2F HTTP/1.1" 200 319096
201.245.192.253 - - [08/Sep/2023:08:43:47 -0500] "GET /BLA/boletinlegal/admin/actos/ingresar.php HTTP/1.1" 200 7209
201.245.192.253 - - [08/Sep/2023:08:43:48 -0500] "GET /BLA/boletinlegal/images/favicon.ico HTTP/1.1" 404 1328
172.22.2.4 - - [08/Sep/2023:08:42:30 -0500] "GET /BLA/boletinlegal/ HTTP/1.1" 200 58187
201.244.254.28 - - [08/Sep/2023:08:44:18 -0500] "POST /BLA/boletinlegal/admin/actos/ingresar.php HTTP/1.1" 200 7302
201.245.192.253 - - [08/Sep/2023:08:45:03 -0500] "POST /forms/lservlet;jsessionid=ac16012b30d6fe616ddb68764dacb333ec8eb017034b.e3iSbxaKaheRe34Rch0Ra3mLchv0n6jAmljGr5XDqQLvpAe HTTP/1.1" 200 2
69.171.249.10 - - [08/Sep/2023:08:45:16 -0500] "GET /con-el-pot-bogota-tendra-30-mas-de-areas-verdes-protegidas.html HTTP/1.1" 200 940
216.245.221.92 - - [08/Sep/2023:08:45:27 -0500] "HEAD / HTTP/1.1" 200 -
201.244.254.28 - - [08/Sep/2023:08:45:33 -0500] "POST /BLA/boletinlegal/admin/actos/ingresar.php HTTP/1.1" 200 7302
201.244.254.28 - - [08/Sep/2023:08:46:52 -0500] "POST /BLA/boletinlegal/admin/actos/ingresar.php HTTP/1.1" 200 7302
201.245.192.253 - - [08/Sep/2023:08:47:03 -0500] "POST /forms/lservlet;jsessionid=ac16012b30d6fe616ddb68764dacb333ec8eb017034b.e3iSbxaKaheRe34Rch0Ra3mLchv0n6jAmljGr5XDqQLvpAe HTTP/1.1" 200 2
94.102.61.10 - - [08/Sep/2023:08:47:24 -0500] "GET / HTTP/1.1" 200 319
201.245.192.253 - - [08/Sep/2023:08:47:37 -0500] "POST /kwsrmcab/Wsrmcab  HTTP/1.1" 200 42865
201.244.254.28 - - [08/Sep/2023:08:48:16 -0500] "POST /BLA/boletinlegal/admin/actos/ingresar.php HTTP/1.1" 200 7302
172.22.2.4 - - [08/Sep/2023:08:48:17 -0500] "GET /BLA/boletinlegal/conceptos.php HTTP/1.1" 200 7496
172.22.2.4 - - [08/Sep/2023:08:48:19 -0500] "GET /BLA/boletinlegal/consulta_conceptos.php?no=&solicitante=&radicado_entrada=&fecha_concepto=2023&objeto= HTTP/1.1" 200 23039
172.22.2.4 - - [08/Sep/2023:08:48:22 -0500] "GET /BLA/boletinlegal/actos.php HTTP/1.1" 200 9682
172.22.2.4 - - [08/Sep/2023:08:48:22 -0500] "GET /BLA/boletinlegal/actos.php HTTP/1.1" 200 9682
172.22.2.4 - - [08/Sep/2023:08:48:22 -0500] "GET /BLA/boletinlegal/js/ajax_actos.js HTTP/1.1" 200 1322
172.22.2.4 - - [08/Sep/2023:08:48:22 -0500] "GET /BLA/boletinlegal/style.css HTTP/1.1" 200 9406
172.22.2.4 - - [08/Sep/2023:08:48:22 -0500] "GET /BLA/boletinlegal/niceforms.js HTTP/1.1" 200 22876
172.22.2.4 - - [08/Sep/2023:08:48:22 -0500] "GET /BLA/boletinlegal/niceforms-default.css HTTP/1.1" 200 6694
172.22.2.4 - - [08/Sep/2023:08:48:22 -0500] "GET /BLA/boletinlegal/js/lib.js HTTP/1.1" 200 6474
172.22.2.4 - - [08/Sep/2023:08:48:22 -0500] "GET /BLA/boletinlegal/js/popup.js HTTP/1.1" 200 1270
172.22.2.4 - - [08/Sep/2023:08:48:22 -0500] "GET /BLA/boletinlegal/js/jquery1.js HTTP/1.1" 200 29846
172.22.2.4 - - [08/Sep/2023:08:48:22 -0500] "GET /BLA/boletinlegal/images/cabezote%20BLEGAL.jpg HTTP/1.1" 200 118164
172.22.2.4 - - [08/Sep/2023:08:48:22 -0500] "GET /BLA/boletinlegal/styles2.css HTTP/1.1" 200 1838
172.22.2.4 - - [08/Sep/2023:08:48:22 -0500] "GET /BLA/boletinlegal/images/subscribe-icon-big.png HTTP/1.1" 200 47702
172.22.2.4 - - [08/Sep/2023:08:48:22 -0500] "GET /BLA/boletinlegal/images/historia.png HTTP/1.1" 200 52775
172.22.2.4 - - [08/Sep/2023:08:48:22 -0500] "GET /BLA/boletinlegal/images/registro-usuarios.png HTTP/1.1" 200 8106
172.22.2.4 - - [08/Sep/2023:08:48:22 -0500] "GET /BLA/boletinlegal/images/green-yellow-blue-pink-th.png HTTP/1.1" 200 7394
172.22.2.4 - - [08/Sep/2023:08:48:22 -0500] "GET /BLA/boletinlegal/images/tel.png HTTP/1.1" 200 14477
172.22.2.4 - - [08/Sep/2023:08:48:22 -0500] "GET /BLA/boletinlegal/images/icono-email.png HTTP/1.1" 200 5544
172.22.2.4 - - [08/Sep/2023:08:48:22 -0500] "GET /BLA/boletinlegal/images/body_bg.jpg HTTP/1.1" 200 1601
172.22.2.4 - - [08/Sep/2023:08:48:22 -0500] "GET /BLA/boletinlegal/images/menu_lft.gif HTTP/1.1" 200 1713
172.22.2.4 - - [08/Sep/2023:08:48:22 -0500] "GET /BLA/boletinlegal/images/bg_top.jpg HTTP/1.1" 200 522
172.22.2.4 - - [08/Sep/2023:08:48:22 -0500] "GET /BLA/boletinlegal/images/hover.jpg HTTP/1.1" 200 640
172.22.2.4 - - [08/Sep/2023:08:48:22 -0500] "GET /BLA/boletinlegal/images/menu_rght.gif HTTP/1.1" 200 1627
172.22.2.4 - - [08/Sep/2023:08:48:22 -0500] "GET /BLA/boletinlegal/images/text.jpg HTTP/1.1" 200 568
172.22.2.4 - - [08/Sep/2023:08:48:22 -0500] "GET /BLA/boletinlegal/images/menu_bg.jpg HTTP/1.1" 200 620
172.22.2.4 - - [08/Sep/2023:08:48:22 -0500] "GET /BLA/boletinlegal/images/footer_bg.jpg HTTP/1.1" 200 586
172.22.2.4 - - [08/Sep/2023:08:48:22 -0500] "GET /BLA/boletinlegal/images/footer_bg_l.jpg HTTP/1.1" 200 776
172.22.2.4 - - [08/Sep/2023:08:48:22 -0500] "GET /BLA/boletinlegal/img/0.png HTTP/1.1" 200 110
172.22.2.4 - - [08/Sep/2023:08:48:22 -0500] "GET /BLA/boletinlegal/img/select-right.png HTTP/1.1" 200 44019
172.22.2.4 - - [08/Sep/2023:08:48:22 -0500] "GET /BLA/boletinlegal/img/select-left.png HTTP/1.1" 200 263
172.22.2.4 - - [08/Sep/2023:08:48:22 -0500] "GET /BLA/boletinlegal/img/button-left.png HTTP/1.1" 200 57071
172.22.2.4 - - [08/Sep/2023:08:48:22 -0500] "GET /BLA/boletinlegal/img/button.png HTTP/1.1" 200 43241
172.22.2.4 - - [08/Sep/2023:08:48:22 -0500] "GET /BLA/boletinlegal/img/button-right.png HTTP/1.1" 200 57878
172.22.2.4 - - [08/Sep/2023:08:48:23 -0500] "GET /BLA/boletinlegal/favicon.ico HTTP/1.1" 404 1326
172.22.2.4 - - [08/Sep/2023:08:48:38 -0500] "GET /BLA/boletinlegal/js/jquery.js HTTP/1.1" 200 57254
172.22.2.4 - - [08/Sep/2023:08:48:38 -0500] "GET /BLA/boletinlegal/js/jquery.scrollTo-min.js HTTP/1.1" 200 1150
172.22.2.4 - - [08/Sep/2023:08:48:38 -0500] "GET /BLA/boletinlegal/js/jquery.scrollShow.js HTTP/1.1" 200 4586
172.22.2.4 - - [08/Sep/2023:08:48:38 -0500] "GET /BLA/boletinlegal/images/arr_l.jpg HTTP/1.1" 200 1979
172.22.2.4 - - [08/Sep/2023:08:48:38 -0500] "GET /BLA/boletinlegal/images/screen_1.png HTTP/1.1" 200 202547
172.22.2.4 - - [08/Sep/2023:08:48:38 -0500] "GET /BLA/boletinlegal/images/launch.jpg HTTP/1.1" 200 14577
172.22.2.4 - - [08/Sep/2023:08:48:41 -0500] "GET /BLA/boletinlegal/consulta_actos.php?tipo=autos&no=5267&usuario=&sector=&fecha=2023&resuelve= HTTP/1.1" 200 626
201.245.192.253 - - [08/Sep/2023:08:49:03 -0500] "POST /forms/lservlet;jsessionid=ac16012b30d6fe616ddb68764dacb333ec8eb017034b.e3iSbxaKaheRe34Rch0Ra3mLchv0n6jAmljGr5XDqQLvpAe HTTP/1.1" 200 2
172.22.2.4 - - [08/Sep/2023:08:47:29 -0500] "HEAD /BLA/boletinlegal/ HTTP/1.1" 200 -
172.22.2.4 - - [08/Sep/2023:08:49:14 -0500] "GET /BLA/boletinlegal/consulta_actos.php?tipo=autos&no=5267&usuario=asuntos@tridexsa.com&sector=&fecha=2023&resuelve= HTTP/1.1" 200 626
186.30.50.146 - - [08/Sep/2023:08:49:15 -0500] "GET /BLA/resoluciones/ HTTP/1.1" 200 13696
186.30.50.146 - - [08/Sep/2023:08:49:18 -0500] "GET /BLA/resoluciones/index.php?dir=AUTOS+2023%2F HTTP/1.1" 200 282094
161.10.206.112 - - [08/Sep/2023:08:49:23 -0500] "POST /sipse/faces/bienvenido.xhtml HTTP/1.1" 200 1471
201.245.192.253 - - [08/Sep/2023:08:49:23 -0500] "POST /BLA/boletinlegal/admin/actos/ingresar.php HTTP/1.1" 200 7302
161.10.206.112 - - [08/Sep/2023:08:49:24 -0500] "POST /sipse/faces/bienvenido.xhtml HTTP/1.1" 200 31847
161.10.206.112 - - [08/Sep/2023:08:49:24 -0500] "GET /sipse/faces/javax.faces.resource/theme.css?ln=primefaces-sipse HTTP/1.1" 304 -
161.10.206.112 - - [08/Sep/2023:08:49:24 -0500] "GET /sipse/faces/javax.faces.resource/primefaces.css?ln=primefaces&v=4.0 HTTP/1.1" 304 -
161.10.206.112 - - [08/Sep/2023:08:49:24 -0500] "GET /sipse/faces/javax.faces.resource/layout/layout.css?ln=primefaces&v=4.0 HTTP/1.1" 304 -
161.10.206.112 - - [08/Sep/2023:08:49:24 -0500] "GET /sipse/css/imagen/contrasena.png HTTP/1.1" 404 383
161.10.206.112 - - [08/Sep/2023:08:49:24 -0500] "GET /sipse/faces/javax.faces.resource/jquery/jquery.js?ln=primefaces&v=4.0 HTTP/1.1" 304 -
161.10.206.112 - - [08/Sep/2023:08:49:24 -0500] "GET /sipse/faces/javax.faces.resource/jquery/jquery-plugins.js?ln=primefaces&v=4.0 HTTP/1.1" 304 -
161.10.206.112 - - [08/Sep/2023:08:49:24 -0500] "GET /sipse/faces/javax.faces.resource/primefaces.js?ln=primefaces&v=4.0 HTTP/1.1" 304 -
161.10.206.112 - - [08/Sep/2023:08:49:24 -0500] "GET /sipse/faces/javax.faces.resource/layout/layout.js?ln=primefaces&v=4.0 HTTP/1.1" 304 -
161.10.206.112 - - [08/Sep/2023:08:49:24 -0500] "GET /sipse/faces/javax.faces.resource/images/ui-icons_898989_256x240.png?ln=primefaces-aristo HTTP/1.1" 304 -
161.10.206.112 - - [08/Sep/2023:08:49:24 -0500] "GET /sipse/faces/javax.faces.resource/images/ui-bg_flat_0_2d5972_40x100.png?ln=primefaces-aristo HTTP/1.1" 304 -
161.10.206.112 - - [08/Sep/2023:08:49:24 -0500] "POST /sipse/faces/presentacion/financiero/solicitudProceso/listarSolicitudProceso.xhtml HTTP/1.1" 200 1376
201.245.192.253 - - [08/Sep/2023:08:49:28 -0500] "GET /BLA/resoluciones/index.php?dir=RESOLUCIONES+2022%2F HTTP/1.1" 200 319266
161.10.206.112 - - [08/Sep/2023:08:49:28 -0500] "POST /sipse/faces/presentacion/financiero/solicitudProceso/listarSolicitudProceso.xhtml HTTP/1.1" 200 24763
172.22.2.4 - - [08/Sep/2023:08:48:38 -0500] "GET /BLA/boletinlegal/index.php HTTP/1.1" 200 24523
161.10.206.112 - - [08/Sep/2023:08:49:29 -0500] "POST /sipse/faces/presentacion/financiero/solicitudProceso/listarSolicitudProceso.xhtml HTTP/1.1" 200 24767
201.244.254.28 - - [08/Sep/2023:08:49:29 -0500] "POST /BLA/boletinlegal/admin/actos/ingresar.php HTTP/1.1" 200 7302
161.10.206.112 - - [08/Sep/2023:08:49:29 -0500] "POST /sipse/faces/presentacion/financiero/solicitudProceso/listarSolicitudProceso.xhtml HTTP/1.1" 200 1428
161.10.206.112 - - [08/Sep/2023:08:49:29 -0500] "POST /sipse/faces/presentacion/financiero/solicitudProceso/listarSolicitudProceso.xhtml HTTP/1.1" 200 1432
172.22.2.4 - - [08/Sep/2023:08:48:20 -0500] "GET /BLA/boletinlegal/ HTTP/1.1" 200 52656
216.245.221.92 - - [08/Sep/2023:08:50:27 -0500] "HEAD / HTTP/1.1" 200 -
172.22.2.4 - - [08/Sep/2023:08:50:32 -0500] "GET /BLA/boletinlegal/conceptos.php HTTP/1.1" 200 7496
172.22.2.4 - - [08/Sep/2023:08:50:35 -0500] "GET /BLA/boletinlegal/consulta_conceptos.php?no=&solicitante=&radicado_entrada=&fecha_concepto=2023&objeto= HTTP/1.1" 200 23039
172.22.2.4 - - [08/Sep/2023:08:50:43 -0500] "GET /BLA/boletinlegal/conceptos/2023/45.pdf HTTP/1.1" 404 1334
201.244.254.28 - - [08/Sep/2023:08:50:44 -0500] "POST /BLA/boletinlegal/admin/actos/ingresar.php HTTP/1.1" 200 7302
172.22.2.4 - - [08/Sep/2023:08:50:49 -0500] "GET /BLA/boletinlegal/conceptos.php HTTP/1.1" 200 7496
45.238.183.50 - - [08/Sep/2023:08:50:58 -0500] "GET /secretaria-de-ambiente-abr HTTP/1.1" 404 1136
45.238.183.50 - - [08/Sep/2023:08:50:59 -0500] "GET /favicon.ico HTTP/1.1" 404 1346
