186.102.5.212 - - [08/Sep/2023:15:30:30 -0500] "GET /kwssiamovil/sm/acme/s?s=U2FsdGVkX191H2B6QJTBNVuzfj8CSnHljm+KJS1meEDzMdmeFHV6ciKfEgIeAVhTB0liOmHU0ucbYi0nSaryjgjArskxNrORUS6vXYMRfkchPw03LaKKFNgHRA3Rw8mGiQqDwUATGoNjltDOjlAqzV6qIZCk1J+p+dXrStp2p+H+lOcloycJ221BdPkMkP9r74F25g2apxwOI8edpSKxbtUlgvcgWyrQvC9off42qIb26dWBh/tZzqbp7cR0boKtTPIYUrt5thMl6GEHrWLEGAPNxKMHe1bpeqY5k++SKvRkp/Xrq5YpFMaqkcHIevHGa7/H6IEEkAh0VF4QWv4c39x34P1FLaAFGGvikgtjNBatuZx1lhfyEvTnP0+s8ggDpNhXjL4ijw8y2ri9YWZzBib4pd8paXGH3H0v8bbp2U9asoy7W/DuXQOpWvMLBXtKhZnJIvmyX8mJHp3e0QI7YgaE/KlrtQXuzirnmn9o566g/mD9N1GD6bcsLgjiDyHtJszWgD5rtXJKnpqokSjS7ODCQhE29zDtUuscQk5hc5gK8vS0mvZUrG3fQMnexg/b/CYbQ95fdFD6x+tMwmOOY8Ou2eXTA/9iHq07CD3Cq8oF5VaPhtQMZ0PrPWQs+orndQGktirGJOCi2rWpSwUq/JO/tFaKozCzySLYRQRhazv0wLnuh1WxQzbuBZf0ThEd6CH0kutmqTDzAALaZs+Z84JU2Sg8ZG8CiQV8QJdQ6Kelv9ZOvuh9tUifLedMpNIt&u=U2FsdGVkX19kz1kPb/iFgvJp+CXTS1vgQyIe/zJvnRc=&y=U2FsdGVkX1+VkU1XBKTB04md6dxusKKk44spGQoaUsY= HTTP/1.1" 200 1095
201.245.192.253 - - [08/Sep/2023:15:30:31 -0500] "POST /forms/lservlet;jsessionid=ac16012b30d6b9066179a89f4b5f9ed2a98d289e7ac2.e3iSbxaKaheRe34Rch0Ra3mLchv0n6jAmljGr5XDqQLvpAe HTTP/1.1" 200 24
186.102.5.212 - - [08/Sep/2023:15:30:31 -0500] "GET /kwssiamovil/sm/cjson/pre?f=17&x=U2FsdGVkX188ugwsfqW5KwcETUQgT5w1fsI5Kvhe+9zv+8zN3nLREaUgNFwUAH2g HTTP/1.1" 200 12747
186.102.5.212 - - [08/Sep/2023:15:30:31 -0500] "GET /kwssiamovil/sm/cjson/pre?f=5&x=U2FsdGVkX188ugwsfqW5KwcETUQgT5w1fsI5Kvhe+9zv+8zN3nLREaUgNFwUAH2g HTTP/1.1" 200 96431
186.102.5.212 - - [08/Sep/2023:15:30:31 -0500] "GET /kwssiamovil/sm/cjson/pre?f=6&x=U2FsdGVkX188ugwsfqW5KwcETUQgT5w1fsI5Kvhe+9zv+8zN3nLREaUgNFwUAH2g HTTP/1.1" 200 34953
186.102.5.212 - - [08/Sep/2023:15:30:31 -0500] "GET /kwssiamovil/sm/cjson/pre?f=4&x=U2FsdGVkX188ugwsfqW5KwcETUQgT5w1fsI5Kvhe+9zv+8zN3nLREaUgNFwUAH2g HTTP/1.1" 200 33589
186.102.5.212 - - [08/Sep/2023:15:30:31 -0500] "GET /kwssiamovil/sm/cjson/pre?f=8&x=U2FsdGVkX188ugwsfqW5KwcETUQgT5w1fsI5Kvhe+9zv+8zN3nLREaUgNFwUAH2g HTTP/1.1" 200 36010
186.102.5.212 - - [08/Sep/2023:15:30:31 -0500] "GET /kwssiamovil/sm/cjson/pre?f=3&x=U2FsdGVkX188ugwsfqW5KwcETUQgT5w1fsI5Kvhe+9zv+8zN3nLREaUgNFwUAH2g HTTP/1.1" 200 94843
186.102.5.212 - - [08/Sep/2023:15:30:31 -0500] "GET /kwssiamovil/sm/cjson/pre?f=7&x=U2FsdGVkX188ugwsfqW5KwcETUQgT5w1fsI5Kvhe+9zv+8zN3nLREaUgNFwUAH2g HTTP/1.1" 200 93332
201.245.192.253 - - [08/Sep/2023:15:30:37 -0500] "POST /forms/lservlet;jsessionid=ac16012b30d6b9066179a89f4b5f9ed2a98d289e7ac2.e3iSbxaKaheRe34Rch0Ra3mLchv0n6jAmljGr5XDqQLvpAe HTTP/1.1" 200 2956
201.245.192.253 - - [08/Sep/2023:15:30:46 -0500] "POST /forms/lservlet;jsessionid=ac16012b30d6b9066179a89f4b5f9ed2a98d289e7ac2.e3iSbxaKaheRe34Rch0Ra3mLchv0n6jAmljGr5XDqQLvpAe HTTP/1.1" 200 7
216.244.66.195 - - [08/Sep/2023:15:30:48 -0500] "GET /BLA/resoluciones/RESOLUCIONES%202017/2577.pdf HTTP/1.1" 200 289747
201.245.192.253 - - [08/Sep/2023:15:30:51 -0500] "POST /forms/lservlet;jsessionid=ac16012b30d6b9066179a89f4b5f9ed2a98d289e7ac2.e3iSbxaKaheRe34Rch0Ra3mLchv0n6jAmljGr5XDqQLvpAe HTTP/1.1" 200 7
173.252.83.8 - - [08/Sep/2023:15:30:55 -0500] "GET /dia-mundial-del-medio-ambiente-con-3-500-beneficiarias-comienza-la-segunda-fase-de-mujeres-que-reverdecen.html HTTP/1.1" 200 845
173.252.83.5 - - [08/Sep/2023:15:30:56 -0500] "GET /images/mujeres-reverdecen-4-junio.jpg HTTP/1.1" 200 59432
201.245.192.253 - - [08/Sep/2023:15:31:03 -0500] "POST /forms/lservlet;jsessionid=ac16012b30d6b9066179a89f4b5f9ed2a98d289e7ac2.e3iSbxaKaheRe34Rch0Ra3mLchv0n6jAmljGr5XDqQLvpAe HTTP/1.1" 200 7
201.245.192.253 - - [08/Sep/2023:15:31:07 -0500] "POST /forms/lservlet;jsessionid=ac16012b30d6fe616ddb68764dacb333ec8eb017034b.e3iSbxaKaheRe34Rch0Ra3mLchv0n6jAmljGr5XDqQLvpAe HTTP/1.1" 200 2
201.245.192.253 - - [08/Sep/2023:15:31:13 -0500] "POST /forms/lservlet;jsessionid=ac16012b30d6b9066179a89f4b5f9ed2a98d289e7ac2.e3iSbxaKaheRe34Rch0Ra3mLchv0n6jAmljGr5XDqQLvpAe HTTP/1.1" 200 7
201.245.192.253 - - [08/Sep/2023:15:31:13 -0500] "POST /kwsrmcab/Wsrmcab  HTTP/1.1" 200 42865
216.244.66.195 - - [08/Sep/2023:15:31:36 -0500] "GET /BLA/resoluciones/RESOLUCIONES%202001/1373.pdf HTTP/1.1" 200 253619
172.22.2.4 - - [08/Sep/2023:15:29:59 -0500] "HEAD /BLA/boletinlegal/ HTTP/1.1" 200 -
66.249.70.196 - - [08/Sep/2023:15:31:49 -0500] "GET /BLA/resoluciones/RESOLUCIONES%202013/1188.pdf HTTP/1.1" 200 427655
201.245.192.253 - - [08/Sep/2023:15:32:04 -0500] "POST /forms/lservlet;jsessionid=ac16012b30d6b9066179a89f4b5f9ed2a98d289e7ac2.e3iSbxaKaheRe34Rch0Ra3mLchv0n6jAmljGr5XDqQLvpAe HTTP/1.1" 200 2
201.245.192.253 - - [08/Sep/2023:15:32:13 -0500] "POST /forms/lservlet;jsessionid=ac16012b30d6b9066179a89f4b5f9ed2a98d289e7ac2.e3iSbxaKaheRe34Rch0Ra3mLchv0n6jAmljGr5XDqQLvpAe HTTP/1.1" 200 13
201.245.192.253 - - [08/Sep/2023:15:32:24 -0500] "POST /forms/lservlet;jsessionid=ac16012b30d65962943bc1d1484c974eac862b03ab49.e3iSbxaKaheRe34Rch0Ra3mLchv0n6jAmljGr5XDqQLvpAe HTTP/1.1" 200 2
172.22.2.4 - - [08/Sep/2023:15:30:49 -0500] "GET /BLA/boletinlegal/ HTTP/1.1" 200 58187
216.244.66.195 - - [08/Sep/2023:15:32:18 -0500] "GET /BLA/resoluciones/index.php?dir=RESOLUCIONES+2022%2F HTTP/1.1" 200 319266
191.156.190.21 - - [08/Sep/2023:15:33:00 -0500] "POST /sipse/faces/presentacion/financiero/solicitudProceso/consultarSolicitudProceso.xhtml HTTP/1.1" 200 41863
191.156.190.21 - - [08/Sep/2023:15:33:01 -0500] "GET /sipse/faces/javax.faces.resource/theme.css?ln=primefaces-sipse HTTP/1.1" 304 -
191.156.190.21 - - [08/Sep/2023:15:33:01 -0500] "GET /sipse/faces/javax.faces.resource/primefaces.css?ln=primefaces&v=4.0 HTTP/1.1" 304 -
191.156.188.4 - - [08/Sep/2023:15:33:01 -0500] "GET /sipse/faces/javax.faces.resource/jquery/jquery.js?ln=primefaces&v=4.0 HTTP/1.1" 304 -
191.156.190.21 - - [08/Sep/2023:15:33:01 -0500] "GET /sipse/faces/javax.faces.resource/layout/layout.css?ln=primefaces&v=4.0 HTTP/1.1" 304 -
191.156.188.4 - - [08/Sep/2023:15:33:01 -0500] "GET /sipse/faces/javax.faces.resource/jquery/jquery-plugins.js?ln=primefaces&v=4.0 HTTP/1.1" 304 -
191.156.190.21 - - [08/Sep/2023:15:33:01 -0500] "GET /sipse/faces/javax.faces.resource/primefaces.js?ln=primefaces&v=4.0 HTTP/1.1" 304 -
191.156.190.21 - - [08/Sep/2023:15:33:01 -0500] "GET /sipse/faces/javax.faces.resource/layout/layout.js?ln=primefaces&v=4.0 HTTP/1.1" 304 -
191.156.190.21 - - [08/Sep/2023:15:33:01 -0500] "POST /sipse/faces/presentacion/financiero/solicitudProceso/consultar.xhtml HTTP/1.1" 200 35269
191.156.190.21 - - [08/Sep/2023:15:33:01 -0500] "POST /sipse/faces/presentacion/financiero/solicitudProceso/consultar.xhtml HTTP/1.1" 200 35269
191.156.190.21 - - [08/Sep/2023:15:33:02 -0500] "POST /sipse/faces/presentacion/financiero/solicitudProceso/consultar.xhtml HTTP/1.1" 200 35269
191.156.190.21 - - [08/Sep/2023:15:33:02 -0500] "POST /sipse/faces/presentacion/financiero/solicitudProceso/consultar.xhtml HTTP/1.1" 200 35269
191.156.190.21 - - [08/Sep/2023:15:33:04 -0500] "POST /sipse/faces/presentacion/financiero/solicitudProceso/consultar.xhtml HTTP/1.1" 200 12661
216.244.66.195 - - [08/Sep/2023:15:33:05 -0500] "GET /BLA/resoluciones/AUTOS%202015/3369.pdf HTTP/1.1" 200 294964
201.245.192.253 - - [08/Sep/2023:15:33:07 -0500] "POST /forms/lservlet;jsessionid=ac16012b30d6fe616ddb68764dacb333ec8eb017034b.e3iSbxaKaheRe34Rch0Ra3mLchv0n6jAmljGr5XDqQLvpAe HTTP/1.1" 200 2
207.46.13.230 - - [08/Sep/2023:15:33:13 -0500] "GET /robots.txt HTTP/1.1" 404 1035
52.167.144.173 - - [08/Sep/2023:15:33:14 -0500] "GET /portaldeninos/ HTTP/1.1" 200 110175
172.22.2.4 - - [08/Sep/2023:15:33:21 -0500] "GET /BLA/boletinlegal/Circulares/2022/DIRECTIVA%20No.%2000005%20DEL%2030%20DE%20JUNIO%20DEL%202022.pdf HTTP/1.1" 200 370015
167.94.146.51 - - [08/Sep/2023:15:33:29 -0500] "GET / HTTP/1.1" 200 319
167.94.146.51 - - [08/Sep/2023:15:33:29 -0500] "GET / HTTP/1.1" 200 319
167.94.146.51 - - [08/Sep/2023:15:33:30 -0500] "PRI * HTTP/2.0" 400 946
167.94.146.51 - - [08/Sep/2023:15:33:30 -0500] "GET /favicon.ico HTTP/1.1" 200 7782
52.167.144.108 - - [08/Sep/2023:15:33:48 -0500] "GET /BLA/resoluciones/AUTOS%202023/5335.pdf HTTP/1.1" 200 413333
216.244.66.195 - - [08/Sep/2023:15:33:51 -0500] "GET /BLA/resoluciones/AUTOS%202018/0797.pdf HTTP/1.1" 200 272538
201.245.192.253 - - [08/Sep/2023:15:34:04 -0500] "POST /forms/lservlet;jsessionid=ac16012b30d6b9066179a89f4b5f9ed2a98d289e7ac2.e3iSbxaKaheRe34Rch0Ra3mLchv0n6jAmljGr5XDqQLvpAe HTTP/1.1" 200 2
201.245.192.253 - - [08/Sep/2023:15:34:16 -0500] "POST /forms/lservlet;jsessionid=ac16012b30d6b9066179a89f4b5f9ed2a98d289e7ac2.e3iSbxaKaheRe34Rch0Ra3mLchv0n6jAmljGr5XDqQLvpAe HTTP/1.1" 200 12
201.245.192.253 - - [08/Sep/2023:15:34:18 -0500] "POST /forms/lservlet;jsessionid=ac16012b30d6b9066179a89f4b5f9ed2a98d289e7ac2.e3iSbxaKaheRe34Rch0Ra3mLchv0n6jAmljGr5XDqQLvpAe HTTP/1.1" 200 1338
201.245.192.253 - - [08/Sep/2023:15:34:18 -0500] "POST /forms/lservlet;jsessionid=ac16012b30d6b9066179a89f4b5f9ed2a98d289e7ac2.e3iSbxaKaheRe34Rch0Ra3mLchv0n6jAmljGr5XDqQLvpAe HTTP/1.1" 200 10
201.245.192.253 - - [08/Sep/2023:15:34:19 -0500] "POST /forms/lservlet;jsessionid=ac16012b30d6b9066179a89f4b5f9ed2a98d289e7ac2.e3iSbxaKaheRe34Rch0Ra3mLchv0n6jAmljGr5XDqQLvpAe HTTP/1.1" 200 24
201.245.192.253 - - [08/Sep/2023:15:34:23 -0500] "POST /forms/lservlet;jsessionid=ac16012b30d6b9066179a89f4b5f9ed2a98d289e7ac2.e3iSbxaKaheRe34Rch0Ra3mLchv0n6jAmljGr5XDqQLvpAe HTTP/1.1" 200 2485
201.245.192.253 - - [08/Sep/2023:15:34:24 -0500] "POST /forms/lservlet;jsessionid=ac16012b30d65962943bc1d1484c974eac862b03ab49.e3iSbxaKaheRe34Rch0Ra3mLchv0n6jAmljGr5XDqQLvpAe HTTP/1.1" 200 2
216.244.66.195 - - [08/Sep/2023:15:34:32 -0500] "GET /BLA/resoluciones/AUTOS%202018/1120.pdf HTTP/1.1" 200 333406
186.102.5.212 - - [08/Sep/2023:15:34:34 -0500] "GET /kwssiamovil/sm/ldap/au?x=U2FsdGVkX18GEaM28MnXL1DLym33OzvTKeAFHAdpqgHYAqo8+Hhnuq1FDJnnIJIe&y=U2FsdGVkX195ulAx+acSQKZSLLRZwaBSsbKbeFDfesY= HTTP/1.1" 200 30
186.102.5.212 - - [08/Sep/2023:15:34:35 -0500] "GET /kwssiamovil/sm/acme/s?s=U2FsdGVkX1+bjT6jku/Zsz2ZydQVhxwdTZG1Wb5Zq0oDyWu2OVRX5dOpZXi2TyM1Q8bt5Lu22/wG9JJN5KidgBdQOsSQJesbd4qoV0R2XdE=&u=U2FsdGVkX19IjeCgBeZUSTEaq/ynLhTF09qe0zueDSY=&y=U2FsdGVkX195ulAx+acSQKZSLLRZwaBSsbKbeFDfesY= HTTP/1.1" 200 97
186.102.5.212 - - [08/Sep/2023:15:34:35 -0500] "GET /kwssiamovil/sm/acme/s?s=U2FsdGVkX1+bTfMX5nT2xObmX37PCLznm4zFfsIlqAxR+kDeI+YOnfDCK2uU9Zabo0nv5a91vo5gdeAnyQUtkQeQh8riTlhmKI2c17hbm2gkYk2EVuvHRes//AczzY1gpEQwO7ppKhh5/Z3Ysiyy9rTAwFpfWTI0HRI/QzkFcI+40RS9+H8I+6ZSquaZJxI4A9sXjkTvjD4KfpLbAMoKtakxLMPM7SqA/M5TSljD63m+yvFo4eLgtWP7fdtxrCyXdXKN3FCQwaT5HvK1g7pBbZQsB4PA3rQBDKpcnk0tf+RN/jMVuuVQdX5CAQDeQuekNp+AubN397j1R+fQc/VZoAdslCRXedYkOeCbn4l/N+hUsIS/kFO+U9VJlhSthhDnWRi9e9D1xTa53Cg8C12k7kyVfDPFV5VbNc/8ZuQdY3GcLTMXMwlAGv5NXE+uMukh9VEpVWIxLKtQuDuDkyU3xVs9QV/7B7VEcxqavOdOrCZbPq8aKtcOs7+3g1csgEME/zmmVBfp2v88p2ZfygPYxnGMaYBV+XnWnlug43iX773kX0Cb0jFMoQkjHDuIyRmZ9ZDV7OnlF/hJUyqt3yv0pz6n/HcGiI0A7tUyqACCpIiU3KggvOv4SMBsqMX9du2jjG9+15sb2rE3dCdUp/NFF4ktX8AN22XIznlZqH26FTiWDqCaHnlfdhmCfqWYm21ebTgl3tL7iigoyLg5p6CU5FFZxjKywsfIt2ZdMqMhxk45aiuw7wDWpJvlIN/Dt44abu1T4Ieg4OeCKPUyO8bD0gaYabNec7SwmvFeERIB5G+dUpYmByqW0D7H6THlvdAKZVrTI5Pq676iSorsrZ1GA+UHsmMSrWfX3VGeX6+Iy/ThDzOkvr4ifYr/mkCPOlu6w1zdstsPNz4ivbDo4Ltx9QxXMlzPDyMV8Y4eGaRxG4rNiCvK6GzXBSBDoQKrZwO8Z7wcRWx8Ir9rcvcA7nfQqQEwl95OfccS+99pNzM/W5rRS9VblXDxyr8PPKCdOFmxu91ax9EPR0bchUtjjAvsMIv8sbs0p+0NDcDZ3tpuLaycT3QLwUTsj+5eMdQidy3xQrg68Db87IVcawN8+zqZlvscsx/pFeFEzm6RGlo1Q/XegIRU/0QlLAqvnPZtmObBdOh/Lj0zURrcFvSKR4u/HOZRoup1wM+HQ2TlVUPDACZZBPbhMXLacjAM13x/3D3V1mbGMJDRBkwdcyeQ2wnMt6a0z7dG1CNHhOIuhTGTl+J89eV3H6MYBPtQ9BSosKzd7qGrt5YaWoaoAvma+salOdy6U3H94YtXVbcA+Qbc9XJXZgAVKElHnmlVD1ELpQzFTTVlgsKWzmPYl6iVs9rigmrjCniy8WlTD8rbZ5IRP0rKEb4418S9mhQHa9nuxB+qPZQPst1lvsFi7f/RijMyIRfVgqzZMB67kzuyu9CIABrWaA+Iwwvf4mG53pFqKuIYJTPdCU6BtmA7UV9DI5opxllaNiWj20TwepesvKNpORtyYdENappKY4rH1coxEiDNBVargJQjjVEWaqATZa3EB/G8QUGZ3TqESnUnkQE3WWjTsCRzMr5OTxopVHSVfk/M+MWRqPundZP1jDV2efNEUVw/5p7Hk6Sc1jQNljHADpXOcBM3E/lu9eRjVB5vvkx2AuNDncpWCsn1XW4ZiDcDtGCLZeTB5WC6SSZMfNCrHQVrRyJpj4CARkf59qBaLL/pBoS/2BXJ+HWYVU2FpXfPnA1/ptjpfVNLdL7rQVQANug=&u=U2FsdGVkX19IjeCgBeZUSTEaq/ynLhTF09qe0zueDSY=&y=U2FsdGVkX195ulAx+acSQKZSLLRZwaBSsbKbeFDfesY= HTTP/1.1" 200 405
186.102.5.212 - - [08/Sep/2023:15:34:35 -0500] "GET /kwssiamovil/sm/acme/s?s=U2FsdGVkX1/bQ4vyt91hMqLPPyUsAe8POT/9EOXdprcPvOzaxNO8SZIa83vKOr1AtXaV2lhmavmi2kg0G96Jrcf67NtfPwtUf719LcunGn4sHClamyfoQyxAG/QvqGTqAdwJ9ltYJhuFVvUTemONiSEJtNxGyZ0mtDqBVIvhI7TgTWkgMLD0rnVcosTBMn70dAXmXoU5DlML8Y8To5etqTugD58rNhQz3wEamjw5C/YJcEbNFaf/z8KeJNmNBFAxxrXEaevfPk5QqfgtGBGfsrHD+EnJthJGtQNmEPKPKpqjdz1f2U17k08UhdbwY1qsBzuyfb6KaZpK9iV61AlthBDmX1tNqc05nmNPc10HBtDuNXsKDRuhrS9GTShg+lJSPco18XkHKFHQiWBHHvwKD2rGJTueRqP9FTxfr/v0f3QgxIQuMM22EsIRNR7R4BMEizjxnobz0ZdczYPdhFjr73CTUp2t/lFiQGZb3RKIlFvvDPqObLveo6lG/DTIvtgFJWTyva8rZgvZOX58gWDGP/FDNqW2nNpe7AFmVX78Tf9ZAUP6pxvs52nCd11nifp9fZyMiuo5OrRpy43GHywIs0DZFD8NoH7Erk89IZYC2yYwMr9K1fV46aKjQ7uoVmAnHqPI35yVE+22y0b9s5rVmyBfzDzbSzUQFWiDmDTSiVnKpQzXvIww6Mgj8nRiv+X7U2L1rK1TF6oZsMvAAby72b/cekHt8BziRTpMnM6jGPiNtYbsDvH41Ji21IHpCdyF&u=U2FsdGVkX19IjeCgBeZUSTEaq/ynLhTF09qe0zueDSY=&y=U2FsdGVkX195ulAx+acSQKZSLLRZwaBSsbKbeFDfesY= HTTP/1.1" 200 1095
186.102.5.212 - - [08/Sep/2023:15:34:35 -0500] "GET /kwssiamovil/sm/cjson/pre?f=17&x=U2FsdGVkX18GEaM28MnXL1DLym33OzvTKeAFHAdpqgHYAqo8+Hhnuq1FDJnnIJIe HTTP/1.1" 200 12747
186.102.5.212 - - [08/Sep/2023:15:34:35 -0500] "GET /kwssiamovil/sm/cjson/pre?f=7&x=U2FsdGVkX18GEaM28MnXL1DLym33OzvTKeAFHAdpqgHYAqo8+Hhnuq1FDJnnIJIe HTTP/1.1" 200 93332
186.102.5.212 - - [08/Sep/2023:15:34:35 -0500] "GET /kwssiamovil/sm/cjson/pre?f=4&x=U2FsdGVkX18GEaM28MnXL1DLym33OzvTKeAFHAdpqgHYAqo8+Hhnuq1FDJnnIJIe HTTP/1.1" 200 33589
186.102.5.212 - - [08/Sep/2023:15:34:36 -0500] "GET /kwssiamovil/sm/cjson/pre?f=8&x=U2FsdGVkX18GEaM28MnXL1DLym33OzvTKeAFHAdpqgHYAqo8+Hhnuq1FDJnnIJIe HTTP/1.1" 200 36010
186.102.5.212 - - [08/Sep/2023:15:34:35 -0500] "GET /kwssiamovil/sm/cjson/pre?f=6&x=U2FsdGVkX18GEaM28MnXL1DLym33OzvTKeAFHAdpqgHYAqo8+Hhnuq1FDJnnIJIe HTTP/1.1" 200 34953
186.102.5.212 - - [08/Sep/2023:15:34:35 -0500] "GET /kwssiamovil/sm/cjson/pre?f=3&x=U2FsdGVkX18GEaM28MnXL1DLym33OzvTKeAFHAdpqgHYAqo8+Hhnuq1FDJnnIJIe HTTP/1.1" 200 94843
186.102.5.212 - - [08/Sep/2023:15:34:35 -0500] "GET /kwssiamovil/sm/cjson/pre?f=5&x=U2FsdGVkX18GEaM28MnXL1DLym33OzvTKeAFHAdpqgHYAqo8+Hhnuq1FDJnnIJIe HTTP/1.1" 200 96431
66.249.70.197 - - [08/Sep/2023:15:33:02 -0500] "HEAD /BLA/boletinlegal/index.php HTTP/1.1" 200 -
201.245.192.253 - - [08/Sep/2023:15:35:07 -0500] "POST /forms/lservlet;jsessionid=ac16012b30d6fe616ddb68764dacb333ec8eb017034b.e3iSbxaKaheRe34Rch0Ra3mLchv0n6jAmljGr5XDqQLvpAe HTTP/1.1" 200 2
216.244.66.195 - - [08/Sep/2023:15:35:13 -0500] "GET /BLA/resoluciones/AUTOS%202018/1302.pdf HTTP/1.1" 200 280003
216.245.221.92 - - [08/Sep/2023:15:35:26 -0500] "HEAD / HTTP/1.1" 200 -
84.46.254.102 - - [08/Sep/2023:15:35:32 -0500] "\x16\x03\x01\x02" 400 226
186.86.32.196 - - [08/Sep/2023:15:35:37 -0500] "GET /kwssiamovil/sm/ldap/au?x=U2FsdGVkX1/klhDS5V3PyVAGPdvupAmioAmcfHV/wwU2LjKS4ZwVXnYiPCyDOkMC&y=U2FsdGVkX1/eab2fZy4ApEi37OIJnRjl85nwDpanNxE= HTTP/1.1" 200 30
186.86.32.196 - - [08/Sep/2023:15:35:38 -0500] "GET /kwssiamovil/sm/acme/s?s=U2FsdGVkX1+AQNxRmLDolXog2/IqBF8/YoYrz7edrrNsVjonz8+HquK+a62m6Mhic9/3AjaOEht60fPJ85krJoLYhtX75Lf0zjy7rjPIa5M=&u=U2FsdGVkX1+SdArj6/IMeoj7YebLzVgJQnfmgfTzZgk=&y=U2FsdGVkX1/eab2fZy4ApEi37OIJnRjl85nwDpanNxE= HTTP/1.1" 200 97
186.86.32.196 - - [08/Sep/2023:15:35:38 -0500] "GET /kwssiamovil/sm/acme/s?s=U2FsdGVkX1+LCiQPivNlDYC8v1URWYG9sPoQEjnBNgc7QJVKxrgunmv4Y7gOxIxnsaF5IIN6Q1XQJ3UZOgweH7ZG1YjbOjMiih9j9S8RHeuwDGkaY9NifsC2uf5GONQQt+i1dRbvtqggYwv09PakQy5ozuJeyzP2ubhnleej78DD6KlUihi49EOOrrPGaWa2OSNhw2SU4lJ4gbW7Tt1of5FqbEx+dCE9aD9dJUVm1bauOOP9NHRBF1iI0tL5yjsHqZFPGgtC8h+RTMbwTs5JI56nMGmT12VOYXU4j7Nog5Lp5erq2+QRJO2IkcQlm4q/ze9DvchSRbVzmc2M4AW5aXPDPPbb3XET+xg1spN2Q72Jjh/EuKuBIXu6vlBu/K3e9kWmpRjVeREqVqWTds6H00H1Ooljr2W/o5m07dIsf48hELfrFZ+/eQwzy80LU+wte8dJy9V539mszWpUIL3t8FlW6djdvE9l4JzIgDjUSS/K5UxSBLFeeN7q1Fyc8FjgXJ85+dKU3VW0RRVLjbUWU+iqn+8BUF1fP9PhHEQjX4rxFO5MdrogDdocD+2VePDuAlYxOyuXdWoBQpng1UQb4cnEFvGoKcAEJh80m9tgZwNvf7yKSoaG1S0DbqlEa0c0QqziOggwKYTyHJ07QWLBXs0A2V3HiFMBsKvCwKD2M/N3LoP1Kb+l6UkhtTLNQT4XRO4H+a/f8J2oq9rSTnPz1YOXDtUyAG71aJos/7U3pLaLjTu1KLXF2ZHj1ZNxgCsvUAKZIBuqUDVEy/gCWWn7MHkbZ14vMu+sfK99IfNGxGWN7NykccasFsIsZHAg2T36toxQWXiVLgxjw2SZoKjGamtQJFogSoxmzArNX4wH4Ro+gBJh9g8fKDlruvml8+VzCB4Z3OWL/ZU/NDSxdu03Xb0phS4OgKA2HbwapTS2pKB2EoNyo1aoFYTL/pWbsUaycTLKK6R2DfVmIQMZAIWduUoB6wR2tmdbW7YXFlkAEQGwQnRnpjo+DuMxkn31YiA1c9t/wDsdeNP4wPSzqptEi5mScEO/3RC6ibef/etCH4YtWUTVYyT12o/gpk9qPWgq/uiFqdgBNv2exSNooe1Nrz1VA7iePrvMQ8RrGDMDcD2+JgOXkIBVIIcjE2WRc/zR/HUpPhkdaJBfplg9dII5gJ54qSOkOoRjLoLZwSRqb7v5mGiOhz+frbKmljSyqHp+PGHGGa6wsm7OpUTsJkBdpu8/MNR7QF4SR02yw34eXAhLVu1X36MMv1aXal7fZ8o/0I8IktN+aMKTWD6M8v5vodFk7pUpcqL0b7z+4J4rBNngpc4OV2uq2MqLDZ3jb6edWHTAn676aA3P3witVSb5qEN1XOYE3clK2D8MCASDpvmy6L+0Dw/Aw8dFEC6CQMdqflcfjiA2KfvdqzJR3K2UunF+1htIbfdfUimfGz8YqjkafvJPe/aJkk5DZR/YdnqD3dJLfhlREj1Z8Zw8XWsTHF3ijDKM0sQW2CFqL6ryAgaGEH8oa2JD78DHVb3Vo4Wa/d+EsCGLCjTn/JgSCwe3Hy376g6751ZCRtz6cT7ndLMIuIB/+HxlR1qwsk1rEmfvB/HCUE7b2+jpt67JiCpS8qV7fB2Gw727Qpa7FvoV8zAlNcrnogzuQE4D8LIs8jzALEayr6laV3wM9LoZgin7f7uwpOekPqbAObdBqQaAA0eQSpmJycY9Ap4AtzkGtlKBui5K9ab3vQhODUl/DLSeRSs6s3P8rcq4aC4ls4t20kg=&u=U2FsdGVkX1+SdArj6/IMeoj7YebLzVgJQnfmgfTzZgk=&y=U2FsdGVkX1/eab2fZy4ApEi37OIJnRjl85nwDpanNxE= HTTP/1.1" 200 3468
186.86.32.196 - - [08/Sep/2023:15:35:38 -0500] "GET /kwssiamovil/sm/acme/s?s=U2FsdGVkX1+DhjdNIhv9GIlJWJLd3Ok+Zv1y4/02knAj8i+3wAy3AEcivP0XxJAULbv2H5HvOFihLF4bHsQfXh3dRxuBaepJ8WJeASuJlchlyF0hfsHbUNfs8t2sMa/5t90RJFO+IOW1sX0P5HjEuFTzE8X0W+kXdo58EuebiZJ++MSl/LFlSTBIqalZPUpf/JWf7nh2zCwZ4kn0jRrM93h7neicGjafkMY7oudfZkeZoqjfSpfHQ+rdWx3QGmO7Eas08tBrMFguHSNg6AEcjeqpLWEEMVDeKs0naExFF/lh0e5Ma4yAH0hqW0Fu7wHyzWZZ/rHMJW22Ha754Ch0z/NPuLgtT7EK6/Z8k1QZTjQs9ARo8M6rD9ZsYAWwN5fmCwVPU5nYrEaI1+BRUbZJxOH78G9xtY2DVbY04oKD/KGJRyBUSuu6SP1vt/rxEMe2kwIAYLCdNnoKSAJF602PUJBU807dvC/xnOSM3RPsqeAxRjN38ZS9zQi4QOY6uEnVlBmH7r8HXMeFq1FYRZxeFaUeWxyqEFuwkFDCNGzgNZMLro6CI0Jj742ABluhryhZRfAHx9Y56kIbCSJkVBFLmwqEg0ziVfv9cqNoJkcziPzfLBE9E737W4UekOus+UmyKM5kQ8mMOh8IDJ6EfZNlkJzSMkyvG/OXDna9JRNAV4MqZdBO0nM7H7vySODXRmteQBD2q4w/WIcljQ1CunM42O9lI/ysRTViRbSmmIn59O00JWpGACxGDNkDFMWlxNd3&u=U2FsdGVkX1+SdArj6/IMeoj7YebLzVgJQnfmgfTzZgk=&y=U2FsdGVkX1/eab2fZy4ApEi37OIJnRjl85nwDpanNxE= HTTP/1.1" 200 208
186.86.32.196 - - [08/Sep/2023:15:35:38 -0500] "GET /kwssiamovil/sm/cjson/pre?f=1&x=U2FsdGVkX1/klhDS5V3PyVAGPdvupAmioAmcfHV/wwU2LjKS4ZwVXnYiPCyDOkMC HTTP/1.1" 200 31032
216.244.66.195 - - [08/Sep/2023:15:35:49 -0500] "GET /BLA/resoluciones/AUTOS%202018/1401.pdf HTTP/1.1" 200 271158
201.245.192.253 - - [08/Sep/2023:15:35:52 -0500] "POST /forms/lservlet;jsessionid=ac16012b30d6b9066179a89f4b5f9ed2a98d289e7ac2.e3iSbxaKaheRe34Rch0Ra3mLchv0n6jAmljGr5XDqQLvpAe HTTP/1.1" 200 7
201.245.192.253 - - [08/Sep/2023:15:36:04 -0500] "POST /forms/lservlet;jsessionid=ac16012b30d6b9066179a89f4b5f9ed2a98d289e7ac2.e3iSbxaKaheRe34Rch0Ra3mLchv0n6jAmljGr5XDqQLvpAe HTTP/1.1" 200 2
201.245.192.253 - - [08/Sep/2023:15:36:13 -0500] "POST /kwsrmcab/Wsrmcab  HTTP/1.1" 200 42865
201.245.192.253 - - [08/Sep/2023:15:36:24 -0500] "POST /forms/lservlet;jsessionid=ac16012b30d65962943bc1d1484c974eac862b03ab49.e3iSbxaKaheRe34Rch0Ra3mLchv0n6jAmljGr5XDqQLvpAe HTTP/1.1" 200 2
216.244.66.195 - - [08/Sep/2023:15:36:29 -0500] "GET /BLA/resoluciones/AUTOS%202018/1951.pdf HTTP/1.1" 200 267963
172.22.2.4 - - [08/Sep/2023:15:35:02 -0500] "GET /BLA/boletinlegal/ HTTP/1.1" 200 58187
216.244.66.195 - - [08/Sep/2023:15:37:03 -0500] "GET /BLA/resoluciones/RESOLUCIONES%202004/1575.pdf HTTP/1.1" 200 58999
201.245.192.253 - - [08/Sep/2023:15:37:07 -0500] "POST /forms/lservlet;jsessionid=ac16012b30d6fe616ddb68764dacb333ec8eb017034b.e3iSbxaKaheRe34Rch0Ra3mLchv0n6jAmljGr5XDqQLvpAe HTTP/1.1" 200 2
66.249.66.194 - - [08/Sep/2023:15:37:15 -0500] "GET /por-un-corazon-mas-verde-del-1-al-9-de-junio-se-celebrara-la-semana-ambiental-2023-en-bogota.html HTTP/1.1" 200 819
172.22.2.4 - - [08/Sep/2023:15:35:48 -0500] "HEAD /BLA/boletinlegal/ HTTP/1.1" 200 -
216.244.66.195 - - [08/Sep/2023:15:37:33 -0500] "GET /BLA/resoluciones/RESOLUCIONES%202016/0268.pdf HTTP/1.1" 200 884013
201.245.192.253 - - [08/Sep/2023:15:38:04 -0500] "POST /forms/lservlet;jsessionid=ac16012b30d6b9066179a89f4b5f9ed2a98d289e7ac2.e3iSbxaKaheRe34Rch0Ra3mLchv0n6jAmljGr5XDqQLvpAe HTTP/1.1" 200 2
157.90.244.54 - - [08/Sep/2023:15:38:12 -0500] "GET / HTTP/1.1" 200 319
157.90.244.54 - - [08/Sep/2023:15:38:13 -0500] "GET / HTTP/1.1" 200 4720
172.22.2.4 - - [08/Sep/2023:15:36:39 -0500] "GET /BLA/boletinlegal/ HTTP/1.1" 200 58187
216.244.66.195 - - [08/Sep/2023:15:38:23 -0500] "GET /BLA/resoluciones/RESOLUCIONES%202016/0484.pdf HTTP/1.1" 200 484804
201.245.192.253 - - [08/Sep/2023:15:38:24 -0500] "POST /forms/lservlet;jsessionid=ac16012b30d65962943bc1d1484c974eac862b03ab49.e3iSbxaKaheRe34Rch0Ra3mLchv0n6jAmljGr5XDqQLvpAe HTTP/1.1" 200 2
201.245.192.253 - - [08/Sep/2023:15:38:51 -0500] "POST /forms/lservlet;jsessionid=ac16012b30d6b9066179a89f4b5f9ed2a98d289e7ac2.e3iSbxaKaheRe34Rch0Ra3mLchv0n6jAmljGr5XDqQLvpAe HTTP/1.1" 200 7
201.245.192.253 - - [08/Sep/2023:15:38:49 -0500] "POST /kwsrmcab/Wsrmcab HTTP/1.1" 200 40682
201.245.192.253 - - [08/Sep/2023:15:38:53 -0500] "POST /forms/lservlet;jsessionid=ac16012b30d6b9066179a89f4b5f9ed2a98d289e7ac2.e3iSbxaKaheRe34Rch0Ra3mLchv0n6jAmljGr5XDqQLvpAe HTTP/1.1" 200 1323
201.245.192.253 - - [08/Sep/2023:15:38:53 -0500] "POST /forms/lservlet;jsessionid=ac16012b30d6b9066179a89f4b5f9ed2a98d289e7ac2.e3iSbxaKaheRe34Rch0Ra3mLchv0n6jAmljGr5XDqQLvpAe HTTP/1.1" 200 10
201.245.192.253 - - [08/Sep/2023:15:38:55 -0500] "POST /forms/lservlet;jsessionid=ac16012b30d6b9066179a89f4b5f9ed2a98d289e7ac2.e3iSbxaKaheRe34Rch0Ra3mLchv0n6jAmljGr5XDqQLvpAe HTTP/1.1" 200 24
201.245.192.253 - - [08/Sep/2023:15:38:53 -0500] "POST /kwsrmcab/Wsrmcab HTTP/1.1" 200 43622
201.245.192.253 - - [08/Sep/2023:15:38:57 -0500] "POST /forms/lservlet;jsessionid=ac16012b30d6b9066179a89f4b5f9ed2a98d289e7ac2.e3iSbxaKaheRe34Rch0Ra3mLchv0n6jAmljGr5XDqQLvpAe HTTP/1.1" 200 2255
172.22.2.4 - - [08/Sep/2023:15:38:58 -0500] "GET /BLA/boletinlegal/Circulares/2019/.pdf HTTP/1.1" 404 1218
201.245.192.253 - - [08/Sep/2023:15:39:01 -0500] "POST /forms/lservlet;jsessionid=ac16012b30d6b9066179a89f4b5f9ed2a98d289e7ac2.e3iSbxaKaheRe34Rch0Ra3mLchv0n6jAmljGr5XDqQLvpAe HTTP/1.1" 200 7
201.245.192.253 - - [08/Sep/2023:15:39:07 -0500] "POST /forms/lservlet;jsessionid=ac16012b30d6fe616ddb68764dacb333ec8eb017034b.e3iSbxaKaheRe34Rch0Ra3mLchv0n6jAmljGr5XDqQLvpAe HTTP/1.1" 200 2
216.244.66.195 - - [08/Sep/2023:15:39:08 -0500] "GET /BLA/resoluciones/RESOLUCIONES%202016/0842.pdf HTTP/1.1" 200 403234
201.245.192.253 - - [08/Sep/2023:15:39:26 -0500] "POST /forms/lservlet;jsessionid=ac16012b30d6b9066179a89f4b5f9ed2a98d289e7ac2.e3iSbxaKaheRe34Rch0Ra3mLchv0n6jAmljGr5XDqQLvpAe HTTP/1.1" 200 7
216.244.66.195 - - [08/Sep/2023:15:39:38 -0500] "GET /BLA/resoluciones/RESOLUCIONES%202016/1231.pdf HTTP/1.1" 200 2224541
201.245.192.253 - - [08/Sep/2023:15:40:04 -0500] "POST /forms/lservlet;jsessionid=ac16012b30d6b9066179a89f4b5f9ed2a98d289e7ac2.e3iSbxaKaheRe34Rch0Ra3mLchv0n6jAmljGr5XDqQLvpAe HTTP/1.1" 200 2
201.245.192.253 - - [08/Sep/2023:15:40:24 -0500] "POST /forms/lservlet;jsessionid=ac16012b30d65962943bc1d1484c974eac862b03ab49.e3iSbxaKaheRe34Rch0Ra3mLchv0n6jAmljGr5XDqQLvpAe HTTP/1.1" 200 2
216.245.221.92 - - [08/Sep/2023:15:40:26 -0500] "HEAD / HTTP/1.1" 200 -
216.244.66.195 - - [08/Sep/2023:15:40:28 -0500] "GET /BLA/resoluciones/RESOLUCIONES%202016/1279.pdf HTTP/1.1" 200 705052
216.244.66.195 - - [08/Sep/2023:15:40:59 -0500] "GET /BLA/resoluciones/RESOLUCIONES%202016/1527.pdf HTTP/1.1" 200 676131
201.245.192.253 - - [08/Sep/2023:15:41:07 -0500] "POST /forms/lservlet;jsessionid=ac16012b30d6fe616ddb68764dacb333ec8eb017034b.e3iSbxaKaheRe34Rch0Ra3mLchv0n6jAmljGr5XDqQLvpAe HTTP/1.1" 200 2
201.245.192.253 - - [08/Sep/2023:15:41:12 -0500] "POST /kwsrmcab/Wsrmcab  HTTP/1.1" 200 42865
216.244.66.195 - - [08/Sep/2023:15:41:33 -0500] "GET /BLA/resoluciones/RESOLUCIONES%202016/2426.pdf HTTP/1.1" 200 514768
201.245.192.253 - - [08/Sep/2023:15:42:04 -0500] "POST /forms/lservlet;jsessionid=ac16012b30d6b9066179a89f4b5f9ed2a98d289e7ac2.e3iSbxaKaheRe34Rch0Ra3mLchv0n6jAmljGr5XDqQLvpAe HTTP/1.1" 200 2
201.245.192.253 - - [08/Sep/2023:15:42:11 -0500] "POST /forms/lservlet;jsessionid=ac16012b30d6b9066179a89f4b5f9ed2a98d289e7ac2.e3iSbxaKaheRe34Rch0Ra3mLchv0n6jAmljGr5XDqQLvpAe HTTP/1.1" 200 94
201.245.192.253 - - [08/Sep/2023:15:42:13 -0500] "POST /forms/lservlet;jsessionid=ac16012b30d6b9066179a89f4b5f9ed2a98d289e7ac2.e3iSbxaKaheRe34Rch0Ra3mLchv0n6jAmljGr5XDqQLvpAe HTTP/1.1" 200 1323
201.245.172.17 - - [08/Sep/2023:15:42:13 -0500] "POST /sipse/faces/presentacion/financiero/solicitudProceso/listarSolicitudProceso.xhtml HTTP/1.1" 200 56814
201.245.172.17 - - [08/Sep/2023:15:42:14 -0500] "POST /sipse/faces/presentacion/financiero/solicitudProceso/listarSolicitudProceso.xhtml HTTP/1.1" 200 56814
216.244.66.195 - - [08/Sep/2023:15:42:14 -0500] "GET /BLA/resoluciones/RESOLUCIONES%202016/2575.pdf HTTP/1.1" 200 365965
201.245.172.17 - - [08/Sep/2023:15:42:14 -0500] "POST /sipse/faces/presentacion/financiero/solicitudProceso/listarSolicitudProceso.xhtml HTTP/1.1" 200 56814
201.245.172.17 - - [08/Sep/2023:15:42:15 -0500] "POST /sipse/faces/presentacion/financiero/solicitudProceso/listarSolicitudProceso.xhtml HTTP/1.1" 200 56814
201.245.172.17 - - [08/Sep/2023:15:42:15 -0500] "POST /sipse/faces/presentacion/financiero/solicitudProceso/listarSolicitudProceso.xhtml HTTP/1.1" 200 1560
201.245.172.17 - - [08/Sep/2023:15:42:15 -0500] "POST /sipse/faces/presentacion/financiero/solicitudProceso/listarSolicitudProceso.xhtml HTTP/1.1" 200 1568
201.245.172.17 - - [08/Sep/2023:15:42:15 -0500] "POST /sipse/faces/presentacion/financiero/solicitudProceso/listarSolicitudProceso.xhtml HTTP/1.1" 200 1568
201.245.172.17 - - [08/Sep/2023:15:42:15 -0500] "POST /sipse/faces/presentacion/financiero/solicitudProceso/listarSolicitudProceso.xhtml HTTP/1.1" 200 1568
201.245.192.253 - - [08/Sep/2023:15:42:19 -0500] "POST /forms/lservlet;jsessionid=ac16012b30d6b9066179a89f4b5f9ed2a98d289e7ac2.e3iSbxaKaheRe34Rch0Ra3mLchv0n6jAmljGr5XDqQLvpAe HTTP/1.1" 200 10
201.245.192.253 - - [08/Sep/2023:15:42:21 -0500] "POST /forms/lservlet;jsessionid=ac16012b30d6b9066179a89f4b5f9ed2a98d289e7ac2.e3iSbxaKaheRe34Rch0Ra3mLchv0n6jAmljGr5XDqQLvpAe HTTP/1.1" 200 24
201.245.192.253 - - [08/Sep/2023:15:42:24 -0500] "POST /forms/lservlet;jsessionid=ac16012b30d65962943bc1d1484c974eac862b03ab49.e3iSbxaKaheRe34Rch0Ra3mLchv0n6jAmljGr5XDqQLvpAe HTTP/1.1" 200 2
201.245.192.253 - - [08/Sep/2023:15:42:24 -0500] "POST /forms/lservlet;jsessionid=ac16012b30d6b9066179a89f4b5f9ed2a98d289e7ac2.e3iSbxaKaheRe34Rch0Ra3mLchv0n6jAmljGr5XDqQLvpAe HTTP/1.1" 200 1960
201.245.192.253 - - [08/Sep/2023:15:42:27 -0500] "POST /forms/lservlet;jsessionid=ac16012b30d6b9066179a89f4b5f9ed2a98d289e7ac2.e3iSbxaKaheRe34Rch0Ra3mLchv0n6jAmljGr5XDqQLvpAe HTTP/1.1" 200 7
201.245.192.253 - - [08/Sep/2023:15:42:38 -0500] "POST /forms/lservlet;jsessionid=ac16012b30d6b9066179a89f4b5f9ed2a98d289e7ac2.e3iSbxaKaheRe34Rch0Ra3mLchv0n6jAmljGr5XDqQLvpAe HTTP/1.1" 200 7
201.245.192.253 - - [08/Sep/2023:15:42:40 -0500] "POST /forms/lservlet;jsessionid=ac16012b30d6b9066179a89f4b5f9ed2a98d289e7ac2.e3iSbxaKaheRe34Rch0Ra3mLchv0n6jAmljGr5XDqQLvpAe HTTP/1.1" 200 13
201.245.192.253 - - [08/Sep/2023:15:42:41 -0500] "POST /forms/lservlet;jsessionid=ac16012b30d6b9066179a89f4b5f9ed2a98d289e7ac2.e3iSbxaKaheRe34Rch0Ra3mLchv0n6jAmljGr5XDqQLvpAe HTTP/1.1" 200 1323
201.245.192.253 - - [08/Sep/2023:15:42:41 -0500] "POST /forms/lservlet;jsessionid=ac16012b30d6b9066179a89f4b5f9ed2a98d289e7ac2.e3iSbxaKaheRe34Rch0Ra3mLchv0n6jAmljGr5XDqQLvpAe HTTP/1.1" 200 10
201.245.192.253 - - [08/Sep/2023:15:42:42 -0500] "POST /forms/lservlet;jsessionid=ac16012b30d6b9066179a89f4b5f9ed2a98d289e7ac2.e3iSbxaKaheRe34Rch0Ra3mLchv0n6jAmljGr5XDqQLvpAe HTTP/1.1" 200 24
201.245.192.253 - - [08/Sep/2023:15:42:47 -0500] "POST /forms/lservlet;jsessionid=ac16012b30d6b9066179a89f4b5f9ed2a98d289e7ac2.e3iSbxaKaheRe34Rch0Ra3mLchv0n6jAmljGr5XDqQLvpAe HTTP/1.1" 200 2145
216.244.66.195 - - [08/Sep/2023:15:42:49 -0500] "GET /BLA/resoluciones/RESOLUCIONES%202017/0419.pdf HTTP/1.1" 200 603870
201.245.192.253 - - [08/Sep/2023:15:42:50 -0500] "POST /forms/lservlet;jsessionid=ac16012b30d6b9066179a89f4b5f9ed2a98d289e7ac2.e3iSbxaKaheRe34Rch0Ra3mLchv0n6jAmljGr5XDqQLvpAe HTTP/1.1" 200 7
66.249.70.196 - - [08/Sep/2023:15:42:50 -0500] "GET /BLA/resoluciones/RESOLUCIONES%202009/8855.pdf HTTP/1.1" 200 186459
186.84.90.74 - - [08/Sep/2023:15:42:54 -0500] "OPTIONS /kwssiamovil/sm/setfile/f? HTTP/1.1" 200 13
186.84.90.74 - - [08/Sep/2023:15:42:54 -0500] "POST /kwssiamovil/sm/setfile/f? HTTP/1.1" 200 381
201.245.192.253 - - [08/Sep/2023:15:42:57 -0500] "POST /forms/lservlet;jsessionid=ac16012b30d6b9066179a89f4b5f9ed2a98d289e7ac2.e3iSbxaKaheRe34Rch0Ra3mLchv0n6jAmljGr5XDqQLvpAe HTTP/1.1" 200 7
201.245.192.253 - - [08/Sep/2023:15:43:07 -0500] "POST /forms/lservlet;jsessionid=ac16012b30d6fe616ddb68764dacb333ec8eb017034b.e3iSbxaKaheRe34Rch0Ra3mLchv0n6jAmljGr5XDqQLvpAe HTTP/1.1" 200 2
40.77.167.6 - - [08/Sep/2023:15:43:07 -0500] "GET /Publicaciones/2023EE207071.pdf HTTP/1.1" 200 231843
186.84.90.74 - - [08/Sep/2023:15:43:10 -0500] "GET /kwssiamovil/sm/acme/a?s=U2FsdGVkX1+EGzoCWAOfGX0fHqOJB0v268VttExvR2w5PjIDxc3pBJ1TqiLWBM5BXMpvYQgwn9uq7jGm8Q7cwFRFTvH6jqmxIV55VdLjI58C5YTjrxyKqHXhWiaNy1MmdDg+n69S8sh3nFZhdv2S6NNwwrepCOhCf2AlL1Le7C+7JCMi7+PzyWrkpz9bHUi6jnucievqHDNVWAGQejU5pvgA5bSgcvcrQBA20CDcXUvOor9+VZW/6gvOpGzWKropyuEy725Qezpx4n6GINpfgw==&u=U2FsdGVkX18NK6RQ3y5Bwu7Aqz5E2JRtYh3Ayod9OcY=&y=U2FsdGVkX1+f2o95JBPTto73XRPzurjxsyy91gL9D+HKzdkRWbovDo7+1366kkVo HTTP/1.1" 200 26
186.84.90.74 - - [08/Sep/2023:15:43:11 -0500] "GET /kwssiamovil/sm/acme/a?s=U2FsdGVkX19k2u5p74KxGB+HnrSQm+ssEsxfPFJGuOyD8Sc+G3NGS8w5w8gsxVovryc0PiBggNqiaJci5QYi9f8xDpyCZ65QKGilMT6BToIY98NLpmH++5nv+lai0pjNARTDgJ+nT6X4NgYJ8juMc1/4akpWxUObBe680wPUOXZJiF79ea2ptyRmqvB2vQQfp4pqUne6SuXAGIMXUwV3CoDGd4792D8/AphcUS3Sz5U2bcTMpqg7DZsR3GWyCFt9hP5gGOMPmZiXzpw8Mzhil8VLpc5F7NfB8Xg9Sn7DjJMsQ8d83TYR8TjLdzpuL0lffpfDlxggQorVCbSq0wMXXwDUprFUMh5tJXNNzGK6R/PqqfV8bktIxbcvkOTF1oSqojIo5h+WdUloPViKRJuPLaJnW7NhlWOAWizxKdbPKsDsZyGao6pWLTWq/fSkFKBscOcPUtwQnr7b8kj52eL5neXarqvvx0SWnCd2kDlqZ9mqNwINrdUJlb/3xc39WLKH7DLXVmS9y4CgPIcQWX37C5D8kbvgd7V+iCmJ7dJIO5PVsjQqfZqSlTe3/dFytGVD3WaHqlBL/WJa7SpJ5ILcuYX7jTDreqSaBWil57uhPb5zrs7ymJBxJDH70hAfAeWYhYiNAA8aZLNpHGy6LrpQUvnlerY7Wth2yHTwnUL/JlZlLR+c2UbBufAnCMJsJkYMUZcRwX6RSeY9wHZmIfouZKm2xzvmCuVwzdrHxWkJaSIAgYZhjYCl4hdl/egKyyJVhaVgaHbPCWSz7/yYuH7iFaz6HWjrGaxXZv4FNbYkXNRaeS6emZVqip0hr47PheasXaff7pvgUzjQSROyElxspUPk2YsKrTs4i+lUZ9uDFdSQGy/c1vvPTc7n29plyRJmHpZMyYUC+l1/cgf0xzoENN8Z4xzT4BesleAHhW3M2OI+BMhYdkcDll91DsK7rb3uQRItIa823nN5J/ULwezD/7CPcbYbu3u4PETKdgIAJwUWopqakj1IqeNPKPZieMwz947OVfreC4v0qsTrbqO3EzeOXinhxjaDTO/c81TwrdTpPPfZdshnvhbvg6ZrnjXMtxpZKJ2fxUmTrxk2J8pc0oFdHXyW9JH/csMWMmxm103T8P9mrSx8QiovcvZzJp0cV21sAhfZJSD/gQ2uQoHX7GSF9pn7N3KKOxWTBQm4B42TaqvqxOF87/RVJx8xCLr728L81GgpBNm0h1PWKPp5Kmo4HePr02iPcWZfPpyLhqElcwv9FJJZHu7RJ+wc9rk8hBE+HuaVrSNqpkz6wO2iZ6kbVzTNcv1QNZpqDILoPKkBw54BwHi5Qgtv+sPE7jaqCsHVXc0VQG1XFIZqpgp0GUaqI4cE+/JA9jc2CopnXslFRJ4EbAilHvAgZhlfKOl6MxB2ZANcO2hHj5eFffx89X5Xhmbq20wwA3JRMYKoc4eZ/Py7+d2uVfi+TiwVcmXCNw4lklrUMPwSGcFadVW0UP+pSurP8Z5XZ0BA6zPxFEGts89Lz5v0axkWlov5plN1ILwYC3IUUiYJyAbig1ISo6t3DFib4KrHie4UZSHY9oeTbk5z+N5fyMSjifVoyZlaURezTsyepal7BAVG8S1xDUef2/4JyBGH/pH6y3w0Gd0/X0fLEg8bfqdkyrJDULjiy/74l4xQWLJYrdACVz17e+fVuwsiYoR1aa1ndWSJmovpLN+hZL4++dwB77Z7yQhdVv28mB0lyW9FohPDIlSogAmUBxOmZqnYm5XDukyy/23k97nSLu+e3/1HwyIEwFtuOa/lq5TEIPVG14N+ba2Fyza1QqAh7o9gGHqowInXmZP1h3bg2j+AbFdAc+lW5GisWAvwsObaoh4e03asyoFHKbavpw7QG6xVSPxbb4lT9CBlwTF0W9Rm82CvZK1hn7/M3Fg2z8y7khJQVgSTRfaBnQ+4AuOZ1YwDsUqcWaX6F5Tvue6pmU314VeOjT71PiVuhIM4vXR9SnE+4uystqdhLfW9cTkYtU9O4wM2/9QNRnZYkxFDwyLyNW9sdFlKf0jb5M3eB3B10RijudYQI+dcBGRlKmcWquBbMFwYJx/oc+FLPLs9yxt2APVfjUqPwW/zne7qXMahBBpmhjjefnjIRhzMMbdfjVVF9xrmVKBdXaQPHzB4i77Ys/LKdm5PIcVMnOZqbldbUMfwftSW9WjkKdjNoJKdN103b+2divIdA5qRPmOeBaBfwIgLlUawsCZQGswxTfdWlqySL4jutxCvLyo8ULRJluxRv6ivQz1WgsHy33iNbE1990mhY7wDr49CWhKYiAeIrEloDUlgjANx695LRg7GgddW6JFn0dZZ/ms=&u=U2FsdGVkX18NK6RQ3y5Bwu7Aqz5E2JRtYh3Ayod9OcY=&y=U2FsdGVkX1+f2o95JBPTto73XRPzurjxsyy91gL9D+HKzdkRWbovDo7+1366kkVo HTTP/1.1" 200 26
186.84.90.74 - - [08/Sep/2023:15:43:11 -0500] "GET /kwssiamovil/sm/acme/a?s=U2FsdGVkX1/KkS6a0xsgciglaiM4He8E9Gug++XD5eEIQbemX8mBCd1AnJMptG+oIBmXsZ6+AoAgwMr0r6vqbyet92xZD0EOVb4cPZ6AYnBesBOCh/aU1v2l8xpEu4z9H4CIDp4mmxNGoZufKqzzGgzuyiMUigPWZmH8+W+aUR0=&u=U2FsdGVkX18NK6RQ3y5Bwu7Aqz5E2JRtYh3Ayod9OcY=&y=U2FsdGVkX1+f2o95JBPTto73XRPzurjxsyy91gL9D+HKzdkRWbovDo7+1366kkVo HTTP/1.1" 200 26
186.84.90.74 - - [08/Sep/2023:15:43:11 -0500] "GET /kwssiamovil/sm/acme/a?s=U2FsdGVkX19jjBvjZYxj+Ag/gSefjce0QJQh5DMTdtgD7YbXsqKJ4dCYBwtvVZi6IZ4Kf2CXmoC3UuEGV4x4fh2F6tc62SA3++SYe9+A204pHGhH1XVdLW81qgKeO/sh4OhxRIUHN9Agwlh6FmiIWGxgprbgbgyXRGKjzwm0IeA=&u=U2FsdGVkX18NK6RQ3y5Bwu7Aqz5E2JRtYh3Ayod9OcY=&y=U2FsdGVkX1+f2o95JBPTto73XRPzurjxsyy91gL9D+HKzdkRWbovDo7+1366kkVo HTTP/1.1" 200 26
186.84.90.74 - - [08/Sep/2023:15:43:11 -0500] "GET /kwssiamovil/sm/acme/a?s=U2FsdGVkX1/KVMB6/1c+vqMRogDfTZ4b0h7wyY12ibjebIEJdcF3wNTr8bgRGNNYuIklv1MLMM4QGRhv3QVpLkQt3euqhNwHZHWrzIc/AWONZAM1Mb9os06/4v5aolWNeX1IzeNnlt8e31V3PrSTvrvhqtUsihfl41oLDZrgxBs=&u=U2FsdGVkX18NK6RQ3y5Bwu7Aqz5E2JRtYh3Ayod9OcY=&y=U2FsdGVkX1+f2o95JBPTto73XRPzurjxsyy91gL9D+HKzdkRWbovDo7+1366kkVo HTTP/1.1" 200 26
186.84.90.74 - - [08/Sep/2023:15:43:12 -0500] "GET /kwssiamovil/sm/acme/a?s=U2FsdGVkX1+1XC//6VlbDdUF76gWxUGBmjJ4xNS++nepE26dGRzlYQQU4/QtiYOeBB/CuBIJBYdLepO/QYSHuhzmHwHn7u5ZiXaYA/6WmQkHjUy+oQ1EhQ72jmr5mp9AmIuK4NkeTftpa1dMnJjPA0FUiD6qnffVCgSeRvgk6va7/qwBCm9WMh2RfhTnGokaGPIlbA6+EseRvMuSjMRzPA==&u=U2FsdGVkX18NK6RQ3y5Bwu7Aqz5E2JRtYh3Ayod9OcY=&y=U2FsdGVkX1+f2o95JBPTto73XRPzurjxsyy91gL9D+HKzdkRWbovDo7+1366kkVo HTTP/1.1" 200 26
186.84.90.74 - - [08/Sep/2023:15:43:12 -0500] "GET /kwssiamovil/sm/acme/a?s=U2FsdGVkX1+O1LBO7tLcxlm/dTvfc5MnxxKZaCU0KlAzbIod88vDcBL03ltRFgSPY1L9bcL8jH8+CO0aMlGF4v54a7rYKPp8GTZzKKjv+8csHzCWtoCT09yTc2EuOWOvqcHXxJA6syVbgXiH3ohLmmRzi4q4nzPoPhE1arm8Muk6q/KTavnkfmpVy5W5EYvoyNIp6uc9w4a26GgUKGku8HBEnbbqjUCqfZ/skZ/eD+O8oKCsgg7NIaEmT25ZxuadlU2trGlozB9WWuVu7TeTxikK+4bPdikRlZeBboIcS24edw9NfJ59hk4JfGHLy6krLnaNb2K5NmOStp+cXo6Zy2JogDxM/uHu1yKSD0BjMD0s3Yhs2pKRDc0f2JfmjqVMpDmmpEXd9hAve5PceU/eRA3Ev6dY9cl40PUXNPreosH02oZYdh2CQqFJTVrCgrxQGkQ922UbU6zN9TFS70I6oXnyUGehmtxH3UYtDFbWtDpVavDKPmh9NXWIcv+b24lEFZ6zx5cNQFPpp3WaYiums2iOXOTa6nfYujb0jXamFXk=&u=U2FsdGVkX18NK6RQ3y5Bwu7Aqz5E2JRtYh3Ayod9OcY=&y=U2FsdGVkX1+f2o95JBPTto73XRPzurjxsyy91gL9D+HKzdkRWbovDo7+1366kkVo HTTP/1.1" 200 25
186.84.90.74 - - [08/Sep/2023:15:43:12 -0500] "GET /kwssiamovil/sm/acme/a?s=U2FsdGVkX182sUzY9vxFXwedNkPwkGLxQM9VAx3sylwZjbUC9RSLMdE99zpwyY+/QhKuwQA9dqiS5KDARCQaK4u2sd9G4VYbYuoqnSTifu1QG7maMZBAmtpcVoTObfDhZS7/tOkZx2Ok8nn9V9PQnzu9fBq3Vt1tt64CfaTl+PT0SCNzhJwi+NUYV8sU3Rr4FKfcMco+F3rH6zkXHESClOwvn2uQhYwIXo7HU250PRUdnEP4SweN7tUdvqatSga/06+PrI+JWG8u3JeufKn/IZbSofwM7SrKhFsSAh6LJhHLlTGtGtRf/4iNhCSVc6pOzKMjKvQCwHMddA9aSEcSv/8gxdSDfpOA8loP56wkG1Va/lItsxH0CNZoWf0PSGkfXqKuF6UwAgiEhlcd2t1Dl/8w/VbN/zqZIWGZmMvuWdDiUJrhHhIHLItDEA0o6rIjtgpuCSiYjaVNs0CP77xaTzVYiQoOj1NaAdZLG4RAe5s2NLDU1aNCG8jhqlWxcG+2&u=U2FsdGVkX18NK6RQ3y5Bwu7Aqz5E2JRtYh3Ayod9OcY=&y=U2FsdGVkX1+f2o95JBPTto73XRPzurjxsyy91gL9D+HKzdkRWbovDo7+1366kkVo HTTP/1.1" 200 25
172.22.2.4 - - [08/Sep/2023:15:41:39 -0500] "HEAD /BLA/boletinlegal/ HTTP/1.1" 200 -
216.244.66.195 - - [08/Sep/2023:15:43:19 -0500] "GET /BLA/resoluciones/RESOLUCIONES%202017/0702.pdf HTTP/1.1" 200 307017
201.245.172.17 - - [08/Sep/2023:15:43:43 -0500] "POST /sipse/faces/presentacion/financiero/solicitudProceso/listarSolicitudProceso.xhtml HTTP/1.1" 200 140638
201.245.172.17 - - [08/Sep/2023:15:43:46 -0500] "GET /sipse/faces/javax.faces.resource/primefaces.css?ln=primefaces&v=4.0 HTTP/1.1" 304 -
201.245.172.17 - - [08/Sep/2023:15:43:46 -0500] "GET /sipse/faces/javax.faces.resource/jquery/jquery.js?ln=primefaces&v=4.0 HTTP/1.1" 304 -
201.245.172.17 - - [08/Sep/2023:15:43:46 -0500] "GET /sipse/faces/javax.faces.resource/theme.css?ln=primefaces-sipse HTTP/1.1" 304 -
201.245.172.17 - - [08/Sep/2023:15:43:46 -0500] "GET /sipse/css/imagen/contrasena.png HTTP/1.1" 404 383
201.245.172.17 - - [08/Sep/2023:15:43:46 -0500] "GET /sipse/faces/javax.faces.resource/layout/layout.css?ln=primefaces&v=4.0 HTTP/1.1" 304 -
201.245.172.17 - - [08/Sep/2023:15:43:46 -0500] "GET /sipse/faces/javax.faces.resource/jquery/jquery-plugins.js?ln=primefaces&v=4.0 HTTP/1.1" 304 -
201.245.172.17 - - [08/Sep/2023:15:43:46 -0500] "GET /sipse/faces/javax.faces.resource/primefaces.js?ln=primefaces&v=4.0 HTTP/1.1" 304 -
201.245.172.17 - - [08/Sep/2023:15:43:47 -0500] "GET /sipse/faces/javax.faces.resource/layout/layout.js?ln=primefaces&v=4.0 HTTP/1.1" 304 -
216.244.66.195 - - [08/Sep/2023:15:43:48 -0500] "GET /BLA/resoluciones/RESOLUCIONES%202017/0846.pdf HTTP/1.1" 200 461461
201.245.172.17 - - [08/Sep/2023:15:43:56 -0500] "POST /sipse/faces/presentacion/financiero/solicitudProceso/consultarSolicitudProceso.xhtml HTTP/1.1" 200 21122
201.245.172.17 - - [08/Sep/2023:15:43:59 -0500] "GET /sipse/faces/javax.faces.resource/theme.css?ln=primefaces-sipse HTTP/1.1" 304 -
201.245.172.17 - - [08/Sep/2023:15:43:59 -0500] "GET /sipse/faces/javax.faces.resource/primefaces.css?ln=primefaces&v=4.0 HTTP/1.1" 304 -
201.245.172.17 - - [08/Sep/2023:15:43:59 -0500] "GET /sipse/faces/javax.faces.resource/fileupload/fileupload.css?ln=primefaces&v=4.0 HTTP/1.1" 304 -
201.245.172.17 - - [08/Sep/2023:15:43:59 -0500] "GET /sipse/faces/javax.faces.resource/layout/layout.css?ln=primefaces&v=4.0 HTTP/1.1" 304 -
201.245.172.17 - - [08/Sep/2023:15:43:59 -0500] "GET /sipse/faces/javax.faces.resource/jquery/jquery.js?ln=primefaces&v=4.0 HTTP/1.1" 304 -
201.245.172.17 - - [08/Sep/2023:15:43:59 -0500] "GET /sipse/faces/javax.faces.resource/jquery/jquery-plugins.js?ln=primefaces&v=4.0 HTTP/1.1" 304 -
201.245.172.17 - - [08/Sep/2023:15:43:59 -0500] "GET /sipse/faces/javax.faces.resource/layout/layout.js?ln=primefaces&v=4.0 HTTP/1.1" 304 -
201.245.172.17 - - [08/Sep/2023:15:43:59 -0500] "GET /sipse/faces/javax.faces.resource/primefaces.js?ln=primefaces&v=4.0 HTTP/1.1" 304 -
201.245.172.17 - - [08/Sep/2023:15:43:59 -0500] "GET /sipse/faces/javax.faces.resource/fileupload/fileupload.js?ln=primefaces&v=4.0 HTTP/1.1" 304 -
201.245.192.253 - - [08/Sep/2023:15:44:04 -0500] "POST /forms/lservlet;jsessionid=ac16012b30d6b9066179a89f4b5f9ed2a98d289e7ac2.e3iSbxaKaheRe34Rch0Ra3mLchv0n6jAmljGr5XDqQLvpAe HTTP/1.1" 200 2
172.22.2.4 - - [08/Sep/2023:15:42:29 -0500] "GET /BLA/boletinlegal/ HTTP/1.1" 200 58187
216.244.66.195 - - [08/Sep/2023:15:44:15 -0500] "GET /BLA/resoluciones/RESOLUCIONES%202017/1858.pdf HTTP/1.1" 200 822630
201.245.192.253 - - [08/Sep/2023:15:44:24 -0500] "POST /forms/lservlet;jsessionid=ac16012b30d65962943bc1d1484c974eac862b03ab49.e3iSbxaKaheRe34Rch0Ra3mLchv0n6jAmljGr5XDqQLvpAe HTTP/1.1" 200 2
40.77.167.6 - - [08/Sep/2023:15:44:26 -0500] "GET /Publicaciones/2023EE73003.pdf HTTP/1.1" 404 227
201.245.172.17 - - [08/Sep/2023:15:44:28 -0500] "GET /sipse/faces/javax.faces.resource/theme.css?ln=primefaces-sipse HTTP/1.1" 304 -
201.245.172.17 - - [08/Sep/2023:15:44:28 -0500] "GET /sipse/faces/javax.faces.resource/layout/layout.css?ln=primefaces&v=4.0 HTTP/1.1" 304 -
201.245.172.17 - - [08/Sep/2023:15:44:28 -0500] "GET /sipse/faces/javax.faces.resource/primefaces.css?ln=primefaces&v=4.0 HTTP/1.1" 304 -
201.245.172.17 - - [08/Sep/2023:15:44:28 -0500] "GET /sipse/faces/javax.faces.resource/jquery/jquery-plugins.js?ln=primefaces&v=4.0 HTTP/1.1" 304 -
201.245.172.17 - - [08/Sep/2023:15:44:28 -0500] "GET /sipse/faces/javax.faces.resource/jquery/jquery.js?ln=primefaces&v=4.0 HTTP/1.1" 304 -
201.245.172.17 - - [08/Sep/2023:15:44:28 -0500] "GET /sipse/faces/javax.faces.resource/primefaces.js?ln=primefaces&v=4.0 HTTP/1.1" 304 -
201.245.172.17 - - [08/Sep/2023:15:44:28 -0500] "GET /sipse/faces/javax.faces.resource/layout/layout.js?ln=primefaces&v=4.0 HTTP/1.1" 304 -
201.245.172.17 - - [08/Sep/2023:15:44:25 -0500] "POST /sipse/faces/presentacion/sistema/anexos/cargarAnexoSolicitudProceso.xhtml HTTP/1.1" 200 188831
201.245.192.253 - - [08/Sep/2023:15:44:41 -0500] "POST /forms/lservlet;jsessionid=ac16012b30d6b9066179a89f4b5f9ed2a98d289e7ac2.e3iSbxaKaheRe34Rch0Ra3mLchv0n6jAmljGr5XDqQLvpAe HTTP/1.1" 200 1323
201.245.192.253 - - [08/Sep/2023:15:44:41 -0500] "POST /forms/lservlet;jsessionid=ac16012b30d6b9066179a89f4b5f9ed2a98d289e7ac2.e3iSbxaKaheRe34Rch0Ra3mLchv0n6jAmljGr5XDqQLvpAe HTTP/1.1" 200 10
201.245.192.253 - - [08/Sep/2023:15:44:42 -0500] "POST /forms/lservlet;jsessionid=ac16012b30d6b9066179a89f4b5f9ed2a98d289e7ac2.e3iSbxaKaheRe34Rch0Ra3mLchv0n6jAmljGr5XDqQLvpAe HTTP/1.1" 200 24
201.245.172.17 - - [08/Sep/2023:15:44:42 -0500] "GET /sipse/faces/javax.faces.resource/images/ui-icons_898989_256x240.png?ln=primefaces-aristo HTTP/1.1" 304 -
216.244.66.195 - - [08/Sep/2023:15:44:43 -0500] "GET /BLA/resoluciones/RESOLUCIONES%202017/1938.pdf HTTP/1.1" 200 585929
201.245.192.253 - - [08/Sep/2023:15:44:44 -0500] "POST /forms/lservlet;jsessionid=ac16012b30d6b9066179a89f4b5f9ed2a98d289e7ac2.e3iSbxaKaheRe34Rch0Ra3mLchv0n6jAmljGr5XDqQLvpAe HTTP/1.1" 200 2146
201.245.192.253 - - [08/Sep/2023:15:44:51 -0500] "POST /forms/lservlet;jsessionid=ac16012b30d6b9066179a89f4b5f9ed2a98d289e7ac2.e3iSbxaKaheRe34Rch0Ra3mLchv0n6jAmljGr5XDqQLvpAe HTTP/1.1" 200 13
201.245.172.17 - - [08/Sep/2023:15:45:00 -0500] "POST /sipse/faces/presentacion/financiero/solicitudProceso/consultarSolicitudProceso.xhtml HTTP/1.1" 200 6808
201.245.172.17 - - [08/Sep/2023:15:45:01 -0500] "GET /sipse/faces/javax.faces.resource/images/ui-bg_flat_0_2d5972_40x100.png?ln=primefaces-aristo HTTP/1.1" 304 -
201.245.172.17 - - [08/Sep/2023:15:45:01 -0500] "GET /sipse/faces/javax.faces.resource/messages/messages.png?ln=primefaces&v=4.0 HTTP/1.1" 304 -
201.245.192.253 - - [08/Sep/2023:15:45:07 -0500] "POST /forms/lservlet;jsessionid=ac16012b30d6fe616ddb68764dacb333ec8eb017034b.e3iSbxaKaheRe34Rch0Ra3mLchv0n6jAmljGr5XDqQLvpAe HTTP/1.1" 200 2
216.244.66.195 - - [08/Sep/2023:15:45:13 -0500] "GET /BLA/resoluciones/RESOLUCIONES%202017/2124.pdf HTTP/1.1" 200 295239
201.245.172.17 - - [08/Sep/2023:15:45:22 -0500] "POST /sipse/faces/presentacion/financiero/solicitudProceso/consultarSolicitudProceso.xhtml HTTP/1.1" 200 63853
201.245.172.17 - - [08/Sep/2023:15:45:25 -0500] "GET /sipse/faces/javax.faces.resource/theme.css?ln=primefaces-sipse HTTP/1.1" 304 -
201.245.172.17 - - [08/Sep/2023:15:45:25 -0500] "GET /sipse/faces/javax.faces.resource/primefaces.css?ln=primefaces&v=4.0 HTTP/1.1" 304 -
201.245.172.17 - - [08/Sep/2023:15:45:25 -0500] "GET /sipse/faces/javax.faces.resource/layout/layout.css?ln=primefaces&v=4.0 HTTP/1.1" 304 -
201.245.172.17 - - [08/Sep/2023:15:45:25 -0500] "GET /sipse/faces/javax.faces.resource/jquery/jquery.js?ln=primefaces&v=4.0 HTTP/1.1" 304 -
201.245.172.17 - - [08/Sep/2023:15:45:25 -0500] "GET /sipse/faces/javax.faces.resource/jquery/jquery-plugins.js?ln=primefaces&v=4.0 HTTP/1.1" 304 -
201.245.172.17 - - [08/Sep/2023:15:45:25 -0500] "GET /sipse/faces/javax.faces.resource/primefaces.js?ln=primefaces&v=4.0 HTTP/1.1" 304 -
201.245.172.17 - - [08/Sep/2023:15:45:25 -0500] "GET /sipse/faces/javax.faces.resource/layout/layout.js?ln=primefaces&v=4.0 HTTP/1.1" 304 -
201.245.172.17 - - [08/Sep/2023:15:45:25 -0500] "POST /sipse/faces/presentacion/financiero/solicitudProceso/listarSolicitudProceso.xhtml HTTP/1.1" 200 1560
216.245.221.92 - - [08/Sep/2023:15:45:26 -0500] "HEAD / HTTP/1.1" 200 -
186.84.21.166 - - [08/Sep/2023:15:45:31 -0500] "GET /sipse/faces/index.xhtml HTTP/1.1" 200 677
186.84.21.166 - - [08/Sep/2023:15:45:31 -0500] "GET /sipse/faces/javax.faces.resource/theme.css?ln=primefaces-sipse HTTP/1.1" 200 50058
186.84.21.166 - - [08/Sep/2023:15:45:31 -0500] "GET /favicon.ico HTTP/1.1" 200 7782
186.84.21.166 - - [08/Sep/2023:15:45:31 -0500] "GET /sipse/faces/faces/autenticacion.xhtml HTTP/1.1" 200 12175
186.84.21.166 - - [08/Sep/2023:15:45:31 -0500] "GET /sipse/js/disable_browser_buttons.js HTTP/1.1" 200 3230
186.84.21.166 - - [08/Sep/2023:15:45:31 -0500] "GET /sipse/js/funciones.js HTTP/1.1" 200 12592
186.84.21.166 - - [08/Sep/2023:15:45:31 -0500] "GET /sipse/css/custom_css_sg_prime_login.css HTTP/1.1" 200 443
186.84.21.166 - - [08/Sep/2023:15:45:31 -0500] "GET /sipse/faces/javax.faces.resource/theme.css?ln=primefaces-sipse HTTP/1.1" 304 -
186.84.21.166 - - [08/Sep/2023:15:45:31 -0500] "GET /sipse/css/custom_css_sg.css HTTP/1.1" 200 9694
186.84.21.166 - - [08/Sep/2023:15:45:31 -0500] "GET /sipse/faces/javax.faces.resource/layout/layout.css?ln=primefaces&v=4.0 HTTP/1.1" 200 542
186.84.21.166 - - [08/Sep/2023:15:45:31 -0500] "GET /sipse/faces/javax.faces.resource/primefaces.js?ln=primefaces&v=4.0 HTTP/1.1" 200 276924
186.84.21.166 - - [08/Sep/2023:15:45:31 -0500] "GET /sipse/faces/javax.faces.resource/jquery/jquery.js?ln=primefaces&v=4.0 HTTP/1.1" 200 105384
186.84.21.166 - - [08/Sep/2023:15:45:31 -0500] "GET /sipse/faces/javax.faces.resource/layout/layout.js?ln=primefaces&v=4.0 HTTP/1.1" 200 87560
186.84.21.166 - - [08/Sep/2023:15:45:31 -0500] "GET /sipse/faces/javax.faces.resource/primefaces.css?ln=primefaces&v=4.0 HTTP/1.1" 200 53295
186.84.21.166 - - [08/Sep/2023:15:45:31 -0500] "GET /sipse/faces/javax.faces.resource/jquery/jquery-plugins.js?ln=primefaces&v=4.0 HTTP/1.1" 200 220526
186.84.21.166 - - [08/Sep/2023:15:45:32 -0500] "GET /sipse/faces/javax.faces.resource/images/ui-icons_898989_256x240.png?ln=primefaces-aristo HTTP/1.1" 200 5355
186.84.21.166 - - [08/Sep/2023:15:45:32 -0500] "GET /sipse/css/imagen/loginimg.png HTTP/1.1" 200 71635
186.84.21.166 - - [08/Sep/2023:15:45:32 -0500] "GET /sipse/css/imagen/logoSDG.png HTTP/1.1" 200 53064
201.245.172.17 - - [08/Sep/2023:15:45:34 -0500] "POST /sipse/faces/presentacion/financiero/solicitudProceso/listarSolicitudProceso.xhtml HTTP/1.1" 200 4608
216.244.66.195 - - [08/Sep/2023:15:45:37 -0500] "GET /BLA/resoluciones/RESOLUCIONES%202017/2668.pdf HTTP/1.1" 200 277336
186.84.21.166 - - [08/Sep/2023:15:45:39 -0500] "POST /sipse/faces/autenticacion.xhtml HTTP/1.1" 200 2214
186.84.21.166 - - [08/Sep/2023:15:45:39 -0500] "GET /sipse/faces/javax.faces.resource/messages/messages.png?ln=primefaces&v=4.0 HTTP/1.1" 200 27209
186.84.21.166 - - [08/Sep/2023:15:45:40 -0500] "POST /sipse/faces/autenticacion.xhtml HTTP/1.1" 200 16355
186.84.21.166 - - [08/Sep/2023:15:45:41 -0500] "GET /sipse/css/custom_css_sg_prime.css HTTP/1.1" 200 5201
186.84.21.166 - - [08/Sep/2023:15:45:41 -0500] "GET /sipse/faces/javax.faces.resource/theme.css?ln=primefaces-sipse HTTP/1.1" 304 -
186.84.21.166 - - [08/Sep/2023:15:45:41 -0500] "GET /sipse/faces/javax.faces.resource/layout/layout.css?ln=primefaces&v=4.0 HTTP/1.1" 304 -
186.84.21.166 - - [08/Sep/2023:15:45:41 -0500] "GET /sipse/faces/javax.faces.resource/primefaces.css?ln=primefaces&v=4.0 HTTP/1.1" 304 -
186.84.21.166 - - [08/Sep/2023:15:45:41 -0500] "GET /sipse/js/jquery.min.js HTTP/1.1" 200 85582
186.84.21.166 - - [08/Sep/2023:15:45:41 -0500] "GET /sipse/faces/javax.faces.resource/jquery/jquery.js?ln=primefaces&v=4.0 HTTP/1.1" 304 -
186.84.21.166 - - [08/Sep/2023:15:45:41 -0500] "GET /sipse/faces/javax.faces.resource/jquery/jquery-plugins.js?ln=primefaces&v=4.0 HTTP/1.1" 304 -
186.84.21.166 - - [08/Sep/2023:15:45:41 -0500] "GET /sipse/faces/javax.faces.resource/primefaces.js?ln=primefaces&v=4.0 HTTP/1.1" 304 -
186.84.21.166 - - [08/Sep/2023:15:45:41 -0500] "GET /sipse/faces/javax.faces.resource/layout/layout.js?ln=primefaces&v=4.0 HTTP/1.1" 304 -
186.84.21.166 - - [08/Sep/2023:15:45:41 -0500] "GET /sipse/css/v_mergente.css HTTP/1.1" 200 1505
186.84.21.166 - - [08/Sep/2023:15:45:41 -0500] "GET /sipse/css/imagen/contrasena.png HTTP/1.1" 404 383
186.84.21.166 - - [08/Sep/2023:15:45:41 -0500] "GET /sipse/imagenes/cargando.gif HTTP/1.1" 200 36959
186.84.21.166 - - [08/Sep/2023:15:45:41 -0500] "GET /sipse/imagenes/logoAplicacion.jpg HTTP/1.1" 200 155084
186.84.21.166 - - [08/Sep/2023:15:45:42 -0500] "GET /sipse/faces/javax.faces.resource/images/ui-bg_flat_0_2d5972_40x100.png?ln=primefaces-aristo HTTP/1.1" 200 183
186.84.21.166 - - [08/Sep/2023:15:45:42 -0500] "POST /sipse/faces/bienvenido.xhtml HTTP/1.1" 200 2658
186.84.21.166 - - [08/Sep/2023:15:45:44 -0500] "POST /sipse/faces/bienvenido.xhtml HTTP/1.1" 200 36191
186.84.21.166 - - [08/Sep/2023:15:45:44 -0500] "GET /sipse/faces/javax.faces.resource/theme.css?ln=primefaces-sipse HTTP/1.1" 304 -
186.84.21.166 - - [08/Sep/2023:15:45:44 -0500] "GET /sipse/faces/javax.faces.resource/primefaces.css?ln=primefaces&v=4.0 HTTP/1.1" 304 -
186.84.21.166 - - [08/Sep/2023:15:45:44 -0500] "GET /sipse/faces/javax.faces.resource/layout/layout.css?ln=primefaces&v=4.0 HTTP/1.1" 304 -
186.84.21.166 - - [08/Sep/2023:15:45:44 -0500] "GET /sipse/faces/javax.faces.resource/jquery/jquery.js?ln=primefaces&v=4.0 HTTP/1.1" 304 -
186.84.21.166 - - [08/Sep/2023:15:45:44 -0500] "GET /sipse/faces/javax.faces.resource/jquery/jquery-plugins.js?ln=primefaces&v=4.0 HTTP/1.1" 304 -
186.84.21.166 - - [08/Sep/2023:15:45:44 -0500] "GET /sipse/faces/javax.faces.resource/primefaces.js?ln=primefaces&v=4.0 HTTP/1.1" 304 -
186.84.21.166 - - [08/Sep/2023:15:45:44 -0500] "GET /sipse/faces/javax.faces.resource/layout/layout.js?ln=primefaces&v=4.0 HTTP/1.1" 304 -
186.84.21.166 - - [08/Sep/2023:15:45:44 -0500] "POST /sipse/faces/presentacion/financiero/solicitudProceso/listarSolicitudProceso.xhtml HTTP/1.1" 200 1400
186.84.21.166 - - [08/Sep/2023:15:45:48 -0500] "POST /sipse/faces/presentacion/financiero/solicitudProceso/listarSolicitudProceso.xhtml HTTP/1.1" 200 1729
186.84.21.166 - - [08/Sep/2023:15:45:48 -0500] "POST /sipse/faces/presentacion/financiero/solicitudProceso/listarSolicitudProceso.xhtml HTTP/1.1" 200 1737
186.84.21.166 - - [08/Sep/2023:15:45:49 -0500] "POST /sipse/faces/presentacion/financiero/solicitudProceso/listarSolicitudProceso.xhtml HTTP/1.1" 200 1729
186.84.21.166 - - [08/Sep/2023:15:45:50 -0500] "POST /sipse/faces/presentacion/financiero/solicitudProceso/listarSolicitudProceso.xhtml HTTP/1.1" 200 2785
