201.245.192.253 - - [08/Sep/2023:12:55:33 -0500] "GET /sipse/faces/javax.faces.resource/jquery/jquery-plugins.js?ln=primefaces&v=4.0 HTTP/1.1" 304 -
201.245.192.253 - - [08/Sep/2023:12:55:33 -0500] "GET /sipse/faces/javax.faces.resource/primefaces.js?ln=primefaces&v=4.0 HTTP/1.1" 304 -
201.245.192.253 - - [08/Sep/2023:12:55:33 -0500] "GET /sipse/faces/javax.faces.resource/layout/layout.js?ln=primefaces&v=4.0 HTTP/1.1" 304 -
201.245.192.253 - - [08/Sep/2023:12:55:33 -0500] "GET /sipse/css/imagen/contrasena.png HTTP/1.1" 404 383
201.245.192.253 - - [08/Sep/2023:12:55:33 -0500] "GET /BLA/boletinlegal/admin/notificaciones/setvaluef.php?month=8&year=1993 HTTP/1.1" 200 3293
201.245.192.253 - - [08/Sep/2023:12:55:35 -0500] "GET /sipse/faces/javax.faces.resource/images/ui-bg_flat_0_2d5972_40x100.png?ln=primefaces-aristo HTTP/1.1" 304 -
201.245.192.253 - - [08/Sep/2023:12:55:35 -0500] "POST /sipse/faces/bienvenido.xhtml HTTP/1.1" 200 3246
201.245.192.253 - - [08/Sep/2023:12:55:35 -0500] "GET /BLA/boletinlegal/admin/notificaciones/setvaluef.php?month=8&year=2023 HTTP/1.1" 200 3293
201.245.192.253 - - [08/Sep/2023:12:55:38 -0500] "POST /sipse/faces/bienvenido.xhtml HTTP/1.1" 200 63203
201.245.192.253 - - [08/Sep/2023:12:55:39 -0500] "GET /sipse/faces/javax.faces.resource/theme.css?ln=primefaces-sipse HTTP/1.1" 304 -
201.245.192.253 - - [08/Sep/2023:12:55:39 -0500] "GET /sipse/faces/javax.faces.resource/primefaces.css?ln=primefaces&v=4.0 HTTP/1.1" 304 -
201.245.192.253 - - [08/Sep/2023:12:55:39 -0500] "GET /sipse/faces/javax.faces.resource/layout/layout.css?ln=primefaces&v=4.0 HTTP/1.1" 304 -
201.245.192.253 - - [08/Sep/2023:12:55:39 -0500] "GET /sipse/faces/javax.faces.resource/jquery/jquery.js?ln=primefaces&v=4.0 HTTP/1.1" 304 -
201.245.192.253 - - [08/Sep/2023:12:55:39 -0500] "GET /sipse/faces/javax.faces.resource/jquery/jquery-plugins.js?ln=primefaces&v=4.0 HTTP/1.1" 304 -
201.245.192.253 - - [08/Sep/2023:12:55:39 -0500] "GET /sipse/faces/javax.faces.resource/primefaces.js?ln=primefaces&v=4.0 HTTP/1.1" 304 -
201.245.192.253 - - [08/Sep/2023:12:55:39 -0500] "GET /sipse/faces/javax.faces.resource/layout/layout.js?ln=primefaces&v=4.0 HTTP/1.1" 304 -
201.245.192.253 - - [08/Sep/2023:12:55:39 -0500] "POST /sipse/faces/presentacion/financiero/solicitudProceso/listarSolicitudProceso.xhtml HTTP/1.1" 200 1560
201.245.192.253 - - [08/Sep/2023:12:55:40 -0500] "POST /sipse/faces/presentacion/financiero/solicitudProceso/listarSolicitudProceso.xhtml HTTP/1.1" 200 46205
201.245.192.253 - - [08/Sep/2023:12:55:40 -0500] "POST /sipse/faces/presentacion/financiero/solicitudProceso/listarSolicitudProceso.xhtml HTTP/1.1" 200 1560
201.245.192.253 - - [08/Sep/2023:12:55:40 -0500] "POST /BLA/boletinlegal/admin/notificaciones/ingresar.php HTTP/1.1" 200 30119
201.245.192.253 - - [08/Sep/2023:12:55:41 -0500] "GET /css/global/buttons.css HTTP/1.1" 404 1324
201.245.192.253 - - [08/Sep/2023:12:55:41 -0500] "POST /sipse/faces/presentacion/financiero/solicitudProceso/listarSolicitudProceso.xhtml HTTP/1.1" 200 4640
201.245.192.253 - - [08/Sep/2023:12:55:41 -0500] "POST /sipse/faces/presentacion/financiero/solicitudProceso/listarSolicitudProceso.xhtml HTTP/1.1" 200 16366
216.244.66.195 - - [08/Sep/2023:12:55:49 -0500] "GET /BLA/resoluciones/RESOLUCIONES%202017/0526.pdf HTTP/1.1" 200 289510
201.245.192.253 - - [08/Sep/2023:12:56:23 -0500] "POST /forms/lservlet;jsessionid=ac16012b30d65962943bc1d1484c974eac862b03ab49.e3iSbxaKaheRe34Rch0Ra3mLchv0n6jAmljGr5XDqQLvpAe HTTP/1.1" 200 2
216.244.66.195 - - [08/Sep/2023:12:56:31 -0500] "GET /BLA/resoluciones/RESOLUCIONES%201997/0773.pdf HTTP/1.1" 200 81516
201.245.192.253 - - [08/Sep/2023:12:56:46 -0500] "POST /kwsrmcab/Wsrmcab  HTTP/1.1" 200 42865
201.245.192.253 - - [08/Sep/2023:12:57:05 -0500] "POST /forms/lservlet;jsessionid=ac16012b30d6fe616ddb68764dacb333ec8eb017034b.e3iSbxaKaheRe34Rch0Ra3mLchv0n6jAmljGr5XDqQLvpAe HTTP/1.1" 200 2
216.244.66.195 - - [08/Sep/2023:12:57:05 -0500] "GET /BLA/resoluciones/RESOLUCIONES%202001/1062.pdf HTTP/1.1" 200 5951155
201.245.192.253 - - [08/Sep/2023:12:57:13 -0500] "POST /sipse/faces/presentacion/financiero/solicitudProceso/listarSolicitudProceso.xhtml HTTP/1.1" 200 152080
201.245.192.253 - - [08/Sep/2023:12:57:14 -0500] "GET /sipse/faces/javax.faces.resource/theme.css?ln=primefaces-sipse HTTP/1.1" 304 -
201.245.192.253 - - [08/Sep/2023:12:57:14 -0500] "GET /sipse/faces/javax.faces.resource/primefaces.css?ln=primefaces&v=4.0 HTTP/1.1" 304 -
201.245.192.253 - - [08/Sep/2023:12:57:14 -0500] "GET /sipse/faces/javax.faces.resource/layout/layout.css?ln=primefaces&v=4.0 HTTP/1.1" 304 -
201.245.192.253 - - [08/Sep/2023:12:57:14 -0500] "GET /sipse/faces/javax.faces.resource/jquery/jquery.js?ln=primefaces&v=4.0 HTTP/1.1" 304 -
201.245.192.253 - - [08/Sep/2023:12:57:14 -0500] "GET /sipse/faces/javax.faces.resource/jquery/jquery-plugins.js?ln=primefaces&v=4.0 HTTP/1.1" 304 -
201.245.192.253 - - [08/Sep/2023:12:57:14 -0500] "GET /sipse/faces/javax.faces.resource/primefaces.js?ln=primefaces&v=4.0 HTTP/1.1" 304 -
201.245.192.253 - - [08/Sep/2023:12:57:14 -0500] "GET /sipse/faces/javax.faces.resource/layout/layout.js?ln=primefaces&v=4.0 HTTP/1.1" 304 -
201.245.192.253 - - [08/Sep/2023:12:57:30 -0500] "POST /sipse/faces/presentacion/financiero/solicitudProceso/consultarSolicitudProceso.xhtml HTTP/1.1" 200 241555
216.244.66.195 - - [08/Sep/2023:12:57:55 -0500] "GET /BLA/resoluciones/RESOLUCIONES%202001/1119.pdf HTTP/1.1" 200 134983
185.180.143.190 - - [08/Sep/2023:12:57:56 -0500] "GET /portaldeninos/ HTTP/1.1" 200 110175
66.249.70.198 - - [08/Sep/2023:12:58:01 -0500] "GET /isolucionsda/FrameSetArticulo.asp?Pagina=/ISOlucionSDA/bancoconocimiento/D/Decreto1772deAgosto3de1994/Decreto1772deAgosto3de1994.asp?IdArticulo=586 HTTP/1.1" 200 8065
66.249.70.196 - - [08/Sep/2023:12:58:03 -0500] "GET /isolucionsda/ISOlucionSDA/bancoconocimiento/D/Decreto1772deAgosto3de1994/Decreto1772deAgosto3de1994.asp?IdArticulo=586 HTTP/1.1" 404 5033
66.249.70.198 - - [08/Sep/2023:12:58:03 -0500] "GET /isolucionsda/Arriba.asp?Pagina=/ISOlucionSDA/bancoconocimiento/D/Decreto1772deAgosto3de1994/Decreto1772deAgosto3de1994.asp&IdArticulo=586 HTTP/1.1" 500 9068
201.245.192.253 - - [08/Sep/2023:12:58:10 -0500] "GET /BLA/boletinlegal/admin/notificaciones/setvaluef.php?month=7&year=1993 HTTP/1.1" 200 3293
201.245.192.253 - - [08/Sep/2023:12:58:12 -0500] "GET /BLA/boletinlegal/admin/notificaciones/setvaluef.php?month=8&year=1993 HTTP/1.1" 200 3293
201.245.192.253 - - [08/Sep/2023:12:58:15 -0500] "GET /BLA/boletinlegal/admin/notificaciones/setvaluef.php?month=8&year=2023 HTTP/1.1" 200 3293
201.245.192.253 - - [08/Sep/2023:12:58:23 -0500] "POST /forms/lservlet;jsessionid=ac16012b30d65962943bc1d1484c974eac862b03ab49.e3iSbxaKaheRe34Rch0Ra3mLchv0n6jAmljGr5XDqQLvpAe HTTP/1.1" 200 2
201.245.192.253 - - [08/Sep/2023:12:58:24 -0500] "POST /BLA/boletinlegal/admin/notificaciones/ingresar.php HTTP/1.1" 200 30119
201.245.192.253 - - [08/Sep/2023:12:58:24 -0500] "GET /css/global/buttons.css HTTP/1.1" 404 1324
216.244.66.195 - - [08/Sep/2023:12:58:35 -0500] "GET /BLA/resoluciones/index.php?dir=RESOLUCIONES+2020%2F HTTP/1.1" 200 169062
199.16.157.183 - - [08/Sep/2023:12:59:00 -0500] "GET /images/liberacion-tinguas.jpg HTTP/1.1" 200 75984
201.245.192.253 - - [08/Sep/2023:12:59:05 -0500] "POST /forms/lservlet;jsessionid=ac16012b30d6fe616ddb68764dacb333ec8eb017034b.e3iSbxaKaheRe34Rch0Ra3mLchv0n6jAmljGr5XDqQLvpAe HTTP/1.1" 200 2
66.249.66.194 - - [08/Sep/2023:12:59:12 -0500] "GET /el-ejemplo-comienza-por-casa-alcaldia-de-bogota-expide-decreto-para-reducir-plasticos-de-un-solo-uso-en-las-entidades-del-distrito.html HTTP/1.1" 304 -
216.244.66.195 - - [08/Sep/2023:12:59:13 -0500] "GET /BLA/resoluciones/AUTOS%202016/2967.pdf HTTP/1.1" 200 347941
152.203.205.14 - - [08/Sep/2023:12:59:15 -0500] "OPTIONS /kwssiamovil/sm/setfile/f? HTTP/1.1" 200 13
152.203.205.14 - - [08/Sep/2023:12:59:15 -0500] "POST /kwssiamovil/sm/setfile/f? HTTP/1.1" 200 381
152.203.205.14 - - [08/Sep/2023:12:59:17 -0500] "OPTIONS /kwssiamovil/sm/setfile/f? HTTP/1.1" 200 13
152.203.205.14 - - [08/Sep/2023:12:59:17 -0500] "POST /kwssiamovil/sm/setfile/f? HTTP/1.1" 200 381
152.203.205.14 - - [08/Sep/2023:12:59:19 -0500] "OPTIONS /kwssiamovil/sm/setfile/f? HTTP/1.1" 200 13
201.245.192.253 - - [08/Sep/2023:12:59:19 -0500] "GET /BLA/boletinlegal/admin/notificaciones/setvaluef.php?month=8&year=1993 HTTP/1.1" 200 3293
152.203.205.14 - - [08/Sep/2023:12:59:19 -0500] "POST /kwssiamovil/sm/setfile/f? HTTP/1.1" 200 381
152.203.205.14 - - [08/Sep/2023:12:59:22 -0500] "OPTIONS /kwssiamovil/sm/setfile/f? HTTP/1.1" 200 13
152.203.205.14 - - [08/Sep/2023:12:59:22 -0500] "POST /kwssiamovil/sm/setfile/f? HTTP/1.1" 200 381
201.245.192.253 - - [08/Sep/2023:12:59:24 -0500] "GET /BLA/boletinlegal/admin/notificaciones/setvaluef.php?month=8&year=2023 HTTP/1.1" 200 3293
152.203.205.14 - - [08/Sep/2023:12:59:24 -0500] "OPTIONS /kwssiamovil/sm/setfile/f? HTTP/1.1" 200 13
152.203.205.14 - - [08/Sep/2023:12:59:25 -0500] "POST /kwssiamovil/sm/setfile/f? HTTP/1.1" 200 381
152.203.205.14 - - [08/Sep/2023:12:59:27 -0500] "OPTIONS /kwssiamovil/sm/setfile/f? HTTP/1.1" 200 13
152.203.205.14 - - [08/Sep/2023:12:59:27 -0500] "POST /kwssiamovil/sm/setfile/f? HTTP/1.1" 200 381
201.245.192.253 - - [08/Sep/2023:12:59:29 -0500] "POST /BLA/boletinlegal/admin/notificaciones/ingresar.php HTTP/1.1" 200 30119
201.245.192.253 - - [08/Sep/2023:12:59:29 -0500] "GET /css/global/buttons.css HTTP/1.1" 404 1324
172.22.2.4 - - [08/Sep/2023:12:59:35 -0500] "GET /BLA/boletinlegal/consulta_actos.php?tipo=resoluciones&no=3321&usuario=&sector=PEV&fecha=2021&resuelve= HTTP/1.1" 200 626
172.22.2.4 - - [08/Sep/2023:12:59:40 -0500] "GET /BLA/boletinlegal/consulta_actos.php?tipo=resoluciones&no=3321&usuario=&sector=PEV&fecha=2020&resuelve= HTTP/1.1" 200 626
152.203.205.14 - - [08/Sep/2023:12:59:48 -0500] "GET /kwssiamovil/sm/acme/a?s=U2FsdGVkX18eYrKYsN7YhfwRJUz+RvJoJ4E+3O3w5+sGiQTxUaOFxldikArdDa/kaPdjO0ywnWZiJEQbB3krz3H042JjJyE4RY/FSdkwzDppUPHUrJkb09SlcT7DFVkqotKzl3n4769eUK9YKpwoUdzyckiMhShkc1AFYTAGdRfMPY+RNzyXFASAj3upTCk8rJ7NKx3Xy3elSJwcGiqJqJlRS4uK6nEpneOcEFMwUSnlW17V9KspdyTs93X/0v4aM1o4T0Zy4zeldpn9FXx1fQ==&u=U2FsdGVkX1+kOfi+LgO2/YvLPgfEfujAj3tGsIt9dwI2PcybsunrLYDEFYz7bqJw&y=U2FsdGVkX1/rCxv+0IykS8MPgmmgcPwhwzMOnEwhVNixBE349BKeSdqCVKmq0uLk HTTP/1.1" 200 26
152.203.205.14 - - [08/Sep/2023:12:59:49 -0500] "GET /kwssiamovil/sm/acme/a?s=U2FsdGVkX19BgMW4J9Z/7Lga5aTbr/DKPhNCm+l473wsq2uNz4vsz/E6ygJeSJUQIFB1u5Oha0HEeDIevM3gbSOAZEsdXHiBTJGjtJAs6o0+NGdjf9ve5J7pTa30+qX73v9OIEzhbQG4NasHyxvxbPEm8pQXe8G2nLJSyFSY3a5nH8abmHtdC65anUsY22fG+uhG1X+fsEyLzH0pSM+hnCXOTEHjMTnHku6mMn89cx/IrRHlee+6eGyXeOr/Ju3hvvF432qHnmg1Mx1taFdugV8IBBKOO4oQSnTxIue6t03MQ6tEwUdAzod7jUi1VZUlIT1AJxnzR6FoUSaFhax5CQunnmxb2gJri4fTAYq8AX6a+FQHXzbhtWvFy2SXzFupak6FznPjYbRfii2yUtZksFPze4jaEy7BXUKVPitq+wEE3ktfGV1M1rb8SojvadsBZKZo4V0cUA34xyVT865epb8FUQlufg1HzMiJ9hqVmaA3uk8STxN/yjvP+nPO//sPSp7pnxNiMOfOb/6N104kvdGudpQOxY59OyXk4A2UBHCDBwc3yUvtfVa63sDxbbOA8b29OXnQNT7TJKTvnu/m5wNi3UW1jZ4AQSHjxaewRUF2oCjF3bLfFJZVFAs+88pUzy65IOvusWLsEGXzGYvjAPWuXVgwrexARAviC/mgeZsQfuQ6Fz4ULt1ZLV6P1uM+vIdmIcFq28z4ysFlD84OMQxnjksghbQ8VqUWn4wVp+3ISagQo0OdLXiuc0Fw/vilmUlBgrrAbx1olTO7zXIStLnSCsOB626bzUcr04uU+Tjob4DqGyo9yOQ/KICTAE7PrpJbtN8tfWPDo7naQHjfkvaKtZX9kQB/J830lID9Ci7+lyPFGs3yQXjNZ5SI47B0Ka57LV0dXMG+seut5IaplNU1jv5G7lAGxPtDVFXfaNjkkEcvInlt8NM/21iHeZg+cYreLWaZdcG6yA9WTQrHkyplsTe37dtS+P+SxjEKC6n/cD2k7tMZ6uTpY+eW1lO85m8LkdBfNT4J0s+Npr3eyB+3N9pCtvkQE2JJ+0RaJBDe1LD7r79JdTD0zJe7Y6X/hpUZ/qLS82PWGxo65biILBpH7nrTmJ006FmKQ1Er/qHy1/4+N2mf42fG33jH4CUiZewXMVQxZTlLhpeYp1fZ3NipTi41lkbtYA/GzDHci8MnJ590gyaH1nN4aU92S7ByPqsgQC0Ehb1SyDNpWQ/lH4a5c0TCxI9eHG/e/+Q2pNKSIGAwuvWf5+y/SuLKhCcB51Ekcb0d2yyq+Bj+7KFgzppOXhlHhr5Um/2Hi3XpIQcXhhq1ECkcZRnztHd7n+NSHWkKe0tkWrDlOctL879VZETJyWL5DIMmMCWcS1CRSusMWvzH4LdHUmsz5V1PpquozMcuWImif1SLZAPnQvEJCt1Uzcs2nUL20ZS0WB+XG2H2LeQJ+mwv8EkVFjbvG1iRAGeUxPg7e50E8OKoVYIMNFifSPOaSAG+YfzDZlalgf83wyXKbAQSwOKx6LZhRRJfVsm8KiCEr86YxHVumpdaNKVzzPPyqGi9OMOfkE2GwQueGUDCILB/Lb81SwJFRXvZE/FuAsR5ktPH0vrvhYYoQjpilP27D+XXObjQFwpq0+Olgf1rTptk20dQ1tU/w36H&u=U2FsdGVkX1+kOfi+LgO2/YvLPgfEfujAj3tGsIt9dwI2PcybsunrLYDEFYz7bqJw&y=U2FsdGVkX1/rCxv+0IykS8MPgmmgcPwhwzMOnEwhVNixBE349BKeSdqCVKmq0uLk HTTP/1.1" 200 26
152.203.205.14 - - [08/Sep/2023:12:59:49 -0500] "GET /kwssiamovil/sm/acme/a?s=U2FsdGVkX184EVL3Zw2HWG2jwWT45xqTWwtF31ora0i40ocQ6GHqKT/yeyqa23H1PBWIl1wiyqQQWFI331f0q1dzJDpzajyDTsz8Xm3sSfupGT3GniDJKQlUUj0RdAOuIxBJm2vyuHPEyHAq97Z8wHn4mznnY8eKvAe6+jy58qg=&u=U2FsdGVkX1+kOfi+LgO2/YvLPgfEfujAj3tGsIt9dwI2PcybsunrLYDEFYz7bqJw&y=U2FsdGVkX1/rCxv+0IykS8MPgmmgcPwhwzMOnEwhVNixBE349BKeSdqCVKmq0uLk HTTP/1.1" 200 26
152.203.205.14 - - [08/Sep/2023:12:59:49 -0500] "GET /kwssiamovil/sm/acme/a?s=U2FsdGVkX1+wr3XvRp/rWWPx+c8lPLVqFRcCeXA5YNhy9hppggl45M7WpJVNEw3ASOhk4WpId6lVNr6q2jjx/Ax/L7M9Ugw6LANdTeEQV7M71tsQBw808iRPs5LfQnJaLq9lof1/9q9BcTbOEVu2Jw8n2p83FH9QUJ88OWvOHmU=&u=U2FsdGVkX1+kOfi+LgO2/YvLPgfEfujAj3tGsIt9dwI2PcybsunrLYDEFYz7bqJw&y=U2FsdGVkX1/rCxv+0IykS8MPgmmgcPwhwzMOnEwhVNixBE349BKeSdqCVKmq0uLk HTTP/1.1" 200 26
152.203.205.14 - - [08/Sep/2023:12:59:49 -0500] "GET /kwssiamovil/sm/acme/a?s=U2FsdGVkX1/xo9wTsTurfY9pjYTLKUvSGxJKzk+f9RhknESKzOOtAng4GyhxG8i6jlgy3MO3XsFgL62HOIQeL5Lmqfmg2pWPyC6kNIvguYH23TDPb4W5068m0L3EZkhpE/JIO9vTjeaJzucI0Wc85F5x0lIUNPxIj+dDvVEUx0E=&u=U2FsdGVkX1+kOfi+LgO2/YvLPgfEfujAj3tGsIt9dwI2PcybsunrLYDEFYz7bqJw&y=U2FsdGVkX1/rCxv+0IykS8MPgmmgcPwhwzMOnEwhVNixBE349BKeSdqCVKmq0uLk HTTP/1.1" 200 26
152.203.205.14 - - [08/Sep/2023:12:59:50 -0500] "GET /kwssiamovil/sm/acme/a?s=U2FsdGVkX1/1P90GPcowLAziLOGtJzpV4KbvRSV5zZZQfOFMPRfeyeZQbAE2Oet0dX27CwMbt1boGihPK/0MKE0ZFOYHPgO0gAd3fuQEyenoGDZl2xryfTni+dd1eThAAwHFLYqA0fL8dACE3WKWvYYCU4KF4uDGz5AzBdd4YHCfVH/CFhZLW/6SujtENbhr4V/G6eSp+iJG3ghYYIfpaA==&u=U2FsdGVkX1+kOfi+LgO2/YvLPgfEfujAj3tGsIt9dwI2PcybsunrLYDEFYz7bqJw&y=U2FsdGVkX1/rCxv+0IykS8MPgmmgcPwhwzMOnEwhVNixBE349BKeSdqCVKmq0uLk HTTP/1.1" 200 26
152.203.205.14 - - [08/Sep/2023:12:59:50 -0500] "GET /kwssiamovil/sm/acme/a?s=U2FsdGVkX18IOwoYzDgKhz8h6y58O7x9qLdEW3MY0XoHurHRH4Vhc5Uatz6zrI4lJJqkkl9x44w7deB02JnzQ/vV1TTmpnfTsmDS0SlQIAkY+O8WT2rbIrO67y79smiUTrlAoB1+leSG9SrTvGWJMfEn91LvZjCr81BlHKfjiDzKxwLj0SPDrQd4gwJSFHvbpj0tVeZwdhX9oDiejtqn0w==&u=U2FsdGVkX1+kOfi+LgO2/YvLPgfEfujAj3tGsIt9dwI2PcybsunrLYDEFYz7bqJw&y=U2FsdGVkX1/rCxv+0IykS8MPgmmgcPwhwzMOnEwhVNixBE349BKeSdqCVKmq0uLk HTTP/1.1" 200 26
152.203.205.14 - - [08/Sep/2023:12:59:50 -0500] "GET /kwssiamovil/sm/acme/a?s=U2FsdGVkX1+JQslV2K/c1Cd3nZOVptwcLcn/EQcS/mtk4GAOlD6t90/Nhbi/myTBDQNBh/wxJZgYjh7oJwrydCJ1oNZmiraUyssH8DJJCBXd5VRh1hK4HFvYdOIJpIZwPwZB9RIG7XakJMOOa+rLpUUbfqrCpzbY8lrSSpF6I7GPWhryQS5ilRwPvhuL/F5i&u=U2FsdGVkX1+kOfi+LgO2/YvLPgfEfujAj3tGsIt9dwI2PcybsunrLYDEFYz7bqJw&y=U2FsdGVkX1/rCxv+0IykS8MPgmmgcPwhwzMOnEwhVNixBE349BKeSdqCVKmq0uLk HTTP/1.1" 200 26
152.203.205.14 - - [08/Sep/2023:12:59:50 -0500] "GET /kwssiamovil/sm/acme/a?s=U2FsdGVkX1+dy5qEZu1XfRDriV5EPYkeZXDYUgNgHgYiin4Q4wcUvHvEfwhwvMmT6y8k/iS/8hbewhLtClppHvznxFHDq4+zLI8TiVPuSityygGExtP8vHsztk51HKTnsdEHrlmJqJnkIj0ltOjDko0u3swaWtkgGc/LgGS4jtupJgjh+EfiFWEfwMN9X7xY9Y0NaBWhBOABd7PlJ871kg==&u=U2FsdGVkX1+kOfi+LgO2/YvLPgfEfujAj3tGsIt9dwI2PcybsunrLYDEFYz7bqJw&y=U2FsdGVkX1/rCxv+0IykS8MPgmmgcPwhwzMOnEwhVNixBE349BKeSdqCVKmq0uLk HTTP/1.1" 200 26
152.203.205.14 - - [08/Sep/2023:12:59:50 -0500] "GET /kwssiamovil/sm/acme/a?s=U2FsdGVkX186ErCOfppsry2Vb/ksb32d5vqk0pF4JyTedD05wt4QSOQiZO1SqAzkiCxUrgm9NfVHfdXzRGabZzE3MVZjd6BTnAQP117u2LwSkboQDO/rKrGqwtWxS4qgo0MAJ10LU/ho+5irfJ6Z5gOqBcpWWPC8CeyarKhELYBM/rsZjhgdqOD4dRQfh9Fw&u=U2FsdGVkX1+kOfi+LgO2/YvLPgfEfujAj3tGsIt9dwI2PcybsunrLYDEFYz7bqJw&y=U2FsdGVkX1/rCxv+0IykS8MPgmmgcPwhwzMOnEwhVNixBE349BKeSdqCVKmq0uLk HTTP/1.1" 200 26
152.203.205.14 - - [08/Sep/2023:12:59:50 -0500] "GET /kwssiamovil/sm/acme/a?s=U2FsdGVkX18sIr/r2dz3B6ZHG3swK431exH8VTpeSqorNO99EuQq/zmHBepveDQwLUD02PfNlUR5FTAoJebFlelU9ZLiRIln6+jCUEqFEHs1WX8A4ClMBxUko/GGDTc1rdDNMmUoN+ft9gcVQX33Ak9PnomhOuV/mVWw05ETETM5zKsMFWgoFKDvfWbNi4hHZmnuSs2q8JBcNp3ZaTE17g==&u=U2FsdGVkX1+kOfi+LgO2/YvLPgfEfujAj3tGsIt9dwI2PcybsunrLYDEFYz7bqJw&y=U2FsdGVkX1/rCxv+0IykS8MPgmmgcPwhwzMOnEwhVNixBE349BKeSdqCVKmq0uLk HTTP/1.1" 200 26
152.203.205.14 - - [08/Sep/2023:12:59:50 -0500] "GET /kwssiamovil/sm/acme/a?s=U2FsdGVkX1+bl3DiXHHzMsJWbW7dOpDaHXJ20dVTZA4mLNmp4u++jv7qjn5UHX/70I1J6DEQWqYmsH0zSgPKYQW4+tuulcZSRuZX2VKylIvItfy1sV0EFLBz2jLshHrXlc7feinkVaSvNRHQfgwF/+KtPumXiUXKKeAhVf4/zlqZ6yyziHcT/ukVQF7XSo6d&u=U2FsdGVkX1+kOfi+LgO2/YvLPgfEfujAj3tGsIt9dwI2PcybsunrLYDEFYz7bqJw&y=U2FsdGVkX1/rCxv+0IykS8MPgmmgcPwhwzMOnEwhVNixBE349BKeSdqCVKmq0uLk HTTP/1.1" 200 26
152.203.205.14 - - [08/Sep/2023:12:59:51 -0500] "GET /kwssiamovil/sm/acme/a?s=U2FsdGVkX1+G07udtbqtSCMOvq20ctwaRv0X1O2wRho/1hcA9zs2kOF9Ia1cjXxUSIPZNOmEOf26YU4Y5ebMWQn78DmcZm6CdhoGCThJGjYeo1+AUZK54KalwXie7JTN+1pZcrmzqv96RB3ltfAL+UCLpdF6Nj4n+Adwzqz9lnHcf/pts1w7lxXd5hdBQAa+nH556HAiUyhdiI4j502ijA==&u=U2FsdGVkX1+kOfi+LgO2/YvLPgfEfujAj3tGsIt9dwI2PcybsunrLYDEFYz7bqJw&y=U2FsdGVkX1/rCxv+0IykS8MPgmmgcPwhwzMOnEwhVNixBE349BKeSdqCVKmq0uLk HTTP/1.1" 200 26
152.203.205.14 - - [08/Sep/2023:12:59:51 -0500] "GET /kwssiamovil/sm/acme/a?s=U2FsdGVkX18LFRH/u2aT/Qw6Q65nJ1sp6iOmbr11+jgRsP8pyDZJZBeW1ZImB/1datD+XuEtcQVCkLKuel5IJ4zR6lihlfGQqjJtplm722sXM0CcK509lSWsuDs1nGnk0A5JNagJV21XM8ofKj8Z1iiirH6bqWYhoaPJFrfF9NDQPs7x6HfOl9Aosvt5uiLG&u=U2FsdGVkX1+kOfi+LgO2/YvLPgfEfujAj3tGsIt9dwI2PcybsunrLYDEFYz7bqJw&y=U2FsdGVkX1/rCxv+0IykS8MPgmmgcPwhwzMOnEwhVNixBE349BKeSdqCVKmq0uLk HTTP/1.1" 200 26
152.203.205.14 - - [08/Sep/2023:12:59:51 -0500] "GET /kwssiamovil/sm/acme/a?s=U2FsdGVkX1+3fWLQ3zzDI8pV1Kx4YcyFX/FI5GfPGdo80wZxCmRe5TdzAJByIdfipINDpocSZ+Aj3M8+7ti5FCx8jsebdXgrmuHWyBAZs0nSLmr3PtopPDJF4V+/RiS53XyGrX/B2RysTqcYa0sDwUsjdtjq/9JnHpLciG+vXDHmbXXNtAueum/95Oet3OtV95HXB/MXc55v0LMtEQHbUw==&u=U2FsdGVkX1+kOfi+LgO2/YvLPgfEfujAj3tGsIt9dwI2PcybsunrLYDEFYz7bqJw&y=U2FsdGVkX1/rCxv+0IykS8MPgmmgcPwhwzMOnEwhVNixBE349BKeSdqCVKmq0uLk HTTP/1.1" 200 26
152.203.205.14 - - [08/Sep/2023:12:59:51 -0500] "GET /kwssiamovil/sm/acme/a?s=U2FsdGVkX18daXWdr+CRUIXVOcqd6g1mWtHcC0uOQ5QMo/hrcRivA+dbaeYnGmofxdH8n9JlrZCL25pv5Xm8jYHfF5Xvj4G23ZS8JS7NJr1SVednwgF7BEDeGuuBcXP81auBdOlBkMZZGTdaYSZrjts3AAaJlMQTaGZ7q8p9j5lxekqakuSMcJFjlM60wvLE&u=U2FsdGVkX1+kOfi+LgO2/YvLPgfEfujAj3tGsIt9dwI2PcybsunrLYDEFYz7bqJw&y=U2FsdGVkX1/rCxv+0IykS8MPgmmgcPwhwzMOnEwhVNixBE349BKeSdqCVKmq0uLk HTTP/1.1" 200 26
152.203.205.14 - - [08/Sep/2023:12:59:51 -0500] "GET /kwssiamovil/sm/acme/a?s=U2FsdGVkX1+w87fDqyge4vuXxLnhWEbyfAIr8EmENpYKC1nrNh7ya3Vbn/uyO6a9R3fb4dWcN74Kgx35bSqUxEznQeRzXYAzTF51s3YBlm7ihRtB0gZrt44KZMA/n5nTZa3lPkkoa4+tinsm3IXBG0LojaDsk1bO7l6EIZ75tJkotK0sJBbwVkAvmiLwBXX4fweDP99rGQ+6lQ6G91tt9Q==&u=U2FsdGVkX1+kOfi+LgO2/YvLPgfEfujAj3tGsIt9dwI2PcybsunrLYDEFYz7bqJw&y=U2FsdGVkX1/rCxv+0IykS8MPgmmgcPwhwzMOnEwhVNixBE349BKeSdqCVKmq0uLk HTTP/1.1" 200 26
152.203.205.14 - - [08/Sep/2023:12:59:51 -0500] "GET /kwssiamovil/sm/acme/a?s=U2FsdGVkX1+jG1hHUuvHvNEN5cad0/kg3wv9WH1IaPj1UVqVXnwEWqH0v2mMVZv8lOF5tHfVheGemTbIRYOBY2RrGwpxSDe8jlvI8066XH4yvR+MhQUOee6ct1TKOGPUSepceqzH3zFFkESdwFltAwxF9G8Ooe0SBqYpiElIQTkHMLR/kZmH8E88fQVMuXv+&u=U2FsdGVkX1+kOfi+LgO2/YvLPgfEfujAj3tGsIt9dwI2PcybsunrLYDEFYz7bqJw&y=U2FsdGVkX1/rCxv+0IykS8MPgmmgcPwhwzMOnEwhVNixBE349BKeSdqCVKmq0uLk HTTP/1.1" 200 26
172.22.2.4 - - [08/Sep/2023:12:58:19 -0500] "HEAD /BLA/boletinlegal/ HTTP/1.1" 200 -
216.244.66.195 - - [08/Sep/2023:13:00:02 -0500] "GET /BLA/resoluciones/AUTOS%202016/2973.pdf HTTP/1.1" 200 440608
172.22.2.4 - - [08/Sep/2023:12:58:40 -0500] "GET /BLA/boletinlegal/ HTTP/1.1" 200 48660
201.245.192.253 - - [08/Sep/2023:13:00:23 -0500] "POST /forms/lservlet;jsessionid=ac16012b30d65962943bc1d1484c974eac862b03ab49.e3iSbxaKaheRe34Rch0Ra3mLchv0n6jAmljGr5XDqQLvpAe HTTP/1.1" 200 2
172.22.2.4 - - [08/Sep/2023:13:00:26 -0500] "GET /BLA/boletinlegal/login.php HTTP/1.1" 404 1186
216.245.221.92 - - [08/Sep/2023:13:00:27 -0500] "HEAD / HTTP/1.1" 200 -
66.249.70.198 - - [08/Sep/2023:13:00:39 -0500] "GET /BLA/resoluciones/Notificaciones/AUTOS%202023/2502.pdf HTTP/1.1" 304 -
172.22.2.4 - - [08/Sep/2023:12:59:09 -0500] "GET /BLA/boletinlegal/ HTTP/1.1" 200 51319
216.244.66.195 - - [08/Sep/2023:13:00:51 -0500] "GET /BLA/resoluciones/AUTOS%202016/3154.pdf HTTP/1.1" 200 371385
201.245.192.253 - - [08/Sep/2023:13:01:05 -0500] "POST /forms/lservlet;jsessionid=ac16012b30d6fe616ddb68764dacb333ec8eb017034b.e3iSbxaKaheRe34Rch0Ra3mLchv0n6jAmljGr5XDqQLvpAe HTTP/1.1" 200 2
201.245.192.253 - - [08/Sep/2023:13:01:40 -0500] "POST /sipse/faces/presentacion/financiero/solicitudProceso/consultarSolicitudProceso.xhtml HTTP/1.1" 200 30001
201.245.192.253 - - [08/Sep/2023:13:01:41 -0500] "GET /sipse/faces/javax.faces.resource/theme.css?ln=primefaces-sipse HTTP/1.1" 304 -
201.245.192.253 - - [08/Sep/2023:13:01:41 -0500] "GET /sipse/faces/javax.faces.resource/primefaces.css?ln=primefaces&v=4.0 HTTP/1.1" 304 -
201.245.192.253 - - [08/Sep/2023:13:01:41 -0500] "GET /sipse/faces/javax.faces.resource/layout/layout.css?ln=primefaces&v=4.0 HTTP/1.1" 304 -
201.245.192.253 - - [08/Sep/2023:13:01:41 -0500] "GET /sipse/faces/javax.faces.resource/jquery/jquery.js?ln=primefaces&v=4.0 HTTP/1.1" 304 -
201.245.192.253 - - [08/Sep/2023:13:01:41 -0500] "GET /sipse/faces/javax.faces.resource/jquery/jquery-plugins.js?ln=primefaces&v=4.0 HTTP/1.1" 304 -
201.245.192.253 - - [08/Sep/2023:13:01:41 -0500] "GET /sipse/faces/javax.faces.resource/primefaces.js?ln=primefaces&v=4.0 HTTP/1.1" 304 -
201.245.192.253 - - [08/Sep/2023:13:01:41 -0500] "GET /sipse/faces/javax.faces.resource/layout/layout.js?ln=primefaces&v=4.0 HTTP/1.1" 304 -
201.245.192.253 - - [08/Sep/2023:13:01:41 -0500] "POST /sipse/faces/presentacion/financiero/solicitudProceso/solicitudProcesoOtrosPagos.xhtml HTTP/1.1" 200 23359
201.245.192.253 - - [08/Sep/2023:13:01:41 -0500] "POST /sipse/faces/presentacion/financiero/solicitudProceso/solicitudProcesoOtrosPagos.xhtml HTTP/1.1" 200 23359
216.244.66.195 - - [08/Sep/2023:13:01:41 -0500] "GET /BLA/resoluciones/AUTOS%202015/1337.pdf HTTP/1.1" 200 214108
201.245.192.253 - - [08/Sep/2023:13:01:45 -0500] "POST /kwsrmcab/Wsrmcab  HTTP/1.1" 200 42865
201.245.192.253 - - [08/Sep/2023:13:01:47 -0500] "POST /sipse/faces/presentacion/financiero/solicitudProceso/solicitudProcesoOtrosPagos.xhtml HTTP/1.1" 200 53870
201.245.192.253 - - [08/Sep/2023:13:01:48 -0500] "GET /sipse/faces/javax.faces.resource/theme.css?ln=primefaces-sipse HTTP/1.1" 304 -
201.245.192.253 - - [08/Sep/2023:13:01:48 -0500] "GET /sipse/faces/javax.faces.resource/primefaces.css?ln=primefaces&v=4.0 HTTP/1.1" 304 -
201.245.192.253 - - [08/Sep/2023:13:01:48 -0500] "GET /sipse/faces/javax.faces.resource/layout/layout.css?ln=primefaces&v=4.0 HTTP/1.1" 304 -
201.245.192.253 - - [08/Sep/2023:13:01:48 -0500] "GET /sipse/faces/javax.faces.resource/fileupload/fileupload.css?ln=primefaces&v=4.0 HTTP/1.1" 304 -
201.245.192.253 - - [08/Sep/2023:13:01:48 -0500] "GET /sipse/faces/javax.faces.resource/jquery/jquery.js?ln=primefaces&v=4.0 HTTP/1.1" 304 -
201.245.192.253 - - [08/Sep/2023:13:01:48 -0500] "GET /sipse/faces/javax.faces.resource/jquery/jquery-plugins.js?ln=primefaces&v=4.0 HTTP/1.1" 304 -
201.245.192.253 - - [08/Sep/2023:13:01:48 -0500] "GET /sipse/faces/javax.faces.resource/primefaces.js?ln=primefaces&v=4.0 HTTP/1.1" 304 -
201.245.192.253 - - [08/Sep/2023:13:01:48 -0500] "GET /sipse/faces/javax.faces.resource/layout/layout.js?ln=primefaces&v=4.0 HTTP/1.1" 304 -
201.245.192.253 - - [08/Sep/2023:13:01:48 -0500] "GET /sipse/faces/javax.faces.resource/fileupload/fileupload.js?ln=primefaces&v=4.0 HTTP/1.1" 304 -
201.245.192.253 - - [08/Sep/2023:13:01:53 -0500] "GET /BLA/boletinlegal/admin/notificaciones/setvaluef.php?month=8&year=1993 HTTP/1.1" 200 3293
201.245.192.253 - - [08/Sep/2023:13:01:58 -0500] "POST /sipse/faces/presentacion/financiero/solicitudProceso/detalleSolicitudProcesoOtrosPagos.xhtml HTTP/1.1" 200 77281
201.245.192.253 - - [08/Sep/2023:13:02:18 -0500] "GET /BLA/boletinlegal/admin/notificaciones/setvaluef.php?month=8&year=2023 HTTP/1.1" 200 3293
216.244.66.195 - - [08/Sep/2023:13:02:21 -0500] "GET /BLA/resoluciones/AUTOS%202015/2435.pdf HTTP/1.1" 200 827514
201.245.192.253 - - [08/Sep/2023:13:02:23 -0500] "POST /forms/lservlet;jsessionid=ac16012b30d65962943bc1d1484c974eac862b03ab49.e3iSbxaKaheRe34Rch0Ra3mLchv0n6jAmljGr5XDqQLvpAe HTTP/1.1" 200 2
201.245.192.253 - - [08/Sep/2023:13:02:23 -0500] "GET /css/global/buttons.css HTTP/1.1" 404 1324
201.245.192.253 - - [08/Sep/2023:13:02:23 -0500] "POST /BLA/boletinlegal/admin/notificaciones/ingresar.php HTTP/1.1" 200 30119
201.245.192.253 - - [08/Sep/2023:13:02:55 -0500] "GET /BLA/boletinlegal/admin/notificaciones/exportar.php HTTP/1.1" 200 2805619
201.245.192.253 - - [08/Sep/2023:13:03:05 -0500] "POST /forms/lservlet;jsessionid=ac16012b30d6fe616ddb68764dacb333ec8eb017034b.e3iSbxaKaheRe34Rch0Ra3mLchv0n6jAmljGr5XDqQLvpAe HTTP/1.1" 200 2
216.244.66.195 - - [08/Sep/2023:13:03:11 -0500] "GET /BLA/resoluciones/AUTOS%202018/0485.pdf HTTP/1.1" 200 345993
216.244.66.195 - - [08/Sep/2023:13:03:57 -0500] "GET /BLA/resoluciones/AUTOS%202018/0640.pdf HTTP/1.1" 200 336805
201.245.192.253 - - [08/Sep/2023:13:04:11 -0500] "POST /sipse/faces/presentacion/financiero/solicitudProceso/detalleSolicitudProcesoOtrosPagos.xhtml HTTP/1.1" 200 30706
201.245.192.253 - - [08/Sep/2023:13:04:12 -0500] "GET /sipse/faces/javax.faces.resource/theme.css?ln=primefaces-sipse HTTP/1.1" 304 -
201.245.192.253 - - [08/Sep/2023:13:04:12 -0500] "GET /sipse/faces/javax.faces.resource/primefaces.css?ln=primefaces&v=4.0 HTTP/1.1" 304 -
201.245.192.253 - - [08/Sep/2023:13:04:12 -0500] "GET /sipse/faces/javax.faces.resource/layout/layout.css?ln=primefaces&v=4.0 HTTP/1.1" 304 -
201.245.192.253 - - [08/Sep/2023:13:04:12 -0500] "GET /sipse/faces/javax.faces.resource/jquery/jquery.js?ln=primefaces&v=4.0 HTTP/1.1" 304 -
201.245.192.253 - - [08/Sep/2023:13:04:12 -0500] "GET /sipse/faces/javax.faces.resource/jquery/jquery-plugins.js?ln=primefaces&v=4.0 HTTP/1.1" 304 -
201.245.192.253 - - [08/Sep/2023:13:04:12 -0500] "GET /sipse/faces/javax.faces.resource/primefaces.js?ln=primefaces&v=4.0 HTTP/1.1" 304 -
201.245.192.253 - - [08/Sep/2023:13:04:12 -0500] "GET /sipse/faces/javax.faces.resource/layout/layout.js?ln=primefaces&v=4.0 HTTP/1.1" 304 -
201.245.192.253 - - [08/Sep/2023:13:04:23 -0500] "POST /forms/lservlet;jsessionid=ac16012b30d65962943bc1d1484c974eac862b03ab49.e3iSbxaKaheRe34Rch0Ra3mLchv0n6jAmljGr5XDqQLvpAe HTTP/1.1" 200 2
216.244.66.195 - - [08/Sep/2023:13:04:40 -0500] "GET /BLA/resoluciones/AUTOS%202018/1561.pdf HTTP/1.1" 200 337477
213.186.1.154 - - [08/Sep/2023:13:04:52 -0500] "GET /images/secretaria%20de%20ambiente%20carolina%20foro%20sostenibilidad.jpg HTTP/1.1" 200 33414
213.186.1.154 - - [08/Sep/2023:13:04:59 -0500] "GET /images/animal-langostilla.jpg HTTP/1.1" 200 27334
201.245.192.253 - - [08/Sep/2023:13:05:05 -0500] "POST /forms/lservlet;jsessionid=ac16012b30d6fe616ddb68764dacb333ec8eb017034b.e3iSbxaKaheRe34Rch0Ra3mLchv0n6jAmljGr5XDqQLvpAe HTTP/1.1" 200 2
216.244.66.195 - - [08/Sep/2023:13:05:24 -0500] "GET /BLA/resoluciones/AUTOS%202018/1562.pdf HTTP/1.1" 200 339007
216.245.221.92 - - [08/Sep/2023:13:05:27 -0500] "HEAD / HTTP/1.1" 200 -
172.22.2.4 - - [08/Sep/2023:13:04:09 -0500] "HEAD /BLA/boletinlegal/ HTTP/1.1" 200 -
186.102.100.238 - - [08/Sep/2023:13:06:02 -0500] "GET /kwssiamovil/sm/ldap/au?x=U2FsdGVkX1/i9H7PFonQm8VHUuouJFqKp8GkTJ1Cc+KXJksOL3SUSwpHZP8Mybkp&y=U2FsdGVkX193Q9Rlu98x4GcV86Kb4r8sjIhnqQxIXqY= HTTP/1.1" 200 30
186.102.100.238 - - [08/Sep/2023:13:06:02 -0500] "GET /kwssiamovil/sm/acme/s?s=U2FsdGVkX18RHe/51UNZz8Vzq3lvKpGM4xobkrSEimDa2wqBsYLA1KnGbIQ81MA+Zl6QB3ugd3kDHaVaYZ96f+r6l5NHn70bGmvUXdQiHPs=&u=U2FsdGVkX19Om13sKFzvM8BnaLC5tCLamt5f+lxqMUE=&y=U2FsdGVkX193Q9Rlu98x4GcV86Kb4r8sjIhnqQxIXqY= HTTP/1.1" 200 97
186.102.100.238 - - [08/Sep/2023:13:06:02 -0500] "GET /kwssiamovil/sm/acme/s?s=U2FsdGVkX1/4AM397iXSoyQmBReCIYAV3Mc4K8IOfZrSGuLz/elmskfhM93YOngR5+ouppQb66ko4EfvhFfoU345kaaRV1XMFQHhnxwbrJ28KzLgbtgVU0V+MvGO+fZkMswVO6Bg0/5PBDd6M0+RJbmuWdTLY5mkH3vh8ZK9zKJ6VcxesT+hhSka3tPAGMr8d0CEdP/yciU/MDd7ozwZlI3K7LNkTU+0HCIzIguprHK+iS/ZviObIzYItzoTYRbF0j74FyhM7NzQQTh71Up3aFx9dbS81WhEAFcgAidxA1u+Zr1h9iMU7WQMB2FVpXY7HYjdEtB1JkqrKPEgsSmmujjFMsATXTxzjmf3as6oT1BmVlfWp97AHmED0pXP0eGjYBTuBq05eHAT3GJc3XdFiSPrwtaDmWseyIDNOorTvmOookbpzB7g/IcQ+Oq9ANgfgEDIxKdk1w9mb6tsH4QsURVgyyRTpzakFiwBt1kk5eRxsKE6hDEA9crPNIt28MaVY9h57Axwe+SaOQvilvnVUtSSrtCU20HUaZpqSd98VnjzWj/ahCH4d5sAZkIV/jnqZGxsL7RYpK/TIi3W40IcFSWwnZ5GRou2Wa1eCi3noOnk3g2XiFE3aXJ9hfhUQ8UrW2ojeXNZAtEeRrZfghNK1UnyVH/5ISI1lv4C4Qk1SmBBmuT3Na504My8lfE+Y+ut9RpfIEdk2TEmYMotBWKcLUZun9uYFAkJ+FJsO2OAXWLAIqXmvMJchV4kvpGIIaqaw7qGFpTmHHSzyH1sp9cbXOYBUYYZdHfj5GsHIgIGq352f8aXsfv3v8/KZkUZ2eQJVsERDOVxDejiecDg7ZHYATc1kKYKD5d/z4gaUw2QdanCOf+BWOAQ9uuOMieEACI5nCMGzCBkmgy2FujXUgaLpDKXqiJQTsko48k2N7My1OIONulD8pcK7CfdX0nLHbdoK/dAm2cF7W5m9bUVyhVL+olEEcDlsYd4ll3qQx2tmT9TAt6SLK6PtUCxRqwlL2y0tYbZAooqt5oPSXbOoeKmoFxRyOchmUVxsJ6NQkbIge+k/HftSkfPGYlaTAMvgY/yDYumCyLjZaYx1RUX2oSoHnVeM/WRtm8QMlerXZpaFotCQdAfOJ/Lu8HXikL63juEqZm3LbH+/qzzWB1cDVlxGs1UIYnKDi2JC5MyrOJ5EpN30SI4kHl+wWHKuPSkV5ZJ5RILdxbK2KeTJFayX7crvM3GqajCfPO2S+gRlNgjKJ0YSDbcyoeBB6HG+VCcuOY/WuIAaptHzDtdgO7cisPPTcfmJ+2AD4BvtUKtbt+MtZiQ7j6DQ2wTCycJp2Hw77RlZB+9gJFyPB7/65H9I6qua+6xQ8ezfcdsLPbXDcnmYDTSSRQFDfOsG0pA3/AkorcgH8jaIiqL4lrGsZRLrGWeifaCIKZaM6yyZrE/N65Rkv4=&u=U2FsdGVkX19Om13sKFzvM8BnaLC5tCLamt5f+lxqMUE=&y=U2FsdGVkX193Q9Rlu98x4GcV86Kb4r8sjIhnqQxIXqY= HTTP/1.1" 200 8228
186.102.100.238 - - [08/Sep/2023:13:06:03 -0500] "GET /kwssiamovil/sm/acme/s?s=U2FsdGVkX1/dbkJdo01NKbb7u35hf5hOuNFco2VdLj0StvQ4fjQQf/YKyl4RN8VZJrAoDUBKJ9Oc0BhAmnEr/gREGTeT4FTXDNjrlQWGXMT1ggRkLHvBJctaw/8FgU6Ddrq4h7Oq0vkNjYvsjxZJ5q2XMkRbHLrLNvuLUf4ezlUjg49L9b5aJXLaStUO2gfKKE98C49+7wPfhJmx+Zq+JkaR6PbZJUwDnZB/9wztb56RbZfXCKJSNslFZQUzRdrS3I+j0sO/IGTOQH2OGRAGY4qplGo0B8v4VV+Dc6xP+9suibRpFRpAF2EqkdanHs5sxEpmyYI5fkaYpiPJVrFIlw==&u=U2FsdGVkX19Om13sKFzvM8BnaLC5tCLamt5f+lxqMUE=&y=U2FsdGVkX193Q9Rlu98x4GcV86Kb4r8sjIhnqQxIXqY= HTTP/1.1" 200 196
186.102.100.238 - - [08/Sep/2023:13:06:03 -0500] "GET /kwssiamovil/sm/cjson/pre?f=1&x=U2FsdGVkX1/i9H7PFonQm8VHUuouJFqKp8GkTJ1Cc+KXJksOL3SUSwpHZP8Mybkp HTTP/1.1" 200 31032
216.244.66.195 - - [08/Sep/2023:13:06:10 -0500] "GET /BLA/resoluciones/AUTOS%202018/1967.pdf HTTP/1.1" 200 264727
201.245.192.253 - - [08/Sep/2023:13:06:23 -0500] "POST /forms/lservlet;jsessionid=ac16012b30d65962943bc1d1484c974eac862b03ab49.e3iSbxaKaheRe34Rch0Ra3mLchv0n6jAmljGr5XDqQLvpAe HTTP/1.1" 200 2
172.22.2.4 - - [08/Sep/2023:13:04:59 -0500] "GET /BLA/boletinlegal/ HTTP/1.1" 200 60342
40.77.167.7 - - [08/Sep/2023:13:06:44 -0500] "GET /BLA/resoluciones/AUTOS%202023/3218.pdf HTTP/1.1" 200 348090
216.244.66.195 - - [08/Sep/2023:13:06:45 -0500] "GET /BLA/resoluciones/AUTOS%202018/2307.pdf HTTP/1.1" 200 254751
201.245.192.253 - - [08/Sep/2023:13:06:44 -0500] "POST /kwsrmcab/Wsrmcab  HTTP/1.1" 200 42865
172.22.2.4 - - [08/Sep/2023:13:06:57 -0500] "GET /BLA/boletinlegal/actos.php HTTP/1.1" 200 9682
201.245.192.253 - - [08/Sep/2023:13:07:05 -0500] "POST /forms/lservlet;jsessionid=ac16012b30d6fe616ddb68764dacb333ec8eb017034b.e3iSbxaKaheRe34Rch0Ra3mLchv0n6jAmljGr5XDqQLvpAe HTTP/1.1" 200 2
201.245.192.253 - - [08/Sep/2023:13:07:10 -0500] "POST /sipse/faces/presentacion/financiero/solicitudProceso/consultarHistorialSolProceso.xhtml HTTP/1.1" 200 59605
201.245.192.253 - - [08/Sep/2023:13:07:11 -0500] "GET /sipse/faces/javax.faces.resource/theme.css?ln=primefaces-sipse HTTP/1.1" 304 -
201.245.192.253 - - [08/Sep/2023:13:07:11 -0500] "GET /sipse/faces/javax.faces.resource/primefaces.css?ln=primefaces&v=4.0 HTTP/1.1" 304 -
201.245.192.253 - - [08/Sep/2023:13:07:11 -0500] "GET /sipse/faces/javax.faces.resource/layout/layout.css?ln=primefaces&v=4.0 HTTP/1.1" 304 -
201.245.192.253 - - [08/Sep/2023:13:07:11 -0500] "GET /sipse/faces/javax.faces.resource/fileupload/fileupload.css?ln=primefaces&v=4.0 HTTP/1.1" 304 -
201.245.192.253 - - [08/Sep/2023:13:07:11 -0500] "GET /sipse/faces/javax.faces.resource/jquery/jquery-plugins.js?ln=primefaces&v=4.0 HTTP/1.1" 304 -
201.245.192.253 - - [08/Sep/2023:13:07:11 -0500] "GET /sipse/faces/javax.faces.resource/jquery/jquery.js?ln=primefaces&v=4.0 HTTP/1.1" 304 -
201.245.192.253 - - [08/Sep/2023:13:07:11 -0500] "GET /sipse/faces/javax.faces.resource/primefaces.js?ln=primefaces&v=4.0 HTTP/1.1" 304 -
201.245.192.253 - - [08/Sep/2023:13:07:11 -0500] "GET /sipse/faces/javax.faces.resource/layout/layout.js?ln=primefaces&v=4.0 HTTP/1.1" 304 -
201.245.192.253 - - [08/Sep/2023:13:07:11 -0500] "GET /sipse/faces/javax.faces.resource/fileupload/fileupload.js?ln=primefaces&v=4.0 HTTP/1.1" 304 -
66.249.66.194 - - [08/Sep/2023:13:07:17 -0500] "GET /distrito-lanza-la-patrulla-cazachimeneas-un-vehiculo-que-hara-seguimiento-a-fuentes-moviles-contaminantes.html HTTP/1.1" 304 -
66.249.66.84 - - [08/Sep/2023:13:07:18 -0500] "GET /robots.txt HTTP/1.1" 404 1035
216.244.66.195 - - [08/Sep/2023:13:07:18 -0500] "GET /BLA/resoluciones/AUTOS%202018/3583.pdf HTTP/1.1" 200 281932
66.249.66.85 - - [08/Sep/2023:13:07:18 -0500] "GET /portaldeninos/2018/04/09/hola-mundo/ HTTP/1.1" 200 93992
108.174.5.112 - - [08/Sep/2023:13:07:26 -0500] "GET /inscribete-y-participa-en-el-foro-sobre-la-gestion-de-los-bifenilos-policlorados-en-transformadores-electricos.html HTTP/1.1" 206 931
108.174.5.112 - - [08/Sep/2023:13:07:27 -0500] "GET /images/Gesti%C3%B3n%20de%20Bifenilos%20Policlorados-23.jpg HTTP/1.1" 404 1034
108.174.5.112 - - [08/Sep/2023:13:07:41 -0500] "GET /inscribete-y-participa-en-el-foro-sobre-la-gestion-de-los-bifenilos-policlorados-en-transformadores-electricos.html HTTP/1.1" 206 931
216.244.66.195 - - [08/Sep/2023:13:08:03 -0500] "GET /BLA/resoluciones/RESOLUCIONES%202005/1743.pdf HTTP/1.1" 200 162972
186.84.22.207 - - [08/Sep/2023:13:08:04 -0500] "GET /BLA/resoluciones/index.php HTTP/1.1" 200 13696
186.84.22.207 - - [08/Sep/2023:13:08:05 -0500] "GET /BLA/resoluciones/dlf/folder.png HTTP/1.1" 200 410
172.176.75.89 - - [08/Sep/2023:13:08:06 -0500] "GET /inscribete-y-participa-en-el-foro-sobre-la-gestion-de-los-bifenilos-policlorados-en-transformadores-electricos.html HTTP/1.1" 200 931
186.84.22.207 - - [08/Sep/2023:13:08:09 -0500] "GET /BLA/resoluciones/dlf/unknown.png HTTP/1.1" 200 266
186.84.22.207 - - [08/Sep/2023:13:08:08 -0500] "GET /BLA/resoluciones/index.php?dir=AUTOS+2015%2F HTTP/1.1" 200 584005
173.252.95.14 - - [08/Sep/2023:13:08:14 -0500] "GET /images/acuerdos-conservacion-08-23.jpg HTTP/1.1" 200 55051
201.245.192.253 - - [08/Sep/2023:13:08:23 -0500] "POST /forms/lservlet;jsessionid=ac16012b30d65962943bc1d1484c974eac862b03ab49.e3iSbxaKaheRe34Rch0Ra3mLchv0n6jAmljGr5XDqQLvpAe HTTP/1.1" 200 2
40.77.167.65 - - [08/Sep/2023:13:08:33 -0500] "GET /BLA/resoluciones/RESOLUCIONES%202010/3520.pdf HTTP/1.1" 200 356876
172.22.2.4 - - [08/Sep/2023:13:06:54 -0500] "GET /BLA/boletinlegal/ HTTP/1.1" 200 62795
216.244.66.195 - - [08/Sep/2023:13:08:43 -0500] "GET /BLA/resoluciones/AUTOS%202010/0152.pdf HTTP/1.1" 200 189871
66.249.66.86 - - [08/Sep/2023:13:08:58 -0500] "GET /portaldeninos/wp-includes/js/jquery/jquery.js?ver=1.12.4 HTTP/1.1" 200 97184
66.249.66.86 - - [08/Sep/2023:13:08:58 -0500] "GET /portaldeninos/wp-content/themes/betheme/assets/animations/animations.min.js?ver=20.9.6 HTTP/1.1" 200 1896
201.245.192.253 - - [08/Sep/2023:13:08:59 -0500] "GET /BLA/boletinlegal/admin/notificaciones/exportar.php HTTP/1.1" 200 2805619
201.245.192.253 - - [08/Sep/2023:13:09:05 -0500] "POST /forms/lservlet;jsessionid=ac16012b30d6fe616ddb68764dacb333ec8eb017034b.e3iSbxaKaheRe34Rch0Ra3mLchv0n6jAmljGr5XDqQLvpAe HTTP/1.1" 200 2
35.245.53.199 - - [08/Sep/2023:13:09:08 -0500] "GET /inscribete-y-participa-en-el-foro-sobre-la-gestion-de-los-bifenilos-policlorados-en-transformadores-electricos.html HTTP/1.1" 200 931
35.245.53.199 - - [08/Sep/2023:13:09:08 -0500] "GET /inscribete-y-participa-en-el-foro-sobre-la-gestion-de-los-bifenilos-policlorados-en-transformadores-electricos.html HTTP/1.1" 200 931
201.245.192.253 - - [08/Sep/2023:13:09:09 -0500] "GET /BLA/boletinlegal/admin/notificaciones/exportar.php HTTP/1.1" 200 2805619
216.244.66.195 - - [08/Sep/2023:13:09:23 -0500] "GET /BLA/resoluciones/AUTOS%202010/0187.pdf HTTP/1.1" 200 285982
216.244.66.195 - - [08/Sep/2023:13:10:04 -0500] "GET /BLA/resoluciones/AUTOS%202010/0487.pdf HTTP/1.1" 200 191545
201.245.192.253 - - [08/Sep/2023:13:10:05 -0500] "POST /sipse/faces/presentacion/financiero/solicitudProceso/detalleSolicitudProcesoOtrosPagos.xhtml HTTP/1.1" 200 36706
201.245.192.253 - - [08/Sep/2023:13:10:05 -0500] "GET /sipse/faces/javax.faces.resource/theme.css?ln=primefaces-sipse HTTP/1.1" 304 -
201.245.192.253 - - [08/Sep/2023:13:10:05 -0500] "GET /sipse/faces/javax.faces.resource/primefaces.css?ln=primefaces&v=4.0 HTTP/1.1" 304 -
201.245.192.253 - - [08/Sep/2023:13:10:05 -0500] "GET /sipse/faces/javax.faces.resource/layout/layout.css?ln=primefaces&v=4.0 HTTP/1.1" 304 -
201.245.192.253 - - [08/Sep/2023:13:10:05 -0500] "GET /sipse/faces/javax.faces.resource/jquery/jquery.js?ln=primefaces&v=4.0 HTTP/1.1" 304 -
201.245.192.253 - - [08/Sep/2023:13:10:05 -0500] "GET /sipse/faces/javax.faces.resource/jquery/jquery-plugins.js?ln=primefaces&v=4.0 HTTP/1.1" 304 -
201.245.192.253 - - [08/Sep/2023:13:10:05 -0500] "GET /sipse/faces/javax.faces.resource/primefaces.js?ln=primefaces&v=4.0 HTTP/1.1" 304 -
201.245.192.253 - - [08/Sep/2023:13:10:05 -0500] "GET /sipse/faces/javax.faces.resource/layout/layout.js?ln=primefaces&v=4.0 HTTP/1.1" 304 -
201.245.192.253 - - [08/Sep/2023:13:10:14 -0500] "POST /sipse/faces/presentacion/contratacion/contrato/registroPresupuestal/expedirRP.xhtml HTTP/1.1" 200 2244
201.245.192.253 - - [08/Sep/2023:13:10:23 -0500] "POST /forms/lservlet;jsessionid=ac16012b30d65962943bc1d1484c974eac862b03ab49.e3iSbxaKaheRe34Rch0Ra3mLchv0n6jAmljGr5XDqQLvpAe HTTP/1.1" 200 2
201.245.192.253 - - [08/Sep/2023:13:10:24 -0500] "POST /sipse/faces/presentacion/contratacion/contrato/registroPresupuestal/expedirRP.xhtml HTTP/1.1" 200 20461
201.245.192.253 - - [08/Sep/2023:13:10:24 -0500] "GET /sipse/faces/javax.faces.resource/primefaces.css?ln=primefaces&v=4.0 HTTP/1.1" 304 -
201.245.192.253 - - [08/Sep/2023:13:10:24 -0500] "GET /sipse/faces/javax.faces.resource/theme.css?ln=primefaces-sipse HTTP/1.1" 304 -
201.245.192.253 - - [08/Sep/2023:13:10:24 -0500] "GET /sipse/faces/javax.faces.resource/layout/layout.css?ln=primefaces&v=4.0 HTTP/1.1" 304 -
201.245.192.253 - - [08/Sep/2023:13:10:24 -0500] "GET /sipse/faces/javax.faces.resource/jquery/jquery.js?ln=primefaces&v=4.0 HTTP/1.1" 304 -
201.245.192.253 - - [08/Sep/2023:13:10:24 -0500] "GET /sipse/faces/javax.faces.resource/primefaces.js?ln=primefaces&v=4.0 HTTP/1.1" 304 -
201.245.192.253 - - [08/Sep/2023:13:10:24 -0500] "GET /sipse/faces/javax.faces.resource/jquery/jquery-plugins.js?ln=primefaces&v=4.0 HTTP/1.1" 304 -
201.245.192.253 - - [08/Sep/2023:13:10:24 -0500] "GET /sipse/faces/javax.faces.resource/layout/layout.js?ln=primefaces&v=4.0 HTTP/1.1" 304 -
201.245.192.253 - - [08/Sep/2023:13:10:25 -0500] "GET /sipse/faces/javax.faces.resource/images/ui-icons_898989_256x240.png?ln=primefaces-aristo HTTP/1.1" 304 -
201.245.192.253 - - [08/Sep/2023:13:10:26 -0500] "POST /sipse/faces/presentacion/contratacion/contrato/registroPresupuestal/consultarActividadesRP.xhtml HTTP/1.1" 200 22753
201.245.192.253 - - [08/Sep/2023:13:10:26 -0500] "GET /sipse/faces/javax.faces.resource/theme.css?ln=primefaces-sipse HTTP/1.1" 304 -
201.245.192.253 - - [08/Sep/2023:13:10:26 -0500] "GET /sipse/faces/javax.faces.resource/jquery/jquery.js?ln=primefaces&v=4.0 HTTP/1.1" 304 -
201.245.192.253 - - [08/Sep/2023:13:10:26 -0500] "GET /sipse/faces/javax.faces.resource/layout/layout.css?ln=primefaces&v=4.0 HTTP/1.1" 304 -
201.245.192.253 - - [08/Sep/2023:13:10:26 -0500] "GET /sipse/faces/javax.faces.resource/jquery/jquery-plugins.js?ln=primefaces&v=4.0 HTTP/1.1" 304 -
201.245.192.253 - - [08/Sep/2023:13:10:26 -0500] "GET /sipse/faces/javax.faces.resource/primefaces.css?ln=primefaces&v=4.0 HTTP/1.1" 304 -
201.245.192.253 - - [08/Sep/2023:13:10:26 -0500] "GET /sipse/faces/javax.faces.resource/primefaces.js?ln=primefaces&v=4.0 HTTP/1.1" 304 -
201.245.192.253 - - [08/Sep/2023:13:10:26 -0500] "GET /sipse/faces/javax.faces.resource/layout/layout.js?ln=primefaces&v=4.0 HTTP/1.1" 304 -
216.245.221.92 - - [08/Sep/2023:13:10:27 -0500] "HEAD / HTTP/1.1" 200 -
216.244.66.195 - - [08/Sep/2023:13:10:37 -0500] "GET /BLA/resoluciones/AUTOS%202010/0784.pdf HTTP/1.1" 200 771669
40.77.167.65 - - [08/Sep/2023:13:11:05 -0500] "GET /BLA/resoluciones/AUTOS%202023/2770.pdf HTTP/1.1" 200 1074581
201.245.192.253 - - [08/Sep/2023:13:11:05 -0500] "POST /forms/lservlet;jsessionid=ac16012b30d6fe616ddb68764dacb333ec8eb017034b.e3iSbxaKaheRe34Rch0Ra3mLchv0n6jAmljGr5XDqQLvpAe HTTP/1.1" 200 2
201.245.192.253 - - [08/Sep/2023:13:11:19 -0500] "POST /sipse/faces/presentacion/contratacion/contrato/registroPresupuestal/asociarPresupuestoActividadesRP.xhtml HTTP/1.1" 200 36783
201.245.192.253 - - [08/Sep/2023:13:11:20 -0500] "GET /sipse/faces/javax.faces.resource/theme.css?ln=primefaces-sipse HTTP/1.1" 304 -
201.245.192.253 - - [08/Sep/2023:13:11:20 -0500] "GET /sipse/faces/javax.faces.resource/layout/layout.css?ln=primefaces&v=4.0 HTTP/1.1" 304 -
201.245.192.253 - - [08/Sep/2023:13:11:20 -0500] "GET /sipse/faces/javax.faces.resource/primefaces.css?ln=primefaces&v=4.0 HTTP/1.1" 304 -
201.245.192.253 - - [08/Sep/2023:13:11:20 -0500] "GET /sipse/faces/javax.faces.resource/jquery/jquery.js?ln=primefaces&v=4.0 HTTP/1.1" 304 -
201.245.192.253 - - [08/Sep/2023:13:11:20 -0500] "GET /sipse/faces/javax.faces.resource/jquery/jquery-plugins.js?ln=primefaces&v=4.0 HTTP/1.1" 304 -
201.245.192.253 - - [08/Sep/2023:13:11:20 -0500] "GET /sipse/faces/javax.faces.resource/primefaces.js?ln=primefaces&v=4.0 HTTP/1.1" 304 -
201.245.192.253 - - [08/Sep/2023:13:11:20 -0500] "GET /sipse/faces/javax.faces.resource/layout/layout.js?ln=primefaces&v=4.0 HTTP/1.1" 304 -
201.245.192.253 - - [08/Sep/2023:13:11:24 -0500] "POST /sipse/faces/presentacion/contratacion/contrato/registroPresupuestal/expedirRP.xhtml HTTP/1.1" 200 55716
201.245.192.253 - - [08/Sep/2023:13:11:25 -0500] "GET /sipse/faces/javax.faces.resource/layout/layout.css?ln=primefaces&v=4.0 HTTP/1.1" 304 -
201.245.192.253 - - [08/Sep/2023:13:11:25 -0500] "GET /sipse/faces/javax.faces.resource/primefaces.css?ln=primefaces&v=4.0 HTTP/1.1" 304 -
201.245.192.253 - - [08/Sep/2023:13:11:25 -0500] "GET /sipse/faces/javax.faces.resource/theme.css?ln=primefaces-sipse HTTP/1.1" 304 -
201.245.192.253 - - [08/Sep/2023:13:11:25 -0500] "GET /sipse/faces/javax.faces.resource/fileupload/fileupload.css?ln=primefaces&v=4.0 HTTP/1.1" 304 -
201.245.192.253 - - [08/Sep/2023:13:11:25 -0500] "GET /sipse/faces/javax.faces.resource/jquery/jquery.js?ln=primefaces&v=4.0 HTTP/1.1" 304 -
201.245.192.253 - - [08/Sep/2023:13:11:25 -0500] "GET /sipse/faces/javax.faces.resource/jquery/jquery-plugins.js?ln=primefaces&v=4.0 HTTP/1.1" 304 -
201.245.192.253 - - [08/Sep/2023:13:11:25 -0500] "GET /sipse/faces/javax.faces.resource/primefaces.js?ln=primefaces&v=4.0 HTTP/1.1" 304 -
201.245.192.253 - - [08/Sep/2023:13:11:25 -0500] "GET /sipse/faces/javax.faces.resource/layout/layout.js?ln=primefaces&v=4.0 HTTP/1.1" 304 -
201.245.192.253 - - [08/Sep/2023:13:11:25 -0500] "GET /sipse/faces/javax.faces.resource/fileupload/fileupload.js?ln=primefaces&v=4.0 HTTP/1.1" 304 -
186.102.100.238 - - [08/Sep/2023:13:11:27 -0500] "GET /kwssiamovil/sm/ldap/au?x=U2FsdGVkX18677ml/JIOr8jmofQNYaRhi72cNSpna8O/4b6rDbr2NdSCiLl2yq71&y=U2FsdGVkX1+V5wwcZ+Kd9qzARUT8uKnbSc8EIznwNno= HTTP/1.1" 200 30
186.102.100.238 - - [08/Sep/2023:13:11:27 -0500] "GET /kwssiamovil/sm/acme/s?s=U2FsdGVkX1/dqCRrXYhHqJO+IEmYYe9wKWaBvdEOujcY1F2Osa+t+VXWOkcRg91mo+9uw2lepP617EKEq44G8QIikE5DVbHzU7zdLq+WGek=&u=U2FsdGVkX1+/CSzG+atxFNwT+ooYhZ0CZr7IXFpSCzs=&y=U2FsdGVkX1+V5wwcZ+Kd9qzARUT8uKnbSc8EIznwNno= HTTP/1.1" 200 97
186.102.100.238 - - [08/Sep/2023:13:11:27 -0500] "GET /kwssiamovil/sm/acme/s?s=U2FsdGVkX1+YpLD26f/OxgOTjYggpavTVVEpoKBXnAi9BuBUgeJI8w/gUawu8zRq+B8goBXFlDA70CXPErt632FOMIJ1crEcblAw/ocnGW777GhdTdxZuntbVp96gXEmo61/eUXAqrHQKBBXMJ5UVvysZaR5j5NzXdAooCAYpkyawFc5deNiJqQYtBFrBv0IoaQ5Ed11NiN40WLLSqPyoATI5f+rvElx2zJKhdq/s8SfuHlZ0SeJGVCIuTyZnU/7OWP/THnPnSHxlJ746cxh8CNEn4MrCXD/sQa9O1cEqOb0wQ76VkZe2ezWemvkpVqkl9SeE64CUhrUlHg6okK+wjqM+6rfFOvVtMqAw57Npd05pT8JWv8EE2wXHvbVh7esj+xl1H0YsWIG88jMC8cg8DRE+aGlJ93FV7INzs4zItfBhiA3InNVeItPSeLd3if904dYv1FY3JHtUnvZ3TRGFV6pM76W6hL2ldZZLR41rpYHG1aAymiS7SgaxElnKeSy3gXWlYZxr+/SCzC8bIrucLfjW5goXJKyEe2LO+Mc6SiujpggXwFRM+yw6TIsrAvY3DmsSQaskxx4cpeJ9E03RiO1Li0mQNRKHQyNEwG8u0M7N+4ZJp9M54KXz9jJUFfcpQpXlDVGJp/92iusply0eSuxsOdjwiueM8lH7OSPJXx0Xem2qBETb2tkWYgRO5KHEzeyBVjEUxl4Wg8gmL+tU06pzYm4V+dKGn7DKsoaDHVp+9kieGfRBYaI0CnWIEmUPZ/hW87NhwM7cZx0oZL5fUnnC2TnNiA/A1Ym5BlDubAKC7hlXfsYHyxQac/WE7ogQyvAWmoggAFNeySDY3RRIvYnMY5Lz0eJFSBcyjFJZfp+oTXXfEolby436uGHA9dsU1KplomIHKujGp3/g99QFxfIRLI1AtGu35B1tYOSw2owX6JcrJHz+e1OJC9QRV4toYbyudyaTjEOnt3VIqxVjxUBze72v90mE0iVhWqPOHIgHY1h0buUZRAssb+dxEdzireasMM0a1l5ISFg+71cKbLJk+u1WG5VO+PGtm8/clKQDp6FCIoATkQifIO+y4ONOqpEk1ENKdODGQo79wgkEnzYywzF7Cmf8dK7FzA95hy1bOdYyeE0AoNQQkyJOUxuwHt8I205jBWN/QX2bKiM7GyUhV1vi13XUY/X3ziuMIQKxJvCKhvrnS5rhhu76V/RUHXY8Nher3rEI4A3snsRflHJYRFhg/vQlpA6euV9W/A9fZppvo62GpKm3rGDmUadGaI+SUKpokQF1rLl6fVKibpbX7Du6JNObxDkYsj3sehgaLa5eoOqppCOSiiHYTaGLteWDfjy7QTKm4aTbsU+xfpGClf1lWcgvqNm4p7mMrtXZw2WSdxtnpU6SWOE7ewWQtCg4NzLRyjThFM3ESyC93K/YEaEgb0AtwAFNf/Nh/M=&u=U2FsdGVkX1+/CSzG+atxFNwT+ooYhZ0CZr7IXFpSCzs=&y=U2FsdGVkX1+V5wwcZ+Kd9qzARUT8uKnbSc8EIznwNno= HTTP/1.1" 200 8539
186.102.100.238 - - [08/Sep/2023:13:11:27 -0500] "GET /kwssiamovil/sm/acme/s?s=U2FsdGVkX19lxE4ElaGMc3+MX+Zk+J2/6Lj40vnF+gdtrW2It8oPMaNYtG84TabJfVWV1TBOUqBIENnsVJbY0ew1nW/4RK337XLrfXSNMQgGG4YgjpG1JSfKtIefAGuVcBMPbz1Ssc13sHyiXHaEJ5mVQbVmq7JASA4UH9aO9iiYcNO7Xi6mYGOBYMXqJsmI/PeElmy2jDv8f7ebdXxOAWioNzIuayDGVqykeIMg9HITWsZvd8aSDy02SxGRuKEvhb0fHZ/GccH0KuXJkxI7FNMzmHw3DzjnqfY4iFgR9/mBGZ76cNUwkDEiJFez6RHG+c0lXksMmXxNIpIAA8UWeQ==&u=U2FsdGVkX1+/CSzG+atxFNwT+ooYhZ0CZr7IXFpSCzs=&y=U2FsdGVkX1+V5wwcZ+Kd9qzARUT8uKnbSc8EIznwNno= HTTP/1.1" 200 196
216.244.66.195 - - [08/Sep/2023:13:11:27 -0500] "GET /BLA/resoluciones/AUTOS%202010/1132.pdf HTTP/1.1" 200 177375
186.102.100.238 - - [08/Sep/2023:13:11:27 -0500] "GET /kwssiamovil/sm/cjson/pre?f=1&x=U2FsdGVkX18677ml/JIOr8jmofQNYaRhi72cNSpna8O/4b6rDbr2NdSCiLl2yq71 HTTP/1.1" 200 31032
172.22.2.4 - - [08/Sep/2023:13:09:59 -0500] "HEAD /BLA/boletinlegal/ HTTP/1.1" 200 -
201.245.192.253 - - [08/Sep/2023:13:11:43 -0500] "POST /kwsrmcab/Wsrmcab  HTTP/1.1" 200 42865
216.244.66.195 - - [08/Sep/2023:13:12:00 -0500] "GET /BLA/resoluciones/AUTOS%202010/1164.pdf HTTP/1.1" 200 150078
201.245.192.253 - - [08/Sep/2023:13:12:15 -0500] "POST /sipse/faces/presentacion/financiero/solicitudProceso/detalleSolicitudProcesoOtrosPagos.xhtml HTTP/1.1" 200 6577
172.22.2.4 - - [08/Sep/2023:13:12:19 -0500] "GET /BLA/boletinlegal/consulta_actos.php?tipo=resoluciones&no=&usuario=&sector=VERTIMIENTOS&fecha=2023&resuelve=RECURSO HTTP/1.1" 200 1525
201.245.192.253 - - [08/Sep/2023:13:12:20 -0500] "POST /sipse/faces/presentacion/financiero/solicitudProceso/detalleSolicitudProcesoOtrosPagos.xhtml HTTP/1.1" 200 190
201.245.192.253 - - [08/Sep/2023:13:12:20 -0500] "GET /sipse/faces/presentacion/financiero/solicitudProceso/solicitudProcesoOtrosPagos.xhtml HTTP/1.1" 200 29927
201.245.192.253 - - [08/Sep/2023:13:12:20 -0500] "GET /sipse/faces/javax.faces.resource/primefaces.css?ln=primefaces&v=4.0 HTTP/1.1" 304 -
201.245.192.253 - - [08/Sep/2023:13:12:20 -0500] "GET /sipse/faces/javax.faces.resource/theme.css?ln=primefaces-sipse HTTP/1.1" 304 -
201.245.192.253 - - [08/Sep/2023:13:12:20 -0500] "GET /sipse/faces/javax.faces.resource/jquery/jquery-plugins.js?ln=primefaces&v=4.0 HTTP/1.1" 304 -
201.245.192.253 - - [08/Sep/2023:13:12:20 -0500] "GET /sipse/faces/javax.faces.resource/layout/layout.css?ln=primefaces&v=4.0 HTTP/1.1" 304 -
201.245.192.253 - - [08/Sep/2023:13:12:20 -0500] "GET /sipse/faces/javax.faces.resource/primefaces.js?ln=primefaces&v=4.0 HTTP/1.1" 304 -
201.245.192.253 - - [08/Sep/2023:13:12:20 -0500] "GET /sipse/faces/javax.faces.resource/jquery/jquery.js?ln=primefaces&v=4.0 HTTP/1.1" 304 -
201.245.192.253 - - [08/Sep/2023:13:12:20 -0500] "GET /sipse/faces/javax.faces.resource/layout/layout.js?ln=primefaces&v=4.0 HTTP/1.1" 304 -
172.22.2.4 - - [08/Sep/2023:13:12:22 -0500] "GET /BLA/boletinlegal/consulta_actos.php?tipo=resoluciones&no=&usuario=&sector=VERTIMIENTOS&fecha=2023&resuelve=RECURSO HTTP/1.1" 200 1525
201.245.192.253 - - [08/Sep/2023:13:12:23 -0500] "POST /forms/lservlet;jsessionid=ac16012b30d65962943bc1d1484c974eac862b03ab49.e3iSbxaKaheRe34Rch0Ra3mLchv0n6jAmljGr5XDqQLvpAe HTTP/1.1" 200 2
201.245.192.253 - - [08/Sep/2023:13:12:24 -0500] "POST /sipse/faces/presentacion/financiero/solicitudProceso/solicitudProcesoOtrosPagos.xhtml HTTP/1.1" 200 1639
201.245.192.253 - - [08/Sep/2023:13:12:27 -0500] "POST /sipse/faces/presentacion/financiero/solicitudProceso/solicitudProcesoOtrosPagos.xhtml HTTP/1.1" 200 35549
201.245.192.253 - - [08/Sep/2023:13:12:28 -0500] "GET /sipse/faces/javax.faces.resource/theme.css?ln=primefaces-sipse HTTP/1.1" 304 -
201.245.192.253 - - [08/Sep/2023:13:12:28 -0500] "GET /sipse/faces/javax.faces.resource/primefaces.css?ln=primefaces&v=4.0 HTTP/1.1" 304 -
201.245.192.253 - - [08/Sep/2023:13:12:28 -0500] "GET /sipse/faces/javax.faces.resource/layout/layout.css?ln=primefaces&v=4.0 HTTP/1.1" 304 -
201.245.192.253 - - [08/Sep/2023:13:12:28 -0500] "GET /sipse/faces/javax.faces.resource/jquery/jquery.js?ln=primefaces&v=4.0 HTTP/1.1" 304 -
201.245.192.253 - - [08/Sep/2023:13:12:28 -0500] "GET /sipse/faces/javax.faces.resource/jquery/jquery-plugins.js?ln=primefaces&v=4.0 HTTP/1.1" 304 -
201.245.192.253 - - [08/Sep/2023:13:12:28 -0500] "GET /sipse/faces/javax.faces.resource/primefaces.js?ln=primefaces&v=4.0 HTTP/1.1" 304 -
201.245.192.253 - - [08/Sep/2023:13:12:28 -0500] "GET /sipse/faces/javax.faces.resource/layout/layout.js?ln=primefaces&v=4.0 HTTP/1.1" 304 -
201.245.192.253 - - [08/Sep/2023:13:12:28 -0500] "POST /sipse/faces/presentacion/financiero/solicitudProceso/listarSolicitudProceso.xhtml HTTP/1.1" 200 1400
172.22.2.4 - - [08/Sep/2023:13:10:49 -0500] "GET /BLA/boletinlegal/ HTTP/1.1" 200 58187
