201.245.192.253 - - [08/Sep/2023:11:41:03 -0500] "POST /forms/lservlet;jsessionid=ac16012b30d65962943bc1d1484c974eac862b03ab49.e3iSbxaKaheRe34Rch0Ra3mLchv0n6jAmljGr5XDqQLvpAe HTTP/1.1" 200 105
201.245.192.253 - - [08/Sep/2023:11:41:04 -0500] "POST /forms/lservlet;jsessionid=ac16012b30d65962943bc1d1484c974eac862b03ab49.e3iSbxaKaheRe34Rch0Ra3mLchv0n6jAmljGr5XDqQLvpAe HTTP/1.1" 200 210
201.245.192.253 - - [08/Sep/2023:11:41:04 -0500] "POST /forms/lservlet;jsessionid=ac16012b30d65962943bc1d1484c974eac862b03ab49.e3iSbxaKaheRe34Rch0Ra3mLchv0n6jAmljGr5XDqQLvpAe HTTP/1.1" 200 22
201.245.192.253 - - [08/Sep/2023:11:41:05 -0500] "POST /forms/lservlet;jsessionid=ac16012b30d6fe616ddb68764dacb333ec8eb017034b.e3iSbxaKaheRe34Rch0Ra3mLchv0n6jAmljGr5XDqQLvpAe HTTP/1.1" 200 2
201.245.192.253 - - [08/Sep/2023:11:41:06 -0500] "POST /forms/lservlet;jsessionid=ac16012b30d65962943bc1d1484c974eac862b03ab49.e3iSbxaKaheRe34Rch0Ra3mLchv0n6jAmljGr5XDqQLvpAe HTTP/1.1" 200 121
201.245.192.253 - - [08/Sep/2023:11:41:06 -0500] "POST /forms/lservlet;jsessionid=ac16012b30d65962943bc1d1484c974eac862b03ab49.e3iSbxaKaheRe34Rch0Ra3mLchv0n6jAmljGr5XDqQLvpAe HTTP/1.1" 200 106
201.245.192.253 - - [08/Sep/2023:11:41:07 -0500] "POST /forms/lservlet;jsessionid=ac16012b30d65962943bc1d1484c974eac862b03ab49.e3iSbxaKaheRe34Rch0Ra3mLchv0n6jAmljGr5XDqQLvpAe HTTP/1.1" 200 106
201.245.192.253 - - [08/Sep/2023:11:41:07 -0500] "POST /forms/lservlet;jsessionid=ac16012b30d65962943bc1d1484c974eac862b03ab49.e3iSbxaKaheRe34Rch0Ra3mLchv0n6jAmljGr5XDqQLvpAe HTTP/1.1" 200 106
201.245.192.253 - - [08/Sep/2023:11:41:07 -0500] "POST /forms/lservlet;jsessionid=ac16012b30d65962943bc1d1484c974eac862b03ab49.e3iSbxaKaheRe34Rch0Ra3mLchv0n6jAmljGr5XDqQLvpAe HTTP/1.1" 200 218
201.245.192.253 - - [08/Sep/2023:11:41:08 -0500] "POST /forms/lservlet;jsessionid=ac16012b30d65962943bc1d1484c974eac862b03ab49.e3iSbxaKaheRe34Rch0Ra3mLchv0n6jAmljGr5XDqQLvpAe HTTP/1.1" 200 22
201.245.192.253 - - [08/Sep/2023:11:41:08 -0500] "POST /forms/lservlet;jsessionid=ac16012b30d65962943bc1d1484c974eac862b03ab49.e3iSbxaKaheRe34Rch0Ra3mLchv0n6jAmljGr5XDqQLvpAe HTTP/1.1" 200 120
201.245.192.253 - - [08/Sep/2023:11:41:08 -0500] "POST /forms/lservlet;jsessionid=ac16012b30d65962943bc1d1484c974eac862b03ab49.e3iSbxaKaheRe34Rch0Ra3mLchv0n6jAmljGr5XDqQLvpAe HTTP/1.1" 200 105
201.245.192.253 - - [08/Sep/2023:11:41:09 -0500] "POST /forms/lservlet;jsessionid=ac16012b30d65962943bc1d1484c974eac862b03ab49.e3iSbxaKaheRe34Rch0Ra3mLchv0n6jAmljGr5XDqQLvpAe HTTP/1.1" 200 105
201.245.192.253 - - [08/Sep/2023:11:41:09 -0500] "POST /forms/lservlet;jsessionid=ac16012b30d65962943bc1d1484c974eac862b03ab49.e3iSbxaKaheRe34Rch0Ra3mLchv0n6jAmljGr5XDqQLvpAe HTTP/1.1" 200 105
201.245.192.253 - - [08/Sep/2023:11:41:09 -0500] "POST /forms/lservlet;jsessionid=ac16012b30d65962943bc1d1484c974eac862b03ab49.e3iSbxaKaheRe34Rch0Ra3mLchv0n6jAmljGr5XDqQLvpAe HTTP/1.1" 200 210
201.245.192.253 - - [08/Sep/2023:11:41:09 -0500] "POST /forms/lservlet;jsessionid=ac16012b30d65962943bc1d1484c974eac862b03ab49.e3iSbxaKaheRe34Rch0Ra3mLchv0n6jAmljGr5XDqQLvpAe HTTP/1.1" 200 22
201.245.192.253 - - [08/Sep/2023:11:41:39 -0500] "POST /forms/lservlet;jsessionid=ac16012b30d65962943bc1d1484c974eac862b03ab49.e3iSbxaKaheRe34Rch0Ra3mLchv0n6jAmljGr5XDqQLvpAe HTTP/1.1" 200 121
201.245.192.253 - - [08/Sep/2023:11:41:39 -0500] "POST /forms/lservlet;jsessionid=ac16012b30d65962943bc1d1484c974eac862b03ab49.e3iSbxaKaheRe34Rch0Ra3mLchv0n6jAmljGr5XDqQLvpAe HTTP/1.1" 200 106
201.245.192.253 - - [08/Sep/2023:11:41:39 -0500] "POST /forms/lservlet;jsessionid=ac16012b30d65962943bc1d1484c974eac862b03ab49.e3iSbxaKaheRe34Rch0Ra3mLchv0n6jAmljGr5XDqQLvpAe HTTP/1.1" 200 106
201.245.192.253 - - [08/Sep/2023:11:41:40 -0500] "POST /forms/lservlet;jsessionid=ac16012b30d65962943bc1d1484c974eac862b03ab49.e3iSbxaKaheRe34Rch0Ra3mLchv0n6jAmljGr5XDqQLvpAe HTTP/1.1" 200 106
201.245.192.253 - - [08/Sep/2023:11:41:40 -0500] "POST /forms/lservlet;jsessionid=ac16012b30d65962943bc1d1484c974eac862b03ab49.e3iSbxaKaheRe34Rch0Ra3mLchv0n6jAmljGr5XDqQLvpAe HTTP/1.1" 200 218
201.245.192.253 - - [08/Sep/2023:11:41:40 -0500] "POST /forms/lservlet;jsessionid=ac16012b30d65962943bc1d1484c974eac862b03ab49.e3iSbxaKaheRe34Rch0Ra3mLchv0n6jAmljGr5XDqQLvpAe HTTP/1.1" 200 22
201.245.192.253 - - [08/Sep/2023:11:41:43 -0500] "POST /forms/lservlet;jsessionid=ac16012b30d65962943bc1d1484c974eac862b03ab49.e3iSbxaKaheRe34Rch0Ra3mLchv0n6jAmljGr5XDqQLvpAe HTTP/1.1" 200 120
201.245.192.253 - - [08/Sep/2023:11:41:43 -0500] "POST /forms/lservlet;jsessionid=ac16012b30d65962943bc1d1484c974eac862b03ab49.e3iSbxaKaheRe34Rch0Ra3mLchv0n6jAmljGr5XDqQLvpAe HTTP/1.1" 200 105
201.245.192.253 - - [08/Sep/2023:11:41:46 -0500] "POST /forms/lservlet;jsessionid=ac16012b30d65962943bc1d1484c974eac862b03ab49.e3iSbxaKaheRe34Rch0Ra3mLchv0n6jAmljGr5XDqQLvpAe HTTP/1.1" 200 105
201.245.192.253 - - [08/Sep/2023:11:41:47 -0500] "POST /forms/lservlet;jsessionid=ac16012b30d65962943bc1d1484c974eac862b03ab49.e3iSbxaKaheRe34Rch0Ra3mLchv0n6jAmljGr5XDqQLvpAe HTTP/1.1" 200 105
201.245.192.253 - - [08/Sep/2023:11:41:48 -0500] "POST /forms/lservlet;jsessionid=ac16012b30d65962943bc1d1484c974eac862b03ab49.e3iSbxaKaheRe34Rch0Ra3mLchv0n6jAmljGr5XDqQLvpAe HTTP/1.1" 200 105
201.245.192.253 - - [08/Sep/2023:11:41:48 -0500] "POST /forms/lservlet;jsessionid=ac16012b30d65962943bc1d1484c974eac862b03ab49.e3iSbxaKaheRe34Rch0Ra3mLchv0n6jAmljGr5XDqQLvpAe HTTP/1.1" 200 105
201.245.192.253 - - [08/Sep/2023:11:41:48 -0500] "POST /forms/lservlet;jsessionid=ac16012b30d65962943bc1d1484c974eac862b03ab49.e3iSbxaKaheRe34Rch0Ra3mLchv0n6jAmljGr5XDqQLvpAe HTTP/1.1" 200 105
201.245.192.253 - - [08/Sep/2023:11:41:48 -0500] "POST /forms/lservlet;jsessionid=ac16012b30d65962943bc1d1484c974eac862b03ab49.e3iSbxaKaheRe34Rch0Ra3mLchv0n6jAmljGr5XDqQLvpAe HTTP/1.1" 200 105
201.245.192.253 - - [08/Sep/2023:11:41:49 -0500] "POST /forms/lservlet;jsessionid=ac16012b30d65962943bc1d1484c974eac862b03ab49.e3iSbxaKaheRe34Rch0Ra3mLchv0n6jAmljGr5XDqQLvpAe HTTP/1.1" 200 105
201.245.192.253 - - [08/Sep/2023:11:41:49 -0500] "POST /forms/lservlet;jsessionid=ac16012b30d65962943bc1d1484c974eac862b03ab49.e3iSbxaKaheRe34Rch0Ra3mLchv0n6jAmljGr5XDqQLvpAe HTTP/1.1" 200 105
201.245.192.253 - - [08/Sep/2023:11:41:49 -0500] "POST /forms/lservlet;jsessionid=ac16012b30d65962943bc1d1484c974eac862b03ab49.e3iSbxaKaheRe34Rch0Ra3mLchv0n6jAmljGr5XDqQLvpAe HTTP/1.1" 200 105
201.245.192.253 - - [08/Sep/2023:11:41:50 -0500] "POST /forms/lservlet;jsessionid=ac16012b30d65962943bc1d1484c974eac862b03ab49.e3iSbxaKaheRe34Rch0Ra3mLchv0n6jAmljGr5XDqQLvpAe HTTP/1.1" 200 105
201.245.192.253 - - [08/Sep/2023:11:41:50 -0500] "POST /forms/lservlet;jsessionid=ac16012b30d65962943bc1d1484c974eac862b03ab49.e3iSbxaKaheRe34Rch0Ra3mLchv0n6jAmljGr5XDqQLvpAe HTTP/1.1" 200 210
201.245.192.253 - - [08/Sep/2023:11:41:50 -0500] "POST /forms/lservlet;jsessionid=ac16012b30d65962943bc1d1484c974eac862b03ab49.e3iSbxaKaheRe34Rch0Ra3mLchv0n6jAmljGr5XDqQLvpAe HTTP/1.1" 200 121
201.245.192.253 - - [08/Sep/2023:11:41:51 -0500] "POST /forms/lservlet;jsessionid=ac16012b30d65962943bc1d1484c974eac862b03ab49.e3iSbxaKaheRe34Rch0Ra3mLchv0n6jAmljGr5XDqQLvpAe HTTP/1.1" 200 106
201.245.192.253 - - [08/Sep/2023:11:41:51 -0500] "POST /forms/lservlet;jsessionid=ac16012b30d65962943bc1d1484c974eac862b03ab49.e3iSbxaKaheRe34Rch0Ra3mLchv0n6jAmljGr5XDqQLvpAe HTTP/1.1" 200 22
201.245.192.253 - - [08/Sep/2023:11:41:51 -0500] "POST /forms/lservlet;jsessionid=ac16012b30d65962943bc1d1484c974eac862b03ab49.e3iSbxaKaheRe34Rch0Ra3mLchv0n6jAmljGr5XDqQLvpAe HTTP/1.1" 200 22
201.245.192.253 - - [08/Sep/2023:11:41:52 -0500] "POST /forms/lservlet;jsessionid=ac16012b30d65962943bc1d1484c974eac862b03ab49.e3iSbxaKaheRe34Rch0Ra3mLchv0n6jAmljGr5XDqQLvpAe HTTP/1.1" 200 22
201.245.192.253 - - [08/Sep/2023:11:41:52 -0500] "POST /forms/lservlet;jsessionid=ac16012b30d65962943bc1d1484c974eac862b03ab49.e3iSbxaKaheRe34Rch0Ra3mLchv0n6jAmljGr5XDqQLvpAe HTTP/1.1" 200 22
201.245.192.253 - - [08/Sep/2023:11:41:53 -0500] "POST /forms/lservlet;jsessionid=ac16012b30d65962943bc1d1484c974eac862b03ab49.e3iSbxaKaheRe34Rch0Ra3mLchv0n6jAmljGr5XDqQLvpAe HTTP/1.1" 200 121
201.245.192.253 - - [08/Sep/2023:11:41:54 -0500] "POST /forms/lservlet;jsessionid=ac16012b30d65962943bc1d1484c974eac862b03ab49.e3iSbxaKaheRe34Rch0Ra3mLchv0n6jAmljGr5XDqQLvpAe HTTP/1.1" 200 106
201.245.192.253 - - [08/Sep/2023:11:41:54 -0500] "POST /forms/lservlet;jsessionid=ac16012b30d65962943bc1d1484c974eac862b03ab49.e3iSbxaKaheRe34Rch0Ra3mLchv0n6jAmljGr5XDqQLvpAe HTTP/1.1" 200 106
201.245.192.253 - - [08/Sep/2023:11:41:55 -0500] "POST /forms/lservlet;jsessionid=ac16012b30d65962943bc1d1484c974eac862b03ab49.e3iSbxaKaheRe34Rch0Ra3mLchv0n6jAmljGr5XDqQLvpAe HTTP/1.1" 200 106
201.245.192.253 - - [08/Sep/2023:11:41:55 -0500] "POST /forms/lservlet;jsessionid=ac16012b30d65962943bc1d1484c974eac862b03ab49.e3iSbxaKaheRe34Rch0Ra3mLchv0n6jAmljGr5XDqQLvpAe HTTP/1.1" 200 218
201.245.192.253 - - [08/Sep/2023:11:41:55 -0500] "POST /forms/lservlet;jsessionid=ac16012b30d65962943bc1d1484c974eac862b03ab49.e3iSbxaKaheRe34Rch0Ra3mLchv0n6jAmljGr5XDqQLvpAe HTTP/1.1" 200 22
201.245.192.253 - - [08/Sep/2023:11:41:55 -0500] "POST /forms/lservlet;jsessionid=ac16012b30d65962943bc1d1484c974eac862b03ab49.e3iSbxaKaheRe34Rch0Ra3mLchv0n6jAmljGr5XDqQLvpAe HTTP/1.1" 200 22
201.245.192.253 - - [08/Sep/2023:11:41:56 -0500] "POST /forms/lservlet;jsessionid=ac16012b30d65962943bc1d1484c974eac862b03ab49.e3iSbxaKaheRe34Rch0Ra3mLchv0n6jAmljGr5XDqQLvpAe HTTP/1.1" 200 120
201.245.192.253 - - [08/Sep/2023:11:41:56 -0500] "POST /forms/lservlet;jsessionid=ac16012b30d65962943bc1d1484c974eac862b03ab49.e3iSbxaKaheRe34Rch0Ra3mLchv0n6jAmljGr5XDqQLvpAe HTTP/1.1" 200 105
201.245.192.253 - - [08/Sep/2023:11:41:56 -0500] "POST /forms/lservlet;jsessionid=ac16012b30d65962943bc1d1484c974eac862b03ab49.e3iSbxaKaheRe34Rch0Ra3mLchv0n6jAmljGr5XDqQLvpAe HTTP/1.1" 200 105
201.245.192.253 - - [08/Sep/2023:11:41:57 -0500] "POST /forms/lservlet;jsessionid=ac16012b30d65962943bc1d1484c974eac862b03ab49.e3iSbxaKaheRe34Rch0Ra3mLchv0n6jAmljGr5XDqQLvpAe HTTP/1.1" 200 105
201.245.192.253 - - [08/Sep/2023:11:41:57 -0500] "POST /forms/lservlet;jsessionid=ac16012b30d65962943bc1d1484c974eac862b03ab49.e3iSbxaKaheRe34Rch0Ra3mLchv0n6jAmljGr5XDqQLvpAe HTTP/1.1" 200 210
201.245.192.253 - - [08/Sep/2023:11:41:58 -0500] "POST /forms/lservlet;jsessionid=ac16012b30d65962943bc1d1484c974eac862b03ab49.e3iSbxaKaheRe34Rch0Ra3mLchv0n6jAmljGr5XDqQLvpAe HTTP/1.1" 200 22
201.245.192.253 - - [08/Sep/2023:11:41:58 -0500] "POST /forms/lservlet;jsessionid=ac16012b30d65962943bc1d1484c974eac862b03ab49.e3iSbxaKaheRe34Rch0Ra3mLchv0n6jAmljGr5XDqQLvpAe HTTP/1.1" 200 22
201.245.192.253 - - [08/Sep/2023:11:41:58 -0500] "POST /forms/lservlet;jsessionid=ac16012b30d65962943bc1d1484c974eac862b03ab49.e3iSbxaKaheRe34Rch0Ra3mLchv0n6jAmljGr5XDqQLvpAe HTTP/1.1" 200 22
201.245.192.253 - - [08/Sep/2023:11:42:02 -0500] "POST /kwsrmcab/Wsrmcab  HTTP/1.1" 200 42865
186.102.5.155 - - [08/Sep/2023:11:42:09 -0500] "OPTIONS /kwssiamovil/sm/setfile/f? HTTP/1.1" 200 13
186.102.5.155 - - [08/Sep/2023:11:42:09 -0500] "POST /kwssiamovil/sm/setfile/f? HTTP/1.1" 200 381
186.102.5.155 - - [08/Sep/2023:11:42:17 -0500] "GET /kwssiamovil/sm/acme/a?s=U2FsdGVkX18tQf3xqw/RZWVYBA3mAOo5Xo9tL+AAZUi7zLWRLmP3XnSHDWfx+ER2plbtyApobcGwk8Pry1135hoIISjYqu9aTLxjwRxkTwQGN653aeRfA0fnMdjLdcL8+zXY2yo7I0s5LKoKUZoUGiXy+kohafwHugbEerYOOcil7zx+WQV+EtXhznog68wyI9XsD3naO8uSnaUTF16XAB8iHKN/Fny9oGHzFKWSiqOXaOzJWUfpqy73GUB3iHLVkDqXolLnAwdJpriVZyqJuQ==&u=U2FsdGVkX19dDiE9nMosrhdX3s50HWTRdWu570HHUgw=&y=U2FsdGVkX19y+TVacmSN7PtBJ6uwFmOLpJQnHRkQ19Q= HTTP/1.1" 200 26
186.102.5.155 - - [08/Sep/2023:11:42:17 -0500] "GET /kwssiamovil/sm/acme/a?s=U2FsdGVkX1+eU3htbiKhniYY+WZmy1iYYkXDPHyzeU6nUNYp1oLFbnwo/Z4WlnI9pHdNk2SyBhCbCVH5Ufmeg6R6AC5uLO2uYF4rxfXNpKEKBvMmgvQHTWOMNa0hM1xj4/HZ8+9PJxzwXpi9kL2IjZPzVS87GYz0cC5ITPBHV1MVobDaEEYxvPwaJw4aildVNCftaU1PJpJRcghsLzMKGOw6sxFOMvamwwGuzQUf/4BA1RgVEwGx8byT2g6oeSKxerGw3LoRv6tTYTPTgb6AHIq8XdrxEFG/MCzucspfnhkTrKF6oziGSXrqQEes4lK8cjAdmBOpyRcV5d4MfBtGRXBAouzpjtlSLxTFrBKIz8ZAJG9zCLFQVIFERXyxp/Uj+4YR5Tb6ZeopT/2QsNVX+TWopboenDYXtMM2FQOr2zPBRlXbvSVflILULYaSoY8IAcxIr0bHFcxKB2s9r4PeLaZ0pV1/xkkchgWhkQ/3yUqiapjWSqXRMRv4EuBNpJZJ/nFtkBzTJ5mUybIFt/xVZ7Pr5nYvgKizBfvg6gxv2GOn5hICj8wsVhCGPjMEncDAWDp5cLV16tBXesuwZXiMYigEd4WhOZkIw8kx+Y8GMQ1gtZYNSoWlkDJcCdiaSMbeUv3dbh6++bDi0JSkRCgRy9kLtuC4cG56YMuSRjMuW5cQ2fs/v9C2LaYzrgJDQxCuPY3OkD3ZaiCrQcM3Nfy/vMVfoTaDtxh4NmRO0B8eOfIN/T6+9FR3NxsmywO96U1hnNvLraAuYLU2S3v8qpEkFkI/3FktAwmRf/fk0sJXjU0oEDYCLrQUbU9VyYQHPb6rbMQpbFBdQwiuuu6Qn6Ky+j/zGMFpEUnK+PwBwFbDsvBUT6JBsqRXrhJrUZu9xAdwbzYa94LjYAyCQlsEaWkZiqsLIs6Msfful09eEGzX1pFhPq5wwM1L7E5J5gqpva8HLXxzL1Qv7tsvT6iOj2OeEIPX4/A8PGhc5XcjT6G5R05OL2n+0CXJvnrQa2Qjm6XBChrFBOlz9+ULrZJTBeKSlaIITxKhmIL2y0NTQxQWNkjqwJkypvo/rvPGRWbGQcVhdwIxMhKQwWD+SP1+A8uu0fOfcm6aRfHRVecMHDvs53rkEsiFoZBsx37Bn2CEHvL64Cdj4EQWyhzCR5xodNdiPoKniq5gtZSrC4zUdG5MDeDp7Ymz68QXu8bcJpF7bds3PeV7GnPLcMbJDraAxBNTBfDVxIriv3+atnvmoR7KmhbdKaW8p84E9tIXo7yNPcjckfnzB4dhM/a+hc6OUGGY3W25noGtGNBHkeEnrhfqfz+3bnJGiBf0qEtuuKeUdA90pe8nki7vzhPwcs+gPBXKrHAkxomL9SjhEK6tjCYaN7P8NnFR3yrYe0iLwdNIR2O0GTbwhrDRlRVF2njE4EjlIS/qKOwYssrcVgS2QzSS6tGJFnOURaciy8PYhFp3UGFWKJDT6iYGTsHJCxX4DTQjLfaWhzKzTMd4s4vPLxTaXP3BRFpb6t5xw8Xw+5WGMgl1gLak2I1ixUe2k1dA89Bd1JJsHId7mAcz+z0lcNAuJQKPvDlUeUWt7j/7JvC75BFj3Pte8C36ixyaC/K6jg5JkVYdH3nEY0VTmmvseD3O+8fO8JAHtasbSceQkdBQkPmRUZ7vCH3EssV+i03OkYJC4sIf1tdkYOjGDHgjbVWRth8fCwL+8PNirPtasiYSp4RZ5kyvAfSxEXrOQmgElxWdgA==&u=U2FsdGVkX19dDiE9nMosrhdX3s50HWTRdWu570HHUgw=&y=U2FsdGVkX19y+TVacmSN7PtBJ6uwFmOLpJQnHRkQ19Q= HTTP/1.1" 200 26
186.102.5.155 - - [08/Sep/2023:11:42:18 -0500] "GET /kwssiamovil/sm/acme/a?s=U2FsdGVkX1/rwNhym0rMstgG40uOX6V5yp71F3E0tWdzuNDIA6pUDc9qIyGsKf5BS/3B37wzvkmtD51U1jwQj0r7ZLIY/unx1K3PnCMHsYgy/rUA8q5OXEKdmC9z206DH5caOp7VAWlZlNpsxRXsZB/nxUlt4uJinXnySVQsOWg=&u=U2FsdGVkX19dDiE9nMosrhdX3s50HWTRdWu570HHUgw=&y=U2FsdGVkX19y+TVacmSN7PtBJ6uwFmOLpJQnHRkQ19Q= HTTP/1.1" 200 26
186.102.5.155 - - [08/Sep/2023:11:42:18 -0500] "GET /kwssiamovil/sm/acme/a?s=U2FsdGVkX1+xY06BQx1kXR+FHu6lA6QawR6O+wJUFxn8V8Ns7QF/rKBcVOIcGKwJajKmWvEeKL29DikJ2x2tUADcEmHtI2hazDQrV2C8wpF5VXNAn3NvjSM8DSo/SdJ3pk8BZywoa3hSwzZ8nx716qulKxzBg5NKIeLHL7ydwqo=&u=U2FsdGVkX19dDiE9nMosrhdX3s50HWTRdWu570HHUgw=&y=U2FsdGVkX19y+TVacmSN7PtBJ6uwFmOLpJQnHRkQ19Q= HTTP/1.1" 200 26
186.102.5.155 - - [08/Sep/2023:11:42:18 -0500] "GET /kwssiamovil/sm/acme/a?s=U2FsdGVkX18eWX5X/gVt/K2XULNV0iHVBSspln1VCfEDSnVEKwWhevgXeZq/MG5lY0S9c+n7hZsDYyrPRw/KB0G1pu6VzuGrgcpbGSTx794qAtMKiTk3K3COt9nOZEKxHQnY+POMlUnUSlyV/uWyOH8SPONV3qwt0LoYMZQpubY=&u=U2FsdGVkX19dDiE9nMosrhdX3s50HWTRdWu570HHUgw=&y=U2FsdGVkX19y+TVacmSN7PtBJ6uwFmOLpJQnHRkQ19Q= HTTP/1.1" 200 26
186.102.5.155 - - [08/Sep/2023:11:42:18 -0500] "GET /kwssiamovil/sm/acme/a?s=U2FsdGVkX19rXeErVzJmwxFFaVowSGqVcJUHPLNOLHhHar1fNyttzp1i5fn38JDp9oDBucx9AJECDCkPlA0hcqFfujBDH7a8P37YX7mx9Qhn5MA5QrNJnWjLkveUXRJ6oqsQMMGazoolemtoU7OZxpPWpDqBtoJhr5Lq6MXfB686y3OkMgrDWSH2aFSngKCR&u=U2FsdGVkX19dDiE9nMosrhdX3s50HWTRdWu570HHUgw=&y=U2FsdGVkX19y+TVacmSN7PtBJ6uwFmOLpJQnHRkQ19Q= HTTP/1.1" 200 26
186.102.5.155 - - [08/Sep/2023:11:42:18 -0500] "GET /kwssiamovil/sm/acme/a?s=U2FsdGVkX18mo5tWT6F0kE64hLvFepfytcDsDbrgd5FOoZdBFGWSVZiFH7whvQqEgnXe9iL2vI9sSKkJGkjKiAA88CeqRMqaRuE5vzaOpW1xPHOqNM36CbK1IitloZ6ohXPREQb0Q9GGW11glS2jQaRzabpvjk/XypsLlwNEQ3e2ZgisM2TkizV0R+XpYcLrh+bUgq/JsRCwZlNUnQynBwB3xSK3JlKUx7hSMTq2n8/fSjxSk1sgnsdq7m6LSnp/Ui17MuWLNUhOpT6Nasa4ck6MkLaEpitSy63VI9oxRLwRd94YtIcm8Vupe18me+/LGspCdmF6YpGdpQBNB9iMT4uCD/6ppiC1MzKl1mxAIBH9YV1Gk2wPpZZS6vp2XBd1TLK/78qph+tlBiFnyJQ+puqdCalrxqbp4GICUZIJYuilcGMVcluKe8hrTqEPeZvJlOlQ5Z9yki2RtWBYq4Dd/LZEhtpUs89d2s+GZ5WuN+o=&u=U2FsdGVkX19dDiE9nMosrhdX3s50HWTRdWu570HHUgw=&y=U2FsdGVkX19y+TVacmSN7PtBJ6uwFmOLpJQnHRkQ19Q= HTTP/1.1" 200 25
186.102.5.155 - - [08/Sep/2023:11:42:19 -0500] "GET /kwssiamovil/sm/acme/a?s=U2FsdGVkX182PwUccZJ6FV+GTuMLGIyMFEMbV+qVndsYP2BW3aer6iKRAl/fT1jMfaUTdCm7EVRzmUO+eOgob39ICUFpCjatjiOmTAEP3Lm97eHJA2dCIuKUoya2eXMyNj6PR1M3jhYifoiWmgKPXelQEoimHqUSEwyW0WY5Es/9OmEX3C3tlKgM5vGYttsZgfoqnPhII7jHCp43sNMGeiFVgZwsZvB2CrCMRlFHPpRN3JR5UbhVvZK8IvWBB8XeAsEAoogv1EoYTeaArVRvISVWdWvoIHIo1y6IMxVyKcRIKLlafSf89qu3eZaC0g9T6U6xVF/K8Aip8kNkFpAbfa5hXh+X3hjDB3JkhWOKx5mvZ0D0qKTI2AjwppOa8cNA7Ixd6g+pbwBK4FXVHbgxghnKbyv2UavvbboLk+P6HDW05cpzEoamNQrbfVjtoaMs&u=U2FsdGVkX19dDiE9nMosrhdX3s50HWTRdWu570HHUgw=&y=U2FsdGVkX19y+TVacmSN7PtBJ6uwFmOLpJQnHRkQ19Q= HTTP/1.1" 200 25
201.245.192.253 - - [08/Sep/2023:11:42:22 -0500] "POST /forms/lservlet;jsessionid=ac16012b30d65962943bc1d1484c974eac862b03ab49.e3iSbxaKaheRe34Rch0Ra3mLchv0n6jAmljGr5XDqQLvpAe HTTP/1.1" 200 2
201.245.192.253 - - [08/Sep/2023:11:43:05 -0500] "POST /forms/lservlet;jsessionid=ac16012b30d6fe616ddb68764dacb333ec8eb017034b.e3iSbxaKaheRe34Rch0Ra3mLchv0n6jAmljGr5XDqQLvpAe HTTP/1.1" 200 2
181.54.236.238 - - [08/Sep/2023:11:43:16 -0500] "POST /BLA/boletinlegal/admin/actos/ingresar.php HTTP/1.1" 200 7302
172.22.2.4 - - [08/Sep/2023:11:41:44 -0500] "GET /BLA/boletinlegal/ HTTP/1.1" 200 51700
181.54.236.238 - - [08/Sep/2023:11:43:33 -0500] "GET /BLA/resoluciones/index.php?dir=RESOLUCIONES+2007%2FRES+2007+4101+AL+4200%2F HTTP/1.1" 200 26886
201.245.192.253 - - [08/Sep/2023:11:44:04 -0500] "POST /BLA/boletinlegal/admin/actos/ingresar.php HTTP/1.1" 200 7302
172.22.2.4 - - [08/Sep/2023:11:42:29 -0500] "HEAD /BLA/boletinlegal/ HTTP/1.1" 200 -
201.245.192.253 - - [08/Sep/2023:11:44:22 -0500] "POST /forms/lservlet;jsessionid=ac16012b30d65962943bc1d1484c974eac862b03ab49.e3iSbxaKaheRe34Rch0Ra3mLchv0n6jAmljGr5XDqQLvpAe HTTP/1.1" 200 2
181.54.236.238 - - [08/Sep/2023:11:44:28 -0500] "GET /BLA/resoluciones/RESOLUCIONES%202007/RES%202007%204101%20AL%204200/RESOLUCION%204102%20DE%202007.pdf HTTP/1.1" 200 13222310
181.54.236.238 - - [08/Sep/2023:11:44:30 -0500] "GET /BLA/resoluciones/RESOLUCIONES%202007/RES%202007%204101%20AL%204200/RESOLUCION%204102%20DE%202007.pdf HTTP/1.1" 206 1025
181.54.236.238 - - [08/Sep/2023:11:44:30 -0500] "GET /BLA/resoluciones/RESOLUCIONES%202007/RES%202007%204101%20AL%204200/RESOLUCION%204102%20DE%202007.pdf HTTP/1.1" 200 13222310
181.54.236.238 - - [08/Sep/2023:11:44:31 -0500] "GET /BLA/resoluciones/RESOLUCIONES%202007/RES%202007%204101%20AL%204200/RESOLUCION%204102%20DE%202007.pdf HTTP/1.1" 206 64512
172.22.2.4 - - [08/Sep/2023:11:43:20 -0500] "GET /BLA/boletinlegal/ HTTP/1.1" 200 53362
201.245.192.253 - - [08/Sep/2023:11:45:05 -0500] "POST /forms/lservlet;jsessionid=ac16012b30d6fe616ddb68764dacb333ec8eb017034b.e3iSbxaKaheRe34Rch0Ra3mLchv0n6jAmljGr5XDqQLvpAe HTTP/1.1" 200 2
216.244.66.195 - - [08/Sep/2023:11:45:16 -0500] "GET /robots.txt HTTP/1.1" 404 1018
181.54.236.238 - - [08/Sep/2023:11:45:15 -0500] "POST /BLA/boletinlegal/admin/actos/ingresar.php HTTP/1.1" 200 7348
172.22.2.4 - - [08/Sep/2023:11:45:24 -0500] "GET /BLA/boletinlegal/actos.php HTTP/1.1" 200 9682
216.245.221.92 - - [08/Sep/2023:11:45:27 -0500] "HEAD / HTTP/1.1" 200 -
172.22.2.4 - - [08/Sep/2023:11:45:27 -0500] "GET /BLA/boletinlegal/favicon.ico HTTP/1.1" 404 1326
201.236.251.50 - - [08/Sep/2023:11:45:28 -0500] "GET /BLA/resoluciones/ HTTP/1.1" 200 13696
186.154.32.186 - - [08/Sep/2023:11:45:31 -0500] "GET /sipse/faces/index.xhtml HTTP/1.1" 200 677
186.154.32.186 - - [08/Sep/2023:11:45:31 -0500] "GET /sipse/faces/javax.faces.resource/theme.css?ln=primefaces-sipse HTTP/1.1" 304 -
186.154.32.186 - - [08/Sep/2023:11:45:31 -0500] "GET /sipse/faces/faces/autenticacion.xhtml HTTP/1.1" 200 12175
186.154.32.186 - - [08/Sep/2023:11:45:31 -0500] "GET /sipse/js/disable_browser_buttons.js HTTP/1.1" 304 -
186.154.32.186 - - [08/Sep/2023:11:45:31 -0500] "GET /sipse/css/custom_css_sg.css HTTP/1.1" 304 -
186.154.32.186 - - [08/Sep/2023:11:45:31 -0500] "GET /sipse/css/custom_css_sg_prime_login.css HTTP/1.1" 304 -
186.154.32.186 - - [08/Sep/2023:11:45:31 -0500] "GET /sipse/faces/javax.faces.resource/theme.css?ln=primefaces-sipse HTTP/1.1" 304 -
186.154.32.186 - - [08/Sep/2023:11:45:31 -0500] "GET /sipse/faces/javax.faces.resource/layout/layout.css?ln=primefaces&v=4.0 HTTP/1.1" 304 -
186.154.32.186 - - [08/Sep/2023:11:45:31 -0500] "GET /sipse/faces/javax.faces.resource/primefaces.css?ln=primefaces&v=4.0 HTTP/1.1" 304 -
186.154.32.186 - - [08/Sep/2023:11:45:31 -0500] "GET /sipse/js/funciones.js HTTP/1.1" 304 -
186.154.32.186 - - [08/Sep/2023:11:45:31 -0500] "GET /sipse/faces/javax.faces.resource/jquery/jquery.js?ln=primefaces&v=4.0 HTTP/1.1" 304 -
186.154.32.186 - - [08/Sep/2023:11:45:31 -0500] "GET /sipse/faces/javax.faces.resource/jquery/jquery-plugins.js?ln=primefaces&v=4.0 HTTP/1.1" 304 -
186.154.32.186 - - [08/Sep/2023:11:45:31 -0500] "GET /sipse/faces/javax.faces.resource/layout/layout.js?ln=primefaces&v=4.0 HTTP/1.1" 304 -
186.154.32.186 - - [08/Sep/2023:11:45:31 -0500] "GET /sipse/faces/javax.faces.resource/primefaces.js?ln=primefaces&v=4.0 HTTP/1.1" 304 -
186.154.32.186 - - [08/Sep/2023:11:45:31 -0500] "GET /sipse/css/imagen/logoSDG.png HTTP/1.1" 304 -
186.154.32.186 - - [08/Sep/2023:11:45:31 -0500] "GET /sipse/css/imagen/loginimg.png HTTP/1.1" 304 -
186.154.32.186 - - [08/Sep/2023:11:45:31 -0500] "GET /sipse/faces/javax.faces.resource/images/ui-icons_898989_256x240.png?ln=primefaces-aristo HTTP/1.1" 304 -
201.236.251.50 - - [08/Sep/2023:11:45:32 -0500] "GET /BLA/resoluciones/index.php?dir=RESOLUCIONES+2005%2F HTTP/1.1" 200 49688
186.154.32.186 - - [08/Sep/2023:11:45:34 -0500] "POST /sipse/faces/autenticacion.xhtml HTTP/1.1" 200 16170
186.154.32.186 - - [08/Sep/2023:11:45:34 -0500] "GET /sipse/css/custom_css_sg_prime.css HTTP/1.1" 304 -
186.154.32.186 - - [08/Sep/2023:11:45:34 -0500] "GET /sipse/faces/javax.faces.resource/primefaces.css?ln=primefaces&v=4.0 HTTP/1.1" 304 -
186.154.32.186 - - [08/Sep/2023:11:45:34 -0500] "GET /sipse/faces/javax.faces.resource/layout/layout.css?ln=primefaces&v=4.0 HTTP/1.1" 304 -
186.154.32.186 - - [08/Sep/2023:11:45:34 -0500] "GET /sipse/faces/javax.faces.resource/theme.css?ln=primefaces-sipse HTTP/1.1" 304 -
186.154.32.186 - - [08/Sep/2023:11:45:34 -0500] "GET /sipse/js/jquery.min.js HTTP/1.1" 304 -
186.154.32.186 - - [08/Sep/2023:11:45:34 -0500] "GET /sipse/faces/javax.faces.resource/jquery/jquery.js?ln=primefaces&v=4.0 HTTP/1.1" 304 -
186.154.32.186 - - [08/Sep/2023:11:45:34 -0500] "GET /sipse/faces/javax.faces.resource/jquery/jquery-plugins.js?ln=primefaces&v=4.0 HTTP/1.1" 304 -
186.154.32.186 - - [08/Sep/2023:11:45:34 -0500] "GET /sipse/faces/javax.faces.resource/primefaces.js?ln=primefaces&v=4.0 HTTP/1.1" 304 -
186.154.32.186 - - [08/Sep/2023:11:45:34 -0500] "GET /sipse/faces/javax.faces.resource/layout/layout.js?ln=primefaces&v=4.0 HTTP/1.1" 304 -
186.154.32.186 - - [08/Sep/2023:11:45:34 -0500] "GET /sipse/css/v_mergente.css HTTP/1.1" 304 -
186.154.32.186 - - [08/Sep/2023:11:45:34 -0500] "GET /sipse/imagenes/cargando.gif HTTP/1.1" 304 -
186.154.32.186 - - [08/Sep/2023:11:45:34 -0500] "GET /sipse/css/imagen/contrasena.png HTTP/1.1" 404 383
186.154.32.186 - - [08/Sep/2023:11:45:34 -0500] "GET /sipse/imagenes/logoAplicacion.jpg HTTP/1.1" 304 -
186.154.32.186 - - [08/Sep/2023:11:45:34 -0500] "GET /sipse/faces/javax.faces.resource/messages/messages.png?ln=primefaces&v=4.0 HTTP/1.1" 304 -
186.154.32.186 - - [08/Sep/2023:11:45:36 -0500] "GET /sipse/faces/javax.faces.resource/images/ui-bg_flat_0_2d5972_40x100.png?ln=primefaces-aristo HTTP/1.1" 304 -
186.154.32.186 - - [08/Sep/2023:11:45:36 -0500] "POST /sipse/faces/bienvenido.xhtml HTTP/1.1" 200 1471
186.154.32.186 - - [08/Sep/2023:11:45:36 -0500] "POST /sipse/faces/bienvenido.xhtml HTTP/1.1" 200 31233
186.154.32.186 - - [08/Sep/2023:11:45:37 -0500] "GET /sipse/faces/javax.faces.resource/primefaces.css?ln=primefaces&v=4.0 HTTP/1.1" 304 -
186.154.32.186 - - [08/Sep/2023:11:45:37 -0500] "GET /sipse/faces/javax.faces.resource/theme.css?ln=primefaces-sipse HTTP/1.1" 304 -
186.154.32.186 - - [08/Sep/2023:11:45:37 -0500] "GET /sipse/faces/javax.faces.resource/layout/layout.css?ln=primefaces&v=4.0 HTTP/1.1" 304 -
186.154.32.186 - - [08/Sep/2023:11:45:37 -0500] "GET /sipse/faces/javax.faces.resource/jquery/jquery.js?ln=primefaces&v=4.0 HTTP/1.1" 304 -
186.154.32.186 - - [08/Sep/2023:11:45:37 -0500] "GET /sipse/faces/javax.faces.resource/jquery/jquery-plugins.js?ln=primefaces&v=4.0 HTTP/1.1" 304 -
186.154.32.186 - - [08/Sep/2023:11:45:37 -0500] "GET /sipse/faces/javax.faces.resource/primefaces.js?ln=primefaces&v=4.0 HTTP/1.1" 304 -
186.154.32.186 - - [08/Sep/2023:11:45:37 -0500] "GET /sipse/faces/javax.faces.resource/layout/layout.js?ln=primefaces&v=4.0 HTTP/1.1" 304 -
186.154.32.186 - - [08/Sep/2023:11:45:37 -0500] "POST /sipse/faces/presentacion/financiero/solicitudProceso/listarSolicitudProceso.xhtml HTTP/1.1" 200 1376
201.236.251.50 - - [08/Sep/2023:11:45:38 -0500] "GET /BLA/resoluciones/index.php?dir=RESOLUCIONES+2005%2FRES+2005+2501-2550%2F HTTP/1.1" 200 12365
201.236.251.50 - - [08/Sep/2023:11:45:40 -0500] "GET /BLA/resoluciones/RESOLUCIONES%202005/RES%202005%202501-2550/00002517.tif HTTP/1.1" 200 755532
201.245.192.253 - - [08/Sep/2023:11:46:22 -0500] "POST /forms/lservlet;jsessionid=ac16012b30d65962943bc1d1484c974eac862b03ab49.e3iSbxaKaheRe34Rch0Ra3mLchv0n6jAmljGr5XDqQLvpAe HTTP/1.1" 200 2
201.245.192.253 - - [08/Sep/2023:11:46:58 -0500] "POST /BLA/boletinlegal/admin/actos/ingresar.php HTTP/1.1" 200 7302
201.245.192.253 - - [08/Sep/2023:11:47:01 -0500] "POST /kwsrmcab/Wsrmcab  HTTP/1.1" 200 42865
201.245.192.253 - - [08/Sep/2023:11:47:05 -0500] "POST /forms/lservlet;jsessionid=ac16012b30d6fe616ddb68764dacb333ec8eb017034b.e3iSbxaKaheRe34Rch0Ra3mLchv0n6jAmljGr5XDqQLvpAe HTTP/1.1" 200 2
181.54.236.238 - - [08/Sep/2023:11:48:15 -0500] "POST /BLA/boletinlegal/admin/actos/ingresar.php HTTP/1.1" 200 7348
201.245.192.253 - - [08/Sep/2023:11:48:22 -0500] "POST /forms/lservlet;jsessionid=ac16012b30d65962943bc1d1484c974eac862b03ab49.e3iSbxaKaheRe34Rch0Ra3mLchv0n6jAmljGr5XDqQLvpAe HTTP/1.1" 200 2
172.22.2.4 - - [08/Sep/2023:11:48:42 -0500] "GET /BLA/boletinlegal/consulta_actos.php?tipo=resoluciones&no=1721&usuario=&sector=PEV&fecha=2022&resuelve= HTTP/1.1" 200 626
172.22.2.4 - - [08/Sep/2023:11:48:42 -0500] "GET /BLA/boletinlegal/consulta_actos.php?tipo=resoluciones&no=1721&usuario=&sector=PEV&fecha=2022&resuelve= HTTP/1.1" 200 626
172.22.2.4 - - [08/Sep/2023:11:48:45 -0500] "GET /BLA/boletinlegal/consulta_actos.php?tipo=resoluciones&no=1721&usuario=&sector=PEV&fecha=2021&resuelve= HTTP/1.1" 200 626
191.156.190.21 - - [08/Sep/2023:11:48:59 -0500] "GET /inscribete-y-participa-en-el-foro-sobre-la-gestion-de-los-bifenilos-policlorados-en-transformadores-electricos.html HTTP/1.1" 200 931
201.245.192.253 - - [08/Sep/2023:11:49:00 -0500] "GET /BLA/resoluciones/index.php?dir=RESOLUCIONES+2018%2F HTTP/1.1" 200 278577
201.245.192.253 - - [08/Sep/2023:11:49:05 -0500] "POST /forms/lservlet;jsessionid=ac16012b30d6fe616ddb68764dacb333ec8eb017034b.e3iSbxaKaheRe34Rch0Ra3mLchv0n6jAmljGr5XDqQLvpAe HTTP/1.1" 200 2
181.54.236.238 - - [08/Sep/2023:11:49:29 -0500] "POST /BLA/boletinlegal/admin/actos/ingresar.php HTTP/1.1" 200 7348
172.22.2.4 - - [08/Sep/2023:11:48:19 -0500] "HEAD /BLA/boletinlegal/ HTTP/1.1" 200 -
201.245.192.253 - - [08/Sep/2023:11:50:22 -0500] "POST /forms/lservlet;jsessionid=ac16012b30d65962943bc1d1484c974eac862b03ab49.e3iSbxaKaheRe34Rch0Ra3mLchv0n6jAmljGr5XDqQLvpAe HTTP/1.1" 200 2
216.245.221.92 - - [08/Sep/2023:11:50:27 -0500] "HEAD / HTTP/1.1" 200 -
181.54.236.238 - - [08/Sep/2023:11:50:27 -0500] "POST /BLA/boletinlegal/admin/actos/ingresar.php HTTP/1.1" 200 7348
172.22.2.4 - - [08/Sep/2023:11:49:10 -0500] "GET /BLA/boletinlegal/ HTTP/1.1" 200 58187
191.156.186.3 - - [08/Sep/2023:11:50:52 -0500] "POST /sipse/faces/presentacion/financiero/solicitudProceso/consultarSolicitudProceso.xhtml HTTP/1.1" 200 37917
191.156.186.3 - - [08/Sep/2023:11:50:54 -0500] "GET /sipse/faces/javax.faces.resource/theme.css?ln=primefaces-sipse HTTP/1.1" 304 -
191.156.188.4 - - [08/Sep/2023:11:50:54 -0500] "GET /sipse/faces/javax.faces.resource/jquery/jquery.js?ln=primefaces&v=4.0 HTTP/1.1" 304 -
191.156.188.4 - - [08/Sep/2023:11:50:54 -0500] "GET /sipse/faces/javax.faces.resource/primefaces.css?ln=primefaces&v=4.0 HTTP/1.1" 304 -
191.156.181.214 - - [08/Sep/2023:11:50:54 -0500] "GET /sipse/faces/javax.faces.resource/jquery/jquery-plugins.js?ln=primefaces&v=4.0 HTTP/1.1" 304 -
191.156.186.3 - - [08/Sep/2023:11:50:54 -0500] "GET /sipse/faces/javax.faces.resource/layout/layout.css?ln=primefaces&v=4.0 HTTP/1.1" 304 -
191.156.181.214 - - [08/Sep/2023:11:50:54 -0500] "GET /sipse/faces/javax.faces.resource/primefaces.js?ln=primefaces&v=4.0 HTTP/1.1" 304 -
191.156.181.214 - - [08/Sep/2023:11:50:55 -0500] "GET /sipse/faces/javax.faces.resource/layout/layout.js?ln=primefaces&v=4.0 HTTP/1.1" 304 -
191.156.181.214 - - [08/Sep/2023:11:50:55 -0500] "POST /sipse/faces/presentacion/financiero/solicitudProceso/listarSolicitudProceso.xhtml HTTP/1.1" 200 31297
191.156.181.214 - - [08/Sep/2023:11:50:56 -0500] "POST /sipse/faces/presentacion/financiero/solicitudProceso/listarSolicitudProceso.xhtml HTTP/1.1" 200 31297
191.156.181.214 - - [08/Sep/2023:11:50:58 -0500] "POST /sipse/faces/presentacion/financiero/solicitudProceso/listarSolicitudProceso.xhtml HTTP/1.1" 200 31297
191.156.181.214 - - [08/Sep/2023:11:51:00 -0500] "POST /sipse/faces/presentacion/financiero/solicitudProceso/listarSolicitudProceso.xhtml HTTP/1.1" 200 31297
191.156.181.214 - - [08/Sep/2023:11:51:02 -0500] "POST /sipse/faces/presentacion/financiero/solicitudProceso/listarSolicitudProceso.xhtml HTTP/1.1" 200 1400
191.156.181.214 - - [08/Sep/2023:11:51:02 -0500] "POST /sipse/faces/presentacion/financiero/solicitudProceso/listarSolicitudProceso.xhtml HTTP/1.1" 200 60212
191.156.181.214 - - [08/Sep/2023:11:51:05 -0500] "GET /sipse/faces/javax.faces.resource/theme.css?ln=primefaces-sipse HTTP/1.1" 304 -
191.156.186.3 - - [08/Sep/2023:11:51:05 -0500] "GET /sipse/faces/javax.faces.resource/primefaces.css?ln=primefaces&v=4.0 HTTP/1.1" 304 -
191.156.186.3 - - [08/Sep/2023:11:51:05 -0500] "GET /sipse/faces/javax.faces.resource/jquery/jquery.js?ln=primefaces&v=4.0 HTTP/1.1" 304 -
191.156.188.4 - - [08/Sep/2023:11:51:05 -0500] "GET /sipse/faces/javax.faces.resource/layout/layout.css?ln=primefaces&v=4.0 HTTP/1.1" 304 -
201.245.192.253 - - [08/Sep/2023:11:51:05 -0500] "POST /forms/lservlet;jsessionid=ac16012b30d6fe616ddb68764dacb333ec8eb017034b.e3iSbxaKaheRe34Rch0Ra3mLchv0n6jAmljGr5XDqQLvpAe HTTP/1.1" 200 2
191.156.181.214 - - [08/Sep/2023:11:51:05 -0500] "GET /sipse/faces/javax.faces.resource/jquery/jquery-plugins.js?ln=primefaces&v=4.0 HTTP/1.1" 304 -
191.156.181.214 - - [08/Sep/2023:11:51:05 -0500] "GET /sipse/faces/javax.faces.resource/primefaces.js?ln=primefaces&v=4.0 HTTP/1.1" 304 -
191.156.181.214 - - [08/Sep/2023:11:51:05 -0500] "GET /sipse/faces/javax.faces.resource/layout/layout.js?ln=primefaces&v=4.0 HTTP/1.1" 304 -
191.156.181.214 - - [08/Sep/2023:11:51:05 -0500] "POST /sipse/faces/faces/autenticacion.xhtml HTTP/1.1" 200 1099
191.156.181.214 - - [08/Sep/2023:11:51:05 -0500] "POST /sipse/faces/faces/autenticacion.xhtml HTTP/1.1" 200 1099
191.156.181.214 - - [08/Sep/2023:11:51:06 -0500] "POST /sipse/faces/faces/autenticacion.xhtml HTTP/1.1" 200 1099
191.156.181.214 - - [08/Sep/2023:11:51:06 -0500] "POST /sipse/faces/faces/autenticacion.xhtml HTTP/1.1" 200 1099
191.156.181.214 - - [08/Sep/2023:11:51:11 -0500] "POST /sipse/faces/presentacion/financiero/solicitudProceso/crearModificarSolicitudProceso.xhtml HTTP/1.1" 200 26431
191.156.188.4 - - [08/Sep/2023:11:51:32 -0500] "POST /sipse/faces/presentacion/financiero/solicitudProceso/crearModificarSolicitudProceso.xhtml HTTP/1.1" 200 9182
172.22.2.4 - - [08/Sep/2023:11:51:56 -0500] "GET /BLA/boletinlegal/consulta_actos.php?tipo=resoluciones&no=4361&usuario=&sector=&fecha=2009&resuelve= HTTP/1.1" 200 1094
201.236.251.50 - - [08/Sep/2023:11:52:00 -0500] "GET /BLA/resoluciones/RESOLUCIONES%202009/4361.pdf HTTP/1.1" 200 1117641
201.236.251.50 - - [08/Sep/2023:11:52:01 -0500] "GET /BLA/resoluciones/RESOLUCIONES%202009/4361.pdf HTTP/1.1" 206 16384
201.245.192.253 - - [08/Sep/2023:11:52:00 -0500] "POST /kwsrmcab/Wsrmcab  HTTP/1.1" 200 42865
191.156.181.214 - - [08/Sep/2023:11:52:18 -0500] "POST /sipse/faces/presentacion/financiero/solicitudProceso/crearModificarSolicitudProceso.xhtml HTTP/1.1" 200 37917
191.156.181.214 - - [08/Sep/2023:11:52:19 -0500] "GET /sipse/faces/javax.faces.resource/theme.css?ln=primefaces-sipse HTTP/1.1" 304 -
191.156.177.181 - - [08/Sep/2023:11:52:19 -0500] "GET /sipse/faces/javax.faces.resource/jquery/jquery.js?ln=primefaces&v=4.0 HTTP/1.1" 304 -
191.156.190.18 - - [08/Sep/2023:11:52:19 -0500] "GET /sipse/faces/javax.faces.resource/primefaces.css?ln=primefaces&v=4.0 HTTP/1.1" 304 -
191.156.177.181 - - [08/Sep/2023:11:52:19 -0500] "GET /sipse/faces/javax.faces.resource/layout/layout.css?ln=primefaces&v=4.0 HTTP/1.1" 304 -
191.156.190.18 - - [08/Sep/2023:11:52:19 -0500] "GET /sipse/faces/javax.faces.resource/jquery/jquery-plugins.js?ln=primefaces&v=4.0 HTTP/1.1" 304 -
191.156.190.18 - - [08/Sep/2023:11:52:20 -0500] "GET /sipse/faces/javax.faces.resource/primefaces.js?ln=primefaces&v=4.0 HTTP/1.1" 304 -
191.156.190.18 - - [08/Sep/2023:11:52:20 -0500] "GET /sipse/faces/javax.faces.resource/layout/layout.js?ln=primefaces&v=4.0 HTTP/1.1" 304 -
191.156.190.18 - - [08/Sep/2023:11:52:20 -0500] "POST /sipse/faces/presentacion/financiero/solicitudProceso/listarSolicitudProceso.xhtml HTTP/1.1" 200 31297
191.156.190.18 - - [08/Sep/2023:11:52:20 -0500] "POST /sipse/faces/presentacion/financiero/solicitudProceso/listarSolicitudProceso.xhtml HTTP/1.1" 200 31297
191.156.190.18 - - [08/Sep/2023:11:52:21 -0500] "POST /sipse/faces/presentacion/financiero/solicitudProceso/listarSolicitudProceso.xhtml HTTP/1.1" 200 31297
191.156.190.18 - - [08/Sep/2023:11:52:21 -0500] "POST /sipse/faces/presentacion/financiero/solicitudProceso/listarSolicitudProceso.xhtml HTTP/1.1" 200 31297
201.245.192.253 - - [08/Sep/2023:11:52:22 -0500] "POST /forms/lservlet;jsessionid=ac16012b30d65962943bc1d1484c974eac862b03ab49.e3iSbxaKaheRe34Rch0Ra3mLchv0n6jAmljGr5XDqQLvpAe HTTP/1.1" 200 2
191.156.190.18 - - [08/Sep/2023:11:52:22 -0500] "POST /sipse/faces/presentacion/financiero/solicitudProceso/listarSolicitudProceso.xhtml HTTP/1.1" 200 31297
191.156.190.18 - - [08/Sep/2023:11:52:23 -0500] "POST /sipse/faces/presentacion/financiero/solicitudProceso/listarSolicitudProceso.xhtml HTTP/1.1" 200 31297
191.156.190.18 - - [08/Sep/2023:11:52:23 -0500] "POST /sipse/faces/presentacion/financiero/solicitudProceso/listarSolicitudProceso.xhtml HTTP/1.1" 200 1400
191.156.190.18 - - [08/Sep/2023:11:52:24 -0500] "POST /sipse/faces/presentacion/financiero/solicitudProceso/listarSolicitudProceso.xhtml HTTP/1.1" 200 1396
191.156.190.18 - - [08/Sep/2023:11:52:24 -0500] "POST /sipse/faces/presentacion/financiero/solicitudProceso/listarSolicitudProceso.xhtml HTTP/1.1" 200 1404
191.156.190.18 - - [08/Sep/2023:11:52:24 -0500] "POST /sipse/faces/presentacion/financiero/solicitudProceso/listarSolicitudProceso.xhtml HTTP/1.1" 200 1396
191.156.190.18 - - [08/Sep/2023:11:52:24 -0500] "POST /sipse/faces/presentacion/financiero/solicitudProceso/listarSolicitudProceso.xhtml HTTP/1.1" 200 1404
191.156.190.18 - - [08/Sep/2023:11:52:24 -0500] "POST /sipse/faces/presentacion/financiero/solicitudProceso/listarSolicitudProceso.xhtml HTTP/1.1" 200 1396
191.156.190.18 - - [08/Sep/2023:11:52:25 -0500] "POST /sipse/faces/presentacion/financiero/solicitudProceso/listarSolicitudProceso.xhtml HTTP/1.1" 200 1404
191.156.190.18 - - [08/Sep/2023:11:52:28 -0500] "POST /sipse/faces/presentacion/financiero/solicitudProceso/listarSolicitudProceso.xhtml HTTP/1.1" 200 5772
181.56.235.113 - - [08/Sep/2023:11:52:30 -0500] "GET /favicon.ico HTTP/1.1" 200 7782
191.156.190.18 - - [08/Sep/2023:11:52:31 -0500] "POST /sipse/faces/presentacion/financiero/solicitudProceso/listarSolicitudProceso.xhtml HTTP/1.1" 200 112789
191.156.190.18 - - [08/Sep/2023:11:52:33 -0500] "GET /sipse/faces/javax.faces.resource/theme.css?ln=primefaces-sipse HTTP/1.1" 304 -
191.156.177.181 - - [08/Sep/2023:11:52:33 -0500] "GET /sipse/faces/javax.faces.resource/primefaces.css?ln=primefaces&v=4.0 HTTP/1.1" 304 -
191.156.181.214 - - [08/Sep/2023:11:52:33 -0500] "GET /sipse/faces/javax.faces.resource/layout/layout.css?ln=primefaces&v=4.0 HTTP/1.1" 304 -
191.156.176.63 - - [08/Sep/2023:11:52:33 -0500] "GET /sipse/faces/javax.faces.resource/jquery/jquery.js?ln=primefaces&v=4.0 HTTP/1.1" 304 -
191.156.176.63 - - [08/Sep/2023:11:52:33 -0500] "GET /sipse/faces/javax.faces.resource/jquery/jquery-plugins.js?ln=primefaces&v=4.0 HTTP/1.1" 304 -
191.156.176.63 - - [08/Sep/2023:11:52:33 -0500] "GET /sipse/faces/javax.faces.resource/primefaces.js?ln=primefaces&v=4.0 HTTP/1.1" 304 -
191.156.176.63 - - [08/Sep/2023:11:52:33 -0500] "GET /sipse/faces/javax.faces.resource/layout/layout.js?ln=primefaces&v=4.0 HTTP/1.1" 304 -
191.156.182.23 - - [08/Sep/2023:11:52:59 -0500] "GET /sipse/faces/javax.faces.resource/images/ui-bg_flat_0_2d5972_40x100.png?ln=primefaces-aristo HTTP/1.1" 304 -
191.156.182.23 - - [08/Sep/2023:11:53:00 -0500] "POST /sipse/faces/presentacion/financiero/solicitudProceso/consultarSolicitudProceso.xhtml HTTP/1.1" 200 38225
191.156.182.23 - - [08/Sep/2023:11:53:01 -0500] "GET /sipse/faces/javax.faces.resource/theme.css?ln=primefaces-sipse HTTP/1.1" 304 -
191.156.178.226 - - [08/Sep/2023:11:53:01 -0500] "GET /sipse/faces/javax.faces.resource/jquery/jquery.js?ln=primefaces&v=4.0 HTTP/1.1" 304 -
191.156.184.46 - - [08/Sep/2023:11:53:01 -0500] "GET /sipse/faces/javax.faces.resource/primefaces.css?ln=primefaces&v=4.0 HTTP/1.1" 304 -
191.156.182.23 - - [08/Sep/2023:11:53:01 -0500] "GET /sipse/faces/javax.faces.resource/layout/layout.css?ln=primefaces&v=4.0 HTTP/1.1" 304 -
191.156.178.226 - - [08/Sep/2023:11:53:01 -0500] "GET /sipse/faces/javax.faces.resource/jquery/jquery-plugins.js?ln=primefaces&v=4.0 HTTP/1.1" 304 -
191.156.178.226 - - [08/Sep/2023:11:53:01 -0500] "GET /sipse/faces/javax.faces.resource/primefaces.js?ln=primefaces&v=4.0 HTTP/1.1" 304 -
191.156.178.226 - - [08/Sep/2023:11:53:01 -0500] "GET /sipse/faces/javax.faces.resource/layout/layout.js?ln=primefaces&v=4.0 HTTP/1.1" 304 -
191.156.184.46 - - [08/Sep/2023:11:53:02 -0500] "GET /sipse/faces/javax.faces.resource/messages/messages.png?ln=primefaces&v=4.0 HTTP/1.1" 304 -
191.156.178.226 - - [08/Sep/2023:11:53:02 -0500] "POST /sipse/faces/presentacion/financiero/solicitudProceso/listarSolicitudProceso.xhtml HTTP/1.1" 200 1400
201.245.192.253 - - [08/Sep/2023:11:53:05 -0500] "POST /forms/lservlet;jsessionid=ac16012b30d6fe616ddb68764dacb333ec8eb017034b.e3iSbxaKaheRe34Rch0Ra3mLchv0n6jAmljGr5XDqQLvpAe HTTP/1.1" 200 2
191.156.178.226 - - [08/Sep/2023:11:53:06 -0500] "POST /sipse/faces/presentacion/financiero/solicitudProceso/listarSolicitudProceso.xhtml HTTP/1.1" 200 2969
191.156.178.226 - - [08/Sep/2023:11:53:08 -0500] "POST /sipse/faces/presentacion/financiero/solicitudProceso/listarSolicitudProceso.xhtml HTTP/1.1" 200 60212
191.156.182.23 - - [08/Sep/2023:11:53:09 -0500] "GET /sipse/faces/javax.faces.resource/layout/layout.css?ln=primefaces&v=4.0 HTTP/1.1" 304 -
191.156.178.226 - - [08/Sep/2023:11:53:09 -0500] "GET /sipse/faces/javax.faces.resource/theme.css?ln=primefaces-sipse HTTP/1.1" 304 -
191.156.184.46 - - [08/Sep/2023:11:53:09 -0500] "GET /sipse/faces/javax.faces.resource/primefaces.css?ln=primefaces&v=4.0 HTTP/1.1" 304 -
191.156.176.63 - - [08/Sep/2023:11:53:09 -0500] "GET /sipse/faces/javax.faces.resource/jquery/jquery.js?ln=primefaces&v=4.0 HTTP/1.1" 304 -
191.156.176.63 - - [08/Sep/2023:11:53:09 -0500] "GET /sipse/faces/javax.faces.resource/jquery/jquery-plugins.js?ln=primefaces&v=4.0 HTTP/1.1" 304 -
191.156.176.63 - - [08/Sep/2023:11:53:09 -0500] "GET /sipse/faces/javax.faces.resource/primefaces.js?ln=primefaces&v=4.0 HTTP/1.1" 304 -
191.156.176.63 - - [08/Sep/2023:11:53:09 -0500] "GET /sipse/faces/javax.faces.resource/layout/layout.js?ln=primefaces&v=4.0 HTTP/1.1" 304 -
191.156.176.63 - - [08/Sep/2023:11:53:23 -0500] "POST /sipse/faces/presentacion/financiero/solicitudProceso/crearModificarSolicitudProceso.xhtml HTTP/1.1" 200 26627
191.156.186.3 - - [08/Sep/2023:11:53:45 -0500] "POST /sipse/faces/presentacion/financiero/solicitudProceso/crearModificarSolicitudProceso.xhtml HTTP/1.1" 200 9362
40.77.167.60 - - [08/Sep/2023:11:54:15 -0500] "GET /galeria/galeria/fotos/Humedal-Tibanica2P.jpg HTTP/1.1" 200 29568
201.245.192.253 - - [08/Sep/2023:11:54:22 -0500] "POST /forms/lservlet;jsessionid=ac16012b30d65962943bc1d1484c974eac862b03ab49.e3iSbxaKaheRe34Rch0Ra3mLchv0n6jAmljGr5XDqQLvpAe HTTP/1.1" 200 2
181.54.236.238 - - [08/Sep/2023:11:54:21 -0500] "POST /BLA/boletinlegal/admin/actos/ingresar.php HTTP/1.1" 200 7348
201.245.192.253 - - [08/Sep/2023:11:55:05 -0500] "POST /forms/lservlet;jsessionid=ac16012b30d6fe616ddb68764dacb333ec8eb017034b.e3iSbxaKaheRe34Rch0Ra3mLchv0n6jAmljGr5XDqQLvpAe HTTP/1.1" 200 2
181.54.236.238 - - [08/Sep/2023:11:55:22 -0500] "POST /BLA/boletinlegal/admin/actos/ingresar.php HTTP/1.1" 200 2102
181.54.236.238 - - [08/Sep/2023:11:55:24 -0500] "GET /BLA/boletinlegal/admin/actos/ingresar.php HTTP/1.1" 200 7209
216.245.221.92 - - [08/Sep/2023:11:55:27 -0500] "HEAD / HTTP/1.1" 200 -
172.22.2.4 - - [08/Sep/2023:11:55:29 -0500] "GET /BLA/boletinlegal/consulta_actos.php?tipo=resoluciones&no=4102&usuario=&sector=&fecha=2007&resuelve= HTTP/1.1" 200 1156
186.84.20.239 - - [08/Sep/2023:11:55:35 -0500] "GET /inscribete-y-participa-en-el-foro-sobre-la-gestion-de-los-bifenilos-policlorados-en-transformadores-electricos.html HTTP/1.1" 200 931
172.22.2.4 - - [08/Sep/2023:11:54:09 -0500] "HEAD /BLA/boletinlegal/ HTTP/1.1" 200 -
172.22.2.4 - - [08/Sep/2023:11:55:50 -0500] "GET /BLA/boletinlegal/consulta_actos.php?tipo=resoluciones&no=0407&usuario=&sector=&fecha=2008&resuelve= HTTP/1.1" 200 1086
186.102.27.192 - - [08/Sep/2023:11:55:53 -0500] "GET /kwssiamovil/sm/acme/a?s=U2FsdGVkX19sq/JnC9pVQjB2dYE3eG0n255uxnq9w2e7ZfSspfBUkJjcpRweLeknBnseH8tEsq0OMXLxC5BeEe3YRmf/4juvoigPWLUOJ64eAb61F4/y4lVJ5d21xaB8FykOfLGX91snFg9aWa1q9jSld+s1EBX0RjxTbmpCFlIazExJ9zEcNBtkOZhCpaXxDNIHECPOw7fUOAwZgzJRzgvnczPnbSxPoVNaE8EMi+XH7BZzm8sgO5EcI1wuTs/WWHXkimNBFAPAzcMJPgiLkw==&u=U2FsdGVkX18kYF4zhfm2ZaJQPnxWxPeKxI7PzOUElvI=&y=U2FsdGVkX1/efLl2JVnYSIY33oNa5HgA966rY3KZ8xLKGK01tmVBKMa98HbSxjKG HTTP/1.1" 200 26
186.102.27.192 - - [08/Sep/2023:11:55:57 -0500] "GET /kwssiamovil/sm/acme/a?s=U2FsdGVkX18NUvomaStOmLGWx4a6tjsp7lEqe0Z5hAq8eMww5BG7kE7Ja2xyhE+EWBQ9H6Q+aHZegiv+7DS12qOmCCBgqDuxZ5fZNAQswIxnhG1eakMwjxQAcQf+aRUCSNOnTluKAyMfbSop15+iRk/DkcvxIv8np3rJ0Wi1Y4MCluULVxQUH/jaZeDN3f/WM1qy7g/InoOqm2x+wLUrubpFdx0vz6vIcbo083NHTW//rCWwGUD90VcFLJ/7SUvNWiiGmKKqmEONhoI2JN3jwHm5vkaqaHVy4kJjcLih2PHNrbvZe85vY47Fa+RwVBj7FDMGs8Ddj7gSt0r2tgCrhaQ4skEaqkl0rgsn1ukuJrIGnSJBGkVuVZe5fYSSPtuIoP66mtzZCyxo3SntrL93GeBqrFFuBV1gZciOJFK01sdceiON3P2KLzpCfBwaDJYPYfYYcnbCJILE3lYIhfoziETTTzcxP1zTLTaI/bIAWCak/D18AYYZsTQPi9qj6p9tEhbLqBb6VkaMgBw9tTYWEXRDKPNmJ9XihNmDj/b/T+wbhzs8qFa6rkYkvMAklhKmmTCLEHWzbRRmJDsUQ4aJr4QBOjEe5bQ5HrVAMT6/eY6THAVI1dencxXUQrEYeYqvE9JuQBhsGQprPaU8RZh+Cn2tO2apOtI4h8kJ81iwn+UvzN/aVgbYg9Lh20Q9rfq/JKr6KcemeqvmXI/7xrkQSmSAyST3o1FvL/23+a0WuV1l+CCeW9BA2mO8gh+OFD+AAqcLCHEVTNt16NFgNO0Cw8wvcZVR/Lii5vQIZ6F4iqK5Q9ri3BsqBzTvpgYPGewVilS9cDtw+fKW/utGg/NENLFIs5zXDOvRcbUZNGpANX32stN70Tl+5AJJyEvhTjmZcimtGLE95FQy7/g2o4t3oypWbQXuZj7b6gsN40V941Ccn+MSHaoYOduQQnPd4NB9Cd6fG+bIN8/ftAUZi+lbYMCHitn8VVGOkD9RhJCnwa3pUcYnjkgOlTZeEmO750BfnyuTz83Jedc9wbxxU9pNxqM/xoalZJBA7pY7M+ow+5GuhRFQWtKA2k0M5bf/Psmt&u=U2FsdGVkX18kYF4zhfm2ZaJQPnxWxPeKxI7PzOUElvI=&y=U2FsdGVkX1/efLl2JVnYSIY33oNa5HgA966rY3KZ8xLKGK01tmVBKMa98HbSxjKG HTTP/1.1" 200 26
186.102.27.192 - - [08/Sep/2023:11:56:00 -0500] "GET /kwssiamovil/sm/acme/a?s=U2FsdGVkX19Evv34BqIJGIqaDgTFYwAS7hpgo+9h9F7L4QTibUzwfABbrVMn0LjcmJETfzyHsIvZ7tUDYmy9nF2FR+bOvgBUlcIRxOgb9UFsW7/zGmAMMVQcVUlGvdRwQYFzic80ss1SfwiNz+RP1X2uZhR9oPvQLEbPR2RVqjg=&u=U2FsdGVkX18kYF4zhfm2ZaJQPnxWxPeKxI7PzOUElvI=&y=U2FsdGVkX1/efLl2JVnYSIY33oNa5HgA966rY3KZ8xLKGK01tmVBKMa98HbSxjKG HTTP/1.1" 200 26
186.102.27.192 - - [08/Sep/2023:11:56:03 -0500] "GET /kwssiamovil/sm/acme/a?s=U2FsdGVkX18u5NxJ+BH5bIS6kwWkMeXKhLaPD8xgRWXX5g+PTzinN22bPmOexzoaeg3V0DglW3mQgw8VVE+RA6Vnoh2LSJw0RQ7DwwG/m0r54Ej2zMnV6NEuTPP7aWDYf7x7CwhWUplrBo550fISLcvGNd2cpXuZESM7qkDDiUE=&u=U2FsdGVkX18kYF4zhfm2ZaJQPnxWxPeKxI7PzOUElvI=&y=U2FsdGVkX1/efLl2JVnYSIY33oNa5HgA966rY3KZ8xLKGK01tmVBKMa98HbSxjKG HTTP/1.1" 200 26
186.102.27.192 - - [08/Sep/2023:11:56:06 -0500] "GET /kwssiamovil/sm/acme/a?s=U2FsdGVkX1+rswu1fyxRJAV5BkL3SW01hfBH53Xg//iY1lOftWCPkp/zfYJaJz3MW5VBU30SHKpBjlbKQLz2vuTlf39LzAFJsl6qAdyoEz1zf2nJGgJPn/QsmxFeHsIfXam1rYvsr8/vAHHKBC8JFddUyX7DnDL30DtbSrwCEKo=&u=U2FsdGVkX18kYF4zhfm2ZaJQPnxWxPeKxI7PzOUElvI=&y=U2FsdGVkX1/efLl2JVnYSIY33oNa5HgA966rY3KZ8xLKGK01tmVBKMa98HbSxjKG HTTP/1.1" 200 26
186.102.27.192 - - [08/Sep/2023:11:56:09 -0500] "GET /kwssiamovil/sm/acme/a?s=U2FsdGVkX18oT7CuqIViH/eVXa60gyjxqBxmCyZ1GzbWkbVTmpi4y6Bti9pe4KHzVXv3TdkYWSVdqJqvxfh6mqYhtBQRTz/tft5FGD13NGzBmXUsHwMiOdv4yUAOex4Y1VN5H1kM5bMhNWVNaCMVVP+eujK765K+70yVuSJ9Trvp2Bh/8/W85n+EoMGRZTU0&u=U2FsdGVkX18kYF4zhfm2ZaJQPnxWxPeKxI7PzOUElvI=&y=U2FsdGVkX1/efLl2JVnYSIY33oNa5HgA966rY3KZ8xLKGK01tmVBKMa98HbSxjKG HTTP/1.1" 200 26
201.245.192.253 - - [08/Sep/2023:11:56:22 -0500] "POST /forms/lservlet;jsessionid=ac16012b30d65962943bc1d1484c974eac862b03ab49.e3iSbxaKaheRe34Rch0Ra3mLchv0n6jAmljGr5XDqQLvpAe HTTP/1.1" 200 2
172.22.2.4 - - [08/Sep/2023:11:54:59 -0500] "GET /BLA/boletinlegal/ HTTP/1.1" 200 58187
201.245.192.253 - - [08/Sep/2023:11:56:58 -0500] "POST /kwsrmcab/Wsrmcab  HTTP/1.1" 200 42865
201.245.192.253 - - [08/Sep/2023:11:57:05 -0500] "POST /forms/lservlet;jsessionid=ac16012b30d6fe616ddb68764dacb333ec8eb017034b.e3iSbxaKaheRe34Rch0Ra3mLchv0n6jAmljGr5XDqQLvpAe HTTP/1.1" 200 2
191.156.184.31 - - [08/Sep/2023:11:58:12 -0500] "POST /sipse/faces/presentacion/financiero/solicitudProceso/crearModificarSolicitudProceso.xhtml HTTP/1.1" 200 24593
191.156.186.3 - - [08/Sep/2023:11:58:12 -0500] "GET /sipse/faces/javax.faces.resource/theme.css?ln=primefaces-sipse HTTP/1.1" 304 -
191.156.184.31 - - [08/Sep/2023:11:58:13 -0500] "GET /sipse/faces/javax.faces.resource/jquery/jquery.js?ln=primefaces&v=4.0 HTTP/1.1" 304 -
191.156.186.3 - - [08/Sep/2023:11:58:13 -0500] "GET /sipse/faces/javax.faces.resource/primefaces.css?ln=primefaces&v=4.0 HTTP/1.1" 304 -
191.156.176.54 - - [08/Sep/2023:11:58:13 -0500] "GET /sipse/faces/javax.faces.resource/layout/layout.css?ln=primefaces&v=4.0 HTTP/1.1" 304 -
191.156.191.77 - - [08/Sep/2023:11:58:13 -0500] "GET /sipse/faces/javax.faces.resource/primefaces.js?ln=primefaces&v=4.0 HTTP/1.1" 304 -
191.156.181.214 - - [08/Sep/2023:11:58:13 -0500] "GET /sipse/faces/javax.faces.resource/jquery/jquery-plugins.js?ln=primefaces&v=4.0 HTTP/1.1" 304 -
191.156.186.3 - - [08/Sep/2023:11:58:13 -0500] "GET /sipse/faces/javax.faces.resource/layout/layout.js?ln=primefaces&v=4.0 HTTP/1.1" 304 -
191.156.191.77 - - [08/Sep/2023:11:58:13 -0500] "GET /sipse/faces/javax.faces.resource/images/ui-icons_898989_256x240.png?ln=primefaces-aristo HTTP/1.1" 304 -
191.156.191.77 - - [08/Sep/2023:11:58:20 -0500] "GET /sipse/faces/javax.faces.resource/images/ui-bg_flat_0_2d5972_40x100.png?ln=primefaces-aristo HTTP/1.1" 304 -
191.156.181.214 - - [08/Sep/2023:11:58:20 -0500] "POST /sipse/faces/presentacion/financiero/solicitudProyectoActividad/asociarProyectoSolicitud.xhtml HTTP/1.1" 200 6761
201.245.192.253 - - [08/Sep/2023:11:58:22 -0500] "POST /forms/lservlet;jsessionid=ac16012b30d65962943bc1d1484c974eac862b03ab49.e3iSbxaKaheRe34Rch0Ra3mLchv0n6jAmljGr5XDqQLvpAe HTTP/1.1" 200 2
191.156.181.214 - - [08/Sep/2023:11:58:23 -0500] "POST /sipse/faces/presentacion/financiero/solicitudProyectoActividad/asociarProyectoSolicitud.xhtml HTTP/1.1" 200 1692
40.77.167.30 - - [08/Sep/2023:11:58:24 -0500] "GET /moda-circular-manos-reparadoras-la-estrategia-del-distrito-para-restaurar-prendas-usadas.html HTTP/1.1" 200 901
191.156.181.214 - - [08/Sep/2023:11:58:24 -0500] "POST /sipse/faces/presentacion/financiero/solicitudProyectoActividad/asociarProyectoSolicitud.xhtml HTTP/1.1" 200 77540
191.156.186.3 - - [08/Sep/2023:11:58:26 -0500] "GET /sipse/faces/javax.faces.resource/layout/layout.css?ln=primefaces&v=4.0 HTTP/1.1" 304 -
191.156.191.77 - - [08/Sep/2023:11:58:26 -0500] "GET /sipse/faces/javax.faces.resource/primefaces.css?ln=primefaces&v=4.0 HTTP/1.1" 304 -
191.156.181.214 - - [08/Sep/2023:11:58:26 -0500] "GET /sipse/faces/javax.faces.resource/theme.css?ln=primefaces-sipse HTTP/1.1" 304 -
191.156.186.3 - - [08/Sep/2023:11:58:26 -0500] "GET /sipse/faces/javax.faces.resource/jquery/jquery.js?ln=primefaces&v=4.0 HTTP/1.1" 304 -
191.156.186.3 - - [08/Sep/2023:11:58:26 -0500] "GET /sipse/faces/javax.faces.resource/jquery/jquery-plugins.js?ln=primefaces&v=4.0 HTTP/1.1" 304 -
191.156.186.3 - - [08/Sep/2023:11:58:26 -0500] "GET /sipse/faces/javax.faces.resource/primefaces.js?ln=primefaces&v=4.0 HTTP/1.1" 304 -
191.156.186.3 - - [08/Sep/2023:11:58:26 -0500] "GET /sipse/faces/javax.faces.resource/layout/layout.js?ln=primefaces&v=4.0 HTTP/1.1" 304 -
40.77.167.60 - - [08/Sep/2023:11:58:27 -0500] "GET /Publicaciones/2023EE207084.pdf HTTP/1.1" 200 231980
191.156.186.3 - - [08/Sep/2023:11:58:29 -0500] "POST /sipse/faces/presentacion/financiero/solicitudProyectoActividad/asociarActividadSolicitud.xhtml HTTP/1.1" 200 61976
191.156.186.3 - - [08/Sep/2023:11:58:31 -0500] "GET /sipse/faces/javax.faces.resource/theme.css?ln=primefaces-sipse HTTP/1.1" 304 -
191.156.191.77 - - [08/Sep/2023:11:58:31 -0500] "GET /sipse/faces/javax.faces.resource/primefaces.css?ln=primefaces&v=4.0 HTTP/1.1" 304 -
191.156.181.214 - - [08/Sep/2023:11:58:31 -0500] "GET /sipse/faces/javax.faces.resource/layout/layout.css?ln=primefaces&v=4.0 HTTP/1.1" 304 -
191.156.186.3 - - [08/Sep/2023:11:58:31 -0500] "GET /sipse/faces/javax.faces.resource/jquery/jquery.js?ln=primefaces&v=4.0 HTTP/1.1" 304 -
191.156.186.3 - - [08/Sep/2023:11:58:31 -0500] "GET /sipse/faces/javax.faces.resource/jquery/jquery-plugins.js?ln=primefaces&v=4.0 HTTP/1.1" 304 -
191.156.186.3 - - [08/Sep/2023:11:58:31 -0500] "GET /sipse/faces/javax.faces.resource/primefaces.js?ln=primefaces&v=4.0 HTTP/1.1" 304 -
