191.102.224.200 - - [08/Sep/2023:12:03:35 -0500] "GET /sipse/faces/faces/faces/faces/faces/faces/faces/faces/faces/faces/faces/faces/faces/faces/faces/faces/index.xhtml HTTP/1.1" 200 677
191.102.224.200 - - [08/Sep/2023:12:03:35 -0500] "GET /sipse/faces/javax.faces.resource/theme.css?ln=primefaces-sipse HTTP/1.1" 304 -
191.102.224.200 - - [08/Sep/2023:12:03:36 -0500] "GET /sipse/faces/faces/faces/faces/faces/faces/faces/faces/faces/faces/faces/faces/faces/faces/faces/faces/faces/autenticacion.xhtml HTTP/1.1" 200 12175
191.102.224.200 - - [08/Sep/2023:12:03:36 -0500] "GET /sipse/faces/javax.faces.resource/layout/layout.css?ln=primefaces&v=4.0 HTTP/1.1" 304 -
191.102.224.200 - - [08/Sep/2023:12:03:36 -0500] "GET /sipse/faces/javax.faces.resource/theme.css?ln=primefaces-sipse HTTP/1.1" 304 -
191.102.224.200 - - [08/Sep/2023:12:03:36 -0500] "GET /sipse/faces/javax.faces.resource/primefaces.css?ln=primefaces&v=4.0 HTTP/1.1" 304 -
191.102.224.200 - - [08/Sep/2023:12:03:36 -0500] "GET /sipse/faces/javax.faces.resource/jquery/jquery.js?ln=primefaces&v=4.0 HTTP/1.1" 304 -
191.102.224.200 - - [08/Sep/2023:12:03:36 -0500] "GET /sipse/faces/javax.faces.resource/jquery/jquery-plugins.js?ln=primefaces&v=4.0 HTTP/1.1" 304 -
191.102.224.200 - - [08/Sep/2023:12:03:36 -0500] "GET /sipse/faces/javax.faces.resource/primefaces.js?ln=primefaces&v=4.0 HTTP/1.1" 304 -
191.102.224.200 - - [08/Sep/2023:12:03:37 -0500] "GET /sipse/faces/javax.faces.resource/layout/layout.js?ln=primefaces&v=4.0 HTTP/1.1" 304 -
191.102.224.200 - - [08/Sep/2023:12:03:37 -0500] "GET /sipse/faces/faces/faces/faces/faces/faces/faces/faces/faces/faces/faces/faces/faces/faces/faces/faces/faces/index.xhtml HTTP/1.1" 200 677
191.102.224.200 - - [08/Sep/2023:12:03:37 -0500] "GET /sipse/faces/javax.faces.resource/theme.css?ln=primefaces-sipse HTTP/1.1" 304 -
191.102.224.200 - - [08/Sep/2023:12:03:38 -0500] "GET /sipse/faces/faces/faces/faces/faces/faces/faces/faces/faces/faces/faces/faces/faces/faces/faces/faces/faces/faces/autenticacion.xhtml HTTP/1.1" 200 12175
191.102.224.200 - - [08/Sep/2023:12:03:38 -0500] "GET /sipse/faces/javax.faces.resource/jquery/jquery.js?ln=primefaces&v=4.0 HTTP/1.1" 304 -
191.102.224.200 - - [08/Sep/2023:12:03:38 -0500] "GET /sipse/faces/javax.faces.resource/theme.css?ln=primefaces-sipse HTTP/1.1" 304 -
191.102.224.200 - - [08/Sep/2023:12:03:38 -0500] "GET /sipse/faces/javax.faces.resource/primefaces.js?ln=primefaces&v=4.0 HTTP/1.1" 304 -
191.102.224.200 - - [08/Sep/2023:12:03:38 -0500] "GET /sipse/faces/javax.faces.resource/layout/layout.css?ln=primefaces&v=4.0 HTTP/1.1" 304 -
191.102.224.200 - - [08/Sep/2023:12:03:38 -0500] "GET /sipse/faces/javax.faces.resource/jquery/jquery-plugins.js?ln=primefaces&v=4.0 HTTP/1.1" 304 -
191.102.224.200 - - [08/Sep/2023:12:03:38 -0500] "GET /sipse/faces/javax.faces.resource/primefaces.css?ln=primefaces&v=4.0 HTTP/1.1" 304 -
191.102.224.200 - - [08/Sep/2023:12:03:39 -0500] "GET /sipse/faces/javax.faces.resource/layout/layout.js?ln=primefaces&v=4.0 HTTP/1.1" 304 -
191.102.224.200 - - [08/Sep/2023:12:03:39 -0500] "GET /sipse/faces/faces/faces/faces/faces/faces/faces/faces/faces/faces/faces/faces/faces/faces/faces/faces/faces/faces/index.xhtml HTTP/1.1" 200 677
191.102.224.200 - - [08/Sep/2023:12:03:39 -0500] "GET /sipse/faces/javax.faces.resource/theme.css?ln=primefaces-sipse HTTP/1.1" 304 -
191.102.224.200 - - [08/Sep/2023:12:03:40 -0500] "GET /sipse/faces/faces/faces/faces/faces/faces/faces/faces/faces/faces/faces/faces/faces/faces/faces/faces/faces/faces/faces/autenticacion.xhtml HTTP/1.1" 200 12175
191.102.224.200 - - [08/Sep/2023:12:03:40 -0500] "GET /sipse/faces/javax.faces.resource/jquery/jquery-plugins.js?ln=primefaces&v=4.0 HTTP/1.1" 304 -
191.102.224.200 - - [08/Sep/2023:12:03:40 -0500] "GET /sipse/faces/javax.faces.resource/jquery/jquery.js?ln=primefaces&v=4.0 HTTP/1.1" 304 -
191.102.224.200 - - [08/Sep/2023:12:03:40 -0500] "GET /sipse/faces/javax.faces.resource/primefaces.css?ln=primefaces&v=4.0 HTTP/1.1" 304 -
191.102.224.200 - - [08/Sep/2023:12:03:40 -0500] "GET /sipse/faces/javax.faces.resource/layout/layout.css?ln=primefaces&v=4.0 HTTP/1.1" 304 -
191.102.224.200 - - [08/Sep/2023:12:03:40 -0500] "GET /sipse/faces/javax.faces.resource/theme.css?ln=primefaces-sipse HTTP/1.1" 304 -
191.102.224.200 - - [08/Sep/2023:12:03:40 -0500] "GET /sipse/faces/javax.faces.resource/primefaces.js?ln=primefaces&v=4.0 HTTP/1.1" 304 -
191.102.224.200 - - [08/Sep/2023:12:03:41 -0500] "GET /sipse/faces/javax.faces.resource/layout/layout.js?ln=primefaces&v=4.0 HTTP/1.1" 304 -
191.102.224.200 - - [08/Sep/2023:12:03:41 -0500] "GET /sipse/faces/faces/faces/faces/faces/faces/faces/faces/faces/faces/faces/faces/faces/faces/faces/faces/faces/faces/faces/index.xhtml HTTP/1.1" 200 677
191.102.224.200 - - [08/Sep/2023:12:03:41 -0500] "GET /sipse/faces/javax.faces.resource/theme.css?ln=primefaces-sipse HTTP/1.1" 304 -
191.102.224.200 - - [08/Sep/2023:12:03:42 -0500] "GET /sipse/faces/faces/faces/faces/faces/faces/faces/faces/faces/faces/faces/faces/faces/faces/faces/faces/faces/faces/faces/faces/autenticacion.xhtml HTTP/1.1" 200 12175
191.102.224.200 - - [08/Sep/2023:12:03:42 -0500] "GET /sipse/faces/javax.faces.resource/theme.css?ln=primefaces-sipse HTTP/1.1" 304 -
191.102.224.200 - - [08/Sep/2023:12:03:42 -0500] "GET /sipse/faces/javax.faces.resource/layout/layout.css?ln=primefaces&v=4.0 HTTP/1.1" 304 -
191.102.224.200 - - [08/Sep/2023:12:03:42 -0500] "GET /sipse/faces/javax.faces.resource/primefaces.js?ln=primefaces&v=4.0 HTTP/1.1" 304 -
191.102.224.200 - - [08/Sep/2023:12:03:42 -0500] "GET /sipse/faces/javax.faces.resource/jquery/jquery-plugins.js?ln=primefaces&v=4.0 HTTP/1.1" 304 -
191.102.224.200 - - [08/Sep/2023:12:03:42 -0500] "GET /sipse/faces/javax.faces.resource/jquery/jquery.js?ln=primefaces&v=4.0 HTTP/1.1" 304 -
191.102.224.200 - - [08/Sep/2023:12:03:42 -0500] "GET /sipse/faces/javax.faces.resource/primefaces.css?ln=primefaces&v=4.0 HTTP/1.1" 304 -
191.102.224.200 - - [08/Sep/2023:12:03:43 -0500] "GET /sipse/faces/javax.faces.resource/layout/layout.js?ln=primefaces&v=4.0 HTTP/1.1" 304 -
191.102.224.200 - - [08/Sep/2023:12:03:43 -0500] "GET /sipse/faces/faces/faces/faces/faces/faces/faces/faces/faces/faces/faces/faces/faces/faces/faces/faces/faces/faces/faces/faces/index.xhtml HTTP/1.1" 200 677
191.102.224.200 - - [08/Sep/2023:12:03:43 -0500] "GET /sipse/faces/javax.faces.resource/theme.css?ln=primefaces-sipse HTTP/1.1" 304 -
191.102.224.200 - - [08/Sep/2023:12:03:44 -0500] "GET /sipse/faces/faces/faces/faces/faces/faces/faces/faces/faces/faces/faces/faces/faces/faces/faces/faces/faces/faces/faces/faces/faces/autenticacion.xhtml HTTP/1.1" 200 12175
191.102.224.200 - - [08/Sep/2023:12:03:44 -0500] "GET /sipse/faces/javax.faces.resource/layout/layout.css?ln=primefaces&v=4.0 HTTP/1.1" 304 -
191.102.224.200 - - [08/Sep/2023:12:03:44 -0500] "GET /sipse/faces/javax.faces.resource/theme.css?ln=primefaces-sipse HTTP/1.1" 304 -
190.26.146.43 - - [08/Sep/2023:12:03:45 -0500] "POST /sipse/faces/presentacion/financiero/solicitudProceso/listarSolicitudProceso.xhtml HTTP/1.1" 200 3001
190.26.146.43 - - [08/Sep/2023:12:03:46 -0500] "POST /sipse/faces/presentacion/financiero/solicitudProceso/listarSolicitudProceso.xhtml HTTP/1.1" 200 2975
190.26.146.43 - - [08/Sep/2023:12:03:48 -0500] "POST /sipse/faces/presentacion/financiero/solicitudProceso/listarSolicitudProceso.xhtml HTTP/1.1" 200 69341
190.26.146.43 - - [08/Sep/2023:12:03:56 -0500] "GET /sipse/faces/javax.faces.resource/theme.css?ln=primefaces-sipse HTTP/1.1" 304 -
190.26.146.43 - - [08/Sep/2023:12:03:56 -0500] "GET /sipse/faces/javax.faces.resource/primefaces.css?ln=primefaces&v=4.0 HTTP/1.1" 304 -
190.26.146.43 - - [08/Sep/2023:12:03:56 -0500] "GET /sipse/faces/javax.faces.resource/layout/layout.css?ln=primefaces&v=4.0 HTTP/1.1" 304 -
190.26.146.43 - - [08/Sep/2023:12:03:56 -0500] "GET /sipse/faces/javax.faces.resource/jquery/jquery.js?ln=primefaces&v=4.0 HTTP/1.1" 304 -
190.26.146.43 - - [08/Sep/2023:12:03:56 -0500] "GET /sipse/faces/javax.faces.resource/jquery/jquery-plugins.js?ln=primefaces&v=4.0 HTTP/1.1" 304 -
190.26.146.43 - - [08/Sep/2023:12:03:56 -0500] "GET /sipse/faces/javax.faces.resource/primefaces.js?ln=primefaces&v=4.0 HTTP/1.1" 304 -
190.26.146.43 - - [08/Sep/2023:12:03:56 -0500] "GET /sipse/faces/javax.faces.resource/layout/layout.js?ln=primefaces&v=4.0 HTTP/1.1" 304 -
190.26.146.43 - - [08/Sep/2023:12:03:56 -0500] "POST /sipse/faces/presentacion/proyectos/proyecto/listarConsultarProyectos.xhtml HTTP/1.1" 200 62738
40.77.167.208 - - [08/Sep/2023:12:04:03 -0500] "GET /sipse/faces/autenticacion.xhtml HTTP/1.1" 200 12497
40.77.167.50 - - [08/Sep/2023:12:04:08 -0500] "GET /sipse/faces/faces/autenticacion.xhtml HTTP/1.1" 200 12497
201.245.192.253 - - [08/Sep/2023:12:04:22 -0500] "POST /forms/lservlet;jsessionid=ac16012b30d65962943bc1d1484c974eac862b03ab49.e3iSbxaKaheRe34Rch0Ra3mLchv0n6jAmljGr5XDqQLvpAe HTTP/1.1" 200 2
40.77.167.208 - - [08/Sep/2023:12:05:03 -0500] "GET /BLA/resoluciones/AUTOS%202023/1750.pdf HTTP/1.1" 200 1574593
201.245.192.253 - - [08/Sep/2023:12:05:05 -0500] "POST /forms/lservlet;jsessionid=ac16012b30d6fe616ddb68764dacb333ec8eb017034b.e3iSbxaKaheRe34Rch0Ra3mLchv0n6jAmljGr5XDqQLvpAe HTTP/1.1" 200 2
216.245.221.92 - - [08/Sep/2023:12:05:27 -0500] "HEAD / HTTP/1.1" 200 -
201.245.192.253 - - [08/Sep/2023:12:06:22 -0500] "POST /forms/lservlet;jsessionid=ac16012b30d65962943bc1d1484c974eac862b03ab49.e3iSbxaKaheRe34Rch0Ra3mLchv0n6jAmljGr5XDqQLvpAe HTTP/1.1" 200 2
201.245.192.253 - - [08/Sep/2023:12:06:56 -0500] "POST /kwsrmcab/Wsrmcab  HTTP/1.1" 200 42865
201.245.192.253 - - [08/Sep/2023:12:07:05 -0500] "POST /forms/lservlet;jsessionid=ac16012b30d6fe616ddb68764dacb333ec8eb017034b.e3iSbxaKaheRe34Rch0Ra3mLchv0n6jAmljGr5XDqQLvpAe HTTP/1.1" 200 2
66.249.66.193 - - [08/Sep/2023:12:07:16 -0500] "GET /privados-y-distrito-inauguraron-vivero-en-la-reserva-van-der-hammen-con-capacidad-para-producir-50-mil-arboles-al-ano.html HTTP/1.1" 304 -
66.249.66.85 - - [08/Sep/2023:12:07:17 -0500] "GET /portaldeninos/2018/06/06/hola-mundo-2/ HTTP/1.1" 200 95483
172.22.2.4 - - [08/Sep/2023:12:05:49 -0500] "HEAD /BLA/boletinlegal/ HTTP/1.1" 200 -
172.22.2.4 - - [08/Sep/2023:12:06:40 -0500] "GET /BLA/boletinlegal/ HTTP/1.1" 200 60692
201.245.192.253 - - [08/Sep/2023:12:08:22 -0500] "POST /forms/lservlet;jsessionid=ac16012b30d65962943bc1d1484c974eac862b03ab49.e3iSbxaKaheRe34Rch0Ra3mLchv0n6jAmljGr5XDqQLvpAe HTTP/1.1" 200 2
201.245.192.253 - - [08/Sep/2023:12:09:05 -0500] "POST /forms/lservlet;jsessionid=ac16012b30d6fe616ddb68764dacb333ec8eb017034b.e3iSbxaKaheRe34Rch0Ra3mLchv0n6jAmljGr5XDqQLvpAe HTTP/1.1" 200 2
173.252.111.120 - - [08/Sep/2023:12:09:21 -0500] "GET /images/acuerdos-conservacion-08-23.jpg HTTP/1.1" 200 55051
216.244.66.195 - - [08/Sep/2023:12:09:43 -0500] "GET /BLA/resoluciones/index.php?dir=AUTOS+2006%2FAUTOS+2006+2001+-+2100%2F HTTP/1.1" 200 22199
216.244.66.195 - - [08/Sep/2023:12:10:04 -0500] "GET /BLA/resoluciones/index.php?dir=Notificaciones%2FRESOLUCIONES+2012%2F HTTP/1.1" 200 2077
201.245.192.253 - - [08/Sep/2023:12:10:22 -0500] "POST /forms/lservlet;jsessionid=ac16012b30d65962943bc1d1484c974eac862b03ab49.e3iSbxaKaheRe34Rch0Ra3mLchv0n6jAmljGr5XDqQLvpAe HTTP/1.1" 200 2
216.245.221.92 - - [08/Sep/2023:12:10:27 -0500] "HEAD / HTTP/1.1" 200 -
201.245.192.253 - - [08/Sep/2023:12:10:27 -0500] "POST /sipse/faces/presentacion/financiero/solicitudAnulacion/solicitudAnulacion.xhtml HTTP/1.1" 200 38969
201.245.192.253 - - [08/Sep/2023:12:10:28 -0500] "GET /sipse/faces/javax.faces.resource/jquery/jquery.js?ln=primefaces&v=4.0 HTTP/1.1" 304 -
201.245.192.253 - - [08/Sep/2023:12:10:28 -0500] "GET /sipse/faces/javax.faces.resource/jquery/jquery-plugins.js?ln=primefaces&v=4.0 HTTP/1.1" 304 -
201.245.192.253 - - [08/Sep/2023:12:10:28 -0500] "GET /sipse/faces/javax.faces.resource/primefaces.js?ln=primefaces&v=4.0 HTTP/1.1" 304 -
201.245.192.253 - - [08/Sep/2023:12:10:28 -0500] "GET /sipse/faces/javax.faces.resource/layout/layout.js?ln=primefaces&v=4.0 HTTP/1.1" 304 -
201.245.192.253 - - [08/Sep/2023:12:10:28 -0500] "POST /sipse/faces/presentacion/financiero/solicitudProceso/listarSolicitudProceso.xhtml HTTP/1.1" 200 1376
201.245.192.253 - - [08/Sep/2023:12:10:30 -0500] "POST /sipse/faces/presentacion/financiero/solicitudProceso/listarSolicitudProceso.xhtml HTTP/1.1" 200 33772
201.245.192.253 - - [08/Sep/2023:12:10:30 -0500] "GET /sipse/faces/javax.faces.resource/jquery/jquery.js?ln=primefaces&v=4.0 HTTP/1.1" 304 -
201.245.192.253 - - [08/Sep/2023:12:10:30 -0500] "GET /sipse/faces/javax.faces.resource/jquery/jquery-plugins.js?ln=primefaces&v=4.0 HTTP/1.1" 304 -
201.245.192.253 - - [08/Sep/2023:12:10:30 -0500] "GET /sipse/faces/javax.faces.resource/primefaces.js?ln=primefaces&v=4.0 HTTP/1.1" 304 -
201.245.192.253 - - [08/Sep/2023:12:10:31 -0500] "GET /sipse/faces/javax.faces.resource/layout/layout.js?ln=primefaces&v=4.0 HTTP/1.1" 304 -
201.245.192.253 - - [08/Sep/2023:12:10:31 -0500] "POST /sipse/faces/presentacion/financiero/solicitudProceso/solicitudProcesoOtrosPagos.xhtml HTTP/1.1" 200 27160
201.245.192.253 - - [08/Sep/2023:12:10:33 -0500] "POST /sipse/faces/presentacion/financiero/solicitudProceso/solicitudProcesoOtrosPagos.xhtml HTTP/1.1" 200 32478
201.245.192.253 - - [08/Sep/2023:12:10:33 -0500] "GET /sipse/faces/javax.faces.resource/jquery/jquery.js?ln=primefaces&v=4.0 HTTP/1.1" 304 -
201.245.192.253 - - [08/Sep/2023:12:10:33 -0500] "GET /sipse/faces/javax.faces.resource/jquery/jquery-plugins.js?ln=primefaces&v=4.0 HTTP/1.1" 304 -
201.245.192.253 - - [08/Sep/2023:12:10:33 -0500] "GET /sipse/faces/javax.faces.resource/primefaces.js?ln=primefaces&v=4.0 HTTP/1.1" 304 -
201.245.192.253 - - [08/Sep/2023:12:10:33 -0500] "GET /sipse/faces/javax.faces.resource/layout/layout.js?ln=primefaces&v=4.0 HTTP/1.1" 304 -
201.245.192.253 - - [08/Sep/2023:12:10:33 -0500] "POST /sipse/faces/presentacion/financiero/ordenPago/consultarOrdenPago.xhtml HTTP/1.1" 200 25896
201.245.192.253 - - [08/Sep/2023:12:10:33 -0500] "POST /sipse/faces/presentacion/financiero/ordenPago/consultarOrdenPago.xhtml HTTP/1.1" 200 25896
201.245.192.253 - - [08/Sep/2023:12:10:34 -0500] "POST /sipse/faces/presentacion/financiero/ordenPago/consultarOrdenPago.xhtml HTTP/1.1" 200 184
201.245.192.253 - - [08/Sep/2023:12:10:34 -0500] "POST /sipse/faces/presentacion/financiero/ordenPago/consultarOrdenPago.xhtml HTTP/1.1" 200 184
201.245.192.253 - - [08/Sep/2023:12:10:34 -0500] "POST /sipse/faces/presentacion/financiero/ordenPago/consultarOrdenPago.xhtml HTTP/1.1" 200 184
201.245.192.253 - - [08/Sep/2023:12:10:34 -0500] "GET /sipse/faces/presentacion/financiero/solicitudAnulacion/solicitudAnulacion.xhtml HTTP/1.1" 200 15776
201.245.192.253 - - [08/Sep/2023:12:10:34 -0500] "POST /sipse/faces/presentacion/financiero/ordenPago/consultarOrdenPago.xhtml HTTP/1.1" 200 184
201.245.192.253 - - [08/Sep/2023:12:10:34 -0500] "GET /sipse/faces/presentacion/financiero/solicitudAnulacion/solicitudAnulacion.xhtml HTTP/1.1" 200 28248
201.245.192.253 - - [08/Sep/2023:12:10:34 -0500] "GET /sipse/faces/presentacion/financiero/solicitudAnulacion/solicitudAnulacion.xhtml HTTP/1.1" 200 24776
201.245.192.253 - - [08/Sep/2023:12:10:34 -0500] "GET /sipse/faces/presentacion/financiero/solicitudAnulacion/solicitudAnulacion.xhtml HTTP/1.1" 200 37587
201.245.192.253 - - [08/Sep/2023:12:10:34 -0500] "GET /sipse/faces/javax.faces.resource/layout/layout.css?ln=primefaces&v=4.0 HTTP/1.1" 200 542
201.245.192.253 - - [08/Sep/2023:12:10:34 -0500] "GET /sipse/faces/javax.faces.resource/jquery/jquery-plugins.js?ln=primefaces&v=4.0 HTTP/1.1" 304 -
201.245.192.253 - - [08/Sep/2023:12:10:34 -0500] "GET /sipse/faces/javax.faces.resource/jquery/jquery.js?ln=primefaces&v=4.0 HTTP/1.1" 304 -
201.245.192.253 - - [08/Sep/2023:12:10:34 -0500] "GET /sipse/faces/javax.faces.resource/layout/layout.js?ln=primefaces&v=4.0 HTTP/1.1" 304 -
201.245.192.253 - - [08/Sep/2023:12:10:34 -0500] "GET /sipse/faces/javax.faces.resource/primefaces.js?ln=primefaces&v=4.0 HTTP/1.1" 304 -
201.245.192.253 - - [08/Sep/2023:12:10:34 -0500] "GET /sipse/faces/javax.faces.resource/theme.css?ln=primefaces-sipse HTTP/1.1" 200 50058
201.245.192.253 - - [08/Sep/2023:12:10:34 -0500] "GET /sipse/faces/javax.faces.resource/primefaces.css?ln=primefaces&v=4.0 HTTP/1.1" 200 53295
201.245.192.253 - - [08/Sep/2023:12:10:37 -0500] "GET /favicon.ico HTTP/1.1" 200 7782
201.245.192.253 - - [08/Sep/2023:12:10:37 -0500] "GET /sipse/faces/javax.faces.resource/images/ui-icons_898989_256x240.png?ln=primefaces-aristo HTTP/1.1" 200 5355
201.245.192.253 - - [08/Sep/2023:12:10:38 -0500] "GET /sipse/faces/javax.faces.resource/images/ui-bg_flat_0_2d5972_40x100.png?ln=primefaces-aristo HTTP/1.1" 200 183
201.245.192.253 - - [08/Sep/2023:12:10:38 -0500] "POST /sipse/faces/presentacion/financiero/solicitudAnulacion/solicitudAnulacion.xhtml HTTP/1.1" 200 10468
201.245.192.253 - - [08/Sep/2023:12:10:38 -0500] "GET /sipse/faces/javax.faces.resource/messages/messages.png?ln=primefaces&v=4.0 HTTP/1.1" 200 27209
201.245.192.253 - - [08/Sep/2023:12:10:38 -0500] "POST /sipse/faces/presentacion/financiero/solicitudAnulacion/solicitudAnulacion.xhtml HTTP/1.1" 200 38969
201.245.192.253 - - [08/Sep/2023:12:10:39 -0500] "GET /sipse/faces/javax.faces.resource/jquery/jquery.js?ln=primefaces&v=4.0 HTTP/1.1" 304 -
201.245.192.253 - - [08/Sep/2023:12:10:39 -0500] "GET /sipse/faces/javax.faces.resource/jquery/jquery-plugins.js?ln=primefaces&v=4.0 HTTP/1.1" 304 -
201.245.192.253 - - [08/Sep/2023:12:10:39 -0500] "GET /sipse/faces/javax.faces.resource/primefaces.js?ln=primefaces&v=4.0 HTTP/1.1" 304 -
201.245.192.253 - - [08/Sep/2023:12:10:39 -0500] "GET /sipse/faces/javax.faces.resource/layout/layout.js?ln=primefaces&v=4.0 HTTP/1.1" 304 -
201.245.192.253 - - [08/Sep/2023:12:10:39 -0500] "POST /sipse/faces/presentacion/financiero/solicitudProceso/listarSolicitudProceso.xhtml HTTP/1.1" 200 1376
190.26.146.43 - - [08/Sep/2023:12:10:59 -0500] "POST /sipse/faces/presentacion/proyectos/proyecto/listarConsultarProyectos.xhtml HTTP/1.1" 200 41883
190.26.146.43 - - [08/Sep/2023:12:11:00 -0500] "GET /sipse/faces/javax.faces.resource/layout/layout.css?ln=primefaces&v=4.0 HTTP/1.1" 304 -
190.26.146.43 - - [08/Sep/2023:12:11:00 -0500] "GET /sipse/faces/javax.faces.resource/theme.css?ln=primefaces-sipse HTTP/1.1" 304 -
190.26.146.43 - - [08/Sep/2023:12:11:00 -0500] "GET /sipse/faces/javax.faces.resource/primefaces.css?ln=primefaces&v=4.0 HTTP/1.1" 304 -
190.26.146.43 - - [08/Sep/2023:12:11:00 -0500] "GET /sipse/faces/javax.faces.resource/jquery/jquery.js?ln=primefaces&v=4.0 HTTP/1.1" 304 -
190.26.146.43 - - [08/Sep/2023:12:11:00 -0500] "GET /sipse/faces/javax.faces.resource/jquery/jquery-plugins.js?ln=primefaces&v=4.0 HTTP/1.1" 304 -
190.26.146.43 - - [08/Sep/2023:12:11:00 -0500] "GET /sipse/faces/javax.faces.resource/primefaces.js?ln=primefaces&v=4.0 HTTP/1.1" 304 -
190.26.146.43 - - [08/Sep/2023:12:11:00 -0500] "GET /sipse/faces/javax.faces.resource/layout/layout.js?ln=primefaces&v=4.0 HTTP/1.1" 304 -
190.26.146.43 - - [08/Sep/2023:12:11:00 -0500] "POST /sipse/faces/presentacion/financiero/solicitudProceso/consultar.xhtml HTTP/1.1" 200 35292
190.26.146.43 - - [08/Sep/2023:12:11:00 -0500] "POST /sipse/faces/presentacion/financiero/solicitudProceso/consultar.xhtml HTTP/1.1" 200 35292
190.26.146.43 - - [08/Sep/2023:12:11:03 -0500] "POST /sipse/faces/presentacion/financiero/solicitudProceso/consultar.xhtml HTTP/1.1" 200 12880
201.245.192.253 - - [08/Sep/2023:12:11:05 -0500] "POST /forms/lservlet;jsessionid=ac16012b30d6fe616ddb68764dacb333ec8eb017034b.e3iSbxaKaheRe34Rch0Ra3mLchv0n6jAmljGr5XDqQLvpAe HTTP/1.1" 200 2
216.244.66.195 - - [08/Sep/2023:12:10:50 -0500] "GET /BLA/resoluciones/index.php?dir=AUTOS%202016/&sort=name&order=asc HTTP/1.1" 200 331459
190.26.146.43 - - [08/Sep/2023:12:11:07 -0500] "POST /sipse/faces/presentacion/financiero/solicitudProceso/consultar.xhtml HTTP/1.1" 200 215397
190.26.146.43 - - [08/Sep/2023:12:11:13 -0500] "GET /sipse/faces/javax.faces.resource/theme.css?ln=primefaces-sipse HTTP/1.1" 304 -
190.26.146.43 - - [08/Sep/2023:12:11:13 -0500] "GET /sipse/faces/javax.faces.resource/primefaces.css?ln=primefaces&v=4.0 HTTP/1.1" 304 -
190.26.146.43 - - [08/Sep/2023:12:11:13 -0500] "GET /sipse/faces/javax.faces.resource/layout/layout.css?ln=primefaces&v=4.0 HTTP/1.1" 304 -
190.26.146.43 - - [08/Sep/2023:12:11:13 -0500] "GET /sipse/faces/javax.faces.resource/jquery/jquery.js?ln=primefaces&v=4.0 HTTP/1.1" 304 -
190.26.146.43 - - [08/Sep/2023:12:11:13 -0500] "GET /sipse/faces/javax.faces.resource/jquery/jquery-plugins.js?ln=primefaces&v=4.0 HTTP/1.1" 304 -
190.26.146.43 - - [08/Sep/2023:12:11:13 -0500] "GET /sipse/faces/javax.faces.resource/primefaces.js?ln=primefaces&v=4.0 HTTP/1.1" 304 -
190.26.146.43 - - [08/Sep/2023:12:11:13 -0500] "GET /sipse/faces/javax.faces.resource/layout/layout.js?ln=primefaces&v=4.0 HTTP/1.1" 304 -
190.26.146.43 - - [08/Sep/2023:12:11:24 -0500] "POST /sipse/faces/presentacion/financiero/solicitudProceso/consultarSolicitudProceso.xhtml HTTP/1.1" 200 152490
172.22.2.4 - - [08/Sep/2023:12:11:37 -0500] "GET /BLA/boletinlegal/actos.php HTTP/1.1" 200 9682
172.22.2.4 - - [08/Sep/2023:12:11:37 -0500] "GET /BLA/boletinlegal/styles2.css HTTP/1.1" 200 1838
172.22.2.4 - - [08/Sep/2023:12:11:37 -0500] "GET /BLA/boletinlegal/style.css HTTP/1.1" 200 9406
172.22.2.4 - - [08/Sep/2023:12:11:37 -0500] "GET /BLA/boletinlegal/js/jquery1.js HTTP/1.1" 200 29846
172.22.2.4 - - [08/Sep/2023:12:11:37 -0500] "GET /BLA/boletinlegal/niceforms.js HTTP/1.1" 200 22876
172.22.2.4 - - [08/Sep/2023:12:11:37 -0500] "GET /BLA/boletinlegal/js/ajax_actos.js HTTP/1.1" 200 1322
172.22.2.4 - - [08/Sep/2023:12:11:37 -0500] "GET /BLA/boletinlegal/niceforms-default.css HTTP/1.1" 200 6694
172.22.2.4 - - [08/Sep/2023:12:11:37 -0500] "GET /BLA/boletinlegal/js/lib.js HTTP/1.1" 200 6474
172.22.2.4 - - [08/Sep/2023:12:11:37 -0500] "GET /BLA/boletinlegal/js/popup.js HTTP/1.1" 200 1270
172.22.2.4 - - [08/Sep/2023:12:11:37 -0500] "GET /BLA/boletinlegal/images/icono-email.png HTTP/1.1" 200 5544
172.22.2.4 - - [08/Sep/2023:12:11:37 -0500] "GET /BLA/boletinlegal/images/registro-usuarios.png HTTP/1.1" 200 8106
172.22.2.4 - - [08/Sep/2023:12:11:37 -0500] "GET /BLA/boletinlegal/images/historia.png HTTP/1.1" 200 52775
172.22.2.4 - - [08/Sep/2023:12:11:37 -0500] "GET /BLA/boletinlegal/images/cabezote%20BLEGAL.jpg HTTP/1.1" 200 118164
172.22.2.4 - - [08/Sep/2023:12:11:37 -0500] "GET /BLA/boletinlegal/images/subscribe-icon-big.png HTTP/1.1" 200 47702
172.22.2.4 - - [08/Sep/2023:12:11:37 -0500] "GET /BLA/boletinlegal/images/green-yellow-blue-pink-th.png HTTP/1.1" 200 7394
172.22.2.4 - - [08/Sep/2023:12:11:37 -0500] "GET /BLA/boletinlegal/images/tel.png HTTP/1.1" 200 14477
172.22.2.4 - - [08/Sep/2023:12:11:38 -0500] "GET /BLA/boletinlegal/images/body_bg.jpg HTTP/1.1" 200 1601
172.22.2.4 - - [08/Sep/2023:12:11:38 -0500] "GET /BLA/boletinlegal/images/menu_lft.gif HTTP/1.1" 200 1713
172.22.2.4 - - [08/Sep/2023:12:11:38 -0500] "GET /BLA/boletinlegal/images/bg_top.jpg HTTP/1.1" 200 522
172.22.2.4 - - [08/Sep/2023:12:11:38 -0500] "GET /BLA/boletinlegal/images/menu_rght.gif HTTP/1.1" 200 1627
172.22.2.4 - - [08/Sep/2023:12:11:38 -0500] "GET /BLA/boletinlegal/images/menu_bg.jpg HTTP/1.1" 200 620
172.22.2.4 - - [08/Sep/2023:12:11:38 -0500] "GET /BLA/boletinlegal/images/hover.jpg HTTP/1.1" 200 640
172.22.2.4 - - [08/Sep/2023:12:11:38 -0500] "GET /BLA/boletinlegal/images/text.jpg HTTP/1.1" 200 568
172.22.2.4 - - [08/Sep/2023:12:11:38 -0500] "GET /BLA/boletinlegal/images/footer_bg.jpg HTTP/1.1" 200 586
172.22.2.4 - - [08/Sep/2023:12:11:38 -0500] "GET /BLA/boletinlegal/images/footer_bg_l.jpg HTTP/1.1" 200 776
172.22.2.4 - - [08/Sep/2023:12:11:38 -0500] "GET /BLA/boletinlegal/favicon.ico HTTP/1.1" 404 1326
172.22.2.4 - - [08/Sep/2023:12:11:38 -0500] "GET /BLA/boletinlegal/img/0.png HTTP/1.1" 200 110
172.22.2.4 - - [08/Sep/2023:12:11:38 -0500] "GET /BLA/boletinlegal/img/button.png HTTP/1.1" 200 43241
172.22.2.4 - - [08/Sep/2023:12:11:38 -0500] "GET /BLA/boletinlegal/img/select-left.png HTTP/1.1" 200 263
172.22.2.4 - - [08/Sep/2023:12:11:38 -0500] "GET /BLA/boletinlegal/img/button-left.png HTTP/1.1" 200 57071
172.22.2.4 - - [08/Sep/2023:12:11:38 -0500] "GET /BLA/boletinlegal/img/select-right.png HTTP/1.1" 200 44019
172.22.2.4 - - [08/Sep/2023:12:11:38 -0500] "GET /BLA/boletinlegal/img/button-right.png HTTP/1.1" 200 57878
190.67.211.155 - - [08/Sep/2023:12:11:40 -0500] "GET /BLA/resoluciones/ HTTP/1.1" 200 13696
190.67.211.155 - - [08/Sep/2023:12:11:40 -0500] "GET /BLA/resoluciones/dlf/styles.css HTTP/1.1" 200 3049
190.67.211.155 - - [08/Sep/2023:12:11:40 -0500] "GET /BLA/resoluciones/dlf/folder.png HTTP/1.1" 200 410
190.67.211.155 - - [08/Sep/2023:12:11:40 -0500] "GET /BLA/resoluciones/dlf/bg.gif HTTP/1.1" 200 54
190.67.211.155 - - [08/Sep/2023:12:11:40 -0500] "GET /favicon.ico HTTP/1.1" 200 7782
190.67.211.155 - - [08/Sep/2023:12:11:46 -0500] "GET /BLA/resoluciones/dlf/dirup.png HTTP/1.1" 200 644
190.67.211.155 - - [08/Sep/2023:12:11:46 -0500] "GET /BLA/resoluciones/dlf/pdf.gif HTTP/1.1" 200 272
201.245.192.253 - - [08/Sep/2023:12:11:46 -0500] "GET /sipse/faces/javax.faces.resource/theme.css?ln=primefaces-sipse HTTP/1.1" 304 -
201.245.192.253 - - [08/Sep/2023:12:11:46 -0500] "GET /sipse/faces/faces/autenticacion.xhtml HTTP/1.1" 200 12175
190.67.211.155 - - [08/Sep/2023:12:11:47 -0500] "GET /favicon.ico HTTP/1.1" 200 7782
201.245.192.253 - - [08/Sep/2023:12:11:47 -0500] "GET /sipse/js/disable_browser_buttons.js HTTP/1.1" 304 -
201.245.192.253 - - [08/Sep/2023:12:11:47 -0500] "GET /sipse/css/custom_css_sg.css HTTP/1.1" 304 -
201.245.192.253 - - [08/Sep/2023:12:11:47 -0500] "GET /sipse/faces/javax.faces.resource/theme.css?ln=primefaces-sipse HTTP/1.1" 304 -
201.245.192.253 - - [08/Sep/2023:12:11:47 -0500] "GET /sipse/css/custom_css_sg_prime_login.css HTTP/1.1" 304 -
201.245.192.253 - - [08/Sep/2023:12:11:47 -0500] "GET /sipse/faces/javax.faces.resource/layout/layout.css?ln=primefaces&v=4.0 HTTP/1.1" 304 -
201.245.192.253 - - [08/Sep/2023:12:11:47 -0500] "GET /sipse/faces/javax.faces.resource/primefaces.css?ln=primefaces&v=4.0 HTTP/1.1" 304 -
201.245.192.253 - - [08/Sep/2023:12:11:47 -0500] "GET /sipse/js/funciones.js HTTP/1.1" 304 -
201.245.192.253 - - [08/Sep/2023:12:11:47 -0500] "GET /sipse/faces/javax.faces.resource/jquery/jquery.js?ln=primefaces&v=4.0 HTTP/1.1" 304 -
201.245.192.253 - - [08/Sep/2023:12:11:47 -0500] "GET /sipse/faces/javax.faces.resource/jquery/jquery-plugins.js?ln=primefaces&v=4.0 HTTP/1.1" 304 -
201.245.192.253 - - [08/Sep/2023:12:11:47 -0500] "GET /sipse/faces/javax.faces.resource/layout/layout.js?ln=primefaces&v=4.0 HTTP/1.1" 304 -
201.245.192.253 - - [08/Sep/2023:12:11:47 -0500] "GET /sipse/faces/javax.faces.resource/primefaces.js?ln=primefaces&v=4.0 HTTP/1.1" 304 -
190.67.211.155 - - [08/Sep/2023:12:11:45 -0500] "GET /BLA/resoluciones/index.php?dir=RESOLUCIONES+2009%2F HTTP/1.1" 200 1694101
201.245.192.253 - - [08/Sep/2023:12:11:47 -0500] "GET /sipse/css/imagen/loginimg.png HTTP/1.1" 304 -
201.245.192.253 - - [08/Sep/2023:12:11:47 -0500] "GET /sipse/css/imagen/logoSDG.png HTTP/1.1" 304 -
201.245.192.253 - - [08/Sep/2023:12:11:47 -0500] "GET /sipse/faces/javax.faces.resource/images/ui-icons_898989_256x240.png?ln=primefaces-aristo HTTP/1.1" 304 -
190.67.211.155 - - [08/Sep/2023:12:11:58 -0500] "GET /BLA/resoluciones/RESOLUCIONES%202009/1287.pdf HTTP/1.1" 200 572909
190.67.211.155 - - [08/Sep/2023:12:11:58 -0500] "GET /favicon.ico HTTP/1.1" 200 7782
201.245.192.253 - - [08/Sep/2023:12:11:54 -0500] "POST /kwsrmcab/Wsrmcab  HTTP/1.1" 200 42865
190.26.146.43 - - [08/Sep/2023:12:12:00 -0500] "POST /sipse/faces/presentacion/financiero/solicitudProceso/consultarSolicitudProceso.xhtml HTTP/1.1" 200 283155
190.26.146.43 - - [08/Sep/2023:12:12:12 -0500] "POST /sipse/faces/presentacion/financiero/solicitudProceso/consultarSolicitudProceso.xhtml HTTP/1.1" 200 1355708
201.245.192.253 - - [08/Sep/2023:12:12:23 -0500] "POST /forms/lservlet;jsessionid=ac16012b30d65962943bc1d1484c974eac862b03ab49.e3iSbxaKaheRe34Rch0Ra3mLchv0n6jAmljGr5XDqQLvpAe HTTP/1.1" 200 2
201.245.192.253 - - [08/Sep/2023:12:13:05 -0500] "POST /forms/lservlet;jsessionid=ac16012b30d6fe616ddb68764dacb333ec8eb017034b.e3iSbxaKaheRe34Rch0Ra3mLchv0n6jAmljGr5XDqQLvpAe HTTP/1.1" 200 2
172.22.2.4 - - [08/Sep/2023:12:11:39 -0500] "HEAD /BLA/boletinlegal/ HTTP/1.1" 200 -
216.244.66.195 - - [08/Sep/2023:12:13:59 -0500] "GET /sig/MECI/DOCUMENTOS/Informe%20de%20Gestion/INFORME%20DE%20GESTION%202008%202010VersionFinal.pdf HTTP/1.1" 404 1018
172.22.2.4 - - [08/Sep/2023:12:12:29 -0500] "GET /BLA/boletinlegal/ HTTP/1.1" 200 60342
66.249.66.194 - - [08/Sep/2023:12:14:12 -0500] "GET /inscribete-y-participa-en-el-foro-sobre-la-gestion-de-los-bifenilos-policlorados-en-transformadores-electricos HTTP/1.1" 404 1034
40.77.167.208 - - [08/Sep/2023:12:14:13 -0500] "GET /BLA/resoluciones/ HTTP/1.1" 200 13696
201.245.192.253 - - [08/Sep/2023:12:14:23 -0500] "POST /forms/lservlet;jsessionid=ac16012b30d65962943bc1d1484c974eac862b03ab49.e3iSbxaKaheRe34Rch0Ra3mLchv0n6jAmljGr5XDqQLvpAe HTTP/1.1" 200 2
172.22.2.4 - - [08/Sep/2023:12:14:59 -0500] "GET /BLA/boletinlegal/js/jquery.js HTTP/1.1" 200 57254
172.22.2.4 - - [08/Sep/2023:12:14:59 -0500] "GET /BLA/boletinlegal/images/cabezote%20BLEGAL.jpg HTTP/1.1" 200 118164
172.22.2.4 - - [08/Sep/2023:12:14:59 -0500] "GET /BLA/boletinlegal/images/screen_1.png HTTP/1.1" 200 202547
172.22.2.4 - - [08/Sep/2023:12:14:59 -0500] "GET /BLA/boletinlegal/images/subscribe-icon-big.png HTTP/1.1" 200 47702
172.22.2.4 - - [08/Sep/2023:12:14:59 -0500] "GET /BLA/boletinlegal/images/historia.png HTTP/1.1" 200 52775
172.22.2.4 - - [08/Sep/2023:12:14:59 -0500] "GET /BLA/boletinlegal/images/launch.jpg HTTP/1.1" 200 14577
216.244.66.195 - - [08/Sep/2023:12:15:01 -0500] "GET /BLA/resoluciones/RESOLUCIONES%202019/0147.pdf HTTP/1.1" 200 359496
201.245.192.253 - - [08/Sep/2023:12:15:05 -0500] "POST /forms/lservlet;jsessionid=ac16012b30d6fe616ddb68764dacb333ec8eb017034b.e3iSbxaKaheRe34Rch0Ra3mLchv0n6jAmljGr5XDqQLvpAe HTTP/1.1" 200 2
190.26.146.43 - - [08/Sep/2023:12:15:16 -0500] "POST /sipse/faces/presentacion/financiero/solicitudProceso/consultarSolicitudProceso.xhtml HTTP/1.1" 200 44992
190.26.146.43 - - [08/Sep/2023:12:15:17 -0500] "GET /sipse/faces/javax.faces.resource/theme.css?ln=primefaces-sipse HTTP/1.1" 304 -
190.26.146.43 - - [08/Sep/2023:12:15:17 -0500] "GET /sipse/faces/javax.faces.resource/jquery/jquery.js?ln=primefaces&v=4.0 HTTP/1.1" 304 -
190.26.146.43 - - [08/Sep/2023:12:15:17 -0500] "GET /sipse/faces/javax.faces.resource/layout/layout.css?ln=primefaces&v=4.0 HTTP/1.1" 304 -
190.26.146.43 - - [08/Sep/2023:12:15:17 -0500] "GET /sipse/faces/javax.faces.resource/primefaces.css?ln=primefaces&v=4.0 HTTP/1.1" 304 -
190.26.146.43 - - [08/Sep/2023:12:15:17 -0500] "GET /sipse/faces/javax.faces.resource/jquery/jquery-plugins.js?ln=primefaces&v=4.0 HTTP/1.1" 304 -
190.26.146.43 - - [08/Sep/2023:12:15:17 -0500] "GET /sipse/faces/javax.faces.resource/primefaces.js?ln=primefaces&v=4.0 HTTP/1.1" 304 -
190.26.146.43 - - [08/Sep/2023:12:15:17 -0500] "GET /sipse/faces/javax.faces.resource/layout/layout.js?ln=primefaces&v=4.0 HTTP/1.1" 304 -
190.26.146.43 - - [08/Sep/2023:12:15:17 -0500] "POST /sipse/faces/presentacion/financiero/solicitudProceso/consultar.xhtml HTTP/1.1" 200 38401
190.26.146.43 - - [08/Sep/2023:12:15:18 -0500] "POST /sipse/faces/presentacion/financiero/solicitudProceso/consultar.xhtml HTTP/1.1" 200 38401
190.26.146.43 - - [08/Sep/2023:12:15:18 -0500] "POST /sipse/faces/presentacion/financiero/solicitudProceso/consultar.xhtml HTTP/1.1" 200 38401
190.26.146.43 - - [08/Sep/2023:12:15:18 -0500] "POST /sipse/faces/presentacion/financiero/solicitudProceso/consultar.xhtml HTTP/1.1" 200 38401
190.26.146.43 - - [08/Sep/2023:12:15:22 -0500] "POST /sipse/faces/presentacion/financiero/solicitudProceso/consultar.xhtml HTTP/1.1" 200 12860
216.245.221.92 - - [08/Sep/2023:12:15:27 -0500] "HEAD / HTTP/1.1" 200 -
172.22.2.4 - - [08/Sep/2023:12:14:59 -0500] "GET /BLA/boletinlegal/ HTTP/1.1" 200 24523
216.244.66.195 - - [08/Sep/2023:12:15:50 -0500] "GET /BLA/resoluciones/RESOLUCIONES%202019/0548.pdf HTTP/1.1" 200 233213
186.29.88.4 - - [08/Sep/2023:12:16:01 -0500] "GET /BLA/resoluciones/RESOLUCIONES%202019/2304.pdf HTTP/1.1" 200 4328597
201.245.192.253 - - [08/Sep/2023:12:16:23 -0500] "POST /forms/lservlet;jsessionid=ac16012b30d65962943bc1d1484c974eac862b03ab49.e3iSbxaKaheRe34Rch0Ra3mLchv0n6jAmljGr5XDqQLvpAe HTTP/1.1" 200 2
216.244.66.195 - - [08/Sep/2023:12:16:29 -0500] "GET /BLA/resoluciones/RESOLUCIONES%202019/1970.pdf HTTP/1.1" 200 601379
201.245.192.253 - - [08/Sep/2023:12:16:53 -0500] "POST /kwsrmcab/Wsrmcab  HTTP/1.1" 200 42865
201.245.192.253 - - [08/Sep/2023:12:17:05 -0500] "POST /forms/lservlet;jsessionid=ac16012b30d6fe616ddb68764dacb333ec8eb017034b.e3iSbxaKaheRe34Rch0Ra3mLchv0n6jAmljGr5XDqQLvpAe HTTP/1.1" 200 2
216.244.66.195 - - [08/Sep/2023:12:17:19 -0500] "GET /BLA/resoluciones/RESOLUCIONES%202019/2068.pdf HTTP/1.1" 200 433762
190.26.146.43 - - [08/Sep/2023:12:17:44 -0500] "POST /sipse/faces/presentacion/financiero/solicitudProceso/consultar.xhtml HTTP/1.1" 200 158261
172.22.2.4 - - [08/Sep/2023:12:17:45 -0500] "GET /BLA/boletinlegal/robots.txt HTTP/1.1" 404 1038
190.26.146.43 - - [08/Sep/2023:12:17:45 -0500] "GET /sipse/faces/javax.faces.resource/theme.css?ln=primefaces-sipse HTTP/1.1" 304 -
190.26.146.43 - - [08/Sep/2023:12:17:45 -0500] "GET /sipse/faces/javax.faces.resource/primefaces.css?ln=primefaces&v=4.0 HTTP/1.1" 304 -
190.26.146.43 - - [08/Sep/2023:12:17:45 -0500] "GET /sipse/faces/javax.faces.resource/layout/layout.css?ln=primefaces&v=4.0 HTTP/1.1" 304 -
190.26.146.43 - - [08/Sep/2023:12:17:45 -0500] "GET /sipse/faces/javax.faces.resource/jquery/jquery.js?ln=primefaces&v=4.0 HTTP/1.1" 304 -
190.26.146.43 - - [08/Sep/2023:12:17:45 -0500] "GET /sipse/faces/javax.faces.resource/jquery/jquery-plugins.js?ln=primefaces&v=4.0 HTTP/1.1" 304 -
190.26.146.43 - - [08/Sep/2023:12:17:45 -0500] "GET /sipse/faces/javax.faces.resource/primefaces.js?ln=primefaces&v=4.0 HTTP/1.1" 304 -
190.26.146.43 - - [08/Sep/2023:12:17:45 -0500] "GET /sipse/faces/javax.faces.resource/layout/layout.js?ln=primefaces&v=4.0 HTTP/1.1" 304 -
172.22.2.4 - - [08/Sep/2023:12:17:52 -0500] "GET /BLA/boletinlegal/conceptos/2020/46.pdf HTTP/1.1" 200 350199
216.244.66.195 - - [08/Sep/2023:12:17:55 -0500] "GET /BLA/resoluciones/RESOLUCIONES%202019/2259.pdf HTTP/1.1" 200 238184
190.26.146.43 - - [08/Sep/2023:12:17:55 -0500] "POST /sipse/faces/presentacion/financiero/solicitudProceso/consultarSolicitudProceso.xhtml HTTP/1.1" 200 248565
190.26.146.43 - - [08/Sep/2023:12:17:58 -0500] "POST /sipse/faces/presentacion/financiero/solicitudProceso/consultarSolicitudProceso.xhtml HTTP/1.1" 200 390012
201.245.192.253 - - [08/Sep/2023:12:18:23 -0500] "POST /forms/lservlet;jsessionid=ac16012b30d65962943bc1d1484c974eac862b03ab49.e3iSbxaKaheRe34Rch0Ra3mLchv0n6jAmljGr5XDqQLvpAe HTTP/1.1" 200 2
172.22.2.4 - - [08/Sep/2023:12:17:58 -0500] "GET /BLA/boletinlegal/ HTTP/1.1" 200 20427
216.244.66.195 - - [08/Sep/2023:12:18:33 -0500] "GET /BLA/resoluciones/AUTOS%202016/1797.pdf HTTP/1.1" 200 364465
201.245.192.253 - - [08/Sep/2023:12:18:50 -0500] "POST /kwsrmcab/Wsrmcab HTTP/1.1" 200 39883
201.245.192.253 - - [08/Sep/2023:12:18:53 -0500] "POST /kwsrmcab/Wsrmcab HTTP/1.1" 200 42010
201.245.192.253 - - [08/Sep/2023:12:19:05 -0500] "POST /forms/lservlet;jsessionid=ac16012b30d6fe616ddb68764dacb333ec8eb017034b.e3iSbxaKaheRe34Rch0Ra3mLchv0n6jAmljGr5XDqQLvpAe HTTP/1.1" 200 2
172.22.2.4 - - [08/Sep/2023:12:17:29 -0500] "HEAD /BLA/boletinlegal/ HTTP/1.1" 200 -
216.244.66.195 - - [08/Sep/2023:12:19:19 -0500] "GET /BLA/resoluciones/RESOLUCIONES%202017/2843.pdf HTTP/1.1" 200 280567
172.22.2.4 - - [08/Sep/2023:12:18:19 -0500] "GET /BLA/boletinlegal/ HTTP/1.1" 200 58187
216.244.66.195 - - [08/Sep/2023:12:20:02 -0500] "GET /BLA/resoluciones/RESOLUCIONES%202017/3159.pdf HTTP/1.1" 200 306498
201.245.192.253 - - [08/Sep/2023:12:20:23 -0500] "POST /forms/lservlet;jsessionid=ac16012b30d65962943bc1d1484c974eac862b03ab49.e3iSbxaKaheRe34Rch0Ra3mLchv0n6jAmljGr5XDqQLvpAe HTTP/1.1" 200 2
216.245.221.92 - - [08/Sep/2023:12:20:27 -0500] "HEAD / HTTP/1.1" 200 -
216.244.66.195 - - [08/Sep/2023:12:20:41 -0500] "GET /BLA/resoluciones/RESOLUCIONES%202017/3219.pdf HTTP/1.1" 200 408801
201.245.192.253 - - [08/Sep/2023:12:21:05 -0500] "POST /forms/lservlet;jsessionid=ac16012b30d6fe616ddb68764dacb333ec8eb017034b.e3iSbxaKaheRe34Rch0Ra3mLchv0n6jAmljGr5XDqQLvpAe HTTP/1.1" 200 2
216.244.66.195 - - [08/Sep/2023:12:21:29 -0500] "GET /BLA/resoluciones/RESOLUCIONES%202017/3718.pdf HTTP/1.1" 200 299867
172.22.2.4 - - [08/Sep/2023:12:20:07 -0500] "GET /BLA/boletinlegal/ HTTP/1.1" 200 62795
172.22.2.4 - - [08/Sep/2023:12:21:53 -0500] "GET /BLA/boletinlegal/login.php HTTP/1.1" 404 1186
201.245.192.253 - - [08/Sep/2023:12:21:52 -0500] "POST /kwsrmcab/Wsrmcab  HTTP/1.1" 200 42865
186.28.77.216 - - [08/Sep/2023:12:21:59 -0500] "GET /sipse/faces/faces/autenticacion.xhtml HTTP/1.1" 200 12175
186.28.77.216 - - [08/Sep/2023:12:22:00 -0500] "GET /sipse/css/custom_css_sg.css HTTP/1.1" 200 9694
186.28.77.216 - - [08/Sep/2023:12:22:00 -0500] "GET /sipse/css/custom_css_sg_prime_login.css HTTP/1.1" 200 443
186.28.77.216 - - [08/Sep/2023:12:22:00 -0500] "GET /sipse/faces/javax.faces.resource/layout/layout.css?ln=primefaces&v=4.0 HTTP/1.1" 200 542
186.28.77.216 - - [08/Sep/2023:12:22:00 -0500] "GET /sipse/faces/javax.faces.resource/jquery/jquery.js?ln=primefaces&v=4.0 HTTP/1.1" 304 -
186.28.77.216 - - [08/Sep/2023:12:22:00 -0500] "GET /sipse/faces/javax.faces.resource/jquery/jquery-plugins.js?ln=primefaces&v=4.0 HTTP/1.1" 304 -
186.28.77.216 - - [08/Sep/2023:12:22:00 -0500] "GET /sipse/faces/javax.faces.resource/primefaces.js?ln=primefaces&v=4.0 HTTP/1.1" 304 -
186.28.77.216 - - [08/Sep/2023:12:22:00 -0500] "GET /sipse/faces/javax.faces.resource/layout/layout.js?ln=primefaces&v=4.0 HTTP/1.1" 304 -
186.28.77.216 - - [08/Sep/2023:12:22:00 -0500] "GET /sipse/faces/javax.faces.resource/primefaces.css?ln=primefaces&v=4.0 HTTP/1.1" 200 53295
186.28.77.216 - - [08/Sep/2023:12:22:00 -0500] "GET /sipse/faces/javax.faces.resource/theme.css?ln=primefaces-sipse HTTP/1.1" 200 50058
186.28.77.216 - - [08/Sep/2023:12:22:00 -0500] "GET /sipse/faces/javax.faces.resource/images/ui-icons_898989_256x240.png?ln=primefaces-aristo HTTP/1.1" 200 5355
186.28.77.216 - - [08/Sep/2023:12:22:00 -0500] "GET /sipse/css/imagen/logoSDG.png HTTP/1.1" 200 21242
186.28.77.216 - - [08/Sep/2023:12:22:00 -0500] "GET /sipse/css/imagen/loginimg.png HTTP/1.1" 200 71635
186.28.77.216 - - [08/Sep/2023:12:22:00 -0500] "GET /favicon.ico HTTP/1.1" 200 7782
186.28.77.216 - - [08/Sep/2023:12:22:00 -0500] "GET /sipse/faces/faces/index.xhtml HTTP/1.1" 200 677
186.28.77.216 - - [08/Sep/2023:12:22:00 -0500] "GET /sipse/faces/javax.faces.resource/theme.css?ln=primefaces-sipse HTTP/1.1" 304 -
186.28.77.216 - - [08/Sep/2023:12:22:01 -0500] "GET /sipse/faces/faces/faces/autenticacion.xhtml HTTP/1.1" 200 12175
186.28.77.216 - - [08/Sep/2023:12:22:01 -0500] "GET /sipse/faces/javax.faces.resource/primefaces.js?ln=primefaces&v=4.0 HTTP/1.1" 304 -
186.28.77.216 - - [08/Sep/2023:12:22:01 -0500] "GET /sipse/faces/javax.faces.resource/jquery/jquery.js?ln=primefaces&v=4.0 HTTP/1.1" 304 -
186.28.77.216 - - [08/Sep/2023:12:22:01 -0500] "GET /sipse/faces/javax.faces.resource/jquery/jquery-plugins.js?ln=primefaces&v=4.0 HTTP/1.1" 304 -
186.28.77.216 - - [08/Sep/2023:12:22:01 -0500] "GET /sipse/faces/javax.faces.resource/layout/layout.js?ln=primefaces&v=4.0 HTTP/1.1" 304 -
186.28.77.216 - - [08/Sep/2023:12:22:01 -0500] "GET /sipse/faces/javax.faces.resource/layout/layout.css?ln=primefaces&v=4.0 HTTP/1.1" 200 542
186.28.77.216 - - [08/Sep/2023:12:22:01 -0500] "GET /sipse/faces/javax.faces.resource/theme.css?ln=primefaces-sipse HTTP/1.1" 200 50058
186.28.77.216 - - [08/Sep/2023:12:22:01 -0500] "GET /sipse/faces/javax.faces.resource/primefaces.css?ln=primefaces&v=4.0 HTTP/1.1" 200 53295
186.28.77.216 - - [08/Sep/2023:12:22:01 -0500] "GET /sipse/faces/javax.faces.resource/images/ui-icons_898989_256x240.png?ln=primefaces-aristo HTTP/1.1" 200 5355
186.28.77.216 - - [08/Sep/2023:12:22:08 -0500] "POST /sipse/faces/autenticacion.xhtml HTTP/1.1" 200 2208
186.28.77.216 - - [08/Sep/2023:12:22:09 -0500] "GET /sipse/faces/javax.faces.resource/messages/messages.png?ln=primefaces&v=4.0 HTTP/1.1" 200 27209
216.244.66.195 - - [08/Sep/2023:12:22:10 -0500] "GET /BLA/resoluciones/RESOLUCIONES%202017/3789.pdf HTTP/1.1" 200 890408
186.28.77.216 - - [08/Sep/2023:12:22:11 -0500] "POST /sipse/faces/autenticacion.xhtml HTTP/1.1" 200 16785
186.28.77.216 - - [08/Sep/2023:12:22:11 -0500] "GET /sipse/css/custom_css_sg_prime.css HTTP/1.1" 200 5201
186.28.77.216 - - [08/Sep/2023:12:22:11 -0500] "GET /sipse/faces/javax.faces.resource/jquery/jquery.js?ln=primefaces&v=4.0 HTTP/1.1" 304 -
186.28.77.216 - - [08/Sep/2023:12:22:12 -0500] "GET /sipse/faces/javax.faces.resource/jquery/jquery-plugins.js?ln=primefaces&v=4.0 HTTP/1.1" 304 -
186.28.77.216 - - [08/Sep/2023:12:22:12 -0500] "GET /sipse/faces/javax.faces.resource/primefaces.js?ln=primefaces&v=4.0 HTTP/1.1" 304 -
186.28.77.216 - - [08/Sep/2023:12:22:12 -0500] "GET /sipse/faces/javax.faces.resource/layout/layout.js?ln=primefaces&v=4.0 HTTP/1.1" 304 -
186.28.77.216 - - [08/Sep/2023:12:22:12 -0500] "GET /sipse/imagenes/cargando.gif HTTP/1.1" 200 36959
186.28.77.216 - - [08/Sep/2023:12:22:12 -0500] "GET /sipse/css/imagen/contrasena.png HTTP/1.1" 404 383
186.28.77.216 - - [08/Sep/2023:12:22:14 -0500] "GET /sipse/faces/javax.faces.resource/images/ui-bg_flat_0_2d5972_40x100.png?ln=primefaces-aristo HTTP/1.1" 200 183
186.28.77.216 - - [08/Sep/2023:12:22:14 -0500] "POST /sipse/faces/bienvenido.xhtml HTTP/1.1" 200 1471
186.28.77.216 - - [08/Sep/2023:12:22:15 -0500] "POST /sipse/faces/bienvenido.xhtml HTTP/1.1" 200 31847
186.28.77.216 - - [08/Sep/2023:12:22:15 -0500] "GET /sipse/faces/javax.faces.resource/jquery/jquery.js?ln=primefaces&v=4.0 HTTP/1.1" 304 -
186.28.77.216 - - [08/Sep/2023:12:22:15 -0500] "GET /sipse/faces/javax.faces.resource/jquery/jquery-plugins.js?ln=primefaces&v=4.0 HTTP/1.1" 304 -
186.28.77.216 - - [08/Sep/2023:12:22:15 -0500] "GET /sipse/faces/javax.faces.resource/primefaces.js?ln=primefaces&v=4.0 HTTP/1.1" 304 -
186.28.77.216 - - [08/Sep/2023:12:22:16 -0500] "GET /sipse/faces/javax.faces.resource/layout/layout.js?ln=primefaces&v=4.0 HTTP/1.1" 304 -
186.28.77.216 - - [08/Sep/2023:12:22:16 -0500] "POST /sipse/faces/presentacion/financiero/solicitudProceso/listarSolicitudProceso.xhtml HTTP/1.1" 200 1376
201.245.192.253 - - [08/Sep/2023:12:22:23 -0500] "POST /forms/lservlet;jsessionid=ac16012b30d65962943bc1d1484c974eac862b03ab49.e3iSbxaKaheRe34Rch0Ra3mLchv0n6jAmljGr5XDqQLvpAe HTTP/1.1" 200 2
52.167.144.25 - - [08/Sep/2023:12:22:39 -0500] "GET /BLA/resoluciones/AUTOS%202023/3189.pdf HTTP/1.1" 200 427140
201.245.192.253 - - [08/Sep/2023:12:23:05 -0500] "POST /forms/lservlet;jsessionid=ac16012b30d6fe616ddb68764dacb333ec8eb017034b.e3iSbxaKaheRe34Rch0Ra3mLchv0n6jAmljGr5XDqQLvpAe HTTP/1.1" 200 2
216.244.66.195 - - [08/Sep/2023:12:23:00 -0500] "GET /BLA/resoluciones/index.php?dir=AUTOS+2009%2F HTTP/1.1" 200 399860
172.22.2.4 - - [08/Sep/2023:12:23:24 -0500] "GET /BLA/boletinlegal/consulta_actos.php?tipo=resoluciones&no=0407&usuario=&sector=&fecha=2008&resuelve= HTTP/1.1" 200 1086
216.244.66.195 - - [08/Sep/2023:12:23:43 -0500] "GET /BLA/resoluciones/RESOLUCIONES%202016/1141.pdf HTTP/1.1" 200 855636
40.77.167.61 - - [08/Sep/2023:12:23:59 -0500] "GET /Publicaciones/2023EE206543.pdf HTTP/1.1" 200 1439892
186.84.22.207 - - [08/Sep/2023:12:24:16 -0500] "GET /BLA/resoluciones/dlf/pdf.gif HTTP/1.1" 200 272
186.84.22.207 - - [08/Sep/2023:12:24:16 -0500] "GET /BLA/resoluciones/dlf/dirup.png HTTP/1.1" 200 644
186.84.22.207 - - [08/Sep/2023:12:24:16 -0500] "GET /BLA/resoluciones/dlf/styles.css HTTP/1.1" 200 3049
186.84.22.207 - - [08/Sep/2023:12:24:16 -0500] "GET /BLA/resoluciones/dlf/bg.gif HTTP/1.1" 200 54
186.84.22.207 - - [08/Sep/2023:12:24:15 -0500] "GET /BLA/resoluciones/index.php?dir=AUTOS+2016%2F HTTP/1.1" 200 331459
186.84.22.207 - - [08/Sep/2023:12:24:17 -0500] "GET /favicon.ico HTTP/1.1" 200 7782
201.245.192.253 - - [08/Sep/2023:12:24:23 -0500] "POST /forms/lservlet;jsessionid=ac16012b30d65962943bc1d1484c974eac862b03ab49.e3iSbxaKaheRe34Rch0Ra3mLchv0n6jAmljGr5XDqQLvpAe HTTP/1.1" 200 2
216.244.66.195 - - [08/Sep/2023:12:24:33 -0500] "GET /galeria/galeria/fotos/Entrenube3G.jpg HTTP/1.1" 200 138221
186.84.22.22 - - [08/Sep/2023:12:24:42 -0500] "GET /appsia/controlador HTTP/1.1" 200 4799
186.84.22.22 - - [08/Sep/2023:12:24:55 -0500] "POST /appsia/controlador HTTP/1.1" 200 3599
186.84.22.22 - - [08/Sep/2023:12:24:55 -0500] "GET /appsia/jscripts/validarSolicitud.js HTTP/1.1" 404 68
172.22.2.4 - - [08/Sep/2023:12:23:19 -0500] "HEAD /BLA/boletinlegal/ HTTP/1.1" 200 -
186.84.22.22 - - [08/Sep/2023:12:25:01 -0500] "POST /appsia/controlador HTTP/1.1" 200 4799
216.244.66.195 - - [08/Sep/2023:12:25:03 -0500] "GET /BLA/resoluciones/AUTOS%202016/0225.pdf HTTP/1.1" 200 544807
201.245.192.253 - - [08/Sep/2023:12:25:05 -0500] "POST /forms/lservlet;jsessionid=ac16012b30d6fe616ddb68764dacb333ec8eb017034b.e3iSbxaKaheRe34Rch0Ra3mLchv0n6jAmljGr5XDqQLvpAe HTTP/1.1" 200 2
216.245.221.92 - - [08/Sep/2023:12:25:27 -0500] "HEAD / HTTP/1.1" 200 -
172.22.2.4 - - [08/Sep/2023:12:24:10 -0500] "GET /BLA/boletinlegal/ HTTP/1.1" 200 56607
216.244.66.195 - - [08/Sep/2023:12:25:50 -0500] "GET /BLA/resoluciones/AUTOS%202016/0395.pdf HTTP/1.1" 200 482270
201.245.192.253 - - [08/Sep/2023:12:26:23 -0500] "POST /forms/lservlet;jsessionid=ac16012b30d65962943bc1d1484c974eac862b03ab49.e3iSbxaKaheRe34Rch0Ra3mLchv0n6jAmljGr5XDqQLvpAe HTTP/1.1" 200 2
216.244.66.195 - - [08/Sep/2023:12:26:32 -0500] "GET /BLA/resoluciones/AUTOS%202016/0544.pdf HTTP/1.1" 200 439960
172.22.2.4 - - [08/Sep/2023:12:26:41 -0500] "GET /BLA/boletinlegal/actos.php HTTP/1.1" 200 9682
172.22.2.4 - - [08/Sep/2023:12:26:43 -0500] "GET /BLA/boletinlegal/favicon.ico HTTP/1.1" 404 1326
201.245.192.253 - - [08/Sep/2023:12:26:51 -0500] "POST /kwsrmcab/Wsrmcab  HTTP/1.1" 200 42865
172.22.2.4 - - [08/Sep/2023:12:27:02 -0500] "GET /BLA/boletinlegal/consulta_actos.php?tipo=autos&no=4746&usuario=&sector=&fecha=2014&resuelve= HTTP/1.1" 200 1109
172.22.2.4 - - [08/Sep/2023:12:27:02 -0500] "GET /BLA/boletinlegal/images/pdf.gif HTTP/1.1" 200 567
201.245.192.253 - - [08/Sep/2023:12:27:05 -0500] "POST /forms/lservlet;jsessionid=ac16012b30d6fe616ddb68764dacb333ec8eb017034b.e3iSbxaKaheRe34Rch0Ra3mLchv0n6jAmljGr5XDqQLvpAe HTTP/1.1" 200 2
201.245.192.253 - - [08/Sep/2023:12:27:06 -0500] "GET /BLA/resoluciones/AUTOS%202014/4746.pdf HTTP/1.1" 200 552789
216.244.66.195 - - [08/Sep/2023:12:27:13 -0500] "GET /BLA/resoluciones/AUTOS%202016/0565.pdf HTTP/1.1" 200 441535
216.244.66.195 - - [08/Sep/2023:12:27:55 -0500] "GET /BLA/resoluciones/AUTOS%202016/0707.pdf HTTP/1.1" 200 538001
186.84.22.22 - - [08/Sep/2023:12:28:09 -0500] "POST /appsia/controlador HTTP/1.1" 200 5437
201.245.192.253 - - [08/Sep/2023:12:28:23 -0500] "POST /forms/lservlet;jsessionid=ac16012b30d65962943bc1d1484c974eac862b03ab49.e3iSbxaKaheRe34Rch0Ra3mLchv0n6jAmljGr5XDqQLvpAe HTTP/1.1" 200 2
52.167.144.239 - - [08/Sep/2023:12:28:30 -0500] "GET /Publicaciones/2023EE206002.pdf HTTP/1.1" 200 796256
216.244.66.195 - - [08/Sep/2023:12:28:34 -0500] "GET /BLA/resoluciones/AUTOS%202016/0807.pdf HTTP/1.1" 200 437509
201.245.192.253 - - [08/Sep/2023:12:28:49 -0500] "POST /kwsrmcab/Wsrmcab HTTP/1.1" 200 39883
201.245.192.253 - - [08/Sep/2023:12:28:53 -0500] "POST /kwsrmcab/Wsrmcab HTTP/1.1" 200 42010
216.244.66.195 - - [08/Sep/2023:12:29:05 -0500] "GET /BLA/resoluciones/AUTOS%202016/0938.pdf HTTP/1.1" 200 532538
201.245.192.253 - - [08/Sep/2023:12:29:05 -0500] "POST /forms/lservlet;jsessionid=ac16012b30d6fe616ddb68764dacb333ec8eb017034b.e3iSbxaKaheRe34Rch0Ra3mLchv0n6jAmljGr5XDqQLvpAe HTTP/1.1" 200 2
66.249.66.192 - - [08/Sep/2023:12:29:12 -0500] "GET /el-ejemplo-comienza-por-casa-alcaldia-de-bogota-expide-decreto-para-reducir-plasticos-de-un-solo-uso-en-las-entidades-del-distrito.html HTTP/1.1" 304 -
172.22.2.4 - - [08/Sep/2023:12:29:13 -0500] "GET /BLA/boletinlegal/consulta_conceptos.php?no=&solicitante=&radicado_entrada=&fecha_concepto=2023&objeto= HTTP/1.1" 200 23039
172.22.2.4 - - [08/Sep/2023:12:29:39 -0500] "GET /BLA/boletinlegal/actos.php HTTP/1.1" 200 9682
172.22.2.4 - - [08/Sep/2023:12:29:39 -0500] "GET /BLA/boletinlegal/js/ajax_actos.js HTTP/1.1" 200 1322
172.22.2.4 - - [08/Sep/2023:12:29:39 -0500] "GET /BLA/boletinlegal/styles2.css HTTP/1.1" 200 1838
172.22.2.4 - - [08/Sep/2023:12:29:39 -0500] "GET /BLA/boletinlegal/style.css HTTP/1.1" 200 9406
172.22.2.4 - - [08/Sep/2023:12:29:39 -0500] "GET /BLA/boletinlegal/niceforms-default.css HTTP/1.1" 200 6694
172.22.2.4 - - [08/Sep/2023:12:29:39 -0500] "GET /BLA/boletinlegal/niceforms.js HTTP/1.1" 200 22876
172.22.2.4 - - [08/Sep/2023:12:29:39 -0500] "GET /BLA/boletinlegal/js/lib.js HTTP/1.1" 200 6474
172.22.2.4 - - [08/Sep/2023:12:29:39 -0500] "GET /BLA/boletinlegal/js/popup.js HTTP/1.1" 200 1270
172.22.2.4 - - [08/Sep/2023:12:29:39 -0500] "GET /BLA/boletinlegal/js/jquery1.js HTTP/1.1" 200 29846
172.22.2.4 - - [08/Sep/2023:12:29:39 -0500] "GET /BLA/boletinlegal/images/cabezote%20BLEGAL.jpg HTTP/1.1" 200 118164
172.22.2.4 - - [08/Sep/2023:12:29:39 -0500] "GET /BLA/boletinlegal/images/subscribe-icon-big.png HTTP/1.1" 200 47702
172.22.2.4 - - [08/Sep/2023:12:29:39 -0500] "GET /BLA/boletinlegal/images/historia.png HTTP/1.1" 200 52775
172.22.2.4 - - [08/Sep/2023:12:29:39 -0500] "GET /BLA/boletinlegal/images/registro-usuarios.png HTTP/1.1" 200 8106
172.22.2.4 - - [08/Sep/2023:12:29:39 -0500] "GET /BLA/boletinlegal/images/green-yellow-blue-pink-th.png HTTP/1.1" 200 7394
172.22.2.4 - - [08/Sep/2023:12:29:39 -0500] "GET /BLA/boletinlegal/images/tel.png HTTP/1.1" 200 14477
