216.245.221.92 - - [13/Sep/2023:02:04:32 -0500] "HEAD / HTTP/1.1" 200 -
201.245.192.253 - - [13/Sep/2023:02:05:10 -0500] "POST /kwsrmcab/Wsrmcab  HTTP/1.1" 200 42865
172.22.2.4 - - [13/Sep/2023:02:05:03 -0500] "HEAD /BLA/boletinlegal/ HTTP/1.1" 200 -
172.22.2.4 - - [13/Sep/2023:02:05:53 -0500] "GET /BLA/boletinlegal/ HTTP/1.1" 200 60342
52.167.144.206 - - [13/Sep/2023:02:09:29 -0500] "GET /Publicaciones/2023EE207911.pdf HTTP/1.1" 200 232000
216.245.221.92 - - [13/Sep/2023:02:09:32 -0500] "HEAD / HTTP/1.1" 200 -
216.244.66.195 - - [13/Sep/2023:02:09:57 -0500] "GET /BLA/resoluciones/AUTOS%202016/2926.pdf HTTP/1.1" 200 397274
201.245.192.253 - - [13/Sep/2023:02:10:09 -0500] "POST /kwsrmcab/Wsrmcab  HTTP/1.1" 200 42865
216.244.66.195 - - [13/Sep/2023:02:10:59 -0500] "GET /BLA/resoluciones/AUTOS%202016/3139.pdf HTTP/1.1" 200 355961
52.167.144.236 - - [13/Sep/2023:02:11:32 -0500] "GET /BLA/resoluciones/AUTOS%202023/1871.pdf HTTP/1.1" 200 1830412
52.167.144.206 - - [13/Sep/2023:02:12:17 -0500] "GET /BLA/resoluciones/AUTOS%202023/1782.pdf HTTP/1.1" 200 386004
172.22.2.4 - - [13/Sep/2023:02:10:53 -0500] "HEAD /BLA/boletinlegal/ HTTP/1.1" 200 -
216.244.66.195 - - [13/Sep/2023:02:12:44 -0500] "GET /BLA/resoluciones/AUTOS%202010/1044.pdf HTTP/1.1" 200 477938
172.22.2.4 - - [13/Sep/2023:02:11:43 -0500] "GET /BLA/boletinlegal/ HTTP/1.1" 200 58187
216.244.66.195 - - [13/Sep/2023:02:13:25 -0500] "GET /BLA/resoluciones/RESOLUCIONES%202016/2322.pdf HTTP/1.1" 200 365372
69.63.184.118 - - [13/Sep/2023:02:14:28 -0500] "GET /caminos-de-los-cerros-habilitados-en-esta-semana-santa-2022.html HTTP/1.1" 200 832
216.245.221.92 - - [13/Sep/2023:02:14:32 -0500] "HEAD / HTTP/1.1" 200 -
216.244.66.195 - - [13/Sep/2023:02:14:40 -0500] "GET /BLA/resoluciones/AUTOS%202019/0708.pdf HTTP/1.1" 200 256743
216.244.66.195 - - [13/Sep/2023:02:15:10 -0500] "GET /BLA/resoluciones/AUTOS%202019/0833.pdf HTTP/1.1" 200 344320
201.245.192.253 - - [13/Sep/2023:02:15:08 -0500] "POST /kwsrmcab/Wsrmcab  HTTP/1.1" 200 42865
216.244.66.195 - - [13/Sep/2023:02:15:38 -0500] "GET /BLA/resoluciones/AUTOS%202019/0879.pdf HTTP/1.1" 200 268038
216.244.66.195 - - [13/Sep/2023:02:16:05 -0500] "GET /BLA/resoluciones/AUTOS%202019/1585.pdf HTTP/1.1" 200 271500
216.244.66.195 - - [13/Sep/2023:02:16:32 -0500] "GET /BLA/resoluciones/AUTOS%202019/1609.pdf HTTP/1.1" 200 251833
216.244.66.195 - - [13/Sep/2023:02:16:57 -0500] "GET /BLA/resoluciones/AUTOS%202019/2257.pdf HTTP/1.1" 200 363859
199.16.157.181 - - [13/Sep/2023:02:17:11 -0500] "GET /robots.txt HTTP/1.1" 404 1034
199.16.157.181 - - [13/Sep/2023:02:17:11 -0500] "GET /images/pl%C3%A1sticos%20foto%201..jpg HTTP/1.1" 404 1034
216.244.66.195 - - [13/Sep/2023:02:17:22 -0500] "GET /BLA/resoluciones/AUTOS%202019/2489.pdf HTTP/1.1" 200 338050
216.244.66.195 - - [13/Sep/2023:02:17:45 -0500] "GET /BLA/resoluciones/AUTOS%202019/2866.pdf HTTP/1.1" 200 274234
216.244.66.195 - - [13/Sep/2023:02:18:07 -0500] "GET /BLA/resoluciones/AUTOS%202019/2896.pdf HTTP/1.1" 200 265594
172.22.2.4 - - [13/Sep/2023:02:16:43 -0500] "HEAD /BLA/boletinlegal/ HTTP/1.1" 200 -
216.244.66.195 - - [13/Sep/2023:02:18:30 -0500] "GET /BLA/resoluciones/AUTOS%202019/3080.pdf HTTP/1.1" 200 256133
201.245.192.253 - - [13/Sep/2023:02:18:28 -0500] "POST /kwsrmcab/Wsrmcab HTTP/1.1" 200 43172
201.245.192.253 - - [13/Sep/2023:02:18:31 -0500] "POST /kwsrmcab/Wsrmcab HTTP/1.1" 200 43450
216.244.66.195 - - [13/Sep/2023:02:18:50 -0500] "GET /BLA/resoluciones/AUTOS%202019/3279.pdf HTTP/1.1" 200 340384
216.244.66.195 - - [13/Sep/2023:02:19:09 -0500] "GET /BLA/resoluciones/AUTOS%202019/3405.pdf HTTP/1.1" 200 256561
172.22.2.4 - - [13/Sep/2023:02:17:34 -0500] "GET /BLA/boletinlegal/ HTTP/1.1" 200 58187
216.244.66.195 - - [13/Sep/2023:02:19:28 -0500] "GET /BLA/resoluciones/AUTOS%202019/3439.pdf HTTP/1.1" 200 319120
216.245.221.92 - - [13/Sep/2023:02:19:32 -0500] "HEAD / HTTP/1.1" 200 -
216.244.66.195 - - [13/Sep/2023:02:19:45 -0500] "GET /BLA/resoluciones/AUTOS%202019/3507.pdf HTTP/1.1" 200 308389
216.244.66.195 - - [13/Sep/2023:02:20:02 -0500] "GET /BLA/resoluciones/AUTOS%202019/3590.pdf HTTP/1.1" 200 525412
201.245.192.253 - - [13/Sep/2023:02:20:07 -0500] "POST /kwsrmcab/Wsrmcab  HTTP/1.1" 200 42865
216.244.66.195 - - [13/Sep/2023:02:20:17 -0500] "GET /BLA/resoluciones/AUTOS%202019/3727.pdf HTTP/1.1" 200 269587
216.244.66.195 - - [13/Sep/2023:02:20:32 -0500] "GET /BLA/resoluciones/AUTOS%202019/4534.pdf HTTP/1.1" 200 289421
216.244.66.195 - - [13/Sep/2023:02:20:45 -0500] "GET /BLA/resoluciones/RESOLUCIONES%202018/1230.pdf HTTP/1.1" 200 278855
172.22.2.4 - - [13/Sep/2023:02:20:48 -0500] "POST /BLA/boletinlegal/login.asp?id=44 HTTP/1.1" 404 1018
216.244.66.195 - - [13/Sep/2023:02:20:57 -0500] "GET /BLA/resoluciones/RESOLUCIONES%202018/3410.pdf HTTP/1.1" 200 277897
216.244.66.195 - - [13/Sep/2023:02:21:09 -0500] "GET /BLA/resoluciones/RESOLUCIONES%202018/4082.pdf HTTP/1.1" 200 362350
216.244.66.195 - - [13/Sep/2023:02:21:19 -0500] "GET /BLA/resoluciones/RESOLUCIONES%202018/4124.pdf HTTP/1.1" 200 271306
216.244.66.195 - - [13/Sep/2023:02:21:29 -0500] "GET /BLA/resoluciones/AUTOS%202017/0117.pdf HTTP/1.1" 200 252951
216.244.66.195 - - [13/Sep/2023:02:21:37 -0500] "GET /BLA/resoluciones/AUTOS%202017/0531.pdf HTTP/1.1" 200 315088
216.244.66.195 - - [13/Sep/2023:02:21:44 -0500] "GET /BLA/resoluciones/AUTOS%202017/1122.pdf HTTP/1.1" 200 279011
216.244.66.195 - - [13/Sep/2023:02:21:51 -0500] "GET /BLA/resoluciones/AUTOS%202017/2959.pdf HTTP/1.1" 200 290854
216.244.66.195 - - [13/Sep/2023:02:21:57 -0500] "GET /BLA/resoluciones/AUTOS%202019/3446.pdf HTTP/1.1" 200 699544
216.244.66.195 - - [13/Sep/2023:02:22:02 -0500] "GET /BLA/resoluciones/AUTOS%202019/4462.pdf HTTP/1.1" 200 844452
216.244.66.195 - - [13/Sep/2023:02:22:15 -0500] "GET /BLA/resoluciones/AUTOS%202019/4504.pdf HTTP/1.1" 200 1454294
216.244.66.195 - - [13/Sep/2023:02:22:28 -0500] "GET /BLA/resoluciones/AUTOS%202021/0230.pdf HTTP/1.1" 200 344476
216.244.66.195 - - [13/Sep/2023:02:22:37 -0500] "GET /BLA/resoluciones/AUTOS%202021/0342.pdf HTTP/1.1" 200 353428
173.252.127.3 - - [13/Sep/2023:02:23:54 -0500] "GET /juntos-cuidamos-bogota-mas-de-65-kilogramos-de-residuos-especiales-y-peligrosos-fueron-recolectados-en-engativa.html HTTP/1.1" 200 994
172.22.2.4 - - [13/Sep/2023:02:22:33 -0500] "HEAD /BLA/boletinlegal/ HTTP/1.1" 200 -
216.245.221.92 - - [13/Sep/2023:02:24:32 -0500] "HEAD / HTTP/1.1" 200 -
213.180.203.141 - - [13/Sep/2023:02:24:48 -0500] "GET /robots.txt HTTP/1.1" 404 1049
5.255.231.102 - - [13/Sep/2023:02:24:49 -0500] "GET / HTTP/1.1" 200 319
172.22.2.4 - - [13/Sep/2023:02:23:23 -0500] "GET /BLA/boletinlegal/ HTTP/1.1" 200 58187
201.245.192.253 - - [13/Sep/2023:02:25:06 -0500] "POST /kwsrmcab/Wsrmcab  HTTP/1.1" 200 42865
216.244.66.195 - - [13/Sep/2023:02:27:51 -0500] "GET /robots.txt HTTP/1.1" 404 1018
201.245.192.253 - - [13/Sep/2023:02:28:27 -0500] "POST /kwsrmcab/Wsrmcab HTTP/1.1" 200 43172
201.245.192.253 - - [13/Sep/2023:02:28:30 -0500] "POST /kwsrmcab/Wsrmcab HTTP/1.1" 200 43450
172.22.2.4 - - [13/Sep/2023:02:28:42 -0500] "GET /BLA/boletinlegal/robots.txt HTTP/1.1" 404 1038
172.22.2.4 - - [13/Sep/2023:02:28:43 -0500] "GET /BLA/boletinlegal/jurisprudencia.php HTTP/1.1" 200 17583
40.77.167.59 - - [13/Sep/2023:02:29:01 -0500] "GET /Publicaciones/2023EE210178.pdf HTTP/1.1" 200 231564
216.245.221.92 - - [13/Sep/2023:02:29:32 -0500] "HEAD / HTTP/1.1" 200 -
172.22.2.4 - - [13/Sep/2023:02:28:23 -0500] "HEAD /BLA/boletinlegal/ HTTP/1.1" 200 -
201.245.192.253 - - [13/Sep/2023:02:30:05 -0500] "POST /kwsrmcab/Wsrmcab  HTTP/1.1" 200 42865
52.167.144.157 - - [13/Sep/2023:02:30:23 -0500] "GET /Publicaciones/2023EE207824.pdf HTTP/1.1" 200 413825
172.22.2.4 - - [13/Sep/2023:02:29:13 -0500] "GET /BLA/boletinlegal/ HTTP/1.1" 200 58187
216.245.221.92 - - [13/Sep/2023:02:34:32 -0500] "HEAD / HTTP/1.1" 200 -
201.245.192.253 - - [13/Sep/2023:02:35:03 -0500] "POST /kwsrmcab/Wsrmcab  HTTP/1.1" 200 42865
172.22.2.4 - - [13/Sep/2023:02:34:13 -0500] "HEAD /BLA/boletinlegal/ HTTP/1.1" 200 -
172.22.2.4 - - [13/Sep/2023:02:35:03 -0500] "GET /BLA/boletinlegal/ HTTP/1.1" 200 58187
52.167.144.189 - - [13/Sep/2023:02:37:19 -0500] "GET /portaldeninos/?s=2024 HTTP/1.1" 200 85855
172.22.2.4 - - [13/Sep/2023:02:37:49 -0500] "GET /BLA/boletinlegal/favicon.ico HTTP/1.1" 404 1018
201.245.192.253 - - [13/Sep/2023:02:38:27 -0500] "POST /kwsrmcab/Wsrmcab HTTP/1.1" 200 43172
201.245.192.253 - - [13/Sep/2023:02:38:31 -0500] "POST /kwsrmcab/Wsrmcab HTTP/1.1" 200 43450
172.22.2.4 - - [13/Sep/2023:02:37:01 -0500] "GET /BLA/boletinlegal/ HTTP/1.1" 200 49296
172.22.2.4 - - [13/Sep/2023:02:37:19 -0500] "GET /BLA/boletinlegal/ HTTP/1.1" 200 44302
172.22.2.4 - - [13/Sep/2023:02:37:34 -0500] "GET /BLA/boletinlegal/ HTTP/1.1" 200 45671
216.245.221.92 - - [13/Sep/2023:02:39:32 -0500] "HEAD / HTTP/1.1" 200 -
201.245.192.253 - - [13/Sep/2023:02:40:02 -0500] "POST /kwsrmcab/Wsrmcab  HTTP/1.1" 200 42865
172.22.2.4 - - [13/Sep/2023:02:40:03 -0500] "HEAD /BLA/boletinlegal/ HTTP/1.1" 200 -
172.22.2.4 - - [13/Sep/2023:02:40:53 -0500] "GET /BLA/boletinlegal/ HTTP/1.1" 200 60342
216.245.221.92 - - [13/Sep/2023:02:44:32 -0500] "HEAD / HTTP/1.1" 200 -
201.245.192.253 - - [13/Sep/2023:02:45:01 -0500] "POST /kwsrmcab/Wsrmcab  HTTP/1.1" 200 42865
172.22.2.4 - - [13/Sep/2023:02:45:53 -0500] "HEAD /BLA/boletinlegal/ HTTP/1.1" 200 -
172.22.2.4 - - [13/Sep/2023:02:46:43 -0500] "GET /BLA/boletinlegal/ HTTP/1.1" 200 58187
216.245.221.92 - - [13/Sep/2023:02:49:32 -0500] "HEAD / HTTP/1.1" 200 -
201.245.192.253 - - [13/Sep/2023:02:50:00 -0500] "POST /kwsrmcab/Wsrmcab  HTTP/1.1" 200 42865
172.22.2.4 - - [13/Sep/2023:02:51:08 -0500] "GET /BLA/boletinlegal/ HTTP/1.1" 200 32715
172.22.2.4 - - [13/Sep/2023:02:51:43 -0500] "HEAD /BLA/boletinlegal/ HTTP/1.1" 200 -
172.22.2.4 - - [13/Sep/2023:02:52:33 -0500] "GET /BLA/boletinlegal/ HTTP/1.1" 200 55460
216.245.221.92 - - [13/Sep/2023:02:54:32 -0500] "HEAD / HTTP/1.1" 200 -
201.245.192.253 - - [13/Sep/2023:02:54:58 -0500] "POST /kwsrmcab/Wsrmcab  HTTP/1.1" 200 42865
172.22.2.4 - - [13/Sep/2023:02:57:33 -0500] "HEAD /BLA/boletinlegal/ HTTP/1.1" 200 -
216.245.221.92 - - [13/Sep/2023:02:59:32 -0500] "HEAD / HTTP/1.1" 200 -
201.245.192.253 - - [13/Sep/2023:02:59:57 -0500] "POST /kwsrmcab/Wsrmcab  HTTP/1.1" 200 42865
172.22.2.4 - - [13/Sep/2023:02:58:23 -0500] "GET /BLA/boletinlegal/ HTTP/1.1" 200 60692
52.167.144.163 - - [13/Sep/2023:03:00:05 -0500] "GET /Publicaciones/2023EE209144.pdf HTTP/1.1" 200 530157
200.118.62.30 - - [13/Sep/2023:03:02:00 -0500] "GET /secretaria-de-ambiente-invita-a-proteger-la-culebra-sabanera.html HTTP/1.1" 200 924
162.55.170.174 - - [13/Sep/2023:03:02:23 -0500] "GET / HTTP/1.1" 200 319
216.244.66.195 - - [13/Sep/2023:03:03:35 -0500] "GET /BLA/resoluciones/RESOLUCIONES%202016/2267.pdf HTTP/1.1" 200 446931
66.249.66.84 - - [13/Sep/2023:03:03:51 -0500] "GET /portaldeninos/wp-content/uploads/2021/06/titulo-humedales-ni%C3%B1os.png HTTP/1.1" 304 -
216.244.66.195 - - [13/Sep/2023:03:04:02 -0500] "GET /BLA/resoluciones/RESOLUCIONES%202016/2432.pdf HTTP/1.1" 200 361321
216.245.221.92 - - [13/Sep/2023:03:04:32 -0500] "HEAD / HTTP/1.1" 200 -
216.244.66.195 - - [13/Sep/2023:03:04:42 -0500] "GET /BLA/resoluciones/AUTOS%202012/2359.pdf HTTP/1.1" 200 267384
172.22.2.4 - - [13/Sep/2023:03:04:46 -0500] "GET /BLA/boletinlegal/jurisprudencia/analisis/AnalisisC-746-12.docx HTTP/1.1" 304 -
201.245.192.253 - - [13/Sep/2023:03:04:56 -0500] "POST /kwsrmcab/Wsrmcab  HTTP/1.1" 200 42865
172.22.2.4 - - [13/Sep/2023:03:03:23 -0500] "HEAD /BLA/boletinlegal/ HTTP/1.1" 200 -
172.22.2.4 - - [13/Sep/2023:03:04:13 -0500] "GET /BLA/boletinlegal/ HTTP/1.1" 200 55460
172.22.2.4 - - [13/Sep/2023:03:05:19 -0500] "GET /BLA/boletinlegal/ HTTP/1.1" 200 32715
216.244.66.195 - - [13/Sep/2023:03:06:09 -0500] "GET /BLA/resoluciones/AUTOS%202019/0059.pdf HTTP/1.1" 200 257580
216.244.66.195 - - [13/Sep/2023:03:06:27 -0500] "GET /BLA/resoluciones/AUTOS%202019/0346.pdf HTTP/1.1" 200 273945
216.244.66.195 - - [13/Sep/2023:03:06:45 -0500] "GET /BLA/resoluciones/AUTOS%202019/0856.pdf HTTP/1.1" 200 385791
216.244.66.195 - - [13/Sep/2023:03:07:02 -0500] "GET /BLA/resoluciones/AUTOS%202019/1539.pdf HTTP/1.1" 200 333379
216.244.66.195 - - [13/Sep/2023:03:07:18 -0500] "GET /BLA/resoluciones/AUTOS%202019/1966.pdf HTTP/1.1" 200 324838
216.244.66.195 - - [13/Sep/2023:03:07:33 -0500] "GET /BLA/resoluciones/AUTOS%202019/2237.pdf HTTP/1.1" 200 267493
216.244.66.195 - - [13/Sep/2023:03:07:46 -0500] "GET /BLA/resoluciones/AUTOS%202019/2758.pdf HTTP/1.1" 200 266679
216.244.66.195 - - [13/Sep/2023:03:07:59 -0500] "GET /BLA/resoluciones/AUTOS%202019/2867.pdf HTTP/1.1" 200 272832
216.244.66.195 - - [13/Sep/2023:03:08:11 -0500] "GET /BLA/resoluciones/AUTOS%202019/3216.pdf HTTP/1.1" 200 450352
216.244.66.195 - - [13/Sep/2023:03:08:22 -0500] "GET /BLA/resoluciones/AUTOS%202019/3417.pdf HTTP/1.1" 200 333418
216.244.66.195 - - [13/Sep/2023:03:08:32 -0500] "GET /BLA/resoluciones/AUTOS%202019/3691.pdf HTTP/1.1" 200 262179
216.244.66.195 - - [13/Sep/2023:03:08:41 -0500] "GET /BLA/resoluciones/AUTOS%202019/3704.pdf HTTP/1.1" 200 337128
216.244.66.195 - - [13/Sep/2023:03:08:49 -0500] "GET /BLA/resoluciones/AUTOS%202019/4438.pdf HTTP/1.1" 200 273210
216.244.66.195 - - [13/Sep/2023:03:08:56 -0500] "GET /BLA/resoluciones/RESOLUCIONES%202018/1688.pdf HTTP/1.1" 200 258133
216.244.66.195 - - [13/Sep/2023:03:09:02 -0500] "GET /BLA/resoluciones/RESOLUCIONES%202018/1896.pdf HTTP/1.1" 200 266360
216.244.66.195 - - [13/Sep/2023:03:09:07 -0500] "GET /BLA/resoluciones/RESOLUCIONES%202018/2199.pdf HTTP/1.1" 200 524135
216.244.66.195 - - [13/Sep/2023:03:09:12 -0500] "GET /BLA/resoluciones/RESOLUCIONES%202018/2932.pdf HTTP/1.1" 200 258966
216.244.66.195 - - [13/Sep/2023:03:09:16 -0500] "GET /BLA/resoluciones/RESOLUCIONES%202018/4144.pdf HTTP/1.1" 200 289930
216.244.66.195 - - [13/Sep/2023:03:09:19 -0500] "GET /BLA/resoluciones/AUTOS%202017/2574.pdf HTTP/1.1" 200 278945
216.244.66.195 - - [13/Sep/2023:03:09:23 -0500] "GET /BLA/resoluciones/AUTOS%202017/2939.pdf HTTP/1.1" 200 269355
216.244.66.195 - - [13/Sep/2023:03:09:26 -0500] "GET /BLA/resoluciones/AUTOS%202017/3223.pdf HTTP/1.1" 200 664020
216.244.66.195 - - [13/Sep/2023:03:09:29 -0500] "GET /BLA/resoluciones/AUTOS%202019/2014.pdf HTTP/1.1" 200 1167889
216.245.221.92 - - [13/Sep/2023:03:09:32 -0500] "HEAD / HTTP/1.1" 200 -
216.244.66.195 - - [13/Sep/2023:03:09:40 -0500] "GET /BLA/resoluciones/AUTOS%202021/0072.pdf HTTP/1.1" 200 1047433
216.244.66.195 - - [13/Sep/2023:03:09:49 -0500] "GET /BLA/resoluciones/AUTOS%202021/0498.pdf HTTP/1.1" 200 961161
201.245.192.253 - - [13/Sep/2023:03:09:55 -0500] "POST /kwsrmcab/Wsrmcab  HTTP/1.1" 200 42865
216.244.66.195 - - [13/Sep/2023:03:10:04 -0500] "GET /BLA/resoluciones/AUTOS%202021/1211.pdf HTTP/1.1" 200 394342
216.244.66.195 - - [13/Sep/2023:03:10:15 -0500] "GET /BLA/resoluciones/AUTOS%202021/1413.pdf HTTP/1.1" 200 382860
216.244.66.195 - - [13/Sep/2023:03:10:26 -0500] "GET /BLA/resoluciones/AUTOS%202021/1734.pdf HTTP/1.1" 200 353272
216.244.66.195 - - [13/Sep/2023:03:10:35 -0500] "GET /BLA/resoluciones/AUTOS%202021/2005.pdf HTTP/1.1" 200 380724
216.244.66.195 - - [13/Sep/2023:03:10:43 -0500] "GET /BLA/resoluciones/AUTOS%202021/2151.pdf HTTP/1.1" 200 1235837
54.36.149.4 - - [13/Sep/2023:03:10:47 -0500] "GET /robots.txt HTTP/1.1" 404 1034
216.244.66.195 - - [13/Sep/2023:03:10:51 -0500] "GET /BLA/resoluciones/AUTOS%202021/2465.pdf HTTP/1.1" 200 389045
172.22.2.4 - - [13/Sep/2023:03:09:13 -0500] "HEAD /BLA/boletinlegal/ HTTP/1.1" 200 -
216.244.66.195 - - [13/Sep/2023:03:10:58 -0500] "GET /BLA/resoluciones/AUTOS%202021/3742.pdf HTTP/1.1" 200 352508
216.244.66.195 - - [13/Sep/2023:03:11:04 -0500] "GET /BLA/resoluciones/AUTOS%202021/3768.pdf HTTP/1.1" 200 401495
216.244.66.195 - - [13/Sep/2023:03:11:10 -0500] "GET /BLA/resoluciones/AUTOS%202021/3922.pdf HTTP/1.1" 200 389195
216.244.66.195 - - [13/Sep/2023:03:11:15 -0500] "GET /BLA/resoluciones/AUTOS%202021/4082.pdf HTTP/1.1" 200 346571
216.244.66.195 - - [13/Sep/2023:03:11:19 -0500] "GET /BLA/resoluciones/AUTOS%202021/4638.pdf HTTP/1.1" 200 674137
216.244.66.195 - - [13/Sep/2023:03:11:24 -0500] "GET /BLA/resoluciones/AUTOS%202021/4979.pdf HTTP/1.1" 200 353179
216.244.66.195 - - [13/Sep/2023:03:11:28 -0500] "GET /BLA/resoluciones/AUTOS%202022/0239.pdf HTTP/1.1" 200 406388
216.244.66.195 - - [13/Sep/2023:03:11:31 -0500] "GET /BLA/resoluciones/AUTOS%202022/0263.pdf HTTP/1.1" 200 373686
168.119.253.6 - - [13/Sep/2023:03:11:33 -0500] "GET / HTTP/1.1" 200 319
216.244.66.195 - - [13/Sep/2023:03:11:35 -0500] "GET /BLA/resoluciones/AUTOS%202022/0503.pdf HTTP/1.1" 200 368885
216.244.66.195 - - [13/Sep/2023:03:11:38 -0500] "GET /BLA/resoluciones/AUTOS%202022/1589.pdf HTTP/1.1" 200 418855
216.244.66.195 - - [13/Sep/2023:03:11:41 -0500] "GET /BLA/resoluciones/AUTOS%202022/1944.pdf HTTP/1.1" 200 306146
172.22.2.4 - - [13/Sep/2023:03:10:03 -0500] "GET /BLA/boletinlegal/ HTTP/1.1" 200 57790
216.244.66.195 - - [13/Sep/2023:03:11:44 -0500] "GET /BLA/resoluciones/AUTOS%202022/2083.pdf HTTP/1.1" 200 379397
216.244.66.195 - - [13/Sep/2023:03:11:47 -0500] "GET /BLA/resoluciones/AUTOS%202022/2713.pdf HTTP/1.1" 200 384785
52.167.144.235 - - [13/Sep/2023:03:11:48 -0500] "GET /Publicaciones/2023EE209993.pdf HTTP/1.1" 200 340958
216.244.66.195 - - [13/Sep/2023:03:11:50 -0500] "GET /BLA/resoluciones/AUTOS%202022/2790.pdf HTTP/1.1" 200 2034476
216.244.66.195 - - [13/Sep/2023:03:11:55 -0500] "GET /BLA/resoluciones/AUTOS%202022/2974.pdf HTTP/1.1" 200 390579
216.244.66.195 - - [13/Sep/2023:03:11:59 -0500] "GET /BLA/resoluciones/AUTOS%202022/2980.pdf HTTP/1.1" 200 370182
216.244.66.195 - - [13/Sep/2023:03:12:03 -0500] "GET /BLA/resoluciones/AUTOS%202022/3053.pdf HTTP/1.1" 200 361088
216.244.66.195 - - [13/Sep/2023:03:12:06 -0500] "GET /BLA/resoluciones/AUTOS%202022/3077.pdf HTTP/1.1" 200 370350
216.244.66.195 - - [13/Sep/2023:03:12:09 -0500] "GET /BLA/resoluciones/AUTOS%202022/3149.pdf HTTP/1.1" 200 1036448
216.244.66.195 - - [13/Sep/2023:03:12:14 -0500] "GET /BLA/resoluciones/AUTOS%202022/3165.pdf HTTP/1.1" 200 406773
216.244.66.195 - - [13/Sep/2023:03:12:30 -0500] "GET /BLA/resoluciones/AUTOS%202022/3230.pdf HTTP/1.1" 200 1422724
216.244.66.195 - - [13/Sep/2023:03:12:42 -0500] "GET /BLA/resoluciones/AUTOS%202022/3448.pdf HTTP/1.1" 200 387235
216.244.66.195 - - [13/Sep/2023:03:12:52 -0500] "GET /BLA/resoluciones/AUTOS%202022/3683.pdf HTTP/1.1" 200 406482
216.244.66.195 - - [13/Sep/2023:03:13:02 -0500] "GET /BLA/resoluciones/AUTOS%202022/3694.pdf HTTP/1.1" 200 408355
216.244.66.195 - - [13/Sep/2023:03:13:10 -0500] "GET /BLA/resoluciones/AUTOS%202022/4714.pdf HTTP/1.1" 200 396069
52.167.144.66 - - [13/Sep/2023:03:13:17 -0500] "GET /robots.txt HTTP/1.1" 404 1034
216.244.66.195 - - [13/Sep/2023:03:13:18 -0500] "GET /BLA/resoluciones/RESOLUCIONES%201998/0062.pdf HTTP/1.1" 200 71124
216.244.66.195 - - [13/Sep/2023:03:13:24 -0500] "GET /BLA/resoluciones/RESOLUCIONES%202007/2839.pdf HTTP/1.1" 200 57616
52.167.144.184 - - [13/Sep/2023:03:13:26 -0500] "GET /images/Carolina-urrutia-secretaria-de-ambiente.jpg HTTP/1.1" 200 29920
216.244.66.195 - - [13/Sep/2023:03:13:31 -0500] "GET /BLA/resoluciones/RESOLUCIONES%202020/0233.pdf HTTP/1.1" 200 678585
216.244.66.195 - - [13/Sep/2023:03:13:36 -0500] "GET /BLA/resoluciones/RESOLUCIONES%202020/0279.pdf HTTP/1.1" 200 424996
216.244.66.195 - - [13/Sep/2023:03:13:40 -0500] "GET /BLA/resoluciones/RESOLUCIONES%202020/0458.pdf HTTP/1.1" 200 366635
216.244.66.195 - - [13/Sep/2023:03:13:44 -0500] "GET /BLA/resoluciones/RESOLUCIONES%202020/0544.pdf HTTP/1.1" 200 244819
216.244.66.195 - - [13/Sep/2023:03:13:48 -0500] "GET /BLA/resoluciones/RESOLUCIONES%202020/0978.pdf HTTP/1.1" 200 361320
216.244.66.195 - - [13/Sep/2023:03:13:51 -0500] "GET /BLA/resoluciones/RESOLUCIONES%202020/1369.pdf HTTP/1.1" 200 326427
216.244.66.195 - - [13/Sep/2023:03:13:54 -0500] "GET /BLA/resoluciones/RESOLUCIONES%202020/1623.pdf HTTP/1.1" 200 371115
216.244.66.195 - - [13/Sep/2023:03:13:57 -0500] "GET /BLA/resoluciones/RESOLUCIONES%202020/1711.pdf HTTP/1.1" 200 395219
216.244.66.195 - - [13/Sep/2023:03:13:59 -0500] "GET /BLA/resoluciones/RESOLUCIONES%202021/0227.pdf HTTP/1.1" 200 339068
216.245.221.92 - - [13/Sep/2023:03:14:32 -0500] "HEAD / HTTP/1.1" 200 -
52.167.144.235 - - [13/Sep/2023:03:14:48 -0500] "GET /BLA/resoluciones/AUTOS%202022/3305.pdf HTTP/1.1" 304 -
201.245.192.253 - - [13/Sep/2023:03:14:54 -0500] "POST /kwsrmcab/Wsrmcab  HTTP/1.1" 200 42865
162.55.171.94 - - [13/Sep/2023:03:16:21 -0500] "GET / HTTP/1.1" 200 319
40.77.167.9 - - [13/Sep/2023:03:16:29 -0500] "GET /BLA/resoluciones/AUTOS%202022/3086.pdf HTTP/1.1" 304 -
172.22.2.4 - - [13/Sep/2023:03:15:03 -0500] "HEAD /BLA/boletinlegal/ HTTP/1.1" 200 -
172.22.2.4 - - [13/Sep/2023:03:15:53 -0500] "GET /BLA/boletinlegal/ HTTP/1.1" 200 58187
167.94.146.52 - - [13/Sep/2023:03:17:39 -0500] "GET / HTTP/1.1" 200 319
167.94.146.52 - - [13/Sep/2023:03:17:39 -0500] "GET / HTTP/1.1" 200 319
167.94.146.52 - - [13/Sep/2023:03:17:39 -0500] "PRI * HTTP/2.0" 400 946
167.94.146.52 - - [13/Sep/2023:03:17:40 -0500] "GET /favicon.ico HTTP/1.1" 200 7782
216.244.66.195 - - [13/Sep/2023:03:17:48 -0500] "GET /robots.txt HTTP/1.1" 404 1018
201.245.192.253 - - [13/Sep/2023:03:18:27 -0500] "POST /kwsrmcab/Wsrmcab HTTP/1.1" 200 43169
201.245.192.253 - - [13/Sep/2023:03:18:30 -0500] "POST /kwsrmcab/Wsrmcab HTTP/1.1" 200 43295
216.245.221.92 - - [13/Sep/2023:03:19:32 -0500] "HEAD / HTTP/1.1" 200 -
201.245.192.253 - - [13/Sep/2023:03:19:53 -0500] "POST /kwsrmcab/Wsrmcab  HTTP/1.1" 200 42865
107.170.240.31 - - [13/Sep/2023:03:21:44 -0500] "GET / HTTP/1.1" 200 319
172.22.2.4 - - [13/Sep/2023:03:20:53 -0500] "HEAD /BLA/boletinlegal/ HTTP/1.1" 200 -
172.22.2.4 - - [13/Sep/2023:03:21:43 -0500] "GET /BLA/boletinlegal/ HTTP/1.1" 200 58187
216.245.221.92 - - [13/Sep/2023:03:24:32 -0500] "HEAD / HTTP/1.1" 200 -
201.245.192.253 - - [13/Sep/2023:03:24:52 -0500] "POST /kwsrmcab/Wsrmcab  HTTP/1.1" 200 42865
40.77.167.144 - - [13/Sep/2023:03:26:27 -0500] "GET /BLA/resoluciones/AUTOS%202023/0872.pdf HTTP/1.1" 200 737809
172.22.2.4 - - [13/Sep/2023:03:26:43 -0500] "HEAD /BLA/boletinlegal/ HTTP/1.1" 200 -
201.245.192.253 - - [13/Sep/2023:03:28:27 -0500] "POST /kwsrmcab/Wsrmcab HTTP/1.1" 200 43169
201.245.192.253 - - [13/Sep/2023:03:28:30 -0500] "POST /kwsrmcab/Wsrmcab HTTP/1.1" 200 43295
172.22.2.4 - - [13/Sep/2023:03:27:33 -0500] "GET /BLA/boletinlegal/ HTTP/1.1" 200 58187
216.245.221.92 - - [13/Sep/2023:03:29:32 -0500] "HEAD / HTTP/1.1" 200 -
201.245.192.253 - - [13/Sep/2023:03:29:51 -0500] "POST /kwsrmcab/Wsrmcab  HTTP/1.1" 200 42865
52.167.144.234 - - [13/Sep/2023:03:31:47 -0500] "GET /BLA/resoluciones/AUTOS%202022/7811.pdf HTTP/1.1" 200 428469
172.22.2.4 - - [13/Sep/2023:03:32:33 -0500] "HEAD /BLA/boletinlegal/ HTTP/1.1" 200 -
216.245.221.92 - - [13/Sep/2023:03:34:32 -0500] "HEAD / HTTP/1.1" 200 -
201.245.192.253 - - [13/Sep/2023:03:34:50 -0500] "POST /kwsrmcab/Wsrmcab  HTTP/1.1" 200 42865
172.22.2.4 - - [13/Sep/2023:03:33:23 -0500] "GET /BLA/boletinlegal/ HTTP/1.1" 200 58187
66.249.70.198 - - [13/Sep/2023:03:37:25 -0500] "GET /BLA/resoluciones/AUTOS%202014/0441.pdf HTTP/1.1" 200 357658
201.245.192.253 - - [13/Sep/2023:03:38:27 -0500] "POST /kwsrmcab/Wsrmcab HTTP/1.1" 200 43169
201.245.192.253 - - [13/Sep/2023:03:38:30 -0500] "POST /kwsrmcab/Wsrmcab HTTP/1.1" 200 43295
69.171.249.12 - - [13/Sep/2023:03:38:38 -0500] "GET /secretaria-de-ambiente-libero-a-33-animales-silvestres-en-el-humedal-la-conejera.html HTTP/1.1" 200 1095
66.249.70.197 - - [13/Sep/2023:03:39:09 -0500] "GET /BLA/resoluciones/RESOLUCIONES%202009/7300.pdf HTTP/1.1" 200 335910
85.208.96.201 - - [13/Sep/2023:03:39:27 -0500] "GET /robots.txt HTTP/1.1" 404 1035
85.208.96.203 - - [13/Sep/2023:03:39:27 -0500] "GET /portaldeninos/ HTTP/1.1" 200 110175
216.245.221.92 - - [13/Sep/2023:03:39:32 -0500] "HEAD / HTTP/1.1" 200 -
185.191.171.7 - - [13/Sep/2023:03:39:34 -0500] "GET /sitemap.xml HTTP/1.1" 404 1035
201.245.192.253 - - [13/Sep/2023:03:39:49 -0500] "POST /kwsrmcab/Wsrmcab  HTTP/1.1" 200 42865
172.22.2.4 - - [13/Sep/2023:03:38:23 -0500] "HEAD /BLA/boletinlegal/ HTTP/1.1" 200 -
172.22.2.4 - - [13/Sep/2023:03:39:13 -0500] "GET /BLA/boletinlegal/ HTTP/1.1" 200 52656
179.51.119.61 - - [13/Sep/2023:03:43:20 -0500] "POST /sipse/faces/presentacion/proyectos/proyecto/proyecto.xhtml HTTP/1.1" 302 -
179.51.119.61 - - [13/Sep/2023:03:43:20 -0500] "GET /sipse/faces/autenticacion.xhtml HTTP/1.1" 200 1099
179.51.119.61 - - [13/Sep/2023:03:43:24 -0500] "GET /sipse/faces/javax.faces.resource/theme.css?ln=primefaces-sipse HTTP/1.1" 304 -
179.51.119.61 - - [13/Sep/2023:03:43:25 -0500] "GET /sipse/js/disable_browser_buttons.js HTTP/1.1" 304 -
179.51.119.61 - - [13/Sep/2023:03:43:25 -0500] "GET /sipse/faces/faces/autenticacion.xhtml HTTP/1.1" 200 12187
179.51.119.61 - - [13/Sep/2023:03:43:25 -0500] "GET /sipse/css/custom_css_sg.css HTTP/1.1" 304 -
179.51.119.61 - - [13/Sep/2023:03:43:25 -0500] "GET /sipse/js/funciones.js HTTP/1.1" 304 -
179.51.119.61 - - [13/Sep/2023:03:43:25 -0500] "GET /sipse/css/custom_css_sg_prime_login.css HTTP/1.1" 304 -
179.51.119.61 - - [13/Sep/2023:03:43:25 -0500] "GET /sipse/faces/javax.faces.resource/primefaces.css?ln=primefaces&v=4.0 HTTP/1.1" 304 -
179.51.119.61 - - [13/Sep/2023:03:43:25 -0500] "GET /sipse/faces/javax.faces.resource/layout/layout.css?ln=primefaces&v=4.0 HTTP/1.1" 304 -
179.51.119.61 - - [13/Sep/2023:03:43:25 -0500] "GET /sipse/faces/javax.faces.resource/theme.css?ln=primefaces-sipse HTTP/1.1" 304 -
179.51.119.61 - - [13/Sep/2023:03:43:25 -0500] "GET /sipse/faces/javax.faces.resource/jquery/jquery.js?ln=primefaces&v=4.0 HTTP/1.1" 304 -
179.51.119.61 - - [13/Sep/2023:03:43:25 -0500] "GET /sipse/faces/javax.faces.resource/jquery/jquery-plugins.js?ln=primefaces&v=4.0 HTTP/1.1" 304 -
179.51.119.61 - - [13/Sep/2023:03:43:25 -0500] "GET /sipse/faces/javax.faces.resource/primefaces.js?ln=primefaces&v=4.0 HTTP/1.1" 304 -
179.51.119.61 - - [13/Sep/2023:03:43:25 -0500] "GET /sipse/faces/javax.faces.resource/layout/layout.js?ln=primefaces&v=4.0 HTTP/1.1" 304 -
179.51.119.61 - - [13/Sep/2023:03:43:25 -0500] "GET /sipse/css/imagen/logoSDG.png HTTP/1.1" 304 -
179.51.119.61 - - [13/Sep/2023:03:43:25 -0500] "GET /sipse/css/imagen/loginimg.png HTTP/1.1" 304 -
179.51.119.61 - - [13/Sep/2023:03:43:25 -0500] "GET /sipse/faces/javax.faces.resource/images/ui-icons_898989_256x240.png?ln=primefaces-aristo HTTP/1.1" 304 -
172.22.2.4 - - [13/Sep/2023:03:43:47 -0500] "GET /BLA/boletinlegal/robots.txt HTTP/1.1" 404 1038
172.22.2.4 - - [13/Sep/2023:03:43:48 -0500] "GET /BLA/boletinlegal/conceptos.php HTTP/1.1" 200 7496
216.245.221.92 - - [13/Sep/2023:03:44:32 -0500] "HEAD / HTTP/1.1" 200 -
201.245.192.253 - - [13/Sep/2023:03:44:48 -0500] "POST /kwsrmcab/Wsrmcab  HTTP/1.1" 200 42865
172.22.2.4 - - [13/Sep/2023:03:44:13 -0500] "HEAD /BLA/boletinlegal/ HTTP/1.1" 200 -
52.167.144.108 - - [13/Sep/2023:03:46:37 -0500] "GET /appsia/controlador HTTP/1.1" 200 4799
172.22.2.4 - - [13/Sep/2023:03:45:03 -0500] "GET /BLA/boletinlegal/ HTTP/1.1" 200 60692
52.167.144.199 - - [13/Sep/2023:03:47:36 -0500] "GET /appsia/scripts/validarIngreso.js HTTP/1.1" 200 851
40.77.167.50 - - [13/Sep/2023:03:47:40 -0500] "GET /appsia/css/estilos.css HTTP/1.1" 200 4804
52.167.144.199 - - [13/Sep/2023:03:48:48 -0500] "GET /Publicaciones/2023EE208778.pdf HTTP/1.1" 200 471572
216.245.221.92 - - [13/Sep/2023:03:49:32 -0500] "HEAD / HTTP/1.1" 200 -
201.245.192.253 - - [13/Sep/2023:03:49:47 -0500] "POST /kwsrmcab/Wsrmcab  HTTP/1.1" 200 42865
172.22.2.4 - - [13/Sep/2023:03:49:46 -0500] "GET /BLA/boletinlegal/ HTTP/1.1" 200 24523
66.249.70.198 - - [13/Sep/2023:03:51:14 -0500] "GET /portel_dama/libreria/php/2006/restauracion/22_proye/xtras_in/cni_3.pdf HTTP/1.1" 404 1018
172.22.2.4 - - [13/Sep/2023:03:50:03 -0500] "HEAD /BLA/boletinlegal/ HTTP/1.1" 200 -
172.22.2.4 - - [13/Sep/2023:03:50:53 -0500] "GET /BLA/boletinlegal/ HTTP/1.1" 200 58597
52.167.144.206 - - [13/Sep/2023:03:53:39 -0500] "GET /sipse/faces/faces/autenticacion.xhtml HTTP/1.1" 200 12509
66.249.70.197 - - [13/Sep/2023:03:54:04 -0500] "GET /portel_dama/libreria/php/2006/ECOSISTEMAS%20FINAL%20web_mz27/x%20restauracion/sitio/22_proye/xtras_in/3a.pdf HTTP/1.1" 404 1018
216.245.221.92 - - [13/Sep/2023:03:54:32 -0500] "HEAD / HTTP/1.1" 200 -
216.244.66.195 - - [13/Sep/2023:03:54:40 -0500] "GET /BLA/resoluciones/RESOLUCIONES%201996/0087.pdf HTTP/1.1" 200 32533
201.245.192.253 - - [13/Sep/2023:03:54:46 -0500] "POST /kwsrmcab/Wsrmcab  HTTP/1.1" 200 42865
216.244.66.195 - - [13/Sep/2023:03:56:15 -0500] "GET /BLA/resoluciones/AUTOS%202012/2551.pdf HTTP/1.1" 200 229978
172.22.2.4 - - [13/Sep/2023:03:56:37 -0500] "GET /BLA/boletinlegal/favicon.ico HTTP/1.1" 404 1018
172.22.2.4 - - [13/Sep/2023:03:56:56 -0500] "GET /BLA/boletinlegal/favicon.ico HTTP/1.1" 404 1018
172.22.2.4 - - [13/Sep/2023:03:57:14 -0500] "GET /BLA/boletinlegal/manage/account/login HTTP/1.1" 404 1018
172.22.2.4 - - [13/Sep/2023:03:55:53 -0500] "HEAD /BLA/boletinlegal/ HTTP/1.1" 200 -
172.22.2.4 - - [13/Sep/2023:03:57:37 -0500] "GET /BLA/boletinlegal/manage/account/login HTTP/1.1" 404 1018
216.244.66.195 - - [13/Sep/2023:03:57:44 -0500] "GET /BLA/resoluciones/AUTOS%202019/0872.pdf HTTP/1.1" 200 268553
216.244.66.195 - - [13/Sep/2023:03:57:48 -0500] "GET /BLA/resoluciones/AUTOS%202019/1874.pdf HTTP/1.1" 200 267320
216.244.66.195 - - [13/Sep/2023:03:57:53 -0500] "GET /BLA/resoluciones/AUTOS%202019/2478.pdf HTTP/1.1" 200 450421
216.244.66.195 - - [13/Sep/2023:03:57:58 -0500] "GET /BLA/resoluciones/AUTOS%202019/2551.pdf HTTP/1.1" 200 258770
216.244.66.195 - - [13/Sep/2023:03:58:02 -0500] "GET /BLA/resoluciones/AUTOS%202019/2996.pdf HTTP/1.1" 200 256140
172.22.2.4 - - [13/Sep/2023:03:58:02 -0500] "GET /BLA/boletinlegal/admin/index.html HTTP/1.1" 200 1692
216.244.66.195 - - [13/Sep/2023:03:58:05 -0500] "GET /BLA/resoluciones/AUTOS%202019/3051.pdf HTTP/1.1" 200 275787
216.244.66.195 - - [13/Sep/2023:03:58:10 -0500] "GET /BLA/resoluciones/AUTOS%202019/3117.pdf HTTP/1.1" 200 254693
216.244.66.195 - - [13/Sep/2023:03:58:13 -0500] "GET /BLA/resoluciones/AUTOS%202019/3349.pdf HTTP/1.1" 200 220374
216.244.66.195 - - [13/Sep/2023:03:58:16 -0500] "GET /BLA/resoluciones/AUTOS%202019/3682.pdf HTTP/1.1" 200 271237
216.244.66.195 - - [13/Sep/2023:03:58:20 -0500] "GET /BLA/resoluciones/AUTOS%202019/4390.pdf HTTP/1.1" 200 499041
172.22.2.4 - - [13/Sep/2023:03:56:43 -0500] "GET /BLA/boletinlegal/ HTTP/1.1" 200 58187
216.244.66.195 - - [13/Sep/2023:03:58:29 -0500] "GET /BLA/resoluciones/AUTOS%202019/4401.pdf HTTP/1.1" 200 279200
172.22.2.4 - - [13/Sep/2023:03:58:30 -0500] "GET /BLA/boletinlegal/admin/index.html HTTP/1.1" 200 1692
216.244.66.195 - - [13/Sep/2023:03:58:35 -0500] "GET /BLA/resoluciones/AUTOS%202019/4452.pdf HTTP/1.1" 200 274480
216.244.66.195 - - [13/Sep/2023:03:58:40 -0500] "GET /BLA/resoluciones/RESOLUCIONES%202018/0723.pdf HTTP/1.1" 200 219695
216.244.66.195 - - [13/Sep/2023:03:58:45 -0500] "GET /BLA/resoluciones/RESOLUCIONES%202018/1677.pdf HTTP/1.1" 200 301091
216.244.66.195 - - [13/Sep/2023:03:58:49 -0500] "GET /BLA/resoluciones/RESOLUCIONES%202018/2547.pdf HTTP/1.1" 200 325674
216.244.66.195 - - [13/Sep/2023:03:58:53 -0500] "GET /BLA/resoluciones/RESOLUCIONES%202018/3071.pdf HTTP/1.1" 200 365779
172.22.2.4 - - [13/Sep/2023:03:58:55 -0500] "GET /BLA/boletinlegal/index.html HTTP/1.1" 404 1018
216.244.66.195 - - [13/Sep/2023:03:58:57 -0500] "GET /BLA/resoluciones/RESOLUCIONES%202018/4083.pdf HTTP/1.1" 200 378883
216.244.66.195 - - [13/Sep/2023:03:59:01 -0500] "GET /BLA/resoluciones/RESOLUCIONES%202018/4143.pdf HTTP/1.1" 200 285760
216.244.66.195 - - [13/Sep/2023:03:59:04 -0500] "GET /BLA/resoluciones/AUTOS%202021/0272.pdf HTTP/1.1" 200 400733
216.244.66.195 - - [13/Sep/2023:03:59:13 -0500] "GET /BLA/resoluciones/AUTOS%202021/0454.pdf HTTP/1.1" 200 390242
172.22.2.4 - - [13/Sep/2023:03:59:18 -0500] "GET /BLA/boletinlegal/index.html HTTP/1.1" 404 1018
216.244.66.195 - - [13/Sep/2023:03:59:20 -0500] "GET /BLA/resoluciones/AUTOS%202021/0624.pdf HTTP/1.1" 200 317811
216.244.66.195 - - [13/Sep/2023:03:59:25 -0500] "GET /BLA/resoluciones/AUTOS%202021/0715.pdf HTTP/1.1" 200 338528
216.244.66.195 - - [13/Sep/2023:03:59:30 -0500] "GET /BLA/resoluciones/AUTOS%202021/1404.pdf HTTP/1.1" 200 380147
216.245.221.92 - - [13/Sep/2023:03:59:32 -0500] "HEAD / HTTP/1.1" 200 -
216.244.66.195 - - [13/Sep/2023:03:59:35 -0500] "GET /BLA/resoluciones/AUTOS%202021/1429.pdf HTTP/1.1" 200 346997
216.244.66.195 - - [13/Sep/2023:03:59:40 -0500] "GET /BLA/resoluciones/AUTOS%202021/1602.pdf HTTP/1.1" 200 601116
201.245.192.253 - - [13/Sep/2023:03:59:45 -0500] "POST /kwsrmcab/Wsrmcab  HTTP/1.1" 200 42865
216.244.66.195 - - [13/Sep/2023:03:59:48 -0500] "GET /BLA/resoluciones/AUTOS%202021/2125.pdf HTTP/1.1" 200 395037
172.22.2.4 - - [13/Sep/2023:03:59:48 -0500] "GET /BLA/boletinlegal/+CSCOE+/logon.html HTTP/1.1" 404 1018
216.244.66.195 - - [13/Sep/2023:03:59:54 -0500] "GET /BLA/resoluciones/AUTOS%202021/2133.pdf HTTP/1.1" 200 376543
216.244.66.195 - - [13/Sep/2023:04:00:02 -0500] "GET /BLA/resoluciones/AUTOS%202021/2623.pdf HTTP/1.1" 200 581669
66.249.70.197 - - [13/Sep/2023:04:00:13 -0500] "GET /BLA/resoluciones/RESOLUCIONES%202009/2013.pdf HTTP/1.1" 200 684062
172.22.2.4 - - [13/Sep/2023:04:00:13 -0500] "GET /BLA/boletinlegal/+CSCOE+/logon.html HTTP/1.1" 404 1018
216.244.66.195 - - [13/Sep/2023:04:00:15 -0500] "GET /BLA/resoluciones/AUTOS%202021/3512.pdf HTTP/1.1" 200 932172
216.244.66.195 - - [13/Sep/2023:04:00:24 -0500] "GET /BLA/resoluciones/AUTOS%202021/4053.pdf HTTP/1.1" 200 347145
172.22.2.4 - - [13/Sep/2023:04:00:36 -0500] "GET /BLA/boletinlegal/cgi-bin/login.cgi HTTP/1.1" 404 1018
216.244.66.195 - - [13/Sep/2023:04:00:40 -0500] "GET /BLA/resoluciones/AUTOS%202021/4152.pdf HTTP/1.1" 200 390904
216.244.66.195 - - [13/Sep/2023:04:00:54 -0500] "GET /BLA/resoluciones/AUTOS%202021/4753.pdf HTTP/1.1" 200 365805
172.22.2.4 - - [13/Sep/2023:04:01:03 -0500] "GET /BLA/boletinlegal/cgi-bin/login.cgi HTTP/1.1" 404 1018
216.244.66.195 - - [13/Sep/2023:04:01:05 -0500] "GET /BLA/resoluciones/AUTOS%202021/5132.pdf HTTP/1.1" 200 419033
216.244.66.195 - - [13/Sep/2023:04:01:15 -0500] "GET /BLA/resoluciones/AUTOS%202021/5328.pdf HTTP/1.1" 200 349960
216.244.66.195 - - [13/Sep/2023:04:01:25 -0500] "GET /BLA/resoluciones/AUTOS%202022/0123.pdf HTTP/1.1" 200 388896
216.244.66.195 - - [13/Sep/2023:04:01:34 -0500] "GET /BLA/resoluciones/AUTOS%202022/0202.pdf HTTP/1.1" 200 362846
216.244.66.195 - - [13/Sep/2023:04:01:41 -0500] "GET /BLA/resoluciones/AUTOS%202022/0504.pdf HTTP/1.1" 200 371685
216.244.66.195 - - [13/Sep/2023:04:01:47 -0500] "GET /BLA/resoluciones/AUTOS%202022/0511.pdf HTTP/1.1" 200 1101367
216.244.66.195 - - [13/Sep/2023:04:02:26 -0500] "GET /BLA/resoluciones/AUTOS%202022/0989.pdf HTTP/1.1" 200 358530
172.22.2.4 - - [13/Sep/2023:04:01:38 -0500] "GET /BLA/boletinlegal/ HTTP/1.1" 200 47438
172.22.2.4 - - [13/Sep/2023:04:01:43 -0500] "HEAD /BLA/boletinlegal/ HTTP/1.1" 200 -
172.22.2.4 - - [13/Sep/2023:04:03:42 -0500] "GET /BLA/boletinlegal/robots.txt HTTP/1.1" 404 1018
172.22.2.4 - - [13/Sep/2023:04:02:09 -0500] "GET /BLA/boletinlegal/ HTTP/1.1" 200 42297
111.202.101.138 - - [13/Sep/2023:04:04:12 -0500] "GET / HTTP/1.1" 200 319
172.22.2.4 - - [13/Sep/2023:04:02:33 -0500] "GET /BLA/boletinlegal/ HTTP/1.1" 200 45101
65.21.232.254 - - [13/Sep/2023:04:04:18 -0500] "GET /robots.txt HTTP/1.1" 404 1034
65.21.232.254 - - [13/Sep/2023:04:04:20 -0500] "GET /secretaria-de-ambiente-abre-inscripciones-para-recorridos-gratuitos-en-aulas-ambientales-de-bogota.html HTTP/1.1" 200 916
216.245.221.92 - - [13/Sep/2023:04:04:32 -0500] "HEAD / HTTP/1.1" 200 -
201.245.192.253 - - [13/Sep/2023:04:04:43 -0500] "POST /kwsrmcab/Wsrmcab  HTTP/1.1" 200 42865
216.244.66.195 - - [13/Sep/2023:04:06:39 -0500] "GET /robots.txt HTTP/1.1" 404 1018
172.22.2.4 - - [13/Sep/2023:04:07:33 -0500] "HEAD /BLA/boletinlegal/ HTTP/1.1" 200 -
216.245.221.92 - - [13/Sep/2023:04:09:32 -0500] "HEAD / HTTP/1.1" 200 -
201.245.192.253 - - [13/Sep/2023:04:09:43 -0500] "POST /kwsrmcab/Wsrmcab  HTTP/1.1" 200 42865
172.22.2.4 - - [13/Sep/2023:04:08:23 -0500] "GET /BLA/boletinlegal/ HTTP/1.1" 200 57790
179.33.133.203 - - [13/Sep/2023:04:10:40 -0500] "OPTIONS /kwssiamovil/sm/setfile/f? HTTP/1.1" 200 13
179.33.133.203 - - [13/Sep/2023:04:10:40 -0500] "POST /kwssiamovil/sm/setfile/f? HTTP/1.1" 200 381
179.33.133.203 - - [13/Sep/2023:04:10:48 -0500] "GET /kwssiamovil/sm/acme/a?s=U2FsdGVkX1+LY6oeatZYB6S8hIpwYkGBCAK1rUhqu+UNaU/5AvzXw21TokLd6Ev3XLeZgyQNxPS6WX/d5HitT77zEjAtX35jJvEAfe3o/a7sYXV7FWLkBGiFh2ByGWwLi3GGKYcUoUAKKNDCZFaFhLBwjPrKBb393LxG+YMZdb/p9XE5NkfbtlY19noXxjiiDbnwe6bWNVEEMpKtqM4QYnO3TLuMi8QHba/0rB4riCSTeBTpgAVF1FZ/vL9hbH11hXynfAQpKtdjT9xV01meVg==&u=U2FsdGVkX19fJ1F6i40McWG3aRaKOjIsMOxCFzJ57wA=&y=U2FsdGVkX19CZ6R0PL1FmdlL5uz7z0TN13eO5Dm+Ityg5bE9OJcGwLxcs/YYQF3r HTTP/1.1" 200 26
179.33.133.203 - - [13/Sep/2023:04:10:49 -0500] "GET /kwssiamovil/sm/acme/a?s=U2FsdGVkX1/srlNmfw4GoJRhbB2iIGvlSqD7lNzr6+iJv505cKU6J9C1xLcEjSmDAEZEWIYwlgh0gWDkzdbpCPgNtbIrjG99my7mKTlfR51yruwVjxTG/zJQ1Mi2Y/DkFE0N/UWObImdX28UWoV+9ZC56p1d0umXw9JSgaf/w9fFLhSOSi6iM4JcEKZX9nCioAiL9IcMiE3f5Ypn4BStJG3ATUu8APTLCmHmL9OZDASXZPOTxdeC/GIUO2xDZ3MC8QEf4rG0hYsgcUSGJ2K7qpmher9D2+mUJlLQzF4vkPePnDz4WkVMSCoBwDdB4Upi5fMd8Cpa8iAGviOwZra7RMymfTidSblijy0EfTUt5NuUz08NqdhKEmU2dzu54yUkgcyMZhzsO5+DtwjULraBtrCjOKHE4ZQxpGnw4+LzLhfFLvTfMSaItNBUSHSN4yAn4G5xplbgoCLPeKiOhCuUpP/jrMXEGV6ffbhEYbdDJj21MuDHs2R+C/cIacLNx7KuRJK8q8JGv7R33XQ+3di+eGbnaa1FQKgL2PXNjiM4VmJ58t+I4eF+3Gxu9I2C42FTj1DEoXbG/UQ3MayYZNJNp0nnbgG7ZGfqeT+LPCuH07yv5+6ZrtTwI0ETqUKDZwbONAjQOpE70G7wmTVOPjRQyITVFrCpIOaaiCbC0E4TDTX8Dgsb6UhvBv1UHigHGXgp2CyJXk+U1k898fMuMkclLwqwD6p0ggAkJDBHxqYNf1WGvI7GfzV108a5RrQdkg2V0ijPSf6X0Gb6HuxOSeqfjS0UTPHMD8ixQjxBGo9h4WVntePgSFMnNqIFjUqDEo2ZsO6IOMHUZtwV0GrSqoIJysMrSRkxhcwNqZRfHppFwTtsaJ1CfUKSWADBuWm5oRl0RjglDGnCEA8+SGU1jwoZQwZ41Qs5E+E4F7LNq+6LS5EZDDWPqpzfpyKtfKBnGEaLdfaVSo3FM4eEmg7953ZHm1dRrdR/IkrtsRjq2iog40BJrJuz95GZQWJc5Z+7sQkOL8XryZnCN8L40463jhttS8knnw5k4BaYz/1JrXCJ9mChSqpcTiC9nf7yyll1S4f+Q5epNSVr7SW+gNNyxZAoCyuI5U81rl+sSeRqsx0BvnE7oiQvVNiDtiAJd068sRm1CzXlbDFDUOd4UXFyPIOSYrOcyJrZ5HucIlGgyenTWxbLb5qOcf7Luh07DwEx+9/mKAy42oCcg+KiamELm9LFpe8gUJhWmJ2Lz0ITMvPC9UcbCDJDcIl4UJ82XE+5/eeyBu3tt/JXm5haGLPaCixcQMmZ3gbYEDTpQUbdOTbZ3P8fp31F/uirZ/06ScV1H8hEK80p1cnyZNXDmh3/qZzLLCKq23TttqHN95txqkrcHG/Mlw1uJ+WlVLUuQK7nmXtjS2cQXW1LOrVDWWq4FhA0gHSPrMdy7WskGKjk9argRlZBpt3BZZkjW/tTB9QmDf1VAqMS5HT61jb/ZGWHVBM4LNfi4wD9E7WT7BuomOwKr2FXqBqZxWkJ90WXpYavjHk46XAXGZb/588/+DV3BudVPXp+jU+lpJ2J8EmeORVEthtvrv4zI6Iay1OQ9TLpYHF9JPtTjN7Ko2SjjOn23e7j1z0e5tWjsas1luaqcIW4JkbqNQJAtw9KCMcg5GvGmqwahdi+ILeAwFfwqYuAaWVURaKp+elVpjiYo0gpQ/9hd4ng7OsC2FPHFwrSzPwrbo/3omf1r1n+ceyPxDIR+ts+BQ==&u=U2FsdGVkX19fJ1F6i40McWG3aRaKOjIsMOxCFzJ57wA=&y=U2FsdGVkX19CZ6R0PL1FmdlL5uz7z0TN13eO5Dm+Ityg5bE9OJcGwLxcs/YYQF3r HTTP/1.1" 200 26
179.33.133.203 - - [13/Sep/2023:04:10:49 -0500] "GET /kwssiamovil/sm/acme/a?s=U2FsdGVkX19phEdHayMFG+7HM8Dnt9/YEgt1DCbMRbEJEagMymx+dxp00Ido9wwtVwlk5Bx+mdh1t319ixT2tmdzOB9Xxbt2TNvhXxKK6PtJySlbcG8kmMN3tZV9Pjm8RgL93X/FPvVFtRIawMD7+JalVNkg1c4ugaZLBw18FNw=&u=U2FsdGVkX19fJ1F6i40McWG3aRaKOjIsMOxCFzJ57wA=&y=U2FsdGVkX19CZ6R0PL1FmdlL5uz7z0TN13eO5Dm+Ityg5bE9OJcGwLxcs/YYQF3r HTTP/1.1" 200 26
179.33.133.203 - - [13/Sep/2023:04:10:49 -0500] "GET /kwssiamovil/sm/acme/a?s=U2FsdGVkX1/eucGALJlUDqWO8xjfEedd2XTTjJR79EAIFgRlTh2q0Svlg3WstWrtoJCYjey6fpdMsp7kLDonHy/t8DTb7WAoEDbaLAkuKTvA+2VT5VS0xZ/WZlisYOykgqFKQIzGGzNsxJ/v3XCvoNd2jvb9npLK2Vh4zzIZdL8=&u=U2FsdGVkX19fJ1F6i40McWG3aRaKOjIsMOxCFzJ57wA=&y=U2FsdGVkX19CZ6R0PL1FmdlL5uz7z0TN13eO5Dm+Ityg5bE9OJcGwLxcs/YYQF3r HTTP/1.1" 200 26
179.33.133.203 - - [13/Sep/2023:04:10:49 -0500] "GET /kwssiamovil/sm/acme/a?s=U2FsdGVkX18eqKInaTP57u/ZkMRS0dQyRMP21yLEoNdi1+gXmjvPvt993CEs9VIv5rvSM9NV9nb6PhvrZKmAnIbnk/jXDRs3de0LCTYoJdHR+Kay3HkE8GbKOT0Q+QFoxSeJuRKMRJrvVEGSa6rxuO7jOmRxoNyBEjNzhIyPths=&u=U2FsdGVkX19fJ1F6i40McWG3aRaKOjIsMOxCFzJ57wA=&y=U2FsdGVkX19CZ6R0PL1FmdlL5uz7z0TN13eO5Dm+Ityg5bE9OJcGwLxcs/YYQF3r HTTP/1.1" 200 26
179.33.133.203 - - [13/Sep/2023:04:10:49 -0500] "GET /kwssiamovil/sm/acme/a?s=U2FsdGVkX19xd04vclhJVK8YCONqUeQGUJRthCkIT0B138QrG66cV+N5wlxEsi55dVMCsUwLr7CSgJYpeuwbzSC2u3NkCP8Q0LZveTSfiaMeuzzvwNuBPQMCKTzv09cV2/+09LfRGCoNFPzOOEoQSvDLg96ygM7IZnNhClXFWWGvZLC57iyh/f2o+9C46qrKXjUa5p0p5xUoO+8SSNY7ng==&u=U2FsdGVkX19fJ1F6i40McWG3aRaKOjIsMOxCFzJ57wA=&y=U2FsdGVkX19CZ6R0PL1FmdlL5uz7z0TN13eO5Dm+Ityg5bE9OJcGwLxcs/YYQF3r HTTP/1.1" 200 26
179.33.133.203 - - [13/Sep/2023:04:10:50 -0500] "GET /kwssiamovil/sm/acme/a?s=U2FsdGVkX1/HVe7bhAHuMJwZqGNXfXE6q2/o/czMcuCrLT7IvhLhE0ufgP+sRGVZuKNwdoTmnH1YrVlcR2SxV9t0I4fg0IdxgER/I7LUvdH7H2P7VWLb33fpzxvJyWQSndAckLuJr8ZqBiYvaBZXFm0msb6AdIDld5aGrJKko1RIdSh/IMoQMCG/xSlYlAwdPH1PcPQwpE5BT8gbgPrG+WFcyVAX3vUn9Tdkd3Z3lI2+MGiPNCK9H+EFF3JUByo4f9zLXWzpKhRRYq37tw711bDU7D5A5qnnpKSkvqlYbdiRH18qzLzeM77dbVD/PjIIwV6R8tpbc+fLQ6a8wlJJN9nFka9cKjbrCtX2VTQK2CLCBEK4Kf85fjT686hLCqEQF+gPRzoLYMOQywFWcxmynpzj3R7LD+OqHahX/IKK7/bDerVjfcSXE8VcKmFb2VqYMYmY8fWuWZRTrfCc6bbJ5Q==&u=U2FsdGVkX19fJ1F6i40McWG3aRaKOjIsMOxCFzJ57wA=&y=U2FsdGVkX19CZ6R0PL1FmdlL5uz7z0TN13eO5Dm+Ityg5bE9OJcGwLxcs/YYQF3r HTTP/1.1" 200 25
179.33.133.203 - - [13/Sep/2023:04:10:50 -0500] "GET /kwssiamovil/sm/acme/a?s=U2FsdGVkX1+r2BcFJL7ZyvjG8boNubLPHEwB20dqlWtOKGluhPEJPx3ZcOJhWDzWDWgC9NKgnt4CrxhRw/BPaUGSVQpsAtscI6n8qNuxhNyutebVpwY8DlshnsTw/zHVY+ellRIws+gR03LguyeOp8YYPl1sFP4LY8KqldBERWkLpgPf+Cpn7hzUJUbeR45droYwPCU5DqI9xKskmWA98woVqQUOEzTFl+ZF/0R1tB7x0eicRW7N3BRbdsHT6r6kcnBp7KaMsF9N15d60bAYI+3DpEt5UsmUM6+ltigQ2dW9Ixuy3JXCz53JFR5IXH3x/bbUIN/PdrSdZNr7GWrj8N3ujqw9o3ZEHZ136n/7w1cdG6+214ld/XiYvYQBTh+U3bSrwvFI6Ji1x0KQV+/BNCJeS25PW6qrqYv5IdWFgoU=&u=U2FsdGVkX19fJ1F6i40McWG3aRaKOjIsMOxCFzJ57wA=&y=U2FsdGVkX19CZ6R0PL1FmdlL5uz7z0TN13eO5Dm+Ityg5bE9OJcGwLxcs/YYQF3r HTTP/1.1" 200 25
45.81.39.209 - - [13/Sep/2023:04:13:52 -0500] "GET /portaldeninos/wp-login.php?redirect_to=http%3A%2F%2F201.245.192.252%2Fportaldeninos%2Fwp-admin%2Fnetwork%2Fthemes.php&reauth=1 HTTP/1.1" 200 2594
216.245.221.92 - - [13/Sep/2023:04:14:32 -0500] "HEAD / HTTP/1.1" 200 -
201.245.192.253 - - [13/Sep/2023:04:14:41 -0500] "POST /kwsrmcab/Wsrmcab  HTTP/1.1" 200 42865
172.22.2.4 - - [13/Sep/2023:04:13:23 -0500] "HEAD /BLA/boletinlegal/ HTTP/1.1" 200 -
172.22.2.4 - - [13/Sep/2023:04:14:13 -0500] "GET /BLA/boletinlegal/ HTTP/1.1" 200 58187
172.22.2.4 - - [13/Sep/2023:04:16:48 -0500] "GET /BLA/boletinlegal/Circulares/2013/Circular%20No.%204%20del%2005%20de%20junio%20de%202013.pdf HTTP/1.1" 200 130461
201.245.192.253 - - [13/Sep/2023:04:18:27 -0500] "POST /kwsrmcab/Wsrmcab HTTP/1.1" 200 43174
201.245.192.253 - - [13/Sep/2023:04:18:33 -0500] "POST /kwsrmcab/Wsrmcab HTTP/1.1" 200 43451
216.245.221.92 - - [13/Sep/2023:04:19:32 -0500] "HEAD / HTTP/1.1" 200 -
201.245.192.253 - - [13/Sep/2023:04:19:40 -0500] "POST /kwsrmcab/Wsrmcab  HTTP/1.1" 200 42865
172.22.2.4 - - [13/Sep/2023:04:19:13 -0500] "HEAD /BLA/boletinlegal/ HTTP/1.1" 200 -
172.22.2.4 - - [13/Sep/2023:04:20:03 -0500] "GET /BLA/boletinlegal/ HTTP/1.1" 200 58597
45.81.39.209 - - [13/Sep/2023:04:21:50 -0500] "GET /portaldeninos/wp-login.php?redirect_to=http%3A%2F%2F201.245.192.252%2Fportaldeninos%2Fwp-admin%2Fuser%2Fadmin.php&reauth=1 HTTP/1.1" 200 2590
216.245.221.92 - - [13/Sep/2023:04:24:32 -0500] "HEAD / HTTP/1.1" 200 -
201.245.192.253 - - [13/Sep/2023:04:24:39 -0500] "POST /kwsrmcab/Wsrmcab  HTTP/1.1" 200 42865
172.22.2.4 - - [13/Sep/2023:04:25:03 -0500] "HEAD /BLA/boletinlegal/ HTTP/1.1" 200 -
172.22.2.4 - - [13/Sep/2023:04:25:53 -0500] "GET /BLA/boletinlegal/ HTTP/1.1" 200 59343
201.245.192.253 - - [13/Sep/2023:04:28:27 -0500] "POST /kwsrmcab/Wsrmcab HTTP/1.1" 200 43174
66.249.70.196 - - [13/Sep/2023:04:28:30 -0500] "GET /BLA/resoluciones/RESOLUCIONES%202014/0341.pdf HTTP/1.1" 200 573592
201.245.192.253 - - [13/Sep/2023:04:28:30 -0500] "POST /kwsrmcab/Wsrmcab HTTP/1.1" 200 43451
216.245.221.92 - - [13/Sep/2023:04:29:32 -0500] "HEAD / HTTP/1.1" 200 -
201.245.192.253 - - [13/Sep/2023:04:29:38 -0500] "POST /kwsrmcab/Wsrmcab  HTTP/1.1" 200 42865
52.167.144.147 - - [13/Sep/2023:04:30:44 -0500] "GET /Publicaciones/2023EE208776.pdf HTTP/1.1" 200 482666
172.22.2.4 - - [13/Sep/2023:04:30:53 -0500] "HEAD /BLA/boletinlegal/ HTTP/1.1" 200 -
216.244.66.195 - - [13/Sep/2023:04:32:43 -0500] "GET /BLA/resoluciones/AUTOS%202016/2575.pdf HTTP/1.1" 200 300789
172.22.2.4 - - [13/Sep/2023:04:31:43 -0500] "GET /BLA/boletinlegal/ HTTP/1.1" 200 58187
66.249.66.85 - - [13/Sep/2023:04:33:51 -0500] "GET /portaldeninos/wp-content/uploads/2021/11/Tingua-azul-fauna-junio-11-80x80.jpg HTTP/1.1" 200 3300
216.245.221.92 - - [13/Sep/2023:04:34:32 -0500] "HEAD / HTTP/1.1" 200 -
201.245.192.253 - - [13/Sep/2023:04:34:37 -0500] "POST /kwsrmcab/Wsrmcab  HTTP/1.1" 200 42865
216.244.66.195 - - [13/Sep/2023:04:35:52 -0500] "GET /BLA/resoluciones/AUTOS%202010/4806.pdf HTTP/1.1" 200 459655
172.22.2.4 - - [13/Sep/2023:04:36:43 -0500] "HEAD /BLA/boletinlegal/ HTTP/1.1" 200 -
201.245.192.253 - - [13/Sep/2023:04:38:27 -0500] "POST /kwsrmcab/Wsrmcab HTTP/1.1" 200 43174
201.245.192.253 - - [13/Sep/2023:04:38:30 -0500] "POST /kwsrmcab/Wsrmcab HTTP/1.1" 200 43451
172.22.2.4 - - [13/Sep/2023:04:37:33 -0500] "GET /BLA/boletinlegal/ HTTP/1.1" 200 60692
216.245.221.92 - - [13/Sep/2023:04:39:31 -0500] "HEAD / HTTP/1.1" 200 -
201.245.192.253 - - [13/Sep/2023:04:39:35 -0500] "POST /kwsrmcab/Wsrmcab  HTTP/1.1" 200 42865
216.244.66.195 - - [13/Sep/2023:04:42:03 -0500] "GET /BLA/resoluciones/AUTOS%202019/0002.pdf HTTP/1.1" 200 330178
216.244.66.195 - - [13/Sep/2023:04:42:33 -0500] "GET /BLA/resoluciones/AUTOS%202019/0039.pdf HTTP/1.1" 200 324288
216.244.66.195 - - [13/Sep/2023:04:43:03 -0500] "GET /BLA/resoluciones/AUTOS%202019/0523.pdf HTTP/1.1" 200 223682
216.244.66.195 - - [13/Sep/2023:04:43:31 -0500] "GET /BLA/resoluciones/AUTOS%202019/1455.pdf HTTP/1.1" 200 262613
216.244.66.195 - - [13/Sep/2023:04:43:58 -0500] "GET /BLA/resoluciones/AUTOS%202019/1660.pdf HTTP/1.1" 200 217059
172.22.2.4 - - [13/Sep/2023:04:42:33 -0500] "HEAD /BLA/boletinlegal/ HTTP/1.1" 200 -
216.244.66.195 - - [13/Sep/2023:04:44:24 -0500] "GET /BLA/resoluciones/AUTOS%202019/2110.pdf HTTP/1.1" 200 327065
216.245.221.92 - - [13/Sep/2023:04:44:31 -0500] "HEAD / HTTP/1.1" 200 -
201.245.192.253 - - [13/Sep/2023:04:44:34 -0500] "POST /kwsrmcab/Wsrmcab  HTTP/1.1" 200 42865
216.244.66.195 - - [13/Sep/2023:04:44:50 -0500] "GET /BLA/resoluciones/AUTOS%202019/2643.pdf HTTP/1.1" 200 271846
172.22.2.4 - - [13/Sep/2023:04:43:23 -0500] "GET /BLA/boletinlegal/ HTTP/1.1" 200 60692
69.171.249.119 - - [13/Sep/2023:04:45:13 -0500] "GET /abierta-convocatoria-para-postular-a-organizaciones-que-desarrollan-actividades-de-voluntariado-ambiental-en-bogota.html HTTP/1.1" 200 880
216.244.66.195 - - [13/Sep/2023:04:45:14 -0500] "GET /BLA/resoluciones/AUTOS%202019/2671.pdf HTTP/1.1" 200 254528
69.171.249.11 - - [13/Sep/2023:04:45:15 -0500] "GET /abierta-convocatoria-para-postular-a-organizaciones-que-desarrollan-actividades-de-voluntariado-ambiental-en-bogota.html HTTP/1.1" 206 880
69.171.249.5 - - [13/Sep/2023:04:45:20 -0500] "GET /abierta-convocatoria-para-postular-a-organizaciones-que-desarrollan-actividades-de-voluntariado-ambiental-en-bogota.html HTTP/1.1" 200 880
40.77.167.208 - - [13/Sep/2023:04:45:25 -0500] "GET /BLA/resoluciones/AUTOS%202017/2808.pdf HTTP/1.1" 200 325686
216.244.66.195 - - [13/Sep/2023:04:45:37 -0500] "GET /BLA/resoluciones/AUTOS%202019/2912.pdf HTTP/1.1" 200 366381
216.244.66.195 - - [13/Sep/2023:04:46:04 -0500] "GET /BLA/resoluciones/AUTOS%202019/3079.pdf HTTP/1.1" 200 248421
216.244.66.195 - - [13/Sep/2023:04:46:25 -0500] "GET /BLA/resoluciones/AUTOS%202019/3447.pdf HTTP/1.1" 200 459837
216.244.66.195 - - [13/Sep/2023:04:46:45 -0500] "GET /BLA/resoluciones/AUTOS%202019/3825.pdf HTTP/1.1" 200 242201
216.244.66.195 - - [13/Sep/2023:04:47:07 -0500] "GET /BLA/resoluciones/AUTOS%202019/3877.pdf HTTP/1.1" 200 267273
216.244.66.195 - - [13/Sep/2023:04:47:25 -0500] "GET /BLA/resoluciones/AUTOS%202019/4174.pdf HTTP/1.1" 200 285715
216.244.66.195 - - [13/Sep/2023:04:47:43 -0500] "GET /BLA/resoluciones/AUTOS%202017/1102.pdf HTTP/1.1" 200 284258
216.244.66.195 - - [13/Sep/2023:04:48:00 -0500] "GET /BLA/resoluciones/AUTOS%202017/1117.pdf HTTP/1.1" 200 319034
216.244.66.195 - - [13/Sep/2023:04:48:16 -0500] "GET /BLA/resoluciones/AUTOS%202017/1548.pdf HTTP/1.1" 200 281532
216.244.66.195 - - [13/Sep/2023:04:48:33 -0500] "GET /BLA/resoluciones/AUTOS%202017/2457.pdf HTTP/1.1" 200 278354
216.244.66.195 - - [13/Sep/2023:04:48:48 -0500] "GET /BLA/resoluciones/AUTOS%202019/2619.pdf HTTP/1.1" 200 929537
139.144.117.175 - - [13/Sep/2023:04:48:51 -0500] "GET /portaldeninos/ HTTP/1.1" 200 110175
216.244.66.195 - - [13/Sep/2023:04:49:10 -0500] "GET /BLA/resoluciones/AUTOS%202019/2645.pdf HTTP/1.1" 200 686649
139.144.117.175 - - [13/Sep/2023:04:49:09 -0500] "GET /portaldeninos//wp-includes/wlwmanifest.xml HTTP/1.1" 200 1045
216.244.66.195 - - [13/Sep/2023:04:49:28 -0500] "GET /BLA/resoluciones/AUTOS%202021/0001.pdf HTTP/1.1" 200 392909
216.245.221.92 - - [13/Sep/2023:04:49:32 -0500] "HEAD / HTTP/1.1" 200 -
201.245.192.253 - - [13/Sep/2023:04:49:33 -0500] "POST /kwsrmcab/Wsrmcab  HTTP/1.1" 200 42865
52.167.144.20 - - [13/Sep/2023:04:49:39 -0500] "GET /BLA/resoluciones/index.php?dir=AUTOS+2023%2F HTTP/1.1" 200 282094
139.144.117.175 - - [13/Sep/2023:04:49:25 -0500] "GET /portaldeninos//?author=1 HTTP/1.1" 301 -
216.244.66.195 - - [13/Sep/2023:04:49:45 -0500] "GET /BLA/resoluciones/AUTOS%202021/0056.pdf HTTP/1.1" 200 411015
139.144.117.175 - - [13/Sep/2023:04:49:41 -0500] "GET /portaldeninos//?author=2 HTTP/1.1" 301 -
139.144.117.175 - - [13/Sep/2023:04:49:58 -0500] "GET /portaldeninos//wp-json/wp/v2/users/ HTTP/1.1" 200 1366
139.144.117.175 - - [13/Sep/2023:04:49:58 -0500] "POST /portaldeninos//xmlrpc.php HTTP/1.1" 200 403
139.144.117.175 - - [13/Sep/2023:04:49:59 -0500] "POST /portaldeninos//xmlrpc.php HTTP/1.1" 200 403
139.144.117.175 - - [13/Sep/2023:04:49:59 -0500] "POST /portaldeninos//xmlrpc.php HTTP/1.1" 200 413
139.144.117.175 - - [13/Sep/2023:04:50:00 -0500] "POST /portaldeninos//xmlrpc.php HTTP/1.1" 200 413
