191.156.50.34 - - [13/Sep/2023:13:32:59 -0500] "GET /sipse/faces/javax.faces.resource/jquery/jquery.js?ln=primefaces&v=4.0 HTTP/1.1" 304 -
191.156.56.191 - - [13/Sep/2023:13:32:59 -0500] "GET /sipse/faces/javax.faces.resource/layout/layout.js?ln=primefaces&v=4.0 HTTP/1.1" 304 -
191.156.53.55 - - [13/Sep/2023:13:32:59 -0500] "GET /sipse/faces/javax.faces.resource/fileupload/fileupload.js?ln=primefaces&v=4.0 HTTP/1.1" 304 -
191.156.50.75 - - [13/Sep/2023:13:32:59 -0500] "GET /sipse/faces/javax.faces.resource/primefaces.js?ln=primefaces&v=4.0 HTTP/1.1" 304 -
191.156.56.191 - - [13/Sep/2023:13:33:14 -0500] "GET /sipse/faces/javax.faces.resource/primefaces.css?ln=primefaces&v=4.0 HTTP/1.1" 304 -
191.156.53.55 - - [13/Sep/2023:13:33:14 -0500] "GET /sipse/faces/javax.faces.resource/theme.css?ln=primefaces-sipse HTTP/1.1" 304 -
191.156.56.191 - - [13/Sep/2023:13:33:14 -0500] "GET /sipse/faces/javax.faces.resource/jquery/jquery-plugins.js?ln=primefaces&v=4.0 HTTP/1.1" 304 -
191.156.53.55 - - [13/Sep/2023:13:33:14 -0500] "GET /sipse/faces/javax.faces.resource/jquery/jquery.js?ln=primefaces&v=4.0 HTTP/1.1" 304 -
191.156.57.247 - - [13/Sep/2023:13:33:14 -0500] "GET /sipse/faces/javax.faces.resource/layout/layout.css?ln=primefaces&v=4.0 HTTP/1.1" 304 -
191.156.57.247 - - [13/Sep/2023:13:33:14 -0500] "GET /sipse/faces/javax.faces.resource/layout/layout.js?ln=primefaces&v=4.0 HTTP/1.1" 304 -
191.156.50.18 - - [13/Sep/2023:13:33:14 -0500] "GET /sipse/faces/javax.faces.resource/primefaces.js?ln=primefaces&v=4.0 HTTP/1.1" 304 -
191.156.50.75 - - [13/Sep/2023:13:33:14 -0500] "POST /sipse/faces/presentacion/sistema/anexos/cargarAnexoSolicitudProceso.xhtml HTTP/1.1" 200 167340
52.167.144.138 - - [13/Sep/2023:13:33:21 -0500] "GET /BLA/resoluciones/RESOLUCIONES%202011/0165.pdf HTTP/1.1" 304 -
181.59.2.38 - - [13/Sep/2023:13:33:31 -0500] "GET /kwssiamovil/sm/acme/u?s=U2FsdGVkX1+0oSkCj3dueW4zOi/iWHOMcjqy75hoG1w7vHsueIYzYYRGOKx5OHHG6QS3WQY77I6AotecNDIcwRGuJon0RKmavTDPFi6L1+lWjjHNSBRdPCBrzThXJoSCwcC002RH0Zi9w7ktg3Jd86ZNn11gkuSthnb5wsgLxLo=&u=U2FsdGVkX19EUntzve3EztOQcQyIu28+jUCeQ8xYxKYnnwK949sT3VmvdoeiNyyZ&y=U2FsdGVkX1+sjE9/zIS2B3NxAmy7zjNTs9BTM5dOKXXgu7daTGPWG8BqrSw69BB3 HTTP/1.1" 200 60
191.156.51.239 - - [13/Sep/2023:13:33:31 -0500] "POST /sipse/faces/presentacion/financiero/solicitudProceso/consultarSolicitudProceso.xhtml HTTP/1.1" 200 37160
191.156.51.239 - - [13/Sep/2023:13:33:34 -0500] "GET /sipse/faces/javax.faces.resource/theme.css?ln=primefaces-sipse HTTP/1.1" 304 -
191.156.56.191 - - [13/Sep/2023:13:33:34 -0500] "GET /sipse/faces/javax.faces.resource/jquery/jquery.js?ln=primefaces&v=4.0 HTTP/1.1" 304 -
191.156.51.239 - - [13/Sep/2023:13:33:34 -0500] "GET /sipse/faces/javax.faces.resource/layout/layout.css?ln=primefaces&v=4.0 HTTP/1.1" 304 -
191.156.55.8 - - [13/Sep/2023:13:33:34 -0500] "GET /sipse/faces/javax.faces.resource/primefaces.css?ln=primefaces&v=4.0 HTTP/1.1" 304 -
191.156.56.191 - - [13/Sep/2023:13:33:34 -0500] "GET /sipse/faces/javax.faces.resource/jquery/jquery-plugins.js?ln=primefaces&v=4.0 HTTP/1.1" 304 -
191.156.56.191 - - [13/Sep/2023:13:33:34 -0500] "GET /sipse/faces/javax.faces.resource/primefaces.js?ln=primefaces&v=4.0 HTTP/1.1" 304 -
191.156.56.191 - - [13/Sep/2023:13:33:34 -0500] "GET /sipse/faces/javax.faces.resource/layout/layout.js?ln=primefaces&v=4.0 HTTP/1.1" 304 -
191.156.56.191 - - [13/Sep/2023:13:33:34 -0500] "POST /sipse/faces/presentacion/financiero/solicitudProceso/listarSolicitudProceso.xhtml HTTP/1.1" 200 1404
191.156.56.191 - - [13/Sep/2023:13:33:39 -0500] "POST /sipse/faces/presentacion/financiero/solicitudProceso/listarSolicitudProceso.xhtml HTTP/1.1" 200 5727
136.226.58.203 - - [13/Sep/2023:13:34:29 -0500] "GET /catalogoisis/ HTTP/1.1" 200 8575
136.226.58.203 - - [13/Sep/2023:13:34:30 -0500] "GET /catalogoisis/Css/Busqueda.css HTTP/1.1" 200 1995
136.226.58.203 - - [13/Sep/2023:13:34:30 -0500] "GET /catalogoisis/Js/AceptarLimpiar.js HTTP/1.1" 200 331
136.226.58.203 - - [13/Sep/2023:13:34:30 -0500] "GET /catalogoisis/Js/Remote.js HTTP/1.1" 200 436
136.226.58.203 - - [13/Sep/2023:13:34:30 -0500] "GET /catalogoisis/Js/LimpiarCombinada.js HTTP/1.1" 200 207
136.226.58.203 - - [13/Sep/2023:13:34:30 -0500] "GET /catalogoisis/Js/CriterioCombinada.js HTTP/1.1" 200 1843
136.226.58.203 - - [13/Sep/2023:13:34:30 -0500] "GET /catalogoisis/Js/Cookies.js HTTP/1.1" 200 1369
136.226.58.203 - - [13/Sep/2023:13:34:30 -0500] "GET /catalogoisis/Js/Go.js HTTP/1.1" 200 364
136.226.58.203 - - [13/Sep/2023:13:34:30 -0500] "GET /catalogoisis/Js/Numero.js HTTP/1.1" 200 398
136.226.58.203 - - [13/Sep/2023:13:34:30 -0500] "GET /catalogoisis/Js/Enter.js HTTP/1.1" 200 1208
136.226.58.203 - - [13/Sep/2023:13:34:30 -0500] "GET /catalogoisis/imagenes/br1c1.gif HTTP/1.1" 200 172
136.226.58.203 - - [13/Sep/2023:13:34:30 -0500] "GET /catalogoisis/imagenes/Header.gif HTTP/1.1" 200 27040
136.226.58.203 - - [13/Sep/2023:13:34:30 -0500] "GET /catalogoisis/imagenes/br1c3.gif HTTP/1.1" 200 302
136.226.58.203 - - [13/Sep/2023:13:34:30 -0500] "GET /catalogoisis/imagenes/Turnbo1.gif HTTP/1.1" 200 227
136.226.58.203 - - [13/Sep/2023:13:34:30 -0500] "GET /catalogoisis/imagenes/limpiar1.gif HTTP/1.1" 200 606
136.226.58.203 - - [13/Sep/2023:13:34:30 -0500] "GET /catalogoisis/imagenes/aceptar1.gif HTTP/1.1" 200 604
136.226.58.203 - - [13/Sep/2023:13:34:30 -0500] "GET /catalogoisis/imagenes/br3c1.gif HTTP/1.1" 200 177
136.226.58.203 - - [13/Sep/2023:13:34:30 -0500] "GET /catalogoisis/imagenes/br2c1.gif HTTP/1.1" 200 297
136.226.58.203 - - [13/Sep/2023:13:34:30 -0500] "GET /catalogoisis/imagenes/br2c2.gif HTTP/1.1" 200 302
136.226.58.203 - - [13/Sep/2023:13:34:30 -0500] "GET /catalogoisis/imagenes/br1c2.gif HTTP/1.1" 200 297
136.226.58.203 - - [13/Sep/2023:13:34:30 -0500] "GET /catalogoisis/imagenes/br3c3.gif HTTP/1.1" 200 186
216.245.221.92 - - [13/Sep/2023:13:34:30 -0500] "HEAD / HTTP/1.1" 200 -
136.226.58.203 - - [13/Sep/2023:13:34:30 -0500] "GET /catalogoisis/imagenes/br2c3.gif HTTP/1.1" 200 416
136.226.58.203 - - [13/Sep/2023:13:34:30 -0500] "GET /catalogoisis/imagenes/br3c2.gif HTTP/1.1" 200 285
136.226.58.203 - - [13/Sep/2023:13:34:30 -0500] "GET /favicon.ico HTTP/1.1" 200 7782
136.226.58.203 - - [13/Sep/2023:13:34:39 -0500] "GET /catalogoisis/imagenes/limpiar2.gif HTTP/1.1" 200 589
172.22.2.4 - - [13/Sep/2023:13:33:21 -0500] "HEAD /BLA/boletinlegal/ HTTP/1.1" 200 -
186.102.93.213 - - [13/Sep/2023:13:35:46 -0500] "OPTIONS /kwssiamovil/sm/setfile/f? HTTP/1.1" 200 13
186.102.93.213 - - [13/Sep/2023:13:35:46 -0500] "POST /kwssiamovil/sm/setfile/f? HTTP/1.1" 200 381
172.22.2.4 - - [13/Sep/2023:13:34:12 -0500] "GET /BLA/boletinlegal/ HTTP/1.1" 200 58187
157.55.39.212 - - [13/Sep/2023:13:37:06 -0500] "GET /BLA/resoluciones/RESOLUCIONES%202021/4754.pdf HTTP/1.1" 200 334957
216.244.66.195 - - [13/Sep/2023:13:37:10 -0500] "GET /BLA/resoluciones/RESOLUCIONES%201996/0090.pdf HTTP/1.1" 200 62058
201.245.192.253 - - [13/Sep/2023:13:37:40 -0500] "POST /kwsrmcab/Wsrmcab  HTTP/1.1" 200 42865
216.244.66.195 - - [13/Sep/2023:13:37:44 -0500] "GET /BLA/resoluciones/RESOLUCIONES%202001/1224.pdf HTTP/1.1" 200 203254
186.102.72.85 - - [13/Sep/2023:13:37:51 -0500] "GET /kwssiamovil/sm/acme/u?s=U2FsdGVkX1+FZ665DTvXS1RfXZ5Sir2d9obWVt85RvewShJLHDdIZLUxhSBhPgviW5ijmRXIvasWxz3pPdvhd0ck26WPHHw7rLe6W/gyUFJzCK1z4QYR7sOrPofXjDkRuKOEWlYK/tmXPHk3b1drBI9wF7ulLnKPAwQHhJ/KIRU=&u=U2FsdGVkX1+dFtm1btp8faHd3tig+NeT7IDGcSOU1eA=&y=U2FsdGVkX18gnrTta0Hy851/OjFOrLFnKOh+C/h7ddKp9SWWmQxvgdWLcgect0kT HTTP/1.1" 200 60
216.244.66.195 - - [13/Sep/2023:13:38:23 -0500] "GET /BLA/resoluciones/RESOLUCIONES%202001/1349.pdf HTTP/1.1" 200 112811
201.245.192.253 - - [13/Sep/2023:13:38:25 -0500] "POST /kwsrmcab/Wsrmcab HTTP/1.1" 200 43624
201.245.192.253 - - [13/Sep/2023:13:38:28 -0500] "POST /kwsrmcab/Wsrmcab HTTP/1.1" 200 213
216.244.66.195 - - [13/Sep/2023:13:38:56 -0500] "GET /BLA/resoluciones/RESOLUCIONES%202001/1480.pdf HTTP/1.1" 200 88801
216.244.66.195 - - [13/Sep/2023:13:39:29 -0500] "GET /BLA/resoluciones/RESOLUCIONES%202016/0738.pdf HTTP/1.1" 200 247809
216.245.221.92 - - [13/Sep/2023:13:39:30 -0500] "HEAD / HTTP/1.1" 200 -
216.244.66.195 - - [13/Sep/2023:13:40:11 -0500] "GET /BLA/resoluciones/RESOLUCIONES%202016/1830.pdf HTTP/1.1" 200 355875
186.102.84.201 - - [13/Sep/2023:13:40:15 -0500] "GET /kwssiamovil/sm/ldap/au?x=U2FsdGVkX19DBN61VCXZjSAMymVBLIGw8Vq7MjbhOAwiI6UR8miaBPi3o72kpHTi&y=U2FsdGVkX1+Lc7gX8Ahu2kZJlnSJtovvW6sSlvit6Dw= HTTP/1.1" 200 31
186.102.84.201 - - [13/Sep/2023:13:40:23 -0500] "GET /kwssiamovil/sm/ldap/au?x=U2FsdGVkX1/DDg/yz3c2mFYXMgAwS9renLURIsV7uHbF7mNxeMyDQmb0qokY3DCc&y=U2FsdGVkX18b4+fYTlJP3JcSSLNq14i/0brATPyPHtA= HTTP/1.1" 200 30
186.102.84.201 - - [13/Sep/2023:13:40:23 -0500] "GET /kwssiamovil/sm/acme/s?s=U2FsdGVkX1+JfSKT8WcoDc9SvoKcr0za2mvEwajyJM9yPbNx4z/gLk3r86kDmM1gAInLkDZEGXaUd/3P5etY7LIYdxLmv/DXWPfs4L+C5wQ=&u=U2FsdGVkX1+Lkd/GO8CFsrJ3sWGxKPbnXhdho0A/zM4=&y=U2FsdGVkX18b4+fYTlJP3JcSSLNq14i/0brATPyPHtA= HTTP/1.1" 200 97
186.102.84.201 - - [13/Sep/2023:13:40:24 -0500] "GET /kwssiamovil/sm/acme/s?s=U2FsdGVkX18cT5nybhsRqCzor+nXAiz638jiecqlD4AFXZG0PDrnwJWzjXXVqIelgkODekU0Y96W/+qH1YrSIKFmhVjHbN7cWB33XMxngOZfAJrdAFqlYHnzmTD15osNpNhLlVGm2C71+p2zFUUw3gl37nuKBQpoBO1RppSozswJYHAmdgThPRWZqTrA/vez5MXKzBlWpdSCFtrFjl2nF3hrsZBzZt5Tuv2cqQg23oL4H8Ezj2uZC5JT4q1T6ZOFrxP9mXzYkrwMmXgIitTdjWYASmGiIBRP2GNkjiMhwIo2bP+BKNywn1nKO8BPqTA4PH7oEGwzbG5c+MMd6hHNaKTRCiCdlVl4CFphJ7Dt5LUmX6Y3QuA/M61+Hcq831155f0D1iG9fzQPZjrwdJCyFl32IX9KQAbaDhufazD9FfiEWj0RT0O0Hzt6e8Q4G2OCxEuOGR+jWpS/JqiW/l9zlUU1Zh4bbPEeypGTuF7kJBCFBpO262tyd7VtHD9D0n/ZLsYwtMjsD90xVpIA/DUK1JR/sp8j92ndEjcpA55wCaTiJ2nLnPfAEwYSCuMy39DDHfX6YwjDu+UW326WyabDEoxHM6RErHDWPaK1iLNoXejM7rEwVG6ohwupCsj1wRT/XIpolTdX/3hNlGcFFtOuf4LTJorUmPCq5wSuIxfusnSFTRRLtSumc5OBkA/+CtrvnAuCBntFBr0IctlRDHRFZOS/DP6CJX/CJUWtTJ7XAsjZp1Bzn8+g5ABW4gMsM+RTvRH4btniiunQmcFO6fj532BEzqditPzjTxtm4OXG/bH9KnfdfTpI10W4S4vy6FYL7u5Mt6PTuCBXURV771UZPd2/u2/oD50mZQPZkPTi8921CJDTZn/TL1aacFJo6ZRb+bNGIojdUoa/Muhg72SDe6aCwIMBZIKlDaPmFlyvKeGlAlZNiIfto4NGeKlc0lLSqcJRAOch2uLR1UK42t64Sfp4VdonlmqRFQigEHWv2rtXtT7MfVpwsxXDf4IMdd2VlX6AnSJKvveDVEp42UxI0iae/ABzzDSwa83GDEmD0yGHTQObjCfvjXIfRXz02d5+5IvyuhD79IQEGJ/X373MNONkuAJtE7+el2lw8ANjbRq5zBSgzydDV5Ej2YOOCz1zZCOs8HyFAqYsrOKTGiG4Zx1nnkGN8eSnsb9bBm6nW4sJFsPFda+eTtHAVdIFnkx1oj+gYaTwJzNyaWnl5pWUxJUYbwWuoB3T01+1eg7jXbc21nCdXF5mctgquutSWJH2eBQm+jgVYDUJ0RkFi3CkC+LclPS2RDq1qH2h6cS2lovWQI8Iy5VNECtG8/EROq4bRExYRzI2+gNy4vqgw60O/K3uq56IQBpr3hqKlurZ9woUr7NmzYEcqHHieMqRY6IPigbEvLBZoJAFK6u7woKAlbG6WxzKMErjNMVaSbo2Yh247u2S0Nlhytvk+zS07uTy8vciQ3+BoVjXBrUL1jif6OXLdoeaQiwnvM5B1I/BM2iUVOt4enYHxD78AxcYZz7Fdg+cYQyOOSBPCVW+KSm57sqvpqLpjY1okYJJDOVyfGlwmcH7En4xPYs6fs/2JC229Uw8EfXZoY727MqZqHeswsiiUyHVPalBt/dm3Ll9HmzOHN19jTNqX4Oy4ZTKXYqeedfITntfXji66QgWs0ZzMTrwYB+a8MXi9vch8c8rMkNrSwdFpSeucglrWOBWb1TVvg6rdStWKaBcHKVfSKTL0Hy0zT9x1BrA5b9fz1qCvFU=&u=U2FsdGVkX1+Lkd/GO8CFsrJ3sWGxKPbnXhdho0A/zM4=&y=U2FsdGVkX18b4+fYTlJP3JcSSLNq14i/0brATPyPHtA= HTTP/1.1" 200 912
186.102.84.201 - - [13/Sep/2023:13:40:24 -0500] "GET /kwssiamovil/sm/acme/s?s=U2FsdGVkX1+9/0goFW7tK4mJ7TZouQL3JUB8hW9zA2cp+/f5ezqawYtNs9S891EWikBo6McSiFp299yCvbc0pUJ8z9Jdan4P6iDFqzzwbhkUtDG0b3omqwpejuVgjshIateJA5fUWZne9fA3fXw7YQ==&u=U2FsdGVkX1+Lkd/GO8CFsrJ3sWGxKPbnXhdho0A/zM4=&y=U2FsdGVkX18b4+fYTlJP3JcSSLNq14i/0brATPyPHtA= HTTP/1.1" 200 92
186.102.84.201 - - [13/Sep/2023:13:40:24 -0500] "GET /kwssiamovil/sm/acme/s?s=U2FsdGVkX182wWtpKw43fakGRi8N6EAuaNJVTiLSh+pqf4HJBMqnYcmCcJblPTn8SCuqLtabT5Bh7cd75gJ3mIUtfE6N31tELOUamNvls2ndyqpN3Ayj2+TDPo458nBmfwMNkJaxz2QYbJlbhfucAn44AQNKVZoBC4ss3c3m65d4b0d2+4LTjLBMnu9IJzoGlWTJxBSIpistUlfvD1M8n2vepG7al8nG06AwjR3xoRa9jQTfwjZ1PNgUgU6/mR42AB7Ye1UjI7MMueD6NisQZW1F76tteg4VJDqhOlXBdbtsOabhab6SlY000rcIceyYxmxGDMMkQbetCOsfU7Ub3YnbJhn1rQPYPVf+rfnDdaGsIZ7nNkoJ5rkCvCYV2q7Oc7j4HAxrf6SALT19Ci78bRdoHItZpMFo0E398LemGyVcd7/zuk5KJqUTWTRYpbE8nvM1f7XwKrE2Wqumvk4lOhsfzUOw9CyAtia7TjmbNEvOVsALhp6goNWp8PPpCk2y0OdfENV3WmiLHHqBV2yuV679wiZyISW2vI4x04JrpHPuHcoUh7mc1iQRN1hzoNNA3qygJRyL8YAQ+21kWelNh+Q439kHNDPASohLrhT4KxWODy+YZ/4pZm3zJ+sdc4/ZeCVegdtZ55dZuR/xoRWn0SOeSW4GNfXchjji2/ZJmX0J7/mmrIjFy8nbnTIRVJtmSGlceWAYT5iJLW/Vvjpfu3GsTQFOeKZO8ZVkuYgmYJ4brp6vycu7xjzx9nUiM9xH&u=U2FsdGVkX1+Lkd/GO8CFsrJ3sWGxKPbnXhdho0A/zM4=&y=U2FsdGVkX18b4+fYTlJP3JcSSLNq14i/0brATPyPHtA= HTTP/1.1" 200 1095
186.102.84.201 - - [13/Sep/2023:13:40:24 -0500] "GET /kwssiamovil/sm/cjson/pre?f=17&x=U2FsdGVkX1/DDg/yz3c2mFYXMgAwS9renLURIsV7uHbF7mNxeMyDQmb0qokY3DCc HTTP/1.1" 200 12747
186.102.84.201 - - [13/Sep/2023:13:40:24 -0500] "GET /kwssiamovil/sm/cjson/pre?f=4&x=U2FsdGVkX1/DDg/yz3c2mFYXMgAwS9renLURIsV7uHbF7mNxeMyDQmb0qokY3DCc HTTP/1.1" 200 33589
186.102.84.201 - - [13/Sep/2023:13:40:24 -0500] "GET /kwssiamovil/sm/cjson/pre?f=6&x=U2FsdGVkX1/DDg/yz3c2mFYXMgAwS9renLURIsV7uHbF7mNxeMyDQmb0qokY3DCc HTTP/1.1" 200 34953
186.102.84.201 - - [13/Sep/2023:13:40:25 -0500] "GET /kwssiamovil/sm/cjson/pre?f=8&x=U2FsdGVkX1/DDg/yz3c2mFYXMgAwS9renLURIsV7uHbF7mNxeMyDQmb0qokY3DCc HTTP/1.1" 200 36010
186.102.84.201 - - [13/Sep/2023:13:40:24 -0500] "GET /kwssiamovil/sm/cjson/pre?f=3&x=U2FsdGVkX1/DDg/yz3c2mFYXMgAwS9renLURIsV7uHbF7mNxeMyDQmb0qokY3DCc HTTP/1.1" 200 94843
186.102.84.201 - - [13/Sep/2023:13:40:24 -0500] "GET /kwssiamovil/sm/cjson/pre?f=5&x=U2FsdGVkX1/DDg/yz3c2mFYXMgAwS9renLURIsV7uHbF7mNxeMyDQmb0qokY3DCc HTTP/1.1" 200 96431
186.102.84.201 - - [13/Sep/2023:13:40:24 -0500] "GET /kwssiamovil/sm/cjson/pre?f=7&x=U2FsdGVkX1/DDg/yz3c2mFYXMgAwS9renLURIsV7uHbF7mNxeMyDQmb0qokY3DCc HTTP/1.1" 200 93332
186.29.169.64 - - [13/Sep/2023:13:40:35 -0500] "GET /avanza-consolidacion-del-conector-ecosistemico-media-luna-del-sur.html HTTP/1.1" 200 712
172.22.2.4 - - [13/Sep/2023:13:39:11 -0500] "HEAD /BLA/boletinlegal/ HTTP/1.1" 200 -
216.244.66.195 - - [13/Sep/2023:13:40:59 -0500] "GET /BLA/resoluciones/RESOLUCIONES%202017/2059.pdf HTTP/1.1" 200 317638
172.22.2.4 - - [13/Sep/2023:13:40:02 -0500] "GET /BLA/boletinlegal/ HTTP/1.1" 200 58187
216.244.66.195 - - [13/Sep/2023:13:41:51 -0500] "GET /BLA/resoluciones/RESOLUCIONES%202017/2492.pdf HTTP/1.1" 200 278742
216.244.66.195 - - [13/Sep/2023:13:42:30 -0500] "GET /BLA/resoluciones/RESOLUCIONES%202017/3717.pdf HTTP/1.1" 200 278038
201.245.192.253 - - [13/Sep/2023:13:42:38 -0500] "POST /kwsrmcab/Wsrmcab  HTTP/1.1" 200 42865
216.244.66.195 - - [13/Sep/2023:13:43:15 -0500] "GET /BLA/resoluciones/RESOLUCIONES%202019/2115.pdf HTTP/1.1" 200 282572
179.1.200.91 - - [13/Sep/2023:13:43:35 -0500] "GET /BLA/resoluciones/dlf/styles.css HTTP/1.1" 200 3049
179.1.200.91 - - [13/Sep/2023:13:43:35 -0500] "GET /BLA/resoluciones/index.php?dir=AUTOS+2021%2F HTTP/1.1" 200 398544
172.22.2.4 - - [13/Sep/2023:13:43:37 -0500] "GET /BLA/boletinlegal/actos.php HTTP/1.1" 200 9682
172.22.2.4 - - [13/Sep/2023:13:43:38 -0500] "GET /BLA/boletinlegal/favicon.ico HTTP/1.1" 404 1326
172.22.2.4 - - [13/Sep/2023:13:43:49 -0500] "GET /BLA/boletinlegal/consulta_actos.php?tipo=autos&no=5190&usuario=&sector=&fecha=2023&resuelve= HTTP/1.1" 200 626
216.244.66.195 - - [13/Sep/2023:13:43:56 -0500] "GET /BLA/resoluciones/RESOLUCIONES%202019/2130.pdf HTTP/1.1" 200 289588
172.22.2.4 - - [13/Sep/2023:13:43:36 -0500] "GET /BLA/boletinlegal/ HTTP/1.1" 200 24523
216.245.221.92 - - [13/Sep/2023:13:44:30 -0500] "HEAD / HTTP/1.1" 200 -
216.244.66.195 - - [13/Sep/2023:13:44:38 -0500] "GET /BLA/resoluciones/RESOLUCIONES%202019/2550.pdf HTTP/1.1" 200 287984
216.244.66.195 - - [13/Sep/2023:13:45:12 -0500] "GET /BLA/resoluciones/RESOLUCIONES%202019/2709.pdf HTTP/1.1" 200 467698
216.244.66.195 - - [13/Sep/2023:13:46:02 -0500] "GET /BLA/resoluciones/RESOLUCIONES%202019/2740.pdf HTTP/1.1" 200 702744
172.22.2.4 - - [13/Sep/2023:13:45:01 -0500] "HEAD /BLA/boletinlegal/ HTTP/1.1" 200 -
216.244.66.195 - - [13/Sep/2023:13:46:55 -0500] "GET /BLA/resoluciones/RESOLUCIONES%202019/2747.pdf HTTP/1.1" 200 526238
172.22.2.4 - - [13/Sep/2023:13:45:52 -0500] "GET /BLA/boletinlegal/ HTTP/1.1" 200 60342
216.244.66.195 - - [13/Sep/2023:13:47:36 -0500] "GET /BLA/resoluciones/RESOLUCIONES%202019/2852.zip HTTP/1.1" 200 271509
201.245.192.253 - - [13/Sep/2023:13:47:37 -0500] "POST /kwsrmcab/Wsrmcab  HTTP/1.1" 200 42865
216.244.66.195 - - [13/Sep/2023:13:48:08 -0500] "GET /BLA/resoluciones/RESOLUCIONES%202019/3382.pdf HTTP/1.1" 200 315871
191.156.178.226 - - [13/Sep/2023:13:48:24 -0500] "GET /sipse/faces/index.xhtml HTTP/1.1" 200 677
191.156.178.226 - - [13/Sep/2023:13:48:24 -0500] "GET /sipse/faces/javax.faces.resource/theme.css?ln=primefaces-sipse HTTP/1.1" 304 -
191.156.178.226 - - [13/Sep/2023:13:48:24 -0500] "GET /sipse/faces/faces/autenticacion.xhtml HTTP/1.1" 200 12187
191.156.184.47 - - [13/Sep/2023:13:48:25 -0500] "GET /sipse/js/funciones.js HTTP/1.1" 200 12592
191.156.178.226 - - [13/Sep/2023:13:48:25 -0500] "GET /sipse/js/disable_browser_buttons.js HTTP/1.1" 200 3230
191.156.184.30 - - [13/Sep/2023:13:48:25 -0500] "GET /sipse/css/custom_css_sg.css HTTP/1.1" 200 9694
191.156.178.226 - - [13/Sep/2023:13:48:25 -0500] "GET /sipse/css/custom_css_sg_prime_login.css HTTP/1.1" 200 443
191.156.176.54 - - [13/Sep/2023:13:48:25 -0500] "GET /sipse/faces/javax.faces.resource/theme.css?ln=primefaces-sipse HTTP/1.1" 304 -
191.156.190.19 - - [13/Sep/2023:13:48:25 -0500] "GET /sipse/faces/javax.faces.resource/primefaces.css?ln=primefaces&v=4.0 HTTP/1.1" 304 -
191.156.184.47 - - [13/Sep/2023:13:48:25 -0500] "GET /sipse/faces/javax.faces.resource/layout/layout.css?ln=primefaces&v=4.0 HTTP/1.1" 304 -
191.156.178.226 - - [13/Sep/2023:13:48:25 -0500] "GET /sipse/faces/javax.faces.resource/layout/layout.js?ln=primefaces&v=4.0 HTTP/1.1" 304 -
191.156.190.19 - - [13/Sep/2023:13:48:25 -0500] "GET /sipse/faces/javax.faces.resource/jquery/jquery-plugins.js?ln=primefaces&v=4.0 HTTP/1.1" 200 220526
191.156.176.54 - - [13/Sep/2023:13:48:25 -0500] "GET /sipse/faces/javax.faces.resource/jquery/jquery.js?ln=primefaces&v=4.0 HTTP/1.1" 200 105384
191.156.181.214 - - [13/Sep/2023:13:48:25 -0500] "GET /sipse/faces/javax.faces.resource/primefaces.js?ln=primefaces&v=4.0 HTTP/1.1" 200 276924
191.156.190.19 - - [13/Sep/2023:13:48:35 -0500] "GET /sipse/faces/javax.faces.resource/images/ui-icons_898989_256x240.png?ln=primefaces-aristo HTTP/1.1" 304 -
191.156.176.54 - - [13/Sep/2023:13:48:35 -0500] "GET /sipse/css/imagen/loginimg.png HTTP/1.1" 200 71635
191.156.181.214 - - [13/Sep/2023:13:48:35 -0500] "GET /sipse/css/imagen/logoSDG.png HTTP/1.1" 200 53064
191.156.176.54 - - [13/Sep/2023:13:48:39 -0500] "POST /sipse/faces/autenticacion.xhtml HTTP/1.1" 200 16783
191.156.176.54 - - [13/Sep/2023:13:48:39 -0500] "GET /sipse/css/custom_css_sg_prime.css HTTP/1.1" 200 5201
191.156.190.19 - - [13/Sep/2023:13:48:39 -0500] "GET /sipse/js/jquery.min.js HTTP/1.1" 200 85582
191.156.190.19 - - [13/Sep/2023:13:48:40 -0500] "GET /sipse/faces/javax.faces.resource/jquery/jquery.js?ln=primefaces&v=4.0 HTTP/1.1" 304 -
216.244.66.195 - - [13/Sep/2023:13:48:40 -0500] "GET /BLA/resoluciones/RESOLUCIONES%202019/3446.pdf HTTP/1.1" 200 301853
191.156.190.19 - - [13/Sep/2023:13:48:40 -0500] "GET /sipse/faces/javax.faces.resource/jquery/jquery-plugins.js?ln=primefaces&v=4.0 HTTP/1.1" 304 -
191.156.190.19 - - [13/Sep/2023:13:48:40 -0500] "GET /sipse/faces/javax.faces.resource/primefaces.js?ln=primefaces&v=4.0 HTTP/1.1" 304 -
191.156.181.214 - - [13/Sep/2023:13:48:41 -0500] "GET /sipse/faces/javax.faces.resource/layout/layout.js?ln=primefaces&v=4.0 HTTP/1.1" 304 -
191.156.181.214 - - [13/Sep/2023:13:48:41 -0500] "GET /sipse/css/v_mergente.css HTTP/1.1" 200 1505
191.156.184.30 - - [13/Sep/2023:13:48:41 -0500] "GET /sipse/faces/javax.faces.resource/messages/messages.png?ln=primefaces&v=4.0 HTTP/1.1" 304 -
191.156.176.54 - - [13/Sep/2023:13:48:41 -0500] "GET /sipse/imagenes/cargando.gif HTTP/1.1" 200 36959
191.156.184.30 - - [13/Sep/2023:13:48:41 -0500] "GET /sipse/css/imagen/contrasena.png HTTP/1.1" 404 383
191.156.190.19 - - [13/Sep/2023:13:48:41 -0500] "GET /sipse/imagenes/logoAplicacion.jpg HTTP/1.1" 200 155084
191.156.184.30 - - [13/Sep/2023:13:48:48 -0500] "GET /sipse/faces/javax.faces.resource/images/ui-bg_flat_0_2d5972_40x100.png?ln=primefaces-aristo HTTP/1.1" 304 -
191.156.190.19 - - [13/Sep/2023:13:48:48 -0500] "POST /sipse/faces/bienvenido.xhtml HTTP/1.1" 200 2658
191.156.190.19 - - [13/Sep/2023:13:48:49 -0500] "POST /sipse/faces/bienvenido.xhtml HTTP/1.1" 200 36082
191.156.190.19 - - [13/Sep/2023:13:48:49 -0500] "GET /sipse/faces/javax.faces.resource/theme.css?ln=primefaces-sipse HTTP/1.1" 304 -
191.156.184.30 - - [13/Sep/2023:13:48:49 -0500] "GET /sipse/faces/javax.faces.resource/primefaces.css?ln=primefaces&v=4.0 HTTP/1.1" 304 -
191.156.176.54 - - [13/Sep/2023:13:48:49 -0500] "GET /sipse/faces/javax.faces.resource/layout/layout.css?ln=primefaces&v=4.0 HTTP/1.1" 304 -
191.156.176.54 - - [13/Sep/2023:13:48:49 -0500] "GET /sipse/faces/javax.faces.resource/jquery/jquery.js?ln=primefaces&v=4.0 HTTP/1.1" 304 -
191.156.176.54 - - [13/Sep/2023:13:48:49 -0500] "GET /sipse/faces/javax.faces.resource/jquery/jquery-plugins.js?ln=primefaces&v=4.0 HTTP/1.1" 304 -
191.156.176.54 - - [13/Sep/2023:13:48:49 -0500] "GET /sipse/faces/javax.faces.resource/primefaces.js?ln=primefaces&v=4.0 HTTP/1.1" 304 -
191.156.176.54 - - [13/Sep/2023:13:48:49 -0500] "GET /sipse/faces/javax.faces.resource/layout/layout.js?ln=primefaces&v=4.0 HTTP/1.1" 304 -
191.156.176.54 - - [13/Sep/2023:13:48:50 -0500] "POST /sipse/faces/presentacion/financiero/solicitudProceso/listarSolicitudProceso.xhtml HTTP/1.1" 200 1404
191.156.176.54 - - [13/Sep/2023:13:48:57 -0500] "POST /sipse/faces/presentacion/financiero/solicitudProceso/listarSolicitudProceso.xhtml HTTP/1.1" 200 121251
191.156.184.30 - - [13/Sep/2023:13:48:58 -0500] "GET /sipse/faces/javax.faces.resource/primefaces.css?ln=primefaces&v=4.0 HTTP/1.1" 304 -
191.156.176.54 - - [13/Sep/2023:13:48:58 -0500] "GET /sipse/faces/javax.faces.resource/theme.css?ln=primefaces-sipse HTTP/1.1" 304 -
191.156.190.19 - - [13/Sep/2023:13:48:58 -0500] "GET /sipse/faces/javax.faces.resource/layout/layout.css?ln=primefaces&v=4.0 HTTP/1.1" 304 -
191.156.190.19 - - [13/Sep/2023:13:48:58 -0500] "GET /sipse/faces/javax.faces.resource/jquery/jquery.js?ln=primefaces&v=4.0 HTTP/1.1" 304 -
191.156.190.19 - - [13/Sep/2023:13:48:58 -0500] "GET /sipse/faces/javax.faces.resource/jquery/jquery-plugins.js?ln=primefaces&v=4.0 HTTP/1.1" 304 -
191.156.190.19 - - [13/Sep/2023:13:48:58 -0500] "GET /sipse/faces/javax.faces.resource/primefaces.js?ln=primefaces&v=4.0 HTTP/1.1" 304 -
191.156.190.19 - - [13/Sep/2023:13:48:58 -0500] "GET /sipse/faces/javax.faces.resource/layout/layout.js?ln=primefaces&v=4.0 HTTP/1.1" 304 -
186.102.32.74 - - [13/Sep/2023:13:48:59 -0500] "GET /kwssiamovil/sm/ldap/au?x=U2FsdGVkX1+Vqghbyszxq+2jbWlm/5jJmog4nQzZ+TwIMi1f8TuoWYcD7FU1koZc&y=U2FsdGVkX1+AGmi/OarkUNF/uFTLanajtILV+mkTYbY= HTTP/1.1" 200 30
186.102.32.74 - - [13/Sep/2023:13:48:59 -0500] "GET /kwssiamovil/sm/acme/s?s=U2FsdGVkX1/VaXi0J7o9CamiMa/LLtmg0+Y78ejz+34Tge3BkqM82nGH05HC+ezC0RxzxneNO7sp18ecHWU05MXNTLQp0k+zWVwm8GJLB2Y=&u=U2FsdGVkX18Qwz3dj+cUYLc6jzNteWFnsP7tS6311TY=&y=U2FsdGVkX1+AGmi/OarkUNF/uFTLanajtILV+mkTYbY= HTTP/1.1" 200 97
186.102.32.74 - - [13/Sep/2023:13:48:59 -0500] "GET /kwssiamovil/sm/acme/s?s=U2FsdGVkX1+Urh5nb4irKOU5GbRG8oGaDAsw0xxIknEahE/aklg7PvUKlqj0O46LESWTseoGqLTqEgTdIBdUtZOkGRQP0iRCvYHY4Lm50L9JROUpdl+5DXwIGvw1zBwAcfhgX6GC9mnSADesA7rbq2e8NeaP/OFEpU2MbaXomTOK6el+dBr64A2Y4AxjQWlZkWceecwS4z0gorKAJKMVa5VxIs+ykkOv+YsG5WuuQ9aphtdHPhuvo5BHICa+h86BZETclFDs/ygQUqWuVE/fMhctIZLGqMrlXxN7KXcWePdyR+CQjChAMeR7B9eVUPP0FSj/3skUFFyHym6bhyMk+abMlySZAzHtI8VS24HknUI3jl48OHYixREbPefdLO+JvsrakB1HERnlBGfv8le8Tb9s8TskTUJEsEMvtQI3A8CoAw62gZ4Se9Xi00Olz71a+LcKzqpiPHRaoZ9hygz1ydP77AQ381IeWKmOOrHQ/1U2FU7lUs4CgZQud9sgaNGyE1XcmJLdWDni2cJKDu0h3vA8zawCZaS8ApaRovNH8jr23zwSANMU5hS4LKVPJZKLN3RFFBbs7IFn+yglWp9G85TDg52HYK9mFYNlJIWeZVRGRcp4HuNR+xoNXi5npuK8qHx1GJV6msPgl86TcA1OSU/InYlv0DB9ohFX277qB72G0deddmpTvQT2mWFhB753LYMGM6ePjvBR28PzK/QbdoNUoXfiYKZjH+8lNQsDdxsAF5ZEidRf5tJ98bt+/1fcwQxTJRAItVc36Qnx3Ni88t0ex6QOUpyQJa/DCp7zAPIKje1HC3LDhRpFMKa3ed6fh3ivcbfUI1zq+mcb4VQZiP1TUyzNnIaF4yeV6GXvoeisjL7Ofwi7r4XhuG94a0nkiPxFg8mjHG+P1lKtBemTXDOY/G+tBZtaVxhY5bWk2OVYnoRvucig7/tas5/2FSXNk69MSWN73XGsKttlYrFXIYxySAYF97vlq3jWujlQsbfvf2AWDbAvLjbEiYa/SSa7b+hBsPqZZKwk394NiDtoLfzYBgtlMgKtsF2vs6qVPr5xnDeecqyjBG+SO7Ewkfe2CCqtlMlGV5z3P84+GK9wpAJgIvn6P5Wg8c2LRQY92T4CdJ6KBj7WPDp//YRcSfA/IPy3ziDnsT+Jl0X3hIiW10pluJavpwlVtKZ26kiCXoVxURNIZ0LSfD/84ID70gIWARG9RenzJLvEu2F0uGWUMbQQQglvbggYDJpKJ0rczi1NF/BEWm/5FJu8YOkd4a2KA9LyA4DLKVzgUrS1stJxBYlwKKIezNjX1ZOWSiz38ORmEeuEsNU6pNmIZuEgx/owypgVoNjyh9vMcPAyyG4frVCgHyrWA1w/hlFJyVIoLRY9ZcD/IyrnnvmIGf4do1h5uY0m7pAJb6u4wOuBHyjM3c+zCyKYPhJXOq8JZaGksQDDoxhYo5fIE3yscKwJXQITUMlbbCad4WRaP6/IKqFaReIsTjsVPcI7XeY3YUv2f7bu95hjwxptHXNolJIutwG/zUvTbZqRjhMWLfAk7Jq2IrcCZ8y+HdqTj2g8ZBUYAMpx4yuh1M/sVGRI6i84/M7rgJd6EyHx9sQisfIVW9nxGwzy1hHxKZenSws648ZfbCxkfwGz6/2sxqwEA8YlAnXqPZWYiteYg1hYeDlmhB7VIwv9WBIMoBZhtKdee+ztz0e2F9e7xqZ9sGP0jiiBRtTUP4rxKH3nD6Asb9zAo0+ZaaiuNu+zpaEFlMhh3fQGrOU=&u=U2FsdGVkX18Qwz3dj+cUYLc6jzNteWFnsP7tS6311TY=&y=U2FsdGVkX1+AGmi/OarkUNF/uFTLanajtILV+mkTYbY= HTTP/1.1" 200 3369
186.102.32.74 - - [13/Sep/2023:13:48:59 -0500] "GET /kwssiamovil/sm/acme/s?s=U2FsdGVkX196mxGCKCnCusA+ubGudzTVRrTcw6OBcEjjFDXnXqm5zIGvQiTQrUN+SEGHQRGLxP+67Gly1j7BWk5vI48cfXNxhyYn1z8dr9+emzJVTAStg253tnQWZ6BRlSD2MsXlLHSu9SsYav2zePlR7MZEr1duH7ECnj/+mddCD4+wnOKJW9uk7gd0HbEYQ0pB1QkmhOTLM62gpJy8XB2rlwq+57OdVDDjj6hUa54Lz3UoYN+wPu5UTIXJU5tQQSF+n4sUF3lB/YUcgtoatDWFMxD5bbqMtPalTvrhw0CXjof1bttibmhU34yFjzDYCslWp/FdraCMNcKMotuaiY3c5RoDEXeSUqWFzxNGLau6N5Umf1aWyCbarJGPh01Hqt9sdOYiWoK5jy2UO62Gu7aUvRiNxpsYCmmdENh3vPxaObKsoJK/1PI6y4OAXc/ADMGZd8h/HWPRym69crt36H2KFb0z98l4iXKn1bjDh5IhrAyuLTuT9VqotMvwk99gUF+37urzRqvwNwGbMDB6qCYr8uGfXlGsWhFnfxDIEdCLI4uHry4C7T+bJPz6p7Hl/Y6tRA6Ew5Jyfj32Doxzvlx8jzXb+0pwkIC/vJtDNFgcUOtzaVUtB1hKr4apLv1iH3I+0GfYEsZtHzU9TJsrG8hnDMRZzPp4KyjruwLfyzwLtAPuYS82zBqhaPfxBZl9wB+Xlh5KGp6Ek3pgW0/rsA1DiuQnUwCcRLekEBaIrNAAz42mGDC+j1WFI+jETqTz&u=U2FsdGVkX18Qwz3dj+cUYLc6jzNteWFnsP7tS6311TY=&y=U2FsdGVkX1+AGmi/OarkUNF/uFTLanajtILV+mkTYbY= HTTP/1.1" 200 208
186.102.32.74 - - [13/Sep/2023:13:48:59 -0500] "GET /kwssiamovil/sm/cjson/pre?f=1&x=U2FsdGVkX1+Vqghbyszxq+2jbWlm/5jJmog4nQzZ+TwIMi1f8TuoWYcD7FU1koZc HTTP/1.1" 200 31032
191.156.190.19 - - [13/Sep/2023:13:49:06 -0500] "POST /sipse/faces/presentacion/financiero/solicitudProceso/consultarSolicitudProceso.xhtml HTTP/1.1" 200 33525
216.244.66.195 - - [13/Sep/2023:13:49:09 -0500] "GET /BLA/resoluciones/AUTOS%202012/3052.pdf HTTP/1.1" 200 269093
191.156.190.19 - - [13/Sep/2023:13:49:09 -0500] "GET /sipse/faces/javax.faces.resource/theme.css?ln=primefaces-sipse HTTP/1.1" 304 -
191.156.176.54 - - [13/Sep/2023:13:49:09 -0500] "GET /sipse/faces/javax.faces.resource/primefaces.css?ln=primefaces&v=4.0 HTTP/1.1" 304 -
191.156.184.30 - - [13/Sep/2023:13:49:09 -0500] "GET /sipse/faces/javax.faces.resource/layout/layout.css?ln=primefaces&v=4.0 HTTP/1.1" 304 -
191.156.184.30 - - [13/Sep/2023:13:49:09 -0500] "GET /sipse/faces/javax.faces.resource/jquery/jquery.js?ln=primefaces&v=4.0 HTTP/1.1" 304 -
191.156.184.30 - - [13/Sep/2023:13:49:09 -0500] "GET /sipse/faces/javax.faces.resource/jquery/jquery-plugins.js?ln=primefaces&v=4.0 HTTP/1.1" 304 -
191.156.184.30 - - [13/Sep/2023:13:49:09 -0500] "GET /sipse/faces/javax.faces.resource/primefaces.js?ln=primefaces&v=4.0 HTTP/1.1" 304 -
191.156.184.30 - - [13/Sep/2023:13:49:09 -0500] "GET /sipse/faces/javax.faces.resource/layout/layout.js?ln=primefaces&v=4.0 HTTP/1.1" 304 -
191.156.184.30 - - [13/Sep/2023:13:49:09 -0500] "POST /sipse/faces/presentacion/financiero/solicitudProceso/listarSolicitudProceso.xhtml HTTP/1.1" 200 1376
181.59.2.38 - - [13/Sep/2023:13:49:22 -0500] "GET /kwssiamovil/sm/acme/a?s=U2FsdGVkX194fw3KRXvrixxSzu4pe+qIw/sY3R1OyMgZsD3hQlOBWURZAHM+REMNhbVCFP7w/pROexUQRi/FiVLEMun750A6MT09FTzEhFekJGXQ96YT58OBRZpbx9chbLMSjMnExIeNilXWdBo0jfa3pDGMjSeafVmmZB60Y3p1BlJNgdJcd+NjSJrvUNGVrBoLoRHCwsKUXrOAUbH9Sepm08aJMVdqnuNj/9hIRpmSj3PJ6LoUfClDvcq5z5pKRgeWS2JR79tbsdDrMCF/Fg==&u=U2FsdGVkX19EUntzve3EztOQcQyIu28+jUCeQ8xYxKYnnwK949sT3VmvdoeiNyyZ&y=U2FsdGVkX1+sjE9/zIS2B3NxAmy7zjNTs9BTM5dOKXXgu7daTGPWG8BqrSw69BB3 HTTP/1.1" 200 26
181.59.2.38 - - [13/Sep/2023:13:49:22 -0500] "GET /kwssiamovil/sm/acme/a?s=U2FsdGVkX198NbMljSjXdp45LYMtBxF+a6RQ1gSALe3240FBklEZas+EQ1XrRITiquf3A86bkAB7P9OYfRmQq4sfflO7C9qr2cFACM5XHSNhdxrrfXH8xajYqgiulXVKp5N7ofamWA/dqFJkJQTbo6jzVFs8TJ5YDxZpTm0uvt7yE89eQg+mdeJH2Vbkuc7PlMTjC3AX6iGg7ihjMjpDBkwKQnmxc9ep0/7DK/2ZKk5U/JasYpCHJuS4/iCBsO0TXGqyQVFhmnFkEsr8n7JH1Lk7fqhBpK9pgYD/sj7VzbUkK/aupJpFO/9cBV6Y112auwwQ5OEozeaK5v1LcIfhHXajqr8KNa0jynRFSdmprMqZpXu+41VWeqZaPe4MYW8D58oiLjkiLOAGfOfV8g3RJvkwQz2vN3h2BZpn56U9oELOV2AvExkcLopz0FcmUxB4tObMMFuqkmTyxjIpEz63DkL/18lENoI3UOTFdtWcHpLTfzcgTQNULYoB7JdsxFN2c3OsJ9KkidSmmIQy82zPwLT/vAr4j9BWMURQikACvkyI603jvBpAe2DdPoocWXaZsezKG6AwYoVS2m3IgLSRHyL1w0fNyBJN+lFlN1xJyS2/GHvKVqFR5QgkLaW8VQWM9lfwQE5WCj7Ai61Wjcl5/YCADCJ7OMetN2HMzbSjKwycvLPHGqzzYBC1GS71rNYeUbdMEpNEbqcDuQLHQ5xmIrfvUiMMKggvBCDSvsoy6elNyA1bmQfbMuj14WA7xc1j9AaeWhgbAweSR+gFg/r8ycRLZ7HLZR4QQjzvny5y5iO0j8y2pgQPAcwLyuVdRdjzwigCrREFVDjArjGVPYJr0/sfmQjaGF3oEvU42YPLUDZKUnpP1FDZGXy0B2w1fCrOzbJwEWsQvd5ljJt93Ppcp6tKwzkHQLEmwjleclTxzfwgOZY45Hmf7fbL0SfoQTOHnh0FMYIBicXw5txDpRbA+e2k+vG/3kpimGWvXrgq7V4RnRrgMRUFEKhbU8UeF+KC/MkeVY7PzfeX0X9SbusiA5rp4//pKIVChzV5iLTjiM3I63dxeeV2ZXBeyI5ke79hjyYNoLk0kRzK7eI1VJaRrv4coAfysBhDQBx9HR/Cxt9QneNcb4FpEH5JvmmCGFk0piTsw9knP0OJzvE1iZQs4jyMyKVpBGZoOqWnPMD8jNZQaPeC8py5JmEHPD8xWZRyetYGU5zvw+jbv5lLtomzb/Bfl6wMAWbxy+myipsOK0Ll6NIR27e9NVjT//9KXCLlbmm0ObDTzkeFgV6nXK4theDxDKJg7gqKmcU5Pm16smHkp3+h5gd1XUI9xt96UWuh1MmQBaO3APPhVnFpnRVfeg5zeO95+YglIAyxCgQOgjjEsb8R6IV7srO9OuDbz0k+rMpE2H6OzMGW6gJ5sKkMF3tCzrJTdZuazyeZ70mzFeZ8u1eMIt8H0RpgyBlgSwuTUjXZBVMtHxgVDpWTqICGXqLlltJq+tnnVhaqSLAjcjUjaBiwz9jKpeE9BXdbvoYAUcg5AZBOQykg4v3bOguIi0qRRRDz4rzUcs7MNNvmsHppOQZC0JGXmKZatjfrep6lKT2euq5smBP6v9BwBsajoEmwulYxaMls3tuqVMjOJfHLSbrABk44M/MOn0skhOvcCfCBfWsisFexwkyyJB/Mr5q/IpfV+VV2mt3HB/3+hUNdCdt/+Ne3snux17K5a3pC1jkSMqqOHvj4fRkDFmn8IH1SFhgvjg120hWrbsWxAPFMBE5WdGdNcWW+4mFbLRVe&u=U2FsdGVkX19EUntzve3EztOQcQyIu28+jUCeQ8xYxKYnnwK949sT3VmvdoeiNyyZ&y=U2FsdGVkX1+sjE9/zIS2B3NxAmy7zjNTs9BTM5dOKXXgu7daTGPWG8BqrSw69BB3 HTTP/1.1" 200 26
181.59.2.38 - - [13/Sep/2023:13:49:23 -0500] "GET /kwssiamovil/sm/acme/a?s=U2FsdGVkX1+Fdg7mvvEiPw+YDmt3BlgQW7s/mAKAbjyvDRU3jjqmB7GSI1+XgaOiZ2uDUGAA0QJ43Le5Z3SgAeF5TT/wzGwzxtgHDVvxxxGLsgZk/tm0fD+3cq1yVgMW7Ftftyz8bj7QbqLtgUSowIwno00UGGf4eO6h+vpnS+Y=&u=U2FsdGVkX19EUntzve3EztOQcQyIu28+jUCeQ8xYxKYnnwK949sT3VmvdoeiNyyZ&y=U2FsdGVkX1+sjE9/zIS2B3NxAmy7zjNTs9BTM5dOKXXgu7daTGPWG8BqrSw69BB3 HTTP/1.1" 200 26
181.59.2.38 - - [13/Sep/2023:13:49:23 -0500] "GET /kwssiamovil/sm/acme/a?s=U2FsdGVkX1+De8QgpVAJmNXswvJYH3MrpN4MRqgf5AY1rK1UbiYVjbjyru7T4pEAr645sD4dtRRXzHrfxlwmN0iHFa6rxyednX/1HHfgrV3HbhdXF80T+VU/8eWSLglaANjCtSQLrR4jaspCORmYFxkAlPPxaYKAZsUR/FgPF0k=&u=U2FsdGVkX19EUntzve3EztOQcQyIu28+jUCeQ8xYxKYnnwK949sT3VmvdoeiNyyZ&y=U2FsdGVkX1+sjE9/zIS2B3NxAmy7zjNTs9BTM5dOKXXgu7daTGPWG8BqrSw69BB3 HTTP/1.1" 200 26
181.59.2.38 - - [13/Sep/2023:13:49:23 -0500] "GET /kwssiamovil/sm/acme/a?s=U2FsdGVkX19QlTiqN5CA/tVTaunRCWxdk62DHv8G3XSGnle8XQ9LzHPlG1U0w+W9YIvYHP90RrhRKvOb+btD9ggDX6nxfMeYnH0R1eLM0RzdKKmOgJOWC0NMa3O5Ntp3CCX/MCyJXXsH1t2Lr4HaOQjQqukQZn07klq7UQwEU3c=&u=U2FsdGVkX19EUntzve3EztOQcQyIu28+jUCeQ8xYxKYnnwK949sT3VmvdoeiNyyZ&y=U2FsdGVkX1+sjE9/zIS2B3NxAmy7zjNTs9BTM5dOKXXgu7daTGPWG8BqrSw69BB3 HTTP/1.1" 200 26
181.59.2.38 - - [13/Sep/2023:13:49:23 -0500] "GET /kwssiamovil/sm/acme/a?s=U2FsdGVkX183dGmSZunc+JpdX7AWqGW/aEWH8mFyWovpTQXbjpMCgZFlVHOW4bzTxmPfzFZZe5wxnSCDw5lQplQbvFvOIFWA5PJQpNgLk5Pn/ukg5DiaW4+79aoGcbcAGJn9vaJgxqHiXDt7lhGXwX4C78ABB+/cA90DxY6N4Fbu6aGElDXyVpQ641NLdrTMDzxjGV//Y50yPuSDr04kXQ==&u=U2FsdGVkX19EUntzve3EztOQcQyIu28+jUCeQ8xYxKYnnwK949sT3VmvdoeiNyyZ&y=U2FsdGVkX1+sjE9/zIS2B3NxAmy7zjNTs9BTM5dOKXXgu7daTGPWG8BqrSw69BB3 HTTP/1.1" 200 26
216.245.221.92 - - [13/Sep/2023:13:49:30 -0500] "HEAD / HTTP/1.1" 200 -
216.244.66.195 - - [13/Sep/2023:13:49:36 -0500] "GET /BLA/resoluciones/AUTOS%202019/0991.pdf HTTP/1.1" 200 267883
216.244.66.195 - - [13/Sep/2023:13:50:02 -0500] "GET /BLA/resoluciones/AUTOS%202019/1985.pdf HTTP/1.1" 200 315339
40.77.167.30 - - [13/Sep/2023:13:50:19 -0500] "GET /portaldeninos/ HTTP/1.1" 200 110175
216.244.66.195 - - [13/Sep/2023:13:50:28 -0500] "GET /BLA/resoluciones/AUTOS%202019/1998.pdf HTTP/1.1" 200 327577
216.244.66.195 - - [13/Sep/2023:13:50:53 -0500] "GET /BLA/resoluciones/AUTOS%202019/2241.pdf HTTP/1.1" 200 269686
216.244.66.195 - - [13/Sep/2023:13:51:16 -0500] "GET /BLA/resoluciones/AUTOS%202019/2440.pdf HTTP/1.1" 200 259288
180.102.134.69 - - [13/Sep/2023:13:52:03 -0500] "GET /portaldeninos/ HTTP/1.1" 200 110179
172.22.2.4 - - [13/Sep/2023:13:50:51 -0500] "HEAD /BLA/boletinlegal/ HTTP/1.1" 200 -
201.245.192.253 - - [13/Sep/2023:13:52:37 -0500] "POST /kwsrmcab/Wsrmcab  HTTP/1.1" 200 42865
172.22.2.4 - - [13/Sep/2023:13:51:42 -0500] "GET /BLA/boletinlegal/ HTTP/1.1" 200 60692
216.245.221.92 - - [13/Sep/2023:13:54:30 -0500] "HEAD / HTTP/1.1" 200 -
216.244.66.195 - - [13/Sep/2023:13:56:16 -0500] "GET /robots.txt HTTP/1.1" 404 1018
172.22.2.4 - - [13/Sep/2023:13:56:44 -0500] "GET /BLA/boletinlegal/actos.php HTTP/1.1" 200 9682
172.22.2.4 - - [13/Sep/2023:13:56:45 -0500] "GET /BLA/boletinlegal/js/jquery1.js HTTP/1.1" 200 29846
172.22.2.4 - - [13/Sep/2023:13:56:45 -0500] "GET /BLA/boletinlegal/images/cabezote%20BLEGAL.jpg HTTP/1.1" 200 118164
172.22.2.4 - - [13/Sep/2023:13:56:45 -0500] "GET /BLA/boletinlegal/images/subscribe-icon-big.png HTTP/1.1" 200 47702
172.22.2.4 - - [13/Sep/2023:13:56:45 -0500] "GET /BLA/boletinlegal/images/registro-usuarios.png HTTP/1.1" 200 8106
172.22.2.4 - - [13/Sep/2023:13:56:45 -0500] "GET /BLA/boletinlegal/images/historia.png HTTP/1.1" 200 52775
172.22.2.4 - - [13/Sep/2023:13:56:45 -0500] "GET /BLA/boletinlegal/images/green-yellow-blue-pink-th.png HTTP/1.1" 200 7394
172.22.2.4 - - [13/Sep/2023:13:56:46 -0500] "GET /BLA/boletinlegal/images/body_bg.jpg HTTP/1.1" 200 1601
172.22.2.4 - - [13/Sep/2023:13:56:46 -0500] "GET /BLA/boletinlegal/images/footer_bg.jpg HTTP/1.1" 200 586
172.22.2.4 - - [13/Sep/2023:13:56:46 -0500] "GET /BLA/boletinlegal/images/menu_lft.gif HTTP/1.1" 200 1713
172.22.2.4 - - [13/Sep/2023:13:56:46 -0500] "GET /BLA/boletinlegal/images/menu_rght.gif HTTP/1.1" 200 1627
172.22.2.4 - - [13/Sep/2023:13:56:46 -0500] "GET /BLA/boletinlegal/images/bg_top.jpg HTTP/1.1" 200 522
172.22.2.4 - - [13/Sep/2023:13:56:46 -0500] "GET /BLA/boletinlegal/images/menu_bg.jpg HTTP/1.1" 200 620
172.22.2.4 - - [13/Sep/2023:13:56:46 -0500] "GET /BLA/boletinlegal/images/text.jpg HTTP/1.1" 200 568
172.22.2.4 - - [13/Sep/2023:13:56:46 -0500] "GET /BLA/boletinlegal/images/footer_bg_l.jpg HTTP/1.1" 200 776
172.22.2.4 - - [13/Sep/2023:13:56:46 -0500] "GET /BLA/boletinlegal/images/hover.jpg HTTP/1.1" 200 640
172.22.2.4 - - [13/Sep/2023:13:56:46 -0500] "GET /BLA/boletinlegal/images/tel.png HTTP/1.1" 200 14477
172.22.2.4 - - [13/Sep/2023:13:56:46 -0500] "GET /BLA/boletinlegal/images/icono-email.png HTTP/1.1" 200 5544
172.22.2.4 - - [13/Sep/2023:13:56:47 -0500] "GET /BLA/boletinlegal/img/0.png HTTP/1.1" 200 110
172.22.2.4 - - [13/Sep/2023:13:56:47 -0500] "GET /BLA/boletinlegal/img/select-left.png HTTP/1.1" 200 263
172.22.2.4 - - [13/Sep/2023:13:56:47 -0500] "GET /BLA/boletinlegal/img/select-right.png HTTP/1.1" 200 44019
172.22.2.4 - - [13/Sep/2023:13:56:47 -0500] "GET /BLA/boletinlegal/img/button.png HTTP/1.1" 200 43241
172.22.2.4 - - [13/Sep/2023:13:56:47 -0500] "GET /BLA/boletinlegal/img/button-left.png HTTP/1.1" 200 57071
172.22.2.4 - - [13/Sep/2023:13:56:47 -0500] "GET /BLA/boletinlegal/img/button-right.png HTTP/1.1" 200 57878
172.22.2.4 - - [13/Sep/2023:13:56:47 -0500] "GET /BLA/boletinlegal/favicon.ico HTTP/1.1" 404 1326
201.245.192.253 - - [13/Sep/2023:13:57:35 -0500] "POST /kwsrmcab/Wsrmcab  HTTP/1.1" 200 42865
181.59.2.38 - - [13/Sep/2023:13:58:04 -0500] "GET /kwssiamovil/sm/acme/u?s=U2FsdGVkX1/3N7Al/dX0yEWeyvTq+JrE3qcFmZL+NBWsDop7U5Ojxo44hcCqnFnIK1edAeatXe77IOxWEVWF5Ja20LDDOKVtioIiQX2g30DScG1/whW14KH1h3KtneXP6bwULyq8KrPaQ+MCvz+DnjFhBaEKRKuuMFKp6uWM5r8=&u=U2FsdGVkX19EUntzve3EztOQcQyIu28+jUCeQ8xYxKYnnwK949sT3VmvdoeiNyyZ&y=U2FsdGVkX1+sjE9/zIS2B3NxAmy7zjNTs9BTM5dOKXXgu7daTGPWG8BqrSw69BB3 HTTP/1.1" 200 60
172.22.2.4 - - [13/Sep/2023:13:56:41 -0500] "HEAD /BLA/boletinlegal/ HTTP/1.1" 200 -
172.22.2.4 - - [13/Sep/2023:13:57:32 -0500] "GET /BLA/boletinlegal/ HTTP/1.1" 200 58187
216.245.221.92 - - [13/Sep/2023:13:59:30 -0500] "HEAD / HTTP/1.1" 200 -
40.77.167.49 - - [13/Sep/2023:14:01:04 -0500] "GET /BLA/resoluciones/AUTOS%202023/1200.pdf HTTP/1.1" 200 419986
186.102.32.74 - - [13/Sep/2023:14:01:27 -0500] "OPTIONS /kwssiamovil/sm/setfile/f? HTTP/1.1" 200 13
186.102.32.74 - - [13/Sep/2023:14:01:27 -0500] "POST /kwssiamovil/sm/setfile/f? HTTP/1.1" 200 381
186.102.32.74 - - [13/Sep/2023:14:01:28 -0500] "POST /kwssiamovil/sm/setfile/f? HTTP/1.1" 200 381
201.245.192.253 - - [13/Sep/2023:14:01:35 -0500] "GET /sipse/faces/faces/index.xhtml HTTP/1.1" 200 677
201.245.192.253 - - [13/Sep/2023:14:01:35 -0500] "GET /sipse/faces/javax.faces.resource/theme.css?ln=primefaces-sipse HTTP/1.1" 304 -
201.245.192.253 - - [13/Sep/2023:14:01:35 -0500] "GET /sipse/faces/faces/faces/autenticacion.xhtml HTTP/1.1" 200 12193
201.245.192.253 - - [13/Sep/2023:14:01:36 -0500] "GET /sipse/faces/javax.faces.resource/theme.css?ln=primefaces-sipse HTTP/1.1" 304 -
201.245.192.253 - - [13/Sep/2023:14:01:36 -0500] "GET /sipse/faces/javax.faces.resource/primefaces.js?ln=primefaces&v=4.0 HTTP/1.1" 304 -
201.245.192.253 - - [13/Sep/2023:14:01:36 -0500] "GET /sipse/faces/javax.faces.resource/jquery/jquery.js?ln=primefaces&v=4.0 HTTP/1.1" 304 -
201.245.192.253 - - [13/Sep/2023:14:01:36 -0500] "GET /sipse/faces/javax.faces.resource/primefaces.css?ln=primefaces&v=4.0 HTTP/1.1" 304 -
201.245.192.253 - - [13/Sep/2023:14:01:36 -0500] "GET /sipse/faces/javax.faces.resource/jquery/jquery-plugins.js?ln=primefaces&v=4.0 HTTP/1.1" 304 -
201.245.192.253 - - [13/Sep/2023:14:01:36 -0500] "GET /sipse/faces/javax.faces.resource/layout/layout.css?ln=primefaces&v=4.0 HTTP/1.1" 304 -
201.245.192.253 - - [13/Sep/2023:14:01:36 -0500] "GET /sipse/faces/javax.faces.resource/layout/layout.js?ln=primefaces&v=4.0 HTTP/1.1" 304 -
201.245.192.253 - - [13/Sep/2023:14:01:36 -0500] "GET /sipse/faces/javax.faces.resource/images/ui-icons_898989_256x240.png?ln=primefaces-aristo HTTP/1.1" 304 -
186.102.32.74 - - [13/Sep/2023:14:01:36 -0500] "GET /kwssiamovil/sm/acme/a?s=U2FsdGVkX19P5lMk2JL2wYatHu3fUNeH+gC3Sa3cMd3UJ7EnlikErh/PxoHI/s/CX+U8+d9zP6r0mgQq/j0nD3OQ9cGJQWpiVBqy4HlX3Ws2dn4JBeJa/Jf2BRb0YRKVFYyoqlGyYbQm6IeUdlKPy9PXcyK4K/rZj1pe2mMq1A/6xvsdzS55Cl08bMNzK87d5U1AOGM3Tx65iXkgwrBJdtFddbL+KT5crb0zY4zKXrmwI2PFCh86EOgTdbMKrjkPa8hhuASBSJ6fLZfRZlThgA==&u=U2FsdGVkX18Qwz3dj+cUYLc6jzNteWFnsP7tS6311TY=&y=U2FsdGVkX1+AGmi/OarkUNF/uFTLanajtILV+mkTYbY= HTTP/1.1" 200 26
186.102.32.74 - - [13/Sep/2023:14:01:37 -0500] "GET /kwssiamovil/sm/acme/a?s=U2FsdGVkX18yk0YjbsU59E/E2qDPTrC9+xe/7BSM+Zg3uVg/wR4JhNF1SUGLAYatHrESHNYKe4WUuW3+l5fQewy6j0SQIMPGcD9034JzD7JOtkjfH6zopZp80flln3a0XILeic7iOPuJdWFa6j9Q3VvlERFt2gsI28oNUCetWTxZ41RnsHYh2v7KM5fmK5eCOdNuvDWSTl8pyT09DuaxA+QmOwXUHxAZTN5Y3kEQ3EDQa1MvCtZZSaAyrJzKOddZ++HY6y+lsDEGky3iRVYDhgfvgmGFeMLaZfxylQGXoOr5foWJo08guDNSXrOWes7DFhIbyq6QBBv+gz/qLm3F466olqibf7fBiHUoLWSeKi02sbsRewViFF9/IfCOnThd9I/ZA2NA8uLm2T4pAaobRUz3hJLAIzlLRVeXhJ3W6eVMA5TCB5qBbRa5jqfwh9c6CUnyRqbq9g7bDPQIXeoSQHdCB91NLwkMeiWvVywYrVO7Cus53vBkzwBA3iPU1HmuCvrKiFULyXadKA5oVF0rA1uZVQsi2gXmu8kq6WOGizMdqxsbSNJwzxrU6lxKiGkhfhzZbmASO26uj97bV/f57SDNHh/szgPPnnKOlCz59HmfEK2k5mQul4AOp8xacaALG6wqzSV8Nf2NJoWHXWi0O7OR64hicCkxTci3LG2Wv0zNFYLMryWWkpkws9zPSCN8dHWZsmECOQfB7oEat3RCGeT+NFZUTOJQe34pNvq/r5U6iX8ZYryvPsqkE7B3eWh6SM4ptYizx9vbU7eXatPQ6rXRNL7YpgDox6gcKx0zAxtU5NLQYDQGDYvZLfCo4GUVM/6k+OY3rhuatKHpK64iBSIrlnFTEtGG3/r70eP7x1VUO9Yv7SGu8JecOrphBBeaV4Mh9kfi9v2T5hqKL6IlVzxomggviEA8JvJ9siz68V7ZI9g+cD5+x046AzTuVCW2Aj/2CPXSL91jAoIGnulInms3lDJSJREVevyzm4mtvQ7Ibmu5oGEPS2GXg0c7k8T03K51TqHK0J0UhZHT3/ElEXZzhF3MgnitG5Vu4ZyBhdSit4VsDe7eerfNYTJ4a630MILIPTzqDTrXeZUnRkXd0f0b3849LvnvNphHiOpq2xAGiNKSFDDNRLEG91s6GKNut+87a8QLMjXTQR0ex3l8wd2N1krUCa5hJKSHlXVCxwbMBqjIg/ZLfK0e0QRvHzSTXpWOomYuwwEOMhfRRziF04crzriUvrf7n+gkhPt28JEviOuv6bwjTogPxbPDu8Tk8vnwnHOBt58jdEv9V9uc2LWpltisO/8OJT57Pe9HI9S57T7P/zrznAf8d3sWoY4HJ/w5WQ7Zt0mcrI279hFeJxfoL56CqI/B2p4V1Nn5UOq5haXYqcS2Ofwc6RZ5+okzwg1BYrmDvqJxljgzHSsJPznIB/feVH/F4PhA8BBlF+Y9AqlCeTNUw0h63Y6FmOuBxHANV9fjP2KgOTtQwm9pdiFQKWhxui6lMSNc/X5D+31sjFgqCOtsVLb2Pd73a4Ne0LhgawEp03S0RMhAw9jeuNMALC2Q9gLB84PXcOwdA3FZOpX5SLteWqkyl7nMSb4Q+HNi0KY0SalZ9wnit2ldUa6/786Q2mgmJj5qhS7IYT4s5oExhBbjNwPmhPD+RYHT83HTSZGqfXGEkhDEe+pjHzJhFdU5FwfIrRsYpgUt5eafq7Z32lr6qfXlPiM0fdrKbJWN6R6LyfHpwLQCfE14X+HY9I3SxxIklMMAepOarRfsjNWJDAR339/kpPKGTkALSlE4v+3UxDYDjGJajyDduA==&u=U2FsdGVkX18Qwz3dj+cUYLc6jzNteWFnsP7tS6311TY=&y=U2FsdGVkX1+AGmi/OarkUNF/uFTLanajtILV+mkTYbY= HTTP/1.1" 200 26
186.102.32.74 - - [13/Sep/2023:14:01:37 -0500] "GET /kwssiamovil/sm/acme/a?s=U2FsdGVkX18K0h/69szx2L+cuYwKIv/8R2iIaOgL6oFQqXI61gYwsKj0QEzV8gAYgbZccBL//9uBKFSunODe2mkrcuLB6wYpaoW7yNhOekdRYKaktsH++SX41fzg3LBBhh7DlTYP8K0+6EJzYEa1L9GOWPOZvk/JsLxXdUt+tkE=&u=U2FsdGVkX18Qwz3dj+cUYLc6jzNteWFnsP7tS6311TY=&y=U2FsdGVkX1+AGmi/OarkUNF/uFTLanajtILV+mkTYbY= HTTP/1.1" 200 26
186.102.32.74 - - [13/Sep/2023:14:01:37 -0500] "GET /kwssiamovil/sm/acme/a?s=U2FsdGVkX1+J1byKPb2CPjBTsLpHtI26qmB3EYvkfx6SVBThzH3yiY/k00Xguy8BnGhC3yK/OJdbyiKbdZbfikeh9vM0hnUVqnK/Gug8ReB6Dvih9pmpuzMwAN4r9YgaRoIWPRfqfwJmpG5zV5R1/PPeuY/zUxgwMYO3+dmygxk=&u=U2FsdGVkX18Qwz3dj+cUYLc6jzNteWFnsP7tS6311TY=&y=U2FsdGVkX1+AGmi/OarkUNF/uFTLanajtILV+mkTYbY= HTTP/1.1" 200 26
186.102.32.74 - - [13/Sep/2023:14:01:37 -0500] "GET /kwssiamovil/sm/acme/a?s=U2FsdGVkX19s4Sn/5zcQgXrUUMKeQDg4WB+TZKUdnPxR3VyUMVCmW/KeVvpt4a085bO98ekeXTkwoOjRjQ62MrNErAMRtVJImqRXUY55k/C2UB4WlEbiQQFr/kcjnPvZnT0RGy0DmTL61nvwuja6pwAqRMBRzO2qEx4vRlMmwM0=&u=U2FsdGVkX18Qwz3dj+cUYLc6jzNteWFnsP7tS6311TY=&y=U2FsdGVkX1+AGmi/OarkUNF/uFTLanajtILV+mkTYbY= HTTP/1.1" 200 26
186.102.32.74 - - [13/Sep/2023:14:01:37 -0500] "GET /kwssiamovil/sm/acme/a?s=U2FsdGVkX18g5/kbCMJCiVq7S0MKkOCyRJ2jPLb4yWON5E7+1h6KTtVrvp18VloLWqFdCdERUy5c36/XixoBT72nVZZvqSTLqhNj5gmU3T6oXBFMCiPJIBKmfl0r3m591BJNIEHhUfNkQqIPeGFOZFJcqEsz6dGRlSeRrSC8zmlpoziqRbMkrmPTmxATKIry&u=U2FsdGVkX18Qwz3dj+cUYLc6jzNteWFnsP7tS6311TY=&y=U2FsdGVkX1+AGmi/OarkUNF/uFTLanajtILV+mkTYbY= HTTP/1.1" 200 26
186.102.32.74 - - [13/Sep/2023:14:01:38 -0500] "GET /kwssiamovil/sm/acme/a?s=U2FsdGVkX18E7Ur1a2OLbWQ2DRo/r6ycsBjI59MxZja7Px4JWeVcBlamCexHb4w3CtuQarBe9D45MlGYz/kKbsOtqa0JLrBoap8V/fKQEodEC8tO1MKAtbaSl2pnZ05NVLLjd0H/atLqyEyTbjoLTLuhrUxBaG2v/B4eHf/gErHWld3UvIV00DeXheh0jsyHiwk0f38hyLUifxczK5UdU65sTooYAHrSjtRQ+ZhO0VrfLJCaC9eGBxTMzl9uVyA6pF7EQ9CzrEDRLrdOii9RK0eazyq6W3WFKoKEkD5n7Sb3+wo2GRywT7kqOWecaQgSwYER7ZQ1MQrjIWBgS3V+Ykg/IkIieBHGTQ9IL9ieiHqz5ooSqMuBpV2OsHroqMvl1BodIaJ+tFq4oaR4Jkn6ekaT5tPIo4STmvYyZoaB0IgSATvaUgQypYbU3HurAzqEbGaSNneBMpavM2hu1uJs4A==&u=U2FsdGVkX18Qwz3dj+cUYLc6jzNteWFnsP7tS6311TY=&y=U2FsdGVkX1+AGmi/OarkUNF/uFTLanajtILV+mkTYbY= HTTP/1.1" 200 25
186.102.32.74 - - [13/Sep/2023:14:01:38 -0500] "GET /kwssiamovil/sm/acme/a?s=U2FsdGVkX19InE6zgi1vBI0ClOe+dwas4I4Lh7q95Hiu5+JCHwAwDZOA1yk9JqVwagE8g6J8G+PeqQAEonpx2v9pRnEF3zn0xn99mmdcFTNy53GcZgDQR40Bzu9xOg0XTjv1BD7EQ338R1H0P9ECkF/lPG7KAStLdpZS426HY//f6JI9dp8qTeTVxn+eTR+xOsmKdmAkWg5F+dFoK26pJdweQJi76DVnO38X281Tys8EGwzAthf+7NSvQN7pfAZTRDXqquOWLbiz3f6iFEXIni6K94/l+msPbZulY+X2OsrMAYFFqUunITMuEX0Z/Ffcv0YDakdj4cqmc6zpVNclveFi/Jv5CD2bHYT7qp+4C7o5J6SgpkOHPIbP8iGQNT8vxwlfOr5yE4Jmi/1hXb1hZoIZPkAPoQoUMYOm0HvZS4O6rh9N8iGm1YWiAUkeViaN&u=U2FsdGVkX18Qwz3dj+cUYLc6jzNteWFnsP7tS6311TY=&y=U2FsdGVkX1+AGmi/OarkUNF/uFTLanajtILV+mkTYbY= HTTP/1.1" 200 25
201.245.192.253 - - [13/Sep/2023:14:01:38 -0500] "POST /sipse/faces/autenticacion.xhtml HTTP/1.1" 200 11197
186.102.32.74 - - [13/Sep/2023:14:01:38 -0500] "GET /kwssiamovil/sm/acme/a?s=U2FsdGVkX18lrtjxf08tQMN/x3wG8fPPDONJlaHYDvT9UZBwD9t3C2NVrAxU0yhPUhIB6Jjun4LX/QBYJtyuLXDi765n9utGGUndJzMEmc5H3qZG9Yd5ZqXnR/kB14j7xSuxbfyj1kSkZR7YLS+4QK7G2pRP8NGNVGJk+4LrhZpiRuZAoupiffZmc2Bvp3a6JKkMxUkKhTYTHVlq/HAY52O53l/T6KWNZvam9wxFcGDq006/QcjvEM6QdoUiYw6ks9pYHJCEPoo3HYT2Gthk1hQ3WLq+aAqG0iX0GAUPb2EGuwZqj4JymBbm+J99msrERgxQKXibwKo3IiSyvw+3ZMBlEh/7MLSUFj1u4DniWOd5wRO/yFP5wcM8Z/2YX25TBCqfI+EPBgf7MG9BS0EvcfsZrBObD4BOah9pWfRw6WQ7Ip4uyryg99JYpHRb+FlPrJF2J93s2jtuegR2HEXt8vWMvM8+b+nwi/bGcf1lwkzpmKAkCWxKzdbHKhBkPfxBq9bWCCB3hJUbHfq1L97heQ==&u=U2FsdGVkX18Qwz3dj+cUYLc6jzNteWFnsP7tS6311TY=&y=U2FsdGVkX1+AGmi/OarkUNF/uFTLanajtILV+mkTYbY= HTTP/1.1" 200 25
201.245.192.253 - - [13/Sep/2023:14:01:38 -0500] "GET /sipse/faces/javax.faces.resource/theme.css?ln=primefaces-sipse HTTP/1.1" 304 -
201.245.192.253 - - [13/Sep/2023:14:01:38 -0500] "GET /sipse/faces/javax.faces.resource/primefaces.css?ln=primefaces&v=4.0 HTTP/1.1" 304 -
201.245.192.253 - - [13/Sep/2023:14:01:38 -0500] "GET /sipse/faces/javax.faces.resource/layout/layout.css?ln=primefaces&v=4.0 HTTP/1.1" 304 -
201.245.192.253 - - [13/Sep/2023:14:01:38 -0500] "GET /sipse/faces/javax.faces.resource/jquery/jquery.js?ln=primefaces&v=4.0 HTTP/1.1" 304 -
201.245.192.253 - - [13/Sep/2023:14:01:38 -0500] "GET /sipse/faces/javax.faces.resource/jquery/jquery-plugins.js?ln=primefaces&v=4.0 HTTP/1.1" 304 -
201.245.192.253 - - [13/Sep/2023:14:01:38 -0500] "GET /sipse/faces/javax.faces.resource/primefaces.js?ln=primefaces&v=4.0 HTTP/1.1" 304 -
201.245.192.253 - - [13/Sep/2023:14:01:38 -0500] "GET /sipse/faces/javax.faces.resource/layout/layout.js?ln=primefaces&v=4.0 HTTP/1.1" 304 -
201.245.192.253 - - [13/Sep/2023:14:01:38 -0500] "GET /sipse/faces/javax.faces.resource/messages/messages.png?ln=primefaces&v=4.0 HTTP/1.1" 304 -
186.102.32.74 - - [13/Sep/2023:14:01:38 -0500] "GET /kwssiamovil/sm/acme/a?s=U2FsdGVkX18OPZVngB/Ira/FYdCl8nEEQzalWoZZ1l1b1eOYAyrQRUoJ8b12/QnPxhVEIALDblNSACmbCM66APw3Wu4+38ON2e+PzxFW/qUQETzxW90BYDdFgxN5G/j1d/E6r9yRT89CO8/niPYBG/VITmG9dkBKjuZN+MnC5uKvTQFtnKdPzSWMI+AmQBv2/2YcaDbBtNR7Dt6WGN/lzNCjicp4fZKmS6UxYhooHfJY2WojRvzUNiY2XeIl6mwqI+MoG+58VWl123gAXjbfYvmLzaavmoVFN5hfNInJfv3S8OZuJbuXNcn/QawsF9dKLb7Cg0eY30gsSIxCinvICg7PQZSlx35A58r16/NVrPY5AKMm401H6TDsug78bMEYqQSY5DHCveEMy4J4qSTDTCrKroKcpOSkuZQzXsq+5heF2zF4Up01L+D9feLunBvyag4wZdtcXW765+1UrVyNsCMVtzO37SZvZ8HvY7KbOq0=&u=U2FsdGVkX18Qwz3dj+cUYLc6jzNteWFnsP7tS6311TY=&y=U2FsdGVkX1+AGmi/OarkUNF/uFTLanajtILV+mkTYbY= HTTP/1.1" 200 25
201.245.192.253 - - [13/Sep/2023:14:01:42 -0500] "POST /sipse/faces/presentacion/sistema/seguridad/seleccionRol.xhtml HTTP/1.1" 200 15165
201.245.192.253 - - [13/Sep/2023:14:01:43 -0500] "GET /sipse/faces/javax.faces.resource/theme.css?ln=primefaces-sipse HTTP/1.1" 304 -
201.245.192.253 - - [13/Sep/2023:14:01:43 -0500] "GET /sipse/faces/javax.faces.resource/layout/layout.css?ln=primefaces&v=4.0 HTTP/1.1" 304 -
201.245.192.253 - - [13/Sep/2023:14:01:43 -0500] "GET /sipse/faces/javax.faces.resource/primefaces.css?ln=primefaces&v=4.0 HTTP/1.1" 304 -
201.245.192.253 - - [13/Sep/2023:14:01:43 -0500] "GET /sipse/faces/javax.faces.resource/jquery/jquery.js?ln=primefaces&v=4.0 HTTP/1.1" 304 -
201.245.192.253 - - [13/Sep/2023:14:01:43 -0500] "GET /sipse/faces/javax.faces.resource/jquery/jquery-plugins.js?ln=primefaces&v=4.0 HTTP/1.1" 304 -
201.245.192.253 - - [13/Sep/2023:14:01:43 -0500] "GET /sipse/faces/javax.faces.resource/primefaces.js?ln=primefaces&v=4.0 HTTP/1.1" 304 -
201.245.192.253 - - [13/Sep/2023:14:01:43 -0500] "GET /sipse/faces/javax.faces.resource/layout/layout.js?ln=primefaces&v=4.0 HTTP/1.1" 304 -
201.245.192.253 - - [13/Sep/2023:14:01:43 -0500] "GET /sipse/css/imagen/contrasena.png HTTP/1.1" 404 383
201.245.192.253 - - [13/Sep/2023:14:01:54 -0500] "GET /sipse/faces/javax.faces.resource/images/ui-bg_flat_0_2d5972_40x100.png?ln=primefaces-aristo HTTP/1.1" 304 -
201.245.192.253 - - [13/Sep/2023:14:01:54 -0500] "POST /sipse/faces/bienvenido.xhtml HTTP/1.1" 200 3246
201.245.192.253 - - [13/Sep/2023:14:01:55 -0500] "POST /sipse/faces/bienvenido.xhtml HTTP/1.1" 200 2073
201.245.192.253 - - [13/Sep/2023:14:01:56 -0500] "POST /sipse/faces/bienvenido.xhtml HTTP/1.1" 200 40131
201.245.192.253 - - [13/Sep/2023:14:01:56 -0500] "GET /sipse/faces/javax.faces.resource/theme.css?ln=primefaces-sipse HTTP/1.1" 304 -
201.245.192.253 - - [13/Sep/2023:14:01:56 -0500] "GET /sipse/faces/javax.faces.resource/primefaces.css?ln=primefaces&v=4.0 HTTP/1.1" 304 -
201.245.192.253 - - [13/Sep/2023:14:01:56 -0500] "GET /sipse/faces/javax.faces.resource/layout/layout.css?ln=primefaces&v=4.0 HTTP/1.1" 304 -
201.245.192.253 - - [13/Sep/2023:14:01:56 -0500] "GET /sipse/faces/javax.faces.resource/jquery/jquery.js?ln=primefaces&v=4.0 HTTP/1.1" 304 -
201.245.192.253 - - [13/Sep/2023:14:01:56 -0500] "GET /sipse/faces/javax.faces.resource/jquery/jquery-plugins.js?ln=primefaces&v=4.0 HTTP/1.1" 304 -
201.245.192.253 - - [13/Sep/2023:14:01:56 -0500] "GET /sipse/faces/javax.faces.resource/primefaces.js?ln=primefaces&v=4.0 HTTP/1.1" 304 -
201.245.192.253 - - [13/Sep/2023:14:01:56 -0500] "GET /sipse/faces/javax.faces.resource/layout/layout.js?ln=primefaces&v=4.0 HTTP/1.1" 304 -
201.245.192.253 - - [13/Sep/2023:14:02:09 -0500] "POST /sipse/faces/presentacion/financiero/solicitudProceso/consultar.xhtml HTTP/1.1" 200 12831
172.22.2.4 - - [13/Sep/2023:14:02:17 -0500] "GET /BLA/boletinlegal/actos.php HTTP/1.1" 200 9682
172.22.2.4 - - [13/Sep/2023:14:02:17 -0500] "GET /BLA/boletinlegal/favicon.ico HTTP/1.1" 404 1326
172.22.2.4 - - [13/Sep/2023:14:02:22 -0500] "GET /BLA/boletinlegal/consulta_actos.php?tipo=resoluciones&no=1391&usuario=&sector=&fecha=2023&resuelve= HTTP/1.1" 200 626
201.245.192.253 - - [13/Sep/2023:14:02:36 -0500] "POST /sipse/faces/presentacion/financiero/solicitudProceso/consultar.xhtml HTTP/1.1" 200 163392
201.245.192.253 - - [13/Sep/2023:14:02:36 -0500] "GET /sipse/faces/javax.faces.resource/theme.css?ln=primefaces-sipse HTTP/1.1" 304 -
201.245.192.253 - - [13/Sep/2023:14:02:36 -0500] "GET /sipse/faces/javax.faces.resource/layout/layout.css?ln=primefaces&v=4.0 HTTP/1.1" 304 -
201.245.192.253 - - [13/Sep/2023:14:02:36 -0500] "GET /sipse/faces/javax.faces.resource/primefaces.css?ln=primefaces&v=4.0 HTTP/1.1" 304 -
201.245.192.253 - - [13/Sep/2023:14:02:36 -0500] "GET /sipse/faces/javax.faces.resource/jquery/jquery.js?ln=primefaces&v=4.0 HTTP/1.1" 304 -
