172.22.2.4 - - [14/Sep/2023:11:08:55 -0500] "GET /BLA/boletinlegal/niceforms.js HTTP/1.1" 200 22876
172.22.2.4 - - [14/Sep/2023:11:08:55 -0500] "GET /BLA/boletinlegal/js/lib.js HTTP/1.1" 200 6474
172.22.2.4 - - [14/Sep/2023:11:08:55 -0500] "GET /BLA/boletinlegal/js/popup.js HTTP/1.1" 200 1270
172.22.2.4 - - [14/Sep/2023:11:08:55 -0500] "GET /BLA/boletinlegal/images/cabezote%20BLEGAL.jpg HTTP/1.1" 200 118164
172.22.2.4 - - [14/Sep/2023:11:08:55 -0500] "GET /BLA/boletinlegal/js/jquery1.js HTTP/1.1" 200 29846
172.22.2.4 - - [14/Sep/2023:11:08:56 -0500] "GET /BLA/boletinlegal/images/subscribe-icon-big.png HTTP/1.1" 200 47702
172.22.2.4 - - [14/Sep/2023:11:08:56 -0500] "GET /BLA/boletinlegal/images/historia.png HTTP/1.1" 200 52775
172.22.2.4 - - [14/Sep/2023:11:08:56 -0500] "GET /BLA/boletinlegal/images/registro-usuarios.png HTTP/1.1" 200 8106
172.22.2.4 - - [14/Sep/2023:11:08:56 -0500] "GET /BLA/boletinlegal/images/green-yellow-blue-pink-th.png HTTP/1.1" 200 7394
172.22.2.4 - - [14/Sep/2023:11:08:56 -0500] "GET /BLA/boletinlegal/images/tel.png HTTP/1.1" 200 14477
172.22.2.4 - - [14/Sep/2023:11:08:56 -0500] "GET /BLA/boletinlegal/images/icono-email.png HTTP/1.1" 200 5544
172.22.2.4 - - [14/Sep/2023:11:08:56 -0500] "GET /BLA/boletinlegal/images/body_bg.jpg HTTP/1.1" 200 1601
172.22.2.4 - - [14/Sep/2023:11:08:56 -0500] "GET /BLA/boletinlegal/images/menu_rght.gif HTTP/1.1" 200 1627
172.22.2.4 - - [14/Sep/2023:11:08:56 -0500] "GET /BLA/boletinlegal/images/menu_lft.gif HTTP/1.1" 200 1713
172.22.2.4 - - [14/Sep/2023:11:08:56 -0500] "GET /BLA/boletinlegal/images/bg_top.jpg HTTP/1.1" 200 522
172.22.2.4 - - [14/Sep/2023:11:08:56 -0500] "GET /BLA/boletinlegal/images/hover.jpg HTTP/1.1" 200 640
172.22.2.4 - - [14/Sep/2023:11:08:56 -0500] "GET /BLA/boletinlegal/images/menu_bg.jpg HTTP/1.1" 200 620
172.22.2.4 - - [14/Sep/2023:11:08:56 -0500] "GET /BLA/boletinlegal/images/text.jpg HTTP/1.1" 200 568
172.22.2.4 - - [14/Sep/2023:11:08:56 -0500] "GET /BLA/boletinlegal/images/footer_bg.jpg HTTP/1.1" 200 586
172.22.2.4 - - [14/Sep/2023:11:08:56 -0500] "GET /BLA/boletinlegal/images/footer_bg_l.jpg HTTP/1.1" 200 776
172.22.2.4 - - [14/Sep/2023:11:08:56 -0500] "GET /BLA/boletinlegal/img/0.png HTTP/1.1" 200 110
172.22.2.4 - - [14/Sep/2023:11:08:56 -0500] "GET /BLA/boletinlegal/img/select-left.png HTTP/1.1" 200 263
172.22.2.4 - - [14/Sep/2023:11:08:56 -0500] "GET /BLA/boletinlegal/img/select-right.png HTTP/1.1" 200 44019
172.22.2.4 - - [14/Sep/2023:11:08:56 -0500] "GET /BLA/boletinlegal/img/button.png HTTP/1.1" 200 43241
172.22.2.4 - - [14/Sep/2023:11:08:56 -0500] "GET /BLA/boletinlegal/img/button-right.png HTTP/1.1" 200 57878
172.22.2.4 - - [14/Sep/2023:11:08:56 -0500] "GET /BLA/boletinlegal/img/button-left.png HTTP/1.1" 200 57071
172.22.2.4 - - [14/Sep/2023:11:08:56 -0500] "GET /BLA/boletinlegal/favicon.ico HTTP/1.1" 404 1326
152.202.74.0 - - [14/Sep/2023:11:09:09 -0500] "GET /BLA/resoluciones/ HTTP/1.1" 200 13696
152.202.74.0 - - [14/Sep/2023:11:09:09 -0500] "GET /BLA/resoluciones/dlf/folder.png HTTP/1.1" 200 410
152.202.74.0 - - [14/Sep/2023:11:09:09 -0500] "GET /BLA/resoluciones/dlf/styles.css HTTP/1.1" 200 3049
152.202.74.0 - - [14/Sep/2023:11:09:09 -0500] "GET /BLA/resoluciones/dlf/bg.gif HTTP/1.1" 200 54
152.202.74.0 - - [14/Sep/2023:11:09:09 -0500] "GET /favicon.ico HTTP/1.1" 200 7782
172.22.2.4 - - [14/Sep/2023:11:09:10 -0500] "GET /BLA/boletinlegal/consulta_actos.php?tipo=autos&no=&usuario=&sector=&fecha=2019&resuelve=sello%20 HTTP/1.1" 200 626
152.202.74.0 - - [14/Sep/2023:11:09:12 -0500] "GET /BLA/resoluciones/dlf/dirup.png HTTP/1.1" 200 644
152.202.74.0 - - [14/Sep/2023:11:09:12 -0500] "GET /BLA/resoluciones/dlf/pdf.gif HTTP/1.1" 200 272
152.202.74.0 - - [14/Sep/2023:11:09:12 -0500] "GET /BLA/resoluciones/dlf/unknown.png HTTP/1.1" 200 266
152.202.74.0 - - [14/Sep/2023:11:09:12 -0500] "GET /BLA/resoluciones/index.php?dir=AUTOS+2021%2F HTTP/1.1" 200 398544
172.22.2.4 - - [14/Sep/2023:11:09:15 -0500] "GET /BLA/boletinlegal/consulta_actos.php?tipo=autos&no=&usuario=&sector=&fecha=2018&resuelve=sello%20 HTTP/1.1" 200 1096
201.245.192.253 - - [14/Sep/2023:11:09:19 -0500] "GET /BLA/resoluciones/AUTOS%202018/1516.pdf HTTP/1.1" 200 264780
152.202.74.0 - - [14/Sep/2023:11:09:20 -0500] "GET /BLA/resoluciones/AUTOS%202021/0496.pdf HTTP/1.1" 200 577969
201.245.192.253 - - [14/Sep/2023:11:09:44 -0500] "POST /forms/lservlet;jsessionid=ac16012b30d6d19c31849e654dd38cb0cf62d49b9509.e3iSbxaKaheRe34Pbx8Nc3aQci1ynknvrkLOlQzNp65In0 HTTP/1.1" 200 2
186.102.44.127 - - [14/Sep/2023:11:10:08 -0500] "GET /BLA/resoluciones/index.php?dir=AUTOS+2011%2F HTTP/1.1" 200 636751
186.102.44.127 - - [14/Sep/2023:11:10:15 -0500] "GET /BLA/resoluciones/AUTOS%202011/3277.pdf HTTP/1.1" 200 215053
20.15.133.185 - - [14/Sep/2023:11:10:23 -0500] "GET /Publicaciones/2023EE192164.pdf HTTP/1.1" 404 228
201.245.192.253 - - [14/Sep/2023:11:10:52 -0500] "POST /forms/lservlet;jsessionid=ac16012b30d63d978f376e20424bb3f6ff930e63d6af.e3iSbxaKaheRe34Pbx8Nc3aQci1ynknvrkLOlQzNp65In0 HTTP/1.1" 200 2
186.102.44.127 - - [14/Sep/2023:11:10:53 -0500] "GET /BLA/resoluciones/index.php?dir=RESOLUCIONES+2011%2F HTTP/1.1" 200 746992
186.102.44.127 - - [14/Sep/2023:11:11:02 -0500] "GET /BLA/resoluciones/RESOLUCIONES%202011/4746.pdf HTTP/1.1" 200 504660
201.245.192.253 - - [14/Sep/2023:11:11:44 -0500] "POST /forms/lservlet;jsessionid=ac16012b30d6d19c31849e654dd38cb0cf62d49b9509.e3iSbxaKaheRe34Pbx8Nc3aQci1ynknvrkLOlQzNp65In0 HTTP/1.1" 200 2
216.245.221.92 - - [14/Sep/2023:11:12:25 -0500] "HEAD / HTTP/1.1" 200 -
201.245.192.253 - - [14/Sep/2023:11:12:52 -0500] "POST /forms/lservlet;jsessionid=ac16012b30d63d978f376e20424bb3f6ff930e63d6af.e3iSbxaKaheRe34Pbx8Nc3aQci1ynknvrkLOlQzNp65In0 HTTP/1.1" 200 2
201.245.192.253 - - [14/Sep/2023:11:12:59 -0500] "POST /kwsrmcab/Wsrmcab  HTTP/1.1" 200 42865
172.22.2.4 - - [14/Sep/2023:11:11:25 -0500] "HEAD /BLA/boletinlegal/ HTTP/1.1" 200 -
186.102.114.201 - - [14/Sep/2023:11:13:39 -0500] "GET /kwssiamovil/sm/ldap/au?x=U2FsdGVkX1+mLwbR7ei9xxZXCG+W5McE6A+1OPGk8YLnUj/T5vRl8/czgYTuGpaj&y=U2FsdGVkX1+WJeXuUIQqBpt43ewIRid/n4bAn2LIgBE= HTTP/1.1" 200 31
201.245.192.253 - - [14/Sep/2023:11:13:44 -0500] "POST /forms/lservlet;jsessionid=ac16012b30d6d19c31849e654dd38cb0cf62d49b9509.e3iSbxaKaheRe34Pbx8Nc3aQci1ynknvrkLOlQzNp65In0 HTTP/1.1" 200 2
172.22.2.4 - - [14/Sep/2023:11:12:16 -0500] "GET /BLA/boletinlegal/ HTTP/1.1" 200 60692
186.80.52.212 - - [14/Sep/2023:11:13:56 -0500] "POST /sipse/faces/presentacion/financiero/solicitudProceso/consultarSolicitudProceso.xhtml HTTP/1.1" 200 36382
186.80.52.212 - - [14/Sep/2023:11:13:57 -0500] "GET /sipse/faces/javax.faces.resource/theme.css?ln=primefaces-sipse HTTP/1.1" 304 -
186.80.52.212 - - [14/Sep/2023:11:13:57 -0500] "GET /sipse/faces/javax.faces.resource/primefaces.css?ln=primefaces&v=4.0 HTTP/1.1" 304 -
186.80.52.212 - - [14/Sep/2023:11:13:57 -0500] "GET /sipse/faces/javax.faces.resource/layout/layout.css?ln=primefaces&v=4.0 HTTP/1.1" 304 -
186.80.52.212 - - [14/Sep/2023:11:13:57 -0500] "GET /sipse/faces/javax.faces.resource/jquery/jquery.js?ln=primefaces&v=4.0 HTTP/1.1" 304 -
186.80.52.212 - - [14/Sep/2023:11:13:57 -0500] "GET /sipse/faces/javax.faces.resource/jquery/jquery-plugins.js?ln=primefaces&v=4.0 HTTP/1.1" 304 -
186.80.52.212 - - [14/Sep/2023:11:13:57 -0500] "GET /sipse/faces/javax.faces.resource/primefaces.js?ln=primefaces&v=4.0 HTTP/1.1" 304 -
186.80.52.212 - - [14/Sep/2023:11:13:57 -0500] "GET /sipse/faces/javax.faces.resource/layout/layout.js?ln=primefaces&v=4.0 HTTP/1.1" 304 -
186.102.114.201 - - [14/Sep/2023:11:13:58 -0500] "GET /kwssiamovil/sm/ldap/au?x=U2FsdGVkX1/uhaYwHK9090zn5pv2sBT5iM7rwJ5+w9SN4IRigPmdgUni4YrAjj41&y=U2FsdGVkX19pRWFFVfkCB+OOlfYAvQv80vzBnW/kb8M= HTTP/1.1" 200 30
186.80.52.212 - - [14/Sep/2023:11:13:57 -0500] "POST /sipse/faces/presentacion/financiero/solicitudProceso/listarSolicitudProceso.xhtml HTTP/1.1" 200 29775
186.102.114.201 - - [14/Sep/2023:11:13:58 -0500] "GET /kwssiamovil/sm/acme/s?s=U2FsdGVkX1+7zyMPc4Cotj2xEWzRCLEJ5cCa6mJK24Q9BMfr2AWzVgBthC4v9cd6fPuYvGqSILuj0QMnvVpG3RZfcbDjLPsDntn5jtUgUws=&u=U2FsdGVkX181IU8bbOxCsMZNNXhOz8gVCn+EQ2g3/88=&y=U2FsdGVkX19pRWFFVfkCB+OOlfYAvQv80vzBnW/kb8M= HTTP/1.1" 200 97
186.102.114.201 - - [14/Sep/2023:11:13:58 -0500] "GET /kwssiamovil/sm/acme/s?s=U2FsdGVkX1/fucQz7ywiHyFMw4YG4IXnEZohVWzbC7zdWPeFGF1ZwAQFDI03Qx1ajsWkTPlWJPRu+3HheDPG1gPnbmNn5xXyAZBboT9Fom3mSzgEhgMk24DsJV13ZcZpJaOrEamqfi1ai2qfMvRx4qCv+zQW76LppXslpDYISN2oSC9/bVN7mo1N32OcquY2zdjpX94TISIcp2uQVamcGhq7iaCTEcrHbXjFnBMj5OmfvxMDbX4JeHGE3WiSaGq+NuQUjCN2ZnDgxeAVGJfUmA8HxxSHn54zoxNrPrd3A0DZFHIQuViy5CkHsk/YH9I4HVc3F1lTbKYjF0cI7qxUS7yX+70oNs75obkoLkyMbEy8gG2Q4tvRIQmbWhsbwBolVz1ZHkZfJmeTMaDMzc2IQSuJWLv4CEB0/ZC1jFLmzc7TdHW5KdMC9fKfWaMReC+a9JvBFF8yrMufveq3DGsrG8HAZIZqpmo3FM5XKzI9NQlldeANT+Autl/e5BKsxwQbJ8I3cEJBdBNnbLLlKNu8iSISnE0cRalPJANp782TekKFxwC4nam2RHK+hDaRsv+uvFYMWO/SmD1aZKA47/xc6/AHk4YWmjd0JpJOxyd8O1+1sAoQxDVlAVBMJsvXkRZJzUYIPkW+OqjOfvmmiDf+kjr16V6p7wdlTQVIIoJuOP987icqrkCMFT/A6Zbxd+YpNm4XshMPyMKofZbWWJHUVoMBe47Fl2xzGZWn/0e0V9tUVzR8tUoEgO3NLnvsGvNH/7Kz6kpXWA1StG5uyXmfiEC+HfHJAuffp/85gnDqFevUpp9eG+3fhWxH6E7RylJnXa4yihh6X6NH10Hz+BR065NhNIpAWBA98YZXT419HPqUxdKspEjGH9ZMAqpyUOfVUeTAm72wv1GjcvDdJzgQreYczvEmdQivQhloG0wXoUNlD5pYfBu9+1UZxtURpYK2oLGPpTew9DqflZHBmjHGNIYK+72PFQTcPOZNSxXehW/ZzEjIi7H5HeVBbKxNlLiGcGplQ/A2feO48zLqCK/geZHmogxOriW1Y6PileXKq+cMafjQP9Eep2sNbW50HR8enxB1N1gLpVVOweEvnQDtzdCp6cxTmeMC6Sk6l+ZLWvhKWw/eJAeXDYKBqL0vbGJPbXLwdCJ/7AW2RKI/noEV+y1Px8yznloUsmLLFZHDNU9/kpMhAnr8OChC7Jv9+DidsScl7iFB0HLMdOLCY2QItE+KWNVtHjOWFczoKJQ6xXTb0i38VCTkkhv32QSMnecy7JYc8kEP5aqSAe7Wcbu7tHU3HI1HaraeMHCb1IhqN2UTquRhDeMXu2vhduLhNWL80Qau9qdxXuaUpTy5MmuRy4j9WQN/vgMe7B0yb3DszAluGTdB71/EQswE5W4S0HmiEl8UTFj0qt/CvAMDPF6K5SBJ+92H4SVELB0jM5enl2TAbXJk/rANPxfkvT3JCaOM50HLaFxXTgY8KBTWJ30EwSG68o+ktAJGfRRMy9ihlfz7pI9Z+oEcIs8tJS3jgtzzLEsBaoxKObmJ6m3oGAPJnK1gupkkxLefBYnJwtfq47SB3u6uGyyX8GmcVjGfyTcdqdjeKkdB0K0pxXv3ULkvntFImaf0vxuj3hSXUvcrNv2EZL5CCpcfY5FvcyFyBuSJRScgmRuGgAeIJXr2uag459FHR3wCmyHTao1+ELQV1VcJglNStTtK/PHEI14xUKmhDgDi/nU05MD57VKG/egAiRXEg0moZ+QPDUNspwF0ThQ=&u=U2FsdGVkX181IU8bbOxCsMZNNXhOz8gVCn+EQ2g3/88=&y=U2FsdGVkX19pRWFFVfkCB+OOlfYAvQv80vzBnW/kb8M= HTTP/1.1" 200 912
186.102.114.201 - - [14/Sep/2023:11:13:58 -0500] "GET /kwssiamovil/sm/acme/s?s=U2FsdGVkX1/LeoGCXJyPD0QM/HyMC+zeZQaV+0CvciCTS7c74ZpIA20Xyn1HcHn2wpN3hRSC+OFnxDt7YiGqhN8gCgacgLKfoWo7VyIZgEAuMZjVY1t1buAsH5Fy0AorZcGYhwD5Meolfxez1klDmQ==&u=U2FsdGVkX181IU8bbOxCsMZNNXhOz8gVCn+EQ2g3/88=&y=U2FsdGVkX19pRWFFVfkCB+OOlfYAvQv80vzBnW/kb8M= HTTP/1.1" 200 92
186.102.114.201 - - [14/Sep/2023:11:13:58 -0500] "GET /kwssiamovil/sm/acme/s?s=U2FsdGVkX1/7PKrljj0EL1g1KVdpPZJSvo5EAOo05h5aXOnA8hUsWtL3zPTnbrQWYkhNwgp8+EMRLLBJrb1sLr0pJUbQbOf07uMDAGLp6XLGuKtOr5gEjMOfbDppfdSBQCMGPy8jafBsDnyp7Arves6aewutKTEBEo9aQZahWwWVidpULxC6KszEfRtyu/vbb3LiV4vBqJlTTCZz8lgTt3vh0ej3IuKpytvU3Ik6FHpCSfGidZ6KjRlqEgX6KIFcTYO6ZiDzcf1jXkHxNDnVyRy16R9gVDbCyIYMsok6PwRXxtapRoqcqJF25si/xcEaowrcDYp9k3bTaQoYuK4ZfER6Cl2lYmQTyCB6jfM/7BwpR2n3Iw14+yps5ldXxUW1awY9N97y50oeVXfZYz5SpLNT5wA/gHB5YFkuSUHYseYX/NxBEDZDdEKqZH3OBUGkm2lbn/f7UGIlKEPIX2PKRhxxQabxxFznb1wK8OxRgNBDnRK9gk93dfEQR59tlbW4TqeWJWTP4A5EV5ntqME7Z2KUSgTMo1CcHvlCeP4gEDPdq9RjJM+fmwS13m0maoTKbCCnoUagQuORLM++8oK8spZ4/Hejv95QK7EMQqj+7XE8yHoR4zdVqkK6CO+y6KybCd9haDBDz5ZXjU0HAu6rY11G24DobN7Tl4IFUhh7dk2FWT+h6TaN0k6P4vcnHBFtD67lXfjSJgY/Ut0/CcQCV/FhvC4d8YQZpNpa4dLTwzglfVQ3nmHlNS5XtiopyKL4&u=U2FsdGVkX181IU8bbOxCsMZNNXhOz8gVCn+EQ2g3/88=&y=U2FsdGVkX19pRWFFVfkCB+OOlfYAvQv80vzBnW/kb8M= HTTP/1.1" 200 1095
186.80.52.212 - - [14/Sep/2023:11:13:58 -0500] "POST /sipse/faces/presentacion/financiero/solicitudProceso/listarSolicitudProceso.xhtml HTTP/1.1" 200 29775
186.80.52.212 - - [14/Sep/2023:11:13:59 -0500] "POST /sipse/faces/presentacion/financiero/solicitudProceso/listarSolicitudProceso.xhtml HTTP/1.1" 200 1404
186.80.52.212 - - [14/Sep/2023:11:13:59 -0500] "POST /sipse/faces/presentacion/financiero/solicitudProceso/listarSolicitudProceso.xhtml HTTP/1.1" 200 1392
186.102.114.201 - - [14/Sep/2023:11:13:59 -0500] "GET /kwssiamovil/sm/cjson/pre?f=17&x=U2FsdGVkX1/uhaYwHK9090zn5pv2sBT5iM7rwJ5+w9SN4IRigPmdgUni4YrAjj41 HTTP/1.1" 200 12747
186.80.52.212 - - [14/Sep/2023:11:13:59 -0500] "POST /sipse/faces/presentacion/financiero/solicitudProceso/listarSolicitudProceso.xhtml HTTP/1.1" 200 1408
186.102.114.201 - - [14/Sep/2023:11:13:59 -0500] "GET /kwssiamovil/sm/cjson/pre?f=4&x=U2FsdGVkX1/uhaYwHK9090zn5pv2sBT5iM7rwJ5+w9SN4IRigPmdgUni4YrAjj41 HTTP/1.1" 200 33589
186.102.114.201 - - [14/Sep/2023:11:13:59 -0500] "GET /kwssiamovil/sm/cjson/pre?f=6&x=U2FsdGVkX1/uhaYwHK9090zn5pv2sBT5iM7rwJ5+w9SN4IRigPmdgUni4YrAjj41 HTTP/1.1" 200 34953
186.80.52.212 - - [14/Sep/2023:11:14:01 -0500] "POST /sipse/faces/presentacion/financiero/solicitudProceso/listarSolicitudProceso.xhtml HTTP/1.1" 200 18781
186.102.114.201 - - [14/Sep/2023:11:13:59 -0500] "GET /kwssiamovil/sm/cjson/pre?f=8&x=U2FsdGVkX1/uhaYwHK9090zn5pv2sBT5iM7rwJ5+w9SN4IRigPmdgUni4YrAjj41 HTTP/1.1" 200 36010
186.102.114.201 - - [14/Sep/2023:11:13:59 -0500] "GET /kwssiamovil/sm/cjson/pre?f=5&x=U2FsdGVkX1/uhaYwHK9090zn5pv2sBT5iM7rwJ5+w9SN4IRigPmdgUni4YrAjj41 HTTP/1.1" 200 96431
186.80.52.212 - - [14/Sep/2023:11:14:01 -0500] "POST /sipse/faces/presentacion/financiero/solicitudProceso/listarSolicitudProceso.xhtml HTTP/1.1" 200 1404
186.102.114.201 - - [14/Sep/2023:11:13:59 -0500] "GET /kwssiamovil/sm/cjson/pre?f=7&x=U2FsdGVkX1/uhaYwHK9090zn5pv2sBT5iM7rwJ5+w9SN4IRigPmdgUni4YrAjj41 HTTP/1.1" 200 93332
186.80.52.212 - - [14/Sep/2023:11:14:02 -0500] "POST /sipse/faces/presentacion/financiero/solicitudProceso/listarSolicitudProceso.xhtml HTTP/1.1" 200 13697
186.102.114.201 - - [14/Sep/2023:11:13:59 -0500] "GET /kwssiamovil/sm/cjson/pre?f=3&x=U2FsdGVkX1/uhaYwHK9090zn5pv2sBT5iM7rwJ5+w9SN4IRigPmdgUni4YrAjj41 HTTP/1.1" 200 94843
186.80.52.212 - - [14/Sep/2023:11:14:02 -0500] "POST /sipse/faces/presentacion/financiero/solicitudProceso/listarSolicitudProceso.xhtml HTTP/1.1" 200 25615
186.80.52.212 - - [14/Sep/2023:11:14:17 -0500] "POST /sipse/faces/presentacion/financiero/solicitudProceso/listarSolicitudProceso.xhtml HTTP/1.1" 200 155871
186.80.52.212 - - [14/Sep/2023:11:14:18 -0500] "GET /sipse/faces/javax.faces.resource/theme.css?ln=primefaces-sipse HTTP/1.1" 304 -
186.80.52.212 - - [14/Sep/2023:11:14:18 -0500] "GET /sipse/faces/javax.faces.resource/jquery/jquery.js?ln=primefaces&v=4.0 HTTP/1.1" 304 -
186.80.52.212 - - [14/Sep/2023:11:14:18 -0500] "GET /sipse/faces/javax.faces.resource/primefaces.css?ln=primefaces&v=4.0 HTTP/1.1" 304 -
186.80.52.212 - - [14/Sep/2023:11:14:18 -0500] "GET /sipse/faces/javax.faces.resource/layout/layout.css?ln=primefaces&v=4.0 HTTP/1.1" 304 -
186.80.52.212 - - [14/Sep/2023:11:14:18 -0500] "GET /sipse/faces/javax.faces.resource/jquery/jquery-plugins.js?ln=primefaces&v=4.0 HTTP/1.1" 304 -
186.80.52.212 - - [14/Sep/2023:11:14:18 -0500] "GET /sipse/faces/javax.faces.resource/primefaces.js?ln=primefaces&v=4.0 HTTP/1.1" 304 -
186.80.52.212 - - [14/Sep/2023:11:14:18 -0500] "GET /sipse/faces/javax.faces.resource/layout/layout.js?ln=primefaces&v=4.0 HTTP/1.1" 304 -
186.102.44.127 - - [14/Sep/2023:11:14:42 -0500] "GET /BLA/resoluciones/RESOLUCIONES%202011/4747.pdf HTTP/1.1" 200 545196
31.13.103.116 - - [14/Sep/2023:11:14:51 -0500] "GET /images/cr\xc3\xb3nica-29-nov-1_optimized.jpeg HTTP/1.1" 404 1034
201.245.192.253 - - [14/Sep/2023:11:14:52 -0500] "POST /forms/lservlet;jsessionid=ac16012b30d63d978f376e20424bb3f6ff930e63d6af.e3iSbxaKaheRe34Pbx8Nc3aQci1ynknvrkLOlQzNp65In0 HTTP/1.1" 200 2
186.102.44.127 - - [14/Sep/2023:11:15:02 -0500] "GET /BLA/resoluciones/index.php?dir=AUTOS+2011%2F HTTP/1.1" 200 636751
186.102.44.127 - - [14/Sep/2023:11:15:07 -0500] "GET /BLA/resoluciones/AUTOS%202011/3278.pdf HTTP/1.1" 200 216341
66.249.70.196 - - [14/Sep/2023:11:15:12 -0500] "GET /BLA/resoluciones/RESOLUCIONES%202009/4482.pdf HTTP/1.1" 200 125284
20.15.133.185 - - [14/Sep/2023:11:15:33 -0500] "GET /Publicaciones/2023EE192164.pdf HTTP/1.1" 404 228
201.245.192.253 - - [14/Sep/2023:11:15:44 -0500] "POST /forms/lservlet;jsessionid=ac16012b30d6d19c31849e654dd38cb0cf62d49b9509.e3iSbxaKaheRe34Pbx8Nc3aQci1ynknvrkLOlQzNp65In0 HTTP/1.1" 200 2
186.102.114.201 - - [14/Sep/2023:11:16:44 -0500] "GET /kwssiamovil/sm/ldap/au?x=U2FsdGVkX19Xm5gSsfWji9L3FFhb8y3JS8ASzSdmbFinRhBsbgqm7nepkEzWjdRx&y=U2FsdGVkX18I7FuGRO2gsr6vpwNbSjyQsPcykeDlsCo= HTTP/1.1" 200 30
186.102.114.201 - - [14/Sep/2023:11:16:44 -0500] "GET /kwssiamovil/sm/acme/s?s=U2FsdGVkX1+RjIraLY1tY93yiP66NENvO1KhiMupbnPsgybqhDJRE+HEoTbiNAeAKMo4UKr8BT0jR3yIociX+B1PPW304C9rnjfj8LtJBVA=&u=U2FsdGVkX1+KK3J0EjxQ+0WWd9ZoXtUe86psYfG165Y=&y=U2FsdGVkX18I7FuGRO2gsr6vpwNbSjyQsPcykeDlsCo= HTTP/1.1" 200 97
186.102.114.201 - - [14/Sep/2023:11:16:45 -0500] "GET /kwssiamovil/sm/acme/s?s=U2FsdGVkX19/E+59NcYe6AkIM1t9EEs2FPH7vpu+Q+7A5Ks1ieYPRApW2PwvcQ6RIFQVx9+1dAlPP/eES6ypyz9Okes/YhFJPcRHlqAgsOHFrvDSXG7Rj6J/W684+TYECSe4hdFVp7bdlZnwxTaWss7WMNnPDIhvUmOFUrUTqou7InWiVpAYefaMKIubR5eP7zzZPq1M4kDp7sAi4VpHCxlGSA9O0pR7y5dLF+pCCaTWgdSfPw6hdF3hD05uBfoyOLGqvR/XwuqVnWYFZDkIE0E+UZcpRTV5MIQvaP5O+lS8YCZCOvhUfRjaCHo++kdSPssyBXzNWZV8miNivvbfkJXWaiIVvnZQoVMly+K4o5VeErpjtZ/rqwtlQqHCkFmuYmZ6CNbTtAUeQXWH8F1P1Ic69oROUnM+grAqbesOZs2cGA8+mfEYc4PY2qRkdxAiY41erwFsM6rCidsT5m7cnOsgPhSzs3po8qL7eSihZLagiLRy5rUePaxx9mN74HgnighA6MrbWZKXrEqi99qyTMdlpgAtKu9OzBqHNPkPXGehcAH2ySkyolPm6oB0V8u27/nBquQZI55c/1unoWAlVK9soDZ1BqI6FJBotTc2AZmXTTCf3DUbNAgFsr/A6eMQ9BwKUL9YBfsoiYtzZZgU9u3SEZGr5VSuW44cFxf8Wi+tHqljMz9IuMleTh93W4rxgVTmgq/l+5NrKcq6HDkXOALo8WmbiWb6915dlASP8x8Fn1lc42dci1L1nPquo8JwiK/L6r8K7i84/9kHMkADBXG0qS6kLrp19yo4Jpa/rGHduORDCDeNZ6q2qdtefiG0CK0WrAPqwF9Vzr4YZEZe8jZQDOPYCh70qNEjZbFKDBC0p2CbuC948r4oxWLK/RSDw22SZHLK5E8pbOXiF5RHcvMAHpjce2exRGDJWAcTktV3rGzunZ7DU1ANzDeNYL9zq1FcNbzNnj6eeqpium7RR54HiDdIvmiIqSkT0RrR8DKgSrAgqX4r50MCTTfY6bcUvJqRGethed5FS+2sHvKB5fp0RoNGWxvl/eKJuz/QH4I+VZRMZaUJzCCSGT9KY1smsZ7R3sPws5m4h3v4ijcuFzkPuo2twPurhhhaeGORd0Lj+HMVwZ49am9oYepsFsxWW7kOWx0gxyOVtg7l4RQiLLj88rfvtFyVwOGjyhi3ga5tlWAtSuQbaSn24gX9THSEPGM+ChZlrEVudOLw/EGZuCIYdIfVrAeNkxubXl1Cdo8RezzMq3ByhxMxI5BU9pVabXHZPWb1++kCuab+Co1c9Hv6s3jyIX2SNdTkfO6jPogQoxHkkMU+dY0Krd/era0uNuWhLakAGMNMq5OmGqTTnQjr2Nd9ANxqk/SVpBjZK8bdrBfALLT7sIwobl3JpfcnzgrgW0kKlaV/b5PGjlc40/TxLx4ClVLLaUuzq+nOdo224018tNTad078GDmiCG30zajcPs+PwNOpnzPeJzOzJSxxeC7pLcosJZ0YGidtXXCPb9IS2ZIw5VnPYRMGT3fo+WyYrprL0fQqPK1LIWp984IhYOiLIMWBdnyioQqgFfOO3+JCA1Ll6isbD6gEc+Nqd28qRPyj9WJwEHYZSkXR5Yqq38UBBTee6w1vonTgr5RkJ08kongBf5MNrgwhOhT/cnTMK3thgRsxZzWOlpdlIRc6qcXaNNcGVDQOl+u2Bjoe8QM646T6PdCFG6pgPuLPU5UwlrGB2Ur02+XDWkZ77t27q5helJr9LHmj2hbO2EU=&u=U2FsdGVkX1+KK3J0EjxQ+0WWd9ZoXtUe86psYfG165Y=&y=U2FsdGVkX18I7FuGRO2gsr6vpwNbSjyQsPcykeDlsCo= HTTP/1.1" 200 912
186.102.114.201 - - [14/Sep/2023:11:16:45 -0500] "GET /kwssiamovil/sm/acme/s?s=U2FsdGVkX19lfgBM5Kui3tBHg/uh1ZaixFjsH+qJ1MGoHYXJ4VJc3iwotbrgDk/YqJ7Z7ml/2R6pHH3VGMapIMqp18oFcd133jbs0jTnvpU0P9L2FPljFUvQ9iC2XQdPUT8SN7jPgn9N/TZvLwmIHQ==&u=U2FsdGVkX1+KK3J0EjxQ+0WWd9ZoXtUe86psYfG165Y=&y=U2FsdGVkX18I7FuGRO2gsr6vpwNbSjyQsPcykeDlsCo= HTTP/1.1" 200 92
186.102.114.201 - - [14/Sep/2023:11:16:45 -0500] "GET /kwssiamovil/sm/acme/s?s=U2FsdGVkX19ZW9XkNXK1ujNICZx15otptndRNTofPWDBDB9aas23+yQRDD4j+BwOi4n0rfaV9rPy9PIVuKPRg/F+tkAz/7pHy44oSFpDvAKsS6UHNCckfUWYNJln6kkVLzbBX5KJ+MvG1r7ghZInE5wcHj5ombQQDMA11JJVFv0feDYZ4uDbA6MEZGkI/1koDUZ4cwD47M0oNERnBaFDj7eqiwk+L90dlVZOH+CKV7Trnn+CWliBKIbof7XPoooplvKYT4+vam12vhQSU2WPsX/YBuAsouxMzVt6Aik4xXTI/7NMLQbvb0YyyAGzktRMsxxIo//BA1Ee+2RttvmA/322Qat1XbFWqhFmlVSOkjl4g7Km3QaLpuTFCiPPvisvzAciLZWr2H5uItGVoOHj1RrMH8HtxA+E/uV0gBrGl/GKfcA32l3c32Ac9oazJru2m99nVG7rs+bkwXrdyVB2ZP9y1abDYAueK+GG5cBge8NgyiyEmkWGWLptrlQBQQVO0BG4CNt1T+oSSpa/FQ2s8x1yVJNklknkrcVT1hcQykpRWxPhCQ5A7IwxXTNO0IdvxyX5zRuog5OXHlqWM68JGdu5pIb9l+a4oZENAWO65IwRXdJgPtj45uawo0dfiS2dL+X9TvPQTkuAgI4p6VoRXIq+CbuhZWnF1YLJwlDeE5dgNE64gog6deDshp/QBLztyznwvGasz34GbY1PahEHGsUvZV1JQ+G9Vjp/gK0ocZXhQsqrCEfzu6354X8Re2Cs&u=U2FsdGVkX1+KK3J0EjxQ+0WWd9ZoXtUe86psYfG165Y=&y=U2FsdGVkX18I7FuGRO2gsr6vpwNbSjyQsPcykeDlsCo= HTTP/1.1" 200 1095
186.102.114.201 - - [14/Sep/2023:11:16:45 -0500] "GET /kwssiamovil/sm/cjson/pre?f=17&x=U2FsdGVkX19Xm5gSsfWji9L3FFhb8y3JS8ASzSdmbFinRhBsbgqm7nepkEzWjdRx HTTP/1.1" 200 12747
186.102.114.201 - - [14/Sep/2023:11:16:45 -0500] "GET /kwssiamovil/sm/cjson/pre?f=6&x=U2FsdGVkX19Xm5gSsfWji9L3FFhb8y3JS8ASzSdmbFinRhBsbgqm7nepkEzWjdRx HTTP/1.1" 200 34953
186.102.114.201 - - [14/Sep/2023:11:16:46 -0500] "GET /kwssiamovil/sm/cjson/pre?f=8&x=U2FsdGVkX19Xm5gSsfWji9L3FFhb8y3JS8ASzSdmbFinRhBsbgqm7nepkEzWjdRx HTTP/1.1" 200 36010
186.102.114.201 - - [14/Sep/2023:11:16:45 -0500] "GET /kwssiamovil/sm/cjson/pre?f=3&x=U2FsdGVkX19Xm5gSsfWji9L3FFhb8y3JS8ASzSdmbFinRhBsbgqm7nepkEzWjdRx HTTP/1.1" 200 94843
186.102.114.201 - - [14/Sep/2023:11:16:45 -0500] "GET /kwssiamovil/sm/cjson/pre?f=4&x=U2FsdGVkX19Xm5gSsfWji9L3FFhb8y3JS8ASzSdmbFinRhBsbgqm7nepkEzWjdRx HTTP/1.1" 200 33589
186.102.114.201 - - [14/Sep/2023:11:16:45 -0500] "GET /kwssiamovil/sm/cjson/pre?f=5&x=U2FsdGVkX19Xm5gSsfWji9L3FFhb8y3JS8ASzSdmbFinRhBsbgqm7nepkEzWjdRx HTTP/1.1" 200 96431
186.102.114.201 - - [14/Sep/2023:11:16:45 -0500] "GET /kwssiamovil/sm/cjson/pre?f=7&x=U2FsdGVkX19Xm5gSsfWji9L3FFhb8y3JS8ASzSdmbFinRhBsbgqm7nepkEzWjdRx HTTP/1.1" 200 93332
201.245.192.253 - - [14/Sep/2023:11:16:52 -0500] "POST /forms/lservlet;jsessionid=ac16012b30d63d978f376e20424bb3f6ff930e63d6af.e3iSbxaKaheRe34Pbx8Nc3aQci1ynknvrkLOlQzNp65In0 HTTP/1.1" 200 2
172.22.2.4 - - [14/Sep/2023:11:17:16 -0500] "GET /BLA/boletinlegal/actos.php HTTP/1.1" 200 9682
172.22.2.4 - - [14/Sep/2023:11:17:16 -0500] "GET /BLA/boletinlegal/niceforms-default.css HTTP/1.1" 200 6694
172.22.2.4 - - [14/Sep/2023:11:17:16 -0500] "GET /BLA/boletinlegal/style.css HTTP/1.1" 200 9406
172.22.2.4 - - [14/Sep/2023:11:17:16 -0500] "GET /BLA/boletinlegal/niceforms.js HTTP/1.1" 200 22876
172.22.2.4 - - [14/Sep/2023:11:17:16 -0500] "GET /BLA/boletinlegal/js/lib.js HTTP/1.1" 200 6474
172.22.2.4 - - [14/Sep/2023:11:17:16 -0500] "GET /BLA/boletinlegal/js/ajax_actos.js HTTP/1.1" 200 1322
172.22.2.4 - - [14/Sep/2023:11:17:16 -0500] "GET /BLA/boletinlegal/js/jquery1.js HTTP/1.1" 200 29846
172.22.2.4 - - [14/Sep/2023:11:17:16 -0500] "GET /BLA/boletinlegal/js/popup.js HTTP/1.1" 200 1270
172.22.2.4 - - [14/Sep/2023:11:17:16 -0500] "GET /BLA/boletinlegal/styles2.css HTTP/1.1" 200 1838
172.22.2.4 - - [14/Sep/2023:11:17:16 -0500] "GET /BLA/boletinlegal/images/cabezote%20BLEGAL.jpg HTTP/1.1" 200 118164
172.22.2.4 - - [14/Sep/2023:11:17:16 -0500] "GET /BLA/boletinlegal/images/subscribe-icon-big.png HTTP/1.1" 200 47702
172.22.2.4 - - [14/Sep/2023:11:17:16 -0500] "GET /BLA/boletinlegal/images/historia.png HTTP/1.1" 200 52775
172.22.2.4 - - [14/Sep/2023:11:17:16 -0500] "GET /BLA/boletinlegal/images/registro-usuarios.png HTTP/1.1" 200 8106
172.22.2.4 - - [14/Sep/2023:11:17:16 -0500] "GET /BLA/boletinlegal/images/green-yellow-blue-pink-th.png HTTP/1.1" 200 7394
172.22.2.4 - - [14/Sep/2023:11:17:16 -0500] "GET /BLA/boletinlegal/images/tel.png HTTP/1.1" 200 14477
172.22.2.4 - - [14/Sep/2023:11:17:16 -0500] "GET /BLA/boletinlegal/images/icono-email.png HTTP/1.1" 200 5544
172.22.2.4 - - [14/Sep/2023:11:17:16 -0500] "GET /BLA/boletinlegal/images/body_bg.jpg HTTP/1.1" 200 1601
172.22.2.4 - - [14/Sep/2023:11:17:16 -0500] "GET /BLA/boletinlegal/images/menu_lft.gif HTTP/1.1" 200 1713
172.22.2.4 - - [14/Sep/2023:11:17:16 -0500] "GET /BLA/boletinlegal/images/menu_rght.gif HTTP/1.1" 200 1627
172.22.2.4 - - [14/Sep/2023:11:17:16 -0500] "GET /BLA/boletinlegal/images/bg_top.jpg HTTP/1.1" 200 522
172.22.2.4 - - [14/Sep/2023:11:17:16 -0500] "GET /BLA/boletinlegal/images/menu_bg.jpg HTTP/1.1" 200 620
172.22.2.4 - - [14/Sep/2023:11:17:16 -0500] "GET /BLA/boletinlegal/images/hover.jpg HTTP/1.1" 200 640
172.22.2.4 - - [14/Sep/2023:11:17:16 -0500] "GET /BLA/boletinlegal/images/text.jpg HTTP/1.1" 200 568
172.22.2.4 - - [14/Sep/2023:11:17:16 -0500] "GET /BLA/boletinlegal/images/footer_bg.jpg HTTP/1.1" 200 586
172.22.2.4 - - [14/Sep/2023:11:17:16 -0500] "GET /BLA/boletinlegal/images/footer_bg_l.jpg HTTP/1.1" 200 776
172.22.2.4 - - [14/Sep/2023:11:17:17 -0500] "GET /BLA/boletinlegal/img/0.png HTTP/1.1" 200 110
172.22.2.4 - - [14/Sep/2023:11:17:17 -0500] "GET /BLA/boletinlegal/img/select-left.png HTTP/1.1" 200 263
172.22.2.4 - - [14/Sep/2023:11:17:17 -0500] "GET /BLA/boletinlegal/img/button-left.png HTTP/1.1" 200 57071
172.22.2.4 - - [14/Sep/2023:11:17:17 -0500] "GET /BLA/boletinlegal/img/select-right.png HTTP/1.1" 200 44019
172.22.2.4 - - [14/Sep/2023:11:17:17 -0500] "GET /BLA/boletinlegal/img/button.png HTTP/1.1" 200 43241
172.22.2.4 - - [14/Sep/2023:11:17:17 -0500] "GET /BLA/boletinlegal/img/button-right.png HTTP/1.1" 200 57878
172.22.2.4 - - [14/Sep/2023:11:17:17 -0500] "GET /BLA/boletinlegal/favicon.ico HTTP/1.1" 404 1326
186.102.44.127 - - [14/Sep/2023:11:17:16 -0500] "GET /BLA/resoluciones/index.php?dir=RESOLUCIONES+2013%2F HTTP/1.1" 200 238278
186.102.44.127 - - [14/Sep/2023:11:17:17 -0500] "GET /BLA/resoluciones/dlf/doc.gif HTTP/1.1" 200 1079
172.22.2.4 - - [14/Sep/2023:11:17:20 -0500] "GET /BLA/boletinlegal/consulta_actos.php?tipo=autos&no=0631&usuario=&sector=&fecha=2023&resuelve= HTTP/1.1" 200 1077
172.22.2.4 - - [14/Sep/2023:11:17:20 -0500] "GET /BLA/boletinlegal/images/pdf.gif HTTP/1.1" 200 567
186.102.44.127 - - [14/Sep/2023:11:17:22 -0500] "GET /BLA/resoluciones/RESOLUCIONES%202013/2720.pdf HTTP/1.1" 200 415125
216.245.221.92 - - [14/Sep/2023:11:17:25 -0500] "HEAD / HTTP/1.1" 200 -
201.245.192.253 - - [14/Sep/2023:11:17:44 -0500] "POST /forms/lservlet;jsessionid=ac16012b30d6d19c31849e654dd38cb0cf62d49b9509.e3iSbxaKaheRe34Pbx8Nc3aQci1ynknvrkLOlQzNp65In0 HTTP/1.1" 200 2
201.245.192.253 - - [14/Sep/2023:11:17:58 -0500] "POST /kwsrmcab/Wsrmcab  HTTP/1.1" 200 42865
216.244.66.195 - - [14/Sep/2023:11:18:18 -0500] "GET /BLA/resoluciones/RESOLUCIONES%202019/3113.pdf HTTP/1.1" 200 959332
201.245.192.253 - - [14/Sep/2023:11:18:21 -0500] "POST /kwsrmcab/Wsrmcab HTTP/1.1" 200 43294
201.245.192.253 - - [14/Sep/2023:11:18:24 -0500] "POST /kwsrmcab/Wsrmcab HTTP/1.1" 200 43453
216.244.66.195 - - [14/Sep/2023:11:18:52 -0500] "GET /BLA/resoluciones/RESOLUCIONES%202019/3231.pdf HTTP/1.1" 200 400063
201.245.192.253 - - [14/Sep/2023:11:18:52 -0500] "POST /forms/lservlet;jsessionid=ac16012b30d63d978f376e20424bb3f6ff930e63d6af.e3iSbxaKaheRe34Pbx8Nc3aQci1ynknvrkLOlQzNp65In0 HTTP/1.1" 200 2
172.22.2.4 - - [14/Sep/2023:11:17:15 -0500] "HEAD /BLA/boletinlegal/ HTTP/1.1" 200 -
216.244.66.195 - - [14/Sep/2023:11:19:42 -0500] "GET /BLA/resoluciones/RESOLUCIONES%202019/3284.pdf HTTP/1.1" 200 318139
201.245.192.253 - - [14/Sep/2023:11:19:44 -0500] "POST /forms/lservlet;jsessionid=ac16012b30d6d19c31849e654dd38cb0cf62d49b9509.e3iSbxaKaheRe34Pbx8Nc3aQci1ynknvrkLOlQzNp65In0 HTTP/1.1" 200 2
172.22.2.4 - - [14/Sep/2023:11:18:06 -0500] "GET /BLA/boletinlegal/ HTTP/1.1" 200 58981
201.245.192.253 - - [14/Sep/2023:11:19:47 -0500] "GET /sipse/faces/index.xhtml HTTP/1.1" 200 677
201.245.192.253 - - [14/Sep/2023:11:19:47 -0500] "GET /sipse/faces/javax.faces.resource/theme.css?ln=primefaces-sipse HTTP/1.1" 304 -
201.245.192.253 - - [14/Sep/2023:11:19:47 -0500] "GET /sipse/faces/faces/autenticacion.xhtml HTTP/1.1" 200 12183
201.245.192.253 - - [14/Sep/2023:11:19:47 -0500] "GET /sipse/js/disable_browser_buttons.js HTTP/1.1" 304 -
201.245.192.253 - - [14/Sep/2023:11:19:47 -0500] "GET /sipse/css/custom_css_sg.css HTTP/1.1" 304 -
201.245.192.253 - - [14/Sep/2023:11:19:47 -0500] "GET /sipse/css/custom_css_sg_prime_login.css HTTP/1.1" 304 -
201.245.192.253 - - [14/Sep/2023:11:19:47 -0500] "GET /sipse/faces/javax.faces.resource/primefaces.css?ln=primefaces&v=4.0 HTTP/1.1" 304 -
201.245.192.253 - - [14/Sep/2023:11:19:47 -0500] "GET /sipse/faces/javax.faces.resource/theme.css?ln=primefaces-sipse HTTP/1.1" 304 -
201.245.192.253 - - [14/Sep/2023:11:19:47 -0500] "GET /sipse/js/funciones.js HTTP/1.1" 304 -
201.245.192.253 - - [14/Sep/2023:11:19:47 -0500] "GET /sipse/faces/javax.faces.resource/layout/layout.css?ln=primefaces&v=4.0 HTTP/1.1" 304 -
201.245.192.253 - - [14/Sep/2023:11:19:47 -0500] "GET /sipse/faces/javax.faces.resource/jquery/jquery.js?ln=primefaces&v=4.0 HTTP/1.1" 304 -
201.245.192.253 - - [14/Sep/2023:11:19:47 -0500] "GET /sipse/faces/javax.faces.resource/jquery/jquery-plugins.js?ln=primefaces&v=4.0 HTTP/1.1" 304 -
201.245.192.253 - - [14/Sep/2023:11:19:47 -0500] "GET /sipse/faces/javax.faces.resource/primefaces.js?ln=primefaces&v=4.0 HTTP/1.1" 304 -
201.245.192.253 - - [14/Sep/2023:11:19:47 -0500] "GET /sipse/faces/javax.faces.resource/layout/layout.js?ln=primefaces&v=4.0 HTTP/1.1" 304 -
201.245.192.253 - - [14/Sep/2023:11:19:47 -0500] "GET /sipse/css/imagen/logoSDG.png HTTP/1.1" 304 -
201.245.192.253 - - [14/Sep/2023:11:19:47 -0500] "GET /sipse/css/imagen/loginimg.png HTTP/1.1" 304 -
201.245.192.253 - - [14/Sep/2023:11:19:47 -0500] "GET /sipse/faces/javax.faces.resource/images/ui-icons_898989_256x240.png?ln=primefaces-aristo HTTP/1.1" 304 -
201.245.192.253 - - [14/Sep/2023:11:19:49 -0500] "POST /sipse/faces/autenticacion.xhtml HTTP/1.1" 200 12793
201.245.192.253 - - [14/Sep/2023:11:19:49 -0500] "GET /sipse/css/custom_css_sg_prime.css HTTP/1.1" 304 -
201.245.192.253 - - [14/Sep/2023:11:19:49 -0500] "GET /sipse/faces/javax.faces.resource/theme.css?ln=primefaces-sipse HTTP/1.1" 304 -
201.245.192.253 - - [14/Sep/2023:11:19:49 -0500] "GET /sipse/faces/javax.faces.resource/primefaces.css?ln=primefaces&v=4.0 HTTP/1.1" 304 -
201.245.192.253 - - [14/Sep/2023:11:19:49 -0500] "GET /sipse/faces/javax.faces.resource/layout/layout.css?ln=primefaces&v=4.0 HTTP/1.1" 304 -
201.245.192.253 - - [14/Sep/2023:11:19:49 -0500] "GET /sipse/faces/javax.faces.resource/jquery/jquery.js?ln=primefaces&v=4.0 HTTP/1.1" 304 -
201.245.192.253 - - [14/Sep/2023:11:19:49 -0500] "GET /sipse/faces/javax.faces.resource/jquery/jquery-plugins.js?ln=primefaces&v=4.0 HTTP/1.1" 304 -
201.245.192.253 - - [14/Sep/2023:11:19:49 -0500] "GET /sipse/faces/javax.faces.resource/primefaces.js?ln=primefaces&v=4.0 HTTP/1.1" 304 -
201.245.192.253 - - [14/Sep/2023:11:19:49 -0500] "GET /sipse/faces/javax.faces.resource/layout/layout.js?ln=primefaces&v=4.0 HTTP/1.1" 304 -
201.245.192.253 - - [14/Sep/2023:11:19:49 -0500] "GET /sipse/faces/javax.faces.resource/messages/messages.png?ln=primefaces&v=4.0 HTTP/1.1" 304 -
201.245.192.253 - - [14/Sep/2023:11:19:53 -0500] "POST /sipse/faces/presentacion/sistema/seguridad/seleccionRol.xhtml HTTP/1.1" 200 7225
201.245.192.253 - - [14/Sep/2023:11:19:54 -0500] "POST /sipse/faces/presentacion/sistema/seguridad/seleccionRol.xhtml HTTP/1.1" 200 16347
201.245.192.253 - - [14/Sep/2023:11:19:56 -0500] "GET /sipse/faces/javax.faces.resource/primefaces.css?ln=primefaces&v=4.0 HTTP/1.1" 304 -
201.245.192.253 - - [14/Sep/2023:11:19:56 -0500] "GET /sipse/faces/javax.faces.resource/layout/layout.css?ln=primefaces&v=4.0 HTTP/1.1" 304 -
201.245.192.253 - - [14/Sep/2023:11:19:56 -0500] "GET /sipse/faces/javax.faces.resource/theme.css?ln=primefaces-sipse HTTP/1.1" 304 -
201.245.192.253 - - [14/Sep/2023:11:19:56 -0500] "GET /sipse/js/jquery.min.js HTTP/1.1" 304 -
201.245.192.253 - - [14/Sep/2023:11:19:56 -0500] "GET /sipse/faces/javax.faces.resource/jquery/jquery.js?ln=primefaces&v=4.0 HTTP/1.1" 304 -
201.245.192.253 - - [14/Sep/2023:11:19:56 -0500] "GET /sipse/faces/javax.faces.resource/jquery/jquery-plugins.js?ln=primefaces&v=4.0 HTTP/1.1" 304 -
201.245.192.253 - - [14/Sep/2023:11:19:57 -0500] "GET /sipse/faces/javax.faces.resource/primefaces.js?ln=primefaces&v=4.0 HTTP/1.1" 304 -
201.245.192.253 - - [14/Sep/2023:11:19:57 -0500] "GET /sipse/faces/javax.faces.resource/layout/layout.js?ln=primefaces&v=4.0 HTTP/1.1" 304 -
201.245.192.253 - - [14/Sep/2023:11:19:57 -0500] "GET /sipse/css/v_mergente.css HTTP/1.1" 304 -
201.245.192.253 - - [14/Sep/2023:11:19:57 -0500] "GET /sipse/imagenes/cargando.gif HTTP/1.1" 304 -
201.245.192.253 - - [14/Sep/2023:11:19:57 -0500] "GET /sipse/imagenes/logoAplicacion.jpg HTTP/1.1" 304 -
201.245.192.253 - - [14/Sep/2023:11:19:57 -0500] "GET /sipse/css/imagen/contrasena.png HTTP/1.1" 404 383
201.245.192.253 - - [14/Sep/2023:11:19:58 -0500] "GET /sipse/faces/javax.faces.resource/images/ui-bg_flat_0_2d5972_40x100.png?ln=primefaces-aristo HTTP/1.1" 304 -
201.245.192.253 - - [14/Sep/2023:11:19:58 -0500] "POST /sipse/faces/bienvenido.xhtml HTTP/1.1" 200 2073
201.245.192.253 - - [14/Sep/2023:11:19:58 -0500] "POST /sipse/faces/bienvenido.xhtml HTTP/1.1" 200 193
186.102.44.127 - - [14/Sep/2023:11:19:58 -0500] "GET /BLA/resoluciones/index.php?dir=AUTOS+2009%2F HTTP/1.1" 200 399860
201.245.192.253 - - [14/Sep/2023:11:19:59 -0500] "GET /sipse/faces/presentacion/financiero/solicitudAnulacion/consultarSolicitudAnulacion.xhtml HTTP/1.1" 200 35237
201.245.192.253 - - [14/Sep/2023:11:19:59 -0500] "GET /sipse/faces/javax.faces.resource/theme.css?ln=primefaces-sipse HTTP/1.1" 304 -
201.245.192.253 - - [14/Sep/2023:11:19:59 -0500] "GET /sipse/faces/javax.faces.resource/primefaces.css?ln=primefaces&v=4.0 HTTP/1.1" 304 -
201.245.192.253 - - [14/Sep/2023:11:19:59 -0500] "GET /sipse/faces/javax.faces.resource/layout/layout.css?ln=primefaces&v=4.0 HTTP/1.1" 304 -
201.245.192.253 - - [14/Sep/2023:11:19:59 -0500] "GET /sipse/faces/javax.faces.resource/primefaces.js?ln=primefaces&v=4.0 HTTP/1.1" 304 -
201.245.192.253 - - [14/Sep/2023:11:19:59 -0500] "GET /sipse/faces/javax.faces.resource/jquery/jquery.js?ln=primefaces&v=4.0 HTTP/1.1" 304 -
201.245.192.253 - - [14/Sep/2023:11:19:59 -0500] "GET /sipse/faces/javax.faces.resource/jquery/jquery-plugins.js?ln=primefaces&v=4.0 HTTP/1.1" 304 -
201.245.192.253 - - [14/Sep/2023:11:19:59 -0500] "GET /sipse/faces/javax.faces.resource/layout/layout.js?ln=primefaces&v=4.0 HTTP/1.1" 304 -
201.245.192.253 - - [14/Sep/2023:11:19:59 -0500] "POST /sipse/faces/presentacion/financiero/solicitudAnulacion/consultarSolicitudAnulacion.xhtml HTTP/1.1" 200 10620
201.245.192.253 - - [14/Sep/2023:11:19:59 -0500] "POST /sipse/faces/presentacion/financiero/solicitudAnulacion/consultarSolicitudAnulacion.xhtml HTTP/1.1" 200 38990
201.245.192.253 - - [14/Sep/2023:11:20:00 -0500] "GET /sipse/faces/javax.faces.resource/theme.css?ln=primefaces-sipse HTTP/1.1" 304 -
201.245.192.253 - - [14/Sep/2023:11:20:00 -0500] "GET /sipse/faces/javax.faces.resource/primefaces.css?ln=primefaces&v=4.0 HTTP/1.1" 304 -
201.245.192.253 - - [14/Sep/2023:11:20:00 -0500] "GET /sipse/faces/javax.faces.resource/layout/layout.css?ln=primefaces&v=4.0 HTTP/1.1" 304 -
201.245.192.253 - - [14/Sep/2023:11:20:00 -0500] "GET /sipse/faces/javax.faces.resource/jquery/jquery.js?ln=primefaces&v=4.0 HTTP/1.1" 304 -
201.245.192.253 - - [14/Sep/2023:11:20:00 -0500] "GET /sipse/faces/javax.faces.resource/jquery/jquery-plugins.js?ln=primefaces&v=4.0 HTTP/1.1" 304 -
201.245.192.253 - - [14/Sep/2023:11:20:00 -0500] "GET /sipse/faces/javax.faces.resource/primefaces.js?ln=primefaces&v=4.0 HTTP/1.1" 304 -
201.245.192.253 - - [14/Sep/2023:11:20:00 -0500] "GET /sipse/faces/javax.faces.resource/layout/layout.js?ln=primefaces&v=4.0 HTTP/1.1" 304 -
201.245.192.253 - - [14/Sep/2023:11:20:02 -0500] "POST /sipse/faces/presentacion/financiero/solicitudProceso/consultar.xhtml HTTP/1.1" 200 9833
201.245.192.253 - - [14/Sep/2023:11:20:03 -0500] "POST /sipse/faces/presentacion/financiero/solicitudProceso/consultar.xhtml HTTP/1.1" 200 9845
66.249.70.197 - - [14/Sep/2023:11:20:04 -0500] "GET /BLA/resoluciones/RESOLUCIONES%202011/5311.pdf HTTP/1.1" 200 408600
201.245.192.253 - - [14/Sep/2023:11:20:06 -0500] "POST /sipse/faces/presentacion/financiero/solicitudProceso/consultar.xhtml HTTP/1.1" 200 9845
201.245.192.253 - - [14/Sep/2023:11:20:14 -0500] "POST /sipse/faces/presentacion/financiero/solicitudProceso/consultar.xhtml HTTP/1.1" 200 9845
186.80.52.212 - - [14/Sep/2023:11:20:20 -0500] "POST /sipse/faces/presentacion/financiero/solicitudProceso/consultarSolicitudProceso.xhtml HTTP/1.1" 200 49236
186.80.52.212 - - [14/Sep/2023:11:20:21 -0500] "GET /sipse/faces/javax.faces.resource/theme.css?ln=primefaces-sipse HTTP/1.1" 304 -
186.80.52.212 - - [14/Sep/2023:11:20:21 -0500] "GET /sipse/faces/javax.faces.resource/layout/layout.css?ln=primefaces&v=4.0 HTTP/1.1" 304 -
186.80.52.212 - - [14/Sep/2023:11:20:21 -0500] "GET /sipse/faces/javax.faces.resource/primefaces.css?ln=primefaces&v=4.0 HTTP/1.1" 304 -
186.80.52.212 - - [14/Sep/2023:11:20:21 -0500] "GET /sipse/faces/javax.faces.resource/jquery/jquery.js?ln=primefaces&v=4.0 HTTP/1.1" 304 -
186.80.52.212 - - [14/Sep/2023:11:20:21 -0500] "GET /sipse/faces/javax.faces.resource/primefaces.js?ln=primefaces&v=4.0 HTTP/1.1" 304 -
186.80.52.212 - - [14/Sep/2023:11:20:21 -0500] "GET /sipse/faces/javax.faces.resource/jquery/jquery-plugins.js?ln=primefaces&v=4.0 HTTP/1.1" 304 -
186.80.52.212 - - [14/Sep/2023:11:20:21 -0500] "GET /sipse/faces/javax.faces.resource/layout/layout.js?ln=primefaces&v=4.0 HTTP/1.1" 304 -
186.80.52.212 - - [14/Sep/2023:11:20:21 -0500] "GET /sipse/css/imagen/contrasena.png HTTP/1.1" 404 383
186.80.52.212 - - [14/Sep/2023:11:20:21 -0500] "GET /sipse/faces/javax.faces.resource/images/ui-icons_898989_256x240.png?ln=primefaces-aristo HTTP/1.1" 304 -
186.80.52.212 - - [14/Sep/2023:11:20:21 -0500] "GET /sipse/faces/javax.faces.resource/images/ui-bg_flat_0_2d5972_40x100.png?ln=primefaces-aristo HTTP/1.1" 304 -
186.80.52.212 - - [14/Sep/2023:11:20:21 -0500] "POST /sipse/faces/presentacion/financiero/solicitudProceso/listarSolicitudProceso.xhtml HTTP/1.1" 200 1464
186.80.52.212 - - [14/Sep/2023:11:20:21 -0500] "POST /sipse/faces/presentacion/financiero/solicitudProceso/listarSolicitudProceso.xhtml HTTP/1.1" 200 1464
186.102.44.127 - - [14/Sep/2023:11:20:21 -0500] "GET /BLA/resoluciones/index.php?dir=RESOLUCIONES+2009%2F HTTP/1.1" 200 1694101
201.245.192.253 - - [14/Sep/2023:11:20:28 -0500] "POST /sipse/faces/presentacion/financiero/solicitudProceso/consultar.xhtml HTTP/1.1" 200 9845
186.102.44.127 - - [14/Sep/2023:11:20:29 -0500] "GET /BLA/resoluciones/RESOLUCIONES%202009/4876.pdf HTTP/1.1" 200 733084
216.244.66.195 - - [14/Sep/2023:11:20:34 -0500] "GET /BLA/resoluciones/RESOLUCIONES%202019/3624.pdf HTTP/1.1" 200 298032
201.245.192.253 - - [14/Sep/2023:11:20:52 -0500] "POST /forms/lservlet;jsessionid=ac16012b30d63d978f376e20424bb3f6ff930e63d6af.e3iSbxaKaheRe34Pbx8Nc3aQci1ynknvrkLOlQzNp65In0 HTTP/1.1" 200 2
216.244.66.195 - - [14/Sep/2023:11:21:17 -0500] "GET /BLA/resoluciones/AUTOS%202012/2308.pdf HTTP/1.1" 200 266770
201.245.192.253 - - [14/Sep/2023:11:21:18 -0500] "POST /sipse/faces/presentacion/financiero/solicitudProceso/consultar.xhtml HTTP/1.1" 200 12747
201.245.192.253 - - [14/Sep/2023:11:21:38 -0500] "POST /sipse/faces/presentacion/financiero/solicitudProceso/consultar.xhtml HTTP/1.1" 200 12784
201.245.192.253 - - [14/Sep/2023:11:21:44 -0500] "POST /forms/lservlet;jsessionid=ac16012b30d6d19c31849e654dd38cb0cf62d49b9509.e3iSbxaKaheRe34Pbx8Nc3aQci1ynknvrkLOlQzNp65In0 HTTP/1.1" 200 2
201.245.192.253 - - [14/Sep/2023:11:21:49 -0500] "GET /sipse/faces/javax.faces.resource/images/ui-icons_898989_256x240.png?ln=primefaces-aristo HTTP/1.1" 304 -
201.245.192.253 - - [14/Sep/2023:11:21:49 -0500] "POST /sipse/faces/presentacion/financiero/solicitudProceso/consultar.xhtml HTTP/1.1" 200 98366
201.245.192.253 - - [14/Sep/2023:11:21:50 -0500] "GET /sipse/faces/javax.faces.resource/theme.css?ln=primefaces-sipse HTTP/1.1" 304 -
201.245.192.253 - - [14/Sep/2023:11:21:50 -0500] "GET /sipse/faces/javax.faces.resource/primefaces.css?ln=primefaces&v=4.0 HTTP/1.1" 304 -
201.245.192.253 - - [14/Sep/2023:11:21:50 -0500] "GET /sipse/faces/javax.faces.resource/layout/layout.css?ln=primefaces&v=4.0 HTTP/1.1" 304 -
201.245.192.253 - - [14/Sep/2023:11:21:50 -0500] "GET /sipse/faces/javax.faces.resource/jquery/jquery.js?ln=primefaces&v=4.0 HTTP/1.1" 304 -
201.245.192.253 - - [14/Sep/2023:11:21:51 -0500] "GET /sipse/faces/javax.faces.resource/jquery/jquery-plugins.js?ln=primefaces&v=4.0 HTTP/1.1" 304 -
201.245.192.253 - - [14/Sep/2023:11:21:51 -0500] "GET /sipse/faces/javax.faces.resource/primefaces.js?ln=primefaces&v=4.0 HTTP/1.1" 304 -
201.245.192.253 - - [14/Sep/2023:11:21:51 -0500] "GET /sipse/faces/javax.faces.resource/layout/layout.js?ln=primefaces&v=4.0 HTTP/1.1" 304 -
216.244.66.195 - - [14/Sep/2023:11:22:00 -0500] "GET /BLA/resoluciones/AUTOS%202012/3093.pdf HTTP/1.1" 200 325023
216.245.221.92 - - [14/Sep/2023:11:22:25 -0500] "HEAD / HTTP/1.1" 200 -
186.102.44.127 - - [14/Sep/2023:11:22:37 -0500] "GET /BLA/resoluciones/index.php?dir=RESOLUCIONES+2010%2F HTTP/1.1" 200 1307967
186.102.44.127 - - [14/Sep/2023:11:22:43 -0500] "GET /BLA/resoluciones/RESOLUCIONES%202010/2999.pdf HTTP/1.1" 200 1030201
201.245.192.253 - - [14/Sep/2023:11:22:52 -0500] "POST /forms/lservlet;jsessionid=ac16012b30d63d978f376e20424bb3f6ff930e63d6af.e3iSbxaKaheRe34Pbx8Nc3aQci1ynknvrkLOlQzNp65In0 HTTP/1.1" 200 2
201.245.192.253 - - [14/Sep/2023:11:22:57 -0500] "POST /kwsrmcab/Wsrmcab  HTTP/1.1" 200 42865
216.244.66.195 - - [14/Sep/2023:11:23:02 -0500] "GET /BLA/resoluciones/AUTOS%202019/0492.pdf HTTP/1.1" 200 431551
40.77.167.143 - - [14/Sep/2023:11:23:23 -0500] "GET /Publicaciones/2023EE208125.pdf HTTP/1.1" 200 470958
190.145.240.41 - - [14/Sep/2023:11:23:28 -0500] "GET /BLA/resoluciones/index.php?dir=AUTOS+2023%2F HTTP/1.1" 200 12235
190.145.240.41 - - [14/Sep/2023:11:23:31 -0500] "GET /BLA/resoluciones/index.php?dir=AUTOS+2023%2F HTTP/1.1" 200 282257
190.145.240.41 - - [14/Sep/2023:11:23:36 -0500] "GET /BLA/resoluciones/AUTOS%202023/0526.pdf HTTP/1.1" 200 400812
87.236.176.10 - - [14/Sep/2023:11:23:42 -0500] "GET / HTTP/1.1" 200 319
201.245.192.253 - - [14/Sep/2023:11:23:44 -0500] "POST /forms/lservlet;jsessionid=ac16012b30d6d19c31849e654dd38cb0cf62d49b9509.e3iSbxaKaheRe34Pbx8Nc3aQci1ynknvrkLOlQzNp65In0 HTTP/1.1" 200 2
216.244.66.195 - - [14/Sep/2023:11:23:52 -0500] "GET /BLA/resoluciones/AUTOS%202019/1897.pdf HTTP/1.1" 200 269675
173.252.83.118 - - [14/Sep/2023:11:23:59 -0500] "GET /images/Acuerdos%2001%20(1)%20(1).jpeg HTTP/1.1" 200 32884
40.77.167.143 - - [14/Sep/2023:11:24:33 -0500] "GET /Publicaciones/2023EE210327.pdf HTTP/1.1" 200 231996
216.244.66.195 - - [14/Sep/2023:11:24:37 -0500] "GET /BLA/resoluciones/AUTOS%202019/2182.pdf HTTP/1.1" 200 255743
172.22.2.4 - - [14/Sep/2023:11:23:05 -0500] "HEAD /BLA/boletinlegal/ HTTP/1.1" 200 -
186.102.44.127 - - [14/Sep/2023:11:24:47 -0500] "GET /BLA/resoluciones/index.php?dir=RESOLUCIONES+2013%2F HTTP/1.1" 200 238278
201.245.192.253 - - [14/Sep/2023:11:24:52 -0500] "POST /forms/lservlet;jsessionid=ac16012b30d63d978f376e20424bb3f6ff930e63d6af.e3iSbxaKaheRe34Pbx8Nc3aQci1ynknvrkLOlQzNp65In0 HTTP/1.1" 200 2
186.102.44.127 - - [14/Sep/2023:11:24:52 -0500] "GET /BLA/resoluciones/RESOLUCIONES%202013/0590.pdf HTTP/1.1" 200 2693075
216.244.66.195 - - [14/Sep/2023:11:25:26 -0500] "GET /BLA/resoluciones/AUTOS%202019/3478.pdf HTTP/1.1" 200 324553
172.22.2.4 - - [14/Sep/2023:11:23:56 -0500] "GET /BLA/boletinlegal/ HTTP/1.1" 200 58187
201.245.192.253 - - [14/Sep/2023:11:25:44 -0500] "POST /forms/lservlet;jsessionid=ac16012b30d6d19c31849e654dd38cb0cf62d49b9509.e3iSbxaKaheRe34Pbx8Nc3aQci1ynknvrkLOlQzNp65In0 HTTP/1.1" 200 2
66.249.66.193 - - [14/Sep/2023:11:25:51 -0500] "GET /como-hacer-uso-de-la-publicidad-exterior-visual-en-epoca-electoral.html HTTP/1.1" 304 -
216.244.66.195 - - [14/Sep/2023:11:26:10 -0500] "GET /BLA/resoluciones/AUTOS%202019/3579.pdf HTTP/1.1" 200 277805
172.22.2.4 - - [14/Sep/2023:11:26:14 -0500] "GET /BLA/boletinlegal/jurisprudencia/analisis/AnalisisT-146-16.docx HTTP/1.1" 200 23021
173.252.95.10 - - [14/Sep/2023:11:26:15 -0500] "GET /secretaria-de-ambiente-y-universidad-de-la-salle-firman-acuerdo-de-conservacion-en-17-hectareas.html HTTP/1.1" 200 990
201.245.192.253 - - [14/Sep/2023:11:26:26 -0500] "POST /sipse/faces/presentacion/financiero/solicitudProceso/consultarSolicitudProceso.xhtml HTTP/1.1" 200 41563
201.245.192.253 - - [14/Sep/2023:11:26:26 -0500] "GET /sipse/faces/javax.faces.resource/theme.css?ln=primefaces-sipse HTTP/1.1" 304 -
201.245.192.253 - - [14/Sep/2023:11:26:26 -0500] "GET /sipse/faces/javax.faces.resource/layout/layout.css?ln=primefaces&v=4.0 HTTP/1.1" 304 -
201.245.192.253 - - [14/Sep/2023:11:26:26 -0500] "GET /sipse/faces/javax.faces.resource/primefaces.css?ln=primefaces&v=4.0 HTTP/1.1" 304 -
201.245.192.253 - - [14/Sep/2023:11:26:26 -0500] "GET /sipse/faces/javax.faces.resource/jquery/jquery.js?ln=primefaces&v=4.0 HTTP/1.1" 304 -
201.245.192.253 - - [14/Sep/2023:11:26:26 -0500] "GET /sipse/faces/javax.faces.resource/jquery/jquery-plugins.js?ln=primefaces&v=4.0 HTTP/1.1" 304 -
201.245.192.253 - - [14/Sep/2023:11:26:26 -0500] "GET /sipse/faces/javax.faces.resource/primefaces.js?ln=primefaces&v=4.0 HTTP/1.1" 304 -
201.245.192.253 - - [14/Sep/2023:11:26:26 -0500] "GET /sipse/faces/javax.faces.resource/layout/layout.js?ln=primefaces&v=4.0 HTTP/1.1" 304 -
201.245.192.253 - - [14/Sep/2023:11:26:26 -0500] "POST /sipse/faces/presentacion/financiero/solicitudProceso/consultar.xhtml HTTP/1.1" 200 34967
201.245.192.253 - - [14/Sep/2023:11:26:26 -0500] "POST /sipse/faces/presentacion/financiero/solicitudProceso/consultar.xhtml HTTP/1.1" 200 34967
201.245.192.253 - - [14/Sep/2023:11:26:26 -0500] "POST /sipse/faces/presentacion/financiero/solicitudProceso/consultar.xhtml HTTP/1.1" 200 34967
201.245.192.253 - - [14/Sep/2023:11:26:29 -0500] "POST /sipse/faces/presentacion/financiero/solicitudProceso/consultar.xhtml HTTP/1.1" 200 13014
201.245.192.253 - - [14/Sep/2023:11:26:31 -0500] "POST /sipse/faces/presentacion/financiero/solicitudProceso/consultar.xhtml HTTP/1.1" 200 157648
201.245.192.253 - - [14/Sep/2023:11:26:31 -0500] "GET /sipse/faces/javax.faces.resource/theme.css?ln=primefaces-sipse HTTP/1.1" 304 -
201.245.192.253 - - [14/Sep/2023:11:26:31 -0500] "GET /sipse/faces/javax.faces.resource/layout/layout.css?ln=primefaces&v=4.0 HTTP/1.1" 304 -
201.245.192.253 - - [14/Sep/2023:11:26:31 -0500] "GET /sipse/faces/javax.faces.resource/primefaces.css?ln=primefaces&v=4.0 HTTP/1.1" 304 -
201.245.192.253 - - [14/Sep/2023:11:26:31 -0500] "GET /sipse/faces/javax.faces.resource/jquery/jquery.js?ln=primefaces&v=4.0 HTTP/1.1" 304 -
201.245.192.253 - - [14/Sep/2023:11:26:31 -0500] "GET /sipse/faces/javax.faces.resource/jquery/jquery-plugins.js?ln=primefaces&v=4.0 HTTP/1.1" 304 -
201.245.192.253 - - [14/Sep/2023:11:26:31 -0500] "GET /sipse/faces/javax.faces.resource/primefaces.js?ln=primefaces&v=4.0 HTTP/1.1" 304 -
201.245.192.253 - - [14/Sep/2023:11:26:31 -0500] "GET /sipse/faces/javax.faces.resource/layout/layout.js?ln=primefaces&v=4.0 HTTP/1.1" 304 -
201.245.192.253 - - [14/Sep/2023:11:26:45 -0500] "POST /sipse/faces/presentacion/financiero/solicitudProceso/consultarSolicitudProceso.xhtml HTTP/1.1" 200 148559
201.245.192.253 - - [14/Sep/2023:11:26:52 -0500] "POST /forms/lservlet;jsessionid=ac16012b30d63d978f376e20424bb3f6ff930e63d6af.e3iSbxaKaheRe34Pbx8Nc3aQci1ynknvrkLOlQzNp65In0 HTTP/1.1" 200 2
216.244.66.195 - - [14/Sep/2023:11:26:52 -0500] "GET /BLA/resoluciones/AUTOS%202019/3594.pdf HTTP/1.1" 200 508069
191.156.50.34 - - [14/Sep/2023:11:26:58 -0500] "GET /BLA/resoluciones/RESOLUCIONES%202021/4885.pdf HTTP/1.1" 200 349374
201.245.192.253 - - [14/Sep/2023:11:27:04 -0500] "GET /BLA/resoluciones/ HTTP/1.1" 200 13696
201.245.192.253 - - [14/Sep/2023:11:27:06 -0500] "GET /BLA/resoluciones/index.php?dir=AUTOS+2011%2F HTTP/1.1" 200 636751
201.245.192.253 - - [14/Sep/2023:11:27:15 -0500] "GET /BLA/resoluciones/AUTOS%202011/2215.pdf HTTP/1.1" 200 143923
186.102.44.127 - - [14/Sep/2023:11:27:18 -0500] "GET /BLA/resoluciones/index.php?dir=AUTOS+2008%2F HTTP/1.1" 200 569644
186.102.44.127 - - [14/Sep/2023:11:27:21 -0500] "GET /BLA/resoluciones/index.php?dir=AUTOS+2009%2F HTTP/1.1" 200 399860
216.245.221.92 - - [14/Sep/2023:11:27:25 -0500] "HEAD / HTTP/1.1" 200 -
186.102.44.127 - - [14/Sep/2023:11:27:29 -0500] "GET /BLA/resoluciones/AUTOS%202009/2215.pdf HTTP/1.1" 200 113283
216.244.66.195 - - [14/Sep/2023:11:27:43 -0500] "GET /BLA/resoluciones/AUTOS%202019/3937.pdf HTTP/1.1" 200 249663
201.245.192.253 - - [14/Sep/2023:11:27:44 -0500] "POST /forms/lservlet;jsessionid=ac16012b30d6d19c31849e654dd38cb0cf62d49b9509.e3iSbxaKaheRe34Pbx8Nc3aQci1ynknvrkLOlQzNp65In0 HTTP/1.1" 200 2
201.245.192.253 - - [14/Sep/2023:11:27:48 -0500] "GET /catalogoisis/index.php HTTP/1.1" 200 8575
201.245.192.253 - - [14/Sep/2023:11:27:54 -0500] "GET /BLA/resoluciones/ HTTP/1.1" 200 13696
201.245.192.253 - - [14/Sep/2023:11:27:55 -0500] "GET /BLA/resoluciones/index.php?dir=AUTOS+2011%2F HTTP/1.1" 200 636751
201.245.192.253 - - [14/Sep/2023:11:27:56 -0500] "POST /kwsrmcab/Wsrmcab  HTTP/1.1" 200 42865
186.102.44.127 - - [14/Sep/2023:11:28:06 -0500] "GET /BLA/resoluciones/index.php?dir=RESOLUCIONES+2009%2F HTTP/1.1" 200 1694101
186.102.44.127 - - [14/Sep/2023:11:28:15 -0500] "GET /BLA/resoluciones/RESOLUCIONES%202009/3279.pdf HTTP/1.1" 200 726192
201.245.192.253 - - [14/Sep/2023:11:28:21 -0500] "POST /kwsrmcab/Wsrmcab HTTP/1.1" 200 43294
201.245.192.253 - - [14/Sep/2023:11:28:24 -0500] "POST /kwsrmcab/Wsrmcab HTTP/1.1" 200 43453
216.244.66.195 - - [14/Sep/2023:11:28:28 -0500] "GET /BLA/resoluciones/AUTOS%202019/4117.pdf HTTP/1.1" 200 259858
201.245.192.253 - - [14/Sep/2023:11:28:53 -0500] "POST /forms/lservlet;jsessionid=ac16012b30d63d978f376e20424bb3f6ff930e63d6af.e3iSbxaKaheRe34Pbx8Nc3aQci1ynknvrkLOlQzNp65In0 HTTP/1.1" 200 2
216.244.66.195 - - [14/Sep/2023:11:29:07 -0500] "GET /BLA/resoluciones/AUTOS%202019/4185.pdf HTTP/1.1" 200 277661
201.245.192.253 - - [14/Sep/2023:11:29:44 -0500] "POST /forms/lservlet;jsessionid=ac16012b30d6d19c31849e654dd38cb0cf62d49b9509.e3iSbxaKaheRe34Pbx8Nc3aQci1ynknvrkLOlQzNp65In0 HTTP/1.1" 200 2
216.244.66.195 - - [14/Sep/2023:11:29:52 -0500] "GET /BLA/resoluciones/AUTOS%202019/4529.pdf HTTP/1.1" 200 350704
40.77.167.118 - - [14/Sep/2023:11:29:56 -0500] "GET /Publicaciones/2023EE209691.pdf HTTP/1.1" 200 315875
186.102.44.127 - - [14/Sep/2023:11:30:04 -0500] "GET /BLA/resoluciones/index.php?dir=RESOLUCIONES+2011%2F HTTP/1.1" 200 746992
186.102.44.127 - - [14/Sep/2023:11:30:12 -0500] "GET /BLA/resoluciones/RESOLUCIONES%202011/5439.pdf HTTP/1.1" 200 572206
40.77.167.118 - - [14/Sep/2023:11:30:24 -0500] "GET /galeria/galeria/jquery.fancybox.css?v=2.1.5 HTTP/1.1" 200 4895
