201.245.192.253 - - [14/Sep/2023:17:12:24 -0500] "GET /BLA/resoluciones/RESOLUCIONES%202011/4851.pdf HTTP/1.1" 200 239463
216.245.221.92 - - [14/Sep/2023:17:12:24 -0500] "HEAD / HTTP/1.1" 200 -
172.22.2.4 - - [14/Sep/2023:17:12:38 -0500] "GET /BLA/boletinlegal/consulta_actos.php?tipo=resoluciones&no=1123&usuario=&sector=&fecha=2012&resuelve= HTTP/1.1" 200 1876
216.244.66.195 - - [14/Sep/2023:17:12:39 -0500] "GET /BLA/resoluciones/AUTOS%202016/3047.pdf HTTP/1.1" 200 356737
201.245.192.253 - - [14/Sep/2023:17:12:40 -0500] "GET /BLA/resoluciones/RESOLUCIONES%202013/0716.pdf HTTP/1.1" 200 682605
172.22.2.4 - - [14/Sep/2023:17:12:54 -0500] "GET /BLA/boletinlegal/consulta_actos.php?tipo=resoluciones&no=1153&usuario=&sector=&fecha=2012&resuelve= HTTP/1.1" 200 1116
216.244.66.195 - - [14/Sep/2023:17:12:55 -0500] "GET /BLA/resoluciones/AUTOS%202014/1679.pdf HTTP/1.1" 200 358583
172.22.2.4 - - [14/Sep/2023:17:13:02 -0500] "GET /BLA/boletinlegal/consulta_actos.php?tipo=resoluciones&no=1165&usuario=&sector=&fecha=2012&resuelve= HTTP/1.1" 200 1120
52.167.144.179 - - [14/Sep/2023:17:13:08 -0500] "GET /BLA/resoluciones/RESOLUCIONES%202022/0777.pdf HTTP/1.1" 304 -
172.22.2.4 - - [14/Sep/2023:17:13:11 -0500] "GET /BLA/boletinlegal/consulta_actos.php?tipo=resoluciones&no=1170&usuario=&sector=&fecha=2012&resuelve= HTTP/1.1" 200 1120
172.22.2.4 - - [14/Sep/2023:17:13:13 -0500] "GET /BLA/boletinlegal/consulta_actos.php?tipo=resoluciones&no=1170&usuario=&sector=&fecha=2012&resuelve= HTTP/1.1" 200 1120
172.22.2.4 - - [14/Sep/2023:17:13:20 -0500] "GET /BLA/boletinlegal/consulta_actos.php?tipo=resoluciones&no=1171&usuario=&sector=&fecha=2012&resuelve= HTTP/1.1" 200 1120
172.22.2.4 - - [14/Sep/2023:17:13:21 -0500] "GET /BLA/boletinlegal/consulta_actos.php?tipo=resoluciones&no=1171&usuario=&sector=&fecha=2012&resuelve= HTTP/1.1" 200 1120
201.245.192.253 - - [14/Sep/2023:17:13:27 -0500] "POST /forms/lservlet;jsessionid=ac16012b30d63d978f376e20424bb3f6ff930e63d6af.e3iSbxaKaheRe34Pbx8Nc3aQci1ynknvrkLOlQzNp65In0 HTTP/1.1" 200 2
172.22.2.4 - - [14/Sep/2023:17:13:31 -0500] "GET /BLA/boletinlegal/consulta_actos.php?tipo=resoluciones&no=1223&usuario=&sector=&fecha=2012&resuelve= HTTP/1.1" 200 3517
201.245.192.253 - - [14/Sep/2023:17:13:34 -0500] "GET /BLA/resoluciones/RESOLUCIONES%202013/2000.pdf HTTP/1.1" 200 472961
201.245.192.253 - - [14/Sep/2023:17:13:36 -0500] "GET /BLA/resoluciones/RESOLUCIONES%202015/0615.pdf HTTP/1.1" 200 456196
201.245.192.253 - - [14/Sep/2023:17:13:39 -0500] "GET /BLA/resoluciones/RESOLUCIONES%202016/0363.pdf HTTP/1.1" 200 815575
201.245.192.253 - - [14/Sep/2023:17:13:42 -0500] "GET /BLA/resoluciones/RESOLUCIONES%202016/2560.pdf HTTP/1.1" 200 326298
201.245.192.253 - - [14/Sep/2023:17:13:45 -0500] "GET /BLA/resoluciones/RESOLUCIONES%202016/2208.pdf HTTP/1.1" 200 323266
201.245.192.253 - - [14/Sep/2023:17:13:49 -0500] "GET /BLA/resoluciones/RESOLUCIONES%202015/3165.pdf HTTP/1.1" 200 464994
201.245.192.253 - - [14/Sep/2023:17:13:56 -0500] "GET /BLA/resoluciones/RESOLUCIONES%202008/3153.pdf HTTP/1.1" 200 132707
201.245.192.253 - - [14/Sep/2023:17:14:02 -0500] "GET /BLA/resoluciones/RESOLUCIONES%202010/4707.pdf HTTP/1.1" 200 111694
66.249.70.196 - - [14/Sep/2023:17:14:15 -0500] "GET /BLA/resoluciones/Autos%202008/2310.pdf HTTP/1.1" 200 85070
201.245.192.253 - - [14/Sep/2023:17:14:21 -0500] "POST /forms/lservlet;jsessionid=ac16012b30d6d19c31849e654dd38cb0cf62d49b9509.e3iSbxaKaheRe34Pbx8Nc3aQci1ynknvrkLOlQzNp65In0 HTTP/1.1" 200 2
172.22.2.4 - - [14/Sep/2023:17:14:32 -0500] "GET /BLA/boletinlegal/consulta_actos.php?tipo=resoluciones&no=1226&usuario=&sector=&fecha=2012&resuelve= HTTP/1.1" 200 1724
201.245.192.253 - - [14/Sep/2023:17:14:34 -0500] "GET /BLA/resoluciones/RESOLUCIONES%202016/0772.pdf HTTP/1.1" 200 289184
201.245.192.253 - - [14/Sep/2023:17:14:38 -0500] "GET /BLA/resoluciones/RESOLUCIONES%202015/1246.pdf HTTP/1.1" 200 432750
181.48.157.174 - - [14/Sep/2023:17:14:40 -0500] "GET /inscribete-y-participa-en-el-foro-sobre-la-gestion-de-los-bifenilos-policlorados-en-transformadores-electricos.html HTTP/1.1" 200 931
172.22.2.4 - - [14/Sep/2023:17:13:04 -0500] "HEAD /BLA/boletinlegal/ HTTP/1.1" 200 -
172.22.2.4 - - [14/Sep/2023:17:14:48 -0500] "GET /BLA/boletinlegal/consulta_actos.php?tipo=resoluciones&no=1227&usuario=&sector=&fecha=2012&resuelve= HTTP/1.1" 200 1672
172.22.2.4 - - [14/Sep/2023:17:14:59 -0500] "GET /BLA/boletinlegal/consulta_actos.php?tipo=resoluciones&no=1228&usuario=&sector=&fecha=2012&resuelve= HTTP/1.1" 200 1134
172.22.2.4 - - [14/Sep/2023:17:15:09 -0500] "GET /BLA/boletinlegal/consulta_actos.php?tipo=resoluciones&no=1230&usuario=&sector=&fecha=2012&resuelve= HTTP/1.1" 200 1151
172.22.2.4 - - [14/Sep/2023:17:15:17 -0500] "GET /BLA/boletinlegal/consulta_actos.php?tipo=resoluciones&no=1238&usuario=&sector=&fecha=2012&resuelve= HTTP/1.1" 200 1261
201.245.192.253 - - [14/Sep/2023:17:15:19 -0500] "GET /BLA/resoluciones/RESOLUCIONES%202019/3643.pdf HTTP/1.1" 200 9942149
201.245.192.253 - - [14/Sep/2023:17:15:27 -0500] "POST /forms/lservlet;jsessionid=ac16012b30d63d978f376e20424bb3f6ff930e63d6af.e3iSbxaKaheRe34Pbx8Nc3aQci1ynknvrkLOlQzNp65In0 HTTP/1.1" 200 2
172.22.2.4 - - [14/Sep/2023:17:15:32 -0500] "GET /BLA/boletinlegal/consulta_actos.php?tipo=resoluciones&no=1266&usuario=&sector=&fecha=2012&resuelve= HTTP/1.1" 200 2241
201.245.192.253 - - [14/Sep/2023:17:15:33 -0500] "GET /BLA/resoluciones/RESOLUCIONES%202011/5867.pdf HTTP/1.1" 200 1311504
172.22.2.4 - - [14/Sep/2023:17:13:55 -0500] "GET /BLA/boletinlegal/ HTTP/1.1" 200 58187
201.245.192.253 - - [14/Sep/2023:17:15:36 -0500] "GET /BLA/resoluciones/RESOLUCIONES%202011/1909.pdf HTTP/1.1" 200 159051
201.245.192.253 - - [14/Sep/2023:17:15:38 -0500] "GET /BLA/resoluciones/RESOLUCIONES%202011/6389.pdf HTTP/1.1" 200 142240
201.245.192.253 - - [14/Sep/2023:17:15:41 -0500] "GET /BLA/resoluciones/RESOLUCIONES%202013/1954.pdf HTTP/1.1" 200 634750
201.245.192.253 - - [14/Sep/2023:17:15:44 -0500] "GET /BLA/resoluciones/RESOLUCIONES%202013/2119.pdf HTTP/1.1" 200 450631
172.22.2.4 - - [14/Sep/2023:17:16:06 -0500] "GET /BLA/boletinlegal/consulta_actos.php?tipo=resoluciones&no=1267&usuario=&sector=&fecha=2012&resuelve= HTTP/1.1" 200 1717
201.245.192.253 - - [14/Sep/2023:17:16:09 -0500] "GET /BLA/resoluciones/RESOLUCIONES%202013/1245.pdf HTTP/1.1" 200 491022
172.22.2.4 - - [14/Sep/2023:17:16:19 -0500] "GET /BLA/boletinlegal/consulta_actos.php?tipo=resoluciones&no=1304&usuario=&sector=&fecha=2012&resuelve= HTTP/1.1" 200 2436
201.245.192.253 - - [14/Sep/2023:17:16:21 -0500] "POST /forms/lservlet;jsessionid=ac16012b30d6d19c31849e654dd38cb0cf62d49b9509.e3iSbxaKaheRe34Pbx8Nc3aQci1ynknvrkLOlQzNp65In0 HTTP/1.1" 200 2
201.245.192.253 - - [14/Sep/2023:17:16:21 -0500] "GET /BLA/resoluciones/RESOLUCIONES%202015/0088.pdf HTTP/1.1" 200 461414
201.245.192.253 - - [14/Sep/2023:17:16:24 -0500] "GET /BLA/resoluciones/RESOLUCIONES%202013/0360.pdf HTTP/1.1" 200 247716
201.245.192.253 - - [14/Sep/2023:17:16:27 -0500] "GET /BLA/resoluciones/RESOLUCIONES%202013/1223.pdf HTTP/1.1" 200 419872
190.27.165.83 - - [14/Sep/2023:17:16:27 -0500] "OPTIONS /kwssiamovil/sm/setfile/f? HTTP/1.1" 200 13
190.27.165.83 - - [14/Sep/2023:17:16:27 -0500] "POST /kwssiamovil/sm/setfile/f? HTTP/1.1" 200 381
172.22.2.4 - - [14/Sep/2023:17:16:36 -0500] "GET /BLA/boletinlegal/consulta_actos.php?tipo=resoluciones&no=1363&usuario=&sector=&fecha=2012&resuelve= HTTP/1.1" 200 1831
190.27.165.83 - - [14/Sep/2023:17:16:38 -0500] "GET /kwssiamovil/sm/acme/a?s=U2FsdGVkX18eHh9gvYyMs4LQefThJ0vw2cw2FOnJ9sQTuyYeQGddJEtafqvJG9bghLbAjZyLYstiyiZe06YnajDFtygYMgq3kMpLp+Veb6dxxwuLROp4NzG7fSJw+d6BUbUq16li69fRyStgGo3v2FmCDDuvjW5fRlpOiGzYRnsccaL4U7OcRG3cvtPHovvU3d7P89fOsHUk0QsTkTuZZNZvWCkQiXwnPkLr+2MVB0f8TzjMbqFlKzHvhEQI907uIO2PQZAzhZELL/zF2DPSag==&u=U2FsdGVkX19oZE9IwsU2X0eGQoO4YQQibarX9priGpeLq4iytoR4+XuyyYghHVtA&y=U2FsdGVkX1/+9rfS+g+I5ZPVKKRDf5qGTTKh4TCAygiweNWNcXT5bdKi53cc808O HTTP/1.1" 200 26
190.27.165.83 - - [14/Sep/2023:17:16:39 -0500] "GET /kwssiamovil/sm/acme/a?s=U2FsdGVkX1/BafmUq8Ne94HnOZYh4+mHvkyaXYYLrOtHec8+b2O7RBjFimcUoBsZoeJ5/fgxQSCmBXy9lqBnN/AjAbUlcC83/YSkov7pmfxn53o9kEZu/b9fqg2VrU53m74cnlvTyWV1NnynsjoPUQturLz7O5hRfM5CB0K+Hr5mjfJ4P/x960n5CQby335psFdM+pPWNvXGM7MUkoQzowjCJFrupULJMLKF3opfwGlNlOkm2zXruhveruaOFRQI8I/bbLF0TkT/Ki+WQJ9el02kAiIn9zIfq6BGGzxobl+GHUcgrDJRmlmUAPiC4gTni6flqQnhilDgJEPmSDI9HEYSpAkITklFpmNQUtOS4/l24vYnc0zCn3ZJBSHleJ6xr8ivHnAojO2VaT2VaXt+vg/BgtMR42FKqAr4W4aoVpoiZEw87U5nBxrLfoeGhQzcYWa26Ff4k/5ZDDu9k5RNCV3VWrCXKRNhtRcOnmZ/TvZpOu31gdey50LBM/HrP1v2HBCZrBqarMzHy2eHmaRqATdWf89zn7KrQHr+HW3Zf6FcmQLP1+Tf4ncnLFaHFOYnyTd9DVAGm/b0jDIyCKTGQ63WHAeEm/RxWE0jNk5raykFZv1IkTav6+bgPMsuvZyxIH0/zq3YM5cTFMBQg0i0Pn7A1Y6z8IeXJFPUIY1o1qInoWrsLuVBs8GK3a1fUhDr57f787lYvGB8e2NqSNXHvaOtIZgG41UYpMBKiyaf79Z/wfNyTkr4D/imYMRFZahISFSdhzyAM8IxiC3/kQMBs4mWGpagfIW3+zNmnoVK2IjTovUMG5UX8sdwoPYvBxD/GvYohrIjQWKnb2Wkqn5Q6Q72pmjOjSQIy4Bpe3lrJ4r0/sZtq7bWVFURY0u9KXYSu70f1cC5IAZMU1qSbLXXLAfYgpnog+1ehvRWmlRKwMqrXL3J2bFOsXkEz1F4X5tNtD5SK5TDkZop7DLOcKzaknU6sHG8KCnw0DI75qRAJqsD5PQtYdtobelIg4wZqZOBHBh/KCd51rX51CDqmzQswjX9TL1jFPO7q5mrk0fs+fvlQqTdx07EExV2OY13J3WWazNaejrMIl8crHEk/XIMWQUHHOmC1ZKm1/BDUyrkKzu2Vk02OYh6NnosuA0qbhEhFsaR4zCxGRdL9vIzL7zUPKCQTTtE0EBVAxW/84gJyGlfeFpGyt9KO+kKS33uy9VIh73mIul1qL/ePVK/RIC3XUrQZKbVwyMbE1HprJ8Ncjy0mVn/pJUqiZrV1C7spO2lqZTqlKQRSQfWBzpZ8mHeSMOCnYvj3nKawc5nK/EIk45WtZIOIvJ5BZnarBv9bKSMt8GAW38Uw5BFLb8yOEcbAuHAfymXuqTD0aSRIVdDEzhOI+mhvsKHsb/C32ffDJ2rJrRtKldW/VZFO9rxJ+VCbt5T/Z/zM4waKJzYg4uJ3xt9FXykR+N+iXpEnOylv3MQf6jqdDxBhOR2iPyr4DBAmUgX9zaRG0wfSLRPJkUJdpPU250l0dnlGQI/Q60NGytYqplQeEzeIXw2ETqJDIqceDF9FO1P+PLCAvcBM9X4ap0lGb0HiJ4FZUIJ6xlTpcdvTXXnGGs0diNIC3D6YEURS2+H3ssjNQC95q4GVlbZ/U8/2Rll/nWWfwBGGQ3cUMIjP0SYuQdqM1qMZgQFrSzD2lhOYc/KYOYZckiA2ZUpZCbTXKT7LmWgFTcB8xrFV5ua/3kLviCXFSyJlfcWCPLWR1CnlSxJqq2ihNK3e/8hgdlrn87uLLNc0w7+irxXCyZY3tYg+OByEA/IziPYUyrOhrNT4K1OXecAkiXbHZYtik6AB/BqncKgQQ5ClP+CnzCMH7+zSEUqOddc3f1k8tIg6ZUR1hIxVlndh4gdISy+Jx1a3UbLptdeQwcQzAeoLk1ZGgCGkXSAGKsfo0s7TfhAsrVxJW2f1x6UhD5s9wizNY6QCzhVPG2GqA0Xk8eFl0lZ4dakkABgSCVx1L/Hn7dHHu/xbNBJ71JoUXaelgo7bc1v0byDzxPRakWVDeeE9AqlrrQk63az19LMEX6iu5AfQM1U4Kk2bVndVyA5exqefF6iKUmz1pjE2cqmer4hcn1RlsxT2yQ4jYYDGGmOtG/TIddima5PSmpMGAbITptxixewx3uZh8q6PRqrAM57vxAC&u=U2FsdGVkX19oZE9IwsU2X0eGQoO4YQQibarX9priGpeLq4iytoR4+XuyyYghHVtA&y=U2FsdGVkX1/+9rfS+g+I5ZPVKKRDf5qGTTKh4TCAygiweNWNcXT5bdKi53cc808O HTTP/1.1" 200 26
190.27.165.83 - - [14/Sep/2023:17:16:39 -0500] "GET /kwssiamovil/sm/acme/a?s=U2FsdGVkX183LiYpEihPiSE/sSGJyjSLa8a5+FC4K/ly0XkesDbf0tZ5VPY4AO8TRV32riTTdoiCr59Xy0hsBLt46YThN+nJuIYxiJ4eKcQvEc2ZhfRb6AmcYd4e5A+6yarpSULfjAHSu+6NEnGSDzXRCNvWZWzTsln4113TTBU=&u=U2FsdGVkX19oZE9IwsU2X0eGQoO4YQQibarX9priGpeLq4iytoR4+XuyyYghHVtA&y=U2FsdGVkX1/+9rfS+g+I5ZPVKKRDf5qGTTKh4TCAygiweNWNcXT5bdKi53cc808O HTTP/1.1" 200 26
190.27.165.83 - - [14/Sep/2023:17:16:39 -0500] "GET /kwssiamovil/sm/acme/a?s=U2FsdGVkX19xXWmkpW8v8loBcQromhfyAmCV8ejsW+m6W+H9OehmSAb8RKx0URM1e3uWcvQI/Y99Kb+aof5kkfC+XiUTOgRLTEkc4Izm0dQX09NQ2jyJOifL4+peeqwwwXocy6w57Py/FfDumAXZTlTBXxRc73iEN2v0zyKSIKs=&u=U2FsdGVkX19oZE9IwsU2X0eGQoO4YQQibarX9priGpeLq4iytoR4+XuyyYghHVtA&y=U2FsdGVkX1/+9rfS+g+I5ZPVKKRDf5qGTTKh4TCAygiweNWNcXT5bdKi53cc808O HTTP/1.1" 200 26
190.27.165.83 - - [14/Sep/2023:17:16:39 -0500] "GET /kwssiamovil/sm/acme/a?s=U2FsdGVkX1/6271Nwyr7xCSsVzP/f3+QF6oZn9ktFgFXb99UuK3UhOVpeP6B6GdF12JBWtbbO3A3SdyANT+zQPAgmYhVtyCiF0fDAWxSe+Sk+sPiwxai+5XhePNCguzI2WtkKFb5tmsStK9sMQVtam0qrT1QVawHNDtyW67UMWE=&u=U2FsdGVkX19oZE9IwsU2X0eGQoO4YQQibarX9priGpeLq4iytoR4+XuyyYghHVtA&y=U2FsdGVkX1/+9rfS+g+I5ZPVKKRDf5qGTTKh4TCAygiweNWNcXT5bdKi53cc808O HTTP/1.1" 200 26
190.27.165.83 - - [14/Sep/2023:17:16:39 -0500] "GET /kwssiamovil/sm/acme/a?s=U2FsdGVkX186ITk+xL6YuDr0NcKPIFZ4woeWBEy/CQyy0sPl3ueTxsko1HdKlk46KT7nmaxcQAjKwGC6E1R9ozjguT2WeNYaJqcXoucyCAsj0AdBweVqRAL5Fh25OM1Zsp2pg4Xy8MY5Y72IKPq8Nu0sIKdpHh4JXf4Qsm8HCFMuq0Kci4y8uCK/WC/dcmdvRefy7Rxac2+XM6Pt3RXhjw==&u=U2FsdGVkX19oZE9IwsU2X0eGQoO4YQQibarX9priGpeLq4iytoR4+XuyyYghHVtA&y=U2FsdGVkX1/+9rfS+g+I5ZPVKKRDf5qGTTKh4TCAygiweNWNcXT5bdKi53cc808O HTTP/1.1" 200 26
190.27.165.83 - - [14/Sep/2023:17:16:40 -0500] "GET /kwssiamovil/sm/acme/a?s=U2FsdGVkX1+PUA7lbx5jcTyyS2pV17vbSRIwYUIIQTABH7ZREvZ/9vTzFVkh6wZW3edECo1HDUidqRvtqVtmRxCSBYl5bMYWVTJ3OBJu52eymKLBy4mO2hBKhaAO7IcArTAhoQoXqlsafThmzKO7x458qGiB2kzJB1ie69lqf02QcEpc1xpCzeo+sU0Zwu5RTB2bZQ1nbFVFSEbAf16o6Q==&u=U2FsdGVkX19oZE9IwsU2X0eGQoO4YQQibarX9priGpeLq4iytoR4+XuyyYghHVtA&y=U2FsdGVkX1/+9rfS+g+I5ZPVKKRDf5qGTTKh4TCAygiweNWNcXT5bdKi53cc808O HTTP/1.1" 200 26
190.27.165.83 - - [14/Sep/2023:17:16:40 -0500] "GET /kwssiamovil/sm/acme/a?s=U2FsdGVkX1+WWUz/A3/RoQiVGTtslAq73Ta41F7/owe2YeODf1cPvjcIoP4yQZJXulQdWTuMY1irv3O4lxE+CBKiHW0AHRAy62v9zL8xQsSKAhCNI31e4YNeYR1tvqwlWRsIAzu/+zrpy6g6gMclcWbKi+VqITAHzao0y1FKIOKFgEui4+qRYg1cUoi9PGqS&u=U2FsdGVkX19oZE9IwsU2X0eGQoO4YQQibarX9priGpeLq4iytoR4+XuyyYghHVtA&y=U2FsdGVkX1/+9rfS+g+I5ZPVKKRDf5qGTTKh4TCAygiweNWNcXT5bdKi53cc808O HTTP/1.1" 200 26
201.245.192.253 - - [14/Sep/2023:17:16:40 -0500] "POST /kwsrmcab/Wsrmcab  HTTP/1.1" 200 42865
201.245.192.253 - - [14/Sep/2023:17:16:44 -0500] "GET /BLA/resoluciones/RESOLUCIONES%202013/1828.pdf HTTP/1.1" 200 540218
216.245.221.92 - - [14/Sep/2023:17:17:24 -0500] "HEAD / HTTP/1.1" 200 -
201.245.192.253 - - [14/Sep/2023:17:17:27 -0500] "POST /forms/lservlet;jsessionid=ac16012b30d63d978f376e20424bb3f6ff930e63d6af.e3iSbxaKaheRe34Pbx8Nc3aQci1ynknvrkLOlQzNp65In0 HTTP/1.1" 200 2
172.22.2.4 - - [14/Sep/2023:17:17:53 -0500] "GET /BLA/boletinlegal/consulta_actos.php?tipo=resoluciones&no=1365&usuario=&sector=&fecha=2012&resuelve= HTTP/1.1" 200 2173
201.245.192.253 - - [14/Sep/2023:17:17:58 -0500] "GET /BLA/resoluciones/RESOLUCIONES%202009/5575.pdf HTTP/1.1" 200 1414220
201.245.192.253 - - [14/Sep/2023:17:18:00 -0500] "GET /BLA/resoluciones/RESOLUCIONES%202017/0686.pdf HTTP/1.1" 200 329080
172.22.2.4 - - [14/Sep/2023:17:18:10 -0500] "GET /BLA/boletinlegal/consulta_actos.php?tipo=resoluciones&no=1391&usuario=&sector=&fecha=2012&resuelve= HTTP/1.1" 200 1283
201.245.192.253 - - [14/Sep/2023:17:18:12 -0500] "GET /BLA/resoluciones/RESOLUCIONES%202015/0552.pdf HTTP/1.1" 200 1540255
172.22.2.4 - - [14/Sep/2023:17:18:12 -0500] "GET /BLA/boletinlegal/actos.php HTTP/1.1" 200 9682
172.22.2.4 - - [14/Sep/2023:17:18:13 -0500] "GET /BLA/boletinlegal/js/ajax_actos.js HTTP/1.1" 200 1322
172.22.2.4 - - [14/Sep/2023:17:18:13 -0500] "GET /BLA/boletinlegal/styles2.css HTTP/1.1" 200 1838
172.22.2.4 - - [14/Sep/2023:17:18:13 -0500] "GET /BLA/boletinlegal/niceforms-default.css HTTP/1.1" 200 6694
172.22.2.4 - - [14/Sep/2023:17:18:13 -0500] "GET /BLA/boletinlegal/style.css HTTP/1.1" 200 9406
172.22.2.4 - - [14/Sep/2023:17:18:13 -0500] "GET /BLA/boletinlegal/niceforms.js HTTP/1.1" 200 22876
172.22.2.4 - - [14/Sep/2023:17:18:13 -0500] "GET /BLA/boletinlegal/js/lib.js HTTP/1.1" 200 6474
172.22.2.4 - - [14/Sep/2023:17:18:13 -0500] "GET /BLA/boletinlegal/js/popup.js HTTP/1.1" 200 1270
172.22.2.4 - - [14/Sep/2023:17:18:13 -0500] "GET /BLA/boletinlegal/js/jquery1.js HTTP/1.1" 200 29846
172.22.2.4 - - [14/Sep/2023:17:18:13 -0500] "GET /BLA/boletinlegal/images/cabezote%20BLEGAL.jpg HTTP/1.1" 200 118164
172.22.2.4 - - [14/Sep/2023:17:18:13 -0500] "GET /BLA/boletinlegal/images/subscribe-icon-big.png HTTP/1.1" 200 47702
172.22.2.4 - - [14/Sep/2023:17:18:13 -0500] "GET /BLA/boletinlegal/images/historia.png HTTP/1.1" 200 52775
172.22.2.4 - - [14/Sep/2023:17:18:13 -0500] "GET /BLA/boletinlegal/images/green-yellow-blue-pink-th.png HTTP/1.1" 200 7394
172.22.2.4 - - [14/Sep/2023:17:18:13 -0500] "GET /BLA/boletinlegal/images/tel.png HTTP/1.1" 200 14477
172.22.2.4 - - [14/Sep/2023:17:18:13 -0500] "GET /BLA/boletinlegal/images/registro-usuarios.png HTTP/1.1" 200 8106
172.22.2.4 - - [14/Sep/2023:17:18:13 -0500] "GET /BLA/boletinlegal/images/icono-email.png HTTP/1.1" 200 5544
172.22.2.4 - - [14/Sep/2023:17:18:13 -0500] "GET /BLA/boletinlegal/images/body_bg.jpg HTTP/1.1" 200 1601
172.22.2.4 - - [14/Sep/2023:17:18:13 -0500] "GET /BLA/boletinlegal/images/menu_lft.gif HTTP/1.1" 200 1713
172.22.2.4 - - [14/Sep/2023:17:18:13 -0500] "GET /BLA/boletinlegal/images/menu_rght.gif HTTP/1.1" 200 1627
172.22.2.4 - - [14/Sep/2023:17:18:13 -0500] "GET /BLA/boletinlegal/images/bg_top.jpg HTTP/1.1" 200 522
172.22.2.4 - - [14/Sep/2023:17:18:13 -0500] "GET /BLA/boletinlegal/images/menu_bg.jpg HTTP/1.1" 200 620
172.22.2.4 - - [14/Sep/2023:17:18:13 -0500] "GET /BLA/boletinlegal/images/text.jpg HTTP/1.1" 200 568
172.22.2.4 - - [14/Sep/2023:17:18:13 -0500] "GET /BLA/boletinlegal/images/footer_bg.jpg HTTP/1.1" 200 586
172.22.2.4 - - [14/Sep/2023:17:18:13 -0500] "GET /BLA/boletinlegal/images/hover.jpg HTTP/1.1" 200 640
172.22.2.4 - - [14/Sep/2023:17:18:13 -0500] "GET /BLA/boletinlegal/images/footer_bg_l.jpg HTTP/1.1" 200 776
172.22.2.4 - - [14/Sep/2023:17:18:13 -0500] "GET /BLA/boletinlegal/img/0.png HTTP/1.1" 200 110
172.22.2.4 - - [14/Sep/2023:17:18:13 -0500] "GET /BLA/boletinlegal/img/select-left.png HTTP/1.1" 200 263
172.22.2.4 - - [14/Sep/2023:17:18:13 -0500] "GET /BLA/boletinlegal/img/button-left.png HTTP/1.1" 200 57071
172.22.2.4 - - [14/Sep/2023:17:18:13 -0500] "GET /BLA/boletinlegal/img/button.png HTTP/1.1" 200 43241
172.22.2.4 - - [14/Sep/2023:17:18:13 -0500] "GET /BLA/boletinlegal/img/select-right.png HTTP/1.1" 200 44019
172.22.2.4 - - [14/Sep/2023:17:18:13 -0500] "GET /BLA/boletinlegal/img/button-right.png HTTP/1.1" 200 57878
172.22.2.4 - - [14/Sep/2023:17:18:13 -0500] "GET /BLA/boletinlegal/favicon.ico HTTP/1.1" 404 1326
201.245.192.253 - - [14/Sep/2023:17:18:21 -0500] "POST /forms/lservlet;jsessionid=ac16012b30d6d19c31849e654dd38cb0cf62d49b9509.e3iSbxaKaheRe34Pbx8Nc3aQci1ynknvrkLOlQzNp65In0 HTTP/1.1" 200 2
201.245.192.253 - - [14/Sep/2023:17:18:19 -0500] "POST /kwsrmcab/Wsrmcab HTTP/1.1" 200 42688
172.22.2.4 - - [14/Sep/2023:17:18:22 -0500] "GET /BLA/boletinlegal/consulta_actos.php?tipo=resoluciones&no=1415&usuario=&sector=&fecha=2012&resuelve= HTTP/1.1" 200 2074
216.244.66.195 - - [14/Sep/2023:17:18:24 -0500] "GET /robots.txt HTTP/1.1" 404 1018
201.245.192.253 - - [14/Sep/2023:17:18:22 -0500] "POST /kwsrmcab/Wsrmcab HTTP/1.1" 200 43752
201.245.192.253 - - [14/Sep/2023:17:18:30 -0500] "GET /BLA/resoluciones/RESOLUCIONES%202013/1140.pdf HTTP/1.1" 200 522076
172.22.2.4 - - [14/Sep/2023:17:18:34 -0500] "GET /BLA/boletinlegal/consulta_actos.php?tipo=resoluciones&no=2536&usuario=&sector=&fecha=2019&resuelve= HTTP/1.1" 200 1409
172.22.2.4 - - [14/Sep/2023:17:18:34 -0500] "GET /BLA/boletinlegal/images/pdf.gif HTTP/1.1" 200 567
186.84.90.10 - - [14/Sep/2023:17:18:36 -0500] "GET /BLA/resoluciones/RESOLUCIONES%202019/2536.pdf HTTP/1.1" 200 1334837
172.22.2.4 - - [14/Sep/2023:17:18:51 -0500] "GET /BLA/boletinlegal/consulta_actos.php?tipo=resoluciones&no=1431&usuario=&sector=&fecha=2012&resuelve= HTTP/1.1" 200 2240
201.245.192.253 - - [14/Sep/2023:17:18:56 -0500] "GET /BLA/resoluciones/RESOLUCIONES%202014/0250.pdf HTTP/1.1" 200 420116
66.249.70.196 - - [14/Sep/2023:17:18:58 -0500] "GET /BLA/resoluciones/RESOLUCIONES%202009/6046.pdf HTTP/1.1" 200 491887
172.22.2.4 - - [14/Sep/2023:17:19:05 -0500] "GET /BLA/boletinlegal/consulta_actos.php?tipo=resoluciones&no=1440&usuario=&sector=&fecha=2012&resuelve= HTTP/1.1" 200 2773
201.245.192.253 - - [14/Sep/2023:17:19:08 -0500] "GET /BLA/resoluciones/RESOLUCIONES%202016/0771.pdf HTTP/1.1" 200 340077
201.245.192.253 - - [14/Sep/2023:17:19:14 -0500] "GET /BLA/resoluciones/RESOLUCIONES%202013/0372.pdf HTTP/1.1" 200 536090
201.245.192.253 - - [14/Sep/2023:17:19:17 -0500] "GET /BLA/resoluciones/RESOLUCIONES%202014/0964.pdf HTTP/1.1" 200 506134
201.245.192.253 - - [14/Sep/2023:17:19:27 -0500] "POST /forms/lservlet;jsessionid=ac16012b30d63d978f376e20424bb3f6ff930e63d6af.e3iSbxaKaheRe34Pbx8Nc3aQci1ynknvrkLOlQzNp65In0 HTTP/1.1" 200 2
201.245.192.253 - - [14/Sep/2023:17:19:28 -0500] "GET /BLA/resoluciones/RESOLUCIONES%202015/1169.pdf HTTP/1.1" 200 560223
201.245.192.253 - - [14/Sep/2023:17:19:32 -0500] "GET /BLA/resoluciones/RESOLUCIONES%202017/3407.pdf HTTP/1.1" 200 347989
172.22.2.4 - - [14/Sep/2023:17:19:47 -0500] "GET /BLA/boletinlegal/consulta_actos.php?tipo=resoluciones&no=1537&usuario=&sector=&fecha=2012&resuelve= HTTP/1.1" 200 1141
172.22.2.4 - - [14/Sep/2023:17:20:00 -0500] "GET /BLA/boletinlegal/consulta_actos.php?tipo=resoluciones&no=1683&usuario=&sector=&fecha=2012&resuelve= HTTP/1.1" 200 1531
201.245.192.253 - - [14/Sep/2023:17:20:01 -0500] "GET /BLA/resoluciones/RESOLUCIONES%202019/0347.pdf HTTP/1.1" 200 311293
201.245.192.253 - - [14/Sep/2023:17:20:21 -0500] "POST /forms/lservlet;jsessionid=ac16012b30d6d19c31849e654dd38cb0cf62d49b9509.e3iSbxaKaheRe34Pbx8Nc3aQci1ynknvrkLOlQzNp65In0 HTTP/1.1" 200 2
172.22.2.4 - - [14/Sep/2023:17:20:30 -0500] "GET /BLA/boletinlegal/consulta_actos.php?tipo=resoluciones&no=1750&usuario=&sector=&fecha=2012&resuelve= HTTP/1.1" 200 1202
172.22.2.4 - - [14/Sep/2023:17:18:54 -0500] "HEAD /BLA/boletinlegal/ HTTP/1.1" 200 -
172.22.2.4 - - [14/Sep/2023:17:20:50 -0500] "GET /BLA/boletinlegal/consulta_actos.php?tipo=resoluciones&no=1780&usuario=&sector=&fecha=2012&resuelve= HTTP/1.1" 200 1589
172.22.2.4 - - [14/Sep/2023:17:21:11 -0500] "GET /BLA/boletinlegal/consulta_actos.php?tipo=resoluciones&no=1781&usuario=&sector=&fecha=2012&resuelve= HTTP/1.1" 200 2429
172.22.2.4 - - [14/Sep/2023:17:19:45 -0500] "GET /BLA/boletinlegal/ HTTP/1.1" 200 58187
201.245.192.253 - - [14/Sep/2023:17:21:26 -0500] "GET /BLA/resoluciones/RESOLUCIONES%202015/2327.pdf HTTP/1.1" 200 682789
201.245.192.253 - - [14/Sep/2023:17:21:27 -0500] "POST /forms/lservlet;jsessionid=ac16012b30d63d978f376e20424bb3f6ff930e63d6af.e3iSbxaKaheRe34Pbx8Nc3aQci1ynknvrkLOlQzNp65In0 HTTP/1.1" 200 2
172.22.2.4 - - [14/Sep/2023:17:21:41 -0500] "GET /BLA/boletinlegal/consulta_actos.php?tipo=resoluciones&no=1892&usuario=&sector=&fecha=2012&resuelve= HTTP/1.1" 200 1907
201.245.192.253 - - [14/Sep/2023:17:21:39 -0500] "POST /kwsrmcab/Wsrmcab  HTTP/1.1" 200 42865
201.245.192.253 - - [14/Sep/2023:17:21:46 -0500] "GET /BLA/resoluciones/RESOLUCIONES%202011/4629.pdf HTTP/1.1" 200 220501
66.249.70.198 - - [14/Sep/2023:17:21:56 -0500] "GET /Publicaciones/2023EE165915.pdf HTTP/1.1" 404 228
66.249.70.198 - - [14/Sep/2023:17:21:59 -0500] "GET /BLA/resoluciones/AUTOS%202012/2848.pdf HTTP/1.1" 200 174442
201.245.192.253 - - [14/Sep/2023:17:22:21 -0500] "POST /forms/lservlet;jsessionid=ac16012b30d6d19c31849e654dd38cb0cf62d49b9509.e3iSbxaKaheRe34Pbx8Nc3aQci1ynknvrkLOlQzNp65In0 HTTP/1.1" 200 2
216.245.221.92 - - [14/Sep/2023:17:22:24 -0500] "HEAD / HTTP/1.1" 200 -
69.63.184.116 - - [14/Sep/2023:17:22:49 -0500] "GET /images/pieza-voluntariado-ambiental.jpeg HTTP/1.1" 200 51125
173.252.107.117 - - [14/Sep/2023:17:22:57 -0500] "GET /bogota-reverdece-una-semana-por-la-sostenibilidad-la-resiliencia-climatica-y-la-calidad-del-aire.html HTTP/1.1" 206 973
173.252.107.113 - - [14/Sep/2023:17:22:57 -0500] "GET /bogota-reverdece-una-semana-por-la-sostenibilidad-la-resiliencia-climatica-y-la-calidad-del-aire.html HTTP/1.1" 206 973
173.252.107.117 - - [14/Sep/2023:17:22:57 -0500] "GET /bogota-reverdece-una-semana-por-la-sostenibilidad-la-resiliencia-climatica-y-la-calidad-del-aire.html HTTP/1.1" 200 973
173.252.107.116 - - [14/Sep/2023:17:22:57 -0500] "GET /bogota-reverdece-una-semana-por-la-sostenibilidad-la-resiliencia-climatica-y-la-calidad-del-aire.html HTTP/1.1" 200 973
172.22.2.4 - - [14/Sep/2023:17:21:26 -0500] "HEAD /BLA/boletinlegal/index.php HTTP/1.1" 200 -
201.245.192.253 - - [14/Sep/2023:17:23:27 -0500] "POST /forms/lservlet;jsessionid=ac16012b30d63d978f376e20424bb3f6ff930e63d6af.e3iSbxaKaheRe34Pbx8Nc3aQci1ynknvrkLOlQzNp65In0 HTTP/1.1" 200 2
66.249.70.197 - - [14/Sep/2023:17:23:33 -0500] "GET /BLA/resoluciones/RESOLUCIONES%202007/RES%202007%201801%20AL%201900/RESOLUCION%201881%20DE%202007.pdf HTTP/1.1" 200 384746
190.27.165.83 - - [14/Sep/2023:17:23:37 -0500] "OPTIONS /kwssiamovil/sm/setfile/f? HTTP/1.1" 200 13
66.249.70.197 - - [14/Sep/2023:17:23:43 -0500] "GET /BLA/resoluciones/RESOLUCIONES%202012/1914.pdf HTTP/1.1" 200 319834
190.27.165.83 - - [14/Sep/2023:17:23:38 -0500] "POST /kwssiamovil/sm/setfile/f? HTTP/1.1" 200 381
190.27.165.83 - - [14/Sep/2023:17:24:13 -0500] "GET /kwssiamovil/sm/acme/a?s=U2FsdGVkX1+/04vvlcFoWsZzT67+BLO5ayOcwATj4t61Nx+upRjTvbsEaRRiU10YCWFvbGSblSl2cTAX1HItNX2vOQhDJD41a6UK9LXFqblgqj8YrkfOEBQXseNzYJOilN04Rn+euVF8MhGqcvwSHM7wei+88RZA1vQ7g6m4qAkNqehUNUI4oY47DB0o47isJYbDHJa0tl+YgaSsHDZmu56vrLB25Ga3dptgrKJ1dpsETSd3IzBXVOe0NgLMfGxEii2vrKFfPp6rfSXaM9WJRg==&u=U2FsdGVkX19oZE9IwsU2X0eGQoO4YQQibarX9priGpeLq4iytoR4+XuyyYghHVtA&y=U2FsdGVkX1/+9rfS+g+I5ZPVKKRDf5qGTTKh4TCAygiweNWNcXT5bdKi53cc808O HTTP/1.1" 200 26
190.27.165.83 - - [14/Sep/2023:17:24:14 -0500] "GET /kwssiamovil/sm/acme/a?s=U2FsdGVkX1/GeJ0mfLslv8Wtr/DYzLiAd2hi+SD6I8lINv/zkerGnIk4war7WsAkMBphqbZlUyhcW6LgWILj42mtcc0/Rpeb5yTQpwVHlZiLqRMA18WekU+1fBK8uS5Dp9WG8w1MZkHkALWszXHXrJ8maGu8SNBmjgVzmPYYRwQaNRxR4n5z8beB73oox5HzkCAONFyPsbKAhZpjCNR0YGibEuLSqviw27qDdMwe7sUR0HdV+C4iEGyIdiXEv8mK76QKiDRZxcH2/n6J3o02Z5T//d/GXURdlGdpZfiQTwIzi3/xVdGzD1yfyiLfB1+MAl5CTWOg63whue7FjjtoWeM4XyuQ/0PVvPfx0nJrvT2XzwDxif66hbhgEoYn05+wN0v9eNwkxNiCX2FK91nVijNKClzFSZVrFoI4f1Ng+CohFVVyfbUnP7DZpSMdQA5GmjmjLXnQnj2h9k8R5AM/7SK0M1cfBFmaK6eWE8pUd8g+002d1uHPnsMup0N5+wheT12q/wuzzQfKg78zXrqf6gJ3ufVVjgVUi7dBHOhEiVK61UVz+Xt0P1N5UGc+VeyGxWoil+WInmsKbAxZxjPf9kUa0nO934pNbzyabFdWAMQzFj7AWA+aclHIPXaf8bvwy6aBavqqXtQKxYIKYlsSEqFbcHAF+txMHP+Apm/Oowih4W/Cn/Ze/SOO0XP0YkCn5yE248uep5o0hypbYjLpe4A8PKbORvF6N7vc/1rrMevM8efqxSG2bqS/SPrbNDRqqiv1xgiwqov7elijblQDXmrgcV9w7xvHrBkeXmLlU1VoJ7uiphlG0gLkjnS06D+iEDHLmSlIO+DchjKJyJWP5j3A0zUK31xbufXKB7Cr198GcfgcZADVRN7L5LrfqjRuC6ckD+RdB7q2qp9qse4CrA14tiO6tRSUgqFcUQi1oF1iaKGuLwwJoQiWArZdBlxi5TSh5mGmA4Uk/WxtQ2SaBpftfB75TbT9knQ3ScjpB8shShNwV8KBaJl0SKalwm4lRRWHa9zLbpe41W5kCTvWPTh55vpWBWgxaSoFp0wIUPfPnjoYY66NT9cs9AIqiqdd6d6GMLWIyvzlatj25W1KUpPQT5tEmo3KDui5lk8w5bxE6FRstplRgx5u56b69cTiLufgLdf/MHym70hnS7dBw2e19W3Jzk+ZhVmLEQho8lTestXrfWhCXfvrYD1k+QEAdc5ZFJm0iAEYBaRCkvA3zsLO8M2Ja3LMGzKkgTIfhDYD4hLn2wzpSbX7gnk234XPl90woaFEZt9DR+uBQK1K7fnZNNSfo6W+8bBQAGo1dgZeWLDQ0j+VqE68JMzGCJvgg9dnmUA3sFlE6XDd9BKGmPFs1jJJK5Vin8sKlCmtq3zk9A9rx/9KWewDKld427dYnvqcJHYt5Jgrmxi1RgUDefuSYKu5wCrlqrDTgNn++boHeJsmCS5yOD+VmQqCcuUaiT9SxI17bioKAYnq/Zeu4yjLZS/znntBiqV+xz/CelcMJBOafxBQIrOBulRlbb9dhKjVb/JaulE1tYIR7RhgWGvncy/kRfLnZ00KRiOTL+a+1191nhUh3P7S69npCe38+opTgGUhNLrKhcG9um8nJHo5Np2oPAe3EeEEGx4mGvrp1igyLzS5Wl8iPQR1SqZzKrYyIp9COT268vPbvA6oKEbedkLYwcwgxHKb9ha45qMWazzd7PsaVC18AU1wsyK9JQvxgxhKhvFJIUF4a5Z/WOXQnEYE/L8ysJZZqf/ow4rv/Pu5Pky4oPVVgTu4F2dv5QuYxBtk9TwLii1UyegpoP/GZTu7w2nPcsitq+rOq9xl4mLvYPrSeVD3aRIgC2/Zfwx/dQhYGeRwI/dFAMRG4kDjfnozi3/PjPCoxspvniYHQZyUwkYvU8rCkN1viL9DFPGCe4f2q3NZC0u7CgCR6rDjuu13ZBxy0Wj/iADPdjxtAAmN7BiDIiQvk3nS6sVIwCFEYPKhhXiJpuLX/PVGf2BMR2seib4Z85BeP7nXI1QvlX1vu2/sC3WSX70i3BDV&u=U2FsdGVkX19oZE9IwsU2X0eGQoO4YQQibarX9priGpeLq4iytoR4+XuyyYghHVtA&y=U2FsdGVkX1/+9rfS+g+I5ZPVKKRDf5qGTTKh4TCAygiweNWNcXT5bdKi53cc808O HTTP/1.1" 200 26
190.27.165.83 - - [14/Sep/2023:17:24:14 -0500] "GET /kwssiamovil/sm/acme/a?s=U2FsdGVkX184TwdzH6TmvczcAaBnfjL7AnbJV8RRY3KAMvwY3rGw+ckhDOUrA1LXNvAGT2q2sMCYFLM5CXjgK14H8kuCaIxqjefhHE22UV4AIsjZxj1fPcifcc/v9lAusnj7ScR8XFktcsO+z1VLFxek5vEKwrbl7Be0YfZfSa0=&u=U2FsdGVkX19oZE9IwsU2X0eGQoO4YQQibarX9priGpeLq4iytoR4+XuyyYghHVtA&y=U2FsdGVkX1/+9rfS+g+I5ZPVKKRDf5qGTTKh4TCAygiweNWNcXT5bdKi53cc808O HTTP/1.1" 200 26
190.27.165.83 - - [14/Sep/2023:17:24:14 -0500] "GET /kwssiamovil/sm/acme/a?s=U2FsdGVkX1/RV2eG6p6cr0AR3dd1AaX2uoWviwMDv42EpxoYtfxJIFkQpfDjzB+1y4yZWxgWcv2NyPgqo4t8kt66F1VWEdp/s1srdDIqCY9cLEW5GNtxcGWj/4ahTo85MiNRdSC8maTjz69rMxEg8AyammwSszj5RYEiNzgl0eM=&u=U2FsdGVkX19oZE9IwsU2X0eGQoO4YQQibarX9priGpeLq4iytoR4+XuyyYghHVtA&y=U2FsdGVkX1/+9rfS+g+I5ZPVKKRDf5qGTTKh4TCAygiweNWNcXT5bdKi53cc808O HTTP/1.1" 200 26
190.27.165.83 - - [14/Sep/2023:17:24:14 -0500] "GET /kwssiamovil/sm/acme/a?s=U2FsdGVkX1/PuadjJ81Rw3Oqj+/GDddu824whEdQSr7Rgx4vo18fvRNAZsTQA+Qgg/gFCOtbiySIxOIZNogrdyWkE5PvbCsoEC1hEMKNhBMa8ZqIBRLa2v4bUfRZnFdssu37BNw9k7NTwmKHbHIB0mSpSh4SOY+YH+ZGsenTUqY=&u=U2FsdGVkX19oZE9IwsU2X0eGQoO4YQQibarX9priGpeLq4iytoR4+XuyyYghHVtA&y=U2FsdGVkX1/+9rfS+g+I5ZPVKKRDf5qGTTKh4TCAygiweNWNcXT5bdKi53cc808O HTTP/1.1" 200 26
190.27.165.83 - - [14/Sep/2023:17:24:15 -0500] "GET /kwssiamovil/sm/acme/a?s=U2FsdGVkX1/RkqdnjRD+tED368P6WRV6cYNlIMaeUjwlVfIvvRywkwagMURhV+u7djk5cJjBgsCrVnfYU26esIAEAfn8/FVO38GM1g3tJYONb0HOF/YwfoYhR43QNW9gP3bWR6S/HRJx3AXdYjWtZVDQa2xJW6242Cqya6Ve/JNvvXlyoPrlljWy5Xksh6aFvipSGBqIFJRiO5pcy7ZmXQ==&u=U2FsdGVkX19oZE9IwsU2X0eGQoO4YQQibarX9priGpeLq4iytoR4+XuyyYghHVtA&y=U2FsdGVkX1/+9rfS+g+I5ZPVKKRDf5qGTTKh4TCAygiweNWNcXT5bdKi53cc808O HTTP/1.1" 200 26
190.27.165.83 - - [14/Sep/2023:17:24:15 -0500] "GET /kwssiamovil/sm/acme/a?s=U2FsdGVkX18K7v2aUgTp8VJGr3tcMj4hqWHVrjwrEyZDzjCKqUYiQzGjx/iH1FSWlFPRVQ1qakMxo66teVCieA/usYRr5u2rUSd08DtzC4+43obsitMoYfhc9SsSrqO+7U5dcXtwE/c086ms1P5VOb49E2Y7NvbkHjtFySYOU1zqQ+H1S90WKprzQ6dZMtQJbv5dplZ1MeRd4bjU/2jYwg==&u=U2FsdGVkX19oZE9IwsU2X0eGQoO4YQQibarX9priGpeLq4iytoR4+XuyyYghHVtA&y=U2FsdGVkX1/+9rfS+g+I5ZPVKKRDf5qGTTKh4TCAygiweNWNcXT5bdKi53cc808O HTTP/1.1" 200 26
190.27.165.83 - - [14/Sep/2023:17:24:15 -0500] "GET /kwssiamovil/sm/acme/a?s=U2FsdGVkX1/mgP0fkAbpNCZs1C+jhjNfTY4e68byKlLR4NN3VCncyv1dZqR1c8s93Vfi49h74tXoM6KGqCXAPIVFIhTWsicnZ6rAGqEAafCAU/3KXlfGQxEe+iMi6YF3DI620SRih9iIQm4hoBk7jhhaUj48pt2V6O7JVmyjIvrD/TGNBfZ7LnEvtIldNUcI&u=U2FsdGVkX19oZE9IwsU2X0eGQoO4YQQibarX9priGpeLq4iytoR4+XuyyYghHVtA&y=U2FsdGVkX1/+9rfS+g+I5ZPVKKRDf5qGTTKh4TCAygiweNWNcXT5bdKi53cc808O HTTP/1.1" 200 26
201.245.192.253 - - [14/Sep/2023:17:24:21 -0500] "POST /forms/lservlet;jsessionid=ac16012b30d6d19c31849e654dd38cb0cf62d49b9509.e3iSbxaKaheRe34Pbx8Nc3aQci1ynknvrkLOlQzNp65In0 HTTP/1.1" 200 2
66.249.70.196 - - [14/Sep/2023:17:25:05 -0500] "GET /BLA/resoluciones/RESOLUCIONES%202009/3459.pdf HTTP/1.1" 200 798397
66.249.70.197 - - [14/Sep/2023:17:25:18 -0500] "GET /BLA/resoluciones/RESOLUCIONES%202009/7425.pdf HTTP/1.1" 200 495513
201.245.192.253 - - [14/Sep/2023:17:25:27 -0500] "POST /forms/lservlet;jsessionid=ac16012b30d63d978f376e20424bb3f6ff930e63d6af.e3iSbxaKaheRe34Pbx8Nc3aQci1ynknvrkLOlQzNp65In0 HTTP/1.1" 200 2
201.245.192.253 - - [14/Sep/2023:17:26:21 -0500] "POST /forms/lservlet;jsessionid=ac16012b30d6d19c31849e654dd38cb0cf62d49b9509.e3iSbxaKaheRe34Pbx8Nc3aQci1ynknvrkLOlQzNp65In0 HTTP/1.1" 200 2
172.22.2.4 - - [14/Sep/2023:17:24:44 -0500] "HEAD /BLA/boletinlegal/ HTTP/1.1" 200 -
201.245.192.253 - - [14/Sep/2023:17:26:38 -0500] "POST /kwsrmcab/Wsrmcab  HTTP/1.1" 200 42865
190.27.165.83 - - [14/Sep/2023:17:26:53 -0500] "GET /kwssiamovil/sm/acme/u?s=U2FsdGVkX182WAJR8QoNY74lm23EYYet6Md/cy4WvzvDw0nXbfoJPU6FjN6n4Aqeixa60JP2P6LYLDbx47Fhq2DSi9//g+b7Xy1y6ldrQ0eqDXMoSQ2vLNgfrVCqvXLnaQnOHmIT70Zb0uoWcPkU5zhT4OPKjsOvxmABGdJJ2PQ=&u=U2FsdGVkX19oZE9IwsU2X0eGQoO4YQQibarX9priGpeLq4iytoR4+XuyyYghHVtA&y=U2FsdGVkX1/+9rfS+g+I5ZPVKKRDf5qGTTKh4TCAygiweNWNcXT5bdKi53cc808O HTTP/1.1" 200 60
172.22.2.4 - - [14/Sep/2023:17:25:35 -0500] "GET /BLA/boletinlegal/ HTTP/1.1" 200 57790
216.245.221.92 - - [14/Sep/2023:17:27:24 -0500] "HEAD / HTTP/1.1" 200 -
201.245.192.253 - - [14/Sep/2023:17:27:27 -0500] "POST /forms/lservlet;jsessionid=ac16012b30d63d978f376e20424bb3f6ff930e63d6af.e3iSbxaKaheRe34Pbx8Nc3aQci1ynknvrkLOlQzNp65In0 HTTP/1.1" 200 2
52.167.144.181 - - [14/Sep/2023:17:27:49 -0500] "GET /portaldeninos/tag/ruido-ambiental/ HTTP/1.1" 200 93554
186.154.150.94 - - [14/Sep/2023:17:28:09 -0500] "POST /sipse/faces/presentacion/financiero/solicitudAnulacion/consultarSolicitudAnulacion.xhtml HTTP/1.1" 200 23706
186.154.150.94 - - [14/Sep/2023:17:28:10 -0500] "POST /sipse/faces/presentacion/financiero/solicitudAnulacion/consultarSolicitudAnulacion.xhtml HTTP/1.1" 200 10672
186.154.150.94 - - [14/Sep/2023:17:28:13 -0500] "POST /sipse/faces/presentacion/financiero/solicitudAnulacion/consultarSolicitudAnulacion.xhtml HTTP/1.1" 200 4086
186.154.150.94 - - [14/Sep/2023:17:28:16 -0500] "POST /sipse/faces/presentacion/financiero/solicitudAnulacion/consultarSolicitudAnulacion.xhtml HTTP/1.1" 200 184
186.154.150.94 - - [14/Sep/2023:17:28:16 -0500] "GET /sipse/faces/presentacion/financiero/solicitudAnulacion/solicitudAnulacion.xhtml HTTP/1.1" 200 31655
186.154.150.94 - - [14/Sep/2023:17:28:16 -0500] "GET /sipse/faces/javax.faces.resource/theme.css?ln=primefaces-sipse HTTP/1.1" 304 -
186.154.150.94 - - [14/Sep/2023:17:28:16 -0500] "GET /sipse/faces/javax.faces.resource/primefaces.css?ln=primefaces&v=4.0 HTTP/1.1" 304 -
186.154.150.94 - - [14/Sep/2023:17:28:16 -0500] "GET /sipse/faces/javax.faces.resource/layout/layout.css?ln=primefaces&v=4.0 HTTP/1.1" 304 -
186.154.150.94 - - [14/Sep/2023:17:28:16 -0500] "GET /sipse/faces/javax.faces.resource/jquery/jquery.js?ln=primefaces&v=4.0 HTTP/1.1" 304 -
186.154.150.94 - - [14/Sep/2023:17:28:16 -0500] "GET /sipse/faces/javax.faces.resource/jquery/jquery-plugins.js?ln=primefaces&v=4.0 HTTP/1.1" 304 -
186.154.150.94 - - [14/Sep/2023:17:28:16 -0500] "GET /sipse/faces/javax.faces.resource/primefaces.js?ln=primefaces&v=4.0 HTTP/1.1" 304 -
186.154.150.94 - - [14/Sep/2023:17:28:16 -0500] "GET /sipse/faces/javax.faces.resource/layout/layout.js?ln=primefaces&v=4.0 HTTP/1.1" 304 -
186.154.150.94 - - [14/Sep/2023:17:28:17 -0500] "GET /sipse/css/imagen/contrasena.png HTTP/1.1" 404 383
186.154.150.94 - - [14/Sep/2023:17:28:17 -0500] "GET /sipse/faces/javax.faces.resource/images/ui-icons_898989_256x240.png?ln=primefaces-aristo HTTP/1.1" 304 -
186.154.150.94 - - [14/Sep/2023:17:28:17 -0500] "GET /sipse/faces/javax.faces.resource/images/ui-bg_flat_0_2d5972_40x100.png?ln=primefaces-aristo HTTP/1.1" 304 -
186.154.150.94 - - [14/Sep/2023:17:28:17 -0500] "POST /sipse/faces/presentacion/financiero/solicitudAnulacion/solicitudAnulacion.xhtml HTTP/1.1" 200 10464
186.154.150.94 - - [14/Sep/2023:17:28:17 -0500] "GET /sipse/faces/javax.faces.resource/messages/messages.png?ln=primefaces&v=4.0 HTTP/1.1" 304 -
201.245.192.253 - - [14/Sep/2023:17:28:21 -0500] "POST /forms/lservlet;jsessionid=ac16012b30d6d19c31849e654dd38cb0cf62d49b9509.e3iSbxaKaheRe34Pbx8Nc3aQci1ynknvrkLOlQzNp65In0 HTTP/1.1" 200 2
201.245.192.253 - - [14/Sep/2023:17:28:19 -0500] "POST /kwsrmcab/Wsrmcab HTTP/1.1" 200 42688
201.245.192.253 - - [14/Sep/2023:17:28:22 -0500] "POST /kwsrmcab/Wsrmcab HTTP/1.1" 200 43752
186.154.150.94 - - [14/Sep/2023:17:28:32 -0500] "POST /sipse/faces/presentacion/financiero/solicitudAnulacion/solicitudAnulacion.xhtml HTTP/1.1" 200 7109
186.154.150.94 - - [14/Sep/2023:17:28:42 -0500] "POST /sipse/faces/presentacion/financiero/solicitudAnulacion/solicitudAnulacion.xhtml HTTP/1.1" 200 35566
186.154.150.94 - - [14/Sep/2023:17:28:42 -0500] "GET /sipse/faces/javax.faces.resource/theme.css?ln=primefaces-sipse HTTP/1.1" 304 -
186.154.150.94 - - [14/Sep/2023:17:28:42 -0500] "GET /sipse/faces/javax.faces.resource/primefaces.css?ln=primefaces&v=4.0 HTTP/1.1" 304 -
186.154.150.94 - - [14/Sep/2023:17:28:42 -0500] "GET /sipse/faces/javax.faces.resource/layout/layout.css?ln=primefaces&v=4.0 HTTP/1.1" 304 -
186.154.150.94 - - [14/Sep/2023:17:28:42 -0500] "GET /sipse/faces/javax.faces.resource/jquery/jquery.js?ln=primefaces&v=4.0 HTTP/1.1" 304 -
186.154.150.94 - - [14/Sep/2023:17:28:42 -0500] "GET /sipse/faces/javax.faces.resource/jquery/jquery-plugins.js?ln=primefaces&v=4.0 HTTP/1.1" 304 -
186.154.150.94 - - [14/Sep/2023:17:28:43 -0500] "GET /sipse/faces/javax.faces.resource/primefaces.js?ln=primefaces&v=4.0 HTTP/1.1" 304 -
186.154.150.94 - - [14/Sep/2023:17:28:43 -0500] "GET /sipse/faces/javax.faces.resource/layout/layout.js?ln=primefaces&v=4.0 HTTP/1.1" 304 -
186.154.150.94 - - [14/Sep/2023:17:28:55 -0500] "POST /sipse/faces/presentacion/sistema/reporte/listarReportes.xhtml HTTP/1.1" 200 24052
186.154.150.94 - - [14/Sep/2023:17:28:55 -0500] "GET /sipse/faces/javax.faces.resource/theme.css?ln=primefaces-sipse HTTP/1.1" 304 -
186.154.150.94 - - [14/Sep/2023:17:28:55 -0500] "GET /sipse/faces/javax.faces.resource/primefaces.css?ln=primefaces&v=4.0 HTTP/1.1" 304 -
186.154.150.94 - - [14/Sep/2023:17:28:55 -0500] "GET /sipse/faces/javax.faces.resource/layout/layout.css?ln=primefaces&v=4.0 HTTP/1.1" 304 -
186.154.150.94 - - [14/Sep/2023:17:28:55 -0500] "GET /sipse/faces/javax.faces.resource/jquery/jquery.js?ln=primefaces&v=4.0 HTTP/1.1" 304 -
186.154.150.94 - - [14/Sep/2023:17:28:55 -0500] "GET /sipse/faces/javax.faces.resource/jquery/jquery-plugins.js?ln=primefaces&v=4.0 HTTP/1.1" 304 -
186.154.150.94 - - [14/Sep/2023:17:28:55 -0500] "GET /sipse/faces/javax.faces.resource/primefaces.js?ln=primefaces&v=4.0 HTTP/1.1" 304 -
186.154.150.94 - - [14/Sep/2023:17:28:55 -0500] "GET /sipse/faces/javax.faces.resource/layout/layout.js?ln=primefaces&v=4.0 HTTP/1.1" 304 -
186.154.150.94 - - [14/Sep/2023:17:28:55 -0500] "GET /sipse/css/imagen/contrasena.png HTTP/1.1" 404 383
186.154.150.94 - - [14/Sep/2023:17:29:07 -0500] "POST /sipse/faces/presentacion/sistema/reporte/ventanaVerReporteParametros.xhtml HTTP/1.1" 200 35566
186.154.150.94 - - [14/Sep/2023:17:29:07 -0500] "GET /sipse/faces/javax.faces.resource/theme.css?ln=primefaces-sipse HTTP/1.1" 304 -
186.154.150.94 - - [14/Sep/2023:17:29:07 -0500] "GET /sipse/faces/javax.faces.resource/primefaces.css?ln=primefaces&v=4.0 HTTP/1.1" 304 -
186.154.150.94 - - [14/Sep/2023:17:29:07 -0500] "GET /sipse/faces/javax.faces.resource/layout/layout.css?ln=primefaces&v=4.0 HTTP/1.1" 304 -
186.154.150.94 - - [14/Sep/2023:17:29:07 -0500] "GET /sipse/faces/javax.faces.resource/jquery/jquery.js?ln=primefaces&v=4.0 HTTP/1.1" 304 -
186.154.150.94 - - [14/Sep/2023:17:29:07 -0500] "GET /sipse/faces/javax.faces.resource/jquery/jquery-plugins.js?ln=primefaces&v=4.0 HTTP/1.1" 304 -
186.154.150.94 - - [14/Sep/2023:17:29:07 -0500] "GET /sipse/faces/javax.faces.resource/primefaces.js?ln=primefaces&v=4.0 HTTP/1.1" 304 -
186.154.150.94 - - [14/Sep/2023:17:29:07 -0500] "GET /sipse/faces/javax.faces.resource/layout/layout.js?ln=primefaces&v=4.0 HTTP/1.1" 304 -
201.245.192.253 - - [14/Sep/2023:17:29:27 -0500] "POST /forms/lservlet;jsessionid=ac16012b30d63d978f376e20424bb3f6ff930e63d6af.e3iSbxaKaheRe34Pbx8Nc3aQci1ynknvrkLOlQzNp65In0 HTTP/1.1" 200 2
186.154.150.94 - - [14/Sep/2023:17:29:29 -0500] "POST /sipse/faces/presentacion/sistema/reporte/listarReportes.xhtml HTTP/1.1" 200 24056
186.154.150.94 - - [14/Sep/2023:17:29:30 -0500] "GET /sipse/faces/javax.faces.resource/theme.css?ln=primefaces-sipse HTTP/1.1" 304 -
186.154.150.94 - - [14/Sep/2023:17:29:30 -0500] "GET /sipse/faces/javax.faces.resource/primefaces.css?ln=primefaces&v=4.0 HTTP/1.1" 304 -
186.154.150.94 - - [14/Sep/2023:17:29:30 -0500] "GET /sipse/faces/javax.faces.resource/layout/layout.css?ln=primefaces&v=4.0 HTTP/1.1" 304 -
186.154.150.94 - - [14/Sep/2023:17:29:30 -0500] "GET /sipse/faces/javax.faces.resource/jquery/jquery.js?ln=primefaces&v=4.0 HTTP/1.1" 304 -
186.154.150.94 - - [14/Sep/2023:17:29:30 -0500] "GET /sipse/faces/javax.faces.resource/jquery/jquery-plugins.js?ln=primefaces&v=4.0 HTTP/1.1" 304 -
186.154.150.94 - - [14/Sep/2023:17:29:30 -0500] "GET /sipse/faces/javax.faces.resource/primefaces.js?ln=primefaces&v=4.0 HTTP/1.1" 304 -
186.154.150.94 - - [14/Sep/2023:17:29:30 -0500] "GET /sipse/faces/javax.faces.resource/layout/layout.js?ln=primefaces&v=4.0 HTTP/1.1" 304 -
186.154.150.94 - - [14/Sep/2023:17:29:41 -0500] "POST /sipse/faces/presentacion/sistema/reporte/ventanaVerReporteParametros.xhtml HTTP/1.1" 200 35566
186.154.150.94 - - [14/Sep/2023:17:29:41 -0500] "GET /sipse/faces/javax.faces.resource/theme.css?ln=primefaces-sipse HTTP/1.1" 304 -
186.154.150.94 - - [14/Sep/2023:17:29:41 -0500] "GET /sipse/faces/javax.faces.resource/layout/layout.css?ln=primefaces&v=4.0 HTTP/1.1" 304 -
186.154.150.94 - - [14/Sep/2023:17:29:41 -0500] "GET /sipse/faces/javax.faces.resource/primefaces.css?ln=primefaces&v=4.0 HTTP/1.1" 304 -
186.154.150.94 - - [14/Sep/2023:17:29:41 -0500] "GET /sipse/faces/javax.faces.resource/jquery/jquery.js?ln=primefaces&v=4.0 HTTP/1.1" 304 -
186.154.150.94 - - [14/Sep/2023:17:29:41 -0500] "GET /sipse/faces/javax.faces.resource/jquery/jquery-plugins.js?ln=primefaces&v=4.0 HTTP/1.1" 304 -
186.154.150.94 - - [14/Sep/2023:17:29:41 -0500] "GET /sipse/faces/javax.faces.resource/primefaces.js?ln=primefaces&v=4.0 HTTP/1.1" 304 -
186.154.150.94 - - [14/Sep/2023:17:29:41 -0500] "GET /sipse/faces/javax.faces.resource/layout/layout.js?ln=primefaces&v=4.0 HTTP/1.1" 304 -
186.154.150.94 - - [14/Sep/2023:17:29:42 -0500] "POST /sipse/faces/presentacion/sistema/reporte/listarReportes.xhtml HTTP/1.1" 200 28986
186.154.150.94 - - [14/Sep/2023:17:29:42 -0500] "POST /sipse/faces/presentacion/sistema/reporte/listarReportes.xhtml HTTP/1.1" 200 28986
186.154.150.94 - - [14/Sep/2023:17:29:48 -0500] "POST /sipse/faces/presentacion/sistema/reporte/listarReportes.xhtml HTTP/1.1" 200 3728
186.154.150.94 - - [14/Sep/2023:17:29:57 -0500] "POST /sipse/faces/presentacion/sistema/reporte/listarReportes.xhtml HTTP/1.1" 200 2203
186.154.150.94 - - [14/Sep/2023:17:30:01 -0500] "POST /sipse/faces/presentacion/sistema/reporte/listarReportes.xhtml HTTP/1.1" 200 73452
186.154.150.94 - - [14/Sep/2023:17:30:10 -0500] "GET /sipse/faces/javax.faces.resource/theme.css?ln=primefaces-sipse HTTP/1.1" 304 -
186.154.150.94 - - [14/Sep/2023:17:30:10 -0500] "GET /sipse/faces/javax.faces.resource/primefaces.css?ln=primefaces&v=4.0 HTTP/1.1" 304 -
186.154.150.94 - - [14/Sep/2023:17:30:10 -0500] "GET /sipse/faces/javax.faces.resource/layout/layout.css?ln=primefaces&v=4.0 HTTP/1.1" 304 -
186.154.150.94 - - [14/Sep/2023:17:30:10 -0500] "GET /sipse/faces/javax.faces.resource/jquery/jquery.js?ln=primefaces&v=4.0 HTTP/1.1" 304 -
186.154.150.94 - - [14/Sep/2023:17:30:10 -0500] "GET /sipse/faces/javax.faces.resource/jquery/jquery-plugins.js?ln=primefaces&v=4.0 HTTP/1.1" 304 -
186.154.150.94 - - [14/Sep/2023:17:30:10 -0500] "GET /sipse/faces/javax.faces.resource/primefaces.js?ln=primefaces&v=4.0 HTTP/1.1" 304 -
186.154.150.94 - - [14/Sep/2023:17:30:10 -0500] "GET /sipse/faces/javax.faces.resource/layout/layout.js?ln=primefaces&v=4.0 HTTP/1.1" 304 -
186.154.150.94 - - [14/Sep/2023:17:30:10 -0500] "POST /sipse/faces/presentacion/proyectos/proyecto/listarConsultarProyectos.xhtml HTTP/1.1" 200 66846
162.55.175.141 - - [14/Sep/2023:17:30:19 -0500] "GET / HTTP/1.1" 200 319
201.245.192.253 - - [14/Sep/2023:17:30:21 -0500] "POST /forms/lservlet;jsessionid=ac16012b30d6d19c31849e654dd38cb0cf62d49b9509.e3iSbxaKaheRe34Pbx8Nc3aQci1ynknvrkLOlQzNp65In0 HTTP/1.1" 200 2
52.167.144.181 - - [14/Sep/2023:17:31:10 -0500] "GET /portaldeninos/2021/05/30/cambio-climatico/ HTTP/1.1" 200 93898
201.245.192.253 - - [14/Sep/2023:17:31:27 -0500] "POST /forms/lservlet;jsessionid=ac16012b30d63d978f376e20424bb3f6ff930e63d6af.e3iSbxaKaheRe34Pbx8Nc3aQci1ynknvrkLOlQzNp65In0 HTTP/1.1" 200 2
201.245.192.253 - - [14/Sep/2023:17:31:37 -0500] "POST /kwsrmcab/Wsrmcab  HTTP/1.1" 200 42865
40.77.167.64 - - [14/Sep/2023:17:31:54 -0500] "GET /BLA/resoluciones/AUTOS%202021/2060.pdf HTTP/1.1" 304 -
52.167.144.186 - - [14/Sep/2023:17:32:01 -0500] "GET /portaldeninos/wp-content/plugins/gallery-videos/CSS/totalsoft.css?ver=4.9.8 HTTP/1.1" 200 40622
52.167.144.186 - - [14/Sep/2023:17:32:01 -0500] "GET /portaldeninos/wp-includes/js/comment-reply.min.js?ver=4.9.8 HTTP/1.1" 200 1078
186.154.150.94 - - [14/Sep/2023:17:32:12 -0500] "POST /sipse/faces/presentacion/proyectos/proyecto/listarConsultarProyectos.xhtml HTTP/1.1" 200 42951
186.154.150.94 - - [14/Sep/2023:17:32:13 -0500] "GET /sipse/faces/javax.faces.resource/theme.css?ln=primefaces-sipse HTTP/1.1" 304 -
186.154.150.94 - - [14/Sep/2023:17:32:13 -0500] "GET /sipse/faces/javax.faces.resource/primefaces.css?ln=primefaces&v=4.0 HTTP/1.1" 304 -
186.154.150.94 - - [14/Sep/2023:17:32:13 -0500] "GET /sipse/faces/javax.faces.resource/layout/layout.css?ln=primefaces&v=4.0 HTTP/1.1" 304 -
186.154.150.94 - - [14/Sep/2023:17:32:13 -0500] "GET /sipse/faces/javax.faces.resource/jquery/jquery.js?ln=primefaces&v=4.0 HTTP/1.1" 304 -
172.22.2.4 - - [14/Sep/2023:17:30:34 -0500] "HEAD /BLA/boletinlegal/ HTTP/1.1" 200 -
186.154.150.94 - - [14/Sep/2023:17:32:13 -0500] "GET /sipse/faces/javax.faces.resource/jquery/jquery-plugins.js?ln=primefaces&v=4.0 HTTP/1.1" 304 -
186.154.150.94 - - [14/Sep/2023:17:32:15 -0500] "GET /sipse/faces/javax.faces.resource/primefaces.js?ln=primefaces&v=4.0 HTTP/1.1" 304 -
186.154.150.94 - - [14/Sep/2023:17:32:16 -0500] "GET /sipse/faces/javax.faces.resource/layout/layout.js?ln=primefaces&v=4.0 HTTP/1.1" 304 -
186.154.150.94 - - [14/Sep/2023:17:32:16 -0500] "POST /sipse/faces/presentacion/financiero/solicitudProceso/solicitudProcesoOtrosPagos.xhtml HTTP/1.1" 200 36323
186.154.150.94 - - [14/Sep/2023:17:32:16 -0500] "POST /sipse/faces/presentacion/financiero/solicitudProceso/solicitudProcesoOtrosPagos.xhtml HTTP/1.1" 200 36323
201.245.192.253 - - [14/Sep/2023:17:32:21 -0500] "POST /forms/lservlet;jsessionid=ac16012b30d6d19c31849e654dd38cb0cf62d49b9509.e3iSbxaKaheRe34Pbx8Nc3aQci1ynknvrkLOlQzNp65In0 HTTP/1.1" 200 2
216.245.221.92 - - [14/Sep/2023:17:32:24 -0500] "HEAD / HTTP/1.1" 200 -
172.22.2.4 - - [14/Sep/2023:17:31:25 -0500] "GET /BLA/boletinlegal/ HTTP/1.1" 200 60692
181.237.166.28 - - [14/Sep/2023:17:33:17 -0500] "POST /sipse/faces/presentacion/financiero/solicitudProceso/listarSolicitudProceso.xhtml HTTP/1.1" 200 2085
181.237.166.28 - - [14/Sep/2023:17:33:18 -0500] "POST /sipse/faces/presentacion/financiero/solicitudProceso/listarSolicitudProceso.xhtml HTTP/1.1" 200 38340
181.237.166.28 - - [14/Sep/2023:17:33:18 -0500] "GET /sipse/faces/javax.faces.resource/theme.css?ln=primefaces-sipse HTTP/1.1" 304 -
181.237.166.28 - - [14/Sep/2023:17:33:18 -0500] "GET /sipse/faces/javax.faces.resource/layout/layout.css?ln=primefaces&v=4.0 HTTP/1.1" 304 -
181.237.166.28 - - [14/Sep/2023:17:33:18 -0500] "GET /sipse/faces/javax.faces.resource/primefaces.css?ln=primefaces&v=4.0 HTTP/1.1" 304 -
181.237.166.28 - - [14/Sep/2023:17:33:18 -0500] "GET /sipse/faces/javax.faces.resource/jquery/jquery.js?ln=primefaces&v=4.0 HTTP/1.1" 304 -
181.237.166.28 - - [14/Sep/2023:17:33:18 -0500] "GET /sipse/faces/javax.faces.resource/jquery/jquery-plugins.js?ln=primefaces&v=4.0 HTTP/1.1" 304 -
181.237.166.28 - - [14/Sep/2023:17:33:18 -0500] "GET /sipse/faces/javax.faces.resource/primefaces.js?ln=primefaces&v=4.0 HTTP/1.1" 304 -
181.237.166.28 - - [14/Sep/2023:17:33:18 -0500] "GET /sipse/faces/javax.faces.resource/layout/layout.js?ln=primefaces&v=4.0 HTTP/1.1" 304 -
181.237.166.28 - - [14/Sep/2023:17:33:18 -0500] "POST /sipse/faces/presentacion/financiero/solicitudProceso/consultar.xhtml HTTP/1.1" 200 31757
181.237.166.28 - - [14/Sep/2023:17:33:19 -0500] "POST /sipse/faces/presentacion/financiero/solicitudProceso/consultar.xhtml HTTP/1.1" 200 31757
181.237.166.28 - - [14/Sep/2023:17:33:20 -0500] "POST /sipse/faces/presentacion/financiero/solicitudProceso/consultar.xhtml HTTP/1.1" 200 31757
181.237.166.28 - - [14/Sep/2023:17:33:25 -0500] "POST /sipse/faces/presentacion/financiero/solicitudProceso/consultar.xhtml HTTP/1.1" 200 12699
201.245.192.253 - - [14/Sep/2023:17:33:27 -0500] "POST /forms/lservlet;jsessionid=ac16012b30d63d978f376e20424bb3f6ff930e63d6af.e3iSbxaKaheRe34Pbx8Nc3aQci1ynknvrkLOlQzNp65In0 HTTP/1.1" 200 2
181.237.166.28 - - [14/Sep/2023:17:33:28 -0500] "POST /sipse/faces/presentacion/financiero/solicitudProceso/consultar.xhtml HTTP/1.1" 200 35084
181.237.166.28 - - [14/Sep/2023:17:33:28 -0500] "GET /sipse/faces/javax.faces.resource/theme.css?ln=primefaces-sipse HTTP/1.1" 304 -
181.237.166.28 - - [14/Sep/2023:17:33:28 -0500] "GET /sipse/faces/javax.faces.resource/primefaces.css?ln=primefaces&v=4.0 HTTP/1.1" 304 -
181.237.166.28 - - [14/Sep/2023:17:33:28 -0500] "GET /sipse/faces/javax.faces.resource/layout/layout.css?ln=primefaces&v=4.0 HTTP/1.1" 304 -
181.237.166.28 - - [14/Sep/2023:17:33:28 -0500] "GET /sipse/faces/javax.faces.resource/jquery/jquery.js?ln=primefaces&v=4.0 HTTP/1.1" 304 -
181.237.166.28 - - [14/Sep/2023:17:33:28 -0500] "GET /sipse/faces/javax.faces.resource/jquery/jquery-plugins.js?ln=primefaces&v=4.0 HTTP/1.1" 304 -
181.237.166.28 - - [14/Sep/2023:17:33:28 -0500] "GET /sipse/faces/javax.faces.resource/primefaces.js?ln=primefaces&v=4.0 HTTP/1.1" 304 -
181.237.166.28 - - [14/Sep/2023:17:33:28 -0500] "GET /sipse/faces/javax.faces.resource/layout/layout.js?ln=primefaces&v=4.0 HTTP/1.1" 304 -
181.237.166.28 - - [14/Sep/2023:17:33:29 -0500] "POST /sipse/faces/presentacion/financiero/solicitudProceso/listarSolicitudProceso.xhtml HTTP/1.1" 200 28475
181.237.166.28 - - [14/Sep/2023:17:33:29 -0500] "POST /sipse/faces/presentacion/financiero/solicitudProceso/listarSolicitudProceso.xhtml HTTP/1.1" 200 28475
181.237.166.28 - - [14/Sep/2023:17:33:30 -0500] "POST /sipse/faces/presentacion/financiero/solicitudProceso/listarSolicitudProceso.xhtml HTTP/1.1" 200 28475
181.237.166.28 - - [14/Sep/2023:17:33:30 -0500] "POST /sipse/faces/presentacion/financiero/solicitudProceso/listarSolicitudProceso.xhtml HTTP/1.1" 200 28475
181.237.166.28 - - [14/Sep/2023:17:33:30 -0500] "POST /sipse/faces/presentacion/financiero/solicitudProceso/listarSolicitudProceso.xhtml HTTP/1.1" 200 1404
181.237.166.28 - - [14/Sep/2023:17:33:31 -0500] "POST /sipse/faces/presentacion/financiero/solicitudProceso/listarSolicitudProceso.xhtml HTTP/1.1" 200 1392
181.237.166.28 - - [14/Sep/2023:17:33:31 -0500] "POST /sipse/faces/presentacion/financiero/solicitudProceso/listarSolicitudProceso.xhtml HTTP/1.1" 200 1408
181.237.166.28 - - [14/Sep/2023:17:33:31 -0500] "POST /sipse/faces/presentacion/financiero/solicitudProceso/listarSolicitudProceso.xhtml HTTP/1.1" 200 1404
181.237.166.28 - - [14/Sep/2023:17:33:32 -0500] "POST /sipse/faces/presentacion/financiero/solicitudProceso/listarSolicitudProceso.xhtml HTTP/1.1" 200 1408
52.167.144.234 - - [14/Sep/2023:17:34:01 -0500] "GET /portaldeninos/tag/aulas-ambientales-secretaria-de-ambiente/ HTTP/1.1" 200 93741
191.156.50.75 - - [14/Sep/2023:17:34:17 -0500] "GET /mujeres-que-reverdec HTTP/1.1" 404 1136
191.156.50.75 - - [14/Sep/2023:17:34:20 -0500] "GET /favicon.ico HTTP/1.1" 404 1334
201.245.192.253 - - [14/Sep/2023:17:34:21 -0500] "POST /forms/lservlet;jsessionid=ac16012b30d6d19c31849e654dd38cb0cf62d49b9509.e3iSbxaKaheRe34Pbx8Nc3aQci1ynknvrkLOlQzNp65In0 HTTP/1.1" 200 2
