201.245.192.253 - - [14/Sep/2023:08:57:31 -0500] "POST /forms/lservlet;jsessionid=ac16012b30d6d19c31849e654dd38cb0cf62d49b9509.e3iSbxaKaheRe34Pbx8Nc3aQci1ynknvrkLOlQzNp65In0 HTTP/1.1" 200 2
191.95.48.114 - - [14/Sep/2023:08:57:37 -0500] "GET /siipev/Diseno%20de%20Elementos%20de%20Mobiliario%20Urbano/Diseno%20pertenecientes%20al%20mobiliario%20urbano%20M10-M160/PARTE%20A/Dise%C3%B1o%20de%20Elementos%20M-10.pdf HTTP/1.1" 206 1
191.95.48.114 - - [14/Sep/2023:08:57:37 -0500] "GET /siipev/Diseno%20de%20Elementos%20de%20Mobiliario%20Urbano/Diseno%20pertenecientes%20al%20mobiliario%20urbano%20M10-M160/PARTE%20A/Dise%C3%B1o%20de%20Elementos%20M-10.pdf HTTP/1.1" 206 821413
191.95.48.114 - - [14/Sep/2023:08:57:48 -0500] "GET /siipev/Diseno%20de%20Elementos%20de%20Mobiliario%20Urbano/Diseno%20pertenecientes%20al%20mobiliario%20urbano%20M10-M160/PARTE%20A/Dise%C3%B1o%20de%20Elementos%20M-10.pdf HTTP/1.1" 206 1
191.95.48.114 - - [14/Sep/2023:08:57:50 -0500] "GET /siipev/Diseno%20de%20Elementos%20de%20Mobiliario%20Urbano/Diseno%20pertenecientes%20al%20mobiliario%20urbano%20M10-M160/PARTE%20A/Dise%C3%B1o%20de%20Elementos%20M-10.pdf HTTP/1.1" 206 1
191.95.48.114 - - [14/Sep/2023:08:57:50 -0500] "GET /siipev/Diseno%20de%20Elementos%20de%20Mobiliario%20Urbano/Diseno%20pertenecientes%20al%20mobiliario%20urbano%20M10-M160/PARTE%20A/Dise%C3%B1o%20de%20Elementos%20M-10.pdf HTTP/1.1" 206 821413
152.203.218.47 - - [14/Sep/2023:08:58:14 -0500] "GET /sipse/faces/faces/autenticacion.xhtml HTTP/1.1" 200 12505
152.203.218.47 - - [14/Sep/2023:08:58:14 -0500] "GET /sipse/js/disable_browser_buttons.js HTTP/1.1" 200 3230
152.203.218.47 - - [14/Sep/2023:08:58:14 -0500] "GET /sipse/css/custom_css_sg_prime_login.css HTTP/1.1" 200 443
152.203.218.47 - - [14/Sep/2023:08:58:14 -0500] "GET /sipse/js/funciones.js HTTP/1.1" 200 12592
152.203.218.47 - - [14/Sep/2023:08:58:14 -0500] "GET /sipse/faces/javax.faces.resource/theme.css?ln=primefaces-sipse HTTP/1.1" 304 -
152.203.218.47 - - [14/Sep/2023:08:58:14 -0500] "GET /sipse/faces/javax.faces.resource/layout/layout.css;jsessionid=HToDRnSGDC49OFNVAFV8oIFn.undefined?ln=primefaces&v=4.0 HTTP/1.1" 200 542
152.203.218.47 - - [14/Sep/2023:08:58:14 -0500] "GET /sipse/css/custom_css_sg.css HTTP/1.1" 200 9694
152.203.218.47 - - [14/Sep/2023:08:58:14 -0500] "GET /sipse/faces/javax.faces.resource/primefaces.css;jsessionid=HToDRnSGDC49OFNVAFV8oIFn.undefined?ln=primefaces&v=4.0 HTTP/1.1" 200 53295
152.203.218.47 - - [14/Sep/2023:08:58:14 -0500] "GET /sipse/faces/javax.faces.resource/jquery/jquery-plugins.js;jsessionid=HToDRnSGDC49OFNVAFV8oIFn.undefined?ln=primefaces&v=4.0 HTTP/1.1" 200 220526
152.203.218.47 - - [14/Sep/2023:08:58:14 -0500] "GET /sipse/faces/javax.faces.resource/layout/layout.js;jsessionid=HToDRnSGDC49OFNVAFV8oIFn.undefined?ln=primefaces&v=4.0 HTTP/1.1" 200 87560
152.203.218.47 - - [14/Sep/2023:08:58:14 -0500] "GET /sipse/faces/javax.faces.resource/jquery/jquery.js;jsessionid=HToDRnSGDC49OFNVAFV8oIFn.undefined?ln=primefaces&v=4.0 HTTP/1.1" 200 105384
152.203.218.47 - - [14/Sep/2023:08:58:14 -0500] "GET /sipse/faces/javax.faces.resource/primefaces.js;jsessionid=HToDRnSGDC49OFNVAFV8oIFn.undefined?ln=primefaces&v=4.0 HTTP/1.1" 200 276924
152.203.218.47 - - [14/Sep/2023:08:58:14 -0500] "GET /sipse/faces/javax.faces.resource/images/ui-icons_898989_256x240.png?ln=primefaces-aristo HTTP/1.1" 200 5355
152.203.218.47 - - [14/Sep/2023:08:58:14 -0500] "GET /sipse/css/imagen/logoSDG.png HTTP/1.1" 200 53064
152.203.218.47 - - [14/Sep/2023:08:58:14 -0500] "GET /sipse/css/imagen/loginimg.png HTTP/1.1" 200 71635
152.203.218.47 - - [14/Sep/2023:08:58:14 -0500] "GET /favicon.ico HTTP/1.1" 200 7782
152.203.218.47 - - [14/Sep/2023:08:58:14 -0500] "GET /sipse/faces/faces/index.xhtml HTTP/1.1" 200 677
152.203.218.47 - - [14/Sep/2023:08:58:14 -0500] "GET /sipse/faces/javax.faces.resource/theme.css?ln=primefaces-sipse HTTP/1.1" 304 -
152.203.218.47 - - [14/Sep/2023:08:58:14 -0500] "GET /sipse/faces/faces/faces/autenticacion.xhtml HTTP/1.1" 200 12183
152.203.218.47 - - [14/Sep/2023:08:58:14 -0500] "GET /sipse/faces/javax.faces.resource/theme.css?ln=primefaces-sipse HTTP/1.1" 304 -
152.203.218.47 - - [14/Sep/2023:08:58:15 -0500] "GET /sipse/faces/javax.faces.resource/layout/layout.css?ln=primefaces&v=4.0 HTTP/1.1" 304 -
152.203.218.47 - - [14/Sep/2023:08:58:15 -0500] "GET /sipse/faces/javax.faces.resource/jquery/jquery.js?ln=primefaces&v=4.0 HTTP/1.1" 304 -
152.203.218.47 - - [14/Sep/2023:08:58:15 -0500] "GET /sipse/faces/javax.faces.resource/jquery/jquery-plugins.js?ln=primefaces&v=4.0 HTTP/1.1" 304 -
152.203.218.47 - - [14/Sep/2023:08:58:15 -0500] "GET /sipse/faces/javax.faces.resource/primefaces.js?ln=primefaces&v=4.0 HTTP/1.1" 304 -
152.203.218.47 - - [14/Sep/2023:08:58:15 -0500] "GET /sipse/faces/javax.faces.resource/layout/layout.js?ln=primefaces&v=4.0 HTTP/1.1" 304 -
152.203.218.47 - - [14/Sep/2023:08:58:14 -0500] "GET /sipse/faces/javax.faces.resource/primefaces.css?ln=primefaces&v=4.0 HTTP/1.1" 200 53295
152.203.218.47 - - [14/Sep/2023:08:58:15 -0500] "GET /sipse/faces/javax.faces.resource/images/ui-icons_898989_256x240.png?ln=primefaces-aristo HTTP/1.1" 304 -
152.203.218.47 - - [14/Sep/2023:08:58:16 -0500] "POST /sipse/faces/autenticacion.xhtml HTTP/1.1" 200 2217
152.203.218.47 - - [14/Sep/2023:08:58:17 -0500] "GET /sipse/faces/javax.faces.resource/messages/messages.png?ln=primefaces&v=4.0 HTTP/1.1" 200 27209
201.245.192.253 - - [14/Sep/2023:08:58:28 -0500] "POST /forms/lservlet;jsessionid=ac16012b30d6d19c31849e654dd38cb0cf62d49b9509.e3iSbxaKaheRe34Pbx8Nc3aQci1ynknvrkLOlQzNp65In0 HTTP/1.1" 200 32
201.245.192.253 - - [14/Sep/2023:08:58:28 -0500] "POST /forms/lservlet;jsessionid=ac16012b30d6d19c31849e654dd38cb0cf62d49b9509.e3iSbxaKaheRe34Pbx8Nc3aQci1ynknvrkLOlQzNp65In0 HTTP/1.1" 200 8
201.245.192.253 - - [14/Sep/2023:08:58:28 -0500] "POST /forms/lservlet;jsessionid=ac16012b30d6d19c31849e654dd38cb0cf62d49b9509.e3iSbxaKaheRe34Pbx8Nc3aQci1ynknvrkLOlQzNp65In0 HTTP/1.1" 200 2
201.245.192.253 - - [14/Sep/2023:08:58:30 -0500] "POST /forms/lservlet;jsessionid=ac16012b30d6d19c31849e654dd38cb0cf62d49b9509.e3iSbxaKaheRe34Pbx8Nc3aQci1ynknvrkLOlQzNp65In0 HTTP/1.1" 200 70
201.245.192.253 - - [14/Sep/2023:08:58:31 -0500] "POST /forms/lservlet;jsessionid=ac16012b30d6d19c31849e654dd38cb0cf62d49b9509.e3iSbxaKaheRe34Pbx8Nc3aQci1ynknvrkLOlQzNp65In0 HTTP/1.1" 200 2
201.245.192.253 - - [14/Sep/2023:08:58:31 -0500] "POST /forms/lservlet;jsessionid=ac16012b30d6d19c31849e654dd38cb0cf62d49b9509.e3iSbxaKaheRe34Pbx8Nc3aQci1ynknvrkLOlQzNp65In0 HTTP/1.1" 200 1225
201.245.192.253 - - [14/Sep/2023:08:58:31 -0500] "POST /forms/lservlet;jsessionid=ac16012b30d6d19c31849e654dd38cb0cf62d49b9509.e3iSbxaKaheRe34Pbx8Nc3aQci1ynknvrkLOlQzNp65In0 HTTP/1.1" 200 2
201.245.192.253 - - [14/Sep/2023:08:58:30 -0500] "POST /kwsrmcab/Wsrmcab  HTTP/1.1" 200 42865
152.203.218.47 - - [14/Sep/2023:08:58:32 -0500] "POST /sipse/faces/autenticacion.xhtml HTTP/1.1" 200 16346
152.203.218.47 - - [14/Sep/2023:08:58:32 -0500] "GET /sipse/css/custom_css_sg_prime.css HTTP/1.1" 200 5201
152.203.218.47 - - [14/Sep/2023:08:58:32 -0500] "GET /sipse/js/jquery.min.js HTTP/1.1" 200 85582
152.203.218.47 - - [14/Sep/2023:08:58:32 -0500] "GET /sipse/faces/javax.faces.resource/jquery/jquery.js?ln=primefaces&v=4.0 HTTP/1.1" 304 -
152.203.218.47 - - [14/Sep/2023:08:58:32 -0500] "GET /sipse/faces/javax.faces.resource/jquery/jquery-plugins.js?ln=primefaces&v=4.0 HTTP/1.1" 304 -
152.203.218.47 - - [14/Sep/2023:08:58:32 -0500] "GET /sipse/faces/javax.faces.resource/primefaces.js?ln=primefaces&v=4.0 HTTP/1.1" 304 -
152.203.218.47 - - [14/Sep/2023:08:58:32 -0500] "GET /sipse/faces/javax.faces.resource/layout/layout.js?ln=primefaces&v=4.0 HTTP/1.1" 304 -
152.203.218.47 - - [14/Sep/2023:08:58:32 -0500] "GET /sipse/css/v_mergente.css HTTP/1.1" 200 1505
152.203.218.47 - - [14/Sep/2023:08:58:32 -0500] "GET /sipse/imagenes/cargando.gif HTTP/1.1" 200 36959
152.203.218.47 - - [14/Sep/2023:08:58:32 -0500] "GET /sipse/css/imagen/contrasena.png HTTP/1.1" 404 383
152.203.218.47 - - [14/Sep/2023:08:58:32 -0500] "GET /sipse/imagenes/logoAplicacion.jpg HTTP/1.1" 200 155084
152.203.218.47 - - [14/Sep/2023:08:58:33 -0500] "GET /sipse/faces/javax.faces.resource/images/ui-bg_flat_0_2d5972_40x100.png?ln=primefaces-aristo HTTP/1.1" 200 183
152.203.218.47 - - [14/Sep/2023:08:58:33 -0500] "POST /sipse/faces/bienvenido.xhtml HTTP/1.1" 200 2658
201.245.192.253 - - [14/Sep/2023:08:58:39 -0500] "POST /forms/lservlet;jsessionid=ac16012b30d6d19c31849e654dd38cb0cf62d49b9509.e3iSbxaKaheRe34Pbx8Nc3aQci1ynknvrkLOlQzNp65In0 HTTP/1.1" 200 272
201.245.192.253 - - [14/Sep/2023:08:58:40 -0500] "POST /forms/lservlet;jsessionid=ac16012b30d63d978f376e20424bb3f6ff930e63d6af.e3iSbxaKaheRe34Pbx8Nc3aQci1ynknvrkLOlQzNp65In0 HTTP/1.1" 200 2
201.245.192.253 - - [14/Sep/2023:08:58:47 -0500] "POST /forms/lservlet;jsessionid=ac16012b30d6d19c31849e654dd38cb0cf62d49b9509.e3iSbxaKaheRe34Pbx8Nc3aQci1ynknvrkLOlQzNp65In0 HTTP/1.1" 200 21
201.245.192.253 - - [14/Sep/2023:08:58:47 -0500] "POST /forms/lservlet;jsessionid=ac16012b30d6d19c31849e654dd38cb0cf62d49b9509.e3iSbxaKaheRe34Pbx8Nc3aQci1ynknvrkLOlQzNp65In0 HTTP/1.1" 200 21
172.22.2.4 - - [14/Sep/2023:08:57:16 -0500] "HEAD /BLA/boletinlegal/ HTTP/1.1" 200 -
201.245.192.253 - - [14/Sep/2023:08:59:01 -0500] "POST /forms/lservlet;jsessionid=ac16012b30d6d19c31849e654dd38cb0cf62d49b9509.e3iSbxaKaheRe34Pbx8Nc3aQci1ynknvrkLOlQzNp65In0 HTTP/1.1" 200 33
201.245.192.253 - - [14/Sep/2023:08:59:01 -0500] "POST /forms/lservlet;jsessionid=ac16012b30d6d19c31849e654dd38cb0cf62d49b9509.e3iSbxaKaheRe34Pbx8Nc3aQci1ynknvrkLOlQzNp65In0 HTTP/1.1" 200 8
201.245.192.253 - - [14/Sep/2023:08:59:01 -0500] "POST /forms/lservlet;jsessionid=ac16012b30d6d19c31849e654dd38cb0cf62d49b9509.e3iSbxaKaheRe34Pbx8Nc3aQci1ynknvrkLOlQzNp65In0 HTTP/1.1" 200 2
201.245.192.253 - - [14/Sep/2023:08:59:02 -0500] "POST /forms/lservlet;jsessionid=ac16012b30d6d19c31849e654dd38cb0cf62d49b9509.e3iSbxaKaheRe34Pbx8Nc3aQci1ynknvrkLOlQzNp65In0 HTTP/1.1" 200 76
201.245.192.253 - - [14/Sep/2023:08:59:04 -0500] "POST /forms/lservlet;jsessionid=ac16012b30d6d19c31849e654dd38cb0cf62d49b9509.e3iSbxaKaheRe34Pbx8Nc3aQci1ynknvrkLOlQzNp65In0 HTTP/1.1" 200 2
201.245.192.253 - - [14/Sep/2023:08:59:04 -0500] "POST /forms/lservlet;jsessionid=ac16012b30d6d19c31849e654dd38cb0cf62d49b9509.e3iSbxaKaheRe34Pbx8Nc3aQci1ynknvrkLOlQzNp65In0 HTTP/1.1" 200 1568
201.245.192.253 - - [14/Sep/2023:08:59:04 -0500] "POST /forms/lservlet;jsessionid=ac16012b30d6d19c31849e654dd38cb0cf62d49b9509.e3iSbxaKaheRe34Pbx8Nc3aQci1ynknvrkLOlQzNp65In0 HTTP/1.1" 200 2
186.102.108.133 - - [14/Sep/2023:08:59:07 -0500] "GET /kwssiamovil/sm/acme/a?s=U2FsdGVkX18ghiqxf/FrU7BPgNY3s1FsX4TLHJfN7KD78gcFf2dpUkfc1adk2hm3S9BQ4Mx+edTobCmIixlwaQg20XSsEMGd3kBqIrAeL2HPniOJ1mNdA7oCPlbVVsVT4WfTPo8EM6mlLQWAKOMTCoKe9UQyHxjspPmpC6Ww5fFoDWwig+5PB4+8AU5szk7mln5ULkcutFWe4mqLfsjWkM8Lh1CUdPGlm1XxOuvXh0ameUkXhARHPE2HYAjpKgbiPRegYHA5ij51i0Noh+VRHw==&u=U2FsdGVkX1/MhAOrra5mpxIRDdfrIzn232Ya4hYR+rY=&y=U2FsdGVkX18Tm5AwDZXDgnD1EdfCRMED9x9RWv4dego= HTTP/1.1" 200 26
186.102.108.133 - - [14/Sep/2023:08:59:08 -0500] "GET /kwssiamovil/sm/acme/a?s=U2FsdGVkX1/lXUYSleygeHE2U+y4oB9jmSDgouMU3x8ZqC+J9HYxrNxohosrdzQ+Qedk0cRsW1Y+A7ExRD7NXyC2AskkMJ2RchrcIZ5nG02KfpayTm19/Hgnc2EHkL6WzMpM6Tbuyv4ahTNbNxc7Agslqkp72RKrlNukaRyVn13bXX8dRbwUfhH3fErej6vQUQPfg1tibXCqZRNy/9aluEtvQVHStJUHniqjr1yjfY/Ialz/fipDgzK9VUAcW01eaQVTUokmaDj7ojztFIAdlATCpvRmhHqa/nUDN0YaThj6tlWFrkzL8YZkrSkOqPH7i7JMIXHrS/KqdAU8mcJBamZ9j+YPeRLSk/i3W3ILBwj+AtKh+7aztiievb9/SgzC6/+enTBtb4PMdIgMtpG/xy1kyVVAyU+Wf24gX3G+mjhMxhTVECpUYINBp9l3cfgQiGNXZjTf/aGRuSV53zQZXWlWNkdAO/zB322i5syZPekEK5FoQS+zC4ol4/8UTbowcoSuyuXkmLOhAznOC8Krb3VjAiye8/d99ocdYodhy9ees2kghLSGIbDxoRVgF4dKkJpCdEhwweXs0Ruc1idTJ6U+pXqvhwaIgV5hMPlbFYS6/0omWjzXtnpp/Yzk7bzxHCIbBh86qjBT9TOU2SNgV93UmRay/9wEIGQ6xpzoMlT7YkeisSUx9bJWlNrr8diFft3C6kPURjTvMuEVcBcWlLHqGj1l8SJ6qGqfT4AFUfE6kudLQ1qb3LemFKJNRtlkzEVaE7khI/RWKssiJIlRyiIiVbNVh7hgu4r0HPsUuPG86B1wJ60aXpxjCzRZwW5dDFrEq2cpI27o5A+P81aJvTjHfTEZBpE4u4EhKh6SZ3U6piLg/J5ImjvZYONzuf8IEp1cY33G/H0VwT1GFjqnBlbPwKaRU963yIEx8D20g6Z8YTwW4rfrp35btjvPFNx4sFfogWyAre3147BI5YK0GM067abbIlALSqe6xhah+1WHlzcOXnD6a9pjmYxUIYZ6Z+gMxxVfT6Sh1aqNjHhukp14p1C/uEA1/GIy0dAs0cKQez6Pa4+/dlOdrozfFBrisbct5O4SAGkHnHAdJS3dh6xkzWULRSW2tX6fSdMj4Pte9mlEO+906DEQyi+VnleM+a98ZK3wQssgk3hIRx+YnbDLOTbcUbuGW/Uz8e67x9H62PSoQJs6q873x9lzPTAeYQY7/sXsKqai+fT0uJcc9jPDHkakIKFJdDyXhxCYXJnV3QX9pjQmIWKgTra8AXOfpTLhT85xbNAZ0uXr5zFbkSjqpus3dUXhSizksuq5Fxs=&u=U2FsdGVkX1/MhAOrra5mpxIRDdfrIzn232Ya4hYR+rY=&y=U2FsdGVkX18Tm5AwDZXDgnD1EdfCRMED9x9RWv4dego= HTTP/1.1" 200 26
201.245.192.253 - - [14/Sep/2023:08:59:08 -0500] "POST /forms/lservlet;jsessionid=ac16012b30d6d19c31849e654dd38cb0cf62d49b9509.e3iSbxaKaheRe34Pbx8Nc3aQci1ynknvrkLOlQzNp65In0 HTTP/1.1" 200 256
186.102.108.133 - - [14/Sep/2023:08:59:08 -0500] "GET /kwssiamovil/sm/acme/a?s=U2FsdGVkX189oXzPANeOVfmPa6wFvlZzCGb9TFp8mWZab4DR7gGm4eFX7qzO2wqUg/9SEFTdlW78MMb3kKlsJ1PZbp8KZw8Vpa+glQGr+6GFmxhhYZ5LbsABYkg4dkwRzlXyFOcfPFCSwRiVgF1/ImYy12FTyuwcfCoj5Wt0wyY=&u=U2FsdGVkX1/MhAOrra5mpxIRDdfrIzn232Ya4hYR+rY=&y=U2FsdGVkX18Tm5AwDZXDgnD1EdfCRMED9x9RWv4dego= HTTP/1.1" 200 26
186.102.108.133 - - [14/Sep/2023:08:59:08 -0500] "GET /kwssiamovil/sm/acme/a?s=U2FsdGVkX1/68hXmarLTjHwmM0XWqRL6BQXEenary5pO1StG5hl//GMfzdqDVUsI8Xk6TPcpcdLG9IDb90hLrLKHa8AZcbLGvBx9tAFE2xIMNDc72wy4Z5V3aiMXQmdchxlOIKL4mjgygh+LT/D8YY3wPX7EsB6nLUP4hiONIm4=&u=U2FsdGVkX1/MhAOrra5mpxIRDdfrIzn232Ya4hYR+rY=&y=U2FsdGVkX18Tm5AwDZXDgnD1EdfCRMED9x9RWv4dego= HTTP/1.1" 200 26
186.102.108.133 - - [14/Sep/2023:08:59:08 -0500] "GET /kwssiamovil/sm/acme/a?s=U2FsdGVkX19MSVWHUAb6jzPbvVe0eBtkMH1Q/fbeDU1EEylyisFFlIEqXShWAV+BZS+SfBkJG2RSuhd2+qUYuDE6deAgzxsk90CaQtyRF+IGOWwkOcUb+hxUc45MAIJLH6gFT7eZbvhwyld09OAWX6X9uNzbLCGz8Iwpco1nonU=&u=U2FsdGVkX1/MhAOrra5mpxIRDdfrIzn232Ya4hYR+rY=&y=U2FsdGVkX18Tm5AwDZXDgnD1EdfCRMED9x9RWv4dego= HTTP/1.1" 200 26
186.102.108.133 - - [14/Sep/2023:08:59:09 -0500] "GET /kwssiamovil/sm/acme/a?s=U2FsdGVkX1/GCg2rIatlBYsAw9JyGz1jijuDo3NlfSucBd3E2VsC4N65nFxnQUJjXUNQ9KMmgQ1o2QYOwVizMvbqsPHVXPnSALe4gnRWHxNQl29OM56HWBZjmuB9R8jV5wrjkjZJop61pDavqAQwMVkSa+1bSAuBLqV3TZTVeyBUcy+pH+/JKJ/1P7YgfQ/M&u=U2FsdGVkX1/MhAOrra5mpxIRDdfrIzn232Ya4hYR+rY=&y=U2FsdGVkX18Tm5AwDZXDgnD1EdfCRMED9x9RWv4dego= HTTP/1.1" 200 26
152.203.218.47 - - [14/Sep/2023:08:59:14 -0500] "POST /sipse/faces/bienvenido.xhtml HTTP/1.1" 200 64050
152.203.218.47 - - [14/Sep/2023:08:59:15 -0500] "GET /sipse/faces/javax.faces.resource/jquery/jquery.js?ln=primefaces&v=4.0 HTTP/1.1" 304 -
152.203.218.47 - - [14/Sep/2023:08:59:15 -0500] "GET /sipse/faces/javax.faces.resource/jquery/jquery-plugins.js?ln=primefaces&v=4.0 HTTP/1.1" 304 -
152.203.218.47 - - [14/Sep/2023:08:59:15 -0500] "GET /sipse/faces/javax.faces.resource/primefaces.js?ln=primefaces&v=4.0 HTTP/1.1" 304 -
152.203.218.47 - - [14/Sep/2023:08:59:15 -0500] "GET /sipse/faces/javax.faces.resource/layout/layout.js?ln=primefaces&v=4.0 HTTP/1.1" 304 -
152.203.218.47 - - [14/Sep/2023:08:59:15 -0500] "POST /sipse/faces/presentacion/financiero/solicitudProceso/listarSolicitudProceso.xhtml HTTP/1.1" 200 1552
152.203.218.47 - - [14/Sep/2023:08:59:17 -0500] "POST /sipse/faces/presentacion/financiero/solicitudProceso/listarSolicitudProceso.xhtml HTTP/1.1" 200 19934
201.245.192.253 - - [14/Sep/2023:08:59:27 -0500] "POST /forms/lservlet;jsessionid=ac16012b30d6d19c31849e654dd38cb0cf62d49b9509.e3iSbxaKaheRe34Pbx8Nc3aQci1ynknvrkLOlQzNp65In0 HTTP/1.1" 200 33
201.245.192.253 - - [14/Sep/2023:08:59:27 -0500] "POST /forms/lservlet;jsessionid=ac16012b30d6d19c31849e654dd38cb0cf62d49b9509.e3iSbxaKaheRe34Pbx8Nc3aQci1ynknvrkLOlQzNp65In0 HTTP/1.1" 200 8
201.245.192.253 - - [14/Sep/2023:08:59:27 -0500] "POST /forms/lservlet;jsessionid=ac16012b30d6d19c31849e654dd38cb0cf62d49b9509.e3iSbxaKaheRe34Pbx8Nc3aQci1ynknvrkLOlQzNp65In0 HTTP/1.1" 200 2
201.245.192.253 - - [14/Sep/2023:08:59:31 -0500] "POST /forms/lservlet;jsessionid=ac16012b30d6d19c31849e654dd38cb0cf62d49b9509.e3iSbxaKaheRe34Pbx8Nc3aQci1ynknvrkLOlQzNp65In0 HTTP/1.1" 200 74
201.245.192.253 - - [14/Sep/2023:08:59:31 -0500] "POST /forms/lservlet;jsessionid=ac16012b30d6d19c31849e654dd38cb0cf62d49b9509.e3iSbxaKaheRe34Pbx8Nc3aQci1ynknvrkLOlQzNp65In0 HTTP/1.1" 200 2
201.245.192.253 - - [14/Sep/2023:08:59:32 -0500] "POST /forms/lservlet;jsessionid=ac16012b30d6d19c31849e654dd38cb0cf62d49b9509.e3iSbxaKaheRe34Pbx8Nc3aQci1ynknvrkLOlQzNp65In0 HTTP/1.1" 200 2
201.245.192.253 - - [14/Sep/2023:08:59:32 -0500] "POST /forms/lservlet;jsessionid=ac16012b30d6d19c31849e654dd38cb0cf62d49b9509.e3iSbxaKaheRe34Pbx8Nc3aQci1ynknvrkLOlQzNp65In0 HTTP/1.1" 200 1540
201.245.192.253 - - [14/Sep/2023:08:59:32 -0500] "POST /forms/lservlet;jsessionid=ac16012b30d6d19c31849e654dd38cb0cf62d49b9509.e3iSbxaKaheRe34Pbx8Nc3aQci1ynknvrkLOlQzNp65In0 HTTP/1.1" 200 2
201.245.192.253 - - [14/Sep/2023:08:59:35 -0500] "POST /forms/lservlet;jsessionid=ac16012b30d6d19c31849e654dd38cb0cf62d49b9509.e3iSbxaKaheRe34Pbx8Nc3aQci1ynknvrkLOlQzNp65In0 HTTP/1.1" 200 688
172.22.2.4 - - [14/Sep/2023:08:58:06 -0500] "GET /BLA/boletinlegal/ HTTP/1.1" 200 58187
191.95.48.114 - - [14/Sep/2023:09:00:01 -0500] "GET /siipev/Diseno%20de%20Elementos%20de%20Mobiliario%20Urbano/Diseno%20pertenecientes%20al%20mobiliario%20urbano%20M10-M160/PARTE%20A/Dise%C3%B1o%20de%20Elementos%20M-10.pdf HTTP/1.1" 206 1
191.95.48.114 - - [14/Sep/2023:09:00:01 -0500] "GET /siipev/Diseno%20de%20Elementos%20de%20Mobiliario%20Urbano/Diseno%20pertenecientes%20al%20mobiliario%20urbano%20M10-M160/PARTE%20A/Dise%C3%B1o%20de%20Elementos%20M-10.pdf HTTP/1.1" 206 821413
201.245.192.253 - - [14/Sep/2023:09:00:03 -0500] "POST /forms/lservlet;jsessionid=ac16012b30d6d19c31849e654dd38cb0cf62d49b9509.e3iSbxaKaheRe34Pbx8Nc3aQci1ynknvrkLOlQzNp65In0 HTTP/1.1" 200 21
201.245.192.253 - - [14/Sep/2023:09:00:03 -0500] "POST /forms/lservlet;jsessionid=ac16012b30d6d19c31849e654dd38cb0cf62d49b9509.e3iSbxaKaheRe34Pbx8Nc3aQci1ynknvrkLOlQzNp65In0 HTTP/1.1" 200 21
201.245.192.253 - - [14/Sep/2023:09:00:03 -0500] "POST /forms/lservlet;jsessionid=ac16012b30d6d19c31849e654dd38cb0cf62d49b9509.e3iSbxaKaheRe34Pbx8Nc3aQci1ynknvrkLOlQzNp65In0 HTTP/1.1" 200 21
191.95.48.114 - - [14/Sep/2023:09:00:09 -0500] "GET /siipev/Diseno%20de%20Elementos%20de%20Mobiliario%20Urbano/Diseno%20pertenecientes%20al%20mobiliario%20urbano%20M10-M160/PARTE%20A/Dise%C3%B1o%20de%20Elementos%20M-10.pdf HTTP/1.1" 206 1
191.95.48.114 - - [14/Sep/2023:09:00:09 -0500] "GET /siipev/Diseno%20de%20Elementos%20de%20Mobiliario%20Urbano/Diseno%20pertenecientes%20al%20mobiliario%20urbano%20M10-M160/PARTE%20A/Dise%C3%B1o%20de%20Elementos%20M-10.pdf HTTP/1.1" 206 821413
201.245.192.253 - - [14/Sep/2023:09:00:16 -0500] "POST /forms/lservlet;jsessionid=ac16012b30d6d19c31849e654dd38cb0cf62d49b9509.e3iSbxaKaheRe34Pbx8Nc3aQci1ynknvrkLOlQzNp65In0 HTTP/1.1" 200 33
201.245.192.253 - - [14/Sep/2023:09:00:16 -0500] "POST /forms/lservlet;jsessionid=ac16012b30d6d19c31849e654dd38cb0cf62d49b9509.e3iSbxaKaheRe34Pbx8Nc3aQci1ynknvrkLOlQzNp65In0 HTTP/1.1" 200 8
201.245.192.253 - - [14/Sep/2023:09:00:16 -0500] "POST /forms/lservlet;jsessionid=ac16012b30d6d19c31849e654dd38cb0cf62d49b9509.e3iSbxaKaheRe34Pbx8Nc3aQci1ynknvrkLOlQzNp65In0 HTTP/1.1" 200 2
191.95.48.114 - - [14/Sep/2023:09:00:17 -0500] "GET /siipev/Diseno%20de%20Elementos%20de%20Mobiliario%20Urbano/Diseno%20pertenecientes%20al%20mobiliario%20urbano%20M10-M160/PARTE%20A/Dise%C3%B1o%20de%20Elementos%20M-10.pdf HTTP/1.1" 206 1
191.95.48.114 - - [14/Sep/2023:09:00:17 -0500] "GET /siipev/Diseno%20de%20Elementos%20de%20Mobiliario%20Urbano/Diseno%20pertenecientes%20al%20mobiliario%20urbano%20M10-M160/PARTE%20A/Dise%C3%B1o%20de%20Elementos%20M-10.pdf HTTP/1.1" 206 821413
191.95.48.114 - - [14/Sep/2023:09:00:18 -0500] "GET /siipev/Diseno%20de%20Elementos%20de%20Mobiliario%20Urbano/Diseno%20pertenecientes%20al%20mobiliario%20urbano%20M10-M160/PARTE%20A/Dise%C3%B1o%20de%20Elementos%20M-10.pdf HTTP/1.1" 206 1
191.95.48.114 - - [14/Sep/2023:09:00:18 -0500] "GET /siipev/Diseno%20de%20Elementos%20de%20Mobiliario%20Urbano/Diseno%20pertenecientes%20al%20mobiliario%20urbano%20M10-M160/PARTE%20A/Dise%C3%B1o%20de%20Elementos%20M-10.pdf HTTP/1.1" 206 821413
201.245.192.253 - - [14/Sep/2023:09:00:19 -0500] "POST /forms/lservlet;jsessionid=ac16012b30d6d19c31849e654dd38cb0cf62d49b9509.e3iSbxaKaheRe34Pbx8Nc3aQci1ynknvrkLOlQzNp65In0 HTTP/1.1" 200 65
191.95.48.114 - - [14/Sep/2023:09:00:20 -0500] "GET /siipev/Diseno%20de%20Elementos%20de%20Mobiliario%20Urbano/Diseno%20pertenecientes%20al%20mobiliario%20urbano%20M10-M160/PARTE%20A/Dise%C3%B1o%20de%20Elementos%20M-10.pdf HTTP/1.1" 206 1
191.95.48.114 - - [14/Sep/2023:09:00:20 -0500] "GET /siipev/Diseno%20de%20Elementos%20de%20Mobiliario%20Urbano/Diseno%20pertenecientes%20al%20mobiliario%20urbano%20M10-M160/PARTE%20A/Dise%C3%B1o%20de%20Elementos%20M-10.pdf HTTP/1.1" 206 821413
191.95.48.114 - - [14/Sep/2023:09:00:20 -0500] "GET /siipev/Diseno%20de%20Elementos%20de%20Mobiliario%20Urbano/Diseno%20pertenecientes%20al%20mobiliario%20urbano%20M10-M160/PARTE%20A/Dise%C3%B1o%20de%20Elementos%20M-10.pdf HTTP/1.1" 206 1
191.95.48.114 - - [14/Sep/2023:09:00:20 -0500] "GET /siipev/Diseno%20de%20Elementos%20de%20Mobiliario%20Urbano/Diseno%20pertenecientes%20al%20mobiliario%20urbano%20M10-M160/PARTE%20A/Dise%C3%B1o%20de%20Elementos%20M-10.pdf HTTP/1.1" 206 821413
201.245.192.253 - - [14/Sep/2023:09:00:20 -0500] "POST /forms/lservlet;jsessionid=ac16012b30d6d19c31849e654dd38cb0cf62d49b9509.e3iSbxaKaheRe34Pbx8Nc3aQci1ynknvrkLOlQzNp65In0 HTTP/1.1" 200 2
201.245.192.253 - - [14/Sep/2023:09:00:20 -0500] "POST /forms/lservlet;jsessionid=ac16012b30d6d19c31849e654dd38cb0cf62d49b9509.e3iSbxaKaheRe34Pbx8Nc3aQci1ynknvrkLOlQzNp65In0 HTTP/1.1" 200 1755
201.245.192.253 - - [14/Sep/2023:09:00:20 -0500] "POST /forms/lservlet;jsessionid=ac16012b30d6d19c31849e654dd38cb0cf62d49b9509.e3iSbxaKaheRe34Pbx8Nc3aQci1ynknvrkLOlQzNp65In0 HTTP/1.1" 200 2
191.95.48.114 - - [14/Sep/2023:09:00:21 -0500] "GET /siipev/Diseno%20de%20Elementos%20de%20Mobiliario%20Urbano/Diseno%20pertenecientes%20al%20mobiliario%20urbano%20M10-M160/PARTE%20A/Dise%C3%B1o%20de%20Elementos%20M-10.pdf HTTP/1.1" 206 1
191.95.48.114 - - [14/Sep/2023:09:00:21 -0500] "GET /siipev/Diseno%20de%20Elementos%20de%20Mobiliario%20Urbano/Diseno%20pertenecientes%20al%20mobiliario%20urbano%20M10-M160/PARTE%20A/Dise%C3%B1o%20de%20Elementos%20M-10.pdf HTTP/1.1" 206 821413
191.95.48.114 - - [14/Sep/2023:09:00:22 -0500] "GET /siipev/Diseno%20de%20Elementos%20de%20Mobiliario%20Urbano/Diseno%20pertenecientes%20al%20mobiliario%20urbano%20M10-M160/PARTE%20A/Dise%C3%B1o%20de%20Elementos%20M-10.pdf HTTP/1.1" 206 1
191.95.48.114 - - [14/Sep/2023:09:00:22 -0500] "GET /siipev/Diseno%20de%20Elementos%20de%20Mobiliario%20Urbano/Diseno%20pertenecientes%20al%20mobiliario%20urbano%20M10-M160/PARTE%20A/Dise%C3%B1o%20de%20Elementos%20M-10.pdf HTTP/1.1" 206 821413
201.245.192.253 - - [14/Sep/2023:09:00:23 -0500] "POST /forms/lservlet;jsessionid=ac16012b30d6d19c31849e654dd38cb0cf62d49b9509.e3iSbxaKaheRe34Pbx8Nc3aQci1ynknvrkLOlQzNp65In0 HTTP/1.1" 200 271
201.245.192.253 - - [14/Sep/2023:09:00:24 -0500] "GET /sipse/faces/javax.faces.resource/theme.css?ln=primefaces-sipse HTTP/1.1" 304 -
201.245.192.253 - - [14/Sep/2023:09:00:24 -0500] "GET /sipse/faces/javax.faces.resource/primefaces.css?ln=primefaces&v=4.0 HTTP/1.1" 304 -
201.245.192.253 - - [14/Sep/2023:09:00:24 -0500] "GET /sipse/faces/javax.faces.resource/layout/layout.css?ln=primefaces&v=4.0 HTTP/1.1" 304 -
201.245.192.253 - - [14/Sep/2023:09:00:24 -0500] "GET /sipse/faces/javax.faces.resource/jquery/jquery-plugins.js?ln=primefaces&v=4.0 HTTP/1.1" 304 -
201.245.192.253 - - [14/Sep/2023:09:00:24 -0500] "GET /sipse/faces/javax.faces.resource/primefaces.js?ln=primefaces&v=4.0 HTTP/1.1" 304 -
201.245.192.253 - - [14/Sep/2023:09:00:24 -0500] "GET /sipse/faces/javax.faces.resource/jquery/jquery.js?ln=primefaces&v=4.0 HTTP/1.1" 304 -
201.245.192.253 - - [14/Sep/2023:09:00:24 -0500] "GET /sipse/faces/javax.faces.resource/layout/layout.js?ln=primefaces&v=4.0 HTTP/1.1" 304 -
201.245.192.253 - - [14/Sep/2023:09:00:24 -0500] "GET /sipse/css/imagen/contrasena.png HTTP/1.1" 404 383
201.245.192.253 - - [14/Sep/2023:09:00:24 -0500] "GET /sipse/faces/javax.faces.resource/images/ui-icons_898989_256x240.png?ln=primefaces-aristo HTTP/1.1" 304 -
201.245.192.253 - - [14/Sep/2023:09:00:24 -0500] "POST /sipse/faces/presentacion/financiero/solicitudProceso/consultarSolicitudProceso.xhtml HTTP/1.1" 200 45596
201.245.192.253 - - [14/Sep/2023:09:00:26 -0500] "GET /sipse/faces/javax.faces.resource/images/ui-bg_flat_0_2d5972_40x100.png?ln=primefaces-aristo HTTP/1.1" 304 -
201.245.192.253 - - [14/Sep/2023:09:00:26 -0500] "POST /sipse/faces/presentacion/financiero/solicitudProceso/consultar.xhtml HTTP/1.1" 200 12900
201.245.192.253 - - [14/Sep/2023:09:00:28 -0500] "POST /sipse/faces/presentacion/financiero/solicitudProceso/consultar.xhtml HTTP/1.1" 200 152785
201.245.192.253 - - [14/Sep/2023:09:00:28 -0500] "GET /sipse/faces/javax.faces.resource/theme.css?ln=primefaces-sipse HTTP/1.1" 304 -
201.245.192.253 - - [14/Sep/2023:09:00:28 -0500] "GET /sipse/faces/javax.faces.resource/layout/layout.css?ln=primefaces&v=4.0 HTTP/1.1" 304 -
201.245.192.253 - - [14/Sep/2023:09:00:28 -0500] "GET /sipse/faces/javax.faces.resource/primefaces.css?ln=primefaces&v=4.0 HTTP/1.1" 304 -
201.245.192.253 - - [14/Sep/2023:09:00:28 -0500] "GET /sipse/faces/javax.faces.resource/jquery/jquery.js?ln=primefaces&v=4.0 HTTP/1.1" 304 -
201.245.192.253 - - [14/Sep/2023:09:00:28 -0500] "GET /sipse/faces/javax.faces.resource/jquery/jquery-plugins.js?ln=primefaces&v=4.0 HTTP/1.1" 304 -
201.245.192.253 - - [14/Sep/2023:09:00:28 -0500] "GET /sipse/faces/javax.faces.resource/primefaces.js?ln=primefaces&v=4.0 HTTP/1.1" 304 -
201.245.192.253 - - [14/Sep/2023:09:00:28 -0500] "GET /sipse/faces/javax.faces.resource/layout/layout.js?ln=primefaces&v=4.0 HTTP/1.1" 304 -
191.95.48.114 - - [14/Sep/2023:09:00:29 -0500] "GET /siipev/Diseno%20de%20Elementos%20de%20Mobiliario%20Urbano/Diseno%20pertenecientes%20al%20mobiliario%20urbano%20M10-M160/PARTE%20A/Dise%C3%B1o%20de%20Elementos%20M-10.pdf HTTP/1.1" 206 1
191.95.48.114 - - [14/Sep/2023:09:00:29 -0500] "GET /siipev/Diseno%20de%20Elementos%20de%20Mobiliario%20Urbano/Diseno%20pertenecientes%20al%20mobiliario%20urbano%20M10-M160/PARTE%20A/Dise%C3%B1o%20de%20Elementos%20M-10.pdf HTTP/1.1" 206 821413
201.245.192.253 - - [14/Sep/2023:09:00:32 -0500] "POST /sipse/faces/presentacion/financiero/solicitudProceso/consultarSolicitudProceso.xhtml HTTP/1.1" 200 47991
201.245.192.253 - - [14/Sep/2023:09:00:34 -0500] "POST /forms/lservlet;jsessionid=ac16012b30d6d19c31849e654dd38cb0cf62d49b9509.e3iSbxaKaheRe34Pbx8Nc3aQci1ynknvrkLOlQzNp65In0 HTTP/1.1" 200 21
201.245.192.253 - - [14/Sep/2023:09:00:34 -0500] "POST /forms/lservlet;jsessionid=ac16012b30d6d19c31849e654dd38cb0cf62d49b9509.e3iSbxaKaheRe34Pbx8Nc3aQci1ynknvrkLOlQzNp65In0 HTTP/1.1" 200 21
191.95.50.129 - - [14/Sep/2023:09:00:37 -0500] "GET /siipev/Diseno%20de%20Elementos%20de%20Mobiliario%20Urbano/Diseno%20pertenecientes%20al%20mobiliario%20urbano%20M10-M160/PARTE%20A/Dise%C3%B1o%20de%20Elementos%20M-10.pdf HTTP/1.1" 206 1
191.95.50.129 - - [14/Sep/2023:09:00:38 -0500] "GET /siipev/Diseno%20de%20Elementos%20de%20Mobiliario%20Urbano/Diseno%20pertenecientes%20al%20mobiliario%20urbano%20M10-M160/PARTE%20A/Dise%C3%B1o%20de%20Elementos%20M-10.pdf HTTP/1.1" 206 1
191.95.50.129 - - [14/Sep/2023:09:00:39 -0500] "GET /siipev/Diseno%20de%20Elementos%20de%20Mobiliario%20Urbano/Diseno%20pertenecientes%20al%20mobiliario%20urbano%20M10-M160/PARTE%20A/Dise%C3%B1o%20de%20Elementos%20M-10.pdf HTTP/1.1" 206 821413
201.245.192.253 - - [14/Sep/2023:09:00:40 -0500] "POST /forms/lservlet;jsessionid=ac16012b30d63d978f376e20424bb3f6ff930e63d6af.e3iSbxaKaheRe34Pbx8Nc3aQci1ynknvrkLOlQzNp65In0 HTTP/1.1" 200 2
191.95.50.129 - - [14/Sep/2023:09:00:41 -0500] "GET /siipev/Diseno%20de%20Elementos%20de%20Mobiliario%20Urbano/Diseno%20pertenecientes%20al%20mobiliario%20urbano%20M10-M160/PARTE%20A/Dise%C3%B1o%20de%20Elementos%20M-10.pdf HTTP/1.1" 206 1
191.95.50.129 - - [14/Sep/2023:09:00:42 -0500] "GET /siipev/Diseno%20de%20Elementos%20de%20Mobiliario%20Urbano/Diseno%20pertenecientes%20al%20mobiliario%20urbano%20M10-M160/PARTE%20A/Dise%C3%B1o%20de%20Elementos%20M-10.pdf HTTP/1.1" 206 1
191.95.50.129 - - [14/Sep/2023:09:00:42 -0500] "GET /siipev/Diseno%20de%20Elementos%20de%20Mobiliario%20Urbano/Diseno%20pertenecientes%20al%20mobiliario%20urbano%20M10-M160/PARTE%20A/Dise%C3%B1o%20de%20Elementos%20M-10.pdf HTTP/1.1" 206 821413
201.245.192.253 - - [14/Sep/2023:09:01:15 -0500] "POST /forms/lservlet;jsessionid=ac16012b30d6d19c31849e654dd38cb0cf62d49b9509.e3iSbxaKaheRe34Pbx8Nc3aQci1ynknvrkLOlQzNp65In0 HTTP/1.1" 200 100
201.245.192.253 - - [14/Sep/2023:09:01:15 -0500] "POST /forms/lservlet;jsessionid=ac16012b30d6d19c31849e654dd38cb0cf62d49b9509.e3iSbxaKaheRe34Pbx8Nc3aQci1ynknvrkLOlQzNp65In0 HTTP/1.1" 200 8
201.245.192.253 - - [14/Sep/2023:09:01:15 -0500] "POST /forms/lservlet;jsessionid=ac16012b30d6d19c31849e654dd38cb0cf62d49b9509.e3iSbxaKaheRe34Pbx8Nc3aQci1ynknvrkLOlQzNp65In0 HTTP/1.1" 200 2
201.245.192.253 - - [14/Sep/2023:09:01:16 -0500] "POST /forms/lservlet;jsessionid=ac16012b30d6d19c31849e654dd38cb0cf62d49b9509.e3iSbxaKaheRe34Pbx8Nc3aQci1ynknvrkLOlQzNp65In0 HTTP/1.1" 200 20
201.245.192.253 - - [14/Sep/2023:09:01:16 -0500] "POST /forms/lservlet;jsessionid=ac16012b30d6d19c31849e654dd38cb0cf62d49b9509.e3iSbxaKaheRe34Pbx8Nc3aQci1ynknvrkLOlQzNp65In0 HTTP/1.1" 200 8
201.245.192.253 - - [14/Sep/2023:09:01:16 -0500] "POST /forms/lservlet;jsessionid=ac16012b30d6d19c31849e654dd38cb0cf62d49b9509.e3iSbxaKaheRe34Pbx8Nc3aQci1ynknvrkLOlQzNp65In0 HTTP/1.1" 200 2
201.245.192.253 - - [14/Sep/2023:09:01:19 -0500] "POST /forms/lservlet;jsessionid=ac16012b30d6d19c31849e654dd38cb0cf62d49b9509.e3iSbxaKaheRe34Pbx8Nc3aQci1ynknvrkLOlQzNp65In0 HTTP/1.1" 200 64
201.245.192.253 - - [14/Sep/2023:09:01:31 -0500] "POST /forms/lservlet;jsessionid=ac16012b30d6d19c31849e654dd38cb0cf62d49b9509.e3iSbxaKaheRe34Pbx8Nc3aQci1ynknvrkLOlQzNp65In0 HTTP/1.1" 200 2
54.36.148.43 - - [14/Sep/2023:09:01:37 -0500] "GET /robots.txt HTTP/1.1" 404 1018
201.245.192.253 - - [14/Sep/2023:09:02:08 -0500] "POST /sipse/faces/presentacion/financiero/solicitudProceso/consultarSolicitudProceso.xhtml HTTP/1.1" 200 629229
216.245.221.92 - - [14/Sep/2023:09:02:25 -0500] "HEAD / HTTP/1.1" 200 -
40.77.167.73 - - [14/Sep/2023:09:02:28 -0500] "GET /BLA/resoluciones/AUTOS%202023/0961.pdf HTTP/1.1" 200 791854
186.102.28.201 - - [14/Sep/2023:09:02:30 -0500] "GET /kwssiamovil/sm/ldap/au?x=U2FsdGVkX19dnQifQ9UHn+BhLbKSAlP8n9bAIEnx+g03aWgFUY/+CONTcCXYXNYZ&y=U2FsdGVkX1+qN9B+1SMk83YrNak3Erv9vjs9hB9f05g= HTTP/1.1" 200 30
186.102.28.201 - - [14/Sep/2023:09:02:30 -0500] "GET /kwssiamovil/sm/acme/s?s=U2FsdGVkX1+CahCx8bVetdMWSDqzvrg7b7TX0An8nwZlBYPf6Sz2gEtU11nlNMR09sfPMh1BUu9dNcVS9Pb8+JayfPwDQyD08ulf96fyDxY=&u=U2FsdGVkX1/pb+DvPdeR7AUPA29A9xRVSkpN9XZuccI=&y=U2FsdGVkX1+qN9B+1SMk83YrNak3Erv9vjs9hB9f05g= HTTP/1.1" 200 97
186.102.28.201 - - [14/Sep/2023:09:02:30 -0500] "GET /kwssiamovil/sm/acme/s?s=U2FsdGVkX1/TlC8bLq7AJOHw8ha/BMN1bPX63qCf2FgWOa0ldqI6GxQbGVs5TI+5wXDIbH7ECzS2TjEm1rKHsUO9hOq3SInDn5Uy0DaLD9jiryKUDC4kgVdIdTd707M5npxdpJcEbKoP0jmzTcVELyk9olYBlF5i0P5oPGkglrIAYtatlrdq7cSr7EP5MgJi9ahZr2Uc/jwZfMcwerzOVC3De4Bj0c4/9gEmvkHODBdz2twoiFxZ/Dg+YUWzFJJKowlo5S9VnhOtdnFyQu/rI519fcAXWYE8Um+2m1MFrOVpJvTtucmyoQ97B+462jGPnh9dyZh7T26ds3JIo6EjSaJ7vCOHItAuydgaLE5INQfLQW4OV4q+HenX4Rcnm1gJhUVYzlOfcA6VckpIBfp3FAchJ7gyDSZyU1e2TZuiK0sIO1sFa8hkjFT9/LCtWz6owoMoDC4qjclZho1n0CtjIuSEt+BQRSUlTGHbZa5O58oc6DINkCgkwC3WxvhbR4C/wIIztf26CnU16ML0Tnj4ybAn1iqO68zRyzxGW3l7CNI7CSva0i1KkgF3z83+I6BPzGS83nU/mLz+qxH+u6IbvKA9DwqSWCBwLMO4+cXGU++dLC5u9EiK/pMyeb5rek62C1RhV+zJiUIw+q9T5p0gOKHKoL4BC5sLdrF6V/99ZQi0kDKcuYiX4Hqh19Wg9OqkwNnIu6ZMN77HbWdkwiFPX8YcVN1J6Zi1BFdHJcSslckZ5UdrVhmF5STxsytpU4y5U9Z2SzpDEIQldjD8W69+WKPhiFGaMTR5kLDGaPccBgWaUj6GmTaZyiyVUvbQzFIlxDG5UOcQ6lnH+JWAKcFWLMpJEgHhaZ1z1RA+EDB9bVawSA34sCqU3UO48QcnDD0x9q2zUhCob+1XZALd9EWoaJzxfgl3iFpuDZDyYOGzNvJmDVq1F5ANkxI00YEaIajtp2zolh+swVDqdWxBIPPT8N6Ch4gyYjv9rVOr+P4lloY2SXxP75nj65LoTA68EtJAfOCrQg1hfHvEx552r1IP4IKb6bTxLBq5CZpRaYgv8E2+Dvluj8c03lpau2WWgu267Y7w9m3kBLjKMzzsTbfo5HV36RZml3wRn/gu/A1r4Wj3X+g0kllLum9cEaYQWV02wHiPfbFMByCIiwt6+AXLmQ++PtCBpJFIbX/vN+g1yfTiNl6iD1hJnVk38IBnZhFTlDGzyhOxKdpR9GB3yEhlBzOdSGVaQRFubooloj/DBlLCgwWC0BK+Lu5KYw9p3nVGCPSh3sfkxo/uL6mvKn26CY6SlJTHe9kqdLITpOu/nUNnfy2hsnS0+w26gEeBzHaeb03nBoAsfqUqcPBUtuQ4knlvlZ4V/ViqvMRU5mG1ljMjKrFAzvkWHYbVBOrY1cFR6biJNSyyf6Ragid4do+q7mliHoLxYlyBcocW7MtYWVfgLtU9HqCtStuoAM9vCeM0vDHSliNltURiga/g4nlSDnhIIXmzdBnE0S+gTnvFmVwFvpDsBDU2y+POMjNHpfMw6GOhJN+GCos2RTOsbRatV2bX2xvOoTVqQLduKPwxhPsXgb7bZdRyZGeaNuOEN5FnQ57DRXMcYQxwSZZxUODlQeLyn/7rG1SElMQMQg5JXa5IgkcV+IEKzYKZ6YdzdbGUyqvu5LN1R7BtvqDMYOL9U2rsoEa1Dvxpv4vtPojPkhbNebbCf4BQRDQ2KDcmmgZ5yCW4W0Z01ytq8xaKEZqaZlQxZcWSI9skp3uYkOsoLn0=&u=U2FsdGVkX1/pb+DvPdeR7AUPA29A9xRVSkpN9XZuccI=&y=U2FsdGVkX1+qN9B+1SMk83YrNak3Erv9vjs9hB9f05g= HTTP/1.1" 200 912
186.102.28.201 - - [14/Sep/2023:09:02:30 -0500] "GET /kwssiamovil/sm/acme/s?s=U2FsdGVkX19gCMj0j++CKXiUgO3AOhuSqr4UCUlgI/OTkcZfBz5HUKgmiu44waJd85z9CWb4a/cVZ1YNQXlAVlh1b1ZkbwhR33P3XHnIkn9FZr6HhmpD6a142MM3Aer7KCAtxmrH8UmmAOZ4ENdQ/Q==&u=U2FsdGVkX1/pb+DvPdeR7AUPA29A9xRVSkpN9XZuccI=&y=U2FsdGVkX1+qN9B+1SMk83YrNak3Erv9vjs9hB9f05g= HTTP/1.1" 200 92
186.102.28.201 - - [14/Sep/2023:09:02:30 -0500] "GET /kwssiamovil/sm/acme/s?s=U2FsdGVkX1/j9DDIW2JbvfO6nninnLwqGzaEm847GZtDlSBC1sulOhY/N3ShO9jwWTzOhPV8M7duzo04Ky6ADccLBnMZB3Q2b4bFsMLSE/JiEescwmH3JSNdRnlaRM57bXg/xi5s/ib55wKx4iXO3TkFR467EUx3VP8uFhC+5YSUg5D/nYzAy6HnXnQJICM4mLG4dOuI62xqfOaDzjM41l46OM7rWWUluh5HKWEUqqJi4DLychg+GzFQkZdZ2xzZTeG0cFIgxpqk206imfMuerK8dlIa+5R2Cta6YvJmVGjHW8+QLiY86cXOokP6jjk8XhUM0m1hENg9R0y1uKlo+AX3ZOsGYFQD+8/7UWsdUobMTc9fo8FVCg8cx/qsngCKFBceYgaG/Gp9f/Yb1kEh6o/ko3gY1jCLdJc2lfoGmLvQvOnxr+SjpV2rBCwDlGHT7hWg54v2JTFoatMS6aTYlpp+MaRwVTafqwGi0V+vX0X6cIyTCtJifj1ucRc5v7gwoMKNtZuVvNbKwaJ4iwiHEw/WZF2oPggPGpufLJ22LdDWugKyVw+tGUqaKb3VeVKjDnW8LM5swXPSwHHMHjE/7jQ/aUdqrZoIy7indm0+idz2pznVF6qct9sKTaF/5n7L7OMvM0oO5Yfd5PQWW0L0O+iZRjzJN9JaWsDy37H3xr5Tx6RtbzeOf92XWoaus3UcqhVeelFkXFvGXAKVLxE7U6prhv+7IqKsbEYF3TfGquskPZPnKUI+zo+Hs2i6WCNY&u=U2FsdGVkX1/pb+DvPdeR7AUPA29A9xRVSkpN9XZuccI=&y=U2FsdGVkX1+qN9B+1SMk83YrNak3Erv9vjs9hB9f05g= HTTP/1.1" 200 1095
186.102.28.201 - - [14/Sep/2023:09:02:30 -0500] "GET /kwssiamovil/sm/cjson/pre?f=17&x=U2FsdGVkX19dnQifQ9UHn+BhLbKSAlP8n9bAIEnx+g03aWgFUY/+CONTcCXYXNYZ HTTP/1.1" 200 12747
186.102.28.201 - - [14/Sep/2023:09:02:31 -0500] "GET /kwssiamovil/sm/cjson/pre?f=4&x=U2FsdGVkX19dnQifQ9UHn+BhLbKSAlP8n9bAIEnx+g03aWgFUY/+CONTcCXYXNYZ HTTP/1.1" 200 33589
186.102.28.201 - - [14/Sep/2023:09:02:31 -0500] "GET /kwssiamovil/sm/cjson/pre?f=6&x=U2FsdGVkX19dnQifQ9UHn+BhLbKSAlP8n9bAIEnx+g03aWgFUY/+CONTcCXYXNYZ HTTP/1.1" 200 34953
186.102.28.201 - - [14/Sep/2023:09:02:31 -0500] "GET /kwssiamovil/sm/cjson/pre?f=8&x=U2FsdGVkX19dnQifQ9UHn+BhLbKSAlP8n9bAIEnx+g03aWgFUY/+CONTcCXYXNYZ HTTP/1.1" 200 36010
186.102.28.201 - - [14/Sep/2023:09:02:31 -0500] "GET /kwssiamovil/sm/cjson/pre?f=7&x=U2FsdGVkX19dnQifQ9UHn+BhLbKSAlP8n9bAIEnx+g03aWgFUY/+CONTcCXYXNYZ HTTP/1.1" 200 93332
186.102.28.201 - - [14/Sep/2023:09:02:30 -0500] "GET /kwssiamovil/sm/cjson/pre?f=3&x=U2FsdGVkX19dnQifQ9UHn+BhLbKSAlP8n9bAIEnx+g03aWgFUY/+CONTcCXYXNYZ HTTP/1.1" 200 94843
186.102.28.201 - - [14/Sep/2023:09:02:31 -0500] "GET /kwssiamovil/sm/cjson/pre?f=5&x=U2FsdGVkX19dnQifQ9UHn+BhLbKSAlP8n9bAIEnx+g03aWgFUY/+CONTcCXYXNYZ HTTP/1.1" 200 96431
201.245.192.253 - - [14/Sep/2023:09:02:40 -0500] "POST /forms/lservlet;jsessionid=ac16012b30d63d978f376e20424bb3f6ff930e63d6af.e3iSbxaKaheRe34Pbx8Nc3aQci1ynknvrkLOlQzNp65In0 HTTP/1.1" 200 2
201.245.192.253 - - [14/Sep/2023:09:03:28 -0500] "POST /kwsrmcab/Wsrmcab  HTTP/1.1" 200 42865
216.244.66.195 - - [14/Sep/2023:09:03:30 -0500] "GET /BLA/resoluciones/RESOLUCIONES%202019/3065.pdf HTTP/1.1" 200 433661
201.245.192.253 - - [14/Sep/2023:09:03:31 -0500] "POST /forms/lservlet;jsessionid=ac16012b30d6d19c31849e654dd38cb0cf62d49b9509.e3iSbxaKaheRe34Pbx8Nc3aQci1ynknvrkLOlQzNp65In0 HTTP/1.1" 200 2
172.22.2.4 - - [14/Sep/2023:09:03:32 -0500] "GET /BLA/boletinlegal/robots.txt HTTP/1.1" 404 1038
186.102.28.201 - - [14/Sep/2023:09:03:39 -0500] "GET /kwssiamovil/sm/ldap/au?x=U2FsdGVkX19YNw/fvIokcZTxuxRtUlxpBmTFdalDn5pNS9XCaG7BUyGwMRDgx+vF&y=U2FsdGVkX1/RVGWLDmLG2K9SQrhe5xfEOxV460vfocE= HTTP/1.1" 200 30
186.102.28.201 - - [14/Sep/2023:09:03:39 -0500] "GET /kwssiamovil/sm/acme/s?s=U2FsdGVkX19Hq3pV/4JEY5BPSBCFsSb9dagV66e/t7kHxXJYXiKZFWKrVMstnyfajRjt7CFM3sjcpsIito/FiqmC+QuaEdelkEDQ1Z8H8QI=&u=U2FsdGVkX1/pfJQiTQxY5E/veA/QJbcriY6WxeGNcs0=&y=U2FsdGVkX1/RVGWLDmLG2K9SQrhe5xfEOxV460vfocE= HTTP/1.1" 200 97
186.102.28.201 - - [14/Sep/2023:09:03:40 -0500] "GET /kwssiamovil/sm/acme/s?s=U2FsdGVkX1+Btb+qMa7Ox/crBQYtkD26jx4aW2Qworluai6siame7+Y0HNRX22w2cXgUducFHFehDtffaJi+5E6ocmKGDU1tYb9ugnZRPasOisdoROCnYChUhugcCG9nrhLh+S7IZQISQPJflEnn6/x7vTYPFwZXPzZPqlF5uNBYDSrzRROZGnY86jZwc7T+ox4RHdNdxsQ1P7roUwTkOBoxCJrPwzRHNfZd75P1Kr7O8DW/EE6s/dZYpQsoSF1b2UPdRis+emvopyKiP3/Re/6qcefmCxSHsg6vMA3fhbzuhsDH9Y9F4mcfITPzWu7NwpwxZ7Ix3zoka6XY1WdpLnkxbm8XOUI6iABesd5/FQKpUuuc6QOhmNND8iZNshpjApM+Adw3BFomwFQpMqMrJhi4kDaEVPzhJY6ErfmZKyArVOKwGiyosMnWbLad6lYV98S710ZMxPpUjHLZ7iWo0azzJPj2fXc6yf60/1+QkDn1eYKRCo16c/c+A2SVj/+fyBRB6cS4zMIgMcQFRgjM5gbgMRvyyra3WBvhtxnSVg3npwxNC4ItwwA5yhsYQOocXnz6hyovZqIMREVw7q4zmWo4iZ/h4oepkCtIY9zD1rLBjfNK0WFLgwx8J0xs3TN6mU5QwaZQ8Ydz5cIAna6ReVvful1PD4vtfVFlYnp4FXq5LqIx4tXUUt6+Di+bS6X6qVmc+Y56Sk8dt1FLbBdgVGnqWSw9hgvJeCHq2Wr2HwPxWFtl5bVSDlEDh6fZ6xoTZljqYHltzyLcLgNVWR12aqtX+vi6et3neUVupmdqEceBC74M8gVM+aK2B+V4dMq8HwmhGmEBfZ3HBKdX3ytA4ICP3gpFZNnHHliYaD1fpq1CbJFsAQfoLzoq/b6XMRg7X3Oj8V2JX2yoMhBAA40imHBXbBwXXF1xr+i1DeXPfpn4JJzBC8fOD/hqL7hxl9D4bgor8zlW73tDsuP7cZjcZB7koo/bcq6k0CX+izTFJswzo0vhGt4Jh7cVI2rDJD0uWCuomdWgcGL/eRpdngwYf/Ahe1x8faGpMQGGd2jQnoUeEkGas7mX5C+RkCVYvCNSKyv4/siHP19Hnh9iHbnTsL9kuWCuhTs6HIDA2g2CZCbh2YZ52tzBihnNqBXVQYsQQWGfnjL/ak3/edvj+lE3HDKeumgHS4+i+M6zky0qf2qmNAd5+PiIJP4Va8Jc3VYReoRam4wI16yeauaPN4WTul0SsRh5bdt3zIDDP2zilSXnW6gWbpZOgHuxtxcV47W4CJnFYpBC1d6kLHzrJ9Z0GcyOYdR1vhQhd9orZ+TIB4lSpD/ZAzY0FkIOvP8DX1dzJAOfc2B9DWzQIFVx+a+VePDa+T9KS8Uefg8zx+G1/Xzr/a/PHNpzvI8tcdviHyu27DU8x5E5U12mxf7/3OFCbMLNkQC2ZCjZ6IGR1gH14po5vnuGJBsm/rlxVOO4V33vZpT4+lkzKJaWW72RQ4FD4O59KUz4qWevnXNfrnPbHyZ3RUKhOJx036LK0zE/S8UIV2xqYRQ5Gbz591oya7TtVuXESH2onnR5CA05YTBJakBYVFzySx/19nGe/nSemDBul6sZqGRXDiJ2PsgnSUnCb1pBeS/w63YiQ0JK3nSz+F8W/8oSX+z/xHOGzfRmjQ585Sf7E7zwvhXO6xXyB3a9mTD3scqtbEvBITyLG5yblqkP4YlLhtzll1CFKFEMQgEAnm2SbgjOO75hjSFIlXr8Lu1T9jxnzWdxcnUOYzgdSPc=&u=U2FsdGVkX1/pfJQiTQxY5E/veA/QJbcriY6WxeGNcs0=&y=U2FsdGVkX1/RVGWLDmLG2K9SQrhe5xfEOxV460vfocE= HTTP/1.1" 200 912
186.102.28.201 - - [14/Sep/2023:09:03:40 -0500] "GET /kwssiamovil/sm/acme/s?s=U2FsdGVkX19vwFGOBHo/DXUJeoSanXhXVOLmvR0aPMvJ6NT+iMLF3a3wWL2QIOZ4NWTd+gAYGAnyk1kpqIZlu2dEWKrxlNHRe2IPOPAnyZNmcK/abHHKurdDAbeZQ5felarWVGCnL0OIrqR8v54Oig==&u=U2FsdGVkX1/pfJQiTQxY5E/veA/QJbcriY6WxeGNcs0=&y=U2FsdGVkX1/RVGWLDmLG2K9SQrhe5xfEOxV460vfocE= HTTP/1.1" 200 92
186.102.28.201 - - [14/Sep/2023:09:03:40 -0500] "GET /kwssiamovil/sm/acme/s?s=U2FsdGVkX19/LClkwjGkCvLIULyUR/3VcRvNibD/Exf4GMlJIoFA7pqeaKgBArMM96LYKcEf5BfAWH/+8Z5HhJfhvrl8dxyOauQM0re9R7DKelrZFwa0MGgt8ON4bqOzLS4YJI56ERbDEl7m9gwZCUgPOiT1Ec1IKrXc75jtywtG1pStBqEbpRhvnc0Njg6+KeDLNLtHkNkCCq8p7v0znBLvUgsaqc42ykYyMP/UdnYqN+f6YUBfpGxED70mOXxYRS4XqnJpCgLbWVeakxgrvzUsx7q3obWiCKDoHa00WLTHW4a6Zx2WyN1NXCzfoHNVinUYhRwqEKJpnqfdP+9Emu0hhQFWJ5QcOOgOtpRS0eIB8MtEndV7vrphyzMhgT0Xg0du0YkCr2bu3c+QS8xuO+ANbKecfpN5RCYSBRwswk2qMiD+WeRTISnFIxUqf8Tre9eefkgndjNh5vT5DAqGKYkyuZWmRj0taMGlos9sH1odJuZsMg3yfxyXCUUDWPN1ik6cdZYBfGkEqG2wBhnAPUUq13E+eOBRWqGnjZQnuvSyImTJATUckAeCX1+tfNcmLWLX0yvhAMrHUbP+q9kWy+4nWoH7E5hc8rb8Nyzu6kHw+z7zbHmCE/xbed84RhBh94ReTTxzNsqKZrFWMShnugcryBzP0ZW5MBoaU46tz+AO2Y+m6jrLQFBVxOUofHPjDNdhJLzlP7QY6dTlSr7D/T1pthk1XaQPW41u+U2vELiSn6ykBNqvOIFW8zzlMGds&u=U2FsdGVkX1/pfJQiTQxY5E/veA/QJbcriY6WxeGNcs0=&y=U2FsdGVkX1/RVGWLDmLG2K9SQrhe5xfEOxV460vfocE= HTTP/1.1" 200 1095
186.102.28.201 - - [14/Sep/2023:09:03:41 -0500] "GET /kwssiamovil/sm/cjson/pre?f=17&x=U2FsdGVkX19YNw/fvIokcZTxuxRtUlxpBmTFdalDn5pNS9XCaG7BUyGwMRDgx+vF HTTP/1.1" 200 12747
186.102.28.201 - - [14/Sep/2023:09:03:41 -0500] "GET /kwssiamovil/sm/cjson/pre?f=4&x=U2FsdGVkX19YNw/fvIokcZTxuxRtUlxpBmTFdalDn5pNS9XCaG7BUyGwMRDgx+vF HTTP/1.1" 200 33589
186.102.28.201 - - [14/Sep/2023:09:03:41 -0500] "GET /kwssiamovil/sm/cjson/pre?f=5&x=U2FsdGVkX19YNw/fvIokcZTxuxRtUlxpBmTFdalDn5pNS9XCaG7BUyGwMRDgx+vF HTTP/1.1" 200 96431
186.102.28.201 - - [14/Sep/2023:09:03:42 -0500] "GET /kwssiamovil/sm/cjson/pre?f=8&x=U2FsdGVkX19YNw/fvIokcZTxuxRtUlxpBmTFdalDn5pNS9XCaG7BUyGwMRDgx+vF HTTP/1.1" 200 36010
186.102.28.201 - - [14/Sep/2023:09:03:41 -0500] "GET /kwssiamovil/sm/cjson/pre?f=6&x=U2FsdGVkX19YNw/fvIokcZTxuxRtUlxpBmTFdalDn5pNS9XCaG7BUyGwMRDgx+vF HTTP/1.1" 200 34953
186.102.28.201 - - [14/Sep/2023:09:03:41 -0500] "GET /kwssiamovil/sm/cjson/pre?f=7&x=U2FsdGVkX19YNw/fvIokcZTxuxRtUlxpBmTFdalDn5pNS9XCaG7BUyGwMRDgx+vF HTTP/1.1" 200 93332
186.102.28.201 - - [14/Sep/2023:09:03:41 -0500] "GET /kwssiamovil/sm/cjson/pre?f=3&x=U2FsdGVkX19YNw/fvIokcZTxuxRtUlxpBmTFdalDn5pNS9XCaG7BUyGwMRDgx+vF HTTP/1.1" 200 94843
216.244.66.195 - - [14/Sep/2023:09:04:19 -0500] "GET /BLA/resoluciones/RESOLUCIONES%202019/3322.pdf HTTP/1.1" 200 293478
201.245.192.253 - - [14/Sep/2023:09:04:40 -0500] "POST /forms/lservlet;jsessionid=ac16012b30d63d978f376e20424bb3f6ff930e63d6af.e3iSbxaKaheRe34Pbx8Nc3aQci1ynknvrkLOlQzNp65In0 HTTP/1.1" 200 2
172.22.2.4 - - [14/Sep/2023:09:03:05 -0500] "HEAD /BLA/boletinlegal/ HTTP/1.1" 200 -
216.244.66.195 - - [14/Sep/2023:09:05:01 -0500] "GET /BLA/resoluciones/RESOLUCIONES%202019/3522.pdf HTTP/1.1" 200 306465
172.22.2.4 - - [14/Sep/2023:09:03:32 -0500] "GET /BLA/boletinlegal/index.php HTTP/1.1" 200 47438
201.245.192.253 - - [14/Sep/2023:09:05:31 -0500] "POST /forms/lservlet;jsessionid=ac16012b30d6d19c31849e654dd38cb0cf62d49b9509.e3iSbxaKaheRe34Pbx8Nc3aQci1ynknvrkLOlQzNp65In0 HTTP/1.1" 200 2
172.22.2.4 - - [14/Sep/2023:09:03:56 -0500] "GET /BLA/boletinlegal/ HTTP/1.1" 200 47863
216.244.66.195 - - [14/Sep/2023:09:06:20 -0500] "GET /BLA/resoluciones/AUTOS%202019/0439.pdf HTTP/1.1" 200 286083
201.245.192.253 - - [14/Sep/2023:09:06:40 -0500] "POST /forms/lservlet;jsessionid=ac16012b30d63d978f376e20424bb3f6ff930e63d6af.e3iSbxaKaheRe34Pbx8Nc3aQci1ynknvrkLOlQzNp65In0 HTTP/1.1" 200 2
216.244.66.195 - - [14/Sep/2023:09:07:01 -0500] "GET /BLA/resoluciones/AUTOS%202019/1523.pdf HTTP/1.1" 200 254606
216.245.221.92 - - [14/Sep/2023:09:07:25 -0500] "HEAD / HTTP/1.1" 200 -
201.245.192.253 - - [14/Sep/2023:09:07:31 -0500] "POST /forms/lservlet;jsessionid=ac16012b30d6d19c31849e654dd38cb0cf62d49b9509.e3iSbxaKaheRe34Pbx8Nc3aQci1ynknvrkLOlQzNp65In0 HTTP/1.1" 200 2
216.244.66.195 - - [14/Sep/2023:09:07:33 -0500] "GET /BLA/resoluciones/AUTOS%202019/1553.pdf HTTP/1.1" 200 266550
216.244.66.195 - - [14/Sep/2023:09:08:05 -0500] "GET /BLA/resoluciones/AUTOS%202019/2632.pdf HTTP/1.1" 200 271202
201.245.192.253 - - [14/Sep/2023:09:08:28 -0500] "POST /kwsrmcab/Wsrmcab  HTTP/1.1" 200 42865
216.244.66.195 - - [14/Sep/2023:09:08:36 -0500] "GET /BLA/resoluciones/AUTOS%202019/2773.pdf HTTP/1.1" 200 345130
201.245.192.253 - - [14/Sep/2023:09:08:40 -0500] "POST /forms/lservlet;jsessionid=ac16012b30d63d978f376e20424bb3f6ff930e63d6af.e3iSbxaKaheRe34Pbx8Nc3aQci1ynknvrkLOlQzNp65In0 HTTP/1.1" 200 2
216.244.66.195 - - [14/Sep/2023:09:09:03 -0500] "GET /BLA/resoluciones/AUTOS%202019/3089.pdf HTTP/1.1" 200 265894
201.245.192.253 - - [14/Sep/2023:09:09:06 -0500] "POST /forms/lservlet;jsessionid=ac16012b30d6d19c31849e654dd38cb0cf62d49b9509.e3iSbxaKaheRe34Pbx8Nc3aQci1ynknvrkLOlQzNp65In0 HTTP/1.1" 200 36
172.104.186.23 - - [14/Sep/2023:09:08:52 -0500] "GET / HTTP/1.1" 200 319
172.104.186.23 - - [14/Sep/2023:09:08:56 -0500] "GET / HTTP/1.1" 200 319
172.104.186.23 - - [14/Sep/2023:09:09:08 -0500] "GET / HTTP/1.1" 200 319
172.104.186.23 - - [14/Sep/2023:09:09:12 -0500] "GET / HTTP/1.1" 200 319
216.244.66.195 - - [14/Sep/2023:09:09:30 -0500] "GET /BLA/resoluciones/AUTOS%202019/3225.pdf HTTP/1.1" 200 341236
201.245.192.253 - - [14/Sep/2023:09:09:31 -0500] "POST /forms/lservlet;jsessionid=ac16012b30d6d19c31849e654dd38cb0cf62d49b9509.e3iSbxaKaheRe34Pbx8Nc3aQci1ynknvrkLOlQzNp65In0 HTTP/1.1" 200 2
172.104.186.23 - - [14/Sep/2023:09:09:24 -0500] "GET /wp-includes/wlwmanifest.xml HTTP/1.1" 404 1035
201.245.192.253 - - [14/Sep/2023:09:09:40 -0500] "POST /forms/lservlet;jsessionid=ac16012b30d6d19c31849e654dd38cb0cf62d49b9509.e3iSbxaKaheRe34Pbx8Nc3aQci1ynknvrkLOlQzNp65In0 HTTP/1.1" 200 32
201.245.192.253 - - [14/Sep/2023:09:09:40 -0500] "POST /forms/lservlet;jsessionid=ac16012b30d6d19c31849e654dd38cb0cf62d49b9509.e3iSbxaKaheRe34Pbx8Nc3aQci1ynknvrkLOlQzNp65In0 HTTP/1.1" 200 8
201.245.192.253 - - [14/Sep/2023:09:09:40 -0500] "POST /forms/lservlet;jsessionid=ac16012b30d6d19c31849e654dd38cb0cf62d49b9509.e3iSbxaKaheRe34Pbx8Nc3aQci1ynknvrkLOlQzNp65In0 HTTP/1.1" 200 2
172.104.186.23 - - [14/Sep/2023:09:09:28 -0500] "GET /wp-includes/wlwmanifest.xml HTTP/1.1" 404 1035
201.245.192.253 - - [14/Sep/2023:09:09:44 -0500] "POST /forms/lservlet;jsessionid=ac16012b30d6d19c31849e654dd38cb0cf62d49b9509.e3iSbxaKaheRe34Pbx8Nc3aQci1ynknvrkLOlQzNp65In0 HTTP/1.1" 200 66
201.245.192.253 - - [14/Sep/2023:09:09:46 -0500] "POST /forms/lservlet;jsessionid=ac16012b30d6d19c31849e654dd38cb0cf62d49b9509.e3iSbxaKaheRe34Pbx8Nc3aQci1ynknvrkLOlQzNp65In0 HTTP/1.1" 200 2
201.245.192.253 - - [14/Sep/2023:09:09:46 -0500] "POST /forms/lservlet;jsessionid=ac16012b30d6d19c31849e654dd38cb0cf62d49b9509.e3iSbxaKaheRe34Pbx8Nc3aQci1ynknvrkLOlQzNp65In0 HTTP/1.1" 200 1475
201.245.192.253 - - [14/Sep/2023:09:09:46 -0500] "POST /forms/lservlet;jsessionid=ac16012b30d6d19c31849e654dd38cb0cf62d49b9509.e3iSbxaKaheRe34Pbx8Nc3aQci1ynknvrkLOlQzNp65In0 HTTP/1.1" 200 2
172.104.186.23 - - [14/Sep/2023:09:09:40 -0500] "GET /xmlrpc.php?rsd HTTP/1.1" 404 1035
216.244.66.195 - - [14/Sep/2023:09:09:59 -0500] "GET /BLA/resoluciones/AUTOS%202019/3754.pdf HTTP/1.1" 200 276202
172.104.186.23 - - [14/Sep/2023:09:09:44 -0500] "GET /xmlrpc.php?rsd HTTP/1.1" 404 1035
172.104.186.23 - - [14/Sep/2023:09:09:56 -0500] "GET / HTTP/1.1" 200 319
172.104.186.23 - - [14/Sep/2023:09:10:00 -0500] "GET / HTTP/1.1" 200 319
216.244.66.195 - - [14/Sep/2023:09:10:24 -0500] "GET /BLA/resoluciones/AUTOS%202019/4414.pdf HTTP/1.1" 200 285246
172.104.186.23 - - [14/Sep/2023:09:10:13 -0500] "GET /blog/wp-includes/wlwmanifest.xml HTTP/1.1" 404 1035
172.104.186.23 - - [14/Sep/2023:09:10:16 -0500] "GET /blog/wp-includes/wlwmanifest.xml HTTP/1.1" 404 1035
172.22.2.4 - - [14/Sep/2023:09:08:55 -0500] "HEAD /BLA/boletinlegal/ HTTP/1.1" 200 -
201.245.192.253 - - [14/Sep/2023:09:10:40 -0500] "POST /forms/lservlet;jsessionid=ac16012b30d63d978f376e20424bb3f6ff930e63d6af.e3iSbxaKaheRe34Pbx8Nc3aQci1ynknvrkLOlQzNp65In0 HTTP/1.1" 200 2
172.104.186.23 - - [14/Sep/2023:09:10:29 -0500] "GET /web/wp-includes/wlwmanifest.xml HTTP/1.1" 404 1035
216.244.66.195 - - [14/Sep/2023:09:10:47 -0500] "GET /BLA/resoluciones/AUTOS%202019/4472.pdf HTTP/1.1" 200 296644
172.104.186.23 - - [14/Sep/2023:09:10:32 -0500] "GET /web/wp-includes/wlwmanifest.xml HTTP/1.1" 404 1035
172.104.186.23 - - [14/Sep/2023:09:10:45 -0500] "GET /wordpress/wp-includes/wlwmanifest.xml HTTP/1.1" 404 1035
172.104.186.23 - - [14/Sep/2023:09:10:49 -0500] "GET /wordpress/wp-includes/wlwmanifest.xml HTTP/1.1" 404 1035
216.244.66.195 - - [14/Sep/2023:09:11:09 -0500] "GET /BLA/resoluciones/RESOLUCIONES%202018/1196.pdf HTTP/1.1" 200 370988
172.104.186.23 - - [14/Sep/2023:09:11:01 -0500] "GET /website/wp-includes/wlwmanifest.xml HTTP/1.1" 404 1035
172.104.186.23 - - [14/Sep/2023:09:11:05 -0500] "GET /website/wp-includes/wlwmanifest.xml HTTP/1.1" 404 1035
172.22.2.4 - - [14/Sep/2023:09:09:46 -0500] "GET /BLA/boletinlegal/ HTTP/1.1" 200 58187
66.249.70.198 - - [14/Sep/2023:09:11:28 -0500] "GET /BLA/resoluciones/Notificaciones/REGISTROS%202017/135.pdf HTTP/1.1" 200 305165
216.244.66.195 - - [14/Sep/2023:09:11:31 -0500] "GET /BLA/resoluciones/RESOLUCIONES%202018/1757.pdf HTTP/1.1" 200 287250
201.245.192.253 - - [14/Sep/2023:09:11:31 -0500] "POST /forms/lservlet;jsessionid=ac16012b30d6d19c31849e654dd38cb0cf62d49b9509.e3iSbxaKaheRe34Pbx8Nc3aQci1ynknvrkLOlQzNp65In0 HTTP/1.1" 200 2
172.104.186.23 - - [14/Sep/2023:09:11:17 -0500] "GET /wp/wp-includes/wlwmanifest.xml HTTP/1.1" 404 1035
172.104.186.23 - - [14/Sep/2023:09:11:21 -0500] "GET /wp/wp-includes/wlwmanifest.xml HTTP/1.1" 404 1035
172.104.186.23 - - [14/Sep/2023:09:11:33 -0500] "GET /news/wp-includes/wlwmanifest.xml HTTP/1.1" 404 1035
216.244.66.195 - - [14/Sep/2023:09:11:52 -0500] "GET /BLA/resoluciones/RESOLUCIONES%202018/2037.pdf HTTP/1.1" 200 271066
172.104.186.23 - - [14/Sep/2023:09:11:37 -0500] "GET /news/wp-includes/wlwmanifest.xml HTTP/1.1" 404 1035
172.104.186.23 - - [14/Sep/2023:09:11:49 -0500] "GET /2020/wp-includes/wlwmanifest.xml HTTP/1.1" 404 1035
172.104.186.23 - - [14/Sep/2023:09:11:53 -0500] "GET /2020/wp-includes/wlwmanifest.xml HTTP/1.1" 404 1035
216.244.66.195 - - [14/Sep/2023:09:12:11 -0500] "GET /BLA/resoluciones/RESOLUCIONES%202018/3548.pdf HTTP/1.1" 200 274019
172.104.186.23 - - [14/Sep/2023:09:12:06 -0500] "GET /2019/wp-includes/wlwmanifest.xml HTTP/1.1" 404 1035
172.104.186.23 - - [14/Sep/2023:09:12:09 -0500] "GET /2019/wp-includes/wlwmanifest.xml HTTP/1.1" 404 1035
216.245.221.92 - - [14/Sep/2023:09:12:25 -0500] "HEAD / HTTP/1.1" 200 -
216.244.66.195 - - [14/Sep/2023:09:12:31 -0500] "GET /BLA/resoluciones/RESOLUCIONES%202018/3556.pdf HTTP/1.1" 200 278908
172.104.186.23 - - [14/Sep/2023:09:12:22 -0500] "GET /shop/wp-includes/wlwmanifest.xml HTTP/1.1" 404 1035
201.245.192.253 - - [14/Sep/2023:09:12:40 -0500] "POST /forms/lservlet;jsessionid=ac16012b30d63d978f376e20424bb3f6ff930e63d6af.e3iSbxaKaheRe34Pbx8Nc3aQci1ynknvrkLOlQzNp65In0 HTTP/1.1" 200 2
172.104.186.23 - - [14/Sep/2023:09:12:25 -0500] "GET /shop/wp-includes/wlwmanifest.xml HTTP/1.1" 404 1035
216.244.66.195 - - [14/Sep/2023:09:12:48 -0500] "GET /BLA/resoluciones/RESOLUCIONES%202018/3681.pdf HTTP/1.1" 200 238921
