181.237.166.28 - - [14/Sep/2023:16:51:35 -0500] "POST /sipse/faces/autenticacion.xhtml HTTP/1.1" 200 16165
181.237.166.28 - - [14/Sep/2023:16:51:35 -0500] "GET /sipse/css/custom_css_sg_prime.css HTTP/1.1" 200 5201
181.237.166.28 - - [14/Sep/2023:16:51:35 -0500] "GET /sipse/faces/javax.faces.resource/layout/layout.css?ln=primefaces&v=4.0 HTTP/1.1" 304 -
181.237.166.28 - - [14/Sep/2023:16:51:35 -0500] "GET /sipse/faces/javax.faces.resource/theme.css?ln=primefaces-sipse HTTP/1.1" 304 -
181.237.166.28 - - [14/Sep/2023:16:51:35 -0500] "GET /sipse/faces/javax.faces.resource/primefaces.css?ln=primefaces&v=4.0 HTTP/1.1" 304 -
181.237.166.28 - - [14/Sep/2023:16:51:35 -0500] "GET /sipse/js/jquery.min.js HTTP/1.1" 200 85582
181.237.166.28 - - [14/Sep/2023:16:51:36 -0500] "GET /sipse/faces/javax.faces.resource/jquery/jquery.js?ln=primefaces&v=4.0 HTTP/1.1" 304 -
181.237.166.28 - - [14/Sep/2023:16:51:36 -0500] "GET /sipse/faces/javax.faces.resource/jquery/jquery-plugins.js?ln=primefaces&v=4.0 HTTP/1.1" 304 -
181.237.166.28 - - [14/Sep/2023:16:51:37 -0500] "GET /sipse/faces/javax.faces.resource/primefaces.js?ln=primefaces&v=4.0 HTTP/1.1" 304 -
181.237.166.28 - - [14/Sep/2023:16:51:37 -0500] "GET /sipse/faces/javax.faces.resource/layout/layout.js?ln=primefaces&v=4.0 HTTP/1.1" 304 -
181.237.166.28 - - [14/Sep/2023:16:51:37 -0500] "GET /sipse/css/v_mergente.css HTTP/1.1" 200 1505
181.237.166.28 - - [14/Sep/2023:16:51:38 -0500] "GET /sipse/css/imagen/contrasena.png HTTP/1.1" 404 383
181.237.166.28 - - [14/Sep/2023:16:51:38 -0500] "GET /sipse/imagenes/cargando.gif HTTP/1.1" 200 36959
181.237.166.28 - - [14/Sep/2023:16:51:38 -0500] "GET /sipse/imagenes/logoAplicacion.jpg HTTP/1.1" 200 155084
181.237.166.28 - - [14/Sep/2023:16:51:39 -0500] "GET /sipse/faces/javax.faces.resource/messages/messages.png?ln=primefaces&v=4.0 HTTP/1.1" 200 27209
181.237.166.28 - - [14/Sep/2023:16:51:40 -0500] "GET /sipse/faces/javax.faces.resource/images/ui-bg_flat_0_2d5972_40x100.png?ln=primefaces-aristo HTTP/1.1" 200 183
181.237.166.28 - - [14/Sep/2023:16:51:40 -0500] "POST /sipse/faces/bienvenido.xhtml HTTP/1.1" 200 1471
181.237.166.28 - - [14/Sep/2023:16:51:42 -0500] "POST /sipse/faces/bienvenido.xhtml HTTP/1.1" 200 37602
181.237.166.28 - - [14/Sep/2023:16:51:42 -0500] "GET /sipse/faces/javax.faces.resource/primefaces.css?ln=primefaces&v=4.0 HTTP/1.1" 304 -
181.237.166.28 - - [14/Sep/2023:16:51:42 -0500] "GET /sipse/faces/javax.faces.resource/theme.css?ln=primefaces-sipse HTTP/1.1" 304 -
181.237.166.28 - - [14/Sep/2023:16:51:42 -0500] "GET /sipse/faces/javax.faces.resource/layout/layout.css?ln=primefaces&v=4.0 HTTP/1.1" 304 -
181.237.166.28 - - [14/Sep/2023:16:51:43 -0500] "GET /sipse/faces/javax.faces.resource/jquery/jquery.js?ln=primefaces&v=4.0 HTTP/1.1" 304 -
181.237.166.28 - - [14/Sep/2023:16:51:43 -0500] "GET /sipse/faces/javax.faces.resource/jquery/jquery-plugins.js?ln=primefaces&v=4.0 HTTP/1.1" 304 -
181.237.166.28 - - [14/Sep/2023:16:51:45 -0500] "GET /sipse/faces/javax.faces.resource/primefaces.js?ln=primefaces&v=4.0 HTTP/1.1" 304 -
181.237.166.28 - - [14/Sep/2023:16:51:45 -0500] "GET /sipse/faces/javax.faces.resource/layout/layout.js?ln=primefaces&v=4.0 HTTP/1.1" 304 -
201.245.192.253 - - [14/Sep/2023:16:51:48 -0500] "POST /forms/lservlet;jsessionid=ac16012b30d63d978f376e20424bb3f6ff930e63d6af.e3iSbxaKaheRe34Pbx8Nc3aQci1ynknvrkLOlQzNp65In0 HTTP/1.1" 200 12
201.245.192.253 - - [14/Sep/2023:16:51:47 -0500] "POST /kwsrmcab/Wsrmcab  HTTP/1.1" 200 42865
181.237.166.28 - - [14/Sep/2023:16:51:55 -0500] "POST /sipse/faces/presentacion/financiero/solicitudProceso/listarSolicitudProceso.xhtml HTTP/1.1" 200 1424
172.22.2.4 - - [14/Sep/2023:16:50:35 -0500] "GET /BLA/boletinlegal/ HTTP/1.1" 200 58187
201.245.192.253 - - [14/Sep/2023:16:52:21 -0500] "POST /forms/lservlet;jsessionid=ac16012b30d6d19c31849e654dd38cb0cf62d49b9509.e3iSbxaKaheRe34Pbx8Nc3aQci1ynknvrkLOlQzNp65In0 HTTP/1.1" 200 2
216.245.221.92 - - [14/Sep/2023:16:52:24 -0500] "HEAD / HTTP/1.1" 200 -
186.154.150.94 - - [14/Sep/2023:16:52:28 -0500] "POST /sipse/faces/presentacion/financiero/solicitudProceso/consultar.xhtml HTTP/1.1" 200 30519
186.154.150.94 - - [14/Sep/2023:16:53:24 -0500] "POST /sipse/faces/presentacion/financiero/solicitudProceso/consultar.xhtml HTTP/1.1" 200 30631
201.245.192.253 - - [14/Sep/2023:16:53:27 -0500] "POST /forms/lservlet;jsessionid=ac16012b30d63d978f376e20424bb3f6ff930e63d6af.e3iSbxaKaheRe34Pbx8Nc3aQci1ynknvrkLOlQzNp65In0 HTTP/1.1" 200 2
186.154.150.94 - - [14/Sep/2023:16:53:50 -0500] "POST /sipse/faces/presentacion/financiero/solicitudProceso/consultar.xhtml HTTP/1.1" 200 30961
186.154.150.94 - - [14/Sep/2023:16:54:12 -0500] "POST /sipse/faces/presentacion/financiero/solicitudProceso/consultar.xhtml HTTP/1.1" 200 31206
201.245.192.253 - - [14/Sep/2023:16:54:21 -0500] "POST /forms/lservlet;jsessionid=ac16012b30d6d19c31849e654dd38cb0cf62d49b9509.e3iSbxaKaheRe34Pbx8Nc3aQci1ynknvrkLOlQzNp65In0 HTTP/1.1" 200 2
186.154.150.94 - - [14/Sep/2023:16:54:28 -0500] "POST /sipse/faces/presentacion/financiero/solicitudProceso/consultar.xhtml HTTP/1.1" 200 30579
201.245.192.253 - - [14/Sep/2023:16:54:16 -0500] "GET /BLA/boletinlegal/admin/index.php HTTP/1.1" 200 7109
181.237.166.28 - - [14/Sep/2023:16:54:54 -0500] "GET /sipse/faces/javax.faces.resource/images/ui-icons_898989_256x240.png?ln=primefaces-aristo HTTP/1.1" 304 -
181.237.166.28 - - [14/Sep/2023:16:54:55 -0500] "POST /sipse/faces/presentacion/financiero/solicitudProceso/listarSolicitudProceso.xhtml HTTP/1.1" 200 116819
181.237.166.28 - - [14/Sep/2023:16:54:56 -0500] "GET /sipse/faces/javax.faces.resource/theme.css?ln=primefaces-sipse HTTP/1.1" 304 -
181.237.166.28 - - [14/Sep/2023:16:54:56 -0500] "GET /sipse/faces/javax.faces.resource/primefaces.css?ln=primefaces&v=4.0 HTTP/1.1" 304 -
181.237.166.28 - - [14/Sep/2023:16:54:56 -0500] "GET /sipse/faces/javax.faces.resource/layout/layout.css?ln=primefaces&v=4.0 HTTP/1.1" 304 -
181.237.166.28 - - [14/Sep/2023:16:54:56 -0500] "GET /sipse/faces/javax.faces.resource/jquery/jquery.js?ln=primefaces&v=4.0 HTTP/1.1" 304 -
181.237.166.28 - - [14/Sep/2023:16:54:56 -0500] "GET /sipse/faces/javax.faces.resource/jquery/jquery-plugins.js?ln=primefaces&v=4.0 HTTP/1.1" 304 -
181.237.166.28 - - [14/Sep/2023:16:54:56 -0500] "GET /sipse/faces/javax.faces.resource/primefaces.js?ln=primefaces&v=4.0 HTTP/1.1" 304 -
181.237.166.28 - - [14/Sep/2023:16:54:56 -0500] "GET /sipse/faces/javax.faces.resource/layout/layout.js?ln=primefaces&v=4.0 HTTP/1.1" 304 -
186.155.18.70 - - [14/Sep/2023:16:54:57 -0500] "GET /kwssiamovil/sm/acme/a?s=U2FsdGVkX1+MUXbZcr/Y7mwKa+he2loi9/kiODZJ+FP7bQJd6FcP1/VPA6zmX4u7W/rTu/SmUfMY1yudr3jBfv98a7OTFp2YjYsSPOVvVeH56TbDAgQqZ1XFWV7L5XLipdCCNgIp66TGKiAaDfOdY2xvgvgotg9PAs6U47cHrP0GFr5xxQ5h2DxPLeUC+BQ9zviBb/4uQV9+xn/AEYjukEL0l+Ns7NoWh9mDjNb7nBfc3Xn+2P+MH3wyTGf/7XiqjBJ7BAk9NADTbkExzbKU4w==&u=U2FsdGVkX1/xZ/UaexrBoVFQbB17Bh1AbI5CbkvF6q4=&y=U2FsdGVkX185NC/P6KxNLupt4zKHWzwxd1GtOtdd1ls= HTTP/1.1" 200 26
186.155.18.70 - - [14/Sep/2023:16:54:57 -0500] "GET /kwssiamovil/sm/acme/a?s=U2FsdGVkX19aqy9bHikMOAF+IVswytCAHoWH1+Dae+lDQ9ODvAnJoxbFUdmULr89f7yuOh9ytd76mUyxAih0qSq30eX/JO4msquo5d+pTHd3s4UqelSS3wlA6TtoYe8znQIwObQArGVpt8zh6X1w+ZaEvMldVjNZHNj9e1jQPVrEXeDV/HaVgvfiKR21pX5lj2n+q+/Ep9Tpa4ud57oRkAZXrMdSDqGcF3B8k70pp4mGzYL0bsTeZm2/jyjUitdOoBwnabQBPEvtkGfBGwW0mmuIB4ar/0vX2QPuZpU/DkoONWJtsH5pu4DFgzFugVj+L/Ieu1x3tdStkcFnhNpbdBtZEqQY6br7ccy6T4ibShdhje1nvkh8LqAgWhDYWB8ujQ77nnMRqanqssWgScicPqOIvfJHhn+dSnzLV9xcC8WI4vegiOFDia35JiWmDAqE7aRnkgo3/xiTE2pvmsxgUMcUjg3qRbk+tv8bflaX33s41dlcft3ji7uNxu5cnrk9sdU36HIu7rnQgM4TkhlVN4K3oaLfRpWAjf1IsdmR+Z9dqUzDxJcIMu9SGIjF4dEQBQZk0IoRs1zicUqRKUlIVmjFftSSzRLSx4JjQ3SoqHBgXBWBRq0iazEN2Q/lUdntvWHfp6yz7vcHxdmYa8qAS3zZ3JLl3lBdnW0mM8aycvj+wOuJo9lRmGH2tvCTLY7Wi1lti/O7AdI9FsYbMldFdbbszlwPhiFeIgNJRKzZzaN/mFlFj0AIP/tDKG+GL1iVsPphfA4GUC55vxXiND1vduzMQ2//4sB2riTudkK7ksRzlIgl0jkiuteHbl2vw5E7lINUJLGtrFYAK/Y96125HNQdQ8UOs4lTgdXCmJ5QEL4izPiFNDDZZZGDsWwQXAz640ziVSwVtXsmCeDDI+jxE7HKP4LXQFQeUEr+gCZhQ7V1HvpBi+xPclHDsAg/pBZ0nRdMhYvMHXZFi+DgGL4VCJTOS6V4FnDB6E83+FlShHC7JGIlhaDdPgjh8j02mCNglbhRKvHxsLhbnB0Ud645orPnBAiPx0j1d6e4mbAjrH+aLFcHQ1LYVboGjaisMv9cfhjnGWDtPb4RPnwg0JY66Mljci8r6+Mf07eugM4ptIYTfXk9mJm3ykxnsYbRnvbtgpMqrTjLzD020ASGJGf74XAxag27it0v0kdOWLn2rC3pHGx54OV57J6j1QXu27RtjuA+0FODEPYEW6GgFj9YZgU/7gqHVA1asSN41D2IGxAEUHofClUDDtK2LTS7xeO4UfXkvBs00/Cd3YyKKREeOZ/Pho5cW7vmjl3jSJKjlSIhD2dWNftUZmJjUqFStgQ/zVBZWM3Aqv7NnccVbpqpl1lbOkixaLP/fbIyCT6j0W7qVfHrKS7oCYNC0+WQMpopbRiFrS04spmnF/frG7wxSwa/CgVpkP6HxGs4RPLe5AnIaDb6E8wO1g9WdIJOGRKvG9BGSGXZ+J95rnrKW2w8yOb4lr5DYQndbwjMhyGhNWLEHmwlHquEE/O564L5pNKncX0OhwypBY/wNGYutIDNzwcF60rOza6zcj3IpSxQ+L59CDd+RPN9eIvP0c0feg588BJ8jzd63QH/+CNgs6qiLeJvhT5kGLIZAlKBXpXEksuY9633/aWirCdx3whwRKSUVUfFkXXqsRJBWLKRGsmkGVyymJBUdtQqcfxnMOJELnjaAhI7Q2givEQIvcH873IIwfgAkkOotnITUNhz+53q4KqIQh8kPNPvG+LYMZK98AlR9/ovIBeZvVwtW1smkK4jCRmK1ZbjGJeWrlKw2pvjTSC24GtoNOgJrnaOPHHTFn8EaN0J3eZ9Uy93uZYq2zHTlOHghTk4R90wS/YJHCB7+A==&u=U2FsdGVkX1/xZ/UaexrBoVFQbB17Bh1AbI5CbkvF6q4=&y=U2FsdGVkX185NC/P6KxNLupt4zKHWzwxd1GtOtdd1ls= HTTP/1.1" 200 26
181.237.166.28 - - [14/Sep/2023:16:54:57 -0500] "GET /sipse/faces/javax.faces.resource/dynamiccontent.properties?ln=primefaces&pfdrid=XjOR5%2F%2FfPAZAuY9TpWQeCiM0BhlXxYRBGKi%2FQcXXfeA%3D&pfdrid_c=false HTTP/1.1" 500 383
186.155.18.70 - - [14/Sep/2023:16:54:58 -0500] "GET /kwssiamovil/sm/acme/a?s=U2FsdGVkX19Zn83WdrL2lIuJ0knqHiJwdz5xmQVHd8MrsTh/qQkg5KKaiDgcmxPjD5VNpXhh0lUmbQO2Sca2oMJGlzF1Sw6KK6Ns5/x6iSTYqJzvjIgBC9eeASaxR78NEXwwqI0swoqZGKvy0gqW5VkWzqQL3b98ozULNUZ1ymg=&u=U2FsdGVkX1/xZ/UaexrBoVFQbB17Bh1AbI5CbkvF6q4=&y=U2FsdGVkX185NC/P6KxNLupt4zKHWzwxd1GtOtdd1ls= HTTP/1.1" 200 26
186.155.18.70 - - [14/Sep/2023:16:54:58 -0500] "GET /kwssiamovil/sm/acme/a?s=U2FsdGVkX1/1nOGJ/EYaR0W3r3bz6CpS70fZF0w0+qeR9YaDlwoeUfXLBcNW9mnjTbPpWNSTGWTI9olUlwomKfisEEVnvyC4N67pkLsBEjOOjPJYkiuurDY+fYnOSjIygs8jZfPVcS0tNLnHFEfSVNPbLkqyiOkRmPpb05/xvrU=&u=U2FsdGVkX1/xZ/UaexrBoVFQbB17Bh1AbI5CbkvF6q4=&y=U2FsdGVkX185NC/P6KxNLupt4zKHWzwxd1GtOtdd1ls= HTTP/1.1" 200 26
186.155.18.70 - - [14/Sep/2023:16:54:58 -0500] "GET /kwssiamovil/sm/acme/a?s=U2FsdGVkX19wolI/JouzcrG7ezGRY4P1s/pR1n8J6HOytodeTetv+aE4QGs6IcOV9Fj9zjH3oJb8myHDH6K4QGXUpHsJzS5Tlo5TZ7DP644Jo0TKaXKqRLAZdIgMsyF9hOdtMxfYOSte0R8gVoMhMjQag28OKwFHcEGxAFJe3S4=&u=U2FsdGVkX1/xZ/UaexrBoVFQbB17Bh1AbI5CbkvF6q4=&y=U2FsdGVkX185NC/P6KxNLupt4zKHWzwxd1GtOtdd1ls= HTTP/1.1" 200 26
186.155.18.70 - - [14/Sep/2023:16:54:58 -0500] "GET /kwssiamovil/sm/acme/a?s=U2FsdGVkX193bZbvflHjK0gHmDpfJkxnwM5XaWEIpCvcDrM1DQui7fPID93qG7hxYOxuYZhtpoxdujeBDVoeH5P4Uu7VkMnZjgpFXPGYWmTUzQUO3npcldDfGuXbThfq/YSAFZeNfRq+iu+CahKY1b/MkRLY59HZDXU6BLNT4TNh1/rhVtSRoNrvoxSNs5no&u=U2FsdGVkX1/xZ/UaexrBoVFQbB17Bh1AbI5CbkvF6q4=&y=U2FsdGVkX185NC/P6KxNLupt4zKHWzwxd1GtOtdd1ls= HTTP/1.1" 200 26
181.237.166.28 - - [14/Sep/2023:16:55:01 -0500] "POST /sipse/faces/presentacion/financiero/solicitudProceso/consultarSolicitudProceso.xhtml HTTP/1.1" 200 35021
181.237.166.28 - - [14/Sep/2023:16:55:04 -0500] "GET /sipse/faces/javax.faces.resource/primefaces.css?ln=primefaces&v=4.0 HTTP/1.1" 304 -
181.237.166.28 - - [14/Sep/2023:16:55:04 -0500] "GET /sipse/faces/javax.faces.resource/theme.css?ln=primefaces-sipse HTTP/1.1" 304 -
181.237.166.28 - - [14/Sep/2023:16:55:04 -0500] "GET /sipse/faces/javax.faces.resource/layout/layout.css?ln=primefaces&v=4.0 HTTP/1.1" 304 -
181.237.166.28 - - [14/Sep/2023:16:55:04 -0500] "GET /sipse/faces/javax.faces.resource/jquery/jquery.js?ln=primefaces&v=4.0 HTTP/1.1" 304 -
181.237.166.28 - - [14/Sep/2023:16:55:04 -0500] "GET /sipse/faces/javax.faces.resource/jquery/jquery-plugins.js?ln=primefaces&v=4.0 HTTP/1.1" 304 -
181.237.166.28 - - [14/Sep/2023:16:55:04 -0500] "GET /sipse/faces/javax.faces.resource/primefaces.js?ln=primefaces&v=4.0 HTTP/1.1" 304 -
181.237.166.28 - - [14/Sep/2023:16:55:05 -0500] "GET /sipse/faces/javax.faces.resource/layout/layout.js?ln=primefaces&v=4.0 HTTP/1.1" 304 -
181.237.166.28 - - [14/Sep/2023:16:55:07 -0500] "POST /sipse/faces/presentacion/financiero/solicitudProceso/listarSolicitudProceso.xhtml HTTP/1.1" 200 1404
201.245.192.253 - - [14/Sep/2023:16:55:27 -0500] "POST /forms/lservlet;jsessionid=ac16012b30d63d978f376e20424bb3f6ff930e63d6af.e3iSbxaKaheRe34Pbx8Nc3aQci1ynknvrkLOlQzNp65In0 HTTP/1.1" 200 2
186.154.150.94 - - [14/Sep/2023:16:55:44 -0500] "POST /sipse/faces/presentacion/financiero/solicitudProceso/consultar.xhtml HTTP/1.1" 200 31023
201.245.192.253 - - [14/Sep/2023:16:56:21 -0500] "POST /forms/lservlet;jsessionid=ac16012b30d6d19c31849e654dd38cb0cf62d49b9509.e3iSbxaKaheRe34Pbx8Nc3aQci1ynknvrkLOlQzNp65In0 HTTP/1.1" 200 2
52.167.144.150 - - [14/Sep/2023:16:56:23 -0500] "GET /BLA/resoluciones/index.php?dir=RESOLUCIONES+2023%2F HTTP/1.1" 200 70925
216.244.66.195 - - [14/Sep/2023:16:56:34 -0500] "GET /BLA/resoluciones/RESOLUCIONES%202019/2837.pdf HTTP/1.1" 200 277489
201.245.192.253 - - [14/Sep/2023:16:56:46 -0500] "POST /kwsrmcab/Wsrmcab  HTTP/1.1" 200 42865
186.155.18.70 - - [14/Sep/2023:16:56:53 -0500] "GET /kwssiamovil/sm/acme/u?s=U2FsdGVkX1+uizpcy+NMLXOY2gQUTWEvSrp7JRoieVET/rfPFGV+Sji3EQV753B6+f1UcBwqbH7S65wUW9uwSHdk93TeZY/mon/0p+sskk7N6xPq4VookHZauLQBHn0iKANrC9a77bL+bGo5+kfdRwKnnwVCViaPuCJAo9lA5fI=&u=U2FsdGVkX1/xZ/UaexrBoVFQbB17Bh1AbI5CbkvF6q4=&y=U2FsdGVkX185NC/P6KxNLupt4zKHWzwxd1GtOtdd1ls= HTTP/1.1" 200 60
172.22.2.4 - - [14/Sep/2023:16:57:02 -0500] "GET /BLA/boletinlegal/actos.php HTTP/1.1" 200 9682
172.22.2.4 - - [14/Sep/2023:16:57:02 -0500] "GET /BLA/boletinlegal/favicon.ico HTTP/1.1" 404 1326
54.39.243.52 - - [14/Sep/2023:16:57:04 -0500] "GET /bogota-reverdece-una-semana-por-la-sostenibilidad-la-resiliencia-climatica-y-la-calidad-del-aire.html HTTP/1.1" 200 973
66.249.66.194 - - [14/Sep/2023:16:57:09 -0500] "GET /bogota-reverdece-una-semana-por-la-sostenibilidad-la-resiliencia-climatica-y-la-calidad-del-aire.html HTTP/1.1" 200 973
172.22.2.4 - - [14/Sep/2023:16:55:34 -0500] "HEAD /BLA/boletinlegal/ HTTP/1.1" 200 -
216.244.66.195 - - [14/Sep/2023:16:57:21 -0500] "GET /BLA/resoluciones/RESOLUCIONES%202019/2845.pdf HTTP/1.1" 200 1778666
216.245.221.92 - - [14/Sep/2023:16:57:24 -0500] "HEAD / HTTP/1.1" 200 -
172.22.2.4 - - [14/Sep/2023:16:57:24 -0500] "GET /BLA/boletinlegal/consulta_actos.php?tipo=resoluciones&no=0036&usuario=&sector=&fecha=2012&resuelve= HTTP/1.1" 200 1123
201.245.192.253 - - [14/Sep/2023:16:57:27 -0500] "POST /forms/lservlet;jsessionid=ac16012b30d63d978f376e20424bb3f6ff930e63d6af.e3iSbxaKaheRe34Pbx8Nc3aQci1ynknvrkLOlQzNp65In0 HTTP/1.1" 200 2
172.22.2.4 - - [14/Sep/2023:16:57:37 -0500] "GET /BLA/boletinlegal/consulta_actos.php?tipo=resoluciones&no=0057&usuario=&sector=&fecha=2012&resuelve= HTTP/1.1" 200 1632
201.245.192.253 - - [14/Sep/2023:16:57:40 -0500] "GET /BLA/resoluciones/RESOLUCIONES%202016/1372.pdf HTTP/1.1" 200 1187633
201.245.192.253 - - [14/Sep/2023:16:57:40 -0500] "GET /favicon.ico HTTP/1.1" 200 7782
172.22.2.4 - - [14/Sep/2023:16:57:55 -0500] "GET /BLA/boletinlegal/consulta_actos.php?tipo=resoluciones&no=0073&usuario=&sector=&fecha=2012&resuelve= HTTP/1.1" 200 1648
201.245.192.253 - - [14/Sep/2023:16:57:59 -0500] "GET /BLA/resoluciones/RESOLUCIONES%202013/0035.pdf HTTP/1.1" 200 926147
172.22.2.4 - - [14/Sep/2023:16:56:25 -0500] "GET /BLA/boletinlegal/ HTTP/1.1" 200 58187
172.22.2.4 - - [14/Sep/2023:16:58:13 -0500] "GET /BLA/boletinlegal/consulta_actos.php?tipo=resoluciones&no=0132&usuario=&sector=&fecha=2012&resuelve= HTTP/1.1" 200 1796
201.245.192.253 - - [14/Sep/2023:16:58:15 -0500] "GET /BLA/resoluciones/RESOLUCIONES%202012/0836.pdf HTTP/1.1" 200 280511
201.245.192.253 - - [14/Sep/2023:16:58:21 -0500] "POST /forms/lservlet;jsessionid=ac16012b30d6d19c31849e654dd38cb0cf62d49b9509.e3iSbxaKaheRe34Pbx8Nc3aQci1ynknvrkLOlQzNp65In0 HTTP/1.1" 200 2
172.22.2.4 - - [14/Sep/2023:16:58:23 -0500] "GET /BLA/boletinlegal/consulta_actos.php?tipo=resoluciones&no=0141&usuario=&sector=&fecha=2012&resuelve= HTTP/1.1" 200 1667
201.245.192.253 - - [14/Sep/2023:16:58:25 -0500] "GET /BLA/resoluciones/RESOLUCIONES%202009/3581.pdf HTTP/1.1" 200 812525
201.245.192.253 - - [14/Sep/2023:16:58:28 -0500] "GET /BLA/resoluciones/RESOLUCIONES%202015/3157.pdf HTTP/1.1" 200 274573
172.22.2.4 - - [14/Sep/2023:16:58:39 -0500] "GET /BLA/boletinlegal/consulta_actos.php?tipo=resoluciones&no=0195&usuario=&sector=&fecha=2012&resuelve= HTTP/1.1" 200 1359
172.22.2.4 - - [14/Sep/2023:16:58:51 -0500] "GET /BLA/boletinlegal/consulta_actos.php?tipo=resoluciones&no=0214&usuario=&sector=&fecha=2012&resuelve= HTTP/1.1" 200 1345
201.245.192.253 - - [14/Sep/2023:16:58:53 -0500] "GET /BLA/resoluciones/RESOLUCIONES%202011/5794.pdf HTTP/1.1" 200 495227
201.245.192.253 - - [14/Sep/2023:16:59:02 -0500] "GET /BLA/resoluciones/RESOLUCIONES%202015/3168.pdf HTTP/1.1" 200 676235
172.22.2.4 - - [14/Sep/2023:16:59:12 -0500] "GET /BLA/boletinlegal/consulta_actos.php?tipo=resoluciones&no=0231&usuario=&sector=&fecha=2012&resuelve= HTTP/1.1" 200 1304
201.245.192.253 - - [14/Sep/2023:16:59:14 -0500] "GET /BLA/resoluciones/RESOLUCIONES%202019/0120.pdf HTTP/1.1" 200 278097
201.245.192.253 - - [14/Sep/2023:16:59:27 -0500] "POST /forms/lservlet;jsessionid=ac16012b30d63d978f376e20424bb3f6ff930e63d6af.e3iSbxaKaheRe34Pbx8Nc3aQci1ynknvrkLOlQzNp65In0 HTTP/1.1" 200 2
172.22.2.4 - - [14/Sep/2023:16:59:54 -0500] "GET /BLA/boletinlegal/consulta_actos.php?tipo=resoluciones&no=0288&usuario=&sector=&fecha=2012&resuelve= HTTP/1.1" 200 1158
201.245.192.253 - - [14/Sep/2023:16:59:57 -0500] "GET /BLA/resoluciones/RESOLUCIONES%202011/5589.pdf HTTP/1.1" 200 11615681
190.159.184.39 - - [14/Sep/2023:17:00:10 -0500] "GET /BLA/resoluciones/ HTTP/1.1" 200 13696
190.159.184.39 - - [14/Sep/2023:17:00:13 -0500] "GET /BLA/resoluciones/index.php?dir=RESOLUCIONES+2023%2F HTTP/1.1" 200 70925
172.22.2.4 - - [14/Sep/2023:17:00:13 -0500] "GET /BLA/boletinlegal/consulta_actos.php?tipo=resoluciones&no=0359&usuario=&sector=&fecha=2012&resuelve= HTTP/1.1" 200 1069
52.167.144.164 - - [14/Sep/2023:17:00:13 -0500] "GET /BLA/resoluciones/AUTOS%202021/6219.pdf HTTP/1.1" 304 -
201.245.192.253 - - [14/Sep/2023:17:00:21 -0500] "POST /forms/lservlet;jsessionid=ac16012b30d6d19c31849e654dd38cb0cf62d49b9509.e3iSbxaKaheRe34Pbx8Nc3aQci1ynknvrkLOlQzNp65In0 HTTP/1.1" 200 2
172.22.2.4 - - [14/Sep/2023:17:01:02 -0500] "GET /BLA/boletinlegal/consulta_actos.php?tipo=resoluciones&no=0366&usuario=&sector=&fecha=2012&resuelve= HTTP/1.1" 200 1852
201.245.192.253 - - [14/Sep/2023:17:01:05 -0500] "GET /BLA/resoluciones/RESOLUCIONES%202012/1123.pdf HTTP/1.1" 200 493158
201.245.192.253 - - [14/Sep/2023:17:01:11 -0500] "GET /BLA/resoluciones/RESOLUCIONES%202010/6788.pdf HTTP/1.1" 200 588209
201.245.192.253 - - [14/Sep/2023:17:01:14 -0500] "GET /BLA/resoluciones/RESOLUCIONES%202010/7149.pdf HTTP/1.1" 200 376459
172.22.2.4 - - [14/Sep/2023:17:01:25 -0500] "GET /BLA/boletinlegal/consulta_actos.php?tipo=resoluciones&no=0391&usuario=&sector=&fecha=2012&resuelve= HTTP/1.1" 200 1211
201.245.192.253 - - [14/Sep/2023:17:01:27 -0500] "POST /forms/lservlet;jsessionid=ac16012b30d63d978f376e20424bb3f6ff930e63d6af.e3iSbxaKaheRe34Pbx8Nc3aQci1ynknvrkLOlQzNp65In0 HTTP/1.1" 200 2
172.22.2.4 - - [14/Sep/2023:17:01:39 -0500] "GET /BLA/boletinlegal/consulta_actos.php?tipo=resoluciones&no=0510&usuario=&sector=&fecha=2012&resuelve= HTTP/1.1" 200 1264
201.245.192.253 - - [14/Sep/2023:17:01:42 -0500] "GET /BLA/resoluciones/RESOLUCIONES%202012/1170.pdf HTTP/1.1" 200 242501
191.156.55.8 - - [14/Sep/2023:17:01:44 -0500] "POST /sipse/faces/presentacion/financiero/solicitudProceso/listarSolicitudProceso.xhtml HTTP/1.1" 200 119573
191.156.55.8 - - [14/Sep/2023:17:01:45 -0500] "GET /sipse/faces/javax.faces.resource/theme.css?ln=primefaces-sipse HTTP/1.1" 304 -
191.156.55.8 - - [14/Sep/2023:17:01:45 -0500] "GET /sipse/faces/javax.faces.resource/layout/layout.css?ln=primefaces&v=4.0 HTTP/1.1" 304 -
191.156.48.193 - - [14/Sep/2023:17:01:45 -0500] "GET /sipse/faces/javax.faces.resource/jquery/jquery.js?ln=primefaces&v=4.0 HTTP/1.1" 304 -
191.156.58.172 - - [14/Sep/2023:17:01:45 -0500] "GET /sipse/faces/javax.faces.resource/primefaces.css?ln=primefaces&v=4.0 HTTP/1.1" 304 -
191.156.58.172 - - [14/Sep/2023:17:01:45 -0500] "GET /sipse/faces/javax.faces.resource/jquery/jquery-plugins.js?ln=primefaces&v=4.0 HTTP/1.1" 304 -
191.156.58.172 - - [14/Sep/2023:17:01:45 -0500] "GET /sipse/faces/javax.faces.resource/primefaces.js?ln=primefaces&v=4.0 HTTP/1.1" 304 -
191.156.58.172 - - [14/Sep/2023:17:01:45 -0500] "GET /sipse/faces/javax.faces.resource/layout/layout.js?ln=primefaces&v=4.0 HTTP/1.1" 304 -
191.156.58.172 - - [14/Sep/2023:17:01:45 -0500] "GET /sipse/css/imagen/contrasena.png HTTP/1.1" 404 383
191.156.58.172 - - [14/Sep/2023:17:01:45 -0500] "GET /sipse/faces/javax.faces.resource/dynamiccontent.properties?ln=primefaces&pfdrid=XjOR5%2F%2FfPAZAuY9TpWQeCiM0BhlXxYRBGKi%2FQcXXfeA%3D&pfdrid_c=false HTTP/1.1" 500 383
191.156.55.8 - - [14/Sep/2023:17:01:45 -0500] "GET /sipse/faces/javax.faces.resource/images/ui-icons_898989_256x240.png?ln=primefaces-aristo HTTP/1.1" 304 -
201.245.192.253 - - [14/Sep/2023:17:01:44 -0500] "POST /kwsrmcab/Wsrmcab  HTTP/1.1" 200 42865
172.22.2.4 - - [14/Sep/2023:17:01:51 -0500] "GET /BLA/boletinlegal/consulta_actos.php?tipo=resoluciones&no=0511&usuario=&sector=&fecha=2012&resuelve= HTTP/1.1" 200 1278
201.245.192.253 - - [14/Sep/2023:17:01:53 -0500] "GET /BLA/resoluciones/RESOLUCIONES%202012/1153.pdf HTTP/1.1" 200 247472
190.24.110.0 - - [14/Sep/2023:17:02:09 -0500] "GET /BLA/resoluciones/index.php HTTP/1.1" 200 13696
172.22.2.4 - - [14/Sep/2023:17:02:12 -0500] "GET /BLA/boletinlegal/actos.php HTTP/1.1" 200 9682
190.24.110.0 - - [14/Sep/2023:17:02:16 -0500] "GET /BLA/resoluciones/index.php HTTP/1.1" 200 13696
66.249.66.194 - - [14/Sep/2023:17:02:18 -0500] "GET /privados-y-distrito-inauguraron-vivero-en-la-reserva-van-der-hammen-con-capacidad-para-producir-50-mil-arboles-al-ano.html HTTP/1.1" 304 -
51.159.195.16 - - [14/Sep/2023:17:02:21 -0500] "GET /secretaria-de-ambiente-presenta-cartilla-con-el-protocolo-para-el-manejo-y-control-de-la-langostilla-de-rio.html HTTP/1.1" 200 857
201.245.192.253 - - [14/Sep/2023:17:02:21 -0500] "POST /forms/lservlet;jsessionid=ac16012b30d6d19c31849e654dd38cb0cf62d49b9509.e3iSbxaKaheRe34Pbx8Nc3aQci1ynknvrkLOlQzNp65In0 HTTP/1.1" 200 2
51.159.194.233 - - [14/Sep/2023:17:02:21 -0500] "GET /bogota-lista-para-ser-la-sede-de-la-ii-convencion-internacional-de-emergencia-climatica.html HTTP/1.1" 200 934
51.159.194.233 - - [14/Sep/2023:17:02:22 -0500] "GET /abierta-convocatoria-para-postular-a-organizaciones-que-desarrollan-actividades-de-voluntariado-ambiental-en-bogota.html HTTP/1.1" 200 880
51.159.194.233 - - [14/Sep/2023:17:02:22 -0500] "GET /distrito-firmo-resolucion-de-etiquetado-vehicular-ambiental-herramienta-para-clasificar-vehiculos-segun-sus-niveles-de-emisiones.html HTTP/1.1" 200 841
51.159.194.233 - - [14/Sep/2023:17:02:22 -0500] "GET /llega-la-segunda-feria-de-tecnologias-limpias-o-de-bajas-emisiones-para-transporte-de-carga-en-bogota.html HTTP/1.1" 200 865
51.159.194.199 - - [14/Sep/2023:17:02:23 -0500] "GET /avanza-consolidacion-del-conector-ecosistemico-media-luna-del-sur.html HTTP/1.1" 200 712
216.245.221.92 - - [14/Sep/2023:17:02:24 -0500] "HEAD / HTTP/1.1" 200 -
51.159.194.199 - - [14/Sep/2023:17:02:24 -0500] "GET /bogota-reverdece-una-semana-por-la-sostenibilidad-la-resiliencia-climatica-y-la-calidad-del-aire.html HTTP/1.1" 200 973
186.30.47.23 - - [14/Sep/2023:17:02:27 -0500] "GET /BLA/resoluciones/index.php?dir= HTTP/1.1" 200 13696
190.24.110.0 - - [14/Sep/2023:17:02:25 -0500] "GET /BLA/resoluciones/index.php?dir=AUTOS+2014%2F HTTP/1.1" 200 890525
186.30.47.23 - - [14/Sep/2023:17:02:27 -0500] "GET /BLA/resoluciones/dlf/styles.css HTTP/1.1" 200 3049
186.30.47.23 - - [14/Sep/2023:17:02:27 -0500] "GET /BLA/resoluciones/dlf/folder.png HTTP/1.1" 200 410
186.30.47.23 - - [14/Sep/2023:17:02:27 -0500] "GET /BLA/resoluciones/dlf/bg.gif HTTP/1.1" 200 54
212.129.57.169 - - [14/Sep/2023:17:02:29 -0500] "GET /inscribete-y-participa-en-el-foro-sobre-la-gestion-de-los-bifenilos-policlorados-en-transformadores-electricos.html HTTP/1.1" 200 931
172.22.2.4 - - [14/Sep/2023:17:02:35 -0500] "GET /BLA/boletinlegal/consulta_actos.php?tipo=resoluciones&no=0565&usuario=&sector=&fecha=2012&resuelve= HTTP/1.1" 200 1932
186.30.47.23 - - [14/Sep/2023:17:02:52 -0500] "GET /BLA/resoluciones/dlf/dirup.png HTTP/1.1" 200 644
186.30.47.23 - - [14/Sep/2023:17:02:52 -0500] "GET /BLA/resoluciones/dlf/archive.png HTTP/1.1" 200 632
186.30.47.23 - - [14/Sep/2023:17:02:52 -0500] "GET /BLA/resoluciones/dlf/pdf.gif HTTP/1.1" 200 272
186.30.47.23 - - [14/Sep/2023:17:02:52 -0500] "GET /BLA/resoluciones/index.php?dir=RESOLUCIONES+2021%2F HTTP/1.1" 200 442711
186.30.47.23 - - [14/Sep/2023:17:02:59 -0500] "GET /BLA/resoluciones/RESOLUCIONES%202021/1865.pdf HTTP/1.1" 200 466582
172.22.2.4 - - [14/Sep/2023:17:01:24 -0500] "HEAD /BLA/boletinlegal/ HTTP/1.1" 200 -
191.156.48.193 - - [14/Sep/2023:17:03:06 -0500] "GET /sipse/faces/javax.faces.resource/images/ui-bg_flat_0_2d5972_40x100.png?ln=primefaces-aristo HTTP/1.1" 304 -
191.156.50.120 - - [14/Sep/2023:17:03:06 -0500] "POST /sipse/faces/presentacion/financiero/solicitudProceso/consultarSolicitudProceso.xhtml HTTP/1.1" 200 36626
191.156.50.120 - - [14/Sep/2023:17:03:06 -0500] "GET /sipse/faces/javax.faces.resource/theme.css?ln=primefaces-sipse HTTP/1.1" 304 -
191.156.48.193 - - [14/Sep/2023:17:03:06 -0500] "GET /sipse/faces/javax.faces.resource/primefaces.css?ln=primefaces&v=4.0 HTTP/1.1" 304 -
191.156.50.34 - - [14/Sep/2023:17:03:06 -0500] "GET /sipse/faces/javax.faces.resource/jquery/jquery.js?ln=primefaces&v=4.0 HTTP/1.1" 304 -
191.156.59.197 - - [14/Sep/2023:17:03:06 -0500] "GET /sipse/faces/javax.faces.resource/layout/layout.css?ln=primefaces&v=4.0 HTTP/1.1" 304 -
191.156.50.34 - - [14/Sep/2023:17:03:06 -0500] "GET /sipse/faces/javax.faces.resource/jquery/jquery-plugins.js?ln=primefaces&v=4.0 HTTP/1.1" 304 -
191.156.50.34 - - [14/Sep/2023:17:03:06 -0500] "GET /sipse/faces/javax.faces.resource/primefaces.js?ln=primefaces&v=4.0 HTTP/1.1" 304 -
191.156.50.34 - - [14/Sep/2023:17:03:06 -0500] "GET /sipse/faces/javax.faces.resource/layout/layout.js?ln=primefaces&v=4.0 HTTP/1.1" 304 -
191.156.50.34 - - [14/Sep/2023:17:03:06 -0500] "POST /sipse/faces/presentacion/financiero/solicitudProceso/listarSolicitudProceso.xhtml HTTP/1.1" 200 30006
191.156.50.34 - - [14/Sep/2023:17:03:07 -0500] "POST /sipse/faces/presentacion/financiero/solicitudProceso/listarSolicitudProceso.xhtml HTTP/1.1" 200 30006
191.156.50.34 - - [14/Sep/2023:17:03:07 -0500] "POST /sipse/faces/presentacion/financiero/solicitudProceso/listarSolicitudProceso.xhtml HTTP/1.1" 200 30006
191.156.50.34 - - [14/Sep/2023:17:03:07 -0500] "POST /sipse/faces/presentacion/financiero/solicitudProceso/listarSolicitudProceso.xhtml HTTP/1.1" 200 30006
191.156.50.34 - - [14/Sep/2023:17:03:07 -0500] "POST /sipse/faces/presentacion/financiero/solicitudProceso/listarSolicitudProceso.xhtml HTTP/1.1" 200 1404
191.156.50.34 - - [14/Sep/2023:17:03:07 -0500] "POST /sipse/faces/presentacion/financiero/solicitudProceso/listarSolicitudProceso.xhtml HTTP/1.1" 200 1392
191.156.50.34 - - [14/Sep/2023:17:03:08 -0500] "POST /sipse/faces/presentacion/financiero/solicitudProceso/listarSolicitudProceso.xhtml HTTP/1.1" 200 1408
191.156.50.34 - - [14/Sep/2023:17:03:08 -0500] "POST /sipse/faces/presentacion/financiero/solicitudProceso/listarSolicitudProceso.xhtml HTTP/1.1" 200 1404
191.156.50.34 - - [14/Sep/2023:17:03:08 -0500] "POST /sipse/faces/presentacion/financiero/solicitudProceso/listarSolicitudProceso.xhtml HTTP/1.1" 200 1408
201.245.192.253 - - [14/Sep/2023:17:03:27 -0500] "POST /forms/lservlet;jsessionid=ac16012b30d63d978f376e20424bb3f6ff930e63d6af.e3iSbxaKaheRe34Pbx8Nc3aQci1ynknvrkLOlQzNp65In0 HTTP/1.1" 200 2
216.244.66.195 - - [14/Sep/2023:17:03:46 -0500] "GET /BLA/resoluciones/AUTOS%202019/0829.pdf HTTP/1.1" 200 326829
172.22.2.4 - - [14/Sep/2023:17:02:15 -0500] "GET /BLA/boletinlegal/ HTTP/1.1" 200 58187
201.245.192.253 - - [14/Sep/2023:17:04:21 -0500] "POST /forms/lservlet;jsessionid=ac16012b30d6d19c31849e654dd38cb0cf62d49b9509.e3iSbxaKaheRe34Pbx8Nc3aQci1ynknvrkLOlQzNp65In0 HTTP/1.1" 200 2
216.244.66.195 - - [14/Sep/2023:17:04:27 -0500] "GET /BLA/resoluciones/AUTOS%202019/1432.pdf HTTP/1.1" 200 262448
216.244.66.195 - - [14/Sep/2023:17:05:01 -0500] "GET /BLA/resoluciones/AUTOS%202019/1617.pdf HTTP/1.1" 200 365905
173.252.107.117 - - [14/Sep/2023:17:05:15 -0500] "GET /cuales-son-las-senales-para-identificar-un-arbol-en-riesgo-de-caida-en-bogota.html HTTP/1.1" 200 863
186.155.18.70 - - [14/Sep/2023:17:05:17 -0500] "GET /kwssiamovil/sm/acme/a?s=U2FsdGVkX1/4V5mwnKXETfYWyvhVBq5oMaorMVvT4uZWhNkkDT3tzS1izC01lSo4NwhmHmETx0HK+l8G7lFFRbLxONrULYNl2DuMKoiFRfGSn6xf/7yCPQ1duHpHPHeoH4vsfxNS/2QZKqShomeHCo/vmdAEDKCzfA5N9yflgSmpdoQwdlcz3xIK+BtMLqVMbZmIhjJ/peg0B/cVU02svsea5mAjmvV94Uce0lqsiMKYd4+IwPmWvuUhiGYZfEW8R7V5w8+v7L0CBMUuFsv2OA==&u=U2FsdGVkX1/xZ/UaexrBoVFQbB17Bh1AbI5CbkvF6q4=&y=U2FsdGVkX185NC/P6KxNLupt4zKHWzwxd1GtOtdd1ls= HTTP/1.1" 200 26
186.155.18.70 - - [14/Sep/2023:17:05:17 -0500] "GET /kwssiamovil/sm/acme/a?s=U2FsdGVkX1/DmzNSgrocvNkO+HOq2/FyV5S4dPMr3OJeIwDODUD7vfTx+bwJG1F4e+2BBL5upf0lWju1HLBoIs6MYSSXLEcFRhouhk7hnMT5DCOkgWDo7TNqy6okQL/Juo/YgF6uOBjbPPO80SgKNRnG+XiY9/Kbo1jwNgPC/DaxPCSy/VB1UI1MCyhGPlm8sR/Gyp4jCSKrNBiqcPtmSuf9MGOKmp5Lq1YlNxoM9vPT6m6gVY5m4vIPv8XHU7fI3UVPc0DuoHScuyIsBmS7wNwTHTM/chvSDJkhM5edjh1q8N1AW3N9Fm2yhhReebL0r9Se0VlHniiSC6ocl4GbdoRghN3dL+61WcbJxyPQD8MJlQ6qZ68NTXlg076qwxyAwdNzmRtvnpH85Vfou5lZliCKYVbR6S/rSrhdFt1Z7m8DWJsA8Rfr+KBNIj3JdnyXssfN4C+sC50ZUhBAyNgaMp79VsCESJ5WPoRJ9yHaJgtwB9vFXYspLg1oUyHstj5mmZ+A2PtHkPkg0atLLUg/j/9/FgFTmHvwoB/vXNPctkwvrDP65UOesv9Bxk0Tzp+yndmJ3DdtXIF6swSNYi1jkvuTGrZ17zfA8k9/mebi3n9gSDnXZhvG0eEADwoHRb4ACpkINu06t/olHN4aqu8s86c/lptOQ5LCEkc2AxerEfZEOLQM2LHyfF2P9UmPZ6Wnk3cL/vuQtwV1kCtq1ZSm5m4uYMkibQf9/tfxGVFAfDNJ+iQdIL3W1+i8JgBp/CldIkudm6nuZsBwPOpmyotQL8dXVLZ4tlfIi5HuziA7G2qjtxmwgObH3rxaOk4burubW+mOgxTSV3jmBONWJY7J7Aw1fMbwli0QzJszNc9fa0hGSNHrl//b0X1XUAnPSXeFIMKNU3ncfyCc94DiXeTZqMYjis3RQCFNHDEu9JBUsqWryIGBvq7O3ENS9ahEYazS52Gvq8ohObRnQ4qqO3EmmNlFgx/eZWpnw8PVoXRzqtT4IsikwmruwPTHLq1+UYbluWlWuccCtdIrA1+1SgXslM/vk4V26z0ojWJ/jd1CNQWh4yezule6qpxN1KUpJShVB9RypYiYe+Ex3jM+nNqVV9aCA37CEbYvOOpR0O36rOsqdozV66mX9ZEYrd6+2HJT7zzidKSMx/yHXHzKXm7+VHYjzj0dIAGKMqHLWc7q/C4LqyPcvnnyPE+TwXOz227iuv8Y4IwIXKhd/vgo3NE4J1siT1zl5YRPXSaZTIb7z/omuAS+Jm/V92eNRi9S9Ftw+0IYSAoAH7ZmV0jmYY0cUWLiSKBsHqzV1KcxeKCDUE3bvzHGjYvEvkYBFKQ6uvbkfwqY1JLiooirrugjWarIVES/Ee32YExhkoLz+Tk/krAS/2BJNES1vRz9qRIn+CPLNPeiG/QVxRZP99ZcLYxfGoTSI89L7G4lxqmdaBbsF37PbDjrIS6n61Lckp2jt2hoMyCegu1JfE03n3iZ1maTS5FOU2s2J9EKlTPappd9BGE9Qvo+8Ivwn2zfUJ+LVdRft8bTnqOwdJZA8MuZRSQ1NvI69XXKgNc0TeiKoRwGSzUq7Pt9rN8pm7NAFR+gWz94oVsPpU3VtiNEOECme7R+Bbm/0HnvGFM2elVuMc1dNtxacuvUQ3o+vWtmNYC1W03p7aeU4Otojnts+FEdMcyu0qG3chkuVPvBPXVuRDvEMPYqqpHQt6qygsf9qn09zJMkCxD8nmNRu9J0SfTAZ8IHMleCfTVA+/AxJfIiDpwlLJrUECLxDazOS1cgK5H/6rfaP30u5K6hFqmuZv/U6x0Ty1D4jTLxmuLtG/KfpA+Y767KWoGJQmmxXGxKS0oI9Z4t&u=U2FsdGVkX1/xZ/UaexrBoVFQbB17Bh1AbI5CbkvF6q4=&y=U2FsdGVkX185NC/P6KxNLupt4zKHWzwxd1GtOtdd1ls= HTTP/1.1" 200 26
186.155.18.70 - - [14/Sep/2023:17:05:18 -0500] "GET /kwssiamovil/sm/acme/a?s=U2FsdGVkX1+CR7NTGf4lbBFS2MLKwCKPG+93pbXd8JCkoSN6LLenqHvCExsO9/rZu12DaL5C95GdM859ndQLRGgi38p3XeuepOF706f8kX0n1+LXO2D8cukjQpaBaWr/jmiWZSCg7SWEkjxJ6ORKxiZLDM/yGZEOgrKj9CdkQeM=&u=U2FsdGVkX1/xZ/UaexrBoVFQbB17Bh1AbI5CbkvF6q4=&y=U2FsdGVkX185NC/P6KxNLupt4zKHWzwxd1GtOtdd1ls= HTTP/1.1" 200 26
186.155.18.70 - - [14/Sep/2023:17:05:18 -0500] "GET /kwssiamovil/sm/acme/a?s=U2FsdGVkX198ZPjO9L4e8iNmMV+X4IUC6p3uCZI4jwkHzyRLAh5I0wIAPdpp6ffUboaHkVaciI/uZdovWxit3bUIftSDyI8jU72PihfUP/yI7NSOzQ4ahAXymEVO45HaOzn8WFdLA9zo08rZaVHSFhz4c4aIELClInablgT4l9Q=&u=U2FsdGVkX1/xZ/UaexrBoVFQbB17Bh1AbI5CbkvF6q4=&y=U2FsdGVkX185NC/P6KxNLupt4zKHWzwxd1GtOtdd1ls= HTTP/1.1" 200 26
186.155.18.70 - - [14/Sep/2023:17:05:18 -0500] "GET /kwssiamovil/sm/acme/a?s=U2FsdGVkX18xnGTOp1qhUGtJpl6/l1rcqIsqlTj7/JX0vClHqTjkIkzQ08IaD3rOOJWDBJPr7gP8f2TYdGkgQEEblsWRbwgC2gfnzaN4qRRUHDsFLReBEV94O85vi/w41q6HR9gl0/KDb+B+scC/aEMk9mm/kMU4crMZ/6Zi5eo=&u=U2FsdGVkX1/xZ/UaexrBoVFQbB17Bh1AbI5CbkvF6q4=&y=U2FsdGVkX185NC/P6KxNLupt4zKHWzwxd1GtOtdd1ls= HTTP/1.1" 200 26
186.155.18.70 - - [14/Sep/2023:17:05:18 -0500] "GET /kwssiamovil/sm/acme/a?s=U2FsdGVkX1+xzveqLqYZcDyyYsk6uG4L3S3aDLfygFrhYWEwPs8FKM3k9q8E8hIVKkg1W1JOiXVmAJH9VBqEGKhMgbw4BrYYr31CfBgEo53BZEWmZFWiNZesclBeMSn5McWTst+2XFh/MUi+hXlWt5ehEWSlErX2pWaPKRH6n8U+hQz7YlkK+3rryiEbMyPv&u=U2FsdGVkX1/xZ/UaexrBoVFQbB17Bh1AbI5CbkvF6q4=&y=U2FsdGVkX185NC/P6KxNLupt4zKHWzwxd1GtOtdd1ls= HTTP/1.1" 200 26
201.245.192.253 - - [14/Sep/2023:17:05:27 -0500] "POST /forms/lservlet;jsessionid=ac16012b30d63d978f376e20424bb3f6ff930e63d6af.e3iSbxaKaheRe34Pbx8Nc3aQci1ynknvrkLOlQzNp65In0 HTTP/1.1" 200 2
190.25.100.194 - - [14/Sep/2023:17:05:35 -0500] "GET /kwssiamovil/sm/ldap/au?x=U2FsdGVkX1+8kyCc2VE/YXOX+2vGkQZ1Y3T8a4OJLuKDTpSP8wm/JpJGbToZixR3&y=U2FsdGVkX1/2xdyuNq72H7XWjACR7E7j0VKtWO+7YNo= HTTP/1.1" 200 30
190.25.100.194 - - [14/Sep/2023:17:05:35 -0500] "GET /kwssiamovil/sm/acme/s?s=U2FsdGVkX1+fUnmKPwrCVl7xoQu0kcPWg9CAbOImR6t5FBSCJZUbAQDzqsqLTCNqxPO7aBXYy0T99XwmVedjOLBLXbiFtQqUaZplwYZ6DK4=&u=U2FsdGVkX18HUFY+Hz7pIm17J/se+kegrz6QuEnDyqw=&y=U2FsdGVkX1/2xdyuNq72H7XWjACR7E7j0VKtWO+7YNo= HTTP/1.1" 200 97
190.25.100.194 - - [14/Sep/2023:17:05:35 -0500] "GET /kwssiamovil/sm/acme/s?s=U2FsdGVkX1/DNTVojaCmpza/pB1jlSG2MmBntAdTkSzKkIGs9MQbnwndpGJvN/UhibXEz+r8nqOSGkwGRyxadFGpqrkkaxO7la/SVC7EZBOZtub90ESWKqactP+TNqKDNQnvAaehYQL6ngusYQCyzsS/vW739mMYp7otpetY90ehWfp+2U+Z/xfaX2GGCtrALvcEXnzI2GmiupvXCgXNkp7MCWNQxQnqilUrzhjXKr8zOClTC6qnq7CoYfPUM89NJXCYHok3ChvfeGs8uxjwGSJIxYsgGtonxkAiCJwX30jddnfNYFQomVUT/lo3iDw266Maed6qyjCNqvbvD0LOeyeKttOmEupACembTQC3Mq0lCI16itUZSu1itw6+lPz97awyTM7c4wK9bMmPpFcwQ9bQuvw8/ZyOAXwyn1v/NliGRo6dCmg+iT7+nrxNT1zfZtzWHMjb5f7gBVqc9ybutu9zP+4xbp51+LufNGStT6ZBJVjFCYS3uyu/Q1UgNK0TXCS2hGGhAO5n1vww1JYO3xgSN5mJuPKreot8bYXt4dXdzGJH/9XGG8ocDaI5JAQFr+pQ0tfq6gy7HWEZj3VPyUN7f6if6YrjfW9Q2cu/1hHujG79f+5Z0tUP33okhlh1+SvHbnleYOtR7OButmqRe3CdwbD+eRkIstA8+iHibvbLXR05vMVIoAW7O637znXBDwyzRhIqe58DHsej555Jxeu+EW/xtMIG5OV+W+ivAmluEingxyHeYZKL75ocENV3VttlWCYBIYTd7dnCIXpCGDTE/9eLAbqumeKlu+L04c6cuCXDw8QFzU1bsxMQSxmeaplo0ORdkvD9zfXInjuxTV4bQ2XQs3eUb2MT1BSk0ZxloUElKDjC8COzcwi9dPSAmTGsyjMjGASpVUg449l/Xu4hdDmRzwvhNhnnrZyXkqLyWS2iJjHXn2Ul5MNhdJAoR6KnIl55izXNDToGR89ID7lVJfbYv6IftU8nkU2XjxfPAsyD7h6EjUvIWw85TL7b4Vx+4QA1OmOqNXIxnLIsXwI7KEy5DF+Ww5GITUKoeSTgj3BJLCh4BRnMU4xNwIbk7yZGU5NHaWleNRxgsxYp0hApRjVvsS9EpWILGAQ4F/W5OcUbVxqOLrX2tg5yCyJZToUgJkUxyFG9uRi4pRMK97KagwcrqfogZp3b/DlDMjnAZa+huKGZGsAh5oMSZEkwmosrlGfefX25gx4xfKVYVJVUmM4R/48WHQvtKxfew42gZGLy5c21gJ0swNDG+QroFJ/Z7j6J+emAJZtVwt7jLW67AkSOp204tdfeXu3m0Y8MgniyY/tZ+zPio1tWbZJFRhKcHKF+UPpIfj51/OQ32qT3J0XXlVa0gl7puMuXo7xJ6pTbqMdte5Kjk0sz/fGAqvl3SKOwjkioc8QNO/1jD2S21hJCYaU2MiPzc0sqCXeuw26dyYJkP4QUUKreSnjHRDF+oTVX3qxMV3ZZuEHcpXvbflXp0rYW0GKqyH6gy3lJmnLfY7BDLD/03/Vplm+ELcI842i1FVCpGM+2ZhpLoGwRhxsfKbhTK/S/nI4vB+W0UowfTb5CuaBmUeG1I1ADfru6hVFrxk2w/9lSsJYTYDGVLkMw+ZhuciVDfkPuMsMsNTcmVowB9oW7bLZvkQvcx3H1kdo1z9hjL9QKcVwrxoHSZJfsTB5hBXHyJTidmrjMorLkTLT8wtkS7jRuLZW13tSvKKS3x4EI2MUETLKyefi6bf+w1nugzrsHLxuwuWY=&u=U2FsdGVkX18HUFY+Hz7pIm17J/se+kegrz6QuEnDyqw=&y=U2FsdGVkX1/2xdyuNq72H7XWjACR7E7j0VKtWO+7YNo= HTTP/1.1" 200 616
190.25.100.194 - - [14/Sep/2023:17:05:35 -0500] "GET /kwssiamovil/sm/acme/s?s=U2FsdGVkX1+x0IhDo4RbLcudY4/0AAPKmUXRUsrfR76nx/FQqZi/usixWaxP99Kb3r6wQlzzvXou27pEaJLKMhBB1MHqUzGr0GXU1g7r0hrP8knapcgJHKKTxqAGIKYWs5D/HAw4Tcc/SYeVfPnqOhrUPi6y3iV1HyuhOdVF0DYacdPo4Qb67cTFF8WRFYBfxhDEaum01rtTzTsDITq7gtRwUo+Q0JLvApXcCk6uggpZYjw0X6437HqVLvzdwoNgnXGIT7yFP2rMOgLVTr5m1sLCOM5NDMais9LQKNUIk0Ew2eVF1FpoE+0ixqDfSH6Jcy0jtikvCEE8Q88JQRXh9t7LFH+Uztr/h6unZkS3kCkGc7mhli6yrnNeUxaeuRm6UT5i71LMIQDDWTxlYFDyrHZCUaeXleOihgwFF1ysPSR+JrhU99IMAjiKr7XUlq3cklupV66g8+e3Ofxku8ilQwsnE8YyWMpEk3HZQrBz9l9lraj4kTN+KUoXO4zO0rN2lKRL3Q69r0Als1mt5pDV00jwpNfS7Ns0iyP8sP38Ub2hUwe+wVI0Vl8yusha74kzs+ZiYWR+VdYKI1l8t7Fh2T4fC2b1L8E4Mdf4+7tpM1sUxnZ1Sry6JszGfTF2d0zEz8REmt4uW1B7y0epfvRdODF8haEOWKuDWI4E3Om0LL3qVOCdR3JJ7c35CLuW2WwCBEJQk1rYUK/G26HEMlsk4tn4j0dAupD+mkEWNUikHFfJCM9PTYt03/zM6lmAwHzP&u=U2FsdGVkX18HUFY+Hz7pIm17J/se+kegrz6QuEnDyqw=&y=U2FsdGVkX1/2xdyuNq72H7XWjACR7E7j0VKtWO+7YNo= HTTP/1.1" 200 208
190.25.100.194 - - [14/Sep/2023:17:05:35 -0500] "GET /kwssiamovil/sm/cjson/pre?f=1&x=U2FsdGVkX1+8kyCc2VE/YXOX+2vGkQZ1Y3T8a4OJLuKDTpSP8wm/JpJGbToZixR3 HTTP/1.1" 200 31032
216.244.66.195 - - [14/Sep/2023:17:05:41 -0500] "GET /BLA/resoluciones/AUTOS%202019/1946.pdf HTTP/1.1" 200 257240
216.244.66.195 - - [14/Sep/2023:17:06:17 -0500] "GET /BLA/resoluciones/AUTOS%202019/2102.pdf HTTP/1.1" 200 325708
201.245.192.253 - - [14/Sep/2023:17:06:21 -0500] "POST /forms/lservlet;jsessionid=ac16012b30d6d19c31849e654dd38cb0cf62d49b9509.e3iSbxaKaheRe34Pbx8Nc3aQci1ynknvrkLOlQzNp65In0 HTTP/1.1" 200 2
66.249.70.197 - - [14/Sep/2023:17:06:30 -0500] "GET /BLA/resoluciones/RESOLUCIONES%202010/2300.pdf HTTP/1.1" 200 803943
190.25.100.194 - - [14/Sep/2023:17:06:36 -0500] "OPTIONS /kwssiamovil/sm/setfile/f? HTTP/1.1" 200 13
190.25.100.194 - - [14/Sep/2023:17:06:36 -0500] "POST /kwssiamovil/sm/setfile/f? HTTP/1.1" 200 381
201.245.192.253 - - [14/Sep/2023:17:06:43 -0500] "POST /kwsrmcab/Wsrmcab  HTTP/1.1" 200 42865
216.244.66.195 - - [14/Sep/2023:17:06:55 -0500] "GET /BLA/resoluciones/AUTOS%202019/2482.pdf HTTP/1.1" 200 229150
172.22.2.4 - - [14/Sep/2023:17:07:19 -0500] "GET /BLA/boletinlegal/consulta_actos.php?tipo=resoluciones&no=0575&usuario=&sector=&fecha=2012&resuelve= HTTP/1.1" 200 626
216.245.221.92 - - [14/Sep/2023:17:07:24 -0500] "HEAD / HTTP/1.1" 200 -
216.244.66.195 - - [14/Sep/2023:17:07:26 -0500] "GET /BLA/resoluciones/AUTOS%202019/2561.pdf HTTP/1.1" 200 258388
201.245.192.253 - - [14/Sep/2023:17:07:27 -0500] "POST /forms/lservlet;jsessionid=ac16012b30d63d978f376e20424bb3f6ff930e63d6af.e3iSbxaKaheRe34Pbx8Nc3aQci1ynknvrkLOlQzNp65In0 HTTP/1.1" 200 2
216.244.66.195 - - [14/Sep/2023:17:07:55 -0500] "GET /BLA/resoluciones/AUTOS%202019/2562.pdf HTTP/1.1" 200 258010
201.245.192.253 - - [14/Sep/2023:17:08:21 -0500] "POST /forms/lservlet;jsessionid=ac16012b30d6d19c31849e654dd38cb0cf62d49b9509.e3iSbxaKaheRe34Pbx8Nc3aQci1ynknvrkLOlQzNp65In0 HTTP/1.1" 200 2
216.244.66.195 - - [14/Sep/2023:17:08:24 -0500] "GET /BLA/resoluciones/AUTOS%202019/2882.pdf HTTP/1.1" 200 273613
216.244.66.195 - - [14/Sep/2023:17:08:53 -0500] "GET /BLA/resoluciones/AUTOS%202019/3094.pdf HTTP/1.1" 200 254894
172.22.2.4 - - [14/Sep/2023:17:07:14 -0500] "HEAD /BLA/boletinlegal/ HTTP/1.1" 200 -
216.244.66.195 - - [14/Sep/2023:17:09:22 -0500] "GET /BLA/resoluciones/AUTOS%202019/3397.pdf HTTP/1.1" 200 435207
186.154.150.94 - - [14/Sep/2023:17:09:22 -0500] "POST /sipse/faces/presentacion/financiero/solicitudProceso/consultar.xhtml HTTP/1.1" 200 64219
186.154.150.94 - - [14/Sep/2023:17:09:23 -0500] "POST /sipse/faces/presentacion/financiero/solicitudProceso/consultar.xhtml HTTP/1.1" 200 64219
201.245.192.253 - - [14/Sep/2023:17:09:27 -0500] "POST /forms/lservlet;jsessionid=ac16012b30d63d978f376e20424bb3f6ff930e63d6af.e3iSbxaKaheRe34Pbx8Nc3aQci1ynknvrkLOlQzNp65In0 HTTP/1.1" 200 2
186.154.150.94 - - [14/Sep/2023:17:09:44 -0500] "POST /sipse/faces/presentacion/financiero/solicitudProceso/consultar.xhtml HTTP/1.1" 200 12920
172.22.2.4 - - [14/Sep/2023:17:08:05 -0500] "GET /BLA/boletinlegal/ HTTP/1.1" 200 58187
216.244.66.195 - - [14/Sep/2023:17:09:47 -0500] "GET /BLA/resoluciones/AUTOS%202019/3931.pdf HTTP/1.1" 200 268095
172.22.2.4 - - [14/Sep/2023:17:09:50 -0500] "GET /BLA/boletinlegal/consulta_actos.php?tipo=resoluciones&no=0575&usuario=&sector=&fecha=2012&resuelve= HTTP/1.1" 200 626
172.22.2.4 - - [14/Sep/2023:17:10:04 -0500] "GET /BLA/boletinlegal/consulta_actos.php?tipo=resoluciones&no=0836&usuario=&sector=&fecha=2012&resuelve= HTTP/1.1" 200 1486
201.245.192.253 - - [14/Sep/2023:17:10:06 -0500] "GET /BLA/resoluciones/RESOLUCIONES%202015/2666.pdf HTTP/1.1" 200 851348
107.170.208.37 - - [14/Sep/2023:17:10:09 -0500] "MGLNDD_190.27.245.106_80" 501 953
186.154.150.94 - - [14/Sep/2023:17:10:09 -0500] "POST /sipse/faces/presentacion/financiero/solicitudProceso/consultar.xhtml HTTP/1.1" 200 107166
186.154.150.94 - - [14/Sep/2023:17:10:10 -0500] "GET /sipse/faces/javax.faces.resource/theme.css?ln=primefaces-sipse HTTP/1.1" 304 -
186.154.150.94 - - [14/Sep/2023:17:10:10 -0500] "GET /sipse/faces/javax.faces.resource/primefaces.css?ln=primefaces&v=4.0 HTTP/1.1" 304 -
186.154.150.94 - - [14/Sep/2023:17:10:10 -0500] "GET /sipse/faces/javax.faces.resource/layout/layout.css?ln=primefaces&v=4.0 HTTP/1.1" 304 -
186.154.150.94 - - [14/Sep/2023:17:10:10 -0500] "GET /sipse/faces/javax.faces.resource/jquery/jquery.js?ln=primefaces&v=4.0 HTTP/1.1" 304 -
186.154.150.94 - - [14/Sep/2023:17:10:10 -0500] "GET /sipse/faces/javax.faces.resource/jquery/jquery-plugins.js?ln=primefaces&v=4.0 HTTP/1.1" 304 -
186.154.150.94 - - [14/Sep/2023:17:10:10 -0500] "GET /sipse/faces/javax.faces.resource/primefaces.js?ln=primefaces&v=4.0 HTTP/1.1" 304 -
186.154.150.94 - - [14/Sep/2023:17:10:10 -0500] "GET /sipse/faces/javax.faces.resource/layout/layout.js?ln=primefaces&v=4.0 HTTP/1.1" 304 -
186.154.150.94 - - [14/Sep/2023:17:10:11 -0500] "GET /sipse/faces/javax.faces.resource/dynamiccontent.properties?ln=primefaces&pfdrid=XjOR5%2F%2FfPAZAuY9TpWQeCiM0BhlXxYRBGKi%2FQcXXfeA%3D&pfdrid_c=false HTTP/1.1" 500 383
216.244.66.195 - - [14/Sep/2023:17:10:14 -0500] "GET /BLA/resoluciones/AUTOS%202019/4098.pdf HTTP/1.1" 200 196180
172.22.2.4 - - [14/Sep/2023:17:10:16 -0500] "GET /BLA/boletinlegal/consulta_actos.php?tipo=resoluciones&no=0850&usuario=&sector=&fecha=2012&resuelve= HTTP/1.1" 200 1353
201.245.192.253 - - [14/Sep/2023:17:10:17 -0500] "GET /BLA/resoluciones/RESOLUCIONES%202014/3637.pdf HTTP/1.1" 200 374738
201.245.192.253 - - [14/Sep/2023:17:10:21 -0500] "POST /forms/lservlet;jsessionid=ac16012b30d6d19c31849e654dd38cb0cf62d49b9509.e3iSbxaKaheRe34Pbx8Nc3aQci1ynknvrkLOlQzNp65In0 HTTP/1.1" 200 2
172.22.2.4 - - [14/Sep/2023:17:10:29 -0500] "GET /BLA/boletinlegal/consulta_actos.php?tipo=resoluciones&no=0836&usuario=&sector=&fecha=2012&resuelve= HTTP/1.1" 200 1486
216.244.66.195 - - [14/Sep/2023:17:10:37 -0500] "GET /BLA/resoluciones/AUTOS%202019/4370.pdf HTTP/1.1" 200 302049
172.22.2.4 - - [14/Sep/2023:17:10:45 -0500] "GET /BLA/boletinlegal/consulta_actos.php?tipo=resoluciones&no=0980&usuario=&sector=&fecha=2012&resuelve= HTTP/1.1" 200 1299
186.154.150.94 - - [14/Sep/2023:17:10:53 -0500] "POST /sipse/faces/presentacion/financiero/solicitudProceso/consultarSolicitudProceso.xhtml HTTP/1.1" 200 193
186.154.150.94 - - [14/Sep/2023:17:10:54 -0500] "POST /sipse/faces/presentacion/financiero/solicitudProceso/consultarSolicitudProceso.xhtml HTTP/1.1" 200 193
186.154.150.94 - - [14/Sep/2023:17:10:54 -0500] "GET /sipse/faces/presentacion/financiero/solicitudAnulacion/consultarSolicitudAnulacion.xhtml HTTP/1.1" 200 35236
186.154.150.94 - - [14/Sep/2023:17:10:54 -0500] "POST /sipse/faces/presentacion/financiero/solicitudProceso/consultarSolicitudProceso.xhtml HTTP/1.1" 200 193
186.154.150.94 - - [14/Sep/2023:17:10:54 -0500] "GET /sipse/faces/presentacion/financiero/solicitudAnulacion/consultarSolicitudAnulacion.xhtml HTTP/1.1" 200 35236
186.154.150.94 - - [14/Sep/2023:17:10:55 -0500] "GET /sipse/faces/presentacion/financiero/solicitudAnulacion/consultarSolicitudAnulacion.xhtml HTTP/1.1" 200 35236
186.154.150.94 - - [14/Sep/2023:17:10:55 -0500] "GET /sipse/faces/javax.faces.resource/theme.css?ln=primefaces-sipse HTTP/1.1" 304 -
186.154.150.94 - - [14/Sep/2023:17:10:55 -0500] "GET /sipse/faces/javax.faces.resource/primefaces.css?ln=primefaces&v=4.0 HTTP/1.1" 304 -
186.154.150.94 - - [14/Sep/2023:17:10:55 -0500] "GET /sipse/faces/javax.faces.resource/layout/layout.css?ln=primefaces&v=4.0 HTTP/1.1" 304 -
186.154.150.94 - - [14/Sep/2023:17:10:55 -0500] "GET /sipse/faces/javax.faces.resource/jquery/jquery.js?ln=primefaces&v=4.0 HTTP/1.1" 304 -
186.154.150.94 - - [14/Sep/2023:17:10:55 -0500] "GET /sipse/faces/javax.faces.resource/jquery/jquery-plugins.js?ln=primefaces&v=4.0 HTTP/1.1" 304 -
186.154.150.94 - - [14/Sep/2023:17:10:55 -0500] "GET /sipse/faces/javax.faces.resource/primefaces.js?ln=primefaces&v=4.0 HTTP/1.1" 304 -
186.154.150.94 - - [14/Sep/2023:17:10:55 -0500] "GET /sipse/faces/javax.faces.resource/layout/layout.js?ln=primefaces&v=4.0 HTTP/1.1" 304 -
186.154.150.94 - - [14/Sep/2023:17:10:55 -0500] "GET /sipse/css/imagen/contrasena.png HTTP/1.1" 404 383
186.154.150.94 - - [14/Sep/2023:17:10:55 -0500] "POST /sipse/faces/presentacion/financiero/solicitudAnulacion/consultarSolicitudAnulacion.xhtml HTTP/1.1" 200 10620
172.22.2.4 - - [14/Sep/2023:17:10:57 -0500] "GET /BLA/boletinlegal/consulta_actos.php?tipo=resoluciones&no=0982&usuario=&sector=&fecha=2012&resuelve= HTTP/1.1" 200 2105
201.245.192.253 - - [14/Sep/2023:17:10:59 -0500] "GET /BLA/resoluciones/RESOLUCIONES%202011/6681.pdf HTTP/1.1" 200 592777
216.244.66.195 - - [14/Sep/2023:17:10:59 -0500] "GET /BLA/resoluciones/AUTOS%202019/4474.pdf HTTP/1.1" 200 310065
201.245.192.253 - - [14/Sep/2023:17:11:01 -0500] "GET /BLA/resoluciones/RESOLUCIONES%202013/0122.pdf HTTP/1.1" 200 696730
172.22.2.4 - - [14/Sep/2023:17:11:11 -0500] "GET /BLA/boletinlegal/consulta_actos.php?tipo=resoluciones&no=0989&usuario=&sector=&fecha=2012&resuelve= HTTP/1.1" 200 1277
201.245.192.253 - - [14/Sep/2023:17:11:15 -0500] "GET /BLA/resoluciones/RESOLUCIONES%202012/1165.pdf HTTP/1.1" 200 239416
186.84.20.102 - - [14/Sep/2023:17:11:15 -0500] "GET /catalogoisis/ HTTP/1.1" 200 8575
186.84.20.102 - - [14/Sep/2023:17:11:16 -0500] "GET /catalogoisis/Css/Busqueda.css HTTP/1.1" 200 1995
186.84.20.102 - - [14/Sep/2023:17:11:16 -0500] "GET /catalogoisis/Js/Go.js HTTP/1.1" 200 364
186.84.20.102 - - [14/Sep/2023:17:11:16 -0500] "GET /catalogoisis/Js/AceptarLimpiar.js HTTP/1.1" 200 331
186.84.20.102 - - [14/Sep/2023:17:11:16 -0500] "GET /catalogoisis/Js/CriterioCombinada.js HTTP/1.1" 200 1843
186.84.20.102 - - [14/Sep/2023:17:11:16 -0500] "GET /catalogoisis/Js/LimpiarCombinada.js HTTP/1.1" 200 207
186.84.20.102 - - [14/Sep/2023:17:11:16 -0500] "GET /catalogoisis/Js/Cookies.js HTTP/1.1" 200 1369
186.84.20.102 - - [14/Sep/2023:17:11:16 -0500] "GET /catalogoisis/Js/Remote.js HTTP/1.1" 200 436
186.84.20.102 - - [14/Sep/2023:17:11:16 -0500] "GET /catalogoisis/Js/Numero.js HTTP/1.1" 200 398
186.84.20.102 - - [14/Sep/2023:17:11:16 -0500] "GET /catalogoisis/Js/Enter.js HTTP/1.1" 200 1208
186.84.20.102 - - [14/Sep/2023:17:11:16 -0500] "GET /catalogoisis/imagenes/br1c1.gif HTTP/1.1" 200 172
186.84.20.102 - - [14/Sep/2023:17:11:16 -0500] "GET /catalogoisis/imagenes/br1c3.gif HTTP/1.1" 200 302
186.84.20.102 - - [14/Sep/2023:17:11:16 -0500] "GET /catalogoisis/imagenes/aceptar1.gif HTTP/1.1" 200 604
186.84.20.102 - - [14/Sep/2023:17:11:16 -0500] "GET /catalogoisis/imagenes/Turnbo1.gif HTTP/1.1" 200 227
186.84.20.102 - - [14/Sep/2023:17:11:16 -0500] "GET /catalogoisis/imagenes/br3c1.gif HTTP/1.1" 200 177
186.84.20.102 - - [14/Sep/2023:17:11:16 -0500] "GET /catalogoisis/imagenes/limpiar1.gif HTTP/1.1" 200 606
186.84.20.102 - - [14/Sep/2023:17:11:16 -0500] "GET /catalogoisis/imagenes/Header.gif HTTP/1.1" 200 27040
186.84.20.102 - - [14/Sep/2023:17:11:17 -0500] "GET /catalogoisis/imagenes/br1c2.gif HTTP/1.1" 200 297
186.84.20.102 - - [14/Sep/2023:17:11:17 -0500] "GET /catalogoisis/imagenes/br2c2.gif HTTP/1.1" 200 302
186.84.20.102 - - [14/Sep/2023:17:11:17 -0500] "GET /catalogoisis/imagenes/br2c1.gif HTTP/1.1" 200 297
186.84.20.102 - - [14/Sep/2023:17:11:17 -0500] "GET /catalogoisis/imagenes/br3c3.gif HTTP/1.1" 200 186
186.84.20.102 - - [14/Sep/2023:17:11:17 -0500] "GET /catalogoisis/imagenes/br3c2.gif HTTP/1.1" 200 285
186.84.20.102 - - [14/Sep/2023:17:11:17 -0500] "GET /catalogoisis/imagenes/br2c3.gif HTTP/1.1" 200 416
186.84.20.102 - - [14/Sep/2023:17:11:18 -0500] "GET /favicon.ico HTTP/1.1" 200 7782
216.244.66.195 - - [14/Sep/2023:17:11:21 -0500] "GET /BLA/resoluciones/AUTOS%202019/4476.pdf HTTP/1.1" 200 335594
172.22.2.4 - - [14/Sep/2023:17:11:25 -0500] "GET /BLA/boletinlegal/consulta_actos.php?tipo=resoluciones&no=0990&usuario=&sector=&fecha=2012&resuelve= HTTP/1.1" 200 1288
201.245.192.253 - - [14/Sep/2023:17:11:27 -0500] "POST /forms/lservlet;jsessionid=ac16012b30d63d978f376e20424bb3f6ff930e63d6af.e3iSbxaKaheRe34Pbx8Nc3aQci1ynknvrkLOlQzNp65In0 HTTP/1.1" 200 2
201.245.192.253 - - [14/Sep/2023:17:11:27 -0500] "GET /BLA/resoluciones/RESOLUCIONES%202012/1171.pdf HTTP/1.1" 200 243528
172.22.2.4 - - [14/Sep/2023:17:11:36 -0500] "GET /BLA/boletinlegal/consulta_actos.php?tipo=resoluciones&no=1027&usuario=&sector=&fecha=2012&resuelve= HTTP/1.1" 200 2773
216.244.66.195 - - [14/Sep/2023:17:11:41 -0500] "GET /BLA/resoluciones/RESOLUCIONES%202018/1686.pdf HTTP/1.1" 200 289965
201.245.192.253 - - [14/Sep/2023:17:11:43 -0500] "GET /BLA/resoluciones/RESOLUCIONES%202013/0748.pdf HTTP/1.1" 200 476667
201.245.192.253 - - [14/Sep/2023:17:11:41 -0500] "POST /kwsrmcab/Wsrmcab  HTTP/1.1" 200 42865
201.245.192.253 - - [14/Sep/2023:17:11:46 -0500] "GET /BLA/resoluciones/RESOLUCIONES%202014/2306.pdf HTTP/1.1" 200 499923
172.22.2.4 - - [14/Sep/2023:17:12:00 -0500] "GET /BLA/boletinlegal/consulta_actos.php?tipo=resoluciones&no=1115&usuario=&sector=&fecha=2012&resuelve= HTTP/1.1" 200 1668
216.244.66.195 - - [14/Sep/2023:17:12:01 -0500] "GET /BLA/resoluciones/RESOLUCIONES%202018/3004.pdf HTTP/1.1" 200 478000
201.245.192.253 - - [14/Sep/2023:17:12:02 -0500] "GET /BLA/resoluciones/RESOLUCIONES%202015/0932.pdf HTTP/1.1" 200 1281773
201.245.192.253 - - [14/Sep/2023:17:12:05 -0500] "GET /BLA/resoluciones/RESOLUCIONES%202013/0715.pdf HTTP/1.1" 200 497969
172.22.2.4 - - [14/Sep/2023:17:12:14 -0500] "GET /BLA/boletinlegal/consulta_actos.php?tipo=resoluciones&no=1122&usuario=&sector=&fecha=2012&resuelve= HTTP/1.1" 200 2379
201.245.192.253 - - [14/Sep/2023:17:12:20 -0500] "GET /BLA/resoluciones/RESOLUCIONES%202014/0875.pdf HTTP/1.1" 200 434972
201.245.192.253 - - [14/Sep/2023:17:12:21 -0500] "POST /forms/lservlet;jsessionid=ac16012b30d6d19c31849e654dd38cb0cf62d49b9509.e3iSbxaKaheRe34Pbx8Nc3aQci1ynknvrkLOlQzNp65In0 HTTP/1.1" 200 2
216.244.66.195 - - [14/Sep/2023:17:12:21 -0500] "GET /BLA/resoluciones/RESOLUCIONES%202018/3224.pdf HTTP/1.1" 200 422562
