172.22.2.4 - - [16/Sep/2023:19:56:39 -0500] "GET /BLA/boletinlegal/images/green-yellow-blue-pink-th.png HTTP/1.1" 200 7394
172.22.2.4 - - [16/Sep/2023:19:56:39 -0500] "GET /BLA/boletinlegal/images/tel.png HTTP/1.1" 200 14477
172.22.2.4 - - [16/Sep/2023:19:56:39 -0500] "GET /BLA/boletinlegal/images/footer_bg_l.jpg HTTP/1.1" 200 776
172.22.2.4 - - [16/Sep/2023:19:56:39 -0500] "GET /BLA/boletinlegal/images/icono-email.png HTTP/1.1" 200 5544
172.22.2.4 - - [16/Sep/2023:19:56:40 -0500] "GET /BLA/boletinlegal/img/select-left.png HTTP/1.1" 200 263
172.22.2.4 - - [16/Sep/2023:19:56:40 -0500] "GET /BLA/boletinlegal/img/0.png HTTP/1.1" 200 110
172.22.2.4 - - [16/Sep/2023:19:56:40 -0500] "GET /BLA/boletinlegal/img/button-right.png HTTP/1.1" 200 57878
172.22.2.4 - - [16/Sep/2023:19:56:40 -0500] "GET /BLA/boletinlegal/img/select-right.png HTTP/1.1" 200 44019
172.22.2.4 - - [16/Sep/2023:19:56:40 -0500] "GET /BLA/boletinlegal/img/button.png HTTP/1.1" 200 43241
172.22.2.4 - - [16/Sep/2023:19:56:40 -0500] "GET /BLA/boletinlegal/img/button-left.png HTTP/1.1" 200 57071
191.149.37.29 - - [16/Sep/2023:19:56:42 -0500] "GET /BLA/resoluciones/ HTTP/1.1" 200 13696
191.149.37.29 - - [16/Sep/2023:19:56:42 -0500] "GET /BLA/resoluciones/dlf/folder.png HTTP/1.1" 200 410
191.149.37.29 - - [16/Sep/2023:19:56:42 -0500] "GET /BLA/resoluciones/dlf/styles.css HTTP/1.1" 200 3049
191.149.37.29 - - [16/Sep/2023:19:56:42 -0500] "GET /BLA/resoluciones/dlf/bg.gif HTTP/1.1" 200 54
191.149.37.29 - - [16/Sep/2023:19:56:42 -0500] "GET /favicon.ico HTTP/1.1" 200 7782
191.149.37.29 - - [16/Sep/2023:19:56:55 -0500] "GET /BLA/resoluciones/ HTTP/1.1" 200 12235
172.22.2.4 - - [16/Sep/2023:19:56:21 -0500] "GET /BLA/boletinlegal/ HTTP/1.1" 200 36811
216.245.221.92 - - [16/Sep/2023:19:57:17 -0500] "HEAD / HTTP/1.1" 200 -
52.167.144.182 - - [16/Sep/2023:19:57:17 -0500] "GET /portaldeninos/author/adminportalninos/page/7/ HTTP/1.1" 200 102724
191.156.144.113 - - [16/Sep/2023:19:57:40 -0500] "GET /BLA/resoluciones/ HTTP/1.1" 200 13696
191.156.157.243 - - [16/Sep/2023:19:57:40 -0500] "GET /BLA/resoluciones/dlf/styles.css HTTP/1.1" 200 3049
191.156.157.243 - - [16/Sep/2023:19:57:40 -0500] "GET /BLA/resoluciones/dlf/folder.png HTTP/1.1" 200 410
191.156.144.113 - - [16/Sep/2023:19:57:40 -0500] "GET /BLA/resoluciones/dlf/bg.gif HTTP/1.1" 200 54
191.156.144.113 - - [16/Sep/2023:19:57:40 -0500] "GET /favicon.ico HTTP/1.1" 200 7782
201.245.192.253 - - [16/Sep/2023:19:59:33 -0500] "POST /kwsrmcab/Wsrmcab  HTTP/1.1" 200 39454
172.22.2.4 - - [16/Sep/2023:19:58:05 -0500] "HEAD /BLA/boletinlegal/ HTTP/1.1" 200 -
172.22.2.4 - - [16/Sep/2023:19:58:55 -0500] "GET /BLA/boletinlegal/ HTTP/1.1" 200 58187
216.244.66.195 - - [16/Sep/2023:20:01:48 -0500] "GET /BLA/resoluciones/AUTOS%202020/0059.pdf HTTP/1.1" 200 224461
216.245.221.92 - - [16/Sep/2023:20:02:17 -0500] "HEAD / HTTP/1.1" 200 -
216.244.66.195 - - [16/Sep/2023:20:02:32 -0500] "GET /BLA/resoluciones/AUTOS%202020/0111.pdf HTTP/1.1" 200 267000
52.167.144.217 - - [16/Sep/2023:20:03:18 -0500] "GET /portaldeninos/tag/aulas-ambientales-secretaria-de-ambiente/ HTTP/1.1" 200 93741
216.244.66.195 - - [16/Sep/2023:20:03:19 -0500] "GET /BLA/resoluciones/AUTOS%202020/1909.pdf HTTP/1.1" 200 415996
172.22.2.4 - - [16/Sep/2023:20:03:51 -0500] "GET /BLA/boletinlegal/.env HTTP/1.1" 404 1038
216.244.66.195 - - [16/Sep/2023:20:04:09 -0500] "GET /BLA/resoluciones/AUTOS%202020/2224.pdf HTTP/1.1" 200 361959
201.245.192.253 - - [16/Sep/2023:20:04:32 -0500] "POST /kwsrmcab/Wsrmcab  HTTP/1.1" 200 39454
216.244.66.195 - - [16/Sep/2023:20:04:53 -0500] "GET /BLA/resoluciones/AUTOS%202020/2748.pdf HTTP/1.1" 200 372310
216.244.66.195 - - [16/Sep/2023:20:05:34 -0500] "GET /BLA/resoluciones/AUTOS%202020/3088.pdf HTTP/1.1" 200 364886
172.22.2.4 - - [16/Sep/2023:20:03:55 -0500] "HEAD /BLA/boletinlegal/ HTTP/1.1" 200 -
216.244.66.195 - - [16/Sep/2023:20:06:10 -0500] "GET /BLA/resoluciones/AUTOS%202020/3317.pdf HTTP/1.1" 200 337579
69.171.249.116 - - [16/Sep/2023:20:06:23 -0500] "GET /soratama-en-los-cerros-orientales-un-rincon-ideal-para-los-mamiferos.html HTTP/1.1" 200 804
172.22.2.4 - - [16/Sep/2023:20:04:45 -0500] "GET /BLA/boletinlegal/ HTTP/1.1" 200 58187
216.244.66.195 - - [16/Sep/2023:20:06:39 -0500] "GET /BLA/resoluciones/AUTOS%202020/3384.pdf HTTP/1.1" 200 410558
216.245.221.92 - - [16/Sep/2023:20:07:17 -0500] "HEAD / HTTP/1.1" 200 -
172.22.2.4 - - [16/Sep/2023:20:08:37 -0500] "GET /BLA/boletinlegal/jurisprudencia/analisis/Analisis%20jurisprudencial%20Sentencia%20C-366-11.doc HTTP/1.1" 200 59392
201.245.192.253 - - [16/Sep/2023:20:09:30 -0500] "POST /kwsrmcab/Wsrmcab  HTTP/1.1" 200 39454
172.22.2.4 - - [16/Sep/2023:20:09:45 -0500] "HEAD /BLA/boletinlegal/ HTTP/1.1" 200 -
216.244.66.195 - - [16/Sep/2023:20:11:25 -0500] "GET /robots.txt HTTP/1.1" 404 1018
172.22.2.4 - - [16/Sep/2023:20:10:36 -0500] "GET /BLA/boletinlegal/ HTTP/1.1" 200 60692
216.245.221.92 - - [16/Sep/2023:20:12:17 -0500] "HEAD / HTTP/1.1" 200 -
17.241.219.43 - - [16/Sep/2023:20:13:50 -0500] "GET /decision-de-frenar-obras-en-el-zuque-es-caprichosa-y-priva-a-la-ciudadania-de-conocer-y-preservar-los-cerros-orientales-urrutia-secretaria-de-ambiente.html HTTP/1.1" 200 1018
201.245.192.253 - - [16/Sep/2023:20:14:29 -0500] "POST /kwsrmcab/Wsrmcab  HTTP/1.1" 200 39454
66.249.66.194 - - [16/Sep/2023:20:15:54 -0500] "GET /bogota-reverdece-una-semana-por-la-sostenibilidad-la-resiliencia-climatica-y-la-calidad-del- HTTP/1.1" 404 1034
200.118.61.70 - - [16/Sep/2023:20:17:02 -0500] "GET /piloto-de-etiquetado-herramienta-para-clasificar-ambientalmente-los-vehiculos-segun-cuanto-emiten.html HTTP/1.1" 200 985
172.22.2.4 - - [16/Sep/2023:20:15:35 -0500] "HEAD /BLA/boletinlegal/ HTTP/1.1" 200 -
216.245.221.92 - - [16/Sep/2023:20:17:17 -0500] "HEAD / HTTP/1.1" 200 -
172.22.2.4 - - [16/Sep/2023:20:16:25 -0500] "GET /BLA/boletinlegal/ HTTP/1.1" 200 60342
201.245.192.253 - - [16/Sep/2023:20:18:09 -0500] "POST /kwsrmcab/Wsrmcab HTTP/1.1" 200 42482
201.245.192.253 - - [16/Sep/2023:20:18:12 -0500] "POST /kwsrmcab/Wsrmcab HTTP/1.1" 200 39399
201.245.192.253 - - [16/Sep/2023:20:19:28 -0500] "POST /kwsrmcab/Wsrmcab  HTTP/1.1" 200 39454
52.167.144.118 - - [16/Sep/2023:20:20:16 -0500] "GET /galeria/galeria/fotos/juan-amarillo3G.jpg HTTP/1.1" 200 328975
52.167.144.165 - - [16/Sep/2023:20:20:27 -0500] "GET /Publicaciones/2023EE210427.pdf HTTP/1.1" 200 235632
173.252.107.119 - - [16/Sep/2023:20:20:34 -0500] "GET /secretaria-de-ambiente-intercambia-conocimientos-sobre-arbolado-urbano-con-delegadas-de-la-alcaldia-de-sao-paulo.html HTTP/1.1" 200 944
173.252.107.2 - - [16/Sep/2023:20:20:34 -0500] "GET /secretaria-de-ambiente-intercambia-conocimientos-sobre-arbolado-urbano-con-delegadas-de-la-alcaldia-de-sao-paulo.html HTTP/1.1" 200 944
216.245.221.92 - - [16/Sep/2023:20:22:17 -0500] "HEAD / HTTP/1.1" 200 -
172.22.2.4 - - [16/Sep/2023:20:21:25 -0500] "HEAD /BLA/boletinlegal/ HTTP/1.1" 200 -
162.55.175.138 - - [16/Sep/2023:20:23:27 -0500] "GET / HTTP/1.1" 200 319
172.22.2.4 - - [16/Sep/2023:20:22:15 -0500] "GET /BLA/boletinlegal/ HTTP/1.1" 200 60342
201.245.192.253 - - [16/Sep/2023:20:24:27 -0500] "POST /kwsrmcab/Wsrmcab  HTTP/1.1" 200 39454
66.220.149.17 - - [16/Sep/2023:20:26:23 -0500] "GET /images/Acuerdos%2001%20(1)%20(1).jpeg HTTP/1.1" 200 32884
66.220.149.12 - - [16/Sep/2023:20:26:24 -0500] "GET /images/Acuerdos%2001%20(1)%20(1).jpeg HTTP/1.1" 200 32884
216.245.221.92 - - [16/Sep/2023:20:27:17 -0500] "HEAD / HTTP/1.1" 200 -
212.111.41.57 - - [16/Sep/2023:20:27:25 -0500] "GET / HTTP/1.0" 200 319
212.111.41.57 - - [16/Sep/2023:20:27:27 -0500] "Gh0st\xad" 400 226
212.111.41.57 - - [16/Sep/2023:20:27:31 -0500] "HELP" 501 953
212.111.41.57 - - [16/Sep/2023:20:27:31 -0500] "\x1b\x84\xd5\xb0]\xf4\xc4\x93\xc50\xc2X\x8c\xda\xb1\xd7\xac\xafn\x1d\xe1\x1e\x1a3*\x85\xb7\x1d'\xb1\xc9k\xbf\xf0\xbc" 501 953
212.111.41.57 - - [16/Sep/2023:20:27:33 -0500] "\x16\x03\x01" 400 226
128.199.30.14 - - [16/Sep/2023:20:27:33 -0500] "GET / HTTP/1.0" 200 319
212.111.41.57 - - [16/Sep/2023:20:27:35 -0500] "\xbd\xff\x9e\xffE\xff\x9e\xff\xbd\xff\x9e\xff\xa4\xff\x86\xff\xc4\xff\xbe\xff\xc7\xff\xdb\xff\xee\xffx\\d9\xff\xed\xff\xa4\xff\x9d\xff\xcf\xff\xd8\xff\xe5\xff\x04\xff\x12\xff0\xff\xb1\xff\xbd\xff\xe7\xff\xe2\xff\xdd\xff\xdc\xff\xde\xff\xc8\xff\xcc\xff\xbe\xff\xf8\xff&\xff\x01\xff\x0f\xff\xf5\xff\x06\xff\xff\xff\xf7\xff!\xff\xde\xff\x02\xff&\xff\x0c\xff\x01\xff\xf5\xff" 400 946
66.249.70.196 - - [16/Sep/2023:20:27:39 -0500] "GET /Publicaciones/2022EE226001.pdf HTTP/1.1" 404 228
201.245.192.253 - - [16/Sep/2023:20:28:10 -0500] "POST /kwsrmcab/Wsrmcab HTTP/1.1" 200 42482
201.245.192.253 - - [16/Sep/2023:20:28:13 -0500] "POST /kwsrmcab/Wsrmcab HTTP/1.1" 200 39399
172.22.2.4 - - [16/Sep/2023:20:27:15 -0500] "HEAD /BLA/boletinlegal/ HTTP/1.1" 200 -
201.245.192.253 - - [16/Sep/2023:20:29:26 -0500] "POST /kwsrmcab/Wsrmcab  HTTP/1.1" 200 39454
172.22.2.4 - - [16/Sep/2023:20:28:05 -0500] "GET /BLA/boletinlegal/ HTTP/1.1" 200 58597
52.167.144.173 - - [16/Sep/2023:20:30:09 -0500] "GET /BLA/resoluciones/AUTOS%202022/2665.pdf HTTP/1.1" 304 -
216.245.221.92 - - [16/Sep/2023:20:32:17 -0500] "HEAD / HTTP/1.1" 200 -
66.249.70.198 - - [16/Sep/2023:20:34:00 -0500] "GET /BLA/resoluciones/Notificaciones/RESOLUCIONES%202023/429.pdf HTTP/1.1" 304 -
172.22.2.4 - - [16/Sep/2023:20:32:40 -0500] "GET /BLA/boletinlegal/ HTTP/1.1" 200 54150
201.245.192.253 - - [16/Sep/2023:20:34:25 -0500] "POST /kwsrmcab/Wsrmcab  HTTP/1.1" 200 39454
172.22.2.4 - - [16/Sep/2023:20:33:05 -0500] "HEAD /BLA/boletinlegal/ HTTP/1.1" 200 -
172.22.2.4 - - [16/Sep/2023:20:33:55 -0500] "GET /BLA/boletinlegal/ HTTP/1.1" 200 56607
199.16.157.182 - - [16/Sep/2023:20:36:21 -0500] "GET /secretaria-de-ambiente-hace-seguimiento-a-la-calidad-del-aire-producto-de-incendio-a-las-afueras-de-bogota.html HTTP/1.1" 200 922
199.16.157.181 - - [16/Sep/2023:20:36:22 -0500] "GET /images/Incendio%20(1)%20(1).png HTTP/1.1" 200 189748
172.22.2.4 - - [16/Sep/2023:20:36:33 -0500] "GET /BLA/boletinlegal/Circulares/2019/.pdf HTTP/1.1" 404 1218
216.245.221.92 - - [16/Sep/2023:20:37:17 -0500] "HEAD / HTTP/1.1" 200 -
186.82.104.227 - - [16/Sep/2023:20:37:40 -0500] "GET /secretaria-de-ambiente-hace-seguimiento-a-la-calidad-del-aire-producto-de-incendio-a-las-afueras-de-bogota.html HTTP/1.1" 200 922
66.249.70.198 - - [16/Sep/2023:20:37:43 -0500] "GET /Publicaciones/2022EE226629.pdf HTTP/1.1" 404 228
201.245.192.253 - - [16/Sep/2023:20:38:10 -0500] "POST /kwsrmcab/Wsrmcab HTTP/1.1" 200 42482
201.245.192.253 - - [16/Sep/2023:20:38:12 -0500] "POST /kwsrmcab/Wsrmcab HTTP/1.1" 200 39399
66.249.66.193 - - [16/Sep/2023:20:38:24 -0500] "GET /mas-de-28-toneladas-de-residuos-se-recolectaron-en-la-primera-reciclaton-2023.html HTTP/1.1" 304 -
201.245.192.253 - - [16/Sep/2023:20:39:24 -0500] "POST /kwsrmcab/Wsrmcab  HTTP/1.1" 200 39454
172.22.2.4 - - [16/Sep/2023:20:38:55 -0500] "HEAD /BLA/boletinlegal/ HTTP/1.1" 200 -
172.22.2.4 - - [16/Sep/2023:20:39:45 -0500] "GET /BLA/boletinlegal/ HTTP/1.1" 200 58187
216.245.221.92 - - [16/Sep/2023:20:42:17 -0500] "HEAD / HTTP/1.1" 200 -
186.169.9.187 - - [16/Sep/2023:20:42:38 -0500] "GET /BLA/resoluciones/ HTTP/1.1" 200 13696
186.169.9.187 - - [16/Sep/2023:20:42:41 -0500] "GET /BLA/resoluciones/index.php?dir=AUTOS+2018%2F HTTP/1.1" 200 463344
186.169.9.187 - - [16/Sep/2023:20:43:06 -0500] "GET /BLA/resoluciones/AUTOS%202018/3111.pdf HTTP/1.1" 200 249913
201.245.192.253 - - [16/Sep/2023:20:44:23 -0500] "POST /kwsrmcab/Wsrmcab  HTTP/1.1" 200 39454
66.249.70.197 - - [16/Sep/2023:20:45:19 -0500] "GET /Publicaciones/2022EE226621.pdf HTTP/1.1" 404 228
66.249.70.197 - - [16/Sep/2023:20:46:00 -0500] "GET /Publicaciones/2022EE229867.pdf HTTP/1.1" 404 228
172.22.2.4 - - [16/Sep/2023:20:44:45 -0500] "HEAD /BLA/boletinlegal/ HTTP/1.1" 200 -
172.22.2.4 - - [16/Sep/2023:20:45:35 -0500] "GET /BLA/boletinlegal/ HTTP/1.1" 200 58187
216.245.221.92 - - [16/Sep/2023:20:47:17 -0500] "HEAD / HTTP/1.1" 200 -
172.22.2.4 - - [16/Sep/2023:20:48:15 -0500] "GET /BLA/boletinlegal/favicon.ico HTTP/1.1" 404 1018
172.22.2.4 - - [16/Sep/2023:20:47:59 -0500] "GET /BLA/boletinlegal/ HTTP/1.1" 200 20427
66.249.70.197 - - [16/Sep/2023:20:48:39 -0500] "GET /Publicaciones/2022EE230310.pdf HTTP/1.1" 404 228
172.22.2.4 - - [16/Sep/2023:20:48:00 -0500] "GET /BLA/boletinlegal/ HTTP/1.1" 200 32715
201.245.192.253 - - [16/Sep/2023:20:49:22 -0500] "POST /kwsrmcab/Wsrmcab  HTTP/1.1" 200 39454
172.22.2.4 - - [16/Sep/2023:20:50:35 -0500] "HEAD /BLA/boletinlegal/ HTTP/1.1" 200 -
216.245.221.92 - - [16/Sep/2023:20:52:17 -0500] "HEAD / HTTP/1.1" 200 -
216.244.66.195 - - [16/Sep/2023:20:52:25 -0500] "GET /BLA/resoluciones/AUTOS%202020/0746.pdf HTTP/1.1" 200 357936
172.22.2.4 - - [16/Sep/2023:20:51:25 -0500] "GET /BLA/boletinlegal/ HTTP/1.1" 200 60692
216.244.66.195 - - [16/Sep/2023:20:53:15 -0500] "GET /BLA/resoluciones/AUTOS%202020/0748.pdf HTTP/1.1" 200 398679
216.244.66.195 - - [16/Sep/2023:20:53:56 -0500] "GET /BLA/resoluciones/AUTOS%202020/0858.pdf HTTP/1.1" 200 305269
201.245.192.253 - - [16/Sep/2023:20:54:21 -0500] "POST /kwsrmcab/Wsrmcab  HTTP/1.1" 200 39454
216.244.66.195 - - [16/Sep/2023:20:54:35 -0500] "GET /BLA/resoluciones/AUTOS%202020/1057.pdf HTTP/1.1" 200 361040
216.244.66.195 - - [16/Sep/2023:20:55:08 -0500] "GET /BLA/resoluciones/AUTOS%202020/1105.pdf HTTP/1.1" 200 295934
216.244.66.195 - - [16/Sep/2023:20:55:37 -0500] "GET /BLA/resoluciones/AUTOS%202020/1114.pdf HTTP/1.1" 200 399989
216.244.66.195 - - [16/Sep/2023:20:56:06 -0500] "GET /BLA/resoluciones/AUTOS%202020/1630.pdf HTTP/1.1" 200 379760
216.244.66.195 - - [16/Sep/2023:20:56:33 -0500] "GET /BLA/resoluciones/AUTOS%202020/1823.pdf HTTP/1.1" 200 1101633
216.244.66.195 - - [16/Sep/2023:20:57:00 -0500] "GET /BLA/resoluciones/AUTOS%202020/2237.pdf HTTP/1.1" 200 381636
172.22.2.4 - - [16/Sep/2023:20:57:08 -0500] "GET /BLA/boletinlegal/robots.txt HTTP/1.1" 404 1038
172.22.2.4 - - [16/Sep/2023:20:57:09 -0500] "GET /BLA/boletinlegal/Circulares/2011/Circular%20No.%203%20del%2023%20de%20Junio%20de%202011.pdf HTTP/1.1" 200 1452758
216.245.221.92 - - [16/Sep/2023:20:57:17 -0500] "HEAD / HTTP/1.1" 200 -
40.77.167.29 - - [16/Sep/2023:20:57:58 -0500] "GET /portaldeninos/?s=2023 HTTP/1.1" 200 87105
172.22.2.4 - - [16/Sep/2023:20:56:25 -0500] "HEAD /BLA/boletinlegal/ HTTP/1.1" 200 -
66.249.70.198 - - [16/Sep/2023:20:58:53 -0500] "GET /Publicaciones/2022EE142287.pdf HTTP/1.1" 404 228
66.249.70.197 - - [16/Sep/2023:20:58:54 -0500] "GET /Publicaciones/2022EE142266.pdf HTTP/1.1" 404 228
66.249.70.196 - - [16/Sep/2023:20:58:55 -0500] "GET /Publicaciones/2022EE140770.pdf HTTP/1.1" 404 228
172.22.2.4 - - [16/Sep/2023:20:57:15 -0500] "GET /BLA/boletinlegal/ HTTP/1.1" 200 60342
66.249.70.196 - - [16/Sep/2023:20:58:55 -0500] "GET /Publicaciones/2022EE142158.pdf HTTP/1.1" 404 228
66.249.70.197 - - [16/Sep/2023:20:58:56 -0500] "GET /Publicaciones/2022EE141206.pdf HTTP/1.1" 404 228
66.249.70.196 - - [16/Sep/2023:20:58:56 -0500] "GET /Publicaciones/2022EE140527.pdf HTTP/1.1" 404 228
66.249.70.197 - - [16/Sep/2023:20:58:57 -0500] "GET /Publicaciones/2022EE138620.pdf HTTP/1.1" 404 228
201.245.192.253 - - [16/Sep/2023:20:59:20 -0500] "POST /kwsrmcab/Wsrmcab  HTTP/1.1" 200 39454
103.149.192.221 - - [16/Sep/2023:20:59:57 -0500] "GET /portaldeninos/ HTTP/1.1" 200 110175
216.244.66.195 - - [16/Sep/2023:21:01:41 -0500] "GET /robots.txt HTTP/1.1" 404 1018
216.245.221.92 - - [16/Sep/2023:21:02:17 -0500] "HEAD / HTTP/1.1" 200 -
186.83.0.115 - - [16/Sep/2023:21:03:16 -0500] "GET /decision-de-frenar-obras-en-el-zuque-es-caprichosa-y-priva-a-la-ciudadania-de-conocer-y-preservar-los-cerros-orientales-urrutia-secretaria-de-ambiente.html?fbclid=IwAR1sBfyOcifDIqPFCyZOAI56dvapOzTZoH4OXdvV1v4-lsK4LYYovrQbJFI HTTP/1.1" 200 1018
172.22.2.4 - - [16/Sep/2023:21:02:15 -0500] "HEAD /BLA/boletinlegal/ HTTP/1.1" 200 -
201.245.192.253 - - [16/Sep/2023:21:04:20 -0500] "POST /kwsrmcab/Wsrmcab  HTTP/1.1" 200 39454
172.22.2.4 - - [16/Sep/2023:21:03:05 -0500] "GET /BLA/boletinlegal/ HTTP/1.1" 200 57790
66.249.70.196 - - [16/Sep/2023:21:06:15 -0500] "GET /Publicaciones/2022EE230306.pdf HTTP/1.1" 404 228
173.252.107.118 - - [16/Sep/2023:21:06:23 -0500] "GET /serrania-el-zuque-de-cantera-en-los-anos-60-a-espacio-de-restauracion-ambiental-y-mitigacion-del-riesgo.html HTTP/1.1" 200 841
170.130.204.2 - - [16/Sep/2023:21:06:31 -0500] "\x16\x03\x01" 400 226
170.130.204.2 - - [16/Sep/2023:21:06:31 -0500] "GET / HTTP/1.1" 200 319
170.130.204.2 - - [16/Sep/2023:21:06:31 -0500] "\x16\x03\x01" 400 226
216.245.221.92 - - [16/Sep/2023:21:07:17 -0500] "HEAD / HTTP/1.1" 200 -
66.249.66.86 - - [16/Sep/2023:21:07:31 -0500] "GET /portaldeninos/ HTTP/1.1" 200 110175
66.249.70.197 - - [16/Sep/2023:21:07:49 -0500] "GET /Publicaciones/2022EE226227.pdf HTTP/1.1" 404 228
66.249.66.85 - - [16/Sep/2023:21:08:24 -0500] "GET /portaldeninos/aire/ HTTP/1.1" 200 88215
66.249.66.193 - - [16/Sep/2023:21:08:25 -0500] "GET /cooperacion-internacional-postulate-para-la-coordinacion-ambiental-de-proyecto-con-la-union-europea-avantia.html HTTP/1.1" 304 -
173.252.107.116 - - [16/Sep/2023:21:08:41 -0500] "GET /alianza-entre-secretaria-de-ambiente-y-universidad-piloto-para-capacitar-y-fortalecer-a-las-mujeres-que-reverdecen.html HTTP/1.1" 200 950
201.245.192.253 - - [16/Sep/2023:21:09:19 -0500] "POST /kwsrmcab/Wsrmcab  HTTP/1.1" 200 39454
172.22.2.4 - - [16/Sep/2023:21:08:05 -0500] "HEAD /BLA/boletinlegal/ HTTP/1.1" 200 -
172.22.2.4 - - [16/Sep/2023:21:08:56 -0500] "GET /BLA/boletinlegal/ HTTP/1.1" 200 58187
66.249.70.198 - - [16/Sep/2023:21:10:57 -0500] "GET /Publicaciones/2022EE228349.pdf HTTP/1.1" 404 228
216.245.221.92 - - [16/Sep/2023:21:12:17 -0500] "HEAD / HTTP/1.1" 200 -
191.156.159.219 - - [16/Sep/2023:21:12:23 -0500] "GET /BLA/resoluciones/dlf/folder.png HTTP/1.1" 200 410
191.156.154.8 - - [16/Sep/2023:21:12:23 -0500] "GET /BLA/resoluciones/ HTTP/1.1" 200 13696
191.156.154.8 - - [16/Sep/2023:21:12:26 -0500] "GET /BLA/resoluciones/dlf/styles.css HTTP/1.1" 200 3049
191.156.154.8 - - [16/Sep/2023:21:12:26 -0500] "GET /BLA/resoluciones/dlf/bg.gif HTTP/1.1" 200 54
191.156.149.79 - - [16/Sep/2023:21:12:26 -0500] "GET /favicon.ico HTTP/1.1" 200 7782
201.245.192.253 - - [16/Sep/2023:21:14:18 -0500] "POST /kwsrmcab/Wsrmcab  HTTP/1.1" 200 39454
52.167.144.183 - - [16/Sep/2023:21:14:36 -0500] "GET /portaldeninos/tag/dia-mundial-de-las-abejas/ HTTP/1.1" 200 92954
172.22.2.4 - - [16/Sep/2023:21:13:55 -0500] "HEAD /BLA/boletinlegal/ HTTP/1.1" 200 -
172.22.2.4 - - [16/Sep/2023:21:14:45 -0500] "GET /BLA/boletinlegal/ HTTP/1.1" 200 58187
172.22.2.4 - - [16/Sep/2023:21:16:55 -0500] "GET /BLA/boletinlegal/normativa.php HTTP/1.1" 200 8343
172.22.2.4 - - [16/Sep/2023:21:16:56 -0500] "GET /BLA/boletinlegal/normativa.php HTTP/1.1" 200 8343
216.245.221.92 - - [16/Sep/2023:21:17:17 -0500] "HEAD / HTTP/1.1" 200 -
172.22.2.4 - - [16/Sep/2023:21:17:31 -0500] "GET /BLA/boletinlegal/niceforms.js HTTP/1.1" 200 22876
172.22.2.4 - - [16/Sep/2023:21:17:31 -0500] "GET /BLA/boletinlegal/js/ajax_normativa.js HTTP/1.1" 200 1154
201.245.192.253 - - [16/Sep/2023:21:18:09 -0500] "POST /kwsrmcab/Wsrmcab HTTP/1.1" 200 42340
201.245.192.253 - - [16/Sep/2023:21:18:12 -0500] "POST /kwsrmcab/Wsrmcab HTTP/1.1" 200 39552
191.156.235.175 - - [16/Sep/2023:21:18:56 -0500] "GET /BLA/resoluciones/dlf/folder.png HTTP/1.1" 200 410
191.156.235.175 - - [16/Sep/2023:21:18:56 -0500] "GET /BLA/resoluciones/dlf/styles.css HTTP/1.1" 200 3049
191.156.235.153 - - [16/Sep/2023:21:18:56 -0500] "GET /BLA/resoluciones/ HTTP/1.1" 200 13696
191.156.235.153 - - [16/Sep/2023:21:18:57 -0500] "GET /BLA/resoluciones/dlf/bg.gif HTTP/1.1" 200 54
191.156.235.153 - - [16/Sep/2023:21:18:57 -0500] "GET /favicon.ico HTTP/1.1" 200 7782
201.175.235.61 - - [16/Sep/2023:21:19:12 -0500] "GET /decision-de-frenar-obras-en-el-zuque-es-caprichosa-y-priva-a-la-ciudadania-de-conocer-y-preservar-los-cerros-orientales-urrutia-secretaria-de-ambiente.html HTTP/1.1" 200 1018
201.245.192.253 - - [16/Sep/2023:21:19:16 -0500] "POST /kwsrmcab/Wsrmcab  HTTP/1.1" 200 39454
172.22.2.4 - - [16/Sep/2023:21:19:45 -0500] "HEAD /BLA/boletinlegal/ HTTP/1.1" 200 -
172.22.2.4 - - [16/Sep/2023:21:20:35 -0500] "GET /BLA/boletinlegal/ HTTP/1.1" 200 58187
216.245.221.92 - - [16/Sep/2023:21:22:17 -0500] "HEAD / HTTP/1.1" 200 -
66.249.66.204 - - [16/Sep/2023:21:23:24 -0500] "GET /BLA/boletinlegal/Directivas/2017/Directiva%20No.%2001%20del%2027%20de%20Junio%20de%202018.pdf HTTP/1.1" 304 -
52.167.144.147 - - [16/Sep/2023:21:23:29 -0500] "GET /portaldeninos/author/adminportalninos/page/8/ HTTP/1.1" 200 102578
201.245.192.253 - - [16/Sep/2023:21:24:15 -0500] "POST /kwsrmcab/Wsrmcab  HTTP/1.1" 200 39454
172.22.2.4 - - [16/Sep/2023:21:24:46 -0500] "GET /BLA/boletinlegal/robots.txt HTTP/1.1" 404 1037
172.22.2.4 - - [16/Sep/2023:21:24:47 -0500] "GET /BLA/boletinlegal/robots.txt HTTP/1.1" 404 1037
69.63.189.118 - - [16/Sep/2023:21:25:40 -0500] "GET /asi-fue-el-reverdecer-de-leandra-marulanda-mujer-resiliente-que-ahora-emprende-con-el-compostaje.html HTTP/1.1" 200 842
172.22.2.4 - - [16/Sep/2023:21:24:48 -0500] "GET /BLA/boletinlegal/ HTTP/1.1" 200 53013
172.22.2.4 - - [16/Sep/2023:21:25:35 -0500] "HEAD /BLA/boletinlegal/ HTTP/1.1" 200 -
216.245.221.92 - - [16/Sep/2023:21:27:17 -0500] "HEAD / HTTP/1.1" 200 -
172.22.2.4 - - [16/Sep/2023:21:27:18 -0500] "GET /BLA/boletinlegal/js/jquery.scrollShow.js HTTP/1.1" 200 4586
172.22.2.4 - - [16/Sep/2023:21:27:18 -0500] "GET /BLA/boletinlegal/js/jquery.scrollTo-min.js HTTP/1.1" 200 1150
172.22.2.4 - - [16/Sep/2023:21:27:18 -0500] "GET /BLA/boletinlegal/styles2.css HTTP/1.1" 200 1838
172.22.2.4 - - [16/Sep/2023:21:27:23 -0500] "GET /BLA/boletinlegal/js/jquery.js HTTP/1.1" 200 57254
172.22.2.4 - - [16/Sep/2023:21:27:28 -0500] "GET /BLA/boletinlegal/style.css HTTP/1.1" 200 9406
172.22.2.4 - - [16/Sep/2023:21:26:25 -0500] "GET /BLA/boletinlegal/ HTTP/1.1" 200 52656
201.245.192.253 - - [16/Sep/2023:21:28:09 -0500] "POST /kwsrmcab/Wsrmcab HTTP/1.1" 200 42340
201.245.192.253 - - [16/Sep/2023:21:28:12 -0500] "POST /kwsrmcab/Wsrmcab HTTP/1.1" 200 39552
201.245.192.253 - - [16/Sep/2023:21:29:14 -0500] "POST /kwsrmcab/Wsrmcab  HTTP/1.1" 200 39454
185.191.171.16 - - [16/Sep/2023:21:30:11 -0500] "GET /robots.txt HTTP/1.1" 404 1035
185.191.171.17 - - [16/Sep/2023:21:30:12 -0500] "GET /portaldeninos/tipos-de-arboles-en-bogota/ HTTP/1.1" 200 109802
172.22.2.4 - - [16/Sep/2023:21:30:18 -0500] "GET /BLA/boletinlegal/Directivas/2017/Directiva%20No.%2004%20del%2028%20de%20Abril%20de%202017.pdf HTTP/1.1" 200 8194919
66.249.66.194 - - [16/Sep/2023:21:30:54 -0500] "GET /cuales-son-los-tramites-ambientales-mas-solicitados-de-bogota.html HTTP/1.1" 304 -
216.245.221.92 - - [16/Sep/2023:21:32:17 -0500] "HEAD / HTTP/1.1" 200 -
172.22.2.4 - - [16/Sep/2023:21:31:25 -0500] "HEAD /BLA/boletinlegal/ HTTP/1.1" 200 -
173.252.127.6 - - [16/Sep/2023:21:33:33 -0500] "GET /images/presentaci\xc3\xb3n%20convenci\xc3\xb3n.jpg HTTP/1.1" 404 1034
172.22.2.4 - - [16/Sep/2023:21:32:15 -0500] "GET /BLA/boletinlegal/ HTTP/1.1" 200 47010
172.22.2.4 - - [16/Sep/2023:21:34:07 -0500] "GET /BLA/boletinlegal/Circulares/2012/Circular%20No.%2014%20del%2011%20de%20Septiembre%20de%202012.pdf HTTP/1.1" 200 3427471
172.22.2.4 - - [16/Sep/2023:21:34:09 -0500] "GET /BLA/boletinlegal/favicon.ico HTTP/1.1" 404 1500
201.245.192.253 - - [16/Sep/2023:21:34:13 -0500] "POST /kwsrmcab/Wsrmcab  HTTP/1.1" 200 39454
172.22.2.4 - - [16/Sep/2023:21:32:49 -0500] "GET /BLA/boletinlegal/ HTTP/1.1" 200 50177
40.77.167.142 - - [16/Sep/2023:21:34:43 -0500] "GET /BLA/resoluciones/AUTOS%202021/5107.pdf HTTP/1.1" 304 -
152.203.226.241 - - [16/Sep/2023:21:36:22 -0500] "GET /abierta-convocatoria-para-postular-a-organizaciones-que-desarrollan-actividades-de-voluntariado-ambiental-en-bogota.html HTTP/1.1" 200 880
172.22.2.4 - - [16/Sep/2023:21:36:44 -0500] "GET /BLA/boletinlegal/Circulares/2019/.pdf HTTP/1.1" 404 1218
216.245.221.92 - - [16/Sep/2023:21:37:17 -0500] "HEAD / HTTP/1.1" 200 -
66.249.70.197 - - [16/Sep/2023:21:37:33 -0500] "GET /Publicaciones/2022EE225995.pdf HTTP/1.1" 404 228
201.245.192.253 - - [16/Sep/2023:21:38:10 -0500] "POST /kwsrmcab/Wsrmcab HTTP/1.1" 200 42340
201.245.192.253 - - [16/Sep/2023:21:38:13 -0500] "POST /kwsrmcab/Wsrmcab HTTP/1.1" 200 39552
172.22.2.4 - - [16/Sep/2023:21:37:15 -0500] "HEAD /BLA/boletinlegal/ HTTP/1.1" 200 -
201.245.192.253 - - [16/Sep/2023:21:39:12 -0500] "POST /kwsrmcab/Wsrmcab  HTTP/1.1" 200 39454
66.249.70.197 - - [16/Sep/2023:21:39:28 -0500] "GET /Publicaciones/2022EE230330.pdf HTTP/1.1" 404 228
66.249.70.197 - - [16/Sep/2023:21:39:43 -0500] "GET /BLA/resoluciones/AUTOS%202014/0832.pdf HTTP/1.1" 200 309898
172.22.2.4 - - [16/Sep/2023:21:38:05 -0500] "GET /BLA/boletinlegal/ HTTP/1.1" 200 58187
66.249.70.197 - - [16/Sep/2023:21:40:25 -0500] "GET /BLA/resoluciones/RESOLUCIONES%202008/3950.pdf HTTP/1.1" 200 679181
185.191.171.9 - - [16/Sep/2023:21:40:55 -0500] "GET /portaldeninos/que-es-cambio-climatico/ HTTP/1.1" 200 86727
66.249.70.197 - - [16/Sep/2023:21:41:02 -0500] "GET /Publicaciones/2022EE230319.pdf HTTP/1.1" 404 228
216.245.221.92 - - [16/Sep/2023:21:42:17 -0500] "HEAD / HTTP/1.1" 200 -
66.249.70.197 - - [16/Sep/2023:21:42:26 -0500] "GET /Publicaciones/2022EE230311.pdf HTTP/1.1" 404 228
66.249.70.197 - - [16/Sep/2023:21:42:41 -0500] "GET /BLA/resoluciones/AUTOS%202011/7732.pdf HTTP/1.1" 200 246019
66.249.70.196 - - [16/Sep/2023:21:42:43 -0500] "GET /Publicaciones/2022EE227615.pdf HTTP/1.1" 404 228
201.245.192.253 - - [16/Sep/2023:21:44:11 -0500] "POST /kwsrmcab/Wsrmcab  HTTP/1.1" 200 39454
172.22.2.4 - - [16/Sep/2023:21:43:05 -0500] "HEAD /BLA/boletinlegal/ HTTP/1.1" 200 -
216.244.66.195 - - [16/Sep/2023:21:45:16 -0500] "GET /BLA/resoluciones/AUTOS%202019/4509.pdf HTTP/1.1" 200 757745
172.22.2.4 - - [16/Sep/2023:21:43:55 -0500] "GET /BLA/boletinlegal/ HTTP/1.1" 200 60342
216.244.66.195 - - [16/Sep/2023:21:45:44 -0500] "GET /BLA/resoluciones/AUTOS%202020/0776.pdf HTTP/1.1" 200 383593
172.22.2.4 - - [16/Sep/2023:21:45:54 -0500] "GET /BLA/boletinlegal/Circulares/2019/Circular%20No.%200015%20del%2003%20de%20Octubre%20de%202019.pdf HTTP/1.1" 304 -
172.22.2.4 - - [16/Sep/2023:21:45:54 -0500] "GET /BLA/boletinlegal/Directivas/2011/Directiva%20No.%206%20del%208%20de%20Septiembre%20de%202011.pdf HTTP/1.1" 304 -
216.244.66.195 - - [16/Sep/2023:21:46:10 -0500] "GET /BLA/resoluciones/AUTOS%202020/0834.pdf HTTP/1.1" 200 352658
216.244.66.195 - - [16/Sep/2023:21:46:32 -0500] "GET /BLA/resoluciones/AUTOS%202020/0873.pdf HTTP/1.1" 200 370825
67.205.131.136 - - [16/Sep/2023:21:46:51 -0500] "GET /portaldeninos/ HTTP/1.1" 200 110175
67.205.131.136 - - [16/Sep/2023:21:46:52 -0500] "GET /favicon.ico HTTP/1.1" 200 7782
216.244.66.195 - - [16/Sep/2023:21:46:55 -0500] "GET /BLA/resoluciones/AUTOS%202020/1463.pdf HTTP/1.1" 200 324777
216.244.66.195 - - [16/Sep/2023:21:47:14 -0500] "GET /BLA/resoluciones/AUTOS%202020/1651.pdf HTTP/1.1" 200 2106589
216.245.221.92 - - [16/Sep/2023:21:47:17 -0500] "HEAD / HTTP/1.1" 200 -
173.252.95.12 - - [16/Sep/2023:21:48:20 -0500] "GET /images/presentaci\xc3\xb3n%20convenci\xc3\xb3n.jpg HTTP/1.1" 404 1034
69.171.231.1 - - [16/Sep/2023:21:48:33 -0500] "GET /bogota-lista-para-ser-la-sede-de-la-ii-convencion-internacional-de-emergencia-climatica.html HTTP/1.1" 200 934
69.171.231.116 - - [16/Sep/2023:21:48:37 -0500] "GET /bogota-lista-para-ser-la-sede-de-la-ii-convencion-internacional-de-emergencia-climatica.html HTTP/1.1" 206 934
69.171.231.3 - - [16/Sep/2023:21:48:37 -0500] "GET /bogota-lista-para-ser-la-sede-de-la-ii-convencion-internacional-de-emergencia-climatica.html HTTP/1.1" 200 934
69.171.231.7 - - [16/Sep/2023:21:48:42 -0500] "GET /bogota-lista-para-ser-la-sede-de-la-ii-convencion-internacional-de-emergencia-climatica.html HTTP/1.1" 200 934
201.245.192.253 - - [16/Sep/2023:21:49:10 -0500] "POST /kwsrmcab/Wsrmcab  HTTP/1.1" 200 39454
172.22.2.4 - - [16/Sep/2023:21:49:29 -0500] "POST /BLA/boletinlegal/login.asp?id=44 HTTP/1.1" 404 1018
69.171.251.9 - - [16/Sep/2023:21:50:22 -0500] "GET /decision-de-frenar-obras-en-el-zuque-es-caprichosa-y-priva-a-la-ciudadania-de-conocer-y-preservar-los-cerros-orientales-urrutia-secretaria-de-ambiente.html HTTP/1.1" 200 1018
172.22.2.4 - - [16/Sep/2023:21:48:55 -0500] "HEAD /BLA/boletinlegal/ HTTP/1.1" 200 -
172.22.2.4 - - [16/Sep/2023:21:49:45 -0500] "GET /BLA/boletinlegal/ HTTP/1.1" 200 58187
216.244.66.195 - - [16/Sep/2023:21:51:36 -0500] "GET /robots.txt HTTP/1.1" 404 1018
66.249.70.198 - - [16/Sep/2023:21:52:08 -0500] "GET /BLA/resoluciones/RESOLUCIONES%202009/7223.pdf HTTP/1.1" 200 200627
216.245.221.92 - - [16/Sep/2023:21:52:17 -0500] "HEAD / HTTP/1.1" 200 -
66.249.66.193 - - [16/Sep/2023:21:53:24 -0500] "GET /compania-nacional-de-chocolates-cerescos-y-cablemovil-entre-las-empresas-que-han-implementado-proyectos-ambientales-exitosos.html HTTP/1.1" 304 -
66.249.66.192 - - [16/Sep/2023:21:53:25 -0500] "GET /bogota-sostenible-articulacion-entre-el-distrito-y-el-sector-privado-claves-del-exito.html HTTP/1.1" 304 -
201.245.192.253 - - [16/Sep/2023:21:54:09 -0500] "POST /kwsrmcab/Wsrmcab  HTTP/1.1" 200 39454
66.249.70.196 - - [16/Sep/2023:21:54:17 -0500] "GET /BLA/resoluciones/Autos%202008/1412.pdf HTTP/1.1" 200 340105
66.249.70.196 - - [16/Sep/2023:21:54:38 -0500] "GET /Publicaciones/2022EE226178.pdf HTTP/1.1" 404 228
172.22.2.4 - - [16/Sep/2023:21:54:45 -0500] "HEAD /BLA/boletinlegal/ HTTP/1.1" 200 -
172.22.2.4 - - [16/Sep/2023:21:55:35 -0500] "GET /BLA/boletinlegal/ HTTP/1.1" 200 58187
216.245.221.92 - - [16/Sep/2023:21:57:17 -0500] "HEAD / HTTP/1.1" 200 -
66.249.70.198 - - [16/Sep/2023:21:58:54 -0500] "GET /BLA/resoluciones/RESOLUCIONES%202011/6423.pdf HTTP/1.1" 200 3629664
201.245.192.253 - - [16/Sep/2023:21:59:08 -0500] "POST /kwsrmcab/Wsrmcab  HTTP/1.1" 200 39454
52.167.144.192 - - [16/Sep/2023:21:59:14 -0500] "GET /BLA/resoluciones/AUTOS%202021/6644.pdf HTTP/1.1" 304 -
172.22.2.4 - - [16/Sep/2023:22:00:35 -0500] "HEAD /BLA/boletinlegal/ HTTP/1.1" 200 -
216.245.221.92 - - [16/Sep/2023:22:02:17 -0500] "HEAD / HTTP/1.1" 200 -
172.22.2.4 - - [16/Sep/2023:22:01:25 -0500] "GET /BLA/boletinlegal/ HTTP/1.1" 200 58187
201.245.192.253 - - [16/Sep/2023:22:04:06 -0500] "POST /kwsrmcab/Wsrmcab  HTTP/1.1" 200 39454
66.249.70.198 - - [16/Sep/2023:22:05:11 -0500] "GET /Publicaciones/2022EE226624.pdf HTTP/1.1" 404 228
66.249.70.196 - - [16/Sep/2023:22:05:11 -0500] "GET /robots.txt HTTP/1.1" 404 1018
66.249.70.196 - - [16/Sep/2023:22:06:59 -0500] "GET /BLA/resoluciones/RESOLUCIONES%202009/7859.pdf HTTP/1.1" 200 409544
172.22.2.4 - - [16/Sep/2023:22:07:00 -0500] "GET /BLA/boletinlegal/admin/config.php HTTP/1.1" 200 -
216.245.221.92 - - [16/Sep/2023:22:07:16 -0500] "HEAD / HTTP/1.1" 200 -
172.22.2.4 - - [16/Sep/2023:22:07:00 -0500] "GET /BLA/boletinlegal/ HTTP/1.1" 200 24523
172.22.2.4 - - [16/Sep/2023:22:06:25 -0500] "HEAD /BLA/boletinlegal/ HTTP/1.1" 200 -
85.208.96.199 - - [16/Sep/2023:22:08:21 -0500] "GET /portaldeninos/humedal-jaboque-2/ HTTP/1.1" 200 87846
66.249.66.84 - - [16/Sep/2023:22:08:24 -0500] "GET /portaldeninos/2021/06/01/agroecologia-tips-para-germinar-semillas-en-casa/ HTTP/1.1" 200 105801
191.156.235.175 - - [16/Sep/2023:22:08:44 -0500] "GET /BLA/resoluciones/dlf/folder.png HTTP/1.1" 200 410
191.156.229.217 - - [16/Sep/2023:22:08:44 -0500] "GET /BLA/resoluciones/ HTTP/1.1" 200 13696
191.156.229.217 - - [16/Sep/2023:22:08:44 -0500] "GET /BLA/resoluciones/dlf/styles.css HTTP/1.1" 200 3049
191.156.229.217 - - [16/Sep/2023:22:08:45 -0500] "GET /BLA/resoluciones/dlf/bg.gif HTTP/1.1" 200 54
191.156.229.217 - - [16/Sep/2023:22:08:45 -0500] "GET /favicon.ico HTTP/1.1" 200 7782
172.22.2.4 - - [16/Sep/2023:22:07:15 -0500] "GET /BLA/boletinlegal/ HTTP/1.1" 200 52656
116.202.20.140 - - [16/Sep/2023:22:09:02 -0500] "GET / HTTP/1.1" 200 319
201.245.192.253 - - [16/Sep/2023:22:09:06 -0500] "POST /kwsrmcab/Wsrmcab  HTTP/1.1" 200 39454
66.249.70.196 - - [16/Sep/2023:22:09:12 -0500] "GET /Publicaciones/2022EE226021.pdf HTTP/1.1" 404 228
66.249.70.198 - - [16/Sep/2023:22:10:18 -0500] "GET /Publicaciones/2022EE230320.pdf HTTP/1.1" 404 228
190.66.209.186 - - [16/Sep/2023:22:11:51 -0500] "GET /piloto-de-etiquetado-herramienta-para-clasificar-ambientalmente-los-vehiculos-segun-cuanto-emiten.html HTTP/1.1" 200 985
66.249.70.198 - - [16/Sep/2023:22:12:14 -0500] "GET /BLA/resoluciones/RESOLUCIONES%202009/1883.pdf HTTP/1.1" 200 418895
216.245.221.92 - - [16/Sep/2023:22:12:16 -0500] "HEAD / HTTP/1.1" 200 -
66.249.70.198 - - [16/Sep/2023:22:13:43 -0500] "GET /BLA/resoluciones/RESOLUCIONES%202010/6975.pdf HTTP/1.1" 200 378188
172.22.2.4 - - [16/Sep/2023:22:12:15 -0500] "HEAD /BLA/boletinlegal/ HTTP/1.1" 200 -
201.245.192.253 - - [16/Sep/2023:22:14:04 -0500] "POST /kwsrmcab/Wsrmcab  HTTP/1.1" 200 39454
172.22.2.4 - - [16/Sep/2023:22:13:05 -0500] "GET /BLA/boletinlegal/ HTTP/1.1" 200 60342
3.12.165.88 - - [16/Sep/2023:22:15:00 -0500] "GET /ai.txt?t=1694912669.005919 HTTP/1.1" 404 1018
3.12.165.88 - - [16/Sep/2023:22:15:00 -0500] "GET /.well-known/ai.txt?t=1694912669.005919 HTTP/1.1" 404 1018
123.126.50.47 - - [16/Sep/2023:22:15:46 -0500] "GET / HTTP/1.1" 200 319
66.249.66.192 - - [16/Sep/2023:22:15:54 -0500] "GET /participa-en-la-cuarta-convocatoria-de-sembradoras-por-la-reactivaccion.html HTTP/1.1" 304 -
216.245.221.92 - - [16/Sep/2023:22:17:16 -0500] "HEAD / HTTP/1.1" 200 -
66.249.70.197 - - [16/Sep/2023:22:17:54 -0500] "GET /resoluciones/RESOLUCIONES%202009/1330.pdf HTTP/1.1" 404 1018
201.245.192.253 - - [16/Sep/2023:22:18:09 -0500] "POST /kwsrmcab/Wsrmcab HTTP/1.1" 200 42935
201.245.192.253 - - [16/Sep/2023:22:18:11 -0500] "POST /kwsrmcab/Wsrmcab HTTP/1.1" 200 39548
173.252.95.2 - - [16/Sep/2023:22:18:47 -0500] "GET /bogota-lista-para-ser-la-sede-de-la-ii-convencion-internacional-de-emergencia-climatica.html HTTP/1.1" 200 934
201.245.192.253 - - [16/Sep/2023:22:19:04 -0500] "POST /kwsrmcab/Wsrmcab  HTTP/1.1" 200 39454
172.22.2.4 - - [16/Sep/2023:22:18:05 -0500] "HEAD /BLA/boletinlegal/ HTTP/1.1" 200 -
66.249.70.198 - - [16/Sep/2023:22:19:47 -0500] "GET /Publicaciones/2022EE230305.pdf HTTP/1.1" 404 228
172.22.2.4 - - [16/Sep/2023:22:18:55 -0500] "GET /BLA/boletinlegal/ HTTP/1.1" 200 60692
52.167.144.68 - - [16/Sep/2023:22:21:42 -0500] "GET /robots.txt HTTP/1.1" 404 1018
52.167.144.239 - - [16/Sep/2023:22:21:45 -0500] "GET /BLA/resoluciones/RESOLUCIONES%202008/4441.pdf HTTP/1.1" 304 -
66.249.70.197 - - [16/Sep/2023:22:21:57 -0500] "GET /Publicaciones/2022EE228377.pdf HTTP/1.1" 404 228
66.249.70.196 - - [16/Sep/2023:22:22:12 -0500] "GET /BLA/resoluciones/RESOLUCIONES%202009/6541.pdf HTTP/1.1" 200 435741
216.245.221.92 - - [16/Sep/2023:22:22:16 -0500] "HEAD / HTTP/1.1" 200 -
66.249.70.196 - - [16/Sep/2023:22:22:20 -0500] "GET /BLA/resoluciones/Autos%202008/2573.pdf HTTP/1.1" 200 99682
186.29.181.14 - - [16/Sep/2023:22:22:56 -0500] "GET /portaldeninos/aulas-ambientales/aula-ambiental-sorotama/ HTTP/1.1" 200 89596
186.29.181.14 - - [16/Sep/2023:22:23:14 -0500] "GET /portaldeninos/fauna/ HTTP/1.1" 200 88429
173.252.107.8 - - [16/Sep/2023:22:23:32 -0500] "GET /ojo-con-los-arboles-en-la-temporada-de-vientos.html HTTP/1.1" 200 769
172.22.2.4 - - [16/Sep/2023:22:23:35 -0500] "GET /BLA/boletinlegal/actos.php HTTP/1.1" 200 9682
172.22.2.4 - - [16/Sep/2023:22:23:35 -0500] "GET /BLA/boletinlegal/js/ajax_actos.js HTTP/1.1" 200 1322
172.22.2.4 - - [16/Sep/2023:22:23:35 -0500] "GET /BLA/boletinlegal/js/lib.js HTTP/1.1" 200 6474
172.22.2.4 - - [16/Sep/2023:22:23:35 -0500] "GET /BLA/boletinlegal/js/popup.js HTTP/1.1" 200 1270
172.22.2.4 - - [16/Sep/2023:22:23:35 -0500] "GET /BLA/boletinlegal/js/jquery1.js HTTP/1.1" 200 29846
172.22.2.4 - - [16/Sep/2023:22:23:35 -0500] "GET /BLA/boletinlegal/images/green-yellow-blue-pink-th.png HTTP/1.1" 200 7394
172.22.2.4 - - [16/Sep/2023:22:23:36 -0500] "GET /BLA/boletinlegal/favicon.ico HTTP/1.1" 404 1230
172.22.2.4 - - [16/Sep/2023:22:24:02 -0500] "GET /BLA/boletinlegal/consulta_actos.php?tipo=resoluciones&no=&usuario=&sector=COMPETENCIA&fecha=2022&resuelve=COPASST HTTP/1.1" 200 1220
201.245.192.253 - - [16/Sep/2023:22:24:02 -0500] "POST /kwsrmcab/Wsrmcab  HTTP/1.1" 200 39454
186.155.228.74 - - [16/Sep/2023:22:24:16 -0500] "GET /BLA/resoluciones/RESOLUCIONES%202022/0272.pdf HTTP/1.1" 200 321181
216.244.66.195 - - [16/Sep/2023:22:24:19 -0500] "GET /BLA/resoluciones/AUTOS%202012/0113.pdf HTTP/1.1" 200 290158
172.22.2.4 - - [16/Sep/2023:22:24:54 -0500] "GET /BLA/boletinlegal/consulta_actos.php?tipo=resoluciones&no=&usuario=&sector=COMPETENCIA&fecha=2023&resuelve=COPASST HTTP/1.1" 200 626
172.22.2.4 - - [16/Sep/2023:22:25:00 -0500] "GET /BLA/boletinlegal/consulta_actos.php?tipo=resoluciones&no=&usuario=&sector=COMPETENCIA&fecha=2022&resuelve=COPASST HTTP/1.1" 200 1220
216.244.66.195 - - [16/Sep/2023:22:25:07 -0500] "GET /BLA/resoluciones/AUTOS%202012/0836.pdf HTTP/1.1" 200 332110
172.22.2.4 - - [16/Sep/2023:22:23:55 -0500] "HEAD /BLA/boletinlegal/ HTTP/1.1" 200 -
157.90.209.79 - - [16/Sep/2023:22:25:56 -0500] "GET /robots.txt HTTP/1.1" 404 1034
157.90.209.79 - - [16/Sep/2023:22:25:59 -0500] "GET /bogota-lanza-la-red-colaborativa-de-microsensores-para-medir-la-calidad-del-aire-en-microambientes.html HTTP/1.1" 200 1008
157.90.209.79 - - [16/Sep/2023:22:26:02 -0500] "GET /distrito-lanza-la-patrulla-cazachimeneas-un-vehiculo-que-hara-seguimiento-a-fuentes-moviles-contaminantes.html HTTP/1.1" 200 1010
172.22.2.4 - - [16/Sep/2023:22:24:45 -0500] "GET /BLA/boletinlegal/ HTTP/1.1" 200 60692
216.245.221.92 - - [16/Sep/2023:22:27:16 -0500] "HEAD / HTTP/1.1" 200 -
201.245.192.253 - - [16/Sep/2023:22:28:09 -0500] "POST /kwsrmcab/Wsrmcab HTTP/1.1" 200 42935
201.245.192.253 - - [16/Sep/2023:22:28:12 -0500] "POST /kwsrmcab/Wsrmcab HTTP/1.1" 200 39548
216.244.66.195 - - [16/Sep/2023:22:28:49 -0500] "GET /BLA/resoluciones/AUTOS%202019/0504.pdf HTTP/1.1" 200 268822
201.245.192.253 - - [16/Sep/2023:22:29:02 -0500] "POST /kwsrmcab/Wsrmcab  HTTP/1.1" 200 39454
216.244.66.195 - - [16/Sep/2023:22:29:29 -0500] "GET /BLA/resoluciones/AUTOS%202019/0845.pdf HTTP/1.1" 200 343613
216.244.66.195 - - [16/Sep/2023:22:30:16 -0500] "GET /BLA/resoluciones/AUTOS%202019/1389.pdf HTTP/1.1" 200 253158
216.244.66.195 - - [16/Sep/2023:22:30:54 -0500] "GET /BLA/resoluciones/AUTOS%202019/1478.pdf HTTP/1.1" 200 265821
172.22.2.4 - - [16/Sep/2023:22:29:45 -0500] "HEAD /BLA/boletinlegal/ HTTP/1.1" 200 -
216.244.66.195 - - [16/Sep/2023:22:31:37 -0500] "GET /BLA/resoluciones/AUTOS%202019/1891.pdf HTTP/1.1" 200 268779
172.22.2.4 - - [16/Sep/2023:22:30:35 -0500] "GET /BLA/boletinlegal/ HTTP/1.1" 200 58187
216.245.221.92 - - [16/Sep/2023:22:32:16 -0500] "HEAD / HTTP/1.1" 200 -
216.244.66.195 - - [16/Sep/2023:22:32:25 -0500] "GET /BLA/resoluciones/AUTOS%202019/1893.pdf HTTP/1.1" 200 305537
216.244.66.195 - - [16/Sep/2023:22:33:08 -0500] "GET /BLA/resoluciones/AUTOS%202019/2009.pdf HTTP/1.1" 200 328782
216.244.66.195 - - [16/Sep/2023:22:33:52 -0500] "GET /BLA/resoluciones/AUTOS%202019/2256.pdf HTTP/1.1" 200 350434
201.245.192.253 - - [16/Sep/2023:22:34:00 -0500] "POST /kwsrmcab/Wsrmcab  HTTP/1.1" 200 39454
216.244.66.195 - - [16/Sep/2023:22:34:32 -0500] "GET /BLA/resoluciones/AUTOS%202019/2513.pdf HTTP/1.1" 200 343530
172.22.2.4 - - [16/Sep/2023:22:33:04 -0500] "GET /BLA/boletinlegal/ HTTP/1.1" 200 62795
172.22.2.4 - - [16/Sep/2023:22:34:49 -0500] "GET /BLA/boletinlegal/Directivas/2018/Directiva%20No.%2027%20del%2028%20de%20diciembre%20de%202018.pdf HTTP/1.1" 200 2831879
216.244.66.195 - - [16/Sep/2023:22:35:02 -0500] "GET /BLA/resoluciones/AUTOS%202019/2556.pdf HTTP/1.1" 200 256663
66.249.70.198 - - [16/Sep/2023:22:35:06 -0500] "GET /BLA/resoluciones/AUTOS%202008/3176.pdf HTTP/1.1" 200 197883
216.244.66.195 - - [16/Sep/2023:22:35:35 -0500] "GET /BLA/resoluciones/AUTOS%202019/2686.pdf HTTP/1.1" 200 248704
216.244.66.195 - - [16/Sep/2023:22:36:03 -0500] "GET /BLA/resoluciones/AUTOS%202019/3126.pdf HTTP/1.1" 200 302513
216.244.66.195 - - [16/Sep/2023:22:36:31 -0500] "GET /BLA/resoluciones/AUTOS%202019/3498.pdf HTTP/1.1" 200 213373
66.249.70.196 - - [16/Sep/2023:22:36:53 -0500] "GET /BLA/resoluciones/AUTOS%202008/0368.pdf HTTP/1.1" 200 151967
172.22.2.4 - - [16/Sep/2023:22:36:59 -0500] "GET /BLA/boletinlegal/Circulares/2019/.pdf HTTP/1.1" 404 1218
216.244.66.195 - - [16/Sep/2023:22:36:59 -0500] "GET /BLA/resoluciones/AUTOS%202019/3765.pdf HTTP/1.1" 200 339655
172.22.2.4 - - [16/Sep/2023:22:37:08 -0500] "GET /BLA/boletinlegal/Circulares/2012/Circular%20No.%2010%20del%2026%20de%20Enero%20de%202012.pdf HTTP/1.1" 404 1218
172.22.2.4 - - [16/Sep/2023:22:35:35 -0500] "HEAD /BLA/boletinlegal/ HTTP/1.1" 200 -
216.245.221.92 - - [16/Sep/2023:22:37:16 -0500] "HEAD / HTTP/1.1" 200 -
66.249.66.84 - - [16/Sep/2023:22:37:30 -0500] "GET /portaldeninos/ HTTP/1.1" 200 110175
66.249.66.85 - - [16/Sep/2023:22:37:33 -0500] "GET /portaldeninos/wp-includes/js/jquery/ui/mouse.min.js?ver=1.11.4 HTTP/1.1" 200 3148
172.22.2.4 - - [16/Sep/2023:22:36:25 -0500] "GET /BLA/boletinlegal/ HTTP/1.1" 200 58187
201.245.192.253 - - [16/Sep/2023:22:38:09 -0500] "POST /kwsrmcab/Wsrmcab HTTP/1.1" 200 42935
201.245.192.253 - - [16/Sep/2023:22:38:12 -0500] "POST /kwsrmcab/Wsrmcab HTTP/1.1" 200 39548
66.249.66.192 - - [16/Sep/2023:22:38:24 -0500] "GET /compania-nacional-de-chocolates-cerescos-y-cablemovil-entre-las-empresas-que-han-implementado-proyectos-ambientales-exitosos.html HTTP/1.1" 304 -
66.249.66.194 - - [16/Sep/2023:22:38:25 -0500] "GET /proyecto-avantia-con-la-union-europea-busca-especialista-en-cambio-climatico.html HTTP/1.1" 304 -
201.245.192.253 - - [16/Sep/2023:22:38:59 -0500] "POST /kwsrmcab/Wsrmcab  HTTP/1.1" 200 39454
157.90.244.54 - - [16/Sep/2023:22:40:37 -0500] "GET / HTTP/1.1" 200 319
40.77.167.10 - - [16/Sep/2023:22:41:02 -0500] "GET /portaldeninos/author/juan-tribin/ HTTP/1.1" 200 90295
199.16.157.182 - - [16/Sep/2023:22:41:24 -0500] "GET /images/pl%C3%A1sticos%20foto%201..jpg HTTP/1.1" 404 1034
199.16.157.182 - - [16/Sep/2023:22:41:25 -0500] "GET /images/pl%C3%A1sticos%20foto%201..jpg HTTP/1.1" 404 1034
216.244.66.195 - - [16/Sep/2023:22:41:47 -0500] "GET /robots.txt HTTP/1.1" 404 1018
216.245.221.92 - - [16/Sep/2023:22:42:16 -0500] "HEAD / HTTP/1.1" 200 -
173.252.83.120 - - [16/Sep/2023:22:42:18 -0500] "GET /abierta-convocatoria-para-postular-a-organizaciones-que-desarrollan-actividades-de-voluntariado-ambiental-en-bogota.html HTTP/1.1" 200 880
172.22.2.4 - - [16/Sep/2023:22:41:24 -0500] "HEAD /BLA/boletinlegal/ HTTP/1.1" 200 -
172.22.2.4 - - [16/Sep/2023:22:42:15 -0500] "GET /BLA/boletinlegal/ HTTP/1.1" 200 58187
201.245.192.253 - - [16/Sep/2023:22:43:58 -0500] "POST /kwsrmcab/Wsrmcab  HTTP/1.1" 200 39454
162.55.167.166 - - [16/Sep/2023:22:45:22 -0500] "GET / HTTP/1.1" 200 319
40.77.167.29 - - [16/Sep/2023:22:45:38 -0500] "GET /Publicaciones/2023EE211014.pdf HTTP/1.1" 200 5276285
216.245.221.92 - - [16/Sep/2023:22:47:16 -0500] "HEAD / HTTP/1.1" 200 -
172.22.2.4 - - [16/Sep/2023:22:47:14 -0500] "HEAD /BLA/boletinlegal/ HTTP/1.1" 200 -
201.245.192.253 - - [16/Sep/2023:22:48:57 -0500] "POST /kwsrmcab/Wsrmcab  HTTP/1.1" 200 39454
172.22.2.4 - - [16/Sep/2023:22:48:05 -0500] "GET /BLA/boletinlegal/ HTTP/1.1" 200 60342
52.167.144.162 - - [16/Sep/2023:22:51:26 -0500] "GET /portaldeninos/?s= HTTP/1.1" 200 85920
216.245.221.92 - - [16/Sep/2023:22:52:16 -0500] "HEAD / HTTP/1.1" 200 -
172.22.2.4 - - [16/Sep/2023:22:51:50 -0500] "GET /BLA/boletinlegal/ HTTP/1.1" 200 60342
172.22.2.4 - - [16/Sep/2023:22:53:41 -0500] "GET /BLA/boletinlegal/style.css HTTP/1.1" 200 9406
172.22.2.4 - - [16/Sep/2023:22:53:55 -0500] "GET /BLA/boletinlegal/favicon.ico HTTP/1.1" 404 1038
201.245.192.253 - - [16/Sep/2023:22:53:55 -0500] "POST /kwsrmcab/Wsrmcab  HTTP/1.1" 200 39454
172.22.2.4 - - [16/Sep/2023:22:53:04 -0500] "HEAD /BLA/boletinlegal/ HTTP/1.1" 200 -
172.22.2.4 - - [16/Sep/2023:22:53:55 -0500] "GET /BLA/boletinlegal/ HTTP/1.1" 200 60692
66.249.66.192 - - [16/Sep/2023:22:56:25 -0500] "GET /secretaria-de-ambiente-entrego-balance-de-su-gestion-en-2022-y-presento-los-retos-para-el-2023.html HTTP/1.1" 304 -
216.245.221.92 - - [16/Sep/2023:22:57:16 -0500] "HEAD / HTTP/1.1" 200 -
172.22.2.4 - - [16/Sep/2023:22:58:32 -0500] "GET /BLA/boletinlegal/registro/index.php HTTP/1.1" 200 3151
172.22.2.4 - - [16/Sep/2023:22:58:33 -0500] "GET /BLA/boletinlegal/registro/assets/css/contact.css HTTP/1.1" 200 3025
172.22.2.4 - - [16/Sep/2023:22:58:33 -0500] "GET /BLA/boletinlegal/registro/captcha.php HTTP/1.1" 200 1703
172.22.2.4 - - [16/Sep/2023:22:58:33 -0500] "GET /BLA/boletinlegal/favicon.ico HTTP/1.1" 404 1140
172.22.2.4 - - [16/Sep/2023:22:58:33 -0500] "GET /BLA/boletinlegal/registro/assets/css/lay.css HTTP/1.1" 200 588
172.22.2.4 - - [16/Sep/2023:22:58:33 -0500] "GET /BLA/boletinlegal/registro/assets/img/contact/ajax-loader.gif HTTP/1.1" 200 673
172.22.2.4 - - [16/Sep/2023:22:58:33 -0500] "GET /BLA/boletinlegal/registro/assets/img/lay/bg.jpg HTTP/1.1" 200 309
172.22.2.4 - - [16/Sep/2023:22:58:33 -0500] "GET /BLA/boletinlegal/registro/assets/img/lay/top.jpg HTTP/1.1" 200 17190
172.22.2.4 - - [16/Sep/2023:22:58:33 -0500] "GET /BLA/boletinlegal/registro/assets/img/contact/email.png HTTP/1.1" 200 641
172.22.2.4 - - [16/Sep/2023:22:58:33 -0500] "GET /BLA/boletinlegal/registro/assets/img/contact/user_suit.png HTTP/1.1" 200 748
172.22.2.4 - - [16/Sep/2023:22:58:33 -0500] "GET /BLA/boletinlegal/registro/assets/img/contact/send_button.png HTTP/1.1" 200 256
172.22.2.4 - - [16/Sep/2023:22:58:33 -0500] "GET /BLA/boletinlegal/registro/assets/img/lay/center.jpg HTTP/1.1" 200 480
172.22.2.4 - - [16/Sep/2023:22:58:33 -0500] "GET /BLA/boletinlegal/registro/assets/img/lay/bot.jpg HTTP/1.1" 200 1641
201.245.192.253 - - [16/Sep/2023:22:58:54 -0500] "POST /kwsrmcab/Wsrmcab  HTTP/1.1" 200 39454
66.249.70.196 - - [16/Sep/2023:22:59:52 -0500] "GET /BLA/resoluciones/RESOLUCIONES%202007/RES%202007%202201%20AL%202300/RESOLUCION%202222%20DE%202007.pdf HTTP/1.1" 200 1645105
172.22.2.4 - - [16/Sep/2023:22:58:54 -0500] "HEAD /BLA/boletinlegal/ HTTP/1.1" 200 -
172.22.2.4 - - [16/Sep/2023:23:00:49 -0500] "GET /BLA/boletinlegal/images/screen_1.png HTTP/1.1" 200 202547
52.167.144.130 - - [16/Sep/2023:23:00:55 -0500] "GET /portaldeninos/author/adminportalninos/page/9/ HTTP/1.1" 200 102846
172.22.2.4 - - [16/Sep/2023:22:59:45 -0500] "GET /BLA/boletinlegal/ HTTP/1.1" 200 58981
216.245.221.92 - - [16/Sep/2023:23:02:16 -0500] "HEAD / HTTP/1.1" 200 -
201.245.192.253 - - [16/Sep/2023:23:03:53 -0500] "POST /kwsrmcab/Wsrmcab  HTTP/1.1" 200 39454
172.22.2.4 - - [16/Sep/2023:23:04:44 -0500] "HEAD /BLA/boletinlegal/ HTTP/1.1" 200 -
172.22.2.4 - - [16/Sep/2023:23:05:35 -0500] "GET /BLA/boletinlegal/ HTTP/1.1" 200 58187
216.245.221.92 - - [16/Sep/2023:23:07:16 -0500] "HEAD / HTTP/1.1" 200 -
207.46.13.214 - - [16/Sep/2023:23:07:28 -0500] "GET /Publicaciones/2023EE211017.pdf HTTP/1.1" 200 301351
66.249.66.193 - - [16/Sep/2023:23:07:47 -0500] "GET /con-aliados-estrategicos-mujeres-que-reverdecen-continua-brindando-nuevas-oportunidades.html HTTP/1.1" 304 -
201.245.192.253 - - [16/Sep/2023:23:08:52 -0500] "POST /kwsrmcab/Wsrmcab  HTTP/1.1" 200 39454
172.22.2.4 - - [16/Sep/2023:23:09:58 -0500] "GET /BLA/boletinlegal/Circulares/2013/Circular%20No.%206%20del%2019%20de%20julio%20de%202013.pdf HTTP/1.1" 200 4210437
142.4.217.87 - - [16/Sep/2023:23:10:30 -0500] "GET /auambari-deleito-con-sus-sonidos-ambientales-a-los-asistentes-de-fima-2021.html HTTP/1.1" 200 888
199.16.157.182 - - [16/Sep/2023:23:10:37 -0500] "GET /images/Incendio%20(1)%20(1).png HTTP/1.1" 200 189748
69.171.249.2 - - [16/Sep/2023:23:12:12 -0500] "GET /images/pieza-voluntariado-ambiental.jpeg HTTP/1.1" 200 51125
172.22.2.4 - - [16/Sep/2023:23:10:34 -0500] "HEAD /BLA/boletinlegal/ HTTP/1.1" 200 -
216.245.221.92 - - [16/Sep/2023:23:12:16 -0500] "HEAD / HTTP/1.1" 200 -
52.167.144.163 - - [16/Sep/2023:23:12:23 -0500] "GET /Publicaciones/2023EE211195.pdf HTTP/1.1" 200 231925
172.22.2.4 - - [16/Sep/2023:23:11:25 -0500] "GET /BLA/boletinlegal/ HTTP/1.1" 200 60692
201.245.192.253 - - [16/Sep/2023:23:13:51 -0500] "POST /kwsrmcab/Wsrmcab  HTTP/1.1" 200 39454
216.244.66.195 - - [16/Sep/2023:23:16:12 -0500] "GET /BLA/resoluciones/AUTOS%202019/0200.pdf HTTP/1.1" 200 262207
216.244.66.195 - - [16/Sep/2023:23:17:01 -0500] "GET /BLA/resoluciones/AUTOS%202019/1904.pdf HTTP/1.1" 200 261224
216.245.221.92 - - [16/Sep/2023:23:17:16 -0500] "HEAD / HTTP/1.1" 200 -
190.84.108.224 - - [16/Sep/2023:23:17:46 -0500] "GET /BLA/resoluciones/ HTTP/1.1" 200 13696
216.244.66.195 - - [16/Sep/2023:23:17:47 -0500] "GET /BLA/resoluciones/AUTOS%202019/2554.pdf HTTP/1.1" 200 257685
190.84.108.224 - - [16/Sep/2023:23:17:50 -0500] "GET /BLA/resoluciones/index.php?dir=AUTOS+2009%2F HTTP/1.1" 200 399860
190.84.108.224 - - [16/Sep/2023:23:17:52 -0500] "GET /BLA/resoluciones/ HTTP/1.1" 200 13696
190.84.108.224 - - [16/Sep/2023:23:17:54 -0500] "GET /BLA/resoluciones/index.php?dir=RESOLUCIONES+2009%2F HTTP/1.1" 200 12235
190.84.108.224 - - [16/Sep/2023:23:17:55 -0500] "GET /BLA/resoluciones/index.php?dir=RESOLUCIONES+2009%2F HTTP/1.1" 200 1694101
172.22.2.4 - - [16/Sep/2023:23:16:24 -0500] "HEAD /BLA/boletinlegal/ HTTP/1.1" 200 -
66.249.70.198 - - [16/Sep/2023:23:18:05 -0500] "GET /resoluciones/RESOLUCIONES%202009/7800.pdf HTTP/1.1" 404 1018
201.245.192.253 - - [16/Sep/2023:23:18:09 -0500] "POST /kwsrmcab/Wsrmcab HTTP/1.1" 200 42779
201.245.192.253 - - [16/Sep/2023:23:18:11 -0500] "POST /kwsrmcab/Wsrmcab HTTP/1.1" 200 39547
190.84.108.224 - - [16/Sep/2023:23:18:32 -0500] "GET /BLA/resoluciones/RESOLUCIONES%202009/6010.pdf HTTP/1.1" 200 404101
216.244.66.195 - - [16/Sep/2023:23:18:33 -0500] "GET /BLA/resoluciones/AUTOS%202019/3470.pdf HTTP/1.1" 200 433680
66.249.70.197 - - [16/Sep/2023:23:18:37 -0500] "GET /BLA/resoluciones/RESOLUCIONES%202010/2341.pdf HTTP/1.1" 200 520437
201.245.192.253 - - [16/Sep/2023:23:18:50 -0500] "POST /kwsrmcab/Wsrmcab  HTTP/1.1" 200 39454
66.249.66.192 - - [16/Sep/2023:23:18:55 -0500] "GET /ojo-con-los-arboles-en-la-temporada-de-vientos.html HTTP/1.1" 304 -
172.22.2.4 - - [16/Sep/2023:23:17:15 -0500] "GET /BLA/boletinlegal/ HTTP/1.1" 200 57790
