172.105.128.12 - - [17/Sep/2023:21:06:17 -0500] "\x16\x03\x01" 400 226
216.244.66.195 - - [17/Sep/2023:21:06:19 -0500] "GET /BLA/resoluciones/RESOLUCIONES%202018/2388.pdf HTTP/1.1" 200 436943
201.245.192.253 - - [17/Sep/2023:21:06:19 -0500] "POST /kwsrmcab/Wsrmcab  HTTP/1.1" 200 39454
216.245.221.92 - - [17/Sep/2023:21:07:13 -0500] "HEAD / HTTP/1.1" 200 -
216.244.66.195 - - [17/Sep/2023:21:07:15 -0500] "GET /BLA/resoluciones/RESOLUCIONES%202018/3440.pdf HTTP/1.1" 200 278180
216.244.66.195 - - [17/Sep/2023:21:07:58 -0500] "GET /BLA/resoluciones/RESOLUCIONES%202018/3441.pdf HTTP/1.1" 200 282310
216.244.66.195 - - [17/Sep/2023:21:08:38 -0500] "GET /BLA/resoluciones/RESOLUCIONES%202018/4014.pdf HTTP/1.1" 200 261694
172.22.2.4 - - [17/Sep/2023:21:08:56 -0500] "GET /BLA/boletinlegal/jurisprudencia/analisis/CUADRO%20SENTENCIA%20T-299%20DE%202008.doc HTTP/1.1" 200 40960
207.46.13.154 - - [17/Sep/2023:21:09:00 -0500] "GET /portaldeninos/tag/secretaria-de-ambiente/ HTTP/1.1" 200 98735
216.244.66.195 - - [17/Sep/2023:21:09:43 -0500] "GET /BLA/resoluciones/AUTOS%202011/0001.pdf HTTP/1.1" 200 939058
216.244.66.195 - - [17/Sep/2023:21:10:33 -0500] "GET /BLA/resoluciones/AUTOS%202017/0421.pdf HTTP/1.1" 200 313925
172.22.2.4 - - [17/Sep/2023:21:08:54 -0500] "HEAD /BLA/boletinlegal/ HTTP/1.1" 200 -
199.16.157.183 - - [17/Sep/2023:21:10:38 -0500] "GET /images/pl%C3%A1sticos%20foto%201..jpg HTTP/1.1" 404 1034
199.16.157.180 - - [17/Sep/2023:21:10:38 -0500] "GET /images/pl%C3%A1sticos%20foto%201..jpg HTTP/1.1" 404 1034
199.16.157.182 - - [17/Sep/2023:21:10:39 -0500] "GET /images/pl%C3%A1sticos%20foto%201..jpg HTTP/1.1" 404 1034
216.244.66.195 - - [17/Sep/2023:21:11:13 -0500] "GET /BLA/resoluciones/AUTOS%202017/3137.pdf HTTP/1.1" 200 267262
201.245.192.253 - - [17/Sep/2023:21:11:17 -0500] "POST /kwsrmcab/Wsrmcab  HTTP/1.1" 200 39454
172.22.2.4 - - [17/Sep/2023:21:09:45 -0500] "GET /BLA/boletinlegal/ HTTP/1.1" 200 60692
216.244.66.195 - - [17/Sep/2023:21:11:55 -0500] "GET /BLA/resoluciones/AUTOS%202018/0079.pdf HTTP/1.1" 200 295961
216.245.221.92 - - [17/Sep/2023:21:12:13 -0500] "HEAD / HTTP/1.1" 200 -
216.244.66.195 - - [17/Sep/2023:21:12:41 -0500] "GET /BLA/resoluciones/AUTOS%202018/0551.pdf HTTP/1.1" 200 284869
216.244.66.195 - - [17/Sep/2023:21:13:19 -0500] "GET /BLA/resoluciones/AUTOS%202018/1337.pdf HTTP/1.1" 200 298527
52.167.144.197 - - [17/Sep/2023:21:13:26 -0500] "GET /Publicaciones/2023EE214599.pdf HTTP/1.1" 200 231899
52.167.144.209 - - [17/Sep/2023:21:13:32 -0500] "GET /Publicaciones/2023EE214584.pdf HTTP/1.1" 200 231793
216.244.66.195 - - [17/Sep/2023:21:13:50 -0500] "GET /BLA/resoluciones/AUTOS%202018/1514.pdf HTTP/1.1" 200 251224
216.244.66.195 - - [17/Sep/2023:21:14:29 -0500] "GET /BLA/resoluciones/AUTOS%202018/1775.pdf HTTP/1.1" 200 336934
31.13.127.19 - - [17/Sep/2023:21:14:32 -0500] "GET /images/pieza-voluntariado-ambiental.jpeg HTTP/1.1" 200 51125
216.244.66.195 - - [17/Sep/2023:21:15:07 -0500] "GET /BLA/resoluciones/AUTOS%202018/2685.pdf HTTP/1.1" 200 331966
216.244.66.195 - - [17/Sep/2023:21:15:39 -0500] "GET /BLA/resoluciones/AUTOS%202018/3307.pdf HTTP/1.1" 200 286568
216.244.66.195 - - [17/Sep/2023:21:16:12 -0500] "GET /BLA/resoluciones/AUTOS%202018/3578.pdf HTTP/1.1" 200 260191
201.245.192.253 - - [17/Sep/2023:21:16:15 -0500] "POST /kwsrmcab/Wsrmcab  HTTP/1.1" 200 39454
172.22.2.4 - - [17/Sep/2023:21:14:45 -0500] "HEAD /BLA/boletinlegal/ HTTP/1.1" 200 -
216.244.66.195 - - [17/Sep/2023:21:16:41 -0500] "GET /BLA/resoluciones/AUTOS%202018/3861.pdf HTTP/1.1" 200 324279
216.244.66.195 - - [17/Sep/2023:21:17:13 -0500] "GET /BLA/resoluciones/AUTOS%202018/4014.pdf HTTP/1.1" 200 261694
216.245.221.92 - - [17/Sep/2023:21:17:13 -0500] "HEAD / HTTP/1.1" 200 -
172.22.2.4 - - [17/Sep/2023:21:15:35 -0500] "GET /BLA/boletinlegal/ HTTP/1.1" 200 60342
216.244.66.195 - - [17/Sep/2023:21:17:39 -0500] "GET /BLA/resoluciones/AUTOS%202019/3036.pdf HTTP/1.1" 200 2730855
201.245.192.253 - - [17/Sep/2023:21:18:04 -0500] "POST /kwsrmcab/Wsrmcab HTTP/1.1" 200 43239
201.245.192.253 - - [17/Sep/2023:21:18:07 -0500] "POST /kwsrmcab/Wsrmcab HTTP/1.1" 200 39552
216.244.66.195 - - [17/Sep/2023:21:18:19 -0500] "GET /BLA/resoluciones/AUTOS%202020/0750.pdf HTTP/1.1" 200 385108
216.244.66.195 - - [17/Sep/2023:21:18:49 -0500] "GET /BLA/resoluciones/AUTOS%202020/0754.pdf HTTP/1.1" 200 366520
201.245.192.253 - - [17/Sep/2023:21:21:14 -0500] "POST /kwsrmcab/Wsrmcab  HTTP/1.1" 200 39454
216.245.221.92 - - [17/Sep/2023:21:22:13 -0500] "HEAD / HTTP/1.1" 200 -
172.22.2.4 - - [17/Sep/2023:21:20:34 -0500] "HEAD /BLA/boletinlegal/ HTTP/1.1" 200 -
172.22.2.4 - - [17/Sep/2023:21:21:25 -0500] "GET /BLA/boletinlegal/ HTTP/1.1" 200 55844
216.244.66.195 - - [17/Sep/2023:21:23:09 -0500] "GET /robots.txt HTTP/1.1" 404 1018
69.171.251.4 - - [17/Sep/2023:21:23:39 -0500] "GET /images/Zuque%20(1)%20(1).jpeg HTTP/1.1" 200 66921
69.171.249.118 - - [17/Sep/2023:21:23:39 -0500] "GET /images/Zuque%20(1)%20(1).jpeg HTTP/1.1" 200 66921
172.22.2.4 - - [17/Sep/2023:21:25:38 -0500] "GET /BLA/boletinlegal/jurisprudencia/analisis/SENTENCIA%20C-703%20DE%202010.xls HTTP/1.1" 200 38912
201.245.192.253 - - [17/Sep/2023:21:26:14 -0500] "POST /kwsrmcab/Wsrmcab  HTTP/1.1" 200 39454
40.77.167.7 - - [17/Sep/2023:21:26:44 -0500] "GET /BLA/resoluciones/index.php?dir=AUTOS+2018%2F HTTP/1.1" 200 463344
40.77.167.7 - - [17/Sep/2023:21:26:45 -0500] "GET /BLA/resoluciones/index.php?dir=RESOLUCIONES+2023%2F HTTP/1.1" 200 70925
190.93.143.92 - - [17/Sep/2023:21:27:00 -0500] "GET /sipse/faces/index.xhtml HTTP/1.1" 200 677
190.93.143.92 - - [17/Sep/2023:21:27:10 -0500] "GET /sipse/faces/javax.faces.resource/theme.css?ln=primefaces-sipse HTTP/1.1" 200 50058
173.252.107.6 - - [17/Sep/2023:21:27:10 -0500] "GET /olga-romero-una-mujer-que-reverdece-con-corazon-inquieto-que-encontro-en-el-reciclaje-su-pasion.html HTTP/1.1" 200 798
216.245.221.92 - - [17/Sep/2023:21:27:13 -0500] "HEAD / HTTP/1.1" 200 -
190.93.143.92 - - [17/Sep/2023:21:27:20 -0500] "GET /sipse/faces/faces/autenticacion.xhtml HTTP/1.1" 200 12184
52.167.144.192 - - [17/Sep/2023:21:27:29 -0500] "GET /portaldeninos/tag/herramienta-observatorio-ambiental-secretaria-de-ambiente/ HTTP/1.1" 200 93498
172.22.2.4 - - [17/Sep/2023:21:26:24 -0500] "HEAD /BLA/boletinlegal/ HTTP/1.1" 200 -
201.245.192.253 - - [17/Sep/2023:21:28:05 -0500] "POST /kwsrmcab/Wsrmcab HTTP/1.1" 200 43239
201.245.192.253 - - [17/Sep/2023:21:28:07 -0500] "POST /kwsrmcab/Wsrmcab HTTP/1.1" 200 39552
172.22.2.4 - - [17/Sep/2023:21:28:43 -0500] "GET /BLA/boletinlegal/jurisprudencia/analisis/CUADRO%20ANALISIS%20SENTENCIA%20T-411%20DE%201992.doc HTTP/1.1" 200 41984
172.22.2.4 - - [17/Sep/2023:21:27:15 -0500] "GET /BLA/boletinlegal/ HTTP/1.1" 200 60692
201.245.192.253 - - [17/Sep/2023:21:31:13 -0500] "POST /kwsrmcab/Wsrmcab  HTTP/1.1" 200 39454
216.245.221.92 - - [17/Sep/2023:21:32:13 -0500] "HEAD / HTTP/1.1" 200 -
69.171.249.1 - - [17/Sep/2023:21:32:45 -0500] "GET /images/pieza-voluntariado-ambiental.jpeg HTTP/1.1" 200 51125
66.249.73.106 - - [17/Sep/2023:21:32:52 -0500] "GET /BLA/resoluciones/Notificaciones/RESOLUCIONES%202022/4032.pdf HTTP/1.1" 304 -
173.252.107.4 - - [17/Sep/2023:21:33:32 -0500] "GET /distrito-alcanza-meta-de-1000-hectareas-ya-con-pagos-por-servicios-ambientales.html HTTP/1.1" 200 828
172.22.2.4 - - [17/Sep/2023:21:32:14 -0500] "HEAD /BLA/boletinlegal/ HTTP/1.1" 200 -
172.22.2.4 - - [17/Sep/2023:21:32:52 -0500] "GET /BLA/boletinlegal/ HTTP/1.1" 200 48660
172.22.2.4 - - [17/Sep/2023:21:33:05 -0500] "GET /BLA/boletinlegal/ HTTP/1.1" 200 50177
201.245.192.253 - - [17/Sep/2023:21:36:11 -0500] "POST /kwsrmcab/Wsrmcab  HTTP/1.1" 200 39454
66.249.75.232 - - [17/Sep/2023:21:36:32 -0500] "GET /acuerdos-de-conservacion-herramienta-para-la-preservacion-y-conocimiento-de-la-biodiversidad.html HTTP/1.1" 304 -
66.249.77.134 - - [17/Sep/2023:21:36:33 -0500] "GET /portaldeninos/2021/06/06/ciudadanos-disfrutaron-del-tunel-ambiental-en-el-parque-de-los-novios/ HTTP/1.1" 200 105118
66.249.77.133 - - [17/Sep/2023:21:36:36 -0500] "GET /portaldeninos/wp-content/themes/betheme/assets/jplayer/css/jplayer.blue.monday.css?ver=20.9.6 HTTP/1.1" 200 9834
66.249.77.134 - - [17/Sep/2023:21:36:36 -0500] "GET /portaldeninos/wp-includes/js/jquery/ui/accordion.min.js?ver=1.11.4 HTTP/1.1" 200 8584
172.22.2.4 - - [17/Sep/2023:21:36:46 -0500] "GET /BLA/boletinlegal/Circulares/2019/.pdf HTTP/1.1" 404 1218
167.0.150.45 - - [17/Sep/2023:21:36:46 -0500] "OPTIONS /kwssiamovil/sm/setfile/f? HTTP/1.1" 200 13
167.0.150.45 - - [17/Sep/2023:21:36:46 -0500] "POST /kwssiamovil/sm/setfile/f? HTTP/1.1" 200 381
216.245.221.92 - - [17/Sep/2023:21:37:13 -0500] "HEAD / HTTP/1.1" 200 -
167.0.150.45 - - [17/Sep/2023:21:37:31 -0500] "GET /kwssiamovil/sm/acme/a?s=U2FsdGVkX1+AxENRS1nwNQQcTXQGdLareXd3/+Zw/EBTI4MKvOnGb4BgTXGThAbxqBhlpchru1KYXe1EvVfrhkiS+PsOFBfgVeghuIixUGxhOCLZgLF4KXl9kTB3RHuQ/ly8IpoJMraeH5zzzbOC11HQYrvNkIR/IXKTMNqDfSQTCMlRwLo1ao1yi6D/qBP32MA6MJzEa9B3QpSl1OGPuwYMJLGZHrKm2+D49zjLnyg8jUK5aqNNhNHdWaYijok1J+gtmSq1YU9tge4cwQryYg==&u=U2FsdGVkX1/qOXWvvS9xR9HQBtAyAICm5EYX27alCJA0jmbN3NJPEzr0oKBhnMD9&y=U2FsdGVkX18/FIcB7+gYM9JrVPYRxO8r4T5dhHaB7xxddB8Bl2ttYxPoahOib3L2 HTTP/1.1" 200 26
173.252.87.119 - - [17/Sep/2023:21:37:31 -0500] "GET /images/negocios-verdes-mayo-2022.jpg HTTP/1.1" 200 48000
167.0.150.45 - - [17/Sep/2023:21:37:31 -0500] "GET /kwssiamovil/sm/acme/a?s=U2FsdGVkX1+UhL+UyZuD3RZh9eUhQSZ5/GTcsjpI+JzcVYBZaaTLeOA4dd0dn91e2RRINxvmZD85D3pcWTHmoK5eq8LePM+g69ZXF6gPRqcCQuzd3zp7lIVn1+tkm9CillJ4dFlIkxWIL/U6368dUWFz6IdJaowdNk6xCUAJURwNo5EDLPqdLbpkIncKFFXqsQ8Yji/GqXtY1S1NWzHRE1nFEW4+5gZcuG1SSEjght4Tt/wi4h7M3CTjfsy8KgJbaJYsZ0FGkpA6nMG7hAMuLMLTQ9IOhdM0mz50AcQWH6x8j0n9LMfQWIwEqiOBIT67R9BTGrHvHdBzdu4vGtB2PmYxymBG7pIjjCsC+KhT2k8E4F1h5davQ9MswNZVpVlzlDNu6RCDdpcme/7ECj0gw3TN3waDOXy1p+dIeVwfTi7+rvgW1Uo84TeR6tsS+/1n9a+5MHBkhGY9bpea2EnAwArYukDSFXqy4IrKs8757AokSSxb8AbbDCrGyDI9Py3P4N3h+6/8MWdlY9e4zCHjQ8jc5pyeZ/V11u7fjolW9dfeJpNSuf8Be+HI4/c4T9iqOfojC6efL1kRUQOHV8lwvvmoakxVV+6BGt4ECBRWrSyijt/YW0B/eeyJuRHg5o6Z6WEiduYSmWWED9AcC74ta2tDHvWJyZ+huZrdx1Tx7IrQyoKiqCoTrZHKfqSXdoWwgdlYAfWlEwS/N9rR4T3/6Ojl+btBOXIpy4ZxfPKa6mWXulWzVizcxU1zdlRqeNZBlY76WtxpWHUmcrrFvL5XqDUCA4GP6Ee+QyMwcnq2dBHmJlUEcjQs5bIPpENHzEOTC9Zbe9h+UzqjGIEFZqVdD3iHOKaFCkPG0XV8G05vz7ZdN+qqvqzIE28EciWoNLy/IgqycObi2QcypzXgsYaAkp2oEWqE3t+CZJph9zjwDSY0OiCmkeUNAhiszYIrnMtzzgRj4qsIeUufxfDw2PJmYHK8UM7/f2haUYd3ShDIeby3L8nQSJ88pYB2Yk/3T6dnex2TNcGfFwrt57N+Y+QtrDyfTwRZs5scH9s/ptI9pSkSclBo2Z0fdTlTbEG7tlMfHDjTrRrlVxCdHdhzmNx86AzUuBiTslJ8gSAQgdQDAr0+2EfvqeycDMX2pkKejG1gqPW/iMt0BCoNyNrRsKXtZepIv7n9f0KbHS2GQ07lbMJtcXX2x1F3dYF5OTYMNqBezzfjIDbvYK7XxwG5bKLmUuCarh0Nws3eEGNt1Pnjy1zQ0T3xE4VKGxG2RCdptakh9KiYHAuX1I+DjCTD7WNVITyvFuM4dRbEMSuAVFCnoDqsNdvcRQDcikTFvfZgVtNSBQXadDEhO++CwZC7csnuaVyUVz0bu3LWxr2peFCT3jNTFgUZ6bPMpWZOXccU39mIXaSULXjM+EYLoQDZ4RSxpkRC+bOXL+2U2WSiFkhKqrBWxgJfqSdtvGvZn6sN6wWKT0Kr++cHuK9exrLDjZL0yWQamRgDbvITcHKgS6qbIGmzBGaGX8Zov6EQqQ6zzAjs/k/VnCFMkJrATKXgc32Or084biyz1hM9OgOGm4VOh8gB5I7PCABsChCgCjqA+ZNxZR68KKm59l+2B40YSWuy08OLYVyAeQ7RS4FdgVDerkqNqSAaj9gw8V8j3A5wkeBKKMjQK/3cOUpE4xAKeT9xsU9cdcVQJlZ9iJwRQvH29Z74fMHCEWanE46ipwVMfJRBwh4lk6ZmQhcXcqQkP238vWZZ//k6qf8I6R7sqNNwkn2as2HhRcxyR0iSce5QtROfwORNlMSqU/B62HDYxD7L8G0GNfWMb0hC1jeN6KnmuJQEAcQAlGjjzX+bEYV72qHYzbkioxbf/cRmX3VT7ENrSUnLl9EiwTIAOUdOMvKwys9BV252+JpQ64BtgjS/F7h7n3ERTuhMyN2pPt3vDrRCC5SbCrGSK4pRcidL69SQlRnAlc9LJsbrczklCfv9yb4OITwoEh7OuFQh6GQrsYr1MUqgzeV35Q7Lta+Kt1w0i9klJLXozTbLCE5tr+4a1mF9DWyaTLc5OCgvPMPd2ooaaD5UbKEcVa+MnYH/i+OulP2+BGI7XDQHUvJ9geL3EXqsI/q3s4ep2pbOz7p142ytsXek7ii7eRIqJ+nOMSLKqtwErqgVPdkvwpJOEjOzmf4PVQGHhkbbnaR3mWtO9p5ImBhNwjUvqc1vTZcjsk6VlQvJP68DPnMoIR0E0ixOWiY1z99OmYClA1xUt2zh+/jFg3bdJs1Y4fGaCe7dtDzbHbyRCsBk+vC1HFDlatqy+Fh6PNE/PU38uv9h1aoNkKHSAlNOT1UDw7qYF/HW/eYIO1TXcHYcgbLv4FBG1dPLTjLjvqdGLfFwFOu3i8iDIQjOLPiP5tJy53rLcd4bOgHCOhq8aY5PhJJKiNayCOsYvRZMGHKoN5nMTq8efsiLS3KArsoxGrKlTJZntuIGW37WSmYhu1ZdX0FzNyWROeTxUzqBdJZjIM/SjOYx4p/5+XMssyHpwhCDujKPwIpQcRaftzCD/JfxukLOdYYvMwLXJBgl&u=U2FsdGVkX1/qOXWvvS9xR9HQBtAyAICm5EYX27alCJA0jmbN3NJPEzr0oKBhnMD9&y=U2FsdGVkX18/FIcB7+gYM9JrVPYRxO8r4T5dhHaB7xxddB8Bl2ttYxPoahOib3L2 HTTP/1.1" 200 26
167.0.150.45 - - [17/Sep/2023:21:37:32 -0500] "GET /kwssiamovil/sm/acme/a?s=U2FsdGVkX19Fmq2tVvgnkh1437oTLf81YuqXHL8t5Wo8u9JEEY8rXWLaW4tKMfkHo9wKyaG7crItIySSwhbxPJ4PjUW4E37cZXibiPUNpJJzryhjbJ1gnj7qogbnVfMnpkzIQz98WwUIro4jquxxZbrNZ7MWxzihXvDIoj3nlJk=&u=U2FsdGVkX1/qOXWvvS9xR9HQBtAyAICm5EYX27alCJA0jmbN3NJPEzr0oKBhnMD9&y=U2FsdGVkX18/FIcB7+gYM9JrVPYRxO8r4T5dhHaB7xxddB8Bl2ttYxPoahOib3L2 HTTP/1.1" 200 26
167.0.150.45 - - [17/Sep/2023:21:37:32 -0500] "GET /kwssiamovil/sm/acme/a?s=U2FsdGVkX1/Max6oeJnPjv2q9zRxtsoAyKXG6yjD19wy2YGI+rdKTMusRWAOw8d0jfC/jj7o1YCNA85PU1uTKhd5Hl+LIm+YfgznqDQsJBfH5oQGKqqqrzxpBb0PHBBKhrvOnTt/ouj6UvIlApwNkGRMYVC31AIPWBH9xXAJHIc=&u=U2FsdGVkX1/qOXWvvS9xR9HQBtAyAICm5EYX27alCJA0jmbN3NJPEzr0oKBhnMD9&y=U2FsdGVkX18/FIcB7+gYM9JrVPYRxO8r4T5dhHaB7xxddB8Bl2ttYxPoahOib3L2 HTTP/1.1" 200 26
167.0.150.45 - - [17/Sep/2023:21:37:32 -0500] "GET /kwssiamovil/sm/acme/a?s=U2FsdGVkX19q13P0R1GV3fCqWpd1odUPZSEncRZoDyZlFExh7KG/Wq+bUT428/mVT7OgGvjQOZczJAuPPIEEuA6JJvloGxd9eoWHKuTHddHDp7w6vUV7QGUfOWXsaQXlQgc1gO/AwjNQIbRjxmjb0sL1jPExiI63qfm19KnwdrA=&u=U2FsdGVkX1/qOXWvvS9xR9HQBtAyAICm5EYX27alCJA0jmbN3NJPEzr0oKBhnMD9&y=U2FsdGVkX18/FIcB7+gYM9JrVPYRxO8r4T5dhHaB7xxddB8Bl2ttYxPoahOib3L2 HTTP/1.1" 200 26
167.0.150.45 - - [17/Sep/2023:21:37:32 -0500] "GET /kwssiamovil/sm/acme/a?s=U2FsdGVkX1+bBljPBGb1iJRU7xE0ZA/AZxJgsMQ/mA5Fe5OByPnkeURHnqQ3oPWBMd3GR48y6xLz9peOBIFOaHlN5HeEhpKvIEiVCP8GOuRZYo0LvfGFaKbB9TR4mBmC8jWVnr729GMMF/hT+6ClTAVc5o1mUf+La+4acZx9HLwxsPUqMO2GGvz7uuTSjSqML5ND48tM1dzYbIJh5flckg==&u=U2FsdGVkX1/qOXWvvS9xR9HQBtAyAICm5EYX27alCJA0jmbN3NJPEzr0oKBhnMD9&y=U2FsdGVkX18/FIcB7+gYM9JrVPYRxO8r4T5dhHaB7xxddB8Bl2ttYxPoahOib3L2 HTTP/1.1" 200 26
167.0.150.45 - - [17/Sep/2023:21:37:33 -0500] "GET /kwssiamovil/sm/acme/a?s=U2FsdGVkX1/EJPhcAxTWOeEUc/9c5uqb04ZQ3Pc2W+JFbWMpBeR/njkskAtbxKxtAOQsMeK1PX3m53PfdaU5Ztt4VM8QCOp9NtXG1M1yJb5pvQRh/qYwp2st75KC5X8AeZl7hZTzJImXlI8T/zU1RFfdcF87J4kebvncqjy+C+FbuQUDbbhnKi0T9esl1uCs68+sg160Xcvd/A00AuML5CrA1Sy2dsQ0egW54ymrD48/Z/woI+h4k9MeXOhEw/3wD04PfZG7KTcFfcNJSO0IuljkPk7XXlFuGNhi9yHCO5iezvAkF7DlIlgu+pNGMANjXKQA8OokaBcg8ans2nq//pLEAMEuwzFg6rrjxDemqYxJqdtavUYMULMtUkM/E9K4YKQCg15I/9AzeUy3U5KuxjDe8oi6BT6JGt6YF6xpK79JWsGv68iZikvEO1Srj/QC1kfgosL6+fEu4TqQYXqnAP42hbvnAdxJL5XjtyQbKM30FHJRb7BZgiz9JwhURXpsZzhq92V9KmgdPNbMdrEW/5+LpOyXZc/l5JYvLdme1UuW3aCMZ35+WwgH7AuKDLu+tsbrdxfoVCFjl91dMoN/AQ==&u=U2FsdGVkX1/qOXWvvS9xR9HQBtAyAICm5EYX27alCJA0jmbN3NJPEzr0oKBhnMD9&y=U2FsdGVkX18/FIcB7+gYM9JrVPYRxO8r4T5dhHaB7xxddB8Bl2ttYxPoahOib3L2 HTTP/1.1" 200 25
167.0.150.45 - - [17/Sep/2023:21:37:33 -0500] "GET /kwssiamovil/sm/acme/a?s=U2FsdGVkX1/8CpwCDI3UkFylhm+wOCepSLJsyd17w9a34EOgg2NHFcyVrphzCGZTD28xYDMUrQ051tAfOlgfWmZ2m1Pa7HrpBT97sebsj9m7kyhLAJqUyCQFSJya32gyqv1MswVK8NDRC1kox0oiJNDgwkmQoWnDXt52rmYo9n7dKi/G4tbv/7b9N2QbQWAoN/6jngIVcf8/bgBehvjm6ggKd8OwDq6RxMXGMboYEf4JZFOEo4QsgQWUjDk9/4QVw6mEwJTVz3Oz0nR546inbO9KGMZ0JqmJ2JkE/OaTKd5aZjjO+NLWHJ/M/AG4RJGxrWZphU20M/3kECvzj00YfsBiGV+8WO2p8k9vGD1PpqQgbQBql+/m3vpjDRXnTrkXqdUCCSTRlFRBXunhObyHPMQFzJEBG5mC5kAQS9DaabepF+Cgg1Ebs39ARp5yk4wl0LQ7+g9fKZZZHsg1c7XYawgHrjSHMvrNPJ+M0e9Ucn0WoIfgmpH6TRGIQB0vCk2A8D1rk6f5m7lUvbcOCLCJzIWTs4I8SfAEPvJeDTLRzaQ=&u=U2FsdGVkX1/qOXWvvS9xR9HQBtAyAICm5EYX27alCJA0jmbN3NJPEzr0oKBhnMD9&y=U2FsdGVkX18/FIcB7+gYM9JrVPYRxO8r4T5dhHaB7xxddB8Bl2ttYxPoahOib3L2 HTTP/1.1" 200 25
191.95.58.69 - - [17/Sep/2023:21:37:57 -0500] "GET /bogota-reverdece-una-semana-por-la-sostenibilidad-la-resiliencia-climatica-y-la-calidad-del-aire.html?fbclid=IwAR3zs6o7a-q4_So2W0WmFJQHdxTs2s-v7LKMb8n_r38QGjpW0bXCm-iCkTw HTTP/1.1" 200 973
69.171.249.7 - - [17/Sep/2023:21:37:59 -0500] "GET /images/17%20de%20febrero%20mujeres%20que%20reverdecen.jpeg HTTP/1.1" 200 85735
201.245.192.253 - - [17/Sep/2023:21:38:05 -0500] "POST /kwsrmcab/Wsrmcab HTTP/1.1" 200 43239
201.245.192.253 - - [17/Sep/2023:21:38:08 -0500] "POST /kwsrmcab/Wsrmcab HTTP/1.1" 200 39552
173.252.107.4 - - [17/Sep/2023:21:38:19 -0500] "GET /lee-antes-de-compartir-secretaria-de-ambiente-y-establecimientos-de-comercio-nocturno-se-comprometen-a-una-rumba-con-menos-ruido.html HTTP/1.1" 200 1189
69.171.249.1 - - [17/Sep/2023:21:39:25 -0500] "GET /images/presentaci\xc3\xb3n%20convenci\xc3\xb3n.jpg HTTP/1.1" 404 1034
40.77.167.23 - - [17/Sep/2023:21:39:35 -0500] "GET /Publicaciones/2023EE211970.pdf HTTP/1.1" 200 1106519
172.22.2.4 - - [17/Sep/2023:21:38:04 -0500] "HEAD /BLA/boletinlegal/ HTTP/1.1" 200 -
172.22.2.4 - - [17/Sep/2023:21:38:55 -0500] "GET /BLA/boletinlegal/ HTTP/1.1" 200 58187
66.249.73.104 - - [17/Sep/2023:21:41:07 -0500] "GET /isolucionsda/Scripts/jsUtilities.js?fecha=20150217a HTTP/1.1" 200 134450
66.249.73.106 - - [17/Sep/2023:21:41:08 -0500] "GET /isolucionsda/Scripts/customRequired/base64.js HTTP/1.1" 200 3069
66.249.73.106 - - [17/Sep/2023:21:41:09 -0500] "GET /isolucionsda/Scripts/toastr.js HTTP/1.1" 200 15304
66.249.73.104 - - [17/Sep/2023:21:41:09 -0500] "GET /isolucionsda/Scripts/jquery.js HTTP/1.1" 200 299461
66.249.73.104 - - [17/Sep/2023:21:41:10 -0500] "GET /isolucionsda/Arriba.asp?Pagina=/IsolucionSDA/bancoconocimiento/D/Decreto197del22deMayode2014/Decreto197del22deMayode2014.asp&IdArticulo=8132 HTTP/1.1" 500 9068
66.249.73.104 - - [17/Sep/2023:21:41:11 -0500] "GET /isolucionsda/StyleSheet/StyleSheet.css HTTP/1.1" 200 28286
66.249.73.105 - - [17/Sep/2023:21:41:12 -0500] "GET /isolucionsda/IsolucionSDA/bancoconocimiento/D/Decreto197del22deMayode2014/Decreto197del22deMayode2014.asp?IdArticulo=8132 HTTP/1.1" 404 5038
201.245.192.253 - - [17/Sep/2023:21:41:10 -0500] "POST /kwsrmcab/Wsrmcab  HTTP/1.1" 200 39454
216.245.221.92 - - [17/Sep/2023:21:42:13 -0500] "HEAD / HTTP/1.1" 200 -
181.53.12.245 - - [17/Sep/2023:21:43:09 -0500] "GET /secretaria-de-ambiente-invita-al-conversatorio-sobre-publicidad-exterior-electoral.html HTTP/1.1" 200 822
172.22.2.4 - - [17/Sep/2023:21:44:01 -0500] "GET /BLA/boletinlegal/ HTTP/1.1" 200 24523
66.249.73.104 - - [17/Sep/2023:21:44:43 -0500] "GET /isolucionsda/IsolucionSDA/bancoconocimiento/D/Decreto197del22deMayode2014/Decreto197del22deMayode2014.asp?IdArticulo=8132 HTTP/1.1" 404 5038
172.22.2.4 - - [17/Sep/2023:21:43:54 -0500] "HEAD /BLA/boletinlegal/ HTTP/1.1" 200 -
201.245.192.253 - - [17/Sep/2023:21:46:09 -0500] "POST /kwsrmcab/Wsrmcab  HTTP/1.1" 200 39454
157.55.39.11 - - [17/Sep/2023:21:46:24 -0500] "GET /portaldeninos/tag/ruido-ambiental/ HTTP/1.1" 200 93554
172.22.2.4 - - [17/Sep/2023:21:44:45 -0500] "GET /BLA/boletinlegal/ HTTP/1.1" 200 52656
216.245.221.92 - - [17/Sep/2023:21:47:13 -0500] "HEAD / HTTP/1.1" 200 -
172.22.2.4 - - [17/Sep/2023:21:47:44 -0500] "GET /BLA/boletinlegal/ HTTP/1.1" 200 24523
216.244.66.195 - - [17/Sep/2023:21:48:35 -0500] "GET /BLA/resoluciones/RESOLUCIONES%202018/3681.pdf HTTP/1.1" 200 238921
66.249.77.135 - - [17/Sep/2023:21:48:38 -0500] "GET /portaldeninos/ HTTP/1.1" 200 110175
173.252.95.17 - - [17/Sep/2023:21:48:58 -0500] "GET /images/acuerdos-conservacion-08-23.jpg HTTP/1.1" 200 55051
66.249.77.133 - - [17/Sep/2023:21:49:05 -0500] "GET /portaldeninos/wp-content/plugins/gallery-videos/CSS/totalsoft.css?ver=4.9.8 HTTP/1.1" 200 40622
66.249.77.133 - - [17/Sep/2023:21:49:06 -0500] "GET /portaldeninos/wp-content/themes/betheme/js/scripts.js?ver=20.9.6 HTTP/1.1" 200 77162
216.244.66.195 - - [17/Sep/2023:21:49:17 -0500] "GET /BLA/resoluciones/RESOLUCIONES%202018/4187.pdf HTTP/1.1" 200 300879
172.22.2.4 - - [17/Sep/2023:21:49:23 -0500] "GET /BLA/boletinlegal/jurisprudencia/analisis/AnalisisT-095-16.docx HTTP/1.1" 200 20284
8.222.220.181 - - [17/Sep/2023:21:50:20 -0500] "GET /galeria/galeria/fotos/Entrenube4P.jpg HTTP/1.1" 200 10881
201.245.192.253 - - [17/Sep/2023:21:51:09 -0500] "POST /kwsrmcab/Wsrmcab  HTTP/1.1" 200 39454
172.22.2.4 - - [17/Sep/2023:21:49:44 -0500] "HEAD /BLA/boletinlegal/ HTTP/1.1" 200 -
216.245.221.92 - - [17/Sep/2023:21:52:13 -0500] "HEAD / HTTP/1.1" 200 -
172.22.2.4 - - [17/Sep/2023:21:50:35 -0500] "GET /BLA/boletinlegal/ HTTP/1.1" 200 58187
216.244.66.195 - - [17/Sep/2023:21:53:46 -0500] "GET /BLA/resoluciones/AUTOS%202014/0088.pdf HTTP/1.1" 200 853202
66.249.75.232 - - [17/Sep/2023:21:54:35 -0500] "GET /1-7-millones-de-personas-participaron-activamente-en-el-simulacro-distrital-de-evacuacion.html HTTP/1.1" 304 -
216.244.66.195 - - [17/Sep/2023:21:54:36 -0500] "GET /BLA/resoluciones/AUTOS%202017/0376.pdf HTTP/1.1" 200 2422572
216.244.66.195 - - [17/Sep/2023:21:55:26 -0500] "GET /BLA/resoluciones/AUTOS%202017/1006.pdf HTTP/1.1" 200 265783
66.249.75.231 - - [17/Sep/2023:21:55:32 -0500] "GET /1-7-millones-de-personas-participaron-activamente-en-el-simulacro-distrital-de-evacuacion.html HTTP/1.1" 304 -
191.108.13.227 - - [17/Sep/2023:21:56:04 -0500] "GET /mesa/contrasena.pdf HTTP/1.1" 200 443199
191.108.13.227 - - [17/Sep/2023:21:56:05 -0500] "GET /mesa/contrasena.pdf HTTP/1.1" 206 1
191.108.13.227 - - [17/Sep/2023:21:56:05 -0500] "GET /mesa/contrasena.pdf HTTP/1.1" 206 434831
216.244.66.195 - - [17/Sep/2023:21:56:09 -0500] "GET /BLA/resoluciones/AUTOS%202017/1223.pdf HTTP/1.1" 200 325123
201.245.192.253 - - [17/Sep/2023:21:56:07 -0500] "POST /kwsrmcab/Wsrmcab  HTTP/1.1" 200 39454
216.244.66.195 - - [17/Sep/2023:21:56:50 -0500] "GET /BLA/resoluciones/AUTOS%202017/3242.pdf HTTP/1.1" 200 271538
216.245.221.92 - - [17/Sep/2023:21:57:13 -0500] "HEAD / HTTP/1.1" 200 -
172.22.2.4 - - [17/Sep/2023:21:55:34 -0500] "HEAD /BLA/boletinlegal/ HTTP/1.1" 200 -
216.244.66.195 - - [17/Sep/2023:21:57:29 -0500] "GET /BLA/resoluciones/AUTOS%202018/0107.pdf HTTP/1.1" 200 230234
172.22.2.4 - - [17/Sep/2023:21:56:25 -0500] "GET /BLA/boletinlegal/ HTTP/1.1" 200 52656
216.244.66.195 - - [17/Sep/2023:21:58:07 -0500] "GET /BLA/resoluciones/AUTOS%202018/0326.pdf HTTP/1.1" 200 280990
216.244.66.195 - - [17/Sep/2023:21:58:47 -0500] "GET /BLA/resoluciones/AUTOS%202018/1223.pdf HTTP/1.1" 200 266202
66.249.73.104 - - [17/Sep/2023:21:58:53 -0500] "GET /isolucionsda/Scripts/customRequired/toasterConfiguration.js HTTP/1.1" 200 1446
172.22.2.4 - - [17/Sep/2023:21:59:07 -0500] "GET /BLA/boletinlegal/robots.txt HTTP/1.1" 404 1038
172.22.2.4 - - [17/Sep/2023:21:59:08 -0500] "GET /BLA/boletinlegal/Directivas/2017/Directiva%20No.%2004%20del%2028%20de%20Abril%20de%202017.pdf HTTP/1.1" 200 8194919
216.244.66.195 - - [17/Sep/2023:21:59:22 -0500] "GET /BLA/resoluciones/AUTOS%202018/1386.pdf HTTP/1.1" 200 304976
216.244.66.195 - - [17/Sep/2023:21:59:53 -0500] "GET /BLA/resoluciones/AUTOS%202018/3603.pdf HTTP/1.1" 200 340270
216.244.66.195 - - [17/Sep/2023:22:00:30 -0500] "GET /BLA/resoluciones/AUTOS%202018/3960.pdf HTTP/1.1" 200 651544
216.244.66.195 - - [17/Sep/2023:22:01:08 -0500] "GET /BLA/resoluciones/AUTOS%202018/4010.pdf HTTP/1.1" 200 287551
201.245.192.253 - - [17/Sep/2023:22:01:06 -0500] "POST /kwsrmcab/Wsrmcab  HTTP/1.1" 200 39454
216.244.66.195 - - [17/Sep/2023:22:01:46 -0500] "GET /BLA/resoluciones/AUTOS%202020/0228.pdf HTTP/1.1" 200 270240
216.245.221.92 - - [17/Sep/2023:22:02:13 -0500] "HEAD / HTTP/1.1" 200 -
216.244.66.195 - - [17/Sep/2023:22:02:17 -0500] "GET /BLA/resoluciones/AUTOS%202020/0308.pdf HTTP/1.1" 200 282616
216.244.66.195 - - [17/Sep/2023:22:02:46 -0500] "GET /BLA/resoluciones/AUTOS%202020/0409.pdf HTTP/1.1" 200 2424668
172.22.2.4 - - [17/Sep/2023:22:01:24 -0500] "HEAD /BLA/boletinlegal/ HTTP/1.1" 200 -
216.244.66.195 - - [17/Sep/2023:22:03:20 -0500] "GET /BLA/resoluciones/AUTOS%202020/0556.pdf HTTP/1.1" 200 363690
172.22.2.4 - - [17/Sep/2023:22:02:06 -0500] "GET /BLA/boletinlegal/ HTTP/1.1" 200 48660
216.244.66.195 - - [17/Sep/2023:22:03:50 -0500] "GET /BLA/resoluciones/AUTOS%202020/0584.pdf HTTP/1.1" 200 974621
172.22.2.4 - - [17/Sep/2023:22:02:15 -0500] "GET /BLA/boletinlegal/ HTTP/1.1" 200 49695
216.244.66.195 - - [17/Sep/2023:22:04:21 -0500] "GET /BLA/resoluciones/AUTOS%202020/0725.pdf HTTP/1.1" 200 322009
216.244.66.195 - - [17/Sep/2023:22:04:49 -0500] "GET /BLA/resoluciones/AUTOS%202020/0907.pdf HTTP/1.1" 200 382759
216.244.66.195 - - [17/Sep/2023:22:05:17 -0500] "GET /BLA/resoluciones/AUTOS%202020/0942.pdf HTTP/1.1" 200 499449
216.244.66.195 - - [17/Sep/2023:22:05:46 -0500] "GET /BLA/resoluciones/AUTOS%202020/1002.pdf HTTP/1.1" 200 839999
201.245.192.253 - - [17/Sep/2023:22:06:05 -0500] "POST /kwsrmcab/Wsrmcab  HTTP/1.1" 200 39454
216.245.221.92 - - [17/Sep/2023:22:07:13 -0500] "HEAD / HTTP/1.1" 200 -
172.22.2.4 - - [17/Sep/2023:22:07:14 -0500] "HEAD /BLA/boletinlegal/ HTTP/1.1" 200 -
172.22.2.4 - - [17/Sep/2023:22:08:05 -0500] "GET /BLA/boletinlegal/ HTTP/1.1" 200 55844
216.244.66.195 - - [17/Sep/2023:22:10:05 -0500] "GET /robots.txt HTTP/1.1" 404 1018
172.22.2.4 - - [17/Sep/2023:22:08:53 -0500] "GET /BLA/boletinlegal/ HTTP/1.1" 200 49099
201.245.192.253 - - [17/Sep/2023:22:11:04 -0500] "POST /kwsrmcab/Wsrmcab  HTTP/1.1" 200 39454
216.245.221.92 - - [17/Sep/2023:22:12:13 -0500] "HEAD / HTTP/1.1" 200 -
172.22.2.4 - - [17/Sep/2023:22:13:04 -0500] "HEAD /BLA/boletinlegal/ HTTP/1.1" 200 -
172.22.2.4 - - [17/Sep/2023:22:13:55 -0500] "GET /BLA/boletinlegal/ HTTP/1.1" 200 60342
201.245.192.253 - - [17/Sep/2023:22:16:03 -0500] "POST /kwsrmcab/Wsrmcab  HTTP/1.1" 200 39454
69.63.189.3 - - [17/Sep/2023:22:16:16 -0500] "GET /decision-de-frenar-obras-en-el-zuque-es-caprichosa-y-priva-a-la-ciudadania-de-conocer-y-preservar-los-cerros-orientales-urrutia-secretaria-de-ambiente.html HTTP/1.1" 200 1018
216.245.221.92 - - [17/Sep/2023:22:17:13 -0500] "HEAD / HTTP/1.1" 200 -
172.22.2.4 - - [17/Sep/2023:22:18:04 -0500] "GET /BLA/boletinlegal/jurisprudencia/analisis/ANALISIST-257-96.docx HTTP/1.1" 200 19486
201.245.192.253 - - [17/Sep/2023:22:18:04 -0500] "POST /kwsrmcab/Wsrmcab HTTP/1.1" 200 43251
201.245.192.253 - - [17/Sep/2023:22:18:07 -0500] "POST /kwsrmcab/Wsrmcab HTTP/1.1" 200 39556
186.102.98.213 - - [17/Sep/2023:22:19:57 -0500] "GET /kwssiamovil/sm/ldap/au?x=U2FsdGVkX186WPVzJRWolL12MEkgHUXyKbEE4eB3k8qpospKeYzkVaIawT9NbtCn&y=U2FsdGVkX19qozyc4pkHvJm6z0TIk19wtKvlqsnQoBLP8Iv6PZQK+icn9fGSjl9C HTTP/1.1" 200 31
186.102.98.213 - - [17/Sep/2023:22:20:16 -0500] "GET /kwssiamovil/sm/ldap/au?x=U2FsdGVkX18+08w1011jAZiedlQs+0RLvDNJ8eJouid0Dfyfzb6App+mnGB9nx33&y=U2FsdGVkX18VtBlkBjHivj6PmFXlTNLLMigI10830swlkyx5a5eeraVjyXU9tLJ5 HTTP/1.1" 200 30
186.102.98.213 - - [17/Sep/2023:22:20:16 -0500] "GET /kwssiamovil/sm/acme/s?s=U2FsdGVkX184qoPfrgGapMYj+hdUMDfdBoBipVEk5X8foOWRcPj00WeeIrdu5k/I0j3q/VfGT7IEo8MPFm6lvPY2eGs1aQpi2SG47Hr28Rs=&u=U2FsdGVkX18WJnZnpPkmcapHmO6HCSo0QM1Fhy4HOiI=&y=U2FsdGVkX18VtBlkBjHivj6PmFXlTNLLMigI10830swlkyx5a5eeraVjyXU9tLJ5 HTTP/1.1" 200 70
186.102.98.213 - - [17/Sep/2023:22:20:16 -0500] "GET /kwssiamovil/sm/acme/s?s=U2FsdGVkX1/0HgRlScZhz9LcnrpeeE9pXDEWSfmhCFUDFIYT5oGq7BOQm7kuO6f1nJtkIiOxiC121CCItyN0hIlbC98aDkBjWypL0DtrKfk8FjtYL6v/jl8DNGXYHEygrHoB07es3LB0PZuymh5KIN+erA4y6dDt0nTmE6eujy7s6lDZ9yItzQ2JpvwicHQYmCgegc7X4sj8+m09A4U/AMTqE4nHUXE3kaqCujMqJkUZCCUKIZOOvAvDzCKNtkGTeczMP68t+aYX6FGE/qE2KQSJca4EulEmEDeDyK92kUw5E/TE+++sNbRD6sjalczpvuWwT/Vl11QBT/Pfz/ov0+kN3JtEJ1CpBtJvwY82YujuO2twXUG0/etJSoj5DFcd/s0GigaKLjw7J5wle60n5ggnMbw4srGvhgltLGxCKuVJu/ajAUxXmN5ftcxOGWrRNF6PxvjZSW6e4gv5ebMslOBlNoPfettkTGtiMwRKXBCsc3EIESrhPtQ5O10oZ7/xaXDbhVdfV1etWj6W/Lnnnl3tUln+cd3ulQ1u29oX61pxQ2nQ6n+Fx3T78thaNj98/6TFRtYofdeXGh/xSgBY/rPYnWwikQuAg1JPqOOXhsEWef5FltYmI+ufGQmL8CGYuLgBhoKdzJcZv4PqeqsJi6d2l/WPhBZ4yvTqYPiCyzYfCRwrnnnid/lzgu5HegiB0lGXLO9RFnIRbBXmSCmEs7OZ7lxV+AbZg0l0uhbh3xAG4mq3rd2Im1aLduQ3+V7SvymcMl5Q+Nv7YpBrHTIe1S6dEGfN9PbeuHBWUPVSpaQTuMHyWUutAGyVqqtHQWYWzasaR7l84QhVnMFPFw46z4aKroWiWhI79PUZVn/KXhEggCQTpHTFZxswhp6nenGXwHuOvw5wwwZLV9dITwb+j5pH4rRbheNKYepCBIS8zV0hRlufUwVYgdBnyzMzzRg0GdhTeGiuhsxLfXLq22z1ka9PXVxaQtnb4wszNm5L8Rabhvb7Skd+ibRhj2FVrKoG+CAQHULH+x3z9XE9dnOvFSGV9QyzD7lnhJwh5fS38kE2H5yw0cGvQGezCN0tiZOlE5x6/HF2ZQI4pknSfYuVmC7qo5hpTr7VgtxrFRiTaG/lHZbeKptZC/G5c9P6fEES4S7Z6033ZVIsQHgfRfujBYmW1WW8oLPJ9kizVIwVEM+uGdAJBSWdZJyRcmRFbkj5FarN0GX6MHEtxABOXmTux5VfWF8hhHhACbN7IdOtmuqSS3jRjhZtsi2QJyhAqR8Z+DM4fn+f1uUksQ1rkkK27WMfM2KBNjaKv/u6m/GvmGajs+swC0CfjezZBSKpDUFORpYfz4Ru30TrE0QwAqe8yGd15lBcHmFadplkcdtTqpekm2SFZu4bNly7BSboB3HNkNC1yZYFH8hn+EjkP7hwEoMMjmAJyDvppq5lozQE7H4=&u=U2FsdGVkX18WJnZnpPkmcapHmO6HCSo0QM1Fhy4HOiI=&y=U2FsdGVkX18VtBlkBjHivj6PmFXlTNLLMigI10830swlkyx5a5eeraVjyXU9tLJ5 HTTP/1.1" 200 2102
186.102.98.213 - - [17/Sep/2023:22:20:16 -0500] "GET /kwssiamovil/sm/acme/s?s=U2FsdGVkX1/beOyrI8oQpg6Mu8f8fn+RDQq/HLvn97Tstp9mLRfQuiTmzmAfhQPfKE9f+8HzLJ2VDEkPv1PwaFdHD/2UTi3ojuW5YUko51+eIlv4l5hOt0PkLn9SKMcFZ5tmQINwHah2/ia9SkKorSiNvac5K3EQ+hDB39alxqR6CZaHvwgYqtrOcYnPmhdBPDi+BtEY4LAWckP20vNHACifLKwOjHQ8fFqnel+sh23ezLzYPwCD5+b3UmAJg+XcQdlfcD00h5oNJEp1kNklwDu0yXNCSMUo74m5gtGqhXKCK1VF5PlQWIYBTKH8JKpuaFbD41spCnNCQYIGR7LcIg==&u=U2FsdGVkX18WJnZnpPkmcapHmO6HCSo0QM1Fhy4HOiI=&y=U2FsdGVkX18VtBlkBjHivj6PmFXlTNLLMigI10830swlkyx5a5eeraVjyXU9tLJ5 HTTP/1.1" 200 196
186.102.98.213 - - [17/Sep/2023:22:20:17 -0500] "GET /kwssiamovil/sm/cjson/pre?f=1&x=U2FsdGVkX18+08w1011jAZiedlQs+0RLvDNJ8eJouid0Dfyfzb6App+mnGB9nx33 HTTP/1.1" 200 31032
172.22.2.4 - - [17/Sep/2023:22:18:54 -0500] "HEAD /BLA/boletinlegal/ HTTP/1.1" 200 -
40.77.167.6 - - [17/Sep/2023:22:20:56 -0500] "GET /galeria/galeria/jquery.fancybox.js?v=2.1.5 HTTP/1.1" 200 48706
201.245.192.253 - - [17/Sep/2023:22:21:02 -0500] "POST /kwsrmcab/Wsrmcab  HTTP/1.1" 200 39454
172.22.2.4 - - [17/Sep/2023:22:19:45 -0500] "GET /BLA/boletinlegal/ HTTP/1.1" 200 58187
172.22.2.4 - - [17/Sep/2023:22:22:10 -0500] "GET /BLA/boletinlegal/actos.php HTTP/1.1" 200 9682
172.22.2.4 - - [17/Sep/2023:22:22:10 -0500] "GET /BLA/boletinlegal/styles2.css HTTP/1.1" 200 1838
172.22.2.4 - - [17/Sep/2023:22:22:10 -0500] "GET /BLA/boletinlegal/js/ajax_actos.js HTTP/1.1" 200 1322
172.22.2.4 - - [17/Sep/2023:22:22:10 -0500] "GET /BLA/boletinlegal/style.css HTTP/1.1" 200 9406
172.22.2.4 - - [17/Sep/2023:22:22:10 -0500] "GET /BLA/boletinlegal/niceforms-default.css HTTP/1.1" 200 6694
172.22.2.4 - - [17/Sep/2023:22:22:10 -0500] "GET /BLA/boletinlegal/niceforms.js HTTP/1.1" 200 22876
172.22.2.4 - - [17/Sep/2023:22:22:10 -0500] "GET /BLA/boletinlegal/js/popup.js HTTP/1.1" 200 1270
172.22.2.4 - - [17/Sep/2023:22:22:10 -0500] "GET /BLA/boletinlegal/js/lib.js HTTP/1.1" 200 6474
172.22.2.4 - - [17/Sep/2023:22:22:10 -0500] "GET /BLA/boletinlegal/js/jquery1.js HTTP/1.1" 200 29846
172.22.2.4 - - [17/Sep/2023:22:22:10 -0500] "GET /BLA/boletinlegal/images/cabezote%20BLEGAL.jpg HTTP/1.1" 200 118164
172.22.2.4 - - [17/Sep/2023:22:22:10 -0500] "GET /BLA/boletinlegal/images/subscribe-icon-big.png HTTP/1.1" 200 47702
172.22.2.4 - - [17/Sep/2023:22:22:10 -0500] "GET /BLA/boletinlegal/images/historia.png HTTP/1.1" 200 52775
172.22.2.4 - - [17/Sep/2023:22:22:10 -0500] "GET /BLA/boletinlegal/images/tel.png HTTP/1.1" 200 14477
172.22.2.4 - - [17/Sep/2023:22:22:10 -0500] "GET /BLA/boletinlegal/images/registro-usuarios.png HTTP/1.1" 200 8106
172.22.2.4 - - [17/Sep/2023:22:22:10 -0500] "GET /BLA/boletinlegal/images/green-yellow-blue-pink-th.png HTTP/1.1" 200 7394
172.22.2.4 - - [17/Sep/2023:22:22:11 -0500] "GET /BLA/boletinlegal/images/body_bg.jpg HTTP/1.1" 200 1601
172.22.2.4 - - [17/Sep/2023:22:22:11 -0500] "GET /BLA/boletinlegal/images/hover.jpg HTTP/1.1" 200 640
172.22.2.4 - - [17/Sep/2023:22:22:11 -0500] "GET /BLA/boletinlegal/images/footer_bg.jpg HTTP/1.1" 200 586
172.22.2.4 - - [17/Sep/2023:22:22:11 -0500] "GET /BLA/boletinlegal/images/menu_rght.gif HTTP/1.1" 200 1627
172.22.2.4 - - [17/Sep/2023:22:22:11 -0500] "GET /BLA/boletinlegal/images/menu_bg.jpg HTTP/1.1" 200 620
172.22.2.4 - - [17/Sep/2023:22:22:11 -0500] "GET /BLA/boletinlegal/images/bg_top.jpg HTTP/1.1" 200 522
172.22.2.4 - - [17/Sep/2023:22:22:11 -0500] "GET /BLA/boletinlegal/images/menu_lft.gif HTTP/1.1" 200 1713
172.22.2.4 - - [17/Sep/2023:22:22:11 -0500] "GET /BLA/boletinlegal/images/text.jpg HTTP/1.1" 200 568
172.22.2.4 - - [17/Sep/2023:22:22:11 -0500] "GET /BLA/boletinlegal/images/icono-email.png HTTP/1.1" 200 5544
172.22.2.4 - - [17/Sep/2023:22:22:11 -0500] "GET /BLA/boletinlegal/images/footer_bg_l.jpg HTTP/1.1" 200 776
172.22.2.4 - - [17/Sep/2023:22:22:11 -0500] "GET /BLA/boletinlegal/img/0.png HTTP/1.1" 200 110
172.22.2.4 - - [17/Sep/2023:22:22:11 -0500] "GET /BLA/boletinlegal/img/select-left.png HTTP/1.1" 200 263
172.22.2.4 - - [17/Sep/2023:22:22:11 -0500] "GET /BLA/boletinlegal/img/select-right.png HTTP/1.1" 200 44019
172.22.2.4 - - [17/Sep/2023:22:22:11 -0500] "GET /BLA/boletinlegal/img/button-left.png HTTP/1.1" 200 57071
172.22.2.4 - - [17/Sep/2023:22:22:11 -0500] "GET /BLA/boletinlegal/img/button.png HTTP/1.1" 200 43241
172.22.2.4 - - [17/Sep/2023:22:22:11 -0500] "GET /BLA/boletinlegal/img/button-right.png HTTP/1.1" 200 57878
172.22.2.4 - - [17/Sep/2023:22:22:11 -0500] "GET /BLA/boletinlegal/favicon.ico HTTP/1.1" 404 1326
191.95.57.216 - - [17/Sep/2023:22:22:12 -0500] "GET /BLA/resoluciones/ HTTP/1.1" 200 13696
191.95.57.216 - - [17/Sep/2023:22:22:13 -0500] "GET /favicon.ico HTTP/1.1" 200 7782
216.245.221.92 - - [17/Sep/2023:22:22:13 -0500] "HEAD / HTTP/1.1" 200 -
191.95.57.216 - - [17/Sep/2023:22:22:18 -0500] "GET /BLA/resoluciones/index.php?dir=RESOLUCIONES+2018%2F HTTP/1.1" 200 279088
17.241.227.75 - - [17/Sep/2023:22:22:25 -0500] "GET /durante-la-segunda-feria-de-tecnologia-y-movilidad-sostenible-distrito-etiqueto-vehiculos-cero-emisiones.html HTTP/1.1" 200 1142
172.22.2.4 - - [17/Sep/2023:22:23:53 -0500] "GET /BLA/boletinlegal/js/jquery.scrollTo-min.js HTTP/1.1" 200 1150
172.22.2.4 - - [17/Sep/2023:22:23:53 -0500] "GET /BLA/boletinlegal/js/jquery.scrollShow.js HTTP/1.1" 200 4586
172.22.2.4 - - [17/Sep/2023:22:23:53 -0500] "GET /BLA/boletinlegal/js/jquery.js HTTP/1.1" 200 57254
172.22.2.4 - - [17/Sep/2023:22:23:43 -0500] "GET /BLA/boletinlegal/ HTTP/1.1" 200 32715
186.102.98.213 - - [17/Sep/2023:22:25:59 -0500] "GET /kwssiamovil/sm/acme/a?s=U2FsdGVkX19AG6IKP6cVK53Ee0hRAA3YyZ4l9akqTgg2/11/MelVah0axGzvKnBteB1PDoNusW/HXthlzxjA8OPyI3MiGZ2ROZJyJw0/WYys5JJi2IaLYHEXAwGHyLW8dvhmiB/4iNtOzb9yAHM28FZttvtH6WIKL7wykJCsibHPJBBBHgOFiuYxzmsgJslwT7vzBMKpbu0MfxqjCdqgnjHZmIXGED/yJ/NB4BoWSA8zGKDRQr9robI4u38Q+dGZD3nEaNA2x/8hgoWW5TiK0g==&u=U2FsdGVkX18WJnZnpPkmcapHmO6HCSo0QM1Fhy4HOiI=&y=U2FsdGVkX18VtBlkBjHivj6PmFXlTNLLMigI10830swlkyx5a5eeraVjyXU9tLJ5 HTTP/1.1" 200 26
186.102.98.213 - - [17/Sep/2023:22:26:00 -0500] "GET /kwssiamovil/sm/acme/a?s=U2FsdGVkX19FbkQ8ZoX62K/0DpUTvAnPRmyT61Y3NruZDpviqeKyyl5sYqH9ppcA8I3O8BvrfzNv7EWrH3jo0VzfCzXhKPTldzVZu/78owOkc8hGFhgMKHU3VBgIafyDDZRS2tZ5AxG9mzhC22Azo7UcwoimoN44rvJpJhmEM38YLp52Dc+317XKT9Wy99Bu5n56U2+pU0yeOIPyW/FqPtzDY0jvQSlVZmPe3/u7o+mM9CEoUk4l+vLAwjENWFdLEXMVaa2dN+ZALDPZaogsf7qtDFtBVCCwgBcPfIdQYcMdU4M4po8AsGLDJ20dJtQ/ZJ/MQVI65vxkri07JfH452EE0kJ9LV2kMpqyVqmplXVTSuhDLHYb9nPGmWP81h6GDUFLIt7W7nwI9xM+phg+lMzTvcOnileXM7bM959gD+w5E/u5Ui3hLtFrhsFRntu4FGlSx6/ayVGauuLVP7Aj1Uwv9KfYKftcdqgrfSBQwcRSJihjjbP/1UZDw9dKSJWQefFXtFxd/+Ms98OoJycea5ftwdCfr64rGZB6kIrlub3ylkmH5rZglRv1m/HhVjuci2aP1FtdvD0aAgEcytS2FWkCHxOt2VLQK3QOKv08Las0xO+V7iYSl2x3A+s1VBWYEAIntI/SzmsPY12FhA1+oZAOhPez0GDKFiQMRSAOxKegYHEHvzVO8m8Xv7BlcXRCHKWhWGy21A2dHfVhtq1VCkNKPuMwUYX6mfX6haY+xEIknsVD60D4W0Vn9wItT9W1JA0lLXMPwiNGBDJmO8cZ1xRjkJh+12Cdou/1b9WY10jyQKOCFfKr6yYLKSsX/e4pTDx28rExbj+GtxAMgWH6pY9Y0D+nCLp0CycukVl+7tP0nRQk+wxux3ffP8Kt/wHznUm+QApb/YENCrNcsN5Hb8uzXWtv+yHhlnzfCu0wYjBGYe8HLnWF9oEWWZoa2hMYN0t1+VcX2k1hESo/+ScSKIQ8CiC4+2zywMAIJBodQEFVhswf/GwwrHSMl6DLRKzNIAq6HFWY6N512S/Rr77sch6HsFDFkeBfBD7CPyBhyk29Zcx9KlfEnIJEOwTpS0wuNa8WFRxPz1a2QFkQqktqKEAHSzJtyvGmG6bs5YwBc88ulbYV3lFV0Owhu7tdOl4oY+Xk+ZzaZPdD58gXZmaYBgORuhUPiQrhshM/DVBfsX4kutbd4Y82TKrhFsjg869u4/sGiuqXCHGcl28P647jogvc/ViJWVL9YOucq2Ygyx63deLcow6t0s58bsHou15AfgK0lIy6tGHesLjLwq6lv0RQ1awZ/5rMGDm65c5Lkaqrrz2poFBZT/ycr1op/vrkyH3IenUL14IaSf20OA5hA+cpTxkpOTbui8chhm7e/uQU49ha73Zr0eqKCm/N+xdy&u=U2FsdGVkX18WJnZnpPkmcapHmO6HCSo0QM1Fhy4HOiI=&y=U2FsdGVkX18VtBlkBjHivj6PmFXlTNLLMigI10830swlkyx5a5eeraVjyXU9tLJ5 HTTP/1.1" 200 26
186.102.98.213 - - [17/Sep/2023:22:26:00 -0500] "GET /kwssiamovil/sm/acme/a?s=U2FsdGVkX18gjg6z5xZeOWXZkmCHmBFafzJE9PlA//OIQ+3UhKFLF4S2NA2i/d7k4l019dEIT7tMHSbu9Z9YgU+NIpSJvlAb6/Lq0CWbHLMDT8YFCKnVSDmu86g6omswHo6LOU/d+XW8+oLKCehPHIbuh7Y/LTkBAc8Xgmk/66Q=&u=U2FsdGVkX18WJnZnpPkmcapHmO6HCSo0QM1Fhy4HOiI=&y=U2FsdGVkX18VtBlkBjHivj6PmFXlTNLLMigI10830swlkyx5a5eeraVjyXU9tLJ5 HTTP/1.1" 200 26
186.102.98.213 - - [17/Sep/2023:22:26:00 -0500] "GET /kwssiamovil/sm/acme/a?s=U2FsdGVkX188u/tlFDywPwuJiS7AtxTSHBQwTC9wTNzrRGhtWmdxx3+ZEgPQ0mixdjm8mPbUBTRhmSS8ukSQHX9vOd4gILLoiB206vycuMGF+QY8oJL+Y6z1shUrITPZkWpZlHI77r98gwSm5TMBGaeGO+9IsuOvalxu0/Id1lE=&u=U2FsdGVkX18WJnZnpPkmcapHmO6HCSo0QM1Fhy4HOiI=&y=U2FsdGVkX18VtBlkBjHivj6PmFXlTNLLMigI10830swlkyx5a5eeraVjyXU9tLJ5 HTTP/1.1" 200 26
186.102.98.213 - - [17/Sep/2023:22:26:01 -0500] "GET /kwssiamovil/sm/acme/a?s=U2FsdGVkX1+UwN5RFXN9gf0+RVJKuVcqB3DabV7jPckrFO9W376jLg0zLs09C9AXAkzkixsPmYv7eTu52DptGA/RgD7DPo+cUyr3Yy+33T8ktTVn3kEZ6Amm0RjIsIf78Q3V4USlQAwvBpG8A6RmwX80GD/big9M7rQQ8Lb2Qxs=&u=U2FsdGVkX18WJnZnpPkmcapHmO6HCSo0QM1Fhy4HOiI=&y=U2FsdGVkX18VtBlkBjHivj6PmFXlTNLLMigI10830swlkyx5a5eeraVjyXU9tLJ5 HTTP/1.1" 200 26
186.102.98.213 - - [17/Sep/2023:22:26:01 -0500] "GET /kwssiamovil/sm/acme/a?s=U2FsdGVkX1+bCsEDfxA5uOVKUizLooG03ZnihEmF3gaEKHp81hv3R6j+TerSaqKR1YhZYTzWF1MWRNYT2fgYxcIq9E1TdbGsb0R38BZOSMfTPkk93igROmnXHJbjCMM0w6U+vtqPf/KcCAeHsJmyshUW0+iKu+hfBt2ZHlwajHr13jValLI63w8oKj/zdtia&u=U2FsdGVkX18WJnZnpPkmcapHmO6HCSo0QM1Fhy4HOiI=&y=U2FsdGVkX18VtBlkBjHivj6PmFXlTNLLMigI10830swlkyx5a5eeraVjyXU9tLJ5 HTTP/1.1" 200 26
201.245.192.253 - - [17/Sep/2023:22:26:01 -0500] "POST /kwsrmcab/Wsrmcab  HTTP/1.1" 200 39454
172.22.2.4 - - [17/Sep/2023:22:24:44 -0500] "HEAD /BLA/boletinlegal/ HTTP/1.1" 200 -
216.245.221.92 - - [17/Sep/2023:22:27:13 -0500] "HEAD / HTTP/1.1" 200 -
172.22.2.4 - - [17/Sep/2023:22:25:35 -0500] "GET /BLA/boletinlegal/ HTTP/1.1" 200 60692
111.202.101.90 - - [17/Sep/2023:22:27:28 -0500] "GET / HTTP/1.1" 200 319
201.245.192.253 - - [17/Sep/2023:22:28:05 -0500] "POST /kwsrmcab/Wsrmcab HTTP/1.1" 200 43251
201.245.192.253 - - [17/Sep/2023:22:28:08 -0500] "POST /kwsrmcab/Wsrmcab HTTP/1.1" 200 39556
40.77.167.136 - - [17/Sep/2023:22:28:38 -0500] "GET /BLA/resoluciones/AUTOS%202022/2170.pdf HTTP/1.1" 304 -
201.245.192.253 - - [17/Sep/2023:22:29:21 -0500] "GET /sipse/faces/faces/autenticacion.xhtml HTTP/1.1" 404 1080
201.245.192.253 - - [17/Sep/2023:22:29:21 -0500] "GET /favicon.ico HTTP/1.1" 200 7782
40.77.167.136 - - [17/Sep/2023:22:30:19 -0500] "GET /Publicaciones/2023EE212090.pdf HTTP/1.1" 200 627524
201.245.192.253 - - [17/Sep/2023:22:30:59 -0500] "POST /kwsrmcab/Wsrmcab  HTTP/1.1" 200 39454
216.245.221.92 - - [17/Sep/2023:22:32:13 -0500] "HEAD / HTTP/1.1" 200 -
172.22.2.4 - - [17/Sep/2023:22:30:34 -0500] "HEAD /BLA/boletinlegal/ HTTP/1.1" 200 -
172.22.2.4 - - [17/Sep/2023:22:31:24 -0500] "GET /BLA/boletinlegal/ HTTP/1.1" 200 58187
201.245.192.253 - - [17/Sep/2023:22:33:35 -0500] "GET /sipse/faces/faces/autenticacion.xhtml HTTP/1.1" 404 1080
201.245.192.253 - - [17/Sep/2023:22:33:35 -0500] "GET /favicon.ico HTTP/1.1" 200 7782
66.249.77.134 - - [17/Sep/2023:22:33:37 -0500] "GET /portaldeninos/ HTTP/1.1" 200 110175
172.22.2.4 - - [17/Sep/2023:22:32:41 -0500] "GET /BLA/boletinlegal/ HTTP/1.1" 200 60342
216.244.66.195 - - [17/Sep/2023:22:34:51 -0500] "GET /BLA/resoluciones/RESOLUCIONES%202018/3785.pdf HTTP/1.1" 200 412690
201.245.192.253 - - [17/Sep/2023:22:34:55 -0500] "GET /sipse/faces/faces/autenticacion.xhtml HTTP/1.1" 200 12738
201.245.192.253 - - [17/Sep/2023:22:34:56 -0500] "GET /sipse/js/disable_browser_buttons.js HTTP/1.1" 200 3230
201.245.192.253 - - [17/Sep/2023:22:34:56 -0500] "GET /sipse/js/funciones.js HTTP/1.1" 200 12592
201.245.192.253 - - [17/Sep/2023:22:34:56 -0500] "GET /sipse/css/custom_css_sg_prime_login.css HTTP/1.1" 200 443
201.245.192.253 - - [17/Sep/2023:22:34:56 -0500] "GET /sipse/css/custom_css_sg.css HTTP/1.1" 200 9694
201.245.192.253 - - [17/Sep/2023:22:34:56 -0500] "GET /sipse/faces/javax.faces.resource/layout/layout.css;jsessionid=0H-E-fJzcPCXTW8Y2NkKUmA8.undefined?ln=primefaces&v=4.0 HTTP/1.1" 200 542
201.245.192.253 - - [17/Sep/2023:22:34:56 -0500] "GET /sipse/faces/javax.faces.resource/jquery/jquery.js;jsessionid=0H-E-fJzcPCXTW8Y2NkKUmA8.undefined?ln=primefaces&v=4.0 HTTP/1.1" 200 105384
201.245.192.253 - - [17/Sep/2023:22:34:56 -0500] "GET /sipse/faces/javax.faces.resource/primefaces.css;jsessionid=0H-E-fJzcPCXTW8Y2NkKUmA8.undefined?ln=primefaces&v=4.0 HTTP/1.1" 200 53295
201.245.192.253 - - [17/Sep/2023:22:34:56 -0500] "GET /sipse/faces/javax.faces.resource/theme.css?ln=primefaces-sipse HTTP/1.1" 200 50058
201.245.192.253 - - [17/Sep/2023:22:34:56 -0500] "GET /sipse/faces/javax.faces.resource/layout/layout.js;jsessionid=0H-E-fJzcPCXTW8Y2NkKUmA8.undefined?ln=primefaces&v=4.0 HTTP/1.1" 200 87560
201.245.192.253 - - [17/Sep/2023:22:34:56 -0500] "GET /sipse/faces/javax.faces.resource/primefaces.js;jsessionid=0H-E-fJzcPCXTW8Y2NkKUmA8.undefined?ln=primefaces&v=4.0 HTTP/1.1" 200 276924
201.245.192.253 - - [17/Sep/2023:22:34:56 -0500] "GET /sipse/faces/javax.faces.resource/jquery/jquery-plugins.js;jsessionid=0H-E-fJzcPCXTW8Y2NkKUmA8.undefined?ln=primefaces&v=4.0 HTTP/1.1" 200 220526
201.245.192.253 - - [17/Sep/2023:22:34:56 -0500] "GET /sipse/css/imagen/loginimg.png HTTP/1.1" 200 71635
201.245.192.253 - - [17/Sep/2023:22:34:56 -0500] "GET /sipse/faces/javax.faces.resource/images/ui-icons_898989_256x240.png?ln=primefaces-aristo HTTP/1.1" 200 5355
201.245.192.253 - - [17/Sep/2023:22:34:56 -0500] "GET /sipse/css/imagen/logoSDG.png HTTP/1.1" 200 53064
201.245.192.253 - - [17/Sep/2023:22:34:56 -0500] "GET /sipse/faces/faces/index.xhtml HTTP/1.1" 200 677
201.245.192.253 - - [17/Sep/2023:22:34:56 -0500] "GET /sipse/faces/javax.faces.resource/theme.css?ln=primefaces-sipse HTTP/1.1" 304 -
201.245.192.253 - - [17/Sep/2023:22:34:56 -0500] "GET /sipse/faces/faces/faces/autenticacion.xhtml HTTP/1.1" 200 12416
201.245.192.253 - - [17/Sep/2023:22:34:56 -0500] "GET /sipse/js/disable_browser_buttons.js HTTP/1.1" 304 -
201.245.192.253 - - [17/Sep/2023:22:34:56 -0500] "GET /sipse/js/funciones.js HTTP/1.1" 304 -
201.245.192.253 - - [17/Sep/2023:22:34:56 -0500] "GET /sipse/css/custom_css_sg.css HTTP/1.1" 304 -
201.245.192.253 - - [17/Sep/2023:22:34:56 -0500] "GET /sipse/css/custom_css_sg_prime_login.css HTTP/1.1" 304 -
201.245.192.253 - - [17/Sep/2023:22:34:56 -0500] "GET /sipse/faces/javax.faces.resource/theme.css?ln=primefaces-sipse HTTP/1.1" 304 -
201.245.192.253 - - [17/Sep/2023:22:34:56 -0500] "GET /sipse/faces/javax.faces.resource/layout/layout.css?ln=primefaces&v=4.0 HTTP/1.1" 200 542
201.245.192.253 - - [17/Sep/2023:22:34:56 -0500] "GET /sipse/faces/javax.faces.resource/layout/layout.js?ln=primefaces&v=4.0 HTTP/1.1" 200 87560
201.245.192.253 - - [17/Sep/2023:22:34:56 -0500] "GET /sipse/faces/javax.faces.resource/primefaces.css?ln=primefaces&v=4.0 HTTP/1.1" 200 53295
201.245.192.253 - - [17/Sep/2023:22:34:56 -0500] "GET /sipse/faces/javax.faces.resource/jquery/jquery-plugins.js?ln=primefaces&v=4.0 HTTP/1.1" 200 220526
201.245.192.253 - - [17/Sep/2023:22:34:56 -0500] "GET /sipse/faces/javax.faces.resource/jquery/jquery.js?ln=primefaces&v=4.0 HTTP/1.1" 200 105384
201.245.192.253 - - [17/Sep/2023:22:34:56 -0500] "GET /sipse/faces/javax.faces.resource/primefaces.js?ln=primefaces&v=4.0 HTTP/1.1" 200 276924
201.245.192.253 - - [17/Sep/2023:22:34:56 -0500] "GET /sipse/css/imagen/logoSDG.png HTTP/1.1" 304 -
201.245.192.253 - - [17/Sep/2023:22:34:56 -0500] "GET /sipse/css/imagen/loginimg.png HTTP/1.1" 304 -
201.245.192.253 - - [17/Sep/2023:22:34:56 -0500] "GET /sipse/faces/javax.faces.resource/images/ui-icons_898989_256x240.png?ln=primefaces-aristo HTTP/1.1" 304 -
201.245.192.253 - - [17/Sep/2023:22:35:27 -0500] "GET /sipse/faces/faces/autenticacion.xhtml HTTP/1.1" 200 12416
201.245.192.253 - - [17/Sep/2023:22:35:27 -0500] "GET /sipse/js/disable_browser_buttons.js HTTP/1.1" 200 3230
201.245.192.253 - - [17/Sep/2023:22:35:27 -0500] "GET /sipse/js/funciones.js HTTP/1.1" 304 -
201.245.192.253 - - [17/Sep/2023:22:35:27 -0500] "GET /sipse/css/custom_css_sg.css HTTP/1.1" 200 9694
201.245.192.253 - - [17/Sep/2023:22:35:27 -0500] "GET /sipse/css/custom_css_sg_prime_login.css HTTP/1.1" 200 443
201.245.192.253 - - [17/Sep/2023:22:35:27 -0500] "GET /sipse/faces/javax.faces.resource/primefaces.css?ln=primefaces&v=4.0 HTTP/1.1" 304 -
201.245.192.253 - - [17/Sep/2023:22:35:27 -0500] "GET /sipse/faces/javax.faces.resource/layout/layout.js?ln=primefaces&v=4.0 HTTP/1.1" 304 -
201.245.192.253 - - [17/Sep/2023:22:35:27 -0500] "GET /sipse/faces/javax.faces.resource/layout/layout.css?ln=primefaces&v=4.0 HTTP/1.1" 304 -
201.245.192.253 - - [17/Sep/2023:22:35:27 -0500] "GET /sipse/faces/javax.faces.resource/jquery/jquery.js?ln=primefaces&v=4.0 HTTP/1.1" 304 -
201.245.192.253 - - [17/Sep/2023:22:35:27 -0500] "GET /sipse/faces/javax.faces.resource/jquery/jquery-plugins.js?ln=primefaces&v=4.0 HTTP/1.1" 304 -
201.245.192.253 - - [17/Sep/2023:22:35:27 -0500] "GET /sipse/faces/javax.faces.resource/primefaces.js?ln=primefaces&v=4.0 HTTP/1.1" 304 -
201.245.192.253 - - [17/Sep/2023:22:35:27 -0500] "GET /sipse/faces/javax.faces.resource/theme.css?ln=primefaces-sipse HTTP/1.1" 200 50058
201.245.192.253 - - [17/Sep/2023:22:35:27 -0500] "GET /sipse/css/imagen/logoSDG.png HTTP/1.1" 304 -
201.245.192.253 - - [17/Sep/2023:22:35:27 -0500] "GET /sipse/css/imagen/loginimg.png HTTP/1.1" 304 -
201.245.192.253 - - [17/Sep/2023:22:35:27 -0500] "GET /sipse/faces/javax.faces.resource/images/ui-icons_898989_256x240.png?ln=primefaces-aristo HTTP/1.1" 304 -
201.245.192.253 - - [17/Sep/2023:22:35:27 -0500] "GET /sipse/faces/faces/index.xhtml HTTP/1.1" 200 677
201.245.192.253 - - [17/Sep/2023:22:35:27 -0500] "GET /sipse/faces/javax.faces.resource/theme.css?ln=primefaces-sipse HTTP/1.1" 304 -
201.245.192.253 - - [17/Sep/2023:22:35:27 -0500] "GET /sipse/faces/faces/faces/autenticacion.xhtml HTTP/1.1" 200 12416
201.245.192.253 - - [17/Sep/2023:22:35:28 -0500] "GET /sipse/js/disable_browser_buttons.js HTTP/1.1" 304 -
201.245.192.253 - - [17/Sep/2023:22:35:28 -0500] "GET /sipse/js/funciones.js HTTP/1.1" 304 -
201.245.192.253 - - [17/Sep/2023:22:35:28 -0500] "GET /sipse/css/custom_css_sg.css HTTP/1.1" 304 -
201.245.192.253 - - [17/Sep/2023:22:35:28 -0500] "GET /sipse/css/custom_css_sg_prime_login.css HTTP/1.1" 304 -
201.245.192.253 - - [17/Sep/2023:22:35:28 -0500] "GET /sipse/faces/javax.faces.resource/primefaces.css?ln=primefaces&v=4.0 HTTP/1.1" 304 -
201.245.192.253 - - [17/Sep/2023:22:35:28 -0500] "GET /sipse/faces/javax.faces.resource/theme.css?ln=primefaces-sipse HTTP/1.1" 304 -
201.245.192.253 - - [17/Sep/2023:22:35:28 -0500] "GET /sipse/faces/javax.faces.resource/layout/layout.css?ln=primefaces&v=4.0 HTTP/1.1" 304 -
201.245.192.253 - - [17/Sep/2023:22:35:28 -0500] "GET /sipse/faces/javax.faces.resource/jquery/jquery.js?ln=primefaces&v=4.0 HTTP/1.1" 304 -
201.245.192.253 - - [17/Sep/2023:22:35:28 -0500] "GET /sipse/faces/javax.faces.resource/jquery/jquery-plugins.js?ln=primefaces&v=4.0 HTTP/1.1" 304 -
201.245.192.253 - - [17/Sep/2023:22:35:28 -0500] "GET /sipse/faces/javax.faces.resource/layout/layout.js?ln=primefaces&v=4.0 HTTP/1.1" 304 -
201.245.192.253 - - [17/Sep/2023:22:35:28 -0500] "GET /sipse/faces/javax.faces.resource/primefaces.js?ln=primefaces&v=4.0 HTTP/1.1" 304 -
201.245.192.253 - - [17/Sep/2023:22:35:28 -0500] "GET /sipse/css/imagen/logoSDG.png HTTP/1.1" 304 -
201.245.192.253 - - [17/Sep/2023:22:35:28 -0500] "GET /sipse/css/imagen/loginimg.png HTTP/1.1" 304 -
201.245.192.253 - - [17/Sep/2023:22:35:28 -0500] "GET /sipse/faces/javax.faces.resource/images/ui-icons_898989_256x240.png?ln=primefaces-aristo HTTP/1.1" 304 -
201.245.192.253 - - [17/Sep/2023:22:35:29 -0500] "GET /sipse/faces/faces/faces/recuperarclave.xhtml HTTP/1.1" 200 9089
201.245.192.253 - - [17/Sep/2023:22:35:29 -0500] "GET /sipse/js/disable_browser_buttons.js HTTP/1.1" 304 -
201.245.192.253 - - [17/Sep/2023:22:35:29 -0500] "GET /sipse/js/funciones.js HTTP/1.1" 304 -
201.245.192.253 - - [17/Sep/2023:22:35:29 -0500] "GET /sipse/css/custom_css_sg.css HTTP/1.1" 200 9694
201.245.192.253 - - [17/Sep/2023:22:35:29 -0500] "GET /sipse/css/custom_css_sg_prime_login.css HTTP/1.1" 200 443
201.245.192.253 - - [17/Sep/2023:22:35:29 -0500] "GET /sipse/faces/javax.faces.resource/primefaces.css?ln=primefaces&v=4.0 HTTP/1.1" 304 -
201.245.192.253 - - [17/Sep/2023:22:35:29 -0500] "GET /sipse/faces/javax.faces.resource/layout/layout.css?ln=primefaces&v=4.0 HTTP/1.1" 304 -
201.245.192.253 - - [17/Sep/2023:22:35:29 -0500] "GET /sipse/faces/javax.faces.resource/jquery/jquery-plugins.js?ln=primefaces&v=4.0 HTTP/1.1" 304 -
201.245.192.253 - - [17/Sep/2023:22:35:29 -0500] "GET /sipse/faces/javax.faces.resource/jquery/jquery.js?ln=primefaces&v=4.0 HTTP/1.1" 304 -
201.245.192.253 - - [17/Sep/2023:22:35:29 -0500] "GET /sipse/faces/javax.faces.resource/primefaces.js?ln=primefaces&v=4.0 HTTP/1.1" 304 -
201.245.192.253 - - [17/Sep/2023:22:35:29 -0500] "GET /sipse/css/v_recuperar_clave.css HTTP/1.1" 200 1199
201.245.192.253 - - [17/Sep/2023:22:35:29 -0500] "GET /sipse/faces/javax.faces.resource/layout/layout.js?ln=primefaces&v=4.0 HTTP/1.1" 304 -
201.245.192.253 - - [17/Sep/2023:22:35:29 -0500] "GET /sipse/faces/javax.faces.resource/theme.css?ln=primefaces-sipse HTTP/1.1" 200 50058
201.245.192.253 - - [17/Sep/2023:22:35:29 -0500] "GET /sipse/css/imagen/clave.png HTTP/1.1" 200 12376
201.245.192.253 - - [17/Sep/2023:22:35:29 -0500] "GET /sipse/css/imagen/cargandoC.gif HTTP/1.1" 200 36959
201.245.192.253 - - [17/Sep/2023:22:35:29 -0500] "GET /sipse/css/imagen/logoSDG.png HTTP/1.1" 200 53064
201.245.192.253 - - [17/Sep/2023:22:35:33 -0500] "GET /sipse/faces/javax.faces.resource/images/ui-bg_flat_0_2d5972_40x100.png?ln=primefaces-aristo HTTP/1.1" 200 183
201.245.192.253 - - [17/Sep/2023:22:35:33 -0500] "POST /sipse/faces/recuperarclave.xhtml HTTP/1.1" 200 116
201.245.192.253 - - [17/Sep/2023:22:35:35 -0500] "GET /sipse/faces/faces/faces/codigo.xhtml HTTP/1.1" 200 7086
201.245.192.253 - - [17/Sep/2023:22:35:35 -0500] "GET /sipse/js/disable_browser_buttons.js HTTP/1.1" 304 -
201.245.192.253 - - [17/Sep/2023:22:35:35 -0500] "GET /sipse/js/funciones.js HTTP/1.1" 304 -
201.245.192.253 - - [17/Sep/2023:22:35:35 -0500] "GET /sipse/css/custom_css_sg.css HTTP/1.1" 304 -
