201.221.172.1 - - [18/Sep/2023:06:55:50 -0500] "GET /sipse/faces/javax.faces.resource/primefaces.js?ln=primefaces&v=4.0 HTTP/1.1" 304 -
201.221.172.1 - - [18/Sep/2023:06:55:50 -0500] "GET /sipse/faces/javax.faces.resource/layout/layout.js?ln=primefaces&v=4.0 HTTP/1.1" 304 -
201.221.172.1 - - [18/Sep/2023:06:55:50 -0500] "GET /sipse/faces/javax.faces.resource/fileupload/fileupload.js?ln=primefaces&v=4.0 HTTP/1.1" 304 -
201.221.172.1 - - [18/Sep/2023:06:55:50 -0500] "GET /sipse/faces/javax.faces.resource/fileupload/fileupload.css?ln=primefaces&v=4.0 HTTP/1.1" 304 -
201.221.172.1 - - [18/Sep/2023:06:55:50 -0500] "GET /sipse/faces/javax.faces.resource/images/ui-icons_898989_256x240.png?ln=primefaces-aristo HTTP/1.1" 304 -
201.221.172.1 - - [18/Sep/2023:06:55:50 -0500] "GET /sipse/faces/javax.faces.resource/messages/messages.png?ln=primefaces&v=4.0 HTTP/1.1" 304 -
201.221.172.1 - - [18/Sep/2023:06:55:59 -0500] "POST /sipse/faces/presentacion/sistema/anexos/cargarAnexoSolicitudProceso.xhtml HTTP/1.1" 200 66578
201.221.172.1 - - [18/Sep/2023:06:55:59 -0500] "GET /sipse/faces/javax.faces.resource/theme.css?ln=primefaces-sipse HTTP/1.1" 304 -
201.221.172.1 - - [18/Sep/2023:06:55:59 -0500] "GET /sipse/faces/javax.faces.resource/jquery/jquery.js?ln=primefaces&v=4.0 HTTP/1.1" 304 -
201.221.172.1 - - [18/Sep/2023:06:55:59 -0500] "GET /sipse/faces/javax.faces.resource/primefaces.js?ln=primefaces&v=4.0 HTTP/1.1" 304 -
201.221.172.1 - - [18/Sep/2023:06:55:59 -0500] "GET /sipse/faces/javax.faces.resource/layout/layout.css?ln=primefaces&v=4.0 HTTP/1.1" 304 -
201.221.172.1 - - [18/Sep/2023:06:55:59 -0500] "GET /sipse/faces/javax.faces.resource/jquery/jquery-plugins.js?ln=primefaces&v=4.0 HTTP/1.1" 304 -
201.221.172.1 - - [18/Sep/2023:06:55:59 -0500] "GET /sipse/faces/javax.faces.resource/primefaces.css?ln=primefaces&v=4.0 HTTP/1.1" 304 -
201.221.172.1 - - [18/Sep/2023:06:55:59 -0500] "GET /sipse/faces/javax.faces.resource/layout/layout.js?ln=primefaces&v=4.0 HTTP/1.1" 304 -
201.221.172.1 - - [18/Sep/2023:06:55:59 -0500] "GET /sipse/faces/javax.faces.resource/images/ui-icons_898989_256x240.png?ln=primefaces-aristo HTTP/1.1" 304 -
168.119.251.242 - - [18/Sep/2023:06:56:01 -0500] "GET / HTTP/1.1" 200 319
201.221.172.1 - - [18/Sep/2023:06:56:02 -0500] "POST /sipse/faces/presentacion/financiero/solicitudProceso/crearModificarSolicitudProceso.xhtml HTTP/1.1" 200 21166
201.221.172.1 - - [18/Sep/2023:06:56:03 -0500] "GET /sipse/faces/javax.faces.resource/theme.css?ln=primefaces-sipse HTTP/1.1" 304 -
201.221.172.1 - - [18/Sep/2023:06:56:03 -0500] "GET /sipse/faces/javax.faces.resource/primefaces.css?ln=primefaces&v=4.0 HTTP/1.1" 304 -
201.221.172.1 - - [18/Sep/2023:06:56:03 -0500] "GET /sipse/faces/javax.faces.resource/jquery/jquery.js?ln=primefaces&v=4.0 HTTP/1.1" 304 -
201.221.172.1 - - [18/Sep/2023:06:56:03 -0500] "GET /sipse/faces/javax.faces.resource/primefaces.js?ln=primefaces&v=4.0 HTTP/1.1" 304 -
201.221.172.1 - - [18/Sep/2023:06:56:03 -0500] "GET /sipse/faces/javax.faces.resource/jquery/jquery-plugins.js?ln=primefaces&v=4.0 HTTP/1.1" 304 -
201.221.172.1 - - [18/Sep/2023:06:56:03 -0500] "GET /sipse/faces/javax.faces.resource/layout/layout.css?ln=primefaces&v=4.0 HTTP/1.1" 304 -
201.221.172.1 - - [18/Sep/2023:06:56:03 -0500] "GET /sipse/faces/javax.faces.resource/layout/layout.js?ln=primefaces&v=4.0 HTTP/1.1" 304 -
201.221.172.1 - - [18/Sep/2023:06:56:03 -0500] "GET /sipse/faces/javax.faces.resource/fileupload/fileupload.js?ln=primefaces&v=4.0 HTTP/1.1" 304 -
201.221.172.1 - - [18/Sep/2023:06:56:03 -0500] "GET /sipse/faces/javax.faces.resource/fileupload/fileupload.css?ln=primefaces&v=4.0 HTTP/1.1" 304 -
201.221.172.1 - - [18/Sep/2023:06:56:03 -0500] "GET /sipse/faces/javax.faces.resource/images/ui-icons_898989_256x240.png?ln=primefaces-aristo HTTP/1.1" 304 -
66.249.70.196 - - [18/Sep/2023:06:56:05 -0500] "GET /BLA/resoluciones/RESOLUCIONES%202011/2054.pdf HTTP/1.1" 304 -
201.221.172.1 - - [18/Sep/2023:06:56:07 -0500] "POST /sipse/faces/presentacion/sistema/anexos/cargarAnexoSolicitudProceso.xhtml HTTP/1.1" 200 67228
201.221.172.1 - - [18/Sep/2023:06:56:07 -0500] "GET /sipse/faces/javax.faces.resource/theme.css?ln=primefaces-sipse HTTP/1.1" 304 -
201.221.172.1 - - [18/Sep/2023:06:56:07 -0500] "GET /sipse/faces/javax.faces.resource/primefaces.css?ln=primefaces&v=4.0 HTTP/1.1" 304 -
201.221.172.1 - - [18/Sep/2023:06:56:07 -0500] "GET /sipse/faces/javax.faces.resource/primefaces.js?ln=primefaces&v=4.0 HTTP/1.1" 304 -
201.221.172.1 - - [18/Sep/2023:06:56:07 -0500] "GET /sipse/faces/javax.faces.resource/jquery/jquery-plugins.js?ln=primefaces&v=4.0 HTTP/1.1" 304 -
201.221.172.1 - - [18/Sep/2023:06:56:07 -0500] "GET /sipse/faces/javax.faces.resource/jquery/jquery.js?ln=primefaces&v=4.0 HTTP/1.1" 304 -
201.221.172.1 - - [18/Sep/2023:06:56:07 -0500] "GET /sipse/faces/javax.faces.resource/layout/layout.css?ln=primefaces&v=4.0 HTTP/1.1" 304 -
201.221.172.1 - - [18/Sep/2023:06:56:07 -0500] "GET /sipse/faces/javax.faces.resource/layout/layout.js?ln=primefaces&v=4.0 HTTP/1.1" 304 -
201.221.172.1 - - [18/Sep/2023:06:56:07 -0500] "GET /sipse/faces/javax.faces.resource/images/ui-icons_898989_256x240.png?ln=primefaces-aristo HTTP/1.1" 304 -
201.221.172.1 - - [18/Sep/2023:06:56:11 -0500] "GET /sipse/faces/javax.faces.resource/images/ui-bg_flat_0_2d5972_40x100.png?ln=primefaces-aristo HTTP/1.1" 304 -
201.221.172.1 - - [18/Sep/2023:06:56:11 -0500] "POST /sipse/faces/presentacion/financiero/solicitudProceso/crearModificarSolicitudProceso.xhtml HTTP/1.1" 200 63136
201.221.172.1 - - [18/Sep/2023:06:56:14 -0500] "GET /sipse/faces/javax.faces.resource/jquery/jquery.js?ln=primefaces&v=4.0 HTTP/1.1" 304 -
201.221.172.1 - - [18/Sep/2023:06:56:14 -0500] "GET /sipse/faces/javax.faces.resource/jquery/jquery-plugins.js?ln=primefaces&v=4.0 HTTP/1.1" 304 -
201.221.172.1 - - [18/Sep/2023:06:56:14 -0500] "GET /sipse/faces/javax.faces.resource/primefaces.js?ln=primefaces&v=4.0 HTTP/1.1" 304 -
201.221.172.1 - - [18/Sep/2023:06:56:14 -0500] "GET /sipse/faces/javax.faces.resource/layout/layout.js?ln=primefaces&v=4.0 HTTP/1.1" 304 -
201.221.172.1 - - [18/Sep/2023:06:56:14 -0500] "GET /sipse/faces/javax.faces.resource/messages/messages.png?ln=primefaces&v=4.0 HTTP/1.1" 304 -
201.221.172.1 - - [18/Sep/2023:06:56:14 -0500] "POST /sipse/faces/presentacion/financiero/solicitudProceso/listarSolicitudProceso.xhtml HTTP/1.1" 200 1552
201.221.172.1 - - [18/Sep/2023:06:56:20 -0500] "POST /sipse/faces/presentacion/financiero/solicitudProceso/listarSolicitudProceso.xhtml HTTP/1.1" 200 30690
201.221.172.1 - - [18/Sep/2023:06:56:20 -0500] "POST /sipse/faces/presentacion/financiero/solicitudProceso/listarSolicitudProceso.xhtml HTTP/1.1" 200 42750
201.221.172.1 - - [18/Sep/2023:06:56:26 -0500] "POST /sipse/faces/presentacion/financiero/solicitudProceso/listarSolicitudProceso.xhtml HTTP/1.1" 200 4711
201.221.172.1 - - [18/Sep/2023:06:56:27 -0500] "POST /sipse/faces/presentacion/financiero/solicitudProceso/listarSolicitudProceso.xhtml HTTP/1.1" 200 109388
201.221.172.1 - - [18/Sep/2023:06:56:28 -0500] "GET /sipse/faces/javax.faces.resource/jquery/jquery.js?ln=primefaces&v=4.0 HTTP/1.1" 304 -
201.221.172.1 - - [18/Sep/2023:06:56:28 -0500] "GET /sipse/faces/javax.faces.resource/jquery/jquery-plugins.js?ln=primefaces&v=4.0 HTTP/1.1" 304 -
201.221.172.1 - - [18/Sep/2023:06:56:28 -0500] "GET /sipse/faces/javax.faces.resource/primefaces.js?ln=primefaces&v=4.0 HTTP/1.1" 304 -
201.221.172.1 - - [18/Sep/2023:06:56:28 -0500] "GET /sipse/faces/javax.faces.resource/layout/layout.js?ln=primefaces&v=4.0 HTTP/1.1" 304 -
201.221.172.1 - - [18/Sep/2023:06:56:50 -0500] "POST /sipse/faces/presentacion/financiero/solicitudProceso/consultarSolicitudProceso.xhtml HTTP/1.1" 200 63310
201.221.172.1 - - [18/Sep/2023:06:56:52 -0500] "GET /sipse/faces/javax.faces.resource/jquery/jquery.js?ln=primefaces&v=4.0 HTTP/1.1" 304 -
201.221.172.1 - - [18/Sep/2023:06:56:52 -0500] "GET /sipse/faces/javax.faces.resource/jquery/jquery-plugins.js?ln=primefaces&v=4.0 HTTP/1.1" 304 -
201.221.172.1 - - [18/Sep/2023:06:56:52 -0500] "GET /sipse/faces/javax.faces.resource/primefaces.js?ln=primefaces&v=4.0 HTTP/1.1" 304 -
201.221.172.1 - - [18/Sep/2023:06:56:52 -0500] "GET /sipse/faces/javax.faces.resource/layout/layout.js?ln=primefaces&v=4.0 HTTP/1.1" 304 -
201.221.172.1 - - [18/Sep/2023:06:56:52 -0500] "POST /sipse/faces/presentacion/financiero/solicitudProceso/listarSolicitudProceso.xhtml HTTP/1.1" 200 1552
216.245.221.92 - - [18/Sep/2023:06:57:12 -0500] "HEAD / HTTP/1.1" 200 -
201.245.192.253 - - [18/Sep/2023:06:57:15 -0500] "POST /kwsrmcab/Wsrmcab  HTTP/1.1" 200 39454
201.221.172.1 - - [18/Sep/2023:06:58:08 -0500] "POST /sipse/faces/presentacion/financiero/solicitudProceso/listarSolicitudProceso.xhtml HTTP/1.1" 200 4679
201.221.172.1 - - [18/Sep/2023:06:58:09 -0500] "POST /sipse/faces/presentacion/financiero/solicitudProceso/listarSolicitudProceso.xhtml HTTP/1.1" 200 105557
201.221.172.1 - - [18/Sep/2023:06:58:10 -0500] "GET /sipse/faces/javax.faces.resource/jquery/jquery.js?ln=primefaces&v=4.0 HTTP/1.1" 304 -
201.221.172.1 - - [18/Sep/2023:06:58:10 -0500] "GET /sipse/faces/javax.faces.resource/jquery/jquery-plugins.js?ln=primefaces&v=4.0 HTTP/1.1" 304 -
201.221.172.1 - - [18/Sep/2023:06:58:10 -0500] "GET /sipse/faces/javax.faces.resource/primefaces.js?ln=primefaces&v=4.0 HTTP/1.1" 304 -
201.221.172.1 - - [18/Sep/2023:06:58:10 -0500] "GET /sipse/faces/javax.faces.resource/layout/layout.js?ln=primefaces&v=4.0 HTTP/1.1" 304 -
172.22.2.4 - - [18/Sep/2023:06:58:04 -0500] "HEAD /BLA/boletinlegal/ HTTP/1.1" 200 -
172.22.2.4 - - [18/Sep/2023:06:58:54 -0500] "GET /BLA/boletinlegal/ HTTP/1.1" 200 58187
31.13.127.3 - - [18/Sep/2023:07:00:45 -0500] "GET /decision-de-frenar-obras-en-el-zuque-es-caprichosa-y-priva-a-la-ciudadania-de-conocer-y-preservar-los-cerros-orientales-urrutia-secretaria-de-ambiente.html HTTP/1.1" 200 1018
173.252.107.7 - - [18/Sep/2023:07:01:05 -0500] "GET /serrania-el-zuque-de-cantera-en-los-anos-60-a-espacio-de-restauracion-ambiental-y-mitigacion-del-riesgo.html HTTP/1.1" 200 841
216.245.221.92 - - [18/Sep/2023:07:02:12 -0500] "HEAD / HTTP/1.1" 200 -
201.245.192.253 - - [18/Sep/2023:07:02:14 -0500] "POST /kwsrmcab/Wsrmcab  HTTP/1.1" 200 39454
52.167.144.194 - - [18/Sep/2023:07:03:07 -0500] "GET /portaldeninos/humedal-santa-maria-del-lago/ HTTP/1.1" 200 88988
94.102.61.10 - - [18/Sep/2023:07:03:13 -0500] "GET / HTTP/1.1" 200 319
52.167.144.194 - - [18/Sep/2023:07:03:25 -0500] "GET /portaldeninos/wp-content/themes/betheme/fonts/mfn-icons.ttf?93978679 HTTP/1.1" 200 124684
40.77.167.61 - - [18/Sep/2023:07:03:31 -0500] "GET /portaldeninos/wp-content/plugins/gallery-videos/CSS/Total-Soft-Gallery-Video-Widget.css?ver=4.9.8 HTTP/1.1" 200 51554
168.119.253.69 - - [18/Sep/2023:07:04:41 -0500] "GET / HTTP/1.1" 200 319
66.249.66.85 - - [18/Sep/2023:07:04:55 -0500] "GET /portaldeninos/biodiversidad/ HTTP/1.1" 200 86633
172.22.2.4 - - [18/Sep/2023:07:03:54 -0500] "HEAD /BLA/boletinlegal/ HTTP/1.1" 200 -
216.244.66.195 - - [18/Sep/2023:07:06:16 -0500] "GET /BLA/resoluciones/RESOLUCIONES%202018/2958.pdf HTTP/1.1" 200 291775
172.22.2.4 - - [18/Sep/2023:07:04:44 -0500] "GET /BLA/boletinlegal/ HTTP/1.1" 200 58187
216.244.66.195 - - [18/Sep/2023:07:06:58 -0500] "GET /BLA/resoluciones/RESOLUCIONES%202018/3594.pdf HTTP/1.1" 200 278564
216.245.221.92 - - [18/Sep/2023:07:07:12 -0500] "HEAD / HTTP/1.1" 200 -
201.245.192.253 - - [18/Sep/2023:07:07:13 -0500] "POST /kwsrmcab/Wsrmcab  HTTP/1.1" 200 39454
216.244.66.195 - - [18/Sep/2023:07:07:45 -0500] "GET /BLA/resoluciones/RESOLUCIONES%202018/4091.pdf HTTP/1.1" 200 385904
216.244.66.195 - - [18/Sep/2023:07:08:32 -0500] "GET /BLA/resoluciones/RESOLUCIONES%202018/4127.pdf HTTP/1.1" 200 385499
216.244.66.195 - - [18/Sep/2023:07:09:13 -0500] "GET /BLA/resoluciones/RESOLUCIONES%202018/4163.pdf HTTP/1.1" 200 419229
216.244.66.195 - - [18/Sep/2023:07:09:59 -0500] "GET /BLA/resoluciones/AUTOS%202014/0915.pdf HTTP/1.1" 200 319822
216.244.66.195 - - [18/Sep/2023:07:10:42 -0500] "GET /BLA/resoluciones/AUTOS%202014/1594.pdf HTTP/1.1" 200 408354
172.22.2.4 - - [18/Sep/2023:07:09:44 -0500] "HEAD /BLA/boletinlegal/ HTTP/1.1" 200 -
216.244.66.195 - - [18/Sep/2023:07:11:27 -0500] "GET /BLA/resoluciones/AUTOS%202017/0378.pdf HTTP/1.1" 200 2012416
216.245.221.92 - - [18/Sep/2023:07:12:12 -0500] "HEAD / HTTP/1.1" 200 -
172.22.2.4 - - [18/Sep/2023:07:10:34 -0500] "GET /BLA/boletinlegal/ HTTP/1.1" 200 54960
201.245.192.253 - - [18/Sep/2023:07:12:12 -0500] "POST /kwsrmcab/Wsrmcab  HTTP/1.1" 200 39454
216.244.66.195 - - [18/Sep/2023:07:12:17 -0500] "GET /BLA/resoluciones/AUTOS%202018/0467.pdf HTTP/1.1" 200 453044
216.244.66.195 - - [18/Sep/2023:07:13:06 -0500] "GET /BLA/resoluciones/AUTOS%202018/0630.pdf HTTP/1.1" 200 265215
216.244.66.195 - - [18/Sep/2023:07:13:44 -0500] "GET /BLA/resoluciones/AUTOS%202018/0659.pdf HTTP/1.1" 200 260931
216.244.66.195 - - [18/Sep/2023:07:14:30 -0500] "GET /BLA/resoluciones/AUTOS%202018/1264.pdf HTTP/1.1" 200 287377
172.22.2.4 - - [18/Sep/2023:07:15:01 -0500] "GET /BLA/boletinlegal/normativa.php HTTP/1.1" 200 8343
172.22.2.4 - - [18/Sep/2023:07:15:01 -0500] "GET /BLA/boletinlegal/styles2.css HTTP/1.1" 200 1838
172.22.2.4 - - [18/Sep/2023:07:15:01 -0500] "GET /BLA/boletinlegal/js/ajax_normativa.js HTTP/1.1" 200 1154
172.22.2.4 - - [18/Sep/2023:07:15:02 -0500] "GET /BLA/boletinlegal/niceforms-default.css HTTP/1.1" 200 6694
172.22.2.4 - - [18/Sep/2023:07:15:02 -0500] "GET /BLA/boletinlegal/style.css HTTP/1.1" 200 9406
172.22.2.4 - - [18/Sep/2023:07:15:02 -0500] "GET /BLA/boletinlegal/niceforms.js HTTP/1.1" 200 22876
172.22.2.4 - - [18/Sep/2023:07:15:02 -0500] "GET /BLA/boletinlegal/images/cabezote%20BLEGAL.jpg HTTP/1.1" 200 118164
172.22.2.4 - - [18/Sep/2023:07:15:02 -0500] "GET /BLA/boletinlegal/images/subscribe-icon-big.png HTTP/1.1" 200 47702
172.22.2.4 - - [18/Sep/2023:07:15:02 -0500] "GET /BLA/boletinlegal/images/historia.png HTTP/1.1" 200 52775
172.22.2.4 - - [18/Sep/2023:07:15:03 -0500] "GET /BLA/boletinlegal/images/body_bg.jpg HTTP/1.1" 200 1601
172.22.2.4 - - [18/Sep/2023:07:15:03 -0500] "GET /BLA/boletinlegal/images/footer_bg.jpg HTTP/1.1" 200 586
172.22.2.4 - - [18/Sep/2023:07:15:03 -0500] "GET /BLA/boletinlegal/images/menu_lft.gif HTTP/1.1" 200 1713
172.22.2.4 - - [18/Sep/2023:07:15:03 -0500] "GET /BLA/boletinlegal/images/menu_rght.gif HTTP/1.1" 200 1627
172.22.2.4 - - [18/Sep/2023:07:15:03 -0500] "GET /BLA/boletinlegal/images/bg_top.jpg HTTP/1.1" 200 522
172.22.2.4 - - [18/Sep/2023:07:15:03 -0500] "GET /BLA/boletinlegal/images/menu_bg.jpg HTTP/1.1" 200 620
172.22.2.4 - - [18/Sep/2023:07:15:03 -0500] "GET /BLA/boletinlegal/images/text.jpg HTTP/1.1" 200 568
172.22.2.4 - - [18/Sep/2023:07:15:03 -0500] "GET /BLA/boletinlegal/images/registro-usuarios.png HTTP/1.1" 200 8106
172.22.2.4 - - [18/Sep/2023:07:15:03 -0500] "GET /BLA/boletinlegal/images/hover.jpg HTTP/1.1" 200 640
172.22.2.4 - - [18/Sep/2023:07:15:04 -0500] "GET /BLA/boletinlegal/images/tel.png HTTP/1.1" 200 14477
172.22.2.4 - - [18/Sep/2023:07:15:04 -0500] "GET /BLA/boletinlegal/images/icono-email.png HTTP/1.1" 200 5544
172.22.2.4 - - [18/Sep/2023:07:15:04 -0500] "GET /BLA/boletinlegal/images/footer_bg_l.jpg HTTP/1.1" 200 776
172.22.2.4 - - [18/Sep/2023:07:15:04 -0500] "GET /BLA/boletinlegal/img/button-left.png HTTP/1.1" 200 57071
172.22.2.4 - - [18/Sep/2023:07:15:04 -0500] "GET /BLA/boletinlegal/img/0.png HTTP/1.1" 200 110
172.22.2.4 - - [18/Sep/2023:07:15:04 -0500] "GET /BLA/boletinlegal/img/select-left.png HTTP/1.1" 200 263
172.22.2.4 - - [18/Sep/2023:07:15:04 -0500] "GET /BLA/boletinlegal/img/select-right.png HTTP/1.1" 200 44019
172.22.2.4 - - [18/Sep/2023:07:15:04 -0500] "GET /BLA/boletinlegal/img/button.png HTTP/1.1" 200 43241
172.22.2.4 - - [18/Sep/2023:07:15:04 -0500] "GET /BLA/boletinlegal/favicon.ico HTTP/1.1" 404 1334
172.22.2.4 - - [18/Sep/2023:07:15:04 -0500] "GET /BLA/boletinlegal/img/button-right.png HTTP/1.1" 200 57878
216.244.66.195 - - [18/Sep/2023:07:15:12 -0500] "GET /BLA/resoluciones/AUTOS%202018/3236.pdf HTTP/1.1" 200 334334
216.244.66.195 - - [18/Sep/2023:07:15:58 -0500] "GET /BLA/resoluciones/AUTOS%202018/3895.pdf HTTP/1.1" 200 282978
201.245.192.253 - - [18/Sep/2023:07:16:11 -0500] "POST /sipse/faces/presentacion/financiero/solicitudProceso/listarSolicitudProceso.xhtml HTTP/1.1" 200 25230
201.245.192.253 - - [18/Sep/2023:07:16:11 -0500] "POST /sipse/faces/presentacion/financiero/solicitudProceso/listarSolicitudProceso.xhtml HTTP/1.1" 200 25230
201.245.192.253 - - [18/Sep/2023:07:16:11 -0500] "POST /sipse/faces/presentacion/financiero/solicitudProceso/listarSolicitudProceso.xhtml HTTP/1.1" 200 1368
201.245.192.253 - - [18/Sep/2023:07:16:11 -0500] "POST /sipse/faces/presentacion/financiero/solicitudProceso/listarSolicitudProceso.xhtml HTTP/1.1" 200 1372
201.245.192.253 - - [18/Sep/2023:07:16:30 -0500] "POST /sipse/faces/presentacion/financiero/solicitudProceso/listarSolicitudProceso.xhtml HTTP/1.1" 200 911
201.245.192.253 - - [18/Sep/2023:07:16:32 -0500] "GET /sipse/faces/faces/faces/autenticacion HTTP/1.1" 302 -
201.245.192.253 - - [18/Sep/2023:07:16:32 -0500] "GET /sipse/faces/autenticacion.xhtml HTTP/1.1" 200 12414
201.245.192.253 - - [18/Sep/2023:07:16:32 -0500] "GET /sipse/faces/javax.faces.resource/theme.css?ln=primefaces-sipse HTTP/1.1" 304 -
201.245.192.253 - - [18/Sep/2023:07:16:32 -0500] "GET /sipse/faces/javax.faces.resource/primefaces.css?ln=primefaces&v=4.0 HTTP/1.1" 304 -
201.245.192.253 - - [18/Sep/2023:07:16:32 -0500] "GET /sipse/faces/javax.faces.resource/jquery/jquery.js?ln=primefaces&v=4.0 HTTP/1.1" 304 -
201.245.192.253 - - [18/Sep/2023:07:16:32 -0500] "GET /sipse/faces/javax.faces.resource/jquery/jquery-plugins.js?ln=primefaces&v=4.0 HTTP/1.1" 304 -
201.245.192.253 - - [18/Sep/2023:07:16:32 -0500] "GET /sipse/faces/javax.faces.resource/layout/layout.css?ln=primefaces&v=4.0 HTTP/1.1" 304 -
201.245.192.253 - - [18/Sep/2023:07:16:32 -0500] "GET /sipse/faces/javax.faces.resource/layout/layout.js?ln=primefaces&v=4.0 HTTP/1.1" 304 -
201.245.192.253 - - [18/Sep/2023:07:16:32 -0500] "GET /sipse/faces/javax.faces.resource/primefaces.js?ln=primefaces&v=4.0 HTTP/1.1" 304 -
201.245.192.253 - - [18/Sep/2023:07:16:32 -0500] "GET /sipse/faces/javax.faces.resource/images/ui-icons_898989_256x240.png?ln=primefaces-aristo HTTP/1.1" 304 -
201.245.192.253 - - [18/Sep/2023:07:16:32 -0500] "GET /favicon.ico HTTP/1.1" 200 7782
201.245.192.253 - - [18/Sep/2023:07:16:35 -0500] "POST /sipse/faces/autenticacion.xhtml HTTP/1.1" 200 11372
201.245.192.253 - - [18/Sep/2023:07:16:35 -0500] "GET /sipse/faces/javax.faces.resource/theme.css?ln=primefaces-sipse HTTP/1.1" 304 -
201.245.192.253 - - [18/Sep/2023:07:16:35 -0500] "GET /sipse/faces/javax.faces.resource/layout/layout.css?ln=primefaces&v=4.0 HTTP/1.1" 304 -
201.245.192.253 - - [18/Sep/2023:07:16:35 -0500] "GET /sipse/faces/javax.faces.resource/jquery/jquery.js?ln=primefaces&v=4.0 HTTP/1.1" 304 -
201.245.192.253 - - [18/Sep/2023:07:16:35 -0500] "GET /sipse/faces/javax.faces.resource/jquery/jquery-plugins.js?ln=primefaces&v=4.0 HTTP/1.1" 304 -
201.245.192.253 - - [18/Sep/2023:07:16:35 -0500] "GET /sipse/faces/javax.faces.resource/primefaces.js?ln=primefaces&v=4.0 HTTP/1.1" 304 -
201.245.192.253 - - [18/Sep/2023:07:16:35 -0500] "GET /sipse/faces/javax.faces.resource/layout/layout.js?ln=primefaces&v=4.0 HTTP/1.1" 304 -
201.245.192.253 - - [18/Sep/2023:07:16:36 -0500] "GET /sipse/faces/javax.faces.resource/primefaces.css?ln=primefaces&v=4.0 HTTP/1.1" 304 -
201.245.192.253 - - [18/Sep/2023:07:16:36 -0500] "GET /sipse/faces/javax.faces.resource/messages/messages.png?ln=primefaces&v=4.0 HTTP/1.1" 304 -
216.244.66.195 - - [18/Sep/2023:07:16:38 -0500] "GET /BLA/resoluciones/AUTOS%202020/0452.pdf HTTP/1.1" 200 372611
201.245.192.253 - - [18/Sep/2023:07:16:39 -0500] "POST /sipse/faces/presentacion/sistema/seguridad/seleccionRol.xhtml HTTP/1.1" 200 5803
201.245.192.253 - - [18/Sep/2023:07:16:40 -0500] "POST /sipse/faces/presentacion/sistema/seguridad/seleccionRol.xhtml HTTP/1.1" 200 16391
201.245.192.253 - - [18/Sep/2023:07:16:40 -0500] "GET /sipse/faces/javax.faces.resource/theme.css?ln=primefaces-sipse HTTP/1.1" 304 -
201.245.192.253 - - [18/Sep/2023:07:16:40 -0500] "GET /sipse/faces/javax.faces.resource/primefaces.css?ln=primefaces&v=4.0 HTTP/1.1" 304 -
201.245.192.253 - - [18/Sep/2023:07:16:40 -0500] "GET /sipse/faces/javax.faces.resource/layout/layout.css?ln=primefaces&v=4.0 HTTP/1.1" 304 -
201.245.192.253 - - [18/Sep/2023:07:16:40 -0500] "GET /sipse/faces/javax.faces.resource/jquery/jquery.js?ln=primefaces&v=4.0 HTTP/1.1" 304 -
201.245.192.253 - - [18/Sep/2023:07:16:40 -0500] "GET /sipse/faces/javax.faces.resource/jquery/jquery-plugins.js?ln=primefaces&v=4.0 HTTP/1.1" 304 -
201.245.192.253 - - [18/Sep/2023:07:16:40 -0500] "GET /sipse/faces/javax.faces.resource/primefaces.js?ln=primefaces&v=4.0 HTTP/1.1" 304 -
201.245.192.253 - - [18/Sep/2023:07:16:40 -0500] "GET /sipse/faces/javax.faces.resource/layout/layout.js?ln=primefaces&v=4.0 HTTP/1.1" 304 -
201.245.192.253 - - [18/Sep/2023:07:16:40 -0500] "GET /sipse/css/imagen/contrasena.png HTTP/1.1" 404 383
201.245.192.253 - - [18/Sep/2023:07:16:42 -0500] "GET /sipse/faces/javax.faces.resource/images/ui-bg_flat_0_2d5972_40x100.png?ln=primefaces-aristo HTTP/1.1" 304 -
201.245.192.253 - - [18/Sep/2023:07:16:42 -0500] "POST /sipse/faces/bienvenido.xhtml HTTP/1.1" 200 2658
201.245.192.253 - - [18/Sep/2023:07:16:43 -0500] "POST /sipse/faces/bienvenido.xhtml HTTP/1.1" 200 42033
201.245.192.253 - - [18/Sep/2023:07:16:44 -0500] "GET /sipse/faces/javax.faces.resource/theme.css?ln=primefaces-sipse HTTP/1.1" 304 -
201.245.192.253 - - [18/Sep/2023:07:16:44 -0500] "GET /sipse/faces/javax.faces.resource/layout/layout.css?ln=primefaces&v=4.0 HTTP/1.1" 304 -
201.245.192.253 - - [18/Sep/2023:07:16:44 -0500] "GET /sipse/faces/javax.faces.resource/primefaces.css?ln=primefaces&v=4.0 HTTP/1.1" 304 -
201.245.192.253 - - [18/Sep/2023:07:16:44 -0500] "GET /sipse/faces/javax.faces.resource/jquery/jquery.js?ln=primefaces&v=4.0 HTTP/1.1" 304 -
201.245.192.253 - - [18/Sep/2023:07:16:44 -0500] "GET /sipse/faces/javax.faces.resource/jquery/jquery-plugins.js?ln=primefaces&v=4.0 HTTP/1.1" 304 -
201.245.192.253 - - [18/Sep/2023:07:16:44 -0500] "GET /sipse/faces/javax.faces.resource/primefaces.js?ln=primefaces&v=4.0 HTTP/1.1" 304 -
201.245.192.253 - - [18/Sep/2023:07:16:44 -0500] "GET /sipse/faces/javax.faces.resource/layout/layout.js?ln=primefaces&v=4.0 HTTP/1.1" 304 -
201.245.192.253 - - [18/Sep/2023:07:16:44 -0500] "POST /sipse/faces/presentacion/financiero/solicitudProceso/listarSolicitudProceso.xhtml HTTP/1.1" 200 1444
201.245.192.253 - - [18/Sep/2023:07:16:57 -0500] "POST /sipse/faces/presentacion/financiero/solicitudProceso/listarSolicitudProceso.xhtml HTTP/1.1" 200 911
201.245.192.253 - - [18/Sep/2023:07:16:59 -0500] "GET /sipse/faces/faces/autenticacion HTTP/1.1" 302 -
201.245.192.253 - - [18/Sep/2023:07:16:59 -0500] "GET /sipse/faces/autenticacion.xhtml HTTP/1.1" 200 12414
201.245.192.253 - - [18/Sep/2023:07:16:59 -0500] "GET /sipse/faces/javax.faces.resource/layout/layout.css?ln=primefaces&v=4.0 HTTP/1.1" 304 -
201.245.192.253 - - [18/Sep/2023:07:16:59 -0500] "GET /sipse/faces/javax.faces.resource/theme.css?ln=primefaces-sipse HTTP/1.1" 304 -
201.245.192.253 - - [18/Sep/2023:07:16:59 -0500] "GET /sipse/faces/javax.faces.resource/primefaces.css?ln=primefaces&v=4.0 HTTP/1.1" 304 -
201.245.192.253 - - [18/Sep/2023:07:16:59 -0500] "GET /sipse/faces/javax.faces.resource/jquery/jquery.js?ln=primefaces&v=4.0 HTTP/1.1" 304 -
201.245.192.253 - - [18/Sep/2023:07:16:59 -0500] "GET /sipse/faces/javax.faces.resource/jquery/jquery-plugins.js?ln=primefaces&v=4.0 HTTP/1.1" 304 -
201.245.192.253 - - [18/Sep/2023:07:16:59 -0500] "GET /sipse/faces/javax.faces.resource/primefaces.js?ln=primefaces&v=4.0 HTTP/1.1" 304 -
201.245.192.253 - - [18/Sep/2023:07:16:59 -0500] "GET /sipse/faces/javax.faces.resource/layout/layout.js?ln=primefaces&v=4.0 HTTP/1.1" 304 -
201.245.192.253 - - [18/Sep/2023:07:17:03 -0500] "POST /sipse/faces/autenticacion.xhtml HTTP/1.1" 200 16835
201.245.192.253 - - [18/Sep/2023:07:17:03 -0500] "GET /sipse/faces/javax.faces.resource/primefaces.css?ln=primefaces&v=4.0 HTTP/1.1" 304 -
201.245.192.253 - - [18/Sep/2023:07:17:03 -0500] "GET /sipse/faces/javax.faces.resource/theme.css?ln=primefaces-sipse HTTP/1.1" 304 -
201.245.192.253 - - [18/Sep/2023:07:17:03 -0500] "GET /sipse/faces/javax.faces.resource/layout/layout.css?ln=primefaces&v=4.0 HTTP/1.1" 304 -
201.245.192.253 - - [18/Sep/2023:07:17:03 -0500] "GET /sipse/faces/javax.faces.resource/jquery/jquery.js?ln=primefaces&v=4.0 HTTP/1.1" 304 -
201.245.192.253 - - [18/Sep/2023:07:17:03 -0500] "GET /sipse/faces/javax.faces.resource/jquery/jquery-plugins.js?ln=primefaces&v=4.0 HTTP/1.1" 304 -
201.245.192.253 - - [18/Sep/2023:07:17:03 -0500] "GET /sipse/faces/javax.faces.resource/primefaces.js?ln=primefaces&v=4.0 HTTP/1.1" 304 -
201.245.192.253 - - [18/Sep/2023:07:17:03 -0500] "GET /sipse/faces/javax.faces.resource/layout/layout.js?ln=primefaces&v=4.0 HTTP/1.1" 304 -
216.245.221.92 - - [18/Sep/2023:07:17:12 -0500] "HEAD / HTTP/1.1" 200 -
201.245.192.253 - - [18/Sep/2023:07:17:11 -0500] "POST /kwsrmcab/Wsrmcab  HTTP/1.1" 200 39454
172.22.2.4 - - [18/Sep/2023:07:15:34 -0500] "HEAD /BLA/boletinlegal/ HTTP/1.1" 200 -
216.244.66.195 - - [18/Sep/2023:07:17:21 -0500] "GET /BLA/resoluciones/AUTOS%202020/0542.pdf HTTP/1.1" 200 596288
172.22.2.4 - - [18/Sep/2023:07:16:24 -0500] "GET /BLA/boletinlegal/ HTTP/1.1" 200 52068
201.245.192.253 - - [18/Sep/2023:07:18:03 -0500] "POST /kwsrmcab/Wsrmcab HTTP/1.1" 200 43027
201.245.192.253 - - [18/Sep/2023:07:18:05 -0500] "POST /kwsrmcab/Wsrmcab HTTP/1.1" 200 39333
216.244.66.195 - - [18/Sep/2023:07:18:15 -0500] "GET /BLA/resoluciones/AUTOS%202020/0926.pdf HTTP/1.1" 200 1146301
172.22.2.4 - - [18/Sep/2023:07:16:49 -0500] "GET /BLA/boletinlegal/ HTTP/1.1" 200 54597
216.244.66.195 - - [18/Sep/2023:07:19:05 -0500] "GET /BLA/resoluciones/AUTOS%202020/1186.pdf HTTP/1.1" 200 822411
216.244.66.195 - - [18/Sep/2023:07:19:55 -0500] "GET /BLA/resoluciones/AUTOS%202020/1227.pdf HTTP/1.1" 200 1631473
40.77.189.44 - - [18/Sep/2023:07:19:57 -0500] "GET /portaldeninos/wp-content/themes/betheme/fonts/mfn-icons.woff?93978679 HTTP/1.1" 200 80932
190.85.97.61 - - [18/Sep/2023:07:19:59 -0500] "GET /catalogoisis/ HTTP/1.1" 200 8575
190.85.97.61 - - [18/Sep/2023:07:20:00 -0500] "GET /catalogoisis/Css/Busqueda.css HTTP/1.1" 200 1995
190.85.97.61 - - [18/Sep/2023:07:20:00 -0500] "GET /catalogoisis/Js/AceptarLimpiar.js HTTP/1.1" 200 331
190.85.97.61 - - [18/Sep/2023:07:20:00 -0500] "GET /catalogoisis/Js/CriterioCombinada.js HTTP/1.1" 200 1843
190.85.97.61 - - [18/Sep/2023:07:20:00 -0500] "GET /catalogoisis/Js/Cookies.js HTTP/1.1" 200 1369
190.85.97.61 - - [18/Sep/2023:07:20:00 -0500] "GET /catalogoisis/Js/Remote.js HTTP/1.1" 200 436
190.85.97.61 - - [18/Sep/2023:07:20:00 -0500] "GET /catalogoisis/Js/LimpiarCombinada.js HTTP/1.1" 200 207
190.85.97.61 - - [18/Sep/2023:07:20:00 -0500] "GET /catalogoisis/Js/Go.js HTTP/1.1" 200 364
190.85.97.61 - - [18/Sep/2023:07:20:00 -0500] "GET /catalogoisis/Js/Numero.js HTTP/1.1" 200 398
190.85.97.61 - - [18/Sep/2023:07:20:00 -0500] "GET /catalogoisis/Js/Enter.js HTTP/1.1" 200 1208
190.85.97.61 - - [18/Sep/2023:07:20:01 -0500] "GET /catalogoisis/imagenes/br1c1.gif HTTP/1.1" 200 172
190.85.97.61 - - [18/Sep/2023:07:20:01 -0500] "GET /catalogoisis/imagenes/br1c3.gif HTTP/1.1" 200 302
190.85.97.61 - - [18/Sep/2023:07:20:01 -0500] "GET /catalogoisis/imagenes/aceptar1.gif HTTP/1.1" 200 604
190.85.97.61 - - [18/Sep/2023:07:20:01 -0500] "GET /catalogoisis/imagenes/Turnbo1.gif HTTP/1.1" 200 227
190.85.97.61 - - [18/Sep/2023:07:20:01 -0500] "GET /catalogoisis/imagenes/limpiar1.gif HTTP/1.1" 200 606
190.85.97.61 - - [18/Sep/2023:07:20:01 -0500] "GET /catalogoisis/imagenes/Header.gif HTTP/1.1" 200 27040
190.85.97.61 - - [18/Sep/2023:07:20:01 -0500] "GET /catalogoisis/imagenes/br2c2.gif HTTP/1.1" 200 302
190.85.97.61 - - [18/Sep/2023:07:20:01 -0500] "GET /catalogoisis/imagenes/br1c2.gif HTTP/1.1" 200 297
190.85.97.61 - - [18/Sep/2023:07:20:01 -0500] "GET /catalogoisis/imagenes/br2c3.gif HTTP/1.1" 200 416
190.85.97.61 - - [18/Sep/2023:07:20:01 -0500] "GET /catalogoisis/imagenes/br2c1.gif HTTP/1.1" 200 297
190.85.97.61 - - [18/Sep/2023:07:20:01 -0500] "GET /catalogoisis/imagenes/br3c2.gif HTTP/1.1" 200 285
190.85.97.61 - - [18/Sep/2023:07:20:01 -0500] "GET /catalogoisis/imagenes/br3c3.gif HTTP/1.1" 200 186
190.85.97.61 - - [18/Sep/2023:07:20:01 -0500] "GET /catalogoisis/imagenes/br3c1.gif HTTP/1.1" 200 177
190.85.97.61 - - [18/Sep/2023:07:20:02 -0500] "GET /favicon.ico HTTP/1.1" 200 7782
18.206.172.7 - - [18/Sep/2023:07:20:34 -0500] "GET /portaldeninos/ HTTP/1.1" 200 110175
172.22.2.4 - - [18/Sep/2023:07:20:38 -0500] "GET /BLA/boletinlegal/actos.php HTTP/1.1" 200 9682
216.244.66.195 - - [18/Sep/2023:07:20:45 -0500] "GET /BLA/resoluciones/AUTOS%202020/1680.pdf HTTP/1.1" 200 333247
216.244.66.195 - - [18/Sep/2023:07:21:30 -0500] "GET /BLA/resoluciones/AUTOS%202020/1690.pdf HTTP/1.1" 200 476018
216.245.221.92 - - [18/Sep/2023:07:22:12 -0500] "HEAD / HTTP/1.1" 200 -
201.245.192.253 - - [18/Sep/2023:07:22:09 -0500] "POST /kwsrmcab/Wsrmcab  HTTP/1.1" 200 39454
216.244.66.195 - - [18/Sep/2023:07:22:16 -0500] "GET /BLA/resoluciones/AUTOS%202020/2286.pdf HTTP/1.1" 200 829454
40.77.167.69 - - [18/Sep/2023:07:22:28 -0500] "GET /BLA/resoluciones/AUTOS%202021/5813.pdf HTTP/1.1" 304 -
172.22.2.4 - - [18/Sep/2023:07:21:24 -0500] "HEAD /BLA/boletinlegal/ HTTP/1.1" 200 -
216.244.66.195 - - [18/Sep/2023:07:23:06 -0500] "GET /BLA/resoluciones/AUTOS%202020/3098.pdf HTTP/1.1" 200 615056
172.22.2.4 - - [18/Sep/2023:07:23:41 -0500] "GET /BLA/boletinlegal/actos.php HTTP/1.1" 200 9682
172.22.2.4 - - [18/Sep/2023:07:23:41 -0500] "GET /BLA/boletinlegal/styles2.css HTTP/1.1" 200 1838
172.22.2.4 - - [18/Sep/2023:07:23:41 -0500] "GET /BLA/boletinlegal/niceforms-default.css HTTP/1.1" 200 6694
172.22.2.4 - - [18/Sep/2023:07:23:41 -0500] "GET /BLA/boletinlegal/js/ajax_actos.js HTTP/1.1" 200 1322
172.22.2.4 - - [18/Sep/2023:07:23:41 -0500] "GET /BLA/boletinlegal/niceforms.js HTTP/1.1" 200 22876
172.22.2.4 - - [18/Sep/2023:07:23:41 -0500] "GET /BLA/boletinlegal/js/lib.js HTTP/1.1" 200 6474
172.22.2.4 - - [18/Sep/2023:07:23:41 -0500] "GET /BLA/boletinlegal/js/popup.js HTTP/1.1" 200 1270
172.22.2.4 - - [18/Sep/2023:07:23:41 -0500] "GET /BLA/boletinlegal/js/jquery1.js HTTP/1.1" 200 29846
172.22.2.4 - - [18/Sep/2023:07:23:41 -0500] "GET /BLA/boletinlegal/style.css HTTP/1.1" 200 9406
172.22.2.4 - - [18/Sep/2023:07:23:41 -0500] "GET /BLA/boletinlegal/images/cabezote%20BLEGAL.jpg HTTP/1.1" 200 118164
172.22.2.4 - - [18/Sep/2023:07:23:41 -0500] "GET /BLA/boletinlegal/images/subscribe-icon-big.png HTTP/1.1" 200 47702
172.22.2.4 - - [18/Sep/2023:07:23:41 -0500] "GET /BLA/boletinlegal/images/historia.png HTTP/1.1" 200 52775
172.22.2.4 - - [18/Sep/2023:07:23:41 -0500] "GET /BLA/boletinlegal/images/registro-usuarios.png HTTP/1.1" 200 8106
172.22.2.4 - - [18/Sep/2023:07:23:41 -0500] "GET /BLA/boletinlegal/images/green-yellow-blue-pink-th.png HTTP/1.1" 200 7394
172.22.2.4 - - [18/Sep/2023:07:23:41 -0500] "GET /BLA/boletinlegal/images/tel.png HTTP/1.1" 200 14477
172.22.2.4 - - [18/Sep/2023:07:23:41 -0500] "GET /BLA/boletinlegal/images/footer_bg.jpg HTTP/1.1" 200 586
172.22.2.4 - - [18/Sep/2023:07:23:41 -0500] "GET /BLA/boletinlegal/images/body_bg.jpg HTTP/1.1" 200 1601
172.22.2.4 - - [18/Sep/2023:07:23:41 -0500] "GET /BLA/boletinlegal/images/menu_rght.gif HTTP/1.1" 200 1627
172.22.2.4 - - [18/Sep/2023:07:23:41 -0500] "GET /BLA/boletinlegal/images/menu_lft.gif HTTP/1.1" 200 1713
172.22.2.4 - - [18/Sep/2023:07:23:41 -0500] "GET /BLA/boletinlegal/images/menu_bg.jpg HTTP/1.1" 200 620
172.22.2.4 - - [18/Sep/2023:07:23:41 -0500] "GET /BLA/boletinlegal/images/bg_top.jpg HTTP/1.1" 200 522
172.22.2.4 - - [18/Sep/2023:07:23:41 -0500] "GET /BLA/boletinlegal/images/text.jpg HTTP/1.1" 200 568
172.22.2.4 - - [18/Sep/2023:07:23:41 -0500] "GET /BLA/boletinlegal/images/hover.jpg HTTP/1.1" 200 640
172.22.2.4 - - [18/Sep/2023:07:23:41 -0500] "GET /BLA/boletinlegal/images/footer_bg_l.jpg HTTP/1.1" 200 776
172.22.2.4 - - [18/Sep/2023:07:23:41 -0500] "GET /BLA/boletinlegal/images/icono-email.png HTTP/1.1" 200 5544
172.22.2.4 - - [18/Sep/2023:07:23:42 -0500] "GET /BLA/boletinlegal/img/0.png HTTP/1.1" 200 110
172.22.2.4 - - [18/Sep/2023:07:23:42 -0500] "GET /BLA/boletinlegal/img/select-left.png HTTP/1.1" 200 263
172.22.2.4 - - [18/Sep/2023:07:23:42 -0500] "GET /BLA/boletinlegal/img/select-right.png HTTP/1.1" 200 44019
172.22.2.4 - - [18/Sep/2023:07:23:42 -0500] "GET /BLA/boletinlegal/img/button-left.png HTTP/1.1" 200 57071
172.22.2.4 - - [18/Sep/2023:07:23:42 -0500] "GET /BLA/boletinlegal/img/button.png HTTP/1.1" 200 43241
172.22.2.4 - - [18/Sep/2023:07:23:42 -0500] "GET /BLA/boletinlegal/img/button-right.png HTTP/1.1" 200 57878
172.22.2.4 - - [18/Sep/2023:07:23:42 -0500] "GET /BLA/boletinlegal/favicon.ico HTTP/1.1" 404 1326
190.85.97.61 - - [18/Sep/2023:07:23:54 -0500] "GET /catalogoisis/ HTTP/1.1" 200 8575
172.22.2.4 - - [18/Sep/2023:07:22:14 -0500] "GET /BLA/boletinlegal/ HTTP/1.1" 200 60692
216.244.66.195 - - [18/Sep/2023:07:23:56 -0500] "GET /BLA/resoluciones/AUTOS%202020/3550.pdf HTTP/1.1" 200 412651
172.22.2.4 - - [18/Sep/2023:07:24:09 -0500] "GET /BLA/boletinlegal/consulta_actos.php?tipo=resoluciones&no=1948&usuario=&sector=&fecha=2016&resuelve= HTTP/1.1" 200 1121
172.22.2.4 - - [18/Sep/2023:07:24:09 -0500] "GET /BLA/boletinlegal/images/pdf.gif HTTP/1.1" 200 567
191.156.152.128 - - [18/Sep/2023:07:24:13 -0500] "GET /BLA/resoluciones/RESOLUCIONES%202016/1948.pdf HTTP/1.1" 200 710184
191.156.153.187 - - [18/Sep/2023:07:24:19 -0500] "GET /BLA/resoluciones/RESOLUCIONES%202016/1948.pdf HTTP/1.1" 206 1
191.156.153.187 - - [18/Sep/2023:07:24:19 -0500] "GET /BLA/resoluciones/RESOLUCIONES%202016/1948.pdf HTTP/1.1" 206 648087
191.156.149.79 - - [18/Sep/2023:07:24:25 -0500] "GET /BLA/resoluciones/RESOLUCIONES%202016/1948.pdf HTTP/1.1" 206 1
191.156.149.79 - - [18/Sep/2023:07:24:25 -0500] "GET /BLA/resoluciones/RESOLUCIONES%202016/1948.pdf HTTP/1.1" 206 648087
191.156.149.79 - - [18/Sep/2023:07:24:28 -0500] "GET /BLA/resoluciones/RESOLUCIONES%202016/1948.pdf HTTP/1.1" 206 1
191.156.149.79 - - [18/Sep/2023:07:24:28 -0500] "GET /BLA/resoluciones/RESOLUCIONES%202016/1948.pdf HTTP/1.1" 206 648087
216.244.66.195 - - [18/Sep/2023:07:24:40 -0500] "GET /BLA/resoluciones/AUTOS%202020/4055.pdf HTTP/1.1" 200 366468
216.244.66.195 - - [18/Sep/2023:07:25:18 -0500] "GET /BLA/resoluciones/AUTOS%202020/4281.pdf HTTP/1.1" 200 492288
216.244.66.195 - - [18/Sep/2023:07:26:01 -0500] "GET /BLA/resoluciones/AUTOS%202020/4293.pdf HTTP/1.1" 200 436156
216.244.66.195 - - [18/Sep/2023:07:26:34 -0500] "GET /BLA/resoluciones/AUTOS%202020/4335.pdf HTTP/1.1" 200 392778
201.245.192.253 - - [18/Sep/2023:07:27:09 -0500] "POST /kwsrmcab/Wsrmcab  HTTP/1.1" 200 39454
216.245.221.92 - - [18/Sep/2023:07:27:12 -0500] "HEAD / HTTP/1.1" 200 -
216.244.66.195 - - [18/Sep/2023:07:27:17 -0500] "GET /BLA/resoluciones/AUTOS%202021/0224.pdf HTTP/1.1" 200 509264
66.249.66.84 - - [18/Sep/2023:07:27:24 -0500] "GET /portaldeninos/biodiversidad/ HTTP/1.1" 200 86633
66.249.66.86 - - [18/Sep/2023:07:27:27 -0500] "GET /portaldeninos/wp-content/themes/betheme/assets/animations/animations.min.css?ver=20.9.6 HTTP/1.1" 200 58508
66.249.66.85 - - [18/Sep/2023:07:27:28 -0500] "GET /portaldeninos/wp-includes/js/jquery/jquery.js?ver=1.12.4 HTTP/1.1" 200 97184
66.249.66.84 - - [18/Sep/2023:07:27:29 -0500] "GET /portaldeninos/wp-content/themes/betheme/style.css?ver=20.9.6 HTTP/1.1" 200 287
216.244.66.195 - - [18/Sep/2023:07:27:54 -0500] "GET /BLA/resoluciones/AUTOS%202021/0301.pdf HTTP/1.1" 200 783206
201.245.192.253 - - [18/Sep/2023:07:28:02 -0500] "POST /kwsrmcab/Wsrmcab HTTP/1.1" 200 43027
201.245.192.253 - - [18/Sep/2023:07:28:05 -0500] "POST /kwsrmcab/Wsrmcab HTTP/1.1" 200 39333
216.244.66.195 - - [18/Sep/2023:07:28:33 -0500] "GET /BLA/resoluciones/AUTOS%202021/0603.pdf HTTP/1.1" 200 324386
172.22.2.4 - - [18/Sep/2023:07:27:14 -0500] "HEAD /BLA/boletinlegal/ HTTP/1.1" 200 -
216.244.66.195 - - [18/Sep/2023:07:29:04 -0500] "GET /BLA/resoluciones/AUTOS%202021/1214.pdf HTTP/1.1" 200 535332
216.244.66.195 - - [18/Sep/2023:07:29:34 -0500] "GET /BLA/resoluciones/AUTOS%202021/1637.pdf HTTP/1.1" 200 422783
172.22.2.4 - - [18/Sep/2023:07:28:04 -0500] "GET /BLA/boletinlegal/ HTTP/1.1" 200 60692
216.244.66.195 - - [18/Sep/2023:07:30:03 -0500] "GET /BLA/resoluciones/AUTOS%202021/1704.pdf HTTP/1.1" 200 387959
216.244.66.195 - - [18/Sep/2023:07:30:34 -0500] "GET /BLA/resoluciones/AUTOS%202021/1772.pdf HTTP/1.1" 200 736938
216.244.66.195 - - [18/Sep/2023:07:31:01 -0500] "GET /BLA/resoluciones/AUTOS%202021/2230.pdf HTTP/1.1" 200 410769
216.244.66.195 - - [18/Sep/2023:07:31:29 -0500] "GET /BLA/resoluciones/AUTOS%202021/2342.pdf HTTP/1.1" 200 393774
216.244.66.195 - - [18/Sep/2023:07:31:55 -0500] "GET /BLA/resoluciones/AUTOS%202021/2704.pdf HTTP/1.1" 200 379091
201.245.192.253 - - [18/Sep/2023:07:32:08 -0500] "POST /kwsrmcab/Wsrmcab  HTTP/1.1" 200 39454
216.245.221.92 - - [18/Sep/2023:07:32:12 -0500] "HEAD / HTTP/1.1" 200 -
216.244.66.195 - - [18/Sep/2023:07:32:18 -0500] "GET /BLA/resoluciones/AUTOS%202021/2925.pdf HTTP/1.1" 200 5643289
216.244.66.195 - - [18/Sep/2023:07:32:51 -0500] "GET /BLA/resoluciones/AUTOS%202021/3085.pdf HTTP/1.1" 200 360505
40.77.167.121 - - [18/Sep/2023:07:32:52 -0500] "GET /portaldeninos/author/adminportalninos/page/4/ HTTP/1.1" 200 96681
216.244.66.195 - - [18/Sep/2023:07:33:21 -0500] "GET /BLA/resoluciones/AUTOS%202021/3739.pdf HTTP/1.1" 200 369240
216.244.66.195 - - [18/Sep/2023:07:33:51 -0500] "GET /BLA/resoluciones/AUTOS%202021/4217.pdf HTTP/1.1" 200 403333
216.244.66.195 - - [18/Sep/2023:07:34:19 -0500] "GET /BLA/resoluciones/AUTOS%202021/4280.pdf HTTP/1.1" 200 405751
172.22.2.4 - - [18/Sep/2023:07:33:04 -0500] "HEAD /BLA/boletinlegal/ HTTP/1.1" 200 -
216.244.66.195 - - [18/Sep/2023:07:34:47 -0500] "GET /BLA/resoluciones/AUTOS%202021/4484.pdf HTTP/1.1" 200 353286
216.244.66.195 - - [18/Sep/2023:07:35:13 -0500] "GET /BLA/resoluciones/AUTOS%202021/4510.pdf HTTP/1.1" 200 353658
201.245.192.253 - - [18/Sep/2023:07:35:14 -0500] "GET /sipse/js/funciones.js HTTP/1.1" 200 12592
201.245.192.253 - - [18/Sep/2023:07:35:14 -0500] "GET /sipse/js/disable_browser_buttons.js HTTP/1.1" 200 3230
201.245.192.253 - - [18/Sep/2023:07:35:14 -0500] "GET /sipse/faces/javax.faces.resource/jquery/jquery.js?ln=primefaces&v=4.0 HTTP/1.1" 304 -
201.245.192.253 - - [18/Sep/2023:07:35:14 -0500] "GET /sipse/faces/javax.faces.resource/layout/layout.css?ln=primefaces&v=4.0 HTTP/1.1" 304 -
201.245.192.253 - - [18/Sep/2023:07:35:14 -0500] "GET /sipse/faces/javax.faces.resource/primefaces.css?ln=primefaces&v=4.0 HTTP/1.1" 304 -
201.245.192.253 - - [18/Sep/2023:07:35:14 -0500] "GET /sipse/faces/javax.faces.resource/theme.css?ln=primefaces-sipse HTTP/1.1" 304 -
201.245.192.253 - - [18/Sep/2023:07:35:14 -0500] "GET /sipse/faces/javax.faces.resource/jquery/jquery-plugins.js?ln=primefaces&v=4.0 HTTP/1.1" 304 -
201.245.192.253 - - [18/Sep/2023:07:35:14 -0500] "GET /sipse/css/custom_css_sg_prime_login.css HTTP/1.1" 200 443
201.245.192.253 - - [18/Sep/2023:07:35:14 -0500] "GET /sipse/css/custom_css_sg.css HTTP/1.1" 200 9694
201.245.192.253 - - [18/Sep/2023:07:35:14 -0500] "GET /sipse/faces/javax.faces.resource/layout/layout.js?ln=primefaces&v=4.0 HTTP/1.1" 304 -
201.245.192.253 - - [18/Sep/2023:07:35:14 -0500] "GET /sipse/faces/javax.faces.resource/primefaces.js?ln=primefaces&v=4.0 HTTP/1.1" 304 -
201.245.192.253 - - [18/Sep/2023:07:35:18 -0500] "GET /sipse/css/imagen/loginimg.png HTTP/1.1" 200 71635
201.245.192.253 - - [18/Sep/2023:07:35:18 -0500] "GET /sipse/faces/javax.faces.resource/images/ui-icons_898989_256x240.png?ln=primefaces-aristo HTTP/1.1" 304 -
201.245.192.253 - - [18/Sep/2023:07:35:18 -0500] "GET /sipse/css/imagen/logoSDG.png HTTP/1.1" 200 53064
201.245.192.253 - - [18/Sep/2023:07:35:18 -0500] "GET /sipse/faces/faces/faces/index.xhtml HTTP/1.1" 200 677
201.245.192.253 - - [18/Sep/2023:07:35:18 -0500] "GET /sipse/faces/javax.faces.resource/theme.css?ln=primefaces-sipse HTTP/1.1" 304 -
201.245.192.253 - - [18/Sep/2023:07:35:19 -0500] "GET /sipse/faces/faces/faces/faces/autenticacion.xhtml HTTP/1.1" 200 12414
201.245.192.253 - - [18/Sep/2023:07:35:19 -0500] "GET /sipse/faces/javax.faces.resource/jquery/jquery.js?ln=primefaces&v=4.0 HTTP/1.1" 304 -
201.245.192.253 - - [18/Sep/2023:07:35:19 -0500] "GET /sipse/faces/javax.faces.resource/primefaces.css?ln=primefaces&v=4.0 HTTP/1.1" 304 -
201.245.192.253 - - [18/Sep/2023:07:35:19 -0500] "GET /sipse/faces/javax.faces.resource/jquery/jquery-plugins.js?ln=primefaces&v=4.0 HTTP/1.1" 304 -
201.245.192.253 - - [18/Sep/2023:07:35:19 -0500] "GET /sipse/faces/javax.faces.resource/layout/layout.css?ln=primefaces&v=4.0 HTTP/1.1" 304 -
201.245.192.253 - - [18/Sep/2023:07:35:19 -0500] "GET /sipse/faces/javax.faces.resource/theme.css?ln=primefaces-sipse HTTP/1.1" 304 -
201.245.192.253 - - [18/Sep/2023:07:35:19 -0500] "GET /sipse/faces/javax.faces.resource/primefaces.js?ln=primefaces&v=4.0 HTTP/1.1" 304 -
201.245.192.253 - - [18/Sep/2023:07:35:19 -0500] "GET /sipse/faces/javax.faces.resource/layout/layout.js?ln=primefaces&v=4.0 HTTP/1.1" 304 -
201.245.192.253 - - [18/Sep/2023:07:35:26 -0500] "GET /sipse/faces/javax.faces.resource/theme.css?ln=primefaces-sipse HTTP/1.1" 304 -
201.245.192.253 - - [18/Sep/2023:07:35:28 -0500] "GET /sipse/faces/faces/faces/autenticacion.xhtml HTTP/1.1" 200 12414
201.245.192.253 - - [18/Sep/2023:07:35:28 -0500] "GET /sipse/faces/javax.faces.resource/theme.css?ln=primefaces-sipse HTTP/1.1" 304 -
201.245.192.253 - - [18/Sep/2023:07:35:28 -0500] "GET /sipse/faces/javax.faces.resource/layout/layout.css?ln=primefaces&v=4.0 HTTP/1.1" 304 -
201.245.192.253 - - [18/Sep/2023:07:35:28 -0500] "GET /sipse/faces/javax.faces.resource/primefaces.css?ln=primefaces&v=4.0 HTTP/1.1" 304 -
201.245.192.253 - - [18/Sep/2023:07:35:28 -0500] "GET /sipse/faces/javax.faces.resource/jquery/jquery.js?ln=primefaces&v=4.0 HTTP/1.1" 304 -
201.245.192.253 - - [18/Sep/2023:07:35:28 -0500] "GET /sipse/faces/javax.faces.resource/jquery/jquery-plugins.js?ln=primefaces&v=4.0 HTTP/1.1" 304 -
201.245.192.253 - - [18/Sep/2023:07:35:28 -0500] "GET /sipse/faces/javax.faces.resource/primefaces.js?ln=primefaces&v=4.0 HTTP/1.1" 304 -
201.245.192.253 - - [18/Sep/2023:07:35:28 -0500] "GET /sipse/faces/javax.faces.resource/layout/layout.js?ln=primefaces&v=4.0 HTTP/1.1" 304 -
201.245.192.253 - - [18/Sep/2023:07:35:28 -0500] "GET /sipse/faces/javax.faces.resource/images/ui-icons_898989_256x240.png?ln=primefaces-aristo HTTP/1.1" 304 -
201.245.192.253 - - [18/Sep/2023:07:35:30 -0500] "POST /sipse/faces/autenticacion.xhtml HTTP/1.1" 200 16222
201.245.192.253 - - [18/Sep/2023:07:35:30 -0500] "GET /sipse/css/custom_css_sg_prime.css HTTP/1.1" 200 5201
201.245.192.253 - - [18/Sep/2023:07:35:30 -0500] "GET /sipse/faces/javax.faces.resource/theme.css?ln=primefaces-sipse HTTP/1.1" 304 -
201.245.192.253 - - [18/Sep/2023:07:35:30 -0500] "GET /sipse/faces/javax.faces.resource/layout/layout.css?ln=primefaces&v=4.0 HTTP/1.1" 304 -
201.245.192.253 - - [18/Sep/2023:07:35:30 -0500] "GET /sipse/faces/javax.faces.resource/primefaces.css?ln=primefaces&v=4.0 HTTP/1.1" 304 -
201.245.192.253 - - [18/Sep/2023:07:35:30 -0500] "GET /sipse/js/jquery.min.js HTTP/1.1" 200 85582
201.245.192.253 - - [18/Sep/2023:07:35:31 -0500] "GET /sipse/faces/javax.faces.resource/jquery/jquery.js?ln=primefaces&v=4.0 HTTP/1.1" 304 -
201.245.192.253 - - [18/Sep/2023:07:35:31 -0500] "GET /sipse/faces/javax.faces.resource/jquery/jquery-plugins.js?ln=primefaces&v=4.0 HTTP/1.1" 304 -
201.245.192.253 - - [18/Sep/2023:07:35:31 -0500] "GET /sipse/faces/javax.faces.resource/primefaces.js?ln=primefaces&v=4.0 HTTP/1.1" 304 -
201.245.192.253 - - [18/Sep/2023:07:35:31 -0500] "GET /sipse/faces/javax.faces.resource/layout/layout.js?ln=primefaces&v=4.0 HTTP/1.1" 304 -
201.245.192.253 - - [18/Sep/2023:07:35:31 -0500] "GET /sipse/css/v_mergente.css HTTP/1.1" 200 1505
201.245.192.253 - - [18/Sep/2023:07:35:31 -0500] "GET /sipse/css/imagen/contrasena.png HTTP/1.1" 404 383
201.245.192.253 - - [18/Sep/2023:07:35:31 -0500] "GET /sipse/faces/javax.faces.resource/messages/messages.png?ln=primefaces&v=4.0 HTTP/1.1" 304 -
201.245.192.253 - - [18/Sep/2023:07:35:31 -0500] "GET /sipse/imagenes/cargando.gif HTTP/1.1" 200 36959
201.245.192.253 - - [18/Sep/2023:07:35:31 -0500] "GET /sipse/imagenes/logoAplicacion.jpg HTTP/1.1" 200 155084
172.22.2.4 - - [18/Sep/2023:07:33:54 -0500] "GET /BLA/boletinlegal/ HTTP/1.1" 200 58187
216.244.66.195 - - [18/Sep/2023:07:35:39 -0500] "GET /BLA/resoluciones/AUTOS%202021/4587.pdf HTTP/1.1" 200 349986
216.244.66.195 - - [18/Sep/2023:07:36:03 -0500] "GET /BLA/resoluciones/AUTOS%202021/4610.pdf HTTP/1.1" 200 351236
201.245.192.253 - - [18/Sep/2023:07:36:07 -0500] "POST /sipse/faces/bienvenido.xhtml HTTP/1.1" 200 1471
201.245.192.253 - - [18/Sep/2023:07:36:07 -0500] "GET /sipse/faces/javax.faces.resource/images/ui-bg_flat_0_2d5972_40x100.png?ln=primefaces-aristo HTTP/1.1" 304 -
201.245.192.253 - - [18/Sep/2023:07:36:07 -0500] "POST /sipse/faces/bienvenido.xhtml HTTP/1.1" 200 31284
201.245.192.253 - - [18/Sep/2023:07:36:08 -0500] "GET /sipse/faces/javax.faces.resource/theme.css?ln=primefaces-sipse HTTP/1.1" 304 -
201.245.192.253 - - [18/Sep/2023:07:36:08 -0500] "GET /sipse/faces/javax.faces.resource/layout/layout.css?ln=primefaces&v=4.0 HTTP/1.1" 304 -
201.245.192.253 - - [18/Sep/2023:07:36:08 -0500] "GET /sipse/faces/javax.faces.resource/primefaces.css?ln=primefaces&v=4.0 HTTP/1.1" 304 -
201.245.192.253 - - [18/Sep/2023:07:36:10 -0500] "GET /sipse/faces/javax.faces.resource/jquery/jquery.js?ln=primefaces&v=4.0 HTTP/1.1" 304 -
201.245.192.253 - - [18/Sep/2023:07:36:10 -0500] "GET /sipse/faces/javax.faces.resource/jquery/jquery-plugins.js?ln=primefaces&v=4.0 HTTP/1.1" 304 -
201.245.192.253 - - [18/Sep/2023:07:36:11 -0500] "GET /sipse/faces/javax.faces.resource/primefaces.js?ln=primefaces&v=4.0 HTTP/1.1" 304 -
201.245.192.253 - - [18/Sep/2023:07:36:12 -0500] "GET /sipse/faces/javax.faces.resource/layout/layout.js?ln=primefaces&v=4.0 HTTP/1.1" 304 -
201.245.192.253 - - [18/Sep/2023:07:36:12 -0500] "POST /sipse/faces/presentacion/financiero/solicitudProceso/listarSolicitudProceso.xhtml HTTP/1.1" 200 1368
216.244.66.195 - - [18/Sep/2023:07:36:27 -0500] "GET /BLA/resoluciones/AUTOS%202021/4746.pdf HTTP/1.1" 200 1120316
201.245.192.253 - - [18/Sep/2023:07:36:36 -0500] "POST /sipse/faces/presentacion/financiero/solicitudProceso/listarSolicitudProceso.xhtml HTTP/1.1" 200 1689
201.245.192.253 - - [18/Sep/2023:07:36:36 -0500] "POST /sipse/faces/presentacion/financiero/solicitudProceso/listarSolicitudProceso.xhtml HTTP/1.1" 200 13107
201.245.192.253 - - [18/Sep/2023:07:36:39 -0500] "POST /sipse/faces/presentacion/financiero/solicitudProceso/listarSolicitudProceso.xhtml HTTP/1.1" 200 2117
201.245.192.253 - - [18/Sep/2023:07:36:40 -0500] "POST /sipse/faces/presentacion/financiero/solicitudProceso/listarSolicitudProceso.xhtml HTTP/1.1" 200 38393
201.245.192.253 - - [18/Sep/2023:07:36:40 -0500] "GET /sipse/faces/javax.faces.resource/theme.css?ln=primefaces-sipse HTTP/1.1" 304 -
201.245.192.253 - - [18/Sep/2023:07:36:40 -0500] "GET /sipse/faces/javax.faces.resource/primefaces.css?ln=primefaces&v=4.0 HTTP/1.1" 304 -
201.245.192.253 - - [18/Sep/2023:07:36:40 -0500] "GET /sipse/faces/javax.faces.resource/layout/layout.css?ln=primefaces&v=4.0 HTTP/1.1" 304 -
201.245.192.253 - - [18/Sep/2023:07:36:41 -0500] "GET /sipse/faces/javax.faces.resource/jquery/jquery.js?ln=primefaces&v=4.0 HTTP/1.1" 304 -
201.245.192.253 - - [18/Sep/2023:07:36:41 -0500] "GET /sipse/faces/javax.faces.resource/jquery/jquery-plugins.js?ln=primefaces&v=4.0 HTTP/1.1" 304 -
201.245.192.253 - - [18/Sep/2023:07:36:41 -0500] "GET /sipse/faces/javax.faces.resource/primefaces.js?ln=primefaces&v=4.0 HTTP/1.1" 304 -
201.245.192.253 - - [18/Sep/2023:07:36:41 -0500] "GET /sipse/faces/javax.faces.resource/layout/layout.js?ln=primefaces&v=4.0 HTTP/1.1" 304 -
201.245.192.253 - - [18/Sep/2023:07:36:42 -0500] "POST /sipse/faces/presentacion/financiero/solicitudProceso/consultar.xhtml HTTP/1.1" 200 31757
216.244.66.195 - - [18/Sep/2023:07:36:49 -0500] "GET /BLA/resoluciones/AUTOS%202021/4759.pdf HTTP/1.1" 200 659373
201.245.192.253 - - [18/Sep/2023:07:36:51 -0500] "POST /sipse/faces/presentacion/financiero/solicitudProceso/consultar.xhtml HTTP/1.1" 200 12844
201.245.192.253 - - [18/Sep/2023:07:37:07 -0500] "POST /kwsrmcab/Wsrmcab  HTTP/1.1" 200 39454
216.244.66.195 - - [18/Sep/2023:07:37:11 -0500] "GET /BLA/resoluciones/AUTOS%202021/5098.pdf HTTP/1.1" 200 601033
216.245.221.92 - - [18/Sep/2023:07:37:12 -0500] "HEAD / HTTP/1.1" 200 -
216.244.66.195 - - [18/Sep/2023:07:37:32 -0500] "GET /BLA/resoluciones/AUTOS%202021/5266.pdf HTTP/1.1" 200 318021
216.244.66.195 - - [18/Sep/2023:07:37:51 -0500] "GET /BLA/resoluciones/AUTOS%202021/5322.pdf HTTP/1.1" 200 586677
172.22.2.4 - - [18/Sep/2023:07:37:58 -0500] "GET /BLA/boletinlegal/actos.php HTTP/1.1" 200 9682
172.22.2.4 - - [18/Sep/2023:07:37:58 -0500] "GET /BLA/boletinlegal/styles2.css HTTP/1.1" 200 1838
172.22.2.4 - - [18/Sep/2023:07:37:58 -0500] "GET /BLA/boletinlegal/js/ajax_actos.js HTTP/1.1" 200 1322
172.22.2.4 - - [18/Sep/2023:07:37:59 -0500] "GET /BLA/boletinlegal/niceforms-default.css HTTP/1.1" 200 6694
172.22.2.4 - - [18/Sep/2023:07:37:59 -0500] "GET /BLA/boletinlegal/style.css HTTP/1.1" 200 9406
172.22.2.4 - - [18/Sep/2023:07:37:59 -0500] "GET /BLA/boletinlegal/niceforms.js HTTP/1.1" 200 22876
172.22.2.4 - - [18/Sep/2023:07:37:59 -0500] "GET /BLA/boletinlegal/js/lib.js HTTP/1.1" 200 6474
172.22.2.4 - - [18/Sep/2023:07:37:59 -0500] "GET /BLA/boletinlegal/js/popup.js HTTP/1.1" 200 1270
172.22.2.4 - - [18/Sep/2023:07:37:59 -0500] "GET /BLA/boletinlegal/js/jquery1.js HTTP/1.1" 200 29846
