190.216.201.100 - - [18/Sep/2023:08:09:06 -0500] "POST /sipse/faces/autenticacion.xhtml HTTP/1.1" 200 16835
190.216.201.100 - - [18/Sep/2023:08:09:06 -0500] "GET /sipse/css/custom_css_sg_prime.css HTTP/1.1" 200 5201
190.216.201.100 - - [18/Sep/2023:08:09:06 -0500] "GET /sipse/js/jquery.min.js HTTP/1.1" 200 85582
190.216.201.100 - - [18/Sep/2023:08:09:06 -0500] "GET /sipse/faces/javax.faces.resource/jquery/jquery.js?ln=primefaces&v=4.0 HTTP/1.1" 304 -
190.216.201.100 - - [18/Sep/2023:08:09:06 -0500] "GET /sipse/faces/javax.faces.resource/jquery/jquery-plugins.js?ln=primefaces&v=4.0 HTTP/1.1" 304 -
190.216.201.100 - - [18/Sep/2023:08:09:07 -0500] "GET /sipse/faces/javax.faces.resource/primefaces.js?ln=primefaces&v=4.0 HTTP/1.1" 304 -
190.216.201.100 - - [18/Sep/2023:08:09:07 -0500] "GET /sipse/faces/javax.faces.resource/layout/layout.js?ln=primefaces&v=4.0 HTTP/1.1" 304 -
190.216.201.100 - - [18/Sep/2023:08:09:07 -0500] "GET /sipse/css/v_mergente.css HTTP/1.1" 200 1505
190.216.201.100 - - [18/Sep/2023:08:09:07 -0500] "GET /sipse/css/imagen/contrasena.png HTTP/1.1" 404 383
190.216.201.100 - - [18/Sep/2023:08:09:07 -0500] "GET /sipse/imagenes/cargando.gif HTTP/1.1" 200 36959
190.216.201.100 - - [18/Sep/2023:08:09:07 -0500] "GET /sipse/imagenes/logoAplicacion.jpg HTTP/1.1" 200 155084
190.216.201.100 - - [18/Sep/2023:08:09:07 -0500] "GET /sipse/faces/javax.faces.resource/messages/messages.png?ln=primefaces&v=4.0 HTTP/1.1" 200 27209
190.216.201.100 - - [18/Sep/2023:08:09:08 -0500] "GET /sipse/faces/javax.faces.resource/images/ui-bg_flat_0_2d5972_40x100.png?ln=primefaces-aristo HTTP/1.1" 200 183
190.216.201.100 - - [18/Sep/2023:08:09:08 -0500] "POST /sipse/faces/bienvenido.xhtml HTTP/1.1" 200 1471
190.216.201.100 - - [18/Sep/2023:08:09:09 -0500] "POST /sipse/faces/bienvenido.xhtml HTTP/1.1" 200 31898
190.216.201.100 - - [18/Sep/2023:08:09:09 -0500] "GET /sipse/faces/javax.faces.resource/jquery/jquery.js?ln=primefaces&v=4.0 HTTP/1.1" 304 -
190.216.201.100 - - [18/Sep/2023:08:09:09 -0500] "GET /sipse/faces/javax.faces.resource/jquery/jquery-plugins.js?ln=primefaces&v=4.0 HTTP/1.1" 304 -
190.216.201.100 - - [18/Sep/2023:08:09:10 -0500] "GET /sipse/faces/javax.faces.resource/primefaces.js?ln=primefaces&v=4.0 HTTP/1.1" 304 -
190.216.201.100 - - [18/Sep/2023:08:09:10 -0500] "GET /sipse/faces/javax.faces.resource/layout/layout.js?ln=primefaces&v=4.0 HTTP/1.1" 304 -
190.216.201.100 - - [18/Sep/2023:08:09:10 -0500] "POST /sipse/faces/presentacion/financiero/solicitudProceso/listarSolicitudProceso.xhtml HTTP/1.1" 200 1368
201.245.192.253 - - [18/Sep/2023:08:09:10 -0500] "POST /forms/lservlet;jsessionid=ac16012b30d6ec56c8535f2d463388baa5b680a9bfa8.e3iSbxaKaheRe34Pbx8Nc3aQci1ynknvrkLOlQzNp65In0 HTTP/1.1" 200 10856
201.245.192.253 - - [18/Sep/2023:08:09:10 -0500] "HEAD /imagenes/msh_close.gif HTTP/1.1" 404 -
201.245.192.253 - - [18/Sep/2023:08:09:10 -0500] "GET /imagenes/msh_close.gif HTTP/1.1" 404 328
201.245.192.253 - - [18/Sep/2023:08:09:10 -0500] "HEAD /imagenes/rt_quer1.gif HTTP/1.1" 200 -
201.245.192.253 - - [18/Sep/2023:08:09:10 -0500] "HEAD /imagenes/rt_quer2.gif HTTP/1.1" 200 -
201.245.192.253 - - [18/Sep/2023:08:09:10 -0500] "HEAD /imagenes/rt_quer3.gif HTTP/1.1" 200 -
201.245.192.253 - - [18/Sep/2023:08:09:10 -0500] "HEAD /imagenes/rt_radd.gif HTTP/1.1" 200 -
201.245.192.253 - - [18/Sep/2023:08:09:10 -0500] "HEAD /imagenes/rt_rdel.gif HTTP/1.1" 200 -
201.245.192.253 - - [18/Sep/2023:08:09:10 -0500] "HEAD /imagenes/rt_rec1.gif HTTP/1.1" 200 -
201.245.192.253 - - [18/Sep/2023:08:09:10 -0500] "HEAD /imagenes/rt_rec4.gif HTTP/1.1" 200 -
201.245.192.253 - - [18/Sep/2023:08:09:10 -0500] "HEAD /imagenes/rt_save.gif HTTP/1.1" 200 -
201.245.192.253 - - [18/Sep/2023:08:09:10 -0500] "HEAD /imagenes/rt_print.gif HTTP/1.1" 200 -
201.245.192.253 - - [18/Sep/2023:08:09:10 -0500] "HEAD /imagenes/listval.gif HTTP/1.1" 200 -
201.245.192.253 - - [18/Sep/2023:08:09:10 -0500] "GET /imagenes/rt_quer1.gif HTTP/1.1" 200 930
201.245.192.253 - - [18/Sep/2023:08:09:10 -0500] "GET /imagenes/rt_quer2.gif HTTP/1.1" 200 936
201.245.192.253 - - [18/Sep/2023:08:09:10 -0500] "GET /imagenes/rt_quer3.gif HTTP/1.1" 200 939
201.245.192.253 - - [18/Sep/2023:08:09:10 -0500] "GET /imagenes/rt_radd.gif HTTP/1.1" 200 907
201.245.192.253 - - [18/Sep/2023:08:09:10 -0500] "GET /imagenes/rt_rdel.gif HTTP/1.1" 200 899
201.245.192.253 - - [18/Sep/2023:08:09:10 -0500] "GET /imagenes/rt_rec1.gif HTTP/1.1" 200 867
201.245.192.253 - - [18/Sep/2023:08:09:10 -0500] "GET /imagenes/rt_rec4.gif HTTP/1.1" 200 865
201.245.192.253 - - [18/Sep/2023:08:09:10 -0500] "GET /imagenes/rt_save.gif HTTP/1.1" 200 903
201.245.192.253 - - [18/Sep/2023:08:09:10 -0500] "GET /imagenes/rt_print.gif HTTP/1.1" 200 916
201.245.192.253 - - [18/Sep/2023:08:09:10 -0500] "GET /imagenes/listval.gif HTTP/1.1" 200 905
201.245.192.253 - - [18/Sep/2023:08:09:10 -0500] "POST /forms/lservlet;jsessionid=ac16012b30d6ec56c8535f2d463388baa5b680a9bfa8.e3iSbxaKaheRe34Pbx8Nc3aQci1ynknvrkLOlQzNp65In0 HTTP/1.1" 200 10
201.245.192.253 - - [18/Sep/2023:08:09:10 -0500] "POST /forms/lservlet;jsessionid=ac16012b30d6ec56c8535f2d463388baa5b680a9bfa8.e3iSbxaKaheRe34Pbx8Nc3aQci1ynknvrkLOlQzNp65In0 HTTP/1.1" 200 2
201.245.192.253 - - [18/Sep/2023:08:09:15 -0500] "POST /forms/lservlet;jsessionid=ac16012b30d6ec56c8535f2d463388baa5b680a9bfa8.e3iSbxaKaheRe34Pbx8Nc3aQci1ynknvrkLOlQzNp65In0 HTTP/1.1" 200 13
186.102.91.237 - - [18/Sep/2023:08:09:25 -0500] "GET /kwssiamovil/sm/ldap/au?x=U2FsdGVkX1/wdcF51mShT6yzYcwlHS3060+m9iWHZT0wHS+e0D67p1AZjM7KucO1&y=U2FsdGVkX1/ia0ikXQOpAAWldgAINKnUF5gomfYUSfwjPTqmU6ZCi9KTg2w0uwkJ HTTP/1.1" 200 30
186.102.91.237 - - [18/Sep/2023:08:09:25 -0500] "GET /kwssiamovil/sm/acme/s?s=U2FsdGVkX1/naXxoovdnivA/Ck36kD92mphyphC4rmc2maEbT1Ks0ABg/mrM8e7uVaRxAnNCzVTzFOYSUnlGLD4iite/ysmeaQFQBkeyRGQ=&u=U2FsdGVkX19Vvm76Sd725hdjya2FbZSJdU+xmroQZYU=&y=U2FsdGVkX1/ia0ikXQOpAAWldgAINKnUF5gomfYUSfwjPTqmU6ZCi9KTg2w0uwkJ HTTP/1.1" 200 70
186.102.15.202 - - [18/Sep/2023:08:09:25 -0500] "GET /kwssiamovil/sm/ldap/au?x=U2FsdGVkX1/oA4pXCtx/DZQlMPpHkq/wa94+v4b601Jc7ChlWIHFj8+hCU+SsV2z&y=U2FsdGVkX1+IwYsaO1qm4TBkHXOjbjjy4sktfpMjFEiC1knE32vEt6ZQF3NnjpO2 HTTP/1.1" 200 31
186.102.91.237 - - [18/Sep/2023:08:09:25 -0500] "GET /kwssiamovil/sm/acme/s?s=U2FsdGVkX19m8YnaXwfIbdFWbSajzJh1sZqB9aPY1ZYO/hXo5A1hylqV40fGRsixhpX6bBg7DSNS6Z8K3BzFnKuAhKwZXBc7X8r7fo3CoWluMkZg+zFx8K+wDw+zzUT7kS8GrsgBDyuDirQFjxjQXeMnaSLmzov5teIDAYNtD1hpH/FYoUB261v5Rj8+Q4mHw//nyfD5DWLNtvsTwudbw9F6H2K0gMFbkP0fAu1D++zbYhwX13Wjcv8TmiLu4iCh7qYw1blCmrlQTRP59F2ejKmcmFg2/sfgaoddDHQoGglDjJYhh0p9cwzFZbEDo6ydIGKLtgkTMIFxPN2PFAtUvQ1J79DUDxWlB085BcIiehQrmIc0HMFu4fIMrmPkJmHmttnW0WmSaNM0V9zHVgHoNa3Wuu0GUywUgJsKUScKGSl3BNZxEUp1i/MvDzZgLgMjPl07FrLSNXSSX/0y1hCR6a0qyPeBW+lu2HZ+D+DnhAFhJx5UI1zsFQNgVSmlAT7wJ0/F9yCd6DvmsfPgPMyck972bzNKM/cft6y1BgQ160/0jOGaHLp53ppt2AMtJM6mnc3vzH+5TFznYqiL/3tdLtK2IYgkemMh/hyfw8/A0jwlCX+2f4mgRHSLHSm/4HWbFslHYKySJbt3TwoPDft3Gk7GcGrN47GB2Vr6XXq83kimgxdNh+QuzNx8rGEZ6CeVL2vmUGLQzeqDKG9NlzJ4RkzOJvZb7t1VI/vFC2WJl/EjjdRPqans2Sv61SxS1ZWVj8Txzi3UlNG4hQ+ZxwBFA44Ev+4VE9pmtQYNyqLFbnOK4WYjU53SMicFLgTsVDvPm404MGQqqQkWUAUu77uqxhc4gLbOOe1LDVNEU2alzBvUHn2q8XhFQs4N7qODTr4O/md+UHB1mRB69LXQLNdGA1D5GWnL+lDXmdcSAf3mt/ntj+O74m/Q704OaJWCS6ubFW4YGW1LcFJuV7355q/mFHmSDq1GmXIIRwcH56mMOZSR6OYj1phhghE1sl/lMQvi94mtzqiGMUV/qvhqrFRELjIzZifeV/G1U5nULOVUVk09D6mWbeVuVLv28cK/QXy6AgPKCcrP2VGaNBoqO+lofugCMIJ5hN5j8jtgHj1FVAlmUbyPnX0bGV5J4LsqGyVis2chOvj3ghmOTeW/xW7PELTx2Au2sctpsDKehYqOAghEXO7b+rGMXNXt+FXbJipjdKaqGApMUQcRF3/ONDQZuTp/n15oS8heNkrTLqG53CEth5rD2M4kKUrzNIdBZSvWFToWh8e6VglZQQtAmRIN0kNydaz+4dzFQRkqww4YTld0r7CJOdUPw72xJeNcv8KCOGX8afJF8pVzkR5cts3/h4TaVMVd0m5TI7cuMGW0a5rHAaCB9C5NBCG078nC3A2ifnljHxnV5IGsLUZ8PDzYg7QcoGQECIIRuyuT3N/mbQm+jdZxNmdRVcEyaMl2PCGWzwcaNLqP8d4mE5/MG0HLpVPyqH7pUOs8HKBNnPmGqJ69XI6RNd62Gj1ayrI4ywq5jUfO/QzRu3cxEJslP1VFOYrV5Nl/ZWSdc0oHsjIciL6H1Ze3YKeuPk+nvn4pqq0uG03QUOZanCL7wVvqXjHhy7cIjOeMfHCLLg1vrwUhO/DKLmiZNPVa5a2GkSL3tl3MdTNc3reSA0VGzP+yLZ3vMocCuxPhB4LSeDZf5XlsKoYADpOb4rJG0NjqAXFEPRvv5YyMELs+pfjCTufUzJVQ9HbOAuesWBoZaARNHG5+Ky0=&u=U2FsdGVkX19Vvm76Sd725hdjya2FbZSJdU+xmroQZYU=&y=U2FsdGVkX1/ia0ikXQOpAAWldgAINKnUF5gomfYUSfwjPTqmU6ZCi9KTg2w0uwkJ HTTP/1.1" 200 4226
201.245.192.253 - - [18/Sep/2023:08:09:25 -0500] "POST /forms/lservlet;jsessionid=ac16012b30d6ec56c8535f2d463388baa5b680a9bfa8.e3iSbxaKaheRe34Pbx8Nc3aQci1ynknvrkLOlQzNp65In0 HTTP/1.1" 200 1196
201.245.192.253 - - [18/Sep/2023:08:09:25 -0500] "POST /forms/lservlet;jsessionid=ac16012b30d6ec56c8535f2d463388baa5b680a9bfa8.e3iSbxaKaheRe34Pbx8Nc3aQci1ynknvrkLOlQzNp65In0 HTTP/1.1" 200 2
186.102.91.237 - - [18/Sep/2023:08:09:26 -0500] "GET /kwssiamovil/sm/acme/s?s=U2FsdGVkX19uMM8Th+dKukwgo6AfkQtDip9+1JvoAmTd3J/w6IMhlvEgtP0kc3dlKhAIewOzN5p0YZlhHurl8e3MMWgIVs85FZcefQe0Aeo541gP8YAHgo24fzSasBXTWdvO6Rbyg7z1rAKIBkaIi/UU5VENVP/E07geZx1ZfOP1QIyTGi64zo9BqsCApUNdfexDodvk2SELcxans1XuyDT6iDTLFoHoYis/RxOvGRN8iNxFeiBgqwT/4d/QXELtnaBXvMjdGgVcTRdB9rd0vvWxWye3u0UuGDxsucDOCih5LB/xE83HeULyocOHGDYGbtBOe6Hcd3JEak0+hLmcWvBsCjYvXBz683mXMIWwDOv30p/a4mhHs4r0MRD1L3Z3CvDB4T5Kzl4WzboE0DIthfw/q9q6sk9TDTQK/vGdwtSq0uv8MITfUJT1Mv+xiE5daxq7Le9ddsXGbRcq43lT7geQKp8I2Ejps+ZfW5xSwoGJMjxwOZgbG9/Q7a0lnu2IbNi3CWbHjwJDJ2qaPp/URKAnIZS87FDtrA2do3daKv+kwDd1p+16oJj3RlvQvlivGonPklsONENy74fooZ4Ifwb511/tq6KbEXJVdJjMExn+9UiwNL5B9wCrxiTcES0aDMwSKvpSOUnuwZHmt1v+TWe1nIoRe1WEdLT6u6+1Fd1vLzGPtyq3P7phq30sRgC+EVBXDikUQ9xxVJWQhoSCepoJUMcQ4GzfF4xyB6MitMBoFAQ7L2BBIRxNo/Es6vnD&u=U2FsdGVkX19Vvm76Sd725hdjya2FbZSJdU+xmroQZYU=&y=U2FsdGVkX1/ia0ikXQOpAAWldgAINKnUF5gomfYUSfwjPTqmU6ZCi9KTg2w0uwkJ HTTP/1.1" 200 208
201.245.192.253 - - [18/Sep/2023:08:09:27 -0500] "POST /forms/lservlet;jsessionid=ac16012b30d60f1d8a7b81bb4baeb8b0ce5fe507e2af.e3iSbxaKaheRe34Pbx8Nc3aQci1ynknvrkLOlQzNp65In0 HTTP/1.1" 200 2
186.102.91.237 - - [18/Sep/2023:08:09:26 -0500] "GET /kwssiamovil/sm/cjson/pre?f=1&x=U2FsdGVkX1/wdcF51mShT6yzYcwlHS3060+m9iWHZT0wHS+e0D67p1AZjM7KucO1 HTTP/1.1" 200 31032
190.216.201.100 - - [18/Sep/2023:08:09:32 -0500] "GET /sipse/faces/faces/autenticacion.xhtml HTTP/1.1" 200 12422
190.216.201.100 - - [18/Sep/2023:08:09:32 -0500] "GET /sipse/faces/javax.faces.resource/theme.css?ln=primefaces-sipse HTTP/1.1" 304 -
190.216.201.100 - - [18/Sep/2023:08:09:32 -0500] "GET /sipse/faces/javax.faces.resource/primefaces.css?ln=primefaces&v=4.0 HTTP/1.1" 304 -
190.216.201.100 - - [18/Sep/2023:08:09:32 -0500] "GET /sipse/faces/javax.faces.resource/layout/layout.css?ln=primefaces&v=4.0 HTTP/1.1" 304 -
190.216.201.100 - - [18/Sep/2023:08:09:32 -0500] "GET /sipse/faces/javax.faces.resource/jquery/jquery.js?ln=primefaces&v=4.0 HTTP/1.1" 304 -
190.216.201.100 - - [18/Sep/2023:08:09:32 -0500] "GET /sipse/faces/javax.faces.resource/jquery/jquery-plugins.js?ln=primefaces&v=4.0 HTTP/1.1" 304 -
190.216.201.100 - - [18/Sep/2023:08:09:32 -0500] "GET /sipse/faces/javax.faces.resource/primefaces.js?ln=primefaces&v=4.0 HTTP/1.1" 304 -
190.216.201.100 - - [18/Sep/2023:08:09:32 -0500] "GET /sipse/faces/javax.faces.resource/layout/layout.js?ln=primefaces&v=4.0 HTTP/1.1" 304 -
190.216.201.100 - - [18/Sep/2023:08:09:32 -0500] "GET /sipse/faces/javax.faces.resource/images/ui-icons_898989_256x240.png?ln=primefaces-aristo HTTP/1.1" 304 -
190.216.201.100 - - [18/Sep/2023:08:09:32 -0500] "GET /sipse/faces/faces/index.xhtml HTTP/1.1" 200 677
190.216.201.100 - - [18/Sep/2023:08:09:32 -0500] "GET /sipse/faces/javax.faces.resource/theme.css?ln=primefaces-sipse HTTP/1.1" 304 -
190.216.201.100 - - [18/Sep/2023:08:09:32 -0500] "GET /sipse/faces/faces/faces/autenticacion.xhtml HTTP/1.1" 200 12422
190.216.201.100 - - [18/Sep/2023:08:09:33 -0500] "GET /sipse/faces/javax.faces.resource/theme.css?ln=primefaces-sipse HTTP/1.1" 304 -
190.216.201.100 - - [18/Sep/2023:08:09:33 -0500] "GET /sipse/faces/javax.faces.resource/primefaces.css?ln=primefaces&v=4.0 HTTP/1.1" 304 -
190.216.201.100 - - [18/Sep/2023:08:09:33 -0500] "GET /sipse/faces/javax.faces.resource/layout/layout.css?ln=primefaces&v=4.0 HTTP/1.1" 304 -
190.216.201.100 - - [18/Sep/2023:08:09:33 -0500] "GET /sipse/faces/javax.faces.resource/jquery/jquery.js?ln=primefaces&v=4.0 HTTP/1.1" 304 -
190.216.201.100 - - [18/Sep/2023:08:09:33 -0500] "GET /sipse/faces/javax.faces.resource/jquery/jquery-plugins.js?ln=primefaces&v=4.0 HTTP/1.1" 304 -
190.216.201.100 - - [18/Sep/2023:08:09:33 -0500] "GET /sipse/faces/javax.faces.resource/primefaces.js?ln=primefaces&v=4.0 HTTP/1.1" 304 -
190.216.201.100 - - [18/Sep/2023:08:09:33 -0500] "GET /sipse/faces/javax.faces.resource/layout/layout.js?ln=primefaces&v=4.0 HTTP/1.1" 304 -
190.216.201.100 - - [18/Sep/2023:08:09:33 -0500] "GET /sipse/faces/javax.faces.resource/images/ui-icons_898989_256x240.png?ln=primefaces-aristo HTTP/1.1" 304 -
186.102.15.202 - - [18/Sep/2023:08:09:38 -0500] "GET /kwssiamovil/sm/ldap/au?x=U2FsdGVkX1/qwUMAPgHbBpYnViLizjOAwmNHJbMRj9PhqUVvBGdaRRChFCQPUYmz&y=U2FsdGVkX18NQTimUeEFDsx1TJU2Bl0wZFXFA1lp32LQDY3J1dVThi6L1BEuVr6q HTTP/1.1" 200 30
190.216.201.100 - - [18/Sep/2023:08:09:38 -0500] "POST /sipse/faces/autenticacion.xhtml HTTP/1.1" 200 16255
190.216.201.100 - - [18/Sep/2023:08:09:38 -0500] "GET /sipse/faces/javax.faces.resource/jquery/jquery.js?ln=primefaces&v=4.0 HTTP/1.1" 304 -
190.216.201.100 - - [18/Sep/2023:08:09:38 -0500] "GET /sipse/faces/javax.faces.resource/jquery/jquery-plugins.js?ln=primefaces&v=4.0 HTTP/1.1" 304 -
186.102.15.202 - - [18/Sep/2023:08:09:38 -0500] "GET /kwssiamovil/sm/acme/s?s=U2FsdGVkX19Gm05a3Bb3lvulHnwpm3DKPl3xyENN1QR/UJP3MzR9rC5wPXbZELA95RxvP3mslCJCPYxQY4U91mhzEF2GBFTuO1elFeyLP3Q=&u=U2FsdGVkX1+I8UpamlzPyFnTpXUC6zqBEyO4ciPpGDTR4VUMzTZS5D4HV4vk7c6i&y=U2FsdGVkX18NQTimUeEFDsx1TJU2Bl0wZFXFA1lp32LQDY3J1dVThi6L1BEuVr6q HTTP/1.1" 200 97
190.216.201.100 - - [18/Sep/2023:08:09:38 -0500] "GET /sipse/faces/javax.faces.resource/primefaces.js?ln=primefaces&v=4.0 HTTP/1.1" 304 -
190.216.201.100 - - [18/Sep/2023:08:09:38 -0500] "GET /sipse/faces/javax.faces.resource/layout/layout.js?ln=primefaces&v=4.0 HTTP/1.1" 304 -
186.102.15.202 - - [18/Sep/2023:08:09:38 -0500] "GET /kwssiamovil/sm/acme/s?s=U2FsdGVkX18xGw9GwBKRZkYzAwcvH1hc1xQ0KsGCfDXVj5PrZB+/ZYG7xK9z9tXn4tUKGUBQqTwnn6keRwMIWthD3ICytuD9GPYS0bOtDKrfNUM5YGomnh7u5lY2XWhDM78Os6K/NFeWj0f36Cv/Z2oXy1jojUdHFi7gTlP4cYhCyd5goDJr9Ncnk8unQzGNL//LekwRDSj9ibUlYO3X4+93qY6nw3cRvHdRc+HCoRY+mX3OKYjJqDCr5PoduwWlGG5+hBuJ6WmWyBHDF7pQ+9k/HgcF/GrpdYXwvPS4c4INiLLgFw3qF0iKlk1o0mmIwFLPQbmkB5Qp0RHdHhSp/XV5sHxrL5lEmTSkSWJFGIP0T7NVArpH9r4XYMmAen5gaBl3zPaPBaUzQcwlKiUWUGRW0vbw72bgZnIVgXp8Mao0v5pea05MuPbD722mvoZ9kwBAfQsC4rSLxAHoFsooYd/tqYSACwmydKJsANkDVOa/uSQRhhHeG6ycpgg1UYtdk6nLu/yeiPe7DaZzVTr0ItWJlgH3xgXajFYxYhzKTfORCYIyRkUk8jLYfGg30sOmb4pFYX0p810034JwL6fat25Lvq9uelEoI96ufBTm0g5i99Qi+kP1e+TAL8vsAAOv3AS1rLUFasYeBS5ay+CkWn+Ak56JXRsxQ+ByYylF4Rc5/H1r44aZ6EhGKjY4rXIigC/ilFpzSFdl1F6qBh8G7p6D7rvz7CK7+4OXk/X9uMMcXDlolcMCMbY6NzJXIFF1NOI4zV51+zzdwV2v7Mqy0/11BNKPO//mQK+TNrli0vEJuzGtBLYTBTH5MpOgRmTHnYWeqkIDf8vqwxHbEtQxRuM11oImL7JYWgXk4YFGRdkmoTrLD22I5l6MD0Sc9iwf/3w45n4Ju3i7ftcrk8oOyxiuOJRGozLgPwwgAIlmCrPumNCvwMeYgIpe3x5W+MU9EokE4svi+6LAubDjwJva8vgl3H1xDSMBVLMl+Ewfe4qBfp/2su3XPsVqck0wTd+/nhJA/etoXgXbN9r6vX9YhaQIMGieNgczqT3C5N8MEu8wNBntib+L4tcUzEA3dHknfBwXq0aRn+6EhiIWEr/D6n4EGbuJumRlLArRN7LBBxyNdxgN5ucApx4ZShNx3Jgf2fXBn1w1c4zHuHo1U321F5Dz2UmSdCZ7phSk6Iv4MMEHOOEWBomDN/4HrnlqDr8lmpQTUMp3t/J3aN+U0sC8iGDIFB74YPk0ZGSFktQht2YRWu+tR7o/uVaxZg1Lf4BFpnJmNxovmJsQjafBXHY6JUij1kwWz2fH2p4JO8V2hU2AuVKSOWAl6fKvvTbkutrY5sXlEzS4yP8Wy606+bqEdy1ANTS9ETKpFvPP3419Rddpj+BV9+ViRR1oviOzM0LdzW8dZIiQLFoRqf//JgUCegYJiV1iZJSgJKVN7R6LF3I=&u=U2FsdGVkX1+I8UpamlzPyFnTpXUC6zqBEyO4ciPpGDTR4VUMzTZS5D4HV4vk7c6i&y=U2FsdGVkX18NQTimUeEFDsx1TJU2Bl0wZFXFA1lp32LQDY3J1dVThi6L1BEuVr6q HTTP/1.1" 200 4205
190.216.201.100 - - [18/Sep/2023:08:09:38 -0500] "GET /sipse/css/imagen/contrasena.png HTTP/1.1" 404 383
190.216.201.100 - - [18/Sep/2023:08:09:38 -0500] "GET /sipse/faces/javax.faces.resource/messages/messages.png?ln=primefaces&v=4.0 HTTP/1.1" 304 -
186.102.15.202 - - [18/Sep/2023:08:09:39 -0500] "GET /kwssiamovil/sm/acme/s?s=U2FsdGVkX1+bnbKk0aFWmCleqfw5yyWJi1VyC0kc43Ld7FbDIYdg3tCVCZ1NKJyrX0s5PxYihomaSj5w3MMHgH5lMhodWQgnSPOI04lW8RU2Xcy4LcWS4uSZXO6J7zj6g6svxlxXh5FiRRFlimUszBq2WGQYt6tpf7S9XkswgGsese2FkcREBKOMYZeb7EGbLMi/V1Y2hp9hxwvrzqp10/p5yuDaBKuCnwdYbNklt7tlrRlrplwMso7ohDrzE0+vVENWIrQ8R2HnrIcO/7S1ycjboGztAbyznTDmriEZ5MDFkHsmiUEPLc5g35c0LAcXMsnx/XPX3d+kYq1C8p+7CSxJvHLeFvw8kzmQpFGa/0w=&u=U2FsdGVkX1+I8UpamlzPyFnTpXUC6zqBEyO4ciPpGDTR4VUMzTZS5D4HV4vk7c6i&y=U2FsdGVkX18NQTimUeEFDsx1TJU2Bl0wZFXFA1lp32LQDY3J1dVThi6L1BEuVr6q HTTP/1.1" 200 196
186.102.15.202 - - [18/Sep/2023:08:09:39 -0500] "GET /kwssiamovil/sm/cjson/pre?f=1&x=U2FsdGVkX1/qwUMAPgHbBpYnViLizjOAwmNHJbMRj9PhqUVvBGdaRRChFCQPUYmz HTTP/1.1" 200 31032
190.216.201.100 - - [18/Sep/2023:08:09:40 -0500] "GET /sipse/faces/javax.faces.resource/images/ui-bg_flat_0_2d5972_40x100.png?ln=primefaces-aristo HTTP/1.1" 304 -
190.216.201.100 - - [18/Sep/2023:08:09:40 -0500] "POST /sipse/faces/bienvenido.xhtml HTTP/1.1" 200 1471
190.216.201.100 - - [18/Sep/2023:08:09:41 -0500] "POST /sipse/faces/bienvenido.xhtml HTTP/1.1" 200 49035
190.216.201.100 - - [18/Sep/2023:08:09:41 -0500] "GET /sipse/faces/javax.faces.resource/jquery/jquery.js?ln=primefaces&v=4.0 HTTP/1.1" 304 -
190.216.201.100 - - [18/Sep/2023:08:09:41 -0500] "GET /sipse/faces/javax.faces.resource/jquery/jquery-plugins.js?ln=primefaces&v=4.0 HTTP/1.1" 304 -
190.216.201.100 - - [18/Sep/2023:08:09:42 -0500] "GET /sipse/faces/javax.faces.resource/primefaces.js?ln=primefaces&v=4.0 HTTP/1.1" 304 -
190.216.201.100 - - [18/Sep/2023:08:09:42 -0500] "GET /sipse/faces/javax.faces.resource/layout/layout.js?ln=primefaces&v=4.0 HTTP/1.1" 304 -
190.216.201.100 - - [18/Sep/2023:08:09:42 -0500] "POST /sipse/faces/presentacion/financiero/solicitudProceso/listarSolicitudProceso.xhtml HTTP/1.1" 200 1492
172.22.2.4 - - [18/Sep/2023:08:08:04 -0500] "HEAD /BLA/boletinlegal/ HTTP/1.1" 200 -
190.216.201.100 - - [18/Sep/2023:08:09:46 -0500] "POST /sipse/faces/presentacion/financiero/solicitudProceso/listarSolicitudProceso.xhtml HTTP/1.1" 200 122084
190.216.201.100 - - [18/Sep/2023:08:09:46 -0500] "GET /sipse/faces/javax.faces.resource/jquery/jquery.js?ln=primefaces&v=4.0 HTTP/1.1" 304 -
190.216.201.100 - - [18/Sep/2023:08:09:46 -0500] "GET /sipse/faces/javax.faces.resource/jquery/jquery-plugins.js?ln=primefaces&v=4.0 HTTP/1.1" 304 -
190.216.201.100 - - [18/Sep/2023:08:09:47 -0500] "GET /sipse/faces/javax.faces.resource/primefaces.js?ln=primefaces&v=4.0 HTTP/1.1" 304 -
190.216.201.100 - - [18/Sep/2023:08:09:47 -0500] "GET /sipse/faces/javax.faces.resource/layout/layout.js?ln=primefaces&v=4.0 HTTP/1.1" 304 -
172.22.2.4 - - [18/Sep/2023:08:08:54 -0500] "GET /BLA/boletinlegal/ HTTP/1.1" 200 58187
201.245.192.253 - - [18/Sep/2023:08:10:43 -0500] "POST /forms/lservlet;jsessionid=ac16012b30d6ec56c8535f2d463388baa5b680a9bfa8.e3iSbxaKaheRe34Pbx8Nc3aQci1ynknvrkLOlQzNp65In0 HTTP/1.1" 200 2
123.6.49.18 - - [18/Sep/2023:08:11:24 -0500] "GET / HTTP/1.1" 200 319
201.245.192.253 - - [18/Sep/2023:08:11:27 -0500] "POST /forms/lservlet;jsessionid=ac16012b30d60f1d8a7b81bb4baeb8b0ce5fe507e2af.e3iSbxaKaheRe34Pbx8Nc3aQci1ynknvrkLOlQzNp65In0 HTTP/1.1" 200 2
216.244.66.195 - - [18/Sep/2023:08:12:00 -0500] "GET /BLA/resoluciones/AUTOS%202021/0749.pdf HTTP/1.1" 200 356691
201.245.192.253 - - [18/Sep/2023:08:12:00 -0500] "POST /kwsrmcab/Wsrmcab  HTTP/1.1" 200 39454
216.245.221.92 - - [18/Sep/2023:08:12:12 -0500] "HEAD / HTTP/1.1" 200 -
216.244.66.195 - - [18/Sep/2023:08:12:35 -0500] "GET /BLA/resoluciones/AUTOS%202021/0766.pdf HTTP/1.1" 200 887120
201.245.192.253 - - [18/Sep/2023:08:12:43 -0500] "POST /forms/lservlet;jsessionid=ac16012b30d6ec56c8535f2d463388baa5b680a9bfa8.e3iSbxaKaheRe34Pbx8Nc3aQci1ynknvrkLOlQzNp65In0 HTTP/1.1" 200 2
216.244.66.195 - - [18/Sep/2023:08:13:25 -0500] "GET /BLA/resoluciones/AUTOS%202021/0790.pdf HTTP/1.1" 200 2030686
201.245.192.253 - - [18/Sep/2023:08:13:27 -0500] "POST /forms/lservlet;jsessionid=ac16012b30d60f1d8a7b81bb4baeb8b0ce5fe507e2af.e3iSbxaKaheRe34Pbx8Nc3aQci1ynknvrkLOlQzNp65In0 HTTP/1.1" 200 2
201.245.192.253 - - [18/Sep/2023:08:14:11 -0500] "POST /forms/lservlet;jsessionid=ac16012b30d6ec56c8535f2d463388baa5b680a9bfa8.e3iSbxaKaheRe34Pbx8Nc3aQci1ynknvrkLOlQzNp65In0 HTTP/1.1" 200 718
201.245.192.253 - - [18/Sep/2023:08:14:11 -0500] "GET /imagenes/rt_radd.gif HTTP/1.1" 200 907
201.245.192.253 - - [18/Sep/2023:08:14:11 -0500] "GET /imagenes/rt_rdel.gif HTTP/1.1" 200 899
201.245.192.253 - - [18/Sep/2023:08:14:11 -0500] "GET /imagenes/rt_save.gif HTTP/1.1" 200 903
201.245.192.253 - - [18/Sep/2023:08:14:11 -0500] "POST /forms/lservlet;jsessionid=ac16012b30d6ec56c8535f2d463388baa5b680a9bfa8.e3iSbxaKaheRe34Pbx8Nc3aQci1ynknvrkLOlQzNp65In0 HTTP/1.1" 200 8
201.245.192.253 - - [18/Sep/2023:08:14:12 -0500] "POST /forms/lservlet;jsessionid=ac16012b30d6ec56c8535f2d463388baa5b680a9bfa8.e3iSbxaKaheRe34Pbx8Nc3aQci1ynknvrkLOlQzNp65In0 HTTP/1.1" 200 8
201.245.192.253 - - [18/Sep/2023:08:14:12 -0500] "POST /forms/lservlet;jsessionid=ac16012b30d6ec56c8535f2d463388baa5b680a9bfa8.e3iSbxaKaheRe34Pbx8Nc3aQci1ynknvrkLOlQzNp65In0 HTTP/1.1" 200 2
201.245.192.253 - - [18/Sep/2023:08:14:12 -0500] "POST /forms/lservlet;jsessionid=ac16012b30d6ec56c8535f2d463388baa5b680a9bfa8.e3iSbxaKaheRe34Pbx8Nc3aQci1ynknvrkLOlQzNp65In0 HTTP/1.1" 200 305
201.245.192.253 - - [18/Sep/2023:08:14:13 -0500] "POST /forms/lservlet;jsessionid=ac16012b30d6ec56c8535f2d463388baa5b680a9bfa8.e3iSbxaKaheRe34Pbx8Nc3aQci1ynknvrkLOlQzNp65In0 HTTP/1.1" 200 13
201.245.192.253 - - [18/Sep/2023:08:14:13 -0500] "POST /forms/lservlet;jsessionid=ac16012b30d6ec56c8535f2d463388baa5b680a9bfa8.e3iSbxaKaheRe34Pbx8Nc3aQci1ynknvrkLOlQzNp65In0 HTTP/1.1" 200 2
201.245.192.253 - - [18/Sep/2023:08:14:13 -0500] "POST /forms/lservlet;jsessionid=ac16012b30d6ec56c8535f2d463388baa5b680a9bfa8.e3iSbxaKaheRe34Pbx8Nc3aQci1ynknvrkLOlQzNp65In0 HTTP/1.1" 200 743
201.245.192.253 - - [18/Sep/2023:08:14:14 -0500] "POST /forms/lservlet;jsessionid=ac16012b30d6ec56c8535f2d463388baa5b680a9bfa8.e3iSbxaKaheRe34Pbx8Nc3aQci1ynknvrkLOlQzNp65In0 HTTP/1.1" 200 2
201.245.192.253 - - [18/Sep/2023:08:14:17 -0500] "POST /forms/lservlet;jsessionid=ac16012b30d6ec56c8535f2d463388baa5b680a9bfa8.e3iSbxaKaheRe34Pbx8Nc3aQci1ynknvrkLOlQzNp65In0 HTTP/1.1" 200 19
201.245.192.253 - - [18/Sep/2023:08:14:17 -0500] "POST /forms/lservlet;jsessionid=ac16012b30d6ec56c8535f2d463388baa5b680a9bfa8.e3iSbxaKaheRe34Pbx8Nc3aQci1ynknvrkLOlQzNp65In0 HTTP/1.1" 200 242
201.245.192.253 - - [18/Sep/2023:08:14:21 -0500] "POST /forms/lservlet;jsessionid=ac16012b30d6ec56c8535f2d463388baa5b680a9bfa8.e3iSbxaKaheRe34Pbx8Nc3aQci1ynknvrkLOlQzNp65In0 HTTP/1.1" 200 2
201.245.192.253 - - [18/Sep/2023:08:14:21 -0500] "POST /forms/lservlet;jsessionid=ac16012b30d6ec56c8535f2d463388baa5b680a9bfa8.e3iSbxaKaheRe34Pbx8Nc3aQci1ynknvrkLOlQzNp65In0 HTTP/1.1" 200 120
216.244.66.195 - - [18/Sep/2023:08:14:21 -0500] "GET /BLA/resoluciones/AUTOS%202021/0819.pdf HTTP/1.1" 200 383762
201.245.192.253 - - [18/Sep/2023:08:14:21 -0500] "POST /forms/lservlet;jsessionid=ac16012b30d6ec56c8535f2d463388baa5b680a9bfa8.e3iSbxaKaheRe34Pbx8Nc3aQci1ynknvrkLOlQzNp65In0 HTTP/1.1" 200 1028
201.245.192.253 - - [18/Sep/2023:08:14:43 -0500] "POST /forms/lservlet;jsessionid=ac16012b30d6ec56c8535f2d463388baa5b680a9bfa8.e3iSbxaKaheRe34Pbx8Nc3aQci1ynknvrkLOlQzNp65In0 HTTP/1.1" 200 2
216.244.66.195 - - [18/Sep/2023:08:14:58 -0500] "GET /BLA/resoluciones/AUTOS%202021/1160.pdf HTTP/1.1" 200 455031
201.245.192.253 - - [18/Sep/2023:08:15:27 -0500] "POST /forms/lservlet;jsessionid=ac16012b30d60f1d8a7b81bb4baeb8b0ce5fe507e2af.e3iSbxaKaheRe34Pbx8Nc3aQci1ynknvrkLOlQzNp65In0 HTTP/1.1" 200 2
172.22.2.4 - - [18/Sep/2023:08:13:54 -0500] "HEAD /BLA/boletinlegal/ HTTP/1.1" 200 -
216.244.66.195 - - [18/Sep/2023:08:15:40 -0500] "GET /BLA/resoluciones/AUTOS%202021/1494.pdf HTTP/1.1" 200 353975
49.7.21.94 - - [18/Sep/2023:08:15:42 -0500] "GET / HTTP/1.1" 200 319
201.245.192.253 - - [18/Sep/2023:08:15:47 -0500] "POST /forms/lservlet;jsessionid=ac16012b30d6ec56c8535f2d463388baa5b680a9bfa8.e3iSbxaKaheRe34Pbx8Nc3aQci1ynknvrkLOlQzNp65In0 HTTP/1.1" 200 702
201.245.192.253 - - [18/Sep/2023:08:15:47 -0500] "POST /forms/lservlet;jsessionid=ac16012b30d6ec56c8535f2d463388baa5b680a9bfa8.e3iSbxaKaheRe34Pbx8Nc3aQci1ynknvrkLOlQzNp65In0 HTTP/1.1" 200 13
201.245.192.253 - - [18/Sep/2023:08:15:52 -0500] "POST /forms/lservlet;jsessionid=ac16012b30d6ec56c8535f2d463388baa5b680a9bfa8.e3iSbxaKaheRe34Pbx8Nc3aQci1ynknvrkLOlQzNp65In0 HTTP/1.1" 200 1109
201.245.192.253 - - [18/Sep/2023:08:15:53 -0500] "POST /forms/lservlet;jsessionid=ac16012b30d6ec56c8535f2d463388baa5b680a9bfa8.e3iSbxaKaheRe34Pbx8Nc3aQci1ynknvrkLOlQzNp65In0 HTTP/1.1" 200 2
40.77.167.31 - - [18/Sep/2023:08:16:02 -0500] "GET /Publicaciones/2023EE213212.pdf HTTP/1.1" 200 231944
216.244.66.195 - - [18/Sep/2023:08:16:12 -0500] "GET /BLA/resoluciones/AUTOS%202021/1787.pdf HTTP/1.1" 200 421692
40.77.167.158 - - [18/Sep/2023:08:16:19 -0500] "GET /secretaria-de-ambiente-intercambia-conocimientos-sobre-arbolado-urbano-con-delegadas-de-la-alcaldia-de-sao-paulo.html HTTP/1.1" 200 944
172.22.2.4 - - [18/Sep/2023:08:14:44 -0500] "GET /BLA/boletinlegal/ HTTP/1.1" 200 58187
172.22.2.4 - - [18/Sep/2023:08:16:35 -0500] "GET /BLA/boletinlegal/robots.txt HTTP/1.1" 404 1038
172.22.2.4 - - [18/Sep/2023:08:16:35 -0500] "GET /BLA/boletinlegal/jurisprudencia/analisis/Analisis%20Sentencia%20T-1077,%202%20corregida.doc HTTP/1.1" 200 47616
216.244.66.195 - - [18/Sep/2023:08:16:43 -0500] "GET /BLA/resoluciones/AUTOS%202021/1910.pdf HTTP/1.1" 200 362708
201.245.192.253 - - [18/Sep/2023:08:16:43 -0500] "POST /forms/lservlet;jsessionid=ac16012b30d6ec56c8535f2d463388baa5b680a9bfa8.e3iSbxaKaheRe34Pbx8Nc3aQci1ynknvrkLOlQzNp65In0 HTTP/1.1" 200 2
201.245.192.253 - - [18/Sep/2023:08:17:00 -0500] "POST /kwsrmcab/Wsrmcab  HTTP/1.1" 200 39454
201.245.192.253 - - [18/Sep/2023:08:17:06 -0500] "POST /forms/lservlet;jsessionid=ac16012b30d6ec56c8535f2d463388baa5b680a9bfa8.e3iSbxaKaheRe34Pbx8Nc3aQci1ynknvrkLOlQzNp65In0 HTTP/1.1" 200 13
201.245.192.253 - - [18/Sep/2023:08:17:07 -0500] "POST /forms/lservlet;jsessionid=ac16012b30d6ec56c8535f2d463388baa5b680a9bfa8.e3iSbxaKaheRe34Pbx8Nc3aQci1ynknvrkLOlQzNp65In0 HTTP/1.1" 200 702
201.245.192.253 - - [18/Sep/2023:08:17:07 -0500] "POST /forms/lservlet;jsessionid=ac16012b30d6ec56c8535f2d463388baa5b680a9bfa8.e3iSbxaKaheRe34Pbx8Nc3aQci1ynknvrkLOlQzNp65In0 HTTP/1.1" 200 10
201.245.192.253 - - [18/Sep/2023:08:17:08 -0500] "POST /forms/lservlet;jsessionid=ac16012b30d6ec56c8535f2d463388baa5b680a9bfa8.e3iSbxaKaheRe34Pbx8Nc3aQci1ynknvrkLOlQzNp65In0 HTTP/1.1" 200 13
216.245.221.92 - - [18/Sep/2023:08:17:11 -0500] "HEAD / HTTP/1.1" 200 -
201.245.192.253 - - [18/Sep/2023:08:17:12 -0500] "POST /forms/lservlet;jsessionid=ac16012b30d6ec56c8535f2d463388baa5b680a9bfa8.e3iSbxaKaheRe34Pbx8Nc3aQci1ynknvrkLOlQzNp65In0 HTTP/1.1" 200 327
201.245.192.253 - - [18/Sep/2023:08:17:13 -0500] "POST /forms/lservlet;jsessionid=ac16012b30d6ec56c8535f2d463388baa5b680a9bfa8.e3iSbxaKaheRe34Pbx8Nc3aQci1ynknvrkLOlQzNp65In0 HTTP/1.1" 200 13
201.245.192.253 - - [18/Sep/2023:08:17:14 -0500] "POST /forms/lservlet;jsessionid=ac16012b30d6ec56c8535f2d463388baa5b680a9bfa8.e3iSbxaKaheRe34Pbx8Nc3aQci1ynknvrkLOlQzNp65In0 HTTP/1.1" 200 1521
216.244.66.195 - - [18/Sep/2023:08:17:15 -0500] "GET /BLA/resoluciones/AUTOS%202021/2019.pdf HTTP/1.1" 200 373370
201.245.192.253 - - [18/Sep/2023:08:17:27 -0500] "POST /forms/lservlet;jsessionid=ac16012b30d60f1d8a7b81bb4baeb8b0ce5fe507e2af.e3iSbxaKaheRe34Pbx8Nc3aQci1ynknvrkLOlQzNp65In0 HTTP/1.1" 200 2
216.244.66.195 - - [18/Sep/2023:08:17:44 -0500] "GET /BLA/resoluciones/AUTOS%202021/2075.pdf HTTP/1.1" 200 363474
201.245.192.253 - - [18/Sep/2023:08:18:02 -0500] "POST /kwsrmcab/Wsrmcab HTTP/1.1" 200 43190
201.245.192.253 - - [18/Sep/2023:08:18:05 -0500] "POST /kwsrmcab/Wsrmcab HTTP/1.1" 200 39335
216.244.66.195 - - [18/Sep/2023:08:18:11 -0500] "GET /BLA/resoluciones/AUTOS%202021/2112.pdf HTTP/1.1" 200 361390
216.244.66.195 - - [18/Sep/2023:08:18:37 -0500] "GET /BLA/resoluciones/AUTOS%202021/2611.pdf HTTP/1.1" 200 370648
201.245.192.253 - - [18/Sep/2023:08:18:43 -0500] "POST /forms/lservlet;jsessionid=ac16012b30d6ec56c8535f2d463388baa5b680a9bfa8.e3iSbxaKaheRe34Pbx8Nc3aQci1ynknvrkLOlQzNp65In0 HTTP/1.1" 200 2
201.245.192.253 - - [18/Sep/2023:08:18:51 -0500] "POST /forms/lservlet;jsessionid=ac16012b30d6ec56c8535f2d463388baa5b680a9bfa8.e3iSbxaKaheRe34Pbx8Nc3aQci1ynknvrkLOlQzNp65In0 HTTP/1.1" 200 13
201.245.192.253 - - [18/Sep/2023:08:18:52 -0500] "POST /forms/lservlet;jsessionid=ac16012b30d6ec56c8535f2d463388baa5b680a9bfa8.e3iSbxaKaheRe34Pbx8Nc3aQci1ynknvrkLOlQzNp65In0 HTTP/1.1" 200 702
201.245.192.253 - - [18/Sep/2023:08:18:52 -0500] "POST /forms/lservlet;jsessionid=ac16012b30d6ec56c8535f2d463388baa5b680a9bfa8.e3iSbxaKaheRe34Pbx8Nc3aQci1ynknvrkLOlQzNp65In0 HTTP/1.1" 200 10
201.245.192.253 - - [18/Sep/2023:08:18:52 -0500] "POST /forms/lservlet;jsessionid=ac16012b30d6ec56c8535f2d463388baa5b680a9bfa8.e3iSbxaKaheRe34Pbx8Nc3aQci1ynknvrkLOlQzNp65In0 HTTP/1.1" 200 13
201.245.192.253 - - [18/Sep/2023:08:18:56 -0500] "POST /forms/lservlet;jsessionid=ac16012b30d6ec56c8535f2d463388baa5b680a9bfa8.e3iSbxaKaheRe34Pbx8Nc3aQci1ynknvrkLOlQzNp65In0 HTTP/1.1" 200 327
216.244.66.195 - - [18/Sep/2023:08:19:01 -0500] "GET /BLA/resoluciones/AUTOS%202021/3805.pdf HTTP/1.1" 200 347341
201.245.192.253 - - [18/Sep/2023:08:19:05 -0500] "POST /forms/lservlet;jsessionid=ac16012b30d6ec56c8535f2d463388baa5b680a9bfa8.e3iSbxaKaheRe34Pbx8Nc3aQci1ynknvrkLOlQzNp65In0 HTTP/1.1" 200 13
201.245.192.253 - - [18/Sep/2023:08:19:14 -0500] "POST /forms/lservlet;jsessionid=ac16012b30d6ec56c8535f2d463388baa5b680a9bfa8.e3iSbxaKaheRe34Pbx8Nc3aQci1ynknvrkLOlQzNp65In0 HTTP/1.1" 200 327
201.245.192.253 - - [18/Sep/2023:08:19:17 -0500] "POST /forms/lservlet;jsessionid=ac16012b30d6ec56c8535f2d463388baa5b680a9bfa8.e3iSbxaKaheRe34Pbx8Nc3aQci1ynknvrkLOlQzNp65In0 HTTP/1.1" 200 13
216.244.66.195 - - [18/Sep/2023:08:19:25 -0500] "GET /BLA/resoluciones/AUTOS%202021/4246.pdf HTTP/1.1" 200 773511
201.245.192.253 - - [18/Sep/2023:08:19:26 -0500] "POST /forms/lservlet;jsessionid=ac16012b30d6ec56c8535f2d463388baa5b680a9bfa8.e3iSbxaKaheRe34Pbx8Nc3aQci1ynknvrkLOlQzNp65In0 HTTP/1.1" 200 327
201.245.192.253 - - [18/Sep/2023:08:19:27 -0500] "POST /forms/lservlet;jsessionid=ac16012b30d60f1d8a7b81bb4baeb8b0ce5fe507e2af.e3iSbxaKaheRe34Pbx8Nc3aQci1ynknvrkLOlQzNp65In0 HTTP/1.1" 200 2
201.245.192.253 - - [18/Sep/2023:08:19:28 -0500] "POST /forms/lservlet;jsessionid=ac16012b30d6ec56c8535f2d463388baa5b680a9bfa8.e3iSbxaKaheRe34Pbx8Nc3aQci1ynknvrkLOlQzNp65In0 HTTP/1.1" 200 13
201.245.192.253 - - [18/Sep/2023:08:19:47 -0500] "POST /forms/lservlet;jsessionid=ac16012b30d6ec56c8535f2d463388baa5b680a9bfa8.e3iSbxaKaheRe34Pbx8Nc3aQci1ynknvrkLOlQzNp65In0 HTTP/1.1" 200 7
201.245.192.253 - - [18/Sep/2023:08:19:47 -0500] "POST /forms/lservlet;jsessionid=ac16012b30d6ec56c8535f2d463388baa5b680a9bfa8.e3iSbxaKaheRe34Pbx8Nc3aQci1ynknvrkLOlQzNp65In0 HTTP/1.1" 200 8
201.245.192.253 - - [18/Sep/2023:08:19:47 -0500] "POST /forms/lservlet;jsessionid=ac16012b30d6ec56c8535f2d463388baa5b680a9bfa8.e3iSbxaKaheRe34Pbx8Nc3aQci1ynknvrkLOlQzNp65In0 HTTP/1.1" 200 2
201.245.192.253 - - [18/Sep/2023:08:19:47 -0500] "POST /forms/lservlet;jsessionid=ac16012b30d6ec56c8535f2d463388baa5b680a9bfa8.e3iSbxaKaheRe34Pbx8Nc3aQci1ynknvrkLOlQzNp65In0 HTTP/1.1" 200 2
216.244.66.195 - - [18/Sep/2023:08:19:47 -0500] "GET /BLA/resoluciones/AUTOS%202021/4447.pdf HTTP/1.1" 200 378312
201.245.192.253 - - [18/Sep/2023:08:19:47 -0500] "POST /forms/lservlet;jsessionid=ac16012b30d6ec56c8535f2d463388baa5b680a9bfa8.e3iSbxaKaheRe34Pbx8Nc3aQci1ynknvrkLOlQzNp65In0 HTTP/1.1" 200 8
201.245.192.253 - - [18/Sep/2023:08:19:47 -0500] "POST /forms/lservlet;jsessionid=ac16012b30d6ec56c8535f2d463388baa5b680a9bfa8.e3iSbxaKaheRe34Pbx8Nc3aQci1ynknvrkLOlQzNp65In0 HTTP/1.1" 200 2
201.245.192.253 - - [18/Sep/2023:08:19:48 -0500] "POST /forms/lservlet;jsessionid=ac16012b30d6ec56c8535f2d463388baa5b680a9bfa8.e3iSbxaKaheRe34Pbx8Nc3aQci1ynknvrkLOlQzNp65In0 HTTP/1.1" 200 2
201.245.192.253 - - [18/Sep/2023:08:19:48 -0500] "POST /forms/lservlet;jsessionid=ac16012b30d6ec56c8535f2d463388baa5b680a9bfa8.e3iSbxaKaheRe34Pbx8Nc3aQci1ynknvrkLOlQzNp65In0 HTTP/1.1" 200 8
201.245.192.253 - - [18/Sep/2023:08:19:48 -0500] "POST /forms/lservlet;jsessionid=ac16012b30d6ec56c8535f2d463388baa5b680a9bfa8.e3iSbxaKaheRe34Pbx8Nc3aQci1ynknvrkLOlQzNp65In0 HTTP/1.1" 200 2
201.245.192.253 - - [18/Sep/2023:08:19:48 -0500] "POST /forms/lservlet;jsessionid=ac16012b30d6ec56c8535f2d463388baa5b680a9bfa8.e3iSbxaKaheRe34Pbx8Nc3aQci1ynknvrkLOlQzNp65In0 HTTP/1.1" 200 7
201.245.192.253 - - [18/Sep/2023:08:19:48 -0500] "POST /forms/lservlet;jsessionid=ac16012b30d6ec56c8535f2d463388baa5b680a9bfa8.e3iSbxaKaheRe34Pbx8Nc3aQci1ynknvrkLOlQzNp65In0 HTTP/1.1" 200 8
201.245.192.253 - - [18/Sep/2023:08:19:48 -0500] "POST /forms/lservlet;jsessionid=ac16012b30d6ec56c8535f2d463388baa5b680a9bfa8.e3iSbxaKaheRe34Pbx8Nc3aQci1ynknvrkLOlQzNp65In0 HTTP/1.1" 200 2
201.245.192.253 - - [18/Sep/2023:08:19:48 -0500] "POST /forms/lservlet;jsessionid=ac16012b30d6ec56c8535f2d463388baa5b680a9bfa8.e3iSbxaKaheRe34Pbx8Nc3aQci1ynknvrkLOlQzNp65In0 HTTP/1.1" 200 2
201.245.192.253 - - [18/Sep/2023:08:19:49 -0500] "POST /forms/lservlet;jsessionid=ac16012b30d6ec56c8535f2d463388baa5b680a9bfa8.e3iSbxaKaheRe34Pbx8Nc3aQci1ynknvrkLOlQzNp65In0 HTTP/1.1" 200 8
201.245.192.253 - - [18/Sep/2023:08:19:49 -0500] "POST /forms/lservlet;jsessionid=ac16012b30d6ec56c8535f2d463388baa5b680a9bfa8.e3iSbxaKaheRe34Pbx8Nc3aQci1ynknvrkLOlQzNp65In0 HTTP/1.1" 200 148
201.245.192.253 - - [18/Sep/2023:08:19:49 -0500] "POST /forms/lservlet;jsessionid=ac16012b30d6ec56c8535f2d463388baa5b680a9bfa8.e3iSbxaKaheRe34Pbx8Nc3aQci1ynknvrkLOlQzNp65In0 HTTP/1.1" 200 13
201.245.192.253 - - [18/Sep/2023:08:19:49 -0500] "POST /forms/lservlet;jsessionid=ac16012b30d6ec56c8535f2d463388baa5b680a9bfa8.e3iSbxaKaheRe34Pbx8Nc3aQci1ynknvrkLOlQzNp65In0 HTTP/1.1" 200 2
201.245.192.253 - - [18/Sep/2023:08:19:49 -0500] "POST /forms/lservlet;jsessionid=ac16012b30d6ec56c8535f2d463388baa5b680a9bfa8.e3iSbxaKaheRe34Pbx8Nc3aQci1ynknvrkLOlQzNp65In0 HTTP/1.1" 200 735
201.245.192.253 - - [18/Sep/2023:08:19:50 -0500] "POST /forms/lservlet;jsessionid=ac16012b30d6ec56c8535f2d463388baa5b680a9bfa8.e3iSbxaKaheRe34Pbx8Nc3aQci1ynknvrkLOlQzNp65In0 HTTP/1.1" 200 2
201.245.192.253 - - [18/Sep/2023:08:19:55 -0500] "POST /forms/lservlet;jsessionid=ac16012b30d6ec56c8535f2d463388baa5b680a9bfa8.e3iSbxaKaheRe34Pbx8Nc3aQci1ynknvrkLOlQzNp65In0 HTTP/1.1" 200 32
201.245.192.253 - - [18/Sep/2023:08:19:55 -0500] "POST /forms/lservlet;jsessionid=ac16012b30d6ec56c8535f2d463388baa5b680a9bfa8.e3iSbxaKaheRe34Pbx8Nc3aQci1ynknvrkLOlQzNp65In0 HTTP/1.1" 200 72
201.245.192.253 - - [18/Sep/2023:08:19:56 -0500] "POST /forms/lservlet;jsessionid=ac16012b30d6ec56c8535f2d463388baa5b680a9bfa8.e3iSbxaKaheRe34Pbx8Nc3aQci1ynknvrkLOlQzNp65In0 HTTP/1.1" 200 2
201.245.192.253 - - [18/Sep/2023:08:19:56 -0500] "POST /forms/lservlet;jsessionid=ac16012b30d6ec56c8535f2d463388baa5b680a9bfa8.e3iSbxaKaheRe34Pbx8Nc3aQci1ynknvrkLOlQzNp65In0 HTTP/1.1" 200 76
201.245.192.253 - - [18/Sep/2023:08:19:58 -0500] "POST /forms/lservlet;jsessionid=ac16012b30d6ec56c8535f2d463388baa5b680a9bfa8.e3iSbxaKaheRe34Pbx8Nc3aQci1ynknvrkLOlQzNp65In0 HTTP/1.1" 200 1055
216.244.66.195 - - [18/Sep/2023:08:20:10 -0500] "GET /BLA/resoluciones/AUTOS%202021/4494.pdf HTTP/1.1" 200 367234
216.244.66.195 - - [18/Sep/2023:08:20:30 -0500] "GET /BLA/resoluciones/AUTOS%202021/4720.pdf HTTP/1.1" 200 367413
201.245.192.253 - - [18/Sep/2023:08:20:43 -0500] "POST /forms/lservlet;jsessionid=ac16012b30d6ec56c8535f2d463388baa5b680a9bfa8.e3iSbxaKaheRe34Pbx8Nc3aQci1ynknvrkLOlQzNp65In0 HTTP/1.1" 200 2
216.244.66.195 - - [18/Sep/2023:08:20:50 -0500] "GET /BLA/resoluciones/AUTOS%202021/5092.pdf HTTP/1.1" 200 359648
201.245.192.253 - - [18/Sep/2023:08:21:03 -0500] "POST /forms/lservlet;jsessionid=ac16012b30d6ec56c8535f2d463388baa5b680a9bfa8.e3iSbxaKaheRe34Pbx8Nc3aQci1ynknvrkLOlQzNp65In0 HTTP/1.1" 200 13
201.245.192.253 - - [18/Sep/2023:08:21:04 -0500] "POST /forms/lservlet;jsessionid=ac16012b30d6ec56c8535f2d463388baa5b680a9bfa8.e3iSbxaKaheRe34Pbx8Nc3aQci1ynknvrkLOlQzNp65In0 HTTP/1.1" 200 716
201.245.192.253 - - [18/Sep/2023:08:21:04 -0500] "POST /forms/lservlet;jsessionid=ac16012b30d6ec56c8535f2d463388baa5b680a9bfa8.e3iSbxaKaheRe34Pbx8Nc3aQci1ynknvrkLOlQzNp65In0 HTTP/1.1" 200 10
201.245.192.253 - - [18/Sep/2023:08:21:06 -0500] "POST /forms/lservlet;jsessionid=ac16012b30d6ec56c8535f2d463388baa5b680a9bfa8.e3iSbxaKaheRe34Pbx8Nc3aQci1ynknvrkLOlQzNp65In0 HTTP/1.1" 200 8
201.245.192.253 - - [18/Sep/2023:08:21:06 -0500] "POST /forms/lservlet;jsessionid=ac16012b30d6ec56c8535f2d463388baa5b680a9bfa8.e3iSbxaKaheRe34Pbx8Nc3aQci1ynknvrkLOlQzNp65In0 HTTP/1.1" 200 8
201.245.192.253 - - [18/Sep/2023:08:21:06 -0500] "POST /forms/lservlet;jsessionid=ac16012b30d6ec56c8535f2d463388baa5b680a9bfa8.e3iSbxaKaheRe34Pbx8Nc3aQci1ynknvrkLOlQzNp65In0 HTTP/1.1" 200 2
201.245.192.253 - - [18/Sep/2023:08:21:07 -0500] "POST /forms/lservlet;jsessionid=ac16012b30d6ec56c8535f2d463388baa5b680a9bfa8.e3iSbxaKaheRe34Pbx8Nc3aQci1ynknvrkLOlQzNp65In0 HTTP/1.1" 200 148
201.245.192.253 - - [18/Sep/2023:08:21:07 -0500] "POST /forms/lservlet;jsessionid=ac16012b30d6ec56c8535f2d463388baa5b680a9bfa8.e3iSbxaKaheRe34Pbx8Nc3aQci1ynknvrkLOlQzNp65In0 HTTP/1.1" 200 13
201.245.192.253 - - [18/Sep/2023:08:21:07 -0500] "POST /forms/lservlet;jsessionid=ac16012b30d6ec56c8535f2d463388baa5b680a9bfa8.e3iSbxaKaheRe34Pbx8Nc3aQci1ynknvrkLOlQzNp65In0 HTTP/1.1" 200 2
201.245.192.253 - - [18/Sep/2023:08:21:07 -0500] "POST /forms/lservlet;jsessionid=ac16012b30d6ec56c8535f2d463388baa5b680a9bfa8.e3iSbxaKaheRe34Pbx8Nc3aQci1ynknvrkLOlQzNp65In0 HTTP/1.1" 200 735
201.245.192.253 - - [18/Sep/2023:08:21:08 -0500] "POST /forms/lservlet;jsessionid=ac16012b30d6ec56c8535f2d463388baa5b680a9bfa8.e3iSbxaKaheRe34Pbx8Nc3aQci1ynknvrkLOlQzNp65In0 HTTP/1.1" 200 2
216.244.66.195 - - [18/Sep/2023:08:21:08 -0500] "GET /BLA/resoluciones/AUTOS%202021/5380.pdf HTTP/1.1" 200 475440
201.245.192.253 - - [18/Sep/2023:08:21:11 -0500] "POST /forms/lservlet;jsessionid=ac16012b30d6ec56c8535f2d463388baa5b680a9bfa8.e3iSbxaKaheRe34Pbx8Nc3aQci1ynknvrkLOlQzNp65In0 HTTP/1.1" 200 19
201.245.192.253 - - [18/Sep/2023:08:21:11 -0500] "POST /forms/lservlet;jsessionid=ac16012b30d6ec56c8535f2d463388baa5b680a9bfa8.e3iSbxaKaheRe34Pbx8Nc3aQci1ynknvrkLOlQzNp65In0 HTTP/1.1" 200 78
201.245.192.253 - - [18/Sep/2023:08:21:11 -0500] "POST /forms/lservlet;jsessionid=ac16012b30d6ec56c8535f2d463388baa5b680a9bfa8.e3iSbxaKaheRe34Pbx8Nc3aQci1ynknvrkLOlQzNp65In0 HTTP/1.1" 200 259
201.245.192.253 - - [18/Sep/2023:08:21:13 -0500] "POST /forms/lservlet;jsessionid=ac16012b30d6ec56c8535f2d463388baa5b680a9bfa8.e3iSbxaKaheRe34Pbx8Nc3aQci1ynknvrkLOlQzNp65In0 HTTP/1.1" 200 80
201.245.192.253 - - [18/Sep/2023:08:21:14 -0500] "POST /forms/lservlet;jsessionid=ac16012b30d6ec56c8535f2d463388baa5b680a9bfa8.e3iSbxaKaheRe34Pbx8Nc3aQci1ynknvrkLOlQzNp65In0 HTTP/1.1" 200 325
201.245.192.253 - - [18/Sep/2023:08:21:16 -0500] "POST /forms/lservlet;jsessionid=ac16012b30d6ec56c8535f2d463388baa5b680a9bfa8.e3iSbxaKaheRe34Pbx8Nc3aQci1ynknvrkLOlQzNp65In0 HTTP/1.1" 200 8
201.245.192.253 - - [18/Sep/2023:08:21:16 -0500] "POST /forms/lservlet;jsessionid=ac16012b30d6ec56c8535f2d463388baa5b680a9bfa8.e3iSbxaKaheRe34Pbx8Nc3aQci1ynknvrkLOlQzNp65In0 HTTP/1.1" 200 8
201.245.192.253 - - [18/Sep/2023:08:21:16 -0500] "POST /forms/lservlet;jsessionid=ac16012b30d6ec56c8535f2d463388baa5b680a9bfa8.e3iSbxaKaheRe34Pbx8Nc3aQci1ynknvrkLOlQzNp65In0 HTTP/1.1" 200 2
157.55.39.204 - - [18/Sep/2023:08:21:16 -0500] "GET /portaldeninos/category/sin-categoria/page/4/ HTTP/1.1" 200 96104
201.245.192.253 - - [18/Sep/2023:08:21:17 -0500] "POST /forms/lservlet;jsessionid=ac16012b30d6ec56c8535f2d463388baa5b680a9bfa8.e3iSbxaKaheRe34Pbx8Nc3aQci1ynknvrkLOlQzNp65In0 HTTP/1.1" 200 148
201.245.192.253 - - [18/Sep/2023:08:21:17 -0500] "POST /forms/lservlet;jsessionid=ac16012b30d6ec56c8535f2d463388baa5b680a9bfa8.e3iSbxaKaheRe34Pbx8Nc3aQci1ynknvrkLOlQzNp65In0 HTTP/1.1" 200 13
201.245.192.253 - - [18/Sep/2023:08:21:17 -0500] "POST /forms/lservlet;jsessionid=ac16012b30d6ec56c8535f2d463388baa5b680a9bfa8.e3iSbxaKaheRe34Pbx8Nc3aQci1ynknvrkLOlQzNp65In0 HTTP/1.1" 200 2
201.245.192.253 - - [18/Sep/2023:08:21:17 -0500] "POST /forms/lservlet;jsessionid=ac16012b30d6ec56c8535f2d463388baa5b680a9bfa8.e3iSbxaKaheRe34Pbx8Nc3aQci1ynknvrkLOlQzNp65In0 HTTP/1.1" 200 767
201.245.192.253 - - [18/Sep/2023:08:21:18 -0500] "POST /forms/lservlet;jsessionid=ac16012b30d6ec56c8535f2d463388baa5b680a9bfa8.e3iSbxaKaheRe34Pbx8Nc3aQci1ynknvrkLOlQzNp65In0 HTTP/1.1" 200 2
201.245.192.253 - - [18/Sep/2023:08:21:20 -0500] "POST /forms/lservlet;jsessionid=ac16012b30d6ec56c8535f2d463388baa5b680a9bfa8.e3iSbxaKaheRe34Pbx8Nc3aQci1ynknvrkLOlQzNp65In0 HTTP/1.1" 200 22
201.245.192.253 - - [18/Sep/2023:08:21:20 -0500] "POST /forms/lservlet;jsessionid=ac16012b30d6ec56c8535f2d463388baa5b680a9bfa8.e3iSbxaKaheRe34Pbx8Nc3aQci1ynknvrkLOlQzNp65In0 HTTP/1.1" 200 78
201.245.192.253 - - [18/Sep/2023:08:21:20 -0500] "POST /forms/lservlet;jsessionid=ac16012b30d6ec56c8535f2d463388baa5b680a9bfa8.e3iSbxaKaheRe34Pbx8Nc3aQci1ynknvrkLOlQzNp65In0 HTTP/1.1" 200 259
201.245.192.253 - - [18/Sep/2023:08:21:22 -0500] "POST /forms/lservlet;jsessionid=ac16012b30d6ec56c8535f2d463388baa5b680a9bfa8.e3iSbxaKaheRe34Pbx8Nc3aQci1ynknvrkLOlQzNp65In0 HTTP/1.1" 200 127
201.245.192.253 - - [18/Sep/2023:08:21:23 -0500] "POST /forms/lservlet;jsessionid=ac16012b30d6ec56c8535f2d463388baa5b680a9bfa8.e3iSbxaKaheRe34Pbx8Nc3aQci1ynknvrkLOlQzNp65In0 HTTP/1.1" 200 1217
172.22.2.4 - - [18/Sep/2023:08:19:44 -0500] "HEAD /BLA/boletinlegal/ HTTP/1.1" 200 -
216.244.66.195 - - [18/Sep/2023:08:21:26 -0500] "GET /BLA/resoluciones/AUTOS%202021/5398.pdf HTTP/1.1" 200 1087377
201.245.192.253 - - [18/Sep/2023:08:21:27 -0500] "POST /forms/lservlet;jsessionid=ac16012b30d60f1d8a7b81bb4baeb8b0ce5fe507e2af.e3iSbxaKaheRe34Pbx8Nc3aQci1ynknvrkLOlQzNp65In0 HTTP/1.1" 200 2
201.245.192.253 - - [18/Sep/2023:08:21:28 -0500] "POST /forms/lservlet;jsessionid=ac16012b30d6ec56c8535f2d463388baa5b680a9bfa8.e3iSbxaKaheRe34Pbx8Nc3aQci1ynknvrkLOlQzNp65In0 HTTP/1.1" 200 8
201.245.192.253 - - [18/Sep/2023:08:21:29 -0500] "POST /forms/lservlet;jsessionid=ac16012b30d6ec56c8535f2d463388baa5b680a9bfa8.e3iSbxaKaheRe34Pbx8Nc3aQci1ynknvrkLOlQzNp65In0 HTTP/1.1" 200 7
186.102.37.140 - - [18/Sep/2023:08:21:35 -0500] "GET /kwssiamovil/sm/ldap/au?x=U2FsdGVkX1/7SifvhbBI5p91ZaQ6p9aj+YbyLIjqLlI7YbzPoLv6GFmW8/CDQeu3&y=U2FsdGVkX18T+RnlP3LaFuHF+e1UmG26k3BNy83HUkpZ1OAj0CIh1IUFuc0bZSpc HTTP/1.1" 200 30
186.102.37.140 - - [18/Sep/2023:08:21:35 -0500] "GET /kwssiamovil/sm/acme/s?s=U2FsdGVkX18qYqLpDhZttyGCjH5h+QpEpXO51UGift58VSZmjgNnptXEzTp44yAMfWSWRHhX7ZVGDhUIAk4Jy9jWjdOOynoOj2wKCekXapA=&u=U2FsdGVkX18WxvSnehgYOS/JIme/g3B0faowIQHT5oQ=&y=U2FsdGVkX18T+RnlP3LaFuHF+e1UmG26k3BNy83HUkpZ1OAj0CIh1IUFuc0bZSpc HTTP/1.1" 200 97
186.102.37.140 - - [18/Sep/2023:08:21:35 -0500] "GET /kwssiamovil/sm/acme/s?s=U2FsdGVkX1/lZBa+IWH7kCp0k1axb4N4SyRnn827xt/gEh+5suHzwObM9R5nBzOb+YwAAINxhHt/1G1ZMgHsr8Wp2JPsNGAzp9tzX8cjUVemxhqcOVavPduX9gwT6Fl15pvWEbEUozqD6BbU1HtFAOVgYtx4O39i0mFXFZVG33ILl6w8XX0CEj5UcWCwfPY22GBRzAPAzo2gskZtDb0mCzFQJ4p7dLkRwg+57nZjGxuzRJUecfG+FN071H3nRN8Sm6QTEMlORxpU08Fi7ZPtAcHHYn9bsatO1gebVBoxvlIqY1pV+4AXayT9ta/XVkJ5zY62Dv4M529gRLG7e1Q6BT5mZNLClp3Dnij5ghke5nnUmNtxoAonlksCliQr990x5cz/h+mi9jLuY08N4Kn4sey9QjQ9vZMn6uGTs29/7FPWCdT07mma9bV+lFcioXsFjqThAvYGV2OaeTDWgXckSAT9aLIEgkd2Enl0roWdSzXxm4bSl5FrqVfRoO7Ni8gcXg2A46t+CmDgmNpzFY6+CZWIuLn8p64lqZyXhr3qBnNICtfeE3ecvMXQ2IgS/FOBqIQcTjuN2ZDEg2DkmNAx0/wiZ6wMDyew8lfw0TpRgp17p/yFa1vzCi0w8iTqXao+HxiRVxQRc3tehezcPoaIxGOG/ALg0Ksp1fIzzkvVNrnCDFEsyFo8Bc87sakdx2GwHiL0EkDjqujEFTKmsV/57ALO0c0GpXUdM6wNs7+KVC8slUf6H4beqQce6DYOiPLkSWTDZIssD1eZYY8/3JWPHRBa1j0fL21S77ttzBi4hnZAt2IunGvYynrQK92cnbdx6CXdG5iwUbGElnbXM0R5w00qOAGM3nvskXsx2eNt5wNx8OAhwYjSTFjtTRefd767V0fIFxHCg7nTtZRxndDb8hCbx839KnZncjTeJzHLHkeisEmXuXLmlHAgX2JW10DseR0KXwl9zsjQM3pknDpuN57NnfS/dx13PdO793hecz6Xg6eHEjkRdPYek4Kuk4GN4xWw5XyKgFgdpiV67eQXlwZZmFKMJ3elucrzjEwQTafliGjW3Awujoq8ycwMn94v2s4/gSpV6rV2lp7inUt1MEAZuwlkQdT2uF28DYmwffYyRwlGIu6W50myaeXNGRsjGqlyoYs93Lq+Q12T7En7tcrv59/Dyc/QTkRM4NRXj4uog0TR+HzFbAmRi61/0kzxiYa9/hV1RkoBawwxV5E6PubdXEz08m8zyO38dG0YZzruLEMkprk+M8OONATuhsRi+b9ce5bSWW5McHvh+4RKk75xx1Vf7WozMsETj5JqKKAkOLSZhb5lXieHXpopoqYNbF5yfK0xwa2i4egh9eD1Dn/2ud48VVJ3FbGjG4UgoqGtVSVNd3tm52cOV9D8h4Xl/nEH9gATdyKkc0Qx0ePKPyK+TwKrqmEEflS5JdKp2FZiVW9HVcN8ux5bE/bDNOzUIgazRRT2FZztlz5ly3TIbfhWYTTWpjeqOsXHbujuIWeXwIt2OBN5rks9ECFJgvMAB5dCoP2F+AWLpihMoFzlPovKzO1sZRahkhUTu3U0z/dRO/oBYL3wFp3M2M7oXxUR1D3VcOPH6FqMrn5RuTdnCR9AO1H94CdRSFwX0/LizeNrbjJP93ZK50GxDTJ+SvOqBBnqWi6vf8qHZ2VcMph4EcGfyN1o/MB27EHEDhlWhuX1fxkXP+JppbBqlpw55r8rQiDEwmfA4vNlSsotsIc9IN2pJQvFvtuLIAeAvnDDwR8=&u=U2FsdGVkX18WxvSnehgYOS/JIme/g3B0faowIQHT5oQ=&y=U2FsdGVkX18T+RnlP3LaFuHF+e1UmG26k3BNy83HUkpZ1OAj0CIh1IUFuc0bZSpc HTTP/1.1" 200 4239
186.102.37.140 - - [18/Sep/2023:08:21:35 -0500] "GET /kwssiamovil/sm/acme/s?s=U2FsdGVkX1/xs56wOvUVW3PpRPg5tYYwdgJSduI7+2RzOiQZ0SPEZMl7FLwvlu2HDcocP27IxuD4500RcYmp3Rn/bIQmykoIDLjA/xlwprliiuQW2q+U8zjgVc66hXEfjseTTnmYVwbllaHEB21+N7kdK+x+E0DSTxDjHM3FaBAkJR13nTjbUoGAYOIr1OOXAwRpPAnn0sOTqz6p1D/fIE5WhIQg+n93XwovY14LANVSCWmMtC4cx06B0KE/O4PsfbHlJNSe5oWp4GZmx0ulfBQ1mQjidWBna25o7a7BJeoAjXXDZZgxf6HqH4+UjrjVIZ54dwxuLBl5Qck164LQeUzAe+XySquMVanHCmNKnrxX9WXhK1Z0CJHuDKEhJBEalLt9EjiJCzCCLtaQIJMIkeV9jat2IiD/yOvLqhSRbTA4vuGk4wx/iKtlctKEs5ZGNnfkNbsYza++AUzxYLR7b69GWWO2jETuUJKhcY+R+dWb9Y0Qmjo68gSVIfDQthFB3NN/G7n+EqKWRq2UN29lFjiTeAb3wNQRB0jGWBULGzfILeD4GjZTJjMSn0AaL9y9mU4GorfAEyPv/lGC0vdMWpU2LGoAjhJbreOfqDvXYpY3EjXhnRU0HddGV/NAp7+usRb72qXBU4EvFS0bOxPp+rNuwOxIxnBg3CZFGH5jD4KUmXNwquRBukw6dXAEegnR6kYASd7uEv3HebKT3J06MNp8ijsR6XQnxPtx9RBtaUUfY+4EhH6abqR2mmm4jG7S&u=U2FsdGVkX18WxvSnehgYOS/JIme/g3B0faowIQHT5oQ=&y=U2FsdGVkX18T+RnlP3LaFuHF+e1UmG26k3BNy83HUkpZ1OAj0CIh1IUFuc0bZSpc HTTP/1.1" 200 208
186.102.37.140 - - [18/Sep/2023:08:21:35 -0500] "GET /kwssiamovil/sm/cjson/pre?f=1&x=U2FsdGVkX1/7SifvhbBI5p91ZaQ6p9aj+YbyLIjqLlI7YbzPoLv6GFmW8/CDQeu3 HTTP/1.1" 200 31032
216.244.66.195 - - [18/Sep/2023:08:21:43 -0500] "GET /BLA/resoluciones/AUTOS%202021/5606.pdf HTTP/1.1" 200 414643
216.244.66.195 - - [18/Sep/2023:08:21:58 -0500] "GET /BLA/resoluciones/AUTOS%202022/0187.pdf HTTP/1.1" 200 441840
201.245.192.253 - - [18/Sep/2023:08:21:59 -0500] "POST /kwsrmcab/Wsrmcab  HTTP/1.1" 200 39454
216.245.221.92 - - [18/Sep/2023:08:22:11 -0500] "HEAD / HTTP/1.1" 200 -
216.244.66.195 - - [18/Sep/2023:08:22:13 -0500] "GET /BLA/resoluciones/AUTOS%202022/0236.pdf HTTP/1.1" 200 504415
201.245.192.253 - - [18/Sep/2023:08:22:13 -0500] "GET /sipsesda/ HTTP/1.1" 200 1477
201.245.192.253 - - [18/Sep/2023:08:22:14 -0500] "GET /css/segobdis.css HTTP/1.1" 404 1264
201.245.192.253 - - [18/Sep/2023:08:22:14 -0500] "GET /favicon.ico HTTP/1.1" 200 7782
201.245.192.253 - - [18/Sep/2023:08:22:14 -0500] "GET /sipsesda/faces/login.jspx HTTP/1.1" 200 7861
201.245.192.253 - - [18/Sep/2023:08:22:14 -0500] "GET /sipsesda/js/disable_browser_buttons.js;jsessionid=ac16012b22b8ce9f5db5df3e4b3a9f95b97a5f5c86d8.e34Lc3uRbN4Oc40LbNv0 HTTP/1.1" 200 2767
201.245.192.253 - - [18/Sep/2023:08:22:14 -0500] "GET /sipsesda/adf/styles/cache/segobdis16-desktop-10_1_3_4_0-gecko.css;jsessionid=ac16012b22b8ce9f5db5df3e4b3a9f95b97a5f5c86d8.e34Lc3uRbN4Oc40LbNv0 HTTP/1.1" 200 57778
201.245.192.253 - - [18/Sep/2023:08:22:14 -0500] "GET /sipsesda/js/funciones.js;jsessionid=ac16012b22b8ce9f5db5df3e4b3a9f95b97a5f5c86d8.e34Lc3uRbN4Oc40LbNv0 HTTP/1.1" 200 36377
201.245.192.253 - - [18/Sep/2023:08:22:14 -0500] "GET /sipsesda/adf/jsLibs/Common10_1_3_4_0.js;jsessionid=ac16012b22b8ce9f5db5df3e4b3a9f95b97a5f5c86d8.e34Lc3uRbN4Oc40LbNv0 HTTP/1.1" 200 132959
201.245.192.253 - - [18/Sep/2023:08:22:14 -0500] "GET /sipsesda/adf/images/t.gif;jsessionid=ac16012b22b8ce9f5db5df3e4b3a9f95b97a5f5c86d8.e34Lc3uRbN4Oc40LbNv0 HTTP/1.1" 200 86
201.245.192.253 - - [18/Sep/2023:08:22:14 -0500] "GET /sipsesda/imagenes/encabezado.jpg;jsessionid=ac16012b22b8ce9f5db5df3e4b3a9f95b97a5f5c86d8.e34Lc3uRbN4Oc40LbNv0 HTTP/1.1" 200 18018
172.22.2.4 - - [18/Sep/2023:08:20:34 -0500] "GET /BLA/boletinlegal/ HTTP/1.1" 200 58187
201.245.192.253 - - [18/Sep/2023:08:22:20 -0500] "POST /sipsesda/faces/login.jspx;jsessionid=ac16012b22b8ce9f5db5df3e4b3a9f95b97a5f5c86d8.e34Lc3uRbN4Oc40LbNv0 HTTP/1.1" 200 5764
201.245.192.253 - - [18/Sep/2023:08:22:20 -0500] "GET /sipsesda/imagenes/encabezado.jpg HTTP/1.1" 200 18018
201.245.192.253 - - [18/Sep/2023:08:22:20 -0500] "GET /sipsesda/adf/styles/cache/segobdis16-desktop-10_1_3_4_0-gecko.css HTTP/1.1" 200 57778
201.245.192.253 - - [18/Sep/2023:08:22:20 -0500] "GET /sipsesda/adf/images/t.gif HTTP/1.1" 200 86
201.245.192.253 - - [18/Sep/2023:08:22:23 -0500] "POST /sipsesda/faces/vista/sistema/seleccionRol.jspx HTTP/1.1" 200 33012
201.245.192.253 - - [18/Sep/2023:08:22:23 -0500] "GET /sipsesda/imagenes/logoAplicacion.jpg HTTP/1.1" 200 155084
201.245.192.253 - - [18/Sep/2023:08:22:24 -0500] "GET /sipsesda/faces/imagenes/vinetaAbajo.gif HTTP/1.1" 200 72
201.245.192.253 - - [18/Sep/2023:08:22:24 -0500] "GET /sipsesda/faces/imagenes/vinetaDerecha.gif HTTP/1.1" 200 107
216.244.66.195 - - [18/Sep/2023:08:22:26 -0500] "GET /BLA/resoluciones/AUTOS%202022/0429.pdf HTTP/1.1" 200 488656
201.245.192.253 - - [18/Sep/2023:08:22:28 -0500] "GET /sipsesda/faces/vista/sistema/cargarMenu.jspx?accionMenu=listadoFuncionario&menuID=18 HTTP/1.1" 200 33219
201.245.192.253 - - [18/Sep/2023:08:22:28 -0500] "GET /sipsesda/imagenes/cargando.gif HTTP/1.1" 200 1287
201.245.192.253 - - [18/Sep/2023:08:22:28 -0500] "POST /sipsesda/faces/vista/sistema/cargarMenu.jspx HTTP/1.1" 200 37114
111.202.101.54 - - [18/Sep/2023:08:22:33 -0500] "GET / HTTP/1.1" 200 319
201.245.192.253 - - [18/Sep/2023:08:22:35 -0500] "POST /sipsesda/faces/vista/administracion/funcionario/listadoFuncionario.jspx HTTP/1.1" 200 37548
201.245.192.253 - - [18/Sep/2023:08:22:37 -0500] "POST /sipsesda/faces/vista/administracion/funcionario/listadoFuncionario.jspx HTTP/1.1" 200 19864
201.245.192.253 - - [18/Sep/2023:08:22:38 -0500] "GET /sipsesda/adf/jsLibs/resources/LocaleElements_es_CO10_1_3_4_0.js HTTP/1.1" 200 824
