216.244.66.195 - - [18/Sep/2023:05:55:31 -0500] "GET /BLA/resoluciones/AUTOS%202020/2190.pdf HTTP/1.1" 200 396427
172.22.2.4 - - [18/Sep/2023:05:53:54 -0500] "HEAD /BLA/boletinlegal/ HTTP/1.1" 200 -
216.244.66.195 - - [18/Sep/2023:05:55:55 -0500] "GET /BLA/resoluciones/AUTOS%202020/2319.pdf HTTP/1.1" 200 337605
216.244.66.195 - - [18/Sep/2023:05:56:16 -0500] "GET /BLA/resoluciones/AUTOS%202020/2367.pdf HTTP/1.1" 200 400467
172.22.2.4 - - [18/Sep/2023:05:54:44 -0500] "GET /BLA/boletinlegal/ HTTP/1.1" 200 58187
216.244.66.195 - - [18/Sep/2023:05:56:39 -0500] "GET /BLA/resoluciones/AUTOS%202020/2507.pdf HTTP/1.1" 200 542245
66.249.73.106 - - [18/Sep/2023:05:56:44 -0500] "GET /BLA/resoluciones/RESOLUCIONES%202011/2054.pdf HTTP/1.1" 200 308991
216.244.66.195 - - [18/Sep/2023:05:56:58 -0500] "GET /BLA/resoluciones/AUTOS%202020/2616.pdf HTTP/1.1" 200 358637
216.245.221.92 - - [18/Sep/2023:05:57:12 -0500] "HEAD / HTTP/1.1" 200 -
216.244.66.195 - - [18/Sep/2023:05:57:17 -0500] "GET /BLA/resoluciones/AUTOS%202020/2743.pdf HTTP/1.1" 200 398248
66.249.73.106 - - [18/Sep/2023:05:57:19 -0500] "GET /isolucionsda/FramesetArticulo.asp?Pagina=bancoconocimiento%2FR%2FResolucion715de31demarzode2017%2FResolucion715de31demarzode2017%2Easp&IdArticulo=10934&Codigo=&Fecha=&Version=&Procedimiento=&cliente= HTTP/1.1" 200 527
201.245.192.253 - - [18/Sep/2023:05:57:27 -0500] "POST /kwsrmcab/Wsrmcab  HTTP/1.1" 200 39454
216.244.66.195 - - [18/Sep/2023:05:57:34 -0500] "GET /BLA/resoluciones/AUTOS%202020/2893.pdf HTTP/1.1" 200 336170
216.244.66.195 - - [18/Sep/2023:05:57:51 -0500] "GET /BLA/resoluciones/AUTOS%202020/3148.pdf HTTP/1.1" 200 354988
216.244.66.195 - - [18/Sep/2023:05:58:07 -0500] "GET /BLA/resoluciones/AUTOS%202020/3747.pdf HTTP/1.1" 200 351602
216.244.66.195 - - [18/Sep/2023:05:58:21 -0500] "GET /BLA/resoluciones/AUTOS%202020/4037.pdf HTTP/1.1" 200 388122
216.244.66.195 - - [18/Sep/2023:05:58:35 -0500] "GET /BLA/resoluciones/AUTOS%202020/4462.pdf HTTP/1.1" 200 393570
216.244.66.195 - - [18/Sep/2023:05:58:47 -0500] "GET /BLA/resoluciones/AUTOS%202020/4468.pdf HTTP/1.1" 200 390635
216.244.66.195 - - [18/Sep/2023:05:58:59 -0500] "GET /BLA/resoluciones/AUTOS%202020/4581.pdf HTTP/1.1" 200 378084
216.244.66.195 - - [18/Sep/2023:05:59:09 -0500] "GET /BLA/resoluciones/AUTOS%202020/4790.pdf HTTP/1.1" 200 375064
216.244.66.195 - - [18/Sep/2023:05:59:19 -0500] "GET /BLA/resoluciones/AUTOS%202021/0238.pdf HTTP/1.1" 200 409425
216.244.66.195 - - [18/Sep/2023:05:59:27 -0500] "GET /BLA/resoluciones/AUTOS%202021/0279.pdf HTTP/1.1" 200 354294
216.244.66.195 - - [18/Sep/2023:05:59:35 -0500] "GET /BLA/resoluciones/AUTOS%202021/0513.pdf HTTP/1.1" 200 1461730
216.244.66.195 - - [18/Sep/2023:05:59:45 -0500] "GET /BLA/resoluciones/AUTOS%202021/1421.pdf HTTP/1.1" 200 375227
194.180.49.197 - - [18/Sep/2023:06:01:19 -0500] "GET /portaldeninos/?p=494 HTTP/1.1" 301 -
194.180.49.197 - - [18/Sep/2023:06:01:19 -0500] "GET /portaldeninos/?p=482 HTTP/1.1" 301 -
194.180.49.197 - - [18/Sep/2023:06:01:19 -0500] "GET /portaldeninos/?p=127 HTTP/1.1" 301 -
194.180.49.197 - - [18/Sep/2023:06:01:20 -0500] "GET /portaldeninos/?p=175 HTTP/1.1" 301 -
194.180.49.197 - - [18/Sep/2023:06:01:20 -0500] "GET /portaldeninos/?p=516 HTTP/1.1" 301 -
194.180.49.197 - - [18/Sep/2023:06:01:20 -0500] "GET /portaldeninos/?p=591 HTTP/1.1" 301 -
194.180.49.197 - - [18/Sep/2023:06:01:19 -0500] "GET /portaldeninos/aulas-ambientales-2/parque-ecologico-distrital-de-montana-entrenubes/ HTTP/1.1" 200 90406
194.180.49.197 - - [18/Sep/2023:06:01:20 -0500] "GET /portaldeninos/?p=2183 HTTP/1.1" 301 -
194.180.49.197 - - [18/Sep/2023:06:01:20 -0500] "GET /portaldeninos/?p=502 HTTP/1.1" 301 -
194.180.49.197 - - [18/Sep/2023:06:01:21 -0500] "GET /portaldeninos/?p=619 HTTP/1.1" 301 -
194.180.49.197 - - [18/Sep/2023:06:01:20 -0500] "GET /portaldeninos/parque-ecologico-distrital-humedal-santa-maria-del-lago/ HTTP/1.1" 200 90199
194.180.49.197 - - [18/Sep/2023:06:01:20 -0500] "GET /portaldeninos/aulas-ambientales/ HTTP/1.1" 200 88416
194.180.49.197 - - [18/Sep/2023:06:01:21 -0500] "GET /portaldeninos/?p=666 HTTP/1.1" 301 -
194.180.49.197 - - [18/Sep/2023:06:01:21 -0500] "GET /portaldeninos/?p=617 HTTP/1.1" 301 -
194.180.49.197 - - [18/Sep/2023:06:01:20 -0500] "GET /portaldeninos/los-arboles/ HTTP/1.1" 200 87546
194.180.49.197 - - [18/Sep/2023:06:01:22 -0500] "GET /portaldeninos/?p=509 HTTP/1.1" 301 -
194.180.49.197 - - [18/Sep/2023:06:01:21 -0500] "GET /portaldeninos/relatos-urbanos-de-los-ecosistemas-bogotanos-2/ HTTP/1.1" 200 88374
194.180.49.197 - - [18/Sep/2023:06:01:22 -0500] "GET /portaldeninos/?p=816 HTTP/1.1" 301 -
194.180.49.197 - - [18/Sep/2023:06:01:22 -0500] "GET /portaldeninos/?p=1451 HTTP/1.1" 301 -
194.180.49.197 - - [18/Sep/2023:06:01:22 -0500] "GET /portaldeninos/?p=802 HTTP/1.1" 301 -
194.180.49.197 - - [18/Sep/2023:06:01:23 -0500] "GET /portaldeninos/?p=1470 HTTP/1.1" 301 -
194.180.49.197 - - [18/Sep/2023:06:01:21 -0500] "GET /portaldeninos/aula-ambiental-artistica-itinerante-auambari/ HTTP/1.1" 200 89306
194.180.49.197 - - [18/Sep/2023:06:01:22 -0500] "GET /portaldeninos/tipos-de-arboles-en-bogota/ HTTP/1.1" 200 109802
194.180.49.197 - - [18/Sep/2023:06:01:21 -0500] "GET /portaldeninos/aulas-ambientales/aula-ambiental-sorotama/ HTTP/1.1" 200 89596
194.180.49.197 - - [18/Sep/2023:06:01:21 -0500] "GET /portaldeninos/los-arboles/tips/ HTTP/1.1" 200 87677
194.180.49.197 - - [18/Sep/2023:06:01:21 -0500] "GET /portaldeninos/aire/ HTTP/1.1" 200 88215
194.180.49.197 - - [18/Sep/2023:06:01:23 -0500] "GET /portaldeninos/?p=1472 HTTP/1.1" 301 -
194.180.49.197 - - [18/Sep/2023:06:01:22 -0500] "GET /portaldeninos/parque-mirador-de-los-nevados/ HTTP/1.1" 200 89855
194.180.49.197 - - [18/Sep/2023:06:01:23 -0500] "GET /portaldeninos/?p=1462 HTTP/1.1" 301 -
194.180.49.197 - - [18/Sep/2023:06:01:22 -0500] "GET /portaldeninos/fauna/ HTTP/1.1" 200 88429
194.180.49.197 - - [18/Sep/2023:06:01:23 -0500] "GET /portaldeninos/glosario/ HTTP/1.1" 200 97198
172.22.2.4 - - [18/Sep/2023:05:59:44 -0500] "HEAD /BLA/boletinlegal/ HTTP/1.1" 200 -
194.180.49.197 - - [18/Sep/2023:06:01:23 -0500] "GET /portaldeninos/publicidad/ HTTP/1.1" 200 87569
194.180.49.197 - - [18/Sep/2023:06:01:24 -0500] "GET /portaldeninos/humedal-tibanica-2/ HTTP/1.1" 200 87771
194.180.49.197 - - [18/Sep/2023:06:01:24 -0500] "GET /portaldeninos/humedal-jaboque-2/ HTTP/1.1" 200 87846
194.180.49.197 - - [18/Sep/2023:06:01:23 -0500] "GET /portaldeninos/humedales-ramsar/ HTTP/1.1" 200 89255
194.180.49.197 - - [18/Sep/2023:06:01:23 -0500] "GET /portaldeninos/humedal-santa-maria-del-lago/ HTTP/1.1" 200 88988
194.180.49.197 - - [18/Sep/2023:06:01:25 -0500] "GET /portaldeninos/?p=1532 HTTP/1.1" 301 -
194.180.49.197 - - [18/Sep/2023:06:01:25 -0500] "GET /portaldeninos/?p=1468 HTTP/1.1" 301 -
194.180.49.197 - - [18/Sep/2023:06:01:25 -0500] "GET /portaldeninos/?p=1466 HTTP/1.1" 301 -
194.180.49.197 - - [18/Sep/2023:06:01:25 -0500] "GET /portaldeninos/?p=1474 HTTP/1.1" 301 -
194.180.49.197 - - [18/Sep/2023:06:01:25 -0500] "GET /portaldeninos/?p=1458 HTTP/1.1" 301 -
194.180.49.197 - - [18/Sep/2023:06:01:25 -0500] "GET /portaldeninos/?p=1454 HTTP/1.1" 301 -
194.180.49.197 - - [18/Sep/2023:06:01:26 -0500] "GET /portaldeninos/?p=1460 HTTP/1.1" 301 -
194.180.49.197 - - [18/Sep/2023:06:01:26 -0500] "GET /portaldeninos/?p=656 HTTP/1.1" 301 -
194.180.49.197 - - [18/Sep/2023:06:01:25 -0500] "GET /portaldeninos/corresponsal-ambiental/ HTTP/1.1" 200 93768
194.180.49.197 - - [18/Sep/2023:06:01:26 -0500] "GET /portaldeninos/humedal-la-vaca-2/ HTTP/1.1" 200 87837
194.180.49.197 - - [18/Sep/2023:06:01:26 -0500] "GET /portaldeninos/?p=535 HTTP/1.1" 301 -
194.180.49.197 - - [18/Sep/2023:06:01:26 -0500] "GET /portaldeninos/gestion-del-riesgo-incendios-forestales/ HTTP/1.1" 200 86825
194.180.49.197 - - [18/Sep/2023:06:01:26 -0500] "GET /portaldeninos/?p=1464 HTTP/1.1" 301 -
194.180.49.197 - - [18/Sep/2023:06:01:26 -0500] "GET /portaldeninos/humedal-el-burro-2/ HTTP/1.1" 200 87926
194.180.49.197 - - [18/Sep/2023:06:01:26 -0500] "GET /portaldeninos/humedal-torca-y-guaymaral-2/ HTTP/1.1" 200 88086
194.180.49.197 - - [18/Sep/2023:06:01:27 -0500] "GET /portaldeninos/?p=538 HTTP/1.1" 301 -
194.180.49.197 - - [18/Sep/2023:06:01:26 -0500] "GET /portaldeninos/humedal-la-conejera-2/ HTTP/1.1" 200 88020
194.180.49.197 - - [18/Sep/2023:06:01:26 -0500] "GET /portaldeninos/humedal-capellania-2/ HTTP/1.1" 200 87949
194.180.49.197 - - [18/Sep/2023:06:01:27 -0500] "GET /portaldeninos/?p=267 HTTP/1.1" 301 -
194.180.49.197 - - [18/Sep/2023:06:01:26 -0500] "GET /portaldeninos/biodiversidad/ HTTP/1.1" 200 86633
194.180.49.197 - - [18/Sep/2023:06:01:28 -0500] "GET /portaldeninos/?p=674 HTTP/1.1" 301 -
194.180.49.197 - - [18/Sep/2023:06:01:27 -0500] "GET /portaldeninos/humedal-el-tunjo/ HTTP/1.1" 200 87661
194.180.49.197 - - [18/Sep/2023:06:01:28 -0500] "GET /portaldeninos/?p=805 HTTP/1.1" 301 -
194.180.49.197 - - [18/Sep/2023:06:01:27 -0500] "GET /portaldeninos/agua-y-estructura-ecologica-principal/ HTTP/1.1" 200 87488
194.180.49.197 - - [18/Sep/2023:06:01:29 -0500] "GET /portaldeninos/?p=1456 HTTP/1.1" 301 -
194.180.49.197 - - [18/Sep/2023:06:01:27 -0500] "GET /portaldeninos/gestion-del-riesgo-incendios-forestales/ HTTP/1.1" 200 86825
194.180.49.197 - - [18/Sep/2023:06:01:27 -0500] "GET /portaldeninos/que-es-cambio-climatico/ HTTP/1.1" 200 86727
194.180.49.197 - - [18/Sep/2023:06:01:28 -0500] "GET /portaldeninos/biodiversidad/ HTTP/1.1" 200 86633
194.180.49.197 - - [18/Sep/2023:06:01:27 -0500] "GET /portaldeninos/residuos/ HTTP/1.1" 200 87443
194.180.49.197 - - [18/Sep/2023:06:01:29 -0500] "GET /portaldeninos/residuos/ HTTP/1.1" 200 87443
194.180.49.197 - - [18/Sep/2023:06:01:28 -0500] "GET /portaldeninos/humedal-juan-amarillo-2/ HTTP/1.1" 200 88155
194.180.49.197 - - [18/Sep/2023:06:01:28 -0500] "GET /portaldeninos/agua-y-estructura-ecologica-principal/ HTTP/1.1" 200 87488
194.180.49.197 - - [18/Sep/2023:06:01:29 -0500] "GET /portaldeninos/ruido/ HTTP/1.1" 200 88494
194.180.49.197 - - [18/Sep/2023:06:01:29 -0500] "GET /portaldeninos/que-es-cambio-climatico/ HTTP/1.1" 200 86727
194.180.49.197 - - [18/Sep/2023:06:01:29 -0500] "GET /portaldeninos/humedal-cordoba-2/ HTTP/1.1" 200 88041
216.245.221.92 - - [18/Sep/2023:06:02:12 -0500] "HEAD / HTTP/1.1" 200 -
172.22.2.4 - - [18/Sep/2023:06:00:34 -0500] "GET /BLA/boletinlegal/ HTTP/1.1" 200 57323
201.245.192.253 - - [18/Sep/2023:06:02:26 -0500] "POST /kwsrmcab/Wsrmcab  HTTP/1.1" 200 39454
216.244.66.195 - - [18/Sep/2023:06:03:46 -0500] "GET /robots.txt HTTP/1.1" 404 1018
40.77.167.61 - - [18/Sep/2023:06:04:51 -0500] "GET /Publicaciones/2023EE212154.pdf HTTP/1.1" 200 482281
216.245.221.92 - - [18/Sep/2023:06:07:12 -0500] "HEAD / HTTP/1.1" 200 -
172.22.2.4 - - [18/Sep/2023:06:05:34 -0500] "HEAD /BLA/boletinlegal/ HTTP/1.1" 200 -
201.245.192.253 - - [18/Sep/2023:06:07:25 -0500] "POST /kwsrmcab/Wsrmcab  HTTP/1.1" 200 39454
66.249.75.233 - - [18/Sep/2023:06:07:48 -0500] "GET /semana-ambiental-2022-del-31-de-mayo-al-5-de-junio-se-celebrara-en-bogota.html HTTP/1.1" 200 799
172.22.2.4 - - [18/Sep/2023:06:06:24 -0500] "GET /BLA/boletinlegal/ HTTP/1.1" 200 58187
40.77.167.8 - - [18/Sep/2023:06:11:51 -0500] "GET /Publicaciones/2023EE214578.pdf HTTP/1.1" 200 231869
216.245.221.92 - - [18/Sep/2023:06:12:12 -0500] "HEAD / HTTP/1.1" 200 -
201.245.192.253 - - [18/Sep/2023:06:12:24 -0500] "POST /kwsrmcab/Wsrmcab  HTTP/1.1" 200 39454
172.22.2.4 - - [18/Sep/2023:06:11:24 -0500] "HEAD /BLA/boletinlegal/ HTTP/1.1" 200 -
172.22.2.4 - - [18/Sep/2023:06:12:14 -0500] "GET /BLA/boletinlegal/ HTTP/1.1" 200 60692
216.245.221.92 - - [18/Sep/2023:06:17:12 -0500] "HEAD / HTTP/1.1" 200 -
201.245.192.253 - - [18/Sep/2023:06:17:23 -0500] "POST /kwsrmcab/Wsrmcab  HTTP/1.1" 200 39454
201.245.192.253 - - [18/Sep/2023:06:18:03 -0500] "POST /kwsrmcab/Wsrmcab HTTP/1.1" 200 42846
201.245.192.253 - - [18/Sep/2023:06:18:05 -0500] "POST /kwsrmcab/Wsrmcab HTTP/1.1" 200 39328
172.22.2.4 - - [18/Sep/2023:06:17:14 -0500] "HEAD /BLA/boletinlegal/ HTTP/1.1" 200 -
172.22.2.4 - - [18/Sep/2023:06:18:04 -0500] "GET /BLA/boletinlegal/ HTTP/1.1" 200 60342
172.22.2.4 - - [18/Sep/2023:06:21:17 -0500] "GET /BLA/boletinlegal/documentos-importantes.php HTTP/1.1" 200 4829
172.22.2.4 - - [18/Sep/2023:06:21:18 -0500] "GET /BLA/boletinlegal/ajax.js HTTP/1.1" 200 577
172.22.2.4 - - [18/Sep/2023:06:21:19 -0500] "GET /BLA/boletinlegal/js/ajax_documentos.js HTTP/1.1" 200 1155
216.245.221.92 - - [18/Sep/2023:06:22:12 -0500] "HEAD / HTTP/1.1" 200 -
201.245.192.253 - - [18/Sep/2023:06:22:22 -0500] "POST /kwsrmcab/Wsrmcab  HTTP/1.1" 200 39454
172.22.2.4 - - [18/Sep/2023:06:22:43 -0500] "GET /BLA/boletinlegal/actos.php HTTP/1.1" 200 9682
172.22.2.4 - - [18/Sep/2023:06:22:43 -0500] "GET /BLA/boletinlegal/favicon.ico HTTP/1.1" 404 1326
172.22.2.4 - - [18/Sep/2023:06:23:10 -0500] "GET /BLA/boletinlegal/consulta_actos.php?tipo=resoluciones&no=1166&usuario=&sector=&fecha=2021&resuelve= HTTP/1.1" 200 1087
186.155.18.70 - - [18/Sep/2023:06:23:14 -0500] "GET /BLA/resoluciones/RESOLUCIONES%202021/1166.pdf HTTP/1.1" 200 467988
201.221.172.1 - - [18/Sep/2023:06:23:47 -0500] "GET /sipse/faces/index.xhtml HTTP/1.1" 200 677
201.221.172.1 - - [18/Sep/2023:06:23:47 -0500] "GET /sipse/faces/javax.faces.resource/theme.css?ln=primefaces-sipse HTTP/1.1" 304 -
201.221.172.1 - - [18/Sep/2023:06:23:47 -0500] "GET /sipse/faces/faces/autenticacion.xhtml HTTP/1.1" 200 12414
201.221.172.1 - - [18/Sep/2023:06:23:47 -0500] "GET /sipse/faces/javax.faces.resource/theme.css?ln=primefaces-sipse HTTP/1.1" 304 -
201.221.172.1 - - [18/Sep/2023:06:23:47 -0500] "GET /sipse/js/disable_browser_buttons.js HTTP/1.1" 200 3230
201.221.172.1 - - [18/Sep/2023:06:23:47 -0500] "GET /sipse/faces/javax.faces.resource/jquery/jquery.js?ln=primefaces&v=4.0 HTTP/1.1" 304 -
201.221.172.1 - - [18/Sep/2023:06:23:47 -0500] "GET /sipse/css/custom_css_sg.css HTTP/1.1" 200 9694
201.221.172.1 - - [18/Sep/2023:06:23:47 -0500] "GET /sipse/js/funciones.js HTTP/1.1" 200 12592
201.221.172.1 - - [18/Sep/2023:06:23:47 -0500] "GET /sipse/faces/javax.faces.resource/jquery/jquery-plugins.js?ln=primefaces&v=4.0 HTTP/1.1" 304 -
201.221.172.1 - - [18/Sep/2023:06:23:47 -0500] "GET /sipse/faces/javax.faces.resource/layout/layout.css?ln=primefaces&v=4.0 HTTP/1.1" 200 542
201.221.172.1 - - [18/Sep/2023:06:23:47 -0500] "GET /sipse/faces/javax.faces.resource/layout/layout.js?ln=primefaces&v=4.0 HTTP/1.1" 304 -
201.221.172.1 - - [18/Sep/2023:06:23:47 -0500] "GET /sipse/faces/javax.faces.resource/primefaces.js?ln=primefaces&v=4.0 HTTP/1.1" 304 -
201.221.172.1 - - [18/Sep/2023:06:23:47 -0500] "GET /sipse/css/custom_css_sg_prime_login.css HTTP/1.1" 200 443
201.221.172.1 - - [18/Sep/2023:06:23:47 -0500] "GET /sipse/faces/javax.faces.resource/primefaces.css?ln=primefaces&v=4.0 HTTP/1.1" 200 53295
201.221.172.1 - - [18/Sep/2023:06:23:47 -0500] "GET /sipse/faces/javax.faces.resource/images/ui-icons_898989_256x240.png?ln=primefaces-aristo HTTP/1.1" 200 5355
201.221.172.1 - - [18/Sep/2023:06:23:47 -0500] "GET /sipse/css/imagen/logoSDG.png HTTP/1.1" 200 53064
201.221.172.1 - - [18/Sep/2023:06:23:47 -0500] "GET /sipse/css/imagen/loginimg.png HTTP/1.1" 200 71635
172.22.2.4 - - [18/Sep/2023:06:23:52 -0500] "GET /BLA/boletinlegal/consulta_actos.php?tipo=resoluciones&no=1092&usuario=&sector=&fecha=2018&resuelve= HTTP/1.1" 200 1105
172.22.2.4 - - [18/Sep/2023:06:24:19 -0500] "GET /BLA/boletinlegal/consulta_actos.php?tipo=resoluciones&no=1589&usuario=&sector=&fecha=2019&resuelve= HTTP/1.1" 200 1072
172.22.2.4 - - [18/Sep/2023:06:23:04 -0500] "HEAD /BLA/boletinlegal/ HTTP/1.1" 200 -
172.22.2.4 - - [18/Sep/2023:06:24:46 -0500] "GET /BLA/boletinlegal/consulta_actos.php?tipo=resoluciones&no=1078&usuario=&sector=&fecha=2018&resuelve= HTTP/1.1" 200 1110
172.22.2.4 - - [18/Sep/2023:06:23:54 -0500] "GET /BLA/boletinlegal/ HTTP/1.1" 200 58187
172.22.2.4 - - [18/Sep/2023:06:26:05 -0500] "GET /BLA/boletinlegal/consulta_actos.php?tipo=resoluciones&no=1092&usuario=&sector=&fecha=2018&resuelve= HTTP/1.1" 200 1105
172.22.2.4 - - [18/Sep/2023:06:26:38 -0500] "GET /BLA/boletinlegal/consulta_actos.php?tipo=resoluciones&no=1166&usuario=&sector=&fecha=2021&resuelve= HTTP/1.1" 200 1087
172.22.2.4 - - [18/Sep/2023:06:27:04 -0500] "GET /BLA/boletinlegal/consulta_actos.php?tipo=resoluciones&no=1589&usuario=&sector=&fecha=2021&resuelve= HTTP/1.1" 200 1234
201.221.172.1 - - [18/Sep/2023:06:27:10 -0500] "POST /sipse/faces/autenticacion.xhtml HTTP/1.1" 200 2217
201.221.172.1 - - [18/Sep/2023:06:27:11 -0500] "GET /sipse/faces/javax.faces.resource/messages/messages.png?ln=primefaces&v=4.0 HTTP/1.1" 304 -
201.221.172.1 - - [18/Sep/2023:06:27:12 -0500] "POST /sipse/faces/autenticacion.xhtml HTTP/1.1" 200 2221
216.245.221.92 - - [18/Sep/2023:06:27:12 -0500] "HEAD / HTTP/1.1" 200 -
201.221.172.1 - - [18/Sep/2023:06:27:12 -0500] "POST /sipse/faces/autenticacion.xhtml HTTP/1.1" 200 16400
201.221.172.1 - - [18/Sep/2023:06:27:13 -0500] "GET /sipse/css/custom_css_sg_prime.css HTTP/1.1" 200 5201
201.221.172.1 - - [18/Sep/2023:06:27:13 -0500] "GET /sipse/js/jquery.min.js HTTP/1.1" 200 85582
201.221.172.1 - - [18/Sep/2023:06:27:13 -0500] "GET /sipse/faces/javax.faces.resource/jquery/jquery.js?ln=primefaces&v=4.0 HTTP/1.1" 304 -
201.221.172.1 - - [18/Sep/2023:06:27:13 -0500] "GET /sipse/faces/javax.faces.resource/jquery/jquery-plugins.js?ln=primefaces&v=4.0 HTTP/1.1" 304 -
201.221.172.1 - - [18/Sep/2023:06:27:13 -0500] "GET /sipse/faces/javax.faces.resource/primefaces.js?ln=primefaces&v=4.0 HTTP/1.1" 304 -
201.221.172.1 - - [18/Sep/2023:06:27:13 -0500] "GET /sipse/faces/javax.faces.resource/layout/layout.js?ln=primefaces&v=4.0 HTTP/1.1" 304 -
201.221.172.1 - - [18/Sep/2023:06:27:13 -0500] "GET /sipse/css/v_mergente.css HTTP/1.1" 200 1505
201.221.172.1 - - [18/Sep/2023:06:27:13 -0500] "GET /sipse/imagenes/cargando.gif HTTP/1.1" 200 36959
201.221.172.1 - - [18/Sep/2023:06:27:13 -0500] "GET /sipse/css/imagen/contrasena.png HTTP/1.1" 404 383
201.221.172.1 - - [18/Sep/2023:06:27:13 -0500] "GET /sipse/imagenes/logoAplicacion.jpg HTTP/1.1" 200 155084
201.221.172.1 - - [18/Sep/2023:06:27:14 -0500] "GET /sipse/faces/javax.faces.resource/images/ui-bg_flat_0_2d5972_40x100.png?ln=primefaces-aristo HTTP/1.1" 304 -
201.221.172.1 - - [18/Sep/2023:06:27:14 -0500] "POST /sipse/faces/bienvenido.xhtml HTTP/1.1" 200 2658
201.221.172.1 - - [18/Sep/2023:06:27:15 -0500] "POST /sipse/faces/bienvenido.xhtml HTTP/1.1" 200 64002
201.221.172.1 - - [18/Sep/2023:06:27:17 -0500] "GET /sipse/faces/javax.faces.resource/jquery/jquery.js?ln=primefaces&v=4.0 HTTP/1.1" 304 -
201.221.172.1 - - [18/Sep/2023:06:27:17 -0500] "GET /sipse/faces/javax.faces.resource/jquery/jquery-plugins.js?ln=primefaces&v=4.0 HTTP/1.1" 304 -
201.221.172.1 - - [18/Sep/2023:06:27:17 -0500] "GET /sipse/faces/javax.faces.resource/primefaces.js?ln=primefaces&v=4.0 HTTP/1.1" 304 -
201.221.172.1 - - [18/Sep/2023:06:27:17 -0500] "GET /sipse/faces/javax.faces.resource/layout/layout.js?ln=primefaces&v=4.0 HTTP/1.1" 304 -
172.22.2.4 - - [18/Sep/2023:06:27:18 -0500] "GET /BLA/boletinlegal/consulta_actos.php?tipo=resoluciones&no=1589&usuario=&sector=&fecha=2019&resuelve= HTTP/1.1" 200 1072
201.221.172.1 - - [18/Sep/2023:06:27:17 -0500] "POST /sipse/faces/presentacion/financiero/solicitudProceso/listarSolicitudProceso.xhtml HTTP/1.1" 200 1552
172.22.2.4 - - [18/Sep/2023:06:27:19 -0500] "GET /BLA/boletinlegal/consulta_actos.php?tipo=resoluciones&no=1589&usuario=&sector=&fecha=2019&resuelve= HTTP/1.1" 200 1072
201.221.172.1 - - [18/Sep/2023:06:27:20 -0500] "POST /sipse/faces/presentacion/financiero/solicitudProceso/listarSolicitudProceso.xhtml HTTP/1.1" 200 46322
201.221.172.1 - - [18/Sep/2023:06:27:20 -0500] "POST /sipse/faces/presentacion/financiero/solicitudProceso/listarSolicitudProceso.xhtml HTTP/1.1" 200 1556
201.221.172.1 - - [18/Sep/2023:06:27:21 -0500] "POST /sipse/faces/presentacion/financiero/solicitudProceso/listarSolicitudProceso.xhtml HTTP/1.1" 200 30662
201.221.172.1 - - [18/Sep/2023:06:27:21 -0500] "POST /sipse/faces/presentacion/financiero/solicitudProceso/listarSolicitudProceso.xhtml HTTP/1.1" 200 42668
201.245.192.253 - - [18/Sep/2023:06:27:21 -0500] "POST /kwsrmcab/Wsrmcab  HTTP/1.1" 200 39454
201.221.172.1 - - [18/Sep/2023:06:27:26 -0500] "POST /sipse/faces/presentacion/financiero/solicitudProceso/listarSolicitudProceso.xhtml HTTP/1.1" 200 139249
201.221.172.1 - - [18/Sep/2023:06:27:28 -0500] "GET /sipse/faces/javax.faces.resource/jquery/jquery.js?ln=primefaces&v=4.0 HTTP/1.1" 304 -
201.221.172.1 - - [18/Sep/2023:06:27:28 -0500] "GET /sipse/faces/javax.faces.resource/jquery/jquery-plugins.js?ln=primefaces&v=4.0 HTTP/1.1" 304 -
201.221.172.1 - - [18/Sep/2023:06:27:28 -0500] "GET /sipse/faces/javax.faces.resource/primefaces.js?ln=primefaces&v=4.0 HTTP/1.1" 304 -
201.221.172.1 - - [18/Sep/2023:06:27:28 -0500] "GET /sipse/faces/javax.faces.resource/layout/layout.js?ln=primefaces&v=4.0 HTTP/1.1" 304 -
201.221.172.1 - - [18/Sep/2023:06:27:33 -0500] "POST /sipse/faces/presentacion/financiero/solicitudProceso/consultarSolicitudProceso.xhtml HTTP/1.1" 200 35133
201.221.172.1 - - [18/Sep/2023:06:27:34 -0500] "GET /sipse/faces/javax.faces.resource/primefaces.css?ln=primefaces&v=4.0 HTTP/1.1" 304 -
201.221.172.1 - - [18/Sep/2023:06:27:34 -0500] "GET /sipse/faces/javax.faces.resource/theme.css?ln=primefaces-sipse HTTP/1.1" 304 -
201.221.172.1 - - [18/Sep/2023:06:27:34 -0500] "GET /sipse/faces/javax.faces.resource/jquery/jquery-plugins.js?ln=primefaces&v=4.0 HTTP/1.1" 304 -
201.221.172.1 - - [18/Sep/2023:06:27:34 -0500] "GET /sipse/faces/javax.faces.resource/primefaces.js?ln=primefaces&v=4.0 HTTP/1.1" 304 -
201.221.172.1 - - [18/Sep/2023:06:27:34 -0500] "GET /sipse/faces/javax.faces.resource/layout/layout.css?ln=primefaces&v=4.0 HTTP/1.1" 304 -
201.221.172.1 - - [18/Sep/2023:06:27:34 -0500] "GET /sipse/faces/javax.faces.resource/layout/layout.js?ln=primefaces&v=4.0 HTTP/1.1" 304 -
201.221.172.1 - - [18/Sep/2023:06:27:34 -0500] "GET /sipse/faces/javax.faces.resource/jquery/jquery.js?ln=primefaces&v=4.0 HTTP/1.1" 304 -
201.221.172.1 - - [18/Sep/2023:06:27:34 -0500] "GET /sipse/faces/javax.faces.resource/images/ui-icons_898989_256x240.png?ln=primefaces-aristo HTTP/1.1" 200 5355
201.221.172.1 - - [18/Sep/2023:06:27:34 -0500] "GET /favicon.ico HTTP/1.1" 200 7782
201.245.192.253 - - [18/Sep/2023:06:28:03 -0500] "POST /kwsrmcab/Wsrmcab HTTP/1.1" 200 42846
172.22.2.4 - - [18/Sep/2023:06:28:07 -0500] "GET /BLA/boletinlegal/consulta_actos.php?tipo=resoluciones&no=1135&usuario=&sector=&fecha=2021&resuelve= HTTP/1.1" 200 1086
201.245.192.253 - - [18/Sep/2023:06:28:07 -0500] "POST /kwsrmcab/Wsrmcab HTTP/1.1" 200 39328
186.155.18.70 - - [18/Sep/2023:06:28:10 -0500] "GET /BLA/resoluciones/RESOLUCIONES%202021/1135.pdf HTTP/1.1" 200 457386
52.167.144.195 - - [18/Sep/2023:06:28:51 -0500] "GET /BLA/resoluciones/AUTOS%202022/1657.pdf HTTP/1.1" 304 -
181.53.12.124 - - [18/Sep/2023:06:29:52 -0500] "GET /BLA/resoluciones/ HTTP/1.1" 200 13696
181.53.12.124 - - [18/Sep/2023:06:29:52 -0500] "GET /favicon.ico HTTP/1.1" 200 7782
172.22.2.4 - - [18/Sep/2023:06:28:54 -0500] "HEAD /BLA/boletinlegal/ HTTP/1.1" 200 -
66.220.149.15 - - [18/Sep/2023:06:31:22 -0500] "GET /decision-de-frenar-obras-en-el-zuque-es-caprichosa-y-priva-a-la-ciudadania-de-conocer-y-preservar-los-cerros-orientales-urrutia-secretaria-de-ambiente.html HTTP/1.1" 200 1018
172.22.2.4 - - [18/Sep/2023:06:29:44 -0500] "GET /BLA/boletinlegal/ HTTP/1.1" 200 60692
31.13.103.6 - - [18/Sep/2023:06:31:24 -0500] "GET /decision-de-frenar-obras-en-el-zuque-es-caprichosa-y-priva-a-la-ciudadania-de-conocer-y-preservar-los-cerros-orientales-urrutia-secretaria-de-ambiente.html HTTP/1.1" 200 1018
52.167.144.167 - - [18/Sep/2023:06:31:52 -0500] "GET /Publicaciones/2023EE213217.pdf HTTP/1.1" 200 231909
216.244.66.195 - - [18/Sep/2023:06:32:01 -0500] "GET /BLA/resoluciones/AUTOS%202019/4134.pdf HTTP/1.1" 200 335077
216.245.221.92 - - [18/Sep/2023:06:32:12 -0500] "HEAD / HTTP/1.1" 200 -
201.245.192.253 - - [18/Sep/2023:06:32:20 -0500] "POST /kwsrmcab/Wsrmcab  HTTP/1.1" 200 39454
216.244.66.195 - - [18/Sep/2023:06:32:48 -0500] "GET /BLA/resoluciones/AUTOS%202019/4387.pdf HTTP/1.1" 200 399022
181.53.12.124 - - [18/Sep/2023:06:32:53 -0500] "GET /BLA/resoluciones/index.php?dir=RESOLUCIONES+2022%2F HTTP/1.1" 200 319946
181.53.12.124 - - [18/Sep/2023:06:33:00 -0500] "GET /BLA/resoluciones/RESOLUCIONES%202022/3226.pdf HTTP/1.1" 200 373631
181.53.12.124 - - [18/Sep/2023:06:33:18 -0500] "GET /BLA/resoluciones/index.php?dir=RESOLUCIONES+2021%2F HTTP/1.1" 200 442711
181.53.12.124 - - [18/Sep/2023:06:33:25 -0500] "GET /BLA/resoluciones/RESOLUCIONES%202021/3236.pdf HTTP/1.1" 200 376609
181.53.12.124 - - [18/Sep/2023:06:33:38 -0500] "GET /BLA/resoluciones/index.php?dir=RESOLUCIONES+2020%2F HTTP/1.1" 200 169062
216.244.66.195 - - [18/Sep/2023:06:33:38 -0500] "GET /BLA/resoluciones/AUTOS%202019/4434.pdf HTTP/1.1" 200 273408
207.46.13.141 - - [18/Sep/2023:06:34:15 -0500] "GET /portaldeninos/category/sin-categoria/page/3/ HTTP/1.1" 200 95915
216.244.66.195 - - [18/Sep/2023:06:34:23 -0500] "GET /BLA/resoluciones/AUTOS%202019/4532.pdf HTTP/1.1" 200 329220
66.249.66.84 - - [18/Sep/2023:06:34:34 -0500] "GET /portaldeninos/ HTTP/1.1" 200 110175
216.244.66.195 - - [18/Sep/2023:06:35:10 -0500] "GET /BLA/resoluciones/RESOLUCIONES%202018/0874.pdf HTTP/1.1" 200 305376
181.53.12.124 - - [18/Sep/2023:06:35:31 -0500] "GET /BLA/resoluciones/RESOLUCIONES%202020/1695.pdf HTTP/1.1" 200 673479
181.48.255.70 - - [18/Sep/2023:06:35:32 -0500] "GET /BLA/resoluciones/RESOLUCIONES%202020/1695.pdf HTTP/1.1" 200 673479
216.244.66.195 - - [18/Sep/2023:06:36:00 -0500] "GET /BLA/resoluciones/RESOLUCIONES%202018/1544.pdf HTTP/1.1" 200 661204
172.22.2.4 - - [18/Sep/2023:06:34:44 -0500] "HEAD /BLA/boletinlegal/ HTTP/1.1" 200 -
216.244.66.195 - - [18/Sep/2023:06:36:50 -0500] "GET /BLA/resoluciones/RESOLUCIONES%202018/2248.pdf HTTP/1.1" 200 245275
216.245.221.92 - - [18/Sep/2023:06:37:12 -0500] "HEAD / HTTP/1.1" 200 -
172.22.2.4 - - [18/Sep/2023:06:35:34 -0500] "GET /BLA/boletinlegal/ HTTP/1.1" 200 58187
201.245.192.253 - - [18/Sep/2023:06:37:19 -0500] "POST /kwsrmcab/Wsrmcab  HTTP/1.1" 200 39454
216.244.66.195 - - [18/Sep/2023:06:37:29 -0500] "GET /BLA/resoluciones/RESOLUCIONES%202018/2317.pdf HTTP/1.1" 200 283898
34.76.96.55 - - [18/Sep/2023:06:37:47 -0500] "GET / HTTP/1.1" 200 319
186.155.18.70 - - [18/Sep/2023:06:37:57 -0500] "GET /kwssiamovil/sm/ldap/au?x=U2FsdGVkX1+/JzCfhsdrYRBivemI0WyjFzCqLxlDR4HhlICV176dDQo4i2bIgaAo&y=U2FsdGVkX1/xZ1ML/9XroY3zzbpyKehEJVh/XALNuEU= HTTP/1.1" 200 30
186.155.18.70 - - [18/Sep/2023:06:37:57 -0500] "GET /kwssiamovil/sm/acme/s?s=U2FsdGVkX1+i0ttONAs3EHTatcSbGWhYY2C0EM2Euab4MkEFj5FI7E8JFCcZewqRArSoHgAmmrSwXgsAAPIkqZnYX81xFWq/2GTOaCJS+8g=&u=U2FsdGVkX18paJADQ0jne6REuFJbe+QHgFW4CenBbqc=&y=U2FsdGVkX1/xZ1ML/9XroY3zzbpyKehEJVh/XALNuEU= HTTP/1.1" 200 97
186.155.18.70 - - [18/Sep/2023:06:37:57 -0500] "GET /kwssiamovil/sm/acme/s?s=U2FsdGVkX19DeQjAj3LDzRYNN5mFZfnoy4ASYjwseIG2N7ol7s72HHu+HqKiUhD50QtG6yRzjh2yfJQv8QXTjQKLkV2Bea20J7GXLIBOoKaO3KZ9o/5jd09R7UYvpIvD9qO2NGndmr9y5Bi+U2TQLDLTIKu5u4R8TYiKxkkNuqDfWW30UPYJ4sr0fCPg4AitMWbyUEem43LbToQ1Vym4ETkMb02srsixRhlk4Mfww2AtZjA9HFYNzJC/nTxpah6K1Zb2PijgT6fwvXb4i3cvBBqdbHhmjhDD5h49GnTj3oP22UArNxHfHQ9HCS3QScfIValPANbMB0siO+WWwrtUXMI1a69Ist9CHhAU2KRjipqOg4P+8MvjnE9Iru3+IAuigHOBKL1oxTdTO8iGp3sIpqPCNsEkXdvpQeXQo67YjEeDhs07EPqQGZzSKGPQnVfIOWmyc6P/Zr/FU5ZSbzOSK94m/5ZfrjT3vLFfWZFo6KFfw/gGui/yfpCLH/mW5j3FGB26uSqWBFOcoj08kfCxFhbHa/BXbDW2lifMDz2ZRk8Y7h12tYyEzPTvGIXn/Tpuj2gasvXaerSHl9vIyutu4RbQk7aZhj+Xew7ioXcllnqoPBcDvSqJBBOABrcyjaxdmU9ILl9704iXcEGYsCNdX0DlaPlJ1i5NhqwPHZFlVjs7H77XRW5QT/d1EAcu3mJ+Kdd+0i13hpog5iFY3blcf/29Lk1fwBfN2rpjggQc8wEOGFRWYxV/4pKIFbWe5B8xGySiW5jb5qYsyHFmq7hWUVEpnlRcGiTDTAbGUdBE5kNJtxMfPrnzwIYOAZDl4r+OgiRejKwLrMIisb52GuMoYMGv9O2eihlr0XC+nxbctkjuV+bbKmfT7LG07BZdWijSJNjo3qAJyTaUSXGh726YzogNqjmi3RkGZPAklTBM/21NOtg7iHxHCbvq97VJEkY6otPvfgNDJvSZAQKVIoGE8dQJw8EtZKRT/MlPrtElSN9AjY+qUHaeCyhFTShwF3E42Nq0zpOhhs2FsHcvkBbraGDp9FSHPeubY4fOJxFR9dUGtiejrvetVSrH5H79/0Fg/xe1EBahSNt6g0CRpbX2rx8OklgsEN7QjRmayrMkK6nkw1Sv3tsUsycr+JKw0BzYqp2i0azmKf2Nbr7dLfqV29aEf9BnouT8K2xP3l/QbId8J3R1SE2cj1aerzrfRMMYWdelhfXLLjAAcbu9/Qwei3yH/YoeLK6wUAovxwHrI/MbsS1ckP61DQ0gMuNnnFKsu1BZA/WDNxoEjkUDdlvJrks3EPzz0C545ffQHUvT9R/wvL1Vl1az0tlVuw9ilmF5jGrb2du1IJxa1v9RQ4Cgs8EMDDi79R8x7hLC3VHvJosHeTuMe06s4twZ+mjdFRkcU3BvgRFb7fAit8mfH8qLoNG92Mr9bL7AjKHMtb0bpOylOvHQ1wKqtjgdMqDsOryba07ZOpjr3sAcf3mod0q2okwuujvo4W2uXhkKpNrLri+2VSYhsX6Ntfhumqr3qKtxpuFjMYyEv0ihUeYEsjkmEdPW+V92NBzbj0w6L5ukGnywRuHZ1uhO4taFjS4vYnhZwBR5wsAvHtHpyTKHv5CtXwgccAj+VEsYxCuHg4h7kco1SrL1rpG93gfHkyUvA69fmmwGv2nXBsjxEpetdercosymHjDdJPeAzRNKC6a0VSSNJDmepMvQcnHM4l54MhrSKYT32aYAmqxwPeC0vfVNjtfW74gywGpGnzsgxGdmGnc=&u=U2FsdGVkX18paJADQ0jne6REuFJbe+QHgFW4CenBbqc=&y=U2FsdGVkX1/xZ1ML/9XroY3zzbpyKehEJVh/XALNuEU= HTTP/1.1" 200 2524
186.155.18.70 - - [18/Sep/2023:06:37:57 -0500] "GET /kwssiamovil/sm/acme/s?s=U2FsdGVkX1+oADVk6tTg0CVXumpClo9OZw18SeSaYsZKiQtVvAC90OpOeT9aziUSEtmPVFoC7H3JOdXwN6AcYlbJLQZIyBnUeVFICVfmfQKRQ2ggLBN2OR9U+WYjJ+Q1SzdrXixy0jKiCI8hmkQqoy+oL6sfGGGvnRXJPe19sX1ZbYnITIXLC1rWzM/8ZhqJTkvqyAX3SqbGc/n3mawMQHLayhedk3etwan7whYPhDzRw/lpXvxdkx+/j9bOrviEojabp8SQ6UVYlaR+7r2FzI+kceuqMGND17pe539lqo7eH9UsaJvajsP/Tip4PdIQwQYgH0GmI2ssn0QygdE9uFXaJT8seF1w3MZjUtPHC8f3cybb5dzTAz1M42osxiU4NfGK+xoEexQi0AA/6aXj0LqwMQGK9q6wPb3uEq2rb7onuKq1NBd+OPhvNi05txGyq1a7wSqzziJLEXyyr3Gx3qxesS/08SabBhmNbDh7yjp30tWWbSNkKeZB1tlDecEhauRhnTQic3Qj40nIp4dCH4UHGfYmY+cW7pTzTHnlib8lnIRVibtXXdd4DD9RwJM84kmtscZyy5GI6xMTS1B4iEDRUx8Vs9z6FkAbYvN5vmlRBKGkY+6l2om5roXr4dyXqBDx7Pm1ch7ClR+p4aLKQYFE910zJUDSwoMFFfowSrBuv/9tLzX65UIddGRXi+XpLILEyCGCECp0lG2fDsoBHe6j/UFjoBOUrcTGHFUpmqUDgoQZ2PEUIdDnO1CznH6L&u=U2FsdGVkX18paJADQ0jne6REuFJbe+QHgFW4CenBbqc=&y=U2FsdGVkX1/xZ1ML/9XroY3zzbpyKehEJVh/XALNuEU= HTTP/1.1" 200 208
186.155.18.70 - - [18/Sep/2023:06:37:58 -0500] "GET /kwssiamovil/sm/cjson/pre?f=1&x=U2FsdGVkX1+/JzCfhsdrYRBivemI0WyjFzCqLxlDR4HhlICV176dDQo4i2bIgaAo HTTP/1.1" 200 31032
201.245.192.253 - - [18/Sep/2023:06:38:03 -0500] "POST /kwsrmcab/Wsrmcab HTTP/1.1" 200 42846
201.245.192.253 - - [18/Sep/2023:06:38:06 -0500] "POST /kwsrmcab/Wsrmcab HTTP/1.1" 200 39328
216.244.66.195 - - [18/Sep/2023:06:38:12 -0500] "GET /BLA/resoluciones/RESOLUCIONES%202018/2487.pdf HTTP/1.1" 200 315506
186.29.181.180 - - [18/Sep/2023:06:38:41 -0500] "GET /sipse/faces/faces/faces/autenticacion.xhtml HTTP/1.1" 200 12414
186.29.181.180 - - [18/Sep/2023:06:38:41 -0500] "GET /sipse/js/disable_browser_buttons.js HTTP/1.1" 200 3230
186.29.181.180 - - [18/Sep/2023:06:38:41 -0500] "GET /sipse/js/funciones.js HTTP/1.1" 200 12592
186.29.181.180 - - [18/Sep/2023:06:38:41 -0500] "GET /sipse/css/custom_css_sg.css HTTP/1.1" 200 9694
186.29.181.180 - - [18/Sep/2023:06:38:42 -0500] "GET /sipse/css/custom_css_sg_prime_login.css HTTP/1.1" 200 443
186.29.181.180 - - [18/Sep/2023:06:38:41 -0500] "GET /sipse/faces/javax.faces.resource/layout/layout.css?ln=primefaces&v=4.0 HTTP/1.1" 200 542
186.29.181.180 - - [18/Sep/2023:06:38:42 -0500] "GET /sipse/faces/javax.faces.resource/jquery/jquery.js?ln=primefaces&v=4.0 HTTP/1.1" 200 105384
186.29.181.180 - - [18/Sep/2023:06:38:41 -0500] "GET /sipse/faces/javax.faces.resource/primefaces.css?ln=primefaces&v=4.0 HTTP/1.1" 200 53295
186.29.181.180 - - [18/Sep/2023:06:38:42 -0500] "GET /sipse/faces/javax.faces.resource/layout/layout.js?ln=primefaces&v=4.0 HTTP/1.1" 200 87560
186.29.181.180 - - [18/Sep/2023:06:38:41 -0500] "GET /sipse/faces/javax.faces.resource/theme.css?ln=primefaces-sipse HTTP/1.1" 200 50058
186.29.181.180 - - [18/Sep/2023:06:38:42 -0500] "GET /sipse/faces/javax.faces.resource/jquery/jquery-plugins.js?ln=primefaces&v=4.0 HTTP/1.1" 200 220526
186.29.181.180 - - [18/Sep/2023:06:38:42 -0500] "GET /sipse/faces/javax.faces.resource/primefaces.js?ln=primefaces&v=4.0 HTTP/1.1" 200 276924
186.29.181.180 - - [18/Sep/2023:06:38:42 -0500] "GET /sipse/faces/javax.faces.resource/images/ui-icons_898989_256x240.png?ln=primefaces-aristo HTTP/1.1" 200 5355
186.29.181.180 - - [18/Sep/2023:06:38:42 -0500] "GET /sipse/css/imagen/logoSDG.png HTTP/1.1" 200 53064
186.29.181.180 - - [18/Sep/2023:06:38:42 -0500] "GET /sipse/css/imagen/loginimg.png HTTP/1.1" 200 71635
186.29.181.180 - - [18/Sep/2023:06:38:42 -0500] "GET /sipse/faces/faces/faces/index.xhtml HTTP/1.1" 200 677
186.29.181.180 - - [18/Sep/2023:06:38:42 -0500] "GET /sipse/faces/javax.faces.resource/theme.css?ln=primefaces-sipse HTTP/1.1" 304 -
186.29.181.180 - - [18/Sep/2023:06:38:42 -0500] "GET /sipse/faces/faces/faces/faces/autenticacion.xhtml HTTP/1.1" 200 12414
186.29.181.180 - - [18/Sep/2023:06:38:42 -0500] "GET /sipse/faces/javax.faces.resource/theme.css?ln=primefaces-sipse HTTP/1.1" 304 -
186.29.181.180 - - [18/Sep/2023:06:38:42 -0500] "GET /sipse/faces/javax.faces.resource/primefaces.css?ln=primefaces&v=4.0 HTTP/1.1" 304 -
186.29.181.180 - - [18/Sep/2023:06:38:42 -0500] "GET /sipse/faces/javax.faces.resource/layout/layout.css?ln=primefaces&v=4.0 HTTP/1.1" 304 -
186.29.181.180 - - [18/Sep/2023:06:38:42 -0500] "GET /sipse/faces/javax.faces.resource/primefaces.js?ln=primefaces&v=4.0 HTTP/1.1" 304 -
186.29.181.180 - - [18/Sep/2023:06:38:42 -0500] "GET /sipse/faces/javax.faces.resource/jquery/jquery.js?ln=primefaces&v=4.0 HTTP/1.1" 304 -
186.29.181.180 - - [18/Sep/2023:06:38:42 -0500] "GET /sipse/faces/javax.faces.resource/jquery/jquery-plugins.js?ln=primefaces&v=4.0 HTTP/1.1" 304 -
186.29.181.180 - - [18/Sep/2023:06:38:42 -0500] "GET /sipse/faces/javax.faces.resource/layout/layout.js?ln=primefaces&v=4.0 HTTP/1.1" 304 -
186.29.181.180 - - [18/Sep/2023:06:38:47 -0500] "POST /sipse/faces/autenticacion.xhtml HTTP/1.1" 200 2221
186.29.181.180 - - [18/Sep/2023:06:38:48 -0500] "GET /sipse/faces/javax.faces.resource/messages/messages.png?ln=primefaces&v=4.0 HTTP/1.1" 200 27209
186.29.181.180 - - [18/Sep/2023:06:38:49 -0500] "GET /sipse/faces/javax.faces.resource/images/ui-icons_898989_256x240.png?ln=primefaces-aristo HTTP/1.1" 304 -
186.29.181.180 - - [18/Sep/2023:06:38:49 -0500] "POST /sipse/faces/autenticacion.xhtml HTTP/1.1" 200 16397
186.29.181.180 - - [18/Sep/2023:06:38:49 -0500] "GET /sipse/css/custom_css_sg_prime.css HTTP/1.1" 200 5201
186.29.181.180 - - [18/Sep/2023:06:38:49 -0500] "GET /sipse/faces/javax.faces.resource/theme.css?ln=primefaces-sipse HTTP/1.1" 304 -
186.29.181.180 - - [18/Sep/2023:06:38:49 -0500] "GET /sipse/faces/javax.faces.resource/primefaces.css?ln=primefaces&v=4.0 HTTP/1.1" 304 -
186.29.181.180 - - [18/Sep/2023:06:38:49 -0500] "GET /sipse/faces/javax.faces.resource/layout/layout.css?ln=primefaces&v=4.0 HTTP/1.1" 304 -
186.29.181.180 - - [18/Sep/2023:06:38:49 -0500] "GET /sipse/js/jquery.min.js HTTP/1.1" 200 85582
186.29.181.180 - - [18/Sep/2023:06:38:49 -0500] "GET /sipse/faces/javax.faces.resource/jquery/jquery.js?ln=primefaces&v=4.0 HTTP/1.1" 304 -
186.29.181.180 - - [18/Sep/2023:06:38:49 -0500] "GET /sipse/faces/javax.faces.resource/jquery/jquery-plugins.js?ln=primefaces&v=4.0 HTTP/1.1" 304 -
186.29.181.180 - - [18/Sep/2023:06:38:49 -0500] "GET /sipse/faces/javax.faces.resource/primefaces.js?ln=primefaces&v=4.0 HTTP/1.1" 304 -
186.29.181.180 - - [18/Sep/2023:06:38:49 -0500] "GET /sipse/faces/javax.faces.resource/layout/layout.js?ln=primefaces&v=4.0 HTTP/1.1" 304 -
186.29.181.180 - - [18/Sep/2023:06:38:49 -0500] "GET /sipse/css/v_mergente.css HTTP/1.1" 200 1505
186.29.181.180 - - [18/Sep/2023:06:38:49 -0500] "GET /sipse/css/imagen/contrasena.png HTTP/1.1" 404 383
186.29.181.180 - - [18/Sep/2023:06:38:49 -0500] "GET /sipse/imagenes/cargando.gif HTTP/1.1" 200 36959
186.29.181.180 - - [18/Sep/2023:06:38:49 -0500] "GET /sipse/imagenes/logoAplicacion.jpg HTTP/1.1" 200 155084
216.244.66.195 - - [18/Sep/2023:06:38:50 -0500] "GET /BLA/resoluciones/RESOLUCIONES%202018/3219.pdf HTTP/1.1" 200 276036
186.29.181.180 - - [18/Sep/2023:06:38:51 -0500] "GET /sipse/faces/javax.faces.resource/images/ui-bg_flat_0_2d5972_40x100.png?ln=primefaces-aristo HTTP/1.1" 304 -
186.29.181.180 - - [18/Sep/2023:06:38:51 -0500] "POST /sipse/faces/bienvenido.xhtml HTTP/1.1" 200 2658
186.29.181.180 - - [18/Sep/2023:06:38:52 -0500] "POST /sipse/faces/bienvenido.xhtml HTTP/1.1" 200 62911
186.29.181.180 - - [18/Sep/2023:06:38:53 -0500] "GET /sipse/faces/javax.faces.resource/primefaces.css?ln=primefaces&v=4.0 HTTP/1.1" 304 -
186.29.181.180 - - [18/Sep/2023:06:38:53 -0500] "GET /sipse/faces/javax.faces.resource/theme.css?ln=primefaces-sipse HTTP/1.1" 304 -
186.29.181.180 - - [18/Sep/2023:06:38:53 -0500] "GET /sipse/faces/javax.faces.resource/layout/layout.css?ln=primefaces&v=4.0 HTTP/1.1" 304 -
186.29.181.180 - - [18/Sep/2023:06:38:53 -0500] "GET /sipse/faces/javax.faces.resource/jquery/jquery.js?ln=primefaces&v=4.0 HTTP/1.1" 304 -
186.29.181.180 - - [18/Sep/2023:06:38:53 -0500] "GET /sipse/faces/javax.faces.resource/jquery/jquery-plugins.js?ln=primefaces&v=4.0 HTTP/1.1" 304 -
186.29.181.180 - - [18/Sep/2023:06:38:53 -0500] "GET /sipse/faces/javax.faces.resource/primefaces.js?ln=primefaces&v=4.0 HTTP/1.1" 304 -
186.29.181.180 - - [18/Sep/2023:06:38:53 -0500] "GET /sipse/faces/javax.faces.resource/layout/layout.js?ln=primefaces&v=4.0 HTTP/1.1" 304 -
186.29.181.180 - - [18/Sep/2023:06:38:53 -0500] "POST /sipse/faces/presentacion/financiero/solicitudProceso/listarSolicitudProceso.xhtml HTTP/1.1" 200 1552
186.29.181.180 - - [18/Sep/2023:06:38:57 -0500] "POST /sipse/faces/presentacion/financiero/solicitudProceso/listarSolicitudProceso.xhtml HTTP/1.1" 200 59097
186.29.181.180 - - [18/Sep/2023:06:38:57 -0500] "GET /sipse/faces/javax.faces.resource/theme.css?ln=primefaces-sipse HTTP/1.1" 304 -
186.29.181.180 - - [18/Sep/2023:06:38:57 -0500] "GET /sipse/faces/javax.faces.resource/primefaces.css?ln=primefaces&v=4.0 HTTP/1.1" 304 -
186.29.181.180 - - [18/Sep/2023:06:38:57 -0500] "GET /sipse/faces/javax.faces.resource/layout/layout.css?ln=primefaces&v=4.0 HTTP/1.1" 304 -
186.29.181.180 - - [18/Sep/2023:06:38:57 -0500] "GET /sipse/faces/javax.faces.resource/jquery/jquery.js?ln=primefaces&v=4.0 HTTP/1.1" 304 -
186.29.181.180 - - [18/Sep/2023:06:38:57 -0500] "GET /sipse/faces/javax.faces.resource/jquery/jquery-plugins.js?ln=primefaces&v=4.0 HTTP/1.1" 304 -
186.29.181.180 - - [18/Sep/2023:06:38:57 -0500] "GET /sipse/faces/javax.faces.resource/primefaces.js?ln=primefaces&v=4.0 HTTP/1.1" 304 -
186.29.181.180 - - [18/Sep/2023:06:38:57 -0500] "GET /sipse/faces/javax.faces.resource/layout/layout.js?ln=primefaces&v=4.0 HTTP/1.1" 304 -
186.29.181.180 - - [18/Sep/2023:06:39:04 -0500] "POST /sipse/faces/presentacion/financiero/solicitudProceso/crearModificarSolicitudProceso.xhtml HTTP/1.1" 200 51769
186.29.181.180 - - [18/Sep/2023:06:39:12 -0500] "POST /sipse/faces/presentacion/financiero/solicitudProceso/crearModificarSolicitudProceso.xhtml HTTP/1.1" 200 25130
216.244.66.195 - - [18/Sep/2023:06:39:26 -0500] "GET /BLA/resoluciones/RESOLUCIONES%202018/3537.pdf HTTP/1.1" 200 274010
186.29.181.180 - - [18/Sep/2023:06:39:55 -0500] "POST /sipse/faces/presentacion/financiero/solicitudProceso/crearModificarSolicitudProceso.xhtml HTTP/1.1" 200 6287
186.29.181.180 - - [18/Sep/2023:06:40:03 -0500] "POST /sipse/faces/presentacion/financiero/solicitudProceso/crearModificarSolicitudProceso.xhtml HTTP/1.1" 200 9528
216.244.66.195 - - [18/Sep/2023:06:40:08 -0500] "GET /BLA/resoluciones/RESOLUCIONES%202018/4019.pdf HTTP/1.1" 200 621258
186.29.181.180 - - [18/Sep/2023:06:40:26 -0500] "POST /sipse/faces/presentacion/financiero/solicitudProceso/crearModificarSolicitudProceso.xhtml HTTP/1.1" 200 7334
216.245.221.92 - - [18/Sep/2023:06:42:12 -0500] "HEAD / HTTP/1.1" 200 -
172.22.2.4 - - [18/Sep/2023:06:40:34 -0500] "HEAD /BLA/boletinlegal/ HTTP/1.1" 200 -
186.29.181.180 - - [18/Sep/2023:06:42:19 -0500] "POST /sipse/faces/presentacion/financiero/solicitudProceso/crearModificarSolicitudProceso.xhtml HTTP/1.1" 200 24609
186.29.181.180 - - [18/Sep/2023:06:42:20 -0500] "GET /sipse/faces/javax.faces.resource/jquery/jquery.js?ln=primefaces&v=4.0 HTTP/1.1" 304 -
186.29.181.180 - - [18/Sep/2023:06:42:20 -0500] "GET /sipse/faces/javax.faces.resource/theme.css?ln=primefaces-sipse HTTP/1.1" 304 -
186.29.181.180 - - [18/Sep/2023:06:42:20 -0500] "GET /sipse/faces/javax.faces.resource/primefaces.css?ln=primefaces&v=4.0 HTTP/1.1" 304 -
186.29.181.180 - - [18/Sep/2023:06:42:20 -0500] "GET /sipse/faces/javax.faces.resource/layout/layout.css?ln=primefaces&v=4.0 HTTP/1.1" 304 -
186.29.181.180 - - [18/Sep/2023:06:42:20 -0500] "GET /sipse/faces/javax.faces.resource/jquery/jquery-plugins.js?ln=primefaces&v=4.0 HTTP/1.1" 304 -
186.29.181.180 - - [18/Sep/2023:06:42:20 -0500] "GET /sipse/faces/javax.faces.resource/primefaces.js?ln=primefaces&v=4.0 HTTP/1.1" 304 -
186.29.181.180 - - [18/Sep/2023:06:42:20 -0500] "GET /sipse/faces/javax.faces.resource/layout/layout.js?ln=primefaces&v=4.0 HTTP/1.1" 304 -
201.245.192.253 - - [18/Sep/2023:06:42:18 -0500] "POST /kwsrmcab/Wsrmcab  HTTP/1.1" 200 39454
66.249.66.192 - - [18/Sep/2023:06:42:25 -0500] "GET /mujeres-que-reverdecen-secretaria-de-ambiente-anuncia-el-inicio-de-la-tercera-fase.html HTTP/1.1" 200 954
186.29.181.180 - - [18/Sep/2023:06:42:28 -0500] "POST /sipse/faces/presentacion/financiero/solicitudProyectoActividad/asociarProyectoSolicitud.xhtml HTTP/1.1" 200 6559
216.244.66.195 - - [18/Sep/2023:06:42:30 -0500] "GET /BLA/resoluciones/AUTOS%202011/2908.pdf HTTP/1.1" 200 2517701
186.29.181.180 - - [18/Sep/2023:06:42:31 -0500] "POST /sipse/faces/presentacion/financiero/solicitudProyectoActividad/asociarProyectoSolicitud.xhtml HTTP/1.1" 200 1696
186.29.181.180 - - [18/Sep/2023:06:42:32 -0500] "POST /sipse/faces/presentacion/financiero/solicitudProyectoActividad/asociarProyectoSolicitud.xhtml HTTP/1.1" 200 36785
186.29.181.180 - - [18/Sep/2023:06:42:32 -0500] "GET /sipse/faces/javax.faces.resource/theme.css?ln=primefaces-sipse HTTP/1.1" 304 -
186.29.181.180 - - [18/Sep/2023:06:42:32 -0500] "GET /sipse/faces/javax.faces.resource/primefaces.css?ln=primefaces&v=4.0 HTTP/1.1" 304 -
186.29.181.180 - - [18/Sep/2023:06:42:32 -0500] "GET /sipse/faces/javax.faces.resource/layout/layout.css?ln=primefaces&v=4.0 HTTP/1.1" 304 -
186.29.181.180 - - [18/Sep/2023:06:42:32 -0500] "GET /sipse/faces/javax.faces.resource/jquery/jquery.js?ln=primefaces&v=4.0 HTTP/1.1" 304 -
186.29.181.180 - - [18/Sep/2023:06:42:32 -0500] "GET /sipse/faces/javax.faces.resource/jquery/jquery-plugins.js?ln=primefaces&v=4.0 HTTP/1.1" 304 -
186.29.181.180 - - [18/Sep/2023:06:42:32 -0500] "GET /sipse/faces/javax.faces.resource/primefaces.js?ln=primefaces&v=4.0 HTTP/1.1" 304 -
186.29.181.180 - - [18/Sep/2023:06:42:32 -0500] "GET /sipse/faces/javax.faces.resource/layout/layout.js?ln=primefaces&v=4.0 HTTP/1.1" 304 -
172.22.2.4 - - [18/Sep/2023:06:41:24 -0500] "GET /BLA/boletinlegal/ HTTP/1.1" 200 57790
216.244.66.195 - - [18/Sep/2023:06:43:19 -0500] "GET /BLA/resoluciones/AUTOS%202014/2001.pdf HTTP/1.1" 200 860137
186.29.181.180 - - [18/Sep/2023:06:43:22 -0500] "GET /sipse/faces/javax.faces.resource/images/ui-icons_898989_256x240.png?ln=primefaces-aristo HTTP/1.1" 304 -
186.29.181.180 - - [18/Sep/2023:06:43:23 -0500] "POST /sipse/faces/presentacion/financiero/solicitudProyectoActividad/asociarActividadSolicitud.xhtml HTTP/1.1" 200 20019
186.29.181.180 - - [18/Sep/2023:06:43:23 -0500] "GET /sipse/faces/javax.faces.resource/theme.css?ln=primefaces-sipse HTTP/1.1" 304 -
186.29.181.180 - - [18/Sep/2023:06:43:23 -0500] "GET /sipse/faces/javax.faces.resource/primefaces.css?ln=primefaces&v=4.0 HTTP/1.1" 304 -
186.29.181.180 - - [18/Sep/2023:06:43:23 -0500] "GET /sipse/faces/javax.faces.resource/layout/layout.css?ln=primefaces&v=4.0 HTTP/1.1" 304 -
186.29.181.180 - - [18/Sep/2023:06:43:23 -0500] "GET /sipse/faces/javax.faces.resource/jquery/jquery.js?ln=primefaces&v=4.0 HTTP/1.1" 304 -
186.29.181.180 - - [18/Sep/2023:06:43:23 -0500] "GET /sipse/faces/javax.faces.resource/jquery/jquery-plugins.js?ln=primefaces&v=4.0 HTTP/1.1" 304 -
186.29.181.180 - - [18/Sep/2023:06:43:23 -0500] "GET /sipse/faces/javax.faces.resource/primefaces.js?ln=primefaces&v=4.0 HTTP/1.1" 304 -
186.29.181.180 - - [18/Sep/2023:06:43:23 -0500] "GET /sipse/faces/javax.faces.resource/layout/layout.js?ln=primefaces&v=4.0 HTTP/1.1" 304 -
186.29.181.180 - - [18/Sep/2023:06:43:46 -0500] "POST /sipse/faces/presentacion/financiero/solicitudProyectoActividad/asociarFuentesSolicitud.xhtml HTTP/1.1" 200 82364
186.29.181.180 - - [18/Sep/2023:06:43:47 -0500] "GET /sipse/faces/javax.faces.resource/theme.css?ln=primefaces-sipse HTTP/1.1" 304 -
186.29.181.180 - - [18/Sep/2023:06:43:47 -0500] "GET /sipse/faces/javax.faces.resource/primefaces.css?ln=primefaces&v=4.0 HTTP/1.1" 304 -
186.29.181.180 - - [18/Sep/2023:06:43:47 -0500] "GET /sipse/faces/javax.faces.resource/layout/layout.css?ln=primefaces&v=4.0 HTTP/1.1" 304 -
186.29.181.180 - - [18/Sep/2023:06:43:47 -0500] "GET /sipse/faces/javax.faces.resource/jquery/jquery.js?ln=primefaces&v=4.0 HTTP/1.1" 304 -
186.29.181.180 - - [18/Sep/2023:06:43:47 -0500] "GET /sipse/faces/javax.faces.resource/jquery/jquery-plugins.js?ln=primefaces&v=4.0 HTTP/1.1" 304 -
186.29.181.180 - - [18/Sep/2023:06:43:47 -0500] "GET /sipse/faces/javax.faces.resource/primefaces.js?ln=primefaces&v=4.0 HTTP/1.1" 304 -
186.29.181.180 - - [18/Sep/2023:06:43:47 -0500] "GET /sipse/faces/javax.faces.resource/layout/layout.js?ln=primefaces&v=4.0 HTTP/1.1" 304 -
216.244.66.195 - - [18/Sep/2023:06:43:53 -0500] "GET /BLA/resoluciones/AUTOS%202015/1739.pdf HTTP/1.1" 200 327161
186.29.181.180 - - [18/Sep/2023:06:43:54 -0500] "POST /sipse/faces/presentacion/financiero/solicitudProceso/crearModificarSolicitudProceso.xhtml HTTP/1.1" 200 45538
186.29.181.180 - - [18/Sep/2023:06:43:59 -0500] "GET /sipse/faces/javax.faces.resource/theme.css?ln=primefaces-sipse HTTP/1.1" 304 -
186.29.181.180 - - [18/Sep/2023:06:43:59 -0500] "GET /sipse/faces/javax.faces.resource/primefaces.css?ln=primefaces&v=4.0 HTTP/1.1" 304 -
186.29.181.180 - - [18/Sep/2023:06:43:59 -0500] "GET /sipse/faces/javax.faces.resource/layout/layout.css?ln=primefaces&v=4.0 HTTP/1.1" 304 -
186.29.181.180 - - [18/Sep/2023:06:43:59 -0500] "GET /sipse/faces/javax.faces.resource/jquery/jquery.js?ln=primefaces&v=4.0 HTTP/1.1" 304 -
186.29.181.180 - - [18/Sep/2023:06:43:59 -0500] "GET /sipse/faces/javax.faces.resource/jquery/jquery-plugins.js?ln=primefaces&v=4.0 HTTP/1.1" 304 -
186.29.181.180 - - [18/Sep/2023:06:43:59 -0500] "GET /sipse/faces/javax.faces.resource/layout/layout.js?ln=primefaces&v=4.0 HTTP/1.1" 304 -
186.29.181.180 - - [18/Sep/2023:06:43:59 -0500] "GET /sipse/faces/javax.faces.resource/primefaces.js?ln=primefaces&v=4.0 HTTP/1.1" 304 -
186.29.181.180 - - [18/Sep/2023:06:44:07 -0500] "POST /sipse/faces/presentacion/financiero/solicitudBienServicio/asociarBienServicioSolicitud.xhtml HTTP/1.1" 200 29290
216.244.66.195 - - [18/Sep/2023:06:44:22 -0500] "GET /BLA/resoluciones/AUTOS%202017/0161.pdf HTTP/1.1" 200 343376
186.29.181.180 - - [18/Sep/2023:06:44:36 -0500] "POST /sipse/faces/presentacion/financiero/solicitudBienServicio/asociarBienServicioSolicitud.xhtml HTTP/1.1" 200 78152
186.29.181.180 - - [18/Sep/2023:06:44:36 -0500] "GET /sipse/faces/javax.faces.resource/theme.css?ln=primefaces-sipse HTTP/1.1" 304 -
186.29.181.180 - - [18/Sep/2023:06:44:36 -0500] "GET /sipse/faces/javax.faces.resource/primefaces.css?ln=primefaces&v=4.0 HTTP/1.1" 304 -
186.29.181.180 - - [18/Sep/2023:06:44:36 -0500] "GET /sipse/faces/javax.faces.resource/layout/layout.css?ln=primefaces&v=4.0 HTTP/1.1" 304 -
186.29.181.180 - - [18/Sep/2023:06:44:36 -0500] "GET /sipse/faces/javax.faces.resource/jquery/jquery.js?ln=primefaces&v=4.0 HTTP/1.1" 304 -
186.29.181.180 - - [18/Sep/2023:06:44:36 -0500] "GET /sipse/faces/javax.faces.resource/jquery/jquery-plugins.js?ln=primefaces&v=4.0 HTTP/1.1" 304 -
186.29.181.180 - - [18/Sep/2023:06:44:36 -0500] "GET /sipse/faces/javax.faces.resource/primefaces.js?ln=primefaces&v=4.0 HTTP/1.1" 304 -
186.29.181.180 - - [18/Sep/2023:06:44:36 -0500] "GET /sipse/faces/javax.faces.resource/layout/layout.js?ln=primefaces&v=4.0 HTTP/1.1" 304 -
186.29.181.180 - - [18/Sep/2023:06:44:47 -0500] "POST /sipse/faces/presentacion/financiero/solicitudProceso/crearModificarSolicitudProceso.xhtml HTTP/1.1" 200 21163
186.29.181.180 - - [18/Sep/2023:06:44:47 -0500] "GET /sipse/faces/javax.faces.resource/fileupload/fileupload.css?ln=primefaces&v=4.0 HTTP/1.1" 200 1330
186.29.181.180 - - [18/Sep/2023:06:44:47 -0500] "GET /sipse/faces/javax.faces.resource/theme.css?ln=primefaces-sipse HTTP/1.1" 304 -
186.29.181.180 - - [18/Sep/2023:06:44:47 -0500] "GET /sipse/faces/javax.faces.resource/primefaces.css?ln=primefaces&v=4.0 HTTP/1.1" 304 -
186.29.181.180 - - [18/Sep/2023:06:44:47 -0500] "GET /sipse/faces/javax.faces.resource/jquery/jquery.js?ln=primefaces&v=4.0 HTTP/1.1" 304 -
186.29.181.180 - - [18/Sep/2023:06:44:47 -0500] "GET /sipse/faces/javax.faces.resource/layout/layout.css?ln=primefaces&v=4.0 HTTP/1.1" 304 -
186.29.181.180 - - [18/Sep/2023:06:44:47 -0500] "GET /sipse/faces/javax.faces.resource/fileupload/fileupload.js?ln=primefaces&v=4.0 HTTP/1.1" 200 28091
186.29.181.180 - - [18/Sep/2023:06:44:47 -0500] "GET /sipse/faces/javax.faces.resource/jquery/jquery-plugins.js?ln=primefaces&v=4.0 HTTP/1.1" 304 -
186.29.181.180 - - [18/Sep/2023:06:44:47 -0500] "GET /sipse/faces/javax.faces.resource/primefaces.js?ln=primefaces&v=4.0 HTTP/1.1" 304 -
186.29.181.180 - - [18/Sep/2023:06:44:47 -0500] "GET /sipse/faces/javax.faces.resource/layout/layout.js?ln=primefaces&v=4.0 HTTP/1.1" 304 -
216.244.66.195 - - [18/Sep/2023:06:44:50 -0500] "GET /BLA/resoluciones/AUTOS%202017/0728.pdf HTTP/1.1" 200 322486
186.29.181.180 - - [18/Sep/2023:06:45:05 -0500] "POST /sipse/faces/presentacion/sistema/anexos/cargarAnexoSolicitudProceso.xhtml HTTP/1.1" 200 84143
186.29.181.180 - - [18/Sep/2023:06:45:05 -0500] "GET /sipse/faces/javax.faces.resource/theme.css?ln=primefaces-sipse HTTP/1.1" 304 -
186.29.181.180 - - [18/Sep/2023:06:45:05 -0500] "GET /sipse/faces/javax.faces.resource/primefaces.css?ln=primefaces&v=4.0 HTTP/1.1" 304 -
