201.245.192.253 - - [18/Sep/2023:14:31:20 -0500] "GET /sipsesda/imagenes/cargando.gif HTTP/1.1" 200 1287
201.245.192.253 - - [18/Sep/2023:14:31:20 -0500] "POST /sipsesda/faces/vista/sistema/cargarMenu.jspx HTTP/1.1" 200 37108
190.159.184.39 - - [18/Sep/2023:14:31:24 -0500] "GET /BLA/resoluciones/ HTTP/1.1" 200 13696
201.245.192.253 - - [18/Sep/2023:14:31:25 -0500] "POST /sipsesda/faces/vista/administracion/funcionario/listadoFuncionario.jspx HTTP/1.1" 200 37547
216.244.66.195 - - [18/Sep/2023:14:31:25 -0500] "GET /BLA/resoluciones/AUTOS%202022/5100.pdf HTTP/1.1" 200 416193
201.245.192.253 - - [18/Sep/2023:14:31:26 -0500] "POST /sipsesda/faces/vista/administracion/funcionario/listadoFuncionario.jspx HTTP/1.1" 200 18708
201.245.192.253 - - [18/Sep/2023:14:31:27 -0500] "GET /sipsesda/adf/jsLibs/resources/LocaleElements_es_CO10_1_3_4_0.js HTTP/1.1" 200 824
172.22.2.4 - - [18/Sep/2023:14:31:31 -0500] "GET /BLA/boletinlegal/actos.php HTTP/1.1" 200 9682
172.22.2.4 - - [18/Sep/2023:14:31:31 -0500] "GET /BLA/boletinlegal/styles2.css HTTP/1.1" 200 1838
172.22.2.4 - - [18/Sep/2023:14:31:31 -0500] "GET /BLA/boletinlegal/js/ajax_actos.js HTTP/1.1" 200 1322
172.22.2.4 - - [18/Sep/2023:14:31:31 -0500] "GET /BLA/boletinlegal/style.css HTTP/1.1" 200 9406
172.22.2.4 - - [18/Sep/2023:14:31:31 -0500] "GET /BLA/boletinlegal/niceforms-default.css HTTP/1.1" 200 6694
172.22.2.4 - - [18/Sep/2023:14:31:31 -0500] "GET /BLA/boletinlegal/niceforms.js HTTP/1.1" 200 22876
172.22.2.4 - - [18/Sep/2023:14:31:31 -0500] "GET /BLA/boletinlegal/js/lib.js HTTP/1.1" 200 6474
172.22.2.4 - - [18/Sep/2023:14:31:31 -0500] "GET /BLA/boletinlegal/js/popup.js HTTP/1.1" 200 1270
172.22.2.4 - - [18/Sep/2023:14:31:32 -0500] "GET /BLA/boletinlegal/js/jquery1.js HTTP/1.1" 200 29846
172.22.2.4 - - [18/Sep/2023:14:31:31 -0500] "GET /BLA/boletinlegal/images/cabezote%20BLEGAL.jpg HTTP/1.1" 200 118164
172.22.2.4 - - [18/Sep/2023:14:31:32 -0500] "GET /BLA/boletinlegal/images/subscribe-icon-big.png HTTP/1.1" 200 47702
172.22.2.4 - - [18/Sep/2023:14:31:32 -0500] "GET /BLA/boletinlegal/images/historia.png HTTP/1.1" 200 52775
172.22.2.4 - - [18/Sep/2023:14:31:32 -0500] "GET /BLA/boletinlegal/images/green-yellow-blue-pink-th.png HTTP/1.1" 200 7394
172.22.2.4 - - [18/Sep/2023:14:31:32 -0500] "GET /BLA/boletinlegal/images/registro-usuarios.png HTTP/1.1" 200 8106
172.22.2.4 - - [18/Sep/2023:14:31:32 -0500] "GET /BLA/boletinlegal/images/tel.png HTTP/1.1" 200 14477
172.22.2.4 - - [18/Sep/2023:14:31:32 -0500] "GET /BLA/boletinlegal/images/icono-email.png HTTP/1.1" 200 5544
172.22.2.4 - - [18/Sep/2023:14:31:32 -0500] "GET /BLA/boletinlegal/images/body_bg.jpg HTTP/1.1" 200 1601
172.22.2.4 - - [18/Sep/2023:14:31:32 -0500] "GET /BLA/boletinlegal/images/menu_lft.gif HTTP/1.1" 200 1713
172.22.2.4 - - [18/Sep/2023:14:31:32 -0500] "GET /BLA/boletinlegal/images/menu_rght.gif HTTP/1.1" 200 1627
172.22.2.4 - - [18/Sep/2023:14:31:32 -0500] "GET /BLA/boletinlegal/images/bg_top.jpg HTTP/1.1" 200 522
172.22.2.4 - - [18/Sep/2023:14:31:32 -0500] "GET /BLA/boletinlegal/images/menu_bg.jpg HTTP/1.1" 200 620
172.22.2.4 - - [18/Sep/2023:14:31:32 -0500] "GET /BLA/boletinlegal/images/footer_bg.jpg HTTP/1.1" 200 586
172.22.2.4 - - [18/Sep/2023:14:31:32 -0500] "GET /BLA/boletinlegal/images/text.jpg HTTP/1.1" 200 568
172.22.2.4 - - [18/Sep/2023:14:31:32 -0500] "GET /BLA/boletinlegal/images/footer_bg_l.jpg HTTP/1.1" 200 776
172.22.2.4 - - [18/Sep/2023:14:31:32 -0500] "GET /BLA/boletinlegal/images/hover.jpg HTTP/1.1" 200 640
172.22.2.4 - - [18/Sep/2023:14:31:32 -0500] "GET /BLA/boletinlegal/img/select-left.png HTTP/1.1" 200 263
172.22.2.4 - - [18/Sep/2023:14:31:32 -0500] "GET /BLA/boletinlegal/img/0.png HTTP/1.1" 200 110
172.22.2.4 - - [18/Sep/2023:14:31:32 -0500] "GET /BLA/boletinlegal/img/button-left.png HTTP/1.1" 200 57071
172.22.2.4 - - [18/Sep/2023:14:31:32 -0500] "GET /BLA/boletinlegal/img/select-right.png HTTP/1.1" 200 44019
172.22.2.4 - - [18/Sep/2023:14:31:32 -0500] "GET /BLA/boletinlegal/img/button.png HTTP/1.1" 200 43241
172.22.2.4 - - [18/Sep/2023:14:31:32 -0500] "GET /BLA/boletinlegal/img/button-right.png HTTP/1.1" 200 57878
172.22.2.4 - - [18/Sep/2023:14:31:32 -0500] "GET /BLA/boletinlegal/favicon.ico HTTP/1.1" 404 1326
201.245.192.253 - - [18/Sep/2023:14:31:34 -0500] "POST /forms/lservlet;jsessionid=ac16012b30d6eecd89e522c04ad5b6bccf6336cea088.e3iSbxaKaheRe34Pbx8Nc3aQci1ynknvrkLOlQzNp65In0 HTTP/1.1" 200 2
190.159.184.39 - - [18/Sep/2023:14:31:35 -0500] "GET /BLA/resoluciones/index.php?dir=RESOLUCIONES+2016%2F HTTP/1.1" 200 172156
190.159.184.39 - - [18/Sep/2023:14:31:36 -0500] "GET /BLA/resoluciones/dlf/unknown.png HTTP/1.1" 200 266
201.245.192.253 - - [18/Sep/2023:14:31:40 -0500] "POST /forms/lservlet;jsessionid=ac16012b30d60f1d8a7b81bb4baeb8b0ce5fe507e2af.e3iSbxaKaheRe34Pbx8Nc3aQci1ynknvrkLOlQzNp65In0 HTTP/1.1" 200 2
216.244.66.195 - - [18/Sep/2023:14:31:56 -0500] "GET /BLA/resoluciones/AUTOS%202022/5417.pdf HTTP/1.1" 200 375771
216.245.221.92 - - [18/Sep/2023:14:32:11 -0500] "HEAD / HTTP/1.1" 200 -
216.244.66.195 - - [18/Sep/2023:14:32:26 -0500] "GET /BLA/resoluciones/AUTOS%202022/5520.pdf HTTP/1.1" 200 426213
216.244.66.195 - - [18/Sep/2023:14:32:56 -0500] "GET /BLA/resoluciones/AUTOS%202023/0304.pdf HTTP/1.1" 200 381043
216.244.66.195 - - [18/Sep/2023:14:33:28 -0500] "GET /BLA/resoluciones/AUTOS%202023/0703.pdf HTTP/1.1" 200 772327
201.245.192.253 - - [18/Sep/2023:14:33:34 -0500] "POST /forms/lservlet;jsessionid=ac16012b30d6eecd89e522c04ad5b6bccf6336cea088.e3iSbxaKaheRe34Pbx8Nc3aQci1ynknvrkLOlQzNp65In0 HTTP/1.1" 200 2
201.245.192.253 - - [18/Sep/2023:14:33:40 -0500] "POST /forms/lservlet;jsessionid=ac16012b30d60f1d8a7b81bb4baeb8b0ce5fe507e2af.e3iSbxaKaheRe34Pbx8Nc3aQci1ynknvrkLOlQzNp65In0 HTTP/1.1" 200 2
216.244.66.195 - - [18/Sep/2023:14:33:54 -0500] "GET /BLA/resoluciones/AUTOS%202023/0704.pdf HTTP/1.1" 200 366193
69.171.249.6 - - [18/Sep/2023:14:33:57 -0500] "GET /images/pieza-voluntariado-ambiental.jpeg HTTP/1.1" 200 51125
74.249.245.24 - - [18/Sep/2023:14:34:07 -0500] "GET /wp-content/themes/seotheme/db.php?u HTTP/1.1" 404 1134
74.249.245.24 - - [18/Sep/2023:14:34:07 -0500] "GET / HTTP/1.1" 200 319
74.249.245.24 - - [18/Sep/2023:14:34:07 -0500] "POST /wp-plain.php HTTP/1.1" 404 1134
74.249.245.24 - - [18/Sep/2023:14:34:07 -0500] "POST /ALFA_DATA/alfacgiapi/perl.alfa HTTP/1.1" 404 1134
74.249.245.24 - - [18/Sep/2023:14:34:07 -0500] "GET /oldlnekw.php?Fox=d3wL7 HTTP/1.1" 404 1134
74.249.245.24 - - [18/Sep/2023:14:34:07 -0500] "POST /alfacgiapi/perl.alfa HTTP/1.1" 404 1134
216.244.66.195 - - [18/Sep/2023:14:34:20 -0500] "GET /BLA/resoluciones/AUTOS%202023/0794.pdf HTTP/1.1" 200 867023
172.22.2.4 - - [18/Sep/2023:14:33:03 -0500] "HEAD /BLA/boletinlegal/ HTTP/1.1" 200 -
216.244.66.195 - - [18/Sep/2023:14:34:45 -0500] "GET /BLA/resoluciones/AUTOS%202023/0815.pdf HTTP/1.1" 200 371404
216.244.66.195 - - [18/Sep/2023:14:35:08 -0500] "GET /BLA/resoluciones/AUTOS%202023/0871.pdf HTTP/1.1" 200 778126
216.244.66.195 - - [18/Sep/2023:14:35:31 -0500] "GET /BLA/resoluciones/AUTOS%202023/0928.pdf HTTP/1.1" 200 1760780
172.22.2.4 - - [18/Sep/2023:14:33:53 -0500] "GET /BLA/boletinlegal/ HTTP/1.1" 200 60342
201.245.192.253 - - [18/Sep/2023:14:35:34 -0500] "POST /forms/lservlet;jsessionid=ac16012b30d6eecd89e522c04ad5b6bccf6336cea088.e3iSbxaKaheRe34Pbx8Nc3aQci1ynknvrkLOlQzNp65In0 HTTP/1.1" 200 2
173.252.83.12 - - [18/Sep/2023:14:35:35 -0500] "GET /images/cr\xc3\xb3nica-29-nov-1_optimized.jpeg HTTP/1.1" 404 1034
201.245.192.253 - - [18/Sep/2023:14:35:36 -0500] "POST /kwsrmcab/Wsrmcab  HTTP/1.1" 200 39305
201.245.192.253 - - [18/Sep/2023:14:35:40 -0500] "POST /forms/lservlet;jsessionid=ac16012b30d60f1d8a7b81bb4baeb8b0ce5fe507e2af.e3iSbxaKaheRe34Pbx8Nc3aQci1ynknvrkLOlQzNp65In0 HTTP/1.1" 200 2
201.245.192.253 - - [18/Sep/2023:14:35:53 -0500] "POST /sipse/faces/presentacion/financiero/solicitudProceso/consultarSolicitudProceso.xhtml HTTP/1.1" 200 1098260
216.244.66.195 - - [18/Sep/2023:14:35:53 -0500] "GET /BLA/resoluciones/AUTOS%202023/0959.pdf HTTP/1.1" 200 3480576
216.244.66.195 - - [18/Sep/2023:14:36:25 -0500] "GET /BLA/resoluciones/AUTOS%202023/0972.zip HTTP/1.1" 200 331782
201.245.192.253 - - [18/Sep/2023:14:36:54 -0500] "POST /appsia/controlador HTTP/1.1" 404 68
216.244.66.195 - - [18/Sep/2023:14:36:56 -0500] "GET /BLA/resoluciones/AUTOS%202023/1301.pdf HTTP/1.1" 200 381558
201.245.192.253 - - [18/Sep/2023:14:37:05 -0500] "GET /appsia/controlador HTTP/1.1" 200 4799
190.159.184.39 - - [18/Sep/2023:14:37:06 -0500] "GET /BLA/resoluciones/index.php?dir=RESOLUCIONES+2017%2F HTTP/1.1" 200 286831
216.245.221.92 - - [18/Sep/2023:14:37:11 -0500] "HEAD / HTTP/1.1" 200 -
201.245.192.253 - - [18/Sep/2023:14:37:25 -0500] "POST /sipse/faces/presentacion/financiero/solicitudProceso/listarSolicitudProceso.xhtml HTTP/1.1" 200 30694
216.244.66.195 - - [18/Sep/2023:14:37:25 -0500] "GET /BLA/resoluciones/AUTOS%202023/1679.pdf HTTP/1.1" 200 417919
201.245.192.253 - - [18/Sep/2023:14:37:27 -0500] "POST /sipse/faces/presentacion/financiero/solicitudProceso/listarSolicitudProceso.xhtml HTTP/1.1" 200 143897
201.245.192.253 - - [18/Sep/2023:14:37:28 -0500] "GET /sipse/faces/javax.faces.resource/jquery/jquery.js?ln=primefaces&v=4.0 HTTP/1.1" 304 -
201.245.192.253 - - [18/Sep/2023:14:37:28 -0500] "GET /sipse/faces/javax.faces.resource/jquery/jquery-plugins.js?ln=primefaces&v=4.0 HTTP/1.1" 304 -
201.245.192.253 - - [18/Sep/2023:14:37:28 -0500] "GET /sipse/faces/javax.faces.resource/primefaces.js?ln=primefaces&v=4.0 HTTP/1.1" 304 -
201.245.192.253 - - [18/Sep/2023:14:37:29 -0500] "GET /sipse/faces/javax.faces.resource/layout/layout.js?ln=primefaces&v=4.0 HTTP/1.1" 304 -
201.245.192.253 - - [18/Sep/2023:14:37:34 -0500] "POST /forms/lservlet;jsessionid=ac16012b30d6eecd89e522c04ad5b6bccf6336cea088.e3iSbxaKaheRe34Pbx8Nc3aQci1ynknvrkLOlQzNp65In0 HTTP/1.1" 200 2
201.245.192.253 - - [18/Sep/2023:14:37:34 -0500] "POST /sipse/faces/presentacion/financiero/solicitudProceso/consultarSolicitudProceso.xhtml HTTP/1.1" 200 79216
201.245.192.253 - - [18/Sep/2023:14:37:34 -0500] "GET /sipse/faces/javax.faces.resource/jquery/jquery.js?ln=primefaces&v=4.0 HTTP/1.1" 304 -
201.245.192.253 - - [18/Sep/2023:14:37:34 -0500] "GET /sipse/faces/javax.faces.resource/jquery/jquery-plugins.js?ln=primefaces&v=4.0 HTTP/1.1" 304 -
201.245.192.253 - - [18/Sep/2023:14:37:35 -0500] "GET /sipse/faces/javax.faces.resource/primefaces.js?ln=primefaces&v=4.0 HTTP/1.1" 304 -
201.245.192.253 - - [18/Sep/2023:14:37:35 -0500] "GET /sipse/faces/javax.faces.resource/layout/layout.js?ln=primefaces&v=4.0 HTTP/1.1" 304 -
201.245.192.253 - - [18/Sep/2023:14:37:40 -0500] "POST /forms/lservlet;jsessionid=ac16012b30d60f1d8a7b81bb4baeb8b0ce5fe507e2af.e3iSbxaKaheRe34Pbx8Nc3aQci1ynknvrkLOlQzNp65In0 HTTP/1.1" 200 2
216.244.66.195 - - [18/Sep/2023:14:37:54 -0500] "GET /BLA/resoluciones/AUTOS%202023/1895.pdf HTTP/1.1" 200 402483
201.245.192.253 - - [18/Sep/2023:14:38:01 -0500] "POST /kwsrmcab/Wsrmcab HTTP/1.1" 200 41106
201.245.192.253 - - [18/Sep/2023:14:38:04 -0500] "POST /kwsrmcab/Wsrmcab HTTP/1.1" 200 39430
216.244.66.195 - - [18/Sep/2023:14:38:21 -0500] "GET /BLA/resoluciones/AUTOS%202023/2369.pdf HTTP/1.1" 200 629245
186.102.15.202 - - [18/Sep/2023:14:38:42 -0500] "GET /kwssiamovil/sm/ldap/au?x=U2FsdGVkX194SvfMKlNwOebrI+vhu923fjUf939ptoFTDR2F1uPXc0fBDjhw9Ecn&y=U2FsdGVkX18P+wmE3knro1lKjgjNPgLhTCc/xf4/oeTwwcZBqO06onJd2ke78Si6 HTTP/1.1" 200 30
186.102.15.202 - - [18/Sep/2023:14:38:43 -0500] "GET /kwssiamovil/sm/acme/s?s=U2FsdGVkX1822W/c1B4VeZ5b8ww4fgGoV+6t4DhOYQF6t77xX3dzE2AEu2slolQ8zLN+za1XE5ap0CN5rOFrDBEdgdbbTHLQkhTh9CXbvGY=&u=U2FsdGVkX19HgOLTor6L+KhM7ONH6wpv2rSTHv6QNAU03sWa7xO9JNawbDRup61H&y=U2FsdGVkX18P+wmE3knro1lKjgjNPgLhTCc/xf4/oeTwwcZBqO06onJd2ke78Si6 HTTP/1.1" 200 97
186.102.15.202 - - [18/Sep/2023:14:38:43 -0500] "GET /kwssiamovil/sm/acme/s?s=U2FsdGVkX1+03J/YF6Es2KhWtzLo60mwbuqN6FdpppV0+PfXhs1c7262pn0UjnZrIcO3WWUlqRbgs00lO2zWkYWvBHuVCRWpR81T8Yjlj0kq0juQuZ9sWmbeUdIKkKdn3uxQUb7xY8fMBsC29WWC45Q/Y3tFs2x2gRD3B9KFeIvIApfUvfTPM2e6yOzlB4Nr94ayf2eBwMaatd/h+j0PFAPajv/sGpp5CHTJqljD1c48gwLvOWHog7GxGLebEVihNePCESXtNCS+LmA4VAdurYarUcRKe7ugCwUUM9f4DPNcU0szPdAtwy5YbSaTKUDhZ9Cjl5FTopb+L73TFXfBFkq6+emKC+MeDnSo0TEPZMEM9U9Ttsvqd+Pz5DRBkSBXPGgZhZ9qcQXE5Dhz8frTb6/8/NqthkFViPDxlVUfcmpRSKNcpiNTG24+Qfh2b1hartUc2gqvFiN9pNk2p05fqlY9md75o7sRaBQrUIa/KbhigNwRYFRV0h5nwZqkoq/lZxYE0BC3cu25UTI9/UXYu8IUkVAAVLo9vIck/4RImgfX0f6kSZrPF+9QB5E+vyfSKvUzVI1sTBGPFAdaeD1B90Lv01nAwWJ4g2n4jnGz8dmRFnAeCeyv6NLJhPZCFddjnaoe2fH1Cvvogq7sm+byoxeCeR3mAf0JqiFPYRLmFfW0KxxrPLmWovkLHBMnmyzq5rxr4z7Ky7cnhgEsidBsV/R18Swc5pp3k17n/ubCH7glxIRylhrBVsnEluvq8klZuW0R5AkFl8NKfH1zgmqPJIQZK3JUQTv1xWuGBqetiMsXU1eziW4Iddg29xIxIMtbfmmwjuBxq14if8DylUnBr+Iizhe9c8ijEOiVVp2GhfVKPX8983oXDkLHbo7Z/dVsgC/4/Bma21rwxef7fYO8h8kUvA1nLqkYT6LJcC2ZFtxF9dGz6ZK/Tz1K5wLi90AlaDbnyAbmFCYh0JbeJjJmPDi5Gqdoon+vYL5uRcNHMGuf4jPX7/+rFmpjwsEMJKm6lGZ/FcF4BKOmzekXG7EFPgagLiYWdNWEHT1NK2+v3p7/PtCwVE4al60PGn5IYQjn5dM5LO2qdoJ80U8iKoJguu9REUxbABo4OwbA3zHlXK+nJw4kEvbfjX1/bAqnwyaq5c0NFSvW9OAq0UFdoHhEd/kOwCWv/yM5tAmfP+DwnWrs+VMBa2N6UEvw3JcL4qEa3O44BOVBu17tts2ObxWIt3+tS/GNFMz3oMuMrYK5G7/7zYYPxomDiL8fkwLZoDHg+2QRPszOB0X0ddlw+ob5tRsmd3HBxKGXhO30xUOsBj5h0IhPVd2a1XnJ+YpRliFtlaQ4WO4WDNxGqeaOLspBnkI8ulyHwUWknLeF7CnGNE/GhI2CGT4daE/hkujbCeMybqdNYuwqSYZxt6Aqk4p+DJyun5FbRCb8C1oUoIoJQQc=&u=U2FsdGVkX19HgOLTor6L+KhM7ONH6wpv2rSTHv6QNAU03sWa7xO9JNawbDRup61H&y=U2FsdGVkX18P+wmE3knro1lKjgjNPgLhTCc/xf4/oeTwwcZBqO06onJd2ke78Si6 HTTP/1.1" 200 4205
186.102.15.202 - - [18/Sep/2023:14:38:43 -0500] "GET /kwssiamovil/sm/acme/s?s=U2FsdGVkX1+GZ7dK0QMl7InGrcdKh+6cAesTts3lLhAyMYXnJ8OSvo/m/eAwa/D/AWCpu4byJ1pBNU4+y0OLMWcdRa1wQlKGHjhsvB/Gb5RvftQRnH7aE7gKGUjyM0cYUvk5nhR7RJLeyn/pkPyTPdKB4EqItSWwnn+F1NBTj3hwuvsastrueo2IPwpsmSEnm8NLPYuu20j50SxmyIFES5o1HpR74o4dyb3kr7P7U+kugNhhbyPISTTprFKAbeMiQdLf87OHSpR+J5U2KBD+dCP1phcaMtV0jIQ9qfYYiHDrxvhh+SzRTafoDOf55m/zfddJi3mgmttOP7BQT00Ih1NcUWrMzfZsMkqqaT3rAOs=&u=U2FsdGVkX19HgOLTor6L+KhM7ONH6wpv2rSTHv6QNAU03sWa7xO9JNawbDRup61H&y=U2FsdGVkX18P+wmE3knro1lKjgjNPgLhTCc/xf4/oeTwwcZBqO06onJd2ke78Si6 HTTP/1.1" 200 196
186.102.15.202 - - [18/Sep/2023:14:38:44 -0500] "GET /kwssiamovil/sm/cjson/pre?f=1&x=U2FsdGVkX194SvfMKlNwOebrI+vhu923fjUf939ptoFTDR2F1uPXc0fBDjhw9Ecn HTTP/1.1" 200 31032
201.245.192.253 - - [18/Sep/2023:14:38:47 -0500] "GET /sipsesda/faces/vista/sistema/cargarMenu.jspx?accionMenu=listadoCierrePresupuestal&menuID=124 HTTP/1.1" 200 33324
201.245.192.253 - - [18/Sep/2023:14:38:47 -0500] "GET /sipsesda/imagenes/cargando.gif HTTP/1.1" 200 1287
201.245.192.253 - - [18/Sep/2023:14:38:47 -0500] "GET /favicon.ico HTTP/1.1" 200 7782
201.245.192.253 - - [18/Sep/2023:14:38:47 -0500] "POST /sipsesda/faces/vista/sistema/cargarMenu.jspx HTTP/1.1" 200 39172
201.245.192.253 - - [18/Sep/2023:14:38:48 -0500] "GET /sipsesda/adf/jsLibs/resources/LocaleElements_es_CO10_1_3_4_0.js HTTP/1.1" 200 824
216.244.66.195 - - [18/Sep/2023:14:38:48 -0500] "GET /BLA/resoluciones/AUTOS%202023/2537.pdf HTTP/1.1" 200 1126950
201.245.192.253 - - [18/Sep/2023:14:38:50 -0500] "POST /sipsesda/faces/vista/financiero/cierrePresupuestal/listarCierrePresupuestal.jspx HTTP/1.1" 200 52714
201.245.192.253 - - [18/Sep/2023:14:38:50 -0500] "GET /favicon.ico HTTP/1.1" 200 7782
172.22.2.4 - - [18/Sep/2023:14:39:11 -0500] "GET /BLA/boletinlegal/jquery-3.3.1.min.js HTTP/1.1" 404 1152
172.22.2.4 - - [18/Sep/2023:14:39:12 -0500] "POST /BLA/boletinlegal/categories/Yud HTTP/1.1" 404 1018
172.22.2.4 - - [18/Sep/2023:14:39:14 -0500] "POST /BLA/boletinlegal/nation.php HTTP/1.1" 404 1018
216.244.66.195 - - [18/Sep/2023:14:39:14 -0500] "GET /BLA/resoluciones/AUTOS%202023/2668.pdf HTTP/1.1" 200 1142113
172.22.2.4 - - [18/Sep/2023:14:39:15 -0500] "GET /BLA/boletinlegal/is-bin HTTP/1.1" 404 1018
172.22.2.4 - - [18/Sep/2023:14:39:16 -0500] "GET /BLA/boletinlegal/is-bin HTTP/1.1" 404 1018
172.22.2.4 - - [18/Sep/2023:14:39:17 -0500] "GET /BLA/boletinlegal/news.php HTTP/1.1" 404 1018
172.22.2.4 - - [18/Sep/2023:14:39:19 -0500] "GET /BLA/boletinlegal/load HTTP/1.1" 404 1018
172.22.2.4 - - [18/Sep/2023:14:39:20 -0500] "GET /BLA/boletinlegal/8.bin HTTP/1.1" 404 1018
172.22.2.4 - - [18/Sep/2023:14:39:20 -0500] "GET /BLA/boletinlegal/hrsgdsb7386wknzms.jpg HTTP/1.1" 404 1018
172.22.2.4 - - [18/Sep/2023:14:39:21 -0500] "GET /BLA/boletinlegal/UnityPlayer.dll HTTP/1.1" 404 1018
172.22.2.4 - - [18/Sep/2023:14:39:21 -0500] "GET /BLA/boletinlegal/ttd.exe HTTP/1.1" 404 1018
172.22.2.4 - - [18/Sep/2023:14:39:21 -0500] "GET /BLA/boletinlegal/qd.CHM HTTP/1.1" 404 1018
172.22.2.4 - - [18/Sep/2023:14:39:22 -0500] "GET /BLA/boletinlegal/zMLUH93A HTTP/1.1" 404 1018
172.22.2.4 - - [18/Sep/2023:14:39:24 -0500] "GET /BLA/boletinlegal/Display/chan/IB61I7MYA HTTP/1.1" 406 -
172.22.2.4 - - [18/Sep/2023:14:39:25 -0500] "GET /BLA/boletinlegal/jquery-3.3.1.min.js HTTP/1.1" 404 1018
172.22.2.4 - - [18/Sep/2023:14:39:26 -0500] "GET /BLA/boletinlegal/Gmail/UnityPlayer.txt HTTP/1.1" 404 1018
172.22.2.4 - - [18/Sep/2023:14:39:27 -0500] "GET /BLA/boletinlegal/new/login HTTP/1.1" 404 1018
172.22.2.4 - - [18/Sep/2023:14:39:29 -0500] "GET /BLA/boletinlegal/viwwwsogou?op=8&query=%E7%A8%8F%E5%BB%BA%09%E9%BE%90%E1%B7%A2 HTTP/1.1" 404 1017
172.22.2.4 - - [18/Sep/2023:14:39:30 -0500] "GET /BLA/boletinlegal/e3e7e71a0b28b5e96cc492e636722f73/4sVKAOvu3D/BDyot0NxyG.php HTTP/1.1" 406 -
172.22.2.4 - - [18/Sep/2023:14:39:31 -0500] "GET /BLA/boletinlegal/jquery.js HTTP/1.1" 404 1018
172.22.2.4 - - [18/Sep/2023:14:39:32 -0500] "GET /BLA/boletinlegal/wh/glass.php HTTP/1.1" 404 1018
172.22.2.4 - - [18/Sep/2023:14:39:34 -0500] "GET /BLA/boletinlegal/login HTTP/1.1" 404 1018
201.245.192.253 - - [18/Sep/2023:14:39:34 -0500] "POST /forms/lservlet;jsessionid=ac16012b30d6eecd89e522c04ad5b6bccf6336cea088.e3iSbxaKaheRe34Pbx8Nc3aQci1ynknvrkLOlQzNp65In0 HTTP/1.1" 200 2
172.22.2.4 - - [18/Sep/2023:14:39:35 -0500] "GET /BLA/boletinlegal/c/msdownload/update/software/update/2021/11/6632de33-967441-x86.cab HTTP/1.1" 404 1022
172.22.2.4 - - [18/Sep/2023:14:39:35 -0500] "GET /BLA/boletinlegal/c/msdownload/update/software/update/2021/11/6632de33-967441-x86.cab HTTP/1.1" 404 1022
172.22.2.4 - - [18/Sep/2023:14:39:36 -0500] "GET /BLA/boletinlegal/fw6I HTTP/1.1" 404 1018
172.22.2.4 - - [18/Sep/2023:14:39:37 -0500] "GET /BLA/boletinlegal/fw6I HTTP/1.1" 404 1018
172.22.2.4 - - [18/Sep/2023:14:39:38 -0500] "GET /BLA/boletinlegal/4abe HTTP/1.1" 404 1018
172.22.2.4 - - [18/Sep/2023:14:39:38 -0500] "GET /BLA/boletinlegal/4hTl HTTP/1.1" 404 1018
216.244.66.195 - - [18/Sep/2023:14:39:39 -0500] "GET /BLA/resoluciones/AUTOS%202023/2892.pdf HTTP/1.1" 200 1576321
172.22.2.4 - - [18/Sep/2023:14:39:39 -0500] "GET /BLA/boletinlegal/Visu/ens/events HTTP/1.1" 404 1021
201.245.192.253 - - [18/Sep/2023:14:39:40 -0500] "GET /appsia/controlador HTTP/1.1" 200 4799
201.245.192.253 - - [18/Sep/2023:14:39:40 -0500] "GET /appsia/scripts/validarIngreso.js HTTP/1.1" 200 851
201.245.192.253 - - [18/Sep/2023:14:39:40 -0500] "GET /appsia/css/estilos.css HTTP/1.1" 200 4804
201.245.192.253 - - [18/Sep/2023:14:39:40 -0500] "GET /appsia/images/logo_bogota_p.png HTTP/1.1" 200 14951
201.245.192.253 - - [18/Sep/2023:14:39:40 -0500] "GET /appsia/images/cabezoteHojaVida.png HTTP/1.1" 200 32493
172.22.2.4 - - [18/Sep/2023:14:39:40 -0500] "GET /BLA/boletinlegal/Visu/ens/events HTTP/1.1" 404 1021
201.245.192.253 - - [18/Sep/2023:14:39:40 -0500] "POST /forms/lservlet;jsessionid=ac16012b30d60f1d8a7b81bb4baeb8b0ce5fe507e2af.e3iSbxaKaheRe34Pbx8Nc3aQci1ynknvrkLOlQzNp65In0 HTTP/1.1" 200 2
201.245.192.253 - - [18/Sep/2023:14:39:40 -0500] "GET /favicon.ico HTTP/1.1" 200 7782
52.167.144.156 - - [18/Sep/2023:14:39:43 -0500] "GET /Publicaciones/2023EE214756.pdf HTTP/1.1" 200 362881
172.22.2.4 - - [18/Sep/2023:14:39:01 -0500] "GET /BLA/boletinlegal/ HTTP/1.1" 200 32715
201.245.192.253 - - [18/Sep/2023:14:39:57 -0500] "POST /appsia/controlador HTTP/1.1" 200 5437
216.244.66.195 - - [18/Sep/2023:14:40:03 -0500] "GET /BLA/resoluciones/AUTOS%202023/3229.pdf HTTP/1.1" 200 341200
201.245.192.253 - - [18/Sep/2023:14:40:14 -0500] "POST /appsia/controlador HTTP/1.1" 200 7795
201.245.192.253 - - [18/Sep/2023:14:40:23 -0500] "POST /appsia/controlador HTTP/1.1" 200 6660
201.245.192.253 - - [18/Sep/2023:14:40:25 -0500] "POST /appsia/controlador HTTP/1.1" 200 10604
216.244.66.195 - - [18/Sep/2023:14:40:26 -0500] "GET /BLA/resoluciones/AUTOS%202023/3262.pdf HTTP/1.1" 200 486347
201.245.192.253 - - [18/Sep/2023:14:40:27 -0500] "POST /appsia/controlador HTTP/1.1" 200 75862
172.22.2.4 - - [18/Sep/2023:14:38:53 -0500] "HEAD /BLA/boletinlegal/ HTTP/1.1" 200 -
201.245.192.253 - - [18/Sep/2023:14:40:35 -0500] "POST /appsia/controlador HTTP/1.1" 200 7795
201.245.192.253 - - [18/Sep/2023:14:40:34 -0500] "POST /kwsrmcab/Wsrmcab  HTTP/1.1" 200 39305
201.245.192.253 - - [18/Sep/2023:14:40:44 -0500] "POST /appsia/controlador HTTP/1.1" 200 6660
201.245.192.253 - - [18/Sep/2023:14:40:46 -0500] "POST /appsia/controlador HTTP/1.1" 200 11383
216.244.66.195 - - [18/Sep/2023:14:40:47 -0500] "GET /BLA/resoluciones/AUTOS%202023/3394.pdf HTTP/1.1" 200 2086751
201.245.192.253 - - [18/Sep/2023:14:40:47 -0500] "POST /appsia/controlador HTTP/1.1" 200 75948
216.244.66.195 - - [18/Sep/2023:14:41:08 -0500] "GET /BLA/resoluciones/AUTOS%202007/0619.pdf HTTP/1.1" 200 91991
172.22.2.4 - - [18/Sep/2023:14:39:43 -0500] "GET /BLA/boletinlegal/ HTTP/1.1" 200 57790
216.244.66.195 - - [18/Sep/2023:14:41:27 -0500] "GET /BLA/resoluciones/AUTOS%202007/1622.pdf HTTP/1.1" 200 95728
201.245.192.253 - - [18/Sep/2023:14:41:34 -0500] "POST /forms/lservlet;jsessionid=ac16012b30d6eecd89e522c04ad5b6bccf6336cea088.e3iSbxaKaheRe34Pbx8Nc3aQci1ynknvrkLOlQzNp65In0 HTTP/1.1" 200 2
172.22.2.4 - - [18/Sep/2023:14:41:38 -0500] "GET /BLA/boletinlegal/actuator/health HTTP/1.1" 404 1018
201.245.192.253 - - [18/Sep/2023:14:41:40 -0500] "POST /forms/lservlet;jsessionid=ac16012b30d60f1d8a7b81bb4baeb8b0ce5fe507e2af.e3iSbxaKaheRe34Pbx8Nc3aQci1ynknvrkLOlQzNp65In0 HTTP/1.1" 200 2
216.244.66.195 - - [18/Sep/2023:14:41:45 -0500] "GET /BLA/resoluciones/AUTOS%202007/1920.pdf HTTP/1.1" 200 89584
190.145.240.41 - - [18/Sep/2023:14:42:03 -0500] "GET /BLA/resoluciones/index.php?dir=RESOLUCIONES+2021%2F HTTP/1.1" 200 65483
190.145.240.41 - - [18/Sep/2023:14:42:03 -0500] "GET /BLA/resoluciones/index.php?dir=RESOLUCIONES+2021%2F HTTP/1.1" 200 442711
216.245.221.92 - - [18/Sep/2023:14:42:11 -0500] "HEAD / HTTP/1.1" 200 -
190.145.240.41 - - [18/Sep/2023:14:42:18 -0500] "GET /BLA/resoluciones/RESOLUCIONES%202021/3226.pdf HTTP/1.1" 200 814219
173.252.107.2 - - [18/Sep/2023:14:42:46 -0500] "GET /distrito-realizo-jornada-de-limpieza-en-el-conector-ecosistemico-media-luna-del-sur.html HTTP/1.1" 200 807
201.245.192.253 - - [18/Sep/2023:14:43:09 -0500] "POST /sipsesda/faces/vista/financiero/cierrePresupuestal/listarCierrePresupuestal.jspx HTTP/1.1" 200 39497
201.245.192.253 - - [18/Sep/2023:14:43:09 -0500] "GET /favicon.ico HTTP/1.1" 200 7782
52.167.144.192 - - [18/Sep/2023:14:43:09 -0500] "GET /BLA/resoluciones/index.php?dir=RESOLUCIONES+2002%2FRES+2002+951-1000%2F HTTP/1.1" 200 12521
201.245.192.253 - - [18/Sep/2023:14:43:11 -0500] "POST /sipsesda/faces/vista/financiero/cierrePresupuestal/listarCierrePresupuestal.jspx HTTP/1.1" 200 39185
201.245.192.253 - - [18/Sep/2023:14:43:11 -0500] "GET /favicon.ico HTTP/1.1" 200 7782
201.245.192.253 - - [18/Sep/2023:14:43:13 -0500] "POST /sipsesda/faces/vista/financiero/cierrePresupuestal/listarCierrePresupuestal.jspx HTTP/1.1" 200 39497
201.245.192.253 - - [18/Sep/2023:14:43:15 -0500] "POST /sipsesda/faces/vista/financiero/cierrePresupuestal/listarCierrePresupuestal.jspx HTTP/1.1" 200 39185
201.245.192.253 - - [18/Sep/2023:14:43:15 -0500] "GET /favicon.ico HTTP/1.1" 200 7782
201.245.192.253 - - [18/Sep/2023:14:43:18 -0500] "POST /sipsesda/faces/vista/financiero/cierrePresupuestal/listarCierrePresupuestal.jspx HTTP/1.1" 200 52714
201.245.192.253 - - [18/Sep/2023:14:43:22 -0500] "POST /sipsesda/faces/vista/financiero/cierrePresupuestal/listarCierrePresupuestal.jspx HTTP/1.1" 200 45490
201.245.192.253 - - [18/Sep/2023:14:43:24 -0500] "GET /sipsesda/adf/images/dfb.gif HTTP/1.1" 200 194
201.245.192.253 - - [18/Sep/2023:14:43:24 -0500] "GET /favicon.ico HTTP/1.1" 200 7782
201.245.192.253 - - [18/Sep/2023:14:43:30 -0500] "POST /sipsesda/faces/vista/financiero/cierrePresupuestal/adicionarModificarCierrePresupuestal.jspx?_afPfm=1 HTTP/1.1" 200 52722
201.245.192.253 - - [18/Sep/2023:14:43:31 -0500] "GET /favicon.ico HTTP/1.1" 200 7782
201.245.192.253 - - [18/Sep/2023:14:43:34 -0500] "POST /forms/lservlet;jsessionid=ac16012b30d6eecd89e522c04ad5b6bccf6336cea088.e3iSbxaKaheRe34Pbx8Nc3aQci1ynknvrkLOlQzNp65In0 HTTP/1.1" 200 2
201.245.192.253 - - [18/Sep/2023:14:43:40 -0500] "POST /forms/lservlet;jsessionid=ac16012b30d60f1d8a7b81bb4baeb8b0ce5fe507e2af.e3iSbxaKaheRe34Pbx8Nc3aQci1ynknvrkLOlQzNp65In0 HTTP/1.1" 200 2
201.245.192.253 - - [18/Sep/2023:14:44:04 -0500] "POST /sipse/faces/presentacion/financiero/solicitudProceso/consultar.xhtml HTTP/1.1" 200 12949
201.245.192.253 - - [18/Sep/2023:14:44:09 -0500] "POST /sipse/faces/presentacion/financiero/solicitudProceso/consultar.xhtml HTTP/1.1" 200 117520
201.245.192.253 - - [18/Sep/2023:14:44:10 -0500] "GET /sipse/js/disable_browser_buttons.js HTTP/1.1" 304 -
201.245.192.253 - - [18/Sep/2023:14:44:10 -0500] "GET /sipse/js/jquery.min.js HTTP/1.1" 304 -
201.245.192.253 - - [18/Sep/2023:14:44:10 -0500] "GET /sipse/js/funciones.js HTTP/1.1" 200 12592
201.245.192.253 - - [18/Sep/2023:14:44:10 -0500] "GET /sipse/faces/javax.faces.resource/jquery/jquery.js?ln=primefaces&v=4.0 HTTP/1.1" 304 -
201.245.192.253 - - [18/Sep/2023:14:44:10 -0500] "GET /sipse/faces/javax.faces.resource/jquery/jquery-plugins.js?ln=primefaces&v=4.0 HTTP/1.1" 304 -
201.245.192.253 - - [18/Sep/2023:14:44:10 -0500] "GET /sipse/faces/javax.faces.resource/primefaces.js?ln=primefaces&v=4.0 HTTP/1.1" 304 -
201.245.192.253 - - [18/Sep/2023:14:44:10 -0500] "GET /sipse/faces/javax.faces.resource/layout/layout.js?ln=primefaces&v=4.0 HTTP/1.1" 304 -
192.168.172.26 - - [18/Sep/2023:14:44:29 -0500] "GET /BLA/boletinlegal/consulta_actos.php?tipo=resoluciones&no=1307&usuario=&sector=&fecha=2023&resuelve= HTTP/1.1" 200 626
66.249.66.193 - - [18/Sep/2023:14:44:36 -0500] "GET /secretaria-de-ambiente-invita-al-conversatorio-sobre-publicidad-exterior-electoral.html HTTP/1.1" 304 -
201.245.192.253 - - [18/Sep/2023:14:45:02 -0500] "POST /appsia/controlador HTTP/1.1" 200 5437
190.216.201.100 - - [18/Sep/2023:14:45:03 -0500] "GET /sipse/faces/faces/autenticacion.xhtml HTTP/1.1" 200 12414
190.216.201.100 - - [18/Sep/2023:14:45:03 -0500] "GET /sipse/js/disable_browser_buttons.js HTTP/1.1" 304 -
190.216.201.100 - - [18/Sep/2023:14:45:03 -0500] "GET /sipse/js/funciones.js HTTP/1.1" 304 -
190.216.201.100 - - [18/Sep/2023:14:45:03 -0500] "GET /sipse/css/custom_css_sg.css HTTP/1.1" 304 -
190.216.201.100 - - [18/Sep/2023:14:45:03 -0500] "GET /sipse/css/custom_css_sg_prime_login.css HTTP/1.1" 304 -
190.216.201.100 - - [18/Sep/2023:14:45:03 -0500] "GET /sipse/faces/javax.faces.resource/theme.css?ln=primefaces-sipse HTTP/1.1" 304 -
190.216.201.100 - - [18/Sep/2023:14:45:03 -0500] "GET /sipse/faces/javax.faces.resource/primefaces.css?ln=primefaces&v=4.0 HTTP/1.1" 304 -
190.216.201.100 - - [18/Sep/2023:14:45:03 -0500] "GET /sipse/faces/javax.faces.resource/layout/layout.css?ln=primefaces&v=4.0 HTTP/1.1" 304 -
190.216.201.100 - - [18/Sep/2023:14:45:03 -0500] "GET /sipse/faces/javax.faces.resource/jquery/jquery.js?ln=primefaces&v=4.0 HTTP/1.1" 304 -
190.216.201.100 - - [18/Sep/2023:14:45:03 -0500] "GET /sipse/faces/javax.faces.resource/jquery/jquery-plugins.js?ln=primefaces&v=4.0 HTTP/1.1" 304 -
190.216.201.100 - - [18/Sep/2023:14:45:03 -0500] "GET /sipse/faces/javax.faces.resource/primefaces.js?ln=primefaces&v=4.0 HTTP/1.1" 304 -
190.216.201.100 - - [18/Sep/2023:14:45:03 -0500] "GET /sipse/faces/javax.faces.resource/layout/layout.js?ln=primefaces&v=4.0 HTTP/1.1" 304 -
190.216.201.100 - - [18/Sep/2023:14:45:03 -0500] "GET /sipse/css/imagen/logoSDG.png HTTP/1.1" 304 -
190.216.201.100 - - [18/Sep/2023:14:45:03 -0500] "GET /sipse/css/imagen/loginimg.png HTTP/1.1" 304 -
190.216.201.100 - - [18/Sep/2023:14:45:03 -0500] "GET /sipse/faces/javax.faces.resource/images/ui-icons_898989_256x240.png?ln=primefaces-aristo HTTP/1.1" 304 -
190.216.201.100 - - [18/Sep/2023:14:45:03 -0500] "GET /sipse/faces/faces/index.xhtml HTTP/1.1" 200 677
190.216.201.100 - - [18/Sep/2023:14:45:03 -0500] "GET /sipse/faces/javax.faces.resource/theme.css?ln=primefaces-sipse HTTP/1.1" 304 -
190.216.201.100 - - [18/Sep/2023:14:45:03 -0500] "GET /sipse/faces/faces/faces/autenticacion.xhtml HTTP/1.1" 200 12414
190.216.201.100 - - [18/Sep/2023:14:45:03 -0500] "GET /sipse/faces/javax.faces.resource/theme.css?ln=primefaces-sipse HTTP/1.1" 304 -
190.216.201.100 - - [18/Sep/2023:14:45:03 -0500] "GET /sipse/faces/javax.faces.resource/primefaces.css?ln=primefaces&v=4.0 HTTP/1.1" 304 -
190.216.201.100 - - [18/Sep/2023:14:45:04 -0500] "GET /sipse/faces/javax.faces.resource/jquery/jquery-plugins.js?ln=primefaces&v=4.0 HTTP/1.1" 304 -
190.216.201.100 - - [18/Sep/2023:14:45:04 -0500] "GET /sipse/faces/javax.faces.resource/primefaces.js?ln=primefaces&v=4.0 HTTP/1.1" 304 -
190.216.201.100 - - [18/Sep/2023:14:45:04 -0500] "GET /sipse/faces/javax.faces.resource/layout/layout.js?ln=primefaces&v=4.0 HTTP/1.1" 304 -
190.216.201.100 - - [18/Sep/2023:14:45:04 -0500] "GET /sipse/faces/javax.faces.resource/layout/layout.css?ln=primefaces&v=4.0 HTTP/1.1" 304 -
190.216.201.100 - - [18/Sep/2023:14:45:04 -0500] "GET /sipse/faces/javax.faces.resource/jquery/jquery.js?ln=primefaces&v=4.0 HTTP/1.1" 304 -
190.216.201.100 - - [18/Sep/2023:14:45:04 -0500] "GET /sipse/faces/javax.faces.resource/images/ui-icons_898989_256x240.png?ln=primefaces-aristo HTTP/1.1" 200 5355
190.216.201.100 - - [18/Sep/2023:14:45:04 -0500] "GET /favicon.ico HTTP/1.1" 200 7782
201.245.192.253 - - [18/Sep/2023:14:45:04 -0500] "POST /appsia/controlador HTTP/1.1" 200 7795
190.216.201.100 - - [18/Sep/2023:14:45:05 -0500] "POST /sipse/faces/autenticacion.xhtml HTTP/1.1" 200 16835
190.216.201.100 - - [18/Sep/2023:14:45:06 -0500] "GET /sipse/css/custom_css_sg_prime.css HTTP/1.1" 200 5201
190.216.201.100 - - [18/Sep/2023:14:45:06 -0500] "GET /sipse/js/jquery.min.js HTTP/1.1" 200 85582
190.216.201.100 - - [18/Sep/2023:14:45:06 -0500] "GET /sipse/faces/javax.faces.resource/jquery/jquery.js?ln=primefaces&v=4.0 HTTP/1.1" 304 -
190.216.201.100 - - [18/Sep/2023:14:45:06 -0500] "GET /sipse/faces/javax.faces.resource/jquery/jquery-plugins.js?ln=primefaces&v=4.0 HTTP/1.1" 304 -
190.216.201.100 - - [18/Sep/2023:14:45:06 -0500] "GET /sipse/faces/javax.faces.resource/primefaces.js?ln=primefaces&v=4.0 HTTP/1.1" 304 -
190.216.201.100 - - [18/Sep/2023:14:45:06 -0500] "GET /sipse/faces/javax.faces.resource/layout/layout.js?ln=primefaces&v=4.0 HTTP/1.1" 304 -
190.216.201.100 - - [18/Sep/2023:14:45:06 -0500] "GET /sipse/css/v_mergente.css HTTP/1.1" 200 1505
190.216.201.100 - - [18/Sep/2023:14:45:06 -0500] "GET /sipse/css/imagen/contrasena.png HTTP/1.1" 404 383
190.216.201.100 - - [18/Sep/2023:14:45:06 -0500] "GET /sipse/imagenes/cargando.gif HTTP/1.1" 200 36959
190.216.201.100 - - [18/Sep/2023:14:45:06 -0500] "GET /sipse/faces/javax.faces.resource/messages/messages.png?ln=primefaces&v=4.0 HTTP/1.1" 200 27209
190.216.201.100 - - [18/Sep/2023:14:45:06 -0500] "GET /sipse/imagenes/logoAplicacion.jpg HTTP/1.1" 200 155084
190.216.201.100 - - [18/Sep/2023:14:45:08 -0500] "GET /sipse/faces/javax.faces.resource/images/ui-bg_flat_0_2d5972_40x100.png?ln=primefaces-aristo HTTP/1.1" 200 183
190.216.201.100 - - [18/Sep/2023:14:45:08 -0500] "POST /sipse/faces/bienvenido.xhtml HTTP/1.1" 200 1471
198.98.51.170 - - [18/Sep/2023:14:45:08 -0500] "GET / HTTP/1.1" 200 319
190.216.201.100 - - [18/Sep/2023:14:45:09 -0500] "POST /sipse/faces/bienvenido.xhtml HTTP/1.1" 200 40998
190.216.201.100 - - [18/Sep/2023:14:45:09 -0500] "GET /sipse/js/jquery.min.js HTTP/1.1" 200 12236
190.216.201.100 - - [18/Sep/2023:14:45:09 -0500] "GET /sipse/faces/javax.faces.resource/jquery/jquery.js?ln=primefaces&v=4.0 HTTP/1.1" 304 -
190.216.201.100 - - [18/Sep/2023:14:45:09 -0500] "GET /sipse/faces/javax.faces.resource/jquery/jquery-plugins.js?ln=primefaces&v=4.0 HTTP/1.1" 304 -
190.216.201.100 - - [18/Sep/2023:14:45:09 -0500] "GET /sipse/faces/javax.faces.resource/primefaces.js?ln=primefaces&v=4.0 HTTP/1.1" 304 -
190.216.201.100 - - [18/Sep/2023:14:45:10 -0500] "GET /sipse/faces/javax.faces.resource/layout/layout.js?ln=primefaces&v=4.0 HTTP/1.1" 304 -
190.216.201.100 - - [18/Sep/2023:14:45:10 -0500] "POST /sipse/faces/presentacion/financiero/solicitudProceso/listarSolicitudProceso.xhtml HTTP/1.1" 200 1444
201.245.192.253 - - [18/Sep/2023:14:45:22 -0500] "POST /appsia/controlador HTTP/1.1" 200 6660
201.245.192.253 - - [18/Sep/2023:14:45:23 -0500] "POST /appsia/controlador HTTP/1.1" 200 11383
191.156.184.47 - - [18/Sep/2023:14:45:28 -0500] "GET /semana-bogota-reverdece-se-plantaron-200-nuevos-arboles-en-el-humedal-tingua-azul-bosa.html?fbclid=IwAR0wZniRpTcGxzQtiheysCBrq1C6Xk11GL6Wr63S8GYoYKk697_wOvaCvf0 HTTP/1.1" 200 896
201.245.192.253 - - [18/Sep/2023:14:45:34 -0500] "POST /forms/lservlet;jsessionid=ac16012b30d6eecd89e522c04ad5b6bccf6336cea088.e3iSbxaKaheRe34Pbx8Nc3aQci1ynknvrkLOlQzNp65In0 HTTP/1.1" 200 2
201.245.192.253 - - [18/Sep/2023:14:45:34 -0500] "POST /kwsrmcab/Wsrmcab  HTTP/1.1" 200 39305
201.245.192.253 - - [18/Sep/2023:14:45:40 -0500] "POST /forms/lservlet;jsessionid=ac16012b30d60f1d8a7b81bb4baeb8b0ce5fe507e2af.e3iSbxaKaheRe34Pbx8Nc3aQci1ynknvrkLOlQzNp65In0 HTTP/1.1" 200 2
201.245.192.253 - - [18/Sep/2023:14:45:46 -0500] "POST /appsia/controlador HTTP/1.1" 200 7795
172.22.2.4 - - [18/Sep/2023:14:44:07 -0500] "GET /BLA/boletinlegal/index.php HTTP/1.1" 200 56607
201.245.192.253 - - [18/Sep/2023:14:45:54 -0500] "POST /sipse/faces/presentacion/financiero/estudioPrevio/personalSolicitado/expedirExperienciaIdoneidad.xhtml HTTP/1.1" 200 190699
201.245.192.253 - - [18/Sep/2023:14:45:55 -0500] "GET /sipse/faces/javax.faces.resource/layout/layout.css?ln=primefaces&v=4.0 HTTP/1.1" 200 542
201.245.192.253 - - [18/Sep/2023:14:45:55 -0500] "GET /sipse/faces/javax.faces.resource/theme.css?ln=primefaces-sipse HTTP/1.1" 200 50058
201.245.192.253 - - [18/Sep/2023:14:45:55 -0500] "GET /sipse/faces/javax.faces.resource/primefaces.css?ln=primefaces&v=4.0 HTTP/1.1" 200 53295
201.245.192.253 - - [18/Sep/2023:14:45:55 -0500] "GET /sipse/faces/javax.faces.resource/primefaces.js?ln=primefaces&v=4.0 HTTP/1.1" 304 -
201.245.192.253 - - [18/Sep/2023:14:45:55 -0500] "GET /sipse/faces/javax.faces.resource/jquery/jquery.js?ln=primefaces&v=4.0 HTTP/1.1" 304 -
201.245.192.253 - - [18/Sep/2023:14:45:55 -0500] "GET /sipse/faces/javax.faces.resource/layout/layout.js?ln=primefaces&v=4.0 HTTP/1.1" 304 -
201.245.192.253 - - [18/Sep/2023:14:45:55 -0500] "GET /sipse/faces/javax.faces.resource/jquery/jquery-plugins.js?ln=primefaces&v=4.0 HTTP/1.1" 304 -
201.245.192.253 - - [18/Sep/2023:14:45:55 -0500] "GET /sipse/imagenes/cargando.gif HTTP/1.1" 200 36959
201.245.192.253 - - [18/Sep/2023:14:45:55 -0500] "GET /sipse/faces/javax.faces.resource/images/ui-icons_898989_256x240.png?ln=primefaces-aristo HTTP/1.1" 200 5355
201.245.192.253 - - [18/Sep/2023:14:45:55 -0500] "GET /favicon.ico HTTP/1.1" 200 7782
201.245.192.253 - - [18/Sep/2023:14:45:56 -0500] "POST /appsia/controlador HTTP/1.1" 200 6660
172.22.2.4 - - [18/Sep/2023:14:45:57 -0500] "GET /BLA/boletinlegal/js/jquery.scrollTo-min.js HTTP/1.1" 200 1150
201.245.192.253 - - [18/Sep/2023:14:45:58 -0500] "POST /appsia/controlador HTTP/1.1" 200 11747
201.245.192.253 - - [18/Sep/2023:14:46:02 -0500] "GET /sipse/faces/javax.faces.resource/images/ui-bg_flat_0_2d5972_40x100.png?ln=primefaces-aristo HTTP/1.1" 200 183
201.245.192.253 - - [18/Sep/2023:14:46:02 -0500] "POST /sipse/faces/presentacion/financiero/solicitudProceso/consultarSolicitudProceso.xhtml HTTP/1.1" 200 5598
173.252.127.1 - - [18/Sep/2023:14:46:07 -0500] "GET /images/mercados-campesinos-5-mayo.jpg HTTP/1.1" 200 95848
200.69.84.132 - - [18/Sep/2023:14:46:12 -0500] "GET /sipse/faces/index.xhtml HTTP/1.1" 200 677
200.69.84.132 - - [18/Sep/2023:14:46:12 -0500] "GET /sipse/faces/javax.faces.resource/theme.css?ln=primefaces-sipse HTTP/1.1" 304 -
200.69.84.132 - - [18/Sep/2023:14:46:13 -0500] "GET /sipse/faces/faces/autenticacion.xhtml HTTP/1.1" 200 12419
200.69.84.132 - - [18/Sep/2023:14:46:13 -0500] "GET /sipse/js/disable_browser_buttons.js HTTP/1.1" 304 -
200.69.84.132 - - [18/Sep/2023:14:46:13 -0500] "GET /sipse/js/funciones.js HTTP/1.1" 304 -
200.69.84.132 - - [18/Sep/2023:14:46:13 -0500] "GET /sipse/css/custom_css_sg.css HTTP/1.1" 304 -
200.69.84.132 - - [18/Sep/2023:14:46:13 -0500] "GET /sipse/css/custom_css_sg_prime_login.css HTTP/1.1" 304 -
200.69.84.132 - - [18/Sep/2023:14:46:13 -0500] "GET /sipse/faces/javax.faces.resource/jquery/jquery-plugins.js?ln=primefaces&v=4.0 HTTP/1.1" 304 -
200.69.84.132 - - [18/Sep/2023:14:46:13 -0500] "GET /sipse/faces/javax.faces.resource/primefaces.css?ln=primefaces&v=4.0 HTTP/1.1" 304 -
200.69.84.132 - - [18/Sep/2023:14:46:13 -0500] "GET /sipse/faces/javax.faces.resource/jquery/jquery.js?ln=primefaces&v=4.0 HTTP/1.1" 304 -
200.69.84.132 - - [18/Sep/2023:14:46:13 -0500] "GET /sipse/faces/javax.faces.resource/theme.css?ln=primefaces-sipse HTTP/1.1" 304 -
200.69.84.132 - - [18/Sep/2023:14:46:13 -0500] "GET /sipse/faces/javax.faces.resource/layout/layout.css?ln=primefaces&v=4.0 HTTP/1.1" 304 -
200.69.84.132 - - [18/Sep/2023:14:46:13 -0500] "GET /sipse/faces/javax.faces.resource/primefaces.js?ln=primefaces&v=4.0 HTTP/1.1" 304 -
200.69.84.132 - - [18/Sep/2023:14:46:13 -0500] "GET /sipse/faces/javax.faces.resource/layout/layout.js?ln=primefaces&v=4.0 HTTP/1.1" 304 -
200.69.84.132 - - [18/Sep/2023:14:46:13 -0500] "GET /sipse/css/imagen/loginimg.png HTTP/1.1" 304 -
200.69.84.132 - - [18/Sep/2023:14:46:13 -0500] "GET /sipse/css/imagen/logoSDG.png HTTP/1.1" 304 -
200.69.84.132 - - [18/Sep/2023:14:46:13 -0500] "GET /sipse/faces/javax.faces.resource/images/ui-icons_898989_256x240.png?ln=primefaces-aristo HTTP/1.1" 304 -
172.22.2.4 - - [18/Sep/2023:14:44:43 -0500] "HEAD /BLA/boletinlegal/ HTTP/1.1" 200 -
201.245.192.253 - - [18/Sep/2023:14:46:23 -0500] "POST /forms/lservlet;jsessionid=ac16012b30d60f1d8a7b81bb4baeb8b0ce5fe507e2af.e3iSbxaKaheRe34Pbx8Nc3aQci1ynknvrkLOlQzNp65In0 HTTP/1.1" 200 368
201.245.192.253 - - [18/Sep/2023:14:46:26 -0500] "POST /forms/lservlet;jsessionid=ac16012b30d60f1d8a7b81bb4baeb8b0ce5fe507e2af.e3iSbxaKaheRe34Pbx8Nc3aQci1ynknvrkLOlQzNp65In0 HTTP/1.1" 200 2
201.245.192.253 - - [18/Sep/2023:14:46:26 -0500] "POST /forms/lservlet;jsessionid=ac16012b30d60f1d8a7b81bb4baeb8b0ce5fe507e2af.e3iSbxaKaheRe34Pbx8Nc3aQci1ynknvrkLOlQzNp65In0 HTTP/1.1" 200 2
200.69.84.132 - - [18/Sep/2023:14:46:34 -0500] "POST /sipse/faces/autenticacion.xhtml HTTP/1.1" 200 13067
200.69.84.132 - - [18/Sep/2023:14:46:34 -0500] "GET /sipse/css/custom_css_sg_prime.css HTTP/1.1" 200 5201
200.69.84.132 - - [18/Sep/2023:14:46:34 -0500] "GET /sipse/faces/javax.faces.resource/jquery/jquery.js?ln=primefaces&v=4.0 HTTP/1.1" 304 -
200.69.84.132 - - [18/Sep/2023:14:46:34 -0500] "GET /sipse/faces/javax.faces.resource/jquery/jquery-plugins.js?ln=primefaces&v=4.0 HTTP/1.1" 304 -
200.69.84.132 - - [18/Sep/2023:14:46:35 -0500] "GET /sipse/faces/javax.faces.resource/primefaces.js?ln=primefaces&v=4.0 HTTP/1.1" 304 -
200.69.84.132 - - [18/Sep/2023:14:46:35 -0500] "GET /sipse/faces/javax.faces.resource/layout/layout.js?ln=primefaces&v=4.0 HTTP/1.1" 304 -
200.69.84.132 - - [18/Sep/2023:14:46:36 -0500] "GET /sipse/faces/javax.faces.resource/messages/messages.png?ln=primefaces&v=4.0 HTTP/1.1" 304 -
200.69.84.132 - - [18/Sep/2023:14:46:38 -0500] "GET /sipse/faces/javax.faces.resource/images/ui-bg_flat_0_2d5972_40x100.png?ln=primefaces-aristo HTTP/1.1" 304 -
200.69.84.132 - - [18/Sep/2023:14:46:40 -0500] "POST /sipse/faces/presentacion/sistema/seguridad/seleccionRol.xhtml HTTP/1.1" 200 16439
200.69.84.132 - - [18/Sep/2023:14:46:40 -0500] "GET /sipse/js/jquery.min.js HTTP/1.1" 304 -
200.69.84.132 - - [18/Sep/2023:14:46:40 -0500] "GET /sipse/faces/javax.faces.resource/jquery/jquery.js?ln=primefaces&v=4.0 HTTP/1.1" 304 -
201.245.192.253 - - [18/Sep/2023:14:46:40 -0500] "POST /forms/lservlet;jsessionid=ac16012b30d60f1d8a7b81bb4baeb8b0ce5fe507e2af.e3iSbxaKaheRe34Pbx8Nc3aQci1ynknvrkLOlQzNp65In0 HTTP/1.1" 200 21117
200.69.84.132 - - [18/Sep/2023:14:46:40 -0500] "GET /sipse/faces/javax.faces.resource/jquery/jquery-plugins.js?ln=primefaces&v=4.0 HTTP/1.1" 304 -
200.69.84.132 - - [18/Sep/2023:14:46:40 -0500] "GET /sipse/faces/javax.faces.resource/primefaces.js?ln=primefaces&v=4.0 HTTP/1.1" 304 -
201.245.192.253 - - [18/Sep/2023:14:46:40 -0500] "POST /forms/lservlet;jsessionid=ac16012b30d60f1d8a7b81bb4baeb8b0ce5fe507e2af.e3iSbxaKaheRe34Pbx8Nc3aQci1ynknvrkLOlQzNp65In0 HTTP/1.1" 200 10
200.69.84.132 - - [18/Sep/2023:14:46:41 -0500] "GET /sipse/faces/javax.faces.resource/layout/layout.js?ln=primefaces&v=4.0 HTTP/1.1" 304 -
200.69.84.132 - - [18/Sep/2023:14:46:41 -0500] "GET /sipse/imagenes/cargando.gif HTTP/1.1" 304 -
200.69.84.132 - - [18/Sep/2023:14:46:42 -0500] "GET /sipse/css/v_mergente.css HTTP/1.1" 304 -
200.69.84.132 - - [18/Sep/2023:14:46:42 -0500] "GET /sipse/css/imagen/contrasena.png HTTP/1.1" 404 383
200.69.84.132 - - [18/Sep/2023:14:46:41 -0500] "GET /sipse/imagenes/logoAplicacion.jpg HTTP/1.1" 200 155084
201.245.192.253 - - [18/Sep/2023:14:46:45 -0500] "POST /forms/lservlet;jsessionid=ac16012b30d60f1d8a7b81bb4baeb8b0ce5fe507e2af.e3iSbxaKaheRe34Pbx8Nc3aQci1ynknvrkLOlQzNp65In0 HTTP/1.1" 200 2
201.245.192.253 - - [18/Sep/2023:14:46:48 -0500] "POST /forms/lservlet;jsessionid=ac16012b30d60f1d8a7b81bb4baeb8b0ce5fe507e2af.e3iSbxaKaheRe34Pbx8Nc3aQci1ynknvrkLOlQzNp65In0 HTTP/1.1" 200 2438
200.69.84.132 - - [18/Sep/2023:14:46:52 -0500] "POST /sipse/faces/bienvenido.xhtml HTTP/1.1" 200 2073
200.69.84.132 - - [18/Sep/2023:14:46:53 -0500] "POST /sipse/faces/bienvenido.xhtml HTTP/1.1" 200 39048
200.69.84.132 - - [18/Sep/2023:14:46:54 -0500] "GET /sipse/faces/javax.faces.resource/jquery/jquery.js?ln=primefaces&v=4.0 HTTP/1.1" 304 -
200.69.84.132 - - [18/Sep/2023:14:46:54 -0500] "GET /sipse/faces/javax.faces.resource/jquery/jquery-plugins.js?ln=primefaces&v=4.0 HTTP/1.1" 304 -
200.69.84.132 - - [18/Sep/2023:14:46:54 -0500] "GET /sipse/faces/javax.faces.resource/primefaces.js?ln=primefaces&v=4.0 HTTP/1.1" 304 -
200.69.84.132 - - [18/Sep/2023:14:46:54 -0500] "GET /sipse/faces/javax.faces.resource/layout/layout.js?ln=primefaces&v=4.0 HTTP/1.1" 304 -
200.69.84.132 - - [18/Sep/2023:14:46:57 -0500] "POST /sipse/faces/presentacion/financiero/solicitudProceso/consultar.xhtml HTTP/1.1" 200 12837
200.69.84.132 - - [18/Sep/2023:14:47:05 -0500] "POST /sipse/faces/presentacion/financiero/solicitudProceso/consultar.xhtml HTTP/1.1" 200 113278
200.69.84.132 - - [18/Sep/2023:14:47:06 -0500] "GET /sipse/faces/javax.faces.resource/jquery/jquery.js?ln=primefaces&v=4.0 HTTP/1.1" 304 -
200.69.84.132 - - [18/Sep/2023:14:47:06 -0500] "GET /sipse/faces/javax.faces.resource/jquery/jquery-plugins.js?ln=primefaces&v=4.0 HTTP/1.1" 304 -
201.245.192.253 - - [18/Sep/2023:14:47:06 -0500] "POST /appsia/controlador HTTP/1.1" 200 7795
200.69.84.132 - - [18/Sep/2023:14:47:06 -0500] "GET /sipse/faces/javax.faces.resource/primefaces.js?ln=primefaces&v=4.0 HTTP/1.1" 304 -
200.69.84.132 - - [18/Sep/2023:14:47:07 -0500] "GET /sipse/faces/javax.faces.resource/layout/layout.js?ln=primefaces&v=4.0 HTTP/1.1" 304 -
216.245.221.92 - - [18/Sep/2023:14:47:11 -0500] "HEAD / HTTP/1.1" 200 -
201.245.192.253 - - [18/Sep/2023:14:47:11 -0500] "POST /forms/lservlet;jsessionid=ac16012b30d60f1d8a7b81bb4baeb8b0ce5fe507e2af.e3iSbxaKaheRe34Pbx8Nc3aQci1ynknvrkLOlQzNp65In0 HTTP/1.1" 200 13575
190.216.201.100 - - [18/Sep/2023:14:47:10 -0500] "POST /sipse/faces/presentacion/financiero/solicitudProceso/listarSolicitudProceso.xhtml HTTP/1.1" 200 106446
190.216.201.100 - - [18/Sep/2023:14:47:11 -0500] "GET /sipse/js/jquery.min.js HTTP/1.1" 200 24708
201.245.192.253 - - [18/Sep/2023:14:47:11 -0500] "POST /forms/lservlet;jsessionid=ac16012b30d60f1d8a7b81bb4baeb8b0ce5fe507e2af.e3iSbxaKaheRe34Pbx8Nc3aQci1ynknvrkLOlQzNp65In0 HTTP/1.1" 200 10
190.216.201.100 - - [18/Sep/2023:14:47:11 -0500] "GET /sipse/faces/javax.faces.resource/jquery/jquery.js?ln=primefaces&v=4.0 HTTP/1.1" 304 -
190.216.201.100 - - [18/Sep/2023:14:47:11 -0500] "GET /sipse/faces/javax.faces.resource/jquery/jquery-plugins.js?ln=primefaces&v=4.0 HTTP/1.1" 304 -
190.216.201.100 - - [18/Sep/2023:14:47:11 -0500] "GET /sipse/faces/javax.faces.resource/primefaces.js?ln=primefaces&v=4.0 HTTP/1.1" 304 -
190.216.201.100 - - [18/Sep/2023:14:47:11 -0500] "GET /sipse/faces/javax.faces.resource/layout/layout.js?ln=primefaces&v=4.0 HTTP/1.1" 304 -
172.22.2.4 - - [18/Sep/2023:14:45:33 -0500] "GET /BLA/boletinlegal/ HTTP/1.1" 200 53766
201.245.192.253 - - [18/Sep/2023:14:47:14 -0500] "POST /forms/lservlet;jsessionid=ac16012b30d60f1d8a7b81bb4baeb8b0ce5fe507e2af.e3iSbxaKaheRe34Pbx8Nc3aQci1ynknvrkLOlQzNp65In0 HTTP/1.1" 200 1627
201.245.192.253 - - [18/Sep/2023:14:47:18 -0500] "POST /forms/lservlet;jsessionid=ac16012b30d60f1d8a7b81bb4baeb8b0ce5fe507e2af.e3iSbxaKaheRe34Pbx8Nc3aQci1ynknvrkLOlQzNp65In0 HTTP/1.1" 200 123
201.245.192.253 - - [18/Sep/2023:14:47:18 -0500] "POST /forms/lservlet;jsessionid=ac16012b30d60f1d8a7b81bb4baeb8b0ce5fe507e2af.e3iSbxaKaheRe34Pbx8Nc3aQci1ynknvrkLOlQzNp65In0 HTTP/1.1" 200 2
201.245.192.253 - - [18/Sep/2023:14:47:19 -0500] "POST /forms/lservlet;jsessionid=ac16012b30d60f1d8a7b81bb4baeb8b0ce5fe507e2af.e3iSbxaKaheRe34Pbx8Nc3aQci1ynknvrkLOlQzNp65In0 HTTP/1.1" 200 1365
201.245.192.253 - - [18/Sep/2023:14:47:20 -0500] "POST /forms/lservlet;jsessionid=ac16012b30d60f1d8a7b81bb4baeb8b0ce5fe507e2af.e3iSbxaKaheRe34Pbx8Nc3aQci1ynknvrkLOlQzNp65In0 HTTP/1.1" 200 24
190.216.201.100 - - [18/Sep/2023:14:47:21 -0500] "POST /sipse/faces/presentacion/financiero/solicitudProceso/consultarSolicitudProceso.xhtml HTTP/1.1" 200 647906
201.245.192.253 - - [18/Sep/2023:14:47:23 -0500] "POST /forms/lservlet;jsessionid=ac16012b30d60f1d8a7b81bb4baeb8b0ce5fe507e2af.e3iSbxaKaheRe34Pbx8Nc3aQci1ynknvrkLOlQzNp65In0 HTTP/1.1" 200 2545
201.245.192.253 - - [18/Sep/2023:14:47:26 -0500] "POST /forms/lservlet;jsessionid=ac16012b30d60f1d8a7b81bb4baeb8b0ce5fe507e2af.e3iSbxaKaheRe34Pbx8Nc3aQci1ynknvrkLOlQzNp65In0 HTTP/1.1" 200 123
201.245.192.253 - - [18/Sep/2023:14:47:26 -0500] "POST /forms/lservlet;jsessionid=ac16012b30d60f1d8a7b81bb4baeb8b0ce5fe507e2af.e3iSbxaKaheRe34Pbx8Nc3aQci1ynknvrkLOlQzNp65In0 HTTP/1.1" 200 2
201.245.192.253 - - [18/Sep/2023:14:47:27 -0500] "POST /forms/lservlet;jsessionid=ac16012b30d60f1d8a7b81bb4baeb8b0ce5fe507e2af.e3iSbxaKaheRe34Pbx8Nc3aQci1ynknvrkLOlQzNp65In0 HTTP/1.1" 200 1329
201.245.192.253 - - [18/Sep/2023:14:47:27 -0500] "GET /imagenes/rt_radd.gif HTTP/1.1" 200 907
201.245.192.253 - - [18/Sep/2023:14:47:27 -0500] "GET /imagenes/rt_rdel.gif HTTP/1.1" 200 899
201.245.192.253 - - [18/Sep/2023:14:47:27 -0500] "GET /imagenes/rt_save.gif HTTP/1.1" 200 903
201.245.192.253 - - [18/Sep/2023:14:47:27 -0500] "POST /forms/lservlet;jsessionid=ac16012b30d60f1d8a7b81bb4baeb8b0ce5fe507e2af.e3iSbxaKaheRe34Pbx8Nc3aQci1ynknvrkLOlQzNp65In0 HTTP/1.1" 200 13
201.245.192.253 - - [18/Sep/2023:14:47:28 -0500] "POST /forms/lservlet;jsessionid=ac16012b30d60f1d8a7b81bb4baeb8b0ce5fe507e2af.e3iSbxaKaheRe34Pbx8Nc3aQci1ynknvrkLOlQzNp65In0 HTTP/1.1" 200 207
201.245.192.253 - - [18/Sep/2023:14:47:28 -0500] "POST /forms/lservlet;jsessionid=ac16012b30d60f1d8a7b81bb4baeb8b0ce5fe507e2af.e3iSbxaKaheRe34Pbx8Nc3aQci1ynknvrkLOlQzNp65In0 HTTP/1.1" 200 21
201.245.192.253 - - [18/Sep/2023:14:47:29 -0500] "POST /forms/lservlet;jsessionid=ac16012b30d60f1d8a7b81bb4baeb8b0ce5fe507e2af.e3iSbxaKaheRe34Pbx8Nc3aQci1ynknvrkLOlQzNp65In0 HTTP/1.1" 200 7
201.245.192.253 - - [18/Sep/2023:14:47:29 -0500] "POST /forms/lservlet;jsessionid=ac16012b30d60f1d8a7b81bb4baeb8b0ce5fe507e2af.e3iSbxaKaheRe34Pbx8Nc3aQci1ynknvrkLOlQzNp65In0 HTTP/1.1" 200 97
201.245.192.253 - - [18/Sep/2023:14:47:29 -0500] "POST /forms/lservlet;jsessionid=ac16012b30d60f1d8a7b81bb4baeb8b0ce5fe507e2af.e3iSbxaKaheRe34Pbx8Nc3aQci1ynknvrkLOlQzNp65In0 HTTP/1.1" 200 2
201.245.192.253 - - [18/Sep/2023:14:47:34 -0500] "POST /forms/lservlet;jsessionid=ac16012b30d6eecd89e522c04ad5b6bccf6336cea088.e3iSbxaKaheRe34Pbx8Nc3aQci1ynknvrkLOlQzNp65In0 HTTP/1.1" 200 2
201.245.192.253 - - [18/Sep/2023:14:47:35 -0500] "POST /forms/lservlet;jsessionid=ac16012b30d60f1d8a7b81bb4baeb8b0ce5fe507e2af.e3iSbxaKaheRe34Pbx8Nc3aQci1ynknvrkLOlQzNp65In0 HTTP/1.1" 200 82
201.245.192.253 - - [18/Sep/2023:14:47:35 -0500] "POST /forms/lservlet;jsessionid=ac16012b30d60f1d8a7b81bb4baeb8b0ce5fe507e2af.e3iSbxaKaheRe34Pbx8Nc3aQci1ynknvrkLOlQzNp65In0 HTTP/1.1" 200 52
201.245.192.253 - - [18/Sep/2023:14:47:36 -0500] "POST /forms/lservlet;jsessionid=ac16012b30d60f1d8a7b81bb4baeb8b0ce5fe507e2af.e3iSbxaKaheRe34Pbx8Nc3aQci1ynknvrkLOlQzNp65In0 HTTP/1.1" 200 2
201.245.192.253 - - [18/Sep/2023:14:47:36 -0500] "POST /forms/lservlet;jsessionid=ac16012b30d60f1d8a7b81bb4baeb8b0ce5fe507e2af.e3iSbxaKaheRe34Pbx8Nc3aQci1ynknvrkLOlQzNp65In0 HTTP/1.1" 200 74
201.245.192.253 - - [18/Sep/2023:14:47:37 -0500] "POST /forms/lservlet;jsessionid=ac16012b30d60f1d8a7b81bb4baeb8b0ce5fe507e2af.e3iSbxaKaheRe34Pbx8Nc3aQci1ynknvrkLOlQzNp65In0 HTTP/1.1" 200 2319
201.245.192.253 - - [18/Sep/2023:14:47:39 -0500] "POST /forms/lservlet;jsessionid=ac16012b30d60f1d8a7b81bb4baeb8b0ce5fe507e2af.e3iSbxaKaheRe34Pbx8Nc3aQci1ynknvrkLOlQzNp65In0 HTTP/1.1" 200 122
201.245.192.253 - - [18/Sep/2023:14:47:39 -0500] "POST /forms/lservlet;jsessionid=ac16012b30d60f1d8a7b81bb4baeb8b0ce5fe507e2af.e3iSbxaKaheRe34Pbx8Nc3aQci1ynknvrkLOlQzNp65In0 HTTP/1.1" 200 2
201.245.192.253 - - [18/Sep/2023:14:47:40 -0500] "POST /forms/lservlet;jsessionid=ac16012b30d60f1d8a7b81bb4baeb8b0ce5fe507e2af.e3iSbxaKaheRe34Pbx8Nc3aQci1ynknvrkLOlQzNp65In0 HTTP/1.1" 200 769
