152.203.186.225 - - [19/Sep/2023:09:47:10 -0500] "POST /sipse/faces/presentacion/financiero/solicitudProceso/listarSolicitudProceso.xhtml HTTP/1.1" 200 1404
152.203.186.225 - - [19/Sep/2023:09:47:11 -0500] "POST /sipse/faces/presentacion/financiero/solicitudProceso/listarSolicitudProceso.xhtml HTTP/1.1" 200 1384
186.29.49.233 - - [19/Sep/2023:09:47:12 -0500] "POST /sipse/faces/presentacion/financiero/solicitudProceso/listarSolicitudProceso.xhtml HTTP/1.1" 200 27293
186.29.49.233 - - [19/Sep/2023:09:47:12 -0500] "GET /sipse/faces/javax.faces.resource/primefaces.css?ln=primefaces&v=4.0 HTTP/1.1" 304 -
186.29.49.233 - - [19/Sep/2023:09:47:12 -0500] "GET /sipse/faces/javax.faces.resource/theme.css?ln=primefaces-sipse HTTP/1.1" 304 -
186.29.49.233 - - [19/Sep/2023:09:47:12 -0500] "GET /sipse/faces/javax.faces.resource/layout/layout.css?ln=primefaces&v=4.0 HTTP/1.1" 304 -
186.29.49.233 - - [19/Sep/2023:09:47:12 -0500] "GET /sipse/faces/javax.faces.resource/jquery/jquery.js?ln=primefaces&v=4.0 HTTP/1.1" 304 -
186.29.49.233 - - [19/Sep/2023:09:47:12 -0500] "GET /sipse/faces/javax.faces.resource/jquery/jquery-plugins.js?ln=primefaces&v=4.0 HTTP/1.1" 304 -
186.29.49.233 - - [19/Sep/2023:09:47:12 -0500] "GET /sipse/faces/javax.faces.resource/primefaces.js?ln=primefaces&v=4.0 HTTP/1.1" 304 -
186.29.49.233 - - [19/Sep/2023:09:47:12 -0500] "GET /sipse/faces/javax.faces.resource/layout/layout.js?ln=primefaces&v=4.0 HTTP/1.1" 304 -
186.29.49.233 - - [19/Sep/2023:09:47:12 -0500] "POST /sipse/faces/presentacion/financiero/solicitudProceso/solicitudProcesoOtrosPagos.xhtml HTTP/1.1" 200 20611
186.29.49.233 - - [19/Sep/2023:09:47:13 -0500] "POST /sipse/faces/presentacion/financiero/solicitudProceso/solicitudProcesoOtrosPagos.xhtml HTTP/1.1" 200 32494
186.29.49.233 - - [19/Sep/2023:09:47:13 -0500] "GET /sipse/faces/javax.faces.resource/theme.css?ln=primefaces-sipse HTTP/1.1" 304 -
186.29.49.233 - - [19/Sep/2023:09:47:13 -0500] "GET /sipse/faces/javax.faces.resource/primefaces.css?ln=primefaces&v=4.0 HTTP/1.1" 304 -
186.29.49.233 - - [19/Sep/2023:09:47:13 -0500] "GET /sipse/faces/javax.faces.resource/layout/layout.css?ln=primefaces&v=4.0 HTTP/1.1" 304 -
186.29.49.233 - - [19/Sep/2023:09:47:13 -0500] "GET /sipse/faces/javax.faces.resource/jquery/jquery.js?ln=primefaces&v=4.0 HTTP/1.1" 304 -
186.29.49.233 - - [19/Sep/2023:09:47:13 -0500] "GET /sipse/faces/javax.faces.resource/jquery/jquery-plugins.js?ln=primefaces&v=4.0 HTTP/1.1" 304 -
186.29.49.233 - - [19/Sep/2023:09:47:13 -0500] "GET /sipse/faces/javax.faces.resource/primefaces.js?ln=primefaces&v=4.0 HTTP/1.1" 304 -
186.29.49.233 - - [19/Sep/2023:09:47:13 -0500] "GET /sipse/faces/javax.faces.resource/layout/layout.js?ln=primefaces&v=4.0 HTTP/1.1" 304 -
186.29.49.233 - - [19/Sep/2023:09:47:13 -0500] "POST /sipse/faces/presentacion/financiero/solicitudProceso/listarSolicitudProceso.xhtml HTTP/1.1" 200 25820
186.29.49.233 - - [19/Sep/2023:09:47:13 -0500] "POST /sipse/faces/presentacion/financiero/solicitudProceso/listarSolicitudProceso.xhtml HTTP/1.1" 200 25820
186.29.49.233 - - [19/Sep/2023:09:47:13 -0500] "POST /sipse/faces/presentacion/financiero/solicitudProceso/listarSolicitudProceso.xhtml HTTP/1.1" 200 1368
186.29.49.233 - - [19/Sep/2023:09:47:14 -0500] "POST /sipse/faces/presentacion/financiero/solicitudProceso/listarSolicitudProceso.xhtml HTTP/1.1" 200 1372
186.29.49.233 - - [19/Sep/2023:09:47:14 -0500] "POST /sipse/faces/presentacion/financiero/solicitudProceso/listarSolicitudProceso.xhtml HTTP/1.1" 200 1372
152.203.186.225 - - [19/Sep/2023:09:47:19 -0500] "POST /sipse/faces/presentacion/financiero/solicitudProceso/listarSolicitudProceso.xhtml HTTP/1.1" 200 44646
152.203.186.225 - - [19/Sep/2023:09:47:20 -0500] "POST /sipse/faces/presentacion/financiero/solicitudProceso/listarSolicitudProceso.xhtml HTTP/1.1" 200 44634
152.203.186.225 - - [19/Sep/2023:09:47:22 -0500] "POST /sipse/faces/presentacion/financiero/solicitudProceso/listarSolicitudProceso.xhtml HTTP/1.1" 200 17655
152.203.186.225 - - [19/Sep/2023:09:47:27 -0500] "POST /sipse/faces/presentacion/financiero/solicitudProceso/listarSolicitudProceso.xhtml HTTP/1.1" 200 150148
152.203.186.225 - - [19/Sep/2023:09:47:28 -0500] "GET /sipse/faces/javax.faces.resource/theme.css?ln=primefaces-sipse HTTP/1.1" 304 -
152.203.186.225 - - [19/Sep/2023:09:47:28 -0500] "GET /sipse/faces/javax.faces.resource/primefaces.css?ln=primefaces&v=4.0 HTTP/1.1" 304 -
152.203.186.225 - - [19/Sep/2023:09:47:28 -0500] "GET /sipse/faces/javax.faces.resource/layout/layout.css?ln=primefaces&v=4.0 HTTP/1.1" 304 -
152.203.186.225 - - [19/Sep/2023:09:47:28 -0500] "GET /sipse/faces/javax.faces.resource/jquery/jquery.js?ln=primefaces&v=4.0 HTTP/1.1" 304 -
152.203.186.225 - - [19/Sep/2023:09:47:28 -0500] "GET /sipse/faces/javax.faces.resource/jquery/jquery-plugins.js?ln=primefaces&v=4.0 HTTP/1.1" 304 -
152.203.186.225 - - [19/Sep/2023:09:47:28 -0500] "GET /sipse/faces/javax.faces.resource/primefaces.js?ln=primefaces&v=4.0 HTTP/1.1" 304 -
152.203.186.225 - - [19/Sep/2023:09:47:28 -0500] "GET /sipse/faces/javax.faces.resource/layout/layout.js?ln=primefaces&v=4.0 HTTP/1.1" 304 -
152.203.186.225 - - [19/Sep/2023:09:47:29 -0500] "GET /sipse/faces/javax.faces.resource/dynamiccontent.properties?ln=primefaces&pfdrid=XjOR5%2F%2FfPAZAuY9TpWQeCiM0BhlXxYRBGKi%2FQcXXfeA%3D&pfdrid_c=false HTTP/1.1" 500 383
152.203.186.225 - - [19/Sep/2023:09:47:35 -0500] "POST /sipse/faces/presentacion/financiero/solicitudProceso/consultarSolicitudProceso.xhtml HTTP/1.1" 200 576380
66.249.66.192 - - [19/Sep/2023:09:47:36 -0500] "GET /compania-nacional-de-chocolates-cerescos-y-cablemovil-entre-las-empresas-que-han-implementado-proyectos-ambientales-exitosos.html HTTP/1.1" 304 -
192.168.176.30 - - [19/Sep/2023:09:47:38 -0500] "POST /BLA/boletinlegal/admin/actos/ingresar.php HTTP/1.1" 200 2102
192.168.176.30 - - [19/Sep/2023:09:47:39 -0500] "GET /BLA/boletinlegal/admin/actos/ingresar.php HTTP/1.1" 200 7209
172.22.2.4 - - [19/Sep/2023:09:48:01 -0500] "GET /BLA/boletinlegal/actos.php HTTP/1.1" 200 9682
201.245.192.253 - - [19/Sep/2023:09:48:04 -0500] "GET /BLA/resoluciones/ HTTP/1.1" 200 13696
201.245.192.253 - - [19/Sep/2023:09:48:07 -0500] "GET /BLA/resoluciones/index.php?dir=AUTOS+2023%2F HTTP/1.1" 200 286993
201.245.192.253 - - [19/Sep/2023:09:48:19 -0500] "GET /BLA/resoluciones/AUTOS%202023/3287.pdf HTTP/1.1" 200 333169
201.245.192.253 - - [19/Sep/2023:09:48:22 -0500] "POST /sipse/faces/presentacion/financiero/solicitudProceso/listarSolicitudProceso.xhtml HTTP/1.1" 200 1693
201.245.192.253 - - [19/Sep/2023:09:48:23 -0500] "POST /sipse/faces/presentacion/financiero/solicitudProceso/listarSolicitudProceso.xhtml HTTP/1.1" 200 1685
201.245.192.253 - - [19/Sep/2023:09:48:23 -0500] "POST /sipse/faces/presentacion/financiero/solicitudProceso/listarSolicitudProceso.xhtml HTTP/1.1" 200 13173
201.245.192.253 - - [19/Sep/2023:09:48:24 -0500] "POST /sipse/faces/presentacion/financiero/solicitudProceso/listarSolicitudProceso.xhtml HTTP/1.1" 200 1685
201.245.192.253 - - [19/Sep/2023:09:48:26 -0500] "POST /sipse/faces/presentacion/financiero/solicitudProceso/listarSolicitudProceso.xhtml HTTP/1.1" 200 25853
201.245.192.253 - - [19/Sep/2023:09:48:27 -0500] "POST /sipse/faces/presentacion/financiero/solicitudProceso/listarSolicitudProceso.xhtml HTTP/1.1" 200 25853
201.245.192.253 - - [19/Sep/2023:09:48:27 -0500] "POST /sipse/faces/presentacion/financiero/solicitudProceso/listarSolicitudProceso.xhtml HTTP/1.1" 200 1368
201.245.192.253 - - [19/Sep/2023:09:48:27 -0500] "POST /sipse/faces/presentacion/financiero/solicitudProceso/listarSolicitudProceso.xhtml HTTP/1.1" 200 1372
201.245.192.253 - - [19/Sep/2023:09:48:29 -0500] "POST /sipse/faces/presentacion/financiero/solicitudProceso/listarSolicitudProceso.xhtml HTTP/1.1" 200 4442
201.245.192.253 - - [19/Sep/2023:09:48:29 -0500] "POST /sipse/faces/presentacion/financiero/solicitudProceso/listarSolicitudProceso.xhtml HTTP/1.1" 200 16084
201.245.192.253 - - [19/Sep/2023:09:48:29 -0500] "POST /sipse/faces/presentacion/financiero/solicitudProceso/listarSolicitudProceso.xhtml HTTP/1.1" 200 4422
201.245.192.253 - - [19/Sep/2023:09:48:33 -0500] "POST /sipse/faces/presentacion/financiero/solicitudProceso/listarSolicitudProceso.xhtml HTTP/1.1" 200 4430
201.245.192.253 - - [19/Sep/2023:09:48:36 -0500] "GET /BLA/resoluciones/index.php?dir= HTTP/1.1" 200 13696
201.245.192.253 - - [19/Sep/2023:09:48:39 -0500] "GET /BLA/resoluciones/index.php?dir=AUTOS+2020%2F HTTP/1.1" 200 331546
193.22.147.147 - - [19/Sep/2023:09:48:43 -0500] "GET /semana-bogota-reverdece-se-plantaron-200-nuevos-arboles-en-el-humedal-tingua-azul-bosa.html HTTP/1.1" 200 896
172.22.2.4 - - [19/Sep/2023:09:48:00 -0500] "GET /BLA/boletinlegal/ HTTP/1.1" 200 24523
186.154.248.228 - - [19/Sep/2023:09:49:07 -0500] "GET /BLA/boletinlegal/actos.php HTTP/1.1" 200 9682
172.22.2.4 - - [19/Sep/2023:09:48:00 -0500] "HEAD /BLA/boletinlegal/ HTTP/1.1" 200 -
186.154.36.149 - - [19/Sep/2023:09:49:45 -0500] "GET /BLA/resoluciones/RESOLUCIONES%202022/4310.pdf HTTP/1.1" 200 1224931
192.168.176.30 - - [19/Sep/2023:09:50:12 -0500] "POST /BLA/boletinlegal/admin/actos/ingresar.php HTTP/1.1" 200 7302
216.244.66.195 - - [19/Sep/2023:09:50:15 -0500] "GET /BLA/resoluciones/AUTOS%202020/0108.pdf HTTP/1.1" 200 253104
186.102.96.133 - - [19/Sep/2023:09:50:30 -0500] "GET /kwssiamovil/sm/acme/u?s=U2FsdGVkX1/f/z3TBnTuJg2KUdpVQQCtWEcRx25tGgmj45mnYTRYFzhXwwDr8qX8Z0JXNkjxqu51KDftCn5P84NneWrVbhXQJIxpbfygyPts5++npgNcTuhVUpgH0lN+kLOUUxAWitW3YIXHWvr3qCnHxX2QjRNQxeTkvFN8FZw=&u=U2FsdGVkX1/MhAOrra5mpxIRDdfrIzn232Ya4hYR+rY=&y=U2FsdGVkX18Tm5AwDZXDgnD1EdfCRMED9x9RWv4dego= HTTP/1.1" 200 60
172.22.2.4 - - [19/Sep/2023:09:48:50 -0500] "GET /BLA/boletinlegal/ HTTP/1.1" 200 57790
186.102.96.133 - - [19/Sep/2023:09:50:35 -0500] "GET /kwssiamovil/sm/acme/u?s=U2FsdGVkX1/ddYz6m1y+1pVwfgPvTn1rJ8OPDyUyrH66FHz8Obf1E7pe12jYB8B3/Ivt/SOAdDLJCi2JE+TjV78FN1rq2B1EVsVlB2VJnoZpQcrkJ4sZIuWmCi/JdcWaqJfmmNCBgtN1cv7yamvLiGBujDVtwC8DJ83G8dcyDkw=&u=U2FsdGVkX1/MhAOrra5mpxIRDdfrIzn232Ya4hYR+rY=&y=U2FsdGVkX18Tm5AwDZXDgnD1EdfCRMED9x9RWv4dego= HTTP/1.1" 200 60
186.102.96.133 - - [19/Sep/2023:09:50:40 -0500] "GET /kwssiamovil/sm/acme/u?s=U2FsdGVkX1+gqRvRrbZqhfdzyIAE9cr2UkWAkasmVJ3XciRn+QKQIzBZMQTsl8WaWmohTrPXP+tvp5TKfN5r0VAh+PtOko4jJqS0xu/KeRmyXBayBvY4oIf8zWGFZuIVNMl1gpSwodnkcZ38RRViBZkNf1V4ae+ulAsZbRWi38M=&u=U2FsdGVkX1/MhAOrra5mpxIRDdfrIzn232Ya4hYR+rY=&y=U2FsdGVkX18Tm5AwDZXDgnD1EdfCRMED9x9RWv4dego= HTTP/1.1" 200 60
172.22.2.4 - - [19/Sep/2023:09:50:50 -0500] "GET /BLA/boletinlegal/.env HTTP/1.1" 404 1018
216.244.66.195 - - [19/Sep/2023:09:51:00 -0500] "GET /BLA/resoluciones/AUTOS%202020/0872.pdf HTTP/1.1" 200 355052
186.102.96.133 - - [19/Sep/2023:09:51:08 -0500] "GET /kwssiamovil/sm/ldap/au?x=U2FsdGVkX1/6DddaGL78cHoKxU96AVcVouq92HdFItHixCVlQ2hyiCR8zXy3WH+L&y=U2FsdGVkX1+WFNUbshPTxiyYIOhWg12mz52WEMzP69A= HTTP/1.1" 200 30
186.102.96.133 - - [19/Sep/2023:09:51:08 -0500] "GET /kwssiamovil/sm/acme/s?s=U2FsdGVkX1+ZDcjuUAgDa8W/uSyzvQJVmjoFYOn4mmUESsnwmcHcAj4ywiZA73IHucYxcI4hrYjekZu7i4R3Uw4JQ+OIvjtUWUQjYGMtF4Q=&u=U2FsdGVkX196AU9i/VGTa/0DbYB2g7cYfGmaKsJC5uQ=&y=U2FsdGVkX1+WFNUbshPTxiyYIOhWg12mz52WEMzP69A= HTTP/1.1" 200 97
186.102.96.133 - - [19/Sep/2023:09:51:08 -0500] "GET /kwssiamovil/sm/acme/s?s=U2FsdGVkX19fUZrAa9ekM/qd3EYRtRiblRPuEqXFWqmbo8OYgg6ERdS4+vbAAIKDediLwiKOqjtSymgQ4hinbW6i5665rJtRBPuzNegYpjkErU7QYzGz8ifNcLBjs60SVMPYaiAZusqO0Y0YmRVYIiyPXqmlGhBygfFWDhB12G7TxXt8m7rjyiWwny9ee692CTgVdBb9rfHi/wAoV7HkcrtrVizKbZVn07ePlLCWqd0izrBsD08gZTQ4MXby11/3LneIH5ft+sQveZUUex8uN0dTigT9g2Qa23L+vs4DxZ43+QadCW1d5iGL4XERY7H14BrsMcfjkQrEq4NO+zO9m+AlUfKJG8Xn+Q8oDthHRjZmxF2HxSmBJl6OEh923n538nPh8jF/kw2YcQYVD+RbDACcsNEZmemAXA0M95Lnzke/jJ2f6Pp+y68k/ajz10s6pg3o0in66AqG9sopXPDD8tefUuroGxIC3ljNOP/U48btBVQIrjMZjZRzzdMNpH2iSKGmuzhk3756eOFmcuaPrK3lOeCIo91ryVVapD/X8ia6nhu20R4fbJMQCEOahClKmHB1uLI3zp930yWYvqMG4mPNkVjrMuohkM6XmYMxYAZHPUFu6R6Rg7qkFC4dJF/1rOAFfCAb3kJjZWjb+Rf0anm/9yTi4qDTjwYcEy5WLkaM0YBxkElEsxVsawy7EHQqHDICHML8nIN1Acl8CDdmCn13ya27xhlRn52PFno63+njNSSAu0B6TWtHwWSEBIPgxvsdQ1ewOuzw7byPLqzJ9LmUZ7GZc6qIrMPpy5klkjzhjkzhtENLaxczsUJXhvJMtz8eFx/CjVCUXN6kL2p/Q0N59upJR+BcivspQw3Ci6TPj4lUPRD5J2sBq0Sc6VpDRVuUDaQN3xn6Ts4xPsBjJZOXFe9RCH+39RZgnD8g1T1Ttx/69AtoqCjE4WZ1gvur2eaaBcPb77ZwKXzQmeNyX085yUbpr2xUG7M6ce1hMAFX8x+Y/UlKguLCvQpBNS4sTDKYjP1uWGRJS0ljQoqXXe0m0hCprk88qJYh0GGBTq+Eg3szZptqUQ7HzL0G1GV5g0LekscVhXnUEs5n+y5yz1uzK6wmKpub+LzEjnjck9WMC6jLgwecYna3j6dl9xDQjwPc7CHnlhFXYXRz+4H6We5vJVd3rzsRX1CTg2KvlJUVbzjlinlIMoi0h7kT7sUrYh5BNoFNqPIHrLMvwXOBtrpCtm1ebBZ+Y+x8PJ0uqLM1QHr2GbNSEUeOLNRxeg+suweflR6awy2JtoDJyw7+6oKdmfvQd74kHvgoguG76jCKTL5GCTCUJyxX4H1QAp0TIKzbkQRiSf6yh3+gbZ9+h6b4/WhUFponxGWVsLf96HsSnzviQWBY2Qjaaur+wkc7uI422nnp5wb8ra7CIdpGrWiB1heF2v4Z2CuGM+jgruA=&u=U2FsdGVkX196AU9i/VGTa/0DbYB2g7cYfGmaKsJC5uQ=&y=U2FsdGVkX1+WFNUbshPTxiyYIOhWg12mz52WEMzP69A= HTTP/1.1" 200 360
186.102.96.133 - - [19/Sep/2023:09:51:08 -0500] "GET /kwssiamovil/sm/acme/s?s=U2FsdGVkX1/I7112z4OsQhqGeP0sBMxx+TY2Q7+Mi3pYOahI5Fzahdxc+S6hS2ls2XbmCJu3IP0D4Mpu8js1tsAZIeZzwlLGSsPJCNqq0PD3FPwTYmPvQnx9nrrQlVciU6qTlHELJU8ldM3UNcimfWw4tAXJSFOQTKpRwksdVixHFMxleQYp91DUZ/hcdVJjx8UoCtfZxAdmkv5MqtQSYtfryk8bd7RF26cSMwL9Gr7VOTzkQzSY1ZlSBbJrDEoMF141dAalGrMtgoZlFnqxAEmp1LbjUpL8rDREZ3PSj3ePDpgEX0jRz49NfS/K+5jEq7aVu14un/AgeakxJ8lLkA==&u=U2FsdGVkX196AU9i/VGTa/0DbYB2g7cYfGmaKsJC5uQ=&y=U2FsdGVkX1+WFNUbshPTxiyYIOhWg12mz52WEMzP69A= HTTP/1.1" 200 196
186.102.96.133 - - [19/Sep/2023:09:51:08 -0500] "GET /kwssiamovil/sm/cjson/pre?f=1&x=U2FsdGVkX1/6DddaGL78cHoKxU96AVcVouq92HdFItHixCVlQ2hyiCR8zXy3WH+L HTTP/1.1" 200 31032
192.168.176.30 - - [19/Sep/2023:09:51:20 -0500] "POST /BLA/boletinlegal/admin/actos/ingresar.php HTTP/1.1" 200 7302
201.245.192.253 - - [19/Sep/2023:09:51:26 -0500] "POST /kwsrmcab/Wsrmcab  HTTP/1.1" 200 39305
216.244.66.195 - - [19/Sep/2023:09:51:47 -0500] "GET /BLA/resoluciones/AUTOS%202020/1030.pdf HTTP/1.1" 200 367314
216.245.221.92 - - [19/Sep/2023:09:52:08 -0500] "HEAD / HTTP/1.1" 200 -
192.168.176.30 - - [19/Sep/2023:09:52:23 -0500] "POST /BLA/boletinlegal/admin/actos/ingresar.php HTTP/1.1" 200 7302
216.244.66.195 - - [19/Sep/2023:09:52:36 -0500] "GET /BLA/resoluciones/AUTOS%202020/1193.pdf HTTP/1.1" 200 837232
201.245.192.253 - - [19/Sep/2023:09:52:54 -0500] "POST /forms/lservlet;jsessionid=ac16012b30d60c6715de23504df9b759932fed63c24f.e3iSbxaKaheRe34Pbx8Nc3aQci1ynknvrkLOlQzNp65In0 HTTP/1.1" 200 13
201.245.192.253 - - [19/Sep/2023:09:52:55 -0500] "POST /forms/lservlet;jsessionid=ac16012b30d60c6715de23504df9b759932fed63c24f.e3iSbxaKaheRe34Pbx8Nc3aQci1ynknvrkLOlQzNp65In0 HTTP/1.1" 200 13
201.245.192.253 - - [19/Sep/2023:09:52:56 -0500] "POST /forms/lservlet;jsessionid=ac16012b30d60c6715de23504df9b759932fed63c24f.e3iSbxaKaheRe34Pbx8Nc3aQci1ynknvrkLOlQzNp65In0 HTTP/1.1" 200 13
201.245.192.253 - - [19/Sep/2023:09:52:57 -0500] "POST /forms/lservlet;jsessionid=ac16012b30d60c6715de23504df9b759932fed63c24f.e3iSbxaKaheRe34Pbx8Nc3aQci1ynknvrkLOlQzNp65In0 HTTP/1.1" 200 13
201.245.192.253 - - [19/Sep/2023:09:52:58 -0500] "POST /forms/lservlet;jsessionid=ac16012b30d60c6715de23504df9b759932fed63c24f.e3iSbxaKaheRe34Pbx8Nc3aQci1ynknvrkLOlQzNp65In0 HTTP/1.1" 200 13
201.245.192.253 - - [19/Sep/2023:09:52:59 -0500] "POST /forms/lservlet;jsessionid=ac16012b30d60c6715de23504df9b759932fed63c24f.e3iSbxaKaheRe34Pbx8Nc3aQci1ynknvrkLOlQzNp65In0 HTTP/1.1" 200 13
216.244.66.195 - - [19/Sep/2023:09:53:26 -0500] "GET /BLA/resoluciones/AUTOS%202020/1232.pdf HTTP/1.1" 200 751071
192.168.176.30 - - [19/Sep/2023:09:53:33 -0500] "POST /BLA/boletinlegal/admin/actos/ingresar.php HTTP/1.1" 200 7302
152.203.186.225 - - [19/Sep/2023:09:53:35 -0500] "POST /sipse/faces/presentacion/financiero/solicitudProceso/consultarSolicitudProceso.xhtml HTTP/1.1" 200 40517
152.203.186.225 - - [19/Sep/2023:09:53:36 -0500] "GET /sipse/faces/javax.faces.resource/theme.css?ln=primefaces-sipse HTTP/1.1" 304 -
152.203.186.225 - - [19/Sep/2023:09:53:36 -0500] "GET /sipse/faces/javax.faces.resource/primefaces.css?ln=primefaces&v=4.0 HTTP/1.1" 304 -
152.203.186.225 - - [19/Sep/2023:09:53:36 -0500] "GET /sipse/faces/javax.faces.resource/layout/layout.css?ln=primefaces&v=4.0 HTTP/1.1" 304 -
152.203.186.225 - - [19/Sep/2023:09:53:36 -0500] "GET /sipse/faces/javax.faces.resource/jquery/jquery.js?ln=primefaces&v=4.0 HTTP/1.1" 304 -
152.203.186.225 - - [19/Sep/2023:09:53:36 -0500] "GET /sipse/faces/javax.faces.resource/jquery/jquery-plugins.js?ln=primefaces&v=4.0 HTTP/1.1" 304 -
152.203.186.225 - - [19/Sep/2023:09:53:36 -0500] "GET /sipse/faces/javax.faces.resource/primefaces.js?ln=primefaces&v=4.0 HTTP/1.1" 304 -
152.203.186.225 - - [19/Sep/2023:09:53:36 -0500] "GET /sipse/faces/javax.faces.resource/layout/layout.js?ln=primefaces&v=4.0 HTTP/1.1" 304 -
152.203.186.225 - - [19/Sep/2023:09:53:36 -0500] "GET /sipse/css/imagen/contrasena.png HTTP/1.1" 404 383
152.203.186.225 - - [19/Sep/2023:09:53:36 -0500] "GET /sipse/faces/javax.faces.resource/images/ui-icons_898989_256x240.png?ln=primefaces-aristo HTTP/1.1" 304 -
152.203.186.225 - - [19/Sep/2023:09:53:36 -0500] "GET /sipse/faces/javax.faces.resource/images/ui-bg_flat_0_2d5972_40x100.png?ln=primefaces-aristo HTTP/1.1" 304 -
152.203.186.225 - - [19/Sep/2023:09:53:36 -0500] "POST /sipse/faces/presentacion/financiero/solicitudProceso/listarSolicitudProceso.xhtml HTTP/1.1" 200 1404
152.203.186.225 - - [19/Sep/2023:09:53:37 -0500] "POST /sipse/faces/presentacion/financiero/solicitudProceso/listarSolicitudProceso.xhtml HTTP/1.1" 200 1384
152.203.186.225 - - [19/Sep/2023:09:53:39 -0500] "POST /sipse/faces/presentacion/financiero/solicitudProceso/listarSolicitudProceso.xhtml HTTP/1.1" 200 44372
152.203.186.225 - - [19/Sep/2023:09:53:40 -0500] "POST /sipse/faces/presentacion/financiero/solicitudProceso/listarSolicitudProceso.xhtml HTTP/1.1" 200 44360
152.203.186.225 - - [19/Sep/2023:09:53:42 -0500] "POST /sipse/faces/presentacion/financiero/solicitudProceso/listarSolicitudProceso.xhtml HTTP/1.1" 200 14845
152.203.186.225 - - [19/Sep/2023:09:53:45 -0500] "POST /sipse/faces/presentacion/financiero/solicitudProceso/listarSolicitudProceso.xhtml HTTP/1.1" 200 15913
152.203.186.225 - - [19/Sep/2023:09:53:47 -0500] "POST /sipse/faces/presentacion/financiero/solicitudProceso/listarSolicitudProceso.xhtml HTTP/1.1" 200 40809
152.203.186.225 - - [19/Sep/2023:09:53:47 -0500] "GET /sipse/faces/javax.faces.resource/theme.css?ln=primefaces-sipse HTTP/1.1" 304 -
152.203.186.225 - - [19/Sep/2023:09:53:47 -0500] "GET /sipse/faces/javax.faces.resource/primefaces.css?ln=primefaces&v=4.0 HTTP/1.1" 304 -
152.203.186.225 - - [19/Sep/2023:09:53:47 -0500] "GET /sipse/faces/javax.faces.resource/layout/layout.css?ln=primefaces&v=4.0 HTTP/1.1" 304 -
152.203.186.225 - - [19/Sep/2023:09:53:47 -0500] "GET /sipse/faces/javax.faces.resource/jquery/jquery.js?ln=primefaces&v=4.0 HTTP/1.1" 304 -
152.203.186.225 - - [19/Sep/2023:09:53:47 -0500] "GET /sipse/faces/javax.faces.resource/jquery/jquery-plugins.js?ln=primefaces&v=4.0 HTTP/1.1" 304 -
152.203.186.225 - - [19/Sep/2023:09:53:48 -0500] "GET /sipse/faces/javax.faces.resource/primefaces.js?ln=primefaces&v=4.0 HTTP/1.1" 304 -
152.203.186.225 - - [19/Sep/2023:09:53:48 -0500] "GET /sipse/faces/javax.faces.resource/layout/layout.js?ln=primefaces&v=4.0 HTTP/1.1" 304 -
152.203.186.225 - - [19/Sep/2023:09:53:55 -0500] "POST /sipse/faces/presentacion/financiero/solicitudProceso/consultar.xhtml HTTP/1.1" 200 12685
201.245.192.253 - - [19/Sep/2023:09:53:59 -0500] "GET /forms/frmservlet?config=sai HTTP/1.1" 200 4134
152.203.186.225 - - [19/Sep/2023:09:54:01 -0500] "POST /sipse/faces/presentacion/financiero/solicitudProceso/consultar.xhtml HTTP/1.1" 200 135262
152.203.186.225 - - [19/Sep/2023:09:54:02 -0500] "GET /sipse/faces/javax.faces.resource/theme.css?ln=primefaces-sipse HTTP/1.1" 304 -
152.203.186.225 - - [19/Sep/2023:09:54:02 -0500] "GET /sipse/faces/javax.faces.resource/layout/layout.css?ln=primefaces&v=4.0 HTTP/1.1" 304 -
152.203.186.225 - - [19/Sep/2023:09:54:02 -0500] "GET /sipse/faces/javax.faces.resource/primefaces.css?ln=primefaces&v=4.0 HTTP/1.1" 304 -
152.203.186.225 - - [19/Sep/2023:09:54:02 -0500] "GET /sipse/faces/javax.faces.resource/jquery/jquery.js?ln=primefaces&v=4.0 HTTP/1.1" 304 -
201.245.192.253 - - [19/Sep/2023:09:54:02 -0500] "GET /forms/frmservlet?config=sai HTTP/1.1" 200 4042
152.203.186.225 - - [19/Sep/2023:09:54:02 -0500] "GET /sipse/faces/javax.faces.resource/jquery/jquery-plugins.js?ln=primefaces&v=4.0 HTTP/1.1" 304 -
152.203.186.225 - - [19/Sep/2023:09:54:02 -0500] "GET /sipse/faces/javax.faces.resource/primefaces.js?ln=primefaces&v=4.0 HTTP/1.1" 304 -
152.203.186.225 - - [19/Sep/2023:09:54:02 -0500] "GET /sipse/faces/javax.faces.resource/layout/layout.js?ln=primefaces&v=4.0 HTTP/1.1" 304 -
152.203.186.225 - - [19/Sep/2023:09:54:02 -0500] "GET /sipse/faces/javax.faces.resource/dynamiccontent.properties?ln=primefaces&pfdrid=XjOR5%2F%2FfPAZAuY9TpWQeCiM0BhlXxYRBGKi%2FQcXXfeA%3D&pfdrid_c=false HTTP/1.1" 500 383
201.245.192.253 - - [19/Sep/2023:09:54:04 -0500] "GET /forms/java/frmall_jinit.jar HTTP/1.1" 304 -
201.245.192.253 - - [19/Sep/2023:09:54:04 -0500] "GET /forms/java/icons.jar HTTP/1.1" 304 -
201.245.192.253 - - [19/Sep/2023:09:54:04 -0500] "GET /forms/java/java/awt/KeyboardFocusManager.class HTTP/1.1" 404 352
201.245.192.253 - - [19/Sep/2023:09:54:04 -0500] "GET /forms/java/java/awt/KeyboardFocusManager.class HTTP/1.1" 404 352
201.245.192.253 - - [19/Sep/2023:09:54:05 -0500] "GET /favicon.ico HTTP/1.1" 200 7782
201.245.192.253 - - [19/Sep/2023:09:54:05 -0500] "GET /forms/java/java/awt/event/MouseWheelListener.class HTTP/1.1" 404 356
201.245.192.253 - - [19/Sep/2023:09:54:05 -0500] "GET /forms/java/java/awt/event/MouseWheelListener.class HTTP/1.1" 404 356
201.245.192.253 - - [19/Sep/2023:09:54:05 -0500] "GET /forms/java/oracle/forms/registry/Registry.dat HTTP/1.1" 200 4213
201.245.192.253 - - [19/Sep/2023:09:54:05 -0500] "GET /forms/java/oracle/forms/registry/default.dat HTTP/1.1" 404 350
201.245.192.253 - - [19/Sep/2023:09:54:05 -0500] "GET /forms/frmservlet?config=sai&acceptLanguage=es-CO,es;q=0.5&ifcmd=startsession HTTP/1.1" 200 118
201.245.192.253 - - [19/Sep/2023:09:54:05 -0500] "GET /forms/lservlet;jsessionid=ac16012b30d67c16897d930946d5be7195f5eccf284e.e3iSbxaKaheRe34Pbx8Nc3aQci1ynknvrkLOlQzNp65In0?ifcmd=getinfo&ifhost=A1DGCAC7ST8&ifip=192.168.173.55 HTTP/1.1" 200 8
201.245.192.253 - - [19/Sep/2023:09:54:05 -0500] "POST /forms/lservlet;jsessionid=ac16012b30d67c16897d930946d5be7195f5eccf284e.e3iSbxaKaheRe34Pbx8Nc3aQci1ynknvrkLOlQzNp65In0 HTTP/1.1" 200 8
201.245.192.253 - - [19/Sep/2023:09:54:06 -0500] "GET /forms/java/oracle/forms/engine/RunformBundle_es_CO.class HTTP/1.1" 404 362
201.245.192.253 - - [19/Sep/2023:09:54:06 -0500] "GET /forms/java/oracle/forms/engine/RunformBundle_es_CO.class HTTP/1.1" 404 362
201.245.192.253 - - [19/Sep/2023:09:54:06 -0500] "GET /forms/java/oracle/forms/engine/RunformBundle_es_CO.properties HTTP/1.1" 404 367
201.245.192.253 - - [19/Sep/2023:09:54:06 -0500] "POST /forms/lservlet;jsessionid=ac16012b30d67c16897d930946d5be7195f5eccf284e.e3iSbxaKaheRe34Pbx8Nc3aQci1ynknvrkLOlQzNp65In0 HTTP/1.1" 200 2728
201.245.192.253 - - [19/Sep/2023:09:54:07 -0500] "POST /forms/lservlet;jsessionid=ac16012b30d67c16897d930946d5be7195f5eccf284e.e3iSbxaKaheRe34Pbx8Nc3aQci1ynknvrkLOlQzNp65In0 HTTP/1.1" 200 2
201.245.192.253 - - [19/Sep/2023:09:54:07 -0500] "POST /forms/lservlet;jsessionid=ac16012b30d67c16897d930946d5be7195f5eccf284e.e3iSbxaKaheRe34Pbx8Nc3aQci1ynknvrkLOlQzNp65In0 HTTP/1.1" 200 2
216.244.66.195 - - [19/Sep/2023:09:54:16 -0500] "GET /BLA/resoluciones/AUTOS%202020/1233.pdf HTTP/1.1" 200 860966
201.245.192.253 - - [19/Sep/2023:09:54:22 -0500] "POST /forms/lservlet;jsessionid=ac16012b30d67c16897d930946d5be7195f5eccf284e.e3iSbxaKaheRe34Pbx8Nc3aQci1ynknvrkLOlQzNp65In0 HTTP/1.1" 200 3396
201.245.192.253 - - [19/Sep/2023:09:54:23 -0500] "HEAD /imagenes/rt_pset.gif HTTP/1.1" 200 -
201.245.192.253 - - [19/Sep/2023:09:54:23 -0500] "HEAD /imagenes/rt_exit.gif HTTP/1.1" 200 -
201.245.192.253 - - [19/Sep/2023:09:54:23 -0500] "HEAD /imagenes/rt_help.gif HTTP/1.1" 200 -
201.245.192.253 - - [19/Sep/2023:09:54:23 -0500] "GET /imagenes/rt_exit.gif HTTP/1.1" 200 916
201.245.192.253 - - [19/Sep/2023:09:54:23 -0500] "POST /forms/lservlet;jsessionid=ac16012b30d67c16897d930946d5be7195f5eccf284e.e3iSbxaKaheRe34Pbx8Nc3aQci1ynknvrkLOlQzNp65In0 HTTP/1.1" 200 7
201.245.192.253 - - [19/Sep/2023:09:54:23 -0500] "POST /forms/lservlet;jsessionid=ac16012b30d67c16897d930946d5be7195f5eccf284e.e3iSbxaKaheRe34Pbx8Nc3aQci1ynknvrkLOlQzNp65In0 HTTP/1.1" 200 2
201.245.192.253 - - [19/Sep/2023:09:54:23 -0500] "POST /forms/lservlet;jsessionid=ac16012b30d67c16897d930946d5be7195f5eccf284e.e3iSbxaKaheRe34Pbx8Nc3aQci1ynknvrkLOlQzNp65In0 HTTP/1.1" 200 2
201.245.192.253 - - [19/Sep/2023:09:54:23 -0500] "POST /forms/lservlet;jsessionid=ac16012b30d67c16897d930946d5be7195f5eccf284e.e3iSbxaKaheRe34Pbx8Nc3aQci1ynknvrkLOlQzNp65In0 HTTP/1.1" 200 2
201.245.192.253 - - [19/Sep/2023:09:54:23 -0500] "POST /forms/lservlet;jsessionid=ac16012b30d67c16897d930946d5be7195f5eccf284e.e3iSbxaKaheRe34Pbx8Nc3aQci1ynknvrkLOlQzNp65In0 HTTP/1.1" 200 2
191.95.162.216 - - [19/Sep/2023:09:54:30 -0500] "GET /sipse/faces/index.xhtml HTTP/1.1" 200 677
191.95.162.216 - - [19/Sep/2023:09:54:30 -0500] "GET /sipse/faces/javax.faces.resource/theme.css?ln=primefaces-sipse HTTP/1.1" 304 -
191.95.162.216 - - [19/Sep/2023:09:54:30 -0500] "GET /sipse/faces/faces/autenticacion.xhtml HTTP/1.1" 200 12415
191.95.162.216 - - [19/Sep/2023:09:54:30 -0500] "GET /sipse/js/disable_browser_buttons.js HTTP/1.1" 304 -
191.95.162.216 - - [19/Sep/2023:09:54:30 -0500] "GET /sipse/css/custom_css_sg_prime_login.css HTTP/1.1" 200 443
191.95.162.216 - - [19/Sep/2023:09:54:30 -0500] "GET /sipse/css/custom_css_sg.css HTTP/1.1" 304 -
191.95.162.216 - - [19/Sep/2023:09:54:30 -0500] "GET /sipse/faces/javax.faces.resource/theme.css?ln=primefaces-sipse HTTP/1.1" 304 -
191.95.162.216 - - [19/Sep/2023:09:54:30 -0500] "GET /sipse/js/funciones.js HTTP/1.1" 304 -
191.95.162.216 - - [19/Sep/2023:09:54:31 -0500] "GET /sipse/faces/javax.faces.resource/jquery/jquery.js?ln=primefaces&v=4.0 HTTP/1.1" 304 -
191.95.162.216 - - [19/Sep/2023:09:54:31 -0500] "GET /sipse/faces/javax.faces.resource/layout/layout.css?ln=primefaces&v=4.0 HTTP/1.1" 304 -
191.95.162.216 - - [19/Sep/2023:09:54:31 -0500] "GET /sipse/faces/javax.faces.resource/primefaces.css?ln=primefaces&v=4.0 HTTP/1.1" 304 -
191.95.162.216 - - [19/Sep/2023:09:54:31 -0500] "GET /sipse/faces/javax.faces.resource/primefaces.js?ln=primefaces&v=4.0 HTTP/1.1" 304 -
191.95.162.216 - - [19/Sep/2023:09:54:31 -0500] "GET /sipse/faces/javax.faces.resource/jquery/jquery-plugins.js?ln=primefaces&v=4.0 HTTP/1.1" 304 -
191.95.162.216 - - [19/Sep/2023:09:54:31 -0500] "GET /sipse/faces/javax.faces.resource/layout/layout.js?ln=primefaces&v=4.0 HTTP/1.1" 304 -
191.95.162.216 - - [19/Sep/2023:09:54:31 -0500] "GET /sipse/faces/javax.faces.resource/images/ui-icons_898989_256x240.png?ln=primefaces-aristo HTTP/1.1" 200 5355
191.95.162.216 - - [19/Sep/2023:09:54:31 -0500] "GET /sipse/css/imagen/logoSDG.png HTTP/1.1" 200 53064
191.95.162.216 - - [19/Sep/2023:09:54:31 -0500] "GET /sipse/css/imagen/loginimg.png HTTP/1.1" 200 71635
201.245.192.253 - - [19/Sep/2023:09:54:35 -0500] "POST /forms/lservlet;jsessionid=ac16012b30d67c16897d930946d5be7195f5eccf284e.e3iSbxaKaheRe34Pbx8Nc3aQci1ynknvrkLOlQzNp65In0 HTTP/1.1" 200 20042
201.245.192.253 - - [19/Sep/2023:09:54:35 -0500] "HEAD /imagenes/rt_quer1.gif HTTP/1.1" 200 -
201.245.192.253 - - [19/Sep/2023:09:54:35 -0500] "HEAD /imagenes/rt_quer2.gif HTTP/1.1" 200 -
201.245.192.253 - - [19/Sep/2023:09:54:35 -0500] "HEAD /imagenes/rt_quer3.gif HTTP/1.1" 200 -
201.245.192.253 - - [19/Sep/2023:09:54:35 -0500] "HEAD /imagenes/rt_radd.gif HTTP/1.1" 200 -
201.245.192.253 - - [19/Sep/2023:09:54:35 -0500] "HEAD /imagenes/rt_rdel.gif HTTP/1.1" 200 -
201.245.192.253 - - [19/Sep/2023:09:54:35 -0500] "HEAD /imagenes/rt_rec1.gif HTTP/1.1" 200 -
201.245.192.253 - - [19/Sep/2023:09:54:35 -0500] "HEAD /imagenes/rt_rec4.gif HTTP/1.1" 200 -
201.245.192.253 - - [19/Sep/2023:09:54:35 -0500] "HEAD /imagenes/rt_save.gif HTTP/1.1" 200 -
201.245.192.253 - - [19/Sep/2023:09:54:35 -0500] "HEAD /imagenes/rt_print.gif HTTP/1.1" 200 -
201.245.192.253 - - [19/Sep/2023:09:54:35 -0500] "HEAD /imagenes/listval.gif HTTP/1.1" 200 -
201.245.192.253 - - [19/Sep/2023:09:54:35 -0500] "GET /imagenes/rt_quer1.gif HTTP/1.1" 200 930
201.245.192.253 - - [19/Sep/2023:09:54:35 -0500] "GET /imagenes/rt_quer2.gif HTTP/1.1" 200 936
201.245.192.253 - - [19/Sep/2023:09:54:35 -0500] "GET /imagenes/rt_quer3.gif HTTP/1.1" 200 939
201.245.192.253 - - [19/Sep/2023:09:54:35 -0500] "GET /imagenes/rt_radd.gif HTTP/1.1" 200 907
201.245.192.253 - - [19/Sep/2023:09:54:35 -0500] "GET /imagenes/rt_rdel.gif HTTP/1.1" 200 899
201.245.192.253 - - [19/Sep/2023:09:54:35 -0500] "GET /imagenes/rt_rec1.gif HTTP/1.1" 200 867
201.245.192.253 - - [19/Sep/2023:09:54:35 -0500] "GET /imagenes/rt_rec4.gif HTTP/1.1" 200 865
201.245.192.253 - - [19/Sep/2023:09:54:35 -0500] "GET /imagenes/rt_save.gif HTTP/1.1" 200 903
201.245.192.253 - - [19/Sep/2023:09:54:35 -0500] "GET /imagenes/rt_print.gif HTTP/1.1" 200 916
201.245.192.253 - - [19/Sep/2023:09:54:35 -0500] "GET /imagenes/listval.gif HTTP/1.1" 200 905
201.245.192.253 - - [19/Sep/2023:09:54:35 -0500] "POST /forms/lservlet;jsessionid=ac16012b30d67c16897d930946d5be7195f5eccf284e.e3iSbxaKaheRe34Pbx8Nc3aQci1ynknvrkLOlQzNp65In0 HTTP/1.1" 200 10
201.245.192.253 - - [19/Sep/2023:09:54:36 -0500] "POST /forms/lservlet;jsessionid=ac16012b30d67c16897d930946d5be7195f5eccf284e.e3iSbxaKaheRe34Pbx8Nc3aQci1ynknvrkLOlQzNp65In0 HTTP/1.1" 200 24
201.245.192.253 - - [19/Sep/2023:09:54:38 -0500] "POST /forms/lservlet;jsessionid=ac16012b30d67c16897d930946d5be7195f5eccf284e.e3iSbxaKaheRe34Pbx8Nc3aQci1ynknvrkLOlQzNp65In0 HTTP/1.1" 200 22
191.95.162.216 - - [19/Sep/2023:09:54:39 -0500] "POST /sipse/faces/autenticacion.xhtml HTTP/1.1" 200 11162
191.95.162.216 - - [19/Sep/2023:09:54:39 -0500] "GET /sipse/css/custom_css_sg_prime.css HTTP/1.1" 304 -
191.95.162.216 - - [19/Sep/2023:09:54:39 -0500] "GET /sipse/faces/javax.faces.resource/primefaces.css?ln=primefaces&v=4.0 HTTP/1.1" 304 -
191.95.162.216 - - [19/Sep/2023:09:54:39 -0500] "GET /sipse/faces/javax.faces.resource/layout/layout.css?ln=primefaces&v=4.0 HTTP/1.1" 304 -
191.95.162.216 - - [19/Sep/2023:09:54:39 -0500] "GET /sipse/faces/javax.faces.resource/theme.css?ln=primefaces-sipse HTTP/1.1" 304 -
191.95.162.216 - - [19/Sep/2023:09:54:39 -0500] "GET /sipse/faces/javax.faces.resource/jquery/jquery.js?ln=primefaces&v=4.0 HTTP/1.1" 304 -
191.95.162.216 - - [19/Sep/2023:09:54:39 -0500] "GET /sipse/faces/javax.faces.resource/jquery/jquery-plugins.js?ln=primefaces&v=4.0 HTTP/1.1" 304 -
191.95.162.216 - - [19/Sep/2023:09:54:39 -0500] "GET /sipse/faces/javax.faces.resource/primefaces.js?ln=primefaces&v=4.0 HTTP/1.1" 304 -
191.95.162.216 - - [19/Sep/2023:09:54:39 -0500] "GET /sipse/faces/javax.faces.resource/layout/layout.js?ln=primefaces&v=4.0 HTTP/1.1" 304 -
191.95.162.216 - - [19/Sep/2023:09:54:40 -0500] "GET /sipse/faces/javax.faces.resource/messages/messages.png?ln=primefaces&v=4.0 HTTP/1.1" 304 -
201.245.192.253 - - [19/Sep/2023:09:54:40 -0500] "POST /forms/lservlet;jsessionid=ac16012b30d67c16897d930946d5be7195f5eccf284e.e3iSbxaKaheRe34Pbx8Nc3aQci1ynknvrkLOlQzNp65In0 HTTP/1.1" 200 2681
191.95.162.216 - - [19/Sep/2023:09:54:42 -0500] "POST /sipse/faces/presentacion/sistema/seguridad/seleccionRol.xhtml HTTP/1.1" 200 5865
191.95.162.216 - - [19/Sep/2023:09:54:42 -0500] "POST /sipse/faces/presentacion/sistema/seguridad/seleccionRol.xhtml HTTP/1.1" 200 1366
191.95.162.216 - - [19/Sep/2023:09:54:43 -0500] "GET /sipse/faces/javax.faces.resource/images/ui-bg_flat_0_2d5972_40x100.png?ln=primefaces-aristo HTTP/1.1" 304 -
201.245.192.253 - - [19/Sep/2023:09:54:43 -0500] "POST /forms/lservlet;jsessionid=ac16012b30d67c16897d930946d5be7195f5eccf284e.e3iSbxaKaheRe34Pbx8Nc3aQci1ynknvrkLOlQzNp65In0 HTTP/1.1" 200 2
201.245.192.253 - - [19/Sep/2023:09:54:43 -0500] "POST /forms/lservlet;jsessionid=ac16012b30d67c16897d930946d5be7195f5eccf284e.e3iSbxaKaheRe34Pbx8Nc3aQci1ynknvrkLOlQzNp65In0 HTTP/1.1" 200 1603
201.245.192.253 - - [19/Sep/2023:09:54:44 -0500] "POST /forms/lservlet;jsessionid=ac16012b30d67c16897d930946d5be7195f5eccf284e.e3iSbxaKaheRe34Pbx8Nc3aQci1ynknvrkLOlQzNp65In0 HTTP/1.1" 200 10
201.245.192.253 - - [19/Sep/2023:09:54:44 -0500] "POST /forms/lservlet;jsessionid=ac16012b30d67c16897d930946d5be7195f5eccf284e.e3iSbxaKaheRe34Pbx8Nc3aQci1ynknvrkLOlQzNp65In0 HTTP/1.1" 200 2
191.95.162.216 - - [19/Sep/2023:09:54:44 -0500] "POST /sipse/faces/presentacion/sistema/seguridad/seleccionRol.xhtml HTTP/1.1" 200 16407
191.95.162.216 - - [19/Sep/2023:09:54:45 -0500] "GET /sipse/faces/javax.faces.resource/theme.css?ln=primefaces-sipse HTTP/1.1" 304 -
191.95.162.216 - - [19/Sep/2023:09:54:45 -0500] "GET /sipse/faces/javax.faces.resource/layout/layout.css?ln=primefaces&v=4.0 HTTP/1.1" 304 -
191.95.162.216 - - [19/Sep/2023:09:54:45 -0500] "GET /sipse/faces/javax.faces.resource/primefaces.css?ln=primefaces&v=4.0 HTTP/1.1" 304 -
191.95.162.216 - - [19/Sep/2023:09:54:45 -0500] "GET /sipse/js/jquery.min.js HTTP/1.1" 304 -
191.95.162.216 - - [19/Sep/2023:09:54:45 -0500] "GET /sipse/faces/javax.faces.resource/jquery/jquery.js?ln=primefaces&v=4.0 HTTP/1.1" 304 -
191.95.162.216 - - [19/Sep/2023:09:54:45 -0500] "GET /sipse/faces/javax.faces.resource/jquery/jquery-plugins.js?ln=primefaces&v=4.0 HTTP/1.1" 304 -
191.95.162.216 - - [19/Sep/2023:09:54:45 -0500] "GET /sipse/faces/javax.faces.resource/primefaces.js?ln=primefaces&v=4.0 HTTP/1.1" 304 -
191.95.162.216 - - [19/Sep/2023:09:54:45 -0500] "GET /sipse/faces/javax.faces.resource/layout/layout.js?ln=primefaces&v=4.0 HTTP/1.1" 304 -
201.245.192.253 - - [19/Sep/2023:09:54:45 -0500] "POST /forms/lservlet;jsessionid=ac16012b30d67c16897d930946d5be7195f5eccf284e.e3iSbxaKaheRe34Pbx8Nc3aQci1ynknvrkLOlQzNp65In0 HTTP/1.1" 200 279
201.245.192.253 - - [19/Sep/2023:09:54:45 -0500] "POST /forms/lservlet;jsessionid=ac16012b30d67c16897d930946d5be7195f5eccf284e.e3iSbxaKaheRe34Pbx8Nc3aQci1ynknvrkLOlQzNp65In0 HTTP/1.1" 200 11
191.95.162.216 - - [19/Sep/2023:09:54:45 -0500] "GET /sipse/imagenes/cargando.gif HTTP/1.1" 304 -
191.95.162.216 - - [19/Sep/2023:09:54:45 -0500] "GET /sipse/imagenes/logoAplicacion.jpg HTTP/1.1" 304 -
191.95.162.216 - - [19/Sep/2023:09:54:45 -0500] "GET /sipse/css/v_mergente.css HTTP/1.1" 304 -
191.95.162.216 - - [19/Sep/2023:09:54:45 -0500] "GET /sipse/css/imagen/contrasena.png HTTP/1.1" 404 383
201.245.192.253 - - [19/Sep/2023:09:54:45 -0500] "GET /sipsesda/ HTTP/1.1" 200 1477
201.245.192.253 - - [19/Sep/2023:09:54:45 -0500] "GET /css/segobdis.css HTTP/1.1" 404 1264
201.245.192.253 - - [19/Sep/2023:09:54:45 -0500] "GET /sipsesda/faces/login.jspx HTTP/1.1" 200 7861
201.245.192.253 - - [19/Sep/2023:09:54:46 -0500] "GET /sipsesda/js/disable_browser_buttons.js;jsessionid=ac16012b22b80eba90bb483b4ccf9912b46cd91b6ab0.e34Lc3uRbN4Oc40LbNv0 HTTP/1.1" 200 2767
201.245.192.253 - - [19/Sep/2023:09:54:46 -0500] "GET /sipsesda/js/funciones.js;jsessionid=ac16012b22b80eba90bb483b4ccf9912b46cd91b6ab0.e34Lc3uRbN4Oc40LbNv0 HTTP/1.1" 200 36377
201.245.192.253 - - [19/Sep/2023:09:54:46 -0500] "GET /sipsesda/adf/styles/cache/segobdis16-desktop-10_1_3_4_0-gecko.css;jsessionid=ac16012b22b80eba90bb483b4ccf9912b46cd91b6ab0.e34Lc3uRbN4Oc40LbNv0 HTTP/1.1" 200 57778
201.245.192.253 - - [19/Sep/2023:09:54:46 -0500] "GET /sipsesda/adf/images/t.gif;jsessionid=ac16012b22b80eba90bb483b4ccf9912b46cd91b6ab0.e34Lc3uRbN4Oc40LbNv0 HTTP/1.1" 200 86
201.245.192.253 - - [19/Sep/2023:09:54:46 -0500] "GET /sipsesda/adf/jsLibs/Common10_1_3_4_0.js;jsessionid=ac16012b22b80eba90bb483b4ccf9912b46cd91b6ab0.e34Lc3uRbN4Oc40LbNv0 HTTP/1.1" 200 132959
201.245.192.253 - - [19/Sep/2023:09:54:46 -0500] "GET /sipsesda/imagenes/encabezado.jpg;jsessionid=ac16012b22b80eba90bb483b4ccf9912b46cd91b6ab0.e34Lc3uRbN4Oc40LbNv0 HTTP/1.1" 200 18018
201.245.192.253 - - [19/Sep/2023:09:54:46 -0500] "POST /forms/lservlet;jsessionid=ac16012b30d67c16897d930946d5be7195f5eccf284e.e3iSbxaKaheRe34Pbx8Nc3aQci1ynknvrkLOlQzNp65In0 HTTP/1.1" 200 2
201.245.192.253 - - [19/Sep/2023:09:54:46 -0500] "POST /forms/lservlet;jsessionid=ac16012b30d67c16897d930946d5be7195f5eccf284e.e3iSbxaKaheRe34Pbx8Nc3aQci1ynknvrkLOlQzNp65In0 HTTP/1.1" 200 14
201.245.192.253 - - [19/Sep/2023:09:54:47 -0500] "POST /sipsesda/faces/login.jspx;jsessionid=ac16012b22b80eba90bb483b4ccf9912b46cd91b6ab0.e34Lc3uRbN4Oc40LbNv0 HTTP/1.1" 200 5764
201.245.192.253 - - [19/Sep/2023:09:54:47 -0500] "GET /sipsesda/js/disable_browser_buttons.js HTTP/1.1" 200 2767
201.245.192.253 - - [19/Sep/2023:09:54:47 -0500] "GET /sipsesda/js/funciones.js HTTP/1.1" 200 36377
201.245.192.253 - - [19/Sep/2023:09:54:47 -0500] "GET /sipsesda/adf/styles/cache/segobdis16-desktop-10_1_3_4_0-gecko.css HTTP/1.1" 200 57778
201.245.192.253 - - [19/Sep/2023:09:54:47 -0500] "GET /sipsesda/adf/images/t.gif HTTP/1.1" 200 86
201.245.192.253 - - [19/Sep/2023:09:54:47 -0500] "GET /sipsesda/imagenes/encabezado.jpg HTTP/1.1" 200 18018
201.245.192.253 - - [19/Sep/2023:09:54:47 -0500] "GET /sipsesda/adf/jsLibs/Common10_1_3_4_0.js HTTP/1.1" 200 132959
191.95.162.216 - - [19/Sep/2023:09:54:48 -0500] "POST /sipse/faces/bienvenido.xhtml HTTP/1.1" 200 2658
201.245.192.253 - - [19/Sep/2023:09:54:47 -0500] "POST /forms/lservlet;jsessionid=ac16012b30d67c16897d930946d5be7195f5eccf284e.e3iSbxaKaheRe34Pbx8Nc3aQci1ynknvrkLOlQzNp65In0 HTTP/1.1" 200 14
191.95.162.216 - - [19/Sep/2023:09:54:49 -0500] "POST /sipse/faces/bienvenido.xhtml HTTP/1.1" 200 63494
191.95.162.216 - - [19/Sep/2023:09:54:49 -0500] "GET /sipse/faces/javax.faces.resource/theme.css?ln=primefaces-sipse HTTP/1.1" 304 -
191.95.162.216 - - [19/Sep/2023:09:54:49 -0500] "GET /sipse/faces/javax.faces.resource/layout/layout.css?ln=primefaces&v=4.0 HTTP/1.1" 304 -
191.95.162.216 - - [19/Sep/2023:09:54:49 -0500] "GET /sipse/faces/javax.faces.resource/primefaces.css?ln=primefaces&v=4.0 HTTP/1.1" 304 -
191.95.162.216 - - [19/Sep/2023:09:54:49 -0500] "GET /sipse/faces/javax.faces.resource/jquery/jquery.js?ln=primefaces&v=4.0 HTTP/1.1" 304 -
191.95.162.216 - - [19/Sep/2023:09:54:49 -0500] "GET /sipse/faces/javax.faces.resource/jquery/jquery-plugins.js?ln=primefaces&v=4.0 HTTP/1.1" 304 -
191.95.162.216 - - [19/Sep/2023:09:54:49 -0500] "GET /sipse/faces/javax.faces.resource/primefaces.js?ln=primefaces&v=4.0 HTTP/1.1" 304 -
191.95.162.216 - - [19/Sep/2023:09:54:49 -0500] "GET /sipse/faces/javax.faces.resource/layout/layout.js?ln=primefaces&v=4.0 HTTP/1.1" 304 -
201.245.192.253 - - [19/Sep/2023:09:54:48 -0500] "POST /forms/lservlet;jsessionid=ac16012b30d67c16897d930946d5be7195f5eccf284e.e3iSbxaKaheRe34Pbx8Nc3aQci1ynknvrkLOlQzNp65In0 HTTP/1.1" 200 14
191.95.162.216 - - [19/Sep/2023:09:54:49 -0500] "POST /sipse/faces/presentacion/financiero/solicitudProceso/listarSolicitudProceso.xhtml HTTP/1.1" 200 1552
201.245.192.253 - - [19/Sep/2023:09:54:50 -0500] "POST /forms/lservlet;jsessionid=ac16012b30d67c16897d930946d5be7195f5eccf284e.e3iSbxaKaheRe34Pbx8Nc3aQci1ynknvrkLOlQzNp65In0 HTTP/1.1" 200 239
201.245.192.253 - - [19/Sep/2023:09:54:50 -0500] "POST /forms/lservlet;jsessionid=ac16012b30d67c16897d930946d5be7195f5eccf284e.e3iSbxaKaheRe34Pbx8Nc3aQci1ynknvrkLOlQzNp65In0 HTTP/1.1" 200 7
201.245.192.253 - - [19/Sep/2023:09:54:50 -0500] "POST /sipsesda/faces/vista/sistema/seleccionRol.jspx HTTP/1.1" 200 33019
201.245.192.253 - - [19/Sep/2023:09:54:50 -0500] "GET /sipsesda/js/menu.js HTTP/1.1" 200 5358
201.245.192.253 - - [19/Sep/2023:09:54:50 -0500] "GET /sipsesda/js/jquery-latest.js HTTP/1.1" 200 92556
201.245.192.253 - - [19/Sep/2023:09:54:50 -0500] "GET /sipsesda/js/menu13_compact.js HTTP/1.1" 200 22980
201.245.192.253 - - [19/Sep/2023:09:54:50 -0500] "GET /sipsesda/imagenes/logoAplicacion.jpg HTTP/1.1" 200 155084
201.245.192.253 - - [19/Sep/2023:09:54:50 -0500] "GET /sipsesda/faces/imagenes/vinetaAbajo.gif HTTP/1.1" 200 72
201.245.192.253 - - [19/Sep/2023:09:54:50 -0500] "GET /sipsesda/faces/imagenes/vinetaDerecha.gif HTTP/1.1" 200 107
201.245.192.253 - - [19/Sep/2023:09:54:50 -0500] "GET /reports/rwservlet/getjobid=89429?server=repnomi HTTP/1.1" 200 28831
192.168.176.30 - - [19/Sep/2023:09:54:54 -0500] "POST /BLA/boletinlegal/admin/actos/ingresar.php HTTP/1.1" 200 7302
201.245.192.253 - - [19/Sep/2023:09:54:54 -0500] "GET /sipsesda/faces/vista/sistema/cargarMenu.jspx?accionMenu=listadoEspecializacion&menuID=9 HTTP/1.1" 200 33226
201.245.192.253 - - [19/Sep/2023:09:54:54 -0500] "GET /sipsesda/imagenes/cargando.gif HTTP/1.1" 200 1287
201.245.192.253 - - [19/Sep/2023:09:54:54 -0500] "POST /sipsesda/faces/vista/sistema/cargarMenu.jspx HTTP/1.1" 200 36349
66.249.77.9 - - [19/Sep/2023:09:54:57 -0500] "GET /BLA/resoluciones/Autos%202008/2854.pdf HTTP/1.1" 200 80132
191.95.162.216 - - [19/Sep/2023:09:55:01 -0500] "POST /sipse/faces/presentacion/financiero/solicitudProceso/listarSolicitudProceso.xhtml HTTP/1.1" 200 2841
191.95.162.216 - - [19/Sep/2023:09:55:01 -0500] "POST /sipse/faces/presentacion/financiero/solicitudProceso/listarSolicitudProceso.xhtml HTTP/1.1" 200 40808
191.95.162.216 - - [19/Sep/2023:09:55:02 -0500] "GET /sipse/faces/javax.faces.resource/theme.css?ln=primefaces-sipse HTTP/1.1" 304 -
191.95.162.216 - - [19/Sep/2023:09:55:02 -0500] "GET /sipse/faces/javax.faces.resource/layout/layout.css?ln=primefaces&v=4.0 HTTP/1.1" 304 -
191.95.162.216 - - [19/Sep/2023:09:55:02 -0500] "GET /sipse/faces/javax.faces.resource/primefaces.css?ln=primefaces&v=4.0 HTTP/1.1" 304 -
191.95.162.216 - - [19/Sep/2023:09:55:02 -0500] "GET /sipse/faces/javax.faces.resource/jquery/jquery.js?ln=primefaces&v=4.0 HTTP/1.1" 304 -
191.95.162.216 - - [19/Sep/2023:09:55:02 -0500] "GET /sipse/faces/javax.faces.resource/jquery/jquery-plugins.js?ln=primefaces&v=4.0 HTTP/1.1" 304 -
191.95.162.216 - - [19/Sep/2023:09:55:02 -0500] "GET /sipse/faces/javax.faces.resource/primefaces.js?ln=primefaces&v=4.0 HTTP/1.1" 304 -
191.95.162.216 - - [19/Sep/2023:09:55:02 -0500] "GET /sipse/faces/javax.faces.resource/layout/layout.js?ln=primefaces&v=4.0 HTTP/1.1" 304 -
191.95.162.216 - - [19/Sep/2023:09:55:02 -0500] "POST /sipse/faces/presentacion/financiero/solicitudProceso/consultar.xhtml HTTP/1.1" 200 34153
201.245.192.253 - - [19/Sep/2023:09:55:01 -0500] "POST /sipsesda/faces/vista/administracion/especializacion/listadoEspecializacion.jspx HTTP/1.1" 200 43377
216.244.66.195 - - [19/Sep/2023:09:55:06 -0500] "GET /BLA/resoluciones/AUTOS%202020/2466.pdf HTTP/1.1" 200 347412
172.22.2.4 - - [19/Sep/2023:09:53:50 -0500] "HEAD /BLA/boletinlegal/ HTTP/1.1" 200 -
152.203.186.225 - - [19/Sep/2023:09:55:41 -0500] "POST /sipse/faces/presentacion/financiero/solicitudProceso/consultarSolicitudProceso.xhtml HTTP/1.1" 200 52349
52.167.144.182 - - [19/Sep/2023:09:55:48 -0500] "GET /BLA/resoluciones/RESOLUCIONES%202013/2538.pdf HTTP/1.1" 200 668249
216.244.66.195 - - [19/Sep/2023:09:55:53 -0500] "GET /BLA/resoluciones/AUTOS%202020/2562.pdf HTTP/1.1" 200 368187
66.249.77.8 - - [19/Sep/2023:09:55:54 -0500] "GET /BLA/resoluciones/RESOLUCIONES%202010/1951.pdf HTTP/1.1" 200 996932
201.245.192.253 - - [19/Sep/2023:09:56:06 -0500] "POST /forms/lservlet;jsessionid=ac16012b30d67c16897d930946d5be7195f5eccf284e.e3iSbxaKaheRe34Pbx8Nc3aQci1ynknvrkLOlQzNp65In0 HTTP/1.1" 200 2
192.168.176.30 - - [19/Sep/2023:09:56:10 -0500] "POST /BLA/boletinlegal/admin/actos/ingresar.php HTTP/1.1" 200 7302
172.22.2.4 - - [19/Sep/2023:09:54:40 -0500] "GET /BLA/boletinlegal/ HTTP/1.1" 200 57790
201.245.192.253 - - [19/Sep/2023:09:56:28 -0500] "POST /kwsrmcab/Wsrmcab  HTTP/1.1" 200 39305
191.95.162.216 - - [19/Sep/2023:09:56:33 -0500] "POST /sipse/faces/presentacion/financiero/solicitudProceso/consultar.xhtml HTTP/1.1" 200 9833
191.95.162.216 - - [19/Sep/2023:09:56:36 -0500] "POST /sipse/faces/presentacion/financiero/solicitudProceso/consultar.xhtml HTTP/1.1" 200 9845
216.244.66.195 - - [19/Sep/2023:09:56:38 -0500] "GET /BLA/resoluciones/AUTOS%202020/3109.pdf HTTP/1.1" 200 343150
191.95.162.216 - - [19/Sep/2023:09:56:51 -0500] "POST /sipse/faces/presentacion/financiero/solicitudProceso/consultar.xhtml HTTP/1.1" 200 12876
191.95.162.216 - - [19/Sep/2023:09:57:01 -0500] "POST /sipse/faces/presentacion/financiero/solicitudProceso/consultar.xhtml HTTP/1.1" 200 115676
191.95.162.216 - - [19/Sep/2023:09:57:03 -0500] "GET /sipse/faces/javax.faces.resource/theme.css?ln=primefaces-sipse HTTP/1.1" 304 -
191.95.162.216 - - [19/Sep/2023:09:57:03 -0500] "GET /sipse/faces/javax.faces.resource/primefaces.css?ln=primefaces&v=4.0 HTTP/1.1" 304 -
191.95.162.216 - - [19/Sep/2023:09:57:03 -0500] "GET /sipse/faces/javax.faces.resource/layout/layout.css?ln=primefaces&v=4.0 HTTP/1.1" 304 -
191.95.162.216 - - [19/Sep/2023:09:57:03 -0500] "GET /sipse/faces/javax.faces.resource/jquery/jquery.js?ln=primefaces&v=4.0 HTTP/1.1" 304 -
191.95.162.216 - - [19/Sep/2023:09:57:03 -0500] "GET /sipse/faces/javax.faces.resource/jquery/jquery-plugins.js?ln=primefaces&v=4.0 HTTP/1.1" 304 -
191.95.162.216 - - [19/Sep/2023:09:57:03 -0500] "GET /sipse/faces/javax.faces.resource/primefaces.js?ln=primefaces&v=4.0 HTTP/1.1" 304 -
191.95.162.216 - - [19/Sep/2023:09:57:03 -0500] "GET /sipse/faces/javax.faces.resource/layout/layout.js?ln=primefaces&v=4.0 HTTP/1.1" 304 -
191.95.162.216 - - [19/Sep/2023:09:57:03 -0500] "GET /sipse/faces/javax.faces.resource/dynamiccontent.properties?ln=primefaces&pfdrid=XjOR5%2F%2FfPAZAuY9TpWQeCiM0BhlXxYRBGKi%2FQcXXfeA%3D&pfdrid_c=false HTTP/1.1" 500 383
186.84.21.93 - - [19/Sep/2023:09:57:04 -0500] "GET /images/Gesti%C3%83%C2%B3n%20de%20Bifenilos%20Policlorados-23.jpg HTTP/1.1" 200 56482
186.84.21.93 - - [19/Sep/2023:09:57:04 -0500] "GET /images/Gesti%C3%83%C2%B3n%20de%20Bifenilos%20Policlorados-23.jpg HTTP/1.1" 200 56482
216.245.221.92 - - [19/Sep/2023:09:57:08 -0500] "HEAD / HTTP/1.1" 200 -
192.168.176.30 - - [19/Sep/2023:09:57:14 -0500] "POST /BLA/boletinlegal/admin/actos/ingresar.php HTTP/1.1" 200 7302
216.244.66.195 - - [19/Sep/2023:09:57:23 -0500] "GET /BLA/resoluciones/AUTOS%202020/3190.pdf HTTP/1.1" 200 743347
186.84.21.93 - - [19/Sep/2023:09:57:24 -0500] "GET /images/Gesti%C3%83%C2%B3n%20de%20Bifenilos%20Policlorados-23.jpg HTTP/1.1" 304 -
186.84.21.93 - - [19/Sep/2023:09:57:24 -0500] "GET /images/Gesti%C3%83%C2%B3n%20de%20Bifenilos%20Policlorados-23.jpg HTTP/1.1" 304 -
201.245.192.253 - - [19/Sep/2023:09:58:06 -0500] "POST /forms/lservlet;jsessionid=ac16012b30d67c16897d930946d5be7195f5eccf284e.e3iSbxaKaheRe34Pbx8Nc3aQci1ynknvrkLOlQzNp65In0 HTTP/1.1" 200 2
216.244.66.195 - - [19/Sep/2023:09:58:13 -0500] "GET /BLA/resoluciones/AUTOS%202020/3320.pdf HTTP/1.1" 200 354246
192.168.176.30 - - [19/Sep/2023:09:58:18 -0500] "POST /BLA/boletinlegal/admin/actos/ingresar.php HTTP/1.1" 200 7302
186.154.36.149 - - [19/Sep/2023:09:58:37 -0500] "GET /BLA/resoluciones/RESOLUCIONES%202022/3572.pdf HTTP/1.1" 200 413148
216.244.66.195 - - [19/Sep/2023:09:58:53 -0500] "GET /BLA/resoluciones/AUTOS%202020/3335.pdf HTTP/1.1" 200 376497
191.95.162.216 - - [19/Sep/2023:09:59:05 -0500] "POST /sipse/faces/presentacion/financiero/solicitudProceso/consultarSolicitudProceso.xhtml HTTP/1.1" 200 64667
191.95.162.216 - - [19/Sep/2023:09:59:05 -0500] "GET /sipse/faces/javax.faces.resource/theme.css?ln=primefaces-sipse HTTP/1.1" 304 -
191.95.162.216 - - [19/Sep/2023:09:59:06 -0500] "GET /sipse/faces/javax.faces.resource/primefaces.css?ln=primefaces&v=4.0 HTTP/1.1" 304 -
191.95.162.216 - - [19/Sep/2023:09:59:06 -0500] "GET /sipse/faces/javax.faces.resource/layout/layout.css?ln=primefaces&v=4.0 HTTP/1.1" 304 -
191.95.162.216 - - [19/Sep/2023:09:59:06 -0500] "GET /sipse/faces/javax.faces.resource/jquery/jquery.js?ln=primefaces&v=4.0 HTTP/1.1" 304 -
191.95.162.216 - - [19/Sep/2023:09:59:06 -0500] "GET /sipse/faces/javax.faces.resource/jquery/jquery-plugins.js?ln=primefaces&v=4.0 HTTP/1.1" 304 -
191.95.162.216 - - [19/Sep/2023:09:59:06 -0500] "GET /sipse/faces/javax.faces.resource/primefaces.js?ln=primefaces&v=4.0 HTTP/1.1" 304 -
191.95.162.216 - - [19/Sep/2023:09:59:06 -0500] "GET /sipse/faces/javax.faces.resource/layout/layout.js?ln=primefaces&v=4.0 HTTP/1.1" 304 -
191.95.162.216 - - [19/Sep/2023:09:59:06 -0500] "POST /sipse/faces/presentacion/financiero/solicitudProceso/listarSolicitudProceso.xhtml HTTP/1.1" 200 57986
191.95.162.216 - - [19/Sep/2023:09:59:06 -0500] "POST /sipse/faces/presentacion/financiero/solicitudProceso/listarSolicitudProceso.xhtml HTTP/1.1" 200 57986
191.95.162.216 - - [19/Sep/2023:09:59:07 -0500] "POST /sipse/faces/presentacion/financiero/solicitudProceso/listarSolicitudProceso.xhtml HTTP/1.1" 200 57986
191.95.162.216 - - [19/Sep/2023:09:59:07 -0500] "POST /sipse/faces/presentacion/financiero/solicitudProceso/listarSolicitudProceso.xhtml HTTP/1.1" 200 1552
191.95.162.216 - - [19/Sep/2023:09:59:07 -0500] "POST /sipse/faces/presentacion/financiero/solicitudProceso/listarSolicitudProceso.xhtml HTTP/1.1" 200 1548
191.95.162.216 - - [19/Sep/2023:09:59:07 -0500] "POST /sipse/faces/presentacion/financiero/solicitudProceso/listarSolicitudProceso.xhtml HTTP/1.1" 200 1556
191.95.162.216 - - [19/Sep/2023:09:59:08 -0500] "POST /sipse/faces/presentacion/financiero/solicitudProceso/listarSolicitudProceso.xhtml HTTP/1.1" 200 1548
66.249.77.9 - - [19/Sep/2023:09:59:14 -0500] "GET /BLA/resoluciones/RESOLUCIONES%202010/6785.pdf HTTP/1.1" 200 42685
192.168.176.30 - - [19/Sep/2023:09:59:24 -0500] "POST /BLA/boletinlegal/admin/actos/ingresar.php HTTP/1.1" 200 7302
216.244.66.195 - - [19/Sep/2023:09:59:32 -0500] "GET /BLA/resoluciones/AUTOS%202020/3540.pdf HTTP/1.1" 200 406399
186.102.21.73 - - [19/Sep/2023:09:59:59 -0500] "GET /kwssiamovil/sm/acme/a?s=U2FsdGVkX18nCubW6jvvY3hqIwNoawPwX8nCzS9dmHcchVtwWdLLwat3Z0w7noAdWMLtIrLn7VpoQv+W5HWjuICZKA5sUKPgbtorSErj+CKTPaK8B2mXYvn4e/iiySPmNLFkyzwSD2R8OpZxcD85BhqbQTuppGTpeb7YZ7KGIhPWk7S8f0Vogbd2m4ij+EiCRE7vj08nGUkt6hpYKMqqTMMqXVRa3vtngESQP2glchCna2i1W93JfWPyIoRB/8ApZHSdfm6h396g5JEhCViWWA==&u=U2FsdGVkX188hkakhIPyK6cIIN424IqtvtyUQzQRc2E=&y=U2FsdGVkX1//iwI53Fd0mQ/5URb3o0k5TvcrGX6o7o3MoEdgHqYkeLuJvwu72VW7 HTTP/1.1" 200 26
