34.236.190.163 - - [19/Sep/2023:06:05:37 -0500] "GET /BLA/boletinlegal/ HTTP/1.1" 200 57323
172.22.2.4 - - [19/Sep/2023:06:06:20 -0500] "HEAD /BLA/boletinlegal/ HTTP/1.1" 200 -
52.167.144.163 - - [19/Sep/2023:06:08:05 -0500] "GET /sipse/faces/faces/autenticacion.xhtml HTTP/1.1" 200 12737
66.249.77.9 - - [19/Sep/2023:06:08:47 -0500] "GET /BLA/resoluciones/RESOLUCIONES%202010/1989.pdf HTTP/1.1" 200 339200
172.22.2.4 - - [19/Sep/2023:06:07:11 -0500] "GET /BLA/boletinlegal/ HTTP/1.1" 200 57790
172.22.2.4 - - [19/Sep/2023:06:11:54 -0500] "GET /BLA/boletinlegal/jurisprudencia/analisis/AnalisisC-035-16.docx HTTP/1.1" 304 -
173.252.107.4 - - [19/Sep/2023:06:12:04 -0500] "GET /distrito-levanta-alerta-ambiental-fase-1-por-calidad-del-aire.html HTTP/1.1" 200 921
216.245.221.92 - - [19/Sep/2023:06:12:08 -0500] "HEAD / HTTP/1.1" 200 -
201.245.192.253 - - [19/Sep/2023:06:12:11 -0500] "POST /kwsrmcab/Wsrmcab  HTTP/1.1" 200 39305
172.22.2.4 - - [19/Sep/2023:06:10:54 -0500] "HEAD /BLA/boletinlegal/ HTTP/1.1" 200 -
172.22.2.4 - - [19/Sep/2023:06:12:10 -0500] "HEAD /BLA/boletinlegal/ HTTP/1.1" 200 -
172.22.2.4 - - [19/Sep/2023:06:13:01 -0500] "GET /BLA/boletinlegal/ HTTP/1.1" 200 60692
66.249.77.10 - - [19/Sep/2023:06:15:49 -0500] "GET /BLA/resoluciones/AUTOS%202009/2587.pdf HTTP/1.1" 200 86907
66.249.77.8 - - [19/Sep/2023:06:15:57 -0500] "GET /BLA/resoluciones/RESOLUCIONES%202009/0241.pdf HTTP/1.1" 200 569465
216.245.221.92 - - [19/Sep/2023:06:17:08 -0500] "HEAD / HTTP/1.1" 200 -
201.245.192.253 - - [19/Sep/2023:06:17:11 -0500] "POST /kwsrmcab/Wsrmcab  HTTP/1.1" 200 39305
201.245.192.253 - - [19/Sep/2023:06:17:57 -0500] "POST /kwsrmcab/Wsrmcab HTTP/1.1" 200 40623
201.245.192.253 - - [19/Sep/2023:06:18:01 -0500] "POST /kwsrmcab/Wsrmcab HTTP/1.1" 200 37148
40.77.167.61 - - [19/Sep/2023:06:18:10 -0500] "GET /BLA/resoluciones/RESOLUCIONES%202010/4660.pdf HTTP/1.1" 200 485703
34.236.190.163 - - [19/Sep/2023:06:18:23 -0500] "GET /catalogoisis/ HTTP/1.1" 200 8575
66.249.66.194 - - [19/Sep/2023:06:18:37 -0500] "GET /vehiculos-de-cero-o-bajas-emisiones-para-enfrentar-el-cambio-climatico.html HTTP/1.1" 304 -
172.22.2.4 - - [19/Sep/2023:06:18:00 -0500] "HEAD /BLA/boletinlegal/ HTTP/1.1" 200 -
66.249.77.8 - - [19/Sep/2023:06:20:15 -0500] "GET /BLA/resoluciones/RESOLUCIONES%202019/0427.pdf HTTP/1.1" 200 265237
172.22.2.4 - - [19/Sep/2023:06:18:51 -0500] "GET /BLA/boletinlegal/ HTTP/1.1" 200 56970
216.245.221.92 - - [19/Sep/2023:06:22:08 -0500] "HEAD / HTTP/1.1" 200 -
201.245.192.253 - - [19/Sep/2023:06:22:10 -0500] "POST /kwsrmcab/Wsrmcab  HTTP/1.1" 200 39305
52.167.144.180 - - [19/Sep/2023:06:22:28 -0500] "GET /galeria/galeria/fotos/1humedal-Burro1G.jpg HTTP/1.1" 200 132804
104.199.31.214 - - [19/Sep/2023:06:23:04 -0500] "GET / HTTP/1.1" 200 319
108.174.2.219 - - [19/Sep/2023:06:23:22 -0500] "GET /images/Liberacion-%20caribe.jpg HTTP/1.1" 200 40014
66.249.77.10 - - [19/Sep/2023:06:24:25 -0500] "GET /BLA/resoluciones/RESOLUCIONES%202009/7410.pdf HTTP/1.1" 200 847032
111.202.101.98 - - [19/Sep/2023:06:25:16 -0500] "GET /silvicultura/8.pdf HTTP/1.1" 200 245468
172.22.2.4 - - [19/Sep/2023:06:23:50 -0500] "HEAD /BLA/boletinlegal/ HTTP/1.1" 200 -
172.22.2.4 - - [19/Sep/2023:06:26:01 -0500] "GET /BLA/boletinlegal/jurisprudencia/analisis/AnalisisC-746-12.docx HTTP/1.1" 304 -
172.22.2.4 - - [19/Sep/2023:06:24:41 -0500] "GET /BLA/boletinlegal/ HTTP/1.1" 200 58187
216.245.221.92 - - [19/Sep/2023:06:27:08 -0500] "HEAD / HTTP/1.1" 200 -
172.22.2.4 - - [19/Sep/2023:06:27:09 -0500] "GET /BLA/boletinlegal/Directivas/2009/Directiva%20No.%20del%2023%20de%20Diciembre%20de%202009.pdf HTTP/1.1" 304 -
201.245.192.253 - - [19/Sep/2023:06:27:08 -0500] "POST /kwsrmcab/Wsrmcab  HTTP/1.1" 200 39305
66.249.77.9 - - [19/Sep/2023:06:27:19 -0500] "GET /BLA/resoluciones/AUTOS%202008/1955.pdf HTTP/1.1" 200 94747
201.245.192.253 - - [19/Sep/2023:06:27:58 -0500] "POST /kwsrmcab/Wsrmcab HTTP/1.1" 200 40623
201.245.192.253 - - [19/Sep/2023:06:28:01 -0500] "POST /kwsrmcab/Wsrmcab HTTP/1.1" 200 37148
66.249.77.9 - - [19/Sep/2023:06:29:14 -0500] "GET /pdc/actos/669.pdf HTTP/1.1" 200 1002181
66.249.77.9 - - [19/Sep/2023:06:30:20 -0500] "GET /BLA/resoluciones/AUTOS%202011/6755.pdf HTTP/1.1" 200 234042
66.249.77.8 - - [19/Sep/2023:06:30:36 -0500] "GET /BLA/resoluciones/Notificaciones/AUTOS%202023/2276.pdf HTTP/1.1" 304 -
172.22.2.4 - - [19/Sep/2023:06:29:40 -0500] "HEAD /BLA/boletinlegal/ HTTP/1.1" 200 -
216.245.221.92 - - [19/Sep/2023:06:32:08 -0500] "HEAD / HTTP/1.1" 200 -
201.245.192.253 - - [19/Sep/2023:06:32:07 -0500] "POST /kwsrmcab/Wsrmcab  HTTP/1.1" 200 39305
172.22.2.4 - - [19/Sep/2023:06:30:31 -0500] "GET /BLA/boletinlegal/ HTTP/1.1" 200 58187
66.249.77.8 - - [19/Sep/2023:06:32:20 -0500] "GET /PDC/actos/1731.pdf HTTP/1.1" 200 724138
216.244.66.195 - - [19/Sep/2023:06:32:48 -0500] "GET /BLA/resoluciones/AUTOS%202023/2249.pdf HTTP/1.1" 200 2301940
66.249.77.9 - - [19/Sep/2023:06:33:00 -0500] "GET /BLA/resoluciones/RESOLUCIONES%202007/RES%202007%202101%20AL%202200/RESOLUCION%202148%20DE%202007.pdf HTTP/1.1" 200 181076
216.244.66.195 - - [19/Sep/2023:06:33:18 -0500] "GET /BLA/resoluciones/AUTOS%202023/2278.pdf HTTP/1.1" 200 3544798
66.249.77.8 - - [19/Sep/2023:06:33:42 -0500] "GET /BLA/resoluciones/Autos%202008/1313.pdf HTTP/1.1" 200 315430
216.244.66.195 - - [19/Sep/2023:06:33:58 -0500] "GET /BLA/resoluciones/AUTOS%202023/2297.pdf HTTP/1.1" 200 623065
216.244.66.195 - - [19/Sep/2023:06:34:48 -0500] "GET /BLA/resoluciones/AUTOS%202023/2570.pdf HTTP/1.1" 200 1475968
216.244.66.195 - - [19/Sep/2023:06:35:38 -0500] "GET /BLA/resoluciones/AUTOS%202023/2584.pdf HTTP/1.1" 200 2248498
201.245.192.253 - - [19/Sep/2023:06:36:04 -0500] "GET /appsia/controlador HTTP/1.1" 200 4799
201.245.192.253 - - [19/Sep/2023:06:36:05 -0500] "GET /appsia/scripts/validarIngreso.js HTTP/1.1" 200 851
201.245.192.253 - - [19/Sep/2023:06:36:05 -0500] "GET /appsia/css/estilos.css HTTP/1.1" 200 4804
201.245.192.253 - - [19/Sep/2023:06:36:05 -0500] "GET /appsia/images/logo_bogota_p.png HTTP/1.1" 200 14951
201.245.192.253 - - [19/Sep/2023:06:36:05 -0500] "GET /appsia/images/cabezoteHojaVida.png HTTP/1.1" 200 32493
201.245.192.253 - - [19/Sep/2023:06:36:05 -0500] "GET /favicon.ico HTTP/1.1" 200 7782
201.245.192.253 - - [19/Sep/2023:06:36:09 -0500] "POST /appsia/controlador HTTP/1.1" 200 5437
201.245.192.253 - - [19/Sep/2023:06:36:11 -0500] "POST /appsia/controlador HTTP/1.1" 200 7781
201.245.192.253 - - [19/Sep/2023:06:36:17 -0500] "POST /appsia/controlador HTTP/1.1" 200 6646
201.245.192.253 - - [19/Sep/2023:06:36:19 -0500] "POST /appsia/controlador HTTP/1.1" 200 10963
216.244.66.195 - - [19/Sep/2023:06:36:29 -0500] "GET /BLA/resoluciones/AUTOS%202023/2741.pdf HTTP/1.1" 200 973325
216.245.221.92 - - [19/Sep/2023:06:37:08 -0500] "HEAD / HTTP/1.1" 200 -
201.245.192.253 - - [19/Sep/2023:06:37:07 -0500] "POST /kwsrmcab/Wsrmcab  HTTP/1.1" 200 39305
172.22.2.4 - - [19/Sep/2023:06:35:30 -0500] "HEAD /BLA/boletinlegal/ HTTP/1.1" 200 -
216.244.66.195 - - [19/Sep/2023:06:37:19 -0500] "GET /BLA/resoluciones/AUTOS%202023/2834.pdf HTTP/1.1" 200 467634
201.245.192.253 - - [19/Sep/2023:06:37:22 -0500] "POST /appsia/controlador HTTP/1.1" 200 7781
201.245.192.253 - - [19/Sep/2023:06:37:33 -0500] "POST /appsia/controlador HTTP/1.1" 200 6646
201.245.192.253 - - [19/Sep/2023:06:37:35 -0500] "POST /appsia/controlador HTTP/1.1" 200 11320
201.245.192.253 - - [19/Sep/2023:06:37:58 -0500] "POST /kwsrmcab/Wsrmcab HTTP/1.1" 200 40623
172.22.2.4 - - [19/Sep/2023:06:36:21 -0500] "GET /BLA/boletinlegal/ HTTP/1.1" 200 60692
201.245.192.253 - - [19/Sep/2023:06:38:01 -0500] "POST /kwsrmcab/Wsrmcab HTTP/1.1" 200 37148
216.244.66.195 - - [19/Sep/2023:06:38:08 -0500] "GET /BLA/resoluciones/AUTOS%202023/3275.pdf HTTP/1.1" 200 3396744
201.245.192.253 - - [19/Sep/2023:06:38:14 -0500] "POST /appsia/controlador HTTP/1.1" 200 7781
172.22.2.4 - - [19/Sep/2023:06:38:15 -0500] "GET /BLA/boletinlegal/favicon.ico HTTP/1.1" 404 1018
201.245.192.253 - - [19/Sep/2023:06:38:20 -0500] "POST /appsia/controlador HTTP/1.1" 200 6646
201.245.192.253 - - [19/Sep/2023:06:38:21 -0500] "POST /appsia/controlador HTTP/1.1" 200 10963
40.77.167.30 - - [19/Sep/2023:06:38:33 -0500] "GET /Publicaciones/2023EE214594.pdf HTTP/1.1" 200 231882
216.244.66.195 - - [19/Sep/2023:06:38:59 -0500] "GET /BLA/resoluciones/AUTOS%202023/3461.pdf HTTP/1.1" 200 563345
168.119.101.10 - - [19/Sep/2023:06:38:59 -0500] "GET / HTTP/1.1" 200 319
66.249.77.8 - - [19/Sep/2023:06:39:15 -0500] "GET /BLA/resoluciones/Autos%202008/0401.pdf HTTP/1.1" 200 113228
66.249.77.8 - - [19/Sep/2023:06:39:20 -0500] "GET /BLA/resoluciones/AUTOS%202014/5792.pdf HTTP/1.1" 200 199883
216.244.66.195 - - [19/Sep/2023:06:39:49 -0500] "GET /BLA/resoluciones/RESOLUCIONES%202006/1813.tif HTTP/1.1" 200 277044
66.249.77.8 - - [19/Sep/2023:06:40:08 -0500] "GET /BLA/resoluciones/AUTOS%202018/3729.pdf HTTP/1.1" 200 257347
40.77.167.7 - - [19/Sep/2023:06:40:29 -0500] "GET /sipse/faces/faces/autenticacion.xhtml HTTP/1.1" 200 12737
216.244.66.195 - - [19/Sep/2023:06:40:35 -0500] "GET /BLA/resoluciones/RESOLUCIONES%202020/0259.pdf HTTP/1.1" 200 643056
201.245.192.253 - - [19/Sep/2023:06:40:40 -0500] "POST /appsia/controlador HTTP/1.1" 200 7781
201.245.192.253 - - [19/Sep/2023:06:40:53 -0500] "POST /appsia/controlador HTTP/1.1" 200 5240
201.245.192.253 - - [19/Sep/2023:06:40:55 -0500] "GET /appsia/controlador?comando=ingresarMenuPrincipal&id=19418512&funcionario=TITO+GERARDO+CALVO+SERRATO&desde=19418512&hasta=19418512&version=19418512&accion=Regresar HTTP/1.1" 200 5437
66.249.66.76 - - [19/Sep/2023:06:41:07 -0500] "GET /robots.txt HTTP/1.1" 404 1035
66.249.66.77 - - [19/Sep/2023:06:41:08 -0500] "GET /portaldeninos/biodiversidad/ HTTP/1.1" 200 86633
201.245.192.253 - - [19/Sep/2023:06:41:09 -0500] "POST /appsia/controlador HTTP/1.1" 200 4799
66.249.66.77 - - [19/Sep/2023:06:41:10 -0500] "GET /portaldeninos/wp-includes/js/jquery/ui/tabs.min.js?ver=1.11.4 HTTP/1.1" 200 12110
216.244.66.195 - - [19/Sep/2023:06:41:25 -0500] "GET /BLA/resoluciones/RESOLUCIONES%202020/0469.pdf HTTP/1.1" 200 402275
69.63.184.1 - - [19/Sep/2023:06:41:34 -0500] "GET /images/pieza-voluntariado-ambiental.jpeg HTTP/1.1" 200 51125
69.171.249.23 - - [19/Sep/2023:06:41:47 -0500] "GET /abierta-convocatoria-para-postular-a-organizaciones-que-desarrollan-actividades-de-voluntariado-ambiental-en-bogota.html HTTP/1.1" 200 880
69.171.249.25 - - [19/Sep/2023:06:41:47 -0500] "GET /abierta-convocatoria-para-postular-a-organizaciones-que-desarrollan-actividades-de-voluntariado-ambiental-en-bogota.html HTTP/1.1" 200 880
69.171.249.117 - - [19/Sep/2023:06:41:47 -0500] "GET /abierta-convocatoria-para-postular-a-organizaciones-que-desarrollan-actividades-de-voluntariado-ambiental-en-bogota.html HTTP/1.1" 200 880
69.171.249.4 - - [19/Sep/2023:06:41:51 -0500] "GET /abierta-convocatoria-para-postular-a-organizaciones-que-desarrollan-actividades-de-voluntariado-ambiental-en-bogota.html HTTP/1.1" 200 880
201.245.192.253 - - [19/Sep/2023:06:42:06 -0500] "POST /kwsrmcab/Wsrmcab  HTTP/1.1" 200 39305
216.245.221.92 - - [19/Sep/2023:06:42:08 -0500] "HEAD / HTTP/1.1" 200 -
216.244.66.195 - - [19/Sep/2023:06:42:10 -0500] "GET /BLA/resoluciones/RESOLUCIONES%202020/0577.pdf HTTP/1.1" 200 344446
216.244.66.195 - - [19/Sep/2023:06:42:56 -0500] "GET /BLA/resoluciones/RESOLUCIONES%202020/0811.pdf HTTP/1.1" 200 480068
172.22.2.4 - - [19/Sep/2023:06:41:20 -0500] "HEAD /BLA/boletinlegal/ HTTP/1.1" 200 -
216.244.66.195 - - [19/Sep/2023:06:43:45 -0500] "GET /BLA/resoluciones/RESOLUCIONES%202020/0879.pdf HTTP/1.1" 200 380669
172.22.2.4 - - [19/Sep/2023:06:42:11 -0500] "GET /BLA/boletinlegal/ HTTP/1.1" 200 60342
216.244.66.195 - - [19/Sep/2023:06:44:30 -0500] "GET /BLA/resoluciones/RESOLUCIONES%202020/1282.pdf HTTP/1.1" 200 375088
216.244.66.195 - - [19/Sep/2023:06:45:15 -0500] "GET /BLA/resoluciones/RESOLUCIONES%202020/1404.pdf HTTP/1.1" 200 539290
216.244.66.195 - - [19/Sep/2023:06:46:01 -0500] "GET /BLA/resoluciones/RESOLUCIONES%202020/1825.pdf HTTP/1.1" 200 505292
201.245.192.253 - - [19/Sep/2023:06:47:04 -0500] "POST /kwsrmcab/Wsrmcab  HTTP/1.1" 200 39305
216.245.221.92 - - [19/Sep/2023:06:47:08 -0500] "HEAD / HTTP/1.1" 200 -
172.22.2.4 - - [19/Sep/2023:06:47:10 -0500] "HEAD /BLA/boletinlegal/ HTTP/1.1" 200 -
172.22.2.4 - - [19/Sep/2023:06:48:01 -0500] "GET /BLA/boletinlegal/ HTTP/1.1" 200 60692
172.22.2.4 - - [19/Sep/2023:06:50:18 -0500] "GET /BLA/boletinlegal/robots.txt HTTP/1.1" 404 1038
69.171.249.120 - - [19/Sep/2023:06:50:48 -0500] "GET /images/pieza-voluntariado-ambiental.jpeg HTTP/1.1" 200 51125
66.249.77.10 - - [19/Sep/2023:06:50:49 -0500] "GET /BLA/resoluciones/RESOLUCIONES%202012/0416.pdf HTTP/1.1" 200 412829
66.249.77.9 - - [19/Sep/2023:06:51:10 -0500] "GET /BLA/resoluciones/AUTOS%202014/5668.pdf HTTP/1.1" 200 228818
172.22.2.4 - - [19/Sep/2023:06:51:14 -0500] "GET /BLA/boletinlegal/Directivas/2017/Directiva%20No.%2003%20del%2024%20de%20Febrero%20de%202017.pdf HTTP/1.1" 200 6911517
69.171.231.10 - - [19/Sep/2023:06:51:46 -0500] "GET /images/pieza-voluntariado-ambiental.jpeg HTTP/1.1" 200 51125
216.244.66.195 - - [19/Sep/2023:06:51:59 -0500] "GET /robots.txt HTTP/1.1" 404 1018
172.22.2.4 - - [19/Sep/2023:06:50:19 -0500] "GET /BLA/boletinlegal/index.php HTTP/1.1" 200 62795
201.245.192.253 - - [19/Sep/2023:06:52:02 -0500] "POST /kwsrmcab/Wsrmcab  HTTP/1.1" 200 39305
216.245.221.92 - - [19/Sep/2023:06:52:08 -0500] "HEAD / HTTP/1.1" 200 -
173.252.107.118 - - [19/Sep/2023:06:52:55 -0500] "GET /bogota-ya-cuenta-mas-de-70-negocios-verdes-verificados.html HTTP/1.1" 200 992
173.252.107.9 - - [19/Sep/2023:06:52:55 -0500] "GET /bogota-ya-cuenta-mas-de-70-negocios-verdes-verificados.html HTTP/1.1" 200 992
173.252.83.118 - - [19/Sep/2023:06:52:55 -0500] "GET /images/negocios-verdes-mayo-2022.jpg HTTP/1.1" 200 48000
40.77.167.61 - - [19/Sep/2023:06:53:16 -0500] "GET /Publicaciones/2023EE211970.pdf HTTP/1.1" 200 1106519
201.245.192.253 - - [19/Sep/2023:06:53:49 -0500] "GET /sipse/faces/index.xhtml HTTP/1.1" 200 677
201.245.192.253 - - [19/Sep/2023:06:53:49 -0500] "GET /sipse/faces/javax.faces.resource/theme.css?ln=primefaces-sipse HTTP/1.1" 304 -
201.245.192.253 - - [19/Sep/2023:06:53:49 -0500] "GET /sipse/faces/faces/autenticacion.xhtml HTTP/1.1" 200 12415
201.245.192.253 - - [19/Sep/2023:06:53:49 -0500] "GET /sipse/js/disable_browser_buttons.js HTTP/1.1" 304 -
201.245.192.253 - - [19/Sep/2023:06:53:49 -0500] "GET /sipse/css/custom_css_sg_prime_login.css HTTP/1.1" 304 -
201.245.192.253 - - [19/Sep/2023:06:53:49 -0500] "GET /sipse/css/custom_css_sg.css HTTP/1.1" 304 -
201.245.192.253 - - [19/Sep/2023:06:53:49 -0500] "GET /sipse/js/funciones.js HTTP/1.1" 304 -
201.245.192.253 - - [19/Sep/2023:06:53:49 -0500] "GET /sipse/faces/javax.faces.resource/theme.css?ln=primefaces-sipse HTTP/1.1" 304 -
201.245.192.253 - - [19/Sep/2023:06:53:49 -0500] "GET /sipse/faces/javax.faces.resource/primefaces.css?ln=primefaces&v=4.0 HTTP/1.1" 304 -
201.245.192.253 - - [19/Sep/2023:06:53:49 -0500] "GET /sipse/faces/javax.faces.resource/primefaces.js?ln=primefaces&v=4.0 HTTP/1.1" 304 -
201.245.192.253 - - [19/Sep/2023:06:53:49 -0500] "GET /sipse/faces/javax.faces.resource/jquery/jquery.js?ln=primefaces&v=4.0 HTTP/1.1" 304 -
201.245.192.253 - - [19/Sep/2023:06:53:49 -0500] "GET /sipse/faces/javax.faces.resource/layout/layout.js?ln=primefaces&v=4.0 HTTP/1.1" 304 -
201.245.192.253 - - [19/Sep/2023:06:53:49 -0500] "GET /sipse/faces/javax.faces.resource/layout/layout.css?ln=primefaces&v=4.0 HTTP/1.1" 304 -
201.245.192.253 - - [19/Sep/2023:06:53:49 -0500] "GET /sipse/faces/javax.faces.resource/jquery/jquery-plugins.js?ln=primefaces&v=4.0 HTTP/1.1" 304 -
201.245.192.253 - - [19/Sep/2023:06:53:49 -0500] "GET /sipse/css/imagen/logoSDG.png HTTP/1.1" 304 -
201.245.192.253 - - [19/Sep/2023:06:53:49 -0500] "GET /sipse/css/imagen/loginimg.png HTTP/1.1" 304 -
201.245.192.253 - - [19/Sep/2023:06:53:49 -0500] "GET /sipse/faces/javax.faces.resource/images/ui-icons_898989_256x240.png?ln=primefaces-aristo HTTP/1.1" 304 -
201.245.192.253 - - [19/Sep/2023:06:53:53 -0500] "POST /sipse/faces/autenticacion.xhtml HTTP/1.1" 200 16836
201.245.192.253 - - [19/Sep/2023:06:53:53 -0500] "GET /sipse/css/custom_css_sg_prime.css HTTP/1.1" 304 -
201.245.192.253 - - [19/Sep/2023:06:53:53 -0500] "GET /sipse/faces/javax.faces.resource/theme.css?ln=primefaces-sipse HTTP/1.1" 304 -
201.245.192.253 - - [19/Sep/2023:06:53:53 -0500] "GET /sipse/faces/javax.faces.resource/primefaces.css?ln=primefaces&v=4.0 HTTP/1.1" 304 -
201.245.192.253 - - [19/Sep/2023:06:53:53 -0500] "GET /sipse/faces/javax.faces.resource/layout/layout.css?ln=primefaces&v=4.0 HTTP/1.1" 304 -
201.245.192.253 - - [19/Sep/2023:06:53:53 -0500] "GET /sipse/js/jquery.min.js HTTP/1.1" 304 -
201.245.192.253 - - [19/Sep/2023:06:53:53 -0500] "GET /sipse/faces/javax.faces.resource/jquery/jquery.js?ln=primefaces&v=4.0 HTTP/1.1" 304 -
201.245.192.253 - - [19/Sep/2023:06:53:53 -0500] "GET /sipse/faces/javax.faces.resource/jquery/jquery-plugins.js?ln=primefaces&v=4.0 HTTP/1.1" 304 -
201.245.192.253 - - [19/Sep/2023:06:53:53 -0500] "GET /sipse/faces/javax.faces.resource/primefaces.js?ln=primefaces&v=4.0 HTTP/1.1" 304 -
201.245.192.253 - - [19/Sep/2023:06:53:53 -0500] "GET /sipse/faces/javax.faces.resource/layout/layout.js?ln=primefaces&v=4.0 HTTP/1.1" 304 -
201.245.192.253 - - [19/Sep/2023:06:53:53 -0500] "GET /sipse/css/v_mergente.css HTTP/1.1" 304 -
201.245.192.253 - - [19/Sep/2023:06:53:53 -0500] "GET /sipse/imagenes/cargando.gif HTTP/1.1" 304 -
201.245.192.253 - - [19/Sep/2023:06:53:53 -0500] "GET /sipse/imagenes/logoAplicacion.jpg HTTP/1.1" 304 -
201.245.192.253 - - [19/Sep/2023:06:53:53 -0500] "GET /sipse/css/imagen/contrasena.png HTTP/1.1" 404 383
201.245.192.253 - - [19/Sep/2023:06:53:53 -0500] "GET /sipse/faces/javax.faces.resource/messages/messages.png?ln=primefaces&v=4.0 HTTP/1.1" 304 -
201.245.192.253 - - [19/Sep/2023:06:53:55 -0500] "GET /sipse/faces/javax.faces.resource/images/ui-bg_flat_0_2d5972_40x100.png?ln=primefaces-aristo HTTP/1.1" 304 -
201.245.192.253 - - [19/Sep/2023:06:53:55 -0500] "POST /sipse/faces/bienvenido.xhtml HTTP/1.1" 200 1471
173.252.107.8 - - [19/Sep/2023:06:53:56 -0500] "GET /distrito-firmo-resolucion-de-etiquetado-vehicular-ambiental-herramienta-para-clasificar-vehiculos-segun-sus-niveles-de-emisiones.html HTTP/1.1" 200 841
201.245.192.253 - - [19/Sep/2023:06:53:56 -0500] "POST /sipse/faces/bienvenido.xhtml HTTP/1.1" 200 34993
201.245.192.253 - - [19/Sep/2023:06:53:57 -0500] "GET /sipse/faces/javax.faces.resource/theme.css?ln=primefaces-sipse HTTP/1.1" 304 -
201.245.192.253 - - [19/Sep/2023:06:53:57 -0500] "GET /sipse/faces/javax.faces.resource/layout/layout.css?ln=primefaces&v=4.0 HTTP/1.1" 304 -
201.245.192.253 - - [19/Sep/2023:06:53:57 -0500] "GET /sipse/faces/javax.faces.resource/primefaces.css?ln=primefaces&v=4.0 HTTP/1.1" 304 -
201.245.192.253 - - [19/Sep/2023:06:53:57 -0500] "GET /sipse/faces/javax.faces.resource/jquery/jquery.js?ln=primefaces&v=4.0 HTTP/1.1" 304 -
201.245.192.253 - - [19/Sep/2023:06:53:57 -0500] "GET /sipse/faces/javax.faces.resource/jquery/jquery-plugins.js?ln=primefaces&v=4.0 HTTP/1.1" 304 -
201.245.192.253 - - [19/Sep/2023:06:53:57 -0500] "GET /sipse/faces/javax.faces.resource/primefaces.js?ln=primefaces&v=4.0 HTTP/1.1" 304 -
201.245.192.253 - - [19/Sep/2023:06:53:57 -0500] "GET /sipse/faces/javax.faces.resource/layout/layout.js?ln=primefaces&v=4.0 HTTP/1.1" 304 -
201.245.192.253 - - [19/Sep/2023:06:53:57 -0500] "POST /sipse/faces/presentacion/financiero/solicitudProceso/listarSolicitudProceso.xhtml HTTP/1.1" 200 1404
172.22.2.4 - - [19/Sep/2023:06:53:00 -0500] "HEAD /BLA/boletinlegal/ HTTP/1.1" 200 -
172.22.2.4 - - [19/Sep/2023:06:53:51 -0500] "GET /BLA/boletinlegal/ HTTP/1.1" 200 58187
201.245.192.253 - - [19/Sep/2023:06:55:36 -0500] "POST /sipsesda/faces/vista/administracion/funcionario/registrarFuncionario.jspx?_afPfm=2 HTTP/1.1" 302 201
201.245.192.253 - - [19/Sep/2023:06:57:01 -0500] "POST /kwsrmcab/Wsrmcab  HTTP/1.1" 200 39305
216.245.221.92 - - [19/Sep/2023:06:57:08 -0500] "HEAD / HTTP/1.1" 200 -
47.128.35.60 - - [19/Sep/2023:06:57:43 -0500] "GET /galeria/nivo-slider/demo/images/banner-bolsas-plasticas.jpg HTTP/1.1" 200 317939
47.128.28.220 - - [19/Sep/2023:06:57:58 -0500] "GET /robots.txt HTTP/1.1" 404 1018
172.22.2.4 - - [19/Sep/2023:06:58:50 -0500] "HEAD /BLA/boletinlegal/ HTTP/1.1" 200 -
172.22.2.4 - - [19/Sep/2023:06:59:41 -0500] "GET /BLA/boletinlegal/ HTTP/1.1" 200 58187
186.155.19.36 - - [19/Sep/2023:07:01:48 -0500] "GET /portaldeninos/wp-includes/js/wp-emoji-release.min.js?ver=4.9.8 HTTP/1.1" 200 12026
186.155.19.36 - - [19/Sep/2023:07:01:48 -0500] "GET /portaldeninos/wp-content/uploads/useanyfont/uaf.css?ver=1589905315 HTTP/1.1" 200 408
186.155.19.36 - - [19/Sep/2023:07:01:48 -0500] "GET /portaldeninos/wp-content/themes/betheme/style.css?ver=20.9.6 HTTP/1.1" 200 287
186.155.19.36 - - [19/Sep/2023:07:01:48 -0500] "GET /portaldeninos/wp-content/plugins/gallery-videos/CSS/totalsoft.css?ver=4.9.8 HTTP/1.1" 200 40622
186.155.19.36 - - [19/Sep/2023:07:01:48 -0500] "GET /portaldeninos/ HTTP/1.1" 200 110175
186.155.19.36 - - [19/Sep/2023:07:01:48 -0500] "GET /portaldeninos/wp-includes/js/wp-emoji-release.min.js?ver=4.9.8 HTTP/1.1" 200 12026
186.155.19.36 - - [19/Sep/2023:07:01:48 -0500] "GET /portaldeninos/wp-content/themes/betheme/css/base.css?ver=20.9.6 HTTP/1.1" 200 57283
186.155.19.36 - - [19/Sep/2023:07:01:48 -0500] "GET /portaldeninos/wp-content/themes/betheme/assets/ui/jquery.ui.all.css?ver=20.9.6 HTTP/1.1" 200 18765
186.155.19.36 - - [19/Sep/2023:07:01:48 -0500] "GET /portaldeninos/wp-content/themes/betheme/assets/animations/animations.min.css?ver=20.9.6 HTTP/1.1" 200 58508
186.155.19.36 - - [19/Sep/2023:07:01:48 -0500] "GET /portaldeninos/wp-content/plugins/popup-maker/assets/css/site.min.css?ver=1.8.14 HTTP/1.1" 200 8260
186.155.19.36 - - [19/Sep/2023:07:01:48 -0500] "GET /portaldeninos/wp-content/themes/betheme/assets/jplayer/css/jplayer.blue.monday.css?ver=20.9.6 HTTP/1.1" 200 9834
186.155.19.36 - - [19/Sep/2023:07:01:48 -0500] "GET /portaldeninos/wp-content/plugins/google-analytics-for-wordpress/assets/js/frontend-gtag.min.js?ver=8.5.0 HTTP/1.1" 200 11801
186.155.19.36 - - [19/Sep/2023:07:01:48 -0500] "GET /portaldeninos/wp-content/plugins/gallery-videos/CSS/Total-Soft-Gallery-Video-Widget.css?ver=4.9.8 HTTP/1.1" 200 51554
186.155.19.36 - - [19/Sep/2023:07:01:48 -0500] "GET /portaldeninos/wp-content/themes/betheme/css/responsive.css?ver=20.9.6 HTTP/1.1" 200 55740
186.155.19.36 - - [19/Sep/2023:07:01:48 -0500] "GET /portaldeninos/wp-includes/js/jquery/jquery-migrate.min.js?ver=1.4.1 HTTP/1.1" 200 10056
186.155.19.36 - - [19/Sep/2023:07:01:48 -0500] "GET /portaldeninos/wp-includes/js/jquery/ui/core.min.js?ver=1.11.4 HTTP/1.1" 200 4000
186.155.19.36 - - [19/Sep/2023:07:01:48 -0500] "GET /portaldeninos/wp-content/plugins/google-analytics-for-wordpress/assets/js/frontend-gtag.min.js?ver=8.5.0 HTTP/1.1" 200 11801
186.155.19.36 - - [19/Sep/2023:07:01:48 -0500] "GET /portaldeninos/wp-content/plugins/gallery-videos/JS/modernizr.custom.js?ver=4.9.8 HTTP/1.1" 200 9019
186.155.19.36 - - [19/Sep/2023:07:01:48 -0500] "GET /portaldeninos/wp-content/themes/betheme/css/shortcodes.css?ver=20.9.6 HTTP/1.1" 200 138889
186.155.19.36 - - [19/Sep/2023:07:01:48 -0500] "GET /portaldeninos/wp-includes/js/jquery/jquery-migrate.min.js?ver=1.4.1 HTTP/1.1" 200 10056
186.155.19.36 - - [19/Sep/2023:07:01:48 -0500] "GET /portaldeninos/wp-includes/js/jquery/jquery.js?ver=1.12.4 HTTP/1.1" 200 97184
186.155.19.36 - - [19/Sep/2023:07:01:48 -0500] "GET /portaldeninos/wp-includes/js/jquery/ui/core.min.js?ver=1.11.4 HTTP/1.1" 200 4000
186.155.19.36 - - [19/Sep/2023:07:01:48 -0500] "GET /portaldeninos/wp-content/plugins/gallery-videos/JS/Total-Soft-Gallery-Video-Widget.js?ver=4.9.8 HTTP/1.1" 200 80264
186.155.19.36 - - [19/Sep/2023:07:01:48 -0500] "GET /portaldeninos/wp-content/themes/betheme/css/layout.css?ver=20.9.6 HTTP/1.1" 200 116639
186.155.19.36 - - [19/Sep/2023:07:01:48 -0500] "GET /portaldeninos/wp-content/plugins/gallery-videos/JS/modernizr.custom.js?ver=4.9.8 HTTP/1.1" 200 9019
186.155.19.36 - - [19/Sep/2023:07:01:48 -0500] "GET /portaldeninos/wp-includes/js/jquery/ui/widget.min.js?ver=1.11.4 HTTP/1.1" 200 6908
186.155.19.36 - - [19/Sep/2023:07:01:48 -0500] "GET /portaldeninos/wp-content/plugins/gallery-videos/JS/Total-Soft-Gallery-Video-Widget.js?ver=4.9.8 HTTP/1.1" 200 80264
186.155.19.36 - - [19/Sep/2023:07:01:48 -0500] "GET /portaldeninos/wp-includes/js/jquery/ui/tabs.min.js?ver=1.11.4 HTTP/1.1" 200 12110
186.155.19.36 - - [19/Sep/2023:07:01:48 -0500] "GET /portaldeninos/wp-includes/js/jquery/ui/mouse.min.js?ver=1.11.4 HTTP/1.1" 200 3148
186.155.19.36 - - [19/Sep/2023:07:01:48 -0500] "GET /portaldeninos/wp-includes/js/jquery/ui/accordion.min.js?ver=1.11.4 HTTP/1.1" 200 8584
186.155.19.36 - - [19/Sep/2023:07:01:48 -0500] "GET /portaldeninos/wp-content/themes/betheme/js/menu.js?ver=20.9.6 HTTP/1.1" 200 2449
186.155.19.36 - - [19/Sep/2023:07:01:48 -0500] "GET /portaldeninos/wp-content/themes/betheme/assets/animations/animations.min.js?ver=20.9.6 HTTP/1.1" 200 1896
186.155.19.36 - - [19/Sep/2023:07:01:48 -0500] "GET /portaldeninos/wp-includes/js/jquery/ui/position.min.js?ver=1.11.4 HTTP/1.1" 200 6527
186.155.19.36 - - [19/Sep/2023:07:01:48 -0500] "GET /portaldeninos/wp-includes/js/jquery/ui/widget.min.js?ver=1.11.4 HTTP/1.1" 200 6908
186.155.19.36 - - [19/Sep/2023:07:01:48 -0500] "GET /portaldeninos/wp-includes/js/jquery/ui/tabs.min.js?ver=1.11.4 HTTP/1.1" 200 12110
186.155.19.36 - - [19/Sep/2023:07:01:48 -0500] "GET /portaldeninos/wp-includes/js/wp-embed.min.js?ver=4.9.8 HTTP/1.1" 200 1398
186.155.19.36 - - [19/Sep/2023:07:01:48 -0500] "GET /portaldeninos/wp-content/themes/betheme/js/menu.js?ver=20.9.6 HTTP/1.1" 200 2449
186.155.19.36 - - [19/Sep/2023:07:01:48 -0500] "GET /portaldeninos/wp-includes/js/jquery/ui/mouse.min.js?ver=1.11.4 HTTP/1.1" 200 3148
186.155.19.36 - - [19/Sep/2023:07:01:48 -0500] "GET /portaldeninos/wp-includes/js/jquery/ui/accordion.min.js?ver=1.11.4 HTTP/1.1" 200 8584
186.155.19.36 - - [19/Sep/2023:07:01:48 -0500] "GET /portaldeninos/wp-content/themes/betheme/js/scripts.js?ver=20.9.6 HTTP/1.1" 200 77162
186.155.19.36 - - [19/Sep/2023:07:01:48 -0500] "GET /portaldeninos/wp-includes/js/jquery/ui/sortable.min.js?ver=1.11.4 HTTP/1.1" 200 24899
186.155.19.36 - - [19/Sep/2023:07:01:48 -0500] "GET /portaldeninos/wp-content/themes/betheme/assets/jplayer/jplayer.min.js?ver=20.9.6 HTTP/1.1" 200 52702
186.155.19.36 - - [19/Sep/2023:07:01:48 -0500] "GET /portaldeninos/wp-content/uploads/2021/06/titulo-miambiente-ni%C3%B1os.png HTTP/1.1" 200 11944
186.155.19.36 - - [19/Sep/2023:07:01:48 -0500] "GET /portaldeninos/wp-includes/js/jquery/jquery.js?ver=1.12.4 HTTP/1.1" 200 97184
186.155.19.36 - - [19/Sep/2023:07:01:48 -0500] "GET /portaldeninos/wp-content/themes/betheme/js/plugins.js?ver=20.9.6 HTTP/1.1" 200 197151
186.155.19.36 - - [19/Sep/2023:07:01:48 -0500] "GET /portaldeninos/wp-content/plugins/popup-maker/assets/js/site.min.js?defer&ver=1.8.14 HTTP/1.1" 200 48457
186.155.19.36 - - [19/Sep/2023:07:01:48 -0500] "GET /portaldeninos/wp-content/themes/betheme/fonts/mfn-icons.woff?93978679 HTTP/1.1" 200 80932
186.155.19.36 - - [19/Sep/2023:07:01:48 -0500] "GET /portaldeninos/wp-content/uploads/2021/06/titulo-cabezote-ni%C3%B1os.png HTTP/1.1" 200 64425
186.155.19.36 - - [19/Sep/2023:07:01:49 -0500] "GET /portaldeninos/wp-content/uploads/2019/08/Logo-Ambientic.png HTTP/1.1" 200 22941
186.155.19.36 - - [19/Sep/2023:07:01:49 -0500] "GET /portaldeninos/wp-content/uploads/2021/06/titulo-videos-ni%C3%B1os.png HTTP/1.1" 200 10502
186.155.19.36 - - [19/Sep/2023:07:01:49 -0500] "GET /portaldeninos/wp-content/uploads/2021/06/titulo-humedales-ni%C3%B1os.png HTTP/1.1" 200 13361
186.155.19.36 - - [19/Sep/2023:07:01:48 -0500] "GET /portaldeninos/wp-content/uploads/2020/01/Tierra-escenario.jpg HTTP/1.1" 200 181491
186.155.19.36 - - [19/Sep/2023:07:01:48 -0500] "GET /portaldeninos/wp-content/uploads/2018/11/tigrillo.jpg HTTP/1.1" 200 402961
186.155.19.36 - - [19/Sep/2023:07:01:49 -0500] "GET /portaldeninos/wp-content/themes/betheme/assets/animations/animations.min.js?ver=20.9.6 HTTP/1.1" 200 1896
186.155.19.36 - - [19/Sep/2023:07:01:49 -0500] "GET /portaldeninos/wp-includes/js/jquery/ui/position.min.js?ver=1.11.4 HTTP/1.1" 200 6527
186.155.19.36 - - [19/Sep/2023:07:01:49 -0500] "GET /portaldeninos/wp-includes/js/wp-embed.min.js?ver=4.9.8 HTTP/1.1" 200 1398
186.155.19.36 - - [19/Sep/2023:07:01:49 -0500] "GET /portaldeninos/wp-content/themes/betheme/assets/jplayer/jplayer.min.js?ver=20.9.6 HTTP/1.1" 200 52702
186.155.19.36 - - [19/Sep/2023:07:01:48 -0500] "GET /portaldeninos/wp-content/uploads/2018/10/oso.jpg HTTP/1.1" 200 305180
186.155.19.36 - - [19/Sep/2023:07:01:49 -0500] "GET /portaldeninos/wp-content/plugins/popup-maker/assets/js/site.min.js?defer&ver=1.8.14 HTTP/1.1" 200 48457
186.155.19.36 - - [19/Sep/2023:07:01:49 -0500] "GET /portaldeninos/wp-content/themes/betheme/js/scripts.js?ver=20.9.6 HTTP/1.1" 200 77162
186.155.19.36 - - [19/Sep/2023:07:01:49 -0500] "GET /portaldeninos/wp-content/uploads/2020/05/fb.jpg HTTP/1.1" 200 9893
186.155.19.36 - - [19/Sep/2023:07:01:49 -0500] "GET /portaldeninos/wp-includes/js/jquery/ui/sortable.min.js?ver=1.11.4 HTTP/1.1" 200 24899
186.155.19.36 - - [19/Sep/2023:07:01:49 -0500] "GET /portaldeninos/wp-content/uploads/2020/05/ig.jpg HTTP/1.1" 200 11470
186.155.19.36 - - [19/Sep/2023:07:01:49 -0500] "GET /portaldeninos/wp-content/uploads/2020/06/yt.jpg HTTP/1.1" 200 10577
186.155.19.36 - - [19/Sep/2023:07:01:49 -0500] "GET /portaldeninos/wp-content/themes/betheme/js/plugins.js?ver=20.9.6 HTTP/1.1" 200 197151
186.155.19.36 - - [19/Sep/2023:07:01:49 -0500] "GET /portaldeninos/wp-content/uploads/2020/06/tw.jpg HTTP/1.1" 200 11056
186.155.19.36 - - [19/Sep/2023:07:01:49 -0500] "GET /portaldeninos/wp-content/themes/betheme/images/box_shadow.png HTTP/1.1" 200 108
186.155.19.36 - - [19/Sep/2023:07:01:49 -0500] "GET /portaldeninos/wp-content/uploads/2022/08/Infograf%C3%ADa-humedales-actualizada.png HTTP/1.1" 200 588022
186.155.19.36 - - [19/Sep/2023:07:01:49 -0500] "GET /portaldeninos/wp-content/uploads/2023/08/Infografia-Web-Infantil.mp4 HTTP/1.1" 206 168966
186.155.19.36 - - [19/Sep/2023:07:01:49 -0500] "GET /portaldeninos/wp-content/themes/betheme/images/stripes/stripes_3_b.png HTTP/1.1" 200 974
186.155.19.36 - - [19/Sep/2023:07:01:48 -0500] "GET /portaldeninos/wp-content/uploads/2020/01/Frailejon-escenario.jpg HTTP/1.1" 200 357472
186.155.19.36 - - [19/Sep/2023:07:01:48 -0500] "GET /portaldeninos/wp-content/uploads/2018/11/caneca.jpg HTTP/1.1" 200 262661
186.155.19.36 - - [19/Sep/2023:07:01:49 -0500] "GET /portaldeninos/wp-json/pum/v1/analytics/?event=open&pid=1126&_cache=1695124894550 HTTP/1.1" 204 -
186.155.19.36 - - [19/Sep/2023:07:01:49 -0500] "GET /portaldeninos/wp-content/uploads/2022/08/HUmedalConejera03-1.jpg HTTP/1.1" 200 12388495
186.155.19.36 - - [19/Sep/2023:07:01:49 -0500] "GET /portaldeninos/wp-content/uploads/2019/06/CabezoteAMBIENTIC.mp4 HTTP/1.1" 206 21677757
201.245.192.253 - - [19/Sep/2023:07:02:00 -0500] "POST /kwsrmcab/Wsrmcab  HTTP/1.1" 200 39305
216.245.221.92 - - [19/Sep/2023:07:02:08 -0500] "HEAD / HTTP/1.1" 200 -
186.155.19.36 - - [19/Sep/2023:07:01:49 -0500] "GET /portaldeninos/wp-content/uploads/2023/08/Infografia-Web-Infantil.mp4 HTTP/1.1" 206 10887197
172.22.2.4 - - [19/Sep/2023:07:04:09 -0500] "GET /BLA/boletinlegal/actos.php HTTP/1.1" 200 9682
172.22.2.4 - - [19/Sep/2023:07:04:10 -0500] "GET /BLA/boletinlegal/favicon.ico HTTP/1.1" 404 1326
172.22.2.4 - - [19/Sep/2023:07:04:41 -0500] "GET /BLA/boletinlegal/consulta_actos.php?tipo=resoluciones&no=&usuario=SEcretaria%20distrital%20de%20ambiente&sector=&fecha=2023&resuelve= HTTP/1.1" 200 21801
172.22.2.4 - - [19/Sep/2023:07:05:39 -0500] "GET /BLA/boletinlegal/actos.php HTTP/1.1" 200 9682
172.22.2.4 - - [19/Sep/2023:07:05:40 -0500] "GET /BLA/boletinlegal/styles2.css HTTP/1.1" 200 1838
172.22.2.4 - - [19/Sep/2023:07:05:40 -0500] "GET /BLA/boletinlegal/niceforms-default.css HTTP/1.1" 200 6694
172.22.2.4 - - [19/Sep/2023:07:05:40 -0500] "GET /BLA/boletinlegal/style.css HTTP/1.1" 200 9406
172.22.2.4 - - [19/Sep/2023:07:05:40 -0500] "GET /BLA/boletinlegal/js/ajax_actos.js HTTP/1.1" 200 1322
172.22.2.4 - - [19/Sep/2023:07:05:40 -0500] "GET /BLA/boletinlegal/niceforms.js HTTP/1.1" 200 22876
172.22.2.4 - - [19/Sep/2023:07:05:40 -0500] "GET /BLA/boletinlegal/js/popup.js HTTP/1.1" 200 1270
172.22.2.4 - - [19/Sep/2023:07:05:40 -0500] "GET /BLA/boletinlegal/js/lib.js HTTP/1.1" 200 6474
172.22.2.4 - - [19/Sep/2023:07:05:40 -0500] "GET /BLA/boletinlegal/js/jquery1.js HTTP/1.1" 200 29846
172.22.2.4 - - [19/Sep/2023:07:05:40 -0500] "GET /BLA/boletinlegal/images/cabezote%20BLEGAL.jpg HTTP/1.1" 200 118164
172.22.2.4 - - [19/Sep/2023:07:05:40 -0500] "GET /BLA/boletinlegal/images/historia.png HTTP/1.1" 200 52775
172.22.2.4 - - [19/Sep/2023:07:05:40 -0500] "GET /BLA/boletinlegal/images/subscribe-icon-big.png HTTP/1.1" 200 47702
172.22.2.4 - - [19/Sep/2023:07:05:40 -0500] "GET /BLA/boletinlegal/images/tel.png HTTP/1.1" 200 14477
172.22.2.4 - - [19/Sep/2023:07:05:40 -0500] "GET /BLA/boletinlegal/images/green-yellow-blue-pink-th.png HTTP/1.1" 200 7394
172.22.2.4 - - [19/Sep/2023:07:05:40 -0500] "GET /BLA/boletinlegal/images/registro-usuarios.png HTTP/1.1" 200 8106
172.22.2.4 - - [19/Sep/2023:07:05:40 -0500] "GET /BLA/boletinlegal/images/icono-email.png HTTP/1.1" 200 5544
172.22.2.4 - - [19/Sep/2023:07:05:40 -0500] "GET /BLA/boletinlegal/images/body_bg.jpg HTTP/1.1" 200 1601
172.22.2.4 - - [19/Sep/2023:07:05:40 -0500] "GET /BLA/boletinlegal/images/footer_bg.jpg HTTP/1.1" 200 586
172.22.2.4 - - [19/Sep/2023:07:05:40 -0500] "GET /BLA/boletinlegal/images/menu_lft.gif HTTP/1.1" 200 1713
172.22.2.4 - - [19/Sep/2023:07:05:40 -0500] "GET /BLA/boletinlegal/js/jquery1.js HTTP/1.1" 200 29846
172.22.2.4 - - [19/Sep/2023:07:05:40 -0500] "GET /BLA/boletinlegal/images/menu_bg.jpg HTTP/1.1" 200 620
172.22.2.4 - - [19/Sep/2023:07:05:40 -0500] "GET /BLA/boletinlegal/images/bg_top.jpg HTTP/1.1" 200 522
172.22.2.4 - - [19/Sep/2023:07:05:40 -0500] "GET /BLA/boletinlegal/niceforms.js HTTP/1.1" 200 22876
172.22.2.4 - - [19/Sep/2023:07:05:40 -0500] "GET /BLA/boletinlegal/images/menu_rght.gif HTTP/1.1" 200 1627
172.22.2.4 - - [19/Sep/2023:07:05:40 -0500] "GET /BLA/boletinlegal/images/text.jpg HTTP/1.1" 200 568
172.22.2.4 - - [19/Sep/2023:07:05:40 -0500] "GET /BLA/boletinlegal/js/popup.js HTTP/1.1" 200 1270
172.22.2.4 - - [19/Sep/2023:07:05:40 -0500] "GET /BLA/boletinlegal/images/hover.jpg HTTP/1.1" 200 640
172.22.2.4 - - [19/Sep/2023:07:05:40 -0500] "GET /BLA/boletinlegal/images/footer_bg_l.jpg HTTP/1.1" 200 776
172.22.2.4 - - [19/Sep/2023:07:05:40 -0500] "GET /BLA/boletinlegal/js/lib.js HTTP/1.1" 200 6474
172.22.2.4 - - [19/Sep/2023:07:05:40 -0500] "GET /BLA/boletinlegal/js/ajax_actos.js HTTP/1.1" 200 1322
172.22.2.4 - - [19/Sep/2023:07:05:40 -0500] "GET /BLA/boletinlegal/img/0.png HTTP/1.1" 200 110
172.22.2.4 - - [19/Sep/2023:07:05:40 -0500] "GET /BLA/boletinlegal/img/button-right.png HTTP/1.1" 200 57878
172.22.2.4 - - [19/Sep/2023:07:05:40 -0500] "GET /BLA/boletinlegal/img/select-right.png HTTP/1.1" 200 44019
172.22.2.4 - - [19/Sep/2023:07:05:40 -0500] "GET /BLA/boletinlegal/img/select-left.png HTTP/1.1" 200 263
172.22.2.4 - - [19/Sep/2023:07:05:40 -0500] "GET /BLA/boletinlegal/img/button.png HTTP/1.1" 200 43241
172.22.2.4 - - [19/Sep/2023:07:05:40 -0500] "GET /BLA/boletinlegal/img/button-left.png HTTP/1.1" 200 57071
172.22.2.4 - - [19/Sep/2023:07:05:40 -0500] "GET /BLA/boletinlegal/favicon.ico HTTP/1.1" 404 1326
172.22.2.4 - - [19/Sep/2023:07:04:40 -0500] "HEAD /BLA/boletinlegal/ HTTP/1.1" 200 -
52.167.144.172 - - [19/Sep/2023:07:06:23 -0500] "GET /Publicaciones/2023EE212833.pdf HTTP/1.1" 200 232056
201.245.192.253 - - [19/Sep/2023:07:06:59 -0500] "POST /kwsrmcab/Wsrmcab  HTTP/1.1" 200 39305
52.167.144.211 - - [19/Sep/2023:07:07:01 -0500] "GET /Publicaciones/2023EE214590.pdf HTTP/1.1" 200 231984
201.245.192.253 - - [19/Sep/2023:07:07:05 -0500] "POST /sipse/faces/presentacion/financiero/solicitudProceso/listarSolicitudProceso.xhtml HTTP/1.1" 200 105717
201.245.192.253 - - [19/Sep/2023:07:07:05 -0500] "GET /sipse/faces/javax.faces.resource/theme.css?ln=primefaces-sipse HTTP/1.1" 304 -
201.245.192.253 - - [19/Sep/2023:07:07:05 -0500] "GET /sipse/faces/javax.faces.resource/layout/layout.css?ln=primefaces&v=4.0 HTTP/1.1" 304 -
201.245.192.253 - - [19/Sep/2023:07:07:05 -0500] "GET /sipse/faces/javax.faces.resource/primefaces.css?ln=primefaces&v=4.0 HTTP/1.1" 304 -
201.245.192.253 - - [19/Sep/2023:07:07:06 -0500] "GET /sipse/faces/javax.faces.resource/jquery/jquery.js?ln=primefaces&v=4.0 HTTP/1.1" 304 -
201.245.192.253 - - [19/Sep/2023:07:07:06 -0500] "GET /sipse/faces/javax.faces.resource/jquery/jquery-plugins.js?ln=primefaces&v=4.0 HTTP/1.1" 304 -
201.245.192.253 - - [19/Sep/2023:07:07:06 -0500] "GET /sipse/faces/javax.faces.resource/primefaces.js?ln=primefaces&v=4.0 HTTP/1.1" 304 -
201.245.192.253 - - [19/Sep/2023:07:07:06 -0500] "GET /sipse/faces/javax.faces.resource/layout/layout.js?ln=primefaces&v=4.0 HTTP/1.1" 304 -
201.245.192.253 - - [19/Sep/2023:07:07:06 -0500] "GET /sipse/faces/javax.faces.resource/dynamiccontent.properties?ln=primefaces&pfdrid=XjOR5%2F%2FfPAZAuY9TpWQeCiM0BhlXxYRBGKi%2FQcXXfeA%3D&pfdrid_c=false HTTP/1.1" 500 383
216.245.221.92 - - [19/Sep/2023:07:07:08 -0500] "HEAD / HTTP/1.1" 200 -
172.22.2.4 - - [19/Sep/2023:07:05:31 -0500] "GET /BLA/boletinlegal/ HTTP/1.1" 200 58187
201.245.192.253 - - [19/Sep/2023:07:07:17 -0500] "POST /sipse/faces/presentacion/financiero/solicitudProceso/consultarSolicitudProceso.xhtml HTTP/1.1" 200 757547
172.22.2.4 - - [19/Sep/2023:07:07:49 -0500] "GET /BLA/boletinlegal/actos.php HTTP/1.1" 200 9682
201.245.192.253 - - [19/Sep/2023:07:07:54 -0500] "POST /sipse/faces/presentacion/financiero/solicitudProceso/consultarSolicitudProceso.xhtml HTTP/1.1" 200 34993
201.245.192.253 - - [19/Sep/2023:07:07:54 -0500] "GET /sipse/faces/javax.faces.resource/theme.css?ln=primefaces-sipse HTTP/1.1" 304 -
201.245.192.253 - - [19/Sep/2023:07:07:54 -0500] "GET /sipse/faces/javax.faces.resource/primefaces.css?ln=primefaces&v=4.0 HTTP/1.1" 304 -
201.245.192.253 - - [19/Sep/2023:07:07:54 -0500] "GET /sipse/faces/javax.faces.resource/layout/layout.css?ln=primefaces&v=4.0 HTTP/1.1" 304 -
201.245.192.253 - - [19/Sep/2023:07:07:54 -0500] "GET /sipse/faces/javax.faces.resource/jquery/jquery.js?ln=primefaces&v=4.0 HTTP/1.1" 304 -
201.245.192.253 - - [19/Sep/2023:07:07:54 -0500] "GET /sipse/faces/javax.faces.resource/jquery/jquery-plugins.js?ln=primefaces&v=4.0 HTTP/1.1" 304 -
201.245.192.253 - - [19/Sep/2023:07:07:54 -0500] "GET /sipse/faces/javax.faces.resource/primefaces.js?ln=primefaces&v=4.0 HTTP/1.1" 304 -
201.245.192.253 - - [19/Sep/2023:07:07:54 -0500] "GET /sipse/faces/javax.faces.resource/layout/layout.js?ln=primefaces&v=4.0 HTTP/1.1" 304 -
201.245.192.253 - - [19/Sep/2023:07:07:54 -0500] "POST /sipse/faces/presentacion/financiero/solicitudProceso/listarSolicitudProceso.xhtml HTTP/1.1" 200 28324
201.245.192.253 - - [19/Sep/2023:07:07:55 -0500] "POST /sipse/faces/presentacion/financiero/solicitudProceso/listarSolicitudProceso.xhtml HTTP/1.1" 200 28324
201.245.192.253 - - [19/Sep/2023:07:07:56 -0500] "POST /sipse/faces/presentacion/financiero/solicitudProceso/listarSolicitudProceso.xhtml HTTP/1.1" 200 1404
201.245.192.253 - - [19/Sep/2023:07:07:56 -0500] "POST /sipse/faces/presentacion/financiero/solicitudProceso/listarSolicitudProceso.xhtml HTTP/1.1" 200 1384
201.245.192.253 - - [19/Sep/2023:07:07:56 -0500] "POST /sipse/faces/presentacion/financiero/solicitudProceso/listarSolicitudProceso.xhtml HTTP/1.1" 200 1404
181.51.34.6 - - [19/Sep/2023:07:10:08 -0500] "GET /appsia/controlador HTTP/1.1" 200 4799
181.51.34.6 - - [19/Sep/2023:07:10:08 -0500] "GET /appsia/css/estilos.css HTTP/1.1" 200 4804
181.51.34.6 - - [19/Sep/2023:07:10:08 -0500] "GET /appsia/scripts/validarIngreso.js HTTP/1.1" 200 851
181.51.34.6 - - [19/Sep/2023:07:10:08 -0500] "GET /appsia/images/logo_bogota_p.png HTTP/1.1" 200 14951
181.51.34.6 - - [19/Sep/2023:07:10:08 -0500] "GET /appsia/images/cabezoteHojaVida.png HTTP/1.1" 200 32493
181.51.34.6 - - [19/Sep/2023:07:10:08 -0500] "GET /favicon.ico HTTP/1.1" 200 7782
172.22.2.4 - - [19/Sep/2023:07:10:09 -0500] "GET /BLA/boletinlegal/actos.php HTTP/1.1" 200 9682
172.22.2.4 - - [19/Sep/2023:07:10:09 -0500] "GET /BLA/boletinlegal/js/ajax_actos.js HTTP/1.1" 200 1322
172.22.2.4 - - [19/Sep/2023:07:10:09 -0500] "GET /BLA/boletinlegal/style.css HTTP/1.1" 200 9406
172.22.2.4 - - [19/Sep/2023:07:10:09 -0500] "GET /BLA/boletinlegal/niceforms.js HTTP/1.1" 200 22876
172.22.2.4 - - [19/Sep/2023:07:10:09 -0500] "GET /BLA/boletinlegal/niceforms-default.css HTTP/1.1" 200 6694
172.22.2.4 - - [19/Sep/2023:07:10:09 -0500] "GET /BLA/boletinlegal/styles2.css HTTP/1.1" 200 1838
172.22.2.4 - - [19/Sep/2023:07:10:09 -0500] "GET /BLA/boletinlegal/js/lib.js HTTP/1.1" 200 6474
172.22.2.4 - - [19/Sep/2023:07:10:09 -0500] "GET /BLA/boletinlegal/js/popup.js HTTP/1.1" 200 1270
172.22.2.4 - - [19/Sep/2023:07:10:09 -0500] "GET /BLA/boletinlegal/js/jquery1.js HTTP/1.1" 200 29846
172.22.2.4 - - [19/Sep/2023:07:10:09 -0500] "GET /BLA/boletinlegal/images/cabezote%20BLEGAL.jpg HTTP/1.1" 200 118164
172.22.2.4 - - [19/Sep/2023:07:10:09 -0500] "GET /BLA/boletinlegal/images/subscribe-icon-big.png HTTP/1.1" 200 47702
172.22.2.4 - - [19/Sep/2023:07:10:09 -0500] "GET /BLA/boletinlegal/images/historia.png HTTP/1.1" 200 52775
172.22.2.4 - - [19/Sep/2023:07:10:09 -0500] "GET /BLA/boletinlegal/images/registro-usuarios.png HTTP/1.1" 200 8106
172.22.2.4 - - [19/Sep/2023:07:10:09 -0500] "GET /BLA/boletinlegal/images/tel.png HTTP/1.1" 200 14477
172.22.2.4 - - [19/Sep/2023:07:10:09 -0500] "GET /BLA/boletinlegal/images/green-yellow-blue-pink-th.png HTTP/1.1" 200 7394
172.22.2.4 - - [19/Sep/2023:07:10:09 -0500] "GET /BLA/boletinlegal/images/icono-email.png HTTP/1.1" 200 5544
172.22.2.4 - - [19/Sep/2023:07:10:09 -0500] "GET /BLA/boletinlegal/images/body_bg.jpg HTTP/1.1" 200 1601
172.22.2.4 - - [19/Sep/2023:07:10:09 -0500] "GET /BLA/boletinlegal/images/menu_lft.gif HTTP/1.1" 200 1713
172.22.2.4 - - [19/Sep/2023:07:10:09 -0500] "GET /BLA/boletinlegal/images/menu_rght.gif HTTP/1.1" 200 1627
172.22.2.4 - - [19/Sep/2023:07:10:09 -0500] "GET /BLA/boletinlegal/images/bg_top.jpg HTTP/1.1" 200 522
172.22.2.4 - - [19/Sep/2023:07:10:09 -0500] "GET /BLA/boletinlegal/images/menu_bg.jpg HTTP/1.1" 200 620
172.22.2.4 - - [19/Sep/2023:07:10:09 -0500] "GET /BLA/boletinlegal/images/hover.jpg HTTP/1.1" 200 640
172.22.2.4 - - [19/Sep/2023:07:10:09 -0500] "GET /BLA/boletinlegal/images/text.jpg HTTP/1.1" 200 568
172.22.2.4 - - [19/Sep/2023:07:10:09 -0500] "GET /BLA/boletinlegal/images/footer_bg.jpg HTTP/1.1" 200 586
172.22.2.4 - - [19/Sep/2023:07:10:09 -0500] "GET /BLA/boletinlegal/images/footer_bg_l.jpg HTTP/1.1" 200 776
172.22.2.4 - - [19/Sep/2023:07:10:09 -0500] "GET /BLA/boletinlegal/img/0.png HTTP/1.1" 200 110
172.22.2.4 - - [19/Sep/2023:07:10:09 -0500] "GET /BLA/boletinlegal/img/button.png HTTP/1.1" 200 43241
172.22.2.4 - - [19/Sep/2023:07:10:09 -0500] "GET /BLA/boletinlegal/img/button-left.png HTTP/1.1" 200 57071
172.22.2.4 - - [19/Sep/2023:07:10:09 -0500] "GET /BLA/boletinlegal/img/select-left.png HTTP/1.1" 200 263
172.22.2.4 - - [19/Sep/2023:07:10:09 -0500] "GET /BLA/boletinlegal/img/select-right.png HTTP/1.1" 200 44019
172.22.2.4 - - [19/Sep/2023:07:10:09 -0500] "GET /BLA/boletinlegal/img/button-right.png HTTP/1.1" 200 57878
172.22.2.4 - - [19/Sep/2023:07:10:09 -0500] "GET /BLA/boletinlegal/favicon.ico HTTP/1.1" 404 1326
181.51.34.6 - - [19/Sep/2023:07:10:20 -0500] "POST /appsia/controlador HTTP/1.1" 200 5437
181.51.34.6 - - [19/Sep/2023:07:10:23 -0500] "POST /appsia/controlador HTTP/1.1" 200 9622
181.51.34.6 - - [19/Sep/2023:07:10:23 -0500] "GET /appsia/images/logo_escudo.png HTTP/1.1" 200 36965
172.22.2.4 - - [19/Sep/2023:07:10:33 -0500] "GET /BLA/boletinlegal/consulta_actos.php?tipo=resoluciones&no=2093&usuario=&sector=&fecha=2015&resuelve= HTTP/1.1" 200 626
201.245.192.253 - - [19/Sep/2023:07:11:59 -0500] "POST /kwsrmcab/Wsrmcab  HTTP/1.1" 200 39305
216.245.221.92 - - [19/Sep/2023:07:12:08 -0500] "HEAD / HTTP/1.1" 200 -
172.22.2.4 - - [19/Sep/2023:07:10:30 -0500] "HEAD /BLA/boletinlegal/ HTTP/1.1" 200 -
172.22.2.4 - - [19/Sep/2023:07:11:21 -0500] "GET /BLA/boletinlegal/ HTTP/1.1" 200 58187
172.22.2.4 - - [19/Sep/2023:07:13:10 -0500] "GET /BLA/boletinlegal/ HTTP/1.1" 200 36811
186.155.19.36 - - [19/Sep/2023:07:14:20 -0500] "GET /portaldeninos/wp-includes/js/wp-emoji-release.min.js?ver=4.9.8 HTTP/1.1" 200 12026
186.155.19.36 - - [19/Sep/2023:07:14:20 -0500] "GET /portaldeninos/ HTTP/1.1" 200 110175
186.155.19.36 - - [19/Sep/2023:07:14:20 -0500] "GET /portaldeninos/wp-includes/js/wp-emoji-release.min.js?ver=4.9.8 HTTP/1.1" 200 12026
186.155.19.36 - - [19/Sep/2023:07:14:20 -0500] "GET /portaldeninos/wp-content/plugins/gallery-videos/CSS/Total-Soft-Gallery-Video-Widget.css?ver=4.9.8 HTTP/1.1" 200 51554
186.155.19.36 - - [19/Sep/2023:07:14:20 -0500] "GET /portaldeninos/wp-content/uploads/useanyfont/uaf.css?ver=1589905315 HTTP/1.1" 200 408
186.155.19.36 - - [19/Sep/2023:07:14:20 -0500] "GET /portaldeninos/wp-content/themes/betheme/style.css?ver=20.9.6 HTTP/1.1" 200 287
186.155.19.36 - - [19/Sep/2023:07:14:20 -0500] "GET /portaldeninos/wp-content/plugins/gallery-videos/CSS/totalsoft.css?ver=4.9.8 HTTP/1.1" 200 40622
186.155.19.36 - - [19/Sep/2023:07:14:20 -0500] "GET /portaldeninos/wp-content/themes/betheme/css/base.css?ver=20.9.6 HTTP/1.1" 200 57283
186.155.19.36 - - [19/Sep/2023:07:14:20 -0500] "GET /portaldeninos/wp-content/themes/betheme/css/layout.css?ver=20.9.6 HTTP/1.1" 200 116639
186.155.19.36 - - [19/Sep/2023:07:14:20 -0500] "GET /portaldeninos/wp-content/themes/betheme/css/shortcodes.css?ver=20.9.6 HTTP/1.1" 200 138889
186.155.19.36 - - [19/Sep/2023:07:14:20 -0500] "GET /portaldeninos/wp-content/themes/betheme/assets/ui/jquery.ui.all.css?ver=20.9.6 HTTP/1.1" 200 18765
186.155.19.36 - - [19/Sep/2023:07:14:20 -0500] "GET /portaldeninos/wp-content/themes/betheme/assets/jplayer/css/jplayer.blue.monday.css?ver=20.9.6 HTTP/1.1" 200 9834
186.155.19.36 - - [19/Sep/2023:07:14:20 -0500] "GET /portaldeninos/wp-content/themes/betheme/assets/animations/animations.min.css?ver=20.9.6 HTTP/1.1" 200 58508
186.155.19.36 - - [19/Sep/2023:07:14:20 -0500] "GET /portaldeninos/wp-content/plugins/popup-maker/assets/css/site.min.css?ver=1.8.14 HTTP/1.1" 200 8260
186.155.19.36 - - [19/Sep/2023:07:14:20 -0500] "GET /portaldeninos/wp-content/themes/betheme/css/responsive.css?ver=20.9.6 HTTP/1.1" 200 55740
186.155.19.36 - - [19/Sep/2023:07:14:21 -0500] "GET /portaldeninos/wp-content/plugins/google-analytics-for-wordpress/assets/js/frontend-gtag.min.js?ver=8.5.0 HTTP/1.1" 200 11801
186.155.19.36 - - [19/Sep/2023:07:14:21 -0500] "GET /portaldeninos/wp-includes/js/jquery/jquery-migrate.min.js?ver=1.4.1 HTTP/1.1" 200 10056
186.155.19.36 - - [19/Sep/2023:07:14:21 -0500] "GET /portaldeninos/wp-content/plugins/google-analytics-for-wordpress/assets/js/frontend-gtag.min.js?ver=8.5.0 HTTP/1.1" 200 11801
186.155.19.36 - - [19/Sep/2023:07:14:21 -0500] "GET /portaldeninos/wp-includes/js/jquery/ui/core.min.js?ver=1.11.4 HTTP/1.1" 200 4000
186.155.19.36 - - [19/Sep/2023:07:14:21 -0500] "GET /portaldeninos/wp-includes/js/jquery/jquery-migrate.min.js?ver=1.4.1 HTTP/1.1" 200 10056
186.155.19.36 - - [19/Sep/2023:07:14:21 -0500] "GET /portaldeninos/wp-content/plugins/gallery-videos/JS/modernizr.custom.js?ver=4.9.8 HTTP/1.1" 200 9019
186.155.19.36 - - [19/Sep/2023:07:14:21 -0500] "GET /portaldeninos/wp-includes/js/jquery/ui/core.min.js?ver=1.11.4 HTTP/1.1" 200 4000
186.155.19.36 - - [19/Sep/2023:07:14:21 -0500] "GET /portaldeninos/wp-content/plugins/gallery-videos/JS/modernizr.custom.js?ver=4.9.8 HTTP/1.1" 200 9019
186.155.19.36 - - [19/Sep/2023:07:14:21 -0500] "GET /portaldeninos/wp-content/plugins/gallery-videos/JS/Total-Soft-Gallery-Video-Widget.js?ver=4.9.8 HTTP/1.1" 200 80264
186.155.19.36 - - [19/Sep/2023:07:14:21 -0500] "GET /portaldeninos/wp-includes/js/jquery/ui/widget.min.js?ver=1.11.4 HTTP/1.1" 200 6908
186.155.19.36 - - [19/Sep/2023:07:14:21 -0500] "GET /portaldeninos/wp-includes/js/jquery/jquery.js?ver=1.12.4 HTTP/1.1" 200 97184
186.155.19.36 - - [19/Sep/2023:07:14:21 -0500] "GET /portaldeninos/wp-includes/js/jquery/ui/mouse.min.js?ver=1.11.4 HTTP/1.1" 200 3148
186.155.19.36 - - [19/Sep/2023:07:14:21 -0500] "GET /portaldeninos/wp-includes/js/jquery/ui/widget.min.js?ver=1.11.4 HTTP/1.1" 200 6908
186.155.19.36 - - [19/Sep/2023:07:14:21 -0500] "GET /portaldeninos/wp-includes/js/jquery/ui/tabs.min.js?ver=1.11.4 HTTP/1.1" 200 12110
186.155.19.36 - - [19/Sep/2023:07:14:21 -0500] "GET /portaldeninos/wp-includes/js/jquery/ui/accordion.min.js?ver=1.11.4 HTTP/1.1" 200 8584
186.155.19.36 - - [19/Sep/2023:07:14:21 -0500] "GET /portaldeninos/wp-includes/js/jquery/ui/mouse.min.js?ver=1.11.4 HTTP/1.1" 200 3148
186.155.19.36 - - [19/Sep/2023:07:14:21 -0500] "GET /portaldeninos/wp-includes/js/jquery/ui/sortable.min.js?ver=1.11.4 HTTP/1.1" 200 24899
186.155.19.36 - - [19/Sep/2023:07:14:21 -0500] "GET /portaldeninos/wp-includes/js/jquery/jquery.js?ver=1.12.4 HTTP/1.1" 200 97184
186.155.19.36 - - [19/Sep/2023:07:14:21 -0500] "GET /portaldeninos/wp-content/themes/betheme/js/menu.js?ver=20.9.6 HTTP/1.1" 200 2449
186.155.19.36 - - [19/Sep/2023:07:14:21 -0500] "GET /portaldeninos/wp-content/themes/betheme/assets/animations/animations.min.js?ver=20.9.6 HTTP/1.1" 200 1896
186.155.19.36 - - [19/Sep/2023:07:14:21 -0500] "GET /portaldeninos/wp-includes/js/jquery/ui/position.min.js?ver=1.11.4 HTTP/1.1" 200 6527
186.155.19.36 - - [19/Sep/2023:07:14:21 -0500] "GET /portaldeninos/wp-content/plugins/popup-maker/assets/js/site.min.js?defer&ver=1.8.14 HTTP/1.1" 200 48457
186.155.19.36 - - [19/Sep/2023:07:14:21 -0500] "GET /portaldeninos/wp-content/themes/betheme/js/plugins.js?ver=20.9.6 HTTP/1.1" 200 197151
