186.102.1.10 - - [19/Sep/2023:01:03:17 -0500] "GET /kwssiamovil/sm/acme/a?s=U2FsdGVkX19fIonbLg7pjQJc82E27GCdOSwbKPRZprRNvb1nGRv3zVGVjz2xPMO+zM+AHHOCgeasu2v0WJFl/ee9bFDCDhK+D2ZvgDo5ZNusK/ifbNlLAcGsGfakE/sto3UWvp7SYI4eIOJdGlVp0dkWUVN3cgSLWzBbZAxkk6b0isjnQjHA7gM7MW7dQJUAr1rkhKm7aRvS4PlQlmOx/KozsAlVNAKDWlROkgLloZ+avTBnxrmo56uurnQJB9BmG+/1+Rtb++HmfpvKOoJJFcCXreKdkqUdKzx+BYM3b4OweerbWmhE3MyQL27jGmWKVYsV/8ZfPlwQuY/11FSU6NjqIx9aUuS1e4beB9QGb1kvIqg1yeMXRL+5qexAKZbRaC3ZBCYYHdFtrFRHe/5SOY7CuKhKCCfBNtJx4uDjZ0sXVzt8E9aX3R+4rRzVF7ME&u=U2FsdGVkX19d8BVhvGCQICglKn67148SBUgmPsLRLQwHFS1ON+Vade1ET/cz1Mo3&y=U2FsdGVkX1/F+/+z5cpb0rphfLSrbZcxIGTyoFZ0GIWpEP+Sd5W/T3E/DAw9Eubf HTTP/1.1" 200 25
201.245.192.253 - - [19/Sep/2023:01:03:21 -0500] "POST /kwsrmcab/Wsrmcab  HTTP/1.1" 200 39305
201.245.192.253 - - [19/Sep/2023:01:03:38 -0500] "POST /forms/lservlet;jsessionid=ac16012b30d6eecd89e522c04ad5b6bccf6336cea088.e3iSbxaKaheRe34Pbx8Nc3aQci1ynknvrkLOlQzNp65In0 HTTP/1.1" 200 2
201.245.192.253 - - [19/Sep/2023:01:03:42 -0500] "POST /forms/lservlet;jsessionid=ac16012b30d60f1d8a7b81bb4baeb8b0ce5fe507e2af.e3iSbxaKaheRe34Pbx8Nc3aQci1ynknvrkLOlQzNp65In0 HTTP/1.1" 200 2
190.60.254.237 - - [19/Sep/2023:01:03:45 -0500] "GET /BLA/resoluciones/index.php?dir=RESOLUCIONES+2017%2F HTTP/1.1" 200 286831
172.22.2.4 - - [19/Sep/2023:01:03:01 -0500] "HEAD /BLA/boletinlegal/ HTTP/1.1" 200 -
216.244.66.195 - - [19/Sep/2023:01:05:22 -0500] "GET /BLA/resoluciones/AUTOS%202019/0682.pdf HTTP/1.1" 200 316443
172.22.2.4 - - [19/Sep/2023:01:03:52 -0500] "GET /BLA/boletinlegal/ HTTP/1.1" 200 58187
201.245.192.253 - - [19/Sep/2023:01:05:38 -0500] "POST /forms/lservlet;jsessionid=ac16012b30d6eecd89e522c04ad5b6bccf6336cea088.e3iSbxaKaheRe34Pbx8Nc3aQci1ynknvrkLOlQzNp65In0 HTTP/1.1" 200 2
201.245.192.253 - - [19/Sep/2023:01:05:42 -0500] "POST /forms/lservlet;jsessionid=ac16012b30d60f1d8a7b81bb4baeb8b0ce5fe507e2af.e3iSbxaKaheRe34Pbx8Nc3aQci1ynknvrkLOlQzNp65In0 HTTP/1.1" 200 2
157.90.244.54 - - [19/Sep/2023:01:06:01 -0500] "GET / HTTP/1.1" 200 319
216.244.66.195 - - [19/Sep/2023:01:06:09 -0500] "GET /BLA/resoluciones/AUTOS%202019/1481.pdf HTTP/1.1" 200 264100
216.244.66.195 - - [19/Sep/2023:01:06:52 -0500] "GET /BLA/resoluciones/AUTOS%202019/1564.pdf HTTP/1.1" 200 266276
216.245.221.92 - - [19/Sep/2023:01:07:09 -0500] "HEAD / HTTP/1.1" 200 -
186.102.73.213 - - [19/Sep/2023:01:07:22 -0500] "GET /kwssiamovil/sm/acme/a?s=U2FsdGVkX19fcTSwwdMc3HMwYcOjQN3Vg3hAtagtOXiPQ86upHwlqX6yB6P605udGtIn5/Bxb9S8iIjaDHQklRjgsublCa6usJEim7OpDtYVquTgoLF1nq25+5D8RiuTg1VqYGziVweA6OAoV+cDvOAX+OHaixHS5vpaKkhEysZZ54GgSt5Tgg7Zg3hOT2C0Jzzsa3gpg52oSIpwFUrIftR08D51+MZBVf3PUjhrX/ghyL8gm80DkJvkOfJ++JsZ2iwK4WB0U81ieEQeglHuew==&u=U2FsdGVkX18WJnZnpPkmcapHmO6HCSo0QM1Fhy4HOiI=&y=U2FsdGVkX18VtBlkBjHivj6PmFXlTNLLMigI10830swlkyx5a5eeraVjyXU9tLJ5 HTTP/1.1" 200 26
186.102.73.213 - - [19/Sep/2023:01:07:22 -0500] "GET /kwssiamovil/sm/acme/a?s=U2FsdGVkX1/4SmgaNfPMeb1QYKEstT5Jsg+lClyWyjiA8rA9ebcga35EoC4lfFmR5dJMECrPfkdp3G4A295yTXYwZTsnp7glE0QFmmwDE7WjBOuQl7/8DDz9XV/QWr6AXGZd1HDYLhx2vSk6zyzXi3y+G3Do8Zy4SLgJ6VH+8kkgwO2ZnYDVl3RgYf1R72Ddw3C6HWuyRI2LrQFQN0LFRw8ia9PmO+mzenPCOE2/z3xdp17tLFj0FRYA+uDYqAZK3KN9LZsxOm974K39xse1IFSNpndgD8X/OMQBAjE6RZkZQDl2ojnZgAgjdMyZvhSjR2xqoXNIvMr0BjjCzy8jI5yNOgWDjFOvEQbBTEFUdlPj2+D6j9MnxpIcsgkIsZOMxJIsKj/2c8SXj4KEaxrQtvbvDiSTDoJ79l0QW0VRwHrdHE5CDt8Kp0HDgkFP9k524KXuhjYTurBW7zKptVtNvfJHTEf6luD2FUSbwLpxDooH1qDOPDnuXnPYasEkScBhqZpdIY3mb691t2KAPmx3GCM9BtlOOpleSr84NdWH99HSy2Dq9bFDHqbSuUzYAkP744SOEKYMiUxnJ3RIqZTtQMMFq3QLQchnIA6j71iwMoztLJp+FHrBOaMUPOi+rHUXjjXSgakaA//do16/2Kf5GAQLeWQjxK2XhQrdWGF3qrzNOxBU/G6wWIBa8QM2fRLEPYYviNXAwcWWjbBw/OHAqsI0ihGphRpzWHLkJxGLnzCVALLhj1YSHiy1LNoEIoAocFfRI9azVyC1sx4Y7QTrCW49jAdERJHwdaprZCcr8kqXRacYu12WlPbrMdaGn7IUBhVz9ZCwpC79zAfN4p0piub9DBul9xB/StDhqeLM5Sf2B7DrHWQw/tnZpTtEF6tnjlbGkI/5VB3fw48n1X7jr/W8aa4rQ6E1KY9SRbzcyxzV2UjEfZ2CkYaRQEc8w1kOdAcoTsHWWJ+sm2VxlXgT4ENPIx4001kI63EYeEyruQ/cTQisZj4tYJeXgbB1kxhDD3QVzHakPajG3JdLFs5nLjnGZNamKdqRnn8Du5C796VaeNDe65hLbCrYTiV5AlbXh5Zrnia73cFEKiQXpxKu8FD5SKnSY7yJNPEh83hC1m/v2y/PTicZ8gyf+obF8Uf9xUmS+myHsAu+Jyon9h6NnzGU2HmR3nFAQM1pcPTbOmRAdbBu+jxJpIJLZPau1o5FuYEkykI8C3bImuocbb16mfavBQrI9lzsZWjWRjNz1SsnBLe1GyDFt3u16K34E5TORzMpDBjBbVnS1hmdovbqDELmObDZo4bsbL2U0HL48YiVAd68vNJEXPBAAzkECUprZgdxV6xSJVwftZH+GfngTXCzr6IkDVCfQpTP6fynScJT+j6QTpvLkD2lodob5JL9Ir6IenP9GiH9vNoGgzmG+cJpUuVjH2/LbwzAiFhdmcYxViBFiQKoCd+2EmJLT0SpICS5gp2m9RASqkzD2Ivd291JROh5izcKDlaZJN/rGjzpeLhhrIgVnbRN/5VXWji69Hc9FpK+p4sQOLU7MVPt/g==&u=U2FsdGVkX18WJnZnpPkmcapHmO6HCSo0QM1Fhy4HOiI=&y=U2FsdGVkX18VtBlkBjHivj6PmFXlTNLLMigI10830swlkyx5a5eeraVjyXU9tLJ5 HTTP/1.1" 200 26
186.102.73.213 - - [19/Sep/2023:01:07:23 -0500] "GET /kwssiamovil/sm/acme/a?s=U2FsdGVkX1+vzWfwkYeBB/paiDkmBkKWWTYiDf8niat7oJPYm1R+P9OU08h5mVkpCcKrgHxgv6kTXgKJGoAS0u/xizmYd2GuBXXxrnuH9AEXH4CWgQMqCkVEWOx+AmZaF1iD4Vp+BwZd6jnsPKHLJe21/lPEtFTeYaWBT9+xkJQ=&u=U2FsdGVkX18WJnZnpPkmcapHmO6HCSo0QM1Fhy4HOiI=&y=U2FsdGVkX18VtBlkBjHivj6PmFXlTNLLMigI10830swlkyx5a5eeraVjyXU9tLJ5 HTTP/1.1" 200 26
186.102.73.213 - - [19/Sep/2023:01:07:23 -0500] "GET /kwssiamovil/sm/acme/a?s=U2FsdGVkX1+9FBh/UvqsS9/tZvhDU7cVmCcMDeXr4U6nHfkFpf+I28mhwpMB7qZD82QOWHcmYY21JlaHSru8SdhmN0ZXVlwYwjhgadICP/iRVQz91LDlk1CRRoYT1Qn4ynEOAP8TWVB8pAYEPCAT9K/WYLq6MeIa+n3m322ThpE=&u=U2FsdGVkX18WJnZnpPkmcapHmO6HCSo0QM1Fhy4HOiI=&y=U2FsdGVkX18VtBlkBjHivj6PmFXlTNLLMigI10830swlkyx5a5eeraVjyXU9tLJ5 HTTP/1.1" 200 26
186.102.73.213 - - [19/Sep/2023:01:07:23 -0500] "GET /kwssiamovil/sm/acme/a?s=U2FsdGVkX18JJsgVeVjuc3Y+4Tsx2iVkfQVkNnnkGoOx7v8F5m9IV5ouiNray567ocOKSEeuPXMmIa3FdDfKSE9pwrzogWwWDoRjm7uYuZNBQOk9+SAPBAebFFrW85D/MOOJcc8IvOJUJnm8lLB1uSF5t/AXUmOuhcqA5hmXx/I=&u=U2FsdGVkX18WJnZnpPkmcapHmO6HCSo0QM1Fhy4HOiI=&y=U2FsdGVkX18VtBlkBjHivj6PmFXlTNLLMigI10830swlkyx5a5eeraVjyXU9tLJ5 HTTP/1.1" 200 26
186.102.73.213 - - [19/Sep/2023:01:07:23 -0500] "GET /kwssiamovil/sm/acme/a?s=U2FsdGVkX18Z1vv8NRJs6Msci6U72dZOgJe6azM7rBK57a5cUMu/xMz0HmN7lmc+HhWZ8/oqx15aqJdC7KnrPs+He+xkqZMOOLg6x1ItuT+gz20sNkAZ3X4sNfSk5s/TmYB3IMeuK2DiBh3TyM2ZnnTZRnoiLFrSl9vIO47gHL5mfkFR3xOnBBmJ/dZ7q3cr&u=U2FsdGVkX18WJnZnpPkmcapHmO6HCSo0QM1Fhy4HOiI=&y=U2FsdGVkX18VtBlkBjHivj6PmFXlTNLLMigI10830swlkyx5a5eeraVjyXU9tLJ5 HTTP/1.1" 200 26
216.244.66.195 - - [19/Sep/2023:01:07:33 -0500] "GET /BLA/resoluciones/AUTOS%202019/2544.pdf HTTP/1.1" 200 258167
201.245.192.253 - - [19/Sep/2023:01:07:38 -0500] "POST /forms/lservlet;jsessionid=ac16012b30d6eecd89e522c04ad5b6bccf6336cea088.e3iSbxaKaheRe34Pbx8Nc3aQci1ynknvrkLOlQzNp65In0 HTTP/1.1" 200 2
201.245.192.253 - - [19/Sep/2023:01:07:42 -0500] "POST /forms/lservlet;jsessionid=ac16012b30d60f1d8a7b81bb4baeb8b0ce5fe507e2af.e3iSbxaKaheRe34Pbx8Nc3aQci1ynknvrkLOlQzNp65In0 HTTP/1.1" 200 2
216.244.66.195 - - [19/Sep/2023:01:08:15 -0500] "GET /BLA/resoluciones/AUTOS%202019/3445.pdf HTTP/1.1" 200 506185
201.245.192.253 - - [19/Sep/2023:01:08:20 -0500] "POST /kwsrmcab/Wsrmcab  HTTP/1.1" 200 39305
216.244.66.195 - - [19/Sep/2023:01:09:05 -0500] "GET /BLA/resoluciones/AUTOS%202019/3693.pdf HTTP/1.1" 200 227343
201.245.192.253 - - [19/Sep/2023:01:09:38 -0500] "POST /forms/lservlet;jsessionid=ac16012b30d6eecd89e522c04ad5b6bccf6336cea088.e3iSbxaKaheRe34Pbx8Nc3aQci1ynknvrkLOlQzNp65In0 HTTP/1.1" 200 2
201.245.192.253 - - [19/Sep/2023:01:09:42 -0500] "POST /forms/lservlet;jsessionid=ac16012b30d60f1d8a7b81bb4baeb8b0ce5fe507e2af.e3iSbxaKaheRe34Pbx8Nc3aQci1ynknvrkLOlQzNp65In0 HTTP/1.1" 200 2
216.244.66.195 - - [19/Sep/2023:01:09:47 -0500] "GET /BLA/resoluciones/AUTOS%202019/4417.pdf HTTP/1.1" 200 271188
216.244.66.195 - - [19/Sep/2023:01:10:26 -0500] "GET /BLA/resoluciones/RESOLUCIONES%202017/0912.pdf HTTP/1.1" 200 8534055
190.60.254.237 - - [19/Sep/2023:01:10:25 -0500] "GET /BLA/resoluciones/index.php?dir=AUTOS+2014%2F HTTP/1.1" 200 890525
172.22.2.4 - - [19/Sep/2023:01:08:51 -0500] "HEAD /BLA/boletinlegal/ HTTP/1.1" 200 -
216.244.66.195 - - [19/Sep/2023:01:11:16 -0500] "GET /BLA/resoluciones/RESOLUCIONES%202018/0180.pdf HTTP/1.1" 200 301173
172.22.2.4 - - [19/Sep/2023:01:09:42 -0500] "GET /BLA/boletinlegal/ HTTP/1.1" 200 57790
201.245.192.253 - - [19/Sep/2023:01:11:38 -0500] "POST /forms/lservlet;jsessionid=ac16012b30d6eecd89e522c04ad5b6bccf6336cea088.e3iSbxaKaheRe34Pbx8Nc3aQci1ynknvrkLOlQzNp65In0 HTTP/1.1" 200 2
201.245.192.253 - - [19/Sep/2023:01:11:42 -0500] "POST /forms/lservlet;jsessionid=ac16012b30d60f1d8a7b81bb4baeb8b0ce5fe507e2af.e3iSbxaKaheRe34Pbx8Nc3aQci1ynknvrkLOlQzNp65In0 HTTP/1.1" 200 2
216.244.66.195 - - [19/Sep/2023:01:11:48 -0500] "GET /BLA/resoluciones/RESOLUCIONES%202018/0548.pdf HTTP/1.1" 200 333508
152.61.128.50 - - [19/Sep/2023:01:12:06 -0500] "GET /arcgis/services/Calidad_del_Agua_WQI/MapServer/WMSServer?request=GetCapabilities&service=WMS HTTP/1.1" 503 1020
152.61.128.50 - - [19/Sep/2023:01:12:07 -0500] "GET /arcgis/services/Calidad_del_Agua_WQI/MapServer/WMSServer?SERVICE=WMS&REQUEST=GetCapabilities HTTP/1.1" 503 1020
152.61.128.50 - - [19/Sep/2023:01:12:07 -0500] "GET /arcgis/services/Calidad_del_Agua_WQI/MapServer/WMSServer?WMTVER=1.0.0&REQUEST=capabilities HTTP/1.1" 503 1020
216.245.221.92 - - [19/Sep/2023:01:12:09 -0500] "HEAD / HTTP/1.1" 200 -
216.244.66.195 - - [19/Sep/2023:01:12:30 -0500] "GET /BLA/resoluciones/RESOLUCIONES%202018/0993.pdf HTTP/1.1" 200 356417
216.244.66.195 - - [19/Sep/2023:01:13:09 -0500] "GET /BLA/resoluciones/RESOLUCIONES%202018/1811.pdf HTTP/1.1" 200 284401
201.245.192.253 - - [19/Sep/2023:01:13:20 -0500] "POST /kwsrmcab/Wsrmcab  HTTP/1.1" 200 39305
201.245.192.253 - - [19/Sep/2023:01:13:38 -0500] "POST /forms/lservlet;jsessionid=ac16012b30d6eecd89e522c04ad5b6bccf6336cea088.e3iSbxaKaheRe34Pbx8Nc3aQci1ynknvrkLOlQzNp65In0 HTTP/1.1" 200 2
201.245.192.253 - - [19/Sep/2023:01:13:42 -0500] "POST /forms/lservlet;jsessionid=ac16012b30d60f1d8a7b81bb4baeb8b0ce5fe507e2af.e3iSbxaKaheRe34Pbx8Nc3aQci1ynknvrkLOlQzNp65In0 HTTP/1.1" 200 2
216.244.66.195 - - [19/Sep/2023:01:13:48 -0500] "GET /BLA/resoluciones/RESOLUCIONES%202018/2728.pdf HTTP/1.1" 200 316620
216.244.66.195 - - [19/Sep/2023:01:14:25 -0500] "GET /BLA/resoluciones/RESOLUCIONES%202018/3094.pdf HTTP/1.1" 200 232708
216.244.66.195 - - [19/Sep/2023:01:15:03 -0500] "GET /BLA/resoluciones/AUTOS%202016/0435.pdf HTTP/1.1" 200 469135
201.245.192.253 - - [19/Sep/2023:01:15:38 -0500] "POST /forms/lservlet;jsessionid=ac16012b30d6eecd89e522c04ad5b6bccf6336cea088.e3iSbxaKaheRe34Pbx8Nc3aQci1ynknvrkLOlQzNp65In0 HTTP/1.1" 200 2
201.245.192.253 - - [19/Sep/2023:01:15:42 -0500] "POST /forms/lservlet;jsessionid=ac16012b30d60f1d8a7b81bb4baeb8b0ce5fe507e2af.e3iSbxaKaheRe34Pbx8Nc3aQci1ynknvrkLOlQzNp65In0 HTTP/1.1" 200 2
216.244.66.195 - - [19/Sep/2023:01:15:42 -0500] "GET /BLA/resoluciones/AUTOS%202016/0836.pdf HTTP/1.1" 200 481227
186.102.100.21 - - [19/Sep/2023:01:16:17 -0500] "GET /kwssiamovil/sm/acme/u?s=U2FsdGVkX19hCg/w0olnqEu+Sor3bFypllnv2WbP55kTIcpbBVZIsSPjCBHQnmyO81KECJWo09XFi3PJBUKlZlA4VsIPVXruQKw06+E+dPvgAy1Rbf9Xn2Wpdsvh2bWZ0VnUezc69ryK/yHz/ZL0u0Fn6mrpKFR8DQ4QY64zTaw=&u=U2FsdGVkX1/rP1cRLh0zsG7JfhvLrQx5BTyqA8rhArE=&y=U2FsdGVkX18IqB6yNwzkzQ08py4aeaVdYT4UOnTITPs= HTTP/1.1" 200 60
172.22.2.4 - - [19/Sep/2023:01:14:41 -0500] "HEAD /BLA/boletinlegal/ HTTP/1.1" 200 -
216.244.66.195 - - [19/Sep/2023:01:16:22 -0500] "GET /BLA/resoluciones/AUTOS%202016/0884.pdf HTTP/1.1" 200 627120
216.244.66.195 - - [19/Sep/2023:01:16:53 -0500] "GET /BLA/resoluciones/AUTOS%202016/0981.pdf HTTP/1.1" 200 535631
216.245.221.92 - - [19/Sep/2023:01:17:09 -0500] "HEAD / HTTP/1.1" 200 -
172.22.2.4 - - [19/Sep/2023:01:15:32 -0500] "GET /BLA/boletinlegal/ HTTP/1.1" 200 60692
186.102.100.21 - - [19/Sep/2023:01:17:31 -0500] "GET /kwssiamovil/sm/acme/u?s=U2FsdGVkX18+1eC6R6iPJliz8pXvOxtOX+MvquXeLaxoTXDKbQ/Vye7458zrmTrJZbCIdNFrdLe2AVVJNWFzSBOxXkcZBnhUMFXlZl3w+e7vFsls7OyvDo/Ljww7Ni9hKWipSduXOiAw8OqgUz8QRzM/1e+Zxr7aFC6uwM6NXdQ=&u=U2FsdGVkX1/rP1cRLh0zsG7JfhvLrQx5BTyqA8rhArE=&y=U2FsdGVkX18IqB6yNwzkzQ08py4aeaVdYT4UOnTITPs= HTTP/1.1" 200 60
216.244.66.195 - - [19/Sep/2023:01:17:35 -0500] "GET /BLA/resoluciones/AUTOS%202016/1456.pdf HTTP/1.1" 200 474151
201.245.192.253 - - [19/Sep/2023:01:17:38 -0500] "POST /forms/lservlet;jsessionid=ac16012b30d6eecd89e522c04ad5b6bccf6336cea088.e3iSbxaKaheRe34Pbx8Nc3aQci1ynknvrkLOlQzNp65In0 HTTP/1.1" 200 2
201.245.192.253 - - [19/Sep/2023:01:17:42 -0500] "POST /forms/lservlet;jsessionid=ac16012b30d60f1d8a7b81bb4baeb8b0ce5fe507e2af.e3iSbxaKaheRe34Pbx8Nc3aQci1ynknvrkLOlQzNp65In0 HTTP/1.1" 200 2
201.245.192.253 - - [19/Sep/2023:01:17:59 -0500] "POST /kwsrmcab/Wsrmcab HTTP/1.1" 200 42565
201.245.192.253 - - [19/Sep/2023:01:18:02 -0500] "POST /kwsrmcab/Wsrmcab HTTP/1.1" 200 39431
216.244.66.195 - - [19/Sep/2023:01:18:10 -0500] "GET /BLA/resoluciones/AUTOS%202016/1781.pdf HTTP/1.1" 200 264051
201.245.192.253 - - [19/Sep/2023:01:18:18 -0500] "POST /kwsrmcab/Wsrmcab  HTTP/1.1" 200 39305
216.244.66.195 - - [19/Sep/2023:01:18:39 -0500] "GET /BLA/resoluciones/AUTOS%202016/1873.pdf HTTP/1.1" 200 609033
216.244.66.195 - - [19/Sep/2023:01:19:24 -0500] "GET /BLA/resoluciones/AUTOS%202016/1951.pdf HTTP/1.1" 200 502441
172.22.2.4 - - [19/Sep/2023:01:18:49 -0500] "GET /BLA/boletinlegal/ HTTP/1.1" 200 32715
201.245.192.253 - - [19/Sep/2023:01:19:38 -0500] "POST /forms/lservlet;jsessionid=ac16012b30d6eecd89e522c04ad5b6bccf6336cea088.e3iSbxaKaheRe34Pbx8Nc3aQci1ynknvrkLOlQzNp65In0 HTTP/1.1" 200 2
201.245.192.253 - - [19/Sep/2023:01:19:42 -0500] "POST /forms/lservlet;jsessionid=ac16012b30d60f1d8a7b81bb4baeb8b0ce5fe507e2af.e3iSbxaKaheRe34Pbx8Nc3aQci1ynknvrkLOlQzNp65In0 HTTP/1.1" 200 2
216.244.66.195 - - [19/Sep/2023:01:19:55 -0500] "GET /BLA/resoluciones/AUTOS%202016/2324.pdf HTTP/1.1" 200 373135
216.244.66.195 - - [19/Sep/2023:01:20:28 -0500] "GET /BLA/resoluciones/AUTOS%202016/2388.pdf HTTP/1.1" 200 384964
186.102.1.10 - - [19/Sep/2023:01:20:45 -0500] "GET /kwssiamovil/sm/acme/u?s=U2FsdGVkX18tiMSTKOiUQhPbUj+AszAVrr2eN0sq1yKNS9KkN4vT8xs6bfBclk8s0f3B7Tsa2idDgJP32/9VFLYNg9Sws/97l317vukfHzCkaGU+enfazrXT6ElaH3MyfSIHR1AoWcuY4vKHO0o5ke7itp4TZ3pIFn1tHULlHec=&u=U2FsdGVkX19d8BVhvGCQICglKn67148SBUgmPsLRLQwHFS1ON+Vade1ET/cz1Mo3&y=U2FsdGVkX1/F+/+z5cpb0rphfLSrbZcxIGTyoFZ0GIWpEP+Sd5W/T3E/DAw9Eubf HTTP/1.1" 200 60
216.244.66.195 - - [19/Sep/2023:01:20:57 -0500] "GET /BLA/resoluciones/AUTOS%202016/2406.pdf HTTP/1.1" 200 622318
104.248.118.128 - - [19/Sep/2023:01:21:00 -0500] "GET / HTTP/1.1" 200 4720
186.102.1.10 - - [19/Sep/2023:01:21:06 -0500] "GET /kwssiamovil/sm/acme/u?s=U2FsdGVkX1/KlWK+UFczpSgyPWmIjYwEKudP4h7CMayAgtr6OBmRlpIv7BYsz15txXkUNktEmWU/4Qe1T+rQSERhsOdJMnvXLEHnGVsGAwR+K+1febOyMwCfXjPvUnVmMxJbQACMRtxwK7JOwKySuvAfV2K/nLrH5Ki94cWJXk0=&u=U2FsdGVkX19d8BVhvGCQICglKn67148SBUgmPsLRLQwHFS1ON+Vade1ET/cz1Mo3&y=U2FsdGVkX1/F+/+z5cpb0rphfLSrbZcxIGTyoFZ0GIWpEP+Sd5W/T3E/DAw9Eubf HTTP/1.1" 200 60
186.102.1.10 - - [19/Sep/2023:01:21:24 -0500] "GET /kwssiamovil/sm/acme/u?s=U2FsdGVkX1+2rAProUQN9/DJ9znh2Fwlr+RSsEgxSQB8Vb2atAUZsg6cAH1MINV+v9z8KWIUQ6AxVnxqNB7lRqIy5EC/5Obvf8rkjVQYAxSBBD4YyyLmMyJfnXn/8WIz0WnI0ZDujZeX9zoKvG+sT2Muiqi4sFIffPn+edprUA8=&u=U2FsdGVkX19d8BVhvGCQICglKn67148SBUgmPsLRLQwHFS1ON+Vade1ET/cz1Mo3&y=U2FsdGVkX1/F+/+z5cpb0rphfLSrbZcxIGTyoFZ0GIWpEP+Sd5W/T3E/DAw9Eubf HTTP/1.1" 200 60
216.244.66.195 - - [19/Sep/2023:01:21:25 -0500] "GET /BLA/resoluciones/AUTOS%202016/2519.pdf HTTP/1.1" 200 528739
201.245.192.253 - - [19/Sep/2023:01:21:38 -0500] "POST /forms/lservlet;jsessionid=ac16012b30d6eecd89e522c04ad5b6bccf6336cea088.e3iSbxaKaheRe34Pbx8Nc3aQci1ynknvrkLOlQzNp65In0 HTTP/1.1" 200 2
201.245.192.253 - - [19/Sep/2023:01:21:42 -0500] "POST /forms/lservlet;jsessionid=ac16012b30d60f1d8a7b81bb4baeb8b0ce5fe507e2af.e3iSbxaKaheRe34Pbx8Nc3aQci1ynknvrkLOlQzNp65In0 HTTP/1.1" 200 2
216.244.66.195 - - [19/Sep/2023:01:21:52 -0500] "GET /BLA/resoluciones/AUTOS%202016/2814.pdf HTTP/1.1" 200 534983
216.245.221.92 - - [19/Sep/2023:01:22:09 -0500] "HEAD / HTTP/1.1" 200 -
172.22.2.4 - - [19/Sep/2023:01:20:31 -0500] "HEAD /BLA/boletinlegal/ HTTP/1.1" 200 -
111.202.101.42 - - [19/Sep/2023:01:22:14 -0500] "GET /silvicultura/12.pdf HTTP/1.1" 200 135979
216.244.66.195 - - [19/Sep/2023:01:22:19 -0500] "GET /BLA/resoluciones/AUTOS%202016/2840.pdf HTTP/1.1" 200 523200
216.244.66.195 - - [19/Sep/2023:01:22:44 -0500] "GET /BLA/resoluciones/AUTOS%202016/2938.pdf HTTP/1.1" 200 1347337
172.22.2.4 - - [19/Sep/2023:01:21:22 -0500] "GET /BLA/boletinlegal/ HTTP/1.1" 200 58187
123.183.224.1 - - [19/Sep/2023:01:23:06 -0500] "GET /BLA/resoluciones/Notificaciones/RESOLUCIONES%202015/01635.doc HTTP/1.1" 200 85280
216.244.66.195 - - [19/Sep/2023:01:23:08 -0500] "GET /BLA/resoluciones/AUTOS%202016/3079.pdf HTTP/1.1" 200 345882
201.245.192.253 - - [19/Sep/2023:01:23:17 -0500] "POST /kwsrmcab/Wsrmcab  HTTP/1.1" 200 39305
190.60.254.237 - - [19/Sep/2023:01:23:25 -0500] "GET /BLA/resoluciones/index.php?dir=RESOLUCIONES+2017%2F HTTP/1.1" 200 286831
216.244.66.195 - - [19/Sep/2023:01:23:31 -0500] "GET /BLA/resoluciones/AUTOS%202016/1018.pdf HTTP/1.1" 200 233076
201.245.192.253 - - [19/Sep/2023:01:23:38 -0500] "POST /forms/lservlet;jsessionid=ac16012b30d6eecd89e522c04ad5b6bccf6336cea088.e3iSbxaKaheRe34Pbx8Nc3aQci1ynknvrkLOlQzNp65In0 HTTP/1.1" 200 2
201.245.192.253 - - [19/Sep/2023:01:23:42 -0500] "POST /forms/lservlet;jsessionid=ac16012b30d60f1d8a7b81bb4baeb8b0ce5fe507e2af.e3iSbxaKaheRe34Pbx8Nc3aQci1ynknvrkLOlQzNp65In0 HTTP/1.1" 200 2
216.244.66.195 - - [19/Sep/2023:01:23:53 -0500] "GET /BLA/resoluciones/AUTOS%202016/1055.pdf HTTP/1.1" 200 228174
186.102.1.10 - - [19/Sep/2023:01:23:57 -0500] "GET /kwssiamovil/sm/acme/u?s=U2FsdGVkX19kkdCuMZ5vGZq2Pq9Tie/3xp23hp7p8jTJBZgEoPXASBgbMTT4lDKeroRtZh307jXYgMRo9bsELkLEO+R/AByWtxK1LXfv/6+oD2q0in5sR/1rjZopj6FG2zovjg6M++kpFV6NVkOO1KGWBLRD6k9Kxr9tIN3QlTM=&u=U2FsdGVkX19d8BVhvGCQICglKn67148SBUgmPsLRLQwHFS1ON+Vade1ET/cz1Mo3&y=U2FsdGVkX1/F+/+z5cpb0rphfLSrbZcxIGTyoFZ0GIWpEP+Sd5W/T3E/DAw9Eubf HTTP/1.1" 200 60
216.244.66.195 - - [19/Sep/2023:01:24:13 -0500] "GET /BLA/resoluciones/AUTOS%202015/0716.pdf HTTP/1.1" 200 4424088
216.244.66.195 - - [19/Sep/2023:01:24:46 -0500] "GET /BLA/resoluciones/AUTOS%202017/0673.pdf HTTP/1.1" 200 368776
186.102.1.10 - - [19/Sep/2023:01:25:09 -0500] "GET /kwssiamovil/sm/acme/u?s=U2FsdGVkX19Msqo63XOcq3V/oB4lPXUhh5alTouMEYGzyLGyFOSMWgaVxNI8t/A9vddtwiuYUi7n4pKPHK7ohE92oLHfDOZFYPQ/zyxhDgjqikjN813suNU+1dLBmOh1csbdlIeaiSJ03XdVHwLqp4XCanK2yl17L7eULtYirkM=&u=U2FsdGVkX19d8BVhvGCQICglKn67148SBUgmPsLRLQwHFS1ON+Vade1ET/cz1Mo3&y=U2FsdGVkX1/F+/+z5cpb0rphfLSrbZcxIGTyoFZ0GIWpEP+Sd5W/T3E/DAw9Eubf HTTP/1.1" 200 60
66.249.70.196 - - [19/Sep/2023:01:25:09 -0500] "GET /BLA/resoluciones/AUTOS%202015/3325.pdf HTTP/1.1" 200 517017
201.245.192.253 - - [19/Sep/2023:01:25:38 -0500] "POST /forms/lservlet;jsessionid=ac16012b30d6eecd89e522c04ad5b6bccf6336cea088.e3iSbxaKaheRe34Pbx8Nc3aQci1ynknvrkLOlQzNp65In0 HTTP/1.1" 200 2
201.245.192.253 - - [19/Sep/2023:01:25:42 -0500] "POST /forms/lservlet;jsessionid=ac16012b30d60f1d8a7b81bb4baeb8b0ce5fe507e2af.e3iSbxaKaheRe34Pbx8Nc3aQci1ynknvrkLOlQzNp65In0 HTTP/1.1" 200 2
216.245.221.92 - - [19/Sep/2023:01:27:09 -0500] "HEAD / HTTP/1.1" 200 -
201.245.192.253 - - [19/Sep/2023:01:27:38 -0500] "POST /forms/lservlet;jsessionid=ac16012b30d6eecd89e522c04ad5b6bccf6336cea088.e3iSbxaKaheRe34Pbx8Nc3aQci1ynknvrkLOlQzNp65In0 HTTP/1.1" 200 2
201.245.192.253 - - [19/Sep/2023:01:27:42 -0500] "POST /forms/lservlet;jsessionid=ac16012b30d60f1d8a7b81bb4baeb8b0ce5fe507e2af.e3iSbxaKaheRe34Pbx8Nc3aQci1ynknvrkLOlQzNp65In0 HTTP/1.1" 200 2
201.245.192.253 - - [19/Sep/2023:01:27:58 -0500] "POST /kwsrmcab/Wsrmcab HTTP/1.1" 200 42565
172.22.2.4 - - [19/Sep/2023:01:26:21 -0500] "HEAD /BLA/boletinlegal/ HTTP/1.1" 200 -
201.245.192.253 - - [19/Sep/2023:01:28:02 -0500] "POST /kwsrmcab/Wsrmcab HTTP/1.1" 200 39431
201.245.192.253 - - [19/Sep/2023:01:28:16 -0500] "POST /kwsrmcab/Wsrmcab  HTTP/1.1" 200 39305
172.22.2.4 - - [19/Sep/2023:01:27:12 -0500] "GET /BLA/boletinlegal/ HTTP/1.1" 200 57790
216.244.66.195 - - [19/Sep/2023:01:28:52 -0500] "GET /robots.txt HTTP/1.1" 404 1018
66.249.70.197 - - [19/Sep/2023:01:29:11 -0500] "GET /bla/resoluciones/RESOLUCIONES%202011/3274.pdf HTTP/1.1" 200 226890
201.245.192.253 - - [19/Sep/2023:01:29:39 -0500] "POST /forms/lservlet;jsessionid=ac16012b30d6eecd89e522c04ad5b6bccf6336cea088.e3iSbxaKaheRe34Pbx8Nc3aQci1ynknvrkLOlQzNp65In0 HTTP/1.1" 200 2
201.245.192.253 - - [19/Sep/2023:01:29:42 -0500] "POST /forms/lservlet;jsessionid=ac16012b30d60f1d8a7b81bb4baeb8b0ce5fe507e2af.e3iSbxaKaheRe34Pbx8Nc3aQci1ynknvrkLOlQzNp65In0 HTTP/1.1" 200 2
201.245.192.253 - - [19/Sep/2023:01:31:39 -0500] "POST /forms/lservlet;jsessionid=ac16012b30d6eecd89e522c04ad5b6bccf6336cea088.e3iSbxaKaheRe34Pbx8Nc3aQci1ynknvrkLOlQzNp65In0 HTTP/1.1" 200 2
201.245.192.253 - - [19/Sep/2023:01:31:42 -0500] "POST /forms/lservlet;jsessionid=ac16012b30d60f1d8a7b81bb4baeb8b0ce5fe507e2af.e3iSbxaKaheRe34Pbx8Nc3aQci1ynknvrkLOlQzNp65In0 HTTP/1.1" 200 2
216.245.221.92 - - [19/Sep/2023:01:32:09 -0500] "HEAD / HTTP/1.1" 200 -
201.245.192.253 - - [19/Sep/2023:01:33:16 -0500] "POST /kwsrmcab/Wsrmcab  HTTP/1.1" 200 39305
201.245.192.253 - - [19/Sep/2023:01:33:39 -0500] "POST /forms/lservlet;jsessionid=ac16012b30d6eecd89e522c04ad5b6bccf6336cea088.e3iSbxaKaheRe34Pbx8Nc3aQci1ynknvrkLOlQzNp65In0 HTTP/1.1" 200 2
201.245.192.253 - - [19/Sep/2023:01:33:42 -0500] "POST /forms/lservlet;jsessionid=ac16012b30d60f1d8a7b81bb4baeb8b0ce5fe507e2af.e3iSbxaKaheRe34Pbx8Nc3aQci1ynknvrkLOlQzNp65In0 HTTP/1.1" 200 2
172.22.2.4 - - [19/Sep/2023:01:32:11 -0500] "HEAD /BLA/boletinlegal/ HTTP/1.1" 200 -
52.167.144.184 - - [19/Sep/2023:01:34:08 -0500] "GET /portaldeninos/category/noticias/page/5/ HTTP/1.1" 200 102282
172.22.2.4 - - [19/Sep/2023:01:33:02 -0500] "GET /BLA/boletinlegal/ HTTP/1.1" 200 57790
201.245.192.253 - - [19/Sep/2023:01:35:39 -0500] "POST /forms/lservlet;jsessionid=ac16012b30d6eecd89e522c04ad5b6bccf6336cea088.e3iSbxaKaheRe34Pbx8Nc3aQci1ynknvrkLOlQzNp65In0 HTTP/1.1" 200 2
201.245.192.253 - - [19/Sep/2023:01:35:42 -0500] "POST /forms/lservlet;jsessionid=ac16012b30d60f1d8a7b81bb4baeb8b0ce5fe507e2af.e3iSbxaKaheRe34Pbx8Nc3aQci1ynknvrkLOlQzNp65In0 HTTP/1.1" 200 2
172.22.2.4 - - [19/Sep/2023:01:34:45 -0500] "GET /BLA/boletinlegal/index.php HTTP/1.1" 200 62286
40.77.167.24 - - [19/Sep/2023:01:36:33 -0500] "GET /BLA/resoluciones/AUTOS%202023/2710.pdf HTTP/1.1" 200 2304199
190.60.254.237 - - [19/Sep/2023:01:37:02 -0500] "GET /BLA/resoluciones/index.php?dir=AUTOS+2020%2F HTTP/1.1" 200 331546
216.245.221.92 - - [19/Sep/2023:01:37:09 -0500] "HEAD / HTTP/1.1" 200 -
218.32.249.127 - - [19/Sep/2023:01:37:20 -0500] "GET / HTTP/1.1" 400 946
201.245.192.253 - - [19/Sep/2023:01:37:39 -0500] "POST /forms/lservlet;jsessionid=ac16012b30d6eecd89e522c04ad5b6bccf6336cea088.e3iSbxaKaheRe34Pbx8Nc3aQci1ynknvrkLOlQzNp65In0 HTTP/1.1" 200 2
201.245.192.253 - - [19/Sep/2023:01:37:42 -0500] "POST /forms/lservlet;jsessionid=ac16012b30d60f1d8a7b81bb4baeb8b0ce5fe507e2af.e3iSbxaKaheRe34Pbx8Nc3aQci1ynknvrkLOlQzNp65In0 HTTP/1.1" 200 2
201.245.192.253 - - [19/Sep/2023:01:37:59 -0500] "POST /kwsrmcab/Wsrmcab HTTP/1.1" 200 42565
201.245.192.253 - - [19/Sep/2023:01:38:02 -0500] "POST /kwsrmcab/Wsrmcab HTTP/1.1" 200 39431
201.245.192.253 - - [19/Sep/2023:01:38:14 -0500] "POST /kwsrmcab/Wsrmcab  HTTP/1.1" 200 39305
201.245.192.253 - - [19/Sep/2023:01:39:39 -0500] "POST /forms/lservlet;jsessionid=ac16012b30d6eecd89e522c04ad5b6bccf6336cea088.e3iSbxaKaheRe34Pbx8Nc3aQci1ynknvrkLOlQzNp65In0 HTTP/1.1" 200 2
172.22.2.4 - - [19/Sep/2023:01:38:01 -0500] "HEAD /BLA/boletinlegal/ HTTP/1.1" 200 -
201.245.192.253 - - [19/Sep/2023:01:39:42 -0500] "POST /forms/lservlet;jsessionid=ac16012b30d60f1d8a7b81bb4baeb8b0ce5fe507e2af.e3iSbxaKaheRe34Pbx8Nc3aQci1ynknvrkLOlQzNp65In0 HTTP/1.1" 200 2
172.22.2.4 - - [19/Sep/2023:01:38:52 -0500] "GET /BLA/boletinlegal/ HTTP/1.1" 200 57790
201.245.192.253 - - [19/Sep/2023:01:41:39 -0500] "POST /forms/lservlet;jsessionid=ac16012b30d6eecd89e522c04ad5b6bccf6336cea088.e3iSbxaKaheRe34Pbx8Nc3aQci1ynknvrkLOlQzNp65In0 HTTP/1.1" 200 2
201.245.192.253 - - [19/Sep/2023:01:41:42 -0500] "POST /forms/lservlet;jsessionid=ac16012b30d60f1d8a7b81bb4baeb8b0ce5fe507e2af.e3iSbxaKaheRe34Pbx8Nc3aQci1ynknvrkLOlQzNp65In0 HTTP/1.1" 200 2
216.245.221.92 - - [19/Sep/2023:01:42:09 -0500] "HEAD / HTTP/1.1" 200 -
201.245.192.253 - - [19/Sep/2023:01:43:13 -0500] "POST /kwsrmcab/Wsrmcab  HTTP/1.1" 200 39305
201.245.192.253 - - [19/Sep/2023:01:43:39 -0500] "POST /forms/lservlet;jsessionid=ac16012b30d6eecd89e522c04ad5b6bccf6336cea088.e3iSbxaKaheRe34Pbx8Nc3aQci1ynknvrkLOlQzNp65In0 HTTP/1.1" 200 2
201.245.192.253 - - [19/Sep/2023:01:43:42 -0500] "POST /forms/lservlet;jsessionid=ac16012b30d60f1d8a7b81bb4baeb8b0ce5fe507e2af.e3iSbxaKaheRe34Pbx8Nc3aQci1ynknvrkLOlQzNp65In0 HTTP/1.1" 200 2
190.60.254.237 - - [19/Sep/2023:01:44:26 -0500] "GET /BLA/resoluciones/index.php?dir=AUTOS+2019%2F HTTP/1.1" 200 385541
172.22.2.4 - - [19/Sep/2023:01:43:51 -0500] "HEAD /BLA/boletinlegal/ HTTP/1.1" 200 -
201.245.192.253 - - [19/Sep/2023:01:45:39 -0500] "POST /forms/lservlet;jsessionid=ac16012b30d6eecd89e522c04ad5b6bccf6336cea088.e3iSbxaKaheRe34Pbx8Nc3aQci1ynknvrkLOlQzNp65In0 HTTP/1.1" 200 2
201.245.192.253 - - [19/Sep/2023:01:45:42 -0500] "POST /forms/lservlet;jsessionid=ac16012b30d60f1d8a7b81bb4baeb8b0ce5fe507e2af.e3iSbxaKaheRe34Pbx8Nc3aQci1ynknvrkLOlQzNp65In0 HTTP/1.1" 200 2
172.22.2.4 - - [19/Sep/2023:01:44:41 -0500] "GET /BLA/boletinlegal/ HTTP/1.1" 200 56970
216.245.221.92 - - [19/Sep/2023:01:47:09 -0500] "HEAD / HTTP/1.1" 200 -
201.245.192.253 - - [19/Sep/2023:01:47:39 -0500] "POST /forms/lservlet;jsessionid=ac16012b30d6eecd89e522c04ad5b6bccf6336cea088.e3iSbxaKaheRe34Pbx8Nc3aQci1ynknvrkLOlQzNp65In0 HTTP/1.1" 200 2
201.245.192.253 - - [19/Sep/2023:01:47:42 -0500] "POST /forms/lservlet;jsessionid=ac16012b30d60f1d8a7b81bb4baeb8b0ce5fe507e2af.e3iSbxaKaheRe34Pbx8Nc3aQci1ynknvrkLOlQzNp65In0 HTTP/1.1" 200 2
190.60.254.237 - - [19/Sep/2023:01:47:49 -0500] "GET /BLA/resoluciones/index.php?dir=RESOLUCIONES+2017%2F HTTP/1.1" 200 286831
201.245.192.253 - - [19/Sep/2023:01:48:12 -0500] "POST /kwsrmcab/Wsrmcab  HTTP/1.1" 200 39305
216.244.66.195 - - [19/Sep/2023:01:48:42 -0500] "GET /BLA/resoluciones/AUTOS%202020/2305.pdf HTTP/1.1" 200 335918
216.244.66.195 - - [19/Sep/2023:01:49:26 -0500] "GET /BLA/resoluciones/AUTOS%202020/2658.pdf HTTP/1.1" 200 375182
201.245.192.253 - - [19/Sep/2023:01:49:39 -0500] "POST /forms/lservlet;jsessionid=ac16012b30d6eecd89e522c04ad5b6bccf6336cea088.e3iSbxaKaheRe34Pbx8Nc3aQci1ynknvrkLOlQzNp65In0 HTTP/1.1" 200 2
201.245.192.253 - - [19/Sep/2023:01:49:42 -0500] "POST /forms/lservlet;jsessionid=ac16012b30d60f1d8a7b81bb4baeb8b0ce5fe507e2af.e3iSbxaKaheRe34Pbx8Nc3aQci1ynknvrkLOlQzNp65In0 HTTP/1.1" 200 2
216.244.66.195 - - [19/Sep/2023:01:50:07 -0500] "GET /BLA/resoluciones/AUTOS%202020/2866.pdf HTTP/1.1" 200 345175
218.32.249.127 - - [19/Sep/2023:01:50:38 -0500] "POST /login.asp?id=44 HTTP/1.1" 404 1018
216.244.66.195 - - [19/Sep/2023:01:50:51 -0500] "GET /BLA/resoluciones/AUTOS%202020/2984.pdf HTTP/1.1" 200 373063
172.22.2.4 - - [19/Sep/2023:01:49:41 -0500] "HEAD /BLA/boletinlegal/ HTTP/1.1" 200 -
40.77.167.230 - - [19/Sep/2023:01:51:22 -0500] "GET /BLA/resoluciones/AUTOS%202018/2942.pdf HTTP/1.1" 200 255801
201.245.192.253 - - [19/Sep/2023:01:51:39 -0500] "POST /forms/lservlet;jsessionid=ac16012b30d6eecd89e522c04ad5b6bccf6336cea088.e3iSbxaKaheRe34Pbx8Nc3aQci1ynknvrkLOlQzNp65In0 HTTP/1.1" 200 2
216.244.66.195 - - [19/Sep/2023:01:51:39 -0500] "GET /BLA/resoluciones/AUTOS%202020/3140.pdf HTTP/1.1" 200 404903
201.245.192.253 - - [19/Sep/2023:01:51:42 -0500] "POST /forms/lservlet;jsessionid=ac16012b30d60f1d8a7b81bb4baeb8b0ce5fe507e2af.e3iSbxaKaheRe34Pbx8Nc3aQci1ynknvrkLOlQzNp65In0 HTTP/1.1" 200 2
216.245.221.92 - - [19/Sep/2023:01:52:09 -0500] "HEAD / HTTP/1.1" 200 -
172.22.2.4 - - [19/Sep/2023:01:50:31 -0500] "GET /BLA/boletinlegal/ HTTP/1.1" 200 58187
216.244.66.195 - - [19/Sep/2023:01:52:26 -0500] "GET /BLA/resoluciones/AUTOS%202020/3162.pdf HTTP/1.1" 200 358171
216.244.66.195 - - [19/Sep/2023:01:53:07 -0500] "GET /BLA/resoluciones/AUTOS%202020/3471.pdf HTTP/1.1" 200 375570
201.245.192.253 - - [19/Sep/2023:01:53:11 -0500] "POST /kwsrmcab/Wsrmcab  HTTP/1.1" 200 39305
52.167.144.234 - - [19/Sep/2023:01:53:24 -0500] "GET /BLA/resoluciones/AUTOS%202021/2329.pdf HTTP/1.1" 304 -
201.245.192.253 - - [19/Sep/2023:01:53:39 -0500] "POST /forms/lservlet;jsessionid=ac16012b30d6eecd89e522c04ad5b6bccf6336cea088.e3iSbxaKaheRe34Pbx8Nc3aQci1ynknvrkLOlQzNp65In0 HTTP/1.1" 200 2
201.245.192.253 - - [19/Sep/2023:01:53:42 -0500] "POST /forms/lservlet;jsessionid=ac16012b30d60f1d8a7b81bb4baeb8b0ce5fe507e2af.e3iSbxaKaheRe34Pbx8Nc3aQci1ynknvrkLOlQzNp65In0 HTTP/1.1" 200 2
216.244.66.195 - - [19/Sep/2023:01:53:53 -0500] "GET /BLA/resoluciones/AUTOS%202020/3613.pdf HTTP/1.1" 200 374857
216.244.66.195 - - [19/Sep/2023:01:54:40 -0500] "GET /BLA/resoluciones/AUTOS%202020/3839.pdf HTTP/1.1" 200 360864
216.244.66.195 - - [19/Sep/2023:01:55:20 -0500] "GET /BLA/resoluciones/AUTOS%202020/4144.pdf HTTP/1.1" 200 379244
201.245.192.253 - - [19/Sep/2023:01:55:39 -0500] "POST /forms/lservlet;jsessionid=ac16012b30d6eecd89e522c04ad5b6bccf6336cea088.e3iSbxaKaheRe34Pbx8Nc3aQci1ynknvrkLOlQzNp65In0 HTTP/1.1" 200 2
201.245.192.253 - - [19/Sep/2023:01:55:42 -0500] "POST /forms/lservlet;jsessionid=ac16012b30d60f1d8a7b81bb4baeb8b0ce5fe507e2af.e3iSbxaKaheRe34Pbx8Nc3aQci1ynknvrkLOlQzNp65In0 HTTP/1.1" 200 2
216.244.66.195 - - [19/Sep/2023:01:56:01 -0500] "GET /BLA/resoluciones/AUTOS%202020/4536.pdf HTTP/1.1" 200 367867
216.244.66.195 - - [19/Sep/2023:01:56:44 -0500] "GET /BLA/resoluciones/AUTOS%202020/4598.pdf HTTP/1.1" 200 647484
216.245.221.92 - - [19/Sep/2023:01:57:09 -0500] "HEAD / HTTP/1.1" 200 -
172.22.2.4 - - [19/Sep/2023:01:55:31 -0500] "HEAD /BLA/boletinlegal/ HTTP/1.1" 200 -
216.244.66.195 - - [19/Sep/2023:01:57:32 -0500] "GET /BLA/resoluciones/AUTOS%202020/4623.pdf HTTP/1.1" 200 632203
201.245.192.253 - - [19/Sep/2023:01:57:39 -0500] "POST /forms/lservlet;jsessionid=ac16012b30d6eecd89e522c04ad5b6bccf6336cea088.e3iSbxaKaheRe34Pbx8Nc3aQci1ynknvrkLOlQzNp65In0 HTTP/1.1" 200 2
201.245.192.253 - - [19/Sep/2023:01:57:42 -0500] "POST /forms/lservlet;jsessionid=ac16012b30d60f1d8a7b81bb4baeb8b0ce5fe507e2af.e3iSbxaKaheRe34Pbx8Nc3aQci1ynknvrkLOlQzNp65In0 HTTP/1.1" 200 2
172.22.2.4 - - [19/Sep/2023:01:56:22 -0500] "GET /BLA/boletinlegal/ HTTP/1.1" 200 60342
201.245.192.253 - - [19/Sep/2023:01:58:09 -0500] "POST /kwsrmcab/Wsrmcab  HTTP/1.1" 200 39305
216.244.66.195 - - [19/Sep/2023:01:58:22 -0500] "GET /BLA/resoluciones/AUTOS%202020/4779.pdf HTTP/1.1" 200 366365
216.244.66.195 - - [19/Sep/2023:01:59:03 -0500] "GET /BLA/resoluciones/AUTOS%202020/4785.pdf HTTP/1.1" 200 382261
66.249.70.197 - - [19/Sep/2023:01:59:11 -0500] "GET /BLA/resoluciones/AUTOS%202015/3217.pdf HTTP/1.1" 200 501756
216.244.66.195 - - [19/Sep/2023:01:59:35 -0500] "GET /BLA/resoluciones/AUTOS%202021/0215.pdf HTTP/1.1" 200 446405
201.245.192.253 - - [19/Sep/2023:01:59:39 -0500] "POST /forms/lservlet;jsessionid=ac16012b30d6eecd89e522c04ad5b6bccf6336cea088.e3iSbxaKaheRe34Pbx8Nc3aQci1ynknvrkLOlQzNp65In0 HTTP/1.1" 200 2
201.245.192.253 - - [19/Sep/2023:01:59:42 -0500] "POST /forms/lservlet;jsessionid=ac16012b30d60f1d8a7b81bb4baeb8b0ce5fe507e2af.e3iSbxaKaheRe34Pbx8Nc3aQci1ynknvrkLOlQzNp65In0 HTTP/1.1" 200 2
216.244.66.195 - - [19/Sep/2023:02:00:05 -0500] "GET /BLA/resoluciones/AUTOS%202021/0487.pdf HTTP/1.1" 200 489716
216.244.66.195 - - [19/Sep/2023:02:00:34 -0500] "GET /BLA/resoluciones/AUTOS%202021/0544.pdf HTTP/1.1" 200 344726
216.244.66.195 - - [19/Sep/2023:02:01:05 -0500] "GET /BLA/resoluciones/AUTOS%202021/0741.pdf HTTP/1.1" 200 844702
40.77.167.129 - - [19/Sep/2023:02:01:26 -0500] "GET /Publicaciones/2023EE212493.pdf HTTP/1.1" 200 2459095
201.245.192.253 - - [19/Sep/2023:02:01:39 -0500] "POST /forms/lservlet;jsessionid=ac16012b30d6eecd89e522c04ad5b6bccf6336cea088.e3iSbxaKaheRe34Pbx8Nc3aQci1ynknvrkLOlQzNp65In0 HTTP/1.1" 200 2
201.245.192.253 - - [19/Sep/2023:02:01:42 -0500] "POST /forms/lservlet;jsessionid=ac16012b30d60f1d8a7b81bb4baeb8b0ce5fe507e2af.e3iSbxaKaheRe34Pbx8Nc3aQci1ynknvrkLOlQzNp65In0 HTTP/1.1" 200 2
216.244.66.195 - - [19/Sep/2023:02:01:43 -0500] "GET /BLA/resoluciones/AUTOS%202021/1627.pdf HTTP/1.1" 200 411947
216.245.221.92 - - [19/Sep/2023:02:02:09 -0500] "HEAD / HTTP/1.1" 200 -
216.244.66.195 - - [19/Sep/2023:02:02:17 -0500] "GET /BLA/resoluciones/AUTOS%202021/2059.pdf HTTP/1.1" 200 361191
216.244.66.195 - - [19/Sep/2023:02:02:46 -0500] "GET /BLA/resoluciones/AUTOS%202021/2228.pdf HTTP/1.1" 200 1100413
172.22.2.4 - - [19/Sep/2023:02:01:21 -0500] "HEAD /BLA/boletinlegal/ HTTP/1.1" 200 -
201.245.192.253 - - [19/Sep/2023:02:03:08 -0500] "POST /kwsrmcab/Wsrmcab  HTTP/1.1" 200 39305
216.244.66.195 - - [19/Sep/2023:02:03:16 -0500] "GET /BLA/resoluciones/AUTOS%202021/2694.pdf HTTP/1.1" 200 368144
66.249.66.194 - - [19/Sep/2023:02:03:38 -0500] "GET /inscribete-al-monitoreo-nocturno-en-celebracion-de-la-semana-de-las-polillas.html HTTP/1.1" 304 -
201.245.192.253 - - [19/Sep/2023:02:03:39 -0500] "POST /forms/lservlet;jsessionid=ac16012b30d6eecd89e522c04ad5b6bccf6336cea088.e3iSbxaKaheRe34Pbx8Nc3aQci1ynknvrkLOlQzNp65In0 HTTP/1.1" 200 2
201.245.192.253 - - [19/Sep/2023:02:03:42 -0500] "POST /forms/lservlet;jsessionid=ac16012b30d60f1d8a7b81bb4baeb8b0ce5fe507e2af.e3iSbxaKaheRe34Pbx8Nc3aQci1ynknvrkLOlQzNp65In0 HTTP/1.1" 200 2
216.244.66.195 - - [19/Sep/2023:02:03:43 -0500] "GET /BLA/resoluciones/AUTOS%202021/2756.pdf HTTP/1.1" 200 556865
172.22.2.4 - - [19/Sep/2023:02:02:11 -0500] "GET /BLA/boletinlegal/ HTTP/1.1" 200 58187
216.244.66.195 - - [19/Sep/2023:02:04:10 -0500] "GET /BLA/resoluciones/AUTOS%202021/2886.pdf HTTP/1.1" 200 2968215
66.249.70.197 - - [19/Sep/2023:02:04:31 -0500] "GET /BLA/resoluciones/Notificaciones/RESOLUCIONES%202023/429.pdf HTTP/1.1" 304 -
216.244.66.195 - - [19/Sep/2023:02:04:43 -0500] "GET /BLA/resoluciones/AUTOS%202021/3063.pdf HTTP/1.1" 200 382785
216.244.66.195 - - [19/Sep/2023:02:05:14 -0500] "GET /BLA/resoluciones/AUTOS%202021/3083.pdf HTTP/1.1" 200 432079
201.245.192.253 - - [19/Sep/2023:02:05:39 -0500] "POST /forms/lservlet;jsessionid=ac16012b30d6eecd89e522c04ad5b6bccf6336cea088.e3iSbxaKaheRe34Pbx8Nc3aQci1ynknvrkLOlQzNp65In0 HTTP/1.1" 200 2
201.245.192.253 - - [19/Sep/2023:02:05:42 -0500] "POST /forms/lservlet;jsessionid=ac16012b30d60f1d8a7b81bb4baeb8b0ce5fe507e2af.e3iSbxaKaheRe34Pbx8Nc3aQci1ynknvrkLOlQzNp65In0 HTTP/1.1" 200 2
216.244.66.195 - - [19/Sep/2023:02:05:43 -0500] "GET /BLA/resoluciones/AUTOS%202021/3380.pdf HTTP/1.1" 200 393953
216.244.66.195 - - [19/Sep/2023:02:06:12 -0500] "GET /BLA/resoluciones/AUTOS%202021/3808.pdf HTTP/1.1" 200 385935
216.244.66.195 - - [19/Sep/2023:02:06:41 -0500] "GET /BLA/resoluciones/AUTOS%202021/4439.pdf HTTP/1.1" 200 402293
216.245.221.92 - - [19/Sep/2023:02:07:09 -0500] "HEAD / HTTP/1.1" 200 -
216.244.66.195 - - [19/Sep/2023:02:07:15 -0500] "GET /BLA/resoluciones/AUTOS%202021/5435.pdf HTTP/1.1" 200 2738902
40.77.167.48 - - [19/Sep/2023:02:07:36 -0500] "GET /BLA/resoluciones/RESOLUCIONES%202021/3727.pdf HTTP/1.1" 200 393871
201.245.192.253 - - [19/Sep/2023:02:07:39 -0500] "POST /forms/lservlet;jsessionid=ac16012b30d6eecd89e522c04ad5b6bccf6336cea088.e3iSbxaKaheRe34Pbx8Nc3aQci1ynknvrkLOlQzNp65In0 HTTP/1.1" 200 2
201.245.192.253 - - [19/Sep/2023:02:07:42 -0500] "POST /forms/lservlet;jsessionid=ac16012b30d60f1d8a7b81bb4baeb8b0ce5fe507e2af.e3iSbxaKaheRe34Pbx8Nc3aQci1ynknvrkLOlQzNp65In0 HTTP/1.1" 200 2
216.244.66.195 - - [19/Sep/2023:02:08:04 -0500] "GET /BLA/resoluciones/AUTOS%202021/5446.pdf HTTP/1.1" 200 400499
201.245.192.253 - - [19/Sep/2023:02:08:07 -0500] "POST /kwsrmcab/Wsrmcab  HTTP/1.1" 200 39305
216.244.66.195 - - [19/Sep/2023:02:08:35 -0500] "GET /BLA/resoluciones/AUTOS%202022/0539.pdf HTTP/1.1" 200 467535
172.22.2.4 - - [19/Sep/2023:02:07:11 -0500] "HEAD /BLA/boletinlegal/ HTTP/1.1" 200 -
216.244.66.195 - - [19/Sep/2023:02:09:04 -0500] "GET /BLA/resoluciones/AUTOS%202022/0901.pdf HTTP/1.1" 200 370553
216.244.66.195 - - [19/Sep/2023:02:09:33 -0500] "GET /BLA/resoluciones/AUTOS%202022/1110.pdf HTTP/1.1" 200 367768
201.245.192.253 - - [19/Sep/2023:02:09:39 -0500] "POST /forms/lservlet;jsessionid=ac16012b30d6eecd89e522c04ad5b6bccf6336cea088.e3iSbxaKaheRe34Pbx8Nc3aQci1ynknvrkLOlQzNp65In0 HTTP/1.1" 200 2
172.22.2.4 - - [19/Sep/2023:02:08:02 -0500] "GET /BLA/boletinlegal/ HTTP/1.1" 200 60342
201.245.192.253 - - [19/Sep/2023:02:09:42 -0500] "POST /forms/lservlet;jsessionid=ac16012b30d60f1d8a7b81bb4baeb8b0ce5fe507e2af.e3iSbxaKaheRe34Pbx8Nc3aQci1ynknvrkLOlQzNp65In0 HTTP/1.1" 200 2
216.244.66.195 - - [19/Sep/2023:02:10:04 -0500] "GET /BLA/resoluciones/AUTOS%202022/2023.pdf HTTP/1.1" 200 577422
216.244.66.195 - - [19/Sep/2023:02:10:30 -0500] "GET /BLA/resoluciones/AUTOS%202022/2156.pdf HTTP/1.1" 200 3318114
216.244.66.195 - - [19/Sep/2023:02:11:03 -0500] "GET /BLA/resoluciones/AUTOS%202022/2235.pdf HTTP/1.1" 200 667901
198.235.24.102 - - [19/Sep/2023:02:11:16 -0500] "\x16\x03\x01" 400 226
216.244.66.195 - - [19/Sep/2023:02:11:37 -0500] "GET /BLA/resoluciones/AUTOS%202022/2438.pdf HTTP/1.1" 200 459021
201.245.192.253 - - [19/Sep/2023:02:11:39 -0500] "POST /forms/lservlet;jsessionid=ac16012b30d6eecd89e522c04ad5b6bccf6336cea088.e3iSbxaKaheRe34Pbx8Nc3aQci1ynknvrkLOlQzNp65In0 HTTP/1.1" 200 2
201.245.192.253 - - [19/Sep/2023:02:11:42 -0500] "POST /forms/lservlet;jsessionid=ac16012b30d60f1d8a7b81bb4baeb8b0ce5fe507e2af.e3iSbxaKaheRe34Pbx8Nc3aQci1ynknvrkLOlQzNp65In0 HTTP/1.1" 200 2
216.245.221.92 - - [19/Sep/2023:02:12:09 -0500] "HEAD / HTTP/1.1" 200 -
201.245.192.253 - - [19/Sep/2023:02:13:06 -0500] "POST /kwsrmcab/Wsrmcab  HTTP/1.1" 200 39305
201.245.192.253 - - [19/Sep/2023:02:13:39 -0500] "POST /forms/lservlet;jsessionid=ac16012b30d6eecd89e522c04ad5b6bccf6336cea088.e3iSbxaKaheRe34Pbx8Nc3aQci1ynknvrkLOlQzNp65In0 HTTP/1.1" 200 2
201.245.192.253 - - [19/Sep/2023:02:13:42 -0500] "POST /forms/lservlet;jsessionid=ac16012b30d60f1d8a7b81bb4baeb8b0ce5fe507e2af.e3iSbxaKaheRe34Pbx8Nc3aQci1ynknvrkLOlQzNp65In0 HTTP/1.1" 200 2
172.22.2.4 - - [19/Sep/2023:02:13:01 -0500] "HEAD /BLA/boletinlegal/ HTTP/1.1" 200 -
216.244.66.195 - - [19/Sep/2023:02:15:24 -0500] "GET /robots.txt HTTP/1.1" 404 1018
172.22.2.4 - - [19/Sep/2023:02:13:52 -0500] "GET /BLA/boletinlegal/ HTTP/1.1" 200 60692
201.245.192.253 - - [19/Sep/2023:02:15:39 -0500] "POST /forms/lservlet;jsessionid=ac16012b30d6eecd89e522c04ad5b6bccf6336cea088.e3iSbxaKaheRe34Pbx8Nc3aQci1ynknvrkLOlQzNp65In0 HTTP/1.1" 200 2
201.245.192.253 - - [19/Sep/2023:02:15:42 -0500] "POST /forms/lservlet;jsessionid=ac16012b30d60f1d8a7b81bb4baeb8b0ce5fe507e2af.e3iSbxaKaheRe34Pbx8Nc3aQci1ynknvrkLOlQzNp65In0 HTTP/1.1" 200 2
216.245.221.92 - - [19/Sep/2023:02:17:09 -0500] "HEAD / HTTP/1.1" 200 -
66.249.66.192 - - [19/Sep/2023:02:17:37 -0500] "GET /robots.txt HTTP/1.1" 404 1034
201.245.192.253 - - [19/Sep/2023:02:17:39 -0500] "POST /forms/lservlet;jsessionid=ac16012b30d6eecd89e522c04ad5b6bccf6336cea088.e3iSbxaKaheRe34Pbx8Nc3aQci1ynknvrkLOlQzNp65In0 HTTP/1.1" 200 2
201.245.192.253 - - [19/Sep/2023:02:17:42 -0500] "POST /forms/lservlet;jsessionid=ac16012b30d60f1d8a7b81bb4baeb8b0ce5fe507e2af.e3iSbxaKaheRe34Pbx8Nc3aQci1ynknvrkLOlQzNp65In0 HTTP/1.1" 200 2
52.167.144.234 - - [19/Sep/2023:02:17:50 -0500] "GET /Publicaciones/2023EE213212.pdf HTTP/1.1" 200 231944
201.245.192.253 - - [19/Sep/2023:02:17:59 -0500] "POST /kwsrmcab/Wsrmcab HTTP/1.1" 200 41597
201.245.192.253 - - [19/Sep/2023:02:18:02 -0500] "POST /kwsrmcab/Wsrmcab HTTP/1.1" 200 39448
201.245.192.253 - - [19/Sep/2023:02:18:05 -0500] "POST /kwsrmcab/Wsrmcab  HTTP/1.1" 200 39305
40.77.167.43 - - [19/Sep/2023:02:18:30 -0500] "GET /Publicaciones/2023EE214613.pdf HTTP/1.1" 200 327940
201.245.192.253 - - [19/Sep/2023:02:19:39 -0500] "POST /forms/lservlet;jsessionid=ac16012b30d6eecd89e522c04ad5b6bccf6336cea088.e3iSbxaKaheRe34Pbx8Nc3aQci1ynknvrkLOlQzNp65In0 HTTP/1.1" 200 2
201.245.192.253 - - [19/Sep/2023:02:19:42 -0500] "POST /forms/lservlet;jsessionid=ac16012b30d60f1d8a7b81bb4baeb8b0ce5fe507e2af.e3iSbxaKaheRe34Pbx8Nc3aQci1ynknvrkLOlQzNp65In0 HTTP/1.1" 200 2
162.55.173.23 - - [19/Sep/2023:02:20:18 -0500] "GET / HTTP/1.1" 200 319
172.22.2.4 - - [19/Sep/2023:02:18:51 -0500] "HEAD /BLA/boletinlegal/ HTTP/1.1" 200 -
172.22.2.4 - - [19/Sep/2023:02:19:42 -0500] "GET /BLA/boletinlegal/ HTTP/1.1" 200 58187
40.77.167.43 - - [19/Sep/2023:02:21:29 -0500] "GET /Publicaciones/2023EE213217.pdf HTTP/1.1" 200 231909
40.77.167.43 - - [19/Sep/2023:02:21:31 -0500] "GET /BLA/resoluciones/AUTOS%202021/1491.pdf HTTP/1.1" 304 -
201.245.192.253 - - [19/Sep/2023:02:21:39 -0500] "POST /forms/lservlet;jsessionid=ac16012b30d6eecd89e522c04ad5b6bccf6336cea088.e3iSbxaKaheRe34Pbx8Nc3aQci1ynknvrkLOlQzNp65In0 HTTP/1.1" 200 2
201.245.192.253 - - [19/Sep/2023:02:21:42 -0500] "POST /forms/lservlet;jsessionid=ac16012b30d60f1d8a7b81bb4baeb8b0ce5fe507e2af.e3iSbxaKaheRe34Pbx8Nc3aQci1ynknvrkLOlQzNp65In0 HTTP/1.1" 200 2
216.245.221.92 - - [19/Sep/2023:02:22:09 -0500] "HEAD / HTTP/1.1" 200 -
201.245.192.253 - - [19/Sep/2023:02:23:04 -0500] "POST /kwsrmcab/Wsrmcab  HTTP/1.1" 200 39305
201.245.192.253 - - [19/Sep/2023:02:23:39 -0500] "POST /forms/lservlet;jsessionid=ac16012b30d6eecd89e522c04ad5b6bccf6336cea088.e3iSbxaKaheRe34Pbx8Nc3aQci1ynknvrkLOlQzNp65In0 HTTP/1.1" 200 2
190.69.231.29 - - [19/Sep/2023:02:23:39 -0500] "GET /inscribete-y-participa-en-la-convencion-internacional-de-emergencia-climatica-bogota-2023.html HTTP/1.1" 200 895
190.69.231.29 - - [19/Sep/2023:02:23:40 -0500] "GET /favicon.ico HTTP/1.1" 404 1136
201.245.192.253 - - [19/Sep/2023:02:23:42 -0500] "POST /forms/lservlet;jsessionid=ac16012b30d60f1d8a7b81bb4baeb8b0ce5fe507e2af.e3iSbxaKaheRe34Pbx8Nc3aQci1ynknvrkLOlQzNp65In0 HTTP/1.1" 200 2
103.136.221.222 - - [19/Sep/2023:02:25:12 -0500] "GET /portaldeninos/wp-content/uploads/2021/06/titulo-videos-ni%C3%B1os.png HTTP/1.1" 200 10502
201.245.192.253 - - [19/Sep/2023:02:25:39 -0500] "POST /forms/lservlet;jsessionid=ac16012b30d6eecd89e522c04ad5b6bccf6336cea088.e3iSbxaKaheRe34Pbx8Nc3aQci1ynknvrkLOlQzNp65In0 HTTP/1.1" 200 2
201.245.192.253 - - [19/Sep/2023:02:25:42 -0500] "POST /forms/lservlet;jsessionid=ac16012b30d60f1d8a7b81bb4baeb8b0ce5fe507e2af.e3iSbxaKaheRe34Pbx8Nc3aQci1ynknvrkLOlQzNp65In0 HTTP/1.1" 200 2
172.22.2.4 - - [19/Sep/2023:02:24:41 -0500] "HEAD /BLA/boletinlegal/ HTTP/1.1" 200 -
216.245.221.92 - - [19/Sep/2023:02:27:09 -0500] "HEAD / HTTP/1.1" 200 -
172.22.2.4 - - [19/Sep/2023:02:25:31 -0500] "GET /BLA/boletinlegal/ HTTP/1.1" 200 58187
201.245.192.253 - - [19/Sep/2023:02:27:39 -0500] "POST /forms/lservlet;jsessionid=ac16012b30d6eecd89e522c04ad5b6bccf6336cea088.e3iSbxaKaheRe34Pbx8Nc3aQci1ynknvrkLOlQzNp65In0 HTTP/1.1" 200 2
201.245.192.253 - - [19/Sep/2023:02:27:42 -0500] "POST /forms/lservlet;jsessionid=ac16012b30d60f1d8a7b81bb4baeb8b0ce5fe507e2af.e3iSbxaKaheRe34Pbx8Nc3aQci1ynknvrkLOlQzNp65In0 HTTP/1.1" 200 2
201.245.192.253 - - [19/Sep/2023:02:27:59 -0500] "POST /kwsrmcab/Wsrmcab HTTP/1.1" 200 41597
201.245.192.253 - - [19/Sep/2023:02:28:02 -0500] "POST /kwsrmcab/Wsrmcab HTTP/1.1" 200 39448
201.245.192.253 - - [19/Sep/2023:02:28:03 -0500] "POST /kwsrmcab/Wsrmcab  HTTP/1.1" 200 39305
66.249.70.197 - - [19/Sep/2023:02:29:11 -0500] "GET /BLA/resoluciones/RESOLUCIONES%202014/1462.pdf HTTP/1.1" 200 812972
66.249.70.197 - - [19/Sep/2023:02:29:17 -0500] "GET /BLA/resoluciones/RESOLUCIONES%202009/2760.pdf HTTP/1.1" 200 407444
201.245.192.253 - - [19/Sep/2023:02:29:39 -0500] "POST /forms/lservlet;jsessionid=ac16012b30d6eecd89e522c04ad5b6bccf6336cea088.e3iSbxaKaheRe34Pbx8Nc3aQci1ynknvrkLOlQzNp65In0 HTTP/1.1" 200 2
201.245.192.253 - - [19/Sep/2023:02:29:42 -0500] "POST /forms/lservlet;jsessionid=ac16012b30d60f1d8a7b81bb4baeb8b0ce5fe507e2af.e3iSbxaKaheRe34Pbx8Nc3aQci1ynknvrkLOlQzNp65In0 HTTP/1.1" 200 2
173.252.107.8 - - [19/Sep/2023:02:31:06 -0500] "GET /si-eres-mujer-y-te-gusta-el-cuidado-de-los-humedales-este-proceso-de-formacion-es-para-ti.html HTTP/1.1" 200 1025
201.245.192.253 - - [19/Sep/2023:02:31:39 -0500] "POST /forms/lservlet;jsessionid=ac16012b30d6eecd89e522c04ad5b6bccf6336cea088.e3iSbxaKaheRe34Pbx8Nc3aQci1ynknvrkLOlQzNp65In0 HTTP/1.1" 200 2
201.245.192.253 - - [19/Sep/2023:02:31:42 -0500] "POST /forms/lservlet;jsessionid=ac16012b30d60f1d8a7b81bb4baeb8b0ce5fe507e2af.e3iSbxaKaheRe34Pbx8Nc3aQci1ynknvrkLOlQzNp65In0 HTTP/1.1" 200 2
216.245.221.92 - - [19/Sep/2023:02:32:09 -0500] "HEAD / HTTP/1.1" 200 -
172.22.2.4 - - [19/Sep/2023:02:30:31 -0500] "HEAD /BLA/boletinlegal/ HTTP/1.1" 200 -
172.22.2.4 - - [19/Sep/2023:02:31:21 -0500] "GET /BLA/boletinlegal/ HTTP/1.1" 200 57790
201.245.192.253 - - [19/Sep/2023:02:33:02 -0500] "POST /kwsrmcab/Wsrmcab  HTTP/1.1" 200 39305
216.245.221.92 - - [19/Sep/2023:02:37:09 -0500] "HEAD / HTTP/1.1" 200 -
201.245.192.253 - - [19/Sep/2023:02:37:58 -0500] "POST /kwsrmcab/Wsrmcab HTTP/1.1" 200 41597
172.22.2.4 - - [19/Sep/2023:02:36:21 -0500] "HEAD /BLA/boletinlegal/ HTTP/1.1" 200 -
201.245.192.253 - - [19/Sep/2023:02:38:01 -0500] "POST /kwsrmcab/Wsrmcab  HTTP/1.1" 200 39305
201.245.192.253 - - [19/Sep/2023:02:38:01 -0500] "POST /kwsrmcab/Wsrmcab HTTP/1.1" 200 39448
172.22.2.4 - - [19/Sep/2023:02:37:11 -0500] "GET /BLA/boletinlegal/ HTTP/1.1" 200 60342
207.46.13.214 - - [19/Sep/2023:02:40:46 -0500] "GET /BLA/resoluciones/AUTOS%202019/2244.pdf HTTP/1.1" 200 315808
216.245.221.92 - - [19/Sep/2023:02:42:09 -0500] "HEAD / HTTP/1.1" 200 -
2.183.95.68 - - [19/Sep/2023:02:42:35 -0500] "GET / HTTP/1.1" 200 319
201.245.192.253 - - [19/Sep/2023:02:42:59 -0500] "POST /kwsrmcab/Wsrmcab  HTTP/1.1" 200 39305
172.22.2.4 - - [19/Sep/2023:02:42:11 -0500] "HEAD /BLA/boletinlegal/ HTTP/1.1" 200 -
172.22.2.4 - - [19/Sep/2023:02:43:01 -0500] "GET /BLA/boletinlegal/ HTTP/1.1" 200 60692
216.245.221.92 - - [19/Sep/2023:02:47:09 -0500] "HEAD / HTTP/1.1" 200 -
201.245.192.253 - - [19/Sep/2023:02:47:58 -0500] "POST /kwsrmcab/Wsrmcab  HTTP/1.1" 200 39305
216.244.66.195 - - [19/Sep/2023:02:48:40 -0500] "GET /BLA/resoluciones/AUTOS%202022/3145.pdf HTTP/1.1" 200 1767165
94.102.61.80 - - [19/Sep/2023:02:48:50 -0500] "GET /portaldeninos/ HTTP/1.1" 200 110175
216.244.66.195 - - [19/Sep/2023:02:49:10 -0500] "GET /BLA/resoluciones/AUTOS%202022/3384.pdf HTTP/1.1" 200 408515
216.244.66.195 - - [19/Sep/2023:02:49:21 -0500] "GET /BLA/resoluciones/AUTOS%202022/3515.pdf HTTP/1.1" 200 619433
172.22.2.4 - - [19/Sep/2023:02:49:26 -0500] "GET /BLA/boletinlegal/viwwwsogou?op=8&query=%E7%A8%8F%E5%BB%BA%09%E9%BE%90%E1%B7%A2 HTTP/1.1" 404 1327
216.244.66.195 - - [19/Sep/2023:02:49:31 -0500] "GET /BLA/resoluciones/AUTOS%202022/3623.pdf HTTP/1.1" 200 497981
172.22.2.4 - - [19/Sep/2023:02:49:36 -0500] "GET /BLA/boletinlegal/c/msdownload/update/software/update/2021/11/6632de33-967441-x86.cab HTTP/1.1" 404 1288
172.22.2.4 - - [19/Sep/2023:02:49:36 -0500] "GET /BLA/boletinlegal/c/msdownload/update/software/update/2021/11/6632de33-967441-x86.cab HTTP/1.1" 404 1288
172.22.2.4 - - [19/Sep/2023:02:48:01 -0500] "HEAD /BLA/boletinlegal/ HTTP/1.1" 200 -
172.22.2.4 - - [19/Sep/2023:02:49:43 -0500] "GET /BLA/boletinlegal/Visu/ens/events HTTP/1.1" 404 1183
172.22.2.4 - - [19/Sep/2023:02:49:44 -0500] "GET /BLA/boletinlegal/Visu/ens/events HTTP/1.1" 404 1183
69.63.184.8 - - [19/Sep/2023:02:49:53 -0500] "GET /bogota-ya-cuenta-con-el-protocolo-para-el-manejo-y-control-de-la-langostilla-de-rio.html HTTP/1.1" 200 1088
216.244.66.195 - - [19/Sep/2023:02:50:05 -0500] "GET /BLA/resoluciones/AUTOS%202022/4493.pdf HTTP/1.1" 200 408088
172.22.2.4 - - [19/Sep/2023:02:48:51 -0500] "GET /BLA/boletinlegal/ HTTP/1.1" 200 58597
216.244.66.195 - - [19/Sep/2023:02:50:34 -0500] "GET /BLA/resoluciones/AUTOS%202022/4601.pdf HTTP/1.1" 200 384249
216.244.66.195 - - [19/Sep/2023:02:51:05 -0500] "GET /BLA/resoluciones/AUTOS%202022/4608.pdf HTTP/1.1" 200 388864
216.244.66.195 - - [19/Sep/2023:02:51:31 -0500] "GET /BLA/resoluciones/AUTOS%202022/4936.pdf HTTP/1.1" 200 429356
216.244.66.195 - - [19/Sep/2023:02:51:56 -0500] "GET /BLA/resoluciones/AUTOS%202022/5004.pdf HTTP/1.1" 200 452946
216.245.221.92 - - [19/Sep/2023:02:52:09 -0500] "HEAD / HTTP/1.1" 200 -
216.244.66.195 - - [19/Sep/2023:02:52:21 -0500] "GET /BLA/resoluciones/AUTOS%202022/5025.pdf HTTP/1.1" 200 369539
216.244.66.195 - - [19/Sep/2023:02:52:44 -0500] "GET /BLA/resoluciones/AUTOS%202023/0511.pdf HTTP/1.1" 200 403915
201.245.192.253 - - [19/Sep/2023:02:52:57 -0500] "POST /kwsrmcab/Wsrmcab  HTTP/1.1" 200 39305
216.244.66.195 - - [19/Sep/2023:02:53:07 -0500] "GET /BLA/resoluciones/AUTOS%202023/0702.pdf HTTP/1.1" 200 372746
69.63.189.117 - - [19/Sep/2023:02:53:15 -0500] "GET /images/pieza-voluntariado-ambiental.jpeg HTTP/1.1" 200 51125
216.244.66.195 - - [19/Sep/2023:02:53:28 -0500] "GET /BLA/resoluciones/AUTOS%202023/0782.pdf HTTP/1.1" 200 414728
216.244.66.195 - - [19/Sep/2023:02:53:48 -0500] "GET /BLA/resoluciones/AUTOS%202023/0793.pdf HTTP/1.1" 200 390702
40.77.167.66 - - [19/Sep/2023:02:53:50 -0500] "GET /Publicaciones/2023EE213214.pdf HTTP/1.1" 200 231969
216.244.66.195 - - [19/Sep/2023:02:54:07 -0500] "GET /BLA/resoluciones/AUTOS%202023/0977.pdf HTTP/1.1" 200 1405266
216.244.66.195 - - [19/Sep/2023:02:54:27 -0500] "GET /BLA/resoluciones/AUTOS%202023/0980.pdf HTTP/1.1" 200 1270955
216.244.66.195 - - [19/Sep/2023:02:54:45 -0500] "GET /BLA/resoluciones/AUTOS%202023/1174.pdf HTTP/1.1" 200 1222736
162.55.37.148 - - [19/Sep/2023:02:54:55 -0500] "GET / HTTP/1.1" 200 319
216.244.66.195 - - [19/Sep/2023:02:55:23 -0500] "GET /BLA/resoluciones/AUTOS%202023/1387.pdf HTTP/1.1" 200 420027
172.22.2.4 - - [19/Sep/2023:02:53:51 -0500] "HEAD /BLA/boletinlegal/ HTTP/1.1" 200 -
216.244.66.195 - - [19/Sep/2023:02:55:53 -0500] "GET /BLA/resoluciones/AUTOS%202023/1494.pdf HTTP/1.1" 200 521432
172.22.2.4 - - [19/Sep/2023:02:54:41 -0500] "GET /BLA/boletinlegal/ HTTP/1.1" 200 58981
216.244.66.195 - - [19/Sep/2023:02:56:23 -0500] "GET /BLA/resoluciones/AUTOS%202023/1728.pdf HTTP/1.1" 200 402934
216.244.66.195 - - [19/Sep/2023:02:56:51 -0500] "GET /BLA/resoluciones/AUTOS%202023/1732.pdf HTTP/1.1" 200 408724
216.245.221.92 - - [19/Sep/2023:02:57:09 -0500] "HEAD / HTTP/1.1" 200 -
216.244.66.195 - - [19/Sep/2023:02:57:19 -0500] "GET /BLA/resoluciones/AUTOS%202023/1788.pdf HTTP/1.1" 200 399582
216.244.66.195 - - [19/Sep/2023:02:57:45 -0500] "GET /BLA/resoluciones/AUTOS%202023/2112.pdf HTTP/1.1" 200 1208831
