207.46.13.156 - - [21/Sep/2023:11:32:05 -0500] "GET /BLA/resoluciones/RESOLUCIONES%202022/5132.pdf HTTP/1.1" 200 513103
207.46.13.156 - - [21/Sep/2023:11:32:06 -0500] "GET /BLA/resoluciones/RESOLUCIONES%202022/1279.pdf HTTP/1.1" 200 379819
207.46.13.156 - - [21/Sep/2023:11:32:07 -0500] "GET /BLA/resoluciones/RESOLUCIONES%202022/5118.pdf HTTP/1.1" 200 442613
207.46.13.156 - - [21/Sep/2023:11:32:07 -0500] "GET /BLA/resoluciones/RESOLUCIONES%202022/5175.pdf HTTP/1.1" 200 428911
207.46.13.156 - - [21/Sep/2023:11:32:08 -0500] "GET /BLA/resoluciones/RESOLUCIONES%202022/5089.pdf HTTP/1.1" 200 366552
172.22.2.4 - - [21/Sep/2023:11:32:07 -0500] "GET /BLA/boletinlegal/consulta_actos.php?tipo=resoluciones&no=&usuario=&sector=PEV&fecha=2022&resuelve=RESUELVE%20 HTTP/1.1" 200 1869189
172.22.2.4 - - [21/Sep/2023:11:32:08 -0500] "GET /BLA/boletinlegal/images/pdf.gif HTTP/1.1" 200 567
172.22.2.4 - - [21/Sep/2023:11:32:08 -0500] "GET /BLA/boletinlegal/images/background.gif HTTP/1.1" 200 -
207.46.13.156 - - [21/Sep/2023:11:32:08 -0500] "GET /BLA/resoluciones/RESOLUCIONES%202022/3158.pdf HTTP/1.1" 200 646769
207.46.13.156 - - [21/Sep/2023:11:32:08 -0500] "GET /BLA/resoluciones/RESOLUCIONES%202022/5086.pdf HTTP/1.1" 200 427248
216.244.66.195 - - [21/Sep/2023:11:32:09 -0500] "GET /BLA/resoluciones/AUTOS%202020/4234.pdf HTTP/1.1" 200 385776
52.167.144.172 - - [21/Sep/2023:11:32:12 -0500] "GET /BLA/resoluciones/RESOLUCIONES%202022/4251.pdf HTTP/1.1" 200 372982
52.167.144.172 - - [21/Sep/2023:11:32:13 -0500] "GET /BLA/resoluciones/RESOLUCIONES%202022/5143.pdf HTTP/1.1" 200 468686
52.167.144.172 - - [21/Sep/2023:11:32:13 -0500] "GET /BLA/resoluciones/RESOLUCIONES%202022/5606.pdf HTTP/1.1" 200 465926
52.167.144.172 - - [21/Sep/2023:11:32:14 -0500] "GET /BLA/resoluciones/RESOLUCIONES%202022/5117.pdf HTTP/1.1" 200 462270
52.167.144.172 - - [21/Sep/2023:11:32:14 -0500] "GET /BLA/resoluciones/RESOLUCIONES%202022/5242.pdf HTTP/1.1" 200 490981
172.22.2.4 - - [21/Sep/2023:11:32:27 -0500] "GET /BLA/boletinlegal/consulta_actos.php?tipo=resoluciones&no=&usuario=&sector=PEV&fecha=2022&resuelve=RECURSO HTTP/1.1" 200 1224117
172.22.2.4 - - [21/Sep/2023:11:32:36 -0500] "GET /BLA/boletinlegal/consulta_actos.php?tipo=resoluciones&no=&usuario=&sector=&fecha=2023&resuelve= HTTP/1.1" 200 244583
172.22.2.4 - - [21/Sep/2023:11:32:36 -0500] "GET /BLA/boletinlegal/images/background.gif HTTP/1.1" 200 -
66.249.66.193 - - [21/Sep/2023:11:32:38 -0500] "GET /ojo-con-los-arboles-en-la-temporada-de-vientos.html HTTP/1.1" 200 769
172.22.2.4 - - [21/Sep/2023:11:31:00 -0500] "GET /BLA/boletinlegal/ HTTP/1.1" 200 42297
172.22.2.4 - - [21/Sep/2023:11:31:05 -0500] "GET /BLA/boletinlegal/ HTTP/1.1" 200 42736
216.244.66.195 - - [21/Sep/2023:11:32:59 -0500] "GET /BLA/resoluciones/AUTOS%202020/4356.pdf HTTP/1.1" 200 394501
181.54.236.238 - - [21/Sep/2023:11:33:06 -0500] "GET /BLA/resoluciones/RESOLUCIONES%202023/4767.pdf HTTP/1.1" 200 500322
181.54.236.238 - - [21/Sep/2023:11:33:06 -0500] "GET /favicon.ico HTTP/1.1" 200 7782
181.54.236.238 - - [21/Sep/2023:11:33:07 -0500] "GET /BLA/resoluciones/RESOLUCIONES%202023/4767.pdf HTTP/1.1" 200 500322
181.54.236.238 - - [21/Sep/2023:11:33:07 -0500] "GET /BLA/resoluciones/RESOLUCIONES%202023/4767.pdf HTTP/1.1" 206 1025
201.245.192.253 - - [21/Sep/2023:11:33:11 -0500] "POST /forms/lservlet;jsessionid=ac16012b30d69d644c52ab7640e8a350f59243e0b584.e3iSbxaKaheRe34Pbx8Nc3aQci1ynknvrkLOlQzNp65In0 HTTP/1.1" 200 2
152.201.212.90 - - [21/Sep/2023:11:33:44 -0500] "GET /BLA/resoluciones/index.php?dir=RESOLUCIONES+2018%2F HTTP/1.1" 200 279088
152.201.212.90 - - [21/Sep/2023:11:33:45 -0500] "GET /BLA/resoluciones/dlf/styles.css HTTP/1.1" 200 3049
152.201.212.90 - - [21/Sep/2023:11:33:45 -0500] "GET /BLA/resoluciones/dlf/dirup.png HTTP/1.1" 200 644
152.201.212.90 - - [21/Sep/2023:11:33:45 -0500] "GET /BLA/resoluciones/dlf/pdf.gif HTTP/1.1" 200 272
152.201.212.90 - - [21/Sep/2023:11:33:46 -0500] "GET /BLA/resoluciones/dlf/bg.gif HTTP/1.1" 200 54
216.244.66.195 - - [21/Sep/2023:11:33:46 -0500] "GET /BLA/resoluciones/AUTOS%202020/4404.pdf HTTP/1.1" 200 400545
216.244.66.195 - - [21/Sep/2023:11:34:30 -0500] "GET /BLA/resoluciones/AUTOS%202020/4466.pdf HTTP/1.1" 200 351559
190.70.192.175 - - [21/Sep/2023:11:34:33 -0500] "POST /sipse/faces/presentacion/financiero/solicitudProceso/consultarSolicitudProceso.xhtml HTTP/1.1" 200 166335
190.70.192.175 - - [21/Sep/2023:11:34:34 -0500] "POST /sipse/faces/presentacion/financiero/solicitudProceso/consultarSolicitudProceso.xhtml HTTP/1.1" 200 166335
190.70.192.175 - - [21/Sep/2023:11:34:35 -0500] "POST /sipse/faces/presentacion/financiero/solicitudProceso/consultarSolicitudProceso.xhtml HTTP/1.1" 200 166335
190.70.192.175 - - [21/Sep/2023:11:34:37 -0500] "POST /sipse/faces/presentacion/financiero/solicitudProceso/consultarSolicitudProceso.xhtml HTTP/1.1" 200 166335
190.70.192.175 - - [21/Sep/2023:11:34:40 -0500] "POST /sipse/faces/presentacion/financiero/solicitudProceso/consultarSolicitudProceso.xhtml HTTP/1.1" 200 5894
190.70.192.175 - - [21/Sep/2023:11:34:43 -0500] "POST /sipse/faces/presentacion/financiero/solicitudProceso/consultarSolicitudProceso.xhtml HTTP/1.1" 200 37002
190.70.192.175 - - [21/Sep/2023:11:34:44 -0500] "GET /sipse/faces/javax.faces.resource/theme.css?ln=primefaces-sipse HTTP/1.1" 304 -
190.70.192.175 - - [21/Sep/2023:11:34:44 -0500] "GET /sipse/faces/javax.faces.resource/primefaces.css?ln=primefaces&v=4.0 HTTP/1.1" 304 -
190.70.192.175 - - [21/Sep/2023:11:34:44 -0500] "GET /sipse/faces/javax.faces.resource/layout/layout.css?ln=primefaces&v=4.0 HTTP/1.1" 304 -
190.70.192.175 - - [21/Sep/2023:11:34:44 -0500] "GET /sipse/faces/javax.faces.resource/jquery/jquery.js?ln=primefaces&v=4.0 HTTP/1.1" 304 -
190.70.192.175 - - [21/Sep/2023:11:34:44 -0500] "GET /sipse/faces/javax.faces.resource/jquery/jquery-plugins.js?ln=primefaces&v=4.0 HTTP/1.1" 304 -
190.70.192.175 - - [21/Sep/2023:11:34:44 -0500] "GET /sipse/faces/javax.faces.resource/primefaces.js?ln=primefaces&v=4.0 HTTP/1.1" 304 -
190.70.192.175 - - [21/Sep/2023:11:34:44 -0500] "GET /sipse/faces/javax.faces.resource/layout/layout.js?ln=primefaces&v=4.0 HTTP/1.1" 304 -
190.70.192.175 - - [21/Sep/2023:11:34:44 -0500] "POST /sipse/faces/presentacion/financiero/solicitudProceso/listarSolicitudProceso.xhtml HTTP/1.1" 200 30320
190.70.192.175 - - [21/Sep/2023:11:34:45 -0500] "POST /sipse/faces/presentacion/financiero/solicitudProceso/listarSolicitudProceso.xhtml HTTP/1.1" 200 30320
190.70.192.175 - - [21/Sep/2023:11:34:45 -0500] "POST /sipse/faces/presentacion/financiero/solicitudProceso/listarSolicitudProceso.xhtml HTTP/1.1" 200 30320
190.70.192.175 - - [21/Sep/2023:11:34:46 -0500] "POST /sipse/faces/presentacion/financiero/solicitudProceso/listarSolicitudProceso.xhtml HTTP/1.1" 200 1404
190.70.192.175 - - [21/Sep/2023:11:34:46 -0500] "POST /sipse/faces/presentacion/financiero/solicitudProceso/listarSolicitudProceso.xhtml HTTP/1.1" 200 1384
190.70.192.175 - - [21/Sep/2023:11:34:47 -0500] "POST /sipse/faces/presentacion/financiero/solicitudProceso/listarSolicitudProceso.xhtml HTTP/1.1" 200 1404
190.70.192.175 - - [21/Sep/2023:11:34:47 -0500] "POST /sipse/faces/presentacion/financiero/solicitudProceso/listarSolicitudProceso.xhtml HTTP/1.1" 200 1396
201.245.192.253 - - [21/Sep/2023:11:35:11 -0500] "POST /forms/lservlet;jsessionid=ac16012b30d69d644c52ab7640e8a350f59243e0b584.e3iSbxaKaheRe34Pbx8Nc3aQci1ynknvrkLOlQzNp65In0 HTTP/1.1" 200 2
216.244.66.195 - - [21/Sep/2023:11:35:18 -0500] "GET /BLA/resoluciones/AUTOS%202020/4593.pdf HTTP/1.1" 200 356598
157.55.39.12 - - [21/Sep/2023:11:35:22 -0500] "GET /BLA/resoluciones/AUTOS%202021/6162.pdf HTTP/1.1" 304 -
216.245.221.92 - - [21/Sep/2023:11:35:51 -0500] "HEAD / HTTP/1.1" 200 -
190.70.192.175 - - [21/Sep/2023:11:35:56 -0500] "POST /sipse/faces/presentacion/financiero/solicitudProceso/listarSolicitudProceso.xhtml HTTP/1.1" 200 59104
190.70.192.175 - - [21/Sep/2023:11:35:56 -0500] "GET /sipse/faces/javax.faces.resource/theme.css?ln=primefaces-sipse HTTP/1.1" 304 -
190.70.192.175 - - [21/Sep/2023:11:35:56 -0500] "GET /sipse/faces/javax.faces.resource/layout/layout.css?ln=primefaces&v=4.0 HTTP/1.1" 304 -
190.70.192.175 - - [21/Sep/2023:11:35:56 -0500] "GET /sipse/faces/javax.faces.resource/jquery/jquery.js?ln=primefaces&v=4.0 HTTP/1.1" 304 -
190.70.192.175 - - [21/Sep/2023:11:35:56 -0500] "GET /sipse/faces/javax.faces.resource/primefaces.css?ln=primefaces&v=4.0 HTTP/1.1" 304 -
190.70.192.175 - - [21/Sep/2023:11:35:56 -0500] "GET /sipse/faces/javax.faces.resource/jquery/jquery-plugins.js?ln=primefaces&v=4.0 HTTP/1.1" 304 -
190.70.192.175 - - [21/Sep/2023:11:35:56 -0500] "GET /sipse/faces/javax.faces.resource/primefaces.js?ln=primefaces&v=4.0 HTTP/1.1" 304 -
190.70.192.175 - - [21/Sep/2023:11:35:56 -0500] "GET /sipse/faces/javax.faces.resource/layout/layout.js?ln=primefaces&v=4.0 HTTP/1.1" 304 -
216.244.66.195 - - [21/Sep/2023:11:36:00 -0500] "GET /BLA/resoluciones/AUTOS%202021/0492.pdf HTTP/1.1" 200 382132
190.70.192.175 - - [21/Sep/2023:11:36:07 -0500] "POST /sipse/faces/presentacion/financiero/solicitudProceso/crearModificarSolicitudProceso.xhtml HTTP/1.1" 200 51769
201.245.192.253 - - [21/Sep/2023:11:36:46 -0500] "POST /forms/lservlet;jsessionid=ac16012b30d69d644c52ab7640e8a350f59243e0b584.e3iSbxaKaheRe34Pbx8Nc3aQci1ynknvrkLOlQzNp65In0 HTTP/1.1" 200 62
201.245.192.253 - - [21/Sep/2023:11:36:46 -0500] "POST /forms/lservlet;jsessionid=ac16012b30d69d644c52ab7640e8a350f59243e0b584.e3iSbxaKaheRe34Pbx8Nc3aQci1ynknvrkLOlQzNp65In0 HTTP/1.1" 200 2
201.245.192.253 - - [21/Sep/2023:11:36:47 -0500] "POST /forms/lservlet;jsessionid=ac16012b30d69d644c52ab7640e8a350f59243e0b584.e3iSbxaKaheRe34Pbx8Nc3aQci1ynknvrkLOlQzNp65In0 HTTP/1.1" 200 1347
201.245.192.253 - - [21/Sep/2023:11:36:47 -0500] "GET /imagenes/rt_radd.gif HTTP/1.1" 200 907
201.245.192.253 - - [21/Sep/2023:11:36:47 -0500] "GET /imagenes/rt_rdel.gif HTTP/1.1" 200 899
201.245.192.253 - - [21/Sep/2023:11:36:47 -0500] "GET /imagenes/rt_save.gif HTTP/1.1" 200 903
201.245.192.253 - - [21/Sep/2023:11:36:47 -0500] "POST /forms/lservlet;jsessionid=ac16012b30d69d644c52ab7640e8a350f59243e0b584.e3iSbxaKaheRe34Pbx8Nc3aQci1ynknvrkLOlQzNp65In0 HTTP/1.1" 200 2
201.245.192.253 - - [21/Sep/2023:11:36:47 -0500] "POST /forms/lservlet;jsessionid=ac16012b30d69d644c52ab7640e8a350f59243e0b584.e3iSbxaKaheRe34Pbx8Nc3aQci1ynknvrkLOlQzNp65In0 HTTP/1.1" 200 24
216.244.66.195 - - [21/Sep/2023:11:36:48 -0500] "GET /BLA/resoluciones/AUTOS%202021/0844.pdf HTTP/1.1" 200 390671
201.245.192.253 - - [21/Sep/2023:11:36:49 -0500] "POST /forms/lservlet;jsessionid=ac16012b30d69d644c52ab7640e8a350f59243e0b584.e3iSbxaKaheRe34Pbx8Nc3aQci1ynknvrkLOlQzNp65In0 HTTP/1.1" 200 2369
201.245.192.253 - - [21/Sep/2023:11:36:52 -0500] "POST /forms/lservlet;jsessionid=ac16012b30d69d644c52ab7640e8a350f59243e0b584.e3iSbxaKaheRe34Pbx8Nc3aQci1ynknvrkLOlQzNp65In0 HTTP/1.1" 200 13
201.245.192.253 - - [21/Sep/2023:11:36:49 -0500] "POST /kwsrmcab/Wsrmcab  HTTP/1.1" 200 41265
201.245.192.253 - - [21/Sep/2023:11:37:03 -0500] "POST /forms/lservlet;jsessionid=ac16012b30d69d644c52ab7640e8a350f59243e0b584.e3iSbxaKaheRe34Pbx8Nc3aQci1ynknvrkLOlQzNp65In0 HTTP/1.1" 200 12
201.245.192.253 - - [21/Sep/2023:11:37:11 -0500] "POST /forms/lservlet;jsessionid=ac16012b30d69d644c52ab7640e8a350f59243e0b584.e3iSbxaKaheRe34Pbx8Nc3aQci1ynknvrkLOlQzNp65In0 HTTP/1.1" 200 2
216.244.66.195 - - [21/Sep/2023:11:37:34 -0500] "GET /BLA/resoluciones/AUTOS%202021/1215.pdf HTTP/1.1" 200 862151
172.22.2.4 - - [21/Sep/2023:11:36:05 -0500] "HEAD /BLA/boletinlegal/ HTTP/1.1" 200 -
201.245.192.253 - - [21/Sep/2023:11:37:47 -0500] "POST /kwsrmcab/Wsrmcab HTTP/1.1" 200 41389
201.245.192.253 - - [21/Sep/2023:11:37:50 -0500] "POST /kwsrmcab/Wsrmcab HTTP/1.1" 200 41386
172.22.2.4 - - [21/Sep/2023:11:37:55 -0500] "GET /BLA/boletinlegal/actos.php HTTP/1.1" 200 9682
172.22.2.4 - - [21/Sep/2023:11:37:55 -0500] "GET /BLA/boletinlegal/styles2.css HTTP/1.1" 200 1838
172.22.2.4 - - [21/Sep/2023:11:37:56 -0500] "GET /BLA/boletinlegal/js/ajax_actos.js HTTP/1.1" 200 1322
172.22.2.4 - - [21/Sep/2023:11:37:56 -0500] "GET /BLA/boletinlegal/niceforms-default.css HTTP/1.1" 200 6694
172.22.2.4 - - [21/Sep/2023:11:37:56 -0500] "GET /BLA/boletinlegal/style.css HTTP/1.1" 200 9406
172.22.2.4 - - [21/Sep/2023:11:37:56 -0500] "GET /BLA/boletinlegal/niceforms.js HTTP/1.1" 200 22876
172.22.2.4 - - [21/Sep/2023:11:37:56 -0500] "GET /BLA/boletinlegal/js/lib.js HTTP/1.1" 200 6474
172.22.2.4 - - [21/Sep/2023:11:37:56 -0500] "GET /BLA/boletinlegal/js/popup.js HTTP/1.1" 200 1270
172.22.2.4 - - [21/Sep/2023:11:37:56 -0500] "GET /BLA/boletinlegal/js/jquery1.js HTTP/1.1" 200 29846
172.22.2.4 - - [21/Sep/2023:11:37:56 -0500] "GET /BLA/boletinlegal/images/cabezote%20BLEGAL.jpg HTTP/1.1" 200 118164
172.22.2.4 - - [21/Sep/2023:11:37:56 -0500] "GET /BLA/boletinlegal/images/subscribe-icon-big.png HTTP/1.1" 200 47702
172.22.2.4 - - [21/Sep/2023:11:37:56 -0500] "GET /BLA/boletinlegal/images/registro-usuarios.png HTTP/1.1" 200 8106
172.22.2.4 - - [21/Sep/2023:11:37:56 -0500] "GET /BLA/boletinlegal/images/historia.png HTTP/1.1" 200 52775
172.22.2.4 - - [21/Sep/2023:11:37:56 -0500] "GET /BLA/boletinlegal/images/green-yellow-blue-pink-th.png HTTP/1.1" 200 7394
172.22.2.4 - - [21/Sep/2023:11:37:56 -0500] "GET /BLA/boletinlegal/images/tel.png HTTP/1.1" 200 14477
172.22.2.4 - - [21/Sep/2023:11:37:56 -0500] "GET /BLA/boletinlegal/images/icono-email.png HTTP/1.1" 200 5544
172.22.2.4 - - [21/Sep/2023:11:37:56 -0500] "GET /BLA/boletinlegal/images/body_bg.jpg HTTP/1.1" 200 1601
172.22.2.4 - - [21/Sep/2023:11:37:56 -0500] "GET /BLA/boletinlegal/images/menu_lft.gif HTTP/1.1" 200 1713
172.22.2.4 - - [21/Sep/2023:11:37:56 -0500] "GET /BLA/boletinlegal/images/menu_rght.gif HTTP/1.1" 200 1627
172.22.2.4 - - [21/Sep/2023:11:37:56 -0500] "GET /BLA/boletinlegal/images/bg_top.jpg HTTP/1.1" 200 522
172.22.2.4 - - [21/Sep/2023:11:37:56 -0500] "GET /BLA/boletinlegal/images/menu_bg.jpg HTTP/1.1" 200 620
172.22.2.4 - - [21/Sep/2023:11:37:56 -0500] "GET /BLA/boletinlegal/images/hover.jpg HTTP/1.1" 200 640
172.22.2.4 - - [21/Sep/2023:11:37:56 -0500] "GET /BLA/boletinlegal/images/text.jpg HTTP/1.1" 200 568
172.22.2.4 - - [21/Sep/2023:11:37:56 -0500] "GET /BLA/boletinlegal/images/footer_bg_l.jpg HTTP/1.1" 200 776
172.22.2.4 - - [21/Sep/2023:11:37:56 -0500] "GET /BLA/boletinlegal/images/footer_bg.jpg HTTP/1.1" 200 586
172.22.2.4 - - [21/Sep/2023:11:37:56 -0500] "GET /BLA/boletinlegal/img/0.png HTTP/1.1" 200 110
172.22.2.4 - - [21/Sep/2023:11:37:56 -0500] "GET /BLA/boletinlegal/img/select-left.png HTTP/1.1" 200 263
172.22.2.4 - - [21/Sep/2023:11:37:56 -0500] "GET /BLA/boletinlegal/img/button-left.png HTTP/1.1" 200 57071
172.22.2.4 - - [21/Sep/2023:11:37:56 -0500] "GET /BLA/boletinlegal/img/select-right.png HTTP/1.1" 200 44019
172.22.2.4 - - [21/Sep/2023:11:37:56 -0500] "GET /BLA/boletinlegal/img/button.png HTTP/1.1" 200 43241
172.22.2.4 - - [21/Sep/2023:11:37:56 -0500] "GET /BLA/boletinlegal/img/button-right.png HTTP/1.1" 200 57878
172.22.2.4 - - [21/Sep/2023:11:37:56 -0500] "GET /BLA/boletinlegal/favicon.ico HTTP/1.1" 404 1326
201.245.192.253 - - [21/Sep/2023:11:37:58 -0500] "POST /forms/lservlet;jsessionid=ac16012b30d69d644c52ab7640e8a350f59243e0b584.e3iSbxaKaheRe34Pbx8Nc3aQci1ynknvrkLOlQzNp65In0 HTTP/1.1" 200 12
201.245.192.253 - - [21/Sep/2023:11:37:59 -0500] "POST /forms/lservlet;jsessionid=ac16012b30d69d644c52ab7640e8a350f59243e0b584.e3iSbxaKaheRe34Pbx8Nc3aQci1ynknvrkLOlQzNp65In0 HTTP/1.1" 200 1323
201.245.192.253 - - [21/Sep/2023:11:37:59 -0500] "POST /forms/lservlet;jsessionid=ac16012b30d69d644c52ab7640e8a350f59243e0b584.e3iSbxaKaheRe34Pbx8Nc3aQci1ynknvrkLOlQzNp65In0 HTTP/1.1" 200 10
201.245.192.253 - - [21/Sep/2023:11:38:00 -0500] "POST /forms/lservlet;jsessionid=ac16012b30d69d644c52ab7640e8a350f59243e0b584.e3iSbxaKaheRe34Pbx8Nc3aQci1ynknvrkLOlQzNp65In0 HTTP/1.1" 200 13
173.252.111.13 - - [21/Sep/2023:11:38:03 -0500] "GET /images/pieza-voluntariado-ambiental.jpeg HTTP/1.1" 200 51125
201.245.192.253 - - [21/Sep/2023:11:38:04 -0500] "POST /forms/lservlet;jsessionid=ac16012b30d69d644c52ab7640e8a350f59243e0b584.e3iSbxaKaheRe34Pbx8Nc3aQci1ynknvrkLOlQzNp65In0 HTTP/1.1" 200 2123
201.245.192.253 - - [21/Sep/2023:11:38:05 -0500] "POST /forms/lservlet;jsessionid=ac16012b30d69d644c52ab7640e8a350f59243e0b584.e3iSbxaKaheRe34Pbx8Nc3aQci1ynknvrkLOlQzNp65In0 HTTP/1.1" 200 13
216.244.66.195 - - [21/Sep/2023:11:38:25 -0500] "GET /BLA/resoluciones/AUTOS%202021/2025.pdf HTTP/1.1" 200 385835
186.154.82.31 - - [21/Sep/2023:11:38:28 -0500] "GET /BLA/resoluciones/ HTTP/1.1" 200 13696
186.154.82.31 - - [21/Sep/2023:11:38:28 -0500] "GET /BLA/resoluciones/dlf/folder.png HTTP/1.1" 200 410
186.154.82.31 - - [21/Sep/2023:11:38:28 -0500] "GET /BLA/resoluciones/dlf/styles.css HTTP/1.1" 200 3049
186.154.82.31 - - [21/Sep/2023:11:38:28 -0500] "GET /BLA/resoluciones/dlf/bg.gif HTTP/1.1" 200 54
186.154.82.31 - - [21/Sep/2023:11:38:28 -0500] "GET /favicon.ico HTTP/1.1" 200 7782
172.22.2.4 - - [21/Sep/2023:11:36:55 -0500] "GET /BLA/boletinlegal/ HTTP/1.1" 200 58187
186.154.82.31 - - [21/Sep/2023:11:38:40 -0500] "GET /BLA/resoluciones/dlf/dirup.png HTTP/1.1" 200 644
186.154.82.31 - - [21/Sep/2023:11:38:40 -0500] "GET /BLA/resoluciones/dlf/pdf.gif HTTP/1.1" 200 272
186.154.82.31 - - [21/Sep/2023:11:38:40 -0500] "GET /BLA/resoluciones/dlf/unknown.png HTTP/1.1" 200 266
186.154.82.31 - - [21/Sep/2023:11:38:39 -0500] "GET /BLA/resoluciones/index.php?dir=RESOLUCIONES+2008%2F HTTP/1.1" 200 976272
186.154.82.31 - - [21/Sep/2023:11:38:46 -0500] "GET /BLA/resoluciones/RESOLUCIONES%202008/0025.pdf HTTP/1.1" 200 1652858
216.244.66.195 - - [21/Sep/2023:11:38:59 -0500] "GET /BLA/resoluciones/AUTOS%202021/2085.pdf HTTP/1.1" 200 374271
201.245.192.253 - - [21/Sep/2023:11:39:11 -0500] "POST /forms/lservlet;jsessionid=ac16012b30d69d644c52ab7640e8a350f59243e0b584.e3iSbxaKaheRe34Pbx8Nc3aQci1ynknvrkLOlQzNp65In0 HTTP/1.1" 200 2
172.22.2.4 - - [21/Sep/2023:11:39:22 -0500] "GET /BLA/boletinlegal/images/screen_2.png HTTP/1.1" 200 362502
172.22.2.4 - - [21/Sep/2023:11:39:22 -0500] "GET /BLA/boletinlegal/images/screen_3.png HTTP/1.1" 200 210620
172.22.2.4 - - [21/Sep/2023:11:39:22 -0500] "GET /BLA/boletinlegal/images/screen_5.png HTTP/1.1" 200 368876
172.22.2.4 - - [21/Sep/2023:11:39:22 -0500] "GET /BLA/boletinlegal/images/arr_r.jpg HTTP/1.1" 200 1998
31.13.115.111 - - [21/Sep/2023:11:39:26 -0500] "GET /decision-de-frenar-obras-en-el-zuque-es-caprichosa-y-priva-a-la-ciudadania-de-conocer-y-preservar-los-cerros-orientales-urrutia-secretaria-de-ambiente.html?fbclid=IwAR1A3znw9DpI1YzgaBU9C0Y9pwBozpNiN-wafeKwPEVbceSv1jshqJPruc0 HTTP/1.1" 200 1018
216.244.66.195 - - [21/Sep/2023:11:39:42 -0500] "GET /BLA/resoluciones/AUTOS%202021/2299.pdf HTTP/1.1" 200 363833
40.77.167.41 - - [21/Sep/2023:11:40:04 -0500] "GET /Publicaciones/2023EE218266.pdf HTTP/1.1" 200 232027
190.70.192.175 - - [21/Sep/2023:11:40:10 -0500] "POST /sipse/faces/presentacion/financiero/solicitudProceso/crearModificarSolicitudProceso.xhtml HTTP/1.1" 200 25130
199.16.157.182 - - [21/Sep/2023:11:40:22 -0500] "GET /images/carro%20de%20transporte%20de%20carga.jpg HTTP/1.1" 200 50033
199.16.157.183 - - [21/Sep/2023:11:40:23 -0500] "GET /distrito-firmo-resolucion-de-etiquetado-vehicular-ambiental-herramienta-para-clasificar-vehiculos-segun-sus-niveles-de-emisiones.html HTTP/1.1" 200 841
201.245.192.253 - - [21/Sep/2023:11:40:24 -0500] "POST /forms/lservlet;jsessionid=ac16012b30d69d644c52ab7640e8a350f59243e0b584.e3iSbxaKaheRe34Pbx8Nc3aQci1ynknvrkLOlQzNp65In0 HTTP/1.1" 200 13495
201.245.192.253 - - [21/Sep/2023:11:40:25 -0500] "POST /forms/lservlet;jsessionid=ac16012b30d69d644c52ab7640e8a350f59243e0b584.e3iSbxaKaheRe34Pbx8Nc3aQci1ynknvrkLOlQzNp65In0 HTTP/1.1" 200 10
201.245.192.253 - - [21/Sep/2023:11:40:25 -0500] "POST /forms/lservlet;jsessionid=ac16012b30d69d644c52ab7640e8a350f59243e0b584.e3iSbxaKaheRe34Pbx8Nc3aQci1ynknvrkLOlQzNp65In0 HTTP/1.1" 200 2
201.245.192.253 - - [21/Sep/2023:11:40:25 -0500] "POST /forms/lservlet;jsessionid=ac16012b30d69d644c52ab7640e8a350f59243e0b584.e3iSbxaKaheRe34Pbx8Nc3aQci1ynknvrkLOlQzNp65In0 HTTP/1.1" 200 2
201.245.192.253 - - [21/Sep/2023:11:40:30 -0500] "POST /forms/lservlet;jsessionid=ac16012b30d69d644c52ab7640e8a350f59243e0b584.e3iSbxaKaheRe34Pbx8Nc3aQci1ynknvrkLOlQzNp65In0 HTTP/1.1" 200 1842
216.244.66.195 - - [21/Sep/2023:11:40:30 -0500] "GET /BLA/resoluciones/AUTOS%202021/2332.pdf HTTP/1.1" 200 405449
201.245.192.253 - - [21/Sep/2023:11:40:33 -0500] "POST /forms/lservlet;jsessionid=ac16012b30d69d644c52ab7640e8a350f59243e0b584.e3iSbxaKaheRe34Pbx8Nc3aQci1ynknvrkLOlQzNp65In0 HTTP/1.1" 200 924
201.245.192.253 - - [21/Sep/2023:11:40:35 -0500] "POST /forms/lservlet;jsessionid=ac16012b30d69d644c52ab7640e8a350f59243e0b584.e3iSbxaKaheRe34Pbx8Nc3aQci1ynknvrkLOlQzNp65In0 HTTP/1.1" 200 995
201.245.192.253 - - [21/Sep/2023:11:40:35 -0500] "POST /forms/lservlet;jsessionid=ac16012b30d69d644c52ab7640e8a350f59243e0b584.e3iSbxaKaheRe34Pbx8Nc3aQci1ynknvrkLOlQzNp65In0 HTTP/1.1" 200 1257
201.245.192.253 - - [21/Sep/2023:11:40:35 -0500] "POST /forms/lservlet;jsessionid=ac16012b30d69d644c52ab7640e8a350f59243e0b584.e3iSbxaKaheRe34Pbx8Nc3aQci1ynknvrkLOlQzNp65In0 HTTP/1.1" 200 784
201.245.192.253 - - [21/Sep/2023:11:40:35 -0500] "POST /forms/lservlet;jsessionid=ac16012b30d69d644c52ab7640e8a350f59243e0b584.e3iSbxaKaheRe34Pbx8Nc3aQci1ynknvrkLOlQzNp65In0 HTTP/1.1" 200 729
201.245.192.253 - - [21/Sep/2023:11:40:36 -0500] "POST /forms/lservlet;jsessionid=ac16012b30d69d644c52ab7640e8a350f59243e0b584.e3iSbxaKaheRe34Pbx8Nc3aQci1ynknvrkLOlQzNp65In0 HTTP/1.1" 200 986
201.245.192.253 - - [21/Sep/2023:11:40:36 -0500] "POST /forms/lservlet;jsessionid=ac16012b30d69d644c52ab7640e8a350f59243e0b584.e3iSbxaKaheRe34Pbx8Nc3aQci1ynknvrkLOlQzNp65In0 HTTP/1.1" 200 939
201.245.192.253 - - [21/Sep/2023:11:40:36 -0500] "POST /forms/lservlet;jsessionid=ac16012b30d69d644c52ab7640e8a350f59243e0b584.e3iSbxaKaheRe34Pbx8Nc3aQci1ynknvrkLOlQzNp65In0 HTTP/1.1" 200 695
201.245.192.253 - - [21/Sep/2023:11:40:36 -0500] "POST /forms/lservlet;jsessionid=ac16012b30d69d644c52ab7640e8a350f59243e0b584.e3iSbxaKaheRe34Pbx8Nc3aQci1ynknvrkLOlQzNp65In0 HTTP/1.1" 200 659
201.245.192.253 - - [21/Sep/2023:11:40:36 -0500] "POST /forms/lservlet;jsessionid=ac16012b30d69d644c52ab7640e8a350f59243e0b584.e3iSbxaKaheRe34Pbx8Nc3aQci1ynknvrkLOlQzNp65In0 HTTP/1.1" 200 659
201.245.192.253 - - [21/Sep/2023:11:40:37 -0500] "POST /forms/lservlet;jsessionid=ac16012b30d69d644c52ab7640e8a350f59243e0b584.e3iSbxaKaheRe34Pbx8Nc3aQci1ynknvrkLOlQzNp65In0 HTTP/1.1" 200 628
201.245.192.253 - - [21/Sep/2023:11:40:37 -0500] "POST /forms/lservlet;jsessionid=ac16012b30d69d644c52ab7640e8a350f59243e0b584.e3iSbxaKaheRe34Pbx8Nc3aQci1ynknvrkLOlQzNp65In0 HTTP/1.1" 200 683
201.245.192.253 - - [21/Sep/2023:11:40:37 -0500] "POST /forms/lservlet;jsessionid=ac16012b30d69d644c52ab7640e8a350f59243e0b584.e3iSbxaKaheRe34Pbx8Nc3aQci1ynknvrkLOlQzNp65In0 HTTP/1.1" 200 643
201.245.192.253 - - [21/Sep/2023:11:40:37 -0500] "POST /forms/lservlet;jsessionid=ac16012b30d69d644c52ab7640e8a350f59243e0b584.e3iSbxaKaheRe34Pbx8Nc3aQci1ynknvrkLOlQzNp65In0 HTTP/1.1" 200 1041
201.245.192.253 - - [21/Sep/2023:11:40:37 -0500] "POST /forms/lservlet;jsessionid=ac16012b30d69d644c52ab7640e8a350f59243e0b584.e3iSbxaKaheRe34Pbx8Nc3aQci1ynknvrkLOlQzNp65In0 HTTP/1.1" 200 1212
201.245.192.253 - - [21/Sep/2023:11:40:38 -0500] "POST /forms/lservlet;jsessionid=ac16012b30d69d644c52ab7640e8a350f59243e0b584.e3iSbxaKaheRe34Pbx8Nc3aQci1ynknvrkLOlQzNp65In0 HTTP/1.1" 200 1078
201.245.192.253 - - [21/Sep/2023:11:40:38 -0500] "POST /forms/lservlet;jsessionid=ac16012b30d69d644c52ab7640e8a350f59243e0b584.e3iSbxaKaheRe34Pbx8Nc3aQci1ynknvrkLOlQzNp65In0 HTTP/1.1" 200 771
201.245.192.253 - - [21/Sep/2023:11:40:38 -0500] "POST /forms/lservlet;jsessionid=ac16012b30d69d644c52ab7640e8a350f59243e0b584.e3iSbxaKaheRe34Pbx8Nc3aQci1ynknvrkLOlQzNp65In0 HTTP/1.1" 200 673
201.245.192.253 - - [21/Sep/2023:11:40:38 -0500] "POST /forms/lservlet;jsessionid=ac16012b30d69d644c52ab7640e8a350f59243e0b584.e3iSbxaKaheRe34Pbx8Nc3aQci1ynknvrkLOlQzNp65In0 HTTP/1.1" 200 675
201.245.192.253 - - [21/Sep/2023:11:40:39 -0500] "POST /forms/lservlet;jsessionid=ac16012b30d69d644c52ab7640e8a350f59243e0b584.e3iSbxaKaheRe34Pbx8Nc3aQci1ynknvrkLOlQzNp65In0 HTTP/1.1" 200 1034
201.245.192.253 - - [21/Sep/2023:11:40:39 -0500] "POST /forms/lservlet;jsessionid=ac16012b30d69d644c52ab7640e8a350f59243e0b584.e3iSbxaKaheRe34Pbx8Nc3aQci1ynknvrkLOlQzNp65In0 HTTP/1.1" 200 940
201.245.192.253 - - [21/Sep/2023:11:40:39 -0500] "POST /forms/lservlet;jsessionid=ac16012b30d69d644c52ab7640e8a350f59243e0b584.e3iSbxaKaheRe34Pbx8Nc3aQci1ynknvrkLOlQzNp65In0 HTTP/1.1" 200 983
201.245.192.253 - - [21/Sep/2023:11:40:40 -0500] "POST /forms/lservlet;jsessionid=ac16012b30d69d644c52ab7640e8a350f59243e0b584.e3iSbxaKaheRe34Pbx8Nc3aQci1ynknvrkLOlQzNp65In0 HTTP/1.1" 200 983
201.245.192.253 - - [21/Sep/2023:11:40:40 -0500] "POST /forms/lservlet;jsessionid=ac16012b30d69d644c52ab7640e8a350f59243e0b584.e3iSbxaKaheRe34Pbx8Nc3aQci1ynknvrkLOlQzNp65In0 HTTP/1.1" 200 1115
201.245.192.253 - - [21/Sep/2023:11:40:40 -0500] "POST /forms/lservlet;jsessionid=ac16012b30d69d644c52ab7640e8a350f59243e0b584.e3iSbxaKaheRe34Pbx8Nc3aQci1ynknvrkLOlQzNp65In0 HTTP/1.1" 200 813
201.245.192.253 - - [21/Sep/2023:11:40:41 -0500] "POST /forms/lservlet;jsessionid=ac16012b30d69d644c52ab7640e8a350f59243e0b584.e3iSbxaKaheRe34Pbx8Nc3aQci1ynknvrkLOlQzNp65In0 HTTP/1.1" 200 734
201.245.192.253 - - [21/Sep/2023:11:40:41 -0500] "POST /forms/lservlet;jsessionid=ac16012b30d69d644c52ab7640e8a350f59243e0b584.e3iSbxaKaheRe34Pbx8Nc3aQci1ynknvrkLOlQzNp65In0 HTTP/1.1" 200 1043
201.245.192.253 - - [21/Sep/2023:11:40:41 -0500] "POST /forms/lservlet;jsessionid=ac16012b30d69d644c52ab7640e8a350f59243e0b584.e3iSbxaKaheRe34Pbx8Nc3aQci1ynknvrkLOlQzNp65In0 HTTP/1.1" 200 909
201.245.192.253 - - [21/Sep/2023:11:40:41 -0500] "POST /forms/lservlet;jsessionid=ac16012b30d69d644c52ab7640e8a350f59243e0b584.e3iSbxaKaheRe34Pbx8Nc3aQci1ynknvrkLOlQzNp65In0 HTTP/1.1" 200 938
201.245.192.253 - - [21/Sep/2023:11:40:41 -0500] "POST /forms/lservlet;jsessionid=ac16012b30d69d644c52ab7640e8a350f59243e0b584.e3iSbxaKaheRe34Pbx8Nc3aQci1ynknvrkLOlQzNp65In0 HTTP/1.1" 200 852
201.245.192.253 - - [21/Sep/2023:11:40:42 -0500] "POST /forms/lservlet;jsessionid=ac16012b30d69d644c52ab7640e8a350f59243e0b584.e3iSbxaKaheRe34Pbx8Nc3aQci1ynknvrkLOlQzNp65In0 HTTP/1.1" 200 898
201.245.192.253 - - [21/Sep/2023:11:40:42 -0500] "POST /forms/lservlet;jsessionid=ac16012b30d69d644c52ab7640e8a350f59243e0b584.e3iSbxaKaheRe34Pbx8Nc3aQci1ynknvrkLOlQzNp65In0 HTTP/1.1" 200 732
201.245.192.253 - - [21/Sep/2023:11:40:42 -0500] "POST /forms/lservlet;jsessionid=ac16012b30d69d644c52ab7640e8a350f59243e0b584.e3iSbxaKaheRe34Pbx8Nc3aQci1ynknvrkLOlQzNp65In0 HTTP/1.1" 200 667
201.245.192.253 - - [21/Sep/2023:11:40:42 -0500] "POST /forms/lservlet;jsessionid=ac16012b30d69d644c52ab7640e8a350f59243e0b584.e3iSbxaKaheRe34Pbx8Nc3aQci1ynknvrkLOlQzNp65In0 HTTP/1.1" 200 678
201.245.192.253 - - [21/Sep/2023:11:40:42 -0500] "POST /forms/lservlet;jsessionid=ac16012b30d69d644c52ab7640e8a350f59243e0b584.e3iSbxaKaheRe34Pbx8Nc3aQci1ynknvrkLOlQzNp65In0 HTTP/1.1" 200 893
201.245.192.253 - - [21/Sep/2023:11:40:42 -0500] "POST /forms/lservlet;jsessionid=ac16012b30d69d644c52ab7640e8a350f59243e0b584.e3iSbxaKaheRe34Pbx8Nc3aQci1ynknvrkLOlQzNp65In0 HTTP/1.1" 200 685
201.245.192.253 - - [21/Sep/2023:11:40:43 -0500] "POST /forms/lservlet;jsessionid=ac16012b30d69d644c52ab7640e8a350f59243e0b584.e3iSbxaKaheRe34Pbx8Nc3aQci1ynknvrkLOlQzNp65In0 HTTP/1.1" 200 707
201.245.192.253 - - [21/Sep/2023:11:40:43 -0500] "POST /forms/lservlet;jsessionid=ac16012b30d69d644c52ab7640e8a350f59243e0b584.e3iSbxaKaheRe34Pbx8Nc3aQci1ynknvrkLOlQzNp65In0 HTTP/1.1" 200 906
201.245.192.253 - - [21/Sep/2023:11:40:43 -0500] "POST /forms/lservlet;jsessionid=ac16012b30d69d644c52ab7640e8a350f59243e0b584.e3iSbxaKaheRe34Pbx8Nc3aQci1ynknvrkLOlQzNp65In0 HTTP/1.1" 200 838
201.245.192.253 - - [21/Sep/2023:11:40:43 -0500] "POST /forms/lservlet;jsessionid=ac16012b30d69d644c52ab7640e8a350f59243e0b584.e3iSbxaKaheRe34Pbx8Nc3aQci1ynknvrkLOlQzNp65In0 HTTP/1.1" 200 685
201.245.192.253 - - [21/Sep/2023:11:40:43 -0500] "POST /forms/lservlet;jsessionid=ac16012b30d69d644c52ab7640e8a350f59243e0b584.e3iSbxaKaheRe34Pbx8Nc3aQci1ynknvrkLOlQzNp65In0 HTTP/1.1" 200 760
201.245.192.253 - - [21/Sep/2023:11:40:43 -0500] "POST /forms/lservlet;jsessionid=ac16012b30d69d644c52ab7640e8a350f59243e0b584.e3iSbxaKaheRe34Pbx8Nc3aQci1ynknvrkLOlQzNp65In0 HTTP/1.1" 200 800
201.245.192.253 - - [21/Sep/2023:11:40:43 -0500] "POST /forms/lservlet;jsessionid=ac16012b30d69d644c52ab7640e8a350f59243e0b584.e3iSbxaKaheRe34Pbx8Nc3aQci1ynknvrkLOlQzNp65In0 HTTP/1.1" 200 852
201.245.192.253 - - [21/Sep/2023:11:40:43 -0500] "POST /forms/lservlet;jsessionid=ac16012b30d69d644c52ab7640e8a350f59243e0b584.e3iSbxaKaheRe34Pbx8Nc3aQci1ynknvrkLOlQzNp65In0 HTTP/1.1" 200 963
201.245.192.253 - - [21/Sep/2023:11:40:43 -0500] "POST /forms/lservlet;jsessionid=ac16012b30d69d644c52ab7640e8a350f59243e0b584.e3iSbxaKaheRe34Pbx8Nc3aQci1ynknvrkLOlQzNp65In0 HTTP/1.1" 200 806
201.245.192.253 - - [21/Sep/2023:11:40:43 -0500] "POST /forms/lservlet;jsessionid=ac16012b30d69d644c52ab7640e8a350f59243e0b584.e3iSbxaKaheRe34Pbx8Nc3aQci1ynknvrkLOlQzNp65In0 HTTP/1.1" 200 880
201.245.192.253 - - [21/Sep/2023:11:40:43 -0500] "POST /forms/lservlet;jsessionid=ac16012b30d69d644c52ab7640e8a350f59243e0b584.e3iSbxaKaheRe34Pbx8Nc3aQci1ynknvrkLOlQzNp65In0 HTTP/1.1" 200 643
201.245.192.253 - - [21/Sep/2023:11:40:43 -0500] "POST /forms/lservlet;jsessionid=ac16012b30d69d644c52ab7640e8a350f59243e0b584.e3iSbxaKaheRe34Pbx8Nc3aQci1ynknvrkLOlQzNp65In0 HTTP/1.1" 200 701
201.245.192.253 - - [21/Sep/2023:11:40:44 -0500] "POST /forms/lservlet;jsessionid=ac16012b30d69d644c52ab7640e8a350f59243e0b584.e3iSbxaKaheRe34Pbx8Nc3aQci1ynknvrkLOlQzNp65In0 HTTP/1.1" 200 1111
201.245.192.253 - - [21/Sep/2023:11:40:44 -0500] "POST /forms/lservlet;jsessionid=ac16012b30d69d644c52ab7640e8a350f59243e0b584.e3iSbxaKaheRe34Pbx8Nc3aQci1ynknvrkLOlQzNp65In0 HTTP/1.1" 200 848
201.245.192.253 - - [21/Sep/2023:11:40:44 -0500] "POST /forms/lservlet;jsessionid=ac16012b30d69d644c52ab7640e8a350f59243e0b584.e3iSbxaKaheRe34Pbx8Nc3aQci1ynknvrkLOlQzNp65In0 HTTP/1.1" 200 1590
201.245.192.253 - - [21/Sep/2023:11:40:44 -0500] "POST /forms/lservlet;jsessionid=ac16012b30d69d644c52ab7640e8a350f59243e0b584.e3iSbxaKaheRe34Pbx8Nc3aQci1ynknvrkLOlQzNp65In0 HTTP/1.1" 200 998
199.16.157.180 - - [21/Sep/2023:11:40:44 -0500] "GET /images/carro%20de%20transporte%20de%20carga.jpg HTTP/1.1" 200 50033
201.245.192.253 - - [21/Sep/2023:11:40:44 -0500] "POST /forms/lservlet;jsessionid=ac16012b30d69d644c52ab7640e8a350f59243e0b584.e3iSbxaKaheRe34Pbx8Nc3aQci1ynknvrkLOlQzNp65In0 HTTP/1.1" 200 1223
199.16.157.180 - - [21/Sep/2023:11:40:44 -0500] "GET /images/carro%20de%20transporte%20de%20carga.jpg HTTP/1.1" 200 50033
201.245.192.253 - - [21/Sep/2023:11:40:44 -0500] "POST /forms/lservlet;jsessionid=ac16012b30d69d644c52ab7640e8a350f59243e0b584.e3iSbxaKaheRe34Pbx8Nc3aQci1ynknvrkLOlQzNp65In0 HTTP/1.1" 200 724
201.245.192.253 - - [21/Sep/2023:11:40:45 -0500] "POST /forms/lservlet;jsessionid=ac16012b30d69d644c52ab7640e8a350f59243e0b584.e3iSbxaKaheRe34Pbx8Nc3aQci1ynknvrkLOlQzNp65In0 HTTP/1.1" 200 682
201.245.192.253 - - [21/Sep/2023:11:40:45 -0500] "POST /forms/lservlet;jsessionid=ac16012b30d69d644c52ab7640e8a350f59243e0b584.e3iSbxaKaheRe34Pbx8Nc3aQci1ynknvrkLOlQzNp65In0 HTTP/1.1" 200 643
201.245.192.253 - - [21/Sep/2023:11:40:45 -0500] "POST /forms/lservlet;jsessionid=ac16012b30d69d644c52ab7640e8a350f59243e0b584.e3iSbxaKaheRe34Pbx8Nc3aQci1ynknvrkLOlQzNp65In0 HTTP/1.1" 200 654
201.245.192.253 - - [21/Sep/2023:11:40:45 -0500] "POST /forms/lservlet;jsessionid=ac16012b30d69d644c52ab7640e8a350f59243e0b584.e3iSbxaKaheRe34Pbx8Nc3aQci1ynknvrkLOlQzNp65In0 HTTP/1.1" 200 641
201.245.192.253 - - [21/Sep/2023:11:40:45 -0500] "POST /forms/lservlet;jsessionid=ac16012b30d69d644c52ab7640e8a350f59243e0b584.e3iSbxaKaheRe34Pbx8Nc3aQci1ynknvrkLOlQzNp65In0 HTTP/1.1" 200 710
201.245.192.253 - - [21/Sep/2023:11:40:45 -0500] "POST /forms/lservlet;jsessionid=ac16012b30d69d644c52ab7640e8a350f59243e0b584.e3iSbxaKaheRe34Pbx8Nc3aQci1ynknvrkLOlQzNp65In0 HTTP/1.1" 200 679
201.245.192.253 - - [21/Sep/2023:11:40:46 -0500] "POST /forms/lservlet;jsessionid=ac16012b30d69d644c52ab7640e8a350f59243e0b584.e3iSbxaKaheRe34Pbx8Nc3aQci1ynknvrkLOlQzNp65In0 HTTP/1.1" 200 658
201.245.192.253 - - [21/Sep/2023:11:40:46 -0500] "POST /forms/lservlet;jsessionid=ac16012b30d69d644c52ab7640e8a350f59243e0b584.e3iSbxaKaheRe34Pbx8Nc3aQci1ynknvrkLOlQzNp65In0 HTTP/1.1" 200 677
201.245.192.253 - - [21/Sep/2023:11:40:46 -0500] "POST /forms/lservlet;jsessionid=ac16012b30d69d644c52ab7640e8a350f59243e0b584.e3iSbxaKaheRe34Pbx8Nc3aQci1ynknvrkLOlQzNp65In0 HTTP/1.1" 200 656
201.245.192.253 - - [21/Sep/2023:11:40:46 -0500] "POST /forms/lservlet;jsessionid=ac16012b30d69d644c52ab7640e8a350f59243e0b584.e3iSbxaKaheRe34Pbx8Nc3aQci1ynknvrkLOlQzNp65In0 HTTP/1.1" 200 676
201.245.192.253 - - [21/Sep/2023:11:40:46 -0500] "POST /forms/lservlet;jsessionid=ac16012b30d69d644c52ab7640e8a350f59243e0b584.e3iSbxaKaheRe34Pbx8Nc3aQci1ynknvrkLOlQzNp65In0 HTTP/1.1" 200 700
201.245.192.253 - - [21/Sep/2023:11:40:47 -0500] "POST /forms/lservlet;jsessionid=ac16012b30d69d644c52ab7640e8a350f59243e0b584.e3iSbxaKaheRe34Pbx8Nc3aQci1ynknvrkLOlQzNp65In0 HTTP/1.1" 200 668
201.245.192.253 - - [21/Sep/2023:11:40:47 -0500] "POST /forms/lservlet;jsessionid=ac16012b30d69d644c52ab7640e8a350f59243e0b584.e3iSbxaKaheRe34Pbx8Nc3aQci1ynknvrkLOlQzNp65In0 HTTP/1.1" 200 702
201.245.192.253 - - [21/Sep/2023:11:40:47 -0500] "POST /forms/lservlet;jsessionid=ac16012b30d69d644c52ab7640e8a350f59243e0b584.e3iSbxaKaheRe34Pbx8Nc3aQci1ynknvrkLOlQzNp65In0 HTTP/1.1" 200 667
201.245.192.253 - - [21/Sep/2023:11:40:47 -0500] "POST /forms/lservlet;jsessionid=ac16012b30d69d644c52ab7640e8a350f59243e0b584.e3iSbxaKaheRe34Pbx8Nc3aQci1ynknvrkLOlQzNp65In0 HTTP/1.1" 200 710
142.4.217.87 - - [21/Sep/2023:11:40:47 -0500] "GET /distrito-firmo-resolucion-de-etiquetado-vehicular-ambiental-herramienta-para-clasificar-vehiculos-segun-sus-niveles-de-emisiones.html HTTP/1.1" 200 841
201.245.192.253 - - [21/Sep/2023:11:40:47 -0500] "POST /forms/lservlet;jsessionid=ac16012b30d69d644c52ab7640e8a350f59243e0b584.e3iSbxaKaheRe34Pbx8Nc3aQci1ynknvrkLOlQzNp65In0 HTTP/1.1" 200 700
201.245.192.253 - - [21/Sep/2023:11:40:47 -0500] "POST /forms/lservlet;jsessionid=ac16012b30d69d644c52ab7640e8a350f59243e0b584.e3iSbxaKaheRe34Pbx8Nc3aQci1ynknvrkLOlQzNp65In0 HTTP/1.1" 200 1590
201.245.192.253 - - [21/Sep/2023:11:40:48 -0500] "POST /forms/lservlet;jsessionid=ac16012b30d69d644c52ab7640e8a350f59243e0b584.e3iSbxaKaheRe34Pbx8Nc3aQci1ynknvrkLOlQzNp65In0 HTTP/1.1" 200 946
201.245.192.253 - - [21/Sep/2023:11:40:48 -0500] "POST /forms/lservlet;jsessionid=ac16012b30d69d644c52ab7640e8a350f59243e0b584.e3iSbxaKaheRe34Pbx8Nc3aQci1ynknvrkLOlQzNp65In0 HTTP/1.1" 200 1063
201.245.192.253 - - [21/Sep/2023:11:40:48 -0500] "POST /forms/lservlet;jsessionid=ac16012b30d69d644c52ab7640e8a350f59243e0b584.e3iSbxaKaheRe34Pbx8Nc3aQci1ynknvrkLOlQzNp65In0 HTTP/1.1" 200 977
201.245.192.253 - - [21/Sep/2023:11:40:48 -0500] "POST /forms/lservlet;jsessionid=ac16012b30d69d644c52ab7640e8a350f59243e0b584.e3iSbxaKaheRe34Pbx8Nc3aQci1ynknvrkLOlQzNp65In0 HTTP/1.1" 200 1042
201.245.192.253 - - [21/Sep/2023:11:40:48 -0500] "POST /forms/lservlet;jsessionid=ac16012b30d69d644c52ab7640e8a350f59243e0b584.e3iSbxaKaheRe34Pbx8Nc3aQci1ynknvrkLOlQzNp65In0 HTTP/1.1" 200 1152
201.245.192.253 - - [21/Sep/2023:11:40:49 -0500] "POST /forms/lservlet;jsessionid=ac16012b30d69d644c52ab7640e8a350f59243e0b584.e3iSbxaKaheRe34Pbx8Nc3aQci1ynknvrkLOlQzNp65In0 HTTP/1.1" 200 948
201.245.192.253 - - [21/Sep/2023:11:40:49 -0500] "POST /forms/lservlet;jsessionid=ac16012b30d69d644c52ab7640e8a350f59243e0b584.e3iSbxaKaheRe34Pbx8Nc3aQci1ynknvrkLOlQzNp65In0 HTTP/1.1" 200 972
201.245.192.253 - - [21/Sep/2023:11:40:49 -0500] "POST /forms/lservlet;jsessionid=ac16012b30d69d644c52ab7640e8a350f59243e0b584.e3iSbxaKaheRe34Pbx8Nc3aQci1ynknvrkLOlQzNp65In0 HTTP/1.1" 200 1302
201.245.192.253 - - [21/Sep/2023:11:40:49 -0500] "POST /forms/lservlet;jsessionid=ac16012b30d69d644c52ab7640e8a350f59243e0b584.e3iSbxaKaheRe34Pbx8Nc3aQci1ynknvrkLOlQzNp65In0 HTTP/1.1" 200 697
201.245.192.253 - - [21/Sep/2023:11:40:50 -0500] "POST /forms/lservlet;jsessionid=ac16012b30d69d644c52ab7640e8a350f59243e0b584.e3iSbxaKaheRe34Pbx8Nc3aQci1ynknvrkLOlQzNp65In0 HTTP/1.1" 200 918
201.245.192.253 - - [21/Sep/2023:11:40:50 -0500] "POST /forms/lservlet;jsessionid=ac16012b30d69d644c52ab7640e8a350f59243e0b584.e3iSbxaKaheRe34Pbx8Nc3aQci1ynknvrkLOlQzNp65In0 HTTP/1.1" 200 695
201.245.192.253 - - [21/Sep/2023:11:40:50 -0500] "POST /forms/lservlet;jsessionid=ac16012b30d69d644c52ab7640e8a350f59243e0b584.e3iSbxaKaheRe34Pbx8Nc3aQci1ynknvrkLOlQzNp65In0 HTTP/1.1" 200 683
201.245.192.253 - - [21/Sep/2023:11:40:50 -0500] "POST /forms/lservlet;jsessionid=ac16012b30d69d644c52ab7640e8a350f59243e0b584.e3iSbxaKaheRe34Pbx8Nc3aQci1ynknvrkLOlQzNp65In0 HTTP/1.1" 200 648
201.245.192.253 - - [21/Sep/2023:11:40:50 -0500] "POST /forms/lservlet;jsessionid=ac16012b30d69d644c52ab7640e8a350f59243e0b584.e3iSbxaKaheRe34Pbx8Nc3aQci1ynknvrkLOlQzNp65In0 HTTP/1.1" 200 969
201.245.192.253 - - [21/Sep/2023:11:40:50 -0500] "POST /forms/lservlet;jsessionid=ac16012b30d69d644c52ab7640e8a350f59243e0b584.e3iSbxaKaheRe34Pbx8Nc3aQci1ynknvrkLOlQzNp65In0 HTTP/1.1" 200 866
201.245.192.253 - - [21/Sep/2023:11:40:51 -0500] "POST /forms/lservlet;jsessionid=ac16012b30d69d644c52ab7640e8a350f59243e0b584.e3iSbxaKaheRe34Pbx8Nc3aQci1ynknvrkLOlQzNp65In0 HTTP/1.1" 200 629
201.245.192.253 - - [21/Sep/2023:11:40:51 -0500] "POST /forms/lservlet;jsessionid=ac16012b30d69d644c52ab7640e8a350f59243e0b584.e3iSbxaKaheRe34Pbx8Nc3aQci1ynknvrkLOlQzNp65In0 HTTP/1.1" 200 762
17.241.227.149 - - [21/Sep/2023:11:40:51 -0500] "GET /robots.txt HTTP/1.1" 404 1034
201.245.192.253 - - [21/Sep/2023:11:40:51 -0500] "POST /forms/lservlet;jsessionid=ac16012b30d69d644c52ab7640e8a350f59243e0b584.e3iSbxaKaheRe34Pbx8Nc3aQci1ynknvrkLOlQzNp65In0 HTTP/1.1" 200 702
201.245.192.253 - - [21/Sep/2023:11:40:51 -0500] "POST /forms/lservlet;jsessionid=ac16012b30d69d644c52ab7640e8a350f59243e0b584.e3iSbxaKaheRe34Pbx8Nc3aQci1ynknvrkLOlQzNp65In0 HTTP/1.1" 200 728
17.241.227.149 - - [21/Sep/2023:11:40:51 -0500] "GET /distrito-firmo-resolucion-de-etiquetado-vehicular-ambiental-herramienta-para-clasificar-vehiculos-segun-sus-niveles-de-emisiones.html HTTP/1.1" 200 841
201.245.192.253 - - [21/Sep/2023:11:40:51 -0500] "POST /forms/lservlet;jsessionid=ac16012b30d69d644c52ab7640e8a350f59243e0b584.e3iSbxaKaheRe34Pbx8Nc3aQci1ynknvrkLOlQzNp65In0 HTTP/1.1" 200 690
216.245.221.92 - - [21/Sep/2023:11:40:51 -0500] "HEAD / HTTP/1.1" 200 -
201.245.192.253 - - [21/Sep/2023:11:40:52 -0500] "POST /forms/lservlet;jsessionid=ac16012b30d69d644c52ab7640e8a350f59243e0b584.e3iSbxaKaheRe34Pbx8Nc3aQci1ynknvrkLOlQzNp65In0 HTTP/1.1" 200 646
201.245.192.253 - - [21/Sep/2023:11:40:52 -0500] "POST /forms/lservlet;jsessionid=ac16012b30d69d644c52ab7640e8a350f59243e0b584.e3iSbxaKaheRe34Pbx8Nc3aQci1ynknvrkLOlQzNp65In0 HTTP/1.1" 200 710
201.245.192.253 - - [21/Sep/2023:11:40:52 -0500] "POST /forms/lservlet;jsessionid=ac16012b30d69d644c52ab7640e8a350f59243e0b584.e3iSbxaKaheRe34Pbx8Nc3aQci1ynknvrkLOlQzNp65In0 HTTP/1.1" 200 837
201.245.192.253 - - [21/Sep/2023:11:40:52 -0500] "POST /forms/lservlet;jsessionid=ac16012b30d69d644c52ab7640e8a350f59243e0b584.e3iSbxaKaheRe34Pbx8Nc3aQci1ynknvrkLOlQzNp65In0 HTTP/1.1" 200 1186
199.16.157.181 - - [21/Sep/2023:11:40:54 -0500] "GET /distrito-firmo-resolucion-de-etiquetado-vehicular-ambiental-herramienta-para-clasificar-vehiculos-segun-sus-niveles-de-emisiones.html HTTP/1.1" 200 841
172.22.2.4 - - [21/Sep/2023:11:39:14 -0500] "GET /BLA/boletinlegal/ HTTP/1.1" 200 62286
172.22.2.4 - - [21/Sep/2023:11:40:55 -0500] "GET /BLA/boletinlegal/favicon.ico HTTP/1.1" 404 1308
186.155.17.144 - - [21/Sep/2023:11:40:55 -0500] "GET /BLA/resoluciones/ HTTP/1.1" 200 13696
186.155.17.144 - - [21/Sep/2023:11:40:55 -0500] "GET /BLA/resoluciones/dlf/bg.gif HTTP/1.1" 200 54
186.155.17.144 - - [21/Sep/2023:11:40:55 -0500] "GET /favicon.ico HTTP/1.1" 200 7782
186.155.17.144 - - [21/Sep/2023:11:40:57 -0500] "GET /BLA/resoluciones/index.php?dir=RESOLUCIONES+2023%2F HTTP/1.1" 200 76535
172.104.29.150 - - [21/Sep/2023:11:40:59 -0500] "GET /robots.txt HTTP/1.0" 404 1034
45.79.150.150 - - [21/Sep/2023:11:40:59 -0500] "GET /distrito-firmo-resolucion-de-etiquetado-vehicular-ambiental-herramienta-para-clasificar-vehiculos-segun-sus-niveles-de-emisiones.html HTTP/1.0" 200 841
168.119.76.235 - - [21/Sep/2023:11:41:07 -0500] "GET /robots.txt HTTP/1.1" 404 1034
168.119.76.235 - - [21/Sep/2023:11:41:08 -0500] "GET /distrito-firmo-resolucion-de-etiquetado-vehicular-ambiental-herramienta-para-clasificar-vehiculos-segun-sus-niveles-de-emisiones.html HTTP/1.1" 200 841
201.245.192.253 - - [21/Sep/2023:11:41:11 -0500] "POST /forms/lservlet;jsessionid=ac16012b30d69d644c52ab7640e8a350f59243e0b584.e3iSbxaKaheRe34Pbx8Nc3aQci1ynknvrkLOlQzNp65In0 HTTP/1.1" 200 2
201.245.192.253 - - [21/Sep/2023:11:41:12 -0500] "POST /forms/lservlet;jsessionid=ac16012b30d69d644c52ab7640e8a350f59243e0b584.e3iSbxaKaheRe34Pbx8Nc3aQci1ynknvrkLOlQzNp65In0 HTTP/1.1" 200 13
216.244.66.195 - - [21/Sep/2023:11:41:13 -0500] "GET /BLA/resoluciones/AUTOS%202021/3136.pdf HTTP/1.1" 200 365775
45.88.90.23 - - [21/Sep/2023:11:41:14 -0500] "CONNECT google.com:443 HTTP/1.1" 405 938
201.245.192.253 - - [21/Sep/2023:11:41:16 -0500] "POST /forms/lservlet;jsessionid=ac16012b30d69d644c52ab7640e8a350f59243e0b584.e3iSbxaKaheRe34Pbx8Nc3aQci1ynknvrkLOlQzNp65In0 HTTP/1.1" 200 1237
201.245.192.253 - - [21/Sep/2023:11:41:16 -0500] "POST /forms/lservlet;jsessionid=ac16012b30d69d644c52ab7640e8a350f59243e0b584.e3iSbxaKaheRe34Pbx8Nc3aQci1ynknvrkLOlQzNp65In0 HTTP/1.1" 200 10
201.245.192.253 - - [21/Sep/2023:11:41:17 -0500] "POST /forms/lservlet;jsessionid=ac16012b30d69d644c52ab7640e8a350f59243e0b584.e3iSbxaKaheRe34Pbx8Nc3aQci1ynknvrkLOlQzNp65In0 HTTP/1.1" 200 2
201.245.192.253 - - [21/Sep/2023:11:41:18 -0500] "POST /forms/lservlet;jsessionid=ac16012b30d69d644c52ab7640e8a350f59243e0b584.e3iSbxaKaheRe34Pbx8Nc3aQci1ynknvrkLOlQzNp65In0 HTTP/1.1" 200 281
201.245.192.253 - - [21/Sep/2023:11:41:18 -0500] "POST /forms/lservlet;jsessionid=ac16012b30d69d644c52ab7640e8a350f59243e0b584.e3iSbxaKaheRe34Pbx8Nc3aQci1ynknvrkLOlQzNp65In0 HTTP/1.1" 200 11
201.245.192.253 - - [21/Sep/2023:11:41:19 -0500] "POST /forms/lservlet;jsessionid=ac16012b30d69d644c52ab7640e8a350f59243e0b584.e3iSbxaKaheRe34Pbx8Nc3aQci1ynknvrkLOlQzNp65In0 HTTP/1.1" 200 2
107.21.253.49 - - [21/Sep/2023:11:41:19 -0500] "GET /distrito-firmo-resolucion-de-etiquetado-vehicular-ambiental-herramienta-para-clasificar-vehiculos-segun-sus-niveles-de-emisiones.html HTTP/1.1" 200 841
54.221.199.147 - - [21/Sep/2023:11:41:19 -0500] "GET /favicon.ico HTTP/1.1" 404 1034
107.21.253.49 - - [21/Sep/2023:11:41:19 -0500] "GET /images/carro%20de%20transporte%20de%20carga.jpg HTTP/1.1" 200 50033
54.225.104.196 - - [21/Sep/2023:11:41:19 -0500] "GET /images/carro%20de%20transporte%20de%20carga.jpg HTTP/1.1" 200 50033
201.245.192.253 - - [21/Sep/2023:11:41:19 -0500] "POST /forms/lservlet;jsessionid=ac16012b30d69d644c52ab7640e8a350f59243e0b584.e3iSbxaKaheRe34Pbx8Nc3aQci1ynknvrkLOlQzNp65In0 HTTP/1.1" 200 14
201.245.192.253 - - [21/Sep/2023:11:41:20 -0500] "POST /forms/lservlet;jsessionid=ac16012b30d69d644c52ab7640e8a350f59243e0b584.e3iSbxaKaheRe34Pbx8Nc3aQci1ynknvrkLOlQzNp65In0 HTTP/1.1" 200 14
201.245.192.253 - - [21/Sep/2023:11:41:21 -0500] "POST /forms/lservlet;jsessionid=ac16012b30d69d644c52ab7640e8a350f59243e0b584.e3iSbxaKaheRe34Pbx8Nc3aQci1ynknvrkLOlQzNp65In0 HTTP/1.1" 200 14
201.245.192.253 - - [21/Sep/2023:11:41:22 -0500] "POST /forms/lservlet;jsessionid=ac16012b30d69d644c52ab7640e8a350f59243e0b584.e3iSbxaKaheRe34Pbx8Nc3aQci1ynknvrkLOlQzNp65In0 HTTP/1.1" 200 266
201.245.192.253 - - [21/Sep/2023:11:41:23 -0500] "POST /forms/lservlet;jsessionid=ac16012b30d69d644c52ab7640e8a350f59243e0b584.e3iSbxaKaheRe34Pbx8Nc3aQci1ynknvrkLOlQzNp65In0 HTTP/1.1" 200 7
201.245.192.253 - - [21/Sep/2023:11:41:23 -0500] "GET /reports/rwservlet/getjobid=89478?server=repnomi HTTP/1.1" 200 60622
201.245.192.253 - - [21/Sep/2023:11:41:48 -0500] "POST /kwsrmcab/Wsrmcab  HTTP/1.1" 200 41265
190.70.192.175 - - [21/Sep/2023:11:41:51 -0500] "POST /sipse/faces/presentacion/financiero/solicitudProceso/crearModificarSolicitudProceso.xhtml HTTP/1.1" 200 6287
216.244.66.195 - - [21/Sep/2023:11:41:53 -0500] "GET /BLA/resoluciones/AUTOS%202021/3864.pdf HTTP/1.1" 200 350334
216.244.66.195 - - [21/Sep/2023:11:42:32 -0500] "GET /BLA/resoluciones/AUTOS%202021/4457.pdf HTTP/1.1" 200 345660
201.245.192.253 - - [21/Sep/2023:11:43:11 -0500] "POST /forms/lservlet;jsessionid=ac16012b30d69d644c52ab7640e8a350f59243e0b584.e3iSbxaKaheRe34Pbx8Nc3aQci1ynknvrkLOlQzNp65In0 HTTP/1.1" 200 2
216.244.66.195 - - [21/Sep/2023:11:43:11 -0500] "GET /BLA/resoluciones/AUTOS%202021/4962.pdf HTTP/1.1" 200 498336
172.22.2.4 - - [21/Sep/2023:11:41:55 -0500] "HEAD /BLA/boletinlegal/ HTTP/1.1" 200 -
216.244.66.195 - - [21/Sep/2023:11:43:50 -0500] "GET /BLA/resoluciones/AUTOS%202021/5303.pdf HTTP/1.1" 200 1760576
172.22.2.4 - - [21/Sep/2023:11:42:45 -0500] "GET /BLA/boletinlegal/ HTTP/1.1" 200 60692
216.244.66.195 - - [21/Sep/2023:11:44:40 -0500] "GET /BLA/resoluciones/AUTOS%202021/5426.pdf HTTP/1.1" 200 388874
172.22.2.4 - - [21/Sep/2023:11:44:45 -0500] "GET /BLA/boletinlegal/actos.php HTTP/1.1" 200 9682
172.22.2.4 - - [21/Sep/2023:11:44:45 -0500] "GET /BLA/boletinlegal/js/ajax_actos.js HTTP/1.1" 200 1322
172.22.2.4 - - [21/Sep/2023:11:44:45 -0500] "GET /BLA/boletinlegal/styles2.css HTTP/1.1" 200 1838
172.22.2.4 - - [21/Sep/2023:11:44:45 -0500] "GET /BLA/boletinlegal/niceforms-default.css HTTP/1.1" 200 6694
172.22.2.4 - - [21/Sep/2023:11:44:45 -0500] "GET /BLA/boletinlegal/style.css HTTP/1.1" 200 9406
172.22.2.4 - - [21/Sep/2023:11:44:45 -0500] "GET /BLA/boletinlegal/niceforms.js HTTP/1.1" 200 22876
172.22.2.4 - - [21/Sep/2023:11:44:45 -0500] "GET /BLA/boletinlegal/js/lib.js HTTP/1.1" 200 6474
172.22.2.4 - - [21/Sep/2023:11:44:45 -0500] "GET /BLA/boletinlegal/js/popup.js HTTP/1.1" 200 1270
172.22.2.4 - - [21/Sep/2023:11:44:45 -0500] "GET /BLA/boletinlegal/js/jquery1.js HTTP/1.1" 200 29846
172.22.2.4 - - [21/Sep/2023:11:44:45 -0500] "GET /BLA/boletinlegal/images/cabezote%20BLEGAL.jpg HTTP/1.1" 200 118164
172.22.2.4 - - [21/Sep/2023:11:44:45 -0500] "GET /BLA/boletinlegal/images/subscribe-icon-big.png HTTP/1.1" 200 47702
172.22.2.4 - - [21/Sep/2023:11:44:45 -0500] "GET /BLA/boletinlegal/images/registro-usuarios.png HTTP/1.1" 200 8106
172.22.2.4 - - [21/Sep/2023:11:44:45 -0500] "GET /BLA/boletinlegal/images/historia.png HTTP/1.1" 200 52775
172.22.2.4 - - [21/Sep/2023:11:44:45 -0500] "GET /BLA/boletinlegal/images/tel.png HTTP/1.1" 200 14477
172.22.2.4 - - [21/Sep/2023:11:44:45 -0500] "GET /BLA/boletinlegal/images/green-yellow-blue-pink-th.png HTTP/1.1" 200 7394
172.22.2.4 - - [21/Sep/2023:11:44:45 -0500] "GET /BLA/boletinlegal/images/icono-email.png HTTP/1.1" 200 5544
172.22.2.4 - - [21/Sep/2023:11:44:45 -0500] "GET /BLA/boletinlegal/images/body_bg.jpg HTTP/1.1" 200 1601
172.22.2.4 - - [21/Sep/2023:11:44:45 -0500] "GET /BLA/boletinlegal/images/menu_lft.gif HTTP/1.1" 200 1713
172.22.2.4 - - [21/Sep/2023:11:44:45 -0500] "GET /BLA/boletinlegal/images/menu_rght.gif HTTP/1.1" 200 1627
172.22.2.4 - - [21/Sep/2023:11:44:45 -0500] "GET /BLA/boletinlegal/images/bg_top.jpg HTTP/1.1" 200 522
172.22.2.4 - - [21/Sep/2023:11:44:45 -0500] "GET /BLA/boletinlegal/images/text.jpg HTTP/1.1" 200 568
172.22.2.4 - - [21/Sep/2023:11:44:45 -0500] "GET /BLA/boletinlegal/images/menu_bg.jpg HTTP/1.1" 200 620
172.22.2.4 - - [21/Sep/2023:11:44:45 -0500] "GET /BLA/boletinlegal/images/hover.jpg HTTP/1.1" 200 640
172.22.2.4 - - [21/Sep/2023:11:44:45 -0500] "GET /BLA/boletinlegal/images/footer_bg.jpg HTTP/1.1" 200 586
172.22.2.4 - - [21/Sep/2023:11:44:45 -0500] "GET /BLA/boletinlegal/images/footer_bg_l.jpg HTTP/1.1" 200 776
172.22.2.4 - - [21/Sep/2023:11:44:46 -0500] "GET /BLA/boletinlegal/img/0.png HTTP/1.1" 200 110
172.22.2.4 - - [21/Sep/2023:11:44:46 -0500] "GET /BLA/boletinlegal/img/button-left.png HTTP/1.1" 200 57071
172.22.2.4 - - [21/Sep/2023:11:44:46 -0500] "GET /BLA/boletinlegal/img/select-left.png HTTP/1.1" 200 263
172.22.2.4 - - [21/Sep/2023:11:44:46 -0500] "GET /BLA/boletinlegal/img/select-right.png HTTP/1.1" 200 44019
172.22.2.4 - - [21/Sep/2023:11:44:46 -0500] "GET /BLA/boletinlegal/img/button.png HTTP/1.1" 200 43241
172.22.2.4 - - [21/Sep/2023:11:44:46 -0500] "GET /BLA/boletinlegal/img/button-right.png HTTP/1.1" 200 57878
172.22.2.4 - - [21/Sep/2023:11:44:46 -0500] "GET /BLA/boletinlegal/favicon.ico HTTP/1.1" 404 1326
191.111.33.32 - - [21/Sep/2023:11:44:49 -0500] "GET /BLA/resoluciones/ HTTP/1.1" 200 13696
191.111.33.32 - - [21/Sep/2023:11:44:49 -0500] "GET /BLA/resoluciones/dlf/folder.png HTTP/1.1" 200 410
191.111.33.32 - - [21/Sep/2023:11:44:51 -0500] "GET /BLA/resoluciones/index.php?dir=AUTOS+2023%2F HTTP/1.1" 200 306754
172.22.2.4 - - [21/Sep/2023:11:45:05 -0500] "GET /BLA/boletinlegal/actos.php HTTP/1.1" 200 9682
172.22.2.4 - - [21/Sep/2023:11:45:06 -0500] "GET /BLA/boletinlegal/js/ajax_actos.js HTTP/1.1" 200 1322
172.22.2.4 - - [21/Sep/2023:11:45:06 -0500] "GET /BLA/boletinlegal/styles2.css HTTP/1.1" 200 1838
172.22.2.4 - - [21/Sep/2023:11:45:06 -0500] "GET /BLA/boletinlegal/style.css HTTP/1.1" 200 9406
172.22.2.4 - - [21/Sep/2023:11:45:06 -0500] "GET /BLA/boletinlegal/niceforms-default.css HTTP/1.1" 200 6694
172.22.2.4 - - [21/Sep/2023:11:45:06 -0500] "GET /BLA/boletinlegal/niceforms.js HTTP/1.1" 200 22876
172.22.2.4 - - [21/Sep/2023:11:45:06 -0500] "GET /BLA/boletinlegal/js/jquery1.js HTTP/1.1" 200 29846
172.22.2.4 - - [21/Sep/2023:11:45:06 -0500] "GET /BLA/boletinlegal/js/lib.js HTTP/1.1" 200 6474
172.22.2.4 - - [21/Sep/2023:11:45:06 -0500] "GET /BLA/boletinlegal/js/popup.js HTTP/1.1" 200 1270
