190.70.192.175 - - [21/Sep/2023:12:27:35 -0500] "GET /sipse/faces/javax.faces.resource/jquery/jquery.js?ln=primefaces&v=4.0 HTTP/1.1" 304 -
190.70.192.175 - - [21/Sep/2023:12:27:35 -0500] "GET /sipse/faces/javax.faces.resource/jquery/jquery-plugins.js?ln=primefaces&v=4.0 HTTP/1.1" 304 -
190.70.192.175 - - [21/Sep/2023:12:27:35 -0500] "GET /sipse/faces/javax.faces.resource/primefaces.js?ln=primefaces&v=4.0 HTTP/1.1" 304 -
190.70.192.175 - - [21/Sep/2023:12:27:35 -0500] "GET /sipse/faces/javax.faces.resource/layout/layout.js?ln=primefaces&v=4.0 HTTP/1.1" 304 -
190.70.192.175 - - [21/Sep/2023:12:27:36 -0500] "GET /sipse/faces/javax.faces.resource/dynamiccontent.properties?ln=primefaces&pfdrid=XjOR5%2F%2FfPAZAuY9TpWQeCiM0BhlXxYRBGKi%2FQcXXfeA%3D&pfdrid_c=false HTTP/1.1" 500 383
201.245.192.253 - - [21/Sep/2023:12:27:47 -0500] "POST /kwsrmcab/Wsrmcab HTTP/1.1" 200 40796
201.245.192.253 - - [21/Sep/2023:12:27:50 -0500] "POST /kwsrmcab/Wsrmcab HTTP/1.1" 200 41699
190.70.192.175 - - [21/Sep/2023:12:28:01 -0500] "GET /sipse/faces/autenticacion.xhtml HTTP/1.1" 200 12424
190.70.192.175 - - [21/Sep/2023:12:28:01 -0500] "GET /sipse/faces/javax.faces.resource/theme.css?ln=primefaces-sipse HTTP/1.1" 304 -
190.70.192.175 - - [21/Sep/2023:12:28:01 -0500] "GET /sipse/faces/javax.faces.resource/primefaces.css?ln=primefaces&v=4.0 HTTP/1.1" 304 -
190.70.192.175 - - [21/Sep/2023:12:28:01 -0500] "GET /sipse/faces/javax.faces.resource/layout/layout.css?ln=primefaces&v=4.0 HTTP/1.1" 304 -
190.70.192.175 - - [21/Sep/2023:12:28:01 -0500] "GET /sipse/faces/javax.faces.resource/primefaces.js?ln=primefaces&v=4.0 HTTP/1.1" 304 -
190.70.192.175 - - [21/Sep/2023:12:28:01 -0500] "GET /sipse/faces/javax.faces.resource/layout/layout.js?ln=primefaces&v=4.0 HTTP/1.1" 304 -
190.70.192.175 - - [21/Sep/2023:12:28:01 -0500] "GET /sipse/faces/javax.faces.resource/jquery/jquery.js?ln=primefaces&v=4.0 HTTP/1.1" 304 -
190.70.192.175 - - [21/Sep/2023:12:28:01 -0500] "GET /sipse/faces/javax.faces.resource/jquery/jquery-plugins.js?ln=primefaces&v=4.0 HTTP/1.1" 304 -
190.70.192.175 - - [21/Sep/2023:12:28:01 -0500] "GET /sipse/faces/javax.faces.resource/images/ui-icons_898989_256x240.png?ln=primefaces-aristo HTTP/1.1" 304 -
190.70.192.175 - - [21/Sep/2023:12:28:01 -0500] "GET /sipse/faces/index.xhtml HTTP/1.1" 200 677
190.70.192.175 - - [21/Sep/2023:12:28:01 -0500] "GET /sipse/faces/javax.faces.resource/theme.css?ln=primefaces-sipse HTTP/1.1" 304 -
190.70.192.175 - - [21/Sep/2023:12:28:01 -0500] "GET /sipse/faces/faces/autenticacion.xhtml HTTP/1.1" 200 12424
190.70.192.175 - - [21/Sep/2023:12:28:02 -0500] "GET /sipse/faces/javax.faces.resource/theme.css?ln=primefaces-sipse HTTP/1.1" 304 -
190.70.192.175 - - [21/Sep/2023:12:28:02 -0500] "GET /sipse/faces/javax.faces.resource/primefaces.css?ln=primefaces&v=4.0 HTTP/1.1" 304 -
190.70.192.175 - - [21/Sep/2023:12:28:02 -0500] "GET /sipse/faces/javax.faces.resource/jquery/jquery.js?ln=primefaces&v=4.0 HTTP/1.1" 304 -
190.70.192.175 - - [21/Sep/2023:12:28:02 -0500] "GET /sipse/faces/javax.faces.resource/primefaces.js?ln=primefaces&v=4.0 HTTP/1.1" 304 -
190.70.192.175 - - [21/Sep/2023:12:28:02 -0500] "GET /sipse/faces/javax.faces.resource/layout/layout.css?ln=primefaces&v=4.0 HTTP/1.1" 304 -
190.70.192.175 - - [21/Sep/2023:12:28:02 -0500] "GET /sipse/faces/javax.faces.resource/jquery/jquery-plugins.js?ln=primefaces&v=4.0 HTTP/1.1" 304 -
190.70.192.175 - - [21/Sep/2023:12:28:02 -0500] "GET /sipse/faces/javax.faces.resource/layout/layout.js?ln=primefaces&v=4.0 HTTP/1.1" 304 -
190.70.192.175 - - [21/Sep/2023:12:28:05 -0500] "POST /sipse/faces/autenticacion.xhtml HTTP/1.1" 200 2220
190.70.192.175 - - [21/Sep/2023:12:28:05 -0500] "GET /sipse/faces/javax.faces.resource/messages/messages.png?ln=primefaces&v=4.0 HTTP/1.1" 304 -
216.244.66.195 - - [21/Sep/2023:12:28:06 -0500] "GET /BLA/resoluciones/AUTOS%202022/2186.pdf HTTP/1.1" 200 367463
190.70.192.175 - - [21/Sep/2023:12:28:06 -0500] "GET /sipse/faces/javax.faces.resource/images/ui-icons_898989_256x240.png?ln=primefaces-aristo HTTP/1.1" 304 -
190.70.192.175 - - [21/Sep/2023:12:28:07 -0500] "POST /sipse/faces/autenticacion.xhtml HTTP/1.1" 200 16442
190.70.192.175 - - [21/Sep/2023:12:28:07 -0500] "GET /sipse/faces/javax.faces.resource/theme.css?ln=primefaces-sipse HTTP/1.1" 304 -
190.70.192.175 - - [21/Sep/2023:12:28:07 -0500] "GET /sipse/faces/javax.faces.resource/primefaces.css?ln=primefaces&v=4.0 HTTP/1.1" 304 -
190.70.192.175 - - [21/Sep/2023:12:28:07 -0500] "GET /sipse/faces/javax.faces.resource/layout/layout.css?ln=primefaces&v=4.0 HTTP/1.1" 304 -
190.70.192.175 - - [21/Sep/2023:12:28:07 -0500] "GET /sipse/faces/javax.faces.resource/jquery/jquery.js?ln=primefaces&v=4.0 HTTP/1.1" 304 -
190.70.192.175 - - [21/Sep/2023:12:28:07 -0500] "GET /sipse/faces/javax.faces.resource/jquery/jquery-plugins.js?ln=primefaces&v=4.0 HTTP/1.1" 304 -
190.70.192.175 - - [21/Sep/2023:12:28:08 -0500] "GET /sipse/faces/javax.faces.resource/primefaces.js?ln=primefaces&v=4.0 HTTP/1.1" 304 -
190.70.192.175 - - [21/Sep/2023:12:28:08 -0500] "GET /sipse/faces/javax.faces.resource/layout/layout.js?ln=primefaces&v=4.0 HTTP/1.1" 304 -
190.70.192.175 - - [21/Sep/2023:12:28:08 -0500] "GET /sipse/css/imagen/contrasena.png HTTP/1.1" 404 383
190.70.192.175 - - [21/Sep/2023:12:28:11 -0500] "GET /sipse/faces/javax.faces.resource/images/ui-bg_flat_0_2d5972_40x100.png?ln=primefaces-aristo HTTP/1.1" 304 -
190.70.192.175 - - [21/Sep/2023:12:28:11 -0500] "POST /sipse/faces/bienvenido.xhtml HTTP/1.1" 200 2658
190.70.192.175 - - [21/Sep/2023:12:28:12 -0500] "POST /sipse/faces/bienvenido.xhtml HTTP/1.1" 200 65433
190.70.192.175 - - [21/Sep/2023:12:28:18 -0500] "GET /sipse/faces/javax.faces.resource/theme.css?ln=primefaces-sipse HTTP/1.1" 304 -
190.70.192.175 - - [21/Sep/2023:12:28:18 -0500] "GET /sipse/faces/javax.faces.resource/primefaces.css?ln=primefaces&v=4.0 HTTP/1.1" 304 -
190.70.192.175 - - [21/Sep/2023:12:28:18 -0500] "GET /sipse/faces/javax.faces.resource/layout/layout.css?ln=primefaces&v=4.0 HTTP/1.1" 304 -
190.70.192.175 - - [21/Sep/2023:12:28:18 -0500] "GET /sipse/faces/javax.faces.resource/jquery/jquery.js?ln=primefaces&v=4.0 HTTP/1.1" 304 -
190.70.192.175 - - [21/Sep/2023:12:28:18 -0500] "GET /sipse/faces/javax.faces.resource/jquery/jquery-plugins.js?ln=primefaces&v=4.0 HTTP/1.1" 304 -
190.70.192.175 - - [21/Sep/2023:12:28:18 -0500] "GET /sipse/faces/javax.faces.resource/primefaces.js?ln=primefaces&v=4.0 HTTP/1.1" 304 -
190.70.192.175 - - [21/Sep/2023:12:28:18 -0500] "GET /sipse/faces/javax.faces.resource/layout/layout.js?ln=primefaces&v=4.0 HTTP/1.1" 304 -
190.70.192.175 - - [21/Sep/2023:12:28:18 -0500] "POST /sipse/faces/presentacion/financiero/solicitudProceso/listarSolicitudProceso.xhtml HTTP/1.1" 200 1552
190.70.192.175 - - [21/Sep/2023:12:28:23 -0500] "POST /sipse/faces/presentacion/financiero/solicitudProceso/listarSolicitudProceso.xhtml HTTP/1.1" 200 17660
190.70.192.175 - - [21/Sep/2023:12:28:25 -0500] "POST /sipse/faces/presentacion/financiero/solicitudProceso/listarSolicitudProceso.xhtml HTTP/1.1" 200 134097
190.70.192.175 - - [21/Sep/2023:12:28:26 -0500] "GET /sipse/faces/javax.faces.resource/theme.css?ln=primefaces-sipse HTTP/1.1" 304 -
190.70.192.175 - - [21/Sep/2023:12:28:26 -0500] "GET /sipse/faces/javax.faces.resource/layout/layout.css?ln=primefaces&v=4.0 HTTP/1.1" 304 -
190.70.192.175 - - [21/Sep/2023:12:28:26 -0500] "GET /sipse/faces/javax.faces.resource/primefaces.css?ln=primefaces&v=4.0 HTTP/1.1" 304 -
190.70.192.175 - - [21/Sep/2023:12:28:26 -0500] "GET /sipse/faces/javax.faces.resource/jquery/jquery.js?ln=primefaces&v=4.0 HTTP/1.1" 304 -
190.70.192.175 - - [21/Sep/2023:12:28:26 -0500] "GET /sipse/faces/javax.faces.resource/jquery/jquery-plugins.js?ln=primefaces&v=4.0 HTTP/1.1" 304 -
190.70.192.175 - - [21/Sep/2023:12:28:26 -0500] "GET /sipse/faces/javax.faces.resource/primefaces.js?ln=primefaces&v=4.0 HTTP/1.1" 304 -
190.70.192.175 - - [21/Sep/2023:12:28:26 -0500] "GET /sipse/faces/javax.faces.resource/layout/layout.js?ln=primefaces&v=4.0 HTTP/1.1" 304 -
190.70.192.175 - - [21/Sep/2023:12:28:27 -0500] "GET /sipse/faces/javax.faces.resource/dynamiccontent.properties?ln=primefaces&pfdrid=XjOR5%2F%2FfPAZAuY9TpWQeCiM0BhlXxYRBGKi%2FQcXXfeA%3D&pfdrid_c=false HTTP/1.1" 500 383
190.70.192.175 - - [21/Sep/2023:12:28:36 -0500] "POST /sipse/faces/presentacion/financiero/solicitudProceso/consultarSolicitudProceso.xhtml HTTP/1.1" 200 37614
190.70.192.175 - - [21/Sep/2023:12:28:38 -0500] "GET /sipse/faces/javax.faces.resource/theme.css?ln=primefaces-sipse HTTP/1.1" 304 -
190.70.192.175 - - [21/Sep/2023:12:28:38 -0500] "GET /sipse/faces/javax.faces.resource/primefaces.css?ln=primefaces&v=4.0 HTTP/1.1" 304 -
190.70.192.175 - - [21/Sep/2023:12:28:38 -0500] "GET /sipse/faces/javax.faces.resource/layout/layout.css?ln=primefaces&v=4.0 HTTP/1.1" 304 -
190.70.192.175 - - [21/Sep/2023:12:28:38 -0500] "GET /sipse/faces/javax.faces.resource/jquery/jquery.js?ln=primefaces&v=4.0 HTTP/1.1" 304 -
190.70.192.175 - - [21/Sep/2023:12:28:38 -0500] "GET /sipse/faces/javax.faces.resource/jquery/jquery-plugins.js?ln=primefaces&v=4.0 HTTP/1.1" 304 -
190.70.192.175 - - [21/Sep/2023:12:28:38 -0500] "GET /sipse/faces/javax.faces.resource/primefaces.js?ln=primefaces&v=4.0 HTTP/1.1" 304 -
190.70.192.175 - - [21/Sep/2023:12:28:38 -0500] "GET /sipse/faces/javax.faces.resource/layout/layout.js?ln=primefaces&v=4.0 HTTP/1.1" 304 -
190.70.192.175 - - [21/Sep/2023:12:28:39 -0500] "POST /sipse/faces/presentacion/financiero/solicitudProceso/listarSolicitudProceso.xhtml HTTP/1.1" 200 1404
216.244.66.195 - - [21/Sep/2023:12:28:39 -0500] "GET /BLA/resoluciones/AUTOS%202022/2191.pdf HTTP/1.1" 200 369991
190.70.192.175 - - [21/Sep/2023:12:28:46 -0500] "POST /sipse/faces/presentacion/financiero/solicitudProceso/listarSolicitudProceso.xhtml HTTP/1.1" 200 2681
190.70.192.175 - - [21/Sep/2023:12:28:47 -0500] "POST /sipse/faces/presentacion/financiero/solicitudProceso/listarSolicitudProceso.xhtml HTTP/1.1" 200 40809
190.70.192.175 - - [21/Sep/2023:12:28:47 -0500] "GET /sipse/faces/javax.faces.resource/theme.css?ln=primefaces-sipse HTTP/1.1" 304 -
190.70.192.175 - - [21/Sep/2023:12:28:47 -0500] "GET /sipse/faces/javax.faces.resource/primefaces.css?ln=primefaces&v=4.0 HTTP/1.1" 304 -
190.70.192.175 - - [21/Sep/2023:12:28:47 -0500] "GET /sipse/faces/javax.faces.resource/layout/layout.css?ln=primefaces&v=4.0 HTTP/1.1" 304 -
190.70.192.175 - - [21/Sep/2023:12:28:47 -0500] "GET /sipse/faces/javax.faces.resource/jquery/jquery.js?ln=primefaces&v=4.0 HTTP/1.1" 304 -
190.70.192.175 - - [21/Sep/2023:12:28:47 -0500] "GET /sipse/faces/javax.faces.resource/jquery/jquery-plugins.js?ln=primefaces&v=4.0 HTTP/1.1" 304 -
190.70.192.175 - - [21/Sep/2023:12:28:47 -0500] "GET /sipse/faces/javax.faces.resource/primefaces.js?ln=primefaces&v=4.0 HTTP/1.1" 304 -
190.70.192.175 - - [21/Sep/2023:12:28:47 -0500] "GET /sipse/faces/javax.faces.resource/layout/layout.js?ln=primefaces&v=4.0 HTTP/1.1" 304 -
190.70.192.175 - - [21/Sep/2023:12:28:47 -0500] "POST /sipse/faces/presentacion/financiero/solicitudProceso/consultar.xhtml HTTP/1.1" 200 34153
190.70.192.175 - - [21/Sep/2023:12:28:48 -0500] "POST /sipse/faces/presentacion/financiero/solicitudProceso/consultar.xhtml HTTP/1.1" 200 34153
190.70.192.175 - - [21/Sep/2023:12:28:48 -0500] "POST /sipse/faces/presentacion/financiero/solicitudProceso/consultar.xhtml HTTP/1.1" 200 34153
190.70.192.175 - - [21/Sep/2023:12:28:52 -0500] "POST /sipse/faces/presentacion/financiero/solicitudProceso/consultar.xhtml HTTP/1.1" 200 12803
201.245.192.253 - - [21/Sep/2023:12:29:11 -0500] "POST /forms/lservlet;jsessionid=ac16012b30d69d644c52ab7640e8a350f59243e0b584.e3iSbxaKaheRe34Pbx8Nc3aQci1ynknvrkLOlQzNp65In0 HTTP/1.1" 200 2
216.244.66.195 - - [21/Sep/2023:12:29:11 -0500] "GET /BLA/resoluciones/AUTOS%202022/2977.pdf HTTP/1.1" 200 403695
201.245.192.253 - - [21/Sep/2023:12:29:26 -0500] "POST /forms/lservlet;jsessionid=ac16012b30d69d644c52ab7640e8a350f59243e0b584.e3iSbxaKaheRe34Pbx8Nc3aQci1ynknvrkLOlQzNp65In0 HTTP/1.1" 200 61
201.245.192.253 - - [21/Sep/2023:12:29:26 -0500] "POST /forms/lservlet;jsessionid=ac16012b30d69d644c52ab7640e8a350f59243e0b584.e3iSbxaKaheRe34Pbx8Nc3aQci1ynknvrkLOlQzNp65In0 HTTP/1.1" 200 18
201.245.192.253 - - [21/Sep/2023:12:29:27 -0500] "POST /forms/lservlet;jsessionid=ac16012b30d69d644c52ab7640e8a350f59243e0b584.e3iSbxaKaheRe34Pbx8Nc3aQci1ynknvrkLOlQzNp65In0 HTTP/1.1" 200 17
201.245.192.253 - - [21/Sep/2023:12:29:28 -0500] "POST /forms/lservlet;jsessionid=ac16012b30d69d644c52ab7640e8a350f59243e0b584.e3iSbxaKaheRe34Pbx8Nc3aQci1ynknvrkLOlQzNp65In0 HTTP/1.1" 200 1341
201.245.192.253 - - [21/Sep/2023:12:29:28 -0500] "GET /imagenes/rt_rdel.gif HTTP/1.1" 200 899
201.245.192.253 - - [21/Sep/2023:12:29:28 -0500] "GET /imagenes/rt_radd.gif HTTP/1.1" 200 907
201.245.192.253 - - [21/Sep/2023:12:29:28 -0500] "GET /imagenes/rt_save.gif HTTP/1.1" 200 903
201.245.192.253 - - [21/Sep/2023:12:29:28 -0500] "POST /forms/lservlet;jsessionid=ac16012b30d69d644c52ab7640e8a350f59243e0b584.e3iSbxaKaheRe34Pbx8Nc3aQci1ynknvrkLOlQzNp65In0 HTTP/1.1" 200 24
201.245.192.253 - - [21/Sep/2023:12:29:32 -0500] "POST /forms/lservlet;jsessionid=ac16012b30d69d644c52ab7640e8a350f59243e0b584.e3iSbxaKaheRe34Pbx8Nc3aQci1ynknvrkLOlQzNp65In0 HTTP/1.1" 200 2700
201.245.192.253 - - [21/Sep/2023:12:29:36 -0500] "POST /forms/lservlet;jsessionid=ac16012b30d69d644c52ab7640e8a350f59243e0b584.e3iSbxaKaheRe34Pbx8Nc3aQci1ynknvrkLOlQzNp65In0 HTTP/1.1" 200 1829
201.245.192.253 - - [21/Sep/2023:12:29:37 -0500] "POST /forms/lservlet;jsessionid=ac16012b30d69d644c52ab7640e8a350f59243e0b584.e3iSbxaKaheRe34Pbx8Nc3aQci1ynknvrkLOlQzNp65In0 HTTP/1.1" 200 24
216.244.66.195 - - [21/Sep/2023:12:29:40 -0500] "GET /BLA/resoluciones/AUTOS%202022/3507.pdf HTTP/1.1" 200 388373
201.245.192.253 - - [21/Sep/2023:12:29:41 -0500] "POST /forms/lservlet;jsessionid=ac16012b30d69d644c52ab7640e8a350f59243e0b584.e3iSbxaKaheRe34Pbx8Nc3aQci1ynknvrkLOlQzNp65In0 HTTP/1.1" 200 2144
201.245.192.253 - - [21/Sep/2023:12:29:42 -0500] "POST /forms/lservlet;jsessionid=ac16012b30d69d644c52ab7640e8a350f59243e0b584.e3iSbxaKaheRe34Pbx8Nc3aQci1ynknvrkLOlQzNp65In0 HTTP/1.1" 200 1320
201.245.192.253 - - [21/Sep/2023:12:29:43 -0500] "POST /forms/lservlet;jsessionid=ac16012b30d69d644c52ab7640e8a350f59243e0b584.e3iSbxaKaheRe34Pbx8Nc3aQci1ynknvrkLOlQzNp65In0 HTTP/1.1" 200 24
201.245.192.253 - - [21/Sep/2023:12:29:48 -0500] "POST /forms/lservlet;jsessionid=ac16012b30d69d644c52ab7640e8a350f59243e0b584.e3iSbxaKaheRe34Pbx8Nc3aQci1ynknvrkLOlQzNp65In0 HTTP/1.1" 200 2116
201.245.192.253 - - [21/Sep/2023:12:29:50 -0500] "POST /forms/lservlet;jsessionid=ac16012b30d69d644c52ab7640e8a350f59243e0b584.e3iSbxaKaheRe34Pbx8Nc3aQci1ynknvrkLOlQzNp65In0 HTTP/1.1" 200 1320
201.245.192.253 - - [21/Sep/2023:12:29:50 -0500] "POST /forms/lservlet;jsessionid=ac16012b30d69d644c52ab7640e8a350f59243e0b584.e3iSbxaKaheRe34Pbx8Nc3aQci1ynknvrkLOlQzNp65In0 HTTP/1.1" 200 24
201.245.192.253 - - [21/Sep/2023:12:29:54 -0500] "POST /forms/lservlet;jsessionid=ac16012b30d69d644c52ab7640e8a350f59243e0b584.e3iSbxaKaheRe34Pbx8Nc3aQci1ynknvrkLOlQzNp65In0 HTTP/1.1" 200 2441
201.245.192.253 - - [21/Sep/2023:12:29:55 -0500] "POST /forms/lservlet;jsessionid=ac16012b30d69d644c52ab7640e8a350f59243e0b584.e3iSbxaKaheRe34Pbx8Nc3aQci1ynknvrkLOlQzNp65In0 HTTP/1.1" 200 1806
201.245.192.253 - - [21/Sep/2023:12:29:56 -0500] "POST /forms/lservlet;jsessionid=ac16012b30d69d644c52ab7640e8a350f59243e0b584.e3iSbxaKaheRe34Pbx8Nc3aQci1ynknvrkLOlQzNp65In0 HTTP/1.1" 200 24
201.245.192.253 - - [21/Sep/2023:12:30:02 -0500] "POST /forms/lservlet;jsessionid=ac16012b30d69d644c52ab7640e8a350f59243e0b584.e3iSbxaKaheRe34Pbx8Nc3aQci1ynknvrkLOlQzNp65In0 HTTP/1.1" 200 2125
201.245.192.253 - - [21/Sep/2023:12:30:03 -0500] "POST /forms/lservlet;jsessionid=ac16012b30d69d644c52ab7640e8a350f59243e0b584.e3iSbxaKaheRe34Pbx8Nc3aQci1ynknvrkLOlQzNp65In0 HTTP/1.1" 200 1320
201.245.192.253 - - [21/Sep/2023:12:30:03 -0500] "POST /forms/lservlet;jsessionid=ac16012b30d69d644c52ab7640e8a350f59243e0b584.e3iSbxaKaheRe34Pbx8Nc3aQci1ynknvrkLOlQzNp65In0 HTTP/1.1" 200 24
216.244.66.195 - - [21/Sep/2023:12:30:10 -0500] "GET /BLA/resoluciones/AUTOS%202022/3660.pdf HTTP/1.1" 200 571272
201.245.192.253 - - [21/Sep/2023:12:30:11 -0500] "POST /forms/lservlet;jsessionid=ac16012b30d69d644c52ab7640e8a350f59243e0b584.e3iSbxaKaheRe34Pbx8Nc3aQci1ynknvrkLOlQzNp65In0 HTTP/1.1" 200 1954
201.245.192.253 - - [21/Sep/2023:12:30:12 -0500] "POST /forms/lservlet;jsessionid=ac16012b30d69d644c52ab7640e8a350f59243e0b584.e3iSbxaKaheRe34Pbx8Nc3aQci1ynknvrkLOlQzNp65In0 HTTP/1.1" 200 1320
201.245.192.253 - - [21/Sep/2023:12:30:12 -0500] "POST /forms/lservlet;jsessionid=ac16012b30d69d644c52ab7640e8a350f59243e0b584.e3iSbxaKaheRe34Pbx8Nc3aQci1ynknvrkLOlQzNp65In0 HTTP/1.1" 200 24
172.22.2.4 - - [21/Sep/2023:12:28:34 -0500] "HEAD /BLA/boletinlegal/ HTTP/1.1" 200 -
201.245.192.253 - - [21/Sep/2023:12:30:16 -0500] "POST /forms/lservlet;jsessionid=ac16012b30d69d644c52ab7640e8a350f59243e0b584.e3iSbxaKaheRe34Pbx8Nc3aQci1ynknvrkLOlQzNp65In0 HTTP/1.1" 200 2361
201.245.192.253 - - [21/Sep/2023:12:30:18 -0500] "POST /forms/lservlet;jsessionid=ac16012b30d69d644c52ab7640e8a350f59243e0b584.e3iSbxaKaheRe34Pbx8Nc3aQci1ynknvrkLOlQzNp65In0 HTTP/1.1" 200 1829
66.249.70.198 - - [21/Sep/2023:12:30:23 -0500] "GET /BLA/resoluciones/AUTOS%202014/0990.pdf HTTP/1.1" 200 292484
216.244.66.195 - - [21/Sep/2023:12:30:37 -0500] "GET /BLA/resoluciones/AUTOS%202022/3678.pdf HTTP/1.1" 200 860216
172.22.2.4 - - [21/Sep/2023:12:30:49 -0500] "GET /BLA/boletinlegal/js/jquery.js HTTP/1.1" 200 57254
172.22.2.4 - - [21/Sep/2023:12:30:49 -0500] "GET /BLA/boletinlegal/js/jquery.scrollTo-min.js HTTP/1.1" 200 1150
172.22.2.4 - - [21/Sep/2023:12:30:49 -0500] "GET /BLA/boletinlegal/js/jquery.scrollShow.js HTTP/1.1" 200 4586
172.22.2.4 - - [21/Sep/2023:12:30:49 -0500] "GET /BLA/boletinlegal/images/arr_l.jpg HTTP/1.1" 200 1979
172.22.2.4 - - [21/Sep/2023:12:30:49 -0500] "GET /BLA/boletinlegal/images/screen_1.png HTTP/1.1" 200 202547
172.22.2.4 - - [21/Sep/2023:12:30:49 -0500] "GET /BLA/boletinlegal/images/launch.jpg HTTP/1.1" 200 14577
216.245.221.92 - - [21/Sep/2023:12:30:51 -0500] "HEAD / HTTP/1.1" 200 -
172.22.2.4 - - [21/Sep/2023:12:30:54 -0500] "GET /BLA/boletinlegal/favicon.ico HTTP/1.1" 404 1140
172.22.2.4 - - [21/Sep/2023:12:30:54 -0500] "GET /BLA/boletinlegal/actos.php HTTP/1.1" 200 9682
191.108.6.180 - - [21/Sep/2023:12:30:55 -0500] "GET /BLA/resoluciones/ HTTP/1.1" 200 13696
191.108.6.180 - - [21/Sep/2023:12:30:58 -0500] "GET /BLA/resoluciones/index.php?dir=RESOLUCIONES+2007%2F HTTP/1.1" 200 37998
216.244.66.195 - - [21/Sep/2023:12:31:03 -0500] "GET /BLA/resoluciones/AUTOS%202022/3802.pdf HTTP/1.1" 200 429245
191.108.6.180 - - [21/Sep/2023:12:31:03 -0500] "GET /BLA/resoluciones/index.php?dir=RESOLUCIONES+2007%2FRES+2007+301+AL+400%2F HTTP/1.1" 200 26381
190.109.20.169 - - [21/Sep/2023:12:31:03 -0500] "GET /appsia/controlador HTTP/1.1" 200 4799
190.109.20.169 - - [21/Sep/2023:12:31:03 -0500] "GET /appsia/css/estilos.css HTTP/1.1" 200 4804
190.109.20.169 - - [21/Sep/2023:12:31:03 -0500] "GET /appsia/scripts/validarIngreso.js HTTP/1.1" 200 851
190.109.20.169 - - [21/Sep/2023:12:31:03 -0500] "GET /appsia/images/logo_bogota_p.png HTTP/1.1" 200 14951
190.109.20.169 - - [21/Sep/2023:12:31:03 -0500] "GET /appsia/images/cabezoteHojaVida.png HTTP/1.1" 200 32493
190.109.20.169 - - [21/Sep/2023:12:31:04 -0500] "GET /favicon.ico HTTP/1.1" 200 7782
172.22.2.4 - - [21/Sep/2023:12:29:25 -0500] "GET /BLA/boletinlegal/ HTTP/1.1" 200 56970
191.108.6.180 - - [21/Sep/2023:12:31:06 -0500] "GET /BLA/resoluciones/index.php?dir=RESOLUCIONES+2007%2FRES+2007+501+AL+600%2F HTTP/1.1" 200 26888
191.108.6.180 - - [21/Sep/2023:12:31:09 -0500] "GET /BLA/resoluciones/index.php?dir=RESOLUCIONES+2007%2FRES+2007+401+AL+500%2F HTTP/1.1" 200 26642
40.77.167.65 - - [21/Sep/2023:12:31:11 -0500] "GET /BLA/resoluciones/RESOLUCIONES%202023/0709.pdf HTTP/1.1" 200 391710
201.245.192.253 - - [21/Sep/2023:12:31:11 -0500] "POST /forms/lservlet;jsessionid=ac16012b30d69d644c52ab7640e8a350f59243e0b584.e3iSbxaKaheRe34Pbx8Nc3aQci1ynknvrkLOlQzNp65In0 HTTP/1.1" 200 2
191.108.6.180 - - [21/Sep/2023:12:31:15 -0500] "GET /BLA/resoluciones/RESOLUCIONES%202007/RES%202007%20401%20AL%20500/RESOLUCION%200451%20DE%202007.pdf HTTP/1.1" 200 759955
172.22.2.4 - - [21/Sep/2023:12:30:49 -0500] "GET /BLA/boletinlegal/ HTTP/1.1" 200 24523
216.244.66.195 - - [21/Sep/2023:12:31:27 -0500] "GET /BLA/resoluciones/AUTOS%202022/4397.pdf HTTP/1.1" 200 410488
191.108.6.180 - - [21/Sep/2023:12:31:30 -0500] "GET /BLA/resoluciones/RESOLUCIONES%202007/RES%202007%20401%20AL%20500/RESOLUCION%200461%20DE%202007.pdf HTTP/1.1" 200 2735937
201.245.192.253 - - [21/Sep/2023:12:31:39 -0500] "POST /kwsrmcab/Wsrmcab  HTTP/1.1" 200 41265
216.244.66.195 - - [21/Sep/2023:12:31:55 -0500] "GET /BLA/resoluciones/AUTOS%202022/4432.pdf HTTP/1.1" 200 2721762
181.53.12.61 - - [21/Sep/2023:12:31:55 -0500] "POST /sipse/faces/presentacion/financiero/solicitudProceso/listarSolicitudProceso.xhtml HTTP/1.1" 200 54048
181.53.12.61 - - [21/Sep/2023:12:31:55 -0500] "POST /sipse/faces/presentacion/financiero/solicitudProceso/listarSolicitudProceso.xhtml HTTP/1.1" 200 54060
181.53.12.61 - - [21/Sep/2023:12:31:55 -0500] "POST /sipse/faces/presentacion/financiero/solicitudProceso/listarSolicitudProceso.xhtml HTTP/1.1" 200 54048
181.53.12.61 - - [21/Sep/2023:12:31:56 -0500] "POST /sipse/faces/presentacion/financiero/solicitudProceso/listarSolicitudProceso.xhtml HTTP/1.1" 200 54060
181.53.12.61 - - [21/Sep/2023:12:31:56 -0500] "POST /sipse/faces/presentacion/financiero/solicitudProceso/listarSolicitudProceso.xhtml HTTP/1.1" 200 1588
181.53.12.61 - - [21/Sep/2023:12:31:56 -0500] "POST /sipse/faces/presentacion/financiero/solicitudProceso/listarSolicitudProceso.xhtml HTTP/1.1" 200 1600
181.53.12.61 - - [21/Sep/2023:12:31:56 -0500] "POST /sipse/faces/presentacion/financiero/solicitudProceso/listarSolicitudProceso.xhtml HTTP/1.1" 200 1588
181.53.12.61 - - [21/Sep/2023:12:31:56 -0500] "POST /sipse/faces/presentacion/financiero/solicitudProceso/listarSolicitudProceso.xhtml HTTP/1.1" 200 1596
181.53.12.61 - - [21/Sep/2023:12:31:58 -0500] "POST /sipse/faces/presentacion/financiero/solicitudProceso/listarSolicitudProceso.xhtml HTTP/1.1" 200 2241
191.108.24.51 - - [21/Sep/2023:12:31:59 -0500] "GET /BLA/resoluciones/RESOLUCIONES%202021/0611.pdf HTTP/1.1" 200 396210
181.53.12.61 - - [21/Sep/2023:12:31:59 -0500] "POST /sipse/faces/presentacion/financiero/solicitudProceso/listarSolicitudProceso.xhtml HTTP/1.1" 200 37820
181.53.12.61 - - [21/Sep/2023:12:32:00 -0500] "GET /sipse/faces/javax.faces.resource/theme.css?ln=primefaces-sipse HTTP/1.1" 304 -
181.53.12.61 - - [21/Sep/2023:12:32:00 -0500] "GET /sipse/faces/javax.faces.resource/layout/layout.css?ln=primefaces&v=4.0 HTTP/1.1" 304 -
181.53.12.61 - - [21/Sep/2023:12:32:00 -0500] "GET /sipse/faces/javax.faces.resource/jquery/jquery.js?ln=primefaces&v=4.0 HTTP/1.1" 304 -
181.53.12.61 - - [21/Sep/2023:12:32:00 -0500] "GET /sipse/faces/javax.faces.resource/primefaces.css?ln=primefaces&v=4.0 HTTP/1.1" 304 -
181.53.12.61 - - [21/Sep/2023:12:32:00 -0500] "GET /sipse/faces/javax.faces.resource/jquery/jquery-plugins.js?ln=primefaces&v=4.0 HTTP/1.1" 304 -
181.53.12.61 - - [21/Sep/2023:12:32:00 -0500] "GET /sipse/faces/javax.faces.resource/primefaces.js?ln=primefaces&v=4.0 HTTP/1.1" 304 -
181.53.12.61 - - [21/Sep/2023:12:32:00 -0500] "GET /sipse/faces/javax.faces.resource/layout/layout.js?ln=primefaces&v=4.0 HTTP/1.1" 304 -
181.53.12.61 - - [21/Sep/2023:12:32:00 -0500] "POST /sipse/faces/presentacion/financiero/solicitudProceso/consultar.xhtml HTTP/1.1" 200 31186
181.53.12.61 - - [21/Sep/2023:12:32:00 -0500] "POST /sipse/faces/presentacion/financiero/solicitudProceso/consultar.xhtml HTTP/1.1" 200 31186
181.53.12.61 - - [21/Sep/2023:12:32:00 -0500] "POST /sipse/faces/presentacion/financiero/solicitudProceso/consultar.xhtml HTTP/1.1" 200 31186
181.53.12.61 - - [21/Sep/2023:12:32:03 -0500] "POST /sipse/faces/presentacion/financiero/solicitudProceso/consultar.xhtml HTTP/1.1" 200 12848
181.53.12.61 - - [21/Sep/2023:12:32:07 -0500] "POST /sipse/faces/presentacion/financiero/solicitudProceso/consultar.xhtml HTTP/1.1" 200 130942
181.53.12.61 - - [21/Sep/2023:12:32:08 -0500] "GET /sipse/faces/javax.faces.resource/theme.css?ln=primefaces-sipse HTTP/1.1" 304 -
181.53.12.61 - - [21/Sep/2023:12:32:08 -0500] "GET /sipse/faces/javax.faces.resource/layout/layout.css?ln=primefaces&v=4.0 HTTP/1.1" 304 -
181.53.12.61 - - [21/Sep/2023:12:32:08 -0500] "GET /sipse/faces/javax.faces.resource/primefaces.css?ln=primefaces&v=4.0 HTTP/1.1" 304 -
181.53.12.61 - - [21/Sep/2023:12:32:08 -0500] "GET /sipse/faces/javax.faces.resource/jquery/jquery.js?ln=primefaces&v=4.0 HTTP/1.1" 304 -
181.53.12.61 - - [21/Sep/2023:12:32:08 -0500] "GET /sipse/faces/javax.faces.resource/jquery/jquery-plugins.js?ln=primefaces&v=4.0 HTTP/1.1" 304 -
181.53.12.61 - - [21/Sep/2023:12:32:08 -0500] "GET /sipse/faces/javax.faces.resource/primefaces.js?ln=primefaces&v=4.0 HTTP/1.1" 304 -
181.53.12.61 - - [21/Sep/2023:12:32:08 -0500] "GET /sipse/faces/javax.faces.resource/layout/layout.js?ln=primefaces&v=4.0 HTTP/1.1" 304 -
181.53.12.61 - - [21/Sep/2023:12:32:09 -0500] "GET /sipse/faces/javax.faces.resource/dynamiccontent.properties?ln=primefaces&pfdrid=XjOR5%2F%2FfPAZAuY9TpWQeCiM0BhlXxYRBGKi%2FQcXXfeA%3D&pfdrid_c=false HTTP/1.1" 500 383
172.22.2.4 - - [21/Sep/2023:12:32:21 -0500] "GET /BLA/boletinlegal/actos.php HTTP/1.1" 200 9682
172.22.2.4 - - [21/Sep/2023:12:32:38 -0500] "GET /BLA/boletinlegal/consulta_actos.php?tipo=resoluciones&no=3283&usuario=&sector=&fecha=2007&resuelve= HTTP/1.1" 200 626
216.244.66.195 - - [21/Sep/2023:12:32:45 -0500] "GET /BLA/resoluciones/AUTOS%202022/4436.pdf HTTP/1.1" 200 409367
181.53.12.61 - - [21/Sep/2023:12:32:44 -0500] "POST /sipse/faces/presentacion/financiero/solicitudProceso/consultarSolicitudProceso.xhtml HTTP/1.1" 200 35772
181.53.12.61 - - [21/Sep/2023:12:32:45 -0500] "GET /sipse/faces/javax.faces.resource/theme.css?ln=primefaces-sipse HTTP/1.1" 304 -
181.53.12.61 - - [21/Sep/2023:12:32:45 -0500] "GET /sipse/faces/javax.faces.resource/primefaces.css?ln=primefaces&v=4.0 HTTP/1.1" 304 -
181.53.12.61 - - [21/Sep/2023:12:32:45 -0500] "GET /sipse/faces/javax.faces.resource/layout/layout.css?ln=primefaces&v=4.0 HTTP/1.1" 304 -
181.53.12.61 - - [21/Sep/2023:12:32:45 -0500] "GET /sipse/faces/javax.faces.resource/jquery/jquery-plugins.js?ln=primefaces&v=4.0 HTTP/1.1" 304 -
181.53.12.61 - - [21/Sep/2023:12:32:45 -0500] "GET /sipse/faces/javax.faces.resource/jquery/jquery.js?ln=primefaces&v=4.0 HTTP/1.1" 304 -
181.53.12.61 - - [21/Sep/2023:12:32:45 -0500] "GET /sipse/faces/javax.faces.resource/layout/layout.js?ln=primefaces&v=4.0 HTTP/1.1" 304 -
181.53.12.61 - - [21/Sep/2023:12:32:45 -0500] "GET /sipse/faces/javax.faces.resource/primefaces.js?ln=primefaces&v=4.0 HTTP/1.1" 304 -
172.22.2.4 - - [21/Sep/2023:12:32:54 -0500] "GET /BLA/boletinlegal/consulta_actos.php?tipo=autos&no=3283&usuario=&sector=&fecha=2007&resuelve= HTTP/1.1" 200 626
172.22.2.4 - - [21/Sep/2023:12:32:58 -0500] "GET /BLA/boletinlegal/actos.php HTTP/1.1" 200 9682
186.102.9.183 - - [21/Sep/2023:12:33:09 -0500] "GET /kwssiamovil/sm/ldap/au?x=U2FsdGVkX1/9EDdZydANp5CPjLCjCLjgGRiL78jx8rHo2ADBEQT2i/8oL7OE0eWA&y=U2FsdGVkX19K37C54ZaDJ/2xg99BwO8lnHFpm10gJ7KK8vxKCj6FJJsuX9/7jyKe HTTP/1.1" 200 30
186.102.9.183 - - [21/Sep/2023:12:33:09 -0500] "GET /kwssiamovil/sm/acme/s?s=U2FsdGVkX1+/FW+BVXcyBKKy6tQRLR1x6bJmdcA+hny65FlKCabPt2EuMqz8SqTDADjCUUqxkGBcL2XsA31um0Qi64+CB25NJ0zvUX/xZmc=&u=U2FsdGVkX1/BqvBn+jyZJVr7dl2L9M/Lp2UoIPSOSS8jjczN1j7J2BHG4tznsIxX&y=U2FsdGVkX19K37C54ZaDJ/2xg99BwO8lnHFpm10gJ7KK8vxKCj6FJJsuX9/7jyKe HTTP/1.1" 200 97
186.102.9.183 - - [21/Sep/2023:12:33:09 -0500] "GET /kwssiamovil/sm/acme/s?s=U2FsdGVkX1/lgx6tFbw8it3ZyHn/3bFK9PMZQBSHCh5LAU4QH6aWL3P1j7Pn5xQA2tJf1fH2T0wTa1J9B0MtfP1B6aoN0k03eJdGbJtum7TP79/gVyI8qDaMb44+p3/pEByMi3NBZuP9pRtATMAknxaWF2XvBHPOmfwrMHJHDnLTFr4PGSmNsIbA3uFp0RvzO6YcoWnQViwCGiXW+xWNEBOMYGSscLmZ140GGldNueAG2/emWOetFTXZcVZa2Jz7qk6HsCdc5txq8IU7u/I+xmUOYEKNGWQH5G6XFcyzQiOQb4LYWIM7Q9Eokvgx8t9BiD+HzKsRWe5dqBqVlM56wUVeQAuYvOS7ioGf9ebfrkOGdZCi6aqc8izalyy+Ku0Ffywpi/E+lsvW15ZzJlHLBSrULMg3/EH4V+BjY8cWv8Rcc+6KEE52K/rHLo9MtVYT9TkNwbodrLtmT7Ep5TXw6+5+nA7JgrZVmBYk/YWcbSrFeNXTye5m38N03BxTAGvjN2zma4HON8bsz7OhXUkygo4B8ifWZYq9pAxmxE0B6MhIv0Mxti8Q2g3F0hjNpqylmWtfjv2pK8I8wOql3x9dgU3WIsnIl3vbdgKGjfolcGqwOXjl9Hlqz4+9Kw6ngv23veiXrHrDtawe/oQ6lVXpAUj08L8KCGnRyDagyftDRRag9VlTFXxc0NydLsfh2j3Q6GVhVgsYc/SQbwiyFJuwTZQAs8nra56JCIA1aCJ7RePQojjdKW8X5ycenFYrJOIHyAYmj7fTphfx1oy0O0QemWz/UYL2F2V0eEpc4Kh7ms3LfdIBuq2iLQf+2kqr1XQuU5KBTkQoZbfVUHmvTfAgQk075DFquGCldtQ9L5I8jSSB8hD6njCU13NXUYXCPODv9Gn+YrvnXpPqAQlwmFRtGVkqr7MwkvDwkN5NERpfftHIqrvmmB8FvRFEbz8+BHYLPX8uyeuHZoxvTaTprnBrcSzuhvs+mi76bjNKbqoTgeHeupGtFpj+KFjYUL6yTI9WFZ701RBvTRLFsxC3DaLKwF3Kfjc74KMpRa2YmJ27CmPOBkhKdvDYQVbIwyVyYQn3UtWWrXuVXxQFl3uE5h/RtNWjeUTjTxIYAljObYu23CwToWbN8VShCPFsrlnbOCUOKBLq9upCTOt9YfRBo+MUMEeMZyUSZxGIhxD5kSN824lD7DY0SJwdrAvNfsLD+BHkR+yypdcywqSMTirDO8B3HCbHUGW/EwmKwEQnhEKrdq/PL2S9WIOgDI3e8LDp9LUe0r+kLR+hr590dyH/jDdrOfH4BCtfuT3mVeyhP07LasZtpOOljRwMTzZTTaSlmFfpRtUlMntf7t9aaWcRPDuRzoW4INnyNtW3juSmmiejNVP9x4ZqVlN4PhWmqEnJejaaOHixidI3S4tn9WrAGVu55527MPWz05YkHD9pxJBZV3NBcnzQZGrjDElsRgTVO3aiOS0QmwmAbmEj+aoZHPmYP0quH9+mO77w4mvCPh8CmzNIoqrd3dAP7TzXptYpZsz26esvGrL3PDQoRBLrIKzUoXRotppjULUVXpohhf27ct85nT7pqghOAQ+5dyjp5MCkidgL0B12btKEdOlG48hj+VIZPJhwHJSeun7aCzLFEI8155V8qofuO/DvjKYvlD23rUADrx3s1QDOLra4p72nqOKbj1io/Kz+gQSpdenioTsRTAd05JW1NoSnSXSY4fx5mXYnRWVa3ESIkYFlR2gcqg6ZZZmU6x77E3HtApz4n6SB8kndFufp1vJeYx4anLh6&u=U2FsdGVkX1/BqvBn+jyZJVr7dl2L9M/Lp2UoIPSOSS8jjczN1j7J2BHG4tznsIxX&y=U2FsdGVkX19K37C54ZaDJ/2xg99BwO8lnHFpm10gJ7KK8vxKCj6FJJsuX9/7jyKe HTTP/1.1" 200 897
186.102.9.183 - - [21/Sep/2023:12:33:09 -0500] "GET /kwssiamovil/sm/acme/s?s=U2FsdGVkX19YBhnqW66qfmbqXHJcjHauWDtg41fuNHwH8MeNwbQLHrmfMkKINvsMwiUGt0NqbWC2tpfOjSxVam/b9sEEAxIQ93ejIEpV5P1dbvo2SiBDXk1mAtkXzs/EVxb4+RyTHWxcT1E7tzkGgA==&u=U2FsdGVkX1/BqvBn+jyZJVr7dl2L9M/Lp2UoIPSOSS8jjczN1j7J2BHG4tznsIxX&y=U2FsdGVkX19K37C54ZaDJ/2xg99BwO8lnHFpm10gJ7KK8vxKCj6FJJsuX9/7jyKe HTTP/1.1" 200 92
186.102.9.183 - - [21/Sep/2023:12:33:10 -0500] "GET /kwssiamovil/sm/acme/s?s=U2FsdGVkX1+Q/i/RXqkv9E32sVLNDG959DPFpe3ayx4ChlrM+6DFvMlomtI0bYljp8dUTaw/IexS656WwgmBCsndaTJeXgfmSH24VZD01o6gNPRogF7hHiGgG3LqotYP6xjv623/MZxwSX8DJk9zAYEdcpJ04Kh2+aep3p8Jmvibot0KZ0OwKO2hLmQAjBCo2HtOAnQ02PTsmNCgkxdhWGAgF8RqFGUrCjvBKMUUXWCFVdJMtRAQP9kHHrvIjlg6KjBIdJq+Y0nb/2hm18mxeJSx5wtgn++nD3zDYfLeTn1y/LUs3YLTJGfeW3Nrnb6aqd5Zp7qX1lkk22+3v8LrEqTrkSLhCxiBFijSFyfGjzREXncfZdf4/T7ztYEGYZIx3WJoQidt30eZdW/UryUr5NeXJ3D+BzmGg2UXUpWLfyZoqcij/5VpyGeV/zo9RDyKS9HG7XkfV5PlAtnuj6l+EnAqfeK7zXuZuHk+CFJ2SpzJQAQrHc8d5aaELwIrB+7dWSnGHDWQU8N+Tr6Fedu+wg4l1jO08v6Sk0qq2M6c++HA2TFiPd+BhuYehu2JucmapLHuNmhcwrQaZiBhBfIS5Csbk2SVR2f2RHLZTmeCxtUJCXVLEYGLoLHxGWP2t4ht15XXGBAO7YAhgPAUmx7GsP3pz0iKauiRhWjc2w/80DSmE1OiKYkHgzc+/7gQnSNJnRjgCeaqLL8falTYPgQpZ/6twRuEEeTqL+5LmlmX8Nu5HeRiaV0vWFGfFVvxzxLwj63TsdOCQ7LIFRAzPSv0TA==&u=U2FsdGVkX1/BqvBn+jyZJVr7dl2L9M/Lp2UoIPSOSS8jjczN1j7J2BHG4tznsIxX&y=U2FsdGVkX19K37C54ZaDJ/2xg99BwO8lnHFpm10gJ7KK8vxKCj6FJJsuX9/7jyKe HTTP/1.1" 200 1095
172.22.2.4 - - [21/Sep/2023:12:33:09 -0500] "GET /BLA/boletinlegal/consulta_actos.php?tipo=autos&no=3283&usuario=&sector=&fecha=2007&resuelve= HTTP/1.1" 200 626
186.102.9.183 - - [21/Sep/2023:12:33:10 -0500] "GET /kwssiamovil/sm/cjson/pre?f=17&x=U2FsdGVkX1/9EDdZydANp5CPjLCjCLjgGRiL78jx8rHo2ADBEQT2i/8oL7OE0eWA HTTP/1.1" 200 12747
181.53.12.61 - - [21/Sep/2023:12:33:10 -0500] "POST /sipse/faces/presentacion/financiero/solicitudProceso/consultarHistorialSolProceso.xhtml HTTP/1.1" 200 40893
181.53.12.61 - - [21/Sep/2023:12:33:10 -0500] "GET /sipse/faces/javax.faces.resource/theme.css?ln=primefaces-sipse HTTP/1.1" 304 -
181.53.12.61 - - [21/Sep/2023:12:33:10 -0500] "GET /sipse/faces/javax.faces.resource/jquery/jquery.js?ln=primefaces&v=4.0 HTTP/1.1" 304 -
181.53.12.61 - - [21/Sep/2023:12:33:10 -0500] "GET /sipse/faces/javax.faces.resource/primefaces.css?ln=primefaces&v=4.0 HTTP/1.1" 304 -
181.53.12.61 - - [21/Sep/2023:12:33:10 -0500] "GET /sipse/faces/javax.faces.resource/layout/layout.css?ln=primefaces&v=4.0 HTTP/1.1" 304 -
181.53.12.61 - - [21/Sep/2023:12:33:10 -0500] "GET /sipse/faces/javax.faces.resource/jquery/jquery-plugins.js?ln=primefaces&v=4.0 HTTP/1.1" 304 -
181.53.12.61 - - [21/Sep/2023:12:33:10 -0500] "GET /sipse/faces/javax.faces.resource/primefaces.js?ln=primefaces&v=4.0 HTTP/1.1" 304 -
181.53.12.61 - - [21/Sep/2023:12:33:10 -0500] "GET /sipse/faces/javax.faces.resource/layout/layout.js?ln=primefaces&v=4.0 HTTP/1.1" 304 -
186.102.9.183 - - [21/Sep/2023:12:33:10 -0500] "GET /kwssiamovil/sm/cjson/pre?f=6&x=U2FsdGVkX1/9EDdZydANp5CPjLCjCLjgGRiL78jx8rHo2ADBEQT2i/8oL7OE0eWA HTTP/1.1" 200 34953
201.245.192.253 - - [21/Sep/2023:12:33:11 -0500] "POST /forms/lservlet;jsessionid=ac16012b30d69d644c52ab7640e8a350f59243e0b584.e3iSbxaKaheRe34Pbx8Nc3aQci1ynknvrkLOlQzNp65In0 HTTP/1.1" 200 2
186.102.9.183 - - [21/Sep/2023:12:33:10 -0500] "GET /kwssiamovil/sm/cjson/pre?f=8&x=U2FsdGVkX1/9EDdZydANp5CPjLCjCLjgGRiL78jx8rHo2ADBEQT2i/8oL7OE0eWA HTTP/1.1" 200 36010
186.102.9.183 - - [21/Sep/2023:12:33:10 -0500] "GET /kwssiamovil/sm/cjson/pre?f=4&x=U2FsdGVkX1/9EDdZydANp5CPjLCjCLjgGRiL78jx8rHo2ADBEQT2i/8oL7OE0eWA HTTP/1.1" 200 33589
186.102.9.183 - - [21/Sep/2023:12:33:10 -0500] "GET /kwssiamovil/sm/cjson/pre?f=7&x=U2FsdGVkX1/9EDdZydANp5CPjLCjCLjgGRiL78jx8rHo2ADBEQT2i/8oL7OE0eWA HTTP/1.1" 200 93332
186.102.9.183 - - [21/Sep/2023:12:33:10 -0500] "GET /kwssiamovil/sm/cjson/pre?f=3&x=U2FsdGVkX1/9EDdZydANp5CPjLCjCLjgGRiL78jx8rHo2ADBEQT2i/8oL7OE0eWA HTTP/1.1" 200 94843
186.102.9.183 - - [21/Sep/2023:12:33:10 -0500] "GET /kwssiamovil/sm/cjson/pre?f=5&x=U2FsdGVkX1/9EDdZydANp5CPjLCjCLjgGRiL78jx8rHo2ADBEQT2i/8oL7OE0eWA HTTP/1.1" 200 96431
181.53.12.61 - - [21/Sep/2023:12:33:14 -0500] "POST /sipse/faces/presentacion/financiero/solicitudProceso/consultar.xhtml HTTP/1.1" 200 12903
181.53.12.61 - - [21/Sep/2023:12:33:16 -0500] "POST /sipse/faces/presentacion/financiero/solicitudProceso/consultar.xhtml HTTP/1.1" 200 12915
186.29.229.205 - - [21/Sep/2023:12:33:17 -0500] "GET /kwssiamovil/sm/ldap/au?x=U2FsdGVkX1+myp8xmmP2zpM9j9NGcJkQ22YNmvrF3mnUDpL5+XOK+RevWwjgM01U&y=U2FsdGVkX198t7pjRVyN1bKnrqHRy1bVbD6LLTpzAynMBsYoJ0JnmMFRdYOg+SHl HTTP/1.1" 200 30
186.29.229.205 - - [21/Sep/2023:12:33:17 -0500] "GET /kwssiamovil/sm/acme/s?s=U2FsdGVkX1//te8uFYGPcWMFersdJ41uo/FYERkVtzLt4Cio7g/aO1vWfq65DX5zygZ9lrQteIL89Y74wPeb31RCvY5Zos0kO278S1JGEGo=&u=U2FsdGVkX18lekpuGgdh1wgzBO07EE/goAbNXDGsAfYPdXtrrECj4TUw6mTxi2UI&y=U2FsdGVkX198t7pjRVyN1bKnrqHRy1bVbD6LLTpzAynMBsYoJ0JnmMFRdYOg+SHl HTTP/1.1" 200 97
186.29.229.205 - - [21/Sep/2023:12:33:17 -0500] "GET /kwssiamovil/sm/acme/s?s=U2FsdGVkX18DW8+utUHAb8EZjlQhDnh/J3wjSU5TuU8j6iIVySGiCRgwIlUTmMkk2KI/wBeemAb8I90GFBnhNADFGWri+GV0DUSveaCX7lcIWuHQGNFMOVUR7xmFZ7sd3nXeH/FAtbyfJQF1JQNxtXdlEAvzPz/tSc+e7X50UVEgqQv4hhjyC/x5SfX0kFYB5JDfuqf2znzyIWWs9c0T+C3mwu9kCZxoAO+felGnScDw185fmmGK8O0nDnVsmZIFT9d8NpSdu5wu9F+OX4LaQf/Rp8YdScfgvLW3nkv8mtILDHJAtHNCNQ77qjRNHSfBtWUgYf0Kz7gYKMmxpF4v5mo8rykbsNA8xpe7r5QVKiJ5q56u2rHd2SDJDSfqEKh43eUBVCfLnicl5NHQe8sNmfec0o9b+AK5QF2hzXATQsNKIiLw4KcZPN4rLsIU646i5NT/uv/bLzgvmwlFzGsLsbt2O1erS3n5J7+4KkOP9AzhiKKxveXr+FzYmsyhgqXtErBGauCuQBjXF2PR9UG0tNZYS1oTaJrlP+6/2jyRNMLDNP2Tqczq+bM7ou6Y8ICcGKMKwB0BPS7baqkJ5wbTL8yKRwVOvNEzgYgfaH378guGxNOAExrAbbQsb4ZmjvDN6Mj3XLS0fXcotqvb/4s1lQcWkqIJq3pZVfFnKZ3Tt1/d8Ul4GVpMYW5tO4x2HT+FDOnAC3P8kg5vBMzqk4pDgoJSLdMLS5O1SYSznp1Y3GYmP5dlQoD1u1SHpBiwJfarZuShjOnWPzqZFcI7lSaKCksvXhLg8z25d9kM0Tr3iru1U9Rgm6mqin32teC9ZKScPoFoDpg77QZ1uNAtW2bsqTK2chqejfxRHre9M5P1ZfaEp3Tsv3Q5eqeIJjaC5GZzCOJ+tzxug7kKKYQgpkQi3gV23MbWH/cqlyI95tzxEvmgWh6nbZ29c4snHEpeSe431eVMUWj5ZJYSE1zKQSX2+2xE2sUWbCMD07j7fnuoCMV1bh8lNmakjDYVPwl2gw3vsJk9FSIvLOlNbk1QrdLKUNrdLGm4mnWQF4ryF6+4gLmuDpCBzGNOxQ7z27YRjTPjFdlGlRAiO3GGCdEMZZeKCyczJXmWxtkxgtcdTEyztievb+lWmQ7lEYRJhfsgiasqZf6O3FB+8NIko3BHSjmfj49/Usx8a69JvXXrwhsX32qnoxkhvJQrFtZ9eGwfF/8BeUQrAjZoGn6MJWyPYlytb2sX7SYcZ88gce581t9kDgqf9Nzsb48vPy0Ip4Jw3BWx1spzilFIvtciAju6qDXv6YILiSFOEDMAognusAL1hrOj/qedYUx8ndGVJ+D8i7uRIFnp4KC5FC9f0D3h+YmfsIi1vQv4R46Q/ncxvVk9H3m6U7uxaZQMqvBeTuvlMJOQDsW2qkpWhovgZx0IuuTsj5UPs4YShv8HFhlYPKrRyK4p2kpWt2dTkv63Lrw9M3zeJEjwUx1DMCqDhuwu3rJLtXDJt0W2D1zCd3nwJ9lxA6Fi0RdLHNGs2GcpSAK/Zwg5P3w2ETtAowKP9BG8G3Ij+ulCopIHkQjiX8K1mus0QvKBOZrGyPfOztfrdnV96Nb3rtKNKpfiBcWelbEYGEPlcKIuEr4wbUoEYBV4yi5YHKNhMzNKnyfR8NTosurNhrQYe3NoQmtviMGgClU6f0uuUExDk0mQfBXeTiSHX+k/yw0d4Vi2xHEF88OroJikcdg7XOHIlpmmC8s9y4/CpOb0DUXpPMV2jrAKKOHDBfhxZJfNtma4eeaCPtGpdY8/wKdd&u=U2FsdGVkX18lekpuGgdh1wgzBO07EE/goAbNXDGsAfYPdXtrrECj4TUw6mTxi2UI&y=U2FsdGVkX198t7pjRVyN1bKnrqHRy1bVbD6LLTpzAynMBsYoJ0JnmMFRdYOg+SHl HTTP/1.1" 200 1914
186.29.229.205 - - [21/Sep/2023:12:33:17 -0500] "GET /kwssiamovil/sm/acme/s?s=U2FsdGVkX1/Z4tn8/2/lAO9FooXte6Ngn8qbyFItx/xSAkPzJLhNIQa9HdZAuXXQAGmRsvMf6+3z7U8YcI64+yVf8QsyvmC1OO+uLOdVDZIomFkrR+Yq7j2IMr6WtZ7gaKi3nzCFzfSYpfsSQ0K2Pj6RDmTupaSM1upIYxVAPSNu/9qBWMmN3Nfo0Thrd8qltncKsj676vz87MkYgGhAi1yeUNSy6n+4NsnV1jSffnDcu0CZXStfCFH2HCxMtp7OidDfDFQPOJ9ekpeQRwAiu+HllLJ9HfDmAJ1W1+zRUCa0jnJLqymCoGpB8k8fsci03wuIz5ze8vhnvCvgN1FxyIWGhV6/Xm28UozwIZmBE8lyxkIcpyJR6gm0Jj3c7ggPjT1Qy/A54r69AVvyP3+LYkvnNfcUEv6+9zOcC1EsU/VZYCARVR0H4dKpUgUdHSglcPwx2CC4L6G/PLaAaEkiS2BmzCtEjigeICwUS6atmD+HKCxaDPyT8S/b4lDOvt5rAYZVRdKuPR1tEKjpgfG8rVQ5V7OsAehfplTlXmtRGGoE19HbDweepHOodFUNON0LXJpDsX0Z8Nx1yQRWSFCfHRovCh+jz9HvJCOUVmmC5w+7hm4CdHJQB9/gBfoWxuWfNwvphEGOQ4BLmETikT5wf9++Mkd9bVwv+pQphL1RsiU+m0EFBVZiY/wQ8KF33McqI2AFsgDOZHTYmrIBv0z1sQqqg3LTglxprz02YvG1aL8itToug6dKk+duYQIhCiB8jKhBhvip/5Ez4KMR9sBSHw==&u=U2FsdGVkX18lekpuGgdh1wgzBO07EE/goAbNXDGsAfYPdXtrrECj4TUw6mTxi2UI&y=U2FsdGVkX198t7pjRVyN1bKnrqHRy1bVbD6LLTpzAynMBsYoJ0JnmMFRdYOg+SHl HTTP/1.1" 200 354
186.29.229.205 - - [21/Sep/2023:12:33:17 -0500] "GET /kwssiamovil/sm/cjson/pre?f=1&x=U2FsdGVkX1+myp8xmmP2zpM9j9NGcJkQ22YNmvrF3mnUDpL5+XOK+RevWwjgM01U HTTP/1.1" 200 31032
186.29.229.205 - - [21/Sep/2023:12:33:17 -0500] "GET /kwssiamovil/sm/cjson/pre?f=18&x=U2FsdGVkX1+myp8xmmP2zpM9j9NGcJkQ22YNmvrF3mnUDpL5+XOK+RevWwjgM01U HTTP/1.1" 200 32849
216.244.66.195 - - [21/Sep/2023:12:33:21 -0500] "GET /BLA/resoluciones/AUTOS%202022/4713.pdf HTTP/1.1" 200 457335
191.108.24.51 - - [21/Sep/2023:12:33:23 -0500] "GET /BLA/resoluciones/RESOLUCIONES%202021/0265.pdf HTTP/1.1" 200 379164
181.53.12.61 - - [21/Sep/2023:12:33:23 -0500] "POST /sipse/faces/presentacion/financiero/solicitudProceso/consultar.xhtml HTTP/1.1" 200 104324
181.53.12.61 - - [21/Sep/2023:12:33:24 -0500] "GET /sipse/faces/javax.faces.resource/primefaces.css?ln=primefaces&v=4.0 HTTP/1.1" 304 -
181.53.12.61 - - [21/Sep/2023:12:33:24 -0500] "GET /sipse/faces/javax.faces.resource/theme.css?ln=primefaces-sipse HTTP/1.1" 304 -
181.53.12.61 - - [21/Sep/2023:12:33:24 -0500] "GET /sipse/faces/javax.faces.resource/layout/layout.css?ln=primefaces&v=4.0 HTTP/1.1" 304 -
181.53.12.61 - - [21/Sep/2023:12:33:24 -0500] "GET /sipse/faces/javax.faces.resource/jquery/jquery.js?ln=primefaces&v=4.0 HTTP/1.1" 304 -
181.53.12.61 - - [21/Sep/2023:12:33:24 -0500] "GET /sipse/faces/javax.faces.resource/jquery/jquery-plugins.js?ln=primefaces&v=4.0 HTTP/1.1" 304 -
181.53.12.61 - - [21/Sep/2023:12:33:24 -0500] "GET /sipse/faces/javax.faces.resource/primefaces.js?ln=primefaces&v=4.0 HTTP/1.1" 304 -
181.53.12.61 - - [21/Sep/2023:12:33:24 -0500] "GET /sipse/faces/javax.faces.resource/layout/layout.js?ln=primefaces&v=4.0 HTTP/1.1" 304 -
181.53.12.61 - - [21/Sep/2023:12:33:24 -0500] "GET /sipse/faces/javax.faces.resource/dynamiccontent.properties?ln=primefaces&pfdrid=XjOR5%2F%2FfPAZAuY9TpWQeCiM0BhlXxYRBGKi%2FQcXXfeA%3D&pfdrid_c=false HTTP/1.1" 500 383
181.53.12.61 - - [21/Sep/2023:12:33:29 -0500] "GET /sipse/faces/javax.faces.resource/theme.css?ln=primefaces-sipse HTTP/1.1" 304 -
181.53.12.61 - - [21/Sep/2023:12:33:29 -0500] "GET /sipse/faces/javax.faces.resource/primefaces.css?ln=primefaces&v=4.0 HTTP/1.1" 304 -
181.53.12.61 - - [21/Sep/2023:12:33:28 -0500] "POST /sipse/faces/presentacion/financiero/solicitudProceso/consultarSolicitudProceso.xhtml HTTP/1.1" 200 26843
181.53.12.61 - - [21/Sep/2023:12:33:29 -0500] "GET /sipse/faces/javax.faces.resource/jquery/jquery.js?ln=primefaces&v=4.0 HTTP/1.1" 304 -
181.53.12.61 - - [21/Sep/2023:12:33:29 -0500] "GET /sipse/faces/javax.faces.resource/layout/layout.css?ln=primefaces&v=4.0 HTTP/1.1" 304 -
181.53.12.61 - - [21/Sep/2023:12:33:29 -0500] "GET /sipse/faces/javax.faces.resource/layout/layout.js?ln=primefaces&v=4.0 HTTP/1.1" 304 -
181.53.12.61 - - [21/Sep/2023:12:33:29 -0500] "GET /sipse/faces/javax.faces.resource/jquery/jquery-plugins.js?ln=primefaces&v=4.0 HTTP/1.1" 304 -
181.53.12.61 - - [21/Sep/2023:12:33:29 -0500] "GET /sipse/faces/javax.faces.resource/primefaces.js?ln=primefaces&v=4.0 HTTP/1.1" 304 -
181.53.12.61 - - [21/Sep/2023:12:33:43 -0500] "POST /sipse/faces/presentacion/financiero/solicitudProceso/consultarHistorialSolProceso.xhtml HTTP/1.1" 200 17246
181.53.12.61 - - [21/Sep/2023:12:33:45 -0500] "POST /sipse/faces/presentacion/financiero/solicitudProceso/consultarHistorialSolProceso.xhtml HTTP/1.1" 200 2123
181.53.12.61 - - [21/Sep/2023:12:33:46 -0500] "POST /sipse/faces/presentacion/financiero/solicitudProceso/consultarHistorialSolProceso.xhtml HTTP/1.1" 200 61226
181.53.12.61 - - [21/Sep/2023:12:33:46 -0500] "GET /sipse/faces/javax.faces.resource/theme.css?ln=primefaces-sipse HTTP/1.1" 304 -
181.53.12.61 - - [21/Sep/2023:12:33:46 -0500] "GET /sipse/faces/javax.faces.resource/layout/layout.css?ln=primefaces&v=4.0 HTTP/1.1" 304 -
181.53.12.61 - - [21/Sep/2023:12:33:46 -0500] "GET /sipse/faces/javax.faces.resource/primefaces.css?ln=primefaces&v=4.0 HTTP/1.1" 304 -
181.53.12.61 - - [21/Sep/2023:12:33:46 -0500] "GET /sipse/faces/javax.faces.resource/jquery/jquery.js?ln=primefaces&v=4.0 HTTP/1.1" 304 -
181.53.12.61 - - [21/Sep/2023:12:33:46 -0500] "GET /sipse/faces/javax.faces.resource/jquery/jquery-plugins.js?ln=primefaces&v=4.0 HTTP/1.1" 304 -
181.53.12.61 - - [21/Sep/2023:12:33:46 -0500] "GET /sipse/faces/javax.faces.resource/primefaces.js?ln=primefaces&v=4.0 HTTP/1.1" 304 -
181.53.12.61 - - [21/Sep/2023:12:33:46 -0500] "GET /sipse/faces/javax.faces.resource/layout/layout.js?ln=primefaces&v=4.0 HTTP/1.1" 304 -
181.53.12.61 - - [21/Sep/2023:12:33:47 -0500] "POST /sipse/faces/presentacion/financiero/solicitudProceso/listarSolicitudProceso.xhtml HTTP/1.1" 200 1552
216.244.66.195 - - [21/Sep/2023:12:33:51 -0500] "GET /BLA/resoluciones/AUTOS%202023/0467.pdf HTTP/1.1" 200 463220
66.249.70.196 - - [21/Sep/2023:12:33:51 -0500] "GET /Residuos/textiles/files/guia_textiles.pdf HTTP/1.1" 200 12356716
181.53.12.61 - - [21/Sep/2023:12:33:55 -0500] "POST /sipse/faces/presentacion/financiero/solicitudProceso/listarSolicitudProceso.xhtml HTTP/1.1" 200 124653
181.53.12.61 - - [21/Sep/2023:12:33:55 -0500] "GET /sipse/faces/javax.faces.resource/theme.css?ln=primefaces-sipse HTTP/1.1" 304 -
181.53.12.61 - - [21/Sep/2023:12:33:55 -0500] "GET /sipse/faces/javax.faces.resource/primefaces.css?ln=primefaces&v=4.0 HTTP/1.1" 304 -
181.53.12.61 - - [21/Sep/2023:12:33:55 -0500] "GET /sipse/faces/javax.faces.resource/layout/layout.css?ln=primefaces&v=4.0 HTTP/1.1" 304 -
181.53.12.61 - - [21/Sep/2023:12:33:56 -0500] "GET /sipse/faces/javax.faces.resource/jquery/jquery.js?ln=primefaces&v=4.0 HTTP/1.1" 304 -
181.53.12.61 - - [21/Sep/2023:12:33:56 -0500] "GET /sipse/faces/javax.faces.resource/jquery/jquery-plugins.js?ln=primefaces&v=4.0 HTTP/1.1" 304 -
181.53.12.61 - - [21/Sep/2023:12:33:56 -0500] "GET /sipse/faces/javax.faces.resource/primefaces.js?ln=primefaces&v=4.0 HTTP/1.1" 304 -
181.53.12.61 - - [21/Sep/2023:12:33:56 -0500] "GET /sipse/faces/javax.faces.resource/layout/layout.js?ln=primefaces&v=4.0 HTTP/1.1" 304 -
181.53.12.61 - - [21/Sep/2023:12:33:56 -0500] "GET /sipse/faces/javax.faces.resource/dynamiccontent.properties?ln=primefaces&pfdrid=XjOR5%2F%2FfPAZAuY9TpWQeCiM0BhlXxYRBGKi%2FQcXXfeA%3D&pfdrid_c=false HTTP/1.1" 500 383
191.108.24.51 - - [21/Sep/2023:12:34:00 -0500] "GET /BLA/resoluciones/RESOLUCIONES%202021/0262.pdf HTTP/1.1" 200 334948
172.22.2.4 - - [21/Sep/2023:12:32:21 -0500] "GET /BLA/boletinlegal/ HTTP/1.1" 200 62286
216.244.66.195 - - [21/Sep/2023:12:34:20 -0500] "GET /BLA/resoluciones/AUTOS%202023/0474.pdf HTTP/1.1" 200 463416
181.53.12.61 - - [21/Sep/2023:12:34:20 -0500] "POST /sipse/faces/presentacion/financiero/solicitudProceso/consultarSolicitudProceso.xhtml HTTP/1.1" 200 61384
181.53.12.61 - - [21/Sep/2023:12:34:22 -0500] "GET /sipse/faces/javax.faces.resource/theme.css?ln=primefaces-sipse HTTP/1.1" 304 -
181.53.12.61 - - [21/Sep/2023:12:34:22 -0500] "GET /sipse/faces/javax.faces.resource/jquery/jquery.js?ln=primefaces&v=4.0 HTTP/1.1" 304 -
181.53.12.61 - - [21/Sep/2023:12:34:22 -0500] "GET /sipse/faces/javax.faces.resource/layout/layout.css?ln=primefaces&v=4.0 HTTP/1.1" 304 -
181.53.12.61 - - [21/Sep/2023:12:34:22 -0500] "GET /sipse/faces/javax.faces.resource/primefaces.css?ln=primefaces&v=4.0 HTTP/1.1" 304 -
181.53.12.61 - - [21/Sep/2023:12:34:22 -0500] "GET /sipse/faces/javax.faces.resource/jquery/jquery-plugins.js?ln=primefaces&v=4.0 HTTP/1.1" 304 -
181.53.12.61 - - [21/Sep/2023:12:34:22 -0500] "GET /sipse/faces/javax.faces.resource/primefaces.js?ln=primefaces&v=4.0 HTTP/1.1" 304 -
181.53.12.61 - - [21/Sep/2023:12:34:22 -0500] "GET /sipse/faces/javax.faces.resource/layout/layout.js?ln=primefaces&v=4.0 HTTP/1.1" 304 -
181.53.12.61 - - [21/Sep/2023:12:34:22 -0500] "GET /sipse/faces/javax.faces.resource/messages/messages.png?ln=primefaces&v=4.0 HTTP/1.1" 304 -
181.53.12.61 - - [21/Sep/2023:12:34:22 -0500] "POST /sipse/faces/presentacion/financiero/solicitudProceso/listarSolicitudProceso.xhtml HTTP/1.1" 200 1552
181.53.12.61 - - [21/Sep/2023:12:34:27 -0500] "POST /sipse/faces/presentacion/financiero/solicitudProceso/listarSolicitudProceso.xhtml HTTP/1.1" 200 104997
181.53.12.61 - - [21/Sep/2023:12:34:28 -0500] "GET /sipse/faces/javax.faces.resource/theme.css?ln=primefaces-sipse HTTP/1.1" 304 -
181.53.12.61 - - [21/Sep/2023:12:34:28 -0500] "GET /sipse/faces/javax.faces.resource/primefaces.css?ln=primefaces&v=4.0 HTTP/1.1" 304 -
181.53.12.61 - - [21/Sep/2023:12:34:28 -0500] "GET /sipse/faces/javax.faces.resource/layout/layout.css?ln=primefaces&v=4.0 HTTP/1.1" 304 -
181.53.12.61 - - [21/Sep/2023:12:34:28 -0500] "GET /sipse/faces/javax.faces.resource/jquery/jquery.js?ln=primefaces&v=4.0 HTTP/1.1" 304 -
181.53.12.61 - - [21/Sep/2023:12:34:28 -0500] "GET /sipse/faces/javax.faces.resource/jquery/jquery-plugins.js?ln=primefaces&v=4.0 HTTP/1.1" 304 -
181.53.12.61 - - [21/Sep/2023:12:34:28 -0500] "GET /sipse/faces/javax.faces.resource/primefaces.js?ln=primefaces&v=4.0 HTTP/1.1" 304 -
181.53.12.61 - - [21/Sep/2023:12:34:28 -0500] "GET /sipse/faces/javax.faces.resource/layout/layout.js?ln=primefaces&v=4.0 HTTP/1.1" 304 -
181.53.12.61 - - [21/Sep/2023:12:34:28 -0500] "GET /sipse/faces/javax.faces.resource/dynamiccontent.properties?ln=primefaces&pfdrid=XjOR5%2F%2FfPAZAuY9TpWQeCiM0BhlXxYRBGKi%2FQcXXfeA%3D&pfdrid_c=false HTTP/1.1" 500 383
172.22.2.4 - - [21/Sep/2023:12:34:34 -0500] "GET /BLA/boletinlegal/Circulares/2022/CIRCULAR%20No.%2000003%20DEL%2007%20DE%20MARZO%20DEL%202022.pdf HTTP/1.1" 304 -
181.53.12.61 - - [21/Sep/2023:12:34:36 -0500] "POST /sipse/faces/presentacion/financiero/solicitudProceso/consultarSolicitudProceso.xhtml HTTP/1.1" 200 61403
181.53.12.61 - - [21/Sep/2023:12:34:38 -0500] "GET /sipse/faces/javax.faces.resource/theme.css?ln=primefaces-sipse HTTP/1.1" 304 -
181.53.12.61 - - [21/Sep/2023:12:34:38 -0500] "GET /sipse/faces/javax.faces.resource/primefaces.css?ln=primefaces&v=4.0 HTTP/1.1" 304 -
181.53.12.61 - - [21/Sep/2023:12:34:38 -0500] "GET /sipse/faces/javax.faces.resource/layout/layout.css?ln=primefaces&v=4.0 HTTP/1.1" 304 -
181.53.12.61 - - [21/Sep/2023:12:34:38 -0500] "GET /sipse/faces/javax.faces.resource/jquery/jquery.js?ln=primefaces&v=4.0 HTTP/1.1" 304 -
181.53.12.61 - - [21/Sep/2023:12:34:38 -0500] "GET /sipse/faces/javax.faces.resource/jquery/jquery-plugins.js?ln=primefaces&v=4.0 HTTP/1.1" 304 -
181.53.12.61 - - [21/Sep/2023:12:34:38 -0500] "GET /sipse/faces/javax.faces.resource/primefaces.js?ln=primefaces&v=4.0 HTTP/1.1" 304 -
181.53.12.61 - - [21/Sep/2023:12:34:38 -0500] "GET /sipse/faces/javax.faces.resource/layout/layout.js?ln=primefaces&v=4.0 HTTP/1.1" 304 -
181.53.12.61 - - [21/Sep/2023:12:34:38 -0500] "POST /sipse/faces/presentacion/financiero/solicitudProceso/listarSolicitudProceso.xhtml HTTP/1.1" 200 1552
8.242.151.9 - - [21/Sep/2023:12:34:41 -0500] "GET /robots.txt HTTP/1.1" 404 1120
181.53.12.61 - - [21/Sep/2023:12:34:46 -0500] "POST /sipse/faces/presentacion/financiero/solicitudProceso/listarSolicitudProceso.xhtml HTTP/1.1" 200 104997
181.53.12.61 - - [21/Sep/2023:12:34:48 -0500] "GET /sipse/faces/javax.faces.resource/theme.css?ln=primefaces-sipse HTTP/1.1" 304 -
181.53.12.61 - - [21/Sep/2023:12:34:48 -0500] "GET /sipse/faces/javax.faces.resource/layout/layout.css?ln=primefaces&v=4.0 HTTP/1.1" 304 -
181.53.12.61 - - [21/Sep/2023:12:34:48 -0500] "GET /sipse/faces/javax.faces.resource/primefaces.css?ln=primefaces&v=4.0 HTTP/1.1" 304 -
181.53.12.61 - - [21/Sep/2023:12:34:48 -0500] "GET /sipse/faces/javax.faces.resource/jquery/jquery.js?ln=primefaces&v=4.0 HTTP/1.1" 304 -
216.244.66.195 - - [21/Sep/2023:12:34:48 -0500] "GET /BLA/resoluciones/AUTOS%202023/0733.pdf HTTP/1.1" 200 1963498
181.53.12.61 - - [21/Sep/2023:12:34:48 -0500] "GET /sipse/faces/javax.faces.resource/jquery/jquery-plugins.js?ln=primefaces&v=4.0 HTTP/1.1" 304 -
181.53.12.61 - - [21/Sep/2023:12:34:48 -0500] "GET /sipse/faces/javax.faces.resource/primefaces.js?ln=primefaces&v=4.0 HTTP/1.1" 304 -
181.53.12.61 - - [21/Sep/2023:12:34:48 -0500] "GET /sipse/faces/javax.faces.resource/layout/layout.js?ln=primefaces&v=4.0 HTTP/1.1" 304 -
181.53.12.61 - - [21/Sep/2023:12:34:48 -0500] "GET /sipse/faces/javax.faces.resource/dynamiccontent.properties?ln=primefaces&pfdrid=XjOR5%2F%2FfPAZAuY9TpWQeCiM0BhlXxYRBGKi%2FQcXXfeA%3D&pfdrid_c=false HTTP/1.1" 500 383
