216.244.66.195 - - [21/Sep/2023:02:46:47 -0500] "GET /BLA/resoluciones/RESOLUCIONES%202020/2554.pdf HTTP/1.1" 200 357759
172.22.2.4 - - [21/Sep/2023:02:45:16 -0500] "HEAD /BLA/boletinlegal/ HTTP/1.1" 200 -
216.244.66.195 - - [21/Sep/2023:02:47:07 -0500] "GET /BLA/resoluciones/RESOLUCIONES%202020/2647.pdf HTTP/1.1" 200 320736
216.244.66.195 - - [21/Sep/2023:02:47:28 -0500] "GET /BLA/resoluciones/RESOLUCIONES%202020/2662.pdf HTTP/1.1" 200 507442
216.244.66.195 - - [21/Sep/2023:02:47:46 -0500] "GET /BLA/resoluciones/RESOLUCIONES%202021/0102.pdf HTTP/1.1" 200 346050
172.22.2.4 - - [21/Sep/2023:02:46:06 -0500] "GET /BLA/boletinlegal/ HTTP/1.1" 200 58187
216.244.66.195 - - [21/Sep/2023:02:48:02 -0500] "GET /BLA/resoluciones/RESOLUCIONES%202021/0104.pdf HTTP/1.1" 200 352429
216.244.66.195 - - [21/Sep/2023:02:48:17 -0500] "GET /BLA/resoluciones/RESOLUCIONES%202021/0310.pdf HTTP/1.1" 200 1000083
216.244.66.195 - - [21/Sep/2023:02:48:32 -0500] "GET /BLA/resoluciones/RESOLUCIONES%202021/0440.pdf HTTP/1.1" 200 873352
201.245.192.253 - - [21/Sep/2023:02:48:42 -0500] "POST /kwsrmcab/Wsrmcab  HTTP/1.1" 200 41265
216.244.66.195 - - [21/Sep/2023:02:49:03 -0500] "GET /BLA/resoluciones/RESOLUCIONES%202021/0503.pdf HTTP/1.1" 200 486813
216.244.66.195 - - [21/Sep/2023:02:49:27 -0500] "GET /BLA/resoluciones/RESOLUCIONES%202021/0504.pdf HTTP/1.1" 200 670593
216.244.66.195 - - [21/Sep/2023:02:49:51 -0500] "GET /BLA/resoluciones/RESOLUCIONES%202021/0700.pdf HTTP/1.1" 200 532502
216.244.66.195 - - [21/Sep/2023:02:50:13 -0500] "GET /BLA/resoluciones/RESOLUCIONES%202021/0985.pdf HTTP/1.1" 200 860341
216.244.66.195 - - [21/Sep/2023:02:50:34 -0500] "GET /BLA/resoluciones/RESOLUCIONES%202021/1310.pdf HTTP/1.1" 200 487777
216.245.221.92 - - [21/Sep/2023:02:50:53 -0500] "HEAD / HTTP/1.1" 200 -
216.244.66.195 - - [21/Sep/2023:02:50:55 -0500] "GET /BLA/resoluciones/RESOLUCIONES%202021/1892.pdf HTTP/1.1" 200 488340
216.244.66.195 - - [21/Sep/2023:02:51:14 -0500] "GET /BLA/resoluciones/RESOLUCIONES%202021/1905.pdf HTTP/1.1" 200 349404
216.244.66.195 - - [21/Sep/2023:02:51:32 -0500] "GET /BLA/resoluciones/RESOLUCIONES%202021/1921.pdf HTTP/1.1" 200 551042
66.249.70.197 - - [21/Sep/2023:02:52:27 -0500] "GET /arcgis/services/Calidad_del_Agua_WQI/MapServer/WMSServer? HTTP/1.1" 503 1020
172.22.2.4 - - [21/Sep/2023:02:51:06 -0500] "HEAD /BLA/boletinlegal/ HTTP/1.1" 200 -
172.22.2.4 - - [21/Sep/2023:02:51:56 -0500] "GET /BLA/boletinlegal/ HTTP/1.1" 200 57790
201.245.192.253 - - [21/Sep/2023:02:53:42 -0500] "POST /kwsrmcab/Wsrmcab  HTTP/1.1" 200 41265
157.55.39.51 - - [21/Sep/2023:02:55:23 -0500] "GET /BLA/resoluciones/AUTOS%202023/3379.pdf HTTP/1.1" 200 1861002
216.244.66.195 - - [21/Sep/2023:02:55:30 -0500] "GET /robots.txt HTTP/1.1" 404 1018
216.245.221.92 - - [21/Sep/2023:02:55:53 -0500] "HEAD / HTTP/1.1" 200 -
66.249.66.194 - - [21/Sep/2023:02:56:20 -0500] "GET /decision-de-frenar-obras-en-el-zuque-es-caprichosa-y-priva-a-la-ciudadania-de-conocer-y-preservar-los- HTTP/1.1" 404 1034
172.22.2.4 - - [21/Sep/2023:02:56:56 -0500] "HEAD /BLA/boletinlegal/ HTTP/1.1" 200 -
201.245.192.253 - - [21/Sep/2023:02:58:41 -0500] "POST /kwsrmcab/Wsrmcab  HTTP/1.1" 200 41265
172.22.2.4 - - [21/Sep/2023:02:58:16 -0500] "GET /BLA/boletinlegal/ HTTP/1.1" 200 24523
157.55.39.60 - - [21/Sep/2023:02:59:14 -0500] "GET /BLA/resoluciones/AUTOS%202023/1684.pdf HTTP/1.1" 200 421117
172.22.2.4 - - [21/Sep/2023:02:57:46 -0500] "GET /BLA/boletinlegal/ HTTP/1.1" 200 54150
66.249.70.198 - - [21/Sep/2023:02:59:28 -0500] "GET /BLA/resoluciones/RESOLUCIONES%202010/2460.pdf HTTP/1.1" 200 493808
66.249.70.196 - - [21/Sep/2023:02:59:29 -0500] "GET /BLA/resoluciones/RESOLUCIONES%202007/RES%202007%20201%20AL%20300/RESOLUCION%200283%20DE%202007.pdf HTTP/1.1" 200 333489
216.245.221.92 - - [21/Sep/2023:03:00:53 -0500] "HEAD / HTTP/1.1" 200 -
66.249.70.196 - - [21/Sep/2023:03:03:28 -0500] "GET /BLA/resoluciones/RESOLUCIONES%202014/1356.pdf HTTP/1.1" 200 365140
201.245.192.253 - - [21/Sep/2023:03:03:39 -0500] "POST /kwsrmcab/Wsrmcab  HTTP/1.1" 200 41265
172.22.2.4 - - [21/Sep/2023:03:02:46 -0500] "HEAD /BLA/boletinlegal/ HTTP/1.1" 200 -
52.167.144.67 - - [21/Sep/2023:03:04:57 -0500] "GET /robots.txt HTTP/1.1" 404 1049
172.22.2.4 - - [21/Sep/2023:03:03:36 -0500] "GET /BLA/boletinlegal/ HTTP/1.1" 200 60692
52.167.144.178 - - [21/Sep/2023:03:05:17 -0500] "GET /BLA/resoluciones/AUTOS%202023/3368.pdf HTTP/1.1" 200 1207215
216.245.221.92 - - [21/Sep/2023:03:05:53 -0500] "HEAD / HTTP/1.1" 200 -
40.77.167.8 - - [21/Sep/2023:03:06:00 -0500] "GET /BLA/boletinlegal/jurisprudencia/analisis/CUADRO%20SENTENCIA%20C-222%20DE%202011.doc HTTP/1.1" 200 34816
66.249.70.196 - - [21/Sep/2023:03:06:40 -0500] "GET /BLA/resoluciones/RESOLUCIONES%202008/2720.pdf HTTP/1.1" 200 340165
52.167.144.178 - - [21/Sep/2023:03:06:55 -0500] "GET /BLA/resoluciones/AUTOS%202014/1239.pdf HTTP/1.1" 200 657771
201.245.192.253 - - [21/Sep/2023:03:08:37 -0500] "POST /kwsrmcab/Wsrmcab  HTTP/1.1" 200 41265
172.22.2.4 - - [21/Sep/2023:03:08:36 -0500] "HEAD /BLA/boletinlegal/ HTTP/1.1" 200 -
52.167.144.197 - - [21/Sep/2023:03:10:37 -0500] "GET /BLA/resoluciones/AUTOS%202023/3368.pdf HTTP/1.1" 200 1207215
216.245.221.92 - - [21/Sep/2023:03:10:53 -0500] "HEAD / HTTP/1.1" 200 -
172.22.2.4 - - [21/Sep/2023:03:09:26 -0500] "GET /BLA/boletinlegal/ HTTP/1.1" 200 60342
52.167.144.197 - - [21/Sep/2023:03:12:57 -0500] "GET /BLA/resoluciones/AUTOS%202023/3278.pdf HTTP/1.1" 200 1507319
5.253.37.47 - - [21/Sep/2023:03:13:36 -0500] "CONNECT example.com:443 HTTP/1.1" 405 939
201.245.192.253 - - [21/Sep/2023:03:13:36 -0500] "POST /kwsrmcab/Wsrmcab  HTTP/1.1" 200 41265
40.77.167.54 - - [21/Sep/2023:03:14:55 -0500] "GET /bla/resoluciones/autos%202010/6701.pdf HTTP/1.1" 200 190903
216.245.221.92 - - [21/Sep/2023:03:15:53 -0500] "HEAD / HTTP/1.1" 200 -
172.22.2.4 - - [21/Sep/2023:03:14:26 -0500] "HEAD /BLA/boletinlegal/ HTTP/1.1" 200 -
172.22.2.4 - - [21/Sep/2023:03:15:16 -0500] "GET /BLA/boletinlegal/ HTTP/1.1" 200 58187
111.202.101.74 - - [21/Sep/2023:03:16:58 -0500] "GET / HTTP/1.1" 200 319
181.50.69.74 - - [21/Sep/2023:03:17:15 -0500] "GET /kwssiamovil/sm/ldap/au?x=U2FsdGVkX18QmfuCSESuM+lkwZ9tjQ4XvUgZGewWkoKjkvrAwoE73k5UUR9P740cuR2QA7yAfFwpxx6ZJs7z7w==&y=U2FsdGVkX1+ocrJ9K+ksIIsf3pV491puEubvSoa8Z56QQ7093J86Qdql+GLJd1no HTTP/1.1" 200 30
181.50.69.74 - - [21/Sep/2023:03:17:15 -0500] "GET /kwssiamovil/sm/acme/s?s=U2FsdGVkX18A04fqxYwKrioFANSr5HIWgsHLHj+E2CF6/N3+EGRvhBZueHKs61CafdV63tLgNIihyMjzs15PvrbgTn0uYrtJwqU2aoWUxiE=&u=U2FsdGVkX18FcdlDCVvSTxrgKZ1Wn/RElyn2KOYtCxMY7omFHTd88V5VCN7i5HUs&y=U2FsdGVkX1+ocrJ9K+ksIIsf3pV491puEubvSoa8Z56QQ7093J86Qdql+GLJd1no HTTP/1.1" 200 97
181.50.69.74 - - [21/Sep/2023:03:17:15 -0500] "GET /kwssiamovil/sm/acme/s?s=U2FsdGVkX1+G6PoCvtI8NUdJ2m2Bgjx+3+ra7bC4WwC2gUkC4dgQMzvu848fKHRnCdFOu2vYNJehMEEmCR1bWCrqjFWzNkcED/qd5ZcjDN+9RVM6QhJqw3hezMyKU2a69M5FqHdorbT3Fn/3sU7C70zg8r7gMQSpr+0CR0rlOTybB5VI8cnp9/6u/TTwq+XNm5tBvUYljq2z8NFoNNzpPRDxyGYpuJ2vTu0mYCTe1Gzm3ESOTsRnZ9oAIkHwzGxM+OwS8l5WPb3uSBEFXnA14943hUTOCfchI3qRQmUc6fxEJ8XxR0MLonHbjp/D4hg6wXShfw1wdnb/BHOoCeVcHG3XJqDeAxh9RemSnmEY7Xxk3KCbgoPfS1xCd1gsX4lAKtvwAt/kyUyS8hhsFhEXUU/A3f9wEkEyP+tVzsCI6ADruYP3YCHzCqMeURcnaTxSLX+/Ddeh2O2rkBMjaLps89M2wdYw5Xr4Bcmfc8cf6HwEhUNpJaxtTyoV4VRbJPIiHitnBdzW+aVqK0V8GbnxcbPpa+Ft4VZSFg+uABCrPKf+w9VB/+pnTc//b4/9uxNNBBQmofpNToV2FPhZMVGQIUs3aAGu/MZH43bH/dhhXEdIw+b344FRpl9G5HoGMEu0wNLs9MTNViyMpTLz/UxfOHiAjfZfj0aIwJc5eci9h4Vek9hGfSMsSeMns7lH//fpJO8Q9e1ARJAmTD9LhedsEVaaS/+Hux+uKWDW7w2Ov0yJBtcOdk7p19UNHcG7/Wc36l3djYUOvtU84jqolvYxdKZdp0xnL6fDT69hCn68PSAQy96EeH3akZP/f33mjHey8cWCp1lYeaZcjiUm0R4K2pBFg+t1dQEUvbuzrwjS+QEQsVktSc1lxmdoYZopSXDDrRIMmvTrwMS0GeS7gQHvNAO0e9IKX9A80oPXPqGLiJvArKdDuQEUs5mCyzoTVTdMqIRJroSpXS/lkf2UColmkKM4kIkFgyxrLo3zivU3jirmp+rOuL9/mFMfAFGa0HRA6x89DH2RblWg7js2WlmhwqrP2DDTJNGZMdnLHwg4mdnwC0sFPofPOoXYLAvyKRxAHthA1VvnxhVPNJvKvk6WjXU+0WYvbK9JVSfnV2//PVjuombsNrp1WB74uWzkGQnRFzyVbj8LqWjtqyy3WGBwG2ycmQtUB/qjYcf5R6m4jDkFAH8KHRA6jfut23E1RzAJOyfanGXxdHBl8IfK3yN10qgeEijl9ENcEL/WgNtMbp+G1pG7qq2c1pkRthxbD0CUZz8n6pVYYUezT0jeZn1bHhKLkHSsuambttuqqwefsE1S91r8jap0acyCwzFpU5sBj9B+7YlLbKz1NqzUkPQSKuHYPkjIlJh4n6kBustvaguIEfFP/EvMkcxdVCIicpxRzyzhrbonRuBo1rLgsL2xyIoWR86eEnWnNHj4NcPjbFE=&u=U2FsdGVkX18FcdlDCVvSTxrgKZ1Wn/RElyn2KOYtCxMY7omFHTd88V5VCN7i5HUs&y=U2FsdGVkX1+ocrJ9K+ksIIsf3pV491puEubvSoa8Z56QQ7093J86Qdql+GLJd1no HTTP/1.1" 200 72
181.50.69.74 - - [21/Sep/2023:03:17:15 -0500] "GET /kwssiamovil/sm/acme/s?s=U2FsdGVkX18gjIP1eBWIbAxHRoykbMRU5nlgve1hlkW6+nw+E5UrXaUGWAlTD1B5cxb1zHT7kpWb3JokPXQ2S5KwEBx9Z8ENsG+Z8WwtevxyK/Zv4q8rNK2Cx3L/YH6g6nxf6kx7c27C2KJXhBhz23kpO+y48jD57Up5MAAl+f2MQzShkC9CjtsOhqqkA7jjaius8q95u9zeoCKHkAn+SU4U5auekAqiIM7JMVGUjpTZ3yvj+dttT5++lPwsUcX5mf5YfTnEyVoELU+5FTXdlniHhO8mJK5GCmZLqkF8U1m966z7W9ds4CErmM3sWpKw1h3lHKLex56ItIm0U6uyv5BrCk57BU8YKinhvwjX3IA=&u=U2FsdGVkX18FcdlDCVvSTxrgKZ1Wn/RElyn2KOYtCxMY7omFHTd88V5VCN7i5HUs&y=U2FsdGVkX1+ocrJ9K+ksIIsf3pV491puEubvSoa8Z56QQ7093J86Qdql+GLJd1no HTTP/1.1" 200 196
181.50.69.74 - - [21/Sep/2023:03:17:15 -0500] "GET /kwssiamovil/sm/cjson/pre?f=1&x=U2FsdGVkX18QmfuCSESuM+lkwZ9tjQ4XvUgZGewWkoKjkvrAwoE73k5UUR9P740cuR2QA7yAfFwpxx6ZJs7z7w== HTTP/1.1" 200 31032
201.245.192.253 - - [21/Sep/2023:03:17:49 -0500] "POST /kwsrmcab/Wsrmcab HTTP/1.1" 200 40919
201.245.192.253 - - [21/Sep/2023:03:17:52 -0500] "POST /kwsrmcab/Wsrmcab HTTP/1.1" 200 41394
201.245.192.253 - - [21/Sep/2023:03:18:36 -0500] "POST /kwsrmcab/Wsrmcab  HTTP/1.1" 200 41265
216.245.221.92 - - [21/Sep/2023:03:20:53 -0500] "HEAD / HTTP/1.1" 200 -
40.77.167.6 - - [21/Sep/2023:03:21:48 -0500] "GET /Publicaciones/2023EE214669.pdf HTTP/1.1" 200 327025
172.22.2.4 - - [21/Sep/2023:03:20:16 -0500] "HEAD /BLA/boletinlegal/ HTTP/1.1" 200 -
205.185.118.93 - - [21/Sep/2023:03:22:09 -0500] "GET /staticpv/yealink/directory/super_search.xml HTTP/1.1" 404 1018
31.148.131.123 - - [21/Sep/2023:03:22:41 -0500] "GET /bla/resoluciones/resoluciones%202012/1015.pdf HTTP/1.1" 200 560924
172.22.2.4 - - [21/Sep/2023:03:21:06 -0500] "GET /BLA/boletinlegal/ HTTP/1.1" 200 60692
201.245.192.253 - - [21/Sep/2023:03:23:35 -0500] "POST /kwsrmcab/Wsrmcab  HTTP/1.1" 200 41265
157.55.39.54 - - [21/Sep/2023:03:24:16 -0500] "GET /BLA/resoluciones/AUTOS%202023/3342.pdf HTTP/1.1" 200 1321508
40.77.167.6 - - [21/Sep/2023:03:25:29 -0500] "GET /BLA/resoluciones/AUTOS%202023/3373.pdf HTTP/1.1" 200 1994480
216.245.221.92 - - [21/Sep/2023:03:25:53 -0500] "HEAD / HTTP/1.1" 200 -
172.22.2.4 - - [21/Sep/2023:03:26:06 -0500] "HEAD /BLA/boletinlegal/ HTTP/1.1" 200 -
201.245.192.253 - - [21/Sep/2023:03:27:49 -0500] "POST /kwsrmcab/Wsrmcab HTTP/1.1" 200 40919
201.245.192.253 - - [21/Sep/2023:03:27:52 -0500] "POST /kwsrmcab/Wsrmcab HTTP/1.1" 200 41394
201.245.192.253 - - [21/Sep/2023:03:28:34 -0500] "POST /kwsrmcab/Wsrmcab  HTTP/1.1" 200 41265
172.22.2.4 - - [21/Sep/2023:03:26:56 -0500] "GET /BLA/boletinlegal/ HTTP/1.1" 200 58187
216.245.221.92 - - [21/Sep/2023:03:30:53 -0500] "HEAD / HTTP/1.1" 200 -
172.22.2.4 - - [21/Sep/2023:03:30:45 -0500] "GET /BLA/boletinlegal/ HTTP/1.1" 200 61130
201.245.192.253 - - [21/Sep/2023:03:33:33 -0500] "POST /kwsrmcab/Wsrmcab  HTTP/1.1" 200 41265
172.22.2.4 - - [21/Sep/2023:03:31:56 -0500] "HEAD /BLA/boletinlegal/ HTTP/1.1" 200 -
172.22.2.4 - - [21/Sep/2023:03:32:46 -0500] "GET /BLA/boletinlegal/ HTTP/1.1" 200 58187
40.77.167.224 - - [21/Sep/2023:03:35:02 -0500] "GET /sitemap.xml HTTP/1.1" 404 1035
216.245.221.92 - - [21/Sep/2023:03:35:53 -0500] "HEAD / HTTP/1.1" 200 -
201.245.192.253 - - [21/Sep/2023:03:37:49 -0500] "POST /kwsrmcab/Wsrmcab HTTP/1.1" 200 40919
201.245.192.253 - - [21/Sep/2023:03:37:52 -0500] "POST /kwsrmcab/Wsrmcab HTTP/1.1" 200 41394
201.245.192.253 - - [21/Sep/2023:03:38:32 -0500] "POST /kwsrmcab/Wsrmcab  HTTP/1.1" 200 41265
172.22.2.4 - - [21/Sep/2023:03:37:46 -0500] "HEAD /BLA/boletinlegal/ HTTP/1.1" 200 -
172.22.2.4 - - [21/Sep/2023:03:38:36 -0500] "GET /BLA/boletinlegal/ HTTP/1.1" 200 58187
216.245.221.92 - - [21/Sep/2023:03:40:53 -0500] "HEAD / HTTP/1.1" 200 -
66.249.66.193 - - [21/Sep/2023:03:41:20 -0500] "GET /robots.txt HTTP/1.1" 404 1034
66.249.66.192 - - [21/Sep/2023:03:41:21 -0500] "GET /mujeres-que-reverdecen-secretaria-de-ambiente-anuncia-el-inicio-de-la-tercera-fase.html HTTP/1.1" 200 954
201.245.192.253 - - [21/Sep/2023:03:43:31 -0500] "POST /kwsrmcab/Wsrmcab  HTTP/1.1" 200 41265
185.224.128.197 - - [21/Sep/2023:03:44:31 -0500] "GET / HTTP/1.1" 200 319
190.159.184.39 - - [21/Sep/2023:03:45:11 -0500] "GET /BLA/resoluciones/ HTTP/1.1" 200 13696
157.55.39.200 - - [21/Sep/2023:03:45:12 -0500] "GET /portaldeninos/?s=2024 HTTP/1.1" 200 85855
190.159.184.39 - - [21/Sep/2023:03:45:13 -0500] "GET /BLA/resoluciones/index.php?dir=AUTOS+2023%2F HTTP/1.1" 200 306591
172.22.2.4 - - [21/Sep/2023:03:43:36 -0500] "HEAD /BLA/boletinlegal/ HTTP/1.1" 200 -
162.55.41.96 - - [21/Sep/2023:03:45:45 -0500] "GET / HTTP/1.1" 200 319
216.245.221.92 - - [21/Sep/2023:03:45:53 -0500] "HEAD / HTTP/1.1" 200 -
172.22.2.4 - - [21/Sep/2023:03:44:26 -0500] "GET /BLA/boletinlegal/ HTTP/1.1" 200 60692
201.245.192.253 - - [21/Sep/2023:03:48:29 -0500] "POST /kwsrmcab/Wsrmcab  HTTP/1.1" 200 41265
216.245.221.92 - - [21/Sep/2023:03:50:53 -0500] "HEAD / HTTP/1.1" 200 -
172.22.2.4 - - [21/Sep/2023:03:49:26 -0500] "HEAD /BLA/boletinlegal/ HTTP/1.1" 200 -
172.22.2.4 - - [21/Sep/2023:03:50:16 -0500] "GET /BLA/boletinlegal/ HTTP/1.1" 200 60692
66.249.70.197 - - [21/Sep/2023:03:52:11 -0500] "GET /BLA/resoluciones/RESOLUCIONES%202013/2334.pdf HTTP/1.1" 200 374582
201.245.192.253 - - [21/Sep/2023:03:53:29 -0500] "POST /kwsrmcab/Wsrmcab  HTTP/1.1" 200 41265
89.38.147.132 - - [21/Sep/2023:03:54:51 -0500] "GET /decision-de-frenar-obras-en-el-zuque-es-caprichosa-y-priva-a-la-ciudadania-de-conocer-y-preservar-los-cerros-orientales-urrutia-secretaria-de-ambiente.html HTTP/1.1" 200 1018
201.221.172.179 - - [21/Sep/2023:03:55:24 -0500] "GET /semana-bogoti-reverdece-bogoti-preparada-para-la-crisis-climitica.html HTTP/1.1" 200 949
216.245.221.92 - - [21/Sep/2023:03:55:53 -0500] "HEAD / HTTP/1.1" 200 -
51.15.164.30 - - [21/Sep/2023:03:56:41 -0500] "HEAD /decision-de-frenar-obras-en-el-zuque-es-caprichosa-y-priva-a-la-ciudadania-de-conocer-y-preservar-los-cerros-orientales-urrutia-secretaria-de-ambiente.html HTTP/1.1" 200 -
172.22.2.4 - - [21/Sep/2023:03:55:16 -0500] "HEAD /BLA/boletinlegal/ HTTP/1.1" 200 -
172.22.2.4 - - [21/Sep/2023:03:56:06 -0500] "GET /BLA/boletinlegal/ HTTP/1.1" 200 60342
201.245.192.253 - - [21/Sep/2023:03:58:28 -0500] "POST /kwsrmcab/Wsrmcab  HTTP/1.1" 200 41265
69.171.249.11 - - [21/Sep/2023:03:58:55 -0500] "GET /images/pieza-voluntariado-ambiental.jpeg HTTP/1.1" 200 51125
216.245.221.92 - - [21/Sep/2023:04:00:53 -0500] "HEAD / HTTP/1.1" 200 -
66.249.70.196 - - [21/Sep/2023:04:02:36 -0500] "GET /galeria/galeria/fotos/tortuga2G.jpg HTTP/1.1" 304 -
172.22.2.4 - - [21/Sep/2023:04:01:06 -0500] "HEAD /BLA/boletinlegal/ HTTP/1.1" 200 -
201.245.192.253 - - [21/Sep/2023:04:03:27 -0500] "POST /kwsrmcab/Wsrmcab  HTTP/1.1" 200 41265
172.22.2.4 - - [21/Sep/2023:04:01:56 -0500] "GET /BLA/boletinlegal/ HTTP/1.1" 200 60342
216.245.221.92 - - [21/Sep/2023:04:05:53 -0500] "HEAD / HTTP/1.1" 200 -
201.245.192.253 - - [21/Sep/2023:04:08:26 -0500] "POST /kwsrmcab/Wsrmcab  HTTP/1.1" 200 41265
172.22.2.4 - - [21/Sep/2023:04:06:56 -0500] "HEAD /BLA/boletinlegal/ HTTP/1.1" 200 -
172.22.2.4 - - [21/Sep/2023:04:07:46 -0500] "GET /BLA/boletinlegal/ HTTP/1.1" 200 60342
172.22.2.4 - - [21/Sep/2023:04:10:39 -0500] "GET /BLA/boletinlegal/robots.txt HTTP/1.1" 404 1038
216.245.221.92 - - [21/Sep/2023:04:10:53 -0500] "HEAD / HTTP/1.1" 200 -
216.244.66.195 - - [21/Sep/2023:04:11:26 -0500] "GET /robots.txt HTTP/1.1" 404 1018
172.22.2.4 - - [21/Sep/2023:04:10:40 -0500] "GET /BLA/boletinlegal/index.php HTTP/1.1" 200 62286
201.245.192.253 - - [21/Sep/2023:04:13:25 -0500] "POST /kwsrmcab/Wsrmcab  HTTP/1.1" 200 41265
207.46.13.124 - - [21/Sep/2023:04:13:51 -0500] "GET /BLA/resoluciones/AUTOS%202023/3321.pdf HTTP/1.1" 200 1046582
172.22.2.4 - - [21/Sep/2023:04:12:46 -0500] "HEAD /BLA/boletinlegal/ HTTP/1.1" 200 -
172.22.2.4 - - [21/Sep/2023:04:13:36 -0500] "GET /BLA/boletinlegal/ HTTP/1.1" 200 58187
216.245.221.92 - - [21/Sep/2023:04:15:53 -0500] "HEAD / HTTP/1.1" 200 -
40.77.167.18 - - [21/Sep/2023:04:16:00 -0500] "GET /BLA/resoluciones/RESOLUCIONES%202013/2498.pdf HTTP/1.1" 304 -
201.245.192.253 - - [21/Sep/2023:04:17:49 -0500] "POST /kwsrmcab/Wsrmcab HTTP/1.1" 200 41079
201.245.192.253 - - [21/Sep/2023:04:17:52 -0500] "POST /kwsrmcab/Wsrmcab HTTP/1.1" 200 41404
201.245.192.253 - - [21/Sep/2023:04:18:24 -0500] "POST /kwsrmcab/Wsrmcab  HTTP/1.1" 200 41265
172.22.2.4 - - [21/Sep/2023:04:18:36 -0500] "HEAD /BLA/boletinlegal/ HTTP/1.1" 200 -
216.245.221.92 - - [21/Sep/2023:04:20:53 -0500] "HEAD / HTTP/1.1" 200 -
172.22.2.4 - - [21/Sep/2023:04:19:26 -0500] "GET /BLA/boletinlegal/ HTTP/1.1" 200 40981
201.245.192.253 - - [21/Sep/2023:04:23:22 -0500] "POST /kwsrmcab/Wsrmcab  HTTP/1.1" 200 41265
216.245.221.92 - - [21/Sep/2023:04:25:53 -0500] "HEAD / HTTP/1.1" 200 -
172.22.2.4 - - [21/Sep/2023:04:24:26 -0500] "HEAD /BLA/boletinlegal/ HTTP/1.1" 200 -
66.249.66.194 - - [21/Sep/2023:04:26:20 -0500] "GET /el-ejemplo-comienza-por-casa-alcaldia-de-bogota-expide-decreto-para-reducir-plasticos-de-un-solo-uso-en-las-entidades-del-distrito.html HTTP/1.1" 304 -
168.119.252.243 - - [21/Sep/2023:04:26:40 -0500] "GET / HTTP/1.1" 200 319
172.22.2.4 - - [21/Sep/2023:04:25:16 -0500] "GET /BLA/boletinlegal/ HTTP/1.1" 200 58187
162.55.162.137 - - [21/Sep/2023:04:27:49 -0500] "GET / HTTP/1.1" 200 319
201.245.192.253 - - [21/Sep/2023:04:27:49 -0500] "POST /kwsrmcab/Wsrmcab HTTP/1.1" 200 41079
201.245.192.253 - - [21/Sep/2023:04:27:52 -0500] "POST /kwsrmcab/Wsrmcab HTTP/1.1" 200 41404
40.77.167.3 - - [21/Sep/2023:04:28:11 -0500] "GET /sitemap.xml HTTP/1.1" 404 1035
201.245.192.253 - - [21/Sep/2023:04:28:22 -0500] "POST /kwsrmcab/Wsrmcab  HTTP/1.1" 200 41265
40.77.167.47 - - [21/Sep/2023:04:29:54 -0500] "GET /Publicaciones/2023EE214957.pdf HTTP/1.1" 200 381297
172.22.2.4 - - [21/Sep/2023:04:30:12 -0500] "GET /BLA/boletinlegal/jurisprudencia.php HTTP/1.1" 200 17583
216.245.221.92 - - [21/Sep/2023:04:30:53 -0500] "HEAD / HTTP/1.1" 200 -
35.187.132.231 - - [21/Sep/2023:04:30:55 -0500] "HEAD /secretaria-de-ambiente-y-car-firman-el-plan-de-manejo-ambiental-del-sitio-ramsar-complejo-de-humedales-urbanos-de-bogota-unico-en-america-latina.html HTTP/1.1" 200 -
3.138.170.193 - - [21/Sep/2023:04:30:55 -0500] "GET /secretaria-de-ambiente-y-car-firman-el-plan-de-manejo-ambiental-del-sitio-ramsar-complejo-de-humedales-urbanos-de-bogota-unico-en-america-latina.html HTTP/1.1" 200 1040
35.187.132.231 - - [21/Sep/2023:04:30:55 -0500] "GET /secretaria-de-ambiente-y-car-firman-el-plan-de-manejo-ambiental-del-sitio-ramsar-complejo-de-humedales-urbanos-de-bogota-unico-en-america-latina.html HTTP/1.1" 200 1040
100.26.121.200 - - [21/Sep/2023:04:30:56 -0500] "GET /secretaria-de-ambiente-y-car-firman-el-plan-de-manejo-ambiental-del-sitio-ramsar-complejo-de-humedales-urbanos-de-bogota-unico-en-america-latina.html HTTP/1.1" 200 1040
192.42.116.18 - - [21/Sep/2023:04:30:58 -0500] "GET /secretaria-de-ambiente-y-car-firman-el-plan-de-manejo-ambiental-del-sitio-ramsar-complejo-de-humedales-urbanos-de-bogota-unico-en-america-latina.html HTTP/1.1" 200 1040
35.187.132.231 - - [21/Sep/2023:04:31:05 -0500] "HEAD /secretaria-de-ambiente-y-car-firman-el-plan-de-manejo-ambiental-del-sitio-ramsar-complejo-de-humedales-urbanos-de-bogota-unico-en-america-latina.html HTTP/1.1" 200 -
35.187.132.232 - - [21/Sep/2023:04:31:05 -0500] "GET /secretaria-de-ambiente-y-car-firman-el-plan-de-manejo-ambiental-del-sitio-ramsar-complejo-de-humedales-urbanos-de-bogota-unico-en-america-latina.html HTTP/1.1" 200 1040
35.234.133.86 - - [21/Sep/2023:04:31:24 -0500] "GET /secretaria-de-ambiente-y-car-firman-el-plan-de-manejo-ambiental-del-sitio-ramsar-complejo-de-humedales-urbanos-de-bogota-unico-en-america-latina.html HTTP/1.1" 200 1040
172.22.2.4 - - [21/Sep/2023:04:30:16 -0500] "HEAD /BLA/boletinlegal/ HTTP/1.1" 200 -
190.249.21.140 - - [21/Sep/2023:04:31:59 -0500] "GET /sipse/faces/index.xhtml HTTP/1.1" 200 677
190.249.21.140 - - [21/Sep/2023:04:31:59 -0500] "GET /sipse/faces/javax.faces.resource/theme.css?ln=primefaces-sipse HTTP/1.1" 200 50058
190.249.21.140 - - [21/Sep/2023:04:32:00 -0500] "GET /favicon.ico HTTP/1.1" 200 7782
172.22.2.4 - - [21/Sep/2023:04:32:15 -0500] "GET /BLA/boletinlegal/Directivas/2014/Directiva%20No.%205%20del%2026%20de%20Diciembre%20de%202014.pdf HTTP/1.1" 200 3424865
172.22.2.4 - - [21/Sep/2023:04:31:06 -0500] "GET /BLA/boletinlegal/ HTTP/1.1" 200 58187
201.245.192.253 - - [21/Sep/2023:04:33:21 -0500] "POST /kwsrmcab/Wsrmcab  HTTP/1.1" 200 41265
216.245.221.92 - - [21/Sep/2023:04:35:53 -0500] "HEAD / HTTP/1.1" 200 -
157.55.39.9 - - [21/Sep/2023:04:36:24 -0500] "GET /BLA/resoluciones/AUTOS%202023/3347.pdf HTTP/1.1" 200 1239520
190.24.118.242 - - [21/Sep/2023:04:37:38 -0500] "GET /sipse/faces/faces/faces/faces/faces/faces/autenticacion.xhtml HTTP/1.1" 200 12415
190.24.118.242 - - [21/Sep/2023:04:37:38 -0500] "GET /sipse/js/disable_browser_buttons.js HTTP/1.1" 304 -
190.24.118.242 - - [21/Sep/2023:04:37:38 -0500] "GET /sipse/js/funciones.js HTTP/1.1" 304 -
190.24.118.242 - - [21/Sep/2023:04:37:38 -0500] "GET /sipse/css/custom_css_sg_prime_login.css HTTP/1.1" 304 -
190.24.118.242 - - [21/Sep/2023:04:37:38 -0500] "GET /sipse/faces/javax.faces.resource/theme.css?ln=primefaces-sipse HTTP/1.1" 304 -
190.24.118.242 - - [21/Sep/2023:04:37:38 -0500] "GET /sipse/faces/javax.faces.resource/primefaces.css?ln=primefaces&v=4.0 HTTP/1.1" 304 -
190.24.118.242 - - [21/Sep/2023:04:37:38 -0500] "GET /sipse/faces/javax.faces.resource/jquery/jquery.js?ln=primefaces&v=4.0 HTTP/1.1" 304 -
190.24.118.242 - - [21/Sep/2023:04:37:38 -0500] "GET /sipse/faces/javax.faces.resource/jquery/jquery-plugins.js?ln=primefaces&v=4.0 HTTP/1.1" 304 -
190.24.118.242 - - [21/Sep/2023:04:37:38 -0500] "GET /sipse/faces/javax.faces.resource/primefaces.js?ln=primefaces&v=4.0 HTTP/1.1" 304 -
190.24.118.242 - - [21/Sep/2023:04:37:38 -0500] "GET /sipse/faces/javax.faces.resource/layout/layout.js?ln=primefaces&v=4.0 HTTP/1.1" 304 -
190.24.118.242 - - [21/Sep/2023:04:37:38 -0500] "GET /sipse/css/custom_css_sg.css HTTP/1.1" 304 -
190.24.118.242 - - [21/Sep/2023:04:37:38 -0500] "GET /sipse/faces/javax.faces.resource/layout/layout.css?ln=primefaces&v=4.0 HTTP/1.1" 304 -
190.24.118.242 - - [21/Sep/2023:04:37:38 -0500] "GET /sipse/css/imagen/logoSDG.png HTTP/1.1" 304 -
190.24.118.242 - - [21/Sep/2023:04:37:38 -0500] "GET /sipse/css/imagen/loginimg.png HTTP/1.1" 304 -
190.24.118.242 - - [21/Sep/2023:04:37:38 -0500] "GET /sipse/faces/javax.faces.resource/images/ui-icons_898989_256x240.png?ln=primefaces-aristo HTTP/1.1" 304 -
190.24.118.242 - - [21/Sep/2023:04:37:38 -0500] "GET /sipse/faces/faces/faces/faces/faces/faces/index.xhtml HTTP/1.1" 200 677
190.24.118.242 - - [21/Sep/2023:04:37:39 -0500] "GET /sipse/faces/javax.faces.resource/theme.css?ln=primefaces-sipse HTTP/1.1" 304 -
190.24.118.242 - - [21/Sep/2023:04:37:39 -0500] "GET /sipse/faces/faces/faces/faces/faces/faces/faces/autenticacion.xhtml HTTP/1.1" 200 12415
190.24.118.242 - - [21/Sep/2023:04:37:39 -0500] "GET /sipse/faces/javax.faces.resource/theme.css?ln=primefaces-sipse HTTP/1.1" 304 -
190.24.118.242 - - [21/Sep/2023:04:37:39 -0500] "GET /sipse/faces/javax.faces.resource/primefaces.css?ln=primefaces&v=4.0 HTTP/1.1" 304 -
190.24.118.242 - - [21/Sep/2023:04:37:39 -0500] "GET /sipse/faces/javax.faces.resource/jquery/jquery.js?ln=primefaces&v=4.0 HTTP/1.1" 304 -
190.24.118.242 - - [21/Sep/2023:04:37:39 -0500] "GET /sipse/faces/javax.faces.resource/layout/layout.css?ln=primefaces&v=4.0 HTTP/1.1" 304 -
190.24.118.242 - - [21/Sep/2023:04:37:39 -0500] "GET /sipse/faces/javax.faces.resource/jquery/jquery-plugins.js?ln=primefaces&v=4.0 HTTP/1.1" 304 -
190.24.118.242 - - [21/Sep/2023:04:37:39 -0500] "GET /sipse/faces/javax.faces.resource/primefaces.js?ln=primefaces&v=4.0 HTTP/1.1" 304 -
190.24.118.242 - - [21/Sep/2023:04:37:39 -0500] "GET /sipse/faces/javax.faces.resource/layout/layout.js?ln=primefaces&v=4.0 HTTP/1.1" 304 -
190.24.118.242 - - [21/Sep/2023:04:37:39 -0500] "GET /sipse/faces/javax.faces.resource/images/ui-icons_898989_256x240.png?ln=primefaces-aristo HTTP/1.1" 304 -
190.24.118.242 - - [21/Sep/2023:04:37:44 -0500] "POST /sipse/faces/autenticacion.xhtml HTTP/1.1" 200 2220
190.24.118.242 - - [21/Sep/2023:04:37:44 -0500] "GET /sipse/faces/javax.faces.resource/messages/messages.png?ln=primefaces&v=4.0 HTTP/1.1" 304 -
172.22.2.4 - - [21/Sep/2023:04:36:06 -0500] "HEAD /BLA/boletinlegal/ HTTP/1.1" 200 -
190.24.118.242 - - [21/Sep/2023:04:37:46 -0500] "POST /sipse/faces/autenticacion.xhtml HTTP/1.1" 200 16408
190.24.118.242 - - [21/Sep/2023:04:37:46 -0500] "GET /sipse/css/custom_css_sg_prime.css HTTP/1.1" 304 -
190.24.118.242 - - [21/Sep/2023:04:37:46 -0500] "GET /sipse/faces/javax.faces.resource/theme.css?ln=primefaces-sipse HTTP/1.1" 304 -
190.24.118.242 - - [21/Sep/2023:04:37:46 -0500] "GET /sipse/faces/javax.faces.resource/primefaces.css?ln=primefaces&v=4.0 HTTP/1.1" 304 -
190.24.118.242 - - [21/Sep/2023:04:37:46 -0500] "GET /sipse/faces/javax.faces.resource/layout/layout.css?ln=primefaces&v=4.0 HTTP/1.1" 304 -
190.24.118.242 - - [21/Sep/2023:04:37:46 -0500] "GET /sipse/js/jquery.min.js HTTP/1.1" 304 -
190.24.118.242 - - [21/Sep/2023:04:37:46 -0500] "GET /sipse/faces/javax.faces.resource/jquery/jquery.js?ln=primefaces&v=4.0 HTTP/1.1" 304 -
190.24.118.242 - - [21/Sep/2023:04:37:46 -0500] "GET /sipse/faces/javax.faces.resource/jquery/jquery-plugins.js?ln=primefaces&v=4.0 HTTP/1.1" 304 -
190.24.118.242 - - [21/Sep/2023:04:37:46 -0500] "GET /sipse/faces/javax.faces.resource/primefaces.js?ln=primefaces&v=4.0 HTTP/1.1" 304 -
190.24.118.242 - - [21/Sep/2023:04:37:46 -0500] "GET /sipse/faces/javax.faces.resource/layout/layout.js?ln=primefaces&v=4.0 HTTP/1.1" 304 -
190.24.118.242 - - [21/Sep/2023:04:37:46 -0500] "GET /sipse/css/v_mergente.css HTTP/1.1" 304 -
190.24.118.242 - - [21/Sep/2023:04:37:46 -0500] "GET /sipse/imagenes/cargando.gif HTTP/1.1" 304 -
190.24.118.242 - - [21/Sep/2023:04:37:46 -0500] "GET /sipse/imagenes/logoAplicacion.jpg HTTP/1.1" 304 -
190.24.118.242 - - [21/Sep/2023:04:37:46 -0500] "GET /sipse/css/imagen/contrasena.png HTTP/1.1" 404 383
190.24.118.242 - - [21/Sep/2023:04:37:49 -0500] "GET /sipse/faces/javax.faces.resource/images/ui-bg_flat_0_2d5972_40x100.png?ln=primefaces-aristo HTTP/1.1" 304 -
190.24.118.242 - - [21/Sep/2023:04:37:49 -0500] "POST /sipse/faces/bienvenido.xhtml HTTP/1.1" 200 2658
201.245.192.253 - - [21/Sep/2023:04:37:49 -0500] "POST /kwsrmcab/Wsrmcab HTTP/1.1" 200 41079
190.24.118.242 - - [21/Sep/2023:04:37:51 -0500] "POST /sipse/faces/bienvenido.xhtml HTTP/1.1" 200 65373
190.24.118.242 - - [21/Sep/2023:04:37:53 -0500] "GET /sipse/faces/javax.faces.resource/theme.css?ln=primefaces-sipse HTTP/1.1" 304 -
190.24.118.242 - - [21/Sep/2023:04:37:53 -0500] "GET /sipse/faces/javax.faces.resource/layout/layout.css?ln=primefaces&v=4.0 HTTP/1.1" 304 -
190.24.118.242 - - [21/Sep/2023:04:37:53 -0500] "GET /sipse/faces/javax.faces.resource/primefaces.css?ln=primefaces&v=4.0 HTTP/1.1" 304 -
190.24.118.242 - - [21/Sep/2023:04:37:53 -0500] "GET /sipse/faces/javax.faces.resource/jquery/jquery.js?ln=primefaces&v=4.0 HTTP/1.1" 304 -
190.24.118.242 - - [21/Sep/2023:04:37:53 -0500] "GET /sipse/faces/javax.faces.resource/jquery/jquery-plugins.js?ln=primefaces&v=4.0 HTTP/1.1" 304 -
190.24.118.242 - - [21/Sep/2023:04:37:53 -0500] "GET /sipse/faces/javax.faces.resource/primefaces.js?ln=primefaces&v=4.0 HTTP/1.1" 304 -
190.24.118.242 - - [21/Sep/2023:04:37:53 -0500] "GET /sipse/faces/javax.faces.resource/layout/layout.js?ln=primefaces&v=4.0 HTTP/1.1" 304 -
201.245.192.253 - - [21/Sep/2023:04:37:52 -0500] "POST /kwsrmcab/Wsrmcab HTTP/1.1" 200 41404
190.24.118.242 - - [21/Sep/2023:04:37:53 -0500] "POST /sipse/faces/presentacion/financiero/solicitudProceso/listarSolicitudProceso.xhtml HTTP/1.1" 200 1552
190.24.118.242 - - [21/Sep/2023:04:37:58 -0500] "POST /sipse/faces/presentacion/financiero/solicitudProceso/listarSolicitudProceso.xhtml HTTP/1.1" 200 56231
190.24.118.242 - - [21/Sep/2023:04:37:59 -0500] "GET /sipse/faces/javax.faces.resource/theme.css?ln=primefaces-sipse HTTP/1.1" 304 -
190.24.118.242 - - [21/Sep/2023:04:37:59 -0500] "GET /sipse/faces/javax.faces.resource/primefaces.css?ln=primefaces&v=4.0 HTTP/1.1" 304 -
190.24.118.242 - - [21/Sep/2023:04:37:59 -0500] "GET /sipse/faces/javax.faces.resource/layout/layout.css?ln=primefaces&v=4.0 HTTP/1.1" 304 -
190.24.118.242 - - [21/Sep/2023:04:37:59 -0500] "GET /sipse/faces/javax.faces.resource/jquery/jquery.js?ln=primefaces&v=4.0 HTTP/1.1" 304 -
190.24.118.242 - - [21/Sep/2023:04:37:59 -0500] "GET /sipse/faces/javax.faces.resource/jquery/jquery-plugins.js?ln=primefaces&v=4.0 HTTP/1.1" 304 -
190.24.118.242 - - [21/Sep/2023:04:37:59 -0500] "GET /sipse/faces/javax.faces.resource/primefaces.js?ln=primefaces&v=4.0 HTTP/1.1" 304 -
190.24.118.242 - - [21/Sep/2023:04:37:59 -0500] "GET /sipse/faces/javax.faces.resource/layout/layout.js?ln=primefaces&v=4.0 HTTP/1.1" 304 -
190.24.118.242 - - [21/Sep/2023:04:37:59 -0500] "POST /sipse/faces/presentacion/financiero/solicitudProceso/solicitudProcesoOtrosPagos.xhtml HTTP/1.1" 200 49541
201.245.192.253 - - [21/Sep/2023:04:38:19 -0500] "POST /kwsrmcab/Wsrmcab  HTTP/1.1" 200 41265
172.22.2.4 - - [21/Sep/2023:04:36:56 -0500] "GET /BLA/boletinlegal/ HTTP/1.1" 200 58187
216.245.221.92 - - [21/Sep/2023:04:40:52 -0500] "HEAD / HTTP/1.1" 200 -
201.245.192.253 - - [21/Sep/2023:04:43:18 -0500] "POST /kwsrmcab/Wsrmcab  HTTP/1.1" 200 41265
172.22.2.4 - - [21/Sep/2023:04:41:56 -0500] "HEAD /BLA/boletinlegal/ HTTP/1.1" 200 -
66.249.66.194 - - [21/Sep/2023:04:43:44 -0500] "GET /semana-bogoti-reverdece-bogoti-preparada-para-la-crisis-climitica.html HTTP/1.1" 200 949
172.22.2.4 - - [21/Sep/2023:04:42:46 -0500] "GET /BLA/boletinlegal/ HTTP/1.1" 200 52068
216.244.66.195 - - [21/Sep/2023:04:45:24 -0500] "GET /BLA/resoluciones/AUTOS%202018/2106.pdf HTTP/1.1" 200 280015
190.24.118.242 - - [21/Sep/2023:04:45:37 -0500] "GET /sipse/faces/faces/faces/faces/faces/faces/autenticacion.xhtml HTTP/1.1" 200 12424
190.24.118.242 - - [21/Sep/2023:04:45:38 -0500] "GET /sipse/faces/javax.faces.resource/theme.css?ln=primefaces-sipse HTTP/1.1" 304 -
190.24.118.242 - - [21/Sep/2023:04:45:38 -0500] "GET /sipse/faces/javax.faces.resource/jquery/jquery-plugins.js?ln=primefaces&v=4.0 HTTP/1.1" 304 -
190.24.118.242 - - [21/Sep/2023:04:45:38 -0500] "GET /sipse/faces/javax.faces.resource/layout/layout.js?ln=primefaces&v=4.0 HTTP/1.1" 304 -
190.24.118.242 - - [21/Sep/2023:04:45:38 -0500] "GET /sipse/faces/javax.faces.resource/jquery/jquery.js?ln=primefaces&v=4.0 HTTP/1.1" 304 -
190.24.118.242 - - [21/Sep/2023:04:45:38 -0500] "GET /sipse/faces/javax.faces.resource/primefaces.css?ln=primefaces&v=4.0 HTTP/1.1" 304 -
190.24.118.242 - - [21/Sep/2023:04:45:38 -0500] "GET /sipse/faces/javax.faces.resource/layout/layout.css?ln=primefaces&v=4.0 HTTP/1.1" 304 -
190.24.118.242 - - [21/Sep/2023:04:45:38 -0500] "GET /sipse/faces/javax.faces.resource/primefaces.js?ln=primefaces&v=4.0 HTTP/1.1" 304 -
190.24.118.242 - - [21/Sep/2023:04:45:38 -0500] "GET /sipse/faces/javax.faces.resource/images/ui-icons_898989_256x240.png?ln=primefaces-aristo HTTP/1.1" 304 -
190.24.118.242 - - [21/Sep/2023:04:45:39 -0500] "GET /sipse/faces/faces/faces/faces/faces/faces/index.xhtml HTTP/1.1" 200 677
190.24.118.242 - - [21/Sep/2023:04:45:39 -0500] "GET /sipse/faces/javax.faces.resource/theme.css?ln=primefaces-sipse HTTP/1.1" 304 -
190.24.118.242 - - [21/Sep/2023:04:45:39 -0500] "GET /sipse/faces/faces/faces/faces/faces/faces/faces/autenticacion.xhtml HTTP/1.1" 200 12424
190.24.118.242 - - [21/Sep/2023:04:45:39 -0500] "GET /sipse/faces/javax.faces.resource/theme.css?ln=primefaces-sipse HTTP/1.1" 304 -
190.24.118.242 - - [21/Sep/2023:04:45:39 -0500] "GET /sipse/faces/javax.faces.resource/primefaces.css?ln=primefaces&v=4.0 HTTP/1.1" 304 -
190.24.118.242 - - [21/Sep/2023:04:45:39 -0500] "GET /sipse/faces/javax.faces.resource/layout/layout.css?ln=primefaces&v=4.0 HTTP/1.1" 304 -
190.24.118.242 - - [21/Sep/2023:04:45:39 -0500] "GET /sipse/faces/javax.faces.resource/jquery/jquery-plugins.js?ln=primefaces&v=4.0 HTTP/1.1" 304 -
190.24.118.242 - - [21/Sep/2023:04:45:39 -0500] "GET /sipse/faces/javax.faces.resource/primefaces.js?ln=primefaces&v=4.0 HTTP/1.1" 304 -
190.24.118.242 - - [21/Sep/2023:04:45:39 -0500] "GET /sipse/faces/javax.faces.resource/jquery/jquery.js?ln=primefaces&v=4.0 HTTP/1.1" 304 -
190.24.118.242 - - [21/Sep/2023:04:45:39 -0500] "GET /sipse/faces/javax.faces.resource/layout/layout.js?ln=primefaces&v=4.0 HTTP/1.1" 304 -
190.24.118.242 - - [21/Sep/2023:04:45:39 -0500] "GET /sipse/faces/javax.faces.resource/images/ui-icons_898989_256x240.png?ln=primefaces-aristo HTTP/1.1" 304 -
216.245.221.92 - - [21/Sep/2023:04:45:52 -0500] "HEAD / HTTP/1.1" 200 -
216.244.66.195 - - [21/Sep/2023:04:46:12 -0500] "GET /BLA/resoluciones/AUTOS%202018/2126.pdf HTTP/1.1" 200 317774
216.244.66.195 - - [21/Sep/2023:04:46:54 -0500] "GET /BLA/resoluciones/AUTOS%202018/2349.pdf HTTP/1.1" 200 224823
190.24.118.242 - - [21/Sep/2023:04:47:13 -0500] "POST /sipse/faces/autenticacion.xhtml HTTP/1.1" 200 2220
190.24.118.242 - - [21/Sep/2023:04:47:13 -0500] "GET /sipse/faces/javax.faces.resource/messages/messages.png?ln=primefaces&v=4.0 HTTP/1.1" 304 -
190.24.118.242 - - [21/Sep/2023:04:47:15 -0500] "POST /sipse/faces/autenticacion.xhtml HTTP/1.1" 200 16431
190.24.118.242 - - [21/Sep/2023:04:47:15 -0500] "GET /sipse/faces/javax.faces.resource/theme.css?ln=primefaces-sipse HTTP/1.1" 304 -
190.24.118.242 - - [21/Sep/2023:04:47:15 -0500] "GET /sipse/faces/javax.faces.resource/primefaces.css?ln=primefaces&v=4.0 HTTP/1.1" 304 -
190.24.118.242 - - [21/Sep/2023:04:47:15 -0500] "GET /sipse/faces/javax.faces.resource/layout/layout.css?ln=primefaces&v=4.0 HTTP/1.1" 304 -
190.24.118.242 - - [21/Sep/2023:04:47:15 -0500] "GET /sipse/faces/javax.faces.resource/jquery/jquery.js?ln=primefaces&v=4.0 HTTP/1.1" 304 -
190.24.118.242 - - [21/Sep/2023:04:47:15 -0500] "GET /sipse/faces/javax.faces.resource/jquery/jquery-plugins.js?ln=primefaces&v=4.0 HTTP/1.1" 304 -
190.24.118.242 - - [21/Sep/2023:04:47:15 -0500] "GET /sipse/faces/javax.faces.resource/primefaces.js?ln=primefaces&v=4.0 HTTP/1.1" 304 -
190.24.118.242 - - [21/Sep/2023:04:47:15 -0500] "GET /sipse/faces/javax.faces.resource/layout/layout.js?ln=primefaces&v=4.0 HTTP/1.1" 304 -
190.24.118.242 - - [21/Sep/2023:04:47:15 -0500] "GET /sipse/css/imagen/contrasena.png HTTP/1.1" 404 383
190.24.118.242 - - [21/Sep/2023:04:47:17 -0500] "GET /sipse/faces/javax.faces.resource/images/ui-bg_flat_0_2d5972_40x100.png?ln=primefaces-aristo HTTP/1.1" 304 -
190.24.118.242 - - [21/Sep/2023:04:47:17 -0500] "POST /sipse/faces/bienvenido.xhtml HTTP/1.1" 200 2658
190.24.118.242 - - [21/Sep/2023:04:47:19 -0500] "POST /sipse/faces/bienvenido.xhtml HTTP/1.1" 200 56231
190.24.118.242 - - [21/Sep/2023:04:47:21 -0500] "GET /sipse/faces/javax.faces.resource/theme.css?ln=primefaces-sipse HTTP/1.1" 304 -
190.24.118.242 - - [21/Sep/2023:04:47:21 -0500] "GET /sipse/faces/javax.faces.resource/layout/layout.css?ln=primefaces&v=4.0 HTTP/1.1" 304 -
190.24.118.242 - - [21/Sep/2023:04:47:21 -0500] "GET /sipse/faces/javax.faces.resource/primefaces.css?ln=primefaces&v=4.0 HTTP/1.1" 304 -
190.24.118.242 - - [21/Sep/2023:04:47:21 -0500] "GET /sipse/faces/javax.faces.resource/jquery/jquery.js?ln=primefaces&v=4.0 HTTP/1.1" 304 -
190.24.118.242 - - [21/Sep/2023:04:47:21 -0500] "GET /sipse/faces/javax.faces.resource/jquery/jquery-plugins.js?ln=primefaces&v=4.0 HTTP/1.1" 304 -
190.24.118.242 - - [21/Sep/2023:04:47:21 -0500] "GET /sipse/faces/javax.faces.resource/primefaces.js?ln=primefaces&v=4.0 HTTP/1.1" 304 -
190.24.118.242 - - [21/Sep/2023:04:47:21 -0500] "GET /sipse/faces/javax.faces.resource/layout/layout.js?ln=primefaces&v=4.0 HTTP/1.1" 304 -
216.244.66.195 - - [21/Sep/2023:04:47:32 -0500] "GET /BLA/resoluciones/AUTOS%202019/4466.pdf HTTP/1.1" 200 644530
190.24.118.242 - - [21/Sep/2023:04:47:42 -0500] "POST /sipse/faces/presentacion/financiero/solicitudProceso/solicitudProcesoOtrosPagos.xhtml HTTP/1.1" 200 53629
190.24.118.242 - - [21/Sep/2023:04:47:42 -0500] "GET /sipse/faces/javax.faces.resource/theme.css?ln=primefaces-sipse HTTP/1.1" 304 -
190.24.118.242 - - [21/Sep/2023:04:47:42 -0500] "GET /sipse/faces/javax.faces.resource/layout/layout.css?ln=primefaces&v=4.0 HTTP/1.1" 304 -
190.24.118.242 - - [21/Sep/2023:04:47:42 -0500] "GET /sipse/faces/javax.faces.resource/primefaces.css?ln=primefaces&v=4.0 HTTP/1.1" 304 -
190.24.118.242 - - [21/Sep/2023:04:47:42 -0500] "GET /sipse/faces/javax.faces.resource/fileupload/fileupload.css?ln=primefaces&v=4.0 HTTP/1.1" 304 -
190.24.118.242 - - [21/Sep/2023:04:47:42 -0500] "GET /sipse/faces/javax.faces.resource/jquery/jquery.js?ln=primefaces&v=4.0 HTTP/1.1" 304 -
190.24.118.242 - - [21/Sep/2023:04:47:43 -0500] "GET /sipse/faces/javax.faces.resource/jquery/jquery-plugins.js?ln=primefaces&v=4.0 HTTP/1.1" 304 -
190.24.118.242 - - [21/Sep/2023:04:47:43 -0500] "GET /sipse/faces/javax.faces.resource/primefaces.js?ln=primefaces&v=4.0 HTTP/1.1" 304 -
190.24.118.242 - - [21/Sep/2023:04:47:43 -0500] "GET /sipse/faces/javax.faces.resource/layout/layout.js?ln=primefaces&v=4.0 HTTP/1.1" 304 -
190.24.118.242 - - [21/Sep/2023:04:47:43 -0500] "GET /sipse/faces/javax.faces.resource/fileupload/fileupload.js?ln=primefaces&v=4.0 HTTP/1.1" 304 -
201.245.192.253 - - [21/Sep/2023:04:48:18 -0500] "POST /kwsrmcab/Wsrmcab  HTTP/1.1" 200 41265
216.244.66.195 - - [21/Sep/2023:04:48:22 -0500] "GET /BLA/resoluciones/AUTOS%202020/0032.pdf HTTP/1.1" 200 1540287
190.24.118.242 - - [21/Sep/2023:04:49:01 -0500] "POST /sipse/faces/presentacion/financiero/solicitudProceso/detalleSolicitudProcesoOtrosPagos.xhtml HTTP/1.1" 200 6987
190.24.118.242 - - [21/Sep/2023:04:49:02 -0500] "GET /sipse/faces/javax.faces.resource/messages/messages.png?ln=primefaces&v=4.0 HTTP/1.1" 304 -
190.24.118.242 - - [21/Sep/2023:04:49:14 -0500] "POST /sipse/faces/presentacion/financiero/solicitudProceso/detalleSolicitudProcesoOtrosPagos.xhtml HTTP/1.1" 200 7822
216.244.66.195 - - [21/Sep/2023:04:49:15 -0500] "GET /BLA/resoluciones/AUTOS%202020/0765.pdf HTTP/1.1" 200 415583
190.24.118.242 - - [21/Sep/2023:04:49:23 -0500] "POST /sipse/faces/presentacion/financiero/solicitudProceso/detalleSolicitudProcesoOtrosPagos.xhtml HTTP/1.1" 200 8660
172.22.2.4 - - [21/Sep/2023:04:47:46 -0500] "HEAD /BLA/boletinlegal/ HTTP/1.1" 200 -
190.24.118.242 - - [21/Sep/2023:04:49:32 -0500] "POST /sipse/faces/presentacion/financiero/solicitudProceso/detalleSolicitudProcesoOtrosPagos.xhtml HTTP/1.1" 200 190
190.24.118.242 - - [21/Sep/2023:04:49:34 -0500] "GET /sipse/faces/presentacion/financiero/solicitudProceso/solicitudProcesoOtrosPagos.xhtml HTTP/1.1" 200 59187
190.24.118.242 - - [21/Sep/2023:04:49:34 -0500] "GET /sipse/faces/javax.faces.resource/theme.css?ln=primefaces-sipse HTTP/1.1" 304 -
190.24.118.242 - - [21/Sep/2023:04:49:34 -0500] "GET /sipse/faces/javax.faces.resource/primefaces.css?ln=primefaces&v=4.0 HTTP/1.1" 304 -
190.24.118.242 - - [21/Sep/2023:04:49:34 -0500] "GET /sipse/faces/javax.faces.resource/jquery/jquery-plugins.js?ln=primefaces&v=4.0 HTTP/1.1" 304 -
190.24.118.242 - - [21/Sep/2023:04:49:34 -0500] "GET /sipse/faces/javax.faces.resource/layout/layout.css?ln=primefaces&v=4.0 HTTP/1.1" 304 -
190.24.118.242 - - [21/Sep/2023:04:49:34 -0500] "GET /sipse/faces/javax.faces.resource/jquery/jquery.js?ln=primefaces&v=4.0 HTTP/1.1" 304 -
190.24.118.242 - - [21/Sep/2023:04:49:34 -0500] "GET /sipse/faces/javax.faces.resource/primefaces.js?ln=primefaces&v=4.0 HTTP/1.1" 304 -
190.24.118.242 - - [21/Sep/2023:04:49:34 -0500] "GET /sipse/faces/javax.faces.resource/layout/layout.js?ln=primefaces&v=4.0 HTTP/1.1" 304 -
190.24.118.242 - - [21/Sep/2023:04:49:34 -0500] "GET /sipse/css/imagen/contrasena.png HTTP/1.1" 404 383
190.24.118.242 - - [21/Sep/2023:04:49:34 -0500] "GET /sipse/faces/javax.faces.resource/images/ui-icons_898989_256x240.png?ln=primefaces-aristo HTTP/1.1" 304 -
190.24.118.242 - - [21/Sep/2023:04:49:34 -0500] "GET /sipse/faces/javax.faces.resource/messages/messages.png?ln=primefaces&v=4.0 HTTP/1.1" 304 -
168.119.253.48 - - [21/Sep/2023:04:49:40 -0500] "GET / HTTP/1.1" 200 319
216.244.66.195 - - [21/Sep/2023:04:50:06 -0500] "GET /BLA/resoluciones/AUTOS%202020/0797.pdf HTTP/1.1" 200 356041
172.22.2.4 - - [21/Sep/2023:04:48:36 -0500] "GET /BLA/boletinlegal/ HTTP/1.1" 200 58187
190.24.118.242 - - [21/Sep/2023:04:50:27 -0500] "GET /sipse/faces/javax.faces.resource/images/ui-bg_flat_0_2d5972_40x100.png?ln=primefaces-aristo HTTP/1.1" 304 -
190.24.118.242 - - [21/Sep/2023:04:50:27 -0500] "POST /sipse/faces/presentacion/financiero/solicitudProceso/solicitudProcesoOtrosPagos.xhtml HTTP/1.1" 200 911
216.244.66.195 - - [21/Sep/2023:04:50:51 -0500] "GET /BLA/resoluciones/AUTOS%202020/1007.pdf HTTP/1.1" 200 381846
216.245.221.92 - - [21/Sep/2023:04:50:52 -0500] "HEAD / HTTP/1.1" 200 -
216.244.66.195 - - [21/Sep/2023:04:51:40 -0500] "GET /BLA/resoluciones/AUTOS%202020/1071.pdf HTTP/1.1" 200 381147
216.244.66.195 - - [21/Sep/2023:04:52:27 -0500] "GET /BLA/resoluciones/AUTOS%202020/1628.pdf HTTP/1.1" 200 462188
216.244.66.195 - - [21/Sep/2023:04:53:08 -0500] "GET /BLA/resoluciones/AUTOS%202020/3120.pdf HTTP/1.1" 200 353539
201.245.192.253 - - [21/Sep/2023:04:53:17 -0500] "POST /kwsrmcab/Wsrmcab  HTTP/1.1" 200 41265
216.244.66.195 - - [21/Sep/2023:04:53:49 -0500] "GET /BLA/resoluciones/AUTOS%202020/3620.pdf HTTP/1.1" 200 376154
216.244.66.195 - - [21/Sep/2023:04:54:28 -0500] "GET /BLA/resoluciones/AUTOS%202020/3818.pdf HTTP/1.1" 200 405142
172.22.2.4 - - [21/Sep/2023:04:53:36 -0500] "HEAD /BLA/boletinlegal/ HTTP/1.1" 200 -
216.245.221.92 - - [21/Sep/2023:04:55:52 -0500] "HEAD / HTTP/1.1" 200 -
172.22.2.4 - - [21/Sep/2023:04:54:26 -0500] "GET /BLA/boletinlegal/ HTTP/1.1" 200 58187
201.245.192.253 - - [21/Sep/2023:04:58:16 -0500] "POST /kwsrmcab/Wsrmcab  HTTP/1.1" 200 41265
52.167.144.194 - - [21/Sep/2023:05:00:45 -0500] "GET /BLA/resoluciones/AUTOS%202021/5604.pdf HTTP/1.1" 304 -
216.245.221.92 - - [21/Sep/2023:05:00:52 -0500] "HEAD / HTTP/1.1" 200 -
172.22.2.4 - - [21/Sep/2023:04:59:26 -0500] "HEAD /BLA/boletinlegal/ HTTP/1.1" 200 -
176.100.243.133 - - [21/Sep/2023:05:01:12 -0500] "GET /secretaria-de-ambiente-y-car-firman-el-plan-de-manejo-ambiental-del-sitio-ramsar-complejo-de-humedales-urbanos-de-bogota-unico-en-america-latina.html HTTP/1.1" 200 1040
172.22.2.4 - - [21/Sep/2023:05:00:16 -0500] "GET /BLA/boletinlegal/ HTTP/1.1" 200 58187
157.55.39.48 - - [21/Sep/2023:05:02:28 -0500] "GET /documents/10184/4278102/Viceministra.jpg/31a7b9f7-fe72-4934-b020-0ce1610bca38?t=1676660459655 HTTP/1.1" 404 1034
201.245.192.253 - - [21/Sep/2023:05:03:15 -0500] "POST /kwsrmcab/Wsrmcab  HTTP/1.1" 200 41265
216.244.66.195 - - [21/Sep/2023:05:03:28 -0500] "GET /robots.txt HTTP/1.1" 404 1018
216.245.221.92 - - [21/Sep/2023:05:05:52 -0500] "HEAD / HTTP/1.1" 200 -
172.22.2.4 - - [21/Sep/2023:05:05:16 -0500] "HEAD /BLA/boletinlegal/ HTTP/1.1" 200 -
172.22.2.4 - - [21/Sep/2023:05:05:55 -0500] "HEAD /BLA/boletinlegal/ HTTP/1.1" 200 -
172.22.2.4 - - [21/Sep/2023:05:06:06 -0500] "GET /BLA/boletinlegal/ HTTP/1.1" 200 42736
201.245.192.253 - - [21/Sep/2023:05:08:14 -0500] "POST /kwsrmcab/Wsrmcab  HTTP/1.1" 200 41265
216.245.221.92 - - [21/Sep/2023:05:10:52 -0500] "HEAD / HTTP/1.1" 200 -
172.22.2.4 - - [21/Sep/2023:05:11:06 -0500] "HEAD /BLA/boletinlegal/ HTTP/1.1" 200 -
40.77.167.48 - - [21/Sep/2023:05:13:01 -0500] "GET /BLA/resoluciones/AUTOS%202023/3349.pdf HTTP/1.1" 200 1296460
201.245.192.253 - - [21/Sep/2023:05:13:13 -0500] "POST /kwsrmcab/Wsrmcab  HTTP/1.1" 200 41265
172.22.2.4 - - [21/Sep/2023:05:11:56 -0500] "GET /BLA/boletinlegal/ HTTP/1.1" 200 58187
40.77.167.48 - - [21/Sep/2023:05:15:08 -0500] "GET /BLA/resoluciones/AUTOS%202023/3335.pdf HTTP/1.1" 200 1898188
216.245.221.92 - - [21/Sep/2023:05:15:52 -0500] "HEAD / HTTP/1.1" 200 -
66.249.66.192 - - [21/Sep/2023:05:16:12 -0500] "GET /inscribete-al-monitoreo-nocturno-en-celebracion-de-la-semana-de-las-polillas.html HTTP/1.1" 304 -
201.245.192.253 - - [21/Sep/2023:05:17:49 -0500] "POST /kwsrmcab/Wsrmcab HTTP/1.1" 200 40936
201.245.192.253 - - [21/Sep/2023:05:17:52 -0500] "POST /kwsrmcab/Wsrmcab HTTP/1.1" 200 41097
201.245.192.253 - - [21/Sep/2023:05:18:12 -0500] "POST /kwsrmcab/Wsrmcab  HTTP/1.1" 200 41265
172.22.2.4 - - [21/Sep/2023:05:16:56 -0500] "HEAD /BLA/boletinlegal/ HTTP/1.1" 200 -
52.167.144.235 - - [21/Sep/2023:05:18:57 -0500] "GET /BLA/resoluciones/AUTOS%202023/2823.pdf HTTP/1.1" 200 919294
172.22.2.4 - - [21/Sep/2023:05:17:46 -0500] "GET /BLA/boletinlegal/ HTTP/1.1" 200 58187
216.245.221.92 - - [21/Sep/2023:05:20:52 -0500] "HEAD / HTTP/1.1" 200 -
201.245.192.253 - - [21/Sep/2023:05:23:11 -0500] "POST /kwsrmcab/Wsrmcab  HTTP/1.1" 200 41265
69.63.184.1 - - [21/Sep/2023:05:24:20 -0500] "GET /secretaria-de-ambiente-impone-medidas-preventivas-a-un-privado-que-utilizaba-un-area-protegida-para-promocionar-proyectos.html HTTP/1.1" 200 866
172.22.2.4 - - [21/Sep/2023:05:22:45 -0500] "HEAD /BLA/boletinlegal/ HTTP/1.1" 200 -
172.22.2.4 - - [21/Sep/2023:05:23:36 -0500] "GET /BLA/boletinlegal/ HTTP/1.1" 200 58187
216.245.221.92 - - [21/Sep/2023:05:25:52 -0500] "HEAD / HTTP/1.1" 200 -
40.77.167.67 - - [21/Sep/2023:05:26:00 -0500] "GET /BLA/resoluciones/RESOLUCIONES%202021/3984.pdf HTTP/1.1" 200 622369
201.245.192.253 - - [21/Sep/2023:05:27:49 -0500] "POST /kwsrmcab/Wsrmcab HTTP/1.1" 200 40936
201.245.192.253 - - [21/Sep/2023:05:27:52 -0500] "POST /kwsrmcab/Wsrmcab HTTP/1.1" 200 41097
201.245.192.253 - - [21/Sep/2023:05:28:10 -0500] "POST /kwsrmcab/Wsrmcab  HTTP/1.1" 200 41265
40.77.167.47 - - [21/Sep/2023:05:29:26 -0500] "GET /Publicaciones/2023EE195454.pdf HTTP/1.1" 404 228
66.249.70.198 - - [21/Sep/2023:05:29:36 -0500] "GET /galeria/nivo-slider/demo/images/bannerresiduoshospitalariosagosto.jpg HTTP/1.1" 304 -
98.64.96.176 - - [21/Sep/2023:05:29:46 -0500] "GET /Publicaciones/2023EE195454.pdf HTTP/1.1" 404 228
172.22.2.4 - - [21/Sep/2023:05:28:35 -0500] "HEAD /BLA/boletinlegal/ HTTP/1.1" 200 -
216.245.221.92 - - [21/Sep/2023:05:30:52 -0500] "HEAD / HTTP/1.1" 200 -
65.154.226.168 - - [21/Sep/2023:05:30:56 -0500] "GET /secretaria-de-ambiente-y-car-firman-el-plan-de-manejo-ambiental-del-sitio-ramsar-complejo-de-humedales-urbanos-de-bogota-unico-en-america-latina.html HTTP/1.1" 200 1040
172.22.2.4 - - [21/Sep/2023:05:29:26 -0500] "GET /BLA/boletinlegal/ HTTP/1.1" 200 60692
172.22.2.4 - - [21/Sep/2023:05:31:07 -0500] "GET /BLA/boletinlegal/actos.php HTTP/1.1" 200 9682
172.22.2.4 - - [21/Sep/2023:05:31:07 -0500] "GET /BLA/boletinlegal/styles2.css HTTP/1.1" 200 1838
172.22.2.4 - - [21/Sep/2023:05:31:07 -0500] "GET /BLA/boletinlegal/js/ajax_actos.js HTTP/1.1" 200 1322
172.22.2.4 - - [21/Sep/2023:05:31:07 -0500] "GET /BLA/boletinlegal/niceforms.js HTTP/1.1" 200 22876
172.22.2.4 - - [21/Sep/2023:05:31:07 -0500] "GET /BLA/boletinlegal/niceforms-default.css HTTP/1.1" 200 6694
172.22.2.4 - - [21/Sep/2023:05:31:07 -0500] "GET /BLA/boletinlegal/style.css HTTP/1.1" 200 9406
172.22.2.4 - - [21/Sep/2023:05:31:07 -0500] "GET /BLA/boletinlegal/js/lib.js HTTP/1.1" 200 6474
172.22.2.4 - - [21/Sep/2023:05:31:08 -0500] "GET /BLA/boletinlegal/js/jquery1.js HTTP/1.1" 200 29846
172.22.2.4 - - [21/Sep/2023:05:31:08 -0500] "GET /BLA/boletinlegal/js/popup.js HTTP/1.1" 200 1270
172.22.2.4 - - [21/Sep/2023:05:31:08 -0500] "GET /BLA/boletinlegal/images/cabezote%20BLEGAL.jpg HTTP/1.1" 200 118164
172.22.2.4 - - [21/Sep/2023:05:31:12 -0500] "GET /BLA/boletinlegal/images/subscribe-icon-big.png HTTP/1.1" 200 47702
172.22.2.4 - - [21/Sep/2023:05:31:12 -0500] "GET /BLA/boletinlegal/images/historia.png HTTP/1.1" 200 52775
172.22.2.4 - - [21/Sep/2023:05:31:23 -0500] "GET /BLA/boletinlegal/images/body_bg.jpg HTTP/1.1" 200 1601
172.22.2.4 - - [21/Sep/2023:05:31:23 -0500] "GET /BLA/boletinlegal/images/footer_bg.jpg HTTP/1.1" 200 586
172.22.2.4 - - [21/Sep/2023:05:31:24 -0500] "GET /BLA/boletinlegal/images/menu_lft.gif HTTP/1.1" 200 1713
172.22.2.4 - - [21/Sep/2023:05:31:24 -0500] "GET /BLA/boletinlegal/images/menu_rght.gif HTTP/1.1" 200 1627
172.22.2.4 - - [21/Sep/2023:05:31:25 -0500] "GET /BLA/boletinlegal/images/bg_top.jpg HTTP/1.1" 200 522
172.22.2.4 - - [21/Sep/2023:05:31:25 -0500] "GET /BLA/boletinlegal/images/menu_bg.jpg HTTP/1.1" 200 620
172.22.2.4 - - [21/Sep/2023:05:31:26 -0500] "GET /BLA/boletinlegal/images/text.jpg HTTP/1.1" 200 568
172.22.2.4 - - [21/Sep/2023:05:31:27 -0500] "GET /BLA/boletinlegal/images/hover.jpg HTTP/1.1" 200 640
172.22.2.4 - - [21/Sep/2023:05:31:28 -0500] "GET /BLA/boletinlegal/images/registro-usuarios.png HTTP/1.1" 200 8106
172.22.2.4 - - [21/Sep/2023:05:31:28 -0500] "GET /BLA/boletinlegal/images/green-yellow-blue-pink-th.png HTTP/1.1" 200 7394
172.22.2.4 - - [21/Sep/2023:05:31:28 -0500] "GET /BLA/boletinlegal/images/tel.png HTTP/1.1" 200 14477
172.22.2.4 - - [21/Sep/2023:05:31:29 -0500] "GET /BLA/boletinlegal/images/icono-email.png HTTP/1.1" 200 5544
172.22.2.4 - - [21/Sep/2023:05:31:32 -0500] "GET /BLA/boletinlegal/images/footer_bg_l.jpg HTTP/1.1" 200 776
191.101.110.3 - - [21/Sep/2023:05:31:32 -0500] "GET /secretaria-de-ambiente-y-car-firman-el-plan-de-manejo-ambiental-del-sitio-ramsar-complejo-de-humedales-urbanos-de-bogota-unico-en-america-latina.html HTTP/1.1" 200 1040
172.22.2.4 - - [21/Sep/2023:05:31:36 -0500] "GET /BLA/boletinlegal/img/0.png HTTP/1.1" 200 110
172.22.2.4 - - [21/Sep/2023:05:31:37 -0500] "GET /BLA/boletinlegal/img/select-left.png HTTP/1.1" 200 263
172.22.2.4 - - [21/Sep/2023:05:31:37 -0500] "GET /BLA/boletinlegal/favicon.ico HTTP/1.1" 404 1326
172.22.2.4 - - [21/Sep/2023:05:31:37 -0500] "GET /BLA/boletinlegal/img/select-right.png HTTP/1.1" 200 44019
172.22.2.4 - - [21/Sep/2023:05:31:38 -0500] "GET /BLA/boletinlegal/img/button-left.png HTTP/1.1" 200 57071
172.22.2.4 - - [21/Sep/2023:05:31:39 -0500] "GET /BLA/boletinlegal/img/button.png HTTP/1.1" 200 43241
