216.244.66.195 - - [21/Sep/2023:13:19:01 -0500] "GET /BLA/resoluciones/RESOLUCIONES%202021/1581.pdf HTTP/1.1" 200 353732
201.245.192.253 - - [21/Sep/2023:13:19:11 -0500] "POST /forms/lservlet;jsessionid=ac16012b30d69d644c52ab7640e8a350f59243e0b584.e3iSbxaKaheRe34Pbx8Nc3aQci1ynknvrkLOlQzNp65In0 HTTP/1.1" 200 2
216.244.66.195 - - [21/Sep/2023:13:19:30 -0500] "GET /BLA/resoluciones/RESOLUCIONES%202021/1818.pdf HTTP/1.1" 200 733165
216.244.66.195 - - [21/Sep/2023:13:19:55 -0500] "GET /BLA/resoluciones/RESOLUCIONES%202021/1839.pdf HTTP/1.1" 200 1614132
216.244.66.195 - - [21/Sep/2023:13:20:20 -0500] "GET /BLA/resoluciones/RESOLUCIONES%202021/1925.pdf HTTP/1.1" 200 320233
216.244.66.195 - - [21/Sep/2023:13:20:44 -0500] "GET /BLA/resoluciones/RESOLUCIONES%202021/2303.pdf HTTP/1.1" 200 380647
216.245.221.92 - - [21/Sep/2023:13:20:51 -0500] "HEAD / HTTP/1.1" 200 -
216.244.66.195 - - [21/Sep/2023:13:21:06 -0500] "GET /BLA/resoluciones/RESOLUCIONES%202021/2399.pdf HTTP/1.1" 200 702453
201.245.192.253 - - [21/Sep/2023:13:21:11 -0500] "POST /forms/lservlet;jsessionid=ac16012b30d69d644c52ab7640e8a350f59243e0b584.e3iSbxaKaheRe34Pbx8Nc3aQci1ynknvrkLOlQzNp65In0 HTTP/1.1" 200 2
216.244.66.195 - - [21/Sep/2023:13:21:26 -0500] "GET /BLA/resoluciones/RESOLUCIONES%202021/2659.pdf HTTP/1.1" 200 506105
201.245.192.253 - - [21/Sep/2023:13:21:27 -0500] "POST /kwsrmcab/Wsrmcab  HTTP/1.1" 200 41265
216.244.66.195 - - [21/Sep/2023:13:21:48 -0500] "GET /BLA/resoluciones/RESOLUCIONES%202021/2698.pdf HTTP/1.1" 200 430399
216.244.66.195 - - [21/Sep/2023:13:22:06 -0500] "GET /BLA/resoluciones/RESOLUCIONES%202021/2809.pdf HTTP/1.1" 200 434488
216.244.66.195 - - [21/Sep/2023:13:22:23 -0500] "GET /BLA/resoluciones/RESOLUCIONES%202021/2978.pdf HTTP/1.1" 200 374810
216.244.66.195 - - [21/Sep/2023:13:22:40 -0500] "GET /BLA/resoluciones/RESOLUCIONES%202021/3010.pdf HTTP/1.1" 200 607097
172.22.2.4 - - [21/Sep/2023:13:22:40 -0500] "GET /BLA/boletinlegal/actos.php HTTP/1.1" 200 9682
172.22.2.4 - - [21/Sep/2023:13:22:41 -0500] "GET /BLA/boletinlegal/styles2.css HTTP/1.1" 200 1838
172.22.2.4 - - [21/Sep/2023:13:22:41 -0500] "GET /BLA/boletinlegal/niceforms-default.css HTTP/1.1" 200 6694
172.22.2.4 - - [21/Sep/2023:13:22:41 -0500] "GET /BLA/boletinlegal/js/ajax_actos.js HTTP/1.1" 200 1322
172.22.2.4 - - [21/Sep/2023:13:22:41 -0500] "GET /BLA/boletinlegal/niceforms.js HTTP/1.1" 200 22876
172.22.2.4 - - [21/Sep/2023:13:22:41 -0500] "GET /BLA/boletinlegal/style.css HTTP/1.1" 200 9406
172.22.2.4 - - [21/Sep/2023:13:22:41 -0500] "GET /BLA/boletinlegal/js/lib.js HTTP/1.1" 200 6474
172.22.2.4 - - [21/Sep/2023:13:22:41 -0500] "GET /BLA/boletinlegal/js/popup.js HTTP/1.1" 200 1270
172.22.2.4 - - [21/Sep/2023:13:22:41 -0500] "GET /BLA/boletinlegal/js/jquery1.js HTTP/1.1" 200 29846
172.22.2.4 - - [21/Sep/2023:13:22:41 -0500] "GET /BLA/boletinlegal/images/cabezote%20BLEGAL.jpg HTTP/1.1" 200 118164
172.22.2.4 - - [21/Sep/2023:13:22:41 -0500] "GET /BLA/boletinlegal/images/subscribe-icon-big.png HTTP/1.1" 200 47702
172.22.2.4 - - [21/Sep/2023:13:22:41 -0500] "GET /BLA/boletinlegal/images/historia.png HTTP/1.1" 200 52775
172.22.2.4 - - [21/Sep/2023:13:22:41 -0500] "GET /BLA/boletinlegal/images/tel.png HTTP/1.1" 200 14477
172.22.2.4 - - [21/Sep/2023:13:22:41 -0500] "GET /BLA/boletinlegal/images/green-yellow-blue-pink-th.png HTTP/1.1" 200 7394
172.22.2.4 - - [21/Sep/2023:13:22:41 -0500] "GET /BLA/boletinlegal/images/registro-usuarios.png HTTP/1.1" 200 8106
172.22.2.4 - - [21/Sep/2023:13:22:41 -0500] "GET /BLA/boletinlegal/images/icono-email.png HTTP/1.1" 200 5544
172.22.2.4 - - [21/Sep/2023:13:22:41 -0500] "GET /BLA/boletinlegal/images/body_bg.jpg HTTP/1.1" 200 1601
172.22.2.4 - - [21/Sep/2023:13:22:41 -0500] "GET /BLA/boletinlegal/images/menu_lft.gif HTTP/1.1" 200 1713
172.22.2.4 - - [21/Sep/2023:13:22:41 -0500] "GET /BLA/boletinlegal/images/menu_rght.gif HTTP/1.1" 200 1627
172.22.2.4 - - [21/Sep/2023:13:22:41 -0500] "GET /BLA/boletinlegal/images/bg_top.jpg HTTP/1.1" 200 522
172.22.2.4 - - [21/Sep/2023:13:22:41 -0500] "GET /BLA/boletinlegal/images/menu_bg.jpg HTTP/1.1" 200 620
172.22.2.4 - - [21/Sep/2023:13:22:41 -0500] "GET /BLA/boletinlegal/images/text.jpg HTTP/1.1" 200 568
172.22.2.4 - - [21/Sep/2023:13:22:41 -0500] "GET /BLA/boletinlegal/images/footer_bg_l.jpg HTTP/1.1" 200 776
172.22.2.4 - - [21/Sep/2023:13:22:41 -0500] "GET /BLA/boletinlegal/images/hover.jpg HTTP/1.1" 200 640
172.22.2.4 - - [21/Sep/2023:13:22:41 -0500] "GET /BLA/boletinlegal/images/footer_bg.jpg HTTP/1.1" 200 586
172.22.2.4 - - [21/Sep/2023:13:22:41 -0500] "GET /BLA/boletinlegal/img/0.png HTTP/1.1" 200 110
172.22.2.4 - - [21/Sep/2023:13:22:41 -0500] "GET /BLA/boletinlegal/img/button-left.png HTTP/1.1" 200 57071
172.22.2.4 - - [21/Sep/2023:13:22:41 -0500] "GET /BLA/boletinlegal/img/select-left.png HTTP/1.1" 200 263
172.22.2.4 - - [21/Sep/2023:13:22:41 -0500] "GET /BLA/boletinlegal/img/select-right.png HTTP/1.1" 200 44019
172.22.2.4 - - [21/Sep/2023:13:22:41 -0500] "GET /BLA/boletinlegal/img/button.png HTTP/1.1" 200 43241
172.22.2.4 - - [21/Sep/2023:13:22:41 -0500] "GET /BLA/boletinlegal/img/button-right.png HTTP/1.1" 200 57878
172.22.2.4 - - [21/Sep/2023:13:22:41 -0500] "GET /BLA/boletinlegal/favicon.ico HTTP/1.1" 404 1326
172.22.2.4 - - [21/Sep/2023:13:21:05 -0500] "HEAD /BLA/boletinlegal/ HTTP/1.1" 200 -
216.244.66.195 - - [21/Sep/2023:13:22:55 -0500] "GET /BLA/resoluciones/RESOLUCIONES%202021/3057.pdf HTTP/1.1" 200 435984
216.244.66.195 - - [21/Sep/2023:13:23:10 -0500] "GET /BLA/resoluciones/RESOLUCIONES%202021/3267.pdf HTTP/1.1" 200 357013
201.245.192.253 - - [21/Sep/2023:13:23:11 -0500] "POST /forms/lservlet;jsessionid=ac16012b30d69d644c52ab7640e8a350f59243e0b584.e3iSbxaKaheRe34Pbx8Nc3aQci1ynknvrkLOlQzNp65In0 HTTP/1.1" 200 2
172.22.2.4 - - [21/Sep/2023:13:23:17 -0500] "GET /BLA/boletinlegal/consulta_actos.php?tipo=resoluciones&no=1641&usuario=&sector=&fecha=2020&resuelve= HTTP/1.1" 200 626
198.235.24.20 - - [21/Sep/2023:13:23:23 -0500] "GET / HTTP/1.0" 200 319
216.244.66.195 - - [21/Sep/2023:13:23:25 -0500] "GET /BLA/resoluciones/RESOLUCIONES%202021/3534.pdf HTTP/1.1" 200 371510
172.22.2.4 - - [21/Sep/2023:13:21:55 -0500] "GET /BLA/boletinlegal/ HTTP/1.1" 200 57790
216.244.66.195 - - [21/Sep/2023:13:23:39 -0500] "GET /BLA/resoluciones/RESOLUCIONES%202021/4285.pdf HTTP/1.1" 200 336761
216.244.66.195 - - [21/Sep/2023:13:23:50 -0500] "GET /BLA/resoluciones/RESOLUCIONES%202021/4289.pdf HTTP/1.1" 200 336739
216.244.66.195 - - [21/Sep/2023:13:24:00 -0500] "GET /BLA/resoluciones/RESOLUCIONES%202021/4376.pdf HTTP/1.1" 200 352954
216.244.66.195 - - [21/Sep/2023:13:24:10 -0500] "GET /BLA/resoluciones/RESOLUCIONES%202021/4384.pdf HTTP/1.1" 200 368084
186.84.90.150 - - [21/Sep/2023:13:24:14 -0500] "GET /sipse/faces/index.xhtml HTTP/1.1" 200 677
186.84.90.150 - - [21/Sep/2023:13:24:14 -0500] "GET /sipse/faces/javax.faces.resource/theme.css?ln=primefaces-sipse HTTP/1.1" 304 -
186.84.90.150 - - [21/Sep/2023:13:24:14 -0500] "GET /sipse/faces/faces/autenticacion.xhtml HTTP/1.1" 200 12415
186.84.90.150 - - [21/Sep/2023:13:24:14 -0500] "GET /sipse/faces/javax.faces.resource/theme.css?ln=primefaces-sipse HTTP/1.1" 304 -
186.84.90.150 - - [21/Sep/2023:13:24:14 -0500] "GET /sipse/faces/javax.faces.resource/primefaces.css?ln=primefaces&v=4.0 HTTP/1.1" 304 -
186.84.90.150 - - [21/Sep/2023:13:24:14 -0500] "GET /sipse/faces/javax.faces.resource/jquery/jquery-plugins.js?ln=primefaces&v=4.0 HTTP/1.1" 304 -
186.84.90.150 - - [21/Sep/2023:13:24:14 -0500] "GET /sipse/css/custom_css_sg.css HTTP/1.1" 304 -
186.84.90.150 - - [21/Sep/2023:13:24:14 -0500] "GET /sipse/faces/javax.faces.resource/primefaces.js?ln=primefaces&v=4.0 HTTP/1.1" 304 -
186.84.90.150 - - [21/Sep/2023:13:24:14 -0500] "GET /sipse/faces/javax.faces.resource/layout/layout.js?ln=primefaces&v=4.0 HTTP/1.1" 304 -
186.84.90.150 - - [21/Sep/2023:13:24:14 -0500] "GET /sipse/js/disable_browser_buttons.js HTTP/1.1" 304 -
186.84.90.150 - - [21/Sep/2023:13:24:14 -0500] "GET /sipse/css/custom_css_sg_prime_login.css HTTP/1.1" 304 -
186.84.90.150 - - [21/Sep/2023:13:24:14 -0500] "GET /sipse/js/funciones.js HTTP/1.1" 304 -
186.84.90.150 - - [21/Sep/2023:13:24:14 -0500] "GET /sipse/faces/javax.faces.resource/jquery/jquery.js?ln=primefaces&v=4.0 HTTP/1.1" 304 -
186.84.90.150 - - [21/Sep/2023:13:24:15 -0500] "GET /sipse/faces/javax.faces.resource/layout/layout.css?ln=primefaces&v=4.0 HTTP/1.1" 304 -
186.84.90.150 - - [21/Sep/2023:13:24:15 -0500] "GET /sipse/css/imagen/loginimg.png HTTP/1.1" 304 -
186.84.90.150 - - [21/Sep/2023:13:24:15 -0500] "GET /sipse/css/imagen/logoSDG.png HTTP/1.1" 304 -
186.84.90.150 - - [21/Sep/2023:13:24:15 -0500] "GET /sipse/faces/javax.faces.resource/images/ui-icons_898989_256x240.png?ln=primefaces-aristo HTTP/1.1" 304 -
216.244.66.195 - - [21/Sep/2023:13:24:19 -0500] "GET /BLA/resoluciones/RESOLUCIONES%202022/0113.pdf HTTP/1.1" 200 361594
186.84.90.150 - - [21/Sep/2023:13:24:19 -0500] "POST /sipse/faces/autenticacion.xhtml HTTP/1.1" 200 2218
186.84.90.150 - - [21/Sep/2023:13:24:19 -0500] "GET /sipse/faces/javax.faces.resource/messages/messages.png?ln=primefaces&v=4.0 HTTP/1.1" 304 -
186.84.90.150 - - [21/Sep/2023:13:24:20 -0500] "POST /sipse/faces/autenticacion.xhtml HTTP/1.1" 200 16393
186.84.90.150 - - [21/Sep/2023:13:24:21 -0500] "GET /sipse/css/custom_css_sg_prime.css HTTP/1.1" 304 -
186.84.90.150 - - [21/Sep/2023:13:24:21 -0500] "GET /sipse/faces/javax.faces.resource/primefaces.css?ln=primefaces&v=4.0 HTTP/1.1" 304 -
186.84.90.150 - - [21/Sep/2023:13:24:21 -0500] "GET /sipse/faces/javax.faces.resource/theme.css?ln=primefaces-sipse HTTP/1.1" 304 -
186.84.90.150 - - [21/Sep/2023:13:24:21 -0500] "GET /sipse/faces/javax.faces.resource/layout/layout.css?ln=primefaces&v=4.0 HTTP/1.1" 304 -
186.84.90.150 - - [21/Sep/2023:13:24:21 -0500] "GET /sipse/js/jquery.min.js HTTP/1.1" 304 -
186.84.90.150 - - [21/Sep/2023:13:24:21 -0500] "GET /sipse/faces/javax.faces.resource/jquery/jquery.js?ln=primefaces&v=4.0 HTTP/1.1" 304 -
186.84.90.150 - - [21/Sep/2023:13:24:21 -0500] "GET /sipse/faces/javax.faces.resource/jquery/jquery-plugins.js?ln=primefaces&v=4.0 HTTP/1.1" 304 -
186.84.90.150 - - [21/Sep/2023:13:24:21 -0500] "GET /sipse/faces/javax.faces.resource/primefaces.js?ln=primefaces&v=4.0 HTTP/1.1" 304 -
186.84.90.150 - - [21/Sep/2023:13:24:21 -0500] "GET /sipse/faces/javax.faces.resource/layout/layout.js?ln=primefaces&v=4.0 HTTP/1.1" 304 -
186.84.90.150 - - [21/Sep/2023:13:24:21 -0500] "GET /sipse/css/imagen/contrasena.png HTTP/1.1" 404 383
186.84.90.150 - - [21/Sep/2023:13:24:21 -0500] "GET /sipse/css/v_mergente.css HTTP/1.1" 304 -
186.84.90.150 - - [21/Sep/2023:13:24:21 -0500] "GET /sipse/imagenes/logoAplicacion.jpg HTTP/1.1" 304 -
186.84.90.150 - - [21/Sep/2023:13:24:21 -0500] "GET /sipse/imagenes/cargando.gif HTTP/1.1" 304 -
216.244.66.195 - - [21/Sep/2023:13:24:26 -0500] "GET /BLA/resoluciones/RESOLUCIONES%202022/0190.pdf HTTP/1.1" 200 560937
216.244.66.195 - - [21/Sep/2023:13:24:33 -0500] "GET /BLA/resoluciones/RESOLUCIONES%202022/0230.pdf HTTP/1.1" 200 336290
186.84.90.150 - - [21/Sep/2023:13:24:37 -0500] "POST /sipse/faces/bienvenido.xhtml HTTP/1.1" 200 2073
186.84.90.150 - - [21/Sep/2023:13:24:37 -0500] "GET /sipse/faces/javax.faces.resource/images/ui-bg_flat_0_2d5972_40x100.png?ln=primefaces-aristo HTTP/1.1" 304 -
186.84.90.150 - - [21/Sep/2023:13:24:38 -0500] "POST /sipse/faces/bienvenido.xhtml HTTP/1.1" 200 39036
186.84.90.150 - - [21/Sep/2023:13:24:38 -0500] "GET /sipse/faces/javax.faces.resource/theme.css?ln=primefaces-sipse HTTP/1.1" 304 -
186.84.90.150 - - [21/Sep/2023:13:24:38 -0500] "GET /sipse/faces/javax.faces.resource/primefaces.css?ln=primefaces&v=4.0 HTTP/1.1" 304 -
186.84.90.150 - - [21/Sep/2023:13:24:38 -0500] "GET /sipse/faces/javax.faces.resource/jquery/jquery.js?ln=primefaces&v=4.0 HTTP/1.1" 304 -
186.84.90.150 - - [21/Sep/2023:13:24:38 -0500] "GET /sipse/faces/javax.faces.resource/layout/layout.css?ln=primefaces&v=4.0 HTTP/1.1" 304 -
186.84.90.150 - - [21/Sep/2023:13:24:38 -0500] "GET /sipse/faces/javax.faces.resource/jquery/jquery-plugins.js?ln=primefaces&v=4.0 HTTP/1.1" 304 -
186.84.90.150 - - [21/Sep/2023:13:24:38 -0500] "GET /sipse/faces/javax.faces.resource/primefaces.js?ln=primefaces&v=4.0 HTTP/1.1" 304 -
186.84.90.150 - - [21/Sep/2023:13:24:38 -0500] "GET /sipse/faces/javax.faces.resource/layout/layout.js?ln=primefaces&v=4.0 HTTP/1.1" 304 -
216.244.66.195 - - [21/Sep/2023:13:24:39 -0500] "GET /BLA/resoluciones/RESOLUCIONES%202022/0331.pdf HTTP/1.1" 200 494080
216.244.66.195 - - [21/Sep/2023:13:24:44 -0500] "GET /BLA/resoluciones/RESOLUCIONES%202022/0700.pdf HTTP/1.1" 200 379989
172.22.2.4 - - [21/Sep/2023:13:24:47 -0500] "GET /BLA/boletinlegal/consulta_actos.php?tipo=resoluciones&no=1641&usuario=&sector=&fecha=2020&resuelve= HTTP/1.1" 200 626
172.22.2.4 - - [21/Sep/2023:13:24:47 -0500] "GET /BLA/boletinlegal/consulta_actos.php?tipo=resoluciones&no=1641&usuario=&sector=&fecha=2020&resuelve= HTTP/1.1" 200 626
216.244.66.195 - - [21/Sep/2023:13:24:48 -0500] "GET /BLA/resoluciones/RESOLUCIONES%202022/1004.pdf HTTP/1.1" 200 480796
172.22.2.4 - - [21/Sep/2023:13:24:48 -0500] "GET /BLA/boletinlegal/consulta_actos.php?tipo=resoluciones&no=1641&usuario=&sector=&fecha=2020&resuelve= HTTP/1.1" 200 626
172.22.2.4 - - [21/Sep/2023:13:24:48 -0500] "GET /BLA/boletinlegal/consulta_actos.php?tipo=resoluciones&no=1641&usuario=&sector=&fecha=2020&resuelve= HTTP/1.1" 200 626
172.22.2.4 - - [21/Sep/2023:13:24:48 -0500] "GET /BLA/boletinlegal/consulta_actos.php?tipo=resoluciones&no=1641&usuario=&sector=&fecha=2020&resuelve= HTTP/1.1" 200 626
172.22.2.4 - - [21/Sep/2023:13:24:48 -0500] "GET /BLA/boletinlegal/consulta_actos.php?tipo=resoluciones&no=1641&usuario=&sector=&fecha=2020&resuelve= HTTP/1.1" 200 626
172.22.2.4 - - [21/Sep/2023:13:24:49 -0500] "GET /BLA/boletinlegal/consulta_actos.php?tipo=resoluciones&no=1641&usuario=&sector=&fecha=2020&resuelve= HTTP/1.1" 200 626
172.22.2.4 - - [21/Sep/2023:13:24:49 -0500] "GET /BLA/boletinlegal/consulta_actos.php?tipo=resoluciones&no=1641&usuario=&sector=&fecha=2020&resuelve= HTTP/1.1" 200 626
172.22.2.4 - - [21/Sep/2023:13:24:49 -0500] "GET /BLA/boletinlegal/consulta_actos.php?tipo=resoluciones&no=1641&usuario=&sector=&fecha=2020&resuelve= HTTP/1.1" 200 626
172.22.2.4 - - [21/Sep/2023:13:24:49 -0500] "GET /BLA/boletinlegal/consulta_actos.php?tipo=resoluciones&no=1641&usuario=&sector=&fecha=2020&resuelve= HTTP/1.1" 200 626
172.22.2.4 - - [21/Sep/2023:13:24:49 -0500] "GET /BLA/boletinlegal/consulta_actos.php?tipo=resoluciones&no=1641&usuario=&sector=&fecha=2020&resuelve= HTTP/1.1" 200 626
172.22.2.4 - - [21/Sep/2023:13:24:50 -0500] "GET /BLA/boletinlegal/consulta_actos.php?tipo=resoluciones&no=1641&usuario=&sector=&fecha=2020&resuelve= HTTP/1.1" 200 626
172.22.2.4 - - [21/Sep/2023:13:24:50 -0500] "GET /BLA/boletinlegal/consulta_actos.php?tipo=resoluciones&no=1641&usuario=&sector=&fecha=2020&resuelve= HTTP/1.1" 200 626
186.84.90.150 - - [21/Sep/2023:13:24:53 -0500] "POST /sipse/faces/presentacion/financiero/solicitudProceso/consultar.xhtml HTTP/1.1" 200 12781
186.84.90.150 - - [21/Sep/2023:13:24:57 -0500] "POST /sipse/faces/presentacion/financiero/solicitudProceso/consultar.xhtml HTTP/1.1" 200 120767
186.84.90.150 - - [21/Sep/2023:13:24:58 -0500] "GET /sipse/faces/javax.faces.resource/theme.css?ln=primefaces-sipse HTTP/1.1" 304 -
186.84.90.150 - - [21/Sep/2023:13:24:58 -0500] "GET /sipse/faces/javax.faces.resource/primefaces.css?ln=primefaces&v=4.0 HTTP/1.1" 304 -
186.84.90.150 - - [21/Sep/2023:13:24:58 -0500] "GET /sipse/faces/javax.faces.resource/layout/layout.css?ln=primefaces&v=4.0 HTTP/1.1" 304 -
186.84.90.150 - - [21/Sep/2023:13:24:58 -0500] "GET /sipse/faces/javax.faces.resource/jquery/jquery.js?ln=primefaces&v=4.0 HTTP/1.1" 304 -
186.84.90.150 - - [21/Sep/2023:13:24:59 -0500] "GET /sipse/faces/javax.faces.resource/jquery/jquery-plugins.js?ln=primefaces&v=4.0 HTTP/1.1" 304 -
186.84.90.150 - - [21/Sep/2023:13:24:59 -0500] "GET /sipse/faces/javax.faces.resource/primefaces.js?ln=primefaces&v=4.0 HTTP/1.1" 304 -
186.84.90.150 - - [21/Sep/2023:13:24:59 -0500] "GET /sipse/faces/javax.faces.resource/layout/layout.js?ln=primefaces&v=4.0 HTTP/1.1" 304 -
186.84.90.150 - - [21/Sep/2023:13:24:59 -0500] "GET /sipse/faces/javax.faces.resource/dynamiccontent.properties?ln=primefaces&pfdrid=XjOR5%2F%2FfPAZAuY9TpWQeCiM0BhlXxYRBGKi%2FQcXXfeA%3D&pfdrid_c=false HTTP/1.1" 500 383
201.245.192.253 - - [21/Sep/2023:13:25:11 -0500] "POST /forms/lservlet;jsessionid=ac16012b30d69d644c52ab7640e8a350f59243e0b584.e3iSbxaKaheRe34Pbx8Nc3aQci1ynknvrkLOlQzNp65In0 HTTP/1.1" 200 2
216.244.66.195 - - [21/Sep/2023:13:25:18 -0500] "GET /BLA/resoluciones/RESOLUCIONES%202022/1592.pdf HTTP/1.1" 200 345672
181.53.12.25 - - [21/Sep/2023:13:25:19 -0500] "GET /mujeres-que-reverdecen-secretaria-de-ambiente-anuncia-300-cupos-para-la-tercera-fase-del-programa.html HTTP/1.1" 200 823
216.244.66.195 - - [21/Sep/2023:13:25:42 -0500] "GET /BLA/resoluciones/RESOLUCIONES%202022/2910.pdf HTTP/1.1" 200 415694
216.245.221.92 - - [21/Sep/2023:13:25:51 -0500] "HEAD / HTTP/1.1" 200 -
216.244.66.195 - - [21/Sep/2023:13:26:06 -0500] "GET /BLA/resoluciones/RESOLUCIONES%202022/3079.pdf HTTP/1.1" 200 355845
172.22.2.4 - - [21/Sep/2023:13:26:07 -0500] "GET /BLA/boletinlegal/consulta_actos.php?tipo=resoluciones&no=1641&usuario=&sector=&fecha=2009&resuelve= HTTP/1.1" 200 1071
172.22.2.4 - - [21/Sep/2023:13:26:08 -0500] "GET /BLA/boletinlegal/images/pdf.gif HTTP/1.1" 200 567
172.22.2.4 - - [21/Sep/2023:13:26:18 -0500] "GET /BLA/boletinlegal/consulta_actos.php?tipo=resoluciones&no=1641&usuario=&sector=&fecha=2010&resuelve= HTTP/1.1" 200 1102
172.22.2.4 - - [21/Sep/2023:13:26:25 -0500] "GET /BLA/boletinlegal/consulta_actos.php?tipo=resoluciones&no=1641&usuario=&sector=&fecha=2011&resuelve= HTTP/1.1" 200 1100
216.244.66.195 - - [21/Sep/2023:13:26:28 -0500] "GET /BLA/resoluciones/RESOLUCIONES%202022/3287.pdf HTTP/1.1" 200 384096
201.245.192.253 - - [21/Sep/2023:13:26:25 -0500] "POST /kwsrmcab/Wsrmcab  HTTP/1.1" 200 41265
172.22.2.4 - - [21/Sep/2023:13:26:35 -0500] "GET /BLA/boletinlegal/actos.php HTTP/1.1" 200 9682
172.22.2.4 - - [21/Sep/2023:13:26:36 -0500] "GET /BLA/boletinlegal/favicon.ico HTTP/1.1" 404 1326
172.22.2.4 - - [21/Sep/2023:13:26:39 -0500] "GET /BLA/boletinlegal/consulta_actos.php?tipo=resoluciones&no=1641&usuario=&sector=&fecha=2012&resuelve= HTTP/1.1" 200 1116
172.22.2.4 - - [21/Sep/2023:13:26:48 -0500] "GET /BLA/boletinlegal/consulta_actos.php?tipo=resoluciones&no=1641&usuario=&sector=&fecha=2013&resuelve= HTTP/1.1" 200 1070
216.244.66.195 - - [21/Sep/2023:13:26:49 -0500] "GET /BLA/resoluciones/RESOLUCIONES%202022/3728.pdf HTTP/1.1" 200 1757391
172.22.2.4 - - [21/Sep/2023:13:26:49 -0500] "GET /BLA/boletinlegal/consulta_actos.php?tipo=autos&no=&usuario=&sector=&fecha=2023&resuelve=cierre%20de HTTP/1.1" 200 626
172.22.2.4 - - [21/Sep/2023:13:26:54 -0500] "GET /BLA/boletinlegal/consulta_actos.php?tipo=resoluciones&no=1641&usuario=&sector=&fecha=2014&resuelve= HTTP/1.1" 200 626
172.22.2.4 - - [21/Sep/2023:13:27:01 -0500] "GET /BLA/boletinlegal/consulta_actos.php?tipo=resoluciones&no=1641&usuario=&sector=&fecha=2015&resuelve= HTTP/1.1" 200 626
172.22.2.4 - - [21/Sep/2023:13:27:05 -0500] "GET /BLA/boletinlegal/consulta_actos.php?tipo=autos&no=&usuario=&sector=&fecha=2022&resuelve=cierre%20de HTTP/1.1" 200 626
172.22.2.4 - - [21/Sep/2023:13:27:07 -0500] "GET /BLA/boletinlegal/consulta_actos.php?tipo=resoluciones&no=1641&usuario=&sector=&fecha=2016&resuelve= HTTP/1.1" 200 1347
216.244.66.195 - - [21/Sep/2023:13:27:10 -0500] "GET /BLA/resoluciones/RESOLUCIONES%202022/4092.pdf HTTP/1.1" 200 477790
201.245.192.253 - - [21/Sep/2023:13:27:11 -0500] "POST /forms/lservlet;jsessionid=ac16012b30d69d644c52ab7640e8a350f59243e0b584.e3iSbxaKaheRe34Pbx8Nc3aQci1ynknvrkLOlQzNp65In0 HTTP/1.1" 200 2
172.22.2.4 - - [21/Sep/2023:13:27:14 -0500] "GET /BLA/boletinlegal/consulta_actos.php?tipo=resoluciones&no=1641&usuario=&sector=&fecha=2015&resuelve= HTTP/1.1" 200 626
186.114.248.148 - - [21/Sep/2023:13:27:17 -0500] "GET /BLA/resoluciones/index.php?dir=AUTOS+2010%2F HTTP/1.1" 200 280373
172.22.2.4 - - [21/Sep/2023:13:27:17 -0500] "GET /BLA/boletinlegal/consulta_actos.php?tipo=autos&no=&usuario=&sector=&fecha=2022&resuelve=cierre%20%20archivo%20de%20expediente HTTP/1.1" 200 626
172.22.2.4 - - [21/Sep/2023:13:27:17 -0500] "GET /BLA/boletinlegal/consulta_actos.php?tipo=resoluciones&no=1641&usuario=&sector=&fecha=2017&resuelve= HTTP/1.1" 200 1072
172.22.2.4 - - [21/Sep/2023:13:27:20 -0500] "GET /BLA/boletinlegal/consulta_actos.php?tipo=autos&no=&usuario=&sector=&fecha=2022&resuelve=cierre%20%20archivo%20de%20expediente HTTP/1.1" 200 626
172.22.2.4 - - [21/Sep/2023:13:27:23 -0500] "GET /BLA/boletinlegal/consulta_actos.php?tipo=autos&no=&usuario=&sector=&fecha=2022&resuelve=archivo%20de%20expediente HTTP/1.1" 200 626
172.22.2.4 - - [21/Sep/2023:13:27:25 -0500] "GET /BLA/boletinlegal/consulta_actos.php?tipo=autos&no=&usuario=&sector=&fecha=2022&resuelve=archivo%20de%20expediente HTTP/1.1" 200 626
172.22.2.4 - - [21/Sep/2023:13:27:26 -0500] "GET /BLA/boletinlegal/consulta_actos.php?tipo=autos&no=&usuario=&sector=&fecha=2022&resuelve=archivo%20de%20expediente HTTP/1.1" 200 626
216.244.66.195 - - [21/Sep/2023:13:27:29 -0500] "GET /BLA/resoluciones/RESOLUCIONES%202022/4452.pdf HTTP/1.1" 200 1649228
172.22.2.4 - - [21/Sep/2023:13:27:30 -0500] "GET /BLA/boletinlegal/consulta_actos.php?tipo=autos&no=&usuario=&sector=SILVICULTURA&fecha=2022&resuelve=archivo%20de%20expediente HTTP/1.1" 200 626
172.22.2.4 - - [21/Sep/2023:13:27:32 -0500] "GET /BLA/boletinlegal/consulta_actos.php?tipo=autos&no=&usuario=&sector=SILVICULTURA&fecha=2022&resuelve=archivo%20de%20expediente HTTP/1.1" 200 626
172.22.2.4 - - [21/Sep/2023:13:27:33 -0500] "GET /BLA/boletinlegal/consulta_actos.php?tipo=resoluciones&no=1641&usuario=&sector=&fecha=2018&resuelve= HTTP/1.1" 200 1094
172.22.2.4 - - [21/Sep/2023:13:27:35 -0500] "GET /BLA/boletinlegal/consulta_actos.php?tipo=autos&no=&usuario=&sector=SILVICULTURA&fecha=2022&resuelve=archivo HTTP/1.1" 200 22762
172.22.2.4 - - [21/Sep/2023:13:27:36 -0500] "GET /BLA/boletinlegal/images/pdf.gif HTTP/1.1" 200 567
172.22.2.4 - - [21/Sep/2023:13:27:36 -0500] "GET /BLA/boletinlegal/images/background.gif HTTP/1.1" 200 -
172.22.2.4 - - [21/Sep/2023:13:27:37 -0500] "GET /BLA/boletinlegal/consulta_actos.php?tipo=autos&no=&usuario=&sector=SILVICULTURA&fecha=2022&resuelve=archivo HTTP/1.1" 200 22762
172.22.2.4 - - [21/Sep/2023:13:27:37 -0500] "GET /BLA/boletinlegal/consulta_actos.php?tipo=autos&no=&usuario=&sector=SILVICULTURA&fecha=2022&resuelve=archivo HTTP/1.1" 200 22762
172.22.2.4 - - [21/Sep/2023:13:27:39 -0500] "GET /BLA/boletinlegal/consulta_actos.php?tipo=resoluciones&no=1641&usuario=&sector=&fecha=2019&resuelve= HTTP/1.1" 200 626
172.22.2.4 - - [21/Sep/2023:13:27:43 -0500] "GET /BLA/boletinlegal/consulta_actos.php?tipo=resoluciones&no=1641&usuario=&sector=&fecha=2020&resuelve= HTTP/1.1" 200 626
172.22.2.4 - - [21/Sep/2023:13:27:44 -0500] "GET /BLA/boletinlegal/consulta_actos.php?tipo=autos&no=&usuario=idu&sector=SILVICULTURA&fecha=2022&resuelve=archivo HTTP/1.1" 200 1982
172.22.2.4 - - [21/Sep/2023:13:27:45 -0500] "GET /BLA/boletinlegal/consulta_actos.php?tipo=autos&no=&usuario=idu&sector=SILVICULTURA&fecha=2022&resuelve=archivo HTTP/1.1" 200 1982
172.22.2.4 - - [21/Sep/2023:13:27:46 -0500] "GET /BLA/boletinlegal/consulta_actos.php?tipo=autos&no=&usuario=idu&sector=SILVICULTURA&fecha=2022&resuelve=archivo HTTP/1.1" 200 1982
216.244.66.195 - - [21/Sep/2023:13:27:47 -0500] "GET /BLA/resoluciones/RESOLUCIONES%202022/4661.pdf HTTP/1.1" 200 452323
201.245.192.253 - - [21/Sep/2023:13:27:46 -0500] "POST /kwsrmcab/Wsrmcab HTTP/1.1" 200 41080
172.22.2.4 - - [21/Sep/2023:13:27:49 -0500] "GET /BLA/boletinlegal/consulta_actos.php?tipo=resoluciones&no=1641&usuario=&sector=&fecha=1990&resuelve= HTTP/1.1" 200 626
201.245.192.253 - - [21/Sep/2023:13:27:49 -0500] "POST /kwsrmcab/Wsrmcab HTTP/1.1" 200 41538
172.22.2.4 - - [21/Sep/2023:13:27:53 -0500] "GET /BLA/boletinlegal/consulta_actos.php?tipo=resoluciones&no=1641&usuario=&sector=&fecha=1991&resuelve= HTTP/1.1" 200 626
172.22.2.4 - - [21/Sep/2023:13:27:56 -0500] "GET /BLA/boletinlegal/consulta_actos.php?tipo=resoluciones&no=1641&usuario=&sector=&fecha=1992&resuelve= HTTP/1.1" 200 626
172.22.2.4 - - [21/Sep/2023:13:27:59 -0500] "GET /BLA/boletinlegal/consulta_actos.php?tipo=resoluciones&no=1641&usuario=&sector=&fecha=1993&resuelve= HTTP/1.1" 200 626
186.84.20.7 - - [21/Sep/2023:13:27:59 -0500] "GET /BLA/resoluciones/AUTOS%202022/3185.pdf HTTP/1.1" 200 459162
186.84.20.7 - - [21/Sep/2023:13:27:59 -0500] "GET /favicon.ico HTTP/1.1" 200 7782
172.22.2.4 - - [21/Sep/2023:13:28:02 -0500] "GET /BLA/boletinlegal/consulta_actos.php?tipo=resoluciones&no=1641&usuario=&sector=&fecha=1993&resuelve= HTTP/1.1" 200 626
172.22.2.4 - - [21/Sep/2023:13:28:04 -0500] "GET /BLA/boletinlegal/consulta_actos.php?tipo=resoluciones&no=1641&usuario=&sector=&fecha=1994&resuelve= HTTP/1.1" 200 626
216.244.66.195 - - [21/Sep/2023:13:28:05 -0500] "GET /BLA/resoluciones/RESOLUCIONES%202022/5304.pdf HTTP/1.1" 200 4509291
172.22.2.4 - - [21/Sep/2023:13:28:06 -0500] "GET /BLA/boletinlegal/consulta_actos.php?tipo=resoluciones&no=1641&usuario=&sector=&fecha=1995&resuelve= HTTP/1.1" 200 626
172.22.2.4 - - [21/Sep/2023:13:28:11 -0500] "GET /BLA/boletinlegal/consulta_actos.php?tipo=resoluciones&no=1641&usuario=&sector=&fecha=1996&resuelve= HTTP/1.1" 200 626
172.22.2.4 - - [21/Sep/2023:13:28:14 -0500] "GET /BLA/boletinlegal/consulta_actos.php?tipo=resoluciones&no=1641&usuario=&sector=&fecha=1997&resuelve= HTTP/1.1" 200 626
172.22.2.4 - - [21/Sep/2023:13:28:16 -0500] "GET /BLA/boletinlegal/consulta_actos.php?tipo=resoluciones&no=1641&usuario=&sector=&fecha=1998&resuelve= HTTP/1.1" 200 626
172.22.2.4 - - [21/Sep/2023:13:28:20 -0500] "GET /BLA/boletinlegal/consulta_actos.php?tipo=resoluciones&no=1641&usuario=&sector=&fecha=1999&resuelve= HTTP/1.1" 200 626
172.22.2.4 - - [21/Sep/2023:13:28:24 -0500] "GET /BLA/boletinlegal/consulta_actos.php?tipo=resoluciones&no=1641&usuario=&sector=&fecha=2000&resuelve= HTTP/1.1" 200 626
40.77.167.69 - - [21/Sep/2023:13:28:25 -0500] "GET /inscribete-y-participa-en-las-caminatas-ecologicas-de-marzo.html HTTP/1.1" 200 924
172.22.2.4 - - [21/Sep/2023:13:28:33 -0500] "GET /BLA/boletinlegal/consulta_actos.php?tipo=resoluciones&no=1641&usuario=&sector=&fecha=2001&resuelve= HTTP/1.1" 200 626
172.22.2.4 - - [21/Sep/2023:13:26:54 -0500] "HEAD /BLA/boletinlegal/ HTTP/1.1" 200 -
172.22.2.4 - - [21/Sep/2023:13:28:36 -0500] "GET /BLA/boletinlegal/consulta_actos.php?tipo=resoluciones&no=1641&usuario=&sector=&fecha=2002&resuelve= HTTP/1.1" 200 626
216.244.66.195 - - [21/Sep/2023:13:28:37 -0500] "GET /BLA/resoluciones/RESOLUCIONES%202023/0310.pdf HTTP/1.1" 200 406774
172.22.2.4 - - [21/Sep/2023:13:28:40 -0500] "GET /BLA/boletinlegal/consulta_actos.php?tipo=resoluciones&no=1641&usuario=&sector=&fecha=2003&resuelve= HTTP/1.1" 200 626
172.22.2.4 - - [21/Sep/2023:13:28:42 -0500] "GET /BLA/boletinlegal/consulta_actos.php?tipo=resoluciones&no=1641&usuario=&sector=&fecha=2004&resuelve= HTTP/1.1" 200 626
172.22.2.4 - - [21/Sep/2023:13:28:46 -0500] "GET /BLA/boletinlegal/consulta_actos.php?tipo=resoluciones&no=1641&usuario=&sector=&fecha=2005&resuelve= HTTP/1.1" 200 626
152.203.218.244 - - [21/Sep/2023:13:28:47 -0500] "OPTIONS /kwssiamovil/sm/setfile/f? HTTP/1.1" 200 13
152.203.218.244 - - [21/Sep/2023:13:28:47 -0500] "POST /kwssiamovil/sm/setfile/f? HTTP/1.1" 200 381
152.203.218.244 - - [21/Sep/2023:13:28:49 -0500] "OPTIONS /kwssiamovil/sm/setfile/f? HTTP/1.1" 200 13
152.203.218.244 - - [21/Sep/2023:13:28:49 -0500] "POST /kwssiamovil/sm/setfile/f? HTTP/1.1" 200 381
152.203.218.244 - - [21/Sep/2023:13:28:51 -0500] "OPTIONS /kwssiamovil/sm/setfile/f? HTTP/1.1" 200 13
152.203.218.244 - - [21/Sep/2023:13:28:51 -0500] "POST /kwssiamovil/sm/setfile/f? HTTP/1.1" 200 381
152.203.218.244 - - [21/Sep/2023:13:28:53 -0500] "OPTIONS /kwssiamovil/sm/setfile/f? HTTP/1.1" 200 13
152.203.218.244 - - [21/Sep/2023:13:28:53 -0500] "POST /kwssiamovil/sm/setfile/f? HTTP/1.1" 200 381
172.22.2.4 - - [21/Sep/2023:13:28:56 -0500] "GET /BLA/boletinlegal/consulta_actos.php?tipo=resoluciones&no=1641&usuario=&sector=&fecha=2006&resuelve= HTTP/1.1" 200 626
172.22.2.4 - - [21/Sep/2023:13:29:01 -0500] "GET /BLA/boletinlegal/consulta_actos.php?tipo=resoluciones&no=1641&usuario=&sector=&fecha=2007&resuelve= HTTP/1.1" 200 626
172.22.2.4 - - [21/Sep/2023:13:29:04 -0500] "GET /BLA/boletinlegal/consulta_actos.php?tipo=resoluciones&no=1641&usuario=&sector=&fecha=2008&resuelve= HTTP/1.1" 200 1055
216.244.66.195 - - [21/Sep/2023:13:29:08 -0500] "GET /BLA/resoluciones/RESOLUCIONES%202023/0413.pdf HTTP/1.1" 200 443890
201.245.192.253 - - [21/Sep/2023:13:29:11 -0500] "POST /forms/lservlet;jsessionid=ac16012b30d69d644c52ab7640e8a350f59243e0b584.e3iSbxaKaheRe34Pbx8Nc3aQci1ynknvrkLOlQzNp65In0 HTTP/1.1" 200 2
152.203.218.244 - - [21/Sep/2023:13:29:10 -0500] "GET /kwssiamovil/sm/acme/a?s=U2FsdGVkX18WwaW4F7vvzQlQ3a0aXaqd4U7B9phA1vZrstjUukHtc5WbpIW3+t3bZhRn4F0UsSxqJomzOXFA28WR8Y/yLqIusddbaG0pn7BcJaW79X/fYUeJdpCdOY4Tjytq8d+7fHy0lGCPGpxKUq7QyqBbNA1ysw3p1D6GPRNuvaY5UpEOoqM1OZaHmbzdoySsVGILQ6+E71BzZS6dnvIh7t91lDHzN9Y07haJpwLnqBHLvwTnKTkS2IpKZAzkkGC33fd4Uku+jZk16B/faw==&u=U2FsdGVkX1+m6ODB2OHaZUM6rYmZAGti0C6WyAW8X1KA9zy0dSnqWHnyVt3AYZi1&y=U2FsdGVkX1/vDRuCB1aXWlrFGeg8RYKkzYQcw5y/Zvxh6DfrC0dbfwdTaaCWSCPA HTTP/1.1" 200 26
152.203.218.244 - - [21/Sep/2023:13:29:11 -0500] "GET /kwssiamovil/sm/acme/a?s=U2FsdGVkX1+GFqG+w1qxXKGxouaJ49yySN+rbI5eDgnZJt/8nTcYPudSwMk5BJ8z1yau32BfC1mSFcm92CbBN+7wolrBqKqol2zog7Dc6iUn7p20GNvqoMB/hEyV7P9/nDm88eivNVsyZXKjG8KDdeXDqjDjW77royg1ULXtwM6PtsPDUJyUeW7gQr5xJZoYQtyyT4FJSHskJ1krp2dxdxwKJru4Vk/cY+OLC1G44jv1fn1EmYM2hYvtFEkOPOVdyP9ivoWIdpZ7hLZV3J7iVeEc6BUxegzNlsI2eqD2Wu4tV3wp5ck2h0xONqP4J+uCf4vAoNVAQKIM/ASXxHsqpHY/nyQQqEjSDrDQ6hi7GgJsYlYXmyKkwGgj37ziI/CAdmLqfT1SqpqKt4YoJxCv3wg42Tvj0FvQanq/B1G69aQrnwhAHJp63edHfoFHXa+Bo8VVtHO55im1pqFY9QkVKVEMqO5cL6zzqxDNe62hX5IP2g+5z8/xjZphjtZzhI/wssF4GNdXZnMiZBUakDD4KR5aBKzlnnbfrC7NsSF8YKTN9LyXEDIGPqiD0Ijqs6ohBhjXZO2sdS3MYtuhGYtUFhHWcIHSJaMfOTQ+PjuiF2wMqZbpAcrPjj+B+xMKw/QZlAKv9GwAsffgssZkeHsCNShQXHVQJzg1u3+/CtGMbeNrWzqA2O1+088HocBr5aKVOYaPzf+65xf74z5OFE4bQqXKg9mz8R8YMb0LGF+TA0PatgmIQ0h6AYmK9VaKE2E1TCele4KJJ8NO5bOJnnJ7tIzyfY0dTcdAIiVofa4y2w+uPL8mCYjBsRHM/NldHXMTm1WVedCvJrJBTM9++r6MrOM0DOfoe6U94aMb4IGlDUKV2bwT85b/GclWOdTCeemrncTr0CXr5yaVXopY9Ng42UMw/360CRnAx+lgCsmSPHDM0/TSMI7TCS0tgwHDJN556TsWvClCA8xh9rN9jXNszDtLCn1R3C2iCoOGNBDMOR6Uy0FWsbcoDlGmFfjmbo9kKGoN+tDU0PN+twPrGH9Zdjhg3J72zay0RwrU8ebrjVwVmMnyT5+os9KjLA4jOQJctX6alKzLUnhjhfcjTbWGWvjzE/NXs6hXhwescfX3yXH3l/wEz6FRjzNegO6p4whRfS6bwIngLKxB29/s/cwtX6mRUg0f//OC4JAV4AZZetU6u10SxSwibJSPG9KIsUGzlUqK+Hhw6tMaFHE0nrIKtGnISN+yL1BKCeizVyRiz5GiUgW5p221n+m340DlIWm58TK9B+LEH1LX64qfxLMfPVlnkztEbzoG4TNQKS6lyIPJmX+Rggz6MsI1hWjRn5MRW3LJkRw9L6fgblfXFzsCDGaBalA0U7fBEo6U+myfcWO1qZ1g8OEE4L0ysFNStB9HFyeaSGcTzSXCi37vP7atf+lLLogUDf3jyxHmiF89rtfZ6vDB5JeqzVQHRhVaQVF3JJZl0EHM8BEbRpHcgryaN7fcbzjyA4vWGd8Lwvmaa7Pm6CSL/azNJ9A57LVrbR74NDFp+3Wd7nKXyyeOSjSwWfuI9/+RMRKztyUc1p0zxd+6Tufo5STRCk9W7HhI4KVgPCYcqxv/SsFPPqvG8ATrbZyjCpF1FPKfRO9Chy00iL8=&u=U2FsdGVkX1+m6ODB2OHaZUM6rYmZAGti0C6WyAW8X1KA9zy0dSnqWHnyVt3AYZi1&y=U2FsdGVkX1/vDRuCB1aXWlrFGeg8RYKkzYQcw5y/Zvxh6DfrC0dbfwdTaaCWSCPA HTTP/1.1" 200 26
172.22.2.4 - - [21/Sep/2023:13:29:11 -0500] "GET /BLA/boletinlegal/consulta_actos.php?tipo=resoluciones&no=1641&usuario=&sector=&fecha=2009&resuelve= HTTP/1.1" 200 1071
152.203.218.244 - - [21/Sep/2023:13:29:12 -0500] "GET /kwssiamovil/sm/acme/a?s=U2FsdGVkX18P4BzCs3g4TF6GdjF76lnLxP7Z1aOOB/TOj2ROGRrXeZlZh7EGTcogZqew1RZl5qfIaJ0QRtOE5cHtiWCNZIVLoIeA8cX/U1HYBitRQJDkEoVqbGdvY6zFNXhyWWOtMOPUVM6DQ/hsUtCayPTUUkBLucRr6rXYiKc=&u=U2FsdGVkX1+m6ODB2OHaZUM6rYmZAGti0C6WyAW8X1KA9zy0dSnqWHnyVt3AYZi1&y=U2FsdGVkX1/vDRuCB1aXWlrFGeg8RYKkzYQcw5y/Zvxh6DfrC0dbfwdTaaCWSCPA HTTP/1.1" 200 26
152.203.218.244 - - [21/Sep/2023:13:29:12 -0500] "GET /kwssiamovil/sm/acme/a?s=U2FsdGVkX18CDn9VwsmDgPvoXlgMave9Fi7ULl83TlRVC3Bue2QxveV2/yYHeOLPSNF1pcD/iU42pLbt2uhbItSbxRYPO5/vmCLEodwHyFfz4+TjVdPlheML1xDyzpkP45awfksiE9iXRkcwpz2CvRh7w5uPRcKh1rCiY/d+OkA=&u=U2FsdGVkX1+m6ODB2OHaZUM6rYmZAGti0C6WyAW8X1KA9zy0dSnqWHnyVt3AYZi1&y=U2FsdGVkX1/vDRuCB1aXWlrFGeg8RYKkzYQcw5y/Zvxh6DfrC0dbfwdTaaCWSCPA HTTP/1.1" 200 26
152.203.218.244 - - [21/Sep/2023:13:29:12 -0500] "GET /kwssiamovil/sm/acme/a?s=U2FsdGVkX19oUA/bJiR4Cv7UoqWQHgXl6nFQdeq80qnw1Aqf+SJBSZck7TbnekABRrVZhdDcZimQiptVuBvaf0WYByWjUb2LdnDkn+7CJ5qR7O7eFWdQbb6CFyd9uA3IXUEi8+sWSuda2qalbIbr4jQsUk5HKTCuWK31MIpn0sU=&u=U2FsdGVkX1+m6ODB2OHaZUM6rYmZAGti0C6WyAW8X1KA9zy0dSnqWHnyVt3AYZi1&y=U2FsdGVkX1/vDRuCB1aXWlrFGeg8RYKkzYQcw5y/Zvxh6DfrC0dbfwdTaaCWSCPA HTTP/1.1" 200 26
152.203.218.244 - - [21/Sep/2023:13:29:12 -0500] "GET /kwssiamovil/sm/acme/a?s=U2FsdGVkX1/IG9BW0xCJKGa7xr93VBUBdWIMBpBG7hQLrtfU2jdQCkVgHxU9/4UuW+FAt3khixOR8I2OQoGdAEfNWi+FxqRaxggFq8qsnHI3YKHMtnodmwrZO056geO13RljrwUbHtEb/MeuMxSY5DcT568hVV+yS0GXI8KR/RLHgOUx7w0Q3raER7jhkDnggyRs3zJ9CToVZejy1q8pzA==&u=U2FsdGVkX1+m6ODB2OHaZUM6rYmZAGti0C6WyAW8X1KA9zy0dSnqWHnyVt3AYZi1&y=U2FsdGVkX1/vDRuCB1aXWlrFGeg8RYKkzYQcw5y/Zvxh6DfrC0dbfwdTaaCWSCPA HTTP/1.1" 200 26
152.203.218.244 - - [21/Sep/2023:13:29:13 -0500] "GET /kwssiamovil/sm/acme/a?s=U2FsdGVkX1/DJTyKm7FUeRo5/w+opb1nyOwoYSHMV8jP1QxbHKfQcAl2HlJq/zXZGjbcqVjKiMngLT7F908gG5z1Bm/dMuOLxUbtOhg7JDDE6aXxbOu6HDXtlGGNgyMKwj9dRYIycOf5xyhb4NysBwqSXE3mDDiq/1B03Ey2lOmdxSGkSYbSL9WLFWQiuiiWEXuufgotoJg4RPmQ67O5lg==&u=U2FsdGVkX1+m6ODB2OHaZUM6rYmZAGti0C6WyAW8X1KA9zy0dSnqWHnyVt3AYZi1&y=U2FsdGVkX1/vDRuCB1aXWlrFGeg8RYKkzYQcw5y/Zvxh6DfrC0dbfwdTaaCWSCPA HTTP/1.1" 200 26
152.203.218.244 - - [21/Sep/2023:13:29:13 -0500] "GET /kwssiamovil/sm/acme/a?s=U2FsdGVkX1/zLbDQIaSEIXis8FMebMvV7HRl30PjJFDg+tFgzZBSKlrXzLoFLXMdF/AGx4fFGpLi45gs2v7+8g2S86YQltcCtdkj1KyIhTBeod+c8uGjksQfv1tjeeQot3LxxV/6mFUbPpKY9+RiqOHbzR2MfwjBdGeZXpeFYC0rkja5J/HTaddCZenBCxES&u=U2FsdGVkX1+m6ODB2OHaZUM6rYmZAGti0C6WyAW8X1KA9zy0dSnqWHnyVt3AYZi1&y=U2FsdGVkX1/vDRuCB1aXWlrFGeg8RYKkzYQcw5y/Zvxh6DfrC0dbfwdTaaCWSCPA HTTP/1.1" 200 26
152.203.218.244 - - [21/Sep/2023:13:29:13 -0500] "GET /kwssiamovil/sm/acme/a?s=U2FsdGVkX19zcZKnJcHmkAiU/WQzljMyNtzdmebRlGSbyzTu8P8lRzsSRyNw4yFN1Ycsy1v46LZXy0Z5asz/xi5DF3JgIs339kRxQ54l73bv4mUMoB3ntJNjrAQ1yavctLUk4iYM236Zwk+olm6qVe5OjcIf5JpdYB0HjUj4GaPrkWDj3617wS87aMxmrv+xHfwFkNdy/hFxJNvP2aylKQ==&u=U2FsdGVkX1+m6ODB2OHaZUM6rYmZAGti0C6WyAW8X1KA9zy0dSnqWHnyVt3AYZi1&y=U2FsdGVkX1/vDRuCB1aXWlrFGeg8RYKkzYQcw5y/Zvxh6DfrC0dbfwdTaaCWSCPA HTTP/1.1" 200 26
152.203.218.244 - - [21/Sep/2023:13:29:13 -0500] "GET /kwssiamovil/sm/acme/a?s=U2FsdGVkX1/P0xWxTZehcPfD1UFmLVJKQ8495EVOXKqY+tLMdgNvZGSHVq8tzbRqE6vz3q3hflIHsOu37cuprqdt5hPeCBjGU4nonWQMawsqkNVjQ+RvozN143fg+D3JwdfKAuIAqYGvytAp9QI9BWuhB6cEyfqxB+BY5UyFsxfdK/T6QSB283toZZTDxm3t&u=U2FsdGVkX1+m6ODB2OHaZUM6rYmZAGti0C6WyAW8X1KA9zy0dSnqWHnyVt3AYZi1&y=U2FsdGVkX1/vDRuCB1aXWlrFGeg8RYKkzYQcw5y/Zvxh6DfrC0dbfwdTaaCWSCPA HTTP/1.1" 200 26
152.203.218.244 - - [21/Sep/2023:13:29:13 -0500] "GET /kwssiamovil/sm/acme/a?s=U2FsdGVkX1/nDOqoi/Jr03ldcvgAUIbOaEvl1kLQtCvRdUEWM77na8FpjLh4Y+HUBudmovKjQbhMXgcs9U7Y3a1l4DYRQDjD1FcAyp19q6i8S3SlPlwMIagYszZeA5qewX7EZg2pE2I2FRhRO2U8Wm2OhiPXECNpnVFZft86QsdflwpsCJLovglHFrn8bTvvfPV5kY+POGfoMhuBLu0Kaw==&u=U2FsdGVkX1+m6ODB2OHaZUM6rYmZAGti0C6WyAW8X1KA9zy0dSnqWHnyVt3AYZi1&y=U2FsdGVkX1/vDRuCB1aXWlrFGeg8RYKkzYQcw5y/Zvxh6DfrC0dbfwdTaaCWSCPA HTTP/1.1" 200 26
152.203.218.244 - - [21/Sep/2023:13:29:14 -0500] "GET /kwssiamovil/sm/acme/a?s=U2FsdGVkX195/M7v0O2a4RRoDJBNCBqQVfc5oZtaPoU89okLT4KvLrZ5bjOZ/PNJYM7fBCWJUgJgIbkLny9Wnu0peLiDzkcvOBiJBO+FiO38Uy1UpEw5d9p4uZTl70Bk1NSNKU/ngXb1DjMJpbwJbgxiDiwRoe28VZPb8P6yfPvdE4NLs9frcaYAAEeWrY3B&u=U2FsdGVkX1+m6ODB2OHaZUM6rYmZAGti0C6WyAW8X1KA9zy0dSnqWHnyVt3AYZi1&y=U2FsdGVkX1/vDRuCB1aXWlrFGeg8RYKkzYQcw5y/Zvxh6DfrC0dbfwdTaaCWSCPA HTTP/1.1" 200 26
152.203.218.244 - - [21/Sep/2023:13:29:14 -0500] "GET /kwssiamovil/sm/acme/a?s=U2FsdGVkX18Ml5VmKuC3fclGQIQBZ3rwPnAVbcVhltHzwxIZL7p+8l0RWngzO9PYM3e7HUUSC94IApGJPzlHMD1vPuwN2ewviI4iGx5qLTGQKA5Eqvm97cZ99+GF9H/lEquYPqNhrxvB5DeYUvyH1QiM25E3x1b+bqD8KCAcFmKn7Uix8RwlckI1YzzsQ0xtHUeosZHObj8FQiJPjJgPAA==&u=U2FsdGVkX1+m6ODB2OHaZUM6rYmZAGti0C6WyAW8X1KA9zy0dSnqWHnyVt3AYZi1&y=U2FsdGVkX1/vDRuCB1aXWlrFGeg8RYKkzYQcw5y/Zvxh6DfrC0dbfwdTaaCWSCPA HTTP/1.1" 200 26
152.203.218.244 - - [21/Sep/2023:13:29:14 -0500] "GET /kwssiamovil/sm/acme/a?s=U2FsdGVkX18b++dbNQoNmt2TUzff1XtQ4rIZt2JYkWzMotDpOOsE4Kxlb0rEUqMV3F1axtr6ZhNsNPjbp0VJfQDWp9NonAXSt+W7xlKAqvwVMmKqkHe7wkFbEItBHpr/VSEGEq8u3XfS5MaPoouG0f8YKpgZMqhxhpP8X8cReWsiCvDHUHKkqPOxgHP23FRu&u=U2FsdGVkX1+m6ODB2OHaZUM6rYmZAGti0C6WyAW8X1KA9zy0dSnqWHnyVt3AYZi1&y=U2FsdGVkX1/vDRuCB1aXWlrFGeg8RYKkzYQcw5y/Zvxh6DfrC0dbfwdTaaCWSCPA HTTP/1.1" 200 26
40.77.167.69 - - [21/Sep/2023:13:29:24 -0500] "GET /BLA/resoluciones/AUTOS%202023/1941.pdf HTTP/1.1" 200 405740
172.22.2.4 - - [21/Sep/2023:13:27:45 -0500] "GET /BLA/boletinlegal/ HTTP/1.1" 200 60342
216.244.66.195 - - [21/Sep/2023:13:29:37 -0500] "GET /BLA/resoluciones/RESOLUCIONES%202023/0430.pdf HTTP/1.1" 200 433059
216.244.66.195 - - [21/Sep/2023:13:30:06 -0500] "GET /BLA/resoluciones/RESOLUCIONES%202023/0857.pdf HTTP/1.1" 200 459384
172.22.2.4 - - [21/Sep/2023:13:30:14 -0500] "GET /BLA/boletinlegal/info.php HTTP/1.1" 404 1018
172.22.2.4 - - [21/Sep/2023:13:30:15 -0500] "GET /BLA/boletinlegal/.git/config HTTP/1.1" 404 1018
172.22.2.4 - - [21/Sep/2023:13:30:16 -0500] "GET /BLA/boletinlegal/config.json HTTP/1.1" 404 1018
172.22.2.4 - - [21/Sep/2023:13:30:17 -0500] "GET /BLA/boletinlegal/.env HTTP/1.1" 404 1018
172.22.2.4 - - [21/Sep/2023:13:30:18 -0500] "GET /BLA/boletinlegal/telescope/requests HTTP/1.1" 404 1018
216.244.66.195 - - [21/Sep/2023:13:30:33 -0500] "GET /BLA/resoluciones/RESOLUCIONES%202023/1079.pdf HTTP/1.1" 200 650516
172.22.2.4 - - [21/Sep/2023:13:30:10 -0500] "GET /BLA/boletinlegal/ HTTP/1.1" 200 20427
216.245.221.92 - - [21/Sep/2023:13:30:51 -0500] "HEAD / HTTP/1.1" 200 -
216.244.66.195 - - [21/Sep/2023:13:31:00 -0500] "GET /BLA/resoluciones/RESOLUCIONES%202023/1111.pdf HTTP/1.1" 200 334812
201.245.192.253 - - [21/Sep/2023:13:31:11 -0500] "POST /forms/lservlet;jsessionid=ac16012b30d69d644c52ab7640e8a350f59243e0b584.e3iSbxaKaheRe34Pbx8Nc3aQci1ynknvrkLOlQzNp65In0 HTTP/1.1" 200 2
216.244.66.195 - - [21/Sep/2023:13:31:25 -0500] "GET /BLA/resoluciones/RESOLUCIONES%202023/1453.pdf HTTP/1.1" 200 452408
201.245.192.253 - - [21/Sep/2023:13:31:24 -0500] "POST /kwsrmcab/Wsrmcab  HTTP/1.1" 200 41265
216.244.66.195 - - [21/Sep/2023:13:31:50 -0500] "GET /BLA/resoluciones/RESOLUCIONES%202017/2043.pdf HTTP/1.1" 200 260141
172.22.2.4 - - [21/Sep/2023:13:32:43 -0500] "GET /BLA/boletinlegal/consulta_actos.php?tipo=autos&no=&usuario=idu&sector=SILVICULTURA&fecha=2022&resuelve=prorroga%20despues HTTP/1.1" 200 626
172.22.2.4 - - [21/Sep/2023:13:32:48 -0500] "GET /BLA/boletinlegal/consulta_actos.php?tipo=autos&no=&usuario=idu&sector=SILVICULTURA&fecha=2022&resuelve=prorroga%20negada HTTP/1.1" 200 626
172.22.2.4 - - [21/Sep/2023:13:32:49 -0500] "GET /BLA/boletinlegal/consulta_actos.php?tipo=autos&no=&usuario=idu&sector=SILVICULTURA&fecha=2022&resuelve=prorroga%20negada HTTP/1.1" 200 626
172.22.2.4 - - [21/Sep/2023:13:32:50 -0500] "GET /BLA/boletinlegal/consulta_actos.php?tipo=autos&no=&usuario=idu&sector=SILVICULTURA&fecha=2022&resuelve=prorroga%20negada HTTP/1.1" 200 626
172.22.2.4 - - [21/Sep/2023:13:32:51 -0500] "GET /BLA/boletinlegal/ews/autodiscovers/ HTTP/1.1" 404 1018
172.22.2.4 - - [21/Sep/2023:13:32:56 -0500] "GET /BLA/boletinlegal/robots.txt HTTP/1.1" 404 1038
172.22.2.4 - - [21/Sep/2023:13:32:56 -0500] "GET /BLA/boletinlegal/consulta_actos.php?tipo=autos&no=&usuario=idu&sector=SILVICULTURA&fecha=2022&resuelve=prorroga HTTP/1.1" 200 626
172.22.2.4 - - [21/Sep/2023:13:32:58 -0500] "GET /BLA/boletinlegal/consulta_actos.php?tipo=autos&no=&usuario=idu&sector=SILVICULTURA&fecha=2022&resuelve=prorroga HTTP/1.1" 200 626
172.22.2.4 - - [21/Sep/2023:13:33:01 -0500] "GET /BLA/boletinlegal/consulta_actos.php?tipo=autos&no=&usuario=idu&sector=SILVICULTURA&fecha=2022&resuelve=prorroga HTTP/1.1" 200 626
172.22.2.4 - - [21/Sep/2023:13:33:06 -0500] "GET /BLA/boletinlegal/consulta_actos.php?tipo=autos&no=&usuario=idu&sector=SILVICULTURA&fecha=2023&resuelve=prorroga HTTP/1.1" 200 626
172.22.2.4 - - [21/Sep/2023:13:33:08 -0500] "GET /BLA/boletinlegal/consulta_actos.php?tipo=autos&no=&usuario=idu&sector=SILVICULTURA&fecha=2023&resuelve=prorroga HTTP/1.1" 200 626
201.245.192.253 - - [21/Sep/2023:13:33:11 -0500] "POST /forms/lservlet;jsessionid=ac16012b30d69d644c52ab7640e8a350f59243e0b584.e3iSbxaKaheRe34Pbx8Nc3aQci1ynknvrkLOlQzNp65In0 HTTP/1.1" 200 2
172.22.2.4 - - [21/Sep/2023:13:33:14 -0500] "GET /BLA/boletinlegal/consulta_actos.php?tipo=autos&no=&usuario=idu&sector=SILVICULTURA&fecha=2023&resuelve=pr%F3rroga HTTP/1.1" 200 626
172.22.2.4 - - [21/Sep/2023:13:33:16 -0500] "GET /BLA/boletinlegal/consulta_actos.php?tipo=autos&no=&usuario=idu&sector=SILVICULTURA&fecha=2023&resuelve=pr%F3rroga HTTP/1.1" 200 626
190.25.204.49 - - [21/Sep/2023:13:34:03 -0500] "POST /sipse/faces/presentacion/financiero/solicitudProceso/consultarSolicitudProceso.xhtml HTTP/1.1" 200 65379
190.25.204.49 - - [21/Sep/2023:13:34:03 -0500] "GET /sipse/faces/javax.faces.resource/theme.css?ln=primefaces-sipse HTTP/1.1" 304 -
190.25.204.49 - - [21/Sep/2023:13:34:03 -0500] "GET /sipse/faces/javax.faces.resource/primefaces.css?ln=primefaces&v=4.0 HTTP/1.1" 304 -
190.25.204.49 - - [21/Sep/2023:13:34:03 -0500] "GET /sipse/faces/javax.faces.resource/layout/layout.css?ln=primefaces&v=4.0 HTTP/1.1" 304 -
190.25.204.49 - - [21/Sep/2023:13:34:03 -0500] "GET /sipse/css/imagen/contrasena.png HTTP/1.1" 404 383
190.25.204.49 - - [21/Sep/2023:13:34:03 -0500] "GET /sipse/faces/javax.faces.resource/jquery/jquery.js?ln=primefaces&v=4.0 HTTP/1.1" 304 -
190.25.204.49 - - [21/Sep/2023:13:34:03 -0500] "GET /sipse/faces/javax.faces.resource/jquery/jquery-plugins.js?ln=primefaces&v=4.0 HTTP/1.1" 304 -
190.25.204.49 - - [21/Sep/2023:13:34:03 -0500] "GET /sipse/faces/javax.faces.resource/primefaces.js?ln=primefaces&v=4.0 HTTP/1.1" 304 -
190.25.204.49 - - [21/Sep/2023:13:34:03 -0500] "GET /sipse/faces/javax.faces.resource/layout/layout.js?ln=primefaces&v=4.0 HTTP/1.1" 304 -
190.25.204.49 - - [21/Sep/2023:13:34:03 -0500] "POST /sipse/faces/presentacion/financiero/solicitudProceso/listarSolicitudProceso.xhtml HTTP/1.1" 200 58711
190.25.204.49 - - [21/Sep/2023:13:34:04 -0500] "GET /sipse/faces/javax.faces.resource/images/ui-bg_flat_0_2d5972_40x100.png?ln=primefaces-aristo HTTP/1.1" 304 -
190.25.204.49 - - [21/Sep/2023:13:34:04 -0500] "POST /sipse/faces/presentacion/financiero/solicitudProceso/listarSolicitudProceso.xhtml HTTP/1.1" 200 58711
190.25.204.49 - - [21/Sep/2023:13:34:04 -0500] "POST /sipse/faces/presentacion/financiero/solicitudProceso/listarSolicitudProceso.xhtml HTTP/1.1" 200 1552
190.25.204.49 - - [21/Sep/2023:13:34:05 -0500] "POST /sipse/faces/presentacion/financiero/solicitudProceso/listarSolicitudProceso.xhtml HTTP/1.1" 200 1548
190.25.204.49 - - [21/Sep/2023:13:34:05 -0500] "POST /sipse/faces/presentacion/financiero/solicitudProceso/listarSolicitudProceso.xhtml HTTP/1.1" 200 1556
190.25.204.49 - - [21/Sep/2023:13:34:06 -0500] "POST /sipse/faces/presentacion/financiero/solicitudProceso/listarSolicitudProceso.xhtml HTTP/1.1" 200 22377
190.25.204.49 - - [21/Sep/2023:13:34:11 -0500] "POST /sipse/faces/presentacion/financiero/solicitudProceso/listarSolicitudProceso.xhtml HTTP/1.1" 200 112819
190.25.204.49 - - [21/Sep/2023:13:34:12 -0500] "GET /sipse/faces/javax.faces.resource/theme.css?ln=primefaces-sipse HTTP/1.1" 304 -
190.25.204.49 - - [21/Sep/2023:13:34:12 -0500] "GET /sipse/faces/javax.faces.resource/primefaces.css?ln=primefaces&v=4.0 HTTP/1.1" 304 -
190.25.204.49 - - [21/Sep/2023:13:34:12 -0500] "GET /sipse/faces/javax.faces.resource/layout/layout.css?ln=primefaces&v=4.0 HTTP/1.1" 304 -
190.25.204.49 - - [21/Sep/2023:13:34:12 -0500] "GET /sipse/faces/javax.faces.resource/jquery/jquery.js?ln=primefaces&v=4.0 HTTP/1.1" 304 -
190.25.204.49 - - [21/Sep/2023:13:34:13 -0500] "GET /sipse/faces/javax.faces.resource/jquery/jquery-plugins.js?ln=primefaces&v=4.0 HTTP/1.1" 304 -
190.25.204.49 - - [21/Sep/2023:13:34:13 -0500] "GET /sipse/faces/javax.faces.resource/primefaces.js?ln=primefaces&v=4.0 HTTP/1.1" 304 -
190.25.204.49 - - [21/Sep/2023:13:34:13 -0500] "GET /sipse/faces/javax.faces.resource/layout/layout.js?ln=primefaces&v=4.0 HTTP/1.1" 304 -
190.25.204.49 - - [21/Sep/2023:13:34:13 -0500] "GET /sipse/faces/javax.faces.resource/dynamiccontent.properties?ln=primefaces&pfdrid=XjOR5%2F%2FfPAZAuY9TpWQeCiM0BhlXxYRBGKi%2FQcXXfeA%3D&pfdrid_c=false HTTP/1.1" 500 383
172.22.2.4 - - [21/Sep/2023:13:32:44 -0500] "HEAD /BLA/boletinlegal/ HTTP/1.1" 200 -
172.22.2.4 - - [21/Sep/2023:13:32:57 -0500] "GET /BLA/boletinlegal/index.php HTTP/1.1" 200 53362
173.252.95.9 - - [21/Sep/2023:13:34:51 -0500] "GET /images/cr\xc3\xb3nica-29-nov-1_optimized.jpeg HTTP/1.1" 404 1034
172.22.2.4 - - [21/Sep/2023:13:35:06 -0500] "GET /BLA/boletinlegal/consulta_actos.php?tipo=autos&no=&usuario=idu&sector=SILVICULTURA&fecha=2023&resuelve=pr%F3rroga HTTP/1.1" 200 626
172.22.2.4 - - [21/Sep/2023:13:35:07 -0500] "GET /BLA/boletinlegal/consulta_actos.php?tipo=autos&no=&usuario=idu&sector=SILVICULTURA&fecha=2023&resuelve=pr%F3rroga HTTP/1.1" 200 626
201.245.192.253 - - [21/Sep/2023:13:35:11 -0500] "POST /forms/lservlet;jsessionid=ac16012b30d69d644c52ab7640e8a350f59243e0b584.e3iSbxaKaheRe34Pbx8Nc3aQci1ynknvrkLOlQzNp65In0 HTTP/1.1" 200 2
172.22.2.4 - - [21/Sep/2023:13:35:11 -0500] "GET /BLA/boletinlegal/consulta_actos.php?tipo=autos&no=&usuario=idu&sector=SILVICULTURA&fecha=2021&resuelve=pr%F3rroga HTTP/1.1" 200 626
172.22.2.4 - - [21/Sep/2023:13:35:13 -0500] "GET /BLA/boletinlegal/consulta_actos.php?tipo=autos&no=&usuario=idu&sector=SILVICULTURA&fecha=2021&resuelve=pr%F3rroga HTTP/1.1" 200 626
172.22.2.4 - - [21/Sep/2023:13:35:13 -0500] "GET /BLA/boletinlegal/consulta_actos.php?tipo=autos&no=&usuario=idu&sector=SILVICULTURA&fecha=2021&resuelve=pr%F3rroga HTTP/1.1" 200 626
172.22.2.4 - - [21/Sep/2023:13:33:35 -0500] "GET /BLA/boletinlegal/ HTTP/1.1" 200 54960
52.167.144.138 - - [21/Sep/2023:13:35:17 -0500] "GET /BLA/resoluciones/AUTOS%202023/3192.pdf HTTP/1.1" 200 491414
172.22.2.4 - - [21/Sep/2023:13:35:18 -0500] "GET /BLA/boletinlegal/consulta_actos.php?tipo=resoluciones&no=&usuario=idu&sector=SILVICULTURA&fecha=2021&resuelve=pr%F3rroga HTTP/1.1" 200 626
172.22.2.4 - - [21/Sep/2023:13:35:20 -0500] "GET /BLA/boletinlegal/consulta_actos.php?tipo=resoluciones&no=&usuario=idu&sector=SILVICULTURA&fecha=2021&resuelve=pr%F3rroga HTTP/1.1" 200 626
172.22.2.4 - - [21/Sep/2023:13:35:26 -0500] "GET /BLA/boletinlegal/consulta_actos.php?tipo=resoluciones&no=&usuario=idu&sector=SILVICULTURA&fecha=2021&resuelve=ampliacion HTTP/1.1" 200 626
172.22.2.4 - - [21/Sep/2023:13:35:28 -0500] "GET /BLA/boletinlegal/consulta_actos.php?tipo=resoluciones&no=&usuario=idu&sector=SILVICULTURA&fecha=2021&resuelve=ampliacion HTTP/1.1" 200 626
172.22.2.4 - - [21/Sep/2023:13:35:31 -0500] "GET /BLA/boletinlegal/consulta_actos.php?tipo=resoluciones&no=&usuario=idu&sector=SILVICULTURA&fecha=2021&resuelve=ampliacion HTTP/1.1" 200 626
186.84.20.7 - - [21/Sep/2023:13:35:34 -0500] "GET /BLA/resoluciones/dlf/styles.css HTTP/1.1" 200 3049
186.84.20.7 - - [21/Sep/2023:13:35:34 -0500] "GET /BLA/resoluciones/ HTTP/1.1" 200 13696
186.84.20.7 - - [21/Sep/2023:13:35:34 -0500] "GET /BLA/resoluciones/dlf/folder.png HTTP/1.1" 200 410
186.84.20.7 - - [21/Sep/2023:13:35:34 -0500] "GET /BLA/resoluciones/dlf/bg.gif HTTP/1.1" 200 54
186.84.20.7 - - [21/Sep/2023:13:35:41 -0500] "GET /BLA/resoluciones/dlf/pdf.gif HTTP/1.1" 200 272
186.84.20.7 - - [21/Sep/2023:13:35:41 -0500] "GET /BLA/resoluciones/dlf/dirup.png HTTP/1.1" 200 644
186.84.20.7 - - [21/Sep/2023:13:35:41 -0500] "GET /BLA/resoluciones/index.php?dir=RESOLUCIONES+2023%2F HTTP/1.1" 200 76365
186.84.20.7 - - [21/Sep/2023:13:35:43 -0500] "GET /BLA/resoluciones/RESOLUCIONES%202023/0074.pdf HTTP/1.1" 200 588424
216.245.221.92 - - [21/Sep/2023:13:35:51 -0500] "HEAD / HTTP/1.1" 200 -
186.84.20.7 - - [21/Sep/2023:13:35:54 -0500] "GET /BLA/resoluciones/RESOLUCIONES%202023/0048.pdf HTTP/1.1" 200 384289
201.245.192.253 - - [21/Sep/2023:13:36:23 -0500] "POST /kwsrmcab/Wsrmcab  HTTP/1.1" 200 41265
172.22.2.4 - - [21/Sep/2023:13:36:42 -0500] "GET /BLA/boletinlegal/actos.php HTTP/1.1" 200 9682
172.22.2.4 - - [21/Sep/2023:13:36:43 -0500] "GET /BLA/boletinlegal/favicon.ico HTTP/1.1" 404 1230
186.82.192.101 - - [21/Sep/2023:13:36:45 -0500] "GET /BLA/resoluciones/ HTTP/1.1" 200 13696
186.82.192.101 - - [21/Sep/2023:13:36:48 -0500] "GET /BLA/resoluciones/index.php?dir=RESOLUCIONES+2023%2F HTTP/1.1" 200 76365
201.245.192.253 - - [21/Sep/2023:13:37:11 -0500] "POST /forms/lservlet;jsessionid=ac16012b30d69d644c52ab7640e8a350f59243e0b584.e3iSbxaKaheRe34Pbx8Nc3aQci1ynknvrkLOlQzNp65In0 HTTP/1.1" 200 2
172.22.2.4 - - [21/Sep/2023:13:36:40 -0500] "GET /BLA/boletinlegal/ HTTP/1.1" 200 24523
204.199.94.87 - - [21/Sep/2023:13:37:14 -0500] "GET /BLA/resoluciones/index.php?dir= HTTP/1.1" 200 13696
204.199.94.87 - - [21/Sep/2023:13:37:16 -0500] "GET /BLA/resoluciones/index.php?dir=AUTOS+2014%2F HTTP/1.1" 200 890525
186.82.192.101 - - [21/Sep/2023:13:37:31 -0500] "GET /BLA/resoluciones/RESOLUCIONES%202023/1275.pdf HTTP/1.1" 200 392333
186.82.192.101 - - [21/Sep/2023:13:37:33 -0500] "GET /BLA/resoluciones/RESOLUCIONES%202023/1275.pdf HTTP/1.1" 200 392333
201.245.192.253 - - [21/Sep/2023:13:37:47 -0500] "POST /kwsrmcab/Wsrmcab HTTP/1.1" 200 41080
201.245.192.253 - - [21/Sep/2023:13:37:50 -0500] "POST /kwsrmcab/Wsrmcab HTTP/1.1" 200 41538
190.25.67.68 - - [21/Sep/2023:13:37:56 -0500] "GET /mesa/contrasena.pdf HTTP/1.1" 200 443199
172.22.2.4 - - [21/Sep/2023:13:39:11 -0500] "GET /BLA/boletinlegal/consulta_actos.php?tipo=resoluciones&no=&usuario=idu&sector=SILVICULTURA&fecha=2021&resuelve=sancio HTTP/1.1" 200 2665
