172.22.2.4 - - [21/Sep/2023:05:31:39 -0500] "GET /BLA/boletinlegal/img/button-right.png HTTP/1.1" 200 57878
172.22.2.4 - - [21/Sep/2023:05:31:52 -0500] "GET /BLA/boletinlegal/consulta_actos.php?tipo=resoluciones&no=&usuario=SEcretaria%20distrital%20de%20ambiente&sector=&fecha=2023&resuelve= HTTP/1.1" 200 21801
172.22.2.4 - - [21/Sep/2023:05:31:54 -0500] "GET /BLA/boletinlegal/images/pdf.gif HTTP/1.1" 200 567
172.22.2.4 - - [21/Sep/2023:05:31:54 -0500] "GET /BLA/boletinlegal/images/background.gif HTTP/1.1" 200 -
172.22.2.4 - - [21/Sep/2023:05:32:04 -0500] "GET /BLA/boletinlegal/consulta_actos.php?tipo=resoluciones&no=&usuario=SEcretaria%20distrital%20de%20ambiente&sector=&fecha=2023&resuelve= HTTP/1.1" 200 21801
172.22.2.4 - - [21/Sep/2023:05:32:05 -0500] "GET /BLA/boletinlegal/consulta_actos.php?tipo=resoluciones&no=&usuario=SEcretaria%20distrital%20de%20ambiente&sector=&fecha=2023&resuelve= HTTP/1.1" 200 21801
172.22.2.4 - - [21/Sep/2023:05:32:16 -0500] "GET /BLA/boletinlegal/consulta_actos.php?tipo=resoluciones&no=&usuario=SEcretar%EDa%20distrital%20de%20ambiente&sector=&fecha=2023&resuelve= HTTP/1.1" 200 21801
172.22.2.4 - - [21/Sep/2023:05:32:17 -0500] "GET /BLA/boletinlegal/consulta_actos.php?tipo=resoluciones&no=&usuario=SEcretar%EDa%20distrital%20de%20ambiente&sector=&fecha=2023&resuelve= HTTP/1.1" 200 21801
172.22.2.4 - - [21/Sep/2023:05:32:17 -0500] "GET /BLA/boletinlegal/consulta_actos.php?tipo=resoluciones&no=&usuario=SEcretar%EDa%20distrital%20de%20ambiente&sector=&fecha=2023&resuelve= HTTP/1.1" 200 21801
172.22.2.4 - - [21/Sep/2023:05:32:18 -0500] "GET /BLA/boletinlegal/consulta_actos.php?tipo=resoluciones&no=&usuario=SEcretar%EDa%20distrital%20de%20ambiente&sector=&fecha=2023&resuelve= HTTP/1.1" 200 21801
172.22.2.4 - - [21/Sep/2023:05:32:18 -0500] "GET /BLA/boletinlegal/consulta_actos.php?tipo=resoluciones&no=&usuario=SEcretar%EDa%20distrital%20de%20ambiente&sector=&fecha=2023&resuelve= HTTP/1.1" 200 21801
201.245.192.253 - - [21/Sep/2023:05:33:08 -0500] "POST /kwsrmcab/Wsrmcab  HTTP/1.1" 200 41265
201.221.172.179 - - [21/Sep/2023:05:35:25 -0500] "-" 408 -
216.245.221.92 - - [21/Sep/2023:05:35:52 -0500] "HEAD / HTTP/1.1" 200 -
172.22.2.4 - - [21/Sep/2023:05:34:25 -0500] "HEAD /BLA/boletinlegal/ HTTP/1.1" 200 -
216.244.66.195 - - [21/Sep/2023:05:36:20 -0500] "GET /BLA/resoluciones/RESOLUCIONES%202018/4095.pdf HTTP/1.1" 200 267396
172.22.2.4 - - [21/Sep/2023:05:35:34 -0500] "GET /BLA/boletinlegal/ HTTP/1.1" 200 24523
172.22.2.4 - - [21/Sep/2023:05:35:16 -0500] "GET /BLA/boletinlegal/ HTTP/1.1" 200 54150
201.245.192.253 - - [21/Sep/2023:05:37:49 -0500] "POST /kwsrmcab/Wsrmcab HTTP/1.1" 200 40936
201.245.192.253 - - [21/Sep/2023:05:37:52 -0500] "POST /kwsrmcab/Wsrmcab HTTP/1.1" 200 41097
152.89.160.109 - - [21/Sep/2023:05:37:55 -0500] "GET /secretaria-de-ambiente-y-car-firman-el-plan-de-manejo-ambiental-del-sitio-ramsar-complejo-de-humedales-urbanos-de-bogota-unico-en-america-latina.html HTTP/1.1" 200 1040
201.245.192.253 - - [21/Sep/2023:05:38:08 -0500] "POST /kwsrmcab/Wsrmcab  HTTP/1.1" 200 41265
216.244.66.195 - - [21/Sep/2023:05:38:43 -0500] "GET /BLA/resoluciones/AUTOS%202017/2610.pdf HTTP/1.1" 200 282954
172.22.2.4 - - [21/Sep/2023:05:38:46 -0500] "GET /BLA/boletinlegal/norma_menu.php HTTP/1.1" 200 6328
216.244.66.195 - - [21/Sep/2023:05:39:22 -0500] "GET /BLA/resoluciones/AUTOS%202018/3438.pdf HTTP/1.1" 200 306928
216.244.66.195 - - [21/Sep/2023:05:40:03 -0500] "GET /BLA/resoluciones/AUTOS%202019/0395.pdf HTTP/1.1" 200 1326927
216.245.221.92 - - [21/Sep/2023:05:40:52 -0500] "HEAD / HTTP/1.1" 200 -
216.244.66.195 - - [21/Sep/2023:05:40:53 -0500] "GET /BLA/resoluciones/AUTOS%202019/2113.pdf HTTP/1.1" 200 728362
31.13.127.22 - - [21/Sep/2023:05:41:16 -0500] "GET /decision-de-frenar-obras-en-el-zuque-es-caprichosa-y-priva-a-la-ciudadania-de-conocer-y-preservar-los-cerros-orientales-urrutia-secretaria-de-ambiente.html HTTP/1.1" 200 1018
69.63.184.2 - - [21/Sep/2023:05:41:21 -0500] "GET /decision-de-frenar-obras-en-el-zuque-es-caprichosa-y-priva-a-la-ciudadania-de-conocer-y-preservar-los-cerros-orientales-urrutia-secretaria-de-ambiente.html HTTP/1.1" 200 1018
216.244.66.195 - - [21/Sep/2023:05:41:43 -0500] "GET /BLA/resoluciones/AUTOS%202019/3427.pdf HTTP/1.1" 200 765704
172.22.2.4 - - [21/Sep/2023:05:40:15 -0500] "HEAD /BLA/boletinlegal/ HTTP/1.1" 200 -
216.244.66.195 - - [21/Sep/2023:05:42:33 -0500] "GET /BLA/resoluciones/AUTOS%202020/0023.pdf HTTP/1.1" 200 755712
172.22.2.4 - - [21/Sep/2023:05:41:06 -0500] "GET /BLA/boletinlegal/ HTTP/1.1" 200 60692
201.245.192.253 - - [21/Sep/2023:05:43:06 -0500] "POST /kwsrmcab/Wsrmcab  HTTP/1.1" 200 41265
216.244.66.195 - - [21/Sep/2023:05:43:19 -0500] "GET /BLA/resoluciones/AUTOS%202020/0399.pdf HTTP/1.1" 200 502002
216.244.66.195 - - [21/Sep/2023:05:43:54 -0500] "GET /BLA/resoluciones/AUTOS%202020/0852.pdf HTTP/1.1" 200 318162
216.244.66.195 - - [21/Sep/2023:05:44:23 -0500] "GET /BLA/resoluciones/AUTOS%202020/0905.pdf HTTP/1.1" 200 393134
216.244.66.195 - - [21/Sep/2023:05:44:52 -0500] "GET /BLA/resoluciones/AUTOS%202020/1075.pdf HTTP/1.1" 200 350979
216.244.66.195 - - [21/Sep/2023:05:45:19 -0500] "GET /BLA/resoluciones/AUTOS%202020/1376.pdf HTTP/1.1" 200 359231
216.244.66.195 - - [21/Sep/2023:05:45:45 -0500] "GET /BLA/resoluciones/AUTOS%202020/1613.pdf HTTP/1.1" 200 792906
216.245.221.92 - - [21/Sep/2023:05:45:52 -0500] "HEAD / HTTP/1.1" 200 -
123.126.68.45 - - [21/Sep/2023:05:45:58 -0500] "GET / HTTP/1.1" 200 319
216.244.66.195 - - [21/Sep/2023:05:46:16 -0500] "GET /BLA/resoluciones/AUTOS%202020/2972.pdf HTTP/1.1" 200 380536
216.244.66.195 - - [21/Sep/2023:05:46:48 -0500] "GET /BLA/resoluciones/AUTOS%202020/2976.pdf HTTP/1.1" 200 407446
172.22.2.4 - - [21/Sep/2023:05:46:05 -0500] "HEAD /BLA/boletinlegal/ HTTP/1.1" 200 -
201.245.192.253 - - [21/Sep/2023:05:48:05 -0500] "POST /kwsrmcab/Wsrmcab  HTTP/1.1" 200 41265
172.22.2.4 - - [21/Sep/2023:05:46:56 -0500] "GET /BLA/boletinlegal/ HTTP/1.1" 200 57790
104.47.74.126 - - [21/Sep/2023:05:48:41 -0500] "HEAD /inscribete-y-participa-en-el-foro-sobre-la-gestion-de-los-bifenilos-policlorados-en-transformadores-electricos.html HTTP/1.1" 200 -
191.156.176.63 - - [21/Sep/2023:05:48:41 -0500] "GET /inscribete-y-participa-en-el-foro-sobre-la-gestion-de-los-bifenilos-policlorados-en-transformadores-electricos.html HTTP/1.1" 200 931
20.245.224.253 - - [21/Sep/2023:05:49:00 -0500] "GET /inscribete-y-participa-en-el-foro-sobre-la-gestion-de-los-bifenilos-policlorados-en-transformadores-electricos.html HTTP/1.1" 200 931
216.245.221.92 - - [21/Sep/2023:05:50:52 -0500] "HEAD / HTTP/1.1" 200 -
216.244.66.195 - - [21/Sep/2023:05:51:33 -0500] "GET /robots.txt HTTP/1.1" 404 1018
172.22.2.4 - - [21/Sep/2023:05:51:52 -0500] "GET /BLA/boletinlegal/ews/exchanges/ HTTP/1.1" 404 1018
34.77.127.183 - - [21/Sep/2023:05:52:33 -0500] "GET / HTTP/1.1" 200 319
201.245.192.253 - - [21/Sep/2023:05:53:03 -0500] "POST /kwsrmcab/Wsrmcab  HTTP/1.1" 200 41265
172.22.2.4 - - [21/Sep/2023:05:51:55 -0500] "HEAD /BLA/boletinlegal/ HTTP/1.1" 200 -
66.249.70.198 - - [21/Sep/2023:05:53:45 -0500] "GET /resoluciones/AUTOS%202007/4002.pdf HTTP/1.1" 404 1018
40.77.167.24 - - [21/Sep/2023:05:54:10 -0500] "GET /BLA/resoluciones/AUTOS%202023/4185.pdf HTTP/1.1" 200 435308
172.22.2.4 - - [21/Sep/2023:05:52:46 -0500] "GET /BLA/boletinlegal/ HTTP/1.1" 200 60342
207.46.13.154 - - [21/Sep/2023:05:55:42 -0500] "GET /BLA/resoluciones/RESOLUCIONES%202013/0491.pdf HTTP/1.1" 304 -
173.252.107.116 - - [21/Sep/2023:05:55:52 -0500] "GET /decision-de-frenar-obras-en-el-zuque-es-caprichosa-y-priva-a-la-ciudadania-de-conocer-y-preservar-los-cerros-orientales-urrutia-secretaria-de-ambiente.html HTTP/1.1" 200 1018
173.252.107.1 - - [21/Sep/2023:05:55:52 -0500] "GET /decision-de-frenar-obras-en-el-zuque-es-caprichosa-y-priva-a-la-ciudadania-de-conocer-y-preservar-los-cerros-orientales-urrutia-secretaria-de-ambiente.html HTTP/1.1" 200 1018
216.245.221.92 - - [21/Sep/2023:05:55:52 -0500] "HEAD / HTTP/1.1" 200 -
18.213.87.247 - - [21/Sep/2023:05:55:53 -0500] "HEAD /decision-de-frenar-obras-en-el-zuque-es-caprichosa-y-priva-a-la-ciudadania-de-conocer-y-preservar-los-cerros-orientales-urrutia-secretaria-de-ambiente.html HTTP/1.1" 200 -
173.252.79.118 - - [21/Sep/2023:05:56:04 -0500] "GET /decision-de-frenar-obras-en-el-zuque-es-caprichosa-y-priva-a-la-ciudadania-de-conocer-y-preservar-los-cerros-orientales-urrutia-secretaria-de-ambiente.html HTTP/1.1" 200 1018
173.252.79.2 - - [21/Sep/2023:05:56:04 -0500] "GET /decision-de-frenar-obras-en-el-zuque-es-caprichosa-y-priva-a-la-ciudadania-de-conocer-y-preservar-los-cerros-orientales-urrutia-secretaria-de-ambiente.html HTTP/1.1" 200 1018
52.167.144.163 - - [21/Sep/2023:05:56:25 -0500] "GET /BLA/resoluciones/AUTOS%202022/1039.pdf HTTP/1.1" 304 -
40.77.167.49 - - [21/Sep/2023:05:56:32 -0500] "GET /portaldeninos/tag/observatorio-ambiental/ HTTP/1.1" 200 93356
201.245.192.253 - - [21/Sep/2023:05:58:02 -0500] "POST /kwsrmcab/Wsrmcab  HTTP/1.1" 200 41265
172.22.2.4 - - [21/Sep/2023:05:57:45 -0500] "HEAD /BLA/boletinlegal/ HTTP/1.1" 200 -
172.22.2.4 - - [21/Sep/2023:05:58:36 -0500] "GET /BLA/boletinlegal/ HTTP/1.1" 200 58187
216.245.221.92 - - [21/Sep/2023:06:00:52 -0500] "HEAD / HTTP/1.1" 200 -
173.252.107.118 - - [21/Sep/2023:06:01:09 -0500] "GET /secretaria-de-ambiente-intercambia-conocimientos-sobre-arbolado-urbano-con-delegadas-de-la-alcaldia-de-sao-paulo.html HTTP/1.1" 200 944
173.252.107.5 - - [21/Sep/2023:06:01:09 -0500] "GET /secretaria-de-ambiente-intercambia-conocimientos-sobre-arbolado-urbano-con-delegadas-de-la-alcaldia-de-sao-paulo.html HTTP/1.1" 200 944
66.249.70.198 - - [21/Sep/2023:06:01:23 -0500] "GET /BLA/resoluciones/RESOLUCIONES%202009/7251.pdf HTTP/1.1" 200 117132
173.252.107.117 - - [21/Sep/2023:06:02:15 -0500] "GET /semana-bogota-reverdece-se-plantaron-200-nuevos-arboles-en-el-humedal-tingua-azul-bosa.html HTTP/1.1" 200 896
173.252.107.116 - - [21/Sep/2023:06:02:25 -0500] "GET /durante-la-segunda-feria-de-tecnologia-y-movilidad-sostenible-distrito-etiqueto-vehiculos-cero-emisiones.html HTTP/1.1" 200 1142
173.252.107.120 - - [21/Sep/2023:06:02:25 -0500] "GET /durante-la-segunda-feria-de-tecnologia-y-movilidad-sostenible-distrito-etiqueto-vehiculos-cero-emisiones.html HTTP/1.1" 206 1142
173.252.107.2 - - [21/Sep/2023:06:02:25 -0500] "GET /durante-la-segunda-feria-de-tecnologia-y-movilidad-sostenible-distrito-etiqueto-vehiculos-cero-emisiones.html HTTP/1.1" 206 1142
173.252.107.9 - - [21/Sep/2023:06:02:25 -0500] "GET /durante-la-segunda-feria-de-tecnologia-y-movilidad-sostenible-distrito-etiqueto-vehiculos-cero-emisiones.html HTTP/1.1" 206 1142
173.252.107.2 - - [21/Sep/2023:06:02:25 -0500] "GET /durante-la-segunda-feria-de-tecnologia-y-movilidad-sostenible-distrito-etiqueto-vehiculos-cero-emisiones.html HTTP/1.1" 206 1142
173.252.107.119 - - [21/Sep/2023:06:02:25 -0500] "GET /durante-la-segunda-feria-de-tecnologia-y-movilidad-sostenible-distrito-etiqueto-vehiculos-cero-emisiones.html HTTP/1.1" 200 1142
173.252.107.2 - - [21/Sep/2023:06:02:25 -0500] "GET /durante-la-segunda-feria-de-tecnologia-y-movilidad-sostenible-distrito-etiqueto-vehiculos-cero-emisiones.html HTTP/1.1" 206 1142
173.252.107.7 - - [21/Sep/2023:06:02:25 -0500] "GET /durante-la-segunda-feria-de-tecnologia-y-movilidad-sostenible-distrito-etiqueto-vehiculos-cero-emisiones.html HTTP/1.1" 206 1142
173.252.107.119 - - [21/Sep/2023:06:02:26 -0500] "GET /durante-la-segunda-feria-de-tecnologia-y-movilidad-sostenible-distrito-etiqueto-vehiculos-cero-emisiones.html HTTP/1.1" 200 1142
201.245.192.253 - - [21/Sep/2023:06:03:01 -0500] "POST /kwsrmcab/Wsrmcab  HTTP/1.1" 200 41265
186.102.69.172 - - [21/Sep/2023:06:03:11 -0500] "GET /semana-bogoti-reverdece-bogoti-preparada-para-la-crisis-climitica.html HTTP/1.1" 200 949
69.171.249.119 - - [21/Sep/2023:06:03:47 -0500] "GET /images/pieza-voluntariado-ambiental.jpeg HTTP/1.1" 200 51125
172.22.2.4 - - [21/Sep/2023:06:03:35 -0500] "HEAD /BLA/boletinlegal/ HTTP/1.1" 200 -
216.245.221.92 - - [21/Sep/2023:06:05:52 -0500] "HEAD / HTTP/1.1" 200 -
172.22.2.4 - - [21/Sep/2023:06:04:26 -0500] "GET /BLA/boletinlegal/ HTTP/1.1" 200 60692
40.77.167.61 - - [21/Sep/2023:06:07:26 -0500] "GET /BLA/resoluciones/AUTOS%202021/2887.pdf HTTP/1.1" 304 -
201.245.192.253 - - [21/Sep/2023:06:08:00 -0500] "POST /kwsrmcab/Wsrmcab  HTTP/1.1" 200 41265
95.71.199.19 - - [21/Sep/2023:06:08:42 -0500] "GET / HTTP/1.1" 200 319
216.245.221.92 - - [21/Sep/2023:06:10:52 -0500] "HEAD / HTTP/1.1" 200 -
172.22.2.4 - - [21/Sep/2023:06:09:25 -0500] "HEAD /BLA/boletinlegal/ HTTP/1.1" 200 -
172.22.2.4 - - [21/Sep/2023:06:10:16 -0500] "GET /BLA/boletinlegal/ HTTP/1.1" 200 57790
52.167.144.194 - - [21/Sep/2023:06:12:13 -0500] "GET /BLA/resoluciones/AUTOS%202023/0631.pdf HTTP/1.1" 200 1015007
201.245.192.253 - - [21/Sep/2023:06:12:59 -0500] "POST /kwsrmcab/Wsrmcab  HTTP/1.1" 200 41265
216.245.221.92 - - [21/Sep/2023:06:15:52 -0500] "HEAD / HTTP/1.1" 200 -
40.77.167.47 - - [21/Sep/2023:06:16:02 -0500] "GET /BLA/resoluciones/AUTOS%202023/4682.pdf HTTP/1.1" 200 422874
66.249.66.193 - - [21/Sep/2023:06:16:12 -0500] "GET /reciclaton-universidad-de-la-salle-se-une-a-esta-iniciativa.html HTTP/1.1" 304 -
172.22.2.4 - - [21/Sep/2023:06:15:15 -0500] "HEAD /BLA/boletinlegal/ HTTP/1.1" 200 -
172.22.2.4 - - [21/Sep/2023:06:16:06 -0500] "GET /BLA/boletinlegal/ HTTP/1.1" 200 60342
201.245.192.253 - - [21/Sep/2023:06:17:48 -0500] "POST /kwsrmcab/Wsrmcab HTTP/1.1" 200 41111
201.245.192.253 - - [21/Sep/2023:06:17:51 -0500] "POST /kwsrmcab/Wsrmcab HTTP/1.1" 200 41278
201.245.192.253 - - [21/Sep/2023:06:17:58 -0500] "POST /kwsrmcab/Wsrmcab  HTTP/1.1" 200 41265
185.224.128.197 - - [21/Sep/2023:06:18:57 -0500] "GET / HTTP/1.1" 200 319
71.18.255.47 - - [21/Sep/2023:06:19:27 -0500] "GET /galeria/galeria/fotos/diaSC7Peq.jpg HTTP/1.1" 200 18357
216.245.221.92 - - [21/Sep/2023:06:20:52 -0500] "HEAD / HTTP/1.1" 200 -
216.244.66.195 - - [21/Sep/2023:06:22:01 -0500] "GET /BLA/resoluciones/RESOLUCIONES%202018/2261.pdf HTTP/1.1" 200 283967
216.244.66.195 - - [21/Sep/2023:06:22:39 -0500] "GET /BLA/resoluciones/RESOLUCIONES%202018/3459.pdf HTTP/1.1" 200 216706
172.22.2.4 - - [21/Sep/2023:06:21:05 -0500] "HEAD /BLA/boletinlegal/ HTTP/1.1" 200 -
201.245.192.253 - - [21/Sep/2023:06:22:57 -0500] "POST /kwsrmcab/Wsrmcab  HTTP/1.1" 200 41265
216.244.66.195 - - [21/Sep/2023:06:23:17 -0500] "GET /BLA/resoluciones/RESOLUCIONES%202018/3783.pdf HTTP/1.1" 200 272982
172.22.2.4 - - [21/Sep/2023:06:21:56 -0500] "GET /BLA/boletinlegal/ HTTP/1.1" 200 58187
216.244.66.195 - - [21/Sep/2023:06:23:55 -0500] "GET /BLA/resoluciones/RESOLUCIONES%202018/4347.pdf HTTP/1.1" 200 280983
216.244.66.195 - - [21/Sep/2023:06:25:49 -0500] "GET /BLA/resoluciones/AUTOS%202020/0949.pdf HTTP/1.1" 200 1498752
216.245.221.92 - - [21/Sep/2023:06:25:52 -0500] "HEAD / HTTP/1.1" 200 -
216.244.66.195 - - [21/Sep/2023:06:26:42 -0500] "GET /BLA/resoluciones/AUTOS%202020/1061.pdf HTTP/1.1" 200 384377
216.244.66.195 - - [21/Sep/2023:06:27:21 -0500] "GET /BLA/resoluciones/AUTOS%202020/1196.pdf HTTP/1.1" 200 1099008
201.245.192.253 - - [21/Sep/2023:06:27:48 -0500] "POST /kwsrmcab/Wsrmcab HTTP/1.1" 200 41111
201.245.192.253 - - [21/Sep/2023:06:27:51 -0500] "POST /kwsrmcab/Wsrmcab HTTP/1.1" 200 41278
201.245.192.253 - - [21/Sep/2023:06:27:56 -0500] "POST /kwsrmcab/Wsrmcab  HTTP/1.1" 200 41265
216.244.66.195 - - [21/Sep/2023:06:28:10 -0500] "GET /BLA/resoluciones/AUTOS%202020/1293.pdf HTTP/1.1" 200 396799
172.22.2.4 - - [21/Sep/2023:06:26:55 -0500] "HEAD /BLA/boletinlegal/ HTTP/1.1" 200 -
216.244.66.195 - - [21/Sep/2023:06:28:44 -0500] "GET /BLA/resoluciones/AUTOS%202020/1413.pdf HTTP/1.1" 200 377345
216.244.66.195 - - [21/Sep/2023:06:29:21 -0500] "GET /BLA/resoluciones/AUTOS%202020/2230.pdf HTTP/1.1" 200 361039
172.22.2.4 - - [21/Sep/2023:06:27:46 -0500] "GET /BLA/boletinlegal/ HTTP/1.1" 200 58187
52.167.144.235 - - [21/Sep/2023:06:29:43 -0500] "GET /galeria/galeria/fotos/Entrenube1G.jpg HTTP/1.1" 200 98766
216.244.66.195 - - [21/Sep/2023:06:29:56 -0500] "GET /BLA/resoluciones/AUTOS%202020/2337.pdf HTTP/1.1" 200 345427
216.244.66.195 - - [21/Sep/2023:06:30:27 -0500] "GET /BLA/resoluciones/AUTOS%202020/2643.pdf HTTP/1.1" 200 365912
216.245.221.92 - - [21/Sep/2023:06:30:52 -0500] "HEAD / HTTP/1.1" 200 -
216.244.66.195 - - [21/Sep/2023:06:30:56 -0500] "GET /BLA/resoluciones/AUTOS%202020/3150.pdf HTTP/1.1" 200 360703
172.22.2.4 - - [21/Sep/2023:06:29:29 -0500] "GET /BLA/boletinlegal/ HTTP/1.1" 200 62795
216.244.66.195 - - [21/Sep/2023:06:31:23 -0500] "GET /BLA/resoluciones/AUTOS%202020/3153.pdf HTTP/1.1" 200 353439
216.244.66.195 - - [21/Sep/2023:06:31:53 -0500] "GET /BLA/resoluciones/AUTOS%202020/3299.pdf HTTP/1.1" 200 415963
216.244.66.195 - - [21/Sep/2023:06:32:20 -0500] "GET /BLA/resoluciones/AUTOS%202020/3380.pdf HTTP/1.1" 200 333417
69.63.189.120 - - [21/Sep/2023:06:32:21 -0500] "GET /images/pieza-voluntariado-ambiental.jpeg HTTP/1.1" 200 51125
216.244.66.195 - - [21/Sep/2023:06:32:45 -0500] "GET /BLA/resoluciones/AUTOS%202020/3397.pdf HTTP/1.1" 200 358735
201.245.192.253 - - [21/Sep/2023:06:32:56 -0500] "POST /kwsrmcab/Wsrmcab  HTTP/1.1" 200 41265
172.22.2.4 - - [21/Sep/2023:06:33:01 -0500] "GET /BLA/boletinlegal/Directivas/2017/Directiva%20No.%2003%20del%2024%20de%20Febrero%20de%202017.pdf HTTP/1.1" 200 6911517
216.244.66.195 - - [21/Sep/2023:06:33:09 -0500] "GET /BLA/resoluciones/AUTOS%202020/3601.pdf HTTP/1.1" 200 359172
3.91.48.246 - - [21/Sep/2023:06:33:13 -0500] "GET /portaldeninos/ HTTP/1.1" 200 110175
172.22.2.4 - - [21/Sep/2023:06:33:17 -0500] "GET /BLA/boletinlegal/actos.php HTTP/1.1" 200 9682
216.244.66.195 - - [21/Sep/2023:06:33:31 -0500] "GET /BLA/resoluciones/AUTOS%202020/3630.pdf HTTP/1.1" 200 448100
216.244.66.195 - - [21/Sep/2023:06:33:53 -0500] "GET /BLA/resoluciones/AUTOS%202020/3748.pdf HTTP/1.1" 200 309837
216.244.66.195 - - [21/Sep/2023:06:34:14 -0500] "GET /BLA/resoluciones/AUTOS%202020/3963.pdf HTTP/1.1" 200 435664
172.22.2.4 - - [21/Sep/2023:06:32:45 -0500] "HEAD /BLA/boletinlegal/ HTTP/1.1" 200 -
216.244.66.195 - - [21/Sep/2023:06:34:34 -0500] "GET /BLA/resoluciones/AUTOS%202020/4236.pdf HTTP/1.1" 200 398766
172.22.2.4 - - [21/Sep/2023:06:34:45 -0500] "GET /BLA/boletinlegal/version HTTP/1.1" 404 1018
216.244.66.195 - - [21/Sep/2023:06:34:53 -0500] "GET /BLA/resoluciones/AUTOS%202020/4385.pdf HTTP/1.1" 200 383113
172.22.2.4 - - [21/Sep/2023:06:33:36 -0500] "GET /BLA/boletinlegal/ HTTP/1.1" 200 58187
216.245.221.92 - - [21/Sep/2023:06:35:52 -0500] "HEAD / HTTP/1.1" 200 -
201.245.192.253 - - [21/Sep/2023:06:37:48 -0500] "POST /kwsrmcab/Wsrmcab HTTP/1.1" 200 41111
201.245.192.253 - - [21/Sep/2023:06:37:51 -0500] "POST /kwsrmcab/Wsrmcab HTTP/1.1" 200 41278
201.245.192.253 - - [21/Sep/2023:06:37:54 -0500] "POST /kwsrmcab/Wsrmcab  HTTP/1.1" 200 41265
216.244.66.195 - - [21/Sep/2023:06:39:14 -0500] "GET /robots.txt HTTP/1.1" 404 1018
182.40.104.255 - - [21/Sep/2023:06:39:17 -0500] "GET / HTTP/1.1" 200 319
172.22.2.4 - - [21/Sep/2023:06:40:03 -0500] "GET /BLA/boletinlegal/actos.php HTTP/1.1" 200 9682
172.22.2.4 - - [21/Sep/2023:06:40:03 -0500] "GET /BLA/boletinlegal/styles2.css HTTP/1.1" 200 1838
172.22.2.4 - - [21/Sep/2023:06:40:03 -0500] "GET /BLA/boletinlegal/js/ajax_actos.js HTTP/1.1" 200 1322
172.22.2.4 - - [21/Sep/2023:06:40:03 -0500] "GET /BLA/boletinlegal/niceforms-default.css HTTP/1.1" 200 6694
172.22.2.4 - - [21/Sep/2023:06:40:03 -0500] "GET /BLA/boletinlegal/style.css HTTP/1.1" 200 9406
172.22.2.4 - - [21/Sep/2023:06:40:03 -0500] "GET /BLA/boletinlegal/niceforms.js HTTP/1.1" 200 22876
172.22.2.4 - - [21/Sep/2023:06:40:03 -0500] "GET /BLA/boletinlegal/js/lib.js HTTP/1.1" 200 6474
172.22.2.4 - - [21/Sep/2023:06:40:03 -0500] "GET /BLA/boletinlegal/js/popup.js HTTP/1.1" 200 1270
172.22.2.4 - - [21/Sep/2023:06:40:03 -0500] "GET /BLA/boletinlegal/js/jquery1.js HTTP/1.1" 200 29846
172.22.2.4 - - [21/Sep/2023:06:40:03 -0500] "GET /BLA/boletinlegal/images/cabezote%20BLEGAL.jpg HTTP/1.1" 200 118164
172.22.2.4 - - [21/Sep/2023:06:40:03 -0500] "GET /BLA/boletinlegal/images/subscribe-icon-big.png HTTP/1.1" 200 47702
172.22.2.4 - - [21/Sep/2023:06:40:03 -0500] "GET /BLA/boletinlegal/images/green-yellow-blue-pink-th.png HTTP/1.1" 200 7394
172.22.2.4 - - [21/Sep/2023:06:40:03 -0500] "GET /BLA/boletinlegal/images/tel.png HTTP/1.1" 200 14477
172.22.2.4 - - [21/Sep/2023:06:40:03 -0500] "GET /BLA/boletinlegal/images/registro-usuarios.png HTTP/1.1" 200 8106
172.22.2.4 - - [21/Sep/2023:06:40:03 -0500] "GET /BLA/boletinlegal/images/historia.png HTTP/1.1" 200 52775
172.22.2.4 - - [21/Sep/2023:06:40:03 -0500] "GET /BLA/boletinlegal/images/icono-email.png HTTP/1.1" 200 5544
172.22.2.4 - - [21/Sep/2023:06:40:03 -0500] "GET /BLA/boletinlegal/images/body_bg.jpg HTTP/1.1" 200 1601
172.22.2.4 - - [21/Sep/2023:06:40:03 -0500] "GET /BLA/boletinlegal/images/menu_lft.gif HTTP/1.1" 200 1713
172.22.2.4 - - [21/Sep/2023:06:40:03 -0500] "GET /BLA/boletinlegal/images/menu_rght.gif HTTP/1.1" 200 1627
172.22.2.4 - - [21/Sep/2023:06:40:03 -0500] "GET /BLA/boletinlegal/images/bg_top.jpg HTTP/1.1" 200 522
172.22.2.4 - - [21/Sep/2023:06:40:03 -0500] "GET /BLA/boletinlegal/images/menu_bg.jpg HTTP/1.1" 200 620
172.22.2.4 - - [21/Sep/2023:06:40:03 -0500] "GET /BLA/boletinlegal/images/hover.jpg HTTP/1.1" 200 640
172.22.2.4 - - [21/Sep/2023:06:40:03 -0500] "GET /BLA/boletinlegal/images/text.jpg HTTP/1.1" 200 568
172.22.2.4 - - [21/Sep/2023:06:40:03 -0500] "GET /BLA/boletinlegal/images/footer_bg.jpg HTTP/1.1" 200 586
172.22.2.4 - - [21/Sep/2023:06:40:03 -0500] "GET /BLA/boletinlegal/images/footer_bg_l.jpg HTTP/1.1" 200 776
172.22.2.4 - - [21/Sep/2023:06:40:03 -0500] "GET /BLA/boletinlegal/img/0.png HTTP/1.1" 200 110
172.22.2.4 - - [21/Sep/2023:06:40:03 -0500] "GET /BLA/boletinlegal/img/select-left.png HTTP/1.1" 200 263
172.22.2.4 - - [21/Sep/2023:06:40:03 -0500] "GET /BLA/boletinlegal/img/button-left.png HTTP/1.1" 200 57071
172.22.2.4 - - [21/Sep/2023:06:40:03 -0500] "GET /BLA/boletinlegal/img/select-right.png HTTP/1.1" 200 44019
172.22.2.4 - - [21/Sep/2023:06:40:03 -0500] "GET /BLA/boletinlegal/img/button.png HTTP/1.1" 200 43241
172.22.2.4 - - [21/Sep/2023:06:40:03 -0500] "GET /BLA/boletinlegal/img/button-right.png HTTP/1.1" 200 57878
172.22.2.4 - - [21/Sep/2023:06:40:03 -0500] "GET /BLA/boletinlegal/favicon.ico HTTP/1.1" 404 1326
172.22.2.4 - - [21/Sep/2023:06:38:35 -0500] "HEAD /BLA/boletinlegal/ HTTP/1.1" 200 -
172.22.2.4 - - [21/Sep/2023:06:40:25 -0500] "GET /BLA/boletinlegal/consulta_actos.php?tipo=resoluciones&no=0286&usuario=&sector=&fecha=2020&resuelve= HTTP/1.1" 200 1050
172.22.2.4 - - [21/Sep/2023:06:40:25 -0500] "GET /BLA/boletinlegal/images/pdf.gif HTTP/1.1" 200 567
201.245.192.253 - - [21/Sep/2023:06:40:28 -0500] "GET /BLA/resoluciones/RESOLUCIONES%202020/0286.pdf HTTP/1.1" 200 637332
201.245.192.253 - - [21/Sep/2023:06:40:29 -0500] "GET /favicon.ico HTTP/1.1" 200 7782
201.245.197.51 - - [21/Sep/2023:06:40:40 -0500] "GET /inscribete-y-participa-en-el-foro-sobre-la-gestion-de-los-bifenilos-policlorados-en-transformadores-electricos.html HTTP/1.1" 200 931
216.245.221.92 - - [21/Sep/2023:06:40:52 -0500] "HEAD / HTTP/1.1" 200 -
201.245.197.51 - - [21/Sep/2023:06:41:01 -0500] "GET /inscribete-y-participa-en-el-foro-sobre-la-gestion-de-los-bifenilos-policlorados-en-transformadores-electricos.html HTTP/1.1" 200 931
172.22.2.4 - - [21/Sep/2023:06:39:26 -0500] "GET /BLA/boletinlegal/ HTTP/1.1" 200 58187
172.22.2.4 - - [21/Sep/2023:06:42:17 -0500] "GET /BLA/boletinlegal/consulta_actos.php?tipo=resoluciones&no=1936&usuario=&sector=&fecha=2019&resuelve= HTTP/1.1" 200 1337
40.77.167.61 - - [21/Sep/2023:06:42:19 -0500] "GET /BLA/resoluciones/AUTOS%202023/4299.pdf HTTP/1.1" 200 6088925
201.245.192.253 - - [21/Sep/2023:06:42:20 -0500] "GET /BLA/resoluciones/RESOLUCIONES%202019/1936.pdf HTTP/1.1" 200 480386
201.245.192.253 - - [21/Sep/2023:06:42:53 -0500] "POST /kwsrmcab/Wsrmcab  HTTP/1.1" 200 41265
172.22.2.4 - - [21/Sep/2023:06:43:16 -0500] "GET /BLA/boletinlegal/consulta_actos.php?tipo=resoluciones&no=0159&usuario=&sector=&fecha=2020&resuelve= HTTP/1.1" 200 2407
201.245.192.253 - - [21/Sep/2023:06:43:17 -0500] "GET /BLA/resoluciones/RESOLUCIONES%202020/0159.pdf HTTP/1.1" 200 453896
40.77.167.8 - - [21/Sep/2023:06:43:52 -0500] "GET /BLA/resoluciones/index.php?dir=RESOLUCIONES+2005%2F HTTP/1.1" 200 49688
200.25.64.246 - - [21/Sep/2023:06:45:06 -0500] "GET /BLA/resoluciones/ HTTP/1.1" 200 13696
200.25.64.246 - - [21/Sep/2023:06:45:07 -0500] "GET /BLA/resoluciones/dlf/folder.png HTTP/1.1" 200 410
200.25.64.246 - - [21/Sep/2023:06:45:07 -0500] "GET /BLA/resoluciones/dlf/styles.css HTTP/1.1" 200 3049
200.25.64.246 - - [21/Sep/2023:06:45:07 -0500] "GET /BLA/resoluciones/dlf/bg.gif HTTP/1.1" 200 54
200.25.64.246 - - [21/Sep/2023:06:45:14 -0500] "GET /BLA/resoluciones/dlf/dirup.png HTTP/1.1" 200 644
200.25.64.246 - - [21/Sep/2023:06:45:14 -0500] "GET /BLA/resoluciones/dlf/pdf.gif HTTP/1.1" 200 272
200.25.64.246 - - [21/Sep/2023:06:45:14 -0500] "GET /BLA/resoluciones/dlf/archive.png HTTP/1.1" 200 632
200.25.64.246 - - [21/Sep/2023:06:45:14 -0500] "GET /BLA/resoluciones/index.php?dir=AUTOS+2019%2F HTTP/1.1" 200 385704
200.25.64.246 - - [21/Sep/2023:06:45:46 -0500] "GET /BLA/resoluciones/AUTOS%202019/4243.pdf HTTP/1.1" 200 390549
216.245.221.92 - - [21/Sep/2023:06:45:52 -0500] "HEAD / HTTP/1.1" 200 -
172.22.2.4 - - [21/Sep/2023:06:44:25 -0500] "HEAD /BLA/boletinlegal/ HTTP/1.1" 200 -
172.22.2.4 - - [21/Sep/2023:06:45:16 -0500] "GET /BLA/boletinlegal/ HTTP/1.1" 200 58597
201.245.192.253 - - [21/Sep/2023:06:47:52 -0500] "POST /kwsrmcab/Wsrmcab  HTTP/1.1" 200 41265
172.22.2.4 - - [21/Sep/2023:06:48:01 -0500] "GET /BLA/boletinlegal/style.css HTTP/1.1" 200 9406
172.22.2.4 - - [21/Sep/2023:06:48:01 -0500] "GET /BLA/boletinlegal/styles2.css HTTP/1.1" 200 1838
172.22.2.4 - - [21/Sep/2023:06:48:01 -0500] "GET /BLA/boletinlegal/js/jquery.js HTTP/1.1" 200 57254
172.22.2.4 - - [21/Sep/2023:06:48:01 -0500] "GET /BLA/boletinlegal/js/jquery.scrollTo-min.js HTTP/1.1" 200 1150
172.22.2.4 - - [21/Sep/2023:06:48:01 -0500] "GET /BLA/boletinlegal/js/jquery.scrollShow.js HTTP/1.1" 200 4586
172.22.2.4 - - [21/Sep/2023:06:48:01 -0500] "GET /BLA/boletinlegal/images/cabezote%20BLEGAL.jpg HTTP/1.1" 200 118164
172.22.2.4 - - [21/Sep/2023:06:48:01 -0500] "GET /BLA/boletinlegal/images/subscribe-icon-big.png HTTP/1.1" 200 47702
172.22.2.4 - - [21/Sep/2023:06:48:01 -0500] "GET /BLA/boletinlegal/images/historia.png HTTP/1.1" 200 52775
172.22.2.4 - - [21/Sep/2023:06:48:01 -0500] "GET /BLA/boletinlegal/images/arr_l.jpg HTTP/1.1" 200 1979
172.22.2.4 - - [21/Sep/2023:06:48:01 -0500] "GET /BLA/boletinlegal/images/registro-usuarios.png HTTP/1.1" 200 8106
172.22.2.4 - - [21/Sep/2023:06:48:01 -0500] "GET /BLA/boletinlegal/images/launch.jpg HTTP/1.1" 200 14577
172.22.2.4 - - [21/Sep/2023:06:48:01 -0500] "GET /BLA/boletinlegal/images/screen_1.png HTTP/1.1" 200 202547
172.22.2.4 - - [21/Sep/2023:06:48:01 -0500] "GET /BLA/boletinlegal/images/body_bg.jpg HTTP/1.1" 200 1601
172.22.2.4 - - [21/Sep/2023:06:48:01 -0500] "GET /BLA/boletinlegal/images/menu_bg.jpg HTTP/1.1" 200 620
172.22.2.4 - - [21/Sep/2023:06:48:01 -0500] "GET /BLA/boletinlegal/images/menu_rght.gif HTTP/1.1" 200 1627
172.22.2.4 - - [21/Sep/2023:06:48:01 -0500] "GET /BLA/boletinlegal/images/hover.jpg HTTP/1.1" 200 640
172.22.2.4 - - [21/Sep/2023:06:48:01 -0500] "GET /BLA/boletinlegal/images/menu_lft.gif HTTP/1.1" 200 1713
172.22.2.4 - - [21/Sep/2023:06:48:01 -0500] "GET /BLA/boletinlegal/images/bg_top.jpg HTTP/1.1" 200 522
172.22.2.4 - - [21/Sep/2023:06:48:01 -0500] "GET /BLA/boletinlegal/images/text.jpg HTTP/1.1" 200 568
172.22.2.4 - - [21/Sep/2023:06:48:07 -0500] "GET /BLA/boletinlegal/images/screen_3.png HTTP/1.1" 200 210620
172.22.2.4 - - [21/Sep/2023:06:48:07 -0500] "GET /BLA/boletinlegal/images/screen_5.png HTTP/1.1" 200 368876
172.22.2.4 - - [21/Sep/2023:06:48:07 -0500] "GET /BLA/boletinlegal/images/arr_r.jpg HTTP/1.1" 200 1998
172.22.2.4 - - [21/Sep/2023:06:48:07 -0500] "GET /BLA/boletinlegal/images/footer_bg.jpg HTTP/1.1" 200 586
172.22.2.4 - - [21/Sep/2023:06:48:07 -0500] "GET /BLA/boletinlegal/images/screen_2.png HTTP/1.1" 200 362502
172.22.2.4 - - [21/Sep/2023:06:48:15 -0500] "GET /BLA/boletinlegal/images/pdf.gif HTTP/1.1" 200 567
172.22.2.4 - - [21/Sep/2023:06:48:00 -0500] "GET /BLA/boletinlegal/ HTTP/1.1" 200 53195
216.245.221.92 - - [21/Sep/2023:06:50:52 -0500] "HEAD / HTTP/1.1" 200 -
172.22.2.4 - - [21/Sep/2023:06:50:15 -0500] "HEAD /BLA/boletinlegal/ HTTP/1.1" 200 -
172.22.2.4 - - [21/Sep/2023:06:51:06 -0500] "GET /BLA/boletinlegal/ HTTP/1.1" 200 60692
201.245.192.253 - - [21/Sep/2023:06:52:51 -0500] "POST /kwsrmcab/Wsrmcab  HTTP/1.1" 200 41265
172.22.2.4 - - [21/Sep/2023:06:53:45 -0500] "GET /BLA/boletinlegal/jurisprudencia/analisis/AnalisisC-746-12.docx HTTP/1.1" 304 -
40.77.167.49 - - [21/Sep/2023:06:55:18 -0500] "GET /BLA/resoluciones/AUTOS%202023/4118.pdf HTTP/1.1" 200 392665
207.46.13.156 - - [21/Sep/2023:06:55:33 -0500] "GET /abierta-convocatoria-para-postular-a-organizaciones-que-desarrollan-actividades-de-voluntariado-ambiental-en-bogota.html HTTP/1.1" 200 880
216.245.221.92 - - [21/Sep/2023:06:55:52 -0500] "HEAD / HTTP/1.1" 200 -
172.22.2.4 - - [21/Sep/2023:06:56:05 -0500] "HEAD /BLA/boletinlegal/ HTTP/1.1" 200 -
201.245.192.253 - - [21/Sep/2023:06:57:50 -0500] "POST /kwsrmcab/Wsrmcab  HTTP/1.1" 200 41265
172.22.2.4 - - [21/Sep/2023:06:56:56 -0500] "GET /BLA/boletinlegal/ HTTP/1.1" 200 58187
186.154.35.136 - - [21/Sep/2023:06:58:58 -0500] "GET /sipse/faces/faces/autenticacion.xhtml HTTP/1.1" 200 12415
186.154.35.136 - - [21/Sep/2023:06:58:58 -0500] "GET /sipse/js/disable_browser_buttons.js HTTP/1.1" 304 -
186.154.35.136 - - [21/Sep/2023:06:58:58 -0500] "GET /sipse/faces/javax.faces.resource/primefaces.css?ln=primefaces&v=4.0 HTTP/1.1" 304 -
186.154.35.136 - - [21/Sep/2023:06:58:58 -0500] "GET /sipse/css/custom_css_sg_prime_login.css HTTP/1.1" 304 -
186.154.35.136 - - [21/Sep/2023:06:58:58 -0500] "GET /sipse/js/funciones.js HTTP/1.1" 304 -
186.154.35.136 - - [21/Sep/2023:06:58:58 -0500] "GET /sipse/css/custom_css_sg.css HTTP/1.1" 304 -
186.154.35.136 - - [21/Sep/2023:06:58:58 -0500] "GET /sipse/faces/javax.faces.resource/theme.css?ln=primefaces-sipse HTTP/1.1" 304 -
186.154.35.136 - - [21/Sep/2023:06:58:58 -0500] "GET /sipse/faces/javax.faces.resource/jquery/jquery.js?ln=primefaces&v=4.0 HTTP/1.1" 304 -
186.154.35.136 - - [21/Sep/2023:06:58:58 -0500] "GET /sipse/faces/javax.faces.resource/jquery/jquery-plugins.js?ln=primefaces&v=4.0 HTTP/1.1" 304 -
186.154.35.136 - - [21/Sep/2023:06:58:58 -0500] "GET /sipse/faces/javax.faces.resource/primefaces.js?ln=primefaces&v=4.0 HTTP/1.1" 304 -
186.154.35.136 - - [21/Sep/2023:06:58:58 -0500] "GET /sipse/faces/javax.faces.resource/layout/layout.css?ln=primefaces&v=4.0 HTTP/1.1" 304 -
186.154.35.136 - - [21/Sep/2023:06:58:58 -0500] "GET /sipse/faces/javax.faces.resource/layout/layout.js?ln=primefaces&v=4.0 HTTP/1.1" 304 -
186.154.35.136 - - [21/Sep/2023:06:58:58 -0500] "GET /sipse/css/imagen/logoSDG.png HTTP/1.1" 304 -
186.154.35.136 - - [21/Sep/2023:06:58:58 -0500] "GET /sipse/css/imagen/loginimg.png HTTP/1.1" 304 -
186.154.35.136 - - [21/Sep/2023:06:58:58 -0500] "GET /sipse/faces/javax.faces.resource/images/ui-icons_898989_256x240.png?ln=primefaces-aristo HTTP/1.1" 304 -
186.154.35.136 - - [21/Sep/2023:06:58:59 -0500] "GET /sipse/faces/faces/index.xhtml HTTP/1.1" 200 677
186.154.35.136 - - [21/Sep/2023:06:58:59 -0500] "GET /sipse/faces/javax.faces.resource/theme.css?ln=primefaces-sipse HTTP/1.1" 304 -
186.154.35.136 - - [21/Sep/2023:06:58:59 -0500] "GET /sipse/faces/faces/faces/autenticacion.xhtml HTTP/1.1" 200 12415
186.154.35.136 - - [21/Sep/2023:06:58:59 -0500] "GET /sipse/faces/javax.faces.resource/theme.css?ln=primefaces-sipse HTTP/1.1" 304 -
186.154.35.136 - - [21/Sep/2023:06:58:59 -0500] "GET /sipse/faces/javax.faces.resource/primefaces.css?ln=primefaces&v=4.0 HTTP/1.1" 304 -
186.154.35.136 - - [21/Sep/2023:06:58:59 -0500] "GET /sipse/faces/javax.faces.resource/jquery/jquery.js?ln=primefaces&v=4.0 HTTP/1.1" 304 -
186.154.35.136 - - [21/Sep/2023:06:58:59 -0500] "GET /sipse/faces/javax.faces.resource/layout/layout.css?ln=primefaces&v=4.0 HTTP/1.1" 304 -
186.154.35.136 - - [21/Sep/2023:06:58:59 -0500] "GET /sipse/faces/javax.faces.resource/jquery/jquery-plugins.js?ln=primefaces&v=4.0 HTTP/1.1" 304 -
186.154.35.136 - - [21/Sep/2023:06:58:59 -0500] "GET /sipse/faces/javax.faces.resource/primefaces.js?ln=primefaces&v=4.0 HTTP/1.1" 304 -
186.154.35.136 - - [21/Sep/2023:06:58:59 -0500] "GET /sipse/faces/javax.faces.resource/layout/layout.js?ln=primefaces&v=4.0 HTTP/1.1" 304 -
186.154.35.136 - - [21/Sep/2023:06:58:59 -0500] "GET /sipse/faces/javax.faces.resource/images/ui-icons_898989_256x240.png?ln=primefaces-aristo HTTP/1.1" 304 -
186.154.35.136 - - [21/Sep/2023:06:59:02 -0500] "POST /sipse/faces/autenticacion.xhtml HTTP/1.1" 200 16836
186.154.35.136 - - [21/Sep/2023:06:59:02 -0500] "GET /sipse/css/custom_css_sg_prime.css HTTP/1.1" 200 5201
186.154.35.136 - - [21/Sep/2023:06:59:02 -0500] "GET /sipse/js/jquery.min.js HTTP/1.1" 304 -
186.154.35.136 - - [21/Sep/2023:06:59:02 -0500] "GET /sipse/faces/javax.faces.resource/jquery/jquery.js?ln=primefaces&v=4.0 HTTP/1.1" 304 -
186.154.35.136 - - [21/Sep/2023:06:59:02 -0500] "GET /sipse/faces/javax.faces.resource/jquery/jquery-plugins.js?ln=primefaces&v=4.0 HTTP/1.1" 304 -
186.154.35.136 - - [21/Sep/2023:06:59:02 -0500] "GET /sipse/faces/javax.faces.resource/primefaces.js?ln=primefaces&v=4.0 HTTP/1.1" 304 -
186.154.35.136 - - [21/Sep/2023:06:59:02 -0500] "GET /sipse/faces/javax.faces.resource/layout/layout.js?ln=primefaces&v=4.0 HTTP/1.1" 304 -
186.154.35.136 - - [21/Sep/2023:06:59:02 -0500] "GET /sipse/css/v_mergente.css HTTP/1.1" 200 1505
186.154.35.136 - - [21/Sep/2023:06:59:02 -0500] "GET /sipse/imagenes/cargando.gif HTTP/1.1" 200 36959
186.154.35.136 - - [21/Sep/2023:06:59:02 -0500] "GET /sipse/css/imagen/contrasena.png HTTP/1.1" 404 383
186.154.35.136 - - [21/Sep/2023:06:59:02 -0500] "GET /sipse/faces/javax.faces.resource/messages/messages.png?ln=primefaces&v=4.0 HTTP/1.1" 304 -
186.154.35.136 - - [21/Sep/2023:06:59:02 -0500] "GET /sipse/imagenes/logoAplicacion.jpg HTTP/1.1" 200 155084
186.154.35.136 - - [21/Sep/2023:06:59:03 -0500] "GET /sipse/faces/javax.faces.resource/images/ui-bg_flat_0_2d5972_40x100.png?ln=primefaces-aristo HTTP/1.1" 200 183
186.154.35.136 - - [21/Sep/2023:06:59:03 -0500] "POST /sipse/faces/bienvenido.xhtml HTTP/1.1" 200 1471
186.154.35.136 - - [21/Sep/2023:06:59:04 -0500] "POST /sipse/faces/bienvenido.xhtml HTTP/1.1" 200 31899
186.154.35.136 - - [21/Sep/2023:06:59:04 -0500] "GET /sipse/faces/javax.faces.resource/jquery/jquery.js?ln=primefaces&v=4.0 HTTP/1.1" 304 -
186.154.35.136 - - [21/Sep/2023:06:59:04 -0500] "GET /sipse/faces/javax.faces.resource/jquery/jquery-plugins.js?ln=primefaces&v=4.0 HTTP/1.1" 304 -
186.154.35.136 - - [21/Sep/2023:06:59:05 -0500] "GET /sipse/faces/javax.faces.resource/primefaces.js?ln=primefaces&v=4.0 HTTP/1.1" 304 -
186.154.35.136 - - [21/Sep/2023:06:59:05 -0500] "GET /sipse/faces/javax.faces.resource/layout/layout.js?ln=primefaces&v=4.0 HTTP/1.1" 304 -
186.154.35.136 - - [21/Sep/2023:06:59:05 -0500] "POST /sipse/faces/presentacion/financiero/solicitudProceso/listarSolicitudProceso.xhtml HTTP/1.1" 200 1368
190.93.150.134 - - [21/Sep/2023:06:59:17 -0500] "GET /inscribete-y-participa-en-el-foro-sobre-la-gestion-de-los-bifenilos-policlorados-en-transformadores-electricos.html HTTP/1.1" 200 931
80.76.51.163 - - [21/Sep/2023:07:00:39 -0500] "POST /boaform/admin/formLogin HTTP/1.1" 404 1186
216.245.221.92 - - [21/Sep/2023:07:00:52 -0500] "HEAD / HTTP/1.1" 200 -
201.245.192.253 - - [21/Sep/2023:07:02:49 -0500] "POST /kwsrmcab/Wsrmcab  HTTP/1.1" 200 41265
199.16.157.183 - - [21/Sep/2023:07:03:20 -0500] "GET /images/pl%C3%A1sticos%20foto%201..jpg HTTP/1.1" 404 1034
172.22.2.4 - - [21/Sep/2023:07:01:55 -0500] "HEAD /BLA/boletinlegal/ HTTP/1.1" 200 -
172.22.2.4 - - [21/Sep/2023:07:02:46 -0500] "GET /BLA/boletinlegal/ HTTP/1.1" 200 60342
69.63.184.116 - - [21/Sep/2023:07:04:38 -0500] "GET /decision-de-frenar-obras-en-el-zuque-es-caprichosa-y-priva-a-la-ciudadania-de-conocer-y-preservar-los-cerros-orientales-urrutia-secretaria-de-ambiente.html HTTP/1.1" 200 1018
40.77.167.158 - - [21/Sep/2023:07:05:28 -0500] "GET /forest/ HTTP/1.1" 200 12041
216.245.221.92 - - [21/Sep/2023:07:05:52 -0500] "HEAD / HTTP/1.1" 200 -
52.167.144.223 - - [21/Sep/2023:07:05:59 -0500] "GET /portaldeninos/humedal-capellania-2/ HTTP/1.1" 200 87949
64.124.8.33 - - [21/Sep/2023:07:06:35 -0500] "GET /robots.txt HTTP/1.1" 404 1035
64.124.8.33 - - [21/Sep/2023:07:06:35 -0500] "GET / HTTP/1.1" 200 319
52.167.144.223 - - [21/Sep/2023:07:06:47 -0500] "GET /portaldeninos/wp-content/themes/betheme/assets/animations/animations.min.css?ver=20.9.6 HTTP/1.1" 200 58508
52.167.144.223 - - [21/Sep/2023:07:06:48 -0500] "GET /portaldeninos/wp-content/themes/betheme/js/menu.js?ver=20.9.6 HTTP/1.1" 200 2449
52.167.144.223 - - [21/Sep/2023:07:06:48 -0500] "GET /portaldeninos/wp-includes/js/jquery/ui/accordion.min.js?ver=1.11.4 HTTP/1.1" 200 8584
52.167.144.223 - - [21/Sep/2023:07:06:48 -0500] "GET /portaldeninos/wp-includes/js/jquery/ui/mouse.min.js?ver=1.11.4 HTTP/1.1" 200 3148
52.167.144.223 - - [21/Sep/2023:07:06:48 -0500] "GET /portaldeninos/wp-includes/js/wp-embed.min.js?ver=4.9.8 HTTP/1.1" 200 1398
52.167.144.223 - - [21/Sep/2023:07:06:48 -0500] "GET /portaldeninos/wp-includes/js/jquery/ui/tabs.min.js?ver=1.11.4 HTTP/1.1" 200 12110
52.167.144.223 - - [21/Sep/2023:07:06:49 -0500] "GET /portaldeninos/wp-includes/js/jquery/ui/widget.min.js?ver=1.11.4 HTTP/1.1" 200 6908
157.55.39.54 - - [21/Sep/2023:07:06:53 -0500] "GET /portaldeninos/wp-content/plugins/gallery-videos/CSS/totalsoft.css?ver=4.9.8 HTTP/1.1" 200 40622
157.55.39.54 - - [21/Sep/2023:07:06:54 -0500] "GET /portaldeninos/wp-content/plugins/gallery-videos/CSS/Total-Soft-Gallery-Video-Widget.css?ver=4.9.8 HTTP/1.1" 200 51554
157.55.39.54 - - [21/Sep/2023:07:06:54 -0500] "GET /portaldeninos/wp-content/plugins/gallery-videos/JS/modernizr.custom.js?ver=4.9.8 HTTP/1.1" 200 9019
157.55.39.54 - - [21/Sep/2023:07:06:55 -0500] "GET /portaldeninos/wp-content/themes/betheme/assets/jplayer/css/jplayer.blue.monday.css?ver=20.9.6 HTTP/1.1" 200 9834
157.55.39.54 - - [21/Sep/2023:07:06:55 -0500] "GET /portaldeninos/wp-content/themes/betheme/assets/ui/jquery.ui.all.css?ver=20.9.6 HTTP/1.1" 200 18765
157.55.39.54 - - [21/Sep/2023:07:06:55 -0500] "GET /portaldeninos/wp-content/themes/betheme/css/base.css?ver=20.9.6 HTTP/1.1" 200 57283
157.55.39.54 - - [21/Sep/2023:07:06:56 -0500] "GET /portaldeninos/wp-content/themes/betheme/css/responsive.css?ver=20.9.6 HTTP/1.1" 200 55740
157.55.39.54 - - [21/Sep/2023:07:06:57 -0500] "GET /portaldeninos/wp-content/themes/betheme/js/scripts.js?ver=20.9.6 HTTP/1.1" 200 77162
157.55.39.54 - - [21/Sep/2023:07:06:57 -0500] "GET /portaldeninos/wp-content/uploads/useanyfont/uaf.css?ver=1589905315 HTTP/1.1" 200 408
157.55.39.54 - - [21/Sep/2023:07:06:58 -0500] "GET /portaldeninos/wp-includes/js/jquery/jquery-migrate.min.js?ver=1.4.1 HTTP/1.1" 200 10056
157.55.39.54 - - [21/Sep/2023:07:06:58 -0500] "GET /portaldeninos/wp-includes/js/jquery/jquery.js?ver=1.12.4 HTTP/1.1" 200 97184
40.77.167.32 - - [21/Sep/2023:07:07:04 -0500] "GET /portaldeninos/wp-content/themes/betheme/assets/animations/animations.min.js?ver=20.9.6 HTTP/1.1" 200 1896
40.77.167.32 - - [21/Sep/2023:07:07:04 -0500] "GET /portaldeninos/wp-content/themes/betheme/assets/jplayer/jplayer.min.js?ver=20.9.6 HTTP/1.1" 200 52702
40.77.167.32 - - [21/Sep/2023:07:07:05 -0500] "GET /portaldeninos/wp-content/themes/betheme/css/shortcodes.css?ver=20.9.6 HTTP/1.1" 200 138889
40.77.167.32 - - [21/Sep/2023:07:07:05 -0500] "GET /portaldeninos/wp-content/themes/betheme/js/plugins.js?ver=20.9.6 HTTP/1.1" 200 197151
40.77.167.32 - - [21/Sep/2023:07:07:06 -0500] "GET /portaldeninos/wp-content/themes/betheme/style.css?ver=20.9.6 HTTP/1.1" 200 287
40.77.167.32 - - [21/Sep/2023:07:07:06 -0500] "GET /portaldeninos/wp-includes/js/jquery/ui/core.min.js?ver=1.11.4 HTTP/1.1" 200 4000
40.77.167.32 - - [21/Sep/2023:07:07:06 -0500] "GET /portaldeninos/wp-includes/js/wp-emoji-release.min.js?ver=4.9.8 HTTP/1.1" 200 12026
201.245.192.253 - - [21/Sep/2023:07:07:49 -0500] "POST /kwsrmcab/Wsrmcab  HTTP/1.1" 200 41265
162.55.175.144 - - [21/Sep/2023:07:08:09 -0500] "GET / HTTP/1.1" 200 319
172.22.2.4 - - [21/Sep/2023:07:07:45 -0500] "HEAD /BLA/boletinlegal/ HTTP/1.1" 200 -
172.22.2.4 - - [21/Sep/2023:07:09:29 -0500] "GET /BLA/boletinlegal/actos.php HTTP/1.1" 200 9682
172.22.2.4 - - [21/Sep/2023:07:09:31 -0500] "GET /BLA/boletinlegal/favicon.ico HTTP/1.1" 404 1326
190.145.240.161 - - [21/Sep/2023:07:09:35 -0500] "GET /BLA/resoluciones/ HTTP/1.1" 200 13696
190.145.240.161 - - [21/Sep/2023:07:09:46 -0500] "GET /BLA/resoluciones/index.php?dir=AUTOS+2023%2F HTTP/1.1" 200 306591
45.66.230.162 - - [21/Sep/2023:07:10:11 -0500] "GET /.env HTTP/1.1" 404 1018
45.66.230.162 - - [21/Sep/2023:07:10:11 -0500] "POST / HTTP/1.1" 200 319
172.22.2.4 - - [21/Sep/2023:07:08:36 -0500] "GET /BLA/boletinlegal/ HTTP/1.1" 200 58187
216.245.221.92 - - [21/Sep/2023:07:10:52 -0500] "HEAD / HTTP/1.1" 200 -
64.124.8.50 - - [21/Sep/2023:07:11:00 -0500] "GET /robots.txt HTTP/1.1" 404 1049
64.124.8.50 - - [21/Sep/2023:07:11:00 -0500] "GET / HTTP/1.1" 200 319
201.245.192.253 - - [21/Sep/2023:07:12:48 -0500] "POST /kwsrmcab/Wsrmcab  HTTP/1.1" 200 41265
216.244.66.195 - - [21/Sep/2023:07:13:07 -0500] "GET /BLA/resoluciones/AUTOS%202021/1732.pdf HTTP/1.1" 200 921165
216.244.66.195 - - [21/Sep/2023:07:13:38 -0500] "GET /BLA/resoluciones/AUTOS%202021/2066.pdf HTTP/1.1" 200 349973
216.244.66.195 - - [21/Sep/2023:07:14:04 -0500] "GET /BLA/resoluciones/AUTOS%202021/2327.pdf HTTP/1.1" 200 414569
216.244.66.195 - - [21/Sep/2023:07:14:26 -0500] "GET /BLA/resoluciones/AUTOS%202021/2460.pdf HTTP/1.1" 200 371317
216.244.66.195 - - [21/Sep/2023:07:14:47 -0500] "GET /BLA/resoluciones/AUTOS%202021/2563.pdf HTTP/1.1" 200 392369
172.22.2.4 - - [21/Sep/2023:07:13:35 -0500] "HEAD /BLA/boletinlegal/ HTTP/1.1" 200 -
216.244.66.195 - - [21/Sep/2023:07:15:26 -0500] "GET /BLA/resoluciones/AUTOS%202021/2564.pdf HTTP/1.1" 200 381233
216.245.221.92 - - [21/Sep/2023:07:15:52 -0500] "HEAD / HTTP/1.1" 200 -
172.22.2.4 - - [21/Sep/2023:07:14:26 -0500] "GET /BLA/boletinlegal/ HTTP/1.1" 200 60342
216.244.66.195 - - [21/Sep/2023:07:16:07 -0500] "GET /BLA/resoluciones/AUTOS%202021/3738.pdf HTTP/1.1" 200 369982
216.244.66.195 - - [21/Sep/2023:07:16:38 -0500] "GET /BLA/resoluciones/AUTOS%202021/4001.pdf HTTP/1.1" 200 313688
216.244.66.195 - - [21/Sep/2023:07:17:08 -0500] "GET /BLA/resoluciones/AUTOS%202021/4238.pdf HTTP/1.1" 200 409594
168.151.165.4 - - [21/Sep/2023:07:17:22 -0500] "HEAD /portaldeninos HTTP/1.1" 404 -
216.244.66.195 - - [21/Sep/2023:07:17:37 -0500] "GET /BLA/resoluciones/AUTOS%202021/4441.pdf HTTP/1.1" 200 377819
201.245.192.253 - - [21/Sep/2023:07:17:46 -0500] "POST /kwsrmcab/Wsrmcab  HTTP/1.1" 200 41265
201.245.192.253 - - [21/Sep/2023:07:17:48 -0500] "POST /kwsrmcab/Wsrmcab HTTP/1.1" 200 41122
201.245.192.253 - - [21/Sep/2023:07:17:51 -0500] "POST /kwsrmcab/Wsrmcab HTTP/1.1" 200 40959
216.244.66.195 - - [21/Sep/2023:07:18:04 -0500] "GET /BLA/resoluciones/AUTOS%202021/4508.pdf HTTP/1.1" 200 347602
216.244.66.195 - - [21/Sep/2023:07:18:31 -0500] "GET /BLA/resoluciones/AUTOS%202021/4629.pdf HTTP/1.1" 200 374494
64.124.8.33 - - [21/Sep/2023:07:18:44 -0500] "GET /portaldeninos/humedal-la-conejera-2/ HTTP/1.1" 200 88020
216.244.66.195 - - [21/Sep/2023:07:18:56 -0500] "GET /BLA/resoluciones/AUTOS%202021/4781.pdf HTTP/1.1" 200 348046
172.22.2.4 - - [21/Sep/2023:07:18:58 -0500] "GET /BLA/boletinlegal/autodiscover/autodiscover.json?@zdi/Powershell HTTP/1.1" 404 1018
216.244.66.195 - - [21/Sep/2023:07:19:20 -0500] "GET /BLA/resoluciones/AUTOS%202021/4844.pdf HTTP/1.1" 200 381960
216.244.66.195 - - [21/Sep/2023:07:19:44 -0500] "GET /BLA/resoluciones/AUTOS%202021/4888.pdf HTTP/1.1" 200 706289
216.244.66.195 - - [21/Sep/2023:07:20:06 -0500] "GET /BLA/resoluciones/AUTOS%202021/5041.pdf HTTP/1.1" 200 429265
172.22.2.4 - - [21/Sep/2023:07:20:22 -0500] "GET /BLA/boletinlegal/actos.php HTTP/1.1" 200 9682
172.22.2.4 - - [21/Sep/2023:07:20:23 -0500] "GET /BLA/boletinlegal/favicon.ico HTTP/1.1" 404 1326
186.29.239.79 - - [21/Sep/2023:07:20:26 -0500] "GET /BLA/resoluciones/ HTTP/1.1" 200 13696
216.244.66.195 - - [21/Sep/2023:07:20:28 -0500] "GET /BLA/resoluciones/AUTOS%202021/5377.pdf HTTP/1.1" 200 779614
186.29.239.79 - - [21/Sep/2023:07:20:33 -0500] "GET /BLA/resoluciones/index.php?dir=RESOLUCIONES+2007%2F HTTP/1.1" 200 37998
157.55.39.12 - - [21/Sep/2023:07:20:35 -0500] "GET /BLA/resoluciones/AUTOS%202023/3359.pdf HTTP/1.1" 200 2372608
216.244.66.195 - - [21/Sep/2023:07:20:51 -0500] "GET /BLA/resoluciones/AUTOS%202022/0351.pdf HTTP/1.1" 200 408020
216.245.221.92 - - [21/Sep/2023:07:20:52 -0500] "HEAD / HTTP/1.1" 200 -
186.29.239.79 - - [21/Sep/2023:07:20:57 -0500] "GET /BLA/resoluciones/index.php?dir=RESOLUCIONES+2007%2FRES+2007+4101+AL+4200%2F HTTP/1.1" 200 26886
186.29.239.79 - - [21/Sep/2023:07:21:04 -0500] "GET /BLA/resoluciones/RESOLUCIONES%202007/RES%202007%204101%20AL%204200/RESOLUCION%204198%20DE%202007.pdf HTTP/1.1" 200 295088
172.22.2.4 - - [21/Sep/2023:07:19:25 -0500] "HEAD /BLA/boletinlegal/ HTTP/1.1" 200 -
186.29.254.249 - - [21/Sep/2023:07:21:06 -0500] "GET /sipse/faces/index.xhtml HTTP/1.1" 200 677
186.29.254.249 - - [21/Sep/2023:07:21:06 -0500] "GET /sipse/faces/javax.faces.resource/theme.css?ln=primefaces-sipse HTTP/1.1" 200 50058
216.244.66.195 - - [21/Sep/2023:07:21:11 -0500] "GET /BLA/resoluciones/AUTOS%202022/0435.pdf HTTP/1.1" 200 357009
216.244.66.195 - - [21/Sep/2023:07:21:29 -0500] "GET /BLA/resoluciones/AUTOS%202022/0997.pdf HTTP/1.1" 200 489216
216.244.66.195 - - [21/Sep/2023:07:21:47 -0500] "GET /BLA/resoluciones/AUTOS%202022/1030.pdf HTTP/1.1" 200 394975
172.22.2.4 - - [21/Sep/2023:07:20:16 -0500] "GET /BLA/boletinlegal/ HTTP/1.1" 200 60692
216.244.66.195 - - [21/Sep/2023:07:22:04 -0500] "GET /BLA/resoluciones/AUTOS%202022/1625.pdf HTTP/1.1" 200 826087
216.244.66.195 - - [21/Sep/2023:07:22:20 -0500] "GET /BLA/resoluciones/AUTOS%202022/1980.pdf HTTP/1.1" 200 310706
40.77.188.74 - - [21/Sep/2023:07:22:44 -0500] "GET /portaldeninos/wp-content/themes/betheme/fonts/mfn-icons.woff?93978679 HTTP/1.1" 200 80932
201.245.192.253 - - [21/Sep/2023:07:22:45 -0500] "POST /kwsrmcab/Wsrmcab  HTTP/1.1" 200 41265
216.245.221.92 - - [21/Sep/2023:07:25:52 -0500] "HEAD / HTTP/1.1" 200 -
216.244.66.195 - - [21/Sep/2023:07:26:26 -0500] "GET /robots.txt HTTP/1.1" 404 1018
64.124.8.33 - - [21/Sep/2023:07:26:35 -0500] "GET /portaldeninos/wp-json/ HTTP/1.1" 200 60134
172.22.2.4 - - [21/Sep/2023:07:25:15 -0500] "HEAD /BLA/boletinlegal/ HTTP/1.1" 200 -
201.245.192.253 - - [21/Sep/2023:07:27:43 -0500] "POST /kwsrmcab/Wsrmcab  HTTP/1.1" 200 41265
172.22.2.4 - - [21/Sep/2023:07:26:06 -0500] "GET /BLA/boletinlegal/ HTTP/1.1" 200 60342
201.245.192.253 - - [21/Sep/2023:07:27:48 -0500] "POST /kwsrmcab/Wsrmcab HTTP/1.1" 200 41122
201.245.192.253 - - [21/Sep/2023:07:27:51 -0500] "POST /kwsrmcab/Wsrmcab HTTP/1.1" 200 40959
172.22.2.4 - - [21/Sep/2023:07:29:14 -0500] "GET /BLA/boletinlegal/ews/exchange%20/ HTTP/1.1" 404 1018
186.84.90.99 - - [21/Sep/2023:07:30:06 -0500] "POST /sipse/faces/presentacion/financiero/solicitudProceso/listarSolicitudProceso.xhtml HTTP/1.1" 302 -
186.84.90.99 - - [21/Sep/2023:07:30:06 -0500] "GET /sipse/faces/autenticacion.xhtml HTTP/1.1" 200 1099
186.84.90.99 - - [21/Sep/2023:07:30:06 -0500] "POST /sipse/faces/presentacion/financiero/solicitudProceso/listarSolicitudProceso.xhtml HTTP/1.1" 302 -
186.84.90.99 - - [21/Sep/2023:07:30:06 -0500] "GET /sipse/faces/autenticacion.xhtml HTTP/1.1" 200 1099
186.84.90.99 - - [21/Sep/2023:07:30:28 -0500] "GET /sipse/faces/index.xhtml HTTP/1.1" 200 677
186.84.90.99 - - [21/Sep/2023:07:30:28 -0500] "GET /sipse/faces/javax.faces.resource/theme.css?ln=primefaces-sipse HTTP/1.1" 304 -
186.84.90.99 - - [21/Sep/2023:07:30:28 -0500] "GET /sipse/faces/faces/autenticacion.xhtml HTTP/1.1" 200 12415
186.84.90.99 - - [21/Sep/2023:07:30:29 -0500] "GET /sipse/js/disable_browser_buttons.js HTTP/1.1" 304 -
186.84.90.99 - - [21/Sep/2023:07:30:29 -0500] "GET /sipse/js/funciones.js HTTP/1.1" 304 -
186.84.90.99 - - [21/Sep/2023:07:30:29 -0500] "GET /sipse/css/custom_css_sg.css HTTP/1.1" 304 -
186.84.90.99 - - [21/Sep/2023:07:30:29 -0500] "GET /sipse/css/custom_css_sg_prime_login.css HTTP/1.1" 304 -
186.84.90.99 - - [21/Sep/2023:07:30:29 -0500] "GET /sipse/faces/javax.faces.resource/theme.css?ln=primefaces-sipse HTTP/1.1" 304 -
186.84.90.99 - - [21/Sep/2023:07:30:29 -0500] "GET /sipse/faces/javax.faces.resource/layout/layout.css?ln=primefaces&v=4.0 HTTP/1.1" 304 -
186.84.90.99 - - [21/Sep/2023:07:30:29 -0500] "GET /sipse/faces/javax.faces.resource/primefaces.css?ln=primefaces&v=4.0 HTTP/1.1" 304 -
186.84.90.99 - - [21/Sep/2023:07:30:29 -0500] "GET /sipse/faces/javax.faces.resource/jquery/jquery-plugins.js?ln=primefaces&v=4.0 HTTP/1.1" 304 -
186.84.90.99 - - [21/Sep/2023:07:30:29 -0500] "GET /sipse/faces/javax.faces.resource/jquery/jquery.js?ln=primefaces&v=4.0 HTTP/1.1" 304 -
186.84.90.99 - - [21/Sep/2023:07:30:29 -0500] "GET /sipse/faces/javax.faces.resource/primefaces.js?ln=primefaces&v=4.0 HTTP/1.1" 304 -
186.84.90.99 - - [21/Sep/2023:07:30:29 -0500] "GET /sipse/faces/javax.faces.resource/layout/layout.js?ln=primefaces&v=4.0 HTTP/1.1" 304 -
186.84.90.99 - - [21/Sep/2023:07:30:29 -0500] "GET /sipse/css/imagen/logoSDG.png HTTP/1.1" 304 -
186.84.90.99 - - [21/Sep/2023:07:30:29 -0500] "GET /sipse/css/imagen/loginimg.png HTTP/1.1" 304 -
186.84.90.99 - - [21/Sep/2023:07:30:29 -0500] "GET /sipse/faces/javax.faces.resource/images/ui-icons_898989_256x240.png?ln=primefaces-aristo HTTP/1.1" 304 -
186.84.90.99 - - [21/Sep/2023:07:30:32 -0500] "POST /sipse/faces/autenticacion.xhtml HTTP/1.1" 200 16836
