!C99Shell v. 1.0 pre-release build #13!

Software: Apache. PHP/5.5.15 

uname -a: Windows NT SVR-DMZ 6.1 build 7600 (Windows Server 2008 R2 Enterprise Edition) i586 

SYSTEM 

Safe-mode: OFF (not secure)

E:\nuevo\apache\logs\   drwxrwxrwx
Free 5.02 GB of 239.26 GB (2.1%)
Detected drives: [ a ] [ c ] [ d ] [ e ] [ f ]
Home    Back    Forward    UPDIR    Refresh    Search    Buffer    Encoder    Tools    Proc.    FTP brute    Sec.    SQL    PHP-code    Update    Feedback    Self remove    Logout    


Viewing file:     access.2023.09.22.log (2.61 MB)      -rw-rw-rw-
Select action/file-type:
(+) | (+) | (+) | Code (+) | Session (+) | (+) | SDB (+) | (+) | (+) | (+) | (+) | (+) |
201.245.192.253 - - [22/Sep/2023:00:00:02 -0500] "POST /forms/lservlet;jsessionid=ac16012b30d69d644c52ab7640e8a350f59243e0b584.e3iSbxaKaheRe34Pbx8Nc3aQci1ynknvrkLOlQzNp65In0 HTTP/1.1" 200 2
216.244.66.195 - - [22/Sep/2023:00:00:06 -0500] "GET /BLA/resoluciones/AUTOS%202010/1159.pdf HTTP/1.1" 200 150564
66.220.149.1 - - [22/Sep/2023:00:00:35 -0500] "GET /images/mujeres-reverdecen-humedales-2-febrero.jpg HTTP/1.1" 200 47327
216.245.221.92 - - [22/Sep/2023:00:00:50 -0500] "HEAD / HTTP/1.1" 200 -
201.245.192.253 - - [22/Sep/2023:00:01:00 -0500] "POST /forms/lservlet;jsessionid=ac16012b30d6f8876a5c9c7b4f2cb61a8d6dcd3d5a29.e3iSbxaKaheRe34Pbx8Nc3aQci1ynknvrkLOlQzNp65In0 HTTP/1.1" 200 2
201.245.192.253 - - [22/Sep/2023:00:02:02 -0500] "POST /forms/lservlet;jsessionid=ac16012b30d69d644c52ab7640e8a350f59243e0b584.e3iSbxaKaheRe34Pbx8Nc3aQci1ynknvrkLOlQzNp65In0 HTTP/1.1" 200 2
201.245.192.253 - - [22/Sep/2023:00:03:00 -0500] "POST /forms/lservlet;jsessionid=ac16012b30d6f8876a5c9c7b4f2cb61a8d6dcd3d5a29.e3iSbxaKaheRe34Pbx8Nc3aQci1ynknvrkLOlQzNp65In0 HTTP/1.1" 200 2
40.77.167.65 - - [22/Sep/2023:00:03:04 -0500] "GET /BLA/resoluciones/RESOLUCIONES%202021/3984.pdf HTTP/1.1" 200 622369
201.245.192.253 - - [22/Sep/2023:00:04:02 -0500] "POST /forms/lservlet;jsessionid=ac16012b30d69d644c52ab7640e8a350f59243e0b584.e3iSbxaKaheRe34Pbx8Nc3aQci1ynknvrkLOlQzNp65In0 HTTP/1.1" 200 2
201.245.192.253 - - [22/Sep/2023:00:04:13 -0500] "POST /kwsrmcab/Wsrmcab  HTTP/1.1" 200 41265
172.22.2.4 - - [22/Sep/2023:00:02:45 -0500] "HEAD /BLA/boletinlegal/ HTTP/1.1" 200 -
216.244.66.195 - - [22/Sep/2023:00:04:28 -0500] "GET /robots.txt HTTP/1.1" 404 1018
201.245.192.253 - - [22/Sep/2023:00:05:00 -0500] "POST /forms/lservlet;jsessionid=ac16012b30d6f8876a5c9c7b4f2cb61a8d6dcd3d5a29.e3iSbxaKaheRe34Pbx8Nc3aQci1ynknvrkLOlQzNp65In0 HTTP/1.1" 200 2
172.22.2.4 - - [22/Sep/2023:00:03:35 -0500] "GET /BLA/boletinlegal/ HTTP/1.1" 200 58187
216.245.221.92 - - [22/Sep/2023:00:05:50 -0500] "HEAD / HTTP/1.1" 200 -
201.245.192.253 - - [22/Sep/2023:00:06:02 -0500] "POST /forms/lservlet;jsessionid=ac16012b30d69d644c52ab7640e8a350f59243e0b584.e3iSbxaKaheRe34Pbx8Nc3aQci1ynknvrkLOlQzNp65In0 HTTP/1.1" 200 2
201.245.192.253 - - [22/Sep/2023:00:07:00 -0500] "POST /forms/lservlet;jsessionid=ac16012b30d6f8876a5c9c7b4f2cb61a8d6dcd3d5a29.e3iSbxaKaheRe34Pbx8Nc3aQci1ynknvrkLOlQzNp65In0 HTTP/1.1" 200 2
201.245.192.253 - - [22/Sep/2023:00:08:02 -0500] "POST /forms/lservlet;jsessionid=ac16012b30d69d644c52ab7640e8a350f59243e0b584.e3iSbxaKaheRe34Pbx8Nc3aQci1ynknvrkLOlQzNp65In0 HTTP/1.1" 200 2
40.77.167.32 - - [22/Sep/2023:00:08:03 -0500] "GET /images/CORREO.jpg HTTP/1.1" 200 39337
201.245.192.253 - - [22/Sep/2023:00:09:00 -0500] "POST /forms/lservlet;jsessionid=ac16012b30d6f8876a5c9c7b4f2cb61a8d6dcd3d5a29.e3iSbxaKaheRe34Pbx8Nc3aQci1ynknvrkLOlQzNp65In0 HTTP/1.1" 200 2
201.245.192.253 - - [22/Sep/2023:00:09:12 -0500] "POST /kwsrmcab/Wsrmcab  HTTP/1.1" 200 41265
201.245.192.253 - - [22/Sep/2023:00:10:02 -0500] "POST /forms/lservlet;jsessionid=ac16012b30d69d644c52ab7640e8a350f59243e0b584.e3iSbxaKaheRe34Pbx8Nc3aQci1ynknvrkLOlQzNp65In0 HTTP/1.1" 200 2
172.22.2.4 - - [22/Sep/2023:00:08:35 -0500] "HEAD /BLA/boletinlegal/ HTTP/1.1" 200 -
216.245.221.92 - - [22/Sep/2023:00:10:50 -0500] "HEAD / HTTP/1.1" 200 -
201.245.192.253 - - [22/Sep/2023:00:11:00 -0500] "POST /forms/lservlet;jsessionid=ac16012b30d6f8876a5c9c7b4f2cb61a8d6dcd3d5a29.e3iSbxaKaheRe34Pbx8Nc3aQci1ynknvrkLOlQzNp65In0 HTTP/1.1" 200 2
172.22.2.4 - - [22/Sep/2023:00:09:25 -0500] "GET /BLA/boletinlegal/ HTTP/1.1" 200 58187
201.245.192.253 - - [22/Sep/2023:00:12:02 -0500] "POST /forms/lservlet;jsessionid=ac16012b30d69d644c52ab7640e8a350f59243e0b584.e3iSbxaKaheRe34Pbx8Nc3aQci1ynknvrkLOlQzNp65In0 HTTP/1.1" 200 2
201.245.192.253 - - [22/Sep/2023:00:13:00 -0500] "POST /forms/lservlet;jsessionid=ac16012b30d6f8876a5c9c7b4f2cb61a8d6dcd3d5a29.e3iSbxaKaheRe34Pbx8Nc3aQci1ynknvrkLOlQzNp65In0 HTTP/1.1" 200 2
172.22.2.4 - - [22/Sep/2023:00:12:33 -0500] "GET /BLA/boletinlegal/ HTTP/1.1" 200 24523
152.18.63.47 - - [22/Sep/2023:00:13:48 -0500] "GET / HTTP/1.0" 200 319
152.18.63.47 - - [22/Sep/2023:00:13:59 -0500] "GET / HTTP/1.1" 200 319
152.18.63.47 - - [22/Sep/2023:00:13:59 -0500] "GET / HTTP/1.0" 200 319
201.245.192.253 - - [22/Sep/2023:00:14:02 -0500] "POST /forms/lservlet;jsessionid=ac16012b30d69d644c52ab7640e8a350f59243e0b584.e3iSbxaKaheRe34Pbx8Nc3aQci1ynknvrkLOlQzNp65In0 HTTP/1.1" 200 2
65.154.226.166 - - [22/Sep/2023:00:14:06 -0500] "GET / HTTP/1.1" 200 319
201.245.192.253 - - [22/Sep/2023:00:14:11 -0500] "POST /kwsrmcab/Wsrmcab  HTTP/1.1" 200 41265
152.61.192.232 - - [22/Sep/2023:00:14:32 -0500] "GET / HTTP/1.1" 200 319
152.18.63.47 - - [22/Sep/2023:00:14:39 -0500] "GET / HTTP/1.1" 200 319
201.245.192.253 - - [22/Sep/2023:00:15:00 -0500] "POST /forms/lservlet;jsessionid=ac16012b30d6f8876a5c9c7b4f2cb61a8d6dcd3d5a29.e3iSbxaKaheRe34Pbx8Nc3aQci1ynknvrkLOlQzNp65In0 HTTP/1.1" 200 2
207.46.13.154 - - [22/Sep/2023:00:15:03 -0500] "GET /BLA/resoluciones/RESOLUCIONES%202022/0926.pdf HTTP/1.1" 304 -
172.22.2.4 - - [22/Sep/2023:00:15:13 -0500] "GET /BLA/boletinlegal/images/abajo.png HTTP/1.1" 200 96676
216.245.221.92 - - [22/Sep/2023:00:15:50 -0500] "HEAD / HTTP/1.1" 200 -
201.245.192.253 - - [22/Sep/2023:00:16:02 -0500] "POST /forms/lservlet;jsessionid=ac16012b30d69d644c52ab7640e8a350f59243e0b584.e3iSbxaKaheRe34Pbx8Nc3aQci1ynknvrkLOlQzNp65In0 HTTP/1.1" 200 2
172.22.2.4 - - [22/Sep/2023:00:14:25 -0500] "HEAD /BLA/boletinlegal/ HTTP/1.1" 200 -
172.22.2.4 - - [22/Sep/2023:00:15:15 -0500] "GET /BLA/boletinlegal/ HTTP/1.1" 200 60692
201.245.192.253 - - [22/Sep/2023:00:17:00 -0500] "POST /forms/lservlet;jsessionid=ac16012b30d6f8876a5c9c7b4f2cb61a8d6dcd3d5a29.e3iSbxaKaheRe34Pbx8Nc3aQci1ynknvrkLOlQzNp65In0 HTTP/1.1" 200 2
201.245.192.253 - - [22/Sep/2023:00:17:45 -0500] "POST /kwsrmcab/Wsrmcab HTTP/1.1" 200 40452
201.245.192.253 - - [22/Sep/2023:00:17:49 -0500] "POST /kwsrmcab/Wsrmcab HTTP/1.1" 200 41241
190.60.254.235 - - [22/Sep/2023:00:17:59 -0500] "GET /BLA/resoluciones/index.php?dir=AUTOS+2018%2F HTTP/1.1" 200 463344
201.245.192.253 - - [22/Sep/2023:00:18:02 -0500] "POST /forms/lservlet;jsessionid=ac16012b30d69d644c52ab7640e8a350f59243e0b584.e3iSbxaKaheRe34Pbx8Nc3aQci1ynknvrkLOlQzNp65In0 HTTP/1.1" 200 2
201.245.192.253 - - [22/Sep/2023:00:19:00 -0500] "POST /forms/lservlet;jsessionid=ac16012b30d6f8876a5c9c7b4f2cb61a8d6dcd3d5a29.e3iSbxaKaheRe34Pbx8Nc3aQci1ynknvrkLOlQzNp65In0 HTTP/1.1" 200 2
201.245.192.253 - - [22/Sep/2023:00:19:10 -0500] "POST /kwsrmcab/Wsrmcab  HTTP/1.1" 200 41265
201.245.192.253 - - [22/Sep/2023:00:20:02 -0500] "POST /forms/lservlet;jsessionid=ac16012b30d69d644c52ab7640e8a350f59243e0b584.e3iSbxaKaheRe34Pbx8Nc3aQci1ynknvrkLOlQzNp65In0 HTTP/1.1" 200 2
216.245.221.92 - - [22/Sep/2023:00:20:50 -0500] "HEAD / HTTP/1.1" 200 -
201.245.192.253 - - [22/Sep/2023:00:21:00 -0500] "POST /forms/lservlet;jsessionid=ac16012b30d6f8876a5c9c7b4f2cb61a8d6dcd3d5a29.e3iSbxaKaheRe34Pbx8Nc3aQci1ynknvrkLOlQzNp65In0 HTTP/1.1" 200 2
141.98.11.60 - - [22/Sep/2023:00:21:05 -0500] "GET / HTTP/1.1" 200 319
190.27.51.24 - - [22/Sep/2023:00:21:46 -0500] "GET /distrito-firmo-resolucion-de-etiquetado-vehicular-ambiental-herramienta-para-clasificar-vehiculos-segun-sus-niveles-de-emisiones.html HTTP/1.1" 200 841
172.22.2.4 - - [22/Sep/2023:00:20:15 -0500] "HEAD /BLA/boletinlegal/ HTTP/1.1" 200 -
201.245.192.253 - - [22/Sep/2023:00:22:02 -0500] "POST /forms/lservlet;jsessionid=ac16012b30d69d644c52ab7640e8a350f59243e0b584.e3iSbxaKaheRe34Pbx8Nc3aQci1ynknvrkLOlQzNp65In0 HTTP/1.1" 200 2
172.22.2.4 - - [22/Sep/2023:00:21:05 -0500] "GET /BLA/boletinlegal/ HTTP/1.1" 200 58187
172.22.2.4 - - [22/Sep/2023:00:22:52 -0500] "GET /BLA/boletinlegal/Circulares/2021/CIRCULAR%20No.%2000007%20DEL%2010%20DE%20AGOSTO%20DEL%202021.pdf HTTP/1.1" 200 266364
201.245.192.253 - - [22/Sep/2023:00:23:00 -0500] "POST /forms/lservlet;jsessionid=ac16012b30d6f8876a5c9c7b4f2cb61a8d6dcd3d5a29.e3iSbxaKaheRe34Pbx8Nc3aQci1ynknvrkLOlQzNp65In0 HTTP/1.1" 200 2
157.90.251.233 - - [22/Sep/2023:00:23:27 -0500] "GET / HTTP/1.1" 200 319
52.167.144.197 - - [22/Sep/2023:00:23:57 -0500] "GET /portalsiaccapacitaciones/Listas%20de%20Asistencia%202017/Lista%20Asistencia%202%20de%20agosto%20-Buenas%20Practicas%20Ambientales.pdf HTTP/1.1" 200 4496065
201.245.192.253 - - [22/Sep/2023:00:24:02 -0500] "POST /forms/lservlet;jsessionid=ac16012b30d69d644c52ab7640e8a350f59243e0b584.e3iSbxaKaheRe34Pbx8Nc3aQci1ynknvrkLOlQzNp65In0 HTTP/1.1" 200 2
201.245.192.253 - - [22/Sep/2023:00:24:09 -0500] "POST /kwsrmcab/Wsrmcab  HTTP/1.1" 200 41265
152.61.128.50 - - [22/Sep/2023:00:24:52 -0500] "GET / HTTP/1.1" 200 319
201.245.192.253 - - [22/Sep/2023:00:25:00 -0500] "POST /forms/lservlet;jsessionid=ac16012b30d6f8876a5c9c7b4f2cb61a8d6dcd3d5a29.e3iSbxaKaheRe34Pbx8Nc3aQci1ynknvrkLOlQzNp65In0 HTTP/1.1" 200 2
216.245.221.92 - - [22/Sep/2023:00:25:50 -0500] "HEAD / HTTP/1.1" 200 -
201.245.192.253 - - [22/Sep/2023:00:26:02 -0500] "POST /forms/lservlet;jsessionid=ac16012b30d69d644c52ab7640e8a350f59243e0b584.e3iSbxaKaheRe34Pbx8Nc3aQci1ynknvrkLOlQzNp65In0 HTTP/1.1" 200 2
168.119.252.243 - - [22/Sep/2023:00:26:40 -0500] "GET / HTTP/1.1" 200 319
201.245.192.253 - - [22/Sep/2023:00:27:00 -0500] "POST /forms/lservlet;jsessionid=ac16012b30d6f8876a5c9c7b4f2cb61a8d6dcd3d5a29.e3iSbxaKaheRe34Pbx8Nc3aQci1ynknvrkLOlQzNp65In0 HTTP/1.1" 200 2
172.22.2.4 - - [22/Sep/2023:00:26:05 -0500] "HEAD /BLA/boletinlegal/ HTTP/1.1" 200 -
201.245.192.253 - - [22/Sep/2023:00:27:45 -0500] "POST /kwsrmcab/Wsrmcab HTTP/1.1" 200 40452
201.245.192.253 - - [22/Sep/2023:00:27:48 -0500] "POST /kwsrmcab/Wsrmcab HTTP/1.1" 200 41241
201.245.192.253 - - [22/Sep/2023:00:28:02 -0500] "POST /forms/lservlet;jsessionid=ac16012b30d69d644c52ab7640e8a350f59243e0b584.e3iSbxaKaheRe34Pbx8Nc3aQci1ynknvrkLOlQzNp65In0 HTTP/1.1" 200 2
69.171.231.117 - - [22/Sep/2023:00:28:03 -0500] "GET /images/pl\xc3\xa1sticos%20foto%201..jpg HTTP/1.1" 404 1034
172.22.2.4 - - [22/Sep/2023:00:26:55 -0500] "GET /BLA/boletinlegal/ HTTP/1.1" 200 58187
201.245.192.253 - - [22/Sep/2023:00:29:00 -0500] "POST /forms/lservlet;jsessionid=ac16012b30d6f8876a5c9c7b4f2cb61a8d6dcd3d5a29.e3iSbxaKaheRe34Pbx8Nc3aQci1ynknvrkLOlQzNp65In0 HTTP/1.1" 200 2
201.245.192.253 - - [22/Sep/2023:00:29:07 -0500] "POST /kwsrmcab/Wsrmcab  HTTP/1.1" 200 41265
216.244.66.195 - - [22/Sep/2023:00:29:25 -0500] "GET /BLA/resoluciones/AUTOS%202022/1271.pdf HTTP/1.1" 200 406444
66.249.70.198 - - [22/Sep/2023:00:29:32 -0500] "GET /BLA/resoluciones/RESOLUCIONES%202009/4308.pdf HTTP/1.1" 200 48808
66.249.70.197 - - [22/Sep/2023:00:29:33 -0500] "GET /BLA/resoluciones/AUTOS%202014/4747.pdf HTTP/1.1" 200 564087
201.245.192.253 - - [22/Sep/2023:00:30:02 -0500] "POST /forms/lservlet;jsessionid=ac16012b30d69d644c52ab7640e8a350f59243e0b584.e3iSbxaKaheRe34Pbx8Nc3aQci1ynknvrkLOlQzNp65In0 HTTP/1.1" 200 2
216.244.66.195 - - [22/Sep/2023:00:30:13 -0500] "GET /BLA/resoluciones/AUTOS%202022/1296.pdf HTTP/1.1" 200 672748
172.22.2.4 - - [22/Sep/2023:00:30:21 -0500] "GET /BLA/boletinlegal/ HTTP/1.1" 200 20427
216.245.221.92 - - [22/Sep/2023:00:30:50 -0500] "HEAD / HTTP/1.1" 200 -
201.245.192.253 - - [22/Sep/2023:00:31:00 -0500] "POST /forms/lservlet;jsessionid=ac16012b30d6f8876a5c9c7b4f2cb61a8d6dcd3d5a29.e3iSbxaKaheRe34Pbx8Nc3aQci1ynknvrkLOlQzNp65In0 HTTP/1.1" 200 2
216.244.66.195 - - [22/Sep/2023:00:31:03 -0500] "GET /BLA/resoluciones/AUTOS%202022/1820.pdf HTTP/1.1" 200 341121
216.244.66.195 - - [22/Sep/2023:00:31:46 -0500] "GET /BLA/resoluciones/AUTOS%202022/2868.pdf HTTP/1.1" 200 983325
52.167.144.228 - - [22/Sep/2023:00:31:56 -0500] "GET /portaldeninos/author/adminportalninos/ HTTP/1.1" 200 103455
201.245.192.253 - - [22/Sep/2023:00:32:02 -0500] "POST /forms/lservlet;jsessionid=ac16012b30d69d644c52ab7640e8a350f59243e0b584.e3iSbxaKaheRe34Pbx8Nc3aQci1ynknvrkLOlQzNp65In0 HTTP/1.1" 200 2
216.244.66.195 - - [22/Sep/2023:00:32:39 -0500] "GET /BLA/resoluciones/AUTOS%202022/2943.pdf HTTP/1.1" 200 363489
201.245.192.253 - - [22/Sep/2023:00:33:00 -0500] "POST /forms/lservlet;jsessionid=ac16012b30d6f8876a5c9c7b4f2cb61a8d6dcd3d5a29.e3iSbxaKaheRe34Pbx8Nc3aQci1ynknvrkLOlQzNp65In0 HTTP/1.1" 200 2
186.31.164.70 - - [22/Sep/2023:00:33:06 -0500] "GET /catalogoisis/ HTTP/1.1" 200 8575
186.31.164.70 - - [22/Sep/2023:00:33:06 -0500] "GET /catalogoisis/Css/Busqueda.css HTTP/1.1" 200 1995
186.31.164.70 - - [22/Sep/2023:00:33:06 -0500] "GET /catalogoisis/Js/Go.js HTTP/1.1" 200 364
186.31.164.70 - - [22/Sep/2023:00:33:06 -0500] "GET /catalogoisis/Js/Cookies.js HTTP/1.1" 200 1369
186.31.164.70 - - [22/Sep/2023:00:33:06 -0500] "GET /catalogoisis/Js/CriterioCombinada.js HTTP/1.1" 200 1843
186.31.164.70 - - [22/Sep/2023:00:33:06 -0500] "GET /catalogoisis/Js/LimpiarCombinada.js HTTP/1.1" 200 207
186.31.164.70 - - [22/Sep/2023:00:33:06 -0500] "GET /catalogoisis/Js/Enter.js HTTP/1.1" 200 1208
186.31.164.70 - - [22/Sep/2023:00:33:06 -0500] "GET /catalogoisis/Js/AceptarLimpiar.js HTTP/1.1" 200 331
186.31.164.70 - - [22/Sep/2023:00:33:06 -0500] "GET /catalogoisis/Js/Numero.js HTTP/1.1" 200 398
186.31.164.70 - - [22/Sep/2023:00:33:06 -0500] "GET /catalogoisis/Js/Remote.js HTTP/1.1" 200 436
186.31.164.70 - - [22/Sep/2023:00:33:06 -0500] "GET /catalogoisis/imagenes/br1c1.gif HTTP/1.1" 200 172
186.31.164.70 - - [22/Sep/2023:00:33:06 -0500] "GET /catalogoisis/imagenes/Turnbo1.gif HTTP/1.1" 200 227
186.31.164.70 - - [22/Sep/2023:00:33:06 -0500] "GET /catalogoisis/imagenes/limpiar1.gif HTTP/1.1" 200 606
186.31.164.70 - - [22/Sep/2023:00:33:06 -0500] "GET /catalogoisis/imagenes/br1c3.gif HTTP/1.1" 200 302
186.31.164.70 - - [22/Sep/2023:00:33:06 -0500] "GET /catalogoisis/imagenes/aceptar1.gif HTTP/1.1" 200 604
186.31.164.70 - - [22/Sep/2023:00:33:06 -0500] "GET /catalogoisis/imagenes/br3c2.gif HTTP/1.1" 200 285
186.31.164.70 - - [22/Sep/2023:00:33:06 -0500] "GET /catalogoisis/imagenes/br3c3.gif HTTP/1.1" 200 186
186.31.164.70 - - [22/Sep/2023:00:33:06 -0500] "GET /catalogoisis/imagenes/br3c1.gif HTTP/1.1" 200 177
186.31.164.70 - - [22/Sep/2023:00:33:06 -0500] "GET /catalogoisis/imagenes/Header.gif HTTP/1.1" 200 27040
186.31.164.70 - - [22/Sep/2023:00:33:06 -0500] "GET /catalogoisis/imagenes/br2c3.gif HTTP/1.1" 200 416
186.31.164.70 - - [22/Sep/2023:00:33:06 -0500] "GET /catalogoisis/imagenes/br2c1.gif HTTP/1.1" 200 297
186.31.164.70 - - [22/Sep/2023:00:33:06 -0500] "GET /catalogoisis/imagenes/br1c2.gif HTTP/1.1" 200 297
186.31.164.70 - - [22/Sep/2023:00:33:06 -0500] "GET /catalogoisis/imagenes/br2c2.gif HTTP/1.1" 200 302
186.31.164.70 - - [22/Sep/2023:00:33:06 -0500] "GET /favicon.ico HTTP/1.1" 200 7782
216.244.66.195 - - [22/Sep/2023:00:33:26 -0500] "GET /BLA/resoluciones/AUTOS%202022/3078.pdf HTTP/1.1" 200 386302
172.22.2.4 - - [22/Sep/2023:00:31:55 -0500] "HEAD /BLA/boletinlegal/ HTTP/1.1" 200 -
201.245.192.253 - - [22/Sep/2023:00:34:02 -0500] "POST /forms/lservlet;jsessionid=ac16012b30d69d644c52ab7640e8a350f59243e0b584.e3iSbxaKaheRe34Pbx8Nc3aQci1ynknvrkLOlQzNp65In0 HTTP/1.1" 200 2
216.244.66.195 - - [22/Sep/2023:00:34:08 -0500] "GET /BLA/resoluciones/AUTOS%202022/3519.pdf HTTP/1.1" 200 540998
201.245.192.253 - - [22/Sep/2023:00:34:07 -0500] "POST /kwsrmcab/Wsrmcab  HTTP/1.1" 200 41265
172.22.2.4 - - [22/Sep/2023:00:32:45 -0500] "GET /BLA/boletinlegal/ HTTP/1.1" 200 58187
216.244.66.195 - - [22/Sep/2023:00:34:58 -0500] "GET /BLA/resoluciones/AUTOS%202022/3545.pdf HTTP/1.1" 200 908101
201.245.192.253 - - [22/Sep/2023:00:35:00 -0500] "POST /forms/lservlet;jsessionid=ac16012b30d6f8876a5c9c7b4f2cb61a8d6dcd3d5a29.e3iSbxaKaheRe34Pbx8Nc3aQci1ynknvrkLOlQzNp65In0 HTTP/1.1" 200 2
216.244.66.195 - - [22/Sep/2023:00:35:48 -0500] "GET /BLA/resoluciones/AUTOS%202022/4524.pdf HTTP/1.1" 200 376351
216.245.221.92 - - [22/Sep/2023:00:35:50 -0500] "HEAD / HTTP/1.1" 200 -
201.245.192.253 - - [22/Sep/2023:00:36:02 -0500] "POST /forms/lservlet;jsessionid=ac16012b30d69d644c52ab7640e8a350f59243e0b584.e3iSbxaKaheRe34Pbx8Nc3aQci1ynknvrkLOlQzNp65In0 HTTP/1.1" 200 2
216.244.66.195 - - [22/Sep/2023:00:36:30 -0500] "GET /BLA/resoluciones/AUTOS%202022/4734.pdf HTTP/1.1" 200 374665
201.245.192.253 - - [22/Sep/2023:00:37:00 -0500] "POST /forms/lservlet;jsessionid=ac16012b30d6f8876a5c9c7b4f2cb61a8d6dcd3d5a29.e3iSbxaKaheRe34Pbx8Nc3aQci1ynknvrkLOlQzNp65In0 HTTP/1.1" 200 2
216.244.66.195 - - [22/Sep/2023:00:37:01 -0500] "GET /BLA/resoluciones/AUTOS%202022/5065.pdf HTTP/1.1" 200 340437
216.244.66.195 - - [22/Sep/2023:00:37:36 -0500] "GET /BLA/resoluciones/AUTOS%202022/5222.pdf HTTP/1.1" 200 922264
201.245.192.253 - - [22/Sep/2023:00:37:45 -0500] "POST /kwsrmcab/Wsrmcab HTTP/1.1" 200 40452
201.245.192.253 - - [22/Sep/2023:00:37:48 -0500] "POST /kwsrmcab/Wsrmcab HTTP/1.1" 200 41241
201.245.192.253 - - [22/Sep/2023:00:38:02 -0500] "POST /forms/lservlet;jsessionid=ac16012b30d69d644c52ab7640e8a350f59243e0b584.e3iSbxaKaheRe34Pbx8Nc3aQci1ynknvrkLOlQzNp65In0 HTTP/1.1" 200 2
216.244.66.195 - - [22/Sep/2023:00:38:21 -0500] "GET /BLA/resoluciones/AUTOS%202023/0124.pdf HTTP/1.1" 200 1909355
201.245.192.253 - - [22/Sep/2023:00:39:00 -0500] "POST /forms/lservlet;jsessionid=ac16012b30d6f8876a5c9c7b4f2cb61a8d6dcd3d5a29.e3iSbxaKaheRe34Pbx8Nc3aQci1ynknvrkLOlQzNp65In0 HTTP/1.1" 200 2
201.245.192.253 - - [22/Sep/2023:00:39:06 -0500] "POST /kwsrmcab/Wsrmcab  HTTP/1.1" 200 41265
216.244.66.195 - - [22/Sep/2023:00:39:11 -0500] "GET /BLA/resoluciones/AUTOS%202023/1067.pdf HTTP/1.1" 200 551288
172.22.2.4 - - [22/Sep/2023:00:37:45 -0500] "HEAD /BLA/boletinlegal/ HTTP/1.1" 200 -
216.244.66.195 - - [22/Sep/2023:00:39:48 -0500] "GET /BLA/resoluciones/AUTOS%202023/1084.pdf HTTP/1.1" 200 452643
201.245.192.253 - - [22/Sep/2023:00:40:02 -0500] "POST /forms/lservlet;jsessionid=ac16012b30d69d644c52ab7640e8a350f59243e0b584.e3iSbxaKaheRe34Pbx8Nc3aQci1ynknvrkLOlQzNp65In0 HTTP/1.1" 200 2
172.22.2.4 - - [22/Sep/2023:00:38:36 -0500] "GET /BLA/boletinlegal/ HTTP/1.1" 200 60692
216.244.66.195 - - [22/Sep/2023:00:40:21 -0500] "GET /BLA/resoluciones/AUTOS%202023/1086.pdf HTTP/1.1" 200 409953
216.245.221.92 - - [22/Sep/2023:00:40:50 -0500] "HEAD / HTTP/1.1" 200 -
216.244.66.195 - - [22/Sep/2023:00:40:51 -0500] "GET /BLA/resoluciones/AUTOS%202023/1151.pdf HTTP/1.1" 200 703576
201.245.192.253 - - [22/Sep/2023:00:41:00 -0500] "POST /forms/lservlet;jsessionid=ac16012b30d6f8876a5c9c7b4f2cb61a8d6dcd3d5a29.e3iSbxaKaheRe34Pbx8Nc3aQci1ynknvrkLOlQzNp65In0 HTTP/1.1" 200 2
216.244.66.195 - - [22/Sep/2023:00:41:20 -0500] "GET /BLA/resoluciones/AUTOS%202023/1207.pdf HTTP/1.1" 200 397867
216.244.66.195 - - [22/Sep/2023:00:41:47 -0500] "GET /BLA/resoluciones/AUTOS%202023/1261.pdf HTTP/1.1" 200 426737
201.245.192.253 - - [22/Sep/2023:00:42:02 -0500] "POST /forms/lservlet;jsessionid=ac16012b30d69d644c52ab7640e8a350f59243e0b584.e3iSbxaKaheRe34Pbx8Nc3aQci1ynknvrkLOlQzNp65In0 HTTP/1.1" 200 2
216.244.66.195 - - [22/Sep/2023:00:42:13 -0500] "GET /BLA/resoluciones/AUTOS%202023/1319.pdf HTTP/1.1" 200 414817
51.222.253.14 - - [22/Sep/2023:00:42:32 -0500] "GET /robots.txt HTTP/1.1" 404 1018
216.244.66.195 - - [22/Sep/2023:00:42:38 -0500] "GET /BLA/resoluciones/AUTOS%202023/1491.pdf HTTP/1.1" 200 504661
201.245.192.253 - - [22/Sep/2023:00:43:00 -0500] "POST /forms/lservlet;jsessionid=ac16012b30d6f8876a5c9c7b4f2cb61a8d6dcd3d5a29.e3iSbxaKaheRe34Pbx8Nc3aQci1ynknvrkLOlQzNp65In0 HTTP/1.1" 200 2
216.244.66.195 - - [22/Sep/2023:00:43:02 -0500] "GET /BLA/resoluciones/AUTOS%202023/1609.pdf HTTP/1.1" 200 422916
216.244.66.195 - - [22/Sep/2023:00:43:27 -0500] "GET /BLA/resoluciones/AUTOS%202023/1673.pdf HTTP/1.1" 200 786546
216.244.66.195 - - [22/Sep/2023:00:43:50 -0500] "GET /BLA/resoluciones/AUTOS%202023/1683.pdf HTTP/1.1" 200 434835
201.245.192.253 - - [22/Sep/2023:00:44:02 -0500] "POST /forms/lservlet;jsessionid=ac16012b30d69d644c52ab7640e8a350f59243e0b584.e3iSbxaKaheRe34Pbx8Nc3aQci1ynknvrkLOlQzNp65In0 HTTP/1.1" 200 2
186.102.83.231 - - [22/Sep/2023:00:44:03 -0500] "GET /kwssiamovil/sm/ldap/au?x=U2FsdGVkX19gLPsPLulDpMOMF+LwtnSsiI2PlWGQ3vKDHv0OHh0I/rIn14Qp7MT3&y=U2FsdGVkX18BM7MgVx76nc9dNpfu7qEvyzfc42IH8HE= HTTP/1.1" 200 30
186.102.83.231 - - [22/Sep/2023:00:44:03 -0500] "GET /kwssiamovil/sm/acme/s?s=U2FsdGVkX1++vn/FNvWy82WFhEhQPvg1jilb1dlJVfN1l3yS9ATwsVHnye002Xsf80YkcZ9mHuhYMBv5RQx6QW4F8Mit2BxYWlhi5IVLUSA=&u=U2FsdGVkX19QS1LHhR6wHChnEgFd2EhTC6fHqqVQuDM=&y=U2FsdGVkX18BM7MgVx76nc9dNpfu7qEvyzfc42IH8HE= HTTP/1.1" 200 97
186.102.83.231 - - [22/Sep/2023:00:44:03 -0500] "GET /kwssiamovil/sm/acme/s?s=U2FsdGVkX1+m3Jo+2qCQ2Eioef3iBm+SWoFFqCTHc7cAq4dN36EcRe0DhdRKhIhtePAqgJMjB7Uj73tDeAH/GhSBxEFRQorGtXMhx0GMKZMhaDQGWiK5tZakj35Sbh94mnmNMWitFZGE5t/RZ9gUt92hMrSUQb361wC/3nv3w4Njw4SyWBFNlq6vRT2sSTtkHxP/9SH2wb6eeDlG48i1iRNwzXxnyXaijkQwc+EsKiLjlRCtHalMqzmgKqp2srwMnU0+5gktZ/z9eNydXBQD1ZGAFFse81yPP18AuTtDq3CXfag4lZ8hAGjApX6PmQWuCKqGN4N5HI5gDTJWke8VjojA9Uxs1bRpBtBW2djwzB/eTpxdIch52nLMQAnJSO8KeSTg4Dgs97234CW8GVmhF0UqBVVTPmSpVYf3uAnj1NmKkgGj4Dv2r0sGFxH/AKDuW0wji11s21W792xwff6/0AFjB54C/kbhvv8t9ouWTLWoR1YyX438hiRRZCOjyjGWJD2vievYZv3kTYNdNvUWhDTXxHQLQhoV7BZjmFHHxhcwQ2lIGVikso8udW6HepRIgETv4Lbd1clBEeZUIicMDeNf1ObOWJYX7Fp4+zP4WJFnnXpjx1uZDQnmVNHFJtyyRoOpFHk+PmRo5CRAMfLJIvt/k4d7TNPnUDd8PGTHaHUle5e5lboiZwLLBeHP8XrcKTDTpFX4OlQUFuQTZuGpNbsZC2RXywNAsnsk/4L7+MUQyX1rzE32tAeHVS7JQ6zC7S6ySxJ/ANSeRlG36F8OPb60A4FgiPqsc6MIkd557SvLUG9UTUQYm3TQXSCw3a6eyMJpcpaqsPIwAPMVMuWjwIPYca4xBay8ou0QVyiE0NPvlDu2S97S77XFebWvnCjtb2i5+8MYFPC3t/MZuOs8hxvBF+dX5h4AZ43fTsrmZMf+uiJiPa7LJ3VuhoIrMs//w13Iz4jv02WtK0Ez1j4diGKJRUG4FYAI96l58uyYLH9S+sbql23UWtBqLpruqLLrRuRjO6MbH+4H7rhg5juPQN/7IEKawYTCtxk8ezJFh4X7RykSJW27ZuuyTHtEXng5Enqv/+HI+mxDFAnj1vvr8aFGkzSTlDPVQVte1PETgn4nUCuELXUBcdrrzfzLEvS/nFfu89oHZf/ajNkVOnqS+KkeaFSUwX0OGmEoyog9MuXg+yqef7/rSxKE+NWv3dha5ogod8ykAxNJ41odqHtSbg1FvLsjUrGYO+lLSnef+Lv8BFkyZwzri0x8k8LGWVGR6r5/o13/Jslv0XnDtIj/MOHKqEj02xDmLv7AcEmc8FzEkVIVZYbZO59EPAPqSolqTFWl5aZgu6eyhMaQlp1HPK5F/3KV4i4e6uM74gkKaH5mC2Mxv+G1vw/HssALVbGX99de1wET+aJykfHs/Yi1FeDam8tY+0udT2PhUI6tL1xXc9F2RI8AFC463EQK2MjSA4JnnURsFnDcHwGT2BYXyp/FKCawKoFQ0EoDCjHRUprvgSquGUEG4v4TSIW5pCPI/8HKBEaIk3LIgXM96nV/08XMYVmuG+pnSfJekJLJwNLf7osk97n+9ZTSORPmhWgZdIG5xqp01BX/EwDKV3/y+/qWtelfNUHMKxgWLfFOqBlfElRoJQyYMBmyaRnA5tT8AmrFC5+5BOeSBp4jSvKQDNguM2EE4hLD2qUm19AiOcaYSZvPayUpPVy7FHwCyTSUQ+HUC4QpuhioHuHEBmU99R3kIEmp3qrh5kDAJtds/5w=&u=U2FsdGVkX19QS1LHhR6wHChnEgFd2EhTC6fHqqVQuDM=&y=U2FsdGVkX18BM7MgVx76nc9dNpfu7qEvyzfc42IH8HE= HTTP/1.1" 200 5356
186.102.83.231 - - [22/Sep/2023:00:44:03 -0500] "GET /kwssiamovil/sm/acme/s?s=U2FsdGVkX1/nhpzlU5niufngHByD/mTvdOjRLWHod2Pc3GXGdlNJo1/I4I9EgWK+fb4RjCyKNAch3QR83YSkQCqa5oFYv+KfzyBWIrnW6zIDhainbtLHhGLFc8UQJR7JV6PwjgwWb9PS+r2Sg/bpyHUtv068mon/iNogoNKgZ9skZC65Sbs/TFv9XzqmQo2DmRZV+SzYIt4y8Goi8K9XaaS7YCez86Wk6VY1VH1HK69Xx2cTMMwWYKRi1meKq9/y55bem7CjsAH0Y1DL27hMNCeCCMdniWfsYELeum+0oso5dapHhX/hIvtUBOlmDmC5OZW9Di3lChNUBXUR1P+dCmGg7JoTjQtZ495FfXu7+cxAxa5X4ziNhV988ougDj9o/AJENe2a9Mm2d5a+LJOYjDIUk5VY/JQKaBvxodpSPR9rAddvS/i4ejIqIBRKCnhyP1xFpefUG4RjAOCwtz/NLjbFIkvTjlADTzJTdwxdwW1pa0WZvPsA0ib93TeXtYTWXCDm2N8phUYUOC2Bk8/Rx7leoncQLwUbjHdNo2bcvYReSx9MKdYx7zmnC0K+BscIQNMwwG0HBNBJrA/SZd/rGdvV+eAa/LhnsrD0M0Jww5GuUwX+r9kpPxqK0tjabb0C3KKrK0TIuhTaAg9rTK8mFjheWE7tIIC3ElmMIVOJBAcKB+DapWzTyWE2oCaT6TyNDYlSqiXF/H9V7eeHz1UBJ47LcyxUTRIi9T3GpAkhILsyXZQzkCqZcKHSL2OITsq5&u=U2FsdGVkX19QS1LHhR6wHChnEgFd2EhTC6fHqqVQuDM=&y=U2FsdGVkX18BM7MgVx76nc9dNpfu7qEvyzfc42IH8HE= HTTP/1.1" 200 208
186.102.83.231 - - [22/Sep/2023:00:44:03 -0500] "GET /kwssiamovil/sm/cjson/pre?f=1&x=U2FsdGVkX19gLPsPLulDpMOMF+LwtnSsiI2PlWGQ3vKDHv0OHh0I/rIn14Qp7MT3 HTTP/1.1" 200 31032
201.245.192.253 - - [22/Sep/2023:00:44:04 -0500] "POST /kwsrmcab/Wsrmcab  HTTP/1.1" 200 41265
216.244.66.195 - - [22/Sep/2023:00:44:12 -0500] "GET /BLA/resoluciones/AUTOS%202023/1936.pdf HTTP/1.1" 200 520030
207.46.13.124 - - [22/Sep/2023:00:44:25 -0500] "GET /BLA/boletinlegal/Directivas/2014/Directiva%20No.%202%20del%205%20de%20Mayo%20de%202014.pdf HTTP/1.1" 304 -
207.46.13.124 - - [22/Sep/2023:00:44:26 -0500] "GET / HTTP/1.1" 200 319
216.244.66.195 - - [22/Sep/2023:00:44:32 -0500] "GET /BLA/resoluciones/AUTOS%202023/2056.pdf HTTP/1.1" 200 428167
216.244.66.195 - - [22/Sep/2023:00:44:51 -0500] "GET /BLA/resoluciones/AUTOS%202023/2258.pdf HTTP/1.1" 200 413106
201.245.192.253 - - [22/Sep/2023:00:45:00 -0500] "POST /forms/lservlet;jsessionid=ac16012b30d6f8876a5c9c7b4f2cb61a8d6dcd3d5a29.e3iSbxaKaheRe34Pbx8Nc3aQci1ynknvrkLOlQzNp65In0 HTTP/1.1" 200 2
216.244.66.195 - - [22/Sep/2023:00:45:09 -0500] "GET /BLA/resoluciones/AUTOS%202023/2343.pdf HTTP/1.1" 200 1562767
181.59.3.50 - - [22/Sep/2023:00:45:09 -0500] "GET /BLA/resoluciones/index.php?dir=AUTOS+2019%2F HTTP/1.1" 200 385704
181.59.3.50 - - [22/Sep/2023:00:45:13 -0500] "GET /BLA/resoluciones/index.php HTTP/1.1" 200 13696
172.22.2.4 - - [22/Sep/2023:00:43:35 -0500] "HEAD /BLA/boletinlegal/ HTTP/1.1" 200 -
181.59.3.50 - - [22/Sep/2023:00:45:15 -0500] "GET /BLA/resoluciones/index.php?dir=AUTOS+2013%2F HTTP/1.1" 200 407591
216.244.66.195 - - [22/Sep/2023:00:45:47 -0500] "GET /BLA/resoluciones/AUTOS%202023/2525.pdf HTTP/1.1" 200 890465
216.245.221.92 - - [22/Sep/2023:00:45:50 -0500] "HEAD / HTTP/1.1" 200 -
201.245.192.253 - - [22/Sep/2023:00:46:02 -0500] "POST /forms/lservlet;jsessionid=ac16012b30d69d644c52ab7640e8a350f59243e0b584.e3iSbxaKaheRe34Pbx8Nc3aQci1ynknvrkLOlQzNp65In0 HTTP/1.1" 200 2
172.22.2.4 - - [22/Sep/2023:00:44:25 -0500] "GET /BLA/boletinlegal/ HTTP/1.1" 200 58187
216.244.66.195 - - [22/Sep/2023:00:46:19 -0500] "GET /BLA/resoluciones/AUTOS%202023/2706.pdf HTTP/1.1" 200 1325838
216.244.66.195 - - [22/Sep/2023:00:46:49 -0500] "GET /BLA/resoluciones/AUTOS%202023/2712.pdf HTTP/1.1" 200 701393
201.245.192.253 - - [22/Sep/2023:00:47:00 -0500] "POST /forms/lservlet;jsessionid=ac16012b30d6f8876a5c9c7b4f2cb61a8d6dcd3d5a29.e3iSbxaKaheRe34Pbx8Nc3aQci1ynknvrkLOlQzNp65In0 HTTP/1.1" 200 2
216.244.66.195 - - [22/Sep/2023:00:47:18 -0500] "GET /BLA/resoluciones/AUTOS%202023/2758.pdf HTTP/1.1" 200 682310
201.245.192.253 - - [22/Sep/2023:00:48:02 -0500] "POST /forms/lservlet;jsessionid=ac16012b30d69d644c52ab7640e8a350f59243e0b584.e3iSbxaKaheRe34Pbx8Nc3aQci1ynknvrkLOlQzNp65In0 HTTP/1.1" 200 2
152.61.192.232 - - [22/Sep/2023:00:48:06 -0500] "GET /arcgis/services/Calidad_del_Agua_WQI/MapServer/WMSServer?request=GetCapabilities&service=WMS HTTP/1.1" 503 1020
152.61.192.232 - - [22/Sep/2023:00:48:07 -0500] "GET /arcgis/services/Calidad_del_Agua_WQI/MapServer/WMSServer?SERVICE=WMS&REQUEST=GetCapabilities HTTP/1.1" 503 1020
152.61.192.232 - - [22/Sep/2023:00:48:07 -0500] "GET /arcgis/services/Calidad_del_Agua_WQI/MapServer/WMSServer?WMTVER=1.0.0&REQUEST=capabilities HTTP/1.1" 503 1020
201.245.192.253 - - [22/Sep/2023:00:49:00 -0500] "POST /forms/lservlet;jsessionid=ac16012b30d6f8876a5c9c7b4f2cb61a8d6dcd3d5a29.e3iSbxaKaheRe34Pbx8Nc3aQci1ynknvrkLOlQzNp65In0 HTTP/1.1" 200 2
201.245.192.253 - - [22/Sep/2023:00:49:03 -0500] "POST /kwsrmcab/Wsrmcab  HTTP/1.1" 200 41265
31.13.127.1 - - [22/Sep/2023:00:49:40 -0500] "GET /moda-circular-manos-reparadoras-la-estrategia-del-distrito-para-restaurar-prendas-usadas.html HTTP/1.1" 200 901
201.245.192.253 - - [22/Sep/2023:00:50:02 -0500] "POST /forms/lservlet;jsessionid=ac16012b30d69d644c52ab7640e8a350f59243e0b584.e3iSbxaKaheRe34Pbx8Nc3aQci1ynknvrkLOlQzNp65In0 HTTP/1.1" 200 2
216.245.221.92 - - [22/Sep/2023:00:50:50 -0500] "HEAD / HTTP/1.1" 200 -
201.245.192.253 - - [22/Sep/2023:00:51:00 -0500] "POST /forms/lservlet;jsessionid=ac16012b30d6f8876a5c9c7b4f2cb61a8d6dcd3d5a29.e3iSbxaKaheRe34Pbx8Nc3aQci1ynknvrkLOlQzNp65In0 HTTP/1.1" 200 2
172.22.2.4 - - [22/Sep/2023:00:49:25 -0500] "HEAD /BLA/boletinlegal/ HTTP/1.1" 200 -
172.22.2.4 - - [22/Sep/2023:00:50:15 -0500] "GET /BLA/boletinlegal/ HTTP/1.1" 200 58187
201.245.192.253 - - [22/Sep/2023:00:52:02 -0500] "POST /forms/lservlet;jsessionid=ac16012b30d69d644c52ab7640e8a350f59243e0b584.e3iSbxaKaheRe34Pbx8Nc3aQci1ynknvrkLOlQzNp65In0 HTTP/1.1" 200 2
216.244.66.195 - - [22/Sep/2023:00:52:50 -0500] "GET /robots.txt HTTP/1.1" 404 1018
201.245.192.253 - - [22/Sep/2023:00:53:00 -0500] "POST /forms/lservlet;jsessionid=ac16012b30d6f8876a5c9c7b4f2cb61a8d6dcd3d5a29.e3iSbxaKaheRe34Pbx8Nc3aQci1ynknvrkLOlQzNp65In0 HTTP/1.1" 200 2
201.245.192.253 - - [22/Sep/2023:00:54:02 -0500] "POST /forms/lservlet;jsessionid=ac16012b30d69d644c52ab7640e8a350f59243e0b584.e3iSbxaKaheRe34Pbx8Nc3aQci1ynknvrkLOlQzNp65In0 HTTP/1.1" 200 2
201.245.192.253 - - [22/Sep/2023:00:54:02 -0500] "POST /kwsrmcab/Wsrmcab  HTTP/1.1" 200 41265
201.245.192.253 - - [22/Sep/2023:00:55:00 -0500] "POST /forms/lservlet;jsessionid=ac16012b30d6f8876a5c9c7b4f2cb61a8d6dcd3d5a29.e3iSbxaKaheRe34Pbx8Nc3aQci1ynknvrkLOlQzNp65In0 HTTP/1.1" 200 2
216.245.221.92 - - [22/Sep/2023:00:55:50 -0500] "HEAD / HTTP/1.1" 200 -
162.55.171.138 - - [22/Sep/2023:00:56:00 -0500] "GET / HTTP/1.1" 200 319
201.245.192.253 - - [22/Sep/2023:00:56:02 -0500] "POST /forms/lservlet;jsessionid=ac16012b30d69d644c52ab7640e8a350f59243e0b584.e3iSbxaKaheRe34Pbx8Nc3aQci1ynknvrkLOlQzNp65In0 HTTP/1.1" 200 2
172.22.2.4 - - [22/Sep/2023:00:55:15 -0500] "HEAD /BLA/boletinlegal/ HTTP/1.1" 200 -
201.245.192.253 - - [22/Sep/2023:00:57:00 -0500] "POST /forms/lservlet;jsessionid=ac16012b30d6f8876a5c9c7b4f2cb61a8d6dcd3d5a29.e3iSbxaKaheRe34Pbx8Nc3aQci1ynknvrkLOlQzNp65In0 HTTP/1.1" 200 2
172.22.2.4 - - [22/Sep/2023:00:56:05 -0500] "GET /BLA/boletinlegal/ HTTP/1.1" 200 58187
201.245.192.253 - - [22/Sep/2023:00:58:02 -0500] "POST /forms/lservlet;jsessionid=ac16012b30d69d644c52ab7640e8a350f59243e0b584.e3iSbxaKaheRe34Pbx8Nc3aQci1ynknvrkLOlQzNp65In0 HTTP/1.1" 200 2
201.245.192.253 - - [22/Sep/2023:00:59:00 -0500] "POST /forms/lservlet;jsessionid=ac16012b30d6f8876a5c9c7b4f2cb61a8d6dcd3d5a29.e3iSbxaKaheRe34Pbx8Nc3aQci1ynknvrkLOlQzNp65In0 HTTP/1.1" 200 2
201.245.192.253 - - [22/Sep/2023:00:59:02 -0500] "POST /kwsrmcab/Wsrmcab  HTTP/1.1" 200 41265
52.167.144.140 - - [22/Sep/2023:00:59:31 -0500] "GET /BLA/resoluciones/AUTOS%202022/5789.pdf HTTP/1.1" 304 -
201.245.192.253 - - [22/Sep/2023:01:00:02 -0500] "POST /forms/lservlet;jsessionid=ac16012b30d69d644c52ab7640e8a350f59243e0b584.e3iSbxaKaheRe34Pbx8Nc3aQci1ynknvrkLOlQzNp65In0 HTTP/1.1" 200 2
205.210.31.227 - - [22/Sep/2023:01:00:38 -0500] "GET / HTTP/1.1" 200 319
216.245.221.92 - - [22/Sep/2023:01:00:49 -0500] "HEAD / HTTP/1.1" 200 -
201.245.192.253 - - [22/Sep/2023:01:01:00 -0500] "POST /forms/lservlet;jsessionid=ac16012b30d6f8876a5c9c7b4f2cb61a8d6dcd3d5a29.e3iSbxaKaheRe34Pbx8Nc3aQci1ynknvrkLOlQzNp65In0 HTTP/1.1" 200 2
201.245.192.253 - - [22/Sep/2023:01:02:02 -0500] "POST /forms/lservlet;jsessionid=ac16012b30d69d644c52ab7640e8a350f59243e0b584.e3iSbxaKaheRe34Pbx8Nc3aQci1ynknvrkLOlQzNp65In0 HTTP/1.1" 200 2
172.22.2.4 - - [22/Sep/2023:01:01:05 -0500] "HEAD /BLA/boletinlegal/ HTTP/1.1" 200 -
201.245.192.253 - - [22/Sep/2023:01:03:00 -0500] "POST /forms/lservlet;jsessionid=ac16012b30d6f8876a5c9c7b4f2cb61a8d6dcd3d5a29.e3iSbxaKaheRe34Pbx8Nc3aQci1ynknvrkLOlQzNp65In0 HTTP/1.1" 200 2
172.22.2.4 - - [22/Sep/2023:01:01:55 -0500] "GET /BLA/boletinlegal/ HTTP/1.1" 200 51319
172.22.2.4 - - [22/Sep/2023:01:02:12 -0500] "GET /BLA/boletinlegal/ HTTP/1.1" 200 53013
201.245.192.253 - - [22/Sep/2023:01:04:02 -0500] "POST /forms/lservlet;jsessionid=ac16012b30d69d644c52ab7640e8a350f59243e0b584.e3iSbxaKaheRe34Pbx8Nc3aQci1ynknvrkLOlQzNp65In0 HTTP/1.1" 200 2
201.245.192.253 - - [22/Sep/2023:01:04:01 -0500] "POST /kwsrmcab/Wsrmcab  HTTP/1.1" 200 41265
40.77.167.9 - - [22/Sep/2023:01:04:06 -0500] "GET /balance-ambiental-dia-sin-carro-y-sin-moto-mediodia.html HTTP/1.1" 200 710
201.245.192.253 - - [22/Sep/2023:01:05:00 -0500] "POST /forms/lservlet;jsessionid=ac16012b30d6f8876a5c9c7b4f2cb61a8d6dcd3d5a29.e3iSbxaKaheRe34Pbx8Nc3aQci1ynknvrkLOlQzNp65In0 HTTP/1.1" 200 2
216.245.221.92 - - [22/Sep/2023:01:05:50 -0500] "HEAD / HTTP/1.1" 200 -
201.245.192.253 - - [22/Sep/2023:01:06:02 -0500] "POST /forms/lservlet;jsessionid=ac16012b30d69d644c52ab7640e8a350f59243e0b584.e3iSbxaKaheRe34Pbx8Nc3aQci1ynknvrkLOlQzNp65In0 HTTP/1.1" 200 2
201.245.192.253 - - [22/Sep/2023:01:07:00 -0500] "POST /forms/lservlet;jsessionid=ac16012b30d6f8876a5c9c7b4f2cb61a8d6dcd3d5a29.e3iSbxaKaheRe34Pbx8Nc3aQci1ynknvrkLOlQzNp65In0 HTTP/1.1" 200 2
201.245.192.253 - - [22/Sep/2023:01:08:02 -0500] "POST /forms/lservlet;jsessionid=ac16012b30d69d644c52ab7640e8a350f59243e0b584.e3iSbxaKaheRe34Pbx8Nc3aQci1ynknvrkLOlQzNp65In0 HTTP/1.1" 200 2
52.167.144.207 - - [22/Sep/2023:01:08:29 -0500] "GET /Publicaciones/2023EE216516.pdf HTTP/1.1" 200 360000
172.22.2.4 - - [22/Sep/2023:01:06:55 -0500] "HEAD /BLA/boletinlegal/ HTTP/1.1" 200 -
52.167.144.223 - - [22/Sep/2023:01:08:45 -0500] "GET /BLA/resoluciones/AUTOS%202023/4248.pdf HTTP/1.1" 200 938807
201.245.192.253 - - [22/Sep/2023:01:09:00 -0500] "POST /forms/lservlet;jsessionid=ac16012b30d6f8876a5c9c7b4f2cb61a8d6dcd3d5a29.e3iSbxaKaheRe34Pbx8Nc3aQci1ynknvrkLOlQzNp65In0 HTTP/1.1" 200 2
201.245.192.253 - - [22/Sep/2023:01:09:00 -0500] "POST /kwsrmcab/Wsrmcab  HTTP/1.1" 200 41265
172.22.2.4 - - [22/Sep/2023:01:07:45 -0500] "GET /BLA/boletinlegal/ HTTP/1.1" 200 58187
201.245.192.253 - - [22/Sep/2023:01:10:02 -0500] "POST /forms/lservlet;jsessionid=ac16012b30d69d644c52ab7640e8a350f59243e0b584.e3iSbxaKaheRe34Pbx8Nc3aQci1ynknvrkLOlQzNp65In0 HTTP/1.1" 200 2
216.245.221.92 - - [22/Sep/2023:01:10:50 -0500] "HEAD / HTTP/1.1" 200 -
201.245.192.253 - - [22/Sep/2023:01:11:00 -0500] "POST /forms/lservlet;jsessionid=ac16012b30d6f8876a5c9c7b4f2cb61a8d6dcd3d5a29.e3iSbxaKaheRe34Pbx8Nc3aQci1ynknvrkLOlQzNp65In0 HTTP/1.1" 200 2
152.61.128.50 - - [22/Sep/2023:01:11:29 -0500] "GET /arcgis/services/Calidad_del_Agua_WQI/MapServer/WMSServer?request=GetCapabilities&service=WMS HTTP/1.1" 503 1020
152.61.128.50 - - [22/Sep/2023:01:11:31 -0500] "GET /arcgis/services/Calidad_del_Agua_WQI/MapServer/WMSServer?SERVICE=WMS&REQUEST=GetCapabilities HTTP/1.1" 503 1020
152.61.128.50 - - [22/Sep/2023:01:11:31 -0500] "GET /arcgis/services/Calidad_del_Agua_WQI/MapServer/WMSServer?WMTVER=1.0.0&REQUEST=capabilities HTTP/1.1" 503 1020
173.252.107.5 - - [22/Sep/2023:01:11:37 -0500] "GET /crisis-climatica-distrito-firmo-alianza-para-preservar-la-seguridad-hidrica-de-bogota-y-la-region.html HTTP/1.1" 200 1075
201.245.192.253 - - [22/Sep/2023:01:12:02 -0500] "POST /forms/lservlet;jsessionid=ac16012b30d69d644c52ab7640e8a350f59243e0b584.e3iSbxaKaheRe34Pbx8Nc3aQci1ynknvrkLOlQzNp65In0 HTTP/1.1" 200 2
201.245.192.253 - - [22/Sep/2023:01:13:00 -0500] "POST /forms/lservlet;jsessionid=ac16012b30d6f8876a5c9c7b4f2cb61a8d6dcd3d5a29.e3iSbxaKaheRe34Pbx8Nc3aQci1ynknvrkLOlQzNp65In0 HTTP/1.1" 200 2
186.102.62.144 - - [22/Sep/2023:01:13:04 -0500] "GET /kwssiamovil/sm/acme/a?s=U2FsdGVkX189rDTFoSqPTrD5OCBR5JYppwgQ9dZn0JxzruPt7Uf/Lp2yfEx0zTvIF6mUNaA4czcfUh8EaejqGHtmvt6kg0QajhK3Udu7B1F2LH5iGakfEUymbUt6SJEUhyQXfVUynF2r/ur/ICBAS553h2in35OJkfA+hRvspMQFp2sooFVBRBTeTCWuY9BG5MBOoeJWM091Iu8XMgiPbsMZ1U0yQxfQLa1kz001VCmM0zpBgiKonu1V/MZozG52dpcJp+YjmFzFmElQtUkfWQ==&u=U2FsdGVkX18it4C+7CZvfhxOwwnkigFaXrw4z2kg9Ak=&y=U2FsdGVkX1+ZFzuxmn3pNVOYIBomysp/WTAPvPJmeyw= HTTP/1.1" 200 26
186.102.62.144 - - [22/Sep/2023:01:13:06 -0500] "GET /kwssiamovil/sm/acme/a?s=U2FsdGVkX1+nQMbSoLFa6xlb+lWlgUatpVhO62OasVRHRS1b7bXqsQrblYJw5pnNVc2YCDWuS6bNZvRB3OpZTX8/Z/GZ1uJOk+Jc29FRUh5ukOi0u7lrhunZWYa/8LHcptIxr6JcKQzmFEm06lY3XoBmwUvT1yEkNdVdVLEwxlHHoVbGVXG2hcXjpFLXONNYEZ0XKS8UBkELIYBOJOjw5zrEjoNxiD7loifuEjcejsOGnwtadQs9j3R3SSwY1uA3VBcabY4CslLPB75+xR9OhjJzRnzIVDdll4MBSE7EF+UoKhj0lh1GWcevF5g+RivE6Iwed5Vf8LR9mFRchRq9w3MMjOA2nsveClrbe9yw20DD1iWcH7fy7oB9NeXT87tdGE0gEnbye1FJ4J2/PMXlpvqKSXcky3fWq6aJGMM0i80Id2k/qlqTp17XSTDx9htfbFYm0hl9uKwmDiw+7vE/sIEIBlUnaYjHiXSFc7Ty5qSq6Q3jESNkQ62t+/Cvj2GFNFirQ9ycKu1rRojV4DjC4/ZM6DCQzOK0gde/3w5jQvAYIMwOoKUZtZhAGH44lEUTx1HLHEQEPUL+oU2T/kdDmSolsTdaR5Ez1OQTMmI1YOc0YDshSi5GJCM10BUYya20ft03h9rWX6vUR+fIgN93nRvoL+82YOfxwyF8JPMRhz+aeeMfxHX1uRSSkFO3N00ISxgHxAFTcwP6Y5tAwwDft7Uy9neH6TEEXj/uJO0wQ9cH72MmXK3WfCjUf5nIx1+In/GE59VrFCfXZXMVvEvK3v+1ej3T3mU/LC4EaiXNGvWqv3Hnd23RpWrcttPV0lfqSawcr81MlZycJiFbmHkl8u6IUsd40UFYFbPAe8G2Lptpr9HKoVnXG1Kb3ue2etxuGqjVPpMdFi44EsiHRr+nyM5r9HGlGYw2XJsEo7JCeCTyJ2Ok5YlQcCUqOTZw6xs6Hy4RmuLIrzKdGV5W7NWHyTeukcdXWGhQK2xLcMjJjmw/8q0guACf7XxCsLjFiH7eehHgrF/s33lb90m3vWAY3bsKPjCPApFnD+h1XyZZOjs3+ndVvtrJV4Loyi+JTHbNMfvH8Vt8+irJY8WFX5VeuZyWn9Jpp84MUd1lHiCIeQh/M/6/OVVVNNqPP659ffgMkmUpVbaS5OUU1xtq+2XRLtFaThMspm36uavSQveHPYhrwJjZ3DjTFBNOygMb7nDx4zvRCFdB5Z3NLPpT0lpf9lvOFeXjt/81m+7hKWSV1Vu4jLeQTQsIjtRbvQcP61mlRzpovsftz1/1hTMO9MvhAF2ZVGoy0JZ74fL+eB0w6VDMa5lwCtKA36bk/xdUvNxFQS/qjnoVHrb9JhRu2iBO/L4KV1l54zi7K0gWpAkOsByVIDjTA7/zr62BE+O1JOtYVj/q7cL5XzFkOkiMUkmQlcfCqpXK10EYyk3gs+b4yvp2gov5aUSvK48QDxK+5rPWuAD9WUl2F4DqnwCm1O/UEnhi/VnJvBGR1mQdRJpLOYbleqlU+EYTzujkCGKmJtX7b0xur18TpoFSNhkiW9av2of7/zTfpeaHtG/64X4da8QgbFcooI/ct5DbgAPsDOUQbMx9YpHQA16hsafiClK3zKBulwNn/bRN3GI+d0vdhNHRDksj0ntLEZglSRcBKvgQJVEMLzEi0DIRSUNWvXjwvXmmft/Yvf/qF7b/oLMh6pOsDv4S/NoJG3QvKs3R+ZXaS7aiH+AN0Tf9I5Ld+lhnJfld2uPtXHQnibaHDV7qqC4qmSc+lRUOuUFbM7wdZhi82elqcWLuPxL/f0y7bhx3y6zfnfRhrp/MWr+xaLPdtFRohGjGe0x1eJHGDFjV2qcbxp6FgetHqIa5VJgKHSTK23nXIpUK64uaDlkNCgWaYkdArpjsH2TRakfw631XHq5qgBEtOFy/3UNHrxU1/NGtGRme17qLZuO0HUMTCSIfpXRDKLbMP3fT8prNxnFD602/E+gK/gzbY/+KkjXFwTrw6QxpMEZqfJ0lIprW/J5EqwMfz/A6PtkXXPZxB6EViDal69GDbAMljWCweXr8T945ztADxrrzDDIro1uXNNmIYOROZfSg8IAW8x4tUMIRUHzatsc7PZ3A7feeEiY2i9oE9nxp8VpidKlCkoDSnm3AO7mtSBqwR1CgxmPpNwWXFo6x1kWcsSDVYkWKKl8vny75NvT+oAAZV0P8h+AcsXG1ezzLTqTwfAx8fBdlu90V3nwcHBzhbr3RIB+sxrtO3YoAa4bw+5LOvCCq7cIWUwIBItH5F/NLi9HzJarjRTOIgLgK1ip3AZV+OP1FBIWQYvgybUk/CL1yFlLq5m40fHPeHPYVQEfQyppnCC7KYxZhiSVWdFjGq9KEFYX3nPCxn4Itu2GxEwdjeSUTVlDXCktLIP2WDLYtKwTcYS7MvYV1wG6pPfJYUfQ/tNQ+MltKtTgzbjwDDWYhiUIv51knbeVnR6AH6Ij/M5PW1rhJMd4WIzvJQcqmihxBPp6yooGXeEAXIOa5E3lmtkGWt0ugejLzswk=&u=U2FsdGVkX18it4C+7CZvfhxOwwnkigFaXrw4z2kg9Ak=&y=U2FsdGVkX1+ZFzuxmn3pNVOYIBomysp/WTAPvPJmeyw= HTTP/1.1" 200 26
186.102.62.144 - - [22/Sep/2023:01:13:06 -0500] "GET /kwssiamovil/sm/acme/a?s=U2FsdGVkX1+0zNB/sl8c3R1YJBDGMTbZqCbgmPO4AD2ULv6w5ASQ5aYzFLNhjfNKCmsrNe6yDD0hN1kMdcMzCB8w/N0gKT562GcQMAATtuuyLKDhEGbLjLeEebpCoR9+3HAkDgbbbk/N+MacjrSIOoLnewKafwMss5aINz2CeEU=&u=U2FsdGVkX18it4C+7CZvfhxOwwnkigFaXrw4z2kg9Ak=&y=U2FsdGVkX1+ZFzuxmn3pNVOYIBomysp/WTAPvPJmeyw= HTTP/1.1" 200 26
186.102.62.144 - - [22/Sep/2023:01:13:07 -0500] "GET /kwssiamovil/sm/acme/a?s=U2FsdGVkX18+6YmF6ngCwv3aDPvM6J3Q8GnRAsXKw3YKGciWsOVcfKFSSLymYVW1Ft8iUIrvOpuc8z97Pw9FyM7jKo+GFfbUXgpe3d6yA2C2GCUP6PSDkjVLKiDnfHHgygoau99OLE4uqn4uhE9nPor5NYi6U79wrToZ2/GB/2U=&u=U2FsdGVkX18it4C+7CZvfhxOwwnkigFaXrw4z2kg9Ak=&y=U2FsdGVkX1+ZFzuxmn3pNVOYIBomysp/WTAPvPJmeyw= HTTP/1.1" 200 26
186.102.62.144 - - [22/Sep/2023:01:13:07 -0500] "GET /kwssiamovil/sm/acme/a?s=U2FsdGVkX1+0y2SP8dTsRWsjSeOHlj/rvycGTM/9AkP4K4/anLdG6PMPKPZb+pKmo9PfC8MN5184WBLBLFHtyeDFKGkyfugGhi9RrnF3xE80xFrXyoEgROeAWORm9ODglyh26v5zsfJPq4Ilk39dZUOVmqXbX/Iua3Ju/t47ogc=&u=U2FsdGVkX18it4C+7CZvfhxOwwnkigFaXrw4z2kg9Ak=&y=U2FsdGVkX1+ZFzuxmn3pNVOYIBomysp/WTAPvPJmeyw= HTTP/1.1" 200 26
186.102.62.144 - - [22/Sep/2023:01:13:08 -0500] "GET /kwssiamovil/sm/acme/a?s=U2FsdGVkX1+H7AIxOYU6MGdUlFLRxveusfAHjF4ypups5poZY86LdTX8IQSGhDZNXR3TOMEBwI0e6jYCA+DfnnYCUjmIXLoGca94sOXa9IKlKBh7U6jh3RnIYntj9YuY98AYG8OUP1PCh5e0Ksr5jf0kzElsJWjd3VKTtnmcYj/inSrAwiPe0dEUxpMHXs+T&u=U2FsdGVkX18it4C+7CZvfhxOwwnkigFaXrw4z2kg9Ak=&y=U2FsdGVkX1+ZFzuxmn3pNVOYIBomysp/WTAPvPJmeyw= HTTP/1.1" 200 26
186.102.62.144 - - [22/Sep/2023:01:13:08 -0500] "GET /kwssiamovil/sm/acme/a?s=U2FsdGVkX19mgIMQfIi8nFs4f5p6z5KaGVj2bOOIR5W9fV8nByI85EYxlFVJ5N5w9qnEnowMj62w8u3GUu2hz79JJxuxfTpCjjjwD0uBaxRYIFgZjbRPPb9DRt31kpO8XLsc/LhRhOeuhTzcCat/+l7WF7CQSAL9rwC/hduuoCaajoy9heBjggg5vJyTAguEOdGko8/YQpMX/p499OjoXQl4Z36HnFvW46xp+Fl6gL1glSMZeY/hm3oLUUvoDuak09DhKdIyopgljr60kCVuyq+zOGw9uAIR2HCpbUqBnRI6WXNaNS0AzoQPvlc78UPOefaL8lJE3vLIP/0QaXgfwxMk+zKv5zCqFXdOgE7AD5kDuP8VSEtgM7agRiqR2nqUjHeFTnrkqAP9SHjCTRmVhLfcKcg4TB6Ff+pzPhoejULC3p84vs3B2JsI/pFnWsBdZAKOZSCtIY8gdCwjFJvpj8+xYYC7zpb19J164qeNR0SywBh2ge0KG3QDVg3WbnHQF4NaLaRUNy1a8vmu8tL6XA==&u=U2FsdGVkX18it4C+7CZvfhxOwwnkigFaXrw4z2kg9Ak=&y=U2FsdGVkX1+ZFzuxmn3pNVOYIBomysp/WTAPvPJmeyw= HTTP/1.1" 200 25
186.102.62.144 - - [22/Sep/2023:01:13:09 -0500] "GET /kwssiamovil/sm/acme/a?s=U2FsdGVkX18Ba5fpo1coPPy1SUNZnK5/xT8fdpceCiLC1qBsv8ApUyglD21n6kKTOMZ6q9YFetpfVq1Yn9a45XvPAOstVlwd6RFZZ/Ezzai0fT6uQlEAEc1RhHcPnAZ8VK2UkeNRaEEomJzI3tTkRt/iAY7P8or9RmVhumKbjwrLEs6x1WZjM4nW6nhSi+m2yEX21ac8Aj6Tl0HrD5bcN8u8g/Bw9Qq+J7GqwRGbxjTk1CPUbwGMW/F+2wk980vQZgZ7HPLxcizwUCxU/HoMGNCd94aAbEexH5K+0fG5PvFE6/Cy3muBeTkJ+makdJkho0umCcLwkyVFqU1T/GtwzFWQSH5H3ZNKBn2ZRMhxnmyOj3c1NnA9uK++3667nmAWp+lNPplYvvCovteRxBHXrDGmAUSeexdC9WzpgMuIOvm9yw5egqHA+wkpLpehZHyMRrgPFW8EMMMwlFBFiTCJXuNoKlQ2atU2FMfzQeR3NXk=&u=U2FsdGVkX18it4C+7CZvfhxOwwnkigFaXrw4z2kg9Ak=&y=U2FsdGVkX1+ZFzuxmn3pNVOYIBomysp/WTAPvPJmeyw= HTTP/1.1" 200 25
186.102.62.144 - - [22/Sep/2023:01:13:28 -0500] "GET /kwssiamovil/sm/acme/u?s=U2FsdGVkX1+aphCU4xa1RPjvrVfGLBEpKXW6LSf82voiFYNV/Pz3TppnbNGyM5eCUzAtdu2CAelKhPxFRSRR2rFsp7ZdNmq4L4ZyRsGObkBKMv50V9/bLqb3iqxlOQz8QtihbCB6MAlTBur864PJN3xdYyGUYK9lTqBg2ZpEqZI=&u=U2FsdGVkX18it4C+7CZvfhxOwwnkigFaXrw4z2kg9Ak=&y=U2FsdGVkX1+ZFzuxmn3pNVOYIBomysp/WTAPvPJmeyw= HTTP/1.1" 200 60
31.13.127.18 - - [22/Sep/2023:01:13:30 -0500] "GET /images/ecosistema-dia-internacional-tierra-21-abril.jpg HTTP/1.1" 200 30098
186.102.62.144 - - [22/Sep/2023:01:13:34 -0500] "GET /kwssiamovil/sm/acme/u?s=U2FsdGVkX19dZ4FqNfIU9kFauFm8WEEG7bPazrkjnCK1B6nbj0X8t2H6f5Md0rNMmU45wB6uRYED9hbgtybIckiuiNz+gClce5r6Pa7lsutQmWLZXXE9x0CfJervjbPfaPuu1gL7zQP7SmU14+s5o/3SKukQ6alHjYVTWLKZx1U=&u=U2FsdGVkX18it4C+7CZvfhxOwwnkigFaXrw4z2kg9Ak=&y=U2FsdGVkX1+ZFzuxmn3pNVOYIBomysp/WTAPvPJmeyw= HTTP/1.1" 200 60
201.245.192.253 - - [22/Sep/2023:01:13:59 -0500] "POST /kwsrmcab/Wsrmcab  HTTP/1.1" 200 41265
201.245.192.253 - - [22/Sep/2023:01:14:02 -0500] "POST /forms/lservlet;jsessionid=ac16012b30d69d644c52ab7640e8a350f59243e0b584.e3iSbxaKaheRe34Pbx8Nc3aQci1ynknvrkLOlQzNp65In0 HTTP/1.1" 200 2
35.203.210.64 - - [22/Sep/2023:01:14:17 -0500] "GET / HTTP/1.1" 200 319
172.22.2.4 - - [22/Sep/2023:01:12:45 -0500] "HEAD /BLA/boletinlegal/ HTTP/1.1" 200 -
186.102.62.144 - - [22/Sep/2023:01:14:52 -0500] "GET /kwssiamovil/sm/acme/u?s=U2FsdGVkX1/DQi/Da90fdgJdef6y+S68x9XTJNFDrk5nOFW4p/jmqxZ7CZSnJlJMuZTpHlRUxRYXq74tTRqzeQ0yuk/LBx/VY9wTRhZGPBEy9zmnFfL7R7wDt11qtwIjYFtbu5pVP2HAX7SXi7BG3000zmBogtp40bMRXcCtB/I=&u=U2FsdGVkX18it4C+7CZvfhxOwwnkigFaXrw4z2kg9Ak=&y=U2FsdGVkX1+ZFzuxmn3pNVOYIBomysp/WTAPvPJmeyw= HTTP/1.1" 200 60
201.245.192.253 - - [22/Sep/2023:01:15:00 -0500] "POST /forms/lservlet;jsessionid=ac16012b30d6f8876a5c9c7b4f2cb61a8d6dcd3d5a29.e3iSbxaKaheRe34Pbx8Nc3aQci1ynknvrkLOlQzNp65In0 HTTP/1.1" 200 2
172.22.2.4 - - [22/Sep/2023:01:13:35 -0500] "GET /BLA/boletinlegal/ HTTP/1.1" 200 57790
216.245.221.92 - - [22/Sep/2023:01:15:50 -0500] "HEAD / HTTP/1.1" 200 -
201.245.192.253 - - [22/Sep/2023:01:16:02 -0500] "POST /forms/lservlet;jsessionid=ac16012b30d69d644c52ab7640e8a350f59243e0b584.e3iSbxaKaheRe34Pbx8Nc3aQci1ynknvrkLOlQzNp65In0 HTTP/1.1" 200 2
201.245.192.253 - - [22/Sep/2023:01:17:00 -0500] "POST /forms/lservlet;jsessionid=ac16012b30d6f8876a5c9c7b4f2cb61a8d6dcd3d5a29.e3iSbxaKaheRe34Pbx8Nc3aQci1ynknvrkLOlQzNp65In0 HTTP/1.1" 200 2
201.245.192.253 - - [22/Sep/2023:01:17:44 -0500] "POST /kwsrmcab/Wsrmcab HTTP/1.1" 200 40771
201.245.192.253 - - [22/Sep/2023:01:17:47 -0500] "POST /kwsrmcab/Wsrmcab HTTP/1.1" 200 41400
201.245.192.253 - - [22/Sep/2023:01:18:02 -0500] "POST /forms/lservlet;jsessionid=ac16012b30d69d644c52ab7640e8a350f59243e0b584.e3iSbxaKaheRe34Pbx8Nc3aQci1ynknvrkLOlQzNp65In0 HTTP/1.1" 200 2
201.245.192.253 - - [22/Sep/2023:01:19:00 -0500] "POST /forms/lservlet;jsessionid=ac16012b30d6f8876a5c9c7b4f2cb61a8d6dcd3d5a29.e3iSbxaKaheRe34Pbx8Nc3aQci1ynknvrkLOlQzNp65In0 HTTP/1.1" 200 2
201.245.192.253 - - [22/Sep/2023:01:18:58 -0500] "POST /kwsrmcab/Wsrmcab  HTTP/1.1" 200 41265
201.245.192.253 - - [22/Sep/2023:01:20:02 -0500] "POST /forms/lservlet;jsessionid=ac16012b30d69d644c52ab7640e8a350f59243e0b584.e3iSbxaKaheRe34Pbx8Nc3aQci1ynknvrkLOlQzNp65In0 HTTP/1.1" 200 2
172.22.2.4 - - [22/Sep/2023:01:18:35 -0500] "HEAD /BLA/boletinlegal/ HTTP/1.1" 200 -
216.245.221.92 - - [22/Sep/2023:01:20:49 -0500] "HEAD / HTTP/1.1" 200 -
201.245.192.253 - - [22/Sep/2023:01:21:00 -0500] "POST /forms/lservlet;jsessionid=ac16012b30d6f8876a5c9c7b4f2cb61a8d6dcd3d5a29.e3iSbxaKaheRe34Pbx8Nc3aQci1ynknvrkLOlQzNp65In0 HTTP/1.1" 200 2
172.22.2.4 - - [22/Sep/2023:01:19:25 -0500] "GET /BLA/boletinlegal/ HTTP/1.1" 200 57790
201.245.192.253 - - [22/Sep/2023:01:22:02 -0500] "POST /forms/lservlet;jsessionid=ac16012b30d69d644c52ab7640e8a350f59243e0b584.e3iSbxaKaheRe34Pbx8Nc3aQci1ynknvrkLOlQzNp65In0 HTTP/1.1" 200 2
201.245.192.253 - - [22/Sep/2023:01:23:00 -0500] "POST /forms/lservlet;jsessionid=ac16012b30d6f8876a5c9c7b4f2cb61a8d6dcd3d5a29.e3iSbxaKaheRe34Pbx8Nc3aQci1ynknvrkLOlQzNp65In0 HTTP/1.1" 200 2
190.66.243.136 - - [22/Sep/2023:01:23:26 -0500] "GET /kwssiamovil/sm/acme/a?s=U2FsdGVkX19iY6JYMMRekZc4+oYJii9ZbkkrGxcJ/lk30u/EvsLsLWbGX7bao4cL5bpwwNMzqxpT52DODKdevlX3pDeBOxZamRkjtyhHlUXZQ4xfcHAb27VDqINEWCpKC9YJO+dS2C9uU9pDujbokeipnIZvNDmia7ZB4amH9J6NkHKpKqNdpb2kyanRlfTIbD+pxmbrlO20I104yWJO5Ofi8S81LusSQZ95NJJ6hKdkq8gics+8PRpcozQ1UeM371dXYnGt+msj5s9L63guFA==&u=U2FsdGVkX1+k0MMwil5C+HDLFKhnq1zy54vnsJjhiSmR19CF6HQBN6Ocbn46Dw1G&y=U2FsdGVkX1+DWAtJ38CyW31QJxEclfo+Plo6Y1kc7n4viHjRAwoc/u+uIUlltxCH HTTP/1.1" 200 26
