201.245.192.253 - - [22/Sep/2023:14:03:33 -0500] "POST /sipse/faces/bienvenido.xhtml HTTP/1.1" 200 36136
201.245.192.253 - - [22/Sep/2023:14:03:33 -0500] "GET /sipse/faces/javax.faces.resource/theme.css?ln=primefaces-sipse HTTP/1.1" 304 -
201.245.192.253 - - [22/Sep/2023:14:03:33 -0500] "GET /sipse/faces/javax.faces.resource/layout/layout.css?ln=primefaces&v=4.0 HTTP/1.1" 304 -
201.245.192.253 - - [22/Sep/2023:14:03:33 -0500] "GET /sipse/faces/javax.faces.resource/primefaces.css?ln=primefaces&v=4.0 HTTP/1.1" 304 -
201.245.192.253 - - [22/Sep/2023:14:03:33 -0500] "GET /sipse/faces/javax.faces.resource/jquery/jquery.js?ln=primefaces&v=4.0 HTTP/1.1" 304 -
201.245.192.253 - - [22/Sep/2023:14:03:33 -0500] "GET /sipse/faces/javax.faces.resource/jquery/jquery-plugins.js?ln=primefaces&v=4.0 HTTP/1.1" 304 -
201.245.192.253 - - [22/Sep/2023:14:03:33 -0500] "GET /sipse/faces/javax.faces.resource/primefaces.js?ln=primefaces&v=4.0 HTTP/1.1" 304 -
201.245.192.253 - - [22/Sep/2023:14:03:33 -0500] "GET /sipse/faces/javax.faces.resource/layout/layout.js?ln=primefaces&v=4.0 HTTP/1.1" 304 -
201.245.192.253 - - [22/Sep/2023:14:03:33 -0500] "POST /sipse/faces/presentacion/financiero/solicitudProceso/listarSolicitudProceso.xhtml HTTP/1.1" 200 1404
191.156.190.7 - - [22/Sep/2023:14:03:28 -0500] "POST /sipse/faces/presentacion/financiero/solicitudProceso/consultarSolicitudProceso.xhtml HTTP/1.1" 200 3339784
201.245.192.253 - - [22/Sep/2023:14:03:38 -0500] "POST /sipse/faces/presentacion/financiero/solicitudProceso/listarSolicitudProceso.xhtml HTTP/1.1" 200 114231
201.245.192.253 - - [22/Sep/2023:14:03:39 -0500] "GET /sipse/faces/javax.faces.resource/primefaces.css?ln=primefaces&v=4.0 HTTP/1.1" 304 -
201.245.192.253 - - [22/Sep/2023:14:03:39 -0500] "GET /sipse/faces/javax.faces.resource/theme.css?ln=primefaces-sipse HTTP/1.1" 304 -
201.245.192.253 - - [22/Sep/2023:14:03:39 -0500] "GET /sipse/faces/javax.faces.resource/layout/layout.css?ln=primefaces&v=4.0 HTTP/1.1" 304 -
201.245.192.253 - - [22/Sep/2023:14:03:39 -0500] "GET /sipse/faces/javax.faces.resource/jquery/jquery.js?ln=primefaces&v=4.0 HTTP/1.1" 304 -
201.245.192.253 - - [22/Sep/2023:14:03:39 -0500] "GET /sipse/faces/javax.faces.resource/jquery/jquery-plugins.js?ln=primefaces&v=4.0 HTTP/1.1" 304 -
201.245.192.253 - - [22/Sep/2023:14:03:39 -0500] "GET /sipse/faces/javax.faces.resource/primefaces.js?ln=primefaces&v=4.0 HTTP/1.1" 304 -
201.245.192.253 - - [22/Sep/2023:14:03:39 -0500] "GET /sipse/faces/javax.faces.resource/layout/layout.js?ln=primefaces&v=4.0 HTTP/1.1" 304 -
172.22.2.4 - - [22/Sep/2023:14:03:39 -0500] "GET /BLA/boletinlegal/consulta_actos.php?tipo=autos&no=2559&usuario=&sector=&fecha=2023&resuelve= HTTP/1.1" 200 1086
201.245.192.253 - - [22/Sep/2023:14:03:43 -0500] "POST /sipse/faces/presentacion/financiero/solicitudProceso/consultarSolicitudProceso.xhtml HTTP/1.1" 200 33584
201.245.192.253 - - [22/Sep/2023:14:03:45 -0500] "GET /sipse/faces/javax.faces.resource/theme.css?ln=primefaces-sipse HTTP/1.1" 304 -
201.245.192.253 - - [22/Sep/2023:14:03:45 -0500] "GET /sipse/faces/javax.faces.resource/layout/layout.css?ln=primefaces&v=4.0 HTTP/1.1" 304 -
201.245.192.253 - - [22/Sep/2023:14:03:45 -0500] "GET /sipse/faces/javax.faces.resource/primefaces.css?ln=primefaces&v=4.0 HTTP/1.1" 304 -
201.245.192.253 - - [22/Sep/2023:14:03:45 -0500] "GET /sipse/faces/javax.faces.resource/jquery/jquery.js?ln=primefaces&v=4.0 HTTP/1.1" 304 -
201.245.192.253 - - [22/Sep/2023:14:03:45 -0500] "GET /sipse/faces/javax.faces.resource/jquery/jquery-plugins.js?ln=primefaces&v=4.0 HTTP/1.1" 304 -
201.245.192.253 - - [22/Sep/2023:14:03:45 -0500] "GET /sipse/faces/javax.faces.resource/primefaces.js?ln=primefaces&v=4.0 HTTP/1.1" 304 -
201.245.192.253 - - [22/Sep/2023:14:03:45 -0500] "GET /sipse/faces/javax.faces.resource/layout/layout.js?ln=primefaces&v=4.0 HTTP/1.1" 304 -
201.245.192.253 - - [22/Sep/2023:14:03:45 -0500] "POST /sipse/faces/presentacion/financiero/solicitudProceso/listarSolicitudProceso.xhtml HTTP/1.1" 200 1368
191.156.190.7 - - [22/Sep/2023:14:03:49 -0500] "POST /sipse/faces/presentacion/financiero/solicitudProceso/consultarSolicitudProceso.xhtml HTTP/1.1" 200 291488
201.245.192.253 - - [22/Sep/2023:14:04:02 -0500] "POST /forms/lservlet;jsessionid=ac16012b30d6f3f2d4db477e4781898ab9fb251252a5.e3iSbxaKaheRe34Pbx8Nc3aQci1ynknvrkLOlQzNp65In0 HTTP/1.1" 200 2
200.69.84.132 - - [22/Sep/2023:14:04:02 -0500] "GET /sipse/faces/index.xhtml HTTP/1.1" 200 677
200.69.84.132 - - [22/Sep/2023:14:04:02 -0500] "GET /sipse/faces/javax.faces.resource/theme.css?ln=primefaces-sipse HTTP/1.1" 200 50058
200.69.84.132 - - [22/Sep/2023:14:04:04 -0500] "GET /sipse/faces/faces/autenticacion.xhtml HTTP/1.1" 200 12416
200.69.84.132 - - [22/Sep/2023:14:04:04 -0500] "GET /sipse/faces/javax.faces.resource/jquery/jquery.js?ln=primefaces&v=4.0 HTTP/1.1" 304 -
200.69.84.132 - - [22/Sep/2023:14:04:04 -0500] "GET /sipse/css/custom_css_sg_prime_login.css HTTP/1.1" 200 443
200.69.84.132 - - [22/Sep/2023:14:04:04 -0500] "GET /sipse/faces/javax.faces.resource/layout/layout.css?ln=primefaces&v=4.0 HTTP/1.1" 200 542
200.69.84.132 - - [22/Sep/2023:14:04:04 -0500] "GET /sipse/js/disable_browser_buttons.js HTTP/1.1" 304 -
200.69.84.132 - - [22/Sep/2023:14:04:04 -0500] "GET /sipse/js/funciones.js HTTP/1.1" 304 -
200.69.84.132 - - [22/Sep/2023:14:04:04 -0500] "GET /sipse/css/custom_css_sg.css HTTP/1.1" 200 9694
200.69.84.132 - - [22/Sep/2023:14:04:04 -0500] "GET /sipse/faces/javax.faces.resource/theme.css?ln=primefaces-sipse HTTP/1.1" 304 -
200.69.84.132 - - [22/Sep/2023:14:04:04 -0500] "GET /sipse/faces/javax.faces.resource/jquery/jquery-plugins.js?ln=primefaces&v=4.0 HTTP/1.1" 304 -
200.69.84.132 - - [22/Sep/2023:14:04:04 -0500] "GET /sipse/faces/javax.faces.resource/primefaces.css?ln=primefaces&v=4.0 HTTP/1.1" 200 53295
200.69.84.132 - - [22/Sep/2023:14:04:04 -0500] "GET /sipse/faces/javax.faces.resource/primefaces.js?ln=primefaces&v=4.0 HTTP/1.1" 304 -
200.69.84.132 - - [22/Sep/2023:14:04:04 -0500] "GET /sipse/faces/javax.faces.resource/layout/layout.js?ln=primefaces&v=4.0 HTTP/1.1" 304 -
200.69.84.132 - - [22/Sep/2023:14:04:05 -0500] "GET /sipse/faces/javax.faces.resource/images/ui-icons_898989_256x240.png?ln=primefaces-aristo HTTP/1.1" 200 5355
200.69.84.132 - - [22/Sep/2023:14:04:05 -0500] "GET /sipse/css/imagen/logoSDG.png HTTP/1.1" 200 53064
200.69.84.132 - - [22/Sep/2023:14:04:05 -0500] "GET /sipse/css/imagen/loginimg.png HTTP/1.1" 200 71635
200.69.84.132 - - [22/Sep/2023:14:04:11 -0500] "POST /sipse/faces/autenticacion.xhtml HTTP/1.1" 200 12794
200.69.84.132 - - [22/Sep/2023:14:04:12 -0500] "GET /sipse/css/custom_css_sg_prime.css HTTP/1.1" 200 5201
200.69.84.132 - - [22/Sep/2023:14:04:12 -0500] "GET /sipse/faces/javax.faces.resource/jquery/jquery.js?ln=primefaces&v=4.0 HTTP/1.1" 304 -
200.69.84.132 - - [22/Sep/2023:14:04:12 -0500] "GET /sipse/faces/javax.faces.resource/jquery/jquery-plugins.js?ln=primefaces&v=4.0 HTTP/1.1" 304 -
200.69.84.132 - - [22/Sep/2023:14:04:13 -0500] "GET /sipse/faces/javax.faces.resource/primefaces.js?ln=primefaces&v=4.0 HTTP/1.1" 304 -
200.69.84.132 - - [22/Sep/2023:14:04:13 -0500] "GET /sipse/faces/javax.faces.resource/layout/layout.js?ln=primefaces&v=4.0 HTTP/1.1" 304 -
200.69.84.132 - - [22/Sep/2023:14:04:13 -0500] "GET /sipse/faces/javax.faces.resource/messages/messages.png?ln=primefaces&v=4.0 HTTP/1.1" 200 27209
200.69.84.132 - - [22/Sep/2023:14:04:15 -0500] "POST /sipse/faces/presentacion/sistema/seguridad/seleccionRol.xhtml HTTP/1.1" 200 7225
200.69.84.132 - - [22/Sep/2023:14:04:17 -0500] "POST /sipse/faces/presentacion/sistema/seguridad/seleccionRol.xhtml HTTP/1.1" 200 18243
200.69.84.132 - - [22/Sep/2023:14:04:19 -0500] "GET /sipse/js/jquery.min.js HTTP/1.1" 304 -
200.69.84.132 - - [22/Sep/2023:14:04:19 -0500] "GET /sipse/faces/javax.faces.resource/jquery/jquery.js?ln=primefaces&v=4.0 HTTP/1.1" 304 -
216.244.66.195 - - [22/Sep/2023:14:04:19 -0500] "GET /BLA/resoluciones/AUTOS%202021/0487.pdf HTTP/1.1" 200 489716
200.69.84.132 - - [22/Sep/2023:14:04:20 -0500] "GET /sipse/faces/javax.faces.resource/jquery/jquery-plugins.js?ln=primefaces&v=4.0 HTTP/1.1" 304 -
200.69.84.132 - - [22/Sep/2023:14:04:20 -0500] "GET /sipse/faces/javax.faces.resource/primefaces.js?ln=primefaces&v=4.0 HTTP/1.1" 304 -
200.69.84.132 - - [22/Sep/2023:14:04:21 -0500] "GET /sipse/faces/javax.faces.resource/layout/layout.js?ln=primefaces&v=4.0 HTTP/1.1" 304 -
200.69.84.132 - - [22/Sep/2023:14:04:21 -0500] "GET /sipse/css/v_mergente.css HTTP/1.1" 200 1505
200.69.84.132 - - [22/Sep/2023:14:04:21 -0500] "GET /sipse/css/imagen/contrasena.png HTTP/1.1" 404 383
200.69.84.132 - - [22/Sep/2023:14:04:21 -0500] "GET /sipse/imagenes/cargando.gif HTTP/1.1" 200 36959
200.69.84.132 - - [22/Sep/2023:14:04:22 -0500] "GET /sipse/faces/javax.faces.resource/images/ui-bg_flat_0_2d5972_40x100.png?ln=primefaces-aristo HTTP/1.1" 200 183
200.69.84.132 - - [22/Sep/2023:14:04:22 -0500] "POST /sipse/faces/bienvenido.xhtml HTTP/1.1" 200 2055
200.69.84.132 - - [22/Sep/2023:14:04:21 -0500] "GET /sipse/imagenes/logoAplicacion.jpg HTTP/1.1" 200 155084
200.69.84.132 - - [22/Sep/2023:14:04:24 -0500] "POST /sipse/faces/bienvenido.xhtml HTTP/1.1" 200 7386
172.22.2.4 - - [22/Sep/2023:14:04:27 -0500] "GET /BLA/boletinlegal/consulta_actos.php?tipo=autos&no=2516&usuario=&sector=&fecha=2023&resuelve= HTTP/1.1" 200 1087
200.69.84.132 - - [22/Sep/2023:14:04:26 -0500] "POST /sipse/faces/bienvenido.xhtml HTTP/1.1" 200 31248
200.69.84.132 - - [22/Sep/2023:14:04:27 -0500] "GET /sipse/faces/javax.faces.resource/jquery/jquery.js?ln=primefaces&v=4.0 HTTP/1.1" 304 -
200.69.84.132 - - [22/Sep/2023:14:04:28 -0500] "GET /sipse/faces/javax.faces.resource/jquery/jquery-plugins.js?ln=primefaces&v=4.0 HTTP/1.1" 304 -
200.69.84.132 - - [22/Sep/2023:14:04:28 -0500] "GET /sipse/faces/javax.faces.resource/primefaces.js?ln=primefaces&v=4.0 HTTP/1.1" 304 -
200.69.84.132 - - [22/Sep/2023:14:04:28 -0500] "GET /sipse/faces/javax.faces.resource/layout/layout.js?ln=primefaces&v=4.0 HTTP/1.1" 304 -
200.69.84.132 - - [22/Sep/2023:14:04:31 -0500] "GET /sipse/faces/javax.faces.resource/theme.css?ln=primefaces-sipse HTTP/1.1" 304 -
200.69.84.132 - - [22/Sep/2023:14:04:31 -0500] "GET /sipse/faces/javax.faces.resource/primefaces.css?ln=primefaces&v=4.0 HTTP/1.1" 304 -
200.69.84.132 - - [22/Sep/2023:14:04:31 -0500] "GET /sipse/faces/javax.faces.resource/layout/layout.css?ln=primefaces&v=4.0 HTTP/1.1" 304 -
200.69.84.132 - - [22/Sep/2023:14:04:31 -0500] "GET /sipse/faces/javax.faces.resource/jquery/jquery.js?ln=primefaces&v=4.0 HTTP/1.1" 304 -
200.69.84.132 - - [22/Sep/2023:14:04:31 -0500] "GET /sipse/faces/javax.faces.resource/jquery/jquery-plugins.js?ln=primefaces&v=4.0 HTTP/1.1" 304 -
200.69.84.132 - - [22/Sep/2023:14:04:32 -0500] "GET /sipse/faces/javax.faces.resource/layout/layout.js?ln=primefaces&v=4.0 HTTP/1.1" 304 -
200.69.84.132 - - [22/Sep/2023:14:04:32 -0500] "GET /sipse/faces/javax.faces.resource/primefaces.js?ln=primefaces&v=4.0 HTTP/1.1" 304 -
200.69.84.132 - - [22/Sep/2023:14:04:32 -0500] "GET /sipse/faces/javax.faces.resource/images/ui-icons_898989_256x240.png?ln=primefaces-aristo HTTP/1.1" 304 -
200.69.84.132 - - [22/Sep/2023:14:04:31 -0500] "POST /sipse/faces/presentacion/sistema/reporte/listarReportes.xhtml HTTP/1.1" 200 26566
200.69.84.132 - - [22/Sep/2023:14:04:37 -0500] "GET /sipse/faces/javax.faces.resource/images/ui-bg_flat_0_2d5972_40x100.png?ln=primefaces-aristo HTTP/1.1" 200 183
200.69.84.132 - - [22/Sep/2023:14:04:37 -0500] "POST /sipse/faces/presentacion/sistema/reporte/ventanaVerReporteParametros.xhtml HTTP/1.1" 200 31248
200.69.84.132 - - [22/Sep/2023:14:04:38 -0500] "GET /sipse/faces/javax.faces.resource/jquery/jquery.js?ln=primefaces&v=4.0 HTTP/1.1" 304 -
200.69.84.132 - - [22/Sep/2023:14:04:38 -0500] "GET /sipse/faces/javax.faces.resource/jquery/jquery-plugins.js?ln=primefaces&v=4.0 HTTP/1.1" 304 -
200.69.84.132 - - [22/Sep/2023:14:04:38 -0500] "GET /sipse/faces/javax.faces.resource/primefaces.js?ln=primefaces&v=4.0 HTTP/1.1" 304 -
200.69.84.132 - - [22/Sep/2023:14:04:38 -0500] "GET /sipse/faces/javax.faces.resource/layout/layout.js?ln=primefaces&v=4.0 HTTP/1.1" 304 -
201.245.192.253 - - [22/Sep/2023:14:04:54 -0500] "POST /forms/lservlet;jsessionid=ac16012b30d69d644c52ab7640e8a350f59243e0b584.e3iSbxaKaheRe34Pbx8Nc3aQci1ynknvrkLOlQzNp65In0 HTTP/1.1" 200 2
172.22.2.4 - - [22/Sep/2023:14:04:55 -0500] "GET /BLA/boletinlegal/consulta_actos.php?tipo=autos&no=3063&usuario=&sector=&fecha=2023&resuelve= HTTP/1.1" 200 1132
172.22.2.4 - - [22/Sep/2023:14:05:00 -0500] "GET /BLA/boletinlegal/.env HTTP/1.1" 404 1018
216.245.221.92 - - [22/Sep/2023:14:05:04 -0500] "HEAD / HTTP/1.1" 200 -
216.244.66.195 - - [22/Sep/2023:14:05:08 -0500] "GET /BLA/resoluciones/AUTOS%202021/0544.pdf HTTP/1.1" 200 344726
172.22.2.4 - - [22/Sep/2023:14:05:45 -0500] "GET /BLA/boletinlegal/consulta_actos.php?tipo=autos&no=3064&usuario=&sector=&fecha=2023&resuelve= HTTP/1.1" 200 1103
172.22.2.4 - - [22/Sep/2023:14:04:09 -0500] "HEAD /BLA/boletinlegal/ HTTP/1.1" 200 -
172.22.2.4 - - [22/Sep/2023:14:05:01 -0500] "POST /BLA/boletinlegal/ HTTP/1.1" 200 24523
216.244.66.195 - - [22/Sep/2023:14:05:57 -0500] "GET /BLA/resoluciones/AUTOS%202021/0741.pdf HTTP/1.1" 200 844702
201.245.192.253 - - [22/Sep/2023:14:06:02 -0500] "POST /forms/lservlet;jsessionid=ac16012b30d6f3f2d4db477e4781898ab9fb251252a5.e3iSbxaKaheRe34Pbx8Nc3aQci1ynknvrkLOlQzNp65In0 HTTP/1.1" 200 2
173.252.87.14 - - [22/Sep/2023:14:06:06 -0500] "GET /como-obtener-el-certificado-de-estado-de-conservacion-ambiental-ceca.html HTTP/1.1" 200 873
172.22.2.4 - - [22/Sep/2023:14:06:09 -0500] "GET /BLA/boletinlegal/jurisprudencia/analisis/AnalisisT-146-16.docx HTTP/1.1" 304 -
172.22.2.4 - - [22/Sep/2023:14:06:16 -0500] "GET /BLA/boletinlegal/style.css HTTP/1.1" 200 9406
172.22.2.4 - - [22/Sep/2023:14:06:16 -0500] "GET /BLA/boletinlegal/styles2.css HTTP/1.1" 200 1838
172.22.2.4 - - [22/Sep/2023:14:06:16 -0500] "GET /BLA/boletinlegal/js/jquery.js HTTP/1.1" 200 57254
172.22.2.4 - - [22/Sep/2023:14:06:16 -0500] "GET /BLA/boletinlegal/js/jquery.scrollTo-min.js HTTP/1.1" 200 1150
172.22.2.4 - - [22/Sep/2023:14:06:16 -0500] "GET /BLA/boletinlegal/js/jquery.scrollShow.js HTTP/1.1" 200 4586
172.22.2.4 - - [22/Sep/2023:14:06:16 -0500] "GET /BLA/boletinlegal/images/cabezote%20BLEGAL.jpg HTTP/1.1" 200 118164
172.22.2.4 - - [22/Sep/2023:14:06:16 -0500] "GET /BLA/boletinlegal/images/subscribe-icon-big.png HTTP/1.1" 200 47702
172.22.2.4 - - [22/Sep/2023:14:06:16 -0500] "GET /BLA/boletinlegal/images/historia.png HTTP/1.1" 200 52775
172.22.2.4 - - [22/Sep/2023:14:06:16 -0500] "GET /BLA/boletinlegal/images/arr_l.jpg HTTP/1.1" 200 1979
172.22.2.4 - - [22/Sep/2023:14:06:16 -0500] "GET /BLA/boletinlegal/images/registro-usuarios.png HTTP/1.1" 200 8106
172.22.2.4 - - [22/Sep/2023:14:06:16 -0500] "GET /BLA/boletinlegal/images/body_bg.jpg HTTP/1.1" 200 1601
172.22.2.4 - - [22/Sep/2023:14:06:16 -0500] "GET /BLA/boletinlegal/images/menu_rght.gif HTTP/1.1" 200 1627
172.22.2.4 - - [22/Sep/2023:14:06:16 -0500] "GET /BLA/boletinlegal/images/menu_lft.gif HTTP/1.1" 200 1713
172.22.2.4 - - [22/Sep/2023:14:06:16 -0500] "GET /BLA/boletinlegal/images/menu_bg.jpg HTTP/1.1" 200 620
172.22.2.4 - - [22/Sep/2023:14:06:16 -0500] "GET /BLA/boletinlegal/images/text.jpg HTTP/1.1" 200 568
172.22.2.4 - - [22/Sep/2023:14:06:16 -0500] "GET /BLA/boletinlegal/images/hover.jpg HTTP/1.1" 200 640
172.22.2.4 - - [22/Sep/2023:14:06:16 -0500] "GET /BLA/boletinlegal/images/bg_top.jpg HTTP/1.1" 200 522
172.22.2.4 - - [22/Sep/2023:14:06:16 -0500] "GET /BLA/boletinlegal/images/screen_1.png HTTP/1.1" 200 202547
172.22.2.4 - - [22/Sep/2023:14:06:16 -0500] "GET /BLA/boletinlegal/images/launch.jpg HTTP/1.1" 200 14577
201.245.192.253 - - [22/Sep/2023:14:06:15 -0500] "POST /kwsrmcab/Wsrmcab  HTTP/1.1" 200 41265
172.22.2.4 - - [22/Sep/2023:14:06:25 -0500] "GET /BLA/boletinlegal/images/screen_2.png HTTP/1.1" 200 362502
172.22.2.4 - - [22/Sep/2023:14:06:25 -0500] "GET /BLA/boletinlegal/images/screen_3.png HTTP/1.1" 200 210620
172.22.2.4 - - [22/Sep/2023:14:06:25 -0500] "GET /BLA/boletinlegal/images/screen_5.png HTTP/1.1" 200 368876
172.22.2.4 - - [22/Sep/2023:14:06:25 -0500] "GET /BLA/boletinlegal/images/arr_r.jpg HTTP/1.1" 200 1998
172.22.2.4 - - [22/Sep/2023:14:06:25 -0500] "GET /BLA/boletinlegal/images/footer_bg.jpg HTTP/1.1" 200 586
172.22.2.4 - - [22/Sep/2023:14:06:32 -0500] "GET /BLA/boletinlegal/consulta_actos.php?tipo=autos&no=3076&usuario=&sector=&fecha=2023&resuelve= HTTP/1.1" 200 1090
172.22.2.4 - - [22/Sep/2023:14:04:59 -0500] "GET /BLA/boletinlegal/ HTTP/1.1" 200 51319
216.244.66.195 - - [22/Sep/2023:14:06:43 -0500] "GET /BLA/resoluciones/AUTOS%202021/1627.pdf HTTP/1.1" 200 411947
201.245.192.253 - - [22/Sep/2023:14:06:54 -0500] "POST /forms/lservlet;jsessionid=ac16012b30d69d644c52ab7640e8a350f59243e0b584.e3iSbxaKaheRe34Pbx8Nc3aQci1ynknvrkLOlQzNp65In0 HTTP/1.1" 200 2
172.22.2.4 - - [22/Sep/2023:14:06:59 -0500] "GET /BLA/boletinlegal/consulta_actos.php?tipo=autos&no=3080&usuario=&sector=&fecha=2023&resuelve= HTTP/1.1" 200 1078
138.201.157.89 - - [22/Sep/2023:14:07:00 -0500] "GET / HTTP/1.1" 200 319
172.22.2.4 - - [22/Sep/2023:14:06:16 -0500] "GET /BLA/boletinlegal/ HTTP/1.1" 200 32715
216.244.66.195 - - [22/Sep/2023:14:07:14 -0500] "GET /BLA/resoluciones/AUTOS%202021/2059.pdf HTTP/1.1" 200 361191
216.244.66.195 - - [22/Sep/2023:14:07:43 -0500] "GET /BLA/resoluciones/AUTOS%202021/2228.pdf HTTP/1.1" 200 1100413
172.22.2.4 - - [22/Sep/2023:14:07:47 -0500] "GET /BLA/boletinlegal/consulta_actos.php?tipo=autos&no=3082&usuario=&sector=&fecha=2023&resuelve= HTTP/1.1" 200 1082
190.90.94.115 - - [22/Sep/2023:14:07:56 -0500] "POST /sipse/faces/presentacion/financiero/solicitudAnulacion/registrarSolicitudAnulacion.xhtml HTTP/1.1" 200 47282
190.90.94.115 - - [22/Sep/2023:14:07:57 -0500] "GET /sipse/faces/javax.faces.resource/jquery/jquery.js?ln=primefaces&v=4.0 HTTP/1.1" 304 -
190.90.94.115 - - [22/Sep/2023:14:07:57 -0500] "GET /sipse/faces/javax.faces.resource/jquery/jquery-plugins.js?ln=primefaces&v=4.0 HTTP/1.1" 304 -
190.90.94.115 - - [22/Sep/2023:14:07:57 -0500] "GET /sipse/faces/javax.faces.resource/primefaces.js?ln=primefaces&v=4.0 HTTP/1.1" 304 -
190.90.94.115 - - [22/Sep/2023:14:07:57 -0500] "GET /sipse/faces/javax.faces.resource/layout/layout.js?ln=primefaces&v=4.0 HTTP/1.1" 304 -
201.245.192.253 - - [22/Sep/2023:14:08:02 -0500] "POST /forms/lservlet;jsessionid=ac16012b30d6f3f2d4db477e4781898ab9fb251252a5.e3iSbxaKaheRe34Pbx8Nc3aQci1ynknvrkLOlQzNp65In0 HTTP/1.1" 200 2
190.90.94.115 - - [22/Sep/2023:14:08:07 -0500] "POST /sipse/faces/presentacion/financiero/solicitudProceso/consultar.xhtml HTTP/1.1" 200 12857
168.119.253.85 - - [22/Sep/2023:14:08:12 -0500] "GET / HTTP/1.1" 200 319
216.244.66.195 - - [22/Sep/2023:14:08:12 -0500] "GET /BLA/resoluciones/AUTOS%202021/2694.pdf HTTP/1.1" 200 368144
172.22.2.4 - - [22/Sep/2023:14:08:13 -0500] "GET /BLA/boletinlegal/consulta_actos.php?tipo=autos&no=3086&usuario=&sector=&fecha=2023&resuelve= HTTP/1.1" 200 1081
216.244.66.195 - - [22/Sep/2023:14:08:40 -0500] "GET /BLA/resoluciones/AUTOS%202021/2756.pdf HTTP/1.1" 200 556865
190.90.94.115 - - [22/Sep/2023:14:08:41 -0500] "POST /sipse/faces/presentacion/financiero/solicitudProceso/consultar.xhtml HTTP/1.1" 200 57814
190.90.94.115 - - [22/Sep/2023:14:08:43 -0500] "GET /sipse/faces/javax.faces.resource/jquery/jquery.js?ln=primefaces&v=4.0 HTTP/1.1" 304 -
190.90.94.115 - - [22/Sep/2023:14:08:43 -0500] "GET /sipse/faces/javax.faces.resource/jquery/jquery-plugins.js?ln=primefaces&v=4.0 HTTP/1.1" 304 -
190.90.94.115 - - [22/Sep/2023:14:08:43 -0500] "GET /sipse/faces/javax.faces.resource/primefaces.js?ln=primefaces&v=4.0 HTTP/1.1" 304 -
190.90.94.115 - - [22/Sep/2023:14:08:43 -0500] "GET /sipse/faces/javax.faces.resource/layout/layout.js?ln=primefaces&v=4.0 HTTP/1.1" 304 -
190.90.94.115 - - [22/Sep/2023:14:08:43 -0500] "GET /sipse/faces/javax.faces.resource/fileupload/fileupload.js?ln=primefaces&v=4.0 HTTP/1.1" 200 28091
20.15.133.182 - - [22/Sep/2023:14:08:46 -0500] "GET /BLA/resoluciones/AUTOS%202023/3117.pdf HTTP/1.1" 200 4916070
201.245.192.253 - - [22/Sep/2023:14:08:54 -0500] "POST /forms/lservlet;jsessionid=ac16012b30d69d644c52ab7640e8a350f59243e0b584.e3iSbxaKaheRe34Pbx8Nc3aQci1ynknvrkLOlQzNp65In0 HTTP/1.1" 200 2
172.22.2.4 - - [22/Sep/2023:14:09:02 -0500] "GET /BLA/boletinlegal/consulta_actos.php?tipo=autos&no=3098&usuario=&sector=&fecha=2023&resuelve= HTTP/1.1" 200 1087
216.244.66.195 - - [22/Sep/2023:14:09:07 -0500] "GET /BLA/resoluciones/AUTOS%202021/2886.pdf HTTP/1.1" 200 2968215
172.22.2.4 - - [22/Sep/2023:14:09:35 -0500] "GET /BLA/boletinlegal/consulta_actos.php?tipo=autos&no=3099&usuario=&sector=&fecha=2023&resuelve= HTTP/1.1" 200 1088
216.244.66.195 - - [22/Sep/2023:14:09:40 -0500] "GET /BLA/resoluciones/AUTOS%202021/3063.pdf HTTP/1.1" 200 382785
52.167.144.235 - - [22/Sep/2023:14:09:46 -0500] "GET /BLA/resoluciones/RESOLUCIONES%202022/5143.pdf HTTP/1.1" 200 468686
201.245.192.253 - - [22/Sep/2023:14:10:02 -0500] "POST /forms/lservlet;jsessionid=ac16012b30d6f3f2d4db477e4781898ab9fb251252a5.e3iSbxaKaheRe34Pbx8Nc3aQci1ynknvrkLOlQzNp65In0 HTTP/1.1" 200 2
216.245.221.92 - - [22/Sep/2023:14:10:04 -0500] "HEAD / HTTP/1.1" 200 -
216.244.66.195 - - [22/Sep/2023:14:10:10 -0500] "GET /BLA/resoluciones/AUTOS%202021/3083.pdf HTTP/1.1" 200 432079
172.22.2.4 - - [22/Sep/2023:14:10:25 -0500] "GET /BLA/boletinlegal/consulta_actos.php?tipo=autos&no=3115&usuario=&sector=&fecha=2023&resuelve= HTTP/1.1" 200 1095
17.241.75.51 - - [22/Sep/2023:14:10:37 -0500] "GET /robots.txt HTTP/1.1" 404 1034
17.241.75.51 - - [22/Sep/2023:14:10:37 -0500] "GET /semana-bogota-reverdece-inventario-de-emisiones-de-gases-efecto-invernadero-2022-mostro-una-reduccion-de-19-8.html HTTP/1.1" 200 878
216.244.66.195 - - [22/Sep/2023:14:10:40 -0500] "GET /BLA/resoluciones/AUTOS%202021/3380.pdf HTTP/1.1" 200 393953
190.90.94.115 - - [22/Sep/2023:14:10:41 -0500] "POST /sipse/faces/presentacion/financiero/solicitudAnulacion/registrarSolicitudAnulacion.xhtml HTTP/1.1" 200 8115
201.245.192.253 - - [22/Sep/2023:14:10:54 -0500] "POST /forms/lservlet;jsessionid=ac16012b30d69d644c52ab7640e8a350f59243e0b584.e3iSbxaKaheRe34Pbx8Nc3aQci1ynknvrkLOlQzNp65In0 HTTP/1.1" 200 2
190.90.94.115 - - [22/Sep/2023:14:10:54 -0500] "POST /sipse/faces/presentacion/financiero/solicitudAnulacion/registrarSolicitudAnulacion.xhtml HTTP/1.1" 200 10164
172.22.2.4 - - [22/Sep/2023:14:11:11 -0500] "GET /BLA/boletinlegal/consulta_actos.php?tipo=autos&no=3117&usuario=&sector=&fecha=2023&resuelve= HTTP/1.1" 200 1095
201.245.192.253 - - [22/Sep/2023:14:11:13 -0500] "POST /kwsrmcab/Wsrmcab  HTTP/1.1" 200 41265
172.22.2.4 - - [22/Sep/2023:14:11:16 -0500] "GET /BLA/boletinlegal/consulta_actos.php?tipo=autos&no=3117&usuario=&sector=&fecha=2023&resuelve= HTTP/1.1" 200 1095
172.22.2.4 - - [22/Sep/2023:14:11:31 -0500] "GET /BLA/boletinlegal/consulta_actos.php?tipo=autos&no=3117&usuario=&sector=&fecha=2023&resuelve= HTTP/1.1" 200 1095
172.22.2.4 - - [22/Sep/2023:14:09:59 -0500] "HEAD /BLA/boletinlegal/ HTTP/1.1" 200 -
66.249.70.197 - - [22/Sep/2023:14:11:39 -0500] "HEAD /BLA/resoluciones/AUTOS%202008/0394.pdf HTTP/1.1" 200 -
172.22.2.4 - - [22/Sep/2023:14:11:39 -0500] "GET /BLA/boletinlegal/consulta_actos.php?tipo=autos&no=3117&usuario=&sector=&fecha=2023&resuelve= HTTP/1.1" 200 1095
66.249.70.196 - - [22/Sep/2023:14:11:40 -0500] "HEAD /BLA/resoluciones/RESOLUCIONES%202011/4771.pdf HTTP/1.1" 200 -
190.90.94.115 - - [22/Sep/2023:14:11:56 -0500] "GET /sipse/faces/javax.faces.resource/theme.css?ln=primefaces-sipse HTTP/1.1" 304 -
190.90.94.115 - - [22/Sep/2023:14:11:56 -0500] "GET /sipse/faces/javax.faces.resource/jquery/jquery.js?ln=primefaces&v=4.0 HTTP/1.1" 304 -
190.90.94.115 - - [22/Sep/2023:14:11:56 -0500] "GET /sipse/faces/javax.faces.resource/primefaces.css?ln=primefaces&v=4.0 HTTP/1.1" 304 -
190.90.94.115 - - [22/Sep/2023:14:11:56 -0500] "GET /sipse/faces/javax.faces.resource/jquery/jquery-plugins.js?ln=primefaces&v=4.0 HTTP/1.1" 304 -
190.90.94.115 - - [22/Sep/2023:14:11:56 -0500] "GET /sipse/faces/javax.faces.resource/layout/layout.css?ln=primefaces&v=4.0 HTTP/1.1" 304 -
190.90.94.115 - - [22/Sep/2023:14:11:56 -0500] "GET /sipse/faces/javax.faces.resource/primefaces.js?ln=primefaces&v=4.0 HTTP/1.1" 304 -
190.90.94.115 - - [22/Sep/2023:14:11:55 -0500] "POST /sipse/faces/presentacion/financiero/solicitudAnulacion/registrarSolicitudAnulacion.xhtml HTTP/1.1" 200 63714
190.90.94.115 - - [22/Sep/2023:14:11:56 -0500] "GET /sipse/faces/javax.faces.resource/layout/layout.js?ln=primefaces&v=4.0 HTTP/1.1" 304 -
190.90.94.115 - - [22/Sep/2023:14:11:56 -0500] "GET /sipse/faces/javax.faces.resource/fileupload/fileupload.js?ln=primefaces&v=4.0 HTTP/1.1" 304 -
190.90.94.115 - - [22/Sep/2023:14:11:56 -0500] "GET /sipse/faces/javax.faces.resource/fileupload/fileupload.css?ln=primefaces&v=4.0 HTTP/1.1" 200 1330
190.90.94.115 - - [22/Sep/2023:14:11:57 -0500] "GET /sipse/faces/javax.faces.resource/images/ui-icons_898989_256x240.png?ln=primefaces-aristo HTTP/1.1" 304 -
190.90.94.115 - - [22/Sep/2023:14:11:57 -0500] "GET /sipse/faces/javax.faces.resource/messages/messages.png?ln=primefaces&v=4.0 HTTP/1.1" 200 27209
201.245.192.253 - - [22/Sep/2023:14:12:02 -0500] "POST /forms/lservlet;jsessionid=ac16012b30d6f3f2d4db477e4781898ab9fb251252a5.e3iSbxaKaheRe34Pbx8Nc3aQci1ynknvrkLOlQzNp65In0 HTTP/1.1" 200 2
172.22.2.4 - - [22/Sep/2023:14:12:13 -0500] "GET /BLA/boletinlegal/consulta_actos.php?tipo=autos&no=3117&usuario=&sector=&fecha=2023&resuelve= HTTP/1.1" 200 1095
172.22.2.4 - - [22/Sep/2023:14:10:49 -0500] "GET /BLA/boletinlegal/ HTTP/1.1" 200 58187
66.249.66.193 - - [22/Sep/2023:14:12:31 -0500] "GET /mas-de-70-aves-de-corral-y-de-especies-no-convencionales-encontraron-un-hogar.html HTTP/1.1" 200 847
201.245.192.253 - - [22/Sep/2023:14:12:54 -0500] "POST /forms/lservlet;jsessionid=ac16012b30d69d644c52ab7640e8a350f59243e0b584.e3iSbxaKaheRe34Pbx8Nc3aQci1ynknvrkLOlQzNp65In0 HTTP/1.1" 200 2
190.90.94.115 - - [22/Sep/2023:14:13:12 -0500] "GET /sipse/faces/javax.faces.resource/theme.css?ln=primefaces-sipse HTTP/1.1" 304 -
190.90.94.115 - - [22/Sep/2023:14:13:12 -0500] "GET /sipse/faces/javax.faces.resource/primefaces.css?ln=primefaces&v=4.0 HTTP/1.1" 304 -
190.90.94.115 - - [22/Sep/2023:14:13:12 -0500] "GET /sipse/faces/javax.faces.resource/jquery/jquery-plugins.js?ln=primefaces&v=4.0 HTTP/1.1" 304 -
190.90.94.115 - - [22/Sep/2023:14:13:12 -0500] "GET /sipse/faces/javax.faces.resource/layout/layout.css?ln=primefaces&v=4.0 HTTP/1.1" 304 -
190.90.94.115 - - [22/Sep/2023:14:13:12 -0500] "GET /sipse/faces/javax.faces.resource/jquery/jquery.js?ln=primefaces&v=4.0 HTTP/1.1" 304 -
190.90.94.115 - - [22/Sep/2023:14:13:12 -0500] "GET /sipse/faces/javax.faces.resource/primefaces.js?ln=primefaces&v=4.0 HTTP/1.1" 304 -
190.90.94.115 - - [22/Sep/2023:14:13:12 -0500] "GET /sipse/faces/javax.faces.resource/fileupload/fileupload.css?ln=primefaces&v=4.0 HTTP/1.1" 304 -
190.90.94.115 - - [22/Sep/2023:14:13:12 -0500] "GET /sipse/faces/javax.faces.resource/fileupload/fileupload.js?ln=primefaces&v=4.0 HTTP/1.1" 304 -
190.90.94.115 - - [22/Sep/2023:14:13:12 -0500] "GET /sipse/faces/javax.faces.resource/layout/layout.js?ln=primefaces&v=4.0 HTTP/1.1" 304 -
190.90.94.115 - - [22/Sep/2023:14:13:11 -0500] "POST /sipse/faces/presentacion/financiero/solicitudAnulacion/registrarSolicitudAnulacion.xhtml HTTP/1.1" 200 66216
190.90.94.115 - - [22/Sep/2023:14:13:13 -0500] "GET /sipse/faces/javax.faces.resource/images/ui-icons_898989_256x240.png?ln=primefaces-aristo HTTP/1.1" 304 -
172.22.2.4 - - [22/Sep/2023:14:13:24 -0500] "GET /BLA/boletinlegal/consulta_actos.php?tipo=autos&no=3118&usuario=&sector=&fecha=2023&resuelve= HTTP/1.1" 200 1095
190.90.94.115 - - [22/Sep/2023:14:13:31 -0500] "GET /sipse/faces/javax.faces.resource/theme.css?ln=primefaces-sipse HTTP/1.1" 304 -
190.90.94.115 - - [22/Sep/2023:14:13:30 -0500] "POST /sipse/faces/presentacion/financiero/solicitudAnulacion/registrarSolicitudAnulacion.xhtml HTTP/1.1" 200 69272
190.90.94.115 - - [22/Sep/2023:14:13:31 -0500] "GET /sipse/faces/javax.faces.resource/jquery/jquery-plugins.js?ln=primefaces&v=4.0 HTTP/1.1" 304 -
190.90.94.115 - - [22/Sep/2023:14:13:31 -0500] "GET /sipse/faces/javax.faces.resource/primefaces.css?ln=primefaces&v=4.0 HTTP/1.1" 304 -
190.90.94.115 - - [22/Sep/2023:14:13:31 -0500] "GET /sipse/faces/javax.faces.resource/jquery/jquery.js?ln=primefaces&v=4.0 HTTP/1.1" 304 -
190.90.94.115 - - [22/Sep/2023:14:13:31 -0500] "GET /sipse/faces/javax.faces.resource/layout/layout.css?ln=primefaces&v=4.0 HTTP/1.1" 304 -
190.90.94.115 - - [22/Sep/2023:14:13:31 -0500] "GET /sipse/faces/javax.faces.resource/primefaces.js?ln=primefaces&v=4.0 HTTP/1.1" 304 -
190.90.94.115 - - [22/Sep/2023:14:13:31 -0500] "GET /sipse/faces/javax.faces.resource/fileupload/fileupload.css?ln=primefaces&v=4.0 HTTP/1.1" 304 -
190.90.94.115 - - [22/Sep/2023:14:13:31 -0500] "GET /sipse/faces/javax.faces.resource/layout/layout.js?ln=primefaces&v=4.0 HTTP/1.1" 304 -
190.90.94.115 - - [22/Sep/2023:14:13:31 -0500] "GET /sipse/faces/javax.faces.resource/fileupload/fileupload.js?ln=primefaces&v=4.0 HTTP/1.1" 304 -
190.90.94.115 - - [22/Sep/2023:14:13:32 -0500] "GET /sipse/faces/javax.faces.resource/images/ui-icons_898989_256x240.png?ln=primefaces-aristo HTTP/1.1" 304 -
172.22.2.4 - - [22/Sep/2023:14:13:34 -0500] "GET /BLA/boletinlegal/consulta_actos.php?tipo=autos&no=3119&usuario=&sector=&fecha=2023&resuelve= HTTP/1.1" 200 1192
201.245.192.253 - - [22/Sep/2023:14:13:38 -0500] "GET /BLA/resoluciones/index.php?dir=RESOLUCIONES+2011%2F HTTP/1.1" 200 746992
190.90.94.115 - - [22/Sep/2023:14:13:41 -0500] "POST /sipse/faces/presentacion/financiero/solicitudAnulacion/registrarSolicitudAnulacion.xhtml HTTP/1.1" 200 72333
190.90.94.115 - - [22/Sep/2023:14:13:42 -0500] "GET /sipse/faces/javax.faces.resource/theme.css?ln=primefaces-sipse HTTP/1.1" 304 -
190.90.94.115 - - [22/Sep/2023:14:13:42 -0500] "GET /sipse/faces/javax.faces.resource/primefaces.css?ln=primefaces&v=4.0 HTTP/1.1" 304 -
190.90.94.115 - - [22/Sep/2023:14:13:42 -0500] "GET /sipse/faces/javax.faces.resource/layout/layout.css?ln=primefaces&v=4.0 HTTP/1.1" 304 -
190.90.94.115 - - [22/Sep/2023:14:13:42 -0500] "GET /sipse/faces/javax.faces.resource/jquery/jquery.js?ln=primefaces&v=4.0 HTTP/1.1" 304 -
190.90.94.115 - - [22/Sep/2023:14:13:42 -0500] "GET /sipse/faces/javax.faces.resource/jquery/jquery-plugins.js?ln=primefaces&v=4.0 HTTP/1.1" 304 -
190.90.94.115 - - [22/Sep/2023:14:13:42 -0500] "GET /sipse/faces/javax.faces.resource/primefaces.js?ln=primefaces&v=4.0 HTTP/1.1" 304 -
190.90.94.115 - - [22/Sep/2023:14:13:42 -0500] "GET /sipse/faces/javax.faces.resource/fileupload/fileupload.js?ln=primefaces&v=4.0 HTTP/1.1" 304 -
190.90.94.115 - - [22/Sep/2023:14:13:42 -0500] "GET /sipse/faces/javax.faces.resource/layout/layout.js?ln=primefaces&v=4.0 HTTP/1.1" 304 -
190.90.94.115 - - [22/Sep/2023:14:13:42 -0500] "GET /sipse/faces/javax.faces.resource/fileupload/fileupload.css?ln=primefaces&v=4.0 HTTP/1.1" 304 -
190.90.94.115 - - [22/Sep/2023:14:13:42 -0500] "GET /sipse/faces/javax.faces.resource/images/ui-icons_898989_256x240.png?ln=primefaces-aristo HTTP/1.1" 304 -
201.245.192.253 - - [22/Sep/2023:14:13:43 -0500] "GET /BLA/resoluciones/index.php?dir=RESOLUCIONES+2011%2F HTTP/1.1" 200 746992
172.22.2.4 - - [22/Sep/2023:14:13:45 -0500] "GET /BLA/boletinlegal/consulta_actos.php?tipo=autos&no=3120&usuario=&sector=&fecha=2023&resuelve= HTTP/1.1" 200 1084
201.245.192.253 - - [22/Sep/2023:14:14:02 -0500] "POST /forms/lservlet;jsessionid=ac16012b30d6f3f2d4db477e4781898ab9fb251252a5.e3iSbxaKaheRe34Pbx8Nc3aQci1ynknvrkLOlQzNp65In0 HTTP/1.1" 200 2
201.245.192.253 - - [22/Sep/2023:14:14:09 -0500] "GET /BLA/resoluciones/index.php?dir=AUTOS+2011%2F HTTP/1.1" 200 636751
190.90.94.115 - - [22/Sep/2023:14:14:23 -0500] "GET /sipse/faces/javax.faces.resource/theme.css?ln=primefaces-sipse HTTP/1.1" 304 -
190.90.94.115 - - [22/Sep/2023:14:14:23 -0500] "GET /sipse/faces/javax.faces.resource/primefaces.css?ln=primefaces&v=4.0 HTTP/1.1" 304 -
190.90.94.115 - - [22/Sep/2023:14:14:23 -0500] "GET /sipse/faces/javax.faces.resource/layout/layout.css?ln=primefaces&v=4.0 HTTP/1.1" 304 -
190.90.94.115 - - [22/Sep/2023:14:14:23 -0500] "GET /sipse/faces/javax.faces.resource/jquery/jquery-plugins.js?ln=primefaces&v=4.0 HTTP/1.1" 304 -
190.90.94.115 - - [22/Sep/2023:14:14:23 -0500] "GET /sipse/faces/javax.faces.resource/jquery/jquery.js?ln=primefaces&v=4.0 HTTP/1.1" 304 -
190.90.94.115 - - [22/Sep/2023:14:14:23 -0500] "GET /sipse/faces/javax.faces.resource/primefaces.js?ln=primefaces&v=4.0 HTTP/1.1" 304 -
190.90.94.115 - - [22/Sep/2023:14:14:22 -0500] "POST /sipse/faces/presentacion/financiero/solicitudAnulacion/registrarSolicitudAnulacion.xhtml HTTP/1.1" 200 75324
190.90.94.115 - - [22/Sep/2023:14:14:23 -0500] "GET /sipse/faces/javax.faces.resource/fileupload/fileupload.js?ln=primefaces&v=4.0 HTTP/1.1" 304 -
190.90.94.115 - - [22/Sep/2023:14:14:23 -0500] "GET /sipse/faces/javax.faces.resource/layout/layout.js?ln=primefaces&v=4.0 HTTP/1.1" 304 -
190.90.94.115 - - [22/Sep/2023:14:14:23 -0500] "GET /sipse/faces/javax.faces.resource/fileupload/fileupload.css?ln=primefaces&v=4.0 HTTP/1.1" 304 -
190.90.94.115 - - [22/Sep/2023:14:14:23 -0500] "GET /sipse/faces/javax.faces.resource/images/ui-icons_898989_256x240.png?ln=primefaces-aristo HTTP/1.1" 304 -
172.22.2.4 - - [22/Sep/2023:14:14:32 -0500] "GET /BLA/boletinlegal/consulta_actos.php?tipo=autos&no=3121&usuario=&sector=&fecha=2023&resuelve= HTTP/1.1" 200 1068
190.90.94.115 - - [22/Sep/2023:14:14:49 -0500] "GET /sipse/faces/javax.faces.resource/images/ui-bg_flat_0_2d5972_40x100.png?ln=primefaces-aristo HTTP/1.1" 304 -
190.90.94.115 - - [22/Sep/2023:14:14:49 -0500] "POST /sipse/faces/presentacion/financiero/solicitudAnulacion/registrarSolicitudAnulacion.xhtml HTTP/1.1" 200 35717
190.90.94.115 - - [22/Sep/2023:14:14:53 -0500] "GET /sipse/faces/javax.faces.resource/jquery/jquery.js?ln=primefaces&v=4.0 HTTP/1.1" 304 -
190.90.94.115 - - [22/Sep/2023:14:14:53 -0500] "GET /sipse/faces/javax.faces.resource/jquery/jquery-plugins.js?ln=primefaces&v=4.0 HTTP/1.1" 304 -
190.90.94.115 - - [22/Sep/2023:14:14:53 -0500] "GET /sipse/faces/javax.faces.resource/primefaces.js?ln=primefaces&v=4.0 HTTP/1.1" 304 -
190.90.94.115 - - [22/Sep/2023:14:14:53 -0500] "GET /sipse/faces/javax.faces.resource/layout/layout.js?ln=primefaces&v=4.0 HTTP/1.1" 304 -
190.90.94.115 - - [22/Sep/2023:14:14:53 -0500] "GET /sipse/faces/javax.faces.resource/messages/messages.png?ln=primefaces&v=4.0 HTTP/1.1" 304 -
201.245.192.253 - - [22/Sep/2023:14:14:54 -0500] "POST /forms/lservlet;jsessionid=ac16012b30d69d644c52ab7640e8a350f59243e0b584.e3iSbxaKaheRe34Pbx8Nc3aQci1ynknvrkLOlQzNp65In0 HTTP/1.1" 200 2
190.90.94.115 - - [22/Sep/2023:14:14:54 -0500] "POST /sipse/faces/presentacion/financiero/solicitudAnulacion/solicitudAnulacion.xhtml HTTP/1.1" 200 21588
216.245.221.92 - - [22/Sep/2023:14:15:04 -0500] "HEAD / HTTP/1.1" 200 -
190.90.94.115 - - [22/Sep/2023:14:15:27 -0500] "POST /sipse/faces/presentacion/financiero/solicitudAnulacion/solicitudAnulacion.xhtml HTTP/1.1" 200 63956
190.90.94.115 - - [22/Sep/2023:14:15:28 -0500] "GET /sipse/faces/javax.faces.resource/jquery/jquery.js?ln=primefaces&v=4.0 HTTP/1.1" 304 -
190.90.94.115 - - [22/Sep/2023:14:15:28 -0500] "GET /sipse/faces/javax.faces.resource/jquery/jquery-plugins.js?ln=primefaces&v=4.0 HTTP/1.1" 304 -
190.90.94.115 - - [22/Sep/2023:14:15:28 -0500] "GET /sipse/faces/javax.faces.resource/primefaces.js?ln=primefaces&v=4.0 HTTP/1.1" 304 -
190.90.94.115 - - [22/Sep/2023:14:15:28 -0500] "GET /sipse/faces/javax.faces.resource/layout/layout.js?ln=primefaces&v=4.0 HTTP/1.1" 304 -
190.90.94.115 - - [22/Sep/2023:14:15:28 -0500] "GET /sipse/faces/javax.faces.resource/fileupload/fileupload.js?ln=primefaces&v=4.0 HTTP/1.1" 304 -
216.244.66.195 - - [22/Sep/2023:14:15:29 -0500] "GET /robots.txt HTTP/1.1" 404 1018
172.22.2.4 - - [22/Sep/2023:14:15:33 -0500] "GET /BLA/boletinlegal/consulta_actos.php?tipo=autos&no=3175&usuario=&sector=&fecha=2023&resuelve= HTTP/1.1" 200 1095
190.90.94.115 - - [22/Sep/2023:14:15:45 -0500] "POST /sipse/faces/presentacion/financiero/solicitudAnulacion/registrarSolicitudAnulacion.xhtml HTTP/1.1" 200 3184
190.90.94.115 - - [22/Sep/2023:14:15:52 -0500] "POST /sipse/faces/presentacion/financiero/solicitudAnulacion/registrarSolicitudAnulacion.xhtml HTTP/1.1" 200 35758
190.90.94.115 - - [22/Sep/2023:14:15:54 -0500] "GET /sipse/faces/javax.faces.resource/jquery/jquery.js?ln=primefaces&v=4.0 HTTP/1.1" 304 -
190.90.94.115 - - [22/Sep/2023:14:15:54 -0500] "GET /sipse/faces/javax.faces.resource/jquery/jquery-plugins.js?ln=primefaces&v=4.0 HTTP/1.1" 304 -
190.90.94.115 - - [22/Sep/2023:14:15:54 -0500] "GET /sipse/faces/javax.faces.resource/primefaces.js?ln=primefaces&v=4.0 HTTP/1.1" 304 -
190.90.94.115 - - [22/Sep/2023:14:15:55 -0500] "GET /sipse/faces/javax.faces.resource/layout/layout.js?ln=primefaces&v=4.0 HTTP/1.1" 304 -
190.90.94.115 - - [22/Sep/2023:14:15:55 -0500] "POST /sipse/faces/presentacion/financiero/solicitudAnulacion/solicitudAnulacion.xhtml HTTP/1.1" 200 21601
172.22.2.4 - - [22/Sep/2023:14:15:57 -0500] "GET /BLA/boletinlegal/consulta_actos.php?tipo=autos&no=3192&usuario=&sector=&fecha=2023&resuelve= HTTP/1.1" 200 1096
201.245.192.253 - - [22/Sep/2023:14:16:02 -0500] "POST /forms/lservlet;jsessionid=ac16012b30d6f3f2d4db477e4781898ab9fb251252a5.e3iSbxaKaheRe34Pbx8Nc3aQci1ynknvrkLOlQzNp65In0 HTTP/1.1" 200 2
201.245.192.253 - - [22/Sep/2023:14:16:12 -0500] "POST /kwsrmcab/Wsrmcab  HTTP/1.1" 200 41265
191.156.179.223 - - [22/Sep/2023:14:16:32 -0500] "POST /sipse/faces/presentacion/financiero/solicitudProceso/consultarSolicitudProceso.xhtml HTTP/1.1" 200 36787
191.156.179.223 - - [22/Sep/2023:14:16:33 -0500] "GET /sipse/faces/javax.faces.resource/theme.css?ln=primefaces-sipse HTTP/1.1" 304 -
191.156.179.223 - - [22/Sep/2023:14:16:33 -0500] "GET /sipse/faces/javax.faces.resource/jquery/jquery.js?ln=primefaces&v=4.0 HTTP/1.1" 304 -
191.156.176.63 - - [22/Sep/2023:14:16:33 -0500] "GET /sipse/faces/javax.faces.resource/primefaces.css?ln=primefaces&v=4.0 HTTP/1.1" 304 -
191.156.179.223 - - [22/Sep/2023:14:16:33 -0500] "GET /sipse/faces/javax.faces.resource/layout/layout.css?ln=primefaces&v=4.0 HTTP/1.1" 304 -
191.156.176.63 - - [22/Sep/2023:14:16:33 -0500] "GET /sipse/faces/javax.faces.resource/jquery/jquery-plugins.js?ln=primefaces&v=4.0 HTTP/1.1" 304 -
191.156.176.63 - - [22/Sep/2023:14:16:33 -0500] "GET /sipse/faces/javax.faces.resource/primefaces.js?ln=primefaces&v=4.0 HTTP/1.1" 304 -
191.156.176.63 - - [22/Sep/2023:14:16:33 -0500] "GET /sipse/faces/javax.faces.resource/layout/layout.js?ln=primefaces&v=4.0 HTTP/1.1" 304 -
191.156.176.63 - - [22/Sep/2023:14:16:33 -0500] "POST /sipse/faces/presentacion/financiero/solicitudProceso/listarSolicitudProceso.xhtml HTTP/1.1" 200 30115
191.156.176.63 - - [22/Sep/2023:14:16:34 -0500] "POST /sipse/faces/presentacion/financiero/solicitudProceso/listarSolicitudProceso.xhtml HTTP/1.1" 200 30115
191.156.176.63 - - [22/Sep/2023:14:16:35 -0500] "POST /sipse/faces/presentacion/financiero/solicitudProceso/listarSolicitudProceso.xhtml HTTP/1.1" 200 1404
191.156.176.63 - - [22/Sep/2023:14:16:35 -0500] "POST /sipse/faces/presentacion/financiero/solicitudProceso/listarSolicitudProceso.xhtml HTTP/1.1" 200 1384
191.156.176.63 - - [22/Sep/2023:14:16:35 -0500] "POST /sipse/faces/presentacion/financiero/solicitudProceso/listarSolicitudProceso.xhtml HTTP/1.1" 200 1404
191.156.176.63 - - [22/Sep/2023:14:16:38 -0500] "POST /sipse/faces/presentacion/financiero/solicitudProceso/listarSolicitudProceso.xhtml HTTP/1.1" 200 2693
191.156.176.63 - - [22/Sep/2023:14:16:38 -0500] "POST /sipse/faces/presentacion/financiero/solicitudProceso/listarSolicitudProceso.xhtml HTTP/1.1" 200 40799
191.156.176.63 - - [22/Sep/2023:14:16:39 -0500] "GET /sipse/faces/javax.faces.resource/theme.css?ln=primefaces-sipse HTTP/1.1" 304 -
191.156.176.63 - - [22/Sep/2023:14:16:39 -0500] "GET /sipse/faces/javax.faces.resource/primefaces.css?ln=primefaces&v=4.0 HTTP/1.1" 304 -
191.156.191.77 - - [22/Sep/2023:14:16:39 -0500] "GET /sipse/faces/javax.faces.resource/jquery/jquery.js?ln=primefaces&v=4.0 HTTP/1.1" 304 -
191.156.179.223 - - [22/Sep/2023:14:16:39 -0500] "GET /sipse/faces/javax.faces.resource/layout/layout.css?ln=primefaces&v=4.0 HTTP/1.1" 304 -
191.156.191.77 - - [22/Sep/2023:14:16:39 -0500] "GET /sipse/faces/javax.faces.resource/jquery/jquery-plugins.js?ln=primefaces&v=4.0 HTTP/1.1" 304 -
191.156.191.77 - - [22/Sep/2023:14:16:39 -0500] "GET /sipse/faces/javax.faces.resource/primefaces.js?ln=primefaces&v=4.0 HTTP/1.1" 304 -
191.156.191.77 - - [22/Sep/2023:14:16:39 -0500] "GET /sipse/faces/javax.faces.resource/layout/layout.js?ln=primefaces&v=4.0 HTTP/1.1" 304 -
191.156.191.77 - - [22/Sep/2023:14:16:39 -0500] "POST /sipse/faces/presentacion/financiero/solicitudProceso/consultar.xhtml HTTP/1.1" 200 34153
191.156.191.77 - - [22/Sep/2023:14:16:40 -0500] "POST /sipse/faces/presentacion/financiero/solicitudProceso/consultar.xhtml HTTP/1.1" 200 34153
191.156.191.77 - - [22/Sep/2023:14:16:41 -0500] "POST /sipse/faces/presentacion/financiero/solicitudProceso/consultar.xhtml HTTP/1.1" 200 34153
172.22.2.4 - - [22/Sep/2023:14:16:43 -0500] "GET /BLA/boletinlegal/consulta_actos.php?tipo=autos&no=3193&usuario=&sector=&fecha=2023&resuelve= HTTP/1.1" 200 1086
191.156.191.77 - - [22/Sep/2023:14:16:43 -0500] "POST /sipse/faces/presentacion/financiero/solicitudProceso/consultar.xhtml HTTP/1.1" 200 12802
191.156.191.77 - - [22/Sep/2023:14:16:46 -0500] "POST /sipse/faces/presentacion/financiero/solicitudProceso/consultar.xhtml HTTP/1.1" 200 170499
191.156.176.63 - - [22/Sep/2023:14:16:47 -0500] "GET /sipse/faces/javax.faces.resource/layout/layout.css?ln=primefaces&v=4.0 HTTP/1.1" 304 -
191.156.191.77 - - [22/Sep/2023:14:16:47 -0500] "GET /sipse/faces/javax.faces.resource/theme.css?ln=primefaces-sipse HTTP/1.1" 304 -
191.156.176.63 - - [22/Sep/2023:14:16:47 -0500] "GET /sipse/faces/javax.faces.resource/primefaces.css?ln=primefaces&v=4.0 HTTP/1.1" 304 -
191.156.179.223 - - [22/Sep/2023:14:16:47 -0500] "GET /sipse/faces/javax.faces.resource/jquery/jquery.js?ln=primefaces&v=4.0 HTTP/1.1" 304 -
191.156.179.223 - - [22/Sep/2023:14:16:47 -0500] "GET /sipse/faces/javax.faces.resource/jquery/jquery-plugins.js?ln=primefaces&v=4.0 HTTP/1.1" 304 -
191.156.179.223 - - [22/Sep/2023:14:16:48 -0500] "GET /sipse/faces/javax.faces.resource/primefaces.js?ln=primefaces&v=4.0 HTTP/1.1" 304 -
191.156.179.223 - - [22/Sep/2023:14:16:48 -0500] "GET /sipse/faces/javax.faces.resource/layout/layout.js?ln=primefaces&v=4.0 HTTP/1.1" 304 -
201.245.192.253 - - [22/Sep/2023:14:16:54 -0500] "POST /forms/lservlet;jsessionid=ac16012b30d69d644c52ab7640e8a350f59243e0b584.e3iSbxaKaheRe34Pbx8Nc3aQci1ynknvrkLOlQzNp65In0 HTTP/1.1" 200 2
52.167.144.217 - - [22/Sep/2023:14:17:07 -0500] "GET /BLA/resoluciones/AUTOS%202023/1726.pdf HTTP/1.1" 200 440583
172.22.2.4 - - [22/Sep/2023:14:17:16 -0500] "GET /BLA/boletinlegal/consulta_actos.php?tipo=autos&no=3210&usuario=&sector=&fecha=2023&resuelve= HTTP/1.1" 200 1088
172.22.2.4 - - [22/Sep/2023:14:15:49 -0500] "HEAD /BLA/boletinlegal/ HTTP/1.1" 200 -
191.156.184.46 - - [22/Sep/2023:14:17:30 -0500] "POST /sipse/faces/presentacion/financiero/solicitudProceso/consultarSolicitudProceso.xhtml HTTP/1.1" 200 902605
201.245.192.253 - - [22/Sep/2023:14:17:42 -0500] "POST /kwsrmcab/Wsrmcab HTTP/1.1" 200 41238
201.245.192.253 - - [22/Sep/2023:14:17:45 -0500] "POST /kwsrmcab/Wsrmcab HTTP/1.1" 200 41691
172.22.2.4 - - [22/Sep/2023:14:18:01 -0500] "GET /BLA/boletinlegal/consulta_actos.php?tipo=autos&no=3211&usuario=&sector=&fecha=2023&resuelve= HTTP/1.1" 200 1083
201.245.192.253 - - [22/Sep/2023:14:18:02 -0500] "POST /forms/lservlet;jsessionid=ac16012b30d6f3f2d4db477e4781898ab9fb251252a5.e3iSbxaKaheRe34Pbx8Nc3aQci1ynknvrkLOlQzNp65In0 HTTP/1.1" 200 2
172.22.2.4 - - [22/Sep/2023:14:16:39 -0500] "GET /BLA/boletinlegal/ HTTP/1.1" 200 58187
191.156.182.223 - - [22/Sep/2023:14:18:21 -0500] "POST /sipse/faces/presentacion/financiero/solicitudProceso/consultarSolicitudProceso.xhtml HTTP/1.1" 200 5510
172.22.2.4 - - [22/Sep/2023:14:18:52 -0500] "GET /BLA/boletinlegal/consulta_actos.php?tipo=autos&no=3220&usuario=&sector=&fecha=2023&resuelve= HTTP/1.1" 200 1100
201.245.192.253 - - [22/Sep/2023:14:18:54 -0500] "POST /forms/lservlet;jsessionid=ac16012b30d69d644c52ab7640e8a350f59243e0b584.e3iSbxaKaheRe34Pbx8Nc3aQci1ynknvrkLOlQzNp65In0 HTTP/1.1" 200 2
191.156.186.4 - - [22/Sep/2023:14:19:19 -0500] "POST /sipse/faces/presentacion/financiero/solicitudProceso/consultarSolicitudProceso.xhtml HTTP/1.1" 200 100503
172.22.2.4 - - [22/Sep/2023:14:19:39 -0500] "GET /BLA/boletinlegal/consulta_actos.php?tipo=autos&no=3226&usuario=&sector=&fecha=2023&resuelve= HTTP/1.1" 200 1083
201.245.192.253 - - [22/Sep/2023:14:20:02 -0500] "POST /forms/lservlet;jsessionid=ac16012b30d6f3f2d4db477e4781898ab9fb251252a5.e3iSbxaKaheRe34Pbx8Nc3aQci1ynknvrkLOlQzNp65In0 HTTP/1.1" 200 2
216.245.221.92 - - [22/Sep/2023:14:20:04 -0500] "HEAD / HTTP/1.1" 200 -
201.245.192.253 - - [22/Sep/2023:14:20:07 -0500] "POST /sipse/faces/presentacion/financiero/solicitudProceso/solicitudProcesoOtrosPagos.xhtml HTTP/1.1" 200 38837
201.245.192.253 - - [22/Sep/2023:14:20:08 -0500] "GET /sipse/faces/javax.faces.resource/jquery/jquery.js?ln=primefaces&v=4.0 HTTP/1.1" 304 -
201.245.192.253 - - [22/Sep/2023:14:20:08 -0500] "GET /sipse/faces/javax.faces.resource/jquery/jquery-plugins.js?ln=primefaces&v=4.0 HTTP/1.1" 304 -
201.245.192.253 - - [22/Sep/2023:14:20:08 -0500] "GET /sipse/faces/javax.faces.resource/primefaces.js?ln=primefaces&v=4.0 HTTP/1.1" 304 -
201.245.192.253 - - [22/Sep/2023:14:20:08 -0500] "GET /sipse/faces/javax.faces.resource/layout/layout.js?ln=primefaces&v=4.0 HTTP/1.1" 304 -
201.245.192.253 - - [22/Sep/2023:14:20:08 -0500] "GET /sipse/faces/javax.faces.resource/jsf.js?ln=javax.faces&stage=Development HTTP/1.1" 304 -
201.245.192.253 - - [22/Sep/2023:14:20:08 -0500] "GET /sipse/faces/javax.faces.resource/fileupload/fileupload.js?ln=primefaces&v=4.0 HTTP/1.1" 304 -
201.245.192.253 - - [22/Sep/2023:14:20:13 -0500] "POST /sipse/faces/presentacion/financiero/solicitudProceso/registroSolicitudProcesoOtrosPagos.xhtml HTTP/1.1" 200 1876
172.22.2.4 - - [22/Sep/2023:14:18:51 -0500] "GET /BLA/boletinlegal/ HTTP/1.1" 200 62795
172.22.2.4 - - [22/Sep/2023:14:20:31 -0500] "GET /BLA/boletinlegal/consulta_actos.php?tipo=autos&no=3232&usuario=&sector=&fecha=2023&resuelve= HTTP/1.1" 200 1096
201.245.192.253 - - [22/Sep/2023:14:20:45 -0500] "POST /sipse/faces/presentacion/financiero/solicitudProceso/registroSolicitudProcesoOtrosPagos.xhtml HTTP/1.1" 200 1900
201.245.192.253 - - [22/Sep/2023:14:20:54 -0500] "POST /forms/lservlet;jsessionid=ac16012b30d69d644c52ab7640e8a350f59243e0b584.e3iSbxaKaheRe34Pbx8Nc3aQci1ynknvrkLOlQzNp65In0 HTTP/1.1" 200 2
201.245.192.253 - - [22/Sep/2023:14:21:13 -0500] "POST /sipse/faces/presentacion/financiero/solicitudProceso/registroSolicitudProcesoOtrosPagos.xhtml HTTP/1.1" 200 1900
201.245.192.253 - - [22/Sep/2023:14:21:11 -0500] "POST /kwsrmcab/Wsrmcab  HTTP/1.1" 200 41265
172.22.2.4 - - [22/Sep/2023:14:21:17 -0500] "GET /BLA/boletinlegal/consulta_actos.php?tipo=autos&no=3250&usuario=&sector=&fecha=2023&resuelve= HTTP/1.1" 200 1084
201.245.192.253 - - [22/Sep/2023:14:21:25 -0500] "POST /sipse/faces/presentacion/financiero/solicitudProceso/listarSolicitudProceso.xhtml HTTP/1.1" 200 117649
201.245.192.253 - - [22/Sep/2023:14:21:26 -0500] "GET /sipse/faces/javax.faces.resource/theme.css?ln=primefaces-sipse HTTP/1.1" 304 -
201.245.192.253 - - [22/Sep/2023:14:21:26 -0500] "GET /sipse/faces/javax.faces.resource/primefaces.css?ln=primefaces&v=4.0 HTTP/1.1" 304 -
201.245.192.253 - - [22/Sep/2023:14:21:26 -0500] "GET /sipse/faces/javax.faces.resource/layout/layout.css?ln=primefaces&v=4.0 HTTP/1.1" 304 -
201.245.192.253 - - [22/Sep/2023:14:21:26 -0500] "GET /sipse/css/imagen/contrasena.png HTTP/1.1" 404 383
201.245.192.253 - - [22/Sep/2023:14:21:26 -0500] "GET /sipse/faces/javax.faces.resource/jquery/jquery.js?ln=primefaces&v=4.0 HTTP/1.1" 304 -
201.245.192.253 - - [22/Sep/2023:14:21:26 -0500] "GET /sipse/faces/javax.faces.resource/jquery/jquery-plugins.js?ln=primefaces&v=4.0 HTTP/1.1" 304 -
201.245.192.253 - - [22/Sep/2023:14:21:26 -0500] "GET /sipse/faces/javax.faces.resource/primefaces.js?ln=primefaces&v=4.0 HTTP/1.1" 304 -
201.245.192.253 - - [22/Sep/2023:14:21:26 -0500] "GET /sipse/faces/javax.faces.resource/layout/layout.js?ln=primefaces&v=4.0 HTTP/1.1" 304 -
201.245.192.253 - - [22/Sep/2023:14:21:26 -0500] "GET /sipse/faces/javax.faces.resource/images/ui-icons_898989_256x240.png?ln=primefaces-aristo HTTP/1.1" 304 -
201.245.192.253 - - [22/Sep/2023:14:21:29 -0500] "POST /sipse/faces/presentacion/financiero/solicitudProceso/consultarSolicitudProceso.xhtml HTTP/1.1" 200 19360
201.245.192.253 - - [22/Sep/2023:14:21:30 -0500] "GET /sipse/faces/javax.faces.resource/layout/layout.css?ln=primefaces&v=4.0 HTTP/1.1" 304 -
201.245.192.253 - - [22/Sep/2023:14:21:30 -0500] "GET /sipse/faces/javax.faces.resource/primefaces.js?ln=primefaces&v=4.0 HTTP/1.1" 304 -
201.245.192.253 - - [22/Sep/2023:14:21:30 -0500] "GET /sipse/faces/javax.faces.resource/layout/layout.js?ln=primefaces&v=4.0 HTTP/1.1" 304 -
201.245.192.253 - - [22/Sep/2023:14:21:30 -0500] "GET /sipse/faces/javax.faces.resource/fileupload/fileupload.js?ln=primefaces&v=4.0 HTTP/1.1" 304 -
201.245.192.253 - - [22/Sep/2023:14:21:30 -0500] "GET /sipse/faces/javax.faces.resource/theme.css?ln=primefaces-sipse HTTP/1.1" 304 -
201.245.192.253 - - [22/Sep/2023:14:21:30 -0500] "GET /sipse/faces/javax.faces.resource/jquery/jquery-plugins.js?ln=primefaces&v=4.0 HTTP/1.1" 304 -
201.245.192.253 - - [22/Sep/2023:14:21:30 -0500] "GET /sipse/faces/javax.faces.resource/fileupload/fileupload.css?ln=primefaces&v=4.0 HTTP/1.1" 304 -
