216.245.221.92 - - [22/Sep/2023:02:55:49 -0500] "HEAD / HTTP/1.1" 200 -
201.245.192.253 - - [22/Sep/2023:02:56:03 -0500] "POST /forms/lservlet;jsessionid=ac16012b30d69d644c52ab7640e8a350f59243e0b584.e3iSbxaKaheRe34Pbx8Nc3aQci1ynknvrkLOlQzNp65In0 HTTP/1.1" 200 2
222.79.103.59 - - [22/Sep/2023:02:56:37 -0500] "GET / HTTP/1.1" 200 319
201.245.192.253 - - [22/Sep/2023:02:57:00 -0500] "POST /forms/lservlet;jsessionid=ac16012b30d6f8876a5c9c7b4f2cb61a8d6dcd3d5a29.e3iSbxaKaheRe34Pbx8Nc3aQci1ynknvrkLOlQzNp65In0 HTTP/1.1" 200 2
168.119.253.11 - - [22/Sep/2023:02:57:50 -0500] "GET / HTTP/1.1" 200 319
201.245.192.253 - - [22/Sep/2023:02:58:03 -0500] "POST /forms/lservlet;jsessionid=ac16012b30d69d644c52ab7640e8a350f59243e0b584.e3iSbxaKaheRe34Pbx8Nc3aQci1ynknvrkLOlQzNp65In0 HTTP/1.1" 200 2
66.249.70.198 - - [22/Sep/2023:02:58:24 -0500] "HEAD /BLA/boletinlegal/notificaciones.php HTTP/1.1" 200 -
201.245.192.253 - - [22/Sep/2023:02:58:37 -0500] "POST /kwsrmcab/Wsrmcab  HTTP/1.1" 200 41265
52.167.144.218 - - [22/Sep/2023:02:59:00 -0500] "GET /BLA/resoluciones/AUTOS%202023/4081.pdf HTTP/1.1" 200 535230
201.245.192.253 - - [22/Sep/2023:02:59:00 -0500] "POST /forms/lservlet;jsessionid=ac16012b30d6f8876a5c9c7b4f2cb61a8d6dcd3d5a29.e3iSbxaKaheRe34Pbx8Nc3aQci1ynknvrkLOlQzNp65In0 HTTP/1.1" 200 2
175.6.217.4 - - [22/Sep/2023:02:59:07 -0500] "GET /portaldeninos/ HTTP/1.1" 200 110179
40.77.167.77 - - [22/Sep/2023:02:59:21 -0500] "GET /BLA/resoluciones/AUTOS%202023/4212.pdf HTTP/1.1" 200 417304
172.22.2.4 - - [22/Sep/2023:02:57:47 -0500] "HEAD /BLA/boletinlegal/ HTTP/1.1" 200 -
167.94.138.35 - - [22/Sep/2023:02:59:47 -0500] "GET / HTTP/1.1" 200 319
167.94.138.35 - - [22/Sep/2023:02:59:47 -0500] "GET / HTTP/1.1" 200 319
167.94.138.35 - - [22/Sep/2023:02:59:48 -0500] "PRI * HTTP/2.0" 400 946
167.94.138.35 - - [22/Sep/2023:02:59:48 -0500] "GET /favicon.ico HTTP/1.1" 200 7782
201.245.192.253 - - [22/Sep/2023:03:00:03 -0500] "POST /forms/lservlet;jsessionid=ac16012b30d69d644c52ab7640e8a350f59243e0b584.e3iSbxaKaheRe34Pbx8Nc3aQci1ynknvrkLOlQzNp65In0 HTTP/1.1" 200 2
172.22.2.4 - - [22/Sep/2023:02:58:38 -0500] "GET /BLA/boletinlegal/ HTTP/1.1" 200 58187
216.245.221.92 - - [22/Sep/2023:03:00:49 -0500] "HEAD / HTTP/1.1" 200 -
201.245.192.253 - - [22/Sep/2023:03:01:00 -0500] "POST /forms/lservlet;jsessionid=ac16012b30d6f8876a5c9c7b4f2cb61a8d6dcd3d5a29.e3iSbxaKaheRe34Pbx8Nc3aQci1ynknvrkLOlQzNp65In0 HTTP/1.1" 200 2
40.77.167.136 - - [22/Sep/2023:03:02:00 -0500] "GET /sipse/faces/autenticacion.xhtml HTTP/1.1" 200 12738
201.245.192.253 - - [22/Sep/2023:03:02:03 -0500] "POST /forms/lservlet;jsessionid=ac16012b30d69d644c52ab7640e8a350f59243e0b584.e3iSbxaKaheRe34Pbx8Nc3aQci1ynknvrkLOlQzNp65In0 HTTP/1.1" 200 2
157.55.39.56 - - [22/Sep/2023:03:02:56 -0500] "GET /sipse/js/funciones.js HTTP/1.1" 200 12592
157.55.39.56 - - [22/Sep/2023:03:02:57 -0500] "GET /BLA/resoluciones/AUTOS%202023/4186.pdf HTTP/1.1" 200 404203
157.55.39.56 - - [22/Sep/2023:03:02:58 -0500] "GET /BLA/resoluciones/AUTOS%202023/4971.pdf HTTP/1.1" 200 743979
157.55.39.56 - - [22/Sep/2023:03:02:59 -0500] "GET /BLA/resoluciones/AUTOS%202023/4262.pdf HTTP/1.1" 200 791788
40.77.167.136 - - [22/Sep/2023:03:03:00 -0500] "GET /sipse/css/custom_css_sg.css HTTP/1.1" 200 9694
201.245.192.253 - - [22/Sep/2023:03:03:00 -0500] "POST /forms/lservlet;jsessionid=ac16012b30d6f8876a5c9c7b4f2cb61a8d6dcd3d5a29.e3iSbxaKaheRe34Pbx8Nc3aQci1ynknvrkLOlQzNp65In0 HTTP/1.1" 200 2
52.167.144.218 - - [22/Sep/2023:03:03:01 -0500] "GET /sipse/css/custom_css_sg_prime_login.css HTTP/1.1" 200 443
52.167.144.218 - - [22/Sep/2023:03:03:01 -0500] "GET /sipse/faces/javax.faces.resource/jquery/jquery-plugins.js;jsessionid=kttF1LfiURrDsTZhEe2OA7mV.undefined?ln=primefaces&v=4.0 HTTP/1.1" 200 220526
52.167.144.218 - - [22/Sep/2023:03:03:02 -0500] "GET /sipse/faces/javax.faces.resource/jquery/jquery.js;jsessionid=kttF1LfiURrDsTZhEe2OA7mV.undefined?ln=primefaces&v=4.0 HTTP/1.1" 200 105384
40.77.167.136 - - [22/Sep/2023:03:03:10 -0500] "GET /sipse/faces/javax.faces.resource/theme.css?ln=primefaces-sipse HTTP/1.1" 200 50058
40.77.167.136 - - [22/Sep/2023:03:03:10 -0500] "GET /sipse/js/disable_browser_buttons.js HTTP/1.1" 200 3230
201.245.192.253 - - [22/Sep/2023:03:03:36 -0500] "POST /kwsrmcab/Wsrmcab  HTTP/1.1" 200 41265
201.245.192.253 - - [22/Sep/2023:03:04:03 -0500] "POST /forms/lservlet;jsessionid=ac16012b30d69d644c52ab7640e8a350f59243e0b584.e3iSbxaKaheRe34Pbx8Nc3aQci1ynknvrkLOlQzNp65In0 HTTP/1.1" 200 2
216.244.66.195 - - [22/Sep/2023:03:04:37 -0500] "GET /robots.txt HTTP/1.1" 404 1018
201.245.192.253 - - [22/Sep/2023:03:05:00 -0500] "POST /forms/lservlet;jsessionid=ac16012b30d6f8876a5c9c7b4f2cb61a8d6dcd3d5a29.e3iSbxaKaheRe34Pbx8Nc3aQci1ynknvrkLOlQzNp65In0 HTTP/1.1" 200 2
172.22.2.4 - - [22/Sep/2023:03:03:37 -0500] "HEAD /BLA/boletinlegal/ HTTP/1.1" 200 -
216.245.221.92 - - [22/Sep/2023:03:05:49 -0500] "HEAD / HTTP/1.1" 200 -
201.245.192.253 - - [22/Sep/2023:03:06:03 -0500] "POST /forms/lservlet;jsessionid=ac16012b30d69d644c52ab7640e8a350f59243e0b584.e3iSbxaKaheRe34Pbx8Nc3aQci1ynknvrkLOlQzNp65In0 HTTP/1.1" 200 2
172.22.2.4 - - [22/Sep/2023:03:04:28 -0500] "GET /BLA/boletinlegal/ HTTP/1.1" 200 60692
201.245.192.253 - - [22/Sep/2023:03:07:00 -0500] "POST /forms/lservlet;jsessionid=ac16012b30d6f8876a5c9c7b4f2cb61a8d6dcd3d5a29.e3iSbxaKaheRe34Pbx8Nc3aQci1ynknvrkLOlQzNp65In0 HTTP/1.1" 200 2
201.245.192.253 - - [22/Sep/2023:03:08:03 -0500] "POST /forms/lservlet;jsessionid=ac16012b30d69d644c52ab7640e8a350f59243e0b584.e3iSbxaKaheRe34Pbx8Nc3aQci1ynknvrkLOlQzNp65In0 HTTP/1.1" 200 2
69.63.184.8 - - [22/Sep/2023:03:08:07 -0500] "GET /secretaria-de-ambiente-incrementa-evaluacion-y-seguimiento-al-arbolado-urbano.html HTTP/1.1" 200 933
40.77.167.52 - - [22/Sep/2023:03:08:26 -0500] "GET /portaldeninos/wp-content/uploads/2020/11/C%C3%B3rdoba-B-1024x576.jpg HTTP/1.1" 200 121531
201.245.192.253 - - [22/Sep/2023:03:08:34 -0500] "POST /kwsrmcab/Wsrmcab  HTTP/1.1" 200 41265
201.245.192.253 - - [22/Sep/2023:03:09:00 -0500] "POST /forms/lservlet;jsessionid=ac16012b30d6f8876a5c9c7b4f2cb61a8d6dcd3d5a29.e3iSbxaKaheRe34Pbx8Nc3aQci1ynknvrkLOlQzNp65In0 HTTP/1.1" 200 2
173.252.79.118 - - [22/Sep/2023:03:09:25 -0500] "GET /images/24%20de%20febrero%20Sendero%20guadalupe%202.jpeg HTTP/1.1" 200 70964
52.167.144.20 - - [22/Sep/2023:03:09:54 -0500] "GET /BLA/resoluciones/AUTOS%202023/3278.pdf HTTP/1.1" 200 1507319
201.245.192.253 - - [22/Sep/2023:03:10:03 -0500] "POST /forms/lservlet;jsessionid=ac16012b30d69d644c52ab7640e8a350f59243e0b584.e3iSbxaKaheRe34Pbx8Nc3aQci1ynknvrkLOlQzNp65In0 HTTP/1.1" 200 2
66.249.70.198 - - [22/Sep/2023:03:10:41 -0500] "GET /BLA/resoluciones/Autos%202008/2794.pdf HTTP/1.1" 200 109420
216.245.221.92 - - [22/Sep/2023:03:10:49 -0500] "HEAD / HTTP/1.1" 200 -
201.245.192.253 - - [22/Sep/2023:03:11:00 -0500] "POST /forms/lservlet;jsessionid=ac16012b30d6f8876a5c9c7b4f2cb61a8d6dcd3d5a29.e3iSbxaKaheRe34Pbx8Nc3aQci1ynknvrkLOlQzNp65In0 HTTP/1.1" 200 2
172.22.2.4 - - [22/Sep/2023:03:09:23 -0500] "GET /BLA/boletinlegal/ HTTP/1.1" 200 50790
172.22.2.4 - - [22/Sep/2023:03:09:27 -0500] "HEAD /BLA/boletinlegal/ HTTP/1.1" 200 -
186.145.90.155 - - [22/Sep/2023:03:11:50 -0500] "GET /secretaria-de-ambiente-incrementa-evaluacion-y-seguimiento-al-arbolado-urbano.html?fbclid=IwAR3HR9Ioqb4GJJqVxwf8jo6M3O-20yQpQyYuSbBjG_IVGsg21FLllCv7Gi8 HTTP/1.1" 200 933
34.86.177.154 - - [22/Sep/2023:03:11:50 -0500] "GET /robots.txt HTTP/1.1" 404 1034
34.86.177.154 - - [22/Sep/2023:03:11:50 -0500] "GET /secretaria-de-ambiente-incrementa-evaluacion-y-seguimiento-al-arbolado-urbano.html HTTP/1.1" 200 933
172.22.2.4 - - [22/Sep/2023:03:10:18 -0500] "GET /BLA/boletinlegal/ HTTP/1.1" 200 52656
201.245.192.253 - - [22/Sep/2023:03:12:03 -0500] "POST /forms/lservlet;jsessionid=ac16012b30d69d644c52ab7640e8a350f59243e0b584.e3iSbxaKaheRe34Pbx8Nc3aQci1ynknvrkLOlQzNp65In0 HTTP/1.1" 200 2
66.249.70.196 - - [22/Sep/2023:03:12:07 -0500] "GET /BLA/resoluciones/AUTOS%202014/0447.pdf HTTP/1.1" 200 452564
201.245.192.253 - - [22/Sep/2023:03:13:00 -0500] "POST /forms/lservlet;jsessionid=ac16012b30d6f8876a5c9c7b4f2cb61a8d6dcd3d5a29.e3iSbxaKaheRe34Pbx8Nc3aQci1ynknvrkLOlQzNp65In0 HTTP/1.1" 200 2
66.249.70.196 - - [22/Sep/2023:03:13:01 -0500] "GET /resoluciones/RESOLUCIONES%202008/3902.pdf HTTP/1.1" 404 1018
34.207.79.119 - - [22/Sep/2023:03:13:09 -0500] "GET /portaldeninos/ HTTP/1.1" 200 110175
172.22.2.4 - - [22/Sep/2023:03:13:13 -0500] "GET /BLA/boletinlegal/actos.php HTTP/1.1" 200 9682
52.167.144.66 - - [22/Sep/2023:03:13:14 -0500] "GET /robots.txt HTTP/1.1" 404 1018
66.249.70.198 - - [22/Sep/2023:03:13:35 -0500] "GET /BLA/resoluciones/AUTOS%202008/2573.pdf HTTP/1.1" 200 99682
201.245.192.253 - - [22/Sep/2023:03:13:33 -0500] "POST /kwsrmcab/Wsrmcab  HTTP/1.1" 200 41265
201.245.192.253 - - [22/Sep/2023:03:14:03 -0500] "POST /forms/lservlet;jsessionid=ac16012b30d69d644c52ab7640e8a350f59243e0b584.e3iSbxaKaheRe34Pbx8Nc3aQci1ynknvrkLOlQzNp65In0 HTTP/1.1" 200 2
201.245.192.253 - - [22/Sep/2023:03:15:00 -0500] "POST /forms/lservlet;jsessionid=ac16012b30d6f8876a5c9c7b4f2cb61a8d6dcd3d5a29.e3iSbxaKaheRe34Pbx8Nc3aQci1ynknvrkLOlQzNp65In0 HTTP/1.1" 200 2
216.245.221.92 - - [22/Sep/2023:03:15:49 -0500] "HEAD / HTTP/1.1" 200 -
201.245.192.253 - - [22/Sep/2023:03:16:03 -0500] "POST /forms/lservlet;jsessionid=ac16012b30d69d644c52ab7640e8a350f59243e0b584.e3iSbxaKaheRe34Pbx8Nc3aQci1ynknvrkLOlQzNp65In0 HTTP/1.1" 200 2
167.114.1.197 - - [22/Sep/2023:03:16:45 -0500] "GET /un-respiro-para-el-ambiente-durante-la-jornada-de-dia-sin-carro-y-sin-moto.html HTTP/1.1" 200 702
172.22.2.4 - - [22/Sep/2023:03:15:17 -0500] "HEAD /BLA/boletinlegal/ HTTP/1.1" 200 -
201.245.192.253 - - [22/Sep/2023:03:17:00 -0500] "POST /forms/lservlet;jsessionid=ac16012b30d6f8876a5c9c7b4f2cb61a8d6dcd3d5a29.e3iSbxaKaheRe34Pbx8Nc3aQci1ynknvrkLOlQzNp65In0 HTTP/1.1" 200 2
201.245.192.253 - - [22/Sep/2023:03:17:44 -0500] "POST /kwsrmcab/Wsrmcab HTTP/1.1" 200 40312
172.22.2.4 - - [22/Sep/2023:03:16:08 -0500] "GET /BLA/boletinlegal/ HTTP/1.1" 200 58187
201.245.192.253 - - [22/Sep/2023:03:17:47 -0500] "POST /kwsrmcab/Wsrmcab HTTP/1.1" 200 41410
201.245.192.253 - - [22/Sep/2023:03:18:03 -0500] "POST /forms/lservlet;jsessionid=ac16012b30d69d644c52ab7640e8a350f59243e0b584.e3iSbxaKaheRe34Pbx8Nc3aQci1ynknvrkLOlQzNp65In0 HTTP/1.1" 200 2
201.245.192.253 - - [22/Sep/2023:03:18:33 -0500] "POST /kwsrmcab/Wsrmcab  HTTP/1.1" 200 41265
40.77.190.117 - - [22/Sep/2023:03:18:48 -0500] "GET /sipse/faces/javax.faces.resource/layout/layout.css;jsessionid=kttF1LfiURrDsTZhEe2OA7mV.undefined?ln=primefaces&v=4.0 HTTP/1.1" 200 542
40.77.190.117 - - [22/Sep/2023:03:18:48 -0500] "GET /sipse/faces/javax.faces.resource/primefaces.css;jsessionid=kttF1LfiURrDsTZhEe2OA7mV.undefined?ln=primefaces&v=4.0 HTTP/1.1" 200 53295
40.77.190.117 - - [22/Sep/2023:03:18:49 -0500] "GET /sipse/faces/javax.faces.resource/layout/layout.js;jsessionid=kttF1LfiURrDsTZhEe2OA7mV.undefined?ln=primefaces&v=4.0 HTTP/1.1" 200 87560
40.77.190.117 - - [22/Sep/2023:03:18:48 -0500] "GET /sipse/faces/javax.faces.resource/primefaces.js;jsessionid=kttF1LfiURrDsTZhEe2OA7mV.undefined?ln=primefaces&v=4.0 HTTP/1.1" 200 276924
40.77.190.117 - - [22/Sep/2023:03:18:50 -0500] "GET /sipse/faces/index.xhtml HTTP/1.1" 200 677
40.77.190.117 - - [22/Sep/2023:03:18:50 -0500] "GET /sipse/faces/faces/autenticacion.xhtml HTTP/1.1" 200 12416
40.77.190.117 - - [22/Sep/2023:03:18:50 -0500] "GET /sipse/faces/javax.faces.resource/theme.css?ln=primefaces-sipse HTTP/1.1" 304 -
40.77.190.117 - - [22/Sep/2023:03:18:50 -0500] "GET /sipse/faces/javax.faces.resource/layout/layout.css?ln=primefaces&v=4.0 HTTP/1.1" 200 542
40.77.190.117 - - [22/Sep/2023:03:18:50 -0500] "GET /sipse/faces/javax.faces.resource/primefaces.css?ln=primefaces&v=4.0 HTTP/1.1" 200 53295
40.77.190.117 - - [22/Sep/2023:03:18:50 -0500] "GET /sipse/faces/javax.faces.resource/jquery/jquery.js?ln=primefaces&v=4.0 HTTP/1.1" 200 105384
40.77.190.117 - - [22/Sep/2023:03:18:50 -0500] "GET /sipse/faces/javax.faces.resource/layout/layout.js?ln=primefaces&v=4.0 HTTP/1.1" 200 87560
40.77.190.117 - - [22/Sep/2023:03:18:50 -0500] "GET /sipse/faces/javax.faces.resource/jquery/jquery-plugins.js?ln=primefaces&v=4.0 HTTP/1.1" 200 220526
40.77.190.117 - - [22/Sep/2023:03:18:50 -0500] "GET /sipse/faces/javax.faces.resource/primefaces.js?ln=primefaces&v=4.0 HTTP/1.1" 200 276924
40.77.190.117 - - [22/Sep/2023:03:18:51 -0500] "GET /sipse/faces/javax.faces.resource/images/ui-icons_898989_256x240.png?ln=primefaces-aristo HTTP/1.1" 200 5355
201.245.192.253 - - [22/Sep/2023:03:19:00 -0500] "POST /forms/lservlet;jsessionid=ac16012b30d6f8876a5c9c7b4f2cb61a8d6dcd3d5a29.e3iSbxaKaheRe34Pbx8Nc3aQci1ynknvrkLOlQzNp65In0 HTTP/1.1" 200 2
66.249.70.198 - - [22/Sep/2023:03:19:34 -0500] "GET /BLA/resoluciones/RESOLUCIONES%202012/0415.pdf HTTP/1.1" 200 422093
40.77.167.59 - - [22/Sep/2023:03:19:43 -0500] "GET /BLA/resoluciones/RESOLUCIONES%202019/3731.pdf HTTP/1.1" 304 -
172.22.2.4 - - [22/Sep/2023:03:19:58 -0500] "GET /BLA/boletinlegal/jurisprudencia/analisis/CUADRO%20ANALISIS%20SENTENCIA%20T-411%20DE%201992.doc HTTP/1.1" 200 41984
66.249.70.197 - - [22/Sep/2023:03:20:02 -0500] "GET /BLA/resoluciones/RESOLUCIONES%202009/4153.pdf HTTP/1.1" 200 780888
201.245.192.253 - - [22/Sep/2023:03:20:03 -0500] "POST /forms/lservlet;jsessionid=ac16012b30d69d644c52ab7640e8a350f59243e0b584.e3iSbxaKaheRe34Pbx8Nc3aQci1ynknvrkLOlQzNp65In0 HTTP/1.1" 200 2
216.245.221.92 - - [22/Sep/2023:03:20:49 -0500] "HEAD / HTTP/1.1" 200 -
201.245.192.253 - - [22/Sep/2023:03:21:00 -0500] "POST /forms/lservlet;jsessionid=ac16012b30d6f8876a5c9c7b4f2cb61a8d6dcd3d5a29.e3iSbxaKaheRe34Pbx8Nc3aQci1ynknvrkLOlQzNp65In0 HTTP/1.1" 200 2
172.22.2.4 - - [22/Sep/2023:03:20:33 -0500] "GET /BLA/boletinlegal/ HTTP/1.1" 200 32715
201.245.192.253 - - [22/Sep/2023:03:22:03 -0500] "POST /forms/lservlet;jsessionid=ac16012b30d69d644c52ab7640e8a350f59243e0b584.e3iSbxaKaheRe34Pbx8Nc3aQci1ynknvrkLOlQzNp65In0 HTTP/1.1" 200 2
172.22.2.4 - - [22/Sep/2023:03:21:07 -0500] "HEAD /BLA/boletinlegal/ HTTP/1.1" 200 -
201.245.192.253 - - [22/Sep/2023:03:23:00 -0500] "POST /forms/lservlet;jsessionid=ac16012b30d6f8876a5c9c7b4f2cb61a8d6dcd3d5a29.e3iSbxaKaheRe34Pbx8Nc3aQci1ynknvrkLOlQzNp65In0 HTTP/1.1" 200 2
188.165.87.98 - - [22/Sep/2023:03:23:26 -0500] "GET /Autoliquidacion/ HTTP/1.1" 200 7098
188.165.87.106 - - [22/Sep/2023:03:23:26 -0500] "GET /catalogoisis/ HTTP/1.1" 200 8575
201.245.192.253 - - [22/Sep/2023:03:23:32 -0500] "POST /kwsrmcab/Wsrmcab  HTTP/1.1" 200 41265
172.22.2.4 - - [22/Sep/2023:03:21:58 -0500] "GET /BLA/boletinlegal/ HTTP/1.1" 200 49695
188.165.87.99 - - [22/Sep/2023:03:23:26 -0500] "GET /BLA/boletinlegal/ HTTP/1.1" 200 16331
201.245.192.253 - - [22/Sep/2023:03:24:03 -0500] "POST /forms/lservlet;jsessionid=ac16012b30d69d644c52ab7640e8a350f59243e0b584.e3iSbxaKaheRe34Pbx8Nc3aQci1ynknvrkLOlQzNp65In0 HTTP/1.1" 200 2
66.249.70.198 - - [22/Sep/2023:03:24:29 -0500] "GET /BLA/resoluciones/RESOLUCIONES%202009/0555.pdf HTTP/1.1" 200 711875
66.249.70.196 - - [22/Sep/2023:03:24:44 -0500] "GET /BLA/resoluciones/RESOLUCIONES%202008/3167.pdf HTTP/1.1" 200 251574
201.245.192.253 - - [22/Sep/2023:03:25:00 -0500] "POST /forms/lservlet;jsessionid=ac16012b30d6f8876a5c9c7b4f2cb61a8d6dcd3d5a29.e3iSbxaKaheRe34Pbx8Nc3aQci1ynknvrkLOlQzNp65In0 HTTP/1.1" 200 2
216.245.221.92 - - [22/Sep/2023:03:25:49 -0500] "HEAD / HTTP/1.1" 200 -
201.245.192.253 - - [22/Sep/2023:03:26:03 -0500] "POST /forms/lservlet;jsessionid=ac16012b30d69d644c52ab7640e8a350f59243e0b584.e3iSbxaKaheRe34Pbx8Nc3aQci1ynknvrkLOlQzNp65In0 HTTP/1.1" 200 2
201.245.192.253 - - [22/Sep/2023:03:27:00 -0500] "POST /forms/lservlet;jsessionid=ac16012b30d6f8876a5c9c7b4f2cb61a8d6dcd3d5a29.e3iSbxaKaheRe34Pbx8Nc3aQci1ynknvrkLOlQzNp65In0 HTTP/1.1" 200 2
36.64.218.38 - - [22/Sep/2023:03:27:23 -0500] "GET / HTTP/1.1" 200 319
40.77.167.59 - - [22/Sep/2023:03:27:43 -0500] "GET /BLA/resoluciones/AUTOS%202023/4893.pdf HTTP/1.1" 200 313900
201.245.192.253 - - [22/Sep/2023:03:27:44 -0500] "POST /kwsrmcab/Wsrmcab HTTP/1.1" 200 40312
201.245.192.253 - - [22/Sep/2023:03:27:47 -0500] "POST /kwsrmcab/Wsrmcab HTTP/1.1" 200 41410
66.249.70.196 - - [22/Sep/2023:03:28:01 -0500] "GET /resoluciones/RESOLUCIONES%202008/1515.pdf HTTP/1.1" 404 1018
201.245.192.253 - - [22/Sep/2023:03:28:03 -0500] "POST /forms/lservlet;jsessionid=ac16012b30d69d644c52ab7640e8a350f59243e0b584.e3iSbxaKaheRe34Pbx8Nc3aQci1ynknvrkLOlQzNp65In0 HTTP/1.1" 200 2
201.245.192.253 - - [22/Sep/2023:03:28:31 -0500] "POST /kwsrmcab/Wsrmcab  HTTP/1.1" 200 41265
172.22.2.4 - - [22/Sep/2023:03:26:57 -0500] "HEAD /BLA/boletinlegal/ HTTP/1.1" 200 -
201.245.192.253 - - [22/Sep/2023:03:29:00 -0500] "POST /forms/lservlet;jsessionid=ac16012b30d6f8876a5c9c7b4f2cb61a8d6dcd3d5a29.e3iSbxaKaheRe34Pbx8Nc3aQci1ynknvrkLOlQzNp65In0 HTTP/1.1" 200 2
172.22.2.4 - - [22/Sep/2023:03:27:48 -0500] "GET /BLA/boletinlegal/ HTTP/1.1" 200 60692
71.18.255.30 - - [22/Sep/2023:03:29:57 -0500] "GET /galeria/galeria/fotos/Capellania4P.jpg HTTP/1.1" 200 37377
201.245.192.253 - - [22/Sep/2023:03:30:03 -0500] "POST /forms/lservlet;jsessionid=ac16012b30d69d644c52ab7640e8a350f59243e0b584.e3iSbxaKaheRe34Pbx8Nc3aQci1ynknvrkLOlQzNp65In0 HTTP/1.1" 200 2
52.167.144.192 - - [22/Sep/2023:03:30:03 -0500] "GET /BLA/resoluciones/AUTOS%202023/4185.pdf HTTP/1.1" 200 435308
216.245.221.92 - - [22/Sep/2023:03:30:49 -0500] "HEAD / HTTP/1.1" 200 -
201.245.192.253 - - [22/Sep/2023:03:31:00 -0500] "POST /forms/lservlet;jsessionid=ac16012b30d6f8876a5c9c7b4f2cb61a8d6dcd3d5a29.e3iSbxaKaheRe34Pbx8Nc3aQci1ynknvrkLOlQzNp65In0 HTTP/1.1" 200 2
201.245.192.253 - - [22/Sep/2023:03:32:03 -0500] "POST /forms/lservlet;jsessionid=ac16012b30d69d644c52ab7640e8a350f59243e0b584.e3iSbxaKaheRe34Pbx8Nc3aQci1ynknvrkLOlQzNp65In0 HTTP/1.1" 200 2
201.245.192.253 - - [22/Sep/2023:03:33:00 -0500] "POST /forms/lservlet;jsessionid=ac16012b30d6f8876a5c9c7b4f2cb61a8d6dcd3d5a29.e3iSbxaKaheRe34Pbx8Nc3aQci1ynknvrkLOlQzNp65In0 HTTP/1.1" 200 2
201.245.192.253 - - [22/Sep/2023:03:33:31 -0500] "POST /kwsrmcab/Wsrmcab  HTTP/1.1" 200 41265
201.245.192.253 - - [22/Sep/2023:03:34:03 -0500] "POST /forms/lservlet;jsessionid=ac16012b30d69d644c52ab7640e8a350f59243e0b584.e3iSbxaKaheRe34Pbx8Nc3aQci1ynknvrkLOlQzNp65In0 HTTP/1.1" 200 2
172.22.2.4 - - [22/Sep/2023:03:32:47 -0500] "HEAD /BLA/boletinlegal/ HTTP/1.1" 200 -
201.245.192.253 - - [22/Sep/2023:03:35:00 -0500] "POST /forms/lservlet;jsessionid=ac16012b30d6f8876a5c9c7b4f2cb61a8d6dcd3d5a29.e3iSbxaKaheRe34Pbx8Nc3aQci1ynknvrkLOlQzNp65In0 HTTP/1.1" 200 2
172.22.2.4 - - [22/Sep/2023:03:33:38 -0500] "GET /BLA/boletinlegal/ HTTP/1.1" 200 60342
216.245.221.92 - - [22/Sep/2023:03:35:49 -0500] "HEAD / HTTP/1.1" 200 -
201.245.192.253 - - [22/Sep/2023:03:36:03 -0500] "POST /forms/lservlet;jsessionid=ac16012b30d69d644c52ab7640e8a350f59243e0b584.e3iSbxaKaheRe34Pbx8Nc3aQci1ynknvrkLOlQzNp65In0 HTTP/1.1" 200 2
201.245.192.253 - - [22/Sep/2023:03:37:00 -0500] "POST /forms/lservlet;jsessionid=ac16012b30d6f8876a5c9c7b4f2cb61a8d6dcd3d5a29.e3iSbxaKaheRe34Pbx8Nc3aQci1ynknvrkLOlQzNp65In0 HTTP/1.1" 200 2
201.245.192.253 - - [22/Sep/2023:03:37:44 -0500] "POST /kwsrmcab/Wsrmcab HTTP/1.1" 200 40312
201.245.192.253 - - [22/Sep/2023:03:37:47 -0500] "POST /kwsrmcab/Wsrmcab HTTP/1.1" 200 41410
201.245.192.253 - - [22/Sep/2023:03:38:03 -0500] "POST /forms/lservlet;jsessionid=ac16012b30d69d644c52ab7640e8a350f59243e0b584.e3iSbxaKaheRe34Pbx8Nc3aQci1ynknvrkLOlQzNp65In0 HTTP/1.1" 200 2
216.244.66.195 - - [22/Sep/2023:03:38:06 -0500] "GET /BLA/resoluciones/AUTOS%202010/0065.pdf HTTP/1.1" 200 190711
201.245.192.253 - - [22/Sep/2023:03:38:30 -0500] "POST /kwsrmcab/Wsrmcab  HTTP/1.1" 200 41265
216.244.66.195 - - [22/Sep/2023:03:38:45 -0500] "GET /BLA/resoluciones/AUTOS%202010/0502.pdf HTTP/1.1" 200 352454
201.245.192.253 - - [22/Sep/2023:03:39:00 -0500] "POST /forms/lservlet;jsessionid=ac16012b30d6f8876a5c9c7b4f2cb61a8d6dcd3d5a29.e3iSbxaKaheRe34Pbx8Nc3aQci1ynknvrkLOlQzNp65In0 HTTP/1.1" 200 2
216.244.66.195 - - [22/Sep/2023:03:39:32 -0500] "GET /BLA/resoluciones/AUTOS%202010/0538.pdf HTTP/1.1" 200 215289
201.245.192.253 - - [22/Sep/2023:03:40:03 -0500] "POST /forms/lservlet;jsessionid=ac16012b30d69d644c52ab7640e8a350f59243e0b584.e3iSbxaKaheRe34Pbx8Nc3aQci1ynknvrkLOlQzNp65In0 HTTP/1.1" 200 2
216.244.66.195 - - [22/Sep/2023:03:40:14 -0500] "GET /BLA/resoluciones/AUTOS%202010/0554.pdf HTTP/1.1" 200 241889
172.22.2.4 - - [22/Sep/2023:03:38:37 -0500] "HEAD /BLA/boletinlegal/ HTTP/1.1" 200 -
216.245.221.92 - - [22/Sep/2023:03:40:49 -0500] "HEAD / HTTP/1.1" 200 -
40.77.167.76 - - [22/Sep/2023:03:40:57 -0500] "GET /BLA/resoluciones/AUTOS%202022/1216.pdf HTTP/1.1" 304 -
216.244.66.195 - - [22/Sep/2023:03:40:57 -0500] "GET /BLA/resoluciones/AUTOS%202010/0810.pdf HTTP/1.1" 200 180027
201.245.192.253 - - [22/Sep/2023:03:41:00 -0500] "POST /forms/lservlet;jsessionid=ac16012b30d6f8876a5c9c7b4f2cb61a8d6dcd3d5a29.e3iSbxaKaheRe34Pbx8Nc3aQci1ynknvrkLOlQzNp65In0 HTTP/1.1" 200 2
172.22.2.4 - - [22/Sep/2023:03:39:28 -0500] "GET /BLA/boletinlegal/ HTTP/1.1" 200 58187
216.244.66.195 - - [22/Sep/2023:03:41:37 -0500] "GET /BLA/resoluciones/AUTOS%202010/0856.pdf HTTP/1.1" 200 226159
201.245.192.253 - - [22/Sep/2023:03:42:03 -0500] "POST /forms/lservlet;jsessionid=ac16012b30d69d644c52ab7640e8a350f59243e0b584.e3iSbxaKaheRe34Pbx8Nc3aQci1ynknvrkLOlQzNp65In0 HTTP/1.1" 200 2
162.55.171.94 - - [22/Sep/2023:03:42:05 -0500] "GET / HTTP/1.1" 200 319
52.167.144.136 - - [22/Sep/2023:03:42:07 -0500] "GET /andrea-murcia-la-creadora-del-primer-hogar-de-paso-para-perros-y-gatos-en-un-colegio.html HTTP/1.1" 200 973
216.244.66.195 - - [22/Sep/2023:03:42:17 -0500] "GET /BLA/resoluciones/AUTOS%202010/1151.pdf HTTP/1.1" 200 271561
216.244.66.195 - - [22/Sep/2023:03:42:58 -0500] "GET /BLA/resoluciones/AUTOS%202010/1478.pdf HTTP/1.1" 200 279727
201.245.192.253 - - [22/Sep/2023:03:43:00 -0500] "POST /forms/lservlet;jsessionid=ac16012b30d6f8876a5c9c7b4f2cb61a8d6dcd3d5a29.e3iSbxaKaheRe34Pbx8Nc3aQci1ynknvrkLOlQzNp65In0 HTTP/1.1" 200 2
141.95.157.33 - - [22/Sep/2023:03:43:27 -0500] "CONNECT ipinfo.io:443 HTTP/1.1" 405 937
201.245.192.253 - - [22/Sep/2023:03:43:29 -0500] "POST /kwsrmcab/Wsrmcab  HTTP/1.1" 200 41265
216.244.66.195 - - [22/Sep/2023:03:43:39 -0500] "GET /BLA/resoluciones/AUTOS%202010/1668.pdf HTTP/1.1" 200 112722
201.245.192.253 - - [22/Sep/2023:03:44:03 -0500] "POST /forms/lservlet;jsessionid=ac16012b30d69d644c52ab7640e8a350f59243e0b584.e3iSbxaKaheRe34Pbx8Nc3aQci1ynknvrkLOlQzNp65In0 HTTP/1.1" 200 2
216.244.66.195 - - [22/Sep/2023:03:44:14 -0500] "GET /BLA/resoluciones/AUTOS%202010/2181.pdf HTTP/1.1" 200 151346
216.244.66.195 - - [22/Sep/2023:03:44:52 -0500] "GET /BLA/resoluciones/AUTOS%202010/3074.pdf HTTP/1.1" 200 2377595
201.245.192.253 - - [22/Sep/2023:03:45:00 -0500] "POST /forms/lservlet;jsessionid=ac16012b30d6f8876a5c9c7b4f2cb61a8d6dcd3d5a29.e3iSbxaKaheRe34Pbx8Nc3aQci1ynknvrkLOlQzNp65In0 HTTP/1.1" 200 2
216.244.66.195 - - [22/Sep/2023:03:45:42 -0500] "GET /BLA/resoluciones/AUTOS%202010/3785.pdf HTTP/1.1" 200 254503
216.245.221.92 - - [22/Sep/2023:03:45:49 -0500] "HEAD / HTTP/1.1" 200 -
201.245.192.253 - - [22/Sep/2023:03:46:03 -0500] "POST /forms/lservlet;jsessionid=ac16012b30d69d644c52ab7640e8a350f59243e0b584.e3iSbxaKaheRe34Pbx8Nc3aQci1ynknvrkLOlQzNp65In0 HTTP/1.1" 200 2
172.22.2.4 - - [22/Sep/2023:03:44:27 -0500] "HEAD /BLA/boletinlegal/ HTTP/1.1" 200 -
216.244.66.195 - - [22/Sep/2023:03:46:20 -0500] "GET /BLA/resoluciones/AUTOS%202010/3997.pdf HTTP/1.1" 200 5471294
172.22.2.4 - - [22/Sep/2023:03:45:18 -0500] "GET /BLA/boletinlegal/ HTTP/1.1" 200 57790
201.245.192.253 - - [22/Sep/2023:03:47:00 -0500] "POST /forms/lservlet;jsessionid=ac16012b30d6f8876a5c9c7b4f2cb61a8d6dcd3d5a29.e3iSbxaKaheRe34Pbx8Nc3aQci1ynknvrkLOlQzNp65In0 HTTP/1.1" 200 2
216.244.66.195 - - [22/Sep/2023:03:47:10 -0500] "GET /BLA/resoluciones/AUTOS%202010/4443.pdf HTTP/1.1" 200 1232081
201.245.192.253 - - [22/Sep/2023:03:48:03 -0500] "POST /forms/lservlet;jsessionid=ac16012b30d69d644c52ab7640e8a350f59243e0b584.e3iSbxaKaheRe34Pbx8Nc3aQci1ynknvrkLOlQzNp65In0 HTTP/1.1" 200 2
201.245.192.253 - - [22/Sep/2023:03:48:28 -0500] "POST /kwsrmcab/Wsrmcab  HTTP/1.1" 200 41265
201.245.192.253 - - [22/Sep/2023:03:49:00 -0500] "POST /forms/lservlet;jsessionid=ac16012b30d6f8876a5c9c7b4f2cb61a8d6dcd3d5a29.e3iSbxaKaheRe34Pbx8Nc3aQci1ynknvrkLOlQzNp65In0 HTTP/1.1" 200 2
201.245.192.253 - - [22/Sep/2023:03:50:03 -0500] "POST /forms/lservlet;jsessionid=ac16012b30d69d644c52ab7640e8a350f59243e0b584.e3iSbxaKaheRe34Pbx8Nc3aQci1ynknvrkLOlQzNp65In0 HTTP/1.1" 200 2
216.245.221.92 - - [22/Sep/2023:03:50:49 -0500] "HEAD / HTTP/1.1" 200 -
201.245.192.253 - - [22/Sep/2023:03:51:00 -0500] "POST /forms/lservlet;jsessionid=ac16012b30d6f8876a5c9c7b4f2cb61a8d6dcd3d5a29.e3iSbxaKaheRe34Pbx8Nc3aQci1ynknvrkLOlQzNp65In0 HTTP/1.1" 200 2
157.55.39.12 - - [22/Sep/2023:03:51:23 -0500] "GET /BLA/resoluciones/AUTOS%202023/3364.pdf HTTP/1.1" 200 3390486
157.55.39.12 - - [22/Sep/2023:03:51:31 -0500] "GET /galeria/galeria/jquery.fancybox.js?v=2.1.5 HTTP/1.1" 200 48706
157.55.39.12 - - [22/Sep/2023:03:51:32 -0500] "GET /BLA/resoluciones/AUTOS%202023/3064.pdf HTTP/1.1" 200 370886
52.167.144.238 - - [22/Sep/2023:03:51:36 -0500] "GET /galeria/galeria/jquery.fancybox.css?v=2.1.5 HTTP/1.1" 200 4895
52.167.144.238 - - [22/Sep/2023:03:51:36 -0500] "GET /BLA/boletinlegal/js/jquery.scrollShow.js HTTP/1.1" 200 4586
40.77.167.24 - - [22/Sep/2023:03:51:53 -0500] "GET / HTTP/1.1" 200 319
172.22.2.4 - - [22/Sep/2023:03:50:17 -0500] "HEAD /BLA/boletinlegal/ HTTP/1.1" 200 -
201.245.192.253 - - [22/Sep/2023:03:52:03 -0500] "POST /forms/lservlet;jsessionid=ac16012b30d69d644c52ab7640e8a350f59243e0b584.e3iSbxaKaheRe34Pbx8Nc3aQci1ynknvrkLOlQzNp65In0 HTTP/1.1" 200 2
216.244.66.195 - - [22/Sep/2023:03:52:22 -0500] "GET /robots.txt HTTP/1.1" 404 1018
66.249.70.197 - - [22/Sep/2023:03:52:33 -0500] "GET /portel_dama/libreria/pdf/polit_humedales.pdf HTTP/1.1" 404 1018
66.249.70.197 - - [22/Sep/2023:03:52:44 -0500] "GET /resoluciones/RESOLUCIONES%202009/0082.pdf HTTP/1.1" 404 1018
172.22.2.4 - - [22/Sep/2023:03:51:08 -0500] "GET /BLA/boletinlegal/ HTTP/1.1" 200 58187
201.245.192.253 - - [22/Sep/2023:03:53:00 -0500] "POST /forms/lservlet;jsessionid=ac16012b30d6f8876a5c9c7b4f2cb61a8d6dcd3d5a29.e3iSbxaKaheRe34Pbx8Nc3aQci1ynknvrkLOlQzNp65In0 HTTP/1.1" 200 2
40.77.167.8 - - [22/Sep/2023:03:53:07 -0500] "GET /BLA/resoluciones/RESOLUCIONES%202023/1254.pdf HTTP/1.1" 200 450272
201.245.192.253 - - [22/Sep/2023:03:53:27 -0500] "POST /kwsrmcab/Wsrmcab  HTTP/1.1" 200 41265
201.245.192.253 - - [22/Sep/2023:03:54:03 -0500] "POST /forms/lservlet;jsessionid=ac16012b30d69d644c52ab7640e8a350f59243e0b584.e3iSbxaKaheRe34Pbx8Nc3aQci1ynknvrkLOlQzNp65In0 HTTP/1.1" 200 2
201.245.192.253 - - [22/Sep/2023:03:55:00 -0500] "POST /forms/lservlet;jsessionid=ac16012b30d6f8876a5c9c7b4f2cb61a8d6dcd3d5a29.e3iSbxaKaheRe34Pbx8Nc3aQci1ynknvrkLOlQzNp65In0 HTTP/1.1" 200 2
216.245.221.92 - - [22/Sep/2023:03:55:49 -0500] "HEAD / HTTP/1.1" 200 -
201.245.192.253 - - [22/Sep/2023:03:56:03 -0500] "POST /forms/lservlet;jsessionid=ac16012b30d69d644c52ab7640e8a350f59243e0b584.e3iSbxaKaheRe34Pbx8Nc3aQci1ynknvrkLOlQzNp65In0 HTTP/1.1" 200 2
172.22.2.4 - - [22/Sep/2023:03:56:49 -0500] "GET /BLA/boletinlegal/Directivas/2016/Directiva%20No.%2004%20del%2023%20de%20Diciembre%20de%202016.pdf HTTP/1.1" 200 327098
201.245.192.253 - - [22/Sep/2023:03:57:00 -0500] "POST /forms/lservlet;jsessionid=ac16012b30d6f8876a5c9c7b4f2cb61a8d6dcd3d5a29.e3iSbxaKaheRe34Pbx8Nc3aQci1ynknvrkLOlQzNp65In0 HTTP/1.1" 200 2
66.249.70.198 - - [22/Sep/2023:03:57:12 -0500] "GET /BLA/resoluciones/RESOLUCIONES%202007/RES%202007%201%20AL%20100/RESOLUCION%200041%20DE%202007.pdf HTTP/1.1" 200 445581
172.22.2.4 - - [22/Sep/2023:03:56:07 -0500] "HEAD /BLA/boletinlegal/ HTTP/1.1" 200 -
201.245.192.253 - - [22/Sep/2023:03:58:03 -0500] "POST /forms/lservlet;jsessionid=ac16012b30d69d644c52ab7640e8a350f59243e0b584.e3iSbxaKaheRe34Pbx8Nc3aQci1ynknvrkLOlQzNp65In0 HTTP/1.1" 200 2
201.245.192.253 - - [22/Sep/2023:03:58:25 -0500] "POST /kwsrmcab/Wsrmcab  HTTP/1.1" 200 41265
172.22.2.4 - - [22/Sep/2023:03:56:58 -0500] "GET /BLA/boletinlegal/ HTTP/1.1" 200 60692
201.245.192.253 - - [22/Sep/2023:03:59:00 -0500] "POST /forms/lservlet;jsessionid=ac16012b30d6f8876a5c9c7b4f2cb61a8d6dcd3d5a29.e3iSbxaKaheRe34Pbx8Nc3aQci1ynknvrkLOlQzNp65In0 HTTP/1.1" 200 2
66.249.70.196 - - [22/Sep/2023:03:59:57 -0500] "GET /BLA/resoluciones/RESOLUCIONES%202010/6084.pdf HTTP/1.1" 200 367968
66.249.70.196 - - [22/Sep/2023:04:00:02 -0500] "GET /resoluciones/RESOLUCIONES%202008/2836.pdf HTTP/1.1" 404 1018
201.245.192.253 - - [22/Sep/2023:04:00:03 -0500] "POST /forms/lservlet;jsessionid=ac16012b30d69d644c52ab7640e8a350f59243e0b584.e3iSbxaKaheRe34Pbx8Nc3aQci1ynknvrkLOlQzNp65In0 HTTP/1.1" 200 2
66.249.70.198 - - [22/Sep/2023:04:00:37 -0500] "GET /ial/sitio/MEMORIAS%20SIMAH/Auditorio/Viernes%20AM/Sesion%205%20830%201000/4%20Anne%20Chung%20Japon.pdf HTTP/1.1" 404 1018
216.245.221.92 - - [22/Sep/2023:04:00:49 -0500] "HEAD / HTTP/1.1" 200 -
201.245.192.253 - - [22/Sep/2023:04:01:00 -0500] "POST /forms/lservlet;jsessionid=ac16012b30d6f8876a5c9c7b4f2cb61a8d6dcd3d5a29.e3iSbxaKaheRe34Pbx8Nc3aQci1ynknvrkLOlQzNp65In0 HTTP/1.1" 200 2
201.245.192.253 - - [22/Sep/2023:04:02:03 -0500] "POST /forms/lservlet;jsessionid=ac16012b30d69d644c52ab7640e8a350f59243e0b584.e3iSbxaKaheRe34Pbx8Nc3aQci1ynknvrkLOlQzNp65In0 HTTP/1.1" 200 2
201.245.192.253 - - [22/Sep/2023:04:03:00 -0500] "POST /forms/lservlet;jsessionid=ac16012b30d6f8876a5c9c7b4f2cb61a8d6dcd3d5a29.e3iSbxaKaheRe34Pbx8Nc3aQci1ynknvrkLOlQzNp65In0 HTTP/1.1" 200 2
201.245.192.253 - - [22/Sep/2023:04:03:24 -0500] "POST /kwsrmcab/Wsrmcab  HTTP/1.1" 200 41265
66.249.70.196 - - [22/Sep/2023:04:03:29 -0500] "GET /BLA/resoluciones/RESOLUCIONES%202018/1466.pdf HTTP/1.1" 200 339441
66.249.70.196 - - [22/Sep/2023:04:03:32 -0500] "GET /BLA/resoluciones/RESOLUCIONES%202011/0258.pdf HTTP/1.1" 200 292609
172.22.2.4 - - [22/Sep/2023:04:01:57 -0500] "HEAD /BLA/boletinlegal/ HTTP/1.1" 200 -
66.249.70.196 - - [22/Sep/2023:04:03:53 -0500] "GET /BLA/resoluciones/AUTOS%202008/0518.pdf HTTP/1.1" 200 226931
201.245.192.253 - - [22/Sep/2023:04:04:03 -0500] "POST /forms/lservlet;jsessionid=ac16012b30d69d644c52ab7640e8a350f59243e0b584.e3iSbxaKaheRe34Pbx8Nc3aQci1ynknvrkLOlQzNp65In0 HTTP/1.1" 200 2
172.22.2.4 - - [22/Sep/2023:04:02:48 -0500] "GET /BLA/boletinlegal/ HTTP/1.1" 200 58187
201.245.192.253 - - [22/Sep/2023:04:05:00 -0500] "POST /forms/lservlet;jsessionid=ac16012b30d6f8876a5c9c7b4f2cb61a8d6dcd3d5a29.e3iSbxaKaheRe34Pbx8Nc3aQci1ynknvrkLOlQzNp65In0 HTTP/1.1" 200 2
52.167.144.207 - - [22/Sep/2023:04:05:08 -0500] "GET /Publicaciones/2023EE193023.pdf HTTP/1.1" 404 228
216.245.221.92 - - [22/Sep/2023:04:05:49 -0500] "HEAD / HTTP/1.1" 200 -
201.245.192.253 - - [22/Sep/2023:04:06:03 -0500] "POST /forms/lservlet;jsessionid=ac16012b30d69d644c52ab7640e8a350f59243e0b584.e3iSbxaKaheRe34Pbx8Nc3aQci1ynknvrkLOlQzNp65In0 HTTP/1.1" 200 2
201.245.192.253 - - [22/Sep/2023:04:07:00 -0500] "POST /forms/lservlet;jsessionid=ac16012b30d6f8876a5c9c7b4f2cb61a8d6dcd3d5a29.e3iSbxaKaheRe34Pbx8Nc3aQci1ynknvrkLOlQzNp65In0 HTTP/1.1" 200 2
40.77.202.132 - - [22/Sep/2023:04:07:18 -0500] "GET /BLA/boletinlegal/js/jquery.scrollShow.js HTTP/1.1" 200 4586
40.77.202.68 - - [22/Sep/2023:04:07:18 -0500] "GET /galeria/galeria/jquery.fancybox.js?v=2.1.5 HTTP/1.1" 200 48706
40.77.202.9 - - [22/Sep/2023:04:07:18 -0500] "GET /galeria/galeria/jquery.fancybox.css?v=2.1.5 HTTP/1.1" 200 4895
201.245.192.253 - - [22/Sep/2023:04:08:03 -0500] "POST /forms/lservlet;jsessionid=ac16012b30d69d644c52ab7640e8a350f59243e0b584.e3iSbxaKaheRe34Pbx8Nc3aQci1ynknvrkLOlQzNp65In0 HTTP/1.1" 200 2
201.245.192.253 - - [22/Sep/2023:04:08:23 -0500] "POST /kwsrmcab/Wsrmcab  HTTP/1.1" 200 41265
201.245.192.253 - - [22/Sep/2023:04:09:00 -0500] "POST /forms/lservlet;jsessionid=ac16012b30d6f8876a5c9c7b4f2cb61a8d6dcd3d5a29.e3iSbxaKaheRe34Pbx8Nc3aQci1ynknvrkLOlQzNp65In0 HTTP/1.1" 200 2
173.252.107.4 - - [22/Sep/2023:04:09:03 -0500] "GET /decision-de-frenar-obras-en-el-zuque-es-caprichosa-y-priva-a-la-ciudadania-de-conocer-y-preservar-los-cerros-orientales-urrutia-secretaria-de-ambiente.html HTTP/1.1" 200 1018
172.22.2.4 - - [22/Sep/2023:04:07:47 -0500] "HEAD /BLA/boletinlegal/ HTTP/1.1" 200 -
201.245.192.253 - - [22/Sep/2023:04:10:03 -0500] "POST /forms/lservlet;jsessionid=ac16012b30d69d644c52ab7640e8a350f59243e0b584.e3iSbxaKaheRe34Pbx8Nc3aQci1ynknvrkLOlQzNp65In0 HTTP/1.1" 200 2
172.22.2.4 - - [22/Sep/2023:04:08:38 -0500] "GET /BLA/boletinlegal/ HTTP/1.1" 200 58187
216.245.221.92 - - [22/Sep/2023:04:10:49 -0500] "HEAD / HTTP/1.1" 200 -
201.245.192.253 - - [22/Sep/2023:04:11:00 -0500] "POST /forms/lservlet;jsessionid=ac16012b30d6f8876a5c9c7b4f2cb61a8d6dcd3d5a29.e3iSbxaKaheRe34Pbx8Nc3aQci1ynknvrkLOlQzNp65In0 HTTP/1.1" 200 2
66.249.70.198 - - [22/Sep/2023:04:11:09 -0500] "GET /BLA/resoluciones/Autos%202008/0536.pdf HTTP/1.1" 200 173328
187.62.46.29 - - [22/Sep/2023:04:11:41 -0500] "GET / HTTP/1.1" 200 319
201.245.192.253 - - [22/Sep/2023:04:12:03 -0500] "POST /forms/lservlet;jsessionid=ac16012b30d69d644c52ab7640e8a350f59243e0b584.e3iSbxaKaheRe34Pbx8Nc3aQci1ynknvrkLOlQzNp65In0 HTTP/1.1" 200 2
201.245.192.253 - - [22/Sep/2023:04:13:00 -0500] "POST /forms/lservlet;jsessionid=ac16012b30d6f8876a5c9c7b4f2cb61a8d6dcd3d5a29.e3iSbxaKaheRe34Pbx8Nc3aQci1ynknvrkLOlQzNp65In0 HTTP/1.1" 200 2
201.245.192.253 - - [22/Sep/2023:04:13:22 -0500] "POST /kwsrmcab/Wsrmcab  HTTP/1.1" 200 41265
201.245.192.253 - - [22/Sep/2023:04:14:03 -0500] "POST /forms/lservlet;jsessionid=ac16012b30d69d644c52ab7640e8a350f59243e0b584.e3iSbxaKaheRe34Pbx8Nc3aQci1ynknvrkLOlQzNp65In0 HTTP/1.1" 200 2
201.245.192.253 - - [22/Sep/2023:04:15:00 -0500] "POST /forms/lservlet;jsessionid=ac16012b30d6f8876a5c9c7b4f2cb61a8d6dcd3d5a29.e3iSbxaKaheRe34Pbx8Nc3aQci1ynknvrkLOlQzNp65In0 HTTP/1.1" 200 2
66.249.70.198 - - [22/Sep/2023:04:15:32 -0500] "GET /BLA/resoluciones/RESOLUCIONES%202010/4891.pdf HTTP/1.1" 200 750137
201.245.192.253 - - [22/Sep/2023:04:16:03 -0500] "POST /forms/lservlet;jsessionid=ac16012b30d69d644c52ab7640e8a350f59243e0b584.e3iSbxaKaheRe34Pbx8Nc3aQci1ynknvrkLOlQzNp65In0 HTTP/1.1" 200 2
201.245.192.253 - - [22/Sep/2023:04:17:00 -0500] "POST /forms/lservlet;jsessionid=ac16012b30d6f8876a5c9c7b4f2cb61a8d6dcd3d5a29.e3iSbxaKaheRe34Pbx8Nc3aQci1ynknvrkLOlQzNp65In0 HTTP/1.1" 200 2
172.22.2.4 - - [22/Sep/2023:04:17:14 -0500] "GET /BLA/boletinlegal/Directivas/2017/Directiva%20No.%2003%20del%2024%20de%20Febrero%20de%202017.pdf HTTP/1.1" 304 -
201.245.192.253 - - [22/Sep/2023:04:17:44 -0500] "POST /kwsrmcab/Wsrmcab HTTP/1.1" 200 40773
201.245.192.253 - - [22/Sep/2023:04:17:47 -0500] "POST /kwsrmcab/Wsrmcab HTTP/1.1" 200 41397
201.245.192.253 - - [22/Sep/2023:04:18:03 -0500] "POST /forms/lservlet;jsessionid=ac16012b30d69d644c52ab7640e8a350f59243e0b584.e3iSbxaKaheRe34Pbx8Nc3aQci1ynknvrkLOlQzNp65In0 HTTP/1.1" 200 2
201.245.192.253 - - [22/Sep/2023:04:18:20 -0500] "POST /kwsrmcab/Wsrmcab  HTTP/1.1" 200 41265
201.245.192.253 - - [22/Sep/2023:04:19:00 -0500] "POST /forms/lservlet;jsessionid=ac16012b30d6f8876a5c9c7b4f2cb61a8d6dcd3d5a29.e3iSbxaKaheRe34Pbx8Nc3aQci1ynknvrkLOlQzNp65In0 HTTP/1.1" 200 2
201.245.192.253 - - [22/Sep/2023:04:20:03 -0500] "POST /forms/lservlet;jsessionid=ac16012b30d69d644c52ab7640e8a350f59243e0b584.e3iSbxaKaheRe34Pbx8Nc3aQci1ynknvrkLOlQzNp65In0 HTTP/1.1" 200 2
216.245.221.92 - - [22/Sep/2023:04:20:06 -0500] "HEAD / HTTP/1.1" 200 -
201.245.192.253 - - [22/Sep/2023:04:21:00 -0500] "POST /forms/lservlet;jsessionid=ac16012b30d6f8876a5c9c7b4f2cb61a8d6dcd3d5a29.e3iSbxaKaheRe34Pbx8Nc3aQci1ynknvrkLOlQzNp65In0 HTTP/1.1" 200 2
201.245.192.253 - - [22/Sep/2023:04:22:03 -0500] "POST /forms/lservlet;jsessionid=ac16012b30d69d644c52ab7640e8a350f59243e0b584.e3iSbxaKaheRe34Pbx8Nc3aQci1ynknvrkLOlQzNp65In0 HTTP/1.1" 200 2
52.167.144.191 - - [22/Sep/2023:04:22:19 -0500] "GET /BLA/resoluciones/AUTOS%202023/4232.pdf HTTP/1.1" 200 946986
172.22.2.4 - - [22/Sep/2023:04:20:51 -0500] "HEAD /BLA/boletinlegal/ HTTP/1.1" 200 -
201.245.192.253 - - [22/Sep/2023:04:23:00 -0500] "POST /forms/lservlet;jsessionid=ac16012b30d6f8876a5c9c7b4f2cb61a8d6dcd3d5a29.e3iSbxaKaheRe34Pbx8Nc3aQci1ynknvrkLOlQzNp65In0 HTTP/1.1" 200 2
172.22.2.4 - - [22/Sep/2023:04:21:41 -0500] "GET /BLA/boletinlegal/ HTTP/1.1" 200 58187
201.245.192.253 - - [22/Sep/2023:04:23:19 -0500] "POST /kwsrmcab/Wsrmcab  HTTP/1.1" 200 41265
66.249.70.198 - - [22/Sep/2023:04:23:48 -0500] "GET /BLA/resoluciones/RESOLUCIONES%202014/1095.pdf HTTP/1.1" 200 586287
201.245.192.253 - - [22/Sep/2023:04:24:03 -0500] "POST /forms/lservlet;jsessionid=ac16012b30d69d644c52ab7640e8a350f59243e0b584.e3iSbxaKaheRe34Pbx8Nc3aQci1ynknvrkLOlQzNp65In0 HTTP/1.1" 200 2
69.171.231.8 - - [22/Sep/2023:04:24:25 -0500] "GET /images/avistamiento-aves.jpg HTTP/1.1" 200 104313
201.245.192.253 - - [22/Sep/2023:04:25:00 -0500] "POST /forms/lservlet;jsessionid=ac16012b30d6f8876a5c9c7b4f2cb61a8d6dcd3d5a29.e3iSbxaKaheRe34Pbx8Nc3aQci1ynknvrkLOlQzNp65In0 HTTP/1.1" 200 2
216.245.221.92 - - [22/Sep/2023:04:25:05 -0500] "HEAD / HTTP/1.1" 200 -
52.167.144.66 - - [22/Sep/2023:04:25:19 -0500] "GET /robots.txt HTTP/1.1" 404 1018
201.245.192.253 - - [22/Sep/2023:04:26:03 -0500] "POST /forms/lservlet;jsessionid=ac16012b30d69d644c52ab7640e8a350f59243e0b584.e3iSbxaKaheRe34Pbx8Nc3aQci1ynknvrkLOlQzNp65In0 HTTP/1.1" 200 2
168.119.253.61 - - [22/Sep/2023:04:26:10 -0500] "GET / HTTP/1.1" 200 319
201.245.192.253 - - [22/Sep/2023:04:27:00 -0500] "POST /forms/lservlet;jsessionid=ac16012b30d6f8876a5c9c7b4f2cb61a8d6dcd3d5a29.e3iSbxaKaheRe34Pbx8Nc3aQci1ynknvrkLOlQzNp65In0 HTTP/1.1" 200 2
66.249.70.196 - - [22/Sep/2023:04:27:26 -0500] "GET /BLA/resoluciones/RESOLUCIONES%202007/RES%202007%201801%20AL%201900/RESOLUCION%201848%20DE%202007.pdf HTTP/1.1" 200 182223
201.245.192.253 - - [22/Sep/2023:04:27:44 -0500] "POST /kwsrmcab/Wsrmcab HTTP/1.1" 200 40773
201.245.192.253 - - [22/Sep/2023:04:27:47 -0500] "POST /kwsrmcab/Wsrmcab HTTP/1.1" 200 41397
40.77.167.230 - - [22/Sep/2023:04:27:57 -0500] "GET /sitemap.txt HTTP/1.1" 404 1035
201.245.192.253 - - [22/Sep/2023:04:28:03 -0500] "POST /forms/lservlet;jsessionid=ac16012b30d69d644c52ab7640e8a350f59243e0b584.e3iSbxaKaheRe34Pbx8Nc3aQci1ynknvrkLOlQzNp65In0 HTTP/1.1" 200 2
216.244.66.195 - - [22/Sep/2023:04:28:04 -0500] "GET /BLA/resoluciones/AUTOS%202010/1157.pdf HTTP/1.1" 200 147054
109.237.24.104 - - [22/Sep/2023:04:28:04 -0500] "GET / HTTP/1.1" 200 319
109.237.24.104 - - [22/Sep/2023:04:28:05 -0500] "\x16\x03\x01" 400 226
109.237.24.104 - - [22/Sep/2023:04:28:05 -0500] "\x16\x03\x01" 400 226
109.237.24.104 - - [22/Sep/2023:04:28:05 -0500] "\x16\x03\x01" 400 226
172.22.2.4 - - [22/Sep/2023:04:26:40 -0500] "HEAD /BLA/boletinlegal/ HTTP/1.1" 200 -
201.245.192.253 - - [22/Sep/2023:04:28:18 -0500] "POST /kwsrmcab/Wsrmcab  HTTP/1.1" 200 41265
216.244.66.195 - - [22/Sep/2023:04:28:42 -0500] "GET /BLA/resoluciones/AUTOS%202010/1381.pdf HTTP/1.1" 200 287527
201.245.192.253 - - [22/Sep/2023:04:29:00 -0500] "POST /forms/lservlet;jsessionid=ac16012b30d6f8876a5c9c7b4f2cb61a8d6dcd3d5a29.e3iSbxaKaheRe34Pbx8Nc3aQci1ynknvrkLOlQzNp65In0 HTTP/1.1" 200 2
172.22.2.4 - - [22/Sep/2023:04:27:31 -0500] "GET /BLA/boletinlegal/ HTTP/1.1" 200 60692
216.244.66.195 - - [22/Sep/2023:04:29:28 -0500] "GET /BLA/resoluciones/AUTOS%202010/1454.pdf HTTP/1.1" 200 268931
201.245.192.253 - - [22/Sep/2023:04:30:03 -0500] "POST /forms/lservlet;jsessionid=ac16012b30d69d644c52ab7640e8a350f59243e0b584.e3iSbxaKaheRe34Pbx8Nc3aQci1ynknvrkLOlQzNp65In0 HTTP/1.1" 200 2
216.245.221.92 - - [22/Sep/2023:04:30:05 -0500] "HEAD / HTTP/1.1" 200 -
216.244.66.195 - - [22/Sep/2023:04:30:12 -0500] "GET /BLA/resoluciones/AUTOS%202010/3729.pdf HTTP/1.1" 200 35040
216.244.66.195 - - [22/Sep/2023:04:30:44 -0500] "GET /BLA/resoluciones/AUTOS%202010/3769.pdf HTTP/1.1" 200 287375
201.245.192.253 - - [22/Sep/2023:04:31:00 -0500] "POST /forms/lservlet;jsessionid=ac16012b30d6f8876a5c9c7b4f2cb61a8d6dcd3d5a29.e3iSbxaKaheRe34Pbx8Nc3aQci1ynknvrkLOlQzNp65In0 HTTP/1.1" 200 2
216.244.66.195 - - [22/Sep/2023:04:31:26 -0500] "GET /BLA/resoluciones/AUTOS%202010/4397.pdf HTTP/1.1" 200 141403
66.249.70.198 - - [22/Sep/2023:04:32:00 -0500] "GET /BLA/resoluciones/RESOLUCIONES%202009/0002.pdf HTTP/1.1" 200 234079
201.245.192.253 - - [22/Sep/2023:04:32:03 -0500] "POST /forms/lservlet;jsessionid=ac16012b30d69d644c52ab7640e8a350f59243e0b584.e3iSbxaKaheRe34Pbx8Nc3aQci1ynknvrkLOlQzNp65In0 HTTP/1.1" 200 2
216.244.66.195 - - [22/Sep/2023:04:32:10 -0500] "GET /BLA/resoluciones/AUTOS%202010/4634.pdf HTTP/1.1" 200 327633
216.244.66.195 - - [22/Sep/2023:04:32:57 -0500] "GET /BLA/resoluciones/AUTOS%202010/4640.pdf HTTP/1.1" 200 547477
201.245.192.253 - - [22/Sep/2023:04:33:00 -0500] "POST /forms/lservlet;jsessionid=ac16012b30d6f8876a5c9c7b4f2cb61a8d6dcd3d5a29.e3iSbxaKaheRe34Pbx8Nc3aQci1ynknvrkLOlQzNp65In0 HTTP/1.1" 200 2
201.245.192.253 - - [22/Sep/2023:04:33:17 -0500] "POST /kwsrmcab/Wsrmcab  HTTP/1.1" 200 41265
216.244.66.195 - - [22/Sep/2023:04:33:47 -0500] "GET /BLA/resoluciones/AUTOS%202010/5495.pdf HTTP/1.1" 200 214017
201.245.192.253 - - [22/Sep/2023:04:34:03 -0500] "POST /forms/lservlet;jsessionid=ac16012b30d69d644c52ab7640e8a350f59243e0b584.e3iSbxaKaheRe34Pbx8Nc3aQci1ynknvrkLOlQzNp65In0 HTTP/1.1" 200 2
172.22.2.4 - - [22/Sep/2023:04:32:30 -0500] "HEAD /BLA/boletinlegal/ HTTP/1.1" 200 -
216.244.66.195 - - [22/Sep/2023:04:34:19 -0500] "GET /BLA/resoluciones/AUTOS%202010/5531.pdf HTTP/1.1" 200 225124
216.244.66.195 - - [22/Sep/2023:04:34:49 -0500] "GET /BLA/resoluciones/AUTOS%202010/5585.pdf HTTP/1.1" 200 548936
201.245.192.253 - - [22/Sep/2023:04:35:00 -0500] "POST /forms/lservlet;jsessionid=ac16012b30d6f8876a5c9c7b4f2cb61a8d6dcd3d5a29.e3iSbxaKaheRe34Pbx8Nc3aQci1ynknvrkLOlQzNp65In0 HTTP/1.1" 200 2
172.22.2.4 - - [22/Sep/2023:04:33:21 -0500] "GET /BLA/boletinlegal/ HTTP/1.1" 200 60342
216.245.221.92 - - [22/Sep/2023:04:35:05 -0500] "HEAD / HTTP/1.1" 200 -
216.244.66.195 - - [22/Sep/2023:04:35:18 -0500] "GET /BLA/resoluciones/AUTOS%202010/6360.pdf HTTP/1.1" 200 114959
216.244.66.195 - - [22/Sep/2023:04:35:45 -0500] "GET /BLA/resoluciones/AUTOS%202010/6765.pdf HTTP/1.1" 200 293293
201.245.192.253 - - [22/Sep/2023:04:36:03 -0500] "POST /forms/lservlet;jsessionid=ac16012b30d69d644c52ab7640e8a350f59243e0b584.e3iSbxaKaheRe34Pbx8Nc3aQci1ynknvrkLOlQzNp65In0 HTTP/1.1" 200 2
216.244.66.195 - - [22/Sep/2023:04:36:11 -0500] "GET /BLA/resoluciones/AUTOS%202010/6816.pdf HTTP/1.1" 200 147983
201.245.192.253 - - [22/Sep/2023:04:37:00 -0500] "POST /forms/lservlet;jsessionid=ac16012b30d6f8876a5c9c7b4f2cb61a8d6dcd3d5a29.e3iSbxaKaheRe34Pbx8Nc3aQci1ynknvrkLOlQzNp65In0 HTTP/1.1" 200 2
172.22.2.4 - - [22/Sep/2023:04:37:41 -0500] "GET /BLA/boletinlegal/Directivas/2009/Directiva%20No.%20del%2023%20de%20Diciembre%20de%202009.pdf HTTP/1.1" 304 -
201.245.192.253 - - [22/Sep/2023:04:37:44 -0500] "POST /kwsrmcab/Wsrmcab HTTP/1.1" 200 40773
201.245.192.253 - - [22/Sep/2023:04:37:47 -0500] "POST /kwsrmcab/Wsrmcab HTTP/1.1" 200 41397
66.249.70.198 - - [22/Sep/2023:04:37:49 -0500] "GET /BLA/resoluciones/RESOLUCIONES%202010/6331.pdf HTTP/1.1" 200 559473
201.245.192.253 - - [22/Sep/2023:04:38:03 -0500] "POST /forms/lservlet;jsessionid=ac16012b30d69d644c52ab7640e8a350f59243e0b584.e3iSbxaKaheRe34Pbx8Nc3aQci1ynknvrkLOlQzNp65In0 HTTP/1.1" 200 2
201.245.192.253 - - [22/Sep/2023:04:38:17 -0500] "POST /kwsrmcab/Wsrmcab  HTTP/1.1" 200 41265
18.169.170.136 - - [22/Sep/2023:04:38:48 -0500] "" 400 226
201.245.192.253 - - [22/Sep/2023:04:39:00 -0500] "POST /forms/lservlet;jsessionid=ac16012b30d6f8876a5c9c7b4f2cb61a8d6dcd3d5a29.e3iSbxaKaheRe34Pbx8Nc3aQci1ynknvrkLOlQzNp65In0 HTTP/1.1" 200 2
172.22.2.4 - - [22/Sep/2023:04:38:20 -0500] "HEAD /BLA/boletinlegal/ HTTP/1.1" 200 -
201.245.192.253 - - [22/Sep/2023:04:40:03 -0500] "POST /forms/lservlet;jsessionid=ac16012b30d69d644c52ab7640e8a350f59243e0b584.e3iSbxaKaheRe34Pbx8Nc3aQci1ynknvrkLOlQzNp65In0 HTTP/1.1" 200 2
216.245.221.92 - - [22/Sep/2023:04:40:05 -0500] "HEAD / HTTP/1.1" 200 -
216.244.66.195 - - [22/Sep/2023:04:40:36 -0500] "GET /robots.txt HTTP/1.1" 404 1018
172.22.2.4 - - [22/Sep/2023:04:39:11 -0500] "GET /BLA/boletinlegal/ HTTP/1.1" 200 60692
201.245.192.253 - - [22/Sep/2023:04:41:00 -0500] "POST /forms/lservlet;jsessionid=ac16012b30d6f8876a5c9c7b4f2cb61a8d6dcd3d5a29.e3iSbxaKaheRe34Pbx8Nc3aQci1ynknvrkLOlQzNp65In0 HTTP/1.1" 200 2
18.169.170.136 - - [22/Sep/2023:04:41:13 -0500] "\x16\x03\x01" 400 226
172.22.2.4 - - [22/Sep/2023:04:41:48 -0500] "GET /BLA/boletinlegal/Directivas/2017/Directiva%20No.%2001%20del%2027%20de%20Junio%20de%202018.pdf HTTP/1.1" 304 -
201.245.192.253 - - [22/Sep/2023:04:42:03 -0500] "POST /forms/lservlet;jsessionid=ac16012b30d69d644c52ab7640e8a350f59243e0b584.e3iSbxaKaheRe34Pbx8Nc3aQci1ynknvrkLOlQzNp65In0 HTTP/1.1" 200 2
157.55.39.203 - - [22/Sep/2023:04:42:17 -0500] "GET /catalogoisis/ HTTP/1.1" 200 8575
157.55.39.203 - - [22/Sep/2023:04:42:19 -0500] "GET /BLA/resoluciones/AUTOS%202023/3381.pdf HTTP/1.1" 200 1529076
157.55.39.203 - - [22/Sep/2023:04:42:29 -0500] "GET /catalogoisis/Css/Busqueda.css HTTP/1.1" 200 1995
157.55.39.203 - - [22/Sep/2023:04:42:29 -0500] "GET /BLA/resoluciones/index.php?dir=RESOLUCIONES+2006%2FRES+2006+1451-1500%2F HTTP/1.1" 200 12370
157.55.39.203 - - [22/Sep/2023:04:42:30 -0500] "GET /sipse/faces/recuperarclave.xhtml HTTP/1.1" 200 9411
157.55.39.203 - - [22/Sep/2023:04:42:31 -0500] "GET /catalogoisis/Js/Cookies.js HTTP/1.1" 200 1369
157.55.39.203 - - [22/Sep/2023:04:42:31 -0500] "GET /catalogoisis/Js/Go.js HTTP/1.1" 200 364
52.167.144.233 - - [22/Sep/2023:04:42:37 -0500] "GET /catalogoisis/Js/AceptarLimpiar.js HTTP/1.1" 200 331
52.167.144.233 - - [22/Sep/2023:04:42:37 -0500] "GET /catalogoisis/Js/LimpiarCombinada.js HTTP/1.1" 200 207
40.77.167.9 - - [22/Sep/2023:04:42:41 -0500] "GET /catalogoisis/Js/CriterioCombinada.js HTTP/1.1" 200 1843
40.77.167.9 - - [22/Sep/2023:04:42:41 -0500] "GET /catalogoisis/Js/Enter.js HTTP/1.1" 200 1208
40.77.167.9 - - [22/Sep/2023:04:42:41 -0500] "GET /catalogoisis/Js/Numero.js HTTP/1.1" 200 398
40.77.167.9 - - [22/Sep/2023:04:42:42 -0500] "GET /catalogoisis/Js/Remote.js HTTP/1.1" 200 436
201.245.192.253 - - [22/Sep/2023:04:43:00 -0500] "POST /forms/lservlet;jsessionid=ac16012b30d6f8876a5c9c7b4f2cb61a8d6dcd3d5a29.e3iSbxaKaheRe34Pbx8Nc3aQci1ynknvrkLOlQzNp65In0 HTTP/1.1" 200 2
201.245.192.253 - - [22/Sep/2023:04:43:16 -0500] "POST /kwsrmcab/Wsrmcab  HTTP/1.1" 200 41265
18.169.170.136 - - [22/Sep/2023:04:43:37 -0500] "\x16\x03\x01" 400 226
136.243.228.194 - - [22/Sep/2023:04:43:53 -0500] "GET /semana-bogota-reverdece-con-exito-finaliza-el-primer-dia-de-la-convencion-internacional-de-emergencia-climatica.html HTTP/1.1" 200 898
201.245.192.253 - - [22/Sep/2023:04:44:03 -0500] "POST /forms/lservlet;jsessionid=ac16012b30d69d644c52ab7640e8a350f59243e0b584.e3iSbxaKaheRe34Pbx8Nc3aQci1ynknvrkLOlQzNp65In0 HTTP/1.1" 200 2
136.243.228.194 - - [22/Sep/2023:04:44:24 -0500] "GET /semana-bogoti-reverdece-bogoti-preparada-para-la-crisis-climitica.html HTTP/1.1" 200 949
18.169.170.136 - - [22/Sep/2023:04:44:33 -0500] "GET /favicon.ico HTTP/1.1" 200 7782
201.245.192.253 - - [22/Sep/2023:04:45:00 -0500] "POST /forms/lservlet;jsessionid=ac16012b30d6f8876a5c9c7b4f2cb61a8d6dcd3d5a29.e3iSbxaKaheRe34Pbx8Nc3aQci1ynknvrkLOlQzNp65In0 HTTP/1.1" 200 2
216.245.221.92 - - [22/Sep/2023:04:45:05 -0500] "HEAD / HTTP/1.1" 200 -
172.22.2.4 - - [22/Sep/2023:04:44:10 -0500] "HEAD /BLA/boletinlegal/ HTTP/1.1" 200 -
18.169.170.136 - - [22/Sep/2023:04:46:01 -0500] "\x16\x03\x01" 400 226
201.245.192.253 - - [22/Sep/2023:04:46:03 -0500] "POST /forms/lservlet;jsessionid=ac16012b30d69d644c52ab7640e8a350f59243e0b584.e3iSbxaKaheRe34Pbx8Nc3aQci1ynknvrkLOlQzNp65In0 HTTP/1.1" 200 2
172.22.2.4 - - [22/Sep/2023:04:45:01 -0500] "GET /BLA/boletinlegal/ HTTP/1.1" 200 60692
18.169.170.136 - - [22/Sep/2023:04:46:58 -0500] "GET /manage/account/login HTTP/1.1" 404 1018
201.245.192.253 - - [22/Sep/2023:04:47:00 -0500] "POST /forms/lservlet;jsessionid=ac16012b30d6f8876a5c9c7b4f2cb61a8d6dcd3d5a29.e3iSbxaKaheRe34Pbx8Nc3aQci1ynknvrkLOlQzNp65In0 HTTP/1.1" 200 2
201.245.192.253 - - [22/Sep/2023:04:48:03 -0500] "POST /forms/lservlet;jsessionid=ac16012b30d69d644c52ab7640e8a350f59243e0b584.e3iSbxaKaheRe34Pbx8Nc3aQci1ynknvrkLOlQzNp65In0 HTTP/1.1" 200 2
201.245.192.253 - - [22/Sep/2023:04:48:14 -0500] "POST /kwsrmcab/Wsrmcab  HTTP/1.1" 200 41265
201.245.192.253 - - [22/Sep/2023:04:49:00 -0500] "POST /forms/lservlet;jsessionid=ac16012b30d6f8876a5c9c7b4f2cb61a8d6dcd3d5a29.e3iSbxaKaheRe34Pbx8Nc3aQci1ynknvrkLOlQzNp65In0 HTTP/1.1" 200 2
18.169.170.136 - - [22/Sep/2023:04:49:26 -0500] "\x16\x03\x01" 400 226
201.245.192.253 - - [22/Sep/2023:04:50:03 -0500] "POST /forms/lservlet;jsessionid=ac16012b30d69d644c52ab7640e8a350f59243e0b584.e3iSbxaKaheRe34Pbx8Nc3aQci1ynknvrkLOlQzNp65In0 HTTP/1.1" 200 2
216.245.221.92 - - [22/Sep/2023:04:50:05 -0500] "HEAD / HTTP/1.1" 200 -
18.169.170.136 - - [22/Sep/2023:04:50:23 -0500] "GET /admin/index.html HTTP/1.1" 404 1018
201.245.192.253 - - [22/Sep/2023:04:51:00 -0500] "POST /forms/lservlet;jsessionid=ac16012b30d6f8876a5c9c7b4f2cb61a8d6dcd3d5a29.e3iSbxaKaheRe34Pbx8Nc3aQci1ynknvrkLOlQzNp65In0 HTTP/1.1" 200 2
152.203.165.175 - - [22/Sep/2023:04:51:11 -0500] "GET /un-respiro-para-el-ambiente-durante-la-jornada-de-dia-sin-carro-y-sin-moto.html HTTP/1.1" 200 702
172.22.2.4 - - [22/Sep/2023:04:50:00 -0500] "HEAD /BLA/boletinlegal/ HTTP/1.1" 200 -
186.86.32.246 - - [22/Sep/2023:04:51:41 -0500] "GET /decision-de-frenar-obras-en-el-zuque-es-caprichosa-y-priva-a-la-ciudadania-de-conocer-y-preservar-los-cerros-orientales-urrutia-secretaria-de-ambiente.html?fbclid=IwAR0xzw2RiT7qMwqWGoi9X4Mo92elcM-gSRNPQg1waaQy8vdNTu9-FIOS2ro HTTP/1.1" 200 1018
66.220.149.9 - - [22/Sep/2023:04:52:00 -0500] "GET /decision-de-frenar-obras-en-el-zuque-es-caprichosa-y-priva-a-la-ciudadania-de-conocer-y-preservar-los-cerros-orientales-urrutia-secretaria-de-ambiente.html HTTP/1.1" 200 1018
52.167.144.136 - - [22/Sep/2023:04:52:01 -0500] "GET / HTTP/1.1" 200 319
