190.90.94.115 - - [22/Sep/2023:13:52:52 -0500] "POST /sipse/faces/presentacion/sistema/reporte/ventanaVerReporteParametros.xhtml HTTP/1.1" 200 2658
201.245.192.253 - - [22/Sep/2023:13:52:54 -0500] "POST /forms/lservlet;jsessionid=ac16012b30d69d644c52ab7640e8a350f59243e0b584.e3iSbxaKaheRe34Pbx8Nc3aQci1ynknvrkLOlQzNp65In0 HTTP/1.1" 200 2
190.90.94.115 - - [22/Sep/2023:13:52:55 -0500] "POST /sipse/faces/presentacion/sistema/reporte/ventanaVerReporteParametros.xhtml HTTP/1.1" 200 184
69.171.249.1 - - [22/Sep/2023:13:52:55 -0500] "GET /images/acuerdos-conservacion-08-23.jpg HTTP/1.1" 200 55051
190.90.94.115 - - [22/Sep/2023:13:52:55 -0500] "GET /sipse/faces/presentacion/financiero/solicitudAnulacion/solicitudAnulacion.xhtml HTTP/1.1" 200 47479
190.90.94.115 - - [22/Sep/2023:13:52:56 -0500] "GET /sipse/faces/javax.faces.resource/theme.css?ln=primefaces-sipse HTTP/1.1" 304 -
190.90.94.115 - - [22/Sep/2023:13:52:56 -0500] "GET /sipse/faces/javax.faces.resource/primefaces.css?ln=primefaces&v=4.0 HTTP/1.1" 304 -
190.90.94.115 - - [22/Sep/2023:13:52:56 -0500] "GET /sipse/faces/javax.faces.resource/layout/layout.css?ln=primefaces&v=4.0 HTTP/1.1" 304 -
190.90.94.115 - - [22/Sep/2023:13:52:56 -0500] "GET /sipse/faces/javax.faces.resource/primefaces.js?ln=primefaces&v=4.0 HTTP/1.1" 304 -
190.90.94.115 - - [22/Sep/2023:13:52:56 -0500] "GET /sipse/faces/javax.faces.resource/layout/layout.js?ln=primefaces&v=4.0 HTTP/1.1" 304 -
190.90.94.115 - - [22/Sep/2023:13:52:56 -0500] "GET /sipse/faces/javax.faces.resource/jquery/jquery.js?ln=primefaces&v=4.0 HTTP/1.1" 304 -
190.90.94.115 - - [22/Sep/2023:13:52:56 -0500] "GET /sipse/faces/javax.faces.resource/jquery/jquery-plugins.js?ln=primefaces&v=4.0 HTTP/1.1" 304 -
190.90.94.115 - - [22/Sep/2023:13:52:56 -0500] "GET /sipse/faces/javax.faces.resource/images/ui-icons_898989_256x240.png?ln=primefaces-aristo HTTP/1.1" 304 -
190.90.94.115 - - [22/Sep/2023:13:52:56 -0500] "GET /sipse/faces/javax.faces.resource/images/ui-bg_flat_0_2d5972_40x100.png?ln=primefaces-aristo HTTP/1.1" 304 -
190.90.94.115 - - [22/Sep/2023:13:52:56 -0500] "POST /sipse/faces/presentacion/financiero/solicitudAnulacion/solicitudAnulacion.xhtml HTTP/1.1" 200 19306
216.244.66.195 - - [22/Sep/2023:13:53:00 -0500] "GET /BLA/resoluciones/AUTOS%202020/2866.pdf HTTP/1.1" 200 345175
190.90.94.115 - - [22/Sep/2023:13:53:05 -0500] "POST /sipse/faces/presentacion/financiero/solicitudAnulacion/solicitudAnulacion.xhtml HTTP/1.1" 200 42578
190.90.94.115 - - [22/Sep/2023:13:53:05 -0500] "GET /sipse/faces/javax.faces.resource/fileupload/fileupload.css?ln=primefaces&v=4.0 HTTP/1.1" 200 1330
190.90.94.115 - - [22/Sep/2023:13:53:05 -0500] "GET /sipse/faces/javax.faces.resource/jquery/jquery.js?ln=primefaces&v=4.0 HTTP/1.1" 304 -
190.90.94.115 - - [22/Sep/2023:13:53:05 -0500] "GET /sipse/faces/javax.faces.resource/jquery/jquery-plugins.js?ln=primefaces&v=4.0 HTTP/1.1" 304 -
190.90.94.115 - - [22/Sep/2023:13:53:06 -0500] "GET /sipse/faces/javax.faces.resource/primefaces.js?ln=primefaces&v=4.0 HTTP/1.1" 304 -
190.90.94.115 - - [22/Sep/2023:13:53:06 -0500] "GET /sipse/faces/javax.faces.resource/layout/layout.js?ln=primefaces&v=4.0 HTTP/1.1" 304 -
190.90.94.115 - - [22/Sep/2023:13:53:06 -0500] "GET /sipse/faces/javax.faces.resource/fileupload/fileupload.js?ln=primefaces&v=4.0 HTTP/1.1" 200 28091
190.90.94.115 - - [22/Sep/2023:13:53:10 -0500] "POST /sipse/faces/presentacion/financiero/solicitudAnulacion/registrarSolicitudAnulacion.xhtml HTTP/1.1" 200 19439
32.219.5.178 - - [22/Sep/2023:13:53:13 -0500] "POST / HTTP/1.1" 200 319
190.90.94.115 - - [22/Sep/2023:13:53:13 -0500] "POST /sipse/faces/presentacion/financiero/solicitudAnulacion/registrarSolicitudAnulacion.xhtml HTTP/1.1" 200 19449
201.245.192.253 - - [22/Sep/2023:13:53:15 -0500] "POST /forms/lservlet;jsessionid=ac16012b30d6f3f2d4db477e4781898ab9fb251252a5.e3iSbxaKaheRe34Pbx8Nc3aQci1ynknvrkLOlQzNp65In0 HTTP/1.1" 200 2
201.245.192.253 - - [22/Sep/2023:13:53:15 -0500] "POST /forms/lservlet;jsessionid=ac16012b30d6f3f2d4db477e4781898ab9fb251252a5.e3iSbxaKaheRe34Pbx8Nc3aQci1ynknvrkLOlQzNp65In0 HTTP/1.1" 200 2
201.245.192.253 - - [22/Sep/2023:13:53:32 -0500] "GET /BLA/resoluciones/index.php?dir=AUTOS+2011%2F HTTP/1.1" 200 636751
172.22.2.4 - - [22/Sep/2023:13:53:35 -0500] "GET /BLA/boletinlegal/style.css HTTP/1.1" 200 9406
172.22.2.4 - - [22/Sep/2023:13:53:35 -0500] "GET /BLA/boletinlegal/styles2.css HTTP/1.1" 200 1838
172.22.2.4 - - [22/Sep/2023:13:53:35 -0500] "GET /BLA/boletinlegal/js/jquery.js HTTP/1.1" 200 57254
172.22.2.4 - - [22/Sep/2023:13:53:35 -0500] "GET /BLA/boletinlegal/js/jquery.scrollTo-min.js HTTP/1.1" 200 1150
172.22.2.4 - - [22/Sep/2023:13:53:35 -0500] "GET /BLA/boletinlegal/js/jquery.scrollShow.js HTTP/1.1" 200 4586
172.22.2.4 - - [22/Sep/2023:13:53:35 -0500] "GET /BLA/boletinlegal/images/cabezote%20BLEGAL.jpg HTTP/1.1" 200 118164
172.22.2.4 - - [22/Sep/2023:13:53:35 -0500] "GET /BLA/boletinlegal/images/subscribe-icon-big.png HTTP/1.1" 200 47702
172.22.2.4 - - [22/Sep/2023:13:53:35 -0500] "GET /BLA/boletinlegal/images/historia.png HTTP/1.1" 200 52775
172.22.2.4 - - [22/Sep/2023:13:53:35 -0500] "GET /BLA/boletinlegal/images/registro-usuarios.png HTTP/1.1" 200 8106
172.22.2.4 - - [22/Sep/2023:13:53:35 -0500] "GET /BLA/boletinlegal/images/arr_l.jpg HTTP/1.1" 200 1979
172.22.2.4 - - [22/Sep/2023:13:53:35 -0500] "GET /BLA/boletinlegal/images/launch.jpg HTTP/1.1" 200 14577
172.22.2.4 - - [22/Sep/2023:13:53:35 -0500] "GET /BLA/boletinlegal/images/screen_1.png HTTP/1.1" 200 202547
172.22.2.4 - - [22/Sep/2023:13:53:35 -0500] "GET /BLA/boletinlegal/images/body_bg.jpg HTTP/1.1" 200 1601
172.22.2.4 - - [22/Sep/2023:13:53:35 -0500] "GET /BLA/boletinlegal/images/menu_lft.gif HTTP/1.1" 200 1713
172.22.2.4 - - [22/Sep/2023:13:53:35 -0500] "GET /BLA/boletinlegal/images/menu_rght.gif HTTP/1.1" 200 1627
172.22.2.4 - - [22/Sep/2023:13:53:35 -0500] "GET /BLA/boletinlegal/images/bg_top.jpg HTTP/1.1" 200 522
172.22.2.4 - - [22/Sep/2023:13:53:35 -0500] "GET /BLA/boletinlegal/images/menu_bg.jpg HTTP/1.1" 200 620
172.22.2.4 - - [22/Sep/2023:13:53:35 -0500] "GET /BLA/boletinlegal/images/hover.jpg HTTP/1.1" 200 640
172.22.2.4 - - [22/Sep/2023:13:53:35 -0500] "GET /BLA/boletinlegal/images/text.jpg HTTP/1.1" 200 568
172.22.2.4 - - [22/Sep/2023:13:53:37 -0500] "GET /BLA/boletinlegal/actos.php HTTP/1.1" 200 9682
172.22.2.4 - - [22/Sep/2023:13:53:37 -0500] "GET /BLA/boletinlegal/js/ajax_actos.js HTTP/1.1" 200 1322
172.22.2.4 - - [22/Sep/2023:13:53:37 -0500] "GET /BLA/boletinlegal/niceforms.js HTTP/1.1" 200 22876
172.22.2.4 - - [22/Sep/2023:13:53:37 -0500] "GET /BLA/boletinlegal/niceforms-default.css HTTP/1.1" 200 6694
172.22.2.4 - - [22/Sep/2023:13:53:37 -0500] "GET /BLA/boletinlegal/js/lib.js HTTP/1.1" 200 6474
172.22.2.4 - - [22/Sep/2023:13:53:37 -0500] "GET /BLA/boletinlegal/js/popup.js HTTP/1.1" 200 1270
172.22.2.4 - - [22/Sep/2023:13:53:37 -0500] "GET /BLA/boletinlegal/js/jquery1.js HTTP/1.1" 200 29846
172.22.2.4 - - [22/Sep/2023:13:53:37 -0500] "GET /BLA/boletinlegal/images/green-yellow-blue-pink-th.png HTTP/1.1" 200 7394
172.22.2.4 - - [22/Sep/2023:13:53:37 -0500] "GET /BLA/boletinlegal/images/tel.png HTTP/1.1" 200 14477
172.22.2.4 - - [22/Sep/2023:13:53:37 -0500] "GET /BLA/boletinlegal/images/icono-email.png HTTP/1.1" 200 5544
172.22.2.4 - - [22/Sep/2023:13:53:37 -0500] "GET /BLA/boletinlegal/images/footer_bg.jpg HTTP/1.1" 200 586
172.22.2.4 - - [22/Sep/2023:13:53:38 -0500] "GET /BLA/boletinlegal/images/footer_bg_l.jpg HTTP/1.1" 200 776
172.22.2.4 - - [22/Sep/2023:13:53:38 -0500] "GET /BLA/boletinlegal/img/0.png HTTP/1.1" 200 110
172.22.2.4 - - [22/Sep/2023:13:53:38 -0500] "GET /BLA/boletinlegal/img/select-left.png HTTP/1.1" 200 263
172.22.2.4 - - [22/Sep/2023:13:53:38 -0500] "GET /BLA/boletinlegal/img/select-right.png HTTP/1.1" 200 44019
172.22.2.4 - - [22/Sep/2023:13:53:38 -0500] "GET /BLA/boletinlegal/img/button-left.png HTTP/1.1" 200 57071
201.245.192.253 - - [22/Sep/2023:13:53:38 -0500] "GET /BLA/resoluciones/AUTOS%202011/3290.pdf HTTP/1.1" 200 216275
172.22.2.4 - - [22/Sep/2023:13:53:38 -0500] "GET /BLA/boletinlegal/img/button.png HTTP/1.1" 200 43241
172.22.2.4 - - [22/Sep/2023:13:53:38 -0500] "GET /BLA/boletinlegal/img/button-right.png HTTP/1.1" 200 57878
172.22.2.4 - - [22/Sep/2023:13:53:38 -0500] "GET /BLA/boletinlegal/favicon.ico HTTP/1.1" 404 1326
186.28.135.204 - - [22/Sep/2023:13:53:41 -0500] "GET /BLA/resoluciones/ HTTP/1.1" 200 13696
186.28.135.204 - - [22/Sep/2023:13:53:41 -0500] "GET /BLA/resoluciones/dlf/styles.css HTTP/1.1" 200 3049
186.28.135.204 - - [22/Sep/2023:13:53:41 -0500] "GET /BLA/resoluciones/dlf/folder.png HTTP/1.1" 200 410
186.28.135.204 - - [22/Sep/2023:13:53:41 -0500] "GET /BLA/resoluciones/dlf/bg.gif HTTP/1.1" 200 54
186.28.135.204 - - [22/Sep/2023:13:53:44 -0500] "GET /BLA/resoluciones/dlf/dirup.png HTTP/1.1" 200 644
186.28.135.204 - - [22/Sep/2023:13:53:44 -0500] "GET /BLA/resoluciones/dlf/pdf.gif HTTP/1.1" 200 272
186.28.135.204 - - [22/Sep/2023:13:53:44 -0500] "GET /BLA/resoluciones/index.php?dir=AUTOS+2022%2F HTTP/1.1" 200 505038
186.28.135.204 - - [22/Sep/2023:13:53:45 -0500] "GET /BLA/resoluciones/dlf/archive.png HTTP/1.1" 200 632
216.244.66.195 - - [22/Sep/2023:13:53:48 -0500] "GET /BLA/resoluciones/AUTOS%202020/2984.pdf HTTP/1.1" 200 373063
172.22.2.4 - - [22/Sep/2023:13:54:01 -0500] "GET /BLA/boletinlegal/robots.txt HTTP/1.1" 404 1038
201.245.192.253 - - [22/Sep/2023:13:54:02 -0500] "POST /forms/lservlet;jsessionid=ac16012b30d6f3f2d4db477e4781898ab9fb251252a5.e3iSbxaKaheRe34Pbx8Nc3aQci1ynknvrkLOlQzNp65In0 HTTP/1.1" 200 2
186.28.135.204 - - [22/Sep/2023:13:54:07 -0500] "GET /BLA/resoluciones/index.php?dir=AUTOS+2023%2F HTTP/1.1" 200 307733
172.22.2.4 - - [22/Sep/2023:13:52:29 -0500] "HEAD /BLA/boletinlegal/ HTTP/1.1" 200 -
183.136.225.42 - - [22/Sep/2023:13:54:15 -0500] "GET / HTTP/1.1" 200 319
183.136.225.42 - - [22/Sep/2023:13:54:15 -0500] "GET / HTTP/1.1" 200 319
183.136.225.42 - - [22/Sep/2023:13:54:16 -0500] "GET /favicon.ico HTTP/1.1" 200 7782
183.136.225.42 - - [22/Sep/2023:13:54:17 -0500] "GET /robots.txt HTTP/1.1" 404 1018
186.28.135.204 - - [22/Sep/2023:13:54:21 -0500] "GET /BLA/resoluciones/AUTOS%202023/2818.pdf HTTP/1.1" 200 1485014
190.90.94.115 - - [22/Sep/2023:13:54:22 -0500] "POST /sipse/faces/presentacion/financiero/solicitudAnulacion/registrarSolicitudAnulacion.xhtml HTTP/1.1" 200 3869
52.167.144.190 - - [22/Sep/2023:13:54:23 -0500] "GET /galeria/galeria/fotos/cusumbo4G.jpg HTTP/1.1" 200 292522
172.22.2.4 - - [22/Sep/2023:13:53:35 -0500] "GET /BLA/boletinlegal/ HTTP/1.1" 200 24523
216.244.66.195 - - [22/Sep/2023:13:54:38 -0500] "GET /BLA/resoluciones/AUTOS%202020/3140.pdf HTTP/1.1" 200 404903
201.245.192.253 - - [22/Sep/2023:13:54:54 -0500] "POST /forms/lservlet;jsessionid=ac16012b30d69d644c52ab7640e8a350f59243e0b584.e3iSbxaKaheRe34Pbx8Nc3aQci1ynknvrkLOlQzNp65In0 HTTP/1.1" 200 2
172.22.2.4 - - [22/Sep/2023:13:53:19 -0500] "GET /BLA/boletinlegal/ HTTP/1.1" 200 47863
216.245.221.92 - - [22/Sep/2023:13:55:04 -0500] "HEAD / HTTP/1.1" 200 -
32.219.5.178 - - [22/Sep/2023:13:55:13 -0500] "POST / HTTP/1.1" 200 319
201.245.192.253 - - [22/Sep/2023:13:55:15 -0500] "GET /BLA/resoluciones/index.php?dir=RESOLUCIONES+2011%2F HTTP/1.1" 200 746992
201.245.192.253 - - [22/Sep/2023:13:55:23 -0500] "GET /BLA/resoluciones/RESOLUCIONES%202011/4761.pdf HTTP/1.1" 200 714946
216.244.66.195 - - [22/Sep/2023:13:55:28 -0500] "GET /BLA/resoluciones/AUTOS%202020/3162.pdf HTTP/1.1" 200 358171
172.22.2.4 - - [22/Sep/2023:13:54:02 -0500] "GET /BLA/boletinlegal/index.php HTTP/1.1" 200 54150
190.90.94.115 - - [22/Sep/2023:13:55:43 -0500] "POST /sipse/faces/presentacion/financiero/solicitudAnulacion/registrarSolicitudAnulacion.xhtml HTTP/1.1" 200 3946
201.245.192.253 - - [22/Sep/2023:13:56:02 -0500] "POST /forms/lservlet;jsessionid=ac16012b30d6f3f2d4db477e4781898ab9fb251252a5.e3iSbxaKaheRe34Pbx8Nc3aQci1ynknvrkLOlQzNp65In0 HTTP/1.1" 200 2
216.244.66.195 - - [22/Sep/2023:13:56:17 -0500] "GET /BLA/resoluciones/AUTOS%202020/3471.pdf HTTP/1.1" 200 375570
172.22.2.4 - - [22/Sep/2023:13:56:18 -0500] "GET /BLA/boletinlegal/actos.php HTTP/1.1" 200 9682
172.22.2.4 - - [22/Sep/2023:13:56:18 -0500] "GET /BLA/boletinlegal/favicon.ico HTTP/1.1" 404 1326
201.245.192.253 - - [22/Sep/2023:13:56:17 -0500] "POST /kwsrmcab/Wsrmcab  HTTP/1.1" 200 41265
172.22.2.4 - - [22/Sep/2023:13:56:32 -0500] "GET /BLA/boletinlegal/consulta_actos.php?tipo=autos&no=1726&usuario=&sector=&fecha=2023&resuelve= HTTP/1.1" 200 1083
172.22.2.4 - - [22/Sep/2023:13:56:33 -0500] "GET /BLA/boletinlegal/images/pdf.gif HTTP/1.1" 200 567
201.245.192.253 - - [22/Sep/2023:13:56:41 -0500] "GET /BLA/resoluciones/index.php?dir=AUTOS+2011%2F HTTP/1.1" 200 636751
201.245.192.253 - - [22/Sep/2023:13:56:54 -0500] "POST /forms/lservlet;jsessionid=ac16012b30d69d644c52ab7640e8a350f59243e0b584.e3iSbxaKaheRe34Pbx8Nc3aQci1ynknvrkLOlQzNp65In0 HTTP/1.1" 200 2
201.245.192.253 - - [22/Sep/2023:13:56:54 -0500] "GET /BLA/resoluciones/index.php?dir=RESOLUCIONES+2011%2F HTTP/1.1" 200 746992
216.244.66.195 - - [22/Sep/2023:13:57:04 -0500] "GET /BLA/resoluciones/AUTOS%202020/3613.pdf HTTP/1.1" 200 374857
172.22.2.4 - - [22/Sep/2023:13:57:08 -0500] "GET /BLA/boletinlegal/actos.php HTTP/1.1" 200 9682
172.22.2.4 - - [22/Sep/2023:13:57:08 -0500] "GET /BLA/boletinlegal/favicon.ico HTTP/1.1" 404 1326
201.245.192.253 - - [22/Sep/2023:13:57:10 -0500] "GET /BLA/resoluciones/ HTTP/1.1" 200 13696
201.245.192.253 - - [22/Sep/2023:13:57:10 -0500] "GET /favicon.ico HTTP/1.1" 200 7782
201.245.192.253 - - [22/Sep/2023:13:57:13 -0500] "GET /BLA/resoluciones/RESOLUCIONES%202011/5853.pdf HTTP/1.1" 200 416150
32.219.5.178 - - [22/Sep/2023:13:57:13 -0500] "POST / HTTP/1.1" 200 319
190.90.94.115 - - [22/Sep/2023:13:57:14 -0500] "POST /sipse/faces/presentacion/financiero/solicitudAnulacion/registrarSolicitudAnulacion.xhtml HTTP/1.1" 200 3990
172.22.2.4 - - [22/Sep/2023:13:57:16 -0500] "GET /BLA/boletinlegal/consulta_actos.php?tipo=autos&no=1774&usuario=&sector=&fecha=2023&resuelve= HTTP/1.1" 200 1091
201.245.192.253 - - [22/Sep/2023:13:57:25 -0500] "GET /BLA/resoluciones/index.php?dir=AUTOS+2011%2F HTTP/1.1" 200 8139
201.245.192.253 - - [22/Sep/2023:13:57:25 -0500] "GET /BLA/resoluciones/index.php?dir=AUTOS+2011%2F HTTP/1.1" 200 636751
201.245.192.253 - - [22/Sep/2023:13:57:28 -0500] "GET /BLA/resoluciones/index.php?dir=RESOLUCIONES+2022%2F HTTP/1.1" 200 320626
191.156.39.79 - - [22/Sep/2023:13:57:35 -0500] "GET /movilidad-sostenible-para-mitigar-el-cambio-climatico.html HTTP/1.1" 200 768
201.245.192.253 - - [22/Sep/2023:13:57:41 -0500] "GET /BLA/resoluciones/RESOLUCIONES%202022/1475.pdf HTTP/1.1" 200 500214
216.244.66.195 - - [22/Sep/2023:13:57:53 -0500] "GET /BLA/resoluciones/AUTOS%202020/3839.pdf HTTP/1.1" 200 360864
201.245.192.253 - - [22/Sep/2023:13:58:02 -0500] "POST /forms/lservlet;jsessionid=ac16012b30d6f3f2d4db477e4781898ab9fb251252a5.e3iSbxaKaheRe34Pbx8Nc3aQci1ynknvrkLOlQzNp65In0 HTTP/1.1" 200 2
190.90.94.115 - - [22/Sep/2023:13:58:30 -0500] "POST /sipse/faces/presentacion/financiero/solicitudAnulacion/registrarSolicitudAnulacion.xhtml HTTP/1.1" 200 4059
216.244.66.195 - - [22/Sep/2023:13:58:40 -0500] "GET /BLA/resoluciones/AUTOS%202020/4144.pdf HTTP/1.1" 200 379244
172.22.2.4 - - [22/Sep/2023:13:58:43 -0500] "GET /BLA/boletinlegal/consulta_actos.php?tipo=autos&no=1807&usuario=&sector=&fecha=2023&resuelve= HTTP/1.1" 200 1092
172.22.2.4 - - [22/Sep/2023:13:57:04 -0500] "GET /BLA/boletinlegal/ HTTP/1.1" 200 60342
157.55.39.11 - - [22/Sep/2023:13:58:52 -0500] "GET /BLA/resoluciones/AUTOS%202023/4274.pdf HTTP/1.1" 200 748521
201.245.192.253 - - [22/Sep/2023:13:58:54 -0500] "POST /forms/lservlet;jsessionid=ac16012b30d69d644c52ab7640e8a350f59243e0b584.e3iSbxaKaheRe34Pbx8Nc3aQci1ynknvrkLOlQzNp65In0 HTTP/1.1" 200 2
173.252.87.119 - - [22/Sep/2023:13:59:13 -0500] "GET /mas-de-70-aves-de-corral-y-de-especies-no-convencionales-encontraron-un-hogar.html HTTP/1.1" 200 847
173.252.87.120 - - [22/Sep/2023:13:59:13 -0500] "GET /mas-de-70-aves-de-corral-y-de-especies-no-convencionales-encontraron-un-hogar.html HTTP/1.1" 200 847
32.219.5.178 - - [22/Sep/2023:13:59:13 -0500] "POST / HTTP/1.1" 200 319
172.22.2.4 - - [22/Sep/2023:13:59:28 -0500] "GET /BLA/boletinlegal/consulta_actos.php?tipo=autos&no=1814&usuario=&sector=&fecha=2023&resuelve= HTTP/1.1" 200 1094
216.244.66.195 - - [22/Sep/2023:13:59:29 -0500] "GET /BLA/resoluciones/AUTOS%202020/4536.pdf HTTP/1.1" 200 367867
190.90.94.115 - - [22/Sep/2023:13:59:40 -0500] "POST /sipse/faces/presentacion/financiero/solicitudAnulacion/registrarSolicitudAnulacion.xhtml HTTP/1.1" 200 4065
190.90.94.115 - - [22/Sep/2023:13:59:47 -0500] "POST /sipse/faces/presentacion/financiero/solicitudAnulacion/registrarSolicitudAnulacion.xhtml HTTP/1.1" 200 4069
172.22.2.4 - - [22/Sep/2023:13:59:53 -0500] "GET /BLA/boletinlegal/consulta_actos.php?tipo=autos&no=1905&usuario=&sector=&fecha=2023&resuelve= HTTP/1.1" 200 1081
172.22.2.4 - - [22/Sep/2023:13:58:19 -0500] "HEAD /BLA/boletinlegal/ HTTP/1.1" 200 -
201.245.192.253 - - [22/Sep/2023:14:00:02 -0500] "POST /forms/lservlet;jsessionid=ac16012b30d6f3f2d4db477e4781898ab9fb251252a5.e3iSbxaKaheRe34Pbx8Nc3aQci1ynknvrkLOlQzNp65In0 HTTP/1.1" 200 2
216.245.221.92 - - [22/Sep/2023:14:00:04 -0500] "HEAD / HTTP/1.1" 200 -
152.203.250.106 - - [22/Sep/2023:14:00:08 -0500] "OPTIONS /kwssiamovil/sm/setfile/f? HTTP/1.1" 200 13
152.203.250.106 - - [22/Sep/2023:14:00:08 -0500] "POST /kwssiamovil/sm/setfile/f? HTTP/1.1" 200 381
152.203.250.106 - - [22/Sep/2023:14:00:10 -0500] "OPTIONS /kwssiamovil/sm/setfile/f? HTTP/1.1" 200 13
152.203.250.106 - - [22/Sep/2023:14:00:10 -0500] "POST /kwssiamovil/sm/setfile/f? HTTP/1.1" 200 381
152.203.250.106 - - [22/Sep/2023:14:00:12 -0500] "OPTIONS /kwssiamovil/sm/setfile/f? HTTP/1.1" 200 13
152.203.250.106 - - [22/Sep/2023:14:00:12 -0500] "POST /kwssiamovil/sm/setfile/f? HTTP/1.1" 200 381
152.203.250.106 - - [22/Sep/2023:14:00:14 -0500] "OPTIONS /kwssiamovil/sm/setfile/f? HTTP/1.1" 200 13
152.203.250.106 - - [22/Sep/2023:14:00:14 -0500] "POST /kwssiamovil/sm/setfile/f? HTTP/1.1" 200 381
152.203.250.106 - - [22/Sep/2023:14:00:16 -0500] "OPTIONS /kwssiamovil/sm/setfile/f? HTTP/1.1" 200 13
216.244.66.195 - - [22/Sep/2023:14:00:17 -0500] "GET /BLA/resoluciones/AUTOS%202020/4598.pdf HTTP/1.1" 200 647484
152.203.250.106 - - [22/Sep/2023:14:00:16 -0500] "POST /kwssiamovil/sm/setfile/f? HTTP/1.1" 200 381
152.203.250.106 - - [22/Sep/2023:14:00:19 -0500] "OPTIONS /kwssiamovil/sm/setfile/f? HTTP/1.1" 200 13
152.203.250.106 - - [22/Sep/2023:14:00:19 -0500] "POST /kwssiamovil/sm/setfile/f? HTTP/1.1" 200 381
152.203.250.106 - - [22/Sep/2023:14:00:21 -0500] "OPTIONS /kwssiamovil/sm/setfile/f? HTTP/1.1" 200 13
152.203.250.106 - - [22/Sep/2023:14:00:21 -0500] "POST /kwssiamovil/sm/setfile/f? HTTP/1.1" 200 381
152.203.250.106 - - [22/Sep/2023:14:00:32 -0500] "GET /kwssiamovil/sm/acme/a?s=U2FsdGVkX19hUJUIqaJFDg1EvP0uSczJWNbhGAMhcIoQhjV4h/85qGnKsvD1c7Cq2Wl+12cVlFM/cuToK+/eqJNnTjRaX6fKS4VsEXc3dowyFCPUo222nMfroiisPMH6IvppCHUFW44d4ujJZrv0XN8BdqDTdbQDuxISu6//E6lnJe2AQJ/XpFz8uBjuAnBd2+je6wbBeT49zBUb2yMFKFS8sdYbhh5IIt3rjbXgE3WK40/K+vuTOX5achddLBVeadzNrCN911H59/3bUJBIGQ==&u=U2FsdGVkX1/f7lw93BeWiE8enk8ShBA84HzW2jgWt37KMOCucAP45ZM4Jigyn2lz&y=U2FsdGVkX1+bkyGxYtq3EsBSIu3AH00jcaK9Klk8mi0SCsT54aJUzfN8IEivM+Ta HTTP/1.1" 200 70
172.22.2.4 - - [22/Sep/2023:14:00:41 -0500] "GET /BLA/boletinlegal/consulta_actos.php?tipo=autos&no=1909&usuario=&sector=&fecha=2023&resuelve= HTTP/1.1" 200 1087
201.245.192.253 - - [22/Sep/2023:14:00:48 -0500] "POST /forms/lservlet;jsessionid=ac16012b30d69d644c52ab7640e8a350f59243e0b584.e3iSbxaKaheRe34Pbx8Nc3aQci1ynknvrkLOlQzNp65In0 HTTP/1.1" 200 21
172.22.2.4 - - [22/Sep/2023:13:59:09 -0500] "GET /BLA/boletinlegal/ HTTP/1.1" 200 58187
201.245.192.253 - - [22/Sep/2023:14:00:50 -0500] "POST /forms/lservlet;jsessionid=ac16012b30d69d644c52ab7640e8a350f59243e0b584.e3iSbxaKaheRe34Pbx8Nc3aQci1ynknvrkLOlQzNp65In0 HTTP/1.1" 200 17
157.55.39.10 - - [22/Sep/2023:14:00:51 -0500] "GET /BLA/resoluciones/AUTOS%202023/4219.pdf HTTP/1.1" 200 449471
201.245.192.253 - - [22/Sep/2023:14:00:52 -0500] "POST /forms/lservlet;jsessionid=ac16012b30d69d644c52ab7640e8a350f59243e0b584.e3iSbxaKaheRe34Pbx8Nc3aQci1ynknvrkLOlQzNp65In0 HTTP/1.1" 200 28
201.245.192.253 - - [22/Sep/2023:14:00:54 -0500] "POST /forms/lservlet;jsessionid=ac16012b30d69d644c52ab7640e8a350f59243e0b584.e3iSbxaKaheRe34Pbx8Nc3aQci1ynknvrkLOlQzNp65In0 HTTP/1.1" 200 2484
201.245.192.253 - - [22/Sep/2023:14:00:54 -0500] "POST /forms/lservlet;jsessionid=ac16012b30d69d644c52ab7640e8a350f59243e0b584.e3iSbxaKaheRe34Pbx8Nc3aQci1ynknvrkLOlQzNp65In0 HTTP/1.1" 200 2
201.245.192.253 - - [22/Sep/2023:14:00:55 -0500] "POST /forms/lservlet;jsessionid=ac16012b30d69d644c52ab7640e8a350f59243e0b584.e3iSbxaKaheRe34Pbx8Nc3aQci1ynknvrkLOlQzNp65In0 HTTP/1.1" 200 13
191.156.188.5 - - [22/Sep/2023:14:00:57 -0500] "GET /sipse/faces/index.xhtml HTTP/1.1" 200 677
191.156.188.5 - - [22/Sep/2023:14:00:57 -0500] "GET /sipse/faces/javax.faces.resource/theme.css?ln=primefaces-sipse HTTP/1.1" 304 -
191.156.188.5 - - [22/Sep/2023:14:00:57 -0500] "GET /sipse/faces/faces/autenticacion.xhtml HTTP/1.1" 200 12416
191.156.188.5 - - [22/Sep/2023:14:00:58 -0500] "GET /sipse/faces/javax.faces.resource/theme.css?ln=primefaces-sipse HTTP/1.1" 304 -
191.156.182.223 - - [22/Sep/2023:14:00:58 -0500] "GET /sipse/js/funciones.js HTTP/1.1" 304 -
191.156.188.5 - - [22/Sep/2023:14:00:58 -0500] "GET /sipse/faces/javax.faces.resource/primefaces.css?ln=primefaces&v=4.0 HTTP/1.1" 304 -
191.156.178.221 - - [22/Sep/2023:14:00:58 -0500] "GET /sipse/css/custom_css_sg_prime_login.css HTTP/1.1" 304 -
191.156.179.223 - - [22/Sep/2023:14:00:58 -0500] "GET /sipse/css/custom_css_sg.css HTTP/1.1" 304 -
191.156.184.46 - - [22/Sep/2023:14:00:58 -0500] "GET /sipse/faces/javax.faces.resource/layout/layout.css?ln=primefaces&v=4.0 HTTP/1.1" 304 -
191.156.188.5 - - [22/Sep/2023:14:00:58 -0500] "GET /sipse/js/disable_browser_buttons.js HTTP/1.1" 304 -
191.156.184.46 - - [22/Sep/2023:14:00:58 -0500] "GET /sipse/faces/javax.faces.resource/layout/layout.js?ln=primefaces&v=4.0 HTTP/1.1" 304 -
191.156.179.223 - - [22/Sep/2023:14:00:58 -0500] "GET /sipse/faces/javax.faces.resource/jquery/jquery.js?ln=primefaces&v=4.0 HTTP/1.1" 304 -
191.156.178.221 - - [22/Sep/2023:14:00:58 -0500] "GET /sipse/faces/javax.faces.resource/primefaces.js?ln=primefaces&v=4.0 HTTP/1.1" 304 -
191.156.182.223 - - [22/Sep/2023:14:00:58 -0500] "GET /sipse/faces/javax.faces.resource/jquery/jquery-plugins.js?ln=primefaces&v=4.0 HTTP/1.1" 304 -
191.156.182.223 - - [22/Sep/2023:14:00:58 -0500] "GET /sipse/css/imagen/logoSDG.png HTTP/1.1" 304 -
191.156.178.221 - - [22/Sep/2023:14:00:58 -0500] "GET /sipse/css/imagen/loginimg.png HTTP/1.1" 304 -
191.156.178.221 - - [22/Sep/2023:14:00:58 -0500] "GET /sipse/faces/javax.faces.resource/images/ui-icons_898989_256x240.png?ln=primefaces-aristo HTTP/1.1" 304 -
216.244.66.195 - - [22/Sep/2023:14:01:10 -0500] "GET /BLA/resoluciones/AUTOS%202020/4623.pdf HTTP/1.1" 200 632203
172.22.2.4 - - [22/Sep/2023:14:01:11 -0500] "GET /BLA/boletinlegal/consulta_actos.php?tipo=autos&no=1913&usuario=&sector=&fecha=2023&resuelve= HTTP/1.1" 200 1095
32.219.5.178 - - [22/Sep/2023:14:01:14 -0500] "POST / HTTP/1.1" 200 319
201.245.192.253 - - [22/Sep/2023:14:01:16 -0500] "POST /kwsrmcab/Wsrmcab  HTTP/1.1" 200 41265
40.77.167.3 - - [22/Sep/2023:14:01:36 -0500] "GET /Publicaciones/2023EE219144.pdf HTTP/1.1" 200 231939
172.22.2.4 - - [22/Sep/2023:14:01:40 -0500] "GET /BLA/boletinlegal/actos.php HTTP/1.1" 200 9682
181.234.204.26 - - [22/Sep/2023:14:01:43 -0500] "GET /sipse/faces/javax.faces.resource/theme.css?ln=primefaces-sipse HTTP/1.1" 304 -
181.234.204.26 - - [22/Sep/2023:14:01:43 -0500] "GET /sipse/faces/javax.faces.resource/primefaces.css?ln=primefaces&v=4.0 HTTP/1.1" 304 -
181.234.204.26 - - [22/Sep/2023:14:01:43 -0500] "GET /sipse/faces/javax.faces.resource/layout/layout.css?ln=primefaces&v=4.0 HTTP/1.1" 304 -
181.234.204.26 - - [22/Sep/2023:14:01:43 -0500] "GET /sipse/faces/javax.faces.resource/primefaces.js?ln=primefaces&v=4.0 HTTP/1.1" 304 -
181.234.204.26 - - [22/Sep/2023:14:01:43 -0500] "GET /sipse/faces/javax.faces.resource/jquery/jquery.js?ln=primefaces&v=4.0 HTTP/1.1" 304 -
181.234.204.26 - - [22/Sep/2023:14:01:43 -0500] "GET /sipse/faces/javax.faces.resource/layout/layout.js?ln=primefaces&v=4.0 HTTP/1.1" 304 -
181.234.204.26 - - [22/Sep/2023:14:01:43 -0500] "GET /sipse/faces/javax.faces.resource/jquery/jquery-plugins.js?ln=primefaces&v=4.0 HTTP/1.1" 304 -
181.234.204.26 - - [22/Sep/2023:14:01:43 -0500] "GET /sipse/css/imagen/contrasena.png HTTP/1.1" 404 383
181.234.204.26 - - [22/Sep/2023:14:01:43 -0500] "GET /sipse/faces/javax.faces.resource/images/ui-icons_898989_256x240.png?ln=primefaces-aristo HTTP/1.1" 304 -
181.234.204.26 - - [22/Sep/2023:14:01:43 -0500] "GET /sipse/faces/javax.faces.resource/messages/messages.png?ln=primefaces&v=4.0 HTTP/1.1" 304 -
181.234.204.26 - - [22/Sep/2023:14:01:44 -0500] "GET /sipse/faces/javax.faces.resource/theme.css?ln=primefaces-sipse HTTP/1.1" 304 -
181.234.204.26 - - [22/Sep/2023:14:01:44 -0500] "GET /sipse/faces/faces/autenticacion.xhtml HTTP/1.1" 200 12416
181.234.204.26 - - [22/Sep/2023:14:01:44 -0500] "GET /sipse/faces/javax.faces.resource/jquery/jquery.js?ln=primefaces&v=4.0 HTTP/1.1" 304 -
181.234.204.26 - - [22/Sep/2023:14:01:44 -0500] "GET /sipse/faces/javax.faces.resource/layout/layout.css?ln=primefaces&v=4.0 HTTP/1.1" 304 -
181.234.204.26 - - [22/Sep/2023:14:01:44 -0500] "GET /sipse/faces/javax.faces.resource/primefaces.js?ln=primefaces&v=4.0 HTTP/1.1" 304 -
181.234.204.26 - - [22/Sep/2023:14:01:44 -0500] "GET /sipse/faces/javax.faces.resource/primefaces.css?ln=primefaces&v=4.0 HTTP/1.1" 304 -
181.234.204.26 - - [22/Sep/2023:14:01:44 -0500] "GET /sipse/faces/javax.faces.resource/theme.css?ln=primefaces-sipse HTTP/1.1" 304 -
181.234.204.26 - - [22/Sep/2023:14:01:44 -0500] "GET /sipse/faces/javax.faces.resource/jquery/jquery-plugins.js?ln=primefaces&v=4.0 HTTP/1.1" 304 -
181.234.204.26 - - [22/Sep/2023:14:01:44 -0500] "GET /sipse/faces/javax.faces.resource/layout/layout.js?ln=primefaces&v=4.0 HTTP/1.1" 304 -
181.234.204.26 - - [22/Sep/2023:14:01:44 -0500] "GET /sipse/faces/javax.faces.resource/images/ui-icons_898989_256x240.png?ln=primefaces-aristo HTTP/1.1" 304 -
216.244.66.195 - - [22/Sep/2023:14:02:01 -0500] "GET /BLA/resoluciones/AUTOS%202020/4779.pdf HTTP/1.1" 200 366365
201.245.192.253 - - [22/Sep/2023:14:02:02 -0500] "POST /forms/lservlet;jsessionid=ac16012b30d6f3f2d4db477e4781898ab9fb251252a5.e3iSbxaKaheRe34Pbx8Nc3aQci1ynknvrkLOlQzNp65In0 HTTP/1.1" 200 2
152.203.250.106 - - [22/Sep/2023:14:02:04 -0500] "GET /kwssiamovil/sm/ldap/au?x=U2FsdGVkX18xqbygIukqj9M1Dn7teF9ucjw7Qxlm21W2agbz+9srZL/aZPXB7H4FRorkRBQbXRzGkkbuSBBzJw==&y=U2FsdGVkX19u9fF2d0VlRglDXBTt9UnSRTEwBW+Dpe+XDC84mxqawurI9ffwIHN8 HTTP/1.1" 200 30
152.203.250.106 - - [22/Sep/2023:14:02:04 -0500] "GET /kwssiamovil/sm/acme/s?s=U2FsdGVkX1+5s/cF2FQsNgFBseL62bZGQf7lAIA4tf0mUzGYEVs54zhbqGUIwjm4PNp9Vi2DCmpfKzYJc3nf+CsLURy8TLvyQ0ykoS7bJVA=&u=U2FsdGVkX18wZQEn0fYJ5lp+oDejqAMgkGg6+5SEace1C08yqPA9jcL31ZFz1Ezu&y=U2FsdGVkX19u9fF2d0VlRglDXBTt9UnSRTEwBW+Dpe+XDC84mxqawurI9ffwIHN8 HTTP/1.1" 200 97
152.203.250.106 - - [22/Sep/2023:14:02:04 -0500] "GET /kwssiamovil/sm/acme/s?s=U2FsdGVkX18xQ7p8Apn/5s0znMH9JdKBJ6tIYzw1OEuH2hs8jAoOdHDWfMnx3/LvqmXklQ4wktnhMP/Lfyn0W3aif3s4FNk1M8KrWc0gx7gT6cd24u3p73N7cDqOXVNyBKZ4+fuNw6uV+jzaoIIp3sDemIOyGTTyrlF/lbemueSMWC2oVezAXj4dMQ53nRXXzS1rM8dN2WYevMQTIoyarzMQ1R/xInNNCncZry0pTD68e5sxMifj4OTO7YxZ4yt3uuNH3lSdjz2vdXytW8fF6DOObwD2R6TEqJIeWzEUR09pC273+oKuNJTIIuxhnGRzId/prrAQ8PInPqV0o9UqaK3Y4lF6EoG36f0JM+4XLKU+oOLC5nfJDOS0pnmwYM4hXMGg6GqDXwy+Q8ZcbYlnzh/k/8AWWBG9sV5YWwe0MkWjZyYR0kdmr4sWK0P5HHuoblk0TYcxV1yudf8+nj0YqR1BgstJq3HW5LYEm1OKNL6MfA46o0xdX3AqtA1F4Ss1p71Y6aeoHnauzpny8jVEah8VzLMviC0zMiOjrPNILSOEPrgAaXxQaZFGuAJn0LupkjW+RTeC+L9PdvvUpnR/8PJfEBCD/GhTD3oxfIQCRej+pr4PghiSTnY1zqYwQzu+Kiu4kchpgEOGg/fDj4/yV42dLc/ve+NlTFN3NjvfJwmKWirnUTEmRCazMxjXeZoaNijw8ybMM8OSDglR5ug/WX3z4aPIcUsg4PfFQW1E/C5zmj28+t98M7lqhIQpjXsh6H3PReOjBDHOAh60+LISbYFdyzh8Lzf2aM9RMcXFXU3fRRYOgTAXLYtcTWQiEGd9sBZD8v6wXszdvU3yL5ECC0Tky6/bYYotuMLnyVPkdxY/7s3vlVF7OqHGVBnfiKCqUMmjo5/GICGKDWAS5tekVOXd6bZ4J1LFErix4c0+JwT9DeywjpdgTQx/fF8inniaHMkY5SmiqNc2z22LkMk9QGGOYW+NDGM0itknGN3nm6lrx+dK4pAtfCRhCW2vq70zhWU2lgNYEINQqvknAyMDtNQDZCPAaZ3cTQ4PbcmvgK8ditsJfRnqDeKkIGrxyDqC9XryMaUl45KcayZJDYwmcsrKjYxiyNVK9RrHEeJbHI2OkNq3K/QfdhPd31Af29SIE7lqbnH5OBvhkg8IiQNnffvgbGYcJMb6DraA3tRFigxh0y1lCbXcBpKTxyzxM26TtlRiSyJOyMVmU0G+1IVtQngXCTy7oSkoWZbGnM1oINIPwA47ZwlznfpKm6tjw4g7eDQJgjK1ABEBnQ4Lvhdegq+gIv9xAXTFHPn7Dfo9+bHCqlL3nbDf8EzCHJir4lxgP+5okcLcEfdcYp1okiD1Wyub9GL+hvgDZWqMZHUBpht9lWZGxo8yh1vQjshzx/CYpWjJKQ8ntQI7xM2UL0hVfN8F8/YLrRbDCjA/hKV+2BU=&u=U2FsdGVkX18wZQEn0fYJ5lp+oDejqAMgkGg6+5SEace1C08yqPA9jcL31ZFz1Ezu&y=U2FsdGVkX19u9fF2d0VlRglDXBTt9UnSRTEwBW+Dpe+XDC84mxqawurI9ffwIHN8 HTTP/1.1" 200 869
152.203.250.106 - - [22/Sep/2023:14:02:04 -0500] "GET /kwssiamovil/sm/acme/s?s=U2FsdGVkX18OkG6BwkQretfU95/F8VzZADyiXipUkhs4784fScWqPG1KgKb+INicBlloTvaaeYrcoDZaVZeEKFpcGKNco3KxDZwk3srV5UOW6eSs0GILnFpLsIK4Xp4CjC4Xh3TKOidE/130nDI1g7Xe1zqwn6+NJeKUoX05+lZDGsH2D07IMdacl/Xb3rkyoyyRBxS/pdG7UDx+cuwFcAmKpnl+2pP//3M4uKgafsf2KaOo+pAQlLGUXS/vp80yQz4t5p9FNLDyjRoSE0QIzjlwGLNGBpc06/n0ROgC0PqJxlopz/qWcAv3cuDoOMeqR3kToXOJL86OQYPpgry+BA5jX/zwKyIf2Vp5NP/RilM=&u=U2FsdGVkX18wZQEn0fYJ5lp+oDejqAMgkGg6+5SEace1C08yqPA9jcL31ZFz1Ezu&y=U2FsdGVkX19u9fF2d0VlRglDXBTt9UnSRTEwBW+Dpe+XDC84mxqawurI9ffwIHN8 HTTP/1.1" 200 196
172.22.2.4 - - [22/Sep/2023:14:02:04 -0500] "GET /BLA/boletinlegal/consulta_actos.php?tipo=resoluciones&no=5236&usuario=&sector=&fecha=2022&resuelve= HTTP/1.1" 200 1073
152.203.250.106 - - [22/Sep/2023:14:02:04 -0500] "GET /kwssiamovil/sm/cjson/pre?f=1&x=U2FsdGVkX18xqbygIukqj9M1Dn7teF9ucjw7Qxlm21W2agbz+9srZL/aZPXB7H4FRorkRBQbXRzGkkbuSBBzJw== HTTP/1.1" 200 31032
152.203.250.106 - - [22/Sep/2023:14:02:25 -0500] "GET /kwssiamovil/sm/acme/a?s=U2FsdGVkX18/XCmNUQJZREGEmunv4ybR6S2js4CXXuX+qW9whGlYpt2bmGtkraCtr6ITTtKbT0oaSToVGJU/72c+DumdKSeMUuSk8ETabC3xLk+zLvV39ndIAqGovhVMSDUplkr0Cgan4sqi+Vk0lRG/4e4XFxA2Q88/nowdVBBfMcFRdLf9Lp7xDoPAQ36br0XWMDdD/QoKXa1UXD14cbWbH0Z/bcivUXYQal01KcuIhN0hA/0tsbubfvKnMYR3+exID/XbsN6YlWpSpAyC3g==&u=U2FsdGVkX18wZQEn0fYJ5lp+oDejqAMgkGg6+5SEace1C08yqPA9jcL31ZFz1Ezu&y=U2FsdGVkX19u9fF2d0VlRglDXBTt9UnSRTEwBW+Dpe+XDC84mxqawurI9ffwIHN8 HTTP/1.1" 200 26
152.203.250.106 - - [22/Sep/2023:14:02:25 -0500] "GET /kwssiamovil/sm/acme/a?s=U2FsdGVkX1+EzIzqXXahnnTRzpCRCMjUVClrXM64yb/8V8d7tXGo5UHO0PNJOWFZ3skbhHmvEXxtvFhC+hSiu2Wv+3EQGchNPSoSnfvLZ7j/uT5KmaEzuOH5Xb7HVzgXtK23TloBGMDj3YjbUX94ayWbAg5dDr2fjVD+QNiR8+NjnXtWf0bU5P7ICiq/MUzRy3WbLatzjicvYz+kHiTmydKAkbgtW7tx9zHgLH1edE0DcDwpdz3Ot/l4mAC2Rq1aT9OtwzqjEYjO/6vHmakQzwN2Y5gK4u2FLwGCgTOpeUGZidj9ItMAcu7XGdNrI3RIk/KJ4TVC1MvN/2R+Fm53Lf0pFBWdGDTCXX9iK2BJfxyjqHeeAVar3NQZxH3UGaWzltToEs/pIYVU+VHVw9gT/sxN/K82f5Bz9CSk+jW1yeo8u0SobDWfs1qTZ+uk1zLFynb/G6pFQv19ng1DP3HplHpptWlVIrmKF69N+NjWPPL8QccTZ4TMyWvz0TVfWKhSfJvLGZaFyfh6ihIH5OFZKPJNBZoEfZvLh7CqY+iF690R/mbAEtLmkfPPBRl8UM8O/kqtmzdKJFmtGYp+zFfwZWOmYdRSFU/oXoyY8vum10J8dNKGNdIliY6tcYmipGBxDXEV7e7aLBxhKwJZKIkHgsSMbNf6Lk9ZBVWirst9gzxt01aFOhmtcMQvaJ4Z+nlJmm6Gdz/b9OQj0HRWJ/CaNSH3zT0JLABFoQvGbY5d6Z0h6bMh4ANrISl+bH3/9CRwqMsvIG0rhB+pNh7t4Lt6nxH3PJVMvE1O32CO2UXy0WJsauuduCrrx7FS+XGZM8v0a9+xdyKaD39oothZY1SwIYhkjUfedJGbCgzRZ2lpOZwDHcpC/66niKjWpr9Ai94gEcE5A9e5DeLJR7cuZ9b2uCFag20JkbrelM/GyesNG/VDHiSP0oQzNMYeQ8RFJjE3iwfOISVM4OKC/h+2pQmXWPZa7pbFT6EgpESPAvAsLkGtV66GTtEpYvIGXSxew/1dTA2UGwUyvQefnYfFjJLMElMGuGKWepY8adiBRq1/is4tdA1Uj3RzB/7l40VBIW6CLqyN8vP2lulEv2TNsBndFHCFfETYyW4WJNm2PB5fzUHDtVxuEw7o9VFnvd3J8Wox4lo3ePsp+2WjbhA5/omSRDT+xb9sMjwfUi5T3/dM5UM/VIG5I1XS28XQDMkfJaM2jIsc5ftHwpN07nNqyazbVIY3RWJi/fPfTlGx0NKGhGI=&u=U2FsdGVkX18wZQEn0fYJ5lp+oDejqAMgkGg6+5SEace1C08yqPA9jcL31ZFz1Ezu&y=U2FsdGVkX19u9fF2d0VlRglDXBTt9UnSRTEwBW+Dpe+XDC84mxqawurI9ffwIHN8 HTTP/1.1" 200 26
152.203.250.106 - - [22/Sep/2023:14:02:25 -0500] "GET /kwssiamovil/sm/acme/a?s=U2FsdGVkX1/0ulxh7DXStknTvrZQ4WQ6p8IUy22IfXtsoVmVqj4/1ZmC1hhZQS8SW2zWF9ZS5TDGP2FCamM9BSgWqpxQlgGLMr00ktY9u4EyjCh3qE8ItasML605d3YW9P8GXN0pPT93b43laKrdlkiGvbdTfT09uEaZ5jH8afw=&u=U2FsdGVkX18wZQEn0fYJ5lp+oDejqAMgkGg6+5SEace1C08yqPA9jcL31ZFz1Ezu&y=U2FsdGVkX19u9fF2d0VlRglDXBTt9UnSRTEwBW+Dpe+XDC84mxqawurI9ffwIHN8 HTTP/1.1" 200 26
152.203.250.106 - - [22/Sep/2023:14:02:26 -0500] "GET /kwssiamovil/sm/acme/a?s=U2FsdGVkX1+EyABp+G0EWB53iPeJ+8IYQobFvcBOs0ZC7dFfEfx5md/KDFyJ48VqJt/KwKSxqejYp2qcTFpQ1sG2HJBj6hH6PPWkFEqm4zyf5UveUtJXq8v07lzxvr9EcoPNIn3NTsM5zGi32ptUGBQsJK4Ww01L4Sa0tVMvADw=&u=U2FsdGVkX18wZQEn0fYJ5lp+oDejqAMgkGg6+5SEace1C08yqPA9jcL31ZFz1Ezu&y=U2FsdGVkX19u9fF2d0VlRglDXBTt9UnSRTEwBW+Dpe+XDC84mxqawurI9ffwIHN8 HTTP/1.1" 200 26
152.203.250.106 - - [22/Sep/2023:14:02:26 -0500] "GET /kwssiamovil/sm/acme/a?s=U2FsdGVkX18cod/wx5ZgcERamlVN3ivv8tnngVT8XDvZ01aZi2ttwBXtnHE72jeV8dB1rxT0J0mg6HiIk4vHKfIgenwmhrn2eWl9MDylsESwIIIfwRDKrGhFLzLNzDkD2xGJ1DeiJRuor3qBgfjmXw6kffqRfrBMU9gbbKdMNss=&u=U2FsdGVkX18wZQEn0fYJ5lp+oDejqAMgkGg6+5SEace1C08yqPA9jcL31ZFz1Ezu&y=U2FsdGVkX19u9fF2d0VlRglDXBTt9UnSRTEwBW+Dpe+XDC84mxqawurI9ffwIHN8 HTTP/1.1" 200 26
152.203.250.106 - - [22/Sep/2023:14:02:26 -0500] "GET /kwssiamovil/sm/acme/a?s=U2FsdGVkX1+7JZh/QrnJUUZ5abDOseVMKFeCJjAvQ2sqv+3dAid+41EmSsAosGfwaReMDWaNecP1NVriX7WawDYWau8W6jKRRbl89ivfx6AmnbVJUR9r3e1FaRAt10uMOOO8swK3IDc+dE7ZJoIMo5CmVawjmDqOCyNaV4c7twTkKE8Y0CHh3Pd+yV25+TYTjCR7+7j8fHgJBohp/xiz0A==&u=U2FsdGVkX18wZQEn0fYJ5lp+oDejqAMgkGg6+5SEace1C08yqPA9jcL31ZFz1Ezu&y=U2FsdGVkX19u9fF2d0VlRglDXBTt9UnSRTEwBW+Dpe+XDC84mxqawurI9ffwIHN8 HTTP/1.1" 200 26
152.203.250.106 - - [22/Sep/2023:14:02:26 -0500] "GET /kwssiamovil/sm/acme/a?s=U2FsdGVkX18PLLHtB73XABCeU6HPFS9lW6JPmmwy8VaNcUsUlYIiIyKb45i+UC2p32W6/LPxS0zA/7XxNjNbPEbmqOUjaVCCeYFFhgqUnatT9YGN6mhaRyeJw+6fvw07t9ldgvubOt/eYTaJCxzCfN2LDtr0ngnXP8p5HphaakigIPbG83gEoFPTD2iF2WaV7ksHR2/f8kU9xzGm0EboSw==&u=U2FsdGVkX18wZQEn0fYJ5lp+oDejqAMgkGg6+5SEace1C08yqPA9jcL31ZFz1Ezu&y=U2FsdGVkX19u9fF2d0VlRglDXBTt9UnSRTEwBW+Dpe+XDC84mxqawurI9ffwIHN8 HTTP/1.1" 200 26
152.203.250.106 - - [22/Sep/2023:14:02:26 -0500] "GET /kwssiamovil/sm/acme/a?s=U2FsdGVkX1+66g/pmGyVmJLcp23BkyLALDTZe6MY489w1JhoZf8QhyFLd/LUsC3sbtlJIMLSRzZcE2AWOlhq18JmjkmMEqKasD4Q9471wYp5nL8Nc3MZ9sN1Da0otm69Y/z6taiOj58vWSQZmJolb5Qqthkk6F9zAF1PJpuHDXxK9c6m4O4Z7gAoNJ12sD8g&u=U2FsdGVkX18wZQEn0fYJ5lp+oDejqAMgkGg6+5SEace1C08yqPA9jcL31ZFz1Ezu&y=U2FsdGVkX19u9fF2d0VlRglDXBTt9UnSRTEwBW+Dpe+XDC84mxqawurI9ffwIHN8 HTTP/1.1" 200 26
152.203.250.106 - - [22/Sep/2023:14:02:27 -0500] "GET /kwssiamovil/sm/acme/a?s=U2FsdGVkX1+CKSpMUNakeGyHbhd0YLDDn/ta/P3R1JRp7tHPArt6BK9w9ll/6ORHW63ktjbz4ORzgirwQXDdLrC48q+xy13Oxc7pDKLR035M6ziYC4smP/iLeUB7CrPMYDl3odsupIwaj/c71Sd5kgVsk7S7csXqkVEqyqFpPFW2RUGrmpnj8T5cXH+PGGcgWxyCCPfoVyg5eYr1T3cCMA==&u=U2FsdGVkX18wZQEn0fYJ5lp+oDejqAMgkGg6+5SEace1C08yqPA9jcL31ZFz1Ezu&y=U2FsdGVkX19u9fF2d0VlRglDXBTt9UnSRTEwBW+Dpe+XDC84mxqawurI9ffwIHN8 HTTP/1.1" 200 26
152.203.250.106 - - [22/Sep/2023:14:02:27 -0500] "GET /kwssiamovil/sm/acme/a?s=U2FsdGVkX1+A7Sr8PMojiVZSXJL/3bnLhbfxtZQpSCb1BdIrznaAM6hUs6T+M6Em6g1cj8499VG8sQpTgt8/5Va/Jeaq1jPPdjyteJEiAgZ4uG0xIogw09Y2Ns+LgM1qYlpVa8vvbB0XIQ1LxeAHYNZSP6YZ29O8LaK3J85WboiE3+c0C2827KVuEOepU/Qe&u=U2FsdGVkX18wZQEn0fYJ5lp+oDejqAMgkGg6+5SEace1C08yqPA9jcL31ZFz1Ezu&y=U2FsdGVkX19u9fF2d0VlRglDXBTt9UnSRTEwBW+Dpe+XDC84mxqawurI9ffwIHN8 HTTP/1.1" 200 26
152.203.250.106 - - [22/Sep/2023:14:02:27 -0500] "GET /kwssiamovil/sm/acme/a?s=U2FsdGVkX18osEDAgLeRIuQ076nV+7QGmFX3a1XdAyQiEtRJ0pDJfLecGVzJ/Gj1md3BsffW7gvRSLf5vWxl9JRObP3xJFc8OHNbToT1swmTW9G9iMFdMU3dOAz8UGUVDcLLzyapMP7A86EdKKwkiiC+VWvWcKSlUT6py3zSTBFzxmbTpiH53ZPvXNkeiIQplrGVokIB2MyY5XRlc2/wHg==&u=U2FsdGVkX18wZQEn0fYJ5lp+oDejqAMgkGg6+5SEace1C08yqPA9jcL31ZFz1Ezu&y=U2FsdGVkX19u9fF2d0VlRglDXBTt9UnSRTEwBW+Dpe+XDC84mxqawurI9ffwIHN8 HTTP/1.1" 200 26
152.203.250.106 - - [22/Sep/2023:14:02:27 -0500] "GET /kwssiamovil/sm/acme/a?s=U2FsdGVkX18LqpYT87+cIoIJDBxRw0DzFH8UP/1UYzZxp+J2BRNObFpdm5+aL36peBHy1bhC+OUA/fjMx/X6+HffwPwR5BfGy06ELNltDsePTH1AVlQVa/xN6KRSgDtUlOQm1rXLp3xg1vrEu18B9jLE+CIJAlMln2RFhongM8u8BIqbubRfA155L2Q2u2s6&u=U2FsdGVkX18wZQEn0fYJ5lp+oDejqAMgkGg6+5SEace1C08yqPA9jcL31ZFz1Ezu&y=U2FsdGVkX19u9fF2d0VlRglDXBTt9UnSRTEwBW+Dpe+XDC84mxqawurI9ffwIHN8 HTTP/1.1" 200 26
152.203.250.106 - - [22/Sep/2023:14:02:27 -0500] "GET /kwssiamovil/sm/acme/a?s=U2FsdGVkX1+C/kcaDhb6V02fOriFXyATOU6+w8NhJ2Ii2Gc13I5dIIsQGNqekzGP9mBDuc5inwTmeQsglI7Yz74JC5LVyPgKVP8olmhOh4aX6sIfgRE285tiUZi0sFC4aRA7IpOKldoud0bNS/vZU8ZMfKNzl1gkJNnhl2jaR7+u+lv8wyzTNUyAn31xhOo+LceBrqVtqSrOBCDvFe/JlhgGwocuUHLi5UhF0dL150k=&u=U2FsdGVkX18wZQEn0fYJ5lp+oDejqAMgkGg6+5SEace1C08yqPA9jcL31ZFz1Ezu&y=U2FsdGVkX19u9fF2d0VlRglDXBTt9UnSRTEwBW+Dpe+XDC84mxqawurI9ffwIHN8 HTTP/1.1" 200 26
152.203.250.106 - - [22/Sep/2023:14:02:27 -0500] "GET /kwssiamovil/sm/acme/a?s=U2FsdGVkX1+D3Y0TyfQ2laqbBeb0q4C1XPhpv6zstEDVftUjhAv58klC0KlK5ye+3jUPt2KKdZ6H+D9y+7bfmZufhfhXkL14uV7BYdfFI8JGdLQmS0uY//jJklhN+2hRDX3fZb+FeU26Amx9GEXAA9siM1w7rHDKWMerxyXlzWrOPA+iDHbtuHrpH8uSRtMfB7qZNojc8MNOW7ofSmgUMw==&u=U2FsdGVkX18wZQEn0fYJ5lp+oDejqAMgkGg6+5SEace1C08yqPA9jcL31ZFz1Ezu&y=U2FsdGVkX19u9fF2d0VlRglDXBTt9UnSRTEwBW+Dpe+XDC84mxqawurI9ffwIHN8 HTTP/1.1" 200 26
152.203.250.106 - - [22/Sep/2023:14:02:28 -0500] "GET /kwssiamovil/sm/acme/a?s=U2FsdGVkX18MqtRl798beeS3yF1q+UdbkQmbHRjzGt8JKyhjJXetNpo7MreamYtDS0JdYJlbjQC9xGp+vp3wfYZ092jPJvBFHuXvJ1VTfFdvca2i7HqreGHjZvIRtpwWxxceaoALuOCXWpHf4YW0D8v8ZJrdTE8o0eIfoJVnUnluJEQ5GNovEKyd7Wnh4eBXQvRKPRI4ITVrMpEmmlg2sbHboHVbvv5Fs+XvWf8I7vU=&u=U2FsdGVkX18wZQEn0fYJ5lp+oDejqAMgkGg6+5SEace1C08yqPA9jcL31ZFz1Ezu&y=U2FsdGVkX19u9fF2d0VlRglDXBTt9UnSRTEwBW+Dpe+XDC84mxqawurI9ffwIHN8 HTTP/1.1" 200 26
152.203.250.106 - - [22/Sep/2023:14:02:28 -0500] "GET /kwssiamovil/sm/acme/a?s=U2FsdGVkX1+rtB2uJPyPh2CNDYb0zX4oKqqqFAS8yNW72Jbp9awpPgCd2R9kYpzY/75PskFQz4b8j94VGwewUt2XlODucSvGG/750yPOhpUbyUFfhZWpuY/aKKjuO8ZZFQmtutIX/uE6Odcvixve50dOPlRZ+Y+b+FXb2PHatIAi9k65n6R82CmZ4UyeclyEVeZx+PjHpk0cpgmMdybGcg==&u=U2FsdGVkX18wZQEn0fYJ5lp+oDejqAMgkGg6+5SEace1C08yqPA9jcL31ZFz1Ezu&y=U2FsdGVkX19u9fF2d0VlRglDXBTt9UnSRTEwBW+Dpe+XDC84mxqawurI9ffwIHN8 HTTP/1.1" 200 26
152.203.250.106 - - [22/Sep/2023:14:02:28 -0500] "GET /kwssiamovil/sm/acme/a?s=U2FsdGVkX1+D0VUOcMmdnew43vggKlmecLOK6lT8GA0V3IZVHIhghqz8+k4OrL/tkfcc+i+7sdyQD0newWw5uGOABfDveAqZgUyDAPgOuersMM+WRypfzESYaF/QOGsUChTlz8jKmuYmepCq3VIMzWtNM2G7Qf7BB45aDXybvfgdq52gBs3qVqRqcQMr6CsQto6+AFQNwDVh7v2GWM1cYQ==&u=U2FsdGVkX18wZQEn0fYJ5lp+oDejqAMgkGg6+5SEace1C08yqPA9jcL31ZFz1Ezu&y=U2FsdGVkX19u9fF2d0VlRglDXBTt9UnSRTEwBW+Dpe+XDC84mxqawurI9ffwIHN8 HTTP/1.1" 200 26
152.203.250.106 - - [22/Sep/2023:14:02:28 -0500] "GET /kwssiamovil/sm/acme/a?s=U2FsdGVkX1+BuH/PRh7J9yo6uSekoHBODASxLZQrlTjzClVDOQnFWl/ZscPyARnpMhpTDzBFDyvSuRf/JaegNi+br6muElbYnk3haXDhOyiT5kfcnuFPRtnwS6T7nue9iujyFf86UHmYhjfW/3Rqxk5q3Z+P3losqcIKlnFxgWI4AuR5QI2Z+A+Gq14n8xmXta+3x1AwpMagkyvVZMYaxA==&u=U2FsdGVkX18wZQEn0fYJ5lp+oDejqAMgkGg6+5SEace1C08yqPA9jcL31ZFz1Ezu&y=U2FsdGVkX19u9fF2d0VlRglDXBTt9UnSRTEwBW+Dpe+XDC84mxqawurI9ffwIHN8 HTTP/1.1" 200 26
152.203.250.106 - - [22/Sep/2023:14:02:28 -0500] "GET /kwssiamovil/sm/acme/a?s=U2FsdGVkX18Nsl9Hwx/MNATo86xwEdutpXcKM0oViB9tGakeymYFMftKnDoYUAZt1lnBFCSlj6+3owUp/G9I8eoT7yz9j/aCIp3KGD1Ol+gHSULxX2PkPyqdYPoMP9s4jTPLGTutkMQ5jy9RziU5cR4wqZwx7ihMyNxTzfh1Fqbs4cxhgpjFIUUNzKFJ9X/bU6jJaaYIHHvuDVgHqeW4AQ==&u=U2FsdGVkX18wZQEn0fYJ5lp+oDejqAMgkGg6+5SEace1C08yqPA9jcL31ZFz1Ezu&y=U2FsdGVkX19u9fF2d0VlRglDXBTt9UnSRTEwBW+Dpe+XDC84mxqawurI9ffwIHN8 HTTP/1.1" 200 26
152.203.250.106 - - [22/Sep/2023:14:02:28 -0500] "GET /kwssiamovil/sm/acme/a?s=U2FsdGVkX1+BdB0Q6myjfJ/6O7oSifAmqeROo7UTl5eaddkk9OQ6g33y3U2GMhR2AWsUZeq9n8uKzfUg6+Oc8a29tHyLHQqxunvtAdDoj+ehsRO9qYWsgeEsBQx7fbkd4XcNGUI1/zNBNhuAMLXc/yg4ps1V/VqJCVoZkDcSlnxy5p+HrcxSdVrOnAedj3sO&u=U2FsdGVkX18wZQEn0fYJ5lp+oDejqAMgkGg6+5SEace1C08yqPA9jcL31ZFz1Ezu&y=U2FsdGVkX19u9fF2d0VlRglDXBTt9UnSRTEwBW+Dpe+XDC84mxqawurI9ffwIHN8 HTTP/1.1" 200 26
191.156.186.8 - - [22/Sep/2023:14:02:36 -0500] "GET /sipse/faces/index.xhtml HTTP/1.1" 200 677
191.156.186.8 - - [22/Sep/2023:14:02:36 -0500] "GET /sipse/faces/javax.faces.resource/theme.css?ln=primefaces-sipse HTTP/1.1" 304 -
191.156.179.223 - - [22/Sep/2023:14:02:36 -0500] "GET /sipse/faces/javax.faces.resource/theme.css?ln=primefaces-sipse HTTP/1.1" 304 -
191.156.186.138 - - [22/Sep/2023:14:02:37 -0500] "GET /sipse/faces/javax.faces.resource/primefaces.css?ln=primefaces&v=4.0 HTTP/1.1" 304 -
191.156.186.8 - - [22/Sep/2023:14:02:36 -0500] "GET /sipse/faces/faces/autenticacion.xhtml HTTP/1.1" 200 12416
191.156.186.138 - - [22/Sep/2023:14:02:37 -0500] "GET /sipse/faces/javax.faces.resource/layout/layout.css?ln=primefaces&v=4.0 HTTP/1.1" 304 -
191.156.182.223 - - [22/Sep/2023:14:02:37 -0500] "GET /sipse/faces/javax.faces.resource/jquery/jquery.js?ln=primefaces&v=4.0 HTTP/1.1" 304 -
191.156.176.63 - - [22/Sep/2023:14:02:37 -0500] "GET /sipse/faces/javax.faces.resource/jquery/jquery-plugins.js?ln=primefaces&v=4.0 HTTP/1.1" 304 -
191.156.179.223 - - [22/Sep/2023:14:02:37 -0500] "GET /sipse/faces/javax.faces.resource/primefaces.js?ln=primefaces&v=4.0 HTTP/1.1" 304 -
191.156.186.138 - - [22/Sep/2023:14:02:37 -0500] "GET /sipse/faces/javax.faces.resource/layout/layout.js?ln=primefaces&v=4.0 HTTP/1.1" 304 -
191.156.176.63 - - [22/Sep/2023:14:02:37 -0500] "GET /sipse/faces/javax.faces.resource/images/ui-icons_898989_256x240.png?ln=primefaces-aristo HTTP/1.1" 304 -
191.156.176.63 - - [22/Sep/2023:14:02:40 -0500] "POST /sipse/faces/autenticacion.xhtml HTTP/1.1" 200 2219
191.156.176.63 - - [22/Sep/2023:14:02:40 -0500] "GET /sipse/faces/javax.faces.resource/messages/messages.png?ln=primefaces&v=4.0 HTTP/1.1" 304 -
191.156.176.63 - - [22/Sep/2023:14:02:41 -0500] "POST /sipse/faces/autenticacion.xhtml HTTP/1.1" 200 16398
191.156.182.223 - - [22/Sep/2023:14:02:41 -0500] "GET /sipse/faces/javax.faces.resource/primefaces.css?ln=primefaces&v=4.0 HTTP/1.1" 304 -
191.156.176.63 - - [22/Sep/2023:14:02:41 -0500] "GET /sipse/faces/javax.faces.resource/theme.css?ln=primefaces-sipse HTTP/1.1" 304 -
191.156.186.138 - - [22/Sep/2023:14:02:41 -0500] "GET /sipse/faces/javax.faces.resource/layout/layout.css?ln=primefaces&v=4.0 HTTP/1.1" 304 -
191.156.186.138 - - [22/Sep/2023:14:02:41 -0500] "GET /sipse/css/custom_css_sg_prime.css HTTP/1.1" 304 -
191.156.179.223 - - [22/Sep/2023:14:02:41 -0500] "GET /sipse/js/jquery.min.js HTTP/1.1" 304 -
191.156.186.138 - - [22/Sep/2023:14:02:41 -0500] "GET /sipse/faces/javax.faces.resource/jquery/jquery.js?ln=primefaces&v=4.0 HTTP/1.1" 304 -
191.156.186.138 - - [22/Sep/2023:14:02:42 -0500] "GET /sipse/faces/javax.faces.resource/jquery/jquery-plugins.js?ln=primefaces&v=4.0 HTTP/1.1" 304 -
191.156.186.138 - - [22/Sep/2023:14:02:42 -0500] "GET /sipse/faces/javax.faces.resource/primefaces.js?ln=primefaces&v=4.0 HTTP/1.1" 304 -
191.156.186.138 - - [22/Sep/2023:14:02:42 -0500] "GET /sipse/faces/javax.faces.resource/layout/layout.js?ln=primefaces&v=4.0 HTTP/1.1" 304 -
191.156.176.63 - - [22/Sep/2023:14:02:42 -0500] "GET /sipse/imagenes/logoAplicacion.jpg HTTP/1.1" 304 -
191.156.186.138 - - [22/Sep/2023:14:02:42 -0500] "GET /sipse/css/v_mergente.css HTTP/1.1" 304 -
191.156.182.223 - - [22/Sep/2023:14:02:42 -0500] "GET /sipse/css/imagen/contrasena.png HTTP/1.1" 404 383
191.156.186.138 - - [22/Sep/2023:14:02:42 -0500] "GET /sipse/imagenes/cargando.gif HTTP/1.1" 304 -
191.156.176.63 - - [22/Sep/2023:14:02:43 -0500] "GET /sipse/faces/javax.faces.resource/images/ui-bg_flat_0_2d5972_40x100.png?ln=primefaces-aristo HTTP/1.1" 304 -
191.156.182.223 - - [22/Sep/2023:14:02:43 -0500] "POST /sipse/faces/bienvenido.xhtml HTTP/1.1" 200 2658
191.156.182.223 - - [22/Sep/2023:14:02:44 -0500] "POST /sipse/faces/bienvenido.xhtml HTTP/1.1" 200 63647
191.156.182.223 - - [22/Sep/2023:14:02:45 -0500] "GET /sipse/faces/javax.faces.resource/theme.css?ln=primefaces-sipse HTTP/1.1" 304 -
191.156.176.63 - - [22/Sep/2023:14:02:45 -0500] "GET /sipse/faces/javax.faces.resource/primefaces.css?ln=primefaces&v=4.0 HTTP/1.1" 304 -
191.156.186.138 - - [22/Sep/2023:14:02:45 -0500] "GET /sipse/faces/javax.faces.resource/layout/layout.css?ln=primefaces&v=4.0 HTTP/1.1" 304 -
191.156.186.138 - - [22/Sep/2023:14:02:45 -0500] "GET /sipse/faces/javax.faces.resource/jquery/jquery.js?ln=primefaces&v=4.0 HTTP/1.1" 304 -
191.156.186.138 - - [22/Sep/2023:14:02:45 -0500] "GET /sipse/faces/javax.faces.resource/jquery/jquery-plugins.js?ln=primefaces&v=4.0 HTTP/1.1" 304 -
191.156.186.138 - - [22/Sep/2023:14:02:45 -0500] "GET /sipse/faces/javax.faces.resource/primefaces.js?ln=primefaces&v=4.0 HTTP/1.1" 304 -
191.156.186.138 - - [22/Sep/2023:14:02:45 -0500] "GET /sipse/faces/javax.faces.resource/layout/layout.js?ln=primefaces&v=4.0 HTTP/1.1" 304 -
191.156.186.138 - - [22/Sep/2023:14:02:45 -0500] "POST /sipse/faces/presentacion/financiero/solicitudProceso/listarSolicitudProceso.xhtml HTTP/1.1" 200 1552
216.244.66.195 - - [22/Sep/2023:14:02:48 -0500] "GET /BLA/resoluciones/AUTOS%202020/4785.pdf HTTP/1.1" 200 382261
191.156.186.138 - - [22/Sep/2023:14:02:48 -0500] "POST /sipse/faces/presentacion/financiero/solicitudProceso/listarSolicitudProceso.xhtml HTTP/1.1" 200 5933
191.156.186.138 - - [22/Sep/2023:14:02:51 -0500] "POST /sipse/faces/presentacion/financiero/solicitudProceso/listarSolicitudProceso.xhtml HTTP/1.1" 200 116871
191.156.182.223 - - [22/Sep/2023:14:02:52 -0500] "GET /sipse/faces/javax.faces.resource/layout/layout.css?ln=primefaces&v=4.0 HTTP/1.1" 304 -
191.156.176.63 - - [22/Sep/2023:14:02:52 -0500] "GET /sipse/faces/javax.faces.resource/primefaces.css?ln=primefaces&v=4.0 HTTP/1.1" 304 -
191.156.186.138 - - [22/Sep/2023:14:02:52 -0500] "GET /sipse/faces/javax.faces.resource/theme.css?ln=primefaces-sipse HTTP/1.1" 304 -
191.156.186.138 - - [22/Sep/2023:14:02:52 -0500] "GET /sipse/faces/javax.faces.resource/jquery/jquery.js?ln=primefaces&v=4.0 HTTP/1.1" 304 -
191.156.186.138 - - [22/Sep/2023:14:02:52 -0500] "GET /sipse/faces/javax.faces.resource/jquery/jquery-plugins.js?ln=primefaces&v=4.0 HTTP/1.1" 304 -
191.156.186.138 - - [22/Sep/2023:14:02:52 -0500] "GET /sipse/faces/javax.faces.resource/primefaces.js?ln=primefaces&v=4.0 HTTP/1.1" 304 -
172.22.2.4 - - [22/Sep/2023:14:02:52 -0500] "GET /BLA/boletinlegal/consulta_actos.php?tipo=autos&no=2587&usuario=&sector=&fecha=2023&resuelve= HTTP/1.1" 200 1088
191.156.186.138 - - [22/Sep/2023:14:02:52 -0500] "GET /sipse/faces/javax.faces.resource/layout/layout.js?ln=primefaces&v=4.0 HTTP/1.1" 304 -
201.245.192.253 - - [22/Sep/2023:14:02:54 -0500] "POST /forms/lservlet;jsessionid=ac16012b30d69d644c52ab7640e8a350f59243e0b584.e3iSbxaKaheRe34Pbx8Nc3aQci1ynknvrkLOlQzNp65In0 HTTP/1.1" 200 2
191.156.186.138 - - [22/Sep/2023:14:03:12 -0500] "POST /sipse/faces/presentacion/financiero/solicitudProceso/consultarSolicitudProceso.xhtml HTTP/1.1" 200 291488
32.219.5.178 - - [22/Sep/2023:14:03:14 -0500] "POST / HTTP/1.1" 200 319
190.90.94.115 - - [22/Sep/2023:14:03:14 -0500] "POST /sipse/faces/presentacion/financiero/solicitudAnulacion/registrarSolicitudAnulacion.xhtml HTTP/1.1" 200 4074
201.245.192.253 - - [22/Sep/2023:14:03:26 -0500] "GET /sipse/faces/index.xhtml HTTP/1.1" 200 677
201.245.192.253 - - [22/Sep/2023:14:03:26 -0500] "GET /sipse/faces/javax.faces.resource/theme.css?ln=primefaces-sipse HTTP/1.1" 304 -
201.245.192.253 - - [22/Sep/2023:14:03:26 -0500] "GET /sipse/faces/faces/autenticacion.xhtml HTTP/1.1" 200 12425
201.245.192.253 - - [22/Sep/2023:14:03:26 -0500] "GET /sipse/faces/javax.faces.resource/theme.css?ln=primefaces-sipse HTTP/1.1" 304 -
201.245.192.253 - - [22/Sep/2023:14:03:26 -0500] "GET /sipse/faces/javax.faces.resource/primefaces.css?ln=primefaces&v=4.0 HTTP/1.1" 304 -
201.245.192.253 - - [22/Sep/2023:14:03:26 -0500] "GET /sipse/faces/javax.faces.resource/layout/layout.css?ln=primefaces&v=4.0 HTTP/1.1" 304 -
201.245.192.253 - - [22/Sep/2023:14:03:26 -0500] "GET /sipse/faces/javax.faces.resource/jquery/jquery.js?ln=primefaces&v=4.0 HTTP/1.1" 304 -
201.245.192.253 - - [22/Sep/2023:14:03:26 -0500] "GET /sipse/faces/javax.faces.resource/jquery/jquery-plugins.js?ln=primefaces&v=4.0 HTTP/1.1" 304 -
201.245.192.253 - - [22/Sep/2023:14:03:26 -0500] "GET /sipse/faces/javax.faces.resource/layout/layout.js?ln=primefaces&v=4.0 HTTP/1.1" 304 -
201.245.192.253 - - [22/Sep/2023:14:03:26 -0500] "GET /sipse/faces/javax.faces.resource/primefaces.js?ln=primefaces&v=4.0 HTTP/1.1" 304 -
201.245.192.253 - - [22/Sep/2023:14:03:27 -0500] "GET /sipse/faces/javax.faces.resource/images/ui-icons_898989_256x240.png?ln=primefaces-aristo HTTP/1.1" 304 -
201.245.192.253 - - [22/Sep/2023:14:03:30 -0500] "POST /sipse/faces/autenticacion.xhtml HTTP/1.1" 200 16863
201.245.192.253 - - [22/Sep/2023:14:03:30 -0500] "GET /sipse/faces/javax.faces.resource/theme.css?ln=primefaces-sipse HTTP/1.1" 304 -
201.245.192.253 - - [22/Sep/2023:14:03:30 -0500] "GET /sipse/faces/javax.faces.resource/primefaces.css?ln=primefaces&v=4.0 HTTP/1.1" 304 -
201.245.192.253 - - [22/Sep/2023:14:03:30 -0500] "GET /sipse/faces/javax.faces.resource/layout/layout.css?ln=primefaces&v=4.0 HTTP/1.1" 304 -
201.245.192.253 - - [22/Sep/2023:14:03:30 -0500] "GET /sipse/faces/javax.faces.resource/jquery/jquery.js?ln=primefaces&v=4.0 HTTP/1.1" 304 -
201.245.192.253 - - [22/Sep/2023:14:03:30 -0500] "GET /sipse/faces/javax.faces.resource/jquery/jquery-plugins.js?ln=primefaces&v=4.0 HTTP/1.1" 304 -
201.245.192.253 - - [22/Sep/2023:14:03:30 -0500] "GET /sipse/faces/javax.faces.resource/primefaces.js?ln=primefaces&v=4.0 HTTP/1.1" 304 -
201.245.192.253 - - [22/Sep/2023:14:03:30 -0500] "GET /sipse/faces/javax.faces.resource/layout/layout.js?ln=primefaces&v=4.0 HTTP/1.1" 304 -
201.245.192.253 - - [22/Sep/2023:14:03:30 -0500] "GET /sipse/css/imagen/contrasena.png HTTP/1.1" 404 383
201.245.192.253 - - [22/Sep/2023:14:03:30 -0500] "GET /sipse/faces/javax.faces.resource/messages/messages.png?ln=primefaces&v=4.0 HTTP/1.1" 304 -
216.244.66.195 - - [22/Sep/2023:14:03:32 -0500] "GET /BLA/resoluciones/AUTOS%202021/0215.pdf HTTP/1.1" 200 446405
201.245.192.253 - - [22/Sep/2023:14:03:32 -0500] "GET /sipse/faces/javax.faces.resource/images/ui-bg_flat_0_2d5972_40x100.png?ln=primefaces-aristo HTTP/1.1" 304 -
201.245.192.253 - - [22/Sep/2023:14:03:32 -0500] "POST /sipse/faces/bienvenido.xhtml HTTP/1.1" 200 2658
