216.244.66.195 - - [24/Sep/2023:19:43:17 -0500] "GET /BLA/resoluciones/AUTOS%202023/0229.pdf HTTP/1.1" 200 439180
216.244.66.195 - - [24/Sep/2023:19:43:41 -0500] "GET /BLA/resoluciones/AUTOS%202023/0677.pdf HTTP/1.1" 200 420112
216.244.66.195 - - [24/Sep/2023:19:44:04 -0500] "GET /BLA/resoluciones/AUTOS%202023/1055.pdf HTTP/1.1" 200 426890
216.244.66.195 - - [24/Sep/2023:19:44:25 -0500] "GET /BLA/resoluciones/AUTOS%202023/1070.pdf HTTP/1.1" 200 430314
216.244.66.195 - - [24/Sep/2023:19:44:46 -0500] "GET /BLA/resoluciones/AUTOS%202023/1094.pdf HTTP/1.1" 200 532920
216.244.66.195 - - [24/Sep/2023:19:45:05 -0500] "GET /BLA/resoluciones/AUTOS%202023/1463.pdf HTTP/1.1" 200 1202472
216.244.66.195 - - [24/Sep/2023:19:45:25 -0500] "GET /BLA/resoluciones/AUTOS%202023/1741.pdf HTTP/1.1" 200 421308
201.245.192.253 - - [24/Sep/2023:19:45:27 -0500] "POST /kwsrmcab/Wsrmcab  HTTP/1.1" 200 41265
216.244.66.195 - - [24/Sep/2023:19:45:42 -0500] "GET /BLA/resoluciones/AUTOS%202023/1818.pdf HTTP/1.1" 200 392402
216.245.221.92 - - [24/Sep/2023:19:45:55 -0500] "HEAD / HTTP/1.1" 200 -
216.244.66.195 - - [24/Sep/2023:19:45:59 -0500] "GET /BLA/resoluciones/AUTOS%202023/1848.pdf HTTP/1.1" 200 332740
216.244.66.195 - - [24/Sep/2023:19:46:14 -0500] "GET /BLA/resoluciones/AUTOS%202023/2497.pdf HTTP/1.1" 200 413357
216.244.66.195 - - [24/Sep/2023:19:46:29 -0500] "GET /BLA/resoluciones/AUTOS%202023/2724.pdf HTTP/1.1" 200 433908
172.22.2.4 - - [24/Sep/2023:19:45:03 -0500] "HEAD /BLA/boletinlegal/ HTTP/1.1" 200 -
172.22.2.4 - - [24/Sep/2023:19:45:54 -0500] "GET /BLA/boletinlegal/ HTTP/1.1" 200 58187
31.13.115.8 - - [24/Sep/2023:19:48:38 -0500] "GET /participa-en-la-convocatoria-para-el-aseguramiento-metrologico-de-la-red-de-monitoreo-de-calidad-del-aire-de-bogota.html HTTP/1.1" 200 848
31.13.115.7 - - [24/Sep/2023:19:48:38 -0500] "GET /participa-en-la-convocatoria-para-el-aseguramiento-metrologico-de-la-red-de-monitoreo-de-calidad-del-aire-de-bogota.html HTTP/1.1" 200 848
31.13.115.120 - - [24/Sep/2023:19:48:38 -0500] "GET /participa-en-la-convocatoria-para-el-aseguramiento-metrologico-de-la-red-de-monitoreo-de-calidad-del-aire-de-bogota.html HTTP/1.1" 200 848
31.13.115.117 - - [24/Sep/2023:19:48:38 -0500] "GET /participa-en-la-convocatoria-para-el-aseguramiento-metrologico-de-la-red-de-monitoreo-de-calidad-del-aire-de-bogota.html HTTP/1.1" 200 848
201.245.192.253 - - [24/Sep/2023:19:50:25 -0500] "POST /kwsrmcab/Wsrmcab  HTTP/1.1" 200 41265
216.244.66.195 - - [24/Sep/2023:19:50:36 -0500] "GET /robots.txt HTTP/1.1" 404 1018
216.245.221.92 - - [24/Sep/2023:19:50:55 -0500] "HEAD / HTTP/1.1" 200 -
172.22.2.4 - - [24/Sep/2023:19:50:53 -0500] "HEAD /BLA/boletinlegal/ HTTP/1.1" 200 -
172.22.2.4 - - [24/Sep/2023:19:51:44 -0500] "GET /BLA/boletinlegal/ HTTP/1.1" 200 60692
186.155.94.140 - - [24/Sep/2023:19:53:59 -0500] "GET /appsia/controlador HTTP/1.1" 200 4799
186.155.94.140 - - [24/Sep/2023:19:53:59 -0500] "GET /appsia/css/estilos.css HTTP/1.1" 200 4804
186.155.94.140 - - [24/Sep/2023:19:53:59 -0500] "GET /appsia/scripts/validarIngreso.js HTTP/1.1" 200 851
186.155.94.140 - - [24/Sep/2023:19:53:59 -0500] "GET /appsia/images/logo_bogota_p.png HTTP/1.1" 200 14951
186.155.94.140 - - [24/Sep/2023:19:53:59 -0500] "GET /appsia/images/cabezoteHojaVida.png HTTP/1.1" 200 32493
186.155.94.140 - - [24/Sep/2023:19:53:59 -0500] "GET /favicon.ico HTTP/1.1" 200 7782
66.249.79.100 - - [24/Sep/2023:19:54:05 -0500] "GET /robots.txt HTTP/1.1" 404 1018
66.249.79.101 - - [24/Sep/2023:19:54:06 -0500] "GET /Residuos/textiles/files/guia_textiles.pdf HTTP/1.1" 200 12356716
173.252.127.16 - - [24/Sep/2023:19:54:15 -0500] "GET /images/Red%20de%20Monitoreo%20de%20Calidad%20del%20Aire.jpg HTTP/1.1" 200 51986
186.155.94.140 - - [24/Sep/2023:19:54:25 -0500] "POST /appsia/controlador HTTP/1.1" 200 5437
186.155.94.140 - - [24/Sep/2023:19:54:27 -0500] "POST /appsia/controlador HTTP/1.1" 200 7781
186.155.94.140 - - [24/Sep/2023:19:54:31 -0500] "POST /appsia/controlador HTTP/1.1" 200 5240
186.155.94.140 - - [24/Sep/2023:19:54:33 -0500] "GET /appsia/controlador?comando=ingresarMenuPrincipal&id=71751215&funcionario=LUIS+RAFAEL+ARGEL+GONZALEZ&desde=71751215&hasta=71751215&version=71751215&accion=Regresar HTTP/1.1" 200 5437
186.155.94.140 - - [24/Sep/2023:19:54:35 -0500] "POST /appsia/controlador HTTP/1.1" 200 7781
186.155.94.140 - - [24/Sep/2023:19:54:40 -0500] "POST /appsia/controlador HTTP/1.1" 200 6646
186.155.94.140 - - [24/Sep/2023:19:54:41 -0500] "POST /appsia/controlador HTTP/1.1" 200 10237
201.245.192.253 - - [24/Sep/2023:19:55:25 -0500] "POST /kwsrmcab/Wsrmcab  HTTP/1.1" 200 41265
216.245.221.92 - - [24/Sep/2023:19:55:55 -0500] "HEAD / HTTP/1.1" 200 -
186.155.94.140 - - [24/Sep/2023:19:56:50 -0500] "POST /appsia/controlador HTTP/1.1" 200 75814
186.155.94.140 - - [24/Sep/2023:19:56:57 -0500] "POST /appsia/controlador HTTP/1.1" 200 7781
186.155.94.140 - - [24/Sep/2023:19:57:02 -0500] "POST /appsia/controlador HTTP/1.1" 200 6646
186.155.94.140 - - [24/Sep/2023:19:57:05 -0500] "POST /appsia/controlador HTTP/1.1" 200 10585
186.155.94.140 - - [24/Sep/2023:19:57:15 -0500] "POST /appsia/controlador HTTP/1.1" 200 7781
186.155.94.140 - - [24/Sep/2023:19:57:23 -0500] "POST /appsia/controlador HTTP/1.1" 200 6646
186.155.94.140 - - [24/Sep/2023:19:57:24 -0500] "POST /appsia/controlador HTTP/1.1" 200 10659
186.155.94.140 - - [24/Sep/2023:19:57:45 -0500] "POST /appsia/controlador HTTP/1.1" 200 7781
186.155.94.140 - - [24/Sep/2023:19:57:49 -0500] "POST /appsia/controlador HTTP/1.1" 200 6646
186.155.94.140 - - [24/Sep/2023:19:57:50 -0500] "POST /appsia/controlador HTTP/1.1" 200 9491
173.252.95.10 - - [24/Sep/2023:19:57:57 -0500] "GET /images/plantacion-humedal-la-conejera.jpg HTTP/1.1" 200 92644
172.22.2.4 - - [24/Sep/2023:19:56:43 -0500] "HEAD /BLA/boletinlegal/ HTTP/1.1" 200 -
173.252.83.7 - - [24/Sep/2023:19:59:02 -0500] "GET /images/negocios-verdes-mayo-2022.jpg HTTP/1.1" 200 48000
172.22.2.4 - - [24/Sep/2023:19:57:34 -0500] "GET /BLA/boletinlegal/ HTTP/1.1" 200 58187
173.252.107.2 - - [24/Sep/2023:19:59:17 -0500] "GET /bogota-ya-cuenta-mas-de-70-negocios-verdes-verificados.html HTTP/1.1" 200 992
201.245.192.253 - - [24/Sep/2023:20:00:23 -0500] "POST /kwsrmcab/Wsrmcab  HTTP/1.1" 200 41265
216.245.221.92 - - [24/Sep/2023:20:00:55 -0500] "HEAD / HTTP/1.1" 200 -
172.22.2.4 - - [24/Sep/2023:20:02:33 -0500] "HEAD /BLA/boletinlegal/ HTTP/1.1" 200 -
172.22.2.4 - - [24/Sep/2023:20:03:24 -0500] "GET /BLA/boletinlegal/ HTTP/1.1" 200 58187
201.245.192.253 - - [24/Sep/2023:20:05:22 -0500] "POST /kwsrmcab/Wsrmcab  HTTP/1.1" 200 41265
216.245.221.92 - - [24/Sep/2023:20:05:55 -0500] "HEAD / HTTP/1.1" 200 -
172.22.2.4 - - [24/Sep/2023:20:06:36 -0500] "GET /BLA/boletinlegal/interes.php HTTP/1.1" 200 2057
172.22.2.4 - - [24/Sep/2023:20:06:36 -0500] "GET /BLA/boletinlegal/js/jquery.scrollShow.js HTTP/1.1" 200 4586
172.22.2.4 - - [24/Sep/2023:20:06:36 -0500] "GET /BLA/boletinlegal/js/jquery.scrollTo-min.js HTTP/1.1" 200 1150
172.22.2.4 - - [24/Sep/2023:20:06:36 -0500] "GET /BLA/boletinlegal/js/jquery.js HTTP/1.1" 200 57254
172.22.2.4 - - [24/Sep/2023:20:06:36 -0500] "GET /BLA/boletinlegal/favicon.ico HTTP/1.1" 404 1330
172.22.2.4 - - [24/Sep/2023:20:06:36 -0500] "GET /BLA/boletinlegal/robots.txt HTTP/1.1" 404 1140
172.22.2.4 - - [24/Sep/2023:20:07:51 -0500] "GET /BLA/boletinlegal/interes.php HTTP/1.1" 200 2045
172.22.2.4 - - [24/Sep/2023:20:07:52 -0500] "GET /BLA/boletinlegal/robots.txt HTTP/1.1" 404 1140
52.25.208.208 - - [24/Sep/2023:20:09:10 -0500] "GET /semana-bogota-reverdece-con-exito-finaliza-el-primer-dia-de-la-convencion-internacional-de-emergencia-climatica.html HTTP/1.1" 200 898
52.25.208.208 - - [24/Sep/2023:20:09:14 -0500] "GET /semana-bogoti-reverdece-bogoti-preparada-para-la-crisis-climitica.html HTTP/1.1" 200 949
52.167.144.208 - - [24/Sep/2023:20:09:48 -0500] "GET /sipse/faces/presentacion/sistema/anexos/cargarAnexoSolicitudProceso.xhtml HTTP/1.1" 302 -
52.167.144.208 - - [24/Sep/2023:20:09:49 -0500] "GET /sipse/faces/autenticacion.xhtml HTTP/1.1" 200 12416
172.22.2.4 - - [24/Sep/2023:20:08:23 -0500] "HEAD /BLA/boletinlegal/ HTTP/1.1" 200 -
201.245.192.253 - - [24/Sep/2023:20:10:21 -0500] "POST /kwsrmcab/Wsrmcab  HTTP/1.1" 200 41265
172.22.2.4 - - [24/Sep/2023:20:09:14 -0500] "GET /BLA/boletinlegal/ HTTP/1.1" 200 58187
216.245.221.92 - - [24/Sep/2023:20:10:55 -0500] "HEAD / HTTP/1.1" 200 -
186.102.9.170 - - [24/Sep/2023:20:13:55 -0500] "GET /kwssiamovil/sm/acme/a?s=U2FsdGVkX18Q2aDAk8/k5PDikXbN3O/3xt2iKuVm9kEhEmI/gYWA+QYKRyC5FImI1XxHWuaY2FrkGCY6Mlm8XHh7kNw89DPvr397Vt+Tj5hw3IUbjUO5W99k6gQBbikwf+ix7onJt6dj3FJeYHlI+JknKcKkPt94shktUbvvp9/sBIAFc54B9pKs2EopDMSYCDFkjAFlKvyHqPxqKdQRsaHXjKROYgwJguBcJYS69Jw2Z8PoFpEkc5s0FrAC22SwkwYpmHLyRCiReiy1dboO+A==&u=U2FsdGVkX1/2/yjYvw/cG2tXLahNPXhIjgi2dK3BOKs=&y=U2FsdGVkX1+GWMaNOocQzdbkB04Km9MXBXAedgeFdl0= HTTP/1.1" 200 26
186.102.9.170 - - [24/Sep/2023:20:13:56 -0500] "GET /kwssiamovil/sm/acme/a?s=U2FsdGVkX1/KPFY2/ufElX/CAV9prhexbS/HmPgemAvOM8KQp8xsY8h8w8K6UET7BvTcDgYjSNZt9VZj7ZExdccbMj5P2/XEC6FHKzw5IcvYYwApco3BUuwujoKLxylGmSF5YuE7DjuPyyXVKOGcp8Ra30t2LeztVLiLlDROZeLJRJQhrNpovp9qnTLEqGFc/9Xc/8Q0gOYVCuTVOSYRdyFy+wQlLIMhicuEaq5HzhuLkFVMVqBYNxSrqK7yWFcavMKgn/c8qQ1GuiaNd+t1BxvbSD/thh5Fmo54wciZvcB8cI951ybdt+2Wpjh0Zl/9JQVdkxd2TnscOE0pJ1UVThjBbdsQwYRs6/VF4DjMVMdp9H72gPNpcsyahxFzXDgxElCkFhwHHx6njSPZKnV6LxyQWcyuE9DYtG/wUPeqrlVlpZZIdK4NBWtpNffwcNMHYOY3rxTT45kWFdbJeAdy5NE3e21PBTHqu0pmZe+ZjerLj/zpXwGxRMlPFwRGUGCBS/2FmE/gLm8ZhZRZQhfjXe/QOIeKGgF4JmZ4JipXRuv8DLV5e3krL7ldAI397RAzKQDHhTaeA6ukBc1untqB/Nvj2jM0EQ1OOEqoRX2SCstMD4sxeEuX4+ETEqlcomKGevbCsE0fUL37f6DQ3V86va0hMMPBmj4De/iw3ZzH6jc279Zbvc9XvmKfmMW0jClIfCpTY6PniVEeBS8VEm/K1OF0nAmvVncXnmt93wk1+97kHnR+AqvcMWyRHZANPFhyzS8rof6DJCQi7h12E8ElRjQrSsvP06quuUiMTwnB4skXis6GY3Byr+/6QlTtsMNdyJJ47Rs005isWNWQ6NN69FJSLvRtWpDKd4IYtbnUyW+cOIZ+Y5HbvlhH/6QxxhjfsLR29F22wI+fjcpMe1O+CCNU/7crO/kWNeMJX5jYAcj3DmE1tJbEHSorDRkYFBx9PC+Xtc/UcUGFHc4rA9hUhj0NbM718UrdcxhjrIftPIc/xY0n1NJWDzHAuBH2Tgc7kHcaxe0VRzaMFRQsSPIn8M52bXuxK2AXcjECXINpSyNKaEY5b64piwrflvmeSiPPbmqm2/is0U5EBY0rMbPk1dBMKlzfwUbq0arD9WUVekiNBKO0gAabAHXOrL0/hpRXIynlxhFNKVMxLRVE7ZT5gvudusWuzWsPoW6kIQXxyGT4iUFV5orR2L9kH8jxGHURzdzofZy0VtW1sq5kcjeGxIkHiWhZ3piPgHuDoWKYdFm2bVAZb66naN6Bwtg4dYIPIN/GRjt0dCGncAP4/qee+Q==&u=U2FsdGVkX1/2/yjYvw/cG2tXLahNPXhIjgi2dK3BOKs=&y=U2FsdGVkX1+GWMaNOocQzdbkB04Km9MXBXAedgeFdl0= HTTP/1.1" 200 26
186.102.9.170 - - [24/Sep/2023:20:13:56 -0500] "GET /kwssiamovil/sm/acme/a?s=U2FsdGVkX19YgcuU0g1dWWdojbrZSucBMWogl8mx5jfTEX5nSx6URvF/ezS+G2KmLnOJCgpnoVfTTmhBlPlU0I4qnXOiTgoqCFaktAfYMCg9EEvIxAvZX5VISyvBjaT81HbdlSRQtqGyOFxz35W7YXE5rusnicFwWTaoEl3FHEo=&u=U2FsdGVkX1/2/yjYvw/cG2tXLahNPXhIjgi2dK3BOKs=&y=U2FsdGVkX1+GWMaNOocQzdbkB04Km9MXBXAedgeFdl0= HTTP/1.1" 200 26
186.102.9.170 - - [24/Sep/2023:20:13:56 -0500] "GET /kwssiamovil/sm/acme/a?s=U2FsdGVkX18SxoIOh1P73MJxmKozcDwXeW7rMajkg4pYp6Z9W08/AtkyMYiocDJ5Xad4pjs1aDn2dVU0Z0JLloingr8JXIQOjM3Ast/YEShvMZq75vmFj1odZV95hG7jyjwXpCH1AICZuqv/EW8LyymXmXgZVuI13HR+fHO3Zbc=&u=U2FsdGVkX1/2/yjYvw/cG2tXLahNPXhIjgi2dK3BOKs=&y=U2FsdGVkX1+GWMaNOocQzdbkB04Km9MXBXAedgeFdl0= HTTP/1.1" 200 26
186.102.9.170 - - [24/Sep/2023:20:13:56 -0500] "GET /kwssiamovil/sm/acme/a?s=U2FsdGVkX19oSCO4EU4fml+GcCypozbXOgnceKQCg2arU4l8HmAhcn1dPfF7oP+76rJHwvs2hR5E4njmVUVs7I70E4rwWomOO8z+REnXkow8WEaSu1jD9Th9r4pMAjFGmD3XZyoC5MO81yy4tvnvHfyZOMnhdOWdJIJlVMavMTc=&u=U2FsdGVkX1/2/yjYvw/cG2tXLahNPXhIjgi2dK3BOKs=&y=U2FsdGVkX1+GWMaNOocQzdbkB04Km9MXBXAedgeFdl0= HTTP/1.1" 200 26
186.102.9.170 - - [24/Sep/2023:20:13:57 -0500] "GET /kwssiamovil/sm/acme/a?s=U2FsdGVkX1/TGlPNVXVJneYW/5sn7IASVCfZzSRuHkAeI0LgeKPgtAy/McZ0AQva0/+Oua5vPLFYVUec5Y5D9YDk8sAbAyDMGptb4/shTeY5ZgKMP1sZ68W4ckyVMoJkAbRQz+YC27qV6jvyC8Nqe45kb2bysWSTNr8rMcUKHIux+FibLvlP9fVBBPDgdqj5&u=U2FsdGVkX1/2/yjYvw/cG2tXLahNPXhIjgi2dK3BOKs=&y=U2FsdGVkX1+GWMaNOocQzdbkB04Km9MXBXAedgeFdl0= HTTP/1.1" 200 26
201.245.192.253 - - [24/Sep/2023:20:15:20 -0500] "POST /kwsrmcab/Wsrmcab  HTTP/1.1" 200 41265
172.22.2.4 - - [24/Sep/2023:20:14:13 -0500] "HEAD /BLA/boletinlegal/ HTTP/1.1" 200 -
216.245.221.92 - - [24/Sep/2023:20:15:56 -0500] "HEAD / HTTP/1.1" 200 -
173.252.107.7 - - [24/Sep/2023:20:16:40 -0500] "GET /proyecto-avantia-con-la-union-europea-busca-especialista-en-cambio-climatico.html HTTP/1.1" 200 814
173.252.107.119 - - [24/Sep/2023:20:16:40 -0500] "GET /proyecto-avantia-con-la-union-europea-busca-especialista-en-cambio-climatico.html HTTP/1.1" 200 814
173.252.79.8 - - [24/Sep/2023:20:16:41 -0500] "GET /images/aire-bogota.jpeg HTTP/1.1" 200 169194
172.22.2.4 - - [24/Sep/2023:20:15:04 -0500] "GET /BLA/boletinlegal/ HTTP/1.1" 200 58187
201.245.192.253 - - [24/Sep/2023:20:18:31 -0500] "POST /kwsrmcab/Wsrmcab HTTP/1.1" 200 41359
201.245.192.253 - - [24/Sep/2023:20:18:35 -0500] "POST /kwsrmcab/Wsrmcab HTTP/1.1" 200 41348
216.244.66.195 - - [24/Sep/2023:20:18:45 -0500] "GET /BLA/resoluciones/AUTOS%202020/4325.pdf HTTP/1.1" 200 360433
31.13.127.13 - - [24/Sep/2023:20:19:11 -0500] "GET /participa-en-la-convocatoria-para-el-aseguramiento-metrologico-de-la-red-de-monitoreo-de-calidad-del-aire-de-bogota.html HTTP/1.1" 200 848
31.13.127.6 - - [24/Sep/2023:20:19:11 -0500] "GET /participa-en-la-convocatoria-para-el-aseguramiento-metrologico-de-la-red-de-monitoreo-de-calidad-del-aire-de-bogota.html HTTP/1.1" 200 848
31.13.127.118 - - [24/Sep/2023:20:19:11 -0500] "GET /participa-en-la-convocatoria-para-el-aseguramiento-metrologico-de-la-red-de-monitoreo-de-calidad-del-aire-de-bogota.html HTTP/1.1" 200 848
103.149.192.35 - - [24/Sep/2023:20:18:51 -0500] "GET /portaldeninos/ HTTP/1.1" 200 110175
216.244.66.195 - - [24/Sep/2023:20:19:29 -0500] "GET /BLA/resoluciones/AUTOS%202020/4455.pdf HTTP/1.1" 200 1248397
213.180.203.239 - - [24/Sep/2023:20:19:54 -0500] "GET /robots.txt HTTP/1.1" 404 1035
213.180.203.236 - - [24/Sep/2023:20:19:55 -0500] "GET /portaldeninos/ HTTP/1.1" 200 110175
216.244.66.195 - - [24/Sep/2023:20:20:19 -0500] "GET /BLA/resoluciones/AUTOS%202020/4552.pdf HTTP/1.1" 200 344200
201.245.192.253 - - [24/Sep/2023:20:20:18 -0500] "POST /kwsrmcab/Wsrmcab  HTTP/1.1" 200 41265
216.244.66.195 - - [24/Sep/2023:20:20:54 -0500] "GET /BLA/resoluciones/AUTOS%202020/4761.pdf HTTP/1.1" 200 953580
216.245.221.92 - - [24/Sep/2023:20:20:55 -0500] "HEAD / HTTP/1.1" 200 -
172.22.2.4 - - [24/Sep/2023:20:20:03 -0500] "HEAD /BLA/boletinlegal/ HTTP/1.1" 200 -
216.244.66.195 - - [24/Sep/2023:20:21:44 -0500] "GET /BLA/resoluciones/AUTOS%202021/0095.pdf HTTP/1.1" 200 396321
191.156.144.166 - - [24/Sep/2023:20:21:49 -0500] "GET /sipse/js/disable_browser_buttons.js HTTP/1.1" 304 -
191.156.155.253 - - [24/Sep/2023:20:21:49 -0500] "GET /sipse/js/funciones.js HTTP/1.1" 304 -
191.156.155.253 - - [24/Sep/2023:20:21:49 -0500] "GET /sipse/css/custom_css_sg.css HTTP/1.1" 200 9694
191.156.144.166 - - [24/Sep/2023:20:21:49 -0500] "GET /sipse/css/custom_css_sg_prime_login.css HTTP/1.1" 304 -
191.156.144.166 - - [24/Sep/2023:20:21:49 -0500] "GET /sipse/faces/javax.faces.resource/theme.css?ln=primefaces-sipse HTTP/1.1" 304 -
191.156.144.166 - - [24/Sep/2023:20:21:49 -0500] "GET /sipse/faces/javax.faces.resource/primefaces.css?ln=primefaces&v=4.0 HTTP/1.1" 304 -
191.156.144.166 - - [24/Sep/2023:20:21:49 -0500] "GET /sipse/faces/javax.faces.resource/jquery/jquery.js?ln=primefaces&v=4.0 HTTP/1.1" 304 -
191.156.155.253 - - [24/Sep/2023:20:21:49 -0500] "GET /sipse/faces/javax.faces.resource/layout/layout.css?ln=primefaces&v=4.0 HTTP/1.1" 304 -
191.156.144.166 - - [24/Sep/2023:20:21:49 -0500] "GET /sipse/faces/javax.faces.resource/layout/layout.js?ln=primefaces&v=4.0 HTTP/1.1" 304 -
191.156.155.253 - - [24/Sep/2023:20:21:49 -0500] "GET /sipse/faces/javax.faces.resource/primefaces.js?ln=primefaces&v=4.0 HTTP/1.1" 200 276924
191.156.144.166 - - [24/Sep/2023:20:21:49 -0500] "GET /sipse/faces/javax.faces.resource/jquery/jquery-plugins.js?ln=primefaces&v=4.0 HTTP/1.1" 200 220526
191.156.144.166 - - [24/Sep/2023:20:21:50 -0500] "GET /sipse/css/imagen/logoSDG.png HTTP/1.1" 304 -
191.156.155.253 - - [24/Sep/2023:20:21:50 -0500] "GET /sipse/css/imagen/loginimg.png HTTP/1.1" 304 -
191.156.144.166 - - [24/Sep/2023:20:21:50 -0500] "GET /sipse/faces/javax.faces.resource/images/ui-icons_898989_256x240.png?ln=primefaces-aristo HTTP/1.1" 304 -
191.156.144.166 - - [24/Sep/2023:20:21:50 -0500] "GET /sipse/faces/faces/index.xhtml HTTP/1.1" 200 677
191.156.144.166 - - [24/Sep/2023:20:21:51 -0500] "GET /sipse/faces/javax.faces.resource/theme.css?ln=primefaces-sipse HTTP/1.1" 304 -
191.156.144.166 - - [24/Sep/2023:20:21:51 -0500] "GET /sipse/faces/faces/faces/autenticacion.xhtml HTTP/1.1" 200 12416
191.156.144.166 - - [24/Sep/2023:20:21:51 -0500] "GET /sipse/faces/javax.faces.resource/theme.css?ln=primefaces-sipse HTTP/1.1" 304 -
191.156.155.253 - - [24/Sep/2023:20:21:51 -0500] "GET /sipse/faces/javax.faces.resource/primefaces.css?ln=primefaces&v=4.0 HTTP/1.1" 304 -
191.156.144.166 - - [24/Sep/2023:20:21:51 -0500] "GET /sipse/faces/javax.faces.resource/layout/layout.css?ln=primefaces&v=4.0 HTTP/1.1" 304 -
191.156.144.166 - - [24/Sep/2023:20:21:51 -0500] "GET /sipse/faces/javax.faces.resource/jquery/jquery.js?ln=primefaces&v=4.0 HTTP/1.1" 304 -
191.156.146.136 - - [24/Sep/2023:20:21:51 -0500] "GET /sipse/faces/javax.faces.resource/jquery/jquery-plugins.js?ln=primefaces&v=4.0 HTTP/1.1" 304 -
191.156.155.253 - - [24/Sep/2023:20:21:51 -0500] "GET /sipse/faces/javax.faces.resource/primefaces.js?ln=primefaces&v=4.0 HTTP/1.1" 304 -
191.156.152.7 - - [24/Sep/2023:20:21:51 -0500] "GET /sipse/faces/javax.faces.resource/layout/layout.js?ln=primefaces&v=4.0 HTTP/1.1" 304 -
162.55.175.24 - - [24/Sep/2023:20:22:22 -0500] "GET / HTTP/1.1" 200 319
216.244.66.195 - - [24/Sep/2023:20:22:22 -0500] "GET /BLA/resoluciones/AUTOS%202021/0264.pdf HTTP/1.1" 200 512774
172.22.2.4 - - [24/Sep/2023:20:20:54 -0500] "GET /BLA/boletinlegal/ HTTP/1.1" 200 58981
123.6.49.15 - - [24/Sep/2023:20:22:55 -0500] "GET / HTTP/1.1" 200 319
173.252.107.9 - - [24/Sep/2023:20:23:02 -0500] "GET /participa-en-la-convocatoria-para-el-aseguramiento-metrologico-de-la-red-de-monitoreo-de-calidad-del-aire-de-bogota.html HTTP/1.1" 200 848
173.252.107.6 - - [24/Sep/2023:20:23:02 -0500] "GET /participa-en-la-convocatoria-para-el-aseguramiento-metrologico-de-la-red-de-monitoreo-de-calidad-del-aire-de-bogota.html HTTP/1.1" 200 848
216.244.66.195 - - [24/Sep/2023:20:23:04 -0500] "GET /BLA/resoluciones/AUTOS%202021/0501.pdf HTTP/1.1" 200 944686
216.244.66.195 - - [24/Sep/2023:20:23:53 -0500] "GET /BLA/resoluciones/AUTOS%202021/0797.pdf HTTP/1.1" 200 393345
216.244.66.195 - - [24/Sep/2023:20:24:23 -0500] "GET /BLA/resoluciones/AUTOS%202021/0825.pdf HTTP/1.1" 200 394390
216.244.66.195 - - [24/Sep/2023:20:24:56 -0500] "GET /BLA/resoluciones/AUTOS%202021/1009.pdf HTTP/1.1" 200 853773
201.245.192.253 - - [24/Sep/2023:20:25:18 -0500] "POST /kwsrmcab/Wsrmcab  HTTP/1.1" 200 41265
216.244.66.195 - - [24/Sep/2023:20:25:40 -0500] "GET /BLA/resoluciones/AUTOS%202021/1713.pdf HTTP/1.1" 200 679988
216.245.221.92 - - [24/Sep/2023:20:25:55 -0500] "HEAD / HTTP/1.1" 200 -
216.244.66.195 - - [24/Sep/2023:20:26:10 -0500] "GET /BLA/resoluciones/AUTOS%202021/2792.pdf HTTP/1.1" 200 425196
216.244.66.195 - - [24/Sep/2023:20:26:40 -0500] "GET /BLA/resoluciones/AUTOS%202021/3362.pdf HTTP/1.1" 200 470442
31.13.127.21 - - [24/Sep/2023:20:26:54 -0500] "GET /semana-bogota-reverdece-135-nuevos-arboles-para-el-humedal-la-conejera.html HTTP/1.1" 200 814
216.244.66.195 - - [24/Sep/2023:20:27:08 -0500] "GET /BLA/resoluciones/AUTOS%202021/3511.pdf HTTP/1.1" 200 1041671
186.171.11.50 - - [24/Sep/2023:20:27:06 -0500] "GET /BLA/resoluciones/index.php?dir=AUTOS+2014%2F HTTP/1.1" 200 890525
157.55.39.54 - - [24/Sep/2023:20:27:15 -0500] "GET /forest/ HTTP/1.1" 200 12041
172.22.2.4 - - [24/Sep/2023:20:25:53 -0500] "HEAD /BLA/boletinlegal/ HTTP/1.1" 200 -
216.244.66.195 - - [24/Sep/2023:20:27:36 -0500] "GET /BLA/resoluciones/AUTOS%202021/3596.pdf HTTP/1.1" 200 367891
216.244.66.195 - - [24/Sep/2023:20:28:03 -0500] "GET /BLA/resoluciones/AUTOS%202021/3597.pdf HTTP/1.1" 200 397360
8.222.220.181 - - [24/Sep/2023:20:28:18 -0500] "GET /galeria/galeria/fotos/Jaboque4P.jpg HTTP/1.1" 200 27446
172.22.2.4 - - [24/Sep/2023:20:26:44 -0500] "GET /BLA/boletinlegal/ HTTP/1.1" 200 58187
216.244.66.195 - - [24/Sep/2023:20:28:30 -0500] "GET /BLA/resoluciones/AUTOS%202021/3786.pdf HTTP/1.1" 200 420776
201.245.192.253 - - [24/Sep/2023:20:28:31 -0500] "POST /kwsrmcab/Wsrmcab HTTP/1.1" 200 41359
201.245.192.253 - - [24/Sep/2023:20:28:34 -0500] "POST /kwsrmcab/Wsrmcab HTTP/1.1" 200 41348
216.244.66.195 - - [24/Sep/2023:20:28:55 -0500] "GET /BLA/resoluciones/AUTOS%202021/4068.pdf HTTP/1.1" 200 398295
216.244.66.195 - - [24/Sep/2023:20:29:20 -0500] "GET /BLA/resoluciones/AUTOS%202021/4511.pdf HTTP/1.1" 200 344309
216.244.66.195 - - [24/Sep/2023:20:29:43 -0500] "GET /BLA/resoluciones/AUTOS%202021/4609.pdf HTTP/1.1" 200 349537
216.244.66.195 - - [24/Sep/2023:20:30:04 -0500] "GET /BLA/resoluciones/AUTOS%202021/4635.pdf HTTP/1.1" 200 397503
201.245.192.253 - - [24/Sep/2023:20:30:16 -0500] "POST /kwsrmcab/Wsrmcab  HTTP/1.1" 200 41265
216.244.66.195 - - [24/Sep/2023:20:30:24 -0500] "GET /BLA/resoluciones/AUTOS%202021/4739.pdf HTTP/1.1" 200 489758
216.244.66.195 - - [24/Sep/2023:20:30:44 -0500] "GET /BLA/resoluciones/AUTOS%202021/5306.pdf HTTP/1.1" 200 390444
216.245.221.92 - - [24/Sep/2023:20:30:55 -0500] "HEAD / HTTP/1.1" 200 -
216.244.66.195 - - [24/Sep/2023:20:31:03 -0500] "GET /BLA/resoluciones/AUTOS%202021/5402.pdf HTTP/1.1" 200 774055
216.244.66.195 - - [24/Sep/2023:20:31:40 -0500] "GET /BLA/resoluciones/AUTOS%202021/5526.pdf HTTP/1.1" 200 402948
216.244.66.195 - - [24/Sep/2023:20:32:10 -0500] "GET /BLA/resoluciones/AUTOS%202022/0189.pdf HTTP/1.1" 200 412782
44.230.252.91 - - [24/Sep/2023:20:32:16 -0500] "GET /en-bosa-distrito-inicio-la-consolidacion-de-las-zonas-urbanas-por-un-mejor-aire.html HTTP/1.1" 200 942
100.21.24.205 - - [24/Sep/2023:20:32:19 -0500] "GET /un-respiro-para-el-ambiente-durante-la-jornada-de-dia-sin-carro-y-sin-moto.html HTTP/1.1" 200 702
186.155.15.242 - - [24/Sep/2023:20:32:40 -0500] "GET /abierta-convocatoria-para-postular-a-organizaciones-que-desarrollan-actividades-de-voluntariado-ambiental-en-bogota.html HTTP/1.1" 200 880
216.244.66.195 - - [24/Sep/2023:20:32:40 -0500] "GET /BLA/resoluciones/AUTOS%202022/0259.pdf HTTP/1.1" 200 372263
216.244.66.195 - - [24/Sep/2023:20:33:09 -0500] "GET /BLA/resoluciones/AUTOS%202022/1037.pdf HTTP/1.1" 200 390916
172.22.2.4 - - [24/Sep/2023:20:31:43 -0500] "HEAD /BLA/boletinlegal/ HTTP/1.1" 200 -
216.244.66.195 - - [24/Sep/2023:20:33:36 -0500] "GET /BLA/resoluciones/AUTOS%202022/1327.pdf HTTP/1.1" 200 1095111
216.244.66.195 - - [24/Sep/2023:20:34:03 -0500] "GET /BLA/resoluciones/AUTOS%202022/1501.pdf HTTP/1.1" 200 450111
172.22.2.4 - - [24/Sep/2023:20:32:34 -0500] "GET /BLA/boletinlegal/ HTTP/1.1" 200 55844
172.22.2.4 - - [24/Sep/2023:20:33:20 -0500] "GET /BLA/boletinlegal/ HTTP/1.1" 200 60342
201.245.192.253 - - [24/Sep/2023:20:35:15 -0500] "POST /kwsrmcab/Wsrmcab  HTTP/1.1" 200 41265
216.245.221.92 - - [24/Sep/2023:20:35:55 -0500] "HEAD / HTTP/1.1" 200 -
173.252.107.5 - - [24/Sep/2023:20:36:40 -0500] "GET /dia-mundial-de-los-humedales-mas-de-60-aves-alzaron-vuelo-en-el-humedal-el-tunjo.html HTTP/1.1" 200 885
172.22.2.4 - - [24/Sep/2023:20:37:16 -0500] "GET /BLA/boletinlegal/Circulares/2019/.pdf HTTP/1.1" 404 1218
172.22.2.4 - - [24/Sep/2023:20:37:24 -0500] "GET /BLA/boletinlegal/Circulares/2012/Circular%20No.%2010%20del%2026%20de%20Enero%20de%202012.pdf HTTP/1.1" 404 1218
201.245.192.253 - - [24/Sep/2023:20:38:31 -0500] "POST /kwsrmcab/Wsrmcab HTTP/1.1" 200 41359
201.245.192.253 - - [24/Sep/2023:20:38:34 -0500] "POST /kwsrmcab/Wsrmcab HTTP/1.1" 200 41348
216.244.66.195 - - [24/Sep/2023:20:38:59 -0500] "GET /robots.txt HTTP/1.1" 404 1018
172.22.2.4 - - [24/Sep/2023:20:37:33 -0500] "HEAD /BLA/boletinlegal/ HTTP/1.1" 200 -
157.55.39.15 - - [24/Sep/2023:20:39:42 -0500] "GET /Publicaciones/2023EE220833.pdf HTTP/1.1" 200 232077
172.22.2.4 - - [24/Sep/2023:20:38:24 -0500] "GET /BLA/boletinlegal/ HTTP/1.1" 200 58187
52.167.144.197 - - [24/Sep/2023:20:40:15 -0500] "GET /galeria/galeria/jquery.fancybox.js?v=2.1.5 HTTP/1.1" 200 48706
52.167.144.197 - - [24/Sep/2023:20:40:16 -0500] "GET /svr-ciudadano/? HTTP/1.1" 200 133916
201.245.192.253 - - [24/Sep/2023:20:40:15 -0500] "POST /kwsrmcab/Wsrmcab  HTTP/1.1" 200 41265
157.55.39.15 - - [24/Sep/2023:20:40:26 -0500] "GET /BLA/boletinlegal/js/jquery.scrollShow.js HTTP/1.1" 200 4586
157.55.39.15 - - [24/Sep/2023:20:40:26 -0500] "GET /galeria/galeria/jquery.fancybox.css?v=2.1.5 HTTP/1.1" 200 4895
216.245.221.92 - - [24/Sep/2023:20:40:55 -0500] "HEAD / HTTP/1.1" 200 -
66.249.66.76 - - [24/Sep/2023:20:41:40 -0500] "GET /robots.txt HTTP/1.1" 404 1035
44.230.252.91 - - [24/Sep/2023:20:42:52 -0500] "GET /BLA/resoluciones/index.php?dir=Notificaciones/&order=desc&sort=name HTTP/1.1" 200 11438
52.25.208.208 - - [24/Sep/2023:20:42:55 -0500] "GET /BLA/resoluciones/index.php?dir=Notificaciones/&order=asc&sort=size HTTP/1.1" 200 11439
52.25.208.208 - - [24/Sep/2023:20:42:58 -0500] "GET /BLA/resoluciones/index.php?dir=Notificaciones/AUTOS%200022/ HTTP/1.1" 200 2018
100.21.24.205 - - [24/Sep/2023:20:43:02 -0500] "GET /BLA/resoluciones/index.php?dir=Notificaciones/&order=asc&sort=date HTTP/1.1" 200 11439
44.230.252.91 - - [24/Sep/2023:20:43:04 -0500] "GET /BLA/resoluciones/index.php?dir=Notificaciones/AUTOS%202013/ HTTP/1.1" 200 39422
52.25.208.208 - - [24/Sep/2023:20:43:07 -0500] "GET /BLA/resoluciones/index.php?dir=Notificaciones/AUTOS%201985/ HTTP/1.1" 200 2733
100.21.24.205 - - [24/Sep/2023:20:43:12 -0500] "GET /BLA/resoluciones/index.php?dir=Notificaciones/AUTOS%202012/ HTTP/1.1" 200 3092
44.230.252.91 - - [24/Sep/2023:20:43:18 -0500] "GET /BLA/resoluciones/index.php?dir=Notificaciones/AUTOS%201988/ HTTP/1.1" 200 2205
44.230.252.91 - - [24/Sep/2023:20:43:21 -0500] "GET /BLA/resoluciones/index.php?dir=Notificaciones/AUTOS%202020/ HTTP/1.1" 200 119693
44.230.252.91 - - [24/Sep/2023:20:43:25 -0500] "GET /BLA/resoluciones/index.php?dir=Notificaciones/AUTOS%202021/ HTTP/1.1" 200 200238
44.230.252.91 - - [24/Sep/2023:20:43:29 -0500] "GET /BLA/resoluciones/index.php?dir=Notificaciones/AUTOS%202022/ HTTP/1.1" 200 164148
100.21.24.205 - - [24/Sep/2023:20:43:30 -0500] "GET /BLA/resoluciones/index.php?dir=Notificaciones/AUTOS%202016/ HTTP/1.1" 200 75954
100.21.24.205 - - [24/Sep/2023:20:43:34 -0500] "GET /BLA/resoluciones/index.php?dir=Notificaciones/AUTOS%202018/ HTTP/1.1" 200 98973
44.230.252.91 - - [24/Sep/2023:20:43:38 -0500] "GET /BLA/resoluciones/index.php?dir=Notificaciones/AUTOS%202014/ HTTP/1.1" 200 307884
100.21.24.205 - - [24/Sep/2023:20:43:42 -0500] "GET /BLA/resoluciones/index.php?dir=Notificaciones/AUTOS%202015/ HTTP/1.1" 200 102197
44.230.252.91 - - [24/Sep/2023:20:43:45 -0500] "GET /BLA/resoluciones/index.php?dir=Notificaciones/AUTOS%202017/ HTTP/1.1" 200 140025
52.25.208.208 - - [24/Sep/2023:20:43:49 -0500] "GET /BLA/resoluciones/index.php?dir=Notificaciones/AUTOS%202019/ HTTP/1.1" 200 108923
100.21.24.205 - - [24/Sep/2023:20:43:56 -0500] "GET /BLA/resoluciones/index.php?dir=Notificaciones/AUTOS%202202/ HTTP/1.1" 200 2022
100.21.24.205 - - [24/Sep/2023:20:43:59 -0500] "GET /BLA/resoluciones/index.php?dir=Notificaciones/AUTOS%202023/ HTTP/1.1" 200 80732
100.21.24.205 - - [24/Sep/2023:20:44:04 -0500] "GET /BLA/resoluciones/index.php?dir=Notificaciones/DISCIPLINARIOS%202019/ HTTP/1.1" 200 3553
44.230.252.91 - - [24/Sep/2023:20:44:08 -0500] "GET /BLA/resoluciones/index.php?dir=Notificaciones/REGISTROS%200218/ HTTP/1.1" 200 1871
100.21.24.205 - - [24/Sep/2023:20:44:10 -0500] "GET /BLA/resoluciones/index.php?dir=Notificaciones/REGISTROS%202013/ HTTP/1.1" 200 2053
100.21.24.205 - - [24/Sep/2023:20:44:16 -0500] "GET /BLA/resoluciones/index.php?dir=Notificaciones/REGISTROS%200216/ HTTP/1.1" 200 2241
52.167.144.101 - - [24/Sep/2023:20:44:17 -0500] "GET /sipse/faces/autenticacion.xhtml HTTP/1.1" 200 12738
100.21.24.205 - - [24/Sep/2023:20:44:17 -0500] "GET /BLA/resoluciones/index.php?dir=Notificaciones/REGISTROS%202017/ HTTP/1.1" 200 9178
100.21.24.205 - - [24/Sep/2023:20:44:20 -0500] "GET /BLA/resoluciones/index.php?dir=Notificaciones/REGISTROS%202016/ HTTP/1.1" 200 17179
44.230.252.91 - - [24/Sep/2023:20:44:27 -0500] "GET /BLA/resoluciones/index.php?dir=Notificaciones/REGISTROS%202014/ HTTP/1.1" 200 15754
100.21.24.205 - - [24/Sep/2023:20:44:30 -0500] "GET /BLA/resoluciones/index.php?dir=Notificaciones/REGISTROS%202019/ HTTP/1.1" 200 18601
52.25.208.208 - - [24/Sep/2023:20:44:39 -0500] "GET /BLA/resoluciones/index.php?dir=Notificaciones/REGISTROS%202015/ HTTP/1.1" 200 19557
52.25.208.208 - - [24/Sep/2023:20:44:41 -0500] "GET /BLA/resoluciones/index.php?dir=Notificaciones/REGISTROS%202018/ HTTP/1.1" 200 21644
44.230.252.91 - - [24/Sep/2023:20:44:46 -0500] "GET /BLA/resoluciones/index.php?dir=Notificaciones/REGISTROS%202020/ HTTP/1.1" 200 20179
44.230.252.91 - - [24/Sep/2023:20:44:51 -0500] "GET /BLA/resoluciones/index.php?dir=Notificaciones/REGISTROS%202022/ HTTP/1.1" 200 16832
44.230.252.91 - - [24/Sep/2023:20:44:55 -0500] "GET /BLA/resoluciones/index.php?dir=Notificaciones/REGISTROS%202021/ HTTP/1.1" 200 23530
52.25.208.208 - - [24/Sep/2023:20:44:59 -0500] "GET /BLA/resoluciones/index.php?dir=Notificaciones/RESOLUCIONES%200020/ HTTP/1.1" 200 2077
44.230.252.91 - - [24/Sep/2023:20:45:02 -0500] "GET /BLA/resoluciones/index.php?dir=Notificaciones/REGISTROS%202023/ HTTP/1.1" 200 3163
172.22.2.4 - - [24/Sep/2023:20:43:23 -0500] "HEAD /BLA/boletinlegal/ HTTP/1.1" 200 -
44.230.252.91 - - [24/Sep/2023:20:45:03 -0500] "GET /BLA/resoluciones/index.php?dir=Notificaciones/RESOLUCIONES%202013/ HTTP/1.1" 200 2817
100.21.24.205 - - [24/Sep/2023:20:45:05 -0500] "GET /BLA/resoluciones/index.php?dir=Notificaciones/RESOLUCIONES%202012/ HTTP/1.1" 200 2077
52.25.208.208 - - [24/Sep/2023:20:45:08 -0500] "GET /BLA/resoluciones/index.php?dir=Notificaciones/RESOLUCIONES%200217/ HTTP/1.1" 200 2268
100.21.24.205 - - [24/Sep/2023:20:45:12 -0500] "GET /BLA/resoluciones/index.php?dir=Notificaciones/RESOLUCIONES%202019/ HTTP/1.1" 200 40575
201.245.192.253 - - [24/Sep/2023:20:45:13 -0500] "POST /kwsrmcab/Wsrmcab  HTTP/1.1" 200 41265
100.21.24.205 - - [24/Sep/2023:20:45:15 -0500] "GET /BLA/resoluciones/index.php?dir=Notificaciones/RESOLUCIONES%202018/ HTTP/1.1" 200 19727
52.25.208.208 - - [24/Sep/2023:20:45:19 -0500] "GET /BLA/resoluciones/index.php?dir=Notificaciones/RESOLUCIONES%202020/ HTTP/1.1" 200 54109
52.25.208.208 - - [24/Sep/2023:20:45:22 -0500] "GET /BLA/resoluciones/index.php?dir=Notificaciones/RESOLUCIONES%202022/ HTTP/1.1" 200 103026
44.230.252.91 - - [24/Sep/2023:20:45:29 -0500] "GET /BLA/resoluciones/index.php?dir=Notificaciones/RESOLUCIONES%202021/ HTTP/1.1" 200 118394
100.21.24.205 - - [24/Sep/2023:20:45:31 -0500] "GET /BLA/resoluciones/index.php?dir=Notificaciones/RESOLUCIONES%202015/ HTTP/1.1" 200 14394
44.230.252.91 - - [24/Sep/2023:20:45:34 -0500] "GET /BLA/resoluciones/index.php?dir=Notificaciones/RESOLUCIONES%202016/ HTTP/1.1" 200 18211
44.230.252.91 - - [24/Sep/2023:20:45:37 -0500] "GET /BLA/resoluciones/index.php?dir=Notificaciones/RESOLUCIONES%202014/ HTTP/1.1" 200 13932
52.25.208.208 - - [24/Sep/2023:20:45:39 -0500] "GET /BLA/resoluciones/index.php?dir=Notificaciones/RESOLUCIONES%202017/ HTTP/1.1" 200 13655
100.21.24.205 - - [24/Sep/2023:20:45:43 -0500] "GET /BLA/resoluciones/index.php?dir=Notificaciones/RESOLUCIONES%202023/ HTTP/1.1" 200 28006
172.22.2.4 - - [24/Sep/2023:20:44:14 -0500] "GET /BLA/boletinlegal/ HTTP/1.1" 200 58187
216.245.221.92 - - [24/Sep/2023:20:45:55 -0500] "HEAD / HTTP/1.1" 200 -
100.21.24.205 - - [24/Sep/2023:20:46:16 -0500] "GET /BLA/resoluciones/index.php?dir=RESOLUCIONES%202021/&order=desc&sort=name HTTP/1.1" 200 442710
100.21.24.205 - - [24/Sep/2023:20:46:22 -0500] "GET /BLA/resoluciones/index.php?dir=RESOLUCIONES%202021/&order=asc&sort=size HTTP/1.1" 200 442711
52.25.208.208 - - [24/Sep/2023:20:46:24 -0500] "GET /BLA/resoluciones/index.php?dir=RESOLUCIONES%202021/&order=asc&sort=date HTTP/1.1" 200 442711
181.136.242.85 - - [24/Sep/2023:20:49:56 -0500] "GET /appsia/controlador HTTP/1.1" 200 4799
181.136.242.85 - - [24/Sep/2023:20:49:56 -0500] "GET /appsia/css/estilos.css HTTP/1.1" 200 4804
181.136.242.85 - - [24/Sep/2023:20:49:56 -0500] "GET /appsia/scripts/validarIngreso.js HTTP/1.1" 200 851
181.136.242.85 - - [24/Sep/2023:20:49:56 -0500] "GET /appsia/images/cabezoteHojaVida.png HTTP/1.1" 200 32493
181.136.242.85 - - [24/Sep/2023:20:49:56 -0500] "GET /appsia/images/logo_bogota_p.png HTTP/1.1" 200 14951
181.136.242.85 - - [24/Sep/2023:20:49:56 -0500] "GET /favicon.ico HTTP/1.1" 200 7782
201.245.192.253 - - [24/Sep/2023:20:50:13 -0500] "POST /kwsrmcab/Wsrmcab  HTTP/1.1" 200 41265
181.136.242.85 - - [24/Sep/2023:20:50:19 -0500] "POST /appsia/controlador HTTP/1.1" 200 3599
181.136.242.85 - - [24/Sep/2023:20:50:19 -0500] "GET /appsia/jscripts/validarSolicitud.js HTTP/1.1" 404 68
181.136.242.85 - - [24/Sep/2023:20:50:23 -0500] "POST /appsia/controlador HTTP/1.1" 200 4799
181.136.242.85 - - [24/Sep/2023:20:50:25 -0500] "POST /appsia/controlador HTTP/1.1" 200 3599
181.136.242.85 - - [24/Sep/2023:20:50:26 -0500] "GET /appsia/jscripts/validarSolicitud.js HTTP/1.1" 404 68
172.22.2.4 - - [24/Sep/2023:20:49:13 -0500] "HEAD /BLA/boletinlegal/ HTTP/1.1" 200 -
216.245.221.92 - - [24/Sep/2023:20:50:55 -0500] "HEAD / HTTP/1.1" 200 -
181.136.242.85 - - [24/Sep/2023:20:51:04 -0500] "GET /appsia/controlador HTTP/1.1" 200 4799
31.13.127.16 - - [24/Sep/2023:20:51:33 -0500] "GET /images/Red%20de%20Monitoreo%20de%20Calidad%20del%20Aire.jpg HTTP/1.1" 200 51986
181.136.242.85 - - [24/Sep/2023:20:51:40 -0500] "POST /appsia/controlador HTTP/1.1" 200 3611
181.136.242.85 - - [24/Sep/2023:20:51:40 -0500] "GET /appsia/jscripts/validarSolicitud.js HTTP/1.1" 404 68
100.21.24.205 - - [24/Sep/2023:20:51:42 -0500] "GET /BLA/resoluciones/index.php?dir=Acuerdos/&order=desc&sort=name HTTP/1.1" 200 3395
181.136.242.85 - - [24/Sep/2023:20:51:44 -0500] "GET /appsia/controlador HTTP/1.1" 200 4799
172.22.2.4 - - [24/Sep/2023:20:50:04 -0500] "GET /BLA/boletinlegal/ HTTP/1.1" 200 60342
52.25.208.208 - - [24/Sep/2023:20:51:46 -0500] "GET /BLA/resoluciones/index.php?dir=Acuerdos/&order=asc&sort=size HTTP/1.1" 200 3396
199.16.157.183 - - [24/Sep/2023:20:51:50 -0500] "GET /robots.txt HTTP/1.1" 404 1034
199.16.157.183 - - [24/Sep/2023:20:51:50 -0500] "GET /en-este-pot-se-le-da-la-relevancia-que-merece-a-la-emergencia-climatica-y-la-proteccion-de-la-estructura-ecologica-principal-carolina-urrutia.html HTTP/1.1" 200 1047
199.16.157.183 - - [24/Sep/2023:20:51:51 -0500] "GET /robots.txt HTTP/1.1" 404 1034
199.16.157.183 - - [24/Sep/2023:20:51:51 -0500] "GET /images/pot-humedales-2-octubre.jpg HTTP/1.1" 200 53089
44.230.252.91 - - [24/Sep/2023:20:51:51 -0500] "GET /BLA/resoluciones/index.php?dir=Acuerdos/&order=asc&sort=date HTTP/1.1" 200 3396
201.245.192.253 - - [24/Sep/2023:20:55:11 -0500] "POST /kwsrmcab/Wsrmcab  HTTP/1.1" 200 41265
100.21.24.205 - - [24/Sep/2023:20:55:47 -0500] "GET /BLA/resoluciones/index.php?dir=AUTOS%202018/&order=desc&sort=name HTTP/1.1" 200 463669
100.21.24.205 - - [24/Sep/2023:20:55:48 -0500] "GET /BLA/resoluciones/index.php?dir=AUTOS%202018/&order=asc&sort=date HTTP/1.1" 200 463670
52.25.208.208 - - [24/Sep/2023:20:55:53 -0500] "GET /BLA/resoluciones/index.php?dir=AUTOS%202018/&order=asc&sort=size HTTP/1.1" 200 463670
216.245.221.92 - - [24/Sep/2023:20:55:55 -0500] "HEAD / HTTP/1.1" 200 -
172.22.2.4 - - [24/Sep/2023:20:55:12 -0500] "GET /BLA/boletinlegal/ HTTP/1.1" 200 32715
40.77.202.112 - - [24/Sep/2023:20:56:15 -0500] "GET /galeria/galeria/jquery.fancybox.css?v=2.1.5 HTTP/1.1" 200 4895
40.77.202.112 - - [24/Sep/2023:20:56:15 -0500] "GET /galeria/galeria/jquery.fancybox.js?v=2.1.5 HTTP/1.1" 200 48706
40.77.202.112 - - [24/Sep/2023:20:56:15 -0500] "GET /BLA/boletinlegal/js/jquery.scrollShow.js HTTP/1.1" 200 4586
40.77.202.112 - - [24/Sep/2023:20:56:17 -0500] "GET /svr-ciudadano/? HTTP/1.1" 200 133916
40.77.202.112 - - [24/Sep/2023:20:56:18 -0500] "GET /svr-ciudadano/css/bootstrap.min.css HTTP/1.1" 200 113498
40.77.202.112 - - [24/Sep/2023:20:56:18 -0500] "GET /svr-ciudadano/css/dataTables.bootstrap.css HTTP/1.1" 200 7678
40.77.202.112 - - [24/Sep/2023:20:56:18 -0500] "GET /svr-ciudadano/js/jquery.min.js HTTP/1.1" 200 95786
40.77.202.112 - - [24/Sep/2023:20:56:18 -0500] "GET /svr-ciudadano/js/jquery.dataTables.min.js HTTP/1.1" 200 153451
40.77.202.112 - - [24/Sep/2023:20:56:18 -0500] "GET /svr-ciudadano/js/dataTables.bootstrap.js HTTP/1.1" 200 4287
40.77.202.112 - - [24/Sep/2023:20:56:22 -0500] "GET /svr-ciudadano/js/bootstrap.min.js HTTP/1.1" 200 35601
172.22.2.4 - - [24/Sep/2023:20:55:03 -0500] "HEAD /BLA/boletinlegal/ HTTP/1.1" 200 -
172.22.2.4 - - [24/Sep/2023:20:55:54 -0500] "GET /BLA/boletinlegal/ HTTP/1.1" 200 57790
100.21.24.205 - - [24/Sep/2023:20:58:20 -0500] "GET /BLA/resoluciones/index.php?dir=RESOLUCIONES%202008/&order=desc&sort=name HTTP/1.1" 200 976271
52.25.208.208 - - [24/Sep/2023:20:58:25 -0500] "GET /BLA/resoluciones/index.php?dir=RESOLUCIONES%202008/&order=asc&sort=size HTTP/1.1" 200 976272
44.230.252.91 - - [24/Sep/2023:20:58:28 -0500] "GET /BLA/resoluciones/index.php?dir=RESOLUCIONES%202008/&order=asc&sort=date HTTP/1.1" 200 976272
173.252.107.116 - - [24/Sep/2023:20:58:40 -0500] "GET /inscribete-y-participa-en-las-caminatas-ecologicas-de-marzo.html HTTP/1.1" 200 924
201.245.192.253 - - [24/Sep/2023:21:00:10 -0500] "POST /kwsrmcab/Wsrmcab  HTTP/1.1" 200 41265
52.167.144.238 - - [24/Sep/2023:21:00:40 -0500] "GET /autoliquidacion2020/Calidad%20del%20aire%20auditiva%20y%20visual-/Registro%20de%20la%20publicidad%20exterior%20visual/Aplicativo%20PEV%202022%20Tarifas%20de%20Cobro%20por%20servicio%20de%20evaluaci%C3%B3n.xls HTTP/1.1" 304 -
216.245.221.92 - - [24/Sep/2023:21:00:55 -0500] "HEAD / HTTP/1.1" 200 -
173.252.79.5 - - [24/Sep/2023:21:01:52 -0500] "GET /images/Zuque%20(1)%20(1).jpeg HTTP/1.1" 200 66921
69.171.249.118 - - [24/Sep/2023:21:01:59 -0500] "GET /decision-de-frenar-obras-en-el-zuque-es-caprichosa-y-priva-a-la-ciudadania-de-conocer-y-preservar-los-cerros-orientales-urrutia-secretaria-de-ambiente.html HTTP/1.1" 206 1018
69.171.249.2 - - [24/Sep/2023:21:02:00 -0500] "GET /decision-de-frenar-obras-en-el-zuque-es-caprichosa-y-priva-a-la-ciudadania-de-conocer-y-preservar-los-cerros-orientales-urrutia-secretaria-de-ambiente.html HTTP/1.1" 200 1018
69.171.249.119 - - [24/Sep/2023:21:02:07 -0500] "GET /decision-de-frenar-obras-en-el-zuque-es-caprichosa-y-priva-a-la-ciudadania-de-conocer-y-preservar-los-cerros-orientales-urrutia-secretaria-de-ambiente.html HTTP/1.1" 200 1018
69.171.231.116 - - [24/Sep/2023:21:02:09 -0500] "GET /decision-de-frenar-obras-en-el-zuque-es-caprichosa-y-priva-a-la-ciudadania-de-conocer-y-preservar-los-cerros-orientales-urrutia-secretaria-de-ambiente.html HTTP/1.1" 200 1018
172.22.2.4 - - [24/Sep/2023:21:00:54 -0500] "HEAD /BLA/boletinlegal/ HTTP/1.1" 200 -
47.128.55.231 - - [24/Sep/2023:21:03:17 -0500] "GET /semana-bogota-reverdece-politica-publica-de-accion-climatica-es-una-realidad.html HTTP/1.1" 200 891
172.22.2.4 - - [24/Sep/2023:21:01:45 -0500] "GET /BLA/boletinlegal/ HTTP/1.1" 200 60692
201.245.192.253 - - [24/Sep/2023:21:05:09 -0500] "POST /kwsrmcab/Wsrmcab  HTTP/1.1" 200 41265
216.245.221.92 - - [24/Sep/2023:21:05:55 -0500] "HEAD / HTTP/1.1" 200 -
181.136.242.85 - - [24/Sep/2023:21:07:46 -0500] "GET /appsia/controlador HTTP/1.1" 200 4799
173.252.79.120 - - [24/Sep/2023:21:08:07 -0500] "GET /images/plantacion-humedal-la-conejera.jpg HTTP/1.1" 200 92644
172.22.2.4 - - [24/Sep/2023:21:06:44 -0500] "HEAD /BLA/boletinlegal/ HTTP/1.1" 200 -
181.136.242.85 - - [24/Sep/2023:21:08:40 -0500] "POST /appsia/controlador HTTP/1.1" 200 5437
181.136.242.85 - - [24/Sep/2023:21:08:45 -0500] "POST /appsia/controlador HTTP/1.1" 200 7773
181.136.242.85 - - [24/Sep/2023:21:08:48 -0500] "POST /appsia/controlador HTTP/1.1" 200 5232
181.136.242.85 - - [24/Sep/2023:21:08:52 -0500] "GET /appsia/controlador?comando=regresar&id=79470656&funcionario=OSWALDO+MARTIN+MORALES&desde=79470656&hasta=79470656&version=79470656 HTTP/1.1" 200 7773
181.136.242.85 - - [24/Sep/2023:21:09:01 -0500] "POST /appsia/controlador HTTP/1.1" 200 6638
181.136.242.85 - - [24/Sep/2023:21:09:03 -0500] "POST /appsia/controlador HTTP/1.1" 200 10621
172.22.2.4 - - [24/Sep/2023:21:07:35 -0500] "GET /BLA/boletinlegal/ HTTP/1.1" 200 60692
201.245.192.253 - - [24/Sep/2023:21:10:09 -0500] "POST /kwsrmcab/Wsrmcab  HTTP/1.1" 200 41265
66.249.66.194 - - [24/Sep/2023:21:10:33 -0500] "GET /robots.txt HTTP/1.1" 404 1034
66.249.66.192 - - [24/Sep/2023:21:10:33 -0500] "GET /semana-bogota-reverdece-135-nuevos-arboles-para-el-humedal-la-conejera.html HTTP/1.1" 200 814
216.245.221.92 - - [24/Sep/2023:21:10:55 -0500] "HEAD / HTTP/1.1" 200 -
69.63.189.120 - - [24/Sep/2023:21:11:34 -0500] "GET /images/Zuque%20(1)%20(1).jpeg HTTP/1.1" 200 66921
69.63.189.119 - - [24/Sep/2023:21:11:36 -0500] "GET /images/pieza-voluntariado-ambiental.jpeg HTTP/1.1" 200 51125
216.244.66.195 - - [24/Sep/2023:21:13:13 -0500] "GET /BLA/resoluciones/AUTOS%202020/3154.pdf HTTP/1.1" 200 356787
216.244.66.195 - - [24/Sep/2023:21:13:42 -0500] "GET /BLA/resoluciones/AUTOS%202020/3637.pdf HTTP/1.1" 200 354846
216.244.66.195 - - [24/Sep/2023:21:14:05 -0500] "GET /BLA/resoluciones/AUTOS%202020/3674.pdf HTTP/1.1" 200 391622
172.22.2.4 - - [24/Sep/2023:21:12:34 -0500] "HEAD /BLA/boletinlegal/ HTTP/1.1" 200 -
216.244.66.195 - - [24/Sep/2023:21:14:29 -0500] "GET /BLA/resoluciones/AUTOS%202020/4540.pdf HTTP/1.1" 200 448695
191.108.6.180 - - [24/Sep/2023:21:14:37 -0500] "GET /BLA/resoluciones/ HTTP/1.1" 200 13696
191.108.6.180 - - [24/Sep/2023:21:14:40 -0500] "GET /BLA/resoluciones/index.php?dir=RESOLUCIONES+2014%2F HTTP/1.1" 200 334019
191.108.6.180 - - [24/Sep/2023:21:14:41 -0500] "GET /BLA/resoluciones/dlf/unknown.png HTTP/1.1" 200 266
216.244.66.195 - - [24/Sep/2023:21:14:50 -0500] "GET /BLA/resoluciones/AUTOS%202020/4851.pdf HTTP/1.1" 200 405442
191.108.6.180 - - [24/Sep/2023:21:14:51 -0500] "GET /BLA/resoluciones/RESOLUCIONES%202014/1000.pdf HTTP/1.1" 200 886199
191.108.6.180 - - [24/Sep/2023:21:14:51 -0500] "GET /BLA/resoluciones/RESOLUCIONES%202014/1000.pdf HTTP/1.1" 206 1025
191.108.6.180 - - [24/Sep/2023:21:14:51 -0500] "GET /BLA/resoluciones/RESOLUCIONES%202014/1000.pdf HTTP/1.1" 200 886199
172.22.2.4 - - [24/Sep/2023:21:13:25 -0500] "GET /BLA/boletinlegal/ HTTP/1.1" 200 60692
201.245.192.253 - - [24/Sep/2023:21:15:07 -0500] "POST /kwsrmcab/Wsrmcab  HTTP/1.1" 200 41265
216.244.66.195 - - [24/Sep/2023:21:15:12 -0500] "GET /BLA/resoluciones/AUTOS%202021/0234.pdf HTTP/1.1" 200 554065
216.244.66.195 - - [24/Sep/2023:21:15:32 -0500] "GET /BLA/resoluciones/AUTOS%202021/1095.pdf HTTP/1.1" 200 520909
216.244.66.195 - - [24/Sep/2023:21:15:50 -0500] "GET /BLA/resoluciones/AUTOS%202021/1542.pdf HTTP/1.1" 200 770880
216.245.221.92 - - [24/Sep/2023:21:15:55 -0500] "HEAD / HTTP/1.1" 200 -
216.244.66.195 - - [24/Sep/2023:21:16:08 -0500] "GET /BLA/resoluciones/AUTOS%202021/1786.pdf HTTP/1.1" 200 343618
216.244.66.195 - - [24/Sep/2023:21:16:24 -0500] "GET /BLA/resoluciones/AUTOS%202021/2120.pdf HTTP/1.1" 200 369786
216.244.66.195 - - [24/Sep/2023:21:16:41 -0500] "GET /BLA/resoluciones/AUTOS%202021/2124.pdf HTTP/1.1" 200 320483
216.244.66.195 - - [24/Sep/2023:21:16:55 -0500] "GET /BLA/resoluciones/AUTOS%202021/2145.pdf HTTP/1.1" 200 1780839
216.244.66.195 - - [24/Sep/2023:21:17:12 -0500] "GET /BLA/resoluciones/AUTOS%202021/2172.pdf HTTP/1.1" 200 500438
216.244.66.195 - - [24/Sep/2023:21:17:25 -0500] "GET /BLA/resoluciones/AUTOS%202021/2438.pdf HTTP/1.1" 200 399231
216.244.66.195 - - [24/Sep/2023:21:17:36 -0500] "GET /BLA/resoluciones/AUTOS%202021/2951.pdf HTTP/1.1" 200 1766567
216.244.66.195 - - [24/Sep/2023:21:17:53 -0500] "GET /BLA/resoluciones/AUTOS%202021/3818.pdf HTTP/1.1" 200 426543
52.167.144.215 - - [24/Sep/2023:21:18:01 -0500] "GET /portaldeninos/tag/programas-posconsumo/ HTTP/1.1" 200 93802
216.244.66.195 - - [24/Sep/2023:21:18:06 -0500] "GET /BLA/resoluciones/AUTOS%202021/3854.pdf HTTP/1.1" 200 351142
216.244.66.195 - - [24/Sep/2023:21:18:18 -0500] "GET /BLA/resoluciones/AUTOS%202021/3931.pdf HTTP/1.1" 200 385781
216.244.66.195 - - [24/Sep/2023:21:18:29 -0500] "GET /BLA/resoluciones/AUTOS%202021/4091.pdf HTTP/1.1" 200 368266
201.245.192.253 - - [24/Sep/2023:21:18:31 -0500] "POST /kwsrmcab/Wsrmcab HTTP/1.1" 200 41196
201.245.192.253 - - [24/Sep/2023:21:18:34 -0500] "POST /kwsrmcab/Wsrmcab HTTP/1.1" 200 41349
216.244.66.195 - - [24/Sep/2023:21:18:38 -0500] "GET /BLA/resoluciones/AUTOS%202021/4973.pdf HTTP/1.1" 200 390335
216.244.66.195 - - [24/Sep/2023:21:18:47 -0500] "GET /BLA/resoluciones/AUTOS%202021/5023.pdf HTTP/1.1" 200 318911
216.244.66.195 - - [24/Sep/2023:21:18:54 -0500] "GET /BLA/resoluciones/AUTOS%202021/5166.pdf HTTP/1.1" 200 1149508
216.244.66.195 - - [24/Sep/2023:21:19:02 -0500] "GET /BLA/resoluciones/AUTOS%202021/5408.pdf HTTP/1.1" 200 412467
216.244.66.195 - - [24/Sep/2023:21:19:08 -0500] "GET /BLA/resoluciones/AUTOS%202022/0509.pdf HTTP/1.1" 200 359190
216.244.66.195 - - [24/Sep/2023:21:19:13 -0500] "GET /BLA/resoluciones/AUTOS%202022/0983.pdf HTTP/1.1" 200 442972
216.244.66.195 - - [24/Sep/2023:21:19:17 -0500] "GET /BLA/resoluciones/AUTOS%202022/1218.pdf HTTP/1.1" 200 428830
216.244.66.195 - - [24/Sep/2023:21:19:21 -0500] "GET /BLA/resoluciones/AUTOS%202022/1279.pdf HTTP/1.1" 200 367093
216.244.66.195 - - [24/Sep/2023:21:19:25 -0500] "GET /BLA/resoluciones/AUTOS%202022/1333.pdf HTTP/1.1" 200 546864
216.244.66.195 - - [24/Sep/2023:21:19:28 -0500] "GET /BLA/resoluciones/AUTOS%202022/1387.pdf HTTP/1.1" 200 358430
216.244.66.195 - - [24/Sep/2023:21:19:31 -0500] "GET /BLA/resoluciones/AUTOS%202022/1965.pdf HTTP/1.1" 200 411554
216.244.66.195 - - [24/Sep/2023:21:19:34 -0500] "GET /BLA/resoluciones/AUTOS%202022/1992.pdf HTTP/1.1" 200 413156
216.244.66.195 - - [24/Sep/2023:21:19:39 -0500] "GET /BLA/resoluciones/AUTOS%202022/3151.pdf HTTP/1.1" 200 3611892
216.244.66.195 - - [24/Sep/2023:21:19:49 -0500] "GET /BLA/resoluciones/AUTOS%202022/3446.pdf HTTP/1.1" 200 433203
216.244.66.195 - - [24/Sep/2023:21:19:56 -0500] "GET /BLA/resoluciones/AUTOS%202022/3908.pdf HTTP/1.1" 200 383829
216.244.66.195 - - [24/Sep/2023:21:20:02 -0500] "GET /BLA/resoluciones/AUTOS%202022/4088.pdf HTTP/1.1" 200 356363
172.22.2.4 - - [24/Sep/2023:21:18:24 -0500] "HEAD /BLA/boletinlegal/ HTTP/1.1" 200 -
216.244.66.195 - - [24/Sep/2023:21:20:07 -0500] "GET /BLA/resoluciones/AUTOS%202022/4760.pdf HTTP/1.1" 200 421250
201.245.192.253 - - [24/Sep/2023:21:20:06 -0500] "POST /kwsrmcab/Wsrmcab  HTTP/1.1" 200 41265
216.244.66.195 - - [24/Sep/2023:21:20:12 -0500] "GET /BLA/resoluciones/AUTOS%202022/5267.pdf HTTP/1.1" 200 412448
216.244.66.195 - - [24/Sep/2023:21:20:16 -0500] "GET /BLA/resoluciones/AUTOS%202022/5434.pdf HTTP/1.1" 200 382355
216.244.66.195 - - [24/Sep/2023:21:20:20 -0500] "GET /BLA/resoluciones/AUTOS%202022/5458.pdf HTTP/1.1" 200 409569
216.244.66.195 - - [24/Sep/2023:21:20:24 -0500] "GET /BLA/resoluciones/AUTOS%202023/0093.pdf HTTP/1.1" 200 463335
216.244.66.195 - - [24/Sep/2023:21:20:27 -0500] "GET /BLA/resoluciones/AUTOS%202023/0161.pdf HTTP/1.1" 200 1744737
216.244.66.195 - - [24/Sep/2023:21:20:32 -0500] "GET /BLA/resoluciones/AUTOS%202023/0454.pdf HTTP/1.1" 200 463679
216.244.66.195 - - [24/Sep/2023:21:20:37 -0500] "GET /BLA/resoluciones/AUTOS%202023/0594.pdf HTTP/1.1" 200 695683
216.244.66.195 - - [24/Sep/2023:21:20:41 -0500] "GET /BLA/resoluciones/AUTOS%202023/0991.pdf HTTP/1.1" 200 1129586
216.244.66.195 - - [24/Sep/2023:21:20:47 -0500] "GET /BLA/resoluciones/AUTOS%202023/1256.pdf HTTP/1.1" 200 383535
216.244.66.195 - - [24/Sep/2023:21:20:52 -0500] "GET /BLA/resoluciones/AUTOS%202023/1384.pdf HTTP/1.1" 200 384675
172.22.2.4 - - [24/Sep/2023:21:19:15 -0500] "GET /BLA/boletinlegal/ HTTP/1.1" 200 58187
216.245.221.92 - - [24/Sep/2023:21:20:55 -0500] "HEAD / HTTP/1.1" 200 -
216.244.66.195 - - [24/Sep/2023:21:20:56 -0500] "GET /BLA/resoluciones/AUTOS%202023/1653.pdf HTTP/1.1" 200 567489
31.13.103.10 - - [24/Sep/2023:21:21:04 -0500] "GET /florecio-la-herrania-en-el-tropicario-distrital-una-planta-nativa-de-la-amazonia-colombiana.html HTTP/1.1" 200 935
172.22.2.4 - - [24/Sep/2023:21:21:05 -0500] "GET /BLA/boletinlegal/Directivas/2016/Directiva%20No.%2002%20del%2019%20de%20Abril%20de%202016.pdf HTTP/1.1" 200 11898321
216.244.66.195 - - [24/Sep/2023:21:21:05 -0500] "GET /BLA/resoluciones/AUTOS%202023/2375.pdf HTTP/1.1" 200 596159
157.55.39.51 - - [24/Sep/2023:21:21:06 -0500] "GET /BLA/resoluciones/AUTOS%202022/3058.pdf HTTP/1.1" 304 -
216.244.66.195 - - [24/Sep/2023:21:21:12 -0500] "GET /BLA/resoluciones/AUTOS%202023/2534.pdf HTTP/1.1" 200 1111898
216.244.66.195 - - [24/Sep/2023:21:21:19 -0500] "GET /BLA/resoluciones/AUTOS%202023/2535.pdf HTTP/1.1" 200 2053139
216.244.66.195 - - [24/Sep/2023:21:21:25 -0500] "GET /BLA/resoluciones/AUTOS%202023/2662.pdf HTTP/1.1" 200 956956
192.155.90.118 - - [24/Sep/2023:21:21:26 -0500] "\x16\x03\x01" 400 226
216.244.66.195 - - [24/Sep/2023:21:21:31 -0500] "GET /BLA/resoluciones/AUTOS%202023/2737.pdf HTTP/1.1" 200 410871
216.244.66.195 - - [24/Sep/2023:21:21:35 -0500] "GET /BLA/resoluciones/AUTOS%202023/2933.pdf HTTP/1.1" 200 380801
216.244.66.195 - - [24/Sep/2023:21:21:39 -0500] "GET /BLA/resoluciones/AUTOS%202023/3489.pdf HTTP/1.1" 200 456828
216.244.66.195 - - [24/Sep/2023:21:21:43 -0500] "GET /BLA/resoluciones/RESOLUCIONES%202005/0510.tif HTTP/1.1" 200 60170
216.244.66.195 - - [24/Sep/2023:21:21:46 -0500] "GET /BLA/resoluciones/RESOLUCIONES%202006/1225.pdf HTTP/1.1" 200 56607
216.244.66.195 - - [24/Sep/2023:21:21:48 -0500] "GET /BLA/resoluciones/RESOLUCIONES%202007/0110.pdf HTTP/1.1" 200 1605474
216.244.66.195 - - [24/Sep/2023:21:22:00 -0500] "GET /BLA/resoluciones/RESOLUCIONES%202007/0519.pdf HTTP/1.1" 200 1195372
216.244.66.195 - - [24/Sep/2023:21:22:10 -0500] "GET /BLA/resoluciones/RESOLUCIONES%202007/3958.pdf HTTP/1.1" 200 485619
