201.245.192.253 - - [24/Sep/2023:16:57:36 -0500] "GET /sipse/faces/javax.faces.resource/primefaces.css?ln=primefaces&v=4.0 HTTP/1.1" 304 -
201.245.192.253 - - [24/Sep/2023:16:57:36 -0500] "GET /sipse/faces/javax.faces.resource/layout/layout.css?ln=primefaces&v=4.0 HTTP/1.1" 304 -
201.245.192.253 - - [24/Sep/2023:16:57:36 -0500] "GET /sipse/faces/javax.faces.resource/primefaces.css?ln=primefaces&v=4.0 HTTP/1.1" 200 16030
201.245.192.253 - - [24/Sep/2023:16:57:36 -0500] "GET /sipse/faces/javax.faces.resource/jquery/jquery.js?ln=primefaces&v=4.0 HTTP/1.1" 304 -
201.245.192.253 - - [24/Sep/2023:16:57:36 -0500] "GET /sipse/faces/javax.faces.resource/jquery/jquery-plugins.js?ln=primefaces&v=4.0 HTTP/1.1" 304 -
201.245.192.253 - - [24/Sep/2023:16:57:37 -0500] "GET /sipse/faces/javax.faces.resource/primefaces.js?ln=primefaces&v=4.0 HTTP/1.1" 304 -
201.245.192.253 - - [24/Sep/2023:16:57:37 -0500] "GET /sipse/faces/javax.faces.resource/layout/layout.js?ln=primefaces&v=4.0 HTTP/1.1" 304 -
201.245.192.253 - - [24/Sep/2023:16:57:37 -0500] "GET /sipse/faces/javax.faces.resource/images/ui-icons_898989_256x240.png?ln=primefaces-aristo HTTP/1.1" 200 5355
201.245.192.253 - - [24/Sep/2023:16:57:37 -0500] "GET /sipse/css/imagen/logoSDG.png HTTP/1.1" 200 53064
201.245.192.253 - - [24/Sep/2023:16:57:37 -0500] "GET /sipse/css/imagen/loginimg.png HTTP/1.1" 200 71635
201.245.192.253 - - [24/Sep/2023:16:57:37 -0500] "GET /sipse/faces/index.xhtml HTTP/1.1" 200 677
201.245.192.253 - - [24/Sep/2023:16:57:37 -0500] "GET /sipse/faces/javax.faces.resource/theme.css?ln=primefaces-sipse HTTP/1.1" 304 -
201.245.192.253 - - [24/Sep/2023:16:57:37 -0500] "GET /sipse/faces/faces/autenticacion.xhtml HTTP/1.1" 200 12416
201.245.192.253 - - [24/Sep/2023:16:57:37 -0500] "GET /sipse/faces/javax.faces.resource/theme.css?ln=primefaces-sipse HTTP/1.1" 304 -
201.245.192.253 - - [24/Sep/2023:16:57:37 -0500] "GET /sipse/faces/javax.faces.resource/layout/layout.css?ln=primefaces&v=4.0 HTTP/1.1" 304 -
201.245.192.253 - - [24/Sep/2023:16:57:37 -0500] "GET /sipse/faces/javax.faces.resource/primefaces.css?ln=primefaces&v=4.0 HTTP/1.1" 304 -
201.245.192.253 - - [24/Sep/2023:16:57:37 -0500] "GET /sipse/faces/javax.faces.resource/jquery/jquery.js?ln=primefaces&v=4.0 HTTP/1.1" 304 -
201.245.192.253 - - [24/Sep/2023:16:57:37 -0500] "GET /sipse/faces/javax.faces.resource/jquery/jquery-plugins.js?ln=primefaces&v=4.0 HTTP/1.1" 304 -
201.245.192.253 - - [24/Sep/2023:16:57:37 -0500] "GET /sipse/faces/javax.faces.resource/primefaces.js?ln=primefaces&v=4.0 HTTP/1.1" 304 -
201.245.192.253 - - [24/Sep/2023:16:57:37 -0500] "GET /sipse/faces/javax.faces.resource/layout/layout.js?ln=primefaces&v=4.0 HTTP/1.1" 304 -
201.245.192.253 - - [24/Sep/2023:16:57:38 -0500] "GET /sipse/faces/javax.faces.resource/images/ui-icons_898989_256x240.png?ln=primefaces-aristo HTTP/1.1" 304 -
201.245.192.253 - - [24/Sep/2023:16:57:40 -0500] "POST /sipse/faces/autenticacion.xhtml HTTP/1.1" 200 11170
201.245.192.253 - - [24/Sep/2023:16:57:40 -0500] "GET /sipse/faces/javax.faces.resource/jquery/jquery.js?ln=primefaces&v=4.0 HTTP/1.1" 304 -
201.245.192.253 - - [24/Sep/2023:16:57:40 -0500] "GET /sipse/css/custom_css_sg_prime.css HTTP/1.1" 200 5201
201.245.192.253 - - [24/Sep/2023:16:57:40 -0500] "GET /sipse/faces/javax.faces.resource/jquery/jquery-plugins.js?ln=primefaces&v=4.0 HTTP/1.1" 304 -
201.245.192.253 - - [24/Sep/2023:16:57:40 -0500] "GET /sipse/faces/javax.faces.resource/primefaces.js?ln=primefaces&v=4.0 HTTP/1.1" 304 -
201.245.192.253 - - [24/Sep/2023:16:57:41 -0500] "GET /sipse/faces/javax.faces.resource/layout/layout.js?ln=primefaces&v=4.0 HTTP/1.1" 304 -
201.245.192.253 - - [24/Sep/2023:16:57:41 -0500] "GET /sipse/faces/javax.faces.resource/messages/messages.png?ln=primefaces&v=4.0 HTTP/1.1" 200 27209
201.245.192.253 - - [24/Sep/2023:16:57:43 -0500] "POST /sipse/faces/presentacion/sistema/seguridad/seleccionRol.xhtml HTTP/1.1" 200 1687
181.134.13.24 - - [24/Sep/2023:16:57:46 -0500] "GET /BLA/resoluciones/RESOLUCIONES%202010/6919.pdf HTTP/1.1" 200 677426
201.245.192.253 - - [24/Sep/2023:16:57:46 -0500] "POST /sipse/faces/presentacion/sistema/seguridad/seleccionRol.xhtml HTTP/1.1" 200 5604
181.134.13.24 - - [24/Sep/2023:16:57:47 -0500] "GET /favicon.ico HTTP/1.1" 200 7782
201.245.192.253 - - [24/Sep/2023:16:57:48 -0500] "POST /sipse/faces/presentacion/sistema/seguridad/seleccionRol.xhtml HTTP/1.1" 200 18226
201.245.192.253 - - [24/Sep/2023:16:57:48 -0500] "GET /sipse/js/jquery.min.js HTTP/1.1" 304 -
201.245.192.253 - - [24/Sep/2023:16:57:48 -0500] "GET /sipse/faces/javax.faces.resource/jquery/jquery.js?ln=primefaces&v=4.0 HTTP/1.1" 304 -
201.245.192.253 - - [24/Sep/2023:16:57:48 -0500] "GET /sipse/faces/javax.faces.resource/jquery/jquery-plugins.js?ln=primefaces&v=4.0 HTTP/1.1" 304 -
201.245.192.253 - - [24/Sep/2023:16:57:48 -0500] "GET /sipse/faces/javax.faces.resource/primefaces.js?ln=primefaces&v=4.0 HTTP/1.1" 304 -
201.245.192.253 - - [24/Sep/2023:16:57:48 -0500] "GET /sipse/faces/javax.faces.resource/layout/layout.js?ln=primefaces&v=4.0 HTTP/1.1" 304 -
201.245.192.253 - - [24/Sep/2023:16:57:48 -0500] "GET /sipse/css/v_mergente.css HTTP/1.1" 200 1505
201.245.192.253 - - [24/Sep/2023:16:57:48 -0500] "GET /sipse/imagenes/cargando.gif HTTP/1.1" 200 36959
201.245.192.253 - - [24/Sep/2023:16:57:48 -0500] "GET /sipse/css/imagen/contrasena.png HTTP/1.1" 404 383
201.245.192.253 - - [24/Sep/2023:16:57:48 -0500] "GET /sipse/imagenes/logoAplicacion.jpg HTTP/1.1" 200 155084
201.245.192.253 - - [24/Sep/2023:16:57:50 -0500] "GET /sipse/faces/javax.faces.resource/images/ui-bg_flat_0_2d5972_40x100.png?ln=primefaces-aristo HTTP/1.1" 200 183
201.245.192.253 - - [24/Sep/2023:16:57:50 -0500] "POST /sipse/faces/bienvenido.xhtml HTTP/1.1" 200 2055
216.244.66.195 - - [24/Sep/2023:16:58:05 -0500] "GET /BLA/resoluciones/AUTOS%202023/1608.pdf HTTP/1.1" 200 407372
201.245.192.253 - - [24/Sep/2023:16:57:51 -0500] "POST /sipse/faces/bienvenido.xhtml HTTP/1.1" 200 82254
201.245.192.253 - - [24/Sep/2023:16:58:16 -0500] "GET /sipse/faces/javax.faces.resource/jquery/jquery.js?ln=primefaces&v=4.0 HTTP/1.1" 304 -
201.245.192.253 - - [24/Sep/2023:16:58:16 -0500] "GET /sipse/faces/javax.faces.resource/jquery/jquery-plugins.js?ln=primefaces&v=4.0 HTTP/1.1" 304 -
201.245.192.253 - - [24/Sep/2023:16:58:16 -0500] "GET /sipse/faces/javax.faces.resource/primefaces.js?ln=primefaces&v=4.0 HTTP/1.1" 304 -
201.245.192.253 - - [24/Sep/2023:16:58:17 -0500] "GET /sipse/faces/javax.faces.resource/layout/layout.js?ln=primefaces&v=4.0 HTTP/1.1" 304 -
172.22.2.4 - - [24/Sep/2023:16:58:22 -0500] "GET /BLA/boletinlegal/actos.php HTTP/1.1" 200 9682
172.22.2.4 - - [24/Sep/2023:16:58:23 -0500] "GET /BLA/boletinlegal/favicon.ico HTTP/1.1" 404 1326
172.22.2.4 - - [24/Sep/2023:16:56:43 -0500] "GET /BLA/boletinlegal/ HTTP/1.1" 200 57790
173.252.95.10 - - [24/Sep/2023:16:58:31 -0500] "GET /quieres-que-tu-proyecto-de-construccion-sostenible-sea-reconocido-enterate-como-postularte.html HTTP/1.1" 200 869
173.252.95.12 - - [24/Sep/2023:16:58:31 -0500] "GET /quieres-que-tu-proyecto-de-construccion-sostenible-sea-reconocido-enterate-como-postularte.html HTTP/1.1" 200 869
173.252.127.118 - - [24/Sep/2023:16:58:32 -0500] "GET /images/Caminatas-ecologicas-julio.jpg HTTP/1.1" 200 480557
173.252.83.1 - - [24/Sep/2023:16:58:32 -0500] "GET /images/construccion-sostenible-.jpg HTTP/1.1" 200 82949
69.171.251.2 - - [24/Sep/2023:16:58:32 -0500] "GET /images/camino-guadalupe-aguanoso.jpg HTTP/1.1" 200 103489
216.244.66.195 - - [24/Sep/2023:16:58:44 -0500] "GET /BLA/resoluciones/AUTOS%202023/1783.pdf HTTP/1.1" 200 415518
201.245.192.253 - - [24/Sep/2023:16:59:05 -0500] "POST /sipse/faces/presentacion/proyectos/proyecto/listarProyecto.xhtml HTTP/1.1" 200 163
201.245.192.253 - - [24/Sep/2023:16:59:06 -0500] "GET /sipse/faces/presentacion/proyectos/proyecto/proyecto.xhtml HTTP/1.1" 200 90115
201.245.192.253 - - [24/Sep/2023:16:59:08 -0500] "GET /sipse/faces/javax.faces.resource/theme.css?ln=primefaces-sipse HTTP/1.1" 304 -
201.245.192.253 - - [24/Sep/2023:16:59:08 -0500] "GET /sipse/faces/javax.faces.resource/jquery/jquery.js?ln=primefaces&v=4.0 HTTP/1.1" 304 -
201.245.192.253 - - [24/Sep/2023:16:59:08 -0500] "GET /sipse/faces/javax.faces.resource/primefaces.css?ln=primefaces&v=4.0 HTTP/1.1" 304 -
201.245.192.253 - - [24/Sep/2023:16:59:08 -0500] "GET /sipse/faces/javax.faces.resource/layout/layout.css?ln=primefaces&v=4.0 HTTP/1.1" 304 -
201.245.192.253 - - [24/Sep/2023:16:59:08 -0500] "GET /sipse/faces/javax.faces.resource/jquery/jquery-plugins.js?ln=primefaces&v=4.0 HTTP/1.1" 304 -
201.245.192.253 - - [24/Sep/2023:16:59:08 -0500] "GET /sipse/faces/javax.faces.resource/layout/layout.js?ln=primefaces&v=4.0 HTTP/1.1" 304 -
201.245.192.253 - - [24/Sep/2023:16:59:08 -0500] "GET /sipse/faces/javax.faces.resource/primefaces.js?ln=primefaces&v=4.0 HTTP/1.1" 304 -
201.245.192.253 - - [24/Sep/2023:16:59:08 -0500] "GET /sipse/faces/javax.faces.resource/images/ui-icons_898989_256x240.png?ln=primefaces-aristo HTTP/1.1" 304 -
201.245.192.253 - - [24/Sep/2023:16:59:08 -0500] "GET /sipse/faces/javax.faces.resource/images/ui-bg_flat_0_2d5972_40x100.png?ln=primefaces-aristo HTTP/1.1" 304 -
201.245.192.253 - - [24/Sep/2023:16:59:08 -0500] "POST /sipse/faces/presentacion/proyectos/proyecto/proyecto.xhtml HTTP/1.1" 200 3257
190.69.230.199 - - [24/Sep/2023:16:59:09 -0500] "GET /BLA/resoluciones/ HTTP/1.1" 200 13696
201.245.192.253 - - [24/Sep/2023:16:59:11 -0500] "POST /sipse/faces/presentacion/proyectos/proyecto/proyecto.xhtml HTTP/1.1" 200 44029
201.245.192.253 - - [24/Sep/2023:16:59:13 -0500] "GET /sipse/faces/javax.faces.resource/spacer/dot_clear.gif?ln=primefaces&v=4.0 HTTP/1.1" 200 42
201.245.192.253 - - [24/Sep/2023:16:59:13 -0500] "POST /sipse/faces/presentacion/proyectos/proyecto/proyecto.xhtml HTTP/1.1" 200 3960
190.69.230.199 - - [24/Sep/2023:16:59:16 -0500] "GET /BLA/resoluciones/index.php?dir=AUTOS+2023%2F HTTP/1.1" 200 307733
201.245.192.253 - - [24/Sep/2023:16:59:17 -0500] "POST /sipse/faces/presentacion/proyectos/proyecto/proyecto.xhtml HTTP/1.1" 200 71504
216.244.66.195 - - [24/Sep/2023:16:59:30 -0500] "GET /BLA/resoluciones/AUTOS%202023/2381.pdf HTTP/1.1" 200 617338
216.244.66.195 - - [24/Sep/2023:17:00:17 -0500] "GET /BLA/resoluciones/AUTOS%202023/2518.pdf HTTP/1.1" 200 690964
216.245.221.92 - - [24/Sep/2023:17:00:56 -0500] "HEAD / HTTP/1.1" 200 -
201.245.192.253 - - [24/Sep/2023:17:00:58 -0500] "POST /sipse/faces/presentacion/proyectos/proyecto/proyecto.xhtml HTTP/1.1" 200 68116
201.245.192.253 - - [24/Sep/2023:17:01:02 -0500] "POST /kwsrmcab/Wsrmcab  HTTP/1.1" 200 41265
216.244.66.195 - - [24/Sep/2023:17:01:07 -0500] "GET /BLA/resoluciones/AUTOS%202023/3260.pdf HTTP/1.1" 200 681999
201.245.192.253 - - [24/Sep/2023:17:01:12 -0500] "POST /sipse/faces/presentacion/proyectos/proyecto/proyecto.xhtml HTTP/1.1" 200 71608
172.22.2.4 - - [24/Sep/2023:17:01:26 -0500] "GET /BLA/boletinlegal/robots.txt HTTP/1.1" 404 1038
216.244.66.195 - - [24/Sep/2023:17:01:57 -0500] "GET /BLA/resoluciones/AUTOS%202023/3446.pdf HTTP/1.1" 200 774575
216.244.66.195 - - [24/Sep/2023:17:02:47 -0500] "GET /BLA/resoluciones/AUTOS%202023/3506.pdf HTTP/1.1" 200 400214
201.245.192.253 - - [24/Sep/2023:17:02:59 -0500] "POST /sipse/faces/presentacion/proyectos/proyecto/proyecto.xhtml HTTP/1.1" 200 82254
201.245.192.253 - - [24/Sep/2023:17:02:59 -0500] "GET /sipse/faces/javax.faces.resource/jquery/jquery.js?ln=primefaces&v=4.0 HTTP/1.1" 304 -
201.245.192.253 - - [24/Sep/2023:17:02:59 -0500] "GET /sipse/faces/javax.faces.resource/jquery/jquery-plugins.js?ln=primefaces&v=4.0 HTTP/1.1" 304 -
201.245.192.253 - - [24/Sep/2023:17:02:59 -0500] "GET /sipse/faces/javax.faces.resource/primefaces.js?ln=primefaces&v=4.0 HTTP/1.1" 304 -
201.245.192.253 - - [24/Sep/2023:17:02:59 -0500] "GET /sipse/faces/javax.faces.resource/layout/layout.js?ln=primefaces&v=4.0 HTTP/1.1" 304 -
201.245.192.253 - - [24/Sep/2023:17:03:06 -0500] "POST /sipse/faces/presentacion/proyectos/proyecto/listarProyecto.xhtml HTTP/1.1" 200 163
201.245.192.253 - - [24/Sep/2023:17:03:06 -0500] "GET /sipse/faces/presentacion/proyectos/proyecto/proyecto.xhtml HTTP/1.1" 200 88301
201.245.192.253 - - [24/Sep/2023:17:03:08 -0500] "GET /sipse/faces/javax.faces.resource/theme.css?ln=primefaces-sipse HTTP/1.1" 304 -
201.245.192.253 - - [24/Sep/2023:17:03:08 -0500] "GET /sipse/faces/javax.faces.resource/jquery/jquery.js?ln=primefaces&v=4.0 HTTP/1.1" 304 -
201.245.192.253 - - [24/Sep/2023:17:03:08 -0500] "GET /sipse/faces/javax.faces.resource/layout/layout.js?ln=primefaces&v=4.0 HTTP/1.1" 304 -
201.245.192.253 - - [24/Sep/2023:17:03:08 -0500] "GET /sipse/faces/javax.faces.resource/primefaces.js?ln=primefaces&v=4.0 HTTP/1.1" 304 -
201.245.192.253 - - [24/Sep/2023:17:03:08 -0500] "GET /sipse/faces/javax.faces.resource/layout/layout.css?ln=primefaces&v=4.0 HTTP/1.1" 304 -
201.245.192.253 - - [24/Sep/2023:17:03:08 -0500] "GET /sipse/faces/javax.faces.resource/primefaces.css?ln=primefaces&v=4.0 HTTP/1.1" 304 -
201.245.192.253 - - [24/Sep/2023:17:03:08 -0500] "GET /sipse/faces/javax.faces.resource/jquery/jquery-plugins.js?ln=primefaces&v=4.0 HTTP/1.1" 304 -
201.245.192.253 - - [24/Sep/2023:17:03:08 -0500] "GET /sipse/faces/javax.faces.resource/images/ui-icons_898989_256x240.png?ln=primefaces-aristo HTTP/1.1" 304 -
201.245.192.253 - - [24/Sep/2023:17:03:08 -0500] "GET /sipse/faces/javax.faces.resource/images/ui-bg_flat_0_2d5972_40x100.png?ln=primefaces-aristo HTTP/1.1" 304 -
201.245.192.253 - - [24/Sep/2023:17:03:08 -0500] "POST /sipse/faces/presentacion/proyectos/proyecto/proyecto.xhtml HTTP/1.1" 200 3257
172.22.2.4 - - [24/Sep/2023:17:01:35 -0500] "GET /BLA/boletinlegal/ HTTP/1.1" 200 52068
201.245.192.253 - - [24/Sep/2023:17:03:13 -0500] "POST /sipse/faces/presentacion/proyectos/proyecto/proyecto.xhtml HTTP/1.1" 200 44211
201.245.192.253 - - [24/Sep/2023:17:03:15 -0500] "GET /sipse/faces/javax.faces.resource/spacer/dot_clear.gif?ln=primefaces&v=4.0 HTTP/1.1" 304 -
201.245.192.253 - - [24/Sep/2023:17:03:15 -0500] "POST /sipse/faces/presentacion/proyectos/proyecto/proyecto.xhtml HTTP/1.1" 200 3958
201.245.192.253 - - [24/Sep/2023:17:03:18 -0500] "POST /sipse/faces/presentacion/proyectos/proyecto/proyecto.xhtml HTTP/1.1" 200 65612
172.22.2.4 - - [24/Sep/2023:17:01:43 -0500] "HEAD /BLA/boletinlegal/ HTTP/1.1" 200 -
172.22.2.4 - - [24/Sep/2023:17:02:52 -0500] "GET /BLA/boletinlegal/ HTTP/1.1" 200 20427
216.244.66.195 - - [24/Sep/2023:17:03:35 -0500] "GET /BLA/resoluciones/AUTOS%202023/3519.pdf HTTP/1.1" 200 815827
172.22.2.4 - - [24/Sep/2023:17:02:33 -0500] "GET /BLA/boletinlegal/ HTTP/1.1" 200 52068
216.244.66.195 - - [24/Sep/2023:17:04:25 -0500] "GET /BLA/resoluciones/AUTOS%202023/3542.pdf HTTP/1.1" 200 2524157
216.244.66.195 - - [24/Sep/2023:17:05:15 -0500] "GET /BLA/resoluciones/AUTOS%202023/4142.pdf HTTP/1.1" 200 426769
172.22.2.4 - - [24/Sep/2023:17:05:30 -0500] "GET /BLA/boletinlegal/actos.php HTTP/1.1" 200 9682
172.22.2.4 - - [24/Sep/2023:17:05:30 -0500] "GET /BLA/boletinlegal/styles2.css HTTP/1.1" 200 1838
172.22.2.4 - - [24/Sep/2023:17:05:30 -0500] "GET /BLA/boletinlegal/js/ajax_actos.js HTTP/1.1" 200 1322
172.22.2.4 - - [24/Sep/2023:17:05:30 -0500] "GET /BLA/boletinlegal/niceforms.js HTTP/1.1" 200 22876
172.22.2.4 - - [24/Sep/2023:17:05:30 -0500] "GET /BLA/boletinlegal/niceforms-default.css HTTP/1.1" 200 6694
172.22.2.4 - - [24/Sep/2023:17:05:30 -0500] "GET /BLA/boletinlegal/js/lib.js HTTP/1.1" 200 6474
172.22.2.4 - - [24/Sep/2023:17:05:30 -0500] "GET /BLA/boletinlegal/style.css HTTP/1.1" 200 9406
172.22.2.4 - - [24/Sep/2023:17:05:30 -0500] "GET /BLA/boletinlegal/js/popup.js HTTP/1.1" 200 1270
172.22.2.4 - - [24/Sep/2023:17:05:30 -0500] "GET /BLA/boletinlegal/js/jquery1.js HTTP/1.1" 200 29846
172.22.2.4 - - [24/Sep/2023:17:05:30 -0500] "GET /BLA/boletinlegal/images/subscribe-icon-big.png HTTP/1.1" 200 47702
172.22.2.4 - - [24/Sep/2023:17:05:30 -0500] "GET /BLA/boletinlegal/images/green-yellow-blue-pink-th.png HTTP/1.1" 200 7394
172.22.2.4 - - [24/Sep/2023:17:05:30 -0500] "GET /BLA/boletinlegal/images/tel.png HTTP/1.1" 200 14477
172.22.2.4 - - [24/Sep/2023:17:05:30 -0500] "GET /BLA/boletinlegal/images/cabezote%20BLEGAL.jpg HTTP/1.1" 200 118164
172.22.2.4 - - [24/Sep/2023:17:05:30 -0500] "GET /BLA/boletinlegal/images/registro-usuarios.png HTTP/1.1" 200 8106
172.22.2.4 - - [24/Sep/2023:17:05:30 -0500] "GET /BLA/boletinlegal/images/historia.png HTTP/1.1" 200 52775
172.22.2.4 - - [24/Sep/2023:17:05:30 -0500] "GET /BLA/boletinlegal/images/icono-email.png HTTP/1.1" 200 5544
172.22.2.4 - - [24/Sep/2023:17:05:30 -0500] "GET /BLA/boletinlegal/images/body_bg.jpg HTTP/1.1" 200 1601
172.22.2.4 - - [24/Sep/2023:17:05:30 -0500] "GET /BLA/boletinlegal/favicon.ico HTTP/1.1" 404 1326
172.22.2.4 - - [24/Sep/2023:17:05:31 -0500] "GET /BLA/boletinlegal/images/menu_lft.gif HTTP/1.1" 200 1713
172.22.2.4 - - [24/Sep/2023:17:05:31 -0500] "GET /BLA/boletinlegal/images/bg_top.jpg HTTP/1.1" 200 522
172.22.2.4 - - [24/Sep/2023:17:05:31 -0500] "GET /BLA/boletinlegal/images/menu_rght.gif HTTP/1.1" 200 1627
172.22.2.4 - - [24/Sep/2023:17:05:31 -0500] "GET /BLA/boletinlegal/images/menu_bg.jpg HTTP/1.1" 200 620
172.22.2.4 - - [24/Sep/2023:17:05:31 -0500] "GET /BLA/boletinlegal/images/hover.jpg HTTP/1.1" 200 640
172.22.2.4 - - [24/Sep/2023:17:05:31 -0500] "GET /BLA/boletinlegal/images/text.jpg HTTP/1.1" 200 568
172.22.2.4 - - [24/Sep/2023:17:05:31 -0500] "GET /BLA/boletinlegal/images/footer_bg.jpg HTTP/1.1" 200 586
172.22.2.4 - - [24/Sep/2023:17:05:31 -0500] "GET /BLA/boletinlegal/images/footer_bg_l.jpg HTTP/1.1" 200 776
172.22.2.4 - - [24/Sep/2023:17:05:31 -0500] "GET /BLA/boletinlegal/img/0.png HTTP/1.1" 200 110
172.22.2.4 - - [24/Sep/2023:17:05:31 -0500] "GET /BLA/boletinlegal/img/button.png HTTP/1.1" 200 43241
172.22.2.4 - - [24/Sep/2023:17:05:31 -0500] "GET /BLA/boletinlegal/img/select-left.png HTTP/1.1" 200 263
172.22.2.4 - - [24/Sep/2023:17:05:31 -0500] "GET /BLA/boletinlegal/img/select-right.png HTTP/1.1" 200 44019
172.22.2.4 - - [24/Sep/2023:17:05:31 -0500] "GET /BLA/boletinlegal/img/button-left.png HTTP/1.1" 200 57071
172.22.2.4 - - [24/Sep/2023:17:05:31 -0500] "GET /BLA/boletinlegal/img/button-right.png HTTP/1.1" 200 57878
216.245.221.92 - - [24/Sep/2023:17:05:56 -0500] "HEAD / HTTP/1.1" 200 -
216.244.66.195 - - [24/Sep/2023:17:06:00 -0500] "GET /BLA/resoluciones/RESOLUCIONES%201995/0256.pdf HTTP/1.1" 200 62876
201.245.192.253 - - [24/Sep/2023:17:06:01 -0500] "POST /kwsrmcab/Wsrmcab  HTTP/1.1" 200 41265
216.244.66.195 - - [24/Sep/2023:17:06:42 -0500] "GET /BLA/resoluciones/RESOLUCIONES%201998/0610.pdf HTTP/1.1" 200 79942
216.244.66.195 - - [24/Sep/2023:17:07:17 -0500] "GET /BLA/resoluciones/RESOLUCIONES%202000/0204.pdf HTTP/1.1" 200 207089
51.159.194.233 - - [24/Sep/2023:17:07:27 -0500] "GET /semana-bogota-reverdece-135-nuevos-arboles-para-el-humedal-la-conejera.html HTTP/1.1" 200 814
172.22.2.4 - - [24/Sep/2023:17:07:33 -0500] "HEAD /BLA/boletinlegal/ HTTP/1.1" 200 -
172.22.2.4 - - [24/Sep/2023:17:08:23 -0500] "GET /BLA/boletinlegal/ HTTP/1.1" 200 60692
216.245.221.92 - - [24/Sep/2023:17:10:56 -0500] "HEAD / HTTP/1.1" 200 -
201.245.192.253 - - [24/Sep/2023:17:11:00 -0500] "POST /kwsrmcab/Wsrmcab  HTTP/1.1" 200 41265
173.252.107.8 - - [24/Sep/2023:17:11:32 -0500] "GET /images/plantacion-humedal-la-conejera.jpg HTTP/1.1" 200 92644
172.22.2.4 - - [24/Sep/2023:17:12:56 -0500] "GET /BLA/boletinlegal/robots.txt HTTP/1.1" 404 1038
172.22.2.4 - - [24/Sep/2023:17:12:57 -0500] "GET /BLA/boletinlegal/Directivas/2017/Directiva%20No.%2003%20del%2024%20de%20Febrero%20de%202017.pdf HTTP/1.1" 200 6911517
172.22.2.4 - - [24/Sep/2023:17:13:23 -0500] "HEAD /BLA/boletinlegal/ HTTP/1.1" 200 -
172.22.2.4 - - [24/Sep/2023:17:14:13 -0500] "GET /BLA/boletinlegal/ HTTP/1.1" 200 60342
216.245.221.92 - - [24/Sep/2023:17:15:56 -0500] "HEAD / HTTP/1.1" 200 -
201.245.192.253 - - [24/Sep/2023:17:15:59 -0500] "POST /kwsrmcab/Wsrmcab  HTTP/1.1" 200 41265
201.245.192.253 - - [24/Sep/2023:17:18:32 -0500] "POST /kwsrmcab/Wsrmcab HTTP/1.1" 200 41405
201.245.192.253 - - [24/Sep/2023:17:18:35 -0500] "POST /kwsrmcab/Wsrmcab HTTP/1.1" 200 41215
172.22.2.4 - - [24/Sep/2023:17:20:02 -0500] "GET /BLA/boletinlegal/Directivas/2014/Directiva%20No.%204%20del%2006%20de%20Junio%20de%202014.pdf HTTP/1.1" 200 236794
172.22.2.4 - - [24/Sep/2023:17:19:14 -0500] "HEAD /BLA/boletinlegal/ HTTP/1.1" 200 -
216.245.221.92 - - [24/Sep/2023:17:20:56 -0500] "HEAD / HTTP/1.1" 200 -
201.245.192.253 - - [24/Sep/2023:17:20:58 -0500] "POST /kwsrmcab/Wsrmcab  HTTP/1.1" 200 41265
172.22.2.4 - - [24/Sep/2023:17:20:04 -0500] "GET /BLA/boletinlegal/ HTTP/1.1" 200 58187
172.22.2.4 - - [24/Sep/2023:17:22:18 -0500] "GET /BLA/boletinlegal/actos.php HTTP/1.1" 200 9682
172.22.2.4 - - [24/Sep/2023:17:22:19 -0500] "GET /BLA/boletinlegal/favicon.ico HTTP/1.1" 404 1326
190.69.54.185 - - [24/Sep/2023:17:22:20 -0500] "GET /BLA/resoluciones/ HTTP/1.1" 200 13696
190.69.54.185 - - [24/Sep/2023:17:22:20 -0500] "GET /BLA/resoluciones/dlf/folder.png HTTP/1.1" 200 410
190.69.54.185 - - [24/Sep/2023:17:22:22 -0500] "GET /BLA/resoluciones/index.php?dir=AUTOS+2023%2F HTTP/1.1" 200 307733
172.22.2.4 - - [24/Sep/2023:17:22:15 -0500] "GET /BLA/boletinlegal/ HTTP/1.1" 200 24523
31.13.103.116 - - [24/Sep/2023:17:23:36 -0500] "GET /participa-en-la-convocatoria-para-el-aseguramiento-metrologico-de-la-red-de-monitoreo-de-calidad-del-aire-de-bogota.html HTTP/1.1" 200 848
173.252.127.119 - - [24/Sep/2023:17:23:46 -0500] "GET /semana-bogota-reverdece-135-nuevos-arboles-para-el-humedal-la-conejera.html HTTP/1.1" 200 814
173.252.127.14 - - [24/Sep/2023:17:23:46 -0500] "GET /semana-bogota-reverdece-135-nuevos-arboles-para-el-humedal-la-conejera.html HTTP/1.1" 200 814
181.237.245.23 - - [24/Sep/2023:17:23:52 -0500] "GET /appsia/controlador HTTP/1.1" 200 4799
100.21.24.205 - - [24/Sep/2023:17:24:07 -0500] "GET /semana-bogota-reverdece-politica-publica-de-accion-climatica-es-una-realidad.html HTTP/1.1" 200 891
44.230.252.91 - - [24/Sep/2023:17:24:08 -0500] "GET /semana-bogota-reverdece-iniciaron-actividades-de-la-academia-regional-de-areas-de-cero-emisiones.html HTTP/1.1" 200 991
181.237.245.23 - - [24/Sep/2023:17:24:26 -0500] "POST /appsia/controlador HTTP/1.1" 200 5437
191.102.224.201 - - [24/Sep/2023:17:24:28 -0500] "GET /appsia/controlador HTTP/1.1" 200 4799
191.102.224.201 - - [24/Sep/2023:17:24:29 -0500] "GET /appsia/css/estilos.css HTTP/1.1" 200 4804
191.102.224.201 - - [24/Sep/2023:17:24:29 -0500] "GET /appsia/scripts/validarIngreso.js HTTP/1.1" 200 851
191.102.224.201 - - [24/Sep/2023:17:24:29 -0500] "GET /appsia/images/cabezoteHojaVida.png HTTP/1.1" 200 32493
191.102.224.201 - - [24/Sep/2023:17:24:29 -0500] "GET /appsia/images/logo_bogota_p.png HTTP/1.1" 200 14951
172.22.2.4 - - [24/Sep/2023:17:24:48 -0500] "GET /BLA/boletinlegal/jurisprudencia/analisis/AnalisisT-606-15.docx HTTP/1.1" 200 26698
172.22.2.4 - - [24/Sep/2023:17:24:48 -0500] "GET /BLA/boletinlegal/apple-touch-icon-120x120-precomposed.png HTTP/1.1" 404 1140
172.22.2.4 - - [24/Sep/2023:17:24:48 -0500] "GET /BLA/boletinlegal/apple-touch-icon-120x120.png HTTP/1.1" 404 1140
172.22.2.4 - - [24/Sep/2023:17:24:48 -0500] "GET /BLA/boletinlegal/apple-touch-icon-precomposed.png HTTP/1.1" 404 1140
172.22.2.4 - - [24/Sep/2023:17:24:48 -0500] "GET /BLA/boletinlegal/apple-touch-icon.png HTTP/1.1" 404 1140
172.22.2.4 - - [24/Sep/2023:17:24:48 -0500] "GET /BLA/boletinlegal/favicon.ico HTTP/1.1" 404 1140
172.22.2.4 - - [24/Sep/2023:17:24:48 -0500] "GET /BLA/boletinlegal/apple-touch-icon-120x120-precomposed.png HTTP/1.1" 404 1140
172.22.2.4 - - [24/Sep/2023:17:24:48 -0500] "GET /BLA/boletinlegal/apple-touch-icon-120x120.png HTTP/1.1" 404 1140
172.22.2.4 - - [24/Sep/2023:17:24:48 -0500] "GET /BLA/boletinlegal/apple-touch-icon-precomposed.png HTTP/1.1" 404 1140
172.22.2.4 - - [24/Sep/2023:17:24:48 -0500] "GET /BLA/boletinlegal/apple-touch-icon.png HTTP/1.1" 404 1140
172.22.2.4 - - [24/Sep/2023:17:24:48 -0500] "GET /BLA/boletinlegal/favicon.ico HTTP/1.1" 404 1140
181.237.245.23 - - [24/Sep/2023:17:25:09 -0500] "POST /appsia/controlador HTTP/1.1" 200 7759
181.237.245.23 - - [24/Sep/2023:17:25:14 -0500] "POST /appsia/controlador HTTP/1.1" 200 5218
181.237.245.23 - - [24/Sep/2023:17:25:17 -0500] "GET /appsia/controlador?comando=regresar&id=19361168&funcionario=RICARDO+RAMIREZ&desde=19361168&hasta=19361168&version=19361168 HTTP/1.1" 200 7759
186.83.246.35 - - [24/Sep/2023:17:25:45 -0500] "GET /BLA/resoluciones/dlf/styles.css HTTP/1.1" 200 3049
186.83.246.35 - - [24/Sep/2023:17:25:45 -0500] "GET /BLA/resoluciones/dlf/dirup.png HTTP/1.1" 200 644
186.83.246.35 - - [24/Sep/2023:17:25:45 -0500] "GET /BLA/resoluciones/dlf/archive.png HTTP/1.1" 200 632
186.83.246.35 - - [24/Sep/2023:17:25:45 -0500] "GET /BLA/resoluciones/dlf/pdf.gif HTTP/1.1" 200 272
186.83.246.35 - - [24/Sep/2023:17:25:45 -0500] "GET /BLA/resoluciones/dlf/bg.gif HTTP/1.1" 200 54
186.83.246.35 - - [24/Sep/2023:17:25:44 -0500] "GET /BLA/resoluciones/index.php?dir=AUTOS+2023%2F HTTP/1.1" 200 307733
216.245.221.92 - - [24/Sep/2023:17:25:56 -0500] "HEAD / HTTP/1.1" 200 -
201.245.192.253 - - [24/Sep/2023:17:25:57 -0500] "POST /kwsrmcab/Wsrmcab  HTTP/1.1" 200 41265
172.22.2.4 - - [24/Sep/2023:17:25:04 -0500] "HEAD /BLA/boletinlegal/ HTTP/1.1" 200 -
172.22.2.4 - - [24/Sep/2023:17:25:54 -0500] "GET /BLA/boletinlegal/ HTTP/1.1" 200 58187
216.244.66.195 - - [24/Sep/2023:17:27:59 -0500] "GET /robots.txt HTTP/1.1" 404 1018
52.167.144.22 - - [24/Sep/2023:17:28:01 -0500] "GET /BLA/resoluciones/RESOLUCIONES%202021/4334.pdf HTTP/1.1" 304 -
201.245.192.253 - - [24/Sep/2023:17:28:31 -0500] "POST /kwsrmcab/Wsrmcab HTTP/1.1" 200 41405
201.245.192.253 - - [24/Sep/2023:17:28:34 -0500] "POST /kwsrmcab/Wsrmcab HTTP/1.1" 200 41215
216.245.221.92 - - [24/Sep/2023:17:30:56 -0500] "HEAD / HTTP/1.1" 200 -
201.245.192.253 - - [24/Sep/2023:17:30:56 -0500] "POST /kwsrmcab/Wsrmcab  HTTP/1.1" 200 41265
172.22.2.4 - - [24/Sep/2023:17:30:54 -0500] "HEAD /BLA/boletinlegal/ HTTP/1.1" 200 -
44.230.252.91 - - [24/Sep/2023:17:32:46 -0500] "GET /cuales-son-los-tramites-ambientales-mas-solicitados-de-bogota.html HTTP/1.1" 200 840
172.22.2.4 - - [24/Sep/2023:17:31:44 -0500] "GET /BLA/boletinlegal/ HTTP/1.1" 200 59343
52.167.144.22 - - [24/Sep/2023:17:34:02 -0500] "GET /BLA/resoluciones/RESOLUCIONES%202022/5175.pdf HTTP/1.1" 200 428911
66.220.149.14 - - [24/Sep/2023:17:34:06 -0500] "GET /images/plantacion-humedal-la-conejera.jpg HTTP/1.1" 200 92644
172.22.2.4 - - [24/Sep/2023:17:33:20 -0500] "GET /BLA/boletinlegal/ HTTP/1.1" 200 61922
173.252.95.15 - - [24/Sep/2023:17:35:50 -0500] "GET /distrito-firma-siete-nuevos-pagos-por-servicios-ambientales-en-la-ruralidad-de-bogota-ya-van-mas-de-1100-hectareas.html HTTP/1.1" 200 853
216.245.221.92 - - [24/Sep/2023:17:35:56 -0500] "HEAD / HTTP/1.1" 200 -
201.245.192.253 - - [24/Sep/2023:17:35:55 -0500] "POST /kwsrmcab/Wsrmcab  HTTP/1.1" 200 41265
172.22.2.4 - - [24/Sep/2023:17:37:15 -0500] "GET /BLA/boletinlegal/Circulares/2019/.pdf HTTP/1.1" 404 1218
172.22.2.4 - - [24/Sep/2023:17:37:25 -0500] "GET /BLA/boletinlegal/Circulares/2012/Circular%20No.%2010%20del%2026%20de%20Enero%20de%202012.pdf HTTP/1.1" 404 1218
172.22.2.4 - - [24/Sep/2023:17:36:44 -0500] "HEAD /BLA/boletinlegal/ HTTP/1.1" 200 -
201.245.192.253 - - [24/Sep/2023:17:38:32 -0500] "POST /kwsrmcab/Wsrmcab HTTP/1.1" 200 41405
201.245.192.253 - - [24/Sep/2023:17:38:35 -0500] "POST /kwsrmcab/Wsrmcab HTTP/1.1" 200 41215
172.22.2.4 - - [24/Sep/2023:17:37:34 -0500] "GET /BLA/boletinlegal/ HTTP/1.1" 200 48235
52.167.144.191 - - [24/Sep/2023:17:39:39 -0500] "GET /BLA/resoluciones/RESOLUCIONES%202022/5117.pdf HTTP/1.1" 200 462270
172.22.2.4 - - [24/Sep/2023:17:38:26 -0500] "GET /BLA/boletinlegal/ HTTP/1.1" 200 53013
172.22.2.4 - - [24/Sep/2023:17:40:09 -0500] "GET /BLA/boletinlegal/js/jquery.scrollTo-min.js HTTP/1.1" 200 1150
216.245.221.92 - - [24/Sep/2023:17:40:56 -0500] "HEAD / HTTP/1.1" 200 -
201.245.192.253 - - [24/Sep/2023:17:40:54 -0500] "POST /kwsrmcab/Wsrmcab  HTTP/1.1" 200 41265
127.0.0.1 - - [24/Sep/2023:17:41:36 -0500] "GET /phpmyadmin/sql.php?server=1&db=datos&table=requerimientos&pos=0&token=d6734be3acf1e4a555b9277c89e7a2c0&ajax_request=true&ajax_page_request=true&menuHashes=e12b3f67-7adf8474-f034fc1a-8256331b-21fc110d-054b8061-3494f882&_nocache=1695595296469977789 HTTP/1.1" 200 150783
127.0.0.1 - - [24/Sep/2023:17:41:37 -0500] "GET /phpmyadmin/index.php?ajax_request=1&recent_table=1&token=d6734be3acf1e4a555b9277c89e7a2c0 HTTP/1.1" 304 -
52.167.144.191 - - [24/Sep/2023:17:41:39 -0500] "GET /Publicaciones/2023EE219730.pdf HTTP/1.1" 200 1404963
127.0.0.1 - - [24/Sep/2023:17:41:42 -0500] "GET /phpmyadmin/tbl_structure.php?db=datos&table=requerimientos&token=d6734be3acf1e4a555b9277c89e7a2c0&ajax_request=true&ajax_page_request=true&menuHashes=7adf8474-f034fc1a-8256331b-21fc110d-054b8061-3494f882-abf8103a&_nocache=1695595302641345442 HTTP/1.1" 200 108407
127.0.0.1 - - [24/Sep/2023:17:41:43 -0500] "GET /phpmyadmin/js/get_scripts.js.php?scripts[]=tbl_structure.js&token=d6734be3acf1e4a555b9277c89e7a2c0&call_done=1 HTTP/1.1" 200 22246
127.0.0.1 - - [24/Sep/2023:17:41:43 -0500] "GET /phpmyadmin/index.php?ajax_request=1&recent_table=1&token=d6734be3acf1e4a555b9277c89e7a2c0 HTTP/1.1" 304 -
127.0.0.1 - - [24/Sep/2023:17:42:38 -0500] "POST /phpmyadmin/tbl_addfield.php HTTP/1.1" 200 43347
127.0.0.1 - - [24/Sep/2023:17:42:38 -0500] "GET /phpmyadmin/index.php?ajax_request=1&recent_table=1&token=d6734be3acf1e4a555b9277c89e7a2c0 HTTP/1.1" 304 -
172.22.2.4 - - [24/Sep/2023:17:42:55 -0500] "GET /BLA/boletinlegal/robots.txt HTTP/1.1" 404 1038
172.22.2.4 - - [24/Sep/2023:17:41:34 -0500] "GET /BLA/boletinlegal/ HTTP/1.1" 200 58981
47.128.57.223 - - [24/Sep/2023:17:43:42 -0500] "GET /robots.txt HTTP/1.1" 404 1034
172.22.2.4 - - [24/Sep/2023:17:43:55 -0500] "GET /BLA/boletinlegal/js/jquery.js HTTP/1.1" 200 57254
172.22.2.4 - - [24/Sep/2023:17:43:56 -0500] "GET /BLA/boletinlegal/style.css HTTP/1.1" 200 9406
172.22.2.4 - - [24/Sep/2023:17:43:56 -0500] "GET /BLA/boletinlegal/styles2.css HTTP/1.1" 200 1838
172.22.2.4 - - [24/Sep/2023:17:42:34 -0500] "HEAD /BLA/boletinlegal/ HTTP/1.1" 200 -
172.22.2.4 - - [24/Sep/2023:17:44:21 -0500] "GET /BLA/boletinlegal/js/jquery.scrollShow.js HTTP/1.1" 200 4586
172.22.2.4 - - [24/Sep/2023:17:44:21 -0500] "GET /BLA/boletinlegal/js/jquery.scrollTo-min.js HTTP/1.1" 200 1150
172.22.2.4 - - [24/Sep/2023:17:43:24 -0500] "GET /BLA/boletinlegal/ HTTP/1.1" 200 58981
216.245.221.92 - - [24/Sep/2023:17:45:56 -0500] "HEAD / HTTP/1.1" 200 -
201.245.192.253 - - [24/Sep/2023:17:45:54 -0500] "POST /kwsrmcab/Wsrmcab  HTTP/1.1" 200 41265
201.245.192.253 - - [24/Sep/2023:17:46:08 -0500] "POST /sipse/faces/presentacion/proyectos/proyecto/proyecto.xhtml HTTP/1.1" 200 82254
201.245.192.253 - - [24/Sep/2023:17:46:08 -0500] "GET /sipse/faces/javax.faces.resource/jquery/jquery.js?ln=primefaces&v=4.0 HTTP/1.1" 304 -
201.245.192.253 - - [24/Sep/2023:17:46:08 -0500] "GET /sipse/faces/javax.faces.resource/jquery/jquery-plugins.js?ln=primefaces&v=4.0 HTTP/1.1" 304 -
201.245.192.253 - - [24/Sep/2023:17:46:08 -0500] "GET /sipse/faces/javax.faces.resource/primefaces.js?ln=primefaces&v=4.0 HTTP/1.1" 304 -
201.245.192.253 - - [24/Sep/2023:17:46:08 -0500] "GET /sipse/faces/javax.faces.resource/layout/layout.js?ln=primefaces&v=4.0 HTTP/1.1" 304 -
201.245.192.253 - - [24/Sep/2023:17:46:15 -0500] "POST /sipse/faces/presentacion/proyectos/proyecto/listarProyecto.xhtml HTTP/1.1" 200 163
201.245.192.253 - - [24/Sep/2023:17:46:16 -0500] "GET /sipse/faces/presentacion/proyectos/proyecto/proyecto.xhtml HTTP/1.1" 200 90115
201.245.192.253 - - [24/Sep/2023:17:46:17 -0500] "GET /sipse/faces/javax.faces.resource/theme.css?ln=primefaces-sipse HTTP/1.1" 304 -
201.245.192.253 - - [24/Sep/2023:17:46:17 -0500] "GET /sipse/faces/javax.faces.resource/jquery/jquery.js?ln=primefaces&v=4.0 HTTP/1.1" 304 -
201.245.192.253 - - [24/Sep/2023:17:46:17 -0500] "GET /sipse/faces/javax.faces.resource/layout/layout.css?ln=primefaces&v=4.0 HTTP/1.1" 304 -
201.245.192.253 - - [24/Sep/2023:17:46:17 -0500] "GET /sipse/faces/javax.faces.resource/primefaces.js?ln=primefaces&v=4.0 HTTP/1.1" 304 -
201.245.192.253 - - [24/Sep/2023:17:46:17 -0500] "GET /sipse/faces/javax.faces.resource/primefaces.css?ln=primefaces&v=4.0 HTTP/1.1" 304 -
201.245.192.253 - - [24/Sep/2023:17:46:17 -0500] "GET /sipse/faces/javax.faces.resource/jquery/jquery-plugins.js?ln=primefaces&v=4.0 HTTP/1.1" 304 -
201.245.192.253 - - [24/Sep/2023:17:46:17 -0500] "GET /sipse/faces/javax.faces.resource/layout/layout.js?ln=primefaces&v=4.0 HTTP/1.1" 304 -
201.245.192.253 - - [24/Sep/2023:17:46:18 -0500] "GET /sipse/faces/javax.faces.resource/images/ui-icons_898989_256x240.png?ln=primefaces-aristo HTTP/1.1" 304 -
201.245.192.253 - - [24/Sep/2023:17:46:18 -0500] "GET /sipse/faces/javax.faces.resource/images/ui-bg_flat_0_2d5972_40x100.png?ln=primefaces-aristo HTTP/1.1" 304 -
201.245.192.253 - - [24/Sep/2023:17:46:18 -0500] "POST /sipse/faces/presentacion/proyectos/proyecto/proyecto.xhtml HTTP/1.1" 200 3257
201.245.192.253 - - [24/Sep/2023:17:46:22 -0500] "POST /sipse/faces/presentacion/proyectos/proyecto/proyecto.xhtml HTTP/1.1" 200 44029
201.245.192.253 - - [24/Sep/2023:17:46:24 -0500] "GET /sipse/faces/javax.faces.resource/spacer/dot_clear.gif?ln=primefaces&v=4.0 HTTP/1.1" 304 -
201.245.192.253 - - [24/Sep/2023:17:46:24 -0500] "POST /sipse/faces/presentacion/proyectos/proyecto/proyecto.xhtml HTTP/1.1" 200 3960
181.56.235.113 - - [24/Sep/2023:17:46:54 -0500] "GET /BLA/resoluciones/ HTTP/1.1" 200 13696
181.56.235.113 - - [24/Sep/2023:17:46:54 -0500] "GET /favicon.ico HTTP/1.1" 200 7782
181.56.235.113 - - [24/Sep/2023:17:46:59 -0500] "GET /BLA/resoluciones/index.php?dir=RESOLUCIONES+2018%2F HTTP/1.1" 200 279088
173.252.79.4 - - [24/Sep/2023:17:47:16 -0500] "GET /images/plantacion-humedal-la-conejera.jpg HTTP/1.1" 200 92644
100.21.24.205 - - [24/Sep/2023:17:47:16 -0500] "GET /carolina-urrutia-tener-trazado-un-camino-en-el-que-cada-sector-sepa-lo-que-invierte-sacrifica-y-gana-es-lo-que-dejara-la-politica-de-accion-climatica-para-bogota.html HTTP/1.1" 200 856
172.22.2.4 - - [24/Sep/2023:17:49:15 -0500] "GET /BLA/boletinlegal/robots.txt HTTP/1.1" 404 1038
172.22.2.4 - - [24/Sep/2023:17:49:16 -0500] "GET /BLA/boletinlegal/Circulares/2012/Circular%20No.%2011%20del%2027%20de%20Agosto%20de%202012.pdf HTTP/1.1" 200 526945
127.0.0.1 - - [24/Sep/2023:17:49:16 -0500] "POST /phpmyadmin/tbl_addfield.php HTTP/1.1" 200 1638
127.0.0.1 - - [24/Sep/2023:17:49:17 -0500] "POST /phpmyadmin/ HTTP/1.1" 200 156
127.0.0.1 - - [24/Sep/2023:17:49:17 -0500] "POST /phpmyadmin/navigation.php?ajax_request=1&token=d6734be3acf1e4a555b9277c89e7a2c0 HTTP/1.1" 200 22130
127.0.0.1 - - [24/Sep/2023:17:49:36 -0500] "GET /phpmyadmin/sql.php?server=1&db=datos&table=requerimientos&pos=0&token=d6734be3acf1e4a555b9277c89e7a2c0&ajax_request=true&ajax_page_request=true&menuHashes=f034fc1a-8256331b-21fc110d-054b8061-3494f882-abf8103a-70703df9&_nocache=1695595776347677493 HTTP/1.1" 200 149253
127.0.0.1 - - [24/Sep/2023:17:49:37 -0500] "GET /phpmyadmin/index.php?ajax_request=1&recent_table=1&token=d6734be3acf1e4a555b9277c89e7a2c0 HTTP/1.1" 304 -
127.0.0.1 - - [24/Sep/2023:17:49:42 -0500] "GET /phpmyadmin/tbl_structure.php?db=datos&table=requerimientos&token=d6734be3acf1e4a555b9277c89e7a2c0&ajax_request=true&ajax_page_request=true&menuHashes=f034fc1a-8256331b-21fc110d-054b8061-3494f882-abf8103a-70703df9&_nocache=1695595782269291162 HTTP/1.1" 200 109038
127.0.0.1 - - [24/Sep/2023:17:49:43 -0500] "GET /phpmyadmin/index.php?ajax_request=1&recent_table=1&token=d6734be3acf1e4a555b9277c89e7a2c0 HTTP/1.1" 304 -
191.156.233.58 - - [24/Sep/2023:17:49:45 -0500] "GET /p4g-es-sin-duda-un-ejemplo-de-que-el-optimismo-es-posible-y-necesario-carolina-urrutia-secretaria-de-ambiente.html?fbclid=IwAR1aomk6NilgDU7N9HMEVxkJeOBPGmpe1aS1p-wYtMhrbeZNA6DMzYqk4ds HTTP/1.1" 200 934
172.22.2.4 - - [24/Sep/2023:17:48:24 -0500] "HEAD /BLA/boletinlegal/ HTTP/1.1" 200 -
173.252.83.1 - - [24/Sep/2023:17:50:22 -0500] "GET /images/camara-trampa.jpeg HTTP/1.1" 200 77809
173.252.83.117 - - [24/Sep/2023:17:50:22 -0500] "GET /images/serpiente-sabanera.jpeg HTTP/1.1" 200 167272
173.252.83.112 - - [24/Sep/2023:17:50:23 -0500] "GET /images/semana-bosques-1_optimized.1.jpg HTTP/1.1" 200 102892
173.252.83.120 - - [24/Sep/2023:17:50:23 -0500] "GET /images/WhatsApp%20Image%202023-02-15%20at%205.07.25%20PM.jpeg HTTP/1.1" 200 50573
173.252.83.6 - - [24/Sep/2023:17:50:23 -0500] "GET /images/20%20de%20febrero%20panor\xc3\xa1mica%20de%20Bogot\xc3\xa1%20(1)%20(1).jpeg HTTP/1.1" 404 1034
173.252.83.3 - - [24/Sep/2023:17:50:23 -0500] "GET /images/24%20de%20febrero%20Sendero%20guadalupe%202.jpeg HTTP/1.1" 200 70964
173.252.83.120 - - [24/Sep/2023:17:50:23 -0500] "GET /images/Sello%201%20JA-2.jpeg HTTP/1.1" 200 42236
173.252.83.120 - - [24/Sep/2023:17:50:24 -0500] "GET /images/Conversatorio%20aire%201%20(1).jpeg HTTP/1.1" 200 72040
173.252.83.3 - - [24/Sep/2023:17:50:24 -0500] "GET /images/Juan%20Rey%20febrero%2013.jpg HTTP/1.1" 200 55934
173.252.83.10 - - [24/Sep/2023:17:50:24 -0500] "GET /images/Humedal%20Tunjo%20RAMSAR.jpeg HTTP/1.1" 200 120269
173.252.83.8 - - [24/Sep/2023:17:50:25 -0500] "GET /images/Reciclaton%20Nov%202022%20(1)%20(1).jpeg HTTP/1.1" 200 53811
173.252.83.119 - - [24/Sep/2023:17:50:25 -0500] "GET /images/20%20de%20febrero%20panor\xc3\xa1mica%20de%20Bogot\xc3\xa1%20(1)%20(1).jpeg HTTP/1.1" 404 1034
172.22.2.4 - - [24/Sep/2023:17:49:14 -0500] "GET /BLA/boletinlegal/ HTTP/1.1" 200 58187
201.245.192.253 - - [24/Sep/2023:17:50:53 -0500] "POST /kwsrmcab/Wsrmcab  HTTP/1.1" 200 41265
216.245.221.92 - - [24/Sep/2023:17:50:56 -0500] "HEAD / HTTP/1.1" 200 -
172.22.2.4 - - [24/Sep/2023:17:51:36 -0500] "GET /BLA/boletinlegal/Directivas/2011/Directiva%20No.%208%20del%2020%20de%20Septiembre%20de%202011.pdf HTTP/1.1" 200 727150
74.125.213.41 - - [24/Sep/2023:17:51:49 -0500] "GET /galeria/galeria/fotos/Soratama1G.jpg HTTP/1.1" 200 127762
173.252.107.118 - - [24/Sep/2023:17:53:42 -0500] "GET /images/pieza-voluntariado-ambiental.jpeg HTTP/1.1" 200 51125
172.22.2.4 - - [24/Sep/2023:17:54:14 -0500] "HEAD /BLA/boletinlegal/ HTTP/1.1" 200 -
201.245.192.253 - - [24/Sep/2023:17:55:52 -0500] "POST /kwsrmcab/Wsrmcab  HTTP/1.1" 200 41265
216.245.221.92 - - [24/Sep/2023:17:55:55 -0500] "HEAD / HTTP/1.1" 200 -
216.244.66.195 - - [24/Sep/2023:17:56:40 -0500] "GET /BLA/resoluciones/AUTOS%202023/0874.pdf HTTP/1.1" 200 1525514
172.22.2.4 - - [24/Sep/2023:17:55:04 -0500] "GET /BLA/boletinlegal/ HTTP/1.1" 200 60692
216.244.66.195 - - [24/Sep/2023:17:57:10 -0500] "GET /BLA/resoluciones/AUTOS%202023/1065.pdf HTTP/1.1" 200 409161
52.25.208.208 - - [24/Sep/2023:17:57:13 -0500] "GET /moda-circular-manos-reparadoras-la-estrategia-del-distrito-para-restaurar-prendas-usadas.html HTTP/1.1" 200 901
157.55.39.54 - - [24/Sep/2023:17:57:39 -0500] "GET /BLA/resoluciones/RESOLUCIONES%202020/1390.pdf HTTP/1.1" 304 -
216.244.66.195 - - [24/Sep/2023:17:58:00 -0500] "GET /BLA/resoluciones/AUTOS%202023/1180.pdf HTTP/1.1" 200 884463
127.0.0.1 - - [24/Sep/2023:17:58:07 -0500] "GET /phpmyadmin/server_privileges.php?db=datos&table=requerimientos&token=d6734be3acf1e4a555b9277c89e7a2c0&checkprivsdb=datos&checkprivstable=requerimientos&viewing_mode=table&ajax_request=true&ajax_page_request=true&menuHashes=f034fc1a-8256331b-21fc110d-054b8061-3494f882-abf8103a-70703df9&_nocache=1695596287493232148 HTTP/1.1" 200 16892
127.0.0.1 - - [24/Sep/2023:17:58:13 -0500] "GET /phpmyadmin/tbl_operations.php?db=datos&table=requerimientos&token=d6734be3acf1e4a555b9277c89e7a2c0&ajax_request=true&ajax_page_request=true&menuHashes=8256331b-21fc110d-054b8061-3494f882-abf8103a-70703df9-095c9807&_nocache=1695596293356215467 HTTP/1.1" 200 41774
127.0.0.1 - - [24/Sep/2023:17:58:13 -0500] "GET /phpmyadmin/index.php?ajax_request=1&recent_table=1&token=d6734be3acf1e4a555b9277c89e7a2c0 HTTP/1.1" 304 -
127.0.0.1 - - [24/Sep/2023:17:58:19 -0500] "GET /phpmyadmin/sql.php?db=datos&table=requerimientos&back=tbl_operations.php&goto=tbl_structure.php&sql_query=TRUNCATE+TABLE+%60requerimientos%60&reload=1&message_to_show=Table+requerimientos+has+been+emptied.&token=d6734be3acf1e4a555b9277c89e7a2c0&is_js_confirmed=1&ajax_request=true&_nocache=169559629913743605 HTTP/1.1" 200 1533
127.0.0.1 - - [24/Sep/2023:17:58:23 -0500] "GET /phpmyadmin/tbl_import.php?db=datos&table=requerimientos&token=d6734be3acf1e4a555b9277c89e7a2c0&ajax_request=true&ajax_page_request=true&menuHashes=21fc110d-054b8061-3494f882-abf8103a-70703df9-095c9807-2e2274df&_nocache=1695596303114273031 HTTP/1.1" 200 18056
127.0.0.1 - - [24/Sep/2023:17:58:23 -0500] "GET /phpmyadmin/js/get_scripts.js.php?scripts[]=import.js&token=d6734be3acf1e4a555b9277c89e7a2c0&call_done=1 HTTP/1.1" 200 6145
127.0.0.1 - - [24/Sep/2023:17:58:23 -0500] "GET /phpmyadmin/index.php?ajax_request=1&recent_table=1&token=d6734be3acf1e4a555b9277c89e7a2c0 HTTP/1.1" 304 -
216.244.66.195 - - [24/Sep/2023:17:58:51 -0500] "GET /BLA/resoluciones/AUTOS%202023/1183.pdf HTTP/1.1" 200 1067054
216.244.66.195 - - [24/Sep/2023:17:59:41 -0500] "GET /BLA/resoluciones/AUTOS%202023/1781.pdf HTTP/1.1" 200 417392
173.252.127.2 - - [24/Sep/2023:17:59:58 -0500] "GET /images/Zuque%20(1)%20(1).jpeg HTTP/1.1" 200 66921
127.0.0.1 - - [24/Sep/2023:17:59:30 -0500] "POST /phpmyadmin/import.php HTTP/1.1" 200 24856
127.0.0.1 - - [24/Sep/2023:18:00:02 -0500] "GET /phpmyadmin/js/get_image.js.php?theme=pmahomme HTTP/1.1" 304 -
127.0.0.1 - - [24/Sep/2023:18:00:02 -0500] "GET /phpmyadmin/js/messages.php?lang=en&db=datos&token=d6734be3acf1e4a555b9277c89e7a2c0 HTTP/1.1" 200 17826
127.0.0.1 - - [24/Sep/2023:18:00:02 -0500] "GET /phpmyadmin/phpmyadmin.css.php?server=1&token=d6734be3acf1e4a555b9277c89e7a2c0&nocache=5839947413ltr HTTP/1.1" 304 -
127.0.0.1 - - [24/Sep/2023:18:00:02 -0500] "GET /phpmyadmin/js/get_scripts.js.php?token=d6734be3acf1e4a555b9277c89e7a2c0&scripts[]=jquery/jquery-1.8.3.min.js&scripts[]=ajax.js&scripts[]=keyhandler.js&scripts[]=jquery/jquery-ui-1.9.2.custom.min.js&scripts[]=jquery/jquery.sprintf.js&scripts[]=jquery/jquery.cookie.js&scripts[]=jquery/jquery.mousewheel.js&scripts[]=jquery/jquery.event.drag-2.2.js&scripts[]=jquery/jquery-ui-timepicker-addon.js&scripts[]=jquery/jquery.ba-hashchange-1.3.js&scripts[]=jquery/jquery.debounce-1.0.5.js&scripts[]=jquery/jquery.menuResizer-1.0.js&scripts[]=cross_framing_protection.js&scripts[]=rte.js&scripts[]=tracekit/tracekit.js&scripts[]=error_report.js&scripts[]=doclinks.js&scripts[]=functions.js&scripts[]=navigation.js&scripts[]=indexes.js&scripts[]=common.js&scripts[]=codemirror/lib/codemirror.js&scripts[]=codemirror/mode/sql/sql.js&scripts[]=codemirror/addon/runmode/runmode.js HTTP/1.1" 200 1046464
127.0.0.1 - - [24/Sep/2023:18:00:02 -0500] "GET /phpmyadmin/navigation.php?ajax_request=1&token=d6734be3acf1e4a555b9277c89e7a2c0&aPath=cm9vdA%3D%3D.ZGF0b3M%3D&vPath=cm9vdA%3D%3D.ZGF0b3M%3D&pos=0&pos2_name=&pos2_value=&searchClause=&searchClause2=&_nocache=169559640277712799 HTTP/1.1" 200 6547
127.0.0.1 - - [24/Sep/2023:18:00:02 -0500] "GET /phpmyadmin/index.php?ajax_request=1&recent_table=1&token=d6734be3acf1e4a555b9277c89e7a2c0 HTTP/1.1" 304 -
172.22.2.4 - - [24/Sep/2023:18:00:16 -0500] "GET /BLA/boletinlegal/jquery-3.3.1.min.js HTTP/1.1" 404 1152
172.22.2.4 - - [24/Sep/2023:18:00:17 -0500] "POST /BLA/boletinlegal/categories/Yud HTTP/1.1" 404 1018
172.22.2.4 - - [24/Sep/2023:18:00:19 -0500] "POST /BLA/boletinlegal/nation.php HTTP/1.1" 404 1018
172.22.2.4 - - [24/Sep/2023:18:00:20 -0500] "GET /BLA/boletinlegal/is-bin HTTP/1.1" 404 1018
172.22.2.4 - - [24/Sep/2023:18:00:21 -0500] "GET /BLA/boletinlegal/is-bin HTTP/1.1" 404 1018
172.22.2.4 - - [24/Sep/2023:18:00:23 -0500] "GET /BLA/boletinlegal/news.php HTTP/1.1" 404 1018
172.22.2.4 - - [24/Sep/2023:18:00:24 -0500] "GET /BLA/boletinlegal/8.bin HTTP/1.1" 404 1018
172.22.2.4 - - [24/Sep/2023:18:00:24 -0500] "GET /BLA/boletinlegal/hrsgdsb7386wknzms.jpg HTTP/1.1" 404 1018
172.22.2.4 - - [24/Sep/2023:18:00:25 -0500] "GET /BLA/boletinlegal/UnityPlayer.dll HTTP/1.1" 404 1018
172.22.2.4 - - [24/Sep/2023:18:00:25 -0500] "GET /BLA/boletinlegal/ttd.exe HTTP/1.1" 404 1018
172.22.2.4 - - [24/Sep/2023:18:00:25 -0500] "GET /BLA/boletinlegal/qd.CHM HTTP/1.1" 404 1018
172.22.2.4 - - [24/Sep/2023:18:00:27 -0500] "GET /BLA/boletinlegal/zMLUH93A HTTP/1.1" 404 1018
172.22.2.4 - - [24/Sep/2023:18:00:28 -0500] "GET /BLA/boletinlegal/Display/chan/IB61I7MYA HTTP/1.1" 406 -
172.22.2.4 - - [24/Sep/2023:18:00:29 -0500] "GET /BLA/boletinlegal/jquery-3.3.1.min.js HTTP/1.1" 404 1018
172.22.2.4 - - [24/Sep/2023:18:00:30 -0500] "GET /BLA/boletinlegal/Gmail/UnityPlayer.txt HTTP/1.1" 404 1018
216.244.66.195 - - [24/Sep/2023:18:00:31 -0500] "GET /BLA/resoluciones/AUTOS%202023/2017.pdf HTTP/1.1" 200 472121
172.22.2.4 - - [24/Sep/2023:18:00:32 -0500] "GET /BLA/boletinlegal/new/login HTTP/1.1" 404 1018
172.22.2.4 - - [24/Sep/2023:18:00:33 -0500] "GET /BLA/boletinlegal/viwwwsogou?op=8&query=%E7%A8%8F%E5%BB%BA%09%E9%BE%90%E1%B7%A2 HTTP/1.1" 404 1017
172.22.2.4 - - [24/Sep/2023:18:00:34 -0500] "GET /BLA/boletinlegal/e3e7e71a0b28b5e96cc492e636722f73/4sVKAOvu3D/BDyot0NxyG.php HTTP/1.1" 406 -
172.22.2.4 - - [24/Sep/2023:18:00:36 -0500] "GET /BLA/boletinlegal/jquery.js HTTP/1.1" 404 1018
172.22.2.4 - - [24/Sep/2023:18:00:37 -0500] "GET /BLA/boletinlegal/wh/glass.php HTTP/1.1" 404 1018
172.22.2.4 - - [24/Sep/2023:18:00:38 -0500] "GET /BLA/boletinlegal/login HTTP/1.1" 404 1018
172.22.2.4 - - [24/Sep/2023:18:00:39 -0500] "GET /BLA/boletinlegal/c/msdownload/update/software/update/2021/11/6632de33-967441-x86.cab HTTP/1.1" 404 1022
172.22.2.4 - - [24/Sep/2023:18:00:40 -0500] "GET /BLA/boletinlegal/c/msdownload/update/software/update/2021/11/6632de33-967441-x86.cab HTTP/1.1" 404 1022
172.22.2.4 - - [24/Sep/2023:18:00:41 -0500] "GET /BLA/boletinlegal/fw6I HTTP/1.1" 404 1018
172.22.2.4 - - [24/Sep/2023:18:00:41 -0500] "GET /BLA/boletinlegal/fw6I HTTP/1.1" 404 1018
172.22.2.4 - - [24/Sep/2023:18:00:43 -0500] "GET /BLA/boletinlegal/xfL2 HTTP/1.1" 404 1018
172.22.2.4 - - [24/Sep/2023:18:00:43 -0500] "GET /BLA/boletinlegal/B4ym HTTP/1.1" 404 1018
172.22.2.4 - - [24/Sep/2023:18:00:44 -0500] "GET /BLA/boletinlegal/Visu/ens/events HTTP/1.1" 404 1021
172.22.2.4 - - [24/Sep/2023:18:00:45 -0500] "GET /BLA/boletinlegal/Visu/ens/events HTTP/1.1" 404 1021
172.22.2.4 - - [24/Sep/2023:18:00:06 -0500] "GET /BLA/boletinlegal/ HTTP/1.1" 200 24523
201.245.192.253 - - [24/Sep/2023:18:00:51 -0500] "POST /kwsrmcab/Wsrmcab  HTTP/1.1" 200 41265
216.245.221.92 - - [24/Sep/2023:18:00:55 -0500] "HEAD / HTTP/1.1" 200 -
216.244.66.195 - - [24/Sep/2023:18:01:21 -0500] "GET /BLA/resoluciones/AUTOS%202023/2277.pdf HTTP/1.1" 200 3772325
172.22.2.4 - - [24/Sep/2023:18:00:04 -0500] "HEAD /BLA/boletinlegal/ HTTP/1.1" 200 -
172.22.2.4 - - [24/Sep/2023:18:02:10 -0500] "GET /BLA/boletinlegal/js/jquery.scrollTo-min.js HTTP/1.1" 200 1150
172.22.2.4 - - [24/Sep/2023:18:02:10 -0500] "GET /BLA/boletinlegal/js/jquery.js HTTP/1.1" 200 57254
172.22.2.4 - - [24/Sep/2023:18:02:10 -0500] "GET /BLA/boletinlegal/js/jquery.scrollShow.js HTTP/1.1" 200 4586
216.244.66.195 - - [24/Sep/2023:18:02:11 -0500] "GET /BLA/resoluciones/AUTOS%202023/2556.pdf HTTP/1.1" 200 1233524
127.0.0.1 - - [24/Sep/2023:18:02:12 -0500] "GET /phpmyadmin/sql.php?server=1&db=datos&table=requerimientos&pos=0&token=d6734be3acf1e4a555b9277c89e7a2c0&ajax_request=true&ajax_page_request=true&_nocache=1695596532666143488 HTTP/1.1" 200 155164
127.0.0.1 - - [24/Sep/2023:18:02:13 -0500] "GET /phpmyadmin/js/get_scripts.js.php?scripts[]=jquery/jquery.uitablefilter.js&scripts[]=tbl_change.js&scripts[]=gis_data_editor.js&scripts[]=multi_column_sort.js&scripts[]=makegrid.js&scripts[]=sql.js&token=d6734be3acf1e4a555b9277c89e7a2c0&call_done=1 HTTP/1.1" 200 151005
127.0.0.1 - - [24/Sep/2023:18:02:14 -0500] "GET /phpmyadmin/index.php?ajax_request=1&recent_table=1&token=d6734be3acf1e4a555b9277c89e7a2c0 HTTP/1.1" 304 -
172.22.2.4 - - [24/Sep/2023:18:00:54 -0500] "GET /BLA/boletinlegal/ HTTP/1.1" 200 47010
172.22.2.4 - - [24/Sep/2023:18:02:00 -0500] "GET /BLA/boletinlegal/ HTTP/1.1" 200 20427
172.22.2.4 - - [24/Sep/2023:18:02:01 -0500] "GET /BLA/boletinlegal/ HTTP/1.1" 200 20427
172.22.2.4 - - [24/Sep/2023:18:02:04 -0500] "GET /BLA/boletinlegal/ HTTP/1.1" 200 20427
216.244.66.195 - - [24/Sep/2023:18:03:01 -0500] "GET /BLA/resoluciones/AUTOS%202023/2770.pdf HTTP/1.1" 200 1074581
216.244.66.195 - - [24/Sep/2023:18:03:52 -0500] "GET /BLA/resoluciones/AUTOS%202023/3319.pdf HTTP/1.1" 200 1005681
186.102.45.170 - - [24/Sep/2023:18:04:06 -0500] "GET /kwssiamovil/sm/acme/a?s=U2FsdGVkX1/7qzI5wWWNIcwnOJl5uFdikt5qF21tiL6U6N7bPXYK5y1FLdVnya2mBxQT/dlzNthh6Be5G90hlkQ9B1UWNoOiWLUggSizu+0o3YpRLmGVHSB9eGbKrd9tvGfESI/SDxTfmTtzBVNWfSUYqoTiDhrnVi6e+pvqz9OWe+GV9em/FKBLtR8RNA1VYXMJtaSjJBKAXfQgq2LyOoOBwuj/gjCtupTQ5WFnwAT5/NtRSKz5iIvk7CLEGcUzcSH8qMeA8Z9wjyXhe7tnEQ==&u=U2FsdGVkX1/2/yjYvw/cG2tXLahNPXhIjgi2dK3BOKs=&y=U2FsdGVkX1+GWMaNOocQzdbkB04Km9MXBXAedgeFdl0= HTTP/1.1" 200 26
