!C99Shell v. 1.0 pre-release build #13!

Software: Apache. PHP/5.5.15 

uname -a: Windows NT SVR-DMZ 6.1 build 7600 (Windows Server 2008 R2 Enterprise Edition) i586 

SYSTEM 

Safe-mode: OFF (not secure)

E:\nuevo\apache\logs\   drwxrwxrwx
Free 9.41 GB of 239.26 GB (3.93%)
Detected drives: [ a ] [ c ] [ d ] [ e ] [ f ]
Home    Back    Forward    UPDIR    Refresh    Search    Buffer    Encoder    Tools    Proc.    FTP brute    Sec.    SQL    PHP-code    Update    Feedback    Self remove    Logout    


Viewing file:     access.2023.09.24.log (710.43 KB)      -rw-rw-rw-
Select action/file-type:
(+) | (+) | (+) | Code (+) | Session (+) | (+) | SDB (+) | (+) | (+) | (+) | (+) | (+) |
216.244.66.195 - - [24/Sep/2023:00:00:03 -0500] "GET /BLA/resoluciones/AUTOS%202020/4842.pdf HTTP/1.1" 200 850689
66.249.70.196 - - [24/Sep/2023:00:00:34 -0500] "GET /BLA/resoluciones/RESOLUCIONES%202017/1888.pdf HTTP/1.1" 200 764804
44.230.252.91 - - [24/Sep/2023:00:00:48 -0500] "GET /robots.txt HTTP/1.1" 404 1018
216.244.66.195 - - [24/Sep/2023:00:00:54 -0500] "GET /BLA/resoluciones/AUTOS%202020/4934.pdf HTTP/1.1" 200 530929
52.25.208.208 - - [24/Sep/2023:00:00:55 -0500] "GET /BLA/resoluciones/ HTTP/1.1" 200 13696
172.22.2.4 - - [24/Sep/2023:00:00:57 -0500] "GET /BLA/boletinlegal/conceptos.php HTTP/1.1" 200 7496
172.22.2.4 - - [24/Sep/2023:00:00:58 -0500] "GET /BLA/boletinlegal/doctrina.php HTTP/1.1" 200 5614
216.245.221.92 - - [24/Sep/2023:00:00:58 -0500] "HEAD / HTTP/1.1" 200 -
172.22.2.4 - - [24/Sep/2023:00:00:59 -0500] "GET /BLA/boletinlegal/normativa.php HTTP/1.1" 200 8343
172.22.2.4 - - [24/Sep/2023:00:01:00 -0500] "GET /BLA/boletinlegal/sugerencias.php HTTP/1.1" 200 8615
172.22.2.4 - - [24/Sep/2023:00:01:01 -0500] "GET /BLA/boletinlegal/jurisprudencia.php HTTP/1.1" 200 17583
216.244.66.195 - - [24/Sep/2023:00:01:33 -0500] "GET /BLA/resoluciones/AUTOS%202020/4946.pdf HTTP/1.1" 200 441424
172.22.2.4 - - [24/Sep/2023:00:00:56 -0500] "GET /BLA/boletinlegal/index.php HTTP/1.1" 200 32715
216.244.66.195 - - [24/Sep/2023:00:02:08 -0500] "GET /BLA/resoluciones/AUTOS%202021/0236.pdf HTTP/1.1" 200 599719
172.22.2.4 - - [24/Sep/2023:00:00:55 -0500] "HEAD /BLA/boletinlegal/ HTTP/1.1" 200 -
216.244.66.195 - - [24/Sep/2023:00:02:46 -0500] "GET /BLA/resoluciones/AUTOS%202021/0337.pdf HTTP/1.1" 200 405778
52.167.144.234 - - [24/Sep/2023:00:03:18 -0500] "GET /inscribete-y-participa-en-el-foro-sobre-la-gestion-de-los-bifenilos-policlorados-en-transformadores-electricos.html HTTP/1.1" 200 931
172.22.2.4 - - [24/Sep/2023:00:01:46 -0500] "GET /BLA/boletinlegal/ HTTP/1.1" 200 57790
216.244.66.195 - - [24/Sep/2023:00:03:28 -0500] "GET /BLA/resoluciones/AUTOS%202021/0618.pdf HTTP/1.1" 200 411378
216.244.66.195 - - [24/Sep/2023:00:03:59 -0500] "GET /BLA/resoluciones/AUTOS%202021/3013.pdf HTTP/1.1" 200 403675
216.244.66.195 - - [24/Sep/2023:00:04:33 -0500] "GET /BLA/resoluciones/AUTOS%202021/3804.pdf HTTP/1.1" 200 349060
201.245.192.253 - - [24/Sep/2023:00:04:38 -0500] "POST /kwsrmcab/Wsrmcab  HTTP/1.1" 200 41265
216.244.66.195 - - [24/Sep/2023:00:05:03 -0500] "GET /BLA/resoluciones/AUTOS%202021/4169.pdf HTTP/1.1" 200 352156
66.249.70.197 - - [24/Sep/2023:00:05:23 -0500] "GET /BLA/resoluciones/RESOLUCIONES%202009/8599.pdf HTTP/1.1" 200 299284
216.244.66.195 - - [24/Sep/2023:00:05:35 -0500] "GET /BLA/resoluciones/AUTOS%202021/4435.pdf HTTP/1.1" 200 383098
216.245.221.92 - - [24/Sep/2023:00:05:58 -0500] "HEAD / HTTP/1.1" 200 -
216.244.66.195 - - [24/Sep/2023:00:06:02 -0500] "GET /BLA/resoluciones/AUTOS%202021/4538.pdf HTTP/1.1" 200 339334
172.22.2.4 - - [24/Sep/2023:00:04:23 -0500] "GET /BLA/boletinlegal/ HTTP/1.1" 200 62795
216.244.66.195 - - [24/Sep/2023:00:06:27 -0500] "GET /BLA/resoluciones/AUTOS%202021/5116.pdf HTTP/1.1" 200 357023
216.244.66.195 - - [24/Sep/2023:00:06:52 -0500] "GET /BLA/resoluciones/AUTOS%202021/5341.pdf HTTP/1.1" 200 370752
216.244.66.195 - - [24/Sep/2023:00:07:15 -0500] "GET /BLA/resoluciones/AUTOS%202021/5603.pdf HTTP/1.1" 200 425397
66.249.70.196 - - [24/Sep/2023:00:07:34 -0500] "GET /BLA/resoluciones/AUTOS%202011/7678.pdf HTTP/1.1" 200 160904
216.244.66.195 - - [24/Sep/2023:00:07:38 -0500] "GET /BLA/resoluciones/AUTOS%202021/5617.pdf HTTP/1.1" 200 367447
216.244.66.195 - - [24/Sep/2023:00:07:59 -0500] "GET /BLA/resoluciones/AUTOS%202022/0200.pdf HTTP/1.1" 200 381659
216.244.66.195 - - [24/Sep/2023:00:08:20 -0500] "GET /BLA/resoluciones/AUTOS%202022/1866.pdf HTTP/1.1" 200 368496
172.22.2.4 - - [24/Sep/2023:00:06:45 -0500] "HEAD /BLA/boletinlegal/ HTTP/1.1" 200 -
216.244.66.195 - - [24/Sep/2023:00:08:40 -0500] "GET /BLA/resoluciones/AUTOS%202022/1885.pdf HTTP/1.1" 200 1321499
216.244.66.195 - - [24/Sep/2023:00:08:59 -0500] "GET /BLA/resoluciones/AUTOS%202022/2013.pdf HTTP/1.1" 200 376365
172.22.2.4 - - [24/Sep/2023:00:07:36 -0500] "GET /BLA/boletinlegal/ HTTP/1.1" 200 58187
216.244.66.195 - - [24/Sep/2023:00:09:16 -0500] "GET /BLA/resoluciones/AUTOS%202022/2015.pdf HTTP/1.1" 200 669983
216.244.66.195 - - [24/Sep/2023:00:09:33 -0500] "GET /BLA/resoluciones/AUTOS%202022/2802.pdf HTTP/1.1" 200 772763
201.245.192.253 - - [24/Sep/2023:00:09:37 -0500] "POST /kwsrmcab/Wsrmcab  HTTP/1.1" 200 41265
216.244.66.195 - - [24/Sep/2023:00:09:49 -0500] "GET /BLA/resoluciones/AUTOS%202022/2955.pdf HTTP/1.1" 200 414028
216.244.66.195 - - [24/Sep/2023:00:10:03 -0500] "GET /BLA/resoluciones/AUTOS%202022/2957.pdf HTTP/1.1" 200 595458
181.59.3.26 - - [24/Sep/2023:00:10:07 -0500] "GET /BLA/resoluciones/index.php?dir=AUTOS+2019%2F HTTP/1.1" 200 385867
181.59.3.26 - - [24/Sep/2023:00:10:10 -0500] "GET /BLA/resoluciones/index.php HTTP/1.1" 200 13696
181.59.3.26 - - [24/Sep/2023:00:10:15 -0500] "GET /BLA/resoluciones/index.php?dir=AUTOS+2018%2F HTTP/1.1" 200 463670
216.244.66.195 - - [24/Sep/2023:00:10:17 -0500] "GET /BLA/resoluciones/AUTOS%202022/3330.pdf HTTP/1.1" 200 1000866
66.249.70.197 - - [24/Sep/2023:00:10:19 -0500] "GET /BLA/resoluciones/Autos%202008/1964.pdf HTTP/1.1" 200 91704
216.244.66.195 - - [24/Sep/2023:00:10:30 -0500] "GET /BLA/resoluciones/AUTOS%202022/3471.pdf HTTP/1.1" 200 394854
216.244.66.195 - - [24/Sep/2023:00:10:42 -0500] "GET /BLA/resoluciones/AUTOS%202022/3502.pdf HTTP/1.1" 200 401418
216.245.221.92 - - [24/Sep/2023:00:10:58 -0500] "HEAD / HTTP/1.1" 200 -
172.22.2.4 - - [24/Sep/2023:00:12:35 -0500] "HEAD /BLA/boletinlegal/ HTTP/1.1" 200 -
216.244.66.195 - - [24/Sep/2023:00:14:28 -0500] "GET /robots.txt HTTP/1.1" 404 1018
157.55.39.15 - - [24/Sep/2023:00:14:31 -0500] "GET /BLA/resoluciones/AUTOS%202023/4257.pdf HTTP/1.1" 200 789876
201.245.192.253 - - [24/Sep/2023:00:14:36 -0500] "POST /kwsrmcab/Wsrmcab  HTTP/1.1" 200 41265
172.22.2.4 - - [24/Sep/2023:00:13:26 -0500] "GET /BLA/boletinlegal/ HTTP/1.1" 200 58187
66.249.70.196 - - [24/Sep/2023:00:15:25 -0500] "GET /BLA/resoluciones/AUTOS%202014/4176.pdf HTTP/1.1" 200 266222
216.245.221.92 - - [24/Sep/2023:00:15:58 -0500] "HEAD / HTTP/1.1" 200 -
66.249.70.196 - - [24/Sep/2023:00:17:51 -0500] "GET /BLA/resoluciones/RESOLUCIONES%202011/3042.pdf HTTP/1.1" 200 708278
201.245.192.253 - - [24/Sep/2023:00:18:35 -0500] "POST /kwsrmcab/Wsrmcab HTTP/1.1" 200 40771
201.245.192.253 - - [24/Sep/2023:00:18:38 -0500] "POST /kwsrmcab/Wsrmcab HTTP/1.1" 200 41252
40.77.167.224 - - [24/Sep/2023:00:18:41 -0500] "GET /Publicaciones/2023EE217179.pdf HTTP/1.1" 200 231907
152.61.192.232 - - [24/Sep/2023:00:18:44 -0500] "GET / HTTP/1.1" 200 319
201.245.192.253 - - [24/Sep/2023:00:19:35 -0500] "POST /kwsrmcab/Wsrmcab  HTTP/1.1" 200 41265
172.22.2.4 - - [24/Sep/2023:00:18:25 -0500] "HEAD /BLA/boletinlegal/ HTTP/1.1" 200 -
172.22.2.4 - - [24/Sep/2023:00:19:16 -0500] "GET /BLA/boletinlegal/ HTTP/1.1" 200 58187
216.245.221.92 - - [24/Sep/2023:00:20:58 -0500] "HEAD / HTTP/1.1" 200 -
66.249.70.196 - - [24/Sep/2023:00:21:11 -0500] "GET /BLA/resoluciones/Notificaciones/AUTOS%202022/1332.pdf HTTP/1.1" 200 361880
44.230.252.91 - - [24/Sep/2023:00:21:15 -0500] "GET /portaldeninos/residuos HTTP/1.1" 301 -
52.25.208.208 - - [24/Sep/2023:00:21:16 -0500] "GET /portaldeninos/biodiversidad HTTP/1.1" 301 -
44.230.252.91 - - [24/Sep/2023:00:21:16 -0500] "GET /portaldeninos/residuos/ HTTP/1.1" 200 87443
52.25.208.208 - - [24/Sep/2023:00:21:17 -0500] "GET /portaldeninos/que-es-cambio-climatico HTTP/1.1" 301 -
52.25.208.208 - - [24/Sep/2023:00:21:17 -0500] "GET /portaldeninos/biodiversidad/ HTTP/1.1" 200 86633
52.25.208.208 - - [24/Sep/2023:00:21:18 -0500] "GET /portaldeninos/que-es-cambio-climatico/ HTTP/1.1" 200 86727
52.25.208.208 - - [24/Sep/2023:00:21:18 -0500] "GET /portaldeninos/tipos-de-arboles-en-bogota/ HTTP/1.1" 200 109802
100.21.24.205 - - [24/Sep/2023:00:21:19 -0500] "GET /portaldeninos/humedal-juan-amarillo-2/ HTTP/1.1" 200 88155
44.230.252.91 - - [24/Sep/2023:00:21:21 -0500] "GET /portaldeninos/agua-y-estructura-ecologica-principal HTTP/1.1" 301 -
52.25.208.208 - - [24/Sep/2023:00:21:20 -0500] "GET /portaldeninos/corresponsal-ambiental/ HTTP/1.1" 200 93768
44.230.252.91 - - [24/Sep/2023:00:21:22 -0500] "GET /portaldeninos/agua-y-estructura-ecologica-principal/ HTTP/1.1" 200 87488
52.25.208.208 - - [24/Sep/2023:00:21:22 -0500] "GET /portaldeninos/humedal-torca-y-guaymaral-2/ HTTP/1.1" 200 88086
100.21.24.205 - - [24/Sep/2023:00:21:23 -0500] "GET /portaldeninos/humedal-la-conejera-2/ HTTP/1.1" 200 88020
44.230.252.91 - - [24/Sep/2023:00:21:25 -0500] "GET /portaldeninos/humedal-la-vaca-2/ HTTP/1.1" 200 87837
44.230.252.91 - - [24/Sep/2023:00:21:26 -0500] "GET /portaldeninos/humedal-tibanica-2/ HTTP/1.1" 200 87771
52.25.208.208 - - [24/Sep/2023:00:21:27 -0500] "GET /portaldeninos/aulas-ambientales/ HTTP/1.1" 200 88416
100.21.24.205 - - [24/Sep/2023:00:21:28 -0500] "GET /portaldeninos/parque-mirador-de-los-nevados/ HTTP/1.1" 200 89855
100.21.24.205 - - [24/Sep/2023:00:21:29 -0500] "GET /portaldeninos/humedal-cordoba-2/ HTTP/1.1" 200 88041
100.21.24.205 - - [24/Sep/2023:00:21:30 -0500] "GET /portaldeninos/humedal-capellania-2/ HTTP/1.1" 200 87949
44.230.252.91 - - [24/Sep/2023:00:21:31 -0500] "GET /portaldeninos/humedal-santa-maria-del-lago/ HTTP/1.1" 200 88988
100.21.24.205 - - [24/Sep/2023:00:21:32 -0500] "GET /portaldeninos/humedal-jaboque-2/ HTTP/1.1" 200 87846
100.21.24.205 - - [24/Sep/2023:00:21:33 -0500] "GET /portaldeninos/humedal-el-burro-2/ HTTP/1.1" 200 87926
52.25.208.208 - - [24/Sep/2023:00:21:34 -0500] "GET /portaldeninos/humedal-el-tunjo/ HTTP/1.1" 200 87661
100.21.24.205 - - [24/Sep/2023:00:21:35 -0500] "GET /portaldeninos/gestion-del-riesgo-incendios-forestales HTTP/1.1" 301 -
100.21.24.205 - - [24/Sep/2023:00:21:36 -0500] "GET /portaldeninos/gestion-del-riesgo-incendios-forestales/ HTTP/1.1" 200 86825
100.21.24.205 - - [24/Sep/2023:00:21:36 -0500] "GET /portaldeninos/relatos-urbanos-de-los-ecosistemas-bogotanos-2/ HTTP/1.1" 200 88374
44.230.252.91 - - [24/Sep/2023:00:21:37 -0500] "GET /portaldeninos/humedales-ramsar/ HTTP/1.1" 200 89255
52.25.208.208 - - [24/Sep/2023:00:21:38 -0500] "GET /portaldeninos/los-arboles/ HTTP/1.1" 200 87546
52.25.208.208 - - [24/Sep/2023:00:21:39 -0500] "GET /portaldeninos/parque-ecologico-distrital-humedal-santa-maria-del-lago/ HTTP/1.1" 200 90199
100.21.24.205 - - [24/Sep/2023:00:21:40 -0500] "GET /portaldeninos/publicidad/ HTTP/1.1" 200 87569
52.25.208.208 - - [24/Sep/2023:00:21:41 -0500] "GET /portaldeninos/aula-ambiental-artistica-itinerante-auambari/ HTTP/1.1" 200 89306
52.25.208.208 - - [24/Sep/2023:00:21:42 -0500] "GET /portaldeninos/contactanos/ HTTP/1.1" 200 88135
100.21.24.205 - - [24/Sep/2023:00:21:43 -0500] "GET /portaldeninos/aulas-ambientales/aula-ambiental-sorotama/ HTTP/1.1" 200 89596
52.25.208.208 - - [24/Sep/2023:00:21:44 -0500] "GET /portaldeninos/glosario/ HTTP/1.1" 200 97198
44.230.252.91 - - [24/Sep/2023:00:21:45 -0500] "GET /portaldeninos/aulas-ambientales-2/parque-ecologico-distrital-de-montana-entrenubes/ HTTP/1.1" 200 90406
100.21.24.205 - - [24/Sep/2023:00:21:47 -0500] "GET /portaldeninos/los-arboles/tips/ HTTP/1.1" 200 87677
52.25.208.208 - - [24/Sep/2023:00:21:48 -0500] "GET /portaldeninos/ruido/ HTTP/1.1" 200 88494
100.21.24.205 - - [24/Sep/2023:00:21:49 -0500] "GET /portaldeninos/fauna/ HTTP/1.1" 200 88429
100.21.24.205 - - [24/Sep/2023:00:21:51 -0500] "GET /portaldeninos/aire/ HTTP/1.1" 200 88215
66.249.70.196 - - [24/Sep/2023:00:21:58 -0500] "GET /BLA/resoluciones/Notificaciones/AUTOS%202021/6493.pdf HTTP/1.1" 200 420689
173.252.83.10 - - [24/Sep/2023:00:24:15 -0500] "GET /images/reunion-planta-termovalorizacion-11-mayo.jpg HTTP/1.1" 200 34782
90.180.137.191 - - [24/Sep/2023:00:24:27 -0500] "GET / HTTP/1.1" 200 319
201.245.192.253 - - [24/Sep/2023:00:24:35 -0500] "POST /kwsrmcab/Wsrmcab  HTTP/1.1" 200 41265
172.22.2.4 - - [24/Sep/2023:00:24:15 -0500] "HEAD /BLA/boletinlegal/ HTTP/1.1" 200 -
216.245.221.92 - - [24/Sep/2023:00:25:58 -0500] "HEAD / HTTP/1.1" 200 -
172.22.2.4 - - [24/Sep/2023:00:25:06 -0500] "GET /BLA/boletinlegal/ HTTP/1.1" 200 60692
66.249.70.196 - - [24/Sep/2023:00:27:14 -0500] "GET /BLA/resoluciones/RESOLUCIONES%202008/3498.pdf HTTP/1.1" 200 388734
66.249.70.198 - - [24/Sep/2023:00:27:16 -0500] "GET /BLA/resoluciones/RESOLUCIONES%202009/3671.pdf HTTP/1.1" 200 145984
201.245.192.253 - - [24/Sep/2023:00:28:36 -0500] "POST /kwsrmcab/Wsrmcab HTTP/1.1" 200 40771
201.245.192.253 - - [24/Sep/2023:00:28:38 -0500] "POST /kwsrmcab/Wsrmcab HTTP/1.1" 200 41252
18.189.157.160 - - [24/Sep/2023:00:28:45 -0500] "GET /ai.txt?t=1695517475.10886 HTTP/1.1" 404 1035
18.189.157.160 - - [24/Sep/2023:00:28:45 -0500] "GET /.well-known/ai.txt?t=1695517475.10886 HTTP/1.1" 404 1035
66.249.70.196 - - [24/Sep/2023:00:28:53 -0500] "GET /BLA/resoluciones/RESOLUCIONES%202012/1132.pdf HTTP/1.1" 200 363833
31.13.115.117 - - [24/Sep/2023:00:29:10 -0500] "GET /images/pieza-voluntariado-ambiental.jpeg HTTP/1.1" 200 51125
201.245.192.253 - - [24/Sep/2023:00:29:33 -0500] "POST /kwsrmcab/Wsrmcab  HTTP/1.1" 200 41265
152.61.128.50 - - [24/Sep/2023:00:29:45 -0500] "GET / HTTP/1.1" 200 319
172.22.2.4 - - [24/Sep/2023:00:30:27 -0500] "GET /BLA/boletinlegal/.env HTTP/1.1" 404 1018
216.245.221.92 - - [24/Sep/2023:00:30:58 -0500] "HEAD / HTTP/1.1" 200 -
172.22.2.4 - - [24/Sep/2023:00:30:28 -0500] "POST /BLA/boletinlegal/ HTTP/1.1" 200 24523
172.22.2.4 - - [24/Sep/2023:00:30:05 -0500] "HEAD /BLA/boletinlegal/ HTTP/1.1" 200 -
207.46.13.154 - - [24/Sep/2023:00:32:13 -0500] "GET /BLA/resoluciones/AUTOS%202023/4232.pdf HTTP/1.1" 200 946986
172.22.2.4 - - [24/Sep/2023:00:30:56 -0500] "GET /BLA/boletinlegal/ HTTP/1.1" 200 58187
201.245.192.253 - - [24/Sep/2023:00:34:33 -0500] "POST /kwsrmcab/Wsrmcab  HTTP/1.1" 200 41265
216.244.66.195 - - [24/Sep/2023:00:35:16 -0500] "GET /BLA/resoluciones/AUTOS%202020/2338.pdf HTTP/1.1" 200 328770
216.244.66.195 - - [24/Sep/2023:00:35:46 -0500] "GET /BLA/resoluciones/AUTOS%202020/2666.pdf HTTP/1.1" 200 323528
40.77.167.255 - - [24/Sep/2023:00:35:56 -0500] "GET /BLA/resoluciones/AUTOS%202023/4299.pdf HTTP/1.1" 200 6088925
216.245.221.92 - - [24/Sep/2023:00:35:58 -0500] "HEAD / HTTP/1.1" 200 -
216.244.66.195 - - [24/Sep/2023:00:36:35 -0500] "GET /BLA/resoluciones/AUTOS%202020/2820.pdf HTTP/1.1" 200 389858
216.244.66.195 - - [24/Sep/2023:00:37:25 -0500] "GET /BLA/resoluciones/AUTOS%202020/2988.pdf HTTP/1.1" 200 378377
172.22.2.4 - - [24/Sep/2023:00:35:55 -0500] "HEAD /BLA/boletinlegal/ HTTP/1.1" 200 -
172.22.2.4 - - [24/Sep/2023:00:37:37 -0500] "GET /BLA/boletinlegal/Circulares/2021/CIRCULAR%20No.%2000009%20DEL%2001%20DE%20OCTUBRE%20DEL%202021.pdf HTTP/1.1" 200 320793
52.167.144.208 - - [24/Sep/2023:00:38:09 -0500] "GET /BLA/resoluciones/RESOLUCIONES%202021/1517.pdf HTTP/1.1" 200 334524
216.244.66.195 - - [24/Sep/2023:00:38:15 -0500] "GET /BLA/resoluciones/AUTOS%202020/3505.pdf HTTP/1.1" 200 380026
172.22.2.4 - - [24/Sep/2023:00:36:46 -0500] "GET /BLA/boletinlegal/ HTTP/1.1" 200 58187
201.245.192.253 - - [24/Sep/2023:00:38:36 -0500] "POST /kwsrmcab/Wsrmcab HTTP/1.1" 200 40771
201.245.192.253 - - [24/Sep/2023:00:38:39 -0500] "POST /kwsrmcab/Wsrmcab HTTP/1.1" 200 41252
216.244.66.195 - - [24/Sep/2023:00:39:04 -0500] "GET /BLA/resoluciones/AUTOS%202020/3528.pdf HTTP/1.1" 200 434995
201.245.192.253 - - [24/Sep/2023:00:39:32 -0500] "POST /kwsrmcab/Wsrmcab  HTTP/1.1" 200 41265
40.77.167.255 - - [24/Sep/2023:00:39:53 -0500] "GET /BLA/resoluciones/AUTOS%202023/3211.pdf HTTP/1.1" 200 355368
216.244.66.195 - - [24/Sep/2023:00:39:53 -0500] "GET /BLA/resoluciones/AUTOS%202020/3610.pdf HTTP/1.1" 200 416265
216.244.66.195 - - [24/Sep/2023:00:40:43 -0500] "GET /BLA/resoluciones/AUTOS%202020/3616.pdf HTTP/1.1" 200 2201429
216.245.221.92 - - [24/Sep/2023:00:40:58 -0500] "HEAD / HTTP/1.1" 200 -
216.244.66.195 - - [24/Sep/2023:00:41:34 -0500] "GET /BLA/resoluciones/AUTOS%202020/3673.pdf HTTP/1.1" 200 332265
216.244.66.195 - - [24/Sep/2023:00:42:26 -0500] "GET /BLA/resoluciones/AUTOS%202020/4231.pdf HTTP/1.1" 200 357424
216.244.66.195 - - [24/Sep/2023:00:43:12 -0500] "GET /BLA/resoluciones/AUTOS%202020/4312.pdf HTTP/1.1" 200 397547
168.151.97.43 - - [24/Sep/2023:00:43:20 -0500] "GET /p4g-es-sin-duda-un-ejemplo-de-que-el-optimismo-es-posible-y-necesario-carolina-urrutia-secretaria-de-ambiente.html HTTP/1.1" 200 934
172.22.2.4 - - [24/Sep/2023:00:41:45 -0500] "HEAD /BLA/boletinlegal/ HTTP/1.1" 200 -
216.244.66.195 - - [24/Sep/2023:00:43:47 -0500] "GET /BLA/resoluciones/AUTOS%202020/4384.pdf HTTP/1.1" 200 364237
40.77.167.28 - - [24/Sep/2023:00:44:15 -0500] "GET /BLA/resoluciones/RESOLUCIONES%202022/5606.pdf HTTP/1.1" 200 465926
172.22.2.4 - - [24/Sep/2023:00:42:36 -0500] "GET /BLA/boletinlegal/ HTTP/1.1" 200 60342
216.244.66.195 - - [24/Sep/2023:00:44:26 -0500] "GET /BLA/resoluciones/AUTOS%202020/4392.pdf HTTP/1.1" 200 401922
201.245.192.253 - - [24/Sep/2023:00:44:31 -0500] "POST /kwsrmcab/Wsrmcab  HTTP/1.1" 200 41265
173.252.107.3 - - [24/Sep/2023:00:44:45 -0500] "GET /secretaria-de-ambiente-presenta-cartilla-con-el-protocolo-para-el-manejo-y-control-de-la-langostilla-de-rio.html HTTP/1.1" 200 857
216.244.66.195 - - [24/Sep/2023:00:45:09 -0500] "GET /BLA/resoluciones/AUTOS%202020/4393.pdf HTTP/1.1" 200 731765
216.245.221.92 - - [24/Sep/2023:00:45:58 -0500] "HEAD / HTTP/1.1" 200 -
216.244.66.195 - - [24/Sep/2023:00:45:59 -0500] "GET /BLA/resoluciones/AUTOS%202020/4675.pdf HTTP/1.1" 200 356299
216.244.66.195 - - [24/Sep/2023:00:46:42 -0500] "GET /BLA/resoluciones/AUTOS%202020/4771.pdf HTTP/1.1" 200 399111
216.244.66.195 - - [24/Sep/2023:00:47:28 -0500] "GET /BLA/resoluciones/AUTOS%202021/0447.pdf HTTP/1.1" 200 410181
216.244.66.195 - - [24/Sep/2023:00:48:14 -0500] "GET /BLA/resoluciones/AUTOS%202021/0500.pdf HTTP/1.1" 200 654424
216.244.66.195 - - [24/Sep/2023:00:49:03 -0500] "GET /BLA/resoluciones/AUTOS%202021/0750.pdf HTTP/1.1" 200 1583751
172.22.2.4 - - [24/Sep/2023:00:47:35 -0500] "HEAD /BLA/boletinlegal/ HTTP/1.1" 200 -
201.245.192.253 - - [24/Sep/2023:00:49:29 -0500] "POST /kwsrmcab/Wsrmcab  HTTP/1.1" 200 41265
66.249.70.197 - - [24/Sep/2023:00:49:41 -0500] "GET /Publicaciones/2022EE310469.pdf HTTP/1.1" 404 228
216.244.66.195 - - [24/Sep/2023:00:49:54 -0500] "GET /BLA/resoluciones/AUTOS%202021/1420.pdf HTTP/1.1" 200 347631
172.22.2.4 - - [24/Sep/2023:00:48:26 -0500] "GET /BLA/boletinlegal/ HTTP/1.1" 200 58187
152.61.192.232 - - [24/Sep/2023:00:50:21 -0500] "GET /arcgis/services/Calidad_del_Agua_WQI/MapServer/WMSServer?request=GetCapabilities&service=WMS HTTP/1.1" 503 1020
152.61.192.232 - - [24/Sep/2023:00:50:22 -0500] "GET /arcgis/services/Calidad_del_Agua_WQI/MapServer/WMSServer?SERVICE=WMS&REQUEST=GetCapabilities HTTP/1.1" 503 1020
152.61.192.232 - - [24/Sep/2023:00:50:22 -0500] "GET /arcgis/services/Calidad_del_Agua_WQI/MapServer/WMSServer?WMTVER=1.0.0&REQUEST=capabilities HTTP/1.1" 503 1020
216.244.66.195 - - [24/Sep/2023:00:50:24 -0500] "GET /BLA/resoluciones/AUTOS%202021/1566.pdf HTTP/1.1" 200 659587
216.245.221.92 - - [24/Sep/2023:00:50:58 -0500] "HEAD / HTTP/1.1" 200 -
100.21.24.205 - - [24/Sep/2023:00:51:05 -0500] "GET /robots.txt HTTP/1.1" 404 1034
216.244.66.195 - - [24/Sep/2023:00:51:09 -0500] "GET /BLA/resoluciones/AUTOS%202021/1870.pdf HTTP/1.1" 200 376311
44.230.252.91 - - [24/Sep/2023:00:51:16 -0500] "GET /cumbre-p4g-soluciones-conjuntas-para-consolidar-ciudades-sostenibles.html HTTP/1.1" 200 780
216.244.66.195 - - [24/Sep/2023:00:51:41 -0500] "GET /BLA/resoluciones/AUTOS%202021/2062.pdf HTTP/1.1" 200 376648
216.244.66.195 - - [24/Sep/2023:00:52:13 -0500] "GET /BLA/resoluciones/AUTOS%202021/2087.pdf HTTP/1.1" 200 383126
168.119.253.13 - - [24/Sep/2023:00:52:42 -0500] "GET / HTTP/1.1" 200 319
216.244.66.195 - - [24/Sep/2023:00:52:51 -0500] "GET /BLA/resoluciones/AUTOS%202021/2330.pdf HTTP/1.1" 200 400612
216.244.66.195 - - [24/Sep/2023:00:53:26 -0500] "GET /BLA/resoluciones/AUTOS%202021/2480.pdf HTTP/1.1" 200 377313
216.244.66.195 - - [24/Sep/2023:00:53:57 -0500] "GET /BLA/resoluciones/AUTOS%202021/2703.pdf HTTP/1.1" 200 470086
216.244.66.195 - - [24/Sep/2023:00:54:27 -0500] "GET /BLA/resoluciones/AUTOS%202021/4083.pdf HTTP/1.1" 200 356884
69.171.249.2 - - [24/Sep/2023:00:54:28 -0500] "GET /images/pieza-voluntariado-ambiental.jpeg HTTP/1.1" 200 51125
201.245.192.253 - - [24/Sep/2023:00:54:28 -0500] "POST /kwsrmcab/Wsrmcab  HTTP/1.1" 200 41265
216.244.66.195 - - [24/Sep/2023:00:54:55 -0500] "GET /BLA/resoluciones/AUTOS%202021/4137.pdf HTTP/1.1" 200 350234
172.22.2.4 - - [24/Sep/2023:00:53:25 -0500] "HEAD /BLA/boletinlegal/ HTTP/1.1" 200 -
216.244.66.195 - - [24/Sep/2023:00:55:23 -0500] "GET /BLA/resoluciones/AUTOS%202021/4278.pdf HTTP/1.1" 200 402693
216.244.66.195 - - [24/Sep/2023:00:55:49 -0500] "GET /BLA/resoluciones/AUTOS%202021/4516.pdf HTTP/1.1" 200 372844
172.22.2.4 - - [24/Sep/2023:00:54:16 -0500] "GET /BLA/boletinlegal/ HTTP/1.1" 200 60692
216.245.221.92 - - [24/Sep/2023:00:55:58 -0500] "HEAD / HTTP/1.1" 200 -
216.244.66.195 - - [24/Sep/2023:00:56:15 -0500] "GET /BLA/resoluciones/AUTOS%202021/4548.pdf HTTP/1.1" 200 428359
69.63.189.120 - - [24/Sep/2023:00:56:20 -0500] "GET /images/Zuque%20(1)%20(1).jpeg HTTP/1.1" 200 66921
69.63.189.116 - - [24/Sep/2023:00:56:23 -0500] "GET /images/pieza-voluntariado-ambiental.jpeg HTTP/1.1" 200 51125
216.244.66.195 - - [24/Sep/2023:00:56:39 -0500] "GET /BLA/resoluciones/AUTOS%202021/5014.pdf HTTP/1.1" 200 448822
52.167.144.25 - - [24/Sep/2023:00:56:45 -0500] "GET /BLA/resoluciones/AUTOS%202023/3076.pdf HTTP/1.1" 200 920431
216.244.66.195 - - [24/Sep/2023:00:57:03 -0500] "GET /BLA/resoluciones/AUTOS%202021/5117.pdf HTTP/1.1" 200 366273
216.244.66.195 - - [24/Sep/2023:00:57:25 -0500] "GET /BLA/resoluciones/AUTOS%202021/5122.pdf HTTP/1.1" 200 389203
216.244.66.195 - - [24/Sep/2023:00:57:47 -0500] "GET /BLA/resoluciones/AUTOS%202021/5231.pdf HTTP/1.1" 200 512536
172.22.2.4 - - [24/Sep/2023:00:58:07 -0500] "GET /BLA/boletinlegal/Directivas/2018/Directiva%20No.%2027%20del%2028%20de%20diciembre%20de%202018.pdf HTTP/1.1" 200 2831879
216.244.66.195 - - [24/Sep/2023:00:58:08 -0500] "GET /BLA/resoluciones/AUTOS%202021/5321.pdf HTTP/1.1" 200 522488
201.245.192.253 - - [24/Sep/2023:00:59:27 -0500] "POST /kwsrmcab/Wsrmcab  HTTP/1.1" 200 41265
66.249.70.196 - - [24/Sep/2023:01:00:41 -0500] "GET /BLA/resoluciones/Notificaciones/RESOLUCIONES%202022/4733.pdf HTTP/1.1" 304 -
172.22.2.4 - - [24/Sep/2023:00:59:15 -0500] "HEAD /BLA/boletinlegal/ HTTP/1.1" 200 -
216.245.221.92 - - [24/Sep/2023:01:00:58 -0500] "HEAD / HTTP/1.1" 200 -
172.22.2.4 - - [24/Sep/2023:01:00:06 -0500] "GET /BLA/boletinlegal/ HTTP/1.1" 200 58597
216.244.66.195 - - [24/Sep/2023:01:02:06 -0500] "GET /robots.txt HTTP/1.1" 404 1018
201.245.192.253 - - [24/Sep/2023:01:04:26 -0500] "POST /kwsrmcab/Wsrmcab  HTTP/1.1" 200 41265
172.22.2.4 - - [24/Sep/2023:01:04:57 -0500] "GET /BLA/boletinlegal/Directivas/2011/Directiva%20No.%2010%20del%2028%20de%20Septiembre%20de%202011.pdf HTTP/1.1" 200 465887
198.235.24.58 - - [24/Sep/2023:01:05:27 -0500] "GET / HTTP/1.1" 200 319
216.245.221.92 - - [24/Sep/2023:01:05:58 -0500] "HEAD / HTTP/1.1" 200 -
172.22.2.4 - - [24/Sep/2023:01:05:05 -0500] "HEAD /BLA/boletinlegal/ HTTP/1.1" 200 -
172.22.2.4 - - [24/Sep/2023:01:05:56 -0500] "GET /BLA/boletinlegal/ HTTP/1.1" 200 58597
34.174.152.29 - - [24/Sep/2023:01:09:25 -0500] "HEAD /BLA/resoluciones/RESOLUCIONES%202017/0520.pdf HTTP/1.1" 200 -
201.245.192.253 - - [24/Sep/2023:01:09:25 -0500] "POST /kwsrmcab/Wsrmcab  HTTP/1.1" 200 41265
173.252.107.116 - - [24/Sep/2023:01:10:09 -0500] "GET /habilitado-nuevo-camino-para-recorrer-los-cerros-guadalupe-aguanoso.html HTTP/1.1" 200 837
66.249.66.194 - - [24/Sep/2023:01:10:29 -0500] "GET /inscribete-en-este-proceso-de-formacion-para-ser-un-lider-o-una-lideresa-ambiental-en-tu-localidad.html HTTP/1.1" 304 -
216.245.221.92 - - [24/Sep/2023:01:10:58 -0500] "HEAD / HTTP/1.1" 200 -
172.22.2.4 - - [24/Sep/2023:01:10:55 -0500] "HEAD /BLA/boletinlegal/ HTTP/1.1" 200 -
172.22.2.4 - - [24/Sep/2023:01:11:46 -0500] "GET /BLA/boletinlegal/ HTTP/1.1" 200 60692
201.245.192.253 - - [24/Sep/2023:01:14:24 -0500] "POST /kwsrmcab/Wsrmcab  HTTP/1.1" 200 41265
216.245.221.92 - - [24/Sep/2023:01:15:58 -0500] "HEAD / HTTP/1.1" 200 -
157.55.39.12 - - [24/Sep/2023:01:16:37 -0500] "GET /Publicaciones/2023EE218962.pdf HTTP/1.1" 200 232026
40.77.167.1 - - [24/Sep/2023:01:16:52 -0500] "GET /BLA/resoluciones/RESOLUCIONES%202021/4080.pdf HTTP/1.1" 304 -
172.22.2.4 - - [24/Sep/2023:01:16:45 -0500] "HEAD /BLA/boletinlegal/ HTTP/1.1" 200 -
201.245.192.253 - - [24/Sep/2023:01:18:36 -0500] "POST /kwsrmcab/Wsrmcab HTTP/1.1" 200 41231
201.245.192.253 - - [24/Sep/2023:01:18:39 -0500] "POST /kwsrmcab/Wsrmcab HTTP/1.1" 200 41249
172.22.2.4 - - [24/Sep/2023:01:17:36 -0500] "GET /BLA/boletinlegal/ HTTP/1.1" 200 60342
201.245.192.253 - - [24/Sep/2023:01:19:23 -0500] "POST /kwsrmcab/Wsrmcab  HTTP/1.1" 200 41265
216.244.66.195 - - [24/Sep/2023:01:20:19 -0500] "GET /BLA/resoluciones/AUTOS%202020/1302.pdf HTTP/1.1" 200 350501
216.245.221.92 - - [24/Sep/2023:01:20:58 -0500] "HEAD / HTTP/1.1" 200 -
216.244.66.195 - - [24/Sep/2023:01:21:01 -0500] "GET /BLA/resoluciones/AUTOS%202020/1441.pdf HTTP/1.1" 200 651173
216.244.66.195 - - [24/Sep/2023:01:21:51 -0500] "GET /BLA/resoluciones/AUTOS%202020/1573.pdf HTTP/1.1" 200 1351700
216.244.66.195 - - [24/Sep/2023:01:22:42 -0500] "GET /BLA/resoluciones/AUTOS%202020/1583.pdf HTTP/1.1" 200 406393
216.244.66.195 - - [24/Sep/2023:01:23:32 -0500] "GET /BLA/resoluciones/AUTOS%202020/1603.pdf HTTP/1.1" 200 470231
172.22.2.4 - - [24/Sep/2023:01:22:35 -0500] "HEAD /BLA/boletinlegal/ HTTP/1.1" 200 -
216.244.66.195 - - [24/Sep/2023:01:24:22 -0500] "GET /BLA/resoluciones/AUTOS%202020/1985.pdf HTTP/1.1" 200 373206
201.245.192.253 - - [24/Sep/2023:01:24:22 -0500] "POST /kwsrmcab/Wsrmcab  HTTP/1.1" 200 41265
172.22.2.4 - - [24/Sep/2023:01:23:26 -0500] "GET /BLA/boletinlegal/ HTTP/1.1" 200 60692
216.244.66.195 - - [24/Sep/2023:01:25:20 -0500] "GET /BLA/resoluciones/AUTOS%202020/2201.pdf HTTP/1.1" 200 359149
216.245.221.92 - - [24/Sep/2023:01:25:58 -0500] "HEAD / HTTP/1.1" 200 -
216.244.66.195 - - [24/Sep/2023:01:26:05 -0500] "GET /BLA/resoluciones/AUTOS%202020/2288.pdf HTTP/1.1" 200 329814
216.244.66.195 - - [24/Sep/2023:01:26:50 -0500] "GET /BLA/resoluciones/AUTOS%202020/2569.pdf HTTP/1.1" 200 365693
216.244.66.195 - - [24/Sep/2023:01:27:35 -0500] "GET /BLA/resoluciones/AUTOS%202020/2821.pdf HTTP/1.1" 200 377243
216.244.66.195 - - [24/Sep/2023:01:28:26 -0500] "GET /BLA/resoluciones/AUTOS%202020/3044.pdf HTTP/1.1" 200 264226
201.245.192.253 - - [24/Sep/2023:01:28:35 -0500] "POST /kwsrmcab/Wsrmcab HTTP/1.1" 200 41231
201.245.192.253 - - [24/Sep/2023:01:28:38 -0500] "POST /kwsrmcab/Wsrmcab HTTP/1.1" 200 41249
216.244.66.195 - - [24/Sep/2023:01:29:09 -0500] "GET /BLA/resoluciones/AUTOS%202020/3701.pdf HTTP/1.1" 200 340606
201.245.192.253 - - [24/Sep/2023:01:29:21 -0500] "POST /kwsrmcab/Wsrmcab  HTTP/1.1" 200 41265
216.244.66.195 - - [24/Sep/2023:01:29:48 -0500] "GET /BLA/resoluciones/AUTOS%202020/3999.pdf HTTP/1.1" 200 382783
172.22.2.4 - - [24/Sep/2023:01:28:25 -0500] "HEAD /BLA/boletinlegal/ HTTP/1.1" 200 -
216.244.66.195 - - [24/Sep/2023:01:30:31 -0500] "GET /BLA/resoluciones/AUTOS%202020/4285.pdf HTTP/1.1" 200 409831
172.22.2.4 - - [24/Sep/2023:01:29:15 -0500] "GET /BLA/boletinlegal/ HTTP/1.1" 200 60692
216.245.221.92 - - [24/Sep/2023:01:30:58 -0500] "HEAD / HTTP/1.1" 200 -
216.244.66.195 - - [24/Sep/2023:01:31:10 -0500] "GET /BLA/resoluciones/AUTOS%202020/4355.pdf HTTP/1.1" 200 388667
216.244.66.195 - - [24/Sep/2023:01:31:50 -0500] "GET /BLA/resoluciones/AUTOS%202020/4419.pdf HTTP/1.1" 200 405550
216.244.66.195 - - [24/Sep/2023:01:32:32 -0500] "GET /BLA/resoluciones/AUTOS%202020/4653.pdf HTTP/1.1" 200 328899
216.244.66.195 - - [24/Sep/2023:01:33:02 -0500] "GET /BLA/resoluciones/AUTOS%202021/0088.pdf HTTP/1.1" 200 374963
40.77.167.77 - - [24/Sep/2023:01:33:53 -0500] "GET /BLA/resoluciones/AUTOS%202023/4212.pdf HTTP/1.1" 200 417304
216.244.66.195 - - [24/Sep/2023:01:33:42 -0500] "GET /BLA/resoluciones/AUTOS%202021/0245.php HTTP/1.1" 200 2563845
201.245.192.253 - - [24/Sep/2023:01:34:20 -0500] "POST /kwsrmcab/Wsrmcab  HTTP/1.1" 200 41265
216.244.66.195 - - [24/Sep/2023:01:34:27 -0500] "GET /BLA/resoluciones/AUTOS%202021/0249.pdf HTTP/1.1" 200 392723
216.244.66.195 - - [24/Sep/2023:01:34:59 -0500] "GET /BLA/resoluciones/AUTOS%202021/0427.pdf HTTP/1.1" 200 430285
172.22.2.4 - - [24/Sep/2023:01:35:07 -0500] "GET /BLA/boletinlegal/robots.txt HTTP/1.1" 404 1038
216.244.66.195 - - [24/Sep/2023:01:35:37 -0500] "GET /BLA/resoluciones/AUTOS%202021/1282.pdf HTTP/1.1" 200 899265
40.77.167.63 - - [24/Sep/2023:01:35:40 -0500] "GET /BLA/resoluciones/AUTOS%202023/3099.pdf HTTP/1.1" 200 728997
172.22.2.4 - - [24/Sep/2023:01:34:15 -0500] "HEAD /BLA/boletinlegal/ HTTP/1.1" 200 -
216.245.221.92 - - [24/Sep/2023:01:35:58 -0500] "HEAD / HTTP/1.1" 200 -
216.244.66.195 - - [24/Sep/2023:01:36:08 -0500] "GET /BLA/resoluciones/AUTOS%202021/1408.pdf HTTP/1.1" 200 383200
216.244.66.195 - - [24/Sep/2023:01:36:37 -0500] "GET /BLA/resoluciones/AUTOS%202021/1559.pdf HTTP/1.1" 200 529354
172.22.2.4 - - [24/Sep/2023:01:35:05 -0500] "GET /BLA/boletinlegal/ HTTP/1.1" 200 49296
172.22.2.4 - - [24/Sep/2023:01:35:08 -0500] "GET /BLA/boletinlegal/index.php HTTP/1.1" 200 49296
216.244.66.195 - - [24/Sep/2023:01:37:09 -0500] "GET /BLA/resoluciones/AUTOS%202021/1624.pdf HTTP/1.1" 200 564762
216.244.66.195 - - [24/Sep/2023:01:37:37 -0500] "GET /BLA/resoluciones/AUTOS%202021/1646.pdf HTTP/1.1" 200 539222
216.244.66.195 - - [24/Sep/2023:01:38:03 -0500] "GET /BLA/resoluciones/AUTOS%202021/1683.pdf HTTP/1.1" 200 418367
216.244.66.195 - - [24/Sep/2023:01:38:29 -0500] "GET /BLA/resoluciones/AUTOS%202021/1780.pdf HTTP/1.1" 200 361283
201.245.192.253 - - [24/Sep/2023:01:38:35 -0500] "POST /kwsrmcab/Wsrmcab HTTP/1.1" 200 41231
201.245.192.253 - - [24/Sep/2023:01:38:38 -0500] "POST /kwsrmcab/Wsrmcab HTTP/1.1" 200 41249
216.244.66.195 - - [24/Sep/2023:01:38:53 -0500] "GET /BLA/resoluciones/AUTOS%202021/2416.pdf HTTP/1.1" 200 395249
216.244.66.195 - - [24/Sep/2023:01:39:17 -0500] "GET /BLA/resoluciones/AUTOS%202021/2699.pdf HTTP/1.1" 200 364694
201.245.192.253 - - [24/Sep/2023:01:39:18 -0500] "POST /kwsrmcab/Wsrmcab  HTTP/1.1" 200 41265
216.244.66.195 - - [24/Sep/2023:01:39:40 -0500] "GET /BLA/resoluciones/AUTOS%202021/3225.pdf HTTP/1.1" 200 317453
216.244.66.195 - - [24/Sep/2023:01:40:01 -0500] "GET /BLA/resoluciones/AUTOS%202021/3272.pdf HTTP/1.1" 200 383825
216.244.66.195 - - [24/Sep/2023:01:40:22 -0500] "GET /BLA/resoluciones/AUTOS%202021/3741.pdf HTTP/1.1" 200 377270
216.244.66.195 - - [24/Sep/2023:01:40:42 -0500] "GET /BLA/resoluciones/AUTOS%202021/4752.pdf HTTP/1.1" 200 626997
216.245.221.92 - - [24/Sep/2023:01:40:58 -0500] "HEAD / HTTP/1.1" 200 -
216.244.66.195 - - [24/Sep/2023:01:41:01 -0500] "GET /BLA/resoluciones/AUTOS%202021/5610.pdf HTTP/1.1" 200 397290
216.244.66.195 - - [24/Sep/2023:01:41:19 -0500] "GET /BLA/resoluciones/AUTOS%202022/0197.pdf HTTP/1.1" 200 422399
152.61.128.50 - - [24/Sep/2023:01:41:27 -0500] "GET /arcgis/services/Calidad_del_Agua_WQI/MapServer/WMSServer?request=GetCapabilities&service=WMS HTTP/1.1" 503 1020
152.61.128.50 - - [24/Sep/2023:01:41:28 -0500] "GET /arcgis/services/Calidad_del_Agua_WQI/MapServer/WMSServer?SERVICE=WMS&REQUEST=GetCapabilities HTTP/1.1" 503 1020
152.61.128.50 - - [24/Sep/2023:01:41:28 -0500] "GET /arcgis/services/Calidad_del_Agua_WQI/MapServer/WMSServer?WMTVER=1.0.0&REQUEST=capabilities HTTP/1.1" 503 1020
216.244.66.195 - - [24/Sep/2023:01:41:38 -0500] "GET /BLA/resoluciones/AUTOS%202022/0506.pdf HTTP/1.1" 200 382949
172.22.2.4 - - [24/Sep/2023:01:40:05 -0500] "HEAD /BLA/boletinlegal/ HTTP/1.1" 200 -
216.244.66.195 - - [24/Sep/2023:01:41:53 -0500] "GET /BLA/resoluciones/AUTOS%202022/0756.pdf HTTP/1.1" 200 433319
216.244.66.195 - - [24/Sep/2023:01:42:08 -0500] "GET /BLA/resoluciones/AUTOS%202022/0805.pdf HTTP/1.1" 200 379760
216.244.66.195 - - [24/Sep/2023:01:42:21 -0500] "GET /BLA/resoluciones/AUTOS%202022/0810.pdf HTTP/1.1" 200 415747
216.244.66.195 - - [24/Sep/2023:01:42:34 -0500] "GET /BLA/resoluciones/AUTOS%202022/0833.pdf HTTP/1.1" 200 379079
172.22.2.4 - - [24/Sep/2023:01:40:56 -0500] "GET /BLA/boletinlegal/ HTTP/1.1" 200 60692
216.244.66.195 - - [24/Sep/2023:01:42:45 -0500] "GET /BLA/resoluciones/AUTOS%202022/1284.pdf HTTP/1.1" 200 363858
216.244.66.195 - - [24/Sep/2023:01:42:56 -0500] "GET /BLA/resoluciones/AUTOS%202022/1324.pdf HTTP/1.1" 200 412747
216.244.66.195 - - [24/Sep/2023:01:43:05 -0500] "GET /BLA/resoluciones/AUTOS%202022/1838.pdf HTTP/1.1" 200 328853
216.244.66.195 - - [24/Sep/2023:01:43:14 -0500] "GET /BLA/resoluciones/AUTOS%202022/1869.pdf HTTP/1.1" 200 383718
216.244.66.195 - - [24/Sep/2023:01:43:21 -0500] "GET /BLA/resoluciones/AUTOS%202022/1976.pdf HTTP/1.1" 200 408837
216.244.66.195 - - [24/Sep/2023:01:43:28 -0500] "GET /BLA/resoluciones/AUTOS%202022/2564.pdf HTTP/1.1" 200 501724
216.244.66.195 - - [24/Sep/2023:01:43:34 -0500] "GET /BLA/resoluciones/AUTOS%202022/2744.pdf HTTP/1.1" 200 410966
216.244.66.195 - - [24/Sep/2023:01:43:39 -0500] "GET /BLA/resoluciones/AUTOS%202022/2816.pdf HTTP/1.1" 200 1172393
216.244.66.195 - - [24/Sep/2023:01:43:45 -0500] "GET /BLA/resoluciones/AUTOS%202022/2870.pdf HTTP/1.1" 200 382083
216.244.66.195 - - [24/Sep/2023:01:43:50 -0500] "GET /BLA/resoluciones/AUTOS%202022/3020.pdf HTTP/1.1" 200 557828
216.244.66.195 - - [24/Sep/2023:01:43:54 -0500] "GET /BLA/resoluciones/AUTOS%202022/3700.pdf HTTP/1.1" 200 772853
216.244.66.195 - - [24/Sep/2023:01:43:58 -0500] "GET /BLA/resoluciones/AUTOS%202022/3754.pdf HTTP/1.1" 200 416617
216.244.66.195 - - [24/Sep/2023:01:44:01 -0500] "GET /BLA/resoluciones/AUTOS%202022/4097.pdf HTTP/1.1" 200 353767
216.244.66.195 - - [24/Sep/2023:01:44:05 -0500] "GET /BLA/resoluciones/AUTOS%202022/4230.pdf HTTP/1.1" 200 355202
216.244.66.195 - - [24/Sep/2023:01:44:08 -0500] "GET /BLA/resoluciones/AUTOS%202022/4477.pdf HTTP/1.1" 200 1039629
173.252.83.120 - - [24/Sep/2023:01:44:13 -0500] "GET /participa-en-la-convocatoria-para-el-aseguramiento-metrologico-de-la-red-de-monitoreo-de-calidad-del-aire-de-bogota.html HTTP/1.1" 200 848
216.244.66.195 - - [24/Sep/2023:01:44:17 -0500] "GET /BLA/resoluciones/AUTOS%202022/4520.pdf HTTP/1.1" 200 392427
201.245.192.253 - - [24/Sep/2023:01:44:17 -0500] "POST /kwsrmcab/Wsrmcab  HTTP/1.1" 200 41265
216.244.66.195 - - [24/Sep/2023:01:44:23 -0500] "GET /BLA/resoluciones/AUTOS%202022/4556.pdf HTTP/1.1" 200 361555
216.244.66.195 - - [24/Sep/2023:01:44:31 -0500] "GET /BLA/resoluciones/AUTOS%202022/4799.pdf HTTP/1.1" 200 2838794
216.244.66.195 - - [24/Sep/2023:01:44:47 -0500] "GET /BLA/resoluciones/AUTOS%202022/5099.pdf HTTP/1.1" 200 402138
216.244.66.195 - - [24/Sep/2023:01:44:57 -0500] "GET /BLA/resoluciones/AUTOS%202022/5418.pdf HTTP/1.1" 200 373943
216.244.66.195 - - [24/Sep/2023:01:45:06 -0500] "GET /BLA/resoluciones/AUTOS%202023/0077.pdf HTTP/1.1" 200 390626
216.244.66.195 - - [24/Sep/2023:01:45:13 -0500] "GET /BLA/resoluciones/AUTOS%202023/0171.pdf HTTP/1.1" 200 479717
216.244.66.195 - - [24/Sep/2023:01:45:20 -0500] "GET /BLA/resoluciones/AUTOS%202023/0491.pdf HTTP/1.1" 200 391639
52.167.144.167 - - [24/Sep/2023:01:45:33 -0500] "GET /BLA/resoluciones/AUTOS%202023/4195.pdf HTTP/1.1" 200 422513
216.245.221.92 - - [24/Sep/2023:01:45:58 -0500] "HEAD / HTTP/1.1" 200 -
172.22.2.4 - - [24/Sep/2023:01:45:55 -0500] "HEAD /BLA/boletinlegal/ HTTP/1.1" 200 -
79.110.62.34 - - [24/Sep/2023:01:48:03 -0500] "GET / HTTP/1.1" 200 319
172.22.2.4 - - [24/Sep/2023:01:46:45 -0500] "GET /BLA/boletinlegal/ HTTP/1.1" 200 60692
40.77.167.22 - - [24/Sep/2023:01:48:36 -0500] "GET /portaldeninos/author/marcela-reyes/page/2/ HTTP/1.1" 200 93336
216.244.66.195 - - [24/Sep/2023:01:48:56 -0500] "GET /robots.txt HTTP/1.1" 404 1018
157.55.39.49 - - [24/Sep/2023:01:49:00 -0500] "GET /BLA/resoluciones/AUTOS%202023/3082.pdf HTTP/1.1" 200 907110
201.245.192.253 - - [24/Sep/2023:01:49:16 -0500] "POST /kwsrmcab/Wsrmcab  HTTP/1.1" 200 41265
181.59.3.26 - - [24/Sep/2023:01:50:08 -0500] "GET /BLA/resoluciones/index.php HTTP/1.1" 200 13696
181.59.3.26 - - [24/Sep/2023:01:50:11 -0500] "GET /BLA/resoluciones/index.php?dir=AUTOS+2012%2F HTTP/1.1" 200 276641
216.245.221.92 - - [24/Sep/2023:01:50:58 -0500] "HEAD / HTTP/1.1" 200 -
40.77.167.49 - - [24/Sep/2023:01:51:07 -0500] "GET /alianza-entre-secretaria-de-ambiente-y-universidad-piloto-para-capacitar-y-fortalecer-a-las-mujeres-que-reverdecen.html HTTP/1.1" 200 950
172.22.2.4 - - [24/Sep/2023:01:51:45 -0500] "HEAD /BLA/boletinlegal/ HTTP/1.1" 200 -
172.22.2.4 - - [24/Sep/2023:01:52:35 -0500] "GET /BLA/boletinlegal/ HTTP/1.1" 200 60692
201.245.192.253 - - [24/Sep/2023:01:54:15 -0500] "POST /kwsrmcab/Wsrmcab  HTTP/1.1" 200 41265
213.180.203.108 - - [24/Sep/2023:01:55:14 -0500] "GET /robots.txt HTTP/1.1" 404 1035
213.180.203.152 - - [24/Sep/2023:01:55:14 -0500] "GET /portaldeninos/ HTTP/1.1" 200 110175
216.245.221.92 - - [24/Sep/2023:01:55:58 -0500] "HEAD / HTTP/1.1" 200 -
157.55.39.51 - - [24/Sep/2023:01:56:40 -0500] "GET /BLA/resoluciones/AUTOS%202023/3171.pdf HTTP/1.1" 200 890698
172.22.2.4 - - [24/Sep/2023:01:57:35 -0500] "HEAD /BLA/boletinlegal/ HTTP/1.1" 200 -
201.245.192.253 - - [24/Sep/2023:01:59:14 -0500] "POST /kwsrmcab/Wsrmcab  HTTP/1.1" 200 41265
40.77.167.143 - - [24/Sep/2023:01:59:37 -0500] "GET /BLA/resoluciones/AUTOS%202023/3118.pdf HTTP/1.1" 200 2702815
172.22.2.4 - - [24/Sep/2023:01:58:26 -0500] "GET /BLA/boletinlegal/ HTTP/1.1" 200 60342
157.55.39.11 - - [24/Sep/2023:02:00:42 -0500] "GET /BLA/resoluciones/AUTOS%202023/4219.pdf HTTP/1.1" 200 449471
216.245.221.92 - - [24/Sep/2023:02:00:58 -0500] "HEAD / HTTP/1.1" 200 -
40.77.167.30 - - [24/Sep/2023:02:02:00 -0500] "GET /BLA/resoluciones/AUTOS%202023/4229.pdf HTTP/1.1" 200 751103
201.245.192.253 - - [24/Sep/2023:02:04:13 -0500] "POST /kwsrmcab/Wsrmcab  HTTP/1.1" 200 41265
157.55.39.59 - - [24/Sep/2023:02:04:43 -0500] "GET /Publicaciones/2023EE217009.pdf HTTP/1.1" 200 343256
172.22.2.4 - - [24/Sep/2023:02:03:25 -0500] "HEAD /BLA/boletinlegal/ HTTP/1.1" 200 -
40.77.167.30 - - [24/Sep/2023:02:05:10 -0500] "GET /BLA/resoluciones/AUTOS%202023/3121.pdf HTTP/1.1" 200 1947780
216.244.66.195 - - [24/Sep/2023:02:05:23 -0500] "GET /BLA/resoluciones/AUTOS%202020/2316.pdf HTTP/1.1" 200 334376
216.244.66.195 - - [24/Sep/2023:02:05:53 -0500] "GET /BLA/resoluciones/AUTOS%202020/2383.pdf HTTP/1.1" 200 322257
172.22.2.4 - - [24/Sep/2023:02:04:15 -0500] "GET /BLA/boletinlegal/ HTTP/1.1" 200 60692
216.245.221.92 - - [24/Sep/2023:02:05:58 -0500] "HEAD / HTTP/1.1" 200 -
216.244.66.195 - - [24/Sep/2023:02:06:41 -0500] "GET /BLA/resoluciones/AUTOS%202020/3604.pdf HTTP/1.1" 200 383313
201.244.243.82 - - [24/Sep/2023:02:07:28 -0500] "GET /BLA/resoluciones/RESOLUCIONES%202021/1865.pdf HTTP/1.1" 200 466582
216.244.66.195 - - [24/Sep/2023:02:07:30 -0500] "GET /BLA/resoluciones/AUTOS%202020/4035.pdf HTTP/1.1" 200 378092
216.244.66.195 - - [24/Sep/2023:02:08:21 -0500] "GET /BLA/resoluciones/AUTOS%202020/4474.pdf HTTP/1.1" 200 393025
162.55.166.12 - - [24/Sep/2023:02:08:39 -0500] "GET / HTTP/1.1" 200 319
216.244.66.195 - - [24/Sep/2023:02:09:06 -0500] "GET /BLA/resoluciones/AUTOS%202020/4518.pdf HTTP/1.1" 200 395663
201.245.192.253 - - [24/Sep/2023:02:09:12 -0500] "POST /kwsrmcab/Wsrmcab  HTTP/1.1" 200 41265
216.244.66.195 - - [24/Sep/2023:02:09:54 -0500] "GET /BLA/resoluciones/AUTOS%202021/0229.pdf HTTP/1.1" 200 532238
216.244.66.195 - - [24/Sep/2023:02:10:44 -0500] "GET /BLA/resoluciones/AUTOS%202021/0340.pdf HTTP/1.1" 200 1006321
172.22.2.4 - - [24/Sep/2023:02:09:15 -0500] "HEAD /BLA/boletinlegal/ HTTP/1.1" 200 -
216.245.221.92 - - [24/Sep/2023:02:10:58 -0500] "HEAD / HTTP/1.1" 200 -
216.244.66.195 - - [24/Sep/2023:02:11:34 -0500] "GET /BLA/resoluciones/AUTOS%202021/0461.pdf HTTP/1.1" 200 431829
172.22.2.4 - - [24/Sep/2023:02:10:05 -0500] "GET /BLA/boletinlegal/ HTTP/1.1" 200 58187
216.244.66.195 - - [24/Sep/2023:02:12:24 -0500] "GET /BLA/resoluciones/AUTOS%202021/0660.pdf HTTP/1.1" 200 334098
216.244.66.195 - - [24/Sep/2023:02:13:13 -0500] "GET /BLA/resoluciones/AUTOS%202021/0967.pdf HTTP/1.1" 200 403670
216.244.66.195 - - [24/Sep/2023:02:13:58 -0500] "GET /BLA/resoluciones/AUTOS%202021/1401.pdf HTTP/1.1" 200 374600
201.245.192.253 - - [24/Sep/2023:02:14:11 -0500] "POST /kwsrmcab/Wsrmcab  HTTP/1.1" 200 41265
216.244.66.195 - - [24/Sep/2023:02:14:45 -0500] "GET /BLA/resoluciones/AUTOS%202021/1476.pdf HTTP/1.1" 200 826847
216.244.66.195 - - [24/Sep/2023:02:15:35 -0500] "GET /BLA/resoluciones/AUTOS%202021/1621.pdf HTTP/1.1" 200 351565
216.245.221.92 - - [24/Sep/2023:02:15:58 -0500] "HEAD / HTTP/1.1" 200 -
216.244.66.195 - - [24/Sep/2023:02:16:22 -0500] "GET /BLA/resoluciones/AUTOS%202021/1908.pdf HTTP/1.1" 200 458659
52.167.144.139 - - [24/Sep/2023:02:16:30 -0500] "GET /portaldeninos/parque-mirador-de-los-nevados/ HTTP/1.1" 200 89855
172.22.2.4 - - [24/Sep/2023:02:15:05 -0500] "HEAD /BLA/boletinlegal/ HTTP/1.1" 200 -
52.167.144.178 - - [24/Sep/2023:02:16:57 -0500] "GET /BLA/resoluciones/AUTOS%202023/4248.pdf HTTP/1.1" 200 938807
216.244.66.195 - - [24/Sep/2023:02:17:08 -0500] "GET /BLA/resoluciones/AUTOS%202021/2681.pdf HTTP/1.1" 200 371004
172.22.2.4 - - [24/Sep/2023:02:15:55 -0500] "GET /BLA/boletinlegal/ HTTP/1.1" 200 58187
216.244.66.195 - - [24/Sep/2023:02:17:39 -0500] "GET /BLA/resoluciones/AUTOS%202021/3196.pdf HTTP/1.1" 200 1496517
216.244.66.195 - - [24/Sep/2023:02:18:29 -0500] "GET /BLA/resoluciones/AUTOS%202021/3271.pdf HTTP/1.1" 200 363481
201.245.192.253 - - [24/Sep/2023:02:18:35 -0500] "POST /kwsrmcab/Wsrmcab HTTP/1.1" 200 41077
201.245.192.253 - - [24/Sep/2023:02:18:38 -0500] "POST /kwsrmcab/Wsrmcab HTTP/1.1" 200 41253
66.249.66.192 - - [24/Sep/2023:02:19:06 -0500] "GET /secretaria-de-ambiente-libero-12-animales-silvestres-en-parque-entrenubes-en-los-ultimos-tres-anos-ya-han-retornado-a-la-libertad-12-800.html HTTP/1.1" 200 914
216.244.66.195 - - [24/Sep/2023:02:19:11 -0500] "GET /BLA/resoluciones/AUTOS%202021/3438.pdf HTTP/1.1" 200 339036
201.245.192.253 - - [24/Sep/2023:02:19:10 -0500] "POST /kwsrmcab/Wsrmcab  HTTP/1.1" 200 41265
216.244.66.195 - - [24/Sep/2023:02:19:48 -0500] "GET /BLA/resoluciones/AUTOS%202021/3689.pdf HTTP/1.1" 200 388263
216.244.66.195 - - [24/Sep/2023:02:20:18 -0500] "GET /BLA/resoluciones/AUTOS%202021/3749.pdf HTTP/1.1" 200 345454
216.244.66.195 - - [24/Sep/2023:02:20:48 -0500] "GET /BLA/resoluciones/AUTOS%202021/3936.pdf HTTP/1.1" 200 503237
216.245.221.92 - - [24/Sep/2023:02:20:58 -0500] "HEAD / HTTP/1.1" 200 -
216.244.66.195 - - [24/Sep/2023:02:21:16 -0500] "GET /BLA/resoluciones/AUTOS%202021/4424.pdf HTTP/1.1" 200 365572
216.244.66.195 - - [24/Sep/2023:02:21:43 -0500] "GET /BLA/resoluciones/AUTOS%202021/4618.pdf HTTP/1.1" 200 355005
216.244.66.195 - - [24/Sep/2023:02:22:10 -0500] "GET /BLA/resoluciones/AUTOS%202021/4639.pdf HTTP/1.1" 200 610300
172.22.2.4 - - [24/Sep/2023:02:20:55 -0500] "HEAD /BLA/boletinlegal/ HTTP/1.1" 200 -
216.244.66.195 - - [24/Sep/2023:02:22:35 -0500] "GET /BLA/resoluciones/AUTOS%202021/4711.pdf HTTP/1.1" 200 342291
216.244.66.195 - - [24/Sep/2023:02:22:59 -0500] "GET /BLA/resoluciones/AUTOS%202021/4806.pdf HTTP/1.1" 200 611716
207.46.13.127 - - [24/Sep/2023:02:23:04 -0500] "GET /BLA/resoluciones/AUTOS%202023/4231.pdf HTTP/1.1" 200 835087
195.123.241.30 - - [24/Sep/2023:02:23:13 -0500] "GET /secretaria-de-ambiente-y-car-firman-el-plan-de-manejo-ambiental-del-sitio-ramsar-complejo-de-humedales-urbanos-de-bogota-unico-en-america-latina.html HTTP/1.1" 200 1040
172.22.2.4 - - [24/Sep/2023:02:21:45 -0500] "GET /BLA/boletinlegal/ HTTP/1.1" 200 57790
216.244.66.195 - - [24/Sep/2023:02:23:39 -0500] "GET /BLA/resoluciones/AUTOS%202021/5097.pdf HTTP/1.1" 200 358821
199.16.157.183 - - [24/Sep/2023:02:23:47 -0500] "GET /images/antencion%20ciudadano-010923.jpg HTTP/1.1" 200 20329
52.167.144.238 - - [24/Sep/2023:02:24:08 -0500] "GET /portaldeninos/tag/tinguas-azules/ HTTP/1.1" 200 92811
201.245.192.253 - - [24/Sep/2023:02:24:08 -0500] "POST /kwsrmcab/Wsrmcab  HTTP/1.1" 200 41265
216.244.66.195 - - [24/Sep/2023:02:24:10 -0500] "GET /BLA/resoluciones/AUTOS%202021/5589.pdf HTTP/1.1" 200 384014
8.222.220.181 - - [24/Sep/2023:02:24:26 -0500] "GET /galeria/galeria/fotos/Humedal-la-conejera4P.jpg HTTP/1.1" 200 33365
216.244.66.195 - - [24/Sep/2023:02:24:41 -0500] "GET /BLA/resoluciones/AUTOS%202022/1080.pdf HTTP/1.1" 200 358278
216.244.66.195 - - [24/Sep/2023:02:25:10 -0500] "GET /BLA/resoluciones/AUTOS%202022/1185.pdf HTTP/1.1" 200 344975
216.244.66.195 - - [24/Sep/2023:02:25:37 -0500] "GET /BLA/resoluciones/AUTOS%202022/1610.pdf HTTP/1.1" 200 345422
216.245.221.92 - - [24/Sep/2023:02:25:58 -0500] "HEAD / HTTP/1.1" 200 -
216.244.66.195 - - [24/Sep/2023:02:26:03 -0500] "GET /BLA/resoluciones/AUTOS%202022/1647.pdf HTTP/1.1" 200 337166
52.167.144.178 - - [24/Sep/2023:02:26:17 -0500] "GET /BLA/resoluciones/AUTOS%202023/3226.pdf HTTP/1.1" 200 341645
216.244.66.195 - - [24/Sep/2023:02:26:31 -0500] "GET /BLA/resoluciones/AUTOS%202022/1663.pdf HTTP/1.1" 200 409669
216.244.66.195 - - [24/Sep/2023:02:26:55 -0500] "GET /BLA/resoluciones/AUTOS%202022/2197.pdf HTTP/1.1" 200 495843
216.244.66.195 - - [24/Sep/2023:02:27:19 -0500] "GET /BLA/resoluciones/AUTOS%202022/2753.pdf HTTP/1.1" 200 517249
216.244.66.195 - - [24/Sep/2023:02:27:41 -0500] "GET /BLA/resoluciones/AUTOS%202022/3222.pdf HTTP/1.1" 200 683587
216.244.66.195 - - [24/Sep/2023:02:28:03 -0500] "GET /BLA/resoluciones/AUTOS%202022/3504.pdf HTTP/1.1" 200 2084490
172.22.2.4 - - [24/Sep/2023:02:26:45 -0500] "HEAD /BLA/boletinlegal/ HTTP/1.1" 200 -
216.244.66.195 - - [24/Sep/2023:02:28:26 -0500] "GET /BLA/resoluciones/AUTOS%202022/3697.pdf HTTP/1.1" 200 626888
201.245.192.253 - - [24/Sep/2023:02:28:35 -0500] "POST /kwsrmcab/Wsrmcab HTTP/1.1" 200 41077
201.245.192.253 - - [24/Sep/2023:02:28:38 -0500] "POST /kwsrmcab/Wsrmcab HTTP/1.1" 200 41253
216.244.66.195 - - [24/Sep/2023:02:28:46 -0500] "GET /BLA/resoluciones/AUTOS%202022/4244.pdf HTTP/1.1" 200 1692619
216.244.66.195 - - [24/Sep/2023:02:29:06 -0500] "GET /BLA/resoluciones/AUTOS%202022/4330.pdf HTTP/1.1" 200 677736
201.245.192.253 - - [24/Sep/2023:02:29:08 -0500] "POST /kwsrmcab/Wsrmcab  HTTP/1.1" 200 41265
172.22.2.4 - - [24/Sep/2023:02:27:35 -0500] "GET /BLA/boletinlegal/ HTTP/1.1" 200 58187
216.244.66.195 - - [24/Sep/2023:02:29:23 -0500] "GET /BLA/resoluciones/AUTOS%202022/5227.pdf HTTP/1.1" 200 1260191
216.244.66.195 - - [24/Sep/2023:02:29:41 -0500] "GET /BLA/resoluciones/AUTOS%202023/0158.pdf HTTP/1.1" 200 389628
216.244.66.195 - - [24/Sep/2023:02:29:56 -0500] "GET /BLA/resoluciones/AUTOS%202023/0399.pdf HTTP/1.1" 200 398402
47.128.51.178 - - [24/Sep/2023:02:29:58 -0500] "GET /robots.txt HTTP/1.1" 404 1034
47.128.59.22 - - [24/Sep/2023:02:30:07 -0500] "GET /semana-bogota-reverdece-iniciaron-actividades-de-la-academia-regional-de-areas-de-cero-emisiones.html HTTP/1.1" 200 991
216.244.66.195 - - [24/Sep/2023:02:30:11 -0500] "GET /BLA/resoluciones/AUTOS%202023/0576.pdf HTTP/1.1" 200 514711
216.244.66.195 - - [24/Sep/2023:02:30:24 -0500] "GET /BLA/resoluciones/AUTOS%202023/0612.pdf HTTP/1.1" 200 393374
216.244.66.195 - - [24/Sep/2023:02:30:37 -0500] "GET /BLA/resoluciones/AUTOS%202023/0687.pdf HTTP/1.1" 200 408179
216.244.66.195 - - [24/Sep/2023:02:30:50 -0500] "GET /BLA/resoluciones/AUTOS%202023/0841.pdf HTTP/1.1" 200 396045
216.245.221.92 - - [24/Sep/2023:02:30:58 -0500] "HEAD / HTTP/1.1" 200 -
216.244.66.195 - - [24/Sep/2023:02:31:00 -0500] "GET /BLA/resoluciones/AUTOS%202023/0867.pdf HTTP/1.1" 200 676128
216.244.66.195 - - [24/Sep/2023:02:31:10 -0500] "GET /BLA/resoluciones/AUTOS%202023/0961.pdf HTTP/1.1" 200 791854
216.244.66.195 - - [24/Sep/2023:02:31:19 -0500] "GET /BLA/resoluciones/AUTOS%202023/0987.pdf HTTP/1.1" 200 1327681
216.244.66.195 - - [24/Sep/2023:02:31:27 -0500] "GET /BLA/resoluciones/AUTOS%202023/1029.pdf HTTP/1.1" 200 409150
216.244.66.195 - - [24/Sep/2023:02:31:34 -0500] "GET /BLA/resoluciones/AUTOS%202023/1642.pdf HTTP/1.1" 200 1903631
216.244.66.195 - - [24/Sep/2023:02:31:51 -0500] "GET /BLA/resoluciones/AUTOS%202023/1713.pdf HTTP/1.1" 200 454105
216.244.66.195 - - [24/Sep/2023:02:32:04 -0500] "GET /BLA/resoluciones/AUTOS%202023/1860.pdf HTTP/1.1" 200 388101
216.244.66.195 - - [24/Sep/2023:02:32:21 -0500] "GET /BLA/resoluciones/AUTOS%202023/1938.pdf HTTP/1.1" 200 393157
216.244.66.195 - - [24/Sep/2023:02:32:35 -0500] "GET /BLA/resoluciones/AUTOS%202023/2018.pdf HTTP/1.1" 200 466932
5.255.231.62 - - [24/Sep/2023:02:32:56 -0500] "GET /robots.txt HTTP/1.1" 404 1018
95.108.213.109 - - [24/Sep/2023:02:32:57 -0500] "GET / HTTP/1.1" 200 319
40.77.167.61 - - [24/Sep/2023:02:33:58 -0500] "GET /BLA/resoluciones/AUTOS%202023/4270.pdf HTTP/1.1" 200 489143
201.245.192.253 - - [24/Sep/2023:02:34:07 -0500] "POST /kwsrmcab/Wsrmcab  HTTP/1.1" 200 41265
172.22.2.4 - - [24/Sep/2023:02:32:35 -0500] "HEAD /BLA/boletinlegal/ HTTP/1.1" 200 -
172.22.2.4 - - [24/Sep/2023:02:33:25 -0500] "GET /BLA/boletinlegal/ HTTP/1.1" 200 48235
95.108.213.232 - - [24/Sep/2023:02:35:10 -0500] "GET / HTTP/1.1" 200 319
216.245.221.92 - - [24/Sep/2023:02:35:58 -0500] "HEAD / HTTP/1.1" 200 -
216.244.66.195 - - [24/Sep/2023:02:36:50 -0500] "GET /robots.txt HTTP/1.1" 404 1018
