201.245.192.253 - - [24/Sep/2023:02:38:35 -0500] "POST /kwsrmcab/Wsrmcab HTTP/1.1" 200 41077
52.167.144.207 - - [24/Sep/2023:02:38:38 -0500] "GET /BLA/resoluciones/AUTOS%202023/1807.pdf HTTP/1.1" 200 478058
201.245.192.253 - - [24/Sep/2023:02:38:38 -0500] "POST /kwsrmcab/Wsrmcab HTTP/1.1" 200 41253
201.245.192.253 - - [24/Sep/2023:02:39:06 -0500] "POST /kwsrmcab/Wsrmcab  HTTP/1.1" 200 41265
40.77.167.22 - - [24/Sep/2023:02:39:43 -0500] "GET /BLA/resoluciones/AUTOS%202023/4204.pdf HTTP/1.1" 200 438456
172.22.2.4 - - [24/Sep/2023:02:38:25 -0500] "HEAD /BLA/boletinlegal/ HTTP/1.1" 200 -
168.119.61.24 - - [24/Sep/2023:02:40:15 -0500] "GET / HTTP/1.1" 200 319
172.22.2.4 - - [24/Sep/2023:02:39:15 -0500] "GET /BLA/boletinlegal/ HTTP/1.1" 200 58187
216.245.221.92 - - [24/Sep/2023:02:40:58 -0500] "HEAD / HTTP/1.1" 200 -
40.77.167.40 - - [24/Sep/2023:02:43:28 -0500] "GET /portaldeninos/ HTTP/1.1" 200 110175
201.245.192.253 - - [24/Sep/2023:02:44:05 -0500] "POST /kwsrmcab/Wsrmcab  HTTP/1.1" 200 41265
172.22.2.4 - - [24/Sep/2023:02:44:15 -0500] "HEAD /BLA/boletinlegal/ HTTP/1.1" 200 -
216.245.221.92 - - [24/Sep/2023:02:45:58 -0500] "HEAD / HTTP/1.1" 200 -
66.249.70.196 - - [24/Sep/2023:02:46:41 -0500] "GET /BLA/resoluciones/Notificaciones/RESOLUCIONES%202023/5132.pdf HTTP/1.1" 304 -
172.22.2.4 - - [24/Sep/2023:02:45:05 -0500] "GET /BLA/boletinlegal/ HTTP/1.1" 200 58597
52.167.144.238 - - [24/Sep/2023:02:47:43 -0500] "GET /BLA/resoluciones/RESOLUCIONES%202022/1279.pdf HTTP/1.1" 200 379819
201.245.192.253 - - [24/Sep/2023:02:49:04 -0500] "POST /kwsrmcab/Wsrmcab  HTTP/1.1" 200 41265
216.245.221.92 - - [24/Sep/2023:02:50:58 -0500] "HEAD / HTTP/1.1" 200 -
187.190.194.178 - - [24/Sep/2023:02:51:12 -0500] "GET /participa-en-la-convocatoria-para-el-aseguramiento-metrologico-de-la-red-de-monitoreo-de-calidad-del-aire-de-bogota.html HTTP/1.1" 200 848
172.22.2.4 - - [24/Sep/2023:02:50:05 -0500] "HEAD /BLA/boletinlegal/ HTTP/1.1" 200 -
172.22.2.4 - - [24/Sep/2023:02:50:55 -0500] "GET /BLA/boletinlegal/ HTTP/1.1" 200 58187
201.245.192.253 - - [24/Sep/2023:02:54:02 -0500] "POST /kwsrmcab/Wsrmcab  HTTP/1.1" 200 41265
66.249.66.193 - - [24/Sep/2023:02:54:21 -0500] "GET /participa-en-la-convocatoria-para-el-aseguramiento-metrologico-de-la-red-de-monitoreo-de-calidad-del-aire-de-bogota.html HTTP/1.1" 200 848
40.77.167.69 - - [24/Sep/2023:02:54:21 -0500] "GET /BLA/resoluciones/AUTOS%202023/1814.pdf HTTP/1.1" 200 447685
172.22.2.4 - - [24/Sep/2023:02:54:24 -0500] "GET /BLA/boletinlegal/.env HTTP/1.1" 404 1018
216.245.221.92 - - [24/Sep/2023:02:55:58 -0500] "HEAD / HTTP/1.1" 200 -
172.22.2.4 - - [24/Sep/2023:02:55:55 -0500] "HEAD /BLA/boletinlegal/ HTTP/1.1" 200 -
172.22.2.4 - - [24/Sep/2023:02:56:45 -0500] "GET /BLA/boletinlegal/ HTTP/1.1" 200 59343
201.245.192.253 - - [24/Sep/2023:02:59:01 -0500] "POST /kwsrmcab/Wsrmcab  HTTP/1.1" 200 41265
87.236.176.139 - - [24/Sep/2023:03:00:52 -0500] "GET /portaldeninos/ HTTP/1.1" 200 110175
216.245.221.92 - - [24/Sep/2023:03:00:58 -0500] "HEAD / HTTP/1.1" 200 -
35.203.210.113 - - [24/Sep/2023:03:01:49 -0500] "GET / HTTP/1.1" 200 319
172.22.2.4 - - [24/Sep/2023:03:01:45 -0500] "HEAD /BLA/boletinlegal/ HTTP/1.1" 200 -
201.245.192.253 - - [24/Sep/2023:03:04:00 -0500] "POST /kwsrmcab/Wsrmcab  HTTP/1.1" 200 41265
172.22.2.4 - - [24/Sep/2023:03:02:35 -0500] "GET /BLA/boletinlegal/ HTTP/1.1" 200 58187
216.245.221.92 - - [24/Sep/2023:03:05:58 -0500] "HEAD / HTTP/1.1" 200 -
84.46.255.139 - - [24/Sep/2023:03:06:03 -0500] "GET /robots.txt HTTP/1.1" 404 1034
84.46.255.139 - - [24/Sep/2023:03:06:05 -0500] "GET /mejora-tu-bienestar-con-las-caminatas-ecologicas-%C3%82%C2%A1conoce-la-programacion-de-agosto.html HTTP/1.1" 200 873
66.249.66.194 - - [24/Sep/2023:03:08:38 -0500] "GET /presentamos-las-nuevas-herramientas-de-la-secretaria-de-ambiente-para-analizar-y-monitorear-los-rios-de-bogota.html HTTP/1.1" 200 905
201.245.192.253 - - [24/Sep/2023:03:08:59 -0500] "POST /kwsrmcab/Wsrmcab  HTTP/1.1" 200 41265
172.22.2.4 - - [24/Sep/2023:03:07:35 -0500] "HEAD /BLA/boletinlegal/ HTTP/1.1" 200 -
207.46.13.154 - - [24/Sep/2023:03:09:47 -0500] "GET /BLA/resoluciones/AUTOS%202023/3175.pdf HTTP/1.1" 200 2914061
172.22.2.4 - - [24/Sep/2023:03:08:25 -0500] "GET /BLA/boletinlegal/ HTTP/1.1" 200 60692
40.77.167.24 - - [24/Sep/2023:03:10:43 -0500] "GET /BLA/resoluciones/RESOLUCIONES%202022/4251.pdf HTTP/1.1" 200 372982
216.245.221.92 - - [24/Sep/2023:03:10:58 -0500] "HEAD / HTTP/1.1" 200 -
216.244.66.195 - - [24/Sep/2023:03:13:33 -0500] "GET /BLA/resoluciones/AUTOS%202022/3774.pdf HTTP/1.1" 200 355356
216.244.66.195 - - [24/Sep/2023:03:13:39 -0500] "GET /BLA/resoluciones/AUTOS%202022/3794.pdf HTTP/1.1" 200 353397
216.244.66.195 - - [24/Sep/2023:03:13:44 -0500] "GET /BLA/resoluciones/AUTOS%202022/4095.pdf HTTP/1.1" 200 404634
216.244.66.195 - - [24/Sep/2023:03:13:48 -0500] "GET /BLA/resoluciones/AUTOS%202022/4771.pdf HTTP/1.1" 200 389385
216.244.66.195 - - [24/Sep/2023:03:13:52 -0500] "GET /BLA/resoluciones/AUTOS%202022/4819.pdf HTTP/1.1" 200 326727
216.244.66.195 - - [24/Sep/2023:03:13:55 -0500] "GET /BLA/resoluciones/AUTOS%202022/4881.pdf HTTP/1.1" 200 376942
216.244.66.195 - - [24/Sep/2023:03:13:59 -0500] "GET /BLA/resoluciones/AUTOS%202022/4982.pdf HTTP/1.1" 200 695075
201.245.192.253 - - [24/Sep/2023:03:13:58 -0500] "POST /kwsrmcab/Wsrmcab  HTTP/1.1" 200 41265
216.244.66.195 - - [24/Sep/2023:03:14:02 -0500] "GET /BLA/resoluciones/AUTOS%202022/5423.pdf HTTP/1.1" 200 359166
216.244.66.195 - - [24/Sep/2023:03:14:06 -0500] "GET /BLA/resoluciones/AUTOS%202022/5455.pdf HTTP/1.1" 200 395242
216.244.66.195 - - [24/Sep/2023:03:14:17 -0500] "GET /BLA/resoluciones/AUTOS%202023/0030.pdf HTTP/1.1" 200 1371763
216.244.66.195 - - [24/Sep/2023:03:14:25 -0500] "GET /BLA/resoluciones/AUTOS%202023/0142.pdf HTTP/1.1" 200 530174
216.244.66.195 - - [24/Sep/2023:03:14:33 -0500] "GET /BLA/resoluciones/AUTOS%202023/0333.pdf HTTP/1.1" 200 4879917
216.244.66.195 - - [24/Sep/2023:03:14:47 -0500] "GET /BLA/resoluciones/AUTOS%202023/0909.pdf HTTP/1.1" 200 2572661
172.22.2.4 - - [24/Sep/2023:03:13:25 -0500] "HEAD /BLA/boletinlegal/ HTTP/1.1" 200 -
216.244.66.195 - - [24/Sep/2023:03:15:12 -0500] "GET /BLA/resoluciones/AUTOS%202023/0952.pdf HTTP/1.1" 200 516584
216.244.66.195 - - [24/Sep/2023:03:15:35 -0500] "GET /BLA/resoluciones/AUTOS%202023/1205.pdf HTTP/1.1" 200 400426
172.22.2.4 - - [24/Sep/2023:03:14:15 -0500] "GET /BLA/boletinlegal/ HTTP/1.1" 200 60342
216.244.66.195 - - [24/Sep/2023:03:15:58 -0500] "GET /BLA/resoluciones/AUTOS%202023/1318.pdf HTTP/1.1" 200 461642
216.245.221.92 - - [24/Sep/2023:03:15:58 -0500] "HEAD / HTTP/1.1" 200 -
207.46.13.154 - - [24/Sep/2023:03:16:09 -0500] "GET /BLA/resoluciones/AUTOS%202023/4289.pdf HTTP/1.1" 200 435072
216.244.66.195 - - [24/Sep/2023:03:16:20 -0500] "GET /BLA/resoluciones/AUTOS%202023/1405.pdf HTTP/1.1" 200 2448085
216.244.66.195 - - [24/Sep/2023:03:16:52 -0500] "GET /BLA/resoluciones/AUTOS%202023/1476.pdf HTTP/1.1" 200 401632
216.244.66.195 - - [24/Sep/2023:03:17:23 -0500] "GET /BLA/resoluciones/AUTOS%202023/2399.pdf HTTP/1.1" 200 904786
216.244.66.195 - - [24/Sep/2023:03:17:53 -0500] "GET /BLA/resoluciones/AUTOS%202023/2595.pdf HTTP/1.1" 200 3785218
216.244.66.195 - - [24/Sep/2023:03:18:29 -0500] "GET /BLA/resoluciones/AUTOS%202023/2807.pdf HTTP/1.1" 200 422003
201.245.192.253 - - [24/Sep/2023:03:18:34 -0500] "POST /kwsrmcab/Wsrmcab HTTP/1.1" 200 41243
201.245.192.253 - - [24/Sep/2023:03:18:37 -0500] "POST /kwsrmcab/Wsrmcab HTTP/1.1" 200 41097
216.244.66.195 - - [24/Sep/2023:03:18:59 -0500] "GET /BLA/resoluciones/AUTOS%202023/2809.pdf HTTP/1.1" 200 441524
201.245.192.253 - - [24/Sep/2023:03:18:58 -0500] "POST /kwsrmcab/Wsrmcab  HTTP/1.1" 200 41265
216.244.66.195 - - [24/Sep/2023:03:19:29 -0500] "GET /BLA/resoluciones/AUTOS%202023/2901.pdf HTTP/1.1" 200 444234
216.244.66.195 - - [24/Sep/2023:03:19:58 -0500] "GET /BLA/resoluciones/AUTOS%202023/3257.pdf HTTP/1.1" 200 722003
216.244.66.195 - - [24/Sep/2023:03:20:25 -0500] "GET /BLA/resoluciones/AUTOS%202023/3274.pdf HTTP/1.1" 200 4175757
69.63.184.9 - - [24/Sep/2023:03:20:37 -0500] "GET /images/empresas-27-septiembre.jpeg HTTP/1.1" 200 66691
172.22.2.4 - - [24/Sep/2023:03:19:15 -0500] "HEAD /BLA/boletinlegal/ HTTP/1.1" 200 -
216.245.221.92 - - [24/Sep/2023:03:20:58 -0500] "HEAD / HTTP/1.1" 200 -
172.22.2.4 - - [24/Sep/2023:03:20:05 -0500] "GET /BLA/boletinlegal/ HTTP/1.1" 200 60692
201.245.192.253 - - [24/Sep/2023:03:23:57 -0500] "POST /kwsrmcab/Wsrmcab  HTTP/1.1" 200 41265
40.77.167.30 - - [24/Sep/2023:03:24:44 -0500] "GET /BLA/resoluciones/AUTOS%202023/4259.pdf HTTP/1.1" 200 540051
157.55.39.51 - - [24/Sep/2023:03:25:30 -0500] "GET /BLA/resoluciones/AUTOS%202023/3086.pdf HTTP/1.1" 200 1173841
216.245.221.92 - - [24/Sep/2023:03:25:58 -0500] "HEAD / HTTP/1.1" 200 -
172.22.2.4 - - [24/Sep/2023:03:25:05 -0500] "HEAD /BLA/boletinlegal/ HTTP/1.1" 200 -
172.22.2.4 - - [24/Sep/2023:03:25:55 -0500] "GET /BLA/boletinlegal/ HTTP/1.1" 200 60342
201.245.192.253 - - [24/Sep/2023:03:28:34 -0500] "POST /kwsrmcab/Wsrmcab HTTP/1.1" 200 41243
201.245.192.253 - - [24/Sep/2023:03:28:37 -0500] "POST /kwsrmcab/Wsrmcab HTTP/1.1" 200 41097
201.245.192.253 - - [24/Sep/2023:03:28:56 -0500] "POST /kwsrmcab/Wsrmcab  HTTP/1.1" 200 41265
216.245.221.92 - - [24/Sep/2023:03:30:58 -0500] "HEAD / HTTP/1.1" 200 -
157.55.39.61 - - [24/Sep/2023:03:31:11 -0500] "GET /Publicaciones/2023EE217172.pdf HTTP/1.1" 200 231855
172.22.2.4 - - [24/Sep/2023:03:30:55 -0500] "HEAD /BLA/boletinlegal/ HTTP/1.1" 200 -
172.22.2.4 - - [24/Sep/2023:03:31:45 -0500] "GET /BLA/boletinlegal/ HTTP/1.1" 200 58187
201.245.192.253 - - [24/Sep/2023:03:33:56 -0500] "POST /kwsrmcab/Wsrmcab  HTTP/1.1" 200 41265
216.245.221.92 - - [24/Sep/2023:03:35:58 -0500] "HEAD / HTTP/1.1" 200 -
123.126.68.48 - - [24/Sep/2023:03:36:07 -0500] "GET / HTTP/1.1" 200 319
66.249.70.196 - - [24/Sep/2023:03:36:18 -0500] "GET /BLA/resoluciones/AUTOS%202008/3180.pdf HTTP/1.1" 200 205045
66.249.70.196 - - [24/Sep/2023:03:36:18 -0500] "GET /robots.txt HTTP/1.1" 404 1018
66.249.70.197 - - [24/Sep/2023:03:36:22 -0500] "GET /resoluciones/RESOLUCIONES%202007/RES%202007%202301%20AL%202400/RESOLUCION%202370%20DE%202007.pdf HTTP/1.1" 404 1018
66.249.70.197 - - [24/Sep/2023:03:37:21 -0500] "GET /BLA/resoluciones/RESOLUCIONES%202010/6227.pdf HTTP/1.1" 200 571603
66.249.70.197 - - [24/Sep/2023:03:37:37 -0500] "GET /BLA/resoluciones/RESOLUCIONES%202010/6043.pdf HTTP/1.1" 200 677303
172.22.2.4 - - [24/Sep/2023:03:36:45 -0500] "HEAD /BLA/boletinlegal/ HTTP/1.1" 200 -
201.245.192.253 - - [24/Sep/2023:03:38:35 -0500] "POST /kwsrmcab/Wsrmcab HTTP/1.1" 200 41243
201.245.192.253 - - [24/Sep/2023:03:38:38 -0500] "POST /kwsrmcab/Wsrmcab HTTP/1.1" 200 41097
201.245.192.253 - - [24/Sep/2023:03:38:55 -0500] "POST /kwsrmcab/Wsrmcab  HTTP/1.1" 200 41265
172.22.2.4 - - [24/Sep/2023:03:37:35 -0500] "GET /BLA/boletinlegal/ HTTP/1.1" 200 58187
172.22.2.4 - - [24/Sep/2023:03:39:29 -0500] "GET /BLA/boletinlegal/Circulares/2023/CIRCULAR%20No.%2000005%20DEL%2013%20DE%20JUNIO%20DEL%202023.pdf HTTP/1.1" 304 -
172.22.2.4 - - [24/Sep/2023:03:39:30 -0500] "GET /BLA/boletinlegal/jurisprudencia/analisis/ANALISIST-046-99.docx HTTP/1.1" 304 -
66.249.70.198 - - [24/Sep/2023:03:40:01 -0500] "GET /BLA/resoluciones/RESOLUCIONES%202008/2514.pdf HTTP/1.1" 200 251855
31.13.103.9 - - [24/Sep/2023:03:40:08 -0500] "GET /p4g-es-sin-duda-un-ejemplo-de-que-el-optimismo-es-posible-y-necesario-carolina-urrutia-secretaria-de-ambiente.html HTTP/1.1" 200 934
168.119.253.85 - - [24/Sep/2023:03:40:41 -0500] "GET / HTTP/1.1" 200 319
216.245.221.92 - - [24/Sep/2023:03:40:58 -0500] "HEAD / HTTP/1.1" 200 -
66.249.70.198 - - [24/Sep/2023:03:41:35 -0500] "GET /BLA/resoluciones/RESOLUCIONES%202008/2153.pdf HTTP/1.1" 200 293384
201.245.192.253 - - [24/Sep/2023:03:43:53 -0500] "POST /kwsrmcab/Wsrmcab  HTTP/1.1" 200 41265
172.22.2.4 - - [24/Sep/2023:03:42:35 -0500] "HEAD /BLA/boletinlegal/ HTTP/1.1" 200 -
172.22.2.4 - - [24/Sep/2023:03:43:25 -0500] "GET /BLA/boletinlegal/ HTTP/1.1" 200 58187
216.245.221.92 - - [24/Sep/2023:03:45:58 -0500] "HEAD / HTTP/1.1" 200 -
172.22.2.4 - - [24/Sep/2023:03:46:24 -0500] "GET /BLA/boletinlegal/robots.txt HTTP/1.1" 404 1038
172.22.2.4 - - [24/Sep/2023:03:46:24 -0500] "GET /BLA/boletinlegal/doctrina.php HTTP/1.1" 200 5614
172.22.2.4 - - [24/Sep/2023:03:46:27 -0500] "GET /BLA/boletinlegal/js/ajax_doctrina.js HTTP/1.1" 200 772
172.22.2.4 - - [24/Sep/2023:03:45:55 -0500] "GET /BLA/boletinlegal/ HTTP/1.1" 200 24523
201.245.192.253 - - [24/Sep/2023:03:48:52 -0500] "POST /kwsrmcab/Wsrmcab  HTTP/1.1" 200 41265
172.22.2.4 - - [24/Sep/2023:03:48:25 -0500] "HEAD /BLA/boletinlegal/ HTTP/1.1" 200 -
66.249.70.196 - - [24/Sep/2023:03:50:40 -0500] "GET /BLA/resoluciones/RESOLUCIONES%202011/4462.pdf HTTP/1.1" 200 554832
172.22.2.4 - - [24/Sep/2023:03:49:15 -0500] "GET /BLA/boletinlegal/ HTTP/1.1" 200 57790
216.245.221.92 - - [24/Sep/2023:03:50:58 -0500] "HEAD / HTTP/1.1" 200 -
216.244.66.195 - - [24/Sep/2023:03:53:32 -0500] "GET /robots.txt HTTP/1.1" 404 1018
201.245.192.253 - - [24/Sep/2023:03:53:51 -0500] "POST /kwsrmcab/Wsrmcab  HTTP/1.1" 200 41265
66.249.70.197 - - [24/Sep/2023:03:54:51 -0500] "GET /BLA/resoluciones/Autos%202008/1577.pdf HTTP/1.1" 200 132354
207.46.13.124 - - [24/Sep/2023:03:55:33 -0500] "GET /BLA/resoluciones/RESOLUCIONES%202022/5133.pdf HTTP/1.1" 200 529133
172.22.2.4 - - [24/Sep/2023:03:54:15 -0500] "HEAD /BLA/boletinlegal/ HTTP/1.1" 200 -
216.245.221.92 - - [24/Sep/2023:03:55:58 -0500] "HEAD / HTTP/1.1" 200 -
172.22.2.4 - - [24/Sep/2023:03:55:05 -0500] "GET /BLA/boletinlegal/ HTTP/1.1" 200 58187
40.77.167.47 - - [24/Sep/2023:03:57:47 -0500] "GET / HTTP/1.1" 200 319
201.245.192.253 - - [24/Sep/2023:03:58:49 -0500] "POST /kwsrmcab/Wsrmcab  HTTP/1.1" 200 41265
66.249.70.196 - - [24/Sep/2023:04:00:11 -0500] "GET /BLA/resoluciones/RESOLUCIONES%202010/RESOLUCION%20326%20DE%202010.PDF HTTP/1.1" 200 31656
216.245.221.92 - - [24/Sep/2023:04:00:58 -0500] "HEAD / HTTP/1.1" 200 -
172.22.2.4 - - [24/Sep/2023:04:00:05 -0500] "HEAD /BLA/boletinlegal/ HTTP/1.1" 200 -
66.249.70.198 - - [24/Sep/2023:04:02:29 -0500] "GET /BLA/resoluciones/RESOLUCIONES%202009/3487.pdf HTTP/1.1" 200 682153
172.22.2.4 - - [24/Sep/2023:04:00:55 -0500] "GET /BLA/boletinlegal/ HTTP/1.1" 200 60692
201.245.192.253 - - [24/Sep/2023:04:03:48 -0500] "POST /kwsrmcab/Wsrmcab  HTTP/1.1" 200 41265
216.245.221.92 - - [24/Sep/2023:04:05:58 -0500] "HEAD / HTTP/1.1" 200 -
172.22.2.4 - - [24/Sep/2023:04:06:56 -0500] "GET /BLA/boletinlegal/js/jquery.scrollTo-min.js HTTP/1.1" 200 1150
172.22.2.4 - - [24/Sep/2023:04:06:56 -0500] "GET /BLA/boletinlegal/js/jquery.scrollShow.js HTTP/1.1" 200 4586
172.22.2.4 - - [24/Sep/2023:04:06:56 -0500] "GET /BLA/boletinlegal/js/jquery.js HTTP/1.1" 200 57254
66.249.70.196 - - [24/Sep/2023:04:07:17 -0500] "GET /BLA/resoluciones/Autos%202008/1972.pdf HTTP/1.1" 200 90468
172.22.2.4 - - [24/Sep/2023:04:06:47 -0500] "GET /BLA/boletinlegal/ HTTP/1.1" 200 20427
172.22.2.4 - - [24/Sep/2023:04:05:55 -0500] "HEAD /BLA/boletinlegal/ HTTP/1.1" 200 -
172.22.2.4 - - [24/Sep/2023:04:06:45 -0500] "GET /BLA/boletinlegal/ HTTP/1.1" 200 53362
201.245.192.253 - - [24/Sep/2023:04:08:47 -0500] "POST /kwsrmcab/Wsrmcab  HTTP/1.1" 200 41265
40.133.216.26 - - [24/Sep/2023:04:10:20 -0500] "GET / HTTP/1.1" 200 319
216.245.221.92 - - [24/Sep/2023:04:10:58 -0500] "HEAD / HTTP/1.1" 200 -
52.167.144.184 - - [24/Sep/2023:04:12:42 -0500] "GET /Publicaciones/2023EE218259.pdf HTTP/1.1" 200 232030
172.22.2.4 - - [24/Sep/2023:04:11:45 -0500] "HEAD /BLA/boletinlegal/ HTTP/1.1" 200 -
201.245.192.253 - - [24/Sep/2023:04:13:46 -0500] "POST /kwsrmcab/Wsrmcab  HTTP/1.1" 200 41265
172.22.2.4 - - [24/Sep/2023:04:12:35 -0500] "GET /BLA/boletinlegal/ HTTP/1.1" 200 60692
216.245.221.92 - - [24/Sep/2023:04:15:57 -0500] "HEAD / HTTP/1.1" 200 -
201.245.192.253 - - [24/Sep/2023:04:18:34 -0500] "POST /kwsrmcab/Wsrmcab HTTP/1.1" 200 41226
201.245.192.253 - - [24/Sep/2023:04:18:37 -0500] "POST /kwsrmcab/Wsrmcab HTTP/1.1" 200 41245
201.245.192.253 - - [24/Sep/2023:04:18:45 -0500] "POST /kwsrmcab/Wsrmcab  HTTP/1.1" 200 41265
172.22.2.4 - - [24/Sep/2023:04:17:35 -0500] "HEAD /BLA/boletinlegal/ HTTP/1.1" 200 -
172.22.2.4 - - [24/Sep/2023:04:18:25 -0500] "GET /BLA/boletinlegal/ HTTP/1.1" 200 60342
172.22.2.4 - - [24/Sep/2023:04:20:22 -0500] "GET /BLA/boletinlegal/Circulares/2017/Circular%20No.%20011%20del%2005%20de%20julio%20de%202017.pdf HTTP/1.1" 304 -
216.245.221.92 - - [24/Sep/2023:04:20:57 -0500] "HEAD / HTTP/1.1" 200 -
40.77.167.6 - - [24/Sep/2023:04:22:38 -0500] "GET /BLA/resoluciones/AUTOS%202023/4277.pdf HTTP/1.1" 200 444911
201.245.192.253 - - [24/Sep/2023:04:23:44 -0500] "POST /kwsrmcab/Wsrmcab  HTTP/1.1" 200 41265
207.46.13.141 - - [24/Sep/2023:04:23:57 -0500] "GET /BLA/resoluciones/AUTOS%202023/4190.pdf HTTP/1.1" 200 445863
172.22.2.4 - - [24/Sep/2023:04:24:29 -0500] "GET /BLA/boletinlegal/jurisprudencia/analisis/AnalisisC-746-12.docx HTTP/1.1" 304 -
172.22.2.4 - - [24/Sep/2023:04:23:25 -0500] "HEAD /BLA/boletinlegal/ HTTP/1.1" 200 -
207.46.13.86 - - [24/Sep/2023:04:25:15 -0500] "GET /Publicaciones/2023EE218079.pdf HTTP/1.1" 200 603562
172.22.2.4 - - [24/Sep/2023:04:24:15 -0500] "GET /BLA/boletinlegal/ HTTP/1.1" 200 58187
216.245.221.92 - - [24/Sep/2023:04:25:57 -0500] "HEAD / HTTP/1.1" 200 -
216.244.66.195 - - [24/Sep/2023:04:26:15 -0500] "GET /BLA/resoluciones/AUTOS%202023/0419.pdf HTTP/1.1" 200 463306
216.244.66.195 - - [24/Sep/2023:04:27:01 -0500] "GET /BLA/resoluciones/AUTOS%202023/0420.pdf HTTP/1.1" 200 462716
216.244.66.195 - - [24/Sep/2023:04:27:51 -0500] "GET /BLA/resoluciones/AUTOS%202023/0831.pdf HTTP/1.1" 200 3423561
201.245.192.253 - - [24/Sep/2023:04:28:35 -0500] "POST /kwsrmcab/Wsrmcab HTTP/1.1" 200 41226
201.245.192.253 - - [24/Sep/2023:04:28:38 -0500] "POST /kwsrmcab/Wsrmcab HTTP/1.1" 200 41245
216.244.66.195 - - [24/Sep/2023:04:28:41 -0500] "GET /BLA/resoluciones/AUTOS%202023/0954.pdf HTTP/1.1" 200 1472661
201.245.192.253 - - [24/Sep/2023:04:28:43 -0500] "POST /kwsrmcab/Wsrmcab  HTTP/1.1" 200 41265
216.244.66.195 - - [24/Sep/2023:04:29:31 -0500] "GET /BLA/resoluciones/AUTOS%202023/1047.pdf HTTP/1.1" 200 429581
216.244.66.195 - - [24/Sep/2023:04:30:11 -0500] "GET /BLA/resoluciones/AUTOS%202023/1059.pdf HTTP/1.1" 200 457692
77.68.84.101 - - [24/Sep/2023:04:30:29 -0500] "\x16\x03\x01" 400 226
77.68.84.101 - - [24/Sep/2023:04:30:29 -0500] "\x16\x03\x01" 400 226
77.68.84.101 - - [24/Sep/2023:04:30:30 -0500] "GET / HTTP/1.1" 200 319
172.22.2.4 - - [24/Sep/2023:04:29:15 -0500] "HEAD /BLA/boletinlegal/ HTTP/1.1" 200 -
216.244.66.195 - - [24/Sep/2023:04:30:56 -0500] "GET /BLA/resoluciones/AUTOS%202023/1182.pdf HTTP/1.1" 200 700992
216.245.221.92 - - [24/Sep/2023:04:30:57 -0500] "HEAD / HTTP/1.1" 200 -
172.22.2.4 - - [24/Sep/2023:04:30:05 -0500] "GET /BLA/boletinlegal/ HTTP/1.1" 200 60692
172.22.2.4 - - [24/Sep/2023:04:31:45 -0500] "GET /BLA/boletinlegal/dns-query?dns=wb8BAAABAAAAAAAABmdvb2dsZQNjb20AAAEAAQ HTTP/1.1" 406 -
216.244.66.195 - - [24/Sep/2023:04:31:47 -0500] "GET /BLA/resoluciones/AUTOS%202023/1326.pdf HTTP/1.1" 200 489980
216.244.66.195 - - [24/Sep/2023:04:32:33 -0500] "GET /BLA/resoluciones/AUTOS%202023/1410.pdf HTTP/1.1" 200 419547
172.22.2.4 - - [24/Sep/2023:04:32:58 -0500] "POST /BLA/boletinlegal/dns-query HTTP/1.1" 406 -
40.77.167.59 - - [24/Sep/2023:04:33:04 -0500] "GET /portaldeninos/author/juan-tribin/ HTTP/1.1" 200 90295
216.244.66.195 - - [24/Sep/2023:04:33:08 -0500] "GET /BLA/resoluciones/AUTOS%202023/1681.pdf HTTP/1.1" 200 404486
216.244.66.195 - - [24/Sep/2023:04:33:43 -0500] "GET /BLA/resoluciones/AUTOS%202023/1690.pdf HTTP/1.1" 200 659061
201.245.192.253 - - [24/Sep/2023:04:33:42 -0500] "POST /kwsrmcab/Wsrmcab  HTTP/1.1" 200 41265
216.244.66.195 - - [24/Sep/2023:04:34:27 -0500] "GET /BLA/resoluciones/AUTOS%202023/1725.pdf HTTP/1.1" 200 478006
198.199.115.21 - - [24/Sep/2023:04:34:31 -0500] "GET /manager/text/list HTTP/1.1" 404 1018
216.244.66.195 - - [24/Sep/2023:04:35:06 -0500] "GET /BLA/resoluciones/AUTOS%202023/1863.pdf HTTP/1.1" 200 2743803
216.244.66.195 - - [24/Sep/2023:04:35:56 -0500] "GET /BLA/resoluciones/AUTOS%202023/2257.pdf HTTP/1.1" 200 516088
216.245.221.92 - - [24/Sep/2023:04:35:57 -0500] "HEAD / HTTP/1.1" 200 -
172.22.2.4 - - [24/Sep/2023:04:35:05 -0500] "HEAD /BLA/boletinlegal/ HTTP/1.1" 200 -
172.22.2.4 - - [24/Sep/2023:04:35:55 -0500] "GET /BLA/boletinlegal/ HTTP/1.1" 200 58187
201.245.192.253 - - [24/Sep/2023:04:38:34 -0500] "POST /kwsrmcab/Wsrmcab HTTP/1.1" 200 41226
201.245.192.253 - - [24/Sep/2023:04:38:37 -0500] "POST /kwsrmcab/Wsrmcab HTTP/1.1" 200 41245
201.245.192.253 - - [24/Sep/2023:04:38:41 -0500] "POST /kwsrmcab/Wsrmcab  HTTP/1.1" 200 41265
52.167.144.215 - - [24/Sep/2023:04:40:44 -0500] "GET /Publicaciones/2023EE218256.pdf HTTP/1.1" 200 231964
172.22.2.4 - - [24/Sep/2023:04:40:10 -0500] "GET /BLA/boletinlegal/ HTTP/1.1" 200 24523
216.245.221.92 - - [24/Sep/2023:04:40:57 -0500] "HEAD / HTTP/1.1" 200 -
172.22.2.4 - - [24/Sep/2023:04:40:16 -0500] "GET /BLA/boletinlegal/?XDEBUG_SESSION_START=phpstorm HTTP/1.1" 200 32715
47.128.29.248 - - [24/Sep/2023:04:41:56 -0500] "GET /robots.txt HTTP/1.1" 404 1018
172.22.2.4 - - [24/Sep/2023:04:40:55 -0500] "HEAD /BLA/boletinlegal/ HTTP/1.1" 200 -
172.22.2.4 - - [24/Sep/2023:04:41:45 -0500] "GET /BLA/boletinlegal/ HTTP/1.1" 200 60692
201.245.192.253 - - [24/Sep/2023:04:43:40 -0500] "POST /kwsrmcab/Wsrmcab  HTTP/1.1" 200 41265
216.244.66.195 - - [24/Sep/2023:04:43:48 -0500] "GET /robots.txt HTTP/1.1" 404 1018
52.167.144.190 - - [24/Sep/2023:04:43:55 -0500] "GET /BLA/resoluciones/AUTOS%202023/4205.pdf HTTP/1.1" 200 429484
159.223.129.59 - - [24/Sep/2023:04:45:09 -0500] "GET / HTTP/1.1" 200 319
216.245.221.92 - - [24/Sep/2023:04:45:57 -0500] "HEAD / HTTP/1.1" 200 -
52.167.144.139 - - [24/Sep/2023:04:47:25 -0500] "GET /BLA/resoluciones/AUTOS%202023/4238.pdf HTTP/1.1" 200 1639401
172.22.2.4 - - [24/Sep/2023:04:46:44 -0500] "HEAD /BLA/boletinlegal/ HTTP/1.1" 200 -
201.245.192.253 - - [24/Sep/2023:04:48:38 -0500] "POST /kwsrmcab/Wsrmcab  HTTP/1.1" 200 41265
172.22.2.4 - - [24/Sep/2023:04:47:35 -0500] "GET /BLA/boletinlegal/ HTTP/1.1" 200 60342
216.245.221.92 - - [24/Sep/2023:04:50:57 -0500] "HEAD / HTTP/1.1" 200 -
66.249.66.192 - - [24/Sep/2023:04:53:33 -0500] "GET /mejora-tu-bienestar-con-las-caminatas-ecologicas-%C3%82%C2%A1conoce-la-programacion-de-agosto.html HTTP/1.1" 200 873
201.245.192.253 - - [24/Sep/2023:04:53:38 -0500] "POST /kwsrmcab/Wsrmcab  HTTP/1.1" 200 41265
172.22.2.4 - - [24/Sep/2023:04:52:35 -0500] "HEAD /BLA/boletinlegal/ HTTP/1.1" 200 -
172.22.2.4 - - [24/Sep/2023:04:54:27 -0500] "GET /BLA/boletinlegal/Directivas/2009/Directiva%20No.%20del%2023%20de%20Diciembre%20de%202009.pdf HTTP/1.1" 304 -
172.22.2.4 - - [24/Sep/2023:04:54:27 -0500] "GET /BLA/boletinlegal/robots.txt HTTP/1.1" 404 1037
172.22.2.4 - - [24/Sep/2023:04:53:25 -0500] "GET /BLA/boletinlegal/ HTTP/1.1" 200 60692
216.245.221.92 - - [24/Sep/2023:04:55:57 -0500] "HEAD / HTTP/1.1" 200 -
201.245.192.253 - - [24/Sep/2023:04:58:37 -0500] "POST /kwsrmcab/Wsrmcab  HTTP/1.1" 200 41265
52.167.144.236 - - [24/Sep/2023:04:59:18 -0500] "GET /portaldeninos/humedal-cordoba-2/ HTTP/1.1" 200 88041
40.77.167.57 - - [24/Sep/2023:04:59:35 -0500] "GET /portaldeninos/wp-content/plugins/gallery-videos/CSS/Total-Soft-Gallery-Video-Widget.css?ver=4.9.8 HTTP/1.1" 200 51554
40.77.167.57 - - [24/Sep/2023:04:59:35 -0500] "GET /portaldeninos/wp-content/plugins/gallery-videos/CSS/totalsoft.css?ver=4.9.8 HTTP/1.1" 200 40622
40.77.167.57 - - [24/Sep/2023:04:59:36 -0500] "GET /portaldeninos/wp-content/plugins/gallery-videos/JS/modernizr.custom.js?ver=4.9.8 HTTP/1.1" 200 9019
40.77.167.57 - - [24/Sep/2023:04:59:36 -0500] "GET /portaldeninos/wp-content/themes/betheme/assets/jplayer/css/jplayer.blue.monday.css?ver=20.9.6 HTTP/1.1" 200 9834
40.77.167.57 - - [24/Sep/2023:04:59:36 -0500] "GET /portaldeninos/wp-content/themes/betheme/assets/ui/jquery.ui.all.css?ver=20.9.6 HTTP/1.1" 200 18765
40.77.167.57 - - [24/Sep/2023:04:59:36 -0500] "GET /portaldeninos/wp-content/themes/betheme/css/base.css?ver=20.9.6 HTTP/1.1" 200 57283
40.77.167.57 - - [24/Sep/2023:04:59:37 -0500] "GET /portaldeninos/wp-content/themes/betheme/css/layout.css?ver=20.9.6 HTTP/1.1" 200 116639
40.77.167.57 - - [24/Sep/2023:04:59:37 -0500] "GET /portaldeninos/wp-content/themes/betheme/css/responsive.css?ver=20.9.6 HTTP/1.1" 200 55740
40.77.167.57 - - [24/Sep/2023:04:59:38 -0500] "GET /portaldeninos/wp-content/themes/betheme/js/scripts.js?ver=20.9.6 HTTP/1.1" 200 77162
40.77.167.57 - - [24/Sep/2023:04:59:38 -0500] "GET /portaldeninos/wp-content/uploads/useanyfont/uaf.css?ver=1589905315 HTTP/1.1" 200 408
40.77.167.57 - - [24/Sep/2023:04:59:38 -0500] "GET /portaldeninos/wp-includes/js/jquery/jquery-migrate.min.js?ver=1.4.1 HTTP/1.1" 200 10056
40.77.167.57 - - [24/Sep/2023:04:59:39 -0500] "GET /portaldeninos/wp-includes/js/jquery/jquery.js?ver=1.12.4 HTTP/1.1" 200 97184
52.167.144.173 - - [24/Sep/2023:04:59:46 -0500] "GET /portaldeninos/wp-content/themes/betheme/assets/animations/animations.min.js?ver=20.9.6 HTTP/1.1" 200 1896
52.167.144.173 - - [24/Sep/2023:04:59:47 -0500] "GET /portaldeninos/wp-content/themes/betheme/assets/jplayer/jplayer.min.js?ver=20.9.6 HTTP/1.1" 200 52702
52.167.144.173 - - [24/Sep/2023:04:59:47 -0500] "GET /portaldeninos/wp-content/themes/betheme/css/shortcodes.css?ver=20.9.6 HTTP/1.1" 200 138889
52.167.144.173 - - [24/Sep/2023:04:59:47 -0500] "GET /portaldeninos/wp-content/themes/betheme/js/plugins.js?ver=20.9.6 HTTP/1.1" 200 197151
52.167.144.173 - - [24/Sep/2023:04:59:48 -0500] "GET /portaldeninos/wp-content/themes/betheme/style.css?ver=20.9.6 HTTP/1.1" 200 287
52.167.144.173 - - [24/Sep/2023:04:59:48 -0500] "GET /portaldeninos/wp-includes/js/jquery/ui/core.min.js?ver=1.11.4 HTTP/1.1" 200 4000
52.167.144.173 - - [24/Sep/2023:04:59:49 -0500] "GET /portaldeninos/wp-includes/js/jquery/ui/sortable.min.js?ver=1.11.4 HTTP/1.1" 200 24899
52.167.144.173 - - [24/Sep/2023:04:59:49 -0500] "GET /portaldeninos/wp-includes/js/wp-emoji-release.min.js?ver=4.9.8 HTTP/1.1" 200 12026
172.22.2.4 - - [24/Sep/2023:04:58:24 -0500] "HEAD /BLA/boletinlegal/ HTTP/1.1" 200 -
172.22.2.4 - - [24/Sep/2023:04:59:15 -0500] "GET /BLA/boletinlegal/ HTTP/1.1" 200 58187
216.245.221.92 - - [24/Sep/2023:05:00:57 -0500] "HEAD / HTTP/1.1" 200 -
207.46.13.154 - - [24/Sep/2023:05:01:11 -0500] "GET /BLA/resoluciones/AUTOS%202023/2559.pdf HTTP/1.1" 200 2381685
172.22.2.4 - - [24/Sep/2023:05:02:24 -0500] "GET /BLA/boletinlegal/ HTTP/1.1" 200 32715
201.245.192.253 - - [24/Sep/2023:05:03:36 -0500] "POST /kwsrmcab/Wsrmcab  HTTP/1.1" 200 41265
173.252.107.119 - - [24/Sep/2023:05:04:58 -0500] "GET /mas-de-60-personas-privadas-de-la-libertad-se-certificaron-como-dinamizadores-ambientales.html HTTP/1.1" 200 951
172.22.2.4 - - [24/Sep/2023:05:04:15 -0500] "HEAD /BLA/boletinlegal/ HTTP/1.1" 200 -
216.245.221.92 - - [24/Sep/2023:05:05:57 -0500] "HEAD / HTTP/1.1" 200 -
172.22.2.4 - - [24/Sep/2023:05:05:05 -0500] "GET /BLA/boletinlegal/ HTTP/1.1" 200 58187
201.245.192.253 - - [24/Sep/2023:05:08:35 -0500] "POST /kwsrmcab/Wsrmcab  HTTP/1.1" 200 41265
34.140.130.61 - - [24/Sep/2023:05:08:59 -0500] "GET / HTTP/1.1" 200 319
52.167.144.64 - - [24/Sep/2023:05:09:00 -0500] "GET /robots.txt HTTP/1.1" 404 1035
172.22.2.4 - - [24/Sep/2023:05:08:36 -0500] "GET /BLA/boletinlegal/ HTTP/1.1" 200 61542
84.54.51.12 - - [24/Sep/2023:05:10:17 -0500] "CONNECT google.com:443 HTTP/1.1" 405 938
172.22.2.4 - - [24/Sep/2023:05:10:18 -0500] "GET /BLA/boletinlegal/js/jquery.js HTTP/1.1" 200 57254
216.245.221.92 - - [24/Sep/2023:05:10:57 -0500] "HEAD / HTTP/1.1" 200 -
157.55.39.54 - - [24/Sep/2023:05:11:10 -0500] "GET /Publicaciones/2023EE216759.pdf HTTP/1.1" 200 231597
172.22.2.4 - - [24/Sep/2023:05:10:04 -0500] "HEAD /BLA/boletinlegal/ HTTP/1.1" 200 -
69.63.189.118 - - [24/Sep/2023:05:11:49 -0500] "GET /participa-en-la-convocatoria-para-el-aseguramiento-metrologico-de-la-red-de-monitoreo-de-calidad-del-aire-de-bogota.html HTTP/1.1" 200 848
216.244.66.195 - - [24/Sep/2023:05:12:07 -0500] "GET /BLA/resoluciones/AUTOS%202022/1009.pdf HTTP/1.1" 200 2010647
172.22.2.4 - - [24/Sep/2023:05:10:55 -0500] "GET /BLA/boletinlegal/ HTTP/1.1" 200 60692
216.244.66.195 - - [24/Sep/2023:05:12:40 -0500] "GET /BLA/resoluciones/AUTOS%202022/1579.pdf HTTP/1.1" 200 404584
216.244.66.195 - - [24/Sep/2023:05:13:27 -0500] "GET /BLA/resoluciones/AUTOS%202022/1614.pdf HTTP/1.1" 200 493578
201.245.192.253 - - [24/Sep/2023:05:13:33 -0500] "POST /kwsrmcab/Wsrmcab  HTTP/1.1" 200 41265
216.244.66.195 - - [24/Sep/2023:05:14:10 -0500] "GET /BLA/resoluciones/AUTOS%202022/2104.pdf HTTP/1.1" 200 379524
216.244.66.195 - - [24/Sep/2023:05:15:00 -0500] "GET /BLA/resoluciones/AUTOS%202022/2192.pdf HTTP/1.1" 200 505372
216.244.66.195 - - [24/Sep/2023:05:15:50 -0500] "GET /BLA/resoluciones/AUTOS%202022/2316.pdf HTTP/1.1" 200 843631
216.245.221.92 - - [24/Sep/2023:05:15:57 -0500] "HEAD / HTTP/1.1" 200 -
40.77.188.247 - - [24/Sep/2023:05:16:12 -0500] "GET /portaldeninos/wp-content/themes/betheme/assets/animations/animations.min.css?ver=20.9.6 HTTP/1.1" 200 58508
40.77.188.247 - - [24/Sep/2023:05:16:13 -0500] "GET /portaldeninos/wp-includes/js/jquery/ui/widget.min.js?ver=1.11.4 HTTP/1.1" 200 6908
40.77.188.247 - - [24/Sep/2023:05:16:13 -0500] "GET /portaldeninos/wp-includes/js/jquery/ui/mouse.min.js?ver=1.11.4 HTTP/1.1" 200 3148
40.77.188.247 - - [24/Sep/2023:05:16:13 -0500] "GET /portaldeninos/wp-includes/js/jquery/ui/tabs.min.js?ver=1.11.4 HTTP/1.1" 200 12110
40.77.188.247 - - [24/Sep/2023:05:16:13 -0500] "GET /portaldeninos/wp-includes/js/jquery/ui/accordion.min.js?ver=1.11.4 HTTP/1.1" 200 8584
40.77.188.247 - - [24/Sep/2023:05:16:13 -0500] "GET /portaldeninos/wp-content/themes/betheme/js/menu.js?ver=20.9.6 HTTP/1.1" 200 2449
40.77.188.247 - - [24/Sep/2023:05:16:13 -0500] "GET /portaldeninos/wp-includes/js/wp-embed.min.js?ver=4.9.8 HTTP/1.1" 200 1398
40.77.188.247 - - [24/Sep/2023:05:16:14 -0500] "GET /portaldeninos/wp-content/themes/betheme/fonts/mfn-icons.woff?93978679 HTTP/1.1" 200 80932
172.22.2.4 - - [24/Sep/2023:05:16:16 -0500] "GET /BLA/boletinlegal/jurisprudencia/analisis/AnalisisT-693-12.docx HTTP/1.1" 200 25737
216.244.66.195 - - [24/Sep/2023:05:16:40 -0500] "GET /BLA/resoluciones/AUTOS%202022/2352.pdf HTTP/1.1" 200 393411
77.68.84.101 - - [24/Sep/2023:05:16:45 -0500] "\x16\x03\x01" 400 226
77.68.84.101 - - [24/Sep/2023:05:16:46 -0500] "\x16\x03\x01" 400 226
77.68.84.101 - - [24/Sep/2023:05:16:46 -0500] "GET / HTTP/1.1" 200 319
31.13.127.19 - - [24/Sep/2023:05:17:15 -0500] "GET /en-esta-navidad-bogota-esta-mejorando-con-mas-espacios-verdes-para-el-disfrute-de-la-ciudadania.html?fbclid=IwAR2KfqOIcPIBUOL8zRd2eJA0T1CYf0C50SKgAB0PetLZg7Qw7vmsdaP97Ds HTTP/1.1" 200 1114
31.13.115.2 - - [24/Sep/2023:05:17:21 -0500] "GET /en-esta-navidad-bogota-esta-mejorando-con-mas-espacios-verdes-para-el-disfrute-de-la-ciudadania.html?fbclid=IwAR07JB46ERCwk8dw3njzdHAsKD5vAN42wNOiCO1sV94DBmswrxo94APazis HTTP/1.1" 200 1114
216.244.66.195 - - [24/Sep/2023:05:17:26 -0500] "GET /BLA/resoluciones/AUTOS%202022/3049.pdf HTTP/1.1" 200 427844
172.22.2.4 - - [24/Sep/2023:05:15:54 -0500] "HEAD /BLA/boletinlegal/ HTTP/1.1" 200 -
188.165.87.101 - - [24/Sep/2023:05:17:36 -0500] "GET /Autoliquidacion/ HTTP/1.1" 200 7098
188.165.87.107 - - [24/Sep/2023:05:17:36 -0500] "GET /catalogoisis/ HTTP/1.1" 200 8575
188.165.87.111 - - [24/Sep/2023:05:17:36 -0500] "GET /BLA/boletinlegal/ HTTP/1.1" 200 16331
216.244.66.195 - - [24/Sep/2023:05:18:19 -0500] "GET /BLA/resoluciones/AUTOS%202022/3052.pdf HTTP/1.1" 200 406311
172.22.2.4 - - [24/Sep/2023:05:16:45 -0500] "GET /BLA/boletinlegal/ HTTP/1.1" 200 55844
201.245.192.253 - - [24/Sep/2023:05:18:32 -0500] "POST /kwsrmcab/Wsrmcab  HTTP/1.1" 200 41265
201.245.192.253 - - [24/Sep/2023:05:18:34 -0500] "POST /kwsrmcab/Wsrmcab HTTP/1.1" 200 40772
201.245.192.253 - - [24/Sep/2023:05:18:37 -0500] "POST /kwsrmcab/Wsrmcab HTTP/1.1" 200 41250
216.244.66.195 - - [24/Sep/2023:05:18:58 -0500] "GET /BLA/resoluciones/AUTOS%202022/3060.pdf HTTP/1.1" 200 356569
181.59.223.224 - - [24/Sep/2023:05:19:05 -0500] "GET /p4g-es-sin-duda-un-ejemplo-de-que-el-optimismo-es-posible-y-necesario-carolina-urrutia-secretaria-de-ambiente.html?fbclid=IwAR2VKYxUReeqV1LQGMlh5m7jBmTCRIGzDTqFYpmBVsFqNnFa4sYBu-JTKLY HTTP/1.1" 200 934
216.244.66.195 - - [24/Sep/2023:05:19:39 -0500] "GET /BLA/resoluciones/AUTOS%202022/3080.pdf HTTP/1.1" 200 372409
216.244.66.195 - - [24/Sep/2023:05:20:17 -0500] "GET /BLA/resoluciones/AUTOS%202022/3454.pdf HTTP/1.1" 200 430726
216.245.221.92 - - [24/Sep/2023:05:20:57 -0500] "HEAD / HTTP/1.1" 200 -
216.244.66.195 - - [24/Sep/2023:05:20:57 -0500] "GET /BLA/resoluciones/AUTOS%202022/3619.pdf HTTP/1.1" 200 991929
216.244.66.195 - - [24/Sep/2023:05:21:42 -0500] "GET /BLA/resoluciones/AUTOS%202022/3792.pdf HTTP/1.1" 200 423773
216.244.66.195 - - [24/Sep/2023:05:22:15 -0500] "GET /BLA/resoluciones/AUTOS%202022/4401.pdf HTTP/1.1" 200 1310475
216.244.66.195 - - [24/Sep/2023:05:22:52 -0500] "GET /BLA/resoluciones/AUTOS%202022/4428.pdf HTTP/1.1" 200 652012
172.22.2.4 - - [24/Sep/2023:05:21:44 -0500] "HEAD /BLA/boletinlegal/ HTTP/1.1" 200 -
216.244.66.195 - - [24/Sep/2023:05:23:26 -0500] "GET /BLA/resoluciones/AUTOS%202022/4751.pdf HTTP/1.1" 200 395101
201.245.192.253 - - [24/Sep/2023:05:23:32 -0500] "POST /kwsrmcab/Wsrmcab  HTTP/1.1" 200 41265
216.244.66.195 - - [24/Sep/2023:05:23:56 -0500] "GET /BLA/resoluciones/AUTOS%202022/5030.pdf HTTP/1.1" 200 487966
172.22.2.4 - - [24/Sep/2023:05:22:35 -0500] "GET /BLA/boletinlegal/ HTTP/1.1" 200 58187
52.167.144.195 - - [24/Sep/2023:05:24:17 -0500] "GET /Publicaciones/2023EE217011.pdf HTTP/1.1" 200 284444
216.244.66.195 - - [24/Sep/2023:05:24:26 -0500] "GET /BLA/resoluciones/AUTOS%202022/5183.pdf HTTP/1.1" 200 835455
216.244.66.195 - - [24/Sep/2023:05:24:54 -0500] "GET /BLA/resoluciones/AUTOS%202022/5364.pdf HTTP/1.1" 200 423809
216.244.66.195 - - [24/Sep/2023:05:25:20 -0500] "GET /BLA/resoluciones/AUTOS%202022/5489.pdf HTTP/1.1" 200 401248
216.244.66.195 - - [24/Sep/2023:05:25:46 -0500] "GET /BLA/resoluciones/AUTOS%202022/5619.pdf HTTP/1.1" 200 372814
168.119.52.80 - - [24/Sep/2023:05:25:53 -0500] "GET / HTTP/1.1" 200 319
216.245.221.92 - - [24/Sep/2023:05:25:57 -0500] "HEAD / HTTP/1.1" 200 -
66.249.70.196 - - [24/Sep/2023:05:26:05 -0500] "GET /resoluciones/RESOLUCIONES%202008/3741.pdf HTTP/1.1" 404 1018
216.244.66.195 - - [24/Sep/2023:05:26:10 -0500] "GET /BLA/resoluciones/AUTOS%202023/0111.pdf HTTP/1.1" 200 1021667
216.244.66.195 - - [24/Sep/2023:05:26:34 -0500] "GET /BLA/resoluciones/AUTOS%202023/0713.pdf HTTP/1.1" 200 1160124
216.244.66.195 - - [24/Sep/2023:05:26:57 -0500] "GET /BLA/resoluciones/AUTOS%202023/1158.pdf HTTP/1.1" 200 395288
201.245.192.253 - - [24/Sep/2023:05:28:30 -0500] "POST /kwsrmcab/Wsrmcab  HTTP/1.1" 200 41265
201.245.192.253 - - [24/Sep/2023:05:28:34 -0500] "POST /kwsrmcab/Wsrmcab HTTP/1.1" 200 40772
201.245.192.253 - - [24/Sep/2023:05:28:37 -0500] "POST /kwsrmcab/Wsrmcab HTTP/1.1" 200 41250
172.22.2.4 - - [24/Sep/2023:05:27:34 -0500] "HEAD /BLA/boletinlegal/ HTTP/1.1" 200 -
157.90.251.233 - - [24/Sep/2023:05:29:29 -0500] "GET / HTTP/1.1" 200 319
172.22.2.4 - - [24/Sep/2023:05:29:29 -0500] "GET /BLA/boletinlegal/actos.php HTTP/1.1" 200 9682
172.22.2.4 - - [24/Sep/2023:05:28:25 -0500] "GET /BLA/boletinlegal/ HTTP/1.1" 200 55460
216.245.221.92 - - [24/Sep/2023:05:30:57 -0500] "HEAD / HTTP/1.1" 200 -
216.244.66.195 - - [24/Sep/2023:05:32:28 -0500] "GET /robots.txt HTTP/1.1" 404 1018
8.222.220.181 - - [24/Sep/2023:05:33:19 -0500] "GET /galeria/galeria/fotos/2CaminataP5.jpg HTTP/1.1" 200 28121
201.245.192.253 - - [24/Sep/2023:05:33:29 -0500] "POST /kwsrmcab/Wsrmcab  HTTP/1.1" 200 41265
66.249.70.196 - - [24/Sep/2023:05:34:53 -0500] "GET /BLA/resoluciones/RESOLUCIONES%202009/3479.pdf HTTP/1.1" 200 664395
172.22.2.4 - - [24/Sep/2023:05:33:24 -0500] "HEAD /BLA/boletinlegal/ HTTP/1.1" 200 -
172.22.2.4 - - [24/Sep/2023:05:35:54 -0500] "GET /BLA/boletinlegal/Circulares/2013/Circular%20No.%205%20del%2013%20de%20junio%20de%202013.pdf HTTP/1.1" 200 110904
172.22.2.4 - - [24/Sep/2023:05:34:15 -0500] "GET /BLA/boletinlegal/ HTTP/1.1" 200 58187
216.245.221.92 - - [24/Sep/2023:05:35:57 -0500] "HEAD / HTTP/1.1" 200 -
66.249.70.196 - - [24/Sep/2023:05:37:34 -0500] "GET /BLA/resoluciones/RESOLUCIONES%202010/5234.pdf HTTP/1.1" 200 778733
172.22.2.4 - - [24/Sep/2023:05:36:37 -0500] "GET /BLA/boletinlegal/ HTTP/1.1" 200 62795
8.222.220.181 - - [24/Sep/2023:05:38:20 -0500] "GET /galeria/galeria/fotos/Humedal-la-conejera3P.jpg HTTP/1.1" 200 31355
201.245.192.253 - - [24/Sep/2023:05:38:28 -0500] "POST /kwsrmcab/Wsrmcab  HTTP/1.1" 200 41265
66.249.66.192 - - [24/Sep/2023:05:38:32 -0500] "GET /acuerdos-de-conservacion-herramienta-para-la-preservacion-y-conocimiento-de-la-biodiversidad.html HTTP/1.1" 200 865
201.245.192.253 - - [24/Sep/2023:05:38:35 -0500] "POST /kwsrmcab/Wsrmcab HTTP/1.1" 200 40772
201.245.192.253 - - [24/Sep/2023:05:38:38 -0500] "POST /kwsrmcab/Wsrmcab HTTP/1.1" 200 41250
172.22.2.4 - - [24/Sep/2023:05:39:48 -0500] "GET /BLA/boletinlegal/jurisprudencia/analisis/AnalisisT-693-12.docx HTTP/1.1" 304 -
3.95.55.47 - - [24/Sep/2023:05:40:24 -0500] "GET /portaldeninos/ HTTP/1.1" 200 110175
172.22.2.4 - - [24/Sep/2023:05:40:28 -0500] "GET /BLA/boletinlegal/actos.php HTTP/1.1" 200 9682
172.22.2.4 - - [24/Sep/2023:05:39:14 -0500] "HEAD /BLA/boletinlegal/ HTTP/1.1" 200 -
216.245.221.92 - - [24/Sep/2023:05:40:57 -0500] "HEAD / HTTP/1.1" 200 -
172.22.2.4 - - [24/Sep/2023:05:40:05 -0500] "GET /BLA/boletinlegal/ HTTP/1.1" 200 58187
207.46.13.124 - - [24/Sep/2023:05:42:57 -0500] "GET /Publicaciones/2023EE218930.pdf HTTP/1.1" 200 1794634
201.245.192.253 - - [24/Sep/2023:05:43:26 -0500] "POST /kwsrmcab/Wsrmcab  HTTP/1.1" 200 41265
216.245.221.92 - - [24/Sep/2023:05:45:57 -0500] "HEAD / HTTP/1.1" 200 -
172.22.2.4 - - [24/Sep/2023:05:45:04 -0500] "HEAD /BLA/boletinlegal/ HTTP/1.1" 200 -
52.167.144.20 - - [24/Sep/2023:05:47:14 -0500] "GET /BLA/resoluciones/AUTOS%202023/4208.pdf HTTP/1.1" 200 442648
172.22.2.4 - - [24/Sep/2023:05:45:55 -0500] "GET /BLA/boletinlegal/ HTTP/1.1" 200 60342
66.249.70.198 - - [24/Sep/2023:05:48:19 -0500] "GET /BLA/resoluciones/RESOLUCIONES%202008/5531.pdf HTTP/1.1" 200 237080
172.22.2.4 - - [24/Sep/2023:05:48:24 -0500] "GET /BLA/boletinlegal/.env HTTP/1.1" 404 1018
201.245.192.253 - - [24/Sep/2023:05:48:26 -0500] "POST /kwsrmcab/Wsrmcab  HTTP/1.1" 200 41265
172.22.2.4 - - [24/Sep/2023:05:48:25 -0500] "POST /BLA/boletinlegal/ HTTP/1.1" 200 24523
172.22.2.4 - - [24/Sep/2023:05:49:57 -0500] "GET /BLA/boletinlegal/ HTTP/1.1" 200 32715
216.245.221.92 - - [24/Sep/2023:05:50:57 -0500] "HEAD / HTTP/1.1" 200 -
40.77.167.65 - - [24/Sep/2023:05:51:35 -0500] "GET /portaldeninos/wp-content/uploads/2019/09/Sangregado-%C3%A1rboles.jpg HTTP/1.1" 200 302240
172.22.2.4 - - [24/Sep/2023:05:50:54 -0500] "HEAD /BLA/boletinlegal/ HTTP/1.1" 200 -
172.22.2.4 - - [24/Sep/2023:05:51:45 -0500] "GET /BLA/boletinlegal/ HTTP/1.1" 200 57790
201.245.192.253 - - [24/Sep/2023:05:53:25 -0500] "POST /kwsrmcab/Wsrmcab  HTTP/1.1" 200 41265
52.167.144.186 - - [24/Sep/2023:05:53:40 -0500] "GET /portaldeninos/ HTTP/1.1" 200 110175
40.77.167.52 - - [24/Sep/2023:05:54:00 -0500] "GET /portaldeninos/wp-content/plugins/popup-maker/assets/css/site.min.css?ver=1.8.14 HTTP/1.1" 200 8260
40.77.167.52 - - [24/Sep/2023:05:54:00 -0500] "GET /portaldeninos/wp-includes/js/jquery/ui/position.min.js?ver=1.11.4 HTTP/1.1" 200 6527
40.77.167.65 - - [24/Sep/2023:05:54:05 -0500] "GET /portaldeninos/wp-content/plugins/popup-maker/assets/js/site.min.js?defer&ver=1.8.14 HTTP/1.1" 200 48457
52.167.144.186 - - [24/Sep/2023:05:54:05 -0500] "GET /portaldeninos/wp-content/themes/betheme/fonts/mfn-icons.ttf?93978679 HTTP/1.1" 200 124684
52.167.144.186 - - [24/Sep/2023:05:54:05 -0500] "GET /portaldeninos/wp-content/uploads/2019/06/CabezoteAMBIENTIC.mp4 HTTP/1.1" 200 21677757
165.154.162.212 - - [24/Sep/2023:05:54:26 -0500] "GET / HTTP/1.1" 200 319
165.154.162.212 - - [24/Sep/2023:05:54:27 -0500] "\x16\x03\x01" 400 226
52.167.144.186 - - [24/Sep/2023:05:54:30 -0500] "GET /portaldeninos/wp-content/uploads/2023/08/Infografia-Web-Infantil.mp4 HTTP/1.1" 200 24138647
172.22.2.4 - - [24/Sep/2023:05:54:55 -0500] "GET /BLA/boletinlegal/robots.txt HTTP/1.1" 404 1038
216.245.221.92 - - [24/Sep/2023:05:55:57 -0500] "HEAD / HTTP/1.1" 200 -
172.22.2.4 - - [24/Sep/2023:05:54:56 -0500] "GET /BLA/boletinlegal/index.php HTTP/1.1" 200 62795
66.249.70.196 - - [24/Sep/2023:05:57:07 -0500] "GET /BLA/resoluciones/RESOLUCIONES%202009/5481.pdf HTTP/1.1" 200 499241
69.63.189.116 - - [24/Sep/2023:05:57:18 -0500] "GET /images/pieza-voluntariado-ambiental.jpeg HTTP/1.1" 200 51125
172.22.2.4 - - [24/Sep/2023:05:56:44 -0500] "HEAD /BLA/boletinlegal/ HTTP/1.1" 200 -
201.245.192.253 - - [24/Sep/2023:05:58:24 -0500] "POST /kwsrmcab/Wsrmcab  HTTP/1.1" 200 41265
66.249.70.197 - - [24/Sep/2023:05:59:10 -0500] "GET /BLA/resoluciones/RESOLUCIONES%202010/6313.pdf HTTP/1.1" 200 2490023
172.22.2.4 - - [24/Sep/2023:05:57:35 -0500] "GET /BLA/boletinlegal/ HTTP/1.1" 200 58187
216.244.66.195 - - [24/Sep/2023:06:00:17 -0500] "GET /BLA/resoluciones/AUTOS%202022/1273.pdf HTTP/1.1" 200 388700
173.252.79.120 - - [24/Sep/2023:06:00:57 -0500] "GET /images/pl\xc3\xa1sticos%20foto%201..jpg HTTP/1.1" 404 1034
216.245.221.92 - - [24/Sep/2023:06:00:57 -0500] "HEAD / HTTP/1.1" 200 -
216.244.66.195 - - [24/Sep/2023:06:01:01 -0500] "GET /BLA/resoluciones/AUTOS%202022/1496.pdf HTTP/1.1" 200 546054
216.244.66.195 - - [24/Sep/2023:06:01:45 -0500] "GET /BLA/resoluciones/AUTOS%202022/1497.pdf HTTP/1.1" 200 533225
165.154.119.19 - - [24/Sep/2023:06:02:15 -0500] "GET / HTTP/1.1" 200 319
165.154.119.19 - - [24/Sep/2023:06:02:15 -0500] "GET /favicon.ico HTTP/1.1" 200 7782
165.154.119.19 - - [24/Sep/2023:06:02:16 -0500] "GET /sitemap.xml HTTP/1.1" 404 1018
165.154.119.19 - - [24/Sep/2023:06:02:17 -0500] "GET /robots.txt HTTP/1.1" 404 1018
165.154.119.19 - - [24/Sep/2023:06:02:17 -0500] "GET /axis2-admin/ HTTP/1.1" 404 1018
165.154.119.19 - - [24/Sep/2023:06:02:18 -0500] "GET /axis2/ HTTP/1.1" 404 1018
165.154.119.19 - - [24/Sep/2023:06:02:19 -0500] "GET /axis2/axis2-admin/ HTTP/1.1" 404 1018
216.244.66.195 - - [24/Sep/2023:06:02:30 -0500] "GET /BLA/resoluciones/AUTOS%202022/1867.pdf HTTP/1.1" 200 381757
173.252.107.119 - - [24/Sep/2023:06:02:46 -0500] "GET /primer-festival-de-la-papa-nativa-en-el-jardin-botanico-conozca-pruebe-y-disfrute-estos-manjares-criollos-y-saludables.html HTTP/1.1" 200 1116
216.244.66.195 - - [24/Sep/2023:06:03:12 -0500] "GET /BLA/resoluciones/AUTOS%202022/1870.pdf HTTP/1.1" 200 379709
66.249.70.196 - - [24/Sep/2023:06:03:22 -0500] "GET /BLA/resoluciones/RESOLUCIONES%202010/6152.pdf HTTP/1.1" 200 655796
201.245.192.253 - - [24/Sep/2023:06:03:23 -0500] "POST /kwsrmcab/Wsrmcab  HTTP/1.1" 200 41265
216.244.66.195 - - [24/Sep/2023:06:03:45 -0500] "GET /BLA/resoluciones/AUTOS%202022/2025.pdf HTTP/1.1" 200 394737
172.22.2.4 - - [24/Sep/2023:06:02:34 -0500] "HEAD /BLA/boletinlegal/ HTTP/1.1" 200 -
216.244.66.195 - - [24/Sep/2023:06:04:18 -0500] "GET /BLA/resoluciones/AUTOS%202022/2032.pdf HTTP/1.1" 200 393851
216.244.66.195 - - [24/Sep/2023:06:04:47 -0500] "GET /BLA/resoluciones/AUTOS%202022/2051.pdf HTTP/1.1" 200 354043
172.22.2.4 - - [24/Sep/2023:06:03:25 -0500] "GET /BLA/boletinlegal/ HTTP/1.1" 200 58187
216.244.66.195 - - [24/Sep/2023:06:05:17 -0500] "GET /BLA/resoluciones/AUTOS%202022/2078.pdf HTTP/1.1" 200 429648
216.244.66.195 - - [24/Sep/2023:06:05:44 -0500] "GET /BLA/resoluciones/AUTOS%202022/2106.pdf HTTP/1.1" 200 436195
216.245.221.92 - - [24/Sep/2023:06:05:57 -0500] "HEAD / HTTP/1.1" 200 -
216.244.66.195 - - [24/Sep/2023:06:06:11 -0500] "GET /BLA/resoluciones/AUTOS%202022/2173.pdf HTTP/1.1" 200 395096
216.244.66.195 - - [24/Sep/2023:06:06:36 -0500] "GET /BLA/resoluciones/AUTOS%202022/2443.pdf HTTP/1.1" 200 498343
216.244.66.195 - - [24/Sep/2023:06:07:01 -0500] "GET /BLA/resoluciones/AUTOS%202022/2854.pdf HTTP/1.1" 200 1547888
216.244.66.195 - - [24/Sep/2023:06:07:26 -0500] "GET /BLA/resoluciones/AUTOS%202022/2947.pdf HTTP/1.1" 200 547148
216.244.66.195 - - [24/Sep/2023:06:07:48 -0500] "GET /BLA/resoluciones/AUTOS%202022/2961.pdf HTTP/1.1" 200 382981
66.249.66.194 - - [24/Sep/2023:06:08:01 -0500] "GET /caminos-de-los-cerros-cerrados-este-fin-de-semana.html HTTP/1.1" 200 792
216.244.66.195 - - [24/Sep/2023:06:08:08 -0500] "GET /BLA/resoluciones/AUTOS%202022/2967.pdf HTTP/1.1" 200 397074
201.245.192.253 - - [24/Sep/2023:06:08:22 -0500] "POST /kwsrmcab/Wsrmcab  HTTP/1.1" 200 41265
216.244.66.195 - - [24/Sep/2023:06:08:29 -0500] "GET /BLA/resoluciones/AUTOS%202022/3003.pdf HTTP/1.1" 200 408477
216.244.66.195 - - [24/Sep/2023:06:08:47 -0500] "GET /BLA/resoluciones/AUTOS%202022/3062.pdf HTTP/1.1" 200 357557
52.167.144.66 - - [24/Sep/2023:06:08:54 -0500] "GET /robots.txt HTTP/1.1" 404 1018
207.46.13.54 - - [24/Sep/2023:06:08:59 -0500] "GET /BLA/resoluciones/AUTOS%202023/1774.pdf HTTP/1.1" 200 442488
216.244.66.195 - - [24/Sep/2023:06:09:05 -0500] "GET /BLA/resoluciones/AUTOS%202022/3093.pdf HTTP/1.1" 200 535171
216.244.66.195 - - [24/Sep/2023:06:09:21 -0500] "GET /BLA/resoluciones/AUTOS%202022/3331.pdf HTTP/1.1" 200 516375
216.244.66.195 - - [24/Sep/2023:06:09:37 -0500] "GET /BLA/resoluciones/AUTOS%202022/3470.pdf HTTP/1.1" 200 407024
216.244.66.195 - - [24/Sep/2023:06:09:53 -0500] "GET /BLA/resoluciones/AUTOS%202022/3596.pdf HTTP/1.1" 200 1629141
172.22.2.4 - - [24/Sep/2023:06:08:24 -0500] "HEAD /BLA/boletinlegal/ HTTP/1.1" 200 -
216.244.66.195 - - [24/Sep/2023:06:10:07 -0500] "GET /BLA/resoluciones/AUTOS%202022/3647.pdf HTTP/1.1" 200 407142
216.244.66.195 - - [24/Sep/2023:06:10:20 -0500] "GET /BLA/resoluciones/AUTOS%202022/4078.pdf HTTP/1.1" 200 1193268
40.77.188.91 - - [24/Sep/2023:06:10:22 -0500] "GET /portaldeninos/wp-content/themes/betheme/fonts/mfn-icons.woff?93978679 HTTP/1.1" 200 80932
40.77.188.91 - - [24/Sep/2023:06:10:25 -0500] "GET /portaldeninos/wp-json/pum/v1/analytics/?event=open&pid=1126&_cache=1695553766409 HTTP/1.1" 204 -
216.244.66.195 - - [24/Sep/2023:06:10:32 -0500] "GET /BLA/resoluciones/AUTOS%202022/4325.pdf HTTP/1.1" 200 1180037
40.77.188.91 - - [24/Sep/2023:06:10:21 -0500] "GET /portaldeninos/wp-content/uploads/2019/06/CabezoteAMBIENTIC.mp4 HTTP/1.1" 206 8943845
40.77.188.91 - - [24/Sep/2023:06:10:21 -0500] "GET /portaldeninos/wp-content/uploads/2023/08/Infografia-Web-Infantil.mp4 HTTP/1.1" 206 8804581
216.244.66.195 - - [24/Sep/2023:06:10:43 -0500] "GET /BLA/resoluciones/AUTOS%202022/4731.pdf HTTP/1.1" 200 391105
216.244.66.195 - - [24/Sep/2023:06:10:53 -0500] "GET /BLA/resoluciones/AUTOS%202022/4947.pdf HTTP/1.1" 200 358180
172.22.2.4 - - [24/Sep/2023:06:09:15 -0500] "GET /BLA/boletinlegal/ HTTP/1.1" 200 60342
216.245.221.92 - - [24/Sep/2023:06:10:57 -0500] "HEAD / HTTP/1.1" 200 -
216.244.66.195 - - [24/Sep/2023:06:11:01 -0500] "GET /BLA/resoluciones/AUTOS%202022/5019.pdf HTTP/1.1" 200 370205
216.244.66.195 - - [24/Sep/2023:06:11:15 -0500] "GET /BLA/resoluciones/AUTOS%202022/5150.pdf HTTP/1.1" 200 400431
216.244.66.195 - - [24/Sep/2023:06:11:25 -0500] "GET /BLA/resoluciones/AUTOS%202022/5394.pdf HTTP/1.1" 200 383504
216.244.66.195 - - [24/Sep/2023:06:11:35 -0500] "GET /BLA/resoluciones/AUTOS%202023/1678.pdf HTTP/1.1" 200 395854
216.244.66.195 - - [24/Sep/2023:06:11:43 -0500] "GET /BLA/resoluciones/AUTOS%202023/1736.pdf HTTP/1.1" 200 536059
216.244.66.195 - - [24/Sep/2023:06:11:50 -0500] "GET /BLA/resoluciones/AUTOS%202023/1745.pdf HTTP/1.1" 200 433800
216.244.66.195 - - [24/Sep/2023:06:12:08 -0500] "GET /BLA/resoluciones/AUTOS%202023/1820.pdf HTTP/1.1" 200 408701
216.244.66.195 - - [24/Sep/2023:06:12:22 -0500] "GET /BLA/resoluciones/AUTOS%202023/1987.pdf HTTP/1.1" 200 656878
216.244.66.195 - - [24/Sep/2023:06:12:36 -0500] "GET /BLA/resoluciones/AUTOS%202023/2395.pdf HTTP/1.1" 200 1416935
216.244.66.195 - - [24/Sep/2023:06:12:49 -0500] "GET /BLA/resoluciones/AUTOS%202023/2527.pdf HTTP/1.1" 200 1026208
216.244.66.195 - - [24/Sep/2023:06:13:00 -0500] "GET /BLA/resoluciones/AUTOS%202023/2580.pdf HTTP/1.1" 200 1320105
173.252.107.8 - - [24/Sep/2023:06:13:07 -0500] "GET /garza-azul-nueva-ave-registrada-en-el-humedal-el-burro.html HTTP/1.1" 200 890
216.244.66.195 - - [24/Sep/2023:06:13:11 -0500] "GET /BLA/resoluciones/AUTOS%202023/2778.pdf HTTP/1.1" 200 1623423
216.244.66.195 - - [24/Sep/2023:06:13:21 -0500] "GET /BLA/resoluciones/AUTOS%202023/2827.pdf HTTP/1.1" 200 410835
201.245.192.253 - - [24/Sep/2023:06:13:21 -0500] "POST /kwsrmcab/Wsrmcab  HTTP/1.1" 200 41265
216.244.66.195 - - [24/Sep/2023:06:13:29 -0500] "GET /BLA/resoluciones/AUTOS%202023/2859.pdf HTTP/1.1" 200 1340936
216.244.66.195 - - [24/Sep/2023:06:13:38 -0500] "GET /BLA/resoluciones/AUTOS%202023/2883.pdf HTTP/1.1" 200 422885
216.244.66.195 - - [24/Sep/2023:06:13:45 -0500] "GET /BLA/resoluciones/AUTOS%202023/2920.pdf HTTP/1.1" 200 412809
216.244.66.195 - - [24/Sep/2023:06:13:52 -0500] "GET /BLA/resoluciones/AUTOS%202023/3223.pdf HTTP/1.1" 200 342132
216.244.66.195 - - [24/Sep/2023:06:13:57 -0500] "GET /BLA/resoluciones/AUTOS%202023/3439.pdf HTTP/1.1" 200 690261
216.244.66.195 - - [24/Sep/2023:06:14:02 -0500] "GET /BLA/resoluciones/AUTOS%202023/3445.pdf HTTP/1.1" 200 3609640
216.244.66.195 - - [24/Sep/2023:06:14:10 -0500] "GET /BLA/resoluciones/AUTOS%202023/3507.pdf HTTP/1.1" 200 311360
216.244.66.195 - - [24/Sep/2023:06:14:17 -0500] "GET /BLA/resoluciones/AUTOS%202023/3524.pdf HTTP/1.1" 200 463194
216.244.66.195 - - [24/Sep/2023:06:14:24 -0500] "GET /BLA/resoluciones/AUTOS%202023/3856.pdf HTTP/1.1" 200 403613
216.244.66.195 - - [24/Sep/2023:06:14:29 -0500] "GET /BLA/resoluciones/RESOLUCIONES%202006/2239.tif HTTP/1.1" 200 151894
216.244.66.195 - - [24/Sep/2023:06:14:33 -0500] "GET /BLA/resoluciones/RESOLUCIONES%202020/0336.pdf HTTP/1.1" 200 374632
216.244.66.195 - - [24/Sep/2023:06:14:38 -0500] "GET /BLA/resoluciones/RESOLUCIONES%202020/1527.pdf HTTP/1.1" 200 395506
