201.245.192.253 - - [26/Sep/2023:12:22:01 -0500] "POST /forms/lservlet;jsessionid=ac16012b30d621c28f55bae248a79f78c828ebdefec0.e3iSbxaKaheRe34Pbx8Nc3aQci1ynknvrkLOlQzNp65In0 HTTP/1.1" 200 2
201.245.192.253 - - [26/Sep/2023:12:22:07 -0500] "POST /forms/lservlet;jsessionid=ac16012b30d63811a4d222c24ee08dfa92c60b979aae.e3iSbxaKaheRe34Pbx8Nc3aQci1ynknvrkLOlQzNp65In0 HTTP/1.1" 200 2
201.245.192.253 - - [26/Sep/2023:12:24:01 -0500] "POST /forms/lservlet;jsessionid=ac16012b30d621c28f55bae248a79f78c828ebdefec0.e3iSbxaKaheRe34Pbx8Nc3aQci1ynknvrkLOlQzNp65In0 HTTP/1.1" 200 2
201.245.192.253 - - [26/Sep/2023:12:24:07 -0500] "POST /forms/lservlet;jsessionid=ac16012b30d63811a4d222c24ee08dfa92c60b979aae.e3iSbxaKaheRe34Pbx8Nc3aQci1ynknvrkLOlQzNp65In0 HTTP/1.1" 200 2
201.245.192.253 - - [26/Sep/2023:12:24:06 -0500] "POST /kwsrmcab/Wsrmcab  HTTP/1.1" 200 43477
216.244.66.195 - - [26/Sep/2023:12:25:23 -0500] "GET /BLA/resoluciones/AUTOS%202021/3976.pdf HTTP/1.1" 200 695926
216.245.221.92 - - [26/Sep/2023:12:25:49 -0500] "HEAD / HTTP/1.1" 200 -
216.244.66.195 - - [26/Sep/2023:12:25:53 -0500] "GET /BLA/resoluciones/AUTOS%202021/4146.pdf HTTP/1.1" 200 353875
191.156.45.123 - - [26/Sep/2023:12:25:55 -0500] "GET /participa-en-la-convocatoria-para-el-aseguramiento-metrologico-de-la-red-de-monitoreo-de-calidad-del-aire-de-bogota.html HTTP/1.1" 200 848
201.245.192.253 - - [26/Sep/2023:12:26:01 -0500] "POST /forms/lservlet;jsessionid=ac16012b30d621c28f55bae248a79f78c828ebdefec0.e3iSbxaKaheRe34Pbx8Nc3aQci1ynknvrkLOlQzNp65In0 HTTP/1.1" 200 2
172.22.2.4 - - [26/Sep/2023:12:24:23 -0500] "HEAD /BLA/boletinlegal/ HTTP/1.1" 200 -
201.245.192.253 - - [26/Sep/2023:12:26:07 -0500] "POST /forms/lservlet;jsessionid=ac16012b30d63811a4d222c24ee08dfa92c60b979aae.e3iSbxaKaheRe34Pbx8Nc3aQci1ynknvrkLOlQzNp65In0 HTTP/1.1" 200 2
216.244.66.195 - - [26/Sep/2023:12:26:37 -0500] "GET /BLA/resoluciones/AUTOS%202021/4208.pdf HTTP/1.1" 200 416861
172.22.2.4 - - [26/Sep/2023:12:25:15 -0500] "GET /BLA/boletinlegal/ HTTP/1.1" 200 60692
152.200.172.17 - - [26/Sep/2023:12:27:23 -0500] "GET /galeria/galeria/jquery.fancybox.css?v=2.1.5 HTTP/1.1" 200 4895
216.244.66.195 - - [26/Sep/2023:12:27:24 -0500] "GET /BLA/resoluciones/AUTOS%202021/4218.pdf HTTP/1.1" 200 381982
190.60.254.220 - - [26/Sep/2023:12:27:34 -0500] "GET /sipse/faces/javax.faces.resource/theme.css?ln=primefaces-sipse HTTP/1.1" 304 -
190.60.254.220 - - [26/Sep/2023:12:27:34 -0500] "GET /sipse/faces/javax.faces.resource/primefaces.css?ln=primefaces&v=4.0 HTTP/1.1" 304 -
190.60.254.220 - - [26/Sep/2023:12:27:35 -0500] "GET /sipse/faces/javax.faces.resource/layout/layout.css?ln=primefaces&v=4.0 HTTP/1.1" 304 -
190.60.254.220 - - [26/Sep/2023:12:27:35 -0500] "GET /sipse/faces/javax.faces.resource/jquery/jquery.js?ln=primefaces&v=4.0 HTTP/1.1" 304 -
190.60.254.220 - - [26/Sep/2023:12:27:35 -0500] "GET /sipse/faces/javax.faces.resource/primefaces.js?ln=primefaces&v=4.0 HTTP/1.1" 304 -
190.60.254.220 - - [26/Sep/2023:12:27:35 -0500] "GET /sipse/faces/javax.faces.resource/jquery/jquery-plugins.js?ln=primefaces&v=4.0 HTTP/1.1" 304 -
190.60.254.220 - - [26/Sep/2023:12:27:35 -0500] "GET /sipse/faces/javax.faces.resource/layout/layout.js?ln=primefaces&v=4.0 HTTP/1.1" 304 -
190.60.254.220 - - [26/Sep/2023:12:27:35 -0500] "GET /sipse/faces/javax.faces.resource/images/ui-icons_898989_256x240.png?ln=primefaces-aristo HTTP/1.1" 304 -
190.60.254.220 - - [26/Sep/2023:12:27:35 -0500] "GET /sipse/faces/faces/index.xhtml HTTP/1.1" 200 677
190.60.254.220 - - [26/Sep/2023:12:27:35 -0500] "GET /sipse/faces/javax.faces.resource/theme.css?ln=primefaces-sipse HTTP/1.1" 304 -
190.60.254.220 - - [26/Sep/2023:12:27:35 -0500] "GET /sipse/faces/faces/faces/autenticacion.xhtml HTTP/1.1" 200 12415
190.60.254.220 - - [26/Sep/2023:12:27:36 -0500] "GET /sipse/faces/javax.faces.resource/primefaces.css?ln=primefaces&v=4.0 HTTP/1.1" 304 -
190.60.254.220 - - [26/Sep/2023:12:27:36 -0500] "GET /sipse/faces/javax.faces.resource/theme.css?ln=primefaces-sipse HTTP/1.1" 304 -
190.60.254.220 - - [26/Sep/2023:12:27:36 -0500] "GET /sipse/faces/javax.faces.resource/layout/layout.css?ln=primefaces&v=4.0 HTTP/1.1" 304 -
190.60.254.220 - - [26/Sep/2023:12:27:36 -0500] "GET /sipse/faces/javax.faces.resource/jquery/jquery.js?ln=primefaces&v=4.0 HTTP/1.1" 304 -
190.60.254.220 - - [26/Sep/2023:12:27:36 -0500] "GET /sipse/faces/javax.faces.resource/jquery/jquery-plugins.js?ln=primefaces&v=4.0 HTTP/1.1" 304 -
190.60.254.220 - - [26/Sep/2023:12:27:36 -0500] "GET /sipse/faces/javax.faces.resource/primefaces.js?ln=primefaces&v=4.0 HTTP/1.1" 304 -
190.60.254.220 - - [26/Sep/2023:12:27:36 -0500] "GET /sipse/faces/javax.faces.resource/layout/layout.js?ln=primefaces&v=4.0 HTTP/1.1" 304 -
66.249.66.19 - - [26/Sep/2023:12:27:41 -0500] "GET /BLA/resoluciones/RESOLUCIONES%202011/3976.pdf HTTP/1.1" 200 792238
201.245.192.253 - - [26/Sep/2023:12:28:01 -0500] "POST /forms/lservlet;jsessionid=ac16012b30d621c28f55bae248a79f78c828ebdefec0.e3iSbxaKaheRe34Pbx8Nc3aQci1ynknvrkLOlQzNp65In0 HTTP/1.1" 200 2
201.245.192.253 - - [26/Sep/2023:12:28:07 -0500] "POST /forms/lservlet;jsessionid=ac16012b30d63811a4d222c24ee08dfa92c60b979aae.e3iSbxaKaheRe34Pbx8Nc3aQci1ynknvrkLOlQzNp65In0 HTTP/1.1" 200 2
216.244.66.195 - - [26/Sep/2023:12:28:18 -0500] "GET /BLA/resoluciones/AUTOS%202021/4495.pdf HTTP/1.1" 200 366290
201.245.192.253 - - [26/Sep/2023:12:28:23 -0500] "POST /kwsrmcab/Wsrmcab HTTP/1.1" 200 42448
201.245.192.253 - - [26/Sep/2023:12:28:27 -0500] "POST /kwsrmcab/Wsrmcab HTTP/1.1" 200 42566
216.244.66.195 - - [26/Sep/2023:12:28:49 -0500] "GET /BLA/resoluciones/AUTOS%202021/4574.pdf HTTP/1.1" 200 427629
201.245.192.253 - - [26/Sep/2023:12:29:04 -0500] "POST /kwsrmcab/Wsrmcab  HTTP/1.1" 200 43477
190.27.144.181 - - [26/Sep/2023:12:29:29 -0500] "GET /sipse/faces/index.xhtml HTTP/1.1" 200 677
190.27.144.181 - - [26/Sep/2023:12:29:29 -0500] "GET /sipse/faces/javax.faces.resource/theme.css?ln=primefaces-sipse HTTP/1.1" 200 50058
190.27.144.181 - - [26/Sep/2023:12:29:29 -0500] "GET /favicon.ico HTTP/1.1" 200 7782
216.244.66.195 - - [26/Sep/2023:12:29:32 -0500] "GET /BLA/resoluciones/AUTOS%202021/4597.pdf HTTP/1.1" 200 403441
201.245.192.253 - - [26/Sep/2023:12:30:01 -0500] "POST /forms/lservlet;jsessionid=ac16012b30d621c28f55bae248a79f78c828ebdefec0.e3iSbxaKaheRe34Pbx8Nc3aQci1ynknvrkLOlQzNp65In0 HTTP/1.1" 200 2
201.245.192.253 - - [26/Sep/2023:12:30:07 -0500] "POST /forms/lservlet;jsessionid=ac16012b30d63811a4d222c24ee08dfa92c60b979aae.e3iSbxaKaheRe34Pbx8Nc3aQci1ynknvrkLOlQzNp65In0 HTTP/1.1" 200 2
216.244.66.195 - - [26/Sep/2023:12:30:16 -0500] "GET /BLA/resoluciones/AUTOS%202021/4624.pdf HTTP/1.1" 200 345492
216.245.221.92 - - [26/Sep/2023:12:30:49 -0500] "HEAD / HTTP/1.1" 200 -
216.244.66.195 - - [26/Sep/2023:12:31:01 -0500] "GET /BLA/resoluciones/AUTOS%202021/4626.pdf HTTP/1.1" 200 431921
216.244.66.195 - - [26/Sep/2023:12:31:42 -0500] "GET /BLA/resoluciones/AUTOS%202021/5292.pdf HTTP/1.1" 200 390051
172.22.2.4 - - [26/Sep/2023:12:30:13 -0500] "HEAD /BLA/boletinlegal/ HTTP/1.1" 200 -
173.252.127.9 - - [26/Sep/2023:12:31:54 -0500] "GET /bogota-empieza-la-consolidacion-de-la-estrategia-de-bosques-urbanos-con-el-brazo-salitre-en-barrios-unidos.html?utm_id=Agosto_2023&fbclid=IwAR0GoBEA3u_YhShuyhdM2HM5TV358sTiMnNVb96nagi8-40bf3HEgcdiHm4 HTTP/1.1" 200 892
201.245.192.253 - - [26/Sep/2023:12:32:01 -0500] "POST /forms/lservlet;jsessionid=ac16012b30d621c28f55bae248a79f78c828ebdefec0.e3iSbxaKaheRe34Pbx8Nc3aQci1ynknvrkLOlQzNp65In0 HTTP/1.1" 200 2
201.245.192.253 - - [26/Sep/2023:12:32:07 -0500] "POST /forms/lservlet;jsessionid=ac16012b30d63811a4d222c24ee08dfa92c60b979aae.e3iSbxaKaheRe34Pbx8Nc3aQci1ynknvrkLOlQzNp65In0 HTTP/1.1" 200 2
216.244.66.195 - - [26/Sep/2023:12:32:17 -0500] "GET /BLA/resoluciones/AUTOS%202021/5308.pdf HTTP/1.1" 200 398226
172.22.2.4 - - [26/Sep/2023:12:31:04 -0500] "GET /BLA/boletinlegal/ HTTP/1.1" 200 60692
216.244.66.195 - - [26/Sep/2023:12:32:51 -0500] "GET /BLA/resoluciones/AUTOS%202021/5579.pdf HTTP/1.1" 200 633684
216.244.66.195 - - [26/Sep/2023:12:33:35 -0500] "GET /BLA/resoluciones/AUTOS%202022/0129.pdf HTTP/1.1" 200 376220
172.22.2.4 - - [26/Sep/2023:12:33:43 -0500] "GET /BLA/boletinlegal/actos.php HTTP/1.1" 200 9682
201.245.192.253 - - [26/Sep/2023:12:34:01 -0500] "POST /forms/lservlet;jsessionid=ac16012b30d621c28f55bae248a79f78c828ebdefec0.e3iSbxaKaheRe34Pbx8Nc3aQci1ynknvrkLOlQzNp65In0 HTTP/1.1" 200 2
201.245.192.253 - - [26/Sep/2023:12:34:03 -0500] "POST /kwsrmcab/Wsrmcab  HTTP/1.1" 200 43477
201.245.192.253 - - [26/Sep/2023:12:34:07 -0500] "POST /forms/lservlet;jsessionid=ac16012b30d63811a4d222c24ee08dfa92c60b979aae.e3iSbxaKaheRe34Pbx8Nc3aQci1ynknvrkLOlQzNp65In0 HTTP/1.1" 200 2
216.244.66.195 - - [26/Sep/2023:12:34:18 -0500] "GET /BLA/resoluciones/AUTOS%202022/0391.pdf HTTP/1.1" 200 394843
216.244.66.195 - - [26/Sep/2023:12:34:57 -0500] "GET /BLA/resoluciones/AUTOS%202022/0448.pdf HTTP/1.1" 200 380442
216.244.66.195 - - [26/Sep/2023:12:35:30 -0500] "GET /BLA/resoluciones/AUTOS%202022/0459.pdf HTTP/1.1" 200 407060
216.245.221.92 - - [26/Sep/2023:12:35:49 -0500] "HEAD / HTTP/1.1" 200 -
201.245.192.253 - - [26/Sep/2023:12:36:01 -0500] "POST /forms/lservlet;jsessionid=ac16012b30d621c28f55bae248a79f78c828ebdefec0.e3iSbxaKaheRe34Pbx8Nc3aQci1ynknvrkLOlQzNp65In0 HTTP/1.1" 200 2
201.245.192.253 - - [26/Sep/2023:12:36:07 -0500] "POST /forms/lservlet;jsessionid=ac16012b30d63811a4d222c24ee08dfa92c60b979aae.e3iSbxaKaheRe34Pbx8Nc3aQci1ynknvrkLOlQzNp65In0 HTTP/1.1" 200 2
216.244.66.195 - - [26/Sep/2023:12:36:07 -0500] "GET /BLA/resoluciones/AUTOS%202022/1345.pdf HTTP/1.1" 200 373145
66.249.66.19 - - [26/Sep/2023:12:36:15 -0500] "GET /BLA/resoluciones/Autos%202008/2873.pdf HTTP/1.1" 200 228656
216.244.66.195 - - [26/Sep/2023:12:36:38 -0500] "GET /BLA/resoluciones/AUTOS%202022/1888.pdf HTTP/1.1" 200 1092993
216.244.66.195 - - [26/Sep/2023:12:37:21 -0500] "GET /BLA/resoluciones/AUTOS%202022/2321.pdf HTTP/1.1" 200 521623
172.22.2.4 - - [26/Sep/2023:12:36:03 -0500] "HEAD /BLA/boletinlegal/ HTTP/1.1" 200 -
216.244.66.195 - - [26/Sep/2023:12:37:51 -0500] "GET /BLA/resoluciones/AUTOS%202022/2511.pdf HTTP/1.1" 200 450792
201.245.192.253 - - [26/Sep/2023:12:38:01 -0500] "POST /forms/lservlet;jsessionid=ac16012b30d621c28f55bae248a79f78c828ebdefec0.e3iSbxaKaheRe34Pbx8Nc3aQci1ynknvrkLOlQzNp65In0 HTTP/1.1" 200 2
201.245.192.253 - - [26/Sep/2023:12:38:07 -0500] "POST /forms/lservlet;jsessionid=ac16012b30d63811a4d222c24ee08dfa92c60b979aae.e3iSbxaKaheRe34Pbx8Nc3aQci1ynknvrkLOlQzNp65In0 HTTP/1.1" 200 2
66.249.66.21 - - [26/Sep/2023:12:38:23 -0500] "GET /BLA/resoluciones/RESOLUCIONES%202010/7096.pdf HTTP/1.1" 200 267721
216.244.66.195 - - [26/Sep/2023:12:38:24 -0500] "GET /BLA/resoluciones/AUTOS%202022/2794.pdf HTTP/1.1" 200 360112
201.245.192.253 - - [26/Sep/2023:12:38:24 -0500] "POST /kwsrmcab/Wsrmcab HTTP/1.1" 200 42448
201.245.192.253 - - [26/Sep/2023:12:38:26 -0500] "POST /kwsrmcab/Wsrmcab HTTP/1.1" 200 42566
172.22.2.4 - - [26/Sep/2023:12:36:54 -0500] "GET /BLA/boletinlegal/ HTTP/1.1" 200 57790
216.244.66.195 - - [26/Sep/2023:12:38:52 -0500] "GET /BLA/resoluciones/AUTOS%202022/2872.pdf HTTP/1.1" 200 383389
201.245.192.253 - - [26/Sep/2023:12:39:03 -0500] "POST /kwsrmcab/Wsrmcab  HTTP/1.1" 200 43477
66.249.66.19 - - [26/Sep/2023:12:39:07 -0500] "GET /BLA/resoluciones/RESOLUCIONES%202010/6040.pdf HTTP/1.1" 200 42310
216.244.66.195 - - [26/Sep/2023:12:39:20 -0500] "GET /BLA/resoluciones/AUTOS%202022/2897.pdf HTTP/1.1" 200 456366
66.249.66.19 - - [26/Sep/2023:12:39:25 -0500] "GET /BLA/resoluciones/RESOLUCIONES%202011/3472.pdf HTTP/1.1" 200 538644
66.249.66.19 - - [26/Sep/2023:12:39:45 -0500] "GET /BLA/resoluciones/RESOLUCIONES%202009/0584.pdf HTTP/1.1" 200 334633
216.244.66.195 - - [26/Sep/2023:12:39:47 -0500] "GET /BLA/resoluciones/AUTOS%202022/2994.pdf HTTP/1.1" 200 389616
201.245.192.253 - - [26/Sep/2023:12:40:01 -0500] "POST /forms/lservlet;jsessionid=ac16012b30d621c28f55bae248a79f78c828ebdefec0.e3iSbxaKaheRe34Pbx8Nc3aQci1ynknvrkLOlQzNp65In0 HTTP/1.1" 200 2
201.245.192.253 - - [26/Sep/2023:12:40:07 -0500] "POST /forms/lservlet;jsessionid=ac16012b30d63811a4d222c24ee08dfa92c60b979aae.e3iSbxaKaheRe34Pbx8Nc3aQci1ynknvrkLOlQzNp65In0 HTTP/1.1" 200 2
216.244.66.195 - - [26/Sep/2023:12:40:12 -0500] "GET /BLA/resoluciones/AUTOS%202022/3087.pdf HTTP/1.1" 200 404801
66.249.66.20 - - [26/Sep/2023:12:40:17 -0500] "GET /BLA/resoluciones/RESOLUCIONES%202009/0632.pdf HTTP/1.1" 200 759165
216.244.66.195 - - [26/Sep/2023:12:40:37 -0500] "GET /BLA/resoluciones/AUTOS%202022/3118.pdf HTTP/1.1" 200 362722
186.102.107.156 - - [26/Sep/2023:12:40:46 -0500] "GET /kwssiamovil/sm/ldap/au?x=U2FsdGVkX1/dg3fgy31213iL6lHj+R6Nvw3R/9AW0kTdxI24760vdDOF0BFjPQjK&y=U2FsdGVkX1+wrqZfukUMZoHUdGQPRZwVaKa+jjHRsjQ= HTTP/1.1" 200 30
186.102.107.156 - - [26/Sep/2023:12:40:46 -0500] "GET /kwssiamovil/sm/acme/s?s=U2FsdGVkX18eauJaEu9zjZYLx3vkLUzlYZJs0JPijwwUUPh/LeotoPBNoOJuUNzor90qs+NIGTQ9zteW8MHks16+PwgJEQgkjf3ak6ARjng=&u=U2FsdGVkX1/5xBsf/7iQinj2uO3GbTcMtTuKWTnEGZ8=&y=U2FsdGVkX1+wrqZfukUMZoHUdGQPRZwVaKa+jjHRsjQ= HTTP/1.1" 200 97
186.102.107.156 - - [26/Sep/2023:12:40:46 -0500] "GET /kwssiamovil/sm/acme/s?s=U2FsdGVkX19y1CKxqDIkz72FaDSdZcZiHabeBXoREcxD1BYzCvVaqRQlaX6Kck35sdpySmGjGQQ+dB2ir15NvPGLgYHIGu+A8+V4nMTzrFxlLGJc3T1x+I3Up9w9pa1m+zxM5343jXhbLYnaN1wdiMsGA0kOKMS+KRrn2ipN/MKrf7IXB3p5J9vb7g7ippwa7S6BN6yhc2rbnySJ+KTDQ2hVHeHDzayBQjKhc9LEtqh+ebz0HdfoOVyZSt/5BPiSAZXnxoOevPA3mBZFovfaCnFAAqZqpJbPNLo1eZmGVR1NGmZUNpyIdzwDjftSGIkqaHd6S8lkKZ4MwP8/bLlGYcqDTPRcSRYNdHM2bRbIkLsTRzWyRiVrIm8SOVjcmDHbPrlpegI5haoxxD+jFw7yn8FzvtrpM0rtpZpfXhEgTApLZY/tA2tCJXCqjwMFeRAXzxAeELU8xAbgRNBUNi+as/doxCI4g/r6M7c/irq6QwpZaptanM4BbOXPxDRgm3lZktBuSdiagyzKZ+nGEhwLgC51RGBZlOl7Hus9llDc7HUXbvUNmD98sfXwvDs1iqz0VsfRAUzMSV+acx5abWcfe+z2IejbMDwbq0c/y6tfE+CNhcbpfl4oRS9MRmdParL2GrjNW2zG1JDLF3DvIgseJFwZrPcIS5+sfN/JYFraUQYIceSmmJpNW6Li7/vRdjRdih1cbD1reK/wMW17ind6p6x4xGARWUe9rTwecK2sZNujM2c3UAkLT8B7uNCGrmtNr7hhy0fHFV+3f51JgRNRNuPFMEakC1dMolbxc0YsfZ7NelpFVquuzhM6ffK5mcJL44ND5aKU+g2TzaenCEWZaEe3zEMqi4zQa43d8ag7qLJEogJROE1eSzvsTQg7RBCtKRjWKZBVGIlUaU+ywcuVCJ+CXmZ/JXG6GQUUqTtESKd7tCv13SuvtPO2/8vjfm7JPvwvR1l6tqzTkTml8nWWpNoSDTci8r/WbLEsf8R/eH6E+u395wUxFYAOgJGzuUjjkE/+G9onkrxhD5YUypcqDtedl/Diw0kAjQO7RB2pHMjlRU+uAs2ZtF4v7kZuZT1Ko9m7DabgbhkSHuimOqFzC0JzfGpdXgF7PPSLbZZ0/zxFK3P6QwYJozC9ufGAQRHTmrjdAXt3hoTM6fJw5q2vDQIW6/T6I1u9RSAli0N6/J2TwcfyRDyGS7YeeTqbHboaJQqo7K71g7eAWLW9TxR+g6SrjtmmyKzRFwQC5RuEL99tr41d2n4AdZoIuDsJsOI6DNGWs5LeMnqCQEqj7lY2lxcRPrwLPfOJmTe4VX24inzhZFFYX0gzTCOqD06mTjX7aTRphy4YhQBVV1J1ZsHcNoqab2IrK9NIp2+tCIB4dWerWj6rRnG8Rb+pjejBBZSb8xKslGYHsw0SFjJZFlOJ2N2KndBqnD3IZRGPlfaCJfI=&u=U2FsdGVkX1/5xBsf/7iQinj2uO3GbTcMtTuKWTnEGZ8=&y=U2FsdGVkX1+wrqZfukUMZoHUdGQPRZwVaKa+jjHRsjQ= HTTP/1.1" 200 4902
186.102.107.156 - - [26/Sep/2023:12:40:46 -0500] "GET /kwssiamovil/sm/acme/s?s=U2FsdGVkX18J6D02sXRGS/J0fvEP4wmePyVnDKpbBHaatsqeMMF2g7Ej9ZjiPSnrs4nTy2KqYUYqmH2dul2Q9eI7to1rJzLteaoBNswBSD293cCDT3jXXFnZPxybGEjTryjmshK62CMeubmYd5tkyVQs9RNiAW8T8gBHy9VlZzChF8tsBZul5q+P385aSf1ZASKhVCHcij1UycukeCP0Ob5TADg3btlzfjwK0XPdYE5oOM1dDNdJ2BRQos/LxquuLdNGM0cKUhp/hgMunN18Y0qoPvPrkjbYaI2Is7w01QcDJ1EZuASqo/ni6qBY5/UjdImWfZWgaI13RCiy1uqDkA==&u=U2FsdGVkX1/5xBsf/7iQinj2uO3GbTcMtTuKWTnEGZ8=&y=U2FsdGVkX1+wrqZfukUMZoHUdGQPRZwVaKa+jjHRsjQ= HTTP/1.1" 200 196
186.102.107.156 - - [26/Sep/2023:12:40:46 -0500] "GET /kwssiamovil/sm/cjson/pre?f=1&x=U2FsdGVkX1/dg3fgy31213iL6lHj+R6Nvw3R/9AW0kTdxI24760vdDOF0BFjPQjK HTTP/1.1" 200 31032
216.245.221.92 - - [26/Sep/2023:12:40:49 -0500] "HEAD / HTTP/1.1" 200 -
216.244.66.195 - - [26/Sep/2023:12:41:00 -0500] "GET /BLA/resoluciones/AUTOS%202022/3576.pdf HTTP/1.1" 200 1372437
186.102.107.156 - - [26/Sep/2023:12:41:17 -0500] "GET /kwssiamovil/sm/ldap/au?x=U2FsdGVkX19o0QvM3DMtxAt+adkolviEnN9XQSl9aG2NqM2NYgFCrzKNDeY7S0JQ&y=U2FsdGVkX18GFeLLEQob/zCspRxbAtl1q2ifdQ/i41w= HTTP/1.1" 200 30
186.102.107.156 - - [26/Sep/2023:12:41:17 -0500] "GET /kwssiamovil/sm/acme/s?s=U2FsdGVkX1/8jiJ7eg4PwhqkphXVDWdyNnmMHcLq32I7DxieCTUgt7xvLVwg6GU4mX/kusQhVaSAC4gLSoCsxemsKjwdhO4uHdBgNDdCEt8=&u=U2FsdGVkX1/unLV0ByHEZXy4Jii7MahPrVyfL0dW7ZQ=&y=U2FsdGVkX18GFeLLEQob/zCspRxbAtl1q2ifdQ/i41w= HTTP/1.1" 200 97
186.102.107.156 - - [26/Sep/2023:12:41:17 -0500] "GET /kwssiamovil/sm/acme/s?s=U2FsdGVkX1/IPpU3hoNVKWslM5SU3HYfzykBH4X/kHs9xhtBDMh6EqvymprAVQPUYWM590dBi1feoIm1QlSLoy8KfrJU2ySHe33KnKKsmWOc9Rew4K6lD+Ifm+wpEFLtXt8NPtVT1xDjYGSsiYtdEnD4vDNgkvjWqWsp8/gyXrWiZFm1E3rSGTfi4U3i2wKRuWATE5yErGlo3qoPPjMXNN24uIdXP8wUUiITREHHLwWeja/1X+gcgPf73TbN3I8fxR1VzBbo7+df6AjLOuknrCxrhzpopuANqWFdwlL3mHlgSfH9L9S/zFI4Uusat92ioydSmNFDsXA9dfBpdmxOQ3W6rJlQIMAYuSonyQn051hm3LM9BSr4jKR4LYqLeGRTjhkqGMJ4KMt4KA/f8SkmfML3rcDbvKKyQOCjqx8TmiqVewpGTYTZXMNG+Yp4PzRLcPPagqt4UE5FQuSU4m0Dq91Rj4KtW/J59DVGFy80MBIxgc34HSODRLbNAyxbsWZHeoSlAxZq3w4on6pWHqUVrxoYI4KRjscviCDyRhLmOsHDCFgAP95zBT6tR+NMdrgNyQCljidYD+NE+AStNcZhBQuNREBSG6+CpvaLkKG7BR4SM6Bb0zR4Qd2tNEqMVV6JVRlgXfmHHG5FOE5A3wokeTohTOushwwj9XyC2DfEtZX59cGMODUBZlKqTtqBXtQANkde0LOLiOkFqMrxfhqRv6VZkRv4MQrX1628ltWzOatTKkD18pMZydBAgduTj1bBa3zUZndqK9WTJ3R6nO6uabthpsmKhLGluB1eWtoQSpJqiFY+jzHN7Ple7Rh/uBfH33cMgyBaecX3cDEkIna8CbGNUQnFmnNLZ86V3tQhGiiCDQVrsDoTYkzeKsNGpdk9F1TXIi/AF/IlbgDjEBRpwgUgrN4vJtfCviwamqNqStCdyetI7sEZvFw14nB8pNkKxboS854LXQuCfiwIAyZngnz6PGCsp66zHzBRHyKEeuQgStCOXkLRjmSHKEQEse1DVOC60oVK9eA9UwXWRAbkIT4rvtmulVcx5ArgdTOy/WJf3IOfe+l7neSExNDxJG8qQA31YtXIVEf7+27xejSXXV2Q/bch3NpfjiilAKSFc95IXFKPSOkHucFemLIxfPFOscss79BmhDH6bcipOSQJY7vMnI0FXrNeSRlz+S9Z5kwlZiZo7kRWeedm6x+oH09MAqif+U0MXtMwpjc4cHOh/VEbPb/a070LQhYgKN0nWd6CEe5XOVVNLwpst2mCqBGZsCA9qVBEmeXtdGNxomCUgRDOoVNUashPuLXKU6APFlg2sJCc/QPR+M59ZAvP++q6IVttkRkmb050Y1qYbAurewW0Z5qIJpQumO/99yYwSsuS4P99RVR768+ePNWLUW6wzsg+zLV1a7rLfLPGlUtTL7L8Ouk/swizq3Ah5Ipv/3Q=&u=U2FsdGVkX1/unLV0ByHEZXy4Jii7MahPrVyfL0dW7ZQ=&y=U2FsdGVkX18GFeLLEQob/zCspRxbAtl1q2ifdQ/i41w= HTTP/1.1" 200 4902
186.102.107.156 - - [26/Sep/2023:12:41:17 -0500] "GET /kwssiamovil/sm/acme/s?s=U2FsdGVkX1+yWoZwXkWh6CzaAhgNWZqbCSf81AFOEiL53ZWv/pyco5vSDAUDaGRj0W5LeLHpGyH9fxpYKmmR+yc/ynQlqBai3Lx95vxGoh99o1ReQlLjaLGCNxc/wbxFZoKFbHdybksN3fSgQqownNIU94bN/nC2YI/+0sVObf+V0zzesTkqYFWAmMcE6lgumlnJod7R1C+3fhc3r9G0oXkr6R84EcnUCgHeobc5uxOXf7sKIxguKpO9EM75dVi5eyfZ/0OctkmuL8OP6oaEVhdjOls6trzSTRghCrToMoc5XqTzxNr7X/HZLS+1A7bPZZq7cVcVEItjpbyERz07Pg==&u=U2FsdGVkX1/unLV0ByHEZXy4Jii7MahPrVyfL0dW7ZQ=&y=U2FsdGVkX18GFeLLEQob/zCspRxbAtl1q2ifdQ/i41w= HTTP/1.1" 200 196
186.102.107.156 - - [26/Sep/2023:12:41:18 -0500] "GET /kwssiamovil/sm/cjson/pre?f=1&x=U2FsdGVkX19o0QvM3DMtxAt+adkolviEnN9XQSl9aG2NqM2NYgFCrzKNDeY7S0JQ HTTP/1.1" 200 31032
216.244.66.195 - - [26/Sep/2023:12:41:23 -0500] "GET /BLA/resoluciones/AUTOS%202022/3702.pdf HTTP/1.1" 200 375002
216.244.66.195 - - [26/Sep/2023:12:41:45 -0500] "GET /BLA/resoluciones/AUTOS%202022/4186.pdf HTTP/1.1" 200 461135
201.245.192.253 - - [26/Sep/2023:12:42:01 -0500] "POST /forms/lservlet;jsessionid=ac16012b30d621c28f55bae248a79f78c828ebdefec0.e3iSbxaKaheRe34Pbx8Nc3aQci1ynknvrkLOlQzNp65In0 HTTP/1.1" 200 2
190.60.254.220 - - [26/Sep/2023:12:42:01 -0500] "GET /sipse/faces/javax.faces.resource/theme.css?ln=primefaces-sipse HTTP/1.1" 304 -
190.60.254.220 - - [26/Sep/2023:12:42:01 -0500] "GET /sipse/faces/javax.faces.resource/layout/layout.css?ln=primefaces&v=4.0 HTTP/1.1" 304 -
190.60.254.220 - - [26/Sep/2023:12:42:01 -0500] "GET /sipse/faces/javax.faces.resource/primefaces.css?ln=primefaces&v=4.0 HTTP/1.1" 304 -
190.60.254.220 - - [26/Sep/2023:12:42:01 -0500] "GET /sipse/faces/javax.faces.resource/jquery/jquery.js?ln=primefaces&v=4.0 HTTP/1.1" 304 -
190.60.254.220 - - [26/Sep/2023:12:42:01 -0500] "GET /sipse/faces/javax.faces.resource/layout/layout.js?ln=primefaces&v=4.0 HTTP/1.1" 304 -
190.60.254.220 - - [26/Sep/2023:12:42:01 -0500] "GET /sipse/faces/javax.faces.resource/jquery/jquery-plugins.js?ln=primefaces&v=4.0 HTTP/1.1" 304 -
190.60.254.220 - - [26/Sep/2023:12:42:01 -0500] "GET /sipse/faces/javax.faces.resource/primefaces.js?ln=primefaces&v=4.0 HTTP/1.1" 304 -
190.60.254.220 - - [26/Sep/2023:12:42:02 -0500] "GET /sipse/faces/javax.faces.resource/images/ui-icons_898989_256x240.png?ln=primefaces-aristo HTTP/1.1" 304 -
190.60.254.220 - - [26/Sep/2023:12:42:02 -0500] "GET /sipse/faces/faces/faces/index.xhtml HTTP/1.1" 200 677
190.60.254.220 - - [26/Sep/2023:12:42:02 -0500] "GET /sipse/faces/javax.faces.resource/theme.css?ln=primefaces-sipse HTTP/1.1" 304 -
190.60.254.220 - - [26/Sep/2023:12:42:02 -0500] "GET /sipse/faces/faces/faces/faces/autenticacion.xhtml HTTP/1.1" 200 12415
190.60.254.220 - - [26/Sep/2023:12:42:02 -0500] "GET /sipse/faces/javax.faces.resource/theme.css?ln=primefaces-sipse HTTP/1.1" 304 -
190.60.254.220 - - [26/Sep/2023:12:42:02 -0500] "GET /sipse/faces/javax.faces.resource/jquery/jquery.js?ln=primefaces&v=4.0 HTTP/1.1" 304 -
190.60.254.220 - - [26/Sep/2023:12:42:02 -0500] "GET /sipse/faces/javax.faces.resource/layout/layout.css?ln=primefaces&v=4.0 HTTP/1.1" 304 -
190.60.254.220 - - [26/Sep/2023:12:42:02 -0500] "GET /sipse/faces/javax.faces.resource/primefaces.css?ln=primefaces&v=4.0 HTTP/1.1" 304 -
190.60.254.220 - - [26/Sep/2023:12:42:02 -0500] "GET /sipse/faces/javax.faces.resource/jquery/jquery-plugins.js?ln=primefaces&v=4.0 HTTP/1.1" 304 -
190.60.254.220 - - [26/Sep/2023:12:42:02 -0500] "GET /sipse/faces/javax.faces.resource/primefaces.js?ln=primefaces&v=4.0 HTTP/1.1" 304 -
190.60.254.220 - - [26/Sep/2023:12:42:02 -0500] "GET /sipse/faces/javax.faces.resource/layout/layout.js?ln=primefaces&v=4.0 HTTP/1.1" 304 -
216.244.66.195 - - [26/Sep/2023:12:42:05 -0500] "GET /BLA/resoluciones/AUTOS%202022/4798.pdf HTTP/1.1" 200 398607
201.245.192.253 - - [26/Sep/2023:12:42:07 -0500] "POST /forms/lservlet;jsessionid=ac16012b30d63811a4d222c24ee08dfa92c60b979aae.e3iSbxaKaheRe34Pbx8Nc3aQci1ynknvrkLOlQzNp65In0 HTTP/1.1" 200 2
190.60.254.220 - - [26/Sep/2023:12:42:07 -0500] "POST /sipse/faces/autenticacion.xhtml HTTP/1.1" 200 2220
190.60.254.220 - - [26/Sep/2023:12:42:07 -0500] "GET /sipse/faces/javax.faces.resource/messages/messages.png?ln=primefaces&v=4.0 HTTP/1.1" 304 -
190.60.254.220 - - [26/Sep/2023:12:42:09 -0500] "POST /sipse/faces/autenticacion.xhtml HTTP/1.1" 200 2224
190.60.254.220 - - [26/Sep/2023:12:42:14 -0500] "GET /sipse/faces/javax.faces.resource/images/ui-icons_898989_256x240.png?ln=primefaces-aristo HTTP/1.1" 304 -
190.60.254.220 - - [26/Sep/2023:12:42:14 -0500] "POST /sipse/faces/autenticacion.xhtml HTTP/1.1" 200 16384
190.60.254.220 - - [26/Sep/2023:12:42:14 -0500] "GET /sipse/faces/javax.faces.resource/layout/layout.css?ln=primefaces&v=4.0 HTTP/1.1" 304 -
190.60.254.220 - - [26/Sep/2023:12:42:14 -0500] "GET /sipse/faces/javax.faces.resource/theme.css?ln=primefaces-sipse HTTP/1.1" 304 -
190.60.254.220 - - [26/Sep/2023:12:42:14 -0500] "GET /sipse/faces/javax.faces.resource/primefaces.css?ln=primefaces&v=4.0 HTTP/1.1" 304 -
190.60.254.220 - - [26/Sep/2023:12:42:14 -0500] "GET /sipse/faces/javax.faces.resource/jquery/jquery.js?ln=primefaces&v=4.0 HTTP/1.1" 304 -
190.60.254.220 - - [26/Sep/2023:12:42:15 -0500] "GET /sipse/faces/javax.faces.resource/jquery/jquery-plugins.js?ln=primefaces&v=4.0 HTTP/1.1" 304 -
190.60.254.220 - - [26/Sep/2023:12:42:15 -0500] "GET /sipse/faces/javax.faces.resource/primefaces.js?ln=primefaces&v=4.0 HTTP/1.1" 304 -
190.60.254.220 - - [26/Sep/2023:12:42:15 -0500] "GET /sipse/faces/javax.faces.resource/layout/layout.js?ln=primefaces&v=4.0 HTTP/1.1" 304 -
190.60.254.220 - - [26/Sep/2023:12:42:15 -0500] "GET /sipse/css/imagen/contrasena.png HTTP/1.1" 404 383
190.60.254.220 - - [26/Sep/2023:12:42:21 -0500] "GET /sipse/faces/javax.faces.resource/images/ui-bg_flat_0_2d5972_40x100.png?ln=primefaces-aristo HTTP/1.1" 304 -
190.60.254.220 - - [26/Sep/2023:12:42:21 -0500] "POST /sipse/faces/bienvenido.xhtml HTTP/1.1" 200 2073
216.244.66.195 - - [26/Sep/2023:12:42:25 -0500] "GET /BLA/resoluciones/AUTOS%202022/4887.pdf HTTP/1.1" 200 401562
190.60.254.220 - - [26/Sep/2023:12:42:25 -0500] "POST /sipse/faces/bienvenido.xhtml HTTP/1.1" 200 39027
190.60.254.220 - - [26/Sep/2023:12:42:26 -0500] "GET /sipse/faces/javax.faces.resource/theme.css?ln=primefaces-sipse HTTP/1.1" 304 -
190.60.254.220 - - [26/Sep/2023:12:42:26 -0500] "GET /sipse/faces/javax.faces.resource/primefaces.css?ln=primefaces&v=4.0 HTTP/1.1" 304 -
190.60.254.220 - - [26/Sep/2023:12:42:26 -0500] "GET /sipse/faces/javax.faces.resource/layout/layout.css?ln=primefaces&v=4.0 HTTP/1.1" 304 -
190.60.254.220 - - [26/Sep/2023:12:42:26 -0500] "GET /sipse/faces/javax.faces.resource/jquery/jquery.js?ln=primefaces&v=4.0 HTTP/1.1" 304 -
190.60.254.220 - - [26/Sep/2023:12:42:26 -0500] "GET /sipse/faces/javax.faces.resource/jquery/jquery-plugins.js?ln=primefaces&v=4.0 HTTP/1.1" 304 -
190.60.254.220 - - [26/Sep/2023:12:42:26 -0500] "GET /sipse/faces/javax.faces.resource/primefaces.js?ln=primefaces&v=4.0 HTTP/1.1" 304 -
190.60.254.220 - - [26/Sep/2023:12:42:26 -0500] "GET /sipse/faces/javax.faces.resource/layout/layout.js?ln=primefaces&v=4.0 HTTP/1.1" 304 -
216.244.66.195 - - [26/Sep/2023:12:42:43 -0500] "GET /BLA/resoluciones/AUTOS%202022/4890.pdf HTTP/1.1" 200 390629
216.244.66.195 - - [26/Sep/2023:12:43:01 -0500] "GET /BLA/resoluciones/AUTOS%202022/4892.pdf HTTP/1.1" 200 507095
190.60.254.220 - - [26/Sep/2023:12:43:16 -0500] "POST /sipse/faces/presentacion/financiero/solicitudProceso/consultar.xhtml HTTP/1.1" 200 23061
216.244.66.195 - - [26/Sep/2023:12:43:17 -0500] "GET /BLA/resoluciones/AUTOS%202022/4988.pdf HTTP/1.1" 200 430803
190.60.254.220 - - [26/Sep/2023:12:43:22 -0500] "POST /sipse/faces/presentacion/financiero/solicitudProceso/consultar.xhtml HTTP/1.1" 200 12976
216.244.66.195 - - [26/Sep/2023:12:43:33 -0500] "GET /BLA/resoluciones/AUTOS%202022/4996.pdf HTTP/1.1" 200 449332
172.22.2.4 - - [26/Sep/2023:12:41:53 -0500] "HEAD /BLA/boletinlegal/ HTTP/1.1" 200 -
123.126.68.94 - - [26/Sep/2023:12:43:38 -0500] "GET / HTTP/1.1" 200 319
101.36.121.119 - - [26/Sep/2023:12:43:47 -0500] "GET /portaldeninos/wp-content/plugins/gallery-videos/JS/modernizr.custom.js?ver=4.9.8 HTTP/1.1" 200 9019
101.36.121.119 - - [26/Sep/2023:12:43:47 -0500] "GET /portaldeninos/wp-includes/js/jquery/ui/tabs.min.js?ver=1.11.4 HTTP/1.1" 200 12110
101.36.121.119 - - [26/Sep/2023:12:43:47 -0500] "GET /portaldeninos/wp-includes/js/jquery/ui/widget.min.js?ver=1.11.4 HTTP/1.1" 200 6908
101.36.121.119 - - [26/Sep/2023:12:43:47 -0500] "GET /portaldeninos/wp-content/plugins/google-analytics-for-wordpress/assets/js/frontend-gtag.min.js?ver=8.5.0 HTTP/1.1" 200 11801
101.36.121.119 - - [26/Sep/2023:12:43:47 -0500] "GET /portaldeninos/wp-content/themes/betheme/assets/animations/animations.min.js?ver=20.9.6 HTTP/1.1" 200 1896
216.244.66.195 - - [26/Sep/2023:12:43:47 -0500] "GET /BLA/resoluciones/AUTOS%202022/5226.pdf HTTP/1.1" 200 2214064
101.36.121.119 - - [26/Sep/2023:12:43:50 -0500] "GET /portaldeninos/wp-includes/js/jquery/ui/accordion.min.js?ver=1.11.4 HTTP/1.1" 200 8584
101.36.121.119 - - [26/Sep/2023:12:43:51 -0500] "GET /portaldeninos/wp-content/themes/betheme/js/menu.js?ver=20.9.6 HTTP/1.1" 200 2449
101.36.121.119 - - [26/Sep/2023:12:43:51 -0500] "GET /portaldeninos/wp-content/plugins/gallery-videos/JS/Total-Soft-Gallery-Video-Widget.js?ver=4.9.8 HTTP/1.1" 200 80264
101.36.121.119 - - [26/Sep/2023:12:43:51 -0500] "GET /portaldeninos/wp-includes/js/jquery/ui/sortable.min.js?ver=1.11.4 HTTP/1.1" 200 24899
201.245.192.253 - - [26/Sep/2023:12:44:01 -0500] "POST /forms/lservlet;jsessionid=ac16012b30d621c28f55bae248a79f78c828ebdefec0.e3iSbxaKaheRe34Pbx8Nc3aQci1ynknvrkLOlQzNp65In0 HTTP/1.1" 200 2
201.245.192.253 - - [26/Sep/2023:12:44:01 -0500] "POST /kwsrmcab/Wsrmcab  HTTP/1.1" 200 43477
201.245.192.253 - - [26/Sep/2023:12:44:07 -0500] "POST /forms/lservlet;jsessionid=ac16012b30d63811a4d222c24ee08dfa92c60b979aae.e3iSbxaKaheRe34Pbx8Nc3aQci1ynknvrkLOlQzNp65In0 HTTP/1.1" 200 2
101.36.121.119 - - [26/Sep/2023:12:44:06 -0500] "GET /portaldeninos/ HTTP/1.1" 200 110175
216.244.66.195 - - [26/Sep/2023:12:44:19 -0500] "GET /BLA/resoluciones/AUTOS%202023/0618.pdf HTTP/1.1" 200 445279
172.22.2.4 - - [26/Sep/2023:12:42:44 -0500] "GET /BLA/boletinlegal/ HTTP/1.1" 200 58187
216.244.66.195 - - [26/Sep/2023:12:44:46 -0500] "GET /BLA/resoluciones/AUTOS%202023/0684.pdf HTTP/1.1" 200 394158
186.102.29.18 - - [26/Sep/2023:12:44:46 -0500] "GET /kwssiamovil/sm/acme/a?s=U2FsdGVkX19gWcXMKoI5xX0cTPQMDUwxle9aylfjYUOBgWqd/YoMPqY5QImrtxr1QWia9zH6kLbT5+twt9LCnKtjHxYABaDwOEKXFBoDF8nWsukV+gWYhoNp4HnI+j0GEjVZxdvtdpqIr0vJOlTPozjRaAel8pujKZoWnn0whp3rjlgtWTBCIzmD1goVWbEeZlPabf4+dLjY2wYiZkm+03JanOy718a7n/aA4dH32YSto2wB2EdvDswvKg74h1HHQjVFClJfz+2Z7hJMJaAMoA==&u=U2FsdGVkX19BTFDd3Y47cuoxEYqCgbIbKkItyL+fLWw=&y=U2FsdGVkX19qIMGfUZ5RRLXLd2o3kM5sucujLj/61XMmdtnOcmq7961s1rcQ6pCt HTTP/1.1" 200 26
186.102.29.18 - - [26/Sep/2023:12:44:47 -0500] "GET /kwssiamovil/sm/acme/a?s=U2FsdGVkX1/plhPwk7ETVvGx+FzTcC0jMhqYvmxapos/19nTAPzQBFswCkrRkCaCACfmK3Vm+ioTzzwLdjrg4L8ZJmIb7AWW0GVybcLHURJr6oLm7kIZTlxrBZ6iMFvnPfKL8vgpTh2IukjaQxBZP98WEpfrIWEXuKrhj637IHzhICk6vgJRV5oFXZ7e+ywGS80w5Ys5pOghlH/VN2HJ9o+2029jjGM7OzsGuuPoea6PQGAgiryB86XNGC7+OvTN+JImY7m9VfTaymc9Xrga+7VUMi0zFZGzl0dUMer4ee1A4vRSYww+tPatdcw1oG9fKukby7p7uzvaoHK5KEqHrk7N27Xke7Fb8lzyeSqe+f0fo8TxDJD99BKBa0z02wb5kCAEw05jtymcV5JtxVPkYkGvFMo+e+I0GCcrRpXTEs8oljbBK589PhUQdB8VtV2j1ht72d4e130pWO5nA7my2AKuhDbmhiotwEwMZtp4n+GNecrZzpKfRccucSuVciC/D8QxRC6g22rmcq/QCWPl1rzyMw0FAd+V71QEK69iZWwCLkQqw4rDzcJp9ujTSIdhMXnNBzv6dtxhzkiEcDyvXezN4iPLDBXJvk/SQN1izeElyL9YJOL0nRht/5q1/0CP3DLM8rp+PhJ4JMQAxauDjqRsvLtMss/dWnj7nASQ7tduftr0t21b8aegcF0TsGG4bgaT6PvWEECGkoJ6BcWvAUmZcQ5L0d70ixMfrChzOqxySoIvRlx/TXDSZWJrNorXqJ71D1fZ0CQirMPmoQ7ztcToh18KxVIO8cyvglyKPbtW3AtzR4IA0JxAzjvjfv171yRGFVPLyuQTp69l7trsirE9kNgz3FOcX8DzXZudhYwM95YsA/LE+o8KJfDvXFs2a2VxszcHVUwtjjSR0t9vrgbwLq4vLy4Istol3TtGUijQgeIjVA/gaZlrEHcPCGhevWBqBXp5f1+1bYVHRk1ogw52kZOiTgWduDOcAEp8N9W1IJl+DuYNkZBrpTUW2muKfhj/SE0CV5m4VoBv7h0XwpbdiaBRlb68rbfA7wslEueYO3lQ6L7h7LN7FbCeSPGlNsFDNLnlOiTIbWrALjWtjkyQZOfGxtYJni80fN21agnqvI7fJ9AUJnBC8LyePFcDSjcZswFUW/D/zq1X7VpecGtMDzwl5KYDSh3qPvO1O5rN2ADIdPi1X5Bp2rF6Lfi539/Vg6ckUVtB8tyyWYgN9BXcXQfaDPvoU7sTHeQ55DWD3v9jvUmqKoDkPHm5SMJExGJeVfX5uXmsKXaP6G3chHTN03CfYTFc/SHKJCmef52pM0iA/brryHyD4iEu0QTSTePa4K7YX3AP0wndJN1uupqh4dIbNCgupjiFqVIGfm3IqbskoaVWW+lu932QrKXT0yIIrDLE04STOfVwZn5b+wiGUcz/wagJHOCeUySP2g4k+6M58yYdVnm6L4X3j8wgSdJG0QH/gIqJryFAbUAIvid2nRNFf7J/4MsMnywNOYcFCoRtn/fIIYIxD0+g5LkgF4aQnHvBP8ejwF446oq38BRE6ZCzn5EHuwyRzcLtKELWcs7kkonZccSOU3RNd9tQfR/R6QR+UjxQRssUaqSAs9RFi8EhW0alOkWii9BgU+lDAewSEkzxLw9kyKbjRHghDlGafHU4TxvFc+5CAdDd2H5uwlIBL4ZovDj3abHaWv4Ci24EV8Pa8BkNFtAEkpkobcogx8xnt5SDAXJEIsAbAg5r2xx4oDK1ceRVuf5qeNWxmvrpQT5H50W4emqbHLVfavUhz+rZesQUv6J3VOZZI258AzDnn4QZ2RikVoBBr/X5OPgpyEQwVlDXXyeFIQNbb7Na6puTEg5UhLk6WYNgc2R6PrK1xicCdYSIrEjiSacgP5kePYKkFfwqbu5BavUZ6A5lWWMssWiZpkppRrJHSNoEMAWyTl4ckEUmlGT30GfFOwyAitg6eIFFbvxnMOfD9Q6zJo5kfrdlc2IOwwwD2oPtV6VTaYAzwI2nP7Fj4+twPQAIStINFDkW2aVtARTPrESnAZpQybZWCbjFXkYuEg3o1qckjTlvfoFRnSGhu3X6t0jmm3uCY14lXyZUkCnsCLSpss7VH6/ptwcXzvkstzdnjNOmaHCtXDCKzm9IbDx8XTGgLftuEOCPpTo1EKWfA5WcXi5wWWA11p+kp6vtGpHb1kjmUvYl3Xad9Z1SObI=&u=U2FsdGVkX19BTFDd3Y47cuoxEYqCgbIbKkItyL+fLWw=&y=U2FsdGVkX19qIMGfUZ5RRLXLd2o3kM5sucujLj/61XMmdtnOcmq7961s1rcQ6pCt HTTP/1.1" 200 26
186.102.29.18 - - [26/Sep/2023:12:44:47 -0500] "GET /kwssiamovil/sm/acme/a?s=U2FsdGVkX1+VK1zZJXZxCwFRTRBgK6h0WHAiPQMxrOSKwZ5ruYBaIPkT2ZxBE14DsqucPE3l0M5BbnI9kpPjHGAY2Ezqvo9fIcl8aAt1T4YGIa4UBUgsfmcMoD3+vFlizCvgWnA421tZajVZHLRHqsWZAj8fI5sneMxrLEia7R4=&u=U2FsdGVkX19BTFDd3Y47cuoxEYqCgbIbKkItyL+fLWw=&y=U2FsdGVkX19qIMGfUZ5RRLXLd2o3kM5sucujLj/61XMmdtnOcmq7961s1rcQ6pCt HTTP/1.1" 200 26
186.102.29.18 - - [26/Sep/2023:12:44:47 -0500] "GET /kwssiamovil/sm/acme/a?s=U2FsdGVkX1+l1tmcYfNMAceJnfdSbgqhDB5kBNNx9sb1Ru7rr3w/aC7gX2g5R3yefW5K1ZTDbfTrZ1CPzr6+k4OgA33vlSi/gCsKlVHPL9sBX2ly0E8bLnFSUmLeepny6f1DRKRGzifuVFERrQIxSv7pGtE3tzfYV68waTZa9mw=&u=U2FsdGVkX19BTFDd3Y47cuoxEYqCgbIbKkItyL+fLWw=&y=U2FsdGVkX19qIMGfUZ5RRLXLd2o3kM5sucujLj/61XMmdtnOcmq7961s1rcQ6pCt HTTP/1.1" 200 26
186.102.29.18 - - [26/Sep/2023:12:44:47 -0500] "GET /kwssiamovil/sm/acme/a?s=U2FsdGVkX19NnPcDNBU2RsjCp1NYXtszqAt7ya5dDw9k3wbpnx4FDqmHm6AvWQquIy8slaBbgEqecf0kdwXa4+EJ8FUj3p6MAadlx2k+UVkudPibllAMt8+KURiyuFXSyi43CTear0a+aqzsf6AvWIPBdTb5mxU4nB446ewFags=&u=U2FsdGVkX19BTFDd3Y47cuoxEYqCgbIbKkItyL+fLWw=&y=U2FsdGVkX19qIMGfUZ5RRLXLd2o3kM5sucujLj/61XMmdtnOcmq7961s1rcQ6pCt HTTP/1.1" 200 26
186.102.29.18 - - [26/Sep/2023:12:44:48 -0500] "GET /kwssiamovil/sm/acme/a?s=U2FsdGVkX19DaWUDKyxVE8PpO4aeUAd1ER/k7VqQpcQ3kd0UEnt4O06+OQ+gPp1xnIJe+71gZzx7nhzenMdfATdFPlm40zZibm4CxX8DLHxG4hhXudcprIYaik12jfUhgNOqVQLpmCMVZNt3x4wQK5ZYVwraMVV/0sDWQmUIxNS/SWQ7/BhYmqKOIFohHlBHaDA/9QZb1BnMr5RCnMUpAw==&u=U2FsdGVkX19BTFDd3Y47cuoxEYqCgbIbKkItyL+fLWw=&y=U2FsdGVkX19qIMGfUZ5RRLXLd2o3kM5sucujLj/61XMmdtnOcmq7961s1rcQ6pCt HTTP/1.1" 200 26
173.252.95.119 - - [26/Sep/2023:12:45:10 -0500] "GET /secretaria-de-ambiente-abre-convocatoria-para-el-proceso-de-formacion-mujeres-cuidadoras-de-humedales.html HTTP/1.1" 200 943
216.244.66.195 - - [26/Sep/2023:12:45:12 -0500] "GET /BLA/resoluciones/AUTOS%202023/0896.pdf HTTP/1.1" 200 838683
191.156.154.8 - - [26/Sep/2023:12:45:35 -0500] "GET /sipse/faces/index.xhtml HTTP/1.1" 200 677
191.156.154.8 - - [26/Sep/2023:12:45:35 -0500] "GET /sipse/faces/javax.faces.resource/theme.css?ln=primefaces-sipse HTTP/1.1" 304 -
191.156.154.8 - - [26/Sep/2023:12:45:35 -0500] "GET /sipse/faces/faces/autenticacion.xhtml HTTP/1.1" 200 12415
191.156.154.8 - - [26/Sep/2023:12:45:36 -0500] "GET /sipse/faces/javax.faces.resource/theme.css?ln=primefaces-sipse HTTP/1.1" 304 -
191.156.148.155 - - [26/Sep/2023:12:45:36 -0500] "GET /sipse/faces/javax.faces.resource/primefaces.css?ln=primefaces&v=4.0 HTTP/1.1" 304 -
191.156.159.205 - - [26/Sep/2023:12:45:36 -0500] "GET /sipse/faces/javax.faces.resource/layout/layout.css?ln=primefaces&v=4.0 HTTP/1.1" 304 -
191.156.148.155 - - [26/Sep/2023:12:45:36 -0500] "GET /sipse/faces/javax.faces.resource/jquery/jquery.js?ln=primefaces&v=4.0 HTTP/1.1" 304 -
191.156.145.144 - - [26/Sep/2023:12:45:36 -0500] "GET /sipse/faces/javax.faces.resource/jquery/jquery-plugins.js?ln=primefaces&v=4.0 HTTP/1.1" 304 -
191.156.154.8 - - [26/Sep/2023:12:45:36 -0500] "GET /sipse/faces/javax.faces.resource/primefaces.js?ln=primefaces&v=4.0 HTTP/1.1" 304 -
191.156.148.155 - - [26/Sep/2023:12:45:36 -0500] "GET /sipse/faces/javax.faces.resource/layout/layout.js?ln=primefaces&v=4.0 HTTP/1.1" 304 -
191.156.154.8 - - [26/Sep/2023:12:45:36 -0500] "GET /sipse/faces/javax.faces.resource/images/ui-icons_898989_256x240.png?ln=primefaces-aristo HTTP/1.1" 304 -
191.156.148.155 - - [26/Sep/2023:12:45:36 -0500] "GET /sipse/css/imagen/loginimg.png HTTP/1.1" 200 71635
216.244.66.195 - - [26/Sep/2023:12:45:38 -0500] "GET /BLA/resoluciones/AUTOS%202023/0970.pdf HTTP/1.1" 200 441685
191.156.148.155 - - [26/Sep/2023:12:45:40 -0500] "POST /sipse/faces/autenticacion.xhtml HTTP/1.1" 200 16830
191.156.145.144 - - [26/Sep/2023:12:45:40 -0500] "GET /sipse/faces/javax.faces.resource/layout/layout.css?ln=primefaces&v=4.0 HTTP/1.1" 304 -
191.156.154.8 - - [26/Sep/2023:12:45:40 -0500] "GET /sipse/faces/javax.faces.resource/primefaces.css?ln=primefaces&v=4.0 HTTP/1.1" 304 -
191.156.148.155 - - [26/Sep/2023:12:45:40 -0500] "GET /sipse/faces/javax.faces.resource/theme.css?ln=primefaces-sipse HTTP/1.1" 304 -
191.156.154.8 - - [26/Sep/2023:12:45:40 -0500] "GET /sipse/faces/javax.faces.resource/jquery/jquery.js?ln=primefaces&v=4.0 HTTP/1.1" 304 -
191.156.154.8 - - [26/Sep/2023:12:45:40 -0500] "GET /sipse/faces/javax.faces.resource/jquery/jquery-plugins.js?ln=primefaces&v=4.0 HTTP/1.1" 304 -
191.156.154.8 - - [26/Sep/2023:12:45:40 -0500] "GET /sipse/faces/javax.faces.resource/primefaces.js?ln=primefaces&v=4.0 HTTP/1.1" 304 -
191.156.154.8 - - [26/Sep/2023:12:45:40 -0500] "GET /sipse/faces/javax.faces.resource/layout/layout.js?ln=primefaces&v=4.0 HTTP/1.1" 304 -
191.156.154.8 - - [26/Sep/2023:12:45:40 -0500] "GET /sipse/css/imagen/contrasena.png HTTP/1.1" 404 383
191.156.154.8 - - [26/Sep/2023:12:45:40 -0500] "GET /sipse/faces/javax.faces.resource/messages/messages.png?ln=primefaces&v=4.0 HTTP/1.1" 304 -
191.156.145.144 - - [26/Sep/2023:12:45:46 -0500] "GET /sipse/faces/javax.faces.resource/images/ui-bg_flat_0_2d5972_40x100.png?ln=primefaces-aristo HTTP/1.1" 304 -
191.156.154.8 - - [26/Sep/2023:12:45:46 -0500] "POST /sipse/faces/bienvenido.xhtml HTTP/1.1" 200 2073
191.156.154.8 - - [26/Sep/2023:12:45:47 -0500] "POST /sipse/faces/bienvenido.xhtml HTTP/1.1" 200 39031
191.156.148.155 - - [26/Sep/2023:12:45:47 -0500] "GET /sipse/faces/javax.faces.resource/layout/layout.css?ln=primefaces&v=4.0 HTTP/1.1" 304 -
191.156.154.8 - - [26/Sep/2023:12:45:47 -0500] "GET /sipse/faces/javax.faces.resource/theme.css?ln=primefaces-sipse HTTP/1.1" 304 -
191.156.145.144 - - [26/Sep/2023:12:45:47 -0500] "GET /sipse/faces/javax.faces.resource/primefaces.css?ln=primefaces&v=4.0 HTTP/1.1" 304 -
191.156.145.144 - - [26/Sep/2023:12:45:48 -0500] "GET /sipse/faces/javax.faces.resource/jquery/jquery.js?ln=primefaces&v=4.0 HTTP/1.1" 304 -
191.156.145.144 - - [26/Sep/2023:12:45:48 -0500] "GET /sipse/faces/javax.faces.resource/jquery/jquery-plugins.js?ln=primefaces&v=4.0 HTTP/1.1" 304 -
191.156.145.144 - - [26/Sep/2023:12:45:48 -0500] "GET /sipse/faces/javax.faces.resource/primefaces.js?ln=primefaces&v=4.0 HTTP/1.1" 304 -
191.156.145.144 - - [26/Sep/2023:12:45:48 -0500] "GET /sipse/faces/javax.faces.resource/layout/layout.js?ln=primefaces&v=4.0 HTTP/1.1" 304 -
216.245.221.92 - - [26/Sep/2023:12:45:49 -0500] "HEAD / HTTP/1.1" 200 -
201.245.192.253 - - [26/Sep/2023:12:45:50 -0500] "POST /forms/lservlet;jsessionid=ac16012b30d63811a4d222c24ee08dfa92c60b979aae.e3iSbxaKaheRe34Pbx8Nc3aQci1ynknvrkLOlQzNp65In0 HTTP/1.1" 200 427
201.245.192.253 - - [26/Sep/2023:12:45:51 -0500] "POST /forms/lservlet;jsessionid=ac16012b30d63811a4d222c24ee08dfa92c60b979aae.e3iSbxaKaheRe34Pbx8Nc3aQci1ynknvrkLOlQzNp65In0 HTTP/1.1" 200 15
201.245.192.253 - - [26/Sep/2023:12:45:51 -0500] "POST /forms/lservlet;jsessionid=ac16012b30d63811a4d222c24ee08dfa92c60b979aae.e3iSbxaKaheRe34Pbx8Nc3aQci1ynknvrkLOlQzNp65In0 HTTP/1.1" 200 20
201.245.192.253 - - [26/Sep/2023:12:45:51 -0500] "POST /forms/lservlet;jsessionid=ac16012b30d63811a4d222c24ee08dfa92c60b979aae.e3iSbxaKaheRe34Pbx8Nc3aQci1ynknvrkLOlQzNp65In0 HTTP/1.1" 200 17
201.245.192.253 - - [26/Sep/2023:12:45:52 -0500] "POST /forms/lservlet;jsessionid=ac16012b30d63811a4d222c24ee08dfa92c60b979aae.e3iSbxaKaheRe34Pbx8Nc3aQci1ynknvrkLOlQzNp65In0 HTTP/1.1" 200 17
201.245.192.253 - - [26/Sep/2023:12:45:52 -0500] "POST /forms/lservlet;jsessionid=ac16012b30d63811a4d222c24ee08dfa92c60b979aae.e3iSbxaKaheRe34Pbx8Nc3aQci1ynknvrkLOlQzNp65In0 HTTP/1.1" 200 1043
201.245.192.253 - - [26/Sep/2023:12:45:52 -0500] "POST /forms/lservlet;jsessionid=ac16012b30d63811a4d222c24ee08dfa92c60b979aae.e3iSbxaKaheRe34Pbx8Nc3aQci1ynknvrkLOlQzNp65In0 HTTP/1.1" 200 1245
201.245.192.253 - - [26/Sep/2023:12:45:52 -0500] "POST /forms/lservlet;jsessionid=ac16012b30d63811a4d222c24ee08dfa92c60b979aae.e3iSbxaKaheRe34Pbx8Nc3aQci1ynknvrkLOlQzNp65In0 HTTP/1.1" 200 2042
201.245.192.253 - - [26/Sep/2023:12:45:52 -0500] "POST /forms/lservlet;jsessionid=ac16012b30d63811a4d222c24ee08dfa92c60b979aae.e3iSbxaKaheRe34Pbx8Nc3aQci1ynknvrkLOlQzNp65In0 HTTP/1.1" 200 2255
201.245.192.253 - - [26/Sep/2023:12:45:52 -0500] "POST /forms/lservlet;jsessionid=ac16012b30d63811a4d222c24ee08dfa92c60b979aae.e3iSbxaKaheRe34Pbx8Nc3aQci1ynknvrkLOlQzNp65In0 HTTP/1.1" 200 2273
201.245.192.253 - - [26/Sep/2023:12:45:52 -0500] "POST /forms/lservlet;jsessionid=ac16012b30d63811a4d222c24ee08dfa92c60b979aae.e3iSbxaKaheRe34Pbx8Nc3aQci1ynknvrkLOlQzNp65In0 HTTP/1.1" 200 2056
201.245.192.253 - - [26/Sep/2023:12:45:53 -0500] "POST /forms/lservlet;jsessionid=ac16012b30d63811a4d222c24ee08dfa92c60b979aae.e3iSbxaKaheRe34Pbx8Nc3aQci1ynknvrkLOlQzNp65In0 HTTP/1.1" 200 1621
201.245.192.253 - - [26/Sep/2023:12:45:53 -0500] "POST /forms/lservlet;jsessionid=ac16012b30d63811a4d222c24ee08dfa92c60b979aae.e3iSbxaKaheRe34Pbx8Nc3aQci1ynknvrkLOlQzNp65In0 HTTP/1.1" 200 1572
201.245.192.253 - - [26/Sep/2023:12:45:53 -0500] "POST /forms/lservlet;jsessionid=ac16012b30d63811a4d222c24ee08dfa92c60b979aae.e3iSbxaKaheRe34Pbx8Nc3aQci1ynknvrkLOlQzNp65In0 HTTP/1.1" 200 578
201.245.192.253 - - [26/Sep/2023:12:45:53 -0500] "POST /forms/lservlet;jsessionid=ac16012b30d63811a4d222c24ee08dfa92c60b979aae.e3iSbxaKaheRe34Pbx8Nc3aQci1ynknvrkLOlQzNp65In0 HTTP/1.1" 200 1265
201.245.192.253 - - [26/Sep/2023:12:45:53 -0500] "POST /forms/lservlet;jsessionid=ac16012b30d63811a4d222c24ee08dfa92c60b979aae.e3iSbxaKaheRe34Pbx8Nc3aQci1ynknvrkLOlQzNp65In0 HTTP/1.1" 200 751
201.245.192.253 - - [26/Sep/2023:12:45:53 -0500] "POST /forms/lservlet;jsessionid=ac16012b30d63811a4d222c24ee08dfa92c60b979aae.e3iSbxaKaheRe34Pbx8Nc3aQci1ynknvrkLOlQzNp65In0 HTTP/1.1" 200 999
201.245.192.253 - - [26/Sep/2023:12:45:53 -0500] "POST /forms/lservlet;jsessionid=ac16012b30d63811a4d222c24ee08dfa92c60b979aae.e3iSbxaKaheRe34Pbx8Nc3aQci1ynknvrkLOlQzNp65In0 HTTP/1.1" 200 1347
201.245.192.253 - - [26/Sep/2023:12:45:53 -0500] "POST /forms/lservlet;jsessionid=ac16012b30d63811a4d222c24ee08dfa92c60b979aae.e3iSbxaKaheRe34Pbx8Nc3aQci1ynknvrkLOlQzNp65In0 HTTP/1.1" 200 450
201.245.192.253 - - [26/Sep/2023:12:45:53 -0500] "POST /forms/lservlet;jsessionid=ac16012b30d63811a4d222c24ee08dfa92c60b979aae.e3iSbxaKaheRe34Pbx8Nc3aQci1ynknvrkLOlQzNp65In0 HTTP/1.1" 200 810
201.245.192.253 - - [26/Sep/2023:12:45:53 -0500] "POST /forms/lservlet;jsessionid=ac16012b30d63811a4d222c24ee08dfa92c60b979aae.e3iSbxaKaheRe34Pbx8Nc3aQci1ynknvrkLOlQzNp65In0 HTTP/1.1" 200 812
201.245.192.253 - - [26/Sep/2023:12:45:54 -0500] "POST /forms/lservlet;jsessionid=ac16012b30d63811a4d222c24ee08dfa92c60b979aae.e3iSbxaKaheRe34Pbx8Nc3aQci1ynknvrkLOlQzNp65In0 HTTP/1.1" 200 2099
201.245.192.253 - - [26/Sep/2023:12:45:54 -0500] "POST /forms/lservlet;jsessionid=ac16012b30d63811a4d222c24ee08dfa92c60b979aae.e3iSbxaKaheRe34Pbx8Nc3aQci1ynknvrkLOlQzNp65In0 HTTP/1.1" 200 1706
201.245.192.253 - - [26/Sep/2023:12:45:54 -0500] "POST /forms/lservlet;jsessionid=ac16012b30d63811a4d222c24ee08dfa92c60b979aae.e3iSbxaKaheRe34Pbx8Nc3aQci1ynknvrkLOlQzNp65In0 HTTP/1.1" 200 1619
201.245.192.253 - - [26/Sep/2023:12:45:54 -0500] "POST /forms/lservlet;jsessionid=ac16012b30d63811a4d222c24ee08dfa92c60b979aae.e3iSbxaKaheRe34Pbx8Nc3aQci1ynknvrkLOlQzNp65In0 HTTP/1.1" 200 2043
201.245.192.253 - - [26/Sep/2023:12:45:54 -0500] "POST /forms/lservlet;jsessionid=ac16012b30d63811a4d222c24ee08dfa92c60b979aae.e3iSbxaKaheRe34Pbx8Nc3aQci1ynknvrkLOlQzNp65In0 HTTP/1.1" 200 1523
201.245.192.253 - - [26/Sep/2023:12:45:55 -0500] "POST /forms/lservlet;jsessionid=ac16012b30d63811a4d222c24ee08dfa92c60b979aae.e3iSbxaKaheRe34Pbx8Nc3aQci1ynknvrkLOlQzNp65In0 HTTP/1.1" 200 1271
191.156.145.144 - - [26/Sep/2023:12:45:59 -0500] "POST /sipse/faces/presentacion/financiero/solicitudProceso/consultar.xhtml HTTP/1.1" 200 12787
201.245.192.253 - - [26/Sep/2023:12:46:01 -0500] "POST /forms/lservlet;jsessionid=ac16012b30d621c28f55bae248a79f78c828ebdefec0.e3iSbxaKaheRe34Pbx8Nc3aQci1ynknvrkLOlQzNp65In0 HTTP/1.1" 200 2
201.245.192.253 - - [26/Sep/2023:12:46:07 -0500] "POST /forms/lservlet;jsessionid=ac16012b30d63811a4d222c24ee08dfa92c60b979aae.e3iSbxaKaheRe34Pbx8Nc3aQci1ynknvrkLOlQzNp65In0 HTTP/1.1" 200 2
201.245.192.253 - - [26/Sep/2023:12:46:26 -0500] "POST /forms/lservlet;jsessionid=ac16012b30d63811a4d222c24ee08dfa92c60b979aae.e3iSbxaKaheRe34Pbx8Nc3aQci1ynknvrkLOlQzNp65In0 HTTP/1.1" 200 1259
201.245.192.253 - - [26/Sep/2023:12:46:27 -0500] "POST /forms/lservlet;jsessionid=ac16012b30d63811a4d222c24ee08dfa92c60b979aae.e3iSbxaKaheRe34Pbx8Nc3aQci1ynknvrkLOlQzNp65In0 HTTP/1.1" 200 1271
201.245.192.253 - - [26/Sep/2023:12:46:27 -0500] "POST /forms/lservlet;jsessionid=ac16012b30d63811a4d222c24ee08dfa92c60b979aae.e3iSbxaKaheRe34Pbx8Nc3aQci1ynknvrkLOlQzNp65In0 HTTP/1.1" 200 2210
172.22.2.4 - - [26/Sep/2023:12:46:58 -0500] "GET /BLA/boletinlegal/jurisprudencia/analisis/AnalisisT-606-15.docx HTTP/1.1" 200 26698
173.252.83.11 - - [26/Sep/2023:12:46:59 -0500] "GET /images/mercados-campesinos-5-mayo.jpg HTTP/1.1" 200 95848
201.245.192.253 - - [26/Sep/2023:12:48:01 -0500] "POST /forms/lservlet;jsessionid=ac16012b30d621c28f55bae248a79f78c828ebdefec0.e3iSbxaKaheRe34Pbx8Nc3aQci1ynknvrkLOlQzNp65In0 HTTP/1.1" 200 2
190.109.20.170 - - [26/Sep/2023:12:48:06 -0500] "GET /sipse/faces/index.xhtml HTTP/1.1" 200 677
190.109.20.170 - - [26/Sep/2023:12:48:06 -0500] "GET /sipse/faces/javax.faces.resource/theme.css?ln=primefaces-sipse HTTP/1.1" 200 50058
190.109.20.170 - - [26/Sep/2023:12:48:06 -0500] "GET /sipse/faces/faces/autenticacion.xhtml HTTP/1.1" 200 12415
190.109.20.170 - - [26/Sep/2023:12:48:07 -0500] "GET /sipse/css/custom_css_sg.css HTTP/1.1" 200 9694
190.109.20.170 - - [26/Sep/2023:12:48:07 -0500] "GET /sipse/faces/javax.faces.resource/theme.css?ln=primefaces-sipse HTTP/1.1" 304 -
190.109.20.170 - - [26/Sep/2023:12:48:07 -0500] "GET /sipse/faces/javax.faces.resource/layout/layout.css?ln=primefaces&v=4.0 HTTP/1.1" 200 542
190.109.20.170 - - [26/Sep/2023:12:48:07 -0500] "GET /sipse/faces/javax.faces.resource/jquery/jquery.js?ln=primefaces&v=4.0 HTTP/1.1" 304 -
190.109.20.170 - - [26/Sep/2023:12:48:07 -0500] "GET /sipse/faces/javax.faces.resource/primefaces.js?ln=primefaces&v=4.0 HTTP/1.1" 304 -
190.109.20.170 - - [26/Sep/2023:12:48:07 -0500] "GET /sipse/faces/javax.faces.resource/jquery/jquery-plugins.js?ln=primefaces&v=4.0 HTTP/1.1" 304 -
190.109.20.170 - - [26/Sep/2023:12:48:07 -0500] "GET /sipse/faces/javax.faces.resource/layout/layout.js?ln=primefaces&v=4.0 HTTP/1.1" 304 -
190.109.20.170 - - [26/Sep/2023:12:48:07 -0500] "GET /sipse/faces/javax.faces.resource/primefaces.css?ln=primefaces&v=4.0 HTTP/1.1" 200 53295
201.245.192.253 - - [26/Sep/2023:12:48:07 -0500] "POST /forms/lservlet;jsessionid=ac16012b30d63811a4d222c24ee08dfa92c60b979aae.e3iSbxaKaheRe34Pbx8Nc3aQci1ynknvrkLOlQzNp65In0 HTTP/1.1" 200 2
190.109.20.170 - - [26/Sep/2023:12:48:07 -0500] "GET /sipse/faces/javax.faces.resource/images/ui-icons_898989_256x240.png?ln=primefaces-aristo HTTP/1.1" 200 5355
190.109.20.170 - - [26/Sep/2023:12:48:07 -0500] "GET /sipse/css/imagen/logoSDG.png HTTP/1.1" 200 15714
190.109.20.170 - - [26/Sep/2023:12:48:07 -0500] "GET /sipse/css/imagen/loginimg.png HTTP/1.1" 200 16070
190.109.20.170 - - [26/Sep/2023:12:48:11 -0500] "POST /sipse/faces/autenticacion.xhtml HTTP/1.1" 200 12793
190.109.20.170 - - [26/Sep/2023:12:48:11 -0500] "GET /sipse/css/custom_css_sg_prime.css HTTP/1.1" 200 5201
190.109.20.170 - - [26/Sep/2023:12:48:11 -0500] "GET /sipse/faces/javax.faces.resource/jquery/jquery.js?ln=primefaces&v=4.0 HTTP/1.1" 304 -
190.109.20.170 - - [26/Sep/2023:12:48:11 -0500] "GET /sipse/faces/javax.faces.resource/jquery/jquery-plugins.js?ln=primefaces&v=4.0 HTTP/1.1" 304 -
190.109.20.170 - - [26/Sep/2023:12:48:11 -0500] "GET /sipse/faces/javax.faces.resource/primefaces.js?ln=primefaces&v=4.0 HTTP/1.1" 304 -
190.109.20.170 - - [26/Sep/2023:12:48:11 -0500] "GET /sipse/faces/javax.faces.resource/layout/layout.js?ln=primefaces&v=4.0 HTTP/1.1" 304 -
190.109.20.170 - - [26/Sep/2023:12:48:11 -0500] "GET /sipse/faces/javax.faces.resource/messages/messages.png?ln=primefaces&v=4.0 HTTP/1.1" 200 27209
190.109.20.170 - - [26/Sep/2023:12:48:14 -0500] "POST /sipse/faces/presentacion/sistema/seguridad/seleccionRol.xhtml HTTP/1.1" 200 7500
190.109.20.170 - - [26/Sep/2023:12:48:15 -0500] "GET /sipse/faces/javax.faces.resource/images/ui-bg_flat_0_2d5972_40x100.png?ln=primefaces-aristo HTTP/1.1" 200 183
190.109.20.170 - - [26/Sep/2023:12:48:17 -0500] "POST /sipse/faces/presentacion/sistema/seguridad/seleccionRol.xhtml HTTP/1.1" 200 16406
190.109.20.170 - - [26/Sep/2023:12:48:17 -0500] "GET /sipse/faces/javax.faces.resource/jquery/jquery.js?ln=primefaces&v=4.0 HTTP/1.1" 304 -
190.109.20.170 - - [26/Sep/2023:12:48:17 -0500] "GET /sipse/faces/javax.faces.resource/jquery/jquery-plugins.js?ln=primefaces&v=4.0 HTTP/1.1" 304 -
190.109.20.170 - - [26/Sep/2023:12:48:17 -0500] "GET /sipse/faces/javax.faces.resource/primefaces.js?ln=primefaces&v=4.0 HTTP/1.1" 304 -
190.109.20.170 - - [26/Sep/2023:12:48:18 -0500] "GET /sipse/faces/javax.faces.resource/layout/layout.js?ln=primefaces&v=4.0 HTTP/1.1" 304 -
190.109.20.170 - - [26/Sep/2023:12:48:18 -0500] "GET /sipse/css/v_mergente.css HTTP/1.1" 200 1505
190.109.20.170 - - [26/Sep/2023:12:48:18 -0500] "GET /sipse/imagenes/cargando.gif HTTP/1.1" 200 36959
190.109.20.170 - - [26/Sep/2023:12:48:18 -0500] "GET /sipse/imagenes/logoAplicacion.jpg HTTP/1.1" 200 21239
190.109.20.170 - - [26/Sep/2023:12:48:18 -0500] "GET /sipse/css/imagen/contrasena.png HTTP/1.1" 404 383
69.63.184.3 - - [26/Sep/2023:12:48:19 -0500] "GET /mujeres-que-reverdecen-secretaria-de-ambiente-anuncia-300-cupos-para-la-tercera-fase-del-programa.html HTTP/1.1" 200 823
190.109.20.170 - - [26/Sep/2023:12:48:20 -0500] "POST /sipse/faces/bienvenido.xhtml HTTP/1.1" 200 2073
190.109.20.170 - - [26/Sep/2023:12:48:21 -0500] "POST /sipse/faces/bienvenido.xhtml HTTP/1.1" 200 39049
190.109.20.170 - - [26/Sep/2023:12:48:22 -0500] "GET /sipse/faces/javax.faces.resource/jquery/jquery.js?ln=primefaces&v=4.0 HTTP/1.1" 304 -
190.109.20.170 - - [26/Sep/2023:12:48:22 -0500] "GET /sipse/faces/javax.faces.resource/jquery/jquery-plugins.js?ln=primefaces&v=4.0 HTTP/1.1" 304 -
190.109.20.170 - - [26/Sep/2023:12:48:22 -0500] "GET /sipse/faces/javax.faces.resource/primefaces.js?ln=primefaces&v=4.0 HTTP/1.1" 304 -
190.109.20.170 - - [26/Sep/2023:12:48:22 -0500] "GET /sipse/faces/javax.faces.resource/layout/layout.js?ln=primefaces&v=4.0 HTTP/1.1" 304 -
190.109.20.170 - - [26/Sep/2023:12:48:25 -0500] "POST /sipse/faces/presentacion/financiero/solicitudProceso/consultar.xhtml HTTP/1.1" 200 12857
201.245.192.253 - - [26/Sep/2023:12:49:00 -0500] "POST /kwsrmcab/Wsrmcab  HTTP/1.1" 200 43477
190.109.20.170 - - [26/Sep/2023:12:49:08 -0500] "POST /sipse/faces/presentacion/financiero/solicitudProceso/consultar.xhtml HTTP/1.1" 200 96749
190.109.20.170 - - [26/Sep/2023:12:49:09 -0500] "GET /sipse/faces/javax.faces.resource/jquery/jquery.js?ln=primefaces&v=4.0 HTTP/1.1" 304 -
190.109.20.170 - - [26/Sep/2023:12:49:09 -0500] "GET /sipse/faces/javax.faces.resource/jquery/jquery-plugins.js?ln=primefaces&v=4.0 HTTP/1.1" 304 -
