186.102.27.219 - - [26/Sep/2023:11:08:34 -0500] "GET /kwssiamovil/sm/des/acme/s?s=U2FsdGVkX19t0r88L/OyJ0sLQ2lzystnDqYGlKWo5uQ6E2sjvrGuWl7wlTS30luNr9VcDxuFKVpGRrnd5WS6XAtplbb8TGy0QccPpWyyKCwnjzJc3uWj+ohY2KfpWkYRKtAnmci1D/FNpexanHRps8zusoO6gw7Nso5PH8JZo4vwEI99Z2ehuJW2lLKohuSc0ZAZm+tq1qCzcZytDFONEkv06qbIeUmgJao7gu+drRjTnfTJVwmzQdvlQIDsilxlPX8AnxgZQqCvuVRol0ZeBr+JjaNXDmipTb3RixJXK6n8hoon2I+j4yzXE+B8yxC1AozbAtTfoesZ2e3gzLjEBL4zORc3nWJ/u3y+KGbTD+aeKnhBnE+OicpMlNCsp5ZjaEh8JE20TSgcJwIQTXbs8/lixy+0yzrNojsNHmGrmHFXNB1PdUmkYMFPD3UlyHIa7DuxD3AizlXZ4VygIOaWaKblHA5AUJypeqn+YSw17YwIZ0XMzDAXui8u/7n/HzrV7743cygS8RyemCmkoXkyqTDqDofDMBykKNyoV1VE3UHLRE3fqEu/TjJQkKxOFnZCrOwqM+tHMplcAoZjTlZIM0H5mdMfPQn80HnEyERmXffuuFNzGLgzIgSB3TwpgT5QLrNyCMHUkBNdFDOY1abQNDTAbzPLF8KSzNqGI9WBS4ZK9DSTgbShEQIp4ZgOekRbdkQ5oj3YsdNzpUOaGpeHdoahHnLt/pjYkhe8RwuYGO41ib1VWGZC7m7yCo3znKuK&u=U2FsdGVkX18R8bwFQot4688Wx60n3i/uTF/My5vqzS0=&y=U2FsdGVkX1/SrkTeYz2kM0aY3X56zsP6fLM3Poo7ftes8amV2pnnoPTd5pn2sxSs HTTP/1.1" 200 359
186.102.27.219 - - [26/Sep/2023:11:08:35 -0500] "GET /kwssiamovil/sm/des/cjson/pre?f=1&x=U2FsdGVkX193lGE5JxZOj42mLpS4SJv+mFgt3zRC3sCh4GkYijdDYS2YjzMCJSSL HTTP/1.1" 200 31032
186.102.27.219 - - [26/Sep/2023:11:08:35 -0500] "GET /kwssiamovil/sm/des/cjson/pre?f=19&x=U2FsdGVkX193lGE5JxZOj42mLpS4SJv+mFgt3zRC3sCh4GkYijdDYS2YjzMCJSSL HTTP/1.1" 200 61521
216.244.66.195 - - [26/Sep/2023:11:08:40 -0500] "GET /BLA/resoluciones/AUTOS%202007/1349.pdf HTTP/1.1" 200 33234
186.102.79.102 - - [26/Sep/2023:11:08:42 -0500] "GET /kwssiamovil/sm/des/ldap/au?x=U2FsdGVkX1//Iab5hKhL4orvMpOWrUN6QgfWKc52Lok3dKUeIj4SCCwGlnhfstiG&y=U2FsdGVkX1/drLRUaja3rgEh+V70gQ3kcc3IDjgWonBszETCTZnwncQhDkmbOrKT HTTP/1.1" 200 31
201.245.192.253 - - [26/Sep/2023:11:08:43 -0500] "POST /sipse/faces/presentacion/financiero/solicitudProceso/consultarSolicitudProceso.xhtml HTTP/1.1" 200 9545
186.113.71.101 - - [26/Sep/2023:11:08:45 -0500] "GET /sipse/faces/faces/autenticacion.xhtml HTTP/1.1" 200 12737
186.113.71.101 - - [26/Sep/2023:11:08:48 -0500] "GET /sipse/faces/javax.faces.resource/layout/layout.css;jsessionid=cJ2EGLbzESn7DFI85b8V7cfn.undefined?ln=primefaces&v=4.0 HTTP/1.1" 200 542
186.113.71.101 - - [26/Sep/2023:11:08:48 -0500] "GET /sipse/faces/javax.faces.resource/primefaces.css;jsessionid=cJ2EGLbzESn7DFI85b8V7cfn.undefined?ln=primefaces&v=4.0 HTTP/1.1" 200 53295
186.113.71.101 - - [26/Sep/2023:11:08:48 -0500] "GET /sipse/faces/javax.faces.resource/jquery/jquery.js;jsessionid=cJ2EGLbzESn7DFI85b8V7cfn.undefined?ln=primefaces&v=4.0 HTTP/1.1" 200 105384
186.113.71.101 - - [26/Sep/2023:11:08:48 -0500] "GET /sipse/faces/javax.faces.resource/jquery/jquery-plugins.js;jsessionid=cJ2EGLbzESn7DFI85b8V7cfn.undefined?ln=primefaces&v=4.0 HTTP/1.1" 200 220526
186.113.71.101 - - [26/Sep/2023:11:08:48 -0500] "GET /sipse/js/disable_browser_buttons.js HTTP/1.1" 304 -
186.113.71.101 - - [26/Sep/2023:11:08:48 -0500] "GET /sipse/css/custom_css_sg.css HTTP/1.1" 304 -
186.113.71.101 - - [26/Sep/2023:11:08:48 -0500] "GET /sipse/js/funciones.js HTTP/1.1" 304 -
186.113.71.101 - - [26/Sep/2023:11:08:48 -0500] "GET /sipse/css/custom_css_sg_prime_login.css HTTP/1.1" 304 -
186.113.71.101 - - [26/Sep/2023:11:08:48 -0500] "GET /sipse/faces/javax.faces.resource/theme.css?ln=primefaces-sipse HTTP/1.1" 304 -
186.113.71.101 - - [26/Sep/2023:11:08:48 -0500] "GET /sipse/faces/javax.faces.resource/primefaces.js;jsessionid=cJ2EGLbzESn7DFI85b8V7cfn.undefined?ln=primefaces&v=4.0 HTTP/1.1" 200 276924
186.113.71.101 - - [26/Sep/2023:11:08:48 -0500] "GET /sipse/faces/javax.faces.resource/layout/layout.js;jsessionid=cJ2EGLbzESn7DFI85b8V7cfn.undefined?ln=primefaces&v=4.0 HTTP/1.1" 200 87560
201.245.192.253 - - [26/Sep/2023:11:08:48 -0500] "POST /sipse/faces/presentacion/financiero/solicitudProceso/consultarSolicitudProceso.xhtml HTTP/1.1" 200 11698
201.245.192.253 - - [26/Sep/2023:11:08:48 -0500] "GET /sipse/faces/javax.faces.resource/jquery/jquery.js?ln=primefaces&v=4.0 HTTP/1.1" 304 -
201.245.192.253 - - [26/Sep/2023:11:08:48 -0500] "GET /sipse/faces/javax.faces.resource/jquery/jquery-plugins.js?ln=primefaces&v=4.0 HTTP/1.1" 304 -
186.113.71.101 - - [26/Sep/2023:11:08:49 -0500] "GET /sipse/css/imagen/logoSDG.png HTTP/1.1" 304 -
186.113.71.101 - - [26/Sep/2023:11:08:49 -0500] "GET /sipse/css/imagen/loginimg.png HTTP/1.1" 304 -
186.113.71.101 - - [26/Sep/2023:11:08:49 -0500] "GET /sipse/faces/javax.faces.resource/images/ui-icons_898989_256x240.png?ln=primefaces-aristo HTTP/1.1" 304 -
201.245.192.253 - - [26/Sep/2023:11:08:49 -0500] "GET /sipse/faces/javax.faces.resource/primefaces.js?ln=primefaces&v=4.0 HTTP/1.1" 304 -
186.113.71.101 - - [26/Sep/2023:11:08:49 -0500] "GET /sipse/faces/faces/index.xhtml HTTP/1.1" 200 677
186.113.71.101 - - [26/Sep/2023:11:08:49 -0500] "GET /sipse/faces/javax.faces.resource/theme.css?ln=primefaces-sipse HTTP/1.1" 304 -
201.245.192.253 - - [26/Sep/2023:11:08:49 -0500] "GET /sipse/faces/javax.faces.resource/layout/layout.js?ln=primefaces&v=4.0 HTTP/1.1" 304 -
186.113.71.101 - - [26/Sep/2023:11:08:49 -0500] "GET /sipse/faces/faces/faces/autenticacion.xhtml HTTP/1.1" 200 12415
186.113.71.101 - - [26/Sep/2023:11:08:49 -0500] "GET /sipse/faces/javax.faces.resource/theme.css?ln=primefaces-sipse HTTP/1.1" 304 -
186.113.71.101 - - [26/Sep/2023:11:08:49 -0500] "GET /sipse/faces/javax.faces.resource/primefaces.css?ln=primefaces&v=4.0 HTTP/1.1" 304 -
186.113.71.101 - - [26/Sep/2023:11:08:49 -0500] "GET /sipse/faces/javax.faces.resource/layout/layout.css?ln=primefaces&v=4.0 HTTP/1.1" 304 -
186.113.71.101 - - [26/Sep/2023:11:08:49 -0500] "GET /sipse/faces/javax.faces.resource/jquery/jquery.js?ln=primefaces&v=4.0 HTTP/1.1" 304 -
186.113.71.101 - - [26/Sep/2023:11:08:49 -0500] "GET /sipse/faces/javax.faces.resource/jquery/jquery-plugins.js?ln=primefaces&v=4.0 HTTP/1.1" 304 -
186.113.71.101 - - [26/Sep/2023:11:08:49 -0500] "GET /sipse/faces/javax.faces.resource/primefaces.js?ln=primefaces&v=4.0 HTTP/1.1" 304 -
186.113.71.101 - - [26/Sep/2023:11:08:49 -0500] "GET /sipse/faces/javax.faces.resource/layout/layout.js?ln=primefaces&v=4.0 HTTP/1.1" 304 -
186.113.71.101 - - [26/Sep/2023:11:08:49 -0500] "GET /sipse/faces/javax.faces.resource/images/ui-icons_898989_256x240.png?ln=primefaces-aristo HTTP/1.1" 304 -
201.245.192.253 - - [26/Sep/2023:11:08:51 -0500] "POST /sipse/faces/presentacion/sistema/seguridad/seleccionRol.xhtml HTTP/1.1" 200 6275
201.245.192.253 - - [26/Sep/2023:11:08:51 -0500] "POST /sipse/faces/presentacion/sistema/seguridad/seleccionRol.xhtml HTTP/1.1" 200 18863
201.245.192.253 - - [26/Sep/2023:11:08:52 -0500] "GET /sipse/faces/javax.faces.resource/jquery/jquery.js?ln=primefaces&v=4.0 HTTP/1.1" 304 -
201.245.192.253 - - [26/Sep/2023:11:08:52 -0500] "GET /sipse/faces/javax.faces.resource/jquery/jquery-plugins.js?ln=primefaces&v=4.0 HTTP/1.1" 304 -
201.245.192.253 - - [26/Sep/2023:11:08:52 -0500] "GET /sipse/faces/javax.faces.resource/primefaces.js?ln=primefaces&v=4.0 HTTP/1.1" 304 -
201.245.192.253 - - [26/Sep/2023:11:08:52 -0500] "GET /sipse/faces/javax.faces.resource/layout/layout.js?ln=primefaces&v=4.0 HTTP/1.1" 304 -
186.113.71.101 - - [26/Sep/2023:11:08:54 -0500] "POST /sipse/faces/autenticacion.xhtml HTTP/1.1" 200 2219
186.113.71.101 - - [26/Sep/2023:11:08:54 -0500] "GET /sipse/faces/javax.faces.resource/messages/messages.png?ln=primefaces&v=4.0 HTTP/1.1" 304 -
201.245.192.253 - - [26/Sep/2023:11:08:54 -0500] "POST /sipse/faces/bienvenido.xhtml HTTP/1.1" 200 5002
186.113.71.101 - - [26/Sep/2023:11:08:55 -0500] "POST /sipse/faces/autenticacion.xhtml HTTP/1.1" 200 16391
186.113.71.101 - - [26/Sep/2023:11:08:55 -0500] "GET /sipse/css/custom_css_sg_prime.css HTTP/1.1" 304 -
186.113.71.101 - - [26/Sep/2023:11:08:55 -0500] "GET /sipse/js/jquery.min.js HTTP/1.1" 304 -
186.113.71.101 - - [26/Sep/2023:11:08:55 -0500] "GET /sipse/faces/javax.faces.resource/jquery/jquery.js?ln=primefaces&v=4.0 HTTP/1.1" 304 -
186.113.71.101 - - [26/Sep/2023:11:08:55 -0500] "GET /sipse/faces/javax.faces.resource/jquery/jquery-plugins.js?ln=primefaces&v=4.0 HTTP/1.1" 304 -
186.113.71.101 - - [26/Sep/2023:11:08:55 -0500] "GET /sipse/faces/javax.faces.resource/primefaces.js?ln=primefaces&v=4.0 HTTP/1.1" 304 -
186.113.71.101 - - [26/Sep/2023:11:08:55 -0500] "GET /sipse/faces/javax.faces.resource/layout/layout.js?ln=primefaces&v=4.0 HTTP/1.1" 304 -
186.113.71.101 - - [26/Sep/2023:11:08:55 -0500] "GET /sipse/css/imagen/contrasena.png HTTP/1.1" 404 383
186.113.71.101 - - [26/Sep/2023:11:08:55 -0500] "GET /sipse/css/v_mergente.css HTTP/1.1" 304 -
186.113.71.101 - - [26/Sep/2023:11:08:55 -0500] "GET /sipse/imagenes/logoAplicacion.jpg HTTP/1.1" 304 -
186.113.71.101 - - [26/Sep/2023:11:08:55 -0500] "GET /sipse/imagenes/cargando.gif HTTP/1.1" 304 -
216.244.66.195 - - [26/Sep/2023:11:08:56 -0500] "GET /BLA/resoluciones/AUTOS%202007/1380.pdf HTTP/1.1" 200 63342
201.245.192.253 - - [26/Sep/2023:11:08:56 -0500] "POST /sipse/faces/bienvenido.xhtml HTTP/1.1" 200 44341
201.245.192.253 - - [26/Sep/2023:11:08:56 -0500] "GET /sipse/faces/javax.faces.resource/jquery/jquery.js?ln=primefaces&v=4.0 HTTP/1.1" 304 -
201.245.192.253 - - [26/Sep/2023:11:08:56 -0500] "GET /sipse/faces/javax.faces.resource/jquery/jquery-plugins.js?ln=primefaces&v=4.0 HTTP/1.1" 304 -
201.245.192.253 - - [26/Sep/2023:11:08:56 -0500] "GET /sipse/faces/javax.faces.resource/primefaces.js?ln=primefaces&v=4.0 HTTP/1.1" 304 -
201.245.192.253 - - [26/Sep/2023:11:08:57 -0500] "GET /sipse/faces/javax.faces.resource/layout/layout.js?ln=primefaces&v=4.0 HTTP/1.1" 304 -
201.245.192.253 - - [26/Sep/2023:11:08:57 -0500] "POST /sipse/faces/presentacion/workflow/consultarFlujo.xhtml HTTP/1.1" 200 37736
201.245.192.253 - - [26/Sep/2023:11:08:57 -0500] "POST /sipse/faces/presentacion/workflow/consultarFlujo.xhtml HTTP/1.1" 200 37736
201.245.192.253 - - [26/Sep/2023:11:08:57 -0500] "POST /sipse/faces/presentacion/workflow/consultarFlujo.xhtml HTTP/1.1" 200 37736
201.245.192.253 - - [26/Sep/2023:11:08:57 -0500] "POST /sipse/faces/presentacion/workflow/consultarFlujo.xhtml HTTP/1.1" 200 37736
186.113.71.101 - - [26/Sep/2023:11:08:57 -0500] "GET /sipse/faces/javax.faces.resource/images/ui-bg_flat_0_2d5972_40x100.png?ln=primefaces-aristo HTTP/1.1" 304 -
186.113.71.101 - - [26/Sep/2023:11:08:57 -0500] "POST /sipse/faces/bienvenido.xhtml HTTP/1.1" 200 6185
186.113.71.101 - - [26/Sep/2023:11:08:59 -0500] "POST /sipse/faces/bienvenido.xhtml HTTP/1.1" 200 28070
186.113.71.101 - - [26/Sep/2023:11:08:59 -0500] "GET /sipse/faces/javax.faces.resource/jquery/jquery.js?ln=primefaces&v=4.0 HTTP/1.1" 304 -
186.113.71.101 - - [26/Sep/2023:11:08:59 -0500] "GET /sipse/faces/javax.faces.resource/jquery/jquery-plugins.js?ln=primefaces&v=4.0 HTTP/1.1" 304 -
186.113.71.101 - - [26/Sep/2023:11:08:59 -0500] "GET /sipse/faces/javax.faces.resource/primefaces.js?ln=primefaces&v=4.0 HTTP/1.1" 304 -
186.113.71.101 - - [26/Sep/2023:11:08:59 -0500] "GET /sipse/faces/javax.faces.resource/layout/layout.js?ln=primefaces&v=4.0 HTTP/1.1" 304 -
186.102.79.102 - - [26/Sep/2023:11:09:00 -0500] "GET /kwssiamovil/sm/des/ldap/au?x=U2FsdGVkX180j3/E66ioigb7WOfehdVqWzFpGIFyLU1GMhBZZaxWFsenZORb1bqG&y=U2FsdGVkX1/GVPZ5B92iXy0kcFunvNwRcJHOwU6IIcUd6o9arTNAYi6TVc6aiiOj HTTP/1.1" 200 30
186.102.79.102 - - [26/Sep/2023:11:09:01 -0500] "GET /kwssiamovil/sm/des/acme/s?s=U2FsdGVkX19v9DJvfvU/Rx8bRIF8Uf7g4Jg9Cg1/gkLVJhWQ4sZ783mh0ywkHsKGQEDLJYJfZvoE0YJHb2yk+79YIIl0woxMTOBVlWpFJLQ=&u=U2FsdGVkX184ckhzTQZcfvXk4tqwxb9PlIITMXMUInM=&y=U2FsdGVkX1/GVPZ5B92iXy0kcFunvNwRcJHOwU6IIcUd6o9arTNAYi6TVc6aiiOj HTTP/1.1" 200 97
186.102.79.102 - - [26/Sep/2023:11:09:03 -0500] "GET /kwssiamovil/sm/des/acme/s?s=U2FsdGVkX1//RAKGPyUIVvU6Kvvs9+/XypcCFDGlNm8jbKqCAkoBARaYWF1olxZFvR/wBRzxuuuhHVZx8948Zw+lEbBAA2px87AoJcP1zs9qfRZ79lLp0Fowvf4/TNKXhAEtUgnLC/jwACVnL9Sj4fEjewPPS8m8c4gUKYUm6GgRxHoWCPtk7ynZvSM4EWgOclfWh6RkyCUdy08H44mnz6ROfY+b+6+pJu19inCWwlX+WD3RnMQlMSK4UzromCTk5kC0EbmXncaJ093TW+I0qKyHSul0OX81VF+g3/Ci0b2fDy00D/ToaAaY6xwvZ5RUbzZ4DEK2jpL6tnHO8vL+vdb7maqQF/DwzkhwT1O/cjUvVCvUZa1F6QCM6O/WAR3y7yUVVhNwTN45mD424x1pb2OUxAnFnu5BkaExFwfGOl08lww2j8oISAvstg/zHpBujcNGGR7kiR7q/KrGGWeiVuj7BSOurJH32LOEHUDRNly1lPdVLsRUsBpfDGxO4JL8j+GF8D7iw+7Gzm9JhN8GDiRdF1geTvSuAcLbIcW4o7liwrFSNV+2CnlmZ5m1RrdehtxNeJqdeuHKGT0IAOSxz4F/v/7ecuDANEVU+lgw7bOx2qzktnqrYtKj+NtKWVkPVDFN2lTBfARhTnaeCLbAkk/2habx4bLUecLzlYnKKY1hgtuxtEUQpnvXPBF4v1/Eu5HNPd3GlxZ5UXXWVIRU+GvAkav2rePBdt+EA4FzXJl8pH6T8mm+zCBX0YqTdswFB42oS1G1m0Q8XvTX2BYMROEUWgD9ZNTSGEfo0zTSVjVZFonCZg4EXhumdhiwjtXmtpL/g6pLQID0iVotl3FbJCuqjpQowPz5n8QAOZ0HCBiGEjNegZSStd9EP3cVPMTZt5SX9hRLCYc584VryKZReRb0+SNmct+mI1Jqc4UcpNYXXhWyPhoJ/C0qjEF53HtFqi1dCIqZV4crO9mOQUNAj0I5mkIwuFJ1J/+XcdVYKpxP8+dcbpreIReDA8pFW91ZNh5SNdjzh28DCg5pT8mJBVOmAVx50mwqHTKeDNTFqHGNLjGa0r7NVzdSuXctOlopL3XlgYlgjMJOfmnuoWYVfYh1eceU2okoOnncu8mMtLMRCFKqn9gb+hiM78NEv/eMINmKt1buBu4XfE4AB/5jmeJ25okv1y27CE09f3iKBGlBxJtvRyl61ChhvO0INYWNFNlt7hv6P+GzEZPDwgN2uSfqWsRHrQd/yZgYqd2XX6X46R9IXzoclbgjSI4cNnqCY+tg1xlu9x/9sBY5HI5WQJzM4EYPZGr/ZvEegCKqPoC6+Xl00zQMYjcxOA/XwOnQxzMWO7vsVKC/VMsjTQpQLBIuz0cxb5mENSic0aIMbICueTi+u1ocBaecDSW0O+j8fOEux7i/YbuspMfgEgYcAVK/CsaM6uJ1ByVe3Y4ZEP+IoYBYcHIPZk5HS6hCQHszvCcFMjHBN5c3Y2jaoN0IrH8XKAuDQoId6hqPeoUDbkBdkVFSc+U0aZXgq9KcEBknHiUF7gL1caiP2+eAvSMSGboYoKxnqfgf0rYZjOOJ4lPkg9X+1Oe7QNJc+PavL/rnzu1cBLLjiwUz/kV6sN/3sl4+FjhK15o6XiTSCKoNq5YZ6sv0jVJ37QBYlQCQwIySUa8g0N6V11z9gqwmrc5oAYfm57u7XfEin35AgSygO0nBv14gz50KHkVSNaiehnXew1dOnjSqxCxfMIHQZiYBEYpLF+9t4id00fIrMnFY51g=&u=U2FsdGVkX184ckhzTQZcfvXk4tqwxb9PlIITMXMUInM=&y=U2FsdGVkX1/GVPZ5B92iXy0kcFunvNwRcJHOwU6IIcUd6o9arTNAYi6TVc6aiiOj HTTP/1.1" 200 689
186.102.79.102 - - [26/Sep/2023:11:09:03 -0500] "GET /kwssiamovil/sm/des/acme/s?s=U2FsdGVkX18IQelZi8LPOWMI9Equf4Q3IZhbZfQNLoIFbOaDybfRU1sltN35GC9sZ/WcllzUjS0WSliv69BdRNyalctgm/02zdBKrBunzmRhjiT3iEDQua7ATiVsKiZpbah4z/lf+fVjN4a1f2emlSdftD2EAtvX/iSm7ZZnTk9mbX9XicbiYsJBaX2o6MZWrkOZ9cgpS6LzJLIeipKuGRqVYhSWSgEjt1QWi8nqp9YakRNhqQq0kdLIDwTnib4FP7pduIa0gW9+Zs5WwXeu7kHp57sV8yfiBIPcraAIf5bDWLEuaAi2nrLVh1WNin4n4oYJPVXUPiZ0m9bszdIKjC9D+Yijdx2Qa8UFUfGPbEZqUX8sXPx8rB3/iaAQ9zT3MxxH+uNO9eDw3kQXPidh4sqWsyJ4CNPl3A1qmh9ZN8rnXTM+9GXM1nbPqKsTxsJoaoyWaYGOjKs5Q6zqIiXWVFDeww1nzRK+Zwx/zx05mq2W61cC7zI5QVF38ntygs2Bckrw0WP0H0waI5KamHWdUHRB3hH/vgYjmguetayCd5Npcacxh/LWoIbpkSypJyi3QPa5DLYiY6fyJAb5vWqq99igQEAaU6WutRJKPXKrZbRZVYd5OQu/jIWIyWxfmheAI///DKrhpgQA9z5Sk9ZxyJSTCxAKQmnMZjDU81nCvW9QCAUqCiATxUW/UnADqvl89Py3xHLEfDOopO3uwRghMsrO+YiGtBtWgiqA0i8m5P401bzxYMiGZMPoWslpDiYV&u=U2FsdGVkX184ckhzTQZcfvXk4tqwxb9PlIITMXMUInM=&y=U2FsdGVkX1/GVPZ5B92iXy0kcFunvNwRcJHOwU6IIcUd6o9arTNAYi6TVc6aiiOj HTTP/1.1" 200 359
186.113.71.101 - - [26/Sep/2023:11:09:04 -0500] "POST /sipse/faces/presentacion/sistema/reporte/listarReportes.xhtml HTTP/1.1" 200 26846
186.113.71.101 - - [26/Sep/2023:11:09:04 -0500] "POST /sipse/faces/presentacion/sistema/reporte/listarReportes.xhtml HTTP/1.1" 200 26846
186.102.79.102 - - [26/Sep/2023:11:09:03 -0500] "GET /kwssiamovil/sm/des/cjson/pre?f=1&x=U2FsdGVkX180j3/E66ioigb7WOfehdVqWzFpGIFyLU1GMhBZZaxWFsenZORb1bqG HTTP/1.1" 200 31032
186.102.79.102 - - [26/Sep/2023:11:09:03 -0500] "GET /kwssiamovil/sm/des/cjson/pre?f=19&x=U2FsdGVkX180j3/E66ioigb7WOfehdVqWzFpGIFyLU1GMhBZZaxWFsenZORb1bqG HTTP/1.1" 200 61521
192.168.176.32 - - [26/Sep/2023:11:09:09 -0500] "POST /BLA/boletinlegal/admin/actos/ingresar.php HTTP/1.1" 200 7302
216.244.66.195 - - [26/Sep/2023:11:09:11 -0500] "GET /BLA/resoluciones/AUTOS%202007/1442.pdf HTTP/1.1" 200 28902
201.245.192.253 - - [26/Sep/2023:11:09:11 -0500] "POST /sipse/faces/presentacion/workflow/consultarFlujo.xhtml HTTP/1.1" 200 27422
201.245.192.253 - - [26/Sep/2023:11:09:14 -0500] "POST /sipse/faces/presentacion/workflow/consultarFlujo.xhtml HTTP/1.1" 200 20843
201.245.192.253 - - [26/Sep/2023:11:09:14 -0500] "POST /sipse/faces/presentacion/workflow/consultarFlujo.xhtml HTTP/1.1" 200 20864
201.245.192.253 - - [26/Sep/2023:11:09:15 -0500] "POST /sipse/faces/presentacion/workflow/consultarFlujo.xhtml HTTP/1.1" 200 20859
201.245.192.253 - - [26/Sep/2023:11:09:15 -0500] "POST /sipse/faces/presentacion/workflow/consultarFlujo.xhtml HTTP/1.1" 200 13468
186.113.71.101 - - [26/Sep/2023:11:09:22 -0500] "POST /sipse/faces/presentacion/sistema/reporte/listarReportes.xhtml HTTP/1.1" 200 21445
186.113.71.101 - - [26/Sep/2023:11:09:22 -0500] "POST /sipse/faces/presentacion/sistema/reporte/listarReportes.xhtml HTTP/1.1" 200 21445
201.245.192.253 - - [26/Sep/2023:11:09:20 -0500] "POST /kwsrmcab/Wsrmcab  HTTP/1.1" 200 43477
216.244.66.195 - - [26/Sep/2023:11:09:25 -0500] "GET /BLA/resoluciones/AUTOS%202007/1492.pdf HTTP/1.1" 200 44250
186.113.71.101 - - [26/Sep/2023:11:09:26 -0500] "POST /sipse/faces/presentacion/sistema/reporte/listarReportes.xhtml HTTP/1.1" 200 22361
186.113.71.101 - - [26/Sep/2023:11:09:26 -0500] "GET /sipse/faces/javax.faces.resource/theme.css?ln=primefaces-sipse HTTP/1.1" 304 -
186.113.71.101 - - [26/Sep/2023:11:09:26 -0500] "GET /sipse/faces/javax.faces.resource/primefaces.css?ln=primefaces&v=4.0 HTTP/1.1" 304 -
186.113.71.101 - - [26/Sep/2023:11:09:26 -0500] "GET /sipse/faces/javax.faces.resource/layout/layout.css?ln=primefaces&v=4.0 HTTP/1.1" 304 -
186.113.71.101 - - [26/Sep/2023:11:09:26 -0500] "GET /sipse/faces/javax.faces.resource/jquery/jquery.js?ln=primefaces&v=4.0 HTTP/1.1" 304 -
186.113.71.101 - - [26/Sep/2023:11:09:26 -0500] "GET /sipse/faces/javax.faces.resource/jquery/jquery-plugins.js?ln=primefaces&v=4.0 HTTP/1.1" 304 -
186.113.71.101 - - [26/Sep/2023:11:09:26 -0500] "GET /sipse/faces/javax.faces.resource/primefaces.js?ln=primefaces&v=4.0 HTTP/1.1" 304 -
186.113.71.101 - - [26/Sep/2023:11:09:26 -0500] "GET /sipse/faces/javax.faces.resource/layout/layout.js?ln=primefaces&v=4.0 HTTP/1.1" 304 -
186.113.71.101 - - [26/Sep/2023:11:09:27 -0500] "GET /sipse/css/imagen/contrasena.png HTTP/1.1" 404 383
186.113.71.101 - - [26/Sep/2023:11:09:27 -0500] "GET /sipse/faces/javax.faces.resource/images/ui-icons_898989_256x240.png?ln=primefaces-aristo HTTP/1.1" 304 -
186.113.71.101 - - [26/Sep/2023:11:09:32 -0500] "GET /sipse/faces/javax.faces.resource/images/ui-bg_flat_0_2d5972_40x100.png?ln=primefaces-aristo HTTP/1.1" 304 -
186.113.71.101 - - [26/Sep/2023:11:09:32 -0500] "POST /sipse/faces/presentacion/sistema/reporte/ventanaVerReporteParametros.xhtml HTTP/1.1" 200 28070
186.113.71.101 - - [26/Sep/2023:11:09:32 -0500] "GET /sipse/faces/javax.faces.resource/jquery/jquery.js?ln=primefaces&v=4.0 HTTP/1.1" 304 -
186.113.71.101 - - [26/Sep/2023:11:09:32 -0500] "GET /sipse/faces/javax.faces.resource/jquery/jquery-plugins.js?ln=primefaces&v=4.0 HTTP/1.1" 304 -
186.113.71.101 - - [26/Sep/2023:11:09:32 -0500] "GET /sipse/faces/javax.faces.resource/primefaces.js?ln=primefaces&v=4.0 HTTP/1.1" 304 -
186.113.71.101 - - [26/Sep/2023:11:09:32 -0500] "GET /sipse/faces/javax.faces.resource/layout/layout.js?ln=primefaces&v=4.0 HTTP/1.1" 304 -
201.245.192.253 - - [26/Sep/2023:11:09:36 -0500] "POST /sipse/faces/presentacion/workflow/consultarFlujo.xhtml HTTP/1.1" 200 4546
186.113.71.101 - - [26/Sep/2023:11:09:37 -0500] "POST /sipse/faces/presentacion/sistema/reporte/listarReportes.xhtml HTTP/1.1" 200 22368
186.113.71.101 - - [26/Sep/2023:11:09:37 -0500] "GET /sipse/faces/javax.faces.resource/primefaces.css?ln=primefaces&v=4.0 HTTP/1.1" 304 -
186.113.71.101 - - [26/Sep/2023:11:09:37 -0500] "GET /sipse/faces/javax.faces.resource/theme.css?ln=primefaces-sipse HTTP/1.1" 304 -
186.113.71.101 - - [26/Sep/2023:11:09:37 -0500] "GET /sipse/faces/javax.faces.resource/layout/layout.css?ln=primefaces&v=4.0 HTTP/1.1" 304 -
186.113.71.101 - - [26/Sep/2023:11:09:37 -0500] "GET /sipse/faces/javax.faces.resource/jquery/jquery-plugins.js?ln=primefaces&v=4.0 HTTP/1.1" 304 -
186.113.71.101 - - [26/Sep/2023:11:09:37 -0500] "GET /sipse/faces/javax.faces.resource/jquery/jquery.js?ln=primefaces&v=4.0 HTTP/1.1" 304 -
186.113.71.101 - - [26/Sep/2023:11:09:37 -0500] "GET /sipse/faces/javax.faces.resource/primefaces.js?ln=primefaces&v=4.0 HTTP/1.1" 304 -
186.113.71.101 - - [26/Sep/2023:11:09:37 -0500] "GET /sipse/faces/javax.faces.resource/layout/layout.js?ln=primefaces&v=4.0 HTTP/1.1" 304 -
186.113.71.101 - - [26/Sep/2023:11:09:37 -0500] "GET /sipse/css/imagen/contrasena.png HTTP/1.1" 404 383
186.113.71.101 - - [26/Sep/2023:11:09:37 -0500] "GET /sipse/faces/javax.faces.resource/images/ui-icons_898989_256x240.png?ln=primefaces-aristo HTTP/1.1" 304 -
216.244.66.195 - - [26/Sep/2023:11:09:38 -0500] "GET /BLA/resoluciones/AUTOS%202007/1526.pdf HTTP/1.1" 200 287038
201.245.192.253 - - [26/Sep/2023:11:09:40 -0500] "POST /sipse/faces/presentacion/workflow/consultarFlujo.xhtml HTTP/1.1" 200 40211
201.245.192.253 - - [26/Sep/2023:11:09:40 -0500] "GET /sipse/faces/javax.faces.resource/jquery/jquery.js?ln=primefaces&v=4.0 HTTP/1.1" 304 -
201.245.192.253 - - [26/Sep/2023:11:09:40 -0500] "GET /sipse/faces/javax.faces.resource/jquery/jquery-plugins.js?ln=primefaces&v=4.0 HTTP/1.1" 304 -
201.245.192.253 - - [26/Sep/2023:11:09:40 -0500] "GET /sipse/faces/javax.faces.resource/primefaces.js?ln=primefaces&v=4.0 HTTP/1.1" 304 -
201.245.192.253 - - [26/Sep/2023:11:09:40 -0500] "GET /sipse/faces/javax.faces.resource/layout/layout.js?ln=primefaces&v=4.0 HTTP/1.1" 304 -
186.113.71.101 - - [26/Sep/2023:11:09:40 -0500] "GET /sipse/faces/javax.faces.resource/images/ui-bg_flat_0_2d5972_40x100.png?ln=primefaces-aristo HTTP/1.1" 304 -
186.113.71.101 - - [26/Sep/2023:11:09:40 -0500] "POST /sipse/faces/presentacion/sistema/reporte/ventanaVerReporteParametros.xhtml HTTP/1.1" 200 28070
201.245.192.253 - - [26/Sep/2023:11:09:40 -0500] "POST /sipse/faces/presentacion/financiero/solicitudProceso/listarSolicitudProceso.xhtml HTTP/1.1" 200 33552
186.113.71.101 - - [26/Sep/2023:11:09:41 -0500] "GET /sipse/faces/javax.faces.resource/jquery/jquery.js?ln=primefaces&v=4.0 HTTP/1.1" 304 -
186.113.71.101 - - [26/Sep/2023:11:09:41 -0500] "GET /sipse/faces/javax.faces.resource/jquery/jquery-plugins.js?ln=primefaces&v=4.0 HTTP/1.1" 304 -
186.113.71.101 - - [26/Sep/2023:11:09:41 -0500] "GET /sipse/faces/javax.faces.resource/primefaces.js?ln=primefaces&v=4.0 HTTP/1.1" 304 -
201.245.192.253 - - [26/Sep/2023:11:09:41 -0500] "POST /sipse/faces/presentacion/financiero/solicitudProceso/listarSolicitudProceso.xhtml HTTP/1.1" 200 33552
186.113.71.101 - - [26/Sep/2023:11:09:41 -0500] "GET /sipse/faces/javax.faces.resource/layout/layout.js?ln=primefaces&v=4.0 HTTP/1.1" 304 -
201.245.192.253 - - [26/Sep/2023:11:09:41 -0500] "POST /sipse/faces/presentacion/financiero/solicitudProceso/listarSolicitudProceso.xhtml HTTP/1.1" 200 33552
201.245.192.253 - - [26/Sep/2023:11:09:41 -0500] "POST /sipse/faces/presentacion/financiero/solicitudProceso/listarSolicitudProceso.xhtml HTTP/1.1" 200 33552
201.245.192.253 - - [26/Sep/2023:11:09:41 -0500] "POST /sipse/faces/presentacion/financiero/solicitudProceso/listarSolicitudProceso.xhtml HTTP/1.1" 200 33552
201.245.192.253 - - [26/Sep/2023:11:09:41 -0500] "POST /sipse/faces/presentacion/financiero/solicitudProceso/listarSolicitudProceso.xhtml HTTP/1.1" 200 1368
201.245.192.253 - - [26/Sep/2023:11:09:41 -0500] "POST /sipse/faces/presentacion/financiero/solicitudProceso/listarSolicitudProceso.xhtml HTTP/1.1" 200 1372
201.245.192.253 - - [26/Sep/2023:11:09:41 -0500] "POST /sipse/faces/presentacion/financiero/solicitudProceso/listarSolicitudProceso.xhtml HTTP/1.1" 200 1372
201.245.192.253 - - [26/Sep/2023:11:09:41 -0500] "POST /sipse/faces/presentacion/financiero/solicitudProceso/listarSolicitudProceso.xhtml HTTP/1.1" 200 1372
201.245.192.253 - - [26/Sep/2023:11:09:41 -0500] "POST /sipse/faces/presentacion/financiero/solicitudProceso/listarSolicitudProceso.xhtml HTTP/1.1" 200 1372
201.245.192.253 - - [26/Sep/2023:11:09:42 -0500] "POST /sipse/faces/presentacion/financiero/solicitudProceso/listarSolicitudProceso.xhtml HTTP/1.1" 200 1372
201.245.192.253 - - [26/Sep/2023:11:09:42 -0500] "GET /sipse/faces/index.xhtml HTTP/1.1" 200 677
201.245.192.253 - - [26/Sep/2023:11:09:42 -0500] "GET /sipse/faces/javax.faces.resource/theme.css?ln=primefaces-sipse HTTP/1.1" 304 -
201.245.192.253 - - [26/Sep/2023:11:09:42 -0500] "GET /sipse/faces/faces/autenticacion.xhtml HTTP/1.1" 200 12415
201.245.192.253 - - [26/Sep/2023:11:09:42 -0500] "GET /sipse/js/disable_browser_buttons.js HTTP/1.1" 304 -
201.245.192.253 - - [26/Sep/2023:11:09:42 -0500] "GET /sipse/js/funciones.js HTTP/1.1" 304 -
201.245.192.253 - - [26/Sep/2023:11:09:42 -0500] "GET /sipse/css/custom_css_sg_prime_login.css HTTP/1.1" 304 -
201.245.192.253 - - [26/Sep/2023:11:09:42 -0500] "GET /sipse/css/custom_css_sg.css HTTP/1.1" 304 -
201.245.192.253 - - [26/Sep/2023:11:09:42 -0500] "GET /sipse/faces/javax.faces.resource/theme.css?ln=primefaces-sipse HTTP/1.1" 304 -
201.245.192.253 - - [26/Sep/2023:11:09:42 -0500] "GET /sipse/faces/javax.faces.resource/jquery/jquery-plugins.js?ln=primefaces&v=4.0 HTTP/1.1" 304 -
201.245.192.253 - - [26/Sep/2023:11:09:42 -0500] "GET /sipse/faces/javax.faces.resource/primefaces.js?ln=primefaces&v=4.0 HTTP/1.1" 304 -
201.245.192.253 - - [26/Sep/2023:11:09:42 -0500] "GET /sipse/faces/javax.faces.resource/jquery/jquery.js?ln=primefaces&v=4.0 HTTP/1.1" 304 -
201.245.192.253 - - [26/Sep/2023:11:09:42 -0500] "GET /sipse/faces/javax.faces.resource/primefaces.css?ln=primefaces&v=4.0 HTTP/1.1" 304 -
201.245.192.253 - - [26/Sep/2023:11:09:42 -0500] "GET /sipse/faces/javax.faces.resource/layout/layout.css?ln=primefaces&v=4.0 HTTP/1.1" 304 -
201.245.192.253 - - [26/Sep/2023:11:09:42 -0500] "GET /sipse/faces/javax.faces.resource/layout/layout.js?ln=primefaces&v=4.0 HTTP/1.1" 304 -
186.102.27.219 - - [26/Sep/2023:11:09:42 -0500] "GET /kwssiamovil/sm/des/ldap/au?x=U2FsdGVkX1+7mfkmUIxpIcF3WjqHV3gCYHkKM274bi4wSz5dhgrRTfTfs2Qpm+WV&y=U2FsdGVkX1/S1likrwcDGbXgi1MmAo94MjU9m9t+Ls6EVB8AVOrHjqvvIhNkzLbT HTTP/1.1" 200 31
201.245.192.253 - - [26/Sep/2023:11:09:42 -0500] "POST /sipse/faces/presentacion/financiero/solicitudProceso/listarSolicitudProceso.xhtml HTTP/1.1" 200 66208
201.245.192.253 - - [26/Sep/2023:11:09:42 -0500] "GET /sipse/faces/javax.faces.resource/jquery/jquery.js?ln=primefaces&v=4.0 HTTP/1.1" 304 -
201.245.192.253 - - [26/Sep/2023:11:09:42 -0500] "GET /sipse/faces/javax.faces.resource/jquery/jquery-plugins.js?ln=primefaces&v=4.0 HTTP/1.1" 304 -
201.245.192.253 - - [26/Sep/2023:11:09:42 -0500] "GET /sipse/css/imagen/logoSDG.png HTTP/1.1" 304 -
201.245.192.253 - - [26/Sep/2023:11:09:42 -0500] "GET /sipse/css/imagen/loginimg.png HTTP/1.1" 304 -
201.245.192.253 - - [26/Sep/2023:11:09:42 -0500] "GET /sipse/faces/javax.faces.resource/images/ui-icons_898989_256x240.png?ln=primefaces-aristo HTTP/1.1" 304 -
201.245.192.253 - - [26/Sep/2023:11:09:42 -0500] "GET /sipse/faces/javax.faces.resource/primefaces.js?ln=primefaces&v=4.0 HTTP/1.1" 304 -
201.245.192.253 - - [26/Sep/2023:11:09:43 -0500] "GET /sipse/faces/javax.faces.resource/layout/layout.js?ln=primefaces&v=4.0 HTTP/1.1" 304 -
186.113.71.101 - - [26/Sep/2023:11:09:43 -0500] "POST /sipse/faces/presentacion/sistema/reporte/listarReportes.xhtml HTTP/1.1" 200 22364
186.113.71.101 - - [26/Sep/2023:11:09:44 -0500] "GET /sipse/faces/javax.faces.resource/primefaces.css?ln=primefaces&v=4.0 HTTP/1.1" 304 -
186.113.71.101 - - [26/Sep/2023:11:09:44 -0500] "GET /sipse/faces/javax.faces.resource/theme.css?ln=primefaces-sipse HTTP/1.1" 304 -
186.113.71.101 - - [26/Sep/2023:11:09:44 -0500] "GET /sipse/faces/javax.faces.resource/jquery/jquery.js?ln=primefaces&v=4.0 HTTP/1.1" 304 -
186.113.71.101 - - [26/Sep/2023:11:09:44 -0500] "GET /sipse/faces/javax.faces.resource/jquery/jquery-plugins.js?ln=primefaces&v=4.0 HTTP/1.1" 304 -
186.113.71.101 - - [26/Sep/2023:11:09:44 -0500] "GET /sipse/faces/javax.faces.resource/layout/layout.css?ln=primefaces&v=4.0 HTTP/1.1" 304 -
186.113.71.101 - - [26/Sep/2023:11:09:44 -0500] "GET /sipse/faces/javax.faces.resource/primefaces.js?ln=primefaces&v=4.0 HTTP/1.1" 304 -
186.113.71.101 - - [26/Sep/2023:11:09:44 -0500] "GET /sipse/faces/javax.faces.resource/layout/layout.js?ln=primefaces&v=4.0 HTTP/1.1" 304 -
186.113.71.101 - - [26/Sep/2023:11:09:44 -0500] "GET /sipse/css/imagen/contrasena.png HTTP/1.1" 404 383
186.113.71.101 - - [26/Sep/2023:11:09:44 -0500] "GET /sipse/faces/javax.faces.resource/images/ui-icons_898989_256x240.png?ln=primefaces-aristo HTTP/1.1" 304 -
201.245.192.253 - - [26/Sep/2023:11:09:45 -0500] "POST /sipse/faces/presentacion/financiero/solicitudProceso/crearModificarSolicitudProceso.xhtml HTTP/1.1" 200 51769
186.113.71.101 - - [26/Sep/2023:11:09:47 -0500] "GET /sipse/faces/javax.faces.resource/images/ui-bg_flat_0_2d5972_40x100.png?ln=primefaces-aristo HTTP/1.1" 304 -
186.113.71.101 - - [26/Sep/2023:11:09:47 -0500] "POST /sipse/faces/presentacion/sistema/reporte/ventanaVerReporteParametros.xhtml HTTP/1.1" 200 28070
186.113.71.101 - - [26/Sep/2023:11:09:47 -0500] "GET /sipse/faces/javax.faces.resource/jquery/jquery.js?ln=primefaces&v=4.0 HTTP/1.1" 304 -
186.113.71.101 - - [26/Sep/2023:11:09:47 -0500] "GET /sipse/faces/javax.faces.resource/jquery/jquery-plugins.js?ln=primefaces&v=4.0 HTTP/1.1" 304 -
186.113.71.101 - - [26/Sep/2023:11:09:47 -0500] "GET /sipse/faces/javax.faces.resource/primefaces.js?ln=primefaces&v=4.0 HTTP/1.1" 304 -
186.113.71.101 - - [26/Sep/2023:11:09:47 -0500] "GET /sipse/faces/javax.faces.resource/layout/layout.js?ln=primefaces&v=4.0 HTTP/1.1" 304 -
186.102.27.219 - - [26/Sep/2023:11:09:49 -0500] "GET /kwssiamovil/sm/des/ldap/au?x=U2FsdGVkX18+Gt6ShWXlUQ44bhAtJC6gi+mSXue9Nqe9bepL27TMHqnvuzo/CRBq&y=U2FsdGVkX1/QyH7hYCiDLQLd66qdNEuKIPa5pz8BReF0kVj874c5T1FNGmABA2i8 HTTP/1.1" 200 30
186.113.71.101 - - [26/Sep/2023:11:09:49 -0500] "POST /sipse/faces/presentacion/sistema/reporte/listarReportes.xhtml HTTP/1.1" 200 26846
186.102.27.219 - - [26/Sep/2023:11:09:49 -0500] "GET /kwssiamovil/sm/des/acme/s?s=U2FsdGVkX1+t94IerVJQdYziI9T95JMT1ackW4u6mKowMkuxw7tKG/2KFkj+oKR4Tk5WRaOQj9J7PmwXCWu2TRY7+iuERN6ukVdnTP8TpKY=&u=U2FsdGVkX18hW7ZKD73TF52iQxXR/50cAjk5QvDjAGY=&y=U2FsdGVkX1/QyH7hYCiDLQLd66qdNEuKIPa5pz8BReF0kVj874c5T1FNGmABA2i8 HTTP/1.1" 200 97
186.113.71.101 - - [26/Sep/2023:11:09:49 -0500] "POST /sipse/faces/presentacion/sistema/reporte/listarReportes.xhtml HTTP/1.1" 200 26846
186.102.27.219 - - [26/Sep/2023:11:09:50 -0500] "GET /kwssiamovil/sm/des/acme/s?s=U2FsdGVkX1/Qd/cKHpeLBlE4x6KkDUuoZeBDNI2rH1sl42JPNCNt6h2ILkcyLYaeZ7nVuXS0UL9PzrE4IGRNuuOg6NxlFugzKOfA06BbpSjEBhe1o7Qvyc8Zswg3URABkgpdbyu0v6ekYaaXdzzswJZ0MaQb3q7UwpHngWFN6xiqDzrjpgruXxr1l69oqriXmYw5zGSymlurpw/rHZkL7bsacb7YOjoWHxt07+kQ2DFz8IHRWVMm5AAYau7ejjVVi8rpaewCbs4EN4OrOrnPPCQTtQ1I7vhsntVpRCH7AaV7FPnNU6dk0voLYxjI/1AwUxSG3pevl4bLso1tkjWzqFQxjJqQJwA0Zjyvo3l0ofSX1tiEQjDJ5TVx70BLhn91kX1Mszzs3af54OtjP++kGJQ9fiwx70n35S+PRVyIIybRWj1WCIIOoVDShPlmnvLi+6V8AvaDEbO/hDwlvTHIlXvhiguCLF9gyW98+Zx/q5ioPEhXXs2kdBxjuz0f1CL/y+3HonSxcHHQpWwlNrCymYq0nL8cz/rHiqpaoZ+vV0kNSLfQqoGwdkkHaDAO0SpknjCHUZiCrt0Ch7sfoYieUgnxG0B/Jh1qvpryAYXYhAUCQGrAcO0I4gZBk6KkfojBjgKlewp8TQ4tUdy/gsTtegCk0tHDaVTRR8KcoVjArUij1R1YHiQ8DTqm9FxsI46I2RMB8UxjaDaN4rFJC86uUWQ9P72NQ9jVCinSA4C6rtobbhg01US3k5QVYUuQkn4Sug8BIfWRt/AKFsyd5a3wR3ZS0Nn5094qZoeQgpQFj9YIPq5MM7F9+wJ7CAMBGzqtnvMCxy68846+WYYMvAYH2D1wcURAVLlIWV7ltmNtdjfuerlfk+jJG+lvsBOAeUa8bnaDC8sPmlZ5ozOPUSrsQu2QEyHQr42Dfre99cS/YzMilvtdtKhBuYN6Q34NJtzF0oMiHPhrhoa+O340es32ACTOBTK1cDj5xgcYdYNVAeK4LGFRbZy/I5wypjrokTSBw7taA3FC0IBdOeinfRSrFE9uaoY45EtEDPlMazrskVxgIPaLB3I2dM0FZqyGtQMv7n2o0gv0Q/HNN6rmC9HplkGBU/7s77nGpVryOKTwMPe1LNVHYExqLaDE8+foOhTlQQqw3og0cYhQfRV/Ii/cIuQ3BKLBCTneMOv3ljpWpjOAroHs7yTn2O+qH0u3ts8RgxlWoBSb1tHZnRZBzFs+XuTmegET5N1/RS4ve9DFf3dcrh/4rDEXdjzuZxwL8u8uQkPx4g9SpBmE0N/o9uQ9t9iTxoBzxti7cxlq4hjVObKxa+murWvASav/TWWIhUXcLA5jdq2or1I62AYQdl/Aq6r3l1OlP1D7x4uEoc68yDlYv/W9gBeKL47CMJVYBmK9iS6JB3Udrvp1RYCEgLUNVImwBMBqy8IWHtm1mWiabH/+yx42QArNJ6F30fB5QwSxceoCroxuZu7cOJ8HL1qVQ7q88/zmE6gAgGVYLRcTdjB2nzLGGLoM8GZ3whIYoakkbvTUuSyQX4qbCaxC3VDn5b7/ms/IdlKVPcqRoYgRsqzE7UHngNACjtqs2sMjWlS9iwoL+p3aVgWlbKwO6+kuINmFb3LiVsdOjeOM3XWnJVeyrsuUkY39mBIDDTIvMBAKNyYe2VbPrWxr0QkpP1q/YGhU39QsDCZqvXxkfge292yDg3PruJrMeoX9oCS1fW6tZt4YIi1bv/+pg3Z8+v3yH5hkQYgHCPN4dknhUqSoB5k=&u=U2FsdGVkX18hW7ZKD73TF52iQxXR/50cAjk5QvDjAGY=&y=U2FsdGVkX1/QyH7hYCiDLQLd66qdNEuKIPa5pz8BReF0kVj874c5T1FNGmABA2i8 HTTP/1.1" 200 689
186.102.27.219 - - [26/Sep/2023:11:09:50 -0500] "GET /kwssiamovil/sm/des/acme/s?s=U2FsdGVkX1+tM+Ln5Pt9OeGVeocPMeBC/GqvTmbrS4v92QEqSmk8zF+lvDp/RFMFQ2RXatWhZseVOoxOxXbN3dZnLqngSv9A39ZRlg6N4PnUu/IEC8kTfx+6lQXRyNAp6ZdkZ90gXqobLi2mJ7R3WaOY6D9iX2WTseq7GhdRUBxtKCM6WWraXAuiN+eHXTzjyJ6f06Hm+rgOXwx7u1DUwJHpOCi/b1V3KhHDW48NoO1AnHUTnwi55C+UgACfjbM28PBgITNYY2iG8xjiEK9N2fWxn3A1pD1Xw7t1OpESbvTTm1C+LxjV9F4wMqoFMh/9kXbBfLz2QqdTqkubsQz09oXGxXsVCHJOHPHBfevfH9OQvaxEjmU+cUhJ5smtTP+1sbrJeJU4ADD4cc2xUudEnqCh7afCJZBa+4e84cqfcx//Q/GIanPb2KSnTeBk03tBTH3lCzf5A6VAcNlxUYuflRWuUC/RxYxZONw8uFdxEjBz2byv2p60twpbnEe+m7fRRONyfR2LyNWxcfFhgnHNrWWc/7ySH+EBJ2UAuqi7eesBdY2WI6YUNBPURerWzPKAteURUZ3Qzg6/Koxi9dlvG6KglRq+GDMRCAoC7gUwnpSnJKwn6Gg0ziaWwkWTIwckoijZpRuqoS4uUBd/A2bgXhF9jmWXyfNDshK5T/RrS3US0CioKOs+rvzNLgByNDDAz5c4wpZJTCdUtGcolVlhMSnwFZXY4c5IsqoeF3R0EetT5iYMKD02pKS/Th6ZUtv5&u=U2FsdGVkX18hW7ZKD73TF52iQxXR/50cAjk5QvDjAGY=&y=U2FsdGVkX1/QyH7hYCiDLQLd66qdNEuKIPa5pz8BReF0kVj874c5T1FNGmABA2i8 HTTP/1.1" 200 359
216.244.66.195 - - [26/Sep/2023:11:09:50 -0500] "GET /BLA/resoluciones/AUTOS%202007/1541.pdf HTTP/1.1" 200 119542
186.102.27.219 - - [26/Sep/2023:11:09:50 -0500] "GET /kwssiamovil/sm/des/cjson/pre?f=1&x=U2FsdGVkX18+Gt6ShWXlUQ44bhAtJC6gi+mSXue9Nqe9bepL27TMHqnvuzo/CRBq HTTP/1.1" 200 31032
186.102.27.219 - - [26/Sep/2023:11:09:50 -0500] "GET /kwssiamovil/sm/des/cjson/pre?f=19&x=U2FsdGVkX18+Gt6ShWXlUQ44bhAtJC6gi+mSXue9Nqe9bepL27TMHqnvuzo/CRBq HTTP/1.1" 200 61521
186.113.71.101 - - [26/Sep/2023:11:09:54 -0500] "POST /sipse/faces/presentacion/sistema/reporte/listarReportes.xhtml HTTP/1.1" 200 10254
201.244.111.27 - - [26/Sep/2023:11:09:55 -0500] "GET /sipse/faces/index.xhtml HTTP/1.1" 200 677
201.244.111.27 - - [26/Sep/2023:11:09:55 -0500] "GET /sipse/faces/javax.faces.resource/theme.css?ln=primefaces-sipse HTTP/1.1" 200 50058
201.244.111.27 - - [26/Sep/2023:11:09:56 -0500] "GET /sipse/faces/faces/autenticacion.xhtml HTTP/1.1" 200 12415
201.244.111.27 - - [26/Sep/2023:11:09:56 -0500] "GET /sipse/faces/javax.faces.resource/theme.css?ln=primefaces-sipse HTTP/1.1" 304 -
201.244.111.27 - - [26/Sep/2023:11:09:56 -0500] "GET /sipse/css/custom_css_sg.css HTTP/1.1" 200 9694
201.244.111.27 - - [26/Sep/2023:11:09:56 -0500] "GET /sipse/js/funciones.js HTTP/1.1" 200 12592
201.244.111.27 - - [26/Sep/2023:11:09:56 -0500] "GET /sipse/js/disable_browser_buttons.js HTTP/1.1" 200 3230
201.244.111.27 - - [26/Sep/2023:11:09:56 -0500] "GET /sipse/css/custom_css_sg_prime_login.css HTTP/1.1" 200 443
201.244.111.27 - - [26/Sep/2023:11:09:56 -0500] "GET /sipse/faces/javax.faces.resource/layout/layout.css?ln=primefaces&v=4.0 HTTP/1.1" 200 542
201.244.111.27 - - [26/Sep/2023:11:09:56 -0500] "GET /sipse/faces/javax.faces.resource/jquery/jquery.js?ln=primefaces&v=4.0 HTTP/1.1" 304 -
201.244.111.27 - - [26/Sep/2023:11:09:56 -0500] "GET /sipse/faces/javax.faces.resource/primefaces.js?ln=primefaces&v=4.0 HTTP/1.1" 304 -
201.244.111.27 - - [26/Sep/2023:11:09:56 -0500] "GET /sipse/faces/javax.faces.resource/jquery/jquery-plugins.js?ln=primefaces&v=4.0 HTTP/1.1" 304 -
201.244.111.27 - - [26/Sep/2023:11:09:56 -0500] "GET /sipse/faces/javax.faces.resource/layout/layout.js?ln=primefaces&v=4.0 HTTP/1.1" 304 -
201.244.111.27 - - [26/Sep/2023:11:09:56 -0500] "GET /sipse/faces/javax.faces.resource/primefaces.css?ln=primefaces&v=4.0 HTTP/1.1" 200 53295
201.245.192.253 - - [26/Sep/2023:11:09:56 -0500] "POST /sipse/faces/autenticacion.xhtml HTTP/1.1" 200 2218
201.245.192.253 - - [26/Sep/2023:11:09:56 -0500] "GET /sipse/faces/javax.faces.resource/messages/messages.png?ln=primefaces&v=4.0 HTTP/1.1" 304 -
201.244.111.27 - - [26/Sep/2023:11:09:56 -0500] "GET /sipse/faces/javax.faces.resource/images/ui-icons_898989_256x240.png?ln=primefaces-aristo HTTP/1.1" 200 5355
201.244.111.27 - - [26/Sep/2023:11:09:56 -0500] "GET /sipse/css/imagen/loginimg.png HTTP/1.1" 200 71635
201.244.111.27 - - [26/Sep/2023:11:09:56 -0500] "GET /sipse/css/imagen/logoSDG.png HTTP/1.1" 200 53064
201.245.192.253 - - [26/Sep/2023:11:09:58 -0500] "POST /sipse/faces/autenticacion.xhtml HTTP/1.1" 200 16406
201.245.192.253 - - [26/Sep/2023:11:09:58 -0500] "GET /sipse/css/custom_css_sg_prime.css HTTP/1.1" 304 -
201.245.192.253 - - [26/Sep/2023:11:09:58 -0500] "GET /sipse/faces/javax.faces.resource/theme.css?ln=primefaces-sipse HTTP/1.1" 304 -
201.245.192.253 - - [26/Sep/2023:11:09:58 -0500] "GET /sipse/faces/javax.faces.resource/primefaces.css?ln=primefaces&v=4.0 HTTP/1.1" 304 -
201.245.192.253 - - [26/Sep/2023:11:09:58 -0500] "GET /sipse/faces/javax.faces.resource/layout/layout.css?ln=primefaces&v=4.0 HTTP/1.1" 304 -
201.245.192.253 - - [26/Sep/2023:11:09:58 -0500] "GET /sipse/js/jquery.min.js HTTP/1.1" 304 -
201.245.192.253 - - [26/Sep/2023:11:09:58 -0500] "GET /sipse/faces/javax.faces.resource/jquery/jquery.js?ln=primefaces&v=4.0 HTTP/1.1" 304 -
201.245.192.253 - - [26/Sep/2023:11:09:58 -0500] "GET /sipse/faces/javax.faces.resource/jquery/jquery-plugins.js?ln=primefaces&v=4.0 HTTP/1.1" 304 -
201.245.192.253 - - [26/Sep/2023:11:09:58 -0500] "GET /sipse/faces/javax.faces.resource/primefaces.js?ln=primefaces&v=4.0 HTTP/1.1" 304 -
201.245.192.253 - - [26/Sep/2023:11:09:58 -0500] "GET /sipse/faces/javax.faces.resource/layout/layout.js?ln=primefaces&v=4.0 HTTP/1.1" 304 -
201.245.192.253 - - [26/Sep/2023:11:09:58 -0500] "GET /sipse/css/v_mergente.css HTTP/1.1" 304 -
201.245.192.253 - - [26/Sep/2023:11:09:58 -0500] "GET /sipse/imagenes/cargando.gif HTTP/1.1" 304 -
201.245.192.253 - - [26/Sep/2023:11:09:58 -0500] "GET /sipse/imagenes/logoAplicacion.jpg HTTP/1.1" 304 -
201.245.192.253 - - [26/Sep/2023:11:09:58 -0500] "GET /sipse/css/imagen/contrasena.png HTTP/1.1" 404 383
201.244.111.27 - - [26/Sep/2023:11:09:59 -0500] "POST /sipse/faces/autenticacion.xhtml HTTP/1.1" 200 2216
201.244.111.27 - - [26/Sep/2023:11:09:59 -0500] "GET /sipse/faces/javax.faces.resource/messages/messages.png?ln=primefaces&v=4.0 HTTP/1.1" 304 -
201.245.192.253 - - [26/Sep/2023:11:10:00 -0500] "POST /forms/lservlet;jsessionid=ac16012b30d621c28f55bae248a79f78c828ebdefec0.e3iSbxaKaheRe34Pbx8Nc3aQci1ynknvrkLOlQzNp65In0 HTTP/1.1" 200 2
201.244.111.27 - - [26/Sep/2023:11:10:00 -0500] "POST /sipse/faces/autenticacion.xhtml HTTP/1.1" 200 16415
201.244.111.27 - - [26/Sep/2023:11:10:01 -0500] "GET /sipse/css/custom_css_sg_prime.css HTTP/1.1" 200 5201
201.244.111.27 - - [26/Sep/2023:11:10:01 -0500] "GET /sipse/js/jquery.min.js HTTP/1.1" 200 85582
201.245.192.253 - - [26/Sep/2023:11:10:01 -0500] "GET /sipse/faces/javax.faces.resource/images/ui-bg_flat_0_2d5972_40x100.png?ln=primefaces-aristo HTTP/1.1" 304 -
201.245.192.253 - - [26/Sep/2023:11:10:01 -0500] "POST /sipse/faces/bienvenido.xhtml HTTP/1.1" 200 2658
201.244.111.27 - - [26/Sep/2023:11:10:01 -0500] "GET /sipse/faces/javax.faces.resource/jquery/jquery.js?ln=primefaces&v=4.0 HTTP/1.1" 304 -
201.244.111.27 - - [26/Sep/2023:11:10:01 -0500] "GET /sipse/faces/javax.faces.resource/jquery/jquery-plugins.js?ln=primefaces&v=4.0 HTTP/1.1" 304 -
216.244.66.195 - - [26/Sep/2023:11:10:01 -0500] "GET /BLA/resoluciones/AUTOS%202007/1651.pdf HTTP/1.1" 200 803789
201.244.111.27 - - [26/Sep/2023:11:10:01 -0500] "GET /sipse/faces/javax.faces.resource/primefaces.js?ln=primefaces&v=4.0 HTTP/1.1" 304 -
201.244.111.27 - - [26/Sep/2023:11:10:01 -0500] "GET /sipse/faces/javax.faces.resource/layout/layout.js?ln=primefaces&v=4.0 HTTP/1.1" 304 -
201.244.111.27 - - [26/Sep/2023:11:10:01 -0500] "GET /sipse/css/v_mergente.css HTTP/1.1" 200 1505
201.244.111.27 - - [26/Sep/2023:11:10:01 -0500] "GET /sipse/css/imagen/contrasena.png HTTP/1.1" 404 383
201.244.111.27 - - [26/Sep/2023:11:10:01 -0500] "GET /sipse/imagenes/cargando.gif HTTP/1.1" 200 36959
201.244.111.27 - - [26/Sep/2023:11:10:01 -0500] "GET /sipse/imagenes/logoAplicacion.jpg HTTP/1.1" 200 155084
201.245.192.253 - - [26/Sep/2023:11:10:02 -0500] "POST /sipse/faces/bienvenido.xhtml HTTP/1.1" 200 2073
201.244.111.27 - - [26/Sep/2023:11:10:03 -0500] "GET /sipse/faces/javax.faces.resource/images/ui-bg_flat_0_2d5972_40x100.png?ln=primefaces-aristo HTTP/1.1" 304 -
201.244.111.27 - - [26/Sep/2023:11:10:03 -0500] "POST /sipse/faces/bienvenido.xhtml HTTP/1.1" 200 2658
201.245.192.253 - - [26/Sep/2023:11:10:03 -0500] "POST /sipse/faces/bienvenido.xhtml HTTP/1.1" 200 40807
201.245.192.253 - - [26/Sep/2023:11:10:04 -0500] "GET /sipse/faces/javax.faces.resource/theme.css?ln=primefaces-sipse HTTP/1.1" 304 -
201.245.192.253 - - [26/Sep/2023:11:10:04 -0500] "GET /sipse/faces/javax.faces.resource/layout/layout.css?ln=primefaces&v=4.0 HTTP/1.1" 304 -
201.245.192.253 - - [26/Sep/2023:11:10:04 -0500] "GET /sipse/faces/javax.faces.resource/primefaces.css?ln=primefaces&v=4.0 HTTP/1.1" 304 -
201.245.192.253 - - [26/Sep/2023:11:10:04 -0500] "GET /sipse/faces/javax.faces.resource/jquery/jquery.js?ln=primefaces&v=4.0 HTTP/1.1" 304 -
201.245.192.253 - - [26/Sep/2023:11:10:04 -0500] "GET /sipse/faces/javax.faces.resource/jquery/jquery-plugins.js?ln=primefaces&v=4.0 HTTP/1.1" 304 -
201.245.192.253 - - [26/Sep/2023:11:10:04 -0500] "GET /sipse/faces/javax.faces.resource/primefaces.js?ln=primefaces&v=4.0 HTTP/1.1" 304 -
201.245.192.253 - - [26/Sep/2023:11:10:04 -0500] "GET /sipse/faces/javax.faces.resource/layout/layout.js?ln=primefaces&v=4.0 HTTP/1.1" 304 -
186.113.71.101 - - [26/Sep/2023:11:10:05 -0500] "POST /sipse/faces/presentacion/sistema/reporte/listarReportes.xhtml HTTP/1.1" 200 21445
186.113.71.101 - - [26/Sep/2023:11:10:05 -0500] "POST /sipse/faces/presentacion/sistema/reporte/listarReportes.xhtml HTTP/1.1" 200 21445
201.244.111.27 - - [26/Sep/2023:11:10:04 -0500] "POST /sipse/faces/bienvenido.xhtml HTTP/1.1" 200 64378
201.244.111.27 - - [26/Sep/2023:11:10:06 -0500] "GET /sipse/faces/javax.faces.resource/jquery/jquery.js?ln=primefaces&v=4.0 HTTP/1.1" 304 -
201.244.111.27 - - [26/Sep/2023:11:10:06 -0500] "GET /sipse/faces/javax.faces.resource/jquery/jquery-plugins.js?ln=primefaces&v=4.0 HTTP/1.1" 304 -
201.244.111.27 - - [26/Sep/2023:11:10:06 -0500] "GET /sipse/faces/javax.faces.resource/primefaces.js?ln=primefaces&v=4.0 HTTP/1.1" 304 -
201.244.111.27 - - [26/Sep/2023:11:10:06 -0500] "GET /sipse/faces/javax.faces.resource/layout/layout.js?ln=primefaces&v=4.0 HTTP/1.1" 304 -
201.245.192.253 - - [26/Sep/2023:11:10:07 -0500] "POST /forms/lservlet;jsessionid=ac16012b30d63811a4d222c24ee08dfa92c60b979aae.e3iSbxaKaheRe34Pbx8Nc3aQci1ynknvrkLOlQzNp65In0 HTTP/1.1" 200 2
201.244.111.27 - - [26/Sep/2023:11:10:06 -0500] "POST /sipse/faces/presentacion/financiero/solicitudProceso/listarSolicitudProceso.xhtml HTTP/1.1" 200 1552
201.244.111.27 - - [26/Sep/2023:11:10:10 -0500] "POST /sipse/faces/presentacion/financiero/solicitudProceso/listarSolicitudProceso.xhtml HTTP/1.1" 200 16875
216.244.66.195 - - [26/Sep/2023:11:10:12 -0500] "GET /BLA/resoluciones/AUTOS%202007/1705.pdf HTTP/1.1" 200 36011
172.22.2.4 - - [26/Sep/2023:11:08:34 -0500] "HEAD /BLA/boletinlegal/ HTTP/1.1" 200 -
201.245.192.253 - - [26/Sep/2023:11:10:15 -0500] "POST /sipse/faces/presentacion/financiero/solicitudProceso/consultar.xhtml HTTP/1.1" 200 12926
186.113.71.101 - - [26/Sep/2023:11:10:20 -0500] "POST /sipse/faces/presentacion/sistema/reporte/listarReportes.xhtml HTTP/1.1" 200 22358
186.113.71.101 - - [26/Sep/2023:11:10:20 -0500] "GET /sipse/faces/javax.faces.resource/theme.css?ln=primefaces-sipse HTTP/1.1" 304 -
186.113.71.101 - - [26/Sep/2023:11:10:20 -0500] "GET /sipse/faces/javax.faces.resource/primefaces.css?ln=primefaces&v=4.0 HTTP/1.1" 304 -
186.113.71.101 - - [26/Sep/2023:11:10:20 -0500] "GET /sipse/faces/javax.faces.resource/jquery/jquery.js?ln=primefaces&v=4.0 HTTP/1.1" 304 -
186.113.71.101 - - [26/Sep/2023:11:10:20 -0500] "GET /sipse/faces/javax.faces.resource/layout/layout.css?ln=primefaces&v=4.0 HTTP/1.1" 304 -
186.113.71.101 - - [26/Sep/2023:11:10:20 -0500] "GET /sipse/faces/javax.faces.resource/primefaces.js?ln=primefaces&v=4.0 HTTP/1.1" 304 -
186.113.71.101 - - [26/Sep/2023:11:10:20 -0500] "GET /sipse/faces/javax.faces.resource/jquery/jquery-plugins.js?ln=primefaces&v=4.0 HTTP/1.1" 304 -
186.113.71.101 - - [26/Sep/2023:11:10:20 -0500] "GET /sipse/faces/javax.faces.resource/layout/layout.js?ln=primefaces&v=4.0 HTTP/1.1" 304 -
186.113.71.101 - - [26/Sep/2023:11:10:20 -0500] "GET /sipse/css/imagen/contrasena.png HTTP/1.1" 404 383
186.113.71.101 - - [26/Sep/2023:11:10:20 -0500] "GET /sipse/faces/javax.faces.resource/images/ui-icons_898989_256x240.png?ln=primefaces-aristo HTTP/1.1" 304 -
201.245.192.253 - - [26/Sep/2023:11:10:19 -0500] "POST /sipse/faces/presentacion/financiero/solicitudProceso/consultar.xhtml HTTP/1.1" 200 135598
201.245.192.253 - - [26/Sep/2023:11:10:21 -0500] "GET /sipse/faces/javax.faces.resource/theme.css?ln=primefaces-sipse HTTP/1.1" 304 -
201.245.192.253 - - [26/Sep/2023:11:10:21 -0500] "GET /sipse/faces/javax.faces.resource/layout/layout.css?ln=primefaces&v=4.0 HTTP/1.1" 304 -
201.245.192.253 - - [26/Sep/2023:11:10:21 -0500] "GET /sipse/faces/javax.faces.resource/primefaces.css?ln=primefaces&v=4.0 HTTP/1.1" 304 -
201.245.192.253 - - [26/Sep/2023:11:10:21 -0500] "GET /sipse/faces/javax.faces.resource/jquery/jquery.js?ln=primefaces&v=4.0 HTTP/1.1" 304 -
201.245.192.253 - - [26/Sep/2023:11:10:21 -0500] "GET /sipse/faces/javax.faces.resource/jquery/jquery-plugins.js?ln=primefaces&v=4.0 HTTP/1.1" 304 -
201.245.192.253 - - [26/Sep/2023:11:10:21 -0500] "GET /sipse/faces/javax.faces.resource/primefaces.js?ln=primefaces&v=4.0 HTTP/1.1" 304 -
201.245.192.253 - - [26/Sep/2023:11:10:21 -0500] "GET /sipse/faces/javax.faces.resource/layout/layout.js?ln=primefaces&v=4.0 HTTP/1.1" 304 -
216.244.66.195 - - [26/Sep/2023:11:10:21 -0500] "GET /BLA/resoluciones/AUTOS%202007/1728.pdf HTTP/1.1" 200 34949
192.168.176.32 - - [26/Sep/2023:11:10:22 -0500] "POST /BLA/boletinlegal/admin/actos/ingresar.php HTTP/1.1" 200 7302
216.244.66.195 - - [26/Sep/2023:11:10:29 -0500] "GET /BLA/resoluciones/AUTOS%202007/1824.pdf HTTP/1.1" 200 29875
216.244.66.195 - - [26/Sep/2023:11:10:36 -0500] "GET /BLA/resoluciones/AUTOS%202007/1847.pdf HTTP/1.1" 200 315326
216.244.66.246 - - [26/Sep/2023:11:10:41 -0500] "GET /robots.txt HTTP/1.1" 404 1034
201.245.192.253 - - [26/Sep/2023:11:10:41 -0500] "POST /sipse/faces/presentacion/financiero/solicitudProceso/consultarSolicitudProceso.xhtml HTTP/1.1" 200 130399
216.244.66.195 - - [26/Sep/2023:11:10:42 -0500] "GET /BLA/resoluciones/AUTOS%202009/0768.pdf HTTP/1.1" 200 171467
216.244.66.195 - - [26/Sep/2023:11:10:47 -0500] "GET /BLA/resoluciones/AUTOS%202009/0920.pdf HTTP/1.1" 200 122083
216.245.221.92 - - [26/Sep/2023:11:10:49 -0500] "HEAD / HTTP/1.1" 200 -
186.113.71.101 - - [26/Sep/2023:11:10:51 -0500] "GET /sipse/faces/javax.faces.resource/images/ui-bg_flat_0_2d5972_40x100.png?ln=primefaces-aristo HTTP/1.1" 304 -
186.113.71.101 - - [26/Sep/2023:11:10:51 -0500] "POST /sipse/faces/presentacion/sistema/reporte/ventanaVerReporteParametros.xhtml HTTP/1.1" 200 28070
186.113.71.101 - - [26/Sep/2023:11:10:52 -0500] "GET /sipse/faces/javax.faces.resource/jquery/jquery.js?ln=primefaces&v=4.0 HTTP/1.1" 304 -
186.113.71.101 - - [26/Sep/2023:11:10:52 -0500] "GET /sipse/faces/javax.faces.resource/jquery/jquery-plugins.js?ln=primefaces&v=4.0 HTTP/1.1" 304 -
186.113.71.101 - - [26/Sep/2023:11:10:52 -0500] "GET /sipse/faces/javax.faces.resource/primefaces.js?ln=primefaces&v=4.0 HTTP/1.1" 304 -
186.113.71.101 - - [26/Sep/2023:11:10:52 -0500] "GET /sipse/faces/javax.faces.resource/layout/layout.js?ln=primefaces&v=4.0 HTTP/1.1" 304 -
216.244.66.195 - - [26/Sep/2023:11:10:52 -0500] "GET /BLA/resoluciones/AUTOS%202009/1338.pdf HTTP/1.1" 200 88037
186.113.71.101 - - [26/Sep/2023:11:10:55 -0500] "POST /sipse/faces/presentacion/sistema/reporte/listarReportes.xhtml HTTP/1.1" 200 22358
186.113.71.101 - - [26/Sep/2023:11:10:55 -0500] "GET /sipse/faces/javax.faces.resource/theme.css?ln=primefaces-sipse HTTP/1.1" 304 -
186.113.71.101 - - [26/Sep/2023:11:10:55 -0500] "GET /sipse/faces/javax.faces.resource/primefaces.css?ln=primefaces&v=4.0 HTTP/1.1" 304 -
186.113.71.101 - - [26/Sep/2023:11:10:55 -0500] "GET /sipse/faces/javax.faces.resource/layout/layout.css?ln=primefaces&v=4.0 HTTP/1.1" 304 -
186.113.71.101 - - [26/Sep/2023:11:10:55 -0500] "GET /sipse/faces/javax.faces.resource/jquery/jquery.js?ln=primefaces&v=4.0 HTTP/1.1" 304 -
186.113.71.101 - - [26/Sep/2023:11:10:55 -0500] "GET /sipse/faces/javax.faces.resource/jquery/jquery-plugins.js?ln=primefaces&v=4.0 HTTP/1.1" 304 -
186.113.71.101 - - [26/Sep/2023:11:10:55 -0500] "GET /sipse/faces/javax.faces.resource/primefaces.js?ln=primefaces&v=4.0 HTTP/1.1" 304 -
186.113.71.101 - - [26/Sep/2023:11:10:55 -0500] "GET /sipse/faces/javax.faces.resource/layout/layout.js?ln=primefaces&v=4.0 HTTP/1.1" 304 -
186.113.71.101 - - [26/Sep/2023:11:10:56 -0500] "GET /sipse/css/imagen/contrasena.png HTTP/1.1" 404 383
186.113.71.101 - - [26/Sep/2023:11:10:56 -0500] "GET /sipse/faces/javax.faces.resource/images/ui-icons_898989_256x240.png?ln=primefaces-aristo HTTP/1.1" 304 -
216.244.66.195 - - [26/Sep/2023:11:10:56 -0500] "GET /BLA/resoluciones/AUTOS%202009/1733.pdf HTTP/1.1" 200 99857
216.244.66.195 - - [26/Sep/2023:11:11:00 -0500] "GET /BLA/resoluciones/AUTOS%202009/1741.pdf HTTP/1.1" 200 134898
216.244.66.195 - - [26/Sep/2023:11:11:03 -0500] "GET /BLA/resoluciones/AUTOS%202009/1817.pdf HTTP/1.1" 200 202788
172.22.2.4 - - [26/Sep/2023:11:09:24 -0500] "GET /BLA/boletinlegal/ HTTP/1.1" 200 58187
216.244.66.195 - - [26/Sep/2023:11:11:06 -0500] "GET /BLA/resoluciones/AUTOS%202009/1993.pdf HTTP/1.1" 200 192774
216.244.66.195 - - [26/Sep/2023:11:11:09 -0500] "GET /BLA/resoluciones/AUTOS%202009/2004.pdf HTTP/1.1" 200 101649
216.244.66.195 - - [26/Sep/2023:11:11:11 -0500] "GET /BLA/resoluciones/AUTOS%202009/2082.pdf HTTP/1.1" 200 95532
216.244.66.195 - - [26/Sep/2023:11:11:13 -0500] "GET /BLA/resoluciones/AUTOS%202009/2214.pdf HTTP/1.1" 200 114054
216.244.66.195 - - [26/Sep/2023:11:11:15 -0500] "GET /BLA/resoluciones/AUTOS%202009/2244.pdf HTTP/1.1" 200 120168
216.244.66.195 - - [26/Sep/2023:11:11:18 -0500] "GET /BLA/resoluciones/AUTOS%202009/2268.pdf HTTP/1.1" 200 123058
