201.245.192.253 - - [26/Sep/2023:11:53:45 -0500] "GET /sipse/faces/javax.faces.resource/primefaces.css?ln=primefaces&v=4.0 HTTP/1.1" 304 -
201.245.192.253 - - [26/Sep/2023:11:53:45 -0500] "GET /sipse/faces/javax.faces.resource/jquery/jquery.js?ln=primefaces&v=4.0 HTTP/1.1" 304 -
201.245.192.253 - - [26/Sep/2023:11:53:45 -0500] "GET /sipse/faces/javax.faces.resource/jquery/jquery-plugins.js?ln=primefaces&v=4.0 HTTP/1.1" 304 -
201.245.192.253 - - [26/Sep/2023:11:53:45 -0500] "GET /sipse/css/imagen/contrasena.png HTTP/1.1" 404 383
201.245.192.253 - - [26/Sep/2023:11:53:45 -0500] "GET /sipse/faces/javax.faces.resource/primefaces.js?ln=primefaces&v=4.0 HTTP/1.1" 304 -
201.245.192.253 - - [26/Sep/2023:11:53:45 -0500] "GET /sipse/faces/javax.faces.resource/layout/layout.js?ln=primefaces&v=4.0 HTTP/1.1" 304 -
201.245.192.253 - - [26/Sep/2023:11:53:45 -0500] "GET /sipse/faces/javax.faces.resource/images/ui-icons_898989_256x240.png?ln=primefaces-aristo HTTP/1.1" 304 -
201.245.192.253 - - [26/Sep/2023:11:53:45 -0500] "GET /sipse/faces/javax.faces.resource/images/ui-bg_flat_0_2d5972_40x100.png?ln=primefaces-aristo HTTP/1.1" 304 -
201.245.192.253 - - [26/Sep/2023:11:53:45 -0500] "POST /sipse/faces/presentacion/financiero/solicitudProceso/listarSolicitudProceso.xhtml HTTP/1.1" 200 1552
201.245.192.253 - - [26/Sep/2023:11:53:49 -0500] "POST /sipse/faces/presentacion/financiero/solicitudProceso/listarSolicitudProceso.xhtml HTTP/1.1" 200 59075
201.245.192.253 - - [26/Sep/2023:11:53:49 -0500] "GET /sipse/faces/javax.faces.resource/layout/layout.css?ln=primefaces&v=4.0 HTTP/1.1" 304 -
201.245.192.253 - - [26/Sep/2023:11:53:49 -0500] "GET /sipse/faces/javax.faces.resource/theme.css?ln=primefaces-sipse HTTP/1.1" 304 -
201.245.192.253 - - [26/Sep/2023:11:53:49 -0500] "GET /sipse/faces/javax.faces.resource/primefaces.css?ln=primefaces&v=4.0 HTTP/1.1" 304 -
201.245.192.253 - - [26/Sep/2023:11:53:50 -0500] "GET /sipse/faces/javax.faces.resource/jquery/jquery.js?ln=primefaces&v=4.0 HTTP/1.1" 304 -
201.245.192.253 - - [26/Sep/2023:11:53:50 -0500] "GET /sipse/faces/javax.faces.resource/jquery/jquery-plugins.js?ln=primefaces&v=4.0 HTTP/1.1" 304 -
201.245.192.253 - - [26/Sep/2023:11:53:50 -0500] "GET /sipse/faces/javax.faces.resource/primefaces.js?ln=primefaces&v=4.0 HTTP/1.1" 304 -
201.245.192.253 - - [26/Sep/2023:11:53:50 -0500] "GET /sipse/faces/javax.faces.resource/layout/layout.js?ln=primefaces&v=4.0 HTTP/1.1" 304 -
172.22.2.4 - - [26/Sep/2023:11:52:11 -0500] "GET /BLA/boletinlegal/ HTTP/1.1" 200 49099
172.22.2.4 - - [26/Sep/2023:11:53:56 -0500] "GET /BLA/boletinlegal/consulta_actos.php?tipo=resoluciones&no=0878&usuario=&sector=&fecha=2023&resuelve= HTTP/1.1" 200 626
201.245.192.253 - - [26/Sep/2023:11:53:57 -0500] "POST /sipse/faces/presentacion/financiero/solicitudProceso/crearModificarSolicitudProceso.xhtml HTTP/1.1" 200 27322
172.22.2.4 - - [26/Sep/2023:11:53:57 -0500] "GET /BLA/boletinlegal/consulta_actos.php?tipo=resoluciones&no=0878&usuario=&sector=&fecha=2023&resuelve= HTTP/1.1" 200 626
172.22.2.4 - - [26/Sep/2023:11:53:58 -0500] "GET /BLA/boletinlegal/actos.php HTTP/1.1" 200 9682
201.245.192.253 - - [26/Sep/2023:11:54:00 -0500] "POST /forms/lservlet;jsessionid=ac16012b30d621c28f55bae248a79f78c828ebdefec0.e3iSbxaKaheRe34Pbx8Nc3aQci1ynknvrkLOlQzNp65In0 HTTP/1.1" 200 2
216.244.66.195 - - [26/Sep/2023:11:54:01 -0500] "GET /BLA/resoluciones/RESOLUCIONES%202017/3282.pdf HTTP/1.1" 200 377598
172.22.2.4 - - [26/Sep/2023:11:54:02 -0500] "GET /BLA/boletinlegal/consulta_actos.php?tipo=autos&no=878&usuario=&sector=&fecha=2023&resuelve= HTTP/1.1" 200 1552
201.245.192.253 - - [26/Sep/2023:11:54:07 -0500] "POST /forms/lservlet;jsessionid=ac16012b30d63811a4d222c24ee08dfa92c60b979aae.e3iSbxaKaheRe34Pbx8Nc3aQci1ynknvrkLOlQzNp65In0 HTTP/1.1" 200 2
172.22.2.4 - - [26/Sep/2023:11:54:08 -0500] "GET /BLA/boletinlegal/consulta_actos.php?tipo=resoluciones&no=0878&usuario=&sector=&fecha=2023&resuelve= HTTP/1.1" 200 626
172.22.2.4 - - [26/Sep/2023:11:54:09 -0500] "GET /BLA/boletinlegal/consulta_actos.php?tipo=resoluciones&no=0878&usuario=&sector=&fecha=2023&resuelve= HTTP/1.1" 200 626
172.22.2.4 - - [26/Sep/2023:11:52:32 -0500] "GET /BLA/boletinlegal/ HTTP/1.1" 200 49296
172.22.2.4 - - [26/Sep/2023:11:54:12 -0500] "GET /BLA/boletinlegal/style.css HTTP/1.1" 200 9406
172.22.2.4 - - [26/Sep/2023:11:54:12 -0500] "GET /BLA/boletinlegal/styles2.css HTTP/1.1" 200 1838
172.22.2.4 - - [26/Sep/2023:11:54:12 -0500] "GET /BLA/boletinlegal/js/jquery.js HTTP/1.1" 200 57254
172.22.2.4 - - [26/Sep/2023:11:54:12 -0500] "GET /BLA/boletinlegal/js/jquery.scrollTo-min.js HTTP/1.1" 200 1150
172.22.2.4 - - [26/Sep/2023:11:54:12 -0500] "GET /BLA/boletinlegal/js/jquery.scrollShow.js HTTP/1.1" 200 4586
172.22.2.4 - - [26/Sep/2023:11:54:12 -0500] "GET /BLA/boletinlegal/images/cabezote%20BLEGAL.jpg HTTP/1.1" 200 118164
172.22.2.4 - - [26/Sep/2023:11:54:12 -0500] "GET /BLA/boletinlegal/images/screen_1.png HTTP/1.1" 200 202547
172.22.2.4 - - [26/Sep/2023:11:54:12 -0500] "GET /BLA/boletinlegal/images/body_bg.jpg HTTP/1.1" 200 1601
172.22.2.4 - - [26/Sep/2023:11:54:12 -0500] "GET /BLA/boletinlegal/images/menu_lft.gif HTTP/1.1" 200 1713
172.22.2.4 - - [26/Sep/2023:11:54:12 -0500] "GET /BLA/boletinlegal/images/menu_rght.gif HTTP/1.1" 200 1627
172.22.2.4 - - [26/Sep/2023:11:54:12 -0500] "GET /BLA/boletinlegal/images/bg_top.jpg HTTP/1.1" 200 522
172.22.2.4 - - [26/Sep/2023:11:54:12 -0500] "GET /BLA/boletinlegal/images/menu_bg.jpg HTTP/1.1" 200 620
172.22.2.4 - - [26/Sep/2023:11:54:12 -0500] "GET /BLA/boletinlegal/images/screen_3.png HTTP/1.1" 200 210620
172.22.2.4 - - [26/Sep/2023:11:54:12 -0500] "GET /BLA/boletinlegal/images/text.jpg HTTP/1.1" 200 568
172.22.2.4 - - [26/Sep/2023:11:54:12 -0500] "GET /BLA/boletinlegal/images/screen_5.png HTTP/1.1" 200 368876
172.22.2.4 - - [26/Sep/2023:11:54:12 -0500] "GET /BLA/boletinlegal/images/arr_l.jpg HTTP/1.1" 200 1979
172.22.2.4 - - [26/Sep/2023:11:54:12 -0500] "GET /BLA/boletinlegal/images/arr_r.jpg HTTP/1.1" 200 1998
172.22.2.4 - - [26/Sep/2023:11:54:12 -0500] "GET /BLA/boletinlegal/images/subscribe-icon-big.png HTTP/1.1" 200 47702
172.22.2.4 - - [26/Sep/2023:11:54:12 -0500] "GET /BLA/boletinlegal/images/historia.png HTTP/1.1" 200 52775
172.22.2.4 - - [26/Sep/2023:11:54:12 -0500] "GET /BLA/boletinlegal/images/registro-usuarios.png HTTP/1.1" 200 8106
172.22.2.4 - - [26/Sep/2023:11:54:12 -0500] "GET /BLA/boletinlegal/images/hover.jpg HTTP/1.1" 200 640
172.22.2.4 - - [26/Sep/2023:11:54:12 -0500] "GET /BLA/boletinlegal/images/screen_2.png HTTP/1.1" 200 362502
172.22.2.4 - - [26/Sep/2023:11:54:12 -0500] "GET /BLA/boletinlegal/images/launch.jpg HTTP/1.1" 200 14577
172.22.2.4 - - [26/Sep/2023:11:54:13 -0500] "GET /BLA/boletinlegal/images/pdf.gif HTTP/1.1" 200 567
172.22.2.4 - - [26/Sep/2023:11:54:13 -0500] "GET /BLA/boletinlegal/images/footer_bg.jpg HTTP/1.1" 200 586
172.22.2.4 - - [26/Sep/2023:11:54:13 -0500] "GET /BLA/boletinlegal/favicon.ico HTTP/1.1" 404 1308
201.245.192.253 - - [26/Sep/2023:11:54:12 -0500] "POST /kwsrmcab/Wsrmcab  HTTP/1.1" 200 43477
201.245.192.253 - - [26/Sep/2023:11:54:05 -0500] "GET /reportes_sipsepre/sdg/ServletReporte?reporte=solicitud_cdp&Solicitud=14262&pfdrid_c=false HTTP/1.1" 200 26222
216.244.66.195 - - [26/Sep/2023:11:54:21 -0500] "GET /BLA/resoluciones/RESOLUCIONES%202019/0982.pdf HTTP/1.1" 200 287673
201.245.192.253 - - [26/Sep/2023:11:54:25 -0500] "POST /sipse/faces/presentacion/financiero/solicitudProceso/crearModificarSolicitudProceso.xhtml HTTP/1.1" 200 9370
201.245.192.253 - - [26/Sep/2023:11:54:25 -0500] "POST /sipse/faces/presentacion/financiero/solicitudProceso/crearModificarSolicitudProceso.xhtml HTTP/1.1" 200 10065
201.245.192.253 - - [26/Sep/2023:11:54:26 -0500] "POST /sipse/faces/presentacion/financiero/solicitudProceso/crearModificarSolicitudProceso.xhtml HTTP/1.1" 200 10107
201.245.192.253 - - [26/Sep/2023:11:54:26 -0500] "POST /sipse/faces/presentacion/financiero/solicitudProceso/crearModificarSolicitudProceso.xhtml HTTP/1.1" 200 10755
201.245.192.253 - - [26/Sep/2023:11:54:27 -0500] "POST /sipse/faces/presentacion/financiero/solicitudProceso/crearModificarSolicitudProceso.xhtml HTTP/1.1" 200 9442
201.245.192.253 - - [26/Sep/2023:11:54:28 -0500] "POST /forms/lservlet;jsessionid=ac16012b30d621c28f55bae248a79f78c828ebdefec0.e3iSbxaKaheRe34Pbx8Nc3aQci1ynknvrkLOlQzNp65In0 HTTP/1.1" 200 7
201.245.192.253 - - [26/Sep/2023:11:54:29 -0500] "POST /sipse/faces/presentacion/financiero/solicitudProceso/crearModificarSolicitudProceso.xhtml HTTP/1.1" 200 9462
201.245.192.253 - - [26/Sep/2023:11:54:35 -0500] "POST /forms/lservlet;jsessionid=ac16012b30d621c28f55bae248a79f78c828ebdefec0.e3iSbxaKaheRe34Pbx8Nc3aQci1ynknvrkLOlQzNp65In0 HTTP/1.1" 200 11402
201.245.192.253 - - [26/Sep/2023:11:54:36 -0500] "POST /forms/lservlet;jsessionid=ac16012b30d621c28f55bae248a79f78c828ebdefec0.e3iSbxaKaheRe34Pbx8Nc3aQci1ynknvrkLOlQzNp65In0 HTTP/1.1" 200 10
201.245.192.253 - - [26/Sep/2023:11:54:38 -0500] "POST /forms/lservlet;jsessionid=ac16012b30d621c28f55bae248a79f78c828ebdefec0.e3iSbxaKaheRe34Pbx8Nc3aQci1ynknvrkLOlQzNp65In0 HTTP/1.1" 200 214
201.245.192.253 - - [26/Sep/2023:11:54:39 -0500] "POST /forms/lservlet;jsessionid=ac16012b30d621c28f55bae248a79f78c828ebdefec0.e3iSbxaKaheRe34Pbx8Nc3aQci1ynknvrkLOlQzNp65In0 HTTP/1.1" 200 2
201.245.192.253 - - [26/Sep/2023:11:54:39 -0500] "POST /forms/lservlet;jsessionid=ac16012b30d621c28f55bae248a79f78c828ebdefec0.e3iSbxaKaheRe34Pbx8Nc3aQci1ynknvrkLOlQzNp65In0 HTTP/1.1" 200 1303
216.244.66.195 - - [26/Sep/2023:11:54:39 -0500] "GET /BLA/resoluciones/RESOLUCIONES%202019/1236.pdf HTTP/1.1" 200 346978
179.51.102.10 - - [26/Sep/2023:11:54:45 -0500] "GET /catalogoisis/ HTTP/1.1" 200 8575
179.51.102.10 - - [26/Sep/2023:11:54:46 -0500] "GET /catalogoisis/Css/Busqueda.css HTTP/1.1" 200 1995
179.51.102.10 - - [26/Sep/2023:11:54:46 -0500] "GET /catalogoisis/Js/AceptarLimpiar.js HTTP/1.1" 200 331
179.51.102.10 - - [26/Sep/2023:11:54:46 -0500] "GET /catalogoisis/Js/Cookies.js HTTP/1.1" 200 1369
179.51.102.10 - - [26/Sep/2023:11:54:46 -0500] "GET /catalogoisis/Js/LimpiarCombinada.js HTTP/1.1" 200 207
179.51.102.10 - - [26/Sep/2023:11:54:46 -0500] "GET /catalogoisis/Js/CriterioCombinada.js HTTP/1.1" 200 1843
179.51.102.10 - - [26/Sep/2023:11:54:46 -0500] "GET /catalogoisis/Js/Remote.js HTTP/1.1" 200 436
179.51.102.10 - - [26/Sep/2023:11:54:46 -0500] "GET /catalogoisis/Js/Numero.js HTTP/1.1" 200 398
179.51.102.10 - - [26/Sep/2023:11:54:47 -0500] "GET /catalogoisis/Js/Go.js HTTP/1.1" 200 364
172.22.2.4 - - [26/Sep/2023:11:54:47 -0500] "GET /BLA/boletinlegal/favicon.ico HTTP/1.1" 404 1038
179.51.102.10 - - [26/Sep/2023:11:54:47 -0500] "GET /catalogoisis/Js/Enter.js HTTP/1.1" 200 1208
179.51.102.10 - - [26/Sep/2023:11:54:47 -0500] "GET /catalogoisis/imagenes/Header.gif HTTP/1.1" 200 27040
179.51.102.10 - - [26/Sep/2023:11:54:47 -0500] "GET /catalogoisis/imagenes/br1c1.gif HTTP/1.1" 200 172
179.51.102.10 - - [26/Sep/2023:11:54:47 -0500] "GET /catalogoisis/imagenes/br1c3.gif HTTP/1.1" 200 302
179.51.102.10 - - [26/Sep/2023:11:54:47 -0500] "GET /catalogoisis/imagenes/Turnbo1.gif HTTP/1.1" 200 227
179.51.102.10 - - [26/Sep/2023:11:54:47 -0500] "GET /catalogoisis/imagenes/aceptar1.gif HTTP/1.1" 200 604
179.51.102.10 - - [26/Sep/2023:11:54:47 -0500] "GET /catalogoisis/imagenes/limpiar1.gif HTTP/1.1" 200 606
179.51.102.10 - - [26/Sep/2023:11:54:47 -0500] "GET /catalogoisis/imagenes/br3c1.gif HTTP/1.1" 200 177
179.51.102.10 - - [26/Sep/2023:11:54:47 -0500] "GET /catalogoisis/imagenes/br3c2.gif HTTP/1.1" 200 285
179.51.102.10 - - [26/Sep/2023:11:54:47 -0500] "GET /catalogoisis/imagenes/br3c3.gif HTTP/1.1" 200 186
179.51.102.10 - - [26/Sep/2023:11:54:47 -0500] "GET /catalogoisis/imagenes/br2c1.gif HTTP/1.1" 200 297
179.51.102.10 - - [26/Sep/2023:11:54:47 -0500] "GET /catalogoisis/imagenes/br2c2.gif HTTP/1.1" 200 302
179.51.102.10 - - [26/Sep/2023:11:54:47 -0500] "GET /catalogoisis/imagenes/br1c2.gif HTTP/1.1" 200 297
179.51.102.10 - - [26/Sep/2023:11:54:47 -0500] "GET /catalogoisis/imagenes/br2c3.gif HTTP/1.1" 200 416
179.51.102.10 - - [26/Sep/2023:11:54:47 -0500] "GET /favicon.ico HTTP/1.1" 200 7782
201.245.192.253 - - [26/Sep/2023:11:54:50 -0500] "POST /forms/lservlet;jsessionid=ac16012b30d621c28f55bae248a79f78c828ebdefec0.e3iSbxaKaheRe34Pbx8Nc3aQci1ynknvrkLOlQzNp65In0 HTTP/1.1" 200 43
201.245.192.253 - - [26/Sep/2023:11:54:50 -0500] "POST /forms/lservlet;jsessionid=ac16012b30d621c28f55bae248a79f78c828ebdefec0.e3iSbxaKaheRe34Pbx8Nc3aQci1ynknvrkLOlQzNp65In0 HTTP/1.1" 200 1177
172.22.2.4 - - [26/Sep/2023:11:54:51 -0500] "GET /BLA/boletinlegal/documentos-importantes.php HTTP/1.1" 200 4829
172.22.2.4 - - [26/Sep/2023:11:54:51 -0500] "GET /BLA/boletinlegal/ajax.js HTTP/1.1" 200 577
172.22.2.4 - - [26/Sep/2023:11:54:51 -0500] "GET /BLA/boletinlegal/js/ajax_documentos.js HTTP/1.1" 200 1155
172.22.2.4 - - [26/Sep/2023:11:54:51 -0500] "GET /BLA/boletinlegal/niceforms-default.css HTTP/1.1" 200 6694
172.22.2.4 - - [26/Sep/2023:11:54:51 -0500] "GET /BLA/boletinlegal/niceforms.js HTTP/1.1" 200 22876
172.22.2.4 - - [26/Sep/2023:11:54:51 -0500] "GET /BLA/boletinlegal/images/nuevo.gif HTTP/1.1" 200 26475
172.22.2.4 - - [26/Sep/2023:11:54:51 -0500] "GET /BLA/boletinlegal/images/footer_bg_l.jpg HTTP/1.1" 200 776
172.22.2.4 - - [26/Sep/2023:11:54:51 -0500] "GET /BLA/boletinlegal/img/0.png HTTP/1.1" 200 110
172.22.2.4 - - [26/Sep/2023:11:54:51 -0500] "GET /BLA/boletinlegal/img/textarea-tr.png HTTP/1.1" 200 488
172.22.2.4 - - [26/Sep/2023:11:54:51 -0500] "GET /BLA/boletinlegal/img/textarea-tl.png HTTP/1.1" 200 269
172.22.2.4 - - [26/Sep/2023:11:54:51 -0500] "GET /BLA/boletinlegal/img/textarea-r-off.png HTTP/1.1" 200 266
172.22.2.4 - - [26/Sep/2023:11:54:51 -0500] "GET /BLA/boletinlegal/favicon.ico HTTP/1.1" 404 1038
172.22.2.4 - - [26/Sep/2023:11:54:51 -0500] "GET /BLA/boletinlegal/img/textarea-bl.png HTTP/1.1" 200 265
172.22.2.4 - - [26/Sep/2023:11:54:51 -0500] "GET /BLA/boletinlegal/img/button.png HTTP/1.1" 200 43241
172.22.2.4 - - [26/Sep/2023:11:54:51 -0500] "GET /BLA/boletinlegal/img/button-left.png HTTP/1.1" 200 57071
172.22.2.4 - - [26/Sep/2023:11:54:51 -0500] "GET /BLA/boletinlegal/img/button-right.png HTTP/1.1" 200 57878
172.22.2.4 - - [26/Sep/2023:11:54:51 -0500] "GET /BLA/boletinlegal/img/textarea-l-off.png HTTP/1.1" 200 168
172.22.2.4 - - [26/Sep/2023:11:54:52 -0500] "GET /BLA/boletinlegal/img/textarea-br.png HTTP/1.1" 200 488
172.22.2.4 - - [26/Sep/2023:11:54:53 -0500] "GET /BLA/boletinlegal/img/textarea-l-over.png HTTP/1.1" 200 167
172.22.2.4 - - [26/Sep/2023:11:54:53 -0500] "GET /BLA/boletinlegal/img/textarea-r-over.png HTTP/1.1" 200 270
190.60.254.220 - - [26/Sep/2023:11:54:53 -0500] "POST /sipse/faces/presentacion/financiero/solicitudProceso/consultar.xhtml HTTP/1.1" 200 12964
172.22.2.4 - - [26/Sep/2023:11:54:56 -0500] "POST /BLA/boletinlegal/proc.php HTTP/1.1" 200 4819
216.244.66.195 - - [26/Sep/2023:11:54:57 -0500] "GET /BLA/resoluciones/RESOLUCIONES%202019/2301.pdf HTTP/1.1" 200 389495
172.22.2.4 - - [26/Sep/2023:11:54:58 -0500] "POST /BLA/boletinlegal/proc.php HTTP/1.1" 200 141
201.245.192.253 - - [26/Sep/2023:11:55:02 -0500] "POST /sipse/faces/presentacion/financiero/solicitudProceso/crearModificarSolicitudProceso.xhtml HTTP/1.1" 200 24596
201.245.192.253 - - [26/Sep/2023:11:55:02 -0500] "GET /sipse/faces/javax.faces.resource/theme.css?ln=primefaces-sipse HTTP/1.1" 304 -
201.245.192.253 - - [26/Sep/2023:11:55:02 -0500] "GET /sipse/faces/javax.faces.resource/jquery/jquery-plugins.js?ln=primefaces&v=4.0 HTTP/1.1" 304 -
201.245.192.253 - - [26/Sep/2023:11:55:02 -0500] "GET /sipse/faces/javax.faces.resource/primefaces.css?ln=primefaces&v=4.0 HTTP/1.1" 304 -
201.245.192.253 - - [26/Sep/2023:11:55:02 -0500] "GET /sipse/faces/javax.faces.resource/layout/layout.css?ln=primefaces&v=4.0 HTTP/1.1" 304 -
201.245.192.253 - - [26/Sep/2023:11:55:02 -0500] "GET /sipse/faces/javax.faces.resource/jquery/jquery.js?ln=primefaces&v=4.0 HTTP/1.1" 304 -
201.245.192.253 - - [26/Sep/2023:11:55:02 -0500] "GET /sipse/faces/javax.faces.resource/primefaces.js?ln=primefaces&v=4.0 HTTP/1.1" 304 -
201.245.192.253 - - [26/Sep/2023:11:55:02 -0500] "GET /sipse/faces/javax.faces.resource/layout/layout.js?ln=primefaces&v=4.0 HTTP/1.1" 304 -
201.245.192.253 - - [26/Sep/2023:11:55:02 -0500] "GET /sipse/faces/javax.faces.resource/images/ui-icons_898989_256x240.png?ln=primefaces-aristo HTTP/1.1" 304 -
172.22.2.4 - - [26/Sep/2023:11:55:04 -0500] "GET /BLA/boletinlegal/consulta_documentos.php?tipo=&nombre=&titulo=escombros&firma= HTTP/1.1" 200 478
201.245.192.253 - - [26/Sep/2023:11:55:05 -0500] "GET /sipse/faces/javax.faces.resource/images/ui-bg_flat_0_2d5972_40x100.png?ln=primefaces-aristo HTTP/1.1" 304 -
201.245.192.253 - - [26/Sep/2023:11:55:05 -0500] "POST /sipse/faces/presentacion/financiero/solicitudProyectoActividad/asociarProyectoSolicitud.xhtml HTTP/1.1" 200 6707
201.245.192.253 - - [26/Sep/2023:11:55:06 -0500] "POST /sipse/faces/presentacion/financiero/solicitudProyectoActividad/asociarProyectoSolicitud.xhtml HTTP/1.1" 200 1696
201.245.192.253 - - [26/Sep/2023:11:55:07 -0500] "POST /sipse/faces/presentacion/financiero/solicitudProyectoActividad/asociarProyectoSolicitud.xhtml HTTP/1.1" 200 77658
201.245.192.253 - - [26/Sep/2023:11:55:07 -0500] "GET /sipse/faces/javax.faces.resource/primefaces.css?ln=primefaces&v=4.0 HTTP/1.1" 304 -
201.245.192.253 - - [26/Sep/2023:11:55:07 -0500] "GET /sipse/faces/javax.faces.resource/theme.css?ln=primefaces-sipse HTTP/1.1" 304 -
201.245.192.253 - - [26/Sep/2023:11:55:07 -0500] "GET /sipse/faces/javax.faces.resource/layout/layout.css?ln=primefaces&v=4.0 HTTP/1.1" 304 -
201.245.192.253 - - [26/Sep/2023:11:55:07 -0500] "GET /sipse/faces/javax.faces.resource/jquery/jquery.js?ln=primefaces&v=4.0 HTTP/1.1" 304 -
201.245.192.253 - - [26/Sep/2023:11:55:07 -0500] "GET /sipse/faces/javax.faces.resource/jquery/jquery-plugins.js?ln=primefaces&v=4.0 HTTP/1.1" 304 -
201.245.192.253 - - [26/Sep/2023:11:55:07 -0500] "GET /sipse/faces/javax.faces.resource/primefaces.js?ln=primefaces&v=4.0 HTTP/1.1" 304 -
201.245.192.253 - - [26/Sep/2023:11:55:07 -0500] "GET /sipse/faces/javax.faces.resource/layout/layout.js?ln=primefaces&v=4.0 HTTP/1.1" 304 -
216.244.66.195 - - [26/Sep/2023:11:55:13 -0500] "GET /BLA/resoluciones/RESOLUCIONES%201996/RESOLUCION%2081%20DE%201996.pdf HTTP/1.1" 200 247205
172.22.2.4 - - [26/Sep/2023:11:55:13 -0500] "GET /BLA/boletinlegal/actos.php HTTP/1.1" 200 9682
172.22.2.4 - - [26/Sep/2023:11:55:13 -0500] "GET /BLA/boletinlegal/js/ajax_actos.js HTTP/1.1" 200 1322
172.22.2.4 - - [26/Sep/2023:11:55:13 -0500] "GET /BLA/boletinlegal/js/lib.js HTTP/1.1" 200 6474
172.22.2.4 - - [26/Sep/2023:11:55:13 -0500] "GET /BLA/boletinlegal/js/popup.js HTTP/1.1" 200 1270
172.22.2.4 - - [26/Sep/2023:11:55:13 -0500] "GET /BLA/boletinlegal/js/jquery1.js HTTP/1.1" 200 29846
172.22.2.4 - - [26/Sep/2023:11:55:13 -0500] "GET /BLA/boletinlegal/images/green-yellow-blue-pink-th.png HTTP/1.1" 200 7394
172.22.2.4 - - [26/Sep/2023:11:55:14 -0500] "GET /BLA/boletinlegal/images/tel.png HTTP/1.1" 200 14477
172.22.2.4 - - [26/Sep/2023:11:55:14 -0500] "GET /BLA/boletinlegal/images/icono-email.png HTTP/1.1" 200 5544
172.22.2.4 - - [26/Sep/2023:11:55:14 -0500] "GET /BLA/boletinlegal/img/select-right.png HTTP/1.1" 200 44019
172.22.2.4 - - [26/Sep/2023:11:55:14 -0500] "GET /BLA/boletinlegal/img/select-left.png HTTP/1.1" 200 263
172.22.2.4 - - [26/Sep/2023:11:55:15 -0500] "GET /BLA/boletinlegal/favicon.ico HTTP/1.1" 404 1038
201.245.192.253 - - [26/Sep/2023:11:55:15 -0500] "POST /sipse/faces/presentacion/financiero/solicitudProyectoActividad/asociarActividadSolicitud.xhtml HTTP/1.1" 200 20129
201.245.192.253 - - [26/Sep/2023:11:55:15 -0500] "GET /sipse/faces/javax.faces.resource/theme.css?ln=primefaces-sipse HTTP/1.1" 304 -
201.245.192.253 - - [26/Sep/2023:11:55:15 -0500] "GET /sipse/faces/javax.faces.resource/primefaces.css?ln=primefaces&v=4.0 HTTP/1.1" 304 -
201.245.192.253 - - [26/Sep/2023:11:55:15 -0500] "GET /sipse/faces/javax.faces.resource/layout/layout.css?ln=primefaces&v=4.0 HTTP/1.1" 304 -
201.245.192.253 - - [26/Sep/2023:11:55:15 -0500] "GET /sipse/faces/javax.faces.resource/jquery/jquery.js?ln=primefaces&v=4.0 HTTP/1.1" 304 -
201.245.192.253 - - [26/Sep/2023:11:55:15 -0500] "GET /sipse/faces/javax.faces.resource/jquery/jquery-plugins.js?ln=primefaces&v=4.0 HTTP/1.1" 304 -
201.245.192.253 - - [26/Sep/2023:11:55:15 -0500] "GET /sipse/faces/javax.faces.resource/primefaces.js?ln=primefaces&v=4.0 HTTP/1.1" 304 -
201.245.192.253 - - [26/Sep/2023:11:55:15 -0500] "GET /sipse/faces/javax.faces.resource/layout/layout.js?ln=primefaces&v=4.0 HTTP/1.1" 304 -
201.245.192.253 - - [26/Sep/2023:11:55:26 -0500] "POST /sipse/faces/presentacion/financiero/solicitudProyectoActividad/asociarFuentesSolicitud.xhtml HTTP/1.1" 200 66140
201.245.192.253 - - [26/Sep/2023:11:55:26 -0500] "GET /sipse/faces/javax.faces.resource/theme.css?ln=primefaces-sipse HTTP/1.1" 304 -
201.245.192.253 - - [26/Sep/2023:11:55:26 -0500] "GET /sipse/faces/javax.faces.resource/primefaces.css?ln=primefaces&v=4.0 HTTP/1.1" 304 -
201.245.192.253 - - [26/Sep/2023:11:55:26 -0500] "GET /sipse/faces/javax.faces.resource/layout/layout.css?ln=primefaces&v=4.0 HTTP/1.1" 304 -
201.245.192.253 - - [26/Sep/2023:11:55:26 -0500] "GET /sipse/faces/javax.faces.resource/jquery/jquery.js?ln=primefaces&v=4.0 HTTP/1.1" 304 -
201.245.192.253 - - [26/Sep/2023:11:55:26 -0500] "GET /sipse/faces/javax.faces.resource/jquery/jquery-plugins.js?ln=primefaces&v=4.0 HTTP/1.1" 304 -
201.245.192.253 - - [26/Sep/2023:11:55:26 -0500] "GET /sipse/faces/javax.faces.resource/layout/layout.js?ln=primefaces&v=4.0 HTTP/1.1" 304 -
201.245.192.253 - - [26/Sep/2023:11:55:26 -0500] "GET /sipse/faces/javax.faces.resource/primefaces.js?ln=primefaces&v=4.0 HTTP/1.1" 304 -
201.245.192.253 - - [26/Sep/2023:11:55:26 -0500] "GET /sipse/css/imagen/contrasena.png HTTP/1.1" 404 383
201.245.192.253 - - [26/Sep/2023:11:55:26 -0500] "GET /sipse/faces/javax.faces.resource/images/ui-icons_898989_256x240.png?ln=primefaces-aristo HTTP/1.1" 304 -
216.244.66.195 - - [26/Sep/2023:11:55:29 -0500] "GET /BLA/resoluciones/RESOLUCIONES%201997/RESOLUCION%201074%20DE%201997.pdf HTTP/1.1" 200 239539
201.245.192.253 - - [26/Sep/2023:11:55:31 -0500] "GET /sipse/faces/javax.faces.resource/jquery/jquery.js?ln=primefaces&v=4.0 HTTP/1.1" 304 -
201.245.192.253 - - [26/Sep/2023:11:55:31 -0500] "GET /sipse/faces/javax.faces.resource/theme.css?ln=primefaces-sipse HTTP/1.1" 304 -
201.245.192.253 - - [26/Sep/2023:11:55:31 -0500] "GET /sipse/faces/javax.faces.resource/jquery/jquery-plugins.js?ln=primefaces&v=4.0 HTTP/1.1" 304 -
201.245.192.253 - - [26/Sep/2023:11:55:31 -0500] "GET /sipse/faces/javax.faces.resource/primefaces.css?ln=primefaces&v=4.0 HTTP/1.1" 304 -
201.245.192.253 - - [26/Sep/2023:11:55:31 -0500] "GET /sipse/faces/javax.faces.resource/layout/layout.css?ln=primefaces&v=4.0 HTTP/1.1" 304 -
201.245.192.253 - - [26/Sep/2023:11:55:31 -0500] "GET /sipse/faces/javax.faces.resource/layout/layout.js?ln=primefaces&v=4.0 HTTP/1.1" 304 -
201.245.192.253 - - [26/Sep/2023:11:55:31 -0500] "GET /sipse/faces/javax.faces.resource/primefaces.js?ln=primefaces&v=4.0 HTTP/1.1" 304 -
201.245.192.253 - - [26/Sep/2023:11:55:28 -0500] "POST /sipse/faces/presentacion/financiero/solicitudProceso/crearModificarSolicitudProceso.xhtml HTTP/1.1" 200 44611
172.22.2.4 - - [26/Sep/2023:11:55:33 -0500] "GET /BLA/boletinlegal/consulta_actos.php?tipo=resoluciones&no=&usuario=&sector=RESIDUOS&fecha=2021&resuelve= HTTP/1.1" 200 20203
172.22.2.4 - - [26/Sep/2023:11:55:33 -0500] "GET /BLA/boletinlegal/images/background.gif HTTP/1.1" 200 -
201.245.192.253 - - [26/Sep/2023:11:55:34 -0500] "GET /sipse/faces/javax.faces.resource/images/ui-icons_898989_256x240.png?ln=primefaces-aristo HTTP/1.1" 304 -
216.244.66.195 - - [26/Sep/2023:11:55:43 -0500] "GET /BLA/resoluciones/RESOLUCIONES%202021/1511.pdf HTTP/1.1" 200 475658
201.245.192.253 - - [26/Sep/2023:11:55:38 -0500] "POST /sipse/faces/presentacion/financiero/contrato/consultarContratosSolicitudProceso.xhtml HTTP/1.1" 200 61814
201.245.192.253 - - [26/Sep/2023:11:55:34 -0500] "GET /reportes_sipsepre/sdg/ServletReporte?reporte=solicitud_cdp&Solicitud=14262&pfdrid_c=false HTTP/1.1" 200 16162
201.245.192.253 - - [26/Sep/2023:11:55:47 -0500] "POST /sipse/faces/presentacion/financiero/contrato/consultarContratosSolicitudProceso.xhtml HTTP/1.1" 200 61606
201.245.192.253 - - [26/Sep/2023:11:55:48 -0500] "GET /sipse/faces/javax.faces.resource/theme.css?ln=primefaces-sipse HTTP/1.1" 304 -
201.245.192.253 - - [26/Sep/2023:11:55:48 -0500] "GET /sipse/faces/javax.faces.resource/primefaces.css?ln=primefaces&v=4.0 HTTP/1.1" 304 -
201.245.192.253 - - [26/Sep/2023:11:55:48 -0500] "GET /sipse/faces/javax.faces.resource/layout/layout.css?ln=primefaces&v=4.0 HTTP/1.1" 304 -
201.245.192.253 - - [26/Sep/2023:11:55:48 -0500] "GET /sipse/faces/javax.faces.resource/jquery/jquery.js?ln=primefaces&v=4.0 HTTP/1.1" 304 -
201.245.192.253 - - [26/Sep/2023:11:55:48 -0500] "GET /sipse/faces/javax.faces.resource/jquery/jquery-plugins.js?ln=primefaces&v=4.0 HTTP/1.1" 304 -
201.245.192.253 - - [26/Sep/2023:11:55:48 -0500] "GET /sipse/faces/javax.faces.resource/primefaces.js?ln=primefaces&v=4.0 HTTP/1.1" 304 -
201.245.192.253 - - [26/Sep/2023:11:55:48 -0500] "GET /sipse/faces/javax.faces.resource/layout/layout.js?ln=primefaces&v=4.0 HTTP/1.1" 304 -
216.245.221.92 - - [26/Sep/2023:11:55:49 -0500] "HEAD / HTTP/1.1" 200 -
201.245.192.253 - - [26/Sep/2023:11:55:50 -0500] "POST /forms/lservlet;jsessionid=ac16012b30d621c28f55bae248a79f78c828ebdefec0.e3iSbxaKaheRe34Pbx8Nc3aQci1ynknvrkLOlQzNp65In0 HTTP/1.1" 200 117
201.245.192.253 - - [26/Sep/2023:11:55:50 -0500] "POST /forms/lservlet;jsessionid=ac16012b30d621c28f55bae248a79f78c828ebdefec0.e3iSbxaKaheRe34Pbx8Nc3aQci1ynknvrkLOlQzNp65In0 HTTP/1.1" 200 2
201.245.192.253 - - [26/Sep/2023:11:55:52 -0500] "POST /forms/lservlet;jsessionid=ac16012b30d621c28f55bae248a79f78c828ebdefec0.e3iSbxaKaheRe34Pbx8Nc3aQci1ynknvrkLOlQzNp65In0 HTTP/1.1" 200 123
201.245.192.253 - - [26/Sep/2023:11:55:52 -0500] "POST /forms/lservlet;jsessionid=ac16012b30d621c28f55bae248a79f78c828ebdefec0.e3iSbxaKaheRe34Pbx8Nc3aQci1ynknvrkLOlQzNp65In0 HTTP/1.1" 200 2
201.245.192.253 - - [26/Sep/2023:11:55:52 -0500] "POST /sipse/faces/presentacion/financiero/solicitudProceso/crearModificarSolicitudProceso.xhtml HTTP/1.1" 200 21150
201.245.192.253 - - [26/Sep/2023:11:55:53 -0500] "GET /sipse/faces/javax.faces.resource/theme.css?ln=primefaces-sipse HTTP/1.1" 304 -
201.245.192.253 - - [26/Sep/2023:11:55:53 -0500] "GET /sipse/faces/javax.faces.resource/layout/layout.css?ln=primefaces&v=4.0 HTTP/1.1" 304 -
201.245.192.253 - - [26/Sep/2023:11:55:53 -0500] "GET /sipse/faces/javax.faces.resource/primefaces.css?ln=primefaces&v=4.0 HTTP/1.1" 304 -
201.245.192.253 - - [26/Sep/2023:11:55:53 -0500] "GET /sipse/faces/javax.faces.resource/jquery/jquery.js?ln=primefaces&v=4.0 HTTP/1.1" 304 -
201.245.192.253 - - [26/Sep/2023:11:55:53 -0500] "GET /sipse/faces/javax.faces.resource/fileupload/fileupload.css?ln=primefaces&v=4.0 HTTP/1.1" 200 1330
201.245.192.253 - - [26/Sep/2023:11:55:53 -0500] "GET /sipse/faces/javax.faces.resource/fileupload/fileupload.js?ln=primefaces&v=4.0 HTTP/1.1" 200 28091
201.245.192.253 - - [26/Sep/2023:11:55:53 -0500] "GET /sipse/faces/javax.faces.resource/jquery/jquery-plugins.js?ln=primefaces&v=4.0 HTTP/1.1" 304 -
201.245.192.253 - - [26/Sep/2023:11:55:53 -0500] "GET /sipse/faces/javax.faces.resource/primefaces.js?ln=primefaces&v=4.0 HTTP/1.1" 304 -
201.245.192.253 - - [26/Sep/2023:11:55:53 -0500] "GET /sipse/faces/javax.faces.resource/layout/layout.js?ln=primefaces&v=4.0 HTTP/1.1" 304 -
201.245.192.253 - - [26/Sep/2023:11:55:57 -0500] "POST /forms/lservlet;jsessionid=ac16012b30d621c28f55bae248a79f78c828ebdefec0.e3iSbxaKaheRe34Pbx8Nc3aQci1ynknvrkLOlQzNp65In0 HTTP/1.1" 200 1418
216.244.66.195 - - [26/Sep/2023:11:55:57 -0500] "GET /BLA/resoluciones/AUTOS%202007/0031.pdf HTTP/1.1" 200 115274
201.245.192.253 - - [26/Sep/2023:11:56:00 -0500] "POST /forms/lservlet;jsessionid=ac16012b30d621c28f55bae248a79f78c828ebdefec0.e3iSbxaKaheRe34Pbx8Nc3aQci1ynknvrkLOlQzNp65In0 HTTP/1.1" 200 2
201.245.192.253 - - [26/Sep/2023:11:56:01 -0500] "POST /sipse/faces/presentacion/sistema/anexos/cargarAnexoSolicitudProceso.xhtml HTTP/1.1" 200 67471
201.245.192.253 - - [26/Sep/2023:11:56:02 -0500] "GET /sipse/faces/javax.faces.resource/jquery/jquery.js?ln=primefaces&v=4.0 HTTP/1.1" 304 -
201.245.192.253 - - [26/Sep/2023:11:56:02 -0500] "GET /sipse/faces/javax.faces.resource/primefaces.js?ln=primefaces&v=4.0 HTTP/1.1" 304 -
201.245.192.253 - - [26/Sep/2023:11:56:02 -0500] "GET /sipse/faces/javax.faces.resource/theme.css?ln=primefaces-sipse HTTP/1.1" 304 -
201.245.192.253 - - [26/Sep/2023:11:56:02 -0500] "GET /sipse/faces/javax.faces.resource/primefaces.css?ln=primefaces&v=4.0 HTTP/1.1" 304 -
201.245.192.253 - - [26/Sep/2023:11:56:02 -0500] "GET /sipse/faces/javax.faces.resource/jquery/jquery-plugins.js?ln=primefaces&v=4.0 HTTP/1.1" 304 -
201.245.192.253 - - [26/Sep/2023:11:56:02 -0500] "GET /sipse/faces/javax.faces.resource/layout/layout.css?ln=primefaces&v=4.0 HTTP/1.1" 304 -
201.245.192.253 - - [26/Sep/2023:11:56:02 -0500] "GET /sipse/faces/javax.faces.resource/layout/layout.js?ln=primefaces&v=4.0 HTTP/1.1" 304 -
201.245.192.253 - - [26/Sep/2023:11:56:03 -0500] "POST /forms/lservlet;jsessionid=ac16012b30d621c28f55bae248a79f78c828ebdefec0.e3iSbxaKaheRe34Pbx8Nc3aQci1ynknvrkLOlQzNp65In0 HTTP/1.1" 200 14
201.245.192.253 - - [26/Sep/2023:11:56:03 -0500] "GET /sipse/faces/javax.faces.resource/images/ui-icons_898989_256x240.png?ln=primefaces-aristo HTTP/1.1" 304 -
201.245.192.253 - - [26/Sep/2023:11:56:04 -0500] "POST /forms/lservlet;jsessionid=ac16012b30d621c28f55bae248a79f78c828ebdefec0.e3iSbxaKaheRe34Pbx8Nc3aQci1ynknvrkLOlQzNp65In0 HTTP/1.1" 200 2
201.245.192.253 - - [26/Sep/2023:11:56:04 -0500] "POST /forms/lservlet;jsessionid=ac16012b30d621c28f55bae248a79f78c828ebdefec0.e3iSbxaKaheRe34Pbx8Nc3aQci1ynknvrkLOlQzNp65In0 HTTP/1.1" 200 1174
191.95.135.186 - - [26/Sep/2023:11:56:05 -0500] "GET /participa-en-la-convocatoria-para-el-aseguramiento-metrologico-de-la-red-de-monitoreo-de-calidad-del-aire-de-bogota.html HTTP/1.1" 200 848
201.245.192.253 - - [26/Sep/2023:11:56:03 -0500] "POST /sipse/faces/presentacion/financiero/solicitudProceso/crearModificarSolicitudProceso.xhtml HTTP/1.1" 200 61454
201.245.192.253 - - [26/Sep/2023:11:56:06 -0500] "GET /sipse/faces/javax.faces.resource/primefaces.css?ln=primefaces&v=4.0 HTTP/1.1" 304 -
201.245.192.253 - - [26/Sep/2023:11:56:06 -0500] "GET /sipse/faces/javax.faces.resource/theme.css?ln=primefaces-sipse HTTP/1.1" 304 -
201.245.192.253 - - [26/Sep/2023:11:56:06 -0500] "GET /sipse/faces/javax.faces.resource/layout/layout.css?ln=primefaces&v=4.0 HTTP/1.1" 304 -
201.245.192.253 - - [26/Sep/2023:11:56:06 -0500] "GET /sipse/faces/javax.faces.resource/jquery/jquery.js?ln=primefaces&v=4.0 HTTP/1.1" 304 -
201.245.192.253 - - [26/Sep/2023:11:56:06 -0500] "GET /sipse/faces/javax.faces.resource/jquery/jquery-plugins.js?ln=primefaces&v=4.0 HTTP/1.1" 304 -
191.156.44.142 - - [26/Sep/2023:11:56:06 -0500] "GET /participa-en-la-convocatoria-para-el-aseguramiento-metrologico-de-la-red-de-monitoreo-de-calidad-del-aire-de-bogota.html HTTP/1.1" 200 848
201.245.192.253 - - [26/Sep/2023:11:56:06 -0500] "GET /sipse/faces/javax.faces.resource/primefaces.js?ln=primefaces&v=4.0 HTTP/1.1" 304 -
201.245.192.253 - - [26/Sep/2023:11:56:06 -0500] "GET /sipse/faces/javax.faces.resource/layout/layout.js?ln=primefaces&v=4.0 HTTP/1.1" 304 -
201.245.192.253 - - [26/Sep/2023:11:56:06 -0500] "GET /sipse/faces/javax.faces.resource/messages/messages.png?ln=primefaces&v=4.0 HTTP/1.1" 304 -
201.245.192.253 - - [26/Sep/2023:11:56:06 -0500] "POST /sipse/faces/presentacion/financiero/solicitudProceso/listarSolicitudProceso.xhtml HTTP/1.1" 200 1552
201.245.192.253 - - [26/Sep/2023:11:56:07 -0500] "POST /forms/lservlet;jsessionid=ac16012b30d63811a4d222c24ee08dfa92c60b979aae.e3iSbxaKaheRe34Pbx8Nc3aQci1ynknvrkLOlQzNp65In0 HTTP/1.1" 200 2
201.245.192.253 - - [26/Sep/2023:11:56:08 -0500] "POST /sipse/faces/presentacion/financiero/solicitudProceso/listarSolicitudProceso.xhtml HTTP/1.1" 200 31961
216.244.66.195 - - [26/Sep/2023:11:56:09 -0500] "GET /BLA/resoluciones/AUTOS%202007/0058.pdf HTTP/1.1" 200 110889
201.245.192.253 - - [26/Sep/2023:11:56:10 -0500] "POST /sipse/faces/presentacion/financiero/solicitudProceso/listarSolicitudProceso.xhtml HTTP/1.1" 200 31969
201.245.192.253 - - [26/Sep/2023:11:56:10 -0500] "POST /sipse/faces/presentacion/financiero/solicitudProceso/listarSolicitudProceso.xhtml HTTP/1.1" 200 43994
172.22.2.4 - - [26/Sep/2023:11:55:09 -0500] "GET /BLA/boletinlegal/ HTTP/1.1" 200 32715
40.77.167.47 - - [26/Sep/2023:11:56:12 -0500] "GET /distrito-declara-alerta-fase-i-en-suroccidente-de-bogota-por-altas-concentraciones-de-material-particulado.html HTTP/1.1" 200 883
201.245.192.253 - - [26/Sep/2023:11:56:14 -0500] "POST /sipse/faces/presentacion/financiero/solicitudProceso/listarSolicitudProceso.xhtml HTTP/1.1" 200 107527
201.245.192.253 - - [26/Sep/2023:11:56:15 -0500] "GET /sipse/faces/javax.faces.resource/layout/layout.css?ln=primefaces&v=4.0 HTTP/1.1" 304 -
201.245.192.253 - - [26/Sep/2023:11:56:15 -0500] "GET /sipse/faces/javax.faces.resource/theme.css?ln=primefaces-sipse HTTP/1.1" 304 -
201.245.192.253 - - [26/Sep/2023:11:56:15 -0500] "GET /sipse/faces/javax.faces.resource/primefaces.css?ln=primefaces&v=4.0 HTTP/1.1" 304 -
201.245.192.253 - - [26/Sep/2023:11:56:15 -0500] "GET /sipse/faces/javax.faces.resource/jquery/jquery.js?ln=primefaces&v=4.0 HTTP/1.1" 304 -
201.245.192.253 - - [26/Sep/2023:11:56:15 -0500] "GET /sipse/faces/javax.faces.resource/jquery/jquery-plugins.js?ln=primefaces&v=4.0 HTTP/1.1" 304 -
201.245.192.253 - - [26/Sep/2023:11:56:15 -0500] "GET /sipse/faces/javax.faces.resource/primefaces.js?ln=primefaces&v=4.0 HTTP/1.1" 304 -
201.245.192.253 - - [26/Sep/2023:11:56:15 -0500] "GET /sipse/faces/javax.faces.resource/layout/layout.js?ln=primefaces&v=4.0 HTTP/1.1" 304 -
201.245.192.253 - - [26/Sep/2023:11:56:07 -0500] "GET /reportes_sipsepre/sdg/ServletReporte?reporte=solicitud_cdp&Solicitud=14262&pfdrid_c=false HTTP/1.1" 200 24806
172.22.2.4 - - [26/Sep/2023:11:55:12 -0500] "GET /BLA/boletinlegal/index.php HTTP/1.1" 200 32715
216.244.66.195 - - [26/Sep/2023:11:56:20 -0500] "GET /BLA/resoluciones/AUTOS%202007/0299.pdf HTTP/1.1" 200 120371
201.245.192.253 - - [26/Sep/2023:11:56:18 -0500] "POST /sipse/faces/presentacion/financiero/solicitudProceso/consultarSolicitudProceso.xhtml HTTP/1.1" 200 64558
201.245.192.253 - - [26/Sep/2023:11:56:20 -0500] "GET /sipse/faces/javax.faces.resource/theme.css?ln=primefaces-sipse HTTP/1.1" 304 -
201.245.192.253 - - [26/Sep/2023:11:56:20 -0500] "GET /sipse/faces/javax.faces.resource/primefaces.css?ln=primefaces&v=4.0 HTTP/1.1" 304 -
201.245.192.253 - - [26/Sep/2023:11:56:20 -0500] "GET /sipse/faces/javax.faces.resource/jquery/jquery.js?ln=primefaces&v=4.0 HTTP/1.1" 304 -
201.245.192.253 - - [26/Sep/2023:11:56:20 -0500] "GET /sipse/faces/javax.faces.resource/jquery/jquery-plugins.js?ln=primefaces&v=4.0 HTTP/1.1" 304 -
201.245.192.253 - - [26/Sep/2023:11:56:20 -0500] "GET /sipse/faces/javax.faces.resource/primefaces.js?ln=primefaces&v=4.0 HTTP/1.1" 304 -
201.245.192.253 - - [26/Sep/2023:11:56:20 -0500] "GET /sipse/faces/javax.faces.resource/layout/layout.js?ln=primefaces&v=4.0 HTTP/1.1" 304 -
201.245.192.253 - - [26/Sep/2023:11:56:20 -0500] "GET /sipse/faces/javax.faces.resource/layout/layout.css?ln=primefaces&v=4.0 HTTP/1.1" 304 -
201.245.192.253 - - [26/Sep/2023:11:56:21 -0500] "POST /sipse/faces/presentacion/financiero/solicitudProceso/listarSolicitudProceso.xhtml HTTP/1.1" 200 1552
201.245.192.253 - - [26/Sep/2023:11:56:23 -0500] "POST /forms/lservlet;jsessionid=ac16012b30d621c28f55bae248a79f78c828ebdefec0.e3iSbxaKaheRe34Pbx8Nc3aQci1ynknvrkLOlQzNp65In0 HTTP/1.1" 200 14
201.245.192.253 - - [26/Sep/2023:11:56:24 -0500] "POST /forms/lservlet;jsessionid=ac16012b30d621c28f55bae248a79f78c828ebdefec0.e3iSbxaKaheRe34Pbx8Nc3aQci1ynknvrkLOlQzNp65In0 HTTP/1.1" 200 2
201.245.192.253 - - [26/Sep/2023:11:56:24 -0500] "POST /forms/lservlet;jsessionid=ac16012b30d621c28f55bae248a79f78c828ebdefec0.e3iSbxaKaheRe34Pbx8Nc3aQci1ynknvrkLOlQzNp65In0 HTTP/1.1" 200 987
216.244.66.195 - - [26/Sep/2023:11:56:30 -0500] "GET /BLA/resoluciones/AUTOS%202007/0413.pdf HTTP/1.1" 200 78131
201.245.192.253 - - [26/Sep/2023:11:56:39 -0500] "POST /forms/lservlet;jsessionid=ac16012b30d621c28f55bae248a79f78c828ebdefec0.e3iSbxaKaheRe34Pbx8Nc3aQci1ynknvrkLOlQzNp65In0 HTTP/1.1" 200 14
216.244.66.195 - - [26/Sep/2023:11:56:39 -0500] "GET /BLA/resoluciones/AUTOS%202007/0593.pdf HTTP/1.1" 200 101430
201.245.192.253 - - [26/Sep/2023:11:56:40 -0500] "POST /forms/lservlet;jsessionid=ac16012b30d621c28f55bae248a79f78c828ebdefec0.e3iSbxaKaheRe34Pbx8Nc3aQci1ynknvrkLOlQzNp65In0 HTTP/1.1" 200 2
201.245.192.253 - - [26/Sep/2023:11:56:40 -0500] "POST /forms/lservlet;jsessionid=ac16012b30d621c28f55bae248a79f78c828ebdefec0.e3iSbxaKaheRe34Pbx8Nc3aQci1ynknvrkLOlQzNp65In0 HTTP/1.1" 200 847
157.55.39.10 - - [26/Sep/2023:11:56:43 -0500] "GET /sipse/faces/autenticacion.xhtml HTTP/1.1" 200 12737
216.244.66.195 - - [26/Sep/2023:11:56:48 -0500] "GET /BLA/resoluciones/AUTOS%202007/0740.pdf HTTP/1.1" 200 80237
201.245.192.253 - - [26/Sep/2023:11:56:51 -0500] "POST /forms/lservlet;jsessionid=ac16012b30d621c28f55bae248a79f78c828ebdefec0.e3iSbxaKaheRe34Pbx8Nc3aQci1ynknvrkLOlQzNp65In0 HTTP/1.1" 200 14
201.245.192.253 - - [26/Sep/2023:11:56:52 -0500] "POST /forms/lservlet;jsessionid=ac16012b30d621c28f55bae248a79f78c828ebdefec0.e3iSbxaKaheRe34Pbx8Nc3aQci1ynknvrkLOlQzNp65In0 HTTP/1.1" 200 2
172.22.2.4 - - [26/Sep/2023:11:56:52 -0500] "GET /BLA/boletinlegal/consulta_actos.php?tipo=resoluciones&no=1851&usuario=&sector=&fecha=2015&resuelve= HTTP/1.1" 200 1184
201.245.192.253 - - [26/Sep/2023:11:56:52 -0500] "POST /forms/lservlet;jsessionid=ac16012b30d621c28f55bae248a79f78c828ebdefec0.e3iSbxaKaheRe34Pbx8Nc3aQci1ynknvrkLOlQzNp65In0 HTTP/1.1" 200 1385
172.22.2.4 - - [26/Sep/2023:11:55:13 -0500] "HEAD /BLA/boletinlegal/ HTTP/1.1" 200 -
216.244.66.195 - - [26/Sep/2023:11:56:55 -0500] "GET /BLA/resoluciones/AUTOS%202007/0900.pdf HTTP/1.1" 200 82505
201.245.192.253 - - [26/Sep/2023:11:57:00 -0500] "GET /BLA/resoluciones/RESOLUCIONES%202015/1851.pdf HTTP/1.1" 200 2506530
216.244.66.195 - - [26/Sep/2023:11:57:01 -0500] "GET /BLA/resoluciones/AUTOS%202007/0945.pdf HTTP/1.1" 200 32531
201.245.192.253 - - [26/Sep/2023:11:57:02 -0500] "GET /BLA/resoluciones/RESOLUCIONES%202015/1851.pdf HTTP/1.1" 200 2506530
201.245.192.253 - - [26/Sep/2023:11:57:02 -0500] "GET /BLA/resoluciones/RESOLUCIONES%202015/1851.pdf HTTP/1.1" 206 1025
216.244.66.195 - - [26/Sep/2023:11:57:07 -0500] "GET /BLA/resoluciones/AUTOS%202007/1067.pdf HTTP/1.1" 200 155042
216.244.66.195 - - [26/Sep/2023:11:57:13 -0500] "GET /BLA/resoluciones/AUTOS%202007/1103.pdf HTTP/1.1" 200 28184
216.244.66.195 - - [26/Sep/2023:11:57:17 -0500] "GET /BLA/resoluciones/AUTOS%202007/1173.pdf HTTP/1.1" 200 115479
216.244.66.195 - - [26/Sep/2023:11:57:21 -0500] "GET /BLA/resoluciones/AUTOS%202007/1176.pdf HTTP/1.1" 200 29441
172.22.2.4 - - [26/Sep/2023:11:57:23 -0500] "GET /BLA/boletinlegal/consulta_actos.php?tipo=resoluciones&no=&usuario=&sector=RESIDUOS&fecha=2019&resuelve=escombros HTTP/1.1" 200 626
216.244.66.195 - - [26/Sep/2023:11:57:24 -0500] "GET /BLA/resoluciones/AUTOS%202007/1188.pdf HTTP/1.1" 200 40817
216.244.66.195 - - [26/Sep/2023:11:57:27 -0500] "GET /BLA/resoluciones/AUTOS%202007/1248.pdf HTTP/1.1" 200 75550
216.244.66.195 - - [26/Sep/2023:11:57:30 -0500] "GET /BLA/resoluciones/AUTOS%202007/1315.pdf HTTP/1.1" 200 57997
216.244.66.195 - - [26/Sep/2023:11:57:32 -0500] "GET /BLA/resoluciones/AUTOS%202007/1441.pdf HTTP/1.1" 200 102406
172.22.2.4 - - [26/Sep/2023:11:57:33 -0500] "GET /BLA/boletinlegal/consulta_actos.php?tipo=resoluciones&no=&usuario=&sector=RESIDUOS&fecha=2018&resuelve=escombros HTTP/1.1" 200 626
216.244.66.195 - - [26/Sep/2023:11:57:34 -0500] "GET /BLA/resoluciones/AUTOS%202007/1553.pdf HTTP/1.1" 200 28694
216.244.66.195 - - [26/Sep/2023:11:57:36 -0500] "GET /BLA/resoluciones/AUTOS%202007/1691.pdf HTTP/1.1" 200 178954
216.244.66.195 - - [26/Sep/2023:11:57:39 -0500] "GET /BLA/resoluciones/AUTOS%202007/1692.pdf HTTP/1.1" 200 171783
201.245.192.253 - - [26/Sep/2023:11:57:43 -0500] "POST /sipse/faces/presentacion/financiero/solicitudProceso/consultarSolicitudProceso.xhtml HTTP/1.1" 200 62904
201.245.192.253 - - [26/Sep/2023:11:57:43 -0500] "GET /sipse/faces/javax.faces.resource/jquery/jquery.js?ln=primefaces&v=4.0 HTTP/1.1" 304 -
201.245.192.253 - - [26/Sep/2023:11:57:43 -0500] "GET /sipse/faces/javax.faces.resource/jquery/jquery-plugins.js?ln=primefaces&v=4.0 HTTP/1.1" 304 -
201.245.192.253 - - [26/Sep/2023:11:57:43 -0500] "GET /sipse/faces/javax.faces.resource/primefaces.js?ln=primefaces&v=4.0 HTTP/1.1" 304 -
201.245.192.253 - - [26/Sep/2023:11:57:44 -0500] "GET /sipse/faces/javax.faces.resource/layout/layout.js?ln=primefaces&v=4.0 HTTP/1.1" 304 -
172.22.2.4 - - [26/Sep/2023:11:57:44 -0500] "GET /BLA/boletinlegal/consulta_actos.php?tipo=resoluciones&no=&usuario=&sector=RESIDUOS&fecha=2017&resuelve=escombros HTTP/1.1" 200 626
201.245.192.253 - - [26/Sep/2023:11:57:44 -0500] "POST /sipse/faces/presentacion/financiero/solicitudProceso/listarSolicitudProceso.xhtml HTTP/1.1" 200 56229
201.245.192.253 - - [26/Sep/2023:11:57:44 -0500] "POST /sipse/faces/presentacion/financiero/solicitudProceso/listarSolicitudProceso.xhtml HTTP/1.1" 200 56229
172.22.2.4 - - [26/Sep/2023:11:56:04 -0500] "GET /BLA/boletinlegal/ HTTP/1.1" 200 52656
201.245.192.253 - - [26/Sep/2023:11:57:44 -0500] "POST /sipse/faces/presentacion/financiero/solicitudProceso/listarSolicitudProceso.xhtml HTTP/1.1" 200 56229
201.245.192.253 - - [26/Sep/2023:11:57:45 -0500] "POST /sipse/faces/presentacion/financiero/solicitudProceso/listarSolicitudProceso.xhtml HTTP/1.1" 200 1552
201.245.192.253 - - [26/Sep/2023:11:57:45 -0500] "POST /sipse/faces/presentacion/financiero/solicitudProceso/listarSolicitudProceso.xhtml HTTP/1.1" 200 1548
201.245.192.253 - - [26/Sep/2023:11:57:45 -0500] "POST /sipse/faces/presentacion/financiero/solicitudProceso/listarSolicitudProceso.xhtml HTTP/1.1" 200 1556
216.244.66.195 - - [26/Sep/2023:11:57:45 -0500] "GET /BLA/resoluciones/AUTOS%202007/1773.pdf HTTP/1.1" 200 34957
201.245.192.253 - - [26/Sep/2023:11:57:45 -0500] "POST /sipse/faces/presentacion/financiero/solicitudProceso/listarSolicitudProceso.xhtml HTTP/1.1" 200 1548
201.245.192.253 - - [26/Sep/2023:11:57:46 -0500] "POST /sipse/faces/presentacion/financiero/solicitudProceso/listarSolicitudProceso.xhtml HTTP/1.1" 200 30722
201.245.192.253 - - [26/Sep/2023:11:57:46 -0500] "POST /sipse/faces/presentacion/financiero/solicitudProceso/listarSolicitudProceso.xhtml HTTP/1.1" 200 42885
216.244.66.195 - - [26/Sep/2023:11:57:49 -0500] "GET /BLA/resoluciones/AUTOS%202007/2004.pdf HTTP/1.1" 200 66842
201.245.192.253 - - [26/Sep/2023:11:57:50 -0500] "POST /sipse/faces/presentacion/financiero/solicitudProceso/listarSolicitudProceso.xhtml HTTP/1.1" 200 7740
216.244.66.195 - - [26/Sep/2023:11:57:53 -0500] "GET /BLA/resoluciones/AUTOS%202009/0729.pdf HTTP/1.1" 200 164263
201.245.192.253 - - [26/Sep/2023:11:57:53 -0500] "POST /sipse/faces/presentacion/financiero/solicitudProceso/listarSolicitudProceso.xhtml HTTP/1.1" 200 30672
201.245.192.253 - - [26/Sep/2023:11:57:56 -0500] "POST /sipse/faces/presentacion/financiero/solicitudProceso/listarSolicitudProceso.xhtml HTTP/1.1" 200 149542
201.245.192.253 - - [26/Sep/2023:11:57:57 -0500] "GET /sipse/faces/javax.faces.resource/jquery/jquery.js?ln=primefaces&v=4.0 HTTP/1.1" 304 -
201.245.192.253 - - [26/Sep/2023:11:57:57 -0500] "GET /sipse/faces/javax.faces.resource/jquery/jquery-plugins.js?ln=primefaces&v=4.0 HTTP/1.1" 304 -
201.245.192.253 - - [26/Sep/2023:11:57:57 -0500] "GET /sipse/faces/javax.faces.resource/primefaces.js?ln=primefaces&v=4.0 HTTP/1.1" 304 -
216.244.66.195 - - [26/Sep/2023:11:57:57 -0500] "GET /BLA/resoluciones/AUTOS%202009/0754.pdf HTTP/1.1" 200 251160
201.245.192.253 - - [26/Sep/2023:11:57:57 -0500] "GET /sipse/faces/javax.faces.resource/layout/layout.js?ln=primefaces&v=4.0 HTTP/1.1" 304 -
201.245.192.253 - - [26/Sep/2023:11:58:00 -0500] "POST /forms/lservlet;jsessionid=ac16012b30d621c28f55bae248a79f78c828ebdefec0.e3iSbxaKaheRe34Pbx8Nc3aQci1ynknvrkLOlQzNp65In0 HTTP/1.1" 200 2
216.244.66.195 - - [26/Sep/2023:11:58:01 -0500] "GET /BLA/resoluciones/AUTOS%202009/0823.pdf HTTP/1.1" 200 76993
216.244.66.195 - - [26/Sep/2023:11:58:04 -0500] "GET /BLA/resoluciones/AUTOS%202009/0990.pdf HTTP/1.1" 200 207132
201.245.192.253 - - [26/Sep/2023:11:58:07 -0500] "POST /forms/lservlet;jsessionid=ac16012b30d63811a4d222c24ee08dfa92c60b979aae.e3iSbxaKaheRe34Pbx8Nc3aQci1ynknvrkLOlQzNp65In0 HTTP/1.1" 200 2
201.245.192.253 - - [26/Sep/2023:11:58:07 -0500] "POST /sipse/faces/presentacion/financiero/solicitudProceso/consultarSolicitudProceso.xhtml HTTP/1.1" 200 21167
201.245.192.253 - - [26/Sep/2023:11:58:07 -0500] "GET /sipse/faces/javax.faces.resource/theme.css?ln=primefaces-sipse HTTP/1.1" 304 -
201.245.192.253 - - [26/Sep/2023:11:58:07 -0500] "GET /sipse/faces/javax.faces.resource/jquery/jquery.js?ln=primefaces&v=4.0 HTTP/1.1" 304 -
201.245.192.253 - - [26/Sep/2023:11:58:07 -0500] "GET /sipse/faces/javax.faces.resource/primefaces.css?ln=primefaces&v=4.0 HTTP/1.1" 304 -
201.245.192.253 - - [26/Sep/2023:11:58:07 -0500] "GET /sipse/faces/javax.faces.resource/layout/layout.css?ln=primefaces&v=4.0 HTTP/1.1" 304 -
201.245.192.253 - - [26/Sep/2023:11:58:07 -0500] "GET /sipse/faces/javax.faces.resource/layout/layout.js?ln=primefaces&v=4.0 HTTP/1.1" 304 -
201.245.192.253 - - [26/Sep/2023:11:58:07 -0500] "GET /sipse/faces/javax.faces.resource/fileupload/fileupload.css?ln=primefaces&v=4.0 HTTP/1.1" 304 -
201.245.192.253 - - [26/Sep/2023:11:58:07 -0500] "GET /sipse/faces/javax.faces.resource/jquery/jquery-plugins.js?ln=primefaces&v=4.0 HTTP/1.1" 304 -
201.245.192.253 - - [26/Sep/2023:11:58:07 -0500] "GET /sipse/faces/javax.faces.resource/primefaces.js?ln=primefaces&v=4.0 HTTP/1.1" 304 -
201.245.192.253 - - [26/Sep/2023:11:58:07 -0500] "GET /sipse/faces/javax.faces.resource/fileupload/fileupload.js?ln=primefaces&v=4.0 HTTP/1.1" 304 -
201.245.192.253 - - [26/Sep/2023:11:58:07 -0500] "GET /sipse/faces/javax.faces.resource/images/ui-icons_898989_256x240.png?ln=primefaces-aristo HTTP/1.1" 304 -
216.244.66.195 - - [26/Sep/2023:11:58:07 -0500] "GET /BLA/resoluciones/AUTOS%202009/1293.pdf HTTP/1.1" 200 211332
201.245.192.253 - - [26/Sep/2023:11:58:08 -0500] "POST /sipse/faces/presentacion/financiero/solicitudProceso/listarSolicitudProceso.xhtml HTTP/1.1" 200 103698
201.245.192.253 - - [26/Sep/2023:11:58:09 -0500] "GET /sipse/faces/javax.faces.resource/theme.css?ln=primefaces-sipse HTTP/1.1" 304 -
201.245.192.253 - - [26/Sep/2023:11:58:09 -0500] "GET /sipse/faces/javax.faces.resource/layout/layout.css?ln=primefaces&v=4.0 HTTP/1.1" 304 -
201.245.192.253 - - [26/Sep/2023:11:58:09 -0500] "GET /sipse/faces/javax.faces.resource/primefaces.css?ln=primefaces&v=4.0 HTTP/1.1" 304 -
201.245.192.253 - - [26/Sep/2023:11:58:09 -0500] "GET /sipse/css/imagen/contrasena.png HTTP/1.1" 404 383
201.245.192.253 - - [26/Sep/2023:11:58:09 -0500] "GET /sipse/faces/javax.faces.resource/jquery/jquery.js?ln=primefaces&v=4.0 HTTP/1.1" 304 -
201.245.192.253 - - [26/Sep/2023:11:58:09 -0500] "GET /sipse/faces/javax.faces.resource/jquery/jquery-plugins.js?ln=primefaces&v=4.0 HTTP/1.1" 304 -
201.245.192.253 - - [26/Sep/2023:11:58:09 -0500] "GET /sipse/faces/javax.faces.resource/primefaces.js?ln=primefaces&v=4.0 HTTP/1.1" 304 -
201.245.192.253 - - [26/Sep/2023:11:58:09 -0500] "GET /sipse/faces/javax.faces.resource/layout/layout.js?ln=primefaces&v=4.0 HTTP/1.1" 304 -
216.244.66.195 - - [26/Sep/2023:11:58:10 -0500] "GET /BLA/resoluciones/AUTOS%202009/1295.pdf HTTP/1.1" 200 151915
216.244.66.195 - - [26/Sep/2023:11:58:13 -0500] "GET /BLA/resoluciones/AUTOS%202009/1364.pdf HTTP/1.1" 200 118438
216.244.66.195 - - [26/Sep/2023:11:58:15 -0500] "GET /BLA/resoluciones/AUTOS%202009/1424.pdf HTTP/1.1" 200 277079
216.244.66.195 - - [26/Sep/2023:11:58:18 -0500] "GET /BLA/resoluciones/AUTOS%202009/1497.pdf HTTP/1.1" 200 181106
216.244.66.195 - - [26/Sep/2023:11:58:20 -0500] "GET /BLA/resoluciones/AUTOS%202009/1646.pdf HTTP/1.1" 200 98227
201.245.192.253 - - [26/Sep/2023:11:58:12 -0500] "GET /reportes_sipsepre/sdg/ServletReporte?reporte=solicitud_cdp&Solicitud=14262&pfdrid_c=false HTTP/1.1" 200 119121
216.244.66.195 - - [26/Sep/2023:11:58:22 -0500] "GET /BLA/resoluciones/AUTOS%202009/1818.pdf HTTP/1.1" 200 184896
216.244.66.195 - - [26/Sep/2023:11:58:25 -0500] "GET /BLA/resoluciones/AUTOS%202009/1999.pdf HTTP/1.1" 200 101325
216.244.66.195 - - [26/Sep/2023:11:58:27 -0500] "GET /BLA/resoluciones/AUTOS%202009/2133.pdf HTTP/1.1" 200 85089
216.244.66.195 - - [26/Sep/2023:11:58:29 -0500] "GET /BLA/resoluciones/AUTOS%202009/2188.pdf HTTP/1.1" 200 334590
201.245.192.253 - - [26/Sep/2023:11:58:29 -0500] "POST /sipse/faces/presentacion/sistema/anexos/cargarAnexoSolicitudProceso.xhtml HTTP/1.1" 200 197758
201.245.192.253 - - [26/Sep/2023:11:58:31 -0500] "GET /sipse/faces/javax.faces.resource/theme.css?ln=primefaces-sipse HTTP/1.1" 304 -
201.245.192.253 - - [26/Sep/2023:11:58:31 -0500] "GET /sipse/faces/javax.faces.resource/primefaces.css?ln=primefaces&v=4.0 HTTP/1.1" 304 -
201.245.192.253 - - [26/Sep/2023:11:58:31 -0500] "GET /sipse/faces/javax.faces.resource/layout/layout.css?ln=primefaces&v=4.0 HTTP/1.1" 304 -
201.245.192.253 - - [26/Sep/2023:11:58:31 -0500] "GET /sipse/faces/javax.faces.resource/primefaces.js?ln=primefaces&v=4.0 HTTP/1.1" 304 -
201.245.192.253 - - [26/Sep/2023:11:58:31 -0500] "GET /sipse/faces/javax.faces.resource/jquery/jquery.js?ln=primefaces&v=4.0 HTTP/1.1" 304 -
