181.54.236.238 - - [26/Sep/2023:10:20:41 -0500] "POST /BLA/boletinlegal/admin/actos/modificar.php HTTP/1.1" 200 6094
216.245.221.92 - - [26/Sep/2023:10:20:50 -0500] "HEAD / HTTP/1.1" 200 -
66.249.66.19 - - [26/Sep/2023:10:20:54 -0500] "GET /portel_dama/libreria/pdf/ecosistemas/restauracion/sitio/22_proye/xtras_in/cni_3.pdf HTTP/1.1" 404 1018
173.252.107.118 - - [26/Sep/2023:10:20:56 -0500] "GET /BLA/resoluciones/RESOLUCIONES%202021/5262.pdf HTTP/1.1" 200 370932
186.102.93.156 - - [26/Sep/2023:10:20:57 -0500] "OPTIONS /kwssiamovil/sm/setfile/f? HTTP/1.1" 200 13
69.171.249.10 - - [26/Sep/2023:10:20:57 -0500] "GET /BLA/resoluciones/RESOLUCIONES%202021/5262.pdf HTTP/1.1" 200 370932
172.22.2.4 - - [26/Sep/2023:10:21:05 -0500] "GET /BLA/boletinlegal/consulta_actos.php?tipo=resoluciones&no=3158&usuario=&sector=&fecha=2011&resuelve= HTTP/1.1" 200 626
216.244.66.195 - - [26/Sep/2023:10:21:08 -0500] "GET /BLA/resoluciones/RESOLUCIONES%202022/1989.pdf HTTP/1.1" 200 428142
172.22.2.4 - - [26/Sep/2023:10:21:10 -0500] "GET /BLA/boletinlegal/consulta_actos.php?tipo=resoluciones&no=3158&usuario=&sector=&fecha=2021&resuelve= HTTP/1.1" 200 1285
172.22.2.4 - - [26/Sep/2023:10:21:17 -0500] "GET /BLA/boletinlegal/actos.php HTTP/1.1" 200 9682
172.22.2.4 - - [26/Sep/2023:10:21:17 -0500] "GET /BLA/boletinlegal/styles2.css HTTP/1.1" 200 1838
172.22.2.4 - - [26/Sep/2023:10:21:17 -0500] "GET /BLA/boletinlegal/js/ajax_actos.js HTTP/1.1" 200 1322
172.22.2.4 - - [26/Sep/2023:10:21:17 -0500] "GET /BLA/boletinlegal/js/lib.js HTTP/1.1" 200 6474
172.22.2.4 - - [26/Sep/2023:10:21:17 -0500] "GET /BLA/boletinlegal/niceforms-default.css HTTP/1.1" 200 6694
172.22.2.4 - - [26/Sep/2023:10:21:17 -0500] "GET /BLA/boletinlegal/style.css HTTP/1.1" 200 9406
172.22.2.4 - - [26/Sep/2023:10:21:17 -0500] "GET /BLA/boletinlegal/niceforms.js HTTP/1.1" 200 22876
172.22.2.4 - - [26/Sep/2023:10:21:17 -0500] "GET /BLA/boletinlegal/js/popup.js HTTP/1.1" 200 1270
172.22.2.4 - - [26/Sep/2023:10:21:17 -0500] "GET /BLA/boletinlegal/js/jquery1.js HTTP/1.1" 200 29846
172.22.2.4 - - [26/Sep/2023:10:21:17 -0500] "GET /BLA/boletinlegal/images/cabezote%20BLEGAL.jpg HTTP/1.1" 200 118164
172.22.2.4 - - [26/Sep/2023:10:21:17 -0500] "GET /BLA/boletinlegal/images/subscribe-icon-big.png HTTP/1.1" 200 47702
172.22.2.4 - - [26/Sep/2023:10:21:17 -0500] "GET /BLA/boletinlegal/images/historia.png HTTP/1.1" 200 52775
172.22.2.4 - - [26/Sep/2023:10:21:17 -0500] "GET /BLA/boletinlegal/images/registro-usuarios.png HTTP/1.1" 200 8106
172.22.2.4 - - [26/Sep/2023:10:21:17 -0500] "GET /BLA/boletinlegal/images/tel.png HTTP/1.1" 200 14477
172.22.2.4 - - [26/Sep/2023:10:21:17 -0500] "GET /BLA/boletinlegal/images/green-yellow-blue-pink-th.png HTTP/1.1" 200 7394
172.22.2.4 - - [26/Sep/2023:10:21:17 -0500] "GET /BLA/boletinlegal/images/body_bg.jpg HTTP/1.1" 200 1601
172.22.2.4 - - [26/Sep/2023:10:21:17 -0500] "GET /BLA/boletinlegal/images/icono-email.png HTTP/1.1" 200 5544
172.22.2.4 - - [26/Sep/2023:10:21:17 -0500] "GET /BLA/boletinlegal/images/menu_lft.gif HTTP/1.1" 200 1713
172.22.2.4 - - [26/Sep/2023:10:21:17 -0500] "GET /BLA/boletinlegal/images/menu_bg.jpg HTTP/1.1" 200 620
172.22.2.4 - - [26/Sep/2023:10:21:17 -0500] "GET /BLA/boletinlegal/images/bg_top.jpg HTTP/1.1" 200 522
172.22.2.4 - - [26/Sep/2023:10:21:17 -0500] "GET /BLA/boletinlegal/images/hover.jpg HTTP/1.1" 200 640
172.22.2.4 - - [26/Sep/2023:10:21:17 -0500] "GET /BLA/boletinlegal/images/menu_rght.gif HTTP/1.1" 200 1627
172.22.2.4 - - [26/Sep/2023:10:21:17 -0500] "GET /BLA/boletinlegal/images/text.jpg HTTP/1.1" 200 568
172.22.2.4 - - [26/Sep/2023:10:21:17 -0500] "GET /BLA/boletinlegal/images/footer_bg.jpg HTTP/1.1" 200 586
172.22.2.4 - - [26/Sep/2023:10:21:17 -0500] "GET /BLA/boletinlegal/images/footer_bg_l.jpg HTTP/1.1" 200 776
172.22.2.4 - - [26/Sep/2023:10:21:18 -0500] "GET /BLA/boletinlegal/img/0.png HTTP/1.1" 200 110
172.22.2.4 - - [26/Sep/2023:10:21:18 -0500] "GET /BLA/boletinlegal/img/select-left.png HTTP/1.1" 200 263
172.22.2.4 - - [26/Sep/2023:10:21:18 -0500] "GET /BLA/boletinlegal/img/select-right.png HTTP/1.1" 200 44019
172.22.2.4 - - [26/Sep/2023:10:21:18 -0500] "GET /BLA/boletinlegal/img/button-left.png HTTP/1.1" 200 57071
172.22.2.4 - - [26/Sep/2023:10:21:18 -0500] "GET /BLA/boletinlegal/img/button-right.png HTTP/1.1" 200 57878
172.22.2.4 - - [26/Sep/2023:10:21:18 -0500] "GET /BLA/boletinlegal/img/button.png HTTP/1.1" 200 43241
172.22.2.4 - - [26/Sep/2023:10:21:18 -0500] "GET /BLA/boletinlegal/favicon.ico HTTP/1.1" 404 1326
181.54.236.238 - - [26/Sep/2023:10:21:31 -0500] "POST /BLA/boletinlegal/admin/actos/modificar.php HTTP/1.1" 200 6004
172.22.2.4 - - [26/Sep/2023:10:21:33 -0500] "GET /BLA/boletinlegal/consulta_actos.php?tipo=resoluciones&no=0046&usuario=&sector=PEV&fecha=2007&resuelve= HTTP/1.1" 200 626
216.244.66.195 - - [26/Sep/2023:10:21:37 -0500] "GET /BLA/resoluciones/RESOLUCIONES%202022/2143.pdf HTTP/1.1" 200 347075
172.22.2.4 - - [26/Sep/2023:10:21:40 -0500] "GET /BLA/boletinlegal/consulta_actos.php?tipo=resoluciones&no=0046&usuario=&sector=PEV&fecha=2008&resuelve= HTTP/1.1" 200 626
172.22.2.4 - - [26/Sep/2023:10:21:44 -0500] "GET /BLA/boletinlegal/consulta_actos.php?tipo=resoluciones&no=0046&usuario=&sector=PEV&fecha=2009&resuelve= HTTP/1.1" 200 626
172.22.2.4 - - [26/Sep/2023:10:21:48 -0500] "GET /BLA/boletinlegal/consulta_actos.php?tipo=resoluciones&no=0046&usuario=&sector=PEV&fecha=2010&resuelve= HTTP/1.1" 200 1072
172.22.2.4 - - [26/Sep/2023:10:21:48 -0500] "GET /BLA/boletinlegal/images/pdf.gif HTTP/1.1" 200 567
201.245.192.253 - - [26/Sep/2023:10:21:57 -0500] "POST /forms/lservlet;jsessionid=ac16012b30d621c28f55bae248a79f78c828ebdefec0.e3iSbxaKaheRe34Pbx8Nc3aQci1ynknvrkLOlQzNp65In0 HTTP/1.1" 200 2
172.22.2.4 - - [26/Sep/2023:10:21:57 -0500] "GET /BLA/boletinlegal/consulta_actos.php?tipo=resoluciones&no=0755&usuario=&sector=&fecha=2012&resuelve= HTTP/1.1" 200 626
172.22.2.4 - - [26/Sep/2023:10:21:58 -0500] "GET /BLA/boletinlegal/consulta_actos.php?tipo=resoluciones&no=0755&usuario=&sector=&fecha=2012&resuelve= HTTP/1.1" 200 626
172.22.2.4 - - [26/Sep/2023:10:21:59 -0500] "GET /BLA/boletinlegal/consulta_actos.php?tipo=resoluciones&no=0755&usuario=&sector=&fecha=2012&resuelve= HTTP/1.1" 200 626
172.22.2.4 - - [26/Sep/2023:10:21:59 -0500] "GET /BLA/boletinlegal/consulta_actos.php?tipo=resoluciones&no=0755&usuario=&sector=&fecha=2012&resuelve= HTTP/1.1" 200 626
172.22.2.4 - - [26/Sep/2023:10:22:00 -0500] "GET /BLA/boletinlegal/consulta_actos.php?tipo=resoluciones&no=0046&usuario=&sector=PEV&fecha=2011&resuelve= HTTP/1.1" 200 626
181.54.236.238 - - [26/Sep/2023:10:22:00 -0500] "GET /BLA/resoluciones/dlf/styles.css HTTP/1.1" 200 3049
181.54.236.238 - - [26/Sep/2023:10:22:00 -0500] "GET /BLA/resoluciones/ HTTP/1.1" 200 13696
181.54.236.238 - - [26/Sep/2023:10:22:00 -0500] "GET /BLA/resoluciones/dlf/folder.png HTTP/1.1" 200 410
181.54.236.238 - - [26/Sep/2023:10:22:00 -0500] "GET /BLA/resoluciones/dlf/bg.gif HTTP/1.1" 200 54
181.54.236.238 - - [26/Sep/2023:10:22:02 -0500] "GET /BLA/resoluciones/dlf/dirup.png HTTP/1.1" 200 644
181.54.236.238 - - [26/Sep/2023:10:22:02 -0500] "GET /BLA/resoluciones/dlf/pdf.gif HTTP/1.1" 200 272
181.54.236.238 - - [26/Sep/2023:10:22:02 -0500] "GET /BLA/resoluciones/index.php?dir=RESOLUCIONES+2012%2F HTTP/1.1" 200 140066
172.22.2.4 - - [26/Sep/2023:10:22:05 -0500] "GET /BLA/boletinlegal/consulta_actos.php?tipo=resoluciones&no=0046&usuario=&sector=PEV&fecha=2012&resuelve= HTTP/1.1" 200 626
201.245.192.253 - - [26/Sep/2023:10:22:06 -0500] "POST /forms/lservlet;jsessionid=ac16012b30d63811a4d222c24ee08dfa92c60b979aae.e3iSbxaKaheRe34Pbx8Nc3aQci1ynknvrkLOlQzNp65In0 HTTP/1.1" 200 2
172.22.2.4 - - [26/Sep/2023:10:22:07 -0500] "GET /BLA/boletinlegal/actos.php HTTP/1.1" 200 9682
172.22.2.4 - - [26/Sep/2023:10:22:07 -0500] "GET /BLA/boletinlegal/js/ajax_actos.js HTTP/1.1" 200 1322
172.22.2.4 - - [26/Sep/2023:10:22:07 -0500] "GET /BLA/boletinlegal/niceforms.js HTTP/1.1" 200 22876
172.22.2.4 - - [26/Sep/2023:10:22:07 -0500] "GET /BLA/boletinlegal/js/lib.js HTTP/1.1" 200 6474
172.22.2.4 - - [26/Sep/2023:10:22:07 -0500] "GET /BLA/boletinlegal/niceforms-default.css HTTP/1.1" 200 6694
172.22.2.4 - - [26/Sep/2023:10:22:07 -0500] "GET /BLA/boletinlegal/js/popup.js HTTP/1.1" 200 1270
172.22.2.4 - - [26/Sep/2023:10:22:07 -0500] "GET /BLA/boletinlegal/js/jquery1.js HTTP/1.1" 200 29846
172.22.2.4 - - [26/Sep/2023:10:22:07 -0500] "GET /BLA/boletinlegal/images/green-yellow-blue-pink-th.png HTTP/1.1" 200 7394
172.22.2.4 - - [26/Sep/2023:10:22:07 -0500] "GET /BLA/boletinlegal/images/tel.png HTTP/1.1" 200 14477
172.22.2.4 - - [26/Sep/2023:10:22:07 -0500] "GET /BLA/boletinlegal/images/icono-email.png HTTP/1.1" 200 5544
172.22.2.4 - - [26/Sep/2023:10:22:07 -0500] "GET /BLA/boletinlegal/images/footer_bg_l.jpg HTTP/1.1" 200 776
172.22.2.4 - - [26/Sep/2023:10:22:07 -0500] "GET /BLA/boletinlegal/img/0.png HTTP/1.1" 200 110
172.22.2.4 - - [26/Sep/2023:10:22:07 -0500] "GET /BLA/boletinlegal/img/select-left.png HTTP/1.1" 200 263
172.22.2.4 - - [26/Sep/2023:10:22:07 -0500] "GET /BLA/boletinlegal/img/button-left.png HTTP/1.1" 200 57071
172.22.2.4 - - [26/Sep/2023:10:22:07 -0500] "GET /BLA/boletinlegal/img/select-right.png HTTP/1.1" 200 44019
172.22.2.4 - - [26/Sep/2023:10:22:07 -0500] "GET /BLA/boletinlegal/img/button.png HTTP/1.1" 200 43241
172.22.2.4 - - [26/Sep/2023:10:22:07 -0500] "GET /BLA/boletinlegal/img/button-right.png HTTP/1.1" 200 57878
216.244.66.195 - - [26/Sep/2023:10:22:07 -0500] "GET /BLA/resoluciones/RESOLUCIONES%202022/2470.pdf HTTP/1.1" 200 2366523
172.22.2.4 - - [26/Sep/2023:10:22:10 -0500] "GET /BLA/boletinlegal/consulta_actos.php?tipo=resoluciones&no=0775&usuario=&sector=&fecha=2012&resuelve= HTTP/1.1" 200 1074
172.22.2.4 - - [26/Sep/2023:10:22:12 -0500] "GET /BLA/boletinlegal/consulta_actos.php?tipo=resoluciones&no=0046&usuario=&sector=PEV&fecha=2013&resuelve= HTTP/1.1" 200 626
172.22.2.4 - - [26/Sep/2023:10:22:17 -0500] "GET /BLA/boletinlegal/consulta_actos.php?tipo=resoluciones&no=0046&usuario=&sector=PEV&fecha=2014&resuelve= HTTP/1.1" 200 626
190.216.201.100 - - [26/Sep/2023:10:22:20 -0500] "GET /sipse/faces/faces/autenticacion.xhtml HTTP/1.1" 200 12737
190.216.201.100 - - [26/Sep/2023:10:22:20 -0500] "GET /sipse/js/disable_browser_buttons.js HTTP/1.1" 304 -
190.216.201.100 - - [26/Sep/2023:10:22:20 -0500] "GET /sipse/css/custom_css_sg.css HTTP/1.1" 200 9694
190.216.201.100 - - [26/Sep/2023:10:22:20 -0500] "GET /sipse/css/custom_css_sg_prime_login.css HTTP/1.1" 200 443
190.216.201.100 - - [26/Sep/2023:10:22:20 -0500] "GET /sipse/js/funciones.js HTTP/1.1" 304 -
190.216.201.100 - - [26/Sep/2023:10:22:21 -0500] "GET /sipse/faces/javax.faces.resource/layout/layout.css;jsessionid=tg7qCMWvtbcoEoAgaGfFvuw2.undefined?ln=primefaces&v=4.0 HTTP/1.1" 200 542
190.216.201.100 - - [26/Sep/2023:10:22:20 -0500] "GET /sipse/faces/javax.faces.resource/theme.css?ln=primefaces-sipse HTTP/1.1" 200 50058
190.216.201.100 - - [26/Sep/2023:10:22:21 -0500] "GET /sipse/faces/javax.faces.resource/primefaces.css;jsessionid=tg7qCMWvtbcoEoAgaGfFvuw2.undefined?ln=primefaces&v=4.0 HTTP/1.1" 200 53295
190.216.201.100 - - [26/Sep/2023:10:22:21 -0500] "GET /sipse/faces/javax.faces.resource/jquery/jquery.js;jsessionid=tg7qCMWvtbcoEoAgaGfFvuw2.undefined?ln=primefaces&v=4.0 HTTP/1.1" 200 105384
190.216.201.100 - - [26/Sep/2023:10:22:21 -0500] "GET /sipse/faces/javax.faces.resource/layout/layout.js;jsessionid=tg7qCMWvtbcoEoAgaGfFvuw2.undefined?ln=primefaces&v=4.0 HTTP/1.1" 200 87560
190.216.201.100 - - [26/Sep/2023:10:22:21 -0500] "GET /sipse/faces/javax.faces.resource/jquery/jquery-plugins.js;jsessionid=tg7qCMWvtbcoEoAgaGfFvuw2.undefined?ln=primefaces&v=4.0 HTTP/1.1" 200 220526
190.216.201.100 - - [26/Sep/2023:10:22:21 -0500] "GET /sipse/faces/javax.faces.resource/primefaces.js;jsessionid=tg7qCMWvtbcoEoAgaGfFvuw2.undefined?ln=primefaces&v=4.0 HTTP/1.1" 200 276924
190.216.201.100 - - [26/Sep/2023:10:22:21 -0500] "GET /sipse/faces/javax.faces.resource/images/ui-icons_898989_256x240.png?ln=primefaces-aristo HTTP/1.1" 200 5355
190.216.201.100 - - [26/Sep/2023:10:22:21 -0500] "GET /sipse/css/imagen/logoSDG.png HTTP/1.1" 200 53064
190.216.201.100 - - [26/Sep/2023:10:22:21 -0500] "GET /sipse/css/imagen/loginimg.png HTTP/1.1" 200 71635
172.22.2.4 - - [26/Sep/2023:10:22:21 -0500] "GET /BLA/boletinlegal/consulta_actos.php?tipo=resoluciones&no=0046&usuario=&sector=PEV&fecha=2015&resuelve= HTTP/1.1" 200 626
190.216.201.100 - - [26/Sep/2023:10:22:21 -0500] "GET /favicon.ico HTTP/1.1" 200 7782
190.216.201.100 - - [26/Sep/2023:10:22:22 -0500] "GET /sipse/faces/faces/index.xhtml HTTP/1.1" 200 677
190.216.201.100 - - [26/Sep/2023:10:22:22 -0500] "GET /sipse/faces/javax.faces.resource/theme.css?ln=primefaces-sipse HTTP/1.1" 304 -
190.216.201.100 - - [26/Sep/2023:10:22:22 -0500] "GET /sipse/faces/faces/faces/autenticacion.xhtml HTTP/1.1" 200 12415
190.216.201.100 - - [26/Sep/2023:10:22:22 -0500] "GET /sipse/faces/javax.faces.resource/theme.css?ln=primefaces-sipse HTTP/1.1" 304 -
190.216.201.100 - - [26/Sep/2023:10:22:22 -0500] "GET /sipse/faces/javax.faces.resource/layout/layout.css?ln=primefaces&v=4.0 HTTP/1.1" 200 542
190.216.201.100 - - [26/Sep/2023:10:22:22 -0500] "GET /sipse/faces/javax.faces.resource/jquery/jquery.js?ln=primefaces&v=4.0 HTTP/1.1" 304 -
190.216.201.100 - - [26/Sep/2023:10:22:22 -0500] "GET /sipse/faces/javax.faces.resource/jquery/jquery-plugins.js?ln=primefaces&v=4.0 HTTP/1.1" 304 -
190.216.201.100 - - [26/Sep/2023:10:22:22 -0500] "GET /sipse/faces/javax.faces.resource/layout/layout.js?ln=primefaces&v=4.0 HTTP/1.1" 304 -
190.216.201.100 - - [26/Sep/2023:10:22:22 -0500] "GET /sipse/faces/javax.faces.resource/primefaces.js?ln=primefaces&v=4.0 HTTP/1.1" 304 -
190.216.201.100 - - [26/Sep/2023:10:22:22 -0500] "GET /sipse/faces/javax.faces.resource/primefaces.css?ln=primefaces&v=4.0 HTTP/1.1" 200 53295
190.216.201.100 - - [26/Sep/2023:10:22:22 -0500] "GET /sipse/faces/javax.faces.resource/images/ui-icons_898989_256x240.png?ln=primefaces-aristo HTTP/1.1" 304 -
190.216.201.100 - - [26/Sep/2023:10:22:24 -0500] "POST /sipse/faces/autenticacion.xhtml HTTP/1.1" 200 16836
190.216.201.100 - - [26/Sep/2023:10:22:25 -0500] "GET /sipse/css/custom_css_sg_prime.css HTTP/1.1" 200 5201
190.216.201.100 - - [26/Sep/2023:10:22:25 -0500] "GET /sipse/js/jquery.min.js HTTP/1.1" 304 -
190.216.201.100 - - [26/Sep/2023:10:22:25 -0500] "GET /sipse/faces/javax.faces.resource/jquery/jquery.js?ln=primefaces&v=4.0 HTTP/1.1" 304 -
190.216.201.100 - - [26/Sep/2023:10:22:25 -0500] "GET /sipse/faces/javax.faces.resource/jquery/jquery-plugins.js?ln=primefaces&v=4.0 HTTP/1.1" 304 -
190.216.201.100 - - [26/Sep/2023:10:22:25 -0500] "GET /sipse/faces/javax.faces.resource/primefaces.js?ln=primefaces&v=4.0 HTTP/1.1" 304 -
190.216.201.100 - - [26/Sep/2023:10:22:25 -0500] "GET /sipse/faces/javax.faces.resource/layout/layout.js?ln=primefaces&v=4.0 HTTP/1.1" 304 -
190.216.201.100 - - [26/Sep/2023:10:22:25 -0500] "GET /sipse/css/v_mergente.css HTTP/1.1" 200 1505
190.216.201.100 - - [26/Sep/2023:10:22:25 -0500] "GET /sipse/imagenes/cargando.gif HTTP/1.1" 200 36959
190.216.201.100 - - [26/Sep/2023:10:22:25 -0500] "GET /sipse/css/imagen/contrasena.png HTTP/1.1" 404 383
190.216.201.100 - - [26/Sep/2023:10:22:25 -0500] "GET /sipse/imagenes/logoAplicacion.jpg HTTP/1.1" 200 155084
190.216.201.100 - - [26/Sep/2023:10:22:25 -0500] "GET /sipse/faces/javax.faces.resource/messages/messages.png?ln=primefaces&v=4.0 HTTP/1.1" 200 27209
190.216.201.100 - - [26/Sep/2023:10:22:26 -0500] "GET /sipse/faces/javax.faces.resource/images/ui-bg_flat_0_2d5972_40x100.png?ln=primefaces-aristo HTTP/1.1" 200 183
190.216.201.100 - - [26/Sep/2023:10:22:26 -0500] "POST /sipse/faces/bienvenido.xhtml HTTP/1.1" 200 1471
172.22.2.4 - - [26/Sep/2023:10:22:27 -0500] "GET /BLA/boletinlegal/consulta_actos.php?tipo=resoluciones&no=0046&usuario=&sector=PEV&fecha=2016&resuelve= HTTP/1.1" 200 626
190.216.201.100 - - [26/Sep/2023:10:22:27 -0500] "POST /sipse/faces/bienvenido.xhtml HTTP/1.1" 200 34937
190.216.201.100 - - [26/Sep/2023:10:22:28 -0500] "GET /sipse/faces/javax.faces.resource/jquery/jquery.js?ln=primefaces&v=4.0 HTTP/1.1" 304 -
190.216.201.100 - - [26/Sep/2023:10:22:28 -0500] "GET /sipse/faces/javax.faces.resource/jquery/jquery-plugins.js?ln=primefaces&v=4.0 HTTP/1.1" 304 -
190.216.201.100 - - [26/Sep/2023:10:22:28 -0500] "GET /sipse/faces/javax.faces.resource/primefaces.js?ln=primefaces&v=4.0 HTTP/1.1" 304 -
190.216.201.100 - - [26/Sep/2023:10:22:28 -0500] "GET /sipse/faces/javax.faces.resource/layout/layout.js?ln=primefaces&v=4.0 HTTP/1.1" 304 -
190.216.201.100 - - [26/Sep/2023:10:22:28 -0500] "POST /sipse/faces/presentacion/financiero/solicitudProceso/listarSolicitudProceso.xhtml HTTP/1.1" 200 1404
172.22.2.4 - - [26/Sep/2023:10:22:31 -0500] "GET /BLA/boletinlegal/consulta_actos.php?tipo=resoluciones&no=0046&usuario=&sector=PEV&fecha=2017&resuelve= HTTP/1.1" 200 1379
190.216.201.100 - - [26/Sep/2023:10:22:35 -0500] "POST /sipse/faces/presentacion/financiero/solicitudProceso/listarSolicitudProceso.xhtml HTTP/1.1" 200 120427
190.216.201.100 - - [26/Sep/2023:10:22:36 -0500] "GET /sipse/faces/javax.faces.resource/jquery/jquery.js?ln=primefaces&v=4.0 HTTP/1.1" 304 -
190.216.201.100 - - [26/Sep/2023:10:22:36 -0500] "GET /sipse/faces/javax.faces.resource/jquery/jquery-plugins.js?ln=primefaces&v=4.0 HTTP/1.1" 304 -
190.216.201.100 - - [26/Sep/2023:10:22:36 -0500] "GET /sipse/faces/javax.faces.resource/primefaces.js?ln=primefaces&v=4.0 HTTP/1.1" 304 -
190.216.201.100 - - [26/Sep/2023:10:22:36 -0500] "GET /sipse/faces/javax.faces.resource/layout/layout.js?ln=primefaces&v=4.0 HTTP/1.1" 304 -
216.244.66.195 - - [26/Sep/2023:10:22:40 -0500] "GET /BLA/resoluciones/RESOLUCIONES%202022/2906.pdf HTTP/1.1" 200 1238287
172.22.2.4 - - [26/Sep/2023:10:22:40 -0500] "GET /BLA/boletinlegal/consulta_actos.php?tipo=resoluciones&no=0046&usuario=&sector=PEV&fecha=2018&resuelve= HTTP/1.1" 200 626
181.54.236.238 - - [26/Sep/2023:10:22:46 -0500] "GET /BLA/boletinlegal/tabla_files/orangebrownie.css HTTP/1.1" 404 1326
172.22.2.4 - - [26/Sep/2023:10:22:45 -0500] "GET /BLA/boletinlegal/consulta_actos.php?tipo=resoluciones&no=0046&usuario=&sector=PEV&fecha=2019&resuelve= HTTP/1.1" 200 1406
181.54.236.238 - - [26/Sep/2023:10:22:46 -0500] "GET /css/global/buttons.css HTTP/1.1" 404 1324
181.54.236.238 - - [26/Sep/2023:10:22:45 -0500] "GET /BLA/boletinlegal/admin/actos/mostrar.php HTTP/1.1" 200 362712
181.54.236.238 - - [26/Sep/2023:10:22:49 -0500] "GET /BLA/boletinlegal/tabla_files/orangebrownie.css HTTP/1.1" 404 1326
181.54.236.238 - - [26/Sep/2023:10:22:49 -0500] "GET /css/global/buttons.css HTTP/1.1" 404 1324
181.54.236.238 - - [26/Sep/2023:10:22:49 -0500] "POST /BLA/boletinlegal/admin/actos/mostrar.php HTTP/1.1" 200 1305862
190.68.49.228 - - [26/Sep/2023:10:22:51 -0500] "GET /BLA/resoluciones/AUTOS%202023/4190.pdf HTTP/1.1" 200 445863
161.18.116.249 - - [26/Sep/2023:10:22:54 -0500] "GET /BLA/resoluciones/RESOLUCIONES%202019/0046.pdf HTTP/1.1" 200 725858
181.54.236.238 - - [26/Sep/2023:10:22:54 -0500] "POST /BLA/boletinlegal/admin/actos/modificar.php HTTP/1.1" 200 6117
190.216.201.100 - - [26/Sep/2023:10:22:56 -0500] "POST /sipse/faces/presentacion/financiero/solicitudProceso/consultarSolicitudProceso.xhtml HTTP/1.1" 200 30260
190.216.201.100 - - [26/Sep/2023:10:22:56 -0500] "GET /sipse/faces/javax.faces.resource/jquery/jquery.js?ln=primefaces&v=4.0 HTTP/1.1" 304 -
190.216.201.100 - - [26/Sep/2023:10:22:56 -0500] "GET /sipse/faces/javax.faces.resource/jquery/jquery-plugins.js?ln=primefaces&v=4.0 HTTP/1.1" 304 -
190.216.201.100 - - [26/Sep/2023:10:22:56 -0500] "GET /sipse/faces/javax.faces.resource/primefaces.js?ln=primefaces&v=4.0 HTTP/1.1" 304 -
190.216.201.100 - - [26/Sep/2023:10:22:56 -0500] "GET /sipse/faces/javax.faces.resource/layout/layout.js?ln=primefaces&v=4.0 HTTP/1.1" 304 -
190.216.201.100 - - [26/Sep/2023:10:23:01 -0500] "POST /sipse/faces/presentacion/financiero/solicitudProceso/asignarContratacion.xhtml HTTP/1.1" 200 6614
181.54.236.238 - - [26/Sep/2023:10:23:03 -0500] "POST /BLA/boletinlegal/admin/actos/modificar.php HTTP/1.1" 200 6004
190.216.201.100 - - [26/Sep/2023:10:23:06 -0500] "POST /sipse/faces/presentacion/financiero/solicitudProceso/asignarContratacion.xhtml HTTP/1.1" 200 8953
181.56.235.113 - - [26/Sep/2023:10:23:06 -0500] "GET /BLA/resoluciones/ HTTP/1.1" 200 13696
172.22.2.4 - - [26/Sep/2023:10:23:07 -0500] "GET /BLA/boletinlegal/consulta_actos.php?tipo=resoluciones&no=0775&usuario=&sector=&fecha=2012&resuelve= HTTP/1.1" 200 1093
216.244.66.195 - - [26/Sep/2023:10:23:10 -0500] "GET /BLA/resoluciones/RESOLUCIONES%202022/3183.pdf HTTP/1.1" 200 343624
181.54.236.238 - - [26/Sep/2023:10:23:11 -0500] "GET /BLA/boletinlegal/tabla_files/orangebrownie.css HTTP/1.1" 404 1326
181.54.236.238 - - [26/Sep/2023:10:23:11 -0500] "GET /css/global/buttons.css HTTP/1.1" 404 1324
181.54.236.238 - - [26/Sep/2023:10:23:11 -0500] "GET /BLA/boletinlegal/admin/actos/mostrar.php HTTP/1.1" 200 362712
190.68.49.228 - - [26/Sep/2023:10:23:14 -0500] "GET /BLA/resoluciones/AUTOS%202023/4180.pdf HTTP/1.1" 200 399448
181.56.235.113 - - [26/Sep/2023:10:23:13 -0500] "GET /BLA/resoluciones/index.php?dir=AUTOS+2011%2F HTTP/1.1" 200 636751
181.54.236.238 - - [26/Sep/2023:10:23:15 -0500] "GET /BLA/boletinlegal/tabla_files/orangebrownie.css HTTP/1.1" 404 1326
181.54.236.238 - - [26/Sep/2023:10:23:15 -0500] "GET /css/global/buttons.css HTTP/1.1" 404 1324
181.54.236.238 - - [26/Sep/2023:10:23:15 -0500] "POST /BLA/boletinlegal/admin/actos/mostrar.php HTTP/1.1" 200 1305881
190.68.49.228 - - [26/Sep/2023:10:23:17 -0500] "GET /BLA/resoluciones/AUTOS%202023/4174.pdf HTTP/1.1" 200 418913
190.216.201.100 - - [26/Sep/2023:10:23:16 -0500] "POST /sipse/faces/presentacion/financiero/solicitudProceso/asignarContratacion.xhtml HTTP/1.1" 200 32397
181.54.236.238 - - [26/Sep/2023:10:23:18 -0500] "POST /BLA/boletinlegal/admin/actos/modificar.php HTTP/1.1" 200 6134
190.216.201.100 - - [26/Sep/2023:10:23:18 -0500] "GET /sipse/faces/javax.faces.resource/jquery/jquery.js?ln=primefaces&v=4.0 HTTP/1.1" 304 -
190.216.201.100 - - [26/Sep/2023:10:23:18 -0500] "GET /sipse/faces/javax.faces.resource/jquery/jquery-plugins.js?ln=primefaces&v=4.0 HTTP/1.1" 304 -
190.216.201.100 - - [26/Sep/2023:10:23:18 -0500] "GET /sipse/faces/javax.faces.resource/primefaces.js?ln=primefaces&v=4.0 HTTP/1.1" 304 -
186.154.150.94 - - [26/Sep/2023:10:23:18 -0500] "GET /sipse/faces/index.xhtml HTTP/1.1" 200 677
190.216.201.100 - - [26/Sep/2023:10:23:18 -0500] "GET /sipse/faces/javax.faces.resource/layout/layout.js?ln=primefaces&v=4.0 HTTP/1.1" 304 -
190.216.201.100 - - [26/Sep/2023:10:23:18 -0500] "POST /sipse/faces/presentacion/financiero/solicitudProceso/listarSolicitudProceso.xhtml HTTP/1.1" 200 1368
186.154.150.94 - - [26/Sep/2023:10:23:19 -0500] "GET /sipse/faces/javax.faces.resource/theme.css?ln=primefaces-sipse HTTP/1.1" 304 -
186.154.150.94 - - [26/Sep/2023:10:23:19 -0500] "GET /sipse/faces/faces/autenticacion.xhtml HTTP/1.1" 200 12424
186.154.150.94 - - [26/Sep/2023:10:23:19 -0500] "GET /sipse/faces/javax.faces.resource/theme.css?ln=primefaces-sipse HTTP/1.1" 304 -
186.154.150.94 - - [26/Sep/2023:10:23:19 -0500] "GET /sipse/faces/javax.faces.resource/primefaces.css?ln=primefaces&v=4.0 HTTP/1.1" 304 -
186.154.150.94 - - [26/Sep/2023:10:23:19 -0500] "GET /sipse/faces/javax.faces.resource/layout/layout.css?ln=primefaces&v=4.0 HTTP/1.1" 304 -
186.154.150.94 - - [26/Sep/2023:10:23:19 -0500] "GET /sipse/faces/javax.faces.resource/jquery/jquery.js?ln=primefaces&v=4.0 HTTP/1.1" 304 -
186.154.150.94 - - [26/Sep/2023:10:23:19 -0500] "GET /sipse/faces/javax.faces.resource/primefaces.js?ln=primefaces&v=4.0 HTTP/1.1" 304 -
186.154.150.94 - - [26/Sep/2023:10:23:19 -0500] "GET /sipse/faces/javax.faces.resource/jquery/jquery-plugins.js?ln=primefaces&v=4.0 HTTP/1.1" 304 -
186.154.150.94 - - [26/Sep/2023:10:23:19 -0500] "GET /sipse/faces/javax.faces.resource/layout/layout.js?ln=primefaces&v=4.0 HTTP/1.1" 304 -
186.154.150.94 - - [26/Sep/2023:10:23:20 -0500] "GET /sipse/faces/javax.faces.resource/images/ui-icons_898989_256x240.png?ln=primefaces-aristo HTTP/1.1" 304 -
181.54.236.238 - - [26/Sep/2023:10:23:20 -0500] "POST /BLA/boletinlegal/admin/actos/modificar.php HTTP/1.1" 200 6004
190.68.49.228 - - [26/Sep/2023:10:23:24 -0500] "GET /BLA/resoluciones/AUTOS%202023/4165.pdf HTTP/1.1" 200 422860
173.252.127.16 - - [26/Sep/2023:10:23:27 -0500] "GET /images/24%20de%20febrero%20Sendero%20guadalupe%202.jpeg HTTP/1.1" 200 70964
190.68.49.228 - - [26/Sep/2023:10:23:32 -0500] "GET /BLA/resoluciones/AUTOS%202023/4146.pdf HTTP/1.1" 200 408305
172.22.2.4 - - [26/Sep/2023:10:21:54 -0500] "HEAD /BLA/boletinlegal/ HTTP/1.1" 200 -
186.154.150.94 - - [26/Sep/2023:10:23:35 -0500] "POST /sipse/faces/autenticacion.xhtml HTTP/1.1" 200 2220
186.154.150.94 - - [26/Sep/2023:10:23:35 -0500] "GET /sipse/faces/javax.faces.resource/messages/messages.png?ln=primefaces&v=4.0 HTTP/1.1" 304 -
172.22.2.4 - - [26/Sep/2023:10:23:37 -0500] "GET /BLA/boletinlegal/consulta_actos.php?tipo=autos&no=4906&usuario=&sector=VERTIMIENTOS&fecha=2022&resuelve= HTTP/1.1" 200 626
186.154.150.94 - - [26/Sep/2023:10:23:37 -0500] "POST /sipse/faces/autenticacion.xhtml HTTP/1.1" 200 16420
186.154.150.94 - - [26/Sep/2023:10:23:37 -0500] "GET /sipse/faces/javax.faces.resource/theme.css?ln=primefaces-sipse HTTP/1.1" 304 -
186.154.150.94 - - [26/Sep/2023:10:23:37 -0500] "GET /sipse/faces/javax.faces.resource/primefaces.css?ln=primefaces&v=4.0 HTTP/1.1" 304 -
186.154.150.94 - - [26/Sep/2023:10:23:37 -0500] "GET /sipse/faces/javax.faces.resource/layout/layout.css?ln=primefaces&v=4.0 HTTP/1.1" 304 -
186.154.150.94 - - [26/Sep/2023:10:23:37 -0500] "GET /sipse/faces/javax.faces.resource/jquery/jquery.js?ln=primefaces&v=4.0 HTTP/1.1" 304 -
186.154.150.94 - - [26/Sep/2023:10:23:37 -0500] "GET /sipse/faces/javax.faces.resource/jquery/jquery-plugins.js?ln=primefaces&v=4.0 HTTP/1.1" 304 -
186.154.150.94 - - [26/Sep/2023:10:23:38 -0500] "GET /sipse/faces/javax.faces.resource/primefaces.js?ln=primefaces&v=4.0 HTTP/1.1" 304 -
186.154.150.94 - - [26/Sep/2023:10:23:38 -0500] "GET /sipse/faces/javax.faces.resource/layout/layout.js?ln=primefaces&v=4.0 HTTP/1.1" 304 -
186.154.150.94 - - [26/Sep/2023:10:23:38 -0500] "GET /sipse/css/imagen/contrasena.png HTTP/1.1" 404 383
172.22.2.4 - - [26/Sep/2023:10:23:38 -0500] "GET /BLA/boletinlegal/consulta_actos.php?tipo=resoluciones&no=1363&usuario=&sector=&fecha=2012&resuelve= HTTP/1.1" 200 1831
216.244.66.195 - - [26/Sep/2023:10:23:40 -0500] "GET /BLA/resoluciones/RESOLUCIONES%202022/3223.pdf HTTP/1.1" 200 435810
186.154.150.94 - - [26/Sep/2023:10:23:42 -0500] "GET /sipse/faces/javax.faces.resource/images/ui-bg_flat_0_2d5972_40x100.png?ln=primefaces-aristo HTTP/1.1" 304 -
186.154.150.94 - - [26/Sep/2023:10:23:42 -0500] "POST /sipse/faces/bienvenido.xhtml HTTP/1.1" 200 9875
190.68.49.228 - - [26/Sep/2023:10:23:42 -0500] "GET /BLA/resoluciones/AUTOS%202023/3510.pdf HTTP/1.1" 200 448798
186.154.150.94 - - [26/Sep/2023:10:23:44 -0500] "POST /sipse/faces/bienvenido.xhtml HTTP/1.1" 200 2073
190.68.49.228 - - [26/Sep/2023:10:23:45 -0500] "GET /BLA/resoluciones/AUTOS%202023/3497.pdf HTTP/1.1" 200 419689
172.22.2.4 - - [26/Sep/2023:10:23:47 -0500] "GET /BLA/boletinlegal/consulta_actos.php?tipo=autos&no=4906&usuario=&sector=VERTIMIENTOS&fecha=2023&resuelve= HTTP/1.1" 200 626
186.154.150.94 - - [26/Sep/2023:10:23:47 -0500] "POST /sipse/faces/bienvenido.xhtml HTTP/1.1" 200 9875
186.154.150.94 - - [26/Sep/2023:10:23:49 -0500] "POST /sipse/faces/bienvenido.xhtml HTTP/1.1" 200 9875
172.22.2.4 - - [26/Sep/2023:10:23:50 -0500] "GET /BLA/boletinlegal/consulta_actos.php?tipo=resoluciones&no=1363&usuario=&sector=&fecha=2012&resuelve= HTTP/1.1" 200 1831
186.154.150.94 - - [26/Sep/2023:10:23:51 -0500] "POST /sipse/faces/bienvenido.xhtml HTTP/1.1" 200 2658
172.22.2.4 - - [26/Sep/2023:10:23:51 -0500] "GET /BLA/boletinlegal/consulta_actos.php?tipo=autos&no=4906&usuario=&sector=VERTIMIENTOS&fecha=2023&resuelve= HTTP/1.1" 200 626
186.154.150.94 - - [26/Sep/2023:10:23:53 -0500] "POST /sipse/faces/bienvenido.xhtml HTTP/1.1" 200 51109
186.154.150.94 - - [26/Sep/2023:10:23:54 -0500] "GET /sipse/faces/javax.faces.resource/primefaces.css?ln=primefaces&v=4.0 HTTP/1.1" 304 -
186.154.150.94 - - [26/Sep/2023:10:23:54 -0500] "GET /sipse/faces/javax.faces.resource/theme.css?ln=primefaces-sipse HTTP/1.1" 304 -
186.154.150.94 - - [26/Sep/2023:10:23:54 -0500] "GET /sipse/faces/javax.faces.resource/layout/layout.css?ln=primefaces&v=4.0 HTTP/1.1" 304 -
186.154.150.94 - - [26/Sep/2023:10:23:54 -0500] "GET /sipse/faces/javax.faces.resource/jquery/jquery.js?ln=primefaces&v=4.0 HTTP/1.1" 304 -
186.154.150.94 - - [26/Sep/2023:10:23:54 -0500] "GET /sipse/faces/javax.faces.resource/jquery/jquery-plugins.js?ln=primefaces&v=4.0 HTTP/1.1" 304 -
186.154.150.94 - - [26/Sep/2023:10:23:54 -0500] "GET /sipse/faces/javax.faces.resource/primefaces.js?ln=primefaces&v=4.0 HTTP/1.1" 304 -
186.154.150.94 - - [26/Sep/2023:10:23:54 -0500] "GET /sipse/faces/javax.faces.resource/layout/layout.js?ln=primefaces&v=4.0 HTTP/1.1" 304 -
201.245.192.253 - - [26/Sep/2023:10:23:57 -0500] "POST /forms/lservlet;jsessionid=ac16012b30d621c28f55bae248a79f78c828ebdefec0.e3iSbxaKaheRe34Pbx8Nc3aQci1ynknvrkLOlQzNp65In0 HTTP/1.1" 200 2
172.22.2.4 - - [26/Sep/2023:10:24:01 -0500] "GET /BLA/boletinlegal/consulta_actos.php?tipo=resoluciones&no=5867&usuario=&sector=&fecha=2011&resuelve= HTTP/1.1" 200 6201
172.22.2.4 - - [26/Sep/2023:10:24:03 -0500] "GET /BLA/boletinlegal/consulta_actos.php?tipo=autos&no=4906&usuario=enel&sector=VERTIMIENTOS&fecha=2023&resuelve= HTTP/1.1" 200 626
172.22.2.4 - - [26/Sep/2023:10:24:05 -0500] "GET /BLA/boletinlegal/consulta_actos.php?tipo=autos&no=4906&usuario=enel&sector=VERTIMIENTOS&fecha=2023&resuelve= HTTP/1.1" 200 626
181.54.236.238 - - [26/Sep/2023:10:24:06 -0500] "GET /BLA/boletinlegal/tabla_files/orangebrownie.css HTTP/1.1" 404 1326
181.54.236.238 - - [26/Sep/2023:10:24:06 -0500] "GET /css/global/buttons.css HTTP/1.1" 404 1324
181.54.236.238 - - [26/Sep/2023:10:24:06 -0500] "GET /BLA/boletinlegal/admin/actos/mostrar.php HTTP/1.1" 200 362712
201.245.192.253 - - [26/Sep/2023:10:24:06 -0500] "POST /forms/lservlet;jsessionid=ac16012b30d63811a4d222c24ee08dfa92c60b979aae.e3iSbxaKaheRe34Pbx8Nc3aQci1ynknvrkLOlQzNp65In0 HTTP/1.1" 200 2
216.244.66.195 - - [26/Sep/2023:10:24:08 -0500] "GET /BLA/resoluciones/RESOLUCIONES%202022/3487.pdf HTTP/1.1" 200 464493
181.54.236.238 - - [26/Sep/2023:10:24:11 -0500] "GET /BLA/boletinlegal/tabla_files/orangebrownie.css HTTP/1.1" 404 1326
181.54.236.238 - - [26/Sep/2023:10:24:11 -0500] "GET /css/global/buttons.css HTTP/1.1" 404 1324
181.54.236.238 - - [26/Sep/2023:10:24:11 -0500] "POST /BLA/boletinlegal/admin/actos/mostrar.php HTTP/1.1" 200 1305882
181.54.236.238 - - [26/Sep/2023:10:24:15 -0500] "POST /BLA/boletinlegal/admin/actos/modificar.php HTTP/1.1" 200 6856
172.22.2.4 - - [26/Sep/2023:10:24:18 -0500] "GET /BLA/boletinlegal/conceptos.php HTTP/1.1" 200 7496
172.22.2.4 - - [26/Sep/2023:10:24:18 -0500] "GET /BLA/boletinlegal/js/ajax_conceptos.js HTTP/1.1" 200 1326
186.154.150.94 - - [26/Sep/2023:10:24:20 -0500] "POST /sipse/faces/presentacion/financiero/solicitudProceso/solicitudProcesoOtrosPagos.xhtml HTTP/1.1" 200 57428
186.154.150.94 - - [26/Sep/2023:10:24:21 -0500] "GET /sipse/faces/javax.faces.resource/theme.css?ln=primefaces-sipse HTTP/1.1" 304 -
186.154.150.94 - - [26/Sep/2023:10:24:21 -0500] "GET /sipse/faces/javax.faces.resource/primefaces.css?ln=primefaces&v=4.0 HTTP/1.1" 304 -
186.154.150.94 - - [26/Sep/2023:10:24:21 -0500] "GET /sipse/faces/javax.faces.resource/fileupload/fileupload.css?ln=primefaces&v=4.0 HTTP/1.1" 304 -
186.154.150.94 - - [26/Sep/2023:10:24:21 -0500] "GET /sipse/faces/javax.faces.resource/layout/layout.css?ln=primefaces&v=4.0 HTTP/1.1" 304 -
186.154.150.94 - - [26/Sep/2023:10:24:21 -0500] "GET /sipse/faces/javax.faces.resource/jquery/jquery.js?ln=primefaces&v=4.0 HTTP/1.1" 304 -
186.154.150.94 - - [26/Sep/2023:10:24:21 -0500] "GET /sipse/faces/javax.faces.resource/jquery/jquery-plugins.js?ln=primefaces&v=4.0 HTTP/1.1" 304 -
186.154.150.94 - - [26/Sep/2023:10:24:21 -0500] "GET /sipse/faces/javax.faces.resource/primefaces.js?ln=primefaces&v=4.0 HTTP/1.1" 304 -
186.154.150.94 - - [26/Sep/2023:10:24:21 -0500] "GET /sipse/faces/javax.faces.resource/layout/layout.js?ln=primefaces&v=4.0 HTTP/1.1" 304 -
186.154.150.94 - - [26/Sep/2023:10:24:21 -0500] "GET /sipse/faces/javax.faces.resource/fileupload/fileupload.js?ln=primefaces&v=4.0 HTTP/1.1" 304 -
172.22.2.4 - - [26/Sep/2023:10:22:44 -0500] "GET /BLA/boletinlegal/ HTTP/1.1" 200 58187
181.54.236.238 - - [26/Sep/2023:10:24:27 -0500] "GET /BLA/resoluciones/RESOLUCIONES%202011/5867.pdf HTTP/1.1" 200 1311504
181.54.236.238 - - [26/Sep/2023:10:24:28 -0500] "GET /BLA/resoluciones/RESOLUCIONES%202011/5867.pdf HTTP/1.1" 200 1311504
181.54.236.238 - - [26/Sep/2023:10:24:28 -0500] "GET /BLA/resoluciones/RESOLUCIONES%202011/5867.pdf HTTP/1.1" 206 1025
201.245.192.253 - - [26/Sep/2023:10:24:31 -0500] "POST /kwsrmcab/Wsrmcab  HTTP/1.1" 200 43477
190.68.49.228 - - [26/Sep/2023:10:24:34 -0500] "GET /BLA/resoluciones/AUTOS%202023/2383.pdf HTTP/1.1" 200 412759
186.154.150.94 - - [26/Sep/2023:10:24:40 -0500] "POST /sipse/faces/presentacion/financiero/solicitudProceso/detalleSolicitudProcesoOtrosPagos.xhtml HTTP/1.1" 200 323740
191.108.6.180 - - [26/Sep/2023:10:24:42 -0500] "GET /BLA/resoluciones/RESOLUCIONES%202022/4048.pdf HTTP/1.1" 200 1073625
191.108.6.180 - - [26/Sep/2023:10:24:42 -0500] "GET /BLA/resoluciones/RESOLUCIONES%202022/4048.pdf HTTP/1.1" 200 1073625
191.108.6.180 - - [26/Sep/2023:10:24:42 -0500] "GET /BLA/resoluciones/RESOLUCIONES%202022/4048.pdf HTTP/1.1" 206 1025
191.108.6.180 - - [26/Sep/2023:10:24:42 -0500] "GET /BLA/resoluciones/RESOLUCIONES%202022/4048.pdf HTTP/1.1" 200 1073625
186.29.186.38 - - [26/Sep/2023:10:24:43 -0500] "GET /sipse/faces/javax.faces.resource/theme.css?ln=primefaces-sipse HTTP/1.1" 304 -
186.29.186.38 - - [26/Sep/2023:10:24:43 -0500] "GET /sipse/faces/faces/autenticacion.xhtml HTTP/1.1" 200 12415
186.29.186.38 - - [26/Sep/2023:10:24:43 -0500] "GET /sipse/js/disable_browser_buttons.js HTTP/1.1" 304 -
186.29.186.38 - - [26/Sep/2023:10:24:43 -0500] "GET /sipse/css/custom_css_sg.css HTTP/1.1" 304 -
186.29.186.38 - - [26/Sep/2023:10:24:43 -0500] "GET /sipse/css/custom_css_sg_prime_login.css HTTP/1.1" 304 -
186.29.186.38 - - [26/Sep/2023:10:24:43 -0500] "GET /sipse/faces/javax.faces.resource/primefaces.css?ln=primefaces&v=4.0 HTTP/1.1" 304 -
186.29.186.38 - - [26/Sep/2023:10:24:43 -0500] "GET /sipse/faces/javax.faces.resource/theme.css?ln=primefaces-sipse HTTP/1.1" 304 -
186.29.186.38 - - [26/Sep/2023:10:24:43 -0500] "GET /sipse/faces/javax.faces.resource/layout/layout.css?ln=primefaces&v=4.0 HTTP/1.1" 304 -
186.29.186.38 - - [26/Sep/2023:10:24:43 -0500] "GET /sipse/js/funciones.js HTTP/1.1" 304 -
186.29.186.38 - - [26/Sep/2023:10:24:43 -0500] "GET /sipse/faces/javax.faces.resource/jquery/jquery.js?ln=primefaces&v=4.0 HTTP/1.1" 304 -
186.29.186.38 - - [26/Sep/2023:10:24:43 -0500] "GET /sipse/faces/javax.faces.resource/primefaces.js?ln=primefaces&v=4.0 HTTP/1.1" 304 -
186.29.186.38 - - [26/Sep/2023:10:24:43 -0500] "GET /sipse/faces/javax.faces.resource/jquery/jquery-plugins.js?ln=primefaces&v=4.0 HTTP/1.1" 304 -
186.29.186.38 - - [26/Sep/2023:10:24:43 -0500] "GET /sipse/faces/javax.faces.resource/layout/layout.js?ln=primefaces&v=4.0 HTTP/1.1" 304 -
186.29.186.38 - - [26/Sep/2023:10:24:43 -0500] "GET /sipse/css/imagen/logoSDG.png HTTP/1.1" 304 -
186.29.186.38 - - [26/Sep/2023:10:24:43 -0500] "GET /sipse/css/imagen/loginimg.png HTTP/1.1" 304 -
186.29.186.38 - - [26/Sep/2023:10:24:43 -0500] "GET /sipse/faces/javax.faces.resource/images/ui-icons_898989_256x240.png?ln=primefaces-aristo HTTP/1.1" 304 -
66.249.66.20 - - [26/Sep/2023:10:24:46 -0500] "GET /BLA/resoluciones/AUTOS%202008/0123.pdf HTTP/1.1" 200 92021
181.54.236.238 - - [26/Sep/2023:10:24:47 -0500] "POST /BLA/boletinlegal/admin/actos/modificar.php HTTP/1.1" 200 6004
186.29.186.38 - - [26/Sep/2023:10:24:50 -0500] "POST /sipse/faces/autenticacion.xhtml HTTP/1.1" 200 2218
186.29.186.38 - - [26/Sep/2023:10:24:50 -0500] "GET /sipse/faces/javax.faces.resource/messages/messages.png?ln=primefaces&v=4.0 HTTP/1.1" 304 -
186.29.186.38 - - [26/Sep/2023:10:24:51 -0500] "POST /sipse/faces/autenticacion.xhtml HTTP/1.1" 200 16398
186.29.186.38 - - [26/Sep/2023:10:24:51 -0500] "GET /sipse/css/custom_css_sg_prime.css HTTP/1.1" 304 -
186.29.186.38 - - [26/Sep/2023:10:24:51 -0500] "GET /sipse/faces/javax.faces.resource/primefaces.css?ln=primefaces&v=4.0 HTTP/1.1" 304 -
186.29.186.38 - - [26/Sep/2023:10:24:51 -0500] "GET /sipse/faces/javax.faces.resource/theme.css?ln=primefaces-sipse HTTP/1.1" 304 -
186.29.186.38 - - [26/Sep/2023:10:24:51 -0500] "GET /sipse/faces/javax.faces.resource/layout/layout.css?ln=primefaces&v=4.0 HTTP/1.1" 304 -
186.29.186.38 - - [26/Sep/2023:10:24:51 -0500] "GET /sipse/js/jquery.min.js HTTP/1.1" 304 -
186.29.186.38 - - [26/Sep/2023:10:24:51 -0500] "GET /sipse/faces/javax.faces.resource/jquery/jquery.js?ln=primefaces&v=4.0 HTTP/1.1" 304 -
186.29.186.38 - - [26/Sep/2023:10:24:51 -0500] "GET /sipse/faces/javax.faces.resource/jquery/jquery-plugins.js?ln=primefaces&v=4.0 HTTP/1.1" 304 -
186.29.186.38 - - [26/Sep/2023:10:24:51 -0500] "GET /sipse/faces/javax.faces.resource/primefaces.js?ln=primefaces&v=4.0 HTTP/1.1" 304 -
186.29.186.38 - - [26/Sep/2023:10:24:51 -0500] "GET /sipse/faces/javax.faces.resource/layout/layout.js?ln=primefaces&v=4.0 HTTP/1.1" 304 -
186.29.186.38 - - [26/Sep/2023:10:24:51 -0500] "GET /sipse/css/v_mergente.css HTTP/1.1" 304 -
186.29.186.38 - - [26/Sep/2023:10:24:51 -0500] "GET /sipse/css/imagen/contrasena.png HTTP/1.1" 404 383
186.29.186.38 - - [26/Sep/2023:10:24:51 -0500] "GET /sipse/imagenes/cargando.gif HTTP/1.1" 304 -
186.29.186.38 - - [26/Sep/2023:10:24:51 -0500] "GET /sipse/imagenes/logoAplicacion.jpg HTTP/1.1" 304 -
186.29.186.38 - - [26/Sep/2023:10:24:52 -0500] "GET /sipse/faces/javax.faces.resource/images/ui-bg_flat_0_2d5972_40x100.png?ln=primefaces-aristo HTTP/1.1" 304 -
186.29.186.38 - - [26/Sep/2023:10:24:52 -0500] "POST /sipse/faces/bienvenido.xhtml HTTP/1.1" 200 9852
186.29.186.38 - - [26/Sep/2023:10:24:53 -0500] "POST /sipse/faces/bienvenido.xhtml HTTP/1.1" 200 2060
186.29.186.38 - - [26/Sep/2023:10:24:54 -0500] "POST /sipse/faces/bienvenido.xhtml HTTP/1.1" 200 41721
186.29.186.38 - - [26/Sep/2023:10:24:55 -0500] "GET /sipse/faces/javax.faces.resource/theme.css?ln=primefaces-sipse HTTP/1.1" 304 -
186.29.186.38 - - [26/Sep/2023:10:24:55 -0500] "GET /sipse/faces/javax.faces.resource/primefaces.css?ln=primefaces&v=4.0 HTTP/1.1" 304 -
186.29.186.38 - - [26/Sep/2023:10:24:55 -0500] "GET /sipse/faces/javax.faces.resource/layout/layout.css?ln=primefaces&v=4.0 HTTP/1.1" 304 -
186.29.186.38 - - [26/Sep/2023:10:24:55 -0500] "GET /sipse/faces/javax.faces.resource/jquery/jquery.js?ln=primefaces&v=4.0 HTTP/1.1" 304 -
186.29.186.38 - - [26/Sep/2023:10:24:55 -0500] "GET /sipse/faces/javax.faces.resource/jquery/jquery-plugins.js?ln=primefaces&v=4.0 HTTP/1.1" 304 -
186.29.186.38 - - [26/Sep/2023:10:24:55 -0500] "GET /sipse/faces/javax.faces.resource/primefaces.js?ln=primefaces&v=4.0 HTTP/1.1" 304 -
186.29.186.38 - - [26/Sep/2023:10:24:55 -0500] "GET /sipse/faces/javax.faces.resource/layout/layout.js?ln=primefaces&v=4.0 HTTP/1.1" 304 -
186.29.186.38 - - [26/Sep/2023:10:24:55 -0500] "POST /sipse/faces/presentacion/financiero/solicitudProceso/listarSolicitudProceso.xhtml HTTP/1.1" 200 1444
172.22.2.4 - - [26/Sep/2023:10:24:55 -0500] "GET /BLA/boletinlegal/consulta_actos.php?tipo=resoluciones&no=1363&usuario=&sector=&fecha=2012&resuelve= HTTP/1.1" 200 1830
181.54.236.238 - - [26/Sep/2023:10:24:56 -0500] "GET /BLA/resoluciones/RESOLUCIONES%202011/5867.pdf HTTP/1.1" 206 1
181.54.236.238 - - [26/Sep/2023:10:24:56 -0500] "GET /BLA/resoluciones/RESOLUCIONES%202011/5867.pdf HTTP/1.1" 206 1310318
181.54.236.238 - - [26/Sep/2023:10:24:56 -0500] "GET /BLA/resoluciones/RESOLUCIONES%202011/5867.pdf HTTP/1.1" 200 1311504
186.29.186.38 - - [26/Sep/2023:10:24:57 -0500] "POST /sipse/faces/presentacion/financiero/solicitudProceso/listarSolicitudProceso.xhtml HTTP/1.1" 200 123827
186.29.186.38 - - [26/Sep/2023:10:24:58 -0500] "GET /sipse/faces/javax.faces.resource/theme.css?ln=primefaces-sipse HTTP/1.1" 304 -
186.29.186.38 - - [26/Sep/2023:10:24:58 -0500] "GET /sipse/faces/javax.faces.resource/layout/layout.css?ln=primefaces&v=4.0 HTTP/1.1" 304 -
186.29.186.38 - - [26/Sep/2023:10:24:58 -0500] "GET /sipse/faces/javax.faces.resource/primefaces.css?ln=primefaces&v=4.0 HTTP/1.1" 304 -
186.29.186.38 - - [26/Sep/2023:10:24:58 -0500] "GET /sipse/faces/javax.faces.resource/jquery/jquery.js?ln=primefaces&v=4.0 HTTP/1.1" 304 -
186.29.186.38 - - [26/Sep/2023:10:24:58 -0500] "GET /sipse/faces/javax.faces.resource/jquery/jquery-plugins.js?ln=primefaces&v=4.0 HTTP/1.1" 304 -
186.29.186.38 - - [26/Sep/2023:10:24:58 -0500] "GET /sipse/faces/javax.faces.resource/primefaces.js?ln=primefaces&v=4.0 HTTP/1.1" 304 -
186.29.186.38 - - [26/Sep/2023:10:24:58 -0500] "GET /sipse/faces/javax.faces.resource/layout/layout.js?ln=primefaces&v=4.0 HTTP/1.1" 304 -
186.29.186.38 - - [26/Sep/2023:10:25:02 -0500] "POST /sipse/faces/presentacion/financiero/solicitudProceso/consultarSolicitudProceso.xhtml HTTP/1.1" 200 85674
190.66.253.76 - - [26/Sep/2023:10:25:04 -0500] "GET /kwssiamovil/sm/ldap/au?x=U2FsdGVkX18hB350cHD0fmzpllXqSl5zTSK09WSnUg5hQfCGvDtQ0xCs+/5jWvfG&y=U2FsdGVkX18Jyl2Zy6mD1qDPFliT/x0ha2aU696fiAtS64FycilZi7fz6nCP+UIk HTTP/1.1" 200 30
190.66.253.76 - - [26/Sep/2023:10:25:04 -0500] "GET /kwssiamovil/sm/acme/s?s=U2FsdGVkX1/Eb/menQc0b1aPqJtfBwThDiJY8KfpocxobiuFqjEWIZ6dVrqu/d+iYaCgglOP5WXWyKXveU+E8JFuvYxRmKLXI8MTqO1ZYWY=&u=U2FsdGVkX1/MQuhVXGfDKUFNoQNu/xof/nBsWamBF6g=&y=U2FsdGVkX18Jyl2Zy6mD1qDPFliT/x0ha2aU696fiAtS64FycilZi7fz6nCP+UIk HTTP/1.1" 200 97
190.66.253.76 - - [26/Sep/2023:10:25:04 -0500] "GET /kwssiamovil/sm/acme/s?s=U2FsdGVkX1+Ab/hgJS0ulvfb2lOkKq7zDV+mR0hKAs6QAKKWux1BmaiN9rBuQf0rvpyiKlB1Se+u/6wsi8d96/nsOK76Kuh3s4wAqZ4D2gO6WnfHRGYQTgQTufHKk/Utv9mi8zGQIUg1Hsygd6YbnM0KYP598ubd2kabvYhY6jsHDNpaYUmNgHH0Yz91VJM6aCagGcnzf61L6rd2ggk/UaowyPu1Lh5oLKhZwVWY7K6kNbCumqKNfsG6CCin8xZXrgjaL5Al/VKhpJBGaScQ8jSMJMHoQT2Faq2pA4lM7dKLL4uYV1WmrokV8vHnwmfEAkuXdh0fENawPNSTfJKs0d23v4EJ+IsCPGX7OcUIkpYnDQsm9vHrJN/fiuuEmmNgbIVQqaTDzY8uysCifftiyGZ0aPCOma5KOcQuVtSigMPY3Z6l+YGHBkQQB+4P7yftlAwp5GGJa9VMYOxjdobVpTRaYOauXmWFHL0kKVZ2pwegBM4dfTFg29PKNy+GIpRTxY0yILHDaudFvdYV1BmGwD6g6phZviA3cRrywIWN3ub77ajHjbV//W+Rpv4f7ggY14W3dmFO5iwa8GQx0bQJWWDNSrIWrpqdPxJ8H5wViHtnDwqHdSfihPe8KbCZjjnliCpCA+Sn3Lxi+z8VDcuxdFT9FkRZonaO7NMcNNPcSJ8u0LyHh+7Tm7bxUqVeh4OzEE+4368j/RqxJxa+LiF6IgbTb/xU4aH7lZXDajZdQZMMRM6Ln+Z9d8sM4DDsaemBgSxvJKIIy2n7QdAmy0zRFff1YygKWRk5mUoSVyx9n3cOn1rPhX3xYU/LLay7Ccv2F/+lMiwA8SHB0/vMG2J0cWHMIY3KILv76GwVTjWSPr8CutI6nkRZSYGiOvYvvFgzP1b+LzM/oVL2lQwK3RRNAom9YUwE2Dj8uEz7FFgt1A1cJvwQyjgF0FI+J+6jlN2iMhOoO15GeRuDn/j2JLg+cZqB/W0bLZC9cpjawmyGIgZoS2ZANXmm3YpoBsbtZI9GvmkT+PQjs/wRsVssBlACE9CbQrVxIFUzh6N8nJTxg4kvktExLtdKEGp15ndBfYPrnyWGSah+Ye50/YJXdEcpYs8PREs8/gFeo0hPBhkbWQFeaWLcBAgOcE7Lt47c0iwo7BbprhqSmGAxkk4KcXKYERSam1xIevLw2RdFVskd5m0SA4Co+6564YnO83a/sayN9k5+E704x1d0a4ytTh/EzXHDYNxrDk7E0tOzsVAWqHLL3xiwekXe88XT2SdIyjpSUqBhu3U8uz1Y0jNbupQHeRuJJVBQavAIO4BK1dPc76PE0ppygaME7wKOnt9jFBLSH6nZveVgUKiXQQ5upzfUuuPBAk0F4MJLPi0MCQPDMjtr57DdfNhRdikNwPD3oiqoYDwMUP/9oCbc52RfTK/yj2144lgnF2xGhoOc8zoAhMw=&u=U2FsdGVkX1/MQuhVXGfDKUFNoQNu/xof/nBsWamBF6g=&y=U2FsdGVkX18Jyl2Zy6mD1qDPFliT/x0ha2aU696fiAtS64FycilZi7fz6nCP+UIk HTTP/1.1" 200 304
190.66.253.76 - - [26/Sep/2023:10:25:04 -0500] "GET /kwssiamovil/sm/acme/s?s=U2FsdGVkX1//Np925Gl27xqgqiq9YeWZIkuSkkQDwG7rwzXv/sg/RoEOfJKr/L8S0jHqV0CnuYy/H2F5pD/hsVe3KWXOOO0W5nOGJRFlDF9nWccHcmrcadXhN1K4MgUrqyy9MDd8WcRPMAjLSQlXEQkEVXB0+2d5xRqnev7MWQtoUGFhikqpHST8X5gFelkiAnbtsq2Nvfla07UvLhDi2y3zArkO32SAW0oAXFz11d4+qyatNv75BCluemQ5Fk78l4d1ja7YJ1XQcRepbq3eTP9t8OkCY4BjtWx5dEuzreu2L2TBN8joEtyrj7jbvU6A9fnzQqeS8KhQo0A7Gr1bVQ==&u=U2FsdGVkX1/MQuhVXGfDKUFNoQNu/xof/nBsWamBF6g=&y=U2FsdGVkX18Jyl2Zy6mD1qDPFliT/x0ha2aU696fiAtS64FycilZi7fz6nCP+UIk HTTP/1.1" 200 196
190.66.253.76 - - [26/Sep/2023:10:25:04 -0500] "GET /kwssiamovil/sm/cjson/pre?f=1&x=U2FsdGVkX18hB350cHD0fmzpllXqSl5zTSK09WSnUg5hQfCGvDtQ0xCs+/5jWvfG HTTP/1.1" 200 31032
181.54.236.238 - - [26/Sep/2023:10:25:07 -0500] "GET /BLA/resoluciones/RESOLUCIONES%202013/1828.pdf HTTP/1.1" 200 540218
181.54.236.238 - - [26/Sep/2023:10:25:07 -0500] "GET /BLA/resoluciones/RESOLUCIONES%202013/1828.pdf HTTP/1.1" 200 540218
181.54.236.238 - - [26/Sep/2023:10:25:07 -0500] "GET /BLA/resoluciones/RESOLUCIONES%202013/1828.pdf HTTP/1.1" 206 1025
186.29.186.38 - - [26/Sep/2023:10:25:15 -0500] "POST /sipse/faces/presentacion/financiero/solicitudProceso/consultarSolicitudProceso.xhtml HTTP/1.1" 200 41721
186.29.186.38 - - [26/Sep/2023:10:25:15 -0500] "GET /sipse/faces/javax.faces.resource/theme.css?ln=primefaces-sipse HTTP/1.1" 304 -
186.29.186.38 - - [26/Sep/2023:10:25:15 -0500] "GET /sipse/faces/javax.faces.resource/primefaces.css?ln=primefaces&v=4.0 HTTP/1.1" 304 -
186.29.186.38 - - [26/Sep/2023:10:25:15 -0500] "GET /sipse/faces/javax.faces.resource/layout/layout.css?ln=primefaces&v=4.0 HTTP/1.1" 304 -
186.29.186.38 - - [26/Sep/2023:10:25:15 -0500] "GET /sipse/faces/javax.faces.resource/jquery/jquery.js?ln=primefaces&v=4.0 HTTP/1.1" 304 -
186.29.186.38 - - [26/Sep/2023:10:25:15 -0500] "GET /sipse/faces/javax.faces.resource/jquery/jquery-plugins.js?ln=primefaces&v=4.0 HTTP/1.1" 304 -
186.29.186.38 - - [26/Sep/2023:10:25:15 -0500] "GET /sipse/faces/javax.faces.resource/primefaces.js?ln=primefaces&v=4.0 HTTP/1.1" 304 -
186.29.186.38 - - [26/Sep/2023:10:25:15 -0500] "GET /sipse/faces/javax.faces.resource/layout/layout.js?ln=primefaces&v=4.0 HTTP/1.1" 304 -
186.29.186.38 - - [26/Sep/2023:10:25:15 -0500] "POST /sipse/faces/presentacion/financiero/solicitudProceso/listarSolicitudProceso.xhtml HTTP/1.1" 200 35049
186.29.186.38 - - [26/Sep/2023:10:25:15 -0500] "POST /sipse/faces/presentacion/financiero/solicitudProceso/listarSolicitudProceso.xhtml HTTP/1.1" 200 35049
186.29.186.38 - - [26/Sep/2023:10:25:15 -0500] "POST /sipse/faces/presentacion/financiero/solicitudProceso/listarSolicitudProceso.xhtml HTTP/1.1" 200 1444
186.29.186.38 - - [26/Sep/2023:10:25:15 -0500] "POST /sipse/faces/presentacion/financiero/solicitudProceso/listarSolicitudProceso.xhtml HTTP/1.1" 200 1444
186.29.186.38 - - [26/Sep/2023:10:25:15 -0500] "POST /sipse/faces/presentacion/financiero/solicitudProceso/listarSolicitudProceso.xhtml HTTP/1.1" 200 1448
186.29.186.38 - - [26/Sep/2023:10:25:18 -0500] "POST /sipse/faces/presentacion/financiero/solicitudProceso/listarSolicitudProceso.xhtml HTTP/1.1" 200 123827
186.29.186.38 - - [26/Sep/2023:10:25:19 -0500] "GET /sipse/faces/javax.faces.resource/theme.css?ln=primefaces-sipse HTTP/1.1" 304 -
186.29.186.38 - - [26/Sep/2023:10:25:19 -0500] "GET /sipse/faces/javax.faces.resource/primefaces.css?ln=primefaces&v=4.0 HTTP/1.1" 304 -
186.29.186.38 - - [26/Sep/2023:10:25:19 -0500] "GET /sipse/faces/javax.faces.resource/layout/layout.css?ln=primefaces&v=4.0 HTTP/1.1" 304 -
186.29.186.38 - - [26/Sep/2023:10:25:19 -0500] "GET /sipse/faces/javax.faces.resource/jquery/jquery.js?ln=primefaces&v=4.0 HTTP/1.1" 304 -
186.29.186.38 - - [26/Sep/2023:10:25:19 -0500] "GET /sipse/faces/javax.faces.resource/jquery/jquery-plugins.js?ln=primefaces&v=4.0 HTTP/1.1" 304 -
186.29.186.38 - - [26/Sep/2023:10:25:19 -0500] "GET /sipse/faces/javax.faces.resource/primefaces.js?ln=primefaces&v=4.0 HTTP/1.1" 304 -
186.29.186.38 - - [26/Sep/2023:10:25:19 -0500] "GET /sipse/faces/javax.faces.resource/layout/layout.js?ln=primefaces&v=4.0 HTTP/1.1" 304 -
216.245.221.92 - - [26/Sep/2023:10:25:50 -0500] "HEAD / HTTP/1.1" 200 -
201.245.192.253 - - [26/Sep/2023:10:25:57 -0500] "POST /forms/lservlet;jsessionid=ac16012b30d621c28f55bae248a79f78c828ebdefec0.e3iSbxaKaheRe34Pbx8Nc3aQci1ynknvrkLOlQzNp65In0 HTTP/1.1" 200 2
172.22.2.4 - - [26/Sep/2023:10:25:59 -0500] "GET /BLA/boletinlegal/jurisprudencia.php HTTP/1.1" 200 17583
186.102.29.18 - - [26/Sep/2023:10:26:02 -0500] "GET /kwssiamovil/sm/acme/a?s=U2FsdGVkX1960i7F3jrBB4Z1RUMEhyAh7gHdWhsD6e9b7kAYqEX/vE6eZ1bCl3EdOp45MKLEde+I1YaMYARf67BXS3je5tZNJT8/0VbxBuWH/JX07G89eb4edRKaWE5qcgrBMzmOyRBabGUqlqb+WeVPL/XPMHO6MQ7nAICc5BQitTy8VPtOFDDYNTmEYuHHnoFDsTpLzymI3f8eMrVZ0caLGO4SwflPYwU8rb11ZbU32KdmPQSRyJbJp+g1oHFoLq2vYKZEWUZNb6Rrzu/sjg==&u=U2FsdGVkX19uUUBq9No/J7AKWTG/RHm+QW96zFGqrGY=&y=U2FsdGVkX19phtyowSiIma+Bd8k7XXJrNHGU0MlME3CdioTTSj8RI87rUK2Bxr/P HTTP/1.1" 200 26
