191.156.148.110 - - [29/Sep/2023:14:24:08 -0500] "POST /sipse/faces/presentacion/financiero/solicitudProceso/consultar.xhtml HTTP/1.1" 200 35494
172.22.2.4 - - [29/Sep/2023:14:24:09 -0500] "GET /BLA/boletinlegal/consulta_actos.php?tipo=autos&no=2664&usuario=&sector=&fecha=2023&resuelve= HTTP/1.1" 200 1121
191.156.148.110 - - [29/Sep/2023:14:24:13 -0500] "POST /sipse/faces/presentacion/financiero/solicitudProceso/consultar.xhtml HTTP/1.1" 200 12733
216.244.66.195 - - [29/Sep/2023:14:24:21 -0500] "GET /BLA/resoluciones/RESOLUCIONES%202022/5214.pdf HTTP/1.1" 200 397249
201.245.192.253 - - [29/Sep/2023:14:24:52 -0500] "POST /forms/lservlet;jsessionid=ac16012b30d6619814261ab448b5b9b081ec43f14b45.e3iSbxaKaheRe34Pbx8Nc3aQci1ynknvrkLOlQzNp65In0 HTTP/1.1" 200 2
83.229.110.218 - - [29/Sep/2023:14:24:53 -0500] "GET /proximo-4-de-octubre-simulacro-distrital-de-evacuacion-dia-y-noche.html HTTP/1.1" 200 783
23.249.161.76 - - [29/Sep/2023:14:24:53 -0500] "GET /por-disposicion-ilegal-de-residuos-y-contaminar-el-aire-secretaria-de-ambiente-impuso-medidas-preventivas-a-industria-en-suba.html HTTP/1.1" 200 945
216.109.167.222 - - [29/Sep/2023:14:24:53 -0500] "GET /por-disposicion-ilegal-de-residuos-y-contaminar-el-aire-secretaria-de-ambiente-impuso-medidas-preventivas-a-industria-en-suba.html HTTP/1.1" 200 945
194.124.252.200 - - [29/Sep/2023:14:24:53 -0500] "GET /proximo-4-de-octubre-simulacro-distrital-de-evacuacion-dia-y-noche.html HTTP/1.1" 200 783
172.22.2.4 - - [29/Sep/2023:14:24:56 -0500] "GET /BLA/boletinlegal/consulta_actos.php?tipo=autos&no=3023&usuario=&sector=&fecha=2023&resuelve= HTTP/1.1" 200 1130
216.244.66.195 - - [29/Sep/2023:14:25:01 -0500] "GET /BLA/resoluciones/RESOLUCIONES%202022/5350.pdf HTTP/1.1" 200 715869
172.22.2.4 - - [29/Sep/2023:14:25:30 -0500] "GET /BLA/boletinlegal/consulta_actos.php?tipo=autos&no=3024&usuario=&sector=&fecha=2023&resuelve= HTTP/1.1" 200 1129
216.244.66.195 - - [29/Sep/2023:14:25:40 -0500] "GET /BLA/resoluciones/RESOLUCIONES%202023/0185.pdf HTTP/1.1" 200 401763
216.244.66.195 - - [29/Sep/2023:14:26:10 -0500] "GET /BLA/resoluciones/RESOLUCIONES%202023/0727.pdf HTTP/1.1" 200 475996
173.252.111.116 - - [29/Sep/2023:14:26:19 -0500] "GET /images/plantacion-humedal-la-conejera.jpg HTTP/1.1" 200 92644
186.31.173.154 - - [29/Sep/2023:14:26:23 -0500] "GET /sipse/faces/index.xhtml HTTP/1.1" 200 677
186.31.173.154 - - [29/Sep/2023:14:26:23 -0500] "GET /sipse/faces/javax.faces.resource/theme.css?ln=primefaces-sipse HTTP/1.1" 304 -
173.252.111.6 - - [29/Sep/2023:14:26:23 -0500] "GET /images/Zuque%20(1)%20(1).jpeg HTTP/1.1" 200 66921
186.31.173.154 - - [29/Sep/2023:14:26:24 -0500] "GET /favicon.ico HTTP/1.1" 200 7782
186.31.173.154 - - [29/Sep/2023:14:26:24 -0500] "GET /sipse/faces/faces/autenticacion.xhtml HTTP/1.1" 200 12416
186.31.173.154 - - [29/Sep/2023:14:26:24 -0500] "GET /sipse/faces/javax.faces.resource/theme.css?ln=primefaces-sipse HTTP/1.1" 304 -
186.31.173.154 - - [29/Sep/2023:14:26:24 -0500] "GET /sipse/faces/javax.faces.resource/primefaces.css?ln=primefaces&v=4.0 HTTP/1.1" 304 -
186.31.173.154 - - [29/Sep/2023:14:26:24 -0500] "GET /sipse/faces/javax.faces.resource/jquery/jquery-plugins.js?ln=primefaces&v=4.0 HTTP/1.1" 304 -
186.31.173.154 - - [29/Sep/2023:14:26:24 -0500] "GET /sipse/faces/javax.faces.resource/layout/layout.css?ln=primefaces&v=4.0 HTTP/1.1" 304 -
186.31.173.154 - - [29/Sep/2023:14:26:24 -0500] "GET /sipse/faces/javax.faces.resource/layout/layout.js?ln=primefaces&v=4.0 HTTP/1.1" 304 -
186.31.173.154 - - [29/Sep/2023:14:26:24 -0500] "GET /sipse/faces/javax.faces.resource/primefaces.js?ln=primefaces&v=4.0 HTTP/1.1" 304 -
186.31.173.154 - - [29/Sep/2023:14:26:24 -0500] "GET /sipse/faces/javax.faces.resource/jquery/jquery.js?ln=primefaces&v=4.0 HTTP/1.1" 304 -
186.31.173.154 - - [29/Sep/2023:14:26:25 -0500] "GET /sipse/faces/javax.faces.resource/images/ui-icons_898989_256x240.png?ln=primefaces-aristo HTTP/1.1" 304 -
173.252.111.3 - - [29/Sep/2023:14:26:27 -0500] "GET /images/pieza-voluntariado-ambiental.jpeg HTTP/1.1" 200 51125
172.22.2.4 - - [29/Sep/2023:14:26:33 -0500] "GET /BLA/boletinlegal/consulta_actos.php?tipo=autos&no=3093&usuario=&sector=&fecha=2023&resuelve= HTTP/1.1" 200 1122
201.245.192.253 - - [29/Sep/2023:14:26:32 -0500] "POST /kwsrmcab/Wsrmcab  HTTP/1.1" 200 43477
186.31.173.154 - - [29/Sep/2023:14:26:37 -0500] "POST /sipse/faces/autenticacion.xhtml HTTP/1.1" 200 16224
186.31.173.154 - - [29/Sep/2023:14:26:38 -0500] "GET /sipse/css/custom_css_sg_prime.css HTTP/1.1" 200 5201
186.31.173.154 - - [29/Sep/2023:14:26:38 -0500] "GET /sipse/faces/javax.faces.resource/theme.css?ln=primefaces-sipse HTTP/1.1" 304 -
186.31.173.154 - - [29/Sep/2023:14:26:38 -0500] "GET /sipse/faces/javax.faces.resource/layout/layout.css?ln=primefaces&v=4.0 HTTP/1.1" 304 -
186.31.173.154 - - [29/Sep/2023:14:26:38 -0500] "GET /sipse/faces/javax.faces.resource/primefaces.css?ln=primefaces&v=4.0 HTTP/1.1" 304 -
186.31.173.154 - - [29/Sep/2023:14:26:38 -0500] "GET /sipse/js/jquery.min.js HTTP/1.1" 200 85582
186.31.173.154 - - [29/Sep/2023:14:26:39 -0500] "GET /sipse/faces/javax.faces.resource/jquery/jquery.js?ln=primefaces&v=4.0 HTTP/1.1" 304 -
186.31.173.154 - - [29/Sep/2023:14:26:40 -0500] "GET /sipse/faces/javax.faces.resource/jquery/jquery-plugins.js?ln=primefaces&v=4.0 HTTP/1.1" 304 -
186.31.173.154 - - [29/Sep/2023:14:26:41 -0500] "GET /sipse/faces/javax.faces.resource/primefaces.js?ln=primefaces&v=4.0 HTTP/1.1" 304 -
186.31.173.154 - - [29/Sep/2023:14:26:41 -0500] "GET /sipse/faces/javax.faces.resource/layout/layout.js?ln=primefaces&v=4.0 HTTP/1.1" 304 -
186.31.173.154 - - [29/Sep/2023:14:26:41 -0500] "GET /sipse/css/v_mergente.css HTTP/1.1" 200 1505
186.31.173.154 - - [29/Sep/2023:14:26:41 -0500] "GET /sipse/css/imagen/contrasena.png HTTP/1.1" 404 383
186.31.173.154 - - [29/Sep/2023:14:26:41 -0500] "GET /sipse/faces/javax.faces.resource/messages/messages.png?ln=primefaces&v=4.0 HTTP/1.1" 200 27209
186.31.173.154 - - [29/Sep/2023:14:26:41 -0500] "GET /sipse/imagenes/logoAplicacion.jpg HTTP/1.1" 200 155084
186.31.173.154 - - [29/Sep/2023:14:26:41 -0500] "GET /sipse/imagenes/cargando.gif HTTP/1.1" 200 36959
216.244.66.195 - - [29/Sep/2023:14:26:43 -0500] "GET /BLA/resoluciones/RESOLUCIONES%202023/0747.pdf HTTP/1.1" 200 903245
216.245.221.92 - - [29/Sep/2023:14:26:43 -0500] "HEAD / HTTP/1.1" 200 -
186.154.221.4 - - [29/Sep/2023:14:26:44 -0500] "GET /sipse/faces/presentacion/sistema/reporte/listarReportes.xhtml HTTP/1.1" 302 -
186.154.221.4 - - [29/Sep/2023:14:26:44 -0500] "GET /sipse/faces/autenticacion.xhtml HTTP/1.1" 200 12416
200.93.146.196 - - [29/Sep/2023:14:26:45 -0500] "GET /sipse/css/custom_css_sg_prime_login.css HTTP/1.1" 200 443
200.93.146.196 - - [29/Sep/2023:14:26:45 -0500] "GET /sipse/css/custom_css_sg.css HTTP/1.1" 200 9694
200.93.146.196 - - [29/Sep/2023:14:26:45 -0500] "GET /sipse/faces/javax.faces.resource/layout/layout.css?ln=primefaces&v=4.0 HTTP/1.1" 200 542
186.154.221.4 - - [29/Sep/2023:14:26:45 -0500] "GET /sipse/faces/javax.faces.resource/jquery/jquery-plugins.js?ln=primefaces&v=4.0 HTTP/1.1" 304 -
200.93.146.196 - - [29/Sep/2023:14:26:45 -0500] "GET /sipse/faces/javax.faces.resource/jquery/jquery.js?ln=primefaces&v=4.0 HTTP/1.1" 304 -
186.154.221.4 - - [29/Sep/2023:14:26:45 -0500] "GET /sipse/faces/javax.faces.resource/primefaces.js?ln=primefaces&v=4.0 HTTP/1.1" 304 -
186.154.221.4 - - [29/Sep/2023:14:26:45 -0500] "GET /sipse/faces/javax.faces.resource/layout/layout.js?ln=primefaces&v=4.0 HTTP/1.1" 304 -
200.93.146.196 - - [29/Sep/2023:14:26:45 -0500] "GET /sipse/faces/javax.faces.resource/theme.css?ln=primefaces-sipse HTTP/1.1" 200 50058
200.93.146.196 - - [29/Sep/2023:14:26:45 -0500] "GET /sipse/faces/javax.faces.resource/primefaces.css?ln=primefaces&v=4.0 HTTP/1.1" 200 53295
201.245.192.253 - - [29/Sep/2023:14:26:52 -0500] "POST /forms/lservlet;jsessionid=ac16012b30d6619814261ab448b5b9b081ec43f14b45.e3iSbxaKaheRe34Pbx8Nc3aQci1ynknvrkLOlQzNp65In0 HTTP/1.1" 200 2
200.93.146.196 - - [29/Sep/2023:14:26:54 -0500] "GET /sipse/css/imagen/logoSDG.png HTTP/1.1" 200 19186
200.93.146.196 - - [29/Sep/2023:14:26:54 -0500] "GET /sipse/faces/javax.faces.resource/images/ui-icons_898989_256x240.png?ln=primefaces-aristo HTTP/1.1" 200 5355
200.93.146.196 - - [29/Sep/2023:14:26:54 -0500] "GET /sipse/css/imagen/loginimg.png HTTP/1.1" 200 15714
186.154.221.4 - - [29/Sep/2023:14:26:54 -0500] "GET /sipse/faces/index.xhtml HTTP/1.1" 200 677
200.93.146.196 - - [29/Sep/2023:14:26:54 -0500] "GET /sipse/faces/javax.faces.resource/theme.css?ln=primefaces-sipse HTTP/1.1" 304 -
186.154.221.4 - - [29/Sep/2023:14:26:54 -0500] "GET /sipse/faces/faces/autenticacion.xhtml HTTP/1.1" 200 12416
200.93.146.196 - - [29/Sep/2023:14:26:54 -0500] "GET /sipse/faces/javax.faces.resource/theme.css?ln=primefaces-sipse HTTP/1.1" 304 -
186.154.221.4 - - [29/Sep/2023:14:26:54 -0500] "GET /sipse/faces/javax.faces.resource/jquery/jquery.js?ln=primefaces&v=4.0 HTTP/1.1" 304 -
200.93.146.196 - - [29/Sep/2023:14:26:54 -0500] "GET /sipse/faces/javax.faces.resource/layout/layout.css?ln=primefaces&v=4.0 HTTP/1.1" 304 -
186.154.221.4 - - [29/Sep/2023:14:26:54 -0500] "GET /sipse/faces/javax.faces.resource/primefaces.css?ln=primefaces&v=4.0 HTTP/1.1" 304 -
200.93.146.196 - - [29/Sep/2023:14:26:54 -0500] "GET /sipse/faces/javax.faces.resource/layout/layout.js?ln=primefaces&v=4.0 HTTP/1.1" 304 -
200.93.146.196 - - [29/Sep/2023:14:26:54 -0500] "GET /sipse/faces/javax.faces.resource/primefaces.js?ln=primefaces&v=4.0 HTTP/1.1" 304 -
200.93.146.196 - - [29/Sep/2023:14:26:54 -0500] "GET /sipse/faces/javax.faces.resource/jquery/jquery-plugins.js?ln=primefaces&v=4.0 HTTP/1.1" 304 -
200.93.146.196 - - [29/Sep/2023:14:26:54 -0500] "GET /sipse/faces/javax.faces.resource/images/ui-icons_898989_256x240.png?ln=primefaces-aristo HTTP/1.1" 304 -
186.154.221.4 - - [29/Sep/2023:14:27:00 -0500] "POST /sipse/faces/autenticacion.xhtml HTTP/1.1" 200 16220
200.93.146.196 - - [29/Sep/2023:14:27:01 -0500] "GET /sipse/css/custom_css_sg_prime.css HTTP/1.1" 200 5201
200.93.146.196 - - [29/Sep/2023:14:27:01 -0500] "GET /sipse/faces/javax.faces.resource/jquery/jquery.js?ln=primefaces&v=4.0 HTTP/1.1" 304 -
186.154.221.4 - - [29/Sep/2023:14:27:01 -0500] "GET /sipse/faces/javax.faces.resource/jquery/jquery-plugins.js?ln=primefaces&v=4.0 HTTP/1.1" 304 -
200.93.146.196 - - [29/Sep/2023:14:27:01 -0500] "GET /sipse/faces/javax.faces.resource/primefaces.js?ln=primefaces&v=4.0 HTTP/1.1" 304 -
200.93.146.196 - - [29/Sep/2023:14:27:01 -0500] "GET /sipse/faces/javax.faces.resource/layout/layout.js?ln=primefaces&v=4.0 HTTP/1.1" 304 -
200.93.146.196 - - [29/Sep/2023:14:27:01 -0500] "GET /sipse/css/imagen/contrasena.png HTTP/1.1" 404 383
186.154.221.4 - - [29/Sep/2023:14:27:01 -0500] "GET /sipse/faces/javax.faces.resource/messages/messages.png?ln=primefaces&v=4.0 HTTP/1.1" 304 -
186.31.173.154 - - [29/Sep/2023:14:27:08 -0500] "GET /sipse/faces/javax.faces.resource/images/ui-bg_flat_0_2d5972_40x100.png?ln=primefaces-aristo HTTP/1.1" 200 183
186.31.173.154 - - [29/Sep/2023:14:27:08 -0500] "POST /sipse/faces/bienvenido.xhtml HTTP/1.1" 200 1471
186.31.173.154 - - [29/Sep/2023:14:27:08 -0500] "POST /sipse/faces/bienvenido.xhtml HTTP/1.1" 200 37736
186.31.173.154 - - [29/Sep/2023:14:27:09 -0500] "GET /sipse/faces/javax.faces.resource/theme.css?ln=primefaces-sipse HTTP/1.1" 304 -
186.31.173.154 - - [29/Sep/2023:14:27:09 -0500] "GET /sipse/faces/javax.faces.resource/primefaces.css?ln=primefaces&v=4.0 HTTP/1.1" 304 -
186.31.173.154 - - [29/Sep/2023:14:27:09 -0500] "GET /sipse/faces/javax.faces.resource/layout/layout.css?ln=primefaces&v=4.0 HTTP/1.1" 304 -
186.31.173.154 - - [29/Sep/2023:14:27:09 -0500] "GET /sipse/faces/javax.faces.resource/jquery/jquery.js?ln=primefaces&v=4.0 HTTP/1.1" 304 -
186.31.173.154 - - [29/Sep/2023:14:27:09 -0500] "GET /sipse/faces/javax.faces.resource/jquery/jquery-plugins.js?ln=primefaces&v=4.0 HTTP/1.1" 304 -
186.31.173.154 - - [29/Sep/2023:14:27:09 -0500] "GET /sipse/faces/javax.faces.resource/primefaces.js?ln=primefaces&v=4.0 HTTP/1.1" 304 -
186.31.173.154 - - [29/Sep/2023:14:27:09 -0500] "GET /sipse/faces/javax.faces.resource/layout/layout.js?ln=primefaces&v=4.0 HTTP/1.1" 304 -
186.31.173.154 - - [29/Sep/2023:14:27:10 -0500] "POST /sipse/faces/presentacion/financiero/solicitudProceso/listarSolicitudProceso.xhtml HTTP/1.1" 200 1424
172.22.2.4 - - [29/Sep/2023:14:27:18 -0500] "GET /BLA/boletinlegal/consulta_actos.php?tipo=autos&no=3094&usuario=&sector=&fecha=2023&resuelve= HTTP/1.1" 200 1128
216.244.66.195 - - [29/Sep/2023:14:27:27 -0500] "GET /BLA/resoluciones/AUTOS%202010/4447.pdf HTTP/1.1" 200 180525
200.93.146.196 - - [29/Sep/2023:14:27:32 -0500] "GET /sipse/faces/javax.faces.resource/images/ui-bg_flat_0_2d5972_40x100.png?ln=primefaces-aristo HTTP/1.1" 304 -
200.93.146.196 - - [29/Sep/2023:14:27:32 -0500] "POST /sipse/faces/bienvenido.xhtml HTTP/1.1" 200 1471
200.93.146.196 - - [29/Sep/2023:14:27:34 -0500] "POST /sipse/faces/bienvenido.xhtml HTTP/1.1" 200 31282
200.93.146.196 - - [29/Sep/2023:14:27:34 -0500] "GET /sipse/faces/javax.faces.resource/jquery/jquery.js?ln=primefaces&v=4.0 HTTP/1.1" 304 -
200.93.146.196 - - [29/Sep/2023:14:27:34 -0500] "GET /sipse/faces/javax.faces.resource/jquery/jquery-plugins.js?ln=primefaces&v=4.0 HTTP/1.1" 304 -
200.93.146.196 - - [29/Sep/2023:14:27:34 -0500] "GET /sipse/faces/javax.faces.resource/primefaces.js?ln=primefaces&v=4.0 HTTP/1.1" 304 -
200.93.146.196 - - [29/Sep/2023:14:27:34 -0500] "GET /sipse/faces/javax.faces.resource/layout/layout.js?ln=primefaces&v=4.0 HTTP/1.1" 304 -
200.93.146.196 - - [29/Sep/2023:14:27:35 -0500] "POST /sipse/faces/presentacion/financiero/solicitudProceso/listarSolicitudProceso.xhtml HTTP/1.1" 200 1368
172.22.2.4 - - [29/Sep/2023:14:27:41 -0500] "GET /BLA/boletinlegal/consulta_actos.php?tipo=autos&no=3097&usuario=&sector=&fecha=2023&resuelve= HTTP/1.1" 200 1128
200.93.146.196 - - [29/Sep/2023:14:27:41 -0500] "POST /sipse/faces/presentacion/financiero/solicitudProceso/listarSolicitudProceso.xhtml HTTP/1.1" 200 2081
200.93.146.196 - - [29/Sep/2023:14:27:43 -0500] "POST /sipse/faces/presentacion/financiero/solicitudProceso/listarSolicitudProceso.xhtml HTTP/1.1" 200 38391
200.93.146.196 - - [29/Sep/2023:14:27:43 -0500] "GET /sipse/faces/javax.faces.resource/jquery/jquery.js?ln=primefaces&v=4.0 HTTP/1.1" 304 -
200.93.146.196 - - [29/Sep/2023:14:27:43 -0500] "GET /sipse/faces/javax.faces.resource/jquery/jquery-plugins.js?ln=primefaces&v=4.0 HTTP/1.1" 304 -
200.93.146.196 - - [29/Sep/2023:14:27:43 -0500] "GET /sipse/faces/javax.faces.resource/primefaces.js?ln=primefaces&v=4.0 HTTP/1.1" 304 -
200.93.146.196 - - [29/Sep/2023:14:27:43 -0500] "GET /sipse/faces/javax.faces.resource/layout/layout.js?ln=primefaces&v=4.0 HTTP/1.1" 304 -
200.93.146.196 - - [29/Sep/2023:14:27:44 -0500] "POST /sipse/faces/presentacion/financiero/solicitudProceso/consultar.xhtml HTTP/1.1" 200 31757
200.93.146.196 - - [29/Sep/2023:14:27:52 -0500] "POST /sipse/faces/presentacion/financiero/solicitudProceso/consultar.xhtml HTTP/1.1" 200 31855
200.93.146.196 - - [29/Sep/2023:14:27:53 -0500] "GET /sipse/faces/javax.faces.resource/jquery/jquery.js?ln=primefaces&v=4.0 HTTP/1.1" 304 -
200.93.146.196 - - [29/Sep/2023:14:27:53 -0500] "GET /sipse/faces/javax.faces.resource/jquery/jquery-plugins.js?ln=primefaces&v=4.0 HTTP/1.1" 304 -
200.93.146.196 - - [29/Sep/2023:14:27:53 -0500] "GET /sipse/faces/javax.faces.resource/primefaces.js?ln=primefaces&v=4.0 HTTP/1.1" 304 -
200.93.146.196 - - [29/Sep/2023:14:27:53 -0500] "GET /sipse/faces/javax.faces.resource/layout/layout.js?ln=primefaces&v=4.0 HTTP/1.1" 304 -
52.167.144.189 - - [29/Sep/2023:14:27:53 -0500] "GET /BLA/resoluciones/index.php?dir=RESOLUCIONES+2007%2F HTTP/1.1" 200 37998
200.93.146.196 - - [29/Sep/2023:14:27:53 -0500] "POST /sipse/faces/presentacion/financiero/solicitudProceso/listarSolicitudProceso.xhtml HTTP/1.1" 200 25195
200.93.146.196 - - [29/Sep/2023:14:27:53 -0500] "POST /sipse/faces/presentacion/financiero/solicitudProceso/listarSolicitudProceso.xhtml HTTP/1.1" 200 25195
200.93.146.196 - - [29/Sep/2023:14:27:53 -0500] "POST /sipse/faces/presentacion/financiero/solicitudProceso/listarSolicitudProceso.xhtml HTTP/1.1" 200 1368
200.93.146.196 - - [29/Sep/2023:14:27:54 -0500] "POST /sipse/faces/presentacion/financiero/solicitudProceso/listarSolicitudProceso.xhtml HTTP/1.1" 200 1372
200.93.146.196 - - [29/Sep/2023:14:27:54 -0500] "POST /sipse/faces/presentacion/financiero/solicitudProceso/listarSolicitudProceso.xhtml HTTP/1.1" 200 1372
216.244.66.195 - - [29/Sep/2023:14:27:58 -0500] "GET /BLA/resoluciones/AUTOS%202010/4588.pdf HTTP/1.1" 200 157289
186.31.173.154 - - [29/Sep/2023:14:28:03 -0500] "POST /sipse/faces/presentacion/financiero/solicitudProceso/listarSolicitudProceso.xhtml HTTP/1.1" 200 121470
186.31.173.154 - - [29/Sep/2023:14:28:04 -0500] "GET /sipse/faces/javax.faces.resource/theme.css?ln=primefaces-sipse HTTP/1.1" 304 -
186.31.173.154 - - [29/Sep/2023:14:28:04 -0500] "GET /sipse/faces/javax.faces.resource/primefaces.css?ln=primefaces&v=4.0 HTTP/1.1" 304 -
186.31.173.154 - - [29/Sep/2023:14:28:04 -0500] "GET /sipse/faces/javax.faces.resource/layout/layout.css?ln=primefaces&v=4.0 HTTP/1.1" 304 -
186.31.173.154 - - [29/Sep/2023:14:28:04 -0500] "GET /sipse/faces/javax.faces.resource/jquery/jquery.js?ln=primefaces&v=4.0 HTTP/1.1" 304 -
186.31.173.154 - - [29/Sep/2023:14:28:04 -0500] "GET /sipse/faces/javax.faces.resource/jquery/jquery-plugins.js?ln=primefaces&v=4.0 HTTP/1.1" 304 -
186.31.173.154 - - [29/Sep/2023:14:28:04 -0500] "GET /sipse/faces/javax.faces.resource/primefaces.js?ln=primefaces&v=4.0 HTTP/1.1" 304 -
186.31.173.154 - - [29/Sep/2023:14:28:04 -0500] "GET /sipse/faces/javax.faces.resource/layout/layout.js?ln=primefaces&v=4.0 HTTP/1.1" 304 -
186.31.173.154 - - [29/Sep/2023:14:28:06 -0500] "GET /sipse/faces/javax.faces.resource/dynamiccontent.properties?ln=primefaces&pfdrid=XjOR5%2F%2FfPAZAuY9TpWQeCiM0BhlXxYRBGKi%2FQcXXfeA%3D&pfdrid_c=false HTTP/1.1" 500 383
201.245.192.253 - - [29/Sep/2023:14:28:08 -0500] "GET /sipse/faces/index.xhtml HTTP/1.1" 200 677
201.245.192.253 - - [29/Sep/2023:14:28:08 -0500] "GET /sipse/faces/javax.faces.resource/theme.css?ln=primefaces-sipse HTTP/1.1" 304 -
201.245.192.253 - - [29/Sep/2023:14:28:09 -0500] "GET /sipse/faces/faces/autenticacion.xhtml HTTP/1.1" 200 12416
172.22.2.4 - - [29/Sep/2023:14:28:09 -0500] "GET /BLA/boletinlegal/consulta_actos.php?tipo=autos&no=3101&usuario=&sector=&fecha=2023&resuelve= HTTP/1.1" 200 1131
201.245.192.253 - - [29/Sep/2023:14:28:09 -0500] "GET /sipse/faces/javax.faces.resource/theme.css?ln=primefaces-sipse HTTP/1.1" 304 -
201.245.192.253 - - [29/Sep/2023:14:28:09 -0500] "GET /sipse/faces/javax.faces.resource/primefaces.css?ln=primefaces&v=4.0 HTTP/1.1" 304 -
201.245.192.253 - - [29/Sep/2023:14:28:09 -0500] "GET /sipse/faces/javax.faces.resource/layout/layout.css?ln=primefaces&v=4.0 HTTP/1.1" 304 -
201.245.192.253 - - [29/Sep/2023:14:28:09 -0500] "GET /sipse/faces/javax.faces.resource/jquery/jquery-plugins.js?ln=primefaces&v=4.0 HTTP/1.1" 304 -
201.245.192.253 - - [29/Sep/2023:14:28:09 -0500] "GET /sipse/faces/javax.faces.resource/jquery/jquery.js?ln=primefaces&v=4.0 HTTP/1.1" 304 -
201.245.192.253 - - [29/Sep/2023:14:28:09 -0500] "GET /sipse/faces/javax.faces.resource/primefaces.js?ln=primefaces&v=4.0 HTTP/1.1" 304 -
201.245.192.253 - - [29/Sep/2023:14:28:09 -0500] "GET /sipse/faces/javax.faces.resource/layout/layout.js?ln=primefaces&v=4.0 HTTP/1.1" 304 -
201.245.192.253 - - [29/Sep/2023:14:28:09 -0500] "GET /sipse/faces/javax.faces.resource/images/ui-icons_898989_256x240.png?ln=primefaces-aristo HTTP/1.1" 304 -
201.245.192.253 - - [29/Sep/2023:14:28:08 -0500] "POST /kwsrmcab/Wsrmcab HTTP/1.1" 200 43294
201.245.192.253 - - [29/Sep/2023:14:28:12 -0500] "POST /sipse/faces/autenticacion.xhtml HTTP/1.1" 200 2217
201.245.192.253 - - [29/Sep/2023:14:28:12 -0500] "GET /sipse/faces/javax.faces.resource/messages/messages.png?ln=primefaces&v=4.0 HTTP/1.1" 304 -
186.31.173.154 - - [29/Sep/2023:14:28:12 -0500] "POST /sipse/faces/presentacion/financiero/solicitudProceso/consultarSolicitudProceso.xhtml HTTP/1.1" 200 85258
201.245.192.253 - - [29/Sep/2023:14:28:11 -0500] "POST /kwsrmcab/Wsrmcab HTTP/1.1" 200 42293
201.245.192.253 - - [29/Sep/2023:14:28:14 -0500] "POST /sipse/faces/autenticacion.xhtml HTTP/1.1" 200 16385
201.245.192.253 - - [29/Sep/2023:14:28:14 -0500] "GET /sipse/faces/javax.faces.resource/theme.css?ln=primefaces-sipse HTTP/1.1" 304 -
201.245.192.253 - - [29/Sep/2023:14:28:14 -0500] "GET /sipse/faces/javax.faces.resource/primefaces.css?ln=primefaces&v=4.0 HTTP/1.1" 304 -
201.245.192.253 - - [29/Sep/2023:14:28:14 -0500] "GET /sipse/faces/javax.faces.resource/layout/layout.css?ln=primefaces&v=4.0 HTTP/1.1" 304 -
201.245.192.253 - - [29/Sep/2023:14:28:14 -0500] "GET /sipse/faces/javax.faces.resource/jquery/jquery.js?ln=primefaces&v=4.0 HTTP/1.1" 304 -
201.245.192.253 - - [29/Sep/2023:14:28:14 -0500] "GET /sipse/faces/javax.faces.resource/jquery/jquery-plugins.js?ln=primefaces&v=4.0 HTTP/1.1" 304 -
201.245.192.253 - - [29/Sep/2023:14:28:14 -0500] "GET /sipse/faces/javax.faces.resource/primefaces.js?ln=primefaces&v=4.0 HTTP/1.1" 304 -
201.245.192.253 - - [29/Sep/2023:14:28:14 -0500] "GET /sipse/faces/javax.faces.resource/layout/layout.js?ln=primefaces&v=4.0 HTTP/1.1" 304 -
201.245.192.253 - - [29/Sep/2023:14:28:14 -0500] "GET /sipse/css/imagen/contrasena.png HTTP/1.1" 404 383
201.245.192.253 - - [29/Sep/2023:14:28:17 -0500] "GET /sipse/faces/javax.faces.resource/images/ui-bg_flat_0_2d5972_40x100.png?ln=primefaces-aristo HTTP/1.1" 304 -
201.245.192.253 - - [29/Sep/2023:14:28:17 -0500] "POST /sipse/faces/bienvenido.xhtml HTTP/1.1" 200 2658
201.245.192.253 - - [29/Sep/2023:14:28:18 -0500] "POST /sipse/faces/bienvenido.xhtml HTTP/1.1" 200 64128
201.245.192.253 - - [29/Sep/2023:14:28:19 -0500] "GET /sipse/faces/javax.faces.resource/theme.css?ln=primefaces-sipse HTTP/1.1" 304 -
201.245.192.253 - - [29/Sep/2023:14:28:19 -0500] "GET /sipse/faces/javax.faces.resource/primefaces.css?ln=primefaces&v=4.0 HTTP/1.1" 304 -
201.245.192.253 - - [29/Sep/2023:14:28:19 -0500] "GET /sipse/faces/javax.faces.resource/layout/layout.css?ln=primefaces&v=4.0 HTTP/1.1" 304 -
201.245.192.253 - - [29/Sep/2023:14:28:19 -0500] "GET /sipse/faces/javax.faces.resource/jquery/jquery.js?ln=primefaces&v=4.0 HTTP/1.1" 304 -
201.245.192.253 - - [29/Sep/2023:14:28:19 -0500] "GET /sipse/faces/javax.faces.resource/jquery/jquery-plugins.js?ln=primefaces&v=4.0 HTTP/1.1" 304 -
201.245.192.253 - - [29/Sep/2023:14:28:19 -0500] "GET /sipse/faces/javax.faces.resource/primefaces.js?ln=primefaces&v=4.0 HTTP/1.1" 304 -
201.245.192.253 - - [29/Sep/2023:14:28:19 -0500] "GET /sipse/faces/javax.faces.resource/layout/layout.js?ln=primefaces&v=4.0 HTTP/1.1" 304 -
201.245.192.253 - - [29/Sep/2023:14:28:19 -0500] "POST /sipse/faces/presentacion/financiero/solicitudProceso/listarSolicitudProceso.xhtml HTTP/1.1" 200 1552
201.245.192.253 - - [29/Sep/2023:14:28:21 -0500] "POST /sipse/faces/presentacion/financiero/solicitudProceso/listarSolicitudProceso.xhtml HTTP/1.1" 200 46463
201.245.192.253 - - [29/Sep/2023:14:28:21 -0500] "POST /sipse/faces/presentacion/financiero/solicitudProceso/listarSolicitudProceso.xhtml HTTP/1.1" 200 1556
172.22.2.4 - - [29/Sep/2023:14:26:42 -0500] "GET /BLA/boletinlegal/ HTTP/1.1" 200 53362
201.245.192.253 - - [29/Sep/2023:14:28:22 -0500] "POST /sipse/faces/presentacion/financiero/solicitudProceso/listarSolicitudProceso.xhtml HTTP/1.1" 200 32367
201.245.192.253 - - [29/Sep/2023:14:28:22 -0500] "POST /sipse/faces/presentacion/financiero/solicitudProceso/listarSolicitudProceso.xhtml HTTP/1.1" 200 44484
201.245.192.253 - - [29/Sep/2023:14:28:26 -0500] "POST /sipse/faces/presentacion/financiero/solicitudProceso/listarSolicitudProceso.xhtml HTTP/1.1" 200 16947
216.244.66.195 - - [29/Sep/2023:14:28:29 -0500] "GET /BLA/resoluciones/AUTOS%202010/5499.pdf HTTP/1.1" 200 391506
172.22.2.4 - - [29/Sep/2023:14:26:51 -0500] "HEAD /BLA/boletinlegal/ HTTP/1.1" 200 -
201.245.192.253 - - [29/Sep/2023:14:28:31 -0500] "POST /sipse/faces/presentacion/financiero/solicitudProceso/listarSolicitudProceso.xhtml HTTP/1.1" 200 121935
201.245.192.253 - - [29/Sep/2023:14:28:32 -0500] "GET /sipse/faces/javax.faces.resource/theme.css?ln=primefaces-sipse HTTP/1.1" 304 -
201.245.192.253 - - [29/Sep/2023:14:28:32 -0500] "GET /sipse/faces/javax.faces.resource/layout/layout.css?ln=primefaces&v=4.0 HTTP/1.1" 304 -
201.245.192.253 - - [29/Sep/2023:14:28:32 -0500] "GET /sipse/faces/javax.faces.resource/primefaces.css?ln=primefaces&v=4.0 HTTP/1.1" 304 -
201.245.192.253 - - [29/Sep/2023:14:28:32 -0500] "GET /sipse/faces/javax.faces.resource/jquery/jquery.js?ln=primefaces&v=4.0 HTTP/1.1" 304 -
201.245.192.253 - - [29/Sep/2023:14:28:32 -0500] "GET /sipse/faces/javax.faces.resource/jquery/jquery-plugins.js?ln=primefaces&v=4.0 HTTP/1.1" 304 -
201.245.192.253 - - [29/Sep/2023:14:28:32 -0500] "GET /sipse/faces/javax.faces.resource/primefaces.js?ln=primefaces&v=4.0 HTTP/1.1" 304 -
201.245.192.253 - - [29/Sep/2023:14:28:32 -0500] "GET /sipse/faces/javax.faces.resource/layout/layout.js?ln=primefaces&v=4.0 HTTP/1.1" 304 -
201.245.192.253 - - [29/Sep/2023:14:28:32 -0500] "GET /sipse/faces/javax.faces.resource/dynamiccontent.properties?ln=primefaces&pfdrid=XjOR5%2F%2FfPAZAuY9TpWQeCiM0BhlXxYRBGKi%2FQcXXfeA%3D&pfdrid_c=false HTTP/1.1" 500 383
40.77.167.3 - - [29/Sep/2023:14:28:33 -0500] "GET /BLA/resoluciones/dlf/styles.css HTTP/1.1" 200 3049
186.31.173.154 - - [29/Sep/2023:14:28:33 -0500] "POST /sipse/faces/presentacion/financiero/solicitudProceso/consultarSolicitudProceso.xhtml HTTP/1.1" 200 103537
201.245.192.253 - - [29/Sep/2023:14:28:34 -0500] "POST /sipse/faces/presentacion/financiero/solicitudProceso/consultarSolicitudProceso.xhtml HTTP/1.1" 200 29953
201.245.192.253 - - [29/Sep/2023:14:28:35 -0500] "GET /sipse/faces/javax.faces.resource/theme.css?ln=primefaces-sipse HTTP/1.1" 304 -
201.245.192.253 - - [29/Sep/2023:14:28:35 -0500] "GET /sipse/faces/javax.faces.resource/primefaces.css?ln=primefaces&v=4.0 HTTP/1.1" 304 -
201.245.192.253 - - [29/Sep/2023:14:28:35 -0500] "GET /sipse/faces/javax.faces.resource/layout/layout.css?ln=primefaces&v=4.0 HTTP/1.1" 304 -
201.245.192.253 - - [29/Sep/2023:14:28:35 -0500] "GET /sipse/faces/javax.faces.resource/jquery/jquery-plugins.js?ln=primefaces&v=4.0 HTTP/1.1" 304 -
201.245.192.253 - - [29/Sep/2023:14:28:35 -0500] "GET /sipse/faces/javax.faces.resource/jquery/jquery.js?ln=primefaces&v=4.0 HTTP/1.1" 304 -
201.245.192.253 - - [29/Sep/2023:14:28:35 -0500] "GET /sipse/faces/javax.faces.resource/primefaces.js?ln=primefaces&v=4.0 HTTP/1.1" 304 -
201.245.192.253 - - [29/Sep/2023:14:28:35 -0500] "GET /sipse/faces/javax.faces.resource/layout/layout.js?ln=primefaces&v=4.0 HTTP/1.1" 304 -
172.22.2.4 - - [29/Sep/2023:14:28:40 -0500] "GET /BLA/boletinlegal/consulta_actos.php?tipo=autos&no=3114&usuario=&sector=&fecha=2023&resuelve= HTTP/1.1" 200 1119
186.31.173.154 - - [29/Sep/2023:14:28:40 -0500] "POST /sipse/faces/presentacion/financiero/solicitudProceso/consultarSolicitudProceso.xhtml HTTP/1.1" 200 164049
186.31.173.154 - - [29/Sep/2023:14:28:48 -0500] "POST /sipse/faces/presentacion/financiero/solicitudProceso/consultarSolicitudProceso.xhtml HTTP/1.1" 200 182546
201.245.192.253 - - [29/Sep/2023:14:28:52 -0500] "POST /forms/lservlet;jsessionid=ac16012b30d6619814261ab448b5b9b081ec43f14b45.e3iSbxaKaheRe34Pbx8Nc3aQci1ynknvrkLOlQzNp65In0 HTTP/1.1" 200 2
186.31.173.154 - - [29/Sep/2023:14:28:53 -0500] "POST /sipse/faces/presentacion/financiero/solicitudProceso/consultarSolicitudProceso.xhtml HTTP/1.1" 200 204291
201.245.192.253 - - [29/Sep/2023:14:28:55 -0500] "GET /sipse/faces/javax.faces.resource/theme.css?ln=primefaces-sipse HTTP/1.1" 304 -
201.245.192.253 - - [29/Sep/2023:14:28:55 -0500] "GET /sipse/faces/javax.faces.resource/layout/layout.css?ln=primefaces&v=4.0 HTTP/1.1" 304 -
201.245.192.253 - - [29/Sep/2023:14:28:55 -0500] "GET /sipse/faces/javax.faces.resource/primefaces.css?ln=primefaces&v=4.0 HTTP/1.1" 304 -
201.245.192.253 - - [29/Sep/2023:14:28:55 -0500] "GET /sipse/faces/javax.faces.resource/jquery/jquery.js?ln=primefaces&v=4.0 HTTP/1.1" 304 -
201.245.192.253 - - [29/Sep/2023:14:28:55 -0500] "GET /sipse/faces/javax.faces.resource/jquery/jquery-plugins.js?ln=primefaces&v=4.0 HTTP/1.1" 304 -
201.245.192.253 - - [29/Sep/2023:14:28:55 -0500] "GET /sipse/faces/javax.faces.resource/primefaces.js?ln=primefaces&v=4.0 HTTP/1.1" 304 -
201.245.192.253 - - [29/Sep/2023:14:28:55 -0500] "GET /sipse/faces/javax.faces.resource/layout/layout.js?ln=primefaces&v=4.0 HTTP/1.1" 304 -
201.245.192.253 - - [29/Sep/2023:14:28:55 -0500] "POST /sipse/faces/presentacion/financiero/solicitudProceso/consultarHistorialSolProceso.xhtml HTTP/1.1" 200 167729
201.245.192.253 - - [29/Sep/2023:14:28:56 -0500] "GET /sipse/faces/javax.faces.resource/dynamiccontent.properties?ln=primefaces&pfdrid=XjOR5%2F%2FfPAZAuY9TpWQeCiM0BhlXxYRBGKi%2FQcXXfeA%3D&pfdrid_c=false HTTP/1.1" 500 383
216.244.66.195 - - [29/Sep/2023:14:28:57 -0500] "GET /BLA/resoluciones/AUTOS%202010/6177.pdf HTTP/1.1" 200 215219
186.31.173.154 - - [29/Sep/2023:14:28:58 -0500] "POST /sipse/faces/presentacion/financiero/solicitudProceso/consultarSolicitudProceso.xhtml HTTP/1.1" 200 183093
201.245.192.253 - - [29/Sep/2023:14:28:58 -0500] "POST /sipse/faces/presentacion/financiero/solicitudProceso/consultarSolicitudProceso.xhtml HTTP/1.1" 200 68369
201.245.192.253 - - [29/Sep/2023:14:28:59 -0500] "GET /sipse/faces/javax.faces.resource/theme.css?ln=primefaces-sipse HTTP/1.1" 304 -
201.245.192.253 - - [29/Sep/2023:14:28:59 -0500] "GET /sipse/faces/javax.faces.resource/jquery/jquery.js?ln=primefaces&v=4.0 HTTP/1.1" 304 -
201.245.192.253 - - [29/Sep/2023:14:28:59 -0500] "GET /sipse/faces/javax.faces.resource/primefaces.css?ln=primefaces&v=4.0 HTTP/1.1" 304 -
201.245.192.253 - - [29/Sep/2023:14:28:59 -0500] "GET /sipse/faces/javax.faces.resource/layout/layout.css?ln=primefaces&v=4.0 HTTP/1.1" 304 -
201.245.192.253 - - [29/Sep/2023:14:28:59 -0500] "GET /sipse/faces/javax.faces.resource/jquery/jquery-plugins.js?ln=primefaces&v=4.0 HTTP/1.1" 304 -
201.245.192.253 - - [29/Sep/2023:14:28:59 -0500] "GET /sipse/faces/javax.faces.resource/primefaces.js?ln=primefaces&v=4.0 HTTP/1.1" 304 -
201.245.192.253 - - [29/Sep/2023:14:28:59 -0500] "GET /sipse/faces/javax.faces.resource/layout/layout.js?ln=primefaces&v=4.0 HTTP/1.1" 304 -
201.245.192.253 - - [29/Sep/2023:14:29:00 -0500] "POST /sipse/faces/presentacion/financiero/solicitudProceso/listarSolicitudProceso.xhtml HTTP/1.1" 200 1552
201.245.192.253 - - [29/Sep/2023:14:29:00 -0500] "POST /sipse/faces/presentacion/financiero/solicitudProceso/listarSolicitudProceso.xhtml HTTP/1.1" 200 1548
186.31.173.154 - - [29/Sep/2023:14:29:02 -0500] "POST /sipse/faces/presentacion/financiero/solicitudProceso/consultarSolicitudProceso.xhtml HTTP/1.1" 200 41693
201.245.192.253 - - [29/Sep/2023:14:29:03 -0500] "POST /sipse/faces/presentacion/financiero/solicitudProceso/listarSolicitudProceso.xhtml HTTP/1.1" 200 16923
201.245.192.253 - - [29/Sep/2023:14:29:06 -0500] "POST /sipse/faces/presentacion/financiero/solicitudProceso/listarSolicitudProceso.xhtml HTTP/1.1" 200 122003
201.245.192.253 - - [29/Sep/2023:14:29:07 -0500] "GET /sipse/faces/javax.faces.resource/primefaces.css?ln=primefaces&v=4.0 HTTP/1.1" 304 -
201.245.192.253 - - [29/Sep/2023:14:29:07 -0500] "GET /sipse/faces/javax.faces.resource/theme.css?ln=primefaces-sipse HTTP/1.1" 304 -
201.245.192.253 - - [29/Sep/2023:14:29:07 -0500] "GET /sipse/faces/javax.faces.resource/layout/layout.css?ln=primefaces&v=4.0 HTTP/1.1" 304 -
201.245.192.253 - - [29/Sep/2023:14:29:07 -0500] "GET /sipse/faces/javax.faces.resource/jquery/jquery.js?ln=primefaces&v=4.0 HTTP/1.1" 304 -
201.245.192.253 - - [29/Sep/2023:14:29:07 -0500] "GET /sipse/faces/javax.faces.resource/jquery/jquery-plugins.js?ln=primefaces&v=4.0 HTTP/1.1" 304 -
201.245.192.253 - - [29/Sep/2023:14:29:07 -0500] "GET /sipse/faces/javax.faces.resource/primefaces.js?ln=primefaces&v=4.0 HTTP/1.1" 304 -
201.245.192.253 - - [29/Sep/2023:14:29:07 -0500] "GET /sipse/faces/javax.faces.resource/layout/layout.js?ln=primefaces&v=4.0 HTTP/1.1" 304 -
201.245.192.253 - - [29/Sep/2023:14:29:07 -0500] "GET /sipse/faces/javax.faces.resource/dynamiccontent.properties?ln=primefaces&pfdrid=XjOR5%2F%2FfPAZAuY9TpWQeCiM0BhlXxYRBGKi%2FQcXXfeA%3D&pfdrid_c=false HTTP/1.1" 500 383
201.245.192.253 - - [29/Sep/2023:14:29:09 -0500] "POST /sipse/faces/presentacion/financiero/solicitudProceso/consultarSolicitudProceso.xhtml HTTP/1.1" 200 29679
201.245.192.253 - - [29/Sep/2023:14:29:09 -0500] "GET /sipse/faces/javax.faces.resource/primefaces.css?ln=primefaces&v=4.0 HTTP/1.1" 304 -
201.245.192.253 - - [29/Sep/2023:14:29:09 -0500] "GET /sipse/faces/javax.faces.resource/theme.css?ln=primefaces-sipse HTTP/1.1" 304 -
201.245.192.253 - - [29/Sep/2023:14:29:09 -0500] "GET /sipse/faces/javax.faces.resource/jquery/jquery.js?ln=primefaces&v=4.0 HTTP/1.1" 304 -
201.245.192.253 - - [29/Sep/2023:14:29:09 -0500] "GET /sipse/faces/javax.faces.resource/layout/layout.css?ln=primefaces&v=4.0 HTTP/1.1" 304 -
201.245.192.253 - - [29/Sep/2023:14:29:09 -0500] "GET /sipse/faces/javax.faces.resource/jquery/jquery-plugins.js?ln=primefaces&v=4.0 HTTP/1.1" 304 -
201.245.192.253 - - [29/Sep/2023:14:29:09 -0500] "GET /sipse/faces/javax.faces.resource/primefaces.js?ln=primefaces&v=4.0 HTTP/1.1" 304 -
201.245.192.253 - - [29/Sep/2023:14:29:09 -0500] "GET /sipse/faces/javax.faces.resource/layout/layout.js?ln=primefaces&v=4.0 HTTP/1.1" 304 -
186.31.173.154 - - [29/Sep/2023:14:29:10 -0500] "POST /sipse/faces/presentacion/financiero/solicitudProceso/consultarSolicitudProceso.xhtml HTTP/1.1" 200 1318127
201.245.192.253 - - [29/Sep/2023:14:29:15 -0500] "POST /sipse/faces/presentacion/financiero/solicitudProceso/consultarHistorialSolProceso.xhtml HTTP/1.1" 200 167797
201.245.192.253 - - [29/Sep/2023:14:29:16 -0500] "GET /sipse/faces/javax.faces.resource/theme.css?ln=primefaces-sipse HTTP/1.1" 304 -
201.245.192.253 - - [29/Sep/2023:14:29:16 -0500] "GET /sipse/faces/javax.faces.resource/primefaces.css?ln=primefaces&v=4.0 HTTP/1.1" 304 -
201.245.192.253 - - [29/Sep/2023:14:29:16 -0500] "GET /sipse/faces/javax.faces.resource/layout/layout.css?ln=primefaces&v=4.0 HTTP/1.1" 304 -
201.245.192.253 - - [29/Sep/2023:14:29:16 -0500] "GET /sipse/faces/javax.faces.resource/jquery/jquery.js?ln=primefaces&v=4.0 HTTP/1.1" 304 -
201.245.192.253 - - [29/Sep/2023:14:29:16 -0500] "GET /sipse/faces/javax.faces.resource/primefaces.js?ln=primefaces&v=4.0 HTTP/1.1" 304 -
201.245.192.253 - - [29/Sep/2023:14:29:16 -0500] "GET /sipse/faces/javax.faces.resource/jquery/jquery-plugins.js?ln=primefaces&v=4.0 HTTP/1.1" 304 -
201.245.192.253 - - [29/Sep/2023:14:29:16 -0500] "GET /sipse/faces/javax.faces.resource/layout/layout.js?ln=primefaces&v=4.0 HTTP/1.1" 304 -
201.245.192.253 - - [29/Sep/2023:14:29:16 -0500] "GET /sipse/faces/javax.faces.resource/dynamiccontent.properties?ln=primefaces&pfdrid=XjOR5%2F%2FfPAZAuY9TpWQeCiM0BhlXxYRBGKi%2FQcXXfeA%3D&pfdrid_c=false HTTP/1.1" 500 383
172.22.2.4 - - [29/Sep/2023:14:29:18 -0500] "GET /BLA/boletinlegal/js/jquery.js HTTP/1.1" 200 57254
201.245.192.253 - - [29/Sep/2023:14:29:19 -0500] "POST /sipse/faces/presentacion/financiero/solicitudProceso/consultarSolicitudProceso.xhtml HTTP/1.1" 200 68369
201.245.192.253 - - [29/Sep/2023:14:29:20 -0500] "GET /sipse/faces/javax.faces.resource/theme.css?ln=primefaces-sipse HTTP/1.1" 304 -
201.245.192.253 - - [29/Sep/2023:14:29:20 -0500] "GET /sipse/faces/javax.faces.resource/primefaces.css?ln=primefaces&v=4.0 HTTP/1.1" 304 -
201.245.192.253 - - [29/Sep/2023:14:29:20 -0500] "GET /sipse/faces/javax.faces.resource/layout/layout.css?ln=primefaces&v=4.0 HTTP/1.1" 304 -
201.245.192.253 - - [29/Sep/2023:14:29:20 -0500] "GET /sipse/faces/javax.faces.resource/jquery/jquery-plugins.js?ln=primefaces&v=4.0 HTTP/1.1" 304 -
201.245.192.253 - - [29/Sep/2023:14:29:20 -0500] "GET /sipse/faces/javax.faces.resource/jquery/jquery.js?ln=primefaces&v=4.0 HTTP/1.1" 304 -
201.245.192.253 - - [29/Sep/2023:14:29:20 -0500] "GET /sipse/faces/javax.faces.resource/primefaces.js?ln=primefaces&v=4.0 HTTP/1.1" 304 -
201.245.192.253 - - [29/Sep/2023:14:29:20 -0500] "GET /sipse/faces/javax.faces.resource/layout/layout.js?ln=primefaces&v=4.0 HTTP/1.1" 304 -
201.245.192.253 - - [29/Sep/2023:14:29:20 -0500] "POST /sipse/faces/presentacion/financiero/solicitudProceso/listarSolicitudProceso.xhtml HTTP/1.1" 200 1552
201.245.192.253 - - [29/Sep/2023:14:29:20 -0500] "POST /sipse/faces/presentacion/financiero/solicitudProceso/listarSolicitudProceso.xhtml HTTP/1.1" 200 1548
172.22.2.4 - - [29/Sep/2023:14:27:41 -0500] "GET /BLA/boletinlegal/ HTTP/1.1" 200 56970
201.245.192.253 - - [29/Sep/2023:14:29:22 -0500] "POST /sipse/faces/presentacion/financiero/solicitudProceso/listarSolicitudProceso.xhtml HTTP/1.1" 200 16923
216.244.66.195 - - [29/Sep/2023:14:29:24 -0500] "GET /BLA/resoluciones/AUTOS%202010/6565.pdf HTTP/1.1" 200 150395
201.245.192.253 - - [29/Sep/2023:14:29:25 -0500] "POST /sipse/faces/presentacion/financiero/solicitudProceso/listarSolicitudProceso.xhtml HTTP/1.1" 200 121843
201.245.192.253 - - [29/Sep/2023:14:29:26 -0500] "GET /sipse/faces/javax.faces.resource/theme.css?ln=primefaces-sipse HTTP/1.1" 304 -
201.245.192.253 - - [29/Sep/2023:14:29:26 -0500] "GET /sipse/faces/javax.faces.resource/primefaces.css?ln=primefaces&v=4.0 HTTP/1.1" 304 -
201.245.192.253 - - [29/Sep/2023:14:29:26 -0500] "GET /sipse/faces/javax.faces.resource/layout/layout.css?ln=primefaces&v=4.0 HTTP/1.1" 304 -
201.245.192.253 - - [29/Sep/2023:14:29:26 -0500] "GET /sipse/faces/javax.faces.resource/jquery/jquery.js?ln=primefaces&v=4.0 HTTP/1.1" 304 -
201.245.192.253 - - [29/Sep/2023:14:29:26 -0500] "GET /sipse/faces/javax.faces.resource/jquery/jquery-plugins.js?ln=primefaces&v=4.0 HTTP/1.1" 304 -
201.245.192.253 - - [29/Sep/2023:14:29:26 -0500] "GET /sipse/faces/javax.faces.resource/primefaces.js?ln=primefaces&v=4.0 HTTP/1.1" 304 -
201.245.192.253 - - [29/Sep/2023:14:29:26 -0500] "GET /sipse/faces/javax.faces.resource/layout/layout.js?ln=primefaces&v=4.0 HTTP/1.1" 304 -
201.245.192.253 - - [29/Sep/2023:14:29:26 -0500] "GET /sipse/faces/javax.faces.resource/dynamiccontent.properties?ln=primefaces&pfdrid=XjOR5%2F%2FfPAZAuY9TpWQeCiM0BhlXxYRBGKi%2FQcXXfeA%3D&pfdrid_c=false HTTP/1.1" 500 383
172.22.2.4 - - [29/Sep/2023:14:29:33 -0500] "GET /BLA/boletinlegal/consulta_actos.php?tipo=autos&no=3176&usuario=&sector=&fecha=2023&resuelve= HTTP/1.1" 200 1136
216.244.66.195 - - [29/Sep/2023:14:29:51 -0500] "GET /BLA/resoluciones/AUTOS%202010/6617.pdf HTTP/1.1" 200 154505
186.31.173.154 - - [29/Sep/2023:14:30:16 -0500] "POST /sipse/faces/presentacion/financiero/solicitudProceso/consultarSolicitudProceso.xhtml HTTP/1.1" 200 41693
216.244.66.195 - - [29/Sep/2023:14:30:17 -0500] "GET /BLA/resoluciones/AUTOS%202010/6706.pdf HTTP/1.1" 200 189679
186.31.173.154 - - [29/Sep/2023:14:30:21 -0500] "POST /sipse/faces/presentacion/financiero/solicitudProceso/consultarSolicitudProceso.xhtml HTTP/1.1" 200 1318127
186.84.90.99 - - [29/Sep/2023:14:30:31 -0500] "POST /sipse/faces/presentacion/financiero/solicitudProceso/listarSolicitudProceso.xhtml HTTP/1.1" 302 -
186.84.90.99 - - [29/Sep/2023:14:30:31 -0500] "GET /sipse/faces/autenticacion.xhtml HTTP/1.1" 200 1099
186.84.90.99 - - [29/Sep/2023:14:30:31 -0500] "POST /sipse/faces/presentacion/financiero/solicitudProceso/listarSolicitudProceso.xhtml HTTP/1.1" 302 -
186.84.90.99 - - [29/Sep/2023:14:30:31 -0500] "GET /sipse/faces/autenticacion.xhtml HTTP/1.1" 200 1099
186.84.90.99 - - [29/Sep/2023:14:30:34 -0500] "POST /sipse/faces/presentacion/financiero/solicitudProceso/listarSolicitudProceso.xhtml HTTP/1.1" 302 -
186.84.90.99 - - [29/Sep/2023:14:30:34 -0500] "GET /sipse/faces/autenticacion.xhtml HTTP/1.1" 200 1099
186.84.90.99 - - [29/Sep/2023:14:30:34 -0500] "POST /sipse/faces/presentacion/financiero/solicitudProceso/listarSolicitudProceso.xhtml HTTP/1.1" 302 -
186.84.90.99 - - [29/Sep/2023:14:30:34 -0500] "GET /sipse/faces/autenticacion.xhtml HTTP/1.1" 200 1099
216.244.66.195 - - [29/Sep/2023:14:30:41 -0500] "GET /BLA/resoluciones/AUTOS%202011/3477.pdf HTTP/1.1" 200 217347
186.84.90.99 - - [29/Sep/2023:14:30:42 -0500] "GET /sipse/faces/index.xhtml HTTP/1.1" 200 677
186.84.90.99 - - [29/Sep/2023:14:30:42 -0500] "GET /sipse/faces/javax.faces.resource/theme.css?ln=primefaces-sipse HTTP/1.1" 304 -
186.84.90.99 - - [29/Sep/2023:14:30:42 -0500] "GET /sipse/faces/faces/autenticacion.xhtml HTTP/1.1" 200 12416
186.84.90.99 - - [29/Sep/2023:14:30:42 -0500] "GET /sipse/faces/javax.faces.resource/theme.css?ln=primefaces-sipse HTTP/1.1" 304 -
186.84.90.99 - - [29/Sep/2023:14:30:42 -0500] "GET /sipse/faces/javax.faces.resource/primefaces.css?ln=primefaces&v=4.0 HTTP/1.1" 304 -
186.84.90.99 - - [29/Sep/2023:14:30:42 -0500] "GET /sipse/faces/javax.faces.resource/layout/layout.css?ln=primefaces&v=4.0 HTTP/1.1" 304 -
186.84.90.99 - - [29/Sep/2023:14:30:43 -0500] "GET /sipse/faces/javax.faces.resource/jquery/jquery.js?ln=primefaces&v=4.0 HTTP/1.1" 304 -
186.84.90.99 - - [29/Sep/2023:14:30:43 -0500] "GET /sipse/faces/javax.faces.resource/primefaces.js?ln=primefaces&v=4.0 HTTP/1.1" 304 -
186.84.90.99 - - [29/Sep/2023:14:30:43 -0500] "GET /sipse/faces/javax.faces.resource/layout/layout.js?ln=primefaces&v=4.0 HTTP/1.1" 304 -
186.84.90.99 - - [29/Sep/2023:14:30:43 -0500] "GET /sipse/faces/javax.faces.resource/jquery/jquery-plugins.js?ln=primefaces&v=4.0 HTTP/1.1" 304 -
186.84.90.99 - - [29/Sep/2023:14:30:43 -0500] "GET /sipse/faces/javax.faces.resource/images/ui-icons_898989_256x240.png?ln=primefaces-aristo HTTP/1.1" 304 -
186.84.90.99 - - [29/Sep/2023:14:30:46 -0500] "POST /sipse/faces/autenticacion.xhtml HTTP/1.1" 200 16837
186.84.90.99 - - [29/Sep/2023:14:30:47 -0500] "GET /sipse/faces/javax.faces.resource/theme.css?ln=primefaces-sipse HTTP/1.1" 304 -
186.84.90.99 - - [29/Sep/2023:14:30:47 -0500] "GET /sipse/faces/javax.faces.resource/layout/layout.css?ln=primefaces&v=4.0 HTTP/1.1" 304 -
186.84.90.99 - - [29/Sep/2023:14:30:47 -0500] "GET /sipse/faces/javax.faces.resource/primefaces.css?ln=primefaces&v=4.0 HTTP/1.1" 304 -
186.84.90.99 - - [29/Sep/2023:14:30:47 -0500] "GET /sipse/faces/javax.faces.resource/jquery/jquery.js?ln=primefaces&v=4.0 HTTP/1.1" 304 -
186.84.90.99 - - [29/Sep/2023:14:30:47 -0500] "GET /sipse/faces/javax.faces.resource/jquery/jquery-plugins.js?ln=primefaces&v=4.0 HTTP/1.1" 304 -
186.84.90.99 - - [29/Sep/2023:14:30:47 -0500] "GET /sipse/faces/javax.faces.resource/primefaces.js?ln=primefaces&v=4.0 HTTP/1.1" 304 -
186.84.90.99 - - [29/Sep/2023:14:30:47 -0500] "GET /sipse/faces/javax.faces.resource/layout/layout.js?ln=primefaces&v=4.0 HTTP/1.1" 304 -
186.84.90.99 - - [29/Sep/2023:14:30:47 -0500] "GET /sipse/css/imagen/contrasena.png HTTP/1.1" 404 383
186.84.90.99 - - [29/Sep/2023:14:30:47 -0500] "GET /sipse/faces/javax.faces.resource/messages/messages.png?ln=primefaces&v=4.0 HTTP/1.1" 304 -
186.84.90.99 - - [29/Sep/2023:14:30:48 -0500] "GET /sipse/faces/javax.faces.resource/images/ui-bg_flat_0_2d5972_40x100.png?ln=primefaces-aristo HTTP/1.1" 304 -
186.84.90.99 - - [29/Sep/2023:14:30:48 -0500] "POST /sipse/faces/bienvenido.xhtml HTTP/1.1" 200 1471
186.84.90.99 - - [29/Sep/2023:14:30:49 -0500] "POST /sipse/faces/bienvenido.xhtml HTTP/1.1" 200 35028
186.84.90.99 - - [29/Sep/2023:14:30:50 -0500] "GET /sipse/faces/javax.faces.resource/theme.css?ln=primefaces-sipse HTTP/1.1" 304 -
186.84.90.99 - - [29/Sep/2023:14:30:50 -0500] "GET /sipse/faces/javax.faces.resource/primefaces.css?ln=primefaces&v=4.0 HTTP/1.1" 304 -
186.84.90.99 - - [29/Sep/2023:14:30:50 -0500] "GET /sipse/faces/javax.faces.resource/layout/layout.css?ln=primefaces&v=4.0 HTTP/1.1" 304 -
186.84.90.99 - - [29/Sep/2023:14:30:50 -0500] "GET /sipse/faces/javax.faces.resource/jquery/jquery.js?ln=primefaces&v=4.0 HTTP/1.1" 304 -
186.84.90.99 - - [29/Sep/2023:14:30:50 -0500] "GET /sipse/faces/javax.faces.resource/jquery/jquery-plugins.js?ln=primefaces&v=4.0 HTTP/1.1" 304 -
186.84.90.99 - - [29/Sep/2023:14:30:50 -0500] "GET /sipse/faces/javax.faces.resource/primefaces.js?ln=primefaces&v=4.0 HTTP/1.1" 304 -
186.84.90.99 - - [29/Sep/2023:14:30:50 -0500] "GET /sipse/faces/javax.faces.resource/layout/layout.js?ln=primefaces&v=4.0 HTTP/1.1" 304 -
186.84.90.99 - - [29/Sep/2023:14:30:50 -0500] "POST /sipse/faces/presentacion/financiero/solicitudProceso/listarSolicitudProceso.xhtml HTTP/1.1" 200 1404
201.245.192.253 - - [29/Sep/2023:14:30:52 -0500] "POST /forms/lservlet;jsessionid=ac16012b30d6619814261ab448b5b9b081ec43f14b45.e3iSbxaKaheRe34Pbx8Nc3aQci1ynknvrkLOlQzNp65In0 HTTP/1.1" 200 2
172.22.2.4 - - [29/Sep/2023:14:31:01 -0500] "GET /BLA/boletinlegal/consulta_actos.php?tipo=autos&no=3181&usuario=&sector=&fecha=2023&resuelve= HTTP/1.1" 200 1121
216.244.66.195 - - [29/Sep/2023:14:31:04 -0500] "GET /BLA/resoluciones/AUTOS%202011/3945.pdf HTTP/1.1" 200 237317
216.244.66.195 - - [29/Sep/2023:14:31:26 -0500] "GET /BLA/resoluciones/RESOLUCIONES%202016/0301.pdf HTTP/1.1" 200 459824
201.245.192.253 - - [29/Sep/2023:14:31:31 -0500] "POST /kwsrmcab/Wsrmcab  HTTP/1.1" 200 43477
172.22.2.4 - - [29/Sep/2023:14:31:37 -0500] "GET /BLA/boletinlegal/consulta_actos.php?tipo=autos&no=3184&usuario=&sector=&fecha=2023&resuelve= HTTP/1.1" 200 1138
40.77.167.3 - - [29/Sep/2023:14:31:40 -0500] "GET /BLA/resoluciones/RESOLUCIONES%202021/3118.pdf HTTP/1.1" 200 346833
216.245.221.92 - - [29/Sep/2023:14:31:43 -0500] "HEAD / HTTP/1.1" 200 -
216.244.66.195 - - [29/Sep/2023:14:31:48 -0500] "GET /BLA/resoluciones/RESOLUCIONES%202016/1332.pdf HTTP/1.1" 200 342073
172.22.2.4 - - [29/Sep/2023:14:31:58 -0500] "GET /BLA/boletinlegal/favicon.ico HTTP/1.1" 404 1038
172.22.2.4 - - [29/Sep/2023:14:32:00 -0500] "GET /BLA/boletinlegal/consulta_actos.php?tipo=autos&no=3187&usuario=&sector=&fecha=2023&resuelve= HTTP/1.1" 200 1128
186.31.173.154 - - [29/Sep/2023:14:32:07 -0500] "POST /sipse/faces/presentacion/financiero/solicitudProceso/consultarSolicitudProceso.xhtml HTTP/1.1" 200 41693
216.244.66.195 - - [29/Sep/2023:14:32:08 -0500] "GET /BLA/resoluciones/RESOLUCIONES%202016/1468.pdf HTTP/1.1" 200 267239
216.244.66.195 - - [29/Sep/2023:14:32:28 -0500] "GET /BLA/resoluciones/RESOLUCIONES%202016/1576.pdf HTTP/1.1" 200 507749
172.22.2.4 - - [29/Sep/2023:14:32:45 -0500] "GET /BLA/boletinlegal/consulta_actos.php?tipo=autos&no=3196&usuario=&sector=&fecha=2023&resuelve= HTTP/1.1" 200 1129
66.249.73.106 - - [29/Sep/2023:14:32:45 -0500] "GET /BLA/resoluciones/RESOLUCIONES%202010/3174.pdf HTTP/1.1" 200 509883
66.249.73.104 - - [29/Sep/2023:14:32:46 -0500] "GET /BLA/resoluciones/AUTOS%202016/0544.pdf HTTP/1.1" 200 439960
216.244.66.195 - - [29/Sep/2023:14:32:46 -0500] "GET /BLA/resoluciones/RESOLUCIONES%202016/2171.pdf HTTP/1.1" 200 284626
66.249.73.106 - - [29/Sep/2023:14:32:47 -0500] "GET /BLA/resoluciones/AUTOS%202014/5432.pdf HTTP/1.1" 200 457396
66.249.73.105 - - [29/Sep/2023:14:32:47 -0500] "GET /BLA/resoluciones/AUTOS%202011/4057.pdf HTTP/1.1" 200 253489
66.249.73.106 - - [29/Sep/2023:14:32:48 -0500] "GET /BLA/resoluciones/RESOLUCIONES%202010/7234.pdf HTTP/1.1" 200 399253
66.249.73.105 - - [29/Sep/2023:14:32:48 -0500] "GET /BLA/resoluciones/RESOLUCIONES%202009/5421.pdf HTTP/1.1" 200 534949
66.249.73.105 - - [29/Sep/2023:14:32:49 -0500] "GET /BLA/resoluciones/RESOLUCIONES%202007/RES%202007%202301%20AL%202400/RESOLUCION%202332%20DE%202007.pdf HTTP/1.1" 200 196836
201.245.192.253 - - [29/Sep/2023:14:32:52 -0500] "POST /forms/lservlet;jsessionid=ac16012b30d6619814261ab448b5b9b081ec43f14b45.e3iSbxaKaheRe34Pbx8Nc3aQci1ynknvrkLOlQzNp65In0 HTTP/1.1" 200 2
191.156.184.47 - - [29/Sep/2023:14:32:57 -0500] "POST /sipse/faces/presentacion/financiero/solicitudProceso/consultarSolicitudProceso.xhtml HTTP/1.1" 200 41693
216.244.66.195 - - [29/Sep/2023:14:33:03 -0500] "GET /BLA/resoluciones/RESOLUCIONES%202016/2186.pdf HTTP/1.1" 200 1120858
186.84.90.99 - - [29/Sep/2023:14:33:08 -0500] "POST /sipse/faces/presentacion/financiero/solicitudProceso/listarSolicitudProceso.xhtml HTTP/1.1" 200 116431
186.84.90.99 - - [29/Sep/2023:14:33:08 -0500] "GET /sipse/faces/javax.faces.resource/theme.css?ln=primefaces-sipse HTTP/1.1" 304 -
186.84.90.99 - - [29/Sep/2023:14:33:08 -0500] "GET /sipse/faces/javax.faces.resource/primefaces.css?ln=primefaces&v=4.0 HTTP/1.1" 304 -
186.84.90.99 - - [29/Sep/2023:14:33:09 -0500] "GET /sipse/faces/javax.faces.resource/layout/layout.css?ln=primefaces&v=4.0 HTTP/1.1" 304 -
186.84.90.99 - - [29/Sep/2023:14:33:09 -0500] "GET /sipse/faces/javax.faces.resource/jquery/jquery.js?ln=primefaces&v=4.0 HTTP/1.1" 304 -
186.84.90.99 - - [29/Sep/2023:14:33:09 -0500] "GET /sipse/faces/javax.faces.resource/jquery/jquery-plugins.js?ln=primefaces&v=4.0 HTTP/1.1" 304 -
186.84.90.99 - - [29/Sep/2023:14:33:09 -0500] "GET /sipse/faces/javax.faces.resource/primefaces.js?ln=primefaces&v=4.0 HTTP/1.1" 304 -
186.84.90.99 - - [29/Sep/2023:14:33:09 -0500] "GET /sipse/faces/javax.faces.resource/layout/layout.js?ln=primefaces&v=4.0 HTTP/1.1" 304 -
186.84.90.99 - - [29/Sep/2023:14:33:09 -0500] "GET /sipse/faces/javax.faces.resource/dynamiccontent.properties?ln=primefaces&pfdrid=XjOR5%2F%2FfPAZAuY9TpWQeCiM0BhlXxYRBGKi%2FQcXXfeA%3D&pfdrid_c=false HTTP/1.1" 500 383
186.84.90.99 - - [29/Sep/2023:14:33:16 -0500] "POST /sipse/faces/presentacion/financiero/solicitudProceso/consultarSolicitudProceso.xhtml HTTP/1.1" 200 30261
186.84.90.99 - - [29/Sep/2023:14:33:16 -0500] "GET /sipse/faces/javax.faces.resource/theme.css?ln=primefaces-sipse HTTP/1.1" 304 -
186.84.90.99 - - [29/Sep/2023:14:33:16 -0500] "GET /sipse/faces/javax.faces.resource/primefaces.css?ln=primefaces&v=4.0 HTTP/1.1" 304 -
186.84.90.99 - - [29/Sep/2023:14:33:16 -0500] "GET /sipse/faces/javax.faces.resource/jquery/jquery.js?ln=primefaces&v=4.0 HTTP/1.1" 304 -
186.84.90.99 - - [29/Sep/2023:14:33:16 -0500] "GET /sipse/faces/javax.faces.resource/layout/layout.css?ln=primefaces&v=4.0 HTTP/1.1" 304 -
