186.154.185.163 - - [29/Sep/2023:12:37:54 -0500] "GET /sipse/faces/javax.faces.resource/images/ui-icons_898989_256x240.png?ln=primefaces-aristo HTTP/1.1" 304 -
186.154.185.163 - - [29/Sep/2023:12:37:57 -0500] "POST /sipse/faces/autenticacion.xhtml HTTP/1.1" 200 2217
186.154.185.163 - - [29/Sep/2023:12:37:57 -0500] "GET /sipse/faces/javax.faces.resource/messages/messages.png?ln=primefaces&v=4.0 HTTP/1.1" 200 27209
186.154.185.163 - - [29/Sep/2023:12:37:59 -0500] "POST /sipse/faces/autenticacion.xhtml HTTP/1.1" 200 16398
186.154.185.163 - - [29/Sep/2023:12:37:59 -0500] "GET /sipse/css/custom_css_sg_prime.css HTTP/1.1" 200 5201
186.154.185.163 - - [29/Sep/2023:12:37:59 -0500] "GET /sipse/js/jquery.min.js HTTP/1.1" 200 85582
186.154.185.163 - - [29/Sep/2023:12:38:00 -0500] "GET /sipse/faces/javax.faces.resource/jquery/jquery.js?ln=primefaces&v=4.0 HTTP/1.1" 304 -
186.154.185.163 - - [29/Sep/2023:12:38:00 -0500] "GET /sipse/faces/javax.faces.resource/jquery/jquery-plugins.js?ln=primefaces&v=4.0 HTTP/1.1" 304 -
186.154.185.163 - - [29/Sep/2023:12:38:00 -0500] "GET /sipse/faces/javax.faces.resource/primefaces.js?ln=primefaces&v=4.0 HTTP/1.1" 304 -
186.154.185.163 - - [29/Sep/2023:12:38:00 -0500] "GET /sipse/faces/javax.faces.resource/layout/layout.js?ln=primefaces&v=4.0 HTTP/1.1" 304 -
186.154.185.163 - - [29/Sep/2023:12:38:00 -0500] "GET /sipse/css/v_mergente.css HTTP/1.1" 200 1505
186.154.185.163 - - [29/Sep/2023:12:38:00 -0500] "GET /sipse/imagenes/cargando.gif HTTP/1.1" 200 36959
186.154.185.163 - - [29/Sep/2023:12:38:01 -0500] "GET /sipse/css/imagen/contrasena.png HTTP/1.1" 404 383
186.154.185.163 - - [29/Sep/2023:12:38:00 -0500] "GET /sipse/imagenes/logoAplicacion.jpg HTTP/1.1" 200 155084
216.244.66.195 - - [29/Sep/2023:12:38:02 -0500] "GET /BLA/resoluciones/RESOLUCIONES%202021/0094.pdf HTTP/1.1" 200 1434622
186.154.185.163 - - [29/Sep/2023:12:38:03 -0500] "GET /sipse/faces/javax.faces.resource/images/ui-bg_flat_0_2d5972_40x100.png?ln=primefaces-aristo HTTP/1.1" 200 183
186.154.185.163 - - [29/Sep/2023:12:38:03 -0500] "POST /sipse/faces/bienvenido.xhtml HTTP/1.1" 200 2073
186.154.185.163 - - [29/Sep/2023:12:38:04 -0500] "POST /sipse/faces/bienvenido.xhtml HTTP/1.1" 200 39041
186.154.185.163 - - [29/Sep/2023:12:38:05 -0500] "GET /sipse/faces/javax.faces.resource/jquery/jquery.js?ln=primefaces&v=4.0 HTTP/1.1" 304 -
186.154.185.163 - - [29/Sep/2023:12:38:05 -0500] "GET /sipse/faces/javax.faces.resource/jquery/jquery-plugins.js?ln=primefaces&v=4.0 HTTP/1.1" 304 -
186.154.185.163 - - [29/Sep/2023:12:38:05 -0500] "GET /sipse/faces/javax.faces.resource/primefaces.js?ln=primefaces&v=4.0 HTTP/1.1" 304 -
186.154.185.163 - - [29/Sep/2023:12:38:06 -0500] "GET /sipse/faces/javax.faces.resource/layout/layout.js?ln=primefaces&v=4.0 HTTP/1.1" 304 -
186.154.185.163 - - [29/Sep/2023:12:38:10 -0500] "POST /sipse/faces/presentacion/financiero/solicitudProceso/consultar.xhtml HTTP/1.1" 200 12705
201.245.192.253 - - [29/Sep/2023:12:38:09 -0500] "POST /kwsrmcab/Wsrmcab HTTP/1.1" 200 42136
186.154.185.163 - - [29/Sep/2023:12:38:13 -0500] "POST /sipse/faces/presentacion/financiero/solicitudProceso/consultar.xhtml HTTP/1.1" 200 110326
186.154.185.163 - - [29/Sep/2023:12:38:14 -0500] "GET /sipse/faces/javax.faces.resource/jquery/jquery.js?ln=primefaces&v=4.0 HTTP/1.1" 304 -
186.154.185.163 - - [29/Sep/2023:12:38:14 -0500] "GET /sipse/faces/javax.faces.resource/jquery/jquery-plugins.js?ln=primefaces&v=4.0 HTTP/1.1" 304 -
186.154.185.163 - - [29/Sep/2023:12:38:14 -0500] "GET /sipse/faces/javax.faces.resource/primefaces.js?ln=primefaces&v=4.0 HTTP/1.1" 304 -
201.245.192.253 - - [29/Sep/2023:12:38:12 -0500] "POST /kwsrmcab/Wsrmcab HTTP/1.1" 200 41798
186.154.185.163 - - [29/Sep/2023:12:38:14 -0500] "GET /sipse/faces/javax.faces.resource/layout/layout.js?ln=primefaces&v=4.0 HTTP/1.1" 304 -
186.154.185.163 - - [29/Sep/2023:12:38:19 -0500] "POST /sipse/faces/presentacion/financiero/solicitudProceso/consultarSolicitudProceso.xhtml HTTP/1.1" 200 1498047
172.22.2.4 - - [29/Sep/2023:12:36:51 -0500] "GET /BLA/boletinlegal/ HTTP/1.1" 200 60692
216.244.66.195 - - [29/Sep/2023:12:38:32 -0500] "GET /BLA/resoluciones/RESOLUCIONES%202021/0284.pdf HTTP/1.1" 200 517444
201.245.192.253 - - [29/Sep/2023:12:38:52 -0500] "POST /forms/lservlet;jsessionid=ac16012b30d6619814261ab448b5b9b081ec43f14b45.e3iSbxaKaheRe34Pbx8Nc3aQci1ynknvrkLOlQzNp65In0 HTTP/1.1" 200 2
186.154.185.163 - - [29/Sep/2023:12:38:55 -0500] "POST /sipse/faces/presentacion/financiero/solicitudProceso/consultarSolicitudProceso.xhtml HTTP/1.1" 200 1766914
186.84.90.74 - - [29/Sep/2023:12:39:04 -0500] "OPTIONS /kwssiamovil/sm/setfile/f? HTTP/1.1" 200 13
186.84.90.74 - - [29/Sep/2023:12:39:04 -0500] "POST /kwssiamovil/sm/setfile/f? HTTP/1.1" 200 381
216.244.66.195 - - [29/Sep/2023:12:39:13 -0500] "GET /BLA/resoluciones/RESOLUCIONES%202021/0309.pdf HTTP/1.1" 200 788704
186.155.19.36 - - [29/Sep/2023:12:39:19 -0500] "GET /portaldeninos/wp-content/uploads/useanyfont/uaf.css?ver=1589905315 HTTP/1.1" 200 408
186.155.19.36 - - [29/Sep/2023:12:39:19 -0500] "GET /portaldeninos/wp-content/themes/betheme/style.css?ver=20.9.6 HTTP/1.1" 200 287
186.155.19.36 - - [29/Sep/2023:12:39:19 -0500] "GET /portaldeninos/wp-content/plugins/gallery-videos/CSS/totalsoft.css?ver=4.9.8 HTTP/1.1" 200 40622
186.155.19.36 - - [29/Sep/2023:12:39:19 -0500] "GET /portaldeninos/wp-content/themes/betheme/css/base.css?ver=20.9.6 HTTP/1.1" 200 57283
186.155.19.36 - - [29/Sep/2023:12:39:19 -0500] "GET /portaldeninos/wp-content/plugins/gallery-videos/CSS/Total-Soft-Gallery-Video-Widget.css?ver=4.9.8 HTTP/1.1" 200 51554
186.155.19.36 - - [29/Sep/2023:12:39:19 -0500] "GET /portaldeninos/wp-content/themes/betheme/assets/animations/animations.min.css?ver=20.9.6 HTTP/1.1" 200 58508
186.155.19.36 - - [29/Sep/2023:12:39:19 -0500] "GET /portaldeninos/wp-content/themes/betheme/assets/jplayer/css/jplayer.blue.monday.css?ver=20.9.6 HTTP/1.1" 200 9834
186.155.19.36 - - [29/Sep/2023:12:39:19 -0500] "GET /portaldeninos/wp-content/themes/betheme/assets/ui/jquery.ui.all.css?ver=20.9.6 HTTP/1.1" 200 18765
186.155.19.36 - - [29/Sep/2023:12:39:19 -0500] "GET /portaldeninos/wp-content/plugins/popup-maker/assets/css/site.min.css?ver=1.8.14 HTTP/1.1" 200 8260
186.155.19.36 - - [29/Sep/2023:12:39:19 -0500] "GET /portaldeninos/wp-content/plugins/google-analytics-for-wordpress/assets/js/frontend-gtag.min.js?ver=8.5.0 HTTP/1.1" 200 11801
186.155.19.36 - - [29/Sep/2023:12:39:19 -0500] "GET /portaldeninos/wp-includes/js/jquery/jquery-migrate.min.js?ver=1.4.1 HTTP/1.1" 200 10056
186.155.19.36 - - [29/Sep/2023:12:39:19 -0500] "GET /portaldeninos/wp-content/plugins/google-analytics-for-wordpress/assets/js/frontend-gtag.min.js?ver=8.5.0 HTTP/1.1" 200 11801
186.155.19.36 - - [29/Sep/2023:12:39:18 -0500] "GET /portaldeninos/ HTTP/1.1" 200 110175
186.155.19.36 - - [29/Sep/2023:12:39:19 -0500] "GET /portaldeninos/wp-content/themes/betheme/css/layout.css?ver=20.9.6 HTTP/1.1" 200 116639
186.155.19.36 - - [29/Sep/2023:12:39:19 -0500] "GET /portaldeninos/wp-includes/js/jquery/ui/core.min.js?ver=1.11.4 HTTP/1.1" 200 4000
186.155.19.36 - - [29/Sep/2023:12:39:19 -0500] "GET /portaldeninos/wp-content/plugins/gallery-videos/JS/modernizr.custom.js?ver=4.9.8 HTTP/1.1" 200 9019
186.155.19.36 - - [29/Sep/2023:12:39:19 -0500] "GET /portaldeninos/wp-includes/js/jquery/ui/core.min.js?ver=1.11.4 HTTP/1.1" 200 4000
186.155.19.36 - - [29/Sep/2023:12:39:19 -0500] "GET /portaldeninos/wp-content/themes/betheme/css/shortcodes.css?ver=20.9.6 HTTP/1.1" 200 138889
186.155.19.36 - - [29/Sep/2023:12:39:19 -0500] "GET /portaldeninos/wp-includes/js/wp-emoji-release.min.js?ver=4.9.8 HTTP/1.1" 200 12026
186.155.19.36 - - [29/Sep/2023:12:39:19 -0500] "GET /portaldeninos/wp-includes/js/jquery/jquery-migrate.min.js?ver=1.4.1 HTTP/1.1" 200 10056
186.155.19.36 - - [29/Sep/2023:12:39:19 -0500] "GET /portaldeninos/wp-content/plugins/gallery-videos/JS/modernizr.custom.js?ver=4.9.8 HTTP/1.1" 200 9019
186.155.19.36 - - [29/Sep/2023:12:39:19 -0500] "GET /portaldeninos/wp-content/plugins/gallery-videos/JS/Total-Soft-Gallery-Video-Widget.js?ver=4.9.8 HTTP/1.1" 200 80264
186.155.19.36 - - [29/Sep/2023:12:39:19 -0500] "GET /portaldeninos/wp-includes/js/wp-emoji-release.min.js?ver=4.9.8 HTTP/1.1" 200 12026
186.155.19.36 - - [29/Sep/2023:12:39:19 -0500] "GET /portaldeninos/wp-includes/js/jquery/jquery.js?ver=1.12.4 HTTP/1.1" 200 97184
186.155.19.36 - - [29/Sep/2023:12:39:19 -0500] "GET /portaldeninos/wp-includes/js/jquery/jquery.js?ver=1.12.4 HTTP/1.1" 200 97184
186.155.19.36 - - [29/Sep/2023:12:39:19 -0500] "GET /portaldeninos/wp-content/themes/betheme/css/responsive.css?ver=20.9.6 HTTP/1.1" 200 55740
186.155.19.36 - - [29/Sep/2023:12:39:19 -0500] "GET /portaldeninos/wp-includes/js/jquery/ui/widget.min.js?ver=1.11.4 HTTP/1.1" 200 6908
186.155.19.36 - - [29/Sep/2023:12:39:19 -0500] "GET /portaldeninos/wp-includes/js/jquery/ui/mouse.min.js?ver=1.11.4 HTTP/1.1" 200 3148
186.155.19.36 - - [29/Sep/2023:12:39:19 -0500] "GET /portaldeninos/wp-includes/js/jquery/ui/sortable.min.js?ver=1.11.4 HTTP/1.1" 200 24899
186.155.19.36 - - [29/Sep/2023:12:39:19 -0500] "GET /portaldeninos/wp-content/themes/betheme/assets/animations/animations.min.js?ver=20.9.6 HTTP/1.1" 200 1896
186.155.19.36 - - [29/Sep/2023:12:39:19 -0500] "GET /portaldeninos/wp-content/themes/betheme/js/menu.js?ver=20.9.6 HTTP/1.1" 200 2449
186.155.19.36 - - [29/Sep/2023:12:39:19 -0500] "GET /portaldeninos/wp-includes/js/jquery/ui/accordion.min.js?ver=1.11.4 HTTP/1.1" 200 8584
186.155.19.36 - - [29/Sep/2023:12:39:19 -0500] "GET /portaldeninos/wp-includes/js/jquery/ui/tabs.min.js?ver=1.11.4 HTTP/1.1" 200 12110
186.155.19.36 - - [29/Sep/2023:12:39:20 -0500] "GET /portaldeninos/wp-includes/js/jquery/ui/position.min.js?ver=1.11.4 HTTP/1.1" 200 6527
186.155.19.36 - - [29/Sep/2023:12:39:20 -0500] "GET /portaldeninos/wp-includes/js/wp-embed.min.js?ver=4.9.8 HTTP/1.1" 200 1398
186.155.19.36 - - [29/Sep/2023:12:39:20 -0500] "GET /portaldeninos/wp-includes/js/jquery/ui/widget.min.js?ver=1.11.4 HTTP/1.1" 200 6908
186.155.19.36 - - [29/Sep/2023:12:39:20 -0500] "GET /portaldeninos/wp-content/themes/betheme/js/scripts.js?ver=20.9.6 HTTP/1.1" 200 77162
186.155.19.36 - - [29/Sep/2023:12:39:19 -0500] "GET /portaldeninos/wp-content/themes/betheme/assets/jplayer/jplayer.min.js?ver=20.9.6 HTTP/1.1" 200 52702
186.155.19.36 - - [29/Sep/2023:12:39:20 -0500] "GET /portaldeninos/wp-includes/js/jquery/ui/mouse.min.js?ver=1.11.4 HTTP/1.1" 200 3148
186.155.19.36 - - [29/Sep/2023:12:39:20 -0500] "GET /portaldeninos/wp-content/themes/betheme/js/menu.js?ver=20.9.6 HTTP/1.1" 200 2449
186.155.19.36 - - [29/Sep/2023:12:39:20 -0500] "GET /portaldeninos/wp-content/themes/betheme/assets/animations/animations.min.js?ver=20.9.6 HTTP/1.1" 200 1896
186.155.19.36 - - [29/Sep/2023:12:39:20 -0500] "GET /portaldeninos/wp-includes/js/jquery/ui/tabs.min.js?ver=1.11.4 HTTP/1.1" 200 12110
186.155.19.36 - - [29/Sep/2023:12:39:20 -0500] "GET /portaldeninos/wp-content/uploads/2019/08/Logo-Ambientic.png HTTP/1.1" 200 22941
186.155.19.36 - - [29/Sep/2023:12:39:20 -0500] "GET /portaldeninos/wp-includes/js/jquery/ui/sortable.min.js?ver=1.11.4 HTTP/1.1" 200 24899
186.155.19.36 - - [29/Sep/2023:12:39:20 -0500] "GET /portaldeninos/wp-includes/js/jquery/ui/accordion.min.js?ver=1.11.4 HTTP/1.1" 200 8584
186.155.19.36 - - [29/Sep/2023:12:39:20 -0500] "GET /portaldeninos/wp-includes/js/wp-embed.min.js?ver=4.9.8 HTTP/1.1" 200 1398
186.155.19.36 - - [29/Sep/2023:12:39:20 -0500] "GET /portaldeninos/wp-content/themes/betheme/fonts/mfn-icons.woff?93978679 HTTP/1.1" 200 80932
186.155.19.36 - - [29/Sep/2023:12:39:20 -0500] "GET /portaldeninos/wp-includes/js/jquery/ui/position.min.js?ver=1.11.4 HTTP/1.1" 200 6527
186.155.19.36 - - [29/Sep/2023:12:39:20 -0500] "GET /portaldeninos/wp-content/plugins/popup-maker/assets/js/site.min.js?defer&ver=1.8.14 HTTP/1.1" 200 48457
186.155.19.36 - - [29/Sep/2023:12:39:20 -0500] "GET /portaldeninos/wp-content/uploads/2021/06/titulo-miambiente-ni%C3%B1os.png HTTP/1.1" 200 11944
186.155.19.36 - - [29/Sep/2023:12:39:20 -0500] "GET /portaldeninos/wp-content/uploads/2021/06/titulo-cabezote-ni%C3%B1os.png HTTP/1.1" 200 64425
186.155.19.36 - - [29/Sep/2023:12:39:20 -0500] "GET /portaldeninos/wp-content/themes/betheme/assets/jplayer/jplayer.min.js?ver=20.9.6 HTTP/1.1" 200 52702
186.155.19.36 - - [29/Sep/2023:12:39:19 -0500] "GET /portaldeninos/wp-content/themes/betheme/js/plugins.js?ver=20.9.6 HTTP/1.1" 200 197151
186.155.19.36 - - [29/Sep/2023:12:39:20 -0500] "GET /portaldeninos/wp-content/uploads/2021/06/titulo-videos-ni%C3%B1os.png HTTP/1.1" 200 10502
186.155.19.36 - - [29/Sep/2023:12:39:20 -0500] "GET /portaldeninos/wp-content/plugins/gallery-videos/JS/Total-Soft-Gallery-Video-Widget.js?ver=4.9.8 HTTP/1.1" 200 80264
186.155.19.36 - - [29/Sep/2023:12:39:20 -0500] "GET /portaldeninos/wp-content/uploads/2021/06/titulo-humedales-ni%C3%B1os.png HTTP/1.1" 200 13361
186.155.19.36 - - [29/Sep/2023:12:39:20 -0500] "GET /portaldeninos/wp-content/uploads/2018/10/oso.jpg HTTP/1.1" 200 305180
186.155.19.36 - - [29/Sep/2023:12:39:20 -0500] "GET /portaldeninos/wp-content/uploads/2020/01/Tierra-escenario.jpg HTTP/1.1" 200 181491
186.155.19.36 - - [29/Sep/2023:12:39:20 -0500] "GET /portaldeninos/wp-content/plugins/popup-maker/assets/js/site.min.js?defer&ver=1.8.14 HTTP/1.1" 200 48457
186.155.19.36 - - [29/Sep/2023:12:39:20 -0500] "GET /portaldeninos/wp-content/uploads/2020/01/Frailejon-escenario.jpg HTTP/1.1" 200 357472
186.155.19.36 - - [29/Sep/2023:12:39:21 -0500] "GET /portaldeninos/wp-content/uploads/2020/05/fb.jpg HTTP/1.1" 200 9893
186.155.19.36 - - [29/Sep/2023:12:39:21 -0500] "GET /portaldeninos/wp-content/uploads/2020/05/ig.jpg HTTP/1.1" 200 11470
186.155.19.36 - - [29/Sep/2023:12:39:20 -0500] "GET /portaldeninos/wp-content/uploads/2018/11/caneca.jpg HTTP/1.1" 200 262661
186.155.19.36 - - [29/Sep/2023:12:39:20 -0500] "GET /portaldeninos/wp-content/themes/betheme/js/scripts.js?ver=20.9.6 HTTP/1.1" 200 77162
186.155.19.36 - - [29/Sep/2023:12:39:21 -0500] "GET /portaldeninos/wp-content/uploads/2020/06/yt.jpg HTTP/1.1" 200 10577
186.155.19.36 - - [29/Sep/2023:12:39:20 -0500] "GET /portaldeninos/wp-content/uploads/2018/11/tigrillo.jpg HTTP/1.1" 200 402961
186.155.19.36 - - [29/Sep/2023:12:39:20 -0500] "GET /portaldeninos/wp-content/themes/betheme/js/plugins.js?ver=20.9.6 HTTP/1.1" 200 197151
186.155.19.36 - - [29/Sep/2023:12:39:21 -0500] "GET /portaldeninos/wp-content/themes/betheme/images/box_shadow.png HTTP/1.1" 200 108
186.155.19.36 - - [29/Sep/2023:12:39:21 -0500] "GET /portaldeninos/wp-content/uploads/2020/06/tw.jpg HTTP/1.1" 200 11056
186.155.19.36 - - [29/Sep/2023:12:39:21 -0500] "GET /portaldeninos/wp-content/themes/betheme/images/stripes/stripes_3_b.png HTTP/1.1" 200 974
186.155.19.36 - - [29/Sep/2023:12:39:21 -0500] "GET /portaldeninos/wp-content/uploads/2022/08/Infograf%C3%ADa-humedales-actualizada.png HTTP/1.1" 200 588022
66.249.73.104 - - [29/Sep/2023:12:39:24 -0500] "GET /portel_dama/libreria/php/2006/ECOSISTEMAS%20FINAL%20web_mz27/xxx%20humedales/sitio/22_pol/xtras/1.pdf HTTP/1.1" 404 1018
186.155.19.36 - - [29/Sep/2023:12:39:21 -0500] "GET /portaldeninos/wp-content/uploads/2023/08/Infografia-Web-Infantil.mp4 HTTP/1.1" 206 2097152
186.155.19.36 - - [29/Sep/2023:12:39:21 -0500] "GET /portaldeninos/wp-content/uploads/2019/06/CabezoteAMBIENTIC.mp4 HTTP/1.1" 206 3145728
172.22.2.4 - - [29/Sep/2023:12:39:35 -0500] "GET /BLA/boletinlegal/actos.php HTTP/1.1" 200 9682
172.22.2.4 - - [29/Sep/2023:12:39:36 -0500] "GET /BLA/boletinlegal/js/ajax_actos.js HTTP/1.1" 200 1322
172.22.2.4 - - [29/Sep/2023:12:39:36 -0500] "GET /BLA/boletinlegal/niceforms.js HTTP/1.1" 200 22876
172.22.2.4 - - [29/Sep/2023:12:39:36 -0500] "GET /BLA/boletinlegal/js/lib.js HTTP/1.1" 200 6474
172.22.2.4 - - [29/Sep/2023:12:39:36 -0500] "GET /BLA/boletinlegal/js/popup.js HTTP/1.1" 200 1270
172.22.2.4 - - [29/Sep/2023:12:39:36 -0500] "GET /BLA/boletinlegal/js/jquery1.js HTTP/1.1" 200 29846
172.22.2.4 - - [29/Sep/2023:12:39:36 -0500] "GET /BLA/boletinlegal/images/cabezote%20BLEGAL.jpg HTTP/1.1" 200 118164
172.22.2.4 - - [29/Sep/2023:12:39:36 -0500] "GET /BLA/boletinlegal/images/subscribe-icon-big.png HTTP/1.1" 200 47702
172.22.2.4 - - [29/Sep/2023:12:39:36 -0500] "GET /BLA/boletinlegal/images/historia.png HTTP/1.1" 200 52775
172.22.2.4 - - [29/Sep/2023:12:39:36 -0500] "GET /BLA/boletinlegal/images/body_bg.jpg HTTP/1.1" 200 1601
172.22.2.4 - - [29/Sep/2023:12:39:36 -0500] "GET /BLA/boletinlegal/images/footer_bg.jpg HTTP/1.1" 200 586
172.22.2.4 - - [29/Sep/2023:12:39:36 -0500] "GET /BLA/boletinlegal/images/menu_lft.gif HTTP/1.1" 200 1713
172.22.2.4 - - [29/Sep/2023:12:39:36 -0500] "GET /BLA/boletinlegal/images/bg_top.jpg HTTP/1.1" 200 522
172.22.2.4 - - [29/Sep/2023:12:39:36 -0500] "GET /BLA/boletinlegal/images/menu_rght.gif HTTP/1.1" 200 1627
172.22.2.4 - - [29/Sep/2023:12:39:36 -0500] "GET /BLA/boletinlegal/js/ajax_actos.js HTTP/1.1" 200 1322
172.22.2.4 - - [29/Sep/2023:12:39:36 -0500] "GET /BLA/boletinlegal/images/text.jpg HTTP/1.1" 200 568
172.22.2.4 - - [29/Sep/2023:12:39:36 -0500] "GET /BLA/boletinlegal/images/menu_bg.jpg HTTP/1.1" 200 620
172.22.2.4 - - [29/Sep/2023:12:39:36 -0500] "GET /BLA/boletinlegal/niceforms.js HTTP/1.1" 200 22876
172.22.2.4 - - [29/Sep/2023:12:39:36 -0500] "GET /BLA/boletinlegal/images/footer_bg_l.jpg HTTP/1.1" 200 776
172.22.2.4 - - [29/Sep/2023:12:39:36 -0500] "GET /BLA/boletinlegal/images/hover.jpg HTTP/1.1" 200 640
172.22.2.4 - - [29/Sep/2023:12:39:36 -0500] "GET /BLA/boletinlegal/js/jquery1.js HTTP/1.1" 200 29846
172.22.2.4 - - [29/Sep/2023:12:39:36 -0500] "GET /BLA/boletinlegal/js/popup.js HTTP/1.1" 200 1270
172.22.2.4 - - [29/Sep/2023:12:39:36 -0500] "GET /BLA/boletinlegal/js/lib.js HTTP/1.1" 200 6474
172.22.2.4 - - [29/Sep/2023:12:39:36 -0500] "GET /BLA/boletinlegal/images/green-yellow-blue-pink-th.png HTTP/1.1" 200 7394
172.22.2.4 - - [29/Sep/2023:12:39:36 -0500] "GET /BLA/boletinlegal/images/registro-usuarios.png HTTP/1.1" 200 8106
172.22.2.4 - - [29/Sep/2023:12:39:36 -0500] "GET /BLA/boletinlegal/images/tel.png HTTP/1.1" 200 14477
172.22.2.4 - - [29/Sep/2023:12:39:36 -0500] "GET /BLA/boletinlegal/images/icono-email.png HTTP/1.1" 200 5544
172.22.2.4 - - [29/Sep/2023:12:39:36 -0500] "GET /BLA/boletinlegal/img/0.png HTTP/1.1" 200 110
172.22.2.4 - - [29/Sep/2023:12:39:36 -0500] "GET /BLA/boletinlegal/img/select-left.png HTTP/1.1" 200 263
172.22.2.4 - - [29/Sep/2023:12:39:36 -0500] "GET /BLA/boletinlegal/img/button-left.png HTTP/1.1" 200 57071
172.22.2.4 - - [29/Sep/2023:12:39:36 -0500] "GET /BLA/boletinlegal/img/select-right.png HTTP/1.1" 200 44019
172.22.2.4 - - [29/Sep/2023:12:39:36 -0500] "GET /BLA/boletinlegal/img/button-right.png HTTP/1.1" 200 57878
172.22.2.4 - - [29/Sep/2023:12:39:36 -0500] "GET /BLA/boletinlegal/img/button.png HTTP/1.1" 200 43241
186.154.32.158 - - [29/Sep/2023:12:39:42 -0500] "GET /BLA/resoluciones/index.php?dir=RESOLUCIONES+2011%2F HTTP/1.1" 200 746992
186.154.32.158 - - [29/Sep/2023:12:39:46 -0500] "GET /BLA/resoluciones/RESOLUCIONES%202011/2349.pdf HTTP/1.1" 200 526083
186.84.90.74 - - [29/Sep/2023:12:39:46 -0500] "GET /kwssiamovil/sm/acme/a?s=U2FsdGVkX18lx3OJpZdqG7ezwxoyxtwdC50X4VZoFmljiGgOFsOALtrPEqMQe8wt+QxUfw2kW2m4loHXGGSA3UAr+Maqdbes27acS+fRFryskPfCYZERPowvN2k83sdRg2nZUP5QcDMOo37c2/+ofPpn6YZg7+Z2F3YoVh+cyyj/iR/n+dN4gqzPPE/z4xt8MKQ4Kl9DyYZOjj7FEjmmcwvmLtritfWnonolOMXykNtuLglVMx6VW+bSJLXzFJDw6VqrfSTtchzj6dAyKTEO1A==&u=U2FsdGVkX1+EgMsp1f3iXYlbSFxn4nuzlvVV6woqV1I=&y=U2FsdGVkX18ZOJeE3ScDSanx3mE9RLJVgwvQB+jJNnGo1FECXIz3jGdD0zO1HcOd HTTP/1.1" 200 26
186.84.90.74 - - [29/Sep/2023:12:39:46 -0500] "GET /kwssiamovil/sm/acme/a?s=U2FsdGVkX1/1LTly7pYkTJpLgDxQbVOBt9Rk0QIkZ0VJQKYz2zyY3QEyU7sjSXT1as3QIOKg1JmZafgJyCecazy3841uqc5SwsL29o1NUKLBOWEMNWctX60z5fAopFoqn5J8bSe8/+I1Af79noEQs015V+MfcGkLMl1jLtkO1UZNou5bNAPwyb5Qri+5G+PyJrSTn8FvLqlhkakcbxhM5BTHsjEhYAtXqmIZDdbKD8vciPoCqbHQAHFzRtAJ5OUzzgTViSnv7+nUFgpk8A6cWvJ7JT+CRa07r9x3yHk8pFiUdaJ81BGv/NDn0GBxLluiolXdlEFM8nO51f46BSgxse27J05q27oEjCBkwGvrjwDMK4fAFYBlNXq38ahOtUPwqngYGf1Zm+0MHBEyGCjvLTRE/YH5y+1CIQOhybZDDPP5kteJHmJFKr0FmcIz7XOeCwGqK/Dbgjdk30Afsd/yfsaUnqZ6R9tqXz/c/IMFlIk2/tTI6HKOWnOx3Z6EmG8xT2HYx3+qN/9eUaiLWPaFudy4YO4njH+YLRFdpv7ae744aluRJXbkoKGE+9MNAupigOPeTYLKeOzEF48BXDvcBTWTL80qgskEo+z90KDZ9ThqGspMJkwOGXHYhkSDyYsnTHEzcLRbFzSRu8tkRPd39UfbjXEUBeD7mtL3NhgfoMiy9NAKtYUUw8/W7mYUAZW2eEzsnEL7JHWbejM8kLl0n1ctlm9klSeVKw7EanLzHIYvr/3H8trWLLleiArTZb7LlFXbaToM0EcHFXQoCjRvLlR6m8Z1F09vKz/gFI9C2p6cZt2fGOaxxWFnDP9VQFPXa5DeykjvrdHqKAmsgrATKcLV1/QaCvOUH58SQDXlDYqeu8E2wZ86XgpROD/Wx6fgy3vfBZ+6Uro3G62CQScm3Cfd2brTJa5Kfg0IOApPI4h5jdu6cPMczKNtZ2QrppBoKANWQXu65Qe7NqEgYXZNzBo9kdXkzkgcm3AgRVLuZo80jrVpuEJWepqX3h4PFchJ10kzYVebtfMI7UYJZUf86YKVqnDGD54jS+9zXpsZ8LxapMCN3Mdda6P5Y04GGiSFKg2GVO0cHJW5SiBn9bbFt8WLSHYIBRFxx8uw0ewyQpRm2qvgdoBFvmuevTdqhxXInJPnGU6LJy7ggwiwO3VIW4ss+bPUT6d3WenRyZfTt5zKZ918II+VTFfS+JqWCq6IApqqZAN0LR8kBK7CACoUh6480ftrgu0hlXmuJhGXQc04uNVRWbRBcVbYlBaJG/0KRHFQqLtQRCpj3vdL8p1K81S9XrMQBRn+obyaUoh1nuiCA5iVySyrkmRbCJ3SKw5lL0+x2j5iANFTREPHS6U0n5OdDE7iXPB2cekqYmQwr1qc3LaSbP42CzudTu4pLbY6tVCq/m/XL0htS2KpZ6dkTYhzQqUATGk13QaAWY37vIGEtodPfReOqQjZ+kANRXd48apddMQudHHlnoPGwk3WITZWoSOFur1WDePIbwFZC++vXGy9MrCMk9Bxg50dx5PROj9ylc9Ymf+KQMc2z/zxLSjcjlvNvyBUGlql6q/7TPO3TxsN1a0dvdv8bUHf7tAD9XGsSRHH81eqokgxIHos0SlZzqciSv/BiWyLZBk8zK14lo0Bhkd9BRP7vEbxODrOsN88su6wM3pbKGtPtO8eU/cX6MJjI1Ac3yrNtd7JxKQV2U8Zv1ykF0y4j8kbfSAwx9ThidCXe3aMbdifZcill7uR/qyw9K5Osv16bZuau68zN6xS9JoCX8qKZWZ3gV+Ezqf5xSHDxHlS3NGYasiyaZLNtfWC/L6w6JHqB7fdBlgb8x9Ft+HT7VxPmTcI3hgEYx4Ar+KSRSSylKqzvvGKNWlt3o/TT+GLD+mVPIelLtYvrJpBMymSmCJDUJPAyq2FllPx2geMWLg23rtk1Ua2Sz+21DdWVcTxd6XLNHUWURuITXEcLrYcL8DVIzlE7nleGq9/80Lus3X/3NLt4itnt6g8eDhxdJZbRwgwSFpuNPYBD3JJrkss0Up8e/K33qV1KKjKwGw+RX0SaG0YB5jNRKVmTeF9y2ABjtNudRERcJbvnFxN0C0E1im5SissyjlKuY81wEfq2fvP4eiAr50wrodOAxcAGjIWavJJJFpD7EUN7qYH/G/6BOIT+v4anwMmipDQTanAy59UJgZTURYFAnEra7yppx+tHywvGVUf/kAtX55RTIidvWUUJR5AWC64RLCA+CDsUVZH6p1de4gAYwbltMq2fgQc0QyPzrJeyTu0tE0rBN9QbnlWZWL4NXBcli7RfAv4QM51/uIfosWOseXc851uYH4baE5buboMcYdb5dj0HbGlmzf7L9l3fTmxfggP7Gq6AfWaPDzApBcWFVnycpRY7IUcN8gl3AdBXMkEtB3HXtV7jPSNKV3n3RTRRR2dJ3VxUXt7nUz7+Bq7gfAs8BcitafqKc7cKFqhBSqQJE0QyapPStIP/lbGN+G5exhsWTa0mLSJRS+cuv3oHRvAAcu/0VTxq2NMVjfkSV+lI60yOC5egjsz6Va91ovH3RRN8VUz4aHKSUvUnr5zaQ==&u=U2FsdGVkX1+EgMsp1f3iXYlbSFxn4nuzlvVV6woqV1I=&y=U2FsdGVkX18ZOJeE3ScDSanx3mE9RLJVgwvQB+jJNnGo1FECXIz3jGdD0zO1HcOd HTTP/1.1" 200 26
186.84.90.74 - - [29/Sep/2023:12:39:47 -0500] "GET /kwssiamovil/sm/acme/a?s=U2FsdGVkX1/n14n6RlH24ggu46pBTf6MTxmrQK+G4YyocVmWIOXT6xaA+liAArB8x4ZRvnfdPod76FjT/YFNn3jji+K+fGBXQBp+nopP/6zhJbeNd7R2oYzpnM6iATsyXL284Yuqw2fQB9cAAyTNcjRiTkuO0dm5HqJyt74OMLk=&u=U2FsdGVkX1+EgMsp1f3iXYlbSFxn4nuzlvVV6woqV1I=&y=U2FsdGVkX18ZOJeE3ScDSanx3mE9RLJVgwvQB+jJNnGo1FECXIz3jGdD0zO1HcOd HTTP/1.1" 200 26
186.84.90.74 - - [29/Sep/2023:12:39:47 -0500] "GET /kwssiamovil/sm/acme/a?s=U2FsdGVkX19JnW83pSJUqjB2Lfa3oh850znqHRQ9oo0zNLX+7bVXCQdKqk9CIyg6rRJNsbSvi7gl7bO0nFU8+gww/1yE1SaQR2s8DWZl4tLNTkVR+blcUbg8pwnVUueaE3JaNxdnVb0gEa8uoydQt89ohRipE/JeNUoA48yVcEE=&u=U2FsdGVkX1+EgMsp1f3iXYlbSFxn4nuzlvVV6woqV1I=&y=U2FsdGVkX18ZOJeE3ScDSanx3mE9RLJVgwvQB+jJNnGo1FECXIz3jGdD0zO1HcOd HTTP/1.1" 200 26
186.84.90.74 - - [29/Sep/2023:12:39:47 -0500] "GET /kwssiamovil/sm/acme/a?s=U2FsdGVkX19qtvmtPfiA5691de09j1OWL072Yk1HnGqvD3CF61R0hYyt/+g9N/qltzwMzvTylDVlLxP1/GNsOAZVqkwCfJBS1FXj+d0dFS4CO3ENIOv0ATsM5vXFf6hFqUYroSlb/M3g9uDyfSzfF5pq9XLe+Zt2+3LRRRpuU3g=&u=U2FsdGVkX1+EgMsp1f3iXYlbSFxn4nuzlvVV6woqV1I=&y=U2FsdGVkX18ZOJeE3ScDSanx3mE9RLJVgwvQB+jJNnGo1FECXIz3jGdD0zO1HcOd HTTP/1.1" 200 26
186.84.90.74 - - [29/Sep/2023:12:39:47 -0500] "GET /kwssiamovil/sm/acme/a?s=U2FsdGVkX18iM9DR1bO+79psVWZwArU8ZZqXu/cWc7c3JRX0MzEQr30FMAx4VZc2ZxaievspDlUk0H/dSqW/xl+5Zzh5iTAQpFmE71Is1DhueF112GsQroMxBPlq0IqQVwTOZh5Af4GDSdeRYI78iMPRxwnzQeFIgCJPCJM3oAZ7GrVBir9CD18k1ptBx4fNbOdVXJ9HmRM+Kly8i3dl6A==&u=U2FsdGVkX1+EgMsp1f3iXYlbSFxn4nuzlvVV6woqV1I=&y=U2FsdGVkX18ZOJeE3ScDSanx3mE9RLJVgwvQB+jJNnGo1FECXIz3jGdD0zO1HcOd HTTP/1.1" 200 26
186.84.90.74 - - [29/Sep/2023:12:39:48 -0500] "GET /kwssiamovil/sm/acme/a?s=U2FsdGVkX19nqE9Bght5qesnbf51UdYel+bSd8bC9KLjyUa9ZrHbeLZ57WiIRK7F0k9RfVT3NfSElt8hUBawj7p+yhX9ZOMVYSMIvV5VKoAzcVbUNJCmgg0187vfSPhQjlMdHbRFnVv6FEABU0ZH9jgKpUGH3Uc9f7Gkc8nJWjY3+zuNX7t8lXpcCMXqcaWrmEXS6iHwH5tk3ZM9SxkhI/S08jIRU00X9e+ZGo6lxj7crt5qEaMpu39b8vQa1CpFEZbVlNM2HeuOcIMgoWfgVSfGBFcwRE7d809rRv0Sb26U1S2jyatgfgG+ZiGr2ilxK6Ybg7HKoHz1cBSxh/kMfmXMMKeGb/BnJ3beLoadK6r30Ikn+Lg1EcqfBF4D/oYWw0gdgILx7g/3LNpBoqmVC+osVQNW8z3TKDHcfNdasQ31v/Cl81Zrx3LcRkSMbZAgQxGu0oRpVy/D5HFMPdMbsBYLOJ09K738QnqiJRoZmZjewn9wRq4qrcKE7eGYGLuQ6M2hgl+rQmXBVEIFW4aR9t/OikG87mL1pT6MGx2Ikl4MGKOkBJJ5lOOrEjqtO2S3/NxVF7UIDT7C/3gxnWVRrg==&u=U2FsdGVkX1+EgMsp1f3iXYlbSFxn4nuzlvVV6woqV1I=&y=U2FsdGVkX18ZOJeE3ScDSanx3mE9RLJVgwvQB+jJNnGo1FECXIz3jGdD0zO1HcOd HTTP/1.1" 200 25
186.84.90.74 - - [29/Sep/2023:12:39:48 -0500] "GET /kwssiamovil/sm/acme/a?s=U2FsdGVkX1/qOoxh/qIiuqiPWQuv7B1CzR6/m4za6t6U2UjJ3W3HPJOyGU7iJT3T+wLGAofRwyhpKyytEJwB5eHO6Ex5dGnbj0WhssSW8GCmQ7OsS6kGIl1l3AZrRi+3ve6ENGbHqEzFEwyUNExZqiTB6PgX9w8upjx7cFBGN6KCu7DBQZs1FiJKuP7egrlMBbRRv6RAUeUjmHinYtVINMx9aC13Lmy8BgvRCYe1cE+tsVECm+TSsBzFYYLSqMAlkE575W4AS8zuRrIfA5PXviieKyk2M6IIJTZfXDurN4y/2KmG+dPLr6PGeZ+LJbGOWNzTcE170o6djwuW7IOFdHdIBSshtb+zxtVsS5rzqOU8SKXIKHRMcdseZ82WbhGrjC+RiBBnml43iaW2eWiPy6dnx4ZSIShRSprvPhkclZyI1ycfe7tlud8daoWqDAq3hJrmc2fCGBGpNfrUr9mq1Z8BicAN71nAVYPBcJOvZ+ITststLuVC6IiYA4JsmvP/OO/KTR9cQ8KRZ/9E4mXCvgKUBV5/qo9npOwj7AjDrz8=&u=U2FsdGVkX1+EgMsp1f3iXYlbSFxn4nuzlvVV6woqV1I=&y=U2FsdGVkX18ZOJeE3ScDSanx3mE9RLJVgwvQB+jJNnGo1FECXIz3jGdD0zO1HcOd HTTP/1.1" 200 25
186.155.19.36 - - [29/Sep/2023:12:39:20 -0500] "GET /portaldeninos/wp-content/uploads/2022/08/HUmedalConejera03-1.jpg HTTP/1.1" 200 12388495
216.244.66.195 - - [29/Sep/2023:12:40:03 -0500] "GET /BLA/resoluciones/RESOLUCIONES%202021/0575.pdf HTTP/1.1" 200 336885
186.154.32.158 - - [29/Sep/2023:12:40:06 -0500] "GET /BLA/resoluciones/index.php?dir=AUTOS+2011%2F HTTP/1.1" 200 636751
192.168.171.28 - - [29/Sep/2023:12:40:13 -0500] "POST /BLA/boletinlegal/admin/actos/ingresar.php HTTP/1.1" 200 7302
172.22.2.4 - - [29/Sep/2023:12:40:17 -0500] "GET /BLA/boletinlegal/consulta_actos.php?tipo=resoluciones&no=0147&usuario=&sector=&fecha=2023&resuelve= HTTP/1.1" 200 1131
194.187.176.33 - - [29/Sep/2023:12:40:23 -0500] "GET / HTTP/1.1" 200 319
194.187.176.106 - - [29/Sep/2023:12:40:26 -0500] "GET /favicon.ico HTTP/1.1" 200 7782
186.155.19.36 - - [29/Sep/2023:12:39:33 -0500] "GET /portaldeninos/wp-content/uploads/2019/06/CabezoteAMBIENTIC.mp4 HTTP/1.1" 206 14842195
201.245.192.253 - - [29/Sep/2023:12:40:52 -0500] "POST /forms/lservlet;jsessionid=ac16012b30d6619814261ab448b5b9b081ec43f14b45.e3iSbxaKaheRe34Pbx8Nc3aQci1ynknvrkLOlQzNp65In0 HTTP/1.1" 200 2
216.244.66.195 - - [29/Sep/2023:12:40:53 -0500] "GET /BLA/resoluciones/RESOLUCIONES%202021/0961.pdf HTTP/1.1" 200 1066347
172.22.2.4 - - [29/Sep/2023:12:40:57 -0500] "GET /BLA/boletinlegal/consulta_actos.php?tipo=autos&no=2065&usuario=&sector=&fecha=2023&resuelve= HTTP/1.1" 200 626
186.155.19.36 - - [29/Sep/2023:12:40:46 -0500] "GET /portaldeninos/wp-content/uploads/2019/06/CabezoteAMBIENTIC.mp4 HTTP/1.1" 206 2728278
216.244.66.195 - - [29/Sep/2023:12:41:43 -0500] "GET /BLA/resoluciones/RESOLUCIONES%202021/1137.pdf HTTP/1.1" 200 440705
216.245.221.92 - - [29/Sep/2023:12:41:44 -0500] "HEAD / HTTP/1.1" 200 -
186.155.19.36 - - [29/Sep/2023:12:40:45 -0500] "GET /portaldeninos/wp-content/uploads/2023/08/Infografia-Web-Infantil.mp4 HTTP/1.1" 206 14701463
201.245.192.253 - - [29/Sep/2023:12:41:57 -0500] "POST /kwsrmcab/Wsrmcab  HTTP/1.1" 200 43477
216.244.66.195 - - [29/Sep/2023:12:42:33 -0500] "GET /BLA/resoluciones/RESOLUCIONES%202021/1211.pdf HTTP/1.1" 200 482434
201.245.192.253 - - [29/Sep/2023:12:42:52 -0500] "POST /forms/lservlet;jsessionid=ac16012b30d6619814261ab448b5b9b081ec43f14b45.e3iSbxaKaheRe34Pbx8Nc3aQci1ynknvrkLOlQzNp65In0 HTTP/1.1" 200 2
216.244.66.195 - - [29/Sep/2023:12:43:23 -0500] "GET /BLA/resoluciones/RESOLUCIONES%202021/1945.pdf HTTP/1.1" 200 600154
172.22.2.4 - - [29/Sep/2023:12:41:50 -0500] "HEAD /BLA/boletinlegal/ HTTP/1.1" 200 -
192.168.171.28 - - [29/Sep/2023:12:44:07 -0500] "POST /BLA/boletinlegal/admin/actos/ingresar.php HTTP/1.1" 200 7302
172.22.2.4 - - [29/Sep/2023:12:44:11 -0500] "GET /BLA/boletinlegal/consulta_actos.php?tipo=autos&no=2065&usuario=&sector=&fecha=2023&resuelve= HTTP/1.1" 200 1139
216.244.66.195 - - [29/Sep/2023:12:44:13 -0500] "GET /BLA/resoluciones/RESOLUCIONES%202021/2143.pdf HTTP/1.1" 200 384285
66.249.73.104 - - [29/Sep/2023:12:44:20 -0500] "GET /BLA/resoluciones/RESOLUCIONES%202009/7189.pdf HTTP/1.1" 200 1011402
172.22.2.4 - - [29/Sep/2023:12:42:41 -0500] "GET /BLA/boletinlegal/ HTTP/1.1" 200 57790
186.154.32.158 - - [29/Sep/2023:12:44:22 -0500] "GET /BLA/resoluciones/index.php?dir=RESOLUCIONES+2011%2F HTTP/1.1" 200 746992
201.245.192.253 - - [29/Sep/2023:12:44:52 -0500] "POST /forms/lservlet;jsessionid=ac16012b30d6619814261ab448b5b9b081ec43f14b45.e3iSbxaKaheRe34Pbx8Nc3aQci1ynknvrkLOlQzNp65In0 HTTP/1.1" 200 2
216.244.66.195 - - [29/Sep/2023:12:45:04 -0500] "GET /BLA/resoluciones/RESOLUCIONES%202021/2632.pdf HTTP/1.1" 200 339659
186.154.32.158 - - [29/Sep/2023:12:45:07 -0500] "GET /BLA/resoluciones/index.php?dir=AUTOS+2011%2F HTTP/1.1" 200 636751
216.244.66.195 - - [29/Sep/2023:12:45:54 -0500] "GET /BLA/resoluciones/RESOLUCIONES%202021/2658.pdf HTTP/1.1" 200 458940
172.22.2.4 - - [29/Sep/2023:12:46:27 -0500] "GET /BLA/boletinlegal/consulta_actos.php?tipo=resoluciones&no=5353&usuario=&sector=&fecha=2022&resuelve= HTTP/1.1" 200 626
216.244.66.195 - - [29/Sep/2023:12:46:40 -0500] "GET /BLA/resoluciones/RESOLUCIONES%202021/2668.pdf HTTP/1.1" 200 810911
216.245.221.92 - - [29/Sep/2023:12:46:44 -0500] "HEAD / HTTP/1.1" 200 -
201.245.192.253 - - [29/Sep/2023:12:46:52 -0500] "POST /forms/lservlet;jsessionid=ac16012b30d6619814261ab448b5b9b081ec43f14b45.e3iSbxaKaheRe34Pbx8Nc3aQci1ynknvrkLOlQzNp65In0 HTTP/1.1" 200 2
201.245.192.253 - - [29/Sep/2023:12:46:57 -0500] "POST /kwsrmcab/Wsrmcab  HTTP/1.1" 200 43477
216.244.66.195 - - [29/Sep/2023:12:47:30 -0500] "GET /BLA/resoluciones/RESOLUCIONES%202021/2985.pdf HTTP/1.1" 200 648706
216.244.66.195 - - [29/Sep/2023:12:48:20 -0500] "GET /BLA/resoluciones/RESOLUCIONES%202021/3029.pdf HTTP/1.1" 200 348536
201.245.192.253 - - [29/Sep/2023:12:48:52 -0500] "POST /forms/lservlet;jsessionid=ac16012b30d6619814261ab448b5b9b081ec43f14b45.e3iSbxaKaheRe34Pbx8Nc3aQci1ynknvrkLOlQzNp65In0 HTTP/1.1" 200 2
216.244.66.195 - - [29/Sep/2023:12:49:02 -0500] "GET /BLA/resoluciones/RESOLUCIONES%202021/3083.pdf HTTP/1.1" 200 494540
172.22.2.4 - - [29/Sep/2023:12:47:40 -0500] "HEAD /BLA/boletinlegal/ HTTP/1.1" 200 -
216.244.66.195 - - [29/Sep/2023:12:49:52 -0500] "GET /BLA/resoluciones/RESOLUCIONES%202021/3820.pdf HTTP/1.1" 200 393333
199.16.157.183 - - [29/Sep/2023:12:49:52 -0500] "GET /por-disposicion-ilegal-de-residuos-y-contaminar-el-aire-secretaria-de-ambiente-impuso-medidas-preventivas-a-industria-en-suba.html HTTP/1.1" 200 945
199.16.157.180 - - [29/Sep/2023:12:49:53 -0500] "GET /images/29%20de%20septiembre%20operativo%20suba.jpg HTTP/1.1" 200 65904
192.168.171.28 - - [29/Sep/2023:12:49:53 -0500] "POST /BLA/boletinlegal/admin/actos/ingresar.php HTTP/1.1" 200 7302
152.203.237.130 - - [29/Sep/2023:12:49:55 -0500] "GET /kwssiamovil/sm/ldap/au?x=U2FsdGVkX1+FBO0aaq2i1Gk8YqrFXId+O8cNSJHdjDRZVJLCfx94elCGdCxe+nkTStkL9o56nURBLXo/LybPiQ==&y=U2FsdGVkX197Y0maz2muLEJsDnaLBAqK5/nKHGCxyvX/8zFMkMoCHTL9DqWvSdQi HTTP/1.1" 200 30
152.203.237.130 - - [29/Sep/2023:12:49:55 -0500] "GET /kwssiamovil/sm/acme/s?s=U2FsdGVkX1+Ovr5SXzB2tLNdTiUUGCpGfbyttnVwavZrTnEhqeszDnK0XSn21prDqXFJtjA5tNZCGV7PH3DvhOgGs9jBqjPfPYJX3SRMSUc=&u=U2FsdGVkX1/BhzPX153mmNOLjP2ehGz7AddBFEpVTW3DF15BfgBtYjfdesq5WDqk&y=U2FsdGVkX197Y0maz2muLEJsDnaLBAqK5/nKHGCxyvX/8zFMkMoCHTL9DqWvSdQi HTTP/1.1" 200 97
152.203.237.130 - - [29/Sep/2023:12:49:55 -0500] "GET /kwssiamovil/sm/acme/s?s=U2FsdGVkX1/E5ycqubfmI9OgDPUK9GRO1Z9Wxdc72iZ8BlyiBfUiOXECCEEXVHVKVul9Tw7fstUDT7/YWmbxTNVgwVPV7nZmiEN3cM28N9mZwiUgcWQMKfXlqt6zBjdon7QESTgUZ3RJ8fWISA6NKmr7QXl6QD9Pd9AxwX7jBoIcRB+z4ftjgW2yE4wTTp5wlP7gHyjLKWU4uCRbkrWiRhujFcivKQ/I9J5/W46wYUL/Bk9aLtay6tbiky1tIY4qeE7VaOhmZRow1kChw1IXSC6w+ggjn6DN2Q4Hb9djxnMd0h+/JCVaSMZReP6HL9tZHHj9ZydkPPHgqejayXo8AUvc1Osf0/12KnhoiF3mgeKEUL5vrdrYWPf+dJZjCsV6FnyOGR5BB2QhRYy4cXW6T2OLiceA6WNwrqqDoPwyl5xlSCG/gnmryyHJKmh/TpY5OANv+lmqdN88nB8UqeiG8s1Vs0Un2vpgqdMdNkoEt21mm8Euy6qgnx4hyBaThy1XOEBnXHvtbz1xV7BdLpFAb/dCQqkf4ufDrIW/oL6OTLCsL2ITtk+/u8waJwSpARBqhP9EWrOE5rNibkigZlCvmuUlXcQ9LD2ZzqKUp+UTw2vIyM3DrPrbNc3dDv+q3bLnQdpHvUAysBmz8VE9JDBP96invnCYJe1jyw2UBjZf5OMAnugji32qmDfrka3zNTHy8BXXNeIViE02FeeowCqfA88+3mtKAumXFaFhZmK789zsoCAGXMC3DM60Gr/veEQCEJS3ZcO8YGpD1vmHB+oNYRbR9Mk1qJInrg202Mww2ACpQvjdz+7L7k98rDkwFB63RPfCA/DXNlaG3FMzpXR+pe20onTq8+BUSZa/vDwhduD0A2X4dT866jh10FfXINoweAR4kI8gqHTKPHqniZLuLatnCr+LSvNOJ2Ex+wz8654i6ewzqxi35XUIPKgC7jQes7YyLtUjZjlP6/cjW8BcAWu051W6Srh9PL36Thjeb7eZM07gZZQfJqBqUWffwrVmpNLzhjgpZqgDyKCzB71a6XhQSS8zXkGpFS8HkuGO3XWu4K6EqxFDvHmKxEVljB9oxx6a9TINsCIl1+s4mrF+0VKUmynh17JIvQ9sZG+nmbNgS6xDlRjxRdUDro8szNAEnDw/UZSGIY0MMsmTTHpKwAljhpJidsYA9eXw0ZNP8OdteVnGX0zEHUgPpgrkaOmyjXiIn2BGWgh9/6bfb7dGMBSH0JqVxZXl+ktEMRI4f2tA2XNzjsTVdGI0LlirdV2KlUcWWU/YmqZ3vwxICIrFmQ1El4f6Ni9IxieUPJzCeQiWVtO5JPjUQyU/ZQ0buLBYt2CnajtgYUm7hUAwu8q0xqpTfb9HQTMgb4l3HkVUK7O5ePAxEDJk/s/NGHFXU5a5jrYZSxBNi6Ch3gBizoDe5waLrSNawcTWSQ83YBLlcKI=&u=U2FsdGVkX1/BhzPX153mmNOLjP2ehGz7AddBFEpVTW3DF15BfgBtYjfdesq5WDqk&y=U2FsdGVkX197Y0maz2muLEJsDnaLBAqK5/nKHGCxyvX/8zFMkMoCHTL9DqWvSdQi HTTP/1.1" 200 3767
152.203.237.130 - - [29/Sep/2023:12:49:55 -0500] "GET /kwssiamovil/sm/acme/s?s=U2FsdGVkX1+TmvR/swv21BLCADYshhIyWbwvvLWjv71iprLYx4+Fr7JZZiY1WkGgPUzTk93k5mJpG/EuTIevWCIbaAVs4O1DSmTBUrNKK313TzxVGx6J+EBixKNIg7oj/wdsiBQ40a3EN35Jgqp2GpIm2t8gWv+Wp2On94XRYgDraDeW8zWHkGfWIEyA43wboZYhB7ApNXQMhcc2tuLEneRIC3Wu64Uj8AsSw5GV7Be+SDXMqWLj6xNWqzYI195KFwbAcUWCBa+/I+J5I4xaNjYBY7bqeCnYOJCMG0Ofn5EIH+KZgLoZTfTmv0eovUQ6gI1EnLqcGvXLTRvKlrUN1drD48aE+JRkYxS6V/3VCZc=&u=U2FsdGVkX1/BhzPX153mmNOLjP2ehGz7AddBFEpVTW3DF15BfgBtYjfdesq5WDqk&y=U2FsdGVkX197Y0maz2muLEJsDnaLBAqK5/nKHGCxyvX/8zFMkMoCHTL9DqWvSdQi HTTP/1.1" 200 196
152.203.237.130 - - [29/Sep/2023:12:49:55 -0500] "GET /kwssiamovil/sm/cjson/pre?f=1&x=U2FsdGVkX1+FBO0aaq2i1Gk8YqrFXId+O8cNSJHdjDRZVJLCfx94elCGdCxe+nkTStkL9o56nURBLXo/LybPiQ== HTTP/1.1" 200 31032
172.22.2.4 - - [29/Sep/2023:12:49:57 -0500] "GET /BLA/boletinlegal/consulta_actos.php?tipo=resoluciones&no=5353&usuario=&sector=&fecha=2022&resuelve= HTTP/1.1" 200 1111
172.22.2.4 - - [29/Sep/2023:12:50:00 -0500] "GET /BLA/boletinlegal/jurisprudencia/analisis/ANALISIST-046-99.docx HTTP/1.1" 200 20918
172.22.2.4 - - [29/Sep/2023:12:50:00 -0500] "GET /BLA/boletinlegal/jurisprudencia/analisis/ANALISIST-046-99.docx HTTP/1.1" 200 20918
172.22.2.4 - - [29/Sep/2023:12:50:07 -0500] "GET /BLA/boletinlegal/consulta_actos.php?tipo=autos&no=3463&usuario=&sector=&fecha=2019&resuelve= HTTP/1.1" 200 1072
172.22.2.4 - - [29/Sep/2023:12:50:07 -0500] "GET /BLA/boletinlegal/consulta_actos.php?tipo=autos&no=3463&usuario=&sector=&fecha=2019&resuelve= HTTP/1.1" 200 1072
172.22.2.4 - - [29/Sep/2023:12:48:30 -0500] "GET /BLA/boletinlegal/ HTTP/1.1" 200 60692
116.202.35.112 - - [29/Sep/2023:12:50:12 -0500] "GET /robots.txt HTTP/1.1" 404 1034
172.22.2.4 - - [29/Sep/2023:12:50:12 -0500] "GET /BLA/boletinlegal/consulta_actos.php?tipo=autos&no=3463&usuario=&sector=&fecha=2019&resuelve= HTTP/1.1" 200 1072
116.202.35.112 - - [29/Sep/2023:12:50:12 -0500] "GET /por-disposicion-ilegal-de-residuos-y-contaminar-el-aire-secretaria-de-ambiente-impuso-medidas-preventivas-a-industria-en-suba.html HTTP/1.1" 200 945
54.39.177.173 - - [29/Sep/2023:12:50:13 -0500] "GET /robots.txt HTTP/1.1" 404 1034
54.39.177.173 - - [29/Sep/2023:12:50:14 -0500] "GET /por-disposicion-ilegal-de-residuos-y-contaminar-el-aire-secretaria-de-ambiente-impuso-medidas-preventivas-a-industria-en-suba.html HTTP/1.1" 200 945
216.244.66.195 - - [29/Sep/2023:12:50:39 -0500] "GET /BLA/resoluciones/RESOLUCIONES%202021/3910.pdf HTTP/1.1" 200 337792
201.245.192.253 - - [29/Sep/2023:12:50:52 -0500] "POST /forms/lservlet;jsessionid=ac16012b30d6619814261ab448b5b9b081ec43f14b45.e3iSbxaKaheRe34Pbx8Nc3aQci1ynknvrkLOlQzNp65In0 HTTP/1.1" 200 2
168.119.253.69 - - [29/Sep/2023:12:50:54 -0500] "GET / HTTP/1.1" 200 319
168.119.253.69 - - [29/Sep/2023:12:50:54 -0500] "GET / HTTP/1.1" 200 4720
216.244.66.195 - - [29/Sep/2023:12:51:18 -0500] "GET /BLA/resoluciones/RESOLUCIONES%202021/4043.pdf HTTP/1.1" 200 444572
192.168.182.96 - - [29/Sep/2023:12:51:23 -0500] "GET /por-disposicion-ilegal-de-residuos-y-contaminar-el-aire-secretaria-de-ambiente-impuso-medidas-preventivas-a-industria-en-suba.html HTTP/1.1" 200 945
186.154.32.158 - - [29/Sep/2023:12:51:34 -0500] "GET /BLA/resoluciones/index.php?dir=RESOLUCIONES+2011%2F HTTP/1.1" 200 746992
186.154.32.158 - - [29/Sep/2023:12:51:38 -0500] "GET /BLA/resoluciones/RESOLUCIONES%202011/5438.pdf HTTP/1.1" 200 542464
216.245.221.92 - - [29/Sep/2023:12:51:44 -0500] "HEAD / HTTP/1.1" 200 -
173.252.95.21 - - [29/Sep/2023:12:51:49 -0500] "GET /por-disposicio HTTP/1.1" 404 1034
173.252.95.9 - - [29/Sep/2023:12:51:50 -0500] "GET /por-disposicio HTTP/1.1" 404 1034
69.171.249.11 - - [29/Sep/2023:12:51:51 -0500] "GET /por-disposicio HTTP/1.1" 404 1034
201.245.192.253 - - [29/Sep/2023:12:51:56 -0500] "POST /kwsrmcab/Wsrmcab  HTTP/1.1" 200 43477
216.244.66.195 - - [29/Sep/2023:12:52:05 -0500] "GET /BLA/resoluciones/RESOLUCIONES%202022/0199.pdf HTTP/1.1" 200 343343
186.154.32.158 - - [29/Sep/2023:12:52:14 -0500] "GET /BLA/resoluciones/index.php?dir=RESOLUCIONES+2009%2F HTTP/1.1" 200 1694101
186.154.32.158 - - [29/Sep/2023:12:52:19 -0500] "GET /BLA/resoluciones/RESOLUCIONES%202009/3276.pdf HTTP/1.1" 200 723306
186.154.32.158 - - [29/Sep/2023:12:52:31 -0500] "GET /BLA/resoluciones/index.php?dir=AUTOS+2009%2F HTTP/1.1" 200 399860
186.155.19.36 - - [29/Sep/2023:12:51:33 -0500] "GET /portaldeninos/wp-content/uploads/2023/08/Infografia-Web-Infantil.mp4 HTTP/1.1" 206 14701463
201.245.172.17 - - [29/Sep/2023:12:52:41 -0500] "GET /sipse/faces/index.xhtml HTTP/1.1" 200 677
201.245.172.17 - - [29/Sep/2023:12:52:41 -0500] "GET /sipse/faces/javax.faces.resource/theme.css?ln=primefaces-sipse HTTP/1.1" 304 -
201.245.172.17 - - [29/Sep/2023:12:52:41 -0500] "GET /sipse/faces/faces/autenticacion.xhtml HTTP/1.1" 200 12426
201.245.172.17 - - [29/Sep/2023:12:52:41 -0500] "GET /sipse/css/custom_css_sg_prime_login.css HTTP/1.1" 200 443
201.245.172.17 - - [29/Sep/2023:12:52:41 -0500] "GET /sipse/faces/javax.faces.resource/theme.css?ln=primefaces-sipse HTTP/1.1" 304 -
201.245.172.17 - - [29/Sep/2023:12:52:41 -0500] "GET /sipse/faces/javax.faces.resource/primefaces.css?ln=primefaces&v=4.0 HTTP/1.1" 304 -
201.245.172.17 - - [29/Sep/2023:12:52:41 -0500] "GET /sipse/faces/javax.faces.resource/jquery/jquery.js?ln=primefaces&v=4.0 HTTP/1.1" 304 -
201.245.172.17 - - [29/Sep/2023:12:52:41 -0500] "GET /sipse/faces/javax.faces.resource/layout/layout.css?ln=primefaces&v=4.0 HTTP/1.1" 304 -
201.245.172.17 - - [29/Sep/2023:12:52:41 -0500] "GET /sipse/faces/javax.faces.resource/jquery/jquery-plugins.js?ln=primefaces&v=4.0 HTTP/1.1" 304 -
201.245.172.17 - - [29/Sep/2023:12:52:41 -0500] "GET /sipse/faces/javax.faces.resource/primefaces.js?ln=primefaces&v=4.0 HTTP/1.1" 304 -
201.245.172.17 - - [29/Sep/2023:12:52:41 -0500] "GET /sipse/faces/javax.faces.resource/layout/layout.js?ln=primefaces&v=4.0 HTTP/1.1" 304 -
201.245.172.17 - - [29/Sep/2023:12:52:41 -0500] "GET /sipse/faces/javax.faces.resource/images/ui-icons_898989_256x240.png?ln=primefaces-aristo HTTP/1.1" 200 5355
201.245.172.17 - - [29/Sep/2023:12:52:41 -0500] "GET /sipse/css/imagen/loginimg.png HTTP/1.1" 200 71635
201.245.172.17 - - [29/Sep/2023:12:52:41 -0500] "GET /sipse/css/imagen/logoSDG.png HTTP/1.1" 200 53064
216.244.66.195 - - [29/Sep/2023:12:52:44 -0500] "GET /BLA/resoluciones/RESOLUCIONES%202022/0272.pdf HTTP/1.1" 200 321181
201.245.172.17 - - [29/Sep/2023:12:52:44 -0500] "POST /sipse/faces/autenticacion.xhtml HTTP/1.1" 200 2221
201.245.172.17 - - [29/Sep/2023:12:52:44 -0500] "GET /sipse/faces/javax.faces.resource/messages/messages.png?ln=primefaces&v=4.0 HTTP/1.1" 200 27209
201.245.172.17 - - [29/Sep/2023:12:52:45 -0500] "POST /sipse/faces/autenticacion.xhtml HTTP/1.1" 200 16428
201.245.172.17 - - [29/Sep/2023:12:52:45 -0500] "GET /sipse/faces/javax.faces.resource/layout/layout.css?ln=primefaces&v=4.0 HTTP/1.1" 304 -
201.245.172.17 - - [29/Sep/2023:12:52:45 -0500] "GET /sipse/faces/javax.faces.resource/theme.css?ln=primefaces-sipse HTTP/1.1" 304 -
201.245.172.17 - - [29/Sep/2023:12:52:45 -0500] "GET /sipse/faces/javax.faces.resource/primefaces.css?ln=primefaces&v=4.0 HTTP/1.1" 304 -
201.245.172.17 - - [29/Sep/2023:12:52:45 -0500] "GET /sipse/faces/javax.faces.resource/jquery/jquery.js?ln=primefaces&v=4.0 HTTP/1.1" 304 -
201.245.172.17 - - [29/Sep/2023:12:52:45 -0500] "GET /sipse/faces/javax.faces.resource/jquery/jquery-plugins.js?ln=primefaces&v=4.0 HTTP/1.1" 304 -
201.245.172.17 - - [29/Sep/2023:12:52:45 -0500] "GET /sipse/faces/javax.faces.resource/primefaces.js?ln=primefaces&v=4.0 HTTP/1.1" 304 -
201.245.172.17 - - [29/Sep/2023:12:52:45 -0500] "GET /sipse/faces/javax.faces.resource/layout/layout.js?ln=primefaces&v=4.0 HTTP/1.1" 304 -
201.245.172.17 - - [29/Sep/2023:12:52:45 -0500] "GET /sipse/css/v_mergente.css HTTP/1.1" 200 1505
201.245.172.17 - - [29/Sep/2023:12:52:45 -0500] "GET /sipse/css/imagen/contrasena.png HTTP/1.1" 404 383
201.245.172.17 - - [29/Sep/2023:12:52:45 -0500] "GET /sipse/imagenes/cargando.gif HTTP/1.1" 200 36959
201.245.172.17 - - [29/Sep/2023:12:52:45 -0500] "GET /sipse/imagenes/logoAplicacion.jpg HTTP/1.1" 200 155084
186.154.32.158 - - [29/Sep/2023:12:52:47 -0500] "GET /BLA/resoluciones/AUTOS%202009/2212.pdf HTTP/1.1" 200 114812
201.245.172.17 - - [29/Sep/2023:12:52:47 -0500] "GET /sipse/faces/javax.faces.resource/images/ui-bg_flat_0_2d5972_40x100.png?ln=primefaces-aristo HTTP/1.1" 200 183
201.245.172.17 - - [29/Sep/2023:12:52:47 -0500] "POST /sipse/faces/bienvenido.xhtml HTTP/1.1" 200 2658
201.245.172.17 - - [29/Sep/2023:12:52:48 -0500] "POST /sipse/faces/bienvenido.xhtml HTTP/1.1" 200 63345
201.245.172.17 - - [29/Sep/2023:12:52:48 -0500] "GET /sipse/faces/javax.faces.resource/theme.css?ln=primefaces-sipse HTTP/1.1" 304 -
201.245.172.17 - - [29/Sep/2023:12:52:48 -0500] "GET /sipse/faces/javax.faces.resource/layout/layout.css?ln=primefaces&v=4.0 HTTP/1.1" 304 -
201.245.172.17 - - [29/Sep/2023:12:52:48 -0500] "GET /sipse/faces/javax.faces.resource/primefaces.css?ln=primefaces&v=4.0 HTTP/1.1" 304 -
201.245.172.17 - - [29/Sep/2023:12:52:49 -0500] "GET /sipse/faces/javax.faces.resource/jquery/jquery.js?ln=primefaces&v=4.0 HTTP/1.1" 304 -
201.245.172.17 - - [29/Sep/2023:12:52:49 -0500] "GET /sipse/faces/javax.faces.resource/jquery/jquery-plugins.js?ln=primefaces&v=4.0 HTTP/1.1" 304 -
201.245.172.17 - - [29/Sep/2023:12:52:49 -0500] "GET /sipse/faces/javax.faces.resource/primefaces.js?ln=primefaces&v=4.0 HTTP/1.1" 304 -
201.245.172.17 - - [29/Sep/2023:12:52:49 -0500] "GET /sipse/faces/javax.faces.resource/layout/layout.js?ln=primefaces&v=4.0 HTTP/1.1" 304 -
201.245.172.17 - - [29/Sep/2023:12:52:49 -0500] "POST /sipse/faces/presentacion/financiero/solicitudProceso/listarSolicitudProceso.xhtml HTTP/1.1" 200 1552
201.245.172.17 - - [29/Sep/2023:12:52:52 -0500] "POST /sipse/faces/presentacion/financiero/solicitudProceso/listarSolicitudProceso.xhtml HTTP/1.1" 200 14348
201.245.192.253 - - [29/Sep/2023:12:52:52 -0500] "POST /forms/lservlet;jsessionid=ac16012b30d6619814261ab448b5b9b081ec43f14b45.e3iSbxaKaheRe34Pbx8Nc3aQci1ynknvrkLOlQzNp65In0 HTTP/1.1" 200 2
201.245.172.17 - - [29/Sep/2023:12:53:04 -0500] "POST /sipse/faces/presentacion/financiero/solicitudProceso/listarSolicitudProceso.xhtml HTTP/1.1" 200 114900
201.245.172.17 - - [29/Sep/2023:12:53:05 -0500] "GET /sipse/faces/javax.faces.resource/theme.css?ln=primefaces-sipse HTTP/1.1" 304 -
201.245.172.17 - - [29/Sep/2023:12:53:05 -0500] "GET /sipse/faces/javax.faces.resource/primefaces.css?ln=primefaces&v=4.0 HTTP/1.1" 304 -
201.245.172.17 - - [29/Sep/2023:12:53:05 -0500] "GET /sipse/faces/javax.faces.resource/layout/layout.css?ln=primefaces&v=4.0 HTTP/1.1" 304 -
201.245.172.17 - - [29/Sep/2023:12:53:05 -0500] "GET /sipse/faces/javax.faces.resource/jquery/jquery.js?ln=primefaces&v=4.0 HTTP/1.1" 304 -
201.245.172.17 - - [29/Sep/2023:12:53:05 -0500] "GET /sipse/faces/javax.faces.resource/jquery/jquery-plugins.js?ln=primefaces&v=4.0 HTTP/1.1" 304 -
201.245.172.17 - - [29/Sep/2023:12:53:05 -0500] "GET /sipse/faces/javax.faces.resource/primefaces.js?ln=primefaces&v=4.0 HTTP/1.1" 304 -
201.245.172.17 - - [29/Sep/2023:12:53:05 -0500] "GET /sipse/faces/javax.faces.resource/layout/layout.js?ln=primefaces&v=4.0 HTTP/1.1" 304 -
201.245.172.17 - - [29/Sep/2023:12:53:08 -0500] "POST /sipse/faces/presentacion/financiero/solicitudProceso/consultarSolicitudProceso.xhtml HTTP/1.1" 200 29622
201.245.172.17 - - [29/Sep/2023:12:53:08 -0500] "GET /sipse/faces/javax.faces.resource/theme.css?ln=primefaces-sipse HTTP/1.1" 304 -
201.245.172.17 - - [29/Sep/2023:12:53:08 -0500] "GET /sipse/faces/javax.faces.resource/primefaces.css?ln=primefaces&v=4.0 HTTP/1.1" 304 -
201.245.172.17 - - [29/Sep/2023:12:53:08 -0500] "GET /sipse/faces/javax.faces.resource/jquery/jquery-plugins.js?ln=primefaces&v=4.0 HTTP/1.1" 304 -
201.245.172.17 - - [29/Sep/2023:12:53:08 -0500] "GET /sipse/faces/javax.faces.resource/jquery/jquery.js?ln=primefaces&v=4.0 HTTP/1.1" 304 -
201.245.172.17 - - [29/Sep/2023:12:53:08 -0500] "GET /sipse/faces/javax.faces.resource/layout/layout.css?ln=primefaces&v=4.0 HTTP/1.1" 304 -
201.245.172.17 - - [29/Sep/2023:12:53:08 -0500] "GET /sipse/faces/javax.faces.resource/primefaces.js?ln=primefaces&v=4.0 HTTP/1.1" 304 -
201.245.172.17 - - [29/Sep/2023:12:53:09 -0500] "GET /sipse/faces/javax.faces.resource/layout/layout.js?ln=primefaces&v=4.0 HTTP/1.1" 304 -
216.244.66.195 - - [29/Sep/2023:12:53:18 -0500] "GET /BLA/resoluciones/RESOLUCIONES%202022/0428.pdf HTTP/1.1" 200 332689
186.102.107.171 - - [29/Sep/2023:12:53:35 -0500] "GET /kwssiamovil/sm/ldap/au?x=U2FsdGVkX1+i9+RnHfSEMEUFpI8FSTeRr3qd/GOZjzmh1cEpDg5/fqd3+uoIZjhhw8jXV/eiqnwNlzDkGYCODQ==&y=U2FsdGVkX1+smE/1YdMIjQ3L340Iv0ARYPDyeQL9ndmp6lGwbweIa4bG+ooDwzn7 HTTP/1.1" 200 30
186.102.107.171 - - [29/Sep/2023:12:53:35 -0500] "GET /kwssiamovil/sm/acme/s?s=U2FsdGVkX188/yqRsl29CpqW3PtRDosB50+7clL55fmhVfEuMGVQfKlDhMFLQHrI0B7DLklpHeTTbm5bEtq1rPwo0a0XjTQroa24JdOv7ZE=&u=U2FsdGVkX19C4Dp9uzpnWo+RBL2TQYvSRuT2g/FqNFbajQ6ztfvKGCq7kvsfkVR5&y=U2FsdGVkX1+smE/1YdMIjQ3L340Iv0ARYPDyeQL9ndmp6lGwbweIa4bG+ooDwzn7 HTTP/1.1" 200 97
186.102.107.171 - - [29/Sep/2023:12:53:35 -0500] "GET /kwssiamovil/sm/acme/s?s=U2FsdGVkX188Nj1ODX7LdDMOr1MYDmL3YXfDwjI6EU2oby5eXJken4Oodp3dAJGu44psQ5BOUNg6gz6yqPNfUvXUHrA+68vYsjlG+X3AyU6Bc33HXCF2a5Lp0AgqWPq9HCx7EaC9kB/hqXNdEoO5amw2Nrhql0HazYg3vH6a2qzudeXa9LuUuWqUtxIHPcvL1Sz57zNF02+JL1WMKEE4myTs4C6pg9Eql0WAFPW8sU50Ql6MuFfKn2bRr902wvjUSekwwe8c0pPy286ioj81P77gmfQy4XgMtTdqSoYgVBWX0eImT/03GBVSpWmRTTyKNz1f8OEPOFheLpTYHjIdf9W2bjgrrUcSH/nYV0AJO+PHcT8ww3/Znz/39qpnBMURjUtSZShlt56N0K3s2PWeEEqlIjztChxygqVxxd8sDZ8uh8U2AV+qDJe3GrZJlsrcs4hDm4HKsqo3zobzq5FPXfOUbQH+4MpT90ARr6Y+QaZfqiAOwiPmtgn+AHx3R9ybsrZtw1iFyhhCvLhZK+Jvta67Zn100ISoaZDcgt0TLmDqd5WoaMGnxitXk8awIItZPm0dGT2Itib5jHtpunhpM+AW7lTfm/DMKm/mobGUJI6cZtQ+PBCXIigdKdAIIh5/Jy/+F5Yil/Xzs7Z/8ram7tEyAtXNLuv+qAmWnA31Ej2kpu1DQThAIjutQZWIWfJ5ylu12tojm+s2YlapMeQ9a8bQ6x2czpzEba5K7e482F7fagt/a8ghVZxQQvWfrE1bbm59p2XVrOjHqDyITOdF9uY33CcjlB5HxMFPl9a9tLtcaO3GDt9m69DwyE9KHY1C6mbFPDtEbKvhrH69orjsJfAaI006rd5NA4J+Pd7irYNhAj0aPyaYAZOYR7ccxUxc7wgiQyVPJHruJGMVvOyvHRrduvjtWHf7NhP68qkxABnQJYX1LvJbsjy7Tj+xzu2KYbnEdAPU5y+dVwO2LVSavErIb7z+Kffx78zoGYyTpGJGEL7rNSzC4uQzhaVhU9uFIkrJbvwoRwLy8QFOtCGRl1xuq7L/1HLyVB3tx2oY0IiNFYiC6wWq73uUbpajjh23vGszfVBGOj1+WiQFAQlQcvStBe7fvlNTOxhb7AAuzw/r2StUIokg+50XUaTMqHzWzHJoyx6pyZX5sy5tt/S5XN5uB7wCgARchpTNoMsUPjPufGbCOdBTpYA/6bxw4XTH8XDZLJqRkiXNiWgchpq/oJUnvZDHc2xFm1yVYlHA+0tNgaOJ76OvUZNCCIbC5X9n1xpYFTCa0qsxB3bU5tR9W3fNwX3WAZtnXRQLzAU0QB1WZZLt29XF7xSLrOY30gIOgHS3Vq5hT69/ZGvNV+0RHBsUCkR0ir95x1kRuSlA8gHwONjfBOqj8NK+Hy923NAeMWRACdsVg+sBPhU+BgaKj7sUPs8Lnc9FByN10wPvGikdxb+GoXtYBNjBZjQeeoys3WTTQvlKD3twhL3zsnQKh9PSuLzf+roRI6bSu4TwDZspIHKUPVznBR5xa9Hmqz3+NkMu52LlldeUuq+BXuacVcXTHQdMhN4Bzs7m1zUrALenCtMhAArJIncGAUFfGo0l4jcBUbsc3lc5NYWLSInHxhjAO3jPeXS3zbKUHoxdvNvwkQHQEEaXNsEKvkHuz0fEDKxkVvXRFy9a+ylw5NkC5FLGbiQZNCOmdv3UlSHQ2p5vSu1v5fiScMKUQUHY4qbS6F1SMYlunvNQu4W1vlRNrQsgviE/GSn3zanrkVaJKt2dueinEraPjweuST3+tV8R&u=U2FsdGVkX19C4Dp9uzpnWo+RBL2TQYvSRuT2g/FqNFbajQ6ztfvKGCq7kvsfkVR5&y=U2FsdGVkX1+smE/1YdMIjQ3L340Iv0ARYPDyeQL9ndmp6lGwbweIa4bG+ooDwzn7 HTTP/1.1" 200 5862
186.102.107.171 - - [29/Sep/2023:12:53:36 -0500] "GET /kwssiamovil/sm/acme/s?s=U2FsdGVkX18RKNVn7Huvpu0uC4Kj/4Z89bG7Q3b6MxL5G2bhtvxLzLFVIznicJ/hv02QlrO6/2JmgWK2F7OidISzkRbcGHtUuJZmpfXTrEWdeu9vo2GOJ+zbqSxZJfcEOTWeOyfZ7fiuK/KkBLUPM4bfHgdNMx17+6dzlOSP5QhojbyaoML1os6moeMx7Fou0SkPv5ZEnldNrNZdYE3CCjA7iyQ8KamzKDig4aPViyXTBUN0ySQuEtpVvQjKO4XgLNIjY7aNLn5utpK2fvOEIIUO8NgFr6XEYpV8mZN6t0VnUXOTZw4pe7fYLF6tcMvPJVc9OnFSkRojoE/mGsZKNj7pWHRY3vLpRoruNxb+QiIEMo300X8NOnWlgFtQ3xGPdVFBFBSocoKjttRkaTzKl3kvl4BHOZ6CuCb4GF7c8xcbjHA/ZCxTp3b3y45wEe/8CeK2/ABvRE+UMPKClKBZUfXG+NYm1dIQU29k1HryAncSqFbF/T8BaLCXocU51GOx61RQ+O37ldIBEdQdb1iFpZIsGwJ9X3IkV9tHQElOZDa+6df8uXkzznnBWAXNgr+wgk9EVsMuxLtYKOs7nnjYtE5D0AniZbXUPc/7tW6oRkajLIt4RgSmkQORoj73xAta2PQm+rVw3QcElUnC3a6+v+MTmxdWjErRDdo30RXnzL8QFWTYAy3KfV94nCoQ2crf//mKawIiMcjxMzoA30GoGNpFl9vfMwDwBT/1bD+ncuCfB4M62fWg9+L/eShepIdNh67zcKMcEKnBg0CgAB405A==&u=U2FsdGVkX19C4Dp9uzpnWo+RBL2TQYvSRuT2g/FqNFbajQ6ztfvKGCq7kvsfkVR5&y=U2FsdGVkX1+smE/1YdMIjQ3L340Iv0ARYPDyeQL9ndmp6lGwbweIa4bG+ooDwzn7 HTTP/1.1" 200 208
186.102.107.171 - - [29/Sep/2023:12:53:36 -0500] "GET /kwssiamovil/sm/cjson/pre?f=1&x=U2FsdGVkX1+i9+RnHfSEMEUFpI8FSTeRr3qd/GOZjzmh1cEpDg5/fqd3+uoIZjhhw8jXV/eiqnwNlzDkGYCODQ== HTTP/1.1" 200 31032
216.244.66.195 - - [29/Sep/2023:12:53:49 -0500] "GET /BLA/resoluciones/RESOLUCIONES%202022/0520.pdf HTTP/1.1" 200 334740
