186.84.90.99 - - [29/Sep/2023:14:33:16 -0500] "GET /sipse/faces/javax.faces.resource/jquery/jquery-plugins.js?ln=primefaces&v=4.0 HTTP/1.1" 304 -
186.84.90.99 - - [29/Sep/2023:14:33:16 -0500] "GET /sipse/faces/javax.faces.resource/primefaces.js?ln=primefaces&v=4.0 HTTP/1.1" 304 -
186.84.90.99 - - [29/Sep/2023:14:33:16 -0500] "GET /sipse/faces/javax.faces.resource/layout/layout.js?ln=primefaces&v=4.0 HTTP/1.1" 304 -
216.244.66.195 - - [29/Sep/2023:14:33:21 -0500] "GET /BLA/resoluciones/RESOLUCIONES%202016/2223.pdf HTTP/1.1" 200 564948
172.22.2.4 - - [29/Sep/2023:14:33:36 -0500] "GET /BLA/boletinlegal/consulta_actos.php?tipo=autos&no=3198&usuario=&sector=&fecha=2023&resuelve= HTTP/1.1" 200 1131
216.244.66.195 - - [29/Sep/2023:14:33:36 -0500] "GET /BLA/resoluciones/RESOLUCIONES%202016/2298.pdf HTTP/1.1" 200 364755
191.156.179.223 - - [29/Sep/2023:14:33:42 -0500] "GET /sipse/faces/index.xhtml HTTP/1.1" 200 677
191.156.179.223 - - [29/Sep/2023:14:33:43 -0500] "GET /sipse/faces/javax.faces.resource/theme.css?ln=primefaces-sipse HTTP/1.1" 304 -
191.156.179.223 - - [29/Sep/2023:14:33:43 -0500] "GET /sipse/faces/faces/autenticacion.xhtml HTTP/1.1" 200 12425
191.156.177.181 - - [29/Sep/2023:14:33:44 -0500] "GET /sipse/faces/javax.faces.resource/primefaces.css?ln=primefaces&v=4.0 HTTP/1.1" 304 -
191.156.179.223 - - [29/Sep/2023:14:33:44 -0500] "GET /sipse/faces/javax.faces.resource/theme.css?ln=primefaces-sipse HTTP/1.1" 304 -
191.156.179.223 - - [29/Sep/2023:14:33:44 -0500] "GET /sipse/faces/javax.faces.resource/jquery/jquery.js?ln=primefaces&v=4.0 HTTP/1.1" 304 -
191.156.177.181 - - [29/Sep/2023:14:33:44 -0500] "GET /sipse/faces/javax.faces.resource/layout/layout.css?ln=primefaces&v=4.0 HTTP/1.1" 304 -
191.156.179.223 - - [29/Sep/2023:14:33:44 -0500] "GET /sipse/faces/javax.faces.resource/jquery/jquery-plugins.js?ln=primefaces&v=4.0 HTTP/1.1" 304 -
191.156.177.181 - - [29/Sep/2023:14:33:44 -0500] "GET /sipse/faces/javax.faces.resource/primefaces.js?ln=primefaces&v=4.0 HTTP/1.1" 304 -
191.156.179.223 - - [29/Sep/2023:14:33:44 -0500] "GET /sipse/faces/javax.faces.resource/layout/layout.js?ln=primefaces&v=4.0 HTTP/1.1" 304 -
191.156.179.223 - - [29/Sep/2023:14:33:47 -0500] "POST /sipse/faces/autenticacion.xhtml HTTP/1.1" 200 16256
191.156.179.223 - - [29/Sep/2023:14:33:47 -0500] "GET /sipse/faces/javax.faces.resource/theme.css?ln=primefaces-sipse HTTP/1.1" 304 -
191.156.190.20 - - [29/Sep/2023:14:33:47 -0500] "GET /sipse/faces/javax.faces.resource/layout/layout.css?ln=primefaces&v=4.0 HTTP/1.1" 304 -
191.156.177.181 - - [29/Sep/2023:14:33:47 -0500] "GET /sipse/faces/javax.faces.resource/primefaces.css?ln=primefaces&v=4.0 HTTP/1.1" 304 -
191.156.184.30 - - [29/Sep/2023:14:33:47 -0500] "GET /sipse/faces/javax.faces.resource/jquery/jquery.js?ln=primefaces&v=4.0 HTTP/1.1" 304 -
191.156.184.30 - - [29/Sep/2023:14:33:47 -0500] "GET /sipse/faces/javax.faces.resource/jquery/jquery-plugins.js?ln=primefaces&v=4.0 HTTP/1.1" 304 -
191.156.184.30 - - [29/Sep/2023:14:33:48 -0500] "GET /sipse/faces/javax.faces.resource/primefaces.js?ln=primefaces&v=4.0 HTTP/1.1" 304 -
191.156.184.30 - - [29/Sep/2023:14:33:48 -0500] "GET /sipse/faces/javax.faces.resource/layout/layout.js?ln=primefaces&v=4.0 HTTP/1.1" 304 -
191.156.184.30 - - [29/Sep/2023:14:33:50 -0500] "POST /sipse/faces/bienvenido.xhtml HTTP/1.1" 200 1471
216.244.66.195 - - [29/Sep/2023:14:33:51 -0500] "GET /BLA/resoluciones/RESOLUCIONES%202017/0651.pdf HTTP/1.1" 200 517269
191.156.184.30 - - [29/Sep/2023:14:33:51 -0500] "POST /sipse/faces/bienvenido.xhtml HTTP/1.1" 200 37736
191.156.179.223 - - [29/Sep/2023:14:33:52 -0500] "GET /sipse/faces/javax.faces.resource/layout/layout.css?ln=primefaces&v=4.0 HTTP/1.1" 304 -
191.156.190.20 - - [29/Sep/2023:14:33:52 -0500] "GET /sipse/faces/javax.faces.resource/jquery/jquery.js?ln=primefaces&v=4.0 HTTP/1.1" 304 -
191.156.177.181 - - [29/Sep/2023:14:33:52 -0500] "GET /sipse/faces/javax.faces.resource/primefaces.css?ln=primefaces&v=4.0 HTTP/1.1" 304 -
191.156.190.20 - - [29/Sep/2023:14:33:52 -0500] "GET /sipse/faces/javax.faces.resource/jquery/jquery-plugins.js?ln=primefaces&v=4.0 HTTP/1.1" 304 -
191.156.190.20 - - [29/Sep/2023:14:33:52 -0500] "GET /sipse/faces/javax.faces.resource/primefaces.js?ln=primefaces&v=4.0 HTTP/1.1" 304 -
191.156.190.20 - - [29/Sep/2023:14:33:52 -0500] "GET /sipse/faces/javax.faces.resource/layout/layout.js?ln=primefaces&v=4.0 HTTP/1.1" 304 -
191.156.190.20 - - [29/Sep/2023:14:33:52 -0500] "POST /sipse/faces/presentacion/financiero/solicitudProceso/listarSolicitudProceso.xhtml HTTP/1.1" 200 1424
191.156.184.30 - - [29/Sep/2023:14:33:53 -0500] "GET /sipse/faces/javax.faces.resource/theme.css?ln=primefaces-sipse HTTP/1.1" 304 -
52.167.144.219 - - [29/Sep/2023:14:34:00 -0500] "GET /BLA/resoluciones/RESOLUCIONES%202012/0983.pdf HTTP/1.1" 200 156165
216.244.66.195 - - [29/Sep/2023:14:34:06 -0500] "GET /BLA/resoluciones/RESOLUCIONES%202017/0742.pdf HTTP/1.1" 200 306475
191.156.184.30 - - [29/Sep/2023:14:34:10 -0500] "POST /sipse/faces/presentacion/financiero/solicitudProceso/listarSolicitudProceso.xhtml HTTP/1.1" 200 121470
191.156.184.30 - - [29/Sep/2023:14:34:11 -0500] "GET /sipse/faces/javax.faces.resource/theme.css?ln=primefaces-sipse HTTP/1.1" 304 -
191.156.182.223 - - [29/Sep/2023:14:34:11 -0500] "GET /sipse/faces/javax.faces.resource/primefaces.css?ln=primefaces&v=4.0 HTTP/1.1" 304 -
191.156.184.30 - - [29/Sep/2023:14:34:11 -0500] "GET /sipse/faces/javax.faces.resource/layout/layout.css?ln=primefaces&v=4.0 HTTP/1.1" 304 -
191.156.184.47 - - [29/Sep/2023:14:34:11 -0500] "GET /sipse/faces/javax.faces.resource/jquery/jquery.js?ln=primefaces&v=4.0 HTTP/1.1" 304 -
191.156.184.47 - - [29/Sep/2023:14:34:12 -0500] "GET /sipse/faces/javax.faces.resource/jquery/jquery-plugins.js?ln=primefaces&v=4.0 HTTP/1.1" 304 -
191.156.184.47 - - [29/Sep/2023:14:34:12 -0500] "GET /sipse/faces/javax.faces.resource/primefaces.js?ln=primefaces&v=4.0 HTTP/1.1" 304 -
191.156.184.47 - - [29/Sep/2023:14:34:12 -0500] "GET /sipse/faces/javax.faces.resource/layout/layout.js?ln=primefaces&v=4.0 HTTP/1.1" 304 -
191.156.184.47 - - [29/Sep/2023:14:34:13 -0500] "GET /sipse/faces/javax.faces.resource/dynamiccontent.properties?ln=primefaces&pfdrid=XjOR5%2F%2FfPAZAuY9TpWQeCiM0BhlXxYRBGKi%2FQcXXfeA%3D&pfdrid_c=false HTTP/1.1" 500 383
191.156.182.223 - - [29/Sep/2023:14:34:18 -0500] "POST /sipse/faces/presentacion/financiero/solicitudProceso/consultarSolicitudProceso.xhtml HTTP/1.1" 200 41693
216.244.66.195 - - [29/Sep/2023:14:34:19 -0500] "GET /BLA/resoluciones/RESOLUCIONES%202017/1145.pdf HTTP/1.1" 200 529472
172.22.2.4 - - [29/Sep/2023:14:32:41 -0500] "HEAD /BLA/boletinlegal/ HTTP/1.1" 200 -
216.244.66.195 - - [29/Sep/2023:14:34:32 -0500] "GET /BLA/resoluciones/RESOLUCIONES%202017/1693.pdf HTTP/1.1" 200 431672
20.15.133.182 - - [29/Sep/2023:14:34:33 -0500] "GET /BLA/resoluciones/AUTOS%202023/3117.pdf HTTP/1.1" 200 4916070
216.244.66.195 - - [29/Sep/2023:14:34:43 -0500] "GET /BLA/resoluciones/RESOLUCIONES%202017/1787.pdf HTTP/1.1" 200 568555
191.156.186.1 - - [29/Sep/2023:14:34:37 -0500] "POST /sipse/faces/presentacion/financiero/solicitudProceso/consultarSolicitudProceso.xhtml HTTP/1.1" 200 1318127
186.84.90.99 - - [29/Sep/2023:14:34:43 -0500] "POST /sipse/faces/presentacion/financiero/solicitudProceso/asignarContratacion.xhtml HTTP/1.1" 200 6614
186.84.90.99 - - [29/Sep/2023:14:34:51 -0500] "POST /sipse/faces/presentacion/financiero/solicitudProceso/asignarContratacion.xhtml HTTP/1.1" 200 8953
201.245.192.253 - - [29/Sep/2023:14:34:52 -0500] "POST /forms/lservlet;jsessionid=ac16012b30d6619814261ab448b5b9b081ec43f14b45.e3iSbxaKaheRe34Pbx8Nc3aQci1ynknvrkLOlQzNp65In0 HTTP/1.1" 200 2
216.244.66.195 - - [29/Sep/2023:14:34:53 -0500] "GET /BLA/resoluciones/RESOLUCIONES%202017/2913.pdf HTTP/1.1" 200 272315
172.22.2.4 - - [29/Sep/2023:14:34:54 -0500] "GET /BLA/boletinlegal/consulta_actos.php?tipo=autos&no=3199&usuario=&sector=&fecha=2023&resuelve= HTTP/1.1" 200 1135
186.84.90.99 - - [29/Sep/2023:14:34:56 -0500] "POST /sipse/faces/presentacion/financiero/solicitudProceso/asignarContratacion.xhtml HTTP/1.1" 200 6614
216.244.66.195 - - [29/Sep/2023:14:35:01 -0500] "GET /BLA/resoluciones/RESOLUCIONES%202017/2927.pdf HTTP/1.1" 200 338437
186.84.90.99 - - [29/Sep/2023:14:35:02 -0500] "POST /sipse/faces/presentacion/financiero/solicitudProceso/asignarContratacion.xhtml HTTP/1.1" 200 8953
216.244.66.195 - - [29/Sep/2023:14:35:09 -0500] "GET /BLA/resoluciones/RESOLUCIONES%202017/3369.pdf HTTP/1.1" 200 283580
172.22.2.4 - - [29/Sep/2023:14:33:31 -0500] "GET /BLA/boletinlegal/ HTTP/1.1" 200 58187
216.244.66.195 - - [29/Sep/2023:14:35:15 -0500] "GET /BLA/resoluciones/RESOLUCIONES%202017/3575.pdf HTTP/1.1" 200 298616
216.244.66.195 - - [29/Sep/2023:14:35:21 -0500] "GET /BLA/resoluciones/RESOLUCIONES%202017/3693.pdf HTTP/1.1" 200 2714931
190.102.127.90 - - [29/Sep/2023:14:35:22 -0500] "GET /catalogoisis/ HTTP/1.1" 200 8575
190.102.127.90 - - [29/Sep/2023:14:35:23 -0500] "GET /catalogoisis/Css/Busqueda.css HTTP/1.1" 200 1995
190.102.127.90 - - [29/Sep/2023:14:35:23 -0500] "GET /catalogoisis/Js/AceptarLimpiar.js HTTP/1.1" 200 331
190.102.127.90 - - [29/Sep/2023:14:35:23 -0500] "GET /catalogoisis/Js/CriterioCombinada.js HTTP/1.1" 200 1843
190.102.127.90 - - [29/Sep/2023:14:35:23 -0500] "GET /catalogoisis/Js/Cookies.js HTTP/1.1" 200 1369
190.102.127.90 - - [29/Sep/2023:14:35:23 -0500] "GET /catalogoisis/Js/Remote.js HTTP/1.1" 200 436
190.102.127.90 - - [29/Sep/2023:14:35:23 -0500] "GET /catalogoisis/Js/LimpiarCombinada.js HTTP/1.1" 200 207
190.102.127.90 - - [29/Sep/2023:14:35:23 -0500] "GET /catalogoisis/Js/Go.js HTTP/1.1" 200 364
190.102.127.90 - - [29/Sep/2023:14:35:23 -0500] "GET /catalogoisis/Js/Numero.js HTTP/1.1" 200 398
190.102.127.90 - - [29/Sep/2023:14:35:23 -0500] "GET /catalogoisis/Js/Enter.js HTTP/1.1" 200 1208
190.102.127.90 - - [29/Sep/2023:14:35:23 -0500] "GET /catalogoisis/imagenes/br1c3.gif HTTP/1.1" 200 302
190.102.127.90 - - [29/Sep/2023:14:35:23 -0500] "GET /catalogoisis/imagenes/aceptar1.gif HTTP/1.1" 200 604
190.102.127.90 - - [29/Sep/2023:14:35:23 -0500] "GET /catalogoisis/imagenes/br1c1.gif HTTP/1.1" 200 172
190.102.127.90 - - [29/Sep/2023:14:35:23 -0500] "GET /catalogoisis/imagenes/limpiar1.gif HTTP/1.1" 200 606
190.102.127.90 - - [29/Sep/2023:14:35:23 -0500] "GET /catalogoisis/imagenes/Turnbo1.gif HTTP/1.1" 200 227
190.102.127.90 - - [29/Sep/2023:14:35:24 -0500] "GET /catalogoisis/imagenes/br3c2.gif HTTP/1.1" 200 285
190.102.127.90 - - [29/Sep/2023:14:35:23 -0500] "GET /catalogoisis/imagenes/Header.gif HTTP/1.1" 200 27040
190.102.127.90 - - [29/Sep/2023:14:35:24 -0500] "GET /catalogoisis/imagenes/br2c1.gif HTTP/1.1" 200 297
190.102.127.90 - - [29/Sep/2023:14:35:24 -0500] "GET /catalogoisis/imagenes/br2c3.gif HTTP/1.1" 200 416
190.102.127.90 - - [29/Sep/2023:14:35:24 -0500] "GET /catalogoisis/imagenes/br2c2.gif HTTP/1.1" 200 302
190.102.127.90 - - [29/Sep/2023:14:35:24 -0500] "GET /catalogoisis/imagenes/br3c1.gif HTTP/1.1" 200 177
190.102.127.90 - - [29/Sep/2023:14:35:24 -0500] "GET /catalogoisis/imagenes/br1c2.gif HTTP/1.1" 200 297
190.102.127.90 - - [29/Sep/2023:14:35:24 -0500] "GET /catalogoisis/imagenes/br3c3.gif HTTP/1.1" 200 186
190.102.127.90 - - [29/Sep/2023:14:35:25 -0500] "GET /favicon.ico HTTP/1.1" 200 7782
216.244.66.195 - - [29/Sep/2023:14:35:32 -0500] "GET /BLA/resoluciones/RESOLUCIONES%202019/0951.pdf HTTP/1.1" 200 2653011
172.22.2.4 - - [29/Sep/2023:14:35:41 -0500] "GET /BLA/boletinlegal/consulta_actos.php?tipo=autos&no=3200&usuario=&sector=&fecha=2023&resuelve= HTTP/1.1" 200 1129
216.244.66.195 - - [29/Sep/2023:14:35:52 -0500] "GET /BLA/resoluciones/RESOLUCIONES%202019/1879.pdf HTTP/1.1" 200 3294103
172.22.2.4 - - [29/Sep/2023:14:36:13 -0500] "GET /BLA/boletinlegal/consulta_actos.php?tipo=autos&no=3207&usuario=&sector=&fecha=2023&resuelve= HTTP/1.1" 200 1115
66.249.66.193 - - [29/Sep/2023:14:36:14 -0500] "GET /proximo-4-de-octubre-simulacro-distrital-de-evacuacion-dia-y-noche.html HTTP/1.1" 200 783
216.244.66.195 - - [29/Sep/2023:14:36:26 -0500] "GET /BLA/resoluciones/RESOLUCIONES%202001/RESOLUCION%201596%20DE%202001.pdf HTTP/1.1" 200 56441
172.22.2.4 - - [29/Sep/2023:14:36:27 -0500] "GET /BLA/boletinlegal/consulta_actos.php?tipo=autos&no=3212&usuario=&sector=&fecha=2023&resuelve= HTTP/1.1" 200 1142
201.245.192.253 - - [29/Sep/2023:14:36:30 -0500] "POST /kwsrmcab/Wsrmcab  HTTP/1.1" 200 43477
216.245.221.92 - - [29/Sep/2023:14:36:44 -0500] "HEAD / HTTP/1.1" 200 -
201.245.192.253 - - [29/Sep/2023:14:36:52 -0500] "POST /forms/lservlet;jsessionid=ac16012b30d6619814261ab448b5b9b081ec43f14b45.e3iSbxaKaheRe34Pbx8Nc3aQci1ynknvrkLOlQzNp65In0 HTTP/1.1" 200 2
216.244.66.195 - - [29/Sep/2023:14:36:56 -0500] "GET /BLA/resoluciones/AUTOS%202007/0086.pdf HTTP/1.1" 200 49221
191.156.184.30 - - [29/Sep/2023:14:37:08 -0500] "POST /sipse/faces/presentacion/financiero/solicitudProceso/consultarSolicitudProceso.xhtml HTTP/1.1" 200 41693
172.22.2.4 - - [29/Sep/2023:14:37:12 -0500] "GET /BLA/boletinlegal/consulta_actos.php?tipo=autos&no=3213&usuario=&sector=&fecha=2023&resuelve= HTTP/1.1" 200 1133
216.244.66.195 - - [29/Sep/2023:14:37:25 -0500] "GET /BLA/resoluciones/AUTOS%202007/0098.pdf HTTP/1.1" 200 115678
172.22.2.4 - - [29/Sep/2023:14:37:35 -0500] "GET /BLA/boletinlegal/conceptos/2020/46.pdf HTTP/1.1" 200 350199
172.22.2.4 - - [29/Sep/2023:14:37:35 -0500] "GET /BLA/boletinlegal/favicon.ico HTTP/1.1" 404 1350
216.244.66.195 - - [29/Sep/2023:14:37:53 -0500] "GET /BLA/resoluciones/AUTOS%202007/0139.pdf HTTP/1.1" 200 292991
172.22.2.4 - - [29/Sep/2023:14:37:57 -0500] "GET /BLA/boletinlegal/consulta_actos.php?tipo=autos&no=3214&usuario=&sector=&fecha=2023&resuelve= HTTP/1.1" 200 1133
186.84.90.99 - - [29/Sep/2023:14:38:04 -0500] "POST /sipse/faces/presentacion/financiero/solicitudProceso/asignarContratacion.xhtml HTTP/1.1" 200 6614
172.22.2.4 - - [29/Sep/2023:14:38:08 -0500] "GET /BLA/boletinlegal/conceptos/2020/46.pdf HTTP/1.1" 200 350199
190.102.127.90 - - [29/Sep/2023:14:38:08 -0500] "GET /catalogoisis/ HTTP/1.1" 200 8575
172.22.2.4 - - [29/Sep/2023:14:38:08 -0500] "GET /BLA/boletinlegal/favicon.ico HTTP/1.1" 404 1350
201.245.192.253 - - [29/Sep/2023:14:38:08 -0500] "POST /kwsrmcab/Wsrmcab HTTP/1.1" 200 43294
201.245.192.253 - - [29/Sep/2023:14:38:11 -0500] "POST /kwsrmcab/Wsrmcab HTTP/1.1" 200 42293
172.22.2.4 - - [29/Sep/2023:14:38:20 -0500] "GET /BLA/boletinlegal/consulta_actos.php?tipo=autos&no=3215&usuario=&sector=&fecha=2023&resuelve= HTTP/1.1" 200 1121
216.244.66.195 - - [29/Sep/2023:14:38:20 -0500] "GET /BLA/resoluciones/AUTOS%202007/0240.pdf HTTP/1.1" 200 33611
186.84.90.99 - - [29/Sep/2023:14:38:26 -0500] "POST /sipse/faces/presentacion/financiero/solicitudProceso/asignarContratacion.xhtml HTTP/1.1" 200 8953
216.244.66.195 - - [29/Sep/2023:14:38:46 -0500] "GET /BLA/resoluciones/AUTOS%202007/0260.pdf HTTP/1.1" 200 239509
172.22.2.4 - - [29/Sep/2023:14:38:46 -0500] "GET /BLA/boletinlegal/consulta_actos.php?tipo=autos&no=3231&usuario=&sector=&fecha=2023&resuelve= HTTP/1.1" 200 1133
186.84.90.99 - - [29/Sep/2023:14:38:48 -0500] "POST /sipse/faces/presentacion/financiero/solicitudProceso/asignarContratacion.xhtml HTTP/1.1" 200 6614
201.245.192.253 - - [29/Sep/2023:14:38:52 -0500] "POST /forms/lservlet;jsessionid=ac16012b30d6619814261ab448b5b9b081ec43f14b45.e3iSbxaKaheRe34Pbx8Nc3aQci1ynknvrkLOlQzNp65In0 HTTP/1.1" 200 2
186.84.90.99 - - [29/Sep/2023:14:39:01 -0500] "POST /sipse/faces/presentacion/financiero/solicitudProceso/asignarContratacion.xhtml HTTP/1.1" 200 35028
186.84.90.99 - - [29/Sep/2023:14:39:02 -0500] "GET /sipse/faces/javax.faces.resource/theme.css?ln=primefaces-sipse HTTP/1.1" 304 -
186.84.90.99 - - [29/Sep/2023:14:39:02 -0500] "GET /sipse/faces/javax.faces.resource/primefaces.css?ln=primefaces&v=4.0 HTTP/1.1" 304 -
186.84.90.99 - - [29/Sep/2023:14:39:02 -0500] "GET /sipse/faces/javax.faces.resource/layout/layout.css?ln=primefaces&v=4.0 HTTP/1.1" 304 -
186.84.90.99 - - [29/Sep/2023:14:39:02 -0500] "GET /sipse/faces/javax.faces.resource/jquery/jquery.js?ln=primefaces&v=4.0 HTTP/1.1" 304 -
186.84.90.99 - - [29/Sep/2023:14:39:02 -0500] "GET /sipse/faces/javax.faces.resource/jquery/jquery-plugins.js?ln=primefaces&v=4.0 HTTP/1.1" 304 -
186.84.90.99 - - [29/Sep/2023:14:39:02 -0500] "GET /sipse/faces/javax.faces.resource/primefaces.js?ln=primefaces&v=4.0 HTTP/1.1" 304 -
186.84.90.99 - - [29/Sep/2023:14:39:02 -0500] "GET /sipse/faces/javax.faces.resource/layout/layout.js?ln=primefaces&v=4.0 HTTP/1.1" 304 -
186.84.90.99 - - [29/Sep/2023:14:39:02 -0500] "POST /sipse/faces/presentacion/financiero/solicitudProceso/listarSolicitudProceso.xhtml HTTP/1.1" 200 28358
186.84.90.99 - - [29/Sep/2023:14:39:02 -0500] "POST /sipse/faces/presentacion/financiero/solicitudProceso/listarSolicitudProceso.xhtml HTTP/1.1" 200 28358
186.84.90.99 - - [29/Sep/2023:14:39:03 -0500] "POST /sipse/faces/presentacion/financiero/solicitudProceso/listarSolicitudProceso.xhtml HTTP/1.1" 200 28358
186.84.90.99 - - [29/Sep/2023:14:39:03 -0500] "POST /sipse/faces/presentacion/financiero/solicitudProceso/listarSolicitudProceso.xhtml HTTP/1.1" 200 1404
186.84.90.99 - - [29/Sep/2023:14:39:04 -0500] "POST /sipse/faces/presentacion/financiero/solicitudProceso/listarSolicitudProceso.xhtml HTTP/1.1" 200 1384
186.84.90.99 - - [29/Sep/2023:14:39:04 -0500] "POST /sipse/faces/presentacion/financiero/solicitudProceso/listarSolicitudProceso.xhtml HTTP/1.1" 200 1404
186.84.90.99 - - [29/Sep/2023:14:39:04 -0500] "POST /sipse/faces/presentacion/financiero/solicitudProceso/listarSolicitudProceso.xhtml HTTP/1.1" 200 1396
186.84.90.99 - - [29/Sep/2023:14:39:07 -0500] "POST /sipse/faces/presentacion/financiero/solicitudProceso/listarSolicitudProceso.xhtml HTTP/1.1" 200 116431
186.84.90.99 - - [29/Sep/2023:14:39:08 -0500] "GET /sipse/faces/javax.faces.resource/theme.css?ln=primefaces-sipse HTTP/1.1" 304 -
186.84.90.99 - - [29/Sep/2023:14:39:08 -0500] "GET /sipse/faces/javax.faces.resource/primefaces.css?ln=primefaces&v=4.0 HTTP/1.1" 304 -
186.84.90.99 - - [29/Sep/2023:14:39:08 -0500] "GET /sipse/faces/javax.faces.resource/layout/layout.css?ln=primefaces&v=4.0 HTTP/1.1" 304 -
186.84.90.99 - - [29/Sep/2023:14:39:08 -0500] "GET /sipse/faces/javax.faces.resource/jquery/jquery.js?ln=primefaces&v=4.0 HTTP/1.1" 304 -
186.84.90.99 - - [29/Sep/2023:14:39:08 -0500] "GET /sipse/faces/javax.faces.resource/jquery/jquery-plugins.js?ln=primefaces&v=4.0 HTTP/1.1" 304 -
186.84.90.99 - - [29/Sep/2023:14:39:08 -0500] "GET /sipse/faces/javax.faces.resource/primefaces.js?ln=primefaces&v=4.0 HTTP/1.1" 304 -
186.84.90.99 - - [29/Sep/2023:14:39:08 -0500] "GET /sipse/faces/javax.faces.resource/layout/layout.js?ln=primefaces&v=4.0 HTTP/1.1" 304 -
186.84.90.99 - - [29/Sep/2023:14:39:08 -0500] "GET /sipse/faces/javax.faces.resource/dynamiccontent.properties?ln=primefaces&pfdrid=XjOR5%2F%2FfPAZAuY9TpWQeCiM0BhlXxYRBGKi%2FQcXXfeA%3D&pfdrid_c=false HTTP/1.1" 500 383
216.244.66.195 - - [29/Sep/2023:14:39:12 -0500] "GET /BLA/resoluciones/AUTOS%202007/0284.pdf HTTP/1.1" 200 358066
172.22.2.4 - - [29/Sep/2023:14:39:14 -0500] "GET /BLA/boletinlegal/consulta_actos.php?tipo=autos&no=3236&usuario=&sector=&fecha=2023&resuelve= HTTP/1.1" 200 1132
190.147.4.79 - - [29/Sep/2023:14:39:15 -0500] "POST /sipse/faces/presentacion/financiero/solicitudProceso/listarSolicitudProceso.xhtml HTTP/1.1" 200 58114
190.147.4.79 - - [29/Sep/2023:14:39:15 -0500] "POST /sipse/faces/presentacion/financiero/solicitudProceso/listarSolicitudProceso.xhtml HTTP/1.1" 200 58114
190.147.4.79 - - [29/Sep/2023:14:39:16 -0500] "POST /sipse/faces/presentacion/financiero/solicitudProceso/listarSolicitudProceso.xhtml HTTP/1.1" 200 58114
190.147.4.79 - - [29/Sep/2023:14:39:16 -0500] "POST /sipse/faces/presentacion/financiero/solicitudProceso/listarSolicitudProceso.xhtml HTTP/1.1" 200 58114
190.147.4.79 - - [29/Sep/2023:14:39:17 -0500] "POST /sipse/faces/presentacion/financiero/solicitudProceso/listarSolicitudProceso.xhtml HTTP/1.1" 200 1552
190.147.4.79 - - [29/Sep/2023:14:39:17 -0500] "POST /sipse/faces/presentacion/financiero/solicitudProceso/listarSolicitudProceso.xhtml HTTP/1.1" 200 1548
190.147.4.79 - - [29/Sep/2023:14:39:17 -0500] "POST /sipse/faces/presentacion/financiero/solicitudProceso/listarSolicitudProceso.xhtml HTTP/1.1" 200 1556
190.147.4.79 - - [29/Sep/2023:14:39:17 -0500] "POST /sipse/faces/presentacion/financiero/solicitudProceso/listarSolicitudProceso.xhtml HTTP/1.1" 200 1548
186.84.90.99 - - [29/Sep/2023:14:39:18 -0500] "POST /sipse/faces/presentacion/financiero/solicitudProceso/consultarSolicitudProceso.xhtml HTTP/1.1" 200 30261
186.84.90.99 - - [29/Sep/2023:14:39:18 -0500] "GET /sipse/faces/javax.faces.resource/theme.css?ln=primefaces-sipse HTTP/1.1" 304 -
186.84.90.99 - - [29/Sep/2023:14:39:18 -0500] "GET /sipse/faces/javax.faces.resource/primefaces.css?ln=primefaces&v=4.0 HTTP/1.1" 304 -
186.84.90.99 - - [29/Sep/2023:14:39:18 -0500] "GET /sipse/faces/javax.faces.resource/layout/layout.css?ln=primefaces&v=4.0 HTTP/1.1" 304 -
186.84.90.99 - - [29/Sep/2023:14:39:18 -0500] "GET /sipse/faces/javax.faces.resource/jquery/jquery.js?ln=primefaces&v=4.0 HTTP/1.1" 304 -
186.84.90.99 - - [29/Sep/2023:14:39:18 -0500] "GET /sipse/faces/javax.faces.resource/jquery/jquery-plugins.js?ln=primefaces&v=4.0 HTTP/1.1" 304 -
186.84.90.99 - - [29/Sep/2023:14:39:18 -0500] "GET /sipse/faces/javax.faces.resource/primefaces.js?ln=primefaces&v=4.0 HTTP/1.1" 304 -
186.84.90.99 - - [29/Sep/2023:14:39:18 -0500] "GET /sipse/faces/javax.faces.resource/layout/layout.js?ln=primefaces&v=4.0 HTTP/1.1" 304 -
190.147.4.79 - - [29/Sep/2023:14:39:22 -0500] "POST /sipse/faces/presentacion/financiero/solicitudProceso/listarSolicitudProceso.xhtml HTTP/1.1" 200 22897
186.84.90.99 - - [29/Sep/2023:14:39:27 -0500] "POST /sipse/faces/presentacion/financiero/solicitudProceso/asignarContratacion.xhtml HTTP/1.1" 200 6614
216.244.66.195 - - [29/Sep/2023:14:39:36 -0500] "GET /BLA/resoluciones/AUTOS%202007/0304.pdf HTTP/1.1" 200 118091
186.84.90.99 - - [29/Sep/2023:14:39:34 -0500] "POST /sipse/faces/presentacion/financiero/solicitudProceso/asignarContratacion.xhtml HTTP/1.1" 200 32398
186.84.90.99 - - [29/Sep/2023:14:39:36 -0500] "GET /sipse/faces/javax.faces.resource/theme.css?ln=primefaces-sipse HTTP/1.1" 304 -
186.84.90.99 - - [29/Sep/2023:14:39:36 -0500] "GET /sipse/faces/javax.faces.resource/primefaces.css?ln=primefaces&v=4.0 HTTP/1.1" 304 -
186.84.90.99 - - [29/Sep/2023:14:39:36 -0500] "GET /sipse/faces/javax.faces.resource/layout/layout.css?ln=primefaces&v=4.0 HTTP/1.1" 304 -
186.84.90.99 - - [29/Sep/2023:14:39:36 -0500] "GET /sipse/faces/javax.faces.resource/jquery/jquery.js?ln=primefaces&v=4.0 HTTP/1.1" 304 -
186.84.90.99 - - [29/Sep/2023:14:39:36 -0500] "GET /sipse/faces/javax.faces.resource/jquery/jquery-plugins.js?ln=primefaces&v=4.0 HTTP/1.1" 304 -
186.84.90.99 - - [29/Sep/2023:14:39:37 -0500] "GET /sipse/faces/javax.faces.resource/primefaces.js?ln=primefaces&v=4.0 HTTP/1.1" 304 -
186.84.90.99 - - [29/Sep/2023:14:39:37 -0500] "GET /sipse/faces/javax.faces.resource/layout/layout.js?ln=primefaces&v=4.0 HTTP/1.1" 304 -
186.84.90.99 - - [29/Sep/2023:14:39:37 -0500] "GET /sipse/faces/javax.faces.resource/messages/messages.png?ln=primefaces&v=4.0 HTTP/1.1" 304 -
186.84.90.99 - - [29/Sep/2023:14:39:37 -0500] "POST /sipse/faces/presentacion/financiero/solicitudProceso/listarSolicitudProceso.xhtml HTTP/1.1" 200 1368
52.167.144.238 - - [29/Sep/2023:14:39:42 -0500] "GET /Publicaciones/2023EE223715.pdf HTTP/1.1" 200 452446
52.167.144.238 - - [29/Sep/2023:14:39:44 -0500] "GET /bla/resoluciones/resoluciones%202012/1500.pdf HTTP/1.1" 200 1049918
216.244.66.195 - - [29/Sep/2023:14:39:59 -0500] "GET /BLA/resoluciones/AUTOS%202007/0383.pdf HTTP/1.1" 200 26186
172.22.2.4 - - [29/Sep/2023:14:40:01 -0500] "GET /BLA/boletinlegal/consulta_actos.php?tipo=autos&no=3237&usuario=&sector=&fecha=2023&resuelve= HTTP/1.1" 200 1127
172.22.2.4 - - [29/Sep/2023:14:38:31 -0500] "HEAD /BLA/boletinlegal/ HTTP/1.1" 200 -
216.244.66.195 - - [29/Sep/2023:14:40:21 -0500] "GET /BLA/resoluciones/AUTOS%202007/0390.pdf HTTP/1.1" 200 98909
216.244.66.195 - - [29/Sep/2023:14:40:42 -0500] "GET /BLA/resoluciones/AUTOS%202007/0399.pdf HTTP/1.1" 200 63773
172.22.2.4 - - [29/Sep/2023:14:40:50 -0500] "GET /BLA/boletinlegal/consulta_actos.php?tipo=autos&no=3238&usuario=&sector=&fecha=2023&resuelve= HTTP/1.1" 200 1128
201.245.192.253 - - [29/Sep/2023:14:40:52 -0500] "POST /forms/lservlet;jsessionid=ac16012b30d6619814261ab448b5b9b081ec43f14b45.e3iSbxaKaheRe34Pbx8Nc3aQci1ynknvrkLOlQzNp65In0 HTTP/1.1" 200 2
172.22.2.4 - - [29/Sep/2023:14:39:21 -0500] "GET /BLA/boletinlegal/ HTTP/1.1" 200 58981
40.77.167.70 - - [29/Sep/2023:14:41:06 -0500] "GET /BLA/resoluciones/RESOLUCIONES%202012/0159.pdf HTTP/1.1" 200 596025
190.147.4.79 - - [29/Sep/2023:14:41:08 -0500] "POST /sipse/faces/presentacion/financiero/solicitudProceso/listarSolicitudProceso.xhtml HTTP/1.1" 200 58120
190.147.4.79 - - [29/Sep/2023:14:41:09 -0500] "POST /sipse/faces/presentacion/financiero/solicitudProceso/listarSolicitudProceso.xhtml HTTP/1.1" 200 58120
190.147.4.79 - - [29/Sep/2023:14:41:10 -0500] "POST /sipse/faces/presentacion/financiero/solicitudProceso/listarSolicitudProceso.xhtml HTTP/1.1" 200 58120
190.147.4.79 - - [29/Sep/2023:14:41:10 -0500] "POST /sipse/faces/presentacion/financiero/solicitudProceso/listarSolicitudProceso.xhtml HTTP/1.1" 200 58120
190.147.4.79 - - [29/Sep/2023:14:41:11 -0500] "POST /sipse/faces/presentacion/financiero/solicitudProceso/listarSolicitudProceso.xhtml HTTP/1.1" 200 1552
190.147.4.79 - - [29/Sep/2023:14:41:11 -0500] "POST /sipse/faces/presentacion/financiero/solicitudProceso/listarSolicitudProceso.xhtml HTTP/1.1" 200 1548
190.147.4.79 - - [29/Sep/2023:14:41:11 -0500] "POST /sipse/faces/presentacion/financiero/solicitudProceso/listarSolicitudProceso.xhtml HTTP/1.1" 200 1556
190.147.4.79 - - [29/Sep/2023:14:41:11 -0500] "POST /sipse/faces/presentacion/financiero/solicitudProceso/listarSolicitudProceso.xhtml HTTP/1.1" 200 1548
172.22.2.4 - - [29/Sep/2023:14:41:16 -0500] "GET /BLA/boletinlegal/consulta_actos.php?tipo=autos&no=3239&usuario=&sector=&fecha=2023&resuelve= HTTP/1.1" 200 1125
201.245.192.253 - - [29/Sep/2023:14:41:29 -0500] "POST /kwsrmcab/Wsrmcab  HTTP/1.1" 200 43477
201.245.192.253 - - [29/Sep/2023:14:41:32 -0500] "GET /sipse/faces/faces/ HTTP/1.1" 200 601
201.245.192.253 - - [29/Sep/2023:14:41:32 -0500] "GET /sipse/faces/faces/faces/autenticacion.xhtml HTTP/1.1" 200 12423
201.245.192.253 - - [29/Sep/2023:14:41:32 -0500] "GET /sipse/faces/javax.faces.resource/theme.css?ln=primefaces-sipse HTTP/1.1" 304 -
201.245.192.253 - - [29/Sep/2023:14:41:32 -0500] "GET /sipse/faces/javax.faces.resource/primefaces.css?ln=primefaces&v=4.0 HTTP/1.1" 304 -
201.245.192.253 - - [29/Sep/2023:14:41:32 -0500] "GET /sipse/faces/javax.faces.resource/jquery/jquery.js?ln=primefaces&v=4.0 HTTP/1.1" 304 -
201.245.192.253 - - [29/Sep/2023:14:41:32 -0500] "GET /sipse/faces/javax.faces.resource/primefaces.js?ln=primefaces&v=4.0 HTTP/1.1" 304 -
201.245.192.253 - - [29/Sep/2023:14:41:32 -0500] "GET /sipse/faces/javax.faces.resource/layout/layout.css?ln=primefaces&v=4.0 HTTP/1.1" 304 -
201.245.192.253 - - [29/Sep/2023:14:41:32 -0500] "GET /sipse/faces/javax.faces.resource/jquery/jquery-plugins.js?ln=primefaces&v=4.0 HTTP/1.1" 304 -
201.245.192.253 - - [29/Sep/2023:14:41:32 -0500] "GET /sipse/faces/javax.faces.resource/layout/layout.js?ln=primefaces&v=4.0 HTTP/1.1" 304 -
201.245.192.253 - - [29/Sep/2023:14:41:32 -0500] "GET /sipse/faces/javax.faces.resource/images/ui-icons_898989_256x240.png?ln=primefaces-aristo HTTP/1.1" 304 -
201.245.192.253 - - [29/Sep/2023:14:41:37 -0500] "POST /sipse/faces/autenticacion.xhtml HTTP/1.1" 200 16253
201.245.192.253 - - [29/Sep/2023:14:41:37 -0500] "GET /sipse/faces/javax.faces.resource/primefaces.css?ln=primefaces&v=4.0 HTTP/1.1" 304 -
201.245.192.253 - - [29/Sep/2023:14:41:37 -0500] "GET /sipse/faces/javax.faces.resource/layout/layout.css?ln=primefaces&v=4.0 HTTP/1.1" 304 -
201.245.192.253 - - [29/Sep/2023:14:41:37 -0500] "GET /sipse/faces/javax.faces.resource/theme.css?ln=primefaces-sipse HTTP/1.1" 304 -
201.245.192.253 - - [29/Sep/2023:14:41:37 -0500] "GET /sipse/faces/javax.faces.resource/jquery/jquery.js?ln=primefaces&v=4.0 HTTP/1.1" 304 -
201.245.192.253 - - [29/Sep/2023:14:41:37 -0500] "GET /sipse/faces/javax.faces.resource/jquery/jquery-plugins.js?ln=primefaces&v=4.0 HTTP/1.1" 304 -
201.245.192.253 - - [29/Sep/2023:14:41:37 -0500] "GET /sipse/faces/javax.faces.resource/primefaces.js?ln=primefaces&v=4.0 HTTP/1.1" 304 -
201.245.192.253 - - [29/Sep/2023:14:41:37 -0500] "GET /sipse/faces/javax.faces.resource/layout/layout.js?ln=primefaces&v=4.0 HTTP/1.1" 304 -
201.245.192.253 - - [29/Sep/2023:14:41:37 -0500] "GET /sipse/css/imagen/contrasena.png HTTP/1.1" 404 383
201.245.192.253 - - [29/Sep/2023:14:41:37 -0500] "GET /sipse/faces/javax.faces.resource/messages/messages.png?ln=primefaces&v=4.0 HTTP/1.1" 304 -
201.245.192.253 - - [29/Sep/2023:14:41:38 -0500] "GET /sipse/faces/javax.faces.resource/images/ui-bg_flat_0_2d5972_40x100.png?ln=primefaces-aristo HTTP/1.1" 304 -
201.245.192.253 - - [29/Sep/2023:14:41:38 -0500] "POST /sipse/faces/bienvenido.xhtml HTTP/1.1" 200 1471
201.245.192.253 - - [29/Sep/2023:14:41:39 -0500] "POST /sipse/faces/bienvenido.xhtml HTTP/1.1" 200 40470
201.245.192.253 - - [29/Sep/2023:14:41:39 -0500] "GET /sipse/faces/javax.faces.resource/theme.css?ln=primefaces-sipse HTTP/1.1" 304 -
201.245.192.253 - - [29/Sep/2023:14:41:39 -0500] "GET /sipse/faces/javax.faces.resource/primefaces.css?ln=primefaces&v=4.0 HTTP/1.1" 304 -
201.245.192.253 - - [29/Sep/2023:14:41:39 -0500] "GET /sipse/faces/javax.faces.resource/layout/layout.css?ln=primefaces&v=4.0 HTTP/1.1" 304 -
201.245.192.253 - - [29/Sep/2023:14:41:39 -0500] "GET /sipse/faces/javax.faces.resource/jquery/jquery.js?ln=primefaces&v=4.0 HTTP/1.1" 304 -
201.245.192.253 - - [29/Sep/2023:14:41:39 -0500] "GET /sipse/faces/javax.faces.resource/jquery/jquery-plugins.js?ln=primefaces&v=4.0 HTTP/1.1" 304 -
201.245.192.253 - - [29/Sep/2023:14:41:39 -0500] "GET /sipse/faces/javax.faces.resource/primefaces.js?ln=primefaces&v=4.0 HTTP/1.1" 304 -
201.245.192.253 - - [29/Sep/2023:14:41:39 -0500] "GET /sipse/faces/javax.faces.resource/layout/layout.js?ln=primefaces&v=4.0 HTTP/1.1" 304 -
201.245.192.253 - - [29/Sep/2023:14:41:39 -0500] "POST /sipse/faces/presentacion/financiero/solicitudProceso/listarSolicitudProceso.xhtml HTTP/1.1" 200 1444
172.22.2.4 - - [29/Sep/2023:14:41:43 -0500] "GET /BLA/boletinlegal/consulta_actos.php?tipo=autos&no=3245&usuario=&sector=&fecha=2023&resuelve= HTTP/1.1" 200 1133
216.245.221.92 - - [29/Sep/2023:14:41:43 -0500] "HEAD / HTTP/1.1" 200 -
190.147.4.79 - - [29/Sep/2023:14:41:49 -0500] "POST /sipse/faces/presentacion/financiero/solicitudProceso/listarSolicitudProceso.xhtml HTTP/1.1" 200 22911
172.22.2.4 - - [29/Sep/2023:14:41:56 -0500] "GET /BLA/boletinlegal/style.css HTTP/1.1" 200 9406
172.22.2.4 - - [29/Sep/2023:14:41:56 -0500] "GET /BLA/boletinlegal/styles2.css HTTP/1.1" 200 1838
172.22.2.4 - - [29/Sep/2023:14:41:56 -0500] "GET /BLA/boletinlegal/js/jquery.js HTTP/1.1" 200 57254
172.22.2.4 - - [29/Sep/2023:14:41:56 -0500] "GET /BLA/boletinlegal/js/jquery.scrollTo-min.js HTTP/1.1" 200 1150
172.22.2.4 - - [29/Sep/2023:14:41:56 -0500] "GET /BLA/boletinlegal/js/jquery.scrollShow.js HTTP/1.1" 200 4586
172.22.2.4 - - [29/Sep/2023:14:41:56 -0500] "GET /BLA/boletinlegal/images/cabezote%20BLEGAL.jpg HTTP/1.1" 200 118164
172.22.2.4 - - [29/Sep/2023:14:41:56 -0500] "GET /BLA/boletinlegal/images/subscribe-icon-big.png HTTP/1.1" 200 47702
172.22.2.4 - - [29/Sep/2023:14:41:56 -0500] "GET /BLA/boletinlegal/images/historia.png HTTP/1.1" 200 52775
172.22.2.4 - - [29/Sep/2023:14:41:56 -0500] "GET /BLA/boletinlegal/images/registro-usuarios.png HTTP/1.1" 200 8106
172.22.2.4 - - [29/Sep/2023:14:41:56 -0500] "GET /BLA/boletinlegal/images/arr_l.jpg HTTP/1.1" 200 1979
172.22.2.4 - - [29/Sep/2023:14:41:56 -0500] "GET /BLA/boletinlegal/images/screen_1.png HTTP/1.1" 200 202547
172.22.2.4 - - [29/Sep/2023:14:41:56 -0500] "GET /BLA/boletinlegal/images/launch.jpg HTTP/1.1" 200 14577
172.22.2.4 - - [29/Sep/2023:14:41:58 -0500] "GET /BLA/boletinlegal/actos.php HTTP/1.1" 200 9682
172.22.2.4 - - [29/Sep/2023:14:41:58 -0500] "GET /BLA/boletinlegal/js/ajax_actos.js HTTP/1.1" 200 1322
172.22.2.4 - - [29/Sep/2023:14:41:58 -0500] "GET /BLA/boletinlegal/niceforms.js HTTP/1.1" 200 22876
172.22.2.4 - - [29/Sep/2023:14:41:58 -0500] "GET /BLA/boletinlegal/niceforms-default.css HTTP/1.1" 200 6694
172.22.2.4 - - [29/Sep/2023:14:41:58 -0500] "GET /BLA/boletinlegal/js/lib.js HTTP/1.1" 200 6474
172.22.2.4 - - [29/Sep/2023:14:41:58 -0500] "GET /BLA/boletinlegal/js/popup.js HTTP/1.1" 200 1270
172.22.2.4 - - [29/Sep/2023:14:41:58 -0500] "GET /BLA/boletinlegal/js/jquery1.js HTTP/1.1" 200 29846
172.22.2.4 - - [29/Sep/2023:14:41:58 -0500] "GET /BLA/boletinlegal/images/green-yellow-blue-pink-th.png HTTP/1.1" 200 7394
172.22.2.4 - - [29/Sep/2023:14:41:58 -0500] "GET /BLA/boletinlegal/images/tel.png HTTP/1.1" 200 14477
172.22.2.4 - - [29/Sep/2023:14:41:58 -0500] "GET /BLA/boletinlegal/images/icono-email.png HTTP/1.1" 200 5544
172.22.2.4 - - [29/Sep/2023:14:41:58 -0500] "GET /BLA/boletinlegal/images/body_bg.jpg HTTP/1.1" 200 1601
172.22.2.4 - - [29/Sep/2023:14:41:58 -0500] "GET /BLA/boletinlegal/images/menu_lft.gif HTTP/1.1" 200 1713
172.22.2.4 - - [29/Sep/2023:14:41:58 -0500] "GET /BLA/boletinlegal/images/menu_rght.gif HTTP/1.1" 200 1627
172.22.2.4 - - [29/Sep/2023:14:41:58 -0500] "GET /BLA/boletinlegal/images/bg_top.jpg HTTP/1.1" 200 522
172.22.2.4 - - [29/Sep/2023:14:41:58 -0500] "GET /BLA/boletinlegal/images/menu_bg.jpg HTTP/1.1" 200 620
172.22.2.4 - - [29/Sep/2023:14:41:58 -0500] "GET /BLA/boletinlegal/images/hover.jpg HTTP/1.1" 200 640
172.22.2.4 - - [29/Sep/2023:14:41:58 -0500] "GET /BLA/boletinlegal/images/text.jpg HTTP/1.1" 200 568
172.22.2.4 - - [29/Sep/2023:14:41:58 -0500] "GET /BLA/boletinlegal/images/footer_bg.jpg HTTP/1.1" 200 586
172.22.2.4 - - [29/Sep/2023:14:41:58 -0500] "GET /BLA/boletinlegal/images/footer_bg_l.jpg HTTP/1.1" 200 776
172.22.2.4 - - [29/Sep/2023:14:41:58 -0500] "GET /BLA/boletinlegal/img/select-left.png HTTP/1.1" 200 263
172.22.2.4 - - [29/Sep/2023:14:41:59 -0500] "GET /BLA/boletinlegal/img/select-right.png HTTP/1.1" 200 44019
172.22.2.4 - - [29/Sep/2023:14:41:59 -0500] "GET /BLA/boletinlegal/img/button-left.png HTTP/1.1" 200 57071
172.22.2.4 - - [29/Sep/2023:14:41:59 -0500] "GET /BLA/boletinlegal/img/button.png HTTP/1.1" 200 43241
172.22.2.4 - - [29/Sep/2023:14:41:59 -0500] "GET /BLA/boletinlegal/img/button-right.png HTTP/1.1" 200 57878
172.22.2.4 - - [29/Sep/2023:14:41:59 -0500] "GET /BLA/boletinlegal/favicon.ico HTTP/1.1" 404 1326
35.204.254.90 - - [29/Sep/2023:14:42:05 -0500] "GET /proximo-4-de-octubre-simulacro-distrital-de-evacuacion-dia-y-noche.html HTTP/1.1" 200 783
172.22.2.4 - - [29/Sep/2023:14:42:14 -0500] "GET /BLA/boletinlegal/consulta_actos.php?tipo=autos&no=8215&usuario=&sector=&fecha=2022&resuelve= HTTP/1.1" 200 1082
172.22.2.4 - - [29/Sep/2023:14:42:14 -0500] "GET /BLA/boletinlegal/images/pdf.gif HTTP/1.1" 200 567
186.31.127.153 - - [29/Sep/2023:14:42:17 -0500] "GET /BLA/resoluciones/AUTOS%202022/8215.pdf HTTP/1.1" 200 416313
186.31.127.153 - - [29/Sep/2023:14:42:18 -0500] "GET /BLA/resoluciones/AUTOS%202022/8215.pdf HTTP/1.1" 200 416313
186.31.127.153 - - [29/Sep/2023:14:42:18 -0500] "GET /BLA/resoluciones/AUTOS%202022/8215.pdf HTTP/1.1" 206 1025
190.25.103.110 - - [29/Sep/2023:14:42:18 -0500] "GET /sipse/faces/javax.faces.resource/theme.css?ln=primefaces-sipse HTTP/1.1" 304 -
190.25.103.110 - - [29/Sep/2023:14:42:21 -0500] "GET /sipse/faces/faces/autenticacion.xhtml HTTP/1.1" 200 12424
190.25.103.110 - - [29/Sep/2023:14:42:21 -0500] "GET /sipse/faces/javax.faces.resource/theme.css?ln=primefaces-sipse HTTP/1.1" 304 -
190.25.103.110 - - [29/Sep/2023:14:42:21 -0500] "GET /sipse/faces/javax.faces.resource/primefaces.js?ln=primefaces&v=4.0 HTTP/1.1" 304 -
190.25.103.110 - - [29/Sep/2023:14:42:21 -0500] "GET /sipse/faces/javax.faces.resource/layout/layout.js?ln=primefaces&v=4.0 HTTP/1.1" 304 -
190.25.103.110 - - [29/Sep/2023:14:42:21 -0500] "GET /sipse/faces/javax.faces.resource/primefaces.css?ln=primefaces&v=4.0 HTTP/1.1" 304 -
190.25.103.110 - - [29/Sep/2023:14:42:21 -0500] "GET /sipse/faces/javax.faces.resource/jquery/jquery.js?ln=primefaces&v=4.0 HTTP/1.1" 304 -
190.25.103.110 - - [29/Sep/2023:14:42:21 -0500] "GET /sipse/faces/javax.faces.resource/jquery/jquery-plugins.js?ln=primefaces&v=4.0 HTTP/1.1" 304 -
190.25.103.110 - - [29/Sep/2023:14:42:21 -0500] "GET /sipse/faces/javax.faces.resource/layout/layout.css?ln=primefaces&v=4.0 HTTP/1.1" 304 -
190.25.103.110 - - [29/Sep/2023:14:42:23 -0500] "GET /sipse/faces/javax.faces.resource/images/ui-icons_898989_256x240.png?ln=primefaces-aristo HTTP/1.1" 304 -
172.22.2.4 - - [29/Sep/2023:14:42:28 -0500] "GET /BLA/boletinlegal/consulta_actos.php?tipo=autos&no=3247&usuario=&sector=&fecha=2023&resuelve= HTTP/1.1" 200 1128
172.22.2.4 - - [29/Sep/2023:14:41:56 -0500] "GET /BLA/boletinlegal/ HTTP/1.1" 200 24523
186.31.127.153 - - [29/Sep/2023:14:42:32 -0500] "GET /BLA/resoluciones/ HTTP/1.1" 200 13696
186.31.127.153 - - [29/Sep/2023:14:42:32 -0500] "GET /BLA/resoluciones/dlf/styles.css HTTP/1.1" 200 3049
186.31.127.153 - - [29/Sep/2023:14:42:32 -0500] "GET /BLA/resoluciones/dlf/folder.png HTTP/1.1" 200 410
186.31.127.153 - - [29/Sep/2023:14:42:33 -0500] "GET /BLA/resoluciones/dlf/bg.gif HTTP/1.1" 200 54
186.31.127.153 - - [29/Sep/2023:14:42:33 -0500] "GET /favicon.ico HTTP/1.1" 200 7782
191.156.152.238 - - [29/Sep/2023:14:42:33 -0500] "POST /sipse/faces/presentacion/financiero/solicitudProceso/consultar.xhtml HTTP/1.1" 200 12921
186.31.127.153 - - [29/Sep/2023:14:42:35 -0500] "GET /BLA/resoluciones/dlf/dirup.png HTTP/1.1" 200 644
186.31.127.153 - - [29/Sep/2023:14:42:35 -0500] "GET /BLA/resoluciones/dlf/pdf.gif HTTP/1.1" 200 272
186.31.127.153 - - [29/Sep/2023:14:42:35 -0500] "GET /BLA/resoluciones/index.php?dir=AUTOS+2022%2F HTTP/1.1" 200 506017
186.31.127.153 - - [29/Sep/2023:14:42:35 -0500] "GET /BLA/resoluciones/dlf/archive.png HTTP/1.1" 200 632
191.156.152.238 - - [29/Sep/2023:14:42:36 -0500] "POST /sipse/faces/presentacion/financiero/solicitudProceso/consultar.xhtml HTTP/1.1" 200 196286
191.156.152.238 - - [29/Sep/2023:14:42:38 -0500] "GET /sipse/faces/javax.faces.resource/theme.css?ln=primefaces-sipse HTTP/1.1" 304 -
191.156.152.234 - - [29/Sep/2023:14:42:38 -0500] "GET /sipse/faces/javax.faces.resource/jquery/jquery.js?ln=primefaces&v=4.0 HTTP/1.1" 304 -
191.156.150.225 - - [29/Sep/2023:14:42:38 -0500] "GET /sipse/faces/javax.faces.resource/primefaces.css?ln=primefaces&v=4.0 HTTP/1.1" 304 -
191.156.152.238 - - [29/Sep/2023:14:42:38 -0500] "GET /sipse/faces/javax.faces.resource/layout/layout.css?ln=primefaces&v=4.0 HTTP/1.1" 304 -
191.156.152.234 - - [29/Sep/2023:14:42:38 -0500] "GET /sipse/faces/javax.faces.resource/jquery/jquery-plugins.js?ln=primefaces&v=4.0 HTTP/1.1" 304 -
191.156.152.234 - - [29/Sep/2023:14:42:38 -0500] "GET /sipse/faces/javax.faces.resource/primefaces.js?ln=primefaces&v=4.0 HTTP/1.1" 304 -
191.156.152.234 - - [29/Sep/2023:14:42:38 -0500] "GET /sipse/faces/javax.faces.resource/layout/layout.js?ln=primefaces&v=4.0 HTTP/1.1" 304 -
191.156.152.234 - - [29/Sep/2023:14:42:38 -0500] "GET /sipse/faces/javax.faces.resource/dynamiccontent.properties?ln=primefaces&pfdrid=XjOR5%2F%2FfPAZAuY9TpWQeCiM0BhlXxYRBGKi%2FQcXXfeA%3D&pfdrid_c=false HTTP/1.1" 500 383
191.156.150.225 - - [29/Sep/2023:14:42:45 -0500] "POST /sipse/faces/presentacion/financiero/solicitudProceso/consultarSolicitudProceso.xhtml HTTP/1.1" 200 154496
201.245.192.253 - - [29/Sep/2023:14:42:52 -0500] "POST /forms/lservlet;jsessionid=ac16012b30d6619814261ab448b5b9b081ec43f14b45.e3iSbxaKaheRe34Pbx8Nc3aQci1ynknvrkLOlQzNp65In0 HTTP/1.1" 200 2
172.22.2.4 - - [29/Sep/2023:14:42:56 -0500] "GET /BLA/boletinlegal/consulta_actos.php?tipo=autos&no=3251&usuario=&sector=&fecha=2023&resuelve= HTTP/1.1" 200 1136
186.31.127.153 - - [29/Sep/2023:14:42:56 -0500] "GET /BLA/resoluciones/AUTOS%202022/0176.pdf HTTP/1.1" 200 669603
186.31.127.153 - - [29/Sep/2023:14:42:57 -0500] "GET /BLA/resoluciones/AUTOS%202022/0176.pdf HTTP/1.1" 200 669603
186.31.127.153 - - [29/Sep/2023:14:42:57 -0500] "GET /BLA/resoluciones/AUTOS%202022/0176.pdf HTTP/1.1" 206 1025
186.31.127.153 - - [29/Sep/2023:14:43:01 -0500] "GET /BLA/resoluciones/ HTTP/1.1" 200 13696
190.147.4.79 - - [29/Sep/2023:14:43:02 -0500] "GET /sipse/faces/javax.faces.resource/images/ui-bg_flat_0_2d5972_40x100.png?ln=primefaces-aristo HTTP/1.1" 304 -
190.147.4.79 - - [29/Sep/2023:14:43:02 -0500] "POST /sipse/faces/presentacion/financiero/solicitudProceso/crearModificarSolicitudProceso.xhtml HTTP/1.1" 200 64802
190.147.4.79 - - [29/Sep/2023:14:43:06 -0500] "GET /sipse/faces/javax.faces.resource/theme.css?ln=primefaces-sipse HTTP/1.1" 304 -
190.147.4.79 - - [29/Sep/2023:14:43:06 -0500] "GET /sipse/faces/javax.faces.resource/primefaces.css?ln=primefaces&v=4.0 HTTP/1.1" 304 -
190.147.4.79 - - [29/Sep/2023:14:43:07 -0500] "GET /sipse/faces/javax.faces.resource/jquery/jquery.js?ln=primefaces&v=4.0 HTTP/1.1" 304 -
190.147.4.79 - - [29/Sep/2023:14:43:07 -0500] "GET /sipse/faces/javax.faces.resource/layout/layout.css?ln=primefaces&v=4.0 HTTP/1.1" 304 -
190.147.4.79 - - [29/Sep/2023:14:43:07 -0500] "GET /sipse/faces/javax.faces.resource/jquery/jquery-plugins.js?ln=primefaces&v=4.0 HTTP/1.1" 304 -
190.147.4.79 - - [29/Sep/2023:14:43:07 -0500] "GET /sipse/faces/javax.faces.resource/primefaces.js?ln=primefaces&v=4.0 HTTP/1.1" 304 -
190.147.4.79 - - [29/Sep/2023:14:43:07 -0500] "GET /sipse/faces/javax.faces.resource/layout/layout.js?ln=primefaces&v=4.0 HTTP/1.1" 304 -
186.31.127.153 - - [29/Sep/2023:14:43:07 -0500] "GET /BLA/resoluciones/index.php?dir=AUTOS+2022%2F HTTP/1.1" 200 506017
190.147.4.79 - - [29/Sep/2023:14:43:09 -0500] "POST /sipse/faces/presentacion/financiero/solicitudProceso/listarSolicitudProceso.xhtml HTTP/1.1" 200 1552
172.22.2.4 - - [29/Sep/2023:14:43:43 -0500] "GET /BLA/boletinlegal/consulta_actos.php?tipo=autos&no=3252&usuario=&sector=&fecha=2023&resuelve= HTTP/1.1" 200 1135
172.22.2.4 - - [29/Sep/2023:14:44:07 -0500] "GET /BLA/boletinlegal/consulta_actos.php?tipo=autos&no=3253&usuario=&sector=&fecha=2023&resuelve= HTTP/1.1" 200 1147
201.245.192.253 - - [29/Sep/2023:14:44:55 -0500] "POST /forms/lservlet;jsessionid=ac16012b30d6619814261ab448b5b9b081ec43f14b45.e3iSbxaKaheRe34Pbx8Nc3aQci1ynknvrkLOlQzNp65In0 HTTP/1.1" 200 2
201.245.192.253 - - [29/Sep/2023:14:45:11 -0500] "POST /sipse/faces/presentacion/financiero/solicitudProceso/listarSolicitudProceso.xhtml HTTP/1.1" 200 120654
201.245.192.253 - - [29/Sep/2023:14:45:12 -0500] "GET /sipse/faces/javax.faces.resource/theme.css?ln=primefaces-sipse HTTP/1.1" 304 -
201.245.192.253 - - [29/Sep/2023:14:45:12 -0500] "GET /sipse/faces/javax.faces.resource/primefaces.css?ln=primefaces&v=4.0 HTTP/1.1" 304 -
201.245.192.253 - - [29/Sep/2023:14:45:12 -0500] "GET /sipse/faces/javax.faces.resource/layout/layout.css?ln=primefaces&v=4.0 HTTP/1.1" 304 -
201.245.192.253 - - [29/Sep/2023:14:45:12 -0500] "GET /sipse/faces/javax.faces.resource/jquery/jquery.js?ln=primefaces&v=4.0 HTTP/1.1" 304 -
201.245.192.253 - - [29/Sep/2023:14:45:12 -0500] "GET /sipse/faces/javax.faces.resource/jquery/jquery-plugins.js?ln=primefaces&v=4.0 HTTP/1.1" 304 -
201.245.192.253 - - [29/Sep/2023:14:45:12 -0500] "GET /sipse/faces/javax.faces.resource/primefaces.js?ln=primefaces&v=4.0 HTTP/1.1" 304 -
201.245.192.253 - - [29/Sep/2023:14:45:12 -0500] "GET /sipse/faces/javax.faces.resource/layout/layout.js?ln=primefaces&v=4.0 HTTP/1.1" 304 -
201.245.192.253 - - [29/Sep/2023:14:45:12 -0500] "GET /sipse/faces/javax.faces.resource/dynamiccontent.properties?ln=primefaces&pfdrid=XjOR5%2F%2FfPAZAuY9TpWQeCiM0BhlXxYRBGKi%2FQcXXfeA%3D&pfdrid_c=false HTTP/1.1" 500 383
181.53.14.143 - - [29/Sep/2023:14:45:16 -0500] "POST /sipse/faces/presentacion/financiero/solicitudProceso/consultar.xhtml HTTP/1.1" 302 -
181.53.14.143 - - [29/Sep/2023:14:45:16 -0500] "GET /sipse/faces/autenticacion.xhtml HTTP/1.1" 200 1099
181.53.14.143 - - [29/Sep/2023:14:45:16 -0500] "POST /sipse/faces/presentacion/financiero/solicitudProceso/consultar.xhtml HTTP/1.1" 302 -
181.53.14.143 - - [29/Sep/2023:14:45:16 -0500] "GET /sipse/faces/autenticacion.xhtml HTTP/1.1" 200 1099
181.53.14.143 - - [29/Sep/2023:14:45:16 -0500] "POST /sipse/faces/presentacion/financiero/solicitudProceso/consultar.xhtml HTTP/1.1" 302 -
181.53.14.143 - - [29/Sep/2023:14:45:16 -0500] "GET /sipse/faces/autenticacion.xhtml HTTP/1.1" 200 1099
181.53.14.143 - - [29/Sep/2023:14:45:16 -0500] "POST /sipse/faces/presentacion/financiero/solicitudProceso/consultar.xhtml HTTP/1.1" 302 -
181.53.14.143 - - [29/Sep/2023:14:45:16 -0500] "GET /sipse/faces/autenticacion.xhtml HTTP/1.1" 200 1099
181.53.14.143 - - [29/Sep/2023:14:45:16 -0500] "POST /sipse/faces/presentacion/financiero/solicitudProceso/consultar.xhtml HTTP/1.1" 302 -
181.53.14.143 - - [29/Sep/2023:14:45:16 -0500] "GET /sipse/faces/autenticacion.xhtml HTTP/1.1" 200 1099
181.53.14.143 - - [29/Sep/2023:14:45:16 -0500] "POST /sipse/faces/presentacion/financiero/solicitudProceso/consultar.xhtml HTTP/1.1" 302 -
181.53.14.143 - - [29/Sep/2023:14:45:16 -0500] "GET /sipse/faces/autenticacion.xhtml HTTP/1.1" 200 1099
181.53.14.143 - - [29/Sep/2023:14:45:16 -0500] "POST /sipse/faces/presentacion/financiero/solicitudProceso/consultar.xhtml HTTP/1.1" 302 -
181.53.14.143 - - [29/Sep/2023:14:45:17 -0500] "GET /sipse/faces/autenticacion.xhtml HTTP/1.1" 200 1099
181.53.14.143 - - [29/Sep/2023:14:45:17 -0500] "POST /sipse/faces/presentacion/financiero/solicitudProceso/consultar.xhtml HTTP/1.1" 302 -
181.53.14.143 - - [29/Sep/2023:14:45:17 -0500] "GET /sipse/faces/autenticacion.xhtml HTTP/1.1" 200 1099
181.53.14.143 - - [29/Sep/2023:14:45:20 -0500] "POST /sipse/faces/presentacion/financiero/solicitudProceso/consultar.xhtml HTTP/1.1" 302 -
181.53.14.143 - - [29/Sep/2023:14:45:20 -0500] "GET /sipse/faces/autenticacion.xhtml HTTP/1.1" 200 1099
201.245.192.253 - - [29/Sep/2023:14:45:22 -0500] "POST /sipse/faces/presentacion/financiero/solicitudProceso/consultarSolicitudProceso.xhtml HTTP/1.1" 200 171758
181.53.14.143 - - [29/Sep/2023:14:45:26 -0500] "GET /sipse/faces/presentacion/financiero/solicitudProceso/consultarSolicitudProceso.xhtml HTTP/1.1" 302 -
181.53.14.143 - - [29/Sep/2023:14:45:26 -0500] "GET /sipse/faces/autenticacion.xhtml HTTP/1.1" 200 12416
181.53.14.143 - - [29/Sep/2023:14:45:27 -0500] "GET /sipse/js/disable_browser_buttons.js HTTP/1.1" 304 -
181.53.14.143 - - [29/Sep/2023:14:45:27 -0500] "GET /sipse/js/funciones.js HTTP/1.1" 304 -
181.53.14.143 - - [29/Sep/2023:14:45:27 -0500] "GET /sipse/css/custom_css_sg.css HTTP/1.1" 304 -
181.53.14.143 - - [29/Sep/2023:14:45:27 -0500] "GET /sipse/css/custom_css_sg_prime_login.css HTTP/1.1" 304 -
181.53.14.143 - - [29/Sep/2023:14:45:27 -0500] "GET /sipse/faces/javax.faces.resource/theme.css?ln=primefaces-sipse HTTP/1.1" 304 -
181.53.14.143 - - [29/Sep/2023:14:45:27 -0500] "GET /sipse/faces/javax.faces.resource/layout/layout.css?ln=primefaces&v=4.0 HTTP/1.1" 304 -
181.53.14.143 - - [29/Sep/2023:14:45:27 -0500] "GET /sipse/faces/javax.faces.resource/primefaces.css?ln=primefaces&v=4.0 HTTP/1.1" 304 -
181.53.14.143 - - [29/Sep/2023:14:45:27 -0500] "GET /sipse/faces/javax.faces.resource/jquery/jquery.js?ln=primefaces&v=4.0 HTTP/1.1" 304 -
181.53.14.143 - - [29/Sep/2023:14:45:27 -0500] "GET /sipse/faces/javax.faces.resource/primefaces.js?ln=primefaces&v=4.0 HTTP/1.1" 304 -
181.53.14.143 - - [29/Sep/2023:14:45:27 -0500] "GET /sipse/faces/javax.faces.resource/jquery/jquery-plugins.js?ln=primefaces&v=4.0 HTTP/1.1" 304 -
181.53.14.143 - - [29/Sep/2023:14:45:27 -0500] "GET /sipse/faces/javax.faces.resource/layout/layout.js?ln=primefaces&v=4.0 HTTP/1.1" 304 -
181.53.14.143 - - [29/Sep/2023:14:45:27 -0500] "GET /sipse/css/imagen/logoSDG.png HTTP/1.1" 304 -
181.53.14.143 - - [29/Sep/2023:14:45:27 -0500] "GET /sipse/css/imagen/loginimg.png HTTP/1.1" 304 -
181.53.14.143 - - [29/Sep/2023:14:45:27 -0500] "GET /sipse/faces/javax.faces.resource/images/ui-icons_898989_256x240.png?ln=primefaces-aristo HTTP/1.1" 304 -
181.53.14.143 - - [29/Sep/2023:14:45:27 -0500] "GET /sipse/faces/index.xhtml HTTP/1.1" 200 677
181.53.14.143 - - [29/Sep/2023:14:45:27 -0500] "GET /sipse/faces/javax.faces.resource/theme.css?ln=primefaces-sipse HTTP/1.1" 304 -
181.53.14.143 - - [29/Sep/2023:14:45:28 -0500] "GET /sipse/faces/faces/autenticacion.xhtml HTTP/1.1" 200 12416
181.53.14.143 - - [29/Sep/2023:14:45:28 -0500] "GET /sipse/faces/javax.faces.resource/theme.css?ln=primefaces-sipse HTTP/1.1" 304 -
181.53.14.143 - - [29/Sep/2023:14:45:28 -0500] "GET /sipse/faces/javax.faces.resource/primefaces.css?ln=primefaces&v=4.0 HTTP/1.1" 304 -
181.53.14.143 - - [29/Sep/2023:14:45:28 -0500] "GET /sipse/faces/javax.faces.resource/layout/layout.css?ln=primefaces&v=4.0 HTTP/1.1" 304 -
181.53.14.143 - - [29/Sep/2023:14:45:28 -0500] "GET /sipse/faces/javax.faces.resource/jquery/jquery-plugins.js?ln=primefaces&v=4.0 HTTP/1.1" 304 -
181.53.14.143 - - [29/Sep/2023:14:45:28 -0500] "GET /sipse/faces/javax.faces.resource/primefaces.js?ln=primefaces&v=4.0 HTTP/1.1" 304 -
181.53.14.143 - - [29/Sep/2023:14:45:28 -0500] "GET /sipse/faces/javax.faces.resource/jquery/jquery.js?ln=primefaces&v=4.0 HTTP/1.1" 304 -
181.53.14.143 - - [29/Sep/2023:14:45:28 -0500] "GET /sipse/faces/javax.faces.resource/layout/layout.js?ln=primefaces&v=4.0 HTTP/1.1" 304 -
181.53.14.143 - - [29/Sep/2023:14:45:31 -0500] "POST /sipse/faces/autenticacion.xhtml HTTP/1.1" 200 2217
181.53.14.143 - - [29/Sep/2023:14:45:31 -0500] "GET /sipse/faces/javax.faces.resource/messages/messages.png?ln=primefaces&v=4.0 HTTP/1.1" 304 -
181.53.14.143 - - [29/Sep/2023:14:45:32 -0500] "GET /sipse/faces/javax.faces.resource/images/ui-icons_898989_256x240.png?ln=primefaces-aristo HTTP/1.1" 304 -
