172.22.2.4 - - [29/Sep/2023:05:18:28 -0500] "HEAD /BLA/boletinlegal/ HTTP/1.1" 200 -
216.244.66.195 - - [29/Sep/2023:05:20:54 -0500] "GET /BLA/resoluciones/RESOLUCIONES%202020/0453.pdf HTTP/1.1" 200 309874
172.22.2.4 - - [29/Sep/2023:05:19:19 -0500] "GET /BLA/boletinlegal/ HTTP/1.1" 200 60692
201.245.192.253 - - [29/Sep/2023:05:21:22 -0500] "POST /forms/lservlet;jsessionid=ac16012b30d6e2e8c19cc46444528ecfee64de2a4774.e3iSbxaKaheRe34Pbx8Nc3aQci1ynknvrkLOlQzNp65In0 HTTP/1.1" 200 2
216.244.66.195 - - [29/Sep/2023:05:21:27 -0500] "GET /BLA/resoluciones/RESOLUCIONES%202020/2464.pdf HTTP/1.1" 200 689317
172.22.2.4 - - [29/Sep/2023:05:21:28 -0500] "GET /BLA/boletinlegal/jurisprudencia/analisis/AnalisisT-606-15.docx HTTP/1.1" 304 -
216.245.221.92 - - [29/Sep/2023:05:21:45 -0500] "HEAD / HTTP/1.1" 200 -
216.244.66.195 - - [29/Sep/2023:05:22:13 -0500] "GET /BLA/resoluciones/RESOLUCIONES%202021/0370.pdf HTTP/1.1" 200 486644
66.249.66.20 - - [29/Sep/2023:05:22:46 -0500] "GET /BLA/resoluciones/Autos%202008/1072.pdf HTTP/1.1" 200 146900
216.244.66.195 - - [29/Sep/2023:05:22:53 -0500] "GET /BLA/resoluciones/RESOLUCIONES%202021/0475.pdf HTTP/1.1" 200 1867537
201.245.192.253 - - [29/Sep/2023:05:23:22 -0500] "POST /forms/lservlet;jsessionid=ac16012b30d6e2e8c19cc46444528ecfee64de2a4774.e3iSbxaKaheRe34Pbx8Nc3aQci1ynknvrkLOlQzNp65In0 HTTP/1.1" 200 2
216.244.66.195 - - [29/Sep/2023:05:23:43 -0500] "GET /BLA/resoluciones/RESOLUCIONES%202021/1020.pdf HTTP/1.1" 200 402045
201.245.192.253 - - [29/Sep/2023:05:23:44 -0500] "POST /kwsrmcab/Wsrmcab  HTTP/1.1" 200 43477
216.244.66.195 - - [29/Sep/2023:05:24:20 -0500] "GET /BLA/resoluciones/RESOLUCIONES%202021/1025.pdf HTTP/1.1" 200 428651
216.244.66.195 - - [29/Sep/2023:05:24:51 -0500] "GET /BLA/resoluciones/RESOLUCIONES%202021/2483.pdf HTTP/1.1" 200 424625
157.55.39.61 - - [29/Sep/2023:05:25:02 -0500] "GET /BLA/resoluciones/RESOLUCIONES%202012/1217.pdf HTTP/1.1" 200 376608
201.245.192.253 - - [29/Sep/2023:05:25:22 -0500] "POST /forms/lservlet;jsessionid=ac16012b30d6e2e8c19cc46444528ecfee64de2a4774.e3iSbxaKaheRe34Pbx8Nc3aQci1ynknvrkLOlQzNp65In0 HTTP/1.1" 200 2
216.244.66.195 - - [29/Sep/2023:05:25:24 -0500] "GET /BLA/resoluciones/RESOLUCIONES%202021/2829.pdf HTTP/1.1" 200 341979
216.244.66.195 - - [29/Sep/2023:05:25:53 -0500] "GET /BLA/resoluciones/RESOLUCIONES%202021/2989.pdf HTTP/1.1" 200 561982
172.22.2.4 - - [29/Sep/2023:05:24:18 -0500] "HEAD /BLA/boletinlegal/ HTTP/1.1" 200 -
216.244.66.195 - - [29/Sep/2023:05:26:21 -0500] "GET /BLA/resoluciones/RESOLUCIONES%202021/2995.pdf HTTP/1.1" 200 362258
216.245.221.92 - - [29/Sep/2023:05:26:45 -0500] "HEAD / HTTP/1.1" 200 -
172.22.2.4 - - [29/Sep/2023:05:25:09 -0500] "GET /BLA/boletinlegal/ HTTP/1.1" 200 60342
216.244.66.195 - - [29/Sep/2023:05:26:50 -0500] "GET /BLA/resoluciones/RESOLUCIONES%202021/3224.pdf HTTP/1.1" 200 343991
216.244.66.195 - - [29/Sep/2023:05:27:15 -0500] "GET /BLA/resoluciones/RESOLUCIONES%202021/4367.pdf HTTP/1.1" 200 335791
201.245.192.253 - - [29/Sep/2023:05:27:22 -0500] "POST /forms/lservlet;jsessionid=ac16012b30d6e2e8c19cc46444528ecfee64de2a4774.e3iSbxaKaheRe34Pbx8Nc3aQci1ynknvrkLOlQzNp65In0 HTTP/1.1" 200 2
201.245.192.253 - - [29/Sep/2023:05:28:10 -0500] "POST /kwsrmcab/Wsrmcab HTTP/1.1" 200 42808
201.245.192.253 - - [29/Sep/2023:05:28:13 -0500] "POST /kwsrmcab/Wsrmcab HTTP/1.1" 200 42879
201.245.192.253 - - [29/Sep/2023:05:28:43 -0500] "POST /kwsrmcab/Wsrmcab  HTTP/1.1" 200 43477
201.245.192.253 - - [29/Sep/2023:05:29:22 -0500] "POST /forms/lservlet;jsessionid=ac16012b30d6e2e8c19cc46444528ecfee64de2a4774.e3iSbxaKaheRe34Pbx8Nc3aQci1ynknvrkLOlQzNp65In0 HTTP/1.1" 200 2
157.55.39.49 - - [29/Sep/2023:05:30:09 -0500] "GET /Publicaciones/2023EE224628.pdf HTTP/1.1" 200 232050
201.245.192.253 - - [29/Sep/2023:05:31:22 -0500] "POST /forms/lservlet;jsessionid=ac16012b30d6e2e8c19cc46444528ecfee64de2a4774.e3iSbxaKaheRe34Pbx8Nc3aQci1ynknvrkLOlQzNp65In0 HTTP/1.1" 200 2
216.245.221.92 - - [29/Sep/2023:05:31:45 -0500] "HEAD / HTTP/1.1" 200 -
172.22.2.4 - - [29/Sep/2023:05:30:08 -0500] "HEAD /BLA/boletinlegal/ HTTP/1.1" 200 -
216.244.66.195 - - [29/Sep/2023:05:32:00 -0500] "GET /robots.txt HTTP/1.1" 404 1018
172.22.2.4 - - [29/Sep/2023:05:30:59 -0500] "GET /BLA/boletinlegal/ HTTP/1.1" 200 60692
66.249.66.21 - - [29/Sep/2023:05:32:42 -0500] "GET /BLA/resoluciones/RESOLUCIONES%202014/1557.pdf HTTP/1.1" 200 560215
66.249.66.21 - - [29/Sep/2023:05:32:43 -0500] "GET /BLA/resoluciones/AUTOS%202012/0978.pdf HTTP/1.1" 200 214533
66.249.66.19 - - [29/Sep/2023:05:32:44 -0500] "GET /BLA/resoluciones/RESOLUCIONES%202015/2429.pdf HTTP/1.1" 200 1021332
162.55.37.179 - - [29/Sep/2023:05:33:17 -0500] "GET / HTTP/1.1" 200 319
201.245.192.253 - - [29/Sep/2023:05:33:22 -0500] "POST /forms/lservlet;jsessionid=ac16012b30d6e2e8c19cc46444528ecfee64de2a4774.e3iSbxaKaheRe34Pbx8Nc3aQci1ynknvrkLOlQzNp65In0 HTTP/1.1" 200 2
201.245.192.253 - - [29/Sep/2023:05:33:42 -0500] "POST /kwsrmcab/Wsrmcab  HTTP/1.1" 200 43477
194.187.176.119 - - [29/Sep/2023:05:33:57 -0500] "GET / HTTP/1.1" 200 319
194.187.176.62 - - [29/Sep/2023:05:33:58 -0500] "GET /favicon.ico HTTP/1.1" 200 7782
201.245.192.253 - - [29/Sep/2023:05:35:22 -0500] "POST /forms/lservlet;jsessionid=ac16012b30d6e2e8c19cc46444528ecfee64de2a4774.e3iSbxaKaheRe34Pbx8Nc3aQci1ynknvrkLOlQzNp65In0 HTTP/1.1" 200 2
80.76.51.163 - - [29/Sep/2023:05:36:25 -0500] "GET /config/getuser?index=0 HTTP/1.1" 404 1018
216.245.221.92 - - [29/Sep/2023:05:36:45 -0500] "HEAD / HTTP/1.1" 200 -
201.245.192.253 - - [29/Sep/2023:05:37:22 -0500] "POST /forms/lservlet;jsessionid=ac16012b30d6e2e8c19cc46444528ecfee64de2a4774.e3iSbxaKaheRe34Pbx8Nc3aQci1ynknvrkLOlQzNp65In0 HTTP/1.1" 200 2
172.22.2.4 - - [29/Sep/2023:05:35:58 -0500] "HEAD /BLA/boletinlegal/ HTTP/1.1" 200 -
201.245.192.253 - - [29/Sep/2023:05:38:10 -0500] "POST /kwsrmcab/Wsrmcab HTTP/1.1" 200 42808
201.245.192.253 - - [29/Sep/2023:05:38:14 -0500] "POST /kwsrmcab/Wsrmcab HTTP/1.1" 200 42879
172.22.2.4 - - [29/Sep/2023:05:36:49 -0500] "GET /BLA/boletinlegal/ HTTP/1.1" 200 53362
201.245.192.253 - - [29/Sep/2023:05:38:41 -0500] "POST /kwsrmcab/Wsrmcab  HTTP/1.1" 200 43477
201.245.192.253 - - [29/Sep/2023:05:39:22 -0500] "POST /forms/lservlet;jsessionid=ac16012b30d6e2e8c19cc46444528ecfee64de2a4774.e3iSbxaKaheRe34Pbx8Nc3aQci1ynknvrkLOlQzNp65In0 HTTP/1.1" 200 2
66.249.66.21 - - [29/Sep/2023:05:40:41 -0500] "GET /BLA/resoluciones/RESOLUCIONES%202007/RES%202007%204201%20AL%204300/RESOLUCION%204209%20DE%202007.pdf HTTP/1.1" 200 113871
66.249.66.20 - - [29/Sep/2023:05:40:55 -0500] "GET /ial/presentaciones/pte1/1.pdf HTTP/1.1" 404 1018
201.245.192.253 - - [29/Sep/2023:05:41:22 -0500] "POST /forms/lservlet;jsessionid=ac16012b30d6e2e8c19cc46444528ecfee64de2a4774.e3iSbxaKaheRe34Pbx8Nc3aQci1ynknvrkLOlQzNp65In0 HTTP/1.1" 200 2
216.245.221.92 - - [29/Sep/2023:05:41:45 -0500] "HEAD / HTTP/1.1" 200 -
201.245.192.253 - - [29/Sep/2023:05:43:22 -0500] "POST /forms/lservlet;jsessionid=ac16012b30d6e2e8c19cc46444528ecfee64de2a4774.e3iSbxaKaheRe34Pbx8Nc3aQci1ynknvrkLOlQzNp65In0 HTTP/1.1" 200 2
172.22.2.4 - - [29/Sep/2023:05:41:48 -0500] "HEAD /BLA/boletinlegal/ HTTP/1.1" 200 -
201.245.192.253 - - [29/Sep/2023:05:43:40 -0500] "POST /kwsrmcab/Wsrmcab  HTTP/1.1" 200 43477
172.22.2.4 - - [29/Sep/2023:05:42:38 -0500] "GET /BLA/boletinlegal/ HTTP/1.1" 200 58187
157.55.39.56 - - [29/Sep/2023:05:44:41 -0500] "GET /BLA/resoluciones/RESOLUCIONES%202021/1808.pdf HTTP/1.1" 200 345965
201.245.192.253 - - [29/Sep/2023:05:45:22 -0500] "POST /forms/lservlet;jsessionid=ac16012b30d6e2e8c19cc46444528ecfee64de2a4774.e3iSbxaKaheRe34Pbx8Nc3aQci1ynknvrkLOlQzNp65In0 HTTP/1.1" 200 2
157.55.39.54 - - [29/Sep/2023:05:45:30 -0500] "GET /BLA/resoluciones/RESOLUCIONES%202012/0328.pdf HTTP/1.1" 200 1108878
40.77.167.38 - - [29/Sep/2023:05:45:35 -0500] "GET /BLA/resoluciones/RESOLUCIONES%202023/1361.pdf HTTP/1.1" 200 377910
216.245.221.92 - - [29/Sep/2023:05:46:45 -0500] "HEAD / HTTP/1.1" 200 -
172.22.2.4 - - [29/Sep/2023:05:47:11 -0500] "GET /BLA/boletinlegal/Directivas/2017/Directiva%20No.%2001%20del%2027%20de%20Junio%20de%202018.pdf HTTP/1.1" 200 217496
201.245.192.253 - - [29/Sep/2023:05:47:22 -0500] "POST /forms/lservlet;jsessionid=ac16012b30d6e2e8c19cc46444528ecfee64de2a4774.e3iSbxaKaheRe34Pbx8Nc3aQci1ynknvrkLOlQzNp65In0 HTTP/1.1" 200 2
66.249.66.21 - - [29/Sep/2023:05:47:23 -0500] "GET /BLA/resoluciones/Notificaciones/AUTOS%202021/1952.pdf HTTP/1.1" 200 377608
201.245.192.253 - - [29/Sep/2023:05:48:39 -0500] "POST /kwsrmcab/Wsrmcab  HTTP/1.1" 200 43477
172.22.2.4 - - [29/Sep/2023:05:47:38 -0500] "HEAD /BLA/boletinlegal/ HTTP/1.1" 200 -
201.245.192.253 - - [29/Sep/2023:05:49:22 -0500] "POST /forms/lservlet;jsessionid=ac16012b30d6e2e8c19cc46444528ecfee64de2a4774.e3iSbxaKaheRe34Pbx8Nc3aQci1ynknvrkLOlQzNp65In0 HTTP/1.1" 200 2
172.22.2.4 - - [29/Sep/2023:05:48:29 -0500] "GET /BLA/boletinlegal/ HTTP/1.1" 200 58187
201.245.192.253 - - [29/Sep/2023:05:51:22 -0500] "POST /forms/lservlet;jsessionid=ac16012b30d6e2e8c19cc46444528ecfee64de2a4774.e3iSbxaKaheRe34Pbx8Nc3aQci1ynknvrkLOlQzNp65In0 HTTP/1.1" 200 2
66.249.66.19 - - [29/Sep/2023:05:51:24 -0500] "GET /BLA/resoluciones/RESOLUCIONES%202009/6090.pdf HTTP/1.1" 200 535691
66.249.66.192 - - [29/Sep/2023:05:51:36 -0500] "GET /distrito-firmo-resolucion-de-etiquetado-vehicular-ambiental-herramienta-para-clasificar-vehiculos-segun-sus-niveles-de-emisiones.html HTTP/1.1" 200 841
216.245.221.92 - - [29/Sep/2023:05:51:45 -0500] "HEAD / HTTP/1.1" 200 -
207.46.13.54 - - [29/Sep/2023:05:52:10 -0500] "GET /BLA/resoluciones/AUTOS%202021/1218.pdf HTTP/1.1" 304 -
66.249.66.21 - - [29/Sep/2023:05:52:50 -0500] "GET /portel_dama/libreria/php/2006/restauracion/55_artic/xtras/13.pdf HTTP/1.1" 404 1018
201.245.192.253 - - [29/Sep/2023:05:53:23 -0500] "POST /forms/lservlet;jsessionid=ac16012b30d6e2e8c19cc46444528ecfee64de2a4774.e3iSbxaKaheRe34Pbx8Nc3aQci1ynknvrkLOlQzNp65In0 HTTP/1.1" 200 2
201.245.192.253 - - [29/Sep/2023:05:53:38 -0500] "POST /kwsrmcab/Wsrmcab  HTTP/1.1" 200 43477
66.249.66.20 - - [29/Sep/2023:05:54:03 -0500] "GET /resoluciones/RESOLUCIONES%202009/0555.pdf HTTP/1.1" 404 1018
66.249.66.20 - - [29/Sep/2023:05:55:05 -0500] "GET /BLA/resoluciones/RESOLUCIONES%202009/0728.pdf HTTP/1.1" 200 335316
172.22.2.4 - - [29/Sep/2023:05:53:28 -0500] "HEAD /BLA/boletinlegal/ HTTP/1.1" 200 -
172.22.2.4 - - [29/Sep/2023:05:54:24 -0500] "GET /BLA/boletinlegal/ HTTP/1.1" 200 20427
172.22.2.4 - - [29/Sep/2023:05:54:24 -0500] "GET /BLA/boletinlegal/ HTTP/1.1" 200 20427
201.245.192.253 - - [29/Sep/2023:05:55:23 -0500] "POST /forms/lservlet;jsessionid=ac16012b30d6e2e8c19cc46444528ecfee64de2a4774.e3iSbxaKaheRe34Pbx8Nc3aQci1ynknvrkLOlQzNp65In0 HTTP/1.1" 200 2
66.249.66.19 - - [29/Sep/2023:05:55:58 -0500] "GET /BLA/resoluciones/RESOLUCIONES%202021/3158.pdf HTTP/1.1" 200 521630
172.22.2.4 - - [29/Sep/2023:05:54:18 -0500] "GET /BLA/boletinlegal/ HTTP/1.1" 200 52068
216.245.221.92 - - [29/Sep/2023:05:56:45 -0500] "HEAD / HTTP/1.1" 200 -
201.245.192.253 - - [29/Sep/2023:05:57:23 -0500] "POST /forms/lservlet;jsessionid=ac16012b30d6e2e8c19cc46444528ecfee64de2a4774.e3iSbxaKaheRe34Pbx8Nc3aQci1ynknvrkLOlQzNp65In0 HTTP/1.1" 200 2
66.249.66.20 - - [29/Sep/2023:05:57:23 -0500] "GET /resoluciones/AUTOS%202007/3945.pdf HTTP/1.1" 404 1018
201.245.192.253 - - [29/Sep/2023:05:58:37 -0500] "POST /kwsrmcab/Wsrmcab  HTTP/1.1" 200 43477
201.245.192.253 - - [29/Sep/2023:05:59:23 -0500] "POST /forms/lservlet;jsessionid=ac16012b30d6e2e8c19cc46444528ecfee64de2a4774.e3iSbxaKaheRe34Pbx8Nc3aQci1ynknvrkLOlQzNp65In0 HTTP/1.1" 200 2
40.77.167.10 - - [29/Sep/2023:06:00:38 -0500] "GET /incendios-forestales-como-prevenirlos-y-aportar-al-cuidado-de-los-ecosistemas.html HTTP/1.1" 304 -
172.22.2.4 - - [29/Sep/2023:05:59:18 -0500] "HEAD /BLA/boletinlegal/ HTTP/1.1" 200 -
173.252.79.113 - - [29/Sep/2023:06:01:06 -0500] "GET /participa-en-la-convocatoria-para-el-aseguramiento-metrologico-de-la-red-de-monitoreo-de-calidad-del-aire-de-bogota.html HTTP/1.1" 200 848
173.252.107.116 - - [29/Sep/2023:06:01:10 -0500] "GET /participa-en-la-convocatoria-para-el-aseguramiento-metrologico-de-la-red-de-monitoreo-de-calidad-del-aire-de-bogota.html HTTP/1.1" 200 848
173.252.79.1 - - [29/Sep/2023:06:01:11 -0500] "GET /participa-en-la-convocatoria-para-el-aseguramiento-metrologico-de-la-red-de-monitoreo-de-calidad-del-aire-de-bogota.html HTTP/1.1" 200 848
201.245.192.253 - - [29/Sep/2023:06:01:23 -0500] "POST /forms/lservlet;jsessionid=ac16012b30d6e2e8c19cc46444528ecfee64de2a4774.e3iSbxaKaheRe34Pbx8Nc3aQci1ynknvrkLOlQzNp65In0 HTTP/1.1" 200 2
216.245.221.92 - - [29/Sep/2023:06:01:45 -0500] "HEAD / HTTP/1.1" 200 -
172.22.2.4 - - [29/Sep/2023:06:00:09 -0500] "GET /BLA/boletinlegal/ HTTP/1.1" 200 60692
201.245.192.253 - - [29/Sep/2023:06:03:23 -0500] "POST /forms/lservlet;jsessionid=ac16012b30d6e2e8c19cc46444528ecfee64de2a4774.e3iSbxaKaheRe34Pbx8Nc3aQci1ynknvrkLOlQzNp65In0 HTTP/1.1" 200 2
201.245.192.253 - - [29/Sep/2023:06:03:35 -0500] "POST /kwsrmcab/Wsrmcab  HTTP/1.1" 200 43477
172.22.2.4 - - [29/Sep/2023:06:05:11 -0500] "GET /BLA/boletinlegal/actos.php HTTP/1.1" 200 9682
172.22.2.4 - - [29/Sep/2023:06:05:13 -0500] "GET /BLA/boletinlegal/js/jquery1.js HTTP/1.1" 200 29846
172.22.2.4 - - [29/Sep/2023:06:05:14 -0500] "GET /BLA/boletinlegal/js/ajax_actos.js HTTP/1.1" 200 1322
172.22.2.4 - - [29/Sep/2023:06:05:14 -0500] "GET /BLA/boletinlegal/styles2.css HTTP/1.1" 200 1838
201.245.192.253 - - [29/Sep/2023:06:05:23 -0500] "POST /forms/lservlet;jsessionid=ac16012b30d6e2e8c19cc46444528ecfee64de2a4774.e3iSbxaKaheRe34Pbx8Nc3aQci1ynknvrkLOlQzNp65In0 HTTP/1.1" 200 2
207.46.13.127 - - [29/Sep/2023:06:05:52 -0500] "GET /BLA/resoluciones/RESOLUCIONES%202021/1198.pdf HTTP/1.1" 200 972552
216.245.221.92 - - [29/Sep/2023:06:06:45 -0500] "HEAD / HTTP/1.1" 200 -
172.22.2.4 - - [29/Sep/2023:06:05:08 -0500] "HEAD /BLA/boletinlegal/ HTTP/1.1" 200 -
201.245.192.253 - - [29/Sep/2023:06:07:23 -0500] "POST /forms/lservlet;jsessionid=ac16012b30d6e2e8c19cc46444528ecfee64de2a4774.e3iSbxaKaheRe34Pbx8Nc3aQci1ynknvrkLOlQzNp65In0 HTTP/1.1" 200 2
172.22.2.4 - - [29/Sep/2023:06:05:59 -0500] "GET /BLA/boletinlegal/ HTTP/1.1" 200 57790
3.20.140.18 - - [29/Sep/2023:06:08:20 -0500] "GET /galeria/galeria/fotos/Entrenube2P.jpg HTTP/1.1" 200 8416
201.245.192.253 - - [29/Sep/2023:06:08:34 -0500] "POST /kwsrmcab/Wsrmcab  HTTP/1.1" 200 43477
207.46.13.156 - - [29/Sep/2023:06:08:42 -0500] "GET /Publicaciones/2023EE222117.pdf HTTP/1.1" 200 471452
201.245.192.253 - - [29/Sep/2023:06:09:23 -0500] "POST /forms/lservlet;jsessionid=ac16012b30d6e2e8c19cc46444528ecfee64de2a4774.e3iSbxaKaheRe34Pbx8Nc3aQci1ynknvrkLOlQzNp65In0 HTTP/1.1" 200 2
66.249.73.104 - - [29/Sep/2023:06:09:59 -0500] "GET /BLA/resoluciones/AUTOS%202014/0990.pdf HTTP/1.1" 200 292484
201.245.192.253 - - [29/Sep/2023:06:11:23 -0500] "POST /forms/lservlet;jsessionid=ac16012b30d6e2e8c19cc46444528ecfee64de2a4774.e3iSbxaKaheRe34Pbx8Nc3aQci1ynknvrkLOlQzNp65In0 HTTP/1.1" 200 2
216.244.66.195 - - [29/Sep/2023:06:11:28 -0500] "GET /BLA/resoluciones/RESOLUCIONES%202021/1510.pdf HTTP/1.1" 200 768600
216.244.66.195 - - [29/Sep/2023:06:11:34 -0500] "GET /BLA/resoluciones/RESOLUCIONES%202021/2149.pdf HTTP/1.1" 200 489690
216.244.66.195 - - [29/Sep/2023:06:11:41 -0500] "GET /BLA/resoluciones/RESOLUCIONES%202021/2333.pdf HTTP/1.1" 200 460215
216.245.221.92 - - [29/Sep/2023:06:11:45 -0500] "HEAD / HTTP/1.1" 200 -
216.244.66.195 - - [29/Sep/2023:06:12:17 -0500] "GET /BLA/resoluciones/RESOLUCIONES%202021/2462.pdf HTTP/1.1" 200 737943
66.249.73.105 - - [29/Sep/2023:06:12:23 -0500] "GET /BLA/resoluciones/AUTOS%202008/0393.pdf HTTP/1.1" 200 80304
172.22.2.4 - - [29/Sep/2023:06:10:58 -0500] "HEAD /BLA/boletinlegal/ HTTP/1.1" 200 -
216.244.66.195 - - [29/Sep/2023:06:12:57 -0500] "GET /BLA/resoluciones/RESOLUCIONES%202021/2569.pdf HTTP/1.1" 200 346676
40.77.167.23 - - [29/Sep/2023:06:12:59 -0500] "GET /Publicaciones/2023EE222751.pdf HTTP/1.1" 200 231952
201.245.192.253 - - [29/Sep/2023:06:13:23 -0500] "POST /forms/lservlet;jsessionid=ac16012b30d6e2e8c19cc46444528ecfee64de2a4774.e3iSbxaKaheRe34Pbx8Nc3aQci1ynknvrkLOlQzNp65In0 HTTP/1.1" 200 2
216.244.66.195 - - [29/Sep/2023:06:13:28 -0500] "GET /BLA/resoluciones/RESOLUCIONES%202021/2732.pdf HTTP/1.1" 200 341350
172.22.2.4 - - [29/Sep/2023:06:11:49 -0500] "GET /BLA/boletinlegal/ HTTP/1.1" 200 60692
201.245.192.253 - - [29/Sep/2023:06:13:33 -0500] "POST /kwsrmcab/Wsrmcab  HTTP/1.1" 200 43477
216.244.66.195 - - [29/Sep/2023:06:13:57 -0500] "GET /BLA/resoluciones/RESOLUCIONES%202021/2964.pdf HTTP/1.1" 200 497135
172.22.2.4 - - [29/Sep/2023:06:14:11 -0500] "GET /BLA/boletinlegal/jurisprudencia/analisis/CUADRO%20SENTENCIA%20T-299%20DE%202008.doc HTTP/1.1" 304 -
216.244.66.195 - - [29/Sep/2023:06:14:26 -0500] "GET /BLA/resoluciones/RESOLUCIONES%202021/3527.pdf HTTP/1.1" 200 659084
216.244.66.195 - - [29/Sep/2023:06:14:55 -0500] "GET /BLA/resoluciones/RESOLUCIONES%202021/3594.pdf HTTP/1.1" 200 474835
216.244.66.195 - - [29/Sep/2023:06:15:21 -0500] "GET /BLA/resoluciones/RESOLUCIONES%202021/4309.pdf HTTP/1.1" 200 336484
201.245.192.253 - - [29/Sep/2023:06:15:23 -0500] "POST /forms/lservlet;jsessionid=ac16012b30d6e2e8c19cc46444528ecfee64de2a4774.e3iSbxaKaheRe34Pbx8Nc3aQci1ynknvrkLOlQzNp65In0 HTTP/1.1" 200 2
66.249.73.106 - - [29/Sep/2023:06:16:39 -0500] "GET /resoluciones/RESOLUCIONES%202009/6916.pdf HTTP/1.1" 404 1018
216.245.221.92 - - [29/Sep/2023:06:16:45 -0500] "HEAD / HTTP/1.1" 200 -
201.245.192.253 - - [29/Sep/2023:06:17:23 -0500] "POST /forms/lservlet;jsessionid=ac16012b30d6e2e8c19cc46444528ecfee64de2a4774.e3iSbxaKaheRe34Pbx8Nc3aQci1ynknvrkLOlQzNp65In0 HTTP/1.1" 200 2
201.245.192.253 - - [29/Sep/2023:06:18:09 -0500] "POST /kwsrmcab/Wsrmcab HTTP/1.1" 200 42698
201.245.192.253 - - [29/Sep/2023:06:18:13 -0500] "POST /kwsrmcab/Wsrmcab HTTP/1.1" 200 42739
172.22.2.4 - - [29/Sep/2023:06:16:48 -0500] "HEAD /BLA/boletinlegal/ HTTP/1.1" 200 -
201.245.192.253 - - [29/Sep/2023:06:18:33 -0500] "POST /kwsrmcab/Wsrmcab  HTTP/1.1" 200 43477
172.22.2.4 - - [29/Sep/2023:06:17:38 -0500] "GET /BLA/boletinlegal/ HTTP/1.1" 200 57790
201.245.192.253 - - [29/Sep/2023:06:19:23 -0500] "POST /forms/lservlet;jsessionid=ac16012b30d6e2e8c19cc46444528ecfee64de2a4774.e3iSbxaKaheRe34Pbx8Nc3aQci1ynknvrkLOlQzNp65In0 HTTP/1.1" 200 2
216.244.66.195 - - [29/Sep/2023:06:19:25 -0500] "GET /robots.txt HTTP/1.1" 404 1018
201.245.192.253 - - [29/Sep/2023:06:21:23 -0500] "POST /forms/lservlet;jsessionid=ac16012b30d6e2e8c19cc46444528ecfee64de2a4774.e3iSbxaKaheRe34Pbx8Nc3aQci1ynknvrkLOlQzNp65In0 HTTP/1.1" 200 2
216.245.221.92 - - [29/Sep/2023:06:21:45 -0500] "HEAD / HTTP/1.1" 200 -
201.245.192.253 - - [29/Sep/2023:06:23:23 -0500] "POST /forms/lservlet;jsessionid=ac16012b30d6e2e8c19cc46444528ecfee64de2a4774.e3iSbxaKaheRe34Pbx8Nc3aQci1ynknvrkLOlQzNp65In0 HTTP/1.1" 200 2
201.245.192.253 - - [29/Sep/2023:06:23:31 -0500] "POST /kwsrmcab/Wsrmcab  HTTP/1.1" 200 43477
172.22.2.4 - - [29/Sep/2023:06:22:38 -0500] "HEAD /BLA/boletinlegal/ HTTP/1.1" 200 -
186.102.81.3 - - [29/Sep/2023:06:24:22 -0500] "GET /kwssiamovil/sm/acme/u?s=U2FsdGVkX1/d53UYvEmVHPRK/2qicdyW9AcaHv2MtNiSCCm70L17h1cjpKCCaLxcTjsu2Zz6KEizq8C1+bxWayngrhpZXMwhHjS/IuHQaJpR1ryrx0QnMBHGoK2FqG005eAkTb92f3alsdblgZPhxJFzKHsVp2S8xdc3CfdmZns=&u=U2FsdGVkX19T2K/aFfw4/qHY5/fBlPWRCS9nJYn9m7Y=&y=U2FsdGVkX19QETn6YavjYxnxrUp1B2EJfEpjz6dbYyI= HTTP/1.1" 200 60
186.102.81.3 - - [29/Sep/2023:06:24:32 -0500] "GET /kwssiamovil/sm/acme/u?s=U2FsdGVkX19G5P2cUlLDKHT0ikrJNvUyMxGSoeKZD6jYyVnzNAi4EjrYMP8uuhcu29ziTAZ4g7ilpOAKTAVAzpwtjfOvEdUT2BriUqDMNZ6QPP4iUcA4VhZIbqXr+Xzwzd2UgEnf692LGyTxDgewXtIvBeFzYoL4dhjc64KwkHs=&u=U2FsdGVkX19T2K/aFfw4/qHY5/fBlPWRCS9nJYn9m7Y=&y=U2FsdGVkX19QETn6YavjYxnxrUp1B2EJfEpjz6dbYyI= HTTP/1.1" 200 60
186.102.81.3 - - [29/Sep/2023:06:24:51 -0500] "GET /kwssiamovil/sm/acme/u?s=U2FsdGVkX1/cRDfky/gUPneie3bQ8qkKMLiR0ypatC7F31THg05SWotE9gNOJP8pbFyUkhLuUNarujxoZNlE78QgWmaMj3jfMpYcoadPBp/yoi9Pv1rOnh+FlIn9FgNZffX2jYrMFhgA3zpgvK7d0bcIWKRF+r/izelo2SAzq8s=&u=U2FsdGVkX19T2K/aFfw4/qHY5/fBlPWRCS9nJYn9m7Y=&y=U2FsdGVkX19QETn6YavjYxnxrUp1B2EJfEpjz6dbYyI= HTTP/1.1" 200 60
172.22.2.4 - - [29/Sep/2023:06:23:28 -0500] "GET /BLA/boletinlegal/ HTTP/1.1" 200 60342
201.245.192.253 - - [29/Sep/2023:06:25:23 -0500] "POST /forms/lservlet;jsessionid=ac16012b30d6e2e8c19cc46444528ecfee64de2a4774.e3iSbxaKaheRe34Pbx8Nc3aQci1ynknvrkLOlQzNp65In0 HTTP/1.1" 200 2
216.245.221.92 - - [29/Sep/2023:06:26:45 -0500] "HEAD / HTTP/1.1" 200 -
201.245.192.253 - - [29/Sep/2023:06:27:23 -0500] "POST /forms/lservlet;jsessionid=ac16012b30d6e2e8c19cc46444528ecfee64de2a4774.e3iSbxaKaheRe34Pbx8Nc3aQci1ynknvrkLOlQzNp65In0 HTTP/1.1" 200 2
52.167.144.145 - - [29/Sep/2023:06:27:48 -0500] "GET /BLA/resoluciones/RESOLUCIONES%202021/1762.pdf HTTP/1.1" 200 365131
201.245.192.253 - - [29/Sep/2023:06:28:10 -0500] "POST /kwsrmcab/Wsrmcab HTTP/1.1" 200 42698
201.245.192.253 - - [29/Sep/2023:06:28:13 -0500] "POST /kwsrmcab/Wsrmcab HTTP/1.1" 200 42739
201.245.192.253 - - [29/Sep/2023:06:28:30 -0500] "POST /kwsrmcab/Wsrmcab  HTTP/1.1" 200 43477
201.245.192.253 - - [29/Sep/2023:06:29:23 -0500] "POST /forms/lservlet;jsessionid=ac16012b30d6e2e8c19cc46444528ecfee64de2a4774.e3iSbxaKaheRe34Pbx8Nc3aQci1ynknvrkLOlQzNp65In0 HTTP/1.1" 200 2
172.22.2.4 - - [29/Sep/2023:06:29:34 -0500] "GET /BLA/boletinlegal/actos.php HTTP/1.1" 200 9682
172.22.2.4 - - [29/Sep/2023:06:29:43 -0500] "GET /BLA/boletinlegal/consulta_actos.php?tipo=resoluciones&no=1389&usuario=&sector=&fecha=2018&resuelve= HTTP/1.1" 200 1377
181.53.12.253 - - [29/Sep/2023:06:29:45 -0500] "GET /BLA/resoluciones/RESOLUCIONES%202018/1389.pdf HTTP/1.1" 200 581373
172.22.2.4 - - [29/Sep/2023:06:28:28 -0500] "HEAD /BLA/boletinlegal/ HTTP/1.1" 200 -
172.22.2.4 - - [29/Sep/2023:06:29:18 -0500] "GET /BLA/boletinlegal/ HTTP/1.1" 200 58187
201.245.192.253 - - [29/Sep/2023:06:31:23 -0500] "POST /forms/lservlet;jsessionid=ac16012b30d6e2e8c19cc46444528ecfee64de2a4774.e3iSbxaKaheRe34Pbx8Nc3aQci1ynknvrkLOlQzNp65In0 HTTP/1.1" 200 2
216.245.221.92 - - [29/Sep/2023:06:31:45 -0500] "HEAD / HTTP/1.1" 200 -
104.28.57.116 - - [29/Sep/2023:06:31:51 -0500] "GET /php/reqpot.php HTTP/1.1" 404 1018
104.28.57.116 - - [29/Sep/2023:06:31:53 -0500] "GET /php/reqpot.php HTTP/1.1" 404 1018
104.28.57.116 - - [29/Sep/2023:06:31:53 -0500] "GET /favicon.ico HTTP/1.1" 200 7782
201.245.192.253 - - [29/Sep/2023:06:33:23 -0500] "POST /forms/lservlet;jsessionid=ac16012b30d6e2e8c19cc46444528ecfee64de2a4774.e3iSbxaKaheRe34Pbx8Nc3aQci1ynknvrkLOlQzNp65In0 HTTP/1.1" 200 2
201.245.192.253 - - [29/Sep/2023:06:33:29 -0500] "POST /kwsrmcab/Wsrmcab  HTTP/1.1" 200 43477
66.249.73.105 - - [29/Sep/2023:06:34:50 -0500] "GET /Publicaciones/2023EE215694.pdf HTTP/1.1" 404 228
157.55.39.15 - - [29/Sep/2023:06:35:04 -0500] "GET /BLA/resoluciones/RESOLUCIONES%202021/4520.pdf HTTP/1.1" 200 335337
201.245.192.253 - - [29/Sep/2023:06:35:23 -0500] "POST /forms/lservlet;jsessionid=ac16012b30d6e2e8c19cc46444528ecfee64de2a4774.e3iSbxaKaheRe34Pbx8Nc3aQci1ynknvrkLOlQzNp65In0 HTTP/1.1" 200 2
52.167.144.238 - - [29/Sep/2023:06:35:50 -0500] "GET /BLA/resoluciones/RESOLUCIONES%202012/0894.pdf HTTP/1.1" 200 466149
157.55.39.15 - - [29/Sep/2023:06:35:54 -0500] "GET /BLA/resoluciones/RESOLUCIONES%202021/5302.pdf HTTP/1.1" 200 382760
172.22.2.4 - - [29/Sep/2023:06:34:18 -0500] "HEAD /BLA/boletinlegal/ HTTP/1.1" 200 -
172.22.2.4 - - [29/Sep/2023:06:35:59 -0500] "GET /BLA/boletinlegal/jurisprudencia/analisis/analisis%20sentencia%20C%20401%20de%202010.doc HTTP/1.1" 304 -
216.245.221.92 - - [29/Sep/2023:06:36:45 -0500] "HEAD / HTTP/1.1" 200 -
172.22.2.4 - - [29/Sep/2023:06:35:08 -0500] "GET /BLA/boletinlegal/ HTTP/1.1" 200 60342
201.245.192.253 - - [29/Sep/2023:06:37:23 -0500] "POST /forms/lservlet;jsessionid=ac16012b30d6e2e8c19cc46444528ecfee64de2a4774.e3iSbxaKaheRe34Pbx8Nc3aQci1ynknvrkLOlQzNp65In0 HTTP/1.1" 200 2
52.167.144.238 - - [29/Sep/2023:06:37:39 -0500] "GET /BLA/resoluciones/RESOLUCIONES%202012/0596.pdf HTTP/1.1" 200 425262
201.245.192.253 - - [29/Sep/2023:06:38:10 -0500] "POST /kwsrmcab/Wsrmcab HTTP/1.1" 200 42698
201.245.192.253 - - [29/Sep/2023:06:38:13 -0500] "POST /kwsrmcab/Wsrmcab HTTP/1.1" 200 42739
201.245.192.253 - - [29/Sep/2023:06:38:28 -0500] "POST /kwsrmcab/Wsrmcab  HTTP/1.1" 200 43477
186.84.89.131 - - [29/Sep/2023:06:38:49 -0500] "GET /secretaria-de-ambiente-mantiene-monitoreo-de-incendios-forestales-y-su-incidencia-en-la-calidad-del-aire.html HTTP/1.1" 200 977
201.245.192.253 - - [29/Sep/2023:06:39:23 -0500] "POST /forms/lservlet;jsessionid=ac16012b30d6e2e8c19cc46444528ecfee64de2a4774.e3iSbxaKaheRe34Pbx8Nc3aQci1ynknvrkLOlQzNp65In0 HTTP/1.1" 200 2
157.55.39.15 - - [29/Sep/2023:06:40:55 -0500] "GET /BLA/resoluciones/RESOLUCIONES%202012/1473.pdf HTTP/1.1" 200 1427546
201.245.192.253 - - [29/Sep/2023:06:41:23 -0500] "POST /forms/lservlet;jsessionid=ac16012b30d6e2e8c19cc46444528ecfee64de2a4774.e3iSbxaKaheRe34Pbx8Nc3aQci1ynknvrkLOlQzNp65In0 HTTP/1.1" 200 2
216.245.221.92 - - [29/Sep/2023:06:41:45 -0500] "HEAD / HTTP/1.1" 200 -
172.22.2.4 - - [29/Sep/2023:06:40:08 -0500] "HEAD /BLA/boletinlegal/ HTTP/1.1" 200 -
172.22.2.4 - - [29/Sep/2023:06:40:59 -0500] "GET /BLA/boletinlegal/ HTTP/1.1" 200 60342
201.245.192.253 - - [29/Sep/2023:06:43:23 -0500] "POST /forms/lservlet;jsessionid=ac16012b30d6e2e8c19cc46444528ecfee64de2a4774.e3iSbxaKaheRe34Pbx8Nc3aQci1ynknvrkLOlQzNp65In0 HTTP/1.1" 200 2
201.245.192.253 - - [29/Sep/2023:06:43:26 -0500] "POST /kwsrmcab/Wsrmcab  HTTP/1.1" 200 43477
157.55.39.56 - - [29/Sep/2023:06:44:37 -0500] "GET /BLA/resoluciones/RESOLUCIONES%202023/1384.pdf HTTP/1.1" 200 387432
201.245.192.253 - - [29/Sep/2023:06:45:23 -0500] "POST /forms/lservlet;jsessionid=ac16012b30d6e2e8c19cc46444528ecfee64de2a4774.e3iSbxaKaheRe34Pbx8Nc3aQci1ynknvrkLOlQzNp65In0 HTTP/1.1" 200 2
216.245.221.92 - - [29/Sep/2023:06:46:45 -0500] "HEAD / HTTP/1.1" 200 -
201.245.192.253 - - [29/Sep/2023:06:47:23 -0500] "POST /forms/lservlet;jsessionid=ac16012b30d6e2e8c19cc46444528ecfee64de2a4774.e3iSbxaKaheRe34Pbx8Nc3aQci1ynknvrkLOlQzNp65In0 HTTP/1.1" 200 2
172.22.2.4 - - [29/Sep/2023:06:45:58 -0500] "HEAD /BLA/boletinlegal/ HTTP/1.1" 200 -
201.245.192.253 - - [29/Sep/2023:06:48:25 -0500] "POST /kwsrmcab/Wsrmcab  HTTP/1.1" 200 43477
172.22.2.4 - - [29/Sep/2023:06:46:48 -0500] "GET /BLA/boletinlegal/ HTTP/1.1" 200 58187
201.245.192.253 - - [29/Sep/2023:06:49:23 -0500] "POST /forms/lservlet;jsessionid=ac16012b30d6e2e8c19cc46444528ecfee64de2a4774.e3iSbxaKaheRe34Pbx8Nc3aQci1ynknvrkLOlQzNp65In0 HTTP/1.1" 200 2
201.245.192.253 - - [29/Sep/2023:06:51:23 -0500] "POST /forms/lservlet;jsessionid=ac16012b30d6e2e8c19cc46444528ecfee64de2a4774.e3iSbxaKaheRe34Pbx8Nc3aQci1ynknvrkLOlQzNp65In0 HTTP/1.1" 200 2
216.245.221.92 - - [29/Sep/2023:06:51:45 -0500] "HEAD / HTTP/1.1" 200 -
172.22.2.4 - - [29/Sep/2023:06:53:15 -0500] "GET /BLA/boletinlegal/actos.php HTTP/1.1" 200 9682
201.245.192.253 - - [29/Sep/2023:06:53:23 -0500] "POST /forms/lservlet;jsessionid=ac16012b30d6e2e8c19cc46444528ecfee64de2a4774.e3iSbxaKaheRe34Pbx8Nc3aQci1ynknvrkLOlQzNp65In0 HTTP/1.1" 200 2
201.245.192.253 - - [29/Sep/2023:06:53:24 -0500] "POST /kwsrmcab/Wsrmcab  HTTP/1.1" 200 43477
172.22.2.4 - - [29/Sep/2023:06:51:48 -0500] "HEAD /BLA/boletinlegal/ HTTP/1.1" 200 -
172.22.2.4 - - [29/Sep/2023:06:52:38 -0500] "GET /BLA/boletinlegal/ HTTP/1.1" 200 58187
157.55.39.203 - - [29/Sep/2023:06:54:56 -0500] "GET /Publicaciones/2023EE222721.pdf HTTP/1.1" 200 231946
201.245.192.253 - - [29/Sep/2023:06:55:23 -0500] "POST /forms/lservlet;jsessionid=ac16012b30d6e2e8c19cc46444528ecfee64de2a4774.e3iSbxaKaheRe34Pbx8Nc3aQci1ynknvrkLOlQzNp65In0 HTTP/1.1" 200 2
216.245.221.92 - - [29/Sep/2023:06:56:45 -0500] "HEAD / HTTP/1.1" 200 -
201.245.192.253 - - [29/Sep/2023:06:57:23 -0500] "POST /forms/lservlet;jsessionid=ac16012b30d6e2e8c19cc46444528ecfee64de2a4774.e3iSbxaKaheRe34Pbx8Nc3aQci1ynknvrkLOlQzNp65In0 HTTP/1.1" 200 2
201.245.192.253 - - [29/Sep/2023:06:58:23 -0500] "POST /kwsrmcab/Wsrmcab  HTTP/1.1" 200 43477
172.22.2.4 - - [29/Sep/2023:06:57:38 -0500] "HEAD /BLA/boletinlegal/ HTTP/1.1" 200 -
201.245.192.253 - - [29/Sep/2023:06:59:23 -0500] "POST /forms/lservlet;jsessionid=ac16012b30d6e2e8c19cc46444528ecfee64de2a4774.e3iSbxaKaheRe34Pbx8Nc3aQci1ynknvrkLOlQzNp65In0 HTTP/1.1" 200 2
172.22.2.4 - - [29/Sep/2023:06:58:28 -0500] "GET /BLA/boletinlegal/ HTTP/1.1" 200 47438
201.245.192.253 - - [29/Sep/2023:07:01:23 -0500] "POST /forms/lservlet;jsessionid=ac16012b30d6e2e8c19cc46444528ecfee64de2a4774.e3iSbxaKaheRe34Pbx8Nc3aQci1ynknvrkLOlQzNp65In0 HTTP/1.1" 200 2
186.30.167.141 - - [29/Sep/2023:07:01:36 -0500] "GET /BLA/boletinlegal/admin/ HTTP/1.1" 200 2324
186.30.167.141 - - [29/Sep/2023:07:01:37 -0500] "GET /BLA/boletinlegal/admin/index_files/style.css HTTP/1.1" 200 6223
186.30.167.141 - - [29/Sep/2023:07:01:37 -0500] "GET /BLA/boletinlegal/admin/images/bg.png HTTP/1.1" 200 332965
186.30.167.141 - - [29/Sep/2023:07:01:37 -0500] "GET /favicon.ico HTTP/1.1" 200 7782
216.245.221.92 - - [29/Sep/2023:07:01:45 -0500] "HEAD / HTTP/1.1" 200 -
186.30.167.141 - - [29/Sep/2023:07:01:45 -0500] "POST /BLA/boletinlegal/admin/usuarios/process.php HTTP/1.1" 302 -
186.30.167.141 - - [29/Sep/2023:07:01:45 -0500] "GET /BLA/boletinlegal/admin/index.php HTTP/1.1" 200 5690
186.30.167.141 - - [29/Sep/2023:07:02:02 -0500] "GET /BLA/boletinlegal/admin/index_files/header.png HTTP/1.1" 200 240212
186.30.167.141 - - [29/Sep/2023:07:02:02 -0500] "GET /BLA/boletinlegal/images/can.png HTTP/1.1" 200 37574
186.30.167.141 - - [29/Sep/2023:07:02:02 -0500] "GET /BLA/boletinlegal/admin/index_files/3_5.gif HTTP/1.1" 200 1633
186.30.167.141 - - [29/Sep/2023:07:02:02 -0500] "GET /BLA/boletinlegal/admin/index_files/7_1.gif HTTP/1.1" 200 1455
186.30.167.141 - - [29/Sep/2023:07:02:02 -0500] "GET /BLA/boletinlegal/admin/index_files/7_5.gif HTTP/1.1" 200 1565
186.30.167.141 - - [29/Sep/2023:07:02:02 -0500] "GET /BLA/boletinlegal/admin/index_files/2_2.gif HTTP/1.1" 200 1728
186.30.167.141 - - [29/Sep/2023:07:02:02 -0500] "GET /BLA/boletinlegal/admin/index_files/2_4.gif HTTP/1.1" 200 1763
186.30.167.141 - - [29/Sep/2023:07:02:02 -0500] "GET /BLA/boletinlegal/admin/index_files/index_files/tback.gif HTTP/1.1" 404 1334
168.119.253.32 - - [29/Sep/2023:07:03:17 -0500] "GET / HTTP/1.1" 200 319
201.245.192.253 - - [29/Sep/2023:07:03:23 -0500] "POST /forms/lservlet;jsessionid=ac16012b30d6e2e8c19cc46444528ecfee64de2a4774.e3iSbxaKaheRe34Pbx8Nc3aQci1ynknvrkLOlQzNp65In0 HTTP/1.1" 200 2
201.245.192.253 - - [29/Sep/2023:07:03:22 -0500] "POST /kwsrmcab/Wsrmcab  HTTP/1.1" 200 43477
186.30.167.141 - - [29/Sep/2023:07:03:27 -0500] "GET /BLA/boletinlegal/admin/notificaciones/ingresar.php HTTP/1.1" 200 30074
186.30.167.141 - - [29/Sep/2023:07:03:27 -0500] "GET /BLA/boletinlegal/admin/css/dynamic.css HTTP/1.1" 200 23305
186.30.167.141 - - [29/Sep/2023:07:03:27 -0500] "GET /BLA/boletinlegal/admin/css/creation.css HTTP/1.1" 200 3945
186.30.167.141 - - [29/Sep/2023:07:03:27 -0500] "GET /BLA/boletinlegal/admin/js/jquery-1.3.1.min.js HTTP/1.1" 200 55272
186.30.167.141 - - [29/Sep/2023:07:03:27 -0500] "GET /BLA/boletinlegal/admin/js/jquery.functions.js HTTP/1.1" 200 2317
186.30.167.141 - - [29/Sep/2023:07:03:27 -0500] "GET /BLA/boletinlegal/admin/js/nicEdit-latest.js HTTP/1.1" 200 38373
186.30.167.141 - - [29/Sep/2023:07:03:28 -0500] "GET /BLA/boletinlegal/images/cabezote%20BLEGAL.jpg HTTP/1.1" 200 118164
186.30.167.141 - - [29/Sep/2023:07:03:28 -0500] "GET /css/global/buttons.css HTTP/1.1" 404 1324
186.30.167.141 - - [29/Sep/2023:07:03:28 -0500] "GET /BLA/boletinlegal/admin/images/calendario.png HTTP/1.1" 200 4380
186.30.167.141 - - [29/Sep/2023:07:03:29 -0500] "GET /BLA/boletinlegal/images/favicon.ico HTTP/1.1" 404 1346
172.22.2.4 - - [29/Sep/2023:07:03:28 -0500] "HEAD /BLA/boletinlegal/ HTTP/1.1" 200 -
201.245.192.253 - - [29/Sep/2023:07:05:23 -0500] "POST /forms/lservlet;jsessionid=ac16012b30d6e2e8c19cc46444528ecfee64de2a4774.e3iSbxaKaheRe34Pbx8Nc3aQci1ynknvrkLOlQzNp65In0 HTTP/1.1" 200 2
172.22.2.4 - - [29/Sep/2023:07:04:18 -0500] "GET /BLA/boletinlegal/ HTTP/1.1" 200 60342
186.30.167.141 - - [29/Sep/2023:07:06:05 -0500] "POST /BLA/boletinlegal/admin/notificaciones/ingresar.php HTTP/1.1" 200 30167
186.30.167.141 - - [29/Sep/2023:07:06:05 -0500] "GET /css/global/buttons.css HTTP/1.1" 404 1324
216.245.221.92 - - [29/Sep/2023:07:06:45 -0500] "HEAD / HTTP/1.1" 200 -
216.244.66.195 - - [29/Sep/2023:07:06:53 -0500] "GET /robots.txt HTTP/1.1" 404 1018
201.245.192.253 - - [29/Sep/2023:07:07:23 -0500] "POST /forms/lservlet;jsessionid=ac16012b30d6e2e8c19cc46444528ecfee64de2a4774.e3iSbxaKaheRe34Pbx8Nc3aQci1ynknvrkLOlQzNp65In0 HTTP/1.1" 200 2
186.30.167.141 - - [29/Sep/2023:07:07:26 -0500] "POST /BLA/boletinlegal/admin/notificaciones/ingresar.php HTTP/1.1" 200 30167
186.30.167.141 - - [29/Sep/2023:07:07:26 -0500] "GET /css/global/buttons.css HTTP/1.1" 404 1324
201.245.192.253 - - [29/Sep/2023:07:08:21 -0500] "POST /kwsrmcab/Wsrmcab  HTTP/1.1" 200 43477
201.245.192.253 - - [29/Sep/2023:07:09:23 -0500] "POST /forms/lservlet;jsessionid=ac16012b30d6e2e8c19cc46444528ecfee64de2a4774.e3iSbxaKaheRe34Pbx8Nc3aQci1ynknvrkLOlQzNp65In0 HTTP/1.1" 200 2
157.55.39.200 - - [29/Sep/2023:07:09:34 -0500] "GET /BLA/resoluciones/RESOLUCIONES%202023/1306.pdf HTTP/1.1" 200 390058
186.30.167.141 - - [29/Sep/2023:07:09:59 -0500] "GET /BLA/boletinlegal/admin/ HTTP/1.1" 200 5690
186.30.167.141 - - [29/Sep/2023:07:10:16 -0500] "GET /BLA/boletinlegal/admin/index_files/index_files/tback.gif HTTP/1.1" 404 1334
172.22.2.4 - - [29/Sep/2023:07:10:40 -0500] "GET /BLA/boletinlegal/style.css HTTP/1.1" 200 9406
172.22.2.4 - - [29/Sep/2023:07:10:40 -0500] "GET /BLA/boletinlegal/styles2.css HTTP/1.1" 200 1838
172.22.2.4 - - [29/Sep/2023:07:10:40 -0500] "GET /BLA/boletinlegal/js/jquery.js HTTP/1.1" 200 57254
172.22.2.4 - - [29/Sep/2023:07:10:40 -0500] "GET /BLA/boletinlegal/js/jquery.scrollTo-min.js HTTP/1.1" 200 1150
172.22.2.4 - - [29/Sep/2023:07:10:41 -0500] "GET /BLA/boletinlegal/js/jquery.scrollShow.js HTTP/1.1" 200 4586
172.22.2.4 - - [29/Sep/2023:07:10:41 -0500] "GET /BLA/boletinlegal/images/cabezote%20BLEGAL.jpg HTTP/1.1" 200 118164
172.22.2.4 - - [29/Sep/2023:07:10:43 -0500] "GET /BLA/boletinlegal/images/subscribe-icon-big.png HTTP/1.1" 200 47702
172.22.2.4 - - [29/Sep/2023:07:10:43 -0500] "GET /BLA/boletinlegal/images/historia.png HTTP/1.1" 200 52775
172.22.2.4 - - [29/Sep/2023:07:10:43 -0500] "GET /BLA/boletinlegal/images/menu_bg.jpg HTTP/1.1" 200 620
172.22.2.4 - - [29/Sep/2023:07:10:44 -0500] "GET /BLA/boletinlegal/images/body_bg.jpg HTTP/1.1" 200 1601
172.22.2.4 - - [29/Sep/2023:07:10:44 -0500] "GET /BLA/boletinlegal/images/menu_lft.gif HTTP/1.1" 200 1713
172.22.2.4 - - [29/Sep/2023:07:10:44 -0500] "GET /BLA/boletinlegal/images/menu_rght.gif HTTP/1.1" 200 1627
172.22.2.4 - - [29/Sep/2023:07:10:44 -0500] "GET /BLA/boletinlegal/images/bg_top.jpg HTTP/1.1" 200 522
172.22.2.4 - - [29/Sep/2023:07:10:44 -0500] "GET /BLA/boletinlegal/images/text.jpg HTTP/1.1" 200 568
172.22.2.4 - - [29/Sep/2023:07:10:44 -0500] "GET /BLA/boletinlegal/images/launch.jpg HTTP/1.1" 200 14577
172.22.2.4 - - [29/Sep/2023:07:10:45 -0500] "GET /BLA/boletinlegal/images/hover.jpg HTTP/1.1" 200 640
172.22.2.4 - - [29/Sep/2023:07:10:45 -0500] "GET /BLA/boletinlegal/images/registro-usuarios.png HTTP/1.1" 200 8106
172.22.2.4 - - [29/Sep/2023:07:10:45 -0500] "GET /BLA/boletinlegal/images/arr_l.jpg HTTP/1.1" 200 1979
172.22.2.4 - - [29/Sep/2023:07:10:45 -0500] "GET /BLA/boletinlegal/images/screen_1.png HTTP/1.1" 200 202547
172.22.2.4 - - [29/Sep/2023:07:09:18 -0500] "HEAD /BLA/boletinlegal/ HTTP/1.1" 200 -
201.245.192.253 - - [29/Sep/2023:07:11:23 -0500] "POST /forms/lservlet;jsessionid=ac16012b30d6e2e8c19cc46444528ecfee64de2a4774.e3iSbxaKaheRe34Pbx8Nc3aQci1ynknvrkLOlQzNp65In0 HTTP/1.1" 200 2
66.249.66.194 - - [29/Sep/2023:07:11:31 -0500] "GET /un-respiro-para-el-ambiente-durante-la-jornada-de-dia-sin-carro-y-sin-moto.html HTTP/1.1" 200 702
172.22.2.4 - - [29/Sep/2023:07:10:39 -0500] "GET /BLA/boletinlegal/ HTTP/1.1" 200 24523
216.245.221.92 - - [29/Sep/2023:07:11:45 -0500] "HEAD / HTTP/1.1" 200 -
172.22.2.4 - - [29/Sep/2023:07:11:46 -0500] "GET /BLA/boletinlegal/actos.php HTTP/1.1" 200 9682
172.22.2.4 - - [29/Sep/2023:07:11:46 -0500] "GET /BLA/boletinlegal/styles2.css HTTP/1.1" 200 1838
172.22.2.4 - - [29/Sep/2023:07:11:46 -0500] "GET /BLA/boletinlegal/niceforms-default.css HTTP/1.1" 200 6694
172.22.2.4 - - [29/Sep/2023:07:11:46 -0500] "GET /BLA/boletinlegal/style.css HTTP/1.1" 200 9406
172.22.2.4 - - [29/Sep/2023:07:11:46 -0500] "GET /BLA/boletinlegal/js/ajax_actos.js HTTP/1.1" 200 1322
172.22.2.4 - - [29/Sep/2023:07:11:46 -0500] "GET /BLA/boletinlegal/js/lib.js HTTP/1.1" 200 6474
172.22.2.4 - - [29/Sep/2023:07:11:46 -0500] "GET /BLA/boletinlegal/niceforms.js HTTP/1.1" 200 22876
172.22.2.4 - - [29/Sep/2023:07:11:46 -0500] "GET /BLA/boletinlegal/js/popup.js HTTP/1.1" 200 1270
172.22.2.4 - - [29/Sep/2023:07:11:46 -0500] "GET /BLA/boletinlegal/js/jquery1.js HTTP/1.1" 200 29846
172.22.2.4 - - [29/Sep/2023:07:11:46 -0500] "GET /BLA/boletinlegal/images/cabezote%20BLEGAL.jpg HTTP/1.1" 200 118164
172.22.2.4 - - [29/Sep/2023:07:11:46 -0500] "GET /BLA/boletinlegal/images/subscribe-icon-big.png HTTP/1.1" 200 47702
172.22.2.4 - - [29/Sep/2023:07:11:46 -0500] "GET /BLA/boletinlegal/images/historia.png HTTP/1.1" 200 52775
172.22.2.4 - - [29/Sep/2023:07:11:46 -0500] "GET /BLA/boletinlegal/images/registro-usuarios.png HTTP/1.1" 200 8106
172.22.2.4 - - [29/Sep/2023:07:11:46 -0500] "GET /BLA/boletinlegal/images/green-yellow-blue-pink-th.png HTTP/1.1" 200 7394
172.22.2.4 - - [29/Sep/2023:07:11:46 -0500] "GET /BLA/boletinlegal/images/tel.png HTTP/1.1" 200 14477
172.22.2.4 - - [29/Sep/2023:07:11:46 -0500] "GET /BLA/boletinlegal/images/icono-email.png HTTP/1.1" 200 5544
172.22.2.4 - - [29/Sep/2023:07:11:46 -0500] "GET /BLA/boletinlegal/images/body_bg.jpg HTTP/1.1" 200 1601
172.22.2.4 - - [29/Sep/2023:07:11:46 -0500] "GET /BLA/boletinlegal/images/menu_lft.gif HTTP/1.1" 200 1713
172.22.2.4 - - [29/Sep/2023:07:11:46 -0500] "GET /BLA/boletinlegal/images/menu_rght.gif HTTP/1.1" 200 1627
172.22.2.4 - - [29/Sep/2023:07:11:46 -0500] "GET /BLA/boletinlegal/images/footer_bg.jpg HTTP/1.1" 200 586
172.22.2.4 - - [29/Sep/2023:07:11:46 -0500] "GET /BLA/boletinlegal/images/menu_bg.jpg HTTP/1.1" 200 620
172.22.2.4 - - [29/Sep/2023:07:11:46 -0500] "GET /BLA/boletinlegal/images/hover.jpg HTTP/1.1" 200 640
172.22.2.4 - - [29/Sep/2023:07:11:46 -0500] "GET /BLA/boletinlegal/images/bg_top.jpg HTTP/1.1" 200 522
172.22.2.4 - - [29/Sep/2023:07:11:46 -0500] "GET /BLA/boletinlegal/images/text.jpg HTTP/1.1" 200 568
172.22.2.4 - - [29/Sep/2023:07:11:46 -0500] "GET /BLA/boletinlegal/images/footer_bg_l.jpg HTTP/1.1" 200 776
172.22.2.4 - - [29/Sep/2023:07:11:46 -0500] "GET /BLA/boletinlegal/img/0.png HTTP/1.1" 200 110
172.22.2.4 - - [29/Sep/2023:07:11:46 -0500] "GET /BLA/boletinlegal/img/select-left.png HTTP/1.1" 200 263
172.22.2.4 - - [29/Sep/2023:07:11:46 -0500] "GET /BLA/boletinlegal/img/select-right.png HTTP/1.1" 200 44019
172.22.2.4 - - [29/Sep/2023:07:11:46 -0500] "GET /BLA/boletinlegal/img/button.png HTTP/1.1" 200 43241
172.22.2.4 - - [29/Sep/2023:07:11:46 -0500] "GET /BLA/boletinlegal/img/button-left.png HTTP/1.1" 200 57071
172.22.2.4 - - [29/Sep/2023:07:11:46 -0500] "GET /BLA/boletinlegal/img/button-right.png HTTP/1.1" 200 57878
172.22.2.4 - - [29/Sep/2023:07:11:46 -0500] "GET /BLA/boletinlegal/favicon.ico HTTP/1.1" 404 1326
172.22.2.4 - - [29/Sep/2023:07:10:09 -0500] "GET /BLA/boletinlegal/ HTTP/1.1" 200 43133
172.22.2.4 - - [29/Sep/2023:07:11:54 -0500] "GET /BLA/boletinlegal/consulta_actos.php?tipo=autos&no=&usuario=&sector=&fecha=2023&resuelve= HTTP/1.1" 200 917074
172.22.2.4 - - [29/Sep/2023:07:11:55 -0500] "GET /BLA/boletinlegal/images/pdf.gif HTTP/1.1" 200 567
172.22.2.4 - - [29/Sep/2023:07:11:55 -0500] "GET /BLA/boletinlegal/images/background.gif HTTP/1.1" 200 -
172.22.2.4 - - [29/Sep/2023:07:12:11 -0500] "GET /BLA/boletinlegal/consulta_actos.php?tipo=resoluciones&no=&usuario=secretaria%20distrital%20de%20ambiente&sector=&fecha=2023&resuelve= HTTP/1.1" 200 21801
172.22.2.4 - - [29/Sep/2023:07:12:13 -0500] "GET /BLA/boletinlegal/consulta_actos.php?tipo=resoluciones&no=&usuario=secretaria%20distrital%20de%20ambiente&sector=&fecha=2023&resuelve= HTTP/1.1" 200 21801
201.245.192.253 - - [29/Sep/2023:07:13:19 -0500] "POST /kwsrmcab/Wsrmcab  HTTP/1.1" 200 43477
201.245.192.253 - - [29/Sep/2023:07:13:23 -0500] "POST /forms/lservlet;jsessionid=ac16012b30d6e2e8c19cc46444528ecfee64de2a4774.e3iSbxaKaheRe34Pbx8Nc3aQci1ynknvrkLOlQzNp65In0 HTTP/1.1" 200 2
186.30.167.141 - - [29/Sep/2023:07:13:56 -0500] "GET /BLA/boletinlegal/admin/css/default.css HTTP/1.1" 200 4379
186.30.167.141 - - [29/Sep/2023:07:13:56 -0500] "GET /BLA/boletinlegal/admin/actos/ingresar.php HTTP/1.1" 200 7209
186.30.167.141 - - [29/Sep/2023:07:13:56 -0500] "GET /BLA/boletinlegal/admin/img/h1.png HTTP/1.1" 200 3227
186.30.167.141 - - [29/Sep/2023:07:13:57 -0500] "GET /BLA/boletinlegal/admin/img/overlay.png HTTP/1.1" 200 984
66.249.73.104 - - [29/Sep/2023:07:12:20 -0500] "GET /BLA/boletinlegal/index.php? HTTP/1.1" 200 62286
116.202.20.140 - - [29/Sep/2023:07:14:10 -0500] "GET / HTTP/1.1" 200 319
201.245.192.253 - - [29/Sep/2023:07:14:56 -0500] "GET /sipse/faces/index.xhtml HTTP/1.1" 200 677
201.245.192.253 - - [29/Sep/2023:07:14:56 -0500] "GET /sipse/faces/javax.faces.resource/theme.css?ln=primefaces-sipse HTTP/1.1" 304 -
201.245.192.253 - - [29/Sep/2023:07:14:56 -0500] "GET /sipse/faces/faces/autenticacion.xhtml HTTP/1.1" 200 12416
201.245.192.253 - - [29/Sep/2023:07:14:56 -0500] "GET /sipse/js/disable_browser_buttons.js HTTP/1.1" 304 -
201.245.192.253 - - [29/Sep/2023:07:14:56 -0500] "GET /sipse/js/funciones.js HTTP/1.1" 304 -
201.245.192.253 - - [29/Sep/2023:07:14:56 -0500] "GET /sipse/css/custom_css_sg.css HTTP/1.1" 304 -
201.245.192.253 - - [29/Sep/2023:07:14:56 -0500] "GET /sipse/css/custom_css_sg_prime_login.css HTTP/1.1" 304 -
201.245.192.253 - - [29/Sep/2023:07:14:56 -0500] "GET /sipse/faces/javax.faces.resource/jquery/jquery.js?ln=primefaces&v=4.0 HTTP/1.1" 304 -
201.245.192.253 - - [29/Sep/2023:07:14:56 -0500] "GET /sipse/faces/javax.faces.resource/theme.css?ln=primefaces-sipse HTTP/1.1" 304 -
201.245.192.253 - - [29/Sep/2023:07:14:56 -0500] "GET /sipse/faces/javax.faces.resource/jquery/jquery-plugins.js?ln=primefaces&v=4.0 HTTP/1.1" 304 -
201.245.192.253 - - [29/Sep/2023:07:14:56 -0500] "GET /sipse/faces/javax.faces.resource/layout/layout.css?ln=primefaces&v=4.0 HTTP/1.1" 304 -
201.245.192.253 - - [29/Sep/2023:07:14:56 -0500] "GET /sipse/faces/javax.faces.resource/primefaces.css?ln=primefaces&v=4.0 HTTP/1.1" 304 -
201.245.192.253 - - [29/Sep/2023:07:14:56 -0500] "GET /sipse/faces/javax.faces.resource/primefaces.js?ln=primefaces&v=4.0 HTTP/1.1" 304 -
201.245.192.253 - - [29/Sep/2023:07:14:56 -0500] "GET /sipse/faces/javax.faces.resource/layout/layout.js?ln=primefaces&v=4.0 HTTP/1.1" 304 -
201.245.192.253 - - [29/Sep/2023:07:14:56 -0500] "GET /sipse/css/imagen/logoSDG.png HTTP/1.1" 304 -
201.245.192.253 - - [29/Sep/2023:07:14:56 -0500] "GET /sipse/css/imagen/loginimg.png HTTP/1.1" 304 -
201.245.192.253 - - [29/Sep/2023:07:14:56 -0500] "GET /sipse/faces/javax.faces.resource/images/ui-icons_898989_256x240.png?ln=primefaces-aristo HTTP/1.1" 304 -
201.245.192.253 - - [29/Sep/2023:07:14:58 -0500] "POST /sipse/faces/autenticacion.xhtml HTTP/1.1" 200 16222
201.245.192.253 - - [29/Sep/2023:07:14:58 -0500] "GET /sipse/css/custom_css_sg_prime.css HTTP/1.1" 304 -
201.245.192.253 - - [29/Sep/2023:07:14:58 -0500] "GET /sipse/faces/javax.faces.resource/layout/layout.css?ln=primefaces&v=4.0 HTTP/1.1" 304 -
201.245.192.253 - - [29/Sep/2023:07:14:58 -0500] "GET /sipse/faces/javax.faces.resource/primefaces.css?ln=primefaces&v=4.0 HTTP/1.1" 304 -
201.245.192.253 - - [29/Sep/2023:07:14:58 -0500] "GET /sipse/faces/javax.faces.resource/theme.css?ln=primefaces-sipse HTTP/1.1" 304 -
201.245.192.253 - - [29/Sep/2023:07:14:58 -0500] "GET /sipse/js/jquery.min.js HTTP/1.1" 304 -
201.245.192.253 - - [29/Sep/2023:07:14:58 -0500] "GET /sipse/faces/javax.faces.resource/jquery/jquery.js?ln=primefaces&v=4.0 HTTP/1.1" 304 -
201.245.192.253 - - [29/Sep/2023:07:14:58 -0500] "GET /sipse/faces/javax.faces.resource/jquery/jquery-plugins.js?ln=primefaces&v=4.0 HTTP/1.1" 304 -
201.245.192.253 - - [29/Sep/2023:07:14:58 -0500] "GET /sipse/faces/javax.faces.resource/primefaces.js?ln=primefaces&v=4.0 HTTP/1.1" 304 -
201.245.192.253 - - [29/Sep/2023:07:14:58 -0500] "GET /sipse/faces/javax.faces.resource/layout/layout.js?ln=primefaces&v=4.0 HTTP/1.1" 304 -
201.245.192.253 - - [29/Sep/2023:07:14:58 -0500] "GET /sipse/css/v_mergente.css HTTP/1.1" 304 -
201.245.192.253 - - [29/Sep/2023:07:14:58 -0500] "GET /sipse/imagenes/cargando.gif HTTP/1.1" 304 -
201.245.192.253 - - [29/Sep/2023:07:14:58 -0500] "GET /sipse/imagenes/logoAplicacion.jpg HTTP/1.1" 304 -
201.245.192.253 - - [29/Sep/2023:07:14:58 -0500] "GET /sipse/css/imagen/contrasena.png HTTP/1.1" 404 383
201.245.192.253 - - [29/Sep/2023:07:14:58 -0500] "GET /sipse/faces/javax.faces.resource/messages/messages.png?ln=primefaces&v=4.0 HTTP/1.1" 304 -
201.245.192.253 - - [29/Sep/2023:07:15:01 -0500] "GET /sipse/faces/javax.faces.resource/images/ui-bg_flat_0_2d5972_40x100.png?ln=primefaces-aristo HTTP/1.1" 304 -
201.245.192.253 - - [29/Sep/2023:07:15:01 -0500] "POST /sipse/faces/bienvenido.xhtml HTTP/1.1" 200 1471
201.245.192.253 - - [29/Sep/2023:07:15:02 -0500] "POST /sipse/faces/bienvenido.xhtml HTTP/1.1" 200 34390
201.245.192.253 - - [29/Sep/2023:07:15:02 -0500] "GET /sipse/faces/javax.faces.resource/theme.css?ln=primefaces-sipse HTTP/1.1" 304 -
201.245.192.253 - - [29/Sep/2023:07:15:02 -0500] "GET /sipse/faces/javax.faces.resource/primefaces.css?ln=primefaces&v=4.0 HTTP/1.1" 304 -
201.245.192.253 - - [29/Sep/2023:07:15:02 -0500] "GET /sipse/faces/javax.faces.resource/layout/layout.css?ln=primefaces&v=4.0 HTTP/1.1" 304 -
201.245.192.253 - - [29/Sep/2023:07:15:02 -0500] "GET /sipse/faces/javax.faces.resource/jquery/jquery.js?ln=primefaces&v=4.0 HTTP/1.1" 304 -
201.245.192.253 - - [29/Sep/2023:07:15:02 -0500] "GET /sipse/faces/javax.faces.resource/jquery/jquery-plugins.js?ln=primefaces&v=4.0 HTTP/1.1" 304 -
201.245.192.253 - - [29/Sep/2023:07:15:02 -0500] "GET /sipse/faces/javax.faces.resource/primefaces.js?ln=primefaces&v=4.0 HTTP/1.1" 304 -
201.245.192.253 - - [29/Sep/2023:07:15:02 -0500] "GET /sipse/faces/javax.faces.resource/layout/layout.js?ln=primefaces&v=4.0 HTTP/1.1" 304 -
201.245.192.253 - - [29/Sep/2023:07:15:02 -0500] "POST /sipse/faces/presentacion/financiero/solicitudProceso/listarSolicitudProceso.xhtml HTTP/1.1" 200 1404
186.30.167.141 - - [29/Sep/2023:07:15:03 -0500] "POST /BLA/boletinlegal/admin/actos/ingresar.php HTTP/1.1" 200 7302
201.245.192.253 - - [29/Sep/2023:07:15:04 -0500] "POST /sipse/faces/presentacion/financiero/solicitudProceso/listarSolicitudProceso.xhtml HTTP/1.1" 200 119050
201.245.192.253 - - [29/Sep/2023:07:15:05 -0500] "GET /sipse/faces/javax.faces.resource/primefaces.css?ln=primefaces&v=4.0 HTTP/1.1" 304 -
201.245.192.253 - - [29/Sep/2023:07:15:05 -0500] "GET /sipse/faces/javax.faces.resource/theme.css?ln=primefaces-sipse HTTP/1.1" 304 -
201.245.192.253 - - [29/Sep/2023:07:15:05 -0500] "GET /sipse/faces/javax.faces.resource/layout/layout.css?ln=primefaces&v=4.0 HTTP/1.1" 304 -
201.245.192.253 - - [29/Sep/2023:07:15:05 -0500] "GET /sipse/faces/javax.faces.resource/jquery/jquery.js?ln=primefaces&v=4.0 HTTP/1.1" 304 -
201.245.192.253 - - [29/Sep/2023:07:15:05 -0500] "GET /sipse/faces/javax.faces.resource/jquery/jquery-plugins.js?ln=primefaces&v=4.0 HTTP/1.1" 304 -
201.245.192.253 - - [29/Sep/2023:07:15:05 -0500] "GET /sipse/faces/javax.faces.resource/primefaces.js?ln=primefaces&v=4.0 HTTP/1.1" 304 -
201.245.192.253 - - [29/Sep/2023:07:15:05 -0500] "GET /sipse/faces/javax.faces.resource/layout/layout.js?ln=primefaces&v=4.0 HTTP/1.1" 304 -
201.245.192.253 - - [29/Sep/2023:07:15:10 -0500] "POST /sipse/faces/presentacion/financiero/solicitudProceso/consultarSolicitudProceso.xhtml HTTP/1.1" 200 1658398
201.245.192.253 - - [29/Sep/2023:07:15:11 -0500] "POST /sipse/faces/presentacion/financiero/solicitudProceso/consultarSolicitudProceso.xhtml HTTP/1.1" 200 201613
201.245.192.253 - - [29/Sep/2023:07:15:13 -0500] "POST /sipse/faces/presentacion/financiero/solicitudProceso/consultarSolicitudProceso.xhtml HTTP/1.1" 200 2549530
201.245.192.253 - - [29/Sep/2023:07:15:15 -0500] "POST /sipse/faces/presentacion/financiero/solicitudProceso/consultarSolicitudProceso.xhtml HTTP/1.1" 200 512198
201.245.192.253 - - [29/Sep/2023:07:15:18 -0500] "POST /sipse/faces/presentacion/financiero/solicitudProceso/consultarSolicitudProceso.xhtml HTTP/1.1" 200 7067824
201.245.192.253 - - [29/Sep/2023:07:15:22 -0500] "POST /sipse/faces/presentacion/financiero/solicitudProceso/consultarSolicitudProceso.xhtml HTTP/1.1" 200 261307
201.245.192.253 - - [29/Sep/2023:07:15:23 -0500] "POST /forms/lservlet;jsessionid=ac16012b30d6e2e8c19cc46444528ecfee64de2a4774.e3iSbxaKaheRe34Pbx8Nc3aQci1ynknvrkLOlQzNp65In0 HTTP/1.1" 200 2
201.245.192.253 - - [29/Sep/2023:07:15:23 -0500] "POST /sipse/faces/presentacion/financiero/solicitudProceso/consultarSolicitudProceso.xhtml HTTP/1.1" 200 380928
186.30.167.141 - - [29/Sep/2023:07:16:33 -0500] "POST /BLA/boletinlegal/admin/actos/ingresar.php HTTP/1.1" 500 1135
186.30.167.141 - - [29/Sep/2023:07:16:33 -0500] "POST /BLA/boletinlegal/admin/actos/ingresar.php HTTP/1.1" 200 7302
216.245.221.92 - - [29/Sep/2023:07:16:45 -0500] "HEAD / HTTP/1.1" 200 -
172.22.2.4 - - [29/Sep/2023:07:15:08 -0500] "HEAD /BLA/boletinlegal/ HTTP/1.1" 200 -
201.245.192.253 - - [29/Sep/2023:07:17:23 -0500] "POST /forms/lservlet;jsessionid=ac16012b30d6e2e8c19cc46444528ecfee64de2a4774.e3iSbxaKaheRe34Pbx8Nc3aQci1ynknvrkLOlQzNp65In0 HTTP/1.1" 200 2
172.22.2.4 - - [29/Sep/2023:07:15:58 -0500] "GET /BLA/boletinlegal/ HTTP/1.1" 200 60342
186.30.167.141 - - [29/Sep/2023:07:17:55 -0500] "POST /BLA/boletinlegal/admin/actos/ingresar.php HTTP/1.1" 200 7302
201.245.192.253 - - [29/Sep/2023:07:18:10 -0500] "POST /kwsrmcab/Wsrmcab HTTP/1.1" 200 42861
