201.245.192.253 - - [29/Sep/2023:01:44:29 -0500] "POST /kwsrmcab/Wsrmcab  HTTP/1.1" 200 43477
172.22.2.4 - - [29/Sep/2023:01:43:26 -0500] "GET /BLA/boletinlegal/ HTTP/1.1" 200 58187
201.245.192.253 - - [29/Sep/2023:01:45:21 -0500] "POST /forms/lservlet;jsessionid=ac16012b30d6e2e8c19cc46444528ecfee64de2a4774.e3iSbxaKaheRe34Pbx8Nc3aQci1ynknvrkLOlQzNp65In0 HTTP/1.1" 200 2
216.245.221.92 - - [29/Sep/2023:01:46:45 -0500] "HEAD / HTTP/1.1" 200 -
201.245.192.253 - - [29/Sep/2023:01:47:21 -0500] "POST /forms/lservlet;jsessionid=ac16012b30d6e2e8c19cc46444528ecfee64de2a4774.e3iSbxaKaheRe34Pbx8Nc3aQci1ynknvrkLOlQzNp65In0 HTTP/1.1" 200 2
172.22.2.4 - - [29/Sep/2023:01:47:17 -0500] "GET /BLA/boletinlegal/ HTTP/1.1" 200 32715
207.46.13.156 - - [29/Sep/2023:01:48:46 -0500] "GET /BLA/resoluciones/RESOLUCIONES%202021/1470.pdf HTTP/1.1" 200 500651
201.245.192.253 - - [29/Sep/2023:01:49:21 -0500] "POST /forms/lservlet;jsessionid=ac16012b30d6e2e8c19cc46444528ecfee64de2a4774.e3iSbxaKaheRe34Pbx8Nc3aQci1ynknvrkLOlQzNp65In0 HTTP/1.1" 200 2
201.245.192.253 - - [29/Sep/2023:01:49:28 -0500] "POST /kwsrmcab/Wsrmcab  HTTP/1.1" 200 43477
172.22.2.4 - - [29/Sep/2023:01:48:25 -0500] "HEAD /BLA/boletinlegal/ HTTP/1.1" 200 -
172.22.2.4 - - [29/Sep/2023:01:49:16 -0500] "GET /BLA/boletinlegal/ HTTP/1.1" 200 58187
201.245.192.253 - - [29/Sep/2023:01:51:21 -0500] "POST /forms/lservlet;jsessionid=ac16012b30d6e2e8c19cc46444528ecfee64de2a4774.e3iSbxaKaheRe34Pbx8Nc3aQci1ynknvrkLOlQzNp65In0 HTTP/1.1" 200 2
216.245.221.92 - - [29/Sep/2023:01:51:45 -0500] "HEAD / HTTP/1.1" 200 -
201.245.192.253 - - [29/Sep/2023:01:53:21 -0500] "POST /forms/lservlet;jsessionid=ac16012b30d6e2e8c19cc46444528ecfee64de2a4774.e3iSbxaKaheRe34Pbx8Nc3aQci1ynknvrkLOlQzNp65In0 HTTP/1.1" 200 2
120.71.59.24 - - [29/Sep/2023:01:54:14 -0500] "GET / HTTP/1.1" 200 319
201.245.192.253 - - [29/Sep/2023:01:54:27 -0500] "POST /kwsrmcab/Wsrmcab  HTTP/1.1" 200 43477
207.46.13.154 - - [29/Sep/2023:01:54:37 -0500] "GET /BLA/resoluciones/RESOLUCIONES%202023/1277.pdf HTTP/1.1" 200 684209
201.245.192.253 - - [29/Sep/2023:01:55:21 -0500] "POST /forms/lservlet;jsessionid=ac16012b30d6e2e8c19cc46444528ecfee64de2a4774.e3iSbxaKaheRe34Pbx8Nc3aQci1ynknvrkLOlQzNp65In0 HTTP/1.1" 200 2
172.22.2.4 - - [29/Sep/2023:01:54:15 -0500] "HEAD /BLA/boletinlegal/ HTTP/1.1" 200 -
87.236.176.23 - - [29/Sep/2023:01:56:09 -0500] "GET / HTTP/1.1" 200 319
216.245.221.92 - - [29/Sep/2023:01:56:45 -0500] "HEAD / HTTP/1.1" 200 -
172.22.2.4 - - [29/Sep/2023:01:55:06 -0500] "GET /BLA/boletinlegal/ HTTP/1.1" 200 60692
207.46.13.127 - - [29/Sep/2023:01:56:53 -0500] "GET /BLA/resoluciones/RESOLUCIONES%202023/1401.pdf HTTP/1.1" 200 504056
201.245.192.253 - - [29/Sep/2023:01:57:21 -0500] "POST /forms/lservlet;jsessionid=ac16012b30d6e2e8c19cc46444528ecfee64de2a4774.e3iSbxaKaheRe34Pbx8Nc3aQci1ynknvrkLOlQzNp65In0 HTTP/1.1" 200 2
40.77.167.63 - - [29/Sep/2023:01:59:18 -0500] "GET /BLA/resoluciones/RESOLUCIONES%202012/1345.pdf HTTP/1.1" 200 1522367
201.245.192.253 - - [29/Sep/2023:01:59:21 -0500] "POST /forms/lservlet;jsessionid=ac16012b30d6e2e8c19cc46444528ecfee64de2a4774.e3iSbxaKaheRe34Pbx8Nc3aQci1ynknvrkLOlQzNp65In0 HTTP/1.1" 200 2
201.245.192.253 - - [29/Sep/2023:01:59:25 -0500] "POST /kwsrmcab/Wsrmcab  HTTP/1.1" 200 43477
201.245.192.253 - - [29/Sep/2023:02:01:21 -0500] "POST /forms/lservlet;jsessionid=ac16012b30d6e2e8c19cc46444528ecfee64de2a4774.e3iSbxaKaheRe34Pbx8Nc3aQci1ynknvrkLOlQzNp65In0 HTTP/1.1" 200 2
216.245.221.92 - - [29/Sep/2023:02:01:45 -0500] "HEAD / HTTP/1.1" 200 -
172.22.2.4 - - [29/Sep/2023:02:00:05 -0500] "HEAD /BLA/boletinlegal/ HTTP/1.1" 200 -
157.55.39.201 - - [29/Sep/2023:02:01:57 -0500] "GET /BLA/resoluciones/RESOLUCIONES%202023/0708.pdf HTTP/1.1" 200 413121
172.22.2.4 - - [29/Sep/2023:02:00:56 -0500] "GET /BLA/boletinlegal/ HTTP/1.1" 200 60342
157.55.39.201 - - [29/Sep/2023:02:02:38 -0500] "GET /Publicaciones/2023EE223173.pdf HTTP/1.1" 200 1013073
157.55.39.201 - - [29/Sep/2023:02:02:45 -0500] "GET /galeria/galeria/jquery.fancybox.css?v=2.1.5 HTTP/1.1" 200 4895
207.46.13.127 - - [29/Sep/2023:02:02:50 -0500] "GET /galeria/galeria/jquery.fancybox.js?v=2.1.5 HTTP/1.1" 200 48706
201.245.192.253 - - [29/Sep/2023:02:03:21 -0500] "POST /forms/lservlet;jsessionid=ac16012b30d6e2e8c19cc46444528ecfee64de2a4774.e3iSbxaKaheRe34Pbx8Nc3aQci1ynknvrkLOlQzNp65In0 HTTP/1.1" 200 2
201.245.192.253 - - [29/Sep/2023:02:04:25 -0500] "POST /kwsrmcab/Wsrmcab  HTTP/1.1" 200 43477
157.55.39.61 - - [29/Sep/2023:02:05:06 -0500] "GET /BLA/resoluciones/RESOLUCIONES%202019/3332.pdf HTTP/1.1" 304 -
201.245.192.253 - - [29/Sep/2023:02:05:21 -0500] "POST /forms/lservlet;jsessionid=ac16012b30d6e2e8c19cc46444528ecfee64de2a4774.e3iSbxaKaheRe34Pbx8Nc3aQci1ynknvrkLOlQzNp65In0 HTTP/1.1" 200 2
157.55.39.61 - - [29/Sep/2023:02:05:38 -0500] "GET /BLA/resoluciones/RESOLUCIONES%202012/1552.pdf HTTP/1.1" 200 450745
216.245.221.92 - - [29/Sep/2023:02:06:45 -0500] "HEAD / HTTP/1.1" 200 -
201.245.192.253 - - [29/Sep/2023:02:07:21 -0500] "POST /forms/lservlet;jsessionid=ac16012b30d6e2e8c19cc46444528ecfee64de2a4774.e3iSbxaKaheRe34Pbx8Nc3aQci1ynknvrkLOlQzNp65In0 HTTP/1.1" 200 2
172.22.2.4 - - [29/Sep/2023:02:05:55 -0500] "HEAD /BLA/boletinlegal/ HTTP/1.1" 200 -
172.22.2.4 - - [29/Sep/2023:02:06:46 -0500] "GET /BLA/boletinlegal/ HTTP/1.1" 200 58187
201.245.192.253 - - [29/Sep/2023:02:09:21 -0500] "POST /forms/lservlet;jsessionid=ac16012b30d6e2e8c19cc46444528ecfee64de2a4774.e3iSbxaKaheRe34Pbx8Nc3aQci1ynknvrkLOlQzNp65In0 HTTP/1.1" 200 2
201.245.192.253 - - [29/Sep/2023:02:09:24 -0500] "POST /kwsrmcab/Wsrmcab  HTTP/1.1" 200 43477
201.245.192.253 - - [29/Sep/2023:02:11:21 -0500] "POST /forms/lservlet;jsessionid=ac16012b30d6e2e8c19cc46444528ecfee64de2a4774.e3iSbxaKaheRe34Pbx8Nc3aQci1ynknvrkLOlQzNp65In0 HTTP/1.1" 200 2
216.245.221.92 - - [29/Sep/2023:02:11:45 -0500] "HEAD / HTTP/1.1" 200 -
201.245.192.253 - - [29/Sep/2023:02:13:21 -0500] "POST /forms/lservlet;jsessionid=ac16012b30d6e2e8c19cc46444528ecfee64de2a4774.e3iSbxaKaheRe34Pbx8Nc3aQci1ynknvrkLOlQzNp65In0 HTTP/1.1" 200 2
172.22.2.4 - - [29/Sep/2023:02:11:45 -0500] "HEAD /BLA/boletinlegal/ HTTP/1.1" 200 -
172.22.2.4 - - [29/Sep/2023:02:12:36 -0500] "GET /BLA/boletinlegal/ HTTP/1.1" 200 60692
201.245.192.253 - - [29/Sep/2023:02:14:23 -0500] "POST /kwsrmcab/Wsrmcab  HTTP/1.1" 200 43477
201.245.192.253 - - [29/Sep/2023:02:15:21 -0500] "POST /forms/lservlet;jsessionid=ac16012b30d6e2e8c19cc46444528ecfee64de2a4774.e3iSbxaKaheRe34Pbx8Nc3aQci1ynknvrkLOlQzNp65In0 HTTP/1.1" 200 2
216.245.221.92 - - [29/Sep/2023:02:16:45 -0500] "HEAD / HTTP/1.1" 200 -
157.55.39.12 - - [29/Sep/2023:02:17:18 -0500] "GET /bla/resoluciones/resoluciones%202012/1909.pdf HTTP/1.1" 200 2349488
201.245.192.253 - - [29/Sep/2023:02:17:21 -0500] "POST /forms/lservlet;jsessionid=ac16012b30d6e2e8c19cc46444528ecfee64de2a4774.e3iSbxaKaheRe34Pbx8Nc3aQci1ynknvrkLOlQzNp65In0 HTTP/1.1" 200 2
201.245.192.253 - - [29/Sep/2023:02:18:10 -0500] "POST /kwsrmcab/Wsrmcab HTTP/1.1" 200 42057
201.245.192.253 - - [29/Sep/2023:02:18:13 -0500] "POST /kwsrmcab/Wsrmcab HTTP/1.1" 200 42864
40.77.202.21 - - [29/Sep/2023:02:18:46 -0500] "GET /galeria/galeria/jquery.fancybox.css?v=2.1.5 HTTP/1.1" 200 4895
40.77.202.21 - - [29/Sep/2023:02:18:46 -0500] "GET /galeria/galeria/jquery.fancybox.js?v=2.1.5 HTTP/1.1" 200 48706
172.22.2.4 - - [29/Sep/2023:02:17:35 -0500] "HEAD /BLA/boletinlegal/ HTTP/1.1" 200 -
201.245.192.253 - - [29/Sep/2023:02:19:21 -0500] "POST /forms/lservlet;jsessionid=ac16012b30d6e2e8c19cc46444528ecfee64de2a4774.e3iSbxaKaheRe34Pbx8Nc3aQci1ynknvrkLOlQzNp65In0 HTTP/1.1" 200 2
201.245.192.253 - - [29/Sep/2023:02:19:21 -0500] "POST /kwsrmcab/Wsrmcab  HTTP/1.1" 200 43477
172.22.2.4 - - [29/Sep/2023:02:18:26 -0500] "GET /BLA/boletinlegal/ HTTP/1.1" 200 60342
201.245.192.253 - - [29/Sep/2023:02:21:21 -0500] "POST /forms/lservlet;jsessionid=ac16012b30d6e2e8c19cc46444528ecfee64de2a4774.e3iSbxaKaheRe34Pbx8Nc3aQci1ynknvrkLOlQzNp65In0 HTTP/1.1" 200 2
216.245.221.92 - - [29/Sep/2023:02:21:45 -0500] "HEAD / HTTP/1.1" 200 -
201.245.192.253 - - [29/Sep/2023:02:23:21 -0500] "POST /forms/lservlet;jsessionid=ac16012b30d6e2e8c19cc46444528ecfee64de2a4774.e3iSbxaKaheRe34Pbx8Nc3aQci1ynknvrkLOlQzNp65In0 HTTP/1.1" 200 2
201.245.192.253 - - [29/Sep/2023:02:24:20 -0500] "POST /kwsrmcab/Wsrmcab  HTTP/1.1" 200 43477
172.22.2.4 - - [29/Sep/2023:02:23:26 -0500] "HEAD /BLA/boletinlegal/ HTTP/1.1" 200 -
201.245.192.253 - - [29/Sep/2023:02:25:21 -0500] "POST /forms/lservlet;jsessionid=ac16012b30d6e2e8c19cc46444528ecfee64de2a4774.e3iSbxaKaheRe34Pbx8Nc3aQci1ynknvrkLOlQzNp65In0 HTTP/1.1" 200 2
172.22.2.4 - - [29/Sep/2023:02:24:17 -0500] "GET /BLA/boletinlegal/ HTTP/1.1" 200 59343
216.245.221.92 - - [29/Sep/2023:02:26:45 -0500] "HEAD / HTTP/1.1" 200 -
201.245.192.253 - - [29/Sep/2023:02:27:21 -0500] "POST /forms/lservlet;jsessionid=ac16012b30d6e2e8c19cc46444528ecfee64de2a4774.e3iSbxaKaheRe34Pbx8Nc3aQci1ynknvrkLOlQzNp65In0 HTTP/1.1" 200 2
201.245.192.253 - - [29/Sep/2023:02:28:11 -0500] "POST /kwsrmcab/Wsrmcab HTTP/1.1" 200 42057
201.245.192.253 - - [29/Sep/2023:02:28:14 -0500] "POST /kwsrmcab/Wsrmcab HTTP/1.1" 200 42864
201.245.192.253 - - [29/Sep/2023:02:29:21 -0500] "POST /forms/lservlet;jsessionid=ac16012b30d6e2e8c19cc46444528ecfee64de2a4774.e3iSbxaKaheRe34Pbx8Nc3aQci1ynknvrkLOlQzNp65In0 HTTP/1.1" 200 2
201.245.192.253 - - [29/Sep/2023:02:29:19 -0500] "POST /kwsrmcab/Wsrmcab  HTTP/1.1" 200 43477
172.22.2.4 - - [29/Sep/2023:02:29:16 -0500] "HEAD /BLA/boletinlegal/ HTTP/1.1" 200 -
201.245.192.253 - - [29/Sep/2023:02:31:21 -0500] "POST /forms/lservlet;jsessionid=ac16012b30d6e2e8c19cc46444528ecfee64de2a4774.e3iSbxaKaheRe34Pbx8Nc3aQci1ynknvrkLOlQzNp65In0 HTTP/1.1" 200 2
216.245.221.92 - - [29/Sep/2023:02:31:45 -0500] "HEAD / HTTP/1.1" 200 -
172.22.2.4 - - [29/Sep/2023:02:30:07 -0500] "GET /BLA/boletinlegal/ HTTP/1.1" 200 60342
201.245.192.253 - - [29/Sep/2023:02:33:21 -0500] "POST /forms/lservlet;jsessionid=ac16012b30d6e2e8c19cc46444528ecfee64de2a4774.e3iSbxaKaheRe34Pbx8Nc3aQci1ynknvrkLOlQzNp65In0 HTTP/1.1" 200 2
201.245.192.253 - - [29/Sep/2023:02:34:18 -0500] "POST /kwsrmcab/Wsrmcab  HTTP/1.1" 200 43477
207.46.13.130 - - [29/Sep/2023:02:34:37 -0500] "GET /BLA/resoluciones/RESOLUCIONES%202021/2808.pdf HTTP/1.1" 200 464987
201.245.192.253 - - [29/Sep/2023:02:35:22 -0500] "POST /forms/lservlet;jsessionid=ac16012b30d6e2e8c19cc46444528ecfee64de2a4774.e3iSbxaKaheRe34Pbx8Nc3aQci1ynknvrkLOlQzNp65In0 HTTP/1.1" 200 2
216.245.221.92 - - [29/Sep/2023:02:36:45 -0500] "HEAD / HTTP/1.1" 200 -
172.22.2.4 - - [29/Sep/2023:02:35:06 -0500] "HEAD /BLA/boletinlegal/ HTTP/1.1" 200 -
201.245.192.253 - - [29/Sep/2023:02:37:21 -0500] "POST /forms/lservlet;jsessionid=ac16012b30d6e2e8c19cc46444528ecfee64de2a4774.e3iSbxaKaheRe34Pbx8Nc3aQci1ynknvrkLOlQzNp65In0 HTTP/1.1" 200 2
199.16.157.182 - - [29/Sep/2023:02:37:27 -0500] "GET /robots.txt HTTP/1.1" 404 1034
199.16.157.182 - - [29/Sep/2023:02:37:27 -0500] "GET /images/Secretarias%20Fondo%20carga%206%20de%20febrero.jpeg HTTP/1.1" 200 55460
172.22.2.4 - - [29/Sep/2023:02:37:28 -0500] "GET /BLA/boletinlegal/actos.php HTTP/1.1" 200 9682
172.22.2.4 - - [29/Sep/2023:02:35:57 -0500] "GET /BLA/boletinlegal/ HTTP/1.1" 200 56970
172.22.2.4 - - [29/Sep/2023:02:37:40 -0500] "GET /BLA/boletinlegal/styles2.css HTTP/1.1" 200 1838
172.22.2.4 - - [29/Sep/2023:02:37:44 -0500] "GET /BLA/boletinlegal/js/ajax_actos.js HTTP/1.1" 200 1322
172.22.2.4 - - [29/Sep/2023:02:37:49 -0500] "GET /BLA/boletinlegal/niceforms-default.css HTTP/1.1" 200 6694
172.22.2.4 - - [29/Sep/2023:02:37:50 -0500] "GET /BLA/boletinlegal/niceforms.js HTTP/1.1" 200 22876
201.245.192.253 - - [29/Sep/2023:02:38:11 -0500] "POST /kwsrmcab/Wsrmcab HTTP/1.1" 200 42057
201.245.192.253 - - [29/Sep/2023:02:38:14 -0500] "POST /kwsrmcab/Wsrmcab HTTP/1.1" 200 42864
201.245.192.253 - - [29/Sep/2023:02:39:17 -0500] "POST /kwsrmcab/Wsrmcab  HTTP/1.1" 200 43477
201.245.192.253 - - [29/Sep/2023:02:39:22 -0500] "POST /forms/lservlet;jsessionid=ac16012b30d6e2e8c19cc46444528ecfee64de2a4774.e3iSbxaKaheRe34Pbx8Nc3aQci1ynknvrkLOlQzNp65In0 HTTP/1.1" 200 2
201.245.192.253 - - [29/Sep/2023:02:41:22 -0500] "POST /forms/lservlet;jsessionid=ac16012b30d6e2e8c19cc46444528ecfee64de2a4774.e3iSbxaKaheRe34Pbx8Nc3aQci1ynknvrkLOlQzNp65In0 HTTP/1.1" 200 2
216.245.221.92 - - [29/Sep/2023:02:41:45 -0500] "HEAD / HTTP/1.1" 200 -
172.22.2.4 - - [29/Sep/2023:02:40:56 -0500] "HEAD /BLA/boletinlegal/ HTTP/1.1" 200 -
157.55.39.60 - - [29/Sep/2023:02:42:51 -0500] "GET /sipse/faces/index.xhtml HTTP/1.1" 200 677
201.245.192.253 - - [29/Sep/2023:02:43:22 -0500] "POST /forms/lservlet;jsessionid=ac16012b30d6e2e8c19cc46444528ecfee64de2a4774.e3iSbxaKaheRe34Pbx8Nc3aQci1ynknvrkLOlQzNp65In0 HTTP/1.1" 200 2
172.22.2.4 - - [29/Sep/2023:02:41:47 -0500] "GET /BLA/boletinlegal/ HTTP/1.1" 200 60692
201.245.192.253 - - [29/Sep/2023:02:44:16 -0500] "POST /kwsrmcab/Wsrmcab  HTTP/1.1" 200 43477
207.46.13.154 - - [29/Sep/2023:02:45:18 -0500] "GET /Publicaciones/2023EE222726.pdf HTTP/1.1" 200 231980
201.245.192.253 - - [29/Sep/2023:02:45:22 -0500] "POST /forms/lservlet;jsessionid=ac16012b30d6e2e8c19cc46444528ecfee64de2a4774.e3iSbxaKaheRe34Pbx8Nc3aQci1ynknvrkLOlQzNp65In0 HTTP/1.1" 200 2
162.55.175.141 - - [29/Sep/2023:02:46:42 -0500] "GET / HTTP/1.1" 200 319
216.245.221.92 - - [29/Sep/2023:02:46:45 -0500] "HEAD / HTTP/1.1" 200 -
201.245.192.253 - - [29/Sep/2023:02:47:22 -0500] "POST /forms/lservlet;jsessionid=ac16012b30d6e2e8c19cc46444528ecfee64de2a4774.e3iSbxaKaheRe34Pbx8Nc3aQci1ynknvrkLOlQzNp65In0 HTTP/1.1" 200 2
172.22.2.4 - - [29/Sep/2023:02:46:46 -0500] "HEAD /BLA/boletinlegal/ HTTP/1.1" 200 -
201.245.192.253 - - [29/Sep/2023:02:49:14 -0500] "POST /kwsrmcab/Wsrmcab  HTTP/1.1" 200 43477
172.22.2.4 - - [29/Sep/2023:02:47:37 -0500] "GET /BLA/boletinlegal/ HTTP/1.1" 200 60342
201.245.192.253 - - [29/Sep/2023:02:49:22 -0500] "POST /forms/lservlet;jsessionid=ac16012b30d6e2e8c19cc46444528ecfee64de2a4774.e3iSbxaKaheRe34Pbx8Nc3aQci1ynknvrkLOlQzNp65In0 HTTP/1.1" 200 2
201.245.192.253 - - [29/Sep/2023:02:51:22 -0500] "POST /forms/lservlet;jsessionid=ac16012b30d6e2e8c19cc46444528ecfee64de2a4774.e3iSbxaKaheRe34Pbx8Nc3aQci1ynknvrkLOlQzNp65In0 HTTP/1.1" 200 2
216.245.221.92 - - [29/Sep/2023:02:51:45 -0500] "HEAD / HTTP/1.1" 200 -
66.249.66.21 - - [29/Sep/2023:02:52:32 -0500] "GET /resoluciones/RESOLUCIONES%202009/2749.pdf HTTP/1.1" 404 1018
52.167.144.139 - - [29/Sep/2023:02:52:39 -0500] "GET /Publicaciones/2023EE221679.pdf HTTP/1.1" 200 457251
201.245.192.253 - - [29/Sep/2023:02:53:22 -0500] "POST /forms/lservlet;jsessionid=ac16012b30d6e2e8c19cc46444528ecfee64de2a4774.e3iSbxaKaheRe34Pbx8Nc3aQci1ynknvrkLOlQzNp65In0 HTTP/1.1" 200 2
201.245.192.253 - - [29/Sep/2023:02:54:14 -0500] "POST /kwsrmcab/Wsrmcab  HTTP/1.1" 200 43477
172.22.2.4 - - [29/Sep/2023:02:52:36 -0500] "HEAD /BLA/boletinlegal/ HTTP/1.1" 200 -
172.22.2.4 - - [29/Sep/2023:02:53:27 -0500] "GET /BLA/boletinlegal/ HTTP/1.1" 200 57790
201.245.192.253 - - [29/Sep/2023:02:55:22 -0500] "POST /forms/lservlet;jsessionid=ac16012b30d6e2e8c19cc46444528ecfee64de2a4774.e3iSbxaKaheRe34Pbx8Nc3aQci1ynknvrkLOlQzNp65In0 HTTP/1.1" 200 2
172.22.2.4 - - [29/Sep/2023:02:55:46 -0500] "GET /BLA/boletinlegal/Circulares/2011/Circular%20No.%206%20del%2023%20de%20Septiembre%20de%202011.pdf HTTP/1.1" 200 252800
216.245.221.92 - - [29/Sep/2023:02:56:45 -0500] "HEAD / HTTP/1.1" 200 -
3.20.140.18 - - [29/Sep/2023:02:56:46 -0500] "GET /galeria/galeria/fotos/Entrenube3P.jpg HTTP/1.1" 200 8487
52.167.144.189 - - [29/Sep/2023:02:57:20 -0500] "GET /BLA/resoluciones/RESOLUCIONES%202012/1913.pdf HTTP/1.1" 200 422045
201.245.192.253 - - [29/Sep/2023:02:57:22 -0500] "POST /forms/lservlet;jsessionid=ac16012b30d6e2e8c19cc46444528ecfee64de2a4774.e3iSbxaKaheRe34Pbx8Nc3aQci1ynknvrkLOlQzNp65In0 HTTP/1.1" 200 2
172.22.2.4 - - [29/Sep/2023:02:57:31 -0500] "GET /BLA/boletinlegal/?XDEBUG_SESSION_START=phpstorm HTTP/1.1" 200 32715
201.245.192.253 - - [29/Sep/2023:02:59:13 -0500] "POST /kwsrmcab/Wsrmcab  HTTP/1.1" 200 43477
201.245.192.253 - - [29/Sep/2023:02:59:22 -0500] "POST /forms/lservlet;jsessionid=ac16012b30d6e2e8c19cc46444528ecfee64de2a4774.e3iSbxaKaheRe34Pbx8Nc3aQci1ynknvrkLOlQzNp65In0 HTTP/1.1" 200 2
66.249.66.19 - - [29/Sep/2023:02:59:52 -0500] "GET /BLA/jurisprudencia/sentencias/5283531030012000-00005-01%20[16-05-2011][1].pdf HTTP/1.1" 404 1018
66.249.66.19 - - [29/Sep/2023:03:00:02 -0500] "GET /BLA/resoluciones/RESOLUCIONES%202010/1607.pdf HTTP/1.1" 200 1011881
172.22.2.4 - - [29/Sep/2023:02:58:26 -0500] "HEAD /BLA/boletinlegal/ HTTP/1.1" 200 -
172.22.2.4 - - [29/Sep/2023:02:59:17 -0500] "GET /BLA/boletinlegal/ HTTP/1.1" 200 56257
201.245.192.253 - - [29/Sep/2023:03:01:22 -0500] "POST /forms/lservlet;jsessionid=ac16012b30d6e2e8c19cc46444528ecfee64de2a4774.e3iSbxaKaheRe34Pbx8Nc3aQci1ynknvrkLOlQzNp65In0 HTTP/1.1" 200 2
216.245.221.92 - - [29/Sep/2023:03:01:45 -0500] "HEAD / HTTP/1.1" 200 -
201.245.192.253 - - [29/Sep/2023:03:03:22 -0500] "POST /forms/lservlet;jsessionid=ac16012b30d6e2e8c19cc46444528ecfee64de2a4774.e3iSbxaKaheRe34Pbx8Nc3aQci1ynknvrkLOlQzNp65In0 HTTP/1.1" 200 2
201.245.192.253 - - [29/Sep/2023:03:04:12 -0500] "POST /kwsrmcab/Wsrmcab  HTTP/1.1" 200 43477
201.245.192.253 - - [29/Sep/2023:03:05:22 -0500] "POST /forms/lservlet;jsessionid=ac16012b30d6e2e8c19cc46444528ecfee64de2a4774.e3iSbxaKaheRe34Pbx8Nc3aQci1ynknvrkLOlQzNp65In0 HTTP/1.1" 200 2
157.55.39.61 - - [29/Sep/2023:03:05:51 -0500] "GET /BLA/resoluciones/RESOLUCIONES%202022/4347.pdf HTTP/1.1" 304 -
172.22.2.4 - - [29/Sep/2023:03:04:16 -0500] "HEAD /BLA/boletinlegal/ HTTP/1.1" 200 -
216.245.221.92 - - [29/Sep/2023:03:06:45 -0500] "HEAD / HTTP/1.1" 200 -
172.22.2.4 - - [29/Sep/2023:03:05:07 -0500] "GET /BLA/boletinlegal/ HTTP/1.1" 200 53013
201.245.192.253 - - [29/Sep/2023:03:07:22 -0500] "POST /forms/lservlet;jsessionid=ac16012b30d6e2e8c19cc46444528ecfee64de2a4774.e3iSbxaKaheRe34Pbx8Nc3aQci1ynknvrkLOlQzNp65In0 HTTP/1.1" 200 2
201.245.192.253 - - [29/Sep/2023:03:09:12 -0500] "POST /kwsrmcab/Wsrmcab  HTTP/1.1" 200 43477
66.249.66.21 - - [29/Sep/2023:03:09:21 -0500] "GET /BLA/resoluciones/RESOLUCIONES%202009/3168.pdf HTTP/1.1" 200 475029
201.245.192.253 - - [29/Sep/2023:03:09:22 -0500] "POST /forms/lservlet;jsessionid=ac16012b30d6e2e8c19cc46444528ecfee64de2a4774.e3iSbxaKaheRe34Pbx8Nc3aQci1ynknvrkLOlQzNp65In0 HTTP/1.1" 200 2
157.55.39.49 - - [29/Sep/2023:03:09:43 -0500] "GET /BLA/resoluciones/RESOLUCIONES%202021/1291.pdf HTTP/1.1" 200 591740
40.77.167.33 - - [29/Sep/2023:03:11:00 -0500] "GET /BLA/resoluciones/RESOLUCIONES%202007/RES%202007%202901%20AL%203000/RESOLUCION%202906%20DE%202007.pdf HTTP/1.1" 304 -
201.245.192.253 - - [29/Sep/2023:03:11:22 -0500] "POST /forms/lservlet;jsessionid=ac16012b30d6e2e8c19cc46444528ecfee64de2a4774.e3iSbxaKaheRe34Pbx8Nc3aQci1ynknvrkLOlQzNp65In0 HTTP/1.1" 200 2
157.55.39.203 - - [29/Sep/2023:03:11:24 -0500] "GET /Publicaciones/2023EE224024.pdf HTTP/1.1" 200 347166
216.245.221.92 - - [29/Sep/2023:03:11:45 -0500] "HEAD / HTTP/1.1" 200 -
172.22.2.4 - - [29/Sep/2023:03:10:06 -0500] "HEAD /BLA/boletinlegal/ HTTP/1.1" 200 -
172.22.2.4 - - [29/Sep/2023:03:10:57 -0500] "GET /BLA/boletinlegal/ HTTP/1.1" 200 58187
66.249.66.20 - - [29/Sep/2023:03:13:01 -0500] "GET /BLA/resoluciones/RESOLUCIONES%202011/0831.pdf HTTP/1.1" 200 717857
201.245.192.253 - - [29/Sep/2023:03:13:22 -0500] "POST /forms/lservlet;jsessionid=ac16012b30d6e2e8c19cc46444528ecfee64de2a4774.e3iSbxaKaheRe34Pbx8Nc3aQci1ynknvrkLOlQzNp65In0 HTTP/1.1" 200 2
201.245.192.253 - - [29/Sep/2023:03:14:10 -0500] "POST /kwsrmcab/Wsrmcab  HTTP/1.1" 200 43477
201.245.192.253 - - [29/Sep/2023:03:15:22 -0500] "POST /forms/lservlet;jsessionid=ac16012b30d6e2e8c19cc46444528ecfee64de2a4774.e3iSbxaKaheRe34Pbx8Nc3aQci1ynknvrkLOlQzNp65In0 HTTP/1.1" 200 2
40.77.167.41 - - [29/Sep/2023:03:16:21 -0500] "GET /Publicaciones/2023EE224034.pdf HTTP/1.1" 200 350310
216.245.221.92 - - [29/Sep/2023:03:16:45 -0500] "HEAD / HTTP/1.1" 200 -
201.245.192.253 - - [29/Sep/2023:03:17:22 -0500] "POST /forms/lservlet;jsessionid=ac16012b30d6e2e8c19cc46444528ecfee64de2a4774.e3iSbxaKaheRe34Pbx8Nc3aQci1ynknvrkLOlQzNp65In0 HTTP/1.1" 200 2
172.22.2.4 - - [29/Sep/2023:03:15:56 -0500] "HEAD /BLA/boletinlegal/ HTTP/1.1" 200 -
201.245.192.253 - - [29/Sep/2023:03:18:10 -0500] "POST /kwsrmcab/Wsrmcab HTTP/1.1" 200 41902
201.245.192.253 - - [29/Sep/2023:03:18:13 -0500] "POST /kwsrmcab/Wsrmcab HTTP/1.1" 200 42870
172.22.2.4 - - [29/Sep/2023:03:16:47 -0500] "GET /BLA/boletinlegal/ HTTP/1.1" 200 57790
201.245.192.253 - - [29/Sep/2023:03:19:09 -0500] "POST /kwsrmcab/Wsrmcab  HTTP/1.1" 200 43477
201.245.192.253 - - [29/Sep/2023:03:19:22 -0500] "POST /forms/lservlet;jsessionid=ac16012b30d6e2e8c19cc46444528ecfee64de2a4774.e3iSbxaKaheRe34Pbx8Nc3aQci1ynknvrkLOlQzNp65In0 HTTP/1.1" 200 2
40.77.167.41 - - [29/Sep/2023:03:20:22 -0500] "GET /BLA/resoluciones/RESOLUCIONES%202012/1075.pdf HTTP/1.1" 200 639027
201.245.192.253 - - [29/Sep/2023:03:21:22 -0500] "POST /forms/lservlet;jsessionid=ac16012b30d6e2e8c19cc46444528ecfee64de2a4774.e3iSbxaKaheRe34Pbx8Nc3aQci1ynknvrkLOlQzNp65In0 HTTP/1.1" 200 2
216.245.221.92 - - [29/Sep/2023:03:21:45 -0500] "HEAD / HTTP/1.1" 200 -
201.245.192.253 - - [29/Sep/2023:03:23:22 -0500] "POST /forms/lservlet;jsessionid=ac16012b30d6e2e8c19cc46444528ecfee64de2a4774.e3iSbxaKaheRe34Pbx8Nc3aQci1ynknvrkLOlQzNp65In0 HTTP/1.1" 200 2
172.22.2.4 - - [29/Sep/2023:03:21:46 -0500] "HEAD /BLA/boletinlegal/ HTTP/1.1" 200 -
157.55.39.201 - - [29/Sep/2023:03:23:45 -0500] "GET /Publicaciones/2023EE221737.pdf HTTP/1.1" 200 697675
201.245.192.253 - - [29/Sep/2023:03:24:09 -0500] "POST /kwsrmcab/Wsrmcab  HTTP/1.1" 200 43477
172.22.2.4 - - [29/Sep/2023:03:22:38 -0500] "GET /BLA/boletinlegal/ HTTP/1.1" 200 60342
66.249.66.20 - - [29/Sep/2023:03:25:21 -0500] "GET /BLA/resoluciones/RESOLUCIONES%202009/8485.pdf HTTP/1.1" 200 3387527
201.245.192.253 - - [29/Sep/2023:03:25:22 -0500] "POST /forms/lservlet;jsessionid=ac16012b30d6e2e8c19cc46444528ecfee64de2a4774.e3iSbxaKaheRe34Pbx8Nc3aQci1ynknvrkLOlQzNp65In0 HTTP/1.1" 200 2
52.167.144.180 - - [29/Sep/2023:03:26:42 -0500] "GET /BLA/resoluciones/RESOLUCIONES%202023/0503.pdf HTTP/1.1" 200 542615
216.245.221.92 - - [29/Sep/2023:03:26:45 -0500] "HEAD / HTTP/1.1" 200 -
201.245.192.253 - - [29/Sep/2023:03:27:22 -0500] "POST /forms/lservlet;jsessionid=ac16012b30d6e2e8c19cc46444528ecfee64de2a4774.e3iSbxaKaheRe34Pbx8Nc3aQci1ynknvrkLOlQzNp65In0 HTTP/1.1" 200 2
201.245.192.253 - - [29/Sep/2023:03:28:10 -0500] "POST /kwsrmcab/Wsrmcab HTTP/1.1" 200 41902
201.245.192.253 - - [29/Sep/2023:03:28:14 -0500] "POST /kwsrmcab/Wsrmcab HTTP/1.1" 200 42870
201.245.192.253 - - [29/Sep/2023:03:29:07 -0500] "POST /kwsrmcab/Wsrmcab  HTTP/1.1" 200 43477
172.22.2.4 - - [29/Sep/2023:03:27:37 -0500] "HEAD /BLA/boletinlegal/ HTTP/1.1" 200 -
201.245.192.253 - - [29/Sep/2023:03:29:22 -0500] "POST /forms/lservlet;jsessionid=ac16012b30d6e2e8c19cc46444528ecfee64de2a4774.e3iSbxaKaheRe34Pbx8Nc3aQci1ynknvrkLOlQzNp65In0 HTTP/1.1" 200 2
66.249.66.20 - - [29/Sep/2023:03:29:42 -0500] "GET /BLA/resoluciones/RESOLUCIONES%202009/1230.pdf HTTP/1.1" 200 395410
172.22.2.4 - - [29/Sep/2023:03:28:28 -0500] "GET /BLA/boletinlegal/ HTTP/1.1" 200 58187
66.249.66.20 - - [29/Sep/2023:03:30:53 -0500] "GET /BLA/resoluciones/RESOLUCIONES%202009/6958.pdf HTTP/1.1" 200 266486
201.245.192.253 - - [29/Sep/2023:03:31:22 -0500] "POST /forms/lservlet;jsessionid=ac16012b30d6e2e8c19cc46444528ecfee64de2a4774.e3iSbxaKaheRe34Pbx8Nc3aQci1ynknvrkLOlQzNp65In0 HTTP/1.1" 200 2
216.245.221.92 - - [29/Sep/2023:03:31:45 -0500] "HEAD / HTTP/1.1" 200 -
201.245.192.253 - - [29/Sep/2023:03:33:22 -0500] "POST /forms/lservlet;jsessionid=ac16012b30d6e2e8c19cc46444528ecfee64de2a4774.e3iSbxaKaheRe34Pbx8Nc3aQci1ynknvrkLOlQzNp65In0 HTTP/1.1" 200 2
201.245.192.253 - - [29/Sep/2023:03:34:07 -0500] "POST /kwsrmcab/Wsrmcab  HTTP/1.1" 200 43477
66.249.66.20 - - [29/Sep/2023:03:34:47 -0500] "GET /BLA/resoluciones/RESOLUCIONES%202009/0806.pdf HTTP/1.1" 200 224688
172.22.2.4 - - [29/Sep/2023:03:33:27 -0500] "HEAD /BLA/boletinlegal/ HTTP/1.1" 200 -
201.245.192.253 - - [29/Sep/2023:03:35:22 -0500] "POST /forms/lservlet;jsessionid=ac16012b30d6e2e8c19cc46444528ecfee64de2a4774.e3iSbxaKaheRe34Pbx8Nc3aQci1ynknvrkLOlQzNp65In0 HTTP/1.1" 200 2
172.22.2.4 - - [29/Sep/2023:03:34:18 -0500] "GET /BLA/boletinlegal/ HTTP/1.1" 200 54597
216.245.221.92 - - [29/Sep/2023:03:36:45 -0500] "HEAD / HTTP/1.1" 200 -
172.22.2.4 - - [29/Sep/2023:03:37:06 -0500] "GET /BLA/boletinlegal/robots.txt HTTP/1.1" 404 1037
172.22.2.4 - - [29/Sep/2023:03:37:07 -0500] "GET /BLA/boletinlegal/robots.txt HTTP/1.1" 404 1037
172.22.2.4 - - [29/Sep/2023:03:37:09 -0500] "GET /BLA/boletinlegal/Directivas/2016/Directiva%20No.%2004%20del%2023%20de%20Diciembre%20de%202016.pdf HTTP/1.1" 304 -
201.245.192.253 - - [29/Sep/2023:03:37:22 -0500] "POST /forms/lservlet;jsessionid=ac16012b30d6e2e8c19cc46444528ecfee64de2a4774.e3iSbxaKaheRe34Pbx8Nc3aQci1ynknvrkLOlQzNp65In0 HTTP/1.1" 200 2
172.22.2.4 - - [29/Sep/2023:03:38:05 -0500] "GET /BLA/boletinlegal/jurisprudencia/analisis/CUADRO%20ANALISIS%20SENTENCIA%20T-411%20DE%201992.doc HTTP/1.1" 200 41984
201.245.192.253 - - [29/Sep/2023:03:38:11 -0500] "POST /kwsrmcab/Wsrmcab HTTP/1.1" 200 41902
201.245.192.253 - - [29/Sep/2023:03:38:14 -0500] "POST /kwsrmcab/Wsrmcab HTTP/1.1" 200 42870
201.245.192.253 - - [29/Sep/2023:03:39:05 -0500] "POST /kwsrmcab/Wsrmcab  HTTP/1.1" 200 43477
201.245.192.253 - - [29/Sep/2023:03:39:22 -0500] "POST /forms/lservlet;jsessionid=ac16012b30d6e2e8c19cc46444528ecfee64de2a4774.e3iSbxaKaheRe34Pbx8Nc3aQci1ynknvrkLOlQzNp65In0 HTTP/1.1" 200 2
52.167.144.205 - - [29/Sep/2023:03:39:53 -0500] "GET /BLA/resoluciones/RESOLUCIONES%202012/0756.pdf HTTP/1.1" 200 302836
172.22.2.4 - - [29/Sep/2023:03:40:46 -0500] "GET /BLA/boletinlegal/jurisprudencia/analisis/CUADRO%20ANALISIS%20SENTENCIA%20T-411%20DE%201992.doc HTTP/1.1" 304 -
172.22.2.4 - - [29/Sep/2023:03:40:47 -0500] "GET /BLA/boletinlegal/jurisprudencia/analisis/analisis%20sentencia%20C%20401%20de%202010.doc HTTP/1.1" 200 34816
172.22.2.4 - - [29/Sep/2023:03:39:17 -0500] "HEAD /BLA/boletinlegal/ HTTP/1.1" 200 -
201.245.192.253 - - [29/Sep/2023:03:41:22 -0500] "POST /forms/lservlet;jsessionid=ac16012b30d6e2e8c19cc46444528ecfee64de2a4774.e3iSbxaKaheRe34Pbx8Nc3aQci1ynknvrkLOlQzNp65In0 HTTP/1.1" 200 2
216.245.221.92 - - [29/Sep/2023:03:41:45 -0500] "HEAD / HTTP/1.1" 200 -
172.22.2.4 - - [29/Sep/2023:03:40:08 -0500] "GET /BLA/boletinlegal/ HTTP/1.1" 200 58187
207.46.13.54 - - [29/Sep/2023:03:42:17 -0500] "GET /BLA/resoluciones/RESOLUCIONES%202021/0708.pdf HTTP/1.1" 200 500049
201.245.192.253 - - [29/Sep/2023:03:43:22 -0500] "POST /forms/lservlet;jsessionid=ac16012b30d6e2e8c19cc46444528ecfee64de2a4774.e3iSbxaKaheRe34Pbx8Nc3aQci1ynknvrkLOlQzNp65In0 HTTP/1.1" 200 2
172.22.2.4 - - [29/Sep/2023:03:43:46 -0500] "GET /BLA/boletinlegal/jurisprudencia/analisis/analisis%20sentencia%20C%20401%20de%202010.doc HTTP/1.1" 200 34816
201.245.192.253 - - [29/Sep/2023:03:44:04 -0500] "POST /kwsrmcab/Wsrmcab  HTTP/1.1" 200 43477
201.245.192.253 - - [29/Sep/2023:03:45:22 -0500] "POST /forms/lservlet;jsessionid=ac16012b30d6e2e8c19cc46444528ecfee64de2a4774.e3iSbxaKaheRe34Pbx8Nc3aQci1ynknvrkLOlQzNp65In0 HTTP/1.1" 200 2
66.249.66.19 - - [29/Sep/2023:03:46:07 -0500] "GET /resoluciones/RESOLUCIONES%202010/2053.pdf HTTP/1.1" 404 1018
216.245.221.92 - - [29/Sep/2023:03:46:45 -0500] "HEAD / HTTP/1.1" 200 -
172.22.2.4 - - [29/Sep/2023:03:45:07 -0500] "HEAD /BLA/boletinlegal/ HTTP/1.1" 200 -
201.245.192.253 - - [29/Sep/2023:03:47:22 -0500] "POST /forms/lservlet;jsessionid=ac16012b30d6e2e8c19cc46444528ecfee64de2a4774.e3iSbxaKaheRe34Pbx8Nc3aQci1ynknvrkLOlQzNp65In0 HTTP/1.1" 200 2
172.22.2.4 - - [29/Sep/2023:03:45:58 -0500] "GET /BLA/boletinlegal/ HTTP/1.1" 200 60342
172.22.2.4 - - [29/Sep/2023:03:48:14 -0500] "GET /BLA/boletinlegal/ HTTP/1.1" 200 32715
201.245.192.253 - - [29/Sep/2023:03:49:03 -0500] "POST /kwsrmcab/Wsrmcab  HTTP/1.1" 200 43477
201.245.192.253 - - [29/Sep/2023:03:49:22 -0500] "POST /forms/lservlet;jsessionid=ac16012b30d6e2e8c19cc46444528ecfee64de2a4774.e3iSbxaKaheRe34Pbx8Nc3aQci1ynknvrkLOlQzNp65In0 HTTP/1.1" 200 2
201.245.192.253 - - [29/Sep/2023:03:51:22 -0500] "POST /forms/lservlet;jsessionid=ac16012b30d6e2e8c19cc46444528ecfee64de2a4774.e3iSbxaKaheRe34Pbx8Nc3aQci1ynknvrkLOlQzNp65In0 HTTP/1.1" 200 2
216.245.221.92 - - [29/Sep/2023:03:51:45 -0500] "HEAD / HTTP/1.1" 200 -
207.46.13.154 - - [29/Sep/2023:03:52:18 -0500] "GET /BLA/resoluciones/RESOLUCIONES%202012/1641.pdf HTTP/1.1" 200 316780
172.22.2.4 - - [29/Sep/2023:03:50:57 -0500] "HEAD /BLA/boletinlegal/ HTTP/1.1" 200 -
201.245.192.253 - - [29/Sep/2023:03:53:22 -0500] "POST /forms/lservlet;jsessionid=ac16012b30d6e2e8c19cc46444528ecfee64de2a4774.e3iSbxaKaheRe34Pbx8Nc3aQci1ynknvrkLOlQzNp65In0 HTTP/1.1" 200 2
172.22.2.4 - - [29/Sep/2023:03:51:48 -0500] "GET /BLA/boletinlegal/ HTTP/1.1" 200 60692
35.195.93.98 - - [29/Sep/2023:03:53:37 -0500] "GET / HTTP/1.1" 200 319
201.245.192.253 - - [29/Sep/2023:03:54:03 -0500] "POST /kwsrmcab/Wsrmcab  HTTP/1.1" 200 43477
207.46.13.154 - - [29/Sep/2023:03:55:09 -0500] "GET /BLA/resoluciones/RESOLUCIONES%202021/2736.pdf HTTP/1.1" 200 594531
201.245.192.253 - - [29/Sep/2023:03:55:22 -0500] "POST /forms/lservlet;jsessionid=ac16012b30d6e2e8c19cc46444528ecfee64de2a4774.e3iSbxaKaheRe34Pbx8Nc3aQci1ynknvrkLOlQzNp65In0 HTTP/1.1" 200 2
66.249.66.21 - - [29/Sep/2023:03:56:16 -0500] "GET /BLA/resoluciones/RESOLUCIONES%202009/6975.pdf HTTP/1.1" 200 553271
216.245.221.92 - - [29/Sep/2023:03:56:45 -0500] "HEAD / HTTP/1.1" 200 -
201.245.192.253 - - [29/Sep/2023:03:57:22 -0500] "POST /forms/lservlet;jsessionid=ac16012b30d6e2e8c19cc46444528ecfee64de2a4774.e3iSbxaKaheRe34Pbx8Nc3aQci1ynknvrkLOlQzNp65In0 HTTP/1.1" 200 2
172.22.2.4 - - [29/Sep/2023:03:56:47 -0500] "HEAD /BLA/boletinlegal/ HTTP/1.1" 200 -
157.55.39.59 - - [29/Sep/2023:03:58:59 -0500] "GET /BLA/resoluciones/AUTOS%202020/2968.pdf HTTP/1.1" 200 374072
201.245.192.253 - - [29/Sep/2023:03:59:01 -0500] "POST /kwsrmcab/Wsrmcab  HTTP/1.1" 200 43477
172.22.2.4 - - [29/Sep/2023:03:57:38 -0500] "GET /BLA/boletinlegal/ HTTP/1.1" 200 57790
201.245.192.253 - - [29/Sep/2023:03:59:22 -0500] "POST /forms/lservlet;jsessionid=ac16012b30d6e2e8c19cc46444528ecfee64de2a4774.e3iSbxaKaheRe34Pbx8Nc3aQci1ynknvrkLOlQzNp65In0 HTTP/1.1" 200 2
201.245.192.253 - - [29/Sep/2023:04:01:22 -0500] "POST /forms/lservlet;jsessionid=ac16012b30d6e2e8c19cc46444528ecfee64de2a4774.e3iSbxaKaheRe34Pbx8Nc3aQci1ynknvrkLOlQzNp65In0 HTTP/1.1" 200 2
216.245.221.92 - - [29/Sep/2023:04:01:45 -0500] "HEAD / HTTP/1.1" 200 -
172.22.2.4 - - [29/Sep/2023:04:01:46 -0500] "GET /BLA/boletinlegal/Directivas/2019/Directiva%20No.%200001%20del%2011%20de%20junio%20de%202019.pdf HTTP/1.1" 304 -
52.167.144.195 - - [29/Sep/2023:04:02:05 -0500] "GET /BLA/resoluciones/RESOLUCIONES%202012/0893.pdf HTTP/1.1" 200 424349
201.245.192.253 - - [29/Sep/2023:04:03:22 -0500] "POST /forms/lservlet;jsessionid=ac16012b30d6e2e8c19cc46444528ecfee64de2a4774.e3iSbxaKaheRe34Pbx8Nc3aQci1ynknvrkLOlQzNp65In0 HTTP/1.1" 200 2
201.245.192.253 - - [29/Sep/2023:04:04:00 -0500] "POST /kwsrmcab/Wsrmcab  HTTP/1.1" 200 43477
172.22.2.4 - - [29/Sep/2023:04:02:37 -0500] "HEAD /BLA/boletinlegal/ HTTP/1.1" 200 -
172.22.2.4 - - [29/Sep/2023:04:03:28 -0500] "GET /BLA/boletinlegal/ HTTP/1.1" 200 58187
201.245.192.253 - - [29/Sep/2023:04:05:22 -0500] "POST /forms/lservlet;jsessionid=ac16012b30d6e2e8c19cc46444528ecfee64de2a4774.e3iSbxaKaheRe34Pbx8Nc3aQci1ynknvrkLOlQzNp65In0 HTTP/1.1" 200 2
216.245.221.92 - - [29/Sep/2023:04:06:45 -0500] "HEAD / HTTP/1.1" 200 -
69.63.189.120 - - [29/Sep/2023:04:07:18 -0500] "GET /images/plantacion-humedal-la-conejera.jpg HTTP/1.1" 200 92644
201.245.192.253 - - [29/Sep/2023:04:07:22 -0500] "POST /forms/lservlet;jsessionid=ac16012b30d6e2e8c19cc46444528ecfee64de2a4774.e3iSbxaKaheRe34Pbx8Nc3aQci1ynknvrkLOlQzNp65In0 HTTP/1.1" 200 2
69.63.189.118 - - [29/Sep/2023:04:07:24 -0500] "GET /images/Zuque%20(1)%20(1).jpeg HTTP/1.1" 200 66921
69.63.189.10 - - [29/Sep/2023:04:07:27 -0500] "GET /images/pieza-voluntariado-ambiental.jpeg HTTP/1.1" 200 51125
201.245.192.253 - - [29/Sep/2023:04:08:59 -0500] "POST /kwsrmcab/Wsrmcab  HTTP/1.1" 200 43477
201.245.192.253 - - [29/Sep/2023:04:09:22 -0500] "POST /forms/lservlet;jsessionid=ac16012b30d6e2e8c19cc46444528ecfee64de2a4774.e3iSbxaKaheRe34Pbx8Nc3aQci1ynknvrkLOlQzNp65In0 HTTP/1.1" 200 2
172.22.2.4 - - [29/Sep/2023:04:08:27 -0500] "HEAD /BLA/boletinlegal/ HTTP/1.1" 200 -
172.22.2.4 - - [29/Sep/2023:04:09:18 -0500] "GET /BLA/boletinlegal/ HTTP/1.1" 200 60692
201.245.192.253 - - [29/Sep/2023:04:11:22 -0500] "POST /forms/lservlet;jsessionid=ac16012b30d6e2e8c19cc46444528ecfee64de2a4774.e3iSbxaKaheRe34Pbx8Nc3aQci1ynknvrkLOlQzNp65In0 HTTP/1.1" 200 2
216.245.221.92 - - [29/Sep/2023:04:11:45 -0500] "HEAD / HTTP/1.1" 200 -
157.55.39.61 - - [29/Sep/2023:04:11:57 -0500] "GET /forest/ HTTP/1.1" 200 12041
201.245.192.253 - - [29/Sep/2023:04:13:22 -0500] "POST /forms/lservlet;jsessionid=ac16012b30d6e2e8c19cc46444528ecfee64de2a4774.e3iSbxaKaheRe34Pbx8Nc3aQci1ynknvrkLOlQzNp65In0 HTTP/1.1" 200 2
52.167.144.180 - - [29/Sep/2023:04:13:56 -0500] "GET /BLA/resoluciones/RESOLUCIONES%202023/1214.pdf HTTP/1.1" 200 371329
201.245.192.253 - - [29/Sep/2023:04:13:59 -0500] "POST /kwsrmcab/Wsrmcab  HTTP/1.1" 200 43477
201.245.192.253 - - [29/Sep/2023:04:15:22 -0500] "POST /forms/lservlet;jsessionid=ac16012b30d6e2e8c19cc46444528ecfee64de2a4774.e3iSbxaKaheRe34Pbx8Nc3aQci1ynknvrkLOlQzNp65In0 HTTP/1.1" 200 2
172.22.2.4 - - [29/Sep/2023:04:13:46 -0500] "GET /BLA/boletinlegal/ HTTP/1.1" 200 55460
172.22.2.4 - - [29/Sep/2023:04:14:17 -0500] "HEAD /BLA/boletinlegal/ HTTP/1.1" 200 -
216.245.221.92 - - [29/Sep/2023:04:16:45 -0500] "HEAD / HTTP/1.1" 200 -
172.22.2.4 - - [29/Sep/2023:04:15:08 -0500] "GET /BLA/boletinlegal/ HTTP/1.1" 200 57323
201.245.192.253 - - [29/Sep/2023:04:17:22 -0500] "POST /forms/lservlet;jsessionid=ac16012b30d6e2e8c19cc46444528ecfee64de2a4774.e3iSbxaKaheRe34Pbx8Nc3aQci1ynknvrkLOlQzNp65In0 HTTP/1.1" 200 2
186.155.145.227 - - [29/Sep/2023:04:18:06 -0500] "GET /BLA/resoluciones/ HTTP/1.1" 200 13696
186.155.145.227 - - [29/Sep/2023:04:18:06 -0500] "GET /BLA/resoluciones/dlf/folder.png HTTP/1.1" 200 410
186.155.145.227 - - [29/Sep/2023:04:18:06 -0500] "GET /BLA/resoluciones/dlf/styles.css HTTP/1.1" 200 3049
186.155.145.227 - - [29/Sep/2023:04:18:06 -0500] "GET /BLA/resoluciones/dlf/bg.gif HTTP/1.1" 200 54
186.155.145.227 - - [29/Sep/2023:04:18:06 -0500] "GET /favicon.ico HTTP/1.1" 200 7782
201.245.192.253 - - [29/Sep/2023:04:18:10 -0500] "POST /kwsrmcab/Wsrmcab HTTP/1.1" 200 41908
186.155.145.227 - - [29/Sep/2023:04:18:13 -0500] "GET /BLA/resoluciones/dlf/dirup.png HTTP/1.1" 200 644
186.155.145.227 - - [29/Sep/2023:04:18:13 -0500] "GET /BLA/resoluciones/dlf/pdf.gif HTTP/1.1" 200 272
186.155.145.227 - - [29/Sep/2023:04:18:13 -0500] "GET /BLA/resoluciones/dlf/archive.png HTTP/1.1" 200 632
186.155.145.227 - - [29/Sep/2023:04:18:13 -0500] "GET /BLA/resoluciones/index.php?dir=AUTOS+2023%2F HTTP/1.1" 200 316386
201.245.192.253 - - [29/Sep/2023:04:18:13 -0500] "POST /kwsrmcab/Wsrmcab HTTP/1.1" 200 42886
201.245.192.253 - - [29/Sep/2023:04:18:57 -0500] "POST /kwsrmcab/Wsrmcab  HTTP/1.1" 200 43477
201.245.192.253 - - [29/Sep/2023:04:19:22 -0500] "POST /forms/lservlet;jsessionid=ac16012b30d6e2e8c19cc46444528ecfee64de2a4774.e3iSbxaKaheRe34Pbx8Nc3aQci1ynknvrkLOlQzNp65In0 HTTP/1.1" 200 2
172.22.2.4 - - [29/Sep/2023:04:19:46 -0500] "GET /BLA/boletinlegal/Directivas/2019/Directiva%20No.%200001%20del%2011%20de%20junio%20de%202019.pdf HTTP/1.1" 200 228190
201.245.192.253 - - [29/Sep/2023:04:21:22 -0500] "POST /forms/lservlet;jsessionid=ac16012b30d6e2e8c19cc46444528ecfee64de2a4774.e3iSbxaKaheRe34Pbx8Nc3aQci1ynknvrkLOlQzNp65In0 HTTP/1.1" 200 2
216.245.221.92 - - [29/Sep/2023:04:21:45 -0500] "HEAD / HTTP/1.1" 200 -
172.22.2.4 - - [29/Sep/2023:04:20:07 -0500] "HEAD /BLA/boletinlegal/ HTTP/1.1" 200 -
172.22.2.4 - - [29/Sep/2023:04:20:58 -0500] "GET /BLA/boletinlegal/ HTTP/1.1" 200 58187
201.245.192.253 - - [29/Sep/2023:04:23:22 -0500] "POST /forms/lservlet;jsessionid=ac16012b30d6e2e8c19cc46444528ecfee64de2a4774.e3iSbxaKaheRe34Pbx8Nc3aQci1ynknvrkLOlQzNp65In0 HTTP/1.1" 200 2
201.245.192.253 - - [29/Sep/2023:04:23:56 -0500] "POST /kwsrmcab/Wsrmcab  HTTP/1.1" 200 43477
201.245.192.253 - - [29/Sep/2023:04:25:22 -0500] "POST /forms/lservlet;jsessionid=ac16012b30d6e2e8c19cc46444528ecfee64de2a4774.e3iSbxaKaheRe34Pbx8Nc3aQci1ynknvrkLOlQzNp65In0 HTTP/1.1" 200 2
186.29.181.180 - - [29/Sep/2023:04:26:24 -0500] "POST /sipse/faces/presentacion/financiero/solicitudProceso/listarSolicitudProceso.xhtml HTTP/1.1" 302 -
186.29.181.180 - - [29/Sep/2023:04:26:24 -0500] "GET /sipse/faces/autenticacion.xhtml HTTP/1.1" 200 1099
186.29.181.180 - - [29/Sep/2023:04:26:24 -0500] "POST /sipse/faces/presentacion/financiero/solicitudProceso/listarSolicitudProceso.xhtml HTTP/1.1" 302 -
186.29.181.180 - - [29/Sep/2023:04:26:24 -0500] "GET /sipse/faces/autenticacion.xhtml HTTP/1.1" 200 1099
216.245.221.92 - - [29/Sep/2023:04:26:45 -0500] "HEAD / HTTP/1.1" 200 -
201.245.192.253 - - [29/Sep/2023:04:27:22 -0500] "POST /forms/lservlet;jsessionid=ac16012b30d6e2e8c19cc46444528ecfee64de2a4774.e3iSbxaKaheRe34Pbx8Nc3aQci1ynknvrkLOlQzNp65In0 HTTP/1.1" 200 2
172.22.2.4 - - [29/Sep/2023:04:25:57 -0500] "HEAD /BLA/boletinlegal/ HTTP/1.1" 200 -
201.245.192.253 - - [29/Sep/2023:04:28:10 -0500] "POST /kwsrmcab/Wsrmcab HTTP/1.1" 200 41908
201.245.192.253 - - [29/Sep/2023:04:28:13 -0500] "POST /kwsrmcab/Wsrmcab HTTP/1.1" 200 42886
172.22.2.4 - - [29/Sep/2023:04:26:48 -0500] "GET /BLA/boletinlegal/ HTTP/1.1" 200 52656
201.245.192.253 - - [29/Sep/2023:04:28:55 -0500] "POST /kwsrmcab/Wsrmcab  HTTP/1.1" 200 43477
201.245.192.253 - - [29/Sep/2023:04:29:22 -0500] "POST /forms/lservlet;jsessionid=ac16012b30d6e2e8c19cc46444528ecfee64de2a4774.e3iSbxaKaheRe34Pbx8Nc3aQci1ynknvrkLOlQzNp65In0 HTTP/1.1" 200 2
157.55.39.15 - - [29/Sep/2023:04:29:53 -0500] "GET /BLA/resoluciones/RESOLUCIONES%202023/1223.pdf HTTP/1.1" 200 452572
201.245.192.253 - - [29/Sep/2023:04:31:22 -0500] "POST /forms/lservlet;jsessionid=ac16012b30d6e2e8c19cc46444528ecfee64de2a4774.e3iSbxaKaheRe34Pbx8Nc3aQci1ynknvrkLOlQzNp65In0 HTTP/1.1" 200 2
216.245.221.92 - - [29/Sep/2023:04:31:45 -0500] "HEAD / HTTP/1.1" 200 -
172.22.2.4 - - [29/Sep/2023:04:31:45 -0500] "GET /BLA/boletinlegal/Circulares/2011/Circular%20No.%206%20del%2023%20de%20Septiembre%20de%202011.pdf HTTP/1.1" 200 252800
201.245.192.253 - - [29/Sep/2023:04:33:22 -0500] "POST /forms/lservlet;jsessionid=ac16012b30d6e2e8c19cc46444528ecfee64de2a4774.e3iSbxaKaheRe34Pbx8Nc3aQci1ynknvrkLOlQzNp65In0 HTTP/1.1" 200 2
172.22.2.4 - - [29/Sep/2023:04:31:48 -0500] "HEAD /BLA/boletinlegal/ HTTP/1.1" 200 -
172.22.2.4 - - [29/Sep/2023:04:33:37 -0500] "GET /BLA/boletinlegal/actuator/gateway/routes HTTP/1.1" 404 1018
201.245.192.253 - - [29/Sep/2023:04:33:54 -0500] "POST /kwsrmcab/Wsrmcab  HTTP/1.1" 200 43477
172.22.2.4 - - [29/Sep/2023:04:32:39 -0500] "GET /BLA/boletinlegal/ HTTP/1.1" 200 60342
40.77.167.57 - - [29/Sep/2023:04:35:09 -0500] "GET /BLA/resoluciones/RESOLUCIONES%202012/0159.pdf HTTP/1.1" 200 596025
157.55.39.15 - - [29/Sep/2023:04:35:22 -0500] "GET /BLA/resoluciones/RESOLUCIONES%202012/1317.pdf HTTP/1.1" 200 780825
201.245.192.253 - - [29/Sep/2023:04:35:22 -0500] "POST /forms/lservlet;jsessionid=ac16012b30d6e2e8c19cc46444528ecfee64de2a4774.e3iSbxaKaheRe34Pbx8Nc3aQci1ynknvrkLOlQzNp65In0 HTTP/1.1" 200 2
216.245.221.92 - - [29/Sep/2023:04:36:45 -0500] "HEAD / HTTP/1.1" 200 -
201.245.192.253 - - [29/Sep/2023:04:37:22 -0500] "POST /forms/lservlet;jsessionid=ac16012b30d6e2e8c19cc46444528ecfee64de2a4774.e3iSbxaKaheRe34Pbx8Nc3aQci1ynknvrkLOlQzNp65In0 HTTP/1.1" 200 2
40.77.167.57 - - [29/Sep/2023:04:38:08 -0500] "GET /BLA/resoluciones/RESOLUCIONES%202014/0921.pdf HTTP/1.1" 200 744753
201.245.192.253 - - [29/Sep/2023:04:38:11 -0500] "POST /kwsrmcab/Wsrmcab HTTP/1.1" 200 41908
201.245.192.253 - - [29/Sep/2023:04:38:14 -0500] "POST /kwsrmcab/Wsrmcab HTTP/1.1" 200 42886
201.245.192.253 - - [29/Sep/2023:04:38:52 -0500] "POST /kwsrmcab/Wsrmcab  HTTP/1.1" 200 43477
172.22.2.4 - - [29/Sep/2023:04:37:38 -0500] "HEAD /BLA/boletinlegal/ HTTP/1.1" 200 -
201.245.192.253 - - [29/Sep/2023:04:39:22 -0500] "POST /forms/lservlet;jsessionid=ac16012b30d6e2e8c19cc46444528ecfee64de2a4774.e3iSbxaKaheRe34Pbx8Nc3aQci1ynknvrkLOlQzNp65In0 HTTP/1.1" 200 2
172.22.2.4 - - [29/Sep/2023:04:38:29 -0500] "GET /BLA/boletinlegal/ HTTP/1.1" 200 60342
221.194.152.183 - - [29/Sep/2023:04:40:35 -0500] "GET /galeria/galeria/fotos/Humedal-Tibanica3P.jpg HTTP/1.0" 200 28016
201.245.192.253 - - [29/Sep/2023:04:41:22 -0500] "POST /forms/lservlet;jsessionid=ac16012b30d6e2e8c19cc46444528ecfee64de2a4774.e3iSbxaKaheRe34Pbx8Nc3aQci1ynknvrkLOlQzNp65In0 HTTP/1.1" 200 2
216.245.221.92 - - [29/Sep/2023:04:41:45 -0500] "HEAD / HTTP/1.1" 200 -
201.245.192.253 - - [29/Sep/2023:04:43:22 -0500] "POST /forms/lservlet;jsessionid=ac16012b30d6e2e8c19cc46444528ecfee64de2a4774.e3iSbxaKaheRe34Pbx8Nc3aQci1ynknvrkLOlQzNp65In0 HTTP/1.1" 200 2
66.249.66.19 - - [29/Sep/2023:04:43:34 -0500] "GET /BLA/resoluciones/AUTOS%202008/0536.pdf HTTP/1.1" 200 173328
201.245.192.253 - - [29/Sep/2023:04:43:51 -0500] "POST /kwsrmcab/Wsrmcab  HTTP/1.1" 200 43477
216.244.66.195 - - [29/Sep/2023:04:43:59 -0500] "GET /robots.txt HTTP/1.1" 404 1018
172.22.2.4 - - [29/Sep/2023:04:43:28 -0500] "HEAD /BLA/boletinlegal/ HTTP/1.1" 200 -
201.245.192.253 - - [29/Sep/2023:04:45:22 -0500] "POST /forms/lservlet;jsessionid=ac16012b30d6e2e8c19cc46444528ecfee64de2a4774.e3iSbxaKaheRe34Pbx8Nc3aQci1ynknvrkLOlQzNp65In0 HTTP/1.1" 200 2
172.22.2.4 - - [29/Sep/2023:04:44:19 -0500] "GET /BLA/boletinlegal/ HTTP/1.1" 200 58187
172.22.2.4 - - [29/Sep/2023:04:46:45 -0500] "GET /BLA/boletinlegal/.env HTTP/1.1" 404 1018
216.245.221.92 - - [29/Sep/2023:04:46:45 -0500] "HEAD / HTTP/1.1" 200 -
201.245.192.253 - - [29/Sep/2023:04:47:22 -0500] "POST /forms/lservlet;jsessionid=ac16012b30d6e2e8c19cc46444528ecfee64de2a4774.e3iSbxaKaheRe34Pbx8Nc3aQci1ynknvrkLOlQzNp65In0 HTTP/1.1" 200 2
172.22.2.4 - - [29/Sep/2023:04:46:53 -0500] "POST /BLA/boletinlegal/ HTTP/1.1" 200 24523
40.77.167.76 - - [29/Sep/2023:04:48:49 -0500] "GET /BLA/resoluciones/RESOLUCIONES%202023/0261.pdf HTTP/1.1" 200 386743
201.245.192.253 - - [29/Sep/2023:04:48:50 -0500] "POST /kwsrmcab/Wsrmcab  HTTP/1.1" 200 43477
201.245.192.253 - - [29/Sep/2023:04:49:22 -0500] "POST /forms/lservlet;jsessionid=ac16012b30d6e2e8c19cc46444528ecfee64de2a4774.e3iSbxaKaheRe34Pbx8Nc3aQci1ynknvrkLOlQzNp65In0 HTTP/1.1" 200 2
66.249.66.193 - - [29/Sep/2023:04:49:31 -0500] "GET /serpiente-sabanera-pone-huevos-en-area-protegida-de-bogota.html HTTP/1.1" 200 670
172.22.2.4 - - [29/Sep/2023:04:49:18 -0500] "HEAD /BLA/boletinlegal/ HTTP/1.1" 200 -
201.245.192.253 - - [29/Sep/2023:04:51:22 -0500] "POST /forms/lservlet;jsessionid=ac16012b30d6e2e8c19cc46444528ecfee64de2a4774.e3iSbxaKaheRe34Pbx8Nc3aQci1ynknvrkLOlQzNp65In0 HTTP/1.1" 200 2
216.245.221.92 - - [29/Sep/2023:04:51:45 -0500] "HEAD / HTTP/1.1" 200 -
172.22.2.4 - - [29/Sep/2023:04:50:09 -0500] "GET /BLA/boletinlegal/ HTTP/1.1" 200 60692
201.245.192.253 - - [29/Sep/2023:04:53:22 -0500] "POST /forms/lservlet;jsessionid=ac16012b30d6e2e8c19cc46444528ecfee64de2a4774.e3iSbxaKaheRe34Pbx8Nc3aQci1ynknvrkLOlQzNp65In0 HTTP/1.1" 200 2
201.245.192.253 - - [29/Sep/2023:04:53:50 -0500] "POST /kwsrmcab/Wsrmcab  HTTP/1.1" 200 43477
66.249.66.21 - - [29/Sep/2023:04:54:58 -0500] "GET /BLA/resoluciones/RESOLUCIONES%202007/RES%202007%203601%20AL%203700/RESOLUCION%203632%20DE%202007.pdf HTTP/1.1" 200 654997
201.245.192.253 - - [29/Sep/2023:04:55:22 -0500] "POST /forms/lservlet;jsessionid=ac16012b30d6e2e8c19cc46444528ecfee64de2a4774.e3iSbxaKaheRe34Pbx8Nc3aQci1ynknvrkLOlQzNp65In0 HTTP/1.1" 200 2
157.55.39.203 - - [29/Sep/2023:04:55:36 -0500] "GET /BLA/resoluciones/RESOLUCIONES%202012/1689.pdf HTTP/1.1" 200 1113660
40.77.167.63 - - [29/Sep/2023:04:56:00 -0500] "GET /BLA/resoluciones/index.php?dir=RESOLUCIONES+2005%2F HTTP/1.1" 200 49688
216.245.221.92 - - [29/Sep/2023:04:56:45 -0500] "HEAD / HTTP/1.1" 200 -
172.22.2.4 - - [29/Sep/2023:04:55:08 -0500] "HEAD /BLA/boletinlegal/ HTTP/1.1" 200 -
157.55.39.15 - - [29/Sep/2023:04:56:56 -0500] "GET /BLA/resoluciones/RESOLUCIONES%202012/0721.pdf HTTP/1.1" 200 371031
157.55.39.15 - - [29/Sep/2023:04:56:57 -0500] "GET /BLA/resoluciones/RESOLUCIONES%202012/1334.pdf HTTP/1.1" 200 1973508
201.245.192.253 - - [29/Sep/2023:04:57:22 -0500] "POST /forms/lservlet;jsessionid=ac16012b30d6e2e8c19cc46444528ecfee64de2a4774.e3iSbxaKaheRe34Pbx8Nc3aQci1ynknvrkLOlQzNp65In0 HTTP/1.1" 200 2
172.22.2.4 - - [29/Sep/2023:04:55:59 -0500] "GET /BLA/boletinlegal/ HTTP/1.1" 200 57790
172.22.2.4 - - [29/Sep/2023:04:58:07 -0500] "GET /BLA/boletinlegal/ HTTP/1.1" 200 32715
201.245.192.253 - - [29/Sep/2023:04:58:49 -0500] "POST /kwsrmcab/Wsrmcab  HTTP/1.1" 200 43477
201.245.192.253 - - [29/Sep/2023:04:59:22 -0500] "POST /forms/lservlet;jsessionid=ac16012b30d6e2e8c19cc46444528ecfee64de2a4774.e3iSbxaKaheRe34Pbx8Nc3aQci1ynknvrkLOlQzNp65In0 HTTP/1.1" 200 2
201.245.192.253 - - [29/Sep/2023:05:01:22 -0500] "POST /forms/lservlet;jsessionid=ac16012b30d6e2e8c19cc46444528ecfee64de2a4774.e3iSbxaKaheRe34Pbx8Nc3aQci1ynknvrkLOlQzNp65In0 HTTP/1.1" 200 2
216.245.221.92 - - [29/Sep/2023:05:01:45 -0500] "HEAD / HTTP/1.1" 200 -
52.167.144.216 - - [29/Sep/2023:05:02:30 -0500] "GET /portaldeninos/category/noticias/page/4/ HTTP/1.1" 200 102710
172.22.2.4 - - [29/Sep/2023:05:00:58 -0500] "HEAD /BLA/boletinlegal/ HTTP/1.1" 200 -
66.249.66.19 - - [29/Sep/2023:05:02:41 -0500] "GET /BLA/resoluciones/RESOLUCIONES%202007/RES%202007%202201%20AL%202300/RESOLUCION%202248%20DE%202007.pdf HTTP/1.1" 200 1060479
201.245.192.253 - - [29/Sep/2023:05:03:22 -0500] "POST /forms/lservlet;jsessionid=ac16012b30d6e2e8c19cc46444528ecfee64de2a4774.e3iSbxaKaheRe34Pbx8Nc3aQci1ynknvrkLOlQzNp65In0 HTTP/1.1" 200 2
172.22.2.4 - - [29/Sep/2023:05:01:49 -0500] "GET /BLA/boletinlegal/ HTTP/1.1" 200 60692
201.245.192.253 - - [29/Sep/2023:05:03:48 -0500] "POST /kwsrmcab/Wsrmcab  HTTP/1.1" 200 43477
47.128.45.46 - - [29/Sep/2023:05:04:29 -0500] "GET /galeria/nivo-slider/demo/images/banner-bolsas-plasticas.jpg HTTP/1.1" 200 317939
47.128.60.35 - - [29/Sep/2023:05:04:35 -0500] "GET /robots.txt HTTP/1.1" 404 1018
157.55.39.201 - - [29/Sep/2023:05:04:47 -0500] "GET /BLA/resoluciones/RESOLUCIONES%202021/0568.pdf HTTP/1.1" 200 500985
52.167.144.199 - - [29/Sep/2023:05:04:52 -0500] "GET /BLA/resoluciones/RESOLUCIONES%202023/1383.pdf HTTP/1.1" 200 390622
201.245.192.253 - - [29/Sep/2023:05:05:22 -0500] "POST /forms/lservlet;jsessionid=ac16012b30d6e2e8c19cc46444528ecfee64de2a4774.e3iSbxaKaheRe34Pbx8Nc3aQci1ynknvrkLOlQzNp65In0 HTTP/1.1" 200 2
216.245.221.92 - - [29/Sep/2023:05:06:45 -0500] "HEAD / HTTP/1.1" 200 -
201.245.192.253 - - [29/Sep/2023:05:07:22 -0500] "POST /forms/lservlet;jsessionid=ac16012b30d6e2e8c19cc46444528ecfee64de2a4774.e3iSbxaKaheRe34Pbx8Nc3aQci1ynknvrkLOlQzNp65In0 HTTP/1.1" 200 2
157.55.39.201 - - [29/Sep/2023:05:07:46 -0500] "GET / HTTP/1.1" 200 319
172.22.2.4 - - [29/Sep/2023:05:06:48 -0500] "HEAD /BLA/boletinlegal/ HTTP/1.1" 200 -
61.135.159.204 - - [29/Sep/2023:05:08:36 -0500] "GET / HTTP/1.1" 200 319
172.22.2.4 - - [29/Sep/2023:05:08:37 -0500] "GET /BLA/boletinlegal/robots.txt HTTP/1.1" 404 1037
172.22.2.4 - - [29/Sep/2023:05:08:37 -0500] "GET /BLA/boletinlegal/Circulares/2023/CIRCULAR%20No.%2000001%20DEL%2020%20DE%20FEBRERO%20DEL%202023.pdf HTTP/1.1" 304 -
201.245.192.253 - - [29/Sep/2023:05:08:47 -0500] "POST /kwsrmcab/Wsrmcab  HTTP/1.1" 200 43477
172.22.2.4 - - [29/Sep/2023:05:07:39 -0500] "GET /BLA/boletinlegal/ HTTP/1.1" 200 60342
201.245.192.253 - - [29/Sep/2023:05:09:22 -0500] "POST /forms/lservlet;jsessionid=ac16012b30d6e2e8c19cc46444528ecfee64de2a4774.e3iSbxaKaheRe34Pbx8Nc3aQci1ynknvrkLOlQzNp65In0 HTTP/1.1" 200 2
201.245.192.253 - - [29/Sep/2023:05:11:22 -0500] "POST /forms/lservlet;jsessionid=ac16012b30d6e2e8c19cc46444528ecfee64de2a4774.e3iSbxaKaheRe34Pbx8Nc3aQci1ynknvrkLOlQzNp65In0 HTTP/1.1" 200 2
216.245.221.92 - - [29/Sep/2023:05:11:45 -0500] "HEAD / HTTP/1.1" 200 -
201.245.192.253 - - [29/Sep/2023:05:13:22 -0500] "POST /forms/lservlet;jsessionid=ac16012b30d6e2e8c19cc46444528ecfee64de2a4774.e3iSbxaKaheRe34Pbx8Nc3aQci1ynknvrkLOlQzNp65In0 HTTP/1.1" 200 2
201.245.192.253 - - [29/Sep/2023:05:13:46 -0500] "POST /kwsrmcab/Wsrmcab  HTTP/1.1" 200 43477
172.22.2.4 - - [29/Sep/2023:05:12:38 -0500] "HEAD /BLA/boletinlegal/ HTTP/1.1" 200 -
172.22.2.4 - - [29/Sep/2023:05:13:29 -0500] "GET /BLA/boletinlegal/ HTTP/1.1" 200 58187
201.245.192.253 - - [29/Sep/2023:05:15:22 -0500] "POST /forms/lservlet;jsessionid=ac16012b30d6e2e8c19cc46444528ecfee64de2a4774.e3iSbxaKaheRe34Pbx8Nc3aQci1ynknvrkLOlQzNp65In0 HTTP/1.1" 200 2
3.254.48.80 - - [29/Sep/2023:05:16:01 -0500] "GET /robots.txt HTTP/1.1" 404 1022
3.254.48.80 - - [29/Sep/2023:05:16:01 -0500] "GET / HTTP/1.1" 200 319
216.245.221.92 - - [29/Sep/2023:05:16:45 -0500] "HEAD / HTTP/1.1" 200 -
201.245.192.253 - - [29/Sep/2023:05:17:22 -0500] "POST /forms/lservlet;jsessionid=ac16012b30d6e2e8c19cc46444528ecfee64de2a4774.e3iSbxaKaheRe34Pbx8Nc3aQci1ynknvrkLOlQzNp65In0 HTTP/1.1" 200 2
216.244.66.195 - - [29/Sep/2023:05:18:05 -0500] "GET /BLA/resoluciones/RESOLUCIONES%202007/0071.pdf HTTP/1.1" 200 461476
201.245.192.253 - - [29/Sep/2023:05:18:10 -0500] "POST /kwsrmcab/Wsrmcab HTTP/1.1" 200 42808
201.245.192.253 - - [29/Sep/2023:05:18:13 -0500] "POST /kwsrmcab/Wsrmcab HTTP/1.1" 200 42879
201.245.192.253 - - [29/Sep/2023:05:18:45 -0500] "POST /kwsrmcab/Wsrmcab  HTTP/1.1" 200 43477
216.244.66.195 - - [29/Sep/2023:05:18:53 -0500] "GET /BLA/resoluciones/RESOLUCIONES%202007/2331.pdf HTTP/1.1" 200 109526
201.245.192.253 - - [29/Sep/2023:05:19:22 -0500] "POST /forms/lservlet;jsessionid=ac16012b30d6e2e8c19cc46444528ecfee64de2a4774.e3iSbxaKaheRe34Pbx8Nc3aQci1ynknvrkLOlQzNp65In0 HTTP/1.1" 200 2
216.244.66.195 - - [29/Sep/2023:05:19:26 -0500] "GET /BLA/resoluciones/RESOLUCIONES%202020/0271.pdf HTTP/1.1" 200 325131
216.244.66.195 - - [29/Sep/2023:05:20:04 -0500] "GET /BLA/resoluciones/RESOLUCIONES%202020/0324.pdf HTTP/1.1" 200 1381747
