216.244.66.195 - - [29/Sep/2023:10:22:38 -0500] "GET /BLA/resoluciones/RESOLUCIONES%202020/1301.pdf HTTP/1.1" 200 430493
201.245.172.17 - - [29/Sep/2023:10:22:45 -0500] "POST /sipse/faces/presentacion/financiero/solicitudProceso/listarSolicitudProceso.xhtml HTTP/1.1" 200 31200
201.245.192.253 - - [29/Sep/2023:10:22:51 -0500] "POST /forms/lservlet;jsessionid=ac16012b30d6619814261ab448b5b9b081ec43f14b45.e3iSbxaKaheRe34Pbx8Nc3aQci1ynknvrkLOlQzNp65In0 HTTP/1.1" 200 2
201.245.172.17 - - [29/Sep/2023:10:22:55 -0500] "POST /sipse/faces/presentacion/financiero/solicitudProceso/listarSolicitudProceso.xhtml HTTP/1.1" 200 135078
201.245.172.17 - - [29/Sep/2023:10:22:56 -0500] "GET /sipse/faces/javax.faces.resource/theme.css?ln=primefaces-sipse HTTP/1.1" 304 -
201.245.172.17 - - [29/Sep/2023:10:22:56 -0500] "GET /sipse/faces/javax.faces.resource/layout/layout.css?ln=primefaces&v=4.0 HTTP/1.1" 304 -
201.245.172.17 - - [29/Sep/2023:10:22:56 -0500] "GET /sipse/faces/javax.faces.resource/primefaces.css?ln=primefaces&v=4.0 HTTP/1.1" 304 -
201.245.172.17 - - [29/Sep/2023:10:22:56 -0500] "GET /sipse/faces/javax.faces.resource/jquery/jquery.js?ln=primefaces&v=4.0 HTTP/1.1" 304 -
201.245.172.17 - - [29/Sep/2023:10:22:56 -0500] "GET /sipse/faces/javax.faces.resource/jquery/jquery-plugins.js?ln=primefaces&v=4.0 HTTP/1.1" 304 -
201.245.172.17 - - [29/Sep/2023:10:22:56 -0500] "GET /sipse/faces/javax.faces.resource/primefaces.js?ln=primefaces&v=4.0 HTTP/1.1" 304 -
201.245.172.17 - - [29/Sep/2023:10:22:56 -0500] "GET /sipse/faces/javax.faces.resource/layout/layout.js?ln=primefaces&v=4.0 HTTP/1.1" 304 -
201.245.172.17 - - [29/Sep/2023:10:22:58 -0500] "POST /sipse/faces/presentacion/financiero/solicitudProceso/consultarSolicitudProceso.xhtml HTTP/1.1" 200 63391
201.245.172.17 - - [29/Sep/2023:10:22:59 -0500] "GET /sipse/faces/javax.faces.resource/layout/layout.css?ln=primefaces&v=4.0 HTTP/1.1" 304 -
201.245.172.17 - - [29/Sep/2023:10:22:59 -0500] "GET /sipse/faces/javax.faces.resource/theme.css?ln=primefaces-sipse HTTP/1.1" 304 -
201.245.172.17 - - [29/Sep/2023:10:22:59 -0500] "GET /sipse/faces/javax.faces.resource/primefaces.css?ln=primefaces&v=4.0 HTTP/1.1" 304 -
201.245.172.17 - - [29/Sep/2023:10:22:59 -0500] "GET /sipse/faces/javax.faces.resource/jquery/jquery.js?ln=primefaces&v=4.0 HTTP/1.1" 304 -
201.245.172.17 - - [29/Sep/2023:10:22:59 -0500] "GET /sipse/faces/javax.faces.resource/jquery/jquery-plugins.js?ln=primefaces&v=4.0 HTTP/1.1" 304 -
201.245.172.17 - - [29/Sep/2023:10:22:59 -0500] "GET /sipse/faces/javax.faces.resource/primefaces.js?ln=primefaces&v=4.0 HTTP/1.1" 304 -
201.245.172.17 - - [29/Sep/2023:10:22:59 -0500] "GET /sipse/faces/javax.faces.resource/layout/layout.js?ln=primefaces&v=4.0 HTTP/1.1" 304 -
201.245.172.17 - - [29/Sep/2023:10:22:59 -0500] "POST /sipse/faces/presentacion/financiero/solicitudProceso/listarSolicitudProceso.xhtml HTTP/1.1" 200 56721
201.245.172.17 - - [29/Sep/2023:10:22:59 -0500] "POST /sipse/faces/presentacion/financiero/solicitudProceso/listarSolicitudProceso.xhtml HTTP/1.1" 200 56721
201.245.172.17 - - [29/Sep/2023:10:22:59 -0500] "POST /sipse/faces/presentacion/financiero/solicitudProceso/listarSolicitudProceso.xhtml HTTP/1.1" 200 1552
201.245.172.17 - - [29/Sep/2023:10:22:59 -0500] "POST /sipse/faces/presentacion/financiero/solicitudProceso/listarSolicitudProceso.xhtml HTTP/1.1" 200 1548
201.245.172.17 - - [29/Sep/2023:10:22:59 -0500] "POST /sipse/faces/presentacion/financiero/solicitudProceso/listarSolicitudProceso.xhtml HTTP/1.1" 200 1556
66.249.73.106 - - [29/Sep/2023:10:23:13 -0500] "GET /BLA/resoluciones/RESOLUCIONES%202010/6249.pdf HTTP/1.1" 200 611472
216.244.66.195 - - [29/Sep/2023:10:23:21 -0500] "GET /BLA/resoluciones/RESOLUCIONES%202020/2025.pdf HTTP/1.1" 200 363032
172.22.2.4 - - [29/Sep/2023:10:21:48 -0500] "HEAD /BLA/boletinlegal/ HTTP/1.1" 200 -
186.31.140.164 - - [29/Sep/2023:10:23:34 -0500] "GET /proximo-4-de-octubre-simulacro-distrital-de-evacuacion-dia-y-noche.html HTTP/1.1" 200 783
190.25.84.243 - - [29/Sep/2023:10:23:59 -0500] "GET /kwssiamovil/sm/des/ldap/au?x=U2FsdGVkX1+ngsxG2lB1tHMPMs1v81AzgkI+CbqHg1WPHbkuJPtz3Vxo8iMhCkp2&y=U2FsdGVkX18yULsxddpYrfzSsgcLVT/CTEvKhhdkJ2F83qC+Ig616BcnSqRZFvum HTTP/1.1" 200 30
190.25.84.243 - - [29/Sep/2023:10:23:59 -0500] "GET /kwssiamovil/sm/des/acme/s?s=U2FsdGVkX1/+Dz/TNYPr2RqN4a2NSF5eR3AcEp5mXFjWoyAN6oAJ28BIvv2O+TqmwpRuKcwyyrjGo0eRz4QW82i0yk0CN4sJfTlYSIfqZSM=&u=U2FsdGVkX1868zLFXisPXlaBEB547FXs1z5XbvGJJFU=&y=U2FsdGVkX18yULsxddpYrfzSsgcLVT/CTEvKhhdkJ2F83qC+Ig616BcnSqRZFvum HTTP/1.1" 200 97
190.25.84.243 - - [29/Sep/2023:10:24:00 -0500] "GET /kwssiamovil/sm/des/acme/s?s=U2FsdGVkX19ScaLd83GWATevpMby9/Vw235nhSgZjcrLCCWtIExHHVceFeR+ZTjkMd13qe5upKl52TgKp+IrLwcmRy3chqCXIDeDdT5qFE98wZ8zvBjQBl+fHMoLdzdwNxxYUYA4jAGJV0YJW4ycfcFEF2zNhCaZwvdaWgPuoA92+KnJ6xt8Ka+F2nb61DVPEYhrTVVb6kb27NVE/2sYS6yLUCVXInioR0zO6PUQcLJOsvxrduGttp91jYqQnfpG+4+RcNY35jViN1X1xfb8pDpWgW6TIGleNtYaOoBlIHtQJurfHx6Lp1Kw5LH58Xog37HrOv585O4cNcAKlg4IH657frwiGqUfRDzmlhdXHcbOrJAInJDk7yDsIpOogp+XAX3qB5ftCAlELUMzjrd9XVCXLYXUs5lMQHUUdQTFVcKTS+cOo5MHbqZonVhJjCI/TLriexezlAJ0IM+SKbeWQcRzI+v/huwD9LYTRDcQzDa1m697/qZGJRqsvqgdZaOBrzCYq26zoRu69QdA/P1xOWo7EE/AJ7lvvTKmaLvT0j2PHZZPXWDBXNMv2h/UAbew46whfzaKyfz3CTR88gQ26rAVb9N8xyiP2jkN932QJpCcEAtDb4EKZIo70utOuhrjkBLQTAxdI4GNOqxexFxal25jt9RiE4Zo2TTkOOSDGC5z/o4eGXk8Hf67hsgD8JkwFVWHIKFfXxMiPKvASbla9UThKkZtp+tWdBgWCzdQxJJa0FoAqFwYN8gLnVMIIkLDR44bF8aSSMGLbnB/joEqO0hPMjDYbhf/ZLnlFM5vA4B3pjwq9FvnMDHY5Mc1XBbKkZnbwf3lPyhdSbOYAf576ZBlxGwhpajPLwkqLc7w02mtM0gG6bC5NnDxIf00t3PxuLLx1CEMBb2ShWLj12NspvpP6A/2w7muMNtV8V8QNLzHLl0bNuYoy0ti+3NRgYXC9vRiZKegH2V9AsZjv+bAXr49tNmLf6lXCkX4PsOIrBACdjmqAJ9m2PSbJN6C8+zIYkg5n/Y0aYJDZjNkU8ew+MEusRgoMhA++kEeoS8cMtevvM9gBfi+b/xFtNGEiu26hFRAhtpA/Wm32OXu4+35AEdfCGO6oL5mrceEiQmL8ygFdANJUFsTc7STatIPgiH9tSz8Dm8jXbUvIwXc6TBsJ+gh3MjkNEUsLVMLaTNZnHcvg+xdoafesTOqC7o8LFC1mJLl/5iM3EfXLsLZAF8UxOLSrhS9miZsMZryp121CY5z7z3/3UwJW1ou7uMC9i8AT/eYnLta0byPoXA/BEX0fCUZCtHjFQmuyuZ0DP+TWUvREJbMMyfC1ZH/nqZC63Mlllpss5f1xl2AGxa8lnsCb2QNmtEBVMF87v5aBoGHJ8VO/GsQs4nj8h5kF1mwO5EeVxibGv1qQDZv0AP1eeVTqnYuZC9A0jraiLYOVNmUiqkeJKnTT3BsCvCcw6NPbqOT6Os93Jncuh8s2gwwfgobxRAF17SUdAFqf3CybbgCQwI27/41zDwpjRKz3aANTqkQYnEooQPE6b75VGznvKFD+Kyu8r6JmyL/VILYEHj0RGBjCi3qaGJDQTEDh2MWU4I9orfILWTN9ecRqnbzosFjhpnHxYhxKjKDKArrR2JgO7r8mis76DMB2JuWAk2dW8S36NcB79yBQWO+ELctuc5OojxfH+wMvJxQxFd9kVztGWCTCmvS+LFF3ITktqxtSIoyVtxWiNy5/0NyQuJrRh2vEqd+SghbMvPiYRs++mEkqm4=&u=U2FsdGVkX1868zLFXisPXlaBEB547FXs1z5XbvGJJFU=&y=U2FsdGVkX18yULsxddpYrfzSsgcLVT/CTEvKhhdkJ2F83qC+Ig616BcnSqRZFvum HTTP/1.1" 200 72
190.25.84.243 - - [29/Sep/2023:10:24:00 -0500] "GET /kwssiamovil/sm/des/acme/s?s=U2FsdGVkX19JKvv3ax+cSw3zAsemPrFWmOyV99dYcHh0JmixJQGl3UlZdGrC53bERebVgEmCOglat8aWw/W8k80jAHDKZ3jj9wkUS2+SYhMHGgstGKBLRaMZjedr4n35hpnDSL6EQZsAEFL6BDSf8r0g3x0IK8Eee+D4kgydOLtWgSlhSk7buNZztjXs4OcGvj+Q3QqqFlV4GW0vL5ajPfXQgs7uvfhgDNIsj7jtS7HQNOqU/Fk0QS2Xj2VU+tsDA1usGElQgshKY5g5qJqZcRMFztbVkaTZAnWIA8NOZanJ5X4qRdsZDHkmD0iaK5kEdSNhgdt+zuG1cFDqnI6PxwU1+bE8TBinactqA3YU+7V6Qxfmqy5URZbahHQS2tNT1VWwDvdUn4M+z+XrE+CP1xSzhJE8dDGX7UzIc5IskAqUN30Uph02MF9cE7HKoWCH3K5CI0r/n5r0Rdv6W+eAvpZmcFKHCUJWAIrrpH6ie09QFvY2JqXPZph0JFdala4bHop5iUKGBBKyy26AWWQIwIEbBIAVMxtxc6kAnUlhV0Xpx2akxnDORkkC1reCYjjWoCet0hixoJ54QftKmiZY1AEvo8O3WMcirFGnPIr/+K0zwesRyGakHiRt/QKt8c/xyVT2DDq4MUmUqCuDA+vqajUyB0RmaK+dUu5sZez8EqfsTy9KsbwHjiGtm6yCyF/TG1U3sd2P0kH51CBusihulRXTZzDydQ8PsuhvmiW3o3kUMkVi0iMf/rsRtAWrkbqh&u=U2FsdGVkX1868zLFXisPXlaBEB547FXs1z5XbvGJJFU=&y=U2FsdGVkX18yULsxddpYrfzSsgcLVT/CTEvKhhdkJ2F83qC+Ig616BcnSqRZFvum HTTP/1.1" 200 359
190.25.84.243 - - [29/Sep/2023:10:24:00 -0500] "GET /kwssiamovil/sm/des/cjson/pre?f=1&x=U2FsdGVkX1+ngsxG2lB1tHMPMs1v81AzgkI+CbqHg1WPHbkuJPtz3Vxo8iMhCkp2 HTTP/1.1" 200 31956
190.25.84.243 - - [29/Sep/2023:10:24:00 -0500] "GET /kwssiamovil/sm/des/cjson/pre?f=19&x=U2FsdGVkX1+ngsxG2lB1tHMPMs1v81AzgkI+CbqHg1WPHbkuJPtz3Vxo8iMhCkp2 HTTP/1.1" 200 64505
216.244.66.195 - - [29/Sep/2023:10:24:05 -0500] "GET /BLA/resoluciones/RESOLUCIONES%202020/2616.pdf HTTP/1.1" 200 375511
172.22.2.4 - - [29/Sep/2023:10:22:39 -0500] "GET /BLA/boletinlegal/ HTTP/1.1" 200 58187
213.186.1.154 - - [29/Sep/2023:10:24:35 -0500] "GET /proximo-4-de-octubre-simulacro-distrital-de-evacuacion-dia-y-noche.html HTTP/1.1" 200 783
201.245.192.253 - - [29/Sep/2023:10:24:51 -0500] "POST /forms/lservlet;jsessionid=ac16012b30d6619814261ab448b5b9b081ec43f14b45.e3iSbxaKaheRe34Pbx8Nc3aQci1ynknvrkLOlQzNp65In0 HTTP/1.1" 200 2
216.244.66.195 - - [29/Sep/2023:10:24:55 -0500] "GET /BLA/resoluciones/RESOLUCIONES%202021/0780.pdf HTTP/1.1" 200 449120
216.244.66.195 - - [29/Sep/2023:10:25:42 -0500] "GET /BLA/resoluciones/RESOLUCIONES%202021/1092.pdf HTTP/1.1" 200 454624
190.25.84.243 - - [29/Sep/2023:10:26:06 -0500] "GET /kwssiamovil/sm/des/ldap/au?x=U2FsdGVkX1+JnfxX/WN+RiLneodFhFTXD/2WvG97TOVUH+HiV9jt5bIs8O9nnfcb&y=U2FsdGVkX18ps9pLD0FuTrqIZxu+B9Yq+eEk9BW4H4p88olwh5iuBy2eRBqPXfeE HTTP/1.1" 200 30
190.25.84.243 - - [29/Sep/2023:10:26:06 -0500] "GET /kwssiamovil/sm/des/acme/s?s=U2FsdGVkX1+fosIu4WouyRITHKH0YiHYrIPX7tAEZrhonICM40Wqdj6YNs5ZsSzH8nmIi4OFbo7Q2CyyaU0zKNtS0iaWvOBstQFsxjkXejI=&u=U2FsdGVkX1/QZxBLobi1/4aN5hzfNG1BIsDsBIj4PVc=&y=U2FsdGVkX18ps9pLD0FuTrqIZxu+B9Yq+eEk9BW4H4p88olwh5iuBy2eRBqPXfeE HTTP/1.1" 200 97
190.25.84.243 - - [29/Sep/2023:10:26:06 -0500] "GET /kwssiamovil/sm/des/acme/s?s=U2FsdGVkX1/5QOEHICvoHLq0ezvxL37gpBlaYrId0G+QmIsKuZUN/g53FxJLyLUimKio9WwvZ4gZfWH5K/VGpF8YTidLNCMIVJ5vxJlhP4vqVCiyY6Xcx0qcp/rbSGPtXOHeY98bCqWj+NjzBFdw4yqUM7Tdes0eY7ihvyvUC61XfWxyPn9yvzpkGdb0pcR9KW/HCh6lc6VwWnrcb3eEcKXTn7FUX8Mtp1Pvt8Ytvdt4zOqq/LUUDgTN4OCsEu3G6NPn2ym4UiX6C02QYKqhy8ofXNDncC/vsuk26UA9VmgS1Czhc/XXfoYEWTe1sDUBff+vFahcwSoOzi1pyvAx8UnZXQd/YZRzlHrgPVsqiC1+55W4ByeMOVaxVWoNZYpIEGm0aJQb0XLxBRw2YJMIuqGc+YlQO/JMtsqe+wws1DerwJTNIgMt/ZoLkaKFw9H0YSYAj4EVMMzPYVySbEXaOgVmwmjN1WzCxtFWdFwuwbL6bfWfcrgKhwMLcj0VTk1agSda7bRhDN0CqR/uPkBy8p75YDFRKL4XWHTY2GBY282AJxTyKxCBHvu3cNCG4EXdusWJFCv7f6rXWy+7T8bSgBmnZRDg/76cPccXKTTWF3EnU9h4feVEUMNLBg4OShFHaTI5PVFh/mReM9anGSTvu0PbkuslleyMAIkrz8yQM5EANWzdIMC68V91+wVBUw1Y6ogmRHc7JencBymd00xuz9iIoHHwjClvYtt6AfUMYZsk27byD6hxCJ10IWbS+i1RzH5oLlIzj8mdw/IKKCxvKtTPpk/5a+/eMO3Z9klkMNa6QJrAOIBETPQj7IjiJaOVpKZGEvdFYni2Ba6BUwK1JevQj20WH4sY25IwfYQJGbSS7Vw06Od7RIekWDCdgCPn+d6n53Pw4FpOGEL0fKJNkgUYikfxpfkolTTQt1mRQ+ckO4rMqmvl5I1qQwCrc8c+qK2mOsLXIBrHW9K5w6QI4GUxJERPR0Pk3e40DBMoKBaWgwbG2SJURPfpPmmWYteXAwR+TXz5OX1Bk4EmhXI0z2kba9g1UBvMqfkT6ulbVBnxsCJuUFnXQwyGmUC4SAmOxOrK1yC2+8O9TA5BzPbyGzGJtiJN071q86tQmtcKsxKC5SLXZxOd661n76tplqQsRAFNQRVUuDJquC7nQOgO3kl/PG9K/m8BcXP9M6Kclh7qGgdFBvXHQqR/x2LIetQtPsubt/FUkC/HILb48yWUnDthiPWK1sXk2P48UuatGCOehqqWI3Zj8lBfbBv47pVjZtxDJp1jezHMLyThQWmPXDzr6TrGkOBZBxHSZy19lGl8EvD/h55Po6hqTVKFY78lJ6SfRGcmlXTSVDKzBlOLBK+YWQxWy+Jo7ZtZAfZ+bnkbEbdQ7q1zU2SjOUOjZdMcFn1dxdpE2FmNuMAJHj5tu8cfJFq7LaliyrafXMOKTCxjb4y0vhO4v9MnLx2jWr9FeS6Qae//X9azdj6XxfoxWcE13vjb7zyVm5mBr4lKoFFp7ojWn7aA5jUgqdCmMkykFXfNLOOOcnGXFWnuiVyRBF9coaEJUoe2vF+IGo7Pk5Il4sK0vaLR3nUVcqN587/pAnWhnqlQR7VDThDccYRf3b5EDOMe1WuMCGVsC0f8FhKPRf8BHMYGBNOMUBiccrvP6NmllNaeC9ywsL75l7ncYNuOU0+GQ5RNkI+AHq0CMDhBgOAMx59U4aOqCWyUHNHCOVjeqHrgsh8CuSxYRQ+PnTqPRmDOpUYQnzN3ERaNUaU=&u=U2FsdGVkX1/QZxBLobi1/4aN5hzfNG1BIsDsBIj4PVc=&y=U2FsdGVkX18ps9pLD0FuTrqIZxu+B9Yq+eEk9BW4H4p88olwh5iuBy2eRBqPXfeE HTTP/1.1" 200 506
190.25.84.243 - - [29/Sep/2023:10:26:06 -0500] "GET /kwssiamovil/sm/des/acme/s?s=U2FsdGVkX18FCiMmKhmz2j4iQqVj9PtoAQF5Vf91e1QiWjXRBztGp65u7JnJIcWLVEsz0qzO8Io3wtFPKm8n9ItxSyWIf8fyttCISMtY0oYZrj/mN3uKRTSaaTaAj7gdx/yILUoJ4AolHTJ3MY5Z1ZioLbTQDEfxuyGxegnoCX7hPKqWFYKoyG1fs7lnAXrhedzqzphkLTTLKs7zphQWTSNlsC+sTUHPHpppSyaUaPPtyUt9X1ec9S1WIK9BE5FqwzGMz8nQ2NOcUXcyYExd+11aUXM/UymXSYghgW5ZbFfIwKzxcwDu1QgT4+rWKfKINihLHNnBknyxHyMYdOJdAy8dXpedZk1/NnSm7Fga7kMpwWVjGXlmWYq11Q8fCS8amLVTN0SFBVf1K4ah5RmLicuq0OhOHfTe8i7nLRsWfHGGO6/tyMw5uZnDmt8xr+mXqDNL340vLMJItpA3OHNbo//fG62x0q2cVukEeIkp8vBsggPrW6bJrg+syWyd3HztvM7WO2U7Kdghhz2IlTnk9VN3kS6fwy/A6qC9xN5kldR25JhESTVngBOskuJSVJKT9+hqEUYLj9tZOBkUM5Zi2am9SI2qUH2NQ1Bs1yRBaXiKUfXHpRL/4BK86wgpFAvR++froTQ5klh3aJN6poFlyqsv/A4ubwZTAgLeqvXApLxyKfp1IfyTeV7YvexGZGVytHXAGLJJyrJx00ZRaKZL8Ok9Rp09E0mVtcls72DSudGwXoHsA+e3d5EnCi/qjX9g&u=U2FsdGVkX1/QZxBLobi1/4aN5hzfNG1BIsDsBIj4PVc=&y=U2FsdGVkX18ps9pLD0FuTrqIZxu+B9Yq+eEk9BW4H4p88olwh5iuBy2eRBqPXfeE HTTP/1.1" 200 359
190.25.84.243 - - [29/Sep/2023:10:26:07 -0500] "GET /kwssiamovil/sm/des/cjson/pre?f=1&x=U2FsdGVkX1+JnfxX/WN+RiLneodFhFTXD/2WvG97TOVUH+HiV9jt5bIs8O9nnfcb HTTP/1.1" 200 31956
190.25.84.243 - - [29/Sep/2023:10:26:07 -0500] "GET /kwssiamovil/sm/des/cjson/pre?f=19&x=U2FsdGVkX1+JnfxX/WN+RiLneodFhFTXD/2WvG97TOVUH+HiV9jt5bIs8O9nnfcb HTTP/1.1" 200 64505
216.244.66.195 - - [29/Sep/2023:10:26:27 -0500] "GET /BLA/resoluciones/RESOLUCIONES%202021/1304.pdf HTTP/1.1" 200 508464
181.53.13.125 - - [29/Sep/2023:10:26:28 -0500] "POST /sipse/faces/presentacion/financiero/solicitudProceso/crearModificarSolicitudProceso.xhtml HTTP/1.1" 200 4875
181.53.13.125 - - [29/Sep/2023:10:26:30 -0500] "POST /sipse/faces/presentacion/financiero/solicitudProceso/crearModificarSolicitudProceso.xhtml HTTP/1.1" 200 105194
181.53.13.125 - - [29/Sep/2023:10:26:32 -0500] "GET /sipse/faces/javax.faces.resource/theme.css?ln=primefaces-sipse HTTP/1.1" 304 -
181.53.13.125 - - [29/Sep/2023:10:26:32 -0500] "GET /sipse/faces/javax.faces.resource/layout/layout.css?ln=primefaces&v=4.0 HTTP/1.1" 304 -
181.53.13.125 - - [29/Sep/2023:10:26:32 -0500] "GET /sipse/css/imagen/contrasena.png HTTP/1.1" 404 383
181.53.13.125 - - [29/Sep/2023:10:26:32 -0500] "GET /sipse/faces/javax.faces.resource/jquery/jquery.js?ln=primefaces&v=4.0 HTTP/1.1" 304 -
181.53.13.125 - - [29/Sep/2023:10:26:32 -0500] "GET /sipse/faces/javax.faces.resource/primefaces.css?ln=primefaces&v=4.0 HTTP/1.1" 304 -
181.53.13.125 - - [29/Sep/2023:10:26:32 -0500] "GET /sipse/faces/javax.faces.resource/jquery/jquery-plugins.js?ln=primefaces&v=4.0 HTTP/1.1" 304 -
181.53.13.125 - - [29/Sep/2023:10:26:32 -0500] "GET /sipse/faces/javax.faces.resource/primefaces.js?ln=primefaces&v=4.0 HTTP/1.1" 304 -
181.53.13.125 - - [29/Sep/2023:10:26:33 -0500] "GET /sipse/faces/javax.faces.resource/layout/layout.js?ln=primefaces&v=4.0 HTTP/1.1" 304 -
181.53.13.125 - - [29/Sep/2023:10:26:33 -0500] "GET /sipse/faces/javax.faces.resource/messages/messages.png?ln=primefaces&v=4.0 HTTP/1.1" 304 -
181.53.13.125 - - [29/Sep/2023:10:26:33 -0500] "GET /sipse/faces/javax.faces.resource/images/ui-icons_898989_256x240.png?ln=primefaces-aristo HTTP/1.1" 304 -
181.53.13.125 - - [29/Sep/2023:10:26:42 -0500] "POST /sipse/faces/presentacion/financiero/solicitudProceso/consultarSolicitudProceso.xhtml HTTP/1.1" 200 21175
181.53.13.125 - - [29/Sep/2023:10:26:43 -0500] "GET /sipse/faces/javax.faces.resource/theme.css?ln=primefaces-sipse HTTP/1.1" 304 -
181.53.13.125 - - [29/Sep/2023:10:26:43 -0500] "GET /sipse/faces/javax.faces.resource/primefaces.css?ln=primefaces&v=4.0 HTTP/1.1" 304 -
181.53.13.125 - - [29/Sep/2023:10:26:43 -0500] "GET /sipse/faces/javax.faces.resource/layout/layout.css?ln=primefaces&v=4.0 HTTP/1.1" 304 -
181.53.13.125 - - [29/Sep/2023:10:26:43 -0500] "GET /sipse/faces/javax.faces.resource/fileupload/fileupload.js?ln=primefaces&v=4.0 HTTP/1.1" 304 -
181.53.13.125 - - [29/Sep/2023:10:26:43 -0500] "GET /sipse/faces/javax.faces.resource/jquery/jquery.js?ln=primefaces&v=4.0 HTTP/1.1" 304 -
181.53.13.125 - - [29/Sep/2023:10:26:43 -0500] "GET /sipse/faces/javax.faces.resource/fileupload/fileupload.css?ln=primefaces&v=4.0 HTTP/1.1" 304 -
181.53.13.125 - - [29/Sep/2023:10:26:43 -0500] "GET /sipse/faces/javax.faces.resource/jquery/jquery-plugins.js?ln=primefaces&v=4.0 HTTP/1.1" 304 -
181.53.13.125 - - [29/Sep/2023:10:26:43 -0500] "GET /sipse/faces/javax.faces.resource/layout/layout.js?ln=primefaces&v=4.0 HTTP/1.1" 304 -
181.53.13.125 - - [29/Sep/2023:10:26:43 -0500] "GET /sipse/faces/javax.faces.resource/primefaces.js?ln=primefaces&v=4.0 HTTP/1.1" 304 -
181.53.13.125 - - [29/Sep/2023:10:26:43 -0500] "GET /sipse/css/imagen/contrasena.png HTTP/1.1" 404 383
216.245.221.92 - - [29/Sep/2023:10:26:44 -0500] "HEAD / HTTP/1.1" 200 -
201.245.192.253 - - [29/Sep/2023:10:26:51 -0500] "POST /forms/lservlet;jsessionid=ac16012b30d6619814261ab448b5b9b081ec43f14b45.e3iSbxaKaheRe34Pbx8Nc3aQci1ynknvrkLOlQzNp65In0 HTTP/1.1" 200 2
216.244.66.195 - - [29/Sep/2023:10:27:17 -0500] "GET /BLA/resoluciones/RESOLUCIONES%202021/1330.pdf HTTP/1.1" 200 496915
201.245.192.253 - - [29/Sep/2023:10:27:33 -0500] "POST /kwsrmcab/Wsrmcab  HTTP/1.1" 200 43477
181.53.13.125 - - [29/Sep/2023:10:28:05 -0500] "GET /sipse/faces/javax.faces.resource/theme.css?ln=primefaces-sipse HTTP/1.1" 304 -
181.53.13.125 - - [29/Sep/2023:10:28:05 -0500] "GET /sipse/faces/javax.faces.resource/primefaces.css?ln=primefaces&v=4.0 HTTP/1.1" 304 -
181.53.13.125 - - [29/Sep/2023:10:28:05 -0500] "GET /sipse/faces/javax.faces.resource/primefaces.js?ln=primefaces&v=4.0 HTTP/1.1" 304 -
181.53.13.125 - - [29/Sep/2023:10:28:05 -0500] "GET /sipse/faces/javax.faces.resource/layout/layout.css?ln=primefaces&v=4.0 HTTP/1.1" 304 -
181.53.13.125 - - [29/Sep/2023:10:28:05 -0500] "GET /sipse/faces/javax.faces.resource/jquery/jquery.js?ln=primefaces&v=4.0 HTTP/1.1" 304 -
181.53.13.125 - - [29/Sep/2023:10:28:05 -0500] "GET /sipse/faces/javax.faces.resource/jquery/jquery-plugins.js?ln=primefaces&v=4.0 HTTP/1.1" 304 -
181.53.13.125 - - [29/Sep/2023:10:28:05 -0500] "GET /sipse/faces/javax.faces.resource/layout/layout.js?ln=primefaces&v=4.0 HTTP/1.1" 304 -
181.53.13.125 - - [29/Sep/2023:10:28:04 -0500] "POST /sipse/faces/presentacion/sistema/anexos/cargarAnexoSolicitudProceso.xhtml HTTP/1.1" 200 150493
181.53.13.125 - - [29/Sep/2023:10:28:05 -0500] "GET /sipse/css/imagen/contrasena.png HTTP/1.1" 404 383
216.244.66.195 - - [29/Sep/2023:10:28:06 -0500] "GET /BLA/resoluciones/RESOLUCIONES%202021/1671.pdf HTTP/1.1" 200 373126
181.53.13.125 - - [29/Sep/2023:10:28:11 -0500] "POST /sipse/faces/presentacion/financiero/solicitudProceso/consultarSolicitudProceso.xhtml HTTP/1.1" 200 21175
181.53.13.125 - - [29/Sep/2023:10:28:11 -0500] "GET /sipse/faces/javax.faces.resource/theme.css?ln=primefaces-sipse HTTP/1.1" 304 -
181.53.13.125 - - [29/Sep/2023:10:28:11 -0500] "GET /sipse/faces/javax.faces.resource/layout/layout.css?ln=primefaces&v=4.0 HTTP/1.1" 304 -
181.53.13.125 - - [29/Sep/2023:10:28:11 -0500] "GET /sipse/faces/javax.faces.resource/primefaces.js?ln=primefaces&v=4.0 HTTP/1.1" 304 -
181.53.13.125 - - [29/Sep/2023:10:28:11 -0500] "GET /sipse/faces/javax.faces.resource/primefaces.css?ln=primefaces&v=4.0 HTTP/1.1" 304 -
181.53.13.125 - - [29/Sep/2023:10:28:11 -0500] "GET /sipse/faces/javax.faces.resource/jquery/jquery.js?ln=primefaces&v=4.0 HTTP/1.1" 304 -
181.53.13.125 - - [29/Sep/2023:10:28:11 -0500] "GET /sipse/faces/javax.faces.resource/jquery/jquery-plugins.js?ln=primefaces&v=4.0 HTTP/1.1" 304 -
181.53.13.125 - - [29/Sep/2023:10:28:12 -0500] "GET /sipse/faces/javax.faces.resource/layout/layout.js?ln=primefaces&v=4.0 HTTP/1.1" 304 -
181.53.13.125 - - [29/Sep/2023:10:28:12 -0500] "GET /sipse/faces/javax.faces.resource/fileupload/fileupload.css?ln=primefaces&v=4.0 HTTP/1.1" 304 -
181.53.13.125 - - [29/Sep/2023:10:28:12 -0500] "GET /sipse/faces/javax.faces.resource/fileupload/fileupload.js?ln=primefaces&v=4.0 HTTP/1.1" 304 -
201.245.192.253 - - [29/Sep/2023:10:28:09 -0500] "POST /kwsrmcab/Wsrmcab HTTP/1.1" 200 39240
201.245.192.253 - - [29/Sep/2023:10:28:12 -0500] "POST /kwsrmcab/Wsrmcab HTTP/1.1" 200 40711
172.22.2.4 - - [29/Sep/2023:10:28:43 -0500] "GET /BLA/boletinlegal/robots.txt HTTP/1.1" 404 1140
216.244.66.195 - - [29/Sep/2023:10:28:51 -0500] "GET /BLA/resoluciones/RESOLUCIONES%202021/1877.pdf HTTP/1.1" 200 342128
201.245.192.253 - - [29/Sep/2023:10:28:51 -0500] "POST /forms/lservlet;jsessionid=ac16012b30d6619814261ab448b5b9b081ec43f14b45.e3iSbxaKaheRe34Pbx8Nc3aQci1ynknvrkLOlQzNp65In0 HTTP/1.1" 200 2
172.22.2.4 - - [29/Sep/2023:10:27:38 -0500] "HEAD /BLA/boletinlegal/ HTTP/1.1" 200 -
216.244.66.195 - - [29/Sep/2023:10:29:36 -0500] "GET /BLA/resoluciones/RESOLUCIONES%202021/2024.pdf HTTP/1.1" 200 625682
172.22.2.4 - - [29/Sep/2023:10:30:06 -0500] "GET /BLA/boletinlegal/actos.php HTTP/1.1" 200 9682
172.22.2.4 - - [29/Sep/2023:10:30:06 -0500] "GET /BLA/boletinlegal/niceforms.js HTTP/1.1" 200 22876
172.22.2.4 - - [29/Sep/2023:10:30:06 -0500] "GET /BLA/boletinlegal/js/ajax_actos.js HTTP/1.1" 200 1322
172.22.2.4 - - [29/Sep/2023:10:30:06 -0500] "GET /BLA/boletinlegal/js/popup.js HTTP/1.1" 200 1270
172.22.2.4 - - [29/Sep/2023:10:30:06 -0500] "GET /BLA/boletinlegal/js/jquery1.js HTTP/1.1" 200 29846
172.22.2.4 - - [29/Sep/2023:10:30:06 -0500] "GET /BLA/boletinlegal/js/lib.js HTTP/1.1" 200 6474
172.22.2.4 - - [29/Sep/2023:10:30:06 -0500] "GET /BLA/boletinlegal/niceforms.js HTTP/1.1" 200 22876
172.22.2.4 - - [29/Sep/2023:10:30:06 -0500] "GET /BLA/boletinlegal/js/jquery1.js HTTP/1.1" 200 29846
172.22.2.4 - - [29/Sep/2023:10:30:06 -0500] "GET /BLA/boletinlegal/js/ajax_actos.js HTTP/1.1" 200 1322
172.22.2.4 - - [29/Sep/2023:10:30:07 -0500] "GET /BLA/boletinlegal/js/lib.js HTTP/1.1" 200 6474
172.22.2.4 - - [29/Sep/2023:10:30:07 -0500] "GET /BLA/boletinlegal/images/cabezote%20BLEGAL.jpg HTTP/1.1" 200 118164
172.22.2.4 - - [29/Sep/2023:10:30:07 -0500] "GET /BLA/boletinlegal/js/popup.js HTTP/1.1" 200 1270
172.22.2.4 - - [29/Sep/2023:10:30:07 -0500] "GET /BLA/boletinlegal/images/subscribe-icon-big.png HTTP/1.1" 200 47702
172.22.2.4 - - [29/Sep/2023:10:30:07 -0500] "GET /BLA/boletinlegal/images/historia.png HTTP/1.1" 200 52775
172.22.2.4 - - [29/Sep/2023:10:30:07 -0500] "GET /BLA/boletinlegal/images/registro-usuarios.png HTTP/1.1" 200 8106
172.22.2.4 - - [29/Sep/2023:10:30:07 -0500] "GET /BLA/boletinlegal/images/tel.png HTTP/1.1" 200 14477
172.22.2.4 - - [29/Sep/2023:10:30:07 -0500] "GET /BLA/boletinlegal/images/green-yellow-blue-pink-th.png HTTP/1.1" 200 7394
172.22.2.4 - - [29/Sep/2023:10:30:07 -0500] "GET /BLA/boletinlegal/images/bg_top.jpg HTTP/1.1" 200 522
172.22.2.4 - - [29/Sep/2023:10:30:07 -0500] "GET /BLA/boletinlegal/images/menu_rght.gif HTTP/1.1" 200 1627
172.22.2.4 - - [29/Sep/2023:10:30:07 -0500] "GET /BLA/boletinlegal/images/body_bg.jpg HTTP/1.1" 200 1601
172.22.2.4 - - [29/Sep/2023:10:30:07 -0500] "GET /BLA/boletinlegal/images/hover.jpg HTTP/1.1" 200 640
172.22.2.4 - - [29/Sep/2023:10:30:07 -0500] "GET /BLA/boletinlegal/images/menu_bg.jpg HTTP/1.1" 200 620
172.22.2.4 - - [29/Sep/2023:10:30:07 -0500] "GET /BLA/boletinlegal/images/footer_bg.jpg HTTP/1.1" 200 586
172.22.2.4 - - [29/Sep/2023:10:30:07 -0500] "GET /BLA/boletinlegal/images/icono-email.png HTTP/1.1" 200 5544
172.22.2.4 - - [29/Sep/2023:10:30:07 -0500] "GET /BLA/boletinlegal/images/text.jpg HTTP/1.1" 200 568
172.22.2.4 - - [29/Sep/2023:10:30:07 -0500] "GET /BLA/boletinlegal/images/footer_bg_l.jpg HTTP/1.1" 200 776
172.22.2.4 - - [29/Sep/2023:10:30:07 -0500] "GET /BLA/boletinlegal/images/menu_lft.gif HTTP/1.1" 200 1713
172.22.2.4 - - [29/Sep/2023:10:30:07 -0500] "GET /BLA/boletinlegal/img/0.png HTTP/1.1" 200 110
172.22.2.4 - - [29/Sep/2023:10:30:07 -0500] "GET /BLA/boletinlegal/img/select-right.png HTTP/1.1" 200 44019
172.22.2.4 - - [29/Sep/2023:10:30:07 -0500] "GET /BLA/boletinlegal/img/select-left.png HTTP/1.1" 200 263
172.22.2.4 - - [29/Sep/2023:10:30:07 -0500] "GET /BLA/boletinlegal/img/button-left.png HTTP/1.1" 200 57071
172.22.2.4 - - [29/Sep/2023:10:30:07 -0500] "GET /BLA/boletinlegal/img/button.png HTTP/1.1" 200 43241
172.22.2.4 - - [29/Sep/2023:10:30:07 -0500] "GET /BLA/boletinlegal/img/button-right.png HTTP/1.1" 200 57878
172.22.2.4 - - [29/Sep/2023:10:30:07 -0500] "GET /BLA/boletinlegal/favicon.ico HTTP/1.1" 404 1326
172.22.2.4 - - [29/Sep/2023:10:28:29 -0500] "GET /BLA/boletinlegal/ HTTP/1.1" 200 56970
199.16.157.183 - - [29/Sep/2023:10:30:10 -0500] "GET /proximo-4-de-octubre-simulacro-distrital-de-evacuacion-dia-y-noche.html HTTP/1.1" 200 783
199.16.157.181 - - [29/Sep/2023:10:30:12 -0500] "GET /images/simulacro.jpg HTTP/1.1" 200 70588
186.155.138.104 - - [29/Sep/2023:10:30:13 -0500] "GET /BLA/boletinlegal/admin/actos/ingresar.php HTTP/1.1" 200 7209
216.244.66.195 - - [29/Sep/2023:10:30:26 -0500] "GET /BLA/resoluciones/RESOLUCIONES%202021/2364.pdf HTTP/1.1" 200 340489
190.25.84.243 - - [29/Sep/2023:10:30:28 -0500] "GET /kwssiamovil/sm/des/acme/s?s=U2FsdGVkX18DtVBMUq0gSQ3+gVQ6FQIkG2mngwlBx7iMswrQaL9OKtJcMBIMgsXm5Iiq8VRaxoOKzk70lP+9P9wqe5z5CBwEISctcQ4FOkaqRXG1DOr7G4fYsPXUGxeW&u=U2FsdGVkX1/QZxBLobi1/4aN5hzfNG1BIsDsBIj4PVc=&y=U2FsdGVkX18ps9pLD0FuTrqIZxu+B9Yq+eEk9BW4H4p88olwh5iuBy2eRBqPXfeE HTTP/1.1" 200 99
190.25.84.243 - - [29/Sep/2023:10:30:29 -0500] "GET /kwssiamovil/sm/des/acme/s?s=U2FsdGVkX19PN790vgZ2+tRJehlJkWKTMPdvoR57sGBRqvV2QABEVpB8w4/4uUxhkYk1SVqbkU9eYBSEW3bKZ/KhmjI85jWDRkQ1gQ1InjANg1t/u7tn8dLkd1GH3NHWtMEEYYTQM8jfYa5bm8dHcw+tS9cee0CGcgbuQLYEIc6NV0CF4T1B2J3SLED0XGuogu0qL6jf255PrZGl4i8RQweHx9dQ6ghLrWP6fZHDN79IxDmUrJyOVxrc6s6/+BxxCxgoxuajPYkseAp3ie03Mw==&u=U2FsdGVkX1/QZxBLobi1/4aN5hzfNG1BIsDsBIj4PVc=&y=U2FsdGVkX18ps9pLD0FuTrqIZxu+B9Yq+eEk9BW4H4p88olwh5iuBy2eRBqPXfeE HTTP/1.1" 200 74
190.25.84.243 - - [29/Sep/2023:10:30:29 -0500] "GET /kwssiamovil/sm/des/acme/s?s=U2FsdGVkX19ZTQHYVTF6Q/vFC4KoFjVDR9HqBSQnc/LLo2MZS3TUVEpVJ6DDyaNwf+vLNLDqd9FugYgRM9EEN4My1umQg7+RLsM/0W4rVLyrYYhmijm/RkbN4fIIswpCp0bNotzM9fb7DA2YNqIlLQ==&u=U2FsdGVkX1/QZxBLobi1/4aN5hzfNG1BIsDsBIj4PVc=&y=U2FsdGVkX18ps9pLD0FuTrqIZxu+B9Yq+eEk9BW4H4p88olwh5iuBy2eRBqPXfeE HTTP/1.1" 200 74
190.25.84.243 - - [29/Sep/2023:10:30:29 -0500] "GET /kwssiamovil/sm/des/acme/s?s=U2FsdGVkX19m7i/KWWBiDa1kZgaCPFWVcB/ayXhFqjcPZj9ZcIjDd4RXNG4O8MW5f1qJjgYmbVAwuFUSN36by9OTZDr5gS/gDSzWws5i7kbudNn3Y28vcprMCvWY1we+Ai4UAM0rxdCTYckaCbXTLVoHyQ7iUij1zZcgP1gS1pWGGoVnRXrpnYFc8E16J/s6/MfmDaoNngsDfjhUuDVdOa4Wpr/Oye5GuLTfaExndhJThOVgaPjbpkNh5RTd9j25a2Zs1nbLVtfWwsJ1dzi8/A==&u=U2FsdGVkX1/QZxBLobi1/4aN5hzfNG1BIsDsBIj4PVc=&y=U2FsdGVkX18ps9pLD0FuTrqIZxu+B9Yq+eEk9BW4H4p88olwh5iuBy2eRBqPXfeE HTTP/1.1" 200 74
190.25.84.243 - - [29/Sep/2023:10:30:29 -0500] "GET /kwssiamovil/sm/des/acme/s?s=U2FsdGVkX18siCh01m18E70sH43F3Nys9iv971j1EtKogNoMwwx4VuCD0Sm9coYH2jsZ8WHZ9E5Tsb7hb9OfZtVy3ihNZfx5s3E3yivPwxEa/kZBIywvCbd3hwvBPH5883rK6c5PD2555YACwNcptA==&u=U2FsdGVkX1/QZxBLobi1/4aN5hzfNG1BIsDsBIj4PVc=&y=U2FsdGVkX18ps9pLD0FuTrqIZxu+B9Yq+eEk9BW4H4p88olwh5iuBy2eRBqPXfeE HTTP/1.1" 200 74
168.119.76.170 - - [29/Sep/2023:10:30:45 -0500] "GET /proximo-4-de-octubre-simulacro-distrital-de-evacuacion-dia-y-noche.html HTTP/1.1" 200 783
201.245.192.253 - - [29/Sep/2023:10:30:51 -0500] "POST /forms/lservlet;jsessionid=ac16012b30d6619814261ab448b5b9b081ec43f14b45.e3iSbxaKaheRe34Pbx8Nc3aQci1ynknvrkLOlQzNp65In0 HTTP/1.1" 200 2
216.244.66.195 - - [29/Sep/2023:10:31:11 -0500] "GET /BLA/resoluciones/RESOLUCIONES%202021/2414.pdf HTTP/1.1" 200 351066
190.25.84.243 - - [29/Sep/2023:10:31:24 -0500] "GET /kwssiamovil/sm/des/acme/s?s=U2FsdGVkX19MuCWV2x4R2BCT0ootJSnFdhCz04Rn0O1BbceBVgFh9bV8gR6YmAoPL6CzxL2DMRhKI02tUrmkYtQxZ4Cru2zKEwDV5IgJs6I9M3fQbUTFQq7CoBLRt1mb&u=U2FsdGVkX1/QZxBLobi1/4aN5hzfNG1BIsDsBIj4PVc=&y=U2FsdGVkX18ps9pLD0FuTrqIZxu+B9Yq+eEk9BW4H4p88olwh5iuBy2eRBqPXfeE HTTP/1.1" 200 99
190.25.84.243 - - [29/Sep/2023:10:31:24 -0500] "GET /kwssiamovil/sm/des/acme/s?s=U2FsdGVkX19fCkFFSl/DH5Dk3owL9ritJA0ikhmF3+znkbi7coU5qnCYhN12ASBQBEdCOmtz5RqZeGwAyxfzg+DAX1U5BBKz5h+0jWVlRQZQ+DiTWtOnKwV4Wn9mziNZyv1MqdRDZTEW6L8QsaJFRVpCl5eyu6vnX4m4hoG9WGogYNQhWOQgeGcco4rCh2tYfcaiP4impMTn8iwvMphq79WOsO8nQylzUED5w/mT79Kbm88AsN7KFT8XEeT8Rd3DKRs3+j9uBla6txnMjQuAdg==&u=U2FsdGVkX1/QZxBLobi1/4aN5hzfNG1BIsDsBIj4PVc=&y=U2FsdGVkX18ps9pLD0FuTrqIZxu+B9Yq+eEk9BW4H4p88olwh5iuBy2eRBqPXfeE HTTP/1.1" 200 74
190.25.84.243 - - [29/Sep/2023:10:31:24 -0500] "GET /kwssiamovil/sm/des/acme/s?s=U2FsdGVkX18813YJh6oD++hp+2bj9syyPBo9/0URT6jEZe9hnit+MPvl+bjj/PL7OQN3RMqdC13tIviwg5jJm5kAh9cea/r2M0h0ZjsDN83NZoKFkRqXhj8J7I+E5+/rn9CRnWKJ0yUEtd73Tud6ZA==&u=U2FsdGVkX1/QZxBLobi1/4aN5hzfNG1BIsDsBIj4PVc=&y=U2FsdGVkX18ps9pLD0FuTrqIZxu+B9Yq+eEk9BW4H4p88olwh5iuBy2eRBqPXfeE HTTP/1.1" 200 74
190.25.84.243 - - [29/Sep/2023:10:31:24 -0500] "GET /kwssiamovil/sm/des/acme/s?s=U2FsdGVkX1+XNwsIRoH4ntQCJpdh82uspGA0ke0Q00dgiOkYl1FGzri3AgC1pWhtuEUJ+XBRCQ58HPRHSGh+p/L6hR5e1CgG5TinD8bmR2f1JSFpIW/8/ZeAYdZN/UPokgcdK7BZsAyZ9fviTdJb2H+ErUSjj70ksZ6Iavo8nk9Ko5lEjsv9RRW004Cw9kA8VrR/CyzOtW7szQvbX+9xps6DevxP4E5FQ4HIvRFdZx7lgw9cCUO2yYl4eQv6Tc/vZwANEs3A86wIJMCXXT3U7Q==&u=U2FsdGVkX1/QZxBLobi1/4aN5hzfNG1BIsDsBIj4PVc=&y=U2FsdGVkX18ps9pLD0FuTrqIZxu+B9Yq+eEk9BW4H4p88olwh5iuBy2eRBqPXfeE HTTP/1.1" 200 74
190.25.84.243 - - [29/Sep/2023:10:31:24 -0500] "GET /kwssiamovil/sm/des/acme/s?s=U2FsdGVkX197mZOn44RRpxxM/A4oy0nffza60AsurK6xc/IzvwUXs/WD59gcRwHHpUlbVEVo8dGnljoTfLlbUpvVTtPlKF75MiZf88P6h9MrLFs1cEau1UMTHSvIDnFgy1kLIklB9q1YI40J998VkQ==&u=U2FsdGVkX1/QZxBLobi1/4aN5hzfNG1BIsDsBIj4PVc=&y=U2FsdGVkX18ps9pLD0FuTrqIZxu+B9Yq+eEk9BW4H4p88olwh5iuBy2eRBqPXfeE HTTP/1.1" 200 74
207.46.13.156 - - [29/Sep/2023:10:31:40 -0500] "GET /sipse/faces/faces/autenticacion.xhtml HTTP/1.1" 200 12738
216.245.221.92 - - [29/Sep/2023:10:31:44 -0500] "HEAD / HTTP/1.1" 200 -
216.244.66.195 - - [29/Sep/2023:10:31:52 -0500] "GET /BLA/resoluciones/RESOLUCIONES%202021/2450.pdf HTTP/1.1" 200 357619
172.22.2.4 - - [29/Sep/2023:10:31:55 -0500] "GET /BLA/boletinlegal/Directivas/2017/Directiva%20No.%2002%20del%2017%20de%20Enero%20de%202017.pdf HTTP/1.1" 304 -
207.46.13.156 - - [29/Sep/2023:10:32:00 -0500] "GET /sipse/faces/javax.faces.resource/jquery/jquery-plugins.js;jsessionid=5NHo3+cCbpqVcny--YIivBbR.undefined?ln=primefaces&v=4.0 HTTP/1.1" 200 220526
40.77.167.79 - - [29/Sep/2023:10:32:03 -0500] "GET /sipse/faces/faces/index.xhtml HTTP/1.1" 200 677
40.77.167.79 - - [29/Sep/2023:10:32:04 -0500] "GET /sipse/faces/javax.faces.resource/jquery/jquery.js;jsessionid=5NHo3+cCbpqVcny--YIivBbR.undefined?ln=primefaces&v=4.0 HTTP/1.1" 200 105384
201.245.192.253 - - [29/Sep/2023:10:32:31 -0500] "POST /kwsrmcab/Wsrmcab  HTTP/1.1" 200 43477
66.249.73.104 - - [29/Sep/2023:10:32:42 -0500] "GET /robots.txt HTTP/1.1" 404 1018
66.249.73.106 - - [29/Sep/2023:10:32:42 -0500] "GET /BLA/resoluciones/RESOLUCIONES%202014/1030.pdf HTTP/1.1" 200 841373
216.244.66.195 - - [29/Sep/2023:10:32:42 -0500] "GET /BLA/resoluciones/RESOLUCIONES%202021/2907.pdf HTTP/1.1" 200 359981
66.249.73.106 - - [29/Sep/2023:10:32:43 -0500] "GET /BLA/resoluciones/RESOLUCIONES%202017/0578.pdf HTTP/1.1" 200 1766761
66.249.73.106 - - [29/Sep/2023:10:32:44 -0500] "GET /BLA/resoluciones/RESOLUCIONES%202008/4279.pdf HTTP/1.1" 200 280218
201.245.192.253 - - [29/Sep/2023:10:32:51 -0500] "POST /forms/lservlet;jsessionid=ac16012b30d6619814261ab448b5b9b081ec43f14b45.e3iSbxaKaheRe34Pbx8Nc3aQci1ynknvrkLOlQzNp65In0 HTTP/1.1" 200 2
172.22.2.4 - - [29/Sep/2023:10:33:01 -0500] "GET /BLA/boletinlegal/actos.php HTTP/1.1" 200 9682
172.22.2.4 - - [29/Sep/2023:10:33:01 -0500] "GET /BLA/boletinlegal/favicon.ico HTTP/1.1" 404 1326
172.22.2.4 - - [29/Sep/2023:10:33:17 -0500] "GET /BLA/boletinlegal/consulta_actos.php?tipo=autos&no=0334&usuario=&sector=&fecha=2023&resuelve= HTTP/1.1" 200 1016
172.22.2.4 - - [29/Sep/2023:10:33:17 -0500] "GET /BLA/boletinlegal/images/pdf.gif HTTP/1.1" 200 567
216.244.66.195 - - [29/Sep/2023:10:33:22 -0500] "GET /BLA/resoluciones/RESOLUCIONES%202021/2920.pdf HTTP/1.1" 200 349381
172.22.2.4 - - [29/Sep/2023:10:33:00 -0500] "GET /BLA/boletinlegal/ HTTP/1.1" 200 24523
216.244.66.195 - - [29/Sep/2023:10:34:03 -0500] "GET /BLA/resoluciones/RESOLUCIONES%202021/3018.pdf HTTP/1.1" 200 379580
172.22.2.4 - - [29/Sep/2023:10:34:12 -0500] "GET /BLA/boletinlegal/consulta_actos.php?tipo=autos&no=2493&usuario=&sector=&fecha=2023&resuelve= HTTP/1.1" 200 1041
201.245.192.253 - - [29/Sep/2023:10:34:19 -0500] "POST /sipse/faces/presentacion/financiero/solicitudProceso/consultarSolicitudProceso.xhtml HTTP/1.1" 200 911
216.244.66.195 - - [29/Sep/2023:10:34:45 -0500] "GET /BLA/resoluciones/RESOLUCIONES%202021/3186.pdf HTTP/1.1" 200 354724
201.245.192.253 - - [29/Sep/2023:10:34:51 -0500] "POST /forms/lservlet;jsessionid=ac16012b30d6619814261ab448b5b9b081ec43f14b45.e3iSbxaKaheRe34Pbx8Nc3aQci1ynknvrkLOlQzNp65In0 HTTP/1.1" 200 2
172.22.2.4 - - [29/Sep/2023:10:33:28 -0500] "HEAD /BLA/boletinlegal/ HTTP/1.1" 200 -
216.244.66.195 - - [29/Sep/2023:10:35:29 -0500] "GET /BLA/resoluciones/RESOLUCIONES%202021/3528.pdf HTTP/1.1" 200 432869
191.95.56.55 - - [29/Sep/2023:10:35:36 -0500] "GET /sipse/faces/faces/faces/autenticacion.xhtml HTTP/1.1" 200 12416
191.95.56.55 - - [29/Sep/2023:10:35:37 -0500] "GET /sipse/faces/javax.faces.resource/layout/layout.css?ln=primefaces&v=4.0 HTTP/1.1" 304 -
191.95.56.55 - - [29/Sep/2023:10:35:37 -0500] "GET /sipse/faces/javax.faces.resource/theme.css?ln=primefaces-sipse HTTP/1.1" 200 50058
191.95.56.55 - - [29/Sep/2023:10:35:37 -0500] "GET /sipse/faces/javax.faces.resource/primefaces.css?ln=primefaces&v=4.0 HTTP/1.1" 200 53295
191.95.56.55 - - [29/Sep/2023:10:35:37 -0500] "GET /sipse/faces/javax.faces.resource/layout/layout.js?ln=primefaces&v=4.0 HTTP/1.1" 200 87560
191.95.56.55 - - [29/Sep/2023:10:35:37 -0500] "GET /sipse/faces/javax.faces.resource/jquery/jquery.js?ln=primefaces&v=4.0 HTTP/1.1" 200 105384
191.95.56.55 - - [29/Sep/2023:10:35:37 -0500] "GET /sipse/faces/javax.faces.resource/jquery/jquery-plugins.js?ln=primefaces&v=4.0 HTTP/1.1" 200 220526
191.95.56.55 - - [29/Sep/2023:10:35:37 -0500] "GET /sipse/faces/javax.faces.resource/primefaces.js?ln=primefaces&v=4.0 HTTP/1.1" 200 276924
191.95.56.55 - - [29/Sep/2023:10:35:39 -0500] "GET /sipse/faces/javax.faces.resource/images/ui-icons_898989_256x240.png?ln=primefaces-aristo HTTP/1.1" 304 -
191.95.56.55 - - [29/Sep/2023:10:35:39 -0500] "GET /sipse/css/imagen/logoSDG.png HTTP/1.1" 200 53064
191.95.56.55 - - [29/Sep/2023:10:35:39 -0500] "GET /sipse/css/imagen/loginimg.png HTTP/1.1" 200 71635
191.95.56.55 - - [29/Sep/2023:10:35:40 -0500] "GET /sipse/faces/faces/faces/index.xhtml HTTP/1.1" 200 677
191.95.56.55 - - [29/Sep/2023:10:35:40 -0500] "GET /sipse/faces/javax.faces.resource/theme.css?ln=primefaces-sipse HTTP/1.1" 304 -
191.95.56.55 - - [29/Sep/2023:10:35:41 -0500] "GET /sipse/faces/faces/faces/faces/autenticacion.xhtml HTTP/1.1" 200 12416
191.95.56.55 - - [29/Sep/2023:10:35:41 -0500] "GET /sipse/faces/javax.faces.resource/primefaces.css?ln=primefaces&v=4.0 HTTP/1.1" 304 -
191.95.56.55 - - [29/Sep/2023:10:35:41 -0500] "GET /sipse/faces/javax.faces.resource/layout/layout.css?ln=primefaces&v=4.0 HTTP/1.1" 304 -
191.95.56.55 - - [29/Sep/2023:10:35:41 -0500] "GET /sipse/faces/javax.faces.resource/theme.css?ln=primefaces-sipse HTTP/1.1" 304 -
191.95.56.55 - - [29/Sep/2023:10:35:41 -0500] "GET /sipse/faces/javax.faces.resource/jquery/jquery.js?ln=primefaces&v=4.0 HTTP/1.1" 304 -
191.95.56.55 - - [29/Sep/2023:10:35:41 -0500] "GET /sipse/faces/javax.faces.resource/jquery/jquery-plugins.js?ln=primefaces&v=4.0 HTTP/1.1" 304 -
191.95.56.55 - - [29/Sep/2023:10:35:41 -0500] "GET /sipse/faces/javax.faces.resource/primefaces.js?ln=primefaces&v=4.0 HTTP/1.1" 304 -
191.95.56.55 - - [29/Sep/2023:10:35:41 -0500] "GET /sipse/faces/javax.faces.resource/layout/layout.js?ln=primefaces&v=4.0 HTTP/1.1" 304 -
191.95.56.55 - - [29/Sep/2023:10:35:46 -0500] "POST /sipse/faces/autenticacion.xhtml HTTP/1.1" 200 2221
191.95.56.55 - - [29/Sep/2023:10:35:47 -0500] "GET /sipse/faces/javax.faces.resource/messages/messages.png?ln=primefaces&v=4.0 HTTP/1.1" 304 -
191.95.56.55 - - [29/Sep/2023:10:35:48 -0500] "GET /sipse/faces/javax.faces.resource/images/ui-icons_898989_256x240.png?ln=primefaces-aristo HTTP/1.1" 304 -
191.95.56.55 - - [29/Sep/2023:10:35:49 -0500] "POST /sipse/faces/autenticacion.xhtml HTTP/1.1" 200 16399
191.95.56.55 - - [29/Sep/2023:10:35:49 -0500] "GET /sipse/faces/javax.faces.resource/theme.css?ln=primefaces-sipse HTTP/1.1" 304 -
191.95.56.55 - - [29/Sep/2023:10:35:49 -0500] "GET /sipse/faces/javax.faces.resource/primefaces.css?ln=primefaces&v=4.0 HTTP/1.1" 304 -
191.95.56.55 - - [29/Sep/2023:10:35:49 -0500] "GET /sipse/faces/javax.faces.resource/layout/layout.css?ln=primefaces&v=4.0 HTTP/1.1" 304 -
191.95.56.55 - - [29/Sep/2023:10:35:49 -0500] "GET /sipse/js/jquery.min.js HTTP/1.1" 200 85582
191.95.56.55 - - [29/Sep/2023:10:35:50 -0500] "GET /sipse/faces/javax.faces.resource/jquery/jquery.js?ln=primefaces&v=4.0 HTTP/1.1" 304 -
191.95.56.55 - - [29/Sep/2023:10:35:50 -0500] "GET /sipse/faces/javax.faces.resource/jquery/jquery-plugins.js?ln=primefaces&v=4.0 HTTP/1.1" 304 -
191.95.56.55 - - [29/Sep/2023:10:35:50 -0500] "GET /sipse/faces/javax.faces.resource/primefaces.js?ln=primefaces&v=4.0 HTTP/1.1" 304 -
191.95.56.55 - - [29/Sep/2023:10:35:50 -0500] "GET /sipse/faces/javax.faces.resource/layout/layout.js?ln=primefaces&v=4.0 HTTP/1.1" 304 -
191.95.56.55 - - [29/Sep/2023:10:35:50 -0500] "GET /sipse/css/imagen/contrasena.png HTTP/1.1" 404 383
191.95.56.55 - - [29/Sep/2023:10:35:50 -0500] "GET /sipse/imagenes/logoAplicacion.jpg HTTP/1.1" 200 155084
181.54.236.238 - - [29/Sep/2023:10:35:34 -0500] "GET /BLA/boletinlegal/admin/ HTTP/1.1" 200 15947
191.95.56.55 - - [29/Sep/2023:10:35:58 -0500] "GET /sipse/faces/javax.faces.resource/images/ui-bg_flat_0_2d5972_40x100.png?ln=primefaces-aristo HTTP/1.1" 304 -
191.95.56.55 - - [29/Sep/2023:10:35:58 -0500] "POST /sipse/faces/bienvenido.xhtml HTTP/1.1" 200 2658
172.22.2.4 - - [29/Sep/2023:10:34:19 -0500] "GET /BLA/boletinlegal/ HTTP/1.1" 200 58187
191.95.56.55 - - [29/Sep/2023:10:36:00 -0500] "POST /sipse/faces/bienvenido.xhtml HTTP/1.1" 200 63211
191.95.56.55 - - [29/Sep/2023:10:36:00 -0500] "GET /sipse/faces/javax.faces.resource/theme.css?ln=primefaces-sipse HTTP/1.1" 304 -
191.95.56.55 - - [29/Sep/2023:10:36:00 -0500] "GET /sipse/faces/javax.faces.resource/jquery/jquery.js?ln=primefaces&v=4.0 HTTP/1.1" 304 -
191.95.56.55 - - [29/Sep/2023:10:36:00 -0500] "GET /sipse/faces/javax.faces.resource/primefaces.css?ln=primefaces&v=4.0 HTTP/1.1" 304 -
191.95.56.55 - - [29/Sep/2023:10:36:00 -0500] "GET /sipse/faces/javax.faces.resource/layout/layout.css?ln=primefaces&v=4.0 HTTP/1.1" 304 -
191.95.56.55 - - [29/Sep/2023:10:36:00 -0500] "GET /sipse/faces/javax.faces.resource/jquery/jquery-plugins.js?ln=primefaces&v=4.0 HTTP/1.1" 304 -
191.95.56.55 - - [29/Sep/2023:10:36:01 -0500] "GET /sipse/faces/javax.faces.resource/primefaces.js?ln=primefaces&v=4.0 HTTP/1.1" 304 -
216.244.66.195 - - [29/Sep/2023:10:36:00 -0500] "GET /BLA/resoluciones/RESOLUCIONES%202021/3871.pdf HTTP/1.1" 200 3706561
191.95.56.55 - - [29/Sep/2023:10:36:01 -0500] "GET /sipse/faces/javax.faces.resource/layout/layout.js?ln=primefaces&v=4.0 HTTP/1.1" 304 -
191.95.56.55 - - [29/Sep/2023:10:36:01 -0500] "POST /sipse/faces/presentacion/financiero/solicitudProceso/listarSolicitudProceso.xhtml HTTP/1.1" 200 1552
191.95.56.55 - - [29/Sep/2023:10:36:03 -0500] "POST /sipse/faces/presentacion/financiero/solicitudProceso/listarSolicitudProceso.xhtml HTTP/1.1" 200 7718
181.54.236.238 - - [29/Sep/2023:10:35:34 -0500] "GET /BLA/boletinlegal/admin/ HTTP/1.1" 200 15947
181.54.236.238 - - [29/Sep/2023:10:36:08 -0500] "GET /BLA/boletinlegal/admin/index_files/index_files/tback.gif HTTP/1.1" 404 1334
172.22.2.4 - - [29/Sep/2023:10:36:09 -0500] "GET /BLA/boletinlegal/consulta_actos.php?tipo=autos&no=2067&usuario=&sector=&fecha=2023&resuelve= HTTP/1.1" 200 1028
172.22.2.4 - - [29/Sep/2023:10:36:22 -0500] "GET /BLA/boletinlegal/consulta_actos.php?tipo=autos&no=2067&usuario=&sector=&fecha=2023&resuelve= HTTP/1.1" 200 1028
172.22.2.4 - - [29/Sep/2023:10:36:38 -0500] "GET /BLA/boletinlegal/consulta_actos.php?tipo=autos&no=3461&usuario=&sector=&fecha=2019&resuelve= HTTP/1.1" 200 626
172.22.2.4 - - [29/Sep/2023:10:36:40 -0500] "GET /BLA/boletinlegal/consulta_actos.php?tipo=autos&no=3461&usuario=&sector=&fecha=2019&resuelve= HTTP/1.1" 200 626
172.22.2.4 - - [29/Sep/2023:10:36:42 -0500] "GET /BLA/boletinlegal/consulta_actos.php?tipo=autos&no=3461&usuario=&sector=&fecha=2019&resuelve= HTTP/1.1" 200 626
162.55.167.166 - - [29/Sep/2023:10:36:42 -0500] "GET / HTTP/1.1" 200 4720
162.55.167.166 - - [29/Sep/2023:10:36:43 -0500] "GET / HTTP/1.1" 200 319
216.245.221.92 - - [29/Sep/2023:10:36:44 -0500] "HEAD / HTTP/1.1" 200 -
201.245.192.253 - - [29/Sep/2023:10:36:51 -0500] "POST /forms/lservlet;jsessionid=ac16012b30d6619814261ab448b5b9b081ec43f14b45.e3iSbxaKaheRe34Pbx8Nc3aQci1ynknvrkLOlQzNp65In0 HTTP/1.1" 200 2
186.98.71.182 - - [29/Sep/2023:10:36:53 -0500] "GET /BLA/resoluciones/index.php?dir=AUTOS+2019%2F HTTP/1.1" 200 386356
66.249.73.104 - - [29/Sep/2023:10:36:54 -0500] "GET /BLA/resoluciones/RESOLUCIONES%202010/6625.pdf HTTP/1.1" 200 1587443
186.98.71.182 - - [29/Sep/2023:10:36:57 -0500] "GET /favicon.ico HTTP/1.1" 200 7782
216.244.66.195 - - [29/Sep/2023:10:36:57 -0500] "GET /BLA/resoluciones/RESOLUCIONES%202021/4076.pdf HTTP/1.1" 200 481020
52.167.144.174 - - [29/Sep/2023:10:37:03 -0500] "GET /BLA/resoluciones/RESOLUCIONES%202012/0819.pdf HTTP/1.1" 200 451870
181.54.236.238 - - [29/Sep/2023:10:37:04 -0500] "GET /css/global/buttons.css HTTP/1.1" 404 1324
181.54.236.238 - - [29/Sep/2023:10:37:04 -0500] "GET /BLA/boletinlegal/admin/notificaciones/ingresar.php HTTP/1.1" 200 30074
181.54.236.238 - - [29/Sep/2023:10:37:04 -0500] "GET /BLA/boletinlegal/admin/images/calendario.png HTTP/1.1" 200 4380
181.54.236.238 - - [29/Sep/2023:10:37:04 -0500] "GET /BLA/boletinlegal/images/favicon.ico HTTP/1.1" 404 1346
78.46.46.248 - - [29/Sep/2023:10:37:20 -0500] "GET /robots.txt HTTP/1.1" 404 1034
78.46.46.248 - - [29/Sep/2023:10:37:20 -0500] "GET /proximo-4-de-octubre-simulacro-distrital-de-evacuacion-dia-y-noche.html HTTP/1.1" 200 783
201.245.192.253 - - [29/Sep/2023:10:37:31 -0500] "POST /kwsrmcab/Wsrmcab  HTTP/1.1" 200 43477
216.244.66.195 - - [29/Sep/2023:10:37:36 -0500] "GET /BLA/resoluciones/RESOLUCIONES%202021/4108.pdf HTTP/1.1" 200 330026
216.244.66.195 - - [29/Sep/2023:10:38:08 -0500] "GET /BLA/resoluciones/RESOLUCIONES%202021/4291.pdf HTTP/1.1" 200 336018
201.245.192.253 - - [29/Sep/2023:10:38:09 -0500] "POST /kwsrmcab/Wsrmcab HTTP/1.1" 200 39240
201.245.192.253 - - [29/Sep/2023:10:38:11 -0500] "POST /kwsrmcab/Wsrmcab HTTP/1.1" 200 40711
181.54.236.238 - - [29/Sep/2023:10:38:25 -0500] "GET /BLA/boletinlegal/admin/notificaciones/setvaluef.php?month=9&year=2023 HTTP/1.1" 200 3212
181.54.236.238 - - [29/Sep/2023:10:38:34 -0500] "POST /BLA/boletinlegal/admin/notificaciones/ingresar.php HTTP/1.1" 500 1135
181.54.236.238 - - [29/Sep/2023:10:38:35 -0500] "POST /BLA/boletinlegal/admin/notificaciones/ingresar.php HTTP/1.1" 200 30167
181.54.236.238 - - [29/Sep/2023:10:38:39 -0500] "GET /css/global/buttons.css HTTP/1.1" 404 1324
216.244.66.195 - - [29/Sep/2023:10:38:41 -0500] "GET /BLA/resoluciones/RESOLUCIONES%202021/4378.pdf HTTP/1.1" 200 335890
201.245.192.253 - - [29/Sep/2023:10:38:51 -0500] "POST /forms/lservlet;jsessionid=ac16012b30d6619814261ab448b5b9b081ec43f14b45.e3iSbxaKaheRe34Pbx8Nc3aQci1ynknvrkLOlQzNp65In0 HTTP/1.1" 200 2
172.22.2.4 - - [29/Sep/2023:10:39:11 -0500] "GET /BLA/boletinlegal/consulta_actos.php?tipo=autos&no=2493&usuario=&sector=&fecha=2023&resuelve= HTTP/1.1" 200 1041
216.244.66.195 - - [29/Sep/2023:10:39:15 -0500] "GET /BLA/resoluciones/RESOLUCIONES%202022/0702.pdf HTTP/1.1" 200 346732
66.249.73.106 - - [29/Sep/2023:10:39:21 -0500] "GET /BLA/resoluciones/Notificaciones/REGISTROS%202016/1856.pdf HTTP/1.1" 200 476499
216.244.66.195 - - [29/Sep/2023:10:39:43 -0500] "GET /BLA/resoluciones/RESOLUCIONES%202022/0979.pdf HTTP/1.1" 200 363816
172.22.2.4 - - [29/Sep/2023:10:39:44 -0500] "GET /BLA/boletinlegal/jurisprudencia/analisis/ANALISIST-257-96.docx HTTP/1.1" 200 19486
190.27.94.119 - - [29/Sep/2023:10:40:04 -0500] "GET /BLA/boletinlegal/consulta_actos.php?tipo=resoluciones&no=&usuario=&sector=SILVICULTURA&fecha=2023&resuelve= HTTP/1.1" 200 118136
190.27.94.119 - - [29/Sep/2023:10:40:04 -0500] "GET /BLA/boletinlegal/images/background.gif HTTP/1.1" 200 -
190.27.94.119 - - [29/Sep/2023:10:40:04 -0500] "GET /BLA/boletinlegal/images/pdf.gif HTTP/1.1" 200 567
216.244.66.195 - - [29/Sep/2023:10:40:11 -0500] "GET /BLA/resoluciones/RESOLUCIONES%202022/1299.pdf HTTP/1.1" 200 342033
172.22.2.4 - - [29/Sep/2023:10:40:27 -0500] "GET /BLA/boletinlegal/consulta_actos.php?tipo=autos&no=0334&usuario=&sector=&fecha=2023&resuelve= HTTP/1.1" 200 1016
181.53.13.125 - - [29/Sep/2023:10:40:31 -0500] "GET /sipse/faces/javax.faces.resource/theme.css?ln=primefaces-sipse HTTP/1.1" 304 -
181.53.13.125 - - [29/Sep/2023:10:40:31 -0500] "GET /sipse/faces/javax.faces.resource/primefaces.css?ln=primefaces&v=4.0 HTTP/1.1" 304 -
181.53.13.125 - - [29/Sep/2023:10:40:31 -0500] "GET /sipse/faces/javax.faces.resource/layout/layout.css?ln=primefaces&v=4.0 HTTP/1.1" 304 -
181.53.13.125 - - [29/Sep/2023:10:40:31 -0500] "GET /sipse/faces/javax.faces.resource/jquery/jquery-plugins.js?ln=primefaces&v=4.0 HTTP/1.1" 304 -
181.53.13.125 - - [29/Sep/2023:10:40:31 -0500] "GET /sipse/faces/javax.faces.resource/jquery/jquery.js?ln=primefaces&v=4.0 HTTP/1.1" 304 -
181.53.13.125 - - [29/Sep/2023:10:40:31 -0500] "GET /sipse/faces/javax.faces.resource/primefaces.js?ln=primefaces&v=4.0 HTTP/1.1" 304 -
181.53.13.125 - - [29/Sep/2023:10:40:31 -0500] "GET /sipse/faces/javax.faces.resource/layout/layout.js?ln=primefaces&v=4.0 HTTP/1.1" 304 -
181.53.13.125 - - [29/Sep/2023:10:40:31 -0500] "GET /sipse/css/imagen/contrasena.png HTTP/1.1" 404 383
181.53.13.125 - - [29/Sep/2023:10:40:31 -0500] "GET /sipse/faces/javax.faces.resource/images/ui-icons_898989_256x240.png?ln=primefaces-aristo HTTP/1.1" 304 -
181.53.13.125 - - [29/Sep/2023:10:40:28 -0500] "POST /sipse/faces/presentacion/sistema/anexos/cargarAnexoSolicitudProceso.xhtml HTTP/1.1" 200 152315
52.167.144.174 - - [29/Sep/2023:10:40:34 -0500] "GET /BLA/resoluciones/RESOLUCIONES%202012/1098.pdf HTTP/1.1" 200 535475
216.244.66.195 - - [29/Sep/2023:10:40:37 -0500] "GET /BLA/resoluciones/RESOLUCIONES%202022/1315.pdf HTTP/1.1" 200 552638
172.22.2.4 - - [29/Sep/2023:10:40:43 -0500] "GET /BLA/boletinlegal/js/jquery.js HTTP/1.1" 200 57254
172.22.2.4 - - [29/Sep/2023:10:40:43 -0500] "GET /BLA/boletinlegal/js/jquery.scrollTo-min.js HTTP/1.1" 200 1150
172.22.2.4 - - [29/Sep/2023:10:40:43 -0500] "GET /BLA/boletinlegal/js/jquery.scrollShow.js HTTP/1.1" 200 4586
172.22.2.4 - - [29/Sep/2023:10:40:43 -0500] "GET /BLA/boletinlegal/images/arr_l.jpg HTTP/1.1" 200 1979
172.22.2.4 - - [29/Sep/2023:10:40:43 -0500] "GET /BLA/boletinlegal/images/launch.jpg HTTP/1.1" 200 14577
172.22.2.4 - - [29/Sep/2023:10:40:43 -0500] "GET /BLA/boletinlegal/images/screen_1.png HTTP/1.1" 200 202547
201.245.192.253 - - [29/Sep/2023:10:40:51 -0500] "POST /forms/lservlet;jsessionid=ac16012b30d6619814261ab448b5b9b081ec43f14b45.e3iSbxaKaheRe34Pbx8Nc3aQci1ynknvrkLOlQzNp65In0 HTTP/1.1" 200 2
172.22.2.4 - - [29/Sep/2023:10:40:52 -0500] "GET /BLA/boletinlegal/images/screen_2.png HTTP/1.1" 200 362502
172.22.2.4 - - [29/Sep/2023:10:40:52 -0500] "GET /BLA/boletinlegal/images/screen_3.png HTTP/1.1" 200 210620
172.22.2.4 - - [29/Sep/2023:10:40:52 -0500] "GET /BLA/boletinlegal/images/screen_5.png HTTP/1.1" 200 368876
172.22.2.4 - - [29/Sep/2023:10:40:52 -0500] "GET /BLA/boletinlegal/images/arr_r.jpg HTTP/1.1" 200 1998
172.22.2.4 - - [29/Sep/2023:10:40:52 -0500] "GET /BLA/boletinlegal/actos.php HTTP/1.1" 200 9682
172.22.2.4 - - [29/Sep/2023:10:40:52 -0500] "GET /BLA/boletinlegal/favicon.ico HTTP/1.1" 404 1326
172.22.2.4 - - [29/Sep/2023:10:40:57 -0500] "GET /BLA/boletinlegal/consulta_actos.php?tipo=autos&no=4276&usuario=&sector=&fecha=2023&resuelve= HTTP/1.1" 200 1125
172.22.2.4 - - [29/Sep/2023:10:39:18 -0500] "HEAD /BLA/boletinlegal/ HTTP/1.1" 200 -
216.244.66.195 - - [29/Sep/2023:10:41:01 -0500] "GET /BLA/resoluciones/RESOLUCIONES%202022/1407.pdf HTTP/1.1" 200 1169973
201.245.192.253 - - [29/Sep/2023:10:41:13 -0500] "-" 408 -
172.22.2.4 - - [29/Sep/2023:10:41:18 -0500] "GET /BLA/boletinlegal/jurisprudencia/analisis/ANALISIST-257-96.docx HTTP/1.1" 206 1
172.22.2.4 - - [29/Sep/2023:10:41:18 -0500] "GET /BLA/boletinlegal/jurisprudencia/analisis/ANALISIST-257-96.docx HTTP/1.1" 206 16916
216.244.66.195 - - [29/Sep/2023:10:41:26 -0500] "GET /BLA/resoluciones/RESOLUCIONES%202022/1409.pdf HTTP/1.1" 200 387511
216.245.221.92 - - [29/Sep/2023:10:41:44 -0500] "HEAD / HTTP/1.1" 200 -
172.22.2.4 - - [29/Sep/2023:10:40:09 -0500] "GET /BLA/boletinlegal/ HTTP/1.1" 200 48235
34.32.251.165 - - [29/Sep/2023:10:41:58 -0500] "GET /proximo-4-de-octubre-simulacro-distrital-de-evacuacion-dia-y-noche.html HTTP/1.1" 200 783
216.244.66.195 - - [29/Sep/2023:10:42:00 -0500] "GET /BLA/resoluciones/RESOLUCIONES%202022/1594.pdf HTTP/1.1" 200 347054
172.22.2.4 - - [29/Sep/2023:10:40:42 -0500] "GET /BLA/boletinlegal/ HTTP/1.1" 200 55844
201.245.192.253 - - [29/Sep/2023:10:42:29 -0500] "POST /kwsrmcab/Wsrmcab  HTTP/1.1" 200 43477
216.244.66.195 - - [29/Sep/2023:10:42:31 -0500] "GET /BLA/resoluciones/RESOLUCIONES%202022/1917.pdf HTTP/1.1" 200 352035
201.245.192.253 - - [29/Sep/2023:10:42:51 -0500] "POST /forms/lservlet;jsessionid=ac16012b30d6619814261ab448b5b9b081ec43f14b45.e3iSbxaKaheRe34Pbx8Nc3aQci1ynknvrkLOlQzNp65In0 HTTP/1.1" 200 2
190.25.84.243 - - [29/Sep/2023:10:42:53 -0500] "GET /kwssiamovil/sm/des/ldap/au?x=U2FsdGVkX18/cARMXzSQVXBP8XwMALs2d4JuLCXih9m8ZkWOOQ2agDLJa0yzfpo0&y=U2FsdGVkX19xr1OxXnFKs85D63VmlnbFCWRXT3bifEM= HTTP/1.1" 200 31
190.25.84.243 - - [29/Sep/2023:10:42:57 -0500] "GET /kwssiamovil/sm/des/ldap/au?x=U2FsdGVkX1/YZ9su4SgRT5SVUSM0UQatupQUT/jEhbmcP3swdnSPb4tiZMCc6OpK&y=U2FsdGVkX1+TuXAGuYbtpgVbLO1dadmk18lQBFrlXmY= HTTP/1.1" 200 30
216.244.66.195 - - [29/Sep/2023:10:42:58 -0500] "GET /BLA/resoluciones/RESOLUCIONES%202022/1947.pdf HTTP/1.1" 200 493974
172.22.2.4 - - [29/Sep/2023:10:43:09 -0500] "GET /BLA/boletinlegal/actos.php HTTP/1.1" 200 9682
172.22.2.4 - - [29/Sep/2023:10:43:09 -0500] "GET /BLA/boletinlegal/js/ajax_actos.js HTTP/1.1" 200 1322
172.22.2.4 - - [29/Sep/2023:10:43:09 -0500] "GET /BLA/boletinlegal/niceforms-default.css HTTP/1.1" 200 6694
172.22.2.4 - - [29/Sep/2023:10:43:09 -0500] "GET /BLA/boletinlegal/style.css HTTP/1.1" 200 9406
172.22.2.4 - - [29/Sep/2023:10:43:09 -0500] "GET /BLA/boletinlegal/niceforms.js HTTP/1.1" 200 22876
172.22.2.4 - - [29/Sep/2023:10:43:09 -0500] "GET /BLA/boletinlegal/js/lib.js HTTP/1.1" 200 6474
172.22.2.4 - - [29/Sep/2023:10:43:09 -0500] "GET /BLA/boletinlegal/js/jquery1.js HTTP/1.1" 200 29846
