186.102.66.204 - - [30/Sep/2023:10:58:42 -0500] "GET /kwssiamovil/sm/ldap/au?x=U2FsdGVkX1/a8eW3F80Hjl6/WXtxjrTQHUExMWUOyCbuCYjdgHJwhBq+t4qerRcA&y=U2FsdGVkX19Ad8btL9nxUI5pm6Vt4TP8CwG6JnY9JxY= HTTP/1.1" 200 30
186.102.66.204 - - [30/Sep/2023:10:58:42 -0500] "GET /kwssiamovil/sm/acme/s?s=U2FsdGVkX1/C9NPdedLPaCErX/86RZUOjdZAWEw6oayXOdKspKBY089JVg3Cjr79FelwGMyOpntel8I2rH9AjS393DKsfs0QozCC3VjuO1U=&u=U2FsdGVkX19MUdnF5cSXFjjV4OHdIQrV8+1YbTARzR4=&y=U2FsdGVkX19Ad8btL9nxUI5pm6Vt4TP8CwG6JnY9JxY= HTTP/1.1" 200 97
186.102.66.204 - - [30/Sep/2023:10:58:43 -0500] "GET /kwssiamovil/sm/acme/s?s=U2FsdGVkX1+VwVMCUpWqBo7iOBv6uybf0UISvRdwdqTRIwi7XUn3PK+D2VU79xRPNX5nghAn7IXtDTLFpJyGbQrZl8aQktpwyPWlPRc17nhzGksXtw+PWYhEoHO2aBvDOL2KiUf9Xjws0JmEj2XgmCmCpupkx5MEVAZwXQ5wdTQrj0dZ7vk9d2rJPi99GxXrpJuqSWSr199MQAiLwVbHhRRqwtcaUvQgxI28cBI8EcS/xkjY08zLBvuL30PSN0f3bdVqC6DNo+OZvusLOjn9RqgeuNyFfh2fuB6F9tq/Y5xDTqjdER3VOOCE5+FUDVnulv9Tc7deAiwDMk/mcpLEyf5uWQUC/8Pp5a3sTKLny/fhayLEOuwrY0YwaiN4+/CkMtbvlc5BwCIaKv9yDY+OrL4zR+H/w9Bjf+JlNSPQJGldLtYZ3Igk8YK5ylY62EFcQ3fNKEnvoAyCCUTPUs3lvwHlLNTzKLMRzQkA2dLrGtKK1xmA+kHN5cOA3C07SoQxrNpvM7U6sXZa4Dm/Qy3jOJ5dr5xVY1zdq99gV0UbC5/WTjiP2XIDtDEDl8epUIckcvqU2DcsO0cVSSa0Sv8d7nS/G8DzIyvGzJWYJVageK1lEhmKqpUYQVyR7zbaVE8BLxGQnd8rXOsM+NjMbm3g82VQ2Kjpr2lYVPTYr7dTQrNHd+/yYZR05+9UTgsQuTYxsinUJGqRbETj6RgVC4yutxriM/UQBj/zstNuEIVfe6/iSSZLaN2Oiia6os276KnpV2bGeFMudCGE3zpHA220slo56m8PwohN16cazbtOENw6jcEHXrGaoerYxOH0O2joHbsve8l0QC3MGZkF4LA1/ENAZ6SgHFhDUvQy2vDqUTG5fVnUkxrLuUTz7Oc5MbLFOwHBaL+qa7JCK6fXvxlr6vfIHUDiAd3Z/vSf4vAYSy2p1wHSk8+Zltgr6F8u28N9Pmcr4ZiNDKIPAqn5ciZE7Qu+vIcrqkAA8JK+DPasAJbhzzebER6zfqpI9Bc9H6ybjc7N45TMOibgqxJgJ2Js/sGrz+I9uFObNcIooVOP0iVMq7/jZV+ppt4YPZYAXZBmpk5cHOVK6cog3UuY5xdViifp7mKQOp96XEPmkfNrzqVtQzpPGI32FjOjn8X8QDM44p3T/tZpZ5OHVfRj0bItFx4bDeONg14+nNZmG16I4+Fi2JPaRhiqakGh5mf23jBTOHvc/YAXMlJAX/TzZeWAaNLeJnTD3evIfxVD9Z6cnL/Ay0NozTYzCXgZMnclpTmlHeUlJe8HROlNQpxzfPGErXwhv8eYsY855NNasv6O15ztgnE1IypbQc1xGCmEK04WDlgn83wiYAFXa5ha2d/khY2g4b6S13Oo+JhyPzozetLiwz4X+GyYtaxfWWNlofFn7HXl3aCOySbJN4EbAoBxW1XUtzsh0h9q4XPvSD5sAsTzTN913wnoOS5AdLDGYKRfroBpqVONf4PKM5YnHZc0V1WLa6LPSl9ZKPs/nSz8SnD4kjbm13HuH2ipZ4WRr92wdktmzypkVQlkFGxVlHkig014PDncYIBAtz6zqKonV+dhldE0kw+jgzA9vcP3S6Jzy7B6p/GlC7TrZ0pDBnQHo20j4GPQd0Oa0nAftbC/kTaQ+Rj7reg26dVWH5WxFdhsDggXwRpela6UUyM49t4Q4HSlRz8AYJS511IS90PsRZsg/8TrBInp3SKg7VAl2rAUR8t8RuXcVE9FEOQ4kp0myesQdba/WNCRGB5UzYDksmY=&u=U2FsdGVkX19MUdnF5cSXFjjV4OHdIQrV8+1YbTARzR4=&y=U2FsdGVkX19Ad8btL9nxUI5pm6Vt4TP8CwG6JnY9JxY= HTTP/1.1" 200 5356
186.102.66.204 - - [30/Sep/2023:10:58:43 -0500] "GET /kwssiamovil/sm/acme/s?s=U2FsdGVkX185O0h26TyDkLfKfBABejfK0P+YtP8RfPxfQHWWJziFWPDIZ9XxK2e1y67SUt0c0jif5xYHd+D44YDvs3Zky+m2JFGjet0NPYkMwIVYUmZTsZRhUGYb9XLJwHn8m2imtmhbMD9ahVZuaYX5gudCkg7VfRSL85SVknUZBzO+XnrnfbnMsfVRJ+7vHQhsQC33tse1A6Kyj/9mO44CcdKZcBeuizXjF4t2AJ58d4vyVyRXzPdh/WmCPNQBcjYPSCZ8MAb9ZSp6P2T8Rc20KLk3+7Np3EncWW/FPWd20FUrLmOftI+ZUrysS2VZHIaw2hP8KBGXYto5eMD7TvCM3rBUNbxdJ11GFIxyDWgOhK/ktaPzjM9V+Nww/sO6w8tQ2aiM5sqhn8uNZz9wprnkD8Yb33vOGOEfXj3ZDtdnqgi+dwzAHqM8a2/XbAMsjyx2Ob2WRKG1GK9GVqKjvSI0MzasKP7bHc+eBQlsZy3h29uNJAg27OMZ4VG5WiYXE3jeD8y1bm0FAuOVP34fzCVa50I57aBuJKEjEm7oCUp0wLd2lA9907imGnlsQ1qZseUCTZ8c1tuDIZ5vHgRu6HDJAluC81s2bZKvH0D406jrNZfUsPYw+b2swOBp0qHcIg6nk1tKuixFjWxx+OBbctD0FD99Jyr99vTsqH2ukGIB7XxVYtN+HeT23iQ6kH2IXiT0xuco3VNDYN9FhiwbMQn/hbADC4IAi9Doak/QsesPfe+cIt/v0X6AKrvoFVFy&u=U2FsdGVkX19MUdnF5cSXFjjV4OHdIQrV8+1YbTARzR4=&y=U2FsdGVkX19Ad8btL9nxUI5pm6Vt4TP8CwG6JnY9JxY= HTTP/1.1" 200 208
186.102.66.204 - - [30/Sep/2023:10:58:43 -0500] "GET /kwssiamovil/sm/cjson/pre?f=1&x=U2FsdGVkX1/a8eW3F80Hjl6/WXtxjrTQHUExMWUOyCbuCYjdgHJwhBq+t4qerRcA HTTP/1.1" 200 31032
190.66.253.76 - - [30/Sep/2023:10:58:57 -0500] "GET /kwssiamovil/sm/acme/u?s=U2FsdGVkX19TTDxRD9vvN/mjUnrhhALrUwPkyKqU80edbEXS18zwK5F9Ck+Y7lfcdn44SZsmrp4HvQJiyVU3BhcUgdT8ZsEqaGnw7WvaU68dT33FdidR9jn11XfwVUyURforLW0HXEsjufM5wR2yW6ZY6AN2215MyadimXgMyQw=&u=U2FsdGVkX19UUnKbcFtzX0NjmAR4pTF7gQkPwAlqDck=&y=U2FsdGVkX19KpUE1Ig8Mbts1h6YnU5gaAfQajhi4Y8m+51c472njZrynCC8xhA9M HTTP/1.1" 200 60
35.245.252.50 - - [30/Sep/2023:10:59:00 -0500] "GET /inscribete-y-participa-en-el-foro-sobre-la-gestion-de-los-bifenilos-policlorados-en-transformadores-electricos.html HTTP/1.1" 200 931
35.245.252.50 - - [30/Sep/2023:10:59:00 -0500] "GET /inscribete-y-participa-en-el-foro-sobre-la-gestion-de-los-bifenilos-policlorados-en-transformadores-electricos.html HTTP/1.1" 200 931
172.22.2.4 - - [30/Sep/2023:10:57:40 -0500] "HEAD /BLA/boletinlegal/ HTTP/1.1" 200 -
172.22.2.4 - - [30/Sep/2023:11:00:01 -0500] "GET /BLA/boletinlegal/jurisprudencia.php HTTP/1.1" 200 17583
172.22.2.4 - - [30/Sep/2023:10:58:30 -0500] "GET /BLA/boletinlegal/ HTTP/1.1" 200 50790
172.22.2.4 - - [30/Sep/2023:11:00:16 -0500] "GET /BLA/boletinlegal/js/lib.js HTTP/1.1" 200 6474
172.22.2.4 - - [30/Sep/2023:11:00:20 -0500] "GET /BLA/boletinlegal/js/jquery1.js HTTP/1.1" 200 29846
172.22.2.4 - - [30/Sep/2023:11:00:20 -0500] "GET /BLA/boletinlegal/js/popup.js HTTP/1.1" 200 1270
172.22.2.4 - - [30/Sep/2023:10:58:41 -0500] "GET /BLA/boletinlegal/ HTTP/1.1" 200 52068
172.22.2.4 - - [30/Sep/2023:11:00:26 -0500] "GET /BLA/boletinlegal/consulta_actos.php?tipo=resoluciones&no=3108&usuario=&sector=&fecha=2021&resuelve= HTTP/1.1" 200 1076
52.167.144.168 - - [30/Sep/2023:11:00:28 -0500] "GET /BLA/resoluciones/RESOLUCIONES%202012/0823.pdf HTTP/1.1" 200 417485
201.245.192.253 - - [30/Sep/2023:11:01:20 -0500] "POST /kwsrmcab/Wsrmcab  HTTP/1.1" 200 43477
216.245.221.92 - - [30/Sep/2023:11:01:40 -0500] "HEAD / HTTP/1.1" 200 -
186.102.66.204 - - [30/Sep/2023:11:01:41 -0500] "GET /kwssiamovil/sm/acme/a?s=U2FsdGVkX1+wVZGZzNT0/tWasJOGTS1yq7nr2psYSUrB/lgwNtFpsd/6UY9hv8NBlfo7nwOUKeA4S84Akk03A/RnAgpziquhLsPd0DZmGGDtRAIp0XY76e8vVRClvU57xIOBUS0FQ0iD3zoTOItSNMg5ee8oUMy9SxxnRAve8EEU3UkBbNYCio+5XjPt8N2LZTeUzkY8zIdxSOCdbVXzlAPB1vmoEPOriv8EmQWZ+eGbDcMp49MRUypLY8tqy3uNU2izY36aw5T/2y57iUSd2Q==&u=U2FsdGVkX19MUdnF5cSXFjjV4OHdIQrV8+1YbTARzR4=&y=U2FsdGVkX19Ad8btL9nxUI5pm6Vt4TP8CwG6JnY9JxY= HTTP/1.1" 200 26
186.102.66.204 - - [30/Sep/2023:11:01:42 -0500] "GET /kwssiamovil/sm/acme/a?s=U2FsdGVkX1/HLOZw1tkJqpaT1xRtKULFUOAW3V4frVwqhIc9PQyBxtDejwbzHNvN/TgVO27lpMwf7G650bIOUhuKxwUvWwCTK2mzhEJGpq6XJBXJU033+JBib+ixT7CBmZ9gIGiiZ7RaetQXCIuF0bz969D5CVgLxBIT0SCTH+O28ugqFNO3FVcJ+Q+GOoB9wL9MdiLfE377fvz3SuRc5ztWGlUVtCpLgi1dkTbk+r8A8YGARS4sD5mQZ6HuAkf0stMUq/diszBz/4aQyFQMLhIDW47yv7Wynh2g7hDPyTpJRDIKi4eZVyWg7wBuapJa5pPGcFcH/NLeRLbJhfCg2RBee4s0eE280CfYKR8vOGl1/m+bwMW2tRlQs0uoK6AoAJFgeCqSVXQ4Vo0dgLbkw25YEkczRCNjPtyqqe5BXFjiH/22ym3JeOK2B9jII3Ptxx60x9SfoN1ObkZcdgTzSm6JAavc9HnGbx6zlAI9MSKyF4WuKydpgqZIzN1j4uhSvRV2UXCQuq5rDM6ffgAPjN4NDgnntUEarJsU2rdqFiqNxtiXk7Bhmv6wXtw+vvjgJHCPIvTUc4/iHFWnTC0ilrR0bh+pj6cNovfVJ/jv83Hw3ZY2KIc4YNHwYH/t9G7/GHJrH0x2+VrXzUcasyiWaalrOx+0zypiA1T9QUeRxJDOXvN4syv3Oqp/w1/SsymexFm3ummMuiNZREzqjSHa7y/xtVbm0qQ+aFFH9xN829u83GMUu08iDn7IQcfTuOrfg4qL0wwgoKIhdvNCxTF4YUuRMW0n/2B3KW93fhuobw6nZ64YaaFPbKuwWvSmyg9z5tU8TYRz+I7ZjbwDrUd/qLAdrsa8Z/DBeddw01OjdSQvpTEZFp7OfRVTGV8Bpe97AbPNDnECthG1DJ3nOeUZcU2GCl5qvThGBkAMF1NrUdeay2Y4zUbTT6cyW4eHzvwqXxGp5gd8svR/USBzhabXvRATaLhs40KET6WLf2PNFrjh7V+LhI3E+Dx6FfRPcB9Y8bmckKgRpDoy7LI0y67RVyv5Q8VXfc8VfcG9PdrsEVUFytb9VPHLhNTNkHR8ZM1kMHZxrkkZYB+gvoPsnhM1qBlqALBvEkcPdP/YCXBzya3QObTIZBsFA1mN3NiEiuR2Os5nFLX2mBUEgCa67LXsmBBZr9fH50dRbohCNd0tIYYKvgIjhL+rljbGVlOvnPDIYpFqM8kfVe20vKl4iBkgU26o86L5JUesTU2WCwkbr34=&u=U2FsdGVkX19MUdnF5cSXFjjV4OHdIQrV8+1YbTARzR4=&y=U2FsdGVkX19Ad8btL9nxUI5pm6Vt4TP8CwG6JnY9JxY= HTTP/1.1" 200 26
186.102.66.204 - - [30/Sep/2023:11:01:43 -0500] "GET /kwssiamovil/sm/acme/a?s=U2FsdGVkX19SJd9NfoMDXiQ5WkZ3hCbdEsjNunLL+fMxbGFVnqzJkIwpVtlsKyeFs3RobH0l7dIykTY5ranpVOO45F/vnkiGmOXRB2+53X/sNwGTOn+CBcZErJswNk6DgGU5khO7JbqGUPN/tF6Ycr8rBANDpc7BPUO4DtjZiWk=&u=U2FsdGVkX19MUdnF5cSXFjjV4OHdIQrV8+1YbTARzR4=&y=U2FsdGVkX19Ad8btL9nxUI5pm6Vt4TP8CwG6JnY9JxY= HTTP/1.1" 200 26
186.102.66.204 - - [30/Sep/2023:11:01:43 -0500] "GET /kwssiamovil/sm/acme/a?s=U2FsdGVkX19h7scdURT7O+V372AwKd4j42uwbRqYQBi4EZ0NjQWurCY6fMV65YvWT0FyejP5EYP/XyV/o68SZeMCyr1ALvF64gIJb6pikC2uTn+hzi7RdL+tmkhB8wGcj3oFZE6FnIwWovutaqaXxvuADP3ziD5KYDFoh9dRPS8=&u=U2FsdGVkX19MUdnF5cSXFjjV4OHdIQrV8+1YbTARzR4=&y=U2FsdGVkX19Ad8btL9nxUI5pm6Vt4TP8CwG6JnY9JxY= HTTP/1.1" 200 26
186.102.66.204 - - [30/Sep/2023:11:01:43 -0500] "GET /kwssiamovil/sm/acme/a?s=U2FsdGVkX19p6mrFMfBDttoRpn8Qfcsk1y6Vop/9Tq6ktbvMzNYTy4b26GLB5j7JotYZPuo12+nun+RFhqo+hZEgmTQd0JmQfvRYu3IFZ4T4wLdZjSATGFDl81o4sIsbLKWHCWjyayvSzOKQTEpsaYoRSaTTTRVtHplV4gvSgLg=&u=U2FsdGVkX19MUdnF5cSXFjjV4OHdIQrV8+1YbTARzR4=&y=U2FsdGVkX19Ad8btL9nxUI5pm6Vt4TP8CwG6JnY9JxY= HTTP/1.1" 200 26
186.102.66.204 - - [30/Sep/2023:11:01:44 -0500] "GET /kwssiamovil/sm/acme/a?s=U2FsdGVkX19OIzd8/Jyj6wZGenDhc2VexeEmS4ME61F2Rq+WfAI3fG7mS6CgDaXP9Wi3ET4TrswlNwHSCzKMJgHziqVPoCUBvntf6hGE5fQy3xZIvzFRGyALDF7t4S08exbMVhXeaEhIskaSLrOuAuEdX7Fo2Ylx1HggM5i3L4mVKkK8sdjApkIcCiYtLrh+&u=U2FsdGVkX19MUdnF5cSXFjjV4OHdIQrV8+1YbTARzR4=&y=U2FsdGVkX19Ad8btL9nxUI5pm6Vt4TP8CwG6JnY9JxY= HTTP/1.1" 200 26
172.22.2.4 - - [30/Sep/2023:11:03:30 -0500] "HEAD /BLA/boletinlegal/ HTTP/1.1" 200 -
172.22.2.4 - - [30/Sep/2023:11:04:26 -0500] "GET /BLA/boletinlegal/ HTTP/1.1" 200 24523
172.22.2.4 - - [30/Sep/2023:11:04:20 -0500] "GET /BLA/boletinlegal/ HTTP/1.1" 200 52068
201.245.192.253 - - [30/Sep/2023:11:06:19 -0500] "POST /kwsrmcab/Wsrmcab  HTTP/1.1" 200 43477
216.245.221.92 - - [30/Sep/2023:11:06:39 -0500] "HEAD / HTTP/1.1" 200 -
172.22.2.4 - - [30/Sep/2023:11:07:12 -0500] "GET /BLA/boletinlegal/actos.php HTTP/1.1" 200 9682
216.244.66.195 - - [30/Sep/2023:11:07:24 -0500] "GET /BLA/resoluciones/AUTOS%202023/1071.pdf HTTP/1.1" 200 405624
172.22.2.4 - - [30/Sep/2023:11:07:39 -0500] "GET /BLA/boletinlegal/consulta_actos.php?tipo=resoluciones&no=3108&usuario=&sector=&fecha=2021&resuelve= HTTP/1.1" 200 1076
216.244.66.195 - - [30/Sep/2023:11:07:42 -0500] "GET /BLA/resoluciones/AUTOS%202023/1363.pdf HTTP/1.1" 200 2977367
216.244.66.195 - - [30/Sep/2023:11:08:13 -0500] "GET /BLA/resoluciones/AUTOS%202023/1517.pdf HTTP/1.1" 200 403636
216.244.66.195 - - [30/Sep/2023:11:08:41 -0500] "GET /BLA/resoluciones/AUTOS%202023/1573.pdf HTTP/1.1" 200 468226
172.22.2.4 - - [30/Sep/2023:11:07:08 -0500] "GET /BLA/boletinlegal/ HTTP/1.1" 200 62286
216.244.66.195 - - [30/Sep/2023:11:09:08 -0500] "GET /BLA/resoluciones/AUTOS%202023/1666.pdf HTTP/1.1" 200 464497
172.22.2.4 - - [30/Sep/2023:11:09:08 -0500] "GET /BLA/boletinlegal/consulta_actos.php?tipo=resoluciones&no=4119&usuario=&sector=&fecha=2021&resuelve= HTTP/1.1" 200 626
216.244.66.195 - - [30/Sep/2023:11:09:34 -0500] "GET /BLA/resoluciones/AUTOS%202023/1697.pdf HTTP/1.1" 200 501709
216.244.66.195 - - [30/Sep/2023:11:09:59 -0500] "GET /BLA/resoluciones/AUTOS%202023/1823.pdf HTTP/1.1" 200 407640
216.244.66.195 - - [30/Sep/2023:11:10:26 -0500] "GET /BLA/resoluciones/AUTOS%202023/1831.pdf HTTP/1.1" 200 434600
216.244.66.195 - - [30/Sep/2023:11:10:49 -0500] "GET /BLA/resoluciones/AUTOS%202023/1980.pdf HTTP/1.1" 200 447073
172.22.2.4 - - [30/Sep/2023:11:09:20 -0500] "HEAD /BLA/boletinlegal/ HTTP/1.1" 200 -
201.245.192.253 - - [30/Sep/2023:11:11:19 -0500] "POST /kwsrmcab/Wsrmcab  HTTP/1.1" 200 43477
216.244.66.195 - - [30/Sep/2023:11:11:27 -0500] "GET /BLA/resoluciones/AUTOS%202023/2285.pdf HTTP/1.1" 200 642668
216.245.221.92 - - [30/Sep/2023:11:11:39 -0500] "HEAD / HTTP/1.1" 200 -
172.22.2.4 - - [30/Sep/2023:11:10:10 -0500] "GET /BLA/boletinlegal/ HTTP/1.1" 200 58187
216.244.66.195 - - [30/Sep/2023:11:12:10 -0500] "GET /BLA/resoluciones/AUTOS%202023/2303.pdf HTTP/1.1" 200 946628
172.22.2.4 - - [30/Sep/2023:11:12:26 -0500] "GET /BLA/boletinlegal/consulta_actos.php?tipo=resoluciones&no=4119&usuario=&sector=&fecha=2022&resuelve= HTTP/1.1" 200 626
172.22.2.4 - - [30/Sep/2023:11:12:28 -0500] "GET /BLA/boletinlegal/consulta_actos.php?tipo=resoluciones&no=4119&usuario=&sector=&fecha=2022&resuelve= HTTP/1.1" 200 626
216.244.66.195 - - [30/Sep/2023:11:13:00 -0500] "GET /BLA/resoluciones/AUTOS%202023/2401.pdf HTTP/1.1" 200 407656
162.55.167.166 - - [30/Sep/2023:11:13:07 -0500] "GET / HTTP/1.1" 200 4720
162.55.167.166 - - [30/Sep/2023:11:13:08 -0500] "GET / HTTP/1.1" 200 319
181.57.120.177 - - [30/Sep/2023:11:13:34 -0500] "GET / HTTP/1.1" 200 4720
181.57.120.177 - - [30/Sep/2023:11:13:35 -0500] "GET /js/url.js HTTP/1.1" 404 1294
181.57.120.177 - - [30/Sep/2023:11:13:35 -0500] "GET /fonts/icomoon/style.css HTTP/1.1" 200 79820
181.57.120.177 - - [30/Sep/2023:11:13:35 -0500] "GET /css/bootstrap.min.css HTTP/1.1" 200 178212
181.57.120.177 - - [30/Sep/2023:11:13:35 -0500] "GET /css/style.css HTTP/1.1" 200 3473
181.57.120.177 - - [30/Sep/2023:11:13:35 -0500] "GET /favicon.ico HTTP/1.1" 404 1294
172.22.2.4 - - [30/Sep/2023:11:13:37 -0500] "GET /BLA/boletinlegal/consulta_actos.php?tipo=resoluciones&no=1612&usuario=&sector=&fecha=2022&resuelve= HTTP/1.1" 200 1379
216.244.66.195 - - [30/Sep/2023:11:13:40 -0500] "GET /BLA/resoluciones/AUTOS%202023/2544.pdf HTTP/1.1" 200 1020796
216.244.66.195 - - [30/Sep/2023:11:14:30 -0500] "GET /BLA/resoluciones/AUTOS%202023/2829.pdf HTTP/1.1" 200 416567
191.156.181.79 - - [30/Sep/2023:11:14:32 -0500] "GET /BLA/resoluciones/RESOLUCIONES%202022/1612.pdf HTTP/1.1" 200 538009
216.244.66.195 - - [30/Sep/2023:11:15:15 -0500] "GET /BLA/resoluciones/AUTOS%202023/3338.pdf HTTP/1.1" 200 957902
181.57.120.177 - - [30/Sep/2023:11:15:47 -0500] "POST /procesar.php HTTP/1.1" 200 1027
216.244.66.195 - - [30/Sep/2023:11:16:05 -0500] "GET /BLA/resoluciones/AUTOS%202023/3490.pdf HTTP/1.1" 200 425643
201.245.192.253 - - [30/Sep/2023:11:16:18 -0500] "POST /kwsrmcab/Wsrmcab  HTTP/1.1" 200 43477
40.77.167.59 - - [30/Sep/2023:11:16:32 -0500] "GET /BLA/resoluciones/RESOLUCIONES%202021/1564.pdf HTTP/1.1" 200 478912
216.245.221.92 - - [30/Sep/2023:11:16:39 -0500] "HEAD / HTTP/1.1" 200 -
172.22.2.4 - - [30/Sep/2023:11:15:09 -0500] "HEAD /BLA/boletinlegal/ HTTP/1.1" 200 -
216.244.66.195 - - [30/Sep/2023:11:16:52 -0500] "GET /BLA/resoluciones/AUTOS%202023/4092.pdf HTTP/1.1" 200 4103357
172.22.2.4 - - [30/Sep/2023:11:16:00 -0500] "GET /BLA/boletinlegal/ HTTP/1.1" 200 54597
216.244.66.195 - - [30/Sep/2023:11:17:42 -0500] "GET /BLA/resoluciones/RESOLUCIONES%202006/0930.tif HTTP/1.1" 200 120528
201.245.192.253 - - [30/Sep/2023:11:18:04 -0500] "POST /kwsrmcab/Wsrmcab HTTP/1.1" 200 40495
201.245.192.253 - - [30/Sep/2023:11:18:07 -0500] "POST /kwsrmcab/Wsrmcab HTTP/1.1" 200 40981
172.22.2.4 - - [30/Sep/2023:11:20:02 -0500] "GET /BLA/boletinlegal/consulta_actos.php?tipo=resoluciones&no=5198&usuario=&sector=&fecha=2022&resuelve= HTTP/1.1" 200 1565
191.156.177.179 - - [30/Sep/2023:11:20:05 -0500] "GET /BLA/resoluciones/RESOLUCIONES%202022/5198.pdf HTTP/1.1" 200 405825
201.245.192.253 - - [30/Sep/2023:11:21:17 -0500] "POST /kwsrmcab/Wsrmcab  HTTP/1.1" 200 43477
216.245.221.92 - - [30/Sep/2023:11:21:39 -0500] "HEAD / HTTP/1.1" 200 -
162.55.167.166 - - [30/Sep/2023:11:22:21 -0500] "GET / HTTP/1.1" 200 4720
162.55.167.166 - - [30/Sep/2023:11:22:22 -0500] "GET / HTTP/1.1" 200 319
172.22.2.4 - - [30/Sep/2023:11:20:59 -0500] "HEAD /BLA/boletinlegal/ HTTP/1.1" 200 -
31.13.127.10 - - [30/Sep/2023:11:23:05 -0500] "GET /fima-2023-secretaria-de-ambiente-presento-red-de-monitoreo-de-fauna-y-de-prediccion-climatica.html HTTP/1.1" 200 779
94.102.61.10 - - [30/Sep/2023:11:23:06 -0500] "GET / HTTP/1.1" 200 319
173.252.83.11 - - [30/Sep/2023:11:23:17 -0500] "GET /participa-en-la-convocatoria-para-el-aseguramiento-metrologico-de-la-red-de-monitoreo-de-calidad-del-aire-de-bogota.html HTTP/1.1" 200 848
172.22.2.4 - - [30/Sep/2023:11:21:50 -0500] "GET /BLA/boletinlegal/ HTTP/1.1" 200 58187
172.22.2.4 - - [30/Sep/2023:11:25:57 -0500] "GET /BLA/boletinlegal/consulta_actos.php?tipo=resoluciones&no=8336&usuario=&sector=&fecha=2022&resuelve= HTTP/1.1" 200 626
201.245.192.253 - - [30/Sep/2023:11:26:15 -0500] "POST /kwsrmcab/Wsrmcab  HTTP/1.1" 200 43477
216.245.221.92 - - [30/Sep/2023:11:26:39 -0500] "HEAD / HTTP/1.1" 200 -
52.167.144.206 - - [30/Sep/2023:11:27:04 -0500] "GET /BLA/resoluciones/RESOLUCIONES%202021/4313.pdf HTTP/1.1" 200 340913
201.245.192.253 - - [30/Sep/2023:11:28:04 -0500] "POST /kwsrmcab/Wsrmcab HTTP/1.1" 200 40495
201.245.192.253 - - [30/Sep/2023:11:28:07 -0500] "POST /kwsrmcab/Wsrmcab HTTP/1.1" 200 40981
172.22.2.4 - - [30/Sep/2023:11:26:49 -0500] "HEAD /BLA/boletinlegal/ HTTP/1.1" 200 -
207.46.13.154 - - [30/Sep/2023:11:28:37 -0500] "GET /BLA/resoluciones/RESOLUCIONES%202021/0953.pdf HTTP/1.1" 200 602880
191.102.117.217 - - [30/Sep/2023:11:28:56 -0500] "GET /forest/ HTTP/1.1" 200 12041
191.102.117.217 - - [30/Sep/2023:11:29:04 -0500] "POST /forest/index.php HTTP/1.1" 200 12268
172.22.2.4 - - [30/Sep/2023:11:27:40 -0500] "GET /BLA/boletinlegal/ HTTP/1.1" 200 57790
52.167.144.206 - - [30/Sep/2023:11:29:33 -0500] "GET /BLA/resoluciones/RESOLUCIONES%202023/1359.pdf HTTP/1.1" 200 490118
172.22.2.4 - - [30/Sep/2023:11:31:15 -0500] "GET /BLA/boletinlegal/actos.php HTTP/1.1" 200 9682
172.22.2.4 - - [30/Sep/2023:11:31:16 -0500] "GET /BLA/boletinlegal/styles2.css HTTP/1.1" 200 1838
172.22.2.4 - - [30/Sep/2023:11:31:16 -0500] "GET /BLA/boletinlegal/niceforms.js HTTP/1.1" 200 22876
172.22.2.4 - - [30/Sep/2023:11:31:16 -0500] "GET /BLA/boletinlegal/js/ajax_actos.js HTTP/1.1" 200 1322
172.22.2.4 - - [30/Sep/2023:11:31:16 -0500] "GET /BLA/boletinlegal/niceforms-default.css HTTP/1.1" 200 6694
172.22.2.4 - - [30/Sep/2023:11:31:16 -0500] "GET /BLA/boletinlegal/style.css HTTP/1.1" 200 9406
172.22.2.4 - - [30/Sep/2023:11:31:16 -0500] "GET /BLA/boletinlegal/js/lib.js HTTP/1.1" 200 6474
172.22.2.4 - - [30/Sep/2023:11:31:16 -0500] "GET /BLA/boletinlegal/js/popup.js HTTP/1.1" 200 1270
172.22.2.4 - - [30/Sep/2023:11:31:16 -0500] "GET /BLA/boletinlegal/js/jquery1.js HTTP/1.1" 200 29846
172.22.2.4 - - [30/Sep/2023:11:31:16 -0500] "GET /BLA/boletinlegal/images/cabezote%20BLEGAL.jpg HTTP/1.1" 200 118164
172.22.2.4 - - [30/Sep/2023:11:31:16 -0500] "GET /BLA/boletinlegal/images/subscribe-icon-big.png HTTP/1.1" 200 47702
172.22.2.4 - - [30/Sep/2023:11:31:16 -0500] "GET /BLA/boletinlegal/images/historia.png HTTP/1.1" 200 52775
172.22.2.4 - - [30/Sep/2023:11:31:16 -0500] "GET /BLA/boletinlegal/images/registro-usuarios.png HTTP/1.1" 200 8106
172.22.2.4 - - [30/Sep/2023:11:31:16 -0500] "GET /BLA/boletinlegal/images/green-yellow-blue-pink-th.png HTTP/1.1" 200 7394
172.22.2.4 - - [30/Sep/2023:11:31:16 -0500] "GET /BLA/boletinlegal/images/tel.png HTTP/1.1" 200 14477
172.22.2.4 - - [30/Sep/2023:11:31:16 -0500] "GET /BLA/boletinlegal/images/icono-email.png HTTP/1.1" 200 5544
172.22.2.4 - - [30/Sep/2023:11:31:16 -0500] "GET /BLA/boletinlegal/images/body_bg.jpg HTTP/1.1" 200 1601
172.22.2.4 - - [30/Sep/2023:11:31:16 -0500] "GET /BLA/boletinlegal/images/menu_lft.gif HTTP/1.1" 200 1713
172.22.2.4 - - [30/Sep/2023:11:31:16 -0500] "GET /BLA/boletinlegal/images/menu_rght.gif HTTP/1.1" 200 1627
172.22.2.4 - - [30/Sep/2023:11:31:16 -0500] "GET /BLA/boletinlegal/images/footer_bg.jpg HTTP/1.1" 200 586
172.22.2.4 - - [30/Sep/2023:11:31:16 -0500] "GET /BLA/boletinlegal/images/bg_top.jpg HTTP/1.1" 200 522
172.22.2.4 - - [30/Sep/2023:11:31:16 -0500] "GET /BLA/boletinlegal/images/menu_bg.jpg HTTP/1.1" 200 620
172.22.2.4 - - [30/Sep/2023:11:31:16 -0500] "GET /BLA/boletinlegal/images/text.jpg HTTP/1.1" 200 568
172.22.2.4 - - [30/Sep/2023:11:31:16 -0500] "GET /BLA/boletinlegal/images/hover.jpg HTTP/1.1" 200 640
172.22.2.4 - - [30/Sep/2023:11:31:16 -0500] "GET /BLA/boletinlegal/images/footer_bg_l.jpg HTTP/1.1" 200 776
172.22.2.4 - - [30/Sep/2023:11:31:16 -0500] "GET /BLA/boletinlegal/img/0.png HTTP/1.1" 200 110
172.22.2.4 - - [30/Sep/2023:11:31:16 -0500] "GET /BLA/boletinlegal/img/select-left.png HTTP/1.1" 200 263
172.22.2.4 - - [30/Sep/2023:11:31:16 -0500] "GET /BLA/boletinlegal/img/select-right.png HTTP/1.1" 200 44019
172.22.2.4 - - [30/Sep/2023:11:31:16 -0500] "GET /BLA/boletinlegal/img/button-left.png HTTP/1.1" 200 57071
172.22.2.4 - - [30/Sep/2023:11:31:16 -0500] "GET /BLA/boletinlegal/img/button.png HTTP/1.1" 200 43241
172.22.2.4 - - [30/Sep/2023:11:31:16 -0500] "GET /BLA/boletinlegal/img/button-right.png HTTP/1.1" 200 57878
201.245.192.253 - - [30/Sep/2023:11:31:14 -0500] "POST /kwsrmcab/Wsrmcab  HTTP/1.1" 200 43477
172.22.2.4 - - [30/Sep/2023:11:31:17 -0500] "GET /BLA/boletinlegal/favicon.ico HTTP/1.1" 404 1326
186.29.35.112 - - [30/Sep/2023:11:31:19 -0500] "GET /BLA/resoluciones/ HTTP/1.1" 200 13696
186.29.35.112 - - [30/Sep/2023:11:31:19 -0500] "GET /BLA/resoluciones/dlf/styles.css HTTP/1.1" 200 3049
186.29.35.112 - - [30/Sep/2023:11:31:19 -0500] "GET /BLA/resoluciones/dlf/folder.png HTTP/1.1" 200 410
186.29.35.112 - - [30/Sep/2023:11:31:19 -0500] "GET /BLA/resoluciones/dlf/bg.gif HTTP/1.1" 200 54
186.29.35.112 - - [30/Sep/2023:11:31:19 -0500] "GET /favicon.ico HTTP/1.1" 200 7782
186.29.35.112 - - [30/Sep/2023:11:31:26 -0500] "GET /BLA/resoluciones/dlf/dirup.png HTTP/1.1" 200 644
186.29.35.112 - - [30/Sep/2023:11:31:26 -0500] "GET /BLA/resoluciones/dlf/pdf.gif HTTP/1.1" 200 272
186.29.35.112 - - [30/Sep/2023:11:31:27 -0500] "GET /BLA/resoluciones/dlf/unknown.png HTTP/1.1" 200 266
186.29.35.112 - - [30/Sep/2023:11:31:26 -0500] "GET /BLA/resoluciones/index.php?dir=RESOLUCIONES+2008%2F HTTP/1.1" 200 976272
186.29.35.112 - - [30/Sep/2023:11:31:29 -0500] "GET /BLA/resoluciones/RESOLUCIONES%202008/2989.pdf HTTP/1.1" 200 341389
216.245.221.92 - - [30/Sep/2023:11:31:39 -0500] "HEAD / HTTP/1.1" 200 -
186.84.89.167 - - [30/Sep/2023:11:33:46 -0500] "GET /sipse/faces/index.xhtml HTTP/1.1" 200 677
186.84.89.167 - - [30/Sep/2023:11:33:46 -0500] "GET /sipse/faces/javax.faces.resource/theme.css?ln=primefaces-sipse HTTP/1.1" 304 -
186.84.89.167 - - [30/Sep/2023:11:33:46 -0500] "GET /sipse/faces/javax.faces.resource/theme.css?ln=primefaces-sipse HTTP/1.1" 304 -
172.22.2.4 - - [30/Sep/2023:11:32:39 -0500] "HEAD /BLA/boletinlegal/ HTTP/1.1" 200 -
172.22.2.4 - - [30/Sep/2023:11:33:30 -0500] "GET /BLA/boletinlegal/ HTTP/1.1" 200 60342
201.245.192.253 - - [30/Sep/2023:11:36:14 -0500] "POST /kwsrmcab/Wsrmcab  HTTP/1.1" 200 43477
216.245.221.92 - - [30/Sep/2023:11:36:39 -0500] "HEAD / HTTP/1.1" 200 -
69.171.231.120 - - [30/Sep/2023:11:36:43 -0500] "GET /images/pieza-voluntariado-ambiental.jpeg HTTP/1.1" 200 51125
201.245.192.253 - - [30/Sep/2023:11:38:04 -0500] "POST /kwsrmcab/Wsrmcab HTTP/1.1" 200 40495
201.245.192.253 - - [30/Sep/2023:11:38:07 -0500] "POST /kwsrmcab/Wsrmcab HTTP/1.1" 200 40981
199.16.157.180 - - [30/Sep/2023:11:39:15 -0500] "GET /distrito-avanza-con-la-plantacion-de-arboles-186-nuevos-individuos-fueron-sembrados-en-el-humedal-capellania.htm HTTP/1.1" 404 1034
199.16.157.181 - - [30/Sep/2023:11:39:24 -0500] "GET /distrito-avanza-con-la-plantacion-de-arboles-186-nuevos-individuos-fueron-sembrados-en-el-humedal-capellania.htm HTTP/1.1" 404 1034
103.83.144.161 - - [30/Sep/2023:11:39:44 -0500] "POST /cgi-bin/luci/;stok=/locale?form=country HTTP/1.1" 400 946
103.83.144.161 - - [30/Sep/2023:11:39:46 -0500] "POST /cgi-bin/luci/;stok=/locale?form=country HTTP/1.1" 400 946
103.83.144.161 - - [30/Sep/2023:11:39:48 -0500] "POST /cgi-bin/luci/;stok=/locale?form=country HTTP/1.1" 400 946
103.83.144.161 - - [30/Sep/2023:11:39:48 -0500] "POST /cgi-bin/luci/;stok=/locale?form=country HTTP/1.1" 400 946
103.83.144.161 - - [30/Sep/2023:11:39:51 -0500] "POST /cgi-bin/luci/;stok=/locale?form=country HTTP/1.1" 400 946
168.119.76.235 - - [30/Sep/2023:11:39:52 -0500] "GET /robots.txt HTTP/1.1" 404 1034
103.83.144.161 - - [30/Sep/2023:11:39:53 -0500] "POST /cgi-bin/luci/;stok=/locale?form=country HTTP/1.1" 400 946
168.119.76.235 - - [30/Sep/2023:11:39:53 -0500] "GET /distrito-avanza-con-la-plantacion-de-arboles-186-nuevos-individuos-fueron-sembrados-en-el-humedal-capellania.htm HTTP/1.1" 404 1034
172.22.2.4 - - [30/Sep/2023:11:38:29 -0500] "HEAD /BLA/boletinlegal/ HTTP/1.1" 200 -
172.22.2.4 - - [30/Sep/2023:11:39:20 -0500] "GET /BLA/boletinlegal/ HTTP/1.1" 200 60692
201.245.192.253 - - [30/Sep/2023:11:41:13 -0500] "POST /kwsrmcab/Wsrmcab  HTTP/1.1" 200 43477
216.244.66.195 - - [30/Sep/2023:11:41:37 -0500] "GET /robots.txt HTTP/1.1" 404 1018
216.245.221.92 - - [30/Sep/2023:11:41:40 -0500] "HEAD / HTTP/1.1" 200 -
186.102.65.233 - - [30/Sep/2023:11:43:51 -0500] "GET /kwssiamovil/sm/ldap/au?x=U2FsdGVkX18NxRANHufXuEr60fcw2tM4RNqWgpqbMJX0oYsk03f9D5nqgnDmiVgg&y=U2FsdGVkX1+pWOwK2zbsY4r1VFfC/TZKBihFSZiGeMjZyOPx0gwSfsfM0fOvTusC HTTP/1.1" 200 30
186.102.65.233 - - [30/Sep/2023:11:43:51 -0500] "GET /kwssiamovil/sm/acme/s?s=U2FsdGVkX1+Ecl/k/R4VscPq/c9WxCNEXbUb9kKCK9U1AoUz/81ZkkaETHvQDoHGYvRvMq+4Z+nyrXshbaXUCgKBhYUWsAPxTRnhXeOSlnw=&u=U2FsdGVkX18sbTbRy4e3+LFOWHiHeH8KMrmAdpjUhCE=&y=U2FsdGVkX1+pWOwK2zbsY4r1VFfC/TZKBihFSZiGeMjZyOPx0gwSfsfM0fOvTusC HTTP/1.1" 200 97
186.102.65.233 - - [30/Sep/2023:11:43:51 -0500] "GET /kwssiamovil/sm/acme/s?s=U2FsdGVkX1+UWBKrs8n5MZEesr8x+qyeO+DB8GqFkhp0kSnov/DIFXrFuI9dM1LhR6QkAAPBZI2hXSDWgc7xAV8Y8lZRZ3TsfwjRphnWDlzELGDo84tSJ4XY9hfKQvHH5j/Y/orGivWIJ13LWQSPNXKoi4AWHutfSUh66pJ7E4C1CcOV3LlAGvazKypg+h11C0NjsSNZPn/J5iB2bm/j4mgM2865D/AI2gei2Xdu1NUdh4Qgy/713r7FzKtqfAHxv9ZKKhuGVqDIhqoqJZjlAt0QK8nimGSLlSurcoNgf4Qs1qCJVNTwxa/V1/YdNTns03aS6tUlvjxoYqks8DkOJpY4OyqymXKW0P2FbunpLC8DfqrBpEUrqU72cXncQg2sZaCJ/L2Vw582DPKAX8H2DqcFETvUHKVBNLKRi7IkF8AJgwMYPMmsIN0TV8LXYnmqJgVG0FnCaaeqF4SugWCawNDVoNvKndPk/4y3by85m8Fk56wNmzZQFjZLZfRpFXDG0jl+o5+9BTnYsKj7PYE0TeBJ7VL8RKvavG4HNGJUOtRRmSNMjOlAVIJuVa5diPfQoNm4ynNc5sc34zMAoB0LyO7CymxMzSd8s0sz0H3qGXREizVhCvACQnCiszgO4k+kiAV/4kDdmqY4GiGpXnLHPBcStXwJvg3yvD+iltwm4iWBF6SD2xTSA/PLstWXe3Z+xBreTLHysjfEJEJ+BSZBuIkWCWk4OAYOKUAS+VHxcMRU/fAPaWwRmCbtlzS+JXuiSrYZig7LYe6XW0wORz/tpv6V+QeaKFfFaeVLoJzOrRPloIxxNhEI4chJFTOnZI8DE8eouWaaIzxb6Dstm9nDvFbjOmAMO08Ypz7x2QZsR28ryf7s1CXoIvcJvefxgFfbqx17/3qPy1uPHBWly5VVzXYjKjNPesmm7+L7hh+845v/Ca6tQGlrhrg5ygiCVkazqoC066kwuUMC2mpMxbAVJqDZfAppT5be3mp6TaVVBJznDgQ9PbNSR/gE53Hrkxyzq1u4K2t2KvREMiILgyzQWK/J6lCVmEgcRZfS7KFWBneTYnBxOp7RrcZS+TZJlrsEJkHKqqeIkWy2RLDIh48He9wB7XT2/f9THRpgweubyxUQRT8OJ36PqCS0MLCNAd+WuJ952JVH3kC034MRKPZEXrHCkNBIPqUMZPbpvnIfSkO6YHolE1Bs7qyqVpmns3hmMwtVxhbaeOyUVhCid6/4bGeTFxMZFwrAmJBFKM87mu5wditql5aIwvyJvPZjXk8HDMhXxaZJEfMYv/VKk/QdzJZB5hNXTcdO1FlNhosOHZMxlBwr2iv+3oWJswTfHx0L/YY/l/WCmJHn9+sXFaGyCEMqqsvft/jYd+k/XoC88ULWc3D+23/PvdHcZfiSzb884pfAXfWRYhc5IXJHZ/4mFurW0KEWOSL3/Au5CzwEJS6ckRUvhsAkFquJw4ij7PREQ9crYWqvpD9U2/9PRdhHbJO8uNKJuVycCHJxlgGdPh4/7QHHoazOA9xiYGGgY77i0WCp4iQkoaJEhLLv3rPI065guC1eaxNuzaw9oADba42NaIfYVYi89TOG6QskGPjo6rGmTXUfkZsKBoPW2wH0GZM+XhUKAfTce3BkvS/h9RN3YIbgp8gaWnmURXBniV+rookbB4nUVKH5NU8a8zUavltwWPhvMS0zAW+OBLAFwbRS259Dq9GNOdF2vNc0O+T01vtntJqtf7/taJaHECTIy/KFZSlcPqMzdiErJFP4irk=&u=U2FsdGVkX18sbTbRy4e3+LFOWHiHeH8KMrmAdpjUhCE=&y=U2FsdGVkX1+pWOwK2zbsY4r1VFfC/TZKBihFSZiGeMjZyOPx0gwSfsfM0fOvTusC HTTP/1.1" 200 2670
186.102.65.233 - - [30/Sep/2023:11:43:52 -0500] "GET /kwssiamovil/sm/acme/s?s=U2FsdGVkX19tY/5V3+gp11MaRP5T5SURmy1z7HtJ3DlK46vBVmWuQ9ZlbjbGuNEBmTZyQBoWlEhg87CsKcngZ4VJEQajppe9dVafKzFWifhsVJzfa1VkSpRiXOK5sVfWKXYV/MaS/15bIZxATzRvx97ay3dA3T8RUWoYJPF4R6r/KIt7VwvrKTQAcfKe9xj/H2e4igKfRBMbEuqe/i4JBbo5wXHROv2YufMw0fVYj23Zo4Lyj2KDVQ8Y2wGLTDO+NRj/CYfuLApxrIGybczXfvR9ETGSIbOO66BYKz+1FN1Ioou5YFgDybPOeSkIit6A0AMNoH76JaBFg/XthWIMVdLVZ8BA9Y5uYvaqnT2k1k5x07SlJSp6UMtd5WujpepqsNKKCE3ua7/y5L+UII+f8USiXE+THDijxrl1XWCkFkgr3hrhnstZj2OZQcAGdHddk0EmE8qBGrEb/dwTKT1LSKFOcwLvyxuHdlGoXKXaJhvS3k6SAz7hhzpJdzdjnsvSnsWqyDYXtda3Km5MtDEwaCZXKBVW8Ts9c9b1tgEG7bMraRpHO4BygQ3NoWqf77JfdU+5kBJPYOCUfasN3Xbm9+b1XvjdGZxUmxWnWghfJ3Y820haqRWQ5J9lQtxbGeqVYcwAi5aP9e81ensnyd1mPdhDZOXr8Najg3ggDCU03Rho9bgisdMXhaLs+Ts8hRVtKIOClut2fjZ3deABWqeBBvBxBte6RGDHYw0nXkjv/QPld9y3AnyLI3R0WZ/taPLq&u=U2FsdGVkX18sbTbRy4e3+LFOWHiHeH8KMrmAdpjUhCE=&y=U2FsdGVkX1+pWOwK2zbsY4r1VFfC/TZKBihFSZiGeMjZyOPx0gwSfsfM0fOvTusC HTTP/1.1" 200 208
186.102.65.233 - - [30/Sep/2023:11:43:52 -0500] "GET /kwssiamovil/sm/cjson/pre?f=1&x=U2FsdGVkX18NxRANHufXuEr60fcw2tM4RNqWgpqbMJX0oYsk03f9D5nqgnDmiVgg HTTP/1.1" 200 31032
40.77.167.61 - - [30/Sep/2023:11:43:57 -0500] "GET /BLA/resoluciones/RESOLUCIONES%202022/5198.pdf HTTP/1.1" 200 405825
47.128.39.33 - - [30/Sep/2023:11:43:58 -0500] "GET /el-idiger-inicia-charlas-informativas-para-participar-en-el-simulacro-distrital-de-evacuacion-dia-y-de-noche.html HTTP/1.1" 200 1001
40.77.167.61 - - [30/Sep/2023:11:44:24 -0500] "GET /BLA/resoluciones/RESOLUCIONES%202020/0022.pdf HTTP/1.1" 200 403297
172.22.2.4 - - [30/Sep/2023:11:44:32 -0500] "GET /BLA/boletinlegal/consulta_actos.php?tipo=resoluciones&no=5198&usuario=&sector=&fecha=2022&resuelve= HTTP/1.1" 200 1565
47.128.45.188 - - [30/Sep/2023:11:44:39 -0500] "GET /robots.txt HTTP/1.1" 404 1034
172.22.2.4 - - [30/Sep/2023:11:45:37 -0500] "GET /BLA/boletinlegal/consulta_actos.php?tipo=resoluciones&no=1612&usuario=&sector=&fecha=2022&resuelve= HTTP/1.1" 200 1379
172.22.2.4 - - [30/Sep/2023:11:44:19 -0500] "HEAD /BLA/boletinlegal/ HTTP/1.1" 200 -
201.245.192.253 - - [30/Sep/2023:11:46:12 -0500] "POST /kwsrmcab/Wsrmcab  HTTP/1.1" 200 43477
216.245.221.92 - - [30/Sep/2023:11:46:39 -0500] "HEAD / HTTP/1.1" 200 -
172.22.2.4 - - [30/Sep/2023:11:45:10 -0500] "GET /BLA/boletinlegal/ HTTP/1.1" 200 52656
207.46.13.130 - - [30/Sep/2023:11:46:53 -0500] "GET /BLA/resoluciones/RESOLUCIONES%202023/0882.pdf HTTP/1.1" 200 516845
186.102.65.233 - - [30/Sep/2023:11:47:11 -0500] "GET /kwssiamovil/sm/ldap/au?x=U2FsdGVkX18iN/wFCqCaPi1sFx1b86TfsUwAGyZJ7FWFd+Q0SWcdEPoBUgeF6ZQv&y=U2FsdGVkX1+UHpy8ngFwwT+U3bi4sHZ+29l1XEKIZvltliUkbf7BnjCxrRMnzIV3 HTTP/1.1" 200 30
186.102.65.233 - - [30/Sep/2023:11:47:11 -0500] "GET /kwssiamovil/sm/acme/s?s=U2FsdGVkX1+HbBSaxtg48zF0SbI3MrCag4yai+vrN43DFFaV/oRwBr2IerL7xcqd6r3xtA45oq/fBDZa1VgO972L2EWiUM672EkrDKQG8IA=&u=U2FsdGVkX19vlZdNUg/+pKBCcb5PxNlMuDtI3THyFcs=&y=U2FsdGVkX1+UHpy8ngFwwT+U3bi4sHZ+29l1XEKIZvltliUkbf7BnjCxrRMnzIV3 HTTP/1.1" 200 97
186.102.65.233 - - [30/Sep/2023:11:47:11 -0500] "GET /kwssiamovil/sm/acme/s?s=U2FsdGVkX19V/OJls0wLwjHs3aOQd840mNvx6HSpTpbHp4e79gp6JuMdhiHc3k965ci9OnREJUMAOtYSYgaL2THmVAnRi3tzUbkO646xEBTBFusCmKfVf7Z894LuQD5q4pjzK42hDvxJkyAtl8P1qK1w5h2Ba8fsPpDvaW84+zOL1QMpysPiJ6YjJXHjQnjqgu80tkNaJjs3A7s2fkoonDSEtFIsyeNr99zhjF68+HgbnbjM8sycWNnTg+DuRNQanCc+1sDrBEUrj+xxYYIqNe4aJLjmo7sZzhHvVgDNv9zysDml1iSURuVyUjpCGeKXZquVaHOWglR/rPHc+61e63StFULlkjSEKQWD1J73xAjbwt7okHkgKJnCaHE/LbMY/A/4ISFapDDoNSjrqLDvm7VGPffdyrzizPtY3DBL4NSBgK1tKQSppF8bdWvs0r/1ReebBhh+L6Plk3oShF3gvmU2sogifzdNW8zm19DXSyoMZhovV2pdPA4KT2xb2wU+FCr+57mkvLytFaObXw2/a0ibDHcabYjETCWyEIh+cwRSdYTXKe6jgICZLswTyanYeERpOXymr3N2cxLq8y+dfGlNEb+zZzf7Bi3DJiLVGE/hCWN3rgMdi6m3ulYRwZiINRY15N84pQEjMf6vK2bqVsTcIC8WlKBK/1eJZ17PRHg69t11tHY1eBLYuxU0BNKNIMGsTjFp32Q9TW+9/f1nebEiWS+4lFRfECACD4GK3fZgfkQ1pwlxgcxtbu2JPY2iQ9HUjL5xYV6wqvPY3f230enNiSf469c0tytTFNxVi3tO9DfnZ1Fh/wJwGahXO81F+ohnU49Gkk6aBF8Y+NIkdCT6fw+JYwmxDPIZQYAbK1epENa+FRnomneOz3zgUiBdzNsswUQpN1JgJMRXuM9Lq30exps5IR8nQqWZwtoS2/FdOFjjxUkBKvKS0NiSmNUiwT3EWnlHlxKz3eJ/WYeMsKsX4KPCSTKDF0r+ZJJXX2SOPw/Hd7kWxvSk87QAGOrqjLgP/OE/Huy0ut9W0rh/EQ5Y7VdbTY/RjQKnQ5aabCTev//9GQXdk2VrtTn2pox+nR95f0dqAoA+6tIqGFVbdKNRKMvV+yYbbw6feaXmZHNl1HZCqnAoib8M3gZP7b7M5P6l3ueaSsI656jZx+LoCZcx71XbqDhQgzkeAJX7lB4z6/LJxsqkHftGmN1L8n9N4JjFcaNuDHeZ63xoIY218idS0GN37uHKsigSaHT7ZTPUBpR/EZPk5+v4cj2CPNKCeFWLl4uL3ygT13NTtE43fPWlHgab/MF9n4kI1vBnigRDySsTA6SwJJdqONC/dd6M/qQn00wA5JNMWxuO/w6ZAp5ixlB0VHmZ8ftPnasb6qosfhbUD5ajW1xBl/mWjVmgSp+Pf0uaXDDAYyRtBQ8tZJ5koc2aMwkXio7BlUVhGF6KoN8IKqPtmjG9u1nJogSsDRzvUQVVuzW4PZf6bCYANiqO73wLpCCSP6HYtmLDcUvvYY+SWpcmNraikkCVwl1bxZYufBF577osAkjn9uAoFm4jZxICOu0/tN8RRkzpK5Z/z8uC7djGNw8LsoPbki0ZTIBWQ+L/DIjyDOtOc3uuxb1Y5nDl/63ZtEy479qhKAIn5rUvmQOPtgfZVLgopxkpAAuD/rXlNd7usvD/pFiF1VZzG8bgG9/anXOdMZH5qCWla67UBQNM3HGGLaScOoHNUFqyn8ests1oa5BqjoNs3VTIMgPQ/ffk3UFbNt2DuTI=&u=U2FsdGVkX19vlZdNUg/+pKBCcb5PxNlMuDtI3THyFcs=&y=U2FsdGVkX1+UHpy8ngFwwT+U3bi4sHZ+29l1XEKIZvltliUkbf7BnjCxrRMnzIV3 HTTP/1.1" 200 2670
186.102.65.233 - - [30/Sep/2023:11:47:11 -0500] "GET /kwssiamovil/sm/acme/s?s=U2FsdGVkX1/r25QFu6YFAxvv+uwHHnB9/YDZfwokwL4fxiPWdl5aQ5hdEsLoDUgmaD1tb6tHx++ROIDxBRKG3rYg0FfAgOG3KG6f+oM6+FVU/QXFOey1ByeT+gfUXaj58RmMO+XHrioQQUuQdM4kaSqVpf/MKKDcVZSFND+iSaVO3H/ZoANiXggsB5n0C+cwoYLeo/nJAfXF4CUF2P7zS6nAgwVHLgHYBr9Bvd/1k2+oN1OiA7vwPqxQg6p0d797Q56p/nmYlqa7LUQ+PviTcFGT4kkd4Aal9zYOgpH1VNfNOOvBXJbGhy4HB+lrVWN2whzC7gzGAmBH34gLGZwO1upcYWmbq2gU9fCGrvHeDR/umoFl4EV7jEQQapJ1pWMb41kzB1zeUVoHMcItkoAPbrlomIl/OYDM0F4C0xRA8es1BbUgCPXeVVfe0VtSEA0PzJwueQJY3g+E84MmX9JPYqDuqWktgICb7MvSpK7ypoMxUPflcpbgmKTsoOEboPA3GRhHOgHdUUZMoIEpP0sVXfCKmLVFb7pIW3g0j5BuizBX7gsiYyyBvk2EkVhaiHpK4GRyr7CniCxUe2G0Kx6i0w3kq40hYAa1fC4X4P9WQtKGnPJ/vI0h3j5+GoyYm3Q+ClDKFT7a8Ql+W8tr9A7QkZp+jwXc2+y9rexhlZ2uZatDWSZAQ2TOIRJ/opV1cDe9A4eRyW5lYXAcbmGVMx7MIuIB5sMKWDwFSIqjI13K5lrmXVYm/LgU1uBNzrc/kNFt&u=U2FsdGVkX19vlZdNUg/+pKBCcb5PxNlMuDtI3THyFcs=&y=U2FsdGVkX1+UHpy8ngFwwT+U3bi4sHZ+29l1XEKIZvltliUkbf7BnjCxrRMnzIV3 HTTP/1.1" 200 208
186.102.65.233 - - [30/Sep/2023:11:47:12 -0500] "GET /kwssiamovil/sm/cjson/pre?f=1&x=U2FsdGVkX18iN/wFCqCaPi1sFx1b86TfsUwAGyZJ7FWFd+Q0SWcdEPoBUgeF6ZQv HTTP/1.1" 200 31032
66.249.66.21 - - [30/Sep/2023:11:48:29 -0500] "GET /BLA/resoluciones/AUTOS%202011/5059.pdf HTTP/1.1" 200 170774
207.46.13.130 - - [30/Sep/2023:11:48:51 -0500] "GET /BLA/resoluciones/RESOLUCIONES%202012/0985.pdf HTTP/1.1" 200 811042
213.186.1.245 - - [30/Sep/2023:11:49:33 -0500] "GET /robots.txt HTTP/1.1" 404 1034
198.235.24.105 - - [30/Sep/2023:11:49:36 -0500] "GET / HTTP/1.1" 200 319
172.22.2.4 - - [30/Sep/2023:11:49:47 -0500] "GET /BLA/boletinlegal/autodiscover/autodiscover.json?@zdi/Powershell HTTP/1.1" 404 1018
52.167.144.216 - - [30/Sep/2023:11:49:52 -0500] "GET /BLA/boletinlegal/Circulares/2018/CIRCULAR%20COJUNTA%20042%20DE%202018.pdf HTTP/1.1" 304 -
173.252.79.118 - - [30/Sep/2023:11:50:20 -0500] "GET /images/pieza-voluntariado-ambiental.jpeg HTTP/1.1" 200 51125
201.245.192.253 - - [30/Sep/2023:11:51:10 -0500] "POST /kwsrmcab/Wsrmcab  HTTP/1.1" 200 43477
213.186.1.245 - - [30/Sep/2023:11:51:33 -0500] "GET /distrito-avanza-con-la-plantacion-de-arboles-186-nuevos-individuos-fueron-sembrados-en-el-humedal-capellania.htm HTTP/1.1" 404 1034
216.245.221.92 - - [30/Sep/2023:11:51:39 -0500] "HEAD / HTTP/1.1" 200 -
172.22.2.4 - - [30/Sep/2023:11:50:09 -0500] "HEAD /BLA/boletinlegal/ HTTP/1.1" 200 -
157.55.39.49 - - [30/Sep/2023:11:52:13 -0500] "GET /Publicaciones/2023EE227909.pdf HTTP/1.1" 200 231684
172.22.2.4 - - [30/Sep/2023:11:51:00 -0500] "GET /BLA/boletinlegal/ HTTP/1.1" 200 60692
185.191.171.13 - - [30/Sep/2023:11:53:27 -0500] "GET /robots.txt HTTP/1.1" 404 1034
85.208.96.196 - - [30/Sep/2023:11:53:28 -0500] "GET /semana-bogota-reverdece-con-exito-finaliza-el-primer-dia-de-la-convencion-internacional-de-emergencia-climatica.html HTTP/1.1" 200 898
66.249.79.131 - - [30/Sep/2023:11:54:51 -0500] "GET /inscribete-en-este-proceso-de-formacion-para-ser-un-lider-o-una-lideresa-ambiental-en-tu-localidad.html HTTP/1.1" 200 903
152.203.149.250 - - [30/Sep/2023:11:55:07 -0500] "GET /distrito-avanza-con-la-plantacion-de-arboles-186-nuevos-individuos-fueron-sembrados-en-el-humedal-capellania.htm HTTP/1.1" 404 1264
152.203.149.250 - - [30/Sep/2023:11:55:07 -0500] "GET /favicon.ico HTTP/1.1" 404 1518
152.203.149.250 - - [30/Sep/2023:11:55:20 -0500] "GET /distrito-avanza-con-la-plantacion-de-arboles-186-nuevos-individuos-fueron-sembrados-en-el-humedal-capellania.htm HTTP/1.1" 404 1264
173.252.95.5 - - [30/Sep/2023:11:55:22 -0500] "GET /distrito-avanza-con-la-plantacion-de-arboles-186-nuevos-individuos-fueron-sembrados-en-el-humedal-capellania.html HTTP/1.1" 200 990
173.252.107.120 - - [30/Sep/2023:11:55:26 -0500] "GET /distrito-avanza-con-la-plantacion-de-arboles-186-nuevos-individuos-fueron-sembrados-en-el-humedal-capellania.html HTTP/1.1" 200 990
66.249.79.131 - - [30/Sep/2023:11:55:52 -0500] "GET /mujeres-que-reverdecen-secretaria-de-ambiente-anuncia-el-inicio-de-la-tercera-fase.html HTTP/1.1" 200 954
31.13.103.5 - - [30/Sep/2023:11:56:06 -0500] "GET /distrito-avanza-con-la-plantacion-de-arboles-186-nuevos-individuos-fueron-sembrados-en-el-humedal-capellania.html HTTP/1.1" 200 990
201.245.192.253 - - [30/Sep/2023:11:56:08 -0500] "POST /kwsrmcab/Wsrmcab  HTTP/1.1" 200 43477
216.245.221.92 - - [30/Sep/2023:11:56:39 -0500] "HEAD / HTTP/1.1" 200 -
172.22.2.4 - - [30/Sep/2023:11:55:59 -0500] "HEAD /BLA/boletinlegal/ HTTP/1.1" 200 -
172.22.2.4 - - [30/Sep/2023:11:56:50 -0500] "GET /BLA/boletinlegal/ HTTP/1.1" 200 54150
172.22.2.4 - - [30/Sep/2023:12:00:25 -0500] "GET /BLA/boletinlegal/showLogin.cc HTTP/1.1" 404 1018
172.22.2.4 - - [30/Sep/2023:12:00:05 -0500] "GET /BLA/boletinlegal/ HTTP/1.1" 200 32715
201.245.192.253 - - [30/Sep/2023:12:01:07 -0500] "POST /kwsrmcab/Wsrmcab  HTTP/1.1" 200 43477
216.245.221.92 - - [30/Sep/2023:12:01:39 -0500] "HEAD / HTTP/1.1" 200 -
172.22.2.4 - - [30/Sep/2023:12:01:50 -0500] "GET /BLA/boletinlegal/robots.txt HTTP/1.1" 404 1038
23.22.35.162 - - [30/Sep/2023:12:01:50 -0500] "GET /robots.txt HTTP/1.1" 404 1034
23.22.35.162 - - [30/Sep/2023:12:01:52 -0500] "GET /robots.txt HTTP/1.1" 404 1035
216.244.66.195 - - [30/Sep/2023:12:03:19 -0500] "GET /BLA/resoluciones/AUTOS%202023/1017.pdf HTTP/1.1" 200 394384
172.22.2.4 - - [30/Sep/2023:12:02:06 -0500] "GET /BLA/boletinlegal/ HTTP/1.1" 200 40907
172.22.2.4 - - [30/Sep/2023:12:01:49 -0500] "HEAD /BLA/boletinlegal/ HTTP/1.1" 200 -
216.244.66.195 - - [30/Sep/2023:12:04:03 -0500] "GET /BLA/resoluciones/AUTOS%202023/1253.pdf HTTP/1.1" 200 1171732
69.63.189.7 - - [30/Sep/2023:12:04:16 -0500] "GET /distrito-avanza-con-la-plantacion-de-arboles-186-nuevos-individuos-fueron-sembrados-en-el-humedal-capellania.html HTTP/1.1" 206 990
172.22.2.4 - - [30/Sep/2023:12:02:40 -0500] "GET /BLA/boletinlegal/ HTTP/1.1" 200 48660
69.63.189.116 - - [30/Sep/2023:12:04:22 -0500] "GET /distrito-avanza-con-la-plantacion-de-arboles-186-nuevos-individuos-fueron-sembrados-en-el-humedal-capellania.html HTTP/1.1" 200 990
66.249.66.21 - - [30/Sep/2023:12:02:53 -0500] "GET /BLA/boletinlegal/index.php? HTTP/1.1" 200 50790
69.63.189.116 - - [30/Sep/2023:12:04:35 -0500] "GET /images/Plantacion%20sep%2002.jpeg HTTP/1.1" 200 63295
69.63.189.120 - - [30/Sep/2023:12:04:38 -0500] "GET /distrito-avanza-con-la-plantacion-de-arboles-186-nuevos-individuos-fueron-sembrados-en-el-humedal-capellania.html HTTP/1.1" 200 990
173.252.79.3 - - [30/Sep/2023:12:04:39 -0500] "GET /distrito-avanza-con-la-plantacion-de-arboles-186-nuevos-individuos-fueron-sembrados-en-el-humedal-capellania.html HTTP/1.1" 200 990
69.171.249.1 - - [30/Sep/2023:12:04:39 -0500] "GET /distrito-avanza-con-la-plantacion-de-arboles-186-nuevos-individuos-fueron-sembrados-en-el-humedal-capellania.html HTTP/1.1" 200 990
216.244.66.195 - - [30/Sep/2023:12:04:53 -0500] "GET /BLA/resoluciones/AUTOS%202023/1379.pdf HTTP/1.1" 200 387959
40.77.167.247 - - [30/Sep/2023:12:05:26 -0500] "GET /Publicaciones/2023EE225259.pdf HTTP/1.1" 200 1369310
216.244.66.195 - - [30/Sep/2023:12:05:39 -0500] "GET /BLA/resoluciones/AUTOS%202023/1383.pdf HTTP/1.1" 200 413308
173.252.111.10 - - [30/Sep/2023:12:05:56 -0500] "GET /distrito-avanza-con-la-plantacion-de-arboles-186-nuevos-individuos-fueron-sembrados-en-el-humedal-capellania.html HTTP/1.1" 200 990
201.245.192.253 - - [30/Sep/2023:12:06:06 -0500] "POST /kwsrmcab/Wsrmcab  HTTP/1.1" 200 43477
216.244.66.195 - - [30/Sep/2023:12:06:25 -0500] "GET /BLA/resoluciones/AUTOS%202023/1409.pdf HTTP/1.1" 200 401571
216.245.221.92 - - [30/Sep/2023:12:06:39 -0500] "HEAD / HTTP/1.1" 200 -
216.244.66.195 - - [30/Sep/2023:12:07:14 -0500] "GET /BLA/resoluciones/AUTOS%202023/1551.pdf HTTP/1.1" 200 422004
40.77.167.247 - - [30/Sep/2023:12:07:16 -0500] "GET /Publicaciones/2023EE225246.pdf HTTP/1.1" 200 2441648
172.22.2.4 - - [30/Sep/2023:12:07:41 -0500] "GET /BLA/boletinlegal/actos.php HTTP/1.1" 200 9682
216.244.66.195 - - [30/Sep/2023:12:08:04 -0500] "GET /BLA/resoluciones/AUTOS%202023/1710.pdf HTTP/1.1" 200 395992
216.244.66.195 - - [30/Sep/2023:12:08:54 -0500] "GET /BLA/resoluciones/AUTOS%202023/1825.pdf HTTP/1.1" 200 432529
172.22.2.4 - - [30/Sep/2023:12:07:39 -0500] "HEAD /BLA/boletinlegal/ HTTP/1.1" 200 -
216.244.66.195 - - [30/Sep/2023:12:09:32 -0500] "GET /BLA/resoluciones/AUTOS%202023/2073.pdf HTTP/1.1" 200 394110
172.22.2.4 - - [30/Sep/2023:12:08:30 -0500] "GET /BLA/boletinlegal/ HTTP/1.1" 200 60342
216.244.66.195 - - [30/Sep/2023:12:10:21 -0500] "GET /BLA/resoluciones/AUTOS%202023/2700.pdf HTTP/1.1" 200 3671997
52.167.144.222 - - [30/Sep/2023:12:10:31 -0500] "GET / HTTP/1.1" 200 4720
201.245.192.253 - - [30/Sep/2023:12:11:05 -0500] "POST /kwsrmcab/Wsrmcab  HTTP/1.1" 200 43477
216.244.66.195 - - [30/Sep/2023:12:11:11 -0500] "GET /BLA/resoluciones/AUTOS%202023/2842.pdf HTTP/1.1" 200 396946
216.245.221.92 - - [30/Sep/2023:12:11:39 -0500] "HEAD / HTTP/1.1" 200 -
216.244.66.195 - - [30/Sep/2023:12:11:57 -0500] "GET /BLA/resoluciones/AUTOS%202023/3081.pdf HTTP/1.1" 200 1292014
216.244.66.195 - - [30/Sep/2023:12:12:47 -0500] "GET /BLA/resoluciones/AUTOS%202023/3493.pdf HTTP/1.1" 200 504262
216.244.66.195 - - [30/Sep/2023:12:13:21 -0500] "GET /BLA/resoluciones/AUTOS%202023/4344.pdf HTTP/1.1" 200 413797
216.244.66.195 - - [30/Sep/2023:12:14:02 -0500] "GET /BLA/resoluciones/RESOLUCIONES%202000/0509.pdf HTTP/1.1" 200 201498
52.167.144.23 - - [30/Sep/2023:12:14:26 -0500] "GET /BLA/resoluciones/RESOLUCIONES%202023/1361.pdf HTTP/1.1" 200 377910
216.244.66.195 - - [30/Sep/2023:12:14:36 -0500] "GET /BLA/resoluciones/RESOLUCIONES%202007/0481.pdf HTTP/1.1" 200 488155
66.249.79.129 - - [30/Sep/2023:12:14:43 -0500] "GET /balance-ambiental-dia-sin-carro-y-sin-moto-mediodia.html HTTP/1.1" 200 710
172.22.2.4 - - [30/Sep/2023:12:14:57 -0500] "GET /BLA/boletinlegal/normativa.php HTTP/1.1" 200 8343
172.22.2.4 - - [30/Sep/2023:12:15:03 -0500] "GET /BLA/boletinlegal/conceptos.php HTTP/1.1" 200 7496
172.22.2.4 - - [30/Sep/2023:12:13:29 -0500] "HEAD /BLA/boletinlegal/ HTTP/1.1" 200 -
216.244.66.195 - - [30/Sep/2023:12:15:24 -0500] "GET /BLA/resoluciones/RESOLUCIONES%202020/0136.pdf HTTP/1.1" 200 280607
172.22.2.4 - - [30/Sep/2023:12:15:43 -0500] "GET /BLA/boletinlegal/doctrina.php HTTP/1.1" 200 5614
172.22.2.4 - - [30/Sep/2023:12:14:45 -0500] "GET /BLA/boletinlegal/index.php HTTP/1.1" 200 24523
35.245.252.50 - - [30/Sep/2023:12:15:53 -0500] "GET /inscribete-y-participa-en-el-foro-sobre-la-gestion-de-los-bifenilos-policlorados-en-transformadores-electricos.html HTTP/1.1" 200 931
35.245.252.50 - - [30/Sep/2023:12:15:53 -0500] "GET /inscribete-y-participa-en-el-foro-sobre-la-gestion-de-los-bifenilos-policlorados-en-transformadores-electricos.html HTTP/1.1" 200 931
172.22.2.4 - - [30/Sep/2023:12:14:20 -0500] "GET /BLA/boletinlegal/ HTTP/1.1" 200 49296
216.244.66.195 - - [30/Sep/2023:12:16:03 -0500] "GET /BLA/resoluciones/RESOLUCIONES%202020/1696.pdf HTTP/1.1" 200 332158
201.245.192.253 - - [30/Sep/2023:12:16:04 -0500] "POST /kwsrmcab/Wsrmcab  HTTP/1.1" 200 43477
172.22.2.4 - - [30/Sep/2023:12:16:09 -0500] "GET /BLA/boletinlegal/norma_menu.php HTTP/1.1" 200 6328
216.245.221.92 - - [30/Sep/2023:12:16:39 -0500] "HEAD / HTTP/1.1" 200 -
216.244.66.195 - - [30/Sep/2023:12:16:44 -0500] "GET /BLA/resoluciones/RESOLUCIONES%202020/2357.pdf HTTP/1.1" 200 396872
172.22.2.4 - - [30/Sep/2023:12:17:05 -0500] "GET /BLA/boletinlegal/sugerencias.php HTTP/1.1" 200 8615
216.244.66.195 - - [30/Sep/2023:12:17:21 -0500] "GET /BLA/resoluciones/RESOLUCIONES%202020/2591.pdf HTTP/1.1" 200 408347
172.22.2.4 - - [30/Sep/2023:12:17:28 -0500] "GET /BLA/boletinlegal/jurisprudencia.php HTTP/1.1" 200 17583
216.244.66.195 - - [30/Sep/2023:12:18:01 -0500] "GET /BLA/resoluciones/RESOLUCIONES%202020/2612.pdf HTTP/1.1" 200 353141
201.245.192.253 - - [30/Sep/2023:12:18:03 -0500] "POST /kwsrmcab/Wsrmcab HTTP/1.1" 200 42417
201.245.192.253 - - [30/Sep/2023:12:18:06 -0500] "POST /kwsrmcab/Wsrmcab HTTP/1.1" 200 38122
216.244.66.195 - - [30/Sep/2023:12:18:37 -0500] "GET /BLA/resoluciones/RESOLUCIONES%202020/2646.pdf HTTP/1.1" 200 361788
216.244.66.195 - - [30/Sep/2023:12:19:08 -0500] "GET /BLA/resoluciones/RESOLUCIONES%202020/3028.pdf HTTP/1.1" 200 336885
216.244.66.195 - - [30/Sep/2023:12:19:37 -0500] "GET /BLA/resoluciones/RESOLUCIONES%202021/0221.pdf HTTP/1.1" 200 433777
216.244.66.195 - - [30/Sep/2023:12:20:13 -0500] "GET /BLA/resoluciones/RESOLUCIONES%202021/0536.pdf HTTP/1.1" 200 2382482
172.22.2.4 - - [30/Sep/2023:12:20:36 -0500] "GET /BLA/boletinlegal/documentos-importantes.php HTTP/1.1" 200 4829
61.135.159.181 - - [30/Sep/2023:12:20:39 -0500] "GET / HTTP/1.1" 200 319
216.244.66.195 - - [30/Sep/2023:12:20:50 -0500] "GET /BLA/resoluciones/RESOLUCIONES%202021/0550.pdf HTTP/1.1" 200 471350
172.22.2.4 - - [30/Sep/2023:12:19:19 -0500] "HEAD /BLA/boletinlegal/ HTTP/1.1" 200 -
201.245.192.253 - - [30/Sep/2023:12:21:03 -0500] "POST /kwsrmcab/Wsrmcab  HTTP/1.1" 200 43477
216.244.66.195 - - [30/Sep/2023:12:21:21 -0500] "GET /BLA/resoluciones/RESOLUCIONES%202021/0771.pdf HTTP/1.1" 200 526872
216.245.221.92 - - [30/Sep/2023:12:21:39 -0500] "HEAD / HTTP/1.1" 200 -
172.22.2.4 - - [30/Sep/2023:12:20:10 -0500] "GET /BLA/boletinlegal/ HTTP/1.1" 200 52656
216.244.66.195 - - [30/Sep/2023:12:21:54 -0500] "GET /BLA/resoluciones/RESOLUCIONES%202021/0956.pdf HTTP/1.1" 200 494340
216.244.66.195 - - [30/Sep/2023:12:22:23 -0500] "GET /BLA/resoluciones/RESOLUCIONES%202021/0970.pdf HTTP/1.1" 200 698628
216.244.66.195 - - [30/Sep/2023:12:22:52 -0500] "GET /BLA/resoluciones/RESOLUCIONES%202021/1203.pdf HTTP/1.1" 200 428158
52.167.144.181 - - [30/Sep/2023:12:23:05 -0500] "GET /bla/resoluciones/resoluciones%202012/0425.pdf HTTP/1.1" 200 326587
216.244.66.195 - - [30/Sep/2023:12:23:18 -0500] "GET /BLA/resoluciones/RESOLUCIONES%202021/1442.pdf HTTP/1.1" 200 1986511
52.167.144.237 - - [30/Sep/2023:12:23:37 -0500] "GET /BLA/resoluciones/RESOLUCIONES%202021/2654.pdf HTTP/1.1" 200 360347
216.244.66.195 - - [30/Sep/2023:12:23:58 -0500] "GET /BLA/resoluciones/RESOLUCIONES%202021/1588.pdf HTTP/1.1" 200 442125
216.244.66.195 - - [30/Sep/2023:12:24:31 -0500] "GET /BLA/resoluciones/RESOLUCIONES%202021/2088.pdf HTTP/1.1" 200 450734
173.252.83.117 - - [30/Sep/2023:12:25:39 -0500] "GET /distrito-avanza-con-la-plantacion-de-arboles-186-nuevos-individuos-fueron-sembrados-en-el-humedal-capellania.html HTTP/1.1" 200 990
201.245.192.253 - - [30/Sep/2023:12:26:02 -0500] "POST /kwsrmcab/Wsrmcab  HTTP/1.1" 200 43477
66.249.66.20 - - [30/Sep/2023:12:26:11 -0500] "GET /BLA/resoluciones/RESOLUCIONES%202009/4311.pdf HTTP/1.1" 200 518741
216.245.221.92 - - [30/Sep/2023:12:26:39 -0500] "HEAD / HTTP/1.1" 200 -
207.46.13.154 - - [30/Sep/2023:12:26:37 -0500] "GET /Publicaciones/2023EE222899.pdf HTTP/1.1" 200 1909519
172.22.2.4 - - [30/Sep/2023:12:25:09 -0500] "HEAD /BLA/boletinlegal/ HTTP/1.1" 200 -
52.167.144.140 - - [30/Sep/2023:12:27:17 -0500] "GET /Publicaciones/2023EE225794.pdf HTTP/1.1" 200 356646
172.22.2.4 - - [30/Sep/2023:12:26:00 -0500] "GET /BLA/boletinlegal/ HTTP/1.1" 200 58187
201.245.192.253 - - [30/Sep/2023:12:28:04 -0500] "POST /kwsrmcab/Wsrmcab HTTP/1.1" 200 42417
201.245.192.253 - - [30/Sep/2023:12:28:07 -0500] "POST /kwsrmcab/Wsrmcab HTTP/1.1" 200 40973
66.220.149.1 - - [30/Sep/2023:12:28:21 -0500] "GET /distrito-avanza-con-la-plantacion-de-arboles-186-nuevos-individuos-fueron-sembrados-en-el-humedal-capellania.html HTTP/1.1" 206 990
66.220.149.116 - - [30/Sep/2023:12:28:21 -0500] "GET /distrito-avanza-con-la-plantacion-de-arboles-186-nuevos-individuos-fueron-sembrados-en-el-humedal-capellania.html HTTP/1.1" 206 990
66.220.149.120 - - [30/Sep/2023:12:28:22 -0500] "GET /distrito-avanza-con-la-plantacion-de-arboles-186-nuevos-individuos-fueron-sembrados-en-el-humedal-capellania.html HTTP/1.1" 200 990
52.167.144.137 - - [30/Sep/2023:12:28:36 -0500] "GET /BLA/resoluciones/RESOLUCIONES%202012/1796.pdf HTTP/1.1" 200 986927
201.245.192.253 - - [30/Sep/2023:12:31:00 -0500] "POST /kwsrmcab/Wsrmcab  HTTP/1.1" 200 43477
216.244.66.195 - - [30/Sep/2023:12:31:06 -0500] "GET /robots.txt HTTP/1.1" 404 1018
216.245.221.92 - - [30/Sep/2023:12:31:39 -0500] "HEAD / HTTP/1.1" 200 -
172.22.2.4 - - [30/Sep/2023:12:30:59 -0500] "HEAD /BLA/boletinlegal/ HTTP/1.1" 200 -
172.22.2.4 - - [30/Sep/2023:12:31:50 -0500] "GET /BLA/boletinlegal/ HTTP/1.1" 200 56257
52.70.240.171 - - [30/Sep/2023:12:34:28 -0500] "GET /portaldeninos/ HTTP/1.1" 200 110175
3.224.220.101 - - [30/Sep/2023:12:34:35 -0500] "GET /portaldeninos/biodiversidad HTTP/1.1" 301 -
52.70.240.171 - - [30/Sep/2023:12:34:36 -0500] "GET /portaldeninos/residuos HTTP/1.1" 301 -
23.22.35.162 - - [30/Sep/2023:12:34:39 -0500] "GET /portaldeninos/que-es-cambio-climatico HTTP/1.1" 301 -
3.224.220.101 - - [30/Sep/2023:12:35:24 -0500] "GET /portaldeninos/agua-y-estructura-ecologica-principal HTTP/1.1" 301 -
52.70.240.171 - - [30/Sep/2023:12:35:27 -0500] "GET /proximo-4-de-octubre-simulacro-distrital-de-evacuacion-dia-y-noche.html HTTP/1.1" 200 783
172.22.2.4 - - [30/Sep/2023:12:34:01 -0500] "GET /BLA/boletinlegal/ HTTP/1.1" 200 62286
201.245.192.253 - - [30/Sep/2023:12:35:59 -0500] "POST /kwsrmcab/Wsrmcab  HTTP/1.1" 200 43477
172.22.2.4 - - [30/Sep/2023:12:36:06 -0500] "GET /BLA/boletinlegal/jurisprudencia/analisis/null HTTP/1.1" 404 1038
3.224.220.101 - - [30/Sep/2023:12:36:26 -0500] "GET /portaldeninos/gestion-del-riesgo-incendios-forestales HTTP/1.1" 301 -
216.245.221.92 - - [30/Sep/2023:12:36:39 -0500] "HEAD / HTTP/1.1" 200 -
54.208.68.85 - - [30/Sep/2023:12:37:05 -0500] "GET /proximo-4-de-octubre-simulacro-distrital-de-evacuacion-dia-y-noche.html HTTP/1.1" 200 783
54.208.68.85 - - [30/Sep/2023:12:37:42 -0500] "GET /portaldeninos/ HTTP/1.1" 200 110175
172.22.2.4 - - [30/Sep/2023:12:37:46 -0500] "GET /BLA/boletinlegal/actos.php HTTP/1.1" 200 9682
52.167.144.223 - - [30/Sep/2023:12:37:58 -0500] "GET /Publicaciones/2023EE226622.pdf HTTP/1.1" 200 232203
52.167.144.204 - - [30/Sep/2023:12:38:02 -0500] "GET /BLA/resoluciones/AUTOS%202022/1840.pdf HTTP/1.1" 304 -
201.245.192.253 - - [30/Sep/2023:12:38:04 -0500] "POST /kwsrmcab/Wsrmcab HTTP/1.1" 200 42417
201.245.192.253 - - [30/Sep/2023:12:38:07 -0500] "POST /kwsrmcab/Wsrmcab HTTP/1.1" 200 40973
172.22.2.4 - - [30/Sep/2023:12:36:49 -0500] "HEAD /BLA/boletinlegal/ HTTP/1.1" 200 -
172.22.2.4 - - [30/Sep/2023:12:37:40 -0500] "GET /BLA/boletinlegal/ HTTP/1.1" 200 60692
201.245.192.253 - - [30/Sep/2023:12:40:58 -0500] "POST /kwsrmcab/Wsrmcab  HTTP/1.1" 200 43477
52.167.144.223 - - [30/Sep/2023:12:41:38 -0500] "GET /Publicaciones/2023EE224034.pdf HTTP/1.1" 200 350310
