201.245.192.253 - - [30/Sep/2023:12:52:02 -0500] "POST /sipse/faces/presentacion/proyectos/proyecto/proyectoAdministrador/editarAdministrador.xhtml HTTP/1.1" 200 2222
201.245.192.253 - - [30/Sep/2023:12:52:09 -0500] "POST /sipse/faces/presentacion/proyectos/proyecto/proyectoAdministrador/editarAdministrador.xhtml HTTP/1.1" 200 87905
201.245.192.253 - - [30/Sep/2023:12:52:10 -0500] "GET /sipse/faces/javax.faces.resource/jquery/jquery.js?ln=primefaces&v=4.0 HTTP/1.1" 304 -
201.245.192.253 - - [30/Sep/2023:12:52:10 -0500] "GET /sipse/faces/javax.faces.resource/jquery/jquery-plugins.js?ln=primefaces&v=4.0 HTTP/1.1" 304 -
201.245.192.253 - - [30/Sep/2023:12:52:10 -0500] "GET /sipse/faces/javax.faces.resource/primefaces.js?ln=primefaces&v=4.0 HTTP/1.1" 304 -
201.245.192.253 - - [30/Sep/2023:12:52:10 -0500] "GET /sipse/faces/javax.faces.resource/layout/layout.js?ln=primefaces&v=4.0 HTTP/1.1" 304 -
201.245.192.253 - - [30/Sep/2023:12:52:10 -0500] "POST /sipse/faces/presentacion/proyectos/proyecto/proyecto.xhtml HTTP/1.1" 200 3257
216.244.66.195 - - [30/Sep/2023:12:52:38 -0500] "GET /BLA/resoluciones/AUTOS%202022/1900.pdf HTTP/1.1" 200 467641
193.35.18.31 - - [30/Sep/2023:12:53:00 -0500] "POST /boaform/admin/formLogin HTTP/1.1" 404 1186
216.244.66.195 - - [30/Sep/2023:12:53:27 -0500] "GET /BLA/resoluciones/AUTOS%202022/2828.pdf HTTP/1.1" 200 404956
216.244.66.195 - - [30/Sep/2023:12:54:15 -0500] "GET /BLA/resoluciones/AUTOS%202022/2837.pdf HTTP/1.1" 200 1292682
216.244.66.195 - - [30/Sep/2023:12:55:05 -0500] "GET /BLA/resoluciones/AUTOS%202022/2918.pdf HTTP/1.1" 200 402860
216.244.66.195 - - [30/Sep/2023:12:55:50 -0500] "GET /BLA/resoluciones/AUTOS%202022/2984.pdf HTTP/1.1" 200 1519693
201.245.192.253 - - [30/Sep/2023:12:55:55 -0500] "POST /kwsrmcab/Wsrmcab  HTTP/1.1" 200 43477
172.22.2.4 - - [30/Sep/2023:12:54:20 -0500] "HEAD /BLA/boletinlegal/ HTTP/1.1" 200 -
216.245.221.92 - - [30/Sep/2023:12:56:39 -0500] "HEAD / HTTP/1.1" 200 -
216.244.66.195 - - [30/Sep/2023:12:56:40 -0500] "GET /BLA/resoluciones/AUTOS%202022/3382.pdf HTTP/1.1" 200 814475
172.22.2.4 - - [30/Sep/2023:12:55:10 -0500] "GET /BLA/boletinlegal/ HTTP/1.1" 200 60342
52.167.144.236 - - [30/Sep/2023:12:57:08 -0500] "GET /BLA/resoluciones/RESOLUCIONES%202023/1587.pdf HTTP/1.1" 200 490060
216.244.66.195 - - [30/Sep/2023:12:57:30 -0500] "GET /BLA/resoluciones/AUTOS%202022/4420.pdf HTTP/1.1" 200 2027797
216.244.66.195 - - [30/Sep/2023:12:58:20 -0500] "GET /BLA/resoluciones/AUTOS%202022/5266.pdf HTTP/1.1" 200 397374
216.244.66.195 - - [30/Sep/2023:12:59:07 -0500] "GET /BLA/resoluciones/AUTOS%202022/5456.pdf HTTP/1.1" 200 389237
216.244.66.195 - - [30/Sep/2023:12:59:52 -0500] "GET /BLA/resoluciones/AUTOS%202023/0185.pdf HTTP/1.1" 200 392388
216.244.66.195 - - [30/Sep/2023:13:00:33 -0500] "GET /BLA/resoluciones/AUTOS%202023/0525.pdf HTTP/1.1" 200 380082
201.245.192.253 - - [30/Sep/2023:13:00:54 -0500] "POST /kwsrmcab/Wsrmcab  HTTP/1.1" 200 43477
216.244.66.195 - - [30/Sep/2023:13:01:07 -0500] "GET /BLA/resoluciones/AUTOS%202023/1208.pdf HTTP/1.1" 200 435177
216.245.221.92 - - [30/Sep/2023:13:01:39 -0500] "HEAD / HTTP/1.1" 200 -
172.22.2.4 - - [30/Sep/2023:13:00:09 -0500] "HEAD /BLA/boletinlegal/ HTTP/1.1" 200 -
216.244.66.195 - - [30/Sep/2023:13:01:54 -0500] "GET /BLA/resoluciones/AUTOS%202023/1508.pdf HTTP/1.1" 200 319916
201.245.192.253 - - [30/Sep/2023:13:01:56 -0500] "POST /sipse/faces/presentacion/proyectos/proyecto/proyecto.xhtml HTTP/1.1" 200 91170
201.245.192.253 - - [30/Sep/2023:13:01:56 -0500] "GET /sipse/faces/javax.faces.resource/jquery/jquery.js?ln=primefaces&v=4.0 HTTP/1.1" 304 -
201.245.192.253 - - [30/Sep/2023:13:01:56 -0500] "GET /sipse/faces/javax.faces.resource/jquery/jquery-plugins.js?ln=primefaces&v=4.0 HTTP/1.1" 304 -
201.245.192.253 - - [30/Sep/2023:13:01:56 -0500] "GET /sipse/faces/javax.faces.resource/primefaces.js?ln=primefaces&v=4.0 HTTP/1.1" 304 -
201.245.192.253 - - [30/Sep/2023:13:01:57 -0500] "GET /sipse/faces/javax.faces.resource/layout/layout.js?ln=primefaces&v=4.0 HTTP/1.1" 304 -
201.245.192.253 - - [30/Sep/2023:13:02:01 -0500] "POST /sipse/faces/presentacion/proyectos/proyecto/listarProyecto.xhtml HTTP/1.1" 200 58396
201.245.192.253 - - [30/Sep/2023:13:02:01 -0500] "POST /sipse/faces/presentacion/proyectos/proyecto/listarProyecto.xhtml HTTP/1.1" 200 35611
201.245.192.253 - - [30/Sep/2023:13:02:03 -0500] "POST /sipse/faces/presentacion/proyectos/proyecto/listarProyecto.xhtml HTTP/1.1" 200 58396
201.245.192.253 - - [30/Sep/2023:13:02:03 -0500] "POST /sipse/faces/presentacion/proyectos/proyecto/listarProyecto.xhtml HTTP/1.1" 200 58408
201.245.192.253 - - [30/Sep/2023:13:02:04 -0500] "POST /sipse/faces/presentacion/proyectos/proyecto/listarProyecto.xhtml HTTP/1.1" 200 58396
201.245.192.253 - - [30/Sep/2023:13:02:05 -0500] "POST /sipse/faces/presentacion/proyectos/proyecto/listarProyecto.xhtml HTTP/1.1" 200 30192
201.245.192.253 - - [30/Sep/2023:13:02:07 -0500] "POST /sipse/faces/presentacion/proyectos/proyecto/listarProyecto.xhtml HTTP/1.1" 200 4903
201.245.192.253 - - [30/Sep/2023:13:02:08 -0500] "POST /sipse/faces/presentacion/proyectos/proyecto/listarProyecto.xhtml HTTP/1.1" 200 4915
201.245.192.253 - - [30/Sep/2023:13:02:08 -0500] "POST /sipse/faces/presentacion/proyectos/proyecto/listarProyecto.xhtml HTTP/1.1" 200 163
201.245.192.253 - - [30/Sep/2023:13:02:09 -0500] "GET /sipse/faces/presentacion/proyectos/proyecto/proyecto.xhtml HTTP/1.1" 200 96380
201.245.192.253 - - [30/Sep/2023:13:02:11 -0500] "GET /sipse/faces/javax.faces.resource/theme.css?ln=primefaces-sipse HTTP/1.1" 304 -
201.245.192.253 - - [30/Sep/2023:13:02:11 -0500] "GET /sipse/faces/javax.faces.resource/jquery/jquery.js?ln=primefaces&v=4.0 HTTP/1.1" 304 -
201.245.192.253 - - [30/Sep/2023:13:02:11 -0500] "GET /sipse/faces/javax.faces.resource/layout/layout.css?ln=primefaces&v=4.0 HTTP/1.1" 304 -
201.245.192.253 - - [30/Sep/2023:13:02:11 -0500] "GET /sipse/faces/javax.faces.resource/primefaces.css?ln=primefaces&v=4.0 HTTP/1.1" 304 -
201.245.192.253 - - [30/Sep/2023:13:02:11 -0500] "GET /sipse/faces/javax.faces.resource/jquery/jquery-plugins.js?ln=primefaces&v=4.0 HTTP/1.1" 304 -
201.245.192.253 - - [30/Sep/2023:13:02:11 -0500] "GET /sipse/faces/javax.faces.resource/layout/layout.js?ln=primefaces&v=4.0 HTTP/1.1" 304 -
201.245.192.253 - - [30/Sep/2023:13:02:11 -0500] "GET /sipse/faces/javax.faces.resource/primefaces.js?ln=primefaces&v=4.0 HTTP/1.1" 304 -
201.245.192.253 - - [30/Sep/2023:13:02:11 -0500] "GET /sipse/faces/javax.faces.resource/images/ui-icons_898989_256x240.png?ln=primefaces-aristo HTTP/1.1" 304 -
201.245.192.253 - - [30/Sep/2023:13:02:11 -0500] "GET /sipse/faces/javax.faces.resource/images/ui-bg_flat_0_2d5972_40x100.png?ln=primefaces-aristo HTTP/1.1" 304 -
201.245.192.253 - - [30/Sep/2023:13:02:11 -0500] "POST /sipse/faces/presentacion/proyectos/proyecto/proyecto.xhtml HTTP/1.1" 200 3257
201.245.192.253 - - [30/Sep/2023:13:02:17 -0500] "POST /sipse/faces/presentacion/proyectos/proyecto/proyecto.xhtml HTTP/1.1" 200 33585
201.245.192.253 - - [30/Sep/2023:13:02:17 -0500] "GET /sipse/faces/javax.faces.resource/jquery/jquery.js?ln=primefaces&v=4.0 HTTP/1.1" 304 -
201.245.192.253 - - [30/Sep/2023:13:02:17 -0500] "GET /sipse/faces/javax.faces.resource/jquery/jquery-plugins.js?ln=primefaces&v=4.0 HTTP/1.1" 304 -
201.245.192.253 - - [30/Sep/2023:13:02:17 -0500] "GET /sipse/faces/javax.faces.resource/primefaces.js?ln=primefaces&v=4.0 HTTP/1.1" 304 -
201.245.192.253 - - [30/Sep/2023:13:02:18 -0500] "GET /sipse/faces/javax.faces.resource/layout/layout.js?ln=primefaces&v=4.0 HTTP/1.1" 304 -
201.245.192.253 - - [30/Sep/2023:13:02:20 -0500] "GET /sipse/faces/javax.faces.resource/primefaces.css?ln=primefaces&v=4.0 HTTP/1.1" 304 -
201.245.192.253 - - [30/Sep/2023:13:02:20 -0500] "GET /sipse/faces/javax.faces.resource/theme.css?ln=primefaces-sipse HTTP/1.1" 304 -
201.245.192.253 - - [30/Sep/2023:13:02:20 -0500] "GET /sipse/faces/javax.faces.resource/jquery/jquery-plugins.js?ln=primefaces&v=4.0 HTTP/1.1" 304 -
201.245.192.253 - - [30/Sep/2023:13:02:20 -0500] "GET /sipse/faces/javax.faces.resource/jquery/jquery.js?ln=primefaces&v=4.0 HTTP/1.1" 304 -
201.245.192.253 - - [30/Sep/2023:13:02:20 -0500] "GET /sipse/faces/javax.faces.resource/layout/layout.css?ln=primefaces&v=4.0 HTTP/1.1" 304 -
201.245.192.253 - - [30/Sep/2023:13:02:20 -0500] "GET /sipse/faces/javax.faces.resource/layout/layout.js?ln=primefaces&v=4.0 HTTP/1.1" 304 -
201.245.192.253 - - [30/Sep/2023:13:02:20 -0500] "GET /sipse/faces/javax.faces.resource/primefaces.js?ln=primefaces&v=4.0 HTTP/1.1" 304 -
201.245.192.253 - - [30/Sep/2023:13:02:19 -0500] "POST /sipse/faces/presentacion/proyectos/proyecto/proyectoAdministrador/editarAdministrador.xhtml HTTP/1.1" 200 96043
201.245.192.253 - - [30/Sep/2023:13:02:20 -0500] "GET /sipse/faces/javax.faces.resource/images/ui-icons_898989_256x240.png?ln=primefaces-aristo HTTP/1.1" 304 -
201.245.192.253 - - [30/Sep/2023:13:02:20 -0500] "GET /sipse/faces/javax.faces.resource/images/ui-bg_flat_0_2d5972_40x100.png?ln=primefaces-aristo HTTP/1.1" 304 -
201.245.192.253 - - [30/Sep/2023:13:02:20 -0500] "POST /sipse/faces/presentacion/proyectos/proyecto/proyecto.xhtml HTTP/1.1" 200 3257
216.244.66.195 - - [30/Sep/2023:13:02:25 -0500] "GET /BLA/resoluciones/AUTOS%202023/1915.pdf HTTP/1.1" 200 413969
201.245.192.253 - - [30/Sep/2023:13:02:21 -0500] "POST /sipse/faces/presentacion/proyectos/proyecto/proyecto.xhtml HTTP/1.1" 200 36775
201.245.192.253 - - [30/Sep/2023:13:02:33 -0500] "GET /sipse/faces/javax.faces.resource/jquery/jquery.js?ln=primefaces&v=4.0 HTTP/1.1" 304 -
201.245.192.253 - - [30/Sep/2023:13:02:33 -0500] "GET /sipse/faces/javax.faces.resource/jquery/jquery-plugins.js?ln=primefaces&v=4.0 HTTP/1.1" 304 -
201.245.192.253 - - [30/Sep/2023:13:02:33 -0500] "GET /sipse/faces/javax.faces.resource/primefaces.js?ln=primefaces&v=4.0 HTTP/1.1" 304 -
201.245.192.253 - - [30/Sep/2023:13:02:33 -0500] "GET /sipse/faces/javax.faces.resource/layout/layout.js?ln=primefaces&v=4.0 HTTP/1.1" 304 -
172.22.2.4 - - [30/Sep/2023:13:02:35 -0500] "GET /BLA/boletinlegal/Directivas/2018/Directiva%20No.%2027%20del%2028%20de%20diciembre%20de%202018.pdf HTTP/1.1" 200 2831879
172.22.2.4 - - [30/Sep/2023:13:02:35 -0500] "GET /BLA/boletinlegal/Directivas/2018/Directiva%20No.%2027%20del%2028%20de%20diciembre%20de%202018.pdf HTTP/1.1" 206 1466546
172.22.2.4 - - [30/Sep/2023:13:01:00 -0500] "GET /BLA/boletinlegal/ HTTP/1.1" 200 57790
216.244.66.195 - - [30/Sep/2023:13:03:07 -0500] "GET /BLA/resoluciones/AUTOS%202023/2016.pdf HTTP/1.1" 200 842959
201.245.192.253 - - [30/Sep/2023:13:03:47 -0500] "POST /sipsesda/faces/vista/administracion/funcionario/listadoFuncionario.jspx HTTP/1.1" 200 37125
216.244.66.195 - - [30/Sep/2023:13:03:51 -0500] "GET /BLA/resoluciones/AUTOS%202023/2052.pdf HTTP/1.1" 200 579982
201.245.192.253 - - [30/Sep/2023:13:03:54 -0500] "POST /sipsesda/faces/vista/administracion/funcionario/listadoFuncionario.jspx HTTP/1.1" 200 37577
201.245.192.253 - - [30/Sep/2023:13:03:55 -0500] "POST /sipsesda/faces/vista/administracion/funcionario/listadoFuncionario.jspx HTTP/1.1" 200 19900
201.245.192.253 - - [30/Sep/2023:13:04:08 -0500] "POST /sipsesda/faces/vista/administracion/funcionario/registrarFuncionario.jspx?_afPfm=3 HTTP/1.1" 200 14766
201.245.192.253 - - [30/Sep/2023:13:04:11 -0500] "GET /sipsesda/faces/__ADFv__?_afPfm=3.1&_t=fred&_red=cd&value=1696097027191&loc=es-CO&enc=UTF-8&minValue=1136073600000&maxValue=1822305600000 HTTP/1.1" 200 1074
201.245.192.253 - - [30/Sep/2023:13:04:11 -0500] "GET /sipsesda/faces/__ADFv__?_afPfm=3.1&_t=cd&enc=UTF-8&value=1696097027191&loc=es-CO&maxValue=1822305600000&minValue=1136073600000 HTTP/1.1" 200 7394
201.245.192.253 - - [30/Sep/2023:13:04:11 -0500] "GET /sipsesda/adf/styles/cache/segobdis16-desktop-10_1_3_4_0-gecko.css HTTP/1.1" 200 57778
201.245.192.253 - - [30/Sep/2023:13:04:12 -0500] "GET /sipsesda/faces/__ADFv__?_afPfm=3.1&_t=cd&&minValue=1136073600000&maxValue=1822305600000&value=1696097027191&loc=es-CO&scrolledValue=1693440000000 HTTP/1.1" 200 7427
201.245.192.253 - - [30/Sep/2023:13:04:13 -0500] "GET /sipsesda/faces/__ADFv__?_afPfm=3.1&_t=cd&&minValue=1136073600000&maxValue=1822305600000&value=1696097027191&loc=es-CO&scrolledValue=1690761600000 HTTP/1.1" 200 7510
201.245.192.253 - - [30/Sep/2023:13:04:17 -0500] "POST /sipsesda/faces/vista/administracion/dependenciaFuncionario/registrarDependenciaFuncionario.jspx?_afPfm=3.1 HTTP/1.1" 200 19910
201.245.192.253 - - [30/Sep/2023:13:04:19 -0500] "POST /sipsesda/faces/vista/administracion/funcionario/registrarFuncionario.jspx?_afPfm=3 HTTP/1.1" 200 14766
201.245.192.253 - - [30/Sep/2023:13:04:22 -0500] "POST /sipsesda/faces/vista/administracion/dependenciaFuncionario/registrarDependenciaFuncionario.jspx?_afPfm=3.2 HTTP/1.1" 200 19910
201.245.192.253 - - [30/Sep/2023:13:04:28 -0500] "POST /sipsesda/faces/vista/administracion/funcionario/registrarFuncionario.jspx?_afPfm=3 HTTP/1.1" 200 17902
216.244.66.195 - - [30/Sep/2023:13:04:29 -0500] "GET /BLA/resoluciones/AUTOS%202023/2055.pdf HTTP/1.1" 200 402861
201.245.192.253 - - [30/Sep/2023:13:04:38 -0500] "GET /sipsesda/faces/__ADFv__?_afPfm=3.3&_t=fred&_red=cd&value=1696097054415&loc=es-CO&enc=UTF-8&minValue=1671926400000 HTTP/1.1" 200 1051
201.245.192.253 - - [30/Sep/2023:13:04:38 -0500] "GET /sipsesda/faces/__ADFv__?_afPfm=3.3&_t=cd&enc=UTF-8&minValue=1671926400000&loc=es-CO&value=1696097054415 HTTP/1.1" 200 7823
201.245.192.253 - - [30/Sep/2023:13:04:55 -0500] "POST /sipsesda/faces/vista/administracion/cargoFuncionario/registrarCargoFuncionario.jspx?_afPfm=3.3 HTTP/1.1" 200 19920
216.244.66.195 - - [30/Sep/2023:13:05:05 -0500] "GET /BLA/resoluciones/AUTOS%202023/2110.pdf HTTP/1.1" 200 411482
201.245.192.253 - - [30/Sep/2023:13:05:07 -0500] "POST /sipsesda/faces/vista/administracion/funcionario/registrarFuncionario.jspx?_afPfm=3 HTTP/1.1" 200 37634
201.245.192.253 - - [30/Sep/2023:13:05:07 -0500] "GET /sipsesda/faces/imagenes/vinetaAbajo.gif HTTP/1.1" 200 72
201.245.192.253 - - [30/Sep/2023:13:05:07 -0500] "GET /sipsesda/faces/imagenes/vinetaDerecha.gif HTTP/1.1" 200 107
201.245.192.253 - - [30/Sep/2023:13:05:08 -0500] "POST /sipsesda/faces/vista/administracion/funcionario/listadoFuncionario.jspx HTTP/1.1" 200 37125
201.245.192.253 - - [30/Sep/2023:13:05:20 -0500] "POST /sipsesda/faces/vista/administracion/funcionario/listadoFuncionario.jspx HTTP/1.1" 200 37573
201.245.192.253 - - [30/Sep/2023:13:05:21 -0500] "POST /sipsesda/faces/vista/administracion/funcionario/listadoFuncionario.jspx HTTP/1.1" 200 19300
201.245.192.253 - - [30/Sep/2023:13:05:23 -0500] "POST /sipsesda/faces/vista/administracion/funcionario/registrarFuncionario.jspx?_afPfm=4 HTTP/1.1" 200 37622
201.245.192.253 - - [30/Sep/2023:13:05:26 -0500] "POST /sipsesda/faces/vista/administracion/funcionario/listadoFuncionario.jspx HTTP/1.1" 200 19300
216.244.66.195 - - [30/Sep/2023:13:05:39 -0500] "GET /BLA/resoluciones/AUTOS%202023/2149.pdf HTTP/1.1" 200 1061767
157.55.39.10 - - [30/Sep/2023:13:05:45 -0500] "GET /sipse/faces/faces/autenticacion.xhtml HTTP/1.1" 200 12738
201.245.192.253 - - [30/Sep/2023:13:05:47 -0500] "POST /sipsesda/faces/vista/administracion/funcionario/registrarFuncionario.jspx?_afPfm=5 HTTP/1.1" 200 14785
201.245.192.253 - - [30/Sep/2023:13:05:50 -0500] "POST /sipsesda/faces/vista/administracion/dependenciaFuncionario/registrarDependenciaFuncionario.jspx?_afPfm=5.1 HTTP/1.1" 200 19290
201.245.192.253 - - [30/Sep/2023:13:05:53 -0500] "POST /sipsesda/faces/vista/administracion/funcionario/registrarFuncionario.jspx?_afPfm=5 HTTP/1.1" 200 17921
201.245.192.253 - - [30/Sep/2023:13:05:52 -0500] "POST /kwsrmcab/Wsrmcab  HTTP/1.1" 200 43477
201.245.192.253 - - [30/Sep/2023:13:05:57 -0500] "POST /sipsesda/faces/vista/administracion/cargoFuncionario/registrarCargoFuncionario.jspx?_afPfm=5.2 HTTP/1.1" 200 19288
40.77.167.27 - - [30/Sep/2023:13:06:01 -0500] "GET /BLA/resoluciones/RESOLUCIONES%202012/0896.pdf HTTP/1.1" 200 342700
201.245.192.253 - - [30/Sep/2023:13:06:02 -0500] "POST /sipsesda/faces/vista/administracion/funcionario/registrarFuncionario.jspx?_afPfm=5 HTTP/1.1" 200 7603
201.245.192.253 - - [30/Sep/2023:13:06:03 -0500] "POST /sipsesda/faces/vista/administracion/rolFuncionario/registrarRolFuncionario.jspx?_afPfm=5.3 HTTP/1.1" 200 19286
201.245.192.253 - - [30/Sep/2023:13:06:05 -0500] "POST /sipsesda/faces/vista/administracion/funcionario/registrarFuncionario.jspx?_afPfm=5 HTTP/1.1" 200 37622
216.244.66.195 - - [30/Sep/2023:13:06:16 -0500] "GET /BLA/resoluciones/AUTOS%202023/2738.pdf HTTP/1.1" 200 865813
201.245.192.253 - - [30/Sep/2023:13:06:17 -0500] "POST /sipsesda/faces/vista/administracion/funcionario/listadoFuncionario.jspx HTTP/1.1" 200 37125
201.245.192.253 - - [30/Sep/2023:13:06:19 -0500] "POST /sipsesda/faces/vista/administracion/funcionario/listadoFuncionario.jspx HTTP/1.1" 200 37579
201.245.192.253 - - [30/Sep/2023:13:06:20 -0500] "POST /sipsesda/faces/vista/administracion/funcionario/listadoFuncionario.jspx HTTP/1.1" 200 20520
201.245.192.253 - - [30/Sep/2023:13:06:34 -0500] "POST /sipsesda/faces/vista/administracion/funcionario/registrarFuncionario.jspx?_afPfm=6 HTTP/1.1" 200 14766
216.245.221.92 - - [30/Sep/2023:13:06:39 -0500] "HEAD / HTTP/1.1" 200 -
201.245.192.253 - - [30/Sep/2023:13:06:46 -0500] "POST /sipsesda/faces/vista/administracion/dependenciaFuncionario/registrarDependenciaFuncionario.jspx?_afPfm=6.1 HTTP/1.1" 200 20530
216.244.66.195 - - [30/Sep/2023:13:06:48 -0500] "GET /BLA/resoluciones/AUTOS%202023/2808.pdf HTTP/1.1" 200 435163
172.22.2.4 - - [30/Sep/2023:13:06:56 -0500] "GET /BLA/boletinlegal/robots.txt HTTP/1.1" 404 1038
172.22.2.4 - - [30/Sep/2023:13:06:58 -0500] "GET /BLA/boletinlegal/js/jquery.js HTTP/1.1" 200 57254
201.245.192.253 - - [30/Sep/2023:13:06:59 -0500] "POST /sipsesda/faces/vista/administracion/funcionario/registrarFuncionario.jspx?_afPfm=6 HTTP/1.1" 200 17902
201.245.192.253 - - [30/Sep/2023:13:07:13 -0500] "POST /sipsesda/faces/vista/administracion/cargoFuncionario/registrarCargoFuncionario.jspx?_afPfm=6.2 HTTP/1.1" 200 20540
216.244.66.195 - - [30/Sep/2023:13:07:17 -0500] "GET /BLA/resoluciones/AUTOS%202023/2843.pdf HTTP/1.1" 200 412903
40.77.167.33 - - [30/Sep/2023:13:07:23 -0500] "GET /portaldeninos/category/noticias/page/6/ HTTP/1.1" 200 102882
172.22.2.4 - - [30/Sep/2023:13:07:28 -0500] "GET /BLA/boletinlegal/actos.php HTTP/1.1" 200 9682
172.22.2.4 - - [30/Sep/2023:13:07:28 -0500] "GET /BLA/boletinlegal/styles2.css HTTP/1.1" 200 1838
172.22.2.4 - - [30/Sep/2023:13:07:28 -0500] "GET /BLA/boletinlegal/js/ajax_actos.js HTTP/1.1" 200 1322
172.22.2.4 - - [30/Sep/2023:13:07:28 -0500] "GET /BLA/boletinlegal/niceforms-default.css HTTP/1.1" 200 6694
172.22.2.4 - - [30/Sep/2023:13:07:28 -0500] "GET /BLA/boletinlegal/niceforms.js HTTP/1.1" 200 22876
172.22.2.4 - - [30/Sep/2023:13:07:28 -0500] "GET /BLA/boletinlegal/style.css HTTP/1.1" 200 9406
172.22.2.4 - - [30/Sep/2023:13:07:28 -0500] "GET /BLA/boletinlegal/js/lib.js HTTP/1.1" 200 6474
172.22.2.4 - - [30/Sep/2023:13:07:28 -0500] "GET /BLA/boletinlegal/js/popup.js HTTP/1.1" 200 1270
172.22.2.4 - - [30/Sep/2023:13:07:28 -0500] "GET /BLA/boletinlegal/js/jquery1.js HTTP/1.1" 200 29846
172.22.2.4 - - [30/Sep/2023:13:07:28 -0500] "GET /BLA/boletinlegal/images/cabezote%20BLEGAL.jpg HTTP/1.1" 200 118164
172.22.2.4 - - [30/Sep/2023:13:07:28 -0500] "GET /BLA/boletinlegal/images/subscribe-icon-big.png HTTP/1.1" 200 47702
172.22.2.4 - - [30/Sep/2023:13:07:28 -0500] "GET /BLA/boletinlegal/images/historia.png HTTP/1.1" 200 52775
172.22.2.4 - - [30/Sep/2023:13:07:28 -0500] "GET /BLA/boletinlegal/images/icono-email.png HTTP/1.1" 200 5544
172.22.2.4 - - [30/Sep/2023:13:07:28 -0500] "GET /BLA/boletinlegal/images/registro-usuarios.png HTTP/1.1" 200 8106
172.22.2.4 - - [30/Sep/2023:13:07:28 -0500] "GET /BLA/boletinlegal/images/tel.png HTTP/1.1" 200 14477
172.22.2.4 - - [30/Sep/2023:13:07:28 -0500] "GET /BLA/boletinlegal/images/green-yellow-blue-pink-th.png HTTP/1.1" 200 7394
172.22.2.4 - - [30/Sep/2023:13:07:28 -0500] "GET /BLA/boletinlegal/images/body_bg.jpg HTTP/1.1" 200 1601
172.22.2.4 - - [30/Sep/2023:13:07:28 -0500] "GET /BLA/boletinlegal/images/menu_rght.gif HTTP/1.1" 200 1627
172.22.2.4 - - [30/Sep/2023:13:07:28 -0500] "GET /BLA/boletinlegal/images/menu_lft.gif HTTP/1.1" 200 1713
172.22.2.4 - - [30/Sep/2023:13:07:28 -0500] "GET /BLA/boletinlegal/images/bg_top.jpg HTTP/1.1" 200 522
172.22.2.4 - - [30/Sep/2023:13:07:28 -0500] "GET /BLA/boletinlegal/images/menu_bg.jpg HTTP/1.1" 200 620
172.22.2.4 - - [30/Sep/2023:13:07:28 -0500] "GET /BLA/boletinlegal/images/hover.jpg HTTP/1.1" 200 640
172.22.2.4 - - [30/Sep/2023:13:07:28 -0500] "GET /BLA/boletinlegal/images/text.jpg HTTP/1.1" 200 568
172.22.2.4 - - [30/Sep/2023:13:07:28 -0500] "GET /BLA/boletinlegal/images/footer_bg.jpg HTTP/1.1" 200 586
172.22.2.4 - - [30/Sep/2023:13:07:28 -0500] "GET /BLA/boletinlegal/images/footer_bg_l.jpg HTTP/1.1" 200 776
172.22.2.4 - - [30/Sep/2023:13:07:28 -0500] "GET /BLA/boletinlegal/img/0.png HTTP/1.1" 200 110
172.22.2.4 - - [30/Sep/2023:13:07:28 -0500] "GET /BLA/boletinlegal/img/button.png HTTP/1.1" 200 43241
172.22.2.4 - - [30/Sep/2023:13:07:28 -0500] "GET /BLA/boletinlegal/img/select-left.png HTTP/1.1" 200 263
172.22.2.4 - - [30/Sep/2023:13:07:28 -0500] "GET /BLA/boletinlegal/img/button-right.png HTTP/1.1" 200 57878
172.22.2.4 - - [30/Sep/2023:13:07:28 -0500] "GET /BLA/boletinlegal/img/button-left.png HTTP/1.1" 200 57071
172.22.2.4 - - [30/Sep/2023:13:07:28 -0500] "GET /BLA/boletinlegal/img/select-right.png HTTP/1.1" 200 44019
172.22.2.4 - - [30/Sep/2023:13:07:28 -0500] "GET /BLA/boletinlegal/favicon.ico HTTP/1.1" 404 1326
201.245.192.253 - - [30/Sep/2023:13:07:37 -0500] "POST /sipsesda/faces/vista/administracion/funcionario/registrarFuncionario.jspx?_afPfm=6 HTTP/1.1" 200 37638
172.22.2.4 - - [30/Sep/2023:13:05:59 -0500] "HEAD /BLA/boletinlegal/ HTTP/1.1" 200 -
201.245.192.253 - - [30/Sep/2023:13:07:41 -0500] "POST /sipse/faces/presentacion/proyectos/proyecto/listarProyecto.xhtml HTTP/1.1" 200 163
201.245.192.253 - - [30/Sep/2023:13:07:42 -0500] "GET /sipse/faces/presentacion/proyectos/proyecto/proyecto.xhtml HTTP/1.1" 200 96380
201.245.192.253 - - [30/Sep/2023:13:07:43 -0500] "GET /sipse/faces/javax.faces.resource/theme.css?ln=primefaces-sipse HTTP/1.1" 304 -
201.245.192.253 - - [30/Sep/2023:13:07:43 -0500] "GET /sipse/faces/javax.faces.resource/primefaces.css?ln=primefaces&v=4.0 HTTP/1.1" 304 -
201.245.192.253 - - [30/Sep/2023:13:07:43 -0500] "GET /sipse/faces/javax.faces.resource/jquery/jquery.js?ln=primefaces&v=4.0 HTTP/1.1" 304 -
201.245.192.253 - - [30/Sep/2023:13:07:43 -0500] "GET /sipse/faces/javax.faces.resource/layout/layout.css?ln=primefaces&v=4.0 HTTP/1.1" 304 -
201.245.192.253 - - [30/Sep/2023:13:07:43 -0500] "GET /sipse/faces/javax.faces.resource/jquery/jquery-plugins.js?ln=primefaces&v=4.0 HTTP/1.1" 304 -
201.245.192.253 - - [30/Sep/2023:13:07:43 -0500] "GET /sipse/faces/javax.faces.resource/primefaces.js?ln=primefaces&v=4.0 HTTP/1.1" 304 -
201.245.192.253 - - [30/Sep/2023:13:07:43 -0500] "GET /sipse/faces/javax.faces.resource/layout/layout.js?ln=primefaces&v=4.0 HTTP/1.1" 304 -
201.245.192.253 - - [30/Sep/2023:13:07:43 -0500] "GET /sipse/faces/javax.faces.resource/images/ui-icons_898989_256x240.png?ln=primefaces-aristo HTTP/1.1" 304 -
201.245.192.253 - - [30/Sep/2023:13:07:43 -0500] "GET /sipse/faces/javax.faces.resource/images/ui-bg_flat_0_2d5972_40x100.png?ln=primefaces-aristo HTTP/1.1" 304 -
201.245.192.253 - - [30/Sep/2023:13:07:43 -0500] "POST /sipse/faces/presentacion/proyectos/proyecto/proyecto.xhtml HTTP/1.1" 200 3257
216.244.66.195 - - [30/Sep/2023:13:07:46 -0500] "GET /BLA/resoluciones/AUTOS%202023/3057.pdf HTTP/1.1" 200 1409562
201.245.192.253 - - [30/Sep/2023:13:07:58 -0500] "POST /sipse/faces/presentacion/proyectos/proyecto/proyecto.xhtml HTTP/1.1" 200 33585
201.245.192.253 - - [30/Sep/2023:13:07:59 -0500] "GET /sipse/faces/javax.faces.resource/jquery/jquery.js?ln=primefaces&v=4.0 HTTP/1.1" 304 -
201.245.192.253 - - [30/Sep/2023:13:07:59 -0500] "GET /sipse/faces/javax.faces.resource/jquery/jquery-plugins.js?ln=primefaces&v=4.0 HTTP/1.1" 304 -
201.245.192.253 - - [30/Sep/2023:13:07:59 -0500] "GET /sipse/faces/javax.faces.resource/primefaces.js?ln=primefaces&v=4.0 HTTP/1.1" 304 -
201.245.192.253 - - [30/Sep/2023:13:07:59 -0500] "GET /sipse/faces/javax.faces.resource/layout/layout.js?ln=primefaces&v=4.0 HTTP/1.1" 304 -
201.245.192.253 - - [30/Sep/2023:13:08:04 -0500] "POST /sipse/faces/presentacion/proyectos/proyecto/proyectoAdministrador/editarAdministrador.xhtml HTTP/1.1" 200 14459
201.245.192.253 - - [30/Sep/2023:13:08:06 -0500] "POST /sipse/faces/presentacion/proyectos/proyecto/proyectoAdministrador/editarAdministrador.xhtml HTTP/1.1" 200 2210
201.245.192.253 - - [30/Sep/2023:13:08:07 -0500] "POST /sipse/faces/presentacion/proyectos/proyecto/proyectoAdministrador/editarAdministrador.xhtml HTTP/1.1" 200 2218
216.244.66.195 - - [30/Sep/2023:13:08:23 -0500] "GET /BLA/resoluciones/AUTOS%202023/3527.pdf HTTP/1.1" 200 406920
201.245.192.253 - - [30/Sep/2023:13:08:28 -0500] "POST /sipse/faces/presentacion/proyectos/proyecto/proyectoAdministrador/editarAdministrador.xhtml HTTP/1.1" 200 87580
201.245.192.253 - - [30/Sep/2023:13:08:29 -0500] "GET /sipse/faces/javax.faces.resource/jquery/jquery.js?ln=primefaces&v=4.0 HTTP/1.1" 304 -
201.245.192.253 - - [30/Sep/2023:13:08:29 -0500] "GET /sipse/faces/javax.faces.resource/jquery/jquery-plugins.js?ln=primefaces&v=4.0 HTTP/1.1" 304 -
201.245.192.253 - - [30/Sep/2023:13:08:29 -0500] "GET /sipse/faces/javax.faces.resource/primefaces.js?ln=primefaces&v=4.0 HTTP/1.1" 304 -
201.245.192.253 - - [30/Sep/2023:13:08:29 -0500] "GET /sipse/faces/javax.faces.resource/layout/layout.js?ln=primefaces&v=4.0 HTTP/1.1" 304 -
201.245.192.253 - - [30/Sep/2023:13:08:29 -0500] "GET /sipse/faces/javax.faces.resource/messages/messages.png?ln=primefaces&v=4.0 HTTP/1.1" 200 27209
201.245.192.253 - - [30/Sep/2023:13:08:29 -0500] "POST /sipse/faces/presentacion/proyectos/proyecto/proyecto.xhtml HTTP/1.1" 200 3257
172.22.2.4 - - [30/Sep/2023:13:06:50 -0500] "GET /BLA/boletinlegal/ HTTP/1.1" 200 60342
201.245.192.253 - - [30/Sep/2023:13:08:33 -0500] "POST /sipse/faces/presentacion/proyectos/proyecto/proyecto.xhtml HTTP/1.1" 200 33172
201.245.192.253 - - [30/Sep/2023:13:08:34 -0500] "GET /sipse/faces/javax.faces.resource/jquery/jquery.js?ln=primefaces&v=4.0 HTTP/1.1" 304 -
201.245.192.253 - - [30/Sep/2023:13:08:34 -0500] "GET /sipse/faces/javax.faces.resource/jquery/jquery-plugins.js?ln=primefaces&v=4.0 HTTP/1.1" 304 -
201.245.192.253 - - [30/Sep/2023:13:08:34 -0500] "GET /sipse/faces/javax.faces.resource/primefaces.js?ln=primefaces&v=4.0 HTTP/1.1" 304 -
201.245.192.253 - - [30/Sep/2023:13:08:34 -0500] "GET /sipse/faces/javax.faces.resource/layout/layout.js?ln=primefaces&v=4.0 HTTP/1.1" 304 -
201.245.192.253 - - [30/Sep/2023:13:08:37 -0500] "GET /sipse/faces/javax.faces.resource/theme.css?ln=primefaces-sipse HTTP/1.1" 304 -
201.245.192.253 - - [30/Sep/2023:13:08:37 -0500] "GET /sipse/faces/javax.faces.resource/layout/layout.css?ln=primefaces&v=4.0 HTTP/1.1" 304 -
201.245.192.253 - - [30/Sep/2023:13:08:37 -0500] "GET /sipse/faces/javax.faces.resource/primefaces.css?ln=primefaces&v=4.0 HTTP/1.1" 304 -
201.245.192.253 - - [30/Sep/2023:13:08:37 -0500] "GET /sipse/faces/javax.faces.resource/jquery/jquery.js?ln=primefaces&v=4.0 HTTP/1.1" 304 -
201.245.192.253 - - [30/Sep/2023:13:08:37 -0500] "GET /sipse/faces/javax.faces.resource/jquery/jquery-plugins.js?ln=primefaces&v=4.0 HTTP/1.1" 304 -
201.245.192.253 - - [30/Sep/2023:13:08:37 -0500] "GET /sipse/faces/javax.faces.resource/primefaces.js?ln=primefaces&v=4.0 HTTP/1.1" 304 -
201.245.192.253 - - [30/Sep/2023:13:08:37 -0500] "GET /sipse/faces/javax.faces.resource/layout/layout.js?ln=primefaces&v=4.0 HTTP/1.1" 304 -
201.245.192.253 - - [30/Sep/2023:13:08:35 -0500] "POST /sipse/faces/presentacion/proyectos/proyecto/proyectoAdministrador/editarAdministrador.xhtml HTTP/1.1" 200 96043
201.245.192.253 - - [30/Sep/2023:13:08:37 -0500] "GET /sipse/faces/javax.faces.resource/images/ui-icons_898989_256x240.png?ln=primefaces-aristo HTTP/1.1" 304 -
201.245.192.253 - - [30/Sep/2023:13:08:37 -0500] "GET /sipse/faces/javax.faces.resource/images/ui-bg_flat_0_2d5972_40x100.png?ln=primefaces-aristo HTTP/1.1" 304 -
201.245.192.253 - - [30/Sep/2023:13:08:37 -0500] "POST /sipse/faces/presentacion/proyectos/proyecto/proyecto.xhtml HTTP/1.1" 200 3257
201.245.192.253 - - [30/Sep/2023:13:08:39 -0500] "POST /sipse/faces/presentacion/proyectos/proyecto/proyecto.xhtml HTTP/1.1" 200 33180
201.245.192.253 - - [30/Sep/2023:13:08:40 -0500] "GET /sipse/faces/javax.faces.resource/jquery/jquery.js?ln=primefaces&v=4.0 HTTP/1.1" 304 -
201.245.192.253 - - [30/Sep/2023:13:08:40 -0500] "GET /sipse/faces/javax.faces.resource/jquery/jquery-plugins.js?ln=primefaces&v=4.0 HTTP/1.1" 304 -
201.245.192.253 - - [30/Sep/2023:13:08:40 -0500] "GET /sipse/faces/javax.faces.resource/primefaces.js?ln=primefaces&v=4.0 HTTP/1.1" 304 -
201.245.192.253 - - [30/Sep/2023:13:08:40 -0500] "GET /sipse/faces/javax.faces.resource/layout/layout.js?ln=primefaces&v=4.0 HTTP/1.1" 304 -
201.245.192.253 - - [30/Sep/2023:13:08:43 -0500] "GET /sipse/faces/javax.faces.resource/theme.css?ln=primefaces-sipse HTTP/1.1" 304 -
201.245.192.253 - - [30/Sep/2023:13:08:43 -0500] "GET /sipse/faces/javax.faces.resource/primefaces.css?ln=primefaces&v=4.0 HTTP/1.1" 304 -
201.245.192.253 - - [30/Sep/2023:13:08:43 -0500] "GET /sipse/faces/javax.faces.resource/layout/layout.css?ln=primefaces&v=4.0 HTTP/1.1" 304 -
201.245.192.253 - - [30/Sep/2023:13:08:43 -0500] "GET /sipse/faces/javax.faces.resource/jquery/jquery.js?ln=primefaces&v=4.0 HTTP/1.1" 304 -
201.245.192.253 - - [30/Sep/2023:13:08:43 -0500] "GET /sipse/faces/javax.faces.resource/jquery/jquery-plugins.js?ln=primefaces&v=4.0 HTTP/1.1" 304 -
201.245.192.253 - - [30/Sep/2023:13:08:43 -0500] "GET /sipse/faces/javax.faces.resource/primefaces.js?ln=primefaces&v=4.0 HTTP/1.1" 304 -
201.245.192.253 - - [30/Sep/2023:13:08:43 -0500] "GET /sipse/faces/javax.faces.resource/layout/layout.js?ln=primefaces&v=4.0 HTTP/1.1" 304 -
201.245.192.253 - - [30/Sep/2023:13:08:42 -0500] "POST /sipse/faces/presentacion/proyectos/proyecto/proyectoAdministrador/editarAdministrador.xhtml HTTP/1.1" 200 96043
201.245.192.253 - - [30/Sep/2023:13:08:43 -0500] "GET /sipse/faces/javax.faces.resource/images/ui-icons_898989_256x240.png?ln=primefaces-aristo HTTP/1.1" 304 -
201.245.192.253 - - [30/Sep/2023:13:08:43 -0500] "GET /sipse/faces/javax.faces.resource/images/ui-bg_flat_0_2d5972_40x100.png?ln=primefaces-aristo HTTP/1.1" 304 -
201.245.192.253 - - [30/Sep/2023:13:08:43 -0500] "POST /sipse/faces/presentacion/proyectos/proyecto/proyecto.xhtml HTTP/1.1" 200 3257
201.245.192.253 - - [30/Sep/2023:13:08:46 -0500] "POST /sipse/faces/presentacion/proyectos/proyecto/proyecto.xhtml HTTP/1.1" 200 33588
201.245.192.253 - - [30/Sep/2023:13:08:47 -0500] "GET /sipse/faces/javax.faces.resource/jquery/jquery.js?ln=primefaces&v=4.0 HTTP/1.1" 304 -
201.245.192.253 - - [30/Sep/2023:13:08:47 -0500] "GET /sipse/faces/javax.faces.resource/jquery/jquery-plugins.js?ln=primefaces&v=4.0 HTTP/1.1" 304 -
201.245.192.253 - - [30/Sep/2023:13:08:47 -0500] "GET /sipse/faces/javax.faces.resource/primefaces.js?ln=primefaces&v=4.0 HTTP/1.1" 304 -
201.245.192.253 - - [30/Sep/2023:13:08:47 -0500] "GET /sipse/faces/javax.faces.resource/layout/layout.js?ln=primefaces&v=4.0 HTTP/1.1" 304 -
201.245.192.253 - - [30/Sep/2023:13:08:51 -0500] "POST /sipse/faces/presentacion/proyectos/proyecto/proyectoAdministrador/editarAdministrador.xhtml HTTP/1.1" 200 14460
216.244.66.195 - - [30/Sep/2023:13:08:56 -0500] "GET /BLA/resoluciones/AUTOS%202023/4079.pdf HTTP/1.1" 200 678004
201.245.192.253 - - [30/Sep/2023:13:09:01 -0500] "POST /sipse/faces/presentacion/proyectos/proyecto/proyectoAdministrador/editarAdministrador.xhtml HTTP/1.1" 200 2214
69.63.184.116 - - [30/Sep/2023:13:09:13 -0500] "GET /caminos-de-los-cerros-habilitados-en-esta-semana-santa-2022.html HTTP/1.1" 200 832
216.244.66.195 - - [30/Sep/2023:13:09:30 -0500] "GET /BLA/resoluciones/RESOLUCIONES%202006/0893.tif HTTP/1.1" 200 140710
201.245.192.253 - - [30/Sep/2023:13:09:40 -0500] "POST /sipse/faces/presentacion/proyectos/proyecto/proyectoAdministrador/editarAdministrador.xhtml HTTP/1.1" 200 87722
201.245.192.253 - - [30/Sep/2023:13:09:41 -0500] "GET /sipse/faces/javax.faces.resource/jquery/jquery.js?ln=primefaces&v=4.0 HTTP/1.1" 304 -
201.245.192.253 - - [30/Sep/2023:13:09:41 -0500] "GET /sipse/faces/javax.faces.resource/jquery/jquery-plugins.js?ln=primefaces&v=4.0 HTTP/1.1" 304 -
201.245.192.253 - - [30/Sep/2023:13:09:41 -0500] "GET /sipse/faces/javax.faces.resource/primefaces.js?ln=primefaces&v=4.0 HTTP/1.1" 304 -
201.245.192.253 - - [30/Sep/2023:13:09:41 -0500] "GET /sipse/faces/javax.faces.resource/layout/layout.js?ln=primefaces&v=4.0 HTTP/1.1" 304 -
201.245.192.253 - - [30/Sep/2023:13:09:41 -0500] "GET /sipse/faces/javax.faces.resource/messages/messages.png?ln=primefaces&v=4.0 HTTP/1.1" 200 27209
201.245.192.253 - - [30/Sep/2023:13:09:41 -0500] "POST /sipse/faces/presentacion/proyectos/proyecto/proyecto.xhtml HTTP/1.1" 200 3257
173.252.95.119 - - [30/Sep/2023:13:09:56 -0500] "GET /calidad-del-aire-que-es-el-plan-de-intervencion-de-la-zona-suroccidental-pizso.html HTTP/1.1" 200 1044
173.252.95.119 - - [30/Sep/2023:13:09:56 -0500] "GET /calidad-del-aire-que-es-el-plan-de-intervencion-de-la-zona-suroccidental-pizso.html HTTP/1.1" 200 1044
173.252.79.7 - - [30/Sep/2023:13:09:56 -0500] "GET /images/calidad-del-aire-suroccidental_optimized.jpeg HTTP/1.1" 200 175446
216.244.66.195 - - [30/Sep/2023:13:09:58 -0500] "GET /BLA/resoluciones/RESOLUCIONES%202006/1807.pdf HTTP/1.1" 200 82494
201.245.192.253 - - [30/Sep/2023:13:09:59 -0500] "POST /sipse/faces/presentacion/proyectos/proyecto/proyecto.xhtml HTTP/1.1" 200 91170
201.245.192.253 - - [30/Sep/2023:13:10:00 -0500] "GET /sipse/faces/javax.faces.resource/jquery/jquery.js?ln=primefaces&v=4.0 HTTP/1.1" 304 -
201.245.192.253 - - [30/Sep/2023:13:10:00 -0500] "GET /sipse/faces/javax.faces.resource/jquery/jquery-plugins.js?ln=primefaces&v=4.0 HTTP/1.1" 304 -
201.245.192.253 - - [30/Sep/2023:13:10:00 -0500] "GET /sipse/faces/javax.faces.resource/primefaces.js?ln=primefaces&v=4.0 HTTP/1.1" 304 -
201.245.192.253 - - [30/Sep/2023:13:10:00 -0500] "GET /sipse/faces/javax.faces.resource/layout/layout.js?ln=primefaces&v=4.0 HTTP/1.1" 304 -
69.63.184.117 - - [30/Sep/2023:13:10:13 -0500] "GET /presentamos-las-nuevas-herramientas-de-la-secretaria-de-ambiente-para-analizar-y-monitorear-los-rios-de-bogota.html HTTP/1.1" 200 905
216.244.66.195 - - [30/Sep/2023:13:10:25 -0500] "GET /BLA/resoluciones/RESOLUCIONES%202006/2200.pdf HTTP/1.1" 200 35086
216.244.66.195 - - [30/Sep/2023:13:10:50 -0500] "GET /BLA/resoluciones/RESOLUCIONES%202007/0639.pdf HTTP/1.1" 200 258892
201.245.192.253 - - [30/Sep/2023:13:10:50 -0500] "POST /kwsrmcab/Wsrmcab  HTTP/1.1" 200 43477
54.144.163.204 - - [30/Sep/2023:13:10:55 -0500] "HEAD /galeria/galeria/fotos/Humedal-Vaca2G.jpg HTTP/1.1" 200 -
216.244.66.195 - - [30/Sep/2023:13:11:16 -0500] "GET /BLA/resoluciones/RESOLUCIONES%202020/0255.pdf HTTP/1.1" 200 359402
216.245.221.92 - - [30/Sep/2023:13:11:39 -0500] "HEAD / HTTP/1.1" 200 -
216.244.66.195 - - [30/Sep/2023:13:11:40 -0500] "GET /BLA/resoluciones/RESOLUCIONES%202020/0440.pdf HTTP/1.1" 200 375246
216.244.66.195 - - [30/Sep/2023:13:12:05 -0500] "GET /BLA/resoluciones/RESOLUCIONES%202020/0465.pdf HTTP/1.1" 200 314652
216.244.66.195 - - [30/Sep/2023:13:12:28 -0500] "GET /BLA/resoluciones/RESOLUCIONES%202020/0475.pdf HTTP/1.1" 200 313052
216.244.66.195 - - [30/Sep/2023:13:12:49 -0500] "GET /BLA/resoluciones/RESOLUCIONES%202020/0561.pdf HTTP/1.1" 200 236596
216.244.66.195 - - [30/Sep/2023:13:13:09 -0500] "GET /BLA/resoluciones/RESOLUCIONES%202020/0567.pdf HTTP/1.1" 200 838214
172.22.2.4 - - [30/Sep/2023:13:11:49 -0500] "HEAD /BLA/boletinlegal/ HTTP/1.1" 200 -
216.244.66.195 - - [30/Sep/2023:13:13:29 -0500] "GET /BLA/resoluciones/RESOLUCIONES%202020/0630.pdf HTTP/1.1" 200 322099
216.244.66.195 - - [30/Sep/2023:13:13:48 -0500] "GET /BLA/resoluciones/RESOLUCIONES%202020/0935.pdf HTTP/1.1" 200 366689
172.22.2.4 - - [30/Sep/2023:13:12:40 -0500] "GET /BLA/boletinlegal/ HTTP/1.1" 200 58187
201.245.192.253 - - [30/Sep/2023:13:15:49 -0500] "POST /kwsrmcab/Wsrmcab  HTTP/1.1" 200 43477
52.167.144.195 - - [30/Sep/2023:13:16:19 -0500] "GET /BLA/resoluciones/RESOLUCIONES%202012/1415.pdf HTTP/1.1" 200 449629
216.245.221.92 - - [30/Sep/2023:13:16:39 -0500] "HEAD / HTTP/1.1" 200 -
157.55.39.61 - - [30/Sep/2023:13:17:13 -0500] "GET /mas-de-1300-tinguas-fueron-recuperadas-en-epoca-migratoria-en-bogota.html HTTP/1.1" 200 724
52.167.144.195 - - [30/Sep/2023:13:17:28 -0500] "GET /Publicaciones/2023EE206174.pdf HTTP/1.1" 404 228
216.244.66.195 - - [30/Sep/2023:13:17:49 -0500] "GET /robots.txt HTTP/1.1" 404 1018
173.252.87.2 - - [30/Sep/2023:13:17:51 -0500] "GET /distrito-declara-alerta-preventiva-en-el-suroccidente-de-la-ciudad-por-mala-calidad-del-aire.html HTTP/1.1" 200 1065
172.22.2.4 - - [30/Sep/2023:13:17:55 -0500] "GET /BLA/boletinlegal/js/jquery.js HTTP/1.1" 200 57254
172.22.2.4 - - [30/Sep/2023:13:17:55 -0500] "GET /BLA/boletinlegal/images/cabezote%20BLEGAL.jpg HTTP/1.1" 200 118164
172.22.2.4 - - [30/Sep/2023:13:17:55 -0500] "GET /BLA/boletinlegal/images/subscribe-icon-big.png HTTP/1.1" 200 47702
172.22.2.4 - - [30/Sep/2023:13:17:55 -0500] "GET /BLA/boletinlegal/images/screen_1.png HTTP/1.1" 200 202547
172.22.2.4 - - [30/Sep/2023:13:17:55 -0500] "GET /BLA/boletinlegal/images/historia.png HTTP/1.1" 200 52775
172.22.2.4 - - [30/Sep/2023:13:17:55 -0500] "GET /BLA/boletinlegal/images/launch.jpg HTTP/1.1" 200 14577
172.22.2.4 - - [30/Sep/2023:13:17:57 -0500] "GET /BLA/boletinlegal/actos.php HTTP/1.1" 200 9682
172.22.2.4 - - [30/Sep/2023:13:17:57 -0500] "GET /BLA/boletinlegal/js/jquery1.js HTTP/1.1" 200 29846
172.22.2.4 - - [30/Sep/2023:13:17:57 -0500] "GET /BLA/boletinlegal/images/tel.png HTTP/1.1" 200 14477
172.22.2.4 - - [30/Sep/2023:13:17:57 -0500] "GET /BLA/boletinlegal/img/button-left.png HTTP/1.1" 200 57071
172.22.2.4 - - [30/Sep/2023:13:17:57 -0500] "GET /BLA/boletinlegal/img/select-right.png HTTP/1.1" 200 44019
172.22.2.4 - - [30/Sep/2023:13:17:57 -0500] "GET /BLA/boletinlegal/img/button-right.png HTTP/1.1" 200 57878
172.22.2.4 - - [30/Sep/2023:13:17:57 -0500] "GET /BLA/boletinlegal/img/button.png HTTP/1.1" 200 43241
172.22.2.4 - - [30/Sep/2023:13:17:57 -0500] "GET /BLA/boletinlegal/favicon.ico HTTP/1.1" 404 1326
186.84.20.209 - - [30/Sep/2023:13:17:59 -0500] "GET /BLA/resoluciones/ HTTP/1.1" 200 13696
201.245.192.253 - - [30/Sep/2023:13:18:04 -0500] "POST /kwsrmcab/Wsrmcab HTTP/1.1" 200 40791
201.245.192.253 - - [30/Sep/2023:13:18:07 -0500] "POST /kwsrmcab/Wsrmcab HTTP/1.1" 200 40973
186.84.20.209 - - [30/Sep/2023:13:18:14 -0500] "GET /BLA/resoluciones/index.php?dir=AUTOS+2018%2F HTTP/1.1" 200 464159
186.84.20.209 - - [30/Sep/2023:13:18:15 -0500] "GET /BLA/resoluciones/dlf/archive.png HTTP/1.1" 200 632
172.22.2.4 - - [30/Sep/2023:13:17:54 -0500] "GET /BLA/boletinlegal/ HTTP/1.1" 200 24523
172.22.2.4 - - [30/Sep/2023:13:17:39 -0500] "HEAD /BLA/boletinlegal/ HTTP/1.1" 200 -
172.22.2.4 - - [30/Sep/2023:13:18:30 -0500] "GET /BLA/boletinlegal/ HTTP/1.1" 200 60342
201.245.192.253 - - [30/Sep/2023:13:20:48 -0500] "POST /kwsrmcab/Wsrmcab  HTTP/1.1" 200 43477
216.245.221.92 - - [30/Sep/2023:13:21:39 -0500] "HEAD / HTTP/1.1" 200 -
190.8.212.37 - - [30/Sep/2023:13:22:33 -0500] "GET /distrito-avanza-con-la-plantacion-de-arboles-186-nuevos-individuos-fueron-sembrados-en-el-humedal-capellania.html?fbclid=IwAR1Hqah5dJCs8noSJFGeyJOV4aUWfzr7IxaYCgFV1crGcaxYYL_pSYgiyDE HTTP/1.1" 200 990
181.59.2.126 - - [30/Sep/2023:13:23:32 -0500] "GET /semana-bogota-reverdece-135-nuevos-arboles-para-el-humedal-la-conejera.html?fbclid=IwAR3zcyKMfM2S3Lxgm_LMmudSsgbQ-YjdYrI00eWzi2yp-I6kWDM2ylThLHI HTTP/1.1" 200 814
172.22.2.4 - - [30/Sep/2023:13:23:29 -0500] "HEAD /BLA/boletinlegal/ HTTP/1.1" 200 -
201.245.192.253 - - [30/Sep/2023:13:25:47 -0500] "POST /kwsrmcab/Wsrmcab  HTTP/1.1" 200 43477
172.22.2.4 - - [30/Sep/2023:13:24:20 -0500] "GET /BLA/boletinlegal/ HTTP/1.1" 200 57790
172.22.2.4 - - [30/Sep/2023:13:26:29 -0500] "GET /BLA/boletinlegal/robots.txt HTTP/1.1" 404 1038
172.22.2.4 - - [30/Sep/2023:13:26:30 -0500] "GET /BLA/boletinlegal/Directivas/2011/Directiva%20No.%205%20del%2029%20de%20Agosto%20de%202011.pdf HTTP/1.1" 200 444404
216.245.221.92 - - [30/Sep/2023:13:26:39 -0500] "HEAD / HTTP/1.1" 200 -
201.245.192.253 - - [30/Sep/2023:13:28:04 -0500] "POST /kwsrmcab/Wsrmcab HTTP/1.1" 200 40791
201.245.192.253 - - [30/Sep/2023:13:28:07 -0500] "POST /kwsrmcab/Wsrmcab HTTP/1.1" 200 40973
71.6.134.233 - - [30/Sep/2023:13:29:09 -0500] "GET / HTTP/1.1" 200 319
201.245.192.253 - - [30/Sep/2023:13:30:45 -0500] "POST /kwsrmcab/Wsrmcab  HTTP/1.1" 200 43477
172.22.2.4 - - [30/Sep/2023:13:29:19 -0500] "HEAD /BLA/boletinlegal/ HTTP/1.1" 200 -
216.245.221.92 - - [30/Sep/2023:13:31:39 -0500] "HEAD / HTTP/1.1" 200 -
172.22.2.4 - - [30/Sep/2023:13:30:10 -0500] "GET /BLA/boletinlegal/ HTTP/1.1" 200 57790
201.245.192.253 - - [30/Sep/2023:13:31:58 -0500] "POST /sipse/faces/presentacion/proyectos/proyecto/listarProyecto.xhtml HTTP/1.1" 200 4651
201.245.192.253 - - [30/Sep/2023:13:31:59 -0500] "POST /sipse/faces/presentacion/proyectos/proyecto/listarProyecto.xhtml HTTP/1.1" 200 52292
201.245.192.253 - - [30/Sep/2023:13:32:00 -0500] "GET /sipse/faces/javax.faces.resource/jquery/jquery.js?ln=primefaces&v=4.0 HTTP/1.1" 304 -
201.245.192.253 - - [30/Sep/2023:13:32:00 -0500] "GET /sipse/faces/javax.faces.resource/jquery/jquery-plugins.js?ln=primefaces&v=4.0 HTTP/1.1" 304 -
201.245.192.253 - - [30/Sep/2023:13:32:00 -0500] "GET /sipse/faces/javax.faces.resource/primefaces.js?ln=primefaces&v=4.0 HTTP/1.1" 304 -
201.245.192.253 - - [30/Sep/2023:13:32:00 -0500] "GET /sipse/faces/javax.faces.resource/layout/layout.js?ln=primefaces&v=4.0 HTTP/1.1" 304 -
201.245.192.253 - - [30/Sep/2023:13:32:00 -0500] "POST /sipse/faces/presentacion/financiero/solicitudProceso/consultar.xhtml HTTP/1.1" 200 45651
201.245.192.253 - - [30/Sep/2023:13:32:00 -0500] "POST /sipse/faces/presentacion/financiero/solicitudProceso/consultar.xhtml HTTP/1.1" 200 45651
201.245.192.253 - - [30/Sep/2023:13:32:00 -0500] "POST /sipse/faces/presentacion/financiero/solicitudProceso/consultar.xhtml HTTP/1.1" 200 45651
201.245.192.253 - - [30/Sep/2023:13:32:03 -0500] "POST /sipse/faces/presentacion/financiero/solicitudProceso/consultar.xhtml HTTP/1.1" 200 12836
201.245.192.253 - - [30/Sep/2023:13:32:09 -0500] "POST /sipse/faces/presentacion/financiero/solicitudProceso/consultar.xhtml HTTP/1.1" 200 189264
201.245.192.253 - - [30/Sep/2023:13:32:10 -0500] "GET /sipse/faces/javax.faces.resource/jquery/jquery.js?ln=primefaces&v=4.0 HTTP/1.1" 304 -
201.245.192.253 - - [30/Sep/2023:13:32:10 -0500] "GET /sipse/faces/javax.faces.resource/jquery/jquery-plugins.js?ln=primefaces&v=4.0 HTTP/1.1" 304 -
201.245.192.253 - - [30/Sep/2023:13:32:10 -0500] "GET /sipse/faces/javax.faces.resource/primefaces.js?ln=primefaces&v=4.0 HTTP/1.1" 304 -
201.245.192.253 - - [30/Sep/2023:13:32:10 -0500] "GET /sipse/faces/javax.faces.resource/layout/layout.js?ln=primefaces&v=4.0 HTTP/1.1" 304 -
186.29.180.136 - - [30/Sep/2023:13:32:16 -0500] "GET /BLA/resoluciones/ HTTP/1.1" 200 13696
186.29.180.136 - - [30/Sep/2023:13:32:16 -0500] "GET /BLA/resoluciones/dlf/styles.css HTTP/1.1" 200 3049
186.29.180.136 - - [30/Sep/2023:13:32:16 -0500] "GET /BLA/resoluciones/dlf/folder.png HTTP/1.1" 200 410
186.29.180.136 - - [30/Sep/2023:13:32:16 -0500] "GET /BLA/resoluciones/dlf/bg.gif HTTP/1.1" 200 54
186.29.180.136 - - [30/Sep/2023:13:32:16 -0500] "GET /favicon.ico HTTP/1.1" 200 7782
52.167.144.236 - - [30/Sep/2023:13:32:24 -0500] "GET /Publicaciones/2023EE224333.pdf HTTP/1.1" 200 434777
66.249.66.20 - - [30/Sep/2023:13:32:52 -0500] "GET /BLA/resoluciones/Notificaciones/RESOLUCIONES%202022/5017.pdf HTTP/1.1" 200 606421
66.249.66.20 - - [30/Sep/2023:13:32:53 -0500] "GET /BLA/resoluciones/Notificaciones/RESOLUCIONES%202023/0268.pdf HTTP/1.1" 200 9178466
66.249.66.20 - - [30/Sep/2023:13:32:57 -0500] "GET /BLA/resoluciones/Notificaciones/AUTOS%202022/5688.pdf HTTP/1.1" 200 339099
66.249.66.20 - - [30/Sep/2023:13:32:57 -0500] "GET /BLA/resoluciones/Notificaciones/AUTOS%202022/5632.pdf HTTP/1.1" 200 334207
158.69.27.238 - - [30/Sep/2023:13:33:10 -0500] "GET /distrito-avanza-con-la-plantacion-de-arboles-186-nuevos-individuos-fueron-sembrados-en-el-humedal-capellania.html HTTP/1.1" 200 990
191.104.122.66 - - [30/Sep/2023:13:33:20 -0500] "GET /sipse/faces/index.xhtml HTTP/1.1" 200 677
191.104.122.66 - - [30/Sep/2023:13:33:20 -0500] "GET /sipse/faces/javax.faces.resource/theme.css?ln=primefaces-sipse HTTP/1.1" 304 -
191.104.122.66 - - [30/Sep/2023:13:33:20 -0500] "GET /sipse/faces/faces/autenticacion.xhtml HTTP/1.1" 200 12416
191.104.122.66 - - [30/Sep/2023:13:33:20 -0500] "GET /sipse/css/custom_css_sg.css HTTP/1.1" 200 9694
191.104.122.66 - - [30/Sep/2023:13:33:20 -0500] "GET /sipse/css/custom_css_sg_prime_login.css HTTP/1.1" 200 443
191.104.122.66 - - [30/Sep/2023:13:33:20 -0500] "GET /sipse/faces/javax.faces.resource/theme.css?ln=primefaces-sipse HTTP/1.1" 304 -
191.104.122.66 - - [30/Sep/2023:13:33:20 -0500] "GET /sipse/js/funciones.js HTTP/1.1" 200 12592
191.104.122.66 - - [30/Sep/2023:13:33:20 -0500] "GET /sipse/js/disable_browser_buttons.js HTTP/1.1" 200 3230
191.104.122.66 - - [30/Sep/2023:13:33:20 -0500] "GET /sipse/faces/javax.faces.resource/layout/layout.css?ln=primefaces&v=4.0 HTTP/1.1" 304 -
191.104.122.66 - - [30/Sep/2023:13:33:20 -0500] "GET /sipse/faces/javax.faces.resource/primefaces.css?ln=primefaces&v=4.0 HTTP/1.1" 304 -
191.104.122.66 - - [30/Sep/2023:13:33:20 -0500] "GET /sipse/faces/javax.faces.resource/jquery/jquery.js?ln=primefaces&v=4.0 HTTP/1.1" 304 -
191.104.122.66 - - [30/Sep/2023:13:33:20 -0500] "GET /sipse/faces/javax.faces.resource/primefaces.js?ln=primefaces&v=4.0 HTTP/1.1" 304 -
191.104.122.66 - - [30/Sep/2023:13:33:20 -0500] "GET /sipse/faces/javax.faces.resource/jquery/jquery-plugins.js?ln=primefaces&v=4.0 HTTP/1.1" 304 -
191.104.122.66 - - [30/Sep/2023:13:33:20 -0500] "GET /sipse/faces/javax.faces.resource/layout/layout.js?ln=primefaces&v=4.0 HTTP/1.1" 304 -
191.104.122.66 - - [30/Sep/2023:13:33:21 -0500] "GET /sipse/faces/javax.faces.resource/images/ui-icons_898989_256x240.png?ln=primefaces-aristo HTTP/1.1" 200 5355
191.104.122.66 - - [30/Sep/2023:13:33:21 -0500] "GET /sipse/css/imagen/loginimg.png HTTP/1.1" 200 71635
191.104.122.66 - - [30/Sep/2023:13:33:21 -0500] "GET /sipse/css/imagen/logoSDG.png HTTP/1.1" 200 53064
191.104.122.66 - - [30/Sep/2023:13:33:24 -0500] "POST /sipse/faces/autenticacion.xhtml HTTP/1.1" 200 2217
191.104.122.66 - - [30/Sep/2023:13:33:25 -0500] "GET /sipse/faces/javax.faces.resource/messages/messages.png?ln=primefaces&v=4.0 HTTP/1.1" 200 27209
191.104.122.66 - - [30/Sep/2023:13:33:26 -0500] "POST /sipse/faces/autenticacion.xhtml HTTP/1.1" 200 16402
191.104.122.66 - - [30/Sep/2023:13:33:27 -0500] "GET /sipse/css/custom_css_sg_prime.css HTTP/1.1" 200 5201
191.104.122.66 - - [30/Sep/2023:13:33:27 -0500] "GET /sipse/faces/javax.faces.resource/primefaces.css?ln=primefaces&v=4.0 HTTP/1.1" 304 -
191.104.122.66 - - [30/Sep/2023:13:33:27 -0500] "GET /sipse/faces/javax.faces.resource/theme.css?ln=primefaces-sipse HTTP/1.1" 304 -
191.104.122.66 - - [30/Sep/2023:13:33:27 -0500] "GET /sipse/faces/javax.faces.resource/layout/layout.css?ln=primefaces&v=4.0 HTTP/1.1" 304 -
191.104.122.66 - - [30/Sep/2023:13:33:27 -0500] "GET /sipse/js/jquery.min.js HTTP/1.1" 200 85582
191.104.122.66 - - [30/Sep/2023:13:33:27 -0500] "GET /sipse/faces/javax.faces.resource/jquery/jquery.js?ln=primefaces&v=4.0 HTTP/1.1" 304 -
191.104.122.66 - - [30/Sep/2023:13:33:27 -0500] "GET /sipse/faces/javax.faces.resource/jquery/jquery-plugins.js?ln=primefaces&v=4.0 HTTP/1.1" 304 -
191.104.122.66 - - [30/Sep/2023:13:33:27 -0500] "GET /sipse/faces/javax.faces.resource/primefaces.js?ln=primefaces&v=4.0 HTTP/1.1" 304 -
191.104.122.66 - - [30/Sep/2023:13:33:27 -0500] "GET /sipse/faces/javax.faces.resource/layout/layout.js?ln=primefaces&v=4.0 HTTP/1.1" 304 -
191.104.122.66 - - [30/Sep/2023:13:33:27 -0500] "GET /sipse/css/v_mergente.css HTTP/1.1" 200 1505
191.104.122.66 - - [30/Sep/2023:13:33:27 -0500] "GET /sipse/css/imagen/contrasena.png HTTP/1.1" 404 383
191.104.122.66 - - [30/Sep/2023:13:33:27 -0500] "GET /sipse/imagenes/logoAplicacion.jpg HTTP/1.1" 200 155084
191.104.122.66 - - [30/Sep/2023:13:33:27 -0500] "GET /sipse/imagenes/cargando.gif HTTP/1.1" 200 36959
191.104.122.66 - - [30/Sep/2023:13:33:28 -0500] "GET /sipse/faces/javax.faces.resource/images/ui-bg_flat_0_2d5972_40x100.png?ln=primefaces-aristo HTTP/1.1" 200 183
191.104.122.66 - - [30/Sep/2023:13:33:28 -0500] "POST /sipse/faces/bienvenido.xhtml HTTP/1.1" 200 2658
191.104.122.66 - - [30/Sep/2023:13:33:30 -0500] "POST /sipse/faces/bienvenido.xhtml HTTP/1.1" 200 2073
191.104.122.66 - - [30/Sep/2023:13:33:33 -0500] "POST /sipse/faces/bienvenido.xhtml HTTP/1.1" 200 40803
191.104.122.66 - - [30/Sep/2023:13:33:33 -0500] "GET /sipse/faces/javax.faces.resource/primefaces.css?ln=primefaces&v=4.0 HTTP/1.1" 304 -
191.104.122.66 - - [30/Sep/2023:13:33:33 -0500] "GET /sipse/faces/javax.faces.resource/theme.css?ln=primefaces-sipse HTTP/1.1" 304 -
191.104.122.66 - - [30/Sep/2023:13:33:33 -0500] "GET /sipse/faces/javax.faces.resource/layout/layout.css?ln=primefaces&v=4.0 HTTP/1.1" 304 -
191.104.122.66 - - [30/Sep/2023:13:33:33 -0500] "GET /sipse/faces/javax.faces.resource/jquery/jquery.js?ln=primefaces&v=4.0 HTTP/1.1" 304 -
191.104.122.66 - - [30/Sep/2023:13:33:33 -0500] "GET /sipse/faces/javax.faces.resource/jquery/jquery-plugins.js?ln=primefaces&v=4.0 HTTP/1.1" 304 -
191.104.122.66 - - [30/Sep/2023:13:33:33 -0500] "GET /sipse/faces/javax.faces.resource/primefaces.js?ln=primefaces&v=4.0 HTTP/1.1" 304 -
