186.102.78.35 - - [30/Sep/2023:17:11:48 -0500] "GET /kwssiamovil/sm/acme/s?s=U2FsdGVkX1+G4AeHRi95xo4st9T0o6jlm79a/p9LP25Nql75E0+Mj2fpGZLFZ/vHIPgK9HApAqUEGCY/WkjbC5fi5I9ZVbJBuj2CJqaueaPkntR9d5xSPYx33Ufpyuqu+KUaZ84ORjFaIGTWL13jWrjhv7VMFbt++Bdhc9YMahHULz9LMtU2u5AEXYXtS0bUq69uc7w0wpyoT94i8lx3gqjzcKSK5jLt1UUD0sTVIaCHwjb5kTG7v5JYiSyxZq1ZEgaDg5XKkoJy5IwOyq/B7u26G5BAAVbvNGDY8sUkfoLUmQe3br+3iBALlSF85C/3iaDdrOu9petB8OL5uTnttSVJojdwJwIze6iD92Z11NVayhVGIs8r0k3uVHKWa4FaJFzhBGRkulbZ65P+lSBExfvTjzD589EvS4V/Nlik4MilZHW9x7QdLHB+SWp5gV2kss+RUCm6gyT4X8zLJYlWhLO6EFQG015kMtInm+8lkuTRmJvFyoYBGxoy6Blu3smD+PR8HHPPqtYI5Fz5KbFE/WYwdkcvRqmBEBLeCknyYVVzi2u22qJalSFgoEyeQzVfpaHRfszBVcrd+OxVCzPGmBCI6aIxhnogeaHF+pU/V5IIP8CQW5CsGRPLuM4psg+jQ21u40p3Q0pW/8ivgWwjX3eq9RRBXlVNyhFm0hSukwFyAzNP6CMrXxFlruOEljF1orckn/CByOzQ1vGW2D0+bOC6iwY7OHMNB10aaR9Oq3TolknjVcpbVefXFc/9cqkDZLZ0hZVCxwDs7HGY/fIrf4QEeQ0mCMPISv5FN5r7VFDWylSDOltCN0UzdMFHkJ69fX+f48n8X9vv1NuhKE9HRfqLR2MDYwPgWoQ/4LtPjA99XusfNYadHHDebubw+xRZaqJAkPMhRQz+ZTplwKGx54IpPmgsxW+BpzXJjf7r/4sknl9dGPflz4/LWnulcrI6hWBpddcJUgTPFcBvu9+9izEdD+oHsn/oPAY8TJE9NyZI9piwEmYz7wwCp8Uw8uNX8ttIS44gzTzvgXYAoQwOPJAY3PLkltPycywWPCV52lUFUSTsIxgYIUUiNJ3TPRgAbdzXBm6JcZgUC7vAAz1dXkanTz/LkhNXiyh8fMrHM3snxQSN9jL+EaEIzW/2NYSQRFGMimwu2ssre70sZKpz+Zv5MkHyYclwceuHKP1QZJZhLphkZ8v4qE9IRzpscvbyaWMSg+68IusIqHaFxL4gvNCHcO2P0+UsKPHlahEQ/22pxZJGm8yAXK9LCn4lMkUQJKXdJTdPJDD58k/obX37BXewbAZsBNaGz/rT/LUXj5tPQqLmNiUC8hwCZ45NyTV7kJqfM8Y/rEfMqGtRLlwc37D5koqYBYJAJa6cAFofq1UfX0FceSC6cT6DkO/8vA8qrvJ/mdJ0AckLDgNw3QiAvRxBkJdcnRTBimiOXq6C8Y5PVKKmI/skwpU09vwUwtZEHduIHdurrnFNLgfCSdp8j8Br7vJcJH8UN07MaMUZagOwOxmzVVyhIrjnsriiUsQfwBQ1tIlyaIS1fkkSH9MlrsV3w+2l29adULH4kCIVf7Uv2VxbRVeXmHHaZmMpr18Nk1nLaLAdNIETYcpsbmZ9mGAr2eU1SQ54PIiDtxUI0KlMlFpMzeePrzRal6cGaAcQpReO+1aKWQQnyCDAQ/Y71edLiALO9yabDfOAhDDjoetuiZe0exqa9hiBUPneeta9IBi+iig8JsSvk6BQLSR1jki7bmcnLQnfXU/8kTjRoq5p60FL3oMvtC9nQqegwG+G&u=U2FsdGVkX1+lwCj3kMi2f2nUQ12VZINQHhvKhTFNX6YrZrFKlVoSndpoNvyguXKi&y=U2FsdGVkX1+PEa13pgCZHqB7kY/INAhfCVsKbryt3o/1TX+gbtQ0SV1hKtsjd37Q HTTP/1.1" 200 5862
186.102.78.35 - - [30/Sep/2023:17:11:49 -0500] "GET /kwssiamovil/sm/acme/s?s=U2FsdGVkX18PucmyhXBJkiD+VHGqfagTlsQJ4m7LyCne33ToUf0F5d80/qu8xzfVs/N6IekH7PYUZg18TACTzGiyfjKIN5NKck74xKj7bQZpRhn3mD+VPKubL4jKgSoxSpKxaWmdY7kozMTpirwfbtl71FMDPAfFRDIzn7Smmedu38Zh3GTxFTsIQLLUPqoUCoAd4VxctDtKXG2l8FZi2Re+yNxFRM5cbYxY/stbxzYr0gEsnR3k39rFLZkxffzKNFx6G1LyyseDgh2+X1wUqgTMQPjdLtDRbDFZHy8acayFVots2zIQGaTRS7WXvpiK6yqh2DXVh0Gc43O/sX3uMr/ozhvWeZICHrj+C1HytaQvYYXwHCrJW9XDDCkbJkZgIXuLIX4wCmyOlwtrkh3stzCOlCec7pASvnMVj4GAUZji/VXSC7m8BPBemCGrflkvm10Wh57iz3GwDbPIc30h+NqeJpyEVEg/Tnf4chB8Ohynmbr+OdOGFu/K88DkWDD3mZkwPF4XTvY2BNLWnh25h4MIwkyt/snYCVYaAN+g4HU0+LuEq5SARQP5tkSJJw8vGKWOUpoDvugDOYB1lN971mBf01coTMaoLu267ngArEwrRKGoX9Y8Yzmi7L8zUBz+jx6NuFJVc17G1LeeyHYcd1Wc4ggN4hAX2MB7Oty+D6Ls28ZaaytxMw5zE5AOSuAaPiyzPdsNNpX5ECpdeAxlAJewzm9IRhXiV2SEiBovpYL2DPm4ZzNOIiZtQ+fLIpgBKpveckA3Tsbs6zP7fBLhIw==&u=U2FsdGVkX1+lwCj3kMi2f2nUQ12VZINQHhvKhTFNX6YrZrFKlVoSndpoNvyguXKi&y=U2FsdGVkX1+PEa13pgCZHqB7kY/INAhfCVsKbryt3o/1TX+gbtQ0SV1hKtsjd37Q HTTP/1.1" 200 208
186.102.78.35 - - [30/Sep/2023:17:11:49 -0500] "GET /kwssiamovil/sm/cjson/pre?f=1&x=U2FsdGVkX1+qysDys7MLiCGd1cJr0G6Tq57GEFpZ/ylkPhp345cSZT2jR7jn6juPXAoafiwJSNVL4pwBYeowWQ== HTTP/1.1" 200 31032
54.237.80.19 - - [30/Sep/2023:17:12:19 -0500] "GET /portaldeninos/ HTTP/1.1" 200 110175
172.22.2.4 - - [30/Sep/2023:17:12:23 -0500] "GET /BLA/boletinlegal/actos.php HTTP/1.1" 200 9682
172.22.2.4 - - [30/Sep/2023:17:11:00 -0500] "HEAD /BLA/boletinlegal/ HTTP/1.1" 200 -
172.22.2.4 - - [30/Sep/2023:17:11:50 -0500] "GET /BLA/boletinlegal/ HTTP/1.1" 200 59699
52.167.144.13 - - [30/Sep/2023:17:14:00 -0500] "GET /portaldeninos/aulas-ambientales/aula-ambiental-sorotama/ HTTP/1.1" 200 89596
201.245.192.253 - - [30/Sep/2023:17:14:48 -0500] "POST /kwsrmcab/Wsrmcab  HTTP/1.1" 200 43477
186.29.181.180 - - [30/Sep/2023:17:16:08 -0500] "POST /sipse/faces/presentacion/financiero/solicitudProceso/consultarHistorialSolProceso.xhtml HTTP/1.1" 302 -
186.29.181.180 - - [30/Sep/2023:17:16:08 -0500] "GET /sipse/faces/autenticacion.xhtml HTTP/1.1" 200 1099
34.32.180.184 - - [30/Sep/2023:17:16:29 -0500] "GET /proximo-4-de-octubre-simulacro-distrital-de-evacuacion-dia-y-noche.html HTTP/1.1" 200 783
216.245.221.92 - - [30/Sep/2023:17:16:39 -0500] "HEAD / HTTP/1.1" 200 -
216.244.66.195 - - [30/Sep/2023:17:17:08 -0500] "GET /BLA/resoluciones/AUTOS%202011/0670.pdf HTTP/1.1" 200 99981
216.244.66.195 - - [30/Sep/2023:17:17:31 -0500] "GET /BLA/resoluciones/AUTOS%202011/0678.pdf HTTP/1.1" 200 502477
201.245.192.253 - - [30/Sep/2023:17:18:03 -0500] "POST /kwsrmcab/Wsrmcab HTTP/1.1" 200 43453
201.245.192.253 - - [30/Sep/2023:17:18:06 -0500] "POST /kwsrmcab/Wsrmcab HTTP/1.1" 200 40981
216.244.66.195 - - [30/Sep/2023:17:18:21 -0500] "GET /BLA/resoluciones/AUTOS%202011/0722.pdf HTTP/1.1" 200 180869
172.22.2.4 - - [30/Sep/2023:17:16:50 -0500] "HEAD /BLA/boletinlegal/ HTTP/1.1" 200 -
172.22.2.4 - - [30/Sep/2023:17:18:47 -0500] "GET /BLA/boletinlegal/favicon.ico HTTP/1.1" 404 1043
216.244.66.195 - - [30/Sep/2023:17:19:00 -0500] "GET /BLA/resoluciones/AUTOS%202011/0843.pdf HTTP/1.1" 200 162215
172.22.2.4 - - [30/Sep/2023:17:17:40 -0500] "GET /BLA/boletinlegal/ HTTP/1.1" 200 50177
172.22.2.4 - - [30/Sep/2023:17:18:27 -0500] "GET /BLA/boletinlegal/ HTTP/1.1" 200 32715
172.22.2.4 - - [30/Sep/2023:17:18:37 -0500] "GET /BLA/boletinlegal/ HTTP/1.1" 200 24523
31.13.103.119 - - [30/Sep/2023:17:19:32 -0500] "GET /negocios-verdes-verificados-por-la-secretaria-de-ambiente-participaran-en-bioexpo-2021.html HTTP/1.1" 200 978
216.244.66.195 - - [30/Sep/2023:17:19:39 -0500] "GET /BLA/resoluciones/AUTOS%202011/0857.pdf HTTP/1.1" 200 98465
201.245.192.253 - - [30/Sep/2023:17:19:47 -0500] "POST /kwsrmcab/Wsrmcab  HTTP/1.1" 200 43477
216.244.66.195 - - [30/Sep/2023:17:20:13 -0500] "GET /BLA/resoluciones/AUTOS%202011/0872.pdf HTTP/1.1" 200 151909
216.244.66.195 - - [30/Sep/2023:17:20:47 -0500] "GET /BLA/resoluciones/AUTOS%202011/1272.pdf HTTP/1.1" 200 195891
216.244.66.195 - - [30/Sep/2023:17:21:29 -0500] "GET /BLA/resoluciones/AUTOS%202011/1306.pdf HTTP/1.1" 200 141485
216.245.221.92 - - [30/Sep/2023:17:21:38 -0500] "HEAD / HTTP/1.1" 200 -
216.244.66.195 - - [30/Sep/2023:17:22:00 -0500] "GET /BLA/resoluciones/AUTOS%202011/1580.pdf HTTP/1.1" 200 92702
216.244.66.195 - - [30/Sep/2023:17:22:38 -0500] "GET /BLA/resoluciones/AUTOS%202011/1807.pdf HTTP/1.1" 200 16060
216.244.66.195 - - [30/Sep/2023:17:23:09 -0500] "GET /BLA/resoluciones/AUTOS%202011/1900.pdf HTTP/1.1" 200 103660
185.191.171.15 - - [30/Sep/2023:17:23:25 -0500] "GET /robots.txt HTTP/1.1" 404 1034
85.208.96.202 - - [30/Sep/2023:17:23:25 -0500] "GET /proximo-4-de-octubre-simulacro-distrital-de-evacuacion-dia-y-noche.html HTTP/1.1" 200 783
52.167.144.195 - - [30/Sep/2023:17:23:44 -0500] "GET /BLA/resoluciones/RESOLUCIONES%202023/1496.pdf HTTP/1.1" 200 483626
216.244.66.195 - - [30/Sep/2023:17:23:46 -0500] "GET /BLA/resoluciones/AUTOS%202011/2032.pdf HTTP/1.1" 200 328008
52.167.144.228 - - [30/Sep/2023:17:23:54 -0500] "GET /BLA/resoluciones/RESOLUCIONES%202021/0475.pdf HTTP/1.1" 200 1867537
172.22.2.4 - - [30/Sep/2023:17:22:40 -0500] "HEAD /BLA/boletinlegal/ HTTP/1.1" 200 -
216.244.66.195 - - [30/Sep/2023:17:24:26 -0500] "GET /BLA/resoluciones/AUTOS%202011/2157.pdf HTTP/1.1" 200 213689
201.245.192.253 - - [30/Sep/2023:17:24:45 -0500] "POST /kwsrmcab/Wsrmcab  HTTP/1.1" 200 43477
66.249.66.20 - - [30/Sep/2023:17:25:03 -0500] "GET /Publicaciones/2023EE225876.pdf HTTP/1.1" 200 231950
216.244.66.195 - - [30/Sep/2023:17:25:05 -0500] "GET /BLA/resoluciones/AUTOS%202011/2177.pdf HTTP/1.1" 200 164642
172.22.2.4 - - [30/Sep/2023:17:23:30 -0500] "GET /BLA/boletinlegal/ HTTP/1.1" 200 60342
216.244.66.195 - - [30/Sep/2023:17:25:43 -0500] "GET /BLA/resoluciones/AUTOS%202011/2191.pdf HTTP/1.1" 200 247723
181.234.189.142 - - [30/Sep/2023:17:25:56 -0500] "GET /BLA/resoluciones/ HTTP/1.1" 200 13696
181.234.189.142 - - [30/Sep/2023:17:26:00 -0500] "GET /BLA/resoluciones/index.php?dir=AUTOS+2019%2F HTTP/1.1" 200 387008
216.244.66.195 - - [30/Sep/2023:17:26:23 -0500] "GET /BLA/resoluciones/AUTOS%202011/3051.pdf HTTP/1.1" 200 84516
173.252.79.119 - - [30/Sep/2023:17:26:25 -0500] "GET /images/Red%20de%20Monitoreo%20de%20Calidad%20del%20Aire.jpg HTTP/1.1" 200 51986
69.63.189.118 - - [30/Sep/2023:17:26:32 -0500] "GET /participa-en-la-convocatoria-para-el-aseguramiento-metrologico-de-la-red-de-monitoreo-de-calidad-del-aire-de-bogota.html HTTP/1.1" 200 848
69.171.231.117 - - [30/Sep/2023:17:26:32 -0500] "GET /participa-en-la-convocatoria-para-el-aseguramiento-metrologico-de-la-red-de-monitoreo-de-calidad-del-aire-de-bogota.html HTTP/1.1" 200 848
69.63.189.2 - - [30/Sep/2023:17:26:35 -0500] "GET /participa-en-la-convocatoria-para-el-aseguramiento-metrologico-de-la-red-de-monitoreo-de-calidad-del-aire-de-bogota.html HTTP/1.1" 206 848
69.63.189.120 - - [30/Sep/2023:17:26:35 -0500] "GET /participa-en-la-convocatoria-para-el-aseguramiento-metrologico-de-la-red-de-monitoreo-de-calidad-del-aire-de-bogota.html HTTP/1.1" 200 848
216.245.221.92 - - [30/Sep/2023:17:26:38 -0500] "HEAD / HTTP/1.1" 200 -
69.63.189.116 - - [30/Sep/2023:17:26:39 -0500] "GET /participa-en-la-convocatoria-para-el-aseguramiento-metrologico-de-la-red-de-monitoreo-de-calidad-del-aire-de-bogota.html HTTP/1.1" 200 848
172.22.2.4 - - [30/Sep/2023:17:26:41 -0500] "GET /BLA/boletinlegal/favicon.ico HTTP/1.1" 404 1037
216.244.66.195 - - [30/Sep/2023:17:26:53 -0500] "GET /BLA/resoluciones/AUTOS%202011/3102.pdf HTTP/1.1" 200 285138
172.22.2.4 - - [30/Sep/2023:17:26:20 -0500] "GET /BLA/boletinlegal/ HTTP/1.1" 200 32715
216.244.66.195 - - [30/Sep/2023:17:27:27 -0500] "GET /BLA/resoluciones/AUTOS%202011/3182.pdf HTTP/1.1" 200 247421
172.22.2.4 - - [30/Sep/2023:17:26:33 -0500] "GET /BLA/boletinlegal/ HTTP/1.1" 200 24523
216.244.66.195 - - [30/Sep/2023:17:28:01 -0500] "GET /BLA/resoluciones/AUTOS%202011/3284.pdf HTTP/1.1" 200 211343
201.245.192.253 - - [30/Sep/2023:17:28:02 -0500] "POST /kwsrmcab/Wsrmcab HTTP/1.1" 200 43453
201.245.192.253 - - [30/Sep/2023:17:28:06 -0500] "POST /kwsrmcab/Wsrmcab HTTP/1.1" 200 40981
216.244.66.195 - - [30/Sep/2023:17:28:31 -0500] "GET /BLA/resoluciones/AUTOS%202011/3300.pdf HTTP/1.1" 200 175587
216.244.66.195 - - [30/Sep/2023:17:29:02 -0500] "GET /BLA/resoluciones/AUTOS%202011/3508.pdf HTTP/1.1" 200 323936
216.244.66.195 - - [30/Sep/2023:17:29:33 -0500] "GET /BLA/resoluciones/AUTOS%202011/3544.pdf HTTP/1.1" 200 215541
52.167.144.195 - - [30/Sep/2023:17:29:44 -0500] "GET /BLA/resoluciones/RESOLUCIONES%202023/0503.pdf HTTP/1.1" 200 542615
201.245.192.253 - - [30/Sep/2023:17:29:44 -0500] "POST /kwsrmcab/Wsrmcab  HTTP/1.1" 200 43477
216.244.66.195 - - [30/Sep/2023:17:30:01 -0500] "GET /BLA/resoluciones/AUTOS%202011/3557.pdf HTTP/1.1" 200 228426
52.167.144.195 - - [30/Sep/2023:17:30:05 -0500] "GET /BLA/resoluciones/RESOLUCIONES%202023/1385.pdf HTTP/1.1" 200 387194
172.22.2.4 - - [30/Sep/2023:17:28:30 -0500] "HEAD /BLA/boletinlegal/ HTTP/1.1" 200 -
216.244.66.195 - - [30/Sep/2023:17:30:28 -0500] "GET /BLA/resoluciones/AUTOS%202011/3643.pdf HTTP/1.1" 200 264467
40.77.189.20 - - [30/Sep/2023:17:30:27 -0500] "GET /portaldeninos/wp-content/uploads/2021/07/Recorrido-virtual-Aula-Soratama.mp4 HTTP/1.1" 206 5687960
216.244.66.195 - - [30/Sep/2023:17:30:51 -0500] "GET /BLA/resoluciones/AUTOS%202012/0137.pdf HTTP/1.1" 200 179482
172.22.2.4 - - [30/Sep/2023:17:29:20 -0500] "GET /BLA/boletinlegal/ HTTP/1.1" 200 58187
216.244.66.195 - - [30/Sep/2023:17:31:12 -0500] "GET /BLA/resoluciones/AUTOS%202012/0158.pdf HTTP/1.1" 200 712228
186.102.46.123 - - [30/Sep/2023:17:31:25 -0500] "GET /catalogoisis/ HTTP/1.1" 200 8575
186.102.46.123 - - [30/Sep/2023:17:31:25 -0500] "GET /catalogoisis/imagenes/Header.gif HTTP/1.1" 200 27040
186.102.46.123 - - [30/Sep/2023:17:31:25 -0500] "GET /favicon.ico HTTP/1.1" 200 7782
216.245.221.92 - - [30/Sep/2023:17:31:38 -0500] "HEAD / HTTP/1.1" 200 -
216.244.66.195 - - [30/Sep/2023:17:31:51 -0500] "GET /BLA/resoluciones/AUTOS%202012/0166.pdf HTTP/1.1" 200 402762
216.244.66.195 - - [30/Sep/2023:17:32:23 -0500] "GET /BLA/resoluciones/AUTOS%202012/0210.pdf HTTP/1.1" 200 162319
216.244.66.195 - - [30/Sep/2023:17:32:52 -0500] "GET /BLA/resoluciones/AUTOS%202012/0293.pdf HTTP/1.1" 200 614219
216.244.66.195 - - [30/Sep/2023:17:33:21 -0500] "GET /BLA/resoluciones/AUTOS%202012/0485.pdf HTTP/1.1" 200 424260
52.167.144.195 - - [30/Sep/2023:17:33:25 -0500] "GET /BLA/resoluciones/RESOLUCIONES%202012/1075.pdf HTTP/1.1" 200 639027
216.244.66.195 - - [30/Sep/2023:17:33:50 -0500] "GET /BLA/resoluciones/AUTOS%202012/0523.pdf HTTP/1.1" 200 457709
216.244.66.195 - - [30/Sep/2023:17:34:17 -0500] "GET /BLA/resoluciones/AUTOS%202012/1090.pdf HTTP/1.1" 200 195275
216.244.66.195 - - [30/Sep/2023:17:34:44 -0500] "GET /BLA/resoluciones/AUTOS%202012/1197.pdf HTTP/1.1" 200 184435
201.245.192.253 - - [30/Sep/2023:17:34:43 -0500] "POST /kwsrmcab/Wsrmcab  HTTP/1.1" 200 43477
66.249.66.20 - - [30/Sep/2023:17:34:50 -0500] "GET /resoluciones/RESOLUCIONES%202007/RES%202007%202301%20AL%202400/RESOLUCION%202375%20DE%202007.pdf HTTP/1.1" 404 1018
172.22.2.4 - - [30/Sep/2023:17:33:15 -0500] "GET /BLA/boletinlegal/ HTTP/1.1" 200 61130
216.244.66.195 - - [30/Sep/2023:17:35:09 -0500] "GET /BLA/resoluciones/AUTOS%202012/1247.pdf HTTP/1.1" 200 381322
172.22.2.4 - - [30/Sep/2023:17:34:20 -0500] "HEAD /BLA/boletinlegal/ HTTP/1.1" 200 -
173.252.95.9 - - [30/Sep/2023:17:36:22 -0500] "GET /images/acuerdos-conservacion-08-23.jpg HTTP/1.1" 200 55051
216.245.221.92 - - [30/Sep/2023:17:36:38 -0500] "HEAD / HTTP/1.1" 200 -
172.22.2.4 - - [30/Sep/2023:17:35:10 -0500] "GET /BLA/boletinlegal/ HTTP/1.1" 200 58187
172.22.2.4 - - [30/Sep/2023:17:37:10 -0500] "GET /BLA/boletinlegal/Circulares/2019/.pdf HTTP/1.1" 404 1218
172.22.2.4 - - [30/Sep/2023:17:37:20 -0500] "GET /BLA/boletinlegal/Circulares/2012/Circular%20No.%2010%20del%2026%20de%20Enero%20de%202012.pdf HTTP/1.1" 404 1218
40.77.167.25 - - [30/Sep/2023:17:37:26 -0500] "GET /BLA/resoluciones/RESOLUCIONES%202021/1764.pdf HTTP/1.1" 200 362232
201.245.192.253 - - [30/Sep/2023:17:38:03 -0500] "POST /kwsrmcab/Wsrmcab HTTP/1.1" 200 43453
201.245.192.253 - - [30/Sep/2023:17:38:06 -0500] "POST /kwsrmcab/Wsrmcab HTTP/1.1" 200 40981
172.22.2.4 - - [30/Sep/2023:17:39:19 -0500] "GET /BLA/boletinlegal/jurisprudencia/analisis/AnalisisT-606-15.docx HTTP/1.1" 200 26698
172.22.2.4 - - [30/Sep/2023:17:39:19 -0500] "GET /BLA/boletinlegal/apple-touch-icon-120x120-precomposed.png HTTP/1.1" 404 1140
172.22.2.4 - - [30/Sep/2023:17:39:19 -0500] "GET /BLA/boletinlegal/apple-touch-icon-120x120.png HTTP/1.1" 404 1140
172.22.2.4 - - [30/Sep/2023:17:39:19 -0500] "GET /BLA/boletinlegal/apple-touch-icon-precomposed.png HTTP/1.1" 404 1140
172.22.2.4 - - [30/Sep/2023:17:39:19 -0500] "GET /BLA/boletinlegal/apple-touch-icon.png HTTP/1.1" 404 1140
172.22.2.4 - - [30/Sep/2023:17:39:19 -0500] "GET /BLA/boletinlegal/favicon.ico HTTP/1.1" 404 1140
172.22.2.4 - - [30/Sep/2023:17:39:19 -0500] "GET /BLA/boletinlegal/apple-touch-icon-120x120-precomposed.png HTTP/1.1" 404 1140
172.22.2.4 - - [30/Sep/2023:17:39:19 -0500] "GET /BLA/boletinlegal/apple-touch-icon-120x120.png HTTP/1.1" 404 1140
172.22.2.4 - - [30/Sep/2023:17:39:19 -0500] "GET /BLA/boletinlegal/apple-touch-icon-precomposed.png HTTP/1.1" 404 1140
172.22.2.4 - - [30/Sep/2023:17:39:19 -0500] "GET /BLA/boletinlegal/apple-touch-icon.png HTTP/1.1" 404 1140
172.22.2.4 - - [30/Sep/2023:17:39:19 -0500] "GET /BLA/boletinlegal/favicon.ico HTTP/1.1" 404 1140
54.39.177.48 - - [30/Sep/2023:17:39:38 -0500] "GET /distrito-avanza-con-la-plantacion-de-arboles-186-nuevos-individuos-fueron-sembrados-en-el-humedal-capellania.html HTTP/1.1" 200 990
201.245.192.253 - - [30/Sep/2023:17:39:42 -0500] "POST /kwsrmcab/Wsrmcab  HTTP/1.1" 200 43477
216.245.221.92 - - [30/Sep/2023:17:41:38 -0500] "HEAD / HTTP/1.1" 200 -
172.22.2.4 - - [30/Sep/2023:17:41:40 -0500] "GET /BLA/boletinlegal/Circulares/2010/Circular%2006%20de%208%20de%20septiembre%20de%202010.pdf HTTP/1.1" 200 4657752
172.22.2.4 - - [30/Sep/2023:17:40:10 -0500] "HEAD /BLA/boletinlegal/ HTTP/1.1" 200 -
186.29.189.128 - - [30/Sep/2023:17:41:49 -0500] "GET /portaldeninos/ HTTP/1.1" 200 110175
186.29.189.128 - - [30/Sep/2023:17:41:50 -0500] "GET /portaldeninos/wp-content/plugins/gallery-videos/CSS/totalsoft.css?ver=4.9.8 HTTP/1.1" 200 40622
186.29.189.128 - - [30/Sep/2023:17:41:50 -0500] "GET /portaldeninos/wp-content/uploads/useanyfont/uaf.css?ver=1589905315 HTTP/1.1" 200 408
186.29.189.128 - - [30/Sep/2023:17:41:50 -0500] "GET /portaldeninos/wp-content/plugins/gallery-videos/CSS/Total-Soft-Gallery-Video-Widget.css?ver=4.9.8 HTTP/1.1" 200 51554
186.29.189.128 - - [30/Sep/2023:17:41:50 -0500] "GET /portaldeninos/wp-content/themes/betheme/assets/jplayer/css/jplayer.blue.monday.css?ver=20.9.6 HTTP/1.1" 200 9834
186.29.189.128 - - [30/Sep/2023:17:41:50 -0500] "GET /portaldeninos/wp-content/plugins/popup-maker/assets/css/site.min.css?ver=1.8.14 HTTP/1.1" 200 8260
186.29.189.128 - - [30/Sep/2023:17:41:50 -0500] "GET /portaldeninos/wp-content/themes/betheme/css/responsive.css?ver=20.9.6 HTTP/1.1" 200 55740
186.29.189.128 - - [30/Sep/2023:17:41:50 -0500] "GET /portaldeninos/wp-content/plugins/google-analytics-for-wordpress/assets/js/frontend-gtag.min.js?ver=8.5.0 HTTP/1.1" 200 11801
186.29.189.128 - - [30/Sep/2023:17:41:50 -0500] "GET /portaldeninos/wp-content/themes/betheme/assets/ui/jquery.ui.all.css?ver=20.9.6 HTTP/1.1" 200 18765
186.29.189.128 - - [30/Sep/2023:17:41:50 -0500] "GET /portaldeninos/wp-content/themes/betheme/style.css?ver=20.9.6 HTTP/1.1" 200 287
186.29.189.128 - - [30/Sep/2023:17:41:50 -0500] "GET /portaldeninos/wp-content/themes/betheme/assets/animations/animations.min.css?ver=20.9.6 HTTP/1.1" 200 58508
186.29.189.128 - - [30/Sep/2023:17:41:50 -0500] "GET /portaldeninos/wp-includes/js/jquery/jquery-migrate.min.js?ver=1.4.1 HTTP/1.1" 200 10056
186.29.189.128 - - [30/Sep/2023:17:41:50 -0500] "GET /portaldeninos/wp-content/themes/betheme/css/base.css?ver=20.9.6 HTTP/1.1" 200 57283
186.29.189.128 - - [30/Sep/2023:17:41:50 -0500] "GET /portaldeninos/wp-content/themes/betheme/css/layout.css?ver=20.9.6 HTTP/1.1" 200 116639
186.29.189.128 - - [30/Sep/2023:17:41:50 -0500] "GET /portaldeninos/wp-includes/js/jquery/ui/core.min.js?ver=1.11.4 HTTP/1.1" 200 4000
186.29.189.128 - - [30/Sep/2023:17:41:50 -0500] "GET /portaldeninos/wp-includes/js/jquery/jquery.js?ver=1.12.4 HTTP/1.1" 200 97184
186.29.189.128 - - [30/Sep/2023:17:41:50 -0500] "GET /portaldeninos/wp-content/plugins/gallery-videos/JS/modernizr.custom.js?ver=4.9.8 HTTP/1.1" 200 9019
186.29.189.128 - - [30/Sep/2023:17:41:50 -0500] "GET /portaldeninos/wp-content/themes/betheme/css/shortcodes.css?ver=20.9.6 HTTP/1.1" 200 138889
186.29.189.128 - - [30/Sep/2023:17:41:50 -0500] "GET /portaldeninos/wp-includes/js/jquery/ui/widget.min.js?ver=1.11.4 HTTP/1.1" 200 6908
186.29.189.128 - - [30/Sep/2023:17:41:50 -0500] "GET /portaldeninos/wp-includes/js/jquery/ui/tabs.min.js?ver=1.11.4 HTTP/1.1" 200 12110
186.29.189.128 - - [30/Sep/2023:17:41:50 -0500] "GET /portaldeninos/wp-includes/js/jquery/ui/mouse.min.js?ver=1.11.4 HTTP/1.1" 200 3148
186.29.189.128 - - [30/Sep/2023:17:41:50 -0500] "GET /portaldeninos/wp-includes/js/jquery/ui/sortable.min.js?ver=1.11.4 HTTP/1.1" 200 24899
186.29.189.128 - - [30/Sep/2023:17:41:50 -0500] "GET /portaldeninos/wp-includes/js/jquery/ui/accordion.min.js?ver=1.11.4 HTTP/1.1" 200 8584
186.29.189.128 - - [30/Sep/2023:17:41:50 -0500] "GET /portaldeninos/wp-content/plugins/gallery-videos/JS/Total-Soft-Gallery-Video-Widget.js?ver=4.9.8 HTTP/1.1" 200 80264
186.29.189.128 - - [30/Sep/2023:17:41:50 -0500] "GET /portaldeninos/wp-content/themes/betheme/js/menu.js?ver=20.9.6 HTTP/1.1" 200 2449
186.29.189.128 - - [30/Sep/2023:17:41:50 -0500] "GET /portaldeninos/wp-content/themes/betheme/assets/animations/animations.min.js?ver=20.9.6 HTTP/1.1" 200 1896
186.29.189.128 - - [30/Sep/2023:17:41:50 -0500] "GET /portaldeninos/wp-content/themes/betheme/assets/jplayer/jplayer.min.js?ver=20.9.6 HTTP/1.1" 200 52702
186.29.189.128 - - [30/Sep/2023:17:41:50 -0500] "GET /portaldeninos/wp-includes/js/jquery/ui/position.min.js?ver=1.11.4 HTTP/1.1" 200 6527
186.29.189.128 - - [30/Sep/2023:17:41:50 -0500] "GET /portaldeninos/wp-includes/js/wp-embed.min.js?ver=4.9.8 HTTP/1.1" 200 1398
186.29.189.128 - - [30/Sep/2023:17:41:50 -0500] "GET /portaldeninos/wp-content/themes/betheme/js/scripts.js?ver=20.9.6 HTTP/1.1" 200 77162
186.29.189.128 - - [30/Sep/2023:17:41:50 -0500] "GET /portaldeninos/wp-content/plugins/popup-maker/assets/js/site.min.js?defer&ver=1.8.14 HTTP/1.1" 200 48457
186.29.189.128 - - [30/Sep/2023:17:41:50 -0500] "GET /portaldeninos/wp-content/themes/betheme/js/plugins.js?ver=20.9.6 HTTP/1.1" 200 197151
186.29.189.128 - - [30/Sep/2023:17:41:50 -0500] "GET /portaldeninos/wp-content/uploads/2020/05/fb.jpg HTTP/1.1" 200 9893
186.29.189.128 - - [30/Sep/2023:17:41:51 -0500] "GET /portaldeninos/wp-content/uploads/2020/05/ig.jpg HTTP/1.1" 200 11470
186.29.189.128 - - [30/Sep/2023:17:41:51 -0500] "GET /portaldeninos/wp-content/uploads/2020/06/yt.jpg HTTP/1.1" 200 10577
186.29.189.128 - - [30/Sep/2023:17:41:51 -0500] "GET /portaldeninos/wp-content/uploads/2020/06/tw.jpg HTTP/1.1" 200 11056
186.29.189.128 - - [30/Sep/2023:17:41:51 -0500] "GET /portaldeninos/wp-content/uploads/2019/08/Logo-Ambientic.png HTTP/1.1" 200 22941
186.29.189.128 - - [30/Sep/2023:17:41:51 -0500] "GET /portaldeninos/wp-content/uploads/2021/06/titulo-cabezote-ni%C3%B1os.png HTTP/1.1" 200 64425
186.29.189.128 - - [30/Sep/2023:17:41:51 -0500] "GET /portaldeninos/wp-content/uploads/2021/06/titulo-miambiente-ni%C3%B1os.png HTTP/1.1" 200 11944
186.29.189.128 - - [30/Sep/2023:17:41:51 -0500] "GET /portaldeninos/wp-content/uploads/2018/10/oso.jpg HTTP/1.1" 200 305180
186.29.189.128 - - [30/Sep/2023:17:41:51 -0500] "GET /portaldeninos/wp-includes/js/wp-emoji-release.min.js?ver=4.9.8 HTTP/1.1" 200 12026
186.29.189.128 - - [30/Sep/2023:17:41:51 -0500] "GET /portaldeninos/wp-content/uploads/2021/06/titulo-humedales-ni%C3%B1os.png HTTP/1.1" 200 13361
186.29.189.128 - - [30/Sep/2023:17:41:51 -0500] "GET /portaldeninos/wp-content/uploads/2021/06/titulo-videos-ni%C3%B1os.png HTTP/1.1" 200 10502
186.29.189.128 - - [30/Sep/2023:17:41:50 -0500] "GET /portaldeninos/wp-content/uploads/2018/11/tigrillo.jpg HTTP/1.1" 200 402961
186.29.189.128 - - [30/Sep/2023:17:41:51 -0500] "GET /portaldeninos/wp-content/themes/betheme/fonts/mfn-icons.woff?93978679 HTTP/1.1" 200 80932
186.29.189.128 - - [30/Sep/2023:17:41:51 -0500] "GET /portaldeninos/wp-content/themes/betheme/images/box_shadow.png HTTP/1.1" 200 108
186.29.189.128 - - [30/Sep/2023:17:41:51 -0500] "GET /portaldeninos/wp-content/themes/betheme/images/stripes/stripes_3_b.png HTTP/1.1" 200 974
186.29.189.128 - - [30/Sep/2023:17:41:50 -0500] "GET /portaldeninos/wp-content/uploads/2022/08/Infograf%C3%ADa-humedales-actualizada.png HTTP/1.1" 200 588022
186.29.189.128 - - [30/Sep/2023:17:41:51 -0500] "GET /portaldeninos/wp-content/uploads/2018/11/caneca.jpg HTTP/1.1" 200 262661
186.29.189.128 - - [30/Sep/2023:17:41:51 -0500] "GET /portaldeninos/wp-content/uploads/2020/01/Frailejon-escenario.jpg HTTP/1.1" 200 357472
186.29.189.128 - - [30/Sep/2023:17:41:51 -0500] "GET /portaldeninos/wp-content/uploads/2020/01/Tierra-escenario.jpg HTTP/1.1" 200 181491
186.29.189.128 - - [30/Sep/2023:17:41:50 -0500] "GET /portaldeninos/wp-content/uploads/2022/08/HUmedalConejera03-1.jpg HTTP/1.1" 200 12388495
186.29.189.128 - - [30/Sep/2023:17:41:51 -0500] "GET /portaldeninos/wp-content/uploads/2023/08/Infografia-Web-Infantil.mp4 HTTP/1.1" 206 24138647
186.29.189.128 - - [30/Sep/2023:17:41:51 -0500] "GET /portaldeninos/wp-content/uploads/2019/06/CabezoteAMBIENTIC.mp4 HTTP/1.1" 206 21677757
216.244.66.195 - - [30/Sep/2023:17:42:14 -0500] "GET /robots.txt HTTP/1.1" 404 1018
172.22.2.4 - - [30/Sep/2023:17:41:00 -0500] "GET /BLA/boletinlegal/ HTTP/1.1" 200 58187
201.245.192.253 - - [30/Sep/2023:17:44:41 -0500] "POST /kwsrmcab/Wsrmcab  HTTP/1.1" 200 43477
172.22.2.4 - - [30/Sep/2023:17:46:33 -0500] "GET /BLA/boletinlegal/favicon.ico HTTP/1.1" 404 1018
216.245.221.92 - - [30/Sep/2023:17:46:38 -0500] "HEAD / HTTP/1.1" 200 -
172.22.2.4 - - [30/Sep/2023:17:46:45 -0500] "GET /BLA/boletinlegal/favicon.ico HTTP/1.1" 404 1038
40.77.167.63 - - [30/Sep/2023:17:47:07 -0500] "GET /BLA/resoluciones/RESOLUCIONES%202021/4062.pdf HTTP/1.1" 200 343543
172.22.2.4 - - [30/Sep/2023:17:46:25 -0500] "GET /BLA/boletinlegal/ HTTP/1.1" 200 24523
172.22.2.4 - - [30/Sep/2023:17:46:23 -0500] "GET /BLA/boletinlegal/ HTTP/1.1" 200 24523
172.22.2.4 - - [30/Sep/2023:17:46:12 -0500] "GET /BLA/boletinlegal/ HTTP/1.1" 200 32715
172.22.2.4 - - [30/Sep/2023:17:46:35 -0500] "GET /BLA/boletinlegal/ HTTP/1.1" 200 24523
172.22.2.4 - - [30/Sep/2023:17:46:00 -0500] "HEAD /BLA/boletinlegal/ HTTP/1.1" 200 -
173.252.79.3 - - [30/Sep/2023:17:47:53 -0500] "GET /images/cr\xc3\xb3nica-29-nov-1_optimized.jpeg HTTP/1.1" 404 1034
172.22.2.4 - - [30/Sep/2023:17:48:11 -0500] "GET /BLA/boletinlegal/actos.php HTTP/1.1" 200 9682
172.22.2.4 - - [30/Sep/2023:17:48:12 -0500] "GET /BLA/boletinlegal/styles2.css HTTP/1.1" 200 1838
172.22.2.4 - - [30/Sep/2023:17:48:12 -0500] "GET /BLA/boletinlegal/js/ajax_actos.js HTTP/1.1" 200 1322
172.22.2.4 - - [30/Sep/2023:17:48:12 -0500] "GET /BLA/boletinlegal/niceforms.js HTTP/1.1" 200 22876
172.22.2.4 - - [30/Sep/2023:17:48:12 -0500] "GET /BLA/boletinlegal/niceforms-default.css HTTP/1.1" 200 6694
172.22.2.4 - - [30/Sep/2023:17:48:12 -0500] "GET /BLA/boletinlegal/style.css HTTP/1.1" 200 9406
172.22.2.4 - - [30/Sep/2023:17:48:12 -0500] "GET /BLA/boletinlegal/js/lib.js HTTP/1.1" 200 6474
172.22.2.4 - - [30/Sep/2023:17:48:12 -0500] "GET /BLA/boletinlegal/js/jquery1.js HTTP/1.1" 200 29846
172.22.2.4 - - [30/Sep/2023:17:48:12 -0500] "GET /BLA/boletinlegal/js/popup.js HTTP/1.1" 200 1270
172.22.2.4 - - [30/Sep/2023:17:48:12 -0500] "GET /BLA/boletinlegal/images/subscribe-icon-big.png HTTP/1.1" 200 47702
172.22.2.4 - - [30/Sep/2023:17:48:12 -0500] "GET /BLA/boletinlegal/images/historia.png HTTP/1.1" 200 52775
172.22.2.4 - - [30/Sep/2023:17:48:12 -0500] "GET /BLA/boletinlegal/images/cabezote%20BLEGAL.jpg HTTP/1.1" 200 118164
172.22.2.4 - - [30/Sep/2023:17:48:12 -0500] "GET /BLA/boletinlegal/images/registro-usuarios.png HTTP/1.1" 200 8106
172.22.2.4 - - [30/Sep/2023:17:48:12 -0500] "GET /BLA/boletinlegal/images/green-yellow-blue-pink-th.png HTTP/1.1" 200 7394
172.22.2.4 - - [30/Sep/2023:17:48:12 -0500] "GET /BLA/boletinlegal/images/tel.png HTTP/1.1" 200 14477
172.22.2.4 - - [30/Sep/2023:17:48:12 -0500] "GET /BLA/boletinlegal/images/icono-email.png HTTP/1.1" 200 5544
172.22.2.4 - - [30/Sep/2023:17:48:12 -0500] "GET /BLA/boletinlegal/images/body_bg.jpg HTTP/1.1" 200 1601
172.22.2.4 - - [30/Sep/2023:17:48:12 -0500] "GET /BLA/boletinlegal/images/menu_lft.gif HTTP/1.1" 200 1713
172.22.2.4 - - [30/Sep/2023:17:48:12 -0500] "GET /BLA/boletinlegal/images/menu_rght.gif HTTP/1.1" 200 1627
172.22.2.4 - - [30/Sep/2023:17:48:12 -0500] "GET /BLA/boletinlegal/images/bg_top.jpg HTTP/1.1" 200 522
172.22.2.4 - - [30/Sep/2023:17:48:12 -0500] "GET /BLA/boletinlegal/images/menu_bg.jpg HTTP/1.1" 200 620
172.22.2.4 - - [30/Sep/2023:17:48:12 -0500] "GET /BLA/boletinlegal/images/hover.jpg HTTP/1.1" 200 640
172.22.2.4 - - [30/Sep/2023:17:48:12 -0500] "GET /BLA/boletinlegal/images/text.jpg HTTP/1.1" 200 568
172.22.2.4 - - [30/Sep/2023:17:48:12 -0500] "GET /BLA/boletinlegal/images/footer_bg.jpg HTTP/1.1" 200 586
172.22.2.4 - - [30/Sep/2023:17:48:12 -0500] "GET /BLA/boletinlegal/images/footer_bg_l.jpg HTTP/1.1" 200 776
172.22.2.4 - - [30/Sep/2023:17:48:12 -0500] "GET /BLA/boletinlegal/favicon.ico HTTP/1.1" 404 1326
172.22.2.4 - - [30/Sep/2023:17:48:12 -0500] "GET /BLA/boletinlegal/img/0.png HTTP/1.1" 200 110
172.22.2.4 - - [30/Sep/2023:17:48:12 -0500] "GET /BLA/boletinlegal/img/button.png HTTP/1.1" 200 43241
172.22.2.4 - - [30/Sep/2023:17:48:12 -0500] "GET /BLA/boletinlegal/img/select-left.png HTTP/1.1" 200 263
172.22.2.4 - - [30/Sep/2023:17:48:12 -0500] "GET /BLA/boletinlegal/img/select-right.png HTTP/1.1" 200 44019
172.22.2.4 - - [30/Sep/2023:17:48:12 -0500] "GET /BLA/boletinlegal/img/button-left.png HTTP/1.1" 200 57071
172.22.2.4 - - [30/Sep/2023:17:48:12 -0500] "GET /BLA/boletinlegal/img/button-right.png HTTP/1.1" 200 57878
172.22.2.4 - - [30/Sep/2023:17:46:50 -0500] "GET /BLA/boletinlegal/ HTTP/1.1" 200 49296
201.245.192.253 - - [30/Sep/2023:17:49:39 -0500] "POST /kwsrmcab/Wsrmcab  HTTP/1.1" 200 43477
40.77.167.28 - - [30/Sep/2023:17:49:46 -0500] "GET /BLA/resoluciones/RESOLUCIONES%202012/1159.pdf HTTP/1.1" 200 743890
66.249.66.21 - - [30/Sep/2023:17:51:30 -0500] "GET /portel_dama/libreria/php/2006/ECOSISTEMAS%20FINAL%20web_mz27/restauracion/sitio/22_proye/xtras_in/3a.pdf HTTP/1.1" 404 1018
216.245.221.92 - - [30/Sep/2023:17:51:38 -0500] "HEAD / HTTP/1.1" 200 -
157.55.39.54 - - [30/Sep/2023:17:51:57 -0500] "GET /BLA/resoluciones/RESOLUCIONES%202021/4030.pdf HTTP/1.1" 200 351841
186.102.78.35 - - [30/Sep/2023:17:52:47 -0500] "OPTIONS /kwssiamovil/sm/setfile/f? HTTP/1.1" 200 13
186.102.78.35 - - [30/Sep/2023:17:52:48 -0500] "POST /kwssiamovil/sm/setfile/f? HTTP/1.1" 200 381
186.102.78.35 - - [30/Sep/2023:17:53:09 -0500] "GET /kwssiamovil/sm/acme/a?s=U2FsdGVkX18jhX6h9O3iuRE1+A1QqYwYZLjNRInqNmxKYqhH6rIREmiWPCjWhYY8xeFEbRH8lLE762zojMi4XLPgdVZQgHFzSKA6jIdZjiHeG7faVDvig/lJhfQ6gjRSTkL7ip1YZ9d8g/ycFpwu6w5LxyI/AsDqABZ+9VTHRkBlL08iKRJWbvUvbaXfPhfOiHDSqpYKaNd0F0Ln1AwwV3tovIajt7lYG5owSxOdh6aEIMY72zwGPytoVvZEokVYKo10OXXV3VlAvub+Fs//+w==&u=U2FsdGVkX1+lwCj3kMi2f2nUQ12VZINQHhvKhTFNX6YrZrFKlVoSndpoNvyguXKi&y=U2FsdGVkX1+PEa13pgCZHqB7kY/INAhfCVsKbryt3o/1TX+gbtQ0SV1hKtsjd37Q HTTP/1.1" 200 26
186.102.78.35 - - [30/Sep/2023:17:53:10 -0500] "GET /kwssiamovil/sm/acme/a?s=U2FsdGVkX1/n/VHlRp8DHu1F37WxyEXJI4y/B94bum52Cere4phIkBVeyVHU58eDa4EHf6LUa0EEOkgmnnUMTk5yh5N78glppcSck2xTbnup5XYFYZQ5FirZ+KPjQ3g5ZbSD16MNv5cI1MshmaHol1+2MiFLebuQ6lfPO9QTWy9jwovAQcY2mwZvSt5qbdJAjmUeYIfv+wQrZnhHkgJt6Zsq+zUJQzT00jXBkDbGvxS3E+mmpaBBa/z9aOdYnWw4kSYFa2YOGaJmYrGc9zpoyTiM9GbXCtuiA5xB8aXugN1Ye44wDAn+iWAN70EysaVCEIa+MefOoGkBdkIhI67UK0g0w0kNlJTtNiBZtAlSYD2s0Khn9Z9Sz6ZSxfvi6Fw7gTo6pvd0riUmLZxD6eBu+Ahp11+nmpmbUFRwp8AGNLLhNxPgHrjn+kVDhB/0WBQUf4Fbp/hUll/7uvWttYOtaH77uih7zhoMrwVGjC8p9iW+xS2JoqxQDuuuLaIqf3zZas24Wbs/25loSZY3jntd70skBBvfUFqjfTU7xBx37J3HrgkEC8v1xL2hOCFgDEb0L2T3miNLExwPrn72a0XhNLDrKig3O4MSc8nsxTi58Yeqj1TzZ0VKR9Gt+cUM9vfHB6OJs0bEC9c1dVdXmCLMsRLPsIPf+BQiQd58pVYQ/hkTCRReJg1HcQrKtCfCGevPAb333b1ZNec9tQ1jRSvnhbgraruI5Og6i7iNn3gH2cX8lxJVMqnVdfxjKh85/84l/prioFrJz0BwlFdc2XXeV9kKCJ1TlGLdFGtJGMkXFaRejTF75Jz/vekyL3IlsEJXzQHXEfPY+tRkGThfMg9bccDRqD01uEMI3x15ds9xZfhuqTTdN/uJfFVDFZRvXaS3reYO+1PxsApGzG5JB/C/AzEOauj7raVBlSw/91ilT4JvW/9jVPsUalueao1ea0mUOIYf54XXvQE0PLt/Y1ourYEeYs+ccWp6L4FOEVaVea8dGQeXptLWscI3dWfSDEjI30cdRrY8Ffe2o8HvO+GPCBcLm089e+XfFACDlVWwqKNX611HvePWB8F2OSbt66JColojryRsgAlvffozXZ7fp26ypRxR18vcxLA5gYpYSrXFFXiuKvLGBsyBfUOm7HBgULPn2PKXvzMYaDGllpQfjpOGLOocakiXI5uhSAhVp1I7oLYDtSwDfBpam3Q49To1pRsaUm1NVxHgdEssZ+5VukVNfKozzttDk2T2lwZyV++RWQIbt6UCqvnIikj/m0+Jtsq5mTpS7kph5eKCnGO1F2HjotlXJpvKgQBE1Sb2qPW6ZQPJWRSrSHKwVu4j8Z3NtdQWoFZtAjQ6VjIY6ITWBrvK9UdWZKOBtXydFSbZnJYTkn2QfDUr5IuDQmkeouRslE4rdQWBTzPz6Vt3wt6Q7lzNKGqv9TniAbf8hP479+eR4KMFe5R52/HZoDa6oL1/yFFbDiAkrBZ6vrqCb28S8pkkgEZLQy/1gTm1lqVCKCae8l9fdI9aQKCY8vNsIxzCdzyOLuebXOZON0E1jPnomHxfRdbaH6NkZ8e8gykaKLkkT3AKzMleK47Ri6RL4rW1bxtmdigDT1NPd63snUwMpdC97AM1gQzd5939BY54cjL62wC8UXsV9MJgcJ+Qj5+lazuW9Yyq26dTLkyGtGyLt67dPOoItx2CgiTFy9Veq1QzqC2ibKDOAXDi3UUv5pzD3bZIa9sS7Ha4TctiFiZ6Z80K4jfUycqvMGxu+BpDG5g+gbRsog440pjG1t2aaFEzHTlu/XKsPUaEN9UIBxGUtrZBX9zzDiv5mm/xUZPU00B2F6Wp/8tL+Iztu4KfOG8cACwgNX2FaS7ClP3oFI9j+70/MxfC7JWWPqagJvC1BLDaiPpYdPbNYqMEIb2msKsIWhLYvtFeACENo+g8tPXB0dPllGRAk3LbxfYvtWzfJ7KWtwK4tMH96arFsouZlal2TmHp4dvgxxgM+gvlTAA/a/VIPUSnbANntSXqEJSzTdSE6LWPoQlKjEDSwznCu4HYcutXWbM3REG/iKkDA+BHA4KzHO/Z4/KpiDwEHrFB7z2hnYKe6nsXMs7ju6yWKpdFdrgnkjZe4ZNSdvFBgjiO9P5cNmynjF3uUdmJJyu03+vemak2Q6RyWmHMLx0A4W5679GVB4xyU7eu0ndBvPT4GE4lWKWE1VREkVIpVKXvMMKmWw566wUtdWxXiarr0kH1Sh4vzT8dVgz8F/xkuBNi+9ry1pRQbvnc+pdVvwXkGItrBEVNOHjMlbTuJLjfksZYKUu8c1oCa7fWZFxX+zkmcj4kQqToC2p5E51LBMCDEKERzI5yOsXSuCdx4q7bBp2JH3eEL1VBfZB/w+6krvFxVcYWxx7bkfluxhTjM48Z/uUAFG8xakrAigCvwBr0hiHkNnKHiZ0F/F5NjHgCehxFRVcLWcCohNSG4Eqoq1R/Oeuwy70vdNgJlCA1BhcNw5WG6bDhiRAjcsWujM/Z4IWoU9lACL96BYq8FLlvn9DhOwKoMsfNf4/2RMi4KjNDqIDAfXOlz0M578j/CqOuSQeklsWEI5MhhYcvGSk0Rm/ET+e1z9vkdUmWChW/BKxuUd2Ln6rWZ28EdkWFwHOddCtFPmqEIJMJgbG0BDztIfveDi1lmP624jJ7MVPrFqEPRwzaj/CFPuQ1YjoSdeEtBqP8htQqjRMQB1H/5d5nE6QwjZKgX2Lg97Rkm47zNVji40hOINIUKIGrCLuQ2xXKCvLDaL50g7kVgKtO5Bj9PfZ59Wsnce8SYruBzt7euzXyyq9G2/wxwqafcoxgGdVVKmcRZ1pMYzy7GaKFJ/kMhsAONGs=&u=U2FsdGVkX1+lwCj3kMi2f2nUQ12VZINQHhvKhTFNX6YrZrFKlVoSndpoNvyguXKi&y=U2FsdGVkX1+PEa13pgCZHqB7kY/INAhfCVsKbryt3o/1TX+gbtQ0SV1hKtsjd37Q HTTP/1.1" 200 26
186.102.78.35 - - [30/Sep/2023:17:53:11 -0500] "GET /kwssiamovil/sm/acme/a?s=U2FsdGVkX1834ZWuOF9sRbqypPRayuLRgxDd1V44tHSmJbfqizPJgEwpGJ4JWnAWpYms2govbKz0nP5/r/RNVB7kEAGPo54/GMuZzXd8ZGokG7BDa5zjt6q1ED4vQZ/OkWkyLjseVTxWEmqa7NM5zSAnJNTnsWKx5sRGR+W7pOQ=&u=U2FsdGVkX1+lwCj3kMi2f2nUQ12VZINQHhvKhTFNX6YrZrFKlVoSndpoNvyguXKi&y=U2FsdGVkX1+PEa13pgCZHqB7kY/INAhfCVsKbryt3o/1TX+gbtQ0SV1hKtsjd37Q HTTP/1.1" 200 26
186.102.78.35 - - [30/Sep/2023:17:53:11 -0500] "GET /kwssiamovil/sm/acme/a?s=U2FsdGVkX1/nK7aZIn6Svv9sBbJ0XdG9tP8JR+o2LOV0Mb5dpvRwGQiJcY2Htzl7Tik2rPCkv2A/+Oh+DsGf6pZlZoNvNtmJitmGsWPLnwLZ5VW5kUiZ8uWxFFPasIXAV1wEXwhQaeenStBXjRfefZ4UIy2M3J27B8q6nxgj5vo=&u=U2FsdGVkX1+lwCj3kMi2f2nUQ12VZINQHhvKhTFNX6YrZrFKlVoSndpoNvyguXKi&y=U2FsdGVkX1+PEa13pgCZHqB7kY/INAhfCVsKbryt3o/1TX+gbtQ0SV1hKtsjd37Q HTTP/1.1" 200 26
186.102.78.35 - - [30/Sep/2023:17:53:12 -0500] "GET /kwssiamovil/sm/acme/a?s=U2FsdGVkX18Zt/8xVpiuYKpZ/sz89I2DCu58jng04Xr3Aq4FRdshvBCkbrQ9ZOHqv1fR+Wgkcx3Vziil2EPmjMiaOTjd0X3IFuLz3bufIRxgo6H41T2zM625Pcc+yykBVEQIifPa+WtGFczOaGdjftHYZXKNhR7ETV3DCJIgo/4=&u=U2FsdGVkX1+lwCj3kMi2f2nUQ12VZINQHhvKhTFNX6YrZrFKlVoSndpoNvyguXKi&y=U2FsdGVkX1+PEa13pgCZHqB7kY/INAhfCVsKbryt3o/1TX+gbtQ0SV1hKtsjd37Q HTTP/1.1" 200 26
186.102.78.35 - - [30/Sep/2023:17:53:12 -0500] "GET /kwssiamovil/sm/acme/a?s=U2FsdGVkX18doDgbMunKXqNmrY8MetexezgqwdCUwkt339BJzWDpS9AX2D0W1kuNhuWDAAaCTas70dVZHQ+yH5CykieITZ/Xaog9tFY3lf1XXdqEqKDmdgbf2HuaEWzVyeSgPvYPfn5bryMx9aTW5ad44bECvFn4ekdo8QVHSFUJ7XgyIi6342P5EvcZaRB3vOLNEavcAC63/n/xXexhWA==&u=U2FsdGVkX1+lwCj3kMi2f2nUQ12VZINQHhvKhTFNX6YrZrFKlVoSndpoNvyguXKi&y=U2FsdGVkX1+PEa13pgCZHqB7kY/INAhfCVsKbryt3o/1TX+gbtQ0SV1hKtsjd37Q HTTP/1.1" 200 26
186.102.78.35 - - [30/Sep/2023:17:53:13 -0500] "GET /kwssiamovil/sm/acme/a?s=U2FsdGVkX19fV0mN4ZyNlO02l9sEdNhtH6C+LZXVwPpcAXukiOjJTLh+e74oEvfvPLBx1NgV0kKmBbe5Y91nF+y+t3NRVFjcBdUIXbotE6eoAUqqU9PiS4uhI4T0ej2xyjYFGcEeB16dzCY0CRHJgE8ONQQlV00b/AVs/+GRqt6BoGO6m7F2IDcvytnQ95tyADdDGkz19Y2U7QcFqejvb94XucvyhRr2vKfRZNs7hRcXdK1T6B5Mzevg/uCfqpt+fYILzbb8o7C2COfpYTc/Hpgmx7ZAPaylDv0vhku7nSmTY2lQ9PABmVE7Vo3drFeD49IzsADjXdfvPYZF4ZOsLlzcUur1nQZhGrgx45xEuD+lfQzcu9ZgTsdQscgC/N14A0EbhD6M8pEtXXeMd1gP81EDz1u/Hn4I8VEB2Exes1+Rt0ZnRc0eKRnEM67DxWBvcunB6+qJbTjaJPHrjyHAkscvM3f+KBxA0YQpYy86RqNIHluf9gFzkgouC4Je2HbI&u=U2FsdGVkX1+lwCj3kMi2f2nUQ12VZINQHhvKhTFNX6YrZrFKlVoSndpoNvyguXKi&y=U2FsdGVkX1+PEa13pgCZHqB7kY/INAhfCVsKbryt3o/1TX+gbtQ0SV1hKtsjd37Q HTTP/1.1" 200 25
186.102.78.35 - - [30/Sep/2023:17:53:13 -0500] "GET /kwssiamovil/sm/acme/a?s=U2FsdGVkX18QD/RyzJ8ReMrf7lyKbBC3hbn5af/p1uCYwCPk4trFT2MQduJXT/n/vPwYYNUAup4Th86JrVk1v78opuqWDXPs7hoFoYFOOP4fZZPRG72Ol/KBieWLBf6RftI64qcIFig0qVKGFfW0/zPudGLhHX5zf09ajBrCwCAPVRMLpMvabt1lXsiA6IP+HPqbvE48ri3/b+X3YpQcllslw8yiUTXo/9/y1/s1wEuaeh3bDOG6g0yCY1D5E3bvRDCMVkCBDE/19Dx7CUxVKsVZHmx6FZ27cLDqxXKbDGS4iwmm2TRGpjmMxYKlfnDxd5k0Ikm5q7amr/SQEpglsBNk9BFeuc6Uv/sD1H5J5lI3RYBOrrRgIKsb/0ntuG3Rpd5fmz8mwKan90EfFwU8X5BFfwTwOyxWCO7MMjJR5IqC+zFp9cxGWepZUOna9TIlMPBEprsaKbm07N6Yw9Zbqg==&u=U2FsdGVkX1+lwCj3kMi2f2nUQ12VZINQHhvKhTFNX6YrZrFKlVoSndpoNvyguXKi&y=U2FsdGVkX1+PEa13pgCZHqB7kY/INAhfCVsKbryt3o/1TX+gbtQ0SV1hKtsjd37Q HTTP/1.1" 200 25
172.22.2.4 - - [30/Sep/2023:17:51:50 -0500] "HEAD /BLA/boletinlegal/ HTTP/1.1" 200 -
152.203.229.237 - - [30/Sep/2023:17:53:41 -0500] "GET /predominan-condiciones-moderadas-de-calidad-del-aire-en-bogota.html?fbclid=IwAR052ac7i9NOQVvbtvofPUeZv3cyzFX3vASSUNmVQwFd0zXSZHPkXm7Roeg HTTP/1.1" 200 883
172.22.2.4 - - [30/Sep/2023:17:52:40 -0500] "GET /BLA/boletinlegal/ HTTP/1.1" 200 58187
201.245.192.253 - - [30/Sep/2023:17:54:37 -0500] "POST /kwsrmcab/Wsrmcab  HTTP/1.1" 200 43477
157.55.39.54 - - [30/Sep/2023:17:55:17 -0500] "GET /BLA/resoluciones/RESOLUCIONES%202012/1552.pdf HTTP/1.1" 200 450745
186.102.62.187 - - [30/Sep/2023:17:55:22 -0500] "GET /kwssiamovil/sm/acme/a?s=U2FsdGVkX18YA7lZ+mwusEJJ1qS4BwONjfdQOcSruj2AA7NnM0gsVVGdbCIbutSGJ+T8No7YOilkbWGkjlyYRFsTP5tQoOD6jOvEokCM36vNP3T64dHdN6Q36V3KUE3b7zkDI8dS0sQgUQjbbi1ru6BSpS0Db/K9p5Px+oNPzFPB8p6+/6DORyECSO4E2Nyyknw5CpGT5AnCkQUvK/S36nYPdUwwnC95/IvWEdbtgd3uzazquF2+1jEkHI/NPsDl5f5Vq8YZ5IHihAVcksofqg==&u=U2FsdGVkX19FCep8gjbL94Hm/61zZ6fsF2z8Xfi/XrGlqGI+4uatXJ2ZwW0SYzww&y=U2FsdGVkX19EbV8w85SWNU+hAALJDcL+9BYSZVgBTQT0QAOEmHLmZKoutkjFxUDm HTTP/1.1" 200 26
186.102.62.187 - - [30/Sep/2023:17:55:23 -0500] "GET /kwssiamovil/sm/acme/a?s=U2FsdGVkX1/NtiXnH40zs1Yuxxh1ldvhxaxTuv/kiQMhbzjznAVmyAQTERUhHC917yb+H+VEfVF6ICjQAVbG+6gc6hEhLnW4u2meEa2OjibcKDuGCQ53WPE8SmkjbWCKnnf+/hkiRNIJ5hODuejv9nwl7bxnh46hTVI56qvuqKoonVgCiFQQfTf2gP8lYKUPtPCZIyAskzmiFxHSV5jyBDCTbHkALmIzd5tioNoCcANQt9jrFwchhhyBAkQpB0uEjiPCtM9XJAy2qyf6bqQ4ibo3SRVb4CgvzxZfFCQNG+RY+Acztkpppgch0GIl/yEtGBukyjmdEnFfViYUV8l/dmsbOaCom3DFMEmwjm6mo3f0TqSCQdm+bcx1N+rkgO4wOJ6HQV8jwRMI/GIJf6AkLK4q7r6yJRYQ1yS6VB79vi+RsOuH58h/DZQ2QiaZBFBEPoMpzYdJE1G5CTs7fGyzhLcbr0pNK4acFmYUJtfdGgns1KrIFFS4SZPBIUPw7WxdiDZ3KMuGjZXunXDpznsk8nY0KwLmSKgj0DX2Ij3VjOkxQ0MgY3yq8D7dcJrVbPLoobsYE4r2rXPSUlSKhd9y5iet4tQTIrgc2cR41C4bux2kfJnA2IPTVJjqioka6ASI89UgbnbCASPvJrMM4pD6giYRVFVm5G6zWV5HUajQUnB+e28j8BxI+YcbL+1reHOfjl5inufvrDr/CSq6W1vwPjExADHBkgFnRgA8+Lnq2jok7j3NUOQft8yWGYsgwHjr6LHjmRUL0zB+/UcoKkl7XU9dylDDdwB585cQsvIEBZ8FSFom32oBjWQA6bYPslm3esM6iwTSDFr21VUDfHPh49PTotVU6skXEETRT4gv351KGiZ/Z7w9iTRQvZdvUU/9aL3YuEE07LHD9QzPTFTTf8c9gGWeNBdjwQr4m2OHEX6xI5J3wP7VPp/TufFJRwJL86F3LhMMn2qAheTJYhExWoI9KkzUgB8VeBgv3ev0d84dJMZdIhs9LORlIT/whg9k7JuI+N1VVQtZxWRUxt4OETmpnemxFqIZ8KUEmOKaHZfsr8kXRrg3PFAQcoKJtnhoBs+i8WcqoDtl7tbeUWUFRc/c/rTe8eYByZoyJCrsK0oPSHNeCFbkF/ysV1+W7RYqd0GdNlevzM+WGRifBJgaRIF6B+j96nsD6TnUkOFSacHoEj1rneQuRjC1nXWM4RrTxpEh3WYgOyY5+QVvM7Ihlm9yVC6oy2WW9x1U1EkDnXzgnn5msBzp1QkgLbBsqsrCdR5aH9VNeuTZIhHdfTpAyGPZrQmarJn72rOJhS8yyTXV/fz0G/PVU+HyDoEFiYi6V715Gb7Iy+RGygbtVt8JZoESs9j1CMcFY4psMYv/17RIiKgjvLiw2xGYOH6CL4wKSYFVsHfXhY2Fa5Crto/IwMvbwsPhW+2SF7UB6q040vcGvun0KQxtbot1rAINOKAz5/WQr0Z0+wl0IJ9s1awN2qiJxIFwJMsfjoDDsdJ4DbLqKmyW5CA0oRKjTsMJJU7+cjcQY0gj75Z/yREwpSUPdTw1CxvFCOpty2mhwo++LAkdLahDVxncj6tPRid5elh74ZQmIRcWQ6h6sxGUqSDaEy27DcdyA/7WRGN66sgupxet4f0eu7DxRGOFmb3brPrBlmfpQ1ZQbAQRGRNrZoSz+fRD9GYlRpgnkynBrMHKKoop1ldQRMKXUdaCZzf36QgmEH58xgadiVWH9zpvE7Cxy1rDlgkyOOJrBl2ympXd9gM0bpvD6szKT2aQYyjbVyeAofl9sQfQ4LlE+1ArKskZo7DdYY2k8ev7uVQoDYX9AcjuldHEJecM5wEF7NXD22rEVTQzehunQJkVemXbqxQ1Y9owSyk3xVZ0ZYZ+UPwjXw5XZOd+PCPbOff7WDs9e1GEkmWoAdKYEqg+JaoDDAtYj1aJWqO9mL3gV+g6+qEuCpHf265DC5fDnN1XjrdRvwd+rbMU1Z1ROc/IPlu22L7jTsT/OYr53AeQtmxYxxv0RywahRKIruID6LF+5k6wy37tb5XiRqK9Pbrrl3w/yUGIUt8mDKrArhQ9B5DkXeX04niiDTcug6K1ypywhy9mqs2bJPLg84radsbJ25tBvVQ3/TUASbQyGzLXCjS3hD7nCI1ezMhCPCWch1YWY6lvs6v7YTQstkVZbgns+qe+m9tNNH993eRZM86SyZm7ctVOSbbVuS/IYZphTCTckmCugDkAnqGiQuYE87UgqK7gdxT9fpUkYfPYHKHku+QO9TgG81ebvkMwPqm2oO0OWJazqqPiu2Ukz0j7YoIHLQh2rz0f+GPN3Qk1pJaeMtfH+kFM8+S2Ffk8NT9k0SKkikU7JKU+EmdEaSsqiHv3o68us1XlDeQg0ZE/WUUJKcBw9tZXo7+HyHXxiA26ux6mWWWaJ/WLh5Bsvd1LghB9nSg2Mu7UVnc6NJ2m/pqetODadty2QyfwjufiD0KRpOMlJdLqlPNYaPI7HxE/S/QEw0vbkMlFoctaUBPOQnoFqpInm3hqd6E1KxnteWOQ900ICfHEHZf8jh0haoqXkYjzXK0bTy8MqmVZ2vcqG6+fbLj/BTC3xJc+nMwRZItoImfX5VHMcMWTPpxJ3JYvwbZiDiENWWBabMXmh8uzFPvATvJBR/4007soi1a5vOTqa22HgXshv/DMyT/qC9/5lorIIOVz8AmeDpdkWE1R/HFTkngaQot5DJeVgHw3wb4EsTV/sLCLa63MOWfFTdbxW6TDTdRRNd90D+WFHu2UqyMXePtPbn9KhPjfU9+xHXZd1vm5k+KHNfkB&u=U2FsdGVkX19FCep8gjbL94Hm/61zZ6fsF2z8Xfi/XrGlqGI+4uatXJ2ZwW0SYzww&y=U2FsdGVkX19EbV8w85SWNU+hAALJDcL+9BYSZVgBTQT0QAOEmHLmZKoutkjFxUDm HTTP/1.1" 200 26
186.102.62.187 - - [30/Sep/2023:17:55:24 -0500] "GET /kwssiamovil/sm/acme/a?s=U2FsdGVkX19y7kVAcRSEn4D8c9l8F9NieUuwmjYj5cPraRui4MlroBiGHgGK98nxZMq+ErUnZbVMoAUyso7ItBTAA8uPP1TbyXOXU9vxz7jM55bHQu6iAwJw4aXg5CFdCYRaS2+2A0kFAce/yghJzzpDagwdB3uucTU4lxw/5rg=&u=U2FsdGVkX19FCep8gjbL94Hm/61zZ6fsF2z8Xfi/XrGlqGI+4uatXJ2ZwW0SYzww&y=U2FsdGVkX19EbV8w85SWNU+hAALJDcL+9BYSZVgBTQT0QAOEmHLmZKoutkjFxUDm HTTP/1.1" 200 26
186.102.62.187 - - [30/Sep/2023:17:55:24 -0500] "GET /kwssiamovil/sm/acme/a?s=U2FsdGVkX1/1hGR0zx1ItxZ8GthNd1fJsoRO0+6ILvDchDOJZrw6jlyIRNaDa/rAPgkdek1ES2pWkEdBnNYksGSS9rIHEAMGE83yTv5IJ2b9icGVxtaoachj+fxZ2E/5dZX6aHtmF9cEh+L4qDIzRHIhaIsqxIEJV2sPqPPR+rw=&u=U2FsdGVkX19FCep8gjbL94Hm/61zZ6fsF2z8Xfi/XrGlqGI+4uatXJ2ZwW0SYzww&y=U2FsdGVkX19EbV8w85SWNU+hAALJDcL+9BYSZVgBTQT0QAOEmHLmZKoutkjFxUDm HTTP/1.1" 200 26
186.102.62.187 - - [30/Sep/2023:17:55:25 -0500] "GET /kwssiamovil/sm/acme/a?s=U2FsdGVkX199+N12j1C/0LY7yoAC9U7AF8/LACIS4uGoq8c3A08KT8Jtl7/pA0ZymGYPU2N+lbrZdTCL2bV1VA/ATpk0Y0pzWKuTBo+h+YUVGt7Bh5ba0f9rAUSFCU7aRz0O9Vw5k/fYIULcfxSqu8O1c2dKgbuwAIcxcVH2/Hs=&u=U2FsdGVkX19FCep8gjbL94Hm/61zZ6fsF2z8Xfi/XrGlqGI+4uatXJ2ZwW0SYzww&y=U2FsdGVkX19EbV8w85SWNU+hAALJDcL+9BYSZVgBTQT0QAOEmHLmZKoutkjFxUDm HTTP/1.1" 200 26
186.102.62.187 - - [30/Sep/2023:17:55:33 -0500] "GET /kwssiamovil/sm/acme/a?s=U2FsdGVkX1/EZ6f2Aax6rnL4m9fX/dMTYdTDQf7oJXjztxzVCOoPlOBZSuNHwItoVnTX5v2fn/1rZQc93lvR/vxKR9NXAKtdpbb5JXsizOrcsehDi8iXGCFXujTixBsPndngo2KWNMd+rvAGUOdeMFmUpNa5a0miuxpeMRQDcGumJa1o/IfIviPBczLwX32C8SEH3/Ux7qk4sETYi8hEWA==&u=U2FsdGVkX19FCep8gjbL94Hm/61zZ6fsF2z8Xfi/XrGlqGI+4uatXJ2ZwW0SYzww&y=U2FsdGVkX19EbV8w85SWNU+hAALJDcL+9BYSZVgBTQT0QAOEmHLmZKoutkjFxUDm HTTP/1.1" 200 26
216.245.221.92 - - [30/Sep/2023:17:56:38 -0500] "HEAD / HTTP/1.1" 200 -
172.22.2.4 - - [30/Sep/2023:17:57:40 -0500] "HEAD /BLA/boletinlegal/ HTTP/1.1" 200 -
201.245.192.253 - - [30/Sep/2023:17:59:36 -0500] "POST /kwsrmcab/Wsrmcab  HTTP/1.1" 200 43477
172.22.2.4 - - [30/Sep/2023:17:58:30 -0500] "GET /BLA/boletinlegal/ HTTP/1.1" 200 58187
66.249.66.20 - - [30/Sep/2023:18:01:03 -0500] "GET /resoluciones/RESOLUCIONES%202008/5405.pdf HTTP/1.1" 404 1018
216.245.221.92 - - [30/Sep/2023:18:01:38 -0500] "HEAD / HTTP/1.1" 200 -
69.171.249.5 - - [30/Sep/2023:18:02:04 -0500] "GET /images/plantacion-humedal-la-conejera.jpg HTTP/1.1" 200 92644
69.171.249.10 - - [30/Sep/2023:18:02:06 -0500] "GET /images/Zuque%20(1)%20(1).jpeg HTTP/1.1" 200 66921
69.171.249.10 - - [30/Sep/2023:18:02:07 -0500] "GET /images/pieza-voluntariado-ambiental.jpeg HTTP/1.1" 200 51125
69.171.249.5 - - [30/Sep/2023:18:02:11 -0500] "GET /images/avistamiento-aves.jpg HTTP/1.1" 200 104313
69.171.249.5 - - [30/Sep/2023:18:02:12 -0500] "GET /images/construccion-sostenible-.jpg HTTP/1.1" 200 82949
69.171.249.119 - - [30/Sep/2023:18:02:12 -0500] "GET /images/camino-guadalupe-aguanoso.jpg HTTP/1.1" 200 103489
69.171.249.9 - - [30/Sep/2023:18:02:12 -0500] "GET /images/Caminatas-ecologicas-julio.jpg HTTP/1.1" 200 480557
52.167.144.234 - - [30/Sep/2023:18:03:16 -0500] "GET /BLA/resoluciones/RESOLUCIONES%202023/1307.pdf HTTP/1.1" 200 385681
31.13.115.6 - - [30/Sep/2023:18:03:36 -0500] "GET /proximo-4-de-octubre-simulacro-distrital-de-evacuacion-dia-y-noche.html?fbclid=IwAR3REkOxJD6WM1dkgVSo132ZKA2YF1FK8m0MxNW6i8rh3aJ3G-g1Dmsqe1k HTTP/1.1" 200 783
201.245.192.253 - - [30/Sep/2023:18:04:35 -0500] "POST /kwsrmcab/Wsrmcab  HTTP/1.1" 200 43477
52.167.144.234 - - [30/Sep/2023:18:04:47 -0500] "GET /BLA/resoluciones/RESOLUCIONES%202012/1031.pdf HTTP/1.1" 200 585390
172.22.2.4 - - [30/Sep/2023:18:03:29 -0500] "HEAD /BLA/boletinlegal/ HTTP/1.1" 200 -
172.22.2.4 - - [30/Sep/2023:18:05:44 -0500] "GET /BLA/boletinlegal/actos.php HTTP/1.1" 200 9682
186.154.97.109 - - [30/Sep/2023:18:05:47 -0500] "GET /BLA/resoluciones/ HTTP/1.1" 200 13696
186.154.97.109 - - [30/Sep/2023:18:05:50 -0500] "GET /BLA/resoluciones/index.php?dir=AUTOS+2017%2F HTTP/1.1" 200 470604
66.249.66.20 - - [30/Sep/2023:18:06:00 -0500] "GET /BLA/resoluciones/RESOLUCIONES%202010/3411.pdf HTTP/1.1" 200 317124
172.22.2.4 - - [30/Sep/2023:18:04:20 -0500] "GET /BLA/boletinlegal/ HTTP/1.1" 200 58187
216.245.221.92 - - [30/Sep/2023:18:06:38 -0500] "HEAD / HTTP/1.1" 200 -
216.244.66.195 - - [30/Sep/2023:18:06:44 -0500] "GET /BLA/resoluciones/RESOLUCIONES%201997/RESOLUCION%20260%20DE%201997.pdf HTTP/1.1" 200 37469
216.244.66.195 - - [30/Sep/2023:18:06:54 -0500] "GET /BLA/resoluciones/RESOLUCIONES%202001/RESOLUCION%20351%20DE%202001.pdf HTTP/1.1" 200 16532
216.244.66.195 - - [30/Sep/2023:18:07:01 -0500] "GET /BLA/resoluciones/RESOLUCIONES%202001/RESOLUCION%20878%20DE%202001.pdf HTTP/1.1" 200 125355
216.244.66.195 - - [30/Sep/2023:18:07:51 -0500] "GET /BLA/resoluciones/AUTOS%202007/0158.pdf HTTP/1.1" 200 118819
216.244.66.195 - - [30/Sep/2023:18:08:13 -0500] "GET /BLA/resoluciones/AUTOS%202007/0203.pdf HTTP/1.1" 200 17264
157.55.39.54 - - [30/Sep/2023:18:08:28 -0500] "GET /BLA/resoluciones/RESOLUCIONES%202021/2118.pdf HTTP/1.1" 200 489511
216.244.66.195 - - [30/Sep/2023:18:08:33 -0500] "GET /BLA/resoluciones/AUTOS%202007/0547.pdf HTTP/1.1" 200 326418
216.244.66.195 - - [30/Sep/2023:18:09:15 -0500] "GET /BLA/resoluciones/AUTOS%202007/0616.pdf HTTP/1.1" 200 127454
186.29.189.128 - - [30/Sep/2023:18:09:18 -0500] "GET /portaldeninos/ HTTP/1.1" 200 110175
186.29.189.128 - - [30/Sep/2023:18:09:19 -0500] "GET /portaldeninos/wp-content/uploads/2020/05/fb.jpg HTTP/1.1" 200 9893
186.29.189.128 - - [30/Sep/2023:18:09:20 -0500] "GET /portaldeninos/wp-content/themes/betheme/images/box_shadow.png HTTP/1.1" 200 108
201.245.192.253 - - [30/Sep/2023:18:09:33 -0500] "POST /kwsrmcab/Wsrmcab  HTTP/1.1" 200 43477
216.244.66.195 - - [30/Sep/2023:18:09:50 -0500] "GET /BLA/resoluciones/AUTOS%202007/0629.pdf HTTP/1.1" 200 153562
216.244.66.195 - - [30/Sep/2023:18:10:25 -0500] "GET /BLA/resoluciones/AUTOS%202007/0965.pdf HTTP/1.1" 200 282595
172.22.2.4 - - [30/Sep/2023:18:09:19 -0500] "HEAD /BLA/boletinlegal/ HTTP/1.1" 200 -
216.244.66.195 - - [30/Sep/2023:18:11:06 -0500] "GET /BLA/resoluciones/AUTOS%202007/1325.pdf HTTP/1.1" 200 32658
216.244.66.195 - - [30/Sep/2023:18:11:37 -0500] "GET /BLA/resoluciones/AUTOS%202007/1391.pdf HTTP/1.1" 200 25627
216.245.221.92 - - [30/Sep/2023:18:11:38 -0500] "HEAD / HTTP/1.1" 200 -
172.22.2.4 - - [30/Sep/2023:18:10:10 -0500] "GET /BLA/boletinlegal/ HTTP/1.1" 200 60342
173.252.79.1 - - [30/Sep/2023:18:11:55 -0500] "GET /images/Acuerdos%2001%20(1)%20(1).jpeg HTTP/1.1" 200 32884
157.55.39.54 - - [30/Sep/2023:18:11:59 -0500] "GET /bla/resoluciones/resoluciones%202012/1884.pdf HTTP/1.1" 200 771866
173.252.107.116 - - [30/Sep/2023:18:11:59 -0500] "GET /images/jardines-verticales-plantas-24-mayo.jpg HTTP/1.1" 200 148288
216.244.66.195 - - [30/Sep/2023:18:12:06 -0500] "GET /BLA/resoluciones/AUTOS%202007/1404.pdf HTTP/1.1" 200 42767
52.167.144.24 - - [30/Sep/2023:18:12:28 -0500] "GET /Publicaciones/2023EE225874.pdf HTTP/1.1" 200 232014
216.244.66.195 - - [30/Sep/2023:18:12:36 -0500] "GET /BLA/resoluciones/AUTOS%202007/1443.pdf HTTP/1.1" 200 24243
66.249.79.130 - - [30/Sep/2023:18:12:47 -0500] "GET /ojo-con-los-arboles-en-la-temporada-de-vientos.html HTTP/1.1" 200 769
216.244.66.195 - - [30/Sep/2023:18:13:03 -0500] "GET /BLA/resoluciones/AUTOS%202007/1520.pdf HTTP/1.1" 200 69725
157.55.39.15 - - [30/Sep/2023:18:13:26 -0500] "GET /bogota-reverdece-una-semana-por-la-sostenibilidad-la-resiliencia-climatica-y-la-calidad-del-aire.html HTTP/1.1" 200 973
52.167.144.23 - - [30/Sep/2023:18:13:29 -0500] "GET /BLA/resoluciones/RESOLUCIONES%202012/0788.pdf HTTP/1.1" 200 2677739
216.244.66.195 - - [30/Sep/2023:18:13:31 -0500] "GET /BLA/resoluciones/AUTOS%202007/1549.pdf HTTP/1.1" 200 31965
152.203.229.237 - - [30/Sep/2023:18:13:37 -0500] "GET /predominan-condiciones-moderadas-de-calidad-del-aire-en-bogota.html?fbclid=IwAR2cIJXLQGfNCGavFqifLYPVXZ3RDtXN6m102b5InDM5db8pEZNBwjwkvgY HTTP/1.1" 200 883
216.244.66.195 - - [30/Sep/2023:18:13:57 -0500] "GET /BLA/resoluciones/AUTOS%202009/0687.pdf HTTP/1.1" 200 68152
216.244.66.195 - - [30/Sep/2023:18:14:30 -0500] "GET /BLA/resoluciones/AUTOS%202009/0708.pdf HTTP/1.1" 200 111357
201.245.192.253 - - [30/Sep/2023:18:14:31 -0500] "POST /kwsrmcab/Wsrmcab  HTTP/1.1" 200 43477
216.244.66.195 - - [30/Sep/2023:18:15:03 -0500] "GET /BLA/resoluciones/AUTOS%202009/0731.pdf HTTP/1.1" 200 113175
216.244.66.195 - - [30/Sep/2023:18:15:37 -0500] "GET /BLA/resoluciones/AUTOS%202009/0809.pdf HTTP/1.1" 200 69853
216.244.66.195 - - [30/Sep/2023:18:16:06 -0500] "GET /BLA/resoluciones/AUTOS%202009/0820.pdf HTTP/1.1" 200 71050
216.244.66.195 - - [30/Sep/2023:18:16:34 -0500] "GET /BLA/resoluciones/AUTOS%202009/0874.pdf HTTP/1.1" 200 119604
216.245.221.92 - - [30/Sep/2023:18:16:38 -0500] "HEAD / HTTP/1.1" 200 -
207.46.13.127 - - [30/Sep/2023:18:16:39 -0500] "GET /Publicaciones/2023EE224042.pdf HTTP/1.1" 200 354466
172.22.2.4 - - [30/Sep/2023:18:15:09 -0500] "HEAD /BLA/boletinlegal/ HTTP/1.1" 200 -
216.244.66.195 - - [30/Sep/2023:18:17:01 -0500] "GET /BLA/resoluciones/AUTOS%202009/0890.pdf HTTP/1.1" 200 121436
216.244.66.195 - - [30/Sep/2023:18:17:28 -0500] "GET /BLA/resoluciones/AUTOS%202009/0928.pdf HTTP/1.1" 200 118128
172.22.2.4 - - [30/Sep/2023:18:16:00 -0500] "GET /BLA/boletinlegal/ HTTP/1.1" 200 60692
216.244.66.195 - - [30/Sep/2023:18:17:53 -0500] "GET /BLA/resoluciones/AUTOS%202009/1053.pdf HTTP/1.1" 200 184928
201.245.192.253 - - [30/Sep/2023:18:18:03 -0500] "POST /kwsrmcab/Wsrmcab HTTP/1.1" 200 43781
201.245.192.253 - - [30/Sep/2023:18:18:06 -0500] "POST /kwsrmcab/Wsrmcab HTTP/1.1" 200 40982
216.244.66.195 - - [30/Sep/2023:18:18:18 -0500] "GET /BLA/resoluciones/AUTOS%202009/1187.pdf HTTP/1.1" 200 125117
207.46.13.127 - - [30/Sep/2023:18:18:19 -0500] "GET /BLA/resoluciones/RESOLUCIONES%202012/1556.pdf HTTP/1.1" 200 3312756
216.244.66.195 - - [30/Sep/2023:18:18:45 -0500] "GET /BLA/resoluciones/AUTOS%202009/1221.pdf HTTP/1.1" 200 128222
216.244.66.195 - - [30/Sep/2023:18:19:07 -0500] "GET /BLA/resoluciones/AUTOS%202009/1369.pdf HTTP/1.1" 200 117669
