191.104.122.66 - - [30/Sep/2023:13:33:33 -0500] "GET /sipse/faces/javax.faces.resource/layout/layout.js?ln=primefaces&v=4.0 HTTP/1.1" 304 -
191.104.122.66 - - [30/Sep/2023:13:33:37 -0500] "POST /sipse/faces/presentacion/financiero/solicitudProceso/consultar.xhtml HTTP/1.1" 200 193
191.104.122.66 - - [30/Sep/2023:13:33:37 -0500] "POST /sipse/faces/presentacion/financiero/solicitudProceso/consultar.xhtml HTTP/1.1" 200 193
191.104.122.66 - - [30/Sep/2023:13:33:37 -0500] "GET /sipse/faces/presentacion/financiero/solicitudAnulacion/consultarSolicitudAnulacion.xhtml HTTP/1.1" 200 26192
191.104.122.66 - - [30/Sep/2023:13:33:37 -0500] "GET /sipse/faces/presentacion/financiero/solicitudAnulacion/consultarSolicitudAnulacion.xhtml HTTP/1.1" 200 42212
191.104.122.66 - - [30/Sep/2023:13:33:38 -0500] "GET /sipse/faces/javax.faces.resource/theme.css?ln=primefaces-sipse HTTP/1.1" 304 -
191.104.122.66 - - [30/Sep/2023:13:33:38 -0500] "GET /sipse/faces/javax.faces.resource/primefaces.css?ln=primefaces&v=4.0 HTTP/1.1" 304 -
191.104.122.66 - - [30/Sep/2023:13:33:38 -0500] "GET /sipse/faces/javax.faces.resource/layout/layout.css?ln=primefaces&v=4.0 HTTP/1.1" 304 -
191.104.122.66 - - [30/Sep/2023:13:33:38 -0500] "GET /sipse/faces/javax.faces.resource/jquery/jquery-plugins.js?ln=primefaces&v=4.0 HTTP/1.1" 304 -
191.104.122.66 - - [30/Sep/2023:13:33:38 -0500] "GET /sipse/faces/javax.faces.resource/jquery/jquery.js?ln=primefaces&v=4.0 HTTP/1.1" 304 -
191.104.122.66 - - [30/Sep/2023:13:33:38 -0500] "GET /sipse/faces/javax.faces.resource/layout/layout.js?ln=primefaces&v=4.0 HTTP/1.1" 304 -
191.104.122.66 - - [30/Sep/2023:13:33:38 -0500] "GET /sipse/faces/javax.faces.resource/primefaces.js?ln=primefaces&v=4.0 HTTP/1.1" 304 -
191.104.122.66 - - [30/Sep/2023:13:33:38 -0500] "POST /sipse/faces/presentacion/financiero/solicitudAnulacion/consultarSolicitudAnulacion.xhtml HTTP/1.1" 200 10636
191.104.122.66 - - [30/Sep/2023:13:33:54 -0500] "POST /sipse/faces/presentacion/financiero/solicitudAnulacion/consultarSolicitudAnulacion.xhtml HTTP/1.1" 200 40803
191.104.122.66 - - [30/Sep/2023:13:33:54 -0500] "GET /sipse/faces/javax.faces.resource/theme.css?ln=primefaces-sipse HTTP/1.1" 304 -
191.104.122.66 - - [30/Sep/2023:13:33:54 -0500] "GET /sipse/faces/javax.faces.resource/primefaces.css?ln=primefaces&v=4.0 HTTP/1.1" 304 -
191.104.122.66 - - [30/Sep/2023:13:33:54 -0500] "GET /sipse/faces/javax.faces.resource/layout/layout.css?ln=primefaces&v=4.0 HTTP/1.1" 304 -
191.104.122.66 - - [30/Sep/2023:13:33:54 -0500] "GET /sipse/faces/javax.faces.resource/jquery/jquery.js?ln=primefaces&v=4.0 HTTP/1.1" 304 -
191.104.122.66 - - [30/Sep/2023:13:33:54 -0500] "GET /sipse/faces/javax.faces.resource/jquery/jquery-plugins.js?ln=primefaces&v=4.0 HTTP/1.1" 304 -
191.104.122.66 - - [30/Sep/2023:13:33:54 -0500] "GET /sipse/faces/javax.faces.resource/primefaces.js?ln=primefaces&v=4.0 HTTP/1.1" 304 -
191.104.122.66 - - [30/Sep/2023:13:33:54 -0500] "GET /sipse/faces/javax.faces.resource/layout/layout.js?ln=primefaces&v=4.0 HTTP/1.1" 304 -
191.104.122.66 - - [30/Sep/2023:13:34:02 -0500] "POST /sipse/faces/presentacion/financiero/solicitudProceso/consultar.xhtml HTTP/1.1" 200 42358
191.104.122.66 - - [30/Sep/2023:13:34:16 -0500] "POST /sipse/faces/presentacion/financiero/solicitudProceso/consultar.xhtml HTTP/1.1" 200 31507
191.104.122.66 - - [30/Sep/2023:13:34:24 -0500] "POST /sipse/faces/presentacion/financiero/solicitudProceso/consultar.xhtml HTTP/1.1" 200 31405
216.244.66.195 - - [30/Sep/2023:13:34:52 -0500] "GET /BLA/resoluciones/RESOLUCIONES%202020/2143.pdf HTTP/1.1" 200 361331
172.22.2.4 - - [30/Sep/2023:13:34:52 -0500] "GET /BLA/boletinlegal/jurisprudencia/analisis/analisis%20C-595-2010.doc HTTP/1.1" 304 -
191.104.122.66 - - [30/Sep/2023:13:34:53 -0500] "POST /sipse/faces/presentacion/financiero/solicitudProceso/consultar.xhtml HTTP/1.1" 200 31511
191.104.122.66 - - [30/Sep/2023:13:34:56 -0500] "POST /sipse/faces/presentacion/financiero/solicitudProceso/consultar.xhtml HTTP/1.1" 200 30528
191.104.122.66 - - [30/Sep/2023:13:34:58 -0500] "POST /sipse/faces/presentacion/financiero/solicitudProceso/consultar.xhtml HTTP/1.1" 200 31231
191.104.122.66 - - [30/Sep/2023:13:35:02 -0500] "POST /sipse/faces/presentacion/financiero/solicitudProceso/consultar.xhtml HTTP/1.1" 200 30873
191.104.122.66 - - [30/Sep/2023:13:35:04 -0500] "POST /sipse/faces/presentacion/financiero/solicitudProceso/consultar.xhtml HTTP/1.1" 200 30922
191.104.122.66 - - [30/Sep/2023:13:35:08 -0500] "POST /sipse/faces/presentacion/financiero/solicitudProceso/consultar.xhtml HTTP/1.1" 200 30369
191.104.122.66 - - [30/Sep/2023:13:35:10 -0500] "POST /sipse/faces/presentacion/financiero/solicitudProceso/consultar.xhtml HTTP/1.1" 200 30518
191.104.122.66 - - [30/Sep/2023:13:35:13 -0500] "POST /sipse/faces/presentacion/financiero/solicitudProceso/consultar.xhtml HTTP/1.1" 200 17133
216.244.66.195 - - [30/Sep/2023:13:35:32 -0500] "GET /BLA/resoluciones/RESOLUCIONES%202020/2262.pdf HTTP/1.1" 200 399189
201.245.192.253 - - [30/Sep/2023:13:35:44 -0500] "POST /kwsrmcab/Wsrmcab  HTTP/1.1" 200 43477
157.55.39.9 - - [30/Sep/2023:13:36:11 -0500] "GET /BLA/boletinlegal/Circulares/2012/Circular%20No.%2015%20del%2022%20de%20octubre%20de%202012.pdf HTTP/1.1" 304 -
216.244.66.195 - - [30/Sep/2023:13:36:19 -0500] "GET /BLA/resoluciones/RESOLUCIONES%202020/2434.pdf HTTP/1.1" 200 411130
216.245.221.92 - - [30/Sep/2023:13:36:39 -0500] "HEAD / HTTP/1.1" 200 -
172.22.2.4 - - [30/Sep/2023:13:35:09 -0500] "HEAD /BLA/boletinlegal/ HTTP/1.1" 200 -
216.244.66.195 - - [30/Sep/2023:13:37:09 -0500] "GET /BLA/resoluciones/RESOLUCIONES%202020/2474.pdf HTTP/1.1" 200 381230
172.22.2.4 - - [30/Sep/2023:13:36:00 -0500] "GET /BLA/boletinlegal/ HTTP/1.1" 200 60692
52.167.144.236 - - [30/Sep/2023:13:37:45 -0500] "GET /BLA/resoluciones/RESOLUCIONES%202021/3975.pdf HTTP/1.1" 200 408984
216.244.66.195 - - [30/Sep/2023:13:37:57 -0500] "GET /BLA/resoluciones/RESOLUCIONES%202021/0167.pdf HTTP/1.1" 200 4929678
201.245.192.253 - - [30/Sep/2023:13:38:04 -0500] "POST /kwsrmcab/Wsrmcab HTTP/1.1" 200 40791
201.245.192.253 - - [30/Sep/2023:13:38:07 -0500] "POST /kwsrmcab/Wsrmcab HTTP/1.1" 200 40973
216.244.66.195 - - [30/Sep/2023:13:38:48 -0500] "GET /BLA/resoluciones/RESOLUCIONES%202021/0316.pdf HTTP/1.1" 200 1048804
216.244.66.195 - - [30/Sep/2023:13:39:38 -0500] "GET /BLA/resoluciones/RESOLUCIONES%202021/0577.pdf HTTP/1.1" 200 331780
216.244.66.195 - - [30/Sep/2023:13:40:23 -0500] "GET /BLA/resoluciones/RESOLUCIONES%202021/0641.pdf HTTP/1.1" 200 486392
201.245.192.253 - - [30/Sep/2023:13:40:43 -0500] "POST /kwsrmcab/Wsrmcab  HTTP/1.1" 200 43477
172.22.2.4 - - [30/Sep/2023:13:40:15 -0500] "GET /BLA/boletinlegal/ HTTP/1.1" 200 24523
199.16.157.180 - - [30/Sep/2023:13:41:00 -0500] "GET /images/Mujeres%20que%20reverdecen%201%20sept.jpeg HTTP/1.1" 200 134076
216.244.66.195 - - [30/Sep/2023:13:41:10 -0500] "GET /BLA/resoluciones/RESOLUCIONES%202021/0789.pdf HTTP/1.1" 200 9137250
216.245.221.92 - - [30/Sep/2023:13:41:39 -0500] "HEAD / HTTP/1.1" 200 -
201.245.192.253 - - [30/Sep/2023:13:41:51 -0500] "POST /sipse/faces/presentacion/financiero/solicitudProceso/consultarSolicitudProceso.xhtml HTTP/1.1" 200 5489
201.245.192.253 - - [30/Sep/2023:13:41:51 -0500] "GET /sipse/faces/javax.faces.resource/dynamiccontent.properties?ln=primefaces&pfdrid=XjOR5%2F%2FfPAZAuY9TpWQeCiM0BhlXxYRBGKi%2FQcXXfeA%3D&pfdrid_c=false HTTP/1.1" 200 104820
216.244.66.195 - - [30/Sep/2023:13:42:09 -0500] "GET /BLA/resoluciones/RESOLUCIONES%202021/0901.pdf HTTP/1.1" 200 619455
23.22.35.162 - - [30/Sep/2023:13:42:24 -0500] "GET /cumbre-p4g-soluciones-conjuntas-para-consolidar-ciudades-sostenibles.html HTTP/1.1" 200 780
172.22.2.4 - - [30/Sep/2023:13:40:59 -0500] "HEAD /BLA/boletinlegal/ HTTP/1.1" 200 -
69.63.184.6 - - [30/Sep/2023:13:42:39 -0500] "GET /oso-melero-recuperado-en-bogota-fue-liberado-exitosamente-en-el-meta.html HTTP/1.1" 200 948
216.244.66.195 - - [30/Sep/2023:13:42:57 -0500] "GET /BLA/resoluciones/RESOLUCIONES%202021/1121.pdf HTTP/1.1" 200 448710
201.245.192.253 - - [30/Sep/2023:13:43:17 -0500] "GET /reportes_sipsepre/sdg/ServletViabilidad?reporte=memo_viabilidad&solicitud=14264 HTTP/1.1" 200 1538
172.22.2.4 - - [30/Sep/2023:13:41:50 -0500] "GET /BLA/boletinlegal/ HTTP/1.1" 200 60342
216.244.66.195 - - [30/Sep/2023:13:43:43 -0500] "GET /BLA/resoluciones/RESOLUCIONES%202021/1332.pdf HTTP/1.1" 200 935100
216.244.66.195 - - [30/Sep/2023:13:44:36 -0500] "GET /BLA/resoluciones/RESOLUCIONES%202021/1936.pdf HTTP/1.1" 200 534113
216.244.66.195 - - [30/Sep/2023:13:45:16 -0500] "GET /BLA/resoluciones/RESOLUCIONES%202021/2025.pdf HTTP/1.1" 200 629520
201.245.192.253 - - [30/Sep/2023:13:45:41 -0500] "POST /kwsrmcab/Wsrmcab  HTTP/1.1" 200 43477
71.6.134.233 - - [30/Sep/2023:13:45:48 -0500] "\x16\x03\x01" 400 226
201.245.192.253 - - [30/Sep/2023:13:45:51 -0500] "POST /sipsesda/faces/vista/administracion/funcionario/listadoFuncionario.jspx HTTP/1.1" 200 37125
201.245.192.253 - - [30/Sep/2023:13:45:51 -0500] "GET /favicon.ico HTTP/1.1" 200 7782
201.245.192.253 - - [30/Sep/2023:13:45:52 -0500] "POST /sipsesda/faces/vista/administracion/funcionario/listadoFuncionario.jspx HTTP/1.1" 302 201
216.244.66.195 - - [30/Sep/2023:13:46:03 -0500] "GET /BLA/resoluciones/RESOLUCIONES%202021/2769.pdf HTTP/1.1" 200 357626
216.245.221.92 - - [30/Sep/2023:13:46:39 -0500] "HEAD / HTTP/1.1" 200 -
216.244.66.195 - - [30/Sep/2023:13:46:43 -0500] "GET /BLA/resoluciones/RESOLUCIONES%202021/2870.pdf HTTP/1.1" 200 471619
157.55.39.9 - - [30/Sep/2023:13:46:44 -0500] "GET /portaldeninos/ HTTP/1.1" 200 110175
216.244.66.195 - - [30/Sep/2023:13:47:18 -0500] "GET /BLA/resoluciones/RESOLUCIONES%202021/2890.pdf HTTP/1.1" 200 360396
216.244.66.195 - - [30/Sep/2023:13:47:49 -0500] "GET /BLA/resoluciones/RESOLUCIONES%202021/2892.pdf HTTP/1.1" 200 935392
40.77.167.59 - - [30/Sep/2023:13:48:24 -0500] "GET /BLA/resoluciones/RESOLUCIONES%202023/1458.pdf HTTP/1.1" 200 388747
40.77.167.59 - - [30/Sep/2023:13:48:25 -0500] "GET /bla/resoluciones/resoluciones%202012/1500.pdf HTTP/1.1" 200 1049918
172.22.2.4 - - [30/Sep/2023:13:46:49 -0500] "HEAD /BLA/boletinlegal/ HTTP/1.1" 200 -
216.244.66.195 - - [30/Sep/2023:13:48:30 -0500] "GET /BLA/resoluciones/RESOLUCIONES%202021/3639.pdf HTTP/1.1" 200 568600
216.244.66.195 - - [30/Sep/2023:13:49:08 -0500] "GET /BLA/resoluciones/RESOLUCIONES%202021/3831.pdf HTTP/1.1" 200 362312
172.22.2.4 - - [30/Sep/2023:13:47:40 -0500] "GET /BLA/boletinlegal/ HTTP/1.1" 200 52656
216.244.66.195 - - [30/Sep/2023:13:49:42 -0500] "GET /BLA/resoluciones/RESOLUCIONES%202021/4264.pdf HTTP/1.1" 200 336842
157.55.39.59 - - [30/Sep/2023:13:50:11 -0500] "GET /BLA/resoluciones/RESOLUCIONES%202021/4030.pdf HTTP/1.1" 200 351841
216.244.66.195 - - [30/Sep/2023:13:50:11 -0500] "GET /BLA/resoluciones/RESOLUCIONES%202022/0202.pdf HTTP/1.1" 200 333055
216.244.66.195 - - [30/Sep/2023:13:50:40 -0500] "GET /BLA/resoluciones/RESOLUCIONES%202022/0516.pdf HTTP/1.1" 200 350111
201.245.192.253 - - [30/Sep/2023:13:50:41 -0500] "POST /kwsrmcab/Wsrmcab  HTTP/1.1" 200 43477
216.244.66.195 - - [30/Sep/2023:13:51:11 -0500] "GET /BLA/resoluciones/RESOLUCIONES%202022/0684.pdf HTTP/1.1" 200 477256
216.245.221.92 - - [30/Sep/2023:13:51:39 -0500] "HEAD / HTTP/1.1" 200 -
216.244.66.195 - - [30/Sep/2023:13:51:41 -0500] "GET /BLA/resoluciones/RESOLUCIONES%202022/0763.pdf HTTP/1.1" 200 342611
216.244.66.195 - - [30/Sep/2023:13:52:08 -0500] "GET /BLA/resoluciones/RESOLUCIONES%202022/0882.pdf HTTP/1.1" 200 356720
216.244.66.195 - - [30/Sep/2023:13:52:32 -0500] "GET /BLA/resoluciones/RESOLUCIONES%202022/1072.pdf HTTP/1.1" 200 400364
216.244.66.195 - - [30/Sep/2023:13:52:56 -0500] "GET /BLA/resoluciones/RESOLUCIONES%202022/1397.pdf HTTP/1.1" 200 443220
216.244.66.195 - - [30/Sep/2023:13:53:20 -0500] "GET /BLA/resoluciones/RESOLUCIONES%202022/1591.pdf HTTP/1.1" 200 340617
216.244.66.195 - - [30/Sep/2023:13:53:42 -0500] "GET /BLA/resoluciones/RESOLUCIONES%202022/1735.pdf HTTP/1.1" 200 403272
216.244.66.195 - - [30/Sep/2023:13:54:02 -0500] "GET /BLA/resoluciones/RESOLUCIONES%202022/1987.pdf HTTP/1.1" 200 572014
157.55.39.203 - - [30/Sep/2023:13:54:09 -0500] "GET /BLA/resoluciones/RESOLUCIONES%202012/1714.pdf HTTP/1.1" 200 624455
172.22.2.4 - - [30/Sep/2023:13:52:39 -0500] "HEAD /BLA/boletinlegal/ HTTP/1.1" 200 -
216.244.66.195 - - [30/Sep/2023:13:54:22 -0500] "GET /BLA/resoluciones/RESOLUCIONES%202022/2792.pdf HTTP/1.1" 200 404540
216.244.66.195 - - [30/Sep/2023:13:54:41 -0500] "GET /BLA/resoluciones/RESOLUCIONES%202022/2796.pdf HTTP/1.1" 200 394557
216.244.66.195 - - [30/Sep/2023:13:54:59 -0500] "GET /BLA/resoluciones/RESOLUCIONES%202022/2841.pdf HTTP/1.1" 200 336360
172.22.2.4 - - [30/Sep/2023:13:53:30 -0500] "GET /BLA/boletinlegal/ HTTP/1.1" 200 58187
216.244.66.195 - - [30/Sep/2023:13:55:15 -0500] "GET /BLA/resoluciones/RESOLUCIONES%202022/3160.pdf HTTP/1.1" 200 396725
216.244.66.195 - - [30/Sep/2023:13:55:31 -0500] "GET /BLA/resoluciones/RESOLUCIONES%202022/3648.pdf HTTP/1.1" 200 381910
40.77.167.26 - - [30/Sep/2023:13:55:35 -0500] "GET /Publicaciones/2023EE225053.pdf HTTP/1.1" 200 2986360
201.245.192.253 - - [30/Sep/2023:13:55:39 -0500] "POST /kwsrmcab/Wsrmcab  HTTP/1.1" 200 43477
216.244.66.195 - - [30/Sep/2023:13:55:46 -0500] "GET /BLA/resoluciones/RESOLUCIONES%202022/4052.pdf HTTP/1.1" 200 1655060
216.244.66.195 - - [30/Sep/2023:13:56:00 -0500] "GET /BLA/resoluciones/RESOLUCIONES%202022/4393.pdf HTTP/1.1" 200 383059
216.244.66.195 - - [30/Sep/2023:13:56:12 -0500] "GET /BLA/resoluciones/RESOLUCIONES%202022/4758.pdf HTTP/1.1" 200 520784
216.244.66.195 - - [30/Sep/2023:13:56:24 -0500] "GET /BLA/resoluciones/RESOLUCIONES%202023/0105.pdf HTTP/1.1" 200 523908
216.244.66.195 - - [30/Sep/2023:13:56:35 -0500] "GET /BLA/resoluciones/RESOLUCIONES%202023/0160.pdf HTTP/1.1" 200 406253
216.245.221.92 - - [30/Sep/2023:13:56:39 -0500] "HEAD / HTTP/1.1" 200 -
216.244.66.195 - - [30/Sep/2023:13:56:45 -0500] "GET /BLA/resoluciones/RESOLUCIONES%202023/0694.pdf HTTP/1.1" 200 360241
216.244.66.195 - - [30/Sep/2023:13:56:53 -0500] "GET /BLA/resoluciones/AUTOS%202007/0627.pdf HTTP/1.1" 200 66570
216.244.66.195 - - [30/Sep/2023:13:57:00 -0500] "GET /BLA/resoluciones/AUTOS%202007/0658.pdf HTTP/1.1" 200 143558
216.244.66.195 - - [30/Sep/2023:13:57:28 -0500] "GET /BLA/resoluciones/AUTOS%202007/0732.pdf HTTP/1.1" 200 22076
201.245.192.253 - - [30/Sep/2023:13:57:36 -0500] "GET /reportes_sipsepre/sdg/ServletFirma?solicitud=14264 HTTP/1.1" 200 1949
216.244.66.195 - - [30/Sep/2023:13:57:50 -0500] "GET /BLA/resoluciones/AUTOS%202007/0932.pdf HTTP/1.1" 200 24845
40.77.167.15 - - [30/Sep/2023:13:57:53 -0500] "GET /BLA/resoluciones/RESOLUCIONES%202023/0183.pdf HTTP/1.1" 200 364493
216.244.66.195 - - [30/Sep/2023:13:58:11 -0500] "GET /BLA/resoluciones/AUTOS%202007/1098.pdf HTTP/1.1" 200 25583
216.244.66.195 - - [30/Sep/2023:13:58:31 -0500] "GET /BLA/resoluciones/AUTOS%202007/1199.pdf HTTP/1.1" 200 28347
216.244.66.195 - - [30/Sep/2023:13:58:50 -0500] "GET /BLA/resoluciones/AUTOS%202007/1323.pdf HTTP/1.1" 200 33647
186.102.51.204 - - [30/Sep/2023:13:59:05 -0500] "GET /kwssiamovil/sm/acme/a?s=U2FsdGVkX192VbiV8SCkW3z3aZz60zaibFX3VKKNKX8st9XOz+cJuHNRPbsYQpszX3L5dev/EsN/5pbgNCs4L2o/sBGWM2eHUokZmKjoo78gLGW3qpOR8sqjfWkqKYgejDLbSNEJsxnDPPEclaU7IbGhtDWKOGAQfoZlgUDJYpNoBpOXGzjHZjrYWkKP8uM+PqtxnPCraP9ncyCRa+zvNRh1eW9XpgaKeQjio6gdB8J40VjW7OaH7zD2BSzd7jAWpCIQ1CGNGWN+axYZir38kg==&u=U2FsdGVkX19MUdnF5cSXFjjV4OHdIQrV8+1YbTARzR4=&y=U2FsdGVkX19Ad8btL9nxUI5pm6Vt4TP8CwG6JnY9JxY= HTTP/1.1" 200 26
186.102.51.204 - - [30/Sep/2023:13:59:06 -0500] "GET /kwssiamovil/sm/acme/a?s=U2FsdGVkX1+7MgOhDr1YXeC1an/S7pjT7MurUOquQIMgI2VUPyRxo9uKl4Z9iqXBxVNhu4i/qorgZfmqpckbArAuSnFgvaDTCaNC+P2zCB2HgEfGnCy/QyiTIiwI8e6HT6uYLRZxbHFqVMYDnye50Oh2K2C3xMLLqOWHTYE/SX8LIjHSowRZKMPJfQhMeLnYwjmHBeWim1U6Y+saPjm4ZZWOWWJQ/NChpXczBlN2uWAleYqiGkK6FWwxzSPT+w3dSSgjQTR10ouUhqscA8qoTxZc4NNziOP+WXVaGi3CZSsGdOdBWd0afdWkRu/N6UTzVNUpJLInQacF8rpqrS/bd3wfcVAtnat/lUH3bqSXSEiHagk4B1JUH/19sinp/O5bTSblLNew0qZDPIZwFOkK6Qwlk7khaNoH0c1bE4Ji9BJLpETa/sNLDYc/zuSbttUUgp6dWAP13bF2keUExKytcSwu4edwk14W7y9znGcqndeIDH6ZTohXX1SZtP6a6dP3s5SXR+KwCjXUWHTQZmZSLuIRAzxPNR52IzS8bRiKKGMDe6afZ4lAe2WMxAKZFRtAuPSKJJoyoAw3NvHNjg6PXTrIPJjH2Hm0YJtRhq6+6DHTfy2HiXWf+9qcXdzJIPSrCBwoE9kuHnPQrk+h59tS6aO4tqeJo9rq8rEdtZHPLD9iSzbYCe66KFYhv+gQ/J2D7i90Ja94bYM8HMc/L5tGYeJ9HC2D3Qnn+yW00Q4nn45OzkT0NHbIcAZN8Dm0/iINKuLmh03DPtDuUZRq/LxSwHq1340uY1s0t+E3vXzrrFQD//ciL8l7HDx9lQVzkcIbqHtSuxgqkUQT6eAUv2jPnKOVmDifrWrkmX1S+OBLnX6TZMny+2pHpHiV2dofiP8xUHoKEuJC5dgHrV8btkCctJicGyI4xlKhqUoX4OP/dQYazCM6FZvBUzavzgauzLh78VD/ut6eBv7BlZT6rKTtolQjXsloT9y7AWY3m9KsqdQXFIHbXzH/J2JDpzsqiBXeY0vZh/bYe7r4nSN38SOcqsC0aXePD+a8d70Q84CKMfpvuU1kgY01XwADC8KUAWaQwiyAV8NHWiHz9S+zwvuaCI2jSqxXQe2VfLZe1TVo828Ui+MbiynAzjiecAQaDcCJIcbPdaVbWQK2KgPNQAAeS/pIIxQwt4DddTzAP7OeEWbqKdhtyxW0+OLzZ8nV8OMD95ZB3hcXgX6lTR34/hv/DuoMkUSPY/umxopnvRVzeZng9s8Ibi1r4DiObhsiNu+MK9ItOP62HsjgxHGLLGZrkWm+WvuxJFP8AoMvH+j9XC3opQR0I91JeUJTfM0Q3p0/4vdzdCkjnfyLx412syVFIduKHEUTrcrMD7CNfXvkS/NgCi3f0NvLppTLMuh3Tjo4vyFfFjcwU04UFHiijUypq2jwJ+oQV8GBKIvJvbwF4la2vmMUouaz2eqgL6wQ3S5xPwzVY83y+YnzjwYCZ6dyIPmxV6P84NliTCO7dB5GVjwjxwC8rSO9s/8VIOmCL7kBFvGjVvsaa13mEsX/7/S7qd5Vy1hABwHluG89B+DCx84do9/Y6jz6QjWuG+OCjwFfTaBxNLfColB68IwnhbIcjSAc3hKsICmj2HviyGnYLNOBLAvDWhkE30DJBcXTYSuGgA4thepqPwXXDNzBaybaOgSFqk97PMtfyeE6o1vumQqZa5ZshhK69Wvn7WtMgRtoAiZsd24G09TbW1PIVr9c3yuGeEQRVgjan8sWe4+kQtvtZuk78Zds/XrKGvE+EZLGPDcYVNqjTjHFw+0EK7vXqbz5HQjynbbH7hdugdHC/uU=&u=U2FsdGVkX19MUdnF5cSXFjjV4OHdIQrV8+1YbTARzR4=&y=U2FsdGVkX19Ad8btL9nxUI5pm6Vt4TP8CwG6JnY9JxY= HTTP/1.1" 200 26
186.102.51.204 - - [30/Sep/2023:13:59:06 -0500] "GET /kwssiamovil/sm/acme/a?s=U2FsdGVkX19fL8eMEvSCjvsfT8LV4oP5P+p+LL3oyQU96ULxOA2wuLowT+DWxN3tqyyDB1gM9n28u+GXAInYA09DvoUQAuuN1QhfH7mfz4JvqPYD4hO4EIX0ekX1zH73/bajKAuoZubcmtDex8ahCh4Sh+U9wdJxY9boqHrJglQ=&u=U2FsdGVkX19MUdnF5cSXFjjV4OHdIQrV8+1YbTARzR4=&y=U2FsdGVkX19Ad8btL9nxUI5pm6Vt4TP8CwG6JnY9JxY= HTTP/1.1" 200 26
186.102.51.204 - - [30/Sep/2023:13:59:07 -0500] "GET /kwssiamovil/sm/acme/a?s=U2FsdGVkX18BqJ/szLz7Zf8xCpSYJ7DJSqWClel9QcrDaXB+TgjAfDoq15qw1Qu6wjNKye4iKkMEyKscYlzjHdws8sURr4TqVoyPs8KFkfFY2nCgp34DDNbJxxjMqXRw8atBBQenE2nKjH9BNrRFT6LVEDo4AyQk7EieC0dlm2A=&u=U2FsdGVkX19MUdnF5cSXFjjV4OHdIQrV8+1YbTARzR4=&y=U2FsdGVkX19Ad8btL9nxUI5pm6Vt4TP8CwG6JnY9JxY= HTTP/1.1" 200 26
186.102.51.204 - - [30/Sep/2023:13:59:07 -0500] "GET /kwssiamovil/sm/acme/a?s=U2FsdGVkX1+tgie/UDP3IZbFAkc8+3++YmtuEEYrjSD5fftRjWxCnZPXL9VXhy8usLYS3czsuEhwCDcxjVtJ/zVa+Y7mOE47KNMUvxP8tjQMfxhEDqnZ2fuuRxIYu1rP2JePdfKLqXx5r8D2MLQc3ZwKhlM00im3B1YErJsKgYc=&u=U2FsdGVkX19MUdnF5cSXFjjV4OHdIQrV8+1YbTARzR4=&y=U2FsdGVkX19Ad8btL9nxUI5pm6Vt4TP8CwG6JnY9JxY= HTTP/1.1" 200 26
186.102.51.204 - - [30/Sep/2023:13:59:07 -0500] "GET /kwssiamovil/sm/acme/a?s=U2FsdGVkX1+3PVeD72Xp7vZKtV3dnZ/VjH/m2hq6fo4DsfgtYmZS9pzigBgo+wp2F6pi+YwZ198KPeFh1mXfAHk52ipdagQrZMto/yhtQ10N0o4AN0ZZxYYRWTpxW7GHvCyGWwZDAK0GVs6GhzMMcO5d/+d9zEogIdydR6j9oKHcyCk8SMfZkDL7ghb/p05g&u=U2FsdGVkX19MUdnF5cSXFjjV4OHdIQrV8+1YbTARzR4=&y=U2FsdGVkX19Ad8btL9nxUI5pm6Vt4TP8CwG6JnY9JxY= HTTP/1.1" 200 26
216.244.66.195 - - [30/Sep/2023:13:59:08 -0500] "GET /BLA/resoluciones/AUTOS%202007/1339.pdf HTTP/1.1" 200 53810
216.244.66.195 - - [30/Sep/2023:13:59:26 -0500] "GET /BLA/resoluciones/AUTOS%202007/1476.pdf HTTP/1.1" 200 44556
216.244.66.195 - - [30/Sep/2023:13:59:42 -0500] "GET /BLA/resoluciones/AUTOS%202007/1588.pdf HTTP/1.1" 200 29396
216.244.66.195 - - [30/Sep/2023:13:59:57 -0500] "GET /BLA/resoluciones/AUTOS%202007/1643.pdf HTTP/1.1" 200 135435
172.22.2.4 - - [30/Sep/2023:13:58:29 -0500] "HEAD /BLA/boletinlegal/ HTTP/1.1" 200 -
216.244.66.195 - - [30/Sep/2023:14:00:12 -0500] "GET /BLA/resoluciones/AUTOS%202007/1834.pdf HTTP/1.1" 200 28830
216.244.66.195 - - [30/Sep/2023:14:00:25 -0500] "GET /BLA/resoluciones/AUTOS%202009/0716.pdf HTTP/1.1" 200 107153
216.244.66.195 - - [30/Sep/2023:14:00:37 -0500] "GET /BLA/resoluciones/AUTOS%202009/0832.pdf HTTP/1.1" 200 78527
201.245.192.253 - - [30/Sep/2023:14:00:39 -0500] "POST /kwsrmcab/Wsrmcab  HTTP/1.1" 200 43477
172.22.2.4 - - [30/Sep/2023:13:59:20 -0500] "GET /BLA/boletinlegal/ HTTP/1.1" 200 60692
40.77.167.26 - - [30/Sep/2023:14:01:05 -0500] "GET /BLA/resoluciones/RESOLUCIONES%202012/0756.pdf HTTP/1.1" 200 302836
216.245.221.92 - - [30/Sep/2023:14:01:39 -0500] "HEAD / HTTP/1.1" 200 -
172.22.2.4 - - [30/Sep/2023:14:03:33 -0500] "GET /BLA/boletinlegal/actos.php HTTP/1.1" 200 9682
168.119.253.13 - - [30/Sep/2023:14:03:59 -0500] "GET / HTTP/1.1" 200 4720
168.119.253.13 - - [30/Sep/2023:14:04:02 -0500] "GET / HTTP/1.1" 200 319
216.244.66.195 - - [30/Sep/2023:14:04:09 -0500] "GET /robots.txt HTTP/1.1" 404 1018
157.55.39.12 - - [30/Sep/2023:14:04:14 -0500] "GET /BLA/resoluciones/RESOLUCIONES%202012/1217.pdf HTTP/1.1" 200 376608
52.167.144.189 - - [30/Sep/2023:14:04:35 -0500] "GET /sipse/faces/presentacion/sistema/anexos/cargarAnexoSolicitudProceso.xhtml HTTP/1.1" 302 -
52.167.144.189 - - [30/Sep/2023:14:04:36 -0500] "GET /sipse/faces/autenticacion.xhtml HTTP/1.1" 200 12416
172.22.2.4 - - [30/Sep/2023:14:04:40 -0500] "GET /BLA/boletinlegal/login HTTP/1.1" 404 1018
40.77.167.33 - - [30/Sep/2023:14:04:57 -0500] "GET /sipse/faces/autenticacion.xhtml HTTP/1.1" 200 12738
201.245.192.253 - - [30/Sep/2023:14:05:37 -0500] "POST /kwsrmcab/Wsrmcab  HTTP/1.1" 200 43477
172.22.2.4 - - [30/Sep/2023:14:04:19 -0500] "HEAD /BLA/boletinlegal/ HTTP/1.1" 200 -
51.159.214.48 - - [30/Sep/2023:14:06:10 -0500] "HEAD / HTTP/1.1" 200 -
51.159.214.48 - - [30/Sep/2023:14:06:11 -0500] "GET / HTTP/1.1" 200 319
51.159.214.48 - - [30/Sep/2023:14:06:12 -0500] "GET / HTTP/1.1" 200 319
51.159.214.48 - - [30/Sep/2023:14:06:12 -0500] "GET /ads.txt HTTP/1.1" 404 1018
216.245.221.92 - - [30/Sep/2023:14:06:39 -0500] "HEAD / HTTP/1.1" 200 -
172.22.2.4 - - [30/Sep/2023:14:05:10 -0500] "GET /BLA/boletinlegal/ HTTP/1.1" 200 53013
201.245.192.253 - - [30/Sep/2023:14:07:46 -0500] "POST /sipse/faces/presentacion/financiero/solicitudProceso/consultarSolicitudProceso.xhtml HTTP/1.1" 200 55353
201.245.192.253 - - [30/Sep/2023:14:07:47 -0500] "GET /sipse/faces/javax.faces.resource/jquery/jquery.js?ln=primefaces&v=4.0 HTTP/1.1" 304 -
201.245.192.253 - - [30/Sep/2023:14:07:47 -0500] "GET /sipse/faces/javax.faces.resource/jquery/jquery-plugins.js?ln=primefaces&v=4.0 HTTP/1.1" 304 -
201.245.192.253 - - [30/Sep/2023:14:07:47 -0500] "GET /sipse/faces/javax.faces.resource/primefaces.js?ln=primefaces&v=4.0 HTTP/1.1" 304 -
201.245.192.253 - - [30/Sep/2023:14:07:47 -0500] "GET /sipse/faces/javax.faces.resource/layout/layout.js?ln=primefaces&v=4.0 HTTP/1.1" 304 -
201.245.192.253 - - [30/Sep/2023:14:07:47 -0500] "POST /sipse/faces/presentacion/financiero/solicitudProceso/consultar.xhtml HTTP/1.1" 200 48712
201.245.192.253 - - [30/Sep/2023:14:07:47 -0500] "POST /sipse/faces/presentacion/financiero/solicitudProceso/consultar.xhtml HTTP/1.1" 200 48712
201.245.192.253 - - [30/Sep/2023:14:07:48 -0500] "POST /sipse/faces/presentacion/financiero/solicitudProceso/consultar.xhtml HTTP/1.1" 200 48712
201.245.192.253 - - [30/Sep/2023:14:07:48 -0500] "POST /sipse/faces/presentacion/financiero/solicitudProceso/consultar.xhtml HTTP/1.1" 200 48712
217.182.175.162 - - [30/Sep/2023:14:07:48 -0500] "HEAD /distrito-avanza-con-la-plantacion-de-arboles-186-nuevos-individuos-fueron-sembrados-en-el-humedal-capellania.html HTTP/1.1" 200 -
201.245.192.253 - - [30/Sep/2023:14:07:48 -0500] "POST /sipse/faces/presentacion/financiero/solicitudProceso/consultar.xhtml HTTP/1.1" 200 48712
94.102.61.10 - - [30/Sep/2023:14:07:56 -0500] "GET /portaldeninos/ HTTP/1.1" 200 110175
181.53.12.110 - - [30/Sep/2023:14:08:47 -0500] "GET /por-disposicion-ilegal-de-residuos-y-contaminar-el-aire-secretaria-de-ambiente-impuso-medidas-preventivas-a-industria-en-suba.html HTTP/1.1" 200 945
51.222.253.20 - - [30/Sep/2023:14:08:59 -0500] "GET /robots.txt HTTP/1.1" 404 1018
201.245.192.253 - - [30/Sep/2023:14:10:36 -0500] "POST /kwsrmcab/Wsrmcab  HTTP/1.1" 200 43477
157.55.39.12 - - [30/Sep/2023:14:10:57 -0500] "GET /bla/resoluciones/resoluciones%202012/1884.pdf HTTP/1.1" 200 771866
172.22.2.4 - - [30/Sep/2023:14:11:35 -0500] "GET /BLA/boletinlegal/Circulares/2011/Circular%20No.%206%20del%2029%20de%20Julio%20de%202011.pdf HTTP/1.1" 304 -
216.245.221.92 - - [30/Sep/2023:14:11:39 -0500] "HEAD / HTTP/1.1" 200 -
172.22.2.4 - - [30/Sep/2023:14:10:09 -0500] "HEAD /BLA/boletinlegal/ HTTP/1.1" 200 -
172.22.2.4 - - [30/Sep/2023:14:11:00 -0500] "GET /BLA/boletinlegal/ HTTP/1.1" 200 60692
17.241.227.109 - - [30/Sep/2023:14:14:59 -0500] "GET /robots.txt HTTP/1.1" 404 1034
17.241.227.109 - - [30/Sep/2023:14:14:59 -0500] "GET /distrito-avanza-con-la-plantacion-de-arboles-186-nuevos-individuos-fueron-sembrados-en-el-humedal-capellania.htm HTTP/1.1" 404 1034
40.77.167.60 - - [30/Sep/2023:14:15:17 -0500] "GET /BLA/resoluciones/RESOLUCIONES%202012/0800.pdf HTTP/1.1" 200 475223
201.245.192.253 - - [30/Sep/2023:14:15:34 -0500] "POST /kwsrmcab/Wsrmcab  HTTP/1.1" 200 43477
66.249.66.19 - - [30/Sep/2023:14:16:01 -0500] "GET /BLA/resoluciones/RESOLUCIONES%202009/6734.pdf HTTP/1.1" 200 1567240
216.245.221.92 - - [30/Sep/2023:14:16:39 -0500] "HEAD / HTTP/1.1" 200 -
66.249.79.130 - - [30/Sep/2023:14:17:33 -0500] "GET /distrito-avanza-con-la-plantacion-de-arboles-186-nuevos-individuos-fueron-sembrados-en-el-humedal-capellania.htm HTTP/1.1" 404 1168
66.249.79.129 - - [30/Sep/2023:14:17:35 -0500] "GET /distrito-avanza-con-la-plantacion-de-arboles-186-nuevos-individuos-fueron-sembrados-en-el-humedal-capellania.htm HTTP/1.1" 404 1168
172.22.2.4 - - [30/Sep/2023:14:15:59 -0500] "HEAD /BLA/boletinlegal/ HTTP/1.1" 200 -
201.245.192.253 - - [30/Sep/2023:14:18:04 -0500] "POST /kwsrmcab/Wsrmcab HTTP/1.1" 200 41106
201.245.192.253 - - [30/Sep/2023:14:18:07 -0500] "POST /kwsrmcab/Wsrmcab HTTP/1.1" 200 40983
207.46.13.124 - - [30/Sep/2023:14:18:16 -0500] "GET /BLA/resoluciones/RESOLUCIONES%202019/3093.pdf HTTP/1.1" 304 -
66.249.79.130 - - [30/Sep/2023:14:18:27 -0500] "GET /distrito-avanza-con-la-plantacion-de-arboles-186-nuevos-individuos-fueron-sembrados-en-el-humedal-capellania.htm HTTP/1.1" 404 1168
172.22.2.4 - - [30/Sep/2023:14:16:50 -0500] "GET /BLA/boletinlegal/ HTTP/1.1" 200 60342
52.167.144.190 - - [30/Sep/2023:14:19:16 -0500] "GET /BLA/resoluciones/RESOLUCIONES%202012/0597.pdf HTTP/1.1" 200 315091
52.167.144.176 - - [30/Sep/2023:14:19:38 -0500] "GET /Publicaciones/2023EE224050.pdf HTTP/1.1" 200 316332
216.244.66.195 - - [30/Sep/2023:14:20:28 -0500] "GET /BLA/resoluciones/RESOLUCIONES%202001/2001%201450-1499.tif HTTP/1.1" 200 5229714
201.245.192.253 - - [30/Sep/2023:14:20:33 -0500] "POST /kwsrmcab/Wsrmcab  HTTP/1.1" 200 43477
172.22.2.4 - - [30/Sep/2023:14:20:53 -0500] "GET /BLA/boletinlegal/actos.php HTTP/1.1" 200 9682
172.22.2.4 - - [30/Sep/2023:14:20:53 -0500] "GET /BLA/boletinlegal/styles2.css HTTP/1.1" 200 1838
172.22.2.4 - - [30/Sep/2023:14:20:53 -0500] "GET /BLA/boletinlegal/niceforms-default.css HTTP/1.1" 200 6694
172.22.2.4 - - [30/Sep/2023:14:20:53 -0500] "GET /BLA/boletinlegal/style.css HTTP/1.1" 200 9406
172.22.2.4 - - [30/Sep/2023:14:20:53 -0500] "GET /BLA/boletinlegal/js/ajax_actos.js HTTP/1.1" 200 1322
172.22.2.4 - - [30/Sep/2023:14:20:53 -0500] "GET /BLA/boletinlegal/niceforms.js HTTP/1.1" 200 22876
172.22.2.4 - - [30/Sep/2023:14:20:53 -0500] "GET /BLA/boletinlegal/js/lib.js HTTP/1.1" 200 6474
172.22.2.4 - - [30/Sep/2023:14:20:53 -0500] "GET /BLA/boletinlegal/js/popup.js HTTP/1.1" 200 1270
172.22.2.4 - - [30/Sep/2023:14:20:53 -0500] "GET /BLA/boletinlegal/js/jquery1.js HTTP/1.1" 200 29846
172.22.2.4 - - [30/Sep/2023:14:20:54 -0500] "GET /BLA/boletinlegal/images/cabezote%20BLEGAL.jpg HTTP/1.1" 200 118164
172.22.2.4 - - [30/Sep/2023:14:20:54 -0500] "GET /BLA/boletinlegal/images/subscribe-icon-big.png HTTP/1.1" 200 47702
172.22.2.4 - - [30/Sep/2023:14:20:54 -0500] "GET /BLA/boletinlegal/images/historia.png HTTP/1.1" 200 52775
172.22.2.4 - - [30/Sep/2023:14:20:54 -0500] "GET /BLA/boletinlegal/images/registro-usuarios.png HTTP/1.1" 200 8106
172.22.2.4 - - [30/Sep/2023:14:20:54 -0500] "GET /BLA/boletinlegal/images/green-yellow-blue-pink-th.png HTTP/1.1" 200 7394
172.22.2.4 - - [30/Sep/2023:14:20:54 -0500] "GET /BLA/boletinlegal/images/tel.png HTTP/1.1" 200 14477
172.22.2.4 - - [30/Sep/2023:14:20:54 -0500] "GET /BLA/boletinlegal/images/icono-email.png HTTP/1.1" 200 5544
172.22.2.4 - - [30/Sep/2023:14:20:54 -0500] "GET /BLA/boletinlegal/images/body_bg.jpg HTTP/1.1" 200 1601
172.22.2.4 - - [30/Sep/2023:14:20:54 -0500] "GET /BLA/boletinlegal/images/menu_lft.gif HTTP/1.1" 200 1713
172.22.2.4 - - [30/Sep/2023:14:20:54 -0500] "GET /BLA/boletinlegal/images/menu_rght.gif HTTP/1.1" 200 1627
172.22.2.4 - - [30/Sep/2023:14:20:54 -0500] "GET /BLA/boletinlegal/images/bg_top.jpg HTTP/1.1" 200 522
172.22.2.4 - - [30/Sep/2023:14:20:54 -0500] "GET /BLA/boletinlegal/images/menu_bg.jpg HTTP/1.1" 200 620
172.22.2.4 - - [30/Sep/2023:14:20:54 -0500] "GET /BLA/boletinlegal/images/hover.jpg HTTP/1.1" 200 640
172.22.2.4 - - [30/Sep/2023:14:20:54 -0500] "GET /BLA/boletinlegal/images/text.jpg HTTP/1.1" 200 568
172.22.2.4 - - [30/Sep/2023:14:20:54 -0500] "GET /BLA/boletinlegal/images/footer_bg.jpg HTTP/1.1" 200 586
172.22.2.4 - - [30/Sep/2023:14:20:54 -0500] "GET /BLA/boletinlegal/images/footer_bg_l.jpg HTTP/1.1" 200 776
172.22.2.4 - - [30/Sep/2023:14:20:54 -0500] "GET /BLA/boletinlegal/img/0.png HTTP/1.1" 200 110
172.22.2.4 - - [30/Sep/2023:14:20:54 -0500] "GET /BLA/boletinlegal/img/select-left.png HTTP/1.1" 200 263
172.22.2.4 - - [30/Sep/2023:14:20:54 -0500] "GET /BLA/boletinlegal/img/select-right.png HTTP/1.1" 200 44019
172.22.2.4 - - [30/Sep/2023:14:20:54 -0500] "GET /BLA/boletinlegal/img/button-left.png HTTP/1.1" 200 57071
172.22.2.4 - - [30/Sep/2023:14:20:54 -0500] "GET /BLA/boletinlegal/img/button.png HTTP/1.1" 200 43241
172.22.2.4 - - [30/Sep/2023:14:20:54 -0500] "GET /BLA/boletinlegal/img/button-right.png HTTP/1.1" 200 57878
172.22.2.4 - - [30/Sep/2023:14:20:54 -0500] "GET /BLA/boletinlegal/favicon.ico HTTP/1.1" 404 1326
216.244.66.195 - - [30/Sep/2023:14:20:58 -0500] "GET /BLA/resoluciones/RESOLUCIONES%202001/2001%2050-99.TIF HTTP/1.1" 200 12053712
216.244.66.195 - - [30/Sep/2023:14:21:38 -0500] "GET /BLA/resoluciones/RESOLUCIONES%202016/0757.pdf HTTP/1.1" 200 247027
216.245.221.92 - - [30/Sep/2023:14:21:39 -0500] "HEAD / HTTP/1.1" 200 -
198.235.24.170 - - [30/Sep/2023:14:22:02 -0500] "\x16\x03\x01" 400 226
172.22.2.4 - - [30/Sep/2023:14:22:07 -0500] "GET /BLA/boletinlegal/consulta_actos.php?tipo=resoluciones&no=6032&usuario=&sector=RESIDUOS&fecha=2023&resuelve= HTTP/1.1" 200 626
172.22.2.4 - - [30/Sep/2023:14:22:17 -0500] "GET /BLA/boletinlegal/normativa.php HTTP/1.1" 200 8343
172.22.2.4 - - [30/Sep/2023:14:22:17 -0500] "GET /BLA/boletinlegal/js/ajax_normativa.js HTTP/1.1" 200 1154
216.244.66.195 - - [30/Sep/2023:14:22:18 -0500] "GET /BLA/resoluciones/RESOLUCIONES%202016/1372.pdf HTTP/1.1" 200 1187633
172.22.2.4 - - [30/Sep/2023:14:22:32 -0500] "GET /BLA/boletinlegal/actos.php HTTP/1.1" 200 9682
66.249.79.129 - - [30/Sep/2023:14:22:51 -0500] "GET /distrito-avanza-con-la-plantacion-de-arboles-186-nuevos-individuos-fueron-sembrados-en-el-humedal-capellania.htm HTTP/1.1" 404 1168
66.249.79.129 - - [30/Sep/2023:14:23:02 -0500] "GET /distrito-avanza-con-la-plantacion-de-arboles-186-nuevos-individuos-fueron-sembrados-en-el-humedal-capellania.html HTTP/1.1" 200 990
216.244.66.195 - - [30/Sep/2023:14:23:08 -0500] "GET /BLA/resoluciones/RESOLUCIONES%202016/1751.pdf HTTP/1.1" 200 568040
172.22.2.4 - - [30/Sep/2023:14:21:49 -0500] "HEAD /BLA/boletinlegal/ HTTP/1.1" 200 -
216.244.66.195 - - [30/Sep/2023:14:23:58 -0500] "GET /BLA/resoluciones/RESOLUCIONES%202016/2244.pdf HTTP/1.1" 200 293056
172.22.2.4 - - [30/Sep/2023:14:22:40 -0500] "GET /BLA/boletinlegal/ HTTP/1.1" 200 58597
216.244.66.195 - - [30/Sep/2023:14:24:39 -0500] "GET /BLA/resoluciones/RESOLUCIONES%202017/0026.pdf HTTP/1.1" 200 775526
216.244.66.195 - - [30/Sep/2023:14:25:29 -0500] "GET /BLA/resoluciones/RESOLUCIONES%202017/0142.pdf HTTP/1.1" 200 267915
201.245.192.253 - - [30/Sep/2023:14:25:32 -0500] "POST /kwsrmcab/Wsrmcab  HTTP/1.1" 200 43477
216.244.66.195 - - [30/Sep/2023:14:26:15 -0500] "GET /BLA/resoluciones/RESOLUCIONES%202017/0672.pdf HTTP/1.1" 200 3101259
216.245.221.92 - - [30/Sep/2023:14:26:39 -0500] "HEAD / HTTP/1.1" 200 -
216.244.66.195 - - [30/Sep/2023:14:27:06 -0500] "GET /BLA/resoluciones/RESOLUCIONES%202017/0889.pdf HTTP/1.1" 200 1924659
52.167.144.237 - - [30/Sep/2023:14:27:47 -0500] "GET /BLA/resoluciones/RESOLUCIONES%202021/2862.pdf HTTP/1.1" 200 935392
216.244.66.195 - - [30/Sep/2023:14:27:56 -0500] "GET /BLA/resoluciones/RESOLUCIONES%202017/1505.pdf HTTP/1.1" 200 333264
201.245.192.253 - - [30/Sep/2023:14:28:03 -0500] "POST /kwsrmcab/Wsrmcab HTTP/1.1" 200 41106
201.245.192.253 - - [30/Sep/2023:14:28:06 -0500] "POST /kwsrmcab/Wsrmcab HTTP/1.1" 200 40983
216.244.66.195 - - [30/Sep/2023:14:28:34 -0500] "GET /BLA/resoluciones/RESOLUCIONES%202017/1731.pdf HTTP/1.1" 200 498186
172.22.2.4 - - [30/Sep/2023:14:27:39 -0500] "HEAD /BLA/boletinlegal/ HTTP/1.1" 200 -
216.244.66.195 - - [30/Sep/2023:14:29:21 -0500] "GET /BLA/resoluciones/RESOLUCIONES%202017/2066.pdf HTTP/1.1" 200 303827
216.244.66.195 - - [30/Sep/2023:14:29:58 -0500] "GET /BLA/resoluciones/RESOLUCIONES%202017/2948.pdf HTTP/1.1" 200 382962
172.22.2.4 - - [30/Sep/2023:14:28:30 -0500] "GET /BLA/boletinlegal/ HTTP/1.1" 200 58187
201.245.192.253 - - [30/Sep/2023:14:30:32 -0500] "POST /kwsrmcab/Wsrmcab  HTTP/1.1" 200 43477
216.244.66.195 - - [30/Sep/2023:14:30:42 -0500] "GET /BLA/resoluciones/RESOLUCIONES%202019/0086.pdf HTTP/1.1" 200 459470
216.244.66.195 - - [30/Sep/2023:14:31:27 -0500] "GET /BLA/resoluciones/RESOLUCIONES%202019/0108.pdf HTTP/1.1" 200 301677
216.245.221.92 - - [30/Sep/2023:14:31:39 -0500] "HEAD / HTTP/1.1" 200 -
216.244.66.195 - - [30/Sep/2023:14:32:05 -0500] "GET /BLA/resoluciones/RESOLUCIONES%202019/0520.pdf HTTP/1.1" 200 331765
20.15.133.185 - - [30/Sep/2023:14:32:37 -0500] "GET /BLA/resoluciones/AUTOS%202023/3117.pdf HTTP/1.1" 200 4916070
216.244.66.195 - - [30/Sep/2023:14:32:46 -0500] "GET /BLA/resoluciones/RESOLUCIONES%202019/1275.pdf HTTP/1.1" 200 311650
216.244.66.195 - - [30/Sep/2023:14:33:26 -0500] "GET /BLA/resoluciones/RESOLUCIONES%202019/2067.pdf HTTP/1.1" 200 503475
216.244.66.195 - - [30/Sep/2023:14:34:01 -0500] "GET /BLA/resoluciones/RESOLUCIONES%202019/2649.pdf HTTP/1.1" 200 319717
186.102.81.6 - - [30/Sep/2023:14:34:16 -0500] "OPTIONS /kwssiamovil/sm/setfile/f? HTTP/1.1" 200 13
186.102.81.6 - - [30/Sep/2023:14:34:16 -0500] "POST /kwssiamovil/sm/setfile/f? HTTP/1.1" 200 381
216.244.66.195 - - [30/Sep/2023:14:34:30 -0500] "GET /BLA/resoluciones/RESOLUCIONES%202019/2952.pdf HTTP/1.1" 200 221636
216.244.66.195 - - [30/Sep/2023:14:35:00 -0500] "GET /BLA/resoluciones/RESOLUCIONES%201997/RESOLUCION%20937%20DE%201997.pdf HTTP/1.1" 200 74304
172.22.2.4 - - [30/Sep/2023:14:33:29 -0500] "HEAD /BLA/boletinlegal/ HTTP/1.1" 200 -
34.91.253.217 - - [30/Sep/2023:14:35:11 -0500] "GET /proximo-4-de-octubre-simulacro-distrital-de-evacuacion-dia-y-noche.html HTTP/1.1" 200 783
216.244.66.195 - - [30/Sep/2023:14:35:27 -0500] "GET /BLA/resoluciones/AUTOS%202007/0044.pdf HTTP/1.1" 200 272792
201.245.192.253 - - [30/Sep/2023:14:35:30 -0500] "POST /kwsrmcab/Wsrmcab  HTTP/1.1" 200 43477
216.244.66.195 - - [30/Sep/2023:14:35:53 -0500] "GET /BLA/resoluciones/AUTOS%202007/0061.pdf HTTP/1.1" 200 46816
172.22.2.4 - - [30/Sep/2023:14:34:20 -0500] "GET /BLA/boletinlegal/ HTTP/1.1" 200 60342
216.244.66.195 - - [30/Sep/2023:14:36:18 -0500] "GET /BLA/resoluciones/AUTOS%202007/0137.pdf HTTP/1.1" 200 45282
216.245.221.92 - - [30/Sep/2023:14:36:39 -0500] "HEAD / HTTP/1.1" 200 -
216.244.66.195 - - [30/Sep/2023:14:36:42 -0500] "GET /BLA/resoluciones/AUTOS%202007/0183.pdf HTTP/1.1" 200 121022
216.244.66.195 - - [30/Sep/2023:14:37:06 -0500] "GET /BLA/resoluciones/AUTOS%202007/0215.pdf HTTP/1.1" 200 16795
216.244.66.195 - - [30/Sep/2023:14:37:28 -0500] "GET /BLA/resoluciones/AUTOS%202007/0555.pdf HTTP/1.1" 200 127473
216.244.66.195 - - [30/Sep/2023:14:37:49 -0500] "GET /BLA/resoluciones/AUTOS%202007/0688.pdf HTTP/1.1" 200 131996
201.245.192.253 - - [30/Sep/2023:14:38:03 -0500] "POST /kwsrmcab/Wsrmcab HTTP/1.1" 200 41106
201.245.192.253 - - [30/Sep/2023:14:38:06 -0500] "POST /kwsrmcab/Wsrmcab HTTP/1.1" 200 40983
216.244.66.195 - - [30/Sep/2023:14:38:09 -0500] "GET /BLA/resoluciones/AUTOS%202007/0719.pdf HTTP/1.1" 200 667047
186.102.81.6 - - [30/Sep/2023:14:38:24 -0500] "GET /kwssiamovil/sm/acme/a?s=U2FsdGVkX1/5VrIks515dJAjo8BBa+u3M6z3xXHV/MonuIVTH5wV4x3xD8DSzLbrhyaWNuIw4TndBatw/LsGhZBDcmiSTJCDULRnIQCfwP9P0IO0/nLXSgZzc0s8k1V3EJH1jFYGQBSJeKK1T8YjF6TNktnWxTtazrWGoLe/eE1GlBqt5AIKIE+WSgPkPgG0wegfy9zIkD48tw5y+k5+eXa/HEbQjlwxhHihQeatJDL3QUEAsUIor8ybDBopPKBxw4pF9uWPmuzuNUcb024G4Q==&u=U2FsdGVkX1+KSTJVnCS9BDOWIAK95U1XaVsx4RkuEJ0=&y=U2FsdGVkX19BC/tYWwMNxgeCQMDtM1ASFKNMDqfGIqA= HTTP/1.1" 200 26
186.102.81.6 - - [30/Sep/2023:14:38:25 -0500] "GET /kwssiamovil/sm/acme/a?s=U2FsdGVkX1/fVdCQov0QAj+xZrwPdzWfY6lqyWSvx/9VjqUeqIXLqWvz84IDDMu3tfd1ENR6GYS1iukFwYBGa9U6ROxYdTCUk+7B/U53xshyrlMQXz76i6lnN1sBf2Gfc8CdtxN6/L4GE/RZ5R8m7OM+2e1cK8hnULSpIVyirxo1B9NOurLy7/non1+gtNwnzqj7Zt1wRF24f30/8EQr/0lfUVaYplUIQvDBXQq7ue8/38gHf7ZPyVH+sPQpivivw1xXRFwpne3GEhx2uZsgMcLU5L+6aDUCJls/7/3YDRSskNpJJ/VILZPam3EdEufvH63ASzwEj3hQoh8q3JXDHW+Oq1uszTvgxAk6D9PFdzSJr43a4M27esT9G4lMUBSWo4K3sA/vtbcbJBi3sW4gz6wdQZK/rxtWlejId4pRY6Fcp/Q1kxuNn0jxukXNb4buCMvCBaMCliTNNzAkraNdjWscAGnEac5B74UBFzfhHhiEEuAVc5DhZ5W14eYkXkM8jr3CgnThsgLJJx/++CP8h+O51HTKqyMWqVmCz2NkT9kEFJFt3anVavQdFDDK5rxv6txMsiICThg5eqQub6DgwgvelNSg1HGEZhpvcE+2RbtnXGvn6tKZH5fEslBEbW6JsHxA29kmf6uYrHxEX5cWGbXn6LILp9VuShfLL6ADCBgf8c1k1KlZMbiPG8QfYbZ3Fs+x6hDRRRBmvmcOPVthPRrYP1BQ/AcNzxjO1iP3GX1eg9AZHnOS8vqJeKN4czmypkQ4wpJGG2COWgbu4URSa0cB7ZI8UojKrhuz60TxyohOnJCOaudG8TO0YC5oc8fsNtlueC9MpN5+Qlc1UYenZTG+BzzLKL4JmGqAyYMlO8GC7BxAXl/fn7UujSbqpCaQNK9I2d8G2aJBdZB6jAjGEreC+2eI/Dh28yuBwBK0sddgYknIp60wgwKkgTcZkOWpT8quZcezcmEXPWWpdqXd9RSfYaymiixil/BuvIHc0ht3CV25m0Hnyd4OOgQGp1Gm+F8SCs14xFrbXg/fsTcUjg2DkDZ9MClXmFL+n1qNbUiAOxtAuuPXh86xuzlp7WyrUUh9KoXbarjNUByQ4yFxmwGhjaacXDrQFlPP9NCFMcH1fr+ZqLYKVz0vZCdPdb1476KGeS4rYb918BKCDjbU8E7t49WPnbOUKrouiRcwEK5pbadFLIM2pMAhme6H5AS9XC6r4JhsouK5avFLPlCBKUl3IEGcdyImXdHcdojh3ZEVtMlybEo4qLhk9cA/gaEY5I6eGaJJu5l2JKQ1mts+LIXeI8uacOzGEZmw/K54Uj+23SW3Gl/FDAV+eJp+6kZkWGgfzOLyxlwT6WYtMh7AKIRvWU/y4ts7BVuCqBos3UKKUWibY/b9uy5Vt2nGswc+Tbm/0r6LPyD4s32CFLR5iQO6kvG/wme6wpbUAh7OCbRCsKIMh9Ehfcr6VHZE3yoAKDlwvCKNE4Q4cYyajQKKol1bwPNg/WrHeFhmjZ1FqhzJyt6k7U6D3Ub5Jlss5oVLmbaT5NaRDzBmyXC7WZo8dfwqyLbz6xc6tGIrDFWpRag+f/yWb6H11WbzozKCNcLwOXzwp+VmDAKyUXtkJcaBmXPgKH5SSQpltgjDvLNJ7Snjw57vvsXhZezBja23UaiiBAhxBUbv7KKjfvnc3ZmJUA4xZ4JjDtp41+R7Pa5qPf7vl1q2fXuDuROvFpbkL9fpWeJlETASEDXZ2otzKZLZMPyMr7iD7M7hW9sIRc0aJsfEP2wuHUybDscXj2D/jx8+FCVFZ6EKmp7RWh7G/SV0Fk/dHEDQkGOXReow7uZTbzlHuHJlX0ru8drUEme7UhCG7KdFFJpa7snLEKZdlz55pkVOkX666loxLIAQRJP8llcRhgRdTHDX66D6G53W3TD11wdvFb53G4E/m1oLxWBRk05XM3EL1vSIFDoNbjuCQATArCC8f0zlUege/M2Gdl5qkma6uFK/JlWkywdbilf3UkzmzcGLlG0Hb6RCI3hUijjsz1t9yncaY0TPhAzP1R/FO826/dr3vMemF1lsWxIIAOiQS+CfhfZOYAkph0Pv3h6v+oW46UcQ3gjDuqRi+YAAYfAZ8F2MJR2pb6iJvZnXH62gxz62O2wsAbqsaqIB1mhg1l2vheg0i/bYd3Vtkd6GcE5+zT3B5pIdaKCcgZv8/7lUapSoV6H6ZsX4JeYYfyL+c7lTIdtRXML2T3F0DUqQN8GpVScmMQUVtfHqgQTwOlDtkH826TB44e6G68TyQalA5nbR55j047QxGpexEkbiRDfUD+CPxHS+m9e2Us3Fu6L07veV8fCIuTSlQ5PyV+iIRoabrckVgowmx8E3u99cMEQ933BspJ1bg7IeWSHCZUPtHdDjYevMEKbNrUhpNMpkWJF8ugHMJs+L8o3Y+vb16SOXXKGCLBPoj+FX03ZI1J7j9EIOE1eg7IMA878aZaGtsvIur/W53Puz0lgDCKimbJ81emVsuGTKWlGhG57pZvrwUqYKNczBSZFSZSb5CSJill0RBPmG6XEjq+VmuKAllc7mV/8YA8e4E6gYU6JNOEPBtMst2q+Hb5DKDpDWrE5CKs8jTexteILtjQwiP/RFr4WqLsW/0sH2X1SYpBG7XOG4uwWO2i9hkw2CBYBfjrRGgt6HUqB8aLVZS4e2zAPZ+0UMmaHMdBRAjwLVSIHfVcaA0/0/Tz0UJbtYB70Y0ChNzgeIs3MrB2GA6FnTxzYEgdLdpaz1iouq/qfJiUeppPvtrLfa5hoHyqPpNNx3RTbUOBKayahXuHH/yXCekbrQyJmIG/Otl/yOZ2+QaoD7xJD+nLOI3YM5J9lavD8fgrKPscCcVxJCbczVpl/zrg5g4VCbausobusu4bjTAIgd60hhkgRbsQvJUD1vZ3I4GJ8ScmNEgrOIe/l2lRFdjN8Y&u=U2FsdGVkX1+KSTJVnCS9BDOWIAK95U1XaVsx4RkuEJ0=&y=U2FsdGVkX19BC/tYWwMNxgeCQMDtM1ASFKNMDqfGIqA= HTTP/1.1" 200 26
186.102.81.6 - - [30/Sep/2023:14:38:25 -0500] "GET /kwssiamovil/sm/acme/a?s=U2FsdGVkX18PJiDSHf7IN8cS0FGdm/a1bEkYfQX3gKDm5bL+oLRgZ4IokoTfkynQ6iNFVlOVya5LANDD20M8hqNGvYfJwV1U701RisXM7HEwoPlvQ9PLQOBs0JQ1nS874OujgdSZmiSPhzW/tXXAQDgPKDkkIpweGbUtlK7QF3U=&u=U2FsdGVkX1+KSTJVnCS9BDOWIAK95U1XaVsx4RkuEJ0=&y=U2FsdGVkX19BC/tYWwMNxgeCQMDtM1ASFKNMDqfGIqA= HTTP/1.1" 200 26
186.102.81.6 - - [30/Sep/2023:14:38:25 -0500] "GET /kwssiamovil/sm/acme/a?s=U2FsdGVkX1/htyWIfLVQO7zarYBHH/KcJlZp8XDu2c3t7Py0sTnmJ/P56YhLLVS+CyTyfA6oBAmOK0a4DvzrmCK1bwGgaO6R8hwCpXn97zg2X0op+/GvrchHTSWap61Um7kt5ez+wh9U1HBS54bIwMd/THL6rJsgKMoxXfxJVvI=&u=U2FsdGVkX1+KSTJVnCS9BDOWIAK95U1XaVsx4RkuEJ0=&y=U2FsdGVkX19BC/tYWwMNxgeCQMDtM1ASFKNMDqfGIqA= HTTP/1.1" 200 26
186.102.81.6 - - [30/Sep/2023:14:38:26 -0500] "GET /kwssiamovil/sm/acme/a?s=U2FsdGVkX19ddpSiBqmn2vVn9fZYubeH855Dulzmh7BI+japlY3wCG5+fBWKPjsx/hAuy1/Lu3EmaNWsIHPhYR7FuWAav6gpP0C3xbmn4iRAW/9emQYRdE5a4dm7sreQvwXNVlvT+iyeXmalQ0DutbrsIEKijxMtV3O/MKAoeA0=&u=U2FsdGVkX1+KSTJVnCS9BDOWIAK95U1XaVsx4RkuEJ0=&y=U2FsdGVkX19BC/tYWwMNxgeCQMDtM1ASFKNMDqfGIqA= HTTP/1.1" 200 26
186.102.81.6 - - [30/Sep/2023:14:38:26 -0500] "GET /kwssiamovil/sm/acme/a?s=U2FsdGVkX1+ZjxOW6/wwliM7jcr0Ww3FCgKmYTH3Xkhv3uxU/pFhlbFVdxKnREf9o+Bcxfj+m78brsfZR+QScgjDS7co57gjWduT3NODFTxoS1TfCVV13NcyZ9YYSxrTjTPBEE2x4fvBIosXkPaTEmp8N+rrTBEQhYMpYs+TNeP+OfFHe3DnOVgOBxG8xkh/&u=U2FsdGVkX1+KSTJVnCS9BDOWIAK95U1XaVsx4RkuEJ0=&y=U2FsdGVkX19BC/tYWwMNxgeCQMDtM1ASFKNMDqfGIqA= HTTP/1.1" 200 26
186.102.81.6 - - [30/Sep/2023:14:38:26 -0500] "GET /kwssiamovil/sm/acme/a?s=U2FsdGVkX1++nhzKRHiMJSjFbosSb7cq1RO8AmvZX2I6UMoiK2juq1KFltsWYiPhLiIyvhiFAngsgbjHDRBUynVLiUPYIXLs/XkbGOOr9ONLArTE5s96bn2krZGFgac5b8WZBRUpnumPk4pEkXj36wlXEFswxq1aRV20yW3rjhrm7iwV0OIdbbHDd7d2TC6cQIX7zzlZKWnnJ+4UvDzZnhInwkSkKvyvFzsMQgLFhLfx5htkwlQLVT80T1MmL4OPbxeK53YQ9aqwBKWayIumt+J0nuiFuHS0oLoJrDNxyPuf+xR0QacLZh7wRqPScZEiEbbPUqeFRtogUhDWrt3w5Jl7BQ3OTjpjzEjN0m0tf7G2/LaErt6SJGb+s5sQkp6CvN78H92j24LkkMN7NWPxz0A97068UlNuyIP6Bm+fvBc=&u=U2FsdGVkX1+KSTJVnCS9BDOWIAK95U1XaVsx4RkuEJ0=&y=U2FsdGVkX19BC/tYWwMNxgeCQMDtM1ASFKNMDqfGIqA= HTTP/1.1" 200 25
186.102.81.6 - - [30/Sep/2023:14:38:26 -0500] "GET /kwssiamovil/sm/acme/a?s=U2FsdGVkX18cSk8W5oAiPPSx3lbSemHHjfqhof36jiqOfy9nMd9twSld0LM7VOApQbcOi2qmN6R+871yolsUsJh+UEK5ptZYxG4sshlTu1BcObJnCIlh1iRo/BIaiQ0PL4vY7lCIvYU6tEhEaUEtBDyACkshBOm40r+DJh3FCuxKgM1ZVc+mGx/OvJ2hGzPyAdkhiHyMt11P63mCrqwckeusAXD/A+QGS7ttgR1Flo6J425vC9n5qUWumGGihXAfeXcRVKP+SAUrgL3irwF/WxjvVlWpxSAUy8aJ/ffyNj7dh7Nzk+ZnRTlEllvHsmT2JwxC6JKmw517zRKDexOdp+ouZdJz8ZrWQ7H3M2Pz7ApzUkieDekTevAwZFEKB0oe&u=U2FsdGVkX1+KSTJVnCS9BDOWIAK95U1XaVsx4RkuEJ0=&y=U2FsdGVkX19BC/tYWwMNxgeCQMDtM1ASFKNMDqfGIqA= HTTP/1.1" 200 25
201.245.192.253 - - [30/Sep/2023:14:38:36 -0500] "GET /appsia/controlador HTTP/1.1" 200 4799
201.245.192.253 - - [30/Sep/2023:14:38:36 -0500] "GET /appsia/css/estilos.css HTTP/1.1" 200 4804
201.245.192.253 - - [30/Sep/2023:14:38:36 -0500] "GET /appsia/scripts/validarIngreso.js HTTP/1.1" 200 851
201.245.192.253 - - [30/Sep/2023:14:38:36 -0500] "GET /appsia/images/logo_bogota_p.png HTTP/1.1" 200 14951
201.245.192.253 - - [30/Sep/2023:14:38:36 -0500] "GET /appsia/images/cabezoteHojaVida.png HTTP/1.1" 200 32493
201.245.192.253 - - [30/Sep/2023:14:38:36 -0500] "GET /favicon.ico HTTP/1.1" 200 7782
216.244.66.195 - - [30/Sep/2023:14:38:47 -0500] "GET /BLA/resoluciones/AUTOS%202007/0773.pdf HTTP/1.1" 200 116662
201.245.192.253 - - [30/Sep/2023:14:38:48 -0500] "POST /appsia/controlador HTTP/1.1" 200 5437
201.245.192.253 - - [30/Sep/2023:14:38:53 -0500] "POST /appsia/controlador HTTP/1.1" 200 7771
201.245.192.253 - - [30/Sep/2023:14:38:55 -0500] "POST /appsia/controlador HTTP/1.1" 200 6636
201.245.192.253 - - [30/Sep/2023:14:38:57 -0500] "POST /appsia/controlador HTTP/1.1" 200 11273
200.29.113.39 - - [30/Sep/2023:14:39:01 -0500] "GET /appsia/controlador HTTP/1.1" 200 4799
200.29.113.39 - - [30/Sep/2023:14:39:02 -0500] "GET /appsia/css/estilos.css HTTP/1.1" 200 4804
200.29.113.39 - - [30/Sep/2023:14:39:02 -0500] "GET /appsia/scripts/validarIngreso.js HTTP/1.1" 200 851
200.29.113.39 - - [30/Sep/2023:14:39:03 -0500] "GET /appsia/images/logo_bogota_p.png HTTP/1.1" 200 14951
200.29.113.39 - - [30/Sep/2023:14:39:03 -0500] "GET /appsia/images/cabezoteHojaVida.png HTTP/1.1" 200 32493
69.63.184.1 - - [30/Sep/2023:14:39:16 -0500] "GET /juntos-cuidamos-bogota-mas-de-65-kilogramos-de-residuos-especiales-y-peligrosos-fueron-recolectados-en-engativa.html HTTP/1.1" 200 994
216.244.66.195 - - [30/Sep/2023:14:39:17 -0500] "GET /BLA/resoluciones/AUTOS%202007/0922.pdf HTTP/1.1" 200 210533
201.245.192.253 - - [30/Sep/2023:14:39:47 -0500] "POST /appsia/controlador HTTP/1.1" 200 7771
216.244.66.195 - - [30/Sep/2023:14:39:47 -0500] "GET /BLA/resoluciones/AUTOS%202007/0972.pdf HTTP/1.1" 200 171825
40.77.167.33 - - [30/Sep/2023:14:39:58 -0500] "GET /BLA/resoluciones/RESOLUCIONES%202012/1345.pdf HTTP/1.1" 200 1522367
216.244.66.195 - - [30/Sep/2023:14:40:15 -0500] "GET /BLA/resoluciones/AUTOS%202007/1112.pdf HTTP/1.1" 200 24600
201.245.192.253 - - [30/Sep/2023:14:40:23 -0500] "POST /appsia/controlador HTTP/1.1" 200 5437
201.245.192.253 - - [30/Sep/2023:14:40:25 -0500] "POST /appsia/controlador HTTP/1.1" 200 4799
201.245.192.253 - - [30/Sep/2023:14:40:29 -0500] "POST /kwsrmcab/Wsrmcab  HTTP/1.1" 200 43477
216.244.66.195 - - [30/Sep/2023:14:40:42 -0500] "GET /BLA/resoluciones/AUTOS%202007/1127.pdf HTTP/1.1" 200 24095
201.245.192.253 - - [30/Sep/2023:14:40:46 -0500] "POST /appsia/controlador HTTP/1.1" 200 3600
201.245.192.253 - - [30/Sep/2023:14:40:46 -0500] "GET /appsia/jscripts/validarSolicitud.js HTTP/1.1" 404 68
201.245.192.253 - - [30/Sep/2023:14:40:53 -0500] "POST /appsia/controlador HTTP/1.1" 200 4799
172.22.2.4 - - [30/Sep/2023:14:39:19 -0500] "HEAD /BLA/boletinlegal/ HTTP/1.1" 200 -
216.244.66.195 - - [30/Sep/2023:14:41:08 -0500] "GET /BLA/resoluciones/AUTOS%202007/1161.pdf HTTP/1.1" 200 119037
40.77.167.33 - - [30/Sep/2023:14:41:30 -0500] "GET /BLA/resoluciones/RESOLUCIONES%202023/1214.pdf HTTP/1.1" 200 371329
216.244.66.195 - - [30/Sep/2023:14:41:33 -0500] "GET /BLA/resoluciones/AUTOS%202007/1208.pdf HTTP/1.1" 200 38655
64.124.8.74 - - [30/Sep/2023:14:41:38 -0500] "GET /portaldeninos/wp-content/uploads/2020/01/Frailejon-escenario.jpg HTTP/1.1" 304 -
216.245.221.92 - - [30/Sep/2023:14:41:39 -0500] "HEAD / HTTP/1.1" 200 -
172.22.2.4 - - [30/Sep/2023:14:40:10 -0500] "GET /BLA/boletinlegal/ HTTP/1.1" 200 60692
216.244.66.195 - - [30/Sep/2023:14:41:57 -0500] "GET /BLA/resoluciones/AUTOS%202007/1215.pdf HTTP/1.1" 200 122233
64.124.8.74 - - [30/Sep/2023:14:42:10 -0500] "GET /portaldeninos/wp-content/uploads/2020/11/La-Vaca-B-1024x576.jpg HTTP/1.1" 304 -
186.102.62.14 - - [30/Sep/2023:14:42:18 -0500] "-" 408 -
216.244.66.195 - - [30/Sep/2023:14:42:20 -0500] "GET /BLA/resoluciones/AUTOS%202007/1337.pdf HTTP/1.1" 200 29376
40.77.167.3 - - [30/Sep/2023:14:42:24 -0500] "GET /BLA/resoluciones/AUTOS%202022/2076.pdf HTTP/1.1" 304 -
216.244.66.195 - - [30/Sep/2023:14:42:42 -0500] "GET /BLA/resoluciones/AUTOS%202007/1387.pdf HTTP/1.1" 200 84012
216.244.66.195 - - [30/Sep/2023:14:43:03 -0500] "GET /BLA/resoluciones/AUTOS%202007/1436.pdf HTTP/1.1" 200 89557
216.244.66.195 - - [30/Sep/2023:14:43:23 -0500] "GET /BLA/resoluciones/AUTOS%202007/1488.pdf HTTP/1.1" 200 31264
216.244.66.195 - - [30/Sep/2023:14:43:41 -0500] "GET /BLA/resoluciones/AUTOS%202007/1500.pdf HTTP/1.1" 200 110014
216.244.66.195 - - [30/Sep/2023:14:43:59 -0500] "GET /BLA/resoluciones/AUTOS%202007/1501.pdf HTTP/1.1" 200 103561
216.244.66.195 - - [30/Sep/2023:14:44:17 -0500] "GET /BLA/resoluciones/AUTOS%202007/1629.pdf HTTP/1.1" 200 85549
216.244.66.195 - - [30/Sep/2023:14:44:33 -0500] "GET /BLA/resoluciones/AUTOS%202009/1052.pdf HTTP/1.1" 200 112374
216.244.66.195 - - [30/Sep/2023:14:44:48 -0500] "GET /BLA/resoluciones/AUTOS%202009/1087.pdf HTTP/1.1" 200 109096
216.244.66.195 - - [30/Sep/2023:14:45:02 -0500] "GET /BLA/resoluciones/AUTOS%202009/1175.pdf HTTP/1.1" 200 118108
216.244.66.195 - - [30/Sep/2023:14:45:15 -0500] "GET /BLA/resoluciones/AUTOS%202009/1196.pdf HTTP/1.1" 200 124772
216.244.66.195 - - [30/Sep/2023:14:45:27 -0500] "GET /BLA/resoluciones/AUTOS%202009/1335.pdf HTTP/1.1" 200 96339
201.245.192.253 - - [30/Sep/2023:14:45:28 -0500] "POST /kwsrmcab/Wsrmcab  HTTP/1.1" 200 43477
216.244.66.195 - - [30/Sep/2023:14:45:39 -0500] "GET /BLA/resoluciones/AUTOS%202009/1449.pdf HTTP/1.1" 200 112883
216.244.66.195 - - [30/Sep/2023:14:45:49 -0500] "GET /BLA/resoluciones/AUTOS%202009/1507.pdf HTTP/1.1" 200 100487
216.244.66.195 - - [30/Sep/2023:14:45:58 -0500] "GET /BLA/resoluciones/AUTOS%202009/1590.pdf HTTP/1.1" 200 124513
216.244.66.195 - - [30/Sep/2023:14:46:06 -0500] "GET /BLA/resoluciones/AUTOS%202009/1622.pdf HTTP/1.1" 200 140546
216.244.66.195 - - [30/Sep/2023:14:46:13 -0500] "GET /BLA/resoluciones/AUTOS%202009/1629.pdf HTTP/1.1" 200 100921
216.244.66.195 - - [30/Sep/2023:14:46:20 -0500] "GET /BLA/resoluciones/AUTOS%202009/1743.pdf HTTP/1.1" 200 319206
162.55.175.143 - - [30/Sep/2023:14:46:22 -0500] "GET / HTTP/1.1" 200 319
162.55.175.143 - - [30/Sep/2023:14:46:25 -0500] "GET / HTTP/1.1" 200 4720
216.244.66.195 - - [30/Sep/2023:14:46:26 -0500] "GET /BLA/resoluciones/AUTOS%202009/1774.pdf HTTP/1.1" 200 97577
216.244.66.195 - - [30/Sep/2023:14:46:31 -0500] "GET /BLA/resoluciones/AUTOS%202009/1801.pdf HTTP/1.1" 200 191055
216.244.66.195 - - [30/Sep/2023:14:46:35 -0500] "GET /BLA/resoluciones/AUTOS%202009/1881.pdf HTTP/1.1" 200 129366
216.244.66.195 - - [30/Sep/2023:14:46:38 -0500] "GET /BLA/resoluciones/AUTOS%202009/2240.pdf HTTP/1.1" 200 124287
216.245.221.92 - - [30/Sep/2023:14:46:39 -0500] "HEAD / HTTP/1.1" 200 -
216.244.66.195 - - [30/Sep/2023:14:46:42 -0500] "GET /BLA/resoluciones/AUTOS%202009/2437.pdf HTTP/1.1" 200 101708
216.244.66.195 - - [30/Sep/2023:14:46:44 -0500] "GET /BLA/resoluciones/AUTOS%202009/2794.pdf HTTP/1.1" 200 101512
216.244.66.195 - - [30/Sep/2023:14:46:47 -0500] "GET /BLA/resoluciones/AUTOS%202009/2797.pdf HTTP/1.1" 200 118707
172.22.2.4 - - [30/Sep/2023:14:45:09 -0500] "HEAD /BLA/boletinlegal/ HTTP/1.1" 200 -
