!C99Shell v. 1.0 pre-release build #13!

Software: Apache. PHP/5.5.15 

uname -a: Windows NT SVR-DMZ 6.1 build 7600 (Windows Server 2008 R2 Enterprise Edition) i586 

SYSTEM 

Safe-mode: OFF (not secure)

E:\nuevo\apache\logs\   drwxrwxrwx
Free 5.02 GB of 239.26 GB (2.1%)
Detected drives: [ a ] [ c ] [ d ] [ e ] [ f ]
Home    Back    Forward    UPDIR    Refresh    Search    Buffer    Encoder    Tools    Proc.    FTP brute    Sec.    SQL    PHP-code    Update    Feedback    Self remove    Logout    


Viewing file:     access.2023.09.30.log (869.18 KB)      -rw-rw-rw-
Select action/file-type:
(+) | (+) | (+) | Code (+) | Session (+) | (+) | SDB (+) | (+) | (+) | (+) | (+) | (+) |
172.22.2.4 - - [29/Sep/2023:23:58:31 -0500] "HEAD /BLA/boletinlegal/ HTTP/1.1" 200 -
200.118.16.147 - - [30/Sep/2023:00:00:29 -0500] "POST /sipse/faces/presentacion/financiero/solicitudProceso/consultarSolicitudProceso.xhtml HTTP/1.1" 200 36363
200.118.16.147 - - [30/Sep/2023:00:00:29 -0500] "GET /sipse/faces/javax.faces.resource/theme.css?ln=primefaces-sipse HTTP/1.1" 304 -
200.118.16.147 - - [30/Sep/2023:00:00:29 -0500] "GET /sipse/faces/javax.faces.resource/primefaces.css?ln=primefaces&v=4.0 HTTP/1.1" 304 -
200.118.16.147 - - [30/Sep/2023:00:00:29 -0500] "GET /sipse/faces/javax.faces.resource/jquery/jquery-plugins.js?ln=primefaces&v=4.0 HTTP/1.1" 304 -
200.118.16.147 - - [30/Sep/2023:00:00:29 -0500] "GET /sipse/faces/javax.faces.resource/layout/layout.css?ln=primefaces&v=4.0 HTTP/1.1" 304 -
200.118.16.147 - - [30/Sep/2023:00:00:29 -0500] "GET /sipse/faces/javax.faces.resource/primefaces.js?ln=primefaces&v=4.0 HTTP/1.1" 304 -
200.118.16.147 - - [30/Sep/2023:00:00:29 -0500] "GET /sipse/faces/javax.faces.resource/jquery/jquery.js?ln=primefaces&v=4.0 HTTP/1.1" 304 -
200.118.16.147 - - [30/Sep/2023:00:00:29 -0500] "GET /sipse/faces/javax.faces.resource/layout/layout.js?ln=primefaces&v=4.0 HTTP/1.1" 304 -
200.118.16.147 - - [30/Sep/2023:00:00:53 -0500] "GET /sipse/faces/javax.faces.resource/theme.css?ln=primefaces-sipse HTTP/1.1" 304 -
200.118.16.147 - - [30/Sep/2023:00:00:53 -0500] "GET /sipse/faces/javax.faces.resource/jquery/jquery.js?ln=primefaces&v=4.0 HTTP/1.1" 304 -
200.118.16.147 - - [30/Sep/2023:00:00:53 -0500] "GET /sipse/faces/javax.faces.resource/jquery/jquery-plugins.js?ln=primefaces&v=4.0 HTTP/1.1" 304 -
200.118.16.147 - - [30/Sep/2023:00:00:53 -0500] "GET /sipse/faces/javax.faces.resource/primefaces.css?ln=primefaces&v=4.0 HTTP/1.1" 304 -
200.118.16.147 - - [30/Sep/2023:00:00:53 -0500] "GET /sipse/faces/javax.faces.resource/layout/layout.css?ln=primefaces&v=4.0 HTTP/1.1" 304 -
200.118.16.147 - - [30/Sep/2023:00:00:53 -0500] "GET /sipse/faces/javax.faces.resource/primefaces.js?ln=primefaces&v=4.0 HTTP/1.1" 304 -
200.118.16.147 - - [30/Sep/2023:00:00:53 -0500] "POST /sipse/faces/presentacion/financiero/solicitudProceso/consultarHistorialSolProceso.xhtml HTTP/1.1" 200 157708
200.118.16.147 - - [30/Sep/2023:00:00:53 -0500] "GET /sipse/faces/javax.faces.resource/layout/layout.js?ln=primefaces&v=4.0 HTTP/1.1" 304 -
172.22.2.4 - - [29/Sep/2023:23:59:22 -0500] "GET /BLA/boletinlegal/ HTTP/1.1" 200 60342
216.245.221.92 - - [30/Sep/2023:00:01:41 -0500] "HEAD / HTTP/1.1" 200 -
200.118.16.147 - - [30/Sep/2023:00:01:51 -0500] "POST /sipse/faces/presentacion/financiero/solicitudProceso/consultarSolicitudProceso.xhtml HTTP/1.1" 200 74004
200.118.16.147 - - [30/Sep/2023:00:01:52 -0500] "GET /sipse/faces/javax.faces.resource/theme.css?ln=primefaces-sipse HTTP/1.1" 304 -
200.118.16.147 - - [30/Sep/2023:00:01:52 -0500] "GET /sipse/faces/javax.faces.resource/primefaces.css?ln=primefaces&v=4.0 HTTP/1.1" 304 -
200.118.16.147 - - [30/Sep/2023:00:01:52 -0500] "GET /sipse/faces/javax.faces.resource/layout/layout.css?ln=primefaces&v=4.0 HTTP/1.1" 304 -
200.118.16.147 - - [30/Sep/2023:00:01:52 -0500] "GET /sipse/faces/javax.faces.resource/jquery/jquery-plugins.js?ln=primefaces&v=4.0 HTTP/1.1" 304 -
200.118.16.147 - - [30/Sep/2023:00:01:52 -0500] "GET /sipse/faces/javax.faces.resource/jquery/jquery.js?ln=primefaces&v=4.0 HTTP/1.1" 304 -
200.118.16.147 - - [30/Sep/2023:00:01:52 -0500] "GET /sipse/faces/javax.faces.resource/primefaces.js?ln=primefaces&v=4.0 HTTP/1.1" 304 -
200.118.16.147 - - [30/Sep/2023:00:01:52 -0500] "GET /sipse/faces/javax.faces.resource/layout/layout.js?ln=primefaces&v=4.0 HTTP/1.1" 304 -
200.118.16.147 - - [30/Sep/2023:00:02:05 -0500] "POST /sipse/faces/presentacion/financiero/solicitudProceso/consultar.xhtml HTTP/1.1" 200 122855
200.118.16.147 - - [30/Sep/2023:00:02:05 -0500] "GET /sipse/faces/javax.faces.resource/theme.css?ln=primefaces-sipse HTTP/1.1" 304 -
200.118.16.147 - - [30/Sep/2023:00:02:05 -0500] "GET /sipse/faces/javax.faces.resource/primefaces.css?ln=primefaces&v=4.0 HTTP/1.1" 304 -
200.118.16.147 - - [30/Sep/2023:00:02:05 -0500] "GET /sipse/faces/javax.faces.resource/layout/layout.css?ln=primefaces&v=4.0 HTTP/1.1" 304 -
200.118.16.147 - - [30/Sep/2023:00:02:05 -0500] "GET /sipse/faces/javax.faces.resource/jquery/jquery.js?ln=primefaces&v=4.0 HTTP/1.1" 304 -
200.118.16.147 - - [30/Sep/2023:00:02:05 -0500] "GET /sipse/faces/javax.faces.resource/jquery/jquery-plugins.js?ln=primefaces&v=4.0 HTTP/1.1" 304 -
200.118.16.147 - - [30/Sep/2023:00:02:05 -0500] "GET /sipse/faces/javax.faces.resource/primefaces.js?ln=primefaces&v=4.0 HTTP/1.1" 304 -
200.118.16.147 - - [30/Sep/2023:00:02:06 -0500] "GET /sipse/faces/javax.faces.resource/layout/layout.js?ln=primefaces&v=4.0 HTTP/1.1" 304 -
216.244.66.195 - - [30/Sep/2023:00:02:13 -0500] "GET /BLA/resoluciones/AUTOS%202023/2090.pdf HTTP/1.1" 200 379039
200.118.16.147 - - [30/Sep/2023:00:02:43 -0500] "POST /sipse/faces/presentacion/financiero/solicitudProceso/consultarSolicitudProceso.xhtml HTTP/1.1" 200 74004
200.118.16.147 - - [30/Sep/2023:00:02:43 -0500] "GET /sipse/faces/javax.faces.resource/theme.css?ln=primefaces-sipse HTTP/1.1" 304 -
200.118.16.147 - - [30/Sep/2023:00:02:43 -0500] "GET /sipse/faces/javax.faces.resource/primefaces.css?ln=primefaces&v=4.0 HTTP/1.1" 304 -
200.118.16.147 - - [30/Sep/2023:00:02:43 -0500] "GET /sipse/faces/javax.faces.resource/layout/layout.css?ln=primefaces&v=4.0 HTTP/1.1" 304 -
200.118.16.147 - - [30/Sep/2023:00:02:43 -0500] "GET /sipse/faces/javax.faces.resource/jquery/jquery-plugins.js?ln=primefaces&v=4.0 HTTP/1.1" 304 -
200.118.16.147 - - [30/Sep/2023:00:02:43 -0500] "GET /sipse/faces/javax.faces.resource/primefaces.js?ln=primefaces&v=4.0 HTTP/1.1" 304 -
200.118.16.147 - - [30/Sep/2023:00:02:43 -0500] "GET /sipse/faces/javax.faces.resource/jquery/jquery.js?ln=primefaces&v=4.0 HTTP/1.1" 304 -
200.118.16.147 - - [30/Sep/2023:00:02:43 -0500] "GET /sipse/faces/javax.faces.resource/layout/layout.js?ln=primefaces&v=4.0 HTTP/1.1" 304 -
200.118.16.147 - - [30/Sep/2023:00:03:00 -0500] "POST /sipse/faces/presentacion/financiero/solicitudProceso/consultar.xhtml HTTP/1.1" 200 119664
200.118.16.147 - - [30/Sep/2023:00:03:01 -0500] "GET /sipse/faces/javax.faces.resource/theme.css?ln=primefaces-sipse HTTP/1.1" 304 -
200.118.16.147 - - [30/Sep/2023:00:03:01 -0500] "GET /sipse/faces/javax.faces.resource/layout/layout.css?ln=primefaces&v=4.0 HTTP/1.1" 304 -
200.118.16.147 - - [30/Sep/2023:00:03:01 -0500] "GET /sipse/faces/javax.faces.resource/primefaces.css?ln=primefaces&v=4.0 HTTP/1.1" 304 -
200.118.16.147 - - [30/Sep/2023:00:03:01 -0500] "GET /sipse/faces/javax.faces.resource/jquery/jquery.js?ln=primefaces&v=4.0 HTTP/1.1" 304 -
200.118.16.147 - - [30/Sep/2023:00:03:01 -0500] "GET /sipse/faces/javax.faces.resource/jquery/jquery-plugins.js?ln=primefaces&v=4.0 HTTP/1.1" 304 -
216.244.66.195 - - [30/Sep/2023:00:03:01 -0500] "GET /BLA/resoluciones/AUTOS%202023/2408.pdf HTTP/1.1" 200 1255044
200.118.16.147 - - [30/Sep/2023:00:03:01 -0500] "GET /sipse/faces/javax.faces.resource/primefaces.js?ln=primefaces&v=4.0 HTTP/1.1" 304 -
200.118.16.147 - - [30/Sep/2023:00:03:01 -0500] "GET /sipse/faces/javax.faces.resource/layout/layout.js?ln=primefaces&v=4.0 HTTP/1.1" 304 -
200.118.16.147 - - [30/Sep/2023:00:03:38 -0500] "POST /sipse/faces/presentacion/financiero/solicitudProceso/consultarSolicitudProceso.xhtml HTTP/1.1" 200 74004
200.118.16.147 - - [30/Sep/2023:00:03:38 -0500] "GET /sipse/faces/javax.faces.resource/theme.css?ln=primefaces-sipse HTTP/1.1" 304 -
200.118.16.147 - - [30/Sep/2023:00:03:38 -0500] "GET /sipse/faces/javax.faces.resource/primefaces.css?ln=primefaces&v=4.0 HTTP/1.1" 304 -
200.118.16.147 - - [30/Sep/2023:00:03:38 -0500] "GET /sipse/faces/javax.faces.resource/jquery/jquery.js?ln=primefaces&v=4.0 HTTP/1.1" 304 -
200.118.16.147 - - [30/Sep/2023:00:03:38 -0500] "GET /sipse/faces/javax.faces.resource/primefaces.js?ln=primefaces&v=4.0 HTTP/1.1" 304 -
200.118.16.147 - - [30/Sep/2023:00:03:38 -0500] "GET /sipse/faces/javax.faces.resource/jquery/jquery-plugins.js?ln=primefaces&v=4.0 HTTP/1.1" 304 -
200.118.16.147 - - [30/Sep/2023:00:03:38 -0500] "GET /sipse/faces/javax.faces.resource/layout/layout.css?ln=primefaces&v=4.0 HTTP/1.1" 304 -
200.118.16.147 - - [30/Sep/2023:00:03:38 -0500] "GET /sipse/faces/javax.faces.resource/layout/layout.js?ln=primefaces&v=4.0 HTTP/1.1" 304 -
216.244.66.195 - - [30/Sep/2023:00:03:51 -0500] "GET /BLA/resoluciones/AUTOS%202023/2543.pdf HTTP/1.1" 200 1669903
200.118.16.147 - - [30/Sep/2023:00:03:50 -0500] "POST /sipse/faces/presentacion/financiero/solicitudProceso/consultar.xhtml HTTP/1.1" 200 122430
200.118.16.147 - - [30/Sep/2023:00:03:51 -0500] "GET /sipse/faces/javax.faces.resource/primefaces.css?ln=primefaces&v=4.0 HTTP/1.1" 304 -
200.118.16.147 - - [30/Sep/2023:00:03:51 -0500] "GET /sipse/faces/javax.faces.resource/theme.css?ln=primefaces-sipse HTTP/1.1" 304 -
200.118.16.147 - - [30/Sep/2023:00:03:51 -0500] "GET /sipse/faces/javax.faces.resource/layout/layout.css?ln=primefaces&v=4.0 HTTP/1.1" 304 -
200.118.16.147 - - [30/Sep/2023:00:03:51 -0500] "GET /sipse/faces/javax.faces.resource/jquery/jquery.js?ln=primefaces&v=4.0 HTTP/1.1" 304 -
200.118.16.147 - - [30/Sep/2023:00:03:51 -0500] "GET /sipse/faces/javax.faces.resource/jquery/jquery-plugins.js?ln=primefaces&v=4.0 HTTP/1.1" 304 -
200.118.16.147 - - [30/Sep/2023:00:03:51 -0500] "GET /sipse/faces/javax.faces.resource/primefaces.js?ln=primefaces&v=4.0 HTTP/1.1" 304 -
200.118.16.147 - - [30/Sep/2023:00:03:51 -0500] "GET /sipse/faces/javax.faces.resource/layout/layout.js?ln=primefaces&v=4.0 HTTP/1.1" 304 -
201.245.192.253 - - [30/Sep/2023:00:04:09 -0500] "POST /kwsrmcab/Wsrmcab  HTTP/1.1" 200 43477
200.118.16.147 - - [30/Sep/2023:00:04:18 -0500] "POST /sipse/faces/presentacion/financiero/solicitudProceso/consultarSolicitudProceso.xhtml HTTP/1.1" 200 33348
200.118.16.147 - - [30/Sep/2023:00:04:18 -0500] "GET /sipse/faces/javax.faces.resource/theme.css?ln=primefaces-sipse HTTP/1.1" 304 -
200.118.16.147 - - [30/Sep/2023:00:04:18 -0500] "GET /sipse/faces/javax.faces.resource/primefaces.css?ln=primefaces&v=4.0 HTTP/1.1" 304 -
200.118.16.147 - - [30/Sep/2023:00:04:18 -0500] "GET /sipse/faces/javax.faces.resource/primefaces.js?ln=primefaces&v=4.0 HTTP/1.1" 304 -
200.118.16.147 - - [30/Sep/2023:00:04:18 -0500] "GET /sipse/faces/javax.faces.resource/layout/layout.css?ln=primefaces&v=4.0 HTTP/1.1" 304 -
200.118.16.147 - - [30/Sep/2023:00:04:18 -0500] "GET /sipse/faces/javax.faces.resource/jquery/jquery.js?ln=primefaces&v=4.0 HTTP/1.1" 304 -
200.118.16.147 - - [30/Sep/2023:00:04:18 -0500] "GET /sipse/faces/javax.faces.resource/jquery/jquery-plugins.js?ln=primefaces&v=4.0 HTTP/1.1" 304 -
200.118.16.147 - - [30/Sep/2023:00:04:18 -0500] "GET /sipse/faces/javax.faces.resource/layout/layout.js?ln=primefaces&v=4.0 HTTP/1.1" 304 -
66.249.73.106 - - [30/Sep/2023:00:04:41 -0500] "GET /resoluciones/RESOLUCIONES%202009/0082.pdf HTTP/1.1" 404 1018
216.244.66.195 - - [30/Sep/2023:00:04:41 -0500] "GET /BLA/resoluciones/AUTOS%202023/2760.pdf HTTP/1.1" 200 702843
200.118.16.147 - - [30/Sep/2023:00:04:54 -0500] "GET /sipse/faces/javax.faces.resource/theme.css?ln=primefaces-sipse HTTP/1.1" 304 -
200.118.16.147 - - [30/Sep/2023:00:04:54 -0500] "GET /sipse/faces/javax.faces.resource/layout/layout.css?ln=primefaces&v=4.0 HTTP/1.1" 304 -
200.118.16.147 - - [30/Sep/2023:00:04:54 -0500] "GET /sipse/faces/javax.faces.resource/primefaces.css?ln=primefaces&v=4.0 HTTP/1.1" 304 -
200.118.16.147 - - [30/Sep/2023:00:04:54 -0500] "GET /sipse/faces/javax.faces.resource/jquery/jquery.js?ln=primefaces&v=4.0 HTTP/1.1" 304 -
200.118.16.147 - - [30/Sep/2023:00:04:54 -0500] "GET /sipse/faces/javax.faces.resource/primefaces.js?ln=primefaces&v=4.0 HTTP/1.1" 304 -
200.118.16.147 - - [30/Sep/2023:00:04:54 -0500] "GET /sipse/faces/javax.faces.resource/jquery/jquery-plugins.js?ln=primefaces&v=4.0 HTTP/1.1" 304 -
200.118.16.147 - - [30/Sep/2023:00:04:54 -0500] "GET /sipse/faces/javax.faces.resource/layout/layout.js?ln=primefaces&v=4.0 HTTP/1.1" 304 -
200.118.16.147 - - [30/Sep/2023:00:04:53 -0500] "POST /sipse/faces/presentacion/financiero/solicitudProceso/consultarHistorialSolProceso.xhtml HTTP/1.1" 200 166784
200.118.16.147 - - [30/Sep/2023:00:05:16 -0500] "POST /sipse/faces/presentacion/financiero/solicitudProceso/consultarSolicitudProceso.xhtml HTTP/1.1" 200 85093
200.118.16.147 - - [30/Sep/2023:00:05:25 -0500] "POST /sipse/faces/presentacion/financiero/solicitudProceso/consultarSolicitudProceso.xhtml HTTP/1.1" 200 85093
216.244.66.195 - - [30/Sep/2023:00:05:32 -0500] "GET /BLA/resoluciones/AUTOS%202023/2875.pdf HTTP/1.1" 200 398170
52.48.53.149 - - [30/Sep/2023:00:05:48 -0500] "GET /robots.txt HTTP/1.1" 404 1018
52.48.53.149 - - [30/Sep/2023:00:05:49 -0500] "GET /BLA/resoluciones/RESOLUCIONES%202013/0715.pdf HTTP/1.1" 200 497969
200.118.16.147 - - [30/Sep/2023:00:05:50 -0500] "POST /sipse/faces/presentacion/financiero/solicitudProceso/consultarSolicitudProceso.xhtml HTTP/1.1" 200 1886667
172.22.2.4 - - [30/Sep/2023:00:04:21 -0500] "HEAD /BLA/boletinlegal/ HTTP/1.1" 200 -
200.118.16.147 - - [30/Sep/2023:00:06:06 -0500] "POST /sipse/faces/presentacion/financiero/solicitudProceso/consultarSolicitudProceso.xhtml HTTP/1.1" 200 969897
200.118.16.147 - - [30/Sep/2023:00:06:18 -0500] "POST /sipse/faces/presentacion/financiero/solicitudProceso/consultarSolicitudProceso.xhtml HTTP/1.1" 200 159896
216.244.66.195 - - [30/Sep/2023:00:06:19 -0500] "GET /BLA/resoluciones/AUTOS%202023/2902.pdf HTTP/1.1" 200 513438
216.245.221.92 - - [30/Sep/2023:00:06:41 -0500] "HEAD / HTTP/1.1" 200 -
172.22.2.4 - - [30/Sep/2023:00:05:12 -0500] "GET /BLA/boletinlegal/ HTTP/1.1" 200 58187
200.118.16.147 - - [30/Sep/2023:00:07:04 -0500] "POST /sipse/faces/presentacion/financiero/solicitudProceso/consultarSolicitudProceso.xhtml HTTP/1.1" 200 969897
216.244.66.195 - - [30/Sep/2023:00:07:08 -0500] "GET /BLA/resoluciones/AUTOS%202023/3417.pdf HTTP/1.1" 200 359803
200.118.16.147 - - [30/Sep/2023:00:07:19 -0500] "POST /sipse/faces/presentacion/financiero/solicitudProceso/consultarSolicitudProceso.xhtml HTTP/1.1" 200 74004
200.118.16.147 - - [30/Sep/2023:00:07:19 -0500] "GET /sipse/faces/javax.faces.resource/theme.css?ln=primefaces-sipse HTTP/1.1" 304 -
200.118.16.147 - - [30/Sep/2023:00:07:19 -0500] "GET /sipse/faces/javax.faces.resource/primefaces.css?ln=primefaces&v=4.0 HTTP/1.1" 304 -
200.118.16.147 - - [30/Sep/2023:00:07:19 -0500] "GET /sipse/faces/javax.faces.resource/jquery/jquery.js?ln=primefaces&v=4.0 HTTP/1.1" 304 -
200.118.16.147 - - [30/Sep/2023:00:07:19 -0500] "GET /sipse/faces/javax.faces.resource/jquery/jquery-plugins.js?ln=primefaces&v=4.0 HTTP/1.1" 304 -
200.118.16.147 - - [30/Sep/2023:00:07:19 -0500] "GET /sipse/faces/javax.faces.resource/primefaces.js?ln=primefaces&v=4.0 HTTP/1.1" 304 -
200.118.16.147 - - [30/Sep/2023:00:07:19 -0500] "GET /sipse/faces/javax.faces.resource/layout/layout.css?ln=primefaces&v=4.0 HTTP/1.1" 304 -
200.118.16.147 - - [30/Sep/2023:00:07:19 -0500] "GET /sipse/faces/javax.faces.resource/layout/layout.js?ln=primefaces&v=4.0 HTTP/1.1" 304 -
216.244.66.195 - - [30/Sep/2023:00:07:54 -0500] "GET /BLA/resoluciones/AUTOS%202023/3452.pdf HTTP/1.1" 200 495837
200.118.16.147 - - [30/Sep/2023:00:08:29 -0500] "POST /sipse/faces/presentacion/financiero/solicitudProceso/consultar.xhtml HTTP/1.1" 200 63662
200.118.16.147 - - [30/Sep/2023:00:08:35 -0500] "POST /sipse/faces/presentacion/financiero/solicitudProceso/consultar.xhtml HTTP/1.1" 200 39292
216.244.66.195 - - [30/Sep/2023:00:08:43 -0500] "GET /BLA/resoluciones/AUTOS%202023/4015.pdf HTTP/1.1" 200 1018020
201.245.192.253 - - [30/Sep/2023:00:09:08 -0500] "POST /kwsrmcab/Wsrmcab  HTTP/1.1" 200 43477
216.244.66.195 - - [30/Sep/2023:00:09:33 -0500] "GET /BLA/resoluciones/AUTOS%202023/4035.pdf HTTP/1.1" 200 2296376
40.77.167.73 - - [30/Sep/2023:00:09:44 -0500] "GET /BLA/resoluciones/RESOLUCIONES%202021/4062.pdf HTTP/1.1" 200 343543
216.244.66.195 - - [30/Sep/2023:00:10:23 -0500] "GET /BLA/resoluciones/RESOLUCIONES%202000/2599.pdf HTTP/1.1" 200 89667
200.118.16.147 - - [30/Sep/2023:00:10:46 -0500] "POST /sipse/faces/presentacion/financiero/solicitudProceso/consultar.xhtml HTTP/1.1" 200 122430
200.118.16.147 - - [30/Sep/2023:00:10:47 -0500] "GET /sipse/faces/javax.faces.resource/theme.css?ln=primefaces-sipse HTTP/1.1" 304 -
200.118.16.147 - - [30/Sep/2023:00:10:47 -0500] "GET /sipse/faces/javax.faces.resource/primefaces.css?ln=primefaces&v=4.0 HTTP/1.1" 304 -
200.118.16.147 - - [30/Sep/2023:00:10:47 -0500] "GET /sipse/faces/javax.faces.resource/layout/layout.css?ln=primefaces&v=4.0 HTTP/1.1" 304 -
200.118.16.147 - - [30/Sep/2023:00:10:47 -0500] "GET /sipse/faces/javax.faces.resource/jquery/jquery.js?ln=primefaces&v=4.0 HTTP/1.1" 304 -
200.118.16.147 - - [30/Sep/2023:00:10:47 -0500] "GET /sipse/faces/javax.faces.resource/jquery/jquery-plugins.js?ln=primefaces&v=4.0 HTTP/1.1" 304 -
200.118.16.147 - - [30/Sep/2023:00:10:47 -0500] "GET /sipse/faces/javax.faces.resource/primefaces.js?ln=primefaces&v=4.0 HTTP/1.1" 304 -
200.118.16.147 - - [30/Sep/2023:00:10:47 -0500] "GET /sipse/faces/javax.faces.resource/layout/layout.js?ln=primefaces&v=4.0 HTTP/1.1" 304 -
216.244.66.195 - - [30/Sep/2023:00:10:54 -0500] "GET /BLA/resoluciones/RESOLUCIONES%202007/0097.pdf HTTP/1.1" 200 129686
216.244.66.195 - - [30/Sep/2023:00:11:28 -0500] "GET /BLA/resoluciones/RESOLUCIONES%202020/0246.pdf HTTP/1.1" 200 470245
216.245.221.92 - - [30/Sep/2023:00:11:41 -0500] "HEAD / HTTP/1.1" 200 -
172.22.2.4 - - [30/Sep/2023:00:10:11 -0500] "HEAD /BLA/boletinlegal/ HTTP/1.1" 200 -
207.46.13.86 - - [30/Sep/2023:00:12:10 -0500] "GET /portaldeninos/category/noticias/page/4/ HTTP/1.1" 200 102710
216.244.66.195 - - [30/Sep/2023:00:12:12 -0500] "GET /BLA/resoluciones/RESOLUCIONES%202020/0326.pdf HTTP/1.1" 200 650501
172.22.2.4 - - [30/Sep/2023:00:11:02 -0500] "GET /BLA/boletinlegal/ HTTP/1.1" 200 58187
216.244.66.195 - - [30/Sep/2023:00:12:54 -0500] "GET /BLA/resoluciones/RESOLUCIONES%202020/0666.pdf HTTP/1.1" 200 555672
152.61.192.232 - - [30/Sep/2023:00:13:36 -0500] "GET / HTTP/1.1" 200 319
216.244.66.195 - - [30/Sep/2023:00:13:37 -0500] "GET /BLA/resoluciones/RESOLUCIONES%202020/0812.pdf HTTP/1.1" 200 363818
191.102.198.198 - - [30/Sep/2023:00:13:58 -0500] "OPTIONS /kwssiamovil/sm/setfile/f? HTTP/1.1" 200 13
191.102.198.198 - - [30/Sep/2023:00:13:58 -0500] "POST /kwssiamovil/sm/setfile/f? HTTP/1.1" 200 381
191.102.198.198 - - [30/Sep/2023:00:14:05 -0500] "OPTIONS /kwssiamovil/sm/setfile/f? HTTP/1.1" 200 13
201.245.192.253 - - [30/Sep/2023:00:14:07 -0500] "POST /kwsrmcab/Wsrmcab  HTTP/1.1" 200 43477
191.102.198.198 - - [30/Sep/2023:00:14:05 -0500] "POST /kwssiamovil/sm/setfile/f? HTTP/1.1" 200 381
216.244.66.195 - - [30/Sep/2023:00:14:15 -0500] "GET /BLA/resoluciones/RESOLUCIONES%202020/1269.pdf HTTP/1.1" 200 324693
191.102.198.198 - - [30/Sep/2023:00:14:20 -0500] "GET /kwssiamovil/sm/acme/a?s=U2FsdGVkX1+Rfm2t1OSQt+uzy4ntlBV+g6y4puH82r1IIBnisgJMUCt1OOXVJ1ebNwYplBPZP/BvIMG6Q7YsNDxU69wwGu0hBoMLblPpLblT/09z5z7Q9PhDbphl6hBR8fnkn+wNb5raFXLuWa1uOI1XNmAAJyMAix2lakvKKe6sG2eplNBHrw5OJOjTnnzhpnQxOGCP33NW9tDfU8xNLcq6pHRFZl1bxfFhqVM3DIle2DKjFMsFS3X/y71VvoDFRjGz20XJCloaumyLpqZVcA==&u=U2FsdGVkX1+OZBjmZt5tAlX/RIP2ZlGbtVRUMkqT2k0=&y=U2FsdGVkX1+sfP8FmiWVEPW24FjNxVE6UdYEEAYh+gQ= HTTP/1.1" 200 26
191.102.198.198 - - [30/Sep/2023:00:14:20 -0500] "GET /kwssiamovil/sm/acme/a?s=U2FsdGVkX1922EC5CO31Dw7qbVqd+0hVXA0b9W31Ei2Sk12NoqlTD2uwnTozRJITSLhwoJtH8BhSS4j6lmKVMYUNpHrXN4NBQgBm7V7e/XOLPOYcIi9vdk8k3r1d/xsEJr+W4SmN95PRx2iIQwsFU2iar/RN86vykD9xTc+mhBeqLlYC1LR/FRwNJtfVh+VMdQDbuzfUPrVsSmLA/4u4CJtCrz7azFplYYwYpsCuSpVEWIGuuK15xfMJlE9eH/cyj4LRNicK2RIqw8+3xZ7D0N4SdaGXxBelj/kVHMjSEP1vevRx1j2CUdoIqGNOCXzt6bWglza5lme4fphSfdClclIrVG82w9KPvcC0tHHzv7+aGsH8JVrWCEP59Mxf0cXsE2FE5WO63vnsAFMufczH5qMWklGcvnJXKg8IrS4n1z/+5T4l/5w3UmWfaOMLsu/u4PON2UXuiACjXiqMi1PNysTMwVIcpKQY5i8KSajy3tZybqNak0lDs/ngoHoQ9GJgdhSOkIxos8zRZzLJPR4QMxWCQQ45hvkX5Od6+4jhyAoyBXYRSu5RMHDiEj7S9RcTdrjOx7rnTAZj3CP/ZWuFfxrzZ5rs5Fu5aKWsvkMdIt5SXgoaZPpw4LrUCyrToNCE1jved736Ht0K47Tc6t1ccNY1oBLxl4N3W40FBAI5QHBKRMFofqpALASDWRYTzkVu77Orw5CCCdnN6EDOG1AruqPXsAL3DLPjNAf6/p1f+GAyHNVu811PKSZaaDVCt7n0oXY+EOdxwC0B/tq0+BtGfsAbnKiPp124LTzSuvj0i00KkndI9i9yrWx5VTFeH8bEKURa7ZNl2NcYbdHPC/dpVW9JYpcPvRJDuLftnJsv38e5RI0XHLfjFje9KAZo/jGb/5sybA2mAr9uqzU6Jnivn76FOjDz877kYeTqZ+cYPgtxrwlNflD21NECV2aEXTcwULTWvyZEm7G7ZZ8fPdUIZL+c485IGWxUCCuEV08z7f5GfL26XDQGJbvu2qdn2gndl/bFcQyZyCUY4tjK7hNxRX/b2U9xre6+CjSZIGcFF2RgAfadgYFV6SxY0sQcBw0eKCgzkfq3SJEOwmtY06OAovopmOYvG3pwN/1L7iVCvEsCgA5cL9GpNbZirNUf56zqmaXEbyuJTz3QM6BGTclEzsUWLDATKxLn6zdbnBUJ1HUVhB02qgKXUDc8fAwMqfPSzlkwPFkw/THJ7Q1v+fLpcQxemtp6KfyL7NRxhClZicUK9c9QSqG5RpbxUQ3ZdHxE8WlmhxujrVFXJJkQ35VLPyJIAFPNhkj7uyY/TKoALyah71oYNTbZ8kjmfwyYZBM62+jNxqqtweGtsbBKYcTn0H+Srf+DN5V8bGQ20br1Jhad0gxbCTggGCW4o3g3B6jyiLgSwnBWoGNevqioGeUlyCElAIQLrjdQFEwvSQ8TKzI7WnzCFk0i8qJyLjaJPmJfybgm13RbIt7LYCssg+ESLAp8AsJzsIB7QHPejyKY05gnCIcNy0kZwASIR5LYnGoCXhnQ2O0/dROZ996QV+5lvlpikSuG6QGRrBL4p1NFKp00VK0i0oWh6xmuqO5zLbJCkYscUDGJTTYyJe/xh0uDgfpZ6l8uGtURKGTCsGJ/8UccedDwZfa4Av/ezJOF2UqbWw2fZV37RNRWwdOWtEi5fDwjWpjpJAYnyDAlpYkPNtbJocMcwRiUTOj4MfDUpmTD8B1/6VCzRPrp7kjuC5gu3HPoDm1iOxzXxMTpIZpuWVNVpzCtAxIOBajR9e4PhIG8&u=U2FsdGVkX1+OZBjmZt5tAlX/RIP2ZlGbtVRUMkqT2k0=&y=U2FsdGVkX1+sfP8FmiWVEPW24FjNxVE6UdYEEAYh+gQ= HTTP/1.1" 200 26
191.102.198.198 - - [30/Sep/2023:00:14:21 -0500] "GET /kwssiamovil/sm/acme/a?s=U2FsdGVkX1+iPcE07IVJ7/FI0XkqVEbTr8+ScUtPD9J7dZXdB0DXAukK592izsU+76wEaO0RANUn/SajFiWuv/Mfrk2IXjDGPKjsbXaYBYp4883/i7tgIvF3fk/YzusibmwAetcEjxUM0z+IWumLL6Z7OU0yKWpfUUyC/MaJvmE=&u=U2FsdGVkX1+OZBjmZt5tAlX/RIP2ZlGbtVRUMkqT2k0=&y=U2FsdGVkX1+sfP8FmiWVEPW24FjNxVE6UdYEEAYh+gQ= HTTP/1.1" 200 26
191.102.198.198 - - [30/Sep/2023:00:14:23 -0500] "GET /kwssiamovil/sm/acme/a?s=U2FsdGVkX1+DOzUNt7Nj55Xy3PSjgmMczponcA7MD3XKcbZTrKZk0d9l6iS3cyHoHxkURtiw791kBaLAcR7YyRC1ahBdR0R5XLePIhn0a7bcBPagACOAyDyriiF/sz0f916r1zGWgjPW7zoD+V+Ty/nVlrOPnkm/P/lGbbR9rlc=&u=U2FsdGVkX1+OZBjmZt5tAlX/RIP2ZlGbtVRUMkqT2k0=&y=U2FsdGVkX1+sfP8FmiWVEPW24FjNxVE6UdYEEAYh+gQ= HTTP/1.1" 200 26
191.102.198.198 - - [30/Sep/2023:00:14:24 -0500] "GET /kwssiamovil/sm/acme/a?s=U2FsdGVkX189ViT1dCEGR1sLGSdyhPba4W4dWDNXLo/kDy35sipU/9K5X8G9Pb8W4GU97Pwz75Bq5fri7ij278YFmaTrzcj0SIBqWzFEz0EfHwnr9CsdrNKFhngklHpNDs4d8JLqBcSUWqLzN8VO3p7CkmN4jNEOO2wUjO+w2rM=&u=U2FsdGVkX1+OZBjmZt5tAlX/RIP2ZlGbtVRUMkqT2k0=&y=U2FsdGVkX1+sfP8FmiWVEPW24FjNxVE6UdYEEAYh+gQ= HTTP/1.1" 200 26
191.102.198.198 - - [30/Sep/2023:00:14:24 -0500] "GET /kwssiamovil/sm/acme/a?s=U2FsdGVkX1+K/f5GTod4kWLyuoVoPV/iipgFYqDWfChv0rd63bkBrEXVDkIwZ/SJ3YDiy4KXBnD4nNCWiVGfuxrmdT4pa9XrFtsizjcxbMx4ctCcgiSAJR55jGhxAIHyc65LD7hYj0A+HNpolHgZX9i0/mtOYoYgM7JljPgJegazeyaRifvoaYTeJIIQ8mi5&u=U2FsdGVkX1+OZBjmZt5tAlX/RIP2ZlGbtVRUMkqT2k0=&y=U2FsdGVkX1+sfP8FmiWVEPW24FjNxVE6UdYEEAYh+gQ= HTTP/1.1" 200 26
191.102.198.198 - - [30/Sep/2023:00:14:24 -0500] "GET /kwssiamovil/sm/acme/a?s=U2FsdGVkX1/4/+K7cqyAyMD5fib6ITjIem3HsEeHQ8SlDRNWUenjJfE/bdr7mMXK7mt7uWapBRia6wte1Me/cnOzvXpjqaBRmUuuXjKO/JiCR+kUyGFR6N3ueBAv3J9Lb+38VZYi8J8rqnewsTFfLVuHDKqxS7hVf4jUsX+NKnwnKQh36y+xgzvhcX0U70S2mZcrzGFBY2weK2G8pMIGHMEUq2EMtE4VGQOzuUiU8WI=&u=U2FsdGVkX1+OZBjmZt5tAlX/RIP2ZlGbtVRUMkqT2k0=&y=U2FsdGVkX1+sfP8FmiWVEPW24FjNxVE6UdYEEAYh+gQ= HTTP/1.1" 200 26
191.102.198.198 - - [30/Sep/2023:00:14:25 -0500] "GET /kwssiamovil/sm/acme/a?s=U2FsdGVkX18hDHtzhih+GsgA7YEtBQazxQKKCLwmOx0pe+D/tMsRUdL0nkplOxZp0PGVfKdskgmpZ3IG7atSOZ1j9z7PH7NUwAupq9zfjsQf639JtXLu3OZ3hOJ4+nlFojnJusb07C6Vtgjg6fUXW0Dlvuh/HXL8GbJi3tlpwVMFSAB9Onf/Ga/106dKySFMFlL+H4kE57nguFhdOFph9A==&u=U2FsdGVkX1+OZBjmZt5tAlX/RIP2ZlGbtVRUMkqT2k0=&y=U2FsdGVkX1+sfP8FmiWVEPW24FjNxVE6UdYEEAYh+gQ= HTTP/1.1" 200 26
191.102.198.198 - - [30/Sep/2023:00:14:25 -0500] "GET /kwssiamovil/sm/acme/a?s=U2FsdGVkX1/UtJux6AlPAEtLBlGIP0+otIGgMaejG5cFqCYGxHysG7KvkCJNJXNATwTkcxR7PTurhbMwnYbhiGcr8+ADdgwoPxsxwUrT3N6W2ohr55QvVRVvIFqY1k0+NXUeh/osvgwwFSl7deQYJMwuOffSQuZOXfqRIDkBlOX2CJWBWV6nrXQBlUQl5ZlviImO7TuRB2o5GlXukj+VZMYTq8M362jSkwVVwDSOxwg=&u=U2FsdGVkX1+OZBjmZt5tAlX/RIP2ZlGbtVRUMkqT2k0=&y=U2FsdGVkX1+sfP8FmiWVEPW24FjNxVE6UdYEEAYh+gQ= HTTP/1.1" 200 26
191.102.198.198 - - [30/Sep/2023:00:14:25 -0500] "GET /kwssiamovil/sm/acme/a?s=U2FsdGVkX18LNNQ/HlgzH/1VX2aSCKuLVKYJrNz4Qhq9+7ORjg4bLPy5tmdRX9N3PLUKkWstEKgGXOxsduBIPKuXJpiiACpQdJpkds3zJ6woOF6/ZVpnxUZwq0w/SmEPby1awWqT76t3uC1wwIST/5UgmRAIn8wpq8XwDyvSAtd2pOiT8dumUx0lozbCcFjKRAUhapJTIUR9CTVHf87K9Q==&u=U2FsdGVkX1+OZBjmZt5tAlX/RIP2ZlGbtVRUMkqT2k0=&y=U2FsdGVkX1+sfP8FmiWVEPW24FjNxVE6UdYEEAYh+gQ= HTTP/1.1" 200 26
191.102.198.198 - - [30/Sep/2023:00:14:34 -0500] "GET /kwssiamovil/sm/acme/u?s=U2FsdGVkX185geC4K3MiS6IVNdUbRwRINAYIzhZJkWFv7vhJP9Tg3mejDyAdsvKZ7QrAPj9FDYL5mXDIeIWKLapIiDiU1QbeK5ypy96P6bFBeSSOaRzozjQSBK1m+pSG3NNzr7IvutloPU+J03W3ucU4FIhseb5V+7Us/OEA0l8=&u=U2FsdGVkX1+OZBjmZt5tAlX/RIP2ZlGbtVRUMkqT2k0=&y=U2FsdGVkX1+sfP8FmiWVEPW24FjNxVE6UdYEEAYh+gQ= HTTP/1.1" 200 60
216.244.66.195 - - [30/Sep/2023:00:14:45 -0500] "GET /BLA/resoluciones/RESOLUCIONES%202020/1509.pdf HTTP/1.1" 200 644935
216.244.66.195 - - [30/Sep/2023:00:15:28 -0500] "GET /BLA/resoluciones/RESOLUCIONES%202020/1781.pdf HTTP/1.1" 200 6774900
216.244.66.195 - - [30/Sep/2023:00:16:03 -0500] "GET /BLA/resoluciones/RESOLUCIONES%202021/0149.pdf HTTP/1.1" 200 328286
66.249.73.106 - - [30/Sep/2023:00:16:24 -0500] "GET /BLA/resoluciones/RESOLUCIONES%202011/0256.pdf HTTP/1.1" 200 306093
216.244.66.195 - - [30/Sep/2023:00:16:33 -0500] "GET /BLA/resoluciones/RESOLUCIONES%202021/0265.pdf HTTP/1.1" 200 379164
216.245.221.92 - - [30/Sep/2023:00:16:41 -0500] "HEAD / HTTP/1.1" 200 -
216.244.66.195 - - [30/Sep/2023:00:17:03 -0500] "GET /BLA/resoluciones/RESOLUCIONES%202021/0375.pdf HTTP/1.1" 200 517613
216.244.66.195 - - [30/Sep/2023:00:17:32 -0500] "GET /BLA/resoluciones/RESOLUCIONES%202021/0796.pdf HTTP/1.1" 200 512557
172.22.2.4 - - [30/Sep/2023:00:16:01 -0500] "HEAD /BLA/boletinlegal/ HTTP/1.1" 200 -
216.244.66.195 - - [30/Sep/2023:00:18:01 -0500] "GET /BLA/resoluciones/RESOLUCIONES%202021/1257.pdf HTTP/1.1" 200 434863
201.245.192.253 - - [30/Sep/2023:00:18:07 -0500] "POST /kwsrmcab/Wsrmcab HTTP/1.1" 200 42794
201.245.192.253 - - [30/Sep/2023:00:18:10 -0500] "POST /kwsrmcab/Wsrmcab HTTP/1.1" 200 43009
216.244.66.195 - - [30/Sep/2023:00:18:28 -0500] "GET /BLA/resoluciones/RESOLUCIONES%202021/1301.pdf HTTP/1.1" 200 344446
172.22.2.4 - - [30/Sep/2023:00:16:52 -0500] "GET /BLA/boletinlegal/ HTTP/1.1" 200 57790
200.118.16.147 - - [30/Sep/2023:00:18:41 -0500] "POST /sipse/faces/presentacion/financiero/solicitudProceso/consultarSolicitudProceso.xhtml HTTP/1.1" 200 177326
216.244.66.195 - - [30/Sep/2023:00:18:53 -0500] "GET /BLA/resoluciones/RESOLUCIONES%202021/1616.pdf HTTP/1.1" 200 344657
201.245.192.253 - - [30/Sep/2023:00:19:06 -0500] "POST /kwsrmcab/Wsrmcab  HTTP/1.1" 200 43477
216.244.66.195 - - [30/Sep/2023:00:19:18 -0500] "GET /BLA/resoluciones/RESOLUCIONES%202021/1763.pdf HTTP/1.1" 200 375049
216.244.66.195 - - [30/Sep/2023:00:19:42 -0500] "GET /BLA/resoluciones/RESOLUCIONES%202021/1782.pdf HTTP/1.1" 200 351140
66.249.73.104 - - [30/Sep/2023:00:19:49 -0500] "GET /Publicaciones/2022EE300100.pdf HTTP/1.1" 404 228
216.244.66.195 - - [30/Sep/2023:00:20:05 -0500] "GET /BLA/resoluciones/RESOLUCIONES%202021/2358.pdf HTTP/1.1" 200 455823
52.167.144.175 - - [30/Sep/2023:00:20:28 -0500] "GET /Publicaciones/2023EE224593.pdf HTTP/1.1" 200 232810
216.244.66.195 - - [30/Sep/2023:00:20:37 -0500] "GET /BLA/resoluciones/RESOLUCIONES%202021/2474.pdf HTTP/1.1" 200 305805
216.244.66.195 - - [30/Sep/2023:00:21:04 -0500] "GET /BLA/resoluciones/RESOLUCIONES%202021/3325.pdf HTTP/1.1" 200 347755
216.244.66.195 - - [30/Sep/2023:00:21:31 -0500] "GET /BLA/resoluciones/RESOLUCIONES%202021/3640.pdf HTTP/1.1" 200 441412
200.118.16.147 - - [30/Sep/2023:00:21:40 -0500] "POST /sipse/faces/presentacion/financiero/solicitudProceso/consultarSolicitudProceso.xhtml HTTP/1.1" 200 33348
200.118.16.147 - - [30/Sep/2023:00:21:40 -0500] "GET /sipse/faces/javax.faces.resource/theme.css?ln=primefaces-sipse HTTP/1.1" 304 -
200.118.16.147 - - [30/Sep/2023:00:21:40 -0500] "GET /sipse/faces/javax.faces.resource/primefaces.css?ln=primefaces&v=4.0 HTTP/1.1" 304 -
200.118.16.147 - - [30/Sep/2023:00:21:40 -0500] "GET /sipse/faces/javax.faces.resource/jquery/jquery.js?ln=primefaces&v=4.0 HTTP/1.1" 304 -
200.118.16.147 - - [30/Sep/2023:00:21:40 -0500] "GET /sipse/faces/javax.faces.resource/layout/layout.css?ln=primefaces&v=4.0 HTTP/1.1" 304 -
200.118.16.147 - - [30/Sep/2023:00:21:40 -0500] "GET /sipse/faces/javax.faces.resource/jquery/jquery-plugins.js?ln=primefaces&v=4.0 HTTP/1.1" 304 -
200.118.16.147 - - [30/Sep/2023:00:21:40 -0500] "GET /sipse/faces/javax.faces.resource/primefaces.js?ln=primefaces&v=4.0 HTTP/1.1" 304 -
200.118.16.147 - - [30/Sep/2023:00:21:41 -0500] "GET /sipse/faces/javax.faces.resource/layout/layout.js?ln=primefaces&v=4.0 HTTP/1.1" 304 -
200.118.16.147 - - [30/Sep/2023:00:21:41 -0500] "GET /sipse/faces/javax.faces.resource/images/ui-icons_898989_256x240.png?ln=primefaces-aristo HTTP/1.1" 304 -
200.118.16.147 - - [30/Sep/2023:00:21:41 -0500] "GET /sipse/css/imagen/contrasena.png HTTP/1.1" 404 383
216.245.221.92 - - [30/Sep/2023:00:21:41 -0500] "HEAD / HTTP/1.1" 200 -
200.118.16.147 - - [30/Sep/2023:00:21:45 -0500] "GET /sipse/faces/javax.faces.resource/theme.css?ln=primefaces-sipse HTTP/1.1" 304 -
200.118.16.147 - - [30/Sep/2023:00:21:45 -0500] "GET /sipse/faces/javax.faces.resource/jquery/jquery-plugins.js?ln=primefaces&v=4.0 HTTP/1.1" 304 -
200.118.16.147 - - [30/Sep/2023:00:21:45 -0500] "GET /sipse/faces/javax.faces.resource/jquery/jquery.js?ln=primefaces&v=4.0 HTTP/1.1" 304 -
200.118.16.147 - - [30/Sep/2023:00:21:45 -0500] "GET /sipse/faces/javax.faces.resource/layout/layout.css?ln=primefaces&v=4.0 HTTP/1.1" 304 -
200.118.16.147 - - [30/Sep/2023:00:21:45 -0500] "GET /sipse/faces/javax.faces.resource/primefaces.css?ln=primefaces&v=4.0 HTTP/1.1" 304 -
200.118.16.147 - - [30/Sep/2023:00:21:45 -0500] "POST /sipse/faces/presentacion/financiero/solicitudProceso/consultarHistorialSolProceso.xhtml HTTP/1.1" 200 166784
200.118.16.147 - - [30/Sep/2023:00:21:45 -0500] "GET /sipse/faces/javax.faces.resource/primefaces.js?ln=primefaces&v=4.0 HTTP/1.1" 304 -
200.118.16.147 - - [30/Sep/2023:00:21:45 -0500] "GET /sipse/faces/javax.faces.resource/layout/layout.js?ln=primefaces&v=4.0 HTTP/1.1" 304 -
200.118.16.147 - - [30/Sep/2023:00:21:46 -0500] "GET /sipse/faces/javax.faces.resource/images/ui-icons_898989_256x240.png?ln=primefaces-aristo HTTP/1.1" 304 -
216.244.66.195 - - [30/Sep/2023:00:21:55 -0500] "GET /BLA/resoluciones/RESOLUCIONES%202021/3752.pdf HTTP/1.1" 200 494427
216.244.66.195 - - [30/Sep/2023:00:22:18 -0500] "GET /BLA/resoluciones/RESOLUCIONES%202021/4114.pdf HTTP/1.1" 200 378594
207.46.13.124 - - [30/Sep/2023:00:22:21 -0500] "GET /BLA/resoluciones/RESOLUCIONES%202021/1470.pdf HTTP/1.1" 200 500651
216.244.66.195 - - [30/Sep/2023:00:22:40 -0500] "GET /BLA/resoluciones/RESOLUCIONES%202021/4213.pdf HTTP/1.1" 200 337150
216.244.66.195 - - [30/Sep/2023:00:23:06 -0500] "GET /BLA/resoluciones/RESOLUCIONES%202021/4217.pdf HTTP/1.1" 200 336672
216.244.66.195 - - [30/Sep/2023:00:23:26 -0500] "GET /BLA/resoluciones/RESOLUCIONES%202022/0160.pdf HTTP/1.1" 200 339547
172.22.2.4 - - [30/Sep/2023:00:21:51 -0500] "HEAD /BLA/boletinlegal/ HTTP/1.1" 200 -
216.244.66.195 - - [30/Sep/2023:00:23:45 -0500] "GET /BLA/resoluciones/RESOLUCIONES%202022/0273.pdf HTTP/1.1" 200 431567
66.249.73.106 - - [30/Sep/2023:00:23:52 -0500] "GET /BLA/resoluciones/AUTOS%202014/1133.pdf HTTP/1.1" 200 411250
216.244.66.195 - - [30/Sep/2023:00:24:04 -0500] "GET /BLA/resoluciones/RESOLUCIONES%202022/0303.pdf HTTP/1.1" 200 350960
201.245.192.253 - - [30/Sep/2023:00:24:05 -0500] "POST /kwsrmcab/Wsrmcab  HTTP/1.1" 200 43477
216.244.66.195 - - [30/Sep/2023:00:24:21 -0500] "GET /BLA/resoluciones/RESOLUCIONES%202022/0348.pdf HTTP/1.1" 200 994766
172.22.2.4 - - [30/Sep/2023:00:22:42 -0500] "GET /BLA/boletinlegal/ HTTP/1.1" 200 56257
216.244.66.195 - - [30/Sep/2023:00:24:37 -0500] "GET /BLA/resoluciones/RESOLUCIONES%202022/0417.pdf HTTP/1.1" 200 333296
216.244.66.195 - - [30/Sep/2023:00:24:52 -0500] "GET /BLA/resoluciones/RESOLUCIONES%202022/0561.pdf HTTP/1.1" 200 467906
152.61.128.50 - - [30/Sep/2023:00:24:59 -0500] "GET / HTTP/1.1" 200 319
200.118.16.147 - - [30/Sep/2023:00:25:00 -0500] "POST /sipse/faces/presentacion/financiero/solicitudProceso/consultarSolicitudProceso.xhtml HTTP/1.1" 200 30256
200.118.16.147 - - [30/Sep/2023:00:25:13 -0500] "POST /sipse/faces/presentacion/financiero/solicitudProceso/consultarSolicitudProceso.xhtml HTTP/1.1" 200 45492
200.118.16.147 - - [30/Sep/2023:00:25:25 -0500] "POST /sipse/faces/presentacion/financiero/solicitudProceso/consultarSolicitudProceso.xhtml HTTP/1.1" 200 527584
216.245.221.92 - - [30/Sep/2023:00:26:41 -0500] "HEAD / HTTP/1.1" 200 -
66.249.73.105 - - [30/Sep/2023:00:27:04 -0500] "GET /BLA/resoluciones/RESOLUCIONES%202009/4480.pdf HTTP/1.1" 200 783941
66.249.73.106 - - [30/Sep/2023:00:27:39 -0500] "GET /BLA/resoluciones/RESOLUCIONES%202009/0002.pdf HTTP/1.1" 200 234079
201.245.192.253 - - [30/Sep/2023:00:28:06 -0500] "POST /kwsrmcab/Wsrmcab HTTP/1.1" 200 42794
201.245.192.253 - - [30/Sep/2023:00:28:09 -0500] "POST /kwsrmcab/Wsrmcab HTTP/1.1" 200 43009
66.249.73.104 - - [30/Sep/2023:00:28:40 -0500] "GET /BLA/resoluciones/RESOLUCIONES%202012/0415.pdf HTTP/1.1" 200 422093
216.244.66.195 - - [30/Sep/2023:00:28:50 -0500] "GET /robots.txt HTTP/1.1" 404 1018
201.245.192.253 - - [30/Sep/2023:00:29:03 -0500] "POST /kwsrmcab/Wsrmcab  HTTP/1.1" 200 43477
172.22.2.4 - - [30/Sep/2023:00:27:41 -0500] "HEAD /BLA/boletinlegal/ HTTP/1.1" 200 -
172.22.2.4 - - [30/Sep/2023:00:28:32 -0500] "GET /BLA/boletinlegal/ HTTP/1.1" 200 58187
66.249.73.106 - - [30/Sep/2023:00:30:51 -0500] "GET /BLA/resoluciones/RESOLUCIONES%202009/4153.pdf HTTP/1.1" 200 780888
52.167.144.181 - - [30/Sep/2023:00:31:36 -0500] "GET /Publicaciones/2023EE110203.pdf HTTP/1.1" 404 228
216.245.221.92 - - [30/Sep/2023:00:31:41 -0500] "HEAD / HTTP/1.1" 200 -
66.249.73.105 - - [30/Sep/2023:00:31:42 -0500] "GET /BLA/resoluciones/RESOLUCIONES%202011/5213.pdf HTTP/1.1" 200 941378
52.167.144.195 - - [30/Sep/2023:00:31:53 -0500] "GET /BLA/resoluciones/RESOLUCIONES%202022/2895.pdf HTTP/1.1" 304 -
66.249.73.106 - - [30/Sep/2023:00:32:48 -0500] "GET /BLA/resoluciones/RESOLUCIONES%202008/2874.pdf HTTP/1.1" 200 237774
69.63.189.5 - - [30/Sep/2023:00:33:33 -0500] "GET /images/Zuque%20(1)%20(1).jpeg HTTP/1.1" 200 66921
66.249.73.104 - - [30/Sep/2023:00:33:33 -0500] "GET /BLA/resoluciones/RESOLUCIONES%202007/RES%202007%201801%20AL%201900/RESOLUCION%201848%20DE%202007.pdf HTTP/1.1" 200 182223
69.63.189.119 - - [30/Sep/2023:00:33:40 -0500] "GET /images/pieza-voluntariado-ambiental.jpeg HTTP/1.1" 200 51125
66.249.73.106 - - [30/Sep/2023:00:33:56 -0500] "GET /BLA/resoluciones/RESOLUCIONES%202007/RES%202007%201%20AL%20100/RESOLUCION%200041%20DE%202007.pdf HTTP/1.1" 200 445581
201.245.192.253 - - [30/Sep/2023:00:34:02 -0500] "POST /kwsrmcab/Wsrmcab  HTTP/1.1" 200 43477
172.22.2.4 - - [30/Sep/2023:00:33:31 -0500] "HEAD /BLA/boletinlegal/ HTTP/1.1" 200 -
172.22.2.4 - - [30/Sep/2023:00:34:22 -0500] "GET /BLA/boletinlegal/ HTTP/1.1" 200 60342
216.245.221.92 - - [30/Sep/2023:00:36:41 -0500] "HEAD / HTTP/1.1" 200 -
64.124.8.39 - - [30/Sep/2023:00:36:56 -0500] "GET /robots.txt HTTP/1.1" 404 1049
64.124.8.39 - - [30/Sep/2023:00:36:56 -0500] "GET /BLA/boletinlegal/jurisprudencia/analisis/analisis%20sentencia%20C-596-10.doc HTTP/1.1" 200 36352
207.46.13.154 - - [30/Sep/2023:00:37:53 -0500] "GET /BLA/resoluciones/RESOLUCIONES%202012/1334.pdf HTTP/1.1" 200 1973508
201.245.192.253 - - [30/Sep/2023:00:38:06 -0500] "POST /kwsrmcab/Wsrmcab HTTP/1.1" 200 42794
201.245.192.253 - - [30/Sep/2023:00:38:09 -0500] "POST /kwsrmcab/Wsrmcab HTTP/1.1" 200 43009
138.201.157.89 - - [30/Sep/2023:00:38:15 -0500] "GET / HTTP/1.1" 200 319
138.201.157.89 - - [30/Sep/2023:00:38:15 -0500] "GET / HTTP/1.1" 200 4720
201.245.192.253 - - [30/Sep/2023:00:39:01 -0500] "POST /kwsrmcab/Wsrmcab  HTTP/1.1" 200 43477
66.249.73.104 - - [30/Sep/2023:00:40:43 -0500] "GET /BLA/resoluciones/AUTOS%202014/0447.pdf HTTP/1.1" 200 452564
172.22.2.4 - - [30/Sep/2023:00:39:21 -0500] "HEAD /BLA/boletinlegal/ HTTP/1.1" 200 -
216.245.221.92 - - [30/Sep/2023:00:41:41 -0500] "HEAD / HTTP/1.1" 200 -
172.22.2.4 - - [30/Sep/2023:00:40:12 -0500] "GET /BLA/boletinlegal/ HTTP/1.1" 200 60342
66.249.73.105 - - [30/Sep/2023:00:42:38 -0500] "GET /BLA/resoluciones/RESOLUCIONES%202009/0555.pdf HTTP/1.1" 200 711875
52.167.144.145 - - [30/Sep/2023:00:42:58 -0500] "GET /semana-bogota-reverdece-politica-publica-de-accion-climatica-es-una-realidad.html HTTP/1.1" 200 891
191.102.198.198 - - [30/Sep/2023:00:43:48 -0500] "OPTIONS /kwssiamovil/sm/setfile/f? HTTP/1.1" 200 13
191.102.198.198 - - [30/Sep/2023:00:43:48 -0500] "POST /kwssiamovil/sm/setfile/f? HTTP/1.1" 200 381
191.102.198.198 - - [30/Sep/2023:00:43:53 -0500] "OPTIONS /kwssiamovil/sm/setfile/f? HTTP/1.1" 200 13
191.102.198.198 - - [30/Sep/2023:00:43:53 -0500] "POST /kwssiamovil/sm/setfile/f? HTTP/1.1" 200 381
201.245.192.253 - - [30/Sep/2023:00:44:00 -0500] "POST /kwsrmcab/Wsrmcab  HTTP/1.1" 200 43477
191.102.198.198 - - [30/Sep/2023:00:44:09 -0500] "GET /kwssiamovil/sm/acme/a?s=U2FsdGVkX190WTrsdYN2pWJVDhMxU2N/vZN1JphCYhz+eOq4WHptfD7Tqn1rn340SkVDP1zdyZrycnt/aYUx8lVrK189tbZRVFFnYoTltFn2csrTicX1yIBatXpWVIDpkxDRMvwZpGVW6y0Ldrxfmy6rhrVUUNk4lZEzfv76znSCNA+DuxadpAoHQquoHlIPRddK/3wJ/YHv6jrJestMy1laGqWhj7JvulTllkvr1DaiFHP2BqWh7/9chj08XSZ+qxrA690dfsBxYzjjYPbwnA==&u=U2FsdGVkX1+OZBjmZt5tAlX/RIP2ZlGbtVRUMkqT2k0=&y=U2FsdGVkX1+sfP8FmiWVEPW24FjNxVE6UdYEEAYh+gQ= HTTP/1.1" 200 26
191.102.198.198 - - [30/Sep/2023:00:44:09 -0500] "GET /kwssiamovil/sm/acme/a?s=U2FsdGVkX18JqgROD849nvk09eS6k0ThlO2/yhCu2gCPAPnfbBpS6LCXvgkl3JBIELfHye5vriVR/U6rVMziKWBvdazz062zZoFnkxxraJxSQcoG6OOSyajv5RQf4HWi6ynzDFQQNUDWmykLenejlvFt85Ss5jb9O667oLiGkpAvC7BWQM50CMWFCJq6UwCRG9wMSeB2OCR79KBkQADLf4bXPGknmq0rhG73mObnv2kqLg5xIQr4R3vApXaKYoMiVqK/fCi/P1/LNlmBQURtUb90cvQCxsnKq/4dGHjmdrkRrajDDNxWEoGMDNlKyq6BnsF/Jm2ctPxng0cXzOvJ7HzPsjPKS/fX+tcjU/SHg3LgxmOdNH1l/XL29WFIX0snSkSsVgmVWn6M0AcQOSjEH1lOUQjoQmydfgrlZZWED85wqDj4R/Wp/nF8PaeRcdj4huuEJHVWkGafRwIqJa/dys+J3QKQoFhJjYc/zjq7to/7saS426TtM2A/lXGIGXgghJl+KwntxwfRjAvJ2sQq7jgKvzqcvrTJGSq7AYHFdJcqKWUyfUs60n9hV/fzS9t58j1c8iGnPs2Iid4xJGPKUEii5EK543i5W8eYTgamTImFdrqsOhJqoalV0+e+PYOCYoKs76OOuDHWYKb8W62t18s0SEHAyKCYAj9U3COoSwOX1oHxdwTICk0LHyKz/VWiM8uTt4uvpbeXAukRcExNp/FgE1994D/sOMxYvam3qhvTLcZoqs3yVB1UBtiGI1Web+dqVpg2BPT8aVoXuu9XHN2CeirLQMewF8oT0zqXVG9sMCkVPOXBzhZyrX5MnjQcuRsMxHQT2FwKlvSP3UP9CKQ6mBBi5OzO584I+SbFaCXHU+raIz3PpjS1ukKEWmojrMuM808qQszwJIkEBCURa13NRqoXMmg7roVs+c12SLZNYMQmt1t0BEAsUwSxmK6MgFkUGQEYvaDqB/vIjdAqjSL6rcDtO+6cVc9T9RzyP3zOfgvE29t6eysBqIMLqh17zJokABkIVTeWvrdfHLF7Fcwrc+SZ3OdmDyQLfirmCvl55axRs2zejymSOLjSvGe7ScY/dx/+7e8tQnU4fh9xDFNlPQAzKkvMLTutL2+5vfMVCylRGtRJo0MMlZi9L7iOrUCBiy0+aIOB4sP1q1As0gsk7yY786ExkuppYxiAhVo9SzcyeDZ6AasHmGek1J2IrqMhws7kwMNEheHNdG1KKsCKPhlt3hlWP6/yJcu/7tRcn1ypXfD6+oupRhcS9vGqOuscpm/TPQ56LBoSQhcmCHeqpq8zBq6KcpjcuyjUJhKkqh6MGdtl8TaPR86wVxWx1FHrwjyQ3hNuMICkQOaU6FTwlT66nA7IalmECfyhdW/sMBUmXJZ2fS0jpAzc2eujxKFshdoh2I5Jh5TLqcBlN7l7fmKZDdAIBeoTcOeANe+vd8UW6OqpFFYxZspDZq3XQ87H73RuKakRlIXzw8YibF22TxBZFL70mqQ9GfcRYdFLpcWgNxUpL890075zTnxcZbLiG19uLSgphwbc+Bwb/Tk/lKHHP0nO2OcGh7DX7BIxP2bRkazlobAztICSJ+vAvkiwyyD8L85BcgiToV0j90Ue05kcX5he0vPY6wjOZ4T1ZU+HEWZTMZN3xopXddAJNyeNX4fcynSyN6vf6u3xvAiqs7NV4sd9bPu8iSIIqd4YIWJmJbSjSxgfNzmKszmu5VpPn1ECan5yZuvN/iRUw9/dNd4wFE3oEPJFWiWk+AssVlD2uH6lAYy3Gnvvg1g2wreLBU63Zv/9TQzyqjf5+WnYt1QGnOfActTQt2vbP/Ba96mmKF+PYF7FGyQOsthL&u=U2FsdGVkX1+OZBjmZt5tAlX/RIP2ZlGbtVRUMkqT2k0=&y=U2FsdGVkX1+sfP8FmiWVEPW24FjNxVE6UdYEEAYh+gQ= HTTP/1.1" 200 26
191.102.198.198 - - [30/Sep/2023:00:44:10 -0500] "GET /kwssiamovil/sm/acme/a?s=U2FsdGVkX19UNpeHgBeWWKxXAT69zoRhlkVQhWSTGT7RrbtKbwslro9+FEYwYzIgi7k0mCj47BLhGqHb+0AwNb36bKAUdxVxBwIWNpstLAuO0JRBO4ZiC2Xx5Qbsr01ewNym0wNdI7cBBNTkC3Toq59EzJg7x2Ne5ZSKUBagllY=&u=U2FsdGVkX1+OZBjmZt5tAlX/RIP2ZlGbtVRUMkqT2k0=&y=U2FsdGVkX1+sfP8FmiWVEPW24FjNxVE6UdYEEAYh+gQ= HTTP/1.1" 200 26
191.102.198.198 - - [30/Sep/2023:00:44:10 -0500] "GET /kwssiamovil/sm/acme/a?s=U2FsdGVkX1/6rOeIO6XYj4JQ3rK1mPMs9L7GqxunQAt0YnDzBENxUWmasf+QrXt78UpQ7EZHiCJiMKN2VKlsWWJC1lBySvXs0bCCpHTYjNkAocCUu3HmwD4dx00Hxx4Qii9nLL1e0isfFrqRSagQrIklP4+z+j+CvY/l0a6E380=&u=U2FsdGVkX1+OZBjmZt5tAlX/RIP2ZlGbtVRUMkqT2k0=&y=U2FsdGVkX1+sfP8FmiWVEPW24FjNxVE6UdYEEAYh+gQ= HTTP/1.1" 200 26
191.102.198.198 - - [30/Sep/2023:00:44:10 -0500] "GET /kwssiamovil/sm/acme/a?s=U2FsdGVkX197V4hOyWeIVyfuMZfr92yz2ffsiErm+/hknX4m0lcp6q15dFjn7Neq3PWldqxtqiwny3xGMJN1kAds6wKjXmvnKLlDZn9wcch2nISFEtmj0kqkUTHbhtKH54Ws3CASiLKvRbEfF7NXxzPfD0O2opRITwlqPiL7mXk=&u=U2FsdGVkX1+OZBjmZt5tAlX/RIP2ZlGbtVRUMkqT2k0=&y=U2FsdGVkX1+sfP8FmiWVEPW24FjNxVE6UdYEEAYh+gQ= HTTP/1.1" 200 26
191.102.198.198 - - [30/Sep/2023:00:44:10 -0500] "GET /kwssiamovil/sm/acme/a?s=U2FsdGVkX18lvXF5rlj5byIAWl20AmTUgKxhbj9HKcFPmbRjoFlWC0/4OyC/FLD+Xykim/b5yuSfa0BGI4ah27ueFwT9zfJ/bFtEaK0b8XkgBQsbI/0ZJi63StP9Id8gsjIB6JGUDYbRJjVg0SQqQGXSSgLv6go4AaIKwGUBFXqRMvcNBhAqb/ncV8wgU8fP&u=U2FsdGVkX1+OZBjmZt5tAlX/RIP2ZlGbtVRUMkqT2k0=&y=U2FsdGVkX1+sfP8FmiWVEPW24FjNxVE6UdYEEAYh+gQ= HTTP/1.1" 200 26
191.102.198.198 - - [30/Sep/2023:00:44:11 -0500] "GET /kwssiamovil/sm/acme/a?s=U2FsdGVkX1/53rbglrHN84ljpG+segM6wOtjNAuxOY9HtLyIxBSnC4XVoBzr4HeIiSDwbkQBhWwkpPuN+0bFFX8A637KhF3ni9EuuyHjkqUYFlWgSFYkj8AudsHoX4VbYj/FTSUXB2vPwBS6f+gILM5wxKfWBqhLv2PY3PUdaexs0P1FTYLGNCeCPsaoCK5xQxGV2dlg19f7uRETseLyQMwJuyDfvK2jBrTJgda6OS0=&u=U2FsdGVkX1+OZBjmZt5tAlX/RIP2ZlGbtVRUMkqT2k0=&y=U2FsdGVkX1+sfP8FmiWVEPW24FjNxVE6UdYEEAYh+gQ= HTTP/1.1" 200 26
191.102.198.198 - - [30/Sep/2023:00:44:11 -0500] "GET /kwssiamovil/sm/acme/a?s=U2FsdGVkX18aMTkLqbdTgfoXvVIvAym3A9v8ASqLVjyvEMLEXBS0ZtSwhxqRQgm45Cp9dhOEognX7R9ZqE+mNwstFxG+IuMCJggfZcFk9qBfWjjhRf4UgK70GkywDDpBaKXLL3My6Dme036GpANStXsTMvflwim0UcIXmEEA21hNWEURVYinCNrUB29YPdgntUiEHPpIYoocZAnS33JMvA==&u=U2FsdGVkX1+OZBjmZt5tAlX/RIP2ZlGbtVRUMkqT2k0=&y=U2FsdGVkX1+sfP8FmiWVEPW24FjNxVE6UdYEEAYh+gQ= HTTP/1.1" 200 26
191.102.198.198 - - [30/Sep/2023:00:44:11 -0500] "GET /kwssiamovil/sm/acme/a?s=U2FsdGVkX19yj+Q3+R5H0dF/dnyf8WKrLRK8wZk91Xwz1LAh5SRns2I31RJO8UThQFnd6s6zTiGigSODx8pA4wg7Q/N4Q5W2PkMEGruoN0u8+JcRqexjgyfCxliZTkP4iFi8ohOW90Ak0k6J2nfJfWBNj0o1iGkez5Yvo4XgS5PJ+kwte0UAgNfg94bJ8ax1IVhAmGSd8rK8ZLUAqzlou+ACjdVx/2UdXhSfSL4tXuI=&u=U2FsdGVkX1+OZBjmZt5tAlX/RIP2ZlGbtVRUMkqT2k0=&y=U2FsdGVkX1+sfP8FmiWVEPW24FjNxVE6UdYEEAYh+gQ= HTTP/1.1" 200 26
191.102.198.198 - - [30/Sep/2023:00:44:11 -0500] "GET /kwssiamovil/sm/acme/a?s=U2FsdGVkX1+iSE+1UClAx54wn9Ua8mCqGB4S12Egd06LVRthsnqPR3mkw+LXoQ8iYGAzvUaMt/QJ6s1O5YMKjs0T56pGNwRwJPIsCmi5emhtaeimJSHB2FWERkDp5r+jpMuptOOHjOOZA+P/xSCHoe/FPiNhaFqJUkkI4rJA0dFPSH84eilxA/H6pSPM96rEmH1slTFrYH0A1gE7DVJ0SA==&u=U2FsdGVkX1+OZBjmZt5tAlX/RIP2ZlGbtVRUMkqT2k0=&y=U2FsdGVkX1+sfP8FmiWVEPW24FjNxVE6UdYEEAYh+gQ= HTTP/1.1" 200 26
191.102.198.198 - - [30/Sep/2023:00:44:21 -0500] "GET /kwssiamovil/sm/acme/u?s=U2FsdGVkX1/PA90ADy0NbEWR+K34heDZ00TOZ8NWWlhgno0Z/+yprZ4sbqb8W8BMBOLgZ1q+swtrlztw0Rb/g1TcCTagElIfebihkkDClDKjjP1rIrlkZ09FqOgKhSIkzU4K5b0YV2cFte5WRjBM8xuwYhdfgyjJg9C6dlho8dQ=&u=U2FsdGVkX1+OZBjmZt5tAlX/RIP2ZlGbtVRUMkqT2k0=&y=U2FsdGVkX1+sfP8FmiWVEPW24FjNxVE6UdYEEAYh+gQ= HTTP/1.1" 200 60
191.102.198.198 - - [30/Sep/2023:00:44:37 -0500] "GET /kwssiamovil/sm/ldap/au?x=U2FsdGVkX19ZWUH4nKbrHzU76kLDkHTt/BsciVOD4Ckngi32Nt6MbGx/MwhvoxaQ&y=U2FsdGVkX190QA2N5G9PBKhzTXtiXEIES0Zl3INDbkk= HTTP/1.1" 200 30
191.102.198.198 - - [30/Sep/2023:00:44:37 -0500] "GET /kwssiamovil/sm/acme/s?s=U2FsdGVkX1+CdkpEeBW9SpJqnpd0y8sm/bDeHPN6MmkuyUMew1664wsjHqleIGhGPOM0GVvYSCrXOOLAuX2NEPvgQDzEDEbXSFWPISx3sbQ=&u=U2FsdGVkX1/3dgbFFtOo5Ebr0rjNzuk4XkCp7kDf1ds=&y=U2FsdGVkX190QA2N5G9PBKhzTXtiXEIES0Zl3INDbkk= HTTP/1.1" 200 97
191.102.198.198 - - [30/Sep/2023:00:44:37 -0500] "GET /kwssiamovil/sm/acme/s?s=U2FsdGVkX19pchpjhipxJR4ddNfXEUAURaa20KDgN5kgbZ8cQnQqrr+gfiqZwVEAoCuLnDjcV89jFcYtr37B50ci+efFjYo5FfGnNfPkwEDmj6Si6aiDOnMt0Zn9JjLRpsoLY1e5YI19Cv36c2t4NUWaENVvoahdqeKNPKjo+KggtHYnZPio4qEyNhpUWAKPvEDbWr2WduZYwGPZPe0ceI3lZI4f+5jjK/LTn1M6Crh7xs4Ssi0iH0FdJ4bsG8YK4sZTvWCECIFWO+h+i9TqIhvcy7wS5pCdwagDOK7UG+J06IXzL+b6NvrHkRDLnUXhdS18QXlYXY3mQwwIjeUgTMmtCo1zEw8jF1wmZ0ZDgtkHxVswzOpgBt4+6EjN6Mb6IzhUARzTXJmQLniyXCpktrw3twpOoPI5Pgidd0E4gU04+Rzt+ShcCDOXDI8fhoNrKp6cdyYaRU63EMdmdpsF6cQ2TMmJkOzTHWhHpWbpdleFFnzdUc+HSfAN/Q6HPvQtoEXpWrWaZGqD0sHj0PjNot7NIs2cNpv98rznyGsYVwApB4mIyXg6aL7cEgNpC1XhUIR0l21u6PpyF1XRPZP8A2gmbxLalgVigVrLqG0G6LoZzzw4cwPt0iqePcWGtTU2k88xSdDn+yThBeBu/gyzcHBH1wpe5TVPS08C7VQP1sZvBiVkVEcO0EIYr1MVxE4NT+3qzhWG/P5K+/xgk69wsPDr9iUNUBTJtiNI7RzfgR9u9Vpj02Jwg4kAMAnVujeoL/oHjeZhuAgg8nzIB1qoFVU4OM9ZbowfE+tUTyK0ctBIJIzReSTU4Bsnc7n7Ea1W7oUDJc94O43GXSd9sSq8YXGB+6cSNZezvObzQk2q+EssHeOIKVaP+Atag+2wAujnSpYZoHG1vc4kaBBSh4Y7UZ8e6tDS8uFY8kmSIaOqQ3l3AaepMImkZIYeE8FXokWk3l0gqpu2kT5lW19f1g0St9oiuUfJ1FrJnfJPIGkRnrSGT725ytVVVET3nOug99a49ftn/Bmkqa6iU6NGkUh71X994k9WRag+XSlwEA2U20mvpwo1DuQBpUIP1rRA4vvIU/BDGB/5SmY/rbK/H5F24ZeB4QjuKcWsRpIhtXIdtl9Y1gvWK2rePYHKlHHQ4FeiCs/mhPSvgwYntngnJIOQTJR+jvCXQYzhN7uo000Ie3qi9HVMWCAta28tR0MYWVRd1h9dPRc5AEtikerIVkZxSibVhNr17zepqDFoC1ceIn2VqE2/VfwKsLB4w60nY92ZYqxaDBqjebXSCfhjWMnXygTfkgojfuRzF3ZYeYVJTRZ2lAcN+uziQrpp1HJaAQxda49DtTS1f96Cy9hDC/G+QwoathQT9D0WEQdwOY+cW/9y+XqAdA0wwfhS2Luycdjtb7gNIcX+fgOtm8LMNOXg9J7tMzjz0g1Tg2Cm4f2e6bY=&u=U2FsdGVkX1/3dgbFFtOo5Ebr0rjNzuk4XkCp7kDf1ds=&y=U2FsdGVkX190QA2N5G9PBKhzTXtiXEIES0Zl3INDbkk= HTTP/1.1" 200 8158
191.102.198.198 - - [30/Sep/2023:00:44:37 -0500] "GET /kwssiamovil/sm/acme/s?s=U2FsdGVkX1+Ww6m1PNpJbXlz5JYi7MSUmAjsiiVO1VF9dlGnEHBVAWlxyA5XDVUbizauCybap8RRVbq3fFalKFkC5H2Ik2IkLgpc8aWAT2llrIIqKdGZN/IEMJZV6Q7vLH0wsQotknVcZfwnmRNJIza9wiyeDTTmm0MSEDrs/rasHtatEz6IqKpQqBydzcURRDDtsb5KVKOUgK8SsFCQwjZOaHOvEgp4VqVik3e6IGtIo+8kJrYGbvTFJwZZHI3DWDBBhao0D4YMQm8wWcCPCZp038a9yE6Z7IRGNyPx4v/ax3pwCnbEomcfsndhoSRbk1CAz69q3YbWJNu/A5GpVA==&u=U2FsdGVkX1/3dgbFFtOo5Ebr0rjNzuk4XkCp7kDf1ds=&y=U2FsdGVkX190QA2N5G9PBKhzTXtiXEIES0Zl3INDbkk= HTTP/1.1" 200 196
191.102.198.198 - - [30/Sep/2023:00:44:38 -0500] "GET /kwssiamovil/sm/cjson/pre?f=1&x=U2FsdGVkX19ZWUH4nKbrHzU76kLDkHTt/BsciVOD4Ckngi32Nt6MbGx/MwhvoxaQ HTTP/1.1" 200 31032
152.61.192.232 - - [30/Sep/2023:00:46:10 -0500] "GET /arcgis/services/Calidad_del_Agua_WQI/MapServer/WMSServer?request=GetCapabilities&service=WMS HTTP/1.1" 503 1020
152.61.192.232 - - [30/Sep/2023:00:46:12 -0500] "GET /arcgis/services/Calidad_del_Agua_WQI/MapServer/WMSServer?SERVICE=WMS&REQUEST=GetCapabilities HTTP/1.1" 503 1020
152.61.192.232 - - [30/Sep/2023:00:46:12 -0500] "GET /arcgis/services/Calidad_del_Agua_WQI/MapServer/WMSServer?WMTVER=1.0.0&REQUEST=capabilities HTTP/1.1" 503 1020
216.245.221.92 - - [30/Sep/2023:00:46:41 -0500] "HEAD / HTTP/1.1" 200 -
172.22.2.4 - - [30/Sep/2023:00:45:11 -0500] "HEAD /BLA/boletinlegal/ HTTP/1.1" 200 -
106.75.152.39 - - [30/Sep/2023:00:46:56 -0500] "GET / HTTP/1.1" 200 4720
106.75.152.39 - - [30/Sep/2023:00:46:58 -0500] "GET /favicon.ico HTTP/1.1" 404 1034
106.75.152.39 - - [30/Sep/2023:00:46:59 -0500] "GET /js/url.js HTTP/1.1" 404 1034
106.75.152.39 - - [30/Sep/2023:00:47:05 -0500] "GET /js/jquery-3.3.1.min.js HTTP/1.1" 404 1034
106.75.143.78 - - [30/Sep/2023:00:47:06 -0500] "GET / HTTP/1.1" 200 319
106.75.152.39 - - [30/Sep/2023:00:47:07 -0500] "GET /js/bootstrap.min.js HTTP/1.1" 404 1034
106.75.152.39 - - [30/Sep/2023:00:47:08 -0500] "GET /js/main.js HTTP/1.1" 404 1034
106.75.143.78 - - [30/Sep/2023:00:47:11 -0500] "GET /favicon.ico HTTP/1.1" 200 7782
66.249.66.194 - - [30/Sep/2023:00:47:21 -0500] "GET /predominan-condiciones-moderadas-de-calidad-del-aire-en-bogota.html HTTP/1.1" 200 883
66.249.73.104 - - [30/Sep/2023:00:47:38 -0500] "GET /BLA/resoluciones/Notificaciones/REGISTROS%202017/135.pdf HTTP/1.1" 200 305165
172.22.2.4 - - [30/Sep/2023:00:46:02 -0500] "GET /BLA/boletinlegal/ HTTP/1.1" 200 50790
66.249.73.105 - - [30/Sep/2023:00:47:48 -0500] "GET /BLA/resoluciones/RESOLUCIONES%202009/7871.pdf HTTP/1.1" 200 326102
201.245.192.253 - - [30/Sep/2023:00:48:59 -0500] "POST /kwsrmcab/Wsrmcab  HTTP/1.1" 200 43477
66.249.73.104 - - [30/Sep/2023:00:49:58 -0500] "GET /BLA/resoluciones/RESOLUCIONES%202018/1466.pdf HTTP/1.1" 200 339441
216.245.221.92 - - [30/Sep/2023:00:51:41 -0500] "HEAD / HTTP/1.1" 200 -
172.22.2.4 - - [30/Sep/2023:00:51:01 -0500] "HEAD /BLA/boletinlegal/ HTTP/1.1" 200 -
216.244.66.195 - - [30/Sep/2023:00:52:59 -0500] "GET /BLA/resoluciones/AUTOS%202022/4079.pdf HTTP/1.1" 200 735380
216.244.66.195 - - [30/Sep/2023:00:53:30 -0500] "GET /BLA/resoluciones/AUTOS%202022/4101.pdf HTTP/1.1" 200 644398
172.22.2.4 - - [30/Sep/2023:00:51:52 -0500] "GET /BLA/boletinlegal/ HTTP/1.1" 200 60342
201.245.192.253 - - [30/Sep/2023:00:53:57 -0500] "POST /kwsrmcab/Wsrmcab  HTTP/1.1" 200 43477
216.244.66.195 - - [30/Sep/2023:00:54:10 -0500] "GET /BLA/resoluciones/AUTOS%202022/4224.pdf HTTP/1.1" 200 1790664
216.244.66.195 - - [30/Sep/2023:00:55:01 -0500] "GET /BLA/resoluciones/AUTOS%202022/4797.pdf HTTP/1.1" 200 396985
157.55.39.54 - - [30/Sep/2023:00:55:32 -0500] "GET /BLA/resoluciones/RESOLUCIONES%202012/1863.pdf HTTP/1.1" 200 535779
157.55.39.54 - - [30/Sep/2023:00:55:34 -0500] "GET /BLA/resoluciones/AUTOS%202021/1892.pdf HTTP/1.1" 304 -
52.167.144.17 - - [30/Sep/2023:00:55:51 -0500] "GET /BLA/resoluciones/RESOLUCIONES%202023/1361.pdf HTTP/1.1" 200 377910
216.244.66.195 - - [30/Sep/2023:00:55:51 -0500] "GET /BLA/resoluciones/AUTOS%202022/4891.pdf HTTP/1.1" 200 487771
