201.245.192.253 - - [30/Sep/2023:15:55:10 -0500] "POST /kwsrmcab/Wsrmcab  HTTP/1.1" 200 43477
216.244.66.195 - - [30/Sep/2023:15:55:36 -0500] "GET /robots.txt HTTP/1.1" 404 1018
34.32.180.184 - - [30/Sep/2023:15:56:30 -0500] "GET /proximo-4-de-octubre-simulacro-distrital-de-evacuacion-dia-y-noche.html HTTP/1.1" 200 783
216.245.221.92 - - [30/Sep/2023:15:56:39 -0500] "HEAD / HTTP/1.1" 200 -
52.167.144.238 - - [30/Sep/2023:15:56:42 -0500] "GET /requerimientos/consulta.php HTTP/1.1" 200 1374495
172.22.2.4 - - [30/Sep/2023:15:55:10 -0500] "HEAD /BLA/boletinlegal/ HTTP/1.1" 200 -
40.77.167.50 - - [30/Sep/2023:15:57:41 -0500] "GET /requerimientos/css/dataTables.bootstrap.css HTTP/1.1" 200 7721
172.22.2.4 - - [30/Sep/2023:15:56:01 -0500] "GET /BLA/boletinlegal/ HTTP/1.1" 200 57790
191.156.50.18 - - [30/Sep/2023:15:57:50 -0500] "GET /distrito-avanza-con-la-plantacion-de-arboles-186-nuevos-individuos-fueron-sembrados-en-el-humedal-capellania.htm HTTP/1.1" 404 1264
191.156.50.18 - - [30/Sep/2023:15:57:50 -0500] "GET /favicon.ico HTTP/1.1" 404 1518
66.249.66.19 - - [30/Sep/2023:15:58:22 -0500] "GET /resoluciones/RESOLUCIONES%202009/1148.pdf HTTP/1.1" 404 1018
201.245.192.253 - - [30/Sep/2023:16:00:08 -0500] "POST /kwsrmcab/Wsrmcab  HTTP/1.1" 200 43477
66.249.66.19 - - [30/Sep/2023:16:00:14 -0500] "GET /BLA/resoluciones/RESOLUCIONES%202009/2646.pdf HTTP/1.1" 200 218553
216.245.221.92 - - [30/Sep/2023:16:01:39 -0500] "HEAD / HTTP/1.1" 200 -
157.55.39.203 - - [30/Sep/2023:16:01:49 -0500] "GET /sipse/faces/faces/autenticacion.xhtml HTTP/1.1" 200 12738
52.167.144.222 - - [30/Sep/2023:16:02:26 -0500] "GET /Publicaciones/2023EE225313.pdf HTTP/1.1" 200 232008
172.22.2.4 - - [30/Sep/2023:16:01:00 -0500] "HEAD /BLA/boletinlegal/ HTTP/1.1" 200 -
172.22.2.4 - - [30/Sep/2023:16:01:51 -0500] "GET /BLA/boletinlegal/ HTTP/1.1" 200 60692
52.167.144.138 - - [30/Sep/2023:16:04:20 -0500] "GET /portaldeninos/?s=2024 HTTP/1.1" 200 85855
40.77.188.208 - - [30/Sep/2023:16:04:59 -0500] "GET /portaldeninos/aulas-ambientales-2/parque-ecologico-distrital-de-montana-entrenubes/%3Ciframe%20width= HTTP/1.1" 404 14448
40.77.189.13 - - [30/Sep/2023:16:04:55 -0500] "GET /portaldeninos/wp-content/uploads/2021/07/Parque-entrenubes.mp4 HTTP/1.1" 200 11698950
201.245.192.253 - - [30/Sep/2023:16:05:08 -0500] "POST /kwsrmcab/Wsrmcab  HTTP/1.1" 200 43477
31.13.115.3 - - [30/Sep/2023:16:06:31 -0500] "GET /images/pieza-voluntariado-ambiental.jpeg HTTP/1.1" 200 51125
216.245.221.92 - - [30/Sep/2023:16:06:39 -0500] "HEAD / HTTP/1.1" 200 -
172.22.2.4 - - [30/Sep/2023:16:06:50 -0500] "HEAD /BLA/boletinlegal/ HTTP/1.1" 200 -
66.249.66.21 - - [30/Sep/2023:16:08:49 -0500] "GET /BLA/resoluciones/AUTOS%202012/2827.pdf HTTP/1.1" 200 418727
172.22.2.4 - - [30/Sep/2023:16:07:40 -0500] "GET /BLA/boletinlegal/ HTTP/1.1" 200 60342
201.245.192.253 - - [30/Sep/2023:16:10:06 -0500] "POST /kwsrmcab/Wsrmcab  HTTP/1.1" 200 43477
216.245.221.92 - - [30/Sep/2023:16:11:39 -0500] "HEAD / HTTP/1.1" 200 -
157.55.39.200 - - [30/Sep/2023:16:11:52 -0500] "GET /BLA/resoluciones/RESOLUCIONES%202012/1825.pdf HTTP/1.1" 200 394427
66.249.66.20 - - [30/Sep/2023:16:13:04 -0500] "GET /resoluciones/RESOLUCIONES%202009/7465.pdf HTTP/1.1" 404 1018
40.77.189.192 - - [30/Sep/2023:16:13:56 -0500] "GET /requerimientos/css/bootstrap.min.css HTTP/1.1" 200 113506
172.22.2.4 - - [30/Sep/2023:16:12:40 -0500] "HEAD /BLA/boletinlegal/ HTTP/1.1" 200 -
190.84.108.224 - - [30/Sep/2023:16:14:32 -0500] "GET /BLA/resoluciones/ HTTP/1.1" 200 13696
190.84.108.224 - - [30/Sep/2023:16:14:36 -0500] "GET /BLA/resoluciones/index.php?dir=RESOLUCIONES+2009%2F HTTP/1.1" 200 1694101
201.245.192.253 - - [30/Sep/2023:16:15:04 -0500] "POST /kwsrmcab/Wsrmcab  HTTP/1.1" 200 43477
172.22.2.4 - - [30/Sep/2023:16:13:31 -0500] "GET /BLA/boletinlegal/ HTTP/1.1" 200 57790
52.167.144.226 - - [30/Sep/2023:16:15:18 -0500] "GET /BLA/resoluciones/RESOLUCIONES%202012/1767.pdf HTTP/1.1" 200 1075414
216.245.221.92 - - [30/Sep/2023:16:16:39 -0500] "HEAD / HTTP/1.1" 200 -
66.249.66.21 - - [30/Sep/2023:16:17:49 -0500] "GET /BLA/resoluciones/RESOLUCIONES%202013/2785.pdf HTTP/1.1" 200 270995
201.245.192.253 - - [30/Sep/2023:16:18:03 -0500] "POST /kwsrmcab/Wsrmcab HTTP/1.1" 200 43344
201.245.192.253 - - [30/Sep/2023:16:18:06 -0500] "POST /kwsrmcab/Wsrmcab HTTP/1.1" 200 40974
104.47.55.126 - - [30/Sep/2023:16:18:27 -0500] "HEAD /appsia/controlador HTTP/1.1" 200 -
181.56.61.251 - - [30/Sep/2023:16:18:28 -0500] "GET /appsia/controlador HTTP/1.1" 200 4799
181.56.61.251 - - [30/Sep/2023:16:18:28 -0500] "GET /appsia/css/estilos.css HTTP/1.1" 200 4804
181.56.61.251 - - [30/Sep/2023:16:18:28 -0500] "GET /appsia/scripts/validarIngreso.js HTTP/1.1" 200 851
181.56.61.251 - - [30/Sep/2023:16:18:29 -0500] "GET /appsia/images/logo_bogota_p.png HTTP/1.1" 200 14951
181.56.61.251 - - [30/Sep/2023:16:18:28 -0500] "GET /appsia/images/cabezoteHojaVida.png HTTP/1.1" 200 32493
181.56.61.251 - - [30/Sep/2023:16:18:29 -0500] "GET /favicon.ico HTTP/1.1" 200 7782
190.84.108.224 - - [30/Sep/2023:16:18:34 -0500] "GET /BLA/resoluciones/index.php?dir=RESOLUCIONES+2010%2F HTTP/1.1" 200 1307967
40.77.167.70 - - [30/Sep/2023:16:18:36 -0500] "GET /Publicaciones/2023EE225215.pdf HTTP/1.1" 200 966449
66.249.66.21 - - [30/Sep/2023:16:18:41 -0500] "GET /resoluciones/RESOLUCIONES%202009/2869.pdf HTTP/1.1" 404 1018
181.56.61.251 - - [30/Sep/2023:16:18:43 -0500] "POST /appsia/controlador HTTP/1.1" 200 5437
13.91.130.63 - - [30/Sep/2023:16:18:45 -0500] "GET /appsia/controlador HTTP/1.1" 200 4799
13.91.130.63 - - [30/Sep/2023:16:18:46 -0500] "GET /appsia/css/estilos.css HTTP/1.1" 200 4804
13.91.130.63 - - [30/Sep/2023:16:18:46 -0500] "GET /appsia/scripts/validarIngreso.js HTTP/1.1" 200 851
13.91.130.63 - - [30/Sep/2023:16:18:46 -0500] "GET /appsia/images/logo_bogota_p.png HTTP/1.1" 200 14951
13.91.130.63 - - [30/Sep/2023:16:18:46 -0500] "GET /appsia/images/cabezoteHojaVida.png HTTP/1.1" 200 32493
13.91.130.63 - - [30/Sep/2023:16:18:50 -0500] "GET /favicon.ico HTTP/1.1" 200 7782
190.84.108.224 - - [30/Sep/2023:16:18:56 -0500] "GET /BLA/resoluciones/RESOLUCIONES%202010/6563.pdf HTTP/1.1" 200 299493
20.94.241.220 - - [30/Sep/2023:16:19:21 -0500] "GET /appsia/controlador HTTP/1.1" 200 4799
20.94.241.220 - - [30/Sep/2023:16:19:23 -0500] "GET /appsia/scripts/validarIngreso.js HTTP/1.1" 200 851
20.94.241.220 - - [30/Sep/2023:16:19:23 -0500] "GET /appsia/css/estilos.css HTTP/1.1" 200 4804
66.249.66.19 - - [30/Sep/2023:16:19:23 -0500] "GET /BLA/resoluciones/RESOLUCIONES%202008/1547.pdf HTTP/1.1" 200 240912
20.94.241.220 - - [30/Sep/2023:16:19:23 -0500] "GET /appsia/images/logo_bogota_p.png HTTP/1.1" 200 14951
20.94.241.220 - - [30/Sep/2023:16:19:23 -0500] "GET /appsia/images/cabezoteHojaVida.png HTTP/1.1" 200 32493
20.94.241.220 - - [30/Sep/2023:16:19:28 -0500] "GET /favicon.ico HTTP/1.1" 200 7782
207.46.13.124 - - [30/Sep/2023:16:19:49 -0500] "GET /BLA/resoluciones/RESOLUCIONES%202023/0355.pdf HTTP/1.1" 200 470149
181.56.61.251 - - [30/Sep/2023:16:20:04 -0500] "POST /appsia/controlador HTTP/1.1" 200 7724
181.56.61.251 - - [30/Sep/2023:16:20:04 -0500] "GET /appsia/images/logo_escudo.png HTTP/1.1" 200 36965
201.245.192.253 - - [30/Sep/2023:16:20:03 -0500] "POST /kwsrmcab/Wsrmcab  HTTP/1.1" 200 43477
172.22.2.4 - - [30/Sep/2023:16:18:30 -0500] "HEAD /BLA/boletinlegal/ HTTP/1.1" 200 -
172.22.2.4 - - [30/Sep/2023:16:20:18 -0500] "GET /BLA/boletinlegal/style.css HTTP/1.1" 200 9406
172.22.2.4 - - [30/Sep/2023:16:20:18 -0500] "GET /BLA/boletinlegal/styles2.css HTTP/1.1" 200 1838
172.22.2.4 - - [30/Sep/2023:16:20:18 -0500] "GET /BLA/boletinlegal/js/jquery.js HTTP/1.1" 200 57254
172.22.2.4 - - [30/Sep/2023:16:20:18 -0500] "GET /BLA/boletinlegal/js/jquery.scrollTo-min.js HTTP/1.1" 200 1150
172.22.2.4 - - [30/Sep/2023:16:20:18 -0500] "GET /BLA/boletinlegal/js/jquery.scrollShow.js HTTP/1.1" 200 4586
172.22.2.4 - - [30/Sep/2023:16:20:18 -0500] "GET /BLA/boletinlegal/images/subscribe-icon-big.png HTTP/1.1" 200 47702
172.22.2.4 - - [30/Sep/2023:16:20:18 -0500] "GET /BLA/boletinlegal/images/cabezote%20BLEGAL.jpg HTTP/1.1" 200 118164
172.22.2.4 - - [30/Sep/2023:16:20:18 -0500] "GET /BLA/boletinlegal/images/historia.png HTTP/1.1" 200 52775
172.22.2.4 - - [30/Sep/2023:16:20:18 -0500] "GET /BLA/boletinlegal/images/arr_l.jpg HTTP/1.1" 200 1979
172.22.2.4 - - [30/Sep/2023:16:20:18 -0500] "GET /BLA/boletinlegal/images/screen_1.png HTTP/1.1" 200 202547
172.22.2.4 - - [30/Sep/2023:16:20:18 -0500] "GET /BLA/boletinlegal/images/registro-usuarios.png HTTP/1.1" 200 8106
172.22.2.4 - - [30/Sep/2023:16:20:18 -0500] "GET /BLA/boletinlegal/images/launch.jpg HTTP/1.1" 200 14577
172.22.2.4 - - [30/Sep/2023:16:20:19 -0500] "GET /BLA/boletinlegal/images/body_bg.jpg HTTP/1.1" 200 1601
172.22.2.4 - - [30/Sep/2023:16:20:19 -0500] "GET /BLA/boletinlegal/images/menu_rght.gif HTTP/1.1" 200 1627
172.22.2.4 - - [30/Sep/2023:16:20:19 -0500] "GET /BLA/boletinlegal/images/menu_lft.gif HTTP/1.1" 200 1713
172.22.2.4 - - [30/Sep/2023:16:20:19 -0500] "GET /BLA/boletinlegal/images/bg_top.jpg HTTP/1.1" 200 522
172.22.2.4 - - [30/Sep/2023:16:20:19 -0500] "GET /BLA/boletinlegal/images/menu_bg.jpg HTTP/1.1" 200 620
172.22.2.4 - - [30/Sep/2023:16:20:19 -0500] "GET /BLA/boletinlegal/images/text.jpg HTTP/1.1" 200 568
172.22.2.4 - - [30/Sep/2023:16:20:19 -0500] "GET /BLA/boletinlegal/images/hover.jpg HTTP/1.1" 200 640
181.56.61.251 - - [30/Sep/2023:16:20:21 -0500] "POST /appsia/controlador HTTP/1.1" 200 5437
181.56.61.251 - - [30/Sep/2023:16:20:22 -0500] "POST /appsia/controlador HTTP/1.1" 200 3238
181.56.61.251 - - [30/Sep/2023:16:20:22 -0500] "GET /appsia/jscripts/validarSolicitud.js HTTP/1.1" 404 68
181.56.61.251 - - [30/Sep/2023:16:20:24 -0500] "POST /appsia/controlador HTTP/1.1" 200 5437
172.22.2.4 - - [30/Sep/2023:16:20:25 -0500] "GET /BLA/boletinlegal/images/screen_2.png HTTP/1.1" 200 362502
172.22.2.4 - - [30/Sep/2023:16:20:25 -0500] "GET /BLA/boletinlegal/images/screen_3.png HTTP/1.1" 200 210620
172.22.2.4 - - [30/Sep/2023:16:20:25 -0500] "GET /BLA/boletinlegal/images/screen_5.png HTTP/1.1" 200 368876
172.22.2.4 - - [30/Sep/2023:16:20:26 -0500] "GET /BLA/boletinlegal/images/arr_r.jpg HTTP/1.1" 200 1998
172.22.2.4 - - [30/Sep/2023:16:20:34 -0500] "GET /BLA/boletinlegal/images/pdf.gif HTTP/1.1" 200 567
172.22.2.4 - - [30/Sep/2023:16:20:47 -0500] "GET /BLA/boletinlegal/actos.php HTTP/1.1" 200 9682
172.22.2.4 - - [30/Sep/2023:16:20:47 -0500] "GET /BLA/boletinlegal/js/ajax_actos.js HTTP/1.1" 200 1322
172.22.2.4 - - [30/Sep/2023:16:20:47 -0500] "GET /BLA/boletinlegal/styles2.css HTTP/1.1" 200 1838
172.22.2.4 - - [30/Sep/2023:16:20:47 -0500] "GET /BLA/boletinlegal/niceforms-default.css HTTP/1.1" 200 6694
172.22.2.4 - - [30/Sep/2023:16:20:47 -0500] "GET /BLA/boletinlegal/style.css HTTP/1.1" 200 9406
172.22.2.4 - - [30/Sep/2023:16:20:47 -0500] "GET /BLA/boletinlegal/niceforms.js HTTP/1.1" 200 22876
172.22.2.4 - - [30/Sep/2023:16:20:47 -0500] "GET /BLA/boletinlegal/js/jquery1.js HTTP/1.1" 200 29846
172.22.2.4 - - [30/Sep/2023:16:20:47 -0500] "GET /BLA/boletinlegal/js/lib.js HTTP/1.1" 200 6474
172.22.2.4 - - [30/Sep/2023:16:20:47 -0500] "GET /BLA/boletinlegal/js/popup.js HTTP/1.1" 200 1270
172.22.2.4 - - [30/Sep/2023:16:20:47 -0500] "GET /BLA/boletinlegal/images/cabezote%20BLEGAL.jpg HTTP/1.1" 200 118164
172.22.2.4 - - [30/Sep/2023:16:20:47 -0500] "GET /BLA/boletinlegal/images/subscribe-icon-big.png HTTP/1.1" 200 47702
172.22.2.4 - - [30/Sep/2023:16:20:47 -0500] "GET /BLA/boletinlegal/images/historia.png HTTP/1.1" 200 52775
172.22.2.4 - - [30/Sep/2023:16:20:47 -0500] "GET /BLA/boletinlegal/images/green-yellow-blue-pink-th.png HTTP/1.1" 200 7394
172.22.2.4 - - [30/Sep/2023:16:20:47 -0500] "GET /BLA/boletinlegal/images/tel.png HTTP/1.1" 200 14477
172.22.2.4 - - [30/Sep/2023:16:20:47 -0500] "GET /BLA/boletinlegal/images/registro-usuarios.png HTTP/1.1" 200 8106
172.22.2.4 - - [30/Sep/2023:16:20:48 -0500] "GET /BLA/boletinlegal/images/body_bg.jpg HTTP/1.1" 200 1601
172.22.2.4 - - [30/Sep/2023:16:20:48 -0500] "GET /BLA/boletinlegal/images/menu_lft.gif HTTP/1.1" 200 1713
172.22.2.4 - - [30/Sep/2023:16:20:48 -0500] "GET /BLA/boletinlegal/images/icono-email.png HTTP/1.1" 200 5544
172.22.2.4 - - [30/Sep/2023:16:20:48 -0500] "GET /BLA/boletinlegal/images/menu_rght.gif HTTP/1.1" 200 1627
172.22.2.4 - - [30/Sep/2023:16:20:48 -0500] "GET /BLA/boletinlegal/images/bg_top.jpg HTTP/1.1" 200 522
172.22.2.4 - - [30/Sep/2023:16:20:48 -0500] "GET /BLA/boletinlegal/images/footer_bg.jpg HTTP/1.1" 200 586
172.22.2.4 - - [30/Sep/2023:16:20:48 -0500] "GET /BLA/boletinlegal/images/hover.jpg HTTP/1.1" 200 640
172.22.2.4 - - [30/Sep/2023:16:20:48 -0500] "GET /BLA/boletinlegal/images/menu_bg.jpg HTTP/1.1" 200 620
172.22.2.4 - - [30/Sep/2023:16:20:48 -0500] "GET /BLA/boletinlegal/images/text.jpg HTTP/1.1" 200 568
172.22.2.4 - - [30/Sep/2023:16:20:48 -0500] "GET /BLA/boletinlegal/images/footer_bg_l.jpg HTTP/1.1" 200 776
172.22.2.4 - - [30/Sep/2023:16:20:48 -0500] "GET /BLA/boletinlegal/img/0.png HTTP/1.1" 200 110
172.22.2.4 - - [30/Sep/2023:16:20:48 -0500] "GET /BLA/boletinlegal/img/select-right.png HTTP/1.1" 200 44019
172.22.2.4 - - [30/Sep/2023:16:20:48 -0500] "GET /BLA/boletinlegal/img/button-left.png HTTP/1.1" 200 57071
172.22.2.4 - - [30/Sep/2023:16:20:48 -0500] "GET /BLA/boletinlegal/img/button-right.png HTTP/1.1" 200 57878
172.22.2.4 - - [30/Sep/2023:16:20:48 -0500] "GET /BLA/boletinlegal/img/button.png HTTP/1.1" 200 43241
172.22.2.4 - - [30/Sep/2023:16:20:48 -0500] "GET /BLA/boletinlegal/favicon.ico HTTP/1.1" 404 1326
172.22.2.4 - - [30/Sep/2023:16:20:48 -0500] "GET /BLA/boletinlegal/img/select-left.png HTTP/1.1" 200 263
172.22.2.4 - - [30/Sep/2023:16:19:20 -0500] "GET /BLA/boletinlegal/ HTTP/1.1" 200 56607
172.22.2.4 - - [30/Sep/2023:16:21:06 -0500] "GET /BLA/boletinlegal/images/footer_bg.jpg HTTP/1.1" 200 586
216.245.221.92 - - [30/Sep/2023:16:21:39 -0500] "HEAD / HTTP/1.1" 200 -
172.22.2.4 - - [30/Sep/2023:16:21:41 -0500] "GET /BLA/boletinlegal/normativa.php HTTP/1.1" 200 8343
172.22.2.4 - - [30/Sep/2023:16:21:41 -0500] "GET /BLA/boletinlegal/js/ajax_normativa.js HTTP/1.1" 200 1154
172.22.2.4 - - [30/Sep/2023:16:21:41 -0500] "GET /BLA/boletinlegal/niceforms-default.css HTTP/1.1" 200 6694
172.22.2.4 - - [30/Sep/2023:16:21:41 -0500] "GET /BLA/boletinlegal/niceforms.js HTTP/1.1" 200 22876
172.22.2.4 - - [30/Sep/2023:16:21:41 -0500] "GET /BLA/boletinlegal/images/tel.png HTTP/1.1" 200 14477
172.22.2.4 - - [30/Sep/2023:16:21:41 -0500] "GET /BLA/boletinlegal/images/icono-email.png HTTP/1.1" 200 5544
172.22.2.4 - - [30/Sep/2023:16:21:41 -0500] "GET /BLA/boletinlegal/images/footer_bg_l.jpg HTTP/1.1" 200 776
172.22.2.4 - - [30/Sep/2023:16:21:42 -0500] "GET /BLA/boletinlegal/img/0.png HTTP/1.1" 200 110
172.22.2.4 - - [30/Sep/2023:16:21:42 -0500] "GET /BLA/boletinlegal/img/select-left.png HTTP/1.1" 200 263
172.22.2.4 - - [30/Sep/2023:16:21:42 -0500] "GET /BLA/boletinlegal/img/select-right.png HTTP/1.1" 200 44019
172.22.2.4 - - [30/Sep/2023:16:21:42 -0500] "GET /BLA/boletinlegal/img/button-left.png HTTP/1.1" 200 57071
172.22.2.4 - - [30/Sep/2023:16:21:42 -0500] "GET /BLA/boletinlegal/favicon.ico HTTP/1.1" 404 1238
172.22.2.4 - - [30/Sep/2023:16:21:42 -0500] "GET /BLA/boletinlegal/img/button.png HTTP/1.1" 200 43241
172.22.2.4 - - [30/Sep/2023:16:21:42 -0500] "GET /BLA/boletinlegal/img/button-right.png HTTP/1.1" 200 57878
172.22.2.4 - - [30/Sep/2023:16:21:46 -0500] "GET /BLA/boletinlegal/actos.php HTTP/1.1" 200 9682
172.22.2.4 - - [30/Sep/2023:16:21:46 -0500] "GET /BLA/boletinlegal/js/ajax_actos.js HTTP/1.1" 200 1322
172.22.2.4 - - [30/Sep/2023:16:21:46 -0500] "GET /BLA/boletinlegal/js/jquery1.js HTTP/1.1" 200 29846
172.22.2.4 - - [30/Sep/2023:16:21:46 -0500] "GET /BLA/boletinlegal/js/popup.js HTTP/1.1" 200 1270
172.22.2.4 - - [30/Sep/2023:16:21:46 -0500] "GET /BLA/boletinlegal/js/lib.js HTTP/1.1" 200 6474
172.22.2.4 - - [30/Sep/2023:16:21:46 -0500] "GET /BLA/boletinlegal/images/green-yellow-blue-pink-th.png HTTP/1.1" 200 7394
172.22.2.4 - - [30/Sep/2023:16:21:49 -0500] "GET /BLA/boletinlegal/jurisprudencia.php HTTP/1.1" 200 17583
172.22.2.4 - - [30/Sep/2023:16:21:49 -0500] "GET /BLA/boletinlegal/images/sub_ul_li.gif HTTP/1.1" 200 343
172.22.2.4 - - [30/Sep/2023:16:21:49 -0500] "GET /BLA/boletinlegal/images/jurisprudencia.png HTTP/1.1" 200 66721
172.22.2.4 - - [30/Sep/2023:16:21:53 -0500] "GET /BLA/boletinlegal/images/hover.png HTTP/1.1" 200 59469
172.22.2.4 - - [30/Sep/2023:16:21:57 -0500] "GET /BLA/boletinlegal/normativa.php HTTP/1.1" 200 8343
172.22.2.4 - - [30/Sep/2023:16:20:17 -0500] "GET /BLA/boletinlegal/ HTTP/1.1" 200 60692
190.84.108.224 - - [30/Sep/2023:16:22:18 -0500] "GET /BLA/resoluciones/ HTTP/1.1" 200 13696
172.22.2.4 - - [30/Sep/2023:16:22:20 -0500] "GET /BLA/boletinlegal/consulta_normativa.php?tipo=Ley&sector=emisiones&ano=&resuelve= HTTP/1.1" 200 869
172.22.2.4 - - [30/Sep/2023:16:22:20 -0500] "GET /BLA/boletinlegal/images/docs.png HTTP/1.1" 200 10288
172.22.2.4 - - [30/Sep/2023:16:22:22 -0500] "GET /BLA/boletinlegal/consulta_normativa.php?tipo=Ley&sector=emisiones&ano=&resuelve= HTTP/1.1" 200 869
190.84.108.224 - - [30/Sep/2023:16:22:24 -0500] "GET /BLA/resoluciones/index.php?dir=RESOLUCIONES+2010%2F HTTP/1.1" 200 12235
190.84.108.224 - - [30/Sep/2023:16:22:24 -0500] "GET /BLA/resoluciones/index.php?dir=RESOLUCIONES+2010%2F HTTP/1.1" 200 1307967
104.47.58.126 - - [30/Sep/2023:16:23:00 -0500] "HEAD /appsia/controlador HTTP/1.1" 200 -
181.56.61.251 - - [30/Sep/2023:16:23:01 -0500] "GET /appsia/controlador HTTP/1.1" 200 5437
181.56.61.251 - - [30/Sep/2023:16:23:03 -0500] "POST /appsia/controlador HTTP/1.1" 200 7724
201.245.192.253 - - [30/Sep/2023:16:25:02 -0500] "POST /kwsrmcab/Wsrmcab  HTTP/1.1" 200 43477
181.56.61.251 - - [30/Sep/2023:16:25:22 -0500] "POST /appsia/controlador HTTP/1.1" 200 5437
181.56.61.251 - - [30/Sep/2023:16:25:24 -0500] "POST /appsia/controlador HTTP/1.1" 200 4799
173.252.107.4 - - [30/Sep/2023:16:25:26 -0500] "GET /secretaria-de-ambiente-impone-medidas-preventivas-a-un-privado-que-utilizaba-un-area-protegida-para-promocionar-proyectos.html HTTP/1.1" 200 866
152.203.167.238 - - [30/Sep/2023:16:25:47 -0500] "GET /BLA/resoluciones/AUTOS%202014/5522.pdf HTTP/1.1" 200 592521
66.249.66.20 - - [30/Sep/2023:16:25:51 -0500] "GET /BLA/resoluciones/RESOLUCIONES%202009/6897.pdf HTTP/1.1" 200 339065
66.249.66.20 - - [30/Sep/2023:16:25:58 -0500] "GET /BLA/resoluciones/RESOLUCIONES%202009/1800.pdf HTTP/1.1" 200 770609
172.22.2.4 - - [30/Sep/2023:16:24:20 -0500] "HEAD /BLA/boletinlegal/ HTTP/1.1" 200 -
216.244.66.195 - - [30/Sep/2023:16:26:25 -0500] "GET /BLA/resoluciones/AUTOS%202013/2212.pdf HTTP/1.1" 200 345294
216.245.221.92 - - [30/Sep/2023:16:26:39 -0500] "HEAD / HTTP/1.1" 200 -
172.22.2.4 - - [30/Sep/2023:16:25:10 -0500] "GET /BLA/boletinlegal/ HTTP/1.1" 200 58597
216.244.66.195 - - [30/Sep/2023:16:27:08 -0500] "GET /BLA/resoluciones/AUTOS%202013/2273.pdf HTTP/1.1" 200 631654
216.244.66.195 - - [30/Sep/2023:16:27:59 -0500] "GET /BLA/resoluciones/AUTOS%202013/2657.pdf HTTP/1.1" 200 464286
201.245.192.253 - - [30/Sep/2023:16:28:03 -0500] "POST /kwsrmcab/Wsrmcab HTTP/1.1" 200 43344
157.55.39.14 - - [30/Sep/2023:16:28:02 -0500] "GET /Publicaciones/2023EE222899.pdf HTTP/1.1" 200 1909519
201.245.192.253 - - [30/Sep/2023:16:28:06 -0500] "POST /kwsrmcab/Wsrmcab HTTP/1.1" 200 40974
172.22.2.4 - - [30/Sep/2023:16:26:40 -0500] "GET /BLA/boletinlegal/ HTTP/1.1" 200 60342
172.22.2.4 - - [30/Sep/2023:16:28:36 -0500] "GET /BLA/boletinlegal/Circulares/2011/Circular%20No.%202%20del%2031%20de%20Mayo%20de%202011.pdf HTTP/1.1" 200 496778
216.244.66.195 - - [30/Sep/2023:16:28:45 -0500] "GET /BLA/resoluciones/AUTOS%202014/0325.pdf HTTP/1.1" 200 389539
216.244.66.195 - - [30/Sep/2023:16:29:28 -0500] "GET /BLA/resoluciones/AUTOS%202014/0488.pdf HTTP/1.1" 200 413747
201.245.192.253 - - [30/Sep/2023:16:30:00 -0500] "POST /kwsrmcab/Wsrmcab  HTTP/1.1" 200 43477
52.167.144.64 - - [30/Sep/2023:16:30:07 -0500] "GET /robots.txt HTTP/1.1" 404 1035
216.244.66.195 - - [30/Sep/2023:16:30:18 -0500] "GET /BLA/resoluciones/AUTOS%202014/0871.pdf HTTP/1.1" 200 311364
216.244.66.195 - - [30/Sep/2023:16:31:00 -0500] "GET /BLA/resoluciones/AUTOS%202017/3993.pdf HTTP/1.1" 200 452872
216.245.221.92 - - [30/Sep/2023:16:31:39 -0500] "HEAD / HTTP/1.1" 200 -
172.22.2.4 - - [30/Sep/2023:16:31:47 -0500] "GET /BLA/boletinlegal/jurisprudencia/analisis/CUADRO%20ANALISIS%20SENTENCIA%20T-411%20DE%201992.doc HTTP/1.1" 200 41984
216.244.66.195 - - [30/Sep/2023:16:31:47 -0500] "GET /BLA/resoluciones/AUTOS%202017/4733.pdf HTTP/1.1" 200 316223
172.22.2.4 - - [30/Sep/2023:16:30:10 -0500] "HEAD /BLA/boletinlegal/ HTTP/1.1" 200 -
172.22.2.4 - - [30/Sep/2023:16:32:04 -0500] "GET /BLA/boletinlegal/jurisprudencia/analisis/CUADRO%20ANALISIS%20SENTENCIA%20T-411%20DE%201992.doc HTTP/1.1" 200 41984
216.244.66.195 - - [30/Sep/2023:16:32:33 -0500] "GET /BLA/resoluciones/RESOLUCIONES%202009/2897.pdf HTTP/1.1" 200 497510
69.171.231.8 - - [30/Sep/2023:16:32:40 -0500] "GET /images/pieza-voluntariado-ambiental.jpeg HTTP/1.1" 200 51125
172.22.2.4 - - [30/Sep/2023:16:31:01 -0500] "GET /BLA/boletinlegal/ HTTP/1.1" 200 52656
173.252.83.8 - - [30/Sep/2023:16:32:42 -0500] "GET /images/plantacion-humedal-la-conejera.jpg HTTP/1.1" 200 92644
173.252.83.117 - - [30/Sep/2023:16:32:44 -0500] "GET /images/Zuque%20(1)%20(1).jpeg HTTP/1.1" 200 66921
173.252.83.7 - - [30/Sep/2023:16:32:48 -0500] "GET /images/avistamiento-aves.jpg HTTP/1.1" 200 104313
173.252.83.7 - - [30/Sep/2023:16:32:49 -0500] "GET /images/Caminatas-ecologicas-julio.jpg HTTP/1.1" 200 480557
173.252.83.1 - - [30/Sep/2023:16:32:50 -0500] "GET /images/camino-guadalupe-aguanoso.jpg HTTP/1.1" 200 103489
173.252.83.11 - - [30/Sep/2023:16:32:50 -0500] "GET /images/construccion-sostenible-.jpg HTTP/1.1" 200 82949
216.244.66.195 - - [30/Sep/2023:16:33:23 -0500] "GET /BLA/resoluciones/RESOLUCIONES%202010/7104.pdf HTTP/1.1" 200 2471794
52.167.144.12 - - [30/Sep/2023:16:33:35 -0500] "GET /BLA/resoluciones/RESOLUCIONES%202021/2656.pdf HTTP/1.1" 200 1113942
216.244.66.195 - - [30/Sep/2023:16:34:13 -0500] "GET /BLA/resoluciones/RESOLUCIONES%202011/0309.pdf HTTP/1.1" 200 85183
216.244.66.195 - - [30/Sep/2023:16:34:47 -0500] "GET /BLA/resoluciones/RESOLUCIONES%202011/0450.pdf HTTP/1.1" 200 67071
172.22.2.4 - - [30/Sep/2023:16:33:13 -0500] "GET /BLA/boletinlegal/ HTTP/1.1" 200 62286
201.245.192.253 - - [30/Sep/2023:16:34:59 -0500] "POST /kwsrmcab/Wsrmcab  HTTP/1.1" 200 43477
216.244.66.195 - - [30/Sep/2023:16:35:21 -0500] "GET /BLA/resoluciones/RESOLUCIONES%202011/0556.pdf HTTP/1.1" 200 89085
216.244.66.195 - - [30/Sep/2023:16:35:59 -0500] "GET /BLA/resoluciones/RESOLUCIONES%202011/0717.pdf HTTP/1.1" 200 247184
216.244.66.195 - - [30/Sep/2023:16:36:32 -0500] "GET /BLA/resoluciones/RESOLUCIONES%202011/0883.pdf HTTP/1.1" 200 77247
216.245.221.92 - - [30/Sep/2023:16:36:39 -0500] "HEAD / HTTP/1.1" 200 -
216.244.66.195 - - [30/Sep/2023:16:37:02 -0500] "GET /BLA/resoluciones/RESOLUCIONES%202011/0886.pdf HTTP/1.1" 200 74625
172.22.2.4 - - [30/Sep/2023:16:37:10 -0500] "GET /BLA/boletinlegal/Circulares/2019/.pdf HTTP/1.1" 404 1218
172.22.2.4 - - [30/Sep/2023:16:37:19 -0500] "GET /BLA/boletinlegal/Circulares/2012/Circular%20No.%2010%20del%2026%20de%20Enero%20de%202012.pdf HTTP/1.1" 404 1218
216.244.66.195 - - [30/Sep/2023:16:37:38 -0500] "GET /BLA/resoluciones/RESOLUCIONES%202011/0979.pdf HTTP/1.1" 200 430122
172.22.2.4 - - [30/Sep/2023:16:36:00 -0500] "HEAD /BLA/boletinlegal/ HTTP/1.1" 200 -
201.245.192.253 - - [30/Sep/2023:16:38:03 -0500] "POST /kwsrmcab/Wsrmcab HTTP/1.1" 200 43344
201.245.192.253 - - [30/Sep/2023:16:38:06 -0500] "POST /kwsrmcab/Wsrmcab HTTP/1.1" 200 40974
216.244.66.195 - - [30/Sep/2023:16:38:20 -0500] "GET /BLA/resoluciones/RESOLUCIONES%202011/1064.pdf HTTP/1.1" 200 381529
172.22.2.4 - - [30/Sep/2023:16:36:50 -0500] "GET /BLA/boletinlegal/ HTTP/1.1" 200 58187
216.244.66.195 - - [30/Sep/2023:16:39:05 -0500] "GET /BLA/resoluciones/RESOLUCIONES%202011/1408.pdf HTTP/1.1" 200 71873
66.249.66.21 - - [30/Sep/2023:16:39:56 -0500] "GET /BLA/resoluciones/RESOLUCIONES%202010/5876.pdf HTTP/1.1" 200 142306
201.245.192.253 - - [30/Sep/2023:16:39:58 -0500] "POST /kwsrmcab/Wsrmcab  HTTP/1.1" 200 43477
172.22.2.4 - - [30/Sep/2023:16:40:09 -0500] "GET /BLA/boletinlegal/jurisprudencia/analisis/AnalisisT-606-15.docx HTTP/1.1" 200 26698
172.22.2.4 - - [30/Sep/2023:16:40:09 -0500] "GET /BLA/boletinlegal/apple-touch-icon-120x120-precomposed.png HTTP/1.1" 404 1140
172.22.2.4 - - [30/Sep/2023:16:40:09 -0500] "GET /BLA/boletinlegal/apple-touch-icon-120x120.png HTTP/1.1" 404 1140
172.22.2.4 - - [30/Sep/2023:16:40:09 -0500] "GET /BLA/boletinlegal/apple-touch-icon-precomposed.png HTTP/1.1" 404 1140
172.22.2.4 - - [30/Sep/2023:16:40:09 -0500] "GET /BLA/boletinlegal/apple-touch-icon.png HTTP/1.1" 404 1140
172.22.2.4 - - [30/Sep/2023:16:40:09 -0500] "GET /BLA/boletinlegal/favicon.ico HTTP/1.1" 404 1140
172.22.2.4 - - [30/Sep/2023:16:40:09 -0500] "GET /BLA/boletinlegal/apple-touch-icon-120x120-precomposed.png HTTP/1.1" 404 1140
172.22.2.4 - - [30/Sep/2023:16:40:09 -0500] "GET /BLA/boletinlegal/apple-touch-icon-120x120.png HTTP/1.1" 404 1140
172.22.2.4 - - [30/Sep/2023:16:40:09 -0500] "GET /BLA/boletinlegal/apple-touch-icon-precomposed.png HTTP/1.1" 404 1140
172.22.2.4 - - [30/Sep/2023:16:40:09 -0500] "GET /BLA/boletinlegal/apple-touch-icon.png HTTP/1.1" 404 1140
172.22.2.4 - - [30/Sep/2023:16:40:09 -0500] "GET /BLA/boletinlegal/favicon.ico HTTP/1.1" 404 1140
52.167.144.226 - - [30/Sep/2023:16:40:10 -0500] "GET /Publicaciones/2023EE226622.pdf HTTP/1.1" 200 232203
216.245.221.92 - - [30/Sep/2023:16:41:39 -0500] "HEAD / HTTP/1.1" 200 -
66.249.66.20 - - [30/Sep/2023:16:42:37 -0500] "GET /BLA/resoluciones/RESOLUCIONES%202009/1201.pdf HTTP/1.1" 200 459366
172.22.2.4 - - [30/Sep/2023:16:41:50 -0500] "HEAD /BLA/boletinlegal/ HTTP/1.1" 200 -
172.22.2.4 - - [30/Sep/2023:16:44:02 -0500] "GET /BLA/boletinlegal/actos.php HTTP/1.1" 200 9682
186.154.97.109 - - [30/Sep/2023:16:44:04 -0500] "GET /BLA/resoluciones/ HTTP/1.1" 200 13696
186.154.97.109 - - [30/Sep/2023:16:44:16 -0500] "GET /BLA/resoluciones/index.php?dir=AUTOS+2019%2F HTTP/1.1" 200 387008
172.22.2.4 - - [30/Sep/2023:16:42:40 -0500] "GET /BLA/boletinlegal/ HTTP/1.1" 200 60342
66.249.66.19 - - [30/Sep/2023:16:44:45 -0500] "GET /BLA/resoluciones/AUTOS%202008/1818.pdf HTTP/1.1" 200 144095
201.245.192.253 - - [30/Sep/2023:16:44:56 -0500] "POST /kwsrmcab/Wsrmcab  HTTP/1.1" 200 43477
168.119.251.242 - - [30/Sep/2023:16:45:45 -0500] "GET / HTTP/1.1" 200 319
168.119.251.242 - - [30/Sep/2023:16:45:46 -0500] "GET / HTTP/1.1" 200 4720
216.245.221.92 - - [30/Sep/2023:16:46:39 -0500] "HEAD / HTTP/1.1" 200 -
168.119.253.48 - - [30/Sep/2023:16:46:52 -0500] "GET / HTTP/1.1" 200 4720
168.119.253.48 - - [30/Sep/2023:16:46:53 -0500] "GET / HTTP/1.1" 200 319
172.22.2.4 - - [30/Sep/2023:16:47:40 -0500] "HEAD /BLA/boletinlegal/ HTTP/1.1" 200 -
186.102.118.6 - - [30/Sep/2023:16:49:38 -0500] "OPTIONS /kwssiamovil/sm/setfile/f? HTTP/1.1" 200 13
186.102.118.6 - - [30/Sep/2023:16:49:39 -0500] "POST /kwssiamovil/sm/setfile/f? HTTP/1.1" 200 381
186.102.118.6 - - [30/Sep/2023:16:49:48 -0500] "GET /kwssiamovil/sm/acme/a?s=U2FsdGVkX1/g11y9VPZz0x3AgODZI6NWWxROVyjqRRRKIPMWgFtyQjtmNRZ0CAgqq4sTl89KCv4FNz3bidDBiwwd/0v5YnyUUvXLcOGJ4K6pVZNip7HsTFsRSqGP5TRWAyfH2i24YRdGxJSIYCvDCB9u9sJTN9joXRD0hLWA0ZQ8Ui5WgmcgWbWPoWpDmPqzjAvGy8Aspl7F86E3LNPVPIm5riDuMYb02EgjoMtjwDiRM3CIbXlakPOCKqAekDC8Rng6EKTOqylmO6kdOChNmQ==&u=U2FsdGVkX1+KSTJVnCS9BDOWIAK95U1XaVsx4RkuEJ0=&y=U2FsdGVkX19BC/tYWwMNxgeCQMDtM1ASFKNMDqfGIqA= HTTP/1.1" 200 26
186.102.118.6 - - [30/Sep/2023:16:49:49 -0500] "GET /kwssiamovil/sm/acme/a?s=U2FsdGVkX1834WYGiJ+mjhMmlF0XrLrOTVe20Pp9kt3VLIgNoZOQZGOmhIVOl/Ab61deP+eElyV55FfGx1QssrbkiiSztj28DZK6QpsK72RJm1tYSdi72nGHR7fN0fbb784yr/WthvBP37j2kdNP9WPjn3uRzE4f0AOZ1Mke+NK3pm5s4UaD0t8grj+BA8+lzE6qKoQVADOKD9hDCUzbmDFEKAarNooFd0Uy4KYlqKTjaxr8IZ9l1fynS0Hc6ywmJ/9XynHIzOTAe9jTpE6bvS3+W//A5c3hwUuSr80NNoymwOqqIZgF16f8FOV8OWxQWyJ3b2dyA4wM7CCvDiR7XSN0jFVWxtXL6TzXMZIyiWIhHHeTX4MmIcgMp72KyI9uFCrFdQC7ni4EG3xH5CXLdA2wJUbjn1/HS3QNSHMqhfb/z4ZWLTltuITt6O0CCxjMYlKytxCMJVhbOqM3NCB9c0OdKPQhnwgyhwoXxd8N/Z1Gs5IewzC4ExiXhSGDnHFCHjubP1cT/kDhTT2FKq7yCBfU1QGp7OIKVB4P77wqjD3rtAkGOyqTXXDSXIe6xYholhXtQn+MLjgsDC6PzuN2fHW2t4jNk/a9EstjJ2myLbRCepf+8vUs00RlH4rCXkZhU9mp15npwpi0AIUJM1FtORVHXB7wS36BvyR7iQ/Sdht3BqfOxW7D1dMnQ6VfVdU/rQ4e4ry/lTNqAVxNPnRfjX6i3NwfL6myDtFk4TU9pNispuPOYsTD9r2UiibkwkKqGf4AKewc/S51lnjVAUPb4fU+9xIqoevObobJSFWyqQMhlWuPppFpgfhPZLz5/SQeKhqqH/Q14PCMsBmwJV8P4h2xTbRUql/V3yDZmuc9lL+ROEVXuHExo8rgFIJ5uC2cDNQHMksL8zVBfMNnDyXHrXhFi5pEvHKdrYJr9+s9WcWuXY8bJ2ikTuW+hylyc758T4zZwiESqP2S2ruD6fhPILkyJW+npUltTDPqkoHChlCc51d41dfN+2tBT8svZrJBdcQgFQm45A55cCD913KrdnT7pi0VNBqUWhfalBM4rAIBzTkt1K2DZVUzWlQiywfnc/8tmT6EdhmmQFoQgf4JGHUekLam9u+IiJThhufJVcPSTeWoUzXSnYmO28ATxzTl4uuZQ49HAgWtNkjBZ99Jz+j24xReeEkMZp0hk8CtKLDITm6q+3cbUbD8QVxynRSZbAzJh8yJgCpBA3EQs1uiIqLkrY89PMXAGMXnV79vrnrEPH0MFAk4mNmtnwGzIm7REq8fjRnAJ4yTKTTx+vmFnDwIRlWne2LcYqVHP31CwHhCToGiMyqawMJgQ9PgSyJUCeJYXrTJbCEdcxkmaLyIlCNVsnN722r+Jvaji3ElgTlRgNsAb7Vm8O4nlzk8zR6KzDAMUAo4/SDKtZuqkfcY9s00A2twaNMCu4Owz2CcCT2McPIuJiJM8VyoYsKJaGmgBLWgkwb1zMy25ctQLj1fkWz+DD+/mxJAavv4B6U0yW0f9os0k+i3vX2p81U3rgWPNs38nLKcwl0jEngqPyr1SjApZ0AJsS7FT+zjUGef0ky+Z+TCcaarTPdvPU3PiUrdT/Bvf4+IVJ5MElXrv2RXgupZnEvIYlYRpByVLZMBfECwWdL1IVqQ5JT428CEaZ7Wv5gytSymqDve2AS7uStAgYJf9tifmkpxhrs67ISof5quyJ6Dk5iCQUwBU+BMQEFM/vqor8UvMnfsNWf/BptLGo3RQUbDIHS1D/uigZOW0K+Mxmf0Sv26DtCl7j8Yr+xrnrOAVTeW0Sb30YQYxAUpwim5e7oOpPNa7sIInZNPECHZIA6i9rR0UeO6eaegRfPoihUawHUJkqsaifMx7ROOewkzr/LTAJQZydICya8zB8oHlYNfSG0MkEFfpi6Z79oi58cSCakxBXKlLQwfmLiviQ45sFMxNitVMRgu60jx5+HnajAPeqmASMxU7ZXWILTJU39aT+EGEzil8K2epFyVBQVZyNJrxT2dVnnoMxlHfeqR6VJxaGyAy7kOX4CssldeqChyBtDK1ppKhdRsO7iz+zHO5S3cdQRGEpKM8x5u3e6hH5VAKnEX9A87WFST3d6yWM3mAsXFB0le0oUD1fmpfYu1RY7lghF/EpSREbUrF4wLDw0YYOHXfAxiCs0FO8RT&u=U2FsdGVkX1+KSTJVnCS9BDOWIAK95U1XaVsx4RkuEJ0=&y=U2FsdGVkX19BC/tYWwMNxgeCQMDtM1ASFKNMDqfGIqA= HTTP/1.1" 200 26
186.102.118.6 - - [30/Sep/2023:16:49:49 -0500] "GET /kwssiamovil/sm/acme/a?s=U2FsdGVkX1/XD4xe21KkcvDT567nr3BJpPpU7kH3aohcGgcLMvNGYHdCGv8HwVpMF+lqbwTCyeuFg8g1lnG0ks0LVe0YDDtZBVsKcl59p5x4jq+gbIpyEDT+wYE963LoqJJJRp/3eA/j1Hw11Lh5kdtP8mV83BhJpoV+hoUkg80=&u=U2FsdGVkX1+KSTJVnCS9BDOWIAK95U1XaVsx4RkuEJ0=&y=U2FsdGVkX19BC/tYWwMNxgeCQMDtM1ASFKNMDqfGIqA= HTTP/1.1" 200 26
186.102.118.6 - - [30/Sep/2023:16:49:49 -0500] "GET /kwssiamovil/sm/acme/a?s=U2FsdGVkX19B3bzcEV1sS4U4RB4erIfL3BA82Qg+MR67/0YDZO8sHihfAWVGFabGVFnvP0lO9Iqw8juO9h5VLoSJii3AXMxWNbLNz5Yrgg4/92K5e6eZTUGIO1ombbLfmMll12+wykswjqstOAk3UdF+MSTzjOpUIYevEGRh/jo=&u=U2FsdGVkX1+KSTJVnCS9BDOWIAK95U1XaVsx4RkuEJ0=&y=U2FsdGVkX19BC/tYWwMNxgeCQMDtM1ASFKNMDqfGIqA= HTTP/1.1" 200 26
186.102.118.6 - - [30/Sep/2023:16:49:49 -0500] "GET /kwssiamovil/sm/acme/a?s=U2FsdGVkX18OmbDwO/kFjGBoUVPEMsYwQECkQMi3T11WzP9IGFYCE7pqUCGbRRBDi1TpbOcGVl0uauP2IRN3bBpBAmaM7R8zX622swUXj0hi0rnnJ9VqV4oyymTQqb9PaAcrKr6/ADEbEVIOsK5NHla6d0VKhCEAPGwH/T/0Z7I=&u=U2FsdGVkX1+KSTJVnCS9BDOWIAK95U1XaVsx4RkuEJ0=&y=U2FsdGVkX19BC/tYWwMNxgeCQMDtM1ASFKNMDqfGIqA= HTTP/1.1" 200 26
186.102.118.6 - - [30/Sep/2023:16:49:50 -0500] "GET /kwssiamovil/sm/acme/a?s=U2FsdGVkX18hoTKCS95UbdD6ILBwq8eF2CtY+5rZpke1zzArVGqzv81QWZrMPfraPtzPMvSfPNsiuRahLaM5nNXyxo0YLNl5lixCi+JHVgeBdbSc6Ci2tUuH9DhSVpje8CGOx9QL59VUi//E3Mj/U/Qybhhz31nG4RR02gDmETZuqX+pnnxCQHK+2xoemcuI&u=U2FsdGVkX1+KSTJVnCS9BDOWIAK95U1XaVsx4RkuEJ0=&y=U2FsdGVkX19BC/tYWwMNxgeCQMDtM1ASFKNMDqfGIqA= HTTP/1.1" 200 26
186.102.118.6 - - [30/Sep/2023:16:49:50 -0500] "GET /kwssiamovil/sm/acme/a?s=U2FsdGVkX1/C8tSsbpntLavn7c7iUAUNt49C5eAYszGdW/MT/g/dSGl6xpFZdz0BA0AKKGmIGYtmxuWXCm85y3/5XdwykeFx7XxnwnmoC+2+AFPGOA3F+ac3C0Ko+h183wZf2+XkpX246cCi4QkXCqIlRolg3yr0bO0b9ippK1MbAEIye7y+fV40tF0CdejnKUG6Ad14mjy7TWyosB1K9g==&u=U2FsdGVkX1+KSTJVnCS9BDOWIAK95U1XaVsx4RkuEJ0=&y=U2FsdGVkX19BC/tYWwMNxgeCQMDtM1ASFKNMDqfGIqA= HTTP/1.1" 200 26
186.102.118.6 - - [30/Sep/2023:16:49:50 -0500] "GET /kwssiamovil/sm/acme/a?s=U2FsdGVkX19OK653EdlzTc2ZPBhmjuOvoYz8vpLx/7uGLfNHfZn2laLHqNuqV7mPg0k16Rd59LO/JGH3hlBaIdF0q7uQWLOPYRELuJRaMXs8l3MN+g3I5YwEH2zg0zViIIMWlNvXETnnYkuwK1eDeN5XOm5OUfiSLIlWxz3h9eojXx7837ufB/kacdMXvuC3&u=U2FsdGVkX1+KSTJVnCS9BDOWIAK95U1XaVsx4RkuEJ0=&y=U2FsdGVkX19BC/tYWwMNxgeCQMDtM1ASFKNMDqfGIqA= HTTP/1.1" 200 26
179.51.119.56 - - [30/Sep/2023:16:49:57 -0500] "GET /mesa/visualizacion.pdf HTTP/1.1" 200 892074
179.51.119.56 - - [30/Sep/2023:16:49:57 -0500] "GET /mesa/visualizacion.pdf HTTP/1.1" 206 1
179.51.119.56 - - [30/Sep/2023:16:49:57 -0500] "GET /mesa/visualizacion.pdf HTTP/1.1" 206 889426
201.245.192.253 - - [30/Sep/2023:16:49:55 -0500] "POST /kwsrmcab/Wsrmcab  HTTP/1.1" 200 43477
172.22.2.4 - - [30/Sep/2023:16:48:30 -0500] "GET /BLA/boletinlegal/ HTTP/1.1" 200 60342
216.245.221.92 - - [30/Sep/2023:16:51:39 -0500] "HEAD / HTTP/1.1" 200 -
216.244.66.195 - - [30/Sep/2023:16:53:10 -0500] "GET /robots.txt HTTP/1.1" 404 1018
52.167.144.189 - - [30/Sep/2023:16:53:55 -0500] "GET /semana-bogota-reverdece-135-nuevos-arboles-para-el-humedal-la-conejera.html HTTP/1.1" 200 814
201.245.192.253 - - [30/Sep/2023:16:54:54 -0500] "POST /kwsrmcab/Wsrmcab  HTTP/1.1" 200 43477
172.22.2.4 - - [30/Sep/2023:16:53:30 -0500] "HEAD /BLA/boletinlegal/ HTTP/1.1" 200 -
172.22.2.4 - - [30/Sep/2023:16:54:20 -0500] "GET /BLA/boletinlegal/ HTTP/1.1" 200 60692
207.46.13.130 - - [30/Sep/2023:16:56:12 -0500] "GET /Publicaciones/2023EE127889.pdf HTTP/1.1" 404 228
216.245.221.92 - - [30/Sep/2023:16:56:39 -0500] "HEAD / HTTP/1.1" 200 -
172.22.2.4 - - [30/Sep/2023:16:56:40 -0500] "GET /BLA/boletinlegal/conceptos.php HTTP/1.1" 200 7496
172.22.2.4 - - [30/Sep/2023:16:56:42 -0500] "GET /BLA/boletinlegal/niceforms-default.css HTTP/1.1" 200 6694
172.22.2.4 - - [30/Sep/2023:16:56:43 -0500] "GET /BLA/boletinlegal/js/ajax_conceptos.js HTTP/1.1" 200 1326
172.22.2.4 - - [30/Sep/2023:16:56:43 -0500] "GET /BLA/boletinlegal/niceforms.js HTTP/1.1" 200 22876
200.118.16.147 - - [30/Sep/2023:16:58:28 -0500] "POST /sipse/faces/presentacion/financiero/solicitudProceso/consultarSolicitudProceso.xhtml HTTP/1.1" 200 41897
200.118.16.147 - - [30/Sep/2023:16:58:29 -0500] "GET /sipse/faces/javax.faces.resource/theme.css?ln=primefaces-sipse HTTP/1.1" 304 -
200.118.16.147 - - [30/Sep/2023:16:58:29 -0500] "GET /sipse/faces/javax.faces.resource/primefaces.css?ln=primefaces&v=4.0 HTTP/1.1" 304 -
200.118.16.147 - - [30/Sep/2023:16:58:29 -0500] "GET /sipse/faces/javax.faces.resource/layout/layout.css?ln=primefaces&v=4.0 HTTP/1.1" 304 -
200.118.16.147 - - [30/Sep/2023:16:58:29 -0500] "GET /sipse/faces/javax.faces.resource/jquery/jquery.js?ln=primefaces&v=4.0 HTTP/1.1" 304 -
200.118.16.147 - - [30/Sep/2023:16:58:29 -0500] "GET /sipse/faces/javax.faces.resource/jquery/jquery-plugins.js?ln=primefaces&v=4.0 HTTP/1.1" 304 -
200.118.16.147 - - [30/Sep/2023:16:58:29 -0500] "GET /sipse/faces/javax.faces.resource/primefaces.js?ln=primefaces&v=4.0 HTTP/1.1" 304 -
200.118.16.147 - - [30/Sep/2023:16:58:29 -0500] "GET /sipse/faces/javax.faces.resource/layout/layout.js?ln=primefaces&v=4.0 HTTP/1.1" 304 -
200.118.16.147 - - [30/Sep/2023:16:58:29 -0500] "POST /sipse/faces/presentacion/financiero/solicitudProceso/consultar.xhtml HTTP/1.1" 200 35255
200.118.16.147 - - [30/Sep/2023:16:58:29 -0500] "POST /sipse/faces/presentacion/financiero/solicitudProceso/consultar.xhtml HTTP/1.1" 200 35255
200.118.16.147 - - [30/Sep/2023:16:58:47 -0500] "POST /sipse/faces/presentacion/financiero/solicitudProceso/consultar.xhtml HTTP/1.1" 200 39292
186.102.78.187 - - [30/Sep/2023:16:58:54 -0500] "GET /kwssiamovil/sm/ldap/au?x=U2FsdGVkX19Uix1Bq8MwWDaGvUdGY27t35lmV+FyEOdIgW8FZhKAqnl/WFusmCL8&y=U2FsdGVkX19EbV8w85SWNU+hAALJDcL+9BYSZVgBTQT0QAOEmHLmZKoutkjFxUDm HTTP/1.1" 200 30
186.102.78.187 - - [30/Sep/2023:16:58:54 -0500] "GET /kwssiamovil/sm/acme/s?s=U2FsdGVkX18LSnr0Q/lM+BhNIHCfGwziHdXipZmOihDXJ4NfhfCgfLILd5dp37wgXn64rG3Zq4qEFQznxYzaWef3qJCpxvWtbpnr8ABC4+I=&u=U2FsdGVkX19FCep8gjbL94Hm/61zZ6fsF2z8Xfi/XrGlqGI+4uatXJ2ZwW0SYzww&y=U2FsdGVkX19EbV8w85SWNU+hAALJDcL+9BYSZVgBTQT0QAOEmHLmZKoutkjFxUDm HTTP/1.1" 200 97
186.102.78.187 - - [30/Sep/2023:16:58:55 -0500] "GET /kwssiamovil/sm/acme/s?s=U2FsdGVkX18FcWmYuYhQQs6Ai4vMIFvym4Af8zdkn20jmHK5Wg2dnwGhwWFo9aYqirAd60oJrSSqV05KXwRDTTHGnfzqSwNCOepo+oqTHQz7SYyVFESH4kY4cCQznAiMgsXSB0JAjREm1m/sJnB29BwuFqYCfFAKxgSCot2uJljK7Io2yPKHmIVo9MuWfCFVx8QKetdj1mpTVk+3RMnjE9EHmsay/WYqOayQQOtl1Q8OTYuj6o0PQD9vOezFj405kOY1w8qbBQcdDNcn65yDRDBnbPNVZw2Fx4zW2snAjnJs4HKd1fjdMlZRHzxLQSeQuBFF3/uF4sE8ObGA25U7+exjKvdqXVO8TvtgFEyJTOkHakqaOFTWITGQbyzCy4Iq/lhzl6j0scmnRaxMNEK/KEbYasCH++PuB87luPhrDT3Fa9IV+IiboHruSQgCYwxy9DghPtYnJJHQ1Txc4OdDfacwImVfFPmFmb/dK+76GceyAWEg/PuM3ZYDJ0GSh7k1O11TfP3AVDBrqswajygh5pCJVndSJUEJdC7qIyU8ttobUIyUVtL67VGBou7V4/kY3kFjju1QZEWcEtVqZ1R5lBSabrKxnOk6Lbk4f4UN1g6San6Z6beccYhluMtIGsVJ4WeOOVijR5x+gPkdAldDEoJM4tom/AxTMhzpmBgV68xTL1jrzU6gHQ60k9BmgbncFGK7BUsOAjZt5vVtEUBDuJXLce580yiuhb5tEbV6nqDzDUGQzGGisJXdoo0lHhg5da49VyTUO2xDZnQuBG3hpbcrp6CsZGYQsCAQV1EBorIG6X2KTnp0jIW7Jej1Mr/O/o91EHW1u4wo4/SnEo156a9yvYK1IsbZjIBb1EleJCjS2yQyu/CUMX0ug4HCbWo/aZbmDcPPzTlSF7G69CMQst1eUHphWeX0MZGJqYCcLsoJ+S2XtS6c095UHs9M+qXKXwR78GxBo5gB2Jyt1fl6O3VKJFtrv/hmuvCuQqt5NnkdQU30Rs548GWpvTBdielKg48BUWHAsF14V2d6NezZycoL0mR/tpiysSULCGrTlVxnpWOlxAsJMypR/Px1NSaG596itdOLmKkwK1n9QABeUZGzWGPdNWO1fRY7dQLrnI7A8pvyXBhdKtZJ55Ppr6VmaaMshe2NHX2nZ905EMxLleEZFf5WD88oOeh6wqg1iMcE/OF9m2gtNzbJfJaBx5ikYKHkq0wIjNbFq3ArXjKStQSzp6lzZ/KU0ROEOXbZHS1r9Sh6eid7req7+CyP+iHDW2Cml31VZ3foBp2cQaXH4cBxT8Us4eRWKKuLMWDm3agWojcy+xI43dmRLL29OTptpbpFVREAA6JcFiiRWqjbBeYREgSc/sww1j1lg8+zsxhoOuzaOMtowtYil8WyNf1Qx9wo97YAQACR+tCu73a8mm5vI1H2PFUe09jOWHqOqjA=&u=U2FsdGVkX19FCep8gjbL94Hm/61zZ6fsF2z8Xfi/XrGlqGI+4uatXJ2ZwW0SYzww&y=U2FsdGVkX19EbV8w85SWNU+hAALJDcL+9BYSZVgBTQT0QAOEmHLmZKoutkjFxUDm HTTP/1.1" 200 6514
186.102.78.187 - - [30/Sep/2023:16:58:55 -0500] "GET /kwssiamovil/sm/acme/s?s=U2FsdGVkX1/1wkiFsJsWYToeym97ITjq2bLfdBY/omvum4MhoHvLiG80dnHDQTCrbaiQdwM6Vsz1V1+UQRvB3VZqC/i37MaAI6Wk8E/TAtocZPnO/80d/o4Pfo1aj0dkXnKgapX/b8J6dDP4TYqVhcoPo6hr4Wq+PY2L3hAi77cK287U7P/5hrsu/Ln7PpX05CKHk8cA2zG8u5Qjr6UuUzfvw9WB5vWtRKQnVKixt8XlSLFHF95a7bhUSDYPlf0knkxWy5fjUFn1eqSL++MGg8ArQz+28OSipzMyAjGL8kaqgXPqGLsaSgnC7Ujl/8A568NWw/SWAlXv/eNeWrySDMyg36XtRSwTExGRZy1Bq+s=&u=U2FsdGVkX19FCep8gjbL94Hm/61zZ6fsF2z8Xfi/XrGlqGI+4uatXJ2ZwW0SYzww&y=U2FsdGVkX19EbV8w85SWNU+hAALJDcL+9BYSZVgBTQT0QAOEmHLmZKoutkjFxUDm HTTP/1.1" 200 196
186.102.78.187 - - [30/Sep/2023:16:58:55 -0500] "GET /kwssiamovil/sm/cjson/pre?f=1&x=U2FsdGVkX19Uix1Bq8MwWDaGvUdGY27t35lmV+FyEOdIgW8FZhKAqnl/WFusmCL8 HTTP/1.1" 200 31032
200.118.16.147 - - [30/Sep/2023:16:59:00 -0500] "POST /sipse/faces/presentacion/financiero/solicitudProceso/consultar.xhtml HTTP/1.1" 200 120671
200.118.16.147 - - [30/Sep/2023:16:59:01 -0500] "GET /sipse/faces/javax.faces.resource/theme.css?ln=primefaces-sipse HTTP/1.1" 304 -
200.118.16.147 - - [30/Sep/2023:16:59:01 -0500] "GET /sipse/faces/javax.faces.resource/primefaces.css?ln=primefaces&v=4.0 HTTP/1.1" 304 -
200.118.16.147 - - [30/Sep/2023:16:59:01 -0500] "GET /sipse/faces/javax.faces.resource/layout/layout.css?ln=primefaces&v=4.0 HTTP/1.1" 304 -
200.118.16.147 - - [30/Sep/2023:16:59:01 -0500] "GET /sipse/faces/javax.faces.resource/jquery/jquery.js?ln=primefaces&v=4.0 HTTP/1.1" 304 -
200.118.16.147 - - [30/Sep/2023:16:59:01 -0500] "GET /sipse/faces/javax.faces.resource/jquery/jquery-plugins.js?ln=primefaces&v=4.0 HTTP/1.1" 304 -
200.118.16.147 - - [30/Sep/2023:16:59:01 -0500] "GET /sipse/faces/javax.faces.resource/primefaces.js?ln=primefaces&v=4.0 HTTP/1.1" 304 -
200.118.16.147 - - [30/Sep/2023:16:59:01 -0500] "GET /sipse/faces/javax.faces.resource/layout/layout.js?ln=primefaces&v=4.0 HTTP/1.1" 304 -
200.118.16.147 - - [30/Sep/2023:16:59:01 -0500] "GET /sipse/faces/javax.faces.resource/dynamiccontent.properties?ln=primefaces&pfdrid=XjOR5%2F%2FfPAZAuY9TpWQeCiM0BhlXxYRBGKi%2FQcXXfeA%3D&pfdrid_c=false HTTP/1.1" 500 383
200.118.16.147 - - [30/Sep/2023:16:59:28 -0500] "POST /sipse/faces/presentacion/financiero/solicitudProceso/consultarSolicitudProceso.xhtml HTTP/1.1" 200 177326
201.245.192.253 - - [30/Sep/2023:16:59:52 -0500] "POST /kwsrmcab/Wsrmcab  HTTP/1.1" 200 43477
200.118.16.147 - - [30/Sep/2023:17:00:02 -0500] "POST /sipse/faces/presentacion/financiero/solicitudProceso/consultarSolicitudProceso.xhtml HTTP/1.1" 200 177326
125.209.235.183 - - [30/Sep/2023:17:00:33 -0500] "GET /robots.txt HTTP/1.1" 404 1114
114.111.32.212 - - [30/Sep/2023:17:00:33 -0500] "GET /distrito-avanza-con-la-plantacion-de-arboles-186-nuevos-individuos-fueron-sembrados-en-el-humedal-capellania.htm HTTP/1.1" 404 1114
172.22.2.4 - - [30/Sep/2023:16:59:20 -0500] "HEAD /BLA/boletinlegal/ HTTP/1.1" 200 -
157.55.39.48 - - [30/Sep/2023:17:01:02 -0500] "GET /forest/ HTTP/1.1" 200 12041
31.13.115.10 - - [30/Sep/2023:17:01:19 -0500] "GET /distrito-avanza-con-la-plantacion-de-arboles-186-nuevos-individuos-fueron-sembrados-en-el-humedal-capellania.html?fbclid=IwAR2ZZUDPdpAhLjJo86yMEDhpRG1oTcG0VgeMu2ANIofc0Sju_-e7j77ukQg HTTP/1.1" 200 990
216.245.221.92 - - [30/Sep/2023:17:01:39 -0500] "HEAD / HTTP/1.1" 200 -
172.22.2.4 - - [30/Sep/2023:17:00:10 -0500] "GET /BLA/boletinlegal/ HTTP/1.1" 200 58187
66.249.66.20 - - [30/Sep/2023:17:01:55 -0500] "GET /Publicaciones/2023EE225772.pdf HTTP/1.1" 200 395930
201.245.192.253 - - [30/Sep/2023:17:04:51 -0500] "POST /kwsrmcab/Wsrmcab  HTTP/1.1" 200 43477
186.102.118.6 - - [30/Sep/2023:17:05:10 -0500] "GET /kwssiamovil/sm/acme/a?s=U2FsdGVkX19r//qlFfZWD35tRYHCCRB/YOcA8C5LNCFrHNw4zL0wVfE731VA5+MV4ncNPKSe3iBGLuqsAUyGbdM8Tpu8EULHjbiwPn3oNhGWlc8wTP0R6L/1FBi6ALhM1SwWGBMBlsq2dkHYesbF0ea0BEL1fkHLpYOrmtdT81i+dq2BCp9OlV4JcVIqQALzJQqPJz/yFUT1yNwXp5bMsouX4cTo3Nt/pkW1El4+uN73nRzQe2qIXOQXv5af6DqdhqWmI7dSI9a/293i2S92+g==&u=U2FsdGVkX1+KSTJVnCS9BDOWIAK95U1XaVsx4RkuEJ0=&y=U2FsdGVkX19BC/tYWwMNxgeCQMDtM1ASFKNMDqfGIqA= HTTP/1.1" 200 26
186.102.118.6 - - [30/Sep/2023:17:05:10 -0500] "GET /kwssiamovil/sm/acme/a?s=U2FsdGVkX18HvfUWpwLit8sE11ykfapkFw0ZPSgi2ooq/trw2gYtcXJmGzoe+i59FB87Nznt2f7GjA7IrhqHQF1reBWLw2wfCLco86681PI83c4JMkGd8HhZatSxPcSACZtttlBuiXmfL4AvzrLbq9PKXJxt0ifg85Q5zCmF5IfUO42fbHRyTXQ5gsvMsT6PO+ahiZWiYoNLh/BJuTbH7ESZ/bzw3aWNAa/ztjDA2aPeA7TmaX9VTKQ7apk8WIv/iqs9iIVDijDxFvF4KO+porpVEK2KG6zNTd1Y0iJ1d8NESm9NvqwiT4i4WtXt4DfSBw1dkXFAA2YPC43gyE1rizCpJJ86JeVwA6PQtahVxCaQefgCRtUw0n/DR8Bzj1mwjAKb/hEBW2CwLn3O6b9sHwsuy/9yVs+ytmV6u6QZKRA/o3KOVFxPozrw817K6JN3AcqmVUVTCD9BV+B07RNfG3eF8vOIJl2AdDTcQneW6Q5k8NP3EDQ1A12LvhznHKj1VsK0Ip1oHsZ0FrMe2+n90KXJDdvgDEY1rtDbP9691BGdAgLk1CKjGGOESWAPczUuVQLbQbN86poc3QmHSQ/qzdObUau4ddsGrsebJkoZL1qIzDSWZUoi/eG4Ynr+3JEcq29aRcndky7UQSnbDOE4MP+LRAPeBZAp2CqzaJCtLayEDzLxyR+C2SNTkC49hog/7+LC4/OElpwo3L+vGntYkQdKzNPEGHEQ3xcIVBhKyplmKoz4J1f5MZtPS35sHg2dIx6yx9dC3c4m5KDerwJPgI9Oqjb5KPTp3Sfzq4UKQ3eZ+fuu+sHIQdMhwPf+F8HdA3qb+VdVsgjlfxixMsqV3d6M8V3NyoSuERPscPEnvjz1fRr9f7tl5QmColUW0DdM8kp6lRnQiBto/4VVx1U7cDmvgt44RzQtJAzX99JbEThHnpoXDVPFRRWFtDgWtTjIG3aybqmZt6014w9lU2AMOEhNi98fKgQ2/1079c2gu3mgU+Z9A6p+3DMOqXkj1I525PdKQsvtXy/+A8YfqGXBimYW+Dr7eboUVMa3LegPA4IpNll/0a3gyPAdwF6JMJwYZAy0fpCf34tX6eSt0PwSqwrDf74rC3VgXOTdBm6srF4T4iojWGg1+Dm+be3xZHSgd9GAzLdbMJinc94ki70ug98xR67bICVs/VUm+p6CfVYVLGAGaqNbvlj+6KGvD0U1Ff+3hsZuqRiNMbBKljxVfNDhaN2voHqviVaq9fdi2qWCcrhOtF83QyYM21JU+YKDRPEd2MHz153022eu9Cl0OAB1SnLvSwszKwjCib1rpK0WqqjhyI+8paoiV08XL7txMMTWrJ6GGJ0tfSLTRvw/13sCQTTaqV4+Uk+IJ9pREZsx7Q1UmFYz7iChaDWDA8pUrJqd5XJzSiWdq7XT7/BA+CXuSb1phYYTvxc7ChY6QXis+zEdm5xLyuu78QH1eBe495oAoP8qvwsOhTFvGw+kYQ/lfHlRyFJE0l5UPg1PUkCwnxIKbQIRZft7UirzQBlilaJrFA4T3VUgx6d0mx53zyrb88Upa/uuxDitZ1PvQyeE5rWK7xO1RmZiLXyR6QnwfGD9qlD6CqjKEd0WlPMBIM9rtVc+zWCYmdw8AZ81C6FPzC8ee4NOse2/g4Z2+agTmcW//lzJBc8gB/iOuACo6kXbh+UrQhvhNhrPwaGVM4jky3nYFuEupotrm2qGJW+8uwGJeWW5AdUXbL2dvM1G6Lp5OXNbXSMTe2M36z8fu4tU0LiXZQk/lOfUEEkKfGTNCwI9hUALpKPFLZJBGpbh1RjLoE4tkGPx+bQ2JKIPTHQAaOfUjif4ZzVc1Yu3zkV08Yuvaqu2yfpXQnJ33jsOv9m73fMt1lIvxHDOIiMB9/KLwL/W09xo88w/uHUZvtjM+Tr/oOk7uxW2KTCA1ltXKg==&u=U2FsdGVkX1+KSTJVnCS9BDOWIAK95U1XaVsx4RkuEJ0=&y=U2FsdGVkX19BC/tYWwMNxgeCQMDtM1ASFKNMDqfGIqA= HTTP/1.1" 200 26
186.102.118.6 - - [30/Sep/2023:17:05:10 -0500] "GET /kwssiamovil/sm/acme/a?s=U2FsdGVkX1+J6K6uF3hG6vGcM70Z/z+2ib25hgWn8FSWAOeUxsrorfjN/VXlvRuosSTJ2yTxAwopHbUSLrPAjue/a+4EiMzrMEQ8kiU23rindQsHujESRRJcA8t9Mb8mWvG2wRopeQA1qMUpglkJy+akEz9nqvywGOtp75QEAB8=&u=U2FsdGVkX1+KSTJVnCS9BDOWIAK95U1XaVsx4RkuEJ0=&y=U2FsdGVkX19BC/tYWwMNxgeCQMDtM1ASFKNMDqfGIqA= HTTP/1.1" 200 26
186.102.118.6 - - [30/Sep/2023:17:05:11 -0500] "GET /kwssiamovil/sm/acme/a?s=U2FsdGVkX188PKGGo3R69NT+Ar2Q2Uqc3qSBsktwz2icpi96BO6eMFHCUy/IDMFBZLLo+UFQBzSRSQbr/xN66RcfgChJpjnpGgKzx6JetXQjRVpVoLAHgaExBjexeGMHSyYFrRMOC6MgX6XwRWo8i+ALckDYksx2ofaabmjNnWA=&u=U2FsdGVkX1+KSTJVnCS9BDOWIAK95U1XaVsx4RkuEJ0=&y=U2FsdGVkX19BC/tYWwMNxgeCQMDtM1ASFKNMDqfGIqA= HTTP/1.1" 200 26
200.118.16.147 - - [30/Sep/2023:17:05:11 -0500] "POST /sipse/faces/presentacion/financiero/solicitudProceso/consultarSolicitudProceso.xhtml HTTP/1.1" 200 85093
186.102.118.6 - - [30/Sep/2023:17:05:11 -0500] "GET /kwssiamovil/sm/acme/a?s=U2FsdGVkX1+1Ns3/azVBUDTT4a/o0++Dqh9AIr5adWcN6fJLgasL9YAMRzLssHkE8Yd31vZBCLLUejTT/SqwuDykum9YzvHIbg+Hw+YH+Y3NNwezhFWA8vGdoLz6ZTGUybqCggCPXcFLaY/odRm2Ef7OMiYis1oIdAQV7UoBXtc=&u=U2FsdGVkX1+KSTJVnCS9BDOWIAK95U1XaVsx4RkuEJ0=&y=U2FsdGVkX19BC/tYWwMNxgeCQMDtM1ASFKNMDqfGIqA= HTTP/1.1" 200 26
186.102.118.6 - - [30/Sep/2023:17:05:11 -0500] "GET /kwssiamovil/sm/acme/a?s=U2FsdGVkX19kvpLMnCvi6kiKfv/MIFsKRuNihSzeNTGkIHVKRApXY4PG5UZ79Y/ZQZAz2e1Vnq/4D6mZDeERUu4tIBkwa/nXRehiNYvcn3NH/xKOWYA+p8SDJGWp4Dp9dnfgm1aDii+yLeePpBct2M/XC3Tcy0wZGsQpIjplM6QNIYeGHDCI8tqp2kCLlxoW&u=U2FsdGVkX1+KSTJVnCS9BDOWIAK95U1XaVsx4RkuEJ0=&y=U2FsdGVkX19BC/tYWwMNxgeCQMDtM1ASFKNMDqfGIqA= HTTP/1.1" 200 26
200.118.16.147 - - [30/Sep/2023:17:05:29 -0500] "POST /sipse/faces/presentacion/financiero/solicitudProceso/consultarSolicitudProceso.xhtml HTTP/1.1" 200 1886667
172.22.2.4 - - [30/Sep/2023:17:06:05 -0500] "GET /BLA/boletinlegal/Circulares/2011/Circular%20No.%202%20del%2031%20de%20Mayo%20de%202011.pdf HTTP/1.1" 200 496778
216.245.221.92 - - [30/Sep/2023:17:06:39 -0500] "HEAD / HTTP/1.1" 200 -
172.22.2.4 - - [30/Sep/2023:17:05:10 -0500] "HEAD /BLA/boletinlegal/ HTTP/1.1" 200 -
172.22.2.4 - - [30/Sep/2023:17:06:01 -0500] "GET /BLA/boletinlegal/ HTTP/1.1" 200 57790
201.245.192.253 - - [30/Sep/2023:17:09:49 -0500] "POST /kwsrmcab/Wsrmcab  HTTP/1.1" 200 43477
51.159.195.16 - - [30/Sep/2023:17:09:54 -0500] "GET /calidad-del-aire-de-bogota-influenciada-por-factores-externos-e-inversiones-termicas.html HTTP/1.1" 200 775
51.159.195.16 - - [30/Sep/2023:17:10:03 -0500] "GET /por-disposicion-ilegal-de-residuos-y-contaminar-el-aire-secretaria-de-ambiente-impuso-medidas-preventivas-a-industria-en-suba.html HTTP/1.1" 200 945
51.159.195.16 - - [30/Sep/2023:17:10:06 -0500] "GET /distrito-avanza-con-la-plantacion-de-arboles-186-nuevos-individuos-fueron-sembrados-en-el-humedal-capellania.htm HTTP/1.1" 404 1034
172.22.2.4 - - [30/Sep/2023:17:08:26 -0500] "GET /BLA/boletinlegal/ HTTP/1.1" 200 62286
51.159.195.16 - - [30/Sep/2023:17:10:06 -0500] "GET /semana-bogota-reverdece-135-nuevos-arboles-para-el-humedal-la-conejera.html HTTP/1.1" 200 814
212.129.57.169 - - [30/Sep/2023:17:10:07 -0500] "GET /predominan-condiciones-moderadas-de-calidad-del-aire-en-bogota.html HTTP/1.1" 200 883
51.159.194.199 - - [30/Sep/2023:17:10:08 -0500] "GET /proximo-4-de-octubre-simulacro-distrital-de-evacuacion-dia-y-noche.html HTTP/1.1" 200 783
51.159.195.16 - - [30/Sep/2023:17:10:14 -0500] "GET /monjita-bogotana-ave-representativa-de-los-humedales-de-la-ciudad.html HTTP/1.1" 200 841
172.22.2.4 - - [30/Sep/2023:17:11:04 -0500] "GET /BLA/boletinlegal/ecp/Current/exporttool/microsoft.exchange.ediscovery.exporttool.application HTTP/1.1" 404 1018
173.252.83.7 - - [30/Sep/2023:17:11:19 -0500] "GET /images/Acuerdos%2001%20(1)%20(1).jpeg HTTP/1.1" 200 32884
216.245.221.92 - - [30/Sep/2023:17:11:39 -0500] "HEAD / HTTP/1.1" 200 -
54.237.80.19 - - [30/Sep/2023:17:11:41 -0500] "GET /proximo-4-de-octubre-simulacro-distrital-de-evacuacion-dia-y-noche.html HTTP/1.1" 200 783
186.102.78.35 - - [30/Sep/2023:17:11:47 -0500] "GET /kwssiamovil/sm/ldap/au?x=U2FsdGVkX1+qysDys7MLiCGd1cJr0G6Tq57GEFpZ/ylkPhp345cSZT2jR7jn6juPXAoafiwJSNVL4pwBYeowWQ==&y=U2FsdGVkX1+PEa13pgCZHqB7kY/INAhfCVsKbryt3o/1TX+gbtQ0SV1hKtsjd37Q HTTP/1.1" 200 30
186.102.78.35 - - [30/Sep/2023:17:11:48 -0500] "GET /kwssiamovil/sm/acme/s?s=U2FsdGVkX1/aPgmKeU0JFvKrgsTzn3muCJQalWqXtlZ8qcvZipiuLbvT1HAOTmuhybHXgtIAlmTxU10JQmavtoa4UgKGH6Fwp+mdrQ5A+Fs=&u=U2FsdGVkX1+lwCj3kMi2f2nUQ12VZINQHhvKhTFNX6YrZrFKlVoSndpoNvyguXKi&y=U2FsdGVkX1+PEa13pgCZHqB7kY/INAhfCVsKbryt3o/1TX+gbtQ0SV1hKtsjd37Q HTTP/1.1" 200 97
