186.102.89.58 - - [02/Oct/2023:08:05:53 -0500] "GET /kwssiamovil/sm/ldap/au?x=U2FsdGVkX18lutiDlgex020LUF4y4BO7cdSD6ycMQzJ/jRqZBzjbROlzdBgrlJol&y=U2FsdGVkX18S2E5qMdGLzrPbiVEHhtUOeukw42TyD5c= HTTP/1.1" 200 31
186.102.89.58 - - [02/Oct/2023:08:05:57 -0500] "GET /kwssiamovil/sm/ldap/au?x=U2FsdGVkX1/d2RKAap2zHa9vjoQuFFLifcTifAQP2DDP56gAtZZr+6RNmPOkzPLJ&y=U2FsdGVkX182nFa26epuLQLt7n8u7eDVbYiDAzBc4h0= HTTP/1.1" 200 31
186.102.89.58 - - [02/Oct/2023:08:06:05 -0500] "GET /kwssiamovil/sm/ldap/au?x=U2FsdGVkX1+XHnm4KZTnXzOSckr/VHyQgf8OL2LXTbCd1o54iKMjzX5Uh7OypJ6T&y=U2FsdGVkX19IJhsWg6ZDTFJI8s4pzGDniiOXWacQczs= HTTP/1.1" 200 30
186.102.89.58 - - [02/Oct/2023:08:06:05 -0500] "GET /kwssiamovil/sm/acme/s?s=U2FsdGVkX19uyCfV/u76d9Ek40fFCP2CELEjufVaohfsDTVFR/ykSDbRnU++ZGqOGMAYCagEqlxvassx5rhP1vcJEOn5tOiStuEGSp4e1YA=&u=U2FsdGVkX1+nHwZ3K7S8ujMi9iVMxui1yWIgLjPCoD4=&y=U2FsdGVkX19IJhsWg6ZDTFJI8s4pzGDniiOXWacQczs= HTTP/1.1" 200 97
186.102.89.58 - - [02/Oct/2023:08:06:06 -0500] "GET /kwssiamovil/sm/acme/s?s=U2FsdGVkX18ITOphsc8/xPH0kUjbNaGMcdurRh+195ljCcHJCrHq2NQWxQ2nFHs6dk/ehyYR9hin5Hf6b5QG6jK4mGjMqwJClrfai/5h3H20QdZGyJ2RCfQhPz6S0DzoOEdOPOziD7LK9YGDEkE8x+VmeUKVQvEIa8XFtwfWmaJtUNaXzDv7R60eFQYwqWM01jI3iEU5xUM0qiGvvF9+51FZX+5w2UIKXyS6mTrlgJsxHxTx7gfI/7xJ0u+ofepfNXZq0H6uD5S7dYgeC9dp/Pce7ukLvvQ9sNflmERF96g2KW6L1SngP8+uGkNDoY2GCmWnG5SUjGSsQJ0awddhpGeWSellkWVYAg4OSBmfyZzRi2socJAMNa7lNweP6us7jd9m1fjyEpRp2P3vgUmlVkeThK6dHtNRQ9lsRAnOSSBAs9Eo77LLsFmSOebY+UaDaF9I2Ju9A+OPsNKo9qBlq56HC+3ICOEYLUGZ3zwy71IZBJJfVmFJk958vZz3b9Le3jbb5xiam7I8teiSJymgYDBWvinGULaVgK5/rf9baOzq3X13enKX9HSpsA5YVG6zTvT+Ayxj069bqCF3GUFgg02mm46XCkNzDuEjeDzpnK40ohkBGcDby36lLQrRUz8AozhQm5c/cGnQv6wH44rhtd1oTRWkTWh9Zgls9zCe2TY/mEW601tNJRvKRA+PpZnUnR//33OtPANunG/TFZ0L3bAYs4V4xy9EMWBcIU2DQVNRRH6sEtHZm/vHwb8HMtPaQg/a3qgWgeQfW+dftyHryahJ2AIeFaYpb6TrWR3wacoO9MPznnavLec1jfHYk+ixtiuFfPrBXzUE0yxTVe/lTLka049QWveYPOIsx0P7efivxY/OWOsIuRdjh7goDP5Ur4BHUc5Txwi/inSPgNE1LiWtl0Gd6pvB2J1fE+A8iBNmbPoKoN7hdTc4DcxtAkYl/fGkXcyTi1WzKPCRB1KIn0Z8MR6WFiVbYr6yto2bTBo1UkIB1ohy8btNT+WoY3hFE351pQS8QTkpzdgXfE+BLK8qxey+StJWN5S4Qr6JtYwJfSMkmchRB9BFXztCHonGRgjIZtI4ROJMRDZrhBveeoSSalEttIUjd2hY/ICgltT6WDdbp0Wy4NRR+jq9MF55gluzx3rniIKdqsE4lxm62LsyGirF0g4TR4WcxSR/qc4cVSuWj95fcoZRu+OxkFNX+xEQKV9hlt9vMIsHhSNvFjW2UMS/Zb6Zy8FDBNUkAPWHWIb4C9bG+WLH6fYXqG/eXA+csQJphVwph78PIlNDpTxkmQDzENVXtwf/x6R+bh2aREn3hMwerMO6WeKDcs2oQHjoPlrp33S5wnHXHVlljbzq3+uRdpqRHzfvqVQ3Lf1XEvMKGktDNbdniseWN60lnCh7+BHkG1SKpL55Pe8NajSORNSUr0WdxtOxRBaVhrU=&u=U2FsdGVkX1+nHwZ3K7S8ujMi9iVMxui1yWIgLjPCoD4=&y=U2FsdGVkX19IJhsWg6ZDTFJI8s4pzGDniiOXWacQczs= HTTP/1.1" 200 7543
186.102.89.58 - - [02/Oct/2023:08:06:06 -0500] "GET /kwssiamovil/sm/acme/s?s=U2FsdGVkX18XUxoke1WlRpYoNnUaakeBT8j+UjxXIRa8fDtGycb9kHbu6rf5Kbt/o9uIm5Fz7spWA7ltyAwbuhn8WZLch9nbJjqKWXCjLrPzPBv64eiaskHslNVb6t9aABRggiLnCerPQLbKfy7J6rQBMC3BUlkMOYeF57uQPcMo3QbLnbG3Kl0GhMXrcSiZqe8dm5Pr9BfCAfSGtPF4in3wvhHeE+AQ8Tf2rQwAr75673o/iAhQlb+UmNesUz4Tn8uuSzGksEamkDbS80j1iWE8b//WntorgmFSzicop1yuzmGfdHsFdnwp+d9KC1fNcevBP8VRoVCoXVYP7YI4Cw==&u=U2FsdGVkX1+nHwZ3K7S8ujMi9iVMxui1yWIgLjPCoD4=&y=U2FsdGVkX19IJhsWg6ZDTFJI8s4pzGDniiOXWacQczs= HTTP/1.1" 200 196
186.102.89.58 - - [02/Oct/2023:08:06:06 -0500] "GET /kwssiamovil/sm/cjson/pre?f=1&x=U2FsdGVkX1+XHnm4KZTnXzOSckr/VHyQgf8OL2LXTbCd1o54iKMjzX5Uh7OypJ6T HTTP/1.1" 200 31032
201.245.192.253 - - [02/Oct/2023:08:06:30 -0500] "POST /forms/lservlet;jsessionid=ac16012b30d61fe4a9ea69424edbac22cd7fb0786fdc.e3iSbxaKaheRe34Pbx8Nc3aQci1ynknvrkLOlQzNp65In0 HTTP/1.1" 200 2
201.245.192.253 - - [02/Oct/2023:08:06:56 -0500] "POST /kwsrmcab/Wsrmcab  HTTP/1.1" 200 43160
201.245.192.253 - - [02/Oct/2023:08:08:30 -0500] "POST /forms/lservlet;jsessionid=ac16012b30d61fe4a9ea69424edbac22cd7fb0786fdc.e3iSbxaKaheRe34Pbx8Nc3aQci1ynknvrkLOlQzNp65In0 HTTP/1.1" 200 2
172.22.2.4 - - [02/Oct/2023:08:07:36 -0500] "HEAD /BLA/boletinlegal/ HTTP/1.1" 200 -
201.245.192.253 - - [02/Oct/2023:08:09:24 -0500] "GET /appsia/controlador HTTP/1.1" 200 4799
201.245.192.253 - - [02/Oct/2023:08:09:24 -0500] "GET /appsia/css/estilos.css HTTP/1.1" 200 4804
201.245.192.253 - - [02/Oct/2023:08:09:24 -0500] "GET /appsia/scripts/validarIngreso.js HTTP/1.1" 200 851
201.245.192.253 - - [02/Oct/2023:08:09:24 -0500] "GET /appsia/images/logo_bogota_p.png HTTP/1.1" 200 14951
201.245.192.253 - - [02/Oct/2023:08:09:24 -0500] "GET /appsia/images/cabezoteHojaVida.png HTTP/1.1" 200 32493
201.245.192.253 - - [02/Oct/2023:08:09:24 -0500] "GET /favicon.ico HTTP/1.1" 200 7782
201.245.192.253 - - [02/Oct/2023:08:09:29 -0500] "POST /appsia/controlador HTTP/1.1" 200 5437
201.245.192.253 - - [02/Oct/2023:08:09:31 -0500] "POST /appsia/controlador HTTP/1.1" 200 7771
201.245.192.253 - - [02/Oct/2023:08:09:36 -0500] "POST /appsia/controlador HTTP/1.1" 200 6636
201.245.192.253 - - [02/Oct/2023:08:09:38 -0500] "POST /appsia/controlador HTTP/1.1" 200 10207
201.245.192.253 - - [02/Oct/2023:08:09:39 -0500] "POST /appsia/controlador HTTP/1.1" 200 75819
201.245.192.253 - - [02/Oct/2023:08:09:42 -0500] "GET /sipse/faces/index.xhtml HTTP/1.1" 200 677
201.245.192.253 - - [02/Oct/2023:08:09:43 -0500] "GET /sipse/faces/javax.faces.resource/theme.css?ln=primefaces-sipse HTTP/1.1" 304 -
201.245.192.253 - - [02/Oct/2023:08:09:43 -0500] "GET /sipse/faces/faces/autenticacion.xhtml HTTP/1.1" 200 12410
201.245.192.253 - - [02/Oct/2023:08:09:43 -0500] "GET /sipse/js/disable_browser_buttons.js HTTP/1.1" 304 -
201.245.192.253 - - [02/Oct/2023:08:09:43 -0500] "GET /sipse/js/funciones.js HTTP/1.1" 304 -
201.245.192.253 - - [02/Oct/2023:08:09:43 -0500] "GET /sipse/css/custom_css_sg.css HTTP/1.1" 304 -
201.245.192.253 - - [02/Oct/2023:08:09:43 -0500] "GET /sipse/css/custom_css_sg_prime_login.css HTTP/1.1" 304 -
201.245.192.253 - - [02/Oct/2023:08:09:43 -0500] "GET /sipse/faces/javax.faces.resource/layout/layout.css?ln=primefaces&v=4.0 HTTP/1.1" 304 -
201.245.192.253 - - [02/Oct/2023:08:09:43 -0500] "GET /sipse/faces/javax.faces.resource/primefaces.css?ln=primefaces&v=4.0 HTTP/1.1" 304 -
201.245.192.253 - - [02/Oct/2023:08:09:43 -0500] "GET /sipse/faces/javax.faces.resource/jquery/jquery.js?ln=primefaces&v=4.0 HTTP/1.1" 304 -
201.245.192.253 - - [02/Oct/2023:08:09:43 -0500] "GET /sipse/faces/javax.faces.resource/theme.css?ln=primefaces-sipse HTTP/1.1" 304 -
201.245.192.253 - - [02/Oct/2023:08:09:43 -0500] "GET /sipse/faces/javax.faces.resource/jquery/jquery-plugins.js?ln=primefaces&v=4.0 HTTP/1.1" 304 -
201.245.192.253 - - [02/Oct/2023:08:09:43 -0500] "GET /sipse/faces/javax.faces.resource/primefaces.js?ln=primefaces&v=4.0 HTTP/1.1" 304 -
201.245.192.253 - - [02/Oct/2023:08:09:43 -0500] "GET /sipse/faces/javax.faces.resource/layout/layout.js?ln=primefaces&v=4.0 HTTP/1.1" 304 -
216.245.221.92 - - [02/Oct/2023:08:09:43 -0500] "HEAD / HTTP/1.1" 200 -
201.245.192.253 - - [02/Oct/2023:08:09:43 -0500] "GET /sipse/css/imagen/loginimg.png HTTP/1.1" 304 -
201.245.192.253 - - [02/Oct/2023:08:09:43 -0500] "GET /sipse/css/imagen/logoSDG.png HTTP/1.1" 304 -
201.245.192.253 - - [02/Oct/2023:08:09:43 -0500] "GET /sipse/faces/javax.faces.resource/images/ui-icons_898989_256x240.png?ln=primefaces-aristo HTTP/1.1" 304 -
201.245.192.253 - - [02/Oct/2023:08:09:48 -0500] "POST /sipse/faces/autenticacion.xhtml HTTP/1.1" 200 16815
201.245.192.253 - - [02/Oct/2023:08:09:48 -0500] "GET /sipse/css/custom_css_sg_prime.css HTTP/1.1" 304 -
201.245.192.253 - - [02/Oct/2023:08:09:48 -0500] "GET /sipse/faces/javax.faces.resource/primefaces.css?ln=primefaces&v=4.0 HTTP/1.1" 304 -
201.245.192.253 - - [02/Oct/2023:08:09:48 -0500] "GET /sipse/faces/javax.faces.resource/theme.css?ln=primefaces-sipse HTTP/1.1" 304 -
201.245.192.253 - - [02/Oct/2023:08:09:48 -0500] "GET /sipse/faces/javax.faces.resource/layout/layout.css?ln=primefaces&v=4.0 HTTP/1.1" 304 -
201.245.192.253 - - [02/Oct/2023:08:09:48 -0500] "GET /sipse/js/jquery.min.js HTTP/1.1" 304 -
201.245.192.253 - - [02/Oct/2023:08:09:48 -0500] "GET /sipse/faces/javax.faces.resource/jquery/jquery.js?ln=primefaces&v=4.0 HTTP/1.1" 304 -
201.245.192.253 - - [02/Oct/2023:08:09:48 -0500] "GET /sipse/faces/javax.faces.resource/jquery/jquery-plugins.js?ln=primefaces&v=4.0 HTTP/1.1" 304 -
201.245.192.253 - - [02/Oct/2023:08:09:48 -0500] "GET /sipse/faces/javax.faces.resource/primefaces.js?ln=primefaces&v=4.0 HTTP/1.1" 304 -
201.245.192.253 - - [02/Oct/2023:08:09:48 -0500] "GET /sipse/faces/javax.faces.resource/layout/layout.js?ln=primefaces&v=4.0 HTTP/1.1" 304 -
201.245.192.253 - - [02/Oct/2023:08:09:48 -0500] "GET /sipse/css/v_mergente.css HTTP/1.1" 304 -
201.245.192.253 - - [02/Oct/2023:08:09:48 -0500] "GET /sipse/imagenes/logoAplicacion.jpg HTTP/1.1" 304 -
201.245.192.253 - - [02/Oct/2023:08:09:48 -0500] "GET /sipse/imagenes/cargando.gif HTTP/1.1" 304 -
201.245.192.253 - - [02/Oct/2023:08:09:48 -0500] "GET /sipse/css/imagen/contrasena.png HTTP/1.1" 404 383
201.245.192.253 - - [02/Oct/2023:08:09:48 -0500] "GET /sipse/faces/javax.faces.resource/messages/messages.png?ln=primefaces&v=4.0 HTTP/1.1" 304 -
201.245.192.253 - - [02/Oct/2023:08:09:50 -0500] "GET /sipse/faces/javax.faces.resource/images/ui-bg_flat_0_2d5972_40x100.png?ln=primefaces-aristo HTTP/1.1" 304 -
201.245.192.253 - - [02/Oct/2023:08:09:50 -0500] "POST /sipse/faces/bienvenido.xhtml HTTP/1.1" 200 2658
201.245.192.253 - - [02/Oct/2023:08:09:51 -0500] "POST /sipse/faces/bienvenido.xhtml HTTP/1.1" 200 33067
201.245.192.253 - - [02/Oct/2023:08:09:51 -0500] "GET /sipse/faces/javax.faces.resource/primefaces.css?ln=primefaces&v=4.0 HTTP/1.1" 304 -
201.245.192.253 - - [02/Oct/2023:08:09:51 -0500] "GET /sipse/faces/javax.faces.resource/theme.css?ln=primefaces-sipse HTTP/1.1" 304 -
201.245.192.253 - - [02/Oct/2023:08:09:51 -0500] "GET /sipse/faces/javax.faces.resource/layout/layout.css?ln=primefaces&v=4.0 HTTP/1.1" 304 -
201.245.192.253 - - [02/Oct/2023:08:09:51 -0500] "GET /sipse/faces/javax.faces.resource/jquery/jquery.js?ln=primefaces&v=4.0 HTTP/1.1" 304 -
201.245.192.253 - - [02/Oct/2023:08:09:51 -0500] "GET /sipse/faces/javax.faces.resource/jquery/jquery-plugins.js?ln=primefaces&v=4.0 HTTP/1.1" 304 -
201.245.192.253 - - [02/Oct/2023:08:09:51 -0500] "GET /sipse/faces/javax.faces.resource/primefaces.js?ln=primefaces&v=4.0 HTTP/1.1" 304 -
201.245.192.253 - - [02/Oct/2023:08:09:51 -0500] "GET /sipse/faces/javax.faces.resource/layout/layout.js?ln=primefaces&v=4.0 HTTP/1.1" 304 -
201.245.192.253 - - [02/Oct/2023:08:09:51 -0500] "POST /sipse/faces/presentacion/financiero/solicitudProceso/listarSolicitudProceso.xhtml HTTP/1.1" 200 1368
201.245.192.253 - - [02/Oct/2023:08:09:53 -0500] "POST /sipse/faces/presentacion/financiero/solicitudProceso/listarSolicitudProceso.xhtml HTTP/1.1" 200 184
201.245.192.253 - - [02/Oct/2023:08:09:53 -0500] "POST /sipse/faces/presentacion/financiero/solicitudProceso/listarSolicitudProceso.xhtml HTTP/1.1" 200 184
201.245.192.253 - - [02/Oct/2023:08:09:53 -0500] "GET /sipse/faces/presentacion/financiero/solicitudAnulacion/solicitudAnulacion.xhtml HTTP/1.1" 200 22720
201.245.192.253 - - [02/Oct/2023:08:09:53 -0500] "GET /sipse/faces/presentacion/financiero/solicitudAnulacion/solicitudAnulacion.xhtml HTTP/1.1" 200 33616
201.245.192.253 - - [02/Oct/2023:08:09:53 -0500] "GET /sipse/faces/javax.faces.resource/primefaces.css?ln=primefaces&v=4.0 HTTP/1.1" 304 -
201.245.192.253 - - [02/Oct/2023:08:09:53 -0500] "GET /sipse/faces/javax.faces.resource/jquery/jquery-plugins.js?ln=primefaces&v=4.0 HTTP/1.1" 304 -
201.245.192.253 - - [02/Oct/2023:08:09:53 -0500] "GET /sipse/faces/javax.faces.resource/primefaces.js?ln=primefaces&v=4.0 HTTP/1.1" 304 -
201.245.192.253 - - [02/Oct/2023:08:09:53 -0500] "GET /sipse/faces/javax.faces.resource/theme.css?ln=primefaces-sipse HTTP/1.1" 304 -
201.245.192.253 - - [02/Oct/2023:08:09:53 -0500] "GET /sipse/faces/javax.faces.resource/layout/layout.css?ln=primefaces&v=4.0 HTTP/1.1" 304 -
201.245.192.253 - - [02/Oct/2023:08:09:53 -0500] "GET /sipse/faces/javax.faces.resource/jquery/jquery.js?ln=primefaces&v=4.0 HTTP/1.1" 304 -
201.245.192.253 - - [02/Oct/2023:08:09:53 -0500] "GET /sipse/faces/javax.faces.resource/layout/layout.js?ln=primefaces&v=4.0 HTTP/1.1" 304 -
201.245.192.253 - - [02/Oct/2023:08:09:53 -0500] "POST /sipse/faces/presentacion/financiero/solicitudAnulacion/solicitudAnulacion.xhtml HTTP/1.1" 200 12481
201.245.192.253 - - [02/Oct/2023:08:09:55 -0500] "GET /sipse/faces/javax.faces.resource/images/ui-icons_898989_256x240.png?ln=primefaces-aristo HTTP/1.1" 304 -
201.245.192.253 - - [02/Oct/2023:08:09:55 -0500] "POST /sipse/faces/presentacion/financiero/solicitudAnulacion/solicitudAnulacion.xhtml HTTP/1.1" 200 46992
201.245.192.253 - - [02/Oct/2023:08:09:56 -0500] "GET /sipse/faces/javax.faces.resource/layout/layout.css?ln=primefaces&v=4.0 HTTP/1.1" 304 -
201.245.192.253 - - [02/Oct/2023:08:09:56 -0500] "GET /sipse/faces/javax.faces.resource/primefaces.css?ln=primefaces&v=4.0 HTTP/1.1" 304 -
201.245.192.253 - - [02/Oct/2023:08:09:56 -0500] "GET /sipse/faces/javax.faces.resource/fileupload/fileupload.css?ln=primefaces&v=4.0 HTTP/1.1" 304 -
201.245.192.253 - - [02/Oct/2023:08:09:56 -0500] "GET /sipse/faces/javax.faces.resource/theme.css?ln=primefaces-sipse HTTP/1.1" 304 -
201.245.192.253 - - [02/Oct/2023:08:09:56 -0500] "GET /sipse/faces/javax.faces.resource/jquery/jquery.js?ln=primefaces&v=4.0 HTTP/1.1" 304 -
201.245.192.253 - - [02/Oct/2023:08:09:56 -0500] "GET /sipse/faces/javax.faces.resource/jquery/jquery-plugins.js?ln=primefaces&v=4.0 HTTP/1.1" 304 -
201.245.192.253 - - [02/Oct/2023:08:09:56 -0500] "GET /sipse/faces/javax.faces.resource/primefaces.js?ln=primefaces&v=4.0 HTTP/1.1" 304 -
201.245.192.253 - - [02/Oct/2023:08:09:56 -0500] "GET /sipse/faces/javax.faces.resource/layout/layout.js?ln=primefaces&v=4.0 HTTP/1.1" 304 -
201.245.192.253 - - [02/Oct/2023:08:09:56 -0500] "GET /sipse/faces/javax.faces.resource/fileupload/fileupload.js?ln=primefaces&v=4.0 HTTP/1.1" 304 -
172.22.2.4 - - [02/Oct/2023:08:09:57 -0500] "GET /BLA/boletinlegal/actos.php HTTP/1.1" 200 9682
172.22.2.4 - - [02/Oct/2023:08:09:57 -0500] "GET /BLA/boletinlegal/styles2.css HTTP/1.1" 200 1838
172.22.2.4 - - [02/Oct/2023:08:09:57 -0500] "GET /BLA/boletinlegal/niceforms-default.css HTTP/1.1" 200 6694
172.22.2.4 - - [02/Oct/2023:08:09:57 -0500] "GET /BLA/boletinlegal/style.css HTTP/1.1" 200 9406
172.22.2.4 - - [02/Oct/2023:08:09:57 -0500] "GET /BLA/boletinlegal/js/ajax_actos.js HTTP/1.1" 200 1322
172.22.2.4 - - [02/Oct/2023:08:09:57 -0500] "GET /BLA/boletinlegal/niceforms.js HTTP/1.1" 200 22876
172.22.2.4 - - [02/Oct/2023:08:09:57 -0500] "GET /BLA/boletinlegal/js/popup.js HTTP/1.1" 200 1270
172.22.2.4 - - [02/Oct/2023:08:09:57 -0500] "GET /BLA/boletinlegal/js/jquery1.js HTTP/1.1" 200 29846
172.22.2.4 - - [02/Oct/2023:08:09:57 -0500] "GET /BLA/boletinlegal/js/lib.js HTTP/1.1" 200 6474
172.22.2.4 - - [02/Oct/2023:08:09:57 -0500] "GET /BLA/boletinlegal/images/cabezote%20BLEGAL.jpg HTTP/1.1" 200 118164
172.22.2.4 - - [02/Oct/2023:08:09:58 -0500] "GET /BLA/boletinlegal/images/subscribe-icon-big.png HTTP/1.1" 200 47702
172.22.2.4 - - [02/Oct/2023:08:09:58 -0500] "GET /BLA/boletinlegal/images/green-yellow-blue-pink-th.png HTTP/1.1" 200 7394
172.22.2.4 - - [02/Oct/2023:08:09:58 -0500] "GET /BLA/boletinlegal/images/historia.png HTTP/1.1" 200 52775
172.22.2.4 - - [02/Oct/2023:08:09:58 -0500] "GET /BLA/boletinlegal/images/registro-usuarios.png HTTP/1.1" 200 8106
172.22.2.4 - - [02/Oct/2023:08:09:58 -0500] "GET /BLA/boletinlegal/images/tel.png HTTP/1.1" 200 14477
172.22.2.4 - - [02/Oct/2023:08:09:58 -0500] "GET /BLA/boletinlegal/images/icono-email.png HTTP/1.1" 200 5544
172.22.2.4 - - [02/Oct/2023:08:09:58 -0500] "GET /BLA/boletinlegal/images/menu_lft.gif HTTP/1.1" 200 1713
172.22.2.4 - - [02/Oct/2023:08:09:58 -0500] "GET /BLA/boletinlegal/images/body_bg.jpg HTTP/1.1" 200 1601
172.22.2.4 - - [02/Oct/2023:08:09:58 -0500] "GET /BLA/boletinlegal/images/menu_rght.gif HTTP/1.1" 200 1627
172.22.2.4 - - [02/Oct/2023:08:09:58 -0500] "GET /BLA/boletinlegal/images/bg_top.jpg HTTP/1.1" 200 522
172.22.2.4 - - [02/Oct/2023:08:09:58 -0500] "GET /BLA/boletinlegal/images/menu_bg.jpg HTTP/1.1" 200 620
172.22.2.4 - - [02/Oct/2023:08:09:58 -0500] "GET /BLA/boletinlegal/images/hover.jpg HTTP/1.1" 200 640
172.22.2.4 - - [02/Oct/2023:08:09:58 -0500] "GET /BLA/boletinlegal/images/text.jpg HTTP/1.1" 200 568
172.22.2.4 - - [02/Oct/2023:08:09:58 -0500] "GET /BLA/boletinlegal/images/footer_bg.jpg HTTP/1.1" 200 586
172.22.2.4 - - [02/Oct/2023:08:09:58 -0500] "GET /BLA/boletinlegal/images/footer_bg_l.jpg HTTP/1.1" 200 776
172.22.2.4 - - [02/Oct/2023:08:09:58 -0500] "GET /BLA/boletinlegal/img/0.png HTTP/1.1" 200 110
172.22.2.4 - - [02/Oct/2023:08:09:58 -0500] "GET /BLA/boletinlegal/img/select-left.png HTTP/1.1" 200 263
172.22.2.4 - - [02/Oct/2023:08:09:58 -0500] "GET /BLA/boletinlegal/img/select-right.png HTTP/1.1" 200 44019
172.22.2.4 - - [02/Oct/2023:08:09:58 -0500] "GET /BLA/boletinlegal/img/button-left.png HTTP/1.1" 200 57071
172.22.2.4 - - [02/Oct/2023:08:09:58 -0500] "GET /BLA/boletinlegal/img/button-right.png HTTP/1.1" 200 57878
172.22.2.4 - - [02/Oct/2023:08:09:58 -0500] "GET /BLA/boletinlegal/img/button.png HTTP/1.1" 200 43241
172.22.2.4 - - [02/Oct/2023:08:09:58 -0500] "GET /BLA/boletinlegal/favicon.ico HTTP/1.1" 404 1326
201.245.192.253 - - [02/Oct/2023:08:10:03 -0500] "POST /sipse/faces/presentacion/financiero/solicitudAnulacion/registrarSolicitudAnulacion.xhtml HTTP/1.1" 200 3409
172.22.2.4 - - [02/Oct/2023:08:08:27 -0500] "GET /BLA/boletinlegal/ HTTP/1.1" 200 57790
201.245.192.253 - - [02/Oct/2023:08:10:13 -0500] "POST /appsia/controlador HTTP/1.1" 200 7771
172.22.2.4 - - [02/Oct/2023:08:10:14 -0500] "GET /BLA/boletinlegal/consulta_actos.php?tipo=resoluciones&no=0985&usuario=&sector=&fecha=2021&resuelve= HTTP/1.1" 200 1301
172.22.2.4 - - [02/Oct/2023:08:10:14 -0500] "GET /BLA/boletinlegal/consulta_actos.php?tipo=resoluciones&no=0985&usuario=&sector=&fecha=2021&resuelve= HTTP/1.1" 200 1301
172.22.2.4 - - [02/Oct/2023:08:10:14 -0500] "GET /BLA/boletinlegal/images/pdf.gif HTTP/1.1" 200 567
201.245.192.253 - - [02/Oct/2023:08:10:15 -0500] "POST /appsia/controlador HTTP/1.1" 200 5437
186.84.90.10 - - [02/Oct/2023:08:10:16 -0500] "GET /BLA/resoluciones/RESOLUCIONES%202021/0985.pdf HTTP/1.1" 200 860341
201.245.192.253 - - [02/Oct/2023:08:10:16 -0500] "POST /appsia/controlador HTTP/1.1" 200 4799
186.84.90.10 - - [02/Oct/2023:08:10:17 -0500] "GET /favicon.ico HTTP/1.1" 200 7782
201.245.192.253 - - [02/Oct/2023:08:10:30 -0500] "POST /forms/lservlet;jsessionid=ac16012b30d61fe4a9ea69424edbac22cd7fb0786fdc.e3iSbxaKaheRe34Pbx8Nc3aQci1ynknvrkLOlQzNp65In0 HTTP/1.1" 200 2
172.22.2.4 - - [02/Oct/2023:08:10:41 -0500] "GET /BLA/boletinlegal/styles2.css HTTP/1.1" 200 1838
172.22.2.4 - - [02/Oct/2023:08:10:41 -0500] "GET /BLA/boletinlegal/style.css HTTP/1.1" 200 9406
172.22.2.4 - - [02/Oct/2023:08:10:41 -0500] "GET /BLA/boletinlegal/js/jquery.scrollTo-min.js HTTP/1.1" 200 1150
172.22.2.4 - - [02/Oct/2023:08:10:41 -0500] "GET /BLA/boletinlegal/js/jquery.scrollShow.js HTTP/1.1" 200 4586
172.22.2.4 - - [02/Oct/2023:08:10:41 -0500] "GET /BLA/boletinlegal/js/jquery.js HTTP/1.1" 200 57254
172.22.2.4 - - [02/Oct/2023:08:10:41 -0500] "GET /BLA/boletinlegal/images/cabezote%20BLEGAL.jpg HTTP/1.1" 200 118164
172.22.2.4 - - [02/Oct/2023:08:10:41 -0500] "GET /BLA/boletinlegal/images/subscribe-icon-big.png HTTP/1.1" 200 47702
172.22.2.4 - - [02/Oct/2023:08:10:41 -0500] "GET /BLA/boletinlegal/images/historia.png HTTP/1.1" 200 52775
172.22.2.4 - - [02/Oct/2023:08:10:41 -0500] "GET /BLA/boletinlegal/images/registro-usuarios.png HTTP/1.1" 200 8106
172.22.2.4 - - [02/Oct/2023:08:10:41 -0500] "GET /BLA/boletinlegal/images/arr_l.jpg HTTP/1.1" 200 1979
172.22.2.4 - - [02/Oct/2023:08:10:41 -0500] "GET /BLA/boletinlegal/images/screen_1.png HTTP/1.1" 200 202547
172.22.2.4 - - [02/Oct/2023:08:10:41 -0500] "GET /BLA/boletinlegal/images/launch.jpg HTTP/1.1" 200 14577
172.22.2.4 - - [02/Oct/2023:08:10:42 -0500] "GET /BLA/boletinlegal/actos.php HTTP/1.1" 200 9682
172.22.2.4 - - [02/Oct/2023:08:10:43 -0500] "GET /BLA/boletinlegal/niceforms.js HTTP/1.1" 200 22876
172.22.2.4 - - [02/Oct/2023:08:10:43 -0500] "GET /BLA/boletinlegal/niceforms-default.css HTTP/1.1" 200 6694
172.22.2.4 - - [02/Oct/2023:08:10:43 -0500] "GET /BLA/boletinlegal/js/lib.js HTTP/1.1" 200 6474
172.22.2.4 - - [02/Oct/2023:08:10:43 -0500] "GET /BLA/boletinlegal/js/popup.js HTTP/1.1" 200 1270
172.22.2.4 - - [02/Oct/2023:08:10:43 -0500] "GET /BLA/boletinlegal/js/jquery1.js HTTP/1.1" 200 29846
172.22.2.4 - - [02/Oct/2023:08:10:43 -0500] "GET /BLA/boletinlegal/js/ajax_actos.js HTTP/1.1" 200 1322
172.22.2.4 - - [02/Oct/2023:08:10:43 -0500] "GET /BLA/boletinlegal/images/green-yellow-blue-pink-th.png HTTP/1.1" 200 7394
172.22.2.4 - - [02/Oct/2023:08:10:43 -0500] "GET /BLA/boletinlegal/images/tel.png HTTP/1.1" 200 14477
172.22.2.4 - - [02/Oct/2023:08:10:43 -0500] "GET /BLA/boletinlegal/images/icono-email.png HTTP/1.1" 200 5544
172.22.2.4 - - [02/Oct/2023:08:10:43 -0500] "GET /BLA/boletinlegal/images/body_bg.jpg HTTP/1.1" 200 1601
172.22.2.4 - - [02/Oct/2023:08:10:43 -0500] "GET /BLA/boletinlegal/images/menu_lft.gif HTTP/1.1" 200 1713
172.22.2.4 - - [02/Oct/2023:08:10:43 -0500] "GET /BLA/boletinlegal/images/menu_rght.gif HTTP/1.1" 200 1627
172.22.2.4 - - [02/Oct/2023:08:10:43 -0500] "GET /BLA/boletinlegal/images/bg_top.jpg HTTP/1.1" 200 522
172.22.2.4 - - [02/Oct/2023:08:10:43 -0500] "GET /BLA/boletinlegal/images/menu_bg.jpg HTTP/1.1" 200 620
172.22.2.4 - - [02/Oct/2023:08:10:43 -0500] "GET /BLA/boletinlegal/images/hover.jpg HTTP/1.1" 200 640
172.22.2.4 - - [02/Oct/2023:08:10:43 -0500] "GET /BLA/boletinlegal/images/text.jpg HTTP/1.1" 200 568
172.22.2.4 - - [02/Oct/2023:08:10:43 -0500] "GET /BLA/boletinlegal/images/footer_bg.jpg HTTP/1.1" 200 586
172.22.2.4 - - [02/Oct/2023:08:10:43 -0500] "GET /BLA/boletinlegal/images/footer_bg_l.jpg HTTP/1.1" 200 776
172.22.2.4 - - [02/Oct/2023:08:10:43 -0500] "GET /BLA/boletinlegal/img/0.png HTTP/1.1" 200 110
172.22.2.4 - - [02/Oct/2023:08:10:43 -0500] "GET /BLA/boletinlegal/img/select-left.png HTTP/1.1" 200 263
172.22.2.4 - - [02/Oct/2023:08:10:43 -0500] "GET /BLA/boletinlegal/img/select-right.png HTTP/1.1" 200 44019
172.22.2.4 - - [02/Oct/2023:08:10:43 -0500] "GET /BLA/boletinlegal/img/button-left.png HTTP/1.1" 200 57071
172.22.2.4 - - [02/Oct/2023:08:10:43 -0500] "GET /BLA/boletinlegal/img/button.png HTTP/1.1" 200 43241
172.22.2.4 - - [02/Oct/2023:08:10:43 -0500] "GET /BLA/boletinlegal/img/button-right.png HTTP/1.1" 200 57878
172.22.2.4 - - [02/Oct/2023:08:10:43 -0500] "GET /BLA/boletinlegal/favicon.ico HTTP/1.1" 404 1326
172.22.2.4 - - [02/Oct/2023:08:10:49 -0500] "GET /BLA/boletinlegal/images/screen_2.png HTTP/1.1" 200 362502
172.22.2.4 - - [02/Oct/2023:08:10:49 -0500] "GET /BLA/boletinlegal/images/screen_5.png HTTP/1.1" 200 368876
172.22.2.4 - - [02/Oct/2023:08:10:49 -0500] "GET /BLA/boletinlegal/images/arr_r.jpg HTTP/1.1" 200 1998
172.22.2.4 - - [02/Oct/2023:08:10:49 -0500] "GET /BLA/boletinlegal/images/screen_3.png HTTP/1.1" 200 210620
172.22.2.4 - - [02/Oct/2023:08:10:55 -0500] "GET /BLA/boletinlegal/consulta_actos.php?tipo=resoluciones&no=5308&usuario=&sector=&fecha=2021&resuelve= HTTP/1.1" 200 1101
172.22.2.4 - - [02/Oct/2023:08:10:55 -0500] "GET /BLA/boletinlegal/images/pdf.gif HTTP/1.1" 200 567
201.245.192.253 - - [02/Oct/2023:08:10:58 -0500] "GET /BLA/resoluciones/RESOLUCIONES%202021/5308.pdf HTTP/1.1" 200 619237
168.119.253.11 - - [02/Oct/2023:08:11:38 -0500] "GET / HTTP/1.1" 200 319
168.119.253.11 - - [02/Oct/2023:08:11:38 -0500] "GET / HTTP/1.1" 200 4720
201.245.192.253 - - [02/Oct/2023:08:11:55 -0500] "POST /kwsrmcab/Wsrmcab  HTTP/1.1" 200 43160
52.167.144.23 - - [02/Oct/2023:08:12:19 -0500] "GET /proximo-4-de-octubre-simulacro-distrital-de-evacuacion-dia-y-noche.html HTTP/1.1" 200 783
172.22.2.4 - - [02/Oct/2023:08:10:41 -0500] "GET /BLA/boletinlegal/ HTTP/1.1" 200 62286
201.245.192.253 - - [02/Oct/2023:08:12:30 -0500] "POST /forms/lservlet;jsessionid=ac16012b30d61fe4a9ea69424edbac22cd7fb0786fdc.e3iSbxaKaheRe34Pbx8Nc3aQci1ynknvrkLOlQzNp65In0 HTTP/1.1" 200 2
186.102.59.180 - - [02/Oct/2023:08:13:26 -0500] "OPTIONS /kwssiamovil/sm/setfile/f? HTTP/1.1" 200 13
186.102.59.180 - - [02/Oct/2023:08:13:26 -0500] "POST /kwssiamovil/sm/setfile/f? HTTP/1.1" 200 381
186.102.59.180 - - [02/Oct/2023:08:13:29 -0500] "OPTIONS /kwssiamovil/sm/setfile/f? HTTP/1.1" 200 13
186.102.59.180 - - [02/Oct/2023:08:13:29 -0500] "POST /kwssiamovil/sm/setfile/f? HTTP/1.1" 200 381
186.102.59.180 - - [02/Oct/2023:08:13:39 -0500] "GET /kwssiamovil/sm/acme/a?s=U2FsdGVkX1+0lDHE24jZENDE+Gu1O4MBKVt80DRiboqK/+vKsuo8BLV12ilpSWWByDC4zPx30O644u18Ggsb7HJaQ0s56QbpzxKcfFQBA4OApskNtFXhsCDoCdm9lUQtMSb1zAaE9rUnlGGnVICV+h1kk+NMMf6vTuMG4KVC6DBsm9BTGohYAszPAvidODbZJdluFmwOnrnwUq4niVZ4dowxzDgaHMq9X0iz+ZI8uYkpl1JgS4SAkmUJDSYAzntNFGPFdMCEGxVztg+4bTG1sA==&u=U2FsdGVkX18aUE9oGyTbNjMAnDJHcq+R8GgHzI8XHNE=&y=U2FsdGVkX1+O6Mbd9RvqBezOE+PJ36Kmg5WV1blmPVU= HTTP/1.1" 200 26
186.102.59.180 - - [02/Oct/2023:08:13:39 -0500] "GET /kwssiamovil/sm/acme/a?s=U2FsdGVkX1/xAyHmXhnN9cIhXvf6SbIsQeV92bMbAP7GRwYzpIvC+I4L+zNTsGzMz3V60SyzXQdlNWzuwFQ63Ua0fhI3pJi0L204Wg2IDZdT3xVDINRPLvvv9qVhE88cFbxAt0ugTjqL3js/K/5oYHoSoGuSxbS0PQE+S/qm7CTEyTNIeuEakTmP+6K1IqfKRRraKi/A3PifPHuZ1YDljRpD7E2VJ4N07XIESSr5XFAXsC6zbxb9RsbdAo8cRfODNjz/ZTPrDAEmEbwCvD8KMNbNZuE6fMqQ2O/SC8HMaDSmsK4kd1lVQ1V2KqOTsgurgwe3PVv4uj8+cbYF/3bBSfSuOtvElH7jwHklGObwVx5adjcfMpiOo2YRYbIZenPv3xlYMPfWJC1cjVr/DXMnS5IIfC66P7dudGDKvBrVhBGuZpXBG8awdqG1UsIpDO1MxLkkJNZdBY4+rscy0wCozwfBAFSUsu7PcKRoN6Ce57htXUYZhuj9N5Isk0Q4OqYE3gU8VhwswintZV1o9KevDmi+WOeGcdr4nlqD/L7DRoMZ6V988m2ISBIN5Dt5NcoUcmSZX/jN8lHmAatPasu2HrykEK84ukXW1P5eywJJ7CbG0dlr0wFGKTRjv3cOKRCX4DOxUzq6/tM9TY1h+W38EjnmERKzAgE5lwGxyXzWoH2rewIaDPPvtQND/fOCn55ByWCugaJkNkEEYlDiZ2exPH+RtybsWc3qnhBr4KqDdmu6lEjxL9873kinbcJ6K0O2ppKMrKZKzIENg4qch/UgQKmEOE8FgSzGodgLtMNziwN6e6h68RshH6e68H5ECcWUOdgz4PJaOXFv04Rck+NoSEb+W9Kqmr85raHn+rFqoxVQa7sEsZXdQK0sGPs2+viLTn+D5CR0OISzgDKNNWQHifoLvu6lUXzmhw5jVnP24IZgwGZahb7KnpbZxDaB03XRvkdLEp8uVv6dfmV6Xy82xjf+aE2rb2WfcY1IIWdmXz7TZedIIk0l5CJIAvQfMkrfbn2quoGS2TNJvd8cWbb36uVpNESFDZAwZyOL70YJadbQmiISBqHx1x7G1lWkECQf64ZMnoy01NAWgOUV74XXGNaVpURX3ZBpBiw7sQYdsZjaoRzgbu992jtzPzKkWjJSqa729D7LPrp3YFVn/Gm6VKjXxgN9ljA/84P1C9cHRuEJnQ2dXB0eTFV3y8G782LqD7PYA4e72Ryjczcy/p1pgcV69bVgmsu51k06NRNRp4Y2e00FKp5rxf6jTI3FXolro8V2di6/iAbV/n9OgbpeST6/OAZhGtJaOUuTR/i2lVJEe19I9wusyVUzCoe0me+Zj+2OSqpHAKe0VA/Hmos84r0z177E0mLsJM7fG+RWiq/yPXE4n+Pd/XMMSyB2E9Bfl7WJFXecnXcMEK2OJ/8zCbXeJ2wncMgL1IsqkpBBpybU9DP10sW91Beof19SRyrGE6gu5M8kylVL37YUARJfC9w2cmrmMxmjYO3gWVOUOnySal0s9EHNwUrG97B9Oge6L29YHW6nbXensVrY4VrYGsdzWrBdcI+j7XlvVmYJHGPv1RDxhy86iKIsxiMAPAzFItFrRRZQvQPKF4gjG5781IMHa+FThg/+VegOuMCkBCccJHqLlK26yUldknXpZqeN98fUvOg4qDSYb3avvY5/9CHpumjP1qvhnMON0a8BUhXaaOWveZc7gXWk3qSXtISv67CV7vxP5DCchCRUZPhvqxz0+o0YIc643pFrCRvHkxNIjmxX6hUm8mibcNkX7lL5TQgNRwq/sqIWCcpbH6H+GreR9I+U0zdTTCOmJHoNyHj2moZ3ebWWzyO9Trtgu7+dFNYXz86wCsBe2aNXUFZnSgV+OxkCGIPJgD7Ic/s6r8ywW/2fz91BfECWqL/8bvjCB2aRi4P9AyOh0MeJw19cd9RSCXYLfPKO7eouaxThvd+UjZYH8F6jouidivSKY1spPt3Fs4r5FK3zsicxNMGKxmJf+MjKu1m5SJMcE0M4QV1B5aPZpMhbe+Ncz9/wFJKEc7KAATetZaLmXK9xiAyphcRLEdXgay2COe4yC+sYu2/H+xJhuFKholDhfDZtZinMEQSBcKA2dl6cBuv/c4LEjboLZZ4krnKOdV6MMmmBw1s=&u=U2FsdGVkX18aUE9oGyTbNjMAnDJHcq+R8GgHzI8XHNE=&y=U2FsdGVkX1+O6Mbd9RvqBezOE+PJ36Kmg5WV1blmPVU= HTTP/1.1" 200 26
186.102.59.180 - - [02/Oct/2023:08:13:40 -0500] "GET /kwssiamovil/sm/acme/a?s=U2FsdGVkX18t0Sd/081BjqNNsC8aEJjgPeA5WU6ks1avWEf00i2qvWt80LyesvfKF7BrDWPC5y79ZEDn7kvdZF3pIjUFpC7y9s8Kb4iR99e5fyVYFg0RkW3g5/HAlacG2Lp1d/JW0pre13tJQKhArL+7kU3+9vaNw0wulplEi1g=&u=U2FsdGVkX18aUE9oGyTbNjMAnDJHcq+R8GgHzI8XHNE=&y=U2FsdGVkX1+O6Mbd9RvqBezOE+PJ36Kmg5WV1blmPVU= HTTP/1.1" 200 26
186.102.59.180 - - [02/Oct/2023:08:13:40 -0500] "GET /kwssiamovil/sm/acme/a?s=U2FsdGVkX1+5y5xyGCoq5b4Ka45z+xPfu7BBuZOni/v3yfwwF2TiIh+uJ57+FyIDeJTYo+1P11DNkTEOoaArIwvFvoO7T6/eS71HxANiz53LtN5Nl8cnagAL3/lwTsETYqDgqCqJEEXwZpb399w+IwSf67J36Q/AlcTlv61WyNQ=&u=U2FsdGVkX18aUE9oGyTbNjMAnDJHcq+R8GgHzI8XHNE=&y=U2FsdGVkX1+O6Mbd9RvqBezOE+PJ36Kmg5WV1blmPVU= HTTP/1.1" 200 26
186.102.59.180 - - [02/Oct/2023:08:13:40 -0500] "GET /kwssiamovil/sm/acme/a?s=U2FsdGVkX19oQVb8AeeIAEvlEBIVIee+YOFSTNMGCKaQpIJOcFduC7rEblOsOZSRXagmz5bqn+jG8pEo22refyJ6sPMvvp4t1VwOAo75vh73mFdygKwVVqnEue7gOoIcYEdQZRdOYDpDSjuS04CIUckwzmbQ22l7jatboKzvuoc=&u=U2FsdGVkX18aUE9oGyTbNjMAnDJHcq+R8GgHzI8XHNE=&y=U2FsdGVkX1+O6Mbd9RvqBezOE+PJ36Kmg5WV1blmPVU= HTTP/1.1" 200 26
186.102.59.180 - - [02/Oct/2023:08:13:40 -0500] "GET /kwssiamovil/sm/acme/a?s=U2FsdGVkX1+79CghB8B5tCRvZnupWrGfJREBD24bZZBR6BzKzy+VCrMOm2409AOr5N28EKBGcZ0Ol0zUiHqoTCf6SX+KqcEWLLPDiYbWP4lQlmkEOD7RMHIe8fvfrM3Bv79s71kIgcR3UOndeTmMP7Yf1LETV3TVWv7TvPsFDgydgQGE0xViL2sm6lP5jnIR&u=U2FsdGVkX18aUE9oGyTbNjMAnDJHcq+R8GgHzI8XHNE=&y=U2FsdGVkX1+O6Mbd9RvqBezOE+PJ36Kmg5WV1blmPVU= HTTP/1.1" 200 26
186.102.59.180 - - [02/Oct/2023:08:13:40 -0500] "GET /kwssiamovil/sm/acme/a?s=U2FsdGVkX19h04wsSqFJhQ+kjSPJgl3Qcby8KIPqUR6JorTi/CmcnNocxBTKePgokhL23trfrSBzHrvCj3ATPZer6nDq2x7z1fNn6Rwsc0GH1w9phOf+mu2i8vu82fQVNLPgYxFoDZpDNKkuvNwHvzN70yLr+zASzuHGzVU6arlS/X1OQZoOCZxJPCj3sec9QO3MGVRMAfOm9Z8WQXlf7A==&u=U2FsdGVkX18aUE9oGyTbNjMAnDJHcq+R8GgHzI8XHNE=&y=U2FsdGVkX1+O6Mbd9RvqBezOE+PJ36Kmg5WV1blmPVU= HTTP/1.1" 200 26
186.102.59.180 - - [02/Oct/2023:08:13:41 -0500] "GET /kwssiamovil/sm/acme/a?s=U2FsdGVkX1/YdZi1QxsU8UD8E9QSC9cmH6R5Xz4lMNSndf1Pk2x0bG+BmphOjnpDDh+GCVNSYZpHZ5hiDYBcA2Pjanwk8eORVnF84EbU4lxRN2kn8TjZYhD1aVxZ62ALItd0ZLuBGGXWnJuDKq9mLtqfZ13z8Mepem004zzfJybWb8RoXL2Qrs6BNCWYeWp5&u=U2FsdGVkX18aUE9oGyTbNjMAnDJHcq+R8GgHzI8XHNE=&y=U2FsdGVkX1+O6Mbd9RvqBezOE+PJ36Kmg5WV1blmPVU= HTTP/1.1" 200 26
186.102.59.180 - - [02/Oct/2023:08:13:41 -0500] "GET /kwssiamovil/sm/acme/a?s=U2FsdGVkX1+x1YvKshYj6KzzUqq6g8Bd+6gFTqEHM7fC7ShOnX413h7YuFcE1r6oBMKe/3JpgpALoN2zdzUCBd57YRtS+fP4n7L59MWvqES2bmIRdDggSbrtf1UOtLuT4N+yvIK9ld+Gm4qPAxmXJ1UIBarBlC03prZ+LB4dO2D0J7pwh5ZQHqejwir2+duXGj6n91eat27oJ4l1EG2fqA==&u=U2FsdGVkX18aUE9oGyTbNjMAnDJHcq+R8GgHzI8XHNE=&y=U2FsdGVkX1+O6Mbd9RvqBezOE+PJ36Kmg5WV1blmPVU= HTTP/1.1" 200 26
186.102.59.180 - - [02/Oct/2023:08:13:41 -0500] "GET /kwssiamovil/sm/acme/a?s=U2FsdGVkX198jyniaUiLkEeQJyBOcV89K280O7HR7+0ljdVETIZqCL271aBwDVqyKJq3xBpX0aL8z/hesOG19kipVcrQAnVCW+TzR7S7sOz2x+dmBjdb0yyavU7u0u8+zdgT40m6jn/E6NsoREQ2YOsK2lf1msf6RfM1hLFchWIRH3EhGRLGwV2Trxh4Iw87&u=U2FsdGVkX18aUE9oGyTbNjMAnDJHcq+R8GgHzI8XHNE=&y=U2FsdGVkX1+O6Mbd9RvqBezOE+PJ36Kmg5WV1blmPVU= HTTP/1.1" 200 26
201.245.192.253 - - [02/Oct/2023:08:14:30 -0500] "POST /forms/lservlet;jsessionid=ac16012b30d61fe4a9ea69424edbac22cd7fb0786fdc.e3iSbxaKaheRe34Pbx8Nc3aQci1ynknvrkLOlQzNp65In0 HTTP/1.1" 200 2
216.245.221.92 - - [02/Oct/2023:08:14:43 -0500] "HEAD / HTTP/1.1" 200 -
173.252.83.11 - - [02/Oct/2023:08:15:03 -0500] "GET /images/plantacion-humedal-la-conejera.jpg HTTP/1.1" 200 92644
172.22.2.4 - - [02/Oct/2023:08:13:26 -0500] "HEAD /BLA/boletinlegal/ HTTP/1.1" 200 -
172.22.2.4 - - [02/Oct/2023:08:14:17 -0500] "GET /BLA/boletinlegal/ HTTP/1.1" 200 60342
191.156.151.231 - - [02/Oct/2023:08:16:19 -0500] "GET /kwssiamovil/sm/ldap/au?x=U2FsdGVkX1+rWXRbcb7pdravOvP/gACZaRNxurOcuxFeIVQgErBAKmzBvlEpk81/&y=U2FsdGVkX1/MMOvi216LQj7pfoZrVdywjqpY/K4IwT+gpwdViQhsPVNJr4DdsDc6 HTTP/1.1" 200 30
191.156.151.231 - - [02/Oct/2023:08:16:19 -0500] "GET /kwssiamovil/sm/acme/s?s=U2FsdGVkX1/bN92EKH3u0HRUGtfnaNTjxBKEsx6BfqkRYC2l+VjbxRe9MXQp7gp/DztR0rPvdSe5HlJyMafNlwpUgXp1eJZw1RzCzYlhE1A=&u=U2FsdGVkX18dfn0b3MYzlIgbouXk6VOX5dPpMX8elmnFBeMOa8YZB6TK3/ctI70g&y=U2FsdGVkX1/MMOvi216LQj7pfoZrVdywjqpY/K4IwT+gpwdViQhsPVNJr4DdsDc6 HTTP/1.1" 200 97
191.156.151.231 - - [02/Oct/2023:08:16:19 -0500] "GET /kwssiamovil/sm/acme/s?s=U2FsdGVkX1/EzUS/qsZ4Sr5uZdpr6/1a4a/bK6cMRSyiH8qegko6I7PEFac3lcUxgfAPmOEXeriGTf+A9c4WocX9f7xYYfsNv6hZnES+sJAGuO3QBHSFeTWcETMxVsQGoaDQr7h4znRNKHjc+PlF3HGvuYmaCe+ZQv7IbdcBCjDzmC0ESBbHpl0WKtg2w0qvm0VB9+rKw0PqKYZz5qI/6yV0z4xBRy1Nhk9Nvp7Cf5Gh9Z9kalK00lJilntc7l39RISvP7/e+7B22/f4vN8vNnVJai2xd7NpeQ14QiEHUWI0iH5fr2V7pipDREaZjJlVqmTXXxjKWxN0hGi4BRqyQTjhQ9MZa+akeBTck4yWoUpDsWhyFYfB//jZVNBq1+0US7QEUPyZWI10AYaNrGcgyl7iKhLMoTqnKjfGInLL6+/xzs9taXcV4t2QFsaZnBuvpiOVdhA6RYhLmKT7yjqcgtC2lk+GOCz3nsq7JVSPQ6613hZhaor0gTExR59KBsJrTRQ994BznLyUAxzxeJF4BcZSLjGDCqgifBVBhttbCaSMceNpEA9qt3pEn47Hu+wrhnn42DQvnChQbAdLidMyr4tRwWfzfWL2f5dGt9B4GHfzv+9hmvxr15wAojpAjn0cQHvtIZxx18ir5D3rfwxDEkZ9A3j3JVZ5dUDZrXO98mpDRs4Jc5qiQea/WAuTnYJmpBwBl/eBjjnBjctXXmbxceAANQrUcRyxNYe2L5Tbcld4nvZxNgvHRI5rR9YCKrb0Ug07ZRYFiV3aK2/zoVoiBv85Ml8lMhBOoWqWCQaqtd1MML2Q+iyp/JnNgMW8mqiWlb2GI4T4GFtYhSi+9yJWC3lQJwQnsqj5g8FkaR97+VrWK0CwX2iqlZNYVIVESQMncuuZmqnaCCvBav6t3N805xuvStBbs9jl9JKi/X8/gxSZrgqXdbaQlSCvaB06ZsHggj4IQiu9kKvgq3XeDXOmaLSCF7mmWN3eur4snGf30z3Qv/Ck6KhqoUszaz5gbqYETuASIFtA/heUzBctbDs1ueZdkf67tEBEO8e8SYMAL1DfTjHpqtE572KH2Ut1UG7b7DDZbQJGGdwLJJjdFMVsJKcqN57Gu2r+DdEgIVAqRhU/yKsmB2KLw5WLgFqDTMMBYF87OH2ViMicBk3v2iN3nJ+QVXAZ5tTu8bfsVkUBzERi1sxBLCgrce0nURNLBnr10B7BQgg8Lv3jw9fvzKDYjdlRoRLYRlTks6ZmS4dxRw41WUxVCSVx5YfvfgI3XdHvPzsc8f1dXIfPaDfmezlNYnUtT0J2PguHlk0+QduWKL8Ke7Bn/nmWjFY3jWMgcb52A31Pld2Nx0PD3bEYoaV1iZsenmfzJMauCmgjLmk0XRXjpITZ3bFZ8kgVS5g7h0TjMHW63yH6gji5BJilwop+AoOm3nOKmgWgjQDP/wyboa0sj9aWBofm33r8YDrcit369ZdPSOhxEQYfhLy3Xu5gsy2iJhCm2xkmT1t6K6rHaMiJU4VgC/PeXb1ssC+txN13aZ3lSu/K9xfy0DKp7f9E4Ac82URgXBLrcIyPXDx8ME0pdUd9EcAIevlWswX2HL/N85duuT7mfnPQG5ncSCzJ30Vbdbcq1AmjdmcYjY6q/BDTlOhtxtlIBUJvgmuDWybga4SjRhf4uHxDeGJPMZAAsFL3zZAIXNUdFVoB8SgpAwVjzJkVHSRMKR95EumhqoKAQU7I3tYKpEVnmazrhcnt3SOGNppFMgUBT+vSr7nFXPtbg11Ofhje4/C7riuKcZB+&u=U2FsdGVkX18dfn0b3MYzlIgbouXk6VOX5dPpMX8elmnFBeMOa8YZB6TK3/ctI70g&y=U2FsdGVkX1/MMOvi216LQj7pfoZrVdywjqpY/K4IwT+gpwdViQhsPVNJr4DdsDc6 HTTP/1.1" 200 5480
191.156.151.231 - - [02/Oct/2023:08:16:20 -0500] "GET /kwssiamovil/sm/acme/s?s=U2FsdGVkX19inHpkn+lTCwqDw1I8q/h19ctvK5Y7q92ZYRE2a0yUpqae6u4FuLKXHKkkNbaOKfHtG/ceWvwh4XwMLAFlI8+23TqZkHvOyBW8JbxV6GdP6gjtEsb2aBOg9O26mKMr767gbJ4kTosa2zfPmMrAZHFDvIC1CiQssq5DUd/+pzhMzeFEmV5eDN05JjbSuBvqeuOKQ1BCXnOvCz5HdfyaosqR7b4pBKs8R0CKjDy7Orxxu4zGDpwMauKH+/T2AeBk0+AW9mx/lzJ1TSbGE6ghqN9fyNiZ7GfTp3XFD/JaIMK7z+NUL5JxuPO5OuCNUrtTbuYGT58CMtdNexuuKP0Lkz+lJfGU8+VUypqjc5Fqw+kybKl5lWUMlY+CmopLOd4sI99+SxEU27XGr1u1RffR90WQJNgwn2+WBeJv8ZOncADEN0ByfU7x0BNGkAk7ZWBjp5MBrsteWV3YToEOqjOoHFJZRtZ5AQRnvg6EHaj34NF2fSXjM4xEW/rZ6AI6hGiBEJ7HTWb1MQXMNyZgHwW+SrJxFQZAKN/tsR2/+g97DO9gSGW0KBW49dhr7tK/qel0Qrt1Db5eW4Hh2lv5s9gyEzrk8qKM5Y2sT8h3VQwBQx9GhmUiiSI1w1vnMts32xWo+5Af2TEdkWB1qNlsWYA6FIoQhAbKkRKTI+eaHd6kh8UZLk/zq1/58TSigQJXu0eEWPrUonXnnFDP2DN8WG5KDm5p22/CVy+bhfOtK1Na7WizFVwhWYvCbDdo&u=U2FsdGVkX18dfn0b3MYzlIgbouXk6VOX5dPpMX8elmnFBeMOa8YZB6TK3/ctI70g&y=U2FsdGVkX1/MMOvi216LQj7pfoZrVdywjqpY/K4IwT+gpwdViQhsPVNJr4DdsDc6 HTTP/1.1" 200 208
191.156.151.231 - - [02/Oct/2023:08:16:20 -0500] "GET /kwssiamovil/sm/cjson/pre?f=1&x=U2FsdGVkX1+rWXRbcb7pdravOvP/gACZaRNxurOcuxFeIVQgErBAKmzBvlEpk81/ HTTP/1.1" 200 31032
201.245.192.253 - - [02/Oct/2023:08:16:30 -0500] "POST /forms/lservlet;jsessionid=ac16012b30d61fe4a9ea69424edbac22cd7fb0786fdc.e3iSbxaKaheRe34Pbx8Nc3aQci1ynknvrkLOlQzNp65In0 HTTP/1.1" 200 2
216.244.66.195 - - [02/Oct/2023:08:16:39 -0500] "GET /BLA/resoluciones/RESOLUCIONES%202021/1821.pdf HTTP/1.1" 200 349355
201.245.192.253 - - [02/Oct/2023:08:16:53 -0500] "POST /kwsrmcab/Wsrmcab  HTTP/1.1" 200 43160
216.244.66.195 - - [02/Oct/2023:08:17:20 -0500] "GET /BLA/resoluciones/RESOLUCIONES%202021/1861.pdf HTTP/1.1" 200 454025
52.167.144.195 - - [02/Oct/2023:08:17:36 -0500] "GET /Publicaciones/2023EE225258.pdf HTTP/1.1" 200 956892
201.245.192.253 - - [02/Oct/2023:08:17:55 -0500] "POST /kwsrmcab/Wsrmcab HTTP/1.1" 200 43208
201.245.192.253 - - [02/Oct/2023:08:17:58 -0500] "POST /kwsrmcab/Wsrmcab HTTP/1.1" 200 40720
216.244.66.195 - - [02/Oct/2023:08:18:01 -0500] "GET /BLA/resoluciones/RESOLUCIONES%202021/1862.pdf HTTP/1.1" 200 491877
190.156.70.119 - - [02/Oct/2023:08:18:22 -0500] "GET /appsia/controlador HTTP/1.1" 200 4799
190.156.70.119 - - [02/Oct/2023:08:18:29 -0500] "POST /appsia/controlador HTTP/1.1" 200 5437
201.245.192.253 - - [02/Oct/2023:08:18:30 -0500] "POST /forms/lservlet;jsessionid=ac16012b30d61fe4a9ea69424edbac22cd7fb0786fdc.e3iSbxaKaheRe34Pbx8Nc3aQci1ynknvrkLOlQzNp65In0 HTTP/1.1" 200 2
190.156.70.119 - - [02/Oct/2023:08:18:30 -0500] "POST /appsia/controlador HTTP/1.1" 200 5437
200.29.113.37 - - [02/Oct/2023:08:18:34 -0500] "GET /appsia/controlador HTTP/1.1" 200 4799
200.29.113.37 - - [02/Oct/2023:08:18:35 -0500] "GET /appsia/scripts/validarIngreso.js HTTP/1.1" 200 851
200.29.113.37 - - [02/Oct/2023:08:18:35 -0500] "GET /appsia/css/estilos.css HTTP/1.1" 200 4804
200.29.113.37 - - [02/Oct/2023:08:18:36 -0500] "GET /appsia/images/cabezoteHojaVida.png HTTP/1.1" 200 32493
200.29.113.37 - - [02/Oct/2023:08:18:36 -0500] "GET /appsia/images/logo_bogota_p.png HTTP/1.1" 200 14951
190.156.70.119 - - [02/Oct/2023:08:18:38 -0500] "POST /appsia/controlador HTTP/1.1" 200 7785
190.156.70.119 - - [02/Oct/2023:08:18:45 -0500] "POST /appsia/controlador HTTP/1.1" 200 6650
190.156.70.119 - - [02/Oct/2023:08:18:46 -0500] "POST /appsia/controlador HTTP/1.1" 200 11351
216.244.66.195 - - [02/Oct/2023:08:18:46 -0500] "GET /BLA/resoluciones/RESOLUCIONES%202021/1908.pdf HTTP/1.1" 200 349425
190.156.70.119 - - [02/Oct/2023:08:19:01 -0500] "POST /appsia/controlador HTTP/1.1" 200 7785
201.245.192.253 - - [02/Oct/2023:08:19:05 -0500] "POST /forms/lservlet;jsessionid=ac16012b30d61fe4a9ea69424edbac22cd7fb0786fdc.e3iSbxaKaheRe34Pbx8Nc3aQci1ynknvrkLOlQzNp65In0 HTTP/1.1" 200 45
201.245.192.253 - - [02/Oct/2023:08:19:05 -0500] "POST /forms/lservlet;jsessionid=ac16012b30d61fe4a9ea69424edbac22cd7fb0786fdc.e3iSbxaKaheRe34Pbx8Nc3aQci1ynknvrkLOlQzNp65In0 HTTP/1.1" 200 7
201.245.192.253 - - [02/Oct/2023:08:19:05 -0500] "POST /forms/lservlet;jsessionid=ac16012b30d61fe4a9ea69424edbac22cd7fb0786fdc.e3iSbxaKaheRe34Pbx8Nc3aQci1ynknvrkLOlQzNp65In0 HTTP/1.1" 200 2
201.245.192.253 - - [02/Oct/2023:08:19:06 -0500] "POST /forms/lservlet;jsessionid=ac16012b30d61fe4a9ea69424edbac22cd7fb0786fdc.e3iSbxaKaheRe34Pbx8Nc3aQci1ynknvrkLOlQzNp65In0 HTTP/1.1" 200 2
201.245.192.253 - - [02/Oct/2023:08:19:09 -0500] "POST /forms/lservlet;jsessionid=ac16012b30d61fe4a9ea69424edbac22cd7fb0786fdc.e3iSbxaKaheRe34Pbx8Nc3aQci1ynknvrkLOlQzNp65In0 HTTP/1.1" 200 2
201.245.192.253 - - [02/Oct/2023:08:19:09 -0500] "POST /forms/lservlet;jsessionid=ac16012b30d61fe4a9ea69424edbac22cd7fb0786fdc.e3iSbxaKaheRe34Pbx8Nc3aQci1ynknvrkLOlQzNp65In0 HTTP/1.1" 200 167
201.245.192.253 - - [02/Oct/2023:08:19:09 -0500] "POST /forms/lservlet;jsessionid=ac16012b30d61fe4a9ea69424edbac22cd7fb0786fdc.e3iSbxaKaheRe34Pbx8Nc3aQci1ynknvrkLOlQzNp65In0 HTTP/1.1" 200 11
201.245.192.253 - - [02/Oct/2023:08:19:10 -0500] "POST /forms/lservlet;jsessionid=ac16012b30d61fe4a9ea69424edbac22cd7fb0786fdc.e3iSbxaKaheRe34Pbx8Nc3aQci1ynknvrkLOlQzNp65In0 HTTP/1.1" 200 2
190.156.70.119 - - [02/Oct/2023:08:19:10 -0500] "POST /appsia/controlador HTTP/1.1" 200 6650
201.245.192.253 - - [02/Oct/2023:08:19:10 -0500] "POST /forms/lservlet;jsessionid=ac16012b30d61fe4a9ea69424edbac22cd7fb0786fdc.e3iSbxaKaheRe34Pbx8Nc3aQci1ynknvrkLOlQzNp65In0 HTTP/1.1" 200 229
201.245.192.253 - - [02/Oct/2023:08:19:10 -0500] "POST /forms/lservlet;jsessionid=ac16012b30d61fe4a9ea69424edbac22cd7fb0786fdc.e3iSbxaKaheRe34Pbx8Nc3aQci1ynknvrkLOlQzNp65In0 HTTP/1.1" 200 11
201.245.192.253 - - [02/Oct/2023:08:19:11 -0500] "POST /forms/lservlet;jsessionid=ac16012b30d61fe4a9ea69424edbac22cd7fb0786fdc.e3iSbxaKaheRe34Pbx8Nc3aQci1ynknvrkLOlQzNp65In0 HTTP/1.1" 200 102
190.156.70.119 - - [02/Oct/2023:08:19:11 -0500] "GET /appsia/controlador?comando=ingresarMenuPrincipal&id=20391573&funcionario=CLAUDIA+YANIRA+GODOY+ORJUELA&desde=20391573&hasta=20391573&version=20391573&accion=Regresar HTTP/1.1" 200 5437
190.156.70.119 - - [02/Oct/2023:08:19:12 -0500] "POST /appsia/controlador HTTP/1.1" 200 7785
190.156.70.119 - - [02/Oct/2023:08:19:17 -0500] "POST /appsia/controlador HTTP/1.1" 200 6650
190.156.70.119 - - [02/Oct/2023:08:19:18 -0500] "POST /appsia/controlador HTTP/1.1" 200 11351
201.245.192.253 - - [02/Oct/2023:08:19:18 -0500] "POST /forms/lservlet;jsessionid=ac16012b30d61fe4a9ea69424edbac22cd7fb0786fdc.e3iSbxaKaheRe34Pbx8Nc3aQci1ynknvrkLOlQzNp65In0 HTTP/1.1" 200 94
201.245.192.253 - - [02/Oct/2023:08:19:27 -0500] "POST /forms/lservlet;jsessionid=ac16012b30d61fe4a9ea69424edbac22cd7fb0786fdc.e3iSbxaKaheRe34Pbx8Nc3aQci1ynknvrkLOlQzNp65In0 HTTP/1.1" 200 87
201.245.192.253 - - [02/Oct/2023:08:19:28 -0500] "POST /forms/lservlet;jsessionid=ac16012b30d61fe4a9ea69424edbac22cd7fb0786fdc.e3iSbxaKaheRe34Pbx8Nc3aQci1ynknvrkLOlQzNp65In0 HTTP/1.1" 200 74
216.244.66.195 - - [02/Oct/2023:08:19:30 -0500] "GET /BLA/resoluciones/RESOLUCIONES%202021/1946.pdf HTTP/1.1" 200 540532
216.245.221.92 - - [02/Oct/2023:08:19:43 -0500] "HEAD / HTTP/1.1" 200 -
201.245.192.253 - - [02/Oct/2023:08:19:52 -0500] "POST /forms/lservlet;jsessionid=ac16012b30d61fe4a9ea69424edbac22cd7fb0786fdc.e3iSbxaKaheRe34Pbx8Nc3aQci1ynknvrkLOlQzNp65In0 HTTP/1.1" 200 2
201.245.192.253 - - [02/Oct/2023:08:19:52 -0500] "POST /forms/lservlet;jsessionid=ac16012b30d61fe4a9ea69424edbac22cd7fb0786fdc.e3iSbxaKaheRe34Pbx8Nc3aQci1ynknvrkLOlQzNp65In0 HTTP/1.1" 200 159
201.245.192.253 - - [02/Oct/2023:08:19:52 -0500] "POST /forms/lservlet;jsessionid=ac16012b30d61fe4a9ea69424edbac22cd7fb0786fdc.e3iSbxaKaheRe34Pbx8Nc3aQci1ynknvrkLOlQzNp65In0 HTTP/1.1" 200 2
201.245.192.253 - - [02/Oct/2023:08:19:52 -0500] "POST /forms/lservlet;jsessionid=ac16012b30d61fe4a9ea69424edbac22cd7fb0786fdc.e3iSbxaKaheRe34Pbx8Nc3aQci1ynknvrkLOlQzNp65In0 HTTP/1.1" 200 2
201.245.192.253 - - [02/Oct/2023:08:19:53 -0500] "POST /forms/lservlet;jsessionid=ac16012b30d61fe4a9ea69424edbac22cd7fb0786fdc.e3iSbxaKaheRe34Pbx8Nc3aQci1ynknvrkLOlQzNp65In0 HTTP/1.1" 200 2
216.244.66.195 - - [02/Oct/2023:08:20:20 -0500] "GET /BLA/resoluciones/RESOLUCIONES%202021/1955.pdf HTTP/1.1" 200 426939
201.245.192.253 - - [02/Oct/2023:08:20:30 -0500] "POST /forms/lservlet;jsessionid=ac16012b30d61fe4a9ea69424edbac22cd7fb0786fdc.e3iSbxaKaheRe34Pbx8Nc3aQci1ynknvrkLOlQzNp65In0 HTTP/1.1" 200 2
201.245.192.253 - - [02/Oct/2023:08:20:40 -0500] "POST /forms/lservlet;jsessionid=ac16012b30d61fe4a9ea69424edbac22cd7fb0786fdc.e3iSbxaKaheRe34Pbx8Nc3aQci1ynknvrkLOlQzNp65In0 HTTP/1.1" 200 2
201.245.192.253 - - [02/Oct/2023:08:20:40 -0500] "POST /forms/lservlet;jsessionid=ac16012b30d61fe4a9ea69424edbac22cd7fb0786fdc.e3iSbxaKaheRe34Pbx8Nc3aQci1ynknvrkLOlQzNp65In0 HTTP/1.1" 200 1853
201.245.192.253 - - [02/Oct/2023:08:20:40 -0500] "POST /forms/lservlet;jsessionid=ac16012b30d61fe4a9ea69424edbac22cd7fb0786fdc.e3iSbxaKaheRe34Pbx8Nc3aQci1ynknvrkLOlQzNp65In0 HTTP/1.1" 200 11
201.245.192.253 - - [02/Oct/2023:08:20:41 -0500] "POST /forms/lservlet;jsessionid=ac16012b30d61fe4a9ea69424edbac22cd7fb0786fdc.e3iSbxaKaheRe34Pbx8Nc3aQci1ynknvrkLOlQzNp65In0 HTTP/1.1" 200 2
201.245.192.253 - - [02/Oct/2023:08:20:41 -0500] "POST /forms/lservlet;jsessionid=ac16012b30d61fe4a9ea69424edbac22cd7fb0786fdc.e3iSbxaKaheRe34Pbx8Nc3aQci1ynknvrkLOlQzNp65In0 HTTP/1.1" 200 1214
201.245.192.253 - - [02/Oct/2023:08:20:41 -0500] "POST /forms/lservlet;jsessionid=ac16012b30d61fe4a9ea69424edbac22cd7fb0786fdc.e3iSbxaKaheRe34Pbx8Nc3aQci1ynknvrkLOlQzNp65In0 HTTP/1.1" 200 11
201.245.192.253 - - [02/Oct/2023:08:20:42 -0500] "POST /forms/lservlet;jsessionid=ac16012b30d61fe4a9ea69424edbac22cd7fb0786fdc.e3iSbxaKaheRe34Pbx8Nc3aQci1ynknvrkLOlQzNp65In0 HTTP/1.1" 200 2
201.245.192.253 - - [02/Oct/2023:08:20:42 -0500] "POST /forms/lservlet;jsessionid=ac16012b30d61fe4a9ea69424edbac22cd7fb0786fdc.e3iSbxaKaheRe34Pbx8Nc3aQci1ynknvrkLOlQzNp65In0 HTTP/1.1" 200 1224
201.245.192.253 - - [02/Oct/2023:08:20:42 -0500] "POST /forms/lservlet;jsessionid=ac16012b30d61fe4a9ea69424edbac22cd7fb0786fdc.e3iSbxaKaheRe34Pbx8Nc3aQci1ynknvrkLOlQzNp65In0 HTTP/1.1" 200 11
201.245.192.253 - - [02/Oct/2023:08:20:50 -0500] "POST /forms/lservlet;jsessionid=ac16012b30d61fe4a9ea69424edbac22cd7fb0786fdc.e3iSbxaKaheRe34Pbx8Nc3aQci1ynknvrkLOlQzNp65In0 HTTP/1.1" 200 2
201.245.192.253 - - [02/Oct/2023:08:20:50 -0500] "POST /forms/lservlet;jsessionid=ac16012b30d61fe4a9ea69424edbac22cd7fb0786fdc.e3iSbxaKaheRe34Pbx8Nc3aQci1ynknvrkLOlQzNp65In0 HTTP/1.1" 200 166
201.245.192.253 - - [02/Oct/2023:08:20:50 -0500] "POST /forms/lservlet;jsessionid=ac16012b30d61fe4a9ea69424edbac22cd7fb0786fdc.e3iSbxaKaheRe34Pbx8Nc3aQci1ynknvrkLOlQzNp65In0 HTTP/1.1" 200 11
201.245.192.253 - - [02/Oct/2023:08:20:55 -0500] "POST /forms/lservlet;jsessionid=ac16012b30d61fe4a9ea69424edbac22cd7fb0786fdc.e3iSbxaKaheRe34Pbx8Nc3aQci1ynknvrkLOlQzNp65In0 HTTP/1.1" 200 2
201.245.192.253 - - [02/Oct/2023:08:20:55 -0500] "POST /forms/lservlet;jsessionid=ac16012b30d61fe4a9ea69424edbac22cd7fb0786fdc.e3iSbxaKaheRe34Pbx8Nc3aQci1ynknvrkLOlQzNp65In0 HTTP/1.1" 200 121
201.245.192.253 - - [02/Oct/2023:08:20:55 -0500] "POST /forms/lservlet;jsessionid=ac16012b30d61fe4a9ea69424edbac22cd7fb0786fdc.e3iSbxaKaheRe34Pbx8Nc3aQci1ynknvrkLOlQzNp65In0 HTTP/1.1" 200 11
172.22.2.4 - - [02/Oct/2023:08:19:16 -0500] "HEAD /BLA/boletinlegal/ HTTP/1.1" 200 -
201.245.192.253 - - [02/Oct/2023:08:20:57 -0500] "POST /forms/lservlet;jsessionid=ac16012b30d61fe4a9ea69424edbac22cd7fb0786fdc.e3iSbxaKaheRe34Pbx8Nc3aQci1ynknvrkLOlQzNp65In0 HTTP/1.1" 200 90
190.156.70.119 - - [02/Oct/2023:08:21:01 -0500] "POST /appsia/controlador HTTP/1.1" 200 7785
201.245.192.253 - - [02/Oct/2023:08:21:03 -0500] "POST /forms/lservlet;jsessionid=ac16012b30d61fe4a9ea69424edbac22cd7fb0786fdc.e3iSbxaKaheRe34Pbx8Nc3aQci1ynknvrkLOlQzNp65In0 HTTP/1.1" 200 94
201.245.192.253 - - [02/Oct/2023:08:21:07 -0500] "POST /forms/lservlet;jsessionid=ac16012b30d61fe4a9ea69424edbac22cd7fb0786fdc.e3iSbxaKaheRe34Pbx8Nc3aQci1ynknvrkLOlQzNp65In0 HTTP/1.1" 200 7
201.245.192.253 - - [02/Oct/2023:08:21:08 -0500] "POST /forms/lservlet;jsessionid=ac16012b30d61fe4a9ea69424edbac22cd7fb0786fdc.e3iSbxaKaheRe34Pbx8Nc3aQci1ynknvrkLOlQzNp65In0 HTTP/1.1" 200 160
201.245.192.253 - - [02/Oct/2023:08:21:08 -0500] "POST /forms/lservlet;jsessionid=ac16012b30d61fe4a9ea69424edbac22cd7fb0786fdc.e3iSbxaKaheRe34Pbx8Nc3aQci1ynknvrkLOlQzNp65In0 HTTP/1.1" 200 2
201.245.192.253 - - [02/Oct/2023:08:21:08 -0500] "POST /forms/lservlet;jsessionid=ac16012b30d61fe4a9ea69424edbac22cd7fb0786fdc.e3iSbxaKaheRe34Pbx8Nc3aQci1ynknvrkLOlQzNp65In0 HTTP/1.1" 200 2
201.245.192.253 - - [02/Oct/2023:08:21:09 -0500] "POST /forms/lservlet;jsessionid=ac16012b30d61fe4a9ea69424edbac22cd7fb0786fdc.e3iSbxaKaheRe34Pbx8Nc3aQci1ynknvrkLOlQzNp65In0 HTTP/1.1" 200 2
216.244.66.195 - - [02/Oct/2023:08:21:10 -0500] "GET /BLA/resoluciones/RESOLUCIONES%202021/2074.pdf HTTP/1.1" 200 344978
190.156.70.119 - - [02/Oct/2023:08:21:11 -0500] "POST /appsia/controlador HTTP/1.1" 200 6650
190.156.70.119 - - [02/Oct/2023:08:21:12 -0500] "POST /appsia/controlador HTTP/1.1" 200 11353
172.22.2.4 - - [02/Oct/2023:08:20:09 -0500] "GET /BLA/boletinlegal/ HTTP/1.1" 200 58187
216.244.66.195 - - [02/Oct/2023:08:21:52 -0500] "GET /BLA/resoluciones/RESOLUCIONES%202021/2095.pdf HTTP/1.1" 200 446358
201.245.192.253 - - [02/Oct/2023:08:21:50 -0500] "POST /kwsrmcab/Wsrmcab  HTTP/1.1" 200 43160
190.156.70.119 - - [02/Oct/2023:08:22:23 -0500] "POST /appsia/controlador HTTP/1.1" 200 7785
201.245.192.253 - - [02/Oct/2023:08:22:30 -0500] "POST /forms/lservlet;jsessionid=ac16012b30d61fe4a9ea69424edbac22cd7fb0786fdc.e3iSbxaKaheRe34Pbx8Nc3aQci1ynknvrkLOlQzNp65In0 HTTP/1.1" 200 2
216.244.66.195 - - [02/Oct/2023:08:22:41 -0500] "GET /BLA/resoluciones/RESOLUCIONES%202021/2222.pdf HTTP/1.1" 200 367585
123.125.109.48 - - [02/Oct/2023:08:22:51 -0500] "GET / HTTP/1.1" 200 319
216.244.66.195 - - [02/Oct/2023:08:23:23 -0500] "GET /BLA/resoluciones/RESOLUCIONES%202021/2387.pdf HTTP/1.1" 200 370365
172.22.2.4 - - [02/Oct/2023:08:23:46 -0500] "GET /BLA/boletinlegal/actos.php HTTP/1.1" 200 9682
172.22.2.4 - - [02/Oct/2023:08:23:46 -0500] "GET /BLA/boletinlegal/js/ajax_actos.js HTTP/1.1" 200 1322
172.22.2.4 - - [02/Oct/2023:08:23:46 -0500] "GET /BLA/boletinlegal/style.css HTTP/1.1" 200 9406
172.22.2.4 - - [02/Oct/2023:08:23:46 -0500] "GET /BLA/boletinlegal/niceforms.js HTTP/1.1" 200 22876
172.22.2.4 - - [02/Oct/2023:08:23:46 -0500] "GET /BLA/boletinlegal/js/lib.js HTTP/1.1" 200 6474
172.22.2.4 - - [02/Oct/2023:08:23:46 -0500] "GET /BLA/boletinlegal/niceforms-default.css HTTP/1.1" 200 6694
172.22.2.4 - - [02/Oct/2023:08:23:46 -0500] "GET /BLA/boletinlegal/js/popup.js HTTP/1.1" 200 1270
172.22.2.4 - - [02/Oct/2023:08:23:46 -0500] "GET /BLA/boletinlegal/js/jquery1.js HTTP/1.1" 200 29846
172.22.2.4 - - [02/Oct/2023:08:23:46 -0500] "GET /BLA/boletinlegal/images/cabezote%20BLEGAL.jpg HTTP/1.1" 200 118164
172.22.2.4 - - [02/Oct/2023:08:23:47 -0500] "GET /BLA/boletinlegal/styles2.css HTTP/1.1" 200 1838
172.22.2.4 - - [02/Oct/2023:08:23:47 -0500] "GET /BLA/boletinlegal/images/subscribe-icon-big.png HTTP/1.1" 200 47702
172.22.2.4 - - [02/Oct/2023:08:23:47 -0500] "GET /BLA/boletinlegal/images/historia.png HTTP/1.1" 200 52775
172.22.2.4 - - [02/Oct/2023:08:23:47 -0500] "GET /BLA/boletinlegal/images/registro-usuarios.png HTTP/1.1" 200 8106
172.22.2.4 - - [02/Oct/2023:08:23:47 -0500] "GET /BLA/boletinlegal/images/green-yellow-blue-pink-th.png HTTP/1.1" 200 7394
172.22.2.4 - - [02/Oct/2023:08:23:47 -0500] "GET /BLA/boletinlegal/images/tel.png HTTP/1.1" 200 14477
172.22.2.4 - - [02/Oct/2023:08:23:47 -0500] "GET /BLA/boletinlegal/images/icono-email.png HTTP/1.1" 200 5544
172.22.2.4 - - [02/Oct/2023:08:23:47 -0500] "GET /BLA/boletinlegal/images/body_bg.jpg HTTP/1.1" 200 1601
172.22.2.4 - - [02/Oct/2023:08:23:47 -0500] "GET /BLA/boletinlegal/images/menu_lft.gif HTTP/1.1" 200 1713
172.22.2.4 - - [02/Oct/2023:08:23:47 -0500] "GET /BLA/boletinlegal/images/bg_top.jpg HTTP/1.1" 200 522
172.22.2.4 - - [02/Oct/2023:08:23:47 -0500] "GET /BLA/boletinlegal/images/menu_bg.jpg HTTP/1.1" 200 620
172.22.2.4 - - [02/Oct/2023:08:23:47 -0500] "GET /BLA/boletinlegal/images/menu_rght.gif HTTP/1.1" 200 1627
172.22.2.4 - - [02/Oct/2023:08:23:47 -0500] "GET /BLA/boletinlegal/images/hover.jpg HTTP/1.1" 200 640
172.22.2.4 - - [02/Oct/2023:08:23:47 -0500] "GET /BLA/boletinlegal/images/text.jpg HTTP/1.1" 200 568
172.22.2.4 - - [02/Oct/2023:08:23:47 -0500] "GET /BLA/boletinlegal/images/footer_bg.jpg HTTP/1.1" 200 586
172.22.2.4 - - [02/Oct/2023:08:23:47 -0500] "GET /BLA/boletinlegal/images/footer_bg_l.jpg HTTP/1.1" 200 776
172.22.2.4 - - [02/Oct/2023:08:23:50 -0500] "GET /BLA/boletinlegal/conceptos.php HTTP/1.1" 200 7496
