181.189.25.57 - - [02/Oct/2023:12:09:41 -0500] "GET /sipse/faces/javax.faces.resource/dynamiccontent.properties?ln=primefaces&pfdrid=XjOR5%2F%2FfPAZAuY9TpWQeCiM0BhlXxYRBGKi%2FQcXXfeA%3D&pfdrid_c=false HTTP/1.1" 500 383
216.245.221.92 - - [02/Oct/2023:12:09:42 -0500] "HEAD / HTTP/1.1" 200 -
201.245.192.253 - - [02/Oct/2023:12:09:43 -0500] "POST /forms/lservlet;jsessionid=ac16012b30d61c17b6c681924b7b86af99f2bda09564.e3iSbxaKaheRe34Pbx8Nc3aQci1ynknvrkLOlQzNp65In0 HTTP/1.1" 200 2
168.138.105.69 - - [02/Oct/2023:12:09:51 -0500] "GET /portaldeninos/wp-content/uploads/2020/01/Tierra-escenario.jpg HTTP/1.1" 200 181491
172.22.2.4 - - [02/Oct/2023:12:09:56 -0500] "GET /BLA/boletinlegal/consulta_actos.php?tipo=resoluciones&no=0868&usuario=jose.contreras&sector=AIRE&fecha=2021&resuelve=samueljoel113 HTTP/1.1" 200 626
181.189.25.57 - - [02/Oct/2023:12:10:04 -0500] "POST /sipse/faces/presentacion/financiero/solicitudProceso/consultarSolicitudProceso.xhtml HTTP/1.1" 200 147065
190.70.192.175 - - [02/Oct/2023:12:10:12 -0500] "GET /sipse/faces/javax.faces.resource/images/ui-bg_flat_0_2d5972_40x100.png?ln=primefaces-aristo HTTP/1.1" 304 -
190.70.192.175 - - [02/Oct/2023:12:10:12 -0500] "POST /sipse/faces/presentacion/financiero/solicitudProceso/consultarSolicitudProceso.xhtml HTTP/1.1" 200 5467
172.22.2.4 - - [02/Oct/2023:12:10:14 -0500] "GET /BLA/boletinlegal/actos.php HTTP/1.1" 200 9682
69.171.249.15 - - [02/Oct/2023:12:10:27 -0500] "GET /proximo-4-de-octubre-simulacro-distrital-de-evacuacion-dia-y-noche.html HTTP/1.1" 200 783
173.252.79.119 - - [02/Oct/2023:12:10:31 -0500] "GET /proximo-4-de-octubre-simulacro-distrital-de-evacuacion-dia-y-noche.html HTTP/1.1" 200 783
173.252.79.6 - - [02/Oct/2023:12:10:32 -0500] "GET /proximo-4-de-octubre-simulacro-distrital-de-evacuacion-dia-y-noche.html HTTP/1.1" 200 783
172.22.2.4 - - [02/Oct/2023:12:10:36 -0500] "GET /BLA/boletinlegal/consulta_actos.php?tipo=resoluciones&no=0868&usuario=&sector=AIRE&fecha=2023&resuelve= HTTP/1.1" 200 626
172.22.2.4 - - [02/Oct/2023:12:10:37 -0500] "GET /BLA/boletinlegal/consulta_actos.php?tipo=resoluciones&no=0868&usuario=&sector=AIRE&fecha=2023&resuelve= HTTP/1.1" 200 626
31.13.103.6 - - [02/Oct/2023:12:10:41 -0500] "GET /proximo-4-de-octubre-simulacro-distrital-de-evacuacion-dia-y-noche.html HTTP/1.1" 200 783
31.13.103.5 - - [02/Oct/2023:12:10:41 -0500] "GET /proximo-4-de-octubre-simulacro-distrital-de-evacuacion-dia-y-noche.html HTTP/1.1" 200 783
52.167.144.171 - - [02/Oct/2023:12:10:52 -0500] "GET /sipse/faces/autenticacion.xhtml HTTP/1.1" 200 12732
201.245.192.253 - - [02/Oct/2023:12:10:54 -0500] "POST /appsia/controlador HTTP/1.1" 200 75986
172.22.2.4 - - [02/Oct/2023:12:10:54 -0500] "GET /BLA/boletinlegal/consulta_actos.php?tipo=resoluciones&no=0868&usuario=&sector=AIRE&fecha=2021&resuelve= HTTP/1.1" 200 1175
172.22.2.4 - - [02/Oct/2023:12:10:54 -0500] "GET /BLA/boletinlegal/images/pdf.gif HTTP/1.1" 200 567
186.85.234.32 - - [02/Oct/2023:12:10:55 -0500] "POST /sipse/faces/presentacion/financiero/solicitudAnulacion/registrarSolicitudAnulacion.xhtml HTTP/1.1" 200 184
186.85.234.32 - - [02/Oct/2023:12:10:55 -0500] "POST /sipse/faces/presentacion/financiero/solicitudAnulacion/registrarSolicitudAnulacion.xhtml HTTP/1.1" 200 184
186.85.234.32 - - [02/Oct/2023:12:10:55 -0500] "GET /sipse/faces/presentacion/financiero/solicitudAnulacion/solicitudAnulacion.xhtml HTTP/1.1" 200 20277
186.85.234.32 - - [02/Oct/2023:12:10:55 -0500] "POST /sipse/faces/presentacion/financiero/solicitudAnulacion/registrarSolicitudAnulacion.xhtml HTTP/1.1" 200 184
186.85.234.32 - - [02/Oct/2023:12:10:55 -0500] "GET /sipse/faces/presentacion/financiero/solicitudAnulacion/solicitudAnulacion.xhtml HTTP/1.1" 200 35310
186.85.234.32 - - [02/Oct/2023:12:10:55 -0500] "POST /sipse/faces/presentacion/financiero/solicitudAnulacion/registrarSolicitudAnulacion.xhtml HTTP/1.1" 200 184
186.85.234.32 - - [02/Oct/2023:12:10:55 -0500] "GET /sipse/faces/presentacion/financiero/solicitudAnulacion/solicitudAnulacion.xhtml HTTP/1.1" 200 29664
186.85.234.32 - - [02/Oct/2023:12:10:55 -0500] "POST /sipse/faces/presentacion/financiero/solicitudAnulacion/registrarSolicitudAnulacion.xhtml HTTP/1.1" 200 184
186.85.234.32 - - [02/Oct/2023:12:10:55 -0500] "GET /sipse/faces/presentacion/financiero/solicitudAnulacion/solicitudAnulacion.xhtml HTTP/1.1" 200 26832
186.85.234.32 - - [02/Oct/2023:12:10:55 -0500] "GET /sipse/faces/presentacion/financiero/solicitudAnulacion/solicitudAnulacion.xhtml HTTP/1.1" 200 35310
186.85.234.32 - - [02/Oct/2023:12:10:55 -0500] "GET /sipse/faces/javax.faces.resource/theme.css?ln=primefaces-sipse HTTP/1.1" 304 -
186.85.234.32 - - [02/Oct/2023:12:10:55 -0500] "GET /sipse/faces/javax.faces.resource/primefaces.css?ln=primefaces&v=4.0 HTTP/1.1" 304 -
186.85.234.32 - - [02/Oct/2023:12:10:55 -0500] "GET /sipse/faces/javax.faces.resource/layout/layout.css?ln=primefaces&v=4.0 HTTP/1.1" 304 -
186.85.234.32 - - [02/Oct/2023:12:10:55 -0500] "GET /sipse/faces/javax.faces.resource/jquery/jquery.js?ln=primefaces&v=4.0 HTTP/1.1" 304 -
186.85.234.32 - - [02/Oct/2023:12:10:55 -0500] "GET /sipse/faces/javax.faces.resource/jquery/jquery-plugins.js?ln=primefaces&v=4.0 HTTP/1.1" 304 -
186.85.234.32 - - [02/Oct/2023:12:10:55 -0500] "GET /sipse/faces/javax.faces.resource/primefaces.js?ln=primefaces&v=4.0 HTTP/1.1" 304 -
186.85.234.32 - - [02/Oct/2023:12:10:55 -0500] "GET /sipse/faces/javax.faces.resource/layout/layout.js?ln=primefaces&v=4.0 HTTP/1.1" 304 -
186.85.234.32 - - [02/Oct/2023:12:10:56 -0500] "POST /sipse/faces/presentacion/financiero/solicitudAnulacion/solicitudAnulacion.xhtml HTTP/1.1" 200 12489
201.245.192.253 - - [02/Oct/2023:12:11:02 -0500] "GET /BLA/resoluciones/RESOLUCIONES%202021/0868.pdf HTTP/1.1" 200 1950750
201.245.192.253 - - [02/Oct/2023:12:11:02 -0500] "GET /BLA/resoluciones/RESOLUCIONES%202021/0868.pdf HTTP/1.1" 206 1025
201.245.192.253 - - [02/Oct/2023:12:11:02 -0500] "GET /BLA/resoluciones/RESOLUCIONES%202021/0868.pdf HTTP/1.1" 200 1950750
186.85.234.32 - - [02/Oct/2023:12:11:02 -0500] "POST /sipse/faces/presentacion/financiero/solicitudAnulacion/solicitudAnulacion.xhtml HTTP/1.1" 200 37274
186.85.234.32 - - [02/Oct/2023:12:11:02 -0500] "GET /sipse/faces/javax.faces.resource/theme.css?ln=primefaces-sipse HTTP/1.1" 304 -
186.85.234.32 - - [02/Oct/2023:12:11:03 -0500] "GET /sipse/faces/javax.faces.resource/primefaces.css?ln=primefaces&v=4.0 HTTP/1.1" 304 -
186.85.234.32 - - [02/Oct/2023:12:11:03 -0500] "GET /sipse/faces/javax.faces.resource/layout/layout.css?ln=primefaces&v=4.0 HTTP/1.1" 304 -
186.85.234.32 - - [02/Oct/2023:12:11:03 -0500] "GET /sipse/faces/javax.faces.resource/fileupload/fileupload.css?ln=primefaces&v=4.0 HTTP/1.1" 304 -
186.85.234.32 - - [02/Oct/2023:12:11:03 -0500] "GET /sipse/faces/javax.faces.resource/jquery/jquery.js?ln=primefaces&v=4.0 HTTP/1.1" 304 -
186.85.234.32 - - [02/Oct/2023:12:11:03 -0500] "GET /sipse/faces/javax.faces.resource/jquery/jquery-plugins.js?ln=primefaces&v=4.0 HTTP/1.1" 304 -
186.85.234.32 - - [02/Oct/2023:12:11:03 -0500] "GET /sipse/faces/javax.faces.resource/primefaces.js?ln=primefaces&v=4.0 HTTP/1.1" 304 -
186.85.234.32 - - [02/Oct/2023:12:11:03 -0500] "GET /sipse/faces/javax.faces.resource/layout/layout.js?ln=primefaces&v=4.0 HTTP/1.1" 304 -
186.85.234.32 - - [02/Oct/2023:12:11:03 -0500] "GET /sipse/faces/javax.faces.resource/fileupload/fileupload.js?ln=primefaces&v=4.0 HTTP/1.1" 304 -
201.245.192.253 - - [02/Oct/2023:12:11:04 -0500] "POST /kwsrmcab/Wsrmcab  HTTP/1.1" 200 43024
186.85.234.32 - - [02/Oct/2023:12:11:07 -0500] "POST /sipse/faces/presentacion/financiero/solicitudAnulacion/registrarSolicitudAnulacion.xhtml HTTP/1.1" 200 19439
186.85.234.32 - - [02/Oct/2023:12:11:10 -0500] "POST /sipse/faces/presentacion/financiero/solicitudAnulacion/registrarSolicitudAnulacion.xhtml HTTP/1.1" 200 19449
216.244.66.195 - - [02/Oct/2023:12:11:11 -0500] "GET /BLA/resoluciones/AUTOS%202007/1019.pdf HTTP/1.1" 200 117046
181.189.25.57 - - [02/Oct/2023:12:11:26 -0500] "POST /sipse/faces/presentacion/financiero/solicitudProceso/consultarSolicitudProceso.xhtml HTTP/1.1" 200 37887
181.189.25.57 - - [02/Oct/2023:12:11:27 -0500] "GET /sipse/faces/javax.faces.resource/theme.css?ln=primefaces-sipse HTTP/1.1" 304 -
181.189.25.57 - - [02/Oct/2023:12:11:27 -0500] "GET /sipse/faces/javax.faces.resource/primefaces.css?ln=primefaces&v=4.0 HTTP/1.1" 304 -
181.189.25.57 - - [02/Oct/2023:12:11:27 -0500] "GET /sipse/faces/javax.faces.resource/layout/layout.css?ln=primefaces&v=4.0 HTTP/1.1" 304 -
181.189.25.57 - - [02/Oct/2023:12:11:27 -0500] "GET /sipse/faces/javax.faces.resource/jquery/jquery.js?ln=primefaces&v=4.0 HTTP/1.1" 304 -
181.189.25.57 - - [02/Oct/2023:12:11:27 -0500] "GET /sipse/faces/javax.faces.resource/jquery/jquery-plugins.js?ln=primefaces&v=4.0 HTTP/1.1" 304 -
181.189.25.57 - - [02/Oct/2023:12:11:27 -0500] "GET /sipse/faces/javax.faces.resource/primefaces.js?ln=primefaces&v=4.0 HTTP/1.1" 304 -
181.189.25.57 - - [02/Oct/2023:12:11:27 -0500] "GET /sipse/faces/javax.faces.resource/layout/layout.js?ln=primefaces&v=4.0 HTTP/1.1" 304 -
181.189.25.57 - - [02/Oct/2023:12:11:27 -0500] "POST /sipse/faces/presentacion/financiero/solicitudProceso/listarSolicitudProceso.xhtml HTTP/1.1" 200 31221
181.189.25.57 - - [02/Oct/2023:12:11:27 -0500] "POST /sipse/faces/presentacion/financiero/solicitudProceso/listarSolicitudProceso.xhtml HTTP/1.1" 200 31221
181.189.25.57 - - [02/Oct/2023:12:11:27 -0500] "POST /sipse/faces/presentacion/financiero/solicitudProceso/listarSolicitudProceso.xhtml HTTP/1.1" 200 31221
181.189.25.57 - - [02/Oct/2023:12:11:28 -0500] "POST /sipse/faces/presentacion/financiero/solicitudProceso/listarSolicitudProceso.xhtml HTTP/1.1" 200 31221
181.189.25.57 - - [02/Oct/2023:12:11:28 -0500] "POST /sipse/faces/presentacion/financiero/solicitudProceso/listarSolicitudProceso.xhtml HTTP/1.1" 200 31221
181.189.25.57 - - [02/Oct/2023:12:11:28 -0500] "POST /sipse/faces/presentacion/financiero/solicitudProceso/listarSolicitudProceso.xhtml HTTP/1.1" 200 31221
181.189.25.57 - - [02/Oct/2023:12:11:28 -0500] "POST /sipse/faces/presentacion/financiero/solicitudProceso/listarSolicitudProceso.xhtml HTTP/1.1" 200 31221
186.85.234.32 - - [02/Oct/2023:12:11:29 -0500] "POST /sipse/faces/presentacion/financiero/solicitudAnulacion/registrarSolicitudAnulacion.xhtml HTTP/1.1" 200 3957
181.189.25.57 - - [02/Oct/2023:12:11:29 -0500] "POST /sipse/faces/presentacion/financiero/solicitudProceso/listarSolicitudProceso.xhtml HTTP/1.1" 200 31221
181.189.25.57 - - [02/Oct/2023:12:11:29 -0500] "POST /sipse/faces/presentacion/financiero/solicitudProceso/listarSolicitudProceso.xhtml HTTP/1.1" 200 31221
181.189.25.57 - - [02/Oct/2023:12:11:29 -0500] "POST /sipse/faces/presentacion/financiero/solicitudProceso/listarSolicitudProceso.xhtml HTTP/1.1" 200 31221
181.189.25.57 - - [02/Oct/2023:12:11:29 -0500] "POST /sipse/faces/presentacion/financiero/solicitudProceso/listarSolicitudProceso.xhtml HTTP/1.1" 200 1404
181.189.25.57 - - [02/Oct/2023:12:11:29 -0500] "POST /sipse/faces/presentacion/financiero/solicitudProceso/listarSolicitudProceso.xhtml HTTP/1.1" 200 1384
181.189.25.57 - - [02/Oct/2023:12:11:30 -0500] "POST /sipse/faces/presentacion/financiero/solicitudProceso/listarSolicitudProceso.xhtml HTTP/1.1" 200 1404
181.189.25.57 - - [02/Oct/2023:12:11:30 -0500] "POST /sipse/faces/presentacion/financiero/solicitudProceso/listarSolicitudProceso.xhtml HTTP/1.1" 200 1396
181.189.25.57 - - [02/Oct/2023:12:11:30 -0500] "POST /sipse/faces/presentacion/financiero/solicitudProceso/listarSolicitudProceso.xhtml HTTP/1.1" 200 1400
181.189.25.57 - - [02/Oct/2023:12:11:30 -0500] "POST /sipse/faces/presentacion/financiero/solicitudProceso/listarSolicitudProceso.xhtml HTTP/1.1" 200 1396
181.189.25.57 - - [02/Oct/2023:12:11:30 -0500] "POST /sipse/faces/presentacion/financiero/solicitudProceso/listarSolicitudProceso.xhtml HTTP/1.1" 200 1400
181.189.25.57 - - [02/Oct/2023:12:11:31 -0500] "POST /sipse/faces/presentacion/financiero/solicitudProceso/listarSolicitudProceso.xhtml HTTP/1.1" 200 1400
181.189.25.57 - - [02/Oct/2023:12:11:31 -0500] "POST /sipse/faces/presentacion/financiero/solicitudProceso/listarSolicitudProceso.xhtml HTTP/1.1" 200 1400
181.189.25.57 - - [02/Oct/2023:12:11:31 -0500] "POST /sipse/faces/presentacion/financiero/solicitudProceso/listarSolicitudProceso.xhtml HTTP/1.1" 200 1400
181.189.25.57 - - [02/Oct/2023:12:11:31 -0500] "POST /sipse/faces/presentacion/financiero/solicitudProceso/listarSolicitudProceso.xhtml HTTP/1.1" 200 1404
181.189.25.57 - - [02/Oct/2023:12:11:34 -0500] "POST /sipse/faces/presentacion/financiero/solicitudProceso/listarSolicitudProceso.xhtml HTTP/1.1" 200 3093
181.189.25.57 - - [02/Oct/2023:12:11:37 -0500] "POST /sipse/faces/presentacion/financiero/solicitudProceso/listarSolicitudProceso.xhtml HTTP/1.1" 200 5859
201.245.192.253 - - [02/Oct/2023:12:11:39 -0500] "POST /forms/lservlet;jsessionid=ac16012b30d6c612f91523904fddaeaa8c32f20a6310.e3iSbxaKaheRe34Pbx8Nc3aQci1ynknvrkLOlQzNp65In0 HTTP/1.1" 200 2
181.189.25.57 - - [02/Oct/2023:12:11:41 -0500] "POST /sipse/faces/presentacion/financiero/solicitudProceso/listarSolicitudProceso.xhtml HTTP/1.1" 200 134731
181.189.25.57 - - [02/Oct/2023:12:11:42 -0500] "GET /sipse/faces/javax.faces.resource/primefaces.css?ln=primefaces&v=4.0 HTTP/1.1" 304 -
181.189.25.57 - - [02/Oct/2023:12:11:42 -0500] "GET /sipse/faces/javax.faces.resource/layout/layout.css?ln=primefaces&v=4.0 HTTP/1.1" 304 -
181.189.25.57 - - [02/Oct/2023:12:11:42 -0500] "GET /sipse/faces/javax.faces.resource/theme.css?ln=primefaces-sipse HTTP/1.1" 304 -
181.189.25.57 - - [02/Oct/2023:12:11:42 -0500] "GET /sipse/faces/javax.faces.resource/jquery/jquery.js?ln=primefaces&v=4.0 HTTP/1.1" 304 -
181.189.25.57 - - [02/Oct/2023:12:11:42 -0500] "GET /sipse/faces/javax.faces.resource/jquery/jquery-plugins.js?ln=primefaces&v=4.0 HTTP/1.1" 304 -
181.189.25.57 - - [02/Oct/2023:12:11:42 -0500] "GET /sipse/faces/javax.faces.resource/primefaces.js?ln=primefaces&v=4.0 HTTP/1.1" 304 -
181.189.25.57 - - [02/Oct/2023:12:11:42 -0500] "GET /sipse/faces/javax.faces.resource/layout/layout.js?ln=primefaces&v=4.0 HTTP/1.1" 304 -
201.245.192.253 - - [02/Oct/2023:12:11:43 -0500] "POST /forms/lservlet;jsessionid=ac16012b30d61c17b6c681924b7b86af99f2bda09564.e3iSbxaKaheRe34Pbx8Nc3aQci1ynknvrkLOlQzNp65In0 HTTP/1.1" 200 2
216.244.66.195 - - [02/Oct/2023:12:11:49 -0500] "GET /BLA/resoluciones/AUTOS%202007/1195.pdf HTTP/1.1" 200 24750
181.189.25.57 - - [02/Oct/2023:12:11:54 -0500] "POST /sipse/faces/presentacion/financiero/solicitudProceso/consultarSolicitudProceso.xhtml HTTP/1.1" 200 149578
201.245.192.253 - - [02/Oct/2023:12:11:56 -0500] "POST /appsia/controlador HTTP/1.1" 200 7771
186.85.234.32 - - [02/Oct/2023:12:11:57 -0500] "POST /sipse/faces/presentacion/financiero/solicitudAnulacion/registrarSolicitudAnulacion.xhtml HTTP/1.1" 200 3958
201.245.192.253 - - [02/Oct/2023:12:11:59 -0500] "POST /appsia/controlador HTTP/1.1" 200 6636
201.245.192.253 - - [02/Oct/2023:12:12:00 -0500] "POST /appsia/controlador HTTP/1.1" 200 10953
201.245.192.253 - - [02/Oct/2023:12:12:02 -0500] "POST /appsia/controlador HTTP/1.1" 200 75931
201.245.192.253 - - [02/Oct/2023:12:12:07 -0500] "GET /sipse/faces/javax.faces.resource/theme.css?ln=primefaces-sipse HTTP/1.1" 304 -
201.245.192.253 - - [02/Oct/2023:12:12:07 -0500] "GET /sipse/faces/faces/faces/autenticacion.xhtml HTTP/1.1" 200 12418
201.245.192.253 - - [02/Oct/2023:12:12:08 -0500] "GET /sipse/faces/javax.faces.resource/theme.css?ln=primefaces-sipse HTTP/1.1" 304 -
201.245.192.253 - - [02/Oct/2023:12:12:08 -0500] "GET /sipse/faces/javax.faces.resource/layout/layout.css?ln=primefaces&v=4.0 HTTP/1.1" 304 -
201.245.192.253 - - [02/Oct/2023:12:12:08 -0500] "GET /sipse/faces/javax.faces.resource/primefaces.css?ln=primefaces&v=4.0 HTTP/1.1" 304 -
201.245.192.253 - - [02/Oct/2023:12:12:08 -0500] "GET /sipse/faces/javax.faces.resource/jquery/jquery-plugins.js?ln=primefaces&v=4.0 HTTP/1.1" 304 -
201.245.192.253 - - [02/Oct/2023:12:12:08 -0500] "GET /sipse/faces/javax.faces.resource/primefaces.js?ln=primefaces&v=4.0 HTTP/1.1" 304 -
201.245.192.253 - - [02/Oct/2023:12:12:08 -0500] "GET /sipse/faces/javax.faces.resource/jquery/jquery.js?ln=primefaces&v=4.0 HTTP/1.1" 304 -
201.245.192.253 - - [02/Oct/2023:12:12:08 -0500] "GET /sipse/faces/javax.faces.resource/layout/layout.js?ln=primefaces&v=4.0 HTTP/1.1" 304 -
201.245.192.253 - - [02/Oct/2023:12:12:08 -0500] "GET /sipse/faces/javax.faces.resource/images/ui-icons_898989_256x240.png?ln=primefaces-aristo HTTP/1.1" 304 -
186.85.234.32 - - [02/Oct/2023:12:12:09 -0500] "POST /sipse/faces/presentacion/financiero/solicitudAnulacion/registrarSolicitudAnulacion.xhtml HTTP/1.1" 200 3958
181.189.25.57 - - [02/Oct/2023:12:12:12 -0500] "POST /sipse/faces/presentacion/financiero/solicitudProceso/consultarSolicitudProceso.xhtml HTTP/1.1" 200 498819
216.244.66.195 - - [02/Oct/2023:12:12:20 -0500] "GET /BLA/resoluciones/AUTOS%202007/1256.pdf HTTP/1.1" 200 60520
186.85.234.32 - - [02/Oct/2023:12:12:44 -0500] "POST /sipse/faces/presentacion/financiero/solicitudAnulacion/registrarSolicitudAnulacion.xhtml HTTP/1.1" 200 3960
186.84.21.166 - - [02/Oct/2023:12:12:52 -0500] "GET /sipse/faces/index.xhtml HTTP/1.1" 200 677
186.84.21.166 - - [02/Oct/2023:12:12:53 -0500] "GET /sipse/faces/javax.faces.resource/theme.css?ln=primefaces-sipse HTTP/1.1" 304 -
186.84.21.166 - - [02/Oct/2023:12:12:53 -0500] "GET /sipse/faces/faces/autenticacion.xhtml HTTP/1.1" 200 12410
186.84.21.166 - - [02/Oct/2023:12:12:53 -0500] "GET /sipse/js/funciones.js HTTP/1.1" 304 -
186.84.21.166 - - [02/Oct/2023:12:12:53 -0500] "GET /sipse/js/disable_browser_buttons.js HTTP/1.1" 304 -
186.84.21.166 - - [02/Oct/2023:12:12:53 -0500] "GET /sipse/css/custom_css_sg_prime_login.css HTTP/1.1" 304 -
186.84.21.166 - - [02/Oct/2023:12:12:53 -0500] "GET /sipse/css/custom_css_sg.css HTTP/1.1" 304 -
186.84.21.166 - - [02/Oct/2023:12:12:53 -0500] "GET /sipse/faces/javax.faces.resource/layout/layout.css?ln=primefaces&v=4.0 HTTP/1.1" 304 -
186.84.21.166 - - [02/Oct/2023:12:12:53 -0500] "GET /sipse/faces/javax.faces.resource/jquery/jquery.js?ln=primefaces&v=4.0 HTTP/1.1" 304 -
186.84.21.166 - - [02/Oct/2023:12:12:53 -0500] "GET /sipse/faces/javax.faces.resource/primefaces.css?ln=primefaces&v=4.0 HTTP/1.1" 304 -
186.84.21.166 - - [02/Oct/2023:12:12:53 -0500] "GET /sipse/faces/javax.faces.resource/theme.css?ln=primefaces-sipse HTTP/1.1" 304 -
186.84.21.166 - - [02/Oct/2023:12:12:53 -0500] "GET /sipse/faces/javax.faces.resource/jquery/jquery-plugins.js?ln=primefaces&v=4.0 HTTP/1.1" 304 -
186.84.21.166 - - [02/Oct/2023:12:12:53 -0500] "GET /sipse/faces/javax.faces.resource/layout/layout.js?ln=primefaces&v=4.0 HTTP/1.1" 304 -
186.84.21.166 - - [02/Oct/2023:12:12:53 -0500] "GET /sipse/faces/javax.faces.resource/primefaces.js?ln=primefaces&v=4.0 HTTP/1.1" 304 -
186.84.21.166 - - [02/Oct/2023:12:12:54 -0500] "GET /sipse/css/imagen/logoSDG.png HTTP/1.1" 304 -
186.84.21.166 - - [02/Oct/2023:12:12:54 -0500] "GET /sipse/css/imagen/loginimg.png HTTP/1.1" 304 -
186.84.21.166 - - [02/Oct/2023:12:12:54 -0500] "GET /sipse/faces/javax.faces.resource/images/ui-icons_898989_256x240.png?ln=primefaces-aristo HTTP/1.1" 304 -
66.249.66.194 - - [02/Oct/2023:12:12:54 -0500] "GET /bogota-lanza-la-red-colaborativa-de-microsensores-para-medir-la-calidad-del-aire-en-microambientes.html HTTP/1.1" 200 1008
66.249.66.193 - - [02/Oct/2023:12:12:55 -0500] "GET /en-julio-programate-para-asistir-a-las-caminatas-ecologicas-y-conectarte-con-la-naturaleza.html HTTP/1.1" 304 -
66.249.66.194 - - [02/Oct/2023:12:12:55 -0500] "GET /privados-y-distrito-inauguraron-vivero-en-la-reserva-van-der-hammen-con-capacidad-para-producir-50-mil-arboles-al-ano.html HTTP/1.1" 304 -
216.244.66.195 - - [02/Oct/2023:12:12:58 -0500] "GET /BLA/resoluciones/AUTOS%202007/1272.pdf HTTP/1.1" 200 146706
186.85.234.32 - - [02/Oct/2023:12:13:20 -0500] "POST /sipse/faces/presentacion/financiero/solicitudAnulacion/registrarSolicitudAnulacion.xhtml HTTP/1.1" 200 41978
186.85.234.32 - - [02/Oct/2023:12:13:21 -0500] "GET /sipse/faces/javax.faces.resource/theme.css?ln=primefaces-sipse HTTP/1.1" 304 -
186.85.234.32 - - [02/Oct/2023:12:13:21 -0500] "GET /sipse/faces/javax.faces.resource/primefaces.css?ln=primefaces&v=4.0 HTTP/1.1" 304 -
186.85.234.32 - - [02/Oct/2023:12:13:21 -0500] "GET /sipse/faces/javax.faces.resource/layout/layout.css?ln=primefaces&v=4.0 HTTP/1.1" 304 -
186.85.234.32 - - [02/Oct/2023:12:13:21 -0500] "GET /sipse/faces/javax.faces.resource/jquery/jquery.js?ln=primefaces&v=4.0 HTTP/1.1" 304 -
186.85.234.32 - - [02/Oct/2023:12:13:21 -0500] "GET /sipse/faces/javax.faces.resource/jquery/jquery-plugins.js?ln=primefaces&v=4.0 HTTP/1.1" 304 -
186.85.234.32 - - [02/Oct/2023:12:13:21 -0500] "GET /sipse/faces/javax.faces.resource/primefaces.js?ln=primefaces&v=4.0 HTTP/1.1" 304 -
186.85.234.32 - - [02/Oct/2023:12:13:21 -0500] "GET /sipse/faces/javax.faces.resource/layout/layout.js?ln=primefaces&v=4.0 HTTP/1.1" 304 -
186.84.21.166 - - [02/Oct/2023:12:13:21 -0500] "POST /sipse/faces/autenticacion.xhtml HTTP/1.1" 200 2221
186.84.21.166 - - [02/Oct/2023:12:13:21 -0500] "GET /sipse/faces/javax.faces.resource/messages/messages.png?ln=primefaces&v=4.0 HTTP/1.1" 304 -
186.84.21.166 - - [02/Oct/2023:12:13:23 -0500] "POST /sipse/faces/autenticacion.xhtml HTTP/1.1" 200 16390
186.84.21.166 - - [02/Oct/2023:12:13:23 -0500] "GET /sipse/css/custom_css_sg_prime.css HTTP/1.1" 304 -
186.84.21.166 - - [02/Oct/2023:12:13:23 -0500] "GET /sipse/faces/javax.faces.resource/primefaces.css?ln=primefaces&v=4.0 HTTP/1.1" 304 -
186.84.21.166 - - [02/Oct/2023:12:13:23 -0500] "GET /sipse/faces/javax.faces.resource/layout/layout.css?ln=primefaces&v=4.0 HTTP/1.1" 304 -
186.84.21.166 - - [02/Oct/2023:12:13:23 -0500] "GET /sipse/faces/javax.faces.resource/theme.css?ln=primefaces-sipse HTTP/1.1" 304 -
186.84.21.166 - - [02/Oct/2023:12:13:23 -0500] "GET /sipse/js/jquery.min.js HTTP/1.1" 304 -
186.84.21.166 - - [02/Oct/2023:12:13:23 -0500] "GET /sipse/faces/javax.faces.resource/jquery/jquery.js?ln=primefaces&v=4.0 HTTP/1.1" 304 -
186.84.21.166 - - [02/Oct/2023:12:13:23 -0500] "GET /sipse/faces/javax.faces.resource/jquery/jquery-plugins.js?ln=primefaces&v=4.0 HTTP/1.1" 304 -
186.84.21.166 - - [02/Oct/2023:12:13:23 -0500] "GET /sipse/faces/javax.faces.resource/primefaces.js?ln=primefaces&v=4.0 HTTP/1.1" 304 -
186.84.21.166 - - [02/Oct/2023:12:13:23 -0500] "GET /sipse/faces/javax.faces.resource/layout/layout.js?ln=primefaces&v=4.0 HTTP/1.1" 304 -
186.84.21.166 - - [02/Oct/2023:12:13:23 -0500] "GET /sipse/css/v_mergente.css HTTP/1.1" 304 -
186.84.21.166 - - [02/Oct/2023:12:13:23 -0500] "GET /sipse/imagenes/cargando.gif HTTP/1.1" 304 -
186.84.21.166 - - [02/Oct/2023:12:13:23 -0500] "GET /sipse/css/imagen/contrasena.png HTTP/1.1" 404 383
186.84.21.166 - - [02/Oct/2023:12:13:23 -0500] "GET /sipse/imagenes/logoAplicacion.jpg HTTP/1.1" 304 -
216.244.66.195 - - [02/Oct/2023:12:13:35 -0500] "GET /BLA/resoluciones/AUTOS%202007/1348.pdf HTTP/1.1" 200 35303
201.245.192.253 - - [02/Oct/2023:12:13:39 -0500] "POST /forms/lservlet;jsessionid=ac16012b30d6c612f91523904fddaeaa8c32f20a6310.e3iSbxaKaheRe34Pbx8Nc3aQci1ynknvrkLOlQzNp65In0 HTTP/1.1" 200 2
186.85.234.32 - - [02/Oct/2023:12:13:40 -0500] "POST /sipse/faces/presentacion/financiero/solicitudProceso/consultar.xhtml HTTP/1.1" 200 12855
201.245.192.253 - - [02/Oct/2023:12:13:43 -0500] "POST /forms/lservlet;jsessionid=ac16012b30d61c17b6c681924b7b86af99f2bda09564.e3iSbxaKaheRe34Pbx8Nc3aQci1ynknvrkLOlQzNp65In0 HTTP/1.1" 200 2
186.85.234.32 - - [02/Oct/2023:12:13:49 -0500] "POST /sipse/faces/presentacion/financiero/solicitudProceso/consultar.xhtml HTTP/1.1" 200 52402
186.85.234.32 - - [02/Oct/2023:12:13:49 -0500] "GET /sipse/faces/javax.faces.resource/theme.css?ln=primefaces-sipse HTTP/1.1" 304 -
186.85.234.32 - - [02/Oct/2023:12:13:49 -0500] "GET /sipse/faces/javax.faces.resource/layout/layout.css?ln=primefaces&v=4.0 HTTP/1.1" 304 -
186.85.234.32 - - [02/Oct/2023:12:13:49 -0500] "GET /sipse/faces/javax.faces.resource/fileupload/fileupload.css?ln=primefaces&v=4.0 HTTP/1.1" 304 -
186.85.234.32 - - [02/Oct/2023:12:13:49 -0500] "GET /sipse/faces/javax.faces.resource/primefaces.css?ln=primefaces&v=4.0 HTTP/1.1" 304 -
186.85.234.32 - - [02/Oct/2023:12:13:49 -0500] "GET /sipse/faces/javax.faces.resource/jquery/jquery.js?ln=primefaces&v=4.0 HTTP/1.1" 304 -
186.85.234.32 - - [02/Oct/2023:12:13:49 -0500] "GET /sipse/faces/javax.faces.resource/jquery/jquery-plugins.js?ln=primefaces&v=4.0 HTTP/1.1" 304 -
186.85.234.32 - - [02/Oct/2023:12:13:49 -0500] "GET /sipse/faces/javax.faces.resource/primefaces.js?ln=primefaces&v=4.0 HTTP/1.1" 304 -
186.85.234.32 - - [02/Oct/2023:12:13:50 -0500] "GET /sipse/faces/javax.faces.resource/layout/layout.js?ln=primefaces&v=4.0 HTTP/1.1" 304 -
186.85.234.32 - - [02/Oct/2023:12:13:50 -0500] "GET /sipse/faces/javax.faces.resource/fileupload/fileupload.js?ln=primefaces&v=4.0 HTTP/1.1" 304 -
216.244.66.195 - - [02/Oct/2023:12:14:07 -0500] "GET /BLA/resoluciones/AUTOS%202007/1357.pdf HTTP/1.1" 200 55177
172.22.2.4 - - [02/Oct/2023:12:12:50 -0500] "HEAD /BLA/boletinlegal/ HTTP/1.1" 200 -
216.244.66.195 - - [02/Oct/2023:12:14:38 -0500] "GET /BLA/resoluciones/AUTOS%202007/1425.pdf HTTP/1.1" 200 32647
186.84.21.166 - - [02/Oct/2023:12:14:40 -0500] "GET /sipse/faces/javax.faces.resource/images/ui-bg_flat_0_2d5972_40x100.png?ln=primefaces-aristo HTTP/1.1" 304 -
186.84.21.166 - - [02/Oct/2023:12:14:40 -0500] "POST /sipse/faces/bienvenido.xhtml HTTP/1.1" 200 2658
216.245.221.92 - - [02/Oct/2023:12:14:42 -0500] "HEAD / HTTP/1.1" 200 -
186.102.17.151 - - [02/Oct/2023:12:14:42 -0500] "GET /proximo-4-de-octubre-simulacro-distrital-de-evacuacion-dia-y-noche.html?fbclid=IwAR0v1X2-NgbWZluh6FeuysRR6vqYuWIUnNqMIwcza1GjrUNby2UFE1yvJx0 HTTP/1.1" 200 783
186.84.21.166 - - [02/Oct/2023:12:14:42 -0500] "POST /sipse/faces/bienvenido.xhtml HTTP/1.1" 200 63339
186.84.21.166 - - [02/Oct/2023:12:14:43 -0500] "GET /sipse/faces/javax.faces.resource/primefaces.css?ln=primefaces&v=4.0 HTTP/1.1" 304 -
186.84.21.166 - - [02/Oct/2023:12:14:43 -0500] "GET /sipse/faces/javax.faces.resource/theme.css?ln=primefaces-sipse HTTP/1.1" 304 -
186.84.21.166 - - [02/Oct/2023:12:14:43 -0500] "GET /sipse/faces/javax.faces.resource/layout/layout.css?ln=primefaces&v=4.0 HTTP/1.1" 304 -
186.84.21.166 - - [02/Oct/2023:12:14:43 -0500] "GET /sipse/faces/javax.faces.resource/jquery/jquery.js?ln=primefaces&v=4.0 HTTP/1.1" 304 -
186.84.21.166 - - [02/Oct/2023:12:14:43 -0500] "GET /sipse/faces/javax.faces.resource/jquery/jquery-plugins.js?ln=primefaces&v=4.0 HTTP/1.1" 304 -
186.84.21.166 - - [02/Oct/2023:12:14:43 -0500] "GET /sipse/faces/javax.faces.resource/primefaces.js?ln=primefaces&v=4.0 HTTP/1.1" 304 -
186.84.21.166 - - [02/Oct/2023:12:14:43 -0500] "GET /sipse/faces/javax.faces.resource/layout/layout.js?ln=primefaces&v=4.0 HTTP/1.1" 304 -
186.84.21.166 - - [02/Oct/2023:12:14:43 -0500] "POST /sipse/faces/presentacion/financiero/solicitudProceso/listarSolicitudProceso.xhtml HTTP/1.1" 200 1552
181.189.25.57 - - [02/Oct/2023:12:14:44 -0500] "POST /sipse/faces/presentacion/financiero/solicitudProceso/consultarSolicitudProceso.xhtml HTTP/1.1" 200 43769
181.189.25.57 - - [02/Oct/2023:12:14:44 -0500] "GET /sipse/faces/javax.faces.resource/theme.css?ln=primefaces-sipse HTTP/1.1" 304 -
181.189.25.57 - - [02/Oct/2023:12:14:44 -0500] "GET /sipse/faces/javax.faces.resource/primefaces.css?ln=primefaces&v=4.0 HTTP/1.1" 304 -
181.189.25.57 - - [02/Oct/2023:12:14:44 -0500] "GET /sipse/faces/javax.faces.resource/layout/layout.css?ln=primefaces&v=4.0 HTTP/1.1" 304 -
181.189.25.57 - - [02/Oct/2023:12:14:44 -0500] "GET /sipse/faces/javax.faces.resource/jquery/jquery.js?ln=primefaces&v=4.0 HTTP/1.1" 304 -
181.189.25.57 - - [02/Oct/2023:12:14:44 -0500] "GET /sipse/faces/javax.faces.resource/jquery/jquery-plugins.js?ln=primefaces&v=4.0 HTTP/1.1" 304 -
181.189.25.57 - - [02/Oct/2023:12:14:44 -0500] "GET /sipse/faces/javax.faces.resource/primefaces.js?ln=primefaces&v=4.0 HTTP/1.1" 304 -
181.189.25.57 - - [02/Oct/2023:12:14:44 -0500] "GET /sipse/faces/javax.faces.resource/layout/layout.js?ln=primefaces&v=4.0 HTTP/1.1" 304 -
181.189.25.57 - - [02/Oct/2023:12:14:44 -0500] "POST /sipse/faces/presentacion/financiero/solicitudProceso/consultar.xhtml HTTP/1.1" 200 37129
181.189.25.57 - - [02/Oct/2023:12:14:44 -0500] "POST /sipse/faces/presentacion/financiero/solicitudProceso/consultar.xhtml HTTP/1.1" 200 37129
186.85.234.32 - - [02/Oct/2023:12:14:45 -0500] "POST /sipse/faces/presentacion/financiero/solicitudAnulacion/registrarSolicitudAnulacion.xhtml HTTP/1.1" 200 10153
181.189.25.57 - - [02/Oct/2023:12:14:45 -0500] "POST /sipse/faces/presentacion/financiero/solicitudProceso/consultar.xhtml HTTP/1.1" 200 37129
181.189.25.57 - - [02/Oct/2023:12:14:45 -0500] "POST /sipse/faces/presentacion/financiero/solicitudProceso/consultar.xhtml HTTP/1.1" 200 37129
181.189.25.57 - - [02/Oct/2023:12:14:45 -0500] "POST /sipse/faces/presentacion/financiero/solicitudProceso/consultar.xhtml HTTP/1.1" 200 37129
181.189.25.57 - - [02/Oct/2023:12:14:45 -0500] "POST /sipse/faces/presentacion/financiero/solicitudProceso/consultar.xhtml HTTP/1.1" 200 37129
181.189.25.57 - - [02/Oct/2023:12:14:45 -0500] "POST /sipse/faces/presentacion/financiero/solicitudProceso/consultar.xhtml HTTP/1.1" 200 37129
181.189.25.57 - - [02/Oct/2023:12:14:45 -0500] "POST /sipse/faces/presentacion/financiero/solicitudProceso/consultar.xhtml HTTP/1.1" 200 37129
181.189.25.57 - - [02/Oct/2023:12:14:46 -0500] "POST /sipse/faces/presentacion/financiero/solicitudProceso/consultar.xhtml HTTP/1.1" 200 37129
181.189.25.57 - - [02/Oct/2023:12:14:46 -0500] "POST /sipse/faces/presentacion/financiero/solicitudProceso/consultar.xhtml HTTP/1.1" 200 37129
181.189.25.57 - - [02/Oct/2023:12:14:46 -0500] "POST /sipse/faces/presentacion/financiero/solicitudProceso/consultar.xhtml HTTP/1.1" 200 37129
181.189.25.57 - - [02/Oct/2023:12:14:46 -0500] "POST /sipse/faces/presentacion/financiero/solicitudProceso/consultar.xhtml HTTP/1.1" 200 37129
181.189.25.57 - - [02/Oct/2023:12:14:48 -0500] "POST /sipse/faces/presentacion/financiero/solicitudProceso/consultar.xhtml HTTP/1.1" 200 12825
186.84.21.166 - - [02/Oct/2023:12:14:51 -0500] "POST /sipse/faces/presentacion/financiero/solicitudProceso/listarSolicitudProceso.xhtml HTTP/1.1" 200 141640
186.84.21.166 - - [02/Oct/2023:12:14:51 -0500] "GET /sipse/faces/javax.faces.resource/theme.css?ln=primefaces-sipse HTTP/1.1" 304 -
186.84.21.166 - - [02/Oct/2023:12:14:51 -0500] "GET /sipse/faces/javax.faces.resource/layout/layout.css?ln=primefaces&v=4.0 HTTP/1.1" 304 -
186.84.21.166 - - [02/Oct/2023:12:14:51 -0500] "GET /sipse/faces/javax.faces.resource/primefaces.css?ln=primefaces&v=4.0 HTTP/1.1" 304 -
186.84.21.166 - - [02/Oct/2023:12:14:52 -0500] "GET /sipse/faces/javax.faces.resource/jquery/jquery.js?ln=primefaces&v=4.0 HTTP/1.1" 304 -
186.84.21.166 - - [02/Oct/2023:12:14:52 -0500] "GET /sipse/faces/javax.faces.resource/jquery/jquery-plugins.js?ln=primefaces&v=4.0 HTTP/1.1" 304 -
186.84.21.166 - - [02/Oct/2023:12:14:52 -0500] "GET /sipse/faces/javax.faces.resource/primefaces.js?ln=primefaces&v=4.0 HTTP/1.1" 304 -
186.84.21.166 - - [02/Oct/2023:12:14:52 -0500] "GET /sipse/faces/javax.faces.resource/layout/layout.js?ln=primefaces&v=4.0 HTTP/1.1" 304 -
181.189.25.57 - - [02/Oct/2023:12:14:58 -0500] "POST /sipse/faces/presentacion/financiero/solicitudProceso/consultar.xhtml HTTP/1.1" 200 12726
181.189.25.57 - - [02/Oct/2023:12:15:01 -0500] "POST /sipse/faces/presentacion/financiero/solicitudProceso/consultar.xhtml HTTP/1.1" 200 130617
181.189.25.57 - - [02/Oct/2023:12:15:02 -0500] "GET /sipse/faces/javax.faces.resource/theme.css?ln=primefaces-sipse HTTP/1.1" 304 -
181.189.25.57 - - [02/Oct/2023:12:15:02 -0500] "GET /sipse/faces/javax.faces.resource/primefaces.css?ln=primefaces&v=4.0 HTTP/1.1" 304 -
181.189.25.57 - - [02/Oct/2023:12:15:02 -0500] "GET /sipse/faces/javax.faces.resource/layout/layout.css?ln=primefaces&v=4.0 HTTP/1.1" 304 -
181.189.25.57 - - [02/Oct/2023:12:15:02 -0500] "GET /sipse/faces/javax.faces.resource/jquery/jquery.js?ln=primefaces&v=4.0 HTTP/1.1" 304 -
181.189.25.57 - - [02/Oct/2023:12:15:02 -0500] "GET /sipse/faces/javax.faces.resource/jquery/jquery-plugins.js?ln=primefaces&v=4.0 HTTP/1.1" 304 -
181.189.25.57 - - [02/Oct/2023:12:15:02 -0500] "GET /sipse/faces/javax.faces.resource/primefaces.js?ln=primefaces&v=4.0 HTTP/1.1" 304 -
181.189.25.57 - - [02/Oct/2023:12:15:02 -0500] "GET /sipse/faces/javax.faces.resource/layout/layout.js?ln=primefaces&v=4.0 HTTP/1.1" 304 -
186.84.21.166 - - [02/Oct/2023:12:15:05 -0500] "POST /sipse/faces/presentacion/financiero/solicitudProceso/consultarSolicitudProceso.xhtml HTTP/1.1" 200 140171
173.252.87.118 - - [02/Oct/2023:12:15:07 -0500] "GET /proximo-4-de-octubre-simulacro-distrital-de-evacuacion-dia-y-noche.html HTTP/1.1" 200 783
216.244.66.195 - - [02/Oct/2023:12:15:08 -0500] "GET /BLA/resoluciones/AUTOS%202007/1534.pdf HTTP/1.1" 200 178129
66.220.149.5 - - [02/Oct/2023:12:15:10 -0500] "GET /images/simulacro.jpg HTTP/1.1" 200 70588
186.84.21.166 - - [02/Oct/2023:12:15:13 -0500] "POST /sipse/faces/presentacion/financiero/solicitudProceso/consultarSolicitudProceso.xhtml HTTP/1.1" 200 184
186.84.21.166 - - [02/Oct/2023:12:15:13 -0500] "POST /sipse/faces/presentacion/financiero/solicitudProceso/consultarSolicitudProceso.xhtml HTTP/1.1" 200 184
186.84.21.166 - - [02/Oct/2023:12:15:13 -0500] "GET /sipse/faces/presentacion/financiero/solicitudAnulacion/solicitudAnulacion.xhtml HTTP/1.1" 200 15776
186.84.21.166 - - [02/Oct/2023:12:15:13 -0500] "POST /sipse/faces/presentacion/financiero/solicitudProceso/consultarSolicitudProceso.xhtml HTTP/1.1" 200 184
186.84.21.166 - - [02/Oct/2023:12:15:13 -0500] "GET /sipse/faces/presentacion/financiero/solicitudAnulacion/solicitudAnulacion.xhtml HTTP/1.1" 200 38752
186.84.21.166 - - [02/Oct/2023:12:15:13 -0500] "GET /sipse/faces/javax.faces.resource/theme.css?ln=primefaces-sipse HTTP/1.1" 304 -
186.84.21.166 - - [02/Oct/2023:12:15:14 -0500] "GET /sipse/faces/javax.faces.resource/primefaces.css?ln=primefaces&v=4.0 HTTP/1.1" 304 -
186.84.21.166 - - [02/Oct/2023:12:15:14 -0500] "GET /sipse/faces/javax.faces.resource/layout/layout.css?ln=primefaces&v=4.0 HTTP/1.1" 304 -
186.84.21.166 - - [02/Oct/2023:12:15:14 -0500] "GET /sipse/faces/javax.faces.resource/jquery/jquery.js?ln=primefaces&v=4.0 HTTP/1.1" 304 -
186.84.21.166 - - [02/Oct/2023:12:15:14 -0500] "GET /sipse/faces/javax.faces.resource/layout/layout.js?ln=primefaces&v=4.0 HTTP/1.1" 304 -
186.84.21.166 - - [02/Oct/2023:12:15:14 -0500] "GET /sipse/faces/javax.faces.resource/primefaces.js?ln=primefaces&v=4.0 HTTP/1.1" 304 -
186.84.21.166 - - [02/Oct/2023:12:15:14 -0500] "GET /sipse/faces/javax.faces.resource/jquery/jquery-plugins.js?ln=primefaces&v=4.0 HTTP/1.1" 304 -
186.84.21.166 - - [02/Oct/2023:12:15:14 -0500] "POST /sipse/faces/presentacion/financiero/solicitudAnulacion/solicitudAnulacion.xhtml HTTP/1.1" 200 17061
186.84.21.166 - - [02/Oct/2023:12:15:16 -0500] "POST /sipse/faces/presentacion/financiero/solicitudAnulacion/solicitudAnulacion.xhtml HTTP/1.1" 200 36112
186.84.21.166 - - [02/Oct/2023:12:15:16 -0500] "GET /sipse/faces/javax.faces.resource/theme.css?ln=primefaces-sipse HTTP/1.1" 304 -
186.84.21.166 - - [02/Oct/2023:12:15:16 -0500] "GET /sipse/faces/javax.faces.resource/primefaces.css?ln=primefaces&v=4.0 HTTP/1.1" 304 -
186.84.21.166 - - [02/Oct/2023:12:15:16 -0500] "GET /sipse/faces/javax.faces.resource/layout/layout.css?ln=primefaces&v=4.0 HTTP/1.1" 304 -
186.84.21.166 - - [02/Oct/2023:12:15:16 -0500] "GET /sipse/faces/javax.faces.resource/fileupload/fileupload.css?ln=primefaces&v=4.0 HTTP/1.1" 200 1330
186.84.21.166 - - [02/Oct/2023:12:15:16 -0500] "GET /sipse/faces/javax.faces.resource/jquery/jquery.js?ln=primefaces&v=4.0 HTTP/1.1" 304 -
186.84.21.166 - - [02/Oct/2023:12:15:16 -0500] "GET /sipse/faces/javax.faces.resource/jquery/jquery-plugins.js?ln=primefaces&v=4.0 HTTP/1.1" 304 -
186.84.21.166 - - [02/Oct/2023:12:15:16 -0500] "GET /sipse/faces/javax.faces.resource/primefaces.js?ln=primefaces&v=4.0 HTTP/1.1" 304 -
186.84.21.166 - - [02/Oct/2023:12:15:16 -0500] "GET /sipse/faces/javax.faces.resource/layout/layout.js?ln=primefaces&v=4.0 HTTP/1.1" 304 -
186.84.21.166 - - [02/Oct/2023:12:15:16 -0500] "GET /sipse/faces/javax.faces.resource/fileupload/fileupload.js?ln=primefaces&v=4.0 HTTP/1.1" 200 28091
186.84.21.166 - - [02/Oct/2023:12:15:20 -0500] "POST /sipse/faces/presentacion/financiero/solicitudAnulacion/registrarSolicitudAnulacion.xhtml HTTP/1.1" 200 19439
172.22.2.4 - - [02/Oct/2023:12:13:41 -0500] "GET /BLA/boletinlegal/ HTTP/1.1" 200 60342
181.189.25.57 - - [02/Oct/2023:12:15:22 -0500] "POST /sipse/faces/presentacion/financiero/solicitudProceso/consultarSolicitudProceso.xhtml HTTP/1.1" 200 463981
186.84.21.166 - - [02/Oct/2023:12:15:23 -0500] "POST /sipse/faces/presentacion/financiero/solicitudAnulacion/registrarSolicitudAnulacion.xhtml HTTP/1.1" 200 19449
186.84.21.166 - - [02/Oct/2023:12:15:32 -0500] "POST /sipse/faces/presentacion/financiero/solicitudAnulacion/registrarSolicitudAnulacion.xhtml HTTP/1.1" 200 3818
181.189.25.57 - - [02/Oct/2023:12:15:35 -0500] "POST /sipse/faces/presentacion/financiero/solicitudProceso/consultarSolicitudProceso.xhtml HTTP/1.1" 200 369702
201.245.192.253 - - [02/Oct/2023:12:15:39 -0500] "POST /forms/lservlet;jsessionid=ac16012b30d6c612f91523904fddaeaa8c32f20a6310.e3iSbxaKaheRe34Pbx8Nc3aQci1ynknvrkLOlQzNp65In0 HTTP/1.1" 200 2
216.244.66.195 - - [02/Oct/2023:12:15:39 -0500] "GET /BLA/resoluciones/AUTOS%202007/1646.pdf HTTP/1.1" 200 216973
186.85.234.32 - - [02/Oct/2023:12:15:41 -0500] "POST /sipse/faces/presentacion/financiero/solicitudAnulacion/registrarSolicitudAnulacion.xhtml HTTP/1.1" 200 8135
201.245.192.253 - - [02/Oct/2023:12:15:41 -0500] "POST /sipse/faces/presentacion/financiero/solicitudProceso/detalleSolicitudProcesoOtrosPagos.xhtml HTTP/1.1" 200 2235012
201.245.192.253 - - [02/Oct/2023:12:15:43 -0500] "POST /forms/lservlet;jsessionid=ac16012b30d61c17b6c681924b7b86af99f2bda09564.e3iSbxaKaheRe34Pbx8Nc3aQci1ynknvrkLOlQzNp65In0 HTTP/1.1" 200 2
181.189.25.57 - - [02/Oct/2023:12:15:44 -0500] "POST /sipse/faces/presentacion/financiero/solicitudProceso/consultarSolicitudProceso.xhtml HTTP/1.1" 200 369702
181.189.25.57 - - [02/Oct/2023:12:15:54 -0500] "POST /sipse/faces/presentacion/financiero/solicitudProceso/consultarSolicitudProceso.xhtml HTTP/1.1" 200 189343
201.245.192.253 - - [02/Oct/2023:12:16:02 -0500] "POST /appsia/controlador HTTP/1.1" 200 7771
186.84.21.166 - - [02/Oct/2023:12:16:02 -0500] "POST /sipse/faces/presentacion/financiero/solicitudAnulacion/registrarSolicitudAnulacion.xhtml HTTP/1.1" 200 3885
201.245.192.253 - - [02/Oct/2023:12:16:04 -0500] "POST /appsia/controlador HTTP/1.1" 200 5437
201.245.192.253 - - [02/Oct/2023:12:16:05 -0500] "POST /appsia/controlador HTTP/1.1" 200 4799
201.245.192.253 - - [02/Oct/2023:12:16:03 -0500] "POST /kwsrmcab/Wsrmcab  HTTP/1.1" 200 43024
201.245.192.253 - - [02/Oct/2023:12:16:08 -0500] "POST /forms/lservlet;jsessionid=ac16012b30d61c17b6c681924b7b86af99f2bda09564.e3iSbxaKaheRe34Pbx8Nc3aQci1ynknvrkLOlQzNp65In0 HTTP/1.1" 200 13613
201.245.192.253 - - [02/Oct/2023:12:16:11 -0500] "POST /forms/lservlet;jsessionid=ac16012b30d61c17b6c681924b7b86af99f2bda09564.e3iSbxaKaheRe34Pbx8Nc3aQci1ynknvrkLOlQzNp65In0 HTTP/1.1" 200 10
201.245.192.253 - - [02/Oct/2023:12:16:12 -0500] "POST /forms/lservlet;jsessionid=ac16012b30d61c17b6c681924b7b86af99f2bda09564.e3iSbxaKaheRe34Pbx8Nc3aQci1ynknvrkLOlQzNp65In0 HTTP/1.1" 200 13
201.245.192.253 - - [02/Oct/2023:12:16:14 -0500] "POST /forms/lservlet;jsessionid=ac16012b30d61c17b6c681924b7b86af99f2bda09564.e3iSbxaKaheRe34Pbx8Nc3aQci1ynknvrkLOlQzNp65In0 HTTP/1.1" 200 1552
69.171.251.3 - - [02/Oct/2023:12:16:15 -0500] "GET /images/calidad-del-aire-1.jpg HTTP/1.1" 200 30813
216.244.66.195 - - [02/Oct/2023:12:16:17 -0500] "GET /BLA/resoluciones/AUTOS%202009/0701.pdf HTTP/1.1" 200 110447
186.84.21.166 - - [02/Oct/2023:12:16:25 -0500] "POST /sipse/faces/presentacion/financiero/solicitudAnulacion/registrarSolicitudAnulacion.xhtml HTTP/1.1" 200 44518
186.84.21.166 - - [02/Oct/2023:12:16:25 -0500] "GET /sipse/faces/javax.faces.resource/primefaces.css?ln=primefaces&v=4.0 HTTP/1.1" 304 -
186.84.21.166 - - [02/Oct/2023:12:16:25 -0500] "GET /sipse/faces/javax.faces.resource/theme.css?ln=primefaces-sipse HTTP/1.1" 304 -
186.84.21.166 - - [02/Oct/2023:12:16:25 -0500] "GET /sipse/faces/javax.faces.resource/layout/layout.css?ln=primefaces&v=4.0 HTTP/1.1" 304 -
186.84.21.166 - - [02/Oct/2023:12:16:25 -0500] "GET /sipse/faces/javax.faces.resource/fileupload/fileupload.css?ln=primefaces&v=4.0 HTTP/1.1" 304 -
186.84.21.166 - - [02/Oct/2023:12:16:25 -0500] "GET /sipse/faces/javax.faces.resource/jquery/jquery.js?ln=primefaces&v=4.0 HTTP/1.1" 304 -
186.84.21.166 - - [02/Oct/2023:12:16:25 -0500] "GET /sipse/faces/javax.faces.resource/jquery/jquery-plugins.js?ln=primefaces&v=4.0 HTTP/1.1" 304 -
186.84.21.166 - - [02/Oct/2023:12:16:25 -0500] "GET /sipse/faces/javax.faces.resource/layout/layout.js?ln=primefaces&v=4.0 HTTP/1.1" 304 -
186.84.21.166 - - [02/Oct/2023:12:16:25 -0500] "GET /sipse/faces/javax.faces.resource/primefaces.js?ln=primefaces&v=4.0 HTTP/1.1" 304 -
186.84.21.166 - - [02/Oct/2023:12:16:25 -0500] "GET /sipse/faces/javax.faces.resource/fileupload/fileupload.js?ln=primefaces&v=4.0 HTTP/1.1" 304 -
191.108.56.78 - - [02/Oct/2023:12:16:26 -0500] "GET /favicon.ico HTTP/1.1" 200 7782
186.85.234.32 - - [02/Oct/2023:12:16:31 -0500] "POST /sipse/faces/presentacion/financiero/solicitudAnulacion/registrarSolicitudAnulacion.xhtml HTTP/1.1" 200 60800
186.85.234.32 - - [02/Oct/2023:12:16:31 -0500] "GET /sipse/faces/javax.faces.resource/theme.css?ln=primefaces-sipse HTTP/1.1" 304 -
186.85.234.32 - - [02/Oct/2023:12:16:32 -0500] "GET /sipse/faces/javax.faces.resource/primefaces.css?ln=primefaces&v=4.0 HTTP/1.1" 304 -
186.85.234.32 - - [02/Oct/2023:12:16:32 -0500] "GET /sipse/faces/javax.faces.resource/layout/layout.css?ln=primefaces&v=4.0 HTTP/1.1" 304 -
186.85.234.32 - - [02/Oct/2023:12:16:32 -0500] "GET /sipse/faces/javax.faces.resource/fileupload/fileupload.css?ln=primefaces&v=4.0 HTTP/1.1" 304 -
186.85.234.32 - - [02/Oct/2023:12:16:32 -0500] "GET /sipse/faces/javax.faces.resource/jquery/jquery.js?ln=primefaces&v=4.0 HTTP/1.1" 304 -
186.85.234.32 - - [02/Oct/2023:12:16:32 -0500] "GET /sipse/faces/javax.faces.resource/jquery/jquery-plugins.js?ln=primefaces&v=4.0 HTTP/1.1" 304 -
186.85.234.32 - - [02/Oct/2023:12:16:32 -0500] "GET /sipse/faces/javax.faces.resource/primefaces.js?ln=primefaces&v=4.0 HTTP/1.1" 304 -
186.85.234.32 - - [02/Oct/2023:12:16:32 -0500] "GET /sipse/faces/javax.faces.resource/layout/layout.js?ln=primefaces&v=4.0 HTTP/1.1" 304 -
186.85.234.32 - - [02/Oct/2023:12:16:32 -0500] "GET /sipse/faces/javax.faces.resource/fileupload/fileupload.js?ln=primefaces&v=4.0 HTTP/1.1" 304 -
186.84.21.166 - - [02/Oct/2023:12:16:35 -0500] "POST /sipse/faces/presentacion/financiero/solicitudAnulacion/registrarSolicitudAnulacion.xhtml HTTP/1.1" 200 4353
186.84.21.166 - - [02/Oct/2023:12:16:48 -0500] "POST /sipse/faces/presentacion/financiero/solicitudAnulacion/registrarSolicitudAnulacion.xhtml HTTP/1.1" 200 44506
186.84.21.166 - - [02/Oct/2023:12:16:49 -0500] "GET /sipse/faces/javax.faces.resource/theme.css?ln=primefaces-sipse HTTP/1.1" 304 -
186.84.21.166 - - [02/Oct/2023:12:16:49 -0500] "GET /sipse/faces/javax.faces.resource/primefaces.css?ln=primefaces&v=4.0 HTTP/1.1" 304 -
186.84.21.166 - - [02/Oct/2023:12:16:49 -0500] "GET /sipse/faces/javax.faces.resource/jquery/jquery.js?ln=primefaces&v=4.0 HTTP/1.1" 304 -
186.84.21.166 - - [02/Oct/2023:12:16:49 -0500] "GET /sipse/faces/javax.faces.resource/layout/layout.css?ln=primefaces&v=4.0 HTTP/1.1" 304 -
186.84.21.166 - - [02/Oct/2023:12:16:49 -0500] "GET /sipse/faces/javax.faces.resource/jquery/jquery-plugins.js?ln=primefaces&v=4.0 HTTP/1.1" 304 -
186.84.21.166 - - [02/Oct/2023:12:16:49 -0500] "GET /sipse/faces/javax.faces.resource/fileupload/fileupload.css?ln=primefaces&v=4.0 HTTP/1.1" 304 -
186.84.21.166 - - [02/Oct/2023:12:16:49 -0500] "GET /sipse/faces/javax.faces.resource/primefaces.js?ln=primefaces&v=4.0 HTTP/1.1" 304 -
186.84.21.166 - - [02/Oct/2023:12:16:49 -0500] "GET /sipse/faces/javax.faces.resource/fileupload/fileupload.js?ln=primefaces&v=4.0 HTTP/1.1" 304 -
186.84.21.166 - - [02/Oct/2023:12:16:49 -0500] "GET /sipse/faces/javax.faces.resource/layout/layout.js?ln=primefaces&v=4.0 HTTP/1.1" 304 -
186.85.234.32 - - [02/Oct/2023:12:16:50 -0500] "GET /sipse/faces/javax.faces.resource/theme.css?ln=primefaces-sipse HTTP/1.1" 304 -
186.85.234.32 - - [02/Oct/2023:12:16:50 -0500] "GET /sipse/faces/javax.faces.resource/primefaces.css?ln=primefaces&v=4.0 HTTP/1.1" 304 -
186.85.234.32 - - [02/Oct/2023:12:16:50 -0500] "GET /sipse/faces/javax.faces.resource/layout/layout.css?ln=primefaces&v=4.0 HTTP/1.1" 304 -
186.85.234.32 - - [02/Oct/2023:12:16:50 -0500] "GET /sipse/faces/javax.faces.resource/jquery/jquery.js?ln=primefaces&v=4.0 HTTP/1.1" 304 -
186.85.234.32 - - [02/Oct/2023:12:16:50 -0500] "GET /sipse/faces/javax.faces.resource/fileupload/fileupload.css?ln=primefaces&v=4.0 HTTP/1.1" 304 -
186.85.234.32 - - [02/Oct/2023:12:16:50 -0500] "GET /sipse/faces/javax.faces.resource/jquery/jquery-plugins.js?ln=primefaces&v=4.0 HTTP/1.1" 304 -
186.85.234.32 - - [02/Oct/2023:12:16:49 -0500] "POST /sipse/faces/presentacion/financiero/solicitudAnulacion/registrarSolicitudAnulacion.xhtml HTTP/1.1" 200 63865
186.85.234.32 - - [02/Oct/2023:12:16:50 -0500] "GET /sipse/faces/javax.faces.resource/primefaces.js?ln=primefaces&v=4.0 HTTP/1.1" 304 -
186.85.234.32 - - [02/Oct/2023:12:16:50 -0500] "GET /sipse/faces/javax.faces.resource/layout/layout.js?ln=primefaces&v=4.0 HTTP/1.1" 304 -
186.85.234.32 - - [02/Oct/2023:12:16:50 -0500] "GET /sipse/faces/javax.faces.resource/fileupload/fileupload.js?ln=primefaces&v=4.0 HTTP/1.1" 304 -
216.244.66.195 - - [02/Oct/2023:12:16:55 -0500] "GET /BLA/resoluciones/AUTOS%202009/0719.pdf HTTP/1.1" 200 215113
201.245.192.253 - - [02/Oct/2023:12:16:57 -0500] "POST /forms/lservlet;jsessionid=ac16012b30d61c17b6c681924b7b86af99f2bda09564.e3iSbxaKaheRe34Pbx8Nc3aQci1ynknvrkLOlQzNp65In0 HTTP/1.1" 200 13
201.245.192.253 - - [02/Oct/2023:12:17:03 -0500] "POST /forms/lservlet;jsessionid=ac16012b30d61c17b6c681924b7b86af99f2bda09564.e3iSbxaKaheRe34Pbx8Nc3aQci1ynknvrkLOlQzNp65In0 HTTP/1.1" 200 43
181.189.25.57 - - [02/Oct/2023:12:17:06 -0500] "POST /sipse/faces/presentacion/financiero/solicitudProceso/consultarSolicitudProceso.xhtml HTTP/1.1" 200 43732
181.189.25.57 - - [02/Oct/2023:12:17:06 -0500] "GET /sipse/faces/javax.faces.resource/theme.css?ln=primefaces-sipse HTTP/1.1" 304 -
181.189.25.57 - - [02/Oct/2023:12:17:06 -0500] "GET /sipse/faces/javax.faces.resource/primefaces.css?ln=primefaces&v=4.0 HTTP/1.1" 304 -
181.189.25.57 - - [02/Oct/2023:12:17:06 -0500] "GET /sipse/faces/javax.faces.resource/layout/layout.css?ln=primefaces&v=4.0 HTTP/1.1" 304 -
181.189.25.57 - - [02/Oct/2023:12:17:06 -0500] "GET /sipse/faces/javax.faces.resource/jquery/jquery.js?ln=primefaces&v=4.0 HTTP/1.1" 304 -
181.189.25.57 - - [02/Oct/2023:12:17:06 -0500] "GET /sipse/faces/javax.faces.resource/jquery/jquery-plugins.js?ln=primefaces&v=4.0 HTTP/1.1" 304 -
181.189.25.57 - - [02/Oct/2023:12:17:06 -0500] "GET /sipse/faces/javax.faces.resource/primefaces.js?ln=primefaces&v=4.0 HTTP/1.1" 304 -
181.189.25.57 - - [02/Oct/2023:12:17:06 -0500] "GET /sipse/faces/javax.faces.resource/layout/layout.js?ln=primefaces&v=4.0 HTTP/1.1" 304 -
181.189.25.57 - - [02/Oct/2023:12:17:06 -0500] "POST /sipse/faces/presentacion/financiero/solicitudProceso/consultar.xhtml HTTP/1.1" 200 37092
181.189.25.57 - - [02/Oct/2023:12:17:07 -0500] "POST /sipse/faces/presentacion/financiero/solicitudProceso/consultar.xhtml HTTP/1.1" 200 37092
181.189.25.57 - - [02/Oct/2023:12:17:07 -0500] "POST /sipse/faces/presentacion/financiero/solicitudProceso/consultar.xhtml HTTP/1.1" 200 37092
181.189.25.57 - - [02/Oct/2023:12:17:07 -0500] "POST /sipse/faces/presentacion/financiero/solicitudProceso/consultar.xhtml HTTP/1.1" 200 37092
181.189.25.57 - - [02/Oct/2023:12:17:07 -0500] "POST /sipse/faces/presentacion/financiero/solicitudProceso/consultar.xhtml HTTP/1.1" 200 37092
181.189.25.57 - - [02/Oct/2023:12:17:07 -0500] "POST /sipse/faces/presentacion/financiero/solicitudProceso/consultar.xhtml HTTP/1.1" 200 37092
181.189.25.57 - - [02/Oct/2023:12:17:08 -0500] "POST /sipse/faces/presentacion/financiero/solicitudProceso/consultar.xhtml HTTP/1.1" 200 37092
181.189.25.57 - - [02/Oct/2023:12:17:08 -0500] "POST /sipse/faces/presentacion/financiero/solicitudProceso/consultar.xhtml HTTP/1.1" 200 37092
181.189.25.57 - - [02/Oct/2023:12:17:08 -0500] "POST /sipse/faces/presentacion/financiero/solicitudProceso/consultar.xhtml HTTP/1.1" 200 37092
181.189.25.57 - - [02/Oct/2023:12:17:08 -0500] "POST /sipse/faces/presentacion/financiero/solicitudProceso/consultar.xhtml HTTP/1.1" 200 37092
181.189.25.57 - - [02/Oct/2023:12:17:08 -0500] "POST /sipse/faces/presentacion/financiero/solicitudProceso/consultar.xhtml HTTP/1.1" 200 37092
181.189.25.57 - - [02/Oct/2023:12:17:08 -0500] "POST /sipse/faces/presentacion/financiero/solicitudProceso/consultar.xhtml HTTP/1.1" 200 37092
181.189.25.57 - - [02/Oct/2023:12:17:09 -0500] "POST /sipse/faces/presentacion/financiero/solicitudProceso/consultar.xhtml HTTP/1.1" 200 37092
181.189.25.57 - - [02/Oct/2023:12:17:09 -0500] "POST /sipse/faces/presentacion/financiero/solicitudProceso/consultar.xhtml HTTP/1.1" 200 37092
181.189.25.57 - - [02/Oct/2023:12:17:11 -0500] "POST /sipse/faces/presentacion/financiero/solicitudProceso/consultar.xhtml HTTP/1.1" 200 12774
66.249.66.19 - - [02/Oct/2023:12:17:15 -0500] "GET /BLA/resoluciones/Notificaciones/RESOLUCIONES%202022/4733.pdf HTTP/1.1" 304 -
66.249.66.20 - - [02/Oct/2023:12:17:16 -0500] "GET /BLA/resoluciones/AUTOS%202012/1055.pdf HTTP/1.1" 304 -
