!C99Shell v. 1.0 pre-release build #13!

Software: Apache. PHP/5.5.15 

uname -a: Windows NT SVR-DMZ 6.1 build 7600 (Windows Server 2008 R2 Enterprise Edition) i586 

SYSTEM 

Safe-mode: OFF (not secure)

E:\nuevo\apache\logs\   drwxrwxrwx
Free 8.02 GB of 239.26 GB (3.35%)
Detected drives: [ a ] [ c ] [ d ] [ e ] [ f ]
Home    Back    Forward    UPDIR    Refresh    Search    Buffer    Encoder    Tools    Proc.    FTP brute    Sec.    SQL    PHP-code    Update    Feedback    Self remove    Logout    


Viewing file:     access.2023.10.02.log (3.42 MB)      -rw-rw-rw-
Select action/file-type:
(+) | (+) | (+) | Code (+) | Session (+) | (+) | SDB (+) | (+) | (+) | (+) | (+) | (+) |
216.245.221.92 - - [02/Oct/2023:00:01:34 -0500] "HEAD / HTTP/1.1" 200 -
172.22.2.4 - - [02/Oct/2023:00:01:25 -0500] "HEAD /BLA/boletinlegal/ HTTP/1.1" 200 -
66.249.66.194 - - [02/Oct/2023:00:03:30 -0500] "GET /como-hacer-uso-de-la-publicidad-exterior-visual-en-epoca-electoral.html HTTP/1.1" 200 843
201.245.192.253 - - [02/Oct/2023:00:03:45 -0500] "POST /kwsrmcab/Wsrmcab  HTTP/1.1" 200 43160
172.22.2.4 - - [02/Oct/2023:00:02:16 -0500] "GET /BLA/boletinlegal/ HTTP/1.1" 200 58187
216.245.221.92 - - [02/Oct/2023:00:06:34 -0500] "HEAD / HTTP/1.1" 200 -
172.22.2.4 - - [02/Oct/2023:00:07:04 -0500] "GET /BLA/boletinlegal/favicon.ico HTTP/1.1" 404 1334
201.221.172.231 - - [02/Oct/2023:00:08:24 -0500] "GET /kwssiamovil/sm/des/cjson/pre?f=5&x=U2FsdGVkX19vpnVF0nGKqtyvKUUNkEhKq88669L91bXFJyEn1vsy1xIOXVn/GyYw HTTP/1.1" 200 96695
201.245.192.253 - - [02/Oct/2023:00:08:44 -0500] "POST /kwsrmcab/Wsrmcab  HTTP/1.1" 200 43160
172.22.2.4 - - [02/Oct/2023:00:07:15 -0500] "HEAD /BLA/boletinlegal/ HTTP/1.1" 200 -
172.22.2.4 - - [02/Oct/2023:00:08:06 -0500] "GET /BLA/boletinlegal/ HTTP/1.1" 200 58187
216.245.221.92 - - [02/Oct/2023:00:11:34 -0500] "HEAD / HTTP/1.1" 200 -
40.77.167.25 - - [02/Oct/2023:00:11:54 -0500] "GET / HTTP/1.1" 200 4720
201.245.192.253 - - [02/Oct/2023:00:13:41 -0500] "POST /kwsrmcab/Wsrmcab  HTTP/1.1" 200 43160
152.61.192.232 - - [02/Oct/2023:00:13:46 -0500] "GET / HTTP/1.1" 200 319
172.22.2.4 - - [02/Oct/2023:00:13:05 -0500] "HEAD /BLA/boletinlegal/ HTTP/1.1" 200 -
216.244.66.195 - - [02/Oct/2023:00:15:18 -0500] "GET /BLA/resoluciones/RESOLUCIONES%202017/2535.pdf HTTP/1.1" 200 321128
172.22.2.4 - - [02/Oct/2023:00:13:56 -0500] "GET /BLA/boletinlegal/ HTTP/1.1" 200 58187
216.244.66.195 - - [02/Oct/2023:00:15:48 -0500] "GET /BLA/resoluciones/RESOLUCIONES%202017/2876.pdf HTTP/1.1" 200 281067
216.244.66.195 - - [02/Oct/2023:00:16:29 -0500] "GET /BLA/resoluciones/RESOLUCIONES%202017/3006.pdf HTTP/1.1" 200 305550
216.245.221.92 - - [02/Oct/2023:00:16:34 -0500] "HEAD / HTTP/1.1" 200 -
216.244.66.195 - - [02/Oct/2023:00:17:06 -0500] "GET /BLA/resoluciones/RESOLUCIONES%202019/0092.pdf HTTP/1.1" 200 631570
216.244.66.195 - - [02/Oct/2023:00:17:51 -0500] "GET /BLA/resoluciones/RESOLUCIONES%202019/0137.pdf HTTP/1.1" 200 7072993
201.245.192.253 - - [02/Oct/2023:00:17:56 -0500] "POST /kwsrmcab/Wsrmcab HTTP/1.1" 200 43470
201.245.192.253 - - [02/Oct/2023:00:17:59 -0500] "POST /kwsrmcab/Wsrmcab HTTP/1.1" 200 40695
216.244.66.195 - - [02/Oct/2023:00:18:41 -0500] "GET /BLA/resoluciones/RESOLUCIONES%202019/0509.pdf HTTP/1.1" 200 248987
201.245.192.253 - - [02/Oct/2023:00:18:40 -0500] "POST /kwsrmcab/Wsrmcab  HTTP/1.1" 200 43160
216.244.66.195 - - [02/Oct/2023:00:19:12 -0500] "GET /BLA/resoluciones/RESOLUCIONES%202019/1950.pdf HTTP/1.1" 200 227704
216.244.66.195 - - [02/Oct/2023:00:19:42 -0500] "GET /BLA/resoluciones/RESOLUCIONES%202019/2817.pdf HTTP/1.1" 200 286311
216.244.66.195 - - [02/Oct/2023:00:20:12 -0500] "GET /BLA/resoluciones/RESOLUCIONES%202019/3514.pdf HTTP/1.1" 200 269237
172.22.2.4 - - [02/Oct/2023:00:18:55 -0500] "HEAD /BLA/boletinlegal/ HTTP/1.1" 200 -
172.22.2.4 - - [02/Oct/2023:00:19:46 -0500] "GET /BLA/boletinlegal/ HTTP/1.1" 200 54150
216.245.221.92 - - [02/Oct/2023:00:21:34 -0500] "HEAD / HTTP/1.1" 200 -
201.245.192.253 - - [02/Oct/2023:00:23:39 -0500] "POST /kwsrmcab/Wsrmcab  HTTP/1.1" 200 43160
172.22.2.4 - - [02/Oct/2023:00:24:45 -0500] "HEAD /BLA/boletinlegal/ HTTP/1.1" 200 -
216.245.221.92 - - [02/Oct/2023:00:26:34 -0500] "HEAD / HTTP/1.1" 200 -
172.22.2.4 - - [02/Oct/2023:00:25:36 -0500] "GET /BLA/boletinlegal/ HTTP/1.1" 200 57323
201.245.192.253 - - [02/Oct/2023:00:27:56 -0500] "POST /kwsrmcab/Wsrmcab HTTP/1.1" 200 43470
201.245.192.253 - - [02/Oct/2023:00:27:59 -0500] "POST /kwsrmcab/Wsrmcab HTTP/1.1" 200 40695
201.245.192.253 - - [02/Oct/2023:00:28:38 -0500] "POST /kwsrmcab/Wsrmcab  HTTP/1.1" 200 43160
152.61.128.50 - - [02/Oct/2023:00:28:59 -0500] "GET / HTTP/1.1" 200 319
35.204.157.200 - - [02/Oct/2023:00:30:10 -0500] "GET /proximo-4-de-octubre-simulacro-distrital-de-evacuacion-dia-y-noche.html HTTP/1.1" 200 783
66.249.66.193 - - [02/Oct/2023:00:30:46 -0500] "GET /mujeres-que-reverdecen-secretaria-de-ambiente-anuncia-el-inicio-de-la-tercera-fase.html HTTP/1.1" 200 954
216.245.221.92 - - [02/Oct/2023:00:31:34 -0500] "HEAD / HTTP/1.1" 200 -
172.22.2.4 - - [02/Oct/2023:00:30:35 -0500] "HEAD /BLA/boletinlegal/ HTTP/1.1" 200 -
172.22.2.4 - - [02/Oct/2023:00:31:26 -0500] "GET /BLA/boletinlegal/ HTTP/1.1" 200 58187
201.245.192.253 - - [02/Oct/2023:00:33:37 -0500] "POST /kwsrmcab/Wsrmcab  HTTP/1.1" 200 43160
152.61.192.232 - - [02/Oct/2023:00:35:54 -0500] "GET /arcgis/services/Calidad_del_Agua_WQI/MapServer/WMSServer?request=GetCapabilities&service=WMS HTTP/1.1" 503 1020
152.61.192.232 - - [02/Oct/2023:00:35:56 -0500] "GET /arcgis/services/Calidad_del_Agua_WQI/MapServer/WMSServer?SERVICE=WMS&REQUEST=GetCapabilities HTTP/1.1" 503 1020
152.61.192.232 - - [02/Oct/2023:00:35:56 -0500] "GET /arcgis/services/Calidad_del_Agua_WQI/MapServer/WMSServer?WMTVER=1.0.0&REQUEST=capabilities HTTP/1.1" 503 1020
66.249.66.21 - - [02/Oct/2023:00:36:04 -0500] "GET /robots.txt HTTP/1.1" 404 1018
66.249.66.21 - - [02/Oct/2023:00:36:04 -0500] "GET /Publicaciones/2023EE173829.pdf HTTP/1.1" 404 228
216.245.221.92 - - [02/Oct/2023:00:36:34 -0500] "HEAD / HTTP/1.1" 200 -
201.245.192.253 - - [02/Oct/2023:00:37:56 -0500] "POST /kwsrmcab/Wsrmcab HTTP/1.1" 200 43470
201.245.192.253 - - [02/Oct/2023:00:38:00 -0500] "POST /kwsrmcab/Wsrmcab HTTP/1.1" 200 40695
172.22.2.4 - - [02/Oct/2023:00:36:25 -0500] "HEAD /BLA/boletinlegal/ HTTP/1.1" 200 -
201.245.192.253 - - [02/Oct/2023:00:38:36 -0500] "POST /kwsrmcab/Wsrmcab  HTTP/1.1" 200 43160
172.22.2.4 - - [02/Oct/2023:00:37:16 -0500] "GET /BLA/boletinlegal/ HTTP/1.1" 200 58187
186.102.15.180 - - [02/Oct/2023:00:40:15 -0500] "OPTIONS /kwssiamovil/sm/setfile/f? HTTP/1.1" 200 13
186.102.15.180 - - [02/Oct/2023:00:40:16 -0500] "POST /kwssiamovil/sm/setfile/f? HTTP/1.1" 200 381
186.102.15.180 - - [02/Oct/2023:00:40:26 -0500] "GET /kwssiamovil/sm/acme/a?s=U2FsdGVkX19OjQQ2WKoyHSIbUUHF3md2/mWBxOKQRr7sTTGCQZ1UPwEKHh2Ct3h+DZDswvMD8d9SYxPCCti/h8GWBbk8VIqA5C6aCBrE54BiiTP0IeSdQhWVxoyOFCuAHbLwCykk3XEjmdZ0eo012SGF1OVQkLBu8BGwfOjLonBpguMzqpHncP2HSF0ogBOhGS/0yCJArf22cAjqc7CrCPA1WUceb+lNWT+WNBCLr1zuNAFUDCuieF7QFFIBYJISSuSKv7r1l+21G4ChqPc/Ow==&u=U2FsdGVkX18aUE9oGyTbNjMAnDJHcq+R8GgHzI8XHNE=&y=U2FsdGVkX1+O6Mbd9RvqBezOE+PJ36Kmg5WV1blmPVU= HTTP/1.1" 200 26
186.102.15.180 - - [02/Oct/2023:00:40:26 -0500] "GET /kwssiamovil/sm/acme/a?s=U2FsdGVkX19/TJa/up0ExODPj0Q0x/Roe5D2g7cK1lSA/IaAuua73IIaTIF/GS978wgLzM9nzFFuemXavWLTtec/1KMCt1N6UtNSV4xuHFOB2dhR5RDW+cFW9I1qH2MBVkWE8RJ3zF8WSn3cRqkSL0EKK+pvPU6w4jQvMb8YL+g9m/ClIS1QU2yxjn9eH5sKPMSlIVeVIx2KoDWIGAeyCs8BYY88CCW0pQdTE022XHPyV/PxZdgQ4pCQrlzN4l+hAuYboVyRK8OlC4ODvivR4xdMl4Etgy0VM+LuR2tc5jMYUVFmq2Li1pF9eeJZykORnVZEjlN0Ff+q0i2wxzuVphho3WQOJsTYN0zNhCHJSJW9DGnte5wqM/jH2UepXaZzXKE4XKTIu0k28fWjWC05g9Qhcj+DPLdatVEr3Ttyr8RJcZPp3dMazShkUtS8ha4xGXT4Emha8hI9K3JewlnX9Ex7TP18pBNtcVFrUkKehmcuO9YaYwaH5Zo8tvIn5m+Eo8bM1JarVvERZoNSQMydlCKdmjYZigxz2FxdzZtD8c5HNUGgd+B5UN9OF5yiytKGS7axkW7DJG+R8tTUWLk9N/SHFYKG6IkpphlqZn+7TSU1ruaYcCdgZ+hSBdh7YLEJpJi9DqgKGU6ci7aRxzc3eT8lWjXK0jgt8c6anNtQ3Ju5DKOpAY8EdU3CHtYBZa6Wvlzw1Jg6LC7vmGcT6nzhRrhjWIKfCQ4z2ik66XZuFFMdPEy2OuDH/f55v/CpNWCQB8/qvacXcyrDu74UNUaYezOHZ6x/dLpAmND+k/Gmo5tJ214e1tEM6ydR/WgsFYV5fu/MJYUJ5y0y1hjLcEWK9JiXASiXXDi/eIdvwjBtT8qyeIq5vjcnVy6uau0fMu6ARcfiTwwmfSzAE6P3hEyNBIE+VMe4aJ1tWo5PgmHX3zTdhHs2ChXcy+QT1nT9a+bVnP43MoPkure1mRk9aJH5mjyY5gKtYVXeT/P4dULxjZ422XnJaOeY9l2aMlvqLgaszdjYBsCNPZNYuac31bQD0p7xkUXN5P0bT4PZkawV0I/LIIGy6iQh3x9MZYzk8f/oZ247ZRVK5IaeQKXj5z9DchhVuUa3oLEin0h1JHrh92Ht+GX98mmVayGUmq8CtTHSFSBmppUFUnDMKMvMDe2hSB0iCS/F7UKgDr/Nn9MTW8s51gQDNGHlA3gwn9SlENGlx3xgdprK7To8kvfHdUBKXqEL6SlwJlue7tv+TsTnZwi+BGXCFge04oTdnsHW5eg0s+6q9GFnNZEdmv3ErqsvukFvELSSPQiNbnMl9ybYRLw1DA0BYBa83dJPXy5Yfc8eaCTkWSdUdXRzWZT5CgbKUnE+0E14N54NUWR5XnLRrDvRkkDkMGj4s2y7ifu8nfLYYJc3fqQop8WHUNVXZzB1FT9U/BYCW7U03BAZkwxs7IxEAyLbhvOwSXCgQdurslMRrmW4E+lYzD3lcwnLkG8/ZjIN/dtWzluulNsk4rqYBDODygX/KEP1Vv5j0KdSx3tnL4woW5YYWreStnMWS+My3+j07bcxwMEX6JMyxmj/I/1UhQxUViN9+rEXVyZn4gP5ZVa1EigJt8amPFQFK0b8xIizf7SfEAEEbYZci7tuaKYuuW2IMFoRxJg1kfKaFcZGE90qLN4b/r+QHVBF4cYhdRBJtKlbdzufTu2sAZ0H+qhEjLcqz3qIgUFqtHBqGt8yAZXLP+gvE97pfb+wrHxg3UPBq8lHqUiH2ENSS7vd89DlpJli7kYlO2KnPKw7X/jgnIBBlTiFP+xvN6SCQGnuGKObo4JjEVLg5wGhnEhi0Xb03NTPq1q19ZX5yjlhZN0GbhH/tWNAt8CwPezLPfIrLzTrRmL7S+nyyRkoa2db2O0a1zLZdD1r22HdW+ZNusjBTeg/X49jmAQyTuQvTaovEbOpGtpeOFS4RLwTz+aD/MwO9iR+t/SoD1ZjCLbn/RKRQPa/4q4qDKiZdOVGU7GtBxsM1hPCPnHjwXBCxynxfYlDFIdlrsPvrZuhDPMWT12Lc/y5txRsKoMgxE3mUm4+JLlertCLWlIcL9rqSJVu/dbWkNETDOvdPSD67r97Ho9kqznKmTl2o8OIaaQehT3pE8FWrxnPzaaJXpQm+Ah+w2PSKx2esPKBiCT4xzXeJjnbPjf8knwAQZhFv4IqpQTy5qIp0aGKtlzoY/GPn7TikiqSBHGXyeQmlyVG3wetJM9Lrnx3W66aRm/kHLtjF8FekkzHvVCxy45MrXJotL7bmzhxRuA9HEeMARfLEvf2SEBj9/PD+XoxrNVywy3QWMHYwq5k2U8lmXYL1sxUrsBu0J7AGuxARwADDLZyHyetQuchmLMO6IAtLUhroP6YeO63jDBYKglRfhJnVIBhr2MCw82NCjgG56Myp+X3Lx0jXaG+gkF+WOoWMlxBSOz9040k3HE9PK5hIfB2t+GggcKrZFpMpSwJPTkBsdDbj2ziS3SNVChsbl6W4YNhpVf+2Ku0RcvCQqweK+/ZrzUjz6sIWVMlDy7Rjl/OuivQhosPm2NoXMqXJ0fAEqCcLIns0z3TV7m59TKcJp3yJ36caDsG7c87f798TpPc+W/+Xnxlp+5AhT5Fc/QE/V5UhVM2GxSehtW3RrZy/sCqlN36CQ1EQ3R5SI7F0te7eRr3qtVyv/obUR1l7mpKA1p9FIrEA2+q5srZQeToghXasSTJ9sPQj1Vd2CcgSXHx+Rg8Xfwu9vf/LKArtFcsLK1LJgIzm0fP2BhgHDZ8TpYbxIbp8Yr9rPz7igvJHkY+HdvPNzn8bFuyw9X1iELph2/3y3SKvzMH/Y9ZuT87ywVBeVeApUix2KROTvkLlNyYIq+TN7ybAoiJ7sSSJ5f8sF1ncu9ZYaTcofed0IZ+eA+lhhFW8BwcVMbU0TfG59sCWX7z+iMudYrOk8JLAXyLapvghWpFmD6bwCWXHs65ApH5ks0x9j4gJEeeXE0j9Z/Bbt3IiWHpvaWJBq18F7LRhKOu9MT6kmlUv4ip8hObouEb+zs/ne8hQZa3iU4UvgCW58vD3LWzlzywCpDFscxo44sGNbdDfczY6ASkQif+TKb/ciJw+auK3ELEZ0Pa6zpLXnI9tXpAOQPO3WTFPYGPkIhxVMnIza0+mSDKKNBDirkrUrB9QmGRKpo+D+SR6Fq+Ij1VIqUrhEtXvzZoKeEsbME55HmQPJ2HW1nNj9RcePguw7jAvJ429bBJi1LmW1Hzh+VODl4xY4svY5rCoPc+Z+RFcnXZnKQhqQ==&u=U2FsdGVkX18aUE9oGyTbNjMAnDJHcq+R8GgHzI8XHNE=&y=U2FsdGVkX1+O6Mbd9RvqBezOE+PJ36Kmg5WV1blmPVU= HTTP/1.1" 200 26
186.102.15.180 - - [02/Oct/2023:00:40:26 -0500] "GET /kwssiamovil/sm/acme/a?s=U2FsdGVkX18gctLU5SKcmJsu6PMxbZvY4CvL5Nkv/pxAYnwjJKIuD7S7q6JoxEuCWJYl3SG1dhkjssqvHXzRBr+Kxp5p6ubjvSazQK5V7eFcXU15uW1ZVS4kzffgBQjD/HAdjxuK/WrAua7Ev+GRFfc2iuAMlb4xXcJCVhrw2fc=&u=U2FsdGVkX18aUE9oGyTbNjMAnDJHcq+R8GgHzI8XHNE=&y=U2FsdGVkX1+O6Mbd9RvqBezOE+PJ36Kmg5WV1blmPVU= HTTP/1.1" 200 26
186.102.15.180 - - [02/Oct/2023:00:40:27 -0500] "GET /kwssiamovil/sm/acme/a?s=U2FsdGVkX19Phla6yhhtmhdOQgZTu5dTlLH5eZLPO8FzfBLR4VKAXUfZy9fqoIlfHIs+GCVn8GtorxKieUn1neUzAu5MjsAHH7/srukmgfU2FIfsnrbivajIx7eXOFKDEeGdgqWojbPQeeV//lwtt9vz7T3uiF3gidsk6DopdzI=&u=U2FsdGVkX18aUE9oGyTbNjMAnDJHcq+R8GgHzI8XHNE=&y=U2FsdGVkX1+O6Mbd9RvqBezOE+PJ36Kmg5WV1blmPVU= HTTP/1.1" 200 26
186.102.15.180 - - [02/Oct/2023:00:40:27 -0500] "GET /kwssiamovil/sm/acme/a?s=U2FsdGVkX1+GqEXq2PWY4ybXF4MUAeR+ZotNUVRwmVnTwls0nZpqWJ1G3iYkKRxbeF3bSZuI6u6HK5JZv2S45GaSG2jXZ4Eal9n6Nvw98AvhyQwLapnH6LuoY20vEOz398lPqID6s6uaJZ1D62pcpA6MITg2ScZrfvPJOZWetIw=&u=U2FsdGVkX18aUE9oGyTbNjMAnDJHcq+R8GgHzI8XHNE=&y=U2FsdGVkX1+O6Mbd9RvqBezOE+PJ36Kmg5WV1blmPVU= HTTP/1.1" 200 26
186.102.15.180 - - [02/Oct/2023:00:40:27 -0500] "GET /kwssiamovil/sm/acme/a?s=U2FsdGVkX196UfsOvK8hrFu3ZRxKXYRfnqOxvE/fmvzRFiCjRKuEth3/tx5I1JcPnCQ28qvp/V0M66oknHfew1oQfDxP4R+y3ZdhmX2HqncsmGnccKd0E7dppCp5n9ojRGIhF4Ffxf1Vih+4zMuGYxjgRiUhsNLKtMgsW/sY/cwYDVi04pvJddAFxtqwFNpk&u=U2FsdGVkX18aUE9oGyTbNjMAnDJHcq+R8GgHzI8XHNE=&y=U2FsdGVkX1+O6Mbd9RvqBezOE+PJ36Kmg5WV1blmPVU= HTTP/1.1" 200 26
186.102.15.180 - - [02/Oct/2023:00:40:27 -0500] "GET /kwssiamovil/sm/acme/a?s=U2FsdGVkX19L8WsBC0j0JRiBjWCadbuqeg/UC/w83gU6OFEesOhl4AQXmKRPuxnmPY8YxZx2r/FJSG8ve6tareO7gDnLaBwwVKaVrGvmQMJg6OMV3MR+WVIeb16zleaVyb8thTTd+ZoPQeQBN7MXswieP/tKB6d5A+S6qN0S6hXdcyb9dJVewYrE630VRHzrYCjG3eUxtcd5j93Q2IVGJw==&u=U2FsdGVkX18aUE9oGyTbNjMAnDJHcq+R8GgHzI8XHNE=&y=U2FsdGVkX1+O6Mbd9RvqBezOE+PJ36Kmg5WV1blmPVU= HTTP/1.1" 200 26
186.102.15.180 - - [02/Oct/2023:00:40:27 -0500] "GET /kwssiamovil/sm/acme/a?s=U2FsdGVkX18Et2BbxBs03Zg709C+ud3vpY/U9HuerswA8DmwzmK63yPtvxXtcEyz2Wegq+Dem0tFMKX+naJ3PzGMwVR38X+jezK0b/SPzoDuZl9uNQMcLwGI6GrR5Pcz1yVGTWzqD1NzJyJwd8PvFPQV1aAgfBKXRsqBXGVYOpcP0yMU5RqWqID+/yh3Wkch&u=U2FsdGVkX18aUE9oGyTbNjMAnDJHcq+R8GgHzI8XHNE=&y=U2FsdGVkX1+O6Mbd9RvqBezOE+PJ36Kmg5WV1blmPVU= HTTP/1.1" 200 26
216.245.221.92 - - [02/Oct/2023:00:41:34 -0500] "HEAD / HTTP/1.1" 200 -
52.167.144.203 - - [02/Oct/2023:00:42:33 -0500] "GET /BLA/resoluciones/index.php?dir=AUTOS+2018%2F HTTP/1.1" 200 464159
201.245.192.253 - - [02/Oct/2023:00:43:35 -0500] "POST /kwsrmcab/Wsrmcab  HTTP/1.1" 200 43160
172.22.2.4 - - [02/Oct/2023:00:42:15 -0500] "HEAD /BLA/boletinlegal/ HTTP/1.1" 200 -
172.22.2.4 - - [02/Oct/2023:00:43:06 -0500] "GET /BLA/boletinlegal/ HTTP/1.1" 200 58187
52.167.144.24 - - [02/Oct/2023:00:45:11 -0500] "GET /BLA/resoluciones/AUTOS%202018/5008.pdf HTTP/1.1" 200 248789
157.55.39.54 - - [02/Oct/2023:00:45:19 -0500] "GET /BLA/resoluciones/AUTOS%202018/3969.pdf HTTP/1.1" 200 288628
216.245.221.92 - - [02/Oct/2023:00:46:34 -0500] "HEAD / HTTP/1.1" 200 -
181.56.235.113 - - [02/Oct/2023:00:46:52 -0500] "GET /BLA/resoluciones/ HTTP/1.1" 200 13696
181.56.235.113 - - [02/Oct/2023:00:46:52 -0500] "GET /favicon.ico HTTP/1.1" 200 7782
181.56.235.113 - - [02/Oct/2023:00:47:00 -0500] "GET /BLA/resoluciones/index.php?dir=AUTOS+2014%2F HTTP/1.1" 200 890688
168.119.252.243 - - [02/Oct/2023:00:48:22 -0500] "GET / HTTP/1.1" 200 319
168.119.252.243 - - [02/Oct/2023:00:48:23 -0500] "GET / HTTP/1.1" 200 4720
201.245.192.253 - - [02/Oct/2023:00:48:34 -0500] "POST /kwsrmcab/Wsrmcab  HTTP/1.1" 200 43160
172.22.2.4 - - [02/Oct/2023:00:48:05 -0500] "HEAD /BLA/boletinlegal/ HTTP/1.1" 200 -
162.55.175.138 - - [02/Oct/2023:00:50:32 -0500] "GET / HTTP/1.1" 200 319
162.55.175.138 - - [02/Oct/2023:00:50:32 -0500] "GET / HTTP/1.1" 200 4720
172.22.2.4 - - [02/Oct/2023:00:48:56 -0500] "GET /BLA/boletinlegal/ HTTP/1.1" 200 57790
216.245.221.92 - - [02/Oct/2023:00:51:34 -0500] "HEAD / HTTP/1.1" 200 -
199.16.157.182 - - [02/Oct/2023:00:52:20 -0500] "GET /images/pl%C3%A1sticos%20foto%201..jpg HTTP/1.1" 404 1034
52.167.144.222 - - [02/Oct/2023:00:53:36 -0500] "GET /BLA/resoluciones/RESOLUCIONES%202021/2393.pdf HTTP/1.1" 200 4653558
201.245.192.253 - - [02/Oct/2023:00:53:34 -0500] "POST /kwsrmcab/Wsrmcab  HTTP/1.1" 200 43160
172.22.2.4 - - [02/Oct/2023:00:53:44 -0500] "GET /BLA/boletinlegal/normativa.php HTTP/1.1" 200 8343
172.22.2.4 - - [02/Oct/2023:00:53:55 -0500] "HEAD /BLA/boletinlegal/ HTTP/1.1" 200 -
207.46.13.156 - - [02/Oct/2023:00:56:05 -0500] "GET /BLA/resoluciones/AUTOS%202021/2692.pdf HTTP/1.1" 304 -
52.167.144.238 - - [02/Oct/2023:00:56:18 -0500] "GET /Publicaciones/2023EE226622.pdf HTTP/1.1" 200 232203
172.22.2.4 - - [02/Oct/2023:00:54:46 -0500] "GET /BLA/boletinlegal/ HTTP/1.1" 200 60692
216.245.221.92 - - [02/Oct/2023:00:56:34 -0500] "HEAD / HTTP/1.1" 200 -
66.249.66.19 - - [02/Oct/2023:00:57:19 -0500] "GET /BLA/resoluciones/RESOLUCIONES%202017/1659.pdf HTTP/1.1" 304 -
201.245.192.253 - - [02/Oct/2023:00:58:32 -0500] "POST /kwsrmcab/Wsrmcab  HTTP/1.1" 200 43160
172.22.2.4 - - [02/Oct/2023:00:59:45 -0500] "HEAD /BLA/boletinlegal/ HTTP/1.1" 200 -
216.245.221.92 - - [02/Oct/2023:01:01:34 -0500] "HEAD / HTTP/1.1" 200 -
172.22.2.4 - - [02/Oct/2023:01:00:36 -0500] "GET /BLA/boletinlegal/ HTTP/1.1" 200 60342
172.22.2.4 - - [02/Oct/2023:01:02:23 -0500] "GET /BLA/boletinlegal/jurisprudencia/analisis/AnalisisT-095-16.docx HTTP/1.1" 200 20284
40.77.167.59 - - [02/Oct/2023:01:03:07 -0500] "GET /Publicaciones/2023EE225874.pdf HTTP/1.1" 200 232014
172.22.2.4 - - [02/Oct/2023:01:03:17 -0500] "GET /BLA/boletinlegal/jurisprudencia/analisis/AnalisisT-095-16.docx HTTP/1.1" 200 20284
201.245.192.253 - - [02/Oct/2023:01:03:31 -0500] "POST /kwsrmcab/Wsrmcab  HTTP/1.1" 200 43160
216.245.221.92 - - [02/Oct/2023:01:06:34 -0500] "HEAD / HTTP/1.1" 200 -
172.22.2.4 - - [02/Oct/2023:01:05:35 -0500] "HEAD /BLA/boletinlegal/ HTTP/1.1" 200 -
172.22.2.4 - - [02/Oct/2023:01:06:26 -0500] "GET /BLA/boletinlegal/ HTTP/1.1" 200 60692
201.245.192.253 - - [02/Oct/2023:01:08:30 -0500] "POST /kwsrmcab/Wsrmcab  HTTP/1.1" 200 43160
216.245.221.92 - - [02/Oct/2023:01:11:34 -0500] "HEAD / HTTP/1.1" 200 -
200.118.16.147 - - [02/Oct/2023:01:12:39 -0500] "POST /sipse/faces/presentacion/financiero/solicitudProceso/consultarSolicitudProceso.xhtml HTTP/1.1" 200 46299
200.118.16.147 - - [02/Oct/2023:01:12:40 -0500] "GET /sipse/faces/javax.faces.resource/theme.css?ln=primefaces-sipse HTTP/1.1" 304 -
200.118.16.147 - - [02/Oct/2023:01:12:40 -0500] "GET /sipse/faces/javax.faces.resource/primefaces.css?ln=primefaces&v=4.0 HTTP/1.1" 304 -
200.118.16.147 - - [02/Oct/2023:01:12:40 -0500] "GET /sipse/faces/javax.faces.resource/layout/layout.css?ln=primefaces&v=4.0 HTTP/1.1" 304 -
200.118.16.147 - - [02/Oct/2023:01:12:40 -0500] "GET /sipse/css/imagen/contrasena.png HTTP/1.1" 404 383
200.118.16.147 - - [02/Oct/2023:01:12:40 -0500] "GET /sipse/faces/javax.faces.resource/jquery/jquery.js?ln=primefaces&v=4.0 HTTP/1.1" 304 -
200.118.16.147 - - [02/Oct/2023:01:12:40 -0500] "GET /sipse/faces/javax.faces.resource/jquery/jquery-plugins.js?ln=primefaces&v=4.0 HTTP/1.1" 304 -
200.118.16.147 - - [02/Oct/2023:01:12:40 -0500] "GET /sipse/faces/javax.faces.resource/primefaces.js?ln=primefaces&v=4.0 HTTP/1.1" 304 -
200.118.16.147 - - [02/Oct/2023:01:12:40 -0500] "GET /sipse/faces/javax.faces.resource/layout/layout.js?ln=primefaces&v=4.0 HTTP/1.1" 304 -
200.118.16.147 - - [02/Oct/2023:01:12:40 -0500] "GET /sipse/faces/javax.faces.resource/images/ui-icons_898989_256x240.png?ln=primefaces-aristo HTTP/1.1" 304 -
200.118.16.147 - - [02/Oct/2023:01:12:40 -0500] "POST /sipse/faces/presentacion/financiero/solicitudProceso/listarSolicitudProceso.xhtml HTTP/1.1" 200 39637
200.118.16.147 - - [02/Oct/2023:01:12:40 -0500] "GET /sipse/faces/javax.faces.resource/images/ui-bg_flat_0_2d5972_40x100.png?ln=primefaces-aristo HTTP/1.1" 304 -
200.118.16.147 - - [02/Oct/2023:01:12:40 -0500] "POST /sipse/faces/presentacion/financiero/solicitudProceso/listarSolicitudProceso.xhtml HTTP/1.1" 200 39637
200.118.16.147 - - [02/Oct/2023:01:12:40 -0500] "POST /sipse/faces/presentacion/financiero/solicitudProceso/listarSolicitudProceso.xhtml HTTP/1.1" 200 1464
200.118.16.147 - - [02/Oct/2023:01:12:40 -0500] "POST /sipse/faces/presentacion/financiero/solicitudProceso/listarSolicitudProceso.xhtml HTTP/1.1" 200 1460
200.118.16.147 - - [02/Oct/2023:01:12:40 -0500] "POST /sipse/faces/presentacion/financiero/solicitudProceso/listarSolicitudProceso.xhtml HTTP/1.1" 200 1468
200.118.16.147 - - [02/Oct/2023:01:12:48 -0500] "POST /sipse/faces/presentacion/financiero/solicitudProceso/listarSolicitudProceso.xhtml HTTP/1.1" 200 60255
200.118.16.147 - - [02/Oct/2023:01:12:48 -0500] "GET /sipse/faces/javax.faces.resource/theme.css?ln=primefaces-sipse HTTP/1.1" 304 -
200.118.16.147 - - [02/Oct/2023:01:12:48 -0500] "GET /sipse/faces/javax.faces.resource/primefaces.css?ln=primefaces&v=4.0 HTTP/1.1" 304 -
200.118.16.147 - - [02/Oct/2023:01:12:48 -0500] "GET /sipse/faces/javax.faces.resource/layout/layout.css?ln=primefaces&v=4.0 HTTP/1.1" 304 -
200.118.16.147 - - [02/Oct/2023:01:12:48 -0500] "GET /sipse/faces/javax.faces.resource/jquery/jquery.js?ln=primefaces&v=4.0 HTTP/1.1" 304 -
200.118.16.147 - - [02/Oct/2023:01:12:48 -0500] "GET /sipse/faces/javax.faces.resource/jquery/jquery-plugins.js?ln=primefaces&v=4.0 HTTP/1.1" 304 -
200.118.16.147 - - [02/Oct/2023:01:12:48 -0500] "GET /sipse/faces/javax.faces.resource/primefaces.js?ln=primefaces&v=4.0 HTTP/1.1" 304 -
200.118.16.147 - - [02/Oct/2023:01:12:48 -0500] "GET /sipse/faces/javax.faces.resource/layout/layout.js?ln=primefaces&v=4.0 HTTP/1.1" 304 -
200.118.16.147 - - [02/Oct/2023:01:12:53 -0500] "POST /sipse/faces/presentacion/financiero/solicitudProceso/crearModificarSolicitudProceso.xhtml HTTP/1.1" 200 26682
172.22.2.4 - - [02/Oct/2023:01:11:25 -0500] "HEAD /BLA/boletinlegal/ HTTP/1.1" 200 -
201.245.192.253 - - [02/Oct/2023:01:13:29 -0500] "POST /kwsrmcab/Wsrmcab  HTTP/1.1" 200 43160
172.22.2.4 - - [02/Oct/2023:01:12:16 -0500] "GET /BLA/boletinlegal/ HTTP/1.1" 200 60342
52.167.144.13 - - [02/Oct/2023:01:14:15 -0500] "GET /Publicaciones/2023EE225310.pdf HTTP/1.1" 200 231936
200.118.16.147 - - [02/Oct/2023:01:14:28 -0500] "POST /sipse/faces/presentacion/financiero/solicitudProceso/crearModificarSolicitudProceso.xhtml HTTP/1.1" 200 66729
200.118.16.147 - - [02/Oct/2023:01:14:29 -0500] "GET /sipse/faces/javax.faces.resource/theme.css?ln=primefaces-sipse HTTP/1.1" 304 -
200.118.16.147 - - [02/Oct/2023:01:14:29 -0500] "GET /sipse/faces/javax.faces.resource/primefaces.css?ln=primefaces&v=4.0 HTTP/1.1" 304 -
200.118.16.147 - - [02/Oct/2023:01:14:29 -0500] "GET /sipse/faces/javax.faces.resource/layout/layout.css?ln=primefaces&v=4.0 HTTP/1.1" 304 -
200.118.16.147 - - [02/Oct/2023:01:14:29 -0500] "GET /sipse/faces/javax.faces.resource/jquery/jquery.js?ln=primefaces&v=4.0 HTTP/1.1" 304 -
200.118.16.147 - - [02/Oct/2023:01:14:29 -0500] "GET /sipse/faces/javax.faces.resource/primefaces.js?ln=primefaces&v=4.0 HTTP/1.1" 304 -
200.118.16.147 - - [02/Oct/2023:01:14:29 -0500] "GET /sipse/faces/javax.faces.resource/jquery/jquery-plugins.js?ln=primefaces&v=4.0 HTTP/1.1" 304 -
200.118.16.147 - - [02/Oct/2023:01:14:29 -0500] "GET /sipse/faces/javax.faces.resource/layout/layout.js?ln=primefaces&v=4.0 HTTP/1.1" 304 -
200.118.16.147 - - [02/Oct/2023:01:14:29 -0500] "GET /sipse/faces/javax.faces.resource/messages/messages.png?ln=primefaces&v=4.0 HTTP/1.1" 304 -
66.249.66.192 - - [02/Oct/2023:01:15:46 -0500] "GET /palmas-silvestres-secretaria-de-ambiente-inicia-campana-de-proteccion.html HTTP/1.1" 200 851
216.245.221.92 - - [02/Oct/2023:01:16:34 -0500] "HEAD / HTTP/1.1" 200 -
200.118.16.147 - - [02/Oct/2023:01:16:56 -0500] "POST /sipse/faces/presentacion/financiero/solicitudProceso/crearModificarSolicitudProceso.xhtml HTTP/1.1" 200 24600
200.118.16.147 - - [02/Oct/2023:01:16:56 -0500] "GET /sipse/faces/javax.faces.resource/theme.css?ln=primefaces-sipse HTTP/1.1" 304 -
200.118.16.147 - - [02/Oct/2023:01:16:56 -0500] "GET /sipse/faces/javax.faces.resource/primefaces.css?ln=primefaces&v=4.0 HTTP/1.1" 304 -
200.118.16.147 - - [02/Oct/2023:01:16:56 -0500] "GET /sipse/faces/javax.faces.resource/layout/layout.css?ln=primefaces&v=4.0 HTTP/1.1" 304 -
200.118.16.147 - - [02/Oct/2023:01:16:56 -0500] "GET /sipse/faces/javax.faces.resource/jquery/jquery-plugins.js?ln=primefaces&v=4.0 HTTP/1.1" 304 -
200.118.16.147 - - [02/Oct/2023:01:16:56 -0500] "GET /sipse/faces/javax.faces.resource/primefaces.js?ln=primefaces&v=4.0 HTTP/1.1" 304 -
200.118.16.147 - - [02/Oct/2023:01:16:56 -0500] "GET /sipse/faces/javax.faces.resource/jquery/jquery.js?ln=primefaces&v=4.0 HTTP/1.1" 304 -
200.118.16.147 - - [02/Oct/2023:01:16:56 -0500] "GET /sipse/faces/javax.faces.resource/layout/layout.js?ln=primefaces&v=4.0 HTTP/1.1" 304 -
172.22.2.4 - - [02/Oct/2023:01:17:07 -0500] "GET /BLA/boletinlegal/actos.php HTTP/1.1" 200 9682
172.22.2.4 - - [02/Oct/2023:01:17:07 -0500] "GET /BLA/boletinlegal/styles2.css HTTP/1.1" 200 1838
172.22.2.4 - - [02/Oct/2023:01:17:07 -0500] "GET /BLA/boletinlegal/js/ajax_actos.js HTTP/1.1" 200 1322
172.22.2.4 - - [02/Oct/2023:01:17:07 -0500] "GET /BLA/boletinlegal/niceforms-default.css HTTP/1.1" 200 6694
172.22.2.4 - - [02/Oct/2023:01:17:07 -0500] "GET /BLA/boletinlegal/style.css HTTP/1.1" 200 9406
172.22.2.4 - - [02/Oct/2023:01:17:07 -0500] "GET /BLA/boletinlegal/niceforms.js HTTP/1.1" 200 22876
172.22.2.4 - - [02/Oct/2023:01:17:07 -0500] "GET /BLA/boletinlegal/js/lib.js HTTP/1.1" 200 6474
172.22.2.4 - - [02/Oct/2023:01:17:07 -0500] "GET /BLA/boletinlegal/js/popup.js HTTP/1.1" 200 1270
172.22.2.4 - - [02/Oct/2023:01:17:07 -0500] "GET /BLA/boletinlegal/js/jquery1.js HTTP/1.1" 200 29846
172.22.2.4 - - [02/Oct/2023:01:17:07 -0500] "GET /BLA/boletinlegal/images/cabezote%20BLEGAL.jpg HTTP/1.1" 200 118164
172.22.2.4 - - [02/Oct/2023:01:17:07 -0500] "GET /BLA/boletinlegal/images/subscribe-icon-big.png HTTP/1.1" 200 47702
172.22.2.4 - - [02/Oct/2023:01:17:07 -0500] "GET /BLA/boletinlegal/images/historia.png HTTP/1.1" 200 52775
172.22.2.4 - - [02/Oct/2023:01:17:07 -0500] "GET /BLA/boletinlegal/images/green-yellow-blue-pink-th.png HTTP/1.1" 200 7394
172.22.2.4 - - [02/Oct/2023:01:17:07 -0500] "GET /BLA/boletinlegal/images/registro-usuarios.png HTTP/1.1" 200 8106
172.22.2.4 - - [02/Oct/2023:01:17:07 -0500] "GET /BLA/boletinlegal/images/tel.png HTTP/1.1" 200 14477
172.22.2.4 - - [02/Oct/2023:01:17:07 -0500] "GET /BLA/boletinlegal/images/body_bg.jpg HTTP/1.1" 200 1601
172.22.2.4 - - [02/Oct/2023:01:17:07 -0500] "GET /BLA/boletinlegal/images/icono-email.png HTTP/1.1" 200 5544
172.22.2.4 - - [02/Oct/2023:01:17:07 -0500] "GET /BLA/boletinlegal/images/text.jpg HTTP/1.1" 200 568
172.22.2.4 - - [02/Oct/2023:01:17:07 -0500] "GET /BLA/boletinlegal/images/menu_lft.gif HTTP/1.1" 200 1713
172.22.2.4 - - [02/Oct/2023:01:17:07 -0500] "GET /BLA/boletinlegal/images/menu_bg.jpg HTTP/1.1" 200 620
172.22.2.4 - - [02/Oct/2023:01:17:07 -0500] "GET /BLA/boletinlegal/images/footer_bg.jpg HTTP/1.1" 200 586
172.22.2.4 - - [02/Oct/2023:01:17:07 -0500] "GET /BLA/boletinlegal/images/menu_rght.gif HTTP/1.1" 200 1627
172.22.2.4 - - [02/Oct/2023:01:17:07 -0500] "GET /BLA/boletinlegal/images/bg_top.jpg HTTP/1.1" 200 522
172.22.2.4 - - [02/Oct/2023:01:17:07 -0500] "GET /BLA/boletinlegal/images/hover.jpg HTTP/1.1" 200 640
172.22.2.4 - - [02/Oct/2023:01:17:07 -0500] "GET /BLA/boletinlegal/images/footer_bg_l.jpg HTTP/1.1" 200 776
172.22.2.4 - - [02/Oct/2023:01:17:07 -0500] "GET /BLA/boletinlegal/img/0.png HTTP/1.1" 200 110
172.22.2.4 - - [02/Oct/2023:01:17:07 -0500] "GET /BLA/boletinlegal/img/select-right.png HTTP/1.1" 200 44019
172.22.2.4 - - [02/Oct/2023:01:17:07 -0500] "GET /BLA/boletinlegal/img/select-left.png HTTP/1.1" 200 263
172.22.2.4 - - [02/Oct/2023:01:17:07 -0500] "GET /BLA/boletinlegal/img/button-left.png HTTP/1.1" 200 57071
172.22.2.4 - - [02/Oct/2023:01:17:07 -0500] "GET /BLA/boletinlegal/img/button.png HTTP/1.1" 200 43241
172.22.2.4 - - [02/Oct/2023:01:17:07 -0500] "GET /BLA/boletinlegal/img/button-right.png HTTP/1.1" 200 57878
172.22.2.4 - - [02/Oct/2023:01:17:07 -0500] "GET /BLA/boletinlegal/favicon.ico HTTP/1.1" 404 1326
172.22.2.4 - - [02/Oct/2023:01:17:30 -0500] "GET /BLA/boletinlegal/consulta_actos.php?tipo=resoluciones&no=2865&usuario=&sector=&fecha=2022&resuelve= HTTP/1.1" 200 1086
172.22.2.4 - - [02/Oct/2023:01:17:30 -0500] "GET /BLA/boletinlegal/images/pdf.gif HTTP/1.1" 200 567
200.118.16.147 - - [02/Oct/2023:01:17:36 -0500] "POST /sipse/faces/presentacion/financiero/solicitudProyectoActividad/asociarProyectoSolicitud.xhtml HTTP/1.1" 200 6797
200.118.16.147 - - [02/Oct/2023:01:17:45 -0500] "GET /sipse/faces/javax.faces.resource/images/ui-icons_898989_256x240.png?ln=primefaces-aristo HTTP/1.1" 304 -
200.118.16.147 - - [02/Oct/2023:01:17:45 -0500] "POST /sipse/faces/presentacion/financiero/solicitudProyectoActividad/asociarProyectoSolicitud.xhtml HTTP/1.1" 200 1696
200.118.16.147 - - [02/Oct/2023:01:17:49 -0500] "POST /sipse/faces/presentacion/financiero/solicitudProyectoActividad/asociarProyectoSolicitud.xhtml HTTP/1.1" 200 77468
200.118.16.147 - - [02/Oct/2023:01:17:49 -0500] "GET /sipse/faces/javax.faces.resource/theme.css?ln=primefaces-sipse HTTP/1.1" 304 -
200.118.16.147 - - [02/Oct/2023:01:17:49 -0500] "GET /sipse/faces/javax.faces.resource/primefaces.css?ln=primefaces&v=4.0 HTTP/1.1" 304 -
200.118.16.147 - - [02/Oct/2023:01:17:49 -0500] "GET /sipse/faces/javax.faces.resource/layout/layout.css?ln=primefaces&v=4.0 HTTP/1.1" 304 -
200.118.16.147 - - [02/Oct/2023:01:17:49 -0500] "GET /sipse/faces/javax.faces.resource/jquery/jquery.js?ln=primefaces&v=4.0 HTTP/1.1" 304 -
200.118.16.147 - - [02/Oct/2023:01:17:49 -0500] "GET /sipse/faces/javax.faces.resource/jquery/jquery-plugins.js?ln=primefaces&v=4.0 HTTP/1.1" 304 -
200.118.16.147 - - [02/Oct/2023:01:17:49 -0500] "GET /sipse/faces/javax.faces.resource/primefaces.js?ln=primefaces&v=4.0 HTTP/1.1" 304 -
200.118.16.147 - - [02/Oct/2023:01:17:50 -0500] "GET /sipse/faces/javax.faces.resource/layout/layout.js?ln=primefaces&v=4.0 HTTP/1.1" 304 -
201.245.192.253 - - [02/Oct/2023:01:17:57 -0500] "POST /kwsrmcab/Wsrmcab HTTP/1.1" 200 43335
201.245.192.253 - - [02/Oct/2023:01:18:00 -0500] "POST /kwsrmcab/Wsrmcab HTTP/1.1" 200 40698
201.245.192.253 - - [02/Oct/2023:01:18:28 -0500] "POST /kwsrmcab/Wsrmcab  HTTP/1.1" 200 43160
200.118.16.147 - - [02/Oct/2023:01:18:37 -0500] "POST /sipse/faces/presentacion/financiero/solicitudProyectoActividad/asociarActividadSolicitud.xhtml HTTP/1.1" 200 10675
200.118.16.147 - - [02/Oct/2023:01:18:39 -0500] "POST /sipse/faces/presentacion/financiero/solicitudProyectoActividad/asociarActividadSolicitud.xhtml HTTP/1.1" 200 61854
152.61.128.50 - - [02/Oct/2023:01:18:48 -0500] "GET /arcgis/services/Calidad_del_Agua_WQI/MapServer/WMSServer?request=GetCapabilities&service=WMS HTTP/1.1" 503 1020
152.61.128.50 - - [02/Oct/2023:01:18:50 -0500] "GET /arcgis/services/Calidad_del_Agua_WQI/MapServer/WMSServer?SERVICE=WMS&REQUEST=GetCapabilities HTTP/1.1" 503 1020
152.61.128.50 - - [02/Oct/2023:01:18:50 -0500] "GET /arcgis/services/Calidad_del_Agua_WQI/MapServer/WMSServer?WMTVER=1.0.0&REQUEST=capabilities HTTP/1.1" 503 1020
172.22.2.4 - - [02/Oct/2023:01:17:15 -0500] "HEAD /BLA/boletinlegal/ HTTP/1.1" 200 -
172.22.2.4 - - [02/Oct/2023:01:18:06 -0500] "GET /BLA/boletinlegal/ HTTP/1.1" 200 58187
200.118.16.147 - - [02/Oct/2023:01:20:04 -0500] "POST /sipse/faces/presentacion/financiero/solicitudProyectoActividad/asociarActividadSolicitud.xhtml HTTP/1.1" 200 60632
200.118.16.147 - - [02/Oct/2023:01:20:04 -0500] "GET /sipse/faces/javax.faces.resource/theme.css?ln=primefaces-sipse HTTP/1.1" 304 -
200.118.16.147 - - [02/Oct/2023:01:20:04 -0500] "GET /sipse/faces/javax.faces.resource/primefaces.css?ln=primefaces&v=4.0 HTTP/1.1" 304 -
200.118.16.147 - - [02/Oct/2023:01:20:04 -0500] "GET /sipse/faces/javax.faces.resource/layout/layout.css?ln=primefaces&v=4.0 HTTP/1.1" 304 -
200.118.16.147 - - [02/Oct/2023:01:20:05 -0500] "GET /sipse/faces/javax.faces.resource/jquery/jquery.js?ln=primefaces&v=4.0 HTTP/1.1" 304 -
200.118.16.147 - - [02/Oct/2023:01:20:05 -0500] "GET /sipse/faces/javax.faces.resource/jquery/jquery-plugins.js?ln=primefaces&v=4.0 HTTP/1.1" 304 -
200.118.16.147 - - [02/Oct/2023:01:20:05 -0500] "GET /sipse/faces/javax.faces.resource/primefaces.js?ln=primefaces&v=4.0 HTTP/1.1" 304 -
200.118.16.147 - - [02/Oct/2023:01:20:05 -0500] "GET /sipse/faces/javax.faces.resource/layout/layout.js?ln=primefaces&v=4.0 HTTP/1.1" 304 -
200.118.16.147 - - [02/Oct/2023:01:20:08 -0500] "POST /sipse/faces/presentacion/financiero/solicitudProceso/crearModificarSolicitudProceso.xhtml HTTP/1.1" 200 45786
200.118.16.147 - - [02/Oct/2023:01:20:09 -0500] "GET /sipse/faces/javax.faces.resource/theme.css?ln=primefaces-sipse HTTP/1.1" 304 -
200.118.16.147 - - [02/Oct/2023:01:20:09 -0500] "GET /sipse/faces/javax.faces.resource/primefaces.css?ln=primefaces&v=4.0 HTTP/1.1" 304 -
200.118.16.147 - - [02/Oct/2023:01:20:09 -0500] "GET /sipse/faces/javax.faces.resource/primefaces.js?ln=primefaces&v=4.0 HTTP/1.1" 304 -
200.118.16.147 - - [02/Oct/2023:01:20:09 -0500] "GET /sipse/faces/javax.faces.resource/jquery/jquery-plugins.js?ln=primefaces&v=4.0 HTTP/1.1" 304 -
200.118.16.147 - - [02/Oct/2023:01:20:09 -0500] "GET /sipse/faces/javax.faces.resource/jquery/jquery.js?ln=primefaces&v=4.0 HTTP/1.1" 304 -
200.118.16.147 - - [02/Oct/2023:01:20:09 -0500] "GET /sipse/faces/javax.faces.resource/layout/layout.css?ln=primefaces&v=4.0 HTTP/1.1" 304 -
200.118.16.147 - - [02/Oct/2023:01:20:09 -0500] "GET /sipse/faces/javax.faces.resource/layout/layout.js?ln=primefaces&v=4.0 HTTP/1.1" 304 -
200.118.16.147 - - [02/Oct/2023:01:20:25 -0500] "POST /sipse/faces/presentacion/financiero/contrato/consultarContratosSolicitudProceso.xhtml HTTP/1.1" 200 74210
200.118.16.147 - - [02/Oct/2023:01:20:30 -0500] "POST /sipse/faces/presentacion/financiero/contrato/consultarContratosSolicitudProceso.xhtml HTTP/1.1" 200 74230
200.118.16.147 - - [02/Oct/2023:01:20:36 -0500] "POST /sipse/faces/presentacion/financiero/contrato/consultarContratosSolicitudProceso.xhtml HTTP/1.1" 200 74206
200.118.16.147 - - [02/Oct/2023:01:20:42 -0500] "POST /sipse/faces/presentacion/financiero/contrato/consultarContratosSolicitudProceso.xhtml HTTP/1.1" 200 74238
200.118.16.147 - - [02/Oct/2023:01:20:48 -0500] "POST /sipse/faces/presentacion/financiero/contrato/consultarContratosSolicitudProceso.xhtml HTTP/1.1" 200 74206
200.118.16.147 - - [02/Oct/2023:01:20:54 -0500] "POST /sipse/faces/presentacion/financiero/contrato/consultarContratosSolicitudProceso.xhtml HTTP/1.1" 200 74230
200.118.16.147 - - [02/Oct/2023:01:21:04 -0500] "POST /sipse/faces/presentacion/financiero/contrato/consultarContratosSolicitudProceso.xhtml HTTP/1.1" 200 74242
200.118.16.147 - - [02/Oct/2023:01:21:08 -0500] "POST /sipse/faces/presentacion/financiero/contrato/consultarContratosSolicitudProceso.xhtml HTTP/1.1" 200 74262
200.118.16.147 - - [02/Oct/2023:01:21:15 -0500] "POST /sipse/faces/presentacion/financiero/contrato/consultarContratosSolicitudProceso.xhtml HTTP/1.1" 200 74203
200.118.16.147 - - [02/Oct/2023:01:21:27 -0500] "POST /sipse/faces/presentacion/financiero/contrato/consultarContratosSolicitudProceso.xhtml HTTP/1.1" 200 74210
216.245.221.92 - - [02/Oct/2023:01:21:34 -0500] "HEAD / HTTP/1.1" 200 -
200.118.16.147 - - [02/Oct/2023:01:21:36 -0500] "POST /sipse/faces/presentacion/financiero/contrato/consultarContratosSolicitudProceso.xhtml HTTP/1.1" 200 61828
200.118.16.147 - - [02/Oct/2023:01:21:47 -0500] "POST /sipse/faces/presentacion/financiero/contrato/consultarContratosSolicitudProceso.xhtml HTTP/1.1" 200 61441
200.118.16.147 - - [02/Oct/2023:01:21:49 -0500] "GET /sipse/faces/javax.faces.resource/theme.css?ln=primefaces-sipse HTTP/1.1" 304 -
200.118.16.147 - - [02/Oct/2023:01:21:49 -0500] "GET /sipse/faces/javax.faces.resource/primefaces.css?ln=primefaces&v=4.0 HTTP/1.1" 304 -
200.118.16.147 - - [02/Oct/2023:01:21:49 -0500] "GET /sipse/faces/javax.faces.resource/layout/layout.css?ln=primefaces&v=4.0 HTTP/1.1" 304 -
200.118.16.147 - - [02/Oct/2023:01:21:49 -0500] "GET /sipse/faces/javax.faces.resource/jquery/jquery.js?ln=primefaces&v=4.0 HTTP/1.1" 304 -
200.118.16.147 - - [02/Oct/2023:01:21:49 -0500] "GET /sipse/faces/javax.faces.resource/jquery/jquery-plugins.js?ln=primefaces&v=4.0 HTTP/1.1" 304 -
200.118.16.147 - - [02/Oct/2023:01:21:49 -0500] "GET /sipse/faces/javax.faces.resource/primefaces.js?ln=primefaces&v=4.0 HTTP/1.1" 304 -
200.118.16.147 - - [02/Oct/2023:01:21:49 -0500] "GET /sipse/faces/javax.faces.resource/layout/layout.js?ln=primefaces&v=4.0 HTTP/1.1" 304 -
200.118.16.147 - - [02/Oct/2023:01:21:53 -0500] "POST /sipse/faces/presentacion/financiero/solicitudProceso/crearModificarSolicitudProceso.xhtml HTTP/1.1" 200 22327
200.118.16.147 - - [02/Oct/2023:01:21:53 -0500] "GET /sipse/faces/javax.faces.resource/primefaces.css?ln=primefaces&v=4.0 HTTP/1.1" 304 -
200.118.16.147 - - [02/Oct/2023:01:21:53 -0500] "GET /sipse/faces/javax.faces.resource/theme.css?ln=primefaces-sipse HTTP/1.1" 304 -
200.118.16.147 - - [02/Oct/2023:01:21:53 -0500] "GET /sipse/faces/javax.faces.resource/fileupload/fileupload.css?ln=primefaces&v=4.0 HTTP/1.1" 304 -
200.118.16.147 - - [02/Oct/2023:01:21:53 -0500] "GET /sipse/faces/javax.faces.resource/layout/layout.css?ln=primefaces&v=4.0 HTTP/1.1" 304 -
200.118.16.147 - - [02/Oct/2023:01:21:53 -0500] "GET /sipse/faces/javax.faces.resource/jquery/jquery.js?ln=primefaces&v=4.0 HTTP/1.1" 304 -
200.118.16.147 - - [02/Oct/2023:01:21:54 -0500] "GET /sipse/faces/javax.faces.resource/jquery/jquery-plugins.js?ln=primefaces&v=4.0 HTTP/1.1" 304 -
200.118.16.147 - - [02/Oct/2023:01:21:54 -0500] "GET /sipse/faces/javax.faces.resource/primefaces.js?ln=primefaces&v=4.0 HTTP/1.1" 304 -
200.118.16.147 - - [02/Oct/2023:01:21:54 -0500] "GET /sipse/faces/javax.faces.resource/layout/layout.js?ln=primefaces&v=4.0 HTTP/1.1" 304 -
200.118.16.147 - - [02/Oct/2023:01:21:54 -0500] "GET /sipse/faces/javax.faces.resource/fileupload/fileupload.js?ln=primefaces&v=4.0 HTTP/1.1" 304 -
200.118.16.147 - - [02/Oct/2023:01:22:40 -0500] "POST /sipse/faces/presentacion/sistema/anexos/cargarAnexoSolicitudProceso.xhtml HTTP/1.1" 200 67143
200.118.16.147 - - [02/Oct/2023:01:22:41 -0500] "GET /sipse/faces/javax.faces.resource/theme.css?ln=primefaces-sipse HTTP/1.1" 304 -
200.118.16.147 - - [02/Oct/2023:01:22:41 -0500] "GET /sipse/faces/javax.faces.resource/primefaces.css?ln=primefaces&v=4.0 HTTP/1.1" 304 -
200.118.16.147 - - [02/Oct/2023:01:22:41 -0500] "GET /sipse/faces/javax.faces.resource/jquery/jquery.js?ln=primefaces&v=4.0 HTTP/1.1" 304 -
200.118.16.147 - - [02/Oct/2023:01:22:41 -0500] "GET /sipse/faces/javax.faces.resource/layout/layout.css?ln=primefaces&v=4.0 HTTP/1.1" 304 -
200.118.16.147 - - [02/Oct/2023:01:22:41 -0500] "GET /sipse/faces/javax.faces.resource/jquery/jquery-plugins.js?ln=primefaces&v=4.0 HTTP/1.1" 304 -
200.118.16.147 - - [02/Oct/2023:01:22:41 -0500] "GET /sipse/faces/javax.faces.resource/primefaces.js?ln=primefaces&v=4.0 HTTP/1.1" 304 -
200.118.16.147 - - [02/Oct/2023:01:22:41 -0500] "GET /sipse/faces/javax.faces.resource/layout/layout.js?ln=primefaces&v=4.0 HTTP/1.1" 304 -
200.118.16.147 - - [02/Oct/2023:01:22:45 -0500] "POST /sipse/faces/presentacion/financiero/solicitudProceso/crearModificarSolicitudProceso.xhtml HTTP/1.1" 200 22327
200.118.16.147 - - [02/Oct/2023:01:22:45 -0500] "GET /sipse/faces/javax.faces.resource/theme.css?ln=primefaces-sipse HTTP/1.1" 304 -
200.118.16.147 - - [02/Oct/2023:01:22:45 -0500] "GET /sipse/faces/javax.faces.resource/primefaces.css?ln=primefaces&v=4.0 HTTP/1.1" 304 -
200.118.16.147 - - [02/Oct/2023:01:22:45 -0500] "GET /sipse/faces/javax.faces.resource/layout/layout.css?ln=primefaces&v=4.0 HTTP/1.1" 304 -
200.118.16.147 - - [02/Oct/2023:01:22:45 -0500] "GET /sipse/faces/javax.faces.resource/jquery/jquery.js?ln=primefaces&v=4.0 HTTP/1.1" 304 -
200.118.16.147 - - [02/Oct/2023:01:22:45 -0500] "GET /sipse/faces/javax.faces.resource/jquery/jquery-plugins.js?ln=primefaces&v=4.0 HTTP/1.1" 304 -
200.118.16.147 - - [02/Oct/2023:01:22:45 -0500] "GET /sipse/faces/javax.faces.resource/primefaces.js?ln=primefaces&v=4.0 HTTP/1.1" 304 -
200.118.16.147 - - [02/Oct/2023:01:22:45 -0500] "GET /sipse/faces/javax.faces.resource/fileupload/fileupload.css?ln=primefaces&v=4.0 HTTP/1.1" 304 -
200.118.16.147 - - [02/Oct/2023:01:22:45 -0500] "GET /sipse/faces/javax.faces.resource/layout/layout.js?ln=primefaces&v=4.0 HTTP/1.1" 304 -
200.118.16.147 - - [02/Oct/2023:01:22:45 -0500] "GET /sipse/faces/javax.faces.resource/fileupload/fileupload.js?ln=primefaces&v=4.0 HTTP/1.1" 304 -
200.118.16.147 - - [02/Oct/2023:01:22:51 -0500] "POST /sipse/faces/presentacion/sistema/anexos/cargarAnexoSolicitudProceso.xhtml HTTP/1.1" 200 67751
200.118.16.147 - - [02/Oct/2023:01:22:52 -0500] "GET /sipse/faces/javax.faces.resource/theme.css?ln=primefaces-sipse HTTP/1.1" 304 -
200.118.16.147 - - [02/Oct/2023:01:22:52 -0500] "GET /sipse/faces/javax.faces.resource/layout/layout.css?ln=primefaces&v=4.0 HTTP/1.1" 304 -
200.118.16.147 - - [02/Oct/2023:01:22:52 -0500] "GET /sipse/faces/javax.faces.resource/jquery/jquery-plugins.js?ln=primefaces&v=4.0 HTTP/1.1" 304 -
200.118.16.147 - - [02/Oct/2023:01:22:52 -0500] "GET /sipse/faces/javax.faces.resource/jquery/jquery.js?ln=primefaces&v=4.0 HTTP/1.1" 304 -
200.118.16.147 - - [02/Oct/2023:01:22:52 -0500] "GET /sipse/faces/javax.faces.resource/primefaces.css?ln=primefaces&v=4.0 HTTP/1.1" 304 -
200.118.16.147 - - [02/Oct/2023:01:22:52 -0500] "GET /sipse/faces/javax.faces.resource/primefaces.js?ln=primefaces&v=4.0 HTTP/1.1" 304 -
200.118.16.147 - - [02/Oct/2023:01:22:52 -0500] "GET /sipse/faces/javax.faces.resource/layout/layout.js?ln=primefaces&v=4.0 HTTP/1.1" 304 -
200.118.16.147 - - [02/Oct/2023:01:22:54 -0500] "POST /sipse/faces/presentacion/financiero/solicitudProceso/crearModificarSolicitudProceso.xhtml HTTP/1.1" 200 22327
200.118.16.147 - - [02/Oct/2023:01:22:54 -0500] "GET /sipse/faces/javax.faces.resource/theme.css?ln=primefaces-sipse HTTP/1.1" 304 -
200.118.16.147 - - [02/Oct/2023:01:22:54 -0500] "GET /sipse/faces/javax.faces.resource/fileupload/fileupload.css?ln=primefaces&v=4.0 HTTP/1.1" 304 -
200.118.16.147 - - [02/Oct/2023:01:22:54 -0500] "GET /sipse/faces/javax.faces.resource/primefaces.css?ln=primefaces&v=4.0 HTTP/1.1" 304 -
200.118.16.147 - - [02/Oct/2023:01:22:54 -0500] "GET /sipse/faces/javax.faces.resource/layout/layout.css?ln=primefaces&v=4.0 HTTP/1.1" 304 -
200.118.16.147 - - [02/Oct/2023:01:22:54 -0500] "GET /sipse/faces/javax.faces.resource/jquery/jquery-plugins.js?ln=primefaces&v=4.0 HTTP/1.1" 304 -
200.118.16.147 - - [02/Oct/2023:01:22:54 -0500] "GET /sipse/faces/javax.faces.resource/jquery/jquery.js?ln=primefaces&v=4.0 HTTP/1.1" 304 -
200.118.16.147 - - [02/Oct/2023:01:22:54 -0500] "GET /sipse/faces/javax.faces.resource/primefaces.js?ln=primefaces&v=4.0 HTTP/1.1" 304 -
200.118.16.147 - - [02/Oct/2023:01:22:54 -0500] "GET /sipse/faces/javax.faces.resource/layout/layout.js?ln=primefaces&v=4.0 HTTP/1.1" 304 -
200.118.16.147 - - [02/Oct/2023:01:22:54 -0500] "GET /sipse/faces/javax.faces.resource/fileupload/fileupload.js?ln=primefaces&v=4.0 HTTP/1.1" 304 -
200.118.16.147 - - [02/Oct/2023:01:23:00 -0500] "POST /sipse/faces/presentacion/sistema/anexos/cargarAnexoSolicitudProceso.xhtml HTTP/1.1" 200 68381
200.118.16.147 - - [02/Oct/2023:01:23:00 -0500] "GET /sipse/faces/javax.faces.resource/theme.css?ln=primefaces-sipse HTTP/1.1" 304 -
200.118.16.147 - - [02/Oct/2023:01:23:00 -0500] "GET /sipse/faces/javax.faces.resource/primefaces.css?ln=primefaces&v=4.0 HTTP/1.1" 304 -
200.118.16.147 - - [02/Oct/2023:01:23:00 -0500] "GET /sipse/faces/javax.faces.resource/jquery/jquery-plugins.js?ln=primefaces&v=4.0 HTTP/1.1" 304 -
200.118.16.147 - - [02/Oct/2023:01:23:00 -0500] "GET /sipse/faces/javax.faces.resource/jquery/jquery.js?ln=primefaces&v=4.0 HTTP/1.1" 304 -
200.118.16.147 - - [02/Oct/2023:01:23:00 -0500] "GET /sipse/faces/javax.faces.resource/layout/layout.css?ln=primefaces&v=4.0 HTTP/1.1" 304 -
200.118.16.147 - - [02/Oct/2023:01:23:00 -0500] "GET /sipse/faces/javax.faces.resource/primefaces.js?ln=primefaces&v=4.0 HTTP/1.1" 304 -
200.118.16.147 - - [02/Oct/2023:01:23:00 -0500] "GET /sipse/faces/javax.faces.resource/layout/layout.js?ln=primefaces&v=4.0 HTTP/1.1" 304 -
200.118.16.147 - - [02/Oct/2023:01:23:03 -0500] "POST /sipse/faces/presentacion/financiero/solicitudProceso/crearModificarSolicitudProceso.xhtml HTTP/1.1" 200 22327
200.118.16.147 - - [02/Oct/2023:01:23:04 -0500] "GET /sipse/faces/javax.faces.resource/theme.css?ln=primefaces-sipse HTTP/1.1" 304 -
200.118.16.147 - - [02/Oct/2023:01:23:04 -0500] "GET /sipse/faces/javax.faces.resource/primefaces.css?ln=primefaces&v=4.0 HTTP/1.1" 304 -
200.118.16.147 - - [02/Oct/2023:01:23:04 -0500] "GET /sipse/faces/javax.faces.resource/layout/layout.css?ln=primefaces&v=4.0 HTTP/1.1" 304 -
200.118.16.147 - - [02/Oct/2023:01:23:04 -0500] "GET /sipse/faces/javax.faces.resource/jquery/jquery.js?ln=primefaces&v=4.0 HTTP/1.1" 304 -
200.118.16.147 - - [02/Oct/2023:01:23:04 -0500] "GET /sipse/faces/javax.faces.resource/fileupload/fileupload.css?ln=primefaces&v=4.0 HTTP/1.1" 304 -
200.118.16.147 - - [02/Oct/2023:01:23:04 -0500] "GET /sipse/faces/javax.faces.resource/jquery/jquery-plugins.js?ln=primefaces&v=4.0 HTTP/1.1" 304 -
200.118.16.147 - - [02/Oct/2023:01:23:04 -0500] "GET /sipse/faces/javax.faces.resource/primefaces.js?ln=primefaces&v=4.0 HTTP/1.1" 304 -
200.118.16.147 - - [02/Oct/2023:01:23:04 -0500] "GET /sipse/faces/javax.faces.resource/layout/layout.js?ln=primefaces&v=4.0 HTTP/1.1" 304 -
200.118.16.147 - - [02/Oct/2023:01:23:04 -0500] "GET /sipse/faces/javax.faces.resource/fileupload/fileupload.js?ln=primefaces&v=4.0 HTTP/1.1" 304 -
200.118.16.147 - - [02/Oct/2023:01:23:10 -0500] "GET /sipse/faces/javax.faces.resource/theme.css?ln=primefaces-sipse HTTP/1.1" 304 -
200.118.16.147 - - [02/Oct/2023:01:23:10 -0500] "GET /sipse/faces/javax.faces.resource/primefaces.css?ln=primefaces&v=4.0 HTTP/1.1" 304 -
200.118.16.147 - - [02/Oct/2023:01:23:10 -0500] "GET /sipse/faces/javax.faces.resource/layout/layout.css?ln=primefaces&v=4.0 HTTP/1.1" 304 -
200.118.16.147 - - [02/Oct/2023:01:23:10 -0500] "GET /sipse/faces/javax.faces.resource/jquery/jquery.js?ln=primefaces&v=4.0 HTTP/1.1" 304 -
200.118.16.147 - - [02/Oct/2023:01:23:10 -0500] "GET /sipse/faces/javax.faces.resource/jquery/jquery-plugins.js?ln=primefaces&v=4.0 HTTP/1.1" 304 -
200.118.16.147 - - [02/Oct/2023:01:23:10 -0500] "GET /sipse/faces/javax.faces.resource/primefaces.js?ln=primefaces&v=4.0 HTTP/1.1" 304 -
200.118.16.147 - - [02/Oct/2023:01:23:10 -0500] "GET /sipse/faces/javax.faces.resource/layout/layout.js?ln=primefaces&v=4.0 HTTP/1.1" 304 -
200.118.16.147 - - [02/Oct/2023:01:23:10 -0500] "POST /sipse/faces/presentacion/sistema/anexos/cargarAnexoSolicitudProceso.xhtml HTTP/1.1" 200 68995
200.118.16.147 - - [02/Oct/2023:01:23:14 -0500] "POST /sipse/faces/presentacion/financiero/solicitudProceso/crearModificarSolicitudProceso.xhtml HTTP/1.1" 200 22327
200.118.16.147 - - [02/Oct/2023:01:23:14 -0500] "GET /sipse/faces/javax.faces.resource/primefaces.css?ln=primefaces&v=4.0 HTTP/1.1" 304 -
200.118.16.147 - - [02/Oct/2023:01:23:14 -0500] "GET /sipse/faces/javax.faces.resource/fileupload/fileupload.css?ln=primefaces&v=4.0 HTTP/1.1" 304 -
200.118.16.147 - - [02/Oct/2023:01:23:14 -0500] "GET /sipse/faces/javax.faces.resource/theme.css?ln=primefaces-sipse HTTP/1.1" 304 -
200.118.16.147 - - [02/Oct/2023:01:23:14 -0500] "GET /sipse/faces/javax.faces.resource/jquery/jquery.js?ln=primefaces&v=4.0 HTTP/1.1" 304 -
200.118.16.147 - - [02/Oct/2023:01:23:14 -0500] "GET /sipse/faces/javax.faces.resource/jquery/jquery-plugins.js?ln=primefaces&v=4.0 HTTP/1.1" 304 -
200.118.16.147 - - [02/Oct/2023:01:23:14 -0500] "GET /sipse/faces/javax.faces.resource/layout/layout.css?ln=primefaces&v=4.0 HTTP/1.1" 304 -
200.118.16.147 - - [02/Oct/2023:01:23:14 -0500] "GET /sipse/faces/javax.faces.resource/primefaces.js?ln=primefaces&v=4.0 HTTP/1.1" 304 -
200.118.16.147 - - [02/Oct/2023:01:23:14 -0500] "GET /sipse/faces/javax.faces.resource/fileupload/fileupload.js?ln=primefaces&v=4.0 HTTP/1.1" 304 -
200.118.16.147 - - [02/Oct/2023:01:23:14 -0500] "GET /sipse/faces/javax.faces.resource/layout/layout.js?ln=primefaces&v=4.0 HTTP/1.1" 304 -
200.118.16.147 - - [02/Oct/2023:01:23:20 -0500] "POST /sipse/faces/presentacion/sistema/anexos/cargarAnexoSolicitudProceso.xhtml HTTP/1.1" 200 69616
200.118.16.147 - - [02/Oct/2023:01:23:20 -0500] "GET /sipse/faces/javax.faces.resource/theme.css?ln=primefaces-sipse HTTP/1.1" 304 -
200.118.16.147 - - [02/Oct/2023:01:23:20 -0500] "GET /sipse/faces/javax.faces.resource/primefaces.css?ln=primefaces&v=4.0 HTTP/1.1" 304 -
200.118.16.147 - - [02/Oct/2023:01:23:20 -0500] "GET /sipse/faces/javax.faces.resource/jquery/jquery-plugins.js?ln=primefaces&v=4.0 HTTP/1.1" 304 -
200.118.16.147 - - [02/Oct/2023:01:23:20 -0500] "GET /sipse/faces/javax.faces.resource/jquery/jquery.js?ln=primefaces&v=4.0 HTTP/1.1" 304 -
200.118.16.147 - - [02/Oct/2023:01:23:20 -0500] "GET /sipse/faces/javax.faces.resource/layout/layout.css?ln=primefaces&v=4.0 HTTP/1.1" 304 -
200.118.16.147 - - [02/Oct/2023:01:23:21 -0500] "GET /sipse/faces/javax.faces.resource/primefaces.js?ln=primefaces&v=4.0 HTTP/1.1" 304 -
200.118.16.147 - - [02/Oct/2023:01:23:21 -0500] "GET /sipse/faces/javax.faces.resource/layout/layout.js?ln=primefaces&v=4.0 HTTP/1.1" 304 -
200.118.16.147 - - [02/Oct/2023:01:23:23 -0500] "GET /sipse/faces/javax.faces.resource/theme.css?ln=primefaces-sipse HTTP/1.1" 304 -
200.118.16.147 - - [02/Oct/2023:01:23:23 -0500] "GET /sipse/faces/javax.faces.resource/layout/layout.css?ln=primefaces&v=4.0 HTTP/1.1" 304 -
200.118.16.147 - - [02/Oct/2023:01:23:23 -0500] "GET /sipse/faces/javax.faces.resource/primefaces.css?ln=primefaces&v=4.0 HTTP/1.1" 304 -
200.118.16.147 - - [02/Oct/2023:01:23:24 -0500] "GET /sipse/faces/javax.faces.resource/jquery/jquery-plugins.js?ln=primefaces&v=4.0 HTTP/1.1" 304 -
200.118.16.147 - - [02/Oct/2023:01:23:24 -0500] "GET /sipse/faces/javax.faces.resource/layout/layout.js?ln=primefaces&v=4.0 HTTP/1.1" 304 -
200.118.16.147 - - [02/Oct/2023:01:23:24 -0500] "GET /sipse/faces/javax.faces.resource/fileupload/fileupload.css?ln=primefaces&v=4.0 HTTP/1.1" 304 -
200.118.16.147 - - [02/Oct/2023:01:23:24 -0500] "GET /sipse/faces/javax.faces.resource/primefaces.js?ln=primefaces&v=4.0 HTTP/1.1" 304 -
200.118.16.147 - - [02/Oct/2023:01:23:24 -0500] "GET /sipse/faces/javax.faces.resource/jquery/jquery.js?ln=primefaces&v=4.0 HTTP/1.1" 304 -
200.118.16.147 - - [02/Oct/2023:01:23:23 -0500] "POST /sipse/faces/presentacion/financiero/solicitudProceso/crearModificarSolicitudProceso.xhtml HTTP/1.1" 200 22327
200.118.16.147 - - [02/Oct/2023:01:23:24 -0500] "GET /sipse/faces/javax.faces.resource/fileupload/fileupload.js?ln=primefaces&v=4.0 HTTP/1.1" 304 -
201.245.192.253 - - [02/Oct/2023:01:23:27 -0500] "POST /kwsrmcab/Wsrmcab  HTTP/1.1" 200 43160
200.118.16.147 - - [02/Oct/2023:01:23:30 -0500] "POST /sipse/faces/presentacion/sistema/anexos/cargarAnexoSolicitudProceso.xhtml HTTP/1.1" 200 70239
200.118.16.147 - - [02/Oct/2023:01:23:30 -0500] "GET /sipse/faces/javax.faces.resource/theme.css?ln=primefaces-sipse HTTP/1.1" 304 -
