172.22.2.4 - - [02/Oct/2023:09:54:20 -0500] "GET /BLA/boletinlegal/img/button.png HTTP/1.1" 200 43241
172.22.2.4 - - [02/Oct/2023:09:54:20 -0500] "GET /BLA/boletinlegal/img/button-right.png HTTP/1.1" 200 57878
172.22.2.4 - - [02/Oct/2023:09:54:20 -0500] "GET /BLA/boletinlegal/favicon.ico HTTP/1.1" 404 1326
172.22.2.4 - - [02/Oct/2023:09:52:43 -0500] "HEAD /BLA/boletinlegal/ HTTP/1.1" 200 -
200.118.16.147 - - [02/Oct/2023:09:54:25 -0500] "POST /sipse/faces/presentacion/financiero/solicitudProceso/consultarSolicitudProceso.xhtml HTTP/1.1" 200 49294
200.118.16.147 - - [02/Oct/2023:09:54:26 -0500] "GET /sipse/faces/javax.faces.resource/theme.css?ln=primefaces-sipse HTTP/1.1" 304 -
200.118.16.147 - - [02/Oct/2023:09:54:26 -0500] "GET /sipse/faces/javax.faces.resource/layout/layout.css?ln=primefaces&v=4.0 HTTP/1.1" 304 -
200.118.16.147 - - [02/Oct/2023:09:54:26 -0500] "GET /sipse/faces/javax.faces.resource/primefaces.css?ln=primefaces&v=4.0 HTTP/1.1" 304 -
200.118.16.147 - - [02/Oct/2023:09:54:26 -0500] "GET /sipse/faces/javax.faces.resource/jquery/jquery.js?ln=primefaces&v=4.0 HTTP/1.1" 304 -
200.118.16.147 - - [02/Oct/2023:09:54:26 -0500] "GET /sipse/faces/javax.faces.resource/jquery/jquery-plugins.js?ln=primefaces&v=4.0 HTTP/1.1" 304 -
200.118.16.147 - - [02/Oct/2023:09:54:26 -0500] "GET /sipse/css/imagen/contrasena.png HTTP/1.1" 404 383
200.118.16.147 - - [02/Oct/2023:09:54:26 -0500] "GET /sipse/faces/javax.faces.resource/primefaces.js?ln=primefaces&v=4.0 HTTP/1.1" 304 -
200.118.16.147 - - [02/Oct/2023:09:54:26 -0500] "GET /sipse/faces/javax.faces.resource/layout/layout.js?ln=primefaces&v=4.0 HTTP/1.1" 304 -
200.118.16.147 - - [02/Oct/2023:09:54:26 -0500] "GET /sipse/faces/javax.faces.resource/images/ui-icons_898989_256x240.png?ln=primefaces-aristo HTTP/1.1" 304 -
200.118.16.147 - - [02/Oct/2023:09:54:26 -0500] "POST /sipse/faces/presentacion/financiero/solicitudProceso/listarSolicitudProceso.xhtml HTTP/1.1" 200 42632
200.118.16.147 - - [02/Oct/2023:09:54:26 -0500] "GET /sipse/faces/javax.faces.resource/images/ui-bg_flat_0_2d5972_40x100.png?ln=primefaces-aristo HTTP/1.1" 304 -
200.118.16.147 - - [02/Oct/2023:09:54:26 -0500] "POST /sipse/faces/presentacion/financiero/solicitudProceso/listarSolicitudProceso.xhtml HTTP/1.1" 200 1472
200.118.16.147 - - [02/Oct/2023:09:54:26 -0500] "POST /sipse/faces/presentacion/financiero/solicitudProceso/listarSolicitudProceso.xhtml HTTP/1.1" 200 1476
186.29.181.180 - - [02/Oct/2023:09:54:37 -0500] "POST /sipse/faces/presentacion/financiero/estudioPrevio/personalSolicitado/expedirExperienciaIdoneidad.xhtml HTTP/1.1" 200 22756
186.29.181.180 - - [02/Oct/2023:09:54:38 -0500] "GET /sipse/faces/javax.faces.resource/layout/layout.css?ln=primefaces&v=4.0 HTTP/1.1" 304 -
186.29.181.180 - - [02/Oct/2023:09:54:38 -0500] "GET /sipse/faces/javax.faces.resource/theme.css?ln=primefaces-sipse HTTP/1.1" 304 -
186.29.181.180 - - [02/Oct/2023:09:54:38 -0500] "GET /sipse/faces/javax.faces.resource/primefaces.css?ln=primefaces&v=4.0 HTTP/1.1" 304 -
186.29.181.180 - - [02/Oct/2023:09:54:38 -0500] "GET /sipse/faces/javax.faces.resource/jquery/jquery.js?ln=primefaces&v=4.0 HTTP/1.1" 304 -
186.29.181.180 - - [02/Oct/2023:09:54:38 -0500] "GET /sipse/faces/javax.faces.resource/jquery/jquery-plugins.js?ln=primefaces&v=4.0 HTTP/1.1" 304 -
186.29.181.180 - - [02/Oct/2023:09:54:38 -0500] "GET /sipse/faces/javax.faces.resource/primefaces.js?ln=primefaces&v=4.0 HTTP/1.1" 304 -
186.29.181.180 - - [02/Oct/2023:09:54:38 -0500] "GET /sipse/faces/javax.faces.resource/layout/layout.js?ln=primefaces&v=4.0 HTTP/1.1" 304 -
172.22.2.4 - - [02/Oct/2023:09:54:38 -0500] "GET /BLA/boletinlegal/consulta_actos.php?tipo=resoluciones&no=0991&usuario=&sector=&fecha=2001&resuelve= HTTP/1.1" 200 1197
172.22.2.4 - - [02/Oct/2023:09:54:38 -0500] "GET /BLA/boletinlegal/images/pdf.gif HTTP/1.1" 200 567
200.118.16.147 - - [02/Oct/2023:09:54:40 -0500] "POST /sipse/faces/presentacion/financiero/solicitudProceso/listarSolicitudProceso.xhtml HTTP/1.1" 200 120541
200.118.16.147 - - [02/Oct/2023:09:54:41 -0500] "GET /sipse/faces/javax.faces.resource/theme.css?ln=primefaces-sipse HTTP/1.1" 304 -
200.118.16.147 - - [02/Oct/2023:09:54:41 -0500] "GET /sipse/faces/javax.faces.resource/primefaces.css?ln=primefaces&v=4.0 HTTP/1.1" 304 -
200.118.16.147 - - [02/Oct/2023:09:54:41 -0500] "GET /sipse/faces/javax.faces.resource/layout/layout.css?ln=primefaces&v=4.0 HTTP/1.1" 304 -
200.118.16.147 - - [02/Oct/2023:09:54:41 -0500] "GET /sipse/faces/javax.faces.resource/jquery/jquery.js?ln=primefaces&v=4.0 HTTP/1.1" 304 -
200.118.16.147 - - [02/Oct/2023:09:54:41 -0500] "GET /sipse/faces/javax.faces.resource/jquery/jquery-plugins.js?ln=primefaces&v=4.0 HTTP/1.1" 304 -
200.118.16.147 - - [02/Oct/2023:09:54:41 -0500] "GET /sipse/faces/javax.faces.resource/primefaces.js?ln=primefaces&v=4.0 HTTP/1.1" 304 -
200.118.16.147 - - [02/Oct/2023:09:54:41 -0500] "GET /sipse/faces/javax.faces.resource/layout/layout.js?ln=primefaces&v=4.0 HTTP/1.1" 304 -
216.245.221.92 - - [02/Oct/2023:09:54:43 -0500] "HEAD / HTTP/1.1" 200 -
200.118.145.27 - - [02/Oct/2023:09:54:45 -0500] "GET /BLA/resoluciones/RESOLUCIONES%202001/0991.pdf HTTP/1.1" 200 678295
200.118.145.27 - - [02/Oct/2023:09:54:46 -0500] "GET /favicon.ico HTTP/1.1" 200 7782
216.244.66.195 - - [02/Oct/2023:09:54:47 -0500] "GET /BLA/resoluciones/RESOLUCIONES%202021/2872.pdf HTTP/1.1" 200 381624
190.66.253.76 - - [02/Oct/2023:09:55:10 -0500] "GET /kwssiamovil/sm/acme/a?s=U2FsdGVkX19Y0GCrmt7dLvKStpTi9yUDXQzRolPMhG8W8M9X1uymgDs/UZS4yCsgQYh09qRf5ORjnMjsE76/G4lDyhfSg44/aix+69H/yuQS8PXhdHYw+RQH7XO0VF3o0ULc4tEAAfjg/5ccual6/F0WYR9WL5RVTGdkfKt72/0ABqrzaXhJYwoCqkVRCxlkMfj0NcEybYqQwA/B3tf+GxV2obcCksyKwuCi4LZ23xUAh6OuO7Sp3sGUtsj55UjejR7rI7Na+N0JTl/T+Zmu/A==&u=U2FsdGVkX1+fe7bq4jK1TesXKqW+3kLY+NV6Ej3zgDI=&y=U2FsdGVkX1/FwwKdyS9U8YEWdoOjoKOmx0FBCZiqVL/4znl57zcMRlBVqEVvEcNL HTTP/1.1" 200 26
190.66.253.76 - - [02/Oct/2023:09:55:10 -0500] "GET /kwssiamovil/sm/acme/a?s=U2FsdGVkX19QJ/ypUH3iszl05wsjZ3YEA95sQECXyt6nyfNwhXk4TBPKDy/1VeXBr5y26AYwgNw604BCmuWxjMgTX57VAv6pKhVtyybI084Ok3zDtPObIpXDRiwGQHIhXnOry8iDZ9IPPf+jUTtc+dLmO1bgRv09yW0/iguLSJ/J6e8pDO1soBLqqPVkaCqVBjrwUyGUpXVZ7uuJeZ9J/9JgRgvXH46a9H3390etJRKBc/cnLuL8CQKG6vewZvUtzGSn1I1wndaaotLtv97RnVc1aHXIJV1lQkvTflax4U4V56q4g4kRLS3OWAIZSEVrGO+5XIaCdN8gFUcqwMMLam07ERfy4utChjoaui0eKWpRd0Q7S4HkWHB08pDzSEldvZZ7PerSDrSE9nELHY1rjt8VkqGamnS1LBAskYB4lBum0/OinwpKJ3kdD5upaRRj4c2Sha2tvNxEg3sMA7/E+R9mRo5z0zjm48MTJIfTRmk+JskoPeqPmDfvSzOjlJdD2vBM6yNAu6hgVp2C32F+K/Vlo8XG4ilzlRp3FY61RARMpcKw1IVm4jRb58ANSefTO2QLUakz7/I5ipBNJHtnzxBJ8qvSTmHoZt+4Vp0qqFcqNieBYWn9sHFbq+kavCV4qfaCK5L2F2oqhh7SYbmQKpn/iN0U3bs+8NU+YKMUMP09kkuZGtXSiWveAPvu+5MJez1GFjsxVxTunzrazpg9p5DgqNXVG8jmtaqzPxWtYQysGA/8DtST+/e9PLL6pGYnF7gHIw/gsLnAreToRgaQ7cC/J5o8Gf4G4ozJQVqdt8thmRx6endI8hH0/TRe7POsptiybICZwN+AnIyyTQMNPkUIuclBnBpLq1L5Numy42Het5MN0kCZB/Cx0p+cwg5isUikKXcc/ImQ+rBaJG/qMnoEW6P/Ah2SXX/lHD9aczwDyMgNS+/rd0uyKpTGWA9q7owqBa7RairMAVWbR/IBPGzbu0GiKJIg0gn/C1xv42cC1yJauEOrfj89QbOp+auU/Qm5pxZ2tJFvv54Op6/iP12WUG+DyC2zyKxLhzkKnQL+6SruqNDwv8EHABHr/sJOQzjW8gijtpmv44eYTJE+XWkC83rXHMBLqDZcKXWCNJu91vV9MNiMBoBkdIdwM8ZRFmB5LCXMq4OQ8RSf0FHVxppyPc/pE34p2/aineFKPz+WciiHEYLSrAdaJQdiFglrvzvHMulkbr1PYHwW0RLJhd+gjWzhVOYlZqM+AZVzFWSMUnhOsePsaGKntX9ZIJYtXqcF7wYgXa76rcNPcCLtP5zmeYw7kbDSc2e/PyzImOpCXbk278BRE23lWkIVu0CU29ONPM4cDkQGp25BGANR3kZlevtjvITrSl8OyimnI91Yi8wzsaWNul7Q0UI3rnHoo0bXxjcRPgnvhxvN3N+FcIKr08mRQq9Qt/ZQIrxiaou6O9f65gYyDygWkYyBsatsh5mMW1TtwVVpU4/E54C6AM0FSVFky7YzO68TujHo+kEWSLdyvifwL0hCf1EZiwsF4Z5kRtH+F5QeqhqSbHw+2hswKwy9fYSmuECUcOUPwflpO3TudNdyuEro2E6Sf4BRxlOszH4Ye5UL7giTk8E16RblhtVZiR3B8lM9ZPpHSiAVwZw5in06HFtZzie75oMNasOp2lnLv0xxGAaBcciRIqkueTsPOpNg0WqzKCv4M36VwkoZnLh0ZEgT7r/kTDX29lxnHf0qZxtjjihdOtDHcUxUHJ2PkDodMdmWBCkQ032D7llDtNdtrl9IeGVNLdKn8cmSGJrchvif9SVHst5nP1hdcg9D+owLR7NNJJ43GPzS4OUvOfJmh87t3iOyIxRUxCXTlyD5Lbwd2WmUmGd9rb7s6cdo4RFVI8hMKdKr/R6XmA5opB1OSZZJijsAPn3pS4Kba/02P8IrzEE1i78j5Qjq1uFgErLmf1jyMgDKorqYKJPHzCzFtGmqauppU2UK6wqn9ZMazaigHLyzLA3raR4dYsF5CA/ikbKE/PbZzZnxbCBjGaKJi7BBb31kKsz6ERDVSZSkB31Wkeewv3p1YhyesT7hTCYiI3iBoK5/tTY=&u=U2FsdGVkX1+fe7bq4jK1TesXKqW+3kLY+NV6Ej3zgDI=&y=U2FsdGVkX1/FwwKdyS9U8YEWdoOjoKOmx0FBCZiqVL/4znl57zcMRlBVqEVvEcNL HTTP/1.1" 200 26
190.66.253.76 - - [02/Oct/2023:09:55:11 -0500] "GET /kwssiamovil/sm/acme/a?s=U2FsdGVkX1/DIyt1JaYTHMqcGMpunDrGp/nMMTuQruZA6o3P9MlxciNAGOnaXMCv33PJ2lxBXrekzbj/aJuhI5MShB+1m3WtiZGtfL23wIEXRORNqWV3o741xvlIatPiZxNIB8KvRn6EST4WXVZtFkqfucdqnpqPojZpFYFrkQs=&u=U2FsdGVkX1+fe7bq4jK1TesXKqW+3kLY+NV6Ej3zgDI=&y=U2FsdGVkX1/FwwKdyS9U8YEWdoOjoKOmx0FBCZiqVL/4znl57zcMRlBVqEVvEcNL HTTP/1.1" 200 26
190.66.253.76 - - [02/Oct/2023:09:55:11 -0500] "GET /kwssiamovil/sm/acme/a?s=U2FsdGVkX185+TNFElu7wYGXNFDnxQDPOfUm6cW4GQxUi2FTQqdjIutTn/aO3943sp6sy5clma3mNq0K6Be74q/yQ6l/c9pKjGxN9plSX2i134se4lz1sAbg/5xhhBwvSD8YExX0EjEQZIFHwehhppgqjlzmrlSJECdLyc6divg=&u=U2FsdGVkX1+fe7bq4jK1TesXKqW+3kLY+NV6Ej3zgDI=&y=U2FsdGVkX1/FwwKdyS9U8YEWdoOjoKOmx0FBCZiqVL/4znl57zcMRlBVqEVvEcNL HTTP/1.1" 200 26
190.66.253.76 - - [02/Oct/2023:09:55:11 -0500] "GET /kwssiamovil/sm/acme/a?s=U2FsdGVkX1+m+4obkugYIqjGekOKzNjrQoq6E22Yeokz42KM79Fh8etODE/bytdAxUzgERsAU9h8nLJ8l9C4WdtZtvzpb+vJf8gAg9H5TlGRLxsGKGWG8EO+u4dj2P8N20LzaLzyBHkrIGRPbMxI/Z6Yn8n4dM52sHI0oOZg/Js=&u=U2FsdGVkX1+fe7bq4jK1TesXKqW+3kLY+NV6Ej3zgDI=&y=U2FsdGVkX1/FwwKdyS9U8YEWdoOjoKOmx0FBCZiqVL/4znl57zcMRlBVqEVvEcNL HTTP/1.1" 200 26
190.66.253.76 - - [02/Oct/2023:09:55:11 -0500] "GET /kwssiamovil/sm/acme/a?s=U2FsdGVkX18q99pDvxAbQH+RZ39Okve8Z2M9qfH9SCLF+0FEd5Sdf2GkEJBGJV5C8arB3jR5ovBuRUN3Zphp3ZNu2UMHqtIlnsrJlbLz5BXvfFv51TwteFPh8NNZy1m0m1OEYtJla82sK/q2CjGQQ3ygBEE+W8wcJQSEN9mXMydAepjbMkJtCGi2V7ABoqPeMg18ko7OzT7b5jLMgz8YpQ==&u=U2FsdGVkX1+fe7bq4jK1TesXKqW+3kLY+NV6Ej3zgDI=&y=U2FsdGVkX1/FwwKdyS9U8YEWdoOjoKOmx0FBCZiqVL/4znl57zcMRlBVqEVvEcNL HTTP/1.1" 200 26
172.22.2.4 - - [02/Oct/2023:09:53:33 -0500] "GET /BLA/boletinlegal/ HTTP/1.1" 200 58187
201.245.192.253 - - [02/Oct/2023:09:55:23 -0500] "POST /forms/lservlet;jsessionid=ac16012b30d6c612f91523904fddaeaa8c32f20a6310.e3iSbxaKaheRe34Pbx8Nc3aQci1ynknvrkLOlQzNp65In0 HTTP/1.1" 200 2
201.245.192.253 - - [02/Oct/2023:09:55:34 -0500] "POST /forms/lservlet;jsessionid=ac16012b30d61c17b6c681924b7b86af99f2bda09564.e3iSbxaKaheRe34Pbx8Nc3aQci1ynknvrkLOlQzNp65In0 HTTP/1.1" 200 2
216.244.66.195 - - [02/Oct/2023:09:55:36 -0500] "GET /BLA/resoluciones/RESOLUCIONES%202021/3548.pdf HTTP/1.1" 200 393973
186.29.181.180 - - [02/Oct/2023:09:56:09 -0500] "POST /sipse/faces/presentacion/financiero/estudioPrevio/personalSolicitado/asociarExperienciaContratista.xhtml HTTP/1.1" 200 50243
186.29.181.180 - - [02/Oct/2023:09:56:10 -0500] "GET /sipse/faces/javax.faces.resource/theme.css?ln=primefaces-sipse HTTP/1.1" 304 -
186.29.181.180 - - [02/Oct/2023:09:56:10 -0500] "GET /sipse/faces/javax.faces.resource/primefaces.css?ln=primefaces&v=4.0 HTTP/1.1" 304 -
186.29.181.180 - - [02/Oct/2023:09:56:10 -0500] "GET /sipse/faces/javax.faces.resource/layout/layout.css?ln=primefaces&v=4.0 HTTP/1.1" 304 -
186.29.181.180 - - [02/Oct/2023:09:56:10 -0500] "GET /sipse/faces/javax.faces.resource/jquery/jquery.js?ln=primefaces&v=4.0 HTTP/1.1" 304 -
186.29.181.180 - - [02/Oct/2023:09:56:10 -0500] "GET /sipse/faces/javax.faces.resource/jquery/jquery-plugins.js?ln=primefaces&v=4.0 HTTP/1.1" 304 -
186.29.181.180 - - [02/Oct/2023:09:56:10 -0500] "GET /sipse/faces/javax.faces.resource/primefaces.js?ln=primefaces&v=4.0 HTTP/1.1" 304 -
186.29.181.180 - - [02/Oct/2023:09:56:10 -0500] "GET /sipse/faces/javax.faces.resource/layout/layout.js?ln=primefaces&v=4.0 HTTP/1.1" 304 -
191.95.49.241 - - [02/Oct/2023:09:56:12 -0500] "POST /appsia/controlador HTTP/1.1" 200 3293
191.95.49.241 - - [02/Oct/2023:09:56:12 -0500] "GET /appsia/jscripts/validarSolicitud.js HTTP/1.1" 404 68
191.95.49.241 - - [02/Oct/2023:09:56:14 -0500] "POST /appsia/controlador HTTP/1.1" 200 4799
191.95.49.241 - - [02/Oct/2023:09:56:16 -0500] "POST /appsia/controlador HTTP/1.1" 200 4799
216.244.66.195 - - [02/Oct/2023:09:56:18 -0500] "GET /BLA/resoluciones/RESOLUCIONES%202021/3979.pdf HTTP/1.1" 200 328649
191.95.49.241 - - [02/Oct/2023:09:56:24 -0500] "POST /appsia/controlador HTTP/1.1" 200 5437
191.95.49.241 - - [02/Oct/2023:09:56:26 -0500] "POST /appsia/controlador HTTP/1.1" 200 7731
191.95.49.241 - - [02/Oct/2023:09:56:26 -0500] "GET /appsia/images/logo_escudo.png HTTP/1.1" 200 36965
201.245.192.253 - - [02/Oct/2023:09:56:31 -0500] "POST /kwsrmcab/Wsrmcab  HTTP/1.1" 200 43160
216.244.66.195 - - [02/Oct/2023:09:57:09 -0500] "GET /BLA/resoluciones/RESOLUCIONES%202021/4120.pdf HTTP/1.1" 200 384223
191.95.49.241 - - [02/Oct/2023:09:57:16 -0500] "POST /appsia/controlador HTTP/1.1" 200 5437
201.245.192.253 - - [02/Oct/2023:09:57:23 -0500] "POST /forms/lservlet;jsessionid=ac16012b30d6c612f91523904fddaeaa8c32f20a6310.e3iSbxaKaheRe34Pbx8Nc3aQci1ynknvrkLOlQzNp65In0 HTTP/1.1" 200 2
191.95.49.241 - - [02/Oct/2023:09:57:25 -0500] "POST /appsia/controlador HTTP/1.1" 200 7731
191.95.49.241 - - [02/Oct/2023:09:57:29 -0500] "POST /appsia/controlador HTTP/1.1" 200 3238
191.95.49.241 - - [02/Oct/2023:09:57:29 -0500] "GET /appsia/jscripts/validarSolicitud.js HTTP/1.1" 404 68
201.245.192.253 - - [02/Oct/2023:09:57:34 -0500] "POST /forms/lservlet;jsessionid=ac16012b30d61c17b6c681924b7b86af99f2bda09564.e3iSbxaKaheRe34Pbx8Nc3aQci1ynknvrkLOlQzNp65In0 HTTP/1.1" 200 2
69.171.249.13 - - [02/Oct/2023:09:57:35 -0500] "GET /como-obtener-el-certificado-de-estado-de-conservacion-ambiental-ceca.html HTTP/1.1" 200 873
191.95.49.241 - - [02/Oct/2023:09:57:36 -0500] "POST /appsia/controlador HTTP/1.1" 200 7731
216.244.66.195 - - [02/Oct/2023:09:57:53 -0500] "GET /BLA/resoluciones/RESOLUCIONES%202021/4253.pdf HTTP/1.1" 200 349834
186.29.181.180 - - [02/Oct/2023:09:58:00 -0500] "POST /sipse/faces/presentacion/financiero/estudioPrevio/personalSolicitado/expedirExperienciaIdoneidad.xhtml HTTP/1.1" 200 22756
186.29.181.180 - - [02/Oct/2023:09:58:01 -0500] "GET /sipse/faces/javax.faces.resource/layout/layout.css?ln=primefaces&v=4.0 HTTP/1.1" 304 -
186.29.181.180 - - [02/Oct/2023:09:58:01 -0500] "GET /sipse/faces/javax.faces.resource/theme.css?ln=primefaces-sipse HTTP/1.1" 304 -
186.29.181.180 - - [02/Oct/2023:09:58:01 -0500] "GET /sipse/faces/javax.faces.resource/primefaces.css?ln=primefaces&v=4.0 HTTP/1.1" 304 -
186.29.181.180 - - [02/Oct/2023:09:58:01 -0500] "GET /sipse/faces/javax.faces.resource/jquery/jquery.js?ln=primefaces&v=4.0 HTTP/1.1" 304 -
186.29.181.180 - - [02/Oct/2023:09:58:01 -0500] "GET /sipse/faces/javax.faces.resource/jquery/jquery-plugins.js?ln=primefaces&v=4.0 HTTP/1.1" 304 -
186.29.181.180 - - [02/Oct/2023:09:58:01 -0500] "GET /sipse/faces/javax.faces.resource/primefaces.js?ln=primefaces&v=4.0 HTTP/1.1" 304 -
186.29.181.180 - - [02/Oct/2023:09:58:01 -0500] "GET /sipse/faces/javax.faces.resource/layout/layout.js?ln=primefaces&v=4.0 HTTP/1.1" 304 -
216.244.66.195 - - [02/Oct/2023:09:58:42 -0500] "GET /BLA/resoluciones/RESOLUCIONES%202021/4319.pdf HTTP/1.1" 200 723018
190.66.253.76 - - [02/Oct/2023:09:58:55 -0500] "GET /kwssiamovil/sm/acme/u?s=U2FsdGVkX1/ARNiNVTVeicpGkbIjJNu64PcICGLslax61RSUXP1AltX1GX7izH0fUtpJjFO66kGaobjnyaDsD1TgddXYpOfcNh3Udx0Yo1Y6/rHJKIrInNYOtX6SeCfYmlp/0U6veYi8N+Dk8jV9kbTdVug62HlDO3+/6r4ujl4=&u=U2FsdGVkX1+fe7bq4jK1TesXKqW+3kLY+NV6Ej3zgDI=&y=U2FsdGVkX1/FwwKdyS9U8YEWdoOjoKOmx0FBCZiqVL/4znl57zcMRlBVqEVvEcNL HTTP/1.1" 200 60
173.252.79.2 - - [02/Oct/2023:09:59:08 -0500] "GET /images/Red%20de%20Monitoreo%20de%20Calidad%20del%20Aire.jpg HTTP/1.1" 200 51986
186.29.181.180 - - [02/Oct/2023:09:59:08 -0500] "POST /sipse/faces/presentacion/financiero/estudioPrevio/personalSolicitado/asociarExperienciaContratista.xhtml HTTP/1.1" 200 52903
186.29.181.180 - - [02/Oct/2023:09:59:08 -0500] "GET /sipse/faces/javax.faces.resource/theme.css?ln=primefaces-sipse HTTP/1.1" 304 -
186.29.181.180 - - [02/Oct/2023:09:59:08 -0500] "GET /sipse/faces/javax.faces.resource/primefaces.css?ln=primefaces&v=4.0 HTTP/1.1" 304 -
186.29.181.180 - - [02/Oct/2023:09:59:08 -0500] "GET /sipse/faces/javax.faces.resource/layout/layout.css?ln=primefaces&v=4.0 HTTP/1.1" 304 -
186.29.181.180 - - [02/Oct/2023:09:59:08 -0500] "GET /sipse/faces/javax.faces.resource/jquery/jquery.js?ln=primefaces&v=4.0 HTTP/1.1" 304 -
186.29.181.180 - - [02/Oct/2023:09:59:08 -0500] "GET /sipse/faces/javax.faces.resource/jquery/jquery-plugins.js?ln=primefaces&v=4.0 HTTP/1.1" 304 -
186.29.181.180 - - [02/Oct/2023:09:59:08 -0500] "GET /sipse/faces/javax.faces.resource/layout/layout.js?ln=primefaces&v=4.0 HTTP/1.1" 304 -
186.29.181.180 - - [02/Oct/2023:09:59:08 -0500] "GET /sipse/faces/javax.faces.resource/primefaces.js?ln=primefaces&v=4.0 HTTP/1.1" 304 -
201.245.192.253 - - [02/Oct/2023:09:59:23 -0500] "POST /forms/lservlet;jsessionid=ac16012b30d6c612f91523904fddaeaa8c32f20a6310.e3iSbxaKaheRe34Pbx8Nc3aQci1ynknvrkLOlQzNp65In0 HTTP/1.1" 200 2
216.244.66.195 - - [02/Oct/2023:09:59:32 -0500] "GET /BLA/resoluciones/RESOLUCIONES%202021/4375.pdf HTTP/1.1" 200 340374
201.245.192.253 - - [02/Oct/2023:09:59:34 -0500] "POST /forms/lservlet;jsessionid=ac16012b30d61c17b6c681924b7b86af99f2bda09564.e3iSbxaKaheRe34Pbx8Nc3aQci1ynknvrkLOlQzNp65In0 HTTP/1.1" 200 2
172.22.2.4 - - [02/Oct/2023:09:59:36 -0500] "GET /BLA/boletinlegal/conceptos.php HTTP/1.1" 200 7496
172.22.2.4 - - [02/Oct/2023:09:59:36 -0500] "GET /BLA/boletinlegal/favicon.ico HTTP/1.1" 404 1334
172.22.2.4 - - [02/Oct/2023:09:59:38 -0500] "GET /BLA/boletinlegal/consulta_conceptos.php?no=&solicitante=&radicado_entrada=&fecha_concepto=2023&objeto= HTTP/1.1" 200 26371
216.245.221.92 - - [02/Oct/2023:09:59:43 -0500] "HEAD / HTTP/1.1" 200 -
186.29.181.180 - - [02/Oct/2023:09:59:58 -0500] "POST /sipse/faces/presentacion/financiero/estudioPrevio/personalSolicitado/expedirExperienciaIdoneidad.xhtml HTTP/1.1" 200 22756
186.29.181.180 - - [02/Oct/2023:09:59:58 -0500] "GET /sipse/faces/javax.faces.resource/layout/layout.css?ln=primefaces&v=4.0 HTTP/1.1" 304 -
186.29.181.180 - - [02/Oct/2023:09:59:58 -0500] "GET /sipse/faces/javax.faces.resource/theme.css?ln=primefaces-sipse HTTP/1.1" 304 -
186.29.181.180 - - [02/Oct/2023:09:59:58 -0500] "GET /sipse/faces/javax.faces.resource/primefaces.css?ln=primefaces&v=4.0 HTTP/1.1" 304 -
186.29.181.180 - - [02/Oct/2023:09:59:58 -0500] "GET /sipse/faces/javax.faces.resource/jquery/jquery.js?ln=primefaces&v=4.0 HTTP/1.1" 304 -
186.29.181.180 - - [02/Oct/2023:09:59:58 -0500] "GET /sipse/faces/javax.faces.resource/jquery/jquery-plugins.js?ln=primefaces&v=4.0 HTTP/1.1" 304 -
186.29.181.180 - - [02/Oct/2023:09:59:58 -0500] "GET /sipse/faces/javax.faces.resource/primefaces.js?ln=primefaces&v=4.0 HTTP/1.1" 304 -
186.29.181.180 - - [02/Oct/2023:09:59:58 -0500] "GET /sipse/faces/javax.faces.resource/layout/layout.js?ln=primefaces&v=4.0 HTTP/1.1" 304 -
172.22.2.4 - - [02/Oct/2023:09:58:33 -0500] "HEAD /BLA/boletinlegal/ HTTP/1.1" 200 -
216.244.66.195 - - [02/Oct/2023:10:00:22 -0500] "GET /BLA/resoluciones/RESOLUCIONES%202022/0367.pdf HTTP/1.1" 200 342484
172.22.2.4 - - [02/Oct/2023:09:59:33 -0500] "GET /BLA/boletinlegal/ HTTP/1.1" 200 24523
172.22.2.4 - - [02/Oct/2023:10:00:31 -0500] "GET /BLA/boletinlegal/actos.php HTTP/1.1" 200 9682
201.245.192.253 - - [02/Oct/2023:10:00:40 -0500] "POST /forms/lservlet;jsessionid=ac16012b30d61c17b6c681924b7b86af99f2bda09564.e3iSbxaKaheRe34Pbx8Nc3aQci1ynknvrkLOlQzNp65In0 HTTP/1.1" 200 2
201.245.192.253 - - [02/Oct/2023:10:00:40 -0500] "POST /forms/lservlet;jsessionid=ac16012b30d61c17b6c681924b7b86af99f2bda09564.e3iSbxaKaheRe34Pbx8Nc3aQci1ynknvrkLOlQzNp65In0 HTTP/1.1" 200 1422
201.245.192.253 - - [02/Oct/2023:10:00:40 -0500] "POST /forms/lservlet;jsessionid=ac16012b30d61c17b6c681924b7b86af99f2bda09564.e3iSbxaKaheRe34Pbx8Nc3aQci1ynknvrkLOlQzNp65In0 HTTP/1.1" 200 11
201.245.192.253 - - [02/Oct/2023:10:00:41 -0500] "POST /forms/lservlet;jsessionid=ac16012b30d61c17b6c681924b7b86af99f2bda09564.e3iSbxaKaheRe34Pbx8Nc3aQci1ynknvrkLOlQzNp65In0 HTTP/1.1" 200 2
201.245.192.253 - - [02/Oct/2023:10:00:41 -0500] "POST /forms/lservlet;jsessionid=ac16012b30d61c17b6c681924b7b86af99f2bda09564.e3iSbxaKaheRe34Pbx8Nc3aQci1ynknvrkLOlQzNp65In0 HTTP/1.1" 200 121
201.245.192.253 - - [02/Oct/2023:10:00:41 -0500] "POST /forms/lservlet;jsessionid=ac16012b30d61c17b6c681924b7b86af99f2bda09564.e3iSbxaKaheRe34Pbx8Nc3aQci1ynknvrkLOlQzNp65In0 HTTP/1.1" 200 11
201.245.192.253 - - [02/Oct/2023:10:00:42 -0500] "POST /forms/lservlet;jsessionid=ac16012b30d61c17b6c681924b7b86af99f2bda09564.e3iSbxaKaheRe34Pbx8Nc3aQci1ynknvrkLOlQzNp65In0 HTTP/1.1" 200 90
201.245.192.253 - - [02/Oct/2023:10:00:46 -0500] "POST /forms/lservlet;jsessionid=ac16012b30d61c17b6c681924b7b86af99f2bda09564.e3iSbxaKaheRe34Pbx8Nc3aQci1ynknvrkLOlQzNp65In0 HTTP/1.1" 200 94
201.245.192.253 - - [02/Oct/2023:10:00:50 -0500] "POST /forms/lservlet;jsessionid=ac16012b30d61c17b6c681924b7b86af99f2bda09564.e3iSbxaKaheRe34Pbx8Nc3aQci1ynknvrkLOlQzNp65In0 HTTP/1.1" 200 7
201.245.192.253 - - [02/Oct/2023:10:00:50 -0500] "POST /forms/lservlet;jsessionid=ac16012b30d61c17b6c681924b7b86af99f2bda09564.e3iSbxaKaheRe34Pbx8Nc3aQci1ynknvrkLOlQzNp65In0 HTTP/1.1" 200 160
201.245.192.253 - - [02/Oct/2023:10:00:50 -0500] "POST /forms/lservlet;jsessionid=ac16012b30d61c17b6c681924b7b86af99f2bda09564.e3iSbxaKaheRe34Pbx8Nc3aQci1ynknvrkLOlQzNp65In0 HTTP/1.1" 200 2
201.245.192.253 - - [02/Oct/2023:10:00:50 -0500] "POST /forms/lservlet;jsessionid=ac16012b30d61c17b6c681924b7b86af99f2bda09564.e3iSbxaKaheRe34Pbx8Nc3aQci1ynknvrkLOlQzNp65In0 HTTP/1.1" 200 2
201.245.192.253 - - [02/Oct/2023:10:00:51 -0500] "POST /forms/lservlet;jsessionid=ac16012b30d61c17b6c681924b7b86af99f2bda09564.e3iSbxaKaheRe34Pbx8Nc3aQci1ynknvrkLOlQzNp65In0 HTTP/1.1" 200 2
216.244.66.195 - - [02/Oct/2023:10:00:55 -0500] "GET /BLA/resoluciones/RESOLUCIONES%202022/0369.pdf HTTP/1.1" 200 331982
172.22.2.4 - - [02/Oct/2023:09:59:23 -0500] "GET /BLA/boletinlegal/ HTTP/1.1" 200 53766
186.29.181.180 - - [02/Oct/2023:10:01:10 -0500] "POST /sipse/faces/presentacion/financiero/estudioPrevio/personalSolicitado/asociarExperienciaContratista.xhtml HTTP/1.1" 200 55513
186.29.181.180 - - [02/Oct/2023:10:01:10 -0500] "GET /sipse/faces/javax.faces.resource/theme.css?ln=primefaces-sipse HTTP/1.1" 304 -
186.29.181.180 - - [02/Oct/2023:10:01:10 -0500] "GET /sipse/faces/javax.faces.resource/primefaces.css?ln=primefaces&v=4.0 HTTP/1.1" 304 -
186.29.181.180 - - [02/Oct/2023:10:01:10 -0500] "GET /sipse/faces/javax.faces.resource/layout/layout.css?ln=primefaces&v=4.0 HTTP/1.1" 304 -
186.29.181.180 - - [02/Oct/2023:10:01:10 -0500] "GET /sipse/faces/javax.faces.resource/jquery/jquery.js?ln=primefaces&v=4.0 HTTP/1.1" 304 -
186.29.181.180 - - [02/Oct/2023:10:01:10 -0500] "GET /sipse/faces/javax.faces.resource/jquery/jquery-plugins.js?ln=primefaces&v=4.0 HTTP/1.1" 304 -
186.29.181.180 - - [02/Oct/2023:10:01:10 -0500] "GET /sipse/faces/javax.faces.resource/layout/layout.js?ln=primefaces&v=4.0 HTTP/1.1" 304 -
186.29.181.180 - - [02/Oct/2023:10:01:10 -0500] "GET /sipse/faces/javax.faces.resource/primefaces.js?ln=primefaces&v=4.0 HTTP/1.1" 304 -
201.245.192.253 - - [02/Oct/2023:10:01:23 -0500] "POST /forms/lservlet;jsessionid=ac16012b30d6c612f91523904fddaeaa8c32f20a6310.e3iSbxaKaheRe34Pbx8Nc3aQci1ynknvrkLOlQzNp65In0 HTTP/1.1" 200 2
181.189.25.57 - - [02/Oct/2023:10:01:23 -0500] "POST /sipse/faces/presentacion/financiero/solicitudProceso/consultarSolicitudProceso.xhtml HTTP/1.1" 200 21158
181.189.25.57 - - [02/Oct/2023:10:01:23 -0500] "GET /sipse/faces/javax.faces.resource/theme.css?ln=primefaces-sipse HTTP/1.1" 304 -
181.189.25.57 - - [02/Oct/2023:10:01:23 -0500] "GET /sipse/faces/javax.faces.resource/primefaces.css?ln=primefaces&v=4.0 HTTP/1.1" 304 -
181.189.25.57 - - [02/Oct/2023:10:01:23 -0500] "GET /sipse/faces/javax.faces.resource/jquery/jquery.js?ln=primefaces&v=4.0 HTTP/1.1" 304 -
181.189.25.57 - - [02/Oct/2023:10:01:23 -0500] "GET /sipse/faces/javax.faces.resource/layout/layout.css?ln=primefaces&v=4.0 HTTP/1.1" 304 -
181.189.25.57 - - [02/Oct/2023:10:01:23 -0500] "GET /sipse/faces/javax.faces.resource/fileupload/fileupload.css?ln=primefaces&v=4.0 HTTP/1.1" 304 -
181.189.25.57 - - [02/Oct/2023:10:01:23 -0500] "GET /sipse/faces/javax.faces.resource/jquery/jquery-plugins.js?ln=primefaces&v=4.0 HTTP/1.1" 304 -
181.189.25.57 - - [02/Oct/2023:10:01:23 -0500] "GET /sipse/faces/javax.faces.resource/primefaces.js?ln=primefaces&v=4.0 HTTP/1.1" 304 -
181.189.25.57 - - [02/Oct/2023:10:01:23 -0500] "GET /sipse/faces/javax.faces.resource/layout/layout.js?ln=primefaces&v=4.0 HTTP/1.1" 304 -
181.189.25.57 - - [02/Oct/2023:10:01:23 -0500] "GET /sipse/faces/javax.faces.resource/fileupload/fileupload.js?ln=primefaces&v=4.0 HTTP/1.1" 304 -
181.189.25.57 - - [02/Oct/2023:10:01:23 -0500] "GET /sipse/css/imagen/contrasena.png HTTP/1.1" 404 383
181.189.25.57 - - [02/Oct/2023:10:01:23 -0500] "GET /sipse/faces/javax.faces.resource/images/ui-icons_898989_256x240.png?ln=primefaces-aristo HTTP/1.1" 304 -
186.29.181.180 - - [02/Oct/2023:10:01:26 -0500] "POST /sipse/faces/presentacion/financiero/estudioPrevio/personalSolicitado/expedirExperienciaIdoneidad.xhtml HTTP/1.1" 200 22756
186.29.181.180 - - [02/Oct/2023:10:01:26 -0500] "GET /sipse/faces/javax.faces.resource/layout/layout.css?ln=primefaces&v=4.0 HTTP/1.1" 304 -
186.29.181.180 - - [02/Oct/2023:10:01:26 -0500] "GET /sipse/faces/javax.faces.resource/theme.css?ln=primefaces-sipse HTTP/1.1" 304 -
186.29.181.180 - - [02/Oct/2023:10:01:26 -0500] "GET /sipse/faces/javax.faces.resource/primefaces.css?ln=primefaces&v=4.0 HTTP/1.1" 304 -
186.29.181.180 - - [02/Oct/2023:10:01:26 -0500] "GET /sipse/faces/javax.faces.resource/jquery/jquery.js?ln=primefaces&v=4.0 HTTP/1.1" 304 -
186.29.181.180 - - [02/Oct/2023:10:01:26 -0500] "GET /sipse/faces/javax.faces.resource/jquery/jquery-plugins.js?ln=primefaces&v=4.0 HTTP/1.1" 304 -
186.29.181.180 - - [02/Oct/2023:10:01:26 -0500] "GET /sipse/faces/javax.faces.resource/primefaces.js?ln=primefaces&v=4.0 HTTP/1.1" 304 -
186.29.181.180 - - [02/Oct/2023:10:01:26 -0500] "GET /sipse/faces/javax.faces.resource/layout/layout.js?ln=primefaces&v=4.0 HTTP/1.1" 304 -
201.245.192.253 - - [02/Oct/2023:10:01:30 -0500] "POST /kwsrmcab/Wsrmcab  HTTP/1.1" 200 43160
201.245.192.253 - - [02/Oct/2023:10:01:34 -0500] "POST /forms/lservlet;jsessionid=ac16012b30d61c17b6c681924b7b86af99f2bda09564.e3iSbxaKaheRe34Pbx8Nc3aQci1ynknvrkLOlQzNp65In0 HTTP/1.1" 200 2
181.189.25.57 - - [02/Oct/2023:10:01:34 -0500] "GET /sipse/faces/javax.faces.resource/primefaces.css?ln=primefaces&v=4.0 HTTP/1.1" 304 -
181.189.25.57 - - [02/Oct/2023:10:01:34 -0500] "GET /sipse/faces/javax.faces.resource/jquery/jquery-plugins.js?ln=primefaces&v=4.0 HTTP/1.1" 304 -
181.189.25.57 - - [02/Oct/2023:10:01:34 -0500] "GET /sipse/faces/javax.faces.resource/theme.css?ln=primefaces-sipse HTTP/1.1" 304 -
181.189.25.57 - - [02/Oct/2023:10:01:34 -0500] "GET /sipse/faces/javax.faces.resource/layout/layout.css?ln=primefaces&v=4.0 HTTP/1.1" 304 -
181.189.25.57 - - [02/Oct/2023:10:01:34 -0500] "GET /sipse/faces/javax.faces.resource/jquery/jquery.js?ln=primefaces&v=4.0 HTTP/1.1" 304 -
181.189.25.57 - - [02/Oct/2023:10:01:34 -0500] "GET /sipse/faces/javax.faces.resource/primefaces.js?ln=primefaces&v=4.0 HTTP/1.1" 304 -
181.189.25.57 - - [02/Oct/2023:10:01:34 -0500] "GET /sipse/faces/javax.faces.resource/layout/layout.js?ln=primefaces&v=4.0 HTTP/1.1" 304 -
181.189.25.57 - - [02/Oct/2023:10:01:33 -0500] "POST /sipse/faces/presentacion/sistema/anexos/cargarAnexoSolicitudProceso.xhtml HTTP/1.1" 200 154366
181.189.25.57 - - [02/Oct/2023:10:01:34 -0500] "GET /sipse/css/imagen/contrasena.png HTTP/1.1" 404 383
181.189.25.57 - - [02/Oct/2023:10:01:34 -0500] "GET /sipse/faces/javax.faces.resource/images/ui-icons_898989_256x240.png?ln=primefaces-aristo HTTP/1.1" 304 -
216.244.66.195 - - [02/Oct/2023:10:01:36 -0500] "GET /BLA/resoluciones/RESOLUCIONES%202022/0482.pdf HTTP/1.1" 200 372544
173.252.107.7 - - [02/Oct/2023:10:01:43 -0500] "GET /images/plantacion-humedal-la-conejera.jpg HTTP/1.1" 200 92644
173.252.107.119 - - [02/Oct/2023:10:01:44 -0500] "GET /images/Zuque%20(1)%20(1).jpeg HTTP/1.1" 200 66921
173.252.107.5 - - [02/Oct/2023:10:01:46 -0500] "GET /images/pieza-voluntariado-ambiental.jpeg HTTP/1.1" 200 51125
173.252.107.119 - - [02/Oct/2023:10:01:54 -0500] "GET /images/avistamiento-aves.jpg HTTP/1.1" 200 104313
173.252.107.8 - - [02/Oct/2023:10:01:56 -0500] "GET /images/construccion-sostenible-.jpg HTTP/1.1" 200 82949
173.252.107.119 - - [02/Oct/2023:10:01:57 -0500] "GET /images/Caminatas-ecologicas-julio.jpg HTTP/1.1" 200 480557
173.252.107.8 - - [02/Oct/2023:10:01:57 -0500] "GET /images/camino-guadalupe-aguanoso.jpg HTTP/1.1" 200 103489
186.102.59.180 - - [02/Oct/2023:10:02:11 -0500] "OPTIONS /kwssiamovil/sm/setfile/f? HTTP/1.1" 200 13
186.102.59.180 - - [02/Oct/2023:10:02:11 -0500] "POST /kwssiamovil/sm/setfile/f? HTTP/1.1" 200 381
186.102.59.180 - - [02/Oct/2023:10:02:21 -0500] "GET /kwssiamovil/sm/acme/a?s=U2FsdGVkX19iC8s4fhTbyKz2EZdVwzuPEgJTcm60U0Gg5+i6s1K5gYcvvlyIVN3vp2nwAQRswetvbC5I9k7DirtbYbLX5YcB5e3cVBHTNqs5aqW5RA84N8BtCQxGO2KF3S/uxvAnjY/Uo8EST3L928ruy9WtD3sZ0GTtS/uU1MLLd8FVK3hdem/5Y4CBDHzTIxhYzeNpWauSg1vp5+m1A8acc5PqCoZrEVDFb8l2fi3vvV8WfTg8nu4oVaSfmJXoqgJB1dfWBrGtKfKanKU2dw==&u=U2FsdGVkX18aUE9oGyTbNjMAnDJHcq+R8GgHzI8XHNE=&y=U2FsdGVkX1+O6Mbd9RvqBezOE+PJ36Kmg5WV1blmPVU= HTTP/1.1" 200 26
186.102.59.180 - - [02/Oct/2023:10:02:21 -0500] "GET /kwssiamovil/sm/acme/a?s=U2FsdGVkX1+XVA5CFvwq1dKQTJhan9BQ3mlTe5/P2lXVL4d0C1Xn8Y4DC39h8jH894L55HYQzh79Yg6tcu95jJ4wxtV5Ipn2r1xEQgKPv6NRzugMCfJnV/pMWQef493ngV45B3mQ1G5BEIi5U5BizthM0FP6iQ7gukQLfG3z2QABLKPulJi8ouNpwT1XaKaepgKtMdNxNZNxNrBOKcT3KXwJoNgTcbHP4VgFkfHN0IaNJU7sg1XA6iqio3vtGM0JMgsmeny0yXcQ620UtFQ3mkHzz9TrKao8NPs5Z3Ck1kBdPTxdOPiq6Gi+KG4rOFkrObWTkZ54/v7b7PTaawN8flbld0/ZOHuYM8aDv4UUf5B/v/I1EWhF7rQJTeZe773Ll2tWGyisE8fvBzGqa6LwmoPpeSWpSN0g8SFxUpAzGYbOzGccXFur4oGASJOTCHk5ElxpAS3++VAJHvo4xy68MH001yWz5BNXVzQ8yZXzrUtDzFIE0KjtSVb+4LGR5RPnjkOz+44dKg7QD1ocdWRF9SqKsn/uCQeB4ymGULxvkVmR4nSpdwNTTJ5DWXvE36GVpNhMCn+56M1ici6LOYXuYF0zRwfWhKOgHPbA/XPYPGsLMoinJs6cF8FZxLHTDbF5+xqCr+FcJ57ucR1S5S2wPvEyPKvxlFgTnZKxU+dmFXDW2lBbxgFFzlvzxrIAqeLqS3fJSPfH382qAaBENif2nR0McCNkCCNvAw2+QwBSn05VK3RAUAQOZRc3SEUmH94Cb3bkcW7cUtP++0jUrVrM2MEVPhIfdDz/UzB2bP+vWf48a0M05Vrl+PwcUiKNa0c5iw4KJ3xBOHHVpprPZI5oIKR+LVrwZyt0CGLmXUJsQ64Bjoc0cuz1EapB8kHs8vcmLTVA5IA3sKwvzMxNjMeJ4s1mJNpocwZ5LFkf9WBgCujOY9G2BsyGCKodrCvf0XBIYmF5kZ0OnnRYAXdv2N4pUVJZfycFIzDLr7x4I2JeN9LGrXQLcB8vy6rTyo22AM4UNSPPHONugLkS88hzphmLztC7VooFzQVXhsOoU8TACcgR9W4/m2jLOVdRo41nkhS9x1SYo8bev9tk5frvc9tSKR0tjcUE0cTrtg/a7r0brcXS8hgJ5HZXAILZHK3NfTcFEv9DnZBEej6Xm1e2Z+gZr/UlEcL2W53BVi392wqA3+x/JI2L+tIV9FGWliGtbmYrqA96CJC0Y2SEvMbocBXNEOmJlD3VcjzwS183weH2PQjpTZ+flCJK/FqjkwZfcn1PWu3sJ6/eyOnEZK/ztd3rXN+U3FuJMedfzxN+nyG+yWqX81m1bw4BC2JppCXUUiJYcnJR8s6Xzxo2uprx+fSIVF1CLEx04DIoKXKwKz827vJ4aa06TniH5xdqeWlkw8qRCNTFEAVZoz8/JWq+I8GcZ+lmkhRaJ1ZQ3pDICTkEqTheTrd8Z1PmKpo7YNKH+nqkjd3+TBu9XDgld5gKznF0gm78EbPTlRrDXdkqrQui8ufHUVPcBjelOtSFlP9oTxf/fMhoKUe9E8kOA8qxKRhpoVFaGcAI9pMWlOL1oyh4PxbWYwb8wVt1mByHfI6rXkb8YF/KpI269eyk616fxeI0J/Lyd9Xz4y+s0saT8MKNlV1TEIpdheipQGkQWS1XAYe9U0Ujvb2JzJFVTmpGZuAqDyU+58Dl72i2KkR9KLo80ONLFPux0TrFbFZWN7YuuYrnhs457fYvOOf1SRMeegQ0oE9kC9WMKLjtuwg0t/Q1aK7/VseUT1cp41GFW++HTsxu4nZUKdEicKbkmfayV6XJj4W18gydlVf3D3KfexP587o+nSNJeA3SJI6sdg3UwEVFTH+NB1GRvRB2KjRSicQDRkgRMYVw0IcbQbpjieaeiK12vqsQE+Puh49lydznNVjJX+09MqKzPmdHTZup9hr9Jc6RZxp0hiPrWOuSyM9qrcO5hz/tY5UhAQgW3EWFJXeGSKMaqLhfxV+uj4BJlI7FjYc9ap6sMRnmmmMTKUXNRmLyl8ZDddc1f+r57EMEBDsNnqo8fteVoPnvCJahTP6DwC9CIX+cHxOXGEIdnUCO502iFJT/JPA13uAgFziXu1mta7/0u7Ckcbv6SmbOq7Bkz8XUMmggjmshV4CUbPeXAVmcLKeE0KpSTBeRHl6WFJyMqGau6QetnbCbz4AEwHSwOEbDdbGS4Gq5mMTd1iHXAiyi7TrLKV+hXxFVJYHxllbgbEnnPnKi1UeCKT/quxeAMw==&u=U2FsdGVkX18aUE9oGyTbNjMAnDJHcq+R8GgHzI8XHNE=&y=U2FsdGVkX1+O6Mbd9RvqBezOE+PJ36Kmg5WV1blmPVU= HTTP/1.1" 200 26
186.102.59.180 - - [02/Oct/2023:10:02:21 -0500] "GET /kwssiamovil/sm/acme/a?s=U2FsdGVkX191wOefjXrXwXoLaOXfK8ErFWGPT5PwFaEqMbZUjANirhlX3mm5k8DOgaik4fh2OBxp1jtmloshOvQFjVuSGK8Zk/Rj7E0BYmgtSMq2NuYs8AAJqnNlrFOfITqVZwD4SqtE8JeFjPoHXKRQCr0cfY1xjkLlKsd1ptQ=&u=U2FsdGVkX18aUE9oGyTbNjMAnDJHcq+R8GgHzI8XHNE=&y=U2FsdGVkX1+O6Mbd9RvqBezOE+PJ36Kmg5WV1blmPVU= HTTP/1.1" 200 26
186.102.59.180 - - [02/Oct/2023:10:02:22 -0500] "GET /kwssiamovil/sm/acme/a?s=U2FsdGVkX193Av6BprOV+iMR9IWeudGp7dhISs0p2L6hZjy4zMF8wlWb4pZ5kdeV3mwNIf9wzHBCSEV40X46FXcWJbyhLUR88RZgbhyoPZ1oYQHsJ5dPAzuuCsor5Zbzc0bpon9KCAh9Ia6lDBxismui99V3RYtgYSXb0vF17dM=&u=U2FsdGVkX18aUE9oGyTbNjMAnDJHcq+R8GgHzI8XHNE=&y=U2FsdGVkX1+O6Mbd9RvqBezOE+PJ36Kmg5WV1blmPVU= HTTP/1.1" 200 26
186.102.59.180 - - [02/Oct/2023:10:02:22 -0500] "GET /kwssiamovil/sm/acme/a?s=U2FsdGVkX19JB04xyAPl57TgctDzs/4O6Jvyc1CX+4DZqfvWBG2sf4Hdo46E4GiYFGtiSQxlcBu8YBFCaC2Hd/B6+Gy4AEDGpATmJWrDa+f5gkwRb292xU6HPJIL8c0wr1YBz/ym6P7PVFylkQFBs2MT/ZvHKEz2ZSSYvJtc+w8=&u=U2FsdGVkX18aUE9oGyTbNjMAnDJHcq+R8GgHzI8XHNE=&y=U2FsdGVkX1+O6Mbd9RvqBezOE+PJ36Kmg5WV1blmPVU= HTTP/1.1" 200 26
186.102.59.180 - - [02/Oct/2023:10:02:22 -0500] "GET /kwssiamovil/sm/acme/a?s=U2FsdGVkX18QSg7URsLZBlz/YBqSzKa0+UZrOxi/+ECmXGyCTNF0BSzTAx7bcPWyVrLwbEU6tIJnJwbOKjIF2DKKsKcpNasuHJs2ZiJpdBR1H2huds8M+RpefwtwprQp0cBst23pxMNu555S5qgTOiPr4JDmjDWFD2kP+uB4xkPxZHbYCkWRLUpgUtjyog1K&u=U2FsdGVkX18aUE9oGyTbNjMAnDJHcq+R8GgHzI8XHNE=&y=U2FsdGVkX1+O6Mbd9RvqBezOE+PJ36Kmg5WV1blmPVU= HTTP/1.1" 200 26
186.102.59.180 - - [02/Oct/2023:10:02:22 -0500] "GET /kwssiamovil/sm/acme/a?s=U2FsdGVkX193qju7SG1KvxNK6uf+vP9ABphm/RdYIEz6nLiaWrBTGTzhK21Qfcd2tDt5/AEqwaHmJNpE82tQCBt4KnIy2uoBqKznB2wL6svbivv85siiX3NTn9TBk2MYjxDkBcDEG0Esd2VD7OUyUYGw9KVFqFqsRKHLXsb3932m8240cV5Y2nToniUOMhP+opxdb+rw0mlgjw4ifkeZTQ==&u=U2FsdGVkX18aUE9oGyTbNjMAnDJHcq+R8GgHzI8XHNE=&y=U2FsdGVkX1+O6Mbd9RvqBezOE+PJ36Kmg5WV1blmPVU= HTTP/1.1" 200 26
186.102.59.180 - - [02/Oct/2023:10:02:22 -0500] "GET /kwssiamovil/sm/acme/a?s=U2FsdGVkX1/F59PK8acvaHr5u2p2rDP3HlpsX4aQUSrImuY75QcYqB6eKLOZpLO4GrF9s1AlQ3yMeKxqW7M7tS5L9/ZbaLDL0EnVUAuJuAN2tbjIVRnsFLB2LqPoMqExZIeg98cj4LpEpgfdOgcPiMPTzKWCLfDwF9NLWDeLxEM+fJAoAMnKnnwi1a+j9kfc&u=U2FsdGVkX18aUE9oGyTbNjMAnDJHcq+R8GgHzI8XHNE=&y=U2FsdGVkX1+O6Mbd9RvqBezOE+PJ36Kmg5WV1blmPVU= HTTP/1.1" 200 26
216.244.66.195 - - [02/Oct/2023:10:02:27 -0500] "GET /BLA/resoluciones/RESOLUCIONES%202022/0613.pdf HTTP/1.1" 200 355730
201.245.192.253 - - [02/Oct/2023:10:02:33 -0500] "GET /BLA/resoluciones/index.php?dir=RESOLUCIONES+2021%2F HTTP/1.1" 200 442711
35.204.157.200 - - [02/Oct/2023:10:03:04 -0500] "GET /proximo-4-de-octubre-simulacro-distrital-de-evacuacion-dia-y-noche.html HTTP/1.1" 200 783
216.244.66.195 - - [02/Oct/2023:10:03:16 -0500] "GET /BLA/resoluciones/RESOLUCIONES%202022/0796.pdf HTTP/1.1" 200 358496
186.29.181.180 - - [02/Oct/2023:10:03:20 -0500] "POST /sipse/faces/presentacion/financiero/estudioPrevio/personalSolicitado/asociarExperienciaContratista.xhtml HTTP/1.1" 200 58098
186.29.181.180 - - [02/Oct/2023:10:03:20 -0500] "GET /sipse/faces/javax.faces.resource/theme.css?ln=primefaces-sipse HTTP/1.1" 304 -
186.29.181.180 - - [02/Oct/2023:10:03:20 -0500] "GET /sipse/faces/javax.faces.resource/primefaces.css?ln=primefaces&v=4.0 HTTP/1.1" 304 -
186.29.181.180 - - [02/Oct/2023:10:03:20 -0500] "GET /sipse/faces/javax.faces.resource/layout/layout.css?ln=primefaces&v=4.0 HTTP/1.1" 304 -
186.29.181.180 - - [02/Oct/2023:10:03:20 -0500] "GET /sipse/faces/javax.faces.resource/jquery/jquery.js?ln=primefaces&v=4.0 HTTP/1.1" 304 -
186.29.181.180 - - [02/Oct/2023:10:03:20 -0500] "GET /sipse/faces/javax.faces.resource/jquery/jquery-plugins.js?ln=primefaces&v=4.0 HTTP/1.1" 304 -
186.29.181.180 - - [02/Oct/2023:10:03:20 -0500] "GET /sipse/faces/javax.faces.resource/primefaces.js?ln=primefaces&v=4.0 HTTP/1.1" 304 -
186.29.181.180 - - [02/Oct/2023:10:03:20 -0500] "GET /sipse/faces/javax.faces.resource/layout/layout.js?ln=primefaces&v=4.0 HTTP/1.1" 304 -
201.245.192.253 - - [02/Oct/2023:10:03:23 -0500] "POST /forms/lservlet;jsessionid=ac16012b30d6c612f91523904fddaeaa8c32f20a6310.e3iSbxaKaheRe34Pbx8Nc3aQci1ynknvrkLOlQzNp65In0 HTTP/1.1" 200 2
186.29.181.180 - - [02/Oct/2023:10:03:32 -0500] "POST /sipse/faces/presentacion/financiero/estudioPrevio/personalSolicitado/expedirExperienciaIdoneidad.xhtml HTTP/1.1" 200 22756
186.29.181.180 - - [02/Oct/2023:10:03:32 -0500] "GET /sipse/faces/javax.faces.resource/primefaces.css?ln=primefaces&v=4.0 HTTP/1.1" 304 -
186.29.181.180 - - [02/Oct/2023:10:03:32 -0500] "GET /sipse/faces/javax.faces.resource/theme.css?ln=primefaces-sipse HTTP/1.1" 304 -
186.29.181.180 - - [02/Oct/2023:10:03:32 -0500] "GET /sipse/faces/javax.faces.resource/layout/layout.css?ln=primefaces&v=4.0 HTTP/1.1" 304 -
186.29.181.180 - - [02/Oct/2023:10:03:32 -0500] "GET /sipse/faces/javax.faces.resource/jquery/jquery.js?ln=primefaces&v=4.0 HTTP/1.1" 304 -
186.29.181.180 - - [02/Oct/2023:10:03:32 -0500] "GET /sipse/faces/javax.faces.resource/jquery/jquery-plugins.js?ln=primefaces&v=4.0 HTTP/1.1" 304 -
186.29.181.180 - - [02/Oct/2023:10:03:32 -0500] "GET /sipse/faces/javax.faces.resource/primefaces.js?ln=primefaces&v=4.0 HTTP/1.1" 304 -
186.29.181.180 - - [02/Oct/2023:10:03:32 -0500] "GET /sipse/faces/javax.faces.resource/layout/layout.js?ln=primefaces&v=4.0 HTTP/1.1" 304 -
201.245.192.253 - - [02/Oct/2023:10:03:34 -0500] "POST /forms/lservlet;jsessionid=ac16012b30d61c17b6c681924b7b86af99f2bda09564.e3iSbxaKaheRe34Pbx8Nc3aQci1ynknvrkLOlQzNp65In0 HTTP/1.1" 200 2
216.244.66.195 - - [02/Oct/2023:10:03:57 -0500] "GET /BLA/resoluciones/RESOLUCIONES%202022/1388.pdf HTTP/1.1" 200 335238
173.252.127.5 - - [02/Oct/2023:10:04:11 -0500] "GET /images/Red%20de%20Monitoreo%20de%20Calidad%20del%20Aire.jpg HTTP/1.1" 200 51986
66.249.66.20 - - [02/Oct/2023:10:04:15 -0500] "GET /BLA/resoluciones/RESOLUCIONES%202009/2869.pdf HTTP/1.1" 200 530664
216.244.66.195 - - [02/Oct/2023:10:04:42 -0500] "GET /BLA/resoluciones/RESOLUCIONES%202022/2351.pdf HTTP/1.1" 200 408607
216.245.221.92 - - [02/Oct/2023:10:04:43 -0500] "HEAD / HTTP/1.1" 200 -
186.29.181.180 - - [02/Oct/2023:10:04:46 -0500] "POST /sipse/faces/presentacion/financiero/estudioPrevio/personalSolicitado/asociarExperienciaContratista.xhtml HTTP/1.1" 200 60644
186.29.181.180 - - [02/Oct/2023:10:04:47 -0500] "GET /sipse/faces/javax.faces.resource/primefaces.css?ln=primefaces&v=4.0 HTTP/1.1" 304 -
186.29.181.180 - - [02/Oct/2023:10:04:47 -0500] "GET /sipse/faces/javax.faces.resource/theme.css?ln=primefaces-sipse HTTP/1.1" 304 -
186.29.181.180 - - [02/Oct/2023:10:04:47 -0500] "GET /sipse/faces/javax.faces.resource/layout/layout.css?ln=primefaces&v=4.0 HTTP/1.1" 304 -
186.29.181.180 - - [02/Oct/2023:10:04:47 -0500] "GET /sipse/faces/javax.faces.resource/jquery/jquery-plugins.js?ln=primefaces&v=4.0 HTTP/1.1" 304 -
186.29.181.180 - - [02/Oct/2023:10:04:47 -0500] "GET /sipse/faces/javax.faces.resource/layout/layout.js?ln=primefaces&v=4.0 HTTP/1.1" 304 -
186.29.181.180 - - [02/Oct/2023:10:04:47 -0500] "GET /sipse/faces/javax.faces.resource/jquery/jquery.js?ln=primefaces&v=4.0 HTTP/1.1" 304 -
186.29.181.180 - - [02/Oct/2023:10:04:47 -0500] "GET /sipse/faces/javax.faces.resource/primefaces.js?ln=primefaces&v=4.0 HTTP/1.1" 304 -
172.22.2.4 - - [02/Oct/2023:10:04:52 -0500] "GET /BLA/boletinlegal/Circulares/2011/Circular%20No.%203%20del%2023%20de%20Junio%20de%202011.pdf HTTP/1.1" 200 1452758
172.22.2.4 - - [02/Oct/2023:10:04:52 -0500] "GET /BLA/boletinlegal/favicon.ico HTTP/1.1" 404 1488
186.29.181.180 - - [02/Oct/2023:10:05:07 -0500] "POST /sipse/faces/presentacion/financiero/estudioPrevio/personalSolicitado/expedirExperienciaIdoneidad.xhtml HTTP/1.1" 200 22756
186.29.181.180 - - [02/Oct/2023:10:05:07 -0500] "GET /sipse/faces/javax.faces.resource/theme.css?ln=primefaces-sipse HTTP/1.1" 304 -
186.29.181.180 - - [02/Oct/2023:10:05:07 -0500] "GET /sipse/faces/javax.faces.resource/primefaces.css?ln=primefaces&v=4.0 HTTP/1.1" 304 -
186.29.181.180 - - [02/Oct/2023:10:05:07 -0500] "GET /sipse/faces/javax.faces.resource/layout/layout.css?ln=primefaces&v=4.0 HTTP/1.1" 304 -
186.29.181.180 - - [02/Oct/2023:10:05:07 -0500] "GET /sipse/faces/javax.faces.resource/jquery/jquery.js?ln=primefaces&v=4.0 HTTP/1.1" 304 -
186.29.181.180 - - [02/Oct/2023:10:05:07 -0500] "GET /sipse/faces/javax.faces.resource/jquery/jquery-plugins.js?ln=primefaces&v=4.0 HTTP/1.1" 304 -
186.29.181.180 - - [02/Oct/2023:10:05:07 -0500] "GET /sipse/faces/javax.faces.resource/primefaces.js?ln=primefaces&v=4.0 HTTP/1.1" 304 -
186.29.181.180 - - [02/Oct/2023:10:05:07 -0500] "GET /sipse/faces/javax.faces.resource/layout/layout.js?ln=primefaces&v=4.0 HTTP/1.1" 304 -
201.245.192.253 - - [02/Oct/2023:10:05:23 -0500] "POST /forms/lservlet;jsessionid=ac16012b30d6c612f91523904fddaeaa8c32f20a6310.e3iSbxaKaheRe34Pbx8Nc3aQci1ynknvrkLOlQzNp65In0 HTTP/1.1" 200 2
216.244.66.195 - - [02/Oct/2023:10:05:29 -0500] "GET /BLA/resoluciones/RESOLUCIONES%202022/2366.pdf HTTP/1.1" 200 547661
201.245.192.253 - - [02/Oct/2023:10:05:34 -0500] "POST /forms/lservlet;jsessionid=ac16012b30d61c17b6c681924b7b86af99f2bda09564.e3iSbxaKaheRe34Pbx8Nc3aQci1ynknvrkLOlQzNp65In0 HTTP/1.1" 200 2
201.245.192.253 - - [02/Oct/2023:10:05:53 -0500] "POST /appsia/controlador HTTP/1.1" 200 4799
172.22.2.4 - - [02/Oct/2023:10:04:23 -0500] "HEAD /BLA/boletinlegal/ HTTP/1.1" 200 -
216.244.66.195 - - [02/Oct/2023:10:06:18 -0500] "GET /BLA/resoluciones/RESOLUCIONES%202022/3003.pdf HTTP/1.1" 200 463892
181.189.25.57 - - [02/Oct/2023:10:06:25 -0500] "GET /sipse/faces/javax.faces.resource/images/ui-bg_flat_0_2d5972_40x100.png?ln=primefaces-aristo HTTP/1.1" 304 -
181.189.25.57 - - [02/Oct/2023:10:06:25 -0500] "POST /sipse/faces/presentacion/financiero/solicitudProceso/consultarSolicitudProceso.xhtml HTTP/1.1" 200 5133
181.189.25.57 - - [02/Oct/2023:10:06:26 -0500] "POST /sipse/faces/presentacion/financiero/solicitudProceso/consultarSolicitudProceso.xhtml HTTP/1.1" 200 40793
181.189.25.57 - - [02/Oct/2023:10:06:26 -0500] "GET /sipse/faces/javax.faces.resource/theme.css?ln=primefaces-sipse HTTP/1.1" 304 -
181.189.25.57 - - [02/Oct/2023:10:06:26 -0500] "GET /sipse/faces/javax.faces.resource/primefaces.css?ln=primefaces&v=4.0 HTTP/1.1" 304 -
181.189.25.57 - - [02/Oct/2023:10:06:26 -0500] "GET /sipse/faces/javax.faces.resource/layout/layout.css?ln=primefaces&v=4.0 HTTP/1.1" 304 -
181.189.25.57 - - [02/Oct/2023:10:06:26 -0500] "GET /sipse/faces/javax.faces.resource/jquery/jquery.js?ln=primefaces&v=4.0 HTTP/1.1" 304 -
181.189.25.57 - - [02/Oct/2023:10:06:26 -0500] "GET /sipse/faces/javax.faces.resource/jquery/jquery-plugins.js?ln=primefaces&v=4.0 HTTP/1.1" 304 -
181.189.25.57 - - [02/Oct/2023:10:06:26 -0500] "GET /sipse/faces/javax.faces.resource/primefaces.js?ln=primefaces&v=4.0 HTTP/1.1" 304 -
181.189.25.57 - - [02/Oct/2023:10:06:27 -0500] "GET /sipse/faces/javax.faces.resource/layout/layout.js?ln=primefaces&v=4.0 HTTP/1.1" 304 -
181.189.25.57 - - [02/Oct/2023:10:06:29 -0500] "POST /sipse/faces/presentacion/financiero/solicitudProceso/consultar.xhtml HTTP/1.1" 200 12823
201.245.192.253 - - [02/Oct/2023:10:06:29 -0500] "POST /kwsrmcab/Wsrmcab  HTTP/1.1" 200 43160
186.29.181.180 - - [02/Oct/2023:10:06:37 -0500] "POST /sipse/faces/presentacion/financiero/estudioPrevio/personalSolicitado/asociarExperienciaContratista.xhtml HTTP/1.1" 200 63256
186.29.181.180 - - [02/Oct/2023:10:06:37 -0500] "GET /sipse/faces/javax.faces.resource/theme.css?ln=primefaces-sipse HTTP/1.1" 304 -
186.29.181.180 - - [02/Oct/2023:10:06:37 -0500] "GET /sipse/faces/javax.faces.resource/primefaces.css?ln=primefaces&v=4.0 HTTP/1.1" 304 -
186.29.181.180 - - [02/Oct/2023:10:06:37 -0500] "GET /sipse/faces/javax.faces.resource/layout/layout.css?ln=primefaces&v=4.0 HTTP/1.1" 304 -
186.29.181.180 - - [02/Oct/2023:10:06:37 -0500] "GET /sipse/faces/javax.faces.resource/jquery/jquery.js?ln=primefaces&v=4.0 HTTP/1.1" 304 -
186.29.181.180 - - [02/Oct/2023:10:06:37 -0500] "GET /sipse/faces/javax.faces.resource/jquery/jquery-plugins.js?ln=primefaces&v=4.0 HTTP/1.1" 304 -
186.29.181.180 - - [02/Oct/2023:10:06:37 -0500] "GET /sipse/faces/javax.faces.resource/layout/layout.js?ln=primefaces&v=4.0 HTTP/1.1" 304 -
186.29.181.180 - - [02/Oct/2023:10:06:37 -0500] "GET /sipse/faces/javax.faces.resource/primefaces.js?ln=primefaces&v=4.0 HTTP/1.1" 304 -
186.29.181.180 - - [02/Oct/2023:10:06:48 -0500] "POST /sipse/faces/presentacion/financiero/estudioPrevio/personalSolicitado/expedirExperienciaIdoneidad.xhtml HTTP/1.1" 200 22756
186.29.181.180 - - [02/Oct/2023:10:06:48 -0500] "GET /sipse/faces/javax.faces.resource/theme.css?ln=primefaces-sipse HTTP/1.1" 304 -
186.29.181.180 - - [02/Oct/2023:10:06:48 -0500] "GET /sipse/faces/javax.faces.resource/primefaces.css?ln=primefaces&v=4.0 HTTP/1.1" 304 -
186.29.181.180 - - [02/Oct/2023:10:06:48 -0500] "GET /sipse/faces/javax.faces.resource/layout/layout.css?ln=primefaces&v=4.0 HTTP/1.1" 304 -
186.29.181.180 - - [02/Oct/2023:10:06:48 -0500] "GET /sipse/faces/javax.faces.resource/jquery/jquery.js?ln=primefaces&v=4.0 HTTP/1.1" 304 -
186.29.181.180 - - [02/Oct/2023:10:06:48 -0500] "GET /sipse/faces/javax.faces.resource/jquery/jquery-plugins.js?ln=primefaces&v=4.0 HTTP/1.1" 304 -
186.29.181.180 - - [02/Oct/2023:10:06:48 -0500] "GET /sipse/faces/javax.faces.resource/primefaces.js?ln=primefaces&v=4.0 HTTP/1.1" 304 -
186.29.181.180 - - [02/Oct/2023:10:06:48 -0500] "GET /sipse/faces/javax.faces.resource/layout/layout.js?ln=primefaces&v=4.0 HTTP/1.1" 304 -
181.189.25.57 - - [02/Oct/2023:10:06:52 -0500] "POST /sipse/faces/presentacion/financiero/solicitudProceso/consultar.xhtml HTTP/1.1" 200 12786
172.22.2.4 - - [02/Oct/2023:10:05:13 -0500] "GET /BLA/boletinlegal/ HTTP/1.1" 200 57790
181.189.25.57 - - [02/Oct/2023:10:06:55 -0500] "POST /sipse/faces/presentacion/financiero/solicitudProceso/consultar.xhtml HTTP/1.1" 200 126418
181.189.25.57 - - [02/Oct/2023:10:06:55 -0500] "GET /sipse/faces/javax.faces.resource/theme.css?ln=primefaces-sipse HTTP/1.1" 304 -
181.189.25.57 - - [02/Oct/2023:10:06:55 -0500] "GET /sipse/faces/javax.faces.resource/layout/layout.css?ln=primefaces&v=4.0 HTTP/1.1" 304 -
181.189.25.57 - - [02/Oct/2023:10:06:55 -0500] "GET /sipse/faces/javax.faces.resource/primefaces.css?ln=primefaces&v=4.0 HTTP/1.1" 304 -
181.189.25.57 - - [02/Oct/2023:10:06:55 -0500] "GET /sipse/faces/javax.faces.resource/jquery/jquery.js?ln=primefaces&v=4.0 HTTP/1.1" 304 -
181.189.25.57 - - [02/Oct/2023:10:06:55 -0500] "GET /sipse/faces/javax.faces.resource/jquery/jquery-plugins.js?ln=primefaces&v=4.0 HTTP/1.1" 304 -
181.189.25.57 - - [02/Oct/2023:10:06:55 -0500] "GET /sipse/faces/javax.faces.resource/primefaces.js?ln=primefaces&v=4.0 HTTP/1.1" 304 -
181.189.25.57 - - [02/Oct/2023:10:06:55 -0500] "GET /sipse/faces/javax.faces.resource/layout/layout.js?ln=primefaces&v=4.0 HTTP/1.1" 304 -
216.244.66.195 - - [02/Oct/2023:10:07:02 -0500] "GET /BLA/resoluciones/RESOLUCIONES%202022/3297.pdf HTTP/1.1" 200 788629
200.93.146.196 - - [02/Oct/2023:10:07:17 -0500] "GET /sipse/faces/presentacion/sistema/reporte/listarReportes.xhtml HTTP/1.1" 302 -
200.93.146.196 - - [02/Oct/2023:10:07:17 -0500] "GET /sipse/faces/autenticacion.xhtml HTTP/1.1" 200 12732
200.93.146.196 - - [02/Oct/2023:10:07:17 -0500] "GET /sipse/css/custom_css_sg.css HTTP/1.1" 200 9694
186.154.221.4 - - [02/Oct/2023:10:07:17 -0500] "GET /sipse/js/disable_browser_buttons.js HTTP/1.1" 200 3230
186.154.221.4 - - [02/Oct/2023:10:07:17 -0500] "GET /sipse/js/funciones.js HTTP/1.1" 200 12592
200.93.146.196 - - [02/Oct/2023:10:07:17 -0500] "GET /sipse/faces/javax.faces.resource/layout/layout.css;jsessionid=IPFA7qmZa2-NXuRc8c-8Q06t.undefined?ln=primefaces&v=4.0 HTTP/1.1" 200 542
200.93.146.196 - - [02/Oct/2023:10:07:17 -0500] "GET /sipse/faces/javax.faces.resource/theme.css?ln=primefaces-sipse HTTP/1.1" 200 50058
200.93.146.196 - - [02/Oct/2023:10:07:17 -0500] "GET /sipse/faces/javax.faces.resource/primefaces.css;jsessionid=IPFA7qmZa2-NXuRc8c-8Q06t.undefined?ln=primefaces&v=4.0 HTTP/1.1" 200 53295
186.154.221.4 - - [02/Oct/2023:10:07:17 -0500] "GET /sipse/faces/javax.faces.resource/jquery/jquery.js;jsessionid=IPFA7qmZa2-NXuRc8c-8Q06t.undefined?ln=primefaces&v=4.0 HTTP/1.1" 200 105384
186.154.221.4 - - [02/Oct/2023:10:07:17 -0500] "GET /sipse/faces/javax.faces.resource/jquery/jquery-plugins.js;jsessionid=IPFA7qmZa2-NXuRc8c-8Q06t.undefined?ln=primefaces&v=4.0 HTTP/1.1" 200 220526
200.93.146.196 - - [02/Oct/2023:10:07:17 -0500] "GET /sipse/faces/javax.faces.resource/primefaces.js;jsessionid=IPFA7qmZa2-NXuRc8c-8Q06t.undefined?ln=primefaces&v=4.0 HTTP/1.1" 200 276924
200.93.146.196 - - [02/Oct/2023:10:07:18 -0500] "GET /sipse/faces/javax.faces.resource/layout/layout.js;jsessionid=IPFA7qmZa2-NXuRc8c-8Q06t.undefined?ln=primefaces&v=4.0 HTTP/1.1" 200 87560
200.93.146.196 - - [02/Oct/2023:10:07:18 -0500] "GET /sipse/css/custom_css_sg_prime_login.css HTTP/1.1" 200 443
186.154.221.4 - - [02/Oct/2023:10:07:18 -0500] "GET /sipse/faces/javax.faces.resource/images/ui-icons_898989_256x240.png?ln=primefaces-aristo HTTP/1.1" 200 5355
186.154.221.4 - - [02/Oct/2023:10:07:18 -0500] "GET /sipse/css/imagen/loginimg.png HTTP/1.1" 200 71635
200.93.146.196 - - [02/Oct/2023:10:07:18 -0500] "GET /sipse/css/imagen/logoSDG.png HTTP/1.1" 200 53064
200.93.146.196 - - [02/Oct/2023:10:07:18 -0500] "GET /sipse/faces/index.xhtml HTTP/1.1" 200 677
200.93.146.196 - - [02/Oct/2023:10:07:18 -0500] "GET /sipse/faces/javax.faces.resource/theme.css?ln=primefaces-sipse HTTP/1.1" 200 50058
201.245.192.253 - - [02/Oct/2023:10:07:23 -0500] "POST /forms/lservlet;jsessionid=ac16012b30d6c612f91523904fddaeaa8c32f20a6310.e3iSbxaKaheRe34Pbx8Nc3aQci1ynknvrkLOlQzNp65In0 HTTP/1.1" 200 2
201.245.192.253 - - [02/Oct/2023:10:07:34 -0500] "POST /forms/lservlet;jsessionid=ac16012b30d61c17b6c681924b7b86af99f2bda09564.e3iSbxaKaheRe34Pbx8Nc3aQci1ynknvrkLOlQzNp65In0 HTTP/1.1" 200 2
216.244.66.195 - - [02/Oct/2023:10:07:52 -0500] "GET /BLA/resoluciones/RESOLUCIONES%202022/3315.pdf HTTP/1.1" 200 372578
200.75.43.230 - - [02/Oct/2023:10:08:21 -0500] "GET /portaldeninos/ HTTP/1.1" 200 110175
200.75.43.230 - - [02/Oct/2023:10:08:21 -0500] "GET /portaldeninos/wp-includes/js/wp-emoji-release.min.js?ver=4.9.8 HTTP/1.1" 200 12026
200.75.43.230 - - [02/Oct/2023:10:08:22 -0500] "GET /portaldeninos/wp-content/uploads/useanyfont/uaf.css?ver=1589905315 HTTP/1.1" 200 408
