172.22.2.4 - - [02/Oct/2023:08:23:50 -0500] "GET /BLA/boletinlegal/js/ajax_conceptos.js HTTP/1.1" 200 1326
172.22.2.4 - - [02/Oct/2023:08:23:51 -0500] "GET /BLA/boletinlegal/consulta_conceptos.php?no=&solicitante=&radicado_entrada=&fecha_concepto=2023&objeto= HTTP/1.1" 200 26371
172.22.2.4 - - [02/Oct/2023:08:23:51 -0500] "GET /BLA/boletinlegal/images/background.gif HTTP/1.1" 200 -
172.22.2.4 - - [02/Oct/2023:08:23:51 -0500] "GET /BLA/boletinlegal/images/pdf.gif HTTP/1.1" 200 567
172.22.2.4 - - [02/Oct/2023:08:23:57 -0500] "GET /BLA/boletinlegal/img/0.png HTTP/1.1" 200 110
172.22.2.4 - - [02/Oct/2023:08:23:57 -0500] "GET /BLA/boletinlegal/img/select-left.png HTTP/1.1" 200 263
172.22.2.4 - - [02/Oct/2023:08:23:57 -0500] "GET /BLA/boletinlegal/favicon.ico HTTP/1.1" 404 1334
172.22.2.4 - - [02/Oct/2023:08:23:57 -0500] "GET /BLA/boletinlegal/img/select-right.png HTTP/1.1" 200 44019
172.22.2.4 - - [02/Oct/2023:08:23:57 -0500] "GET /BLA/boletinlegal/img/button-left.png HTTP/1.1" 200 57071
172.22.2.4 - - [02/Oct/2023:08:23:57 -0500] "GET /BLA/boletinlegal/img/button.png HTTP/1.1" 200 43241
172.22.2.4 - - [02/Oct/2023:08:23:57 -0500] "GET /BLA/boletinlegal/img/button-right.png HTTP/1.1" 200 57878
172.22.2.4 - - [02/Oct/2023:08:23:58 -0500] "GET /BLA/boletinlegal/actos.php HTTP/1.1" 200 9682
172.22.2.4 - - [02/Oct/2023:08:23:58 -0500] "GET /BLA/boletinlegal/style.css HTTP/1.1" 200 9406
216.244.66.195 - - [02/Oct/2023:08:24:02 -0500] "GET /BLA/resoluciones/RESOLUCIONES%202021/2718.pdf HTTP/1.1" 200 346144
201.245.192.253 - - [02/Oct/2023:08:24:30 -0500] "POST /forms/lservlet;jsessionid=ac16012b30d61fe4a9ea69424edbac22cd7fb0786fdc.e3iSbxaKaheRe34Pbx8Nc3aQci1ynknvrkLOlQzNp65In0 HTTP/1.1" 200 2
172.22.2.4 - - [02/Oct/2023:08:24:36 -0500] "GET /BLA/boletinlegal/actos.php HTTP/1.1" 200 9682
172.22.2.4 - - [02/Oct/2023:08:24:42 -0500] "GET /BLA/boletinlegal/consulta_actos.php?tipo=resoluciones&no=&usuario=&sector=&fecha=2023&resuelve= HTTP/1.1" 200 268328
216.245.221.92 - - [02/Oct/2023:08:24:43 -0500] "HEAD / HTTP/1.1" 200 -
216.244.66.195 - - [02/Oct/2023:08:24:46 -0500] "GET /BLA/resoluciones/RESOLUCIONES%202021/2772.pdf HTTP/1.1" 200 334373
172.22.2.4 - - [02/Oct/2023:08:25:11 -0500] "GET /BLA/boletinlegal/consulta_actos.php?tipo=resoluciones&no=0320&usuario=&sector=&fecha=2021&resuelve= HTTP/1.1" 200 1104
186.84.90.10 - - [02/Oct/2023:08:25:12 -0500] "GET /BLA/resoluciones/RESOLUCIONES%202021/0320.pdf HTTP/1.1" 200 699686
201.245.192.253 - - [02/Oct/2023:08:25:32 -0500] "GET /BLA/resoluciones/RESOLUCIONES%202023/1539.pdf HTTP/1.1" 200 349192
201.245.192.253 - - [02/Oct/2023:08:25:32 -0500] "GET /favicon.ico HTTP/1.1" 200 7782
216.244.66.195 - - [02/Oct/2023:08:25:34 -0500] "GET /BLA/resoluciones/RESOLUCIONES%202021/3195.pdf HTTP/1.1" 200 352514
216.244.66.195 - - [02/Oct/2023:08:26:18 -0500] "GET /BLA/resoluciones/RESOLUCIONES%202021/3320.pdf HTTP/1.1" 200 350300
201.245.192.253 - - [02/Oct/2023:08:26:30 -0500] "POST /forms/lservlet;jsessionid=ac16012b30d61fe4a9ea69424edbac22cd7fb0786fdc.e3iSbxaKaheRe34Pbx8Nc3aQci1ynknvrkLOlQzNp65In0 HTTP/1.1" 200 2
201.245.192.253 - - [02/Oct/2023:08:26:42 -0500] "GET /forms/frmservlet?config=sae HTTP/1.1" 200 4042
201.245.192.253 - - [02/Oct/2023:08:26:47 -0500] "GET /forms/java/frmall_jinit.jar HTTP/1.1" 304 -
201.245.192.253 - - [02/Oct/2023:08:26:47 -0500] "GET /forms/java/icons.jar HTTP/1.1" 304 -
201.245.192.253 - - [02/Oct/2023:08:26:47 -0500] "GET /forms/java/java/awt/KeyboardFocusManager.class HTTP/1.1" 404 352
201.245.192.253 - - [02/Oct/2023:08:26:48 -0500] "GET /forms/java/java/awt/KeyboardFocusManager.class HTTP/1.1" 404 352
172.22.2.4 - - [02/Oct/2023:08:25:08 -0500] "HEAD /BLA/boletinlegal/ HTTP/1.1" 200 -
201.245.192.253 - - [02/Oct/2023:08:26:48 -0500] "GET /forms/java/java/awt/event/MouseWheelListener.class HTTP/1.1" 404 356
201.245.192.253 - - [02/Oct/2023:08:26:48 -0500] "GET /forms/java/java/awt/event/MouseWheelListener.class HTTP/1.1" 404 356
201.245.192.253 - - [02/Oct/2023:08:26:49 -0500] "GET /forms/java/oracle/forms/registry/Registry.dat HTTP/1.1" 200 4213
201.245.192.253 - - [02/Oct/2023:08:26:49 -0500] "GET /forms/java/oracle/forms/registry/default.dat HTTP/1.1" 404 350
201.245.192.253 - - [02/Oct/2023:08:26:49 -0500] "GET /forms/frmservlet?config=sae&acceptLanguage=es-CO,es;q=0.5&ifcmd=startsession HTTP/1.1" 200 118
201.245.192.253 - - [02/Oct/2023:08:26:49 -0500] "GET /forms/lservlet;jsessionid=ac16012b30d60e16e1a14abf488a9519f3793ec437f9.e3iSbxaKaheRe34Pbx8Nc3aQci1ynknvrkLOlQzNp65In0?ifcmd=getinfo&ifhost=A1DGCAC7ST8&ifip=192.168.173.60 HTTP/1.1" 200 8
201.245.192.253 - - [02/Oct/2023:08:26:49 -0500] "POST /forms/lservlet;jsessionid=ac16012b30d60e16e1a14abf488a9519f3793ec437f9.e3iSbxaKaheRe34Pbx8Nc3aQci1ynknvrkLOlQzNp65In0 HTTP/1.1" 200 8
201.245.192.253 - - [02/Oct/2023:08:26:50 -0500] "GET /forms/java/oracle/forms/engine/RunformBundle_es_CO.class HTTP/1.1" 404 362
201.245.192.253 - - [02/Oct/2023:08:26:50 -0500] "GET /forms/java/oracle/forms/engine/RunformBundle_es_CO.class HTTP/1.1" 404 362
201.245.192.253 - - [02/Oct/2023:08:26:50 -0500] "GET /forms/java/oracle/forms/engine/RunformBundle_es_CO.properties HTTP/1.1" 404 367
201.245.192.253 - - [02/Oct/2023:08:26:50 -0500] "POST /forms/lservlet;jsessionid=ac16012b30d60e16e1a14abf488a9519f3793ec437f9.e3iSbxaKaheRe34Pbx8Nc3aQci1ynknvrkLOlQzNp65In0 HTTP/1.1" 200 2764
201.245.192.253 - - [02/Oct/2023:08:26:49 -0500] "POST /kwsrmcab/Wsrmcab  HTTP/1.1" 200 43160
201.245.192.253 - - [02/Oct/2023:08:26:52 -0500] "POST /forms/lservlet;jsessionid=ac16012b30d60e16e1a14abf488a9519f3793ec437f9.e3iSbxaKaheRe34Pbx8Nc3aQci1ynknvrkLOlQzNp65In0 HTTP/1.1" 200 2
201.245.192.253 - - [02/Oct/2023:08:26:52 -0500] "POST /forms/lservlet;jsessionid=ac16012b30d60e16e1a14abf488a9519f3793ec437f9.e3iSbxaKaheRe34Pbx8Nc3aQci1ynknvrkLOlQzNp65In0 HTTP/1.1" 200 2
201.245.192.253 - - [02/Oct/2023:08:27:01 -0500] "POST /forms/lservlet;jsessionid=ac16012b30d60e16e1a14abf488a9519f3793ec437f9.e3iSbxaKaheRe34Pbx8Nc3aQci1ynknvrkLOlQzNp65In0 HTTP/1.1" 200 2865
201.245.192.253 - - [02/Oct/2023:08:27:02 -0500] "HEAD /imagenes/rt_pset.gif HTTP/1.1" 200 -
201.245.192.253 - - [02/Oct/2023:08:27:02 -0500] "HEAD /imagenes/rt_exit.gif HTTP/1.1" 200 -
201.245.192.253 - - [02/Oct/2023:08:27:02 -0500] "HEAD /imagenes/rt_help.gif HTTP/1.1" 200 -
201.245.192.253 - - [02/Oct/2023:08:27:02 -0500] "GET /imagenes/rt_exit.gif HTTP/1.1" 200 916
201.245.192.253 - - [02/Oct/2023:08:27:02 -0500] "POST /forms/lservlet;jsessionid=ac16012b30d60e16e1a14abf488a9519f3793ec437f9.e3iSbxaKaheRe34Pbx8Nc3aQci1ynknvrkLOlQzNp65In0 HTTP/1.1" 200 7
201.245.192.253 - - [02/Oct/2023:08:27:02 -0500] "POST /forms/lservlet;jsessionid=ac16012b30d60e16e1a14abf488a9519f3793ec437f9.e3iSbxaKaheRe34Pbx8Nc3aQci1ynknvrkLOlQzNp65In0 HTTP/1.1" 200 2
201.245.192.253 - - [02/Oct/2023:08:27:02 -0500] "POST /forms/lservlet;jsessionid=ac16012b30d60e16e1a14abf488a9519f3793ec437f9.e3iSbxaKaheRe34Pbx8Nc3aQci1ynknvrkLOlQzNp65In0 HTTP/1.1" 200 2
201.245.192.253 - - [02/Oct/2023:08:27:02 -0500] "POST /forms/lservlet;jsessionid=ac16012b30d60e16e1a14abf488a9519f3793ec437f9.e3iSbxaKaheRe34Pbx8Nc3aQci1ynknvrkLOlQzNp65In0 HTTP/1.1" 200 2
201.245.192.253 - - [02/Oct/2023:08:27:02 -0500] "POST /forms/lservlet;jsessionid=ac16012b30d60e16e1a14abf488a9519f3793ec437f9.e3iSbxaKaheRe34Pbx8Nc3aQci1ynknvrkLOlQzNp65In0 HTTP/1.1" 200 2
216.244.66.195 - - [02/Oct/2023:08:27:04 -0500] "GET /BLA/resoluciones/RESOLUCIONES%202021/3547.pdf HTTP/1.1" 200 330473
201.245.192.253 - - [02/Oct/2023:08:27:07 -0500] "POST /forms/lservlet;jsessionid=ac16012b30d60e16e1a14abf488a9519f3793ec437f9.e3iSbxaKaheRe34Pbx8Nc3aQci1ynknvrkLOlQzNp65In0 HTTP/1.1" 200 10856
201.245.192.253 - - [02/Oct/2023:08:27:07 -0500] "HEAD /imagenes/msh_close.gif HTTP/1.1" 404 -
201.245.192.253 - - [02/Oct/2023:08:27:07 -0500] "GET /imagenes/msh_close.gif HTTP/1.1" 404 328
201.245.192.253 - - [02/Oct/2023:08:27:08 -0500] "HEAD /imagenes/rt_quer1.gif HTTP/1.1" 200 -
201.245.192.253 - - [02/Oct/2023:08:27:08 -0500] "HEAD /imagenes/rt_quer2.gif HTTP/1.1" 200 -
201.245.192.253 - - [02/Oct/2023:08:27:08 -0500] "HEAD /imagenes/rt_quer3.gif HTTP/1.1" 200 -
201.245.192.253 - - [02/Oct/2023:08:27:08 -0500] "HEAD /imagenes/rt_radd.gif HTTP/1.1" 200 -
201.245.192.253 - - [02/Oct/2023:08:27:08 -0500] "HEAD /imagenes/rt_rdel.gif HTTP/1.1" 200 -
201.245.192.253 - - [02/Oct/2023:08:27:08 -0500] "HEAD /imagenes/rt_rec1.gif HTTP/1.1" 200 -
201.245.192.253 - - [02/Oct/2023:08:27:08 -0500] "HEAD /imagenes/rt_rec4.gif HTTP/1.1" 200 -
201.245.192.253 - - [02/Oct/2023:08:27:08 -0500] "HEAD /imagenes/rt_save.gif HTTP/1.1" 200 -
201.245.192.253 - - [02/Oct/2023:08:27:08 -0500] "HEAD /imagenes/rt_print.gif HTTP/1.1" 200 -
201.245.192.253 - - [02/Oct/2023:08:27:08 -0500] "HEAD /imagenes/listval.gif HTTP/1.1" 200 -
201.245.192.253 - - [02/Oct/2023:08:27:08 -0500] "GET /imagenes/rt_quer1.gif HTTP/1.1" 200 930
201.245.192.253 - - [02/Oct/2023:08:27:08 -0500] "GET /imagenes/rt_quer2.gif HTTP/1.1" 200 936
201.245.192.253 - - [02/Oct/2023:08:27:08 -0500] "GET /imagenes/rt_quer3.gif HTTP/1.1" 200 939
201.245.192.253 - - [02/Oct/2023:08:27:08 -0500] "GET /imagenes/rt_radd.gif HTTP/1.1" 200 907
201.245.192.253 - - [02/Oct/2023:08:27:08 -0500] "GET /imagenes/rt_rdel.gif HTTP/1.1" 200 899
201.245.192.253 - - [02/Oct/2023:08:27:08 -0500] "GET /imagenes/rt_rec1.gif HTTP/1.1" 200 867
201.245.192.253 - - [02/Oct/2023:08:27:08 -0500] "GET /imagenes/rt_rec4.gif HTTP/1.1" 200 865
201.245.192.253 - - [02/Oct/2023:08:27:08 -0500] "GET /imagenes/rt_save.gif HTTP/1.1" 200 903
201.245.192.253 - - [02/Oct/2023:08:27:08 -0500] "GET /imagenes/rt_print.gif HTTP/1.1" 200 916
201.245.192.253 - - [02/Oct/2023:08:27:08 -0500] "GET /imagenes/listval.gif HTTP/1.1" 200 905
201.245.192.253 - - [02/Oct/2023:08:27:08 -0500] "POST /forms/lservlet;jsessionid=ac16012b30d60e16e1a14abf488a9519f3793ec437f9.e3iSbxaKaheRe34Pbx8Nc3aQci1ynknvrkLOlQzNp65In0 HTTP/1.1" 200 10
201.245.192.253 - - [02/Oct/2023:08:27:08 -0500] "POST /forms/lservlet;jsessionid=ac16012b30d60e16e1a14abf488a9519f3793ec437f9.e3iSbxaKaheRe34Pbx8Nc3aQci1ynknvrkLOlQzNp65In0 HTTP/1.1" 200 2
201.245.192.253 - - [02/Oct/2023:08:27:10 -0500] "POST /forms/lservlet;jsessionid=ac16012b30d60e16e1a14abf488a9519f3793ec437f9.e3iSbxaKaheRe34Pbx8Nc3aQci1ynknvrkLOlQzNp65In0 HTTP/1.1" 200 1184
201.245.192.253 - - [02/Oct/2023:08:27:11 -0500] "POST /forms/lservlet;jsessionid=ac16012b30d60e16e1a14abf488a9519f3793ec437f9.e3iSbxaKaheRe34Pbx8Nc3aQci1ynknvrkLOlQzNp65In0 HTTP/1.1" 200 105
201.245.192.253 - - [02/Oct/2023:08:27:12 -0500] "POST /forms/lservlet;jsessionid=ac16012b30d60e16e1a14abf488a9519f3793ec437f9.e3iSbxaKaheRe34Pbx8Nc3aQci1ynknvrkLOlQzNp65In0 HTTP/1.1" 200 2
201.245.192.253 - - [02/Oct/2023:08:27:12 -0500] "POST /forms/lservlet;jsessionid=ac16012b30d60e16e1a14abf488a9519f3793ec437f9.e3iSbxaKaheRe34Pbx8Nc3aQci1ynknvrkLOlQzNp65In0 HTTP/1.1" 200 825
201.245.192.253 - - [02/Oct/2023:08:27:13 -0500] "POST /forms/lservlet;jsessionid=ac16012b30d60e16e1a14abf488a9519f3793ec437f9.e3iSbxaKaheRe34Pbx8Nc3aQci1ynknvrkLOlQzNp65In0 HTTP/1.1" 200 2
201.245.192.253 - - [02/Oct/2023:08:27:13 -0500] "POST /forms/lservlet;jsessionid=ac16012b30d60e16e1a14abf488a9519f3793ec437f9.e3iSbxaKaheRe34Pbx8Nc3aQci1ynknvrkLOlQzNp65In0 HTTP/1.1" 200 23
201.245.192.253 - - [02/Oct/2023:08:27:14 -0500] "POST /forms/lservlet;jsessionid=ac16012b30d60e16e1a14abf488a9519f3793ec437f9.e3iSbxaKaheRe34Pbx8Nc3aQci1ynknvrkLOlQzNp65In0 HTTP/1.1" 200 882
201.245.192.253 - - [02/Oct/2023:08:27:15 -0500] "POST /forms/lservlet;jsessionid=ac16012b30d60e16e1a14abf488a9519f3793ec437f9.e3iSbxaKaheRe34Pbx8Nc3aQci1ynknvrkLOlQzNp65In0 HTTP/1.1" 200 724
201.245.192.253 - - [02/Oct/2023:08:27:16 -0500] "POST /forms/lservlet;jsessionid=ac16012b30d60e16e1a14abf488a9519f3793ec437f9.e3iSbxaKaheRe34Pbx8Nc3aQci1ynknvrkLOlQzNp65In0 HTTP/1.1" 200 907
201.245.192.253 - - [02/Oct/2023:08:27:16 -0500] "POST /forms/lservlet;jsessionid=ac16012b30d60e16e1a14abf488a9519f3793ec437f9.e3iSbxaKaheRe34Pbx8Nc3aQci1ynknvrkLOlQzNp65In0 HTTP/1.1" 200 672
201.245.192.253 - - [02/Oct/2023:08:27:18 -0500] "POST /forms/lservlet;jsessionid=ac16012b30d60e16e1a14abf488a9519f3793ec437f9.e3iSbxaKaheRe34Pbx8Nc3aQci1ynknvrkLOlQzNp65In0 HTTP/1.1" 200 836
172.22.2.4 - - [02/Oct/2023:08:25:59 -0500] "GET /BLA/boletinlegal/ HTTP/1.1" 200 58187
216.244.66.195 - - [02/Oct/2023:08:27:46 -0500] "GET /BLA/resoluciones/RESOLUCIONES%202021/3589.pdf HTTP/1.1" 200 424544
201.245.192.253 - - [02/Oct/2023:08:27:55 -0500] "POST /kwsrmcab/Wsrmcab HTTP/1.1" 200 43208
201.245.192.253 - - [02/Oct/2023:08:27:58 -0500] "POST /kwsrmcab/Wsrmcab HTTP/1.1" 200 40720
201.245.192.253 - - [02/Oct/2023:08:28:30 -0500] "POST /forms/lservlet;jsessionid=ac16012b30d61fe4a9ea69424edbac22cd7fb0786fdc.e3iSbxaKaheRe34Pbx8Nc3aQci1ynknvrkLOlQzNp65In0 HTTP/1.1" 200 2
216.244.66.195 - - [02/Oct/2023:08:28:33 -0500] "GET /BLA/resoluciones/RESOLUCIONES%202021/4074.pdf HTTP/1.1" 200 436490
201.245.192.253 - - [02/Oct/2023:08:28:50 -0500] "POST /forms/lservlet;jsessionid=ac16012b30d60e16e1a14abf488a9519f3793ec437f9.e3iSbxaKaheRe34Pbx8Nc3aQci1ynknvrkLOlQzNp65In0 HTTP/1.1" 200 2
201.245.172.17 - - [02/Oct/2023:08:29:08 -0500] "GET /sipse/faces/index.xhtml HTTP/1.1" 200 677
201.245.172.17 - - [02/Oct/2023:08:29:09 -0500] "GET /sipse/faces/javax.faces.resource/theme.css?ln=primefaces-sipse HTTP/1.1" 304 -
216.244.66.195 - - [02/Oct/2023:08:29:09 -0500] "GET /BLA/resoluciones/RESOLUCIONES%202022/0115.pdf HTTP/1.1" 200 351871
201.245.172.17 - - [02/Oct/2023:08:29:09 -0500] "GET /sipse/faces/faces/autenticacion.xhtml HTTP/1.1" 200 12410
201.245.172.17 - - [02/Oct/2023:08:29:10 -0500] "GET /sipse/js/funciones.js HTTP/1.1" 304 -
201.245.172.17 - - [02/Oct/2023:08:29:10 -0500] "GET /sipse/faces/javax.faces.resource/theme.css?ln=primefaces-sipse HTTP/1.1" 304 -
201.245.172.17 - - [02/Oct/2023:08:29:10 -0500] "GET /sipse/css/custom_css_sg_prime_login.css HTTP/1.1" 304 -
201.245.172.17 - - [02/Oct/2023:08:29:10 -0500] "GET /sipse/css/custom_css_sg.css HTTP/1.1" 304 -
201.245.172.17 - - [02/Oct/2023:08:29:10 -0500] "GET /sipse/faces/javax.faces.resource/primefaces.css?ln=primefaces&v=4.0 HTTP/1.1" 304 -
201.245.172.17 - - [02/Oct/2023:08:29:10 -0500] "GET /sipse/js/disable_browser_buttons.js HTTP/1.1" 304 -
201.245.172.17 - - [02/Oct/2023:08:29:10 -0500] "GET /sipse/faces/javax.faces.resource/jquery/jquery.js?ln=primefaces&v=4.0 HTTP/1.1" 304 -
201.245.172.17 - - [02/Oct/2023:08:29:10 -0500] "GET /sipse/faces/javax.faces.resource/layout/layout.css?ln=primefaces&v=4.0 HTTP/1.1" 304 -
201.245.172.17 - - [02/Oct/2023:08:29:10 -0500] "GET /sipse/faces/javax.faces.resource/jquery/jquery-plugins.js?ln=primefaces&v=4.0 HTTP/1.1" 304 -
201.245.172.17 - - [02/Oct/2023:08:29:10 -0500] "GET /sipse/faces/javax.faces.resource/primefaces.js?ln=primefaces&v=4.0 HTTP/1.1" 304 -
201.245.172.17 - - [02/Oct/2023:08:29:10 -0500] "GET /sipse/faces/javax.faces.resource/layout/layout.js?ln=primefaces&v=4.0 HTTP/1.1" 304 -
201.245.172.17 - - [02/Oct/2023:08:29:10 -0500] "GET /sipse/css/imagen/logoSDG.png HTTP/1.1" 304 -
201.245.172.17 - - [02/Oct/2023:08:29:10 -0500] "GET /sipse/css/imagen/loginimg.png HTTP/1.1" 304 -
201.245.172.17 - - [02/Oct/2023:08:29:10 -0500] "GET /sipse/faces/javax.faces.resource/images/ui-icons_898989_256x240.png?ln=primefaces-aristo HTTP/1.1" 304 -
201.245.172.17 - - [02/Oct/2023:08:29:15 -0500] "POST /sipse/faces/autenticacion.xhtml HTTP/1.1" 200 2221
201.245.172.17 - - [02/Oct/2023:08:29:16 -0500] "GET /sipse/faces/javax.faces.resource/messages/messages.png?ln=primefaces&v=4.0 HTTP/1.1" 304 -
201.245.172.17 - - [02/Oct/2023:08:29:19 -0500] "POST /sipse/faces/autenticacion.xhtml HTTP/1.1" 200 16390
201.245.172.17 - - [02/Oct/2023:08:29:20 -0500] "GET /sipse/faces/javax.faces.resource/theme.css?ln=primefaces-sipse HTTP/1.1" 304 -
201.245.172.17 - - [02/Oct/2023:08:29:20 -0500] "GET /sipse/faces/javax.faces.resource/primefaces.css?ln=primefaces&v=4.0 HTTP/1.1" 304 -
201.245.172.17 - - [02/Oct/2023:08:29:20 -0500] "GET /sipse/faces/javax.faces.resource/layout/layout.css?ln=primefaces&v=4.0 HTTP/1.1" 304 -
201.245.172.17 - - [02/Oct/2023:08:29:20 -0500] "GET /sipse/css/custom_css_sg_prime.css HTTP/1.1" 304 -
201.245.172.17 - - [02/Oct/2023:08:29:20 -0500] "GET /sipse/js/jquery.min.js HTTP/1.1" 304 -
201.245.172.17 - - [02/Oct/2023:08:29:21 -0500] "GET /sipse/faces/javax.faces.resource/jquery/jquery.js?ln=primefaces&v=4.0 HTTP/1.1" 304 -
201.245.172.17 - - [02/Oct/2023:08:29:21 -0500] "GET /sipse/faces/javax.faces.resource/jquery/jquery-plugins.js?ln=primefaces&v=4.0 HTTP/1.1" 304 -
201.245.172.17 - - [02/Oct/2023:08:29:21 -0500] "GET /sipse/faces/javax.faces.resource/primefaces.js?ln=primefaces&v=4.0 HTTP/1.1" 304 -
201.245.172.17 - - [02/Oct/2023:08:29:21 -0500] "GET /sipse/faces/javax.faces.resource/layout/layout.js?ln=primefaces&v=4.0 HTTP/1.1" 304 -
201.245.172.17 - - [02/Oct/2023:08:29:21 -0500] "GET /sipse/css/v_mergente.css HTTP/1.1" 304 -
201.245.172.17 - - [02/Oct/2023:08:29:22 -0500] "GET /sipse/imagenes/cargando.gif HTTP/1.1" 304 -
201.245.172.17 - - [02/Oct/2023:08:29:22 -0500] "GET /sipse/imagenes/logoAplicacion.jpg HTTP/1.1" 304 -
201.245.172.17 - - [02/Oct/2023:08:29:22 -0500] "GET /sipse/css/imagen/contrasena.png HTTP/1.1" 404 383
201.245.172.17 - - [02/Oct/2023:08:29:40 -0500] "GET /sipse/faces/javax.faces.resource/images/ui-bg_flat_0_2d5972_40x100.png?ln=primefaces-aristo HTTP/1.1" 304 -
201.245.172.17 - - [02/Oct/2023:08:29:40 -0500] "POST /sipse/faces/bienvenido.xhtml HTTP/1.1" 200 2073
201.245.172.17 - - [02/Oct/2023:08:29:42 -0500] "POST /sipse/faces/bienvenido.xhtml HTTP/1.1" 200 39033
201.245.172.17 - - [02/Oct/2023:08:29:42 -0500] "GET /sipse/faces/javax.faces.resource/theme.css?ln=primefaces-sipse HTTP/1.1" 304 -
201.245.172.17 - - [02/Oct/2023:08:29:42 -0500] "GET /sipse/faces/javax.faces.resource/layout/layout.css?ln=primefaces&v=4.0 HTTP/1.1" 304 -
201.245.172.17 - - [02/Oct/2023:08:29:42 -0500] "GET /sipse/faces/javax.faces.resource/primefaces.css?ln=primefaces&v=4.0 HTTP/1.1" 304 -
201.245.172.17 - - [02/Oct/2023:08:29:42 -0500] "GET /sipse/faces/javax.faces.resource/jquery/jquery.js?ln=primefaces&v=4.0 HTTP/1.1" 304 -
201.245.172.17 - - [02/Oct/2023:08:29:42 -0500] "GET /sipse/faces/javax.faces.resource/jquery/jquery-plugins.js?ln=primefaces&v=4.0 HTTP/1.1" 304 -
201.245.172.17 - - [02/Oct/2023:08:29:42 -0500] "GET /sipse/faces/javax.faces.resource/primefaces.js?ln=primefaces&v=4.0 HTTP/1.1" 304 -
201.245.172.17 - - [02/Oct/2023:08:29:42 -0500] "GET /sipse/faces/javax.faces.resource/layout/layout.js?ln=primefaces&v=4.0 HTTP/1.1" 304 -
216.245.221.92 - - [02/Oct/2023:08:29:43 -0500] "HEAD / HTTP/1.1" 200 -
216.244.66.195 - - [02/Oct/2023:08:29:48 -0500] "GET /BLA/resoluciones/RESOLUCIONES%202022/0236.pdf HTTP/1.1" 200 342303
201.245.172.17 - - [02/Oct/2023:08:29:49 -0500] "POST /sipse/faces/presentacion/financiero/solicitudProceso/consultar.xhtml HTTP/1.1" 200 12826
201.245.172.17 - - [02/Oct/2023:08:29:59 -0500] "POST /sipse/faces/presentacion/financiero/solicitudProceso/consultar.xhtml HTTP/1.1" 200 152783
201.245.172.17 - - [02/Oct/2023:08:30:00 -0500] "GET /sipse/faces/javax.faces.resource/theme.css?ln=primefaces-sipse HTTP/1.1" 304 -
201.245.172.17 - - [02/Oct/2023:08:30:00 -0500] "GET /sipse/faces/javax.faces.resource/primefaces.css?ln=primefaces&v=4.0 HTTP/1.1" 304 -
201.245.172.17 - - [02/Oct/2023:08:30:00 -0500] "GET /sipse/faces/javax.faces.resource/layout/layout.css?ln=primefaces&v=4.0 HTTP/1.1" 304 -
201.245.172.17 - - [02/Oct/2023:08:30:00 -0500] "GET /sipse/faces/javax.faces.resource/jquery/jquery.js?ln=primefaces&v=4.0 HTTP/1.1" 304 -
201.245.172.17 - - [02/Oct/2023:08:30:00 -0500] "GET /sipse/faces/javax.faces.resource/jquery/jquery-plugins.js?ln=primefaces&v=4.0 HTTP/1.1" 304 -
201.245.172.17 - - [02/Oct/2023:08:30:00 -0500] "GET /sipse/faces/javax.faces.resource/primefaces.js?ln=primefaces&v=4.0 HTTP/1.1" 304 -
201.245.172.17 - - [02/Oct/2023:08:30:01 -0500] "GET /sipse/faces/javax.faces.resource/layout/layout.js?ln=primefaces&v=4.0 HTTP/1.1" 304 -
201.245.172.17 - - [02/Oct/2023:08:30:01 -0500] "GET /sipse/faces/javax.faces.resource/dynamiccontent.properties?ln=primefaces&pfdrid=XjOR5%2F%2FfPAZAuY9TpWQeCiM0BhlXxYRBGKi%2FQcXXfeA%3D&pfdrid_c=false HTTP/1.1" 500 383
201.245.172.17 - - [02/Oct/2023:08:30:08 -0500] "POST /sipse/faces/presentacion/financiero/solicitudProceso/consultarSolicitudProceso.xhtml HTTP/1.1" 200 391944
201.245.172.17 - - [02/Oct/2023:08:30:11 -0500] "POST /sipse/faces/presentacion/financiero/solicitudProceso/consultarSolicitudProceso.xhtml HTTP/1.1" 200 93524
186.29.189.128 - - [02/Oct/2023:08:30:27 -0500] "GET /portaldeninos/ HTTP/1.1" 200 110175
201.245.192.253 - - [02/Oct/2023:08:30:30 -0500] "POST /forms/lservlet;jsessionid=ac16012b30d61fe4a9ea69424edbac22cd7fb0786fdc.e3iSbxaKaheRe34Pbx8Nc3aQci1ynknvrkLOlQzNp65In0 HTTP/1.1" 200 2
216.244.66.195 - - [02/Oct/2023:08:30:31 -0500] "GET /BLA/resoluciones/RESOLUCIONES%202022/0505.pdf HTTP/1.1" 200 364413
186.29.189.128 - - [02/Oct/2023:08:30:32 -0500] "GET /portaldeninos/ HTTP/1.1" 200 110179
186.29.189.128 - - [02/Oct/2023:08:30:32 -0500] "GET /portaldeninos/wp-includes/js/wp-emoji-release.min.js?ver=4.9.8 HTTP/1.1" 200 12026
186.29.189.128 - - [02/Oct/2023:08:30:32 -0500] "GET /portaldeninos/wp-content/uploads/useanyfont/uaf.css?ver=1589905315 HTTP/1.1" 200 408
186.29.189.128 - - [02/Oct/2023:08:30:32 -0500] "GET /portaldeninos/wp-content/themes/betheme/style.css?ver=20.9.6 HTTP/1.1" 200 287
186.29.189.128 - - [02/Oct/2023:08:30:32 -0500] "GET /portaldeninos/wp-content/plugins/gallery-videos/CSS/totalsoft.css?ver=4.9.8 HTTP/1.1" 200 40622
186.29.189.128 - - [02/Oct/2023:08:30:32 -0500] "GET /portaldeninos/wp-content/themes/betheme/css/layout.css?ver=20.9.6 HTTP/1.1" 200 116639
186.29.189.128 - - [02/Oct/2023:08:30:32 -0500] "GET /portaldeninos/wp-content/themes/betheme/css/base.css?ver=20.9.6 HTTP/1.1" 200 57283
186.29.189.128 - - [02/Oct/2023:08:30:32 -0500] "GET /portaldeninos/wp-content/themes/betheme/assets/jplayer/css/jplayer.blue.monday.css?ver=20.9.6 HTTP/1.1" 200 9834
186.29.189.128 - - [02/Oct/2023:08:30:32 -0500] "GET /portaldeninos/wp-content/themes/betheme/assets/ui/jquery.ui.all.css?ver=20.9.6 HTTP/1.1" 200 18765
186.29.189.128 - - [02/Oct/2023:08:30:32 -0500] "GET /portaldeninos/wp-content/plugins/gallery-videos/CSS/Total-Soft-Gallery-Video-Widget.css?ver=4.9.8 HTTP/1.1" 200 51554
186.29.189.128 - - [02/Oct/2023:08:30:33 -0500] "GET /portaldeninos/wp-content/plugins/google-analytics-for-wordpress/assets/js/frontend-gtag.min.js?ver=8.5.0 HTTP/1.1" 200 11801
186.29.189.128 - - [02/Oct/2023:08:30:32 -0500] "GET /portaldeninos/wp-content/themes/betheme/assets/animations/animations.min.css?ver=20.9.6 HTTP/1.1" 200 58508
186.29.189.128 - - [02/Oct/2023:08:30:32 -0500] "GET /portaldeninos/wp-content/themes/betheme/css/responsive.css?ver=20.9.6 HTTP/1.1" 200 55740
186.29.189.128 - - [02/Oct/2023:08:30:33 -0500] "GET /portaldeninos/wp-includes/js/jquery/jquery-migrate.min.js?ver=1.4.1 HTTP/1.1" 200 10056
186.29.189.128 - - [02/Oct/2023:08:30:32 -0500] "GET /portaldeninos/wp-content/themes/betheme/css/shortcodes.css?ver=20.9.6 HTTP/1.1" 200 138889
186.29.189.128 - - [02/Oct/2023:08:30:33 -0500] "GET /portaldeninos/wp-includes/js/jquery/ui/core.min.js?ver=1.11.4 HTTP/1.1" 200 4000
186.29.189.128 - - [02/Oct/2023:08:30:33 -0500] "GET /portaldeninos/wp-content/plugins/gallery-videos/JS/modernizr.custom.js?ver=4.9.8 HTTP/1.1" 200 9019
186.29.189.128 - - [02/Oct/2023:08:30:33 -0500] "GET /portaldeninos/wp-content/plugins/popup-maker/assets/css/site.min.css?ver=1.8.14 HTTP/1.1" 200 8260
186.29.189.128 - - [02/Oct/2023:08:30:33 -0500] "GET /portaldeninos/wp-includes/js/jquery/jquery.js?ver=1.12.4 HTTP/1.1" 200 97184
186.29.189.128 - - [02/Oct/2023:08:30:33 -0500] "GET /portaldeninos/wp-includes/js/jquery/ui/widget.min.js?ver=1.11.4 HTTP/1.1" 200 6908
186.29.189.128 - - [02/Oct/2023:08:30:33 -0500] "GET /portaldeninos/wp-includes/js/jquery/ui/mouse.min.js?ver=1.11.4 HTTP/1.1" 200 3148
186.29.189.128 - - [02/Oct/2023:08:30:33 -0500] "GET /portaldeninos/wp-includes/js/jquery/ui/tabs.min.js?ver=1.11.4 HTTP/1.1" 200 12110
186.29.189.128 - - [02/Oct/2023:08:30:33 -0500] "GET /portaldeninos/wp-includes/js/jquery/ui/sortable.min.js?ver=1.11.4 HTTP/1.1" 200 24899
186.29.189.128 - - [02/Oct/2023:08:30:33 -0500] "GET /portaldeninos/wp-includes/js/jquery/ui/accordion.min.js?ver=1.11.4 HTTP/1.1" 200 8584
186.29.189.128 - - [02/Oct/2023:08:30:33 -0500] "GET /portaldeninos/wp-content/plugins/gallery-videos/JS/Total-Soft-Gallery-Video-Widget.js?ver=4.9.8 HTTP/1.1" 200 80264
186.29.189.128 - - [02/Oct/2023:08:30:33 -0500] "GET /portaldeninos/wp-content/themes/betheme/js/menu.js?ver=20.9.6 HTTP/1.1" 200 2449
186.29.189.128 - - [02/Oct/2023:08:30:33 -0500] "GET /portaldeninos/wp-content/themes/betheme/assets/animations/animations.min.js?ver=20.9.6 HTTP/1.1" 200 1896
186.29.189.128 - - [02/Oct/2023:08:30:33 -0500] "GET /portaldeninos/wp-includes/js/wp-embed.min.js?ver=4.9.8 HTTP/1.1" 200 1398
186.29.189.128 - - [02/Oct/2023:08:30:33 -0500] "GET /portaldeninos/wp-includes/js/jquery/ui/position.min.js?ver=1.11.4 HTTP/1.1" 200 6527
186.29.189.128 - - [02/Oct/2023:08:30:33 -0500] "GET /portaldeninos/wp-content/themes/betheme/js/scripts.js?ver=20.9.6 HTTP/1.1" 200 77162
186.29.189.128 - - [02/Oct/2023:08:30:33 -0500] "GET /portaldeninos/wp-content/themes/betheme/js/plugins.js?ver=20.9.6 HTTP/1.1" 200 197151
186.29.189.128 - - [02/Oct/2023:08:30:33 -0500] "GET /portaldeninos/wp-content/themes/betheme/assets/jplayer/jplayer.min.js?ver=20.9.6 HTTP/1.1" 200 52702
186.29.189.128 - - [02/Oct/2023:08:30:33 -0500] "GET /portaldeninos/wp-content/plugins/popup-maker/assets/js/site.min.js?defer&ver=1.8.14 HTTP/1.1" 200 48457
186.29.189.128 - - [02/Oct/2023:08:30:33 -0500] "GET /portaldeninos/wp-content/uploads/2019/08/Logo-Ambientic.png HTTP/1.1" 200 22941
186.29.189.128 - - [02/Oct/2023:08:30:33 -0500] "GET /portaldeninos/wp-content/uploads/2021/06/titulo-cabezote-ni%C3%B1os.png HTTP/1.1" 200 64425
186.29.189.128 - - [02/Oct/2023:08:30:33 -0500] "GET /portaldeninos/wp-content/uploads/2021/06/titulo-miambiente-ni%C3%B1os.png HTTP/1.1" 200 11944
186.29.189.128 - - [02/Oct/2023:08:30:33 -0500] "GET /portaldeninos/wp-content/uploads/2018/10/oso.jpg HTTP/1.1" 200 305180
186.29.189.128 - - [02/Oct/2023:08:30:33 -0500] "GET /portaldeninos/wp-content/uploads/2020/01/Frailejon-escenario.jpg HTTP/1.1" 200 357472
186.29.189.128 - - [02/Oct/2023:08:30:33 -0500] "GET /portaldeninos/wp-content/themes/betheme/fonts/mfn-icons.woff?93978679 HTTP/1.1" 200 80932
186.29.189.128 - - [02/Oct/2023:08:30:33 -0500] "GET /portaldeninos/wp-content/uploads/2020/01/Tierra-escenario.jpg HTTP/1.1" 200 181491
186.29.189.128 - - [02/Oct/2023:08:30:33 -0500] "GET /portaldeninos/wp-content/uploads/2018/11/tigrillo.jpg HTTP/1.1" 200 402961
186.29.189.128 - - [02/Oct/2023:08:30:33 -0500] "GET /portaldeninos/wp-content/uploads/2021/06/titulo-videos-ni%C3%B1os.png HTTP/1.1" 200 10502
186.29.189.128 - - [02/Oct/2023:08:30:33 -0500] "GET /portaldeninos/wp-content/uploads/2021/06/titulo-humedales-ni%C3%B1os.png HTTP/1.1" 200 13361
186.29.189.128 - - [02/Oct/2023:08:30:33 -0500] "GET /portaldeninos/wp-content/uploads/2018/11/caneca.jpg HTTP/1.1" 200 262661
186.29.189.128 - - [02/Oct/2023:08:30:33 -0500] "GET /portaldeninos/wp-content/uploads/2019/06/CabezoteAMBIENTIC.mp4 HTTP/1.1" 206 2
186.29.189.128 - - [02/Oct/2023:08:30:33 -0500] "GET /portaldeninos/wp-content/uploads/2023/08/Infografia-Web-Infantil.mp4 HTTP/1.1" 206 2
186.29.189.128 - - [02/Oct/2023:08:30:33 -0500] "GET /portaldeninos/wp-content/uploads/2023/08/Infografia-Web-Infantil.mp4 HTTP/1.1" 206 165494
186.29.189.128 - - [02/Oct/2023:08:30:33 -0500] "GET /portaldeninos/wp-content/uploads/2023/08/Infografia-Web-Infantil.mp4 HTTP/1.1" 206 1830
186.29.189.128 - - [02/Oct/2023:08:30:33 -0500] "GET /portaldeninos/wp-content/uploads/2020/05/fb.jpg HTTP/1.1" 200 9893
186.29.189.128 - - [02/Oct/2023:08:30:33 -0500] "GET /portaldeninos/wp-content/uploads/2020/05/ig.jpg HTTP/1.1" 200 11470
186.29.189.128 - - [02/Oct/2023:08:30:33 -0500] "GET /portaldeninos/wp-content/uploads/2020/06/yt.jpg HTTP/1.1" 200 10577
186.29.189.128 - - [02/Oct/2023:08:30:33 -0500] "GET /portaldeninos/wp-content/themes/betheme/images/box_shadow.png HTTP/1.1" 200 108
186.29.189.128 - - [02/Oct/2023:08:30:33 -0500] "GET /portaldeninos/wp-content/uploads/2020/06/tw.jpg HTTP/1.1" 200 11056
186.29.189.128 - - [02/Oct/2023:08:30:33 -0500] "GET /portaldeninos/wp-content/themes/betheme/images/stripes/stripes_3_b.png HTTP/1.1" 200 974
186.29.189.128 - - [02/Oct/2023:08:30:33 -0500] "GET /portaldeninos/wp-content/uploads/2022/08/Infograf%C3%ADa-humedales-actualizada.png HTTP/1.1" 200 588022
186.29.189.128 - - [02/Oct/2023:08:30:34 -0500] "GET /portaldeninos/wp-json/pum/v1/analytics/?event=open&pid=1126&_cache=1696253404096 HTTP/1.1" 204 -
186.29.189.128 - - [02/Oct/2023:08:30:33 -0500] "GET /portaldeninos/wp-content/uploads/2022/08/HUmedalConejera03-1.jpg HTTP/1.1" 200 12388495
186.29.189.128 - - [02/Oct/2023:08:30:33 -0500] "GET /portaldeninos/wp-content/uploads/2019/06/CabezoteAMBIENTIC.mp4 HTTP/1.1" 206 21677757
186.29.189.128 - - [02/Oct/2023:08:30:33 -0500] "GET /portaldeninos/wp-content/uploads/2023/08/Infografia-Web-Infantil.mp4 HTTP/1.1" 206 23679895
186.29.189.128 - - [02/Oct/2023:08:30:49 -0500] "GET /portaldeninos/wp-content/uploads/2023/08/Infografia-Web-Infantil.mp4 HTTP/1.1" 206 393216
201.245.192.253 - - [02/Oct/2023:08:30:50 -0500] "POST /forms/lservlet;jsessionid=ac16012b30d60e16e1a14abf488a9519f3793ec437f9.e3iSbxaKaheRe34Pbx8Nc3aQci1ynknvrkLOlQzNp65In0 HTTP/1.1" 200 2
216.244.66.195 - - [02/Oct/2023:08:31:20 -0500] "GET /BLA/resoluciones/RESOLUCIONES%202022/0508.pdf HTTP/1.1" 200 331892
167.0.143.45 - - [02/Oct/2023:08:31:40 -0500] "GET /BLA/resoluciones/Notificaciones/RESOLUCIONES%202022/5439.pdf HTTP/1.1" 200 7039951
201.245.192.253 - - [02/Oct/2023:08:31:49 -0500] "POST /kwsrmcab/Wsrmcab  HTTP/1.1" 200 43160
216.244.66.195 - - [02/Oct/2023:08:32:03 -0500] "GET /BLA/resoluciones/RESOLUCIONES%202022/0546.pdf HTTP/1.1" 200 352666
167.0.143.45 - - [02/Oct/2023:08:32:05 -0500] "GET /BLA/resoluciones/Notificaciones/RESOLUCIONES%202022/5436.pdf HTTP/1.1" 200 6772205
201.245.192.253 - - [02/Oct/2023:08:32:30 -0500] "POST /forms/lservlet;jsessionid=ac16012b30d61fe4a9ea69424edbac22cd7fb0786fdc.e3iSbxaKaheRe34Pbx8Nc3aQci1ynknvrkLOlQzNp65In0 HTTP/1.1" 200 2
172.22.2.4 - - [02/Oct/2023:08:30:58 -0500] "HEAD /BLA/boletinlegal/ HTTP/1.1" 200 -
167.0.143.45 - - [02/Oct/2023:08:32:42 -0500] "GET /BLA/resoluciones/Notificaciones/RESOLUCIONES%202023/0207.pdf HTTP/1.1" 200 8289586
216.244.66.195 - - [02/Oct/2023:08:32:46 -0500] "GET /BLA/resoluciones/RESOLUCIONES%202022/0550.pdf HTTP/1.1" 200 333894
201.245.192.253 - - [02/Oct/2023:08:32:50 -0500] "POST /forms/lservlet;jsessionid=ac16012b30d60e16e1a14abf488a9519f3793ec437f9.e3iSbxaKaheRe34Pbx8Nc3aQci1ynknvrkLOlQzNp65In0 HTTP/1.1" 200 2
167.0.143.45 - - [02/Oct/2023:08:32:56 -0500] "GET /BLA/resoluciones/Notificaciones/RESOLUCIONES%202023/0268.pdf HTTP/1.1" 200 9178466
167.0.143.45 - - [02/Oct/2023:08:33:11 -0500] "GET /BLA/resoluciones/Notificaciones/RESOLUCIONES%202022/5017.pdf HTTP/1.1" 200 606421
201.245.192.253 - - [02/Oct/2023:08:33:12 -0500] "POST /forms/lservlet;jsessionid=ac16012b30d60e16e1a14abf488a9519f3793ec437f9.e3iSbxaKaheRe34Pbx8Nc3aQci1ynknvrkLOlQzNp65In0 HTTP/1.1" 200 2
201.245.192.253 - - [02/Oct/2023:08:33:13 -0500] "POST /forms/lservlet;jsessionid=ac16012b30d60e16e1a14abf488a9519f3793ec437f9.e3iSbxaKaheRe34Pbx8Nc3aQci1ynknvrkLOlQzNp65In0 HTTP/1.1" 200 521
201.245.192.253 - - [02/Oct/2023:08:33:13 -0500] "POST /forms/lservlet;jsessionid=ac16012b30d60e16e1a14abf488a9519f3793ec437f9.e3iSbxaKaheRe34Pbx8Nc3aQci1ynknvrkLOlQzNp65In0 HTTP/1.1" 200 2
216.244.66.195 - - [02/Oct/2023:08:33:25 -0500] "GET /BLA/resoluciones/RESOLUCIONES%202022/0621.pdf HTTP/1.1" 200 351675
172.22.2.4 - - [02/Oct/2023:08:31:49 -0500] "GET /BLA/boletinlegal/ HTTP/1.1" 200 58187
201.245.192.253 - - [02/Oct/2023:08:33:33 -0500] "POST /forms/lservlet;jsessionid=ac16012b30d60e16e1a14abf488a9519f3793ec437f9.e3iSbxaKaheRe34Pbx8Nc3aQci1ynknvrkLOlQzNp65In0 HTTP/1.1" 200 302
201.245.192.253 - - [02/Oct/2023:08:33:33 -0500] "POST /forms/lservlet;jsessionid=ac16012b30d60e16e1a14abf488a9519f3793ec437f9.e3iSbxaKaheRe34Pbx8Nc3aQci1ynknvrkLOlQzNp65In0 HTTP/1.1" 200 277
201.245.192.253 - - [02/Oct/2023:08:33:33 -0500] "POST /forms/lservlet;jsessionid=ac16012b30d60e16e1a14abf488a9519f3793ec437f9.e3iSbxaKaheRe34Pbx8Nc3aQci1ynknvrkLOlQzNp65In0 HTTP/1.1" 200 257
216.244.66.195 - - [02/Oct/2023:08:34:02 -0500] "GET /BLA/resoluciones/RESOLUCIONES%202022/1331.pdf HTTP/1.1" 200 1452696
172.22.2.4 - - [02/Oct/2023:08:34:21 -0500] "GET /BLA/boletinlegal/actos.php HTTP/1.1" 200 9682
201.245.192.253 - - [02/Oct/2023:08:34:30 -0500] "POST /forms/lservlet;jsessionid=ac16012b30d61fe4a9ea69424edbac22cd7fb0786fdc.e3iSbxaKaheRe34Pbx8Nc3aQci1ynknvrkLOlQzNp65In0 HTTP/1.1" 200 2
172.22.2.4 - - [02/Oct/2023:08:34:40 -0500] "GET /BLA/boletinlegal/actos.php HTTP/1.1" 200 9682
172.22.2.4 - - [02/Oct/2023:08:34:40 -0500] "GET /BLA/boletinlegal/styles2.css HTTP/1.1" 200 1838
172.22.2.4 - - [02/Oct/2023:08:34:40 -0500] "GET /BLA/boletinlegal/js/popup.js HTTP/1.1" 200 1270
172.22.2.4 - - [02/Oct/2023:08:34:40 -0500] "GET /BLA/boletinlegal/style.css HTTP/1.1" 200 9406
172.22.2.4 - - [02/Oct/2023:08:34:40 -0500] "GET /BLA/boletinlegal/js/jquery1.js HTTP/1.1" 200 29846
172.22.2.4 - - [02/Oct/2023:08:34:40 -0500] "GET /BLA/boletinlegal/niceforms.js HTTP/1.1" 200 22876
172.22.2.4 - - [02/Oct/2023:08:34:40 -0500] "GET /BLA/boletinlegal/niceforms-default.css HTTP/1.1" 200 6694
172.22.2.4 - - [02/Oct/2023:08:34:40 -0500] "GET /BLA/boletinlegal/js/lib.js HTTP/1.1" 200 6474
172.22.2.4 - - [02/Oct/2023:08:34:40 -0500] "GET /BLA/boletinlegal/js/ajax_actos.js HTTP/1.1" 200 1322
172.22.2.4 - - [02/Oct/2023:08:34:40 -0500] "GET /BLA/boletinlegal/images/cabezote%20BLEGAL.jpg HTTP/1.1" 200 118164
172.22.2.4 - - [02/Oct/2023:08:34:40 -0500] "GET /BLA/boletinlegal/images/subscribe-icon-big.png HTTP/1.1" 200 47702
172.22.2.4 - - [02/Oct/2023:08:34:40 -0500] "GET /BLA/boletinlegal/images/menu_rght.gif HTTP/1.1" 200 1627
172.22.2.4 - - [02/Oct/2023:08:34:40 -0500] "GET /BLA/boletinlegal/images/body_bg.jpg HTTP/1.1" 200 1601
172.22.2.4 - - [02/Oct/2023:08:34:40 -0500] "GET /BLA/boletinlegal/images/tel.png HTTP/1.1" 200 14477
172.22.2.4 - - [02/Oct/2023:08:34:40 -0500] "GET /BLA/boletinlegal/images/menu_bg.jpg HTTP/1.1" 200 620
172.22.2.4 - - [02/Oct/2023:08:34:40 -0500] "GET /BLA/boletinlegal/images/icono-email.png HTTP/1.1" 200 5544
172.22.2.4 - - [02/Oct/2023:08:34:40 -0500] "GET /BLA/boletinlegal/images/green-yellow-blue-pink-th.png HTTP/1.1" 200 7394
172.22.2.4 - - [02/Oct/2023:08:34:40 -0500] "GET /BLA/boletinlegal/images/historia.png HTTP/1.1" 200 52775
172.22.2.4 - - [02/Oct/2023:08:34:40 -0500] "GET /BLA/boletinlegal/images/hover.jpg HTTP/1.1" 200 640
172.22.2.4 - - [02/Oct/2023:08:34:40 -0500] "GET /BLA/boletinlegal/images/footer_bg.jpg HTTP/1.1" 200 586
172.22.2.4 - - [02/Oct/2023:08:34:40 -0500] "GET /BLA/boletinlegal/images/registro-usuarios.png HTTP/1.1" 200 8106
172.22.2.4 - - [02/Oct/2023:08:34:40 -0500] "GET /BLA/boletinlegal/images/footer_bg_l.jpg HTTP/1.1" 200 776
172.22.2.4 - - [02/Oct/2023:08:34:40 -0500] "GET /BLA/boletinlegal/images/text.jpg HTTP/1.1" 200 568
172.22.2.4 - - [02/Oct/2023:08:34:40 -0500] "GET /BLA/boletinlegal/images/bg_top.jpg HTTP/1.1" 200 522
172.22.2.4 - - [02/Oct/2023:08:34:40 -0500] "GET /BLA/boletinlegal/images/menu_lft.gif HTTP/1.1" 200 1713
172.22.2.4 - - [02/Oct/2023:08:34:40 -0500] "GET /BLA/boletinlegal/img/0.png HTTP/1.1" 200 110
172.22.2.4 - - [02/Oct/2023:08:34:40 -0500] "GET /BLA/boletinlegal/img/select-left.png HTTP/1.1" 200 263
172.22.2.4 - - [02/Oct/2023:08:34:40 -0500] "GET /BLA/boletinlegal/img/select-right.png HTTP/1.1" 200 44019
172.22.2.4 - - [02/Oct/2023:08:34:40 -0500] "GET /BLA/boletinlegal/img/button-left.png HTTP/1.1" 200 57071
172.22.2.4 - - [02/Oct/2023:08:34:40 -0500] "GET /BLA/boletinlegal/img/button.png HTTP/1.1" 200 43241
172.22.2.4 - - [02/Oct/2023:08:34:40 -0500] "GET /BLA/boletinlegal/img/button-right.png HTTP/1.1" 200 57878
172.22.2.4 - - [02/Oct/2023:08:34:40 -0500] "GET /BLA/boletinlegal/favicon.ico HTTP/1.1" 404 1326
216.245.221.92 - - [02/Oct/2023:08:34:43 -0500] "HEAD / HTTP/1.1" 200 -
201.245.192.253 - - [02/Oct/2023:08:34:50 -0500] "POST /forms/lservlet;jsessionid=ac16012b30d60e16e1a14abf488a9519f3793ec437f9.e3iSbxaKaheRe34Pbx8Nc3aQci1ynknvrkLOlQzNp65In0 HTTP/1.1" 200 2
216.244.66.195 - - [02/Oct/2023:08:34:53 -0500] "GET /BLA/resoluciones/RESOLUCIONES%202022/1393.pdf HTTP/1.1" 200 408925
216.244.66.195 - - [02/Oct/2023:08:35:31 -0500] "GET /BLA/resoluciones/RESOLUCIONES%202022/2500.pdf HTTP/1.1" 200 363918
216.244.66.195 - - [02/Oct/2023:08:36:02 -0500] "GET /BLA/resoluciones/RESOLUCIONES%202022/2655.pdf HTTP/1.1" 200 391827
186.154.248.228 - - [02/Oct/2023:08:36:17 -0500] "GET /BLA/boletinlegal/actos.php HTTP/1.1" 200 9682
186.154.248.228 - - [02/Oct/2023:08:36:17 -0500] "GET /BLA/boletinlegal/styles2.css HTTP/1.1" 200 1838
186.154.248.228 - - [02/Oct/2023:08:36:17 -0500] "GET /BLA/boletinlegal/js/ajax_actos.js HTTP/1.1" 200 1322
186.154.248.228 - - [02/Oct/2023:08:36:17 -0500] "GET /BLA/boletinlegal/style.css HTTP/1.1" 200 9406
186.154.248.228 - - [02/Oct/2023:08:36:17 -0500] "GET /BLA/boletinlegal/js/lib.js HTTP/1.1" 200 6474
186.154.248.228 - - [02/Oct/2023:08:36:17 -0500] "GET /BLA/boletinlegal/niceforms-default.css HTTP/1.1" 200 6694
186.154.248.228 - - [02/Oct/2023:08:36:17 -0500] "GET /BLA/boletinlegal/niceforms.js HTTP/1.1" 200 22876
186.154.248.228 - - [02/Oct/2023:08:36:17 -0500] "GET /BLA/boletinlegal/js/jquery1.js HTTP/1.1" 200 29846
186.154.248.228 - - [02/Oct/2023:08:36:17 -0500] "GET /BLA/boletinlegal/js/popup.js HTTP/1.1" 200 1270
186.154.248.228 - - [02/Oct/2023:08:36:18 -0500] "GET /BLA/boletinlegal/images/subscribe-icon-big.png HTTP/1.1" 200 47702
186.154.248.228 - - [02/Oct/2023:08:36:18 -0500] "GET /BLA/boletinlegal/images/cabezote%20BLEGAL.jpg HTTP/1.1" 200 118164
186.154.248.228 - - [02/Oct/2023:08:36:18 -0500] "GET /BLA/boletinlegal/images/green-yellow-blue-pink-th.png HTTP/1.1" 200 7394
186.154.248.228 - - [02/Oct/2023:08:36:18 -0500] "GET /BLA/boletinlegal/images/registro-usuarios.png HTTP/1.1" 200 8106
186.154.248.228 - - [02/Oct/2023:08:36:18 -0500] "GET /BLA/boletinlegal/images/historia.png HTTP/1.1" 200 52775
186.154.248.228 - - [02/Oct/2023:08:36:18 -0500] "GET /BLA/boletinlegal/images/tel.png HTTP/1.1" 200 14477
186.154.248.228 - - [02/Oct/2023:08:36:18 -0500] "GET /BLA/boletinlegal/images/menu_bg.jpg HTTP/1.1" 200 620
186.154.248.228 - - [02/Oct/2023:08:36:18 -0500] "GET /BLA/boletinlegal/images/body_bg.jpg HTTP/1.1" 200 1601
186.154.248.228 - - [02/Oct/2023:08:36:18 -0500] "GET /BLA/boletinlegal/images/footer_bg.jpg HTTP/1.1" 200 586
186.154.248.228 - - [02/Oct/2023:08:36:18 -0500] "GET /BLA/boletinlegal/images/bg_top.jpg HTTP/1.1" 200 522
186.154.248.228 - - [02/Oct/2023:08:36:18 -0500] "GET /BLA/boletinlegal/images/menu_lft.gif HTTP/1.1" 200 1713
186.154.248.228 - - [02/Oct/2023:08:36:18 -0500] "GET /BLA/boletinlegal/images/menu_rght.gif HTTP/1.1" 200 1627
186.154.248.228 - - [02/Oct/2023:08:36:18 -0500] "GET /BLA/boletinlegal/images/text.jpg HTTP/1.1" 200 568
186.154.248.228 - - [02/Oct/2023:08:36:18 -0500] "GET /BLA/boletinlegal/images/hover.jpg HTTP/1.1" 200 640
186.154.248.228 - - [02/Oct/2023:08:36:18 -0500] "GET /BLA/boletinlegal/images/icono-email.png HTTP/1.1" 200 5544
186.154.248.228 - - [02/Oct/2023:08:36:18 -0500] "GET /BLA/boletinlegal/images/footer_bg_l.jpg HTTP/1.1" 200 776
201.245.192.253 - - [02/Oct/2023:08:36:30 -0500] "POST /forms/lservlet;jsessionid=ac16012b30d61fe4a9ea69424edbac22cd7fb0786fdc.e3iSbxaKaheRe34Pbx8Nc3aQci1ynknvrkLOlQzNp65In0 HTTP/1.1" 200 2
216.244.66.195 - - [02/Oct/2023:08:36:41 -0500] "GET /BLA/resoluciones/RESOLUCIONES%202022/3009.pdf HTTP/1.1" 200 477803
201.245.192.253 - - [02/Oct/2023:08:36:48 -0500] "POST /kwsrmcab/Wsrmcab  HTTP/1.1" 200 43160
201.245.192.253 - - [02/Oct/2023:08:36:50 -0500] "POST /forms/lservlet;jsessionid=ac16012b30d60e16e1a14abf488a9519f3793ec437f9.e3iSbxaKaheRe34Pbx8Nc3aQci1ynknvrkLOlQzNp65In0 HTTP/1.1" 200 2
52.167.144.236 - - [02/Oct/2023:08:37:06 -0500] "GET /bla/resoluciones/notificaciones/autos%202017/01180.pdf HTTP/1.1" 304 -
216.244.66.195 - - [02/Oct/2023:08:37:15 -0500] "GET /BLA/resoluciones/RESOLUCIONES%202022/3381.pdf HTTP/1.1" 200 378988
173.252.79.120 - - [02/Oct/2023:08:37:45 -0500] "GET /images/cr\xc3\xb3nica-29-nov-1_optimized.jpeg HTTP/1.1" 404 1034
216.244.66.195 - - [02/Oct/2023:08:37:50 -0500] "GET /BLA/resoluciones/RESOLUCIONES%202022/3401.pdf HTTP/1.1" 200 473411
201.245.192.253 - - [02/Oct/2023:08:37:54 -0500] "POST /kwsrmcab/Wsrmcab HTTP/1.1" 200 43208
201.245.192.253 - - [02/Oct/2023:08:37:57 -0500] "POST /kwsrmcab/Wsrmcab HTTP/1.1" 200 40720
216.244.66.195 - - [02/Oct/2023:08:38:20 -0500] "GET /BLA/resoluciones/RESOLUCIONES%202022/3435.pdf HTTP/1.1" 200 393912
172.22.2.4 - - [02/Oct/2023:08:36:48 -0500] "HEAD /BLA/boletinlegal/ HTTP/1.1" 200 -
201.245.192.253 - - [02/Oct/2023:08:38:30 -0500] "POST /forms/lservlet;jsessionid=ac16012b30d61fe4a9ea69424edbac22cd7fb0786fdc.e3iSbxaKaheRe34Pbx8Nc3aQci1ynknvrkLOlQzNp65In0 HTTP/1.1" 200 2
172.22.2.4 - - [02/Oct/2023:08:38:35 -0500] "GET /BLA/boletinlegal/actos.php HTTP/1.1" 200 9682
172.22.2.4 - - [02/Oct/2023:08:38:36 -0500] "GET /BLA/boletinlegal/favicon.ico HTTP/1.1" 404 1326
216.244.66.195 - - [02/Oct/2023:08:38:48 -0500] "GET /BLA/resoluciones/RESOLUCIONES%202022/3454.pdf HTTP/1.1" 200 1779237
201.245.192.253 - - [02/Oct/2023:08:38:50 -0500] "POST /forms/lservlet;jsessionid=ac16012b30d60e16e1a14abf488a9519f3793ec437f9.e3iSbxaKaheRe34Pbx8Nc3aQci1ynknvrkLOlQzNp65In0 HTTP/1.1" 200 2
69.63.189.118 - - [02/Oct/2023:08:39:14 -0500] "GET /images/prueba3.jpeg HTTP/1.1" 200 88955
172.22.2.4 - - [02/Oct/2023:08:37:39 -0500] "GET /BLA/boletinlegal/ HTTP/1.1" 200 56970
216.244.66.195 - - [02/Oct/2023:08:39:28 -0500] "GET /BLA/resoluciones/RESOLUCIONES%202022/3824.pdf HTTP/1.1" 200 351522
216.245.221.92 - - [02/Oct/2023:08:39:43 -0500] "HEAD / HTTP/1.1" 200 -
216.244.66.195 - - [02/Oct/2023:08:40:01 -0500] "GET /BLA/resoluciones/RESOLUCIONES%202022/4048.pdf HTTP/1.1" 200 1073625
186.102.100.158 - - [02/Oct/2023:08:40:04 -0500] "GET /kwssiamovil/sm/ldap/au?x=U2FsdGVkX19hUyQK5GUpgbZkXoSjm5TmKueMOWNWhmzZtLARyNsyfxwH9SMpudZ/&y=U2FsdGVkX18xiQeERhqvgB/bgF7Wn53lWBtlQlwc5obowep9VS2ngGduSYl/5Jzx HTTP/1.1" 200 30
186.102.100.158 - - [02/Oct/2023:08:40:05 -0500] "GET /kwssiamovil/sm/acme/s?s=U2FsdGVkX18KW3/gT4d3wX2yjRg9foKg/VTFk1PYnjstuFiC84uYntC77HGJTSJS5YQeW8SGFyXpDy8qeRswpTcfJn5vf7Cp+sUI2TKdgAw=&u=U2FsdGVkX198kh08P7s2hEhE2pCLWuLHJPNLCXFDeJFyI5SZYp0G7CtOmwDi4bu3&y=U2FsdGVkX18xiQeERhqvgB/bgF7Wn53lWBtlQlwc5obowep9VS2ngGduSYl/5Jzx HTTP/1.1" 200 70
186.102.100.158 - - [02/Oct/2023:08:40:05 -0500] "GET /kwssiamovil/sm/acme/s?s=U2FsdGVkX1/bh6RPpJ0bbBaxYLrlEa+nE+gQBuE26D7S6t0VlfAlqOy2z5iZQ5qWW5sTHXGnWha93v1JWGJdcmwOKOIV/vRwjCkIsfZR0IR4w9/aJWR7k7DCo+mxAsCg6YXo93iKTBlIX1IbuA4FGAOUN2H94TssoVGjCKBfhaqUwuwoRcaTaEBfOxnkzJZGd3NKwY43jEq9ZTp2dYrJtHlXFFpV+DNGR+ROdx9bs2LgC5Btaa67d4IGcPIXk6OZHJmEA4Nh6bATVnb9qGSnDPPXH4KupI89hxTF7kNTLK2Ukq3TyKGB6Wm6rkETq7Y41pwQM/CI/f+TsWhgpvGHJyenrZ9yXXsALyT4hqpcFoQu580kHHx2Zkp8W7u7iV0gJuU1+HkkYKGQK2vn6fv0xDZZvcveMjBFsu6rxYMifLyW+6ijBuWksAa5+K6/TRwTjputVuNlUv/FGe22SiJZkaHhQ7/cvzgs2xINVC3YcBf0tsYpm5LAjH5ZxGhKNBGG/HrfvgKTED6y1R2MXDWIHtnmzHHQwZWrjzPZIP3pFQWaG4+VAgQk8iInlPy2hzP5YGTe3P9i3N3cbIZDG+9uHOhwpyc1Ozq4ywJB6t3p/I2P9ryw2D+ioUsr93NTWZxpkPlHiTva3i+OHM+1mQc3xK4S93pgOcjVw1mDPn5nrzRwq0CJliROWhN95xGequTXNMynRhlmU3ysOkGeeN0lNHHHk2UEnr0FyQbInLhjr39kN2qDrtWWaI2AJh9f2QcFdTueXldxCtJ6pl6T9tAkY0uvBgf0RkptmZCP52vvX9xGwGbYVpCnLcXMKa3nwNFmIVcIs9re4icpYsEBUnVdpIEunqHdeumdY888dbWxfBKs3yiWvYS+HkQDpRhcF6NEoU42XpuYuHFKa6XIZBto19WKmEhwDx+4YYtIeyBf6cHNrBLk+rB/yV00Qmk1cbnrP6Z0Wrn7LokiROMvTQ9v7epulx4XyNGqtIThrIHmxEXXT4o+ppCk3ApLshSagg190SosR543NkcD7tjzCKmOFQbEWGmqWQ8Xc+ofP9+t5697SFYKuM76SYNdICuDjVETz1fEMlVZ/MptP2E57YqkrcZOC4WQSGxaf5zcmk4FIKMtWwqM18VjiEHSy4x1O2qRTGZkeUCccQNINOAtU+9vYyw++1K0ZxAQYh/2oM7bg5Oacz8g1Kyq113O6iX7wqbbX5TQw80yeYgBy3//KbTSXADrimu+iOcrZENg8KrVkKOnbe82bWDvqh1IdPfYmzhxsB1AWNDVwKsHwDWZx6ipNZK3Nalf8LnuFHJDzhZDPmrL0mSVuAoi673P6LbTNq1xDBvIGBWcHZV0BnBjAZdv6psJbrdof/DcAuJgEB+MZ6MqvwbHKD0+rsy/Q+elLRDyQG9HgN575XDG5DdKtCZVgD5ZHXM5lmHlm9koJsQ3wjM=&u=U2FsdGVkX198kh08P7s2hEhE2pCLWuLHJPNLCXFDeJFyI5SZYp0G7CtOmwDi4bu3&y=U2FsdGVkX18xiQeERhqvgB/bgF7Wn53lWBtlQlwc5obowep9VS2ngGduSYl/5Jzx HTTP/1.1" 200 1938
186.102.100.158 - - [02/Oct/2023:08:40:05 -0500] "GET /kwssiamovil/sm/acme/s?s=U2FsdGVkX182gK1OOeUBwTxiWpPgt3eRuDnhAPRBNNdeubPOkocTG4ImtBJNpRjQSvvfrCloEuz/6pVHODIQeC6R36y0t2f//Rjwglo8NYIdH6/t20DzJHEcLeL0LpFBKEcfwmKhCpmV6m/hcuenWKzjEwbWV3MqbzgnF/N/dLo62M8ZEjG6DGAF2BgUUZ9MWFEZt/uWojV4o33rvJnhH90vRPXvEmMtD+17KpesedFkWsrSFZi3Cox7GIIG4ZcEmqgkPUM+99AjzjUlApCTnGjCM2OrkUuokB3aPRsiVTdFmJxISeyb/dsA1WR60GLzLF/uL0Q6cpYNPUISop+xm5ko9vJ7l2bhRJ8uV5DO81c=&u=U2FsdGVkX198kh08P7s2hEhE2pCLWuLHJPNLCXFDeJFyI5SZYp0G7CtOmwDi4bu3&y=U2FsdGVkX18xiQeERhqvgB/bgF7Wn53lWBtlQlwc5obowep9VS2ngGduSYl/5Jzx HTTP/1.1" 200 196
186.102.100.158 - - [02/Oct/2023:08:40:06 -0500] "GET /kwssiamovil/sm/cjson/pre?f=1&x=U2FsdGVkX19hUyQK5GUpgbZkXoSjm5TmKueMOWNWhmzZtLARyNsyfxwH9SMpudZ/ HTTP/1.1" 200 31032
201.245.192.253 - - [02/Oct/2023:08:40:10 -0500] "GET /sipse/faces/faces/faces/autenticacion.xhtml HTTP/1.1" 200 12732
201.245.192.253 - - [02/Oct/2023:08:40:10 -0500] "GET /sipse/css/custom_css_sg.css HTTP/1.1" 200 9694
201.245.192.253 - - [02/Oct/2023:08:40:10 -0500] "GET /sipse/faces/javax.faces.resource/layout/layout.css;jsessionid=8N3M0W4TB8RLcIwuiSY0biSw.undefined?ln=primefaces&v=4.0 HTTP/1.1" 200 542
201.245.192.253 - - [02/Oct/2023:08:40:10 -0500] "GET /sipse/faces/javax.faces.resource/theme.css?ln=primefaces-sipse HTTP/1.1" 304 -
201.245.192.253 - - [02/Oct/2023:08:40:10 -0500] "GET /sipse/faces/javax.faces.resource/jquery/jquery.js;jsessionid=8N3M0W4TB8RLcIwuiSY0biSw.undefined?ln=primefaces&v=4.0 HTTP/1.1" 200 105384
201.245.192.253 - - [02/Oct/2023:08:40:10 -0500] "GET /sipse/faces/javax.faces.resource/primefaces.css;jsessionid=8N3M0W4TB8RLcIwuiSY0biSw.undefined?ln=primefaces&v=4.0 HTTP/1.1" 200 53295
201.245.192.253 - - [02/Oct/2023:08:40:10 -0500] "GET /sipse/faces/javax.faces.resource/layout/layout.js;jsessionid=8N3M0W4TB8RLcIwuiSY0biSw.undefined?ln=primefaces&v=4.0 HTTP/1.1" 200 87560
201.245.192.253 - - [02/Oct/2023:08:40:10 -0500] "GET /sipse/faces/javax.faces.resource/jquery/jquery-plugins.js;jsessionid=8N3M0W4TB8RLcIwuiSY0biSw.undefined?ln=primefaces&v=4.0 HTTP/1.1" 200 220526
201.245.192.253 - - [02/Oct/2023:08:40:10 -0500] "GET /sipse/faces/javax.faces.resource/primefaces.js;jsessionid=8N3M0W4TB8RLcIwuiSY0biSw.undefined?ln=primefaces&v=4.0 HTTP/1.1" 200 276924
201.245.192.253 - - [02/Oct/2023:08:40:10 -0500] "GET /sipse/faces/javax.faces.resource/images/ui-icons_898989_256x240.png?ln=primefaces-aristo HTTP/1.1" 200 5355
201.245.192.253 - - [02/Oct/2023:08:40:10 -0500] "GET /sipse/css/imagen/loginimg.png HTTP/1.1" 200 71635
201.245.192.253 - - [02/Oct/2023:08:40:10 -0500] "GET /sipse/css/imagen/logoSDG.png HTTP/1.1" 200 53064
201.245.192.253 - - [02/Oct/2023:08:40:10 -0500] "GET /favicon.ico HTTP/1.1" 200 7782
201.245.192.253 - - [02/Oct/2023:08:40:10 -0500] "GET /sipse/faces/faces/faces/index.xhtml HTTP/1.1" 200 677
201.245.192.253 - - [02/Oct/2023:08:40:10 -0500] "GET /sipse/faces/javax.faces.resource/theme.css?ln=primefaces-sipse HTTP/1.1" 304 -
201.245.192.253 - - [02/Oct/2023:08:40:10 -0500] "GET /sipse/faces/faces/faces/faces/autenticacion.xhtml HTTP/1.1" 200 12410
201.245.192.253 - - [02/Oct/2023:08:40:11 -0500] "GET /sipse/faces/javax.faces.resource/theme.css?ln=primefaces-sipse HTTP/1.1" 304 -
201.245.192.253 - - [02/Oct/2023:08:40:11 -0500] "GET /sipse/faces/javax.faces.resource/layout/layout.css?ln=primefaces&v=4.0 HTTP/1.1" 200 542
201.245.192.253 - - [02/Oct/2023:08:40:11 -0500] "GET /sipse/faces/javax.faces.resource/primefaces.js?ln=primefaces&v=4.0 HTTP/1.1" 304 -
201.245.192.253 - - [02/Oct/2023:08:40:11 -0500] "GET /sipse/faces/javax.faces.resource/layout/layout.js?ln=primefaces&v=4.0 HTTP/1.1" 304 -
201.245.192.253 - - [02/Oct/2023:08:40:11 -0500] "GET /sipse/faces/javax.faces.resource/jquery/jquery-plugins.js?ln=primefaces&v=4.0 HTTP/1.1" 304 -
201.245.192.253 - - [02/Oct/2023:08:40:11 -0500] "GET /sipse/faces/javax.faces.resource/jquery/jquery.js?ln=primefaces&v=4.0 HTTP/1.1" 304 -
201.245.192.253 - - [02/Oct/2023:08:40:11 -0500] "GET /sipse/faces/javax.faces.resource/primefaces.css?ln=primefaces&v=4.0 HTTP/1.1" 200 53295
201.245.192.253 - - [02/Oct/2023:08:40:11 -0500] "GET /sipse/faces/javax.faces.resource/images/ui-icons_898989_256x240.png?ln=primefaces-aristo HTTP/1.1" 304 -
201.245.192.253 - - [02/Oct/2023:08:40:26 -0500] "POST /sipse/faces/autenticacion.xhtml HTTP/1.1" 200 2220
201.245.192.253 - - [02/Oct/2023:08:40:26 -0500] "GET /sipse/faces/javax.faces.resource/messages/messages.png?ln=primefaces&v=4.0 HTTP/1.1" 200 27209
201.245.192.253 - - [02/Oct/2023:08:40:30 -0500] "POST /forms/lservlet;jsessionid=ac16012b30d61fe4a9ea69424edbac22cd7fb0786fdc.e3iSbxaKaheRe34Pbx8Nc3aQci1ynknvrkLOlQzNp65In0 HTTP/1.1" 200 2
216.244.66.195 - - [02/Oct/2023:08:40:34 -0500] "GET /BLA/resoluciones/RESOLUCIONES%202022/5305.pdf HTTP/1.1" 200 3331411
201.245.192.253 - - [02/Oct/2023:08:40:35 -0500] "POST /sipse/faces/autenticacion.xhtml HTTP/1.1" 200 2224
201.245.192.253 - - [02/Oct/2023:08:40:43 -0500] "POST /sipse/faces/autenticacion.xhtml HTTP/1.1" 200 2224
201.245.192.253 - - [02/Oct/2023:08:40:50 -0500] "POST /forms/lservlet;jsessionid=ac16012b30d60e16e1a14abf488a9519f3793ec437f9.e3iSbxaKaheRe34Pbx8Nc3aQci1ynknvrkLOlQzNp65In0 HTTP/1.1" 200 2
