172.22.2.4 - - [04/Oct/2023:10:29:32 -0500] "GET /BLA/boletinlegal/img/button-left.png HTTP/1.1" 200 57071
172.22.2.4 - - [04/Oct/2023:10:29:32 -0500] "GET /BLA/boletinlegal/img/select-right.png HTTP/1.1" 200 44019
172.22.2.4 - - [04/Oct/2023:10:29:32 -0500] "GET /BLA/boletinlegal/img/select-left.png HTTP/1.1" 200 263
172.22.2.4 - - [04/Oct/2023:10:29:32 -0500] "GET /BLA/boletinlegal/img/0.png HTTP/1.1" 200 110
172.22.2.4 - - [04/Oct/2023:10:29:32 -0500] "GET /BLA/boletinlegal/img/button-right.png HTTP/1.1" 200 57878
172.22.2.4 - - [04/Oct/2023:10:29:32 -0500] "GET /BLA/boletinlegal/favicon.ico HTTP/1.1" 404 1326
172.22.2.4 - - [04/Oct/2023:10:28:09 -0500] "HEAD /BLA/boletinlegal/ HTTP/1.1" 200 -
201.245.192.253 - - [04/Oct/2023:10:29:54 -0500] "POST /forms/lservlet;jsessionid=ac16012b30d6b37dfcabd26d4ba9ab38dfbe5876d58a.e3iSbxaKaheRe34Pbx8Nc3aQci1ynknvrkLOlQzNp65In0 HTTP/1.1" 200 2
201.245.192.253 - - [04/Oct/2023:10:30:07 -0500] "POST /kwsrmcab/Wsrmcab  HTTP/1.1" 200 42851
172.22.2.4 - - [04/Oct/2023:10:30:20 -0500] "GET /BLA/boletinlegal/consulta_actos.php?tipo=resoluciones&no=3654&usuario=&sector=&fecha=2014&resuelve= HTTP/1.1" 200 1140
172.22.2.4 - - [04/Oct/2023:10:30:20 -0500] "GET /BLA/boletinlegal/images/pdf.gif HTTP/1.1" 200 567
172.22.2.4 - - [04/Oct/2023:10:29:26 -0500] "GET /BLA/boletinlegal/ HTTP/1.1" 200 24523
172.22.2.4 - - [04/Oct/2023:10:30:37 -0500] "GET /BLA/boletinlegal/consulta_actos.php?tipo=resoluciones&no=3654&usuario=&sector=&fecha=2014&resuelve= HTTP/1.1" 200 1140
172.22.2.4 - - [04/Oct/2023:10:28:59 -0500] "GET /BLA/boletinlegal/ HTTP/1.1" 200 43133
172.22.2.4 - - [04/Oct/2023:10:30:42 -0500] "GET /BLA/boletinlegal/consulta_actos.php?tipo=resoluciones&no=3654&usuario=&sector=&fecha=2014&resuelve= HTTP/1.1" 200 1140
181.56.250.213 - - [04/Oct/2023:10:30:48 -0500] "GET /BLA/resoluciones/RESOLUCIONES%202014/3654.pdf HTTP/1.1" 200 558233
181.56.250.213 - - [04/Oct/2023:10:30:48 -0500] "GET /favicon.ico HTTP/1.1" 200 7782
201.245.192.253 - - [04/Oct/2023:10:31:03 -0500] "POST /forms/lservlet;jsessionid=ac16012b30d647b157bff0c740abb774b6aa61d30e8f.e3iSbxaKaheRe34Pbx8Nc3aQci1ynknvrkLOlQzNp65In0 HTTP/1.1" 200 2
201.245.192.253 - - [04/Oct/2023:10:31:37 -0500] "POST /sipse/faces/presentacion/financiero/solicitudProceso/consultarSolicitudProceso.xhtml HTTP/1.1" 200 33518
201.245.192.253 - - [04/Oct/2023:10:31:40 -0500] "GET /sipse/faces/javax.faces.resource/theme.css?ln=primefaces-sipse HTTP/1.1" 304 -
201.245.192.253 - - [04/Oct/2023:10:31:40 -0500] "GET /sipse/faces/javax.faces.resource/primefaces.css?ln=primefaces&v=4.0 HTTP/1.1" 304 -
201.245.192.253 - - [04/Oct/2023:10:31:40 -0500] "GET /sipse/faces/javax.faces.resource/jquery/jquery.js?ln=primefaces&v=4.0 HTTP/1.1" 304 -
201.245.192.253 - - [04/Oct/2023:10:31:40 -0500] "GET /sipse/faces/javax.faces.resource/jquery/jquery-plugins.js?ln=primefaces&v=4.0 HTTP/1.1" 304 -
201.245.192.253 - - [04/Oct/2023:10:31:40 -0500] "GET /sipse/faces/javax.faces.resource/primefaces.js?ln=primefaces&v=4.0 HTTP/1.1" 304 -
201.245.192.253 - - [04/Oct/2023:10:31:40 -0500] "GET /sipse/faces/javax.faces.resource/layout/layout.js?ln=primefaces&v=4.0 HTTP/1.1" 304 -
201.245.192.253 - - [04/Oct/2023:10:31:41 -0500] "GET /sipse/faces/javax.faces.resource/layout/layout.css?ln=primefaces&v=4.0 HTTP/1.1" 304 -
201.245.192.253 - - [04/Oct/2023:10:31:41 -0500] "POST /sipse/faces/presentacion/financiero/solicitudProceso/listarSolicitudProceso.xhtml HTTP/1.1" 200 1368
201.245.192.253 - - [04/Oct/2023:10:31:54 -0500] "POST /forms/lservlet;jsessionid=ac16012b30d6b37dfcabd26d4ba9ab38dfbe5876d58a.e3iSbxaKaheRe34Pbx8Nc3aQci1ynknvrkLOlQzNp65In0 HTTP/1.1" 200 2
186.102.50.175 - - [04/Oct/2023:10:31:59 -0500] "GET /kwssiamovil/sm/ldap/au?x=U2FsdGVkX19jZN7TCuIR+NmyOG4AO5oAUpvs0wASkzM6FZnESr2Byh/xrPQZorbb&y=U2FsdGVkX18QVOu88htAPquwoV4AjACBWFwHsKZUwBD6c1O+5N494DzQNE8PhN91 HTTP/1.1" 200 30
186.102.50.175 - - [04/Oct/2023:10:31:59 -0500] "GET /kwssiamovil/sm/acme/s?s=U2FsdGVkX1/fdkx01z3oNiJWJTwD3jikYfYCc2Id5qGixaOaVhpErpRVYdVYIKQRxn1KH1dIWmt2GbAuSZUBZbic8O6M669k6QGNCsRoQG0=&u=U2FsdGVkX1/3ecC+p5m/zQbLoaD2Cky/HmbZdGgo8SY=&y=U2FsdGVkX18QVOu88htAPquwoV4AjACBWFwHsKZUwBD6c1O+5N494DzQNE8PhN91 HTTP/1.1" 200 97
186.102.50.175 - - [04/Oct/2023:10:32:00 -0500] "GET /kwssiamovil/sm/acme/s?s=U2FsdGVkX1/4qTPVuk3FIGKh0xZsLbzBKdZysAY6WDbB5OL719fJAJkM4LgDet15dkdf4wjoHNx0ZVFlu7MsTQqjkyxfEP28AGjh8dMELVEStcL45WIlUt9guffPphQWy0fP7ZDqWQOYtPtp5VnIxyFZhnlwqkdMYko2yFiKInu7te7I00bwSch6q9DKWnegiVwbT5/HbOXcH30yzExH5FGtJblIpPADRdzpGRyfW4F/vNOawYdQhCQdgIbaqvm2d4Iq+aaJbEeMnXf6eAhVAdFP26vjmHPTBQE0yDTM/PeK7rfIN9hIHVzQ4ysSWn68q5i1OaQQfLwJ2XFOMM2/d4g6ITZ35kibDdslu1Xt//bKiu5XPRa8vkGxYd/CPQaodltUVbQG6Da2HIJCdWDXeEeetxgKW1ahH4XxXkxKWvhtVq+IcGFdQFTQS80nbB40ADsDdmS5mUzmDl8H/yM4gJEp1ZMaD3iSmE5ahfOS2DRyfApwR7JS2++7HUp8ptvS9XIs9nXA3+CM7miXku8W4azyyRabAowGGudD8NMkH1wYjbQeDdpJaTMdGnouFZP7UGA14BDFnQLEOSd160AQ7Q47jt8E1bqCtW5XncYYlc+zN02oQ/ybxvKjsRpkP2oVR0lKhtI3CKconVbu/USuRATHWDzVDqADWx+dwtRyF+peju/QISqJ2IOeNaFX61KaEKRfbxXZkK8xl0yctSLQnqOM7nMoPcFA8BqvGCQerwn7egJsV15kCBlrQBjol14oNtSMVm5eI3WsInvGqHpe77FQ6PZaEj2bzrHeiGhl2PXJ6n3QzDBY68Jak6q++AkQXZHWWSKhbSfY8bod6q+SGdl77ZxzXi5nh/uQ5H2tXt5nQ1sA4123s25bQVTPmUgcXswlaybSNyzgCqERP8Jg84C+3Srl3GGY4RnW/eA/LYvSoXfxuwZrEwo2qx/2iGixL2ghuXHCVDn12LuYINSaPlR3sEs/pBp3T0MVZhKVxyHAvUK+8o7f9hSvu1EfiA/nZG0KGL5tP73rwsbzCgiGOImM7s46pDMtj4e0/7MyACSFuku8kxk16pigwrYw04HGa+2hfkMAOdtemV4N+qe+k7LFVRcs/KagYDwa4FEpCzvYamC3rWmi6iie1jvF1kgfc9+7uAG6+RvemzQ+B49B7eTzCjVLIv6iNFxEWtzlRG0loL/muYvQ+Z5/NZxITiXFLULDrGCF/epwF1li2xVtL5Nih9moIqFWIXBn0VKdJcvu098iqXFDZBzhBYcHtu0IR8HTlRndhKKqhQKgugmjTUMK1W64YgB8pLXh8VAFYWyIH+gBtuE/bZYXEdTw3+0Wfg5MHtgUh8CZe0CvzMKrFfgNq/VhVfHWZbxCQU4EAbtjYZ9dfxbHiAJ39djf1yHRAT62il5OIJ4P8ZSq+uory1rAQcULALjSlWY94pjKmkY=&u=U2FsdGVkX1/3ecC+p5m/zQbLoaD2Cky/HmbZdGgo8SY=&y=U2FsdGVkX18QVOu88htAPquwoV4AjACBWFwHsKZUwBD6c1O+5N494DzQNE8PhN91 HTTP/1.1" 200 384
186.102.50.175 - - [04/Oct/2023:10:32:00 -0500] "GET /kwssiamovil/sm/acme/s?s=U2FsdGVkX1/n402v4hW/XApt3+nWo2KFpM+Aw+l4GoSBJOQ2Ov0todGIIxqCnW2i3O4BGxOpuVn0fa0MDjKePLqnJYohnw9w0hMyJPSWw52uOb5rPSACFopFSvoC7WB3JlcY/OfnSowgXnbdTXCeEX/glLzkCAGU+QIf72x7kUz3nLFBYhQbfOUC/wmATWfINifoVXIrJpJk5Ysn9MQ/wUzED5OjWXOJx5ToWwYZKWe5zQJ9pjYxjRkWge60MNSpuBgRIXkQ7TdlpyDjxdQaZY64eoAkxM2pbkvwtwKJIv0HkEZzSzSet8pAxdbQXrzYvQfk6dchfvtt0eWpSPy8ew==&u=U2FsdGVkX1/3ecC+p5m/zQbLoaD2Cky/HmbZdGgo8SY=&y=U2FsdGVkX18QVOu88htAPquwoV4AjACBWFwHsKZUwBD6c1O+5N494DzQNE8PhN91 HTTP/1.1" 200 196
186.102.50.175 - - [04/Oct/2023:10:32:00 -0500] "GET /kwssiamovil/sm/cjson/pre?f=1&x=U2FsdGVkX19jZN7TCuIR+NmyOG4AO5oAUpvs0wASkzM6FZnESr2Byh/xrPQZorbb HTTP/1.1" 200 31032
190.216.141.138 - - [04/Oct/2023:10:32:13 -0500] "GET /nata-de-contaminacion-fenomeno-de-inversion-termica-que-se-presenta-en-bogota.html HTTP/1.1" 200 751
216.245.221.92 - - [04/Oct/2023:10:32:16 -0500] "HEAD / HTTP/1.1" 200 -
172.22.2.4 - - [04/Oct/2023:10:32:57 -0500] "GET /BLA/boletinlegal/actos.php HTTP/1.1" 200 9682
172.22.2.4 - - [04/Oct/2023:10:32:57 -0500] "GET /BLA/boletinlegal/styles2.css HTTP/1.1" 200 1838
172.22.2.4 - - [04/Oct/2023:10:32:57 -0500] "GET /BLA/boletinlegal/js/ajax_actos.js HTTP/1.1" 200 1322
172.22.2.4 - - [04/Oct/2023:10:32:57 -0500] "GET /BLA/boletinlegal/niceforms-default.css HTTP/1.1" 200 6694
172.22.2.4 - - [04/Oct/2023:10:32:57 -0500] "GET /BLA/boletinlegal/style.css HTTP/1.1" 200 9406
172.22.2.4 - - [04/Oct/2023:10:32:57 -0500] "GET /BLA/boletinlegal/niceforms.js HTTP/1.1" 200 22876
172.22.2.4 - - [04/Oct/2023:10:32:57 -0500] "GET /BLA/boletinlegal/js/lib.js HTTP/1.1" 200 6474
172.22.2.4 - - [04/Oct/2023:10:32:57 -0500] "GET /BLA/boletinlegal/js/popup.js HTTP/1.1" 200 1270
172.22.2.4 - - [04/Oct/2023:10:32:57 -0500] "GET /BLA/boletinlegal/js/jquery1.js HTTP/1.1" 200 29846
172.22.2.4 - - [04/Oct/2023:10:32:57 -0500] "GET /BLA/boletinlegal/images/cabezote%20BLEGAL.jpg HTTP/1.1" 200 118164
172.22.2.4 - - [04/Oct/2023:10:32:58 -0500] "GET /BLA/boletinlegal/images/historia.png HTTP/1.1" 200 52775
172.22.2.4 - - [04/Oct/2023:10:32:58 -0500] "GET /BLA/boletinlegal/images/subscribe-icon-big.png HTTP/1.1" 200 47702
172.22.2.4 - - [04/Oct/2023:10:32:58 -0500] "GET /BLA/boletinlegal/images/registro-usuarios.png HTTP/1.1" 200 8106
172.22.2.4 - - [04/Oct/2023:10:32:58 -0500] "GET /BLA/boletinlegal/images/green-yellow-blue-pink-th.png HTTP/1.1" 200 7394
172.22.2.4 - - [04/Oct/2023:10:32:58 -0500] "GET /BLA/boletinlegal/images/tel.png HTTP/1.1" 200 14477
172.22.2.4 - - [04/Oct/2023:10:32:58 -0500] "GET /BLA/boletinlegal/images/icono-email.png HTTP/1.1" 200 5544
172.22.2.4 - - [04/Oct/2023:10:32:58 -0500] "GET /BLA/boletinlegal/images/body_bg.jpg HTTP/1.1" 200 1601
172.22.2.4 - - [04/Oct/2023:10:32:58 -0500] "GET /BLA/boletinlegal/images/menu_lft.gif HTTP/1.1" 200 1713
172.22.2.4 - - [04/Oct/2023:10:32:58 -0500] "GET /BLA/boletinlegal/images/menu_rght.gif HTTP/1.1" 200 1627
172.22.2.4 - - [04/Oct/2023:10:32:58 -0500] "GET /BLA/boletinlegal/images/bg_top.jpg HTTP/1.1" 200 522
172.22.2.4 - - [04/Oct/2023:10:32:58 -0500] "GET /BLA/boletinlegal/images/hover.jpg HTTP/1.1" 200 640
172.22.2.4 - - [04/Oct/2023:10:32:58 -0500] "GET /BLA/boletinlegal/images/menu_bg.jpg HTTP/1.1" 200 620
172.22.2.4 - - [04/Oct/2023:10:32:58 -0500] "GET /BLA/boletinlegal/images/text.jpg HTTP/1.1" 200 568
172.22.2.4 - - [04/Oct/2023:10:32:58 -0500] "GET /BLA/boletinlegal/images/footer_bg.jpg HTTP/1.1" 200 586
172.22.2.4 - - [04/Oct/2023:10:32:58 -0500] "GET /BLA/boletinlegal/images/footer_bg_l.jpg HTTP/1.1" 200 776
172.22.2.4 - - [04/Oct/2023:10:32:58 -0500] "GET /BLA/boletinlegal/img/0.png HTTP/1.1" 200 110
172.22.2.4 - - [04/Oct/2023:10:32:58 -0500] "GET /BLA/boletinlegal/img/select-left.png HTTP/1.1" 200 263
172.22.2.4 - - [04/Oct/2023:10:32:58 -0500] "GET /BLA/boletinlegal/img/select-right.png HTTP/1.1" 200 44019
172.22.2.4 - - [04/Oct/2023:10:32:58 -0500] "GET /BLA/boletinlegal/img/button.png HTTP/1.1" 200 43241
172.22.2.4 - - [04/Oct/2023:10:32:58 -0500] "GET /BLA/boletinlegal/img/button-left.png HTTP/1.1" 200 57071
172.22.2.4 - - [04/Oct/2023:10:32:58 -0500] "GET /BLA/boletinlegal/img/button-right.png HTTP/1.1" 200 57878
172.22.2.4 - - [04/Oct/2023:10:32:58 -0500] "GET /BLA/boletinlegal/favicon.ico HTTP/1.1" 404 1326
201.245.192.253 - - [04/Oct/2023:10:33:03 -0500] "POST /forms/lservlet;jsessionid=ac16012b30d647b157bff0c740abb774b6aa61d30e8f.e3iSbxaKaheRe34Pbx8Nc3aQci1ynknvrkLOlQzNp65In0 HTTP/1.1" 200 2
216.244.66.195 - - [04/Oct/2023:10:33:06 -0500] "GET /BLA/resoluciones/AUTOS%202012/2068.pdf HTTP/1.1" 200 304801
199.16.157.181 - - [04/Oct/2023:10:33:08 -0500] "GET /images/pl%C3%A1sticos%20foto%201..jpg HTTP/1.1" 404 1034
181.189.25.57 - - [04/Oct/2023:10:33:10 -0500] "GET /sipse/faces/index.xhtml HTTP/1.1" 200 677
181.189.25.57 - - [04/Oct/2023:10:33:10 -0500] "GET /sipse/faces/javax.faces.resource/theme.css?ln=primefaces-sipse HTTP/1.1" 304 -
181.189.25.57 - - [04/Oct/2023:10:33:10 -0500] "GET /sipse/faces/faces/autenticacion.xhtml HTTP/1.1" 200 12415
181.189.25.57 - - [04/Oct/2023:10:33:10 -0500] "GET /sipse/faces/javax.faces.resource/theme.css?ln=primefaces-sipse HTTP/1.1" 304 -
181.189.25.57 - - [04/Oct/2023:10:33:10 -0500] "GET /sipse/faces/javax.faces.resource/primefaces.css?ln=primefaces&v=4.0 HTTP/1.1" 304 -
181.189.25.57 - - [04/Oct/2023:10:33:10 -0500] "GET /sipse/faces/javax.faces.resource/jquery/jquery.js?ln=primefaces&v=4.0 HTTP/1.1" 304 -
181.189.25.57 - - [04/Oct/2023:10:33:10 -0500] "GET /sipse/faces/javax.faces.resource/layout/layout.css?ln=primefaces&v=4.0 HTTP/1.1" 304 -
181.189.25.57 - - [04/Oct/2023:10:33:10 -0500] "GET /sipse/faces/javax.faces.resource/primefaces.js?ln=primefaces&v=4.0 HTTP/1.1" 304 -
181.189.25.57 - - [04/Oct/2023:10:33:10 -0500] "GET /sipse/faces/javax.faces.resource/jquery/jquery-plugins.js?ln=primefaces&v=4.0 HTTP/1.1" 304 -
181.189.25.57 - - [04/Oct/2023:10:33:10 -0500] "GET /sipse/faces/javax.faces.resource/layout/layout.js?ln=primefaces&v=4.0 HTTP/1.1" 304 -
181.189.25.57 - - [04/Oct/2023:10:33:10 -0500] "GET /sipse/faces/javax.faces.resource/images/ui-icons_898989_256x240.png?ln=primefaces-aristo HTTP/1.1" 304 -
192.133.77.14 - - [04/Oct/2023:10:33:11 -0500] "GET /robots.txt HTTP/1.1" 404 1034
192.133.77.14 - - [04/Oct/2023:10:33:11 -0500] "GET /images/pl%C3%A1sticos%20foto%201..jpg HTTP/1.1" 404 1034
181.189.25.57 - - [04/Oct/2023:10:33:12 -0500] "POST /sipse/faces/autenticacion.xhtml HTTP/1.1" 200 2219
181.189.25.57 - - [04/Oct/2023:10:33:12 -0500] "GET /sipse/faces/javax.faces.resource/messages/messages.png?ln=primefaces&v=4.0 HTTP/1.1" 304 -
181.189.25.57 - - [04/Oct/2023:10:33:13 -0500] "POST /sipse/faces/autenticacion.xhtml HTTP/1.1" 200 16397
181.189.25.57 - - [04/Oct/2023:10:33:13 -0500] "GET /sipse/faces/javax.faces.resource/theme.css?ln=primefaces-sipse HTTP/1.1" 304 -
181.189.25.57 - - [04/Oct/2023:10:33:13 -0500] "GET /sipse/faces/javax.faces.resource/primefaces.css?ln=primefaces&v=4.0 HTTP/1.1" 304 -
181.189.25.57 - - [04/Oct/2023:10:33:13 -0500] "GET /sipse/faces/javax.faces.resource/layout/layout.css?ln=primefaces&v=4.0 HTTP/1.1" 304 -
181.189.25.57 - - [04/Oct/2023:10:33:13 -0500] "GET /sipse/faces/javax.faces.resource/jquery/jquery.js?ln=primefaces&v=4.0 HTTP/1.1" 304 -
181.189.25.57 - - [04/Oct/2023:10:33:13 -0500] "GET /sipse/faces/javax.faces.resource/jquery/jquery-plugins.js?ln=primefaces&v=4.0 HTTP/1.1" 304 -
181.189.25.57 - - [04/Oct/2023:10:33:13 -0500] "GET /sipse/faces/javax.faces.resource/primefaces.js?ln=primefaces&v=4.0 HTTP/1.1" 304 -
181.189.25.57 - - [04/Oct/2023:10:33:13 -0500] "GET /sipse/faces/javax.faces.resource/layout/layout.js?ln=primefaces&v=4.0 HTTP/1.1" 304 -
181.189.25.57 - - [04/Oct/2023:10:33:14 -0500] "GET /sipse/css/imagen/contrasena.png HTTP/1.1" 404 383
181.189.25.57 - - [04/Oct/2023:10:33:15 -0500] "GET /sipse/faces/javax.faces.resource/images/ui-bg_flat_0_2d5972_40x100.png?ln=primefaces-aristo HTTP/1.1" 304 -
181.189.25.57 - - [04/Oct/2023:10:33:15 -0500] "POST /sipse/faces/bienvenido.xhtml HTTP/1.1" 200 2073
181.189.25.57 - - [04/Oct/2023:10:33:16 -0500] "POST /sipse/faces/bienvenido.xhtml HTTP/1.1" 200 39040
181.189.25.57 - - [04/Oct/2023:10:33:16 -0500] "GET /sipse/faces/javax.faces.resource/primefaces.css?ln=primefaces&v=4.0 HTTP/1.1" 304 -
181.189.25.57 - - [04/Oct/2023:10:33:16 -0500] "GET /sipse/faces/javax.faces.resource/layout/layout.css?ln=primefaces&v=4.0 HTTP/1.1" 304 -
181.189.25.57 - - [04/Oct/2023:10:33:16 -0500] "GET /sipse/faces/javax.faces.resource/theme.css?ln=primefaces-sipse HTTP/1.1" 304 -
181.189.25.57 - - [04/Oct/2023:10:33:16 -0500] "GET /sipse/faces/javax.faces.resource/jquery/jquery.js?ln=primefaces&v=4.0 HTTP/1.1" 304 -
181.189.25.57 - - [04/Oct/2023:10:33:16 -0500] "GET /sipse/faces/javax.faces.resource/jquery/jquery-plugins.js?ln=primefaces&v=4.0 HTTP/1.1" 304 -
181.189.25.57 - - [04/Oct/2023:10:33:16 -0500] "GET /sipse/faces/javax.faces.resource/primefaces.js?ln=primefaces&v=4.0 HTTP/1.1" 304 -
181.189.25.57 - - [04/Oct/2023:10:33:16 -0500] "GET /sipse/faces/javax.faces.resource/layout/layout.js?ln=primefaces&v=4.0 HTTP/1.1" 304 -
181.189.25.57 - - [04/Oct/2023:10:33:20 -0500] "POST /sipse/faces/presentacion/financiero/solicitudProceso/consultar.xhtml HTTP/1.1" 200 12852
172.22.2.4 - - [04/Oct/2023:10:33:24 -0500] "GET /BLA/boletinlegal/consulta_actos.php?tipo=autos&no=&usuario=&sector=INFRAESTRUCTURA&fecha=2023&resuelve=sancionatorio HTTP/1.1" 200 626
181.189.25.57 - - [04/Oct/2023:10:33:28 -0500] "POST /sipse/faces/presentacion/financiero/solicitudProceso/consultar.xhtml HTTP/1.1" 200 118550
181.189.25.57 - - [04/Oct/2023:10:33:29 -0500] "GET /sipse/faces/javax.faces.resource/theme.css?ln=primefaces-sipse HTTP/1.1" 304 -
181.189.25.57 - - [04/Oct/2023:10:33:29 -0500] "GET /sipse/faces/javax.faces.resource/primefaces.css?ln=primefaces&v=4.0 HTTP/1.1" 304 -
181.189.25.57 - - [04/Oct/2023:10:33:29 -0500] "GET /sipse/faces/javax.faces.resource/layout/layout.css?ln=primefaces&v=4.0 HTTP/1.1" 304 -
181.189.25.57 - - [04/Oct/2023:10:33:29 -0500] "GET /sipse/faces/javax.faces.resource/jquery/jquery.js?ln=primefaces&v=4.0 HTTP/1.1" 304 -
181.189.25.57 - - [04/Oct/2023:10:33:29 -0500] "GET /sipse/faces/javax.faces.resource/jquery/jquery-plugins.js?ln=primefaces&v=4.0 HTTP/1.1" 304 -
181.189.25.57 - - [04/Oct/2023:10:33:29 -0500] "GET /sipse/faces/javax.faces.resource/primefaces.js?ln=primefaces&v=4.0 HTTP/1.1" 304 -
181.189.25.57 - - [04/Oct/2023:10:33:29 -0500] "GET /sipse/faces/javax.faces.resource/layout/layout.js?ln=primefaces&v=4.0 HTTP/1.1" 304 -
181.189.25.57 - - [04/Oct/2023:10:33:29 -0500] "GET /sipse/faces/javax.faces.resource/dynamiccontent.properties?ln=primefaces&pfdrid=XjOR5%2F%2FfPAZAuY9TpWQeCiM0BhlXxYRBGKi%2FQcXXfeA%3D&pfdrid_c=false HTTP/1.1" 500 383
186.28.67.204 - - [04/Oct/2023:10:33:31 -0500] "GET /BLA/resoluciones/ HTTP/1.1" 200 13696
186.28.67.204 - - [04/Oct/2023:10:33:31 -0500] "GET /BLA/resoluciones/dlf/styles.css HTTP/1.1" 200 3049
186.28.67.204 - - [04/Oct/2023:10:33:31 -0500] "GET /BLA/resoluciones/dlf/folder.png HTTP/1.1" 200 410
186.28.67.204 - - [04/Oct/2023:10:33:31 -0500] "GET /BLA/resoluciones/dlf/bg.gif HTTP/1.1" 200 54
186.28.67.204 - - [04/Oct/2023:10:33:31 -0500] "GET /favicon.ico HTTP/1.1" 200 7782
66.249.66.19 - - [04/Oct/2023:10:33:32 -0500] "GET /BLA/resoluciones/RESOLUCIONES%202012/0658.pdf HTTP/1.1" 200 283698
181.189.25.57 - - [04/Oct/2023:10:33:35 -0500] "POST /sipse/faces/presentacion/financiero/solicitudProceso/consultarSolicitudProceso.xhtml HTTP/1.1" 200 524062
172.22.2.4 - - [04/Oct/2023:10:33:49 -0500] "GET /BLA/boletinlegal/normativa.php HTTP/1.1" 200 8343
172.22.2.4 - - [04/Oct/2023:10:33:49 -0500] "GET /BLA/boletinlegal/js/ajax_normativa.js HTTP/1.1" 200 1154
216.244.66.195 - - [04/Oct/2023:10:33:50 -0500] "GET /BLA/resoluciones/AUTOS%202012/2530.pdf HTTP/1.1" 200 2095463
172.22.2.4 - - [04/Oct/2023:10:33:50 -0500] "GET /BLA/boletinlegal/actos.php HTTP/1.1" 200 9682
172.22.2.4 - - [04/Oct/2023:10:33:51 -0500] "GET /BLA/boletinlegal/actos.php HTTP/1.1" 200 9682
172.22.2.4 - - [04/Oct/2023:10:33:51 -0500] "GET /BLA/boletinlegal/favicon.ico HTTP/1.1" 404 1326
172.22.2.4 - - [04/Oct/2023:10:33:53 -0500] "GET /BLA/boletinlegal/jurisprudencia.php HTTP/1.1" 200 17583
172.22.2.4 - - [04/Oct/2023:10:33:53 -0500] "GET /BLA/boletinlegal/images/sub_ul_li.gif HTTP/1.1" 200 343
172.22.2.4 - - [04/Oct/2023:10:33:53 -0500] "GET /BLA/boletinlegal/images/jurisprudencia.png HTTP/1.1" 200 66721
201.245.192.253 - - [04/Oct/2023:10:33:54 -0500] "POST /forms/lservlet;jsessionid=ac16012b30d6b37dfcabd26d4ba9ab38dfbe5876d58a.e3iSbxaKaheRe34Pbx8Nc3aQci1ynknvrkLOlQzNp65In0 HTTP/1.1" 200 2
201.245.192.253 - - [04/Oct/2023:10:33:56 -0500] "POST /sipse/faces/presentacion/financiero/solicitudProceso/consultarSolicitudProceso.xhtml HTTP/1.1" 200 409161
201.245.192.253 - - [04/Oct/2023:10:33:57 -0500] "POST /sipse/faces/presentacion/financiero/solicitudProceso/consultarSolicitudProceso.xhtml HTTP/1.1" 200 409161
172.22.2.4 - - [04/Oct/2023:10:33:59 -0500] "GET /BLA/boletinlegal/conceptos.php HTTP/1.1" 200 7496
172.22.2.4 - - [04/Oct/2023:10:33:59 -0500] "GET /BLA/boletinlegal/js/ajax_conceptos.js HTTP/1.1" 200 1326
172.22.2.4 - - [04/Oct/2023:10:34:00 -0500] "GET /BLA/boletinlegal/consulta_actos.php?tipo=autos&no=7613&usuario=&sector=&fecha=2022&resuelve= HTTP/1.1" 200 1068
172.22.2.4 - - [04/Oct/2023:10:34:05 -0500] "GET /BLA/boletinlegal/doctrina.php HTTP/1.1" 200 5614
172.22.2.4 - - [04/Oct/2023:10:34:05 -0500] "GET /BLA/boletinlegal/js/ajax_doctrina.js HTTP/1.1" 200 772
172.22.2.4 - - [04/Oct/2023:10:34:08 -0500] "GET /BLA/boletinlegal/normativa.php HTTP/1.1" 200 8343
172.22.2.4 - - [04/Oct/2023:10:34:08 -0500] "GET /BLA/boletinlegal/actos.php HTTP/1.1" 200 9682
186.102.97.66 - - [04/Oct/2023:10:34:12 -0500] "GET /BLA/resoluciones/index.php?dir=AUTOS+2010%2F HTTP/1.1" 200 280373
172.22.2.4 - - [04/Oct/2023:10:34:21 -0500] "GET /BLA/boletinlegal/consulta_actos.php?tipo=resoluciones&no=&usuario=&sector=INFRAESTRUCTURA&fecha=2023&resuelve= HTTP/1.1" 200 18239
172.22.2.4 - - [04/Oct/2023:10:34:21 -0500] "GET /BLA/boletinlegal/images/background.gif HTTP/1.1" 200 -
172.22.2.4 - - [04/Oct/2023:10:34:21 -0500] "GET /BLA/boletinlegal/images/pdf.gif HTTP/1.1" 200 567
216.244.66.195 - - [04/Oct/2023:10:34:40 -0500] "GET /BLA/resoluciones/AUTOS%202012/2627.pdf HTTP/1.1" 200 851840
172.22.2.4 - - [04/Oct/2023:10:34:43 -0500] "GET /BLA/boletinlegal/consulta_actos.php?tipo=autos&no=&usuario=&sector=INFRAESTRUCTURA&fecha=2023&resuelve= HTTP/1.1" 200 9808
172.22.2.4 - - [04/Oct/2023:10:34:57 -0500] "GET /BLA/boletinlegal/consulta_actos.php?tipo=autos&no=&usuario=&sector=INFRAESTRUCTURA&fecha=2023&resuelve=corcega HTTP/1.1" 200 626
172.22.2.4 - - [04/Oct/2023:10:34:59 -0500] "GET /BLA/boletinlegal/consulta_actos.php?tipo=autos&no=&usuario=&sector=INFRAESTRUCTURA&fecha=2023&resuelve=corcega HTTP/1.1" 200 626
201.245.192.253 - - [04/Oct/2023:10:35:03 -0500] "POST /forms/lservlet;jsessionid=ac16012b30d647b157bff0c740abb774b6aa61d30e8f.e3iSbxaKaheRe34Pbx8Nc3aQci1ynknvrkLOlQzNp65In0 HTTP/1.1" 200 2
201.245.192.253 - - [04/Oct/2023:10:35:08 -0500] "POST /kwsrmcab/Wsrmcab  HTTP/1.1" 200 42851
172.22.2.4 - - [04/Oct/2023:10:35:16 -0500] "GET /BLA/boletinlegal/consulta_actos.php?tipo=autos&no=&usuario=&sector=INFRAESTRUCTURA&fecha=2023&resuelve=constructora%20c%F3rcega HTTP/1.1" 200 626
40.77.167.63 - - [04/Oct/2023:10:35:17 -0500] "GET /BLA/resoluciones/RESOLUCIONES%202021/0721.pdf HTTP/1.1" 200 80177
172.22.2.4 - - [04/Oct/2023:10:35:18 -0500] "GET /BLA/boletinlegal/consulta_actos.php?tipo=autos&no=&usuario=&sector=INFRAESTRUCTURA&fecha=2023&resuelve=constructora%20c%F3rcega HTTP/1.1" 200 626
216.244.66.195 - - [04/Oct/2023:10:35:30 -0500] "GET /BLA/resoluciones/AUTOS%202012/2666.pdf HTTP/1.1" 200 918593
172.22.2.4 - - [04/Oct/2023:10:33:59 -0500] "HEAD /BLA/boletinlegal/ HTTP/1.1" 200 -
181.189.25.57 - - [04/Oct/2023:10:35:40 -0500] "POST /sipse/faces/presentacion/financiero/solicitudProceso/consultarSolicitudProceso.xhtml HTTP/1.1" 200 183093
201.245.192.253 - - [04/Oct/2023:10:35:54 -0500] "POST /forms/lservlet;jsessionid=ac16012b30d6b37dfcabd26d4ba9ab38dfbe5876d58a.e3iSbxaKaheRe34Pbx8Nc3aQci1ynknvrkLOlQzNp65In0 HTTP/1.1" 200 2
186.102.97.66 - - [04/Oct/2023:10:35:49 -0500] "GET /BLA/resoluciones/index.php?dir=RESOLUCIONES+2010%2F HTTP/1.1" 200 1307967
186.102.97.66 - - [04/Oct/2023:10:35:57 -0500] "GET /BLA/resoluciones/RESOLUCIONES%202010/7455.pdf HTTP/1.1" 200 364784
40.77.167.33 - - [04/Oct/2023:10:36:22 -0500] "GET /portaldeninos/category/sin-categoria/page/2/ HTTP/1.1" 200 97311
216.244.66.195 - - [04/Oct/2023:10:36:23 -0500] "GET /BLA/resoluciones/AUTOS%202013/0041.pdf HTTP/1.1" 200 1552226
172.22.2.4 - - [04/Oct/2023:10:34:49 -0500] "GET /BLA/boletinlegal/ HTTP/1.1" 200 58187
186.102.97.66 - - [04/Oct/2023:10:36:56 -0500] "GET /BLA/resoluciones/index.php?dir=RESOLUCIONES+2011%2F HTTP/1.1" 200 746992
201.245.192.253 - - [04/Oct/2023:10:37:03 -0500] "POST /forms/lservlet;jsessionid=ac16012b30d647b157bff0c740abb774b6aa61d30e8f.e3iSbxaKaheRe34Pbx8Nc3aQci1ynknvrkLOlQzNp65In0 HTTP/1.1" 200 2
216.244.66.195 - - [04/Oct/2023:10:37:14 -0500] "GET /BLA/resoluciones/AUTOS%202013/0191.pdf HTTP/1.1" 200 235193
216.245.221.92 - - [04/Oct/2023:10:37:16 -0500] "HEAD / HTTP/1.1" 200 -
138.117.85.171 - - [04/Oct/2023:10:37:18 -0500] "GET /BLA/resoluciones/index.php?dir=AUTOS+2021%2F HTTP/1.1" 200 398544
157.55.39.12 - - [04/Oct/2023:10:37:23 -0500] "GET /portaldeninos/wp-content/plugins/gallery-videos/CSS/totalsoft.css?ver=4.9.8 HTTP/1.1" 200 40622
138.117.85.171 - - [04/Oct/2023:10:37:23 -0500] "GET /BLA/resoluciones/index.php HTTP/1.1" 200 13696
138.117.85.171 - - [04/Oct/2023:10:37:26 -0500] "GET /BLA/resoluciones/index.php?dir=AUTOS+2014%2F HTTP/1.1" 200 890688
201.245.192.253 - - [04/Oct/2023:10:37:44 -0500] "POST /kwsrmcab/Wsrmcab HTTP/1.1" 200 43313
201.245.192.253 - - [04/Oct/2023:10:37:47 -0500] "POST /kwsrmcab/Wsrmcab HTTP/1.1" 200 41346
201.245.192.253 - - [04/Oct/2023:10:37:54 -0500] "POST /forms/lservlet;jsessionid=ac16012b30d6b37dfcabd26d4ba9ab38dfbe5876d58a.e3iSbxaKaheRe34Pbx8Nc3aQci1ynknvrkLOlQzNp65In0 HTTP/1.1" 200 2
216.244.66.195 - - [04/Oct/2023:10:37:57 -0500] "GET /BLA/resoluciones/AUTOS%202013/0532.pdf HTTP/1.1" 200 892368
172.22.2.4 - - [04/Oct/2023:10:38:03 -0500] "GET /BLA/boletinlegal/ HTTP/1.1" 200 20427
186.102.41.39 - - [04/Oct/2023:10:38:45 -0500] "GET /kwssiamovil/sm/ldap/au?x=U2FsdGVkX19Zh/+FJT/SIpX4DAFs5jcarE0OH8tO68zcv07FpRgGxfLZVKVnXYWh&y=U2FsdGVkX1/gHkoGHnoKiLfXiYzrq5h17fquSZS0TBFzxhy9hoZ35WrfMdadjlnQ HTTP/1.1" 200 30
186.102.41.39 - - [04/Oct/2023:10:38:45 -0500] "GET /kwssiamovil/sm/acme/s?s=U2FsdGVkX1+mhBKqqKUoNlZ8N+i1ij6lc/WKhxWkY1mFzg3CiN3SiXi3NEtU86ru5aoDMZ9cq/kH0CdMeIEuW2YHmnXkpAWQOsWgp5tdeBo=&u=U2FsdGVkX1+HuXXQIY+fg/FA0w6AfauBfHtnRQYEZi2eb9xLImh0WtD1iG17zqyQ&y=U2FsdGVkX1/gHkoGHnoKiLfXiYzrq5h17fquSZS0TBFzxhy9hoZ35WrfMdadjlnQ HTTP/1.1" 200 97
186.102.41.39 - - [04/Oct/2023:10:38:45 -0500] "GET /kwssiamovil/sm/acme/s?s=U2FsdGVkX18QBRjmPUSGa5KJMcJfrJvtKZ5S1PuqEF9EnMDOOntSj98oxaJKBuOl5XrNj1a8H1/zv9qMHLOzn4RnbrF323DQ4QQ/hJ0FmO0MkHzQfD0ilEe3C8AZ1b2l6n6mS2HGG+0eirrcn7ggpRyipiEPiCelit9tcjRoB66S6cmXxAGL3c9rrnykRJX+BcrLakY4DaibHgdZ4kazUw7+0EcXx6NYhiLhD8hyOhoDMAX/Gjs8f5EKAhWZ78e0YF6u9ZCa9okH1hpzEvliaRYWElSUEyToDofCprDtoZKd2vM1ZNzqmwHdsMH4xaBXAO9o/uIEBxOPkttAcVJ6q2FAX2w7QhDCyqHhrXwqXSwRDIK9vVYuMghkFuN6iSmiZ5p30HzfTDiGikzisOMlORURw22TMECGwEcAMaG4SGahUstBoFgXxBPhYtglrw6Mw6bqza4qDMhux438LQZ6knTHBpTATpUQ6F5McuyKlr3kh6zfawSPbDbT13dqJda3L5ag73J8TIg8L6Ji+EHHeqeRjxiMdqDWKe46txP2S1zzIaVDMtyMdAhO79h3u9GGljxePkqzPhaHT0q2OycMTLQCx5sliu1cMIftMLwGncM/WF8CdAiiNFt6Bg3o+Z1ml4e85+QYeQGP7k4B/IgK15vuWSSF8bQxqQL2z9n038I8rU07Uxs1flmZ7LviWrhkeHIcYMr7w8mKsL2PIYod8e8TuoC6DbTQNRmyJg+PLzcxFTYJA5KK2RtDnerYjEsQjBE4MEGXLh9baPxoDpEjglsqweKZKfs93VYSaEmGONz3O27XPYKvUtm+YjelYDj0HFOZWJVVCyNMZ4/CVSdXJzwV+jWvIP9LoawSZonmv2At9eaAMb/3P9u8I8go1DvPRFAEUG4KW5xgTOcjJMkQ3QFrMlLlNmZXXGAoFhukKVwA9p+R+CRGD7MknEDmB1I2b7kzr1knbHIiNmAv3r5Ay5CG76MzqGmOpqOIxwOqVSJuy5jTRa51Rbb5SHGSp3NgvpdgmMpkgCctYwVbVTMa+fbtWg/3h6jAMXKr+FkPSRJm5RjIX3Ie7YmpbLK+PBVruXnLMMOK60ZfHkZkn755UVIcon92Sx9P7+Jo/wZB2tsNXkK0jsYwvhPOADehjCBoFhsXsVJLpzX2HjijFmKnqUer/zfOazSY/d33TWfxX6s+IeTQL8U/WNzHZAwbiY/TFf6kOE+oPxHrSOhNp3JIKqT88njh2PgDcHXmb6PY4YjBlUazN5XRKI7gjBOkYQd99u9N3atAM4Ld9BwjOGTnZwVheP++TuHwwk+cPkPD0ZqAk186+DdqWPRbGDp0wVi2U5UNxDXn7nRob9KKhvtlXe8xSHaNnB4f84uGC1Zi5iUOGH5hGJKF+K8G/+S3RiYqvyhYC0ff5akBGf6sQ8+lTMIWrkE3C7m9W3lccdDG0SwsEBfxbxqC7ObXm05AdOIdb5oqbxIPcywH6eRHQlDG/5RC0tdYnhkqlSGIZaBteiYX4lwBSD2xmY7w/Elkyx3nXhsZXZXv5xZXQRut/yJvIF/WswLUd9i00MiJDaUgepVo2/gq+xUXYaZ0Ln0zfHrY6SSn2eVH2rwDpz7JfpsYKj3XC5QS7glaQlO9pPulK6sRtJZ4vVFH2EZdMdnjYDTnHf5/ncVpnuCV+R6AommQKtsDyb3wKj5Rg1OPDplYPAQ61ELV3AK40TdYA1EP3YftaHi6afBcRw/qUTkfZ+PI+BtWfqif27M85gHc23H8bKamV9mj/sPhPDV5Iatv/JqE&u=U2FsdGVkX1+HuXXQIY+fg/FA0w6AfauBfHtnRQYEZi2eb9xLImh0WtD1iG17zqyQ&y=U2FsdGVkX1/gHkoGHnoKiLfXiYzrq5h17fquSZS0TBFzxhy9hoZ35WrfMdadjlnQ HTTP/1.1" 200 3236
186.102.41.39 - - [04/Oct/2023:10:38:45 -0500] "GET /kwssiamovil/sm/acme/s?s=U2FsdGVkX1/BYZkpTGDLQYUFKeaNDwFDkCQ7T21UZXsCGwGkG1NgUa8z8UjYgIGIjdf/sGceanEfzyJYbcKEZsD0ZXG2k2lcAqzezpPLHpya9YKwDZt1Ti06YMxq89ZMZ9w50ivnGLKKULgazdZO3VAlVFiYOYOMtS+prVBUvOgkgAnOYPtNemOzq0tkE61dOwDvIaDgem8UQ5HYJs2H4+zeAE0rzxTcm7L+1aCHZXuCp8Fe522SHHhALuarAimaagcrLScUemB+mjb+6NdEwkVNAhAIB5F3r3UMiqzLJfeJZcepvivW/54GCGKNPLto08rEL/SVBGEfPaLpcFtBakxtjVarue5lHJxzzxQjEpFctM7gtIrMbHyvkzXpgRooq9y6NA8aapmdmapGzBwWcMSbigDeoXUdwZd6QqCIa2g+N4LkzARPxzOMCBnp1yOTDFWCJl4TYJ7INoOdJQxP7chcXSIc9z6k476lT63yliOmu7Sa/8f7m+w3WHpip7UyiIeYuO/dmK/s4VV25RJmoZhnGn/SRIorisQSxVqMys+rNWdmDOsSYOVVSjL12NBMZXfLsYysrx5nO4XX3AvEpRjgUT86y11FpPfPBecO6VfSKUDzFdnc5jd87zawhOAijms0Y+0aLl/o21sFJyII6JJUb14nN/yo8oTEiDu15NpfjypU7BYw+MS3IbmmlBGUPZQkPzFxIO7HgyzXdZF8xSkalT1IKnLiLsGFVOe0AaG0vVWdPu+ymPlgKUYeP7aFCf0gh9Zq/U0Xt00SVmxPqQ==&u=U2FsdGVkX1+HuXXQIY+fg/FA0w6AfauBfHtnRQYEZi2eb9xLImh0WtD1iG17zqyQ&y=U2FsdGVkX1/gHkoGHnoKiLfXiYzrq5h17fquSZS0TBFzxhy9hoZ35WrfMdadjlnQ HTTP/1.1" 200 354
186.102.41.39 - - [04/Oct/2023:10:38:45 -0500] "GET /kwssiamovil/sm/cjson/pre?f=1&x=U2FsdGVkX19Zh/+FJT/SIpX4DAFs5jcarE0OH8tO68zcv07FpRgGxfLZVKVnXYWh HTTP/1.1" 200 31032
186.102.41.39 - - [04/Oct/2023:10:38:46 -0500] "GET /kwssiamovil/sm/cjson/pre?f=18&x=U2FsdGVkX19Zh/+FJT/SIpX4DAFs5jcarE0OH8tO68zcv07FpRgGxfLZVKVnXYWh HTTP/1.1" 200 32849
216.244.66.195 - - [04/Oct/2023:10:38:47 -0500] "GET /BLA/resoluciones/AUTOS%202013/0600.pdf HTTP/1.1" 200 1607449
201.245.192.253 - - [04/Oct/2023:10:39:03 -0500] "POST /forms/lservlet;jsessionid=ac16012b30d647b157bff0c740abb774b6aa61d30e8f.e3iSbxaKaheRe34Pbx8Nc3aQci1ynknvrkLOlQzNp65In0 HTTP/1.1" 200 2
204.199.94.87 - - [04/Oct/2023:10:39:18 -0500] "GET /BLA/resoluciones/index.php?dir=AUTOS+2012%2F HTTP/1.1" 200 276641
216.244.66.195 - - [04/Oct/2023:10:39:38 -0500] "GET /BLA/resoluciones/AUTOS%202013/0696.pdf HTTP/1.1" 200 298538
192.168.172.34 - - [04/Oct/2023:10:39:28 -0500] "GET /BLA/boletinlegal/admin/index.php HTTP/1.1" 200 5692
192.168.172.34 - - [04/Oct/2023:10:39:40 -0500] "GET /BLA/boletinlegal/admin/index_files/index_files/tback.gif HTTP/1.1" 404 1322
192.168.172.34 - - [04/Oct/2023:10:39:46 -0500] "GET /BLA/boletinlegal/admin/actos/ingresar.php HTTP/1.1" 200 7209
192.168.172.34 - - [04/Oct/2023:10:39:47 -0500] "GET /BLA/boletinlegal/images/favicon.ico HTTP/1.1" 404 1316
201.245.192.253 - - [04/Oct/2023:10:39:54 -0500] "POST /forms/lservlet;jsessionid=ac16012b30d6b37dfcabd26d4ba9ab38dfbe5876d58a.e3iSbxaKaheRe34Pbx8Nc3aQci1ynknvrkLOlQzNp65In0 HTTP/1.1" 200 2
201.245.192.253 - - [04/Oct/2023:10:40:06 -0500] "POST /kwsrmcab/Wsrmcab  HTTP/1.1" 200 42851
216.244.66.195 - - [04/Oct/2023:10:40:27 -0500] "GET /BLA/resoluciones/AUTOS%202013/0947.pdf HTTP/1.1" 200 1029213
186.102.97.66 - - [04/Oct/2023:10:40:54 -0500] "GET /BLA/resoluciones/index.php?dir=RESOLUCIONES+2013%2F HTTP/1.1" 200 238278
201.245.192.253 - - [04/Oct/2023:10:41:03 -0500] "POST /forms/lservlet;jsessionid=ac16012b30d647b157bff0c740abb774b6aa61d30e8f.e3iSbxaKaheRe34Pbx8Nc3aQci1ynknvrkLOlQzNp65In0 HTTP/1.1" 200 2
201.245.192.253 - - [04/Oct/2023:10:41:03 -0500] "POST /forms/lservlet;jsessionid=ac16012b30d6b37dfcabd26d4ba9ab38dfbe5876d58a.e3iSbxaKaheRe34Pbx8Nc3aQci1ynknvrkLOlQzNp65In0 HTTP/1.1" 200 606
201.245.192.253 - - [04/Oct/2023:10:41:03 -0500] "POST /forms/lservlet;jsessionid=ac16012b30d6b37dfcabd26d4ba9ab38dfbe5876d58a.e3iSbxaKaheRe34Pbx8Nc3aQci1ynknvrkLOlQzNp65In0 HTTP/1.1" 200 1039
201.245.192.253 - - [04/Oct/2023:10:41:04 -0500] "POST /forms/lservlet;jsessionid=ac16012b30d6b37dfcabd26d4ba9ab38dfbe5876d58a.e3iSbxaKaheRe34Pbx8Nc3aQci1ynknvrkLOlQzNp65In0 HTTP/1.1" 200 447
201.245.192.253 - - [04/Oct/2023:10:41:04 -0500] "POST /forms/lservlet;jsessionid=ac16012b30d6b37dfcabd26d4ba9ab38dfbe5876d58a.e3iSbxaKaheRe34Pbx8Nc3aQci1ynknvrkLOlQzNp65In0 HTTP/1.1" 200 803
201.245.192.253 - - [04/Oct/2023:10:41:04 -0500] "POST /forms/lservlet;jsessionid=ac16012b30d6b37dfcabd26d4ba9ab38dfbe5876d58a.e3iSbxaKaheRe34Pbx8Nc3aQci1ynknvrkLOlQzNp65In0 HTTP/1.1" 200 447
201.245.192.253 - - [04/Oct/2023:10:41:04 -0500] "POST /forms/lservlet;jsessionid=ac16012b30d6b37dfcabd26d4ba9ab38dfbe5876d58a.e3iSbxaKaheRe34Pbx8Nc3aQci1ynknvrkLOlQzNp65In0 HTTP/1.1" 200 782
201.245.192.253 - - [04/Oct/2023:10:41:05 -0500] "POST /forms/lservlet;jsessionid=ac16012b30d6b37dfcabd26d4ba9ab38dfbe5876d58a.e3iSbxaKaheRe34Pbx8Nc3aQci1ynknvrkLOlQzNp65In0 HTTP/1.1" 200 447
201.245.192.253 - - [04/Oct/2023:10:41:05 -0500] "POST /forms/lservlet;jsessionid=ac16012b30d6b37dfcabd26d4ba9ab38dfbe5876d58a.e3iSbxaKaheRe34Pbx8Nc3aQci1ynknvrkLOlQzNp65In0 HTTP/1.1" 200 791
201.245.192.253 - - [04/Oct/2023:10:41:05 -0500] "POST /forms/lservlet;jsessionid=ac16012b30d6b37dfcabd26d4ba9ab38dfbe5876d58a.e3iSbxaKaheRe34Pbx8Nc3aQci1ynknvrkLOlQzNp65In0 HTTP/1.1" 200 447
201.245.192.253 - - [04/Oct/2023:10:41:05 -0500] "POST /forms/lservlet;jsessionid=ac16012b30d6b37dfcabd26d4ba9ab38dfbe5876d58a.e3iSbxaKaheRe34Pbx8Nc3aQci1ynknvrkLOlQzNp65In0 HTTP/1.1" 200 782
201.245.192.253 - - [04/Oct/2023:10:41:06 -0500] "POST /forms/lservlet;jsessionid=ac16012b30d6b37dfcabd26d4ba9ab38dfbe5876d58a.e3iSbxaKaheRe34Pbx8Nc3aQci1ynknvrkLOlQzNp65In0 HTTP/1.1" 200 447
201.245.192.253 - - [04/Oct/2023:10:41:06 -0500] "POST /forms/lservlet;jsessionid=ac16012b30d6b37dfcabd26d4ba9ab38dfbe5876d58a.e3iSbxaKaheRe34Pbx8Nc3aQci1ynknvrkLOlQzNp65In0 HTTP/1.1" 200 791
201.245.192.253 - - [04/Oct/2023:10:41:06 -0500] "POST /forms/lservlet;jsessionid=ac16012b30d6b37dfcabd26d4ba9ab38dfbe5876d58a.e3iSbxaKaheRe34Pbx8Nc3aQci1ynknvrkLOlQzNp65In0 HTTP/1.1" 200 447
201.245.192.253 - - [04/Oct/2023:10:41:06 -0500] "POST /forms/lservlet;jsessionid=ac16012b30d6b37dfcabd26d4ba9ab38dfbe5876d58a.e3iSbxaKaheRe34Pbx8Nc3aQci1ynknvrkLOlQzNp65In0 HTTP/1.1" 200 782
201.245.192.253 - - [04/Oct/2023:10:41:06 -0500] "POST /forms/lservlet;jsessionid=ac16012b30d6b37dfcabd26d4ba9ab38dfbe5876d58a.e3iSbxaKaheRe34Pbx8Nc3aQci1ynknvrkLOlQzNp65In0 HTTP/1.1" 200 697
201.245.192.253 - - [04/Oct/2023:10:41:06 -0500] "POST /forms/lservlet;jsessionid=ac16012b30d6b37dfcabd26d4ba9ab38dfbe5876d58a.e3iSbxaKaheRe34Pbx8Nc3aQci1ynknvrkLOlQzNp65In0 HTTP/1.1" 200 1078
201.245.192.253 - - [04/Oct/2023:10:41:07 -0500] "POST /forms/lservlet;jsessionid=ac16012b30d6b37dfcabd26d4ba9ab38dfbe5876d58a.e3iSbxaKaheRe34Pbx8Nc3aQci1ynknvrkLOlQzNp65In0 HTTP/1.1" 200 2
201.245.192.253 - - [04/Oct/2023:10:41:07 -0500] "POST /forms/lservlet;jsessionid=ac16012b30d6b37dfcabd26d4ba9ab38dfbe5876d58a.e3iSbxaKaheRe34Pbx8Nc3aQci1ynknvrkLOlQzNp65In0 HTTP/1.1" 200 1758
201.245.192.253 - - [04/Oct/2023:10:41:07 -0500] "POST /forms/lservlet;jsessionid=ac16012b30d6b37dfcabd26d4ba9ab38dfbe5876d58a.e3iSbxaKaheRe34Pbx8Nc3aQci1ynknvrkLOlQzNp65In0 HTTP/1.1" 200 272
201.245.192.253 - - [04/Oct/2023:10:41:07 -0500] "POST /forms/lservlet;jsessionid=ac16012b30d6b37dfcabd26d4ba9ab38dfbe5876d58a.e3iSbxaKaheRe34Pbx8Nc3aQci1ynknvrkLOlQzNp65In0 HTTP/1.1" 200 452
201.245.192.253 - - [04/Oct/2023:10:41:07 -0500] "POST /forms/lservlet;jsessionid=ac16012b30d6b37dfcabd26d4ba9ab38dfbe5876d58a.e3iSbxaKaheRe34Pbx8Nc3aQci1ynknvrkLOlQzNp65In0 HTTP/1.1" 200 790
201.245.192.253 - - [04/Oct/2023:10:41:08 -0500] "POST /forms/lservlet;jsessionid=ac16012b30d6b37dfcabd26d4ba9ab38dfbe5876d58a.e3iSbxaKaheRe34Pbx8Nc3aQci1ynknvrkLOlQzNp65In0 HTTP/1.1" 200 43
192.168.172.34 - - [04/Oct/2023:10:41:11 -0500] "POST /BLA/boletinlegal/admin/actos/ingresar.php HTTP/1.1" 200 7302
186.102.97.66 - - [04/Oct/2023:10:41:13 -0500] "GET /BLA/resoluciones/RESOLUCIONES%202013/2246.pdf HTTP/1.1" 200 398524
216.244.66.195 - - [04/Oct/2023:10:41:17 -0500] "GET /BLA/resoluciones/AUTOS%202013/1078.pdf HTTP/1.1" 200 1415037
192.168.172.34 - - [04/Oct/2023:10:41:25 -0500] "GET /BLA/boletinlegal/actos.php HTTP/1.1" 200 9682
192.168.172.34 - - [04/Oct/2023:10:41:15 -0500] "GET /BLA/boletinlegal/admin/index.php HTTP/1.1" 200 5692
172.22.2.4 - - [04/Oct/2023:10:39:49 -0500] "HEAD /BLA/boletinlegal/ HTTP/1.1" 200 -
192.168.172.34 - - [04/Oct/2023:10:41:32 -0500] "GET /BLA/boletinlegal/consulta_actos.php?tipo=resoluciones&no=1679&usuario=&sector=&fecha=2023&resuelve= HTTP/1.1" 200 1104
192.168.172.34 - - [04/Oct/2023:10:41:17 -0500] "GET /BLA/boletinlegal/admin/index.php HTTP/1.1" 200 5692
201.245.192.253 - - [04/Oct/2023:10:41:54 -0500] "POST /forms/lservlet;jsessionid=ac16012b30d6b37dfcabd26d4ba9ab38dfbe5876d58a.e3iSbxaKaheRe34Pbx8Nc3aQci1ynknvrkLOlQzNp65In0 HTTP/1.1" 200 2
186.102.97.66 - - [04/Oct/2023:10:42:04 -0500] "GET /BLA/resoluciones/index.php?dir=RESOLUCIONES+2018%2F HTTP/1.1" 200 279258
186.102.97.66 - - [04/Oct/2023:10:42:09 -0500] "GET /BLA/resoluciones/RESOLUCIONES%202018/2190.pdf HTTP/1.1" 200 656989
216.244.66.195 - - [04/Oct/2023:10:42:10 -0500] "GET /BLA/resoluciones/AUTOS%202013/1124.pdf HTTP/1.1" 200 1012585
216.245.221.92 - - [04/Oct/2023:10:42:16 -0500] "HEAD / HTTP/1.1" 200 -
64.124.8.68 - - [04/Oct/2023:10:42:18 -0500] "GET /robots.txt HTTP/1.1" 404 1035
172.22.2.4 - - [04/Oct/2023:10:40:39 -0500] "GET /BLA/boletinlegal/ HTTP/1.1" 200 58187
64.124.8.68 - - [04/Oct/2023:10:42:18 -0500] "GET /portaldeninos/humedales-ramsar/ HTTP/1.1" 200 89255
66.249.66.20 - - [04/Oct/2023:10:42:41 -0500] "GET /bla/resoluciones/resoluciones%202007/res%202007%204001%20al%204100/resolucion%204090%20de%202007.pdf HTTP/1.1" 200 13950935
216.244.66.195 - - [04/Oct/2023:10:43:01 -0500] "GET /BLA/resoluciones/AUTOS%202013/1776.pdf HTTP/1.1" 200 431379
201.245.192.253 - - [04/Oct/2023:10:43:03 -0500] "POST /forms/lservlet;jsessionid=ac16012b30d647b157bff0c740abb774b6aa61d30e8f.e3iSbxaKaheRe34Pbx8Nc3aQci1ynknvrkLOlQzNp65In0 HTTP/1.1" 200 2
69.63.184.119 - - [04/Oct/2023:10:43:28 -0500] "GET /el-idiger-inicia-charlas-informativas-para-participar-en-el-simulacro-distrital-de-evacuacion-dia-y-de-noche.html HTTP/1.1" 200 1001
186.102.41.39 - - [04/Oct/2023:10:43:41 -0500] "GET /kwssiamovil/sm/ldap/au?x=U2FsdGVkX18mlZXI2DS59Vp5Tcn2PuEYTd9GJY+eUZLZX0gi5H5CBchA5HnVzRcH&y=U2FsdGVkX184ClcTa6BEK1qTjVE/K0NCQFyIWwhOGXjNYFrYJp58/87m1rT15IJx HTTP/1.1" 200 30
186.102.41.39 - - [04/Oct/2023:10:43:41 -0500] "GET /kwssiamovil/sm/acme/s?s=U2FsdGVkX1+9G2Hg8dXgOUGVqr9y6Wdk+0L2JOLHBIPfKOM1yWGFsMJWIA1yAD4PR16ONY0AY7Y22Ms+BPZeL1hMfNlXel7m6aYe/pxXvUk=&u=U2FsdGVkX1+eY2u9y+f3pPYIj4SVpaS/qMoge8qFW2Yt2KL327MFe2Q4PgYC+yrK&y=U2FsdGVkX184ClcTa6BEK1qTjVE/K0NCQFyIWwhOGXjNYFrYJp58/87m1rT15IJx HTTP/1.1" 200 97
186.102.41.39 - - [04/Oct/2023:10:43:41 -0500] "GET /kwssiamovil/sm/acme/s?s=U2FsdGVkX1/dFNrhW419nPND3qxpr4xoUR78YjWPu8fMwVdz+uPvgbrqxtf7awJAJQVgmm4vgqVemBPtHYtd462ruxKEFLpqR3zSUKA8r1MaOiEGanIG2VrXOnzVSMQDe6t5TJAyOxH7xkcALwRrV/v6DgwJN+jKlJCCGyTwbkEgOaWAe8sRR2cxaxuihJTMbYw3sHSB6S+H8bGCLPX7l5Vh85aR1Q+tZPCBEHFsLdztpULxASzasnXLQFxnC1RU+bYqIpdls7OejT7Sv5taGZ4+RsveKeQLN2Rwi8VzeLkEdgy4Zrry0khaQ9FX69LUTc/dkLCS7btLW4sTs0GdmdD34t98/X+Wuw0AkFnbGxho/b3KAYzvDe8SPgDp/yiyPHl5CEdeZb2Fj/j0UB3RlcuuWFwbMwB1JsF2Sg1p1SAEUQzkMey4aG+VS9/QFnSs07/yXlq79it6lYwnW9PA1u5rnHCbk4QsLf2X9SXZm3e9HkAbAZVjsTtvGQ3kvUqV4IRnivge7Jf74Q7spawuK80nY5pSVpevVF1lXCexH+RonkMA7s47b1MmawjB1K28JqvQSJSQ8gAxx4bgw71pa2c5n3bpsEEymAqtIMp/NJsFz3KiqcR+tk8Cyt4fwKmxLYKuwY24ArogejRRveJHWayCiPhLFP/Ykm0GrqaY7nKUxi+931KU6XeelmxJLX4weRB+Fy++5B+CBsI2IeyrpqT296ctsJeL3pGb6Lij+0Skd6Vi4CZeR0iWlm5P2n9IDw4QzTyi++fMCZ3yeS/9ADdg37Bm0LEPnW0Ksq3svFyw19Ammh0zCOPKfXm6yTjcq978y96szOe0e8jPZmjVThsFXeh+l6A4nJdqetKNgP8AiWi7Sj4ym5Nzwfsd/S09KCZjIjwoyzIpAQs69DQUFfanHRGyZ+V+kAh6yZsRJ8ho3xBmNiIFPm8wSDTrjyyQWTCC27EbieYHaqKLu0a2BGv6R4GEC81u/45CXpQJwuz9INOeX4Tk26s4yC3KrXFdoflg+hXcgHHt9mIKU4xzAQpKHnztru39zOa9lVcLqJOrXMEeaG0Rxys2GR0rLnQQ3ECYIoaN7Sp0cQrnnfBNE0d8Pnxj2XkDlLCmg3UHCaJ42FFvzfIK08eNQX1fV/gzb4ckTFfP+JNoRh0bFZDvAy6EzGDypcnyBcr7hBnPpyg8paafYajZruk+PxwFt7KmhZyDFRIqI0fztWzBm7Dr0WCFUQNFR5C3PHFN8ZkdRrK4fPjQCvFHZ7CUSI0lRkmmSJdRAgnTPnL6XlyZ5H364bZLeo1gRdqQIdxSeH6LB/gEPR31UcqJZASVjW/cE7a4yuwngjJwmi+hOozgcoR6vERjABIQpfXFo4FdJ2e/OvntvCoJivjTtGIEDqjf37/8hQIJ3zvFpEf3w9+cLrNhBeTTRhDcyi2xtezUGXUA9XNW8+4B/vU8nVub0JucDLx8JJ5vg8RT9AcfkyzBiAW1VFKFxCrX6JK+OBSsO08WMS4IdnpvcFLqMMP3UtjwVIATYlY/rQkJcDZCtAIONp51MTv0c4Qrr0BZn5XlWWzRPuW6JrS8UeEU4buRha4w3Nxa/BajpoefyrmrnbnMfqMYLJP6P0+jMvzXI913gXDZ3sROf7i2b/A/UjDyKQmVq4AZ5Xt4PXt9jtrfWH6GXlrkUKUTVCNq+81899lFnjFUJ7Zu4CXDPUJQ7Nq4LpMmGpfbcCfvQsxjgCA3Iuw6Queathv6firOQNlUwVavtntqj7K0zB2Ofb+0zSU7KvFo91Rr&u=U2FsdGVkX1+eY2u9y+f3pPYIj4SVpaS/qMoge8qFW2Yt2KL327MFe2Q4PgYC+yrK&y=U2FsdGVkX184ClcTa6BEK1qTjVE/K0NCQFyIWwhOGXjNYFrYJp58/87m1rT15IJx HTTP/1.1" 200 3236
186.102.41.39 - - [04/Oct/2023:10:43:41 -0500] "GET /kwssiamovil/sm/acme/s?s=U2FsdGVkX1+cuC1ts2Eswx1XzNEhfUTbR/O1ekURs3wfDO0iveiIHCtmL6zHSK4fYbRvldEemkJNjqimANeZylkUq8tqUtOiMWEbAK+pufDX7EKV+saiQ29OAyzioLBz9pogFzCw5rVkwGnF1lFkNbRlTaTD+WJg2JEm2MK8/+tFuLKi1rlqIbQm17fyR4i7QCoCggwu1t8c+bIovGzJsWZ+iPb978LA/Jm3lXZMJWukovPpSfcas0aMiAS/OOWQKyErtZaz0qDuBuKWyq2wpiEi55iB6GACsG9PW0JhMcmb+xFkCunuibY6TwhcQ2Ap5RvdrFbvaQLEAFhPDnywL8a6zf3GKhEg3VC06/0ROAFocb+kk5mF2u1FTPPrA+Gmah7Vvi4yVs7TzdnemE2FbXS6hHSvgn2kUapbCNypmO6sLeSBKeP3c284sne20XKkvOwrR6e1C7KI+okpgKsCATFE5H5L6yc/v1ooz+tGfXaGtWkX/qxR5YbO13SXmKELxwzddqOCvJHQvq3mP6NvfAayoGBrKt4kmHMt/TCWSHFKMxEdZg0Tpob7keozY8hFrb1nKt9pRMtAmWnhtZYbCVp2Y79jFtD39W9Sds8K4B4E/obWMwSIskwrHtKlIM8djFqNroqzzXSWCqpadoBZiVwr24PW8HI7T3dZbBoYAOeU05pcAg6r7V1G6nSVQC0E0B5KAPtUZ0x1wgX2sjZ+v+X41+jOHbQu0/0+vGSnp2OOIzpoBPeP9+m7ANEZOmccgUbgSETmIdkhwnQLdV7F3g==&u=U2FsdGVkX1+eY2u9y+f3pPYIj4SVpaS/qMoge8qFW2Yt2KL327MFe2Q4PgYC+yrK&y=U2FsdGVkX184ClcTa6BEK1qTjVE/K0NCQFyIWwhOGXjNYFrYJp58/87m1rT15IJx HTTP/1.1" 200 354
186.102.41.39 - - [04/Oct/2023:10:43:41 -0500] "GET /kwssiamovil/sm/cjson/pre?f=1&x=U2FsdGVkX18mlZXI2DS59Vp5Tcn2PuEYTd9GJY+eUZLZX0gi5H5CBchA5HnVzRcH HTTP/1.1" 200 31032
186.102.41.39 - - [04/Oct/2023:10:43:41 -0500] "GET /kwssiamovil/sm/cjson/pre?f=18&x=U2FsdGVkX18mlZXI2DS59Vp5Tcn2PuEYTd9GJY+eUZLZX0gi5H5CBchA5HnVzRcH HTTP/1.1" 200 32849
172.22.2.4 - - [04/Oct/2023:10:43:51 -0500] "GET /BLA/boletinlegal/style.css HTTP/1.1" 200 9406
172.22.2.4 - - [04/Oct/2023:10:43:51 -0500] "GET /BLA/boletinlegal/styles2.css HTTP/1.1" 200 1838
172.22.2.4 - - [04/Oct/2023:10:43:51 -0500] "GET /BLA/boletinlegal/js/jquery.scrollShow.js HTTP/1.1" 200 4586
172.22.2.4 - - [04/Oct/2023:10:43:51 -0500] "GET /BLA/boletinlegal/images/screen_1.png HTTP/1.1" 200 202547
172.22.2.4 - - [04/Oct/2023:10:43:51 -0500] "GET /BLA/boletinlegal/images/cabezote%20BLEGAL.jpg HTTP/1.1" 200 118164
172.22.2.4 - - [04/Oct/2023:10:43:51 -0500] "GET /BLA/boletinlegal/js/jquery.scrollTo-min.js HTTP/1.1" 200 1150
172.22.2.4 - - [04/Oct/2023:10:43:51 -0500] "GET /BLA/boletinlegal/js/jquery.js HTTP/1.1" 200 57254
172.22.2.4 - - [04/Oct/2023:10:43:51 -0500] "GET /BLA/boletinlegal/images/subscribe-icon-big.png HTTP/1.1" 200 47702
172.22.2.4 - - [04/Oct/2023:10:43:51 -0500] "GET /BLA/boletinlegal/images/historia.png HTTP/1.1" 200 52775
172.22.2.4 - - [04/Oct/2023:10:43:51 -0500] "GET /BLA/boletinlegal/images/registro-usuarios.png HTTP/1.1" 200 8106
172.22.2.4 - - [04/Oct/2023:10:43:51 -0500] "GET /BLA/boletinlegal/images/body_bg.jpg HTTP/1.1" 200 1601
172.22.2.4 - - [04/Oct/2023:10:43:51 -0500] "GET /BLA/boletinlegal/images/menu_lft.gif HTTP/1.1" 200 1713
172.22.2.4 - - [04/Oct/2023:10:43:51 -0500] "GET /BLA/boletinlegal/images/menu_rght.gif HTTP/1.1" 200 1627
172.22.2.4 - - [04/Oct/2023:10:43:51 -0500] "GET /BLA/boletinlegal/images/bg_top.jpg HTTP/1.1" 200 522
172.22.2.4 - - [04/Oct/2023:10:43:51 -0500] "GET /BLA/boletinlegal/images/menu_bg.jpg HTTP/1.1" 200 620
172.22.2.4 - - [04/Oct/2023:10:43:51 -0500] "GET /BLA/boletinlegal/images/text.jpg HTTP/1.1" 200 568
172.22.2.4 - - [04/Oct/2023:10:43:51 -0500] "GET /BLA/boletinlegal/images/hover.jpg HTTP/1.1" 200 640
172.22.2.4 - - [04/Oct/2023:10:43:51 -0500] "GET /BLA/boletinlegal/images/arr_l.jpg HTTP/1.1" 200 1979
172.22.2.4 - - [04/Oct/2023:10:43:51 -0500] "GET /BLA/boletinlegal/images/launch.jpg HTTP/1.1" 200 14577
201.245.192.253 - - [04/Oct/2023:10:43:54 -0500] "POST /forms/lservlet;jsessionid=ac16012b30d6b37dfcabd26d4ba9ab38dfbe5876d58a.e3iSbxaKaheRe34Pbx8Nc3aQci1ynknvrkLOlQzNp65In0 HTTP/1.1" 200 2
216.244.66.195 - - [04/Oct/2023:10:43:54 -0500] "GET /BLA/resoluciones/AUTOS%202013/1796.pdf HTTP/1.1" 200 233912
172.22.2.4 - - [04/Oct/2023:10:43:51 -0500] "GET /BLA/boletinlegal/ HTTP/1.1" 200 24523
186.102.97.66 - - [04/Oct/2023:10:44:20 -0500] "GET /BLA/resoluciones/index.php?dir=RESOLUCIONES+2010%2F HTTP/1.1" 200 1307967
186.102.97.66 - - [04/Oct/2023:10:44:29 -0500] "GET /BLA/resoluciones/RESOLUCIONES%202010/7187.pdf HTTP/1.1" 200 1169048
52.167.144.222 - - [04/Oct/2023:10:44:33 -0500] "GET /BLA/resoluciones/AUTOS%202023/2056.pdf HTTP/1.1" 304 -
186.84.21.166 - - [04/Oct/2023:10:44:34 -0500] "GET /sipse/faces/index.xhtml HTTP/1.1" 200 677
186.84.21.166 - - [04/Oct/2023:10:44:34 -0500] "GET /sipse/faces/javax.faces.resource/theme.css?ln=primefaces-sipse HTTP/1.1" 304 -
186.84.21.166 - - [04/Oct/2023:10:44:34 -0500] "GET /favicon.ico HTTP/1.1" 200 7782
186.84.21.166 - - [04/Oct/2023:10:44:34 -0500] "GET /sipse/faces/faces/autenticacion.xhtml HTTP/1.1" 200 12415
186.84.21.166 - - [04/Oct/2023:10:44:34 -0500] "GET /sipse/css/custom_css_sg.css HTTP/1.1" 304 -
186.84.21.166 - - [04/Oct/2023:10:44:34 -0500] "GET /sipse/css/custom_css_sg_prime_login.css HTTP/1.1" 304 -
186.84.21.166 - - [04/Oct/2023:10:44:34 -0500] "GET /sipse/faces/javax.faces.resource/layout/layout.css?ln=primefaces&v=4.0 HTTP/1.1" 304 -
186.84.21.166 - - [04/Oct/2023:10:44:34 -0500] "GET /sipse/faces/javax.faces.resource/primefaces.css?ln=primefaces&v=4.0 HTTP/1.1" 304 -
186.84.21.166 - - [04/Oct/2023:10:44:34 -0500] "GET /sipse/faces/javax.faces.resource/theme.css?ln=primefaces-sipse HTTP/1.1" 304 -
186.84.21.166 - - [04/Oct/2023:10:44:34 -0500] "GET /sipse/faces/javax.faces.resource/jquery/jquery.js?ln=primefaces&v=4.0 HTTP/1.1" 304 -
186.84.21.166 - - [04/Oct/2023:10:44:34 -0500] "GET /sipse/js/funciones.js HTTP/1.1" 304 -
186.84.21.166 - - [04/Oct/2023:10:44:34 -0500] "GET /sipse/js/disable_browser_buttons.js HTTP/1.1" 304 -
186.84.21.166 - - [04/Oct/2023:10:44:34 -0500] "GET /sipse/faces/javax.faces.resource/jquery/jquery-plugins.js?ln=primefaces&v=4.0 HTTP/1.1" 304 -
186.84.21.166 - - [04/Oct/2023:10:44:34 -0500] "GET /sipse/faces/javax.faces.resource/layout/layout.js?ln=primefaces&v=4.0 HTTP/1.1" 304 -
186.84.21.166 - - [04/Oct/2023:10:44:34 -0500] "GET /sipse/faces/javax.faces.resource/primefaces.js?ln=primefaces&v=4.0 HTTP/1.1" 304 -
186.84.21.166 - - [04/Oct/2023:10:44:34 -0500] "GET /sipse/css/imagen/loginimg.png HTTP/1.1" 304 -
186.84.21.166 - - [04/Oct/2023:10:44:34 -0500] "GET /sipse/css/imagen/logoSDG.png HTTP/1.1" 304 -
186.84.21.166 - - [04/Oct/2023:10:44:34 -0500] "GET /sipse/faces/javax.faces.resource/images/ui-icons_898989_256x240.png?ln=primefaces-aristo HTTP/1.1" 304 -
216.244.66.195 - - [04/Oct/2023:10:44:40 -0500] "GET /BLA/resoluciones/AUTOS%202013/1801.pdf HTTP/1.1" 200 638124
186.30.47.23 - - [04/Oct/2023:10:44:49 -0500] "GET /BLA/resoluciones/index.php?dir= HTTP/1.1" 200 13696
186.84.21.166 - - [04/Oct/2023:10:44:55 -0500] "POST /sipse/faces/autenticacion.xhtml HTTP/1.1" 200 2221
186.84.21.166 - - [04/Oct/2023:10:44:55 -0500] "GET /sipse/faces/javax.faces.resource/messages/messages.png?ln=primefaces&v=4.0 HTTP/1.1" 304 -
186.30.47.23 - - [04/Oct/2023:10:44:55 -0500] "GET /BLA/resoluciones/index.php?dir=AUTOS+2017%2F HTTP/1.1" 200 470604
186.84.21.166 - - [04/Oct/2023:10:44:57 -0500] "POST /sipse/faces/autenticacion.xhtml HTTP/1.1" 200 16395
186.84.21.166 - - [04/Oct/2023:10:44:57 -0500] "GET /sipse/css/custom_css_sg_prime.css HTTP/1.1" 304 -
186.84.21.166 - - [04/Oct/2023:10:44:57 -0500] "GET /sipse/faces/javax.faces.resource/layout/layout.css?ln=primefaces&v=4.0 HTTP/1.1" 304 -
186.84.21.166 - - [04/Oct/2023:10:44:57 -0500] "GET /sipse/faces/javax.faces.resource/primefaces.css?ln=primefaces&v=4.0 HTTP/1.1" 304 -
186.84.21.166 - - [04/Oct/2023:10:44:57 -0500] "GET /sipse/faces/javax.faces.resource/theme.css?ln=primefaces-sipse HTTP/1.1" 304 -
186.84.21.166 - - [04/Oct/2023:10:44:57 -0500] "GET /sipse/js/jquery.min.js HTTP/1.1" 304 -
186.84.21.166 - - [04/Oct/2023:10:44:57 -0500] "GET /sipse/faces/javax.faces.resource/jquery/jquery.js?ln=primefaces&v=4.0 HTTP/1.1" 304 -
186.84.21.166 - - [04/Oct/2023:10:44:57 -0500] "GET /sipse/faces/javax.faces.resource/jquery/jquery-plugins.js?ln=primefaces&v=4.0 HTTP/1.1" 304 -
186.84.21.166 - - [04/Oct/2023:10:44:57 -0500] "GET /sipse/faces/javax.faces.resource/primefaces.js?ln=primefaces&v=4.0 HTTP/1.1" 304 -
186.84.21.166 - - [04/Oct/2023:10:44:57 -0500] "GET /sipse/faces/javax.faces.resource/layout/layout.js?ln=primefaces&v=4.0 HTTP/1.1" 304 -
186.84.21.166 - - [04/Oct/2023:10:44:57 -0500] "GET /sipse/css/v_mergente.css HTTP/1.1" 304 -
186.84.21.166 - - [04/Oct/2023:10:44:57 -0500] "GET /sipse/css/imagen/contrasena.png HTTP/1.1" 404 383
186.84.21.166 - - [04/Oct/2023:10:44:57 -0500] "GET /sipse/imagenes/logoAplicacion.jpg HTTP/1.1" 304 -
186.84.21.166 - - [04/Oct/2023:10:44:57 -0500] "GET /sipse/imagenes/cargando.gif HTTP/1.1" 304 -
186.84.21.166 - - [04/Oct/2023:10:44:59 -0500] "GET /sipse/faces/javax.faces.resource/images/ui-bg_flat_0_2d5972_40x100.png?ln=primefaces-aristo HTTP/1.1" 304 -
186.84.21.166 - - [04/Oct/2023:10:44:59 -0500] "POST /sipse/faces/bienvenido.xhtml HTTP/1.1" 200 2658
186.84.21.166 - - [04/Oct/2023:10:45:01 -0500] "POST /sipse/faces/bienvenido.xhtml HTTP/1.1" 200 184
186.84.21.166 - - [04/Oct/2023:10:45:01 -0500] "GET /sipse/faces/presentacion/financiero/solicitudAnulacion/solicitudAnulacion.xhtml HTTP/1.1" 200 41061
186.84.21.166 - - [04/Oct/2023:10:45:01 -0500] "GET /sipse/faces/javax.faces.resource/jquery/jquery.js?ln=primefaces&v=4.0 HTTP/1.1" 304 -
186.84.21.166 - - [04/Oct/2023:10:45:01 -0500] "GET /sipse/faces/javax.faces.resource/layout/layout.css?ln=primefaces&v=4.0 HTTP/1.1" 304 -
186.84.21.166 - - [04/Oct/2023:10:45:01 -0500] "GET /sipse/faces/javax.faces.resource/primefaces.css?ln=primefaces&v=4.0 HTTP/1.1" 304 -
186.84.21.166 - - [04/Oct/2023:10:45:01 -0500] "GET /sipse/faces/javax.faces.resource/theme.css?ln=primefaces-sipse HTTP/1.1" 304 -
186.84.21.166 - - [04/Oct/2023:10:45:01 -0500] "GET /sipse/faces/javax.faces.resource/primefaces.js?ln=primefaces&v=4.0 HTTP/1.1" 304 -
186.84.21.166 - - [04/Oct/2023:10:45:01 -0500] "GET /sipse/faces/javax.faces.resource/jquery/jquery-plugins.js?ln=primefaces&v=4.0 HTTP/1.1" 304 -
186.84.21.166 - - [04/Oct/2023:10:45:01 -0500] "GET /sipse/faces/javax.faces.resource/layout/layout.js?ln=primefaces&v=4.0 HTTP/1.1" 304 -
186.84.21.166 - - [04/Oct/2023:10:45:01 -0500] "POST /sipse/faces/presentacion/financiero/solicitudAnulacion/solicitudAnulacion.xhtml HTTP/1.1" 200 19349
201.245.192.253 - - [04/Oct/2023:10:45:03 -0500] "POST /forms/lservlet;jsessionid=ac16012b30d647b157bff0c740abb774b6aa61d30e8f.e3iSbxaKaheRe34Pbx8Nc3aQci1ynknvrkLOlQzNp65In0 HTTP/1.1" 200 2
201.245.192.253 - - [04/Oct/2023:10:45:03 -0500] "POST /kwsrmcab/Wsrmcab  HTTP/1.1" 200 42851
186.84.21.166 - - [04/Oct/2023:10:45:08 -0500] "POST /sipse/faces/presentacion/financiero/solicitudAnulacion/solicitudAnulacion.xhtml HTTP/1.1" 200 63339
186.84.21.166 - - [04/Oct/2023:10:45:08 -0500] "GET /sipse/faces/javax.faces.resource/theme.css?ln=primefaces-sipse HTTP/1.1" 304 -
