201.245.192.253 - - [04/Oct/2023:14:19:09 -0500] "GET /sipse/faces/index.xhtml HTTP/1.1" 200 677
201.245.192.253 - - [04/Oct/2023:14:19:09 -0500] "GET /sipse/faces/javax.faces.resource/theme.css?ln=primefaces-sipse HTTP/1.1" 304 -
201.245.192.253 - - [04/Oct/2023:14:19:09 -0500] "GET /favicon.ico HTTP/1.1" 200 7782
201.245.192.253 - - [04/Oct/2023:14:19:09 -0500] "GET /sipse/faces/faces/autenticacion.xhtml HTTP/1.1" 200 12415
201.245.192.253 - - [04/Oct/2023:14:19:09 -0500] "GET /sipse/faces/javax.faces.resource/theme.css?ln=primefaces-sipse HTTP/1.1" 304 -
201.245.192.253 - - [04/Oct/2023:14:19:09 -0500] "GET /sipse/faces/javax.faces.resource/primefaces.css?ln=primefaces&v=4.0 HTTP/1.1" 304 -
201.245.192.253 - - [04/Oct/2023:14:19:09 -0500] "GET /sipse/faces/javax.faces.resource/jquery/jquery.js?ln=primefaces&v=4.0 HTTP/1.1" 304 -
201.245.192.253 - - [04/Oct/2023:14:19:09 -0500] "GET /sipse/faces/javax.faces.resource/layout/layout.css?ln=primefaces&v=4.0 HTTP/1.1" 304 -
201.245.192.253 - - [04/Oct/2023:14:19:10 -0500] "GET /sipse/faces/javax.faces.resource/jquery/jquery-plugins.js?ln=primefaces&v=4.0 HTTP/1.1" 304 -
201.245.192.253 - - [04/Oct/2023:14:19:10 -0500] "GET /sipse/faces/javax.faces.resource/primefaces.js?ln=primefaces&v=4.0 HTTP/1.1" 304 -
201.245.192.253 - - [04/Oct/2023:14:19:10 -0500] "GET /sipse/faces/javax.faces.resource/layout/layout.js?ln=primefaces&v=4.0 HTTP/1.1" 304 -
201.245.192.253 - - [04/Oct/2023:14:19:10 -0500] "POST /kwsrmcab/Wsrmcab  HTTP/1.1" 200 42851
181.61.157.160 - - [04/Oct/2023:14:19:33 -0500] "POST /sipse/faces/presentacion/financiero/solicitudProceso/listarSolicitudProceso.xhtml HTTP/1.1" 302 -
181.61.157.160 - - [04/Oct/2023:14:19:33 -0500] "GET /sipse/faces/autenticacion.xhtml HTTP/1.1" 200 1099
172.22.2.4 - - [04/Oct/2023:14:19:38 -0500] "GET /BLA/boletinlegal/actos.php HTTP/1.1" 200 9682
172.22.2.4 - - [04/Oct/2023:14:19:55 -0500] "GET /BLA/boletinlegal/consulta_actos.php?tipo=resoluciones&no=2411&usuario=&sector=PEV&fecha=2021&resuelve= HTTP/1.1" 200 1153
201.245.192.253 - - [04/Oct/2023:14:19:57 -0500] "POST /forms/lservlet;jsessionid=ac16012b30d6b37dfcabd26d4ba9ab38dfbe5876d58a.e3iSbxaKaheRe34Pbx8Nc3aQci1ynknvrkLOlQzNp65In0 HTTP/1.1" 200 2
201.245.192.253 - - [04/Oct/2023:14:19:57 -0500] "GET /BLA/resoluciones/RESOLUCIONES%202021/2411.pdf HTTP/1.1" 200 1087805
181.61.157.160 - - [04/Oct/2023:14:19:59 -0500] "GET /sipse/faces/javax.faces.resource/theme.css?ln=primefaces-sipse HTTP/1.1" 304 -
181.61.157.160 - - [04/Oct/2023:14:20:00 -0500] "GET /favicon.ico HTTP/1.1" 200 7782
181.61.157.160 - - [04/Oct/2023:14:20:00 -0500] "GET /sipse/faces/faces/autenticacion.xhtml HTTP/1.1" 200 12415
181.61.157.160 - - [04/Oct/2023:14:20:00 -0500] "GET /sipse/faces/javax.faces.resource/theme.css?ln=primefaces-sipse HTTP/1.1" 304 -
181.61.157.160 - - [04/Oct/2023:14:20:00 -0500] "GET /sipse/faces/javax.faces.resource/jquery/jquery.js?ln=primefaces&v=4.0 HTTP/1.1" 304 -
181.61.157.160 - - [04/Oct/2023:14:20:00 -0500] "GET /sipse/faces/javax.faces.resource/primefaces.css?ln=primefaces&v=4.0 HTTP/1.1" 304 -
181.61.157.160 - - [04/Oct/2023:14:20:00 -0500] "GET /sipse/faces/javax.faces.resource/layout/layout.css?ln=primefaces&v=4.0 HTTP/1.1" 304 -
181.61.157.160 - - [04/Oct/2023:14:20:00 -0500] "GET /sipse/faces/javax.faces.resource/primefaces.js?ln=primefaces&v=4.0 HTTP/1.1" 304 -
181.61.157.160 - - [04/Oct/2023:14:20:00 -0500] "GET /sipse/faces/javax.faces.resource/jquery/jquery-plugins.js?ln=primefaces&v=4.0 HTTP/1.1" 304 -
181.61.157.160 - - [04/Oct/2023:14:20:00 -0500] "GET /sipse/faces/javax.faces.resource/layout/layout.js?ln=primefaces&v=4.0 HTTP/1.1" 304 -
181.61.157.160 - - [04/Oct/2023:14:20:00 -0500] "GET /sipse/faces/javax.faces.resource/images/ui-icons_898989_256x240.png?ln=primefaces-aristo HTTP/1.1" 304 -
181.61.157.160 - - [04/Oct/2023:14:20:03 -0500] "POST /sipse/faces/autenticacion.xhtml HTTP/1.1" 200 16220
181.61.157.160 - - [04/Oct/2023:14:20:03 -0500] "GET /sipse/faces/javax.faces.resource/theme.css?ln=primefaces-sipse HTTP/1.1" 304 -
181.61.157.160 - - [04/Oct/2023:14:20:03 -0500] "GET /sipse/faces/javax.faces.resource/primefaces.css?ln=primefaces&v=4.0 HTTP/1.1" 304 -
181.61.157.160 - - [04/Oct/2023:14:20:03 -0500] "GET /sipse/faces/javax.faces.resource/layout/layout.css?ln=primefaces&v=4.0 HTTP/1.1" 304 -
181.61.157.160 - - [04/Oct/2023:14:20:03 -0500] "GET /sipse/faces/javax.faces.resource/jquery/jquery.js?ln=primefaces&v=4.0 HTTP/1.1" 304 -
181.61.157.160 - - [04/Oct/2023:14:20:03 -0500] "GET /sipse/faces/javax.faces.resource/jquery/jquery-plugins.js?ln=primefaces&v=4.0 HTTP/1.1" 304 -
181.61.157.160 - - [04/Oct/2023:14:20:03 -0500] "GET /sipse/faces/javax.faces.resource/primefaces.js?ln=primefaces&v=4.0 HTTP/1.1" 304 -
181.61.157.160 - - [04/Oct/2023:14:20:03 -0500] "GET /sipse/faces/javax.faces.resource/layout/layout.js?ln=primefaces&v=4.0 HTTP/1.1" 304 -
181.61.157.160 - - [04/Oct/2023:14:20:03 -0500] "GET /sipse/css/imagen/contrasena.png HTTP/1.1" 404 383
181.61.157.160 - - [04/Oct/2023:14:20:03 -0500] "GET /sipse/faces/javax.faces.resource/messages/messages.png?ln=primefaces&v=4.0 HTTP/1.1" 304 -
181.61.157.160 - - [04/Oct/2023:14:20:51 -0500] "GET /sipse/faces/javax.faces.resource/images/ui-bg_flat_0_2d5972_40x100.png?ln=primefaces-aristo HTTP/1.1" 304 -
181.61.157.160 - - [04/Oct/2023:14:20:51 -0500] "POST /sipse/faces/bienvenido.xhtml HTTP/1.1" 200 1471
181.61.157.160 - - [04/Oct/2023:14:20:52 -0500] "POST /sipse/faces/bienvenido.xhtml HTTP/1.1" 200 37475
181.61.157.160 - - [04/Oct/2023:14:20:52 -0500] "GET /sipse/faces/javax.faces.resource/primefaces.css?ln=primefaces&v=4.0 HTTP/1.1" 304 -
181.61.157.160 - - [04/Oct/2023:14:20:52 -0500] "GET /sipse/faces/javax.faces.resource/theme.css?ln=primefaces-sipse HTTP/1.1" 304 -
181.61.157.160 - - [04/Oct/2023:14:20:52 -0500] "GET /sipse/faces/javax.faces.resource/layout/layout.css?ln=primefaces&v=4.0 HTTP/1.1" 304 -
181.61.157.160 - - [04/Oct/2023:14:20:52 -0500] "GET /sipse/faces/javax.faces.resource/jquery/jquery.js?ln=primefaces&v=4.0 HTTP/1.1" 304 -
181.61.157.160 - - [04/Oct/2023:14:20:52 -0500] "GET /sipse/faces/javax.faces.resource/jquery/jquery-plugins.js?ln=primefaces&v=4.0 HTTP/1.1" 304 -
181.61.157.160 - - [04/Oct/2023:14:20:52 -0500] "GET /sipse/faces/javax.faces.resource/primefaces.js?ln=primefaces&v=4.0 HTTP/1.1" 304 -
181.61.157.160 - - [04/Oct/2023:14:20:52 -0500] "GET /sipse/faces/javax.faces.resource/layout/layout.js?ln=primefaces&v=4.0 HTTP/1.1" 304 -
181.61.157.160 - - [04/Oct/2023:14:20:53 -0500] "POST /sipse/faces/presentacion/financiero/solicitudProceso/listarSolicitudProceso.xhtml HTTP/1.1" 200 1424
201.245.192.253 - - [04/Oct/2023:14:21:04 -0500] "POST /forms/lservlet;jsessionid=ac16012b30d647b157bff0c740abb774b6aa61d30e8f.e3iSbxaKaheRe34Pbx8Nc3aQci1ynknvrkLOlQzNp65In0 HTTP/1.1" 200 2
181.61.157.160 - - [04/Oct/2023:14:21:04 -0500] "POST /sipse/faces/presentacion/financiero/solicitudProceso/listarSolicitudProceso.xhtml HTTP/1.1" 200 131929
181.61.157.160 - - [04/Oct/2023:14:21:05 -0500] "GET /sipse/faces/javax.faces.resource/theme.css?ln=primefaces-sipse HTTP/1.1" 304 -
181.61.157.160 - - [04/Oct/2023:14:21:05 -0500] "GET /sipse/faces/javax.faces.resource/primefaces.css?ln=primefaces&v=4.0 HTTP/1.1" 304 -
181.61.157.160 - - [04/Oct/2023:14:21:05 -0500] "GET /sipse/faces/javax.faces.resource/layout/layout.css?ln=primefaces&v=4.0 HTTP/1.1" 304 -
181.61.157.160 - - [04/Oct/2023:14:21:05 -0500] "GET /sipse/faces/javax.faces.resource/jquery/jquery.js?ln=primefaces&v=4.0 HTTP/1.1" 304 -
181.61.157.160 - - [04/Oct/2023:14:21:05 -0500] "GET /sipse/faces/javax.faces.resource/jquery/jquery-plugins.js?ln=primefaces&v=4.0 HTTP/1.1" 304 -
181.61.157.160 - - [04/Oct/2023:14:21:05 -0500] "GET /sipse/faces/javax.faces.resource/primefaces.js?ln=primefaces&v=4.0 HTTP/1.1" 304 -
181.61.157.160 - - [04/Oct/2023:14:21:05 -0500] "GET /sipse/faces/javax.faces.resource/layout/layout.js?ln=primefaces&v=4.0 HTTP/1.1" 304 -
181.61.157.160 - - [04/Oct/2023:14:21:05 -0500] "GET /sipse/faces/javax.faces.resource/dynamiccontent.properties?ln=primefaces&pfdrid=XjOR5%2F%2FfPAZAuY9TpWQeCiM0BhlXxYRBGKi%2FQcXXfeA%3D&pfdrid_c=false HTTP/1.1" 500 383
20.15.133.182 - - [04/Oct/2023:14:21:07 -0500] "GET /residuos/curtiembres/curtiembres.html HTTP/1.1" 200 1965
181.61.157.160 - - [04/Oct/2023:14:21:31 -0500] "POST /sipse/faces/presentacion/financiero/solicitudProceso/consultarSolicitudProceso.xhtml HTTP/1.1" 200 34848
181.61.157.160 - - [04/Oct/2023:14:21:34 -0500] "GET /sipse/faces/javax.faces.resource/theme.css?ln=primefaces-sipse HTTP/1.1" 304 -
181.61.157.160 - - [04/Oct/2023:14:21:34 -0500] "GET /sipse/faces/javax.faces.resource/primefaces.css?ln=primefaces&v=4.0 HTTP/1.1" 304 -
181.61.157.160 - - [04/Oct/2023:14:21:34 -0500] "GET /sipse/faces/javax.faces.resource/layout/layout.css?ln=primefaces&v=4.0 HTTP/1.1" 304 -
181.61.157.160 - - [04/Oct/2023:14:21:36 -0500] "GET /sipse/faces/javax.faces.resource/jquery/jquery.js?ln=primefaces&v=4.0 HTTP/1.1" 304 -
181.61.157.160 - - [04/Oct/2023:14:21:36 -0500] "GET /sipse/faces/javax.faces.resource/jquery/jquery-plugins.js?ln=primefaces&v=4.0 HTTP/1.1" 304 -
181.61.157.160 - - [04/Oct/2023:14:21:36 -0500] "GET /sipse/faces/javax.faces.resource/primefaces.js?ln=primefaces&v=4.0 HTTP/1.1" 304 -
181.61.157.160 - - [04/Oct/2023:14:21:36 -0500] "GET /sipse/faces/javax.faces.resource/layout/layout.js?ln=primefaces&v=4.0 HTTP/1.1" 304 -
181.61.157.160 - - [04/Oct/2023:14:21:36 -0500] "POST /sipse/faces/presentacion/financiero/solicitudProceso/listarSolicitudProceso.xhtml HTTP/1.1" 200 1404
66.249.66.19 - - [04/Oct/2023:14:21:40 -0500] "GET /Publicaciones/2023EE218153.pdf HTTP/1.1" 404 228
181.61.157.160 - - [04/Oct/2023:14:21:41 -0500] "POST /sipse/faces/presentacion/financiero/solicitudProceso/listarSolicitudProceso.xhtml HTTP/1.1" 200 137152
181.61.157.160 - - [04/Oct/2023:14:21:41 -0500] "GET /sipse/faces/javax.faces.resource/theme.css?ln=primefaces-sipse HTTP/1.1" 304 -
181.61.157.160 - - [04/Oct/2023:14:21:41 -0500] "GET /sipse/faces/javax.faces.resource/primefaces.css?ln=primefaces&v=4.0 HTTP/1.1" 304 -
181.61.157.160 - - [04/Oct/2023:14:21:41 -0500] "GET /sipse/faces/javax.faces.resource/layout/layout.css?ln=primefaces&v=4.0 HTTP/1.1" 304 -
181.61.157.160 - - [04/Oct/2023:14:21:41 -0500] "GET /sipse/faces/javax.faces.resource/jquery/jquery.js?ln=primefaces&v=4.0 HTTP/1.1" 304 -
181.61.157.160 - - [04/Oct/2023:14:21:41 -0500] "GET /sipse/faces/javax.faces.resource/jquery/jquery-plugins.js?ln=primefaces&v=4.0 HTTP/1.1" 304 -
181.61.157.160 - - [04/Oct/2023:14:21:42 -0500] "GET /sipse/faces/javax.faces.resource/primefaces.js?ln=primefaces&v=4.0 HTTP/1.1" 304 -
181.61.157.160 - - [04/Oct/2023:14:21:42 -0500] "GET /sipse/faces/javax.faces.resource/layout/layout.js?ln=primefaces&v=4.0 HTTP/1.1" 304 -
181.61.157.160 - - [04/Oct/2023:14:21:42 -0500] "GET /sipse/faces/javax.faces.resource/dynamiccontent.properties?ln=primefaces&pfdrid=XjOR5%2F%2FfPAZAuY9TpWQeCiM0BhlXxYRBGKi%2FQcXXfeA%3D&pfdrid_c=false HTTP/1.1" 500 383
181.61.157.160 - - [04/Oct/2023:14:21:48 -0500] "POST /sipse/faces/presentacion/financiero/solicitudProceso/consultarSolicitudProceso.xhtml HTTP/1.1" 200 147728
66.249.66.20 - - [04/Oct/2023:14:21:50 -0500] "GET /Publicaciones/2023EE217176.pdf HTTP/1.1" 404 228
201.245.192.253 - - [04/Oct/2023:14:21:57 -0500] "POST /forms/lservlet;jsessionid=ac16012b30d6b37dfcabd26d4ba9ab38dfbe5876d58a.e3iSbxaKaheRe34Pbx8Nc3aQci1ynknvrkLOlQzNp65In0 HTTP/1.1" 200 2
216.245.221.92 - - [04/Oct/2023:14:22:16 -0500] "HEAD / HTTP/1.1" 200 -
66.249.66.19 - - [04/Oct/2023:14:22:21 -0500] "GET /Publicaciones/2023EE221737.pdf HTTP/1.1" 200 697675
66.249.66.19 - - [04/Oct/2023:14:22:39 -0500] "GET /Publicaciones/2023EE214587.pdf HTTP/1.1" 404 228
66.249.66.19 - - [04/Oct/2023:14:22:48 -0500] "GET /Publicaciones/2023EE219714.pdf HTTP/1.1" 404 228
201.245.192.253 - - [04/Oct/2023:14:23:04 -0500] "POST /forms/lservlet;jsessionid=ac16012b30d647b157bff0c740abb774b6aa61d30e8f.e3iSbxaKaheRe34Pbx8Nc3aQci1ynknvrkLOlQzNp65In0 HTTP/1.1" 200 2
66.249.66.19 - - [04/Oct/2023:14:23:20 -0500] "GET /Publicaciones/2023EE216548.pdf HTTP/1.1" 404 228
172.22.2.4 - - [04/Oct/2023:14:21:45 -0500] "HEAD /BLA/boletinlegal/ HTTP/1.1" 200 -
201.245.192.253 - - [04/Oct/2023:14:23:57 -0500] "POST /forms/lservlet;jsessionid=ac16012b30d6b37dfcabd26d4ba9ab38dfbe5876d58a.e3iSbxaKaheRe34Pbx8Nc3aQci1ynknvrkLOlQzNp65In0 HTTP/1.1" 200 2
31.13.103.4 - - [04/Oct/2023:14:23:58 -0500] "GET /participa-en-la-convocatoria-para-el-aseguramiento-metrologico-de-la-red-de-monitoreo-de-calidad-del-aire-de-bogota.html HTTP/1.1" 200 848
66.249.66.20 - - [04/Oct/2023:14:24:03 -0500] "GET /Publicaciones/2023EE220833.pdf HTTP/1.1" 404 228
201.245.192.253 - - [04/Oct/2023:14:24:08 -0500] "POST /kwsrmcab/Wsrmcab  HTTP/1.1" 200 42851
172.22.2.4 - - [04/Oct/2023:14:22:36 -0500] "GET /BLA/boletinlegal/ HTTP/1.1" 200 57790
201.245.192.253 - - [04/Oct/2023:14:24:44 -0500] "GET /BLA/resoluciones/RESOLUCIONES%202014/1016.pdf HTTP/1.1" 200 431810
201.245.192.253 - - [04/Oct/2023:14:24:44 -0500] "GET /favicon.ico HTTP/1.1" 200 7782
201.245.192.253 - - [04/Oct/2023:14:25:04 -0500] "POST /forms/lservlet;jsessionid=ac16012b30d647b157bff0c740abb774b6aa61d30e8f.e3iSbxaKaheRe34Pbx8Nc3aQci1ynknvrkLOlQzNp65In0 HTTP/1.1" 200 2
201.245.192.253 - - [04/Oct/2023:14:25:57 -0500] "POST /forms/lservlet;jsessionid=ac16012b30d6b37dfcabd26d4ba9ab38dfbe5876d58a.e3iSbxaKaheRe34Pbx8Nc3aQci1ynknvrkLOlQzNp65In0 HTTP/1.1" 200 2
20.15.133.185 - - [04/Oct/2023:14:26:26 -0500] "GET /BLA/resoluciones/AUTOS%202023/3117.pdf HTTP/1.1" 200 4916070
172.22.2.4 - - [04/Oct/2023:14:26:39 -0500] "GET /BLA/boletinlegal/actos.php HTTP/1.1" 200 9682
172.22.2.4 - - [04/Oct/2023:14:26:55 -0500] "GET /BLA/boletinlegal/consulta_actos.php?tipo=resoluciones&no=3560&usuario=&sector=PEV&fecha=2021&resuelve= HTTP/1.1" 200 1172
201.245.192.253 - - [04/Oct/2023:14:26:57 -0500] "GET /BLA/resoluciones/RESOLUCIONES%202021/3560.pdf HTTP/1.1" 200 572195
201.245.192.253 - - [04/Oct/2023:14:27:04 -0500] "POST /forms/lservlet;jsessionid=ac16012b30d647b157bff0c740abb774b6aa61d30e8f.e3iSbxaKaheRe34Pbx8Nc3aQci1ynknvrkLOlQzNp65In0 HTTP/1.1" 200 2
66.249.66.19 - - [04/Oct/2023:14:27:09 -0500] "GET /Publicaciones/2023EE214599.pdf HTTP/1.1" 404 228
216.245.221.92 - - [04/Oct/2023:14:27:16 -0500] "HEAD / HTTP/1.1" 200 -
201.245.192.253 - - [04/Oct/2023:14:27:44 -0500] "POST /kwsrmcab/Wsrmcab HTTP/1.1" 200 43151
201.245.192.253 - - [04/Oct/2023:14:27:47 -0500] "POST /kwsrmcab/Wsrmcab HTTP/1.1" 200 43024
201.245.192.253 - - [04/Oct/2023:14:27:57 -0500] "POST /forms/lservlet;jsessionid=ac16012b30d6b37dfcabd26d4ba9ab38dfbe5876d58a.e3iSbxaKaheRe34Pbx8Nc3aQci1ynknvrkLOlQzNp65In0 HTTP/1.1" 200 2
52.167.144.20 - - [04/Oct/2023:14:28:13 -0500] "GET /BLA/resoluciones/RESOLUCIONES%202021/0322.pdf HTTP/1.1" 200 699020
201.245.192.253 - - [04/Oct/2023:14:29:04 -0500] "POST /forms/lservlet;jsessionid=ac16012b30d647b157bff0c740abb774b6aa61d30e8f.e3iSbxaKaheRe34Pbx8Nc3aQci1ynknvrkLOlQzNp65In0 HTTP/1.1" 200 2
201.245.192.253 - - [04/Oct/2023:14:29:07 -0500] "POST /kwsrmcab/Wsrmcab  HTTP/1.1" 200 42851
172.22.2.4 - - [04/Oct/2023:14:27:35 -0500] "HEAD /BLA/boletinlegal/ HTTP/1.1" 200 -
201.245.192.253 - - [04/Oct/2023:14:29:57 -0500] "POST /forms/lservlet;jsessionid=ac16012b30d6b37dfcabd26d4ba9ab38dfbe5876d58a.e3iSbxaKaheRe34Pbx8Nc3aQci1ynknvrkLOlQzNp65In0 HTTP/1.1" 200 2
172.22.2.4 - - [04/Oct/2023:14:28:26 -0500] "GET /BLA/boletinlegal/ HTTP/1.1" 200 58187
108.174.2.219 - - [04/Oct/2023:14:30:13 -0500] "GET /mis-de-740-irboles-han-sido-plantados-en-los-%C3%83%C2%BAltimos-d%C3%83%C2%ADas-en-bogoti.html HTTP/1.1" 206 909
201.245.192.253 - - [04/Oct/2023:14:31:04 -0500] "POST /forms/lservlet;jsessionid=ac16012b30d647b157bff0c740abb774b6aa61d30e8f.e3iSbxaKaheRe34Pbx8Nc3aQci1ynknvrkLOlQzNp65In0 HTTP/1.1" 200 2
201.245.192.253 - - [04/Oct/2023:14:31:57 -0500] "POST /forms/lservlet;jsessionid=ac16012b30d6b37dfcabd26d4ba9ab38dfbe5876d58a.e3iSbxaKaheRe34Pbx8Nc3aQci1ynknvrkLOlQzNp65In0 HTTP/1.1" 200 2
216.245.221.92 - - [04/Oct/2023:14:32:16 -0500] "HEAD / HTTP/1.1" 200 -
181.61.157.160 - - [04/Oct/2023:14:32:35 -0500] "POST /sipse/faces/presentacion/financiero/solicitudProceso/consultarSolicitudProceso.xhtml HTTP/1.1" 200 133025
213.32.39.32 - - [04/Oct/2023:14:33:00 -0500] "GET / HTTP/1.1" 200 319
201.245.192.253 - - [04/Oct/2023:14:33:04 -0500] "POST /forms/lservlet;jsessionid=ac16012b30d647b157bff0c740abb774b6aa61d30e8f.e3iSbxaKaheRe34Pbx8Nc3aQci1ynknvrkLOlQzNp65In0 HTTP/1.1" 200 2
201.245.192.253 - - [04/Oct/2023:14:33:57 -0500] "POST /forms/lservlet;jsessionid=ac16012b30d6b37dfcabd26d4ba9ab38dfbe5876d58a.e3iSbxaKaheRe34Pbx8Nc3aQci1ynknvrkLOlQzNp65In0 HTTP/1.1" 200 2
186.84.90.187 - - [04/Oct/2023:14:34:06 -0500] "GET /BLA/resoluciones/index.php?dir= HTTP/1.1" 200 13696
201.245.192.253 - - [04/Oct/2023:14:34:07 -0500] "POST /kwsrmcab/Wsrmcab  HTTP/1.1" 200 42851
186.84.90.187 - - [04/Oct/2023:14:34:19 -0500] "GET /BLA/resoluciones/index.php?dir=AUTOS+2014%2F HTTP/1.1" 200 890688
201.245.192.253 - - [04/Oct/2023:14:34:36 -0500] "POST /sipse/faces/presentacion/financiero/solicitudProceso/listarSolicitudProceso.xhtml HTTP/1.1" 200 143607
201.245.192.253 - - [04/Oct/2023:14:34:37 -0500] "GET /sipse/faces/javax.faces.resource/jquery/jquery.js?ln=primefaces&v=4.0 HTTP/1.1" 304 -
201.245.192.253 - - [04/Oct/2023:14:34:37 -0500] "GET /sipse/faces/javax.faces.resource/jquery/jquery-plugins.js?ln=primefaces&v=4.0 HTTP/1.1" 304 -
201.245.192.253 - - [04/Oct/2023:14:34:37 -0500] "GET /sipse/faces/javax.faces.resource/primefaces.js?ln=primefaces&v=4.0 HTTP/1.1" 304 -
201.245.192.253 - - [04/Oct/2023:14:34:37 -0500] "GET /sipse/faces/javax.faces.resource/layout/layout.js?ln=primefaces&v=4.0 HTTP/1.1" 304 -
201.245.192.253 - - [04/Oct/2023:14:34:37 -0500] "GET /sipse/faces/javax.faces.resource/dynamiccontent.properties?ln=primefaces&pfdrid=XjOR5%2F%2FfPAZAuY9TpWQeCiM0BhlXxYRBGKi%2FQcXXfeA%3D&pfdrid_c=false HTTP/1.1" 500 383
201.245.192.253 - - [04/Oct/2023:14:35:04 -0500] "POST /forms/lservlet;jsessionid=ac16012b30d647b157bff0c740abb774b6aa61d30e8f.e3iSbxaKaheRe34Pbx8Nc3aQci1ynknvrkLOlQzNp65In0 HTTP/1.1" 200 2
66.249.66.19 - - [04/Oct/2023:14:35:04 -0500] "GET /Publicaciones/2023EE216516.pdf HTTP/1.1" 404 228
172.22.2.4 - - [04/Oct/2023:14:33:25 -0500] "HEAD /BLA/boletinlegal/ HTTP/1.1" 200 -
66.249.66.20 - - [04/Oct/2023:14:35:20 -0500] "GET /Publicaciones/2023EE220452.pdf HTTP/1.1" 404 228
172.22.2.4 - - [04/Oct/2023:14:34:16 -0500] "GET /BLA/boletinlegal/ HTTP/1.1" 200 58187
201.245.192.253 - - [04/Oct/2023:14:35:57 -0500] "POST /forms/lservlet;jsessionid=ac16012b30d6b37dfcabd26d4ba9ab38dfbe5876d58a.e3iSbxaKaheRe34Pbx8Nc3aQci1ynknvrkLOlQzNp65In0 HTTP/1.1" 200 2
66.249.66.19 - - [04/Oct/2023:14:36:08 -0500] "GET /Publicaciones/2023EE215850.pdf HTTP/1.1" 404 228
186.84.90.187 - - [04/Oct/2023:14:36:53 -0500] "GET /BLA/resoluciones/AUTOS%202014/0305.pdf HTTP/1.1" 200 827164
186.84.90.187 - - [04/Oct/2023:14:36:53 -0500] "GET /BLA/resoluciones/AUTOS%202014/0305.pdf HTTP/1.1" 206 1025
186.84.90.187 - - [04/Oct/2023:14:36:53 -0500] "GET /BLA/resoluciones/AUTOS%202014/0305.pdf HTTP/1.1" 200 827164
201.245.192.253 - - [04/Oct/2023:14:37:04 -0500] "POST /forms/lservlet;jsessionid=ac16012b30d647b157bff0c740abb774b6aa61d30e8f.e3iSbxaKaheRe34Pbx8Nc3aQci1ynknvrkLOlQzNp65In0 HTTP/1.1" 200 2
201.245.192.253 - - [04/Oct/2023:14:37:09 -0500] "GET /appsia/controlador HTTP/1.1" 200 4799
201.245.192.253 - - [04/Oct/2023:14:37:09 -0500] "GET /appsia/css/estilos.css HTTP/1.1" 200 4804
201.245.192.253 - - [04/Oct/2023:14:37:09 -0500] "GET /appsia/scripts/validarIngreso.js HTTP/1.1" 200 851
201.245.192.253 - - [04/Oct/2023:14:37:09 -0500] "GET /appsia/images/cabezoteHojaVida.png HTTP/1.1" 200 32493
201.245.192.253 - - [04/Oct/2023:14:37:09 -0500] "GET /appsia/images/logo_bogota_p.png HTTP/1.1" 200 14951
201.245.192.253 - - [04/Oct/2023:14:37:09 -0500] "GET /favicon.ico HTTP/1.1" 200 7782
201.245.192.253 - - [04/Oct/2023:14:37:13 -0500] "POST /appsia/controlador HTTP/1.1" 200 3603
201.245.192.253 - - [04/Oct/2023:14:37:13 -0500] "GET /appsia/jscripts/validarSolicitud.js HTTP/1.1" 404 68
216.245.221.92 - - [04/Oct/2023:14:37:16 -0500] "HEAD / HTTP/1.1" 200 -
201.245.192.253 - - [04/Oct/2023:14:37:17 -0500] "POST /appsia/controlador HTTP/1.1" 200 4799
201.245.192.253 - - [04/Oct/2023:14:37:33 -0500] "POST /appsia/controlador HTTP/1.1" 200 5437
201.245.192.253 - - [04/Oct/2023:14:37:37 -0500] "POST /appsia/controlador HTTP/1.1" 200 7779
66.249.66.20 - - [04/Oct/2023:14:37:42 -0500] "GET /Publicaciones/2023EE214347.pdf HTTP/1.1" 404 228
34.90.20.40 - - [04/Oct/2023:14:37:46 -0500] "GET /proximo-4-de-octubre-simulacro-distrital-de-evacuacion-dia-y-noche.html HTTP/1.1" 200 783
201.245.192.253 - - [04/Oct/2023:14:37:44 -0500] "POST /kwsrmcab/Wsrmcab HTTP/1.1" 200 43151
201.245.192.253 - - [04/Oct/2023:14:37:48 -0500] "POST /kwsrmcab/Wsrmcab HTTP/1.1" 200 43024
201.245.192.253 - - [04/Oct/2023:14:37:57 -0500] "POST /forms/lservlet;jsessionid=ac16012b30d6b37dfcabd26d4ba9ab38dfbe5876d58a.e3iSbxaKaheRe34Pbx8Nc3aQci1ynknvrkLOlQzNp65In0 HTTP/1.1" 200 2
66.102.8.38 - - [04/Oct/2023:14:38:06 -0500] "GET /galeria/galeria/fotos/Soratama1G.jpg HTTP/1.1" 200 127762
201.245.192.253 - - [04/Oct/2023:14:38:07 -0500] "POST /appsia/controlador HTTP/1.1" 200 5238
201.245.192.253 - - [04/Oct/2023:14:38:12 -0500] "GET /appsia/controlador?comando=ingresarMenuPrincipal&id=52857550&funcionario=LEILA+MONTENEGRO+MENDIETA&desde=52857550&hasta=52857550&version=52857550&accion=Regresar HTTP/1.1" 200 5437
66.249.66.19 - - [04/Oct/2023:14:38:12 -0500] "GET /Publicaciones/2023EE218975.pdf HTTP/1.1" 404 228
201.245.192.253 - - [04/Oct/2023:14:38:13 -0500] "POST /appsia/controlador HTTP/1.1" 200 7779
201.245.192.253 - - [04/Oct/2023:14:38:18 -0500] "POST /appsia/controlador HTTP/1.1" 200 6644
201.245.192.253 - - [04/Oct/2023:14:38:19 -0500] "POST /appsia/controlador HTTP/1.1" 200 9844
201.245.192.253 - - [04/Oct/2023:14:38:32 -0500] "POST /appsia/controlador HTTP/1.1" 200 75763
201.245.192.253 - - [04/Oct/2023:14:38:36 -0500] "POST /appsia/controlador HTTP/1.1" 200 7779
201.245.192.253 - - [04/Oct/2023:14:38:39 -0500] "POST /appsia/controlador HTTP/1.1" 200 6644
201.245.192.253 - - [04/Oct/2023:14:38:42 -0500] "POST /appsia/controlador HTTP/1.1" 200 9846
66.249.66.19 - - [04/Oct/2023:14:38:44 -0500] "GET /Publicaciones/2023EE215075.pdf HTTP/1.1" 404 228
66.249.66.19 - - [04/Oct/2023:14:38:47 -0500] "GET /Publicaciones/2023EE218930.pdf HTTP/1.1" 404 228
201.245.192.253 - - [04/Oct/2023:14:38:48 -0500] "POST /appsia/controlador HTTP/1.1" 200 75761
201.245.192.253 - - [04/Oct/2023:14:38:50 -0500] "POST /appsia/controlador HTTP/1.1" 200 7779
201.245.192.253 - - [04/Oct/2023:14:38:56 -0500] "POST /appsia/controlador HTTP/1.1" 200 6644
201.245.192.253 - - [04/Oct/2023:14:38:58 -0500] "POST /appsia/controlador HTTP/1.1" 200 9846
201.245.192.253 - - [04/Oct/2023:14:39:04 -0500] "POST /forms/lservlet;jsessionid=ac16012b30d647b157bff0c740abb774b6aa61d30e8f.e3iSbxaKaheRe34Pbx8Nc3aQci1ynknvrkLOlQzNp65In0 HTTP/1.1" 200 2
201.245.192.253 - - [04/Oct/2023:14:39:06 -0500] "POST /appsia/controlador HTTP/1.1" 200 75760
201.245.192.253 - - [04/Oct/2023:14:39:04 -0500] "POST /kwsrmcab/Wsrmcab  HTTP/1.1" 200 42851
66.249.66.20 - - [04/Oct/2023:14:39:16 -0500] "GET /Publicaciones/2023EE216521.pdf HTTP/1.1" 404 228
66.249.66.21 - - [04/Oct/2023:14:39:55 -0500] "GET /Publicaciones/2023EE222023.pdf HTTP/1.1" 200 470493
201.245.192.253 - - [04/Oct/2023:14:39:57 -0500] "POST /forms/lservlet;jsessionid=ac16012b30d6b37dfcabd26d4ba9ab38dfbe5876d58a.e3iSbxaKaheRe34Pbx8Nc3aQci1ynknvrkLOlQzNp65In0 HTTP/1.1" 200 2
192.168.172.34 - - [04/Oct/2023:14:40:01 -0500] "GET /BLA/boletinlegal/consulta_actos.php?tipo=resoluciones&no=1639&usuario=&sector=&fecha=2023&resuelve= HTTP/1.1" 200 1121
66.249.66.19 - - [04/Oct/2023:14:40:12 -0500] "GET /Publicaciones/2023EE213950.pdf HTTP/1.1" 404 228
185.216.71.45 - - [04/Oct/2023:14:40:14 -0500] "GET / HTTP/1.1" 200 319
172.22.2.4 - - [04/Oct/2023:14:39:15 -0500] "HEAD /BLA/boletinlegal/ HTTP/1.1" 200 -
201.245.192.253 - - [04/Oct/2023:14:41:04 -0500] "POST /forms/lservlet;jsessionid=ac16012b30d647b157bff0c740abb774b6aa61d30e8f.e3iSbxaKaheRe34Pbx8Nc3aQci1ynknvrkLOlQzNp65In0 HTTP/1.1" 200 2
66.249.66.21 - - [04/Oct/2023:14:41:14 -0500] "GET /Publicaciones/2023EE218109.pdf HTTP/1.1" 404 228
69.63.189.6 - - [04/Oct/2023:14:41:29 -0500] "GET /participa-en-la-convocatoria-para-el-aseguramiento-metrologico-de-la-red-de-monitoreo-de-calidad-del-aire-de-bogota.html HTTP/1.1" 200 848
172.22.2.4 - - [04/Oct/2023:14:40:08 -0500] "GET /BLA/boletinlegal/ HTTP/1.1" 200 57790
201.245.192.253 - - [04/Oct/2023:14:41:57 -0500] "POST /forms/lservlet;jsessionid=ac16012b30d6b37dfcabd26d4ba9ab38dfbe5876d58a.e3iSbxaKaheRe34Pbx8Nc3aQci1ynknvrkLOlQzNp65In0 HTTP/1.1" 200 2
186.84.90.74 - - [04/Oct/2023:14:42:02 -0500] "GET /kwssiamovil/sm/ldap/au?x=U2FsdGVkX19/hD2StLBwK8M0A1WuILJ4bmJpdpEsDdRsjMoQ61ZxIP3zlzolMa49L6mbgDvn9RIqlvL7API7gg==&y=U2FsdGVkX1+vbomAdHu8Ueqrr3bx0dKemMdK6aadHlpIMefuVQvpOK4WlA/c9c4L HTTP/1.1" 200 30
186.84.90.74 - - [04/Oct/2023:14:42:02 -0500] "GET /kwssiamovil/sm/acme/s?s=U2FsdGVkX1/pYd1mebTQFwyrYs2Rd6adUHsbVGqdOe7AIjNF/L7BabmpkNzMZ+Y6wIkgfzZlnCpNLfOd2E7I0UcUjM9nIEMnd1f2mNa6Tv8=&u=U2FsdGVkX1+4ZyF1zgKa5Xk18u/uW8rfIqPJe+gSp00=&y=U2FsdGVkX1+vbomAdHu8Ueqrr3bx0dKemMdK6aadHlpIMefuVQvpOK4WlA/c9c4L HTTP/1.1" 200 97
186.84.90.74 - - [04/Oct/2023:14:42:02 -0500] "GET /kwssiamovil/sm/acme/s?s=U2FsdGVkX19HtJHcDgFPFy9FR0Y9d1TiI7SUd/X83sMjlKvDaKpBDNbNN+a/FjoqRZvE3+lkEPQtn8WXsWMRCKu0EWarezgpjCkPuseZcoqKtjuDr3Sh465T5XEx/TkB9JaGklcC8ZwD07RPRs2ZW7SGihRxBD0nk+xzL9C0+XOOFvSSH5t5mHlQ5EJv9HOsmyhw2WnLZYb6ihiDM0V2rBJPGLgYIxgha08vaX0TdhrdzlDKcf/lup2TKrXECDKx0wkv1uhlQl3254mjLJyiWqST/+Vu9IqFvJ77nBurMITaJwwBLKS0awXiUQR3aMi3X7CF9y3kBShUBDILie0Sa/B6keDX7msQA229EwFPNGZQZW1Abqc1VZyCf1EXrFEvQsSYOSAiC20O/wtnCqGHY/FNL9NIn6vCDRmdOGv8YnzGT7bPrIsxhiF7kTAdNnTFQWsOrwNW0Npil3ca0tsiY4PcIK+ufdAJt30sooaaCL5dQDnHTDYcFeZV758VKhq3E4FEdRi1uyF+xc24kEeLOp+6G5AGrxJ3BmDaV6utaYqTZ8ocN/LKFXje53VbLYPSFWGP9xwvHTf0L36O+wZzJeR3dzWDrQzVJOOC8RZ+++07++3h4RQ1t899oWeWLmdZntCgsGUI4U+gRIQ1lp9WXFHrkE9U7QNmeZ42egg2BGf5C6SpQ0UFt4by1DXKEfi5bTSXc6Upa8p6yyLKQ+597lb2XMkUD9jwQN7lBgYnJ9/7hbbSpPQ9XgFDs54aBABcVPekQx2Qpow2k6g8KClt3NbBn/0VS+0AK1QgkqvoWlR9957KTpRilhpOHcfrULFIEGdMq63E6ekco2D3K/EmqrfFXWZWeQSoT4kk4L4qT5+S4968gX2UTUee1RnkDFjjN3DHil6inONYKGgFQYsR6+FuRRfvGay2XjHFmCdAqsv5QJePrNL4f7UD09miDIrrl5dPSCICkbA489WU3RJ+P33AavzN4rsw1O+xGd+lkpiRReWy5VhmyJW8qm0MdNjFZvGBwdDzrrornq7c6U84drBtrrT0N75NvVTvLzHai1pdGbc0skP4f5WL5ElI2mWk92PidruAWkF6hUICovvvzwVKMh/OcqMrQQDHhZch/qBJKIzv4rmqM0jco86QLBFzRuJYfOEucsc0LQO+c48owOM+4mnu7z7vdIKpcufpi4yPQIGB1PUG2ahscOsZoClaqzuRCqAKRta0C5N/8bHVHwhIrmqVmmCdkIoWnpt7R/C4t8YAPeLam6d1clTAdXxF4X/S9l/S3va34/iZFkPvJiyTb4L0jVEvqG6kOQqMw4WRk1unHiiX5SYIZwlvxBZJyDys9alzo+kFjnDnSmJ0uweyDQbUwHqEADetTP9oR7oA5cvROmfko09+5cAV6JSbWBY8/mfgjgcxMo8NIWmabnU6ZUpB17McdfKxZ2of6IM=&u=U2FsdGVkX1+4ZyF1zgKa5Xk18u/uW8rfIqPJe+gSp00=&y=U2FsdGVkX1+vbomAdHu8Ueqrr3bx0dKemMdK6aadHlpIMefuVQvpOK4WlA/c9c4L HTTP/1.1" 200 356
186.84.90.74 - - [04/Oct/2023:14:42:02 -0500] "GET /kwssiamovil/sm/acme/s?s=U2FsdGVkX18f7QJjUuHSswlFrEbhHxZ2riUwFXy3FjjYb2pjrudvTpM3+XIO0mxUIVtMsUAH5ag8tYzM08bAKuK/oToVOErcWQUYrmVS51HgHsacPj/C1RxX2XKB12Hfu3o2h+q9ml1bc1j/16cyl+9wmr8+j0IEzzqaSwD4EQ72c4KbuWVbfgnkr2E0+JB86U1mB9oA4DpnjRr0SSrSgXAfWZE+rdSU6dPovp6PAM3YOaEF7p6hP2UZ7X+hld0hMOQqFT3q51jHdE45uoSIbKfL8+C0tsahWdV4cHVuTFXnKTQTI6GLtoIAkRASNldbHcMbHJOSN/XJ1c7mEtRD1I5h1KWpEH5Mzf6MVEK+gvs=&u=U2FsdGVkX1+4ZyF1zgKa5Xk18u/uW8rfIqPJe+gSp00=&y=U2FsdGVkX1+vbomAdHu8Ueqrr3bx0dKemMdK6aadHlpIMefuVQvpOK4WlA/c9c4L HTTP/1.1" 200 196
186.84.90.74 - - [04/Oct/2023:14:42:02 -0500] "GET /kwssiamovil/sm/cjson/pre?f=1&x=U2FsdGVkX19/hD2StLBwK8M0A1WuILJ4bmJpdpEsDdRsjMoQ61ZxIP3zlzolMa49L6mbgDvn9RIqlvL7API7gg== HTTP/1.1" 200 31032
216.245.221.92 - - [04/Oct/2023:14:42:16 -0500] "HEAD / HTTP/1.1" 200 -
201.245.192.253 - - [04/Oct/2023:14:43:04 -0500] "POST /forms/lservlet;jsessionid=ac16012b30d647b157bff0c740abb774b6aa61d30e8f.e3iSbxaKaheRe34Pbx8Nc3aQci1ynknvrkLOlQzNp65In0 HTTP/1.1" 200 2
66.249.66.21 - - [04/Oct/2023:14:43:15 -0500] "GET /Publicaciones/2023EE215585.pdf HTTP/1.1" 404 228
66.249.66.19 - - [04/Oct/2023:14:43:30 -0500] "GET /Publicaciones/2023EE221385.pdf HTTP/1.1" 404 228
201.245.192.253 - - [04/Oct/2023:14:43:57 -0500] "POST /forms/lservlet;jsessionid=ac16012b30d6b37dfcabd26d4ba9ab38dfbe5876d58a.e3iSbxaKaheRe34Pbx8Nc3aQci1ynknvrkLOlQzNp65In0 HTTP/1.1" 200 2
201.245.192.253 - - [04/Oct/2023:14:44:04 -0500] "POST /kwsrmcab/Wsrmcab  HTTP/1.1" 200 42851
52.167.144.176 - - [04/Oct/2023:14:44:12 -0500] "GET /BLA/resoluciones/RESOLUCIONES%202021/1452.pdf HTTP/1.1" 200 839395
186.30.47.23 - - [04/Oct/2023:14:44:29 -0500] "GET /BLA/resoluciones/index.php?dir=AUTOS+2017%2F HTTP/1.1" 200 470604
66.249.66.21 - - [04/Oct/2023:14:44:30 -0500] "GET /Publicaciones/2023EE218079.pdf HTTP/1.1" 404 228
186.30.47.23 - - [04/Oct/2023:14:44:41 -0500] "GET /BLA/resoluciones/index.php?dir=AUTOS+2018%2F HTTP/1.1" 200 464648
66.249.66.20 - - [04/Oct/2023:14:44:43 -0500] "GET /Publicaciones/2023EE218267.pdf HTTP/1.1" 404 228
201.245.192.253 - - [04/Oct/2023:14:45:04 -0500] "POST /forms/lservlet;jsessionid=ac16012b30d647b157bff0c740abb774b6aa61d30e8f.e3iSbxaKaheRe34Pbx8Nc3aQci1ynknvrkLOlQzNp65In0 HTTP/1.1" 200 2
181.59.2.47 - - [04/Oct/2023:14:45:47 -0500] "GET /secretaria-de-ambiente-hace-un-llamado-para-prevenir-y-reportar-incendios-forestales-en-bogota.html HTTP/1.1" 200 1158
181.59.2.47 - - [04/Oct/2023:14:45:47 -0500] "GET /images/pieza-incendios-forestales-3-febrero.jpg HTTP/1.1" 200 40357
201.245.192.253 - - [04/Oct/2023:14:45:57 -0500] "POST /forms/lservlet;jsessionid=ac16012b30d6b37dfcabd26d4ba9ab38dfbe5876d58a.e3iSbxaKaheRe34Pbx8Nc3aQci1ynknvrkLOlQzNp65In0 HTTP/1.1" 200 2
66.249.66.19 - - [04/Oct/2023:14:46:13 -0500] "GET /Publicaciones/2023EE215694.pdf HTTP/1.1" 404 228
66.249.66.20 - - [04/Oct/2023:14:46:29 -0500] "GET /Publicaciones/2023EE220670.pdf HTTP/1.1" 404 228
172.22.2.4 - - [04/Oct/2023:14:45:08 -0500] "HEAD /BLA/boletinlegal/ HTTP/1.1" 200 -
157.55.39.203 - - [04/Oct/2023:14:46:49 -0500] "GET /BLA/resoluciones/ HTTP/1.1" 200 13696
191.156.157.158 - - [04/Oct/2023:14:47:01 -0500] "GET /piloto-de-etiquetado-herramienta-para-clasificar-ambientalmente-los-vehiculos-segun-cuanto-emiten.html HTTP/1.1" 200 985
201.245.192.253 - - [04/Oct/2023:14:47:04 -0500] "POST /forms/lservlet;jsessionid=ac16012b30d647b157bff0c740abb774b6aa61d30e8f.e3iSbxaKaheRe34Pbx8Nc3aQci1ynknvrkLOlQzNp65In0 HTTP/1.1" 200 2
216.245.221.92 - - [04/Oct/2023:14:47:16 -0500] "HEAD / HTTP/1.1" 200 -
190.60.124.58 - - [04/Oct/2023:14:47:20 -0500] "GET /catalogoisis/ HTTP/1.1" 200 8575
190.60.124.58 - - [04/Oct/2023:14:47:21 -0500] "GET /catalogoisis/Css/Busqueda.css HTTP/1.1" 200 1995
190.60.124.58 - - [04/Oct/2023:14:47:21 -0500] "GET /catalogoisis/Js/CriterioCombinada.js HTTP/1.1" 200 1843
190.60.124.58 - - [04/Oct/2023:14:47:21 -0500] "GET /catalogoisis/Js/Cookies.js HTTP/1.1" 200 1369
190.60.124.58 - - [04/Oct/2023:14:47:21 -0500] "GET /catalogoisis/Js/AceptarLimpiar.js HTTP/1.1" 200 331
190.60.124.58 - - [04/Oct/2023:14:47:21 -0500] "GET /catalogoisis/Js/Go.js HTTP/1.1" 200 364
190.60.124.58 - - [04/Oct/2023:14:47:21 -0500] "GET /catalogoisis/Js/LimpiarCombinada.js HTTP/1.1" 200 207
190.60.124.58 - - [04/Oct/2023:14:47:21 -0500] "GET /catalogoisis/Js/Remote.js HTTP/1.1" 200 436
190.60.124.58 - - [04/Oct/2023:14:47:21 -0500] "GET /catalogoisis/Js/Enter.js HTTP/1.1" 200 1208
190.60.124.58 - - [04/Oct/2023:14:47:21 -0500] "GET /catalogoisis/Js/Numero.js HTTP/1.1" 200 398
190.60.124.58 - - [04/Oct/2023:14:47:21 -0500] "GET /catalogoisis/imagenes/br1c1.gif HTTP/1.1" 200 172
190.60.124.58 - - [04/Oct/2023:14:47:21 -0500] "GET /catalogoisis/imagenes/br1c3.gif HTTP/1.1" 200 302
190.60.124.58 - - [04/Oct/2023:14:47:21 -0500] "GET /catalogoisis/imagenes/Turnbo1.gif HTTP/1.1" 200 227
190.60.124.58 - - [04/Oct/2023:14:47:21 -0500] "GET /catalogoisis/imagenes/limpiar1.gif HTTP/1.1" 200 606
190.60.124.58 - - [04/Oct/2023:14:47:21 -0500] "GET /catalogoisis/imagenes/aceptar1.gif HTTP/1.1" 200 604
190.60.124.58 - - [04/Oct/2023:14:47:21 -0500] "GET /catalogoisis/imagenes/br3c1.gif HTTP/1.1" 200 177
190.60.124.58 - - [04/Oct/2023:14:47:21 -0500] "GET /catalogoisis/imagenes/Header.gif HTTP/1.1" 200 27040
190.60.124.58 - - [04/Oct/2023:14:47:21 -0500] "GET /catalogoisis/imagenes/br3c2.gif HTTP/1.1" 200 285
190.60.124.58 - - [04/Oct/2023:14:47:21 -0500] "GET /catalogoisis/imagenes/br3c3.gif HTTP/1.1" 200 186
190.60.124.58 - - [04/Oct/2023:14:47:21 -0500] "GET /catalogoisis/imagenes/br2c3.gif HTTP/1.1" 200 416
190.60.124.58 - - [04/Oct/2023:14:47:21 -0500] "GET /catalogoisis/imagenes/br2c1.gif HTTP/1.1" 200 297
190.60.124.58 - - [04/Oct/2023:14:47:21 -0500] "GET /catalogoisis/imagenes/br2c2.gif HTTP/1.1" 200 302
190.60.124.58 - - [04/Oct/2023:14:47:21 -0500] "GET /catalogoisis/imagenes/br1c2.gif HTTP/1.1" 200 297
190.60.124.58 - - [04/Oct/2023:14:47:21 -0500] "GET /favicon.ico HTTP/1.1" 200 7782
172.22.2.4 - - [04/Oct/2023:14:45:59 -0500] "GET /BLA/boletinlegal/ HTTP/1.1" 200 52656
201.245.192.253 - - [04/Oct/2023:14:47:57 -0500] "POST /forms/lservlet;jsessionid=ac16012b30d6b37dfcabd26d4ba9ab38dfbe5876d58a.e3iSbxaKaheRe34Pbx8Nc3aQci1ynknvrkLOlQzNp65In0 HTTP/1.1" 200 2
186.84.90.74 - - [04/Oct/2023:14:48:09 -0500] "GET /kwssiamovil/sm/acme/a?s=U2FsdGVkX18EBnUbADEDrjP1tn6D/Jle4rzsYx+4eFwgpK0mNJt2uJqdTDb14mEHsQ7dvMNjkmQ0IRbG1/Yw0YfoGBaWcwo6t3G0nCcToC0NLAO2lBXAf7KrQuVGn3qcf840V/ndpb1G8GkeU44HSgIQM7+LLjosWtbSvF8PS+WVFXRZEs5KW7Du2nktzbAtVUEgH0NN7AE7wKwoZym24eNAHYVa/CSExcsGZRGa6KAYE/GQZoSe7iulaQCjqbTamvxCduQgafffL9g7P9daPQ==&u=U2FsdGVkX1+4ZyF1zgKa5Xk18u/uW8rfIqPJe+gSp00=&y=U2FsdGVkX1+vbomAdHu8Ueqrr3bx0dKemMdK6aadHlpIMefuVQvpOK4WlA/c9c4L HTTP/1.1" 200 26
186.84.90.74 - - [04/Oct/2023:14:48:10 -0500] "GET /kwssiamovil/sm/acme/a?s=U2FsdGVkX18TnTOq0+irUt4eOvHZytfytz6GlBqvTOngTEiHhcwgnehqFKaPcuOkCKFiIhNbzXZFohe6gjm0tlJgq4sOpQiEYpfetasHU0iElnAJR3lC6D+GUj6iJFDypGikS1HfrN6bye0+9ZTZy0Q2qv2Jfrcp7bHptgEpw97p/gc3+ln9jei89FEK0zlxfJvNhBgZkBPKOFt+mOIPOxDCVN28RvXqaAdEpPdJa0fkKnmIcuFFu4z5BtHZOfIumgmOvQR3/7JKBhGdC+DO59MOIgCs3MlVwxEbXpL48xgnhwlF/l3So3fKE8C2oiQ/Uf+sAr1gDgEOGBrb06ja7hi8pGKxCANzEHlBBbtQjlvuhXp6otyepHsbg0yMs6HJLeg5nFTeKflJ1W7JLCcMKrlqA6dP2lIVSYjbQdG7GY9fYNAyEuELbM3CpzSjtxqtHjdMcGH9dNbuRnvfN1w1OCbTsk/wJezWIItw8Zb+xvvY+UFoUahbmh6iNZsHkXHmMNEAccJNrxYhUuaL/J/Mz+UN4NxxwPxWAjFDe4Yp0OVwfrOHpKDrpuu/GT7zTil7zraGYXnbLj1jqFaUCp9W6IQkNihDPQRMW66IxmVsKLU4Yxd56z3Nd1zoD9YrG0Dqz3Di6tdxZCyxAn7SyCRPrGxiU2mL0UOXtVD47jO4I1E8NcuckNLcYN+umVkVvaKXovbsITyus+AOFkpalGpgeDdbnz8eufv0YKTmnZzCfVMbgebgKl8yZyRwiC8hRJwoWetNypaDvhM59VIzSjZwJGXHGTbEc1yEyzvOJ+AgmV5VsMTCG5C5FEpHKTN2Yo2B8FFqeaPnxZj7JL8hFcvn5QeubwUVAgC++Znwh+/CSnwrPG1y2xNHCKIivNGQzJXU5fYrg5SFy+JxfB8DOlZS/+xdZrNwGgO4Y17OZA4sSROqCDZp7Kzt9F04Q4hoGP10tcMPblkhBYOSZjS4jzx36dHwq/3Bv2WkkhMaQY6E8vXW9qFlMZQmYs4NHUbl19SFQtzrbdqgb0SoisclDF3btZhaGiU5OSr0eOvysNSYhHMUforAAxaNzoUE+A+dcO42uDQh4wRdrqv7Kv61ORI0Ls1AuQ/kg2wgr9Qqr4ntMNvCw9H+bE80Lbxj6SBgDtX36bX0YzpRKO4yjrmoLWfXCQI2UBmDzXVpc5YqW6oHnLqwF7ANogLeLsx8f3jfx1vjKf4X3eeE/1lJnXczsqjsoGEqCR1mCORwYEbD7xyuq1MOV5Ng1K8M7WpTyQN9ZaiHYtpmmzS+GRDRkICSKz572eFq0wS8DWCWjyTNJP+f4Li3LZrA2WMl+4pflkWO4O4PJevUWGHw227Dh8EbbeUGDpfLraRlmpaPefqdUf7VzYcXS7N4vnEAhZxRfekmnRAL88i0KPs+VZtJOu5DuC8F2jzkiRRGsmxPXX/4/nAm+jE8tbMRuaar5FnDGngSSrOrca9hyK9XmOFjJfpZSQxBjux210NbVjhnLTUTBhDiYRg7i3P5Ymn/10coUniz7Z8WXZqc2mWdWAsiYk0rOXnRAYcL/MSZUaC0Nt+TrorEL59gx+0moETJrFQZT0D5Nifo1qjKyqKmZCPkgHkHU1icCJSIXEYASCFcDoCOS4HO3e2eX0E5m8SuJf6Wmd4/GPcSE0zvuxBvfF33jq+1Q3mAKcXLoCsL4OlJywKp7H6jB/bdfgFp6l75HL0WRCpGwDHZQScSpOtAlTSSKqtleVDLSjuv1in3E1QO88Meqtd4XX9EhBJgQEQ0Lls897sGmuCWmGxXVm8HipAGbO5BmhCL6jJEv1MwrKpAh9GF75SXILYEDxL0BUys3UQFQTdeHl0YvBaE48wSpOk5K6w8osrGv3P4mQvavdvl5RpWcs50u1UQW+BWjALzZsehC9yJwUHEZM1nftE8k7ToVnhv6+r4Zj3cq4NMRao3tCq44fenm4MtIdSpPU2eF45jsFhLXn3K/iIeI7Ehbb2cLrEcMJ129wh822BEEn8D/HJ6pZC674ygqyhUDE33UOBJKUJbxrd6xuY8QTMb/S83KlJ57ZxrmSmwVxpCy6AdQZtYkwP84K+y6ThlmyoKIJmLHi8txajnjOUKvceW2riV4sWqlOSUIwTXT/Olokq1TuXp2IDyqfaGs3xGI8IYodK2hTU1jsRpvmpyOJZ7EqvNaiqt8BlRnWhOBj0wJRw5wOmjOUojE5o14cFCrNLIU2/QJ1+c6/RngqAE4wgQ4koC7JsXg8Rg+G+LWwWfXSiV8Sw3gRb0VCFrZiryf5QT+Gk0v1or/82XigWycrFLEmUwbglIKhXpb0P/Vff7AEw0+Z9t/NrDyvtZU9jOE4L5uvF3csgi6Jjepvm7zIOPJEEjacgBqltzXrdDD4ZOy4IWcOxSx1ftn5XQH5kYYO6AJHAtNbVbnw6BhnNDpUDNTyEwRFgnrOOSqTC+toNAWUTqeTYj1UhYesQ302HVyMTriupIPZcNWR2AUzkgFYIoRbstpJlsA8wCIu9V1Jt5k7ObyaxEpj2eBZzdq63GzKibkSQ1y8pR8Gf+HU7PxPOUe2UNKY2QG1OqslJWT2EMbVJwpI4PdJnplXRxXe0KtEGBoEQZXRqTNONE8PbdKKcDaPdivMNCtSWIWCxgFPMWUENuOI21XD3tSDjMW5sEA/ATRLqbnWDRAzi6Fq+ZPcJPhaC6nS+KyFrjCwBcGQhPZdf0QMOdK7agaAwF9tdzZcPEWB2piBrYj8EsZoJmqDJYPYfRSEvkIXXihMH7lt1HVIPE3mikrQPtMvHLvCt0P2OoF/P5DpPMbotatJExhqE33NIXk/6keaV2qMjRt+FA/Y7YjseNmMXROiu1NZJUBQAmbcv0QLCnc2nIDZLknsr22XfuGur2T0l5tqyJTe3gLB7JiJ2Fx8TK90dpjiNtX9JoUxc2GKsV7w5aDMnDlR4RkkGwaozojmIh/39WwRRy0UA852FOHEvs8cx5CUqgG2MVlxEngE3VTmzo+IwDbjLhuXtbZ2PHGXNkDA==&u=U2FsdGVkX1+4ZyF1zgKa5Xk18u/uW8rfIqPJe+gSp00=&y=U2FsdGVkX1+vbomAdHu8Ueqrr3bx0dKemMdK6aadHlpIMefuVQvpOK4WlA/c9c4L HTTP/1.1" 200 26
186.84.90.74 - - [04/Oct/2023:14:48:10 -0500] "GET /kwssiamovil/sm/acme/a?s=U2FsdGVkX1//ovxdNZusnOhLD67GiuDq9uQ5BmFOGxQ6eqYEDHUH4hXq25fjxPLBy8JTSxyeL7LOB5mVb3FH/5iZx4KvVsAzDBELcreWCpMmEnr0QhaCcV1iN+/AlHufMdoBnEN4dTcZJXOXNMBJhJKXXC8eTvhOt3+BoiWR/28=&u=U2FsdGVkX1+4ZyF1zgKa5Xk18u/uW8rfIqPJe+gSp00=&y=U2FsdGVkX1+vbomAdHu8Ueqrr3bx0dKemMdK6aadHlpIMefuVQvpOK4WlA/c9c4L HTTP/1.1" 200 26
186.84.90.74 - - [04/Oct/2023:14:48:10 -0500] "GET /kwssiamovil/sm/acme/a?s=U2FsdGVkX1+1pgAvtEMq2rakMfCgxK22jqa5C3FfvP6iut18h0/KAH35M+xbXfVDXbKli+Y2EKJL1tljIZz/UpQNc9cxBHQn43NO1OHbs4DT/UHFG6N6J0eP2LuVuZKH9th8SNfivgQIPm/4uln4EEw+W07wbBiCw86AmcUrNS0=&u=U2FsdGVkX1+4ZyF1zgKa5Xk18u/uW8rfIqPJe+gSp00=&y=U2FsdGVkX1+vbomAdHu8Ueqrr3bx0dKemMdK6aadHlpIMefuVQvpOK4WlA/c9c4L HTTP/1.1" 200 26
186.84.90.74 - - [04/Oct/2023:14:48:11 -0500] "GET /kwssiamovil/sm/acme/a?s=U2FsdGVkX19yKrRJlgi93QmLJODYXhvjcG+0wLPsj76BLXwEvDcRDiVMowCu9dErXMu1BJIV58VpZPVU9p8xxJJPscEVUuRskhAFmivu6solN5dsdo/6pMJC4JHyR0iFGU2S0BbiOHFeTDnHpYZ6+LQ5/8nq0p/3KPriJ3K8bfM=&u=U2FsdGVkX1+4ZyF1zgKa5Xk18u/uW8rfIqPJe+gSp00=&y=U2FsdGVkX1+vbomAdHu8Ueqrr3bx0dKemMdK6aadHlpIMefuVQvpOK4WlA/c9c4L HTTP/1.1" 200 26
186.84.90.74 - - [04/Oct/2023:14:48:11 -0500] "GET /kwssiamovil/sm/acme/a?s=U2FsdGVkX18EQIcZhPen/basGQgVGh699hM/ifnpNArsuOhOsc4eSBjB0VPfcJXkBXLNnrUICbn+O4vhvCWnAPvWzG2GTCGHlIuS3FIu2ll2O/A0a5rx0s9UmS0R7Dzk33/rLprKOn2DygNCfKuB7/ZnM6ldwFmJG4gsOOnR2SYyFR+WQ36gkGdSttvDuuVcfN95VpzVjFgjiriZIqJFgw==&u=U2FsdGVkX1+4ZyF1zgKa5Xk18u/uW8rfIqPJe+gSp00=&y=U2FsdGVkX1+vbomAdHu8Ueqrr3bx0dKemMdK6aadHlpIMefuVQvpOK4WlA/c9c4L HTTP/1.1" 200 26
201.245.192.253 - - [04/Oct/2023:14:49:04 -0500] "POST /forms/lservlet;jsessionid=ac16012b30d647b157bff0c740abb774b6aa61d30e8f.e3iSbxaKaheRe34Pbx8Nc3aQci1ynknvrkLOlQzNp65In0 HTTP/1.1" 200 2
201.245.192.253 - - [04/Oct/2023:14:49:03 -0500] "POST /kwsrmcab/Wsrmcab  HTTP/1.1" 200 42851
201.245.192.253 - - [04/Oct/2023:14:49:57 -0500] "POST /forms/lservlet;jsessionid=ac16012b30d6b37dfcabd26d4ba9ab38dfbe5876d58a.e3iSbxaKaheRe34Pbx8Nc3aQci1ynknvrkLOlQzNp65In0 HTTP/1.1" 200 2
207.46.13.127 - - [04/Oct/2023:14:50:22 -0500] "GET /BLA/resoluciones/RESOLUCIONES%202021/0051.pdf HTTP/1.1" 200 394295
66.249.66.19 - - [04/Oct/2023:14:50:48 -0500] "GET /Publicaciones/2023EE215066.pdf HTTP/1.1" 404 228
66.249.66.20 - - [04/Oct/2023:14:51:04 -0500] "GET /Publicaciones/2023EE220710.pdf HTTP/1.1" 404 228
201.245.192.253 - - [04/Oct/2023:14:51:04 -0500] "POST /forms/lservlet;jsessionid=ac16012b30d647b157bff0c740abb774b6aa61d30e8f.e3iSbxaKaheRe34Pbx8Nc3aQci1ynknvrkLOlQzNp65In0 HTTP/1.1" 200 2
66.249.66.19 - - [04/Oct/2023:14:51:16 -0500] "GET /Publicaciones/2023EE217172.pdf HTTP/1.1" 404 228
66.249.66.19 - - [04/Oct/2023:14:51:16 -0500] "GET /Publicaciones/2023EE213591.pdf HTTP/1.1" 404 228
172.22.2.4 - - [04/Oct/2023:14:51:57 -0500] "GET /BLA/boletinlegal/actos.php HTTP/1.1" 200 9682
201.245.192.253 - - [04/Oct/2023:14:51:57 -0500] "POST /forms/lservlet;jsessionid=ac16012b30d6b37dfcabd26d4ba9ab38dfbe5876d58a.e3iSbxaKaheRe34Pbx8Nc3aQci1ynknvrkLOlQzNp65In0 HTTP/1.1" 200 2
172.22.2.4 - - [04/Oct/2023:14:51:58 -0500] "GET /BLA/boletinlegal/styles2.css HTTP/1.1" 200 1838
172.22.2.4 - - [04/Oct/2023:14:51:58 -0500] "GET /BLA/boletinlegal/js/ajax_actos.js HTTP/1.1" 200 1322
172.22.2.4 - - [04/Oct/2023:14:51:58 -0500] "GET /BLA/boletinlegal/niceforms-default.css HTTP/1.1" 200 6694
172.22.2.4 - - [04/Oct/2023:14:51:58 -0500] "GET /BLA/boletinlegal/style.css HTTP/1.1" 200 9406
172.22.2.4 - - [04/Oct/2023:14:51:58 -0500] "GET /BLA/boletinlegal/niceforms.js HTTP/1.1" 200 22876
172.22.2.4 - - [04/Oct/2023:14:51:58 -0500] "GET /BLA/boletinlegal/js/lib.js HTTP/1.1" 200 6474
172.22.2.4 - - [04/Oct/2023:14:51:58 -0500] "GET /BLA/boletinlegal/js/popup.js HTTP/1.1" 200 1270
172.22.2.4 - - [04/Oct/2023:14:51:58 -0500] "GET /BLA/boletinlegal/js/jquery1.js HTTP/1.1" 200 29846
172.22.2.4 - - [04/Oct/2023:14:51:58 -0500] "GET /BLA/boletinlegal/images/cabezote%20BLEGAL.jpg HTTP/1.1" 200 118164
172.22.2.4 - - [04/Oct/2023:14:51:58 -0500] "GET /BLA/boletinlegal/images/subscribe-icon-big.png HTTP/1.1" 200 47702
172.22.2.4 - - [04/Oct/2023:14:51:58 -0500] "GET /BLA/boletinlegal/images/historia.png HTTP/1.1" 200 52775
172.22.2.4 - - [04/Oct/2023:14:51:58 -0500] "GET /BLA/boletinlegal/images/registro-usuarios.png HTTP/1.1" 200 8106
172.22.2.4 - - [04/Oct/2023:14:51:58 -0500] "GET /BLA/boletinlegal/images/green-yellow-blue-pink-th.png HTTP/1.1" 200 7394
172.22.2.4 - - [04/Oct/2023:14:51:58 -0500] "GET /BLA/boletinlegal/images/tel.png HTTP/1.1" 200 14477
172.22.2.4 - - [04/Oct/2023:14:51:58 -0500] "GET /BLA/boletinlegal/images/icono-email.png HTTP/1.1" 200 5544
172.22.2.4 - - [04/Oct/2023:14:51:58 -0500] "GET /BLA/boletinlegal/images/body_bg.jpg HTTP/1.1" 200 1601
172.22.2.4 - - [04/Oct/2023:14:51:58 -0500] "GET /BLA/boletinlegal/images/menu_rght.gif HTTP/1.1" 200 1627
172.22.2.4 - - [04/Oct/2023:14:51:58 -0500] "GET /BLA/boletinlegal/images/menu_lft.gif HTTP/1.1" 200 1713
172.22.2.4 - - [04/Oct/2023:14:51:58 -0500] "GET /BLA/boletinlegal/images/bg_top.jpg HTTP/1.1" 200 522
172.22.2.4 - - [04/Oct/2023:14:51:58 -0500] "GET /BLA/boletinlegal/images/menu_bg.jpg HTTP/1.1" 200 620
172.22.2.4 - - [04/Oct/2023:14:51:58 -0500] "GET /BLA/boletinlegal/images/hover.jpg HTTP/1.1" 200 640
172.22.2.4 - - [04/Oct/2023:14:51:58 -0500] "GET /BLA/boletinlegal/images/text.jpg HTTP/1.1" 200 568
172.22.2.4 - - [04/Oct/2023:14:51:58 -0500] "GET /BLA/boletinlegal/images/footer_bg_l.jpg HTTP/1.1" 200 776
172.22.2.4 - - [04/Oct/2023:14:51:58 -0500] "GET /BLA/boletinlegal/images/footer_bg.jpg HTTP/1.1" 200 586
172.22.2.4 - - [04/Oct/2023:14:51:58 -0500] "GET /BLA/boletinlegal/img/0.png HTTP/1.1" 200 110
172.22.2.4 - - [04/Oct/2023:14:51:58 -0500] "GET /BLA/boletinlegal/img/select-left.png HTTP/1.1" 200 263
172.22.2.4 - - [04/Oct/2023:14:51:58 -0500] "GET /BLA/boletinlegal/img/select-right.png HTTP/1.1" 200 44019
172.22.2.4 - - [04/Oct/2023:14:51:58 -0500] "GET /BLA/boletinlegal/img/button-left.png HTTP/1.1" 200 57071
172.22.2.4 - - [04/Oct/2023:14:51:58 -0500] "GET /BLA/boletinlegal/img/button-right.png HTTP/1.1" 200 57878
172.22.2.4 - - [04/Oct/2023:14:51:58 -0500] "GET /BLA/boletinlegal/img/button.png HTTP/1.1" 200 43241
172.22.2.4 - - [04/Oct/2023:14:51:58 -0500] "GET /BLA/boletinlegal/favicon.ico HTTP/1.1" 404 1326
172.22.2.4 - - [04/Oct/2023:14:52:12 -0500] "GET /BLA/boletinlegal/consulta_actos.php?tipo=resoluciones&no=0139&usuario=&sector=&fecha=2023&resuelve= HTTP/1.1" 200 626
216.245.221.92 - - [04/Oct/2023:14:52:16 -0500] "HEAD / HTTP/1.1" 200 -
172.22.2.4 - - [04/Oct/2023:14:52:21 -0500] "GET /BLA/boletinlegal/consulta_actos.php?tipo=resoluciones&no=0139&usuario=&sector=&fecha=2023&resuelve= HTTP/1.1" 200 626
172.22.2.4 - - [04/Oct/2023:14:52:28 -0500] "GET /BLA/boletinlegal/consulta_actos.php?tipo=resoluciones&no=1393&usuario=&sector=&fecha=2023&resuelve= HTTP/1.1" 200 626
172.22.2.4 - - [04/Oct/2023:14:52:31 -0500] "GET /BLA/boletinlegal/consulta_actos.php?tipo=resoluciones&no=1393&usuario=&sector=&fecha=2023&resuelve= HTTP/1.1" 200 626
172.22.2.4 - - [04/Oct/2023:14:52:37 -0500] "GET /BLA/boletinlegal/consulta_actos.php?tipo=resoluciones&no=1393&usuario=&sector=&fecha=2023&resuelve= HTTP/1.1" 200 626
172.22.2.4 - - [04/Oct/2023:14:50:58 -0500] "HEAD /BLA/boletinlegal/ HTTP/1.1" 200 -
172.22.2.4 - - [04/Oct/2023:14:52:40 -0500] "GET /BLA/boletinlegal/consulta_actos.php?tipo=resoluciones&no=1393&usuario=&sector=&fecha=2023&resuelve= HTTP/1.1" 200 626
66.249.66.20 - - [04/Oct/2023:14:52:45 -0500] "GET /Publicaciones/2023EE218262.pdf HTTP/1.1" 404 228
201.245.192.253 - - [04/Oct/2023:14:53:04 -0500] "POST /forms/lservlet;jsessionid=ac16012b30d647b157bff0c740abb774b6aa61d30e8f.e3iSbxaKaheRe34Pbx8Nc3aQci1ynknvrkLOlQzNp65In0 HTTP/1.1" 200 2
172.22.2.4 - - [04/Oct/2023:14:53:06 -0500] "GET /BLA/boletinlegal/consulta_actos.php?tipo=resoluciones&no=1393&usuario=CONSORCIO%20SANATA%20ANA&sector=&fecha=2023&resuelve= HTTP/1.1" 200 626
172.22.2.4 - - [04/Oct/2023:14:53:12 -0500] "GET /BLA/boletinlegal/consulta_actos.php?tipo=resoluciones&no=1393&usuario=CONSORCIO%20SANTA%20ANA&sector=&fecha=2023&resuelve= HTTP/1.1" 200 626
172.22.2.4 - - [04/Oct/2023:14:53:13 -0500] "GET /BLA/boletinlegal/consulta_actos.php?tipo=resoluciones&no=1393&usuario=CONSORCIO%20SANTA%20ANA&sector=&fecha=2023&resuelve= HTTP/1.1" 200 626
172.22.2.4 - - [04/Oct/2023:14:53:15 -0500] "GET /BLA/boletinlegal/consulta_actos.php?tipo=resoluciones&no=1393&usuario=CONSORCIO%20SANTA%20ANA&sector=&fecha=2023&resuelve= HTTP/1.1" 200 626
172.22.2.4 - - [04/Oct/2023:14:53:17 -0500] "GET /BLA/boletinlegal/consulta_actos.php?tipo=resoluciones&no=1393&usuario=CONSORCIO%20SANTA%20ANA&sector=&fecha=2023&resuelve= HTTP/1.1" 200 626
172.22.2.4 - - [04/Oct/2023:14:53:17 -0500] "GET /BLA/boletinlegal/consulta_actos.php?tipo=resoluciones&no=1393&usuario=CONSORCIO%20SANTA%20ANA&sector=&fecha=2023&resuelve= HTTP/1.1" 200 626
172.22.2.4 - - [04/Oct/2023:14:53:17 -0500] "GET /BLA/boletinlegal/consulta_actos.php?tipo=resoluciones&no=1393&usuario=CONSORCIO%20SANTA%20ANA&sector=&fecha=2023&resuelve= HTTP/1.1" 200 626
172.22.2.4 - - [04/Oct/2023:14:53:18 -0500] "GET /BLA/boletinlegal/consulta_actos.php?tipo=resoluciones&no=1393&usuario=CONSORCIO%20SANTA%20ANA&sector=&fecha=2023&resuelve= HTTP/1.1" 200 626
172.22.2.4 - - [04/Oct/2023:14:53:18 -0500] "GET /BLA/boletinlegal/consulta_actos.php?tipo=resoluciones&no=1393&usuario=CONSORCIO%20SANTA%20ANA&sector=&fecha=2023&resuelve= HTTP/1.1" 200 626
172.22.2.4 - - [04/Oct/2023:14:53:18 -0500] "GET /BLA/boletinlegal/consulta_actos.php?tipo=resoluciones&no=1393&usuario=CONSORCIO%20SANTA%20ANA&sector=&fecha=2023&resuelve= HTTP/1.1" 200 626
172.22.2.4 - - [04/Oct/2023:14:53:18 -0500] "GET /BLA/boletinlegal/consulta_actos.php?tipo=resoluciones&no=1393&usuario=CONSORCIO%20SANTA%20ANA&sector=&fecha=2023&resuelve= HTTP/1.1" 200 626
172.22.2.4 - - [04/Oct/2023:14:53:23 -0500] "GET /BLA/boletinlegal/consulta_actos.php?tipo=resoluciones&no=1393&usuario=CONSORCIO%20SANTA%20ANA&sector=SILVICULTURA&fecha=2023&resuelve= HTTP/1.1" 200 626
172.22.2.4 - - [04/Oct/2023:14:53:24 -0500] "GET /BLA/boletinlegal/consulta_actos.php?tipo=resoluciones&no=1393&usuario=CONSORCIO%20SANTA%20ANA&sector=SILVICULTURA&fecha=2023&resuelve= HTTP/1.1" 200 626
172.22.2.4 - - [04/Oct/2023:14:53:24 -0500] "GET /BLA/boletinlegal/consulta_actos.php?tipo=resoluciones&no=1393&usuario=CONSORCIO%20SANTA%20ANA&sector=SILVICULTURA&fecha=2023&resuelve= HTTP/1.1" 200 626
172.22.2.4 - - [04/Oct/2023:14:53:24 -0500] "GET /BLA/boletinlegal/consulta_actos.php?tipo=resoluciones&no=1393&usuario=CONSORCIO%20SANTA%20ANA&sector=SILVICULTURA&fecha=2023&resuelve= HTTP/1.1" 200 626
172.22.2.4 - - [04/Oct/2023:14:53:24 -0500] "GET /BLA/boletinlegal/consulta_actos.php?tipo=resoluciones&no=1393&usuario=CONSORCIO%20SANTA%20ANA&sector=SILVICULTURA&fecha=2023&resuelve= HTTP/1.1" 200 626
172.22.2.4 - - [04/Oct/2023:14:53:24 -0500] "GET /BLA/boletinlegal/consulta_actos.php?tipo=resoluciones&no=1393&usuario=CONSORCIO%20SANTA%20ANA&sector=SILVICULTURA&fecha=2023&resuelve= HTTP/1.1" 200 626
172.22.2.4 - - [04/Oct/2023:14:53:25 -0500] "GET /BLA/boletinlegal/consulta_actos.php?tipo=resoluciones&no=1393&usuario=CONSORCIO%20SANTA%20ANA&sector=SILVICULTURA&fecha=2023&resuelve= HTTP/1.1" 200 626
172.22.2.4 - - [04/Oct/2023:14:53:28 -0500] "GET /BLA/boletinlegal/consulta_actos.php?tipo=resoluciones&no=1393&usuario=&sector=SILVICULTURA&fecha=2023&resuelve= HTTP/1.1" 200 626
172.22.2.4 - - [04/Oct/2023:14:51:49 -0500] "GET /BLA/boletinlegal/ HTTP/1.1" 200 57790
172.22.2.4 - - [04/Oct/2023:14:53:29 -0500] "GET /BLA/boletinlegal/consulta_actos.php?tipo=resoluciones&no=1393&usuario=&sector=SILVICULTURA&fecha=2023&resuelve= HTTP/1.1" 200 626
172.22.2.4 - - [04/Oct/2023:14:53:30 -0500] "GET /BLA/boletinlegal/consulta_actos.php?tipo=resoluciones&no=1393&usuario=&sector=SILVICULTURA&fecha=2023&resuelve= HTTP/1.1" 200 626
172.22.2.4 - - [04/Oct/2023:14:53:30 -0500] "GET /BLA/boletinlegal/consulta_actos.php?tipo=resoluciones&no=1393&usuario=&sector=SILVICULTURA&fecha=2023&resuelve= HTTP/1.1" 200 626
172.22.2.4 - - [04/Oct/2023:14:53:30 -0500] "GET /BLA/boletinlegal/consulta_actos.php?tipo=resoluciones&no=1393&usuario=&sector=SILVICULTURA&fecha=2023&resuelve= HTTP/1.1" 200 626
172.22.2.4 - - [04/Oct/2023:14:53:30 -0500] "GET /BLA/boletinlegal/consulta_actos.php?tipo=resoluciones&no=1393&usuario=&sector=SILVICULTURA&fecha=2023&resuelve= HTTP/1.1" 200 626
172.22.2.4 - - [04/Oct/2023:14:53:30 -0500] "GET /BLA/boletinlegal/consulta_actos.php?tipo=resoluciones&no=1393&usuario=&sector=SILVICULTURA&fecha=2023&resuelve= HTTP/1.1" 200 626
172.22.2.4 - - [04/Oct/2023:14:53:31 -0500] "GET /BLA/boletinlegal/consulta_actos.php?tipo=resoluciones&no=1393&usuario=&sector=SILVICULTURA&fecha=2023&resuelve= HTTP/1.1" 200 626
