186.102.99.173 - - [04/Oct/2023:16:58:25 -0500] "GET /kwssiamovil/sm/acme/a?s=U2FsdGVkX18Du+8JTlLF7z7oyyfKuwiihCAL/RexdYr6383yv7paQ4su1DKzUm2QaoFMLzbAUaSql3+or4pZMZA+aD5OT1dNmPC0sE8U4UbwR6jCNyEhVao3d4MQWM2x3BtbJyqq7kxTB47XZBBZ0bbspfL8V/m7tRvbHsgCJabOpzYSPDZ2Zu6qOR44WLbN5HZ4iZRfr35Vk4AiFOKSb6OtRTDr10U9PxDQDgmYMxcmmGEI38rPuTKjZvO31zO0eDC/VttsjgyUkpmGaoaamf6hrdVMDsDNVE24ijUr7QWhR7QVFU7SLNhACXIZ5SoxjWjgl5hP2TewfGWiopXRlmSf2CvPF2TDJh4al6WzCa8FGHfC+g+5/AZyQE7ysHRg7PmEvUJy/DzJpc2cRRVzMLX8oWU1CRt5uPsKTXwh0cp2046dMjXFeSLA4mPp9nyjlYU4bzenw0Y18IWLNXbaWJrWGXaW4aD1gviHS293B5ll8S2i8iwcVopUkv1/8FQl7ipJuaYynMtPs71utj9JFF+Wj4lpz/oj7O/xkvecDBRK/odB3gv4x1MjFsH/lqHVjDRlSCA3SnzkyrT33XYqDIbsl6ne+3TiLh2s2cpoDmhcOKDF3klrd5IfWJF/cOP0k/261nmgbdsnW4MigZXae3eHJcrv+RLe1bScv63/fNJc8tB8wCn8MlW7TytXhgnoiqtRf1qOoCMByRGf8/ArAryb/1r1X8oLJ7WVKgnqamhPUO3t26R/qR62Mh5g1UixNI79cyxpktf87LMGN8AGBjlwZsszrgMD6xvNafkEm1BcZ1XKY22jF+Y264ROI3UmoNp0bu5ylUxiFpxZJMbtyNfzpU1dYjzNjXncTGAzqenmOojqVPayExiFfEVBW84X1lMqwl8BKA5d6k0Mz70xWPPojOg5cvkuZIDFOSYMvgQRTHEVRc8ifwwY1lyb/Y92A5xc6gARMmBQIo1rsMwTT8gJyAqL8eh7SdtyEIOpayKfKtPzZFf+qi50O4Cd8emraDjSDeEoSZAHxdGNSej4J6HmuuR71hZyvV7Bolbvz5axFNmx5dTYYw3ACWuvFSi1XHOwzjyl2lJDlrzHCCspnHZz2NyHBJ79lUK9B2v+k1RhCiMJUl+cNedug//2zvVXngYlKPOzWasikK21OcPGh5yZxDKlRcZ+RuF23UKpkAsCTqpkY2ovGhb29Eto1dhhF4tGSwFKC7t8TPDZCrFLWEgOFyAZbIRMuQM9TK7SxyVGBa9E+X/KHCo4UcxLxu7XyMaXlmwphB7n7e90EXVqeHVO4AzqZQhOPALzukrSmKCMXoTvZiel4o2sHOrameo49kXQwr+FiTA+vpGil4psWuWgr9ZLkPjHTjmSqMsNzf7B8ILlY9BnBPkCuzTtcA55Nv2P+aHymTYbrLkimhX07yqx0YoVLu5c99LWIXYQ6jM0kXEfLeq55KGpccoBINndiG/ws0D9J0SsYvPTDTReaoQjEXExAzBweeshMm2nh5Hi78X3eEq0sh9lWLUFHjaiUXzGje2oL30x6p2s1xuJ+MRQPzKcpIhI5Vhbm4///TJy4HEqUnh1DV4fNoXeD1UuMgupKBjXe8TNd7nUj0V6fwzL7FIlekFZ84Y4a8huWCGV4rDhmlnRtaGPsvmHTNU9TiVcGzP1xWiUwUSpLR3eP7dNxeUbiVxT4Dw6F3biOsihCP7nMn22ULAwaKhiNHOU0ViFlWwlgB+PNWbM08u0Ir4VFfpZQGJrT6WL55muF0fW5M2zYzKHdpzy7QpRXHBCHoxQj1UGNGiDlc4LOHivRI3nljZtlce+S66r/dSw+gYbMcqaivkK6mdjDkndgzsBpf5zMWBtiX45zSI/7VGVXSyvBjy1/DarRX0gIhC1Y74e4pP7BM58j/sNKY3T86y6kv8WM6rp8ApoyyTdK/G2b2x88N3mMM/5Fbj0PnaT5D4UfxBRGIFx9Un++UpHe88Y82YlHK0UQSQ4TCnAJGSP8ttYjghyqW4w2QL7PBxz+Udp8T8GW8ftHRSWHOULilHORXNCprdEwmrUgOaWAp00kmRSzysLlm+23P8gWSu67+U9s4BZbnWj7SzT/U/0hqMsgV98eA+e2iXbIImoKirs2RjEkU0Yxd8GS/Aw2CQc3JM/cnrh/m+9i84zB3BpAoN3VVCFn1dosA94ofefYWx7SWllLcEVE3XIW3vaWuHpNrY2dYAUK8Kmu5j6dAneZwNuSZFOM7N5lePfDXNQaHXsi2SC7QEIRDeLwpH6dmG5gxirzIwP/K5/2fnVr2Sz3tclkVPGGsks7Du5FHQW/O34WIaiVNjkvMlSf1Omh3uhI+YnVuLfZllJUikNiffTtfiHMsPkj7M3ESIB76CgcwAqFT78Sm2AzcFRaxQEACh0DV9GZfL17Sbh9G2IBEKWNR3jNNp8/WwqbCOGUPUKspcpY2jWGRaD9Fd3UriClRUB0pv3rgbAjluMzjX34H1EgzYf2tiopoT5jKDkAhPyTzdhZ9YOVL45UmQxPYLmEBXUvWWz4iEjTT4l4h2GqDdsdRC6lU2bUy1yxuh5/MDZj1XUdxi0SqEd0i5IXKiuPRHWQHp3gmscp4eVXAC5OnIgtggedy/ZGhVNLK3p2iOiWiJs4Mo0+StigWOo35yZ922LDQPaP1cDRJ0GrEpi1qZjmKTauQvGm+olEmu3wjw15lpoLPCzbgHDkWqyheFQy1tXscUTIvhjB/b0mz1c3sJyAVOxRCgXoTIRU1uBnPq5XwhQq1y4LnzGvifHvYj6M0b+c1jedWnGAFMeIRdZ1eodKCIA4NGRxXb2RPK1rLw+HoTeR3aUZwIMEXF8g0vVFwPCCHE=&u=U2FsdGVkX18F5TzR5na0Uhhzb6NrdkwS9pzaAfvmCvU=&y=U2FsdGVkX1+LKDDwB5YI5d3XJYZPke84FZb6WK1bGshGO25otV0B071xo0lu1LXR HTTP/1.1" 200 26
186.102.99.173 - - [04/Oct/2023:16:58:26 -0500] "GET /kwssiamovil/sm/acme/a?s=U2FsdGVkX19VbvaHwfXD61SzNWJdRDh6ORPDUHraDilwIgHXBquyjAIeQYl2BWuGq8lQ41X9jllAt9xHR39+eKVg3Y3ANs1zB1JPLuwLXdnd52+h94ILdsnJig9xQ12EeY2Z7N/s2jwCoUI8jW0oR3EAJEPYOAlhGQ+pLfdKgM8=&u=U2FsdGVkX18F5TzR5na0Uhhzb6NrdkwS9pzaAfvmCvU=&y=U2FsdGVkX1+LKDDwB5YI5d3XJYZPke84FZb6WK1bGshGO25otV0B071xo0lu1LXR HTTP/1.1" 200 26
186.102.99.173 - - [04/Oct/2023:16:58:26 -0500] "GET /kwssiamovil/sm/acme/a?s=U2FsdGVkX18aumTuEMXsRmnKoLaNig9ds82BLQkEgnyoHLwtwuo89I/IOmIT0uCqzINTeGXe4cS49L4uc4v94wGlJJnZniqKmypFSDH3kixqSIVzbxhjtTwHQZ3GPSAws2Dg2EyxiBJav4N39KbaYRrWVhJdImvBAk8GCPLBVPU=&u=U2FsdGVkX18F5TzR5na0Uhhzb6NrdkwS9pzaAfvmCvU=&y=U2FsdGVkX1+LKDDwB5YI5d3XJYZPke84FZb6WK1bGshGO25otV0B071xo0lu1LXR HTTP/1.1" 200 26
186.102.99.173 - - [04/Oct/2023:16:58:26 -0500] "GET /kwssiamovil/sm/acme/a?s=U2FsdGVkX1/hPOToZsxYKV0jLJGHIY6dBJ/4finPB6/2y2Ud9APSQOwoe/vtSdgGhX6UzDW3vdSIkYviSdA7aNY+B/S3XR/42w9sKK9Vxp2ax6yqv1DOTo8+Kba8xWtfoihGtbLneDINOT6RKXFjgDDCpn9o7tE8ESOA3Crkzg8=&u=U2FsdGVkX18F5TzR5na0Uhhzb6NrdkwS9pzaAfvmCvU=&y=U2FsdGVkX1+LKDDwB5YI5d3XJYZPke84FZb6WK1bGshGO25otV0B071xo0lu1LXR HTTP/1.1" 200 26
186.102.99.173 - - [04/Oct/2023:16:58:26 -0500] "GET /kwssiamovil/sm/acme/a?s=U2FsdGVkX18p3VlUy2YTkDbyuJChDHaRoVoOcdXKEDcixEAM3+btmp6nGg2GtaqkOODFoexw3crU63OsOzmof2Vdz1wPMqYR4zAnlXkToj/kI6+JEKdzUqDAv1fDK7dtw0sqEpRz1SY95jwVvhnlbB0EF9rTklgIrBtB4W2T7BoabKtiwJD68BtRwmHkTBre/3jd2MtphnA3O5Ya8Y8H+g==&u=U2FsdGVkX18F5TzR5na0Uhhzb6NrdkwS9pzaAfvmCvU=&y=U2FsdGVkX1+LKDDwB5YI5d3XJYZPke84FZb6WK1bGshGO25otV0B071xo0lu1LXR HTTP/1.1" 200 26
186.102.99.173 - - [04/Oct/2023:16:58:26 -0500] "GET /kwssiamovil/sm/acme/a?s=U2FsdGVkX1/2mO7kqg3UOi56+RS03fGNLqJru3kWUlB2j/ta7k57VEaeEi+yawoDBYICjNfLrao+Ccixut6qYDPY6ZtSUyc2R0N6gftO7Ccu+zdmSyh9iq41AqL21P0dWbkGmOZTyKfdWQTnSTJWErlpWEg3X5cKTaxTXQm7SdqsqQcprqUQuRuWoAxKi3CNrQnLhljr1eW+1uau0V5PGw==&u=U2FsdGVkX18F5TzR5na0Uhhzb6NrdkwS9pzaAfvmCvU=&y=U2FsdGVkX1+LKDDwB5YI5d3XJYZPke84FZb6WK1bGshGO25otV0B071xo0lu1LXR HTTP/1.1" 200 26
186.102.99.173 - - [04/Oct/2023:16:58:27 -0500] "GET /kwssiamovil/sm/acme/a?s=U2FsdGVkX1+hA+R0kZlm9ahtqpmMhd9/XeUTw0qTkEwt6G46a43hf8clRsb0NSKzjuNBI4P/+e73DtLVBDPhKqy5NtX+nPKbZIpknPc8zC5bE5F91AsyMBkW1OAFIzcbSEiW5DdMe9bupUncOJ9ICYA5NDSPsIQltHek6aTNEs/PtmGzdWU3DqJH9aBFR3dy&u=U2FsdGVkX18F5TzR5na0Uhhzb6NrdkwS9pzaAfvmCvU=&y=U2FsdGVkX1+LKDDwB5YI5d3XJYZPke84FZb6WK1bGshGO25otV0B071xo0lu1LXR HTTP/1.1" 200 26
201.245.192.253 - - [04/Oct/2023:16:58:29 -0500] "POST /kwsrmcab/Wsrmcab  HTTP/1.1" 200 42851
216.244.66.195 - - [04/Oct/2023:16:58:34 -0500] "GET /BLA/resoluciones/RESOLUCIONES%202021/0088.pdf HTTP/1.1" 200 377158
201.245.192.253 - - [04/Oct/2023:16:59:14 -0500] "POST /forms/lservlet;jsessionid=ac16012b30d647b157bff0c740abb774b6aa61d30e8f.e3iSbxaKaheRe34Pbx8Nc3aQci1ynknvrkLOlQzNp65In0 HTTP/1.1" 200 2
216.244.66.195 - - [04/Oct/2023:16:59:24 -0500] "GET /BLA/resoluciones/RESOLUCIONES%202021/0243.pdf HTTP/1.1" 200 385602
157.55.39.203 - - [04/Oct/2023:16:59:56 -0500] "GET /BLA/resoluciones/RESOLUCIONES%202021/0432.pdf HTTP/1.1" 200 478411
201.245.192.253 - - [04/Oct/2023:17:00:01 -0500] "POST /forms/lservlet;jsessionid=ac16012b30d6b37dfcabd26d4ba9ab38dfbe5876d58a.e3iSbxaKaheRe34Pbx8Nc3aQci1ynknvrkLOlQzNp65In0 HTTP/1.1" 200 2
85.208.96.200 - - [04/Oct/2023:17:00:11 -0500] "GET /portaldeninos/que-es-cambio-climatico/ HTTP/1.1" 200 86727
216.244.66.195 - - [04/Oct/2023:17:00:15 -0500] "GET /BLA/resoluciones/RESOLUCIONES%202021/0322.pdf HTTP/1.1" 200 699020
216.244.66.195 - - [04/Oct/2023:17:01:05 -0500] "GET /BLA/resoluciones/RESOLUCIONES%202021/0600.pdf HTTP/1.1" 200 765150
172.22.2.4 - - [04/Oct/2023:16:59:32 -0500] "HEAD /BLA/boletinlegal/ HTTP/1.1" 200 -
201.245.192.253 - - [04/Oct/2023:17:01:15 -0500] "POST /forms/lservlet;jsessionid=ac16012b30d647b157bff0c740abb774b6aa61d30e8f.e3iSbxaKaheRe34Pbx8Nc3aQci1ynknvrkLOlQzNp65In0 HTTP/1.1" 200 2
201.245.192.253 - - [04/Oct/2023:17:01:44 -0500] "POST /sipse/faces/presentacion/financiero/solicitudProceso/consultarSolicitudProceso.xhtml HTTP/1.1" 200 911
216.244.66.195 - - [04/Oct/2023:17:01:55 -0500] "GET /BLA/resoluciones/RESOLUCIONES%202021/0626.pdf HTTP/1.1" 200 352481
201.245.192.253 - - [04/Oct/2023:17:02:01 -0500] "POST /forms/lservlet;jsessionid=ac16012b30d6b37dfcabd26d4ba9ab38dfbe5876d58a.e3iSbxaKaheRe34Pbx8Nc3aQci1ynknvrkLOlQzNp65In0 HTTP/1.1" 200 2
172.22.2.4 - - [04/Oct/2023:17:00:22 -0500] "GET /BLA/boletinlegal/ HTTP/1.1" 200 55460
216.245.221.92 - - [04/Oct/2023:17:02:16 -0500] "HEAD / HTTP/1.1" 200 -
216.244.66.195 - - [04/Oct/2023:17:02:38 -0500] "GET /BLA/resoluciones/RESOLUCIONES%202021/0822.pdf HTTP/1.1" 200 604553
157.55.39.203 - - [04/Oct/2023:17:02:57 -0500] "GET /sipse/faces/faces/autenticacion.xhtml HTTP/1.1" 200 12737
181.189.25.57 - - [04/Oct/2023:17:03:00 -0500] "POST /sipse/faces/presentacion/financiero/solicitudProceso/consultarSolicitudProceso.xhtml HTTP/1.1" 302 -
181.189.25.57 - - [04/Oct/2023:17:03:00 -0500] "GET /sipse/faces/javax.faces.resource/images/ui-bg_flat_0_2d5972_40x100.png?ln=primefaces-aristo HTTP/1.1" 304 -
181.189.25.57 - - [04/Oct/2023:17:03:00 -0500] "GET /sipse/faces/autenticacion.xhtml HTTP/1.1" 200 1099
181.189.25.57 - - [04/Oct/2023:17:03:00 -0500] "POST /sipse/faces/presentacion/financiero/solicitudProceso/consultarSolicitudProceso.xhtml HTTP/1.1" 302 -
181.189.25.57 - - [04/Oct/2023:17:03:00 -0500] "GET /sipse/faces/autenticacion.xhtml HTTP/1.1" 200 1099
181.189.25.57 - - [04/Oct/2023:17:03:00 -0500] "POST /sipse/faces/presentacion/financiero/solicitudProceso/consultarSolicitudProceso.xhtml HTTP/1.1" 302 -
181.189.25.57 - - [04/Oct/2023:17:03:00 -0500] "GET /sipse/faces/autenticacion.xhtml HTTP/1.1" 200 1099
181.189.25.57 - - [04/Oct/2023:17:03:00 -0500] "POST /sipse/faces/presentacion/financiero/solicitudProceso/consultarSolicitudProceso.xhtml HTTP/1.1" 302 -
181.189.25.57 - - [04/Oct/2023:17:03:00 -0500] "GET /sipse/faces/autenticacion.xhtml HTTP/1.1" 200 1099
181.189.25.57 - - [04/Oct/2023:17:03:01 -0500] "POST /sipse/faces/presentacion/financiero/solicitudProceso/consultarSolicitudProceso.xhtml HTTP/1.1" 302 -
181.189.25.57 - - [04/Oct/2023:17:03:01 -0500] "GET /sipse/faces/autenticacion.xhtml HTTP/1.1" 200 1099
201.245.192.253 - - [04/Oct/2023:17:03:16 -0500] "POST /forms/lservlet;jsessionid=ac16012b30d647b157bff0c740abb774b6aa61d30e8f.e3iSbxaKaheRe34Pbx8Nc3aQci1ynknvrkLOlQzNp65In0 HTTP/1.1" 200 2
216.244.66.195 - - [04/Oct/2023:17:03:29 -0500] "GET /BLA/resoluciones/RESOLUCIONES%202021/0883.pdf HTTP/1.1" 200 6684268
201.245.192.253 - - [04/Oct/2023:17:03:28 -0500] "POST /kwsrmcab/Wsrmcab  HTTP/1.1" 200 42851
173.252.95.2 - - [04/Oct/2023:17:03:54 -0500] "GET /tasa-retributiva-por-vertimientos-puntuales-al-agua-hasta-el-10-de-febrero-hay-plazo-para-diligenciar-y-enviar-formulario-de-autodeclaracion.html HTTP/1.1" 200 1030
173.252.95.8 - - [04/Oct/2023:17:03:55 -0500] "GET /tasa-retributiva-por-vertimientos-puntuales-al-agua-hasta-el-10-de-febrero-hay-plazo-para-diligenciar-y-enviar-formulario-de-autodeclaracion.html HTTP/1.1" 200 1030
173.252.95.16 - - [04/Oct/2023:17:03:56 -0500] "GET /images/vertimiento-Comprimida%20(1).png HTTP/1.1" 200 22870
201.245.192.253 - - [04/Oct/2023:17:04:01 -0500] "POST /forms/lservlet;jsessionid=ac16012b30d6b37dfcabd26d4ba9ab38dfbe5876d58a.e3iSbxaKaheRe34Pbx8Nc3aQci1ynknvrkLOlQzNp65In0 HTTP/1.1" 200 2
216.244.66.195 - - [04/Oct/2023:17:04:19 -0500] "GET /BLA/resoluciones/RESOLUCIONES%202021/0891.pdf HTTP/1.1" 200 727555
216.244.66.195 - - [04/Oct/2023:17:05:09 -0500] "GET /BLA/resoluciones/RESOLUCIONES%202021/1175.pdf HTTP/1.1" 200 455310
201.245.192.253 - - [04/Oct/2023:17:05:16 -0500] "POST /forms/lservlet;jsessionid=ac16012b30d647b157bff0c740abb774b6aa61d30e8f.e3iSbxaKaheRe34Pbx8Nc3aQci1ynknvrkLOlQzNp65In0 HTTP/1.1" 200 2
216.244.66.195 - - [04/Oct/2023:17:05:52 -0500] "GET /BLA/resoluciones/RESOLUCIONES%202021/2014.pdf HTTP/1.1" 200 646579
201.245.192.253 - - [04/Oct/2023:17:06:01 -0500] "POST /forms/lservlet;jsessionid=ac16012b30d6b37dfcabd26d4ba9ab38dfbe5876d58a.e3iSbxaKaheRe34Pbx8Nc3aQci1ynknvrkLOlQzNp65In0 HTTP/1.1" 200 2
216.244.66.195 - - [04/Oct/2023:17:06:41 -0500] "GET /BLA/resoluciones/RESOLUCIONES%202021/2321.pdf HTTP/1.1" 200 343325
172.22.2.4 - - [04/Oct/2023:17:05:22 -0500] "HEAD /BLA/boletinlegal/ HTTP/1.1" 200 -
216.245.221.92 - - [04/Oct/2023:17:07:16 -0500] "HEAD / HTTP/1.1" 200 -
201.245.192.253 - - [04/Oct/2023:17:07:16 -0500] "POST /forms/lservlet;jsessionid=ac16012b30d647b157bff0c740abb774b6aa61d30e8f.e3iSbxaKaheRe34Pbx8Nc3aQci1ynknvrkLOlQzNp65In0 HTTP/1.1" 200 2
216.244.66.195 - - [04/Oct/2023:17:07:19 -0500] "GET /BLA/resoluciones/RESOLUCIONES%202021/2330.pdf HTTP/1.1" 200 347445
172.22.2.4 - - [04/Oct/2023:17:06:12 -0500] "GET /BLA/boletinlegal/ HTTP/1.1" 200 58187
216.244.66.195 - - [04/Oct/2023:17:07:57 -0500] "GET /BLA/resoluciones/RESOLUCIONES%202021/2610.pdf HTTP/1.1" 200 461756
201.245.192.253 - - [04/Oct/2023:17:08:01 -0500] "POST /forms/lservlet;jsessionid=ac16012b30d6b37dfcabd26d4ba9ab38dfbe5876d58a.e3iSbxaKaheRe34Pbx8Nc3aQci1ynknvrkLOlQzNp65In0 HTTP/1.1" 200 2
201.245.192.253 - - [04/Oct/2023:17:08:27 -0500] "POST /kwsrmcab/Wsrmcab  HTTP/1.1" 200 42851
216.244.66.195 - - [04/Oct/2023:17:08:37 -0500] "GET /BLA/resoluciones/RESOLUCIONES%202021/2877.pdf HTTP/1.1" 200 330237
216.244.66.195 - - [04/Oct/2023:17:09:09 -0500] "GET /BLA/resoluciones/RESOLUCIONES%202021/3021.pdf HTTP/1.1" 200 341917
201.245.192.253 - - [04/Oct/2023:17:09:16 -0500] "POST /forms/lservlet;jsessionid=ac16012b30d647b157bff0c740abb774b6aa61d30e8f.e3iSbxaKaheRe34Pbx8Nc3aQci1ynknvrkLOlQzNp65In0 HTTP/1.1" 200 2
216.244.66.195 - - [04/Oct/2023:17:09:45 -0500] "GET /BLA/resoluciones/RESOLUCIONES%202021/3212.pdf HTTP/1.1" 200 517049
190.66.241.69 - - [04/Oct/2023:17:09:51 -0500] "GET /sipse/faces/javax.faces.resource/images/ui-bg_flat_0_2d5972_40x100.png?ln=primefaces-aristo HTTP/1.1" 304 -
190.66.241.69 - - [04/Oct/2023:17:09:51 -0500] "POST /sipse/faces/presentacion/financiero/solicitudProceso/consultarHistorialSolProceso.xhtml HTTP/1.1" 200 5654
190.66.241.69 - - [04/Oct/2023:17:09:55 -0500] "POST /sipse/faces/presentacion/financiero/solicitudProceso/consultarHistorialSolProceso.xhtml HTTP/1.1" 200 39425
190.66.241.69 - - [04/Oct/2023:17:09:55 -0500] "GET /sipse/faces/javax.faces.resource/jquery/jquery.js?ln=primefaces&v=4.0 HTTP/1.1" 304 -
190.66.241.69 - - [04/Oct/2023:17:09:55 -0500] "GET /sipse/faces/javax.faces.resource/jquery/jquery-plugins.js?ln=primefaces&v=4.0 HTTP/1.1" 304 -
190.66.241.69 - - [04/Oct/2023:17:09:55 -0500] "GET /sipse/faces/javax.faces.resource/primefaces.js?ln=primefaces&v=4.0 HTTP/1.1" 304 -
190.66.241.69 - - [04/Oct/2023:17:09:55 -0500] "GET /sipse/faces/javax.faces.resource/layout/layout.js?ln=primefaces&v=4.0 HTTP/1.1" 304 -
190.66.241.69 - - [04/Oct/2023:17:09:57 -0500] "POST /sipse/faces/presentacion/workflow/reasignarReenrutar.xhtml HTTP/1.1" 200 15493
190.66.241.69 - - [04/Oct/2023:17:09:58 -0500] "POST /sipse/faces/presentacion/workflow/reasignarReenrutar.xhtml HTTP/1.1" 200 15582
201.245.192.253 - - [04/Oct/2023:17:10:01 -0500] "POST /forms/lservlet;jsessionid=ac16012b30d6b37dfcabd26d4ba9ab38dfbe5876d58a.e3iSbxaKaheRe34Pbx8Nc3aQci1ynknvrkLOlQzNp65In0 HTTP/1.1" 200 2
190.66.241.69 - - [04/Oct/2023:17:09:59 -0500] "POST /sipse/faces/presentacion/workflow/reasignarReenrutar.xhtml HTTP/1.1" 200 22697
216.244.66.195 - - [04/Oct/2023:17:10:16 -0500] "GET /BLA/resoluciones/RESOLUCIONES%202021/3235.pdf HTTP/1.1" 200 593894
190.66.241.69 - - [04/Oct/2023:17:10:17 -0500] "POST /sipse/faces/presentacion/workflow/reasignarReenrutar.xhtml HTTP/1.1" 200 48570
190.66.241.69 - - [04/Oct/2023:17:10:44 -0500] "POST /sipse/faces/presentacion/workflow/reasignarReenrutar.xhtml HTTP/1.1" 200 49145
216.244.66.195 - - [04/Oct/2023:17:10:45 -0500] "GET /BLA/resoluciones/RESOLUCIONES%202021/3529.pdf HTTP/1.1" 200 431547
172.22.2.4 - - [04/Oct/2023:17:10:46 -0500] "GET /BLA/boletinlegal/style.css HTTP/1.1" 200 9406
172.22.2.4 - - [04/Oct/2023:17:10:46 -0500] "GET /BLA/boletinlegal/js/jquery.js HTTP/1.1" 200 57254
172.22.2.4 - - [04/Oct/2023:17:10:46 -0500] "GET /BLA/boletinlegal/styles2.css HTTP/1.1" 200 1838
172.22.2.4 - - [04/Oct/2023:17:10:46 -0500] "GET /BLA/boletinlegal/js/jquery.scrollShow.js HTTP/1.1" 200 4586
172.22.2.4 - - [04/Oct/2023:17:10:46 -0500] "GET /BLA/boletinlegal/images/cabezote%20BLEGAL.jpg HTTP/1.1" 200 118164
172.22.2.4 - - [04/Oct/2023:17:10:46 -0500] "GET /BLA/boletinlegal/js/jquery.scrollTo-min.js HTTP/1.1" 200 1150
172.22.2.4 - - [04/Oct/2023:17:10:46 -0500] "GET /BLA/boletinlegal/images/subscribe-icon-big.png HTTP/1.1" 200 47702
172.22.2.4 - - [04/Oct/2023:17:10:46 -0500] "GET /BLA/boletinlegal/images/historia.png HTTP/1.1" 200 52775
172.22.2.4 - - [04/Oct/2023:17:10:46 -0500] "GET /BLA/boletinlegal/images/registro-usuarios.png HTTP/1.1" 200 8106
172.22.2.4 - - [04/Oct/2023:17:10:46 -0500] "GET /BLA/boletinlegal/images/arr_l.jpg HTTP/1.1" 200 1979
172.22.2.4 - - [04/Oct/2023:17:10:46 -0500] "GET /BLA/boletinlegal/images/screen_1.png HTTP/1.1" 200 202547
172.22.2.4 - - [04/Oct/2023:17:10:46 -0500] "GET /BLA/boletinlegal/images/launch.jpg HTTP/1.1" 200 14577
190.66.241.69 - - [04/Oct/2023:17:10:48 -0500] "POST /sipse/faces/presentacion/workflow/reasignarReenrutar.xhtml HTTP/1.1" 200 49169
172.22.2.4 - - [04/Oct/2023:17:10:50 -0500] "GET /BLA/boletinlegal/conceptos.php HTTP/1.1" 200 7496
172.22.2.4 - - [04/Oct/2023:17:10:50 -0500] "GET /BLA/boletinlegal/js/ajax_conceptos.js HTTP/1.1" 200 1326
172.22.2.4 - - [04/Oct/2023:17:10:50 -0500] "GET /BLA/boletinlegal/niceforms-default.css HTTP/1.1" 200 6694
172.22.2.4 - - [04/Oct/2023:17:10:50 -0500] "GET /BLA/boletinlegal/niceforms.js HTTP/1.1" 200 22876
172.22.2.4 - - [04/Oct/2023:17:10:50 -0500] "GET /BLA/boletinlegal/images/tel.png HTTP/1.1" 200 14477
172.22.2.4 - - [04/Oct/2023:17:10:50 -0500] "GET /BLA/boletinlegal/images/icono-email.png HTTP/1.1" 200 5544
172.22.2.4 - - [04/Oct/2023:17:10:50 -0500] "GET /BLA/boletinlegal/images/body_bg.jpg HTTP/1.1" 200 1601
172.22.2.4 - - [04/Oct/2023:17:10:50 -0500] "GET /BLA/boletinlegal/images/menu_rght.gif HTTP/1.1" 200 1627
172.22.2.4 - - [04/Oct/2023:17:10:50 -0500] "GET /BLA/boletinlegal/images/menu_lft.gif HTTP/1.1" 200 1713
172.22.2.4 - - [04/Oct/2023:17:10:50 -0500] "GET /BLA/boletinlegal/images/bg_top.jpg HTTP/1.1" 200 522
172.22.2.4 - - [04/Oct/2023:17:10:50 -0500] "GET /BLA/boletinlegal/images/hover.jpg HTTP/1.1" 200 640
172.22.2.4 - - [04/Oct/2023:17:10:50 -0500] "GET /BLA/boletinlegal/images/menu_bg.jpg HTTP/1.1" 200 620
172.22.2.4 - - [04/Oct/2023:17:10:50 -0500] "GET /BLA/boletinlegal/images/text.jpg HTTP/1.1" 200 568
172.22.2.4 - - [04/Oct/2023:17:10:50 -0500] "GET /BLA/boletinlegal/images/footer_bg.jpg HTTP/1.1" 200 586
172.22.2.4 - - [04/Oct/2023:17:10:50 -0500] "GET /BLA/boletinlegal/images/footer_bg_l.jpg HTTP/1.1" 200 776
172.22.2.4 - - [04/Oct/2023:17:10:50 -0500] "GET /BLA/boletinlegal/img/select-right.png HTTP/1.1" 200 44019
172.22.2.4 - - [04/Oct/2023:17:10:50 -0500] "GET /BLA/boletinlegal/img/0.png HTTP/1.1" 200 110
172.22.2.4 - - [04/Oct/2023:17:10:50 -0500] "GET /BLA/boletinlegal/img/button.png HTTP/1.1" 200 43241
172.22.2.4 - - [04/Oct/2023:17:10:50 -0500] "GET /BLA/boletinlegal/img/select-left.png HTTP/1.1" 200 263
172.22.2.4 - - [04/Oct/2023:17:10:50 -0500] "GET /BLA/boletinlegal/img/button-left.png HTTP/1.1" 200 57071
172.22.2.4 - - [04/Oct/2023:17:10:50 -0500] "GET /BLA/boletinlegal/img/button-right.png HTTP/1.1" 200 57878
172.22.2.4 - - [04/Oct/2023:17:10:50 -0500] "GET /BLA/boletinlegal/favicon.ico HTTP/1.1" 404 1334
190.66.241.69 - - [04/Oct/2023:17:10:53 -0500] "POST /sipse/faces/presentacion/workflow/reasignarReenrutar.xhtml HTTP/1.1" 200 4945
190.66.241.69 - - [04/Oct/2023:17:10:53 -0500] "GET /sipse/faces/javax.faces.resource/messages/messages.png?ln=primefaces&v=4.0 HTTP/1.1" 304 -
172.22.2.4 - - [04/Oct/2023:17:10:53 -0500] "GET /BLA/boletinlegal/images/screen_3.png HTTP/1.1" 200 210620
172.22.2.4 - - [04/Oct/2023:17:10:53 -0500] "GET /BLA/boletinlegal/images/screen_2.png HTTP/1.1" 200 362502
172.22.2.4 - - [04/Oct/2023:17:10:53 -0500] "GET /BLA/boletinlegal/images/arr_r.jpg HTTP/1.1" 200 1998
172.22.2.4 - - [04/Oct/2023:17:10:53 -0500] "GET /BLA/boletinlegal/images/screen_5.png HTTP/1.1" 200 368876
190.66.241.69 - - [04/Oct/2023:17:10:54 -0500] "POST /sipse/faces/presentacion/workflow/reasignarReenrutar.xhtml HTTP/1.1" 200 50419
190.66.241.69 - - [04/Oct/2023:17:10:54 -0500] "GET /sipse/faces/javax.faces.resource/jquery/jquery.js?ln=primefaces&v=4.0 HTTP/1.1" 304 -
190.66.241.69 - - [04/Oct/2023:17:10:54 -0500] "GET /sipse/faces/javax.faces.resource/jquery/jquery-plugins.js?ln=primefaces&v=4.0 HTTP/1.1" 304 -
190.66.241.69 - - [04/Oct/2023:17:10:54 -0500] "GET /sipse/faces/javax.faces.resource/primefaces.js?ln=primefaces&v=4.0 HTTP/1.1" 304 -
190.66.241.69 - - [04/Oct/2023:17:10:54 -0500] "GET /sipse/faces/javax.faces.resource/layout/layout.js?ln=primefaces&v=4.0 HTTP/1.1" 304 -
190.66.241.69 - - [04/Oct/2023:17:10:54 -0500] "POST /sipse/faces/presentacion/financiero/solicitudProceso/consultar.xhtml HTTP/1.1" 200 43786
190.66.241.69 - - [04/Oct/2023:17:10:55 -0500] "POST /sipse/faces/presentacion/financiero/solicitudProceso/consultar.xhtml HTTP/1.1" 200 12740
172.22.2.4 - - [04/Oct/2023:17:10:59 -0500] "GET /BLA/boletinlegal/actos.php HTTP/1.1" 200 9682
172.22.2.4 - - [04/Oct/2023:17:11:02 -0500] "GET /BLA/boletinlegal/images/pdf.gif HTTP/1.1" 200 567
172.22.2.4 - - [04/Oct/2023:17:11:08 -0500] "GET /BLA/boletinlegal/consulta_conceptos.php?no=&solicitante=&radicado_entrada=&fecha_concepto=2023&objeto=innovaciones%20tecnol%F3gicas HTTP/1.1" 200 570
216.244.66.195 - - [04/Oct/2023:17:11:13 -0500] "GET /BLA/resoluciones/RESOLUCIONES%202021/3550.pdf HTTP/1.1" 200 553961
66.249.66.20 - - [04/Oct/2023:17:11:14 -0500] "GET /BLA/resoluciones/AUTOS%202009/2776.pdf HTTP/1.1" 200 137234
201.245.192.253 - - [04/Oct/2023:17:11:16 -0500] "POST /forms/lservlet;jsessionid=ac16012b30d647b157bff0c740abb774b6aa61d30e8f.e3iSbxaKaheRe34Pbx8Nc3aQci1ynknvrkLOlQzNp65In0 HTTP/1.1" 200 2
172.22.2.4 - - [04/Oct/2023:17:11:24 -0500] "GET /BLA/boletinlegal/consulta_conceptos.php?no=&solicitante=&radicado_entrada=&fecha_concepto=2022&objeto=innovaciones%20tecnol%F3gicas HTTP/1.1" 200 570
172.22.2.4 - - [04/Oct/2023:17:11:26 -0500] "GET /BLA/boletinlegal/consulta_conceptos.php?no=&solicitante=&radicado_entrada=&fecha_concepto=2022&objeto=innovaciones%20tecnol%F3gicas HTTP/1.1" 200 570
172.22.2.4 - - [04/Oct/2023:17:11:30 -0500] "GET /BLA/boletinlegal/consulta_conceptos.php?no=&solicitante=&radicado_entrada=&fecha_concepto=2021&objeto=innovaciones%20tecnol%F3gicas HTTP/1.1" 200 570
172.22.2.4 - - [04/Oct/2023:17:11:39 -0500] "GET /BLA/boletinlegal/consulta_conceptos.php?no=&solicitante=&radicado_entrada=&fecha_concepto=2021&objeto=pantallas HTTP/1.1" 200 570
216.244.66.195 - - [04/Oct/2023:17:11:40 -0500] "GET /BLA/resoluciones/RESOLUCIONES%202021/4267.pdf HTTP/1.1" 200 345526
172.22.2.4 - - [04/Oct/2023:17:11:41 -0500] "GET /BLA/boletinlegal/consulta_conceptos.php?no=&solicitante=&radicado_entrada=&fecha_concepto=2021&objeto=pantallas HTTP/1.1" 200 570
172.22.2.4 - - [04/Oct/2023:17:11:49 -0500] "GET /BLA/boletinlegal/consulta_conceptos.php?no=&solicitante=&radicado_entrada=&fecha_concepto=2022&objeto=pantallas HTTP/1.1" 200 570
172.22.2.4 - - [04/Oct/2023:17:11:51 -0500] "GET /BLA/boletinlegal/consulta_conceptos.php?no=&solicitante=&radicado_entrada=&fecha_concepto=2022&objeto=pantallas HTTP/1.1" 200 570
172.22.2.4 - - [04/Oct/2023:17:11:56 -0500] "GET /BLA/boletinlegal/consulta_conceptos.php?no=&solicitante=&radicado_entrada=&fecha_concepto=2023&objeto=pantallas HTTP/1.1" 200 570
172.22.2.4 - - [04/Oct/2023:17:11:58 -0500] "GET /BLA/boletinlegal/consulta_conceptos.php?no=&solicitante=&radicado_entrada=&fecha_concepto=2023&objeto=pantallas HTTP/1.1" 200 570
201.245.192.253 - - [04/Oct/2023:17:12:01 -0500] "POST /forms/lservlet;jsessionid=ac16012b30d6b37dfcabd26d4ba9ab38dfbe5876d58a.e3iSbxaKaheRe34Pbx8Nc3aQci1ynknvrkLOlQzNp65In0 HTTP/1.1" 200 2
172.22.2.4 - - [04/Oct/2023:17:12:03 -0500] "GET /BLA/boletinlegal/consulta_conceptos.php?no=&solicitante=&radicado_entrada=&fecha_concepto=2023&objeto=led HTTP/1.1" 200 570
172.22.2.4 - - [04/Oct/2023:17:12:04 -0500] "GET /BLA/boletinlegal/consulta_conceptos.php?no=&solicitante=&radicado_entrada=&fecha_concepto=2023&objeto=led HTTP/1.1" 200 570
216.244.66.195 - - [04/Oct/2023:17:12:06 -0500] "GET /BLA/resoluciones/RESOLUCIONES%202021/4374.pdf HTTP/1.1" 200 352069
172.22.2.4 - - [04/Oct/2023:17:12:10 -0500] "GET /BLA/boletinlegal/consulta_conceptos.php?no=&solicitante=&radicado_entrada=&fecha_concepto=2022&objeto=led HTTP/1.1" 200 570
216.245.221.92 - - [04/Oct/2023:17:12:15 -0500] "HEAD / HTTP/1.1" 200 -
172.22.2.4 - - [04/Oct/2023:17:12:16 -0500] "GET /BLA/boletinlegal/consulta_conceptos.php?no=&solicitante=&radicado_entrada=&fecha_concepto=2021&objeto=led HTTP/1.1" 200 570
172.22.2.4 - - [04/Oct/2023:17:12:20 -0500] "GET /BLA/boletinlegal/jurisprudencia.php HTTP/1.1" 200 17583
172.22.2.4 - - [04/Oct/2023:17:12:20 -0500] "GET /BLA/boletinlegal/js/lib.js HTTP/1.1" 200 6474
172.22.2.4 - - [04/Oct/2023:17:12:21 -0500] "GET /BLA/boletinlegal/js/popup.js HTTP/1.1" 200 1270
172.22.2.4 - - [04/Oct/2023:17:12:21 -0500] "GET /BLA/boletinlegal/js/jquery1.js HTTP/1.1" 200 29846
172.22.2.4 - - [04/Oct/2023:17:12:21 -0500] "GET /BLA/boletinlegal/images/sub_ul_li.gif HTTP/1.1" 200 343
172.22.2.4 - - [04/Oct/2023:17:12:21 -0500] "GET /BLA/boletinlegal/images/jurisprudencia.png HTTP/1.1" 200 66721
172.22.2.4 - - [04/Oct/2023:17:12:22 -0500] "GET /BLA/boletinlegal/images/hover.png HTTP/1.1" 200 59469
172.22.2.4 - - [04/Oct/2023:17:10:46 -0500] "GET /BLA/boletinlegal/ HTTP/1.1" 200 54597
216.244.66.195 - - [04/Oct/2023:17:12:30 -0500] "GET /BLA/resoluciones/RESOLUCIONES%202022/0024.pdf HTTP/1.1" 200 351578
66.220.149.120 - - [04/Oct/2023:17:12:46 -0500] "GET /distrito-formaliza-el-ultimo-acuerdo-de-la-actual-administracion-con-las-organizaciones-sindicales.html HTTP/1.1" 206 1000
66.220.149.17 - - [04/Oct/2023:17:12:46 -0500] "GET /distrito-formaliza-el-ultimo-acuerdo-de-la-actual-administracion-con-las-organizaciones-sindicales.html HTTP/1.1" 206 1000
40.77.189.94 - - [04/Oct/2023:17:12:46 -0500] "GET /portaldeninos/wp-content/themes/betheme/fonts/mfn-icons.woff?93978679 HTTP/1.1" 200 80932
66.220.149.1 - - [04/Oct/2023:17:12:46 -0500] "GET /distrito-formaliza-el-ultimo-acuerdo-de-la-actual-administracion-con-las-organizaciones-sindicales.html HTTP/1.1" 200 1000
66.220.149.16 - - [04/Oct/2023:17:12:46 -0500] "GET /distrito-formaliza-el-ultimo-acuerdo-de-la-actual-administracion-con-las-organizaciones-sindicales.html HTTP/1.1" 200 1000
172.22.2.4 - - [04/Oct/2023:17:11:12 -0500] "HEAD /BLA/boletinlegal/ HTTP/1.1" 200 -
40.77.190.247 - - [04/Oct/2023:17:12:46 -0500] "GET /portaldeninos/wp-content/uploads/2021/07/Recorrido-virtual-Aula-Soratama.mp4 HTTP/1.1" 200 5687960
172.22.2.4 - - [04/Oct/2023:17:12:52 -0500] "GET /BLA/boletinlegal/jurisprudencia/analisis/null HTTP/1.1" 404 1344
216.244.66.195 - - [04/Oct/2023:17:12:54 -0500] "GET /BLA/resoluciones/RESOLUCIONES%202022/0030.pdf HTTP/1.1" 200 394408
172.22.2.4 - - [04/Oct/2023:17:12:59 -0500] "GET /BLA/boletinlegal/jurisprudencia/analisis/null HTTP/1.1" 404 1344
172.22.2.4 - - [04/Oct/2023:17:13:00 -0500] "GET /BLA/boletinlegal/consulta_actos.php?tipo=resoluciones&no=4186&usuario=&sector=&fecha=2021&resuelve= HTTP/1.1" 200 1101
172.22.2.4 - - [04/Oct/2023:17:13:00 -0500] "GET /BLA/boletinlegal/jurisprudencia/analisis/null HTTP/1.1" 404 1344
186.155.12.113 - - [04/Oct/2023:17:13:02 -0500] "GET /BLA/resoluciones/RESOLUCIONES%202021/4186.pdf HTTP/1.1" 200 2310005
181.48.255.68 - - [04/Oct/2023:17:13:07 -0500] "GET /BLA/resoluciones/RESOLUCIONES%202021/4186.pdf HTTP/1.1" 200 2310005
201.245.192.253 - - [04/Oct/2023:17:13:16 -0500] "POST /forms/lservlet;jsessionid=ac16012b30d647b157bff0c740abb774b6aa61d30e8f.e3iSbxaKaheRe34Pbx8Nc3aQci1ynknvrkLOlQzNp65In0 HTTP/1.1" 200 2
216.244.66.195 - - [04/Oct/2023:17:13:17 -0500] "GET /BLA/resoluciones/RESOLUCIONES%202022/0416.pdf HTTP/1.1" 200 337344
172.22.2.4 - - [04/Oct/2023:17:13:25 -0500] "GET /BLA/boletinlegal/jurisprudencia.php HTTP/1.1" 200 17583
201.245.192.253 - - [04/Oct/2023:17:13:26 -0500] "POST /kwsrmcab/Wsrmcab  HTTP/1.1" 200 42851
172.22.2.4 - - [04/Oct/2023:17:13:31 -0500] "GET /BLA/boletinlegal/jurisprudencia/analisis/null HTTP/1.1" 404 1344
172.22.2.4 - - [04/Oct/2023:17:13:37 -0500] "GET /BLA/boletinlegal/jurisprudencia.php HTTP/1.1" 200 17583
216.244.66.195 - - [04/Oct/2023:17:13:38 -0500] "GET /BLA/resoluciones/RESOLUCIONES%202022/0853.pdf HTTP/1.1" 200 348639
190.253.160.239 - - [04/Oct/2023:17:13:42 -0500] "GET /BLA/boletinlegal/jurisprudencia/sentencias/25000-23-41-000-2013-02202-01.zip HTTP/1.1" 200 2552921
172.22.2.4 - - [04/Oct/2023:17:12:02 -0500] "GET /BLA/boletinlegal/ HTTP/1.1" 200 54960
190.253.160.239 - - [04/Oct/2023:17:13:55 -0500] "GET /BLA/boletinlegal/jurisprudencia/sentencias/25000-23-41-000-2013-02202-01.zip HTTP/1.1" 206 1
190.253.160.239 - - [04/Oct/2023:17:13:55 -0500] "GET /BLA/boletinlegal/jurisprudencia/sentencias/25000-23-41-000-2013-02202-01.zip HTTP/1.1" 206 390233
181.237.66.10 - - [04/Oct/2023:17:13:55 -0500] "GET /portaldeninos/ HTTP/1.1" 200 110175
181.237.66.10 - - [04/Oct/2023:17:13:56 -0500] "GET /portaldeninos/wp-includes/js/wp-emoji-release.min.js?ver=4.9.8 HTTP/1.1" 200 12026
181.237.66.10 - - [04/Oct/2023:17:13:56 -0500] "GET /portaldeninos/wp-content/uploads/useanyfont/uaf.css?ver=1589905315 HTTP/1.1" 200 408
181.237.66.10 - - [04/Oct/2023:17:13:56 -0500] "GET /portaldeninos/wp-content/themes/betheme/style.css?ver=20.9.6 HTTP/1.1" 200 287
181.237.66.10 - - [04/Oct/2023:17:13:56 -0500] "GET /portaldeninos/wp-content/plugins/gallery-videos/CSS/Total-Soft-Gallery-Video-Widget.css?ver=4.9.8 HTTP/1.1" 200 51554
181.237.66.10 - - [04/Oct/2023:17:13:56 -0500] "GET /portaldeninos/wp-content/themes/betheme/css/base.css?ver=20.9.6 HTTP/1.1" 200 57283
181.237.66.10 - - [04/Oct/2023:17:13:56 -0500] "GET /portaldeninos/wp-content/themes/betheme/css/layout.css?ver=20.9.6 HTTP/1.1" 200 116639
181.237.66.10 - - [04/Oct/2023:17:13:56 -0500] "GET /portaldeninos/wp-content/plugins/gallery-videos/CSS/totalsoft.css?ver=4.9.8 HTTP/1.1" 200 40622
181.237.66.10 - - [04/Oct/2023:17:13:56 -0500] "GET /portaldeninos/wp-content/themes/betheme/assets/animations/animations.min.css?ver=20.9.6 HTTP/1.1" 200 58508
181.237.66.10 - - [04/Oct/2023:17:13:56 -0500] "GET /portaldeninos/wp-content/themes/betheme/assets/jplayer/css/jplayer.blue.monday.css?ver=20.9.6 HTTP/1.1" 200 9834
181.237.66.10 - - [04/Oct/2023:17:13:56 -0500] "GET /portaldeninos/wp-content/plugins/popup-maker/assets/css/site.min.css?ver=1.8.14 HTTP/1.1" 200 8260
181.237.66.10 - - [04/Oct/2023:17:13:56 -0500] "GET /portaldeninos/wp-content/themes/betheme/assets/ui/jquery.ui.all.css?ver=20.9.6 HTTP/1.1" 200 18765
181.237.66.10 - - [04/Oct/2023:17:13:56 -0500] "GET /portaldeninos/wp-content/themes/betheme/css/responsive.css?ver=20.9.6 HTTP/1.1" 200 55740
181.237.66.10 - - [04/Oct/2023:17:13:56 -0500] "GET /portaldeninos/wp-includes/js/jquery/jquery-migrate.min.js?ver=1.4.1 HTTP/1.1" 200 10056
181.237.66.10 - - [04/Oct/2023:17:13:56 -0500] "GET /portaldeninos/wp-content/themes/betheme/css/shortcodes.css?ver=20.9.6 HTTP/1.1" 200 138889
181.237.66.10 - - [04/Oct/2023:17:13:56 -0500] "GET /portaldeninos/wp-includes/js/jquery/ui/core.min.js?ver=1.11.4 HTTP/1.1" 200 4000
181.237.66.10 - - [04/Oct/2023:17:13:56 -0500] "GET /portaldeninos/wp-content/plugins/gallery-videos/JS/modernizr.custom.js?ver=4.9.8 HTTP/1.1" 200 9019
181.237.66.10 - - [04/Oct/2023:17:13:56 -0500] "GET /portaldeninos/wp-includes/js/jquery/jquery.js?ver=1.12.4 HTTP/1.1" 200 97184
181.237.66.10 - - [04/Oct/2023:17:13:56 -0500] "GET /portaldeninos/wp-content/plugins/gallery-videos/JS/Total-Soft-Gallery-Video-Widget.js?ver=4.9.8 HTTP/1.1" 200 80264
181.237.66.10 - - [04/Oct/2023:17:13:56 -0500] "GET /portaldeninos/wp-content/uploads/2019/08/Logo-Ambientic.png HTTP/1.1" 200 22941
181.237.66.10 - - [04/Oct/2023:17:13:56 -0500] "GET /portaldeninos/wp-content/uploads/2021/06/titulo-cabezote-ni%C3%B1os.png HTTP/1.1" 200 64425
181.237.66.10 - - [04/Oct/2023:17:13:56 -0500] "GET /portaldeninos/wp-includes/js/jquery/ui/widget.min.js?ver=1.11.4 HTTP/1.1" 200 6908
181.237.66.10 - - [04/Oct/2023:17:13:56 -0500] "GET /portaldeninos/wp-includes/js/jquery/ui/mouse.min.js?ver=1.11.4 HTTP/1.1" 200 3148
181.237.66.10 - - [04/Oct/2023:17:13:56 -0500] "GET /portaldeninos/wp-includes/js/jquery/ui/sortable.min.js?ver=1.11.4 HTTP/1.1" 200 24899
181.237.66.10 - - [04/Oct/2023:17:13:56 -0500] "GET /portaldeninos/wp-includes/js/jquery/ui/tabs.min.js?ver=1.11.4 HTTP/1.1" 200 12110
181.237.66.10 - - [04/Oct/2023:17:13:56 -0500] "GET /portaldeninos/wp-includes/js/jquery/ui/accordion.min.js?ver=1.11.4 HTTP/1.1" 200 8584
181.237.66.10 - - [04/Oct/2023:17:13:56 -0500] "GET /portaldeninos/wp-content/themes/betheme/js/menu.js?ver=20.9.6 HTTP/1.1" 200 2449
181.237.66.10 - - [04/Oct/2023:17:13:56 -0500] "GET /portaldeninos/wp-content/themes/betheme/assets/animations/animations.min.js?ver=20.9.6 HTTP/1.1" 200 1896
181.237.66.10 - - [04/Oct/2023:17:13:56 -0500] "GET /portaldeninos/wp-content/themes/betheme/js/plugins.js?ver=20.9.6 HTTP/1.1" 200 197151
181.237.66.10 - - [04/Oct/2023:17:13:56 -0500] "GET /portaldeninos/wp-content/themes/betheme/assets/jplayer/jplayer.min.js?ver=20.9.6 HTTP/1.1" 200 52702
181.237.66.10 - - [04/Oct/2023:17:13:56 -0500] "GET /portaldeninos/wp-includes/js/jquery/ui/position.min.js?ver=1.11.4 HTTP/1.1" 200 6527
181.237.66.10 - - [04/Oct/2023:17:13:56 -0500] "GET /portaldeninos/wp-includes/js/wp-embed.min.js?ver=4.9.8 HTTP/1.1" 200 1398
181.237.66.10 - - [04/Oct/2023:17:13:56 -0500] "GET /portaldeninos/wp-content/uploads/2021/06/titulo-miambiente-ni%C3%B1os.png HTTP/1.1" 200 11944
181.237.66.10 - - [04/Oct/2023:17:13:56 -0500] "GET /portaldeninos/wp-content/plugins/popup-maker/assets/js/site.min.js?defer&ver=1.8.14 HTTP/1.1" 200 48457
181.237.66.10 - - [04/Oct/2023:17:13:56 -0500] "GET /portaldeninos/wp-content/themes/betheme/js/scripts.js?ver=20.9.6 HTTP/1.1" 200 77162
181.237.66.10 - - [04/Oct/2023:17:13:56 -0500] "GET /portaldeninos/wp-content/uploads/2018/10/oso.jpg HTTP/1.1" 200 305180
181.237.66.10 - - [04/Oct/2023:17:13:56 -0500] "GET /portaldeninos/wp-content/uploads/2021/06/titulo-videos-ni%C3%B1os.png HTTP/1.1" 200 10502
181.237.66.10 - - [04/Oct/2023:17:13:56 -0500] "GET /portaldeninos/wp-content/themes/betheme/fonts/mfn-icons.woff?93978679 HTTP/1.1" 200 80932
181.237.66.10 - - [04/Oct/2023:17:13:56 -0500] "GET /portaldeninos/wp-content/uploads/2021/06/titulo-humedales-ni%C3%B1os.png HTTP/1.1" 200 13361
181.237.66.10 - - [04/Oct/2023:17:13:56 -0500] "GET /portaldeninos/wp-content/uploads/2020/01/Tierra-escenario.jpg HTTP/1.1" 200 181491
181.237.66.10 - - [04/Oct/2023:17:13:56 -0500] "GET /portaldeninos/wp-content/uploads/2020/01/Frailejon-escenario.jpg HTTP/1.1" 200 357472
181.237.66.10 - - [04/Oct/2023:17:13:56 -0500] "GET /portaldeninos/wp-content/uploads/2018/11/caneca.jpg HTTP/1.1" 200 262661
181.237.66.10 - - [04/Oct/2023:17:13:56 -0500] "GET /portaldeninos/wp-content/uploads/2020/05/fb.jpg HTTP/1.1" 200 9893
181.237.66.10 - - [04/Oct/2023:17:13:56 -0500] "GET /portaldeninos/wp-content/uploads/2018/11/tigrillo.jpg HTTP/1.1" 200 402961
181.237.66.10 - - [04/Oct/2023:17:13:56 -0500] "GET /portaldeninos/wp-content/uploads/2020/05/ig.jpg HTTP/1.1" 200 11470
181.237.66.10 - - [04/Oct/2023:17:13:56 -0500] "GET /portaldeninos/wp-content/uploads/2020/06/yt.jpg HTTP/1.1" 200 10577
181.237.66.10 - - [04/Oct/2023:17:13:56 -0500] "GET /portaldeninos/wp-content/uploads/2020/06/tw.jpg HTTP/1.1" 200 11056
181.237.66.10 - - [04/Oct/2023:17:13:56 -0500] "GET /portaldeninos/wp-content/themes/betheme/images/box_shadow.png HTTP/1.1" 200 108
181.237.66.10 - - [04/Oct/2023:17:13:57 -0500] "GET /portaldeninos/wp-content/themes/betheme/images/stripes/stripes_3_b.png HTTP/1.1" 200 974
181.237.66.10 - - [04/Oct/2023:17:13:56 -0500] "GET /portaldeninos/wp-content/uploads/2022/08/Infograf%C3%ADa-humedales-actualizada.png HTTP/1.1" 200 588022
216.244.66.195 - - [04/Oct/2023:17:13:59 -0500] "GET /BLA/resoluciones/RESOLUCIONES%202022/1853.pdf HTTP/1.1" 200 407553
201.245.192.253 - - [04/Oct/2023:17:14:01 -0500] "POST /forms/lservlet;jsessionid=ac16012b30d6b37dfcabd26d4ba9ab38dfbe5876d58a.e3iSbxaKaheRe34Pbx8Nc3aQci1ynknvrkLOlQzNp65In0 HTTP/1.1" 200 2
181.237.66.10 - - [04/Oct/2023:17:13:56 -0500] "GET /portaldeninos/wp-content/uploads/2022/08/HUmedalConejera03-1.jpg HTTP/1.1" 200 12388495
181.237.66.10 - - [04/Oct/2023:17:13:57 -0500] "GET /portaldeninos/wp-content/uploads/2019/06/CabezoteAMBIENTIC.mp4 HTTP/1.1" 206 21677757
172.22.2.4 - - [04/Oct/2023:17:13:34 -0500] "GET /BLA/boletinlegal/ HTTP/1.1" 200 24523
181.237.66.10 - - [04/Oct/2023:17:13:57 -0500] "GET /portaldeninos/wp-content/uploads/2023/08/Infografia-Web-Infantil.mp4 HTTP/1.1" 206 10999838
216.244.66.195 - - [04/Oct/2023:17:14:20 -0500] "GET /BLA/resoluciones/RESOLUCIONES%202022/2096.pdf HTTP/1.1" 200 380047
201.245.192.253 - - [04/Oct/2023:17:14:30 -0500] "GET /BLA/resoluciones/index.php?dir=AUTOS+2014%2F HTTP/1.1" 200 890688
201.245.192.253 - - [04/Oct/2023:17:14:31 -0500] "GET /BLA/resoluciones/dlf/unknown.png HTTP/1.1" 200 266
190.253.160.239 - - [04/Oct/2023:17:14:36 -0500] "GET /BLA/boletinlegal/jurisprudencia/sentencias/25000-23-41-000-2013-02202-01.zip HTTP/1.1" 206 1
190.253.160.239 - - [04/Oct/2023:17:14:38 -0500] "GET /BLA/boletinlegal/jurisprudencia/sentencias/25000-23-41-000-2013-02202-01.zip HTTP/1.1" 206 1
216.244.66.195 - - [04/Oct/2023:17:14:43 -0500] "GET /BLA/resoluciones/RESOLUCIONES%202022/2515.pdf HTTP/1.1" 200 311528
216.244.66.195 - - [04/Oct/2023:17:15:00 -0500] "GET /BLA/resoluciones/RESOLUCIONES%202022/2723.pdf HTTP/1.1" 200 339386
201.245.192.253 - - [04/Oct/2023:17:15:16 -0500] "POST /forms/lservlet;jsessionid=ac16012b30d647b157bff0c740abb774b6aa61d30e8f.e3iSbxaKaheRe34Pbx8Nc3aQci1ynknvrkLOlQzNp65In0 HTTP/1.1" 200 2
201.245.192.253 - - [04/Oct/2023:17:15:16 -0500] "POST /forms/lservlet;jsessionid=ac16012b30d647b157bff0c740abb774b6aa61d30e8f.e3iSbxaKaheRe34Pbx8Nc3aQci1ynknvrkLOlQzNp65In0 HTTP/1.1" 200 10135
201.245.192.253 - - [04/Oct/2023:17:15:16 -0500] "POST /forms/lservlet;jsessionid=ac16012b30d647b157bff0c740abb774b6aa61d30e8f.e3iSbxaKaheRe34Pbx8Nc3aQci1ynknvrkLOlQzNp65In0 HTTP/1.1" 200 47
201.245.192.253 - - [04/Oct/2023:17:15:16 -0500] "POST /forms/lservlet;jsessionid=ac16012b30d647b157bff0c740abb774b6aa61d30e8f.e3iSbxaKaheRe34Pbx8Nc3aQci1ynknvrkLOlQzNp65In0 HTTP/1.1" 200 2
201.245.192.253 - - [04/Oct/2023:17:15:17 -0500] "POST /forms/lservlet;jsessionid=ac16012b30d647b157bff0c740abb774b6aa61d30e8f.e3iSbxaKaheRe34Pbx8Nc3aQci1ynknvrkLOlQzNp65In0 HTTP/1.1" 200 163
201.245.192.253 - - [04/Oct/2023:17:15:17 -0500] "POST /forms/lservlet;jsessionid=ac16012b30d647b157bff0c740abb774b6aa61d30e8f.e3iSbxaKaheRe34Pbx8Nc3aQci1ynknvrkLOlQzNp65In0 HTTP/1.1" 200 221
201.245.192.253 - - [04/Oct/2023:17:15:17 -0500] "POST /forms/lservlet;jsessionid=ac16012b30d647b157bff0c740abb774b6aa61d30e8f.e3iSbxaKaheRe34Pbx8Nc3aQci1ynknvrkLOlQzNp65In0 HTTP/1.1" 200 223
216.244.66.195 - - [04/Oct/2023:17:15:17 -0500] "GET /BLA/resoluciones/RESOLUCIONES%202022/4303.pdf HTTP/1.1" 200 522552
201.245.192.253 - - [04/Oct/2023:17:15:19 -0500] "POST /forms/lservlet;jsessionid=ac16012b30d647b157bff0c740abb774b6aa61d30e8f.e3iSbxaKaheRe34Pbx8Nc3aQci1ynknvrkLOlQzNp65In0 HTTP/1.1" 200 2
201.245.192.253 - - [04/Oct/2023:17:15:19 -0500] "POST /forms/lservlet;jsessionid=ac16012b30d647b157bff0c740abb774b6aa61d30e8f.e3iSbxaKaheRe34Pbx8Nc3aQci1ynknvrkLOlQzNp65In0 HTTP/1.1" 200 1442
201.245.192.253 - - [04/Oct/2023:17:15:19 -0500] "POST /forms/lservlet;jsessionid=ac16012b30d647b157bff0c740abb774b6aa61d30e8f.e3iSbxaKaheRe34Pbx8Nc3aQci1ynknvrkLOlQzNp65In0 HTTP/1.1" 200 11
201.245.192.253 - - [04/Oct/2023:17:15:20 -0500] "POST /forms/lservlet;jsessionid=ac16012b30d647b157bff0c740abb774b6aa61d30e8f.e3iSbxaKaheRe34Pbx8Nc3aQci1ynknvrkLOlQzNp65In0 HTTP/1.1" 200 2
201.245.192.253 - - [04/Oct/2023:17:15:20 -0500] "POST /forms/lservlet;jsessionid=ac16012b30d647b157bff0c740abb774b6aa61d30e8f.e3iSbxaKaheRe34Pbx8Nc3aQci1ynknvrkLOlQzNp65In0 HTTP/1.1" 200 237
201.245.192.253 - - [04/Oct/2023:17:15:20 -0500] "POST /forms/lservlet;jsessionid=ac16012b30d647b157bff0c740abb774b6aa61d30e8f.e3iSbxaKaheRe34Pbx8Nc3aQci1ynknvrkLOlQzNp65In0 HTTP/1.1" 200 11
201.245.192.253 - - [04/Oct/2023:17:15:21 -0500] "POST /forms/lservlet;jsessionid=ac16012b30d647b157bff0c740abb774b6aa61d30e8f.e3iSbxaKaheRe34Pbx8Nc3aQci1ynknvrkLOlQzNp65In0 HTTP/1.1" 200 102
181.237.66.10 - - [04/Oct/2023:17:15:26 -0500] "GET /portaldeninos/ HTTP/1.1" 200 110175
201.245.192.253 - - [04/Oct/2023:17:15:29 -0500] "POST /forms/lservlet;jsessionid=ac16012b30d647b157bff0c740abb774b6aa61d30e8f.e3iSbxaKaheRe34Pbx8Nc3aQci1ynknvrkLOlQzNp65In0 HTTP/1.1" 200 94
216.244.66.195 - - [04/Oct/2023:17:15:33 -0500] "GET /BLA/resoluciones/RESOLUCIONES%202022/4338.pdf HTTP/1.1" 200 405717
201.245.192.253 - - [04/Oct/2023:17:15:34 -0500] "POST /forms/lservlet;jsessionid=ac16012b30d647b157bff0c740abb774b6aa61d30e8f.e3iSbxaKaheRe34Pbx8Nc3aQci1ynknvrkLOlQzNp65In0 HTTP/1.1" 200 7
201.245.192.253 - - [04/Oct/2023:17:15:34 -0500] "POST /forms/lservlet;jsessionid=ac16012b30d647b157bff0c740abb774b6aa61d30e8f.e3iSbxaKaheRe34Pbx8Nc3aQci1ynknvrkLOlQzNp65In0 HTTP/1.1" 200 160
201.245.192.253 - - [04/Oct/2023:17:15:35 -0500] "POST /forms/lservlet;jsessionid=ac16012b30d647b157bff0c740abb774b6aa61d30e8f.e3iSbxaKaheRe34Pbx8Nc3aQci1ynknvrkLOlQzNp65In0 HTTP/1.1" 200 2
201.245.192.253 - - [04/Oct/2023:17:15:36 -0500] "POST /forms/lservlet;jsessionid=ac16012b30d647b157bff0c740abb774b6aa61d30e8f.e3iSbxaKaheRe34Pbx8Nc3aQci1ynknvrkLOlQzNp65In0 HTTP/1.1" 200 2
216.244.66.195 - - [04/Oct/2023:17:15:48 -0500] "GET /BLA/resoluciones/RESOLUCIONES%202022/5461.pdf HTTP/1.1" 200 350655
181.61.204.73 - - [04/Oct/2023:17:15:49 -0500] "GET /portaldeninos/wp-includes/js/wp-emoji-release.min.js?ver=4.9.8 HTTP/1.1" 200 12026
181.61.204.73 - - [04/Oct/2023:17:15:49 -0500] "GET /portaldeninos/wp-content/themes/betheme/style.css?ver=20.9.6 HTTP/1.1" 200 287
181.61.204.73 - - [04/Oct/2023:17:15:49 -0500] "GET /portaldeninos/wp-content/uploads/useanyfont/uaf.css?ver=1589905315 HTTP/1.1" 200 408
181.61.204.73 - - [04/Oct/2023:17:15:48 -0500] "GET /portaldeninos/ HTTP/1.1" 200 110175
181.61.204.73 - - [04/Oct/2023:17:15:49 -0500] "GET /portaldeninos/wp-content/themes/betheme/css/base.css?ver=20.9.6 HTTP/1.1" 200 57283
181.61.204.73 - - [04/Oct/2023:17:15:49 -0500] "GET /portaldeninos/wp-content/plugins/gallery-videos/CSS/totalsoft.css?ver=4.9.8 HTTP/1.1" 200 40622
181.61.204.73 - - [04/Oct/2023:17:15:49 -0500] "GET /portaldeninos/wp-content/plugins/gallery-videos/CSS/Total-Soft-Gallery-Video-Widget.css?ver=4.9.8 HTTP/1.1" 200 51554
181.61.204.73 - - [04/Oct/2023:17:15:49 -0500] "GET /portaldeninos/wp-content/themes/betheme/assets/animations/animations.min.css?ver=20.9.6 HTTP/1.1" 200 58508
181.61.204.73 - - [04/Oct/2023:17:15:49 -0500] "GET /portaldeninos/wp-content/themes/betheme/assets/jplayer/css/jplayer.blue.monday.css?ver=20.9.6 HTTP/1.1" 200 9834
181.61.204.73 - - [04/Oct/2023:17:15:49 -0500] "GET /portaldeninos/wp-content/themes/betheme/assets/ui/jquery.ui.all.css?ver=20.9.6 HTTP/1.1" 200 18765
181.61.204.73 - - [04/Oct/2023:17:15:49 -0500] "GET /portaldeninos/wp-content/plugins/popup-maker/assets/css/site.min.css?ver=1.8.14 HTTP/1.1" 200 8260
181.61.204.73 - - [04/Oct/2023:17:15:49 -0500] "GET /portaldeninos/wp-content/plugins/google-analytics-for-wordpress/assets/js/frontend-gtag.min.js?ver=8.5.0 HTTP/1.1" 200 11801
181.61.204.73 - - [04/Oct/2023:17:15:49 -0500] "GET /portaldeninos/wp-content/themes/betheme/css/shortcodes.css?ver=20.9.6 HTTP/1.1" 200 138889
181.61.204.73 - - [04/Oct/2023:17:15:49 -0500] "GET /portaldeninos/wp-includes/js/jquery/jquery-migrate.min.js?ver=1.4.1 HTTP/1.1" 200 10056
181.61.204.73 - - [04/Oct/2023:17:15:49 -0500] "GET /portaldeninos/wp-includes/js/jquery/ui/core.min.js?ver=1.11.4 HTTP/1.1" 200 4000
181.61.204.73 - - [04/Oct/2023:17:15:49 -0500] "GET /portaldeninos/wp-content/themes/betheme/css/responsive.css?ver=20.9.6 HTTP/1.1" 200 55740
181.61.204.73 - - [04/Oct/2023:17:15:49 -0500] "GET /portaldeninos/wp-content/themes/betheme/css/layout.css?ver=20.9.6 HTTP/1.1" 200 116639
181.61.204.73 - - [04/Oct/2023:17:15:49 -0500] "GET /portaldeninos/wp-content/plugins/gallery-videos/JS/modernizr.custom.js?ver=4.9.8 HTTP/1.1" 200 9019
181.61.204.73 - - [04/Oct/2023:17:15:49 -0500] "GET /portaldeninos/wp-includes/js/jquery/jquery.js?ver=1.12.4 HTTP/1.1" 200 97184
181.61.204.73 - - [04/Oct/2023:17:15:49 -0500] "GET /portaldeninos/wp-content/uploads/2021/06/titulo-cabezote-ni%C3%B1os.png HTTP/1.1" 200 64425
181.61.204.73 - - [04/Oct/2023:17:15:49 -0500] "GET /portaldeninos/wp-content/plugins/gallery-videos/JS/Total-Soft-Gallery-Video-Widget.js?ver=4.9.8 HTTP/1.1" 200 80264
181.61.204.73 - - [04/Oct/2023:17:15:49 -0500] "GET /portaldeninos/wp-content/uploads/2019/08/Logo-Ambientic.png HTTP/1.1" 200 22941
181.61.204.73 - - [04/Oct/2023:17:15:49 -0500] "GET /portaldeninos/wp-includes/js/jquery/ui/widget.min.js?ver=1.11.4 HTTP/1.1" 200 6908
181.61.204.73 - - [04/Oct/2023:17:15:49 -0500] "GET /portaldeninos/wp-includes/js/jquery/ui/mouse.min.js?ver=1.11.4 HTTP/1.1" 200 3148
181.61.204.73 - - [04/Oct/2023:17:15:49 -0500] "GET /portaldeninos/wp-includes/js/jquery/ui/tabs.min.js?ver=1.11.4 HTTP/1.1" 200 12110
181.61.204.73 - - [04/Oct/2023:17:15:49 -0500] "GET /portaldeninos/wp-includes/js/jquery/ui/accordion.min.js?ver=1.11.4 HTTP/1.1" 200 8584
181.61.204.73 - - [04/Oct/2023:17:15:49 -0500] "GET /portaldeninos/wp-content/themes/betheme/js/menu.js?ver=20.9.6 HTTP/1.1" 200 2449
181.61.204.73 - - [04/Oct/2023:17:15:49 -0500] "GET /portaldeninos/wp-includes/js/jquery/ui/sortable.min.js?ver=1.11.4 HTTP/1.1" 200 24899
181.61.204.73 - - [04/Oct/2023:17:15:49 -0500] "GET /portaldeninos/wp-content/themes/betheme/assets/animations/animations.min.js?ver=20.9.6 HTTP/1.1" 200 1896
181.61.204.73 - - [04/Oct/2023:17:15:49 -0500] "GET /portaldeninos/wp-includes/js/jquery/ui/position.min.js?ver=1.11.4 HTTP/1.1" 200 6527
181.61.204.73 - - [04/Oct/2023:17:15:49 -0500] "GET /portaldeninos/wp-includes/js/wp-embed.min.js?ver=4.9.8 HTTP/1.1" 200 1398
181.61.204.73 - - [04/Oct/2023:17:15:49 -0500] "GET /portaldeninos/wp-content/plugins/popup-maker/assets/js/site.min.js?defer&ver=1.8.14 HTTP/1.1" 200 48457
181.61.204.73 - - [04/Oct/2023:17:15:49 -0500] "GET /portaldeninos/wp-content/themes/betheme/assets/jplayer/jplayer.min.js?ver=20.9.6 HTTP/1.1" 200 52702
181.61.204.73 - - [04/Oct/2023:17:15:49 -0500] "GET /portaldeninos/wp-content/uploads/2021/06/titulo-miambiente-ni%C3%B1os.png HTTP/1.1" 200 11944
181.61.204.73 - - [04/Oct/2023:17:15:49 -0500] "GET /portaldeninos/wp-content/themes/betheme/js/scripts.js?ver=20.9.6 HTTP/1.1" 200 77162
181.61.204.73 - - [04/Oct/2023:17:15:49 -0500] "GET /portaldeninos/wp-content/themes/betheme/js/plugins.js?ver=20.9.6 HTTP/1.1" 200 197151
181.61.204.73 - - [04/Oct/2023:17:15:49 -0500] "GET /portaldeninos/wp-content/uploads/2020/01/Tierra-escenario.jpg HTTP/1.1" 200 181491
181.61.204.73 - - [04/Oct/2023:17:15:49 -0500] "GET /portaldeninos/wp-content/uploads/2018/10/oso.jpg HTTP/1.1" 200 305180
181.61.204.73 - - [04/Oct/2023:17:15:49 -0500] "GET /portaldeninos/wp-content/uploads/2021/06/titulo-videos-ni%C3%B1os.png HTTP/1.1" 200 10502
181.61.204.73 - - [04/Oct/2023:17:15:49 -0500] "GET /portaldeninos/wp-content/themes/betheme/fonts/mfn-icons.woff?93978679 HTTP/1.1" 200 80932
181.61.204.73 - - [04/Oct/2023:17:15:49 -0500] "GET /portaldeninos/wp-content/uploads/2018/11/caneca.jpg HTTP/1.1" 200 262661
181.61.204.73 - - [04/Oct/2023:17:15:49 -0500] "GET /portaldeninos/wp-content/uploads/2021/06/titulo-humedales-ni%C3%B1os.png HTTP/1.1" 200 13361
181.61.204.73 - - [04/Oct/2023:17:15:49 -0500] "GET /portaldeninos/wp-content/uploads/2020/05/fb.jpg HTTP/1.1" 200 9893
181.61.204.73 - - [04/Oct/2023:17:15:49 -0500] "GET /portaldeninos/wp-content/uploads/2018/11/tigrillo.jpg HTTP/1.1" 200 402961
181.61.204.73 - - [04/Oct/2023:17:15:49 -0500] "GET /portaldeninos/wp-content/uploads/2020/01/Frailejon-escenario.jpg HTTP/1.1" 200 357472
181.61.204.73 - - [04/Oct/2023:17:15:49 -0500] "GET /portaldeninos/wp-content/uploads/2020/05/ig.jpg HTTP/1.1" 200 11470
181.61.204.73 - - [04/Oct/2023:17:15:49 -0500] "GET /portaldeninos/wp-content/uploads/2020/06/yt.jpg HTTP/1.1" 200 10577
181.61.204.73 - - [04/Oct/2023:17:15:49 -0500] "GET /portaldeninos/wp-content/uploads/2020/06/tw.jpg HTTP/1.1" 200 11056
181.61.204.73 - - [04/Oct/2023:17:15:49 -0500] "GET /portaldeninos/wp-content/themes/betheme/images/box_shadow.png HTTP/1.1" 200 108
181.61.204.73 - - [04/Oct/2023:17:15:49 -0500] "GET /portaldeninos/wp-content/themes/betheme/images/stripes/stripes_3_b.png HTTP/1.1" 200 974
181.61.204.73 - - [04/Oct/2023:17:15:49 -0500] "GET /portaldeninos/wp-content/uploads/2023/08/Infografia-Web-Infantil.mp4 HTTP/1.1" 206 214238
181.61.204.73 - - [04/Oct/2023:17:15:49 -0500] "GET /portaldeninos/wp-content/uploads/2022/08/Infograf%C3%ADa-humedales-actualizada.png HTTP/1.1" 200 588022
181.61.204.73 - - [04/Oct/2023:17:15:50 -0500] "GET /portaldeninos/wp-json/pum/v1/analytics/?event=open&pid=1126&_cache=1696457728962 HTTP/1.1" 204 -
181.61.204.73 - - [04/Oct/2023:17:15:49 -0500] "GET /portaldeninos/wp-content/uploads/2022/08/HUmedalConejera03-1.jpg HTTP/1.1" 200 12388495
181.61.204.73 - - [04/Oct/2023:17:15:49 -0500] "GET /portaldeninos/wp-content/uploads/2019/06/CabezoteAMBIENTIC.mp4 HTTP/1.1" 206 21677757
201.245.192.253 - - [04/Oct/2023:17:16:01 -0500] "POST /forms/lservlet;jsessionid=ac16012b30d6b37dfcabd26d4ba9ab38dfbe5876d58a.e3iSbxaKaheRe34Pbx8Nc3aQci1ynknvrkLOlQzNp65In0 HTTP/1.1" 200 2
216.244.66.195 - - [04/Oct/2023:17:16:01 -0500] "GET /BLA/resoluciones/RESOLUCIONES%202023/0705.pdf HTTP/1.1" 200 409137
181.61.204.73 - - [04/Oct/2023:17:15:50 -0500] "GET /portaldeninos/wp-content/uploads/2023/08/Infografia-Web-Infantil.mp4 HTTP/1.1" 206 9825997
181.61.204.73 - - [04/Oct/2023:17:16:13 -0500] "GET /portaldeninos/wp-content/uploads/2019/06/CabezoteAMBIENTIC.mp4 HTTP/1.1" 206 603435
216.244.66.195 - - [04/Oct/2023:17:16:14 -0500] "GET /BLA/resoluciones/AUTOS%202007/1734.pdf HTTP/1.1" 200 36240
216.244.66.195 - - [04/Oct/2023:17:16:26 -0500] "GET /BLA/resoluciones/AUTOS%202007/1818.pdf HTTP/1.1" 200 29878
172.226.172.10 - - [04/Oct/2023:17:16:32 -0500] "GET /sipse/faces/index.xhtml HTTP/1.1" 200 677
172.226.172.10 - - [04/Oct/2023:17:16:32 -0500] "GET /sipse/faces/javax.faces.resource/theme.css?ln=primefaces-sipse HTTP/1.1" 304 -
172.226.172.10 - - [04/Oct/2023:17:16:32 -0500] "GET /sipse/faces/faces/autenticacion.xhtml HTTP/1.1" 200 12415
