190.25.103.110 - - [04/Oct/2023:09:45:44 -0500] "POST /sipse/faces/autenticacion.xhtml HTTP/1.1" 200 2179
190.25.103.110 - - [04/Oct/2023:09:45:44 -0500] "GET /sipse/faces/javax.faces.resource/messages/messages.png?ln=primefaces&v=4.0 HTTP/1.1" 304 -
172.22.2.4 - - [04/Oct/2023:09:45:47 -0500] "GET /BLA/boletinlegal/conceptos/2020/46.pdf HTTP/1.1" 304 -
186.155.215.173 - - [04/Oct/2023:09:45:49 -0500] "GET /proximo-4-de-octubre-simulacro-distrital-de-evacuacion-dia-y-noche.html HTTP/1.1" 200 783
172.22.2.4 - - [04/Oct/2023:09:45:49 -0500] "GET /BLA/boletinlegal/jurisprudencia/analisis/analisis%20C-595-2010.doc HTTP/1.1" 200 39424
216.244.66.195 - - [04/Oct/2023:09:46:00 -0500] "GET /BLA/resoluciones/AUTOS%202012/1641.pdf HTTP/1.1" 200 307100
190.25.103.110 - - [04/Oct/2023:09:46:07 -0500] "POST /sipse/faces/autenticacion.xhtml HTTP/1.1" 200 16830
190.25.103.110 - - [04/Oct/2023:09:46:07 -0500] "GET /sipse/faces/javax.faces.resource/theme.css?ln=primefaces-sipse HTTP/1.1" 304 -
190.25.103.110 - - [04/Oct/2023:09:46:07 -0500] "GET /sipse/faces/javax.faces.resource/primefaces.css?ln=primefaces&v=4.0 HTTP/1.1" 304 -
190.25.103.110 - - [04/Oct/2023:09:46:07 -0500] "GET /sipse/faces/javax.faces.resource/layout/layout.css?ln=primefaces&v=4.0 HTTP/1.1" 304 -
190.25.103.110 - - [04/Oct/2023:09:46:07 -0500] "GET /sipse/css/custom_css_sg_prime.css HTTP/1.1" 304 -
190.25.103.110 - - [04/Oct/2023:09:46:08 -0500] "GET /sipse/js/jquery.min.js HTTP/1.1" 304 -
190.25.103.110 - - [04/Oct/2023:09:46:08 -0500] "GET /sipse/faces/javax.faces.resource/jquery/jquery.js?ln=primefaces&v=4.0 HTTP/1.1" 304 -
190.25.103.110 - - [04/Oct/2023:09:46:08 -0500] "GET /sipse/faces/javax.faces.resource/jquery/jquery-plugins.js?ln=primefaces&v=4.0 HTTP/1.1" 304 -
190.25.103.110 - - [04/Oct/2023:09:46:08 -0500] "GET /sipse/faces/javax.faces.resource/primefaces.js?ln=primefaces&v=4.0 HTTP/1.1" 304 -
190.25.103.110 - - [04/Oct/2023:09:46:08 -0500] "GET /sipse/faces/javax.faces.resource/layout/layout.js?ln=primefaces&v=4.0 HTTP/1.1" 304 -
190.25.103.110 - - [04/Oct/2023:09:46:08 -0500] "GET /sipse/css/v_mergente.css HTTP/1.1" 304 -
190.25.103.110 - - [04/Oct/2023:09:46:08 -0500] "GET /sipse/imagenes/cargando.gif HTTP/1.1" 304 -
190.25.103.110 - - [04/Oct/2023:09:46:08 -0500] "GET /sipse/css/imagen/contrasena.png HTTP/1.1" 404 383
190.25.103.110 - - [04/Oct/2023:09:46:08 -0500] "GET /sipse/imagenes/logoAplicacion.jpg HTTP/1.1" 304 -
190.25.103.110 - - [04/Oct/2023:09:46:12 -0500] "GET /sipse/faces/javax.faces.resource/images/ui-bg_flat_0_2d5972_40x100.png?ln=primefaces-aristo HTTP/1.1" 304 -
190.25.103.110 - - [04/Oct/2023:09:46:12 -0500] "POST /sipse/faces/bienvenido.xhtml HTTP/1.1" 200 2658
190.25.103.110 - - [04/Oct/2023:09:46:13 -0500] "POST /sipse/faces/bienvenido.xhtml HTTP/1.1" 200 36128
190.25.103.110 - - [04/Oct/2023:09:46:14 -0500] "GET /sipse/faces/javax.faces.resource/theme.css?ln=primefaces-sipse HTTP/1.1" 304 -
190.25.103.110 - - [04/Oct/2023:09:46:14 -0500] "GET /sipse/faces/javax.faces.resource/primefaces.css?ln=primefaces&v=4.0 HTTP/1.1" 304 -
190.25.103.110 - - [04/Oct/2023:09:46:14 -0500] "GET /sipse/faces/javax.faces.resource/layout/layout.css?ln=primefaces&v=4.0 HTTP/1.1" 304 -
190.25.103.110 - - [04/Oct/2023:09:46:14 -0500] "GET /sipse/faces/javax.faces.resource/jquery/jquery.js?ln=primefaces&v=4.0 HTTP/1.1" 304 -
190.25.103.110 - - [04/Oct/2023:09:46:14 -0500] "GET /sipse/faces/javax.faces.resource/jquery/jquery-plugins.js?ln=primefaces&v=4.0 HTTP/1.1" 304 -
190.25.103.110 - - [04/Oct/2023:09:46:14 -0500] "GET /sipse/faces/javax.faces.resource/primefaces.js?ln=primefaces&v=4.0 HTTP/1.1" 304 -
190.25.103.110 - - [04/Oct/2023:09:46:14 -0500] "GET /sipse/faces/javax.faces.resource/layout/layout.js?ln=primefaces&v=4.0 HTTP/1.1" 304 -
190.25.103.110 - - [04/Oct/2023:09:46:15 -0500] "POST /sipse/faces/presentacion/financiero/solicitudProceso/listarSolicitudProceso.xhtml HTTP/1.1" 200 1404
190.25.103.110 - - [04/Oct/2023:09:46:16 -0500] "POST /sipse/faces/presentacion/financiero/solicitudProceso/listarSolicitudProceso.xhtml HTTP/1.1" 200 109278
190.25.103.110 - - [04/Oct/2023:09:46:17 -0500] "GET /sipse/faces/javax.faces.resource/primefaces.css?ln=primefaces&v=4.0 HTTP/1.1" 304 -
190.25.103.110 - - [04/Oct/2023:09:46:17 -0500] "GET /sipse/faces/javax.faces.resource/theme.css?ln=primefaces-sipse HTTP/1.1" 304 -
190.25.103.110 - - [04/Oct/2023:09:46:17 -0500] "GET /sipse/faces/javax.faces.resource/layout/layout.css?ln=primefaces&v=4.0 HTTP/1.1" 304 -
190.25.103.110 - - [04/Oct/2023:09:46:17 -0500] "GET /sipse/faces/javax.faces.resource/jquery/jquery.js?ln=primefaces&v=4.0 HTTP/1.1" 304 -
190.25.103.110 - - [04/Oct/2023:09:46:17 -0500] "GET /sipse/faces/javax.faces.resource/jquery/jquery-plugins.js?ln=primefaces&v=4.0 HTTP/1.1" 304 -
190.25.103.110 - - [04/Oct/2023:09:46:17 -0500] "GET /sipse/faces/javax.faces.resource/primefaces.js?ln=primefaces&v=4.0 HTTP/1.1" 304 -
190.25.103.110 - - [04/Oct/2023:09:46:17 -0500] "GET /sipse/faces/javax.faces.resource/layout/layout.js?ln=primefaces&v=4.0 HTTP/1.1" 304 -
190.25.103.110 - - [04/Oct/2023:09:46:18 -0500] "GET /sipse/faces/javax.faces.resource/dynamiccontent.properties?ln=primefaces&pfdrid=XjOR5%2F%2FfPAZAuY9TpWQeCiM0BhlXxYRBGKi%2FQcXXfeA%3D&pfdrid_c=false HTTP/1.1" 500 383
216.244.66.195 - - [04/Oct/2023:09:46:19 -0500] "GET /BLA/resoluciones/AUTOS%202012/1723.pdf HTTP/1.1" 200 518619
190.25.103.110 - - [04/Oct/2023:09:46:30 -0500] "POST /sipse/faces/presentacion/financiero/solicitudProceso/consultarSolicitudProceso.xhtml HTTP/1.1" 200 33573
190.25.103.110 - - [04/Oct/2023:09:46:32 -0500] "GET /sipse/faces/javax.faces.resource/theme.css?ln=primefaces-sipse HTTP/1.1" 304 -
190.25.103.110 - - [04/Oct/2023:09:46:32 -0500] "GET /sipse/faces/javax.faces.resource/primefaces.css?ln=primefaces&v=4.0 HTTP/1.1" 304 -
190.25.103.110 - - [04/Oct/2023:09:46:32 -0500] "GET /sipse/faces/javax.faces.resource/layout/layout.css?ln=primefaces&v=4.0 HTTP/1.1" 304 -
190.25.103.110 - - [04/Oct/2023:09:46:32 -0500] "GET /sipse/faces/javax.faces.resource/jquery/jquery.js?ln=primefaces&v=4.0 HTTP/1.1" 304 -
190.25.103.110 - - [04/Oct/2023:09:46:32 -0500] "GET /sipse/faces/javax.faces.resource/jquery/jquery-plugins.js?ln=primefaces&v=4.0 HTTP/1.1" 304 -
190.25.103.110 - - [04/Oct/2023:09:46:32 -0500] "GET /sipse/faces/javax.faces.resource/primefaces.js?ln=primefaces&v=4.0 HTTP/1.1" 304 -
190.25.103.110 - - [04/Oct/2023:09:46:32 -0500] "GET /sipse/faces/javax.faces.resource/layout/layout.js?ln=primefaces&v=4.0 HTTP/1.1" 304 -
190.25.103.110 - - [04/Oct/2023:09:46:32 -0500] "POST /sipse/faces/presentacion/financiero/solicitudProceso/listarSolicitudProceso.xhtml HTTP/1.1" 200 1368
52.38.1.20 - - [04/Oct/2023:09:46:35 -0500] "GET /distrito-intensifica-acciones-de-control-y-vigilancia-a-fuentes-de-emision-en-bogota.html HTTP/1.1" 200 925
52.40.146.13 - - [04/Oct/2023:09:46:37 -0500] "GET /mas-de-570-llantas-fueron-recolectadas-en-la-llantaton-de-bosa.html HTTP/1.1" 200 907
201.245.192.253 - - [04/Oct/2023:09:46:39 -0500] "GET /forest/ HTTP/1.1" 200 12041
35.88.193.205 - - [04/Oct/2023:09:46:40 -0500] "GET /bogota-inicia-la-semana-con-buenas-condiciones-de-calidad-del-aire.html HTTP/1.1" 200 960
171.67.71.144 - - [04/Oct/2023:09:46:49 -0500] "GET / HTTP/1.1" 200 319
186.84.90.74 - - [04/Oct/2023:09:46:50 -0500] "GET /kwssiamovil/sm/acme/u?s=U2FsdGVkX1/U1dh+or4QhorM0ZiIJNBt03XS2gExYtxVWMyFcjVS1vsBdBPY2uV200uTC/QfgJQ73RjxyW8Pf9oSGSqWedXrzgHvuWCo2qqIO3SdTk8bIDz4VJbxcZgO3eetwOAXvjxu3p4FmNRRmHxCeXSljZEfSxeLeRQV7OU=&u=U2FsdGVkX1/AacN810j20BsOrLmWQ/7iHLb/IPkwkPM=&y=U2FsdGVkX182ws8wF0nwTqYFqxF10nfLPmLAgDH7u6xmqzgXYuBzw2cPSCY8F0L1 HTTP/1.1" 200 60
201.245.192.253 - - [04/Oct/2023:09:47:02 -0500] "POST /forms/lservlet;jsessionid=ac16012b30d647b157bff0c740abb774b6aa61d30e8f.e3iSbxaKaheRe34Pbx8Nc3aQci1ynknvrkLOlQzNp65In0 HTTP/1.1" 200 2
216.244.66.195 - - [04/Oct/2023:09:47:06 -0500] "GET /BLA/resoluciones/AUTOS%202012/1929.pdf HTTP/1.1" 200 362603
216.245.221.92 - - [04/Oct/2023:09:47:17 -0500] "HEAD / HTTP/1.1" 200 -
216.244.66.195 - - [04/Oct/2023:09:47:47 -0500] "GET /BLA/resoluciones/AUTOS%202012/2183.pdf HTTP/1.1" 200 1704923
123.126.50.7 - - [04/Oct/2023:09:47:51 -0500] "GET /appsia/controlador HTTP/1.1" 200 4799
173.252.95.13 - - [04/Oct/2023:09:48:37 -0500] "GET /bogota-tendra-la-primera-planta-de-termovalorizacion-de-colombia-la-cual-convertira-los-residuos-en-energia-para-la-ciudad.html HTTP/1.1" 200 883
173.252.95.4 - - [04/Oct/2023:09:48:37 -0500] "GET /bogota-tendra-la-primera-planta-de-termovalorizacion-de-colombia-la-cual-convertira-los-residuos-en-energia-para-la-ciudad.html HTTP/1.1" 200 883
216.244.66.195 - - [04/Oct/2023:09:48:37 -0500] "GET /BLA/resoluciones/AUTOS%202012/2731.pdf HTTP/1.1" 200 665189
173.252.79.120 - - [04/Oct/2023:09:48:38 -0500] "GET /images/reunion-planta-termovalorizacion-11-mayo.jpg HTTP/1.1" 200 34782
66.249.66.20 - - [04/Oct/2023:09:48:46 -0500] "GET /resoluciones/RESOLUCIONES%202010/1868.pdf HTTP/1.1" 404 1018
172.22.2.4 - - [04/Oct/2023:09:47:16 -0500] "HEAD /BLA/boletinlegal/ HTTP/1.1" 200 -
201.245.192.253 - - [04/Oct/2023:09:49:02 -0500] "POST /forms/lservlet;jsessionid=ac16012b30d647b157bff0c740abb774b6aa61d30e8f.e3iSbxaKaheRe34Pbx8Nc3aQci1ynknvrkLOlQzNp65In0 HTTP/1.1" 200 2
52.167.144.209 - - [04/Oct/2023:09:49:11 -0500] "GET /sipse/faces/faces/autenticacion.xhtml HTTP/1.1" 200 12737
216.244.66.195 - - [04/Oct/2023:09:49:28 -0500] "GET /BLA/resoluciones/AUTOS%202012/2787.pdf HTTP/1.1" 200 389038
186.102.112.66 - - [04/Oct/2023:09:49:25 -0500] "GET /BLA/resoluciones/index.php?dir=RESOLUCIONES+2010%2F HTTP/1.1" 200 1307967
173.252.107.118 - - [04/Oct/2023:09:49:35 -0500] "GET /mujeres-que-reverdecen-secretaria-de-ambiente-anuncia-el-inicio-de-la-tercera-fase.html HTTP/1.1" 200 954
186.102.112.66 - - [04/Oct/2023:09:49:38 -0500] "GET /BLA/resoluciones/RESOLUCIONES%202010/7454.pdf HTTP/1.1" 200 396514
104.45.211.239 - - [04/Oct/2023:09:49:44 -0500] "GET /distrito-intensifica-acciones-de-control-y-vigilancia-a-fuentes-de-emision-en-bogota.html HTTP/1.1" 200 925
34.86.177.154 - - [04/Oct/2023:09:49:44 -0500] "GET /robots.txt HTTP/1.1" 404 1034
34.86.177.154 - - [04/Oct/2023:09:49:44 -0500] "GET /distrito-intensifica-acciones-de-control-y-vigilancia-a-fuentes-de-emision-en-bogota.html HTTP/1.1" 200 925
104.45.211.239 - - [04/Oct/2023:09:49:44 -0500] "GET /mas-de-570-llantas-fueron-recolectadas-en-la-llantaton-de-bosa.html HTTP/1.1" 200 907
34.86.177.154 - - [04/Oct/2023:09:49:44 -0500] "GET /mas-de-570-llantas-fueron-recolectadas-en-la-llantaton-de-bosa.html HTTP/1.1" 200 907
71.6.134.233 - - [04/Oct/2023:09:49:45 -0500] "\x16\x03\x01" 400 226
104.45.211.239 - - [04/Oct/2023:09:49:49 -0500] "GET /bogota-inicia-la-semana-con-buenas-condiciones-de-calidad-del-aire.html HTTP/1.1" 200 960
34.86.177.154 - - [04/Oct/2023:09:49:49 -0500] "GET /bogota-inicia-la-semana-con-buenas-condiciones-de-calidad-del-aire.html HTTP/1.1" 200 960
172.22.2.4 - - [04/Oct/2023:09:48:09 -0500] "GET /BLA/boletinlegal/ HTTP/1.1" 200 60342
186.102.112.66 - - [04/Oct/2023:09:49:57 -0500] "GET /BLA/resoluciones/RESOLUCIONES%202010/7454.pdf HTTP/1.1" 304 -
216.244.66.195 - - [04/Oct/2023:09:50:12 -0500] "GET /BLA/resoluciones/AUTOS%202012/3112.pdf HTTP/1.1" 200 1978577
201.245.192.253 - - [04/Oct/2023:09:50:16 -0500] "POST /kwsrmcab/Wsrmcab  HTTP/1.1" 200 42851
201.245.192.253 - - [04/Oct/2023:09:51:02 -0500] "POST /forms/lservlet;jsessionid=ac16012b30d647b157bff0c740abb774b6aa61d30e8f.e3iSbxaKaheRe34Pbx8Nc3aQci1ynknvrkLOlQzNp65In0 HTTP/1.1" 200 2
216.244.66.195 - - [04/Oct/2023:09:51:02 -0500] "GET /BLA/resoluciones/AUTOS%202013/0110.pdf HTTP/1.1" 200 1314671
186.102.112.66 - - [04/Oct/2023:09:51:07 -0500] "GET /BLA/resoluciones/index.php?dir=RESOLUCIONES+2011%2F HTTP/1.1" 200 746992
23.106.223.49 - - [04/Oct/2023:09:51:23 -0500] "GET / HTTP/1.1" 200 319
216.244.66.195 - - [04/Oct/2023:09:51:53 -0500] "GET /BLA/resoluciones/AUTOS%202013/0590.pdf HTTP/1.1" 200 1029809
172.22.2.4 - - [04/Oct/2023:09:52:14 -0500] "GET /BLA/boletinlegal/favicon.ico HTTP/1.1" 404 1018
216.245.221.92 - - [04/Oct/2023:09:52:17 -0500] "HEAD / HTTP/1.1" 200 -
66.249.66.19 - - [04/Oct/2023:09:52:20 -0500] "GET /BLA/resoluciones/RESOLUCIONES%202009/3509.pdf HTTP/1.1" 200 716238
172.22.2.4 - - [04/Oct/2023:09:51:59 -0500] "GET /BLA/boletinlegal/ HTTP/1.1" 200 32715
216.244.66.195 - - [04/Oct/2023:09:52:43 -0500] "GET /BLA/resoluciones/AUTOS%202013/1052.pdf HTTP/1.1" 200 403207
201.245.192.253 - - [04/Oct/2023:09:53:02 -0500] "POST /forms/lservlet;jsessionid=ac16012b30d647b157bff0c740abb774b6aa61d30e8f.e3iSbxaKaheRe34Pbx8Nc3aQci1ynknvrkLOlQzNp65In0 HTTP/1.1" 200 2
216.244.66.195 - - [04/Oct/2023:09:53:32 -0500] "GET /BLA/resoluciones/AUTOS%202013/1126.pdf HTTP/1.1" 200 1185476
216.244.66.195 - - [04/Oct/2023:09:54:22 -0500] "GET /BLA/resoluciones/AUTOS%202013/1439.pdf HTTP/1.1" 200 263163
172.22.2.4 - - [04/Oct/2023:09:54:27 -0500] "GET /BLA/boletinlegal/consulta_actos.php?tipo=resoluciones&no=&usuario=&sector=&fecha=2023&resuelve= HTTP/1.1" 200 275888
172.22.2.4 - - [04/Oct/2023:09:54:27 -0500] "GET /BLA/boletinlegal/images/pdf.gif HTTP/1.1" 200 567
172.22.2.4 - - [04/Oct/2023:09:54:27 -0500] "GET /BLA/boletinlegal/images/background.gif HTTP/1.1" 200 -
172.22.2.4 - - [04/Oct/2023:09:53:09 -0500] "HEAD /BLA/boletinlegal/ HTTP/1.1" 200 -
216.244.66.195 - - [04/Oct/2023:09:54:59 -0500] "GET /BLA/resoluciones/AUTOS%202013/1625.pdf HTTP/1.1" 200 168812
201.245.192.253 - - [04/Oct/2023:09:55:03 -0500] "POST /forms/lservlet;jsessionid=ac16012b30d647b157bff0c740abb774b6aa61d30e8f.e3iSbxaKaheRe34Pbx8Nc3aQci1ynknvrkLOlQzNp65In0 HTTP/1.1" 200 2
181.189.25.57 - - [04/Oct/2023:09:55:09 -0500] "POST /sipse/faces/presentacion/financiero/solicitudProceso/listarSolicitudProceso.xhtml HTTP/1.1" 200 3089
181.189.25.57 - - [04/Oct/2023:09:55:11 -0500] "POST /sipse/faces/presentacion/financiero/solicitudProceso/listarSolicitudProceso.xhtml HTTP/1.1" 200 4137
181.189.25.57 - - [04/Oct/2023:09:55:12 -0500] "POST /sipse/faces/presentacion/financiero/solicitudProceso/listarSolicitudProceso.xhtml HTTP/1.1" 200 40798
181.189.25.57 - - [04/Oct/2023:09:55:12 -0500] "GET /sipse/faces/javax.faces.resource/theme.css?ln=primefaces-sipse HTTP/1.1" 304 -
181.189.25.57 - - [04/Oct/2023:09:55:12 -0500] "GET /sipse/faces/javax.faces.resource/primefaces.css?ln=primefaces&v=4.0 HTTP/1.1" 304 -
181.189.25.57 - - [04/Oct/2023:09:55:12 -0500] "GET /sipse/faces/javax.faces.resource/layout/layout.css?ln=primefaces&v=4.0 HTTP/1.1" 304 -
181.189.25.57 - - [04/Oct/2023:09:55:12 -0500] "GET /sipse/faces/javax.faces.resource/jquery/jquery.js?ln=primefaces&v=4.0 HTTP/1.1" 304 -
181.189.25.57 - - [04/Oct/2023:09:55:12 -0500] "GET /sipse/faces/javax.faces.resource/jquery/jquery-plugins.js?ln=primefaces&v=4.0 HTTP/1.1" 304 -
181.189.25.57 - - [04/Oct/2023:09:55:12 -0500] "GET /sipse/faces/javax.faces.resource/primefaces.js?ln=primefaces&v=4.0 HTTP/1.1" 304 -
181.189.25.57 - - [04/Oct/2023:09:55:12 -0500] "GET /sipse/faces/javax.faces.resource/layout/layout.js?ln=primefaces&v=4.0 HTTP/1.1" 304 -
181.189.25.57 - - [04/Oct/2023:09:55:12 -0500] "POST /sipse/faces/presentacion/financiero/solicitudProceso/consultar.xhtml HTTP/1.1" 200 34153
181.189.25.57 - - [04/Oct/2023:09:55:12 -0500] "POST /sipse/faces/presentacion/financiero/solicitudProceso/consultar.xhtml HTTP/1.1" 200 34153
181.189.25.57 - - [04/Oct/2023:09:55:12 -0500] "POST /sipse/faces/presentacion/financiero/solicitudProceso/consultar.xhtml HTTP/1.1" 200 34153
181.189.25.57 - - [04/Oct/2023:09:55:13 -0500] "POST /sipse/faces/presentacion/financiero/solicitudProceso/consultar.xhtml HTTP/1.1" 200 34153
181.189.25.57 - - [04/Oct/2023:09:55:13 -0500] "POST /sipse/faces/presentacion/financiero/solicitudProceso/consultar.xhtml HTTP/1.1" 200 34153
181.189.25.57 - - [04/Oct/2023:09:55:14 -0500] "POST /sipse/faces/presentacion/financiero/solicitudProceso/consultar.xhtml HTTP/1.1" 200 12808
201.245.192.253 - - [04/Oct/2023:09:55:15 -0500] "POST /kwsrmcab/Wsrmcab  HTTP/1.1" 200 42851
20.225.177.233 - - [04/Oct/2023:09:55:24 -0500] "GET /.env HTTP/1.1" 404 1018
20.225.177.233 - - [04/Oct/2023:09:55:24 -0500] "POST / HTTP/1.1" 200 319
20.225.177.233 - - [04/Oct/2023:09:55:29 -0500] "GET /sendgrid/.env HTTP/1.1" 404 1018
20.225.177.233 - - [04/Oct/2023:09:55:29 -0500] "POST / HTTP/1.1" 200 319
216.244.66.195 - - [04/Oct/2023:09:55:39 -0500] "GET /BLA/resoluciones/AUTOS%202013/1765.pdf HTTP/1.1" 200 362800
172.22.2.4 - - [04/Oct/2023:09:54:00 -0500] "GET /BLA/boletinlegal/ HTTP/1.1" 200 57790
186.102.112.66 - - [04/Oct/2023:09:55:51 -0500] "GET /BLA/resoluciones/index.php?dir=RESOLUCIONES+2013%2F HTTP/1.1" 200 238278
186.102.112.66 - - [04/Oct/2023:09:55:53 -0500] "GET /BLA/resoluciones/dlf/doc.gif HTTP/1.1" 200 1079
186.102.112.66 - - [04/Oct/2023:09:55:57 -0500] "GET /BLA/resoluciones/RESOLUCIONES%202013/2641.pdf HTTP/1.1" 200 394487
216.244.66.195 - - [04/Oct/2023:09:56:29 -0500] "GET /BLA/resoluciones/AUTOS%202013/1964.pdf HTTP/1.1" 200 431303
201.245.192.253 - - [04/Oct/2023:09:57:03 -0500] "POST /forms/lservlet;jsessionid=ac16012b30d647b157bff0c740abb774b6aa61d30e8f.e3iSbxaKaheRe34Pbx8Nc3aQci1ynknvrkLOlQzNp65In0 HTTP/1.1" 200 2
216.245.221.92 - - [04/Oct/2023:09:57:17 -0500] "HEAD / HTTP/1.1" 200 -
216.244.66.195 - - [04/Oct/2023:09:57:19 -0500] "GET /BLA/resoluciones/AUTOS%202013/2100.pdf HTTP/1.1" 200 674547
216.244.66.195 - - [04/Oct/2023:09:58:09 -0500] "GET /BLA/resoluciones/AUTOS%202013/2279.pdf HTTP/1.1" 200 730998
186.102.115.173 - - [04/Oct/2023:09:58:20 -0500] "GET /kwssiamovil/sm/ldap/au?x=U2FsdGVkX184Xi2SNODwz+uZfmsRK5BYVIy+OCGYtRduFsWiRxXDeomSKY8/YMcw&y=U2FsdGVkX18GVAEZmhdY5Q08TuL7nVbmnY3RfFnPFzFgPRI8aZZreeQ3+9RJaz9M HTTP/1.1" 200 30
186.102.115.173 - - [04/Oct/2023:09:58:21 -0500] "GET /kwssiamovil/sm/acme/s?s=U2FsdGVkX18AN1WufD6ZU7PfFvSEQgMM0Ad9QP8O4tfGLO0zXCfxPvEzwU4ltSwsZtTF/V/zFKR/TBTRZULvUsol2AKO2LTWE9gPQPMh6Z8=&u=U2FsdGVkX18Nz5xvaIM/Cd1tnoGxKu2gd0LVEyV94Jc=&y=U2FsdGVkX18GVAEZmhdY5Q08TuL7nVbmnY3RfFnPFzFgPRI8aZZreeQ3+9RJaz9M HTTP/1.1" 200 97
186.102.115.173 - - [04/Oct/2023:09:58:21 -0500] "GET /kwssiamovil/sm/acme/s?s=U2FsdGVkX1/ngnl1YYc3ml2CkbbFvrIGz0Q0zjoYm9dZ4bkHfR6M53zVJwJsb/7ZZaCyBJwJbvP3NcyIkDpMXAxie5aXT0aN4qc2d7OSThU+5mdSBApfRcQlPSEbgHWLLb/9m2X5sj+FB3Y//FTTQ/aP5v6JNF/9Q15kCfiky/oh7hJhkVkHFVUu8AMXIi4aP1/Cao5t59QY8cWn1HCvuq1RJkbwW0KYa4QD9/Kn5sBovih1VG/j5cD0hrxEsG5JfM2OFYhvfs1IqzYX2zzM/bA/wfXN0FIVakMrkTPQgAMy2ciF1Fk3/Uwgpx6OfP39a0mZo54YOzbExdZEflYzVHW81K0K05/j9orGBT2J+zCtgdCpbkeWldfPqj5DbUUvKdIyAHZOWlyzndeBpR1bEAseRqqQmWBFFSBzu+FO6FDRdc9S2y4t+ajR/4Snoz1bWUx6cGztsQbUKD7yaGtYkXcXlEdpcKuAbPhJauX4gkW5NcE7CPciAojoS0IkNFqTw7HX4jEAXkqiC8bTSoUvwzX1H5YpoMxreeVhuB1B3NxzhnDNulBgP4cvle/fZBCRA31hMaPByxriSjDLebAoIZypM4J7aGqWZkQQ7sBMTV4HIJD+xBgt/oh0sMRtlBmLldcpMYIcC71CEaWBq/O8ZWFSPyTN3dQiyAE3FxvasVJCN77cmWuA12XBQXIdYmIlTL15Vq5ypSfoLJHHxsJnwrQvZL4zQkJGSNHMlR7aV5kbHoAgd5GMLcughob4O2T+q6gm6zXmdRRjtn1JAKxwMmfS+s1BcFB3zA0PBl0lPK59pfMleH3207JhArsK095mo9Qf7oKWULt8AgnlLJejj2K4+tvBe4lAf7YOlxLR1GHDdQzD9nkeIAs1xk35WLuwPEwmsKRupM9qzFRLbPUL4/FnniGL8TH6/qqFgBL12pIavP6fOQCw824MUM4D0OJeVn/7lc+Cupr0vdgo6EROkV+uZ/RkWQ2NsEp8bmFcXpgj0txAxc9kX4huDF9h5j3UtWngO4MzddPmidWnMJN1NyVHff/5iwklYEJJx3gjhCcZd+L8ImXnipRnphaWag+bi+FF03QoZU8jLJFJo1cMbT8rXfQYRI2EGagKhRXxnQN8ITsslicrxTL4D532EZeu74ajNELaS7+Qbflk6N09gbXehjesYuCgNoR4R/uF7h/H6c9hi4Y0fcGPkQBCwmhXdz6qYA3jo07OMiM2D0FNrXdlCPI8osraOlsf/JMtx59g6hhVmMO8i5uxPMvKA4Qy3FyWJhcSF9VIncT8uPtCj6nc28QYqGN8nzH/cuNa2RTMmsnK7d0FO4hgFqfek+gtvDBmoQhUsjdk9zO0/dG27ah0gV/QjR9UbZvHAA74a4B9DlKj0cHdA2x9dcNqGCEjikw3X5uDlwdz85io7dBeNfdABoii5kBVb7o8mJhZljSnfJEQSvWHcP33AkNuajaXTaELkVV5FMGp+5iwioyd9esjZUCV1x1iEvkDbOmqM0BQpwXleCqWb2SPK1kEn6ip6dNzBYjmSmRgcYqBLA3sCTTdDOLnkKuW1C+oZS1H6Td9zWXDEkid6vymamoTW6Uc6ojGoW0xf07Gctpxmg/RyH+lA6D5PjRZN1eNjcr4f9KwKS4R2OjBYD6lfDSrrUiDNN92b9jpLyT51nlOm1MzAEc1HzUXPNhG6IfANR/orjYBbeWy1CzGiwNOXZ4yK53gD88Mcp2p5qEXobQ0L8hxvanSa3ncOaSNB+SWWxT6oEk=&u=U2FsdGVkX18Nz5xvaIM/Cd1tnoGxKu2gd0LVEyV94Jc=&y=U2FsdGVkX18GVAEZmhdY5Q08TuL7nVbmnY3RfFnPFzFgPRI8aZZreeQ3+9RJaz9M HTTP/1.1" 200 2715
186.102.115.173 - - [04/Oct/2023:09:58:24 -0500] "GET /kwssiamovil/sm/acme/s?s=U2FsdGVkX1+nHIhypt5keDx/iXbrgFzh9lAZ1k/dJH8eWkxfT5lZamlyJwWmNWN2f9vw063aOk8avB5WxeFUx4lyQJO5f9f8l1Uu5TqTGoHo97wtncmJkpllurkJcdoY0W5WdxvuFUWB0/Szn3NIBPjENc80wCNx1uJMdcQf1IlGpr1aGSVkNOi2y4LDvNU2uXPdTtPAMyouNk/xrj07/2G94QnmuIWmsP2eoen/dnnOAnoZGo9wu6Y3aOQv9BSRqA0pseAe324ADWSv8juxgArqsNgR5gcZY/+I1XMGnn8k6LcpW1530LXIntdeznwWQl+rY091M8t5KuqAUGEoJXrk+D1MMLetHOLqxxPvyzOWxeH0CmkHgvG3vW+1PPhk0G/4J/3ryiuU15ezJ27UDG55lWA5+Fo6MYHLF7hYLVwxJEYYr7ekejCDcJ/RMIy8sj7r3uH0+GGWX5Iu7IlE62HDC/VG141j05xv6fq5Lc6jPywmvZvTAnGcoBDj5zgTqrlVpuHuS9XU+6bInOU7tIdC8HK/U4Gsik0fDaPkO8cV0SmXJ1SklUy4XaKDQqZ65iTi/cwlwzOUv5GFv0U4Fn7RUqAzfCiylny4vE1YKI+LfJXtrtPYNgFzg755hi2uSoOJVgjNxuJAms8WGwu2x+etohyi9xkmdXeqBuAQzh4sGDgkRMiWm9tdhqXckRW6KGRViT4mmRRZmT5OkCGKH2ZNUbaI5dZiQ2cgms+Cobqo02OZItKRiOD70R+Si5+D&u=U2FsdGVkX18Nz5xvaIM/Cd1tnoGxKu2gd0LVEyV94Jc=&y=U2FsdGVkX18GVAEZmhdY5Q08TuL7nVbmnY3RfFnPFzFgPRI8aZZreeQ3+9RJaz9M HTTP/1.1" 200 208
186.102.115.173 - - [04/Oct/2023:09:58:26 -0500] "GET /kwssiamovil/sm/cjson/pre?f=1&x=U2FsdGVkX184Xi2SNODwz+uZfmsRK5BYVIy+OCGYtRduFsWiRxXDeomSKY8/YMcw HTTP/1.1" 200 31032
216.244.66.195 - - [04/Oct/2023:09:58:59 -0500] "GET /BLA/resoluciones/AUTOS%202013/2448.pdf HTTP/1.1" 200 673810
201.245.192.253 - - [04/Oct/2023:09:59:03 -0500] "POST /forms/lservlet;jsessionid=ac16012b30d647b157bff0c740abb774b6aa61d30e8f.e3iSbxaKaheRe34Pbx8Nc3aQci1ynknvrkLOlQzNp65In0 HTTP/1.1" 200 2
201.245.192.253 - - [04/Oct/2023:09:59:41 -0500] "GET /forms/frmservlet?config=sae HTTP/1.1" 200 4134
201.245.192.253 - - [04/Oct/2023:09:59:45 -0500] "GET /forms/frmservlet?config=sae HTTP/1.1" 200 4042
216.244.66.195 - - [04/Oct/2023:09:59:49 -0500] "GET /BLA/resoluciones/AUTOS%202013/2763.pdf HTTP/1.1" 200 424922
172.22.2.4 - - [04/Oct/2023:09:59:50 -0500] "GET /BLA/boletinlegal/js/jquery.js HTTP/1.1" 200 57254
172.22.2.4 - - [04/Oct/2023:09:59:50 -0500] "GET /BLA/boletinlegal/js/jquery.scrollTo-min.js HTTP/1.1" 200 1150
172.22.2.4 - - [04/Oct/2023:09:59:50 -0500] "GET /BLA/boletinlegal/js/jquery.scrollShow.js HTTP/1.1" 200 4586
172.22.2.4 - - [04/Oct/2023:09:59:50 -0500] "GET /BLA/boletinlegal/images/arr_l.jpg HTTP/1.1" 200 1979
172.22.2.4 - - [04/Oct/2023:09:59:50 -0500] "GET /BLA/boletinlegal/images/screen_1.png HTTP/1.1" 200 202547
172.22.2.4 - - [04/Oct/2023:09:59:50 -0500] "GET /BLA/boletinlegal/images/launch.jpg HTTP/1.1" 200 14577
201.245.192.253 - - [04/Oct/2023:09:59:50 -0500] "GET /forms/java/frmall_jinit.jar HTTP/1.1" 304 -
201.245.192.253 - - [04/Oct/2023:09:59:51 -0500] "GET /forms/java/icons.jar HTTP/1.1" 304 -
201.245.192.253 - - [04/Oct/2023:09:59:51 -0500] "GET /forms/java/java/awt/KeyboardFocusManager.class HTTP/1.1" 404 352
201.245.192.253 - - [04/Oct/2023:09:59:51 -0500] "GET /forms/java/java/awt/KeyboardFocusManager.class HTTP/1.1" 404 352
201.245.192.253 - - [04/Oct/2023:09:59:51 -0500] "GET /favicon.ico HTTP/1.1" 200 7782
201.245.192.253 - - [04/Oct/2023:09:59:52 -0500] "GET /forms/java/java/awt/event/MouseWheelListener.class HTTP/1.1" 404 356
201.245.192.253 - - [04/Oct/2023:09:59:52 -0500] "GET /forms/java/java/awt/event/MouseWheelListener.class HTTP/1.1" 404 356
201.245.192.253 - - [04/Oct/2023:09:59:52 -0500] "GET /forms/java/oracle/forms/registry/Registry.dat HTTP/1.1" 200 4213
201.245.192.253 - - [04/Oct/2023:09:59:52 -0500] "GET /forms/java/oracle/forms/registry/default.dat HTTP/1.1" 404 350
201.245.192.253 - - [04/Oct/2023:09:59:52 -0500] "GET /forms/frmservlet?config=sae&acceptLanguage=es-CO,es;q=0.5&ifcmd=startsession HTTP/1.1" 200 118
201.245.192.253 - - [04/Oct/2023:09:59:52 -0500] "GET /forms/lservlet;jsessionid=ac16012b30d6b37dfcabd26d4ba9ab38dfbe5876d58a.e3iSbxaKaheRe34Pbx8Nc3aQci1ynknvrkLOlQzNp65In0?ifcmd=getinfo&ifhost=A1DGCAC7ST8&ifip=192.168.173.60 HTTP/1.1" 200 8
172.22.2.4 - - [04/Oct/2023:09:59:53 -0500] "GET /BLA/boletinlegal/conceptos.php HTTP/1.1" 200 7496
201.245.192.253 - - [04/Oct/2023:09:59:52 -0500] "POST /forms/lservlet;jsessionid=ac16012b30d6b37dfcabd26d4ba9ab38dfbe5876d58a.e3iSbxaKaheRe34Pbx8Nc3aQci1ynknvrkLOlQzNp65In0 HTTP/1.1" 200 8
201.245.192.253 - - [04/Oct/2023:09:59:54 -0500] "GET /forms/java/oracle/forms/engine/RunformBundle_es_CO.class HTTP/1.1" 404 362
201.245.192.253 - - [04/Oct/2023:09:59:54 -0500] "GET /forms/java/oracle/forms/engine/RunformBundle_es_CO.class HTTP/1.1" 404 362
201.245.192.253 - - [04/Oct/2023:09:59:54 -0500] "GET /forms/java/oracle/forms/engine/RunformBundle_es_CO.properties HTTP/1.1" 404 367
201.245.192.253 - - [04/Oct/2023:09:59:54 -0500] "POST /forms/lservlet;jsessionid=ac16012b30d6b37dfcabd26d4ba9ab38dfbe5876d58a.e3iSbxaKaheRe34Pbx8Nc3aQci1ynknvrkLOlQzNp65In0 HTTP/1.1" 200 2764
172.22.2.4 - - [04/Oct/2023:09:59:54 -0500] "GET /BLA/boletinlegal/favicon.ico HTTP/1.1" 404 1334
201.245.192.253 - - [04/Oct/2023:09:59:56 -0500] "POST /forms/lservlet;jsessionid=ac16012b30d6b37dfcabd26d4ba9ab38dfbe5876d58a.e3iSbxaKaheRe34Pbx8Nc3aQci1ynknvrkLOlQzNp65In0 HTTP/1.1" 200 2
201.245.192.253 - - [04/Oct/2023:09:59:56 -0500] "POST /forms/lservlet;jsessionid=ac16012b30d6b37dfcabd26d4ba9ab38dfbe5876d58a.e3iSbxaKaheRe34Pbx8Nc3aQci1ynknvrkLOlQzNp65In0 HTTP/1.1" 200 2
201.245.192.253 - - [04/Oct/2023:10:00:07 -0500] "POST /forms/lservlet;jsessionid=ac16012b30d6b37dfcabd26d4ba9ab38dfbe5876d58a.e3iSbxaKaheRe34Pbx8Nc3aQci1ynknvrkLOlQzNp65In0 HTTP/1.1" 200 2865
201.245.192.253 - - [04/Oct/2023:10:00:07 -0500] "HEAD /imagenes/rt_pset.gif HTTP/1.1" 200 -
201.245.192.253 - - [04/Oct/2023:10:00:07 -0500] "HEAD /imagenes/rt_exit.gif HTTP/1.1" 200 -
201.245.192.253 - - [04/Oct/2023:10:00:07 -0500] "HEAD /imagenes/rt_help.gif HTTP/1.1" 200 -
201.245.192.253 - - [04/Oct/2023:10:00:07 -0500] "GET /imagenes/rt_exit.gif HTTP/1.1" 200 916
201.245.192.253 - - [04/Oct/2023:10:00:08 -0500] "GET /imagenes/rt_exit.gif HTTP/1.1" 200 916
201.245.192.253 - - [04/Oct/2023:10:00:08 -0500] "POST /forms/lservlet;jsessionid=ac16012b30d6b37dfcabd26d4ba9ab38dfbe5876d58a.e3iSbxaKaheRe34Pbx8Nc3aQci1ynknvrkLOlQzNp65In0 HTTP/1.1" 200 7
201.245.192.253 - - [04/Oct/2023:10:00:08 -0500] "POST /forms/lservlet;jsessionid=ac16012b30d6b37dfcabd26d4ba9ab38dfbe5876d58a.e3iSbxaKaheRe34Pbx8Nc3aQci1ynknvrkLOlQzNp65In0 HTTP/1.1" 200 2
201.245.192.253 - - [04/Oct/2023:10:00:08 -0500] "POST /forms/lservlet;jsessionid=ac16012b30d6b37dfcabd26d4ba9ab38dfbe5876d58a.e3iSbxaKaheRe34Pbx8Nc3aQci1ynknvrkLOlQzNp65In0 HTTP/1.1" 200 2
201.245.192.253 - - [04/Oct/2023:10:00:08 -0500] "POST /forms/lservlet;jsessionid=ac16012b30d6b37dfcabd26d4ba9ab38dfbe5876d58a.e3iSbxaKaheRe34Pbx8Nc3aQci1ynknvrkLOlQzNp65In0 HTTP/1.1" 200 2
201.245.192.253 - - [04/Oct/2023:10:00:08 -0500] "POST /forms/lservlet;jsessionid=ac16012b30d6b37dfcabd26d4ba9ab38dfbe5876d58a.e3iSbxaKaheRe34Pbx8Nc3aQci1ynknvrkLOlQzNp65In0 HTTP/1.1" 200 2
201.245.192.253 - - [04/Oct/2023:10:00:12 -0500] "POST /forms/lservlet;jsessionid=ac16012b30d6b37dfcabd26d4ba9ab38dfbe5876d58a.e3iSbxaKaheRe34Pbx8Nc3aQci1ynknvrkLOlQzNp65In0 HTTP/1.1" 200 25921
201.245.192.253 - - [04/Oct/2023:10:00:12 -0500] "HEAD /imagenes/rt_quer1.gif HTTP/1.1" 200 -
201.245.192.253 - - [04/Oct/2023:10:00:12 -0500] "HEAD /imagenes/rt_quer2.gif HTTP/1.1" 200 -
201.245.192.253 - - [04/Oct/2023:10:00:12 -0500] "HEAD /imagenes/rt_quer3.gif HTTP/1.1" 200 -
201.245.192.253 - - [04/Oct/2023:10:00:12 -0500] "HEAD /imagenes/rt_radd.gif HTTP/1.1" 200 -
201.245.192.253 - - [04/Oct/2023:10:00:12 -0500] "HEAD /imagenes/rt_rdel.gif HTTP/1.1" 200 -
201.245.192.253 - - [04/Oct/2023:10:00:12 -0500] "HEAD /imagenes/rt_rec1.gif HTTP/1.1" 200 -
201.245.192.253 - - [04/Oct/2023:10:00:12 -0500] "HEAD /imagenes/rt_rec4.gif HTTP/1.1" 200 -
201.245.192.253 - - [04/Oct/2023:10:00:12 -0500] "HEAD /imagenes/rt_save.gif HTTP/1.1" 200 -
201.245.192.253 - - [04/Oct/2023:10:00:12 -0500] "HEAD /imagenes/rt_print.gif HTTP/1.1" 200 -
201.245.192.253 - - [04/Oct/2023:10:00:12 -0500] "HEAD /imagenes/listval.gif HTTP/1.1" 200 -
201.245.192.253 - - [04/Oct/2023:10:00:13 -0500] "GET /imagenes/rt_quer1.gif HTTP/1.1" 200 930
201.245.192.253 - - [04/Oct/2023:10:00:13 -0500] "GET /imagenes/rt_quer2.gif HTTP/1.1" 200 936
201.245.192.253 - - [04/Oct/2023:10:00:13 -0500] "GET /imagenes/rt_quer3.gif HTTP/1.1" 200 939
201.245.192.253 - - [04/Oct/2023:10:00:13 -0500] "GET /imagenes/rt_radd.gif HTTP/1.1" 200 907
201.245.192.253 - - [04/Oct/2023:10:00:13 -0500] "GET /imagenes/rt_rdel.gif HTTP/1.1" 200 899
201.245.192.253 - - [04/Oct/2023:10:00:13 -0500] "GET /imagenes/rt_rec1.gif HTTP/1.1" 200 867
201.245.192.253 - - [04/Oct/2023:10:00:13 -0500] "GET /imagenes/rt_rec4.gif HTTP/1.1" 200 865
201.245.192.253 - - [04/Oct/2023:10:00:13 -0500] "GET /imagenes/rt_save.gif HTTP/1.1" 200 903
201.245.192.253 - - [04/Oct/2023:10:00:13 -0500] "GET /imagenes/rt_print.gif HTTP/1.1" 200 916
201.245.192.253 - - [04/Oct/2023:10:00:13 -0500] "GET /imagenes/listval.gif HTTP/1.1" 200 905
201.245.192.253 - - [04/Oct/2023:10:00:14 -0500] "POST /forms/lservlet;jsessionid=ac16012b30d6b37dfcabd26d4ba9ab38dfbe5876d58a.e3iSbxaKaheRe34Pbx8Nc3aQci1ynknvrkLOlQzNp65In0 HTTP/1.1" 200 10
201.245.192.253 - - [04/Oct/2023:10:00:15 -0500] "POST /forms/lservlet;jsessionid=ac16012b30d6b37dfcabd26d4ba9ab38dfbe5876d58a.e3iSbxaKaheRe34Pbx8Nc3aQci1ynknvrkLOlQzNp65In0 HTTP/1.1" 200 44
201.245.192.253 - - [04/Oct/2023:10:00:15 -0500] "POST /kwsrmcab/Wsrmcab  HTTP/1.1" 200 42851
201.245.192.253 - - [04/Oct/2023:10:00:18 -0500] "POST /forms/lservlet;jsessionid=ac16012b30d6b37dfcabd26d4ba9ab38dfbe5876d58a.e3iSbxaKaheRe34Pbx8Nc3aQci1ynknvrkLOlQzNp65In0 HTTP/1.1" 200 935
201.245.192.253 - - [04/Oct/2023:10:00:18 -0500] "POST /forms/lservlet;jsessionid=ac16012b30d6b37dfcabd26d4ba9ab38dfbe5876d58a.e3iSbxaKaheRe34Pbx8Nc3aQci1ynknvrkLOlQzNp65In0 HTTP/1.1" 200 66
201.245.192.253 - - [04/Oct/2023:10:00:19 -0500] "POST /forms/lservlet;jsessionid=ac16012b30d6b37dfcabd26d4ba9ab38dfbe5876d58a.e3iSbxaKaheRe34Pbx8Nc3aQci1ynknvrkLOlQzNp65In0 HTTP/1.1" 200 2
201.245.192.253 - - [04/Oct/2023:10:00:19 -0500] "POST /forms/lservlet;jsessionid=ac16012b30d6b37dfcabd26d4ba9ab38dfbe5876d58a.e3iSbxaKaheRe34Pbx8Nc3aQci1ynknvrkLOlQzNp65In0 HTTP/1.1" 200 32
201.245.192.253 - - [04/Oct/2023:10:00:29 -0500] "POST /forms/lservlet;jsessionid=ac16012b30d6b37dfcabd26d4ba9ab38dfbe5876d58a.e3iSbxaKaheRe34Pbx8Nc3aQci1ynknvrkLOlQzNp65In0 HTTP/1.1" 200 2525
201.245.192.253 - - [04/Oct/2023:10:00:29 -0500] "POST /forms/lservlet;jsessionid=ac16012b30d6b37dfcabd26d4ba9ab38dfbe5876d58a.e3iSbxaKaheRe34Pbx8Nc3aQci1ynknvrkLOlQzNp65In0 HTTP/1.1" 200 555
201.245.192.253 - - [04/Oct/2023:10:00:29 -0500] "POST /forms/lservlet;jsessionid=ac16012b30d6b37dfcabd26d4ba9ab38dfbe5876d58a.e3iSbxaKaheRe34Pbx8Nc3aQci1ynknvrkLOlQzNp65In0 HTTP/1.1" 200 2
201.245.192.253 - - [04/Oct/2023:10:00:32 -0500] "POST /forms/lservlet;jsessionid=ac16012b30d6b37dfcabd26d4ba9ab38dfbe5876d58a.e3iSbxaKaheRe34Pbx8Nc3aQci1ynknvrkLOlQzNp65In0 HTTP/1.1" 200 66
216.244.66.195 - - [04/Oct/2023:10:00:36 -0500] "GET /BLA/resoluciones/AUTOS%202013/2833.pdf HTTP/1.1" 200 275379
172.22.2.4 - - [04/Oct/2023:09:58:59 -0500] "HEAD /BLA/boletinlegal/ HTTP/1.1" 200 -
186.102.20.54 - - [04/Oct/2023:10:00:40 -0500] "GET /kwssiamovil/sm/acme/a?s=U2FsdGVkX189o6yFoam7IY04b1CwDvnLrRoQVPOfGC7cYCU609wdnvdNFw0mHWj+tsqvkkSKO6/rkyVnbb8Vy0salMYNV70TJ8iPuGC69JS8Fs3EK9YXcyK3CaBDbbj3/rpG8kW9goM+j5xLcUoRfm3w/8NxXbfLblTBZX6gg/rBaThRCDedlWeg9DYvxPVXcJoTfBx3385DC+etf+0l/r/xsm/Z4WKKy2cIHHFAf4LM5N3/LV3esCWjuxE0dFMWXzT61aAtLyXCz4jT6fcoDQ==&u=U2FsdGVkX1/YXBdkp7GjHTR3GXkT/93O0UOhDwEbJIY=&y=U2FsdGVkX19uwqA/2xb91tStucknpyf2QIizDYX/fbJ42wPfOZ9buQjnGKRTPO1Y HTTP/1.1" 200 26
186.102.20.54 - - [04/Oct/2023:10:00:41 -0500] "GET /kwssiamovil/sm/acme/a?s=U2FsdGVkX1/u+gpJgtEbHaAzntycCsaAdY3QZu/rQ8k4Q7c8qsv7iT8xqBv+JyFkIzjicEZwofi4Kl2UIkMgrLF1nQ16zuffbVvaKeSo6fXus3PhrYiulAaiTlxk8hpP9bRCas97VHBYrjXx5oxzJe0V5JM7r0lESWDmAURjB1Nd0Z1YJJGZkjT67niuauJDFOMNLHfhr+z7gy6XhPV/TJ8y7VuvnG2D5qWS1VVCSfaN+wbcKyZ3X1zh4woCr3ieKRvq39ehtIwPmM8VpRdpa8CVSDLEOokFmdXojqNFER4MaCRnRIK3k+kPoINtnsVzD4Ur5IQ5ZiQSeA4SqV3mnB6Rp/JoNEHlgxLN+k33zzH8E1Lp2P9glGIK+g0eCvvOefIu3/fDiw2Cwhc2pO7JAUqxrIKIOM5ZLCd/OHRT9e4I1lWVFGZYzN4XfHXGgLUdp69ArxW5Ofh3MyBWi6Z39SI5Uo2O2obpFuwnPK4bHK1W38GtyQI/H3V7BPpHgmmFLn1u2VCEUUvpJQV/C8HpDYRpriEZNCd3c90XvO9uKEvU9dRGTn5blgfS/cRjhEYoIgZoN9ZbdMp8S8c1a+n+S57xR1b4OUGuuQxx7Qi6Oiwvy8El9aBa/A7ph3PbKxiBcKMhU6loWUjPt54B8s3mnFgud5atC+Sx1FPrBdGS4cROwOVNjY5lUgA8y3aQ8MxKX5DqPC+YgIUxgc5K9QlLq2D3g8thIZ2gC/dswLM8IvpQu0ebrE9P7z5zt6NP4ZQndBtcXQMQKd+NgS5yfkrUnE2bV0D+v1i/omJhe9ukE76v+Ptt7aa04nvFuE0O6CZyR3MerVrjwqxMrkTn7y8ATVMUNREKH2fvzBVL1wiz9NfVKGw9jQnmVbpQBUU6S5uslExYYxc8gaiOsvXrnk9kNiONJa2GVs5hI9LJLG7AM2VYaJHz6t+zkbTQKh2DQP/CHlZrHd4IcX8NJkSC9aR9IpW1b7BU1/sJ92HdrhxjUBL9P/3mzp+eVrp1zGUcNkytmIhIMcNeUjhlw4IcUlH98XJTyDE0VQR7E4ljK+mGsWmW4spuJ+QCntUxdcrQ7zm7ZIkyoMDkteJ8UCTXjGsjyMI/90LdMTRQzGJyNBJRYoRnYRk4DTFJvwVeFokGy+ctEq3v+4imbFQSwKhY0LoHKIjhKGesK3vzfB0PXq/y+upoqg79x2vZHbcmkCrEArc7nkvjepWOcMLYaXOtlS+xkCSI9p2aoudDeVsm5Q6Ti3kjOjY4NWvhTD1kGEBhAmHh+HIoRdnql2pH5eWNzveToBR5QddgpUIKpUuqI135bGWsiGf83no2+C9+G/zfvJy/Lf1cVLHIxOuvVLYxuzD5L6n9YORcUERvpnfb5rGb7or/oRie/Hf+dgvs3zBmVVg91Sv5/L0H+yk+i6eLUp37u86Ojs3rbvk6r2WFQ2rXi1KGqEnZMz12LlyE1TrDEz2RhDM1BNAP+YxbTujZAlMGFuVbYSBr1fdbinRxgy29JfNU3U9ITblQH2u8A63CUsYa7vO/PoW/uQkhI0yG9zucRPLS/3bBxHiJ9gyQ/ewvWRwcj2FXkQv9e9F9AGyKYu9sey/IC4QWA1BKTwQXgH3Lvc/2blVdSp7xnXiKiO3SHdx+IYoiVaAFFNI/IGuXvAdKarKmJEW3p8YeKvg66afxav1Gon41tDZYB4U7/tKAQywvU8VYigjdLn9H/iY4qu+4ytGNrSx2tYwMacxvhdeTshqwYR5JTL5jokfxKzIg4um6QOESGRN5UeRH0HLfjq9b1lN3Gcj7ERZ5XEnxscfksl7DdZWUVGv3noq1LhEatU9y910uCqobuDKoigEI5LM5lwosXUTtbvWybXcFYVk56YhDXkI6zHSIjT+fCSl6/0GiTKkOEp5wyn5NqmbslYo7IYjfrPg/zBQGZ/Ye/Ly+BSGy+CAlZT3rWYgjsHATBL3by6siWk/8IZeNtcGmg70g+X5xcLhhoeE59ZftKKgvUGt6/4TdDxt0VrQaFRso9SLe/ICJEO3s9l3AH4nGLui/oPYwlxcj+Zsa505cASVKh/0jXifxIUokf8UGOfAgjjamfvHLcQLnkOpuk0aDPPZXpi61XO+nAn/aRR+24BIz6c31QYupBRqBIzFljCWdGStHplpHqqP1UdbGI4zrxSs6z6bJ1rThXSmBk6j1C8axYr9ke98kWs/IzmxhIG5hQYgQC8Hu4eQfvIstPnCyGulv0YH83qHE2gqlWiIykeAtcATKextYfIwSF+kXl6HuRBT7GlJQJgtJ1XK1rw/WIVTosDpksyZln1klsmP9zEMu8SmMvxyOzG8Ng2CA6ZGXfRyeztjJhZdpfosPCx2pKFWNvR/6YLDtigzlea9YdM8VVa6fFGs/qG6PxPND1q+rF5RCAQ6dLhJj4Pm/4c2kT3cyyQJRXoHTTJlduf1n0eQ5oOJBI+E+prIS/w/nGysePUM=&u=U2FsdGVkX1/YXBdkp7GjHTR3GXkT/93O0UOhDwEbJIY=&y=U2FsdGVkX19uwqA/2xb91tStucknpyf2QIizDYX/fbJ42wPfOZ9buQjnGKRTPO1Y HTTP/1.1" 200 26
186.102.20.54 - - [04/Oct/2023:10:00:41 -0500] "GET /kwssiamovil/sm/acme/a?s=U2FsdGVkX1+lUlJ6gpRP+n+ereOtCCKksrXKPz/ZUflxOROa2HipWiyBIEmRZoEPm3uc88R2Wh5BtCmfM+E5CNnn7L5l2k+3D2GT+WQUXH62lT+DxnWUP1mqD56L+4VPACjLxujWA/ygSvrdf+6tMS0SZLlLKgRsZfPEdvgj4QQ=&u=U2FsdGVkX1/YXBdkp7GjHTR3GXkT/93O0UOhDwEbJIY=&y=U2FsdGVkX19uwqA/2xb91tStucknpyf2QIizDYX/fbJ42wPfOZ9buQjnGKRTPO1Y HTTP/1.1" 200 26
186.102.20.54 - - [04/Oct/2023:10:00:42 -0500] "GET /kwssiamovil/sm/acme/a?s=U2FsdGVkX18EVqa9rVXuoxQa1DExY6OKCGzGvSJfUbwFrzCb3iDQyeVs/nBtSQM29Zag1ga+2CID9NwDE6PiFZa6mwoiwA+CL4/F5gJQ8G2txl1hZn9I/RNYSFh+oCfg/6CFL/oC6lPtFIccuSPv0luYyoG/D7/x8AlcqMjJ+y8=&u=U2FsdGVkX1/YXBdkp7GjHTR3GXkT/93O0UOhDwEbJIY=&y=U2FsdGVkX19uwqA/2xb91tStucknpyf2QIizDYX/fbJ42wPfOZ9buQjnGKRTPO1Y HTTP/1.1" 200 26
186.102.20.54 - - [04/Oct/2023:10:00:42 -0500] "GET /kwssiamovil/sm/acme/a?s=U2FsdGVkX18BiQEQiJduvoCLH27O7QMgWepRnV+CWBcBUnceHL0EPt2woo+sKeSy+COIMAOQdCQvkWjsBUPgwpL90QIosYcG1r9K6wfjQHezUlThncBJo1JkyhapBNLly2cepb9Px8RGcOT8X7WfvOlgilD//pfiU5ZrBqX5oPE=&u=U2FsdGVkX1/YXBdkp7GjHTR3GXkT/93O0UOhDwEbJIY=&y=U2FsdGVkX19uwqA/2xb91tStucknpyf2QIizDYX/fbJ42wPfOZ9buQjnGKRTPO1Y HTTP/1.1" 200 26
186.102.20.54 - - [04/Oct/2023:10:00:42 -0500] "GET /kwssiamovil/sm/acme/a?s=U2FsdGVkX1/FQr08q1Y/lVteSl6HnLueRguhHqxR5N3xkXshtEx2aFLF28WO1rqWNADjBvq0cIoM3TRmWPh4UTzQTMU47IyFCylflCxssMHrYyKYCcfGTNC7MYYfdnid1nvVbsMY/PcJibM5Ecu5ECh0lRFz3zKhSGwWMdRg2ujsmJQAQ2pOb8BmyjTIk+KPIYYs1AiIhdZ7ZE2EuOOFqQ==&u=U2FsdGVkX1/YXBdkp7GjHTR3GXkT/93O0UOhDwEbJIY=&y=U2FsdGVkX19uwqA/2xb91tStucknpyf2QIizDYX/fbJ42wPfOZ9buQjnGKRTPO1Y HTTP/1.1" 200 26
172.22.2.4 - - [04/Oct/2023:09:59:50 -0500] "GET /BLA/boletinlegal/ HTTP/1.1" 200 24523
172.22.2.4 - - [04/Oct/2023:10:00:51 -0500] "GET /BLA/boletinlegal/consulta_conceptos.php?no=&solicitante=&radicado_entrada=&fecha_concepto=2023&objeto=devolucion%20de%20bienes%20 HTTP/1.1" 200 570
201.245.192.253 - - [04/Oct/2023:10:01:03 -0500] "POST /forms/lservlet;jsessionid=ac16012b30d647b157bff0c740abb774b6aa61d30e8f.e3iSbxaKaheRe34Pbx8Nc3aQci1ynknvrkLOlQzNp65In0 HTTP/1.1" 200 2
172.22.2.4 - - [04/Oct/2023:10:01:04 -0500] "GET /BLA/boletinlegal/consulta_conceptos.php?no=&solicitante=&radicado_entrada=&fecha_concepto=2022&objeto=devolucion%20de%20bienes%20 HTTP/1.1" 200 570
172.22.2.4 - - [04/Oct/2023:10:01:21 -0500] "GET /BLA/boletinlegal/consulta_conceptos.php?no=&solicitante=&radicado_entrada=&fecha_concepto=2022&objeto=devolucion%20de%20bienes%20estado%20inse HTTP/1.1" 200 570
216.244.66.195 - - [04/Oct/2023:10:01:22 -0500] "GET /BLA/resoluciones/AUTOS%202014/0432.pdf HTTP/1.1" 200 471754
172.22.2.4 - - [04/Oct/2023:10:01:27 -0500] "GET /BLA/boletinlegal/consulta_conceptos.php?no=&solicitante=&radicado_entrada=&fecha_concepto=2023&objeto=devolucion%20de%20bienes%20estado%20inse HTTP/1.1" 200 570
172.22.2.4 - - [04/Oct/2023:09:59:50 -0500] "GET /BLA/boletinlegal/ HTTP/1.1" 200 53013
201.245.192.253 - - [04/Oct/2023:10:01:54 -0500] "POST /forms/lservlet;jsessionid=ac16012b30d6b37dfcabd26d4ba9ab38dfbe5876d58a.e3iSbxaKaheRe34Pbx8Nc3aQci1ynknvrkLOlQzNp65In0 HTTP/1.1" 200 2
216.244.66.195 - - [04/Oct/2023:10:02:10 -0500] "GET /BLA/resoluciones/AUTOS%202014/0489.pdf HTTP/1.1" 200 463877
216.245.221.92 - - [04/Oct/2023:10:02:17 -0500] "HEAD / HTTP/1.1" 200 -
216.244.66.195 - - [04/Oct/2023:10:02:56 -0500] "GET /BLA/resoluciones/AUTOS%202014/0502.pdf HTTP/1.1" 200 349854
201.245.192.253 - - [04/Oct/2023:10:03:03 -0500] "POST /forms/lservlet;jsessionid=ac16012b30d647b157bff0c740abb774b6aa61d30e8f.e3iSbxaKaheRe34Pbx8Nc3aQci1ynknvrkLOlQzNp65In0 HTTP/1.1" 200 2
216.244.66.195 - - [04/Oct/2023:10:03:39 -0500] "GET /BLA/resoluciones/AUTOS%202014/1396.pdf HTTP/1.1" 200 483058
201.245.192.253 - - [04/Oct/2023:10:03:54 -0500] "POST /forms/lservlet;jsessionid=ac16012b30d6b37dfcabd26d4ba9ab38dfbe5876d58a.e3iSbxaKaheRe34Pbx8Nc3aQci1ynknvrkLOlQzNp65In0 HTTP/1.1" 200 2
172.22.2.4 - - [04/Oct/2023:10:04:26 -0500] "GET /BLA/boletinlegal/Circulares/2022/CIRCULAR%20No.%2000003%20DEL%2007%20DE%20MARZO%20DEL%202022.pdf HTTP/1.1" 200 311468
216.244.66.195 - - [04/Oct/2023:10:04:32 -0500] "GET /BLA/resoluciones/AUTOS%202017/3753.pdf HTTP/1.1" 200 389703
201.245.192.253 - - [04/Oct/2023:10:05:03 -0500] "POST /forms/lservlet;jsessionid=ac16012b30d647b157bff0c740abb774b6aa61d30e8f.e3iSbxaKaheRe34Pbx8Nc3aQci1ynknvrkLOlQzNp65In0 HTTP/1.1" 200 2
201.245.192.253 - - [04/Oct/2023:10:05:14 -0500] "POST /kwsrmcab/Wsrmcab  HTTP/1.1" 200 42851
216.244.66.195 - - [04/Oct/2023:10:05:16 -0500] "GET /BLA/resoluciones/AUTOS%202017/3983.pdf HTTP/1.1" 200 285108
201.245.192.253 - - [04/Oct/2023:10:05:54 -0500] "POST /forms/lservlet;jsessionid=ac16012b30d6b37dfcabd26d4ba9ab38dfbe5876d58a.e3iSbxaKaheRe34Pbx8Nc3aQci1ynknvrkLOlQzNp65In0 HTTP/1.1" 200 2
216.244.66.195 - - [04/Oct/2023:10:05:54 -0500] "GET /BLA/resoluciones/AUTOS%202017/4336.pdf HTTP/1.1" 200 277082
216.244.66.195 - - [04/Oct/2023:10:06:27 -0500] "GET /BLA/resoluciones/AUTOS%202017/5278.pdf HTTP/1.1" 200 382879
172.22.2.4 - - [04/Oct/2023:10:04:49 -0500] "HEAD /BLA/boletinlegal/ HTTP/1.1" 200 -
201.245.192.253 - - [04/Oct/2023:10:07:03 -0500] "POST /forms/lservlet;jsessionid=ac16012b30d647b157bff0c740abb774b6aa61d30e8f.e3iSbxaKaheRe34Pbx8Nc3aQci1ynknvrkLOlQzNp65In0 HTTP/1.1" 200 2
216.244.66.195 - - [04/Oct/2023:10:07:10 -0500] "GET /BLA/resoluciones/RESOLUCIONES%202010/7179.pdf HTTP/1.1" 200 690524
216.245.221.92 - - [04/Oct/2023:10:07:17 -0500] "HEAD / HTTP/1.1" 200 -
172.22.2.4 - - [04/Oct/2023:10:05:39 -0500] "GET /BLA/boletinlegal/ HTTP/1.1" 200 60342
201.245.192.253 - - [04/Oct/2023:10:07:54 -0500] "POST /forms/lservlet;jsessionid=ac16012b30d6b37dfcabd26d4ba9ab38dfbe5876d58a.e3iSbxaKaheRe34Pbx8Nc3aQci1ynknvrkLOlQzNp65In0 HTTP/1.1" 200 2
216.244.66.195 - - [04/Oct/2023:10:07:58 -0500] "GET /BLA/resoluciones/RESOLUCIONES%202011/0015.pdf HTTP/1.1" 200 293115
216.244.66.195 - - [04/Oct/2023:10:08:32 -0500] "GET /BLA/resoluciones/RESOLUCIONES%202011/0077.pdf HTTP/1.1" 200 399716
216.244.66.195 - - [04/Oct/2023:10:09:01 -0500] "GET /BLA/resoluciones/RESOLUCIONES%202011/0319.pdf HTTP/1.1" 200 340457
201.245.192.253 - - [04/Oct/2023:10:09:03 -0500] "POST /forms/lservlet;jsessionid=ac16012b30d647b157bff0c740abb774b6aa61d30e8f.e3iSbxaKaheRe34Pbx8Nc3aQci1ynknvrkLOlQzNp65In0 HTTP/1.1" 200 2
216.244.66.195 - - [04/Oct/2023:10:09:30 -0500] "GET /BLA/resoluciones/RESOLUCIONES%202011/0339.pdf HTTP/1.1" 200 66965
201.245.192.253 - - [04/Oct/2023:10:09:54 -0500] "POST /forms/lservlet;jsessionid=ac16012b30d6b37dfcabd26d4ba9ab38dfbe5876d58a.e3iSbxaKaheRe34Pbx8Nc3aQci1ynknvrkLOlQzNp65In0 HTTP/1.1" 200 2
216.244.66.195 - - [04/Oct/2023:10:09:58 -0500] "GET /BLA/resoluciones/RESOLUCIONES%202011/0708.pdf HTTP/1.1" 200 75303
201.245.192.253 - - [04/Oct/2023:10:10:12 -0500] "POST /kwsrmcab/Wsrmcab  HTTP/1.1" 200 42851
216.244.66.195 - - [04/Oct/2023:10:10:25 -0500] "GET /BLA/resoluciones/RESOLUCIONES%202011/1096.pdf HTTP/1.1" 200 369813
216.244.66.195 - - [04/Oct/2023:10:10:50 -0500] "GET /BLA/resoluciones/RESOLUCIONES%202011/1161.pdf HTTP/1.1" 200 257562
201.245.192.253 - - [04/Oct/2023:10:11:03 -0500] "POST /forms/lservlet;jsessionid=ac16012b30d647b157bff0c740abb774b6aa61d30e8f.e3iSbxaKaheRe34Pbx8Nc3aQci1ynknvrkLOlQzNp65In0 HTTP/1.1" 200 2
216.244.66.195 - - [04/Oct/2023:10:11:14 -0500] "GET /BLA/resoluciones/RESOLUCIONES%202011/1348.pdf HTTP/1.1" 200 69581
216.244.66.195 - - [04/Oct/2023:10:11:37 -0500] "GET /BLA/resoluciones/RESOLUCIONES%202011/1350.pdf HTTP/1.1" 200 69817
201.245.192.253 - - [04/Oct/2023:10:11:54 -0500] "POST /forms/lservlet;jsessionid=ac16012b30d6b37dfcabd26d4ba9ab38dfbe5876d58a.e3iSbxaKaheRe34Pbx8Nc3aQci1ynknvrkLOlQzNp65In0 HTTP/1.1" 200 2
216.244.66.195 - - [04/Oct/2023:10:11:59 -0500] "GET /BLA/resoluciones/RESOLUCIONES%202011/1393.pdf HTTP/1.1" 200 71701
172.22.2.4 - - [04/Oct/2023:10:10:39 -0500] "HEAD /BLA/boletinlegal/ HTTP/1.1" 200 -
216.245.221.92 - - [04/Oct/2023:10:12:20 -0500] "HEAD / HTTP/1.1" 200 -
216.244.66.195 - - [04/Oct/2023:10:12:20 -0500] "GET /BLA/resoluciones/RESOLUCIONES%202011/1638.pdf HTTP/1.1" 200 300932
201.245.192.253 - - [04/Oct/2023:10:12:26 -0500] "POST /sipsesda/faces/vista/administracion/funcionario/registrarFuncionario.jspx?_afPfm=1 HTTP/1.1" 200 37634
201.245.192.253 - - [04/Oct/2023:10:12:26 -0500] "GET /favicon.ico HTTP/1.1" 200 7782
201.245.192.253 - - [04/Oct/2023:10:12:26 -0500] "GET /sipsesda/faces/imagenes/vinetaAbajo.gif HTTP/1.1" 200 72
201.245.192.253 - - [04/Oct/2023:10:12:26 -0500] "GET /sipsesda/faces/imagenes/vinetaDerecha.gif HTTP/1.1" 200 107
201.245.192.253 - - [04/Oct/2023:10:12:28 -0500] "POST /sipsesda/faces/vista/administracion/funcionario/listadoFuncionario.jspx HTTP/1.1" 302 201
216.244.66.195 - - [04/Oct/2023:10:12:40 -0500] "GET /BLA/resoluciones/RESOLUCIONES%202011/1727.pdf HTTP/1.1" 200 295696
216.244.66.195 - - [04/Oct/2023:10:13:00 -0500] "GET /BLA/resoluciones/RESOLUCIONES%202011/2025.pdf HTTP/1.1" 200 205146
201.245.192.253 - - [04/Oct/2023:10:13:03 -0500] "POST /forms/lservlet;jsessionid=ac16012b30d647b157bff0c740abb774b6aa61d30e8f.e3iSbxaKaheRe34Pbx8Nc3aQci1ynknvrkLOlQzNp65In0 HTTP/1.1" 200 2
172.22.2.4 - - [04/Oct/2023:10:11:30 -0500] "GET /BLA/boletinlegal/ HTTP/1.1" 200 58187
216.244.66.195 - - [04/Oct/2023:10:13:18 -0500] "GET /BLA/resoluciones/RESOLUCIONES%202011/2340.pdf HTTP/1.1" 200 302623
172.22.2.4 - - [04/Oct/2023:10:13:25 -0500] "GET /BLA/boletinlegal/jurisprudencia/analisis/AnalisisT-693-12.docx HTTP/1.1" 304 -
172.22.2.4 - - [04/Oct/2023:10:13:27 -0500] "GET /BLA/boletinlegal/Directivas/2022/DIRECTIVA%20No.%2000001%20DEL%2015%20DE%20JUNIO%20DEL%202022.pdf HTTP/1.1" 200 290944
216.244.66.195 - - [04/Oct/2023:10:13:36 -0500] "GET /BLA/resoluciones/AUTOS%202015/0013.pdf HTTP/1.1" 200 484382
216.244.66.195 - - [04/Oct/2023:10:13:53 -0500] "GET /BLA/resoluciones/RESOLUCIONES%202008/1699.pdf HTTP/1.1" 200 300531
201.245.192.253 - - [04/Oct/2023:10:13:54 -0500] "POST /forms/lservlet;jsessionid=ac16012b30d6b37dfcabd26d4ba9ab38dfbe5876d58a.e3iSbxaKaheRe34Pbx8Nc3aQci1ynknvrkLOlQzNp65In0 HTTP/1.1" 200 2
216.244.66.195 - - [04/Oct/2023:10:14:08 -0500] "GET /BLA/resoluciones/RESOLUCIONES%202014/0118.pdf HTTP/1.1" 200 3751690
191.156.224.55 - - [04/Oct/2023:10:14:55 -0500] "GET /proximo-4-de-octubre-simulacro-distrital-de-evacuacion-dia-y-noche.html HTTP/1.1" 200 783
191.156.224.55 - - [04/Oct/2023:10:14:55 -0500] "GET /images/simulacro.jpg HTTP/1.1" 200 70588
216.244.66.195 - - [04/Oct/2023:10:15:01 -0500] "GET /BLA/resoluciones/AUTOS%202008/1111.pdf HTTP/1.1" 200 85382
201.245.192.253 - - [04/Oct/2023:10:15:03 -0500] "POST /forms/lservlet;jsessionid=ac16012b30d647b157bff0c740abb774b6aa61d30e8f.e3iSbxaKaheRe34Pbx8Nc3aQci1ynknvrkLOlQzNp65In0 HTTP/1.1" 200 2
201.245.192.253 - - [04/Oct/2023:10:15:11 -0500] "POST /kwsrmcab/Wsrmcab  HTTP/1.1" 200 42851
216.244.66.195 - - [04/Oct/2023:10:15:29 -0500] "GET /BLA/resoluciones/AUTOS%202008/1162.pdf HTTP/1.1" 200 95461
201.245.192.253 - - [04/Oct/2023:10:15:54 -0500] "POST /forms/lservlet;jsessionid=ac16012b30d6b37dfcabd26d4ba9ab38dfbe5876d58a.e3iSbxaKaheRe34Pbx8Nc3aQci1ynknvrkLOlQzNp65In0 HTTP/1.1" 200 2
216.244.66.195 - - [04/Oct/2023:10:15:58 -0500] "GET /BLA/resoluciones/AUTOS%202008/1179.pdf HTTP/1.1" 200 91953
216.244.66.195 - - [04/Oct/2023:10:16:24 -0500] "GET /BLA/resoluciones/AUTOS%202008/1185.pdf HTTP/1.1" 200 121816
216.244.66.195 - - [04/Oct/2023:10:16:50 -0500] "GET /BLA/resoluciones/AUTOS%202008/1235.pdf HTTP/1.1" 200 79539
69.171.251.12 - - [04/Oct/2023:10:16:56 -0500] "GET /images/cr\xc3\xb3nica-29-nov-1_optimized.jpeg HTTP/1.1" 404 1034
201.245.192.253 - - [04/Oct/2023:10:17:03 -0500] "POST /forms/lservlet;jsessionid=ac16012b30d647b157bff0c740abb774b6aa61d30e8f.e3iSbxaKaheRe34Pbx8Nc3aQci1ynknvrkLOlQzNp65In0 HTTP/1.1" 200 2
216.244.66.195 - - [04/Oct/2023:10:17:14 -0500] "GET /BLA/resoluciones/AUTOS%202008/1274.pdf HTTP/1.1" 200 78921
216.245.221.92 - - [04/Oct/2023:10:17:20 -0500] "HEAD / HTTP/1.1" 200 -
201.245.192.253 - - [04/Oct/2023:10:17:45 -0500] "POST /kwsrmcab/Wsrmcab HTTP/1.1" 200 43313
201.245.192.253 - - [04/Oct/2023:10:17:48 -0500] "GET /kwsrmcab/Wsrmcab?wsdl HTTP/1.1" 200 6948
201.245.192.253 - - [04/Oct/2023:10:17:48 -0500] "POST /kwsrmcab/Wsrmcab HTTP/1.1" 200 41346
66.249.66.21 - - [04/Oct/2023:10:17:52 -0500] "GET /BLA/resoluciones/RESOLUCIONES%202007/RES%202007%204001%20AL%204100/RESOLUCION%204042%20DE%202007.pdf HTTP/1.1" 200 218714
201.245.192.253 - - [04/Oct/2023:10:17:54 -0500] "POST /forms/lservlet;jsessionid=ac16012b30d6b37dfcabd26d4ba9ab38dfbe5876d58a.e3iSbxaKaheRe34Pbx8Nc3aQci1ynknvrkLOlQzNp65In0 HTTP/1.1" 200 2
172.22.2.4 - - [04/Oct/2023:10:18:03 -0500] "GET /BLA/boletinlegal/style.css HTTP/1.1" 200 9406
172.22.2.4 - - [04/Oct/2023:10:18:03 -0500] "GET /BLA/boletinlegal/js/jquery.js HTTP/1.1" 200 57254
172.22.2.4 - - [04/Oct/2023:10:18:03 -0500] "GET /BLA/boletinlegal/styles2.css HTTP/1.1" 200 1838
172.22.2.4 - - [04/Oct/2023:10:18:03 -0500] "GET /BLA/boletinlegal/js/jquery.scrollTo-min.js HTTP/1.1" 200 1150
172.22.2.4 - - [04/Oct/2023:10:18:03 -0500] "GET /BLA/boletinlegal/js/jquery.scrollShow.js HTTP/1.1" 200 4586
172.22.2.4 - - [04/Oct/2023:10:18:03 -0500] "GET /BLA/boletinlegal/images/screen_1.png HTTP/1.1" 200 202547
172.22.2.4 - - [04/Oct/2023:10:18:03 -0500] "GET /BLA/boletinlegal/images/subscribe-icon-big.png HTTP/1.1" 200 47702
172.22.2.4 - - [04/Oct/2023:10:18:03 -0500] "GET /BLA/boletinlegal/images/arr_l.jpg HTTP/1.1" 200 1979
172.22.2.4 - - [04/Oct/2023:10:18:03 -0500] "GET /BLA/boletinlegal/images/historia.png HTTP/1.1" 200 52775
172.22.2.4 - - [04/Oct/2023:10:18:03 -0500] "GET /BLA/boletinlegal/images/registro-usuarios.png HTTP/1.1" 200 8106
172.22.2.4 - - [04/Oct/2023:10:18:04 -0500] "GET /BLA/boletinlegal/images/body_bg.jpg HTTP/1.1" 200 1601
172.22.2.4 - - [04/Oct/2023:10:18:04 -0500] "GET /BLA/boletinlegal/images/launch.jpg HTTP/1.1" 200 14577
172.22.2.4 - - [04/Oct/2023:10:18:04 -0500] "GET /BLA/boletinlegal/images/cabezote%20BLEGAL.jpg HTTP/1.1" 200 118164
172.22.2.4 - - [04/Oct/2023:10:18:04 -0500] "GET /BLA/boletinlegal/images/menu_lft.gif HTTP/1.1" 200 1713
172.22.2.4 - - [04/Oct/2023:10:18:04 -0500] "GET /BLA/boletinlegal/images/menu_rght.gif HTTP/1.1" 200 1627
172.22.2.4 - - [04/Oct/2023:10:18:04 -0500] "GET /BLA/boletinlegal/images/bg_top.jpg HTTP/1.1" 200 522
172.22.2.4 - - [04/Oct/2023:10:18:04 -0500] "GET /BLA/boletinlegal/images/menu_bg.jpg HTTP/1.1" 200 620
172.22.2.4 - - [04/Oct/2023:10:18:04 -0500] "GET /BLA/boletinlegal/images/hover.jpg HTTP/1.1" 200 640
172.22.2.4 - - [04/Oct/2023:10:18:04 -0500] "GET /BLA/boletinlegal/images/text.jpg HTTP/1.1" 200 568
172.22.2.4 - - [04/Oct/2023:10:18:06 -0500] "GET /BLA/boletinlegal/favicon.ico HTTP/1.1" 404 1308
66.249.66.20 - - [04/Oct/2023:10:18:08 -0500] "GET /resoluciones/RESOLUCIONES%202009/3691.pdf HTTP/1.1" 404 1018
172.22.2.4 - - [04/Oct/2023:10:16:29 -0500] "HEAD /BLA/boletinlegal/ HTTP/1.1" 200 -
172.22.2.4 - - [04/Oct/2023:10:18:12 -0500] "GET /BLA/boletinlegal/images/screen_5.png HTTP/1.1" 200 368876
172.22.2.4 - - [04/Oct/2023:10:18:12 -0500] "GET /BLA/boletinlegal/images/screen_3.png HTTP/1.1" 200 210620
172.22.2.4 - - [04/Oct/2023:10:18:12 -0500] "GET /BLA/boletinlegal/images/screen_2.png HTTP/1.1" 200 362502
172.22.2.4 - - [04/Oct/2023:10:18:12 -0500] "GET /BLA/boletinlegal/images/arr_r.jpg HTTP/1.1" 200 1998
172.22.2.4 - - [04/Oct/2023:10:18:13 -0500] "GET /BLA/boletinlegal/images/footer_bg.jpg HTTP/1.1" 200 586
172.22.2.4 - - [04/Oct/2023:10:18:21 -0500] "GET /BLA/boletinlegal/images/pdf.gif HTTP/1.1" 200 567
201.245.192.253 - - [04/Oct/2023:10:18:42 -0500] "GET /BLA/resoluciones/index.php?dir=AUTOS+2015%2F HTTP/1.1" 200 8139
