181.53.13.125 - - [06/Oct/2023:06:50:56 -0500] "POST /sipse/faces/presentacion/financiero/solicitudProceso/solicitudProcesoOtrosPagos.xhtml HTTP/1.1" 200 48171
216.244.66.195 - - [06/Oct/2023:06:50:57 -0500] "GET /BLA/resoluciones/AUTOS%202013/2520.pdf HTTP/1.1" 200 1019601
181.53.13.125 - - [06/Oct/2023:06:50:57 -0500] "POST /sipse/faces/presentacion/financiero/solicitudProceso/solicitudProcesoOtrosPagos.xhtml HTTP/1.1" 200 48171
181.53.13.125 - - [06/Oct/2023:06:50:58 -0500] "POST /sipse/faces/presentacion/financiero/solicitudProceso/solicitudProcesoOtrosPagos.xhtml HTTP/1.1" 200 48171
181.53.13.125 - - [06/Oct/2023:06:50:58 -0500] "POST /sipse/faces/presentacion/financiero/solicitudProceso/solicitudProcesoOtrosPagos.xhtml HTTP/1.1" 200 48171
181.53.13.125 - - [06/Oct/2023:06:51:01 -0500] "POST /sipse/faces/presentacion/financiero/solicitudProceso/solicitudProcesoOtrosPagos.xhtml HTTP/1.1" 200 1775
181.53.13.125 - - [06/Oct/2023:06:51:03 -0500] "POST /sipse/faces/presentacion/financiero/solicitudProceso/solicitudProcesoOtrosPagos.xhtml HTTP/1.1" 200 40806
181.53.13.125 - - [06/Oct/2023:06:51:04 -0500] "GET /sipse/faces/javax.faces.resource/theme.css?ln=primefaces-sipse HTTP/1.1" 304 -
181.53.13.125 - - [06/Oct/2023:06:51:04 -0500] "GET /sipse/faces/javax.faces.resource/layout/layout.css?ln=primefaces&v=4.0 HTTP/1.1" 304 -
181.53.13.125 - - [06/Oct/2023:06:51:04 -0500] "GET /sipse/faces/javax.faces.resource/jquery/jquery.js?ln=primefaces&v=4.0 HTTP/1.1" 304 -
181.53.13.125 - - [06/Oct/2023:06:51:04 -0500] "GET /sipse/faces/javax.faces.resource/primefaces.css?ln=primefaces&v=4.0 HTTP/1.1" 304 -
181.53.13.125 - - [06/Oct/2023:06:51:04 -0500] "GET /sipse/faces/javax.faces.resource/jquery/jquery-plugins.js?ln=primefaces&v=4.0 HTTP/1.1" 304 -
181.53.13.125 - - [06/Oct/2023:06:51:04 -0500] "GET /sipse/faces/javax.faces.resource/primefaces.js?ln=primefaces&v=4.0 HTTP/1.1" 304 -
181.53.13.125 - - [06/Oct/2023:06:51:04 -0500] "GET /sipse/faces/javax.faces.resource/layout/layout.js?ln=primefaces&v=4.0 HTTP/1.1" 304 -
181.53.13.125 - - [06/Oct/2023:06:51:04 -0500] "POST /sipse/faces/presentacion/financiero/solicitudProceso/consultar.xhtml HTTP/1.1" 200 34153
181.53.13.125 - - [06/Oct/2023:06:51:04 -0500] "POST /sipse/faces/presentacion/financiero/solicitudProceso/consultar.xhtml HTTP/1.1" 200 34153
181.53.13.125 - - [06/Oct/2023:06:51:05 -0500] "POST /sipse/faces/presentacion/financiero/solicitudProceso/consultar.xhtml HTTP/1.1" 200 34153
181.53.13.125 - - [06/Oct/2023:06:51:05 -0500] "POST /sipse/faces/presentacion/financiero/solicitudProceso/consultar.xhtml HTTP/1.1" 200 34153
181.53.13.125 - - [06/Oct/2023:06:51:08 -0500] "POST /sipse/faces/presentacion/financiero/solicitudProceso/consultar.xhtml HTTP/1.1" 200 13025
201.245.192.253 - - [06/Oct/2023:06:51:07 -0500] "POST /kwsrmcab/Wsrmcab  HTTP/1.1" 200 42851
181.53.13.125 - - [06/Oct/2023:06:51:12 -0500] "POST /sipse/faces/presentacion/financiero/solicitudProceso/consultar.xhtml HTTP/1.1" 200 140409
181.53.13.125 - - [06/Oct/2023:06:51:13 -0500] "GET /sipse/faces/javax.faces.resource/theme.css?ln=primefaces-sipse HTTP/1.1" 304 -
181.53.13.125 - - [06/Oct/2023:06:51:13 -0500] "GET /sipse/faces/javax.faces.resource/layout/layout.css?ln=primefaces&v=4.0 HTTP/1.1" 304 -
181.53.13.125 - - [06/Oct/2023:06:51:13 -0500] "GET /sipse/faces/javax.faces.resource/primefaces.css?ln=primefaces&v=4.0 HTTP/1.1" 304 -
181.53.13.125 - - [06/Oct/2023:06:51:13 -0500] "GET /sipse/faces/javax.faces.resource/jquery/jquery.js?ln=primefaces&v=4.0 HTTP/1.1" 304 -
181.53.13.125 - - [06/Oct/2023:06:51:13 -0500] "GET /sipse/faces/javax.faces.resource/jquery/jquery-plugins.js?ln=primefaces&v=4.0 HTTP/1.1" 304 -
181.53.13.125 - - [06/Oct/2023:06:51:13 -0500] "GET /sipse/faces/javax.faces.resource/primefaces.js?ln=primefaces&v=4.0 HTTP/1.1" 304 -
181.53.13.125 - - [06/Oct/2023:06:51:13 -0500] "GET /sipse/faces/javax.faces.resource/layout/layout.js?ln=primefaces&v=4.0 HTTP/1.1" 304 -
181.53.13.125 - - [06/Oct/2023:06:51:13 -0500] "GET /sipse/faces/javax.faces.resource/dynamiccontent.properties?ln=primefaces&pfdrid=XjOR5%2F%2FfPAZAuY9TpWQeCiM0BhlXxYRBGKi%2FQcXXfeA%3D&pfdrid_c=false HTTP/1.1" 500 383
216.244.66.195 - - [06/Oct/2023:06:51:17 -0500] "GET /BLA/resoluciones/AUTOS%202013/2802.pdf HTTP/1.1" 200 1431799
216.244.66.195 - - [06/Oct/2023:06:51:34 -0500] "GET /BLA/resoluciones/AUTOS%202013/2931.pdf HTTP/1.1" 200 408970
172.22.2.4 - - [06/Oct/2023:06:49:56 -0500] "HEAD /BLA/boletinlegal/ HTTP/1.1" 200 -
216.244.66.195 - - [06/Oct/2023:06:51:49 -0500] "GET /BLA/resoluciones/AUTOS%202014/1034.pdf HTTP/1.1" 200 366322
216.244.66.195 - - [06/Oct/2023:06:52:04 -0500] "GET /BLA/resoluciones/AUTOS%202014/1749.pdf HTTP/1.1" 200 412707
201.245.192.253 - - [06/Oct/2023:06:52:06 -0500] "POST /forms/lservlet;jsessionid=ac16012b30d631b237d665c3491e938ed2fcaf258f77.e3iSbxaKaheRe34Pbx8Nc3aQci1ynknvrkLOlQzNp65In0 HTTP/1.1" 200 2
201.245.192.253 - - [06/Oct/2023:06:52:09 -0500] "POST /forms/lservlet;jsessionid=ac16012b30d6e3ac83cfa34d44e69cdfe83dd14ea1cd.e3iSbxaKaheRe34Pbx8Nc3aQci1ynknvrkLOlQzNp65In0 HTTP/1.1" 200 2
216.245.221.92 - - [06/Oct/2023:06:52:10 -0500] "HEAD / HTTP/1.1" 200 -
216.244.66.195 - - [06/Oct/2023:06:52:17 -0500] "GET /BLA/resoluciones/AUTOS%202014/1861.pdf HTTP/1.1" 200 410644
172.22.2.4 - - [06/Oct/2023:06:50:47 -0500] "GET /BLA/boletinlegal/ HTTP/1.1" 200 58187
216.244.66.195 - - [06/Oct/2023:06:52:29 -0500] "GET /BLA/resoluciones/AUTOS%202017/3722.pdf HTTP/1.1" 200 2153135
123.183.224.82 - - [06/Oct/2023:06:52:52 -0500] "GET /BLA/boletinlegal/norma_menu.php HTTP/1.1" 200 6328
201.245.192.253 - - [06/Oct/2023:06:54:06 -0500] "POST /forms/lservlet;jsessionid=ac16012b30d631b237d665c3491e938ed2fcaf258f77.e3iSbxaKaheRe34Pbx8Nc3aQci1ynknvrkLOlQzNp65In0 HTTP/1.1" 200 2
201.245.192.253 - - [06/Oct/2023:06:54:09 -0500] "POST /forms/lservlet;jsessionid=ac16012b30d6e3ac83cfa34d44e69cdfe83dd14ea1cd.e3iSbxaKaheRe34Pbx8Nc3aQci1ynknvrkLOlQzNp65In0 HTTP/1.1" 200 2
190.242.113.146 - - [06/Oct/2023:06:55:01 -0500] "GET /BLA/resoluciones/ HTTP/1.1" 200 13696
190.242.113.146 - - [06/Oct/2023:06:55:07 -0500] "GET /BLA/resoluciones/index.php?dir=AUTOS+2021%2F HTTP/1.1" 200 398707
190.242.113.146 - - [06/Oct/2023:06:55:14 -0500] "GET /BLA/resoluciones/AUTOS%202021/3013.pdf HTTP/1.1" 200 403675
201.245.192.253 - - [06/Oct/2023:06:56:06 -0500] "POST /forms/lservlet;jsessionid=ac16012b30d631b237d665c3491e938ed2fcaf258f77.e3iSbxaKaheRe34Pbx8Nc3aQci1ynknvrkLOlQzNp65In0 HTTP/1.1" 200 2
201.245.192.253 - - [06/Oct/2023:06:56:07 -0500] "POST /kwsrmcab/Wsrmcab  HTTP/1.1" 200 42851
201.245.192.253 - - [06/Oct/2023:06:56:09 -0500] "POST /forms/lservlet;jsessionid=ac16012b30d6e3ac83cfa34d44e69cdfe83dd14ea1cd.e3iSbxaKaheRe34Pbx8Nc3aQci1ynknvrkLOlQzNp65In0 HTTP/1.1" 200 2
216.244.66.195 - - [06/Oct/2023:06:56:15 -0500] "GET /robots.txt HTTP/1.1" 404 1018
216.245.221.92 - - [06/Oct/2023:06:57:10 -0500] "HEAD / HTTP/1.1" 200 -
172.22.2.4 - - [06/Oct/2023:06:55:46 -0500] "HEAD /BLA/boletinlegal/ HTTP/1.1" 200 -
179.19.91.182 - - [06/Oct/2023:06:57:54 -0500] "GET /portaldeninos HTTP/1.1" 404 1137
179.19.91.182 - - [06/Oct/2023:06:57:54 -0500] "GET /favicon.ico HTTP/1.1" 200 7782
201.245.192.253 - - [06/Oct/2023:06:58:06 -0500] "POST /forms/lservlet;jsessionid=ac16012b30d631b237d665c3491e938ed2fcaf258f77.e3iSbxaKaheRe34Pbx8Nc3aQci1ynknvrkLOlQzNp65In0 HTTP/1.1" 200 2
201.245.192.253 - - [06/Oct/2023:06:58:09 -0500] "POST /forms/lservlet;jsessionid=ac16012b30d6e3ac83cfa34d44e69cdfe83dd14ea1cd.e3iSbxaKaheRe34Pbx8Nc3aQci1ynknvrkLOlQzNp65In0 HTTP/1.1" 200 2
40.77.167.46 - - [06/Oct/2023:06:58:11 -0500] "GET /BLA/resoluciones/RESOLUCIONES%202021/0647.pdf HTTP/1.1" 200 426822
181.53.12.124 - - [06/Oct/2023:06:58:11 -0500] "GET /kwssiamovil/sm/acme/u?s=U2FsdGVkX1+XSaW7YxT4CagnzABIRyEqQIkCNOIf/dNL4124a2rtrpzWrjMt4hlByH6m6KoG8rKOysFK8jk+/syoKqf/GDkD/gv2o0Y4qb14regGxiDPMZJFWnrC+MdcK4pqcji8QN0riWguykJJh4yT5nxo3k8TA8v4gPIeeqc=&u=U2FsdGVkX1+p6d+UCcXhngQIebTPFE/JpB+XGkv/bqI=&y=U2FsdGVkX19IT45Npm/B/nMbMslWnG+qfLv3eZmhArtKWSAqRCRWFl0l367wr9vl HTTP/1.1" 200 60
172.22.2.4 - - [06/Oct/2023:06:56:37 -0500] "GET /BLA/boletinlegal/ HTTP/1.1" 200 60342
172.22.2.4 - - [06/Oct/2023:06:59:29 -0500] "GET /BLA/boletinlegal/actos.php HTTP/1.1" 200 9682
172.22.2.4 - - [06/Oct/2023:06:59:31 -0500] "GET /BLA/boletinlegal/favicon.ico HTTP/1.1" 404 1326
172.22.2.4 - - [06/Oct/2023:06:59:59 -0500] "GET /BLA/boletinlegal/consulta_actos.php?tipo=autos&no=&usuario=&sector=&fecha=2023&resuelve= HTTP/1.1" 200 1016668
201.245.192.253 - - [06/Oct/2023:07:00:06 -0500] "POST /forms/lservlet;jsessionid=ac16012b30d631b237d665c3491e938ed2fcaf258f77.e3iSbxaKaheRe34Pbx8Nc3aQci1ynknvrkLOlQzNp65In0 HTTP/1.1" 200 2
201.245.192.253 - - [06/Oct/2023:07:00:09 -0500] "POST /forms/lservlet;jsessionid=ac16012b30d6e3ac83cfa34d44e69cdfe83dd14ea1cd.e3iSbxaKaheRe34Pbx8Nc3aQci1ynknvrkLOlQzNp65In0 HTTP/1.1" 200 2
172.22.2.4 - - [06/Oct/2023:07:00:24 -0500] "GET /BLA/boletinlegal/consulta_actos.php?tipo=resoluciones&no=&usuario=SEcretaria%20distrital%20de%20ambiente&sector=&fecha=2023&resuelve= HTTP/1.1" 200 21801
201.245.192.253 - - [06/Oct/2023:07:01:05 -0500] "POST /kwsrmcab/Wsrmcab  HTTP/1.1" 200 42851
201.245.192.253 - - [06/Oct/2023:07:02:06 -0500] "POST /forms/lservlet;jsessionid=ac16012b30d631b237d665c3491e938ed2fcaf258f77.e3iSbxaKaheRe34Pbx8Nc3aQci1ynknvrkLOlQzNp65In0 HTTP/1.1" 200 2
201.245.192.253 - - [06/Oct/2023:07:02:09 -0500] "POST /forms/lservlet;jsessionid=ac16012b30d6e3ac83cfa34d44e69cdfe83dd14ea1cd.e3iSbxaKaheRe34Pbx8Nc3aQci1ynknvrkLOlQzNp65In0 HTTP/1.1" 200 2
216.245.221.92 - - [06/Oct/2023:07:02:10 -0500] "HEAD / HTTP/1.1" 200 -
172.22.2.4 - - [06/Oct/2023:07:01:36 -0500] "HEAD /BLA/boletinlegal/ HTTP/1.1" 200 -
201.245.192.253 - - [06/Oct/2023:07:04:06 -0500] "POST /forms/lservlet;jsessionid=ac16012b30d631b237d665c3491e938ed2fcaf258f77.e3iSbxaKaheRe34Pbx8Nc3aQci1ynknvrkLOlQzNp65In0 HTTP/1.1" 200 2
172.22.2.4 - - [06/Oct/2023:07:02:27 -0500] "GET /BLA/boletinlegal/ HTTP/1.1" 200 58187
201.245.192.253 - - [06/Oct/2023:07:04:09 -0500] "POST /forms/lservlet;jsessionid=ac16012b30d6e3ac83cfa34d44e69cdfe83dd14ea1cd.e3iSbxaKaheRe34Pbx8Nc3aQci1ynknvrkLOlQzNp65In0 HTTP/1.1" 200 2
186.102.110.147 - - [06/Oct/2023:07:05:21 -0500] "GET /kwssiamovil/sm/ldap/au?x=U2FsdGVkX19rZkzz+QJOU+UR6LlWaJx2XHeUmKeMOHbfOvvmFqKszsB7ycRRwoKG&y=U2FsdGVkX186BNv37xvS8NXzOkDSr74Z5n2C67FshhXlZKKNcw9is78vjzX8/wYk HTTP/1.1" 200 30
186.102.110.147 - - [06/Oct/2023:07:05:22 -0500] "GET /kwssiamovil/sm/acme/s?s=U2FsdGVkX1+Mb1mbZnSqv/s8jNsRg1G6vcVN+JGDqcw/dbGatmR1nTMhORZeWJ2axEKbXR34Z3bd4zeTkjFggllWWiw8I0xH/H34VI4GgCk=&u=U2FsdGVkX1/9DqjYFthDTpwtMHfBmJzirevKlKMBVPA=&y=U2FsdGVkX186BNv37xvS8NXzOkDSr74Z5n2C67FshhXlZKKNcw9is78vjzX8/wYk HTTP/1.1" 200 97
186.102.110.147 - - [06/Oct/2023:07:05:22 -0500] "GET /kwssiamovil/sm/acme/s?s=U2FsdGVkX1/anLMMJR8Qex7R1jPIlk3ZXpq5A0GCpYVoupRqzFr9WbpHbAGZM3L3QL5aAH4d5DuPKFpNuQsNo/ChkidtDqojN6CUIjFoSyl6FLArhCtk6cv94ewBQi9sWiQbOfzdUIw2mSLfyhaMgCIkOcm0DsWU8mH2eZS2tpl4sUBAoWO/Q8ATP8csam4WEwYFEMrZq79KBYLYftj9VX+4BwmK8ndZn2IChrJbk9HpSzhawgDKFSwOGmCV3OEXGAuBqOLyTxkavxnHQl01he8V9hGoPWp5FQuSNVenStyUAyWrMHrdh9zaQn9jXDYyB89V/1f6zK0fajOjr4JnI0ySaIz6drkAezDybDLMnZMNOPckCsi7ZnO4mP8p+XR+0/LUzBec2trzebhqlHIcbMGKPT2jfCExjq8DQZku1xgACujcSDHTseJtkxYrsuB4pxRJlv1AWb4BX8IVdbR8bzgupxSLmDiYLDf9udSH+YGXRuham9aJIcyynrgp3vMoF+cNEqz3+gZ2h2g1ZC2BiV1grd1LbcqAILBMjGgy8B7aP/jrh1ddMZcakgR+UT3nVZjnbCuIN+vv16jbvnr8TJAC65vPyUkrlfpv74dsfmm3tBZflhHGh6EIQl0i27uS7dqHN+M/9qCq1qlrJkvvJwrVd1oMj0qd6J1FZSZzDbowqGysxr51LUHQCLn/AHdei7Qu6epimuaMgdESW//t4ehaE6Ien5TRjEL2OMTL4q0sbZxBd+bGDSEWHbFMbzQOWLbEjgAs/rxL0NI+Qbn3p44/PrQzaSBwYZ8PQiSkLS8D//Vv2DZVPREPvpuK5wnNBtX/cNUJ/ZqqtlQuqWsoZ4wX8zl9opBmDfuklAUAihY/gYrRtV8tRnNkQ2v6Z00rjCZ4/aEwbpOKcOQwGpzRSzMjUkB6kZodv1K3X3aDZh/qtlf3lg4OQS5XWo/7xFMRMYSNw5z/ZIaU8yuqjIHtMwCqc3lzuhCQGtrNp/4L6d7/wLen3ZlPbl8AIWopZNHEVS+UhXITj2788vK1jgb43GXWlKCxuQJqeFog2fw7DmxL2l2Af008n+M63kCMQX6+ZpE51bQ52A0rZiQHjdakFZNvadnZxE/2S+Y3ngXYmJ73KOLBRj+o/ppFa0ZyJcnbNK7uRHc8OxoWrgBhiExHQAhh9FDwEylRd5EH3r7I4/lnhLKHS25d61P1LAKYTwTGo5IMUZn3X51+eRdhXG09Bu/9j3+of96LUo6oLB0NufoR3bP1mAB9l6D+kbzD74Zh4tR2EYU5TVxzQn0OhhNHT9xY+mgPbIoEsFG9raOxUXMj2B6XikxHi9PW2wB3VG06kCMPjB8IGFzY2PwnpYrYWnJ7GOcTkL/jkXR6eSQexemC7VHYm6qC1QQ3NPJD3q4N++VwzHHZqemU8ax97FLh3OYAcNVBdFz2wT1PBIImIRhy0TL+asKun26UK5yew9ToaPcpoEUXQkoqa+33l6AG2MmMml329M9bHJjTWMZzJR7wS+P+BqhLRaJMBFNpJWRhEaaUtByqjBeS6jqjWPJKYaGSYXStWYSdn3g2W7heg3NKYkp5pN5/aMbhoWbvliLwBImuckkprbTqQGmHz8jbgAg+fJRGcORBBFB9Avyt8AUguhaUGt/kt8aKW5rwgLjF3q11hllkT4KFfkF7mLq9tY3Af6BVA0FIk+WfDHtr0Aj/uDq8hNx5X0pAO8xDaCqklC93oOHvNubsePfNf5F7YJHimrRICYu2whK7iiJTflo=&u=U2FsdGVkX1/9DqjYFthDTpwtMHfBmJzirevKlKMBVPA=&y=U2FsdGVkX186BNv37xvS8NXzOkDSr74Z5n2C67FshhXlZKKNcw9is78vjzX8/wYk HTTP/1.1" 200 5382
186.102.110.147 - - [06/Oct/2023:07:05:22 -0500] "GET /kwssiamovil/sm/acme/s?s=U2FsdGVkX19paqJ9aINeAlMgtIjiUvuW68XIapEM4pIHVAQaxV84KmswiUv3UvgkJ5+1SXaMfKW4TAgzdbGE2F7Kzi4c58lykUUdjTdeLFT2KMFCwq+6u5LhCoc11/+3tm1h5PZJYZl+JEX2SUQRobAlGoKkKdIcRTUS5oLO5crAA6O6KKMLY55G4keZWrOw/GCqXjJplBd9mRaIIdY7f6mRn44qOHl7RP5mhL4501LOzqfkOUKJiCeJf4Zei+48L6tLvBqPnohsbSoJstFc18TRbtYAFXeTbMzrpf8yQPJmKoZJhKSdKjO1wiAV8VTYJdF2ttMiD6wUV/1sNWVnfwIpYrLUF5kibWVnjcSJcrd7mZFk7eG1UaViutSsbOlxTfIGAvybsPIQJ7ytdhYjVVPusNZXMLFxDGdgKqAngi+r0VY086ovk2kfE+FxZyQLMSkyQUZ5qmNHtR1u7VXsobJC4scTyv5mKGJm7ELQfPoPwoc3yOO5La8iiP1YNlpzipddLvxh1CLp6/H+Bj2W6GAgTT/a4pmth7sMAxo/M/CqP/HBT8J6x9OJ0aukbbD3G3zAjBP/HWdk+BtPhJpsvoivjfL25wu+3j6qFG0SO9HpcDemQAGdMhr8BCYOmqedYJstrmRktBKcjOTomSNYBF0kINB6NJxUiy7MCx4DJc5obqNFBDwcsB1cYczAJLL/fDkBQAOusZdWicrutyL0OaTxe+xFzXK9kUSG3rZ3G9W1PAGLHbVqmTOXkeAyqbqx&u=U2FsdGVkX1/9DqjYFthDTpwtMHfBmJzirevKlKMBVPA=&y=U2FsdGVkX186BNv37xvS8NXzOkDSr74Z5n2C67FshhXlZKKNcw9is78vjzX8/wYk HTTP/1.1" 200 208
186.102.110.147 - - [06/Oct/2023:07:05:22 -0500] "GET /kwssiamovil/sm/cjson/pre?f=1&x=U2FsdGVkX19rZkzz+QJOU+UR6LlWaJx2XHeUmKeMOHbfOvvmFqKszsB7ycRRwoKG HTTP/1.1" 200 31032
201.245.192.253 - - [06/Oct/2023:07:06:04 -0500] "POST /kwsrmcab/Wsrmcab  HTTP/1.1" 200 42851
201.245.192.253 - - [06/Oct/2023:07:06:06 -0500] "POST /forms/lservlet;jsessionid=ac16012b30d631b237d665c3491e938ed2fcaf258f77.e3iSbxaKaheRe34Pbx8Nc3aQci1ynknvrkLOlQzNp65In0 HTTP/1.1" 200 2
201.245.192.253 - - [06/Oct/2023:07:06:10 -0500] "POST /forms/lservlet;jsessionid=ac16012b30d6e3ac83cfa34d44e69cdfe83dd14ea1cd.e3iSbxaKaheRe34Pbx8Nc3aQci1ynknvrkLOlQzNp65In0 HTTP/1.1" 200 2
65.154.226.170 - - [06/Oct/2023:07:06:48 -0500] "GET /BLA/resoluciones HTTP/1.1" 301 247
65.154.226.170 - - [06/Oct/2023:07:06:48 -0500] "GET /BLA/resoluciones/ HTTP/1.1" 200 13696
216.245.221.92 - - [06/Oct/2023:07:07:10 -0500] "HEAD / HTTP/1.1" 200 -
201.245.192.253 - - [06/Oct/2023:07:08:06 -0500] "POST /forms/lservlet;jsessionid=ac16012b30d631b237d665c3491e938ed2fcaf258f77.e3iSbxaKaheRe34Pbx8Nc3aQci1ynknvrkLOlQzNp65In0 HTTP/1.1" 200 2
201.245.192.253 - - [06/Oct/2023:07:08:10 -0500] "POST /forms/lservlet;jsessionid=ac16012b30d6e3ac83cfa34d44e69cdfe83dd14ea1cd.e3iSbxaKaheRe34Pbx8Nc3aQci1ynknvrkLOlQzNp65In0 HTTP/1.1" 200 2
173.252.79.5 - - [06/Oct/2023:07:08:37 -0500] "GET /images/cr\xc3\xb3nica-29-nov-1_optimized.jpeg HTTP/1.1" 404 1034
172.22.2.4 - - [06/Oct/2023:07:07:26 -0500] "HEAD /BLA/boletinlegal/ HTTP/1.1" 200 -
31.13.103.1 - - [06/Oct/2023:07:09:32 -0500] "GET /la-moda-circular-es-tendencia-nueva-apuesta-para-avanzar-en-la-sostenibilidad-del-sector-en-bogota.html HTTP/1.1" 200 796
172.22.2.4 - - [06/Oct/2023:07:08:17 -0500] "GET /BLA/boletinlegal/ HTTP/1.1" 200 60342
201.245.192.253 - - [06/Oct/2023:07:10:06 -0500] "POST /forms/lservlet;jsessionid=ac16012b30d631b237d665c3491e938ed2fcaf258f77.e3iSbxaKaheRe34Pbx8Nc3aQci1ynknvrkLOlQzNp65In0 HTTP/1.1" 200 2
201.245.192.253 - - [06/Oct/2023:07:10:10 -0500] "POST /forms/lservlet;jsessionid=ac16012b30d6e3ac83cfa34d44e69cdfe83dd14ea1cd.e3iSbxaKaheRe34Pbx8Nc3aQci1ynknvrkLOlQzNp65In0 HTTP/1.1" 200 2
87.236.176.42 - - [06/Oct/2023:07:10:51 -0500] "GET /portaldeninos/ HTTP/1.1" 200 110175
201.245.192.253 - - [06/Oct/2023:07:11:03 -0500] "POST /kwsrmcab/Wsrmcab  HTTP/1.1" 200 42851
201.245.192.253 - - [06/Oct/2023:07:12:06 -0500] "POST /forms/lservlet;jsessionid=ac16012b30d631b237d665c3491e938ed2fcaf258f77.e3iSbxaKaheRe34Pbx8Nc3aQci1ynknvrkLOlQzNp65In0 HTTP/1.1" 200 2
201.245.192.253 - - [06/Oct/2023:07:12:10 -0500] "POST /forms/lservlet;jsessionid=ac16012b30d6e3ac83cfa34d44e69cdfe83dd14ea1cd.e3iSbxaKaheRe34Pbx8Nc3aQci1ynknvrkLOlQzNp65In0 HTTP/1.1" 200 2
216.245.221.92 - - [06/Oct/2023:07:12:10 -0500] "HEAD / HTTP/1.1" 200 -
191.156.231.106 - - [06/Oct/2023:07:13:31 -0500] "GET /sipse/faces/index.xhtml HTTP/1.1" 200 677
191.156.231.106 - - [06/Oct/2023:07:13:32 -0500] "GET /sipse/faces/javax.faces.resource/theme.css?ln=primefaces-sipse HTTP/1.1" 304 -
191.156.231.106 - - [06/Oct/2023:07:13:33 -0500] "GET /sipse/faces/faces/autenticacion.xhtml HTTP/1.1" 200 12412
191.156.231.106 - - [06/Oct/2023:07:13:33 -0500] "GET /sipse/js/disable_browser_buttons.js HTTP/1.1" 304 -
191.156.231.128 - - [06/Oct/2023:07:13:34 -0500] "GET /sipse/css/custom_css_sg.css HTTP/1.1" 304 -
191.156.231.106 - - [06/Oct/2023:07:13:34 -0500] "GET /sipse/css/custom_css_sg_prime_login.css HTTP/1.1" 304 -
191.156.231.106 - - [06/Oct/2023:07:13:34 -0500] "GET /sipse/faces/javax.faces.resource/theme.css?ln=primefaces-sipse HTTP/1.1" 304 -
191.156.231.128 - - [06/Oct/2023:07:13:35 -0500] "GET /sipse/faces/javax.faces.resource/primefaces.css?ln=primefaces&v=4.0 HTTP/1.1" 304 -
191.156.231.106 - - [06/Oct/2023:07:13:35 -0500] "GET /sipse/js/funciones.js HTTP/1.1" 304 -
191.156.231.128 - - [06/Oct/2023:07:13:35 -0500] "GET /sipse/faces/javax.faces.resource/layout/layout.css?ln=primefaces&v=4.0 HTTP/1.1" 304 -
191.156.231.106 - - [06/Oct/2023:07:13:35 -0500] "GET /sipse/faces/javax.faces.resource/primefaces.js?ln=primefaces&v=4.0 HTTP/1.1" 304 -
191.156.231.106 - - [06/Oct/2023:07:13:35 -0500] "GET /sipse/faces/javax.faces.resource/jquery/jquery.js?ln=primefaces&v=4.0 HTTP/1.1" 304 -
191.156.231.106 - - [06/Oct/2023:07:13:35 -0500] "GET /sipse/faces/javax.faces.resource/layout/layout.js?ln=primefaces&v=4.0 HTTP/1.1" 304 -
191.156.231.128 - - [06/Oct/2023:07:13:35 -0500] "GET /sipse/faces/javax.faces.resource/jquery/jquery-plugins.js?ln=primefaces&v=4.0 HTTP/1.1" 304 -
191.156.231.128 - - [06/Oct/2023:07:13:37 -0500] "GET /sipse/css/imagen/logoSDG.png HTTP/1.1" 304 -
191.156.231.106 - - [06/Oct/2023:07:13:37 -0500] "GET /sipse/css/imagen/loginimg.png HTTP/1.1" 304 -
191.156.231.128 - - [06/Oct/2023:07:13:37 -0500] "GET /sipse/faces/javax.faces.resource/images/ui-icons_898989_256x240.png?ln=primefaces-aristo HTTP/1.1" 304 -
191.156.231.128 - - [06/Oct/2023:07:13:40 -0500] "POST /sipse/faces/autenticacion.xhtml HTTP/1.1" 200 2220
191.156.231.128 - - [06/Oct/2023:07:13:40 -0500] "GET /sipse/faces/javax.faces.resource/messages/messages.png?ln=primefaces&v=4.0 HTTP/1.1" 304 -
191.156.231.128 - - [06/Oct/2023:07:13:41 -0500] "POST /sipse/faces/autenticacion.xhtml HTTP/1.1" 200 16405
191.156.231.106 - - [06/Oct/2023:07:13:42 -0500] "GET /sipse/faces/javax.faces.resource/theme.css?ln=primefaces-sipse HTTP/1.1" 304 -
191.156.231.106 - - [06/Oct/2023:07:13:42 -0500] "GET /sipse/faces/javax.faces.resource/layout/layout.css?ln=primefaces&v=4.0 HTTP/1.1" 304 -
191.156.231.128 - - [06/Oct/2023:07:13:42 -0500] "GET /sipse/faces/javax.faces.resource/primefaces.css?ln=primefaces&v=4.0 HTTP/1.1" 304 -
191.156.231.128 - - [06/Oct/2023:07:13:42 -0500] "GET /sipse/css/custom_css_sg_prime.css HTTP/1.1" 304 -
191.156.231.106 - - [06/Oct/2023:07:13:42 -0500] "GET /sipse/js/jquery.min.js HTTP/1.1" 304 -
191.156.231.128 - - [06/Oct/2023:07:13:42 -0500] "GET /sipse/faces/javax.faces.resource/jquery/jquery.js?ln=primefaces&v=4.0 HTTP/1.1" 304 -
191.156.231.128 - - [06/Oct/2023:07:13:43 -0500] "GET /sipse/faces/javax.faces.resource/jquery/jquery-plugins.js?ln=primefaces&v=4.0 HTTP/1.1" 304 -
191.156.231.128 - - [06/Oct/2023:07:13:43 -0500] "GET /sipse/faces/javax.faces.resource/primefaces.js?ln=primefaces&v=4.0 HTTP/1.1" 304 -
191.156.231.128 - - [06/Oct/2023:07:13:43 -0500] "GET /sipse/faces/javax.faces.resource/layout/layout.js?ln=primefaces&v=4.0 HTTP/1.1" 304 -
191.156.231.106 - - [06/Oct/2023:07:13:44 -0500] "GET /sipse/imagenes/logoAplicacion.jpg HTTP/1.1" 304 -
191.156.231.128 - - [06/Oct/2023:07:13:44 -0500] "GET /sipse/imagenes/cargando.gif HTTP/1.1" 304 -
191.156.231.106 - - [06/Oct/2023:07:13:44 -0500] "GET /sipse/css/imagen/contrasena.png HTTP/1.1" 404 383
191.156.231.128 - - [06/Oct/2023:07:13:44 -0500] "GET /sipse/css/v_mergente.css HTTP/1.1" 304 -
191.156.231.128 - - [06/Oct/2023:07:13:55 -0500] "GET /sipse/faces/javax.faces.resource/images/ui-bg_flat_0_2d5972_40x100.png?ln=primefaces-aristo HTTP/1.1" 304 -
191.156.231.106 - - [06/Oct/2023:07:13:55 -0500] "POST /sipse/faces/bienvenido.xhtml HTTP/1.1" 200 2073
191.156.231.106 - - [06/Oct/2023:07:13:57 -0500] "POST /sipse/faces/bienvenido.xhtml HTTP/1.1" 200 39048
191.156.231.106 - - [06/Oct/2023:07:14:01 -0500] "GET /sipse/faces/javax.faces.resource/theme.css?ln=primefaces-sipse HTTP/1.1" 304 -
191.156.231.128 - - [06/Oct/2023:07:14:01 -0500] "GET /sipse/faces/javax.faces.resource/primefaces.css?ln=primefaces&v=4.0 HTTP/1.1" 304 -
191.156.231.128 - - [06/Oct/2023:07:14:01 -0500] "GET /sipse/faces/javax.faces.resource/jquery/jquery.js?ln=primefaces&v=4.0 HTTP/1.1" 304 -
191.156.231.128 - - [06/Oct/2023:07:14:01 -0500] "GET /sipse/faces/javax.faces.resource/layout/layout.css?ln=primefaces&v=4.0 HTTP/1.1" 304 -
191.156.231.128 - - [06/Oct/2023:07:14:02 -0500] "GET /sipse/faces/javax.faces.resource/jquery/jquery-plugins.js?ln=primefaces&v=4.0 HTTP/1.1" 304 -
191.156.231.128 - - [06/Oct/2023:07:14:02 -0500] "GET /sipse/faces/javax.faces.resource/primefaces.js?ln=primefaces&v=4.0 HTTP/1.1" 304 -
191.156.231.128 - - [06/Oct/2023:07:14:03 -0500] "GET /sipse/faces/javax.faces.resource/layout/layout.js?ln=primefaces&v=4.0 HTTP/1.1" 304 -
201.245.192.253 - - [06/Oct/2023:07:14:06 -0500] "POST /forms/lservlet;jsessionid=ac16012b30d631b237d665c3491e938ed2fcaf258f77.e3iSbxaKaheRe34Pbx8Nc3aQci1ynknvrkLOlQzNp65In0 HTTP/1.1" 200 2
191.156.231.128 - - [06/Oct/2023:07:14:09 -0500] "POST /sipse/faces/presentacion/financiero/solicitudProceso/consultar.xhtml HTTP/1.1" 200 12740
201.245.192.253 - - [06/Oct/2023:07:14:10 -0500] "POST /forms/lservlet;jsessionid=ac16012b30d6e3ac83cfa34d44e69cdfe83dd14ea1cd.e3iSbxaKaheRe34Pbx8Nc3aQci1ynknvrkLOlQzNp65In0 HTTP/1.1" 200 2
186.31.192.5 - - [06/Oct/2023:07:14:41 -0500] "GET /bioexpo-2023-bogota-alcanza-destacada-participacion-y-buenos-reditos-con-innovadores-negocios-verdes.html HTTP/1.1" 200 836
172.22.2.4 - - [06/Oct/2023:07:13:16 -0500] "HEAD /BLA/boletinlegal/ HTTP/1.1" 200 -
191.156.231.128 - - [06/Oct/2023:07:14:53 -0500] "POST /sipse/faces/presentacion/financiero/solicitudProceso/consultar.xhtml HTTP/1.1" 200 166409
191.156.231.128 - - [06/Oct/2023:07:14:58 -0500] "GET /sipse/faces/javax.faces.resource/theme.css?ln=primefaces-sipse HTTP/1.1" 304 -
191.156.231.106 - - [06/Oct/2023:07:14:59 -0500] "GET /sipse/faces/javax.faces.resource/jquery/jquery.js?ln=primefaces&v=4.0 HTTP/1.1" 304 -
191.156.231.106 - - [06/Oct/2023:07:14:59 -0500] "GET /sipse/faces/javax.faces.resource/primefaces.css?ln=primefaces&v=4.0 HTTP/1.1" 304 -
191.156.231.128 - - [06/Oct/2023:07:14:59 -0500] "GET /sipse/faces/javax.faces.resource/layout/layout.css?ln=primefaces&v=4.0 HTTP/1.1" 304 -
191.156.231.106 - - [06/Oct/2023:07:14:59 -0500] "GET /sipse/faces/javax.faces.resource/jquery/jquery-plugins.js?ln=primefaces&v=4.0 HTTP/1.1" 304 -
191.156.231.106 - - [06/Oct/2023:07:14:59 -0500] "GET /sipse/faces/javax.faces.resource/primefaces.js?ln=primefaces&v=4.0 HTTP/1.1" 304 -
191.156.231.106 - - [06/Oct/2023:07:15:00 -0500] "GET /sipse/faces/javax.faces.resource/layout/layout.js?ln=primefaces&v=4.0 HTTP/1.1" 304 -
191.156.231.106 - - [06/Oct/2023:07:15:00 -0500] "GET /sipse/faces/javax.faces.resource/dynamiccontent.properties?ln=primefaces&pfdrid=XjOR5%2F%2FfPAZAuY9TpWQeCiM0BhlXxYRBGKi%2FQcXXfeA%3D&pfdrid_c=false HTTP/1.1" 500 383
191.156.231.128 - - [06/Oct/2023:07:15:17 -0500] "GET /sipse/faces/javax.faces.resource/theme.css?ln=primefaces-sipse HTTP/1.1" 304 -
191.156.231.106 - - [06/Oct/2023:07:15:17 -0500] "GET /sipse/faces/javax.faces.resource/primefaces.css?ln=primefaces&v=4.0 HTTP/1.1" 304 -
191.156.231.106 - - [06/Oct/2023:07:15:17 -0500] "GET /sipse/faces/javax.faces.resource/layout/layout.css?ln=primefaces&v=4.0 HTTP/1.1" 304 -
191.156.231.128 - - [06/Oct/2023:07:15:17 -0500] "GET /sipse/faces/javax.faces.resource/jquery/jquery.js?ln=primefaces&v=4.0 HTTP/1.1" 304 -
191.156.231.128 - - [06/Oct/2023:07:15:17 -0500] "GET /sipse/faces/javax.faces.resource/jquery/jquery-plugins.js?ln=primefaces&v=4.0 HTTP/1.1" 304 -
191.156.231.128 - - [06/Oct/2023:07:15:18 -0500] "GET /sipse/faces/javax.faces.resource/layout/layout.js?ln=primefaces&v=4.0 HTTP/1.1" 304 -
191.156.231.106 - - [06/Oct/2023:07:15:18 -0500] "GET /sipse/faces/javax.faces.resource/primefaces.js?ln=primefaces&v=4.0 HTTP/1.1" 304 -
191.156.231.106 - - [06/Oct/2023:07:15:15 -0500] "POST /sipse/faces/presentacion/financiero/solicitudProceso/consultarSolicitudProceso.xhtml HTTP/1.1" 200 60967
172.22.2.4 - - [06/Oct/2023:07:14:07 -0500] "GET /BLA/boletinlegal/ HTTP/1.1" 200 58187
201.245.192.253 - - [06/Oct/2023:07:16:02 -0500] "POST /kwsrmcab/Wsrmcab  HTTP/1.1" 200 42851
201.245.192.253 - - [06/Oct/2023:07:16:06 -0500] "POST /forms/lservlet;jsessionid=ac16012b30d631b237d665c3491e938ed2fcaf258f77.e3iSbxaKaheRe34Pbx8Nc3aQci1ynknvrkLOlQzNp65In0 HTTP/1.1" 200 2
201.245.192.253 - - [06/Oct/2023:07:16:10 -0500] "POST /forms/lservlet;jsessionid=ac16012b30d6e3ac83cfa34d44e69cdfe83dd14ea1cd.e3iSbxaKaheRe34Pbx8Nc3aQci1ynknvrkLOlQzNp65In0 HTTP/1.1" 200 2
191.156.231.128 - - [06/Oct/2023:07:16:13 -0500] "POST /sipse/faces/presentacion/financiero/solicitudProceso/consultarHistorialSolProceso.xhtml HTTP/1.1" 200 42013
191.156.231.128 - - [06/Oct/2023:07:16:23 -0500] "GET /sipse/faces/javax.faces.resource/theme.css?ln=primefaces-sipse HTTP/1.1" 304 -
191.156.231.128 - - [06/Oct/2023:07:16:23 -0500] "GET /sipse/faces/javax.faces.resource/primefaces.css?ln=primefaces&v=4.0 HTTP/1.1" 304 -
191.156.231.128 - - [06/Oct/2023:07:16:23 -0500] "GET /sipse/faces/javax.faces.resource/jquery/jquery.js?ln=primefaces&v=4.0 HTTP/1.1" 304 -
191.156.231.106 - - [06/Oct/2023:07:16:23 -0500] "GET /sipse/faces/javax.faces.resource/layout/layout.css?ln=primefaces&v=4.0 HTTP/1.1" 304 -
191.156.231.128 - - [06/Oct/2023:07:16:23 -0500] "GET /sipse/faces/javax.faces.resource/jquery/jquery-plugins.js?ln=primefaces&v=4.0 HTTP/1.1" 304 -
191.156.231.128 - - [06/Oct/2023:07:16:23 -0500] "GET /sipse/faces/javax.faces.resource/primefaces.js?ln=primefaces&v=4.0 HTTP/1.1" 304 -
191.156.231.128 - - [06/Oct/2023:07:16:23 -0500] "GET /sipse/faces/javax.faces.resource/layout/layout.js?ln=primefaces&v=4.0 HTTP/1.1" 304 -
191.156.231.128 - - [06/Oct/2023:07:16:30 -0500] "POST /sipse/faces/presentacion/financiero/solicitudProceso/consultar.xhtml HTTP/1.1" 200 13066
191.156.231.128 - - [06/Oct/2023:07:16:48 -0500] "POST /sipse/faces/presentacion/financiero/solicitudProceso/consultar.xhtml HTTP/1.1" 200 12932
216.245.221.92 - - [06/Oct/2023:07:17:10 -0500] "HEAD / HTTP/1.1" 200 -
123.183.224.82 - - [06/Oct/2023:07:17:10 -0500] "GET /BLA/boletinlegal/norma_menu.php HTTP/1.1" 200 6328
201.245.192.253 - - [06/Oct/2023:07:17:36 -0500] "POST /kwsrmcab/Wsrmcab HTTP/1.1" 200 42738
52.167.144.204 - - [06/Oct/2023:07:17:41 -0500] "GET /BLA/resoluciones/index.php?dir=RESOLUCIONES+2004%2FRES+2004+401-450%2F HTTP/1.1" 200 12039
201.245.192.253 - - [06/Oct/2023:07:17:39 -0500] "POST /kwsrmcab/Wsrmcab HTTP/1.1" 200 43229
172.22.2.4 - - [06/Oct/2023:07:17:20 -0500] "GET /BLA/boletinlegal/ HTTP/1.1" 200 24523
201.245.192.253 - - [06/Oct/2023:07:18:06 -0500] "POST /forms/lservlet;jsessionid=ac16012b30d631b237d665c3491e938ed2fcaf258f77.e3iSbxaKaheRe34Pbx8Nc3aQci1ynknvrkLOlQzNp65In0 HTTP/1.1" 200 2
201.245.192.253 - - [06/Oct/2023:07:18:10 -0500] "POST /forms/lservlet;jsessionid=ac16012b30d6e3ac83cfa34d44e69cdfe83dd14ea1cd.e3iSbxaKaheRe34Pbx8Nc3aQci1ynknvrkLOlQzNp65In0 HTTP/1.1" 200 2
172.22.2.4 - - [06/Oct/2023:07:18:18 -0500] "GET /BLA/boletinlegal/Circulares/2012/Circular%20No.%204%20del%2019%20de%20abril%20de%202012.pdf HTTP/1.1" 304 -
201.245.192.253 - - [06/Oct/2023:07:20:06 -0500] "POST /forms/lservlet;jsessionid=ac16012b30d631b237d665c3491e938ed2fcaf258f77.e3iSbxaKaheRe34Pbx8Nc3aQci1ynknvrkLOlQzNp65In0 HTTP/1.1" 200 2
201.245.192.253 - - [06/Oct/2023:07:20:10 -0500] "POST /forms/lservlet;jsessionid=ac16012b30d6e3ac83cfa34d44e69cdfe83dd14ea1cd.e3iSbxaKaheRe34Pbx8Nc3aQci1ynknvrkLOlQzNp65In0 HTTP/1.1" 200 2
172.22.2.4 - - [06/Oct/2023:07:19:06 -0500] "HEAD /BLA/boletinlegal/ HTTP/1.1" 200 -
201.245.192.253 - - [06/Oct/2023:07:21:01 -0500] "POST /kwsrmcab/Wsrmcab  HTTP/1.1" 200 42851
172.22.2.4 - - [06/Oct/2023:07:19:57 -0500] "GET /BLA/boletinlegal/ HTTP/1.1" 200 56257
201.245.192.253 - - [06/Oct/2023:07:22:06 -0500] "POST /forms/lservlet;jsessionid=ac16012b30d631b237d665c3491e938ed2fcaf258f77.e3iSbxaKaheRe34Pbx8Nc3aQci1ynknvrkLOlQzNp65In0 HTTP/1.1" 200 2
201.245.192.253 - - [06/Oct/2023:07:22:10 -0500] "POST /forms/lservlet;jsessionid=ac16012b30d6e3ac83cfa34d44e69cdfe83dd14ea1cd.e3iSbxaKaheRe34Pbx8Nc3aQci1ynknvrkLOlQzNp65In0 HTTP/1.1" 200 2
216.245.221.92 - - [06/Oct/2023:07:22:10 -0500] "HEAD / HTTP/1.1" 200 -
172.22.2.4 - - [06/Oct/2023:07:22:24 -0500] "GET /BLA/boletinlegal/dns-query?dns=q80BAAABAAAAAAAAA3d3dwdleGFtcGxlA2NvbQAAAQAB HTTP/1.1" 404 1018
172.22.2.4 - - [06/Oct/2023:07:22:25 -0500] "GET /BLA/boletinlegal/dns-query?dns=q80BAAABAAAAAAAAA3d3dwdleGFtcGxlA2NvbQAAAQAB HTTP/1.1" 404 1018
172.22.2.4 - - [06/Oct/2023:07:22:27 -0500] "POST /BLA/boletinlegal/dns-query HTTP/1.1" 404 1018
172.22.2.4 - - [06/Oct/2023:07:22:29 -0500] "POST /BLA/boletinlegal/dns-query HTTP/1.1" 404 1018
172.22.2.4 - - [06/Oct/2023:07:22:30 -0500] "GET /BLA/boletinlegal/dns-query?name=example.com&type=A HTTP/1.1" 404 1018
172.22.2.4 - - [06/Oct/2023:07:22:32 -0500] "GET /BLA/boletinlegal/dns-query?name=example.com&type=A HTTP/1.1" 404 1018
172.22.2.4 - - [06/Oct/2023:07:22:33 -0500] "GET /BLA/boletinlegal/query?dns=q80BAAABAAAAAAAAA3d3dwdleGFtcGxlA2NvbQAAAQAB HTTP/1.1" 404 1018
172.22.2.4 - - [06/Oct/2023:07:22:35 -0500] "GET /BLA/boletinlegal/query?dns=q80BAAABAAAAAAAAA3d3dwdleGFtcGxlA2NvbQAAAQAB HTTP/1.1" 404 1018
172.22.2.4 - - [06/Oct/2023:07:22:37 -0500] "POST /BLA/boletinlegal/query HTTP/1.1" 404 1018
172.22.2.4 - - [06/Oct/2023:07:22:39 -0500] "POST /BLA/boletinlegal/query HTTP/1.1" 404 1018
172.22.2.4 - - [06/Oct/2023:07:22:41 -0500] "GET /BLA/boletinlegal/query?name=example.com&type=A HTTP/1.1" 404 1018
172.22.2.4 - - [06/Oct/2023:07:22:43 -0500] "GET /BLA/boletinlegal/query?name=example.com&type=A HTTP/1.1" 404 1018
172.22.2.4 - - [06/Oct/2023:07:22:44 -0500] "GET /BLA/boletinlegal/resolve?dns=q80BAAABAAAAAAAAA3d3dwdleGFtcGxlA2NvbQAAAQAB HTTP/1.1" 404 1018
172.22.2.4 - - [06/Oct/2023:07:22:46 -0500] "GET /BLA/boletinlegal/resolve?dns=q80BAAABAAAAAAAAA3d3dwdleGFtcGxlA2NvbQAAAQAB HTTP/1.1" 404 1018
172.22.2.4 - - [06/Oct/2023:07:22:48 -0500] "POST /BLA/boletinlegal/resolve HTTP/1.1" 404 1018
40.77.167.79 - - [06/Oct/2023:07:22:49 -0500] "GET /BLA/resoluciones/RESOLUCIONES%202021/0778.pdf HTTP/1.1" 200 611996
172.22.2.4 - - [06/Oct/2023:07:22:50 -0500] "POST /BLA/boletinlegal/resolve HTTP/1.1" 404 1018
172.22.2.4 - - [06/Oct/2023:07:22:51 -0500] "GET /BLA/boletinlegal/resolve?name=example.com&type=A HTTP/1.1" 404 1018
172.22.2.4 - - [06/Oct/2023:07:22:53 -0500] "GET /BLA/boletinlegal/resolve?name=example.com&type=A HTTP/1.1" 404 1018
201.245.192.253 - - [06/Oct/2023:07:23:36 -0500] "GET /sipse/faces/index.xhtml HTTP/1.1" 200 677
201.245.192.253 - - [06/Oct/2023:07:23:36 -0500] "GET /sipse/faces/javax.faces.resource/theme.css?ln=primefaces-sipse HTTP/1.1" 304 -
201.245.192.253 - - [06/Oct/2023:07:23:37 -0500] "GET /favicon.ico HTTP/1.1" 200 7782
201.245.192.253 - - [06/Oct/2023:07:23:37 -0500] "GET /sipse/faces/faces/autenticacion.xhtml HTTP/1.1" 200 12412
201.245.192.253 - - [06/Oct/2023:07:23:37 -0500] "GET /sipse/js/disable_browser_buttons.js HTTP/1.1" 304 -
201.245.192.253 - - [06/Oct/2023:07:23:37 -0500] "GET /sipse/js/funciones.js HTTP/1.1" 304 -
201.245.192.253 - - [06/Oct/2023:07:23:37 -0500] "GET /sipse/css/custom_css_sg.css HTTP/1.1" 304 -
201.245.192.253 - - [06/Oct/2023:07:23:37 -0500] "GET /sipse/css/custom_css_sg_prime_login.css HTTP/1.1" 304 -
201.245.192.253 - - [06/Oct/2023:07:23:37 -0500] "GET /sipse/faces/javax.faces.resource/primefaces.css?ln=primefaces&v=4.0 HTTP/1.1" 304 -
201.245.192.253 - - [06/Oct/2023:07:23:37 -0500] "GET /sipse/faces/javax.faces.resource/theme.css?ln=primefaces-sipse HTTP/1.1" 304 -
201.245.192.253 - - [06/Oct/2023:07:23:37 -0500] "GET /sipse/faces/javax.faces.resource/layout/layout.css?ln=primefaces&v=4.0 HTTP/1.1" 304 -
201.245.192.253 - - [06/Oct/2023:07:23:37 -0500] "GET /sipse/faces/javax.faces.resource/primefaces.js?ln=primefaces&v=4.0 HTTP/1.1" 304 -
201.245.192.253 - - [06/Oct/2023:07:23:37 -0500] "GET /sipse/faces/javax.faces.resource/jquery/jquery.js?ln=primefaces&v=4.0 HTTP/1.1" 304 -
201.245.192.253 - - [06/Oct/2023:07:23:37 -0500] "GET /sipse/faces/javax.faces.resource/jquery/jquery-plugins.js?ln=primefaces&v=4.0 HTTP/1.1" 304 -
201.245.192.253 - - [06/Oct/2023:07:23:37 -0500] "GET /sipse/faces/javax.faces.resource/layout/layout.js?ln=primefaces&v=4.0 HTTP/1.1" 304 -
201.245.192.253 - - [06/Oct/2023:07:23:37 -0500] "GET /sipse/css/imagen/logoSDG.png HTTP/1.1" 304 -
201.245.192.253 - - [06/Oct/2023:07:23:37 -0500] "GET /sipse/css/imagen/loginimg.png HTTP/1.1" 304 -
201.245.192.253 - - [06/Oct/2023:07:23:37 -0500] "GET /sipse/faces/javax.faces.resource/images/ui-icons_898989_256x240.png?ln=primefaces-aristo HTTP/1.1" 304 -
201.245.192.253 - - [06/Oct/2023:07:23:39 -0500] "POST /sipse/faces/autenticacion.xhtml HTTP/1.1" 200 16218
201.245.192.253 - - [06/Oct/2023:07:23:39 -0500] "GET /sipse/css/custom_css_sg_prime.css HTTP/1.1" 304 -
201.245.192.253 - - [06/Oct/2023:07:23:39 -0500] "GET /sipse/faces/javax.faces.resource/theme.css?ln=primefaces-sipse HTTP/1.1" 304 -
201.245.192.253 - - [06/Oct/2023:07:23:39 -0500] "GET /sipse/faces/javax.faces.resource/layout/layout.css?ln=primefaces&v=4.0 HTTP/1.1" 304 -
201.245.192.253 - - [06/Oct/2023:07:23:39 -0500] "GET /sipse/faces/javax.faces.resource/primefaces.css?ln=primefaces&v=4.0 HTTP/1.1" 304 -
201.245.192.253 - - [06/Oct/2023:07:23:39 -0500] "GET /sipse/js/jquery.min.js HTTP/1.1" 304 -
201.245.192.253 - - [06/Oct/2023:07:23:40 -0500] "GET /sipse/faces/javax.faces.resource/jquery/jquery.js?ln=primefaces&v=4.0 HTTP/1.1" 304 -
201.245.192.253 - - [06/Oct/2023:07:23:40 -0500] "GET /sipse/faces/javax.faces.resource/jquery/jquery-plugins.js?ln=primefaces&v=4.0 HTTP/1.1" 304 -
201.245.192.253 - - [06/Oct/2023:07:23:40 -0500] "GET /sipse/faces/javax.faces.resource/primefaces.js?ln=primefaces&v=4.0 HTTP/1.1" 304 -
201.245.192.253 - - [06/Oct/2023:07:23:40 -0500] "GET /sipse/faces/javax.faces.resource/layout/layout.js?ln=primefaces&v=4.0 HTTP/1.1" 304 -
201.245.192.253 - - [06/Oct/2023:07:23:40 -0500] "GET /sipse/css/v_mergente.css HTTP/1.1" 304 -
201.245.192.253 - - [06/Oct/2023:07:23:40 -0500] "GET /sipse/imagenes/logoAplicacion.jpg HTTP/1.1" 304 -
201.245.192.253 - - [06/Oct/2023:07:23:40 -0500] "GET /sipse/imagenes/cargando.gif HTTP/1.1" 304 -
201.245.192.253 - - [06/Oct/2023:07:23:40 -0500] "GET /sipse/css/imagen/contrasena.png HTTP/1.1" 404 383
201.245.192.253 - - [06/Oct/2023:07:23:40 -0500] "GET /sipse/faces/javax.faces.resource/messages/messages.png?ln=primefaces&v=4.0 HTTP/1.1" 304 -
201.245.192.253 - - [06/Oct/2023:07:23:41 -0500] "GET /sipse/faces/javax.faces.resource/images/ui-bg_flat_0_2d5972_40x100.png?ln=primefaces-aristo HTTP/1.1" 304 -
201.245.192.253 - - [06/Oct/2023:07:23:41 -0500] "POST /sipse/faces/bienvenido.xhtml HTTP/1.1" 200 1471
201.245.192.253 - - [06/Oct/2023:07:23:42 -0500] "POST /sipse/faces/bienvenido.xhtml HTTP/1.1" 200 34356
201.245.192.253 - - [06/Oct/2023:07:23:43 -0500] "GET /sipse/faces/javax.faces.resource/theme.css?ln=primefaces-sipse HTTP/1.1" 304 -
201.245.192.253 - - [06/Oct/2023:07:23:43 -0500] "GET /sipse/faces/javax.faces.resource/primefaces.css?ln=primefaces&v=4.0 HTTP/1.1" 304 -
201.245.192.253 - - [06/Oct/2023:07:23:43 -0500] "GET /sipse/faces/javax.faces.resource/layout/layout.css?ln=primefaces&v=4.0 HTTP/1.1" 304 -
201.245.192.253 - - [06/Oct/2023:07:23:43 -0500] "GET /sipse/faces/javax.faces.resource/jquery/jquery.js?ln=primefaces&v=4.0 HTTP/1.1" 304 -
201.245.192.253 - - [06/Oct/2023:07:23:43 -0500] "GET /sipse/faces/javax.faces.resource/jquery/jquery-plugins.js?ln=primefaces&v=4.0 HTTP/1.1" 304 -
201.245.192.253 - - [06/Oct/2023:07:23:43 -0500] "GET /sipse/faces/javax.faces.resource/primefaces.js?ln=primefaces&v=4.0 HTTP/1.1" 304 -
201.245.192.253 - - [06/Oct/2023:07:23:43 -0500] "GET /sipse/faces/javax.faces.resource/layout/layout.js?ln=primefaces&v=4.0 HTTP/1.1" 304 -
201.245.192.253 - - [06/Oct/2023:07:23:43 -0500] "POST /sipse/faces/presentacion/financiero/solicitudProceso/listarSolicitudProceso.xhtml HTTP/1.1" 200 1404
201.245.192.253 - - [06/Oct/2023:07:23:48 -0500] "POST /sipse/faces/presentacion/financiero/solicitudProceso/listarSolicitudProceso.xhtml HTTP/1.1" 200 134479
201.245.192.253 - - [06/Oct/2023:07:23:49 -0500] "GET /sipse/faces/javax.faces.resource/theme.css?ln=primefaces-sipse HTTP/1.1" 304 -
201.245.192.253 - - [06/Oct/2023:07:23:49 -0500] "GET /sipse/faces/javax.faces.resource/layout/layout.css?ln=primefaces&v=4.0 HTTP/1.1" 304 -
201.245.192.253 - - [06/Oct/2023:07:23:49 -0500] "GET /sipse/faces/javax.faces.resource/primefaces.css?ln=primefaces&v=4.0 HTTP/1.1" 304 -
201.245.192.253 - - [06/Oct/2023:07:23:49 -0500] "GET /sipse/faces/javax.faces.resource/jquery/jquery.js?ln=primefaces&v=4.0 HTTP/1.1" 304 -
201.245.192.253 - - [06/Oct/2023:07:23:49 -0500] "GET /sipse/faces/javax.faces.resource/jquery/jquery-plugins.js?ln=primefaces&v=4.0 HTTP/1.1" 304 -
201.245.192.253 - - [06/Oct/2023:07:23:49 -0500] "GET /sipse/faces/javax.faces.resource/primefaces.js?ln=primefaces&v=4.0 HTTP/1.1" 304 -
201.245.192.253 - - [06/Oct/2023:07:23:49 -0500] "GET /sipse/faces/javax.faces.resource/layout/layout.js?ln=primefaces&v=4.0 HTTP/1.1" 304 -
201.245.192.253 - - [06/Oct/2023:07:23:49 -0500] "GET /sipse/faces/javax.faces.resource/dynamiccontent.properties?ln=primefaces&pfdrid=XjOR5%2F%2FfPAZAuY9TpWQeCiM0BhlXxYRBGKi%2FQcXXfeA%3D&pfdrid_c=false HTTP/1.1" 500 383
172.22.2.4 - - [06/Oct/2023:07:23:57 -0500] "GET /BLA/boletinlegal/Circulares/2012/Circular%20No.%204%20del%2019%20de%20abril%20de%202012.pdf HTTP/1.1" 304 -
201.245.192.253 - - [06/Oct/2023:07:24:06 -0500] "POST /forms/lservlet;jsessionid=ac16012b30d631b237d665c3491e938ed2fcaf258f77.e3iSbxaKaheRe34Pbx8Nc3aQci1ynknvrkLOlQzNp65In0 HTTP/1.1" 200 2
201.245.192.253 - - [06/Oct/2023:07:24:10 -0500] "POST /forms/lservlet;jsessionid=ac16012b30d6e3ac83cfa34d44e69cdfe83dd14ea1cd.e3iSbxaKaheRe34Pbx8Nc3aQci1ynknvrkLOlQzNp65In0 HTTP/1.1" 200 2
168.119.253.85 - - [06/Oct/2023:07:24:21 -0500] "GET / HTTP/1.1" 200 319
172.22.2.4 - - [06/Oct/2023:07:22:54 -0500] "GET /BLA/boletinlegal/?dns=q80BAAABAAAAAAAAA3d3dwdleGFtcGxlA2NvbQAAAQAB HTTP/1.1" 200 35662
172.22.2.4 - - [06/Oct/2023:07:22:57 -0500] "GET /BLA/boletinlegal/?dns=q80BAAABAAAAAAAAA3d3dwdleGFtcGxlA2NvbQAAAQAB HTTP/1.1" 200 31354
172.22.2.4 - - [06/Oct/2023:07:22:59 -0500] "POST /BLA/boletinlegal/ HTTP/1.1" 200 42510
172.22.2.4 - - [06/Oct/2023:07:23:00 -0500] "POST /BLA/boletinlegal/ HTTP/1.1" 200 37845
172.22.2.4 - - [06/Oct/2023:07:23:02 -0500] "GET /BLA/boletinlegal/?name=example.com&type=A HTTP/1.1" 200 31861
172.22.2.4 - - [06/Oct/2023:07:23:04 -0500] "GET /BLA/boletinlegal/?name=example.com&type=A HTTP/1.1" 200 37845
172.22.2.4 - - [06/Oct/2023:07:24:57 -0500] "GET /BLA/boletinlegal/Directivas/2019/Directiva%20008%20del%2001%20de%20noviembre%20de%202019.pdf HTTP/1.1" 304 -
201.245.192.253 - - [06/Oct/2023:07:25:59 -0500] "POST /kwsrmcab/Wsrmcab  HTTP/1.1" 200 42851
201.245.192.253 - - [06/Oct/2023:07:26:06 -0500] "POST /forms/lservlet;jsessionid=ac16012b30d631b237d665c3491e938ed2fcaf258f77.e3iSbxaKaheRe34Pbx8Nc3aQci1ynknvrkLOlQzNp65In0 HTTP/1.1" 200 2
201.245.192.253 - - [06/Oct/2023:07:26:10 -0500] "POST /forms/lservlet;jsessionid=ac16012b30d6e3ac83cfa34d44e69cdfe83dd14ea1cd.e3iSbxaKaheRe34Pbx8Nc3aQci1ynknvrkLOlQzNp65In0 HTTP/1.1" 200 2
172.22.2.4 - - [06/Oct/2023:07:24:56 -0500] "HEAD /BLA/boletinlegal/ HTTP/1.1" 200 -
216.245.221.92 - - [06/Oct/2023:07:27:10 -0500] "HEAD / HTTP/1.1" 200 -
186.81.229.249 - - [06/Oct/2023:07:27:24 -0500] "GET /sipse/faces/faces/index.xhtml HTTP/1.1" 200 677
172.22.2.4 - - [06/Oct/2023:07:25:47 -0500] "GET /BLA/boletinlegal/ HTTP/1.1" 200 57790
186.81.229.249 - - [06/Oct/2023:07:27:27 -0500] "GET /sipse/faces/javax.faces.resource/theme.css?ln=primefaces-sipse HTTP/1.1" 304 -
186.81.229.249 - - [06/Oct/2023:07:27:28 -0500] "GET /sipse/faces/javax.faces.resource/primefaces.css?ln=primefaces&v=4.0 HTTP/1.1" 304 -
186.81.229.249 - - [06/Oct/2023:07:27:28 -0500] "GET /sipse/faces/javax.faces.resource/theme.css?ln=primefaces-sipse HTTP/1.1" 304 -
186.81.229.249 - - [06/Oct/2023:07:27:28 -0500] "GET /sipse/faces/javax.faces.resource/layout/layout.css?ln=primefaces&v=4.0 HTTP/1.1" 304 -
186.81.229.249 - - [06/Oct/2023:07:27:28 -0500] "GET /sipse/faces/javax.faces.resource/jquery/jquery.js?ln=primefaces&v=4.0 HTTP/1.1" 304 -
186.81.229.249 - - [06/Oct/2023:07:27:28 -0500] "GET /sipse/faces/javax.faces.resource/jquery/jquery-plugins.js?ln=primefaces&v=4.0 HTTP/1.1" 304 -
186.81.229.249 - - [06/Oct/2023:07:27:28 -0500] "GET /sipse/faces/javax.faces.resource/layout/layout.js?ln=primefaces&v=4.0 HTTP/1.1" 304 -
186.81.229.249 - - [06/Oct/2023:07:27:28 -0500] "GET /sipse/faces/faces/faces/autenticacion.xhtml HTTP/1.1" 200 12412
186.81.229.249 - - [06/Oct/2023:07:27:28 -0500] "GET /sipse/faces/javax.faces.resource/primefaces.js?ln=primefaces&v=4.0 HTTP/1.1" 304 -
186.81.229.249 - - [06/Oct/2023:07:27:28 -0500] "GET /sipse/faces/javax.faces.resource/images/ui-icons_898989_256x240.png?ln=primefaces-aristo HTTP/1.1" 200 5355
186.81.229.249 - - [06/Oct/2023:07:27:28 -0500] "GET /sipse/css/imagen/logoSDG.png HTTP/1.1" 200 15714
186.81.229.249 - - [06/Oct/2023:07:27:28 -0500] "GET /sipse/css/imagen/loginimg.png HTTP/1.1" 200 17770
186.81.229.249 - - [06/Oct/2023:07:27:31 -0500] "POST /sipse/faces/autenticacion.xhtml HTTP/1.1" 200 16222
186.81.229.249 - - [06/Oct/2023:07:27:31 -0500] "GET /sipse/faces/javax.faces.resource/jquery/jquery.js?ln=primefaces&v=4.0 HTTP/1.1" 304 -
186.81.229.249 - - [06/Oct/2023:07:27:32 -0500] "GET /sipse/faces/javax.faces.resource/jquery/jquery-plugins.js?ln=primefaces&v=4.0 HTTP/1.1" 304 -
186.81.229.249 - - [06/Oct/2023:07:27:32 -0500] "GET /sipse/faces/javax.faces.resource/primefaces.js?ln=primefaces&v=4.0 HTTP/1.1" 304 -
186.81.229.249 - - [06/Oct/2023:07:27:32 -0500] "GET /sipse/faces/javax.faces.resource/layout/layout.js?ln=primefaces&v=4.0 HTTP/1.1" 304 -
186.81.229.249 - - [06/Oct/2023:07:27:32 -0500] "GET /sipse/css/imagen/contrasena.png HTTP/1.1" 404 383
186.81.229.249 - - [06/Oct/2023:07:27:32 -0500] "GET /sipse/faces/javax.faces.resource/messages/messages.png?ln=primefaces&v=4.0 HTTP/1.1" 304 -
186.81.229.249 - - [06/Oct/2023:07:27:34 -0500] "GET /sipse/faces/javax.faces.resource/images/ui-bg_flat_0_2d5972_40x100.png?ln=primefaces-aristo HTTP/1.1" 304 -
186.81.229.249 - - [06/Oct/2023:07:27:34 -0500] "POST /sipse/faces/bienvenido.xhtml HTTP/1.1" 200 1471
207.46.13.17 - - [06/Oct/2023:07:27:35 -0500] "GET /sipse/faces/autenticacion.xhtml HTTP/1.1" 200 12734
186.81.229.249 - - [06/Oct/2023:07:27:36 -0500] "POST /sipse/faces/bienvenido.xhtml HTTP/1.1" 200 37731
186.81.229.249 - - [06/Oct/2023:07:27:36 -0500] "GET /sipse/faces/javax.faces.resource/jquery/jquery.js?ln=primefaces&v=4.0 HTTP/1.1" 304 -
186.81.229.249 - - [06/Oct/2023:07:27:36 -0500] "GET /sipse/faces/javax.faces.resource/jquery/jquery-plugins.js?ln=primefaces&v=4.0 HTTP/1.1" 304 -
186.81.229.249 - - [06/Oct/2023:07:27:36 -0500] "GET /sipse/faces/javax.faces.resource/primefaces.js?ln=primefaces&v=4.0 HTTP/1.1" 304 -
186.81.229.249 - - [06/Oct/2023:07:27:37 -0500] "GET /sipse/faces/javax.faces.resource/layout/layout.js?ln=primefaces&v=4.0 HTTP/1.1" 304 -
186.81.229.249 - - [06/Oct/2023:07:27:37 -0500] "POST /sipse/faces/presentacion/financiero/solicitudProceso/listarSolicitudProceso.xhtml HTTP/1.1" 200 1424
201.245.192.253 - - [06/Oct/2023:07:27:36 -0500] "POST /kwsrmcab/Wsrmcab HTTP/1.1" 200 42738
186.81.229.249 - - [06/Oct/2023:07:27:39 -0500] "POST /sipse/faces/presentacion/financiero/solicitudProceso/listarSolicitudProceso.xhtml HTTP/1.1" 200 2121
186.81.229.249 - - [06/Oct/2023:07:27:40 -0500] "POST /sipse/faces/presentacion/financiero/solicitudProceso/listarSolicitudProceso.xhtml HTTP/1.1" 200 38393
186.81.229.249 - - [06/Oct/2023:07:27:40 -0500] "GET /sipse/faces/javax.faces.resource/jquery/jquery.js?ln=primefaces&v=4.0 HTTP/1.1" 304 -
186.81.229.249 - - [06/Oct/2023:07:27:40 -0500] "GET /sipse/faces/javax.faces.resource/jquery/jquery-plugins.js?ln=primefaces&v=4.0 HTTP/1.1" 304 -
186.81.229.249 - - [06/Oct/2023:07:27:40 -0500] "GET /sipse/faces/javax.faces.resource/primefaces.js?ln=primefaces&v=4.0 HTTP/1.1" 304 -
186.81.229.249 - - [06/Oct/2023:07:27:40 -0500] "GET /sipse/faces/javax.faces.resource/layout/layout.js?ln=primefaces&v=4.0 HTTP/1.1" 304 -
186.81.229.249 - - [06/Oct/2023:07:27:40 -0500] "POST /sipse/faces/presentacion/financiero/solicitudProceso/consultar.xhtml HTTP/1.1" 200 31757
201.245.192.253 - - [06/Oct/2023:07:27:39 -0500] "POST /kwsrmcab/Wsrmcab HTTP/1.1" 200 43229
186.81.229.249 - - [06/Oct/2023:07:27:45 -0500] "POST /sipse/faces/presentacion/financiero/solicitudProceso/consultar.xhtml HTTP/1.1" 200 12865
207.46.13.17 - - [06/Oct/2023:07:27:45 -0500] "GET /sipse/css/custom_css_sg.css HTTP/1.1" 200 9694
207.46.13.17 - - [06/Oct/2023:07:27:46 -0500] "GET /sipse/faces/javax.faces.resource/jquery/jquery-plugins.js;jsessionid=z0mg+aroPROXp0ga2gdsHjIh.undefined?ln=primefaces&v=4.0 HTTP/1.1" 200 220526
207.46.13.17 - - [06/Oct/2023:07:27:46 -0500] "GET /sipse/faces/javax.faces.resource/theme.css?ln=primefaces-sipse HTTP/1.1" 200 50058
207.46.13.17 - - [06/Oct/2023:07:27:47 -0500] "GET /sipse/js/disable_browser_buttons.js HTTP/1.1" 200 3230
52.167.144.238 - - [06/Oct/2023:07:27:51 -0500] "GET /sipse/css/custom_css_sg_prime_login.css HTTP/1.1" 200 443
186.81.229.249 - - [06/Oct/2023:07:27:50 -0500] "POST /sipse/faces/presentacion/financiero/solicitudProceso/consultar.xhtml HTTP/1.1" 200 150246
186.81.229.249 - - [06/Oct/2023:07:27:51 -0500] "GET /sipse/faces/javax.faces.resource/jquery/jquery.js?ln=primefaces&v=4.0 HTTP/1.1" 304 -
52.167.144.137 - - [06/Oct/2023:07:27:50 -0500] "GET /sipse/faces/javax.faces.resource/jquery/jquery.js;jsessionid=z0mg+aroPROXp0ga2gdsHjIh.undefined?ln=primefaces&v=4.0 HTTP/1.1" 200 105384
186.81.229.249 - - [06/Oct/2023:07:27:51 -0500] "GET /sipse/faces/javax.faces.resource/jquery/jquery-plugins.js?ln=primefaces&v=4.0 HTTP/1.1" 304 -
52.167.144.137 - - [06/Oct/2023:07:27:51 -0500] "GET /sipse/js/funciones.js HTTP/1.1" 200 12592
186.81.229.249 - - [06/Oct/2023:07:27:51 -0500] "GET /sipse/faces/javax.faces.resource/primefaces.js?ln=primefaces&v=4.0 HTTP/1.1" 304 -
186.81.229.249 - - [06/Oct/2023:07:27:51 -0500] "GET /sipse/faces/javax.faces.resource/layout/layout.js?ln=primefaces&v=4.0 HTTP/1.1" 304 -
186.81.229.249 - - [06/Oct/2023:07:27:52 -0500] "GET /sipse/faces/javax.faces.resource/dynamiccontent.properties?ln=primefaces&pfdrid=XjOR5%2F%2FfPAZAuY9TpWQeCiM0BhlXxYRBGKi%2FQcXXfeA%3D&pfdrid_c=false HTTP/1.1" 500 383
186.81.229.249 - - [06/Oct/2023:07:28:00 -0500] "POST /sipse/faces/presentacion/financiero/solicitudProceso/consultarSolicitudProceso.xhtml HTTP/1.1" 200 47973
201.245.192.253 - - [06/Oct/2023:07:28:06 -0500] "POST /forms/lservlet;jsessionid=ac16012b30d631b237d665c3491e938ed2fcaf258f77.e3iSbxaKaheRe34Pbx8Nc3aQci1ynknvrkLOlQzNp65In0 HTTP/1.1" 200 2
201.245.192.253 - - [06/Oct/2023:07:28:10 -0500] "POST /forms/lservlet;jsessionid=ac16012b30d6e3ac83cfa34d44e69cdfe83dd14ea1cd.e3iSbxaKaheRe34Pbx8Nc3aQci1ynknvrkLOlQzNp65In0 HTTP/1.1" 200 2
186.86.32.107 - - [06/Oct/2023:07:29:19 -0500] "POST /sipse/faces/presentacion/financiero/solicitudProceso/consultar.xhtml HTTP/1.1" 200 13064
186.86.32.107 - - [06/Oct/2023:07:29:23 -0500] "POST /sipse/faces/presentacion/financiero/solicitudProceso/consultar.xhtml HTTP/1.1" 200 148126
186.86.32.107 - - [06/Oct/2023:07:29:26 -0500] "GET /sipse/faces/javax.faces.resource/jquery/jquery.js?ln=primefaces&v=4.0 HTTP/1.1" 304 -
186.86.32.107 - - [06/Oct/2023:07:29:26 -0500] "GET /sipse/faces/javax.faces.resource/layout/layout.css?ln=primefaces&v=4.0 HTTP/1.1" 304 -
186.86.32.107 - - [06/Oct/2023:07:29:26 -0500] "GET /sipse/faces/javax.faces.resource/primefaces.css?ln=primefaces&v=4.0 HTTP/1.1" 304 -
186.86.32.107 - - [06/Oct/2023:07:29:26 -0500] "GET /sipse/faces/javax.faces.resource/theme.css?ln=primefaces-sipse HTTP/1.1" 304 -
186.86.32.107 - - [06/Oct/2023:07:29:26 -0500] "GET /sipse/css/imagen/contrasena.png HTTP/1.1" 404 383
186.86.32.107 - - [06/Oct/2023:07:29:26 -0500] "GET /sipse/faces/javax.faces.resource/jquery/jquery-plugins.js?ln=primefaces&v=4.0 HTTP/1.1" 304 -
186.86.32.107 - - [06/Oct/2023:07:29:26 -0500] "GET /sipse/faces/javax.faces.resource/primefaces.js?ln=primefaces&v=4.0 HTTP/1.1" 304 -
186.86.32.107 - - [06/Oct/2023:07:29:26 -0500] "GET /sipse/faces/javax.faces.resource/layout/layout.js?ln=primefaces&v=4.0 HTTP/1.1" 304 -
186.86.32.107 - - [06/Oct/2023:07:29:26 -0500] "GET /sipse/faces/javax.faces.resource/images/ui-icons_898989_256x240.png?ln=primefaces-aristo HTTP/1.1" 304 -
