65.154.226.170 - - [06/Oct/2023:14:18:44 -0500] "GET /portaldeninos/wp-content/themes/betheme/js/menu.js?ver=20.9.6 HTTP/1.1" 200 2449
65.154.226.170 - - [06/Oct/2023:14:18:43 -0500] "GET /portaldeninos/wp-content/plugins/gallery-videos/JS/Total-Soft-Gallery-Video-Widget.js?ver=4.9.8 HTTP/1.1" 200 80264
65.154.226.170 - - [06/Oct/2023:14:18:44 -0500] "GET /portaldeninos/wp-includes/js/jquery/ui/tabs.min.js?ver=1.11.4 HTTP/1.1" 200 12110
65.154.226.170 - - [06/Oct/2023:14:18:44 -0500] "GET /portaldeninos/wp-content/themes/betheme/assets/animations/animations.min.js?ver=20.9.6 HTTP/1.1" 200 1896
65.154.226.170 - - [06/Oct/2023:14:18:44 -0500] "GET /portaldeninos/wp-includes/js/jquery/ui/sortable.min.js?ver=1.11.4 HTTP/1.1" 200 24899
65.154.226.170 - - [06/Oct/2023:14:18:44 -0500] "GET /portaldeninos/wp-includes/js/wp-embed.min.js?ver=4.9.8 HTTP/1.1" 200 1398
65.154.226.170 - - [06/Oct/2023:14:18:44 -0500] "GET /portaldeninos/wp-includes/js/wp-emoji-release.min.js?ver=4.9.8 HTTP/1.1" 200 12026
65.154.226.170 - - [06/Oct/2023:14:18:44 -0500] "GET /portaldeninos/wp-content/themes/betheme/images/box_shadow.png HTTP/1.1" 200 108
65.154.226.170 - - [06/Oct/2023:14:18:44 -0500] "GET /portaldeninos/wp-content/themes/betheme/js/scripts.js?ver=20.9.6 HTTP/1.1" 200 77162
65.154.226.170 - - [06/Oct/2023:14:18:44 -0500] "GET /portaldeninos/wp-content/themes/betheme/assets/jplayer/jplayer.min.js?ver=20.9.6 HTTP/1.1" 200 52702
65.154.226.170 - - [06/Oct/2023:14:18:44 -0500] "GET /portaldeninos/wp-content/themes/betheme/js/plugins.js?ver=20.9.6 HTTP/1.1" 200 197151
65.154.226.170 - - [06/Oct/2023:14:18:44 -0500] "GET /portaldeninos/wp-content/themes/betheme/fonts/mfn-icons.woff?93978679 HTTP/1.1" 200 80932
20.15.133.185 - - [06/Oct/2023:14:19:17 -0500] "GET /BLA/resoluciones/AUTOS%202023/3117.pdf HTTP/1.1" 200 4916070
201.245.192.253 - - [06/Oct/2023:14:19:16 -0500] "POST /kwsrmcab/Wsrmcab  HTTP/1.1" 200 42851
170.247.2.97 - - [06/Oct/2023:14:19:40 -0500] "GET /sipse/faces/index.xhtml HTTP/1.1" 200 677
170.247.2.97 - - [06/Oct/2023:14:19:40 -0500] "GET /sipse/faces/javax.faces.resource/theme.css?ln=primefaces-sipse HTTP/1.1" 200 50058
170.247.2.97 - - [06/Oct/2023:14:19:40 -0500] "GET /favicon.ico HTTP/1.1" 200 7782
170.247.2.97 - - [06/Oct/2023:14:19:40 -0500] "GET /sipse/faces/faces/autenticacion.xhtml HTTP/1.1" 200 12412
170.247.2.97 - - [06/Oct/2023:14:19:40 -0500] "GET /sipse/js/disable_browser_buttons.js HTTP/1.1" 200 3230
170.247.2.97 - - [06/Oct/2023:14:19:40 -0500] "GET /sipse/js/funciones.js HTTP/1.1" 200 12592
170.247.2.97 - - [06/Oct/2023:14:19:40 -0500] "GET /sipse/css/custom_css_sg.css HTTP/1.1" 200 9694
170.247.2.97 - - [06/Oct/2023:14:19:40 -0500] "GET /sipse/css/custom_css_sg_prime_login.css HTTP/1.1" 200 443
170.247.2.97 - - [06/Oct/2023:14:19:40 -0500] "GET /sipse/faces/javax.faces.resource/layout/layout.css?ln=primefaces&v=4.0 HTTP/1.1" 200 542
170.247.2.97 - - [06/Oct/2023:14:19:40 -0500] "GET /sipse/faces/javax.faces.resource/theme.css?ln=primefaces-sipse HTTP/1.1" 304 -
170.247.2.97 - - [06/Oct/2023:14:19:40 -0500] "GET /sipse/faces/javax.faces.resource/layout/layout.js?ln=primefaces&v=4.0 HTTP/1.1" 200 87560
170.247.2.97 - - [06/Oct/2023:14:19:40 -0500] "GET /sipse/faces/javax.faces.resource/primefaces.css?ln=primefaces&v=4.0 HTTP/1.1" 200 53295
170.247.2.97 - - [06/Oct/2023:14:19:40 -0500] "GET /sipse/faces/javax.faces.resource/jquery/jquery.js?ln=primefaces&v=4.0 HTTP/1.1" 200 105384
170.247.2.97 - - [06/Oct/2023:14:19:40 -0500] "GET /sipse/faces/javax.faces.resource/jquery/jquery-plugins.js?ln=primefaces&v=4.0 HTTP/1.1" 200 220526
170.247.2.97 - - [06/Oct/2023:14:19:40 -0500] "GET /sipse/faces/javax.faces.resource/primefaces.js?ln=primefaces&v=4.0 HTTP/1.1" 200 276924
170.247.2.97 - - [06/Oct/2023:14:19:41 -0500] "GET /sipse/faces/javax.faces.resource/images/ui-icons_898989_256x240.png?ln=primefaces-aristo HTTP/1.1" 200 5355
170.247.2.97 - - [06/Oct/2023:14:19:41 -0500] "GET /sipse/css/imagen/loginimg.png HTTP/1.1" 200 71635
170.247.2.97 - - [06/Oct/2023:14:19:41 -0500] "GET /sipse/css/imagen/logoSDG.png HTTP/1.1" 200 53064
45.238.183.97 - - [06/Oct/2023:14:19:53 -0500] "GET /sipse/faces/javax.faces.resource/images/ui-bg_flat_0_2d5972_40x100.png?ln=primefaces-aristo HTTP/1.1" 304 -
45.238.183.97 - - [06/Oct/2023:14:19:53 -0500] "POST /sipse/faces/bienvenido.xhtml HTTP/1.1" 200 2060
45.238.183.97 - - [06/Oct/2023:14:19:54 -0500] "POST /sipse/faces/bienvenido.xhtml HTTP/1.1" 200 35710
45.238.183.97 - - [06/Oct/2023:14:19:55 -0500] "GET /sipse/faces/javax.faces.resource/primefaces.css?ln=primefaces&v=4.0 HTTP/1.1" 304 -
45.238.183.97 - - [06/Oct/2023:14:19:55 -0500] "GET /sipse/faces/javax.faces.resource/theme.css?ln=primefaces-sipse HTTP/1.1" 304 -
45.238.183.97 - - [06/Oct/2023:14:19:55 -0500] "GET /sipse/faces/javax.faces.resource/layout/layout.css?ln=primefaces&v=4.0 HTTP/1.1" 304 -
45.238.183.97 - - [06/Oct/2023:14:19:55 -0500] "GET /sipse/faces/javax.faces.resource/jquery/jquery.js?ln=primefaces&v=4.0 HTTP/1.1" 304 -
45.238.183.97 - - [06/Oct/2023:14:19:55 -0500] "GET /sipse/faces/javax.faces.resource/jquery/jquery-plugins.js?ln=primefaces&v=4.0 HTTP/1.1" 304 -
45.238.183.97 - - [06/Oct/2023:14:19:55 -0500] "GET /sipse/faces/javax.faces.resource/primefaces.js?ln=primefaces&v=4.0 HTTP/1.1" 304 -
45.238.183.97 - - [06/Oct/2023:14:19:55 -0500] "GET /sipse/faces/javax.faces.resource/layout/layout.js?ln=primefaces&v=4.0 HTTP/1.1" 304 -
45.238.183.97 - - [06/Oct/2023:14:19:55 -0500] "POST /sipse/faces/presentacion/financiero/solicitudProceso/listarSolicitudProceso.xhtml HTTP/1.1" 200 1404
45.238.183.97 - - [06/Oct/2023:14:19:58 -0500] "POST /sipse/faces/presentacion/financiero/solicitudProceso/listarSolicitudProceso.xhtml HTTP/1.1" 200 123812
45.238.183.97 - - [06/Oct/2023:14:19:59 -0500] "GET /sipse/faces/javax.faces.resource/theme.css?ln=primefaces-sipse HTTP/1.1" 304 -
45.238.183.97 - - [06/Oct/2023:14:19:59 -0500] "GET /sipse/faces/javax.faces.resource/layout/layout.css?ln=primefaces&v=4.0 HTTP/1.1" 304 -
45.238.183.97 - - [06/Oct/2023:14:19:59 -0500] "GET /sipse/faces/javax.faces.resource/primefaces.css?ln=primefaces&v=4.0 HTTP/1.1" 304 -
45.238.183.97 - - [06/Oct/2023:14:19:59 -0500] "GET /sipse/faces/javax.faces.resource/jquery/jquery.js?ln=primefaces&v=4.0 HTTP/1.1" 304 -
45.238.183.97 - - [06/Oct/2023:14:19:59 -0500] "GET /sipse/faces/javax.faces.resource/jquery/jquery-plugins.js?ln=primefaces&v=4.0 HTTP/1.1" 304 -
45.238.183.97 - - [06/Oct/2023:14:19:59 -0500] "GET /sipse/faces/javax.faces.resource/primefaces.js?ln=primefaces&v=4.0 HTTP/1.1" 304 -
45.238.183.97 - - [06/Oct/2023:14:19:59 -0500] "GET /sipse/faces/javax.faces.resource/layout/layout.js?ln=primefaces&v=4.0 HTTP/1.1" 304 -
45.238.183.97 - - [06/Oct/2023:14:20:00 -0500] "GET /sipse/faces/javax.faces.resource/dynamiccontent.properties?ln=primefaces&pfdrid=XjOR5%2F%2FfPAZAuY9TpWQeCiM0BhlXxYRBGKi%2FQcXXfeA%3D&pfdrid_c=false HTTP/1.1" 500 383
45.238.183.97 - - [06/Oct/2023:14:20:04 -0500] "POST /sipse/faces/presentacion/financiero/solicitudProceso/consultarSolicitudProceso.xhtml HTTP/1.1" 200 98072
201.245.192.253 - - [06/Oct/2023:14:20:18 -0500] "POST /forms/lservlet;jsessionid=ac16012b30d631b237d665c3491e938ed2fcaf258f77.e3iSbxaKaheRe34Pbx8Nc3aQci1ynknvrkLOlQzNp65In0 HTTP/1.1" 200 2
201.245.192.253 - - [06/Oct/2023:14:20:19 -0500] "POST /forms/lservlet;jsessionid=ac16012b30d6e3ac83cfa34d44e69cdfe83dd14ea1cd.e3iSbxaKaheRe34Pbx8Nc3aQci1ynknvrkLOlQzNp65In0 HTTP/1.1" 200 2
66.249.66.77 - - [06/Oct/2023:14:20:35 -0500] "GET /portaldeninos/glosario/ HTTP/1.1" 200 97198
172.22.2.4 - - [06/Oct/2023:14:19:05 -0500] "HEAD /BLA/boletinlegal/ HTTP/1.1" 200 -
172.22.2.4 - - [06/Oct/2023:14:19:56 -0500] "GET /BLA/boletinlegal/ HTTP/1.1" 200 60342
216.245.221.92 - - [06/Oct/2023:14:22:09 -0500] "HEAD / HTTP/1.1" 200 -
66.249.66.76 - - [06/Oct/2023:14:22:09 -0500] "GET /portaldeninos/wp-content/plugins/gallery-videos/CSS/Total-Soft-Gallery-Video-Widget.css?ver=4.9.8 HTTP/1.1" 200 51554
66.249.66.77 - - [06/Oct/2023:14:22:10 -0500] "GET /portaldeninos/wp-content/themes/betheme/assets/animations/animations.min.css?ver=20.9.6 HTTP/1.1" 200 58508
66.249.66.76 - - [06/Oct/2023:14:22:11 -0500] "GET /portaldeninos/wp-includes/js/jquery/jquery.js?ver=1.12.4 HTTP/1.1" 200 97184
66.249.66.75 - - [06/Oct/2023:14:22:12 -0500] "GET /portaldeninos/wp-content/themes/betheme/assets/ui/jquery.ui.all.css?ver=20.9.6 HTTP/1.1" 200 18765
66.249.66.77 - - [06/Oct/2023:14:22:13 -0500] "GET /portaldeninos/wp-content/plugins/google-analytics-for-wordpress/assets/js/frontend-gtag.min.js?ver=8.5.0 HTTP/1.1" 200 11801
66.249.66.75 - - [06/Oct/2023:14:22:13 -0500] "GET /portaldeninos/wp-includes/js/jquery/ui/sortable.min.js?ver=1.11.4 HTTP/1.1" 200 24899
66.249.66.75 - - [06/Oct/2023:14:22:14 -0500] "GET /portaldeninos/wp-content/themes/betheme/assets/animations/animations.min.js?ver=20.9.6 HTTP/1.1" 200 1896
66.249.66.76 - - [06/Oct/2023:14:22:15 -0500] "GET /portaldeninos/wp-includes/js/wp-embed.min.js?ver=4.9.8 HTTP/1.1" 200 1398
66.249.66.76 - - [06/Oct/2023:14:22:16 -0500] "GET /portaldeninos/wp-includes/js/jquery/ui/tabs.min.js?ver=1.11.4 HTTP/1.1" 200 12110
66.249.66.75 - - [06/Oct/2023:14:22:17 -0500] "GET /portaldeninos/wp-content/themes/betheme/js/plugins.js?ver=20.9.6 HTTP/1.1" 200 197151
201.245.192.253 - - [06/Oct/2023:14:22:18 -0500] "POST /forms/lservlet;jsessionid=ac16012b30d631b237d665c3491e938ed2fcaf258f77.e3iSbxaKaheRe34Pbx8Nc3aQci1ynknvrkLOlQzNp65In0 HTTP/1.1" 200 2
201.245.192.253 - - [06/Oct/2023:14:22:19 -0500] "POST /forms/lservlet;jsessionid=ac16012b30d6e3ac83cfa34d44e69cdfe83dd14ea1cd.e3iSbxaKaheRe34Pbx8Nc3aQci1ynknvrkLOlQzNp65In0 HTTP/1.1" 200 2
216.244.66.195 - - [06/Oct/2023:14:23:15 -0500] "GET /BLA/resoluciones/RESOLUCIONES%202016/2393.pdf HTTP/1.1" 200 431649
216.244.66.195 - - [06/Oct/2023:14:24:03 -0500] "GET /BLA/resoluciones/RESOLUCIONES%202017/0355.pdf HTTP/1.1" 200 499176
201.245.192.253 - - [06/Oct/2023:14:24:15 -0500] "POST /kwsrmcab/Wsrmcab  HTTP/1.1" 200 42851
201.245.192.253 - - [06/Oct/2023:14:24:18 -0500] "POST /forms/lservlet;jsessionid=ac16012b30d631b237d665c3491e938ed2fcaf258f77.e3iSbxaKaheRe34Pbx8Nc3aQci1ynknvrkLOlQzNp65In0 HTTP/1.1" 200 2
201.245.192.253 - - [06/Oct/2023:14:24:19 -0500] "POST /forms/lservlet;jsessionid=ac16012b30d6e3ac83cfa34d44e69cdfe83dd14ea1cd.e3iSbxaKaheRe34Pbx8Nc3aQci1ynknvrkLOlQzNp65In0 HTTP/1.1" 200 2
52.167.144.24 - - [06/Oct/2023:14:24:38 -0500] "GET /distrito-declara-alerta-preventiva-en-el-suroccidente-de-la-ciudad-por-mala-calidad-del-aire.html HTTP/1.1" 200 1065
216.244.66.195 - - [06/Oct/2023:14:24:50 -0500] "GET /BLA/resoluciones/RESOLUCIONES%202017/0487.pdf HTTP/1.1" 200 513322
172.22.2.4 - - [06/Oct/2023:14:23:10 -0500] "GET /BLA/boletinlegal/ HTTP/1.1" 200 62286
172.22.2.4 - - [06/Oct/2023:14:24:57 -0500] "GET /BLA/boletinlegal/robots.txt HTTP/1.1" 404 1038
172.22.2.4 - - [06/Oct/2023:14:24:57 -0500] "GET /BLA/boletinlegal/js/jquery.scrollTo-min.js HTTP/1.1" 200 1150
173.252.95.116 - - [06/Oct/2023:14:25:25 -0500] "GET /en-esta-navidad-bogota-esta-mejorando-con-mas-espacios-verdes-para-el-disfrute-de-la-ciudadania.html HTTP/1.1" 200 1114
216.244.66.195 - - [06/Oct/2023:14:25:40 -0500] "GET /BLA/resoluciones/RESOLUCIONES%202017/0994.pdf HTTP/1.1" 200 4182857
201.245.192.253 - - [06/Oct/2023:14:26:18 -0500] "POST /forms/lservlet;jsessionid=ac16012b30d631b237d665c3491e938ed2fcaf258f77.e3iSbxaKaheRe34Pbx8Nc3aQci1ynknvrkLOlQzNp65In0 HTTP/1.1" 200 2
201.245.192.253 - - [06/Oct/2023:14:26:19 -0500] "POST /forms/lservlet;jsessionid=ac16012b30d6e3ac83cfa34d44e69cdfe83dd14ea1cd.e3iSbxaKaheRe34Pbx8Nc3aQci1ynknvrkLOlQzNp65In0 HTTP/1.1" 200 2
216.244.66.195 - - [06/Oct/2023:14:26:31 -0500] "GET /BLA/resoluciones/RESOLUCIONES%202017/1664.pdf HTTP/1.1" 200 321251
172.22.2.4 - - [06/Oct/2023:14:24:55 -0500] "HEAD /BLA/boletinlegal/ HTTP/1.1" 200 -
216.245.221.92 - - [06/Oct/2023:14:27:09 -0500] "HEAD / HTTP/1.1" 200 -
216.244.66.195 - - [06/Oct/2023:14:27:10 -0500] "GET /BLA/resoluciones/RESOLUCIONES%202017/2390.pdf HTTP/1.1" 200 406387
172.22.2.4 - - [06/Oct/2023:14:25:46 -0500] "GET /BLA/boletinlegal/ HTTP/1.1" 200 57790
201.245.192.253 - - [06/Oct/2023:14:27:35 -0500] "POST /kwsrmcab/Wsrmcab HTTP/1.1" 200 42331
201.245.192.253 - - [06/Oct/2023:14:27:38 -0500] "POST /kwsrmcab/Wsrmcab HTTP/1.1" 200 43522
216.244.66.195 - - [06/Oct/2023:14:27:53 -0500] "GET /BLA/resoluciones/RESOLUCIONES%202017/2835.pdf HTTP/1.1" 200 279619
66.249.66.75 - - [06/Oct/2023:14:27:54 -0500] "GET /portaldeninos/agua-y-estructura-ecologica-principal/ HTTP/1.1" 200 87488
201.245.192.253 - - [06/Oct/2023:14:28:18 -0500] "POST /forms/lservlet;jsessionid=ac16012b30d631b237d665c3491e938ed2fcaf258f77.e3iSbxaKaheRe34Pbx8Nc3aQci1ynknvrkLOlQzNp65In0 HTTP/1.1" 200 2
201.245.192.253 - - [06/Oct/2023:14:28:19 -0500] "POST /forms/lservlet;jsessionid=ac16012b30d6e3ac83cfa34d44e69cdfe83dd14ea1cd.e3iSbxaKaheRe34Pbx8Nc3aQci1ynknvrkLOlQzNp65In0 HTTP/1.1" 200 2
216.244.66.195 - - [06/Oct/2023:14:28:30 -0500] "GET /BLA/resoluciones/RESOLUCIONES%202019/0181.pdf HTTP/1.1" 200 5375672
201.245.192.253 - - [06/Oct/2023:14:28:43 -0500] "POST /forms/lservlet;jsessionid=ac16012b30d631b237d665c3491e938ed2fcaf258f77.e3iSbxaKaheRe34Pbx8Nc3aQci1ynknvrkLOlQzNp65In0 HTTP/1.1" 200 1322
201.245.192.253 - - [06/Oct/2023:14:28:44 -0500] "POST /forms/lservlet;jsessionid=ac16012b30d631b237d665c3491e938ed2fcaf258f77.e3iSbxaKaheRe34Pbx8Nc3aQci1ynknvrkLOlQzNp65In0 HTTP/1.1" 200 10
201.245.192.253 - - [06/Oct/2023:14:28:45 -0500] "POST /forms/lservlet;jsessionid=ac16012b30d631b237d665c3491e938ed2fcaf258f77.e3iSbxaKaheRe34Pbx8Nc3aQci1ynknvrkLOlQzNp65In0 HTTP/1.1" 200 13
201.245.192.253 - - [06/Oct/2023:14:28:47 -0500] "POST /forms/lservlet;jsessionid=ac16012b30d631b237d665c3491e938ed2fcaf258f77.e3iSbxaKaheRe34Pbx8Nc3aQci1ynknvrkLOlQzNp65In0 HTTP/1.1" 200 207
201.245.192.253 - - [06/Oct/2023:14:28:47 -0500] "POST /forms/lservlet;jsessionid=ac16012b30d631b237d665c3491e938ed2fcaf258f77.e3iSbxaKaheRe34Pbx8Nc3aQci1ynknvrkLOlQzNp65In0 HTTP/1.1" 200 21
201.245.192.253 - - [06/Oct/2023:14:28:47 -0500] "POST /forms/lservlet;jsessionid=ac16012b30d631b237d665c3491e938ed2fcaf258f77.e3iSbxaKaheRe34Pbx8Nc3aQci1ynknvrkLOlQzNp65In0 HTTP/1.1" 200 7
201.245.192.253 - - [06/Oct/2023:14:28:47 -0500] "POST /forms/lservlet;jsessionid=ac16012b30d631b237d665c3491e938ed2fcaf258f77.e3iSbxaKaheRe34Pbx8Nc3aQci1ynknvrkLOlQzNp65In0 HTTP/1.1" 200 97
201.245.192.253 - - [06/Oct/2023:14:28:48 -0500] "POST /forms/lservlet;jsessionid=ac16012b30d631b237d665c3491e938ed2fcaf258f77.e3iSbxaKaheRe34Pbx8Nc3aQci1ynknvrkLOlQzNp65In0 HTTP/1.1" 200 2
199.16.157.180 - - [06/Oct/2023:14:28:50 -0500] "GET /images/concurso%20de%20Buenas%20Pr%C3%A1cticas%20Ambientales.jpeg HTTP/1.1" 404 1034
201.245.192.253 - - [06/Oct/2023:14:28:52 -0500] "POST /forms/lservlet;jsessionid=ac16012b30d631b237d665c3491e938ed2fcaf258f77.e3iSbxaKaheRe34Pbx8Nc3aQci1ynknvrkLOlQzNp65In0 HTTP/1.1" 200 83
201.245.192.253 - - [06/Oct/2023:14:28:52 -0500] "POST /forms/lservlet;jsessionid=ac16012b30d631b237d665c3491e938ed2fcaf258f77.e3iSbxaKaheRe34Pbx8Nc3aQci1ynknvrkLOlQzNp65In0 HTTP/1.1" 200 51
201.245.192.253 - - [06/Oct/2023:14:28:53 -0500] "POST /forms/lservlet;jsessionid=ac16012b30d631b237d665c3491e938ed2fcaf258f77.e3iSbxaKaheRe34Pbx8Nc3aQci1ynknvrkLOlQzNp65In0 HTTP/1.1" 200 2
201.245.192.253 - - [06/Oct/2023:14:28:53 -0500] "POST /forms/lservlet;jsessionid=ac16012b30d631b237d665c3491e938ed2fcaf258f77.e3iSbxaKaheRe34Pbx8Nc3aQci1ynknvrkLOlQzNp65In0 HTTP/1.1" 200 73
201.245.192.253 - - [06/Oct/2023:14:28:57 -0500] "POST /forms/lservlet;jsessionid=ac16012b30d631b237d665c3491e938ed2fcaf258f77.e3iSbxaKaheRe34Pbx8Nc3aQci1ynknvrkLOlQzNp65In0 HTTP/1.1" 200 2376
201.245.192.253 - - [06/Oct/2023:14:28:59 -0500] "POST /forms/lservlet;jsessionid=ac16012b30d631b237d665c3491e938ed2fcaf258f77.e3iSbxaKaheRe34Pbx8Nc3aQci1ynknvrkLOlQzNp65In0 HTTP/1.1" 200 13
201.245.192.253 - - [06/Oct/2023:14:29:13 -0500] "POST /kwsrmcab/Wsrmcab  HTTP/1.1" 200 42851
216.244.66.195 - - [06/Oct/2023:14:29:19 -0500] "GET /BLA/resoluciones/RESOLUCIONES%202019/0366.pdf HTTP/1.1" 200 289447
216.244.66.195 - - [06/Oct/2023:14:29:49 -0500] "GET /BLA/resoluciones/RESOLUCIONES%202019/1922.pdf HTTP/1.1" 200 508758
201.245.192.253 - - [06/Oct/2023:14:30:18 -0500] "POST /forms/lservlet;jsessionid=ac16012b30d631b237d665c3491e938ed2fcaf258f77.e3iSbxaKaheRe34Pbx8Nc3aQci1ynknvrkLOlQzNp65In0 HTTP/1.1" 200 2
201.245.192.253 - - [06/Oct/2023:14:30:19 -0500] "POST /forms/lservlet;jsessionid=ac16012b30d6e3ac83cfa34d44e69cdfe83dd14ea1cd.e3iSbxaKaheRe34Pbx8Nc3aQci1ynknvrkLOlQzNp65In0 HTTP/1.1" 200 2
216.244.66.195 - - [06/Oct/2023:14:30:21 -0500] "GET /BLA/resoluciones/AUTOS%202007/0018.pdf HTTP/1.1" 200 212750
201.245.192.253 - - [06/Oct/2023:14:30:30 -0500] "POST /forms/lservlet;jsessionid=ac16012b30d631b237d665c3491e938ed2fcaf258f77.e3iSbxaKaheRe34Pbx8Nc3aQci1ynknvrkLOlQzNp65In0 HTTP/1.1" 200 12
216.244.66.195 - - [06/Oct/2023:14:30:50 -0500] "GET /BLA/resoluciones/AUTOS%202007/0081.pdf HTTP/1.1" 200 49854
216.244.66.195 - - [06/Oct/2023:14:31:17 -0500] "GET /BLA/resoluciones/AUTOS%202007/0245.pdf HTTP/1.1" 200 81361
216.244.66.195 - - [06/Oct/2023:14:31:44 -0500] "GET /BLA/resoluciones/AUTOS%202007/0254.pdf HTTP/1.1" 200 421437
216.245.221.92 - - [06/Oct/2023:14:32:09 -0500] "HEAD / HTTP/1.1" 200 -
216.244.66.195 - - [06/Oct/2023:14:32:10 -0500] "GET /BLA/resoluciones/AUTOS%202007/0325.pdf HTTP/1.1" 200 121899
201.245.192.253 - - [06/Oct/2023:14:32:18 -0500] "POST /forms/lservlet;jsessionid=ac16012b30d631b237d665c3491e938ed2fcaf258f77.e3iSbxaKaheRe34Pbx8Nc3aQci1ynknvrkLOlQzNp65In0 HTTP/1.1" 200 2
201.245.192.253 - - [06/Oct/2023:14:32:19 -0500] "POST /forms/lservlet;jsessionid=ac16012b30d6e3ac83cfa34d44e69cdfe83dd14ea1cd.e3iSbxaKaheRe34Pbx8Nc3aQci1ynknvrkLOlQzNp65In0 HTTP/1.1" 200 2
172.22.2.4 - - [06/Oct/2023:14:30:45 -0500] "HEAD /BLA/boletinlegal/ HTTP/1.1" 200 -
216.244.66.195 - - [06/Oct/2023:14:32:34 -0500] "GET /BLA/resoluciones/AUTOS%202007/0384.pdf HTTP/1.1" 200 485536
216.244.66.195 - - [06/Oct/2023:14:33:06 -0500] "GET /BLA/resoluciones/AUTOS%202007/0449.pdf HTTP/1.1" 200 107491
172.22.2.4 - - [06/Oct/2023:14:31:36 -0500] "GET /BLA/boletinlegal/ HTTP/1.1" 200 57790
216.244.66.195 - - [06/Oct/2023:14:33:31 -0500] "GET /BLA/resoluciones/AUTOS%202007/0479.pdf HTTP/1.1" 200 18636
181.189.25.57 - - [06/Oct/2023:14:33:46 -0500] "POST /sipse/faces/presentacion/financiero/solicitudProceso/consultarHistorialSolProceso.xhtml HTTP/1.1" 200 43864
181.189.25.57 - - [06/Oct/2023:14:33:46 -0500] "GET /sipse/faces/javax.faces.resource/theme.css?ln=primefaces-sipse HTTP/1.1" 304 -
181.189.25.57 - - [06/Oct/2023:14:33:46 -0500] "GET /sipse/faces/javax.faces.resource/primefaces.css?ln=primefaces&v=4.0 HTTP/1.1" 304 -
181.189.25.57 - - [06/Oct/2023:14:33:46 -0500] "GET /sipse/faces/javax.faces.resource/layout/layout.css?ln=primefaces&v=4.0 HTTP/1.1" 304 -
181.189.25.57 - - [06/Oct/2023:14:33:46 -0500] "GET /sipse/faces/javax.faces.resource/jquery/jquery.js?ln=primefaces&v=4.0 HTTP/1.1" 304 -
181.189.25.57 - - [06/Oct/2023:14:33:46 -0500] "GET /sipse/faces/javax.faces.resource/jquery/jquery-plugins.js?ln=primefaces&v=4.0 HTTP/1.1" 304 -
181.189.25.57 - - [06/Oct/2023:14:33:46 -0500] "GET /sipse/faces/javax.faces.resource/primefaces.js?ln=primefaces&v=4.0 HTTP/1.1" 304 -
181.189.25.57 - - [06/Oct/2023:14:33:46 -0500] "GET /sipse/faces/javax.faces.resource/layout/layout.js?ln=primefaces&v=4.0 HTTP/1.1" 304 -
181.189.25.57 - - [06/Oct/2023:14:33:46 -0500] "GET /sipse/css/imagen/contrasena.png HTTP/1.1" 404 383
181.189.25.57 - - [06/Oct/2023:14:33:46 -0500] "GET /sipse/faces/javax.faces.resource/images/ui-icons_898989_256x240.png?ln=primefaces-aristo HTTP/1.1" 304 -
181.189.25.57 - - [06/Oct/2023:14:33:49 -0500] "GET /sipse/faces/javax.faces.resource/images/ui-bg_flat_0_2d5972_40x100.png?ln=primefaces-aristo HTTP/1.1" 304 -
181.189.25.57 - - [06/Oct/2023:14:33:49 -0500] "POST /sipse/faces/presentacion/financiero/solicitudProceso/consultar.xhtml HTTP/1.1" 200 12844
216.244.66.195 - - [06/Oct/2023:14:33:55 -0500] "GET /BLA/resoluciones/AUTOS%202007/0509.pdf HTTP/1.1" 200 320772
201.245.192.253 - - [06/Oct/2023:14:34:12 -0500] "POST /kwsrmcab/Wsrmcab  HTTP/1.1" 200 42851
201.245.192.253 - - [06/Oct/2023:14:34:18 -0500] "POST /forms/lservlet;jsessionid=ac16012b30d631b237d665c3491e938ed2fcaf258f77.e3iSbxaKaheRe34Pbx8Nc3aQci1ynknvrkLOlQzNp65In0 HTTP/1.1" 200 2
201.245.192.253 - - [06/Oct/2023:14:34:19 -0500] "POST /forms/lservlet;jsessionid=ac16012b30d6e3ac83cfa34d44e69cdfe83dd14ea1cd.e3iSbxaKaheRe34Pbx8Nc3aQci1ynknvrkLOlQzNp65In0 HTTP/1.1" 200 2
216.244.66.195 - - [06/Oct/2023:14:34:19 -0500] "GET /BLA/resoluciones/AUTOS%202007/0517.pdf HTTP/1.1" 200 312882
181.189.25.57 - - [06/Oct/2023:14:34:33 -0500] "POST /sipse/faces/presentacion/financiero/solicitudProceso/consultar.xhtml HTTP/1.1" 200 12977
216.244.66.195 - - [06/Oct/2023:14:34:45 -0500] "GET /BLA/resoluciones/AUTOS%202007/0597.pdf HTTP/1.1" 200 68173
181.189.25.57 - - [06/Oct/2023:14:34:50 -0500] "POST /sipse/faces/presentacion/financiero/solicitudProceso/consultar.xhtml HTTP/1.1" 200 12906
181.189.25.57 - - [06/Oct/2023:14:35:04 -0500] "POST /sipse/faces/presentacion/financiero/solicitudProceso/consultar.xhtml HTTP/1.1" 200 12904
216.244.66.195 - - [06/Oct/2023:14:35:05 -0500] "GET /BLA/resoluciones/AUTOS%202007/0927.pdf HTTP/1.1" 200 21289
66.249.66.193 - - [06/Oct/2023:14:35:13 -0500] "GET /red-de-calidad-hidrica-de-bogota-una-herramienta-para-monitorear-la-calidad-del-agua.html HTTP/1.1" 304 -
181.189.25.57 - - [06/Oct/2023:14:35:15 -0500] "POST /sipse/faces/presentacion/financiero/solicitudProceso/consultar.xhtml HTTP/1.1" 200 12904
216.244.66.195 - - [06/Oct/2023:14:35:26 -0500] "GET /BLA/resoluciones/AUTOS%202007/1099.pdf HTTP/1.1" 200 28542
181.189.25.57 - - [06/Oct/2023:14:35:30 -0500] "POST /sipse/faces/presentacion/financiero/solicitudProceso/consultar.xhtml HTTP/1.1" 200 12906
191.95.162.216 - - [06/Oct/2023:14:35:31 -0500] "GET /sipse/faces/index.xhtml HTTP/1.1" 200 677
191.95.162.216 - - [06/Oct/2023:14:35:31 -0500] "GET /sipse/faces/javax.faces.resource/theme.css?ln=primefaces-sipse HTTP/1.1" 304 -
191.95.162.216 - - [06/Oct/2023:14:35:31 -0500] "GET /sipse/faces/faces/autenticacion.xhtml HTTP/1.1" 200 12412
191.95.162.216 - - [06/Oct/2023:14:35:31 -0500] "GET /sipse/faces/javax.faces.resource/primefaces.css?ln=primefaces&v=4.0 HTTP/1.1" 304 -
191.95.162.216 - - [06/Oct/2023:14:35:31 -0500] "GET /sipse/faces/javax.faces.resource/theme.css?ln=primefaces-sipse HTTP/1.1" 304 -
191.95.162.216 - - [06/Oct/2023:14:35:31 -0500] "GET /sipse/faces/javax.faces.resource/layout/layout.css?ln=primefaces&v=4.0 HTTP/1.1" 304 -
191.95.162.216 - - [06/Oct/2023:14:35:31 -0500] "GET /sipse/faces/javax.faces.resource/jquery/jquery.js?ln=primefaces&v=4.0 HTTP/1.1" 304 -
191.95.162.216 - - [06/Oct/2023:14:35:31 -0500] "GET /sipse/faces/javax.faces.resource/jquery/jquery-plugins.js?ln=primefaces&v=4.0 HTTP/1.1" 304 -
191.95.162.216 - - [06/Oct/2023:14:35:31 -0500] "GET /sipse/faces/javax.faces.resource/primefaces.js?ln=primefaces&v=4.0 HTTP/1.1" 304 -
191.95.162.216 - - [06/Oct/2023:14:35:31 -0500] "GET /sipse/faces/javax.faces.resource/layout/layout.js?ln=primefaces&v=4.0 HTTP/1.1" 304 -
191.95.162.216 - - [06/Oct/2023:14:35:32 -0500] "GET /sipse/faces/javax.faces.resource/images/ui-icons_898989_256x240.png?ln=primefaces-aristo HTTP/1.1" 304 -
191.95.162.216 - - [06/Oct/2023:14:35:35 -0500] "POST /sipse/faces/autenticacion.xhtml HTTP/1.1" 200 11159
191.95.162.216 - - [06/Oct/2023:14:35:35 -0500] "GET /sipse/faces/javax.faces.resource/theme.css?ln=primefaces-sipse HTTP/1.1" 304 -
191.95.162.216 - - [06/Oct/2023:14:35:35 -0500] "GET /sipse/faces/javax.faces.resource/layout/layout.css?ln=primefaces&v=4.0 HTTP/1.1" 304 -
191.95.162.216 - - [06/Oct/2023:14:35:35 -0500] "GET /sipse/faces/javax.faces.resource/primefaces.css?ln=primefaces&v=4.0 HTTP/1.1" 304 -
191.95.162.216 - - [06/Oct/2023:14:35:35 -0500] "GET /sipse/faces/javax.faces.resource/jquery/jquery.js?ln=primefaces&v=4.0 HTTP/1.1" 304 -
191.95.162.216 - - [06/Oct/2023:14:35:35 -0500] "GET /sipse/faces/javax.faces.resource/jquery/jquery-plugins.js?ln=primefaces&v=4.0 HTTP/1.1" 304 -
191.95.162.216 - - [06/Oct/2023:14:35:35 -0500] "GET /sipse/faces/javax.faces.resource/primefaces.js?ln=primefaces&v=4.0 HTTP/1.1" 304 -
191.95.162.216 - - [06/Oct/2023:14:35:35 -0500] "GET /sipse/faces/javax.faces.resource/layout/layout.js?ln=primefaces&v=4.0 HTTP/1.1" 304 -
191.95.162.216 - - [06/Oct/2023:14:35:35 -0500] "GET /sipse/faces/javax.faces.resource/messages/messages.png?ln=primefaces&v=4.0 HTTP/1.1" 304 -
191.95.162.216 - - [06/Oct/2023:14:35:37 -0500] "POST /sipse/faces/presentacion/sistema/seguridad/seleccionRol.xhtml HTTP/1.1" 200 5865
191.95.162.216 - - [06/Oct/2023:14:35:39 -0500] "GET /sipse/faces/javax.faces.resource/images/ui-bg_flat_0_2d5972_40x100.png?ln=primefaces-aristo HTTP/1.1" 304 -
181.189.25.57 - - [06/Oct/2023:14:35:40 -0500] "POST /sipse/faces/presentacion/financiero/solicitudProceso/consultar.xhtml HTTP/1.1" 200 12904
191.95.162.216 - - [06/Oct/2023:14:35:40 -0500] "POST /sipse/faces/presentacion/sistema/seguridad/seleccionRol.xhtml HTTP/1.1" 200 16404
191.95.162.216 - - [06/Oct/2023:14:35:41 -0500] "GET /sipse/faces/javax.faces.resource/theme.css?ln=primefaces-sipse HTTP/1.1" 304 -
191.95.162.216 - - [06/Oct/2023:14:35:41 -0500] "GET /sipse/faces/javax.faces.resource/layout/layout.css?ln=primefaces&v=4.0 HTTP/1.1" 304 -
191.95.162.216 - - [06/Oct/2023:14:35:41 -0500] "GET /sipse/faces/javax.faces.resource/primefaces.css?ln=primefaces&v=4.0 HTTP/1.1" 304 -
201.245.192.253 - - [06/Oct/2023:14:35:41 -0500] "POST /forms/lservlet;jsessionid=ac16012b30d6e3ac83cfa34d44e69cdfe83dd14ea1cd.e3iSbxaKaheRe34Pbx8Nc3aQci1ynknvrkLOlQzNp65In0 HTTP/1.1" 200 12197
191.95.162.216 - - [06/Oct/2023:14:35:41 -0500] "GET /sipse/faces/javax.faces.resource/jquery/jquery.js?ln=primefaces&v=4.0 HTTP/1.1" 304 -
201.245.192.253 - - [06/Oct/2023:14:35:41 -0500] "HEAD /imagenes/msh_close.gif HTTP/1.1" 404 -
201.245.192.253 - - [06/Oct/2023:14:35:41 -0500] "GET /imagenes/msh_close.gif HTTP/1.1" 404 328
191.95.162.216 - - [06/Oct/2023:14:35:41 -0500] "GET /sipse/faces/javax.faces.resource/jquery/jquery-plugins.js?ln=primefaces&v=4.0 HTTP/1.1" 304 -
191.95.162.216 - - [06/Oct/2023:14:35:41 -0500] "GET /sipse/faces/javax.faces.resource/primefaces.js?ln=primefaces&v=4.0 HTTP/1.1" 304 -
191.95.162.216 - - [06/Oct/2023:14:35:41 -0500] "GET /sipse/faces/javax.faces.resource/layout/layout.js?ln=primefaces&v=4.0 HTTP/1.1" 304 -
191.95.162.216 - - [06/Oct/2023:14:35:41 -0500] "GET /sipse/css/imagen/contrasena.png HTTP/1.1" 404 383
201.245.192.253 - - [06/Oct/2023:14:35:41 -0500] "POST /forms/lservlet;jsessionid=ac16012b30d6e3ac83cfa34d44e69cdfe83dd14ea1cd.e3iSbxaKaheRe34Pbx8Nc3aQci1ynknvrkLOlQzNp65In0 HTTP/1.1" 200 10
201.245.192.253 - - [06/Oct/2023:14:35:41 -0500] "POST /forms/lservlet;jsessionid=ac16012b30d6e3ac83cfa34d44e69cdfe83dd14ea1cd.e3iSbxaKaheRe34Pbx8Nc3aQci1ynknvrkLOlQzNp65In0 HTTP/1.1" 200 2
201.245.192.253 - - [06/Oct/2023:14:35:42 -0500] "POST /forms/lservlet;jsessionid=ac16012b30d6e3ac83cfa34d44e69cdfe83dd14ea1cd.e3iSbxaKaheRe34Pbx8Nc3aQci1ynknvrkLOlQzNp65In0 HTTP/1.1" 200 1413
216.244.66.195 - - [06/Oct/2023:14:35:45 -0500] "GET /BLA/resoluciones/AUTOS%202007/1162.pdf HTTP/1.1" 200 47957
216.244.66.195 - - [06/Oct/2023:14:36:03 -0500] "GET /BLA/resoluciones/AUTOS%202007/1193.pdf HTTP/1.1" 200 24796
201.245.192.253 - - [06/Oct/2023:14:36:18 -0500] "POST /forms/lservlet;jsessionid=ac16012b30d631b237d665c3491e938ed2fcaf258f77.e3iSbxaKaheRe34Pbx8Nc3aQci1ynknvrkLOlQzNp65In0 HTTP/1.1" 200 2
201.245.192.253 - - [06/Oct/2023:14:36:19 -0500] "POST /forms/lservlet;jsessionid=ac16012b30d6e3ac83cfa34d44e69cdfe83dd14ea1cd.e3iSbxaKaheRe34Pbx8Nc3aQci1ynknvrkLOlQzNp65In0 HTTP/1.1" 200 2
216.244.66.195 - - [06/Oct/2023:14:36:19 -0500] "GET /BLA/resoluciones/AUTOS%202007/1519.pdf HTTP/1.1" 200 86582
216.244.66.195 - - [06/Oct/2023:14:36:35 -0500] "GET /BLA/resoluciones/AUTOS%202007/1670.pdf HTTP/1.1" 200 177397
216.244.66.195 - - [06/Oct/2023:14:36:51 -0500] "GET /BLA/resoluciones/AUTOS%202007/1757.pdf HTTP/1.1" 200 49157
191.95.162.216 - - [06/Oct/2023:14:36:57 -0500] "POST /sipse/faces/bienvenido.xhtml HTTP/1.1" 200 2658
191.95.162.216 - - [06/Oct/2023:14:36:58 -0500] "POST /sipse/faces/bienvenido.xhtml HTTP/1.1" 200 63653
191.95.162.216 - - [06/Oct/2023:14:36:59 -0500] "GET /sipse/faces/javax.faces.resource/theme.css?ln=primefaces-sipse HTTP/1.1" 304 -
191.95.162.216 - - [06/Oct/2023:14:36:59 -0500] "GET /sipse/faces/javax.faces.resource/primefaces.css?ln=primefaces&v=4.0 HTTP/1.1" 304 -
191.95.162.216 - - [06/Oct/2023:14:36:59 -0500] "GET /sipse/faces/javax.faces.resource/layout/layout.css?ln=primefaces&v=4.0 HTTP/1.1" 304 -
191.95.162.216 - - [06/Oct/2023:14:36:59 -0500] "GET /sipse/faces/javax.faces.resource/jquery/jquery.js?ln=primefaces&v=4.0 HTTP/1.1" 304 -
191.95.162.216 - - [06/Oct/2023:14:36:59 -0500] "GET /sipse/faces/javax.faces.resource/jquery/jquery-plugins.js?ln=primefaces&v=4.0 HTTP/1.1" 304 -
191.95.162.216 - - [06/Oct/2023:14:36:59 -0500] "GET /sipse/faces/javax.faces.resource/primefaces.js?ln=primefaces&v=4.0 HTTP/1.1" 304 -
191.95.162.216 - - [06/Oct/2023:14:36:59 -0500] "GET /sipse/faces/javax.faces.resource/layout/layout.js?ln=primefaces&v=4.0 HTTP/1.1" 304 -
191.95.162.216 - - [06/Oct/2023:14:36:59 -0500] "POST /sipse/faces/presentacion/financiero/solicitudProceso/listarSolicitudProceso.xhtml HTTP/1.1" 200 1552
191.95.162.216 - - [06/Oct/2023:14:37:00 -0500] "POST /sipse/faces/presentacion/financiero/solicitudProceso/listarSolicitudProceso.xhtml HTTP/1.1" 200 25930
216.244.66.195 - - [06/Oct/2023:14:37:05 -0500] "GET /BLA/resoluciones/AUTOS%202009/0779.pdf HTTP/1.1" 200 190904
216.245.221.92 - - [06/Oct/2023:14:37:09 -0500] "HEAD / HTTP/1.1" 200 -
216.244.66.195 - - [06/Oct/2023:14:37:20 -0500] "GET /BLA/resoluciones/AUTOS%202009/1108.pdf HTTP/1.1" 200 70032
173.252.87.13 - - [06/Oct/2023:14:37:26 -0500] "GET /plan-de-accion-climatica-pac-de-bogota-aporta-en-cerca-del-90-al-cumplimiento-de-las-acciones-del-acuerdo-de-emergencia-climatica.html HTTP/1.1" 200 1069
216.244.66.195 - - [06/Oct/2023:14:37:32 -0500] "GET /BLA/resoluciones/AUTOS%202009/1207.pdf HTTP/1.1" 200 122857
201.245.192.253 - - [06/Oct/2023:14:37:34 -0500] "POST /kwsrmcab/Wsrmcab HTTP/1.1" 200 42331
201.245.192.253 - - [06/Oct/2023:14:37:37 -0500] "POST /kwsrmcab/Wsrmcab HTTP/1.1" 200 43522
216.244.66.195 - - [06/Oct/2023:14:37:43 -0500] "GET /BLA/resoluciones/AUTOS%202009/1400.pdf HTTP/1.1" 200 115609
216.244.66.195 - - [06/Oct/2023:14:37:53 -0500] "GET /BLA/resoluciones/AUTOS%202009/1442.pdf HTTP/1.1" 200 111367
216.244.66.195 - - [06/Oct/2023:14:38:02 -0500] "GET /BLA/resoluciones/AUTOS%202009/1605.pdf HTTP/1.1" 200 191606
168.119.251.242 - - [06/Oct/2023:14:38:04 -0500] "GET / HTTP/1.1" 200 319
216.244.66.195 - - [06/Oct/2023:14:38:10 -0500] "GET /BLA/resoluciones/AUTOS%202009/2152.pdf HTTP/1.1" 200 82251
172.22.2.4 - - [06/Oct/2023:14:36:35 -0500] "HEAD /BLA/boletinlegal/ HTTP/1.1" 200 -
216.244.66.195 - - [06/Oct/2023:14:38:17 -0500] "GET /BLA/resoluciones/AUTOS%202009/2180.pdf HTTP/1.1" 200 100630
201.245.192.253 - - [06/Oct/2023:14:38:18 -0500] "POST /forms/lservlet;jsessionid=ac16012b30d631b237d665c3491e938ed2fcaf258f77.e3iSbxaKaheRe34Pbx8Nc3aQci1ynknvrkLOlQzNp65In0 HTTP/1.1" 200 2
201.245.192.253 - - [06/Oct/2023:14:38:19 -0500] "POST /forms/lservlet;jsessionid=ac16012b30d6e3ac83cfa34d44e69cdfe83dd14ea1cd.e3iSbxaKaheRe34Pbx8Nc3aQci1ynknvrkLOlQzNp65In0 HTTP/1.1" 200 2
216.244.66.195 - - [06/Oct/2023:14:38:23 -0500] "GET /BLA/resoluciones/AUTOS%202009/2422.pdf HTTP/1.1" 200 101004
216.244.66.195 - - [06/Oct/2023:14:38:29 -0500] "GET /BLA/resoluciones/AUTOS%202009/2634.pdf HTTP/1.1" 200 105424
191.95.162.216 - - [06/Oct/2023:14:38:31 -0500] "POST /sipse/faces/presentacion/financiero/solicitudProceso/listarSolicitudProceso.xhtml HTTP/1.1" 200 130029
191.95.162.216 - - [06/Oct/2023:14:38:32 -0500] "GET /sipse/faces/javax.faces.resource/theme.css?ln=primefaces-sipse HTTP/1.1" 304 -
191.95.162.216 - - [06/Oct/2023:14:38:32 -0500] "GET /sipse/faces/javax.faces.resource/primefaces.css?ln=primefaces&v=4.0 HTTP/1.1" 304 -
191.95.162.216 - - [06/Oct/2023:14:38:32 -0500] "GET /sipse/faces/javax.faces.resource/layout/layout.css?ln=primefaces&v=4.0 HTTP/1.1" 304 -
191.95.162.216 - - [06/Oct/2023:14:38:32 -0500] "GET /sipse/faces/javax.faces.resource/jquery/jquery.js?ln=primefaces&v=4.0 HTTP/1.1" 304 -
191.95.162.216 - - [06/Oct/2023:14:38:32 -0500] "GET /sipse/faces/javax.faces.resource/jquery/jquery-plugins.js?ln=primefaces&v=4.0 HTTP/1.1" 304 -
191.95.162.216 - - [06/Oct/2023:14:38:32 -0500] "GET /sipse/faces/javax.faces.resource/primefaces.js?ln=primefaces&v=4.0 HTTP/1.1" 304 -
191.95.162.216 - - [06/Oct/2023:14:38:32 -0500] "GET /sipse/faces/javax.faces.resource/layout/layout.js?ln=primefaces&v=4.0 HTTP/1.1" 304 -
191.95.162.216 - - [06/Oct/2023:14:38:33 -0500] "GET /sipse/faces/javax.faces.resource/dynamiccontent.properties?ln=primefaces&pfdrid=XjOR5%2F%2FfPAZAuY9TpWQeCiM0BhlXxYRBGKi%2FQcXXfeA%3D&pfdrid_c=false HTTP/1.1" 500 383
216.244.66.195 - - [06/Oct/2023:14:38:33 -0500] "GET /BLA/resoluciones/AUTOS%202009/2781.pdf HTTP/1.1" 200 88313
216.244.66.195 - - [06/Oct/2023:14:38:37 -0500] "GET /BLA/resoluciones/AUTOS%202009/2808.pdf HTTP/1.1" 200 135906
216.244.66.195 - - [06/Oct/2023:14:38:41 -0500] "GET /BLA/resoluciones/AUTOS%202011/0155.pdf HTTP/1.1" 200 154767
216.244.66.195 - - [06/Oct/2023:14:38:45 -0500] "GET /BLA/resoluciones/AUTOS%202011/0205.pdf HTTP/1.1" 200 66835
216.244.66.195 - - [06/Oct/2023:14:38:47 -0500] "GET /BLA/resoluciones/AUTOS%202011/0289.pdf HTTP/1.1" 200 113115
216.244.66.195 - - [06/Oct/2023:14:38:50 -0500] "GET /BLA/resoluciones/AUTOS%202011/0487.pdf HTTP/1.1" 200 98203
191.95.162.216 - - [06/Oct/2023:14:38:50 -0500] "POST /sipse/faces/presentacion/financiero/solicitudProceso/consultarSolicitudProceso.xhtml HTTP/1.1" 200 86644
216.244.66.195 - - [06/Oct/2023:14:38:52 -0500] "GET /BLA/resoluciones/AUTOS%202011/1126.pdf HTTP/1.1" 200 246322
216.244.66.195 - - [06/Oct/2023:14:38:55 -0500] "GET /BLA/resoluciones/AUTOS%202011/1339.pdf HTTP/1.1" 200 151232
216.244.66.195 - - [06/Oct/2023:14:38:57 -0500] "GET /BLA/resoluciones/AUTOS%202011/1417.pdf HTTP/1.1" 200 96195
216.244.66.195 - - [06/Oct/2023:14:38:59 -0500] "GET /BLA/resoluciones/AUTOS%202011/1531.pdf HTTP/1.1" 200 182154
216.244.66.195 - - [06/Oct/2023:14:39:01 -0500] "GET /BLA/resoluciones/AUTOS%202011/1908.pdf HTTP/1.1" 200 142778
216.244.66.195 - - [06/Oct/2023:14:39:03 -0500] "GET /BLA/resoluciones/AUTOS%202011/2156.pdf HTTP/1.1" 200 1592655
172.22.2.4 - - [06/Oct/2023:14:37:26 -0500] "GET /BLA/boletinlegal/ HTTP/1.1" 200 59699
216.244.66.195 - - [06/Oct/2023:14:39:10 -0500] "GET /BLA/resoluciones/AUTOS%202011/2453.pdf HTTP/1.1" 200 120959
201.245.192.253 - - [06/Oct/2023:14:39:13 -0500] "GET /sipse/faces/faces/autenticacion.xhtml HTTP/1.1" 200 12418
201.245.192.253 - - [06/Oct/2023:14:39:13 -0500] "GET /sipse/css/custom_css_sg_prime_login.css HTTP/1.1" 304 -
201.245.192.253 - - [06/Oct/2023:14:39:13 -0500] "GET /sipse/faces/javax.faces.resource/theme.css?ln=primefaces-sipse HTTP/1.1" 304 -
201.245.192.253 - - [06/Oct/2023:14:39:13 -0500] "GET /sipse/faces/javax.faces.resource/primefaces.css?ln=primefaces&v=4.0 HTTP/1.1" 304 -
201.245.192.253 - - [06/Oct/2023:14:39:13 -0500] "GET /sipse/faces/javax.faces.resource/layout/layout.css?ln=primefaces&v=4.0 HTTP/1.1" 304 -
201.245.192.253 - - [06/Oct/2023:14:39:13 -0500] "GET /sipse/faces/javax.faces.resource/jquery/jquery-plugins.js?ln=primefaces&v=4.0 HTTP/1.1" 304 -
201.245.192.253 - - [06/Oct/2023:14:39:13 -0500] "GET /sipse/faces/javax.faces.resource/primefaces.js?ln=primefaces&v=4.0 HTTP/1.1" 304 -
201.245.192.253 - - [06/Oct/2023:14:39:13 -0500] "GET /sipse/faces/javax.faces.resource/jquery/jquery.js?ln=primefaces&v=4.0 HTTP/1.1" 304 -
201.245.192.253 - - [06/Oct/2023:14:39:13 -0500] "GET /sipse/faces/javax.faces.resource/layout/layout.js?ln=primefaces&v=4.0 HTTP/1.1" 304 -
201.245.192.253 - - [06/Oct/2023:14:39:13 -0500] "GET /sipse/css/imagen/loginimg.png HTTP/1.1" 304 -
201.245.192.253 - - [06/Oct/2023:14:39:13 -0500] "GET /sipse/faces/javax.faces.resource/images/ui-icons_898989_256x240.png?ln=primefaces-aristo HTTP/1.1" 304 -
201.245.192.253 - - [06/Oct/2023:14:39:13 -0500] "GET /sipse/faces/faces/index.xhtml HTTP/1.1" 200 677
201.245.192.253 - - [06/Oct/2023:14:39:11 -0500] "POST /kwsrmcab/Wsrmcab  HTTP/1.1" 200 42851
201.245.192.253 - - [06/Oct/2023:14:39:13 -0500] "GET /sipse/faces/javax.faces.resource/theme.css?ln=primefaces-sipse HTTP/1.1" 304 -
201.245.192.253 - - [06/Oct/2023:14:39:13 -0500] "GET /sipse/faces/faces/faces/autenticacion.xhtml HTTP/1.1" 200 12418
201.245.192.253 - - [06/Oct/2023:14:39:14 -0500] "GET /sipse/faces/javax.faces.resource/theme.css?ln=primefaces-sipse HTTP/1.1" 304 -
201.245.192.253 - - [06/Oct/2023:14:39:14 -0500] "GET /sipse/faces/javax.faces.resource/primefaces.css?ln=primefaces&v=4.0 HTTP/1.1" 304 -
201.245.192.253 - - [06/Oct/2023:14:39:14 -0500] "GET /sipse/faces/javax.faces.resource/layout/layout.css?ln=primefaces&v=4.0 HTTP/1.1" 304 -
201.245.192.253 - - [06/Oct/2023:14:39:14 -0500] "GET /sipse/faces/javax.faces.resource/jquery/jquery-plugins.js?ln=primefaces&v=4.0 HTTP/1.1" 304 -
201.245.192.253 - - [06/Oct/2023:14:39:14 -0500] "GET /sipse/faces/javax.faces.resource/jquery/jquery.js?ln=primefaces&v=4.0 HTTP/1.1" 304 -
201.245.192.253 - - [06/Oct/2023:14:39:14 -0500] "GET /sipse/faces/javax.faces.resource/primefaces.js?ln=primefaces&v=4.0 HTTP/1.1" 304 -
201.245.192.253 - - [06/Oct/2023:14:39:14 -0500] "GET /sipse/faces/javax.faces.resource/layout/layout.js?ln=primefaces&v=4.0 HTTP/1.1" 304 -
216.244.66.195 - - [06/Oct/2023:14:39:14 -0500] "GET /BLA/resoluciones/AUTOS%202011/2802.pdf HTTP/1.1" 200 396456
201.245.192.253 - - [06/Oct/2023:14:39:16 -0500] "POST /sipse/faces/autenticacion.xhtml HTTP/1.1" 200 11190
201.245.192.253 - - [06/Oct/2023:14:39:16 -0500] "GET /sipse/faces/javax.faces.resource/layout/layout.css?ln=primefaces&v=4.0 HTTP/1.1" 304 -
201.245.192.253 - - [06/Oct/2023:14:39:16 -0500] "GET /sipse/faces/javax.faces.resource/primefaces.css?ln=primefaces&v=4.0 HTTP/1.1" 304 -
201.245.192.253 - - [06/Oct/2023:14:39:16 -0500] "GET /sipse/faces/javax.faces.resource/jquery/jquery.js?ln=primefaces&v=4.0 HTTP/1.1" 304 -
201.245.192.253 - - [06/Oct/2023:14:39:16 -0500] "GET /sipse/faces/javax.faces.resource/theme.css?ln=primefaces-sipse HTTP/1.1" 304 -
201.245.192.253 - - [06/Oct/2023:14:39:16 -0500] "GET /sipse/faces/javax.faces.resource/jquery/jquery-plugins.js?ln=primefaces&v=4.0 HTTP/1.1" 304 -
201.245.192.253 - - [06/Oct/2023:14:39:16 -0500] "GET /sipse/faces/javax.faces.resource/primefaces.js?ln=primefaces&v=4.0 HTTP/1.1" 304 -
201.245.192.253 - - [06/Oct/2023:14:39:16 -0500] "GET /sipse/faces/javax.faces.resource/layout/layout.js?ln=primefaces&v=4.0 HTTP/1.1" 304 -
201.245.192.253 - - [06/Oct/2023:14:39:16 -0500] "GET /sipse/faces/javax.faces.resource/messages/messages.png?ln=primefaces&v=4.0 HTTP/1.1" 304 -
201.245.192.253 - - [06/Oct/2023:14:39:17 -0500] "GET /sipse/faces/javax.faces.resource/images/ui-icons_898989_256x240.png?ln=primefaces-aristo HTTP/1.1" 304 -
216.244.66.195 - - [06/Oct/2023:14:39:19 -0500] "GET /BLA/resoluciones/AUTOS%202011/3012.pdf HTTP/1.1" 200 180943
201.245.192.253 - - [06/Oct/2023:14:39:19 -0500] "POST /sipse/faces/presentacion/sistema/seguridad/seleccionRol.xhtml HTTP/1.1" 200 15218
201.245.192.253 - - [06/Oct/2023:14:39:19 -0500] "GET /sipse/faces/javax.faces.resource/theme.css?ln=primefaces-sipse HTTP/1.1" 304 -
201.245.192.253 - - [06/Oct/2023:14:39:19 -0500] "GET /sipse/faces/javax.faces.resource/primefaces.css?ln=primefaces&v=4.0 HTTP/1.1" 304 -
201.245.192.253 - - [06/Oct/2023:14:39:19 -0500] "GET /sipse/faces/javax.faces.resource/layout/layout.css?ln=primefaces&v=4.0 HTTP/1.1" 304 -
201.245.192.253 - - [06/Oct/2023:14:39:19 -0500] "GET /sipse/faces/javax.faces.resource/jquery/jquery.js?ln=primefaces&v=4.0 HTTP/1.1" 304 -
201.245.192.253 - - [06/Oct/2023:14:39:19 -0500] "GET /sipse/faces/javax.faces.resource/jquery/jquery-plugins.js?ln=primefaces&v=4.0 HTTP/1.1" 304 -
201.245.192.253 - - [06/Oct/2023:14:39:19 -0500] "GET /sipse/faces/javax.faces.resource/primefaces.js?ln=primefaces&v=4.0 HTTP/1.1" 304 -
201.245.192.253 - - [06/Oct/2023:14:39:19 -0500] "GET /sipse/faces/javax.faces.resource/layout/layout.js?ln=primefaces&v=4.0 HTTP/1.1" 304 -
201.245.192.253 - - [06/Oct/2023:14:39:19 -0500] "GET /sipse/css/imagen/contrasena.png HTTP/1.1" 404 383
201.245.192.253 - - [06/Oct/2023:14:39:21 -0500] "GET /sipse/faces/javax.faces.resource/images/ui-bg_flat_0_2d5972_40x100.png?ln=primefaces-aristo HTTP/1.1" 304 -
201.245.192.253 - - [06/Oct/2023:14:39:21 -0500] "POST /sipse/faces/bienvenido.xhtml HTTP/1.1" 200 3246
201.245.192.253 - - [06/Oct/2023:14:39:22 -0500] "POST /sipse/faces/bienvenido.xhtml HTTP/1.1" 200 2073
216.244.66.195 - - [06/Oct/2023:14:39:23 -0500] "GET /BLA/resoluciones/AUTOS%202011/3107.pdf HTTP/1.1" 200 311921
201.245.192.253 - - [06/Oct/2023:14:39:23 -0500] "POST /sipse/faces/bienvenido.xhtml HTTP/1.1" 200 40175
201.245.192.253 - - [06/Oct/2023:14:39:23 -0500] "GET /sipse/faces/javax.faces.resource/layout/layout.css?ln=primefaces&v=4.0 HTTP/1.1" 304 -
201.245.192.253 - - [06/Oct/2023:14:39:23 -0500] "GET /sipse/faces/javax.faces.resource/theme.css?ln=primefaces-sipse HTTP/1.1" 304 -
201.245.192.253 - - [06/Oct/2023:14:39:23 -0500] "GET /sipse/faces/javax.faces.resource/primefaces.css?ln=primefaces&v=4.0 HTTP/1.1" 304 -
201.245.192.253 - - [06/Oct/2023:14:39:23 -0500] "GET /sipse/faces/javax.faces.resource/jquery/jquery.js?ln=primefaces&v=4.0 HTTP/1.1" 304 -
201.245.192.253 - - [06/Oct/2023:14:39:23 -0500] "GET /sipse/faces/javax.faces.resource/jquery/jquery-plugins.js?ln=primefaces&v=4.0 HTTP/1.1" 304 -
201.245.192.253 - - [06/Oct/2023:14:39:23 -0500] "GET /sipse/faces/javax.faces.resource/primefaces.js?ln=primefaces&v=4.0 HTTP/1.1" 304 -
201.245.192.253 - - [06/Oct/2023:14:39:23 -0500] "GET /sipse/faces/javax.faces.resource/layout/layout.js?ln=primefaces&v=4.0 HTTP/1.1" 304 -
201.245.192.253 - - [06/Oct/2023:14:39:25 -0500] "POST /sipse/faces/presentacion/financiero/solicitudProceso/consultar.xhtml HTTP/1.1" 200 12800
216.244.66.195 - - [06/Oct/2023:14:39:26 -0500] "GET /BLA/resoluciones/AUTOS%202011/3112.pdf HTTP/1.1" 200 240377
216.244.66.195 - - [06/Oct/2023:14:39:29 -0500] "GET /BLA/resoluciones/AUTOS%202011/3214.pdf HTTP/1.1" 200 285743
216.244.66.195 - - [06/Oct/2023:14:39:32 -0500] "GET /BLA/resoluciones/AUTOS%202011/3264.pdf HTTP/1.1" 200 139384
216.244.66.195 - - [06/Oct/2023:14:39:34 -0500] "GET /BLA/resoluciones/AUTOS%202011/3265.pdf HTTP/1.1" 200 189215
201.245.192.253 - - [06/Oct/2023:14:39:33 -0500] "POST /sipse/faces/presentacion/financiero/solicitudProceso/consultar.xhtml HTTP/1.1" 200 110596
201.245.192.253 - - [06/Oct/2023:14:39:34 -0500] "GET /sipse/faces/javax.faces.resource/primefaces.css?ln=primefaces&v=4.0 HTTP/1.1" 304 -
201.245.192.253 - - [06/Oct/2023:14:39:34 -0500] "GET /sipse/faces/javax.faces.resource/layout/layout.css?ln=primefaces&v=4.0 HTTP/1.1" 304 -
201.245.192.253 - - [06/Oct/2023:14:39:34 -0500] "GET /sipse/faces/javax.faces.resource/theme.css?ln=primefaces-sipse HTTP/1.1" 304 -
201.245.192.253 - - [06/Oct/2023:14:39:34 -0500] "GET /sipse/faces/javax.faces.resource/jquery/jquery.js?ln=primefaces&v=4.0 HTTP/1.1" 304 -
201.245.192.253 - - [06/Oct/2023:14:39:34 -0500] "GET /sipse/faces/javax.faces.resource/jquery/jquery-plugins.js?ln=primefaces&v=4.0 HTTP/1.1" 304 -
201.245.192.253 - - [06/Oct/2023:14:39:34 -0500] "GET /sipse/faces/javax.faces.resource/primefaces.js?ln=primefaces&v=4.0 HTTP/1.1" 304 -
201.245.192.253 - - [06/Oct/2023:14:39:34 -0500] "GET /sipse/faces/javax.faces.resource/layout/layout.js?ln=primefaces&v=4.0 HTTP/1.1" 304 -
201.245.192.253 - - [06/Oct/2023:14:39:34 -0500] "GET /sipse/faces/javax.faces.resource/dynamiccontent.properties?ln=primefaces&pfdrid=XjOR5%2F%2FfPAZAuY9TpWQeCiM0BhlXxYRBGKi%2FQcXXfeA%3D&pfdrid_c=false HTTP/1.1" 500 383
216.244.66.195 - - [06/Oct/2023:14:39:36 -0500] "GET /BLA/resoluciones/AUTOS%202011/3723.pdf HTTP/1.1" 200 240401
201.245.192.253 - - [06/Oct/2023:14:39:40 -0500] "POST /sipse/faces/presentacion/financiero/solicitudProceso/consultarSolicitudProceso.xhtml HTTP/1.1" 200 343946
201.245.192.253 - - [06/Oct/2023:14:40:18 -0500] "POST /forms/lservlet;jsessionid=ac16012b30d631b237d665c3491e938ed2fcaf258f77.e3iSbxaKaheRe34Pbx8Nc3aQci1ynknvrkLOlQzNp65In0 HTTP/1.1" 200 2
201.245.192.253 - - [06/Oct/2023:14:40:19 -0500] "POST /forms/lservlet;jsessionid=ac16012b30d6e3ac83cfa34d44e69cdfe83dd14ea1cd.e3iSbxaKaheRe34Pbx8Nc3aQci1ynknvrkLOlQzNp65In0 HTTP/1.1" 200 2
201.245.192.253 - - [06/Oct/2023:14:40:54 -0500] "GET /sipse/faces/javax.faces.resource/images/ui-bg_flat_0_2d5972_40x100.png?ln=primefaces-aristo HTTP/1.1" 304 -
201.245.192.253 - - [06/Oct/2023:14:40:54 -0500] "POST /sipse/faces/presentacion/financiero/solicitudProceso/consultarHistorialSolProceso.xhtml HTTP/1.1" 200 62969
201.245.192.253 - - [06/Oct/2023:14:40:57 -0500] "GET /sipse/faces/javax.faces.resource/jquery/jquery.js?ln=primefaces&v=4.0 HTTP/1.1" 304 -
201.245.192.253 - - [06/Oct/2023:14:40:57 -0500] "GET /sipse/faces/javax.faces.resource/jquery/jquery-plugins.js?ln=primefaces&v=4.0 HTTP/1.1" 304 -
201.245.192.253 - - [06/Oct/2023:14:40:57 -0500] "GET /sipse/faces/javax.faces.resource/primefaces.js?ln=primefaces&v=4.0 HTTP/1.1" 304 -
201.245.192.253 - - [06/Oct/2023:14:40:57 -0500] "GET /sipse/faces/javax.faces.resource/layout/layout.js?ln=primefaces&v=4.0 HTTP/1.1" 304 -
201.245.192.253 - - [06/Oct/2023:14:40:58 -0500] "POST /sipse/faces/presentacion/financiero/solicitudProceso/listarSolicitudProceso.xhtml HTTP/1.1" 200 1552
216.245.221.92 - - [06/Oct/2023:14:42:09 -0500] "HEAD / HTTP/1.1" 200 -
201.245.192.253 - - [06/Oct/2023:14:42:18 -0500] "POST /forms/lservlet;jsessionid=ac16012b30d631b237d665c3491e938ed2fcaf258f77.e3iSbxaKaheRe34Pbx8Nc3aQci1ynknvrkLOlQzNp65In0 HTTP/1.1" 200 2
201.245.192.253 - - [06/Oct/2023:14:42:19 -0500] "POST /forms/lservlet;jsessionid=ac16012b30d6e3ac83cfa34d44e69cdfe83dd14ea1cd.e3iSbxaKaheRe34Pbx8Nc3aQci1ynknvrkLOlQzNp65In0 HTTP/1.1" 200 2
66.249.66.192 - - [06/Oct/2023:14:42:32 -0500] "GET /distrito-avanza-con-la-plantacion-de-arboles-186-nuevos-individuos-fueron-sembrados-en-el-humedal-capellania.html HTTP/1.1" 304 -
186.102.118.107 - - [06/Oct/2023:14:42:51 -0500] "GET /kwssiamovil/sm/ldap/au?x=U2FsdGVkX18Xcam9pNX13s0qFH9jAHB8X4Sb5anoZ7fr56VMTRVkgLwakOQYBtBh&y=U2FsdGVkX19K3o3vPtU3gEXqloLc1pVWcRcPFf9OD6GK5jPVIGU+mx2O78GXRf9/ HTTP/1.1" 200 30
186.102.118.107 - - [06/Oct/2023:14:42:51 -0500] "GET /kwssiamovil/sm/acme/s?s=U2FsdGVkX180C4DqXN5oJxW7hTP0sfTmbOzVwGfUSaTvALXpy8Uqb2rFlF+XGlhFy7wV/X8NeFFMT/Dn38s2Kq90ZnpN5l7g8DVZQdpzslE=&u=U2FsdGVkX1+PqyBHbDORshR3fAT6NSAK+5NO1ixxMiw=&y=U2FsdGVkX19K3o3vPtU3gEXqloLc1pVWcRcPFf9OD6GK5jPVIGU+mx2O78GXRf9/ HTTP/1.1" 200 97
186.102.118.107 - - [06/Oct/2023:14:42:51 -0500] "GET /kwssiamovil/sm/acme/s?s=U2FsdGVkX19ycevCr3b0fVr3/p796dYNp/5HzZ8XCqLSLaNw4a59p1ScHGclW5ImeKOiSIPHsmr5eb057zUvyv7T95FCyaogy7L91Cq2C31g1CXGDCHMVvw3FVi225p/i+Ltj4/qZ6zNFPXMjRg0YtNWU19SI27K9DA08D76+gQL7d5fYx/YAA77OpweMn7HtebbgEryyy1UF8324M4Te1iKIob9XqkopQfZGemAvKcgR4UxSBq3WFms0GEOsnkPminmTlMNOxP2vvwZTvWcQa8/0gUyrJ8BBPynHIptRek2s/adiLHM3w2VZXp4vsVoXhNV82+7Tfi3JV0QH+rDSoY0oY0zMsEUE1ngJpM7quseI6pXePZbIv+w+WzqP5XSkRpWyL0LNs8N2NJd+YbyltDBBxDt2dPxNDJD29cc31uSlGC6AD7qBLM0NN45O6VRINIFyyhu4eOECJux3EDX4JAc8WsM+hAyCgYVfLRA/xKLmQBmZy2dfZX6SfPjZ9+9fZWPOI/VcO95P3B13uIbrSZ4ERZ423b9FKG+Y02WVVjVi2M5br7oyhSI3RCnmAvLlou8BJYOL2CeLomVuXUxjVbQ/z+ZJEbfyujWK4UmQw4m74sTX6xcZzp1mFOOfq4vWVpUHSdKjjCI6/pQS2WbJBT0Z8LIWG7DOnIbIqfVgGhzoGyvozmBBz0fQCOf5DauwYdmgdFXSEMPITGXbwgR0rvxOxdSvuMBNWTRz0mBaF8v7Y+vK4PlCggh7uKDLsQIqTPWsjLksfpnBu4V3z2EDFZjkKkfhHbIP05+7VHaGsXagUjYflBIFgM4zHw+qT5Ko3xJeO2QvtPtDrpxDFwfbOAHSUl2ayiNRpwx40l1TczCKMoKbfh0SoNPu0xnZVwWr83QOkt4LknyAC68gxAWAue7Q5k0O66K5cMBLR4sK535AQk9gkg/zzJmo7YG/PDIJEYaYoIMG/4yDYN2AFG1bT3W0NnYzQVgRmL4qU/Itl5U+RUTDVKgbPDmcfJkCyDKYFnwdnLDGQJXxxlP889eGWCBLAfw7XOutfjW4VB4rE5KA+c0hVfg6Yzo4KJsgXPjCnDJHgj6sfB4PVPD5Q/vuiikD309UXLpoWHdyuRKg5s3ijKruZSPgs8203CYnvqgssIl9Lqu0N/ikzg/KT7bJbCw+m8y5GAJyrXJYplvRmfDUyD4ip9RYztW9mL3oMcN7x+an0ebmIg8DPZj+nPN6G4czy6XExMmWgS4PAX09TQaYggV3+nhMvo5wYdtpint0H1CgwTYlK1tOYkVHDWeGlbz6lCnGAt/nZA/wtpBUK0tk9jHnU200alplF0sNQGtLHVkAHU0yIgLZw20Wp34kJ+eHTGIqWnT1B4CChSC9wUCPk4p5QYnrxsx8t6EYVi+/r3rD9za15vf9CBZLGs8rAkHm1a+G1igzU0/hz++wgg=&u=U2FsdGVkX1+PqyBHbDORshR3fAT6NSAK+5NO1ixxMiw=&y=U2FsdGVkX19K3o3vPtU3gEXqloLc1pVWcRcPFf9OD6GK5jPVIGU+mx2O78GXRf9/ HTTP/1.1" 200 2477
186.102.118.107 - - [06/Oct/2023:14:42:51 -0500] "GET /kwssiamovil/sm/acme/s?s=U2FsdGVkX18WkGJ6r6p4D65TNk17utlD83OT8oA/zuq3d/DuUdERsZ4/jFruVoukPVWSeMgPwfQ2YeXnmvZ++qxJLMmtHPy/3KywaQYIrEOzpVSNG0paioltxKE3I2uC8K2ljxJN5LcniFcu3LDoN+Nc8Saa3FY8BdhfUNuaQ5yAiGVXnEUBzKYMczaR+DvSoM/d+z2o2av1qa3HAXbTus9LlStAOMSaqtHUkqYLS6ouh/z4ypsHHk0JBPDbu3a95N5PpCgOhvmLO1Fd/eb43gs9Gr4AvuHjI8UCWuo9veiOKRnNcxT5cHtFqs3uIt/MNaRQqBwMiqBO5Mx+t7G/EA==&u=U2FsdGVkX1+PqyBHbDORshR3fAT6NSAK+5NO1ixxMiw=&y=U2FsdGVkX19K3o3vPtU3gEXqloLc1pVWcRcPFf9OD6GK5jPVIGU+mx2O78GXRf9/ HTTP/1.1" 200 196
186.102.118.107 - - [06/Oct/2023:14:42:51 -0500] "GET /kwssiamovil/sm/cjson/pre?f=1&x=U2FsdGVkX18Xcam9pNX13s0qFH9jAHB8X4Sb5anoZ7fr56VMTRVkgLwakOQYBtBh HTTP/1.1" 200 31032
104.248.120.227 - - [06/Oct/2023:14:43:00 -0500] "\x16\x03\x01" 400 226
104.248.120.227 - - [06/Oct/2023:14:43:00 -0500] "\x16\x03\x01" 400 226
104.248.120.227 - - [06/Oct/2023:14:43:00 -0500] "GET / HTTP/1.1" 200 319
104.248.120.227 - - [06/Oct/2023:14:43:00 -0500] "GET /form.html HTTP/1.1" 404 1018
104.248.120.227 - - [06/Oct/2023:14:43:01 -0500] "GET /upl.php HTTP/1.1" 404 1018
104.248.120.227 - - [06/Oct/2023:14:43:01 -0500] "\x16\x03\x01" 400 226
