186.29.181.180 - - [06/Oct/2023:03:45:53 -0500] "GET /sipse/faces/javax.faces.resource/layout/layout.js?ln=primefaces&v=4.0 HTTP/1.1" 304 -
186.29.181.180 - - [06/Oct/2023:03:45:58 -0500] "POST /sipse/faces/autenticacion.xhtml HTTP/1.1" 200 2221
186.29.181.180 - - [06/Oct/2023:03:45:58 -0500] "GET /sipse/faces/javax.faces.resource/messages/messages.png?ln=primefaces&v=4.0 HTTP/1.1" 304 -
186.29.181.180 - - [06/Oct/2023:03:45:59 -0500] "GET /sipse/faces/javax.faces.resource/images/ui-icons_898989_256x240.png?ln=primefaces-aristo HTTP/1.1" 304 -
186.29.181.180 - - [06/Oct/2023:03:46:00 -0500] "POST /sipse/faces/autenticacion.xhtml HTTP/1.1" 200 16427
186.29.181.180 - - [06/Oct/2023:03:46:00 -0500] "GET /sipse/faces/javax.faces.resource/theme.css?ln=primefaces-sipse HTTP/1.1" 304 -
186.29.181.180 - - [06/Oct/2023:03:46:00 -0500] "GET /sipse/faces/javax.faces.resource/primefaces.css?ln=primefaces&v=4.0 HTTP/1.1" 304 -
186.29.181.180 - - [06/Oct/2023:03:46:00 -0500] "GET /sipse/faces/javax.faces.resource/layout/layout.css?ln=primefaces&v=4.0 HTTP/1.1" 304 -
186.29.181.180 - - [06/Oct/2023:03:46:00 -0500] "GET /sipse/faces/javax.faces.resource/jquery/jquery.js?ln=primefaces&v=4.0 HTTP/1.1" 304 -
186.29.181.180 - - [06/Oct/2023:03:46:00 -0500] "GET /sipse/faces/javax.faces.resource/jquery/jquery-plugins.js?ln=primefaces&v=4.0 HTTP/1.1" 304 -
186.29.181.180 - - [06/Oct/2023:03:46:00 -0500] "GET /sipse/faces/javax.faces.resource/primefaces.js?ln=primefaces&v=4.0 HTTP/1.1" 304 -
186.29.181.180 - - [06/Oct/2023:03:46:00 -0500] "GET /sipse/faces/javax.faces.resource/layout/layout.js?ln=primefaces&v=4.0 HTTP/1.1" 304 -
186.29.181.180 - - [06/Oct/2023:03:46:00 -0500] "GET /sipse/css/imagen/contrasena.png HTTP/1.1" 404 383
186.29.181.180 - - [06/Oct/2023:03:46:02 -0500] "GET /sipse/faces/javax.faces.resource/images/ui-bg_flat_0_2d5972_40x100.png?ln=primefaces-aristo HTTP/1.1" 304 -
186.29.181.180 - - [06/Oct/2023:03:46:02 -0500] "POST /sipse/faces/bienvenido.xhtml HTTP/1.1" 200 2658
186.29.181.180 - - [06/Oct/2023:03:46:03 -0500] "POST /sipse/faces/bienvenido.xhtml HTTP/1.1" 200 63123
186.29.181.180 - - [06/Oct/2023:03:46:03 -0500] "GET /sipse/faces/javax.faces.resource/theme.css?ln=primefaces-sipse HTTP/1.1" 304 -
186.29.181.180 - - [06/Oct/2023:03:46:03 -0500] "GET /sipse/faces/javax.faces.resource/primefaces.css?ln=primefaces&v=4.0 HTTP/1.1" 304 -
186.29.181.180 - - [06/Oct/2023:03:46:03 -0500] "GET /sipse/faces/javax.faces.resource/jquery/jquery.js?ln=primefaces&v=4.0 HTTP/1.1" 304 -
186.29.181.180 - - [06/Oct/2023:03:46:03 -0500] "GET /sipse/faces/javax.faces.resource/layout/layout.css?ln=primefaces&v=4.0 HTTP/1.1" 304 -
186.29.181.180 - - [06/Oct/2023:03:46:03 -0500] "GET /sipse/faces/javax.faces.resource/jquery/jquery-plugins.js?ln=primefaces&v=4.0 HTTP/1.1" 304 -
186.29.181.180 - - [06/Oct/2023:03:46:03 -0500] "GET /sipse/faces/javax.faces.resource/primefaces.js?ln=primefaces&v=4.0 HTTP/1.1" 304 -
186.29.181.180 - - [06/Oct/2023:03:46:03 -0500] "GET /sipse/faces/javax.faces.resource/layout/layout.js?ln=primefaces&v=4.0 HTTP/1.1" 304 -
186.29.181.180 - - [06/Oct/2023:03:46:03 -0500] "POST /sipse/faces/presentacion/financiero/solicitudProceso/listarSolicitudProceso.xhtml HTTP/1.1" 200 1552
201.245.192.253 - - [06/Oct/2023:03:46:04 -0500] "POST /forms/lservlet;jsessionid=ac16012b30d631b237d665c3491e938ed2fcaf258f77.e3iSbxaKaheRe34Pbx8Nc3aQci1ynknvrkLOlQzNp65In0 HTTP/1.1" 200 2
186.29.181.180 - - [06/Oct/2023:03:46:06 -0500] "POST /sipse/faces/presentacion/financiero/solicitudProceso/listarSolicitudProceso.xhtml HTTP/1.1" 200 7680
201.245.192.253 - - [06/Oct/2023:03:46:08 -0500] "POST /forms/lservlet;jsessionid=ac16012b30d6e3ac83cfa34d44e69cdfe83dd14ea1cd.e3iSbxaKaheRe34Pbx8Nc3aQci1ynknvrkLOlQzNp65In0 HTTP/1.1" 200 2
186.29.181.180 - - [06/Oct/2023:03:46:08 -0500] "POST /sipse/faces/presentacion/financiero/solicitudProceso/listarSolicitudProceso.xhtml HTTP/1.1" 200 31431
186.29.181.180 - - [06/Oct/2023:03:46:28 -0500] "POST /sipse/faces/presentacion/financiero/solicitudProceso/listarSolicitudProceso.xhtml HTTP/1.1" 200 102990
186.29.181.180 - - [06/Oct/2023:03:46:30 -0500] "GET /sipse/faces/javax.faces.resource/theme.css?ln=primefaces-sipse HTTP/1.1" 304 -
186.29.181.180 - - [06/Oct/2023:03:46:30 -0500] "GET /sipse/faces/javax.faces.resource/primefaces.css?ln=primefaces&v=4.0 HTTP/1.1" 304 -
186.29.181.180 - - [06/Oct/2023:03:46:30 -0500] "GET /sipse/faces/javax.faces.resource/layout/layout.css?ln=primefaces&v=4.0 HTTP/1.1" 304 -
186.29.181.180 - - [06/Oct/2023:03:46:30 -0500] "GET /sipse/faces/javax.faces.resource/jquery/jquery.js?ln=primefaces&v=4.0 HTTP/1.1" 304 -
186.29.181.180 - - [06/Oct/2023:03:46:30 -0500] "GET /sipse/faces/javax.faces.resource/jquery/jquery-plugins.js?ln=primefaces&v=4.0 HTTP/1.1" 304 -
186.29.181.180 - - [06/Oct/2023:03:46:30 -0500] "GET /sipse/faces/javax.faces.resource/primefaces.js?ln=primefaces&v=4.0 HTTP/1.1" 304 -
186.29.181.180 - - [06/Oct/2023:03:46:30 -0500] "GET /sipse/faces/javax.faces.resource/layout/layout.js?ln=primefaces&v=4.0 HTTP/1.1" 304 -
186.29.181.180 - - [06/Oct/2023:03:46:30 -0500] "GET /sipse/faces/javax.faces.resource/dynamiccontent.properties?ln=primefaces&pfdrid=XjOR5%2F%2FfPAZAuY9TpWQeCiM0BhlXxYRBGKi%2FQcXXfeA%3D&pfdrid_c=false HTTP/1.1" 500 383
201.245.192.253 - - [06/Oct/2023:03:46:57 -0500] "POST /kwsrmcab/Wsrmcab  HTTP/1.1" 200 42851
216.245.221.92 - - [06/Oct/2023:03:47:10 -0500] "HEAD / HTTP/1.1" 200 -
186.29.181.180 - - [06/Oct/2023:03:47:16 -0500] "POST /sipse/faces/presentacion/financiero/solicitudProceso/consultarSolicitudProceso.xhtml HTTP/1.1" 200 63123
186.29.181.180 - - [06/Oct/2023:03:47:17 -0500] "GET /sipse/faces/javax.faces.resource/theme.css?ln=primefaces-sipse HTTP/1.1" 304 -
186.29.181.180 - - [06/Oct/2023:03:47:17 -0500] "GET /sipse/faces/javax.faces.resource/primefaces.css?ln=primefaces&v=4.0 HTTP/1.1" 304 -
186.29.181.180 - - [06/Oct/2023:03:47:17 -0500] "GET /sipse/faces/javax.faces.resource/layout/layout.css?ln=primefaces&v=4.0 HTTP/1.1" 304 -
186.29.181.180 - - [06/Oct/2023:03:47:17 -0500] "GET /sipse/faces/javax.faces.resource/jquery/jquery.js?ln=primefaces&v=4.0 HTTP/1.1" 304 -
186.29.181.180 - - [06/Oct/2023:03:47:17 -0500] "GET /sipse/faces/javax.faces.resource/jquery/jquery-plugins.js?ln=primefaces&v=4.0 HTTP/1.1" 304 -
186.29.181.180 - - [06/Oct/2023:03:47:17 -0500] "GET /sipse/faces/javax.faces.resource/primefaces.js?ln=primefaces&v=4.0 HTTP/1.1" 304 -
186.29.181.180 - - [06/Oct/2023:03:47:17 -0500] "GET /sipse/faces/javax.faces.resource/layout/layout.js?ln=primefaces&v=4.0 HTTP/1.1" 304 -
186.29.181.180 - - [06/Oct/2023:03:47:17 -0500] "POST /sipse/faces/presentacion/financiero/solicitudProceso/listarSolicitudProceso.xhtml HTTP/1.1" 200 56454
186.29.181.180 - - [06/Oct/2023:03:47:18 -0500] "POST /sipse/faces/presentacion/financiero/solicitudProceso/listarSolicitudProceso.xhtml HTTP/1.1" 200 56454
186.29.181.180 - - [06/Oct/2023:03:47:18 -0500] "POST /sipse/faces/presentacion/financiero/solicitudProceso/listarSolicitudProceso.xhtml HTTP/1.1" 200 1552
186.29.181.180 - - [06/Oct/2023:03:47:18 -0500] "POST /sipse/faces/presentacion/financiero/solicitudProceso/listarSolicitudProceso.xhtml HTTP/1.1" 200 1548
186.29.181.180 - - [06/Oct/2023:03:47:18 -0500] "POST /sipse/faces/presentacion/financiero/solicitudProceso/listarSolicitudProceso.xhtml HTTP/1.1" 200 1556
186.29.181.180 - - [06/Oct/2023:03:47:19 -0500] "POST /sipse/faces/presentacion/financiero/solicitudProceso/listarSolicitudProceso.xhtml HTTP/1.1" 200 59095
186.29.181.180 - - [06/Oct/2023:03:47:20 -0500] "GET /sipse/faces/javax.faces.resource/theme.css?ln=primefaces-sipse HTTP/1.1" 304 -
186.29.181.180 - - [06/Oct/2023:03:47:20 -0500] "GET /sipse/faces/javax.faces.resource/primefaces.css?ln=primefaces&v=4.0 HTTP/1.1" 304 -
186.29.181.180 - - [06/Oct/2023:03:47:20 -0500] "GET /sipse/faces/javax.faces.resource/layout/layout.css?ln=primefaces&v=4.0 HTTP/1.1" 304 -
186.29.181.180 - - [06/Oct/2023:03:47:20 -0500] "GET /sipse/faces/javax.faces.resource/jquery/jquery.js?ln=primefaces&v=4.0 HTTP/1.1" 304 -
186.29.181.180 - - [06/Oct/2023:03:47:20 -0500] "GET /sipse/faces/javax.faces.resource/jquery/jquery-plugins.js?ln=primefaces&v=4.0 HTTP/1.1" 304 -
186.29.181.180 - - [06/Oct/2023:03:47:20 -0500] "GET /sipse/faces/javax.faces.resource/primefaces.js?ln=primefaces&v=4.0 HTTP/1.1" 304 -
186.29.181.180 - - [06/Oct/2023:03:47:20 -0500] "GET /sipse/faces/javax.faces.resource/layout/layout.js?ln=primefaces&v=4.0 HTTP/1.1" 304 -
201.245.192.253 - - [06/Oct/2023:03:48:04 -0500] "POST /forms/lservlet;jsessionid=ac16012b30d631b237d665c3491e938ed2fcaf258f77.e3iSbxaKaheRe34Pbx8Nc3aQci1ynknvrkLOlQzNp65In0 HTTP/1.1" 200 2
201.245.192.253 - - [06/Oct/2023:03:48:08 -0500] "POST /forms/lservlet;jsessionid=ac16012b30d6e3ac83cfa34d44e69cdfe83dd14ea1cd.e3iSbxaKaheRe34Pbx8Nc3aQci1ynknvrkLOlQzNp65In0 HTTP/1.1" 200 2
186.29.181.180 - - [06/Oct/2023:03:49:05 -0500] "POST /sipse/faces/presentacion/financiero/solicitudProceso/crearModificarSolicitudProceso.xhtml HTTP/1.1" 200 27322
201.245.192.253 - - [06/Oct/2023:03:50:04 -0500] "POST /forms/lservlet;jsessionid=ac16012b30d631b237d665c3491e938ed2fcaf258f77.e3iSbxaKaheRe34Pbx8Nc3aQci1ynknvrkLOlQzNp65In0 HTTP/1.1" 200 2
201.245.192.253 - - [06/Oct/2023:03:50:08 -0500] "POST /forms/lservlet;jsessionid=ac16012b30d6e3ac83cfa34d44e69cdfe83dd14ea1cd.e3iSbxaKaheRe34Pbx8Nc3aQci1ynknvrkLOlQzNp65In0 HTTP/1.1" 200 2
186.29.181.180 - - [06/Oct/2023:03:50:15 -0500] "POST /sipse/faces/presentacion/financiero/solicitudProceso/crearModificarSolicitudProceso.xhtml HTTP/1.1" 200 9404
172.22.2.4 - - [06/Oct/2023:03:49:04 -0500] "HEAD /BLA/boletinlegal/ HTTP/1.1" 200 -
157.90.251.233 - - [06/Oct/2023:03:51:14 -0500] "GET / HTTP/1.1" 200 319
172.22.2.4 - - [06/Oct/2023:03:49:54 -0500] "GET /BLA/boletinlegal/ HTTP/1.1" 200 60342
201.245.192.253 - - [06/Oct/2023:03:51:56 -0500] "POST /kwsrmcab/Wsrmcab  HTTP/1.1" 200 42851
201.245.192.253 - - [06/Oct/2023:03:52:04 -0500] "POST /forms/lservlet;jsessionid=ac16012b30d631b237d665c3491e938ed2fcaf258f77.e3iSbxaKaheRe34Pbx8Nc3aQci1ynknvrkLOlQzNp65In0 HTTP/1.1" 200 2
201.245.192.253 - - [06/Oct/2023:03:52:08 -0500] "POST /forms/lservlet;jsessionid=ac16012b30d6e3ac83cfa34d44e69cdfe83dd14ea1cd.e3iSbxaKaheRe34Pbx8Nc3aQci1ynknvrkLOlQzNp65In0 HTTP/1.1" 200 2
216.245.221.92 - - [06/Oct/2023:03:52:10 -0500] "HEAD / HTTP/1.1" 200 -
186.29.181.180 - - [06/Oct/2023:03:52:24 -0500] "POST /sipse/faces/presentacion/financiero/solicitudProceso/crearModificarSolicitudProceso.xhtml HTTP/1.1" 200 24607
186.29.181.180 - - [06/Oct/2023:03:52:24 -0500] "GET /sipse/faces/javax.faces.resource/theme.css?ln=primefaces-sipse HTTP/1.1" 304 -
186.29.181.180 - - [06/Oct/2023:03:52:24 -0500] "GET /sipse/faces/javax.faces.resource/primefaces.css?ln=primefaces&v=4.0 HTTP/1.1" 304 -
186.29.181.180 - - [06/Oct/2023:03:52:24 -0500] "GET /sipse/faces/javax.faces.resource/layout/layout.css?ln=primefaces&v=4.0 HTTP/1.1" 304 -
186.29.181.180 - - [06/Oct/2023:03:52:24 -0500] "GET /sipse/faces/javax.faces.resource/jquery/jquery.js?ln=primefaces&v=4.0 HTTP/1.1" 304 -
186.29.181.180 - - [06/Oct/2023:03:52:24 -0500] "GET /sipse/faces/javax.faces.resource/layout/layout.js?ln=primefaces&v=4.0 HTTP/1.1" 304 -
186.29.181.180 - - [06/Oct/2023:03:52:25 -0500] "GET /sipse/faces/javax.faces.resource/jquery/jquery-plugins.js?ln=primefaces&v=4.0 HTTP/1.1" 304 -
186.29.181.180 - - [06/Oct/2023:03:52:25 -0500] "GET /sipse/faces/javax.faces.resource/primefaces.js?ln=primefaces&v=4.0 HTTP/1.1" 304 -
186.29.181.180 - - [06/Oct/2023:03:52:32 -0500] "POST /sipse/faces/presentacion/financiero/solicitudProyectoActividad/asociarProyectoSolicitud.xhtml HTTP/1.1" 200 6559
186.29.181.180 - - [06/Oct/2023:03:52:34 -0500] "POST /sipse/faces/presentacion/financiero/solicitudProyectoActividad/asociarProyectoSolicitud.xhtml HTTP/1.1" 200 1696
186.29.181.180 - - [06/Oct/2023:03:52:35 -0500] "POST /sipse/faces/presentacion/financiero/solicitudProyectoActividad/asociarProyectoSolicitud.xhtml HTTP/1.1" 200 36783
186.29.181.180 - - [06/Oct/2023:03:52:36 -0500] "GET /sipse/faces/javax.faces.resource/theme.css?ln=primefaces-sipse HTTP/1.1" 304 -
186.29.181.180 - - [06/Oct/2023:03:52:36 -0500] "GET /sipse/faces/javax.faces.resource/primefaces.css?ln=primefaces&v=4.0 HTTP/1.1" 304 -
186.29.181.180 - - [06/Oct/2023:03:52:36 -0500] "GET /sipse/faces/javax.faces.resource/layout/layout.css?ln=primefaces&v=4.0 HTTP/1.1" 304 -
186.29.181.180 - - [06/Oct/2023:03:52:36 -0500] "GET /sipse/faces/javax.faces.resource/jquery/jquery.js?ln=primefaces&v=4.0 HTTP/1.1" 304 -
186.29.181.180 - - [06/Oct/2023:03:52:36 -0500] "GET /sipse/faces/javax.faces.resource/jquery/jquery-plugins.js?ln=primefaces&v=4.0 HTTP/1.1" 304 -
186.29.181.180 - - [06/Oct/2023:03:52:36 -0500] "GET /sipse/faces/javax.faces.resource/primefaces.js?ln=primefaces&v=4.0 HTTP/1.1" 304 -
186.29.181.180 - - [06/Oct/2023:03:52:36 -0500] "GET /sipse/faces/javax.faces.resource/layout/layout.js?ln=primefaces&v=4.0 HTTP/1.1" 304 -
186.29.181.180 - - [06/Oct/2023:03:52:55 -0500] "GET /sipse/faces/javax.faces.resource/images/ui-icons_898989_256x240.png?ln=primefaces-aristo HTTP/1.1" 304 -
186.29.181.180 - - [06/Oct/2023:03:52:59 -0500] "POST /sipse/faces/presentacion/financiero/solicitudProyectoActividad/asociarActividadSolicitud.xhtml HTTP/1.1" 200 19958
186.29.181.180 - - [06/Oct/2023:03:52:59 -0500] "GET /sipse/faces/javax.faces.resource/theme.css?ln=primefaces-sipse HTTP/1.1" 304 -
186.29.181.180 - - [06/Oct/2023:03:52:59 -0500] "GET /sipse/faces/javax.faces.resource/primefaces.css?ln=primefaces&v=4.0 HTTP/1.1" 304 -
186.29.181.180 - - [06/Oct/2023:03:52:59 -0500] "GET /sipse/faces/javax.faces.resource/layout/layout.css?ln=primefaces&v=4.0 HTTP/1.1" 304 -
186.29.181.180 - - [06/Oct/2023:03:52:59 -0500] "GET /sipse/faces/javax.faces.resource/jquery/jquery.js?ln=primefaces&v=4.0 HTTP/1.1" 304 -
186.29.181.180 - - [06/Oct/2023:03:52:59 -0500] "GET /sipse/faces/javax.faces.resource/jquery/jquery-plugins.js?ln=primefaces&v=4.0 HTTP/1.1" 304 -
186.29.181.180 - - [06/Oct/2023:03:53:00 -0500] "GET /sipse/faces/javax.faces.resource/primefaces.js?ln=primefaces&v=4.0 HTTP/1.1" 304 -
186.29.181.180 - - [06/Oct/2023:03:53:00 -0500] "GET /sipse/faces/javax.faces.resource/layout/layout.js?ln=primefaces&v=4.0 HTTP/1.1" 304 -
186.29.181.180 - - [06/Oct/2023:03:53:21 -0500] "POST /sipse/faces/presentacion/financiero/solicitudProyectoActividad/asociarFuentesSolicitud.xhtml HTTP/1.1" 200 66218
186.29.181.180 - - [06/Oct/2023:03:53:22 -0500] "GET /sipse/faces/javax.faces.resource/theme.css?ln=primefaces-sipse HTTP/1.1" 304 -
186.29.181.180 - - [06/Oct/2023:03:53:22 -0500] "GET /sipse/faces/javax.faces.resource/primefaces.css?ln=primefaces&v=4.0 HTTP/1.1" 304 -
186.29.181.180 - - [06/Oct/2023:03:53:22 -0500] "GET /sipse/faces/javax.faces.resource/layout/layout.css?ln=primefaces&v=4.0 HTTP/1.1" 304 -
186.29.181.180 - - [06/Oct/2023:03:53:22 -0500] "GET /sipse/faces/javax.faces.resource/jquery/jquery.js?ln=primefaces&v=4.0 HTTP/1.1" 304 -
186.29.181.180 - - [06/Oct/2023:03:53:22 -0500] "GET /sipse/faces/javax.faces.resource/layout/layout.js?ln=primefaces&v=4.0 HTTP/1.1" 304 -
186.29.181.180 - - [06/Oct/2023:03:53:22 -0500] "GET /sipse/faces/javax.faces.resource/jquery/jquery-plugins.js?ln=primefaces&v=4.0 HTTP/1.1" 304 -
186.29.181.180 - - [06/Oct/2023:03:53:22 -0500] "GET /sipse/faces/javax.faces.resource/primefaces.js?ln=primefaces&v=4.0 HTTP/1.1" 304 -
186.29.181.180 - - [06/Oct/2023:03:53:29 -0500] "POST /sipse/faces/presentacion/financiero/solicitudProceso/crearModificarSolicitudProceso.xhtml HTTP/1.1" 200 44623
186.29.181.180 - - [06/Oct/2023:03:53:32 -0500] "GET /sipse/faces/javax.faces.resource/primefaces.css?ln=primefaces&v=4.0 HTTP/1.1" 304 -
186.29.181.180 - - [06/Oct/2023:03:53:32 -0500] "GET /sipse/faces/javax.faces.resource/layout/layout.css?ln=primefaces&v=4.0 HTTP/1.1" 304 -
186.29.181.180 - - [06/Oct/2023:03:53:32 -0500] "GET /sipse/faces/javax.faces.resource/theme.css?ln=primefaces-sipse HTTP/1.1" 304 -
186.29.181.180 - - [06/Oct/2023:03:53:32 -0500] "GET /sipse/faces/javax.faces.resource/jquery/jquery.js?ln=primefaces&v=4.0 HTTP/1.1" 304 -
186.29.181.180 - - [06/Oct/2023:03:53:32 -0500] "GET /sipse/faces/javax.faces.resource/jquery/jquery-plugins.js?ln=primefaces&v=4.0 HTTP/1.1" 304 -
186.29.181.180 - - [06/Oct/2023:03:53:32 -0500] "GET /sipse/faces/javax.faces.resource/layout/layout.js?ln=primefaces&v=4.0 HTTP/1.1" 304 -
186.29.181.180 - - [06/Oct/2023:03:53:32 -0500] "GET /sipse/faces/javax.faces.resource/primefaces.js?ln=primefaces&v=4.0 HTTP/1.1" 304 -
172.22.2.4 - - [06/Oct/2023:03:53:09 -0500] "GET /BLA/boletinlegal/ HTTP/1.1" 200 20427
186.29.181.180 - - [06/Oct/2023:03:53:43 -0500] "POST /sipse/faces/presentacion/financiero/contrato/consultarContratosSolicitudProceso.xhtml HTTP/1.1" 200 61843
186.29.181.180 - - [06/Oct/2023:03:53:49 -0500] "POST /sipse/faces/presentacion/financiero/contrato/consultarContratosSolicitudProceso.xhtml HTTP/1.1" 200 61706
186.29.181.180 - - [06/Oct/2023:03:53:50 -0500] "GET /sipse/faces/javax.faces.resource/theme.css?ln=primefaces-sipse HTTP/1.1" 304 -
186.29.181.180 - - [06/Oct/2023:03:53:50 -0500] "GET /sipse/faces/javax.faces.resource/primefaces.css?ln=primefaces&v=4.0 HTTP/1.1" 304 -
186.29.181.180 - - [06/Oct/2023:03:53:50 -0500] "GET /sipse/faces/javax.faces.resource/layout/layout.css?ln=primefaces&v=4.0 HTTP/1.1" 304 -
186.29.181.180 - - [06/Oct/2023:03:53:50 -0500] "GET /sipse/faces/javax.faces.resource/jquery/jquery.js?ln=primefaces&v=4.0 HTTP/1.1" 304 -
186.29.181.180 - - [06/Oct/2023:03:53:50 -0500] "GET /sipse/faces/javax.faces.resource/jquery/jquery-plugins.js?ln=primefaces&v=4.0 HTTP/1.1" 304 -
186.29.181.180 - - [06/Oct/2023:03:53:50 -0500] "GET /sipse/faces/javax.faces.resource/primefaces.js?ln=primefaces&v=4.0 HTTP/1.1" 304 -
186.29.181.180 - - [06/Oct/2023:03:53:51 -0500] "GET /sipse/faces/javax.faces.resource/layout/layout.js?ln=primefaces&v=4.0 HTTP/1.1" 304 -
186.29.181.180 - - [06/Oct/2023:03:53:55 -0500] "POST /sipse/faces/presentacion/financiero/solicitudProceso/crearModificarSolicitudProceso.xhtml HTTP/1.1" 200 21161
186.29.181.180 - - [06/Oct/2023:03:53:55 -0500] "GET /sipse/faces/javax.faces.resource/theme.css?ln=primefaces-sipse HTTP/1.1" 304 -
186.29.181.180 - - [06/Oct/2023:03:53:55 -0500] "GET /sipse/faces/javax.faces.resource/fileupload/fileupload.js?ln=primefaces&v=4.0 HTTP/1.1" 200 28091
186.29.181.180 - - [06/Oct/2023:03:53:55 -0500] "GET /sipse/faces/javax.faces.resource/primefaces.css?ln=primefaces&v=4.0 HTTP/1.1" 304 -
186.29.181.180 - - [06/Oct/2023:03:53:55 -0500] "GET /sipse/faces/javax.faces.resource/layout/layout.css?ln=primefaces&v=4.0 HTTP/1.1" 304 -
186.29.181.180 - - [06/Oct/2023:03:53:55 -0500] "GET /sipse/faces/javax.faces.resource/fileupload/fileupload.css?ln=primefaces&v=4.0 HTTP/1.1" 304 -
186.29.181.180 - - [06/Oct/2023:03:53:55 -0500] "GET /sipse/faces/javax.faces.resource/jquery/jquery.js?ln=primefaces&v=4.0 HTTP/1.1" 304 -
186.29.181.180 - - [06/Oct/2023:03:53:55 -0500] "GET /sipse/faces/javax.faces.resource/jquery/jquery-plugins.js?ln=primefaces&v=4.0 HTTP/1.1" 304 -
186.29.181.180 - - [06/Oct/2023:03:53:55 -0500] "GET /sipse/faces/javax.faces.resource/primefaces.js?ln=primefaces&v=4.0 HTTP/1.1" 304 -
186.29.181.180 - - [06/Oct/2023:03:53:55 -0500] "GET /sipse/faces/javax.faces.resource/layout/layout.js?ln=primefaces&v=4.0 HTTP/1.1" 304 -
201.245.192.253 - - [06/Oct/2023:03:54:04 -0500] "POST /forms/lservlet;jsessionid=ac16012b30d631b237d665c3491e938ed2fcaf258f77.e3iSbxaKaheRe34Pbx8Nc3aQci1ynknvrkLOlQzNp65In0 HTTP/1.1" 200 2
201.245.192.253 - - [06/Oct/2023:03:54:08 -0500] "POST /forms/lservlet;jsessionid=ac16012b30d6e3ac83cfa34d44e69cdfe83dd14ea1cd.e3iSbxaKaheRe34Pbx8Nc3aQci1ynknvrkLOlQzNp65In0 HTTP/1.1" 200 2
186.29.181.180 - - [06/Oct/2023:03:54:16 -0500] "POST /sipse/faces/presentacion/sistema/anexos/cargarAnexoSolicitudProceso.xhtml HTTP/1.1" 200 67542
186.29.181.180 - - [06/Oct/2023:03:54:16 -0500] "GET /sipse/faces/javax.faces.resource/theme.css?ln=primefaces-sipse HTTP/1.1" 304 -
186.29.181.180 - - [06/Oct/2023:03:54:16 -0500] "GET /sipse/faces/javax.faces.resource/layout/layout.css?ln=primefaces&v=4.0 HTTP/1.1" 304 -
186.29.181.180 - - [06/Oct/2023:03:54:16 -0500] "GET /sipse/faces/javax.faces.resource/primefaces.css?ln=primefaces&v=4.0 HTTP/1.1" 304 -
186.29.181.180 - - [06/Oct/2023:03:54:16 -0500] "GET /sipse/faces/javax.faces.resource/jquery/jquery.js?ln=primefaces&v=4.0 HTTP/1.1" 304 -
186.29.181.180 - - [06/Oct/2023:03:54:16 -0500] "GET /sipse/faces/javax.faces.resource/jquery/jquery-plugins.js?ln=primefaces&v=4.0 HTTP/1.1" 304 -
186.29.181.180 - - [06/Oct/2023:03:54:16 -0500] "GET /sipse/faces/javax.faces.resource/layout/layout.js?ln=primefaces&v=4.0 HTTP/1.1" 304 -
186.29.181.180 - - [06/Oct/2023:03:54:16 -0500] "GET /sipse/faces/javax.faces.resource/primefaces.js?ln=primefaces&v=4.0 HTTP/1.1" 304 -
186.29.181.180 - - [06/Oct/2023:03:54:19 -0500] "POST /sipse/faces/presentacion/financiero/solicitudProceso/crearModificarSolicitudProceso.xhtml HTTP/1.1" 200 44623
186.29.181.180 - - [06/Oct/2023:03:54:20 -0500] "GET /sipse/faces/javax.faces.resource/theme.css?ln=primefaces-sipse HTTP/1.1" 304 -
186.29.181.180 - - [06/Oct/2023:03:54:20 -0500] "GET /sipse/faces/javax.faces.resource/primefaces.css?ln=primefaces&v=4.0 HTTP/1.1" 304 -
186.29.181.180 - - [06/Oct/2023:03:54:20 -0500] "GET /sipse/faces/javax.faces.resource/layout/layout.css?ln=primefaces&v=4.0 HTTP/1.1" 304 -
186.29.181.180 - - [06/Oct/2023:03:54:20 -0500] "GET /sipse/faces/javax.faces.resource/jquery/jquery.js?ln=primefaces&v=4.0 HTTP/1.1" 304 -
186.29.181.180 - - [06/Oct/2023:03:54:20 -0500] "GET /sipse/faces/javax.faces.resource/jquery/jquery-plugins.js?ln=primefaces&v=4.0 HTTP/1.1" 304 -
186.29.181.180 - - [06/Oct/2023:03:54:20 -0500] "GET /sipse/faces/javax.faces.resource/primefaces.js?ln=primefaces&v=4.0 HTTP/1.1" 304 -
186.29.181.180 - - [06/Oct/2023:03:54:20 -0500] "GET /sipse/faces/javax.faces.resource/layout/layout.js?ln=primefaces&v=4.0 HTTP/1.1" 304 -
38.110.46.2 - - [06/Oct/2023:03:54:21 -0500] "GET / HTTP/1.1" 200 319
186.29.181.180 - - [06/Oct/2023:03:54:25 -0500] "POST /sipse/faces/presentacion/financiero/contrato/consultarContratosSolicitudProceso.xhtml HTTP/1.1" 200 62218
186.29.181.180 - - [06/Oct/2023:03:54:25 -0500] "GET /sipse/faces/javax.faces.resource/theme.css?ln=primefaces-sipse HTTP/1.1" 304 -
186.29.181.180 - - [06/Oct/2023:03:54:25 -0500] "GET /sipse/faces/javax.faces.resource/jquery/jquery.js?ln=primefaces&v=4.0 HTTP/1.1" 304 -
186.29.181.180 - - [06/Oct/2023:03:54:25 -0500] "GET /sipse/faces/javax.faces.resource/primefaces.css?ln=primefaces&v=4.0 HTTP/1.1" 304 -
186.29.181.180 - - [06/Oct/2023:03:54:25 -0500] "GET /sipse/faces/javax.faces.resource/layout/layout.css?ln=primefaces&v=4.0 HTTP/1.1" 304 -
186.29.181.180 - - [06/Oct/2023:03:54:25 -0500] "GET /sipse/faces/javax.faces.resource/jquery/jquery-plugins.js?ln=primefaces&v=4.0 HTTP/1.1" 304 -
186.29.181.180 - - [06/Oct/2023:03:54:25 -0500] "GET /sipse/faces/javax.faces.resource/primefaces.js?ln=primefaces&v=4.0 HTTP/1.1" 304 -
186.29.181.180 - - [06/Oct/2023:03:54:25 -0500] "GET /sipse/faces/javax.faces.resource/layout/layout.js?ln=primefaces&v=4.0 HTTP/1.1" 304 -
186.29.181.180 - - [06/Oct/2023:03:54:29 -0500] "POST /sipse/faces/presentacion/financiero/solicitudProceso/crearModificarSolicitudProceso.xhtml HTTP/1.1" 200 21161
186.29.181.180 - - [06/Oct/2023:03:54:30 -0500] "GET /sipse/faces/javax.faces.resource/theme.css?ln=primefaces-sipse HTTP/1.1" 304 -
186.29.181.180 - - [06/Oct/2023:03:54:30 -0500] "GET /sipse/faces/javax.faces.resource/primefaces.css?ln=primefaces&v=4.0 HTTP/1.1" 304 -
186.29.181.180 - - [06/Oct/2023:03:54:30 -0500] "GET /sipse/faces/javax.faces.resource/layout/layout.css?ln=primefaces&v=4.0 HTTP/1.1" 304 -
186.29.181.180 - - [06/Oct/2023:03:54:30 -0500] "GET /sipse/faces/javax.faces.resource/fileupload/fileupload.css?ln=primefaces&v=4.0 HTTP/1.1" 304 -
186.29.181.180 - - [06/Oct/2023:03:54:30 -0500] "GET /sipse/faces/javax.faces.resource/jquery/jquery.js?ln=primefaces&v=4.0 HTTP/1.1" 304 -
186.29.181.180 - - [06/Oct/2023:03:54:30 -0500] "GET /sipse/faces/javax.faces.resource/primefaces.js?ln=primefaces&v=4.0 HTTP/1.1" 304 -
186.29.181.180 - - [06/Oct/2023:03:54:30 -0500] "GET /sipse/faces/javax.faces.resource/jquery/jquery-plugins.js?ln=primefaces&v=4.0 HTTP/1.1" 304 -
186.29.181.180 - - [06/Oct/2023:03:54:30 -0500] "GET /sipse/faces/javax.faces.resource/layout/layout.js?ln=primefaces&v=4.0 HTTP/1.1" 304 -
186.29.181.180 - - [06/Oct/2023:03:54:30 -0500] "GET /sipse/faces/javax.faces.resource/fileupload/fileupload.js?ln=primefaces&v=4.0 HTTP/1.1" 304 -
186.29.181.180 - - [06/Oct/2023:03:54:34 -0500] "POST /sipse/faces/presentacion/sistema/anexos/cargarAnexoSolicitudProceso.xhtml HTTP/1.1" 200 68191
186.29.181.180 - - [06/Oct/2023:03:54:35 -0500] "GET /sipse/faces/javax.faces.resource/theme.css?ln=primefaces-sipse HTTP/1.1" 304 -
186.29.181.180 - - [06/Oct/2023:03:54:35 -0500] "GET /sipse/faces/javax.faces.resource/primefaces.css?ln=primefaces&v=4.0 HTTP/1.1" 304 -
186.29.181.180 - - [06/Oct/2023:03:54:35 -0500] "GET /sipse/faces/javax.faces.resource/layout/layout.css?ln=primefaces&v=4.0 HTTP/1.1" 304 -
186.29.181.180 - - [06/Oct/2023:03:54:35 -0500] "GET /sipse/faces/javax.faces.resource/jquery/jquery.js?ln=primefaces&v=4.0 HTTP/1.1" 304 -
186.29.181.180 - - [06/Oct/2023:03:54:35 -0500] "GET /sipse/faces/javax.faces.resource/layout/layout.js?ln=primefaces&v=4.0 HTTP/1.1" 304 -
186.29.181.180 - - [06/Oct/2023:03:54:35 -0500] "GET /sipse/faces/javax.faces.resource/jquery/jquery-plugins.js?ln=primefaces&v=4.0 HTTP/1.1" 304 -
186.29.181.180 - - [06/Oct/2023:03:54:35 -0500] "GET /sipse/faces/javax.faces.resource/primefaces.js?ln=primefaces&v=4.0 HTTP/1.1" 304 -
186.29.181.180 - - [06/Oct/2023:03:54:38 -0500] "POST /sipse/faces/presentacion/financiero/solicitudProceso/crearModificarSolicitudProceso.xhtml HTTP/1.1" 200 21161
186.29.181.180 - - [06/Oct/2023:03:54:38 -0500] "GET /sipse/faces/javax.faces.resource/theme.css?ln=primefaces-sipse HTTP/1.1" 304 -
186.29.181.180 - - [06/Oct/2023:03:54:38 -0500] "GET /sipse/faces/javax.faces.resource/primefaces.css?ln=primefaces&v=4.0 HTTP/1.1" 304 -
186.29.181.180 - - [06/Oct/2023:03:54:38 -0500] "GET /sipse/faces/javax.faces.resource/layout/layout.css?ln=primefaces&v=4.0 HTTP/1.1" 304 -
186.29.181.180 - - [06/Oct/2023:03:54:38 -0500] "GET /sipse/faces/javax.faces.resource/fileupload/fileupload.css?ln=primefaces&v=4.0 HTTP/1.1" 304 -
186.29.181.180 - - [06/Oct/2023:03:54:38 -0500] "GET /sipse/faces/javax.faces.resource/jquery/jquery.js?ln=primefaces&v=4.0 HTTP/1.1" 304 -
186.29.181.180 - - [06/Oct/2023:03:54:38 -0500] "GET /sipse/faces/javax.faces.resource/primefaces.js?ln=primefaces&v=4.0 HTTP/1.1" 304 -
186.29.181.180 - - [06/Oct/2023:03:54:38 -0500] "GET /sipse/faces/javax.faces.resource/jquery/jquery-plugins.js?ln=primefaces&v=4.0 HTTP/1.1" 304 -
186.29.181.180 - - [06/Oct/2023:03:54:38 -0500] "GET /sipse/faces/javax.faces.resource/layout/layout.js?ln=primefaces&v=4.0 HTTP/1.1" 304 -
186.29.181.180 - - [06/Oct/2023:03:54:38 -0500] "GET /sipse/faces/javax.faces.resource/fileupload/fileupload.js?ln=primefaces&v=4.0 HTTP/1.1" 304 -
66.249.66.21 - - [06/Oct/2023:03:54:39 -0500] "GET /BLA/resoluciones/RESOLUCIONES%202008/5515.pdf HTTP/1.1" 200 113741
186.29.181.180 - - [06/Oct/2023:03:54:47 -0500] "POST /sipse/faces/presentacion/sistema/anexos/cargarAnexoSolicitudProceso.xhtml HTTP/1.1" 200 68841
186.29.181.180 - - [06/Oct/2023:03:54:48 -0500] "GET /sipse/faces/javax.faces.resource/theme.css?ln=primefaces-sipse HTTP/1.1" 304 -
186.29.181.180 - - [06/Oct/2023:03:54:48 -0500] "GET /sipse/faces/javax.faces.resource/primefaces.css?ln=primefaces&v=4.0 HTTP/1.1" 304 -
186.29.181.180 - - [06/Oct/2023:03:54:48 -0500] "GET /sipse/faces/javax.faces.resource/layout/layout.css?ln=primefaces&v=4.0 HTTP/1.1" 304 -
186.29.181.180 - - [06/Oct/2023:03:54:48 -0500] "GET /sipse/faces/javax.faces.resource/jquery/jquery.js?ln=primefaces&v=4.0 HTTP/1.1" 304 -
186.29.181.180 - - [06/Oct/2023:03:54:48 -0500] "GET /sipse/faces/javax.faces.resource/layout/layout.js?ln=primefaces&v=4.0 HTTP/1.1" 304 -
186.29.181.180 - - [06/Oct/2023:03:54:48 -0500] "GET /sipse/faces/javax.faces.resource/jquery/jquery-plugins.js?ln=primefaces&v=4.0 HTTP/1.1" 304 -
186.29.181.180 - - [06/Oct/2023:03:54:48 -0500] "GET /sipse/faces/javax.faces.resource/primefaces.js?ln=primefaces&v=4.0 HTTP/1.1" 304 -
186.29.181.180 - - [06/Oct/2023:03:55:02 -0500] "POST /sipse/faces/presentacion/financiero/solicitudProceso/crearModificarSolicitudProceso.xhtml HTTP/1.1" 200 63328
186.29.181.180 - - [06/Oct/2023:03:55:05 -0500] "GET /sipse/faces/javax.faces.resource/theme.css?ln=primefaces-sipse HTTP/1.1" 304 -
186.29.181.180 - - [06/Oct/2023:03:55:05 -0500] "GET /sipse/faces/javax.faces.resource/primefaces.css?ln=primefaces&v=4.0 HTTP/1.1" 304 -
186.29.181.180 - - [06/Oct/2023:03:55:05 -0500] "GET /sipse/faces/javax.faces.resource/layout/layout.css?ln=primefaces&v=4.0 HTTP/1.1" 304 -
186.29.181.180 - - [06/Oct/2023:03:55:05 -0500] "GET /sipse/faces/javax.faces.resource/jquery/jquery.js?ln=primefaces&v=4.0 HTTP/1.1" 304 -
186.29.181.180 - - [06/Oct/2023:03:55:05 -0500] "GET /sipse/faces/javax.faces.resource/jquery/jquery-plugins.js?ln=primefaces&v=4.0 HTTP/1.1" 304 -
186.29.181.180 - - [06/Oct/2023:03:55:05 -0500] "GET /sipse/faces/javax.faces.resource/primefaces.js?ln=primefaces&v=4.0 HTTP/1.1" 304 -
186.29.181.180 - - [06/Oct/2023:03:55:05 -0500] "GET /sipse/faces/javax.faces.resource/layout/layout.js?ln=primefaces&v=4.0 HTTP/1.1" 304 -
186.29.181.180 - - [06/Oct/2023:03:55:06 -0500] "POST /sipse/faces/presentacion/financiero/solicitudProceso/listarSolicitudProceso.xhtml HTTP/1.1" 200 1552
186.29.181.180 - - [06/Oct/2023:03:55:09 -0500] "POST /sipse/faces/presentacion/financiero/solicitudProceso/listarSolicitudProceso.xhtml HTTP/1.1" 200 10677
186.29.181.180 - - [06/Oct/2023:03:55:13 -0500] "POST /sipse/faces/presentacion/financiero/solicitudProceso/listarSolicitudProceso.xhtml HTTP/1.1" 200 111172
186.29.181.180 - - [06/Oct/2023:03:55:14 -0500] "GET /sipse/faces/javax.faces.resource/theme.css?ln=primefaces-sipse HTTP/1.1" 304 -
186.29.181.180 - - [06/Oct/2023:03:55:14 -0500] "GET /sipse/faces/javax.faces.resource/primefaces.css?ln=primefaces&v=4.0 HTTP/1.1" 304 -
186.29.181.180 - - [06/Oct/2023:03:55:14 -0500] "GET /sipse/faces/javax.faces.resource/layout/layout.css?ln=primefaces&v=4.0 HTTP/1.1" 304 -
186.29.181.180 - - [06/Oct/2023:03:55:14 -0500] "GET /sipse/faces/javax.faces.resource/jquery/jquery.js?ln=primefaces&v=4.0 HTTP/1.1" 304 -
186.29.181.180 - - [06/Oct/2023:03:55:14 -0500] "GET /sipse/faces/javax.faces.resource/jquery/jquery-plugins.js?ln=primefaces&v=4.0 HTTP/1.1" 304 -
186.29.181.180 - - [06/Oct/2023:03:55:14 -0500] "GET /sipse/faces/javax.faces.resource/primefaces.js?ln=primefaces&v=4.0 HTTP/1.1" 304 -
186.29.181.180 - - [06/Oct/2023:03:55:14 -0500] "GET /sipse/faces/javax.faces.resource/layout/layout.js?ln=primefaces&v=4.0 HTTP/1.1" 304 -
186.29.181.180 - - [06/Oct/2023:03:55:14 -0500] "GET /sipse/faces/javax.faces.resource/dynamiccontent.properties?ln=primefaces&pfdrid=XjOR5%2F%2FfPAZAuY9TpWQeCiM0BhlXxYRBGKi%2FQcXXfeA%3D&pfdrid_c=false HTTP/1.1" 500 383
186.29.181.180 - - [06/Oct/2023:03:55:22 -0500] "POST /sipse/faces/presentacion/financiero/solicitudProceso/consultarSolicitudProceso.xhtml HTTP/1.1" 200 63374
186.29.181.180 - - [06/Oct/2023:03:55:24 -0500] "GET /sipse/faces/javax.faces.resource/theme.css?ln=primefaces-sipse HTTP/1.1" 304 -
186.29.181.180 - - [06/Oct/2023:03:55:24 -0500] "GET /sipse/faces/javax.faces.resource/layout/layout.css?ln=primefaces&v=4.0 HTTP/1.1" 304 -
186.29.181.180 - - [06/Oct/2023:03:55:24 -0500] "GET /sipse/faces/javax.faces.resource/primefaces.css?ln=primefaces&v=4.0 HTTP/1.1" 304 -
186.29.181.180 - - [06/Oct/2023:03:55:24 -0500] "GET /sipse/faces/javax.faces.resource/jquery/jquery.js?ln=primefaces&v=4.0 HTTP/1.1" 304 -
186.29.181.180 - - [06/Oct/2023:03:55:24 -0500] "GET /sipse/faces/javax.faces.resource/jquery/jquery-plugins.js?ln=primefaces&v=4.0 HTTP/1.1" 304 -
186.29.181.180 - - [06/Oct/2023:03:55:24 -0500] "GET /sipse/faces/javax.faces.resource/primefaces.js?ln=primefaces&v=4.0 HTTP/1.1" 304 -
186.29.181.180 - - [06/Oct/2023:03:55:25 -0500] "GET /sipse/faces/javax.faces.resource/layout/layout.js?ln=primefaces&v=4.0 HTTP/1.1" 304 -
186.29.181.180 - - [06/Oct/2023:03:55:25 -0500] "POST /sipse/faces/presentacion/financiero/solicitudProceso/listarSolicitudProceso.xhtml HTTP/1.1" 200 1552
186.29.181.180 - - [06/Oct/2023:03:55:27 -0500] "POST /sipse/faces/presentacion/financiero/solicitudProceso/listarSolicitudProceso.xhtml HTTP/1.1" 200 10665
199.45.155.4 - - [06/Oct/2023:03:55:59 -0500] "GET / HTTP/1.1" 200 319
201.245.192.253 - - [06/Oct/2023:03:56:04 -0500] "POST /forms/lservlet;jsessionid=ac16012b30d631b237d665c3491e938ed2fcaf258f77.e3iSbxaKaheRe34Pbx8Nc3aQci1ynknvrkLOlQzNp65In0 HTTP/1.1" 200 2
186.29.181.180 - - [06/Oct/2023:03:56:08 -0500] "POST /sipse/faces/presentacion/financiero/solicitudProceso/listarSolicitudProceso.xhtml HTTP/1.1" 200 30558
201.245.192.253 - - [06/Oct/2023:03:56:08 -0500] "POST /forms/lservlet;jsessionid=ac16012b30d6e3ac83cfa34d44e69cdfe83dd14ea1cd.e3iSbxaKaheRe34Pbx8Nc3aQci1ynknvrkLOlQzNp65In0 HTTP/1.1" 200 2
186.29.181.180 - - [06/Oct/2023:03:56:10 -0500] "POST /sipse/faces/presentacion/financiero/solicitudProceso/listarSolicitudProceso.xhtml HTTP/1.1" 200 31697
186.29.181.180 - - [06/Oct/2023:03:56:13 -0500] "POST /sipse/faces/presentacion/financiero/solicitudProceso/listarSolicitudProceso.xhtml HTTP/1.1" 200 10841
172.22.2.4 - - [06/Oct/2023:03:54:54 -0500] "HEAD /BLA/boletinlegal/ HTTP/1.1" 200 -
199.45.154.4 - - [06/Oct/2023:03:56:40 -0500] "GET / HTTP/1.1" 200 319
201.245.192.253 - - [06/Oct/2023:03:56:55 -0500] "POST /kwsrmcab/Wsrmcab  HTTP/1.1" 200 42851
216.245.221.92 - - [06/Oct/2023:03:57:10 -0500] "HEAD / HTTP/1.1" 200 -
172.22.2.4 - - [06/Oct/2023:03:55:44 -0500] "GET /BLA/boletinlegal/ HTTP/1.1" 200 57790
201.245.192.253 - - [06/Oct/2023:03:58:04 -0500] "POST /forms/lservlet;jsessionid=ac16012b30d631b237d665c3491e938ed2fcaf258f77.e3iSbxaKaheRe34Pbx8Nc3aQci1ynknvrkLOlQzNp65In0 HTTP/1.1" 200 2
201.245.192.253 - - [06/Oct/2023:03:58:08 -0500] "POST /forms/lservlet;jsessionid=ac16012b30d6e3ac83cfa34d44e69cdfe83dd14ea1cd.e3iSbxaKaheRe34Pbx8Nc3aQci1ynknvrkLOlQzNp65In0 HTTP/1.1" 200 2
201.245.192.253 - - [06/Oct/2023:04:00:04 -0500] "POST /forms/lservlet;jsessionid=ac16012b30d631b237d665c3491e938ed2fcaf258f77.e3iSbxaKaheRe34Pbx8Nc3aQci1ynknvrkLOlQzNp65In0 HTTP/1.1" 200 2
201.245.192.253 - - [06/Oct/2023:04:00:08 -0500] "POST /forms/lservlet;jsessionid=ac16012b30d6e3ac83cfa34d44e69cdfe83dd14ea1cd.e3iSbxaKaheRe34Pbx8Nc3aQci1ynknvrkLOlQzNp65In0 HTTP/1.1" 200 2
171.67.71.144 - - [06/Oct/2023:04:01:07 -0500] "GET / HTTP/1.1" 200 319
201.245.192.253 - - [06/Oct/2023:04:01:52 -0500] "POST /kwsrmcab/Wsrmcab  HTTP/1.1" 200 42851
201.245.192.253 - - [06/Oct/2023:04:02:04 -0500] "POST /forms/lservlet;jsessionid=ac16012b30d631b237d665c3491e938ed2fcaf258f77.e3iSbxaKaheRe34Pbx8Nc3aQci1ynknvrkLOlQzNp65In0 HTTP/1.1" 200 2
201.245.192.253 - - [06/Oct/2023:04:02:08 -0500] "POST /forms/lservlet;jsessionid=ac16012b30d6e3ac83cfa34d44e69cdfe83dd14ea1cd.e3iSbxaKaheRe34Pbx8Nc3aQci1ynknvrkLOlQzNp65In0 HTTP/1.1" 200 2
216.245.221.92 - - [06/Oct/2023:04:02:10 -0500] "HEAD / HTTP/1.1" 200 -
172.22.2.4 - - [06/Oct/2023:04:00:43 -0500] "HEAD /BLA/boletinlegal/ HTTP/1.1" 200 -
172.22.2.4 - - [06/Oct/2023:04:01:34 -0500] "GET /BLA/boletinlegal/ HTTP/1.1" 200 58187
80.66.88.204 - - [06/Oct/2023:04:04:02 -0500] "\x03" 400 226
201.245.192.253 - - [06/Oct/2023:04:04:04 -0500] "POST /forms/lservlet;jsessionid=ac16012b30d631b237d665c3491e938ed2fcaf258f77.e3iSbxaKaheRe34Pbx8Nc3aQci1ynknvrkLOlQzNp65In0 HTTP/1.1" 200 2
201.245.192.253 - - [06/Oct/2023:04:04:08 -0500] "POST /forms/lservlet;jsessionid=ac16012b30d6e3ac83cfa34d44e69cdfe83dd14ea1cd.e3iSbxaKaheRe34Pbx8Nc3aQci1ynknvrkLOlQzNp65In0 HTTP/1.1" 200 2
172.22.2.4 - - [06/Oct/2023:04:04:17 -0500] "GET /BLA/boletinlegal/robots.txt HTTP/1.1" 404 1037
172.22.2.4 - - [06/Oct/2023:04:04:17 -0500] "GET /BLA/boletinlegal/Circulares/2022/CIRCULAR%20No.%2000009%20DEL%2010%20DE%20OCTUBRE%20DEL%202022.pdf HTTP/1.1" 200 292772
216.244.66.195 - - [06/Oct/2023:04:04:27 -0500] "GET /BLA/resoluciones/AUTOS%202014/0141.pdf HTTP/1.1" 200 497836
216.244.66.195 - - [06/Oct/2023:04:04:58 -0500] "GET /BLA/resoluciones/AUTOS%202014/0865.pdf HTTP/1.1" 200 378768
52.167.144.221 - - [06/Oct/2023:04:05:27 -0500] "GET /BLA/resoluciones/RESOLUCIONES%202021/0642.pdf HTTP/1.1" 200 390129
216.244.66.195 - - [06/Oct/2023:04:05:48 -0500] "GET /BLA/resoluciones/AUTOS%202014/1381.pdf HTTP/1.1" 200 484610
201.245.192.253 - - [06/Oct/2023:04:06:05 -0500] "POST /forms/lservlet;jsessionid=ac16012b30d631b237d665c3491e938ed2fcaf258f77.e3iSbxaKaheRe34Pbx8Nc3aQci1ynknvrkLOlQzNp65In0 HTTP/1.1" 200 2
201.245.192.253 - - [06/Oct/2023:04:06:08 -0500] "POST /forms/lservlet;jsessionid=ac16012b30d6e3ac83cfa34d44e69cdfe83dd14ea1cd.e3iSbxaKaheRe34Pbx8Nc3aQci1ynknvrkLOlQzNp65In0 HTTP/1.1" 200 2
216.244.66.195 - - [06/Oct/2023:04:06:38 -0500] "GET /BLA/resoluciones/AUTOS%202014/1688.pdf HTTP/1.1" 200 435066
201.245.192.253 - - [06/Oct/2023:04:06:51 -0500] "POST /kwsrmcab/Wsrmcab  HTTP/1.1" 200 42851
173.252.83.9 - - [06/Oct/2023:04:06:53 -0500] "GET /como-debe-ser-el-manejo-del-ruido-en-bogota.html HTTP/1.1" 200 765
216.245.221.92 - - [06/Oct/2023:04:07:10 -0500] "HEAD / HTTP/1.1" 200 -
216.244.66.195 - - [06/Oct/2023:04:07:27 -0500] "GET /BLA/resoluciones/AUTOS%202014/1696.pdf HTTP/1.1" 200 371010
201.245.192.253 - - [06/Oct/2023:04:08:05 -0500] "POST /forms/lservlet;jsessionid=ac16012b30d631b237d665c3491e938ed2fcaf258f77.e3iSbxaKaheRe34Pbx8Nc3aQci1ynknvrkLOlQzNp65In0 HTTP/1.1" 200 2
201.245.192.253 - - [06/Oct/2023:04:08:08 -0500] "POST /forms/lservlet;jsessionid=ac16012b30d6e3ac83cfa34d44e69cdfe83dd14ea1cd.e3iSbxaKaheRe34Pbx8Nc3aQci1ynknvrkLOlQzNp65In0 HTTP/1.1" 200 2
216.244.66.195 - - [06/Oct/2023:04:08:13 -0500] "GET /BLA/resoluciones/AUTOS%202014/2002.pdf HTTP/1.1" 200 194400
172.22.2.4 - - [06/Oct/2023:04:06:33 -0500] "HEAD /BLA/boletinlegal/ HTTP/1.1" 200 -
216.244.66.195 - - [06/Oct/2023:04:08:46 -0500] "GET /BLA/resoluciones/AUTOS%202014/2791.pdf HTTP/1.1" 200 450553
66.249.66.20 - - [06/Oct/2023:04:08:47 -0500] "GET /robots.txt HTTP/1.1" 404 1018
66.249.66.19 - - [06/Oct/2023:04:08:47 -0500] "GET /BLA/resoluciones/RESOLUCIONES%202007/RES%202007%202801%20AL%202900/RESOLUCION%202834%20DE%202007.pdf HTTP/1.1" 200 114978
172.22.2.4 - - [06/Oct/2023:04:07:24 -0500] "GET /BLA/boletinlegal/ HTTP/1.1" 200 60342
216.244.66.195 - - [06/Oct/2023:04:09:36 -0500] "GET /BLA/resoluciones/AUTOS%202017/3901.pdf HTTP/1.1" 200 332760
201.245.192.253 - - [06/Oct/2023:04:10:05 -0500] "POST /forms/lservlet;jsessionid=ac16012b30d631b237d665c3491e938ed2fcaf258f77.e3iSbxaKaheRe34Pbx8Nc3aQci1ynknvrkLOlQzNp65In0 HTTP/1.1" 200 2
201.245.192.253 - - [06/Oct/2023:04:10:08 -0500] "POST /forms/lservlet;jsessionid=ac16012b30d6e3ac83cfa34d44e69cdfe83dd14ea1cd.e3iSbxaKaheRe34Pbx8Nc3aQci1ynknvrkLOlQzNp65In0 HTTP/1.1" 200 2
216.244.66.195 - - [06/Oct/2023:04:10:25 -0500] "GET /BLA/resoluciones/AUTOS%202017/4903.pdf HTTP/1.1" 200 878776
52.167.144.221 - - [06/Oct/2023:04:10:28 -0500] "GET /BLA/resoluciones/RESOLUCIONES%202021/0758.pdf HTTP/1.1" 200 501792
216.244.66.195 - - [06/Oct/2023:04:11:15 -0500] "GET /BLA/resoluciones/RESOLUCIONES%202011/0307.pdf HTTP/1.1" 200 85617
216.244.66.195 - - [06/Oct/2023:04:11:46 -0500] "GET /BLA/resoluciones/RESOLUCIONES%202011/0314.pdf HTTP/1.1" 200 362765
201.245.192.253 - - [06/Oct/2023:04:11:49 -0500] "POST /kwsrmcab/Wsrmcab  HTTP/1.1" 200 42851
201.245.192.253 - - [06/Oct/2023:04:12:05 -0500] "POST /forms/lservlet;jsessionid=ac16012b30d631b237d665c3491e938ed2fcaf258f77.e3iSbxaKaheRe34Pbx8Nc3aQci1ynknvrkLOlQzNp65In0 HTTP/1.1" 200 2
201.245.192.253 - - [06/Oct/2023:04:12:08 -0500] "POST /forms/lservlet;jsessionid=ac16012b30d6e3ac83cfa34d44e69cdfe83dd14ea1cd.e3iSbxaKaheRe34Pbx8Nc3aQci1ynknvrkLOlQzNp65In0 HTTP/1.1" 200 2
216.245.221.92 - - [06/Oct/2023:04:12:10 -0500] "HEAD / HTTP/1.1" 200 -
216.244.66.195 - - [06/Oct/2023:04:12:34 -0500] "GET /BLA/resoluciones/RESOLUCIONES%202011/0348%20.PDF HTTP/1.1" 200 62074
216.244.66.195 - - [06/Oct/2023:04:13:05 -0500] "GET /BLA/resoluciones/RESOLUCIONES%202011/0522.pdf HTTP/1.1" 200 341446
216.244.66.195 - - [06/Oct/2023:04:13:46 -0500] "GET /BLA/resoluciones/RESOLUCIONES%202011/0581.pdf HTTP/1.1" 200 77913
172.22.2.4 - - [06/Oct/2023:04:12:23 -0500] "HEAD /BLA/boletinlegal/ HTTP/1.1" 200 -
201.245.192.253 - - [06/Oct/2023:04:14:05 -0500] "POST /forms/lservlet;jsessionid=ac16012b30d631b237d665c3491e938ed2fcaf258f77.e3iSbxaKaheRe34Pbx8Nc3aQci1ynknvrkLOlQzNp65In0 HTTP/1.1" 200 2
201.245.192.253 - - [06/Oct/2023:04:14:08 -0500] "POST /forms/lservlet;jsessionid=ac16012b30d6e3ac83cfa34d44e69cdfe83dd14ea1cd.e3iSbxaKaheRe34Pbx8Nc3aQci1ynknvrkLOlQzNp65In0 HTTP/1.1" 200 2
216.244.66.195 - - [06/Oct/2023:04:14:18 -0500] "GET /BLA/resoluciones/RESOLUCIONES%202011/0680.pdf HTTP/1.1" 200 66557
216.244.66.195 - - [06/Oct/2023:04:14:46 -0500] "GET /BLA/resoluciones/RESOLUCIONES%202011/0684.pdf HTTP/1.1" 200 72427
172.22.2.4 - - [06/Oct/2023:04:13:15 -0500] "GET /BLA/boletinlegal/ HTTP/1.1" 200 60342
216.244.66.195 - - [06/Oct/2023:04:15:17 -0500] "GET /BLA/resoluciones/RESOLUCIONES%202011/0700.pdf HTTP/1.1" 200 76001
216.244.66.195 - - [06/Oct/2023:04:15:44 -0500] "GET /BLA/resoluciones/RESOLUCIONES%202011/0745.pdf HTTP/1.1" 200 417002
201.245.192.253 - - [06/Oct/2023:04:16:05 -0500] "POST /forms/lservlet;jsessionid=ac16012b30d631b237d665c3491e938ed2fcaf258f77.e3iSbxaKaheRe34Pbx8Nc3aQci1ynknvrkLOlQzNp65In0 HTTP/1.1" 200 2
201.245.192.253 - - [06/Oct/2023:04:16:08 -0500] "POST /forms/lservlet;jsessionid=ac16012b30d6e3ac83cfa34d44e69cdfe83dd14ea1cd.e3iSbxaKaheRe34Pbx8Nc3aQci1ynknvrkLOlQzNp65In0 HTTP/1.1" 200 2
216.244.66.195 - - [06/Oct/2023:04:16:12 -0500] "GET /BLA/resoluciones/RESOLUCIONES%202011/0982.pdf HTTP/1.1" 200 82289
216.244.66.195 - - [06/Oct/2023:04:16:37 -0500] "GET /BLA/resoluciones/RESOLUCIONES%202011/1137.pdf HTTP/1.1" 200 360015
201.245.192.253 - - [06/Oct/2023:04:16:48 -0500] "POST /kwsrmcab/Wsrmcab  HTTP/1.1" 200 42851
216.244.66.195 - - [06/Oct/2023:04:17:01 -0500] "GET /BLA/resoluciones/RESOLUCIONES%202011/1146.pdf HTTP/1.1" 200 269064
216.245.221.92 - - [06/Oct/2023:04:17:10 -0500] "HEAD / HTTP/1.1" 200 -
216.244.66.195 - - [06/Oct/2023:04:17:25 -0500] "GET /BLA/resoluciones/RESOLUCIONES%202011/1391.pdf HTTP/1.1" 200 69981
201.245.192.253 - - [06/Oct/2023:04:17:36 -0500] "POST /kwsrmcab/Wsrmcab HTTP/1.1" 200 42844
201.245.192.253 - - [06/Oct/2023:04:17:39 -0500] "POST /kwsrmcab/Wsrmcab HTTP/1.1" 200 43194
201.245.192.253 - - [06/Oct/2023:04:18:05 -0500] "POST /forms/lservlet;jsessionid=ac16012b30d631b237d665c3491e938ed2fcaf258f77.e3iSbxaKaheRe34Pbx8Nc3aQci1ynknvrkLOlQzNp65In0 HTTP/1.1" 200 2
201.245.192.253 - - [06/Oct/2023:04:18:08 -0500] "POST /forms/lservlet;jsessionid=ac16012b30d6e3ac83cfa34d44e69cdfe83dd14ea1cd.e3iSbxaKaheRe34Pbx8Nc3aQci1ynknvrkLOlQzNp65In0 HTTP/1.1" 200 2
172.22.2.4 - - [06/Oct/2023:04:18:14 -0500] "HEAD /BLA/boletinlegal/ HTTP/1.1" 200 -
201.245.192.253 - - [06/Oct/2023:04:20:05 -0500] "POST /forms/lservlet;jsessionid=ac16012b30d631b237d665c3491e938ed2fcaf258f77.e3iSbxaKaheRe34Pbx8Nc3aQci1ynknvrkLOlQzNp65In0 HTTP/1.1" 200 2
201.245.192.253 - - [06/Oct/2023:04:20:08 -0500] "POST /forms/lservlet;jsessionid=ac16012b30d6e3ac83cfa34d44e69cdfe83dd14ea1cd.e3iSbxaKaheRe34Pbx8Nc3aQci1ynknvrkLOlQzNp65In0 HTTP/1.1" 200 2
172.22.2.4 - - [06/Oct/2023:04:19:05 -0500] "GET /BLA/boletinlegal/ HTTP/1.1" 200 60342
186.102.21.166 - - [06/Oct/2023:04:21:37 -0500] "GET /kwssiamovil/sm/ldap/au?x=U2FsdGVkX1/VdA+AqwTcq/PrmkZb9jNxlTngP2/5WWtN+Jvnyw3+LQhn8ouaIPH1&y=U2FsdGVkX1/1wgTSpaRiZ4lBvbTsgJsw2FfCtnp7FS8= HTTP/1.1" 200 30
186.102.21.166 - - [06/Oct/2023:04:21:37 -0500] "GET /kwssiamovil/sm/acme/s?s=U2FsdGVkX1+wrq7zoroJNaxkQ+e4KQOKXDSsxz12/zRBgVuZG50eMca+5IsRTE34nO2mVe9H2Mao2vS9oCllzeijOXBZOYhqwnmMcxIjZRs=&u=U2FsdGVkX18FLy5JDU7t2OGpV4kVAmvTRP5cDBmD5l8=&y=U2FsdGVkX1/1wgTSpaRiZ4lBvbTsgJsw2FfCtnp7FS8= HTTP/1.1" 200 97
186.102.21.166 - - [06/Oct/2023:04:21:37 -0500] "GET /kwssiamovil/sm/acme/s?s=U2FsdGVkX192dEY8l3HuD3uxiu4KMbOcGK729dFIISJ035sy4aDDPtotjTCH7Yi/hddJYAOX+IfupDnNatYWUjc6WHouIytAF0MENTv5mDesdiAzYre4JadeBFoy7u5mHTuCGMvFNOebqutOkgsgm3S33xMMO9WIShQmYKAz+5yvQAU1JL90veOo+HVMpqGlwaUsJVRiSGJFhaRyI7Ko7gVrs9IzctgR+yGc71dgEuFbg8VHQXOpsPqIxpqX00JqALWtHIXu6LkHjCeFq/iU1uQis5eE0WmSOGqeldXCSxQt8yPB5tqCTyh+PjOaq2jKE8d0jGTEBRkxD6rYaPR7hgWU3wQMMNlYcIqIyU5J3xOBZCRg/fsrxBV8j8X2knjS602b035aYSvT9tupUnFPb01Hxh4CZrqTc6sR8hPTQUajPuE8cQDNTf0UaHRvxwhFfJT4a3g9TqKlZw82gNGrJ8CyOiO4meVys1KGyFS3Pg7N2lwalkfWxTr9hqRLqdi0vhvyMhVorqZcaTHPifx8L4YCbxZfT85KL1SzmFBPXkS6YGE1qHwy0YP3mx2HIHG9ye8fWjjRnu2Ujofywnl0uxiAamtT/bjdeb6LYo1dUYjUEZ09c4qsRcuU/RW6ujroj4wmCCkrIuc61cUe31ITJ8FbJVQFoh+UwbQ56AghltrWoA3SkRbIIltuy/1ANG/i3zAozrxv3I/FWfJ5NVw19fPsJ8buWQAa/hUXyNK/cVmiDbBtfHmhpoKYAvxXeOVjrpVSfxbzCxJ8IWP1NfNUT2NVfi0lsvzuvHirapu6DR27SwYBPtRy91Jcjjkv0GgvEPEjOKnc8hiB+TzXiYctTl/erfStihAGY1GQPf3ryDaUzQfUONr5lDZy12LePtrPXovEx5WeNHoeY3yoBKDbLtLmdEUVXhuFVgsy0kD1VI2ndm1MJgBjCYOhEN9DQCEtfuV4xdo1SkmmyegPRq93uElPDsI6CF4ynmVTO0KmdLyEsp2t2fgtWZtPIzpOvpYnX/sJocV9yMLDFMAFz0ymeag9jpbS+SYRcx1wNkFg9Zhk0QJIPOV6nlnzrf/FO9LjcKbRbpngOBf3Hyq+e6fAztdFzFX5mqUAndT10/5PYwdjuYarvP2fH4lEqSJ7wgGPuaYcnZjNHGrx9QiaWO8HPNGWp7OVjaVoseiDE5EFpzxmLcbfJ2yFzxgr/mTrKWDHA7QfEpvRTziJOnN7tSJzCS0bWVNyRMl1BZvOElDCvPW+I4l03IeNCVgSW6FLDiiLGIu2o8y30bgQI/tRi0R+qm37MijcrHQrcf3sVAHK1I5j1hR/LQjn0qWB9dEvVonA2EP42rXitU8ZGjdu+NVPwEpReS8pmUj+16BDR87r7yHhCz5zPlG7n0/XwwtK/K+7dgvbZUGph7ukm4rTgliPTwZ+L5RAVZYopvnowHuGP14=&u=U2FsdGVkX18FLy5JDU7t2OGpV4kVAmvTRP5cDBmD5l8=&y=U2FsdGVkX1/1wgTSpaRiZ4lBvbTsgJsw2FfCtnp7FS8= HTTP/1.1" 200 395
186.102.21.166 - - [06/Oct/2023:04:21:38 -0500] "GET /kwssiamovil/sm/acme/s?s=U2FsdGVkX1/Kp+oHYyHe+MMsHZxgdpjVAtl33vO6jnL7P2G3HR78H7kVszHoyxoBmlg96BmC00leQEhw1tMmSXWl+NCq697yvwA8D+s+qgFMhYHcqsAc/VwzyTEZ8PoFyaFaxOKn55itUS4y+A+I0buToSQrB3FV5dvHR663wO0nmlKrFtiZCT0kqvfhbpeVn0+D3qF4ugHsDzSmNLm7CiBnjWLjGzbVbvlMdGibFQ1npcmrOMSeQsctbGfldj/2AE82hqfT3qlqabphnRQmlFBhGpO9QKZwEujkRp59+2IfvbzYZDKSyERnWZT5OSxyz52CuIjQwiR3FXabE1Y1UA==&u=U2FsdGVkX18FLy5JDU7t2OGpV4kVAmvTRP5cDBmD5l8=&y=U2FsdGVkX1/1wgTSpaRiZ4lBvbTsgJsw2FfCtnp7FS8= HTTP/1.1" 200 196
186.102.21.166 - - [06/Oct/2023:04:21:38 -0500] "GET /kwssiamovil/sm/cjson/pre?f=1&x=U2FsdGVkX1/VdA+AqwTcq/PrmkZb9jNxlTngP2/5WWtN+Jvnyw3+LQhn8ouaIPH1 HTTP/1.1" 200 31032
201.245.192.253 - - [06/Oct/2023:04:21:47 -0500] "POST /kwsrmcab/Wsrmcab  HTTP/1.1" 200 42851
186.102.21.166 - - [06/Oct/2023:04:21:49 -0500] "GET /kwssiamovil/sm/acme/a?s=U2FsdGVkX1+/8iRhQo9oAQdElRNs8wTPELac8vd6XcolYe84/Xs/pnnbfGj+iC5ta/ubwYutz7C9//P3ktbDyhC5Smmg0JAUya411JnNgFrpoBGIrKo68lHaWygEOFcvLEbq/vxkY9iXPWZxtpBhHnN01jfQDJv8GxsDr7qZyCjE8Z7YDt2S6brQkBkqyvqUyVb/fG0qH3iSbsY4P+CT/8KWAUgvDsD1nl0UeGZ/WdsSLoQy6+6bxTj7jKDd54SXDPXg5nJ+ca46QsyVl8PLpw==&u=U2FsdGVkX18FLy5JDU7t2OGpV4kVAmvTRP5cDBmD5l8=&y=U2FsdGVkX1/1wgTSpaRiZ4lBvbTsgJsw2FfCtnp7FS8= HTTP/1.1" 200 26
186.102.21.166 - - [06/Oct/2023:04:21:50 -0500] "GET /kwssiamovil/sm/acme/a?s=U2FsdGVkX19b2Obmr8e9ozfX92grCsdpDJMs2T/LTZnHVijeH3SlgGElzfpU7SpKjV8B3/HYqdtycwZynQaZd8HA4gVnZLPy2TRBuQS6E/lXU9Txdm5ZxYFsjsc8/krNM2sOSQIysV5AL924B7kb8fDr7DYDsooFrjr1UupwrT4Rg/JnWKrjpuhVBq6YEGkUn0bFzUkI+JDoxVCfqs/h22XkpuhjSxmPG41v261lmPX93Xof7AnEMd8vpaFxFhFfC7FvJApwhkck2+SarPA1KImvdbPUYPfnA1/0ZVK1TSIEQN5RvKivd+ei/3TJz09pt+3s+bBM+v0gr2mllSygxOaHl1MY6N1xyKGneFDJSHVeoko0wN7FnBckOs5i3oBTJyvyl89vjkQMl9YTr6fMSbIwZHOGhESLVKw2ftBI+Ll95H6TYcHiiRn8RNtfWfXLUkqo+bsqZHt4x6J4FwQKNh2swzUkcDHuT6crkrMVoqZyfI4Yo6YEeA5+RWgJe4D+aEnymlJsrbiN/ZRz7N2mQKmlxuUdkDCd0//ZR3pBJvvBj2KrRoMH49ntkoWA4iF9t9ynLC6t6l3Mjh6H4YzLW4yfTEBnOC4F0E03I4RMoWqVYm8UgApvpOyC6qtj1PABxyfkU33ej7xvF0T3+rHdOV12iYwHh/P3Z7HUFB5KNpGXWqLYbvZY5KGtlsYYwzgfSpUhFiMbyM6BCFuFb0mTQSYyUz/tDYAvc3ErkmqsnPievWzZrGES5LYc2G4bNg6f7rlKf1I4+8KlqMQ7nhjphIFaCj+WkXQwnevnWPSEG5XFsJtjOkh/ZT9Q7WCTH8tuXd88mQ20jJBxNoTvix6Z3VuSLo+B0e1nu1oWUJOhaCFG9pGOwz8avSTHlUZgjAIiUBRCgYLTRPIHsk8csKtYL2OkhzaJNVmHoedZIiJfSWmJt3J43dTaRsdI9b1WRU+3Bhaifi1KN57KqxtYqroce8x24FjpmlGGKzs2PtaEtxuAA+F+l2TBUVpXwHq/XHijYSOdl1CnRC9feRAam7AT0b8X6T3GYbAG7OdkxCyAGE+EQCnIeBr92gP0Kj26H06q5bpopQwf3MytyxPzy6mzsywahYfMBVaoioZBfrgDYZfDpg9tMQYvcR4U1q03VDpHXAoKKUoi/22xZEgokccAMsUevX8IYxH5VbhEhXjNM1iEbpGia8Y0c9qrJdZyRl6lIWRK8Nsf+Nf/eu4SAs84PrCVcR6mELc2tCzTDkT+YsFE85Bhkq72NWFJH3MeneQdyapEL4+9IrvyAm/76DB77OtGMniDvloe6ZkhpttpAAtvnsqvLpbibIMw3f/hDpj76sI6Xbt05GbrWnNF7+79AR2ZptftjETwGJdGYa6uYOYZb02XZs8DB6vJ7c0z38uIPqLwzVrD3DB6SughkQ/HnCRqIYDLd7RShf6TxUSo905S3yw8oqA3ehETcyG1EwmfBoMIaImsuKor2WfUyFb+RK9pHN4WUv0TWSPpCoHHTRl6s0u5cHt2yw/1ZzaebuQOaGlMV5SD+mAfsUO3WIVLXNfbJws6uL4HTV5kgSLOSndNJx4gW/73I2i2FV9yeZXrf2QYLcghqjAVGER13Li9x9Tx/DsCdrrd34qkOKuVTqmCSWe8cpKrwIGC+dsPSRaWAVmrGry/Ju8duFSRsQKzFJh4XDBWwOoKDIKlqe9HpS8dignmKt1hnC859eTVzTxP5uN/swttD3yT6VQrKu7xbucI+1G4v11BIMtFA3KCP6WqgxH8IDvoAI09f9gOSRW2jvkleSKsvkKQNxNZ+6Uy93yjnZ7kRi5VVEPP1tpzKcAvnE/99wpgwHVGkCLVZaytw3x3Bdy0ouIryQfe3mqRlZzpgiYpjb6ait6qTQ96Tan7J8ctrmsGcj0AWuNUv8CvWRRLHRSp8tTB6JN/beiQIWvDH5uGHBCu/caPwdFYiAyXBPl8M+uIBqmjzti48+zXY+0YZkZV9KG/+p5tevJEZ/Gi9P5oQw/ugLxQnSlQNNX8YLD+2uzUricHftESwGRsdLO4yXVoSJuQrtTc6xB7QmyLUOjl0OZHfxVESHlJB70uZp7eBTAqYB0xnthS90NGBUeIC1BLbA7N/jJ1W7U2uZoVkr9HZamKn2KgJ/CxqT/p/0KHholrO4WxvIIiskl4ciwYqTN63nMeojHh+9o5mtG7l9QeXVoR4UlsJz1EkcuxKdq9FaxlH+llLCFt9fLpJFWDQSCQDA6yCSEEOHumTP3BdEVSSXkHBE2YDkA6+7+voDtHvEAS2Fij0sOdM1Y1Q11cjeHwSJkeqNLO6ZE9J47ZnV/dUjKT666Do1MEc0KEjF2hsA/E60lQV9f2BagzYT+axqb3dFg8HBK8yWKoRSCyZqC9qSgNu3gfvz1N5LjL4CDrttrr2JMs9P5DOwpqRu9UgB2uOkC+AfcJYrGCt/rg+L/vqT8MauJKssG72Gk=&u=U2FsdGVkX18FLy5JDU7t2OGpV4kVAmvTRP5cDBmD5l8=&y=U2FsdGVkX1/1wgTSpaRiZ4lBvbTsgJsw2FfCtnp7FS8= HTTP/1.1" 200 4419
