216.245.221.92 - - [06/Oct/2023:12:32:09 -0500] "HEAD / HTTP/1.1" 200 -
201.245.192.253 - - [06/Oct/2023:12:32:18 -0500] "POST /forms/lservlet;jsessionid=ac16012b30d631b237d665c3491e938ed2fcaf258f77.e3iSbxaKaheRe34Pbx8Nc3aQci1ynknvrkLOlQzNp65In0 HTTP/1.1" 200 2
201.245.192.253 - - [06/Oct/2023:12:32:18 -0500] "POST /forms/lservlet;jsessionid=ac16012b30d6e3ac83cfa34d44e69cdfe83dd14ea1cd.e3iSbxaKaheRe34Pbx8Nc3aQci1ynknvrkLOlQzNp65In0 HTTP/1.1" 200 2
186.102.60.41 - - [06/Oct/2023:12:32:22 -0500] "GET /kwssiamovil/sm/acme/u?s=U2FsdGVkX1/UKtUfq8+d3/IuAzm93xYVwXYQQCk8oYbl9GB2aCwyghwsvp1US9FBd+qD6AsVK/PDWnUyy87RWyStwe+o1gcNOzppchuYZvnM2dY9uJrcVi2jJFH1yznBgrAc4h8R2hMVgs555/J4hVAVwvR5sG3nkE2Pc6PW678=&u=U2FsdGVkX19nlFIhCoNDLq9rheB3IBtCXSKuDSrC9+o=&y=U2FsdGVkX1+KPinWLc9SB8JKWJJCfacOGpfqsebDwnGs/hhJvJc4Yn6A1iSI1Gbt HTTP/1.1" 200 70
186.102.60.41 - - [06/Oct/2023:12:32:28 -0500] "GET /kwssiamovil/sm/acme/u?s=U2FsdGVkX1/7lZQqHWTGJttx0C+avYfBCyIyerRiNmmmjIv4JPlUnSV4c2TQf3yfTtiAeLQUCsHZchw3x3DbiDA1HeIlyJJrhnZwT840TXdPVYpFEy3aHqkUB6GVw87PBvqqKJYvn/XmCNJa7uXdBm49vQK/HrH4GH1NlrFz89o=&u=U2FsdGVkX19nlFIhCoNDLq9rheB3IBtCXSKuDSrC9+o=&y=U2FsdGVkX1+KPinWLc9SB8JKWJJCfacOGpfqsebDwnGs/hhJvJc4Yn6A1iSI1Gbt HTTP/1.1" 200 60
173.252.107.7 - - [06/Oct/2023:12:32:52 -0500] "GET /voluntariado-ambiental-en-su-dia-exaltamos-la-labor-de-organizaciones-colectivos-y-ciudadanos-por-el-cuidado-de-nuestro-ambiente-en-bogota.html HTTP/1.1" 200 1024
181.189.25.57 - - [06/Oct/2023:12:34:00 -0500] "POST /sipse/faces/presentacion/financiero/solicitudProceso/listarSolicitudProceso.xhtml HTTP/1.1" 200 6028
201.245.192.253 - - [06/Oct/2023:12:34:18 -0500] "POST /forms/lservlet;jsessionid=ac16012b30d631b237d665c3491e938ed2fcaf258f77.e3iSbxaKaheRe34Pbx8Nc3aQci1ynknvrkLOlQzNp65In0 HTTP/1.1" 200 2
201.245.192.253 - - [06/Oct/2023:12:34:18 -0500] "POST /forms/lservlet;jsessionid=ac16012b30d6e3ac83cfa34d44e69cdfe83dd14ea1cd.e3iSbxaKaheRe34Pbx8Nc3aQci1ynknvrkLOlQzNp65In0 HTTP/1.1" 200 2
172.22.2.4 - - [06/Oct/2023:12:34:19 -0500] "GET /BLA/boletinlegal/Directivas/2018/Directiva%20No.%2027%20del%2028%20de%20diciembre%20de%202018.pdf HTTP/1.1" 304 -
66.249.66.193 - - [06/Oct/2023:12:34:29 -0500] "GET /un-respiro-para-el-ambiente-durante-la-jornada-de-dia-sin-carro-y-sin-moto.html HTTP/1.1" 304 -
201.245.192.253 - - [06/Oct/2023:12:34:42 -0500] "POST /kwsrmcab/Wsrmcab  HTTP/1.1" 200 42851
181.189.25.57 - - [06/Oct/2023:12:35:37 -0500] "POST /sipse/faces/presentacion/financiero/solicitudProceso/listarSolicitudProceso.xhtml HTTP/1.1" 200 60265
181.189.25.57 - - [06/Oct/2023:12:35:37 -0500] "GET /sipse/faces/javax.faces.resource/theme.css?ln=primefaces-sipse HTTP/1.1" 304 -
181.189.25.57 - - [06/Oct/2023:12:35:37 -0500] "GET /sipse/faces/javax.faces.resource/primefaces.css?ln=primefaces&v=4.0 HTTP/1.1" 304 -
181.189.25.57 - - [06/Oct/2023:12:35:37 -0500] "GET /sipse/faces/javax.faces.resource/layout/layout.css?ln=primefaces&v=4.0 HTTP/1.1" 304 -
181.189.25.57 - - [06/Oct/2023:12:35:37 -0500] "GET /sipse/faces/javax.faces.resource/jquery/jquery.js?ln=primefaces&v=4.0 HTTP/1.1" 304 -
181.189.25.57 - - [06/Oct/2023:12:35:37 -0500] "GET /sipse/faces/javax.faces.resource/jquery/jquery-plugins.js?ln=primefaces&v=4.0 HTTP/1.1" 304 -
181.189.25.57 - - [06/Oct/2023:12:35:37 -0500] "GET /sipse/faces/javax.faces.resource/primefaces.js?ln=primefaces&v=4.0 HTTP/1.1" 304 -
181.189.25.57 - - [06/Oct/2023:12:35:37 -0500] "GET /sipse/faces/javax.faces.resource/layout/layout.js?ln=primefaces&v=4.0 HTTP/1.1" 304 -
181.189.25.57 - - [06/Oct/2023:12:35:40 -0500] "POST /sipse/faces/presentacion/financiero/solicitudProceso/crearModificarSolicitudProceso.xhtml HTTP/1.1" 200 51769
181.189.25.57 - - [06/Oct/2023:12:35:45 -0500] "POST /sipse/faces/presentacion/financiero/solicitudProceso/crearModificarSolicitudProceso.xhtml HTTP/1.1" 200 25130
172.22.2.4 - - [06/Oct/2023:12:34:05 -0500] "HEAD /BLA/boletinlegal/ HTTP/1.1" 200 -
201.245.192.253 - - [06/Oct/2023:12:36:18 -0500] "POST /forms/lservlet;jsessionid=ac16012b30d631b237d665c3491e938ed2fcaf258f77.e3iSbxaKaheRe34Pbx8Nc3aQci1ynknvrkLOlQzNp65In0 HTTP/1.1" 200 2
201.245.192.253 - - [06/Oct/2023:12:36:18 -0500] "POST /forms/lservlet;jsessionid=ac16012b30d6e3ac83cfa34d44e69cdfe83dd14ea1cd.e3iSbxaKaheRe34Pbx8Nc3aQci1ynknvrkLOlQzNp65In0 HTTP/1.1" 200 2
216.244.66.195 - - [06/Oct/2023:12:36:22 -0500] "GET /BLA/resoluciones/RESOLUCIONES%202003/0763.pdf HTTP/1.1" 200 54893
216.244.66.195 - - [06/Oct/2023:12:36:27 -0500] "GET /BLA/resoluciones/RESOLUCIONES%202006/1837.pdf HTTP/1.1" 200 1180947
172.22.2.4 - - [06/Oct/2023:12:34:56 -0500] "GET /BLA/boletinlegal/ HTTP/1.1" 200 58187
172.22.2.4 - - [06/Oct/2023:12:36:40 -0500] "GET /BLA/boletinlegal/jurisprudencia/analisis/G__Jurisp.%20Junio%202014_ANALISIS%20JURISPRUDENCIA%20C-634-12%20DECOMISO.docx HTTP/1.1" 200 27045
216.244.66.195 - - [06/Oct/2023:12:36:56 -0500] "GET /BLA/resoluciones/RESOLUCIONES%202007/0022.pdf HTTP/1.1" 200 266471
216.245.221.92 - - [06/Oct/2023:12:37:09 -0500] "HEAD / HTTP/1.1" 200 -
216.244.66.195 - - [06/Oct/2023:12:37:16 -0500] "GET /BLA/resoluciones/RESOLUCIONES%202007/0797.pdf HTTP/1.1" 200 558299
52.167.144.204 - - [06/Oct/2023:12:37:37 -0500] "GET /BLA/resoluciones/index.php?dir=RESOLUCIONES+2002%2FRES+2002+1801-1850%2F HTTP/1.1" 200 12158
201.245.192.253 - - [06/Oct/2023:12:37:35 -0500] "POST /kwsrmcab/Wsrmcab HTTP/1.1" 200 42173
201.245.192.253 - - [06/Oct/2023:12:37:38 -0500] "POST /kwsrmcab/Wsrmcab HTTP/1.1" 200 43492
190.26.46.66 - - [06/Oct/2023:12:37:41 -0500] "GET /catalogoisis/ HTTP/1.1" 200 8575
190.26.46.66 - - [06/Oct/2023:12:37:41 -0500] "GET /catalogoisis/Css/Busqueda.css HTTP/1.1" 200 1995
190.26.46.66 - - [06/Oct/2023:12:37:41 -0500] "GET /catalogoisis/Js/AceptarLimpiar.js HTTP/1.1" 200 331
190.26.46.66 - - [06/Oct/2023:12:37:41 -0500] "GET /catalogoisis/Js/CriterioCombinada.js HTTP/1.1" 200 1843
190.26.46.66 - - [06/Oct/2023:12:37:41 -0500] "GET /catalogoisis/Js/Remote.js HTTP/1.1" 200 436
190.26.46.66 - - [06/Oct/2023:12:37:41 -0500] "GET /catalogoisis/Js/LimpiarCombinada.js HTTP/1.1" 200 207
190.26.46.66 - - [06/Oct/2023:12:37:41 -0500] "GET /catalogoisis/Js/Numero.js HTTP/1.1" 200 398
190.26.46.66 - - [06/Oct/2023:12:37:41 -0500] "GET /catalogoisis/Js/Go.js HTTP/1.1" 200 364
190.26.46.66 - - [06/Oct/2023:12:37:41 -0500] "GET /catalogoisis/Js/Enter.js HTTP/1.1" 200 1208
190.26.46.66 - - [06/Oct/2023:12:37:41 -0500] "GET /catalogoisis/imagenes/br1c1.gif HTTP/1.1" 200 172
190.26.46.66 - - [06/Oct/2023:12:37:41 -0500] "GET /catalogoisis/Js/Cookies.js HTTP/1.1" 200 1369
190.26.46.66 - - [06/Oct/2023:12:37:41 -0500] "GET /catalogoisis/imagenes/Header.gif HTTP/1.1" 200 27040
190.26.46.66 - - [06/Oct/2023:12:37:41 -0500] "GET /catalogoisis/imagenes/br1c3.gif HTTP/1.1" 200 302
190.26.46.66 - - [06/Oct/2023:12:37:41 -0500] "GET /catalogoisis/imagenes/aceptar1.gif HTTP/1.1" 200 604
190.26.46.66 - - [06/Oct/2023:12:37:41 -0500] "GET /catalogoisis/imagenes/Turnbo1.gif HTTP/1.1" 200 227
190.26.46.66 - - [06/Oct/2023:12:37:41 -0500] "GET /catalogoisis/imagenes/limpiar1.gif HTTP/1.1" 200 606
190.26.46.66 - - [06/Oct/2023:12:37:41 -0500] "GET /catalogoisis/imagenes/br3c1.gif HTTP/1.1" 200 177
190.26.46.66 - - [06/Oct/2023:12:37:41 -0500] "GET /catalogoisis/imagenes/br3c2.gif HTTP/1.1" 200 285
190.26.46.66 - - [06/Oct/2023:12:37:41 -0500] "GET /catalogoisis/imagenes/br3c3.gif HTTP/1.1" 200 186
190.26.46.66 - - [06/Oct/2023:12:37:41 -0500] "GET /catalogoisis/imagenes/br1c2.gif HTTP/1.1" 200 297
190.26.46.66 - - [06/Oct/2023:12:37:41 -0500] "GET /catalogoisis/imagenes/br2c1.gif HTTP/1.1" 200 297
190.26.46.66 - - [06/Oct/2023:12:37:41 -0500] "GET /catalogoisis/imagenes/br2c2.gif HTTP/1.1" 200 302
190.26.46.66 - - [06/Oct/2023:12:37:41 -0500] "GET /catalogoisis/imagenes/br2c3.gif HTTP/1.1" 200 416
190.26.46.66 - - [06/Oct/2023:12:37:41 -0500] "GET /favicon.ico HTTP/1.1" 200 7782
216.244.66.195 - - [06/Oct/2023:12:38:06 -0500] "GET /BLA/resoluciones/RESOLUCIONES%202011/2019.pdf HTTP/1.1" 200 2135797
66.249.66.193 - - [06/Oct/2023:12:38:09 -0500] "GET /distrito-avanza-con-la-plantacion-de-arboles-186-nuevos-individuos-fueron-sembrados-en-el-humedal-capellania.html HTTP/1.1" 200 990
201.245.192.253 - - [06/Oct/2023:12:38:18 -0500] "POST /forms/lservlet;jsessionid=ac16012b30d631b237d665c3491e938ed2fcaf258f77.e3iSbxaKaheRe34Pbx8Nc3aQci1ynknvrkLOlQzNp65In0 HTTP/1.1" 200 2
201.245.192.253 - - [06/Oct/2023:12:38:18 -0500] "POST /forms/lservlet;jsessionid=ac16012b30d6e3ac83cfa34d44e69cdfe83dd14ea1cd.e3iSbxaKaheRe34Pbx8Nc3aQci1ynknvrkLOlQzNp65In0 HTTP/1.1" 200 2
181.189.25.57 - - [06/Oct/2023:12:38:19 -0500] "POST /sipse/faces/presentacion/financiero/solicitudProceso/crearModificarSolicitudProceso.xhtml HTTP/1.1" 200 9520
190.26.46.66 - - [06/Oct/2023:12:38:23 -0500] "GET /catalogoisis/ HTTP/1.1" 200 8575
181.189.25.57 - - [06/Oct/2023:12:38:24 -0500] "POST /sipse/faces/presentacion/financiero/solicitudProceso/crearModificarSolicitudProceso.xhtml HTTP/1.1" 200 7326
190.26.46.66 - - [06/Oct/2023:12:38:26 -0500] "GET /catalogoisis/Diccionario.php?i=0&form=0&element=2&prefix=au-&first=yes HTTP/1.1" 200 4197
190.26.46.66 - - [06/Oct/2023:12:38:26 -0500] "GET /catalogoisis/Css/Diccionario.css HTTP/1.1" 200 1478
190.26.46.66 - - [06/Oct/2023:12:38:26 -0500] "GET /catalogoisis/Js/LimpiarDiccionario.js HTTP/1.1" 200 98
190.26.46.66 - - [06/Oct/2023:12:38:26 -0500] "GET /catalogoisis/Js/CriterioDiccionario.js HTTP/1.1" 200 608
190.26.46.66 - - [06/Oct/2023:12:38:26 -0500] "GET /catalogoisis/Js/Diccionario.js HTTP/1.1" 200 999
181.189.25.57 - - [06/Oct/2023:12:38:45 -0500] "POST /sipse/faces/presentacion/financiero/solicitudProceso/crearModificarSolicitudProceso.xhtml HTTP/1.1" 200 83470
181.189.25.57 - - [06/Oct/2023:12:38:46 -0500] "GET /sipse/faces/javax.faces.resource/theme.css?ln=primefaces-sipse HTTP/1.1" 304 -
181.189.25.57 - - [06/Oct/2023:12:38:46 -0500] "GET /sipse/faces/javax.faces.resource/primefaces.css?ln=primefaces&v=4.0 HTTP/1.1" 304 -
181.189.25.57 - - [06/Oct/2023:12:38:46 -0500] "GET /sipse/faces/javax.faces.resource/jquery/jquery.js?ln=primefaces&v=4.0 HTTP/1.1" 304 -
181.189.25.57 - - [06/Oct/2023:12:38:46 -0500] "GET /sipse/faces/javax.faces.resource/layout/layout.css?ln=primefaces&v=4.0 HTTP/1.1" 304 -
181.189.25.57 - - [06/Oct/2023:12:38:46 -0500] "GET /sipse/faces/javax.faces.resource/primefaces.js?ln=primefaces&v=4.0 HTTP/1.1" 304 -
181.189.25.57 - - [06/Oct/2023:12:38:46 -0500] "GET /sipse/faces/javax.faces.resource/jquery/jquery-plugins.js?ln=primefaces&v=4.0 HTTP/1.1" 304 -
181.189.25.57 - - [06/Oct/2023:12:38:46 -0500] "GET /sipse/faces/javax.faces.resource/layout/layout.js?ln=primefaces&v=4.0 HTTP/1.1" 304 -
190.26.46.66 - - [06/Oct/2023:12:38:46 -0500] "GET /catalogoisis/imagenes/aceptar2.gif HTTP/1.1" 200 586
190.26.46.66 - - [06/Oct/2023:12:38:48 -0500] "GET /catalogoisis/imagenes/aceptar2.gif HTTP/1.1" 200 586
190.26.46.66 - - [06/Oct/2023:12:38:48 -0500] "GET /catalogoisis/imagenes/aceptar2.gif HTTP/1.1" 200 586
181.189.25.57 - - [06/Oct/2023:12:38:49 -0500] "POST /sipse/faces/presentacion/financiero/solicitudProceso/crearModificarSolicitudProceso.xhtml HTTP/1.1" 200 6847
181.189.25.57 - - [06/Oct/2023:12:38:52 -0500] "POST /sipse/faces/presentacion/financiero/solicitudProceso/crearModificarSolicitudProceso.xhtml HTTP/1.1" 200 24606
181.189.25.57 - - [06/Oct/2023:12:38:52 -0500] "GET /sipse/faces/javax.faces.resource/primefaces.css?ln=primefaces&v=4.0 HTTP/1.1" 304 -
181.189.25.57 - - [06/Oct/2023:12:38:52 -0500] "GET /sipse/faces/javax.faces.resource/jquery/jquery.js?ln=primefaces&v=4.0 HTTP/1.1" 304 -
181.189.25.57 - - [06/Oct/2023:12:38:52 -0500] "GET /sipse/faces/javax.faces.resource/primefaces.js?ln=primefaces&v=4.0 HTTP/1.1" 304 -
181.189.25.57 - - [06/Oct/2023:12:38:52 -0500] "GET /sipse/faces/javax.faces.resource/layout/layout.css?ln=primefaces&v=4.0 HTTP/1.1" 304 -
181.189.25.57 - - [06/Oct/2023:12:38:52 -0500] "GET /sipse/faces/javax.faces.resource/jquery/jquery-plugins.js?ln=primefaces&v=4.0 HTTP/1.1" 304 -
181.189.25.57 - - [06/Oct/2023:12:38:52 -0500] "GET /sipse/faces/javax.faces.resource/theme.css?ln=primefaces-sipse HTTP/1.1" 304 -
181.189.25.57 - - [06/Oct/2023:12:38:52 -0500] "GET /sipse/faces/javax.faces.resource/layout/layout.js?ln=primefaces&v=4.0 HTTP/1.1" 304 -
190.26.46.66 - - [06/Oct/2023:12:38:53 -0500] "GET /catalogoisis/Diccionario.php?i=4&form=0&element=6&prefix=es-&first=yes HTTP/1.1" 200 4203
216.244.66.195 - - [06/Oct/2023:12:38:56 -0500] "GET /BLA/resoluciones/RESOLUCIONES%202013/2665.pdf HTTP/1.1" 200 388333
181.189.25.57 - - [06/Oct/2023:12:38:57 -0500] "POST /sipse/faces/presentacion/financiero/solicitudProyectoActividad/asociarProyectoSolicitud.xhtml HTTP/1.1" 200 6761
181.189.25.57 - - [06/Oct/2023:12:38:59 -0500] "POST /sipse/faces/presentacion/financiero/solicitudProyectoActividad/asociarProyectoSolicitud.xhtml HTTP/1.1" 200 1696
181.189.25.57 - - [06/Oct/2023:12:38:59 -0500] "POST /sipse/faces/presentacion/financiero/solicitudProyectoActividad/asociarProyectoSolicitud.xhtml HTTP/1.1" 200 77529
181.189.25.57 - - [06/Oct/2023:12:39:00 -0500] "GET /sipse/faces/javax.faces.resource/theme.css?ln=primefaces-sipse HTTP/1.1" 304 -
181.189.25.57 - - [06/Oct/2023:12:39:00 -0500] "GET /sipse/faces/javax.faces.resource/layout/layout.css?ln=primefaces&v=4.0 HTTP/1.1" 304 -
181.189.25.57 - - [06/Oct/2023:12:39:00 -0500] "GET /sipse/faces/javax.faces.resource/primefaces.css?ln=primefaces&v=4.0 HTTP/1.1" 304 -
181.189.25.57 - - [06/Oct/2023:12:39:00 -0500] "GET /sipse/faces/javax.faces.resource/jquery/jquery.js?ln=primefaces&v=4.0 HTTP/1.1" 304 -
181.189.25.57 - - [06/Oct/2023:12:39:00 -0500] "GET /sipse/faces/javax.faces.resource/jquery/jquery-plugins.js?ln=primefaces&v=4.0 HTTP/1.1" 304 -
181.189.25.57 - - [06/Oct/2023:12:39:00 -0500] "GET /sipse/faces/javax.faces.resource/primefaces.js?ln=primefaces&v=4.0 HTTP/1.1" 304 -
181.189.25.57 - - [06/Oct/2023:12:39:00 -0500] "GET /sipse/faces/javax.faces.resource/layout/layout.js?ln=primefaces&v=4.0 HTTP/1.1" 304 -
201.245.192.253 - - [06/Oct/2023:12:39:41 -0500] "POST /kwsrmcab/Wsrmcab  HTTP/1.1" 200 42851
216.244.66.195 - - [06/Oct/2023:12:39:44 -0500] "GET /BLA/resoluciones/RESOLUCIONES%202020/0017.pdf HTTP/1.1" 200 274388
181.189.25.57 - - [06/Oct/2023:12:39:47 -0500] "GET /sipse/faces/javax.faces.resource/images/ui-icons_898989_256x240.png?ln=primefaces-aristo HTTP/1.1" 304 -
181.189.25.57 - - [06/Oct/2023:12:39:49 -0500] "POST /sipse/faces/presentacion/financiero/solicitudProyectoActividad/asociarActividadSolicitud.xhtml HTTP/1.1" 200 20149
181.189.25.57 - - [06/Oct/2023:12:39:49 -0500] "GET /sipse/faces/javax.faces.resource/theme.css?ln=primefaces-sipse HTTP/1.1" 304 -
181.189.25.57 - - [06/Oct/2023:12:39:49 -0500] "GET /sipse/faces/javax.faces.resource/layout/layout.css?ln=primefaces&v=4.0 HTTP/1.1" 304 -
181.189.25.57 - - [06/Oct/2023:12:39:49 -0500] "GET /sipse/faces/javax.faces.resource/primefaces.css?ln=primefaces&v=4.0 HTTP/1.1" 304 -
181.189.25.57 - - [06/Oct/2023:12:39:49 -0500] "GET /sipse/faces/javax.faces.resource/jquery/jquery.js?ln=primefaces&v=4.0 HTTP/1.1" 304 -
181.189.25.57 - - [06/Oct/2023:12:39:49 -0500] "GET /sipse/faces/javax.faces.resource/jquery/jquery-plugins.js?ln=primefaces&v=4.0 HTTP/1.1" 304 -
181.189.25.57 - - [06/Oct/2023:12:39:49 -0500] "GET /sipse/faces/javax.faces.resource/primefaces.js?ln=primefaces&v=4.0 HTTP/1.1" 304 -
181.189.25.57 - - [06/Oct/2023:12:39:49 -0500] "GET /sipse/faces/javax.faces.resource/layout/layout.js?ln=primefaces&v=4.0 HTTP/1.1" 304 -
173.252.79.1 - - [06/Oct/2023:12:39:52 -0500] "GET /images/pl\xc3\xa1sticos%20foto%201..jpg HTTP/1.1" 404 1034
173.252.95.10 - - [06/Oct/2023:12:40:18 -0500] "GET /representantes-de-colombia-y-europa-se-reunieron-para-desarrollar-estrategias-innovadoras-en-la-gestion-del-plastico.html HTTP/1.1" 200 851
201.245.192.253 - - [06/Oct/2023:12:40:18 -0500] "POST /forms/lservlet;jsessionid=ac16012b30d631b237d665c3491e938ed2fcaf258f77.e3iSbxaKaheRe34Pbx8Nc3aQci1ynknvrkLOlQzNp65In0 HTTP/1.1" 200 2
201.245.192.253 - - [06/Oct/2023:12:40:18 -0500] "POST /forms/lservlet;jsessionid=ac16012b30d6e3ac83cfa34d44e69cdfe83dd14ea1cd.e3iSbxaKaheRe34Pbx8Nc3aQci1ynknvrkLOlQzNp65In0 HTTP/1.1" 200 2
216.244.66.195 - - [06/Oct/2023:12:40:28 -0500] "GET /BLA/resoluciones/RESOLUCIONES%202020/1158.pdf HTTP/1.1" 200 382020
181.189.25.57 - - [06/Oct/2023:12:40:50 -0500] "GET /sipse/faces/javax.faces.resource/theme.css?ln=primefaces-sipse HTTP/1.1" 304 -
181.189.25.57 - - [06/Oct/2023:12:40:50 -0500] "GET /sipse/faces/javax.faces.resource/layout/layout.css?ln=primefaces&v=4.0 HTTP/1.1" 304 -
181.189.25.57 - - [06/Oct/2023:12:40:50 -0500] "GET /sipse/faces/javax.faces.resource/primefaces.css?ln=primefaces&v=4.0 HTTP/1.1" 304 -
181.189.25.57 - - [06/Oct/2023:12:40:50 -0500] "GET /sipse/faces/javax.faces.resource/jquery/jquery.js?ln=primefaces&v=4.0 HTTP/1.1" 304 -
181.189.25.57 - - [06/Oct/2023:12:40:50 -0500] "GET /sipse/faces/javax.faces.resource/jquery/jquery-plugins.js?ln=primefaces&v=4.0 HTTP/1.1" 304 -
181.189.25.57 - - [06/Oct/2023:12:40:50 -0500] "GET /sipse/faces/javax.faces.resource/layout/layout.js?ln=primefaces&v=4.0 HTTP/1.1" 304 -
181.189.25.57 - - [06/Oct/2023:12:40:50 -0500] "GET /sipse/faces/javax.faces.resource/primefaces.js?ln=primefaces&v=4.0 HTTP/1.1" 304 -
181.189.25.57 - - [06/Oct/2023:12:40:50 -0500] "POST /sipse/faces/presentacion/financiero/solicitudProyectoActividad/asociarFuentesSolicitud.xhtml HTTP/1.1" 200 83703
216.244.66.195 - - [06/Oct/2023:12:41:18 -0500] "GET /BLA/resoluciones/RESOLUCIONES%202020/1515.pdf HTTP/1.1" 200 348510
172.22.2.4 - - [06/Oct/2023:12:41:33 -0500] "GET /BLA/boletinlegal/actos.php HTTP/1.1" 200 9682
172.22.2.4 - - [06/Oct/2023:12:41:33 -0500] "GET /BLA/boletinlegal/js/ajax_actos.js HTTP/1.1" 200 1322
172.22.2.4 - - [06/Oct/2023:12:41:33 -0500] "GET /BLA/boletinlegal/styles2.css HTTP/1.1" 200 1838
172.22.2.4 - - [06/Oct/2023:12:41:33 -0500] "GET /BLA/boletinlegal/niceforms-default.css HTTP/1.1" 200 6694
172.22.2.4 - - [06/Oct/2023:12:41:33 -0500] "GET /BLA/boletinlegal/style.css HTTP/1.1" 200 9406
172.22.2.4 - - [06/Oct/2023:12:41:33 -0500] "GET /BLA/boletinlegal/niceforms.js HTTP/1.1" 200 22876
172.22.2.4 - - [06/Oct/2023:12:41:33 -0500] "GET /BLA/boletinlegal/js/popup.js HTTP/1.1" 200 1270
172.22.2.4 - - [06/Oct/2023:12:41:33 -0500] "GET /BLA/boletinlegal/js/jquery1.js HTTP/1.1" 200 29846
172.22.2.4 - - [06/Oct/2023:12:41:33 -0500] "GET /BLA/boletinlegal/images/cabezote%20BLEGAL.jpg HTTP/1.1" 200 118164
172.22.2.4 - - [06/Oct/2023:12:41:33 -0500] "GET /BLA/boletinlegal/images/subscribe-icon-big.png HTTP/1.1" 200 47702
172.22.2.4 - - [06/Oct/2023:12:41:33 -0500] "GET /BLA/boletinlegal/images/historia.png HTTP/1.1" 200 52775
172.22.2.4 - - [06/Oct/2023:12:41:33 -0500] "GET /BLA/boletinlegal/js/lib.js HTTP/1.1" 200 6474
172.22.2.4 - - [06/Oct/2023:12:41:33 -0500] "GET /BLA/boletinlegal/images/registro-usuarios.png HTTP/1.1" 200 8106
172.22.2.4 - - [06/Oct/2023:12:41:33 -0500] "GET /BLA/boletinlegal/images/green-yellow-blue-pink-th.png HTTP/1.1" 200 7394
172.22.2.4 - - [06/Oct/2023:12:41:33 -0500] "GET /BLA/boletinlegal/images/tel.png HTTP/1.1" 200 14477
172.22.2.4 - - [06/Oct/2023:12:41:33 -0500] "GET /BLA/boletinlegal/images/icono-email.png HTTP/1.1" 200 5544
172.22.2.4 - - [06/Oct/2023:12:41:33 -0500] "GET /BLA/boletinlegal/images/body_bg.jpg HTTP/1.1" 200 1601
172.22.2.4 - - [06/Oct/2023:12:41:33 -0500] "GET /BLA/boletinlegal/images/menu_lft.gif HTTP/1.1" 200 1713
172.22.2.4 - - [06/Oct/2023:12:41:33 -0500] "GET /BLA/boletinlegal/images/menu_rght.gif HTTP/1.1" 200 1627
172.22.2.4 - - [06/Oct/2023:12:41:33 -0500] "GET /BLA/boletinlegal/images/bg_top.jpg HTTP/1.1" 200 522
172.22.2.4 - - [06/Oct/2023:12:41:33 -0500] "GET /BLA/boletinlegal/images/menu_bg.jpg HTTP/1.1" 200 620
172.22.2.4 - - [06/Oct/2023:12:41:33 -0500] "GET /BLA/boletinlegal/images/hover.jpg HTTP/1.1" 200 640
172.22.2.4 - - [06/Oct/2023:12:41:33 -0500] "GET /BLA/boletinlegal/images/text.jpg HTTP/1.1" 200 568
172.22.2.4 - - [06/Oct/2023:12:41:33 -0500] "GET /BLA/boletinlegal/images/footer_bg.jpg HTTP/1.1" 200 586
172.22.2.4 - - [06/Oct/2023:12:41:33 -0500] "GET /BLA/boletinlegal/images/footer_bg_l.jpg HTTP/1.1" 200 776
172.22.2.4 - - [06/Oct/2023:12:41:33 -0500] "GET /BLA/boletinlegal/img/0.png HTTP/1.1" 200 110
172.22.2.4 - - [06/Oct/2023:12:41:33 -0500] "GET /BLA/boletinlegal/img/select-left.png HTTP/1.1" 200 263
172.22.2.4 - - [06/Oct/2023:12:41:33 -0500] "GET /BLA/boletinlegal/img/select-right.png HTTP/1.1" 200 44019
172.22.2.4 - - [06/Oct/2023:12:41:33 -0500] "GET /BLA/boletinlegal/img/button.png HTTP/1.1" 200 43241
172.22.2.4 - - [06/Oct/2023:12:41:33 -0500] "GET /BLA/boletinlegal/img/button-left.png HTTP/1.1" 200 57071
172.22.2.4 - - [06/Oct/2023:12:41:33 -0500] "GET /BLA/boletinlegal/img/button-right.png HTTP/1.1" 200 57878
172.22.2.4 - - [06/Oct/2023:12:41:34 -0500] "GET /BLA/boletinlegal/favicon.ico HTTP/1.1" 404 1326
172.22.2.4 - - [06/Oct/2023:12:39:55 -0500] "HEAD /BLA/boletinlegal/ HTTP/1.1" 200 -
66.249.66.194 - - [06/Oct/2023:12:41:48 -0500] "GET /alcaldesa-claudia-lopez-inicio-plantacion-de-300-nuevos-arboles-en-el-humedal-torca-guaymaral-y-libero-49-animales-silvestres.html HTTP/1.1" 304 -
181.189.25.57 - - [06/Oct/2023:12:41:46 -0500] "POST /sipse/faces/presentacion/financiero/solicitudProceso/crearModificarSolicitudProceso.xhtml HTTP/1.1" 200 45535
181.189.25.57 - - [06/Oct/2023:12:41:52 -0500] "GET /sipse/faces/javax.faces.resource/theme.css?ln=primefaces-sipse HTTP/1.1" 304 -
181.189.25.57 - - [06/Oct/2023:12:41:52 -0500] "GET /sipse/faces/javax.faces.resource/primefaces.css?ln=primefaces&v=4.0 HTTP/1.1" 304 -
181.189.25.57 - - [06/Oct/2023:12:41:52 -0500] "GET /sipse/faces/javax.faces.resource/layout/layout.css?ln=primefaces&v=4.0 HTTP/1.1" 304 -
181.189.25.57 - - [06/Oct/2023:12:41:52 -0500] "GET /sipse/faces/javax.faces.resource/jquery/jquery.js?ln=primefaces&v=4.0 HTTP/1.1" 304 -
181.189.25.57 - - [06/Oct/2023:12:41:52 -0500] "GET /sipse/faces/javax.faces.resource/jquery/jquery-plugins.js?ln=primefaces&v=4.0 HTTP/1.1" 304 -
181.189.25.57 - - [06/Oct/2023:12:41:52 -0500] "GET /sipse/faces/javax.faces.resource/primefaces.js?ln=primefaces&v=4.0 HTTP/1.1" 304 -
181.189.25.57 - - [06/Oct/2023:12:41:52 -0500] "GET /sipse/faces/javax.faces.resource/layout/layout.js?ln=primefaces&v=4.0 HTTP/1.1" 304 -
216.244.66.195 - - [06/Oct/2023:12:42:08 -0500] "GET /BLA/resoluciones/RESOLUCIONES%202020/1737.pdf HTTP/1.1" 200 413293
216.245.221.92 - - [06/Oct/2023:12:42:09 -0500] "HEAD / HTTP/1.1" 200 -
201.245.192.253 - - [06/Oct/2023:12:42:18 -0500] "POST /forms/lservlet;jsessionid=ac16012b30d631b237d665c3491e938ed2fcaf258f77.e3iSbxaKaheRe34Pbx8Nc3aQci1ynknvrkLOlQzNp65In0 HTTP/1.1" 200 2
201.245.192.253 - - [06/Oct/2023:12:42:18 -0500] "POST /forms/lservlet;jsessionid=ac16012b30d6e3ac83cfa34d44e69cdfe83dd14ea1cd.e3iSbxaKaheRe34Pbx8Nc3aQci1ynknvrkLOlQzNp65In0 HTTP/1.1" 200 2
181.189.25.57 - - [06/Oct/2023:12:42:05 -0500] "POST /sipse/faces/presentacion/financiero/solicitudBienServicio/asociarBienServicioSolicitud.xhtml HTTP/1.1" 200 2720
172.22.2.4 - - [06/Oct/2023:12:40:46 -0500] "GET /BLA/boletinlegal/ HTTP/1.1" 200 60342
216.244.66.195 - - [06/Oct/2023:12:42:53 -0500] "GET /BLA/resoluciones/RESOLUCIONES%202020/2139.pdf HTTP/1.1" 200 432423
181.189.25.57 - - [06/Oct/2023:12:43:04 -0500] "POST /sipse/faces/presentacion/financiero/solicitudBienServicio/asociarBienServicioSolicitud.xhtml HTTP/1.1" 200 79491
181.189.25.57 - - [06/Oct/2023:12:43:04 -0500] "GET /sipse/faces/javax.faces.resource/theme.css?ln=primefaces-sipse HTTP/1.1" 304 -
181.189.25.57 - - [06/Oct/2023:12:43:04 -0500] "GET /sipse/faces/javax.faces.resource/primefaces.css?ln=primefaces&v=4.0 HTTP/1.1" 304 -
181.189.25.57 - - [06/Oct/2023:12:43:04 -0500] "GET /sipse/faces/javax.faces.resource/layout/layout.css?ln=primefaces&v=4.0 HTTP/1.1" 304 -
181.189.25.57 - - [06/Oct/2023:12:43:05 -0500] "GET /sipse/faces/javax.faces.resource/jquery/jquery.js?ln=primefaces&v=4.0 HTTP/1.1" 304 -
181.189.25.57 - - [06/Oct/2023:12:43:05 -0500] "GET /sipse/faces/javax.faces.resource/jquery/jquery-plugins.js?ln=primefaces&v=4.0 HTTP/1.1" 304 -
181.189.25.57 - - [06/Oct/2023:12:43:05 -0500] "GET /sipse/faces/javax.faces.resource/primefaces.js?ln=primefaces&v=4.0 HTTP/1.1" 304 -
181.189.25.57 - - [06/Oct/2023:12:43:05 -0500] "GET /sipse/faces/javax.faces.resource/layout/layout.js?ln=primefaces&v=4.0 HTTP/1.1" 304 -
181.189.25.57 - - [06/Oct/2023:12:43:19 -0500] "POST /sipse/faces/presentacion/financiero/solicitudProceso/crearModificarSolicitudProceso.xhtml HTTP/1.1" 200 38431
181.189.25.57 - - [06/Oct/2023:12:43:22 -0500] "GET /sipse/faces/javax.faces.resource/layout/layout.css?ln=primefaces&v=4.0 HTTP/1.1" 304 -
181.189.25.57 - - [06/Oct/2023:12:43:22 -0500] "GET /sipse/faces/javax.faces.resource/theme.css?ln=primefaces-sipse HTTP/1.1" 304 -
181.189.25.57 - - [06/Oct/2023:12:43:22 -0500] "GET /sipse/faces/javax.faces.resource/primefaces.css?ln=primefaces&v=4.0 HTTP/1.1" 304 -
181.189.25.57 - - [06/Oct/2023:12:43:22 -0500] "GET /sipse/faces/javax.faces.resource/jquery/jquery.js?ln=primefaces&v=4.0 HTTP/1.1" 304 -
181.189.25.57 - - [06/Oct/2023:12:43:22 -0500] "GET /sipse/faces/javax.faces.resource/jquery/jquery-plugins.js?ln=primefaces&v=4.0 HTTP/1.1" 304 -
181.189.25.57 - - [06/Oct/2023:12:43:22 -0500] "GET /sipse/faces/javax.faces.resource/primefaces.js?ln=primefaces&v=4.0 HTTP/1.1" 304 -
181.189.25.57 - - [06/Oct/2023:12:43:22 -0500] "GET /sipse/faces/javax.faces.resource/layout/layout.js?ln=primefaces&v=4.0 HTTP/1.1" 304 -
181.189.25.57 - - [06/Oct/2023:12:43:22 -0500] "POST /sipse/faces/presentacion/financiero/solicitudProceso/listarSolicitudProceso.xhtml HTTP/1.1" 200 1404
181.189.25.57 - - [06/Oct/2023:12:43:41 -0500] "POST /sipse/faces/presentacion/financiero/solicitudProceso/listarSolicitudProceso.xhtml HTTP/1.1" 200 3113
181.189.25.57 - - [06/Oct/2023:12:43:43 -0500] "POST /sipse/faces/presentacion/financiero/solicitudProceso/listarSolicitudProceso.xhtml HTTP/1.1" 200 5967
216.244.66.195 - - [06/Oct/2023:12:43:43 -0500] "GET /BLA/resoluciones/RESOLUCIONES%202020/2425.pdf HTTP/1.1" 200 395579
181.189.25.57 - - [06/Oct/2023:12:43:47 -0500] "POST /sipse/faces/presentacion/financiero/solicitudProceso/listarSolicitudProceso.xhtml HTTP/1.1" 200 121274
181.189.25.57 - - [06/Oct/2023:12:43:48 -0500] "GET /sipse/faces/javax.faces.resource/theme.css?ln=primefaces-sipse HTTP/1.1" 304 -
181.189.25.57 - - [06/Oct/2023:12:43:48 -0500] "GET /sipse/faces/javax.faces.resource/layout/layout.css?ln=primefaces&v=4.0 HTTP/1.1" 304 -
181.189.25.57 - - [06/Oct/2023:12:43:48 -0500] "GET /sipse/faces/javax.faces.resource/primefaces.css?ln=primefaces&v=4.0 HTTP/1.1" 304 -
181.189.25.57 - - [06/Oct/2023:12:43:48 -0500] "GET /sipse/faces/javax.faces.resource/jquery/jquery.js?ln=primefaces&v=4.0 HTTP/1.1" 304 -
181.189.25.57 - - [06/Oct/2023:12:43:48 -0500] "GET /sipse/faces/javax.faces.resource/jquery/jquery-plugins.js?ln=primefaces&v=4.0 HTTP/1.1" 304 -
181.189.25.57 - - [06/Oct/2023:12:43:48 -0500] "GET /sipse/faces/javax.faces.resource/primefaces.js?ln=primefaces&v=4.0 HTTP/1.1" 304 -
181.189.25.57 - - [06/Oct/2023:12:43:48 -0500] "GET /sipse/faces/javax.faces.resource/layout/layout.js?ln=primefaces&v=4.0 HTTP/1.1" 304 -
181.189.25.57 - - [06/Oct/2023:12:43:58 -0500] "POST /sipse/faces/presentacion/financiero/solicitudProceso/consultarSolicitudProceso.xhtml HTTP/1.1" 200 37903
181.189.25.57 - - [06/Oct/2023:12:43:58 -0500] "GET /sipse/faces/javax.faces.resource/theme.css?ln=primefaces-sipse HTTP/1.1" 304 -
181.189.25.57 - - [06/Oct/2023:12:43:58 -0500] "GET /sipse/faces/javax.faces.resource/layout/layout.css?ln=primefaces&v=4.0 HTTP/1.1" 304 -
181.189.25.57 - - [06/Oct/2023:12:43:58 -0500] "GET /sipse/faces/javax.faces.resource/primefaces.css?ln=primefaces&v=4.0 HTTP/1.1" 304 -
181.189.25.57 - - [06/Oct/2023:12:43:58 -0500] "GET /sipse/faces/javax.faces.resource/jquery/jquery.js?ln=primefaces&v=4.0 HTTP/1.1" 304 -
181.189.25.57 - - [06/Oct/2023:12:43:58 -0500] "GET /sipse/faces/javax.faces.resource/jquery/jquery-plugins.js?ln=primefaces&v=4.0 HTTP/1.1" 304 -
181.189.25.57 - - [06/Oct/2023:12:43:58 -0500] "GET /sipse/faces/javax.faces.resource/primefaces.js?ln=primefaces&v=4.0 HTTP/1.1" 304 -
181.189.25.57 - - [06/Oct/2023:12:43:59 -0500] "GET /sipse/faces/javax.faces.resource/layout/layout.js?ln=primefaces&v=4.0 HTTP/1.1" 304 -
181.189.25.57 - - [06/Oct/2023:12:43:59 -0500] "POST /sipse/faces/presentacion/financiero/solicitudProceso/listarSolicitudProceso.xhtml HTTP/1.1" 200 31235
181.189.25.57 - - [06/Oct/2023:12:43:59 -0500] "POST /sipse/faces/presentacion/financiero/solicitudProceso/listarSolicitudProceso.xhtml HTTP/1.1" 200 31235
181.189.25.57 - - [06/Oct/2023:12:43:59 -0500] "POST /sipse/faces/presentacion/financiero/solicitudProceso/listarSolicitudProceso.xhtml HTTP/1.1" 200 1404
181.189.25.57 - - [06/Oct/2023:12:43:59 -0500] "POST /sipse/faces/presentacion/financiero/solicitudProceso/listarSolicitudProceso.xhtml HTTP/1.1" 200 1384
181.189.25.57 - - [06/Oct/2023:12:43:59 -0500] "POST /sipse/faces/presentacion/financiero/solicitudProceso/listarSolicitudProceso.xhtml HTTP/1.1" 200 1404
181.189.25.57 - - [06/Oct/2023:12:44:00 -0500] "POST /sipse/faces/presentacion/financiero/solicitudProceso/listarSolicitudProceso.xhtml HTTP/1.1" 200 60265
181.189.25.57 - - [06/Oct/2023:12:44:01 -0500] "GET /sipse/faces/javax.faces.resource/theme.css?ln=primefaces-sipse HTTP/1.1" 304 -
181.189.25.57 - - [06/Oct/2023:12:44:01 -0500] "GET /sipse/faces/javax.faces.resource/primefaces.css?ln=primefaces&v=4.0 HTTP/1.1" 304 -
181.189.25.57 - - [06/Oct/2023:12:44:01 -0500] "GET /sipse/faces/javax.faces.resource/layout/layout.css?ln=primefaces&v=4.0 HTTP/1.1" 304 -
181.189.25.57 - - [06/Oct/2023:12:44:01 -0500] "GET /sipse/faces/javax.faces.resource/jquery/jquery.js?ln=primefaces&v=4.0 HTTP/1.1" 304 -
181.189.25.57 - - [06/Oct/2023:12:44:01 -0500] "GET /sipse/faces/javax.faces.resource/jquery/jquery-plugins.js?ln=primefaces&v=4.0 HTTP/1.1" 304 -
181.189.25.57 - - [06/Oct/2023:12:44:01 -0500] "GET /sipse/faces/javax.faces.resource/primefaces.js?ln=primefaces&v=4.0 HTTP/1.1" 304 -
181.189.25.57 - - [06/Oct/2023:12:44:01 -0500] "GET /sipse/faces/javax.faces.resource/layout/layout.js?ln=primefaces&v=4.0 HTTP/1.1" 304 -
181.189.25.57 - - [06/Oct/2023:12:44:04 -0500] "POST /sipse/faces/presentacion/financiero/solicitudProceso/crearModificarSolicitudProceso.xhtml HTTP/1.1" 200 51769
181.189.25.57 - - [06/Oct/2023:12:44:08 -0500] "POST /sipse/faces/presentacion/financiero/solicitudProceso/crearModificarSolicitudProceso.xhtml HTTP/1.1" 200 25130
201.245.192.253 - - [06/Oct/2023:12:44:18 -0500] "POST /forms/lservlet;jsessionid=ac16012b30d631b237d665c3491e938ed2fcaf258f77.e3iSbxaKaheRe34Pbx8Nc3aQci1ynknvrkLOlQzNp65In0 HTTP/1.1" 200 2
201.245.192.253 - - [06/Oct/2023:12:44:18 -0500] "POST /forms/lservlet;jsessionid=ac16012b30d6e3ac83cfa34d44e69cdfe83dd14ea1cd.e3iSbxaKaheRe34Pbx8Nc3aQci1ynknvrkLOlQzNp65In0 HTTP/1.1" 200 2
216.244.66.195 - - [06/Oct/2023:12:44:31 -0500] "GET /BLA/resoluciones/RESOLUCIONES%202020/2595.pdf HTTP/1.1" 200 409006
201.245.192.253 - - [06/Oct/2023:12:44:41 -0500] "POST /kwsrmcab/Wsrmcab  HTTP/1.1" 200 42851
191.92.180.90 - - [06/Oct/2023:12:45:09 -0500] "GET /favicon.ico HTTP/1.1" 404 1294
216.244.66.195 - - [06/Oct/2023:12:45:22 -0500] "GET /BLA/resoluciones/RESOLUCIONES%202020/2641.pdf HTTP/1.1" 200 344087
66.249.66.192 - - [06/Oct/2023:12:45:28 -0500] "GET /alcaldesa-claudia-lopez-inicio-plantacion-de-300-nuevos-arboles-en-el-humedal-torca-guaymaral-y-libero-49-animales-silvestres.html HTTP/1.1" 200 916
40.77.167.27 - - [06/Oct/2023:12:45:31 -0500] "GET /BLA/resoluciones/index.php?dir=RESOLUCIONES+2002%2FRES+2002+901-950%2F HTTP/1.1" 200 12468
201.245.192.253 - - [06/Oct/2023:12:45:47 -0500] "GET /reportes_sipse/jsp/inicio.jsp HTTP/1.1" 200 2935
201.245.192.253 - - [06/Oct/2023:12:45:47 -0500] "GET /reportes_sipse/css/estilos.css HTTP/1.1" 200 9135
201.245.192.253 - - [06/Oct/2023:12:45:47 -0500] "GET /reportes_sipse/imagenes/logoAplicacion.jpg HTTP/1.1" 200 26872
201.245.192.253 - - [06/Oct/2023:12:45:47 -0500] "GET /reportes_sipse/imagenes/fondo.jpg HTTP/1.1" 200 20235
201.245.192.253 - - [06/Oct/2023:12:45:54 -0500] "POST /reportes_sipse/sdg/ServletReporte?adquisiciones_sipse_detallado& HTTP/1.1" 200 6273
201.245.192.253 - - [06/Oct/2023:12:45:54 -0500] "GET /reportes_sipse/js/funciones.js HTTP/1.1" 200 4709
201.245.192.253 - - [06/Oct/2023:12:45:54 -0500] "GET /reportes_sipse/js/date-picker.js HTTP/1.1" 200 16768
201.245.192.253 - - [06/Oct/2023:12:45:54 -0500] "GET /reportes_sipse/imagenes/calendario.gif HTTP/1.1" 200 1387
201.245.192.253 - - [06/Oct/2023:12:45:54 -0500] "GET /reportes_sipse/imagenes/pdf.gif HTTP/1.1" 200 598
201.245.192.253 - - [06/Oct/2023:12:45:54 -0500] "GET /reportes_sipse/imagenes/excel.gif HTTP/1.1" 200 613
200.75.50.132 - - [06/Oct/2023:12:45:54 -0500] "GET /como-debe-ser-el-manejo-del-ruido-en-bogota.html HTTP/1.1" 200 765
201.245.192.253 - - [06/Oct/2023:12:45:58 -0500] "GET /reportes_sipse/imagenes/retrocedeAgno.gif HTTP/1.1" 200 781
201.245.192.253 - - [06/Oct/2023:12:45:58 -0500] "GET /reportes_sipse/imagenes/retrocedeMes.gif HTTP/1.1" 200 459
201.245.192.253 - - [06/Oct/2023:12:45:58 -0500] "GET /reportes_sipse/imagenes/avanzaMes.gif HTTP/1.1" 200 660
201.245.192.253 - - [06/Oct/2023:12:45:58 -0500] "GET /reportes_sipse/imagenes/avanzaAgno.gif HTTP/1.1" 200 779
186.102.50.213 - - [06/Oct/2023:12:46:04 -0500] "GET /kwssiamovil/sm/acme/a?s=U2FsdGVkX186YqsNxYYv/MLqwMFoeR6YX7IW0QkckGMOavZUVECZXhln18GLhAsPXxJJQvnli8QWOAsRSJB70y39+0ftRTQN/tTmEDvx9xEhxLBhxWTpkpMKmKRxm/Pxys6r+fCBsvj7nZOXiTbEgMVdOxzCY60u//N1oXmB0VLt31YOrjY8rhTu+IHMv42rFhu3xS6edmbuHmcNv9rERzmr//OiGa0OpqSs2K857Au1CbmerrJ9HeFsI8/ZwHOOd5WnQWKIbj4951AXNiNRlw==&u=U2FsdGVkX1/UcEfeNcGhyIF+o0f8suCdOzM/MWhZ13s=&y=U2FsdGVkX1+xCF0je73QlXFHnRYGVed8cIb/ArvXKzxnKiCH2Lv7hq7gwE90mgYV HTTP/1.1" 200 26
186.102.50.213 - - [06/Oct/2023:12:46:05 -0500] "GET /kwssiamovil/sm/acme/a?s=U2FsdGVkX1+jfdlILSBPtwQE/YEhCYSs2jtEBgnvkPh6lS4l1s6ub73scpTLurTzyt+H2ZSS5MbyTYec+G3uHD2soxR+KBHTkZ4UXCxqnHxSqWVglwv4kyEP6j9kMA68eBqWDZ/4S093n3ZF2ijCAbx5sS3LwflWEKMNwiO3RZYH9duXWs6VXgGF4ArBiaOy1iq9kwhmOb2aInBU9mJ9tJTyHRCV1PYtFc+ZZuSxIxELX4Xc0qp65F9oFC7lwGVkfe/bl7bnwZvYH/4XRi/IanflEVHZy+lsSXcvsW+suQ4E0iVPI+zfITBDoAaR9VjbMyagGa+equ4/+XnMAL/r9zpAOStW/yMBwdNRscdU/32IRERl+38KQ5ZeAgseC3ANpU6BrUSNa9IxSTDhPmfPb9qNhNSTkQMF6bVneC8tGpuoc9Da8ns2w83aF6l0eVFH8aJ8v0FBuUtNbctXdPIw7ZlP8nO0kETPXObqHfdgaaFkd6JfYrpgiAeSZahO78D/MuSrxjMY7/FCwOmRO9xn9iekjUwhWVntSpz+j66F8NHmbFSxoD4UltamO+5pn+/pYEohOq8jzs0iqDBnFIe6nZ1sDdaOGA/3q6MFl1xpAvS/g7HlMudeau1MNa65gMxZeCREOMm4THEYx0+A54sG6U3VAy2cfKsQTn5GQNMV9sqTKQMXdLzOdipIQhMzTOrAJjd0bU9Az5/HddCFngSet6fgsl9/o3HkbhT0TdwQDqj/MhRj6EILhKAZi9cuB34QSI89XKeredGerWYO5uBeA8+Y3Dqr723IuANg+tBReP2TXHojYyV3tvJ4jAAp+Hbq9zshjJw0Is8OtoWELyuMi6b56YhxsOu8bdDWvT43hzgsJbJLZWr6e2yzK+7M6BLIO9xZa1ufs3bE+VVczDq761enTGXEY5OVGqAfYLZ1+/0EPP+2YvNvjpMUw/Ve9QVD2f9yw00yuC5oX1wKMCQrQo8tLo231tWBA2vN1OZnHAAJkB4TpSMYmdbM78EsLSMrebc8GIF1BDyr9tPDL5dNKkCYVRN/uiR3TDrTsdTt16O6qsP6DysdQnEMsY+LS6QbwuJ8jgqmrPoesCZeSPs6/HLbiVGr4OYMnc5WvQFYd//70GXe8vES08elhfcC6RgtiXsC00RTdhoS4uhrkD7TlLydDc8e3K28Ibtr303hZnnMGVbGeOnlxgSuANtw8CEobVEPp+Xv3tNboUnYyNYiXqCRlfwYWfSig0DryE8SYxHr+EMKwjhwzZGFhNJsQBkdNnKmUii1xEtA5CfIjB0dymQRV4AJfOgCtBV5Jb1MVFFRO7HgGnFt0KEnWT5CPdIUZJ+VH6H9YoMH/KEc5cylt/yDtGYjn3qWLUeBg2QfVwTtiXrf00NiSiqiE9ZVD1+glJSrLMw6lUGBuM108XumWL+1qW6Fz5/8pnjUV6wanc7b0+ZO7J8nTRoZ1KjnbGQRiiHcwgXgH06o59s1g92hDThVkqgmiik35Hj4FwMxrXTM18bXtdBaaC5y8Mv//qR5/kZ/NcA8es5/QNe4fv7bUK7GAgcbuV1aDpJd+C5P0cewl9bFrsWPV1V7bxREVcv4+gJvpynt8Yv/mao2L+xcI90ZBK6lDps0+lqyBDh9h/qsptnyH0QWZrVeMWDqKtCw0nYFiWOM9KHuTIirngJiiiUlhLJpQ0FoK8aZVjWAllrv5BVtkEYNT14E/LMU1p2j&u=U2FsdGVkX1/UcEfeNcGhyIF+o0f8suCdOzM/MWhZ13s=&y=U2FsdGVkX1+xCF0je73QlXFHnRYGVed8cIb/ArvXKzxnKiCH2Lv7hq7gwE90mgYV HTTP/1.1" 200 26
186.102.50.213 - - [06/Oct/2023:12:46:05 -0500] "GET /kwssiamovil/sm/acme/a?s=U2FsdGVkX19g/DlzoX2PZBbC8OrZ2D0rAkl563atwY16KR+QaFNRfCTcURNtN+9kq5bUPvVZWbPAi4lc5ukCEa8WqCt2E7bjKxVbPOxo0nHn4BLmyL/8cNZl15OQ1EhMfrOuYVD7iZLNgtwPMoubeiUWijBWh4VbSV8J7I8hJ34=&u=U2FsdGVkX1/UcEfeNcGhyIF+o0f8suCdOzM/MWhZ13s=&y=U2FsdGVkX1+xCF0je73QlXFHnRYGVed8cIb/ArvXKzxnKiCH2Lv7hq7gwE90mgYV HTTP/1.1" 200 26
186.102.50.213 - - [06/Oct/2023:12:46:06 -0500] "GET /kwssiamovil/sm/acme/a?s=U2FsdGVkX1+XCcm3IGYdz6vlTLahxuSNgldtIM72l0zZQ9mN3SR7fC5KXMaxl5U0QR45muVFT6OK0rTbl3dVxNx1rYbVQWhJbiTESrdJr5nRSiCWbaix8EQ5RTvIJ2QPlM5Mgkns5jrWxnY7IuoN4zNrL3PSqvL16BWO1gvdMu0=&u=U2FsdGVkX1/UcEfeNcGhyIF+o0f8suCdOzM/MWhZ13s=&y=U2FsdGVkX1+xCF0je73QlXFHnRYGVed8cIb/ArvXKzxnKiCH2Lv7hq7gwE90mgYV HTTP/1.1" 200 26
186.102.50.213 - - [06/Oct/2023:12:46:06 -0500] "GET /kwssiamovil/sm/acme/a?s=U2FsdGVkX19dCWZsYuVK/pXMhAN/qCz6hwpUXe0/jcyG9202wtE6WtC+fHlxzwhd1Iemk80nsGuAwSNfFpFmOu34sIimliN3UctCnL/gsK/r9StO5eBNkT3z3VFT8afp2B+Vs87Gf/UWZ+RkntQrJL7UD7XZbzrQpWUj3Pcdtek=&u=U2FsdGVkX1/UcEfeNcGhyIF+o0f8suCdOzM/MWhZ13s=&y=U2FsdGVkX1+xCF0je73QlXFHnRYGVed8cIb/ArvXKzxnKiCH2Lv7hq7gwE90mgYV HTTP/1.1" 200 26
186.102.50.213 - - [06/Oct/2023:12:46:06 -0500] "GET /kwssiamovil/sm/acme/a?s=U2FsdGVkX18/EMqF/Yil+H/wEaT4NtMKdWa+s3HxO05ek23BIloh8HSlEiVAsY5HLQjVpvXg+DpptcaNrGbNR0292EU8u2SGcJlYqzAOYKbAWCFlioUtsEZjOizbXq061KJSggONi5H+n0RLuYEg9gAeVGltB+m5p/PstjmiZSJ3VlGqUxpDWvB0G0cMcnhjt2B9TmGAl9JgDUIwEPJGzQ==&u=U2FsdGVkX1/UcEfeNcGhyIF+o0f8suCdOzM/MWhZ13s=&y=U2FsdGVkX1+xCF0je73QlXFHnRYGVed8cIb/ArvXKzxnKiCH2Lv7hq7gwE90mgYV HTTP/1.1" 200 26
201.245.192.253 - - [06/Oct/2023:12:46:18 -0500] "POST /forms/lservlet;jsessionid=ac16012b30d631b237d665c3491e938ed2fcaf258f77.e3iSbxaKaheRe34Pbx8Nc3aQci1ynknvrkLOlQzNp65In0 HTTP/1.1" 200 2
201.245.192.253 - - [06/Oct/2023:12:46:18 -0500] "POST /forms/lservlet;jsessionid=ac16012b30d6e3ac83cfa34d44e69cdfe83dd14ea1cd.e3iSbxaKaheRe34Pbx8Nc3aQci1ynknvrkLOlQzNp65In0 HTTP/1.1" 200 2
216.244.66.195 - - [06/Oct/2023:12:46:51 -0500] "GET /BLA/resoluciones/RESOLUCIONES%202021/0899.pdf HTTP/1.1" 200 6447750
216.245.221.92 - - [06/Oct/2023:12:47:09 -0500] "HEAD / HTTP/1.1" 200 -
172.22.2.4 - - [06/Oct/2023:12:45:45 -0500] "HEAD /BLA/boletinlegal/ HTTP/1.1" 200 -
216.244.66.195 - - [06/Oct/2023:12:47:41 -0500] "GET /BLA/resoluciones/RESOLUCIONES%202021/1241.pdf HTTP/1.1" 200 352714
181.189.25.57 - - [06/Oct/2023:12:48:10 -0500] "POST /sipse/faces/presentacion/financiero/solicitudProceso/crearModificarSolicitudProceso.xhtml HTTP/1.1" 200 6287
172.22.2.4 - - [06/Oct/2023:12:46:36 -0500] "GET /BLA/boletinlegal/ HTTP/1.1" 200 58187
201.245.192.253 - - [06/Oct/2023:12:48:18 -0500] "POST /forms/lservlet;jsessionid=ac16012b30d631b237d665c3491e938ed2fcaf258f77.e3iSbxaKaheRe34Pbx8Nc3aQci1ynknvrkLOlQzNp65In0 HTTP/1.1" 200 2
201.245.192.253 - - [06/Oct/2023:12:48:18 -0500] "POST /forms/lservlet;jsessionid=ac16012b30d6e3ac83cfa34d44e69cdfe83dd14ea1cd.e3iSbxaKaheRe34Pbx8Nc3aQci1ynknvrkLOlQzNp65In0 HTTP/1.1" 200 2
181.189.25.57 - - [06/Oct/2023:12:48:20 -0500] "POST /sipse/faces/presentacion/financiero/solicitudProceso/crearModificarSolicitudProceso.xhtml HTTP/1.1" 200 10219
181.189.25.57 - - [06/Oct/2023:12:48:23 -0500] "POST /sipse/faces/presentacion/financiero/solicitudProceso/crearModificarSolicitudProceso.xhtml HTTP/1.1" 200 9560
216.244.66.195 - - [06/Oct/2023:12:48:25 -0500] "GET /BLA/resoluciones/RESOLUCIONES%202021/1292.pdf HTTP/1.1" 200 651694
181.189.25.57 - - [06/Oct/2023:12:48:29 -0500] "POST /sipse/faces/presentacion/financiero/solicitudProceso/crearModificarSolicitudProceso.xhtml HTTP/1.1" 200 7362
66.249.66.194 - - [06/Oct/2023:12:49:07 -0500] "GET /participa-en-la-cuarta-convocatoria-de-sembradoras-por-la-reactivaccion.html HTTP/1.1" 304 -
181.189.25.57 - - [06/Oct/2023:12:49:10 -0500] "POST /sipse/faces/presentacion/financiero/solicitudProceso/crearModificarSolicitudProceso.xhtml HTTP/1.1" 200 24606
181.189.25.57 - - [06/Oct/2023:12:49:10 -0500] "GET /sipse/faces/javax.faces.resource/theme.css?ln=primefaces-sipse HTTP/1.1" 304 -
181.189.25.57 - - [06/Oct/2023:12:49:10 -0500] "GET /sipse/faces/javax.faces.resource/primefaces.css?ln=primefaces&v=4.0 HTTP/1.1" 304 -
181.189.25.57 - - [06/Oct/2023:12:49:10 -0500] "GET /sipse/faces/javax.faces.resource/layout/layout.css?ln=primefaces&v=4.0 HTTP/1.1" 304 -
181.189.25.57 - - [06/Oct/2023:12:49:10 -0500] "GET /sipse/faces/javax.faces.resource/primefaces.js?ln=primefaces&v=4.0 HTTP/1.1" 304 -
181.189.25.57 - - [06/Oct/2023:12:49:10 -0500] "GET /sipse/faces/javax.faces.resource/jquery/jquery-plugins.js?ln=primefaces&v=4.0 HTTP/1.1" 304 -
181.189.25.57 - - [06/Oct/2023:12:49:10 -0500] "GET /sipse/faces/javax.faces.resource/jquery/jquery.js?ln=primefaces&v=4.0 HTTP/1.1" 304 -
181.189.25.57 - - [06/Oct/2023:12:49:10 -0500] "GET /sipse/faces/javax.faces.resource/layout/layout.js?ln=primefaces&v=4.0 HTTP/1.1" 304 -
181.189.25.57 - - [06/Oct/2023:12:49:10 -0500] "GET /sipse/faces/javax.faces.resource/images/ui-icons_898989_256x240.png?ln=primefaces-aristo HTTP/1.1" 304 -
216.244.66.195 - - [06/Oct/2023:12:49:14 -0500] "GET /BLA/resoluciones/RESOLUCIONES%202021/1724.pdf HTTP/1.1" 200 393873
181.189.25.57 - - [06/Oct/2023:12:49:16 -0500] "POST /sipse/faces/presentacion/financiero/solicitudProyectoActividad/asociarProyectoSolicitud.xhtml HTTP/1.1" 200 6761
181.189.25.57 - - [06/Oct/2023:12:49:16 -0500] "GET /sipse/faces/javax.faces.resource/images/ui-bg_flat_0_2d5972_40x100.png?ln=primefaces-aristo HTTP/1.1" 304 -
181.189.25.57 - - [06/Oct/2023:12:49:17 -0500] "POST /sipse/faces/presentacion/financiero/solicitudProyectoActividad/asociarProyectoSolicitud.xhtml HTTP/1.1" 200 1696
181.189.25.57 - - [06/Oct/2023:12:49:18 -0500] "POST /sipse/faces/presentacion/financiero/solicitudProyectoActividad/asociarProyectoSolicitud.xhtml HTTP/1.1" 200 77529
181.189.25.57 - - [06/Oct/2023:12:49:19 -0500] "GET /sipse/faces/javax.faces.resource/layout/layout.css?ln=primefaces&v=4.0 HTTP/1.1" 304 -
181.189.25.57 - - [06/Oct/2023:12:49:19 -0500] "GET /sipse/faces/javax.faces.resource/primefaces.css?ln=primefaces&v=4.0 HTTP/1.1" 304 -
181.189.25.57 - - [06/Oct/2023:12:49:19 -0500] "GET /sipse/faces/javax.faces.resource/theme.css?ln=primefaces-sipse HTTP/1.1" 304 -
181.189.25.57 - - [06/Oct/2023:12:49:19 -0500] "GET /sipse/faces/javax.faces.resource/jquery/jquery.js?ln=primefaces&v=4.0 HTTP/1.1" 304 -
181.189.25.57 - - [06/Oct/2023:12:49:19 -0500] "GET /sipse/faces/javax.faces.resource/jquery/jquery-plugins.js?ln=primefaces&v=4.0 HTTP/1.1" 304 -
181.189.25.57 - - [06/Oct/2023:12:49:19 -0500] "GET /sipse/faces/javax.faces.resource/primefaces.js?ln=primefaces&v=4.0 HTTP/1.1" 304 -
181.189.25.57 - - [06/Oct/2023:12:49:19 -0500] "GET /sipse/faces/javax.faces.resource/layout/layout.js?ln=primefaces&v=4.0 HTTP/1.1" 304 -
181.189.25.57 - - [06/Oct/2023:12:49:25 -0500] "POST /sipse/faces/presentacion/financiero/solicitudProyectoActividad/asociarActividadSolicitud.xhtml HTTP/1.1" 200 20149
181.189.25.57 - - [06/Oct/2023:12:49:25 -0500] "GET /sipse/faces/javax.faces.resource/theme.css?ln=primefaces-sipse HTTP/1.1" 304 -
181.189.25.57 - - [06/Oct/2023:12:49:25 -0500] "GET /sipse/faces/javax.faces.resource/primefaces.css?ln=primefaces&v=4.0 HTTP/1.1" 304 -
181.189.25.57 - - [06/Oct/2023:12:49:25 -0500] "GET /sipse/faces/javax.faces.resource/layout/layout.css?ln=primefaces&v=4.0 HTTP/1.1" 304 -
181.189.25.57 - - [06/Oct/2023:12:49:25 -0500] "GET /sipse/faces/javax.faces.resource/jquery/jquery.js?ln=primefaces&v=4.0 HTTP/1.1" 304 -
181.189.25.57 - - [06/Oct/2023:12:49:25 -0500] "GET /sipse/faces/javax.faces.resource/jquery/jquery-plugins.js?ln=primefaces&v=4.0 HTTP/1.1" 304 -
181.189.25.57 - - [06/Oct/2023:12:49:25 -0500] "GET /sipse/faces/javax.faces.resource/primefaces.js?ln=primefaces&v=4.0 HTTP/1.1" 304 -
181.189.25.57 - - [06/Oct/2023:12:49:25 -0500] "GET /sipse/faces/javax.faces.resource/layout/layout.js?ln=primefaces&v=4.0 HTTP/1.1" 304 -
201.245.192.253 - - [06/Oct/2023:12:49:40 -0500] "POST /kwsrmcab/Wsrmcab  HTTP/1.1" 200 42851
216.244.66.195 - - [06/Oct/2023:12:49:58 -0500] "GET /BLA/resoluciones/RESOLUCIONES%202021/1807.pdf HTTP/1.1" 200 349696
181.189.25.57 - - [06/Oct/2023:12:50:10 -0500] "POST /sipse/faces/presentacion/financiero/solicitudProyectoActividad/asociarFuentesSolicitud.xhtml HTTP/1.1" 200 83678
181.189.25.57 - - [06/Oct/2023:12:50:10 -0500] "GET /sipse/faces/javax.faces.resource/theme.css?ln=primefaces-sipse HTTP/1.1" 304 -
181.189.25.57 - - [06/Oct/2023:12:50:10 -0500] "GET /sipse/faces/javax.faces.resource/primefaces.css?ln=primefaces&v=4.0 HTTP/1.1" 304 -
181.189.25.57 - - [06/Oct/2023:12:50:10 -0500] "GET /sipse/faces/javax.faces.resource/layout/layout.css?ln=primefaces&v=4.0 HTTP/1.1" 304 -
181.189.25.57 - - [06/Oct/2023:12:50:10 -0500] "GET /sipse/faces/javax.faces.resource/jquery/jquery.js?ln=primefaces&v=4.0 HTTP/1.1" 304 -
181.189.25.57 - - [06/Oct/2023:12:50:10 -0500] "GET /sipse/faces/javax.faces.resource/jquery/jquery-plugins.js?ln=primefaces&v=4.0 HTTP/1.1" 304 -
181.189.25.57 - - [06/Oct/2023:12:50:10 -0500] "GET /sipse/faces/javax.faces.resource/primefaces.js?ln=primefaces&v=4.0 HTTP/1.1" 304 -
181.189.25.57 - - [06/Oct/2023:12:50:10 -0500] "GET /sipse/faces/javax.faces.resource/layout/layout.js?ln=primefaces&v=4.0 HTTP/1.1" 304 -
181.189.25.57 - - [06/Oct/2023:12:50:10 -0500] "GET /sipse/css/imagen/contrasena.png HTTP/1.1" 404 383
181.189.25.57 - - [06/Oct/2023:12:50:10 -0500] "GET /sipse/faces/javax.faces.resource/images/ui-icons_898989_256x240.png?ln=primefaces-aristo HTTP/1.1" 304 -
201.245.192.253 - - [06/Oct/2023:12:50:18 -0500] "POST /forms/lservlet;jsessionid=ac16012b30d631b237d665c3491e938ed2fcaf258f77.e3iSbxaKaheRe34Pbx8Nc3aQci1ynknvrkLOlQzNp65In0 HTTP/1.1" 200 2
201.245.192.253 - - [06/Oct/2023:12:50:18 -0500] "POST /forms/lservlet;jsessionid=ac16012b30d6e3ac83cfa34d44e69cdfe83dd14ea1cd.e3iSbxaKaheRe34Pbx8Nc3aQci1ynknvrkLOlQzNp65In0 HTTP/1.1" 200 2
181.189.25.57 - - [06/Oct/2023:12:50:17 -0500] "POST /sipse/faces/presentacion/financiero/solicitudProceso/crearModificarSolicitudProceso.xhtml HTTP/1.1" 200 16132
216.244.66.195 - - [06/Oct/2023:12:50:37 -0500] "GET /BLA/resoluciones/RESOLUCIONES%202021/2224.pdf HTTP/1.1" 200 342097
181.189.25.57 - - [06/Oct/2023:12:50:27 -0500] "POST /sipse/faces/presentacion/financiero/solicitudProceso/crearModificarSolicitudProceso.xhtml HTTP/1.1" 200 45535
181.189.25.57 - - [06/Oct/2023:12:50:38 -0500] "GET /sipse/faces/javax.faces.resource/theme.css?ln=primefaces-sipse HTTP/1.1" 304 -
181.189.25.57 - - [06/Oct/2023:12:50:38 -0500] "GET /sipse/faces/javax.faces.resource/primefaces.css?ln=primefaces&v=4.0 HTTP/1.1" 304 -
181.189.25.57 - - [06/Oct/2023:12:50:38 -0500] "GET /sipse/faces/javax.faces.resource/jquery/jquery.js?ln=primefaces&v=4.0 HTTP/1.1" 304 -
181.189.25.57 - - [06/Oct/2023:12:50:38 -0500] "GET /sipse/faces/javax.faces.resource/layout/layout.css?ln=primefaces&v=4.0 HTTP/1.1" 304 -
181.189.25.57 - - [06/Oct/2023:12:50:38 -0500] "GET /sipse/faces/javax.faces.resource/jquery/jquery-plugins.js?ln=primefaces&v=4.0 HTTP/1.1" 304 -
181.189.25.57 - - [06/Oct/2023:12:50:38 -0500] "GET /sipse/faces/javax.faces.resource/primefaces.js?ln=primefaces&v=4.0 HTTP/1.1" 304 -
181.189.25.57 - - [06/Oct/2023:12:50:38 -0500] "GET /sipse/faces/javax.faces.resource/layout/layout.js?ln=primefaces&v=4.0 HTTP/1.1" 304 -
181.189.25.57 - - [06/Oct/2023:12:50:42 -0500] "POST /sipse/faces/presentacion/financiero/solicitudBienServicio/asociarBienServicioSolicitud.xhtml HTTP/1.1" 200 2720
181.189.25.57 - - [06/Oct/2023:12:51:08 -0500] "GET /sipse/faces/javax.faces.resource/images/ui-icons_898989_256x240.png?ln=primefaces-aristo HTTP/1.1" 304 -
181.189.25.57 - - [06/Oct/2023:12:51:10 -0500] "POST /sipse/faces/presentacion/financiero/solicitudBienServicio/asociarBienServicioSolicitud.xhtml HTTP/1.1" 200 79466
181.189.25.57 - - [06/Oct/2023:12:51:11 -0500] "GET /sipse/faces/javax.faces.resource/theme.css?ln=primefaces-sipse HTTP/1.1" 304 -
181.189.25.57 - - [06/Oct/2023:12:51:11 -0500] "GET /sipse/faces/javax.faces.resource/primefaces.css?ln=primefaces&v=4.0 HTTP/1.1" 304 -
181.189.25.57 - - [06/Oct/2023:12:51:11 -0500] "GET /sipse/faces/javax.faces.resource/layout/layout.css?ln=primefaces&v=4.0 HTTP/1.1" 304 -
181.189.25.57 - - [06/Oct/2023:12:51:11 -0500] "GET /sipse/faces/javax.faces.resource/jquery/jquery.js?ln=primefaces&v=4.0 HTTP/1.1" 304 -
181.189.25.57 - - [06/Oct/2023:12:51:11 -0500] "GET /sipse/faces/javax.faces.resource/jquery/jquery-plugins.js?ln=primefaces&v=4.0 HTTP/1.1" 304 -
181.189.25.57 - - [06/Oct/2023:12:51:11 -0500] "GET /sipse/faces/javax.faces.resource/primefaces.js?ln=primefaces&v=4.0 HTTP/1.1" 304 -
181.189.25.57 - - [06/Oct/2023:12:51:11 -0500] "GET /sipse/faces/javax.faces.resource/layout/layout.js?ln=primefaces&v=4.0 HTTP/1.1" 304 -
181.189.25.57 - - [06/Oct/2023:12:51:11 -0500] "GET /sipse/css/imagen/contrasena.png HTTP/1.1" 404 383
216.244.66.195 - - [06/Oct/2023:12:51:15 -0500] "GET /BLA/resoluciones/RESOLUCIONES%202021/2253.pdf HTTP/1.1" 200 321272
181.189.25.57 - - [06/Oct/2023:12:51:20 -0500] "POST /sipse/faces/presentacion/financiero/solicitudProceso/crearModificarSolicitudProceso.xhtml HTTP/1.1" 200 38358
181.189.25.57 - - [06/Oct/2023:12:51:22 -0500] "GET /sipse/faces/javax.faces.resource/theme.css?ln=primefaces-sipse HTTP/1.1" 304 -
181.189.25.57 - - [06/Oct/2023:12:51:22 -0500] "GET /sipse/faces/javax.faces.resource/layout/layout.css?ln=primefaces&v=4.0 HTTP/1.1" 304 -
181.189.25.57 - - [06/Oct/2023:12:51:22 -0500] "GET /sipse/faces/javax.faces.resource/primefaces.css?ln=primefaces&v=4.0 HTTP/1.1" 304 -
181.189.25.57 - - [06/Oct/2023:12:51:22 -0500] "GET /sipse/faces/javax.faces.resource/jquery/jquery.js?ln=primefaces&v=4.0 HTTP/1.1" 304 -
181.189.25.57 - - [06/Oct/2023:12:51:22 -0500] "GET /sipse/faces/javax.faces.resource/jquery/jquery-plugins.js?ln=primefaces&v=4.0 HTTP/1.1" 304 -
181.189.25.57 - - [06/Oct/2023:12:51:22 -0500] "GET /sipse/faces/javax.faces.resource/primefaces.js?ln=primefaces&v=4.0 HTTP/1.1" 304 -
