186.29.49.233 - - [06/Oct/2023:08:12:58 -0500] "POST /sipse/faces/presentacion/financiero/solicitudProceso/listarSolicitudProceso.xhtml HTTP/1.1" 200 109375
186.29.49.233 - - [06/Oct/2023:08:12:58 -0500] "GET /sipse/faces/javax.faces.resource/layout/layout.css?ln=primefaces&v=4.0 HTTP/1.1" 304 -
186.29.49.233 - - [06/Oct/2023:08:12:58 -0500] "GET /sipse/faces/javax.faces.resource/theme.css?ln=primefaces-sipse HTTP/1.1" 304 -
186.29.49.233 - - [06/Oct/2023:08:12:58 -0500] "GET /sipse/faces/javax.faces.resource/primefaces.css?ln=primefaces&v=4.0 HTTP/1.1" 304 -
186.29.49.233 - - [06/Oct/2023:08:12:58 -0500] "GET /sipse/faces/javax.faces.resource/jquery/jquery.js?ln=primefaces&v=4.0 HTTP/1.1" 304 -
186.29.49.233 - - [06/Oct/2023:08:12:58 -0500] "GET /sipse/faces/javax.faces.resource/jquery/jquery-plugins.js?ln=primefaces&v=4.0 HTTP/1.1" 304 -
186.29.49.233 - - [06/Oct/2023:08:12:59 -0500] "GET /sipse/faces/javax.faces.resource/primefaces.js?ln=primefaces&v=4.0 HTTP/1.1" 304 -
186.29.49.233 - - [06/Oct/2023:08:12:59 -0500] "GET /sipse/faces/javax.faces.resource/layout/layout.js?ln=primefaces&v=4.0 HTTP/1.1" 304 -
186.29.49.233 - - [06/Oct/2023:08:12:59 -0500] "GET /sipse/faces/javax.faces.resource/dynamiccontent.properties?ln=primefaces&pfdrid=XjOR5%2F%2FfPAZAuY9TpWQeCiM0BhlXxYRBGKi%2FQcXXfeA%3D&pfdrid_c=false HTTP/1.1" 500 383
123.183.224.82 - - [06/Oct/2023:08:12:59 -0500] "GET /BLA/boletinlegal/norma_menu.php HTTP/1.1" 200 6328
52.167.144.225 - - [06/Oct/2023:08:13:15 -0500] "GET /portaldeninos/wp-content/themes/betheme/assets/jplayer/jplayer.min.js?ver=20.9.6 HTTP/1.1" 200 52702
172.22.2.4 - - [06/Oct/2023:08:11:36 -0500] "HEAD /BLA/boletinlegal/ HTTP/1.1" 200 -
52.167.144.225 - - [06/Oct/2023:08:13:16 -0500] "GET /portaldeninos/wp-content/themes/betheme/css/shortcodes.css?ver=20.9.6 HTTP/1.1" 200 138889
52.167.144.225 - - [06/Oct/2023:08:13:16 -0500] "GET /portaldeninos/wp-content/themes/betheme/fonts/mfn-icons.ttf?93978679 HTTP/1.1" 200 124684
52.167.144.225 - - [06/Oct/2023:08:13:16 -0500] "GET /portaldeninos/wp-content/themes/betheme/js/plugins.js?ver=20.9.6 HTTP/1.1" 200 197151
52.167.144.225 - - [06/Oct/2023:08:13:17 -0500] "GET /portaldeninos/wp-content/themes/betheme/style.css?ver=20.9.6 HTTP/1.1" 200 287
52.167.144.225 - - [06/Oct/2023:08:13:18 -0500] "GET /portaldeninos/wp-includes/js/jquery/ui/core.min.js?ver=1.11.4 HTTP/1.1" 200 4000
52.167.144.225 - - [06/Oct/2023:08:13:18 -0500] "GET /portaldeninos/wp-includes/js/wp-emoji-release.min.js?ver=4.9.8 HTTP/1.1" 200 12026
52.167.144.138 - - [06/Oct/2023:08:13:21 -0500] "GET /portaldeninos/wp-content/themes/betheme/assets/animations/animations.min.css?ver=20.9.6 HTTP/1.1" 200 58508
52.167.144.136 - - [06/Oct/2023:08:13:22 -0500] "GET /portaldeninos/wp-content/plugins/gallery-videos/CSS/Total-Soft-Gallery-Video-Widget.css?ver=4.9.8 HTTP/1.1" 200 51554
52.167.144.136 - - [06/Oct/2023:08:13:22 -0500] "GET /portaldeninos/wp-content/plugins/gallery-videos/CSS/totalsoft.css?ver=4.9.8 HTTP/1.1" 200 40622
52.167.144.136 - - [06/Oct/2023:08:13:23 -0500] "GET /portaldeninos/wp-content/plugins/gallery-videos/JS/modernizr.custom.js?ver=4.9.8 HTTP/1.1" 200 9019
52.167.144.136 - - [06/Oct/2023:08:13:23 -0500] "GET /portaldeninos/wp-content/themes/betheme/js/scripts.js?ver=20.9.6 HTTP/1.1" 200 77162
52.167.144.136 - - [06/Oct/2023:08:13:24 -0500] "GET /portaldeninos/wp-content/uploads/useanyfont/uaf.css?ver=1589905315 HTTP/1.1" 200 408
52.167.144.136 - - [06/Oct/2023:08:13:24 -0500] "GET /portaldeninos/wp-includes/js/comment-reply.min.js?ver=4.9.8 HTTP/1.1" 200 1078
52.167.144.136 - - [06/Oct/2023:08:13:25 -0500] "GET /portaldeninos/wp-includes/js/jquery/jquery-migrate.min.js?ver=1.4.1 HTTP/1.1" 200 10056
52.167.144.138 - - [06/Oct/2023:08:13:31 -0500] "GET /portaldeninos/wp-includes/js/jquery/ui/accordion.min.js?ver=1.11.4 HTTP/1.1" 200 8584
52.167.144.138 - - [06/Oct/2023:08:13:32 -0500] "GET /portaldeninos/wp-includes/js/jquery/ui/mouse.min.js?ver=1.11.4 HTTP/1.1" 200 3148
52.167.144.138 - - [06/Oct/2023:08:13:32 -0500] "GET /portaldeninos/wp-includes/js/wp-embed.min.js?ver=4.9.8 HTTP/1.1" 200 1398
186.29.49.233 - - [06/Oct/2023:08:14:01 -0500] "POST /sipse/faces/presentacion/financiero/solicitudProceso/consultarSolicitudProceso.xhtml HTTP/1.1" 200 343946
201.245.192.253 - - [06/Oct/2023:08:14:07 -0500] "POST /forms/lservlet;jsessionid=ac16012b30d631b237d665c3491e938ed2fcaf258f77.e3iSbxaKaheRe34Pbx8Nc3aQci1ynknvrkLOlQzNp65In0 HTTP/1.1" 200 2
172.22.2.4 - - [06/Oct/2023:08:12:27 -0500] "GET /BLA/boletinlegal/ HTTP/1.1" 200 60342
201.245.192.253 - - [06/Oct/2023:08:14:10 -0500] "POST /forms/lservlet;jsessionid=ac16012b30d6e3ac83cfa34d44e69cdfe83dd14ea1cd.e3iSbxaKaheRe34Pbx8Nc3aQci1ynknvrkLOlQzNp65In0 HTTP/1.1" 200 2
186.81.229.249 - - [06/Oct/2023:08:15:17 -0500] "POST /sipse/faces/presentacion/financiero/solicitudProceso/consultarSolicitudProceso.xhtml HTTP/1.1" 200 41488
186.81.229.249 - - [06/Oct/2023:08:15:18 -0500] "GET /sipse/faces/javax.faces.resource/jquery/jquery.js?ln=primefaces&v=4.0 HTTP/1.1" 304 -
186.81.229.249 - - [06/Oct/2023:08:15:18 -0500] "GET /sipse/faces/javax.faces.resource/jquery/jquery-plugins.js?ln=primefaces&v=4.0 HTTP/1.1" 304 -
186.81.229.249 - - [06/Oct/2023:08:15:18 -0500] "GET /sipse/faces/javax.faces.resource/primefaces.js?ln=primefaces&v=4.0 HTTP/1.1" 304 -
186.81.229.249 - - [06/Oct/2023:08:15:18 -0500] "GET /sipse/faces/javax.faces.resource/layout/layout.js?ln=primefaces&v=4.0 HTTP/1.1" 304 -
186.81.229.249 - - [06/Oct/2023:08:15:18 -0500] "POST /sipse/faces/presentacion/financiero/solicitudProceso/consultar.xhtml HTTP/1.1" 200 34852
186.81.229.249 - - [06/Oct/2023:08:15:19 -0500] "POST /sipse/faces/presentacion/financiero/solicitudProceso/consultar.xhtml HTTP/1.1" 200 34852
186.81.229.249 - - [06/Oct/2023:08:15:19 -0500] "POST /sipse/faces/presentacion/financiero/solicitudProceso/consultar.xhtml HTTP/1.1" 200 34852
186.81.229.249 - - [06/Oct/2023:08:15:19 -0500] "POST /sipse/faces/presentacion/financiero/solicitudProceso/consultar.xhtml HTTP/1.1" 200 34852
186.81.229.249 - - [06/Oct/2023:08:15:20 -0500] "POST /sipse/faces/presentacion/financiero/solicitudProceso/consultar.xhtml HTTP/1.1" 200 34852
186.81.229.249 - - [06/Oct/2023:08:15:20 -0500] "POST /sipse/faces/presentacion/financiero/solicitudProceso/consultar.xhtml HTTP/1.1" 200 34852
186.81.229.249 - - [06/Oct/2023:08:15:21 -0500] "POST /sipse/faces/presentacion/financiero/solicitudProceso/consultar.xhtml HTTP/1.1" 200 34852
186.81.229.249 - - [06/Oct/2023:08:15:21 -0500] "POST /sipse/faces/presentacion/financiero/solicitudProceso/consultar.xhtml HTTP/1.1" 200 34852
186.81.229.249 - - [06/Oct/2023:08:15:21 -0500] "POST /sipse/faces/presentacion/financiero/solicitudProceso/consultar.xhtml HTTP/1.1" 200 34852
186.81.229.249 - - [06/Oct/2023:08:15:22 -0500] "POST /sipse/faces/presentacion/financiero/solicitudProceso/consultar.xhtml HTTP/1.1" 200 34852
186.81.229.249 - - [06/Oct/2023:08:15:22 -0500] "POST /sipse/faces/presentacion/financiero/solicitudProceso/consultar.xhtml HTTP/1.1" 200 34852
186.81.229.249 - - [06/Oct/2023:08:15:22 -0500] "POST /sipse/faces/presentacion/financiero/solicitudProceso/consultar.xhtml HTTP/1.1" 200 34852
186.81.229.249 - - [06/Oct/2023:08:15:23 -0500] "POST /sipse/faces/presentacion/financiero/solicitudProceso/consultar.xhtml HTTP/1.1" 200 34852
186.81.229.249 - - [06/Oct/2023:08:15:27 -0500] "POST /sipse/faces/presentacion/financiero/solicitudProceso/consultar.xhtml HTTP/1.1" 200 12843
186.102.56.50 - - [06/Oct/2023:08:15:33 -0500] "GET /kwssiamovil/sm/ldap/au?x=U2FsdGVkX18zPU6WxGaK4++cJ2jCglACdJMUOf6foGbx1OLxQH1bsQoAb+g2IiH4&y=U2FsdGVkX18lxYiBZ26lVuh19dwwb5uUWO7LjA7T0x2s9Od2zZRdjPUeWHyNYTep HTTP/1.1" 200 30
186.102.56.50 - - [06/Oct/2023:08:15:34 -0500] "GET /kwssiamovil/sm/acme/s?s=U2FsdGVkX18dqzVN/l/ik9yR7Jf+Usq8puMiryMmWiEPnDM702vhtgkvye51nVuEhblKc2Znyzh0wQEixBkOQ9ITU7Ok5X9WLkITRdVyK1s=&u=U2FsdGVkX18uVZT5HzRnBOvLfRSDHuz0DN7RW4YI1l8=&y=U2FsdGVkX18lxYiBZ26lVuh19dwwb5uUWO7LjA7T0x2s9Od2zZRdjPUeWHyNYTep HTTP/1.1" 200 97
186.102.56.50 - - [06/Oct/2023:08:15:34 -0500] "GET /kwssiamovil/sm/acme/s?s=U2FsdGVkX199T+BTgWgNoEQ6+ywcKbtTpJhyruIHl9Cdr/tCcOOvVbhjQ8EmaSUExn8xnQ2uJspwvciyEY3tAqazILiVPfIZsEiXiOe9H1pkSizwiilB+lAdWvTCJrf1zfiW63to7mAyG1BKp9jo7YfoeKbYN5gixk2JLEYyQMbnPRgLAP0hLMVY5iQtwgSk4zt/00P1IMGmu4heJvRI2Q0Yk0/YbaH6Hklhfk6J4wt4ER7Z2IdNMDLh7jNINVJD8CmiFrOmF7uEo9g8d9QqR6kgVNzZZtT6wxvw9qoyuw43UlbgV05FCRIyFmaPQbCyfIj5RhxpYrsjnMFznTkhlmc2eo9MDIWy2iGtkzzV02tB2gxBd4nvq+oHeHJDNn4sOGzoP8Ci1IDlrR5dUFRLhJrSJ9K0VJgrxQt7yb3QQsGjrHoSQm8lQpQOc/kfpfQa56gbcfOpRih0BznyQH6Q70Y0YJZ4nL6keGigeoR8aAHs1TrJcOZmHdghnzKgmfyz9orG12szUcAnuiL6unmf06Pb1DD5bWKPnrgh7F6kMTEf8rjGVBGgzCU8PxdPi1I5/ATBLbgVpkE9B0gtCMpyHbUMKBkdEZwbbEQTia7BkpXVyTLyr/cyL7Oq8vjoigGqqJ7tRkfhXds2F/3CHuwWW+nDbnhXi4OxHu7VI4VK/jGLzSXv3crwrj88sEeH3tGc3lhzg9jj4c97NqBOJ3iCdmKWY1/W0HKH53o0pH1cDg8GW9gDfyXgUd3XzM3oUVO/vrim3EJjT/I49vYSXj3Tmo7axaJg7wnbhfXQKEEt7bBOR6tJ5bWtljwy+PM0QrjkNFk9UcJBNB/nR36UP3Mvx5C8BCZoacDFn6PdWsNNoAkW8Ou414uPDVueL2weiZ7mieDgMB0X65bU/rirdXFYSFsJvGNdkDCpdwjCVlJjEQKBMspL4ghkJr/0x8KOSinjKlaQ8gSsaGOikj8rEJd6udbhet6vVM9feg9mcm6oePO8bx4c26IBUPO5xIAk5AivFDj1ZiUlMwq8A4NvmyWulcorSwjjmtiNQBUi13xMDjEddtm862V5tOfm+G2KOPFG6ZPD+bKOZqpg6UP39LMuQGBIZYczf9oTL5BPNn6qfdYxuL3gzSrEYH8Z96ctX3HTsup/XfQfJcbAKxbXoC1JsOSAGxKmEtfpxIcMirW2ti8zZbAfBxn1qu1okzYSRY19KFQkAPGrbpVPRAGPMCM1pJLHb899gOc61+FFS0ItmBteXRf87p8De//WBp6h0mtxPJK+EKlgfxawiW96P6YK/3C2Fmx9wYT/fjsLd5gW4IBLDzJm9y6yhenYYTHUcMosco3jF5MD+z1+voWsxQBJXO62Qv8LqR0j7xlQR180fLqw+JqHxwvcaE6Z5H/sAtLaqe/ybUHF/guLEFqdaG0DiZNhzK40Ec/0wVP3LN9VOukQd+kHj+vKcuvVXK51fnnhDnMADvX8VnsNoxGKoohg/E94G7fywLogMAfWSVVK568EO6vbVcWloyjq/RrCaC+YmefltOFyy7TUKPESDYXpsB04xs4niA9mgLIDsroXXSTqBLFx/fLvTrstuiIpw+X9rxrl9OPIS+C58gs3KCZJQ/A7/DJpsplsvVun0oOuwkQB90gc+E7RvI9txqnPlIUbbT4z/n9CQ2zya59jNIGvM3EgNAGEoQiOUBIDKyrDTsDqmzLBIM3jz++8FswryaTEIZCcuEPJJBkTS8Ic0plJGwbkdTUkTUZdvKlci57hf90=&u=U2FsdGVkX18uVZT5HzRnBOvLfRSDHuz0DN7RW4YI1l8=&y=U2FsdGVkX18lxYiBZ26lVuh19dwwb5uUWO7LjA7T0x2s9Od2zZRdjPUeWHyNYTep HTTP/1.1" 200 5382
186.102.56.50 - - [06/Oct/2023:08:15:34 -0500] "GET /kwssiamovil/sm/acme/s?s=U2FsdGVkX1+qXOYttGfjqTxfiSPh5q2OZ8ue29qrvRILlU+eGiHV4IPYt962PiWMTdXSy6dMZ6Hhurf6Aktdq9/cIRJwiUHtLRp42n0vLRavQwKJO5/h3s/NVU1/5YvgIsH2PWDRXPNfV21vJUGQTIXmRitH/xcgDiJCKY/34L1oiVMOW7sIZ4fSC3BteVhSWmNtd2lx5YkiTfqfk+RPU4kza/KCu/hd1zjyTgKOIVkbuN0M4Epa3cdjIIXrOb6xQl2RPmKQcv5oBazm6XmRbVxK6HN2aoi4IE7EN1Dbc3dBr9cWiG+hVfA8Y2YRT5VQ/gcq+hEu0PkXh9pCTkszCSgLevoeBtMfUsqciQl8QrHUFZICDeBQdOs3fgd2qYXCQXJG8p/yUUTu2bR6MQuE+Dyt18cvu/iBACceYVTaiBkzrA1Ns9r8vwBMA+XRC1aA+5phlS4cUc2hLHasDCDKQmEwHKPELz/xX/fgYyJNjfk4VAbFfiuGsaFJLdN4nUFvhkNHGS2nctKrBA7hQTV5rKNqlCWKCqiyAIuFHEjCffqqDzHi5BVxVyL6Z+rWaScHLFK9HHYXwcKkqkVLqluCyh8jGYBV6zMXRK3RWrJ9ft7MKkNaaA/NWnuPYE7PQmZLwi0ZadSPyuQLwFmuXCJPRRSBJRCqzOGQtVqEC836623cmc/Z1MVDhSISO/Ar3fK7flwN8PQ7NrHDAWtVIcoowRh//6kWm2emcgPSbGzDqnL50zoPHDwrr+EArnHcrrsy&u=U2FsdGVkX18uVZT5HzRnBOvLfRSDHuz0DN7RW4YI1l8=&y=U2FsdGVkX18lxYiBZ26lVuh19dwwb5uUWO7LjA7T0x2s9Od2zZRdjPUeWHyNYTep HTTP/1.1" 200 208
201.245.192.253 - - [06/Oct/2023:08:15:34 -0500] "POST /forms/lservlet;jsessionid=ac16012b30d631b237d665c3491e938ed2fcaf258f77.e3iSbxaKaheRe34Pbx8Nc3aQci1ynknvrkLOlQzNp65In0 HTTP/1.1" 200 1323
201.245.192.253 - - [06/Oct/2023:08:15:35 -0500] "POST /forms/lservlet;jsessionid=ac16012b30d631b237d665c3491e938ed2fcaf258f77.e3iSbxaKaheRe34Pbx8Nc3aQci1ynknvrkLOlQzNp65In0 HTTP/1.1" 200 10
186.81.229.249 - - [06/Oct/2023:08:15:34 -0500] "POST /sipse/faces/presentacion/financiero/solicitudProceso/consultar.xhtml HTTP/1.1" 200 153803
186.81.229.249 - - [06/Oct/2023:08:15:35 -0500] "GET /sipse/faces/javax.faces.resource/jquery/jquery.js?ln=primefaces&v=4.0 HTTP/1.1" 304 -
186.81.229.249 - - [06/Oct/2023:08:15:35 -0500] "GET /sipse/faces/javax.faces.resource/jquery/jquery-plugins.js?ln=primefaces&v=4.0 HTTP/1.1" 304 -
186.81.229.249 - - [06/Oct/2023:08:15:35 -0500] "GET /sipse/faces/javax.faces.resource/primefaces.js?ln=primefaces&v=4.0 HTTP/1.1" 304 -
186.102.56.50 - - [06/Oct/2023:08:15:34 -0500] "GET /kwssiamovil/sm/cjson/pre?f=1&x=U2FsdGVkX18zPU6WxGaK4++cJ2jCglACdJMUOf6foGbx1OLxQH1bsQoAb+g2IiH4 HTTP/1.1" 200 31032
186.81.229.249 - - [06/Oct/2023:08:15:35 -0500] "GET /sipse/faces/javax.faces.resource/layout/layout.js?ln=primefaces&v=4.0 HTTP/1.1" 304 -
186.81.229.249 - - [06/Oct/2023:08:15:35 -0500] "GET /sipse/faces/javax.faces.resource/dynamiccontent.properties?ln=primefaces&pfdrid=XjOR5%2F%2FfPAZAuY9TpWQeCiM0BhlXxYRBGKi%2FQcXXfeA%3D&pfdrid_c=false HTTP/1.1" 500 383
201.245.192.253 - - [06/Oct/2023:08:15:36 -0500] "POST /forms/lservlet;jsessionid=ac16012b30d631b237d665c3491e938ed2fcaf258f77.e3iSbxaKaheRe34Pbx8Nc3aQci1ynknvrkLOlQzNp65In0 HTTP/1.1" 200 24
201.245.192.253 - - [06/Oct/2023:08:15:40 -0500] "POST /forms/lservlet;jsessionid=ac16012b30d631b237d665c3491e938ed2fcaf258f77.e3iSbxaKaheRe34Pbx8Nc3aQci1ynknvrkLOlQzNp65In0 HTTP/1.1" 200 2682
201.245.192.253 - - [06/Oct/2023:08:15:43 -0500] "POST /forms/lservlet;jsessionid=ac16012b30d631b237d665c3491e938ed2fcaf258f77.e3iSbxaKaheRe34Pbx8Nc3aQci1ynknvrkLOlQzNp65In0 HTTP/1.1" 200 7
186.29.49.233 - - [06/Oct/2023:08:15:46 -0500] "POST /sipse/faces/presentacion/financiero/solicitudProceso/consultarSolicitudProceso.xhtml HTTP/1.1" 200 155430
186.29.49.233 - - [06/Oct/2023:08:15:47 -0500] "GET /sipse/faces/javax.faces.resource/theme.css?ln=primefaces-sipse HTTP/1.1" 304 -
186.29.49.233 - - [06/Oct/2023:08:15:47 -0500] "GET /sipse/faces/javax.faces.resource/primefaces.css?ln=primefaces&v=4.0 HTTP/1.1" 304 -
186.29.49.233 - - [06/Oct/2023:08:15:47 -0500] "GET /sipse/faces/javax.faces.resource/jquery/jquery.js?ln=primefaces&v=4.0 HTTP/1.1" 304 -
186.29.49.233 - - [06/Oct/2023:08:15:47 -0500] "GET /sipse/faces/javax.faces.resource/layout/layout.css?ln=primefaces&v=4.0 HTTP/1.1" 304 -
186.29.49.233 - - [06/Oct/2023:08:15:47 -0500] "GET /sipse/faces/javax.faces.resource/jquery/jquery-plugins.js?ln=primefaces&v=4.0 HTTP/1.1" 304 -
186.29.49.233 - - [06/Oct/2023:08:15:47 -0500] "GET /sipse/faces/javax.faces.resource/primefaces.js?ln=primefaces&v=4.0 HTTP/1.1" 304 -
186.29.49.233 - - [06/Oct/2023:08:15:47 -0500] "GET /sipse/faces/javax.faces.resource/layout/layout.js?ln=primefaces&v=4.0 HTTP/1.1" 304 -
186.29.49.233 - - [06/Oct/2023:08:15:47 -0500] "GET /sipse/css/imagen/contrasena.png HTTP/1.1" 404 383
186.29.49.233 - - [06/Oct/2023:08:15:47 -0500] "GET /sipse/faces/javax.faces.resource/dynamiccontent.properties?ln=primefaces&pfdrid=XjOR5%2F%2FfPAZAuY9TpWQeCiM0BhlXxYRBGKi%2FQcXXfeA%3D&pfdrid_c=false HTTP/1.1" 500 383
201.245.192.253 - - [06/Oct/2023:08:15:46 -0500] "POST /kwsrmcab/Wsrmcab  HTTP/1.1" 200 42851
186.144.253.50 - - [06/Oct/2023:08:15:53 -0500] "GET /BLA/resoluciones/dlf/styles.css HTTP/1.1" 200 3049
186.144.253.50 - - [06/Oct/2023:08:15:53 -0500] "GET /BLA/resoluciones/dlf/dirup.png HTTP/1.1" 200 644
186.144.253.50 - - [06/Oct/2023:08:15:53 -0500] "GET /BLA/resoluciones/dlf/pdf.gif HTTP/1.1" 200 272
186.144.253.50 - - [06/Oct/2023:08:15:53 -0500] "GET /BLA/resoluciones/dlf/archive.png HTTP/1.1" 200 632
186.144.253.50 - - [06/Oct/2023:08:15:53 -0500] "GET /BLA/resoluciones/dlf/bg.gif HTTP/1.1" 200 54
186.144.253.50 - - [06/Oct/2023:08:15:52 -0500] "GET /BLA/resoluciones/index.php?dir=AUTOS+2023%2F HTTP/1.1" 200 349362
186.29.49.233 - - [06/Oct/2023:08:15:54 -0500] "POST /sipse/faces/presentacion/financiero/solicitudProceso/consultarSolicitudProceso.xhtml HTTP/1.1" 200 23977
186.29.49.233 - - [06/Oct/2023:08:15:54 -0500] "GET /sipse/faces/javax.faces.resource/theme.css?ln=primefaces-sipse HTTP/1.1" 304 -
186.29.49.233 - - [06/Oct/2023:08:15:54 -0500] "GET /sipse/faces/javax.faces.resource/layout/layout.css?ln=primefaces&v=4.0 HTTP/1.1" 304 -
186.29.49.233 - - [06/Oct/2023:08:15:54 -0500] "GET /sipse/faces/javax.faces.resource/primefaces.css?ln=primefaces&v=4.0 HTTP/1.1" 304 -
186.29.49.233 - - [06/Oct/2023:08:15:54 -0500] "GET /sipse/faces/javax.faces.resource/jquery/jquery.js?ln=primefaces&v=4.0 HTTP/1.1" 304 -
186.29.49.233 - - [06/Oct/2023:08:15:54 -0500] "GET /sipse/faces/javax.faces.resource/jquery/jquery-plugins.js?ln=primefaces&v=4.0 HTTP/1.1" 304 -
186.29.49.233 - - [06/Oct/2023:08:15:54 -0500] "GET /sipse/faces/javax.faces.resource/primefaces.js?ln=primefaces&v=4.0 HTTP/1.1" 304 -
186.29.49.233 - - [06/Oct/2023:08:15:54 -0500] "GET /sipse/faces/javax.faces.resource/layout/layout.js?ln=primefaces&v=4.0 HTTP/1.1" 304 -
216.244.66.195 - - [06/Oct/2023:08:16:02 -0500] "GET /BLA/resoluciones/RESOLUCIONES%202021/4091.pdf HTTP/1.1" 200 331399
201.245.192.253 - - [06/Oct/2023:08:16:07 -0500] "POST /forms/lservlet;jsessionid=ac16012b30d631b237d665c3491e938ed2fcaf258f77.e3iSbxaKaheRe34Pbx8Nc3aQci1ynknvrkLOlQzNp65In0 HTTP/1.1" 200 2
201.245.192.253 - - [06/Oct/2023:08:16:10 -0500] "POST /forms/lservlet;jsessionid=ac16012b30d6e3ac83cfa34d44e69cdfe83dd14ea1cd.e3iSbxaKaheRe34Pbx8Nc3aQci1ynknvrkLOlQzNp65In0 HTTP/1.1" 200 2
216.244.66.195 - - [06/Oct/2023:08:16:18 -0500] "GET /BLA/resoluciones/RESOLUCIONES%202022/0193.pdf HTTP/1.1" 200 506625
186.29.49.233 - - [06/Oct/2023:08:16:24 -0500] "POST /sipse/faces/presentacion/financiero/viabilidad/expedirViabilidad.xhtml HTTP/1.1" 200 111035
186.29.49.233 - - [06/Oct/2023:08:16:25 -0500] "GET /sipse/faces/javax.faces.resource/theme.css?ln=primefaces-sipse HTTP/1.1" 304 -
186.29.49.233 - - [06/Oct/2023:08:16:25 -0500] "GET /sipse/faces/javax.faces.resource/primefaces.css?ln=primefaces&v=4.0 HTTP/1.1" 304 -
186.29.49.233 - - [06/Oct/2023:08:16:25 -0500] "GET /sipse/faces/javax.faces.resource/layout/layout.css?ln=primefaces&v=4.0 HTTP/1.1" 304 -
186.29.49.233 - - [06/Oct/2023:08:16:25 -0500] "GET /sipse/faces/javax.faces.resource/jquery/jquery.js?ln=primefaces&v=4.0 HTTP/1.1" 304 -
186.29.49.233 - - [06/Oct/2023:08:16:25 -0500] "GET /sipse/faces/javax.faces.resource/jquery/jquery-plugins.js?ln=primefaces&v=4.0 HTTP/1.1" 304 -
186.29.49.233 - - [06/Oct/2023:08:16:25 -0500] "GET /sipse/faces/javax.faces.resource/primefaces.js?ln=primefaces&v=4.0 HTTP/1.1" 304 -
186.29.49.233 - - [06/Oct/2023:08:16:25 -0500] "GET /sipse/faces/javax.faces.resource/layout/layout.js?ln=primefaces&v=4.0 HTTP/1.1" 304 -
186.29.49.233 - - [06/Oct/2023:08:16:25 -0500] "GET /sipse/faces/javax.faces.resource/dynamiccontent.properties?ln=primefaces&pfdrid=XjOR5%2F%2FfPAZAuY9TpWQeCiM0BhlXxYRBGKi%2FQcXXfeA%3D&pfdrid_c=false HTTP/1.1" 500 383
186.81.229.249 - - [06/Oct/2023:08:16:25 -0500] "POST /sipse/faces/presentacion/financiero/solicitudProceso/consultarSolicitudProceso.xhtml HTTP/1.1" 200 47768
186.29.49.233 - - [06/Oct/2023:08:16:28 -0500] "POST /sipse/faces/presentacion/financiero/solicitudProceso/consultarSolicitudProceso.xhtml HTTP/1.1" 200 32983
186.29.49.233 - - [06/Oct/2023:08:16:30 -0500] "GET /sipse/faces/javax.faces.resource/primefaces.css?ln=primefaces&v=4.0 HTTP/1.1" 304 -
186.29.49.233 - - [06/Oct/2023:08:16:30 -0500] "GET /sipse/faces/javax.faces.resource/theme.css?ln=primefaces-sipse HTTP/1.1" 304 -
186.29.49.233 - - [06/Oct/2023:08:16:30 -0500] "GET /sipse/faces/javax.faces.resource/layout/layout.css?ln=primefaces&v=4.0 HTTP/1.1" 304 -
186.29.49.233 - - [06/Oct/2023:08:16:30 -0500] "GET /sipse/faces/javax.faces.resource/jquery/jquery.js?ln=primefaces&v=4.0 HTTP/1.1" 304 -
186.29.49.233 - - [06/Oct/2023:08:16:30 -0500] "GET /sipse/faces/javax.faces.resource/jquery/jquery-plugins.js?ln=primefaces&v=4.0 HTTP/1.1" 304 -
186.29.49.233 - - [06/Oct/2023:08:16:30 -0500] "GET /sipse/faces/javax.faces.resource/primefaces.js?ln=primefaces&v=4.0 HTTP/1.1" 304 -
186.29.49.233 - - [06/Oct/2023:08:16:30 -0500] "GET /sipse/faces/javax.faces.resource/layout/layout.js?ln=primefaces&v=4.0 HTTP/1.1" 304 -
186.29.49.233 - - [06/Oct/2023:08:16:31 -0500] "GET /sipse/faces/javax.faces.resource/messages/messages.png?ln=primefaces&v=4.0 HTTP/1.1" 304 -
186.29.49.233 - - [06/Oct/2023:08:16:31 -0500] "POST /sipse/faces/presentacion/financiero/solicitudProceso/listarSolicitudProceso.xhtml HTTP/1.1" 200 1368
216.244.66.195 - - [06/Oct/2023:08:16:33 -0500] "GET /BLA/resoluciones/RESOLUCIONES%202022/1120.pdf HTTP/1.1" 200 692848
186.84.21.214 - - [06/Oct/2023:08:16:34 -0500] "GET /sipse/faces/presentacion/sistema/reporte/listarReportes.xhtml HTTP/1.1" 302 -
186.84.21.214 - - [06/Oct/2023:08:16:34 -0500] "GET /sipse/faces/autenticacion.xhtml HTTP/1.1" 200 12412
186.84.21.214 - - [06/Oct/2023:08:16:35 -0500] "GET /sipse/css/custom_css_sg.css HTTP/1.1" 200 9694
186.84.21.214 - - [06/Oct/2023:08:16:35 -0500] "GET /sipse/css/custom_css_sg_prime_login.css HTTP/1.1" 200 443
186.84.21.214 - - [06/Oct/2023:08:16:35 -0500] "GET /sipse/faces/javax.faces.resource/layout/layout.css?ln=primefaces&v=4.0 HTTP/1.1" 200 542
186.84.21.214 - - [06/Oct/2023:08:16:35 -0500] "GET /sipse/faces/javax.faces.resource/theme.css?ln=primefaces-sipse HTTP/1.1" 200 50058
186.84.21.214 - - [06/Oct/2023:08:16:35 -0500] "GET /sipse/faces/javax.faces.resource/primefaces.css?ln=primefaces&v=4.0 HTTP/1.1" 200 53295
186.29.49.233 - - [06/Oct/2023:08:16:37 -0500] "POST /sipse/faces/presentacion/financiero/solicitudProceso/listarSolicitudProceso.xhtml HTTP/1.1" 200 911
186.84.21.214 - - [06/Oct/2023:08:16:43 -0500] "GET /sipse/faces/index.xhtml HTTP/1.1" 200 677
186.84.21.214 - - [06/Oct/2023:08:16:43 -0500] "GET /sipse/faces/javax.faces.resource/theme.css?ln=primefaces-sipse HTTP/1.1" 304 -
186.84.21.214 - - [06/Oct/2023:08:16:45 -0500] "GET /sipse/faces/faces/autenticacion.xhtml HTTP/1.1" 200 12412
186.84.21.214 - - [06/Oct/2023:08:16:45 -0500] "GET /sipse/faces/javax.faces.resource/theme.css?ln=primefaces-sipse HTTP/1.1" 304 -
186.84.21.214 - - [06/Oct/2023:08:16:45 -0500] "GET /sipse/faces/javax.faces.resource/primefaces.css?ln=primefaces&v=4.0 HTTP/1.1" 304 -
186.84.21.214 - - [06/Oct/2023:08:16:45 -0500] "GET /sipse/faces/javax.faces.resource/primefaces.js?ln=primefaces&v=4.0 HTTP/1.1" 304 -
186.84.21.214 - - [06/Oct/2023:08:16:45 -0500] "GET /sipse/faces/javax.faces.resource/jquery/jquery-plugins.js?ln=primefaces&v=4.0 HTTP/1.1" 304 -
186.84.21.214 - - [06/Oct/2023:08:16:45 -0500] "GET /sipse/faces/javax.faces.resource/layout/layout.css?ln=primefaces&v=4.0 HTTP/1.1" 304 -
186.84.21.214 - - [06/Oct/2023:08:16:45 -0500] "GET /sipse/faces/javax.faces.resource/jquery/jquery.js?ln=primefaces&v=4.0 HTTP/1.1" 304 -
186.84.21.214 - - [06/Oct/2023:08:16:45 -0500] "GET /sipse/faces/javax.faces.resource/layout/layout.js?ln=primefaces&v=4.0 HTTP/1.1" 304 -
186.84.21.214 - - [06/Oct/2023:08:16:45 -0500] "GET /sipse/faces/javax.faces.resource/images/ui-icons_898989_256x240.png?ln=primefaces-aristo HTTP/1.1" 304 -
216.244.66.195 - - [06/Oct/2023:08:16:49 -0500] "GET /BLA/resoluciones/RESOLUCIONES%202022/1286.pdf HTTP/1.1" 200 339977
201.245.192.253 - - [06/Oct/2023:08:16:57 -0500] "POST /forms/lservlet;jsessionid=ac16012b30d631b237d665c3491e938ed2fcaf258f77.e3iSbxaKaheRe34Pbx8Nc3aQci1ynknvrkLOlQzNp65In0 HTTP/1.1" 200 7
216.244.66.195 - - [06/Oct/2023:08:17:01 -0500] "GET /BLA/resoluciones/RESOLUCIONES%202022/1365.pdf HTTP/1.1" 200 401471
172.22.2.4 - - [06/Oct/2023:08:17:09 -0500] "GET /BLA/boletinlegal/actos.php HTTP/1.1" 200 9682
216.245.221.92 - - [06/Oct/2023:08:17:10 -0500] "HEAD / HTTP/1.1" 200 -
172.22.2.4 - - [06/Oct/2023:08:17:10 -0500] "GET /BLA/boletinlegal/styles2.css HTTP/1.1" 200 1838
172.22.2.4 - - [06/Oct/2023:08:17:10 -0500] "GET /BLA/boletinlegal/niceforms-default.css HTTP/1.1" 200 6694
172.22.2.4 - - [06/Oct/2023:08:17:11 -0500] "GET /BLA/boletinlegal/style.css HTTP/1.1" 200 9406
172.22.2.4 - - [06/Oct/2023:08:17:11 -0500] "GET /BLA/boletinlegal/js/ajax_actos.js HTTP/1.1" 200 1322
172.22.2.4 - - [06/Oct/2023:08:17:11 -0500] "GET /BLA/boletinlegal/niceforms.js HTTP/1.1" 200 22876
201.245.192.253 - - [06/Oct/2023:08:17:11 -0500] "POST /forms/lservlet;jsessionid=ac16012b30d631b237d665c3491e938ed2fcaf258f77.e3iSbxaKaheRe34Pbx8Nc3aQci1ynknvrkLOlQzNp65In0 HTTP/1.1" 200 7
172.22.2.4 - - [06/Oct/2023:08:17:12 -0500] "GET /BLA/boletinlegal/js/lib.js HTTP/1.1" 200 6474
172.22.2.4 - - [06/Oct/2023:08:17:12 -0500] "GET /BLA/boletinlegal/js/popup.js HTTP/1.1" 200 1270
172.22.2.4 - - [06/Oct/2023:08:17:13 -0500] "GET /BLA/boletinlegal/js/jquery1.js HTTP/1.1" 200 29846
216.244.66.195 - - [06/Oct/2023:08:17:13 -0500] "GET /BLA/resoluciones/RESOLUCIONES%202022/1481.pdf HTTP/1.1" 200 368328
172.22.2.4 - - [06/Oct/2023:08:17:14 -0500] "GET /BLA/boletinlegal/images/cabezote%20BLEGAL.jpg HTTP/1.1" 200 118164
172.22.2.4 - - [06/Oct/2023:08:17:15 -0500] "GET /BLA/boletinlegal/images/subscribe-icon-big.png HTTP/1.1" 200 47702
172.22.2.4 - - [06/Oct/2023:08:17:15 -0500] "GET /BLA/boletinlegal/images/historia.png HTTP/1.1" 200 52775
172.22.2.4 - - [06/Oct/2023:08:17:16 -0500] "GET /BLA/boletinlegal/images/registro-usuarios.png HTTP/1.1" 200 8106
172.22.2.4 - - [06/Oct/2023:08:17:17 -0500] "GET /BLA/boletinlegal/images/tel.png HTTP/1.1" 200 14477
172.22.2.4 - - [06/Oct/2023:08:17:19 -0500] "GET /BLA/boletinlegal/images/body_bg.jpg HTTP/1.1" 200 1601
172.22.2.4 - - [06/Oct/2023:08:17:19 -0500] "GET /BLA/boletinlegal/images/footer_bg.jpg HTTP/1.1" 200 586
172.22.2.4 - - [06/Oct/2023:08:17:19 -0500] "GET /BLA/boletinlegal/images/bg_top.jpg HTTP/1.1" 200 522
172.22.2.4 - - [06/Oct/2023:08:17:19 -0500] "GET /BLA/boletinlegal/images/text.jpg HTTP/1.1" 200 568
172.22.2.4 - - [06/Oct/2023:08:17:19 -0500] "GET /BLA/boletinlegal/images/icono-email.png HTTP/1.1" 200 5544
172.22.2.4 - - [06/Oct/2023:08:17:20 -0500] "GET /BLA/boletinlegal/images/menu_rght.gif HTTP/1.1" 200 1627
172.22.2.4 - - [06/Oct/2023:08:17:21 -0500] "GET /BLA/boletinlegal/images/menu_lft.gif HTTP/1.1" 200 1713
172.22.2.4 - - [06/Oct/2023:08:17:21 -0500] "GET /BLA/boletinlegal/images/menu_bg.jpg HTTP/1.1" 200 620
172.22.2.4 - - [06/Oct/2023:08:17:21 -0500] "GET /BLA/boletinlegal/images/footer_bg_l.jpg HTTP/1.1" 200 776
172.22.2.4 - - [06/Oct/2023:08:17:21 -0500] "GET /BLA/boletinlegal/images/hover.jpg HTTP/1.1" 200 640
172.22.2.4 - - [06/Oct/2023:08:17:22 -0500] "GET /BLA/boletinlegal/images/green-yellow-blue-pink-th.png HTTP/1.1" 200 7394
172.22.2.4 - - [06/Oct/2023:08:17:22 -0500] "GET /BLA/boletinlegal/img/0.png HTTP/1.1" 200 110
172.22.2.4 - - [06/Oct/2023:08:17:22 -0500] "GET /BLA/boletinlegal/img/select-left.png HTTP/1.1" 200 263
172.22.2.4 - - [06/Oct/2023:08:17:22 -0500] "GET /BLA/boletinlegal/img/select-right.png HTTP/1.1" 200 44019
172.22.2.4 - - [06/Oct/2023:08:17:22 -0500] "GET /BLA/boletinlegal/img/button-left.png HTTP/1.1" 200 57071
172.22.2.4 - - [06/Oct/2023:08:17:22 -0500] "GET /BLA/boletinlegal/img/button.png HTTP/1.1" 200 43241
172.22.2.4 - - [06/Oct/2023:08:17:22 -0500] "GET /BLA/boletinlegal/img/button-right.png HTTP/1.1" 200 57878
172.22.2.4 - - [06/Oct/2023:08:17:22 -0500] "GET /BLA/boletinlegal/favicon.ico HTTP/1.1" 404 1326
201.245.192.253 - - [06/Oct/2023:08:17:25 -0500] "POST /forms/lservlet;jsessionid=ac16012b30d631b237d665c3491e938ed2fcaf258f77.e3iSbxaKaheRe34Pbx8Nc3aQci1ynknvrkLOlQzNp65In0 HTTP/1.1" 200 7
216.244.66.195 - - [06/Oct/2023:08:17:26 -0500] "GET /BLA/resoluciones/RESOLUCIONES%202022/1546.pdf HTTP/1.1" 200 564318
201.245.166.34 - - [06/Oct/2023:08:17:23 -0500] "GET /Publicaciones/SSFFS-09547-2023.zip HTTP/1.1" 200 1131897
216.244.66.195 - - [06/Oct/2023:08:17:36 -0500] "GET /BLA/resoluciones/RESOLUCIONES%202022/2205.pdf HTTP/1.1" 200 1460363
201.245.192.253 - - [06/Oct/2023:08:17:36 -0500] "POST /kwsrmcab/Wsrmcab HTTP/1.1" 200 42732
201.245.192.253 - - [06/Oct/2023:08:17:39 -0500] "POST /kwsrmcab/Wsrmcab HTTP/1.1" 200 43377
216.244.66.195 - - [06/Oct/2023:08:17:46 -0500] "GET /BLA/resoluciones/RESOLUCIONES%202022/2764.pdf HTTP/1.1" 200 334893
216.244.66.195 - - [06/Oct/2023:08:17:54 -0500] "GET /BLA/resoluciones/RESOLUCIONES%202022/3071.pdf HTTP/1.1" 200 365986
216.244.66.195 - - [06/Oct/2023:08:18:02 -0500] "GET /BLA/resoluciones/RESOLUCIONES%202022/3449.pdf HTTP/1.1" 200 506563
201.245.192.253 - - [06/Oct/2023:08:18:02 -0500] "POST /forms/lservlet;jsessionid=ac16012b30d631b237d665c3491e938ed2fcaf258f77.e3iSbxaKaheRe34Pbx8Nc3aQci1ynknvrkLOlQzNp65In0 HTTP/1.1" 200 8628
201.245.192.253 - - [06/Oct/2023:08:18:03 -0500] "POST /forms/lservlet;jsessionid=ac16012b30d631b237d665c3491e938ed2fcaf258f77.e3iSbxaKaheRe34Pbx8Nc3aQci1ynknvrkLOlQzNp65In0 HTTP/1.1" 200 10
201.245.192.253 - - [06/Oct/2023:08:18:03 -0500] "POST /forms/lservlet;jsessionid=ac16012b30d631b237d665c3491e938ed2fcaf258f77.e3iSbxaKaheRe34Pbx8Nc3aQci1ynknvrkLOlQzNp65In0 HTTP/1.1" 200 2
201.245.192.253 - - [06/Oct/2023:08:18:03 -0500] "POST /forms/lservlet;jsessionid=ac16012b30d631b237d665c3491e938ed2fcaf258f77.e3iSbxaKaheRe34Pbx8Nc3aQci1ynknvrkLOlQzNp65In0 HTTP/1.1" 200 2
201.245.192.253 - - [06/Oct/2023:08:18:04 -0500] "POST /forms/lservlet;jsessionid=ac16012b30d631b237d665c3491e938ed2fcaf258f77.e3iSbxaKaheRe34Pbx8Nc3aQci1ynknvrkLOlQzNp65In0 HTTP/1.1" 200 13
201.245.192.253 - - [06/Oct/2023:08:18:06 -0500] "POST /forms/lservlet;jsessionid=ac16012b30d631b237d665c3491e938ed2fcaf258f77.e3iSbxaKaheRe34Pbx8Nc3aQci1ynknvrkLOlQzNp65In0 HTTP/1.1" 200 555
201.245.192.253 - - [06/Oct/2023:08:18:07 -0500] "POST /forms/lservlet;jsessionid=ac16012b30d631b237d665c3491e938ed2fcaf258f77.e3iSbxaKaheRe34Pbx8Nc3aQci1ynknvrkLOlQzNp65In0 HTTP/1.1" 200 2
201.245.192.253 - - [06/Oct/2023:08:18:10 -0500] "POST /forms/lservlet;jsessionid=ac16012b30d6e3ac83cfa34d44e69cdfe83dd14ea1cd.e3iSbxaKaheRe34Pbx8Nc3aQci1ynknvrkLOlQzNp65In0 HTTP/1.1" 200 2
216.244.66.195 - - [06/Oct/2023:08:18:12 -0500] "GET /BLA/resoluciones/RESOLUCIONES%202022/3555.pdf HTTP/1.1" 200 354383
216.244.66.195 - - [06/Oct/2023:08:18:20 -0500] "GET /BLA/resoluciones/RESOLUCIONES%202022/4886.pdf HTTP/1.1" 200 393969
216.244.66.195 - - [06/Oct/2023:08:18:26 -0500] "GET /BLA/resoluciones/RESOLUCIONES%202023/0231.pdf HTTP/1.1" 200 486859
216.244.66.195 - - [06/Oct/2023:08:18:38 -0500] "GET /BLA/resoluciones/RESOLUCIONES%202023/0392.pdf HTTP/1.1" 200 307984
216.244.66.195 - - [06/Oct/2023:08:18:46 -0500] "GET /galeria/galeria/fotos/Humedal-Tibanica3G.jpg HTTP/1.1" 200 428565
52.167.144.166 - - [06/Oct/2023:08:18:47 -0500] "GET /BLA/resoluciones/index.php?dir=Notificaciones%2FREGISTROS+2013%2F HTTP/1.1" 200 2053
201.245.166.34 - - [06/Oct/2023:08:18:33 -0500] "GET /Publicaciones/SSFFS-09557-2023.zip HTTP/1.1" 200 12120227
201.245.192.253 - - [06/Oct/2023:08:18:53 -0500] "POST /forms/lservlet;jsessionid=ac16012b30d631b237d665c3491e938ed2fcaf258f77.e3iSbxaKaheRe34Pbx8Nc3aQci1ynknvrkLOlQzNp65In0 HTTP/1.1" 200 21
201.245.192.253 - - [06/Oct/2023:08:18:56 -0500] "POST /forms/lservlet;jsessionid=ac16012b30d631b237d665c3491e938ed2fcaf258f77.e3iSbxaKaheRe34Pbx8Nc3aQci1ynknvrkLOlQzNp65In0 HTTP/1.1" 200 670
172.22.2.4 - - [06/Oct/2023:08:17:26 -0500] "HEAD /BLA/boletinlegal/ HTTP/1.1" 200 -
64.124.8.93 - - [06/Oct/2023:08:19:43 -0500] "GET /portaldeninos/2021/06/10/ganadores-del-concurso-a-vuelo-de-pajaro-recibieron-reconocimientos-de-la-secretaria-de-ambiente/feed/ HTTP/1.1" 304 -
201.245.166.34 - - [06/Oct/2023:08:19:39 -0500] "GET /Publicaciones/SSFFS-09561-2023.zip HTTP/1.1" 200 5082044
186.81.229.249 - - [06/Oct/2023:08:19:51 -0500] "POST /sipse/faces/presentacion/financiero/solicitudProceso/consultarSolicitudProceso.xhtml HTTP/1.1" 200 155040
172.22.2.4 - - [06/Oct/2023:08:18:17 -0500] "GET /BLA/boletinlegal/ HTTP/1.1" 200 58187
172.22.2.4 - - [06/Oct/2023:08:20:01 -0500] "GET /BLA/boletinlegal/conceptos.php HTTP/1.1" 200 7496
172.22.2.4 - - [06/Oct/2023:08:20:01 -0500] "GET /BLA/boletinlegal/styles2.css HTTP/1.1" 200 1838
172.22.2.4 - - [06/Oct/2023:08:20:01 -0500] "GET /BLA/boletinlegal/js/ajax_conceptos.js HTTP/1.1" 200 1326
172.22.2.4 - - [06/Oct/2023:08:20:01 -0500] "GET /BLA/boletinlegal/niceforms-default.css HTTP/1.1" 200 6694
172.22.2.4 - - [06/Oct/2023:08:20:01 -0500] "GET /BLA/boletinlegal/style.css HTTP/1.1" 200 9406
172.22.2.4 - - [06/Oct/2023:08:20:01 -0500] "GET /BLA/boletinlegal/niceforms.js HTTP/1.1" 200 22876
172.22.2.4 - - [06/Oct/2023:08:20:01 -0500] "GET /BLA/boletinlegal/images/cabezote%20BLEGAL.jpg HTTP/1.1" 200 118164
172.22.2.4 - - [06/Oct/2023:08:20:01 -0500] "GET /BLA/boletinlegal/images/subscribe-icon-big.png HTTP/1.1" 200 47702
172.22.2.4 - - [06/Oct/2023:08:20:01 -0500] "GET /BLA/boletinlegal/images/registro-usuarios.png HTTP/1.1" 200 8106
172.22.2.4 - - [06/Oct/2023:08:20:01 -0500] "GET /BLA/boletinlegal/images/historia.png HTTP/1.1" 200 52775
172.22.2.4 - - [06/Oct/2023:08:20:01 -0500] "GET /BLA/boletinlegal/images/tel.png HTTP/1.1" 200 14477
172.22.2.4 - - [06/Oct/2023:08:20:01 -0500] "GET /BLA/boletinlegal/images/icono-email.png HTTP/1.1" 200 5544
172.22.2.4 - - [06/Oct/2023:08:20:01 -0500] "GET /BLA/boletinlegal/images/menu_bg.jpg HTTP/1.1" 200 620
172.22.2.4 - - [06/Oct/2023:08:20:02 -0500] "GET /BLA/boletinlegal/images/menu_rght.gif HTTP/1.1" 200 1627
172.22.2.4 - - [06/Oct/2023:08:20:02 -0500] "GET /BLA/boletinlegal/images/menu_lft.gif HTTP/1.1" 200 1713
172.22.2.4 - - [06/Oct/2023:08:20:02 -0500] "GET /BLA/boletinlegal/images/bg_top.jpg HTTP/1.1" 200 522
172.22.2.4 - - [06/Oct/2023:08:20:02 -0500] "GET /BLA/boletinlegal/images/hover.jpg HTTP/1.1" 200 640
172.22.2.4 - - [06/Oct/2023:08:20:02 -0500] "GET /BLA/boletinlegal/images/footer_bg.jpg HTTP/1.1" 200 586
172.22.2.4 - - [06/Oct/2023:08:20:02 -0500] "GET /BLA/boletinlegal/images/text.jpg HTTP/1.1" 200 568
172.22.2.4 - - [06/Oct/2023:08:20:02 -0500] "GET /BLA/boletinlegal/images/body_bg.jpg HTTP/1.1" 200 1601
172.22.2.4 - - [06/Oct/2023:08:20:02 -0500] "GET /BLA/boletinlegal/images/footer_bg_l.jpg HTTP/1.1" 200 776
172.22.2.4 - - [06/Oct/2023:08:20:02 -0500] "GET /BLA/boletinlegal/img/0.png HTTP/1.1" 200 110
172.22.2.4 - - [06/Oct/2023:08:20:02 -0500] "GET /BLA/boletinlegal/img/select-left.png HTTP/1.1" 200 263
172.22.2.4 - - [06/Oct/2023:08:20:02 -0500] "GET /BLA/boletinlegal/img/select-right.png HTTP/1.1" 200 44019
172.22.2.4 - - [06/Oct/2023:08:20:02 -0500] "GET /BLA/boletinlegal/img/button-left.png HTTP/1.1" 200 57071
172.22.2.4 - - [06/Oct/2023:08:20:02 -0500] "GET /BLA/boletinlegal/img/button-right.png HTTP/1.1" 200 57878
172.22.2.4 - - [06/Oct/2023:08:20:02 -0500] "GET /BLA/boletinlegal/img/button.png HTTP/1.1" 200 43241
172.22.2.4 - - [06/Oct/2023:08:20:02 -0500] "GET /BLA/boletinlegal/favicon.ico HTTP/1.1" 404 1334
201.245.192.253 - - [06/Oct/2023:08:20:07 -0500] "POST /forms/lservlet;jsessionid=ac16012b30d631b237d665c3491e938ed2fcaf258f77.e3iSbxaKaheRe34Pbx8Nc3aQci1ynknvrkLOlQzNp65In0 HTTP/1.1" 200 2
172.22.2.4 - - [06/Oct/2023:08:20:10 -0500] "GET /BLA/boletinlegal/normativa.php HTTP/1.1" 200 8343
172.22.2.4 - - [06/Oct/2023:08:20:10 -0500] "GET /BLA/boletinlegal/js/ajax_normativa.js HTTP/1.1" 200 1154
201.245.192.253 - - [06/Oct/2023:08:20:10 -0500] "POST /forms/lservlet;jsessionid=ac16012b30d6e3ac83cfa34d44e69cdfe83dd14ea1cd.e3iSbxaKaheRe34Pbx8Nc3aQci1ynknvrkLOlQzNp65In0 HTTP/1.1" 200 2
186.86.32.107 - - [06/Oct/2023:08:20:28 -0500] "GET /sipse/faces/javax.faces.resource/images/ui-bg_flat_0_2d5972_40x100.png?ln=primefaces-aristo HTTP/1.1" 304 -
186.86.32.107 - - [06/Oct/2023:08:20:28 -0500] "POST /sipse/faces/presentacion/financiero/solicitudProceso/consultarSolicitudProceso.xhtml HTTP/1.1" 200 42339
186.86.32.107 - - [06/Oct/2023:08:20:29 -0500] "GET /sipse/faces/javax.faces.resource/theme.css?ln=primefaces-sipse HTTP/1.1" 304 -
186.86.32.107 - - [06/Oct/2023:08:20:29 -0500] "GET /sipse/faces/javax.faces.resource/primefaces.css?ln=primefaces&v=4.0 HTTP/1.1" 304 -
186.86.32.107 - - [06/Oct/2023:08:20:29 -0500] "GET /sipse/faces/javax.faces.resource/jquery/jquery.js?ln=primefaces&v=4.0 HTTP/1.1" 304 -
186.86.32.107 - - [06/Oct/2023:08:20:29 -0500] "GET /sipse/faces/javax.faces.resource/layout/layout.css?ln=primefaces&v=4.0 HTTP/1.1" 304 -
186.86.32.107 - - [06/Oct/2023:08:20:29 -0500] "GET /sipse/faces/javax.faces.resource/jquery/jquery-plugins.js?ln=primefaces&v=4.0 HTTP/1.1" 304 -
186.86.32.107 - - [06/Oct/2023:08:20:29 -0500] "GET /sipse/faces/javax.faces.resource/primefaces.js?ln=primefaces&v=4.0 HTTP/1.1" 304 -
186.86.32.107 - - [06/Oct/2023:08:20:29 -0500] "GET /sipse/faces/javax.faces.resource/layout/layout.js?ln=primefaces&v=4.0 HTTP/1.1" 304 -
186.86.32.107 - - [06/Oct/2023:08:20:34 -0500] "POST /sipse/faces/presentacion/financiero/solicitudProceso/consultar.xhtml HTTP/1.1" 200 13052
186.86.32.107 - - [06/Oct/2023:08:20:38 -0500] "POST /sipse/faces/presentacion/financiero/solicitudProceso/consultar.xhtml HTTP/1.1" 200 148126
186.86.32.107 - - [06/Oct/2023:08:20:39 -0500] "GET /sipse/faces/javax.faces.resource/theme.css?ln=primefaces-sipse HTTP/1.1" 304 -
186.86.32.107 - - [06/Oct/2023:08:20:39 -0500] "GET /sipse/faces/javax.faces.resource/layout/layout.css?ln=primefaces&v=4.0 HTTP/1.1" 304 -
186.86.32.107 - - [06/Oct/2023:08:20:39 -0500] "GET /sipse/faces/javax.faces.resource/primefaces.css?ln=primefaces&v=4.0 HTTP/1.1" 304 -
186.86.32.107 - - [06/Oct/2023:08:20:39 -0500] "GET /sipse/faces/javax.faces.resource/jquery/jquery.js?ln=primefaces&v=4.0 HTTP/1.1" 304 -
186.86.32.107 - - [06/Oct/2023:08:20:39 -0500] "GET /sipse/faces/javax.faces.resource/jquery/jquery-plugins.js?ln=primefaces&v=4.0 HTTP/1.1" 304 -
186.86.32.107 - - [06/Oct/2023:08:20:39 -0500] "GET /sipse/faces/javax.faces.resource/primefaces.js?ln=primefaces&v=4.0 HTTP/1.1" 304 -
186.86.32.107 - - [06/Oct/2023:08:20:39 -0500] "GET /sipse/faces/javax.faces.resource/layout/layout.js?ln=primefaces&v=4.0 HTTP/1.1" 304 -
186.86.32.107 - - [06/Oct/2023:08:20:39 -0500] "GET /sipse/faces/javax.faces.resource/dynamiccontent.properties?ln=primefaces&pfdrid=XjOR5%2F%2FfPAZAuY9TpWQeCiM0BhlXxYRBGKi%2FQcXXfeA%3D&pfdrid_c=false HTTP/1.1" 500 383
201.245.192.253 - - [06/Oct/2023:08:20:45 -0500] "POST /kwsrmcab/Wsrmcab  HTTP/1.1" 200 42851
201.245.166.34 - - [06/Oct/2023:08:20:47 -0500] "GET /Publicaciones/SSFFS-09564-2023.zip HTTP/1.1" 200 2385421
186.86.32.107 - - [06/Oct/2023:08:20:53 -0500] "GET /sipse/faces/javax.faces.resource/theme.css?ln=primefaces-sipse HTTP/1.1" 304 -
186.86.32.107 - - [06/Oct/2023:08:20:53 -0500] "POST /sipse/faces/presentacion/financiero/solicitudProceso/consultarSolicitudProceso.xhtml HTTP/1.1" 200 38159
186.86.32.107 - - [06/Oct/2023:08:20:53 -0500] "GET /sipse/faces/javax.faces.resource/primefaces.css?ln=primefaces&v=4.0 HTTP/1.1" 304 -
186.86.32.107 - - [06/Oct/2023:08:20:53 -0500] "GET /sipse/faces/javax.faces.resource/layout/layout.css?ln=primefaces&v=4.0 HTTP/1.1" 304 -
186.86.32.107 - - [06/Oct/2023:08:20:53 -0500] "GET /sipse/faces/javax.faces.resource/layout/layout.js?ln=primefaces&v=4.0 HTTP/1.1" 304 -
186.86.32.107 - - [06/Oct/2023:08:20:53 -0500] "GET /sipse/faces/javax.faces.resource/jquery/jquery.js?ln=primefaces&v=4.0 HTTP/1.1" 304 -
186.86.32.107 - - [06/Oct/2023:08:20:53 -0500] "GET /sipse/faces/javax.faces.resource/primefaces.js?ln=primefaces&v=4.0 HTTP/1.1" 304 -
186.86.32.107 - - [06/Oct/2023:08:20:53 -0500] "GET /sipse/faces/javax.faces.resource/jquery/jquery-plugins.js?ln=primefaces&v=4.0 HTTP/1.1" 304 -
172.22.2.4 - - [06/Oct/2023:08:21:20 -0500] "GET /BLA/boletinlegal/Directivas/2022/DIRECTIVA%20No.%2000002%20DEL%2022%20DE%20JUNIO%20DEL%202022.pdf HTTP/1.1" 200 384175
172.22.2.4 - - [06/Oct/2023:08:21:23 -0500] "GET /BLA/boletinlegal/conceptos.php HTTP/1.1" 200 7496
186.155.13.214 - - [06/Oct/2023:08:21:55 -0500] "GET /bioexpo-2023-bogota-alcanza-destacada-participacion-y-buenos-reditos-con-innovadores-negocios-verdes.html HTTP/1.1" 304 -
61.219.11.155 - - [06/Oct/2023:08:21:59 -0500] "GET / HTTP/1.1" 400 946
201.245.192.253 - - [06/Oct/2023:08:22:07 -0500] "POST /forms/lservlet;jsessionid=ac16012b30d631b237d665c3491e938ed2fcaf258f77.e3iSbxaKaheRe34Pbx8Nc3aQci1ynknvrkLOlQzNp65In0 HTTP/1.1" 200 2
216.245.221.92 - - [06/Oct/2023:08:22:10 -0500] "HEAD / HTTP/1.1" 200 -
201.245.192.253 - - [06/Oct/2023:08:22:10 -0500] "POST /forms/lservlet;jsessionid=ac16012b30d6e3ac83cfa34d44e69cdfe83dd14ea1cd.e3iSbxaKaheRe34Pbx8Nc3aQci1ynknvrkLOlQzNp65In0 HTTP/1.1" 200 2
167.94.138.35 - - [06/Oct/2023:08:22:54 -0500] "GET / HTTP/1.1" 200 319
167.94.138.35 - - [06/Oct/2023:08:22:54 -0500] "GET / HTTP/1.1" 200 319
167.94.138.35 - - [06/Oct/2023:08:22:54 -0500] "PRI * HTTP/2.0" 400 946
167.94.138.35 - - [06/Oct/2023:08:22:55 -0500] "GET /favicon.ico HTTP/1.1" 200 7782
201.245.166.34 - - [06/Oct/2023:08:22:55 -0500] "GET /Publicaciones/SSFFS-09567-2023.zip HTTP/1.1" 200 1234475
186.81.229.249 - - [06/Oct/2023:08:24:00 -0500] "POST /sipse/faces/presentacion/financiero/solicitudProceso/consultarSolicitudProceso.xhtml HTTP/1.1" 200 41461
186.81.229.249 - - [06/Oct/2023:08:24:00 -0500] "GET /sipse/faces/javax.faces.resource/jquery/jquery.js?ln=primefaces&v=4.0 HTTP/1.1" 304 -
186.81.229.249 - - [06/Oct/2023:08:24:00 -0500] "GET /sipse/faces/javax.faces.resource/jquery/jquery-plugins.js?ln=primefaces&v=4.0 HTTP/1.1" 304 -
186.81.229.249 - - [06/Oct/2023:08:24:00 -0500] "GET /sipse/faces/javax.faces.resource/primefaces.js?ln=primefaces&v=4.0 HTTP/1.1" 304 -
186.81.229.249 - - [06/Oct/2023:08:24:00 -0500] "GET /sipse/faces/javax.faces.resource/layout/layout.js?ln=primefaces&v=4.0 HTTP/1.1" 304 -
186.81.229.249 - - [06/Oct/2023:08:24:00 -0500] "POST /sipse/faces/presentacion/financiero/solicitudProceso/consultar.xhtml HTTP/1.1" 200 34825
186.81.229.249 - - [06/Oct/2023:08:24:01 -0500] "POST /sipse/faces/presentacion/financiero/solicitudProceso/consultar.xhtml HTTP/1.1" 200 34825
186.81.229.249 - - [06/Oct/2023:08:24:01 -0500] "POST /sipse/faces/presentacion/financiero/solicitudProceso/consultar.xhtml HTTP/1.1" 200 34825
186.81.229.249 - - [06/Oct/2023:08:24:01 -0500] "POST /sipse/faces/presentacion/financiero/solicitudProceso/consultar.xhtml HTTP/1.1" 200 34825
186.81.229.249 - - [06/Oct/2023:08:24:02 -0500] "POST /sipse/faces/presentacion/financiero/solicitudProceso/consultar.xhtml HTTP/1.1" 200 34825
186.81.229.249 - - [06/Oct/2023:08:24:02 -0500] "POST /sipse/faces/presentacion/financiero/solicitudProceso/consultar.xhtml HTTP/1.1" 200 34825
186.81.229.249 - - [06/Oct/2023:08:24:02 -0500] "POST /sipse/faces/presentacion/financiero/solicitudProceso/consultar.xhtml HTTP/1.1" 200 34825
186.81.229.249 - - [06/Oct/2023:08:24:03 -0500] "POST /sipse/faces/presentacion/financiero/solicitudProceso/consultar.xhtml HTTP/1.1" 200 34825
186.81.229.249 - - [06/Oct/2023:08:24:03 -0500] "POST /sipse/faces/presentacion/financiero/solicitudProceso/consultar.xhtml HTTP/1.1" 200 34825
186.81.229.249 - - [06/Oct/2023:08:24:03 -0500] "POST /sipse/faces/presentacion/financiero/solicitudProceso/consultar.xhtml HTTP/1.1" 200 34825
186.81.229.249 - - [06/Oct/2023:08:24:03 -0500] "POST /sipse/faces/presentacion/financiero/solicitudProceso/consultar.xhtml HTTP/1.1" 200 34825
186.81.229.249 - - [06/Oct/2023:08:24:04 -0500] "POST /sipse/faces/presentacion/financiero/solicitudProceso/consultar.xhtml HTTP/1.1" 200 34825
186.81.229.249 - - [06/Oct/2023:08:24:04 -0500] "POST /sipse/faces/presentacion/financiero/solicitudProceso/consultar.xhtml HTTP/1.1" 200 34825
186.81.229.249 - - [06/Oct/2023:08:24:04 -0500] "POST /sipse/faces/presentacion/financiero/solicitudProceso/consultar.xhtml HTTP/1.1" 200 34825
186.81.229.249 - - [06/Oct/2023:08:24:05 -0500] "POST /sipse/faces/presentacion/financiero/solicitudProceso/consultar.xhtml HTTP/1.1" 200 34825
201.245.192.253 - - [06/Oct/2023:08:24:07 -0500] "POST /forms/lservlet;jsessionid=ac16012b30d631b237d665c3491e938ed2fcaf258f77.e3iSbxaKaheRe34Pbx8Nc3aQci1ynknvrkLOlQzNp65In0 HTTP/1.1" 200 2
186.81.229.249 - - [06/Oct/2023:08:24:08 -0500] "POST /sipse/faces/presentacion/financiero/solicitudProceso/consultar.xhtml HTTP/1.1" 200 12801
201.245.192.253 - - [06/Oct/2023:08:24:10 -0500] "POST /forms/lservlet;jsessionid=ac16012b30d6e3ac83cfa34d44e69cdfe83dd14ea1cd.e3iSbxaKaheRe34Pbx8Nc3aQci1ynknvrkLOlQzNp65In0 HTTP/1.1" 200 2
186.81.229.249 - - [06/Oct/2023:08:24:14 -0500] "POST /sipse/faces/presentacion/financiero/solicitudProceso/consultar.xhtml HTTP/1.1" 200 152184
186.81.229.249 - - [06/Oct/2023:08:24:15 -0500] "GET /sipse/faces/javax.faces.resource/jquery/jquery.js?ln=primefaces&v=4.0 HTTP/1.1" 304 -
186.81.229.249 - - [06/Oct/2023:08:24:16 -0500] "GET /sipse/faces/javax.faces.resource/jquery/jquery-plugins.js?ln=primefaces&v=4.0 HTTP/1.1" 304 -
186.81.229.249 - - [06/Oct/2023:08:24:16 -0500] "GET /sipse/faces/javax.faces.resource/primefaces.js?ln=primefaces&v=4.0 HTTP/1.1" 304 -
186.81.229.249 - - [06/Oct/2023:08:24:16 -0500] "GET /sipse/faces/javax.faces.resource/layout/layout.js?ln=primefaces&v=4.0 HTTP/1.1" 304 -
186.81.229.249 - - [06/Oct/2023:08:24:16 -0500] "GET /sipse/faces/javax.faces.resource/dynamiccontent.properties?ln=primefaces&pfdrid=XjOR5%2F%2FfPAZAuY9TpWQeCiM0BhlXxYRBGKi%2FQcXXfeA%3D&pfdrid_c=false HTTP/1.1" 500 383
201.245.166.34 - - [06/Oct/2023:08:24:18 -0500] "GET /Publicaciones/SSFFS-09569-2023.zip HTTP/1.1" 200 1206402
173.252.111.5 - - [06/Oct/2023:08:24:28 -0500] "GET /images/Red%20de%20Monitoreo%20de%20Calidad%20del%20Aire.jpg HTTP/1.1" 200 51986
216.244.66.195 - - [06/Oct/2023:08:24:30 -0500] "GET /BLA/resoluciones/AUTOS%202007/0303.pdf HTTP/1.1" 200 118122
216.244.66.195 - - [06/Oct/2023:08:24:36 -0500] "GET /BLA/resoluciones/AUTOS%202007/1363.pdf HTTP/1.1" 200 55195
52.167.144.17 - - [06/Oct/2023:08:24:37 -0500] "GET /BLA/resoluciones/AUTOS%202021/6210.pdf HTTP/1.1" 304 -
186.81.229.249 - - [06/Oct/2023:08:24:40 -0500] "POST /sipse/faces/presentacion/financiero/solicitudProceso/consultarSolicitudProceso.xhtml HTTP/1.1" 200 47607
216.244.66.195 - - [06/Oct/2023:08:24:40 -0500] "GET /BLA/resoluciones/AUTOS%202007/1444.pdf HTTP/1.1" 200 29938
216.244.66.195 - - [06/Oct/2023:08:24:45 -0500] "GET /BLA/resoluciones/AUTOS%202007/1624.pdf HTTP/1.1" 200 82976
216.244.66.195 - - [06/Oct/2023:08:24:49 -0500] "GET /BLA/resoluciones/AUTOS%202007/1775.pdf HTTP/1.1" 200 29496
216.244.66.195 - - [06/Oct/2023:08:24:52 -0500] "GET /BLA/resoluciones/AUTOS%202011/0290.pdf HTTP/1.1" 200 179915
216.244.66.195 - - [06/Oct/2023:08:24:56 -0500] "GET /BLA/resoluciones/AUTOS%202011/2928.pdf HTTP/1.1" 200 508492
172.22.2.4 - - [06/Oct/2023:08:23:16 -0500] "HEAD /BLA/boletinlegal/ HTTP/1.1" 200 -
172.22.2.4 - - [06/Oct/2023:08:24:58 -0500] "GET /BLA/boletinlegal/actos.php HTTP/1.1" 200 9682
172.22.2.4 - - [06/Oct/2023:08:24:58 -0500] "GET /BLA/boletinlegal/favicon.ico HTTP/1.1" 404 1326
216.244.66.195 - - [06/Oct/2023:08:25:03 -0500] "GET /BLA/resoluciones/AUTOS%202011/3677.pdf HTTP/1.1" 200 227523
216.244.66.195 - - [06/Oct/2023:08:25:12 -0500] "GET /BLA/resoluciones/AUTOS%202012/1824.pdf HTTP/1.1" 200 340424
172.22.2.4 - - [06/Oct/2023:08:25:14 -0500] "GET /BLA/boletinlegal/consulta_actos.php?tipo=resoluciones&no=0147&usuario=&sector=&fecha=2023&resuelve= HTTP/1.1" 200 1131
216.244.66.195 - - [06/Oct/2023:08:25:18 -0500] "GET /BLA/resoluciones/AUTOS%202012/2025.pdf HTTP/1.1" 200 2081649
201.245.166.34 - - [06/Oct/2023:08:25:34 -0500] "GET /Publicaciones/SSFFS-09572-2023.zip HTTP/1.1" 200 1220688
216.244.66.195 - - [06/Oct/2023:08:25:37 -0500] "GET /BLA/resoluciones/AUTOS%202012/2510.pdf HTTP/1.1" 200 3057945
201.245.192.253 - - [06/Oct/2023:08:25:44 -0500] "POST /kwsrmcab/Wsrmcab  HTTP/1.1" 200 42851
172.22.2.4 - - [06/Oct/2023:08:24:07 -0500] "GET /BLA/boletinlegal/ HTTP/1.1" 200 58187
201.245.192.253 - - [06/Oct/2023:08:26:07 -0500] "POST /forms/lservlet;jsessionid=ac16012b30d631b237d665c3491e938ed2fcaf258f77.e3iSbxaKaheRe34Pbx8Nc3aQci1ynknvrkLOlQzNp65In0 HTTP/1.1" 200 2
216.244.66.195 - - [06/Oct/2023:08:26:07 -0500] "GET /BLA/resoluciones/AUTOS%202013/0113.pdf HTTP/1.1" 200 1160383
201.245.192.253 - - [06/Oct/2023:08:26:10 -0500] "POST /forms/lservlet;jsessionid=ac16012b30d6e3ac83cfa34d44e69cdfe83dd14ea1cd.e3iSbxaKaheRe34Pbx8Nc3aQci1ynknvrkLOlQzNp65In0 HTTP/1.1" 200 2
201.245.166.34 - - [06/Oct/2023:08:26:29 -0500] "GET /Publicaciones/SSFFS-09573-2023.zip HTTP/1.1" 200 1335998
216.244.66.195 - - [06/Oct/2023:08:26:37 -0500] "GET /BLA/resoluciones/AUTOS%202013/0796.pdf HTTP/1.1" 200 910160
191.156.184.31 - - [06/Oct/2023:08:26:46 -0500] "GET /participa-en-la-convocatoria-para-el-aseguramiento-metrologico-de-la-red-de-monitoreo-de-calidad-del-aire-de-bogota.html HTTP/1.1" 200 848
216.244.66.195 - - [06/Oct/2023:08:27:04 -0500] "GET /BLA/resoluciones/AUTOS%202013/2293.pdf HTTP/1.1" 200 565548
216.245.221.92 - - [06/Oct/2023:08:27:10 -0500] "HEAD / HTTP/1.1" 200 -
201.245.166.34 - - [06/Oct/2023:08:27:24 -0500] "GET /Publicaciones/SSFFS-09576-2023.zip HTTP/1.1" 200 1358310
216.244.66.195 - - [06/Oct/2023:08:27:31 -0500] "GET /BLA/resoluciones/AUTOS%202013/2501.pdf HTTP/1.1" 200 1025299
201.245.192.253 - - [06/Oct/2023:08:27:36 -0500] "POST /kwsrmcab/Wsrmcab HTTP/1.1" 200 42732
201.245.192.253 - - [06/Oct/2023:08:27:39 -0500] "POST /kwsrmcab/Wsrmcab HTTP/1.1" 200 43377
216.244.66.195 - - [06/Oct/2023:08:27:56 -0500] "GET /BLA/resoluciones/AUTOS%202013/2728.pdf HTTP/1.1" 200 579705
201.245.192.253 - - [06/Oct/2023:08:28:03 -0500] "POST /sipse/faces/presentacion/financiero/solicitudProceso/consultarSolicitudProceso.xhtml HTTP/1.1" 200 19356
201.245.192.253 - - [06/Oct/2023:08:28:03 -0500] "GET /sipse/faces/javax.faces.resource/fileupload/fileupload.css?ln=primefaces&v=4.0 HTTP/1.1" 200 1330
201.245.192.253 - - [06/Oct/2023:08:28:03 -0500] "GET /sipse/faces/javax.faces.resource/primefaces.css?ln=primefaces&v=4.0 HTTP/1.1" 304 -
201.245.192.253 - - [06/Oct/2023:08:28:03 -0500] "GET /sipse/faces/javax.faces.resource/theme.css?ln=primefaces-sipse HTTP/1.1" 304 -
201.245.192.253 - - [06/Oct/2023:08:28:03 -0500] "GET /sipse/faces/javax.faces.resource/layout/layout.css?ln=primefaces&v=4.0 HTTP/1.1" 304 -
201.245.192.253 - - [06/Oct/2023:08:28:03 -0500] "GET /sipse/faces/javax.faces.resource/jquery/jquery-plugins.js?ln=primefaces&v=4.0 HTTP/1.1" 304 -
201.245.192.253 - - [06/Oct/2023:08:28:03 -0500] "GET /sipse/faces/javax.faces.resource/jquery/jquery.js?ln=primefaces&v=4.0 HTTP/1.1" 304 -
201.245.192.253 - - [06/Oct/2023:08:28:03 -0500] "GET /sipse/faces/javax.faces.resource/primefaces.js?ln=primefaces&v=4.0 HTTP/1.1" 304 -
201.245.192.253 - - [06/Oct/2023:08:28:03 -0500] "GET /sipse/faces/javax.faces.resource/layout/layout.js?ln=primefaces&v=4.0 HTTP/1.1" 304 -
