186.86.32.107 - - [06/Oct/2023:07:29:26 -0500] "GET /sipse/faces/javax.faces.resource/dynamiccontent.properties?ln=primefaces&pfdrid=XjOR5%2F%2FfPAZAuY9TpWQeCiM0BhlXxYRBGKi%2FQcXXfeA%3D&pfdrid_c=false HTTP/1.1" 500 383
186.86.32.107 - - [06/Oct/2023:07:29:35 -0500] "GET /sipse/faces/javax.faces.resource/layout/layout.css?ln=primefaces&v=4.0 HTTP/1.1" 304 -
186.86.32.107 - - [06/Oct/2023:07:29:35 -0500] "GET /sipse/faces/javax.faces.resource/theme.css?ln=primefaces-sipse HTTP/1.1" 304 -
186.86.32.107 - - [06/Oct/2023:07:29:35 -0500] "GET /sipse/faces/javax.faces.resource/primefaces.css?ln=primefaces&v=4.0 HTTP/1.1" 304 -
186.86.32.107 - - [06/Oct/2023:07:29:34 -0500] "POST /sipse/faces/presentacion/financiero/solicitudProceso/consultarSolicitudProceso.xhtml HTTP/1.1" 200 38159
186.86.32.107 - - [06/Oct/2023:07:29:35 -0500] "GET /sipse/faces/javax.faces.resource/jquery/jquery.js?ln=primefaces&v=4.0 HTTP/1.1" 304 -
186.86.32.107 - - [06/Oct/2023:07:29:35 -0500] "GET /sipse/faces/javax.faces.resource/primefaces.js?ln=primefaces&v=4.0 HTTP/1.1" 304 -
186.86.32.107 - - [06/Oct/2023:07:29:35 -0500] "GET /sipse/faces/javax.faces.resource/jquery/jquery-plugins.js?ln=primefaces&v=4.0 HTTP/1.1" 304 -
186.86.32.107 - - [06/Oct/2023:07:29:35 -0500] "GET /sipse/faces/javax.faces.resource/layout/layout.js?ln=primefaces&v=4.0 HTTP/1.1" 304 -
201.245.192.253 - - [06/Oct/2023:07:30:06 -0500] "POST /forms/lservlet;jsessionid=ac16012b30d631b237d665c3491e938ed2fcaf258f77.e3iSbxaKaheRe34Pbx8Nc3aQci1ynknvrkLOlQzNp65In0 HTTP/1.1" 200 2
201.245.192.253 - - [06/Oct/2023:07:30:10 -0500] "POST /forms/lservlet;jsessionid=ac16012b30d6e3ac83cfa34d44e69cdfe83dd14ea1cd.e3iSbxaKaheRe34Pbx8Nc3aQci1ynknvrkLOlQzNp65In0 HTTP/1.1" 200 2
186.86.32.107 - - [06/Oct/2023:07:30:24 -0500] "GET /sipse/faces/javax.faces.resource/images/ui-icons_898989_256x240.png?ln=primefaces-aristo HTTP/1.1" 304 -
186.86.32.107 - - [06/Oct/2023:07:30:26 -0500] "GET /sipse/faces/javax.faces.resource/theme.css?ln=primefaces-sipse HTTP/1.1" 304 -
186.86.32.107 - - [06/Oct/2023:07:30:26 -0500] "GET /sipse/faces/javax.faces.resource/primefaces.css?ln=primefaces&v=4.0 HTTP/1.1" 304 -
186.86.32.107 - - [06/Oct/2023:07:30:26 -0500] "GET /sipse/faces/javax.faces.resource/layout/layout.css?ln=primefaces&v=4.0 HTTP/1.1" 304 -
186.86.32.107 - - [06/Oct/2023:07:30:26 -0500] "GET /sipse/faces/javax.faces.resource/jquery/jquery.js?ln=primefaces&v=4.0 HTTP/1.1" 304 -
186.86.32.107 - - [06/Oct/2023:07:30:26 -0500] "GET /sipse/faces/javax.faces.resource/jquery/jquery-plugins.js?ln=primefaces&v=4.0 HTTP/1.1" 304 -
186.86.32.107 - - [06/Oct/2023:07:30:26 -0500] "GET /sipse/faces/javax.faces.resource/primefaces.js?ln=primefaces&v=4.0 HTTP/1.1" 304 -
186.86.32.107 - - [06/Oct/2023:07:30:26 -0500] "GET /sipse/faces/javax.faces.resource/layout/layout.js?ln=primefaces&v=4.0 HTTP/1.1" 304 -
186.86.32.107 - - [06/Oct/2023:07:30:25 -0500] "POST /sipse/faces/presentacion/financiero/solicitudProceso/consultarHistorialSolProceso.xhtml HTTP/1.1" 200 193536
186.86.32.107 - - [06/Oct/2023:07:30:26 -0500] "GET /sipse/faces/javax.faces.resource/dynamiccontent.properties?ln=primefaces&pfdrid=XjOR5%2F%2FfPAZAuY9TpWQeCiM0BhlXxYRBGKi%2FQcXXfeA%3D&pfdrid_c=false HTTP/1.1" 500 383
186.102.9.143 - - [06/Oct/2023:07:30:44 -0500] "GET /kwssiamovil/sm/ldap/au?x=U2FsdGVkX1995m7I3CSaOeKPevgWAvh9Bybjx4ADO8VeFnMUJrdbZaHche6TTr7+&y=U2FsdGVkX19Um+/zQPt3pQDEvJ8CP3o5RKDernakb0xc4CrpPoZkkBGyDUPHEp4e HTTP/1.1" 200 30
186.102.9.143 - - [06/Oct/2023:07:30:44 -0500] "GET /kwssiamovil/sm/acme/s?s=U2FsdGVkX19aPbZ3ucUsRHYGY0ca23KCd392TSNViG7H7yqjJblmy0IIC7MDRG8kFCFGp5agOGu1oTy9rm2Cqvi+RqUrvbadV5xm22LY6KQ=&u=U2FsdGVkX19Xmx0hw06EihCj5vwCSgRC9YsTA/P//aRodACZXFU11IK4ExljQCj1&y=U2FsdGVkX19Um+/zQPt3pQDEvJ8CP3o5RKDernakb0xc4CrpPoZkkBGyDUPHEp4e HTTP/1.1" 200 97
186.102.9.143 - - [06/Oct/2023:07:30:45 -0500] "GET /kwssiamovil/sm/acme/s?s=U2FsdGVkX19yYJmVqfavj/aNTXHSZK74sh1vHs5DpW1qM8oI4rwbD2spucIfX6F0SrZtbCfhvbovvCtdlhGfS2yANwiDR4PufEkcqgTPxL1lTM2r6Nw87Le880Pba0WlRgY63edO8LaKQ43tQ5TO4keMFWlKn//zL1n2OgFx9nPdINDC4ygQm6PMK2njAKL7qMkX5UQkRfZ9JRhGoGKL7QEHR4bXaaFu56dFBYjg3HDo4SBoTgOzbG4ZpK1QiUCBewb+fIXGSFNuXuFu/+1CekfwlOAiQuGuDw1Aoy9s5W8H6jmmGSkn3F0Na7niE2K6yzXZZAnvzpiNs42+Kpok4nI/aiGKUaFmiDYAcMgUcqXWpGVeJkwqW3eJS2mGNbCpKvYbg5yo3LLhaqp60kiDeUMhcK69tUJGOIpBIU1LNFBebM7iT8Q05R0ir+Jct2P6zIURqV7AUwydIWO0LTVERMaejC4X/s4wo4vsz8+tEcMiJ4nKa/QZioy8UETM22uW6BsTKWg/JVermkgDVKvEHS7m75tIoFBA4Y1y4xh81z3VWCIgTd0x8xf8t41JN1kcc/hC9Ac5Q/Qv+zkw11bA+9XhjzJBRfZPWXkMAyjHLVdU5SVxZgkZmCSKi6bdIyebjkQyT3R0bLmP8MMUBbF2rIRRM5gG1iNAdGy1b5UKtMbf/J0RyzrYhSOL0COMGvq2sgWnetu1wpqlqT2/HRdMS11LCXEXyNE0Bu9gh5OQvZzUIrwJKLCSw1DSzkYktoak5h/Mk6azUeroX1+zMBD5WNBLDA/Bh0C1NUqf8huAf4/klFkIaEEKzlEKVT3u8GLHoHY9y3G2ONMXPGVaQuNmN6hvCkvbpTNRijJu7srBUaDQTpPMn+1D4Srj2NoMunrwXMeJexLXZs4KEuRoyVp5nqUqfqNdoAqZea8tSXuvkARAOvhmxnWSkaHcSoUIWSXgQ4hvA55eqvvGlljoIEmdf9gDGGaTkdNMueh1l/sXfjBJGdvHaK0OxIsVpvm3OBPFaQAKtudkaqF2RW7ugrDPSrc/Jc84XrKY9cQEA5rfmzPAzoQ27+K3GfIl6n4QqdH1GemdAFHXqaCfaUF8/PgEByWBinkJw3ge0s3wpR1Og2YoQvoiMn/X2mnbEPV0qruqglOX08jZu9w8SaeY00RyaIkpl1bt2cH7YXUz6iNWuZxyh/rzt7l8R0yYnT0m78QFrvlwU6xP2wphg0qy7Zft9Jw9fGeguF83y+v4LoVCLVuiV8I3Hw2rtqrkNcpmyemV+slMTCQlstF/i7788QWxi6mqBICSHBTudGPVM2YGt5CIGR3pJ8DvPuSc9AUvxbCrWf2AqCcI6h8zIKaTBbPkCju4AhHW6HvSCH2vmrWINYbYRNAQDc2ZJwmsMQ6qIAW2uvXR0zSvdESkSU8wJEr/98zqv+qkL+QFywdsYL2GZDw=&u=U2FsdGVkX19Xmx0hw06EihCj5vwCSgRC9YsTA/P//aRodACZXFU11IK4ExljQCj1&y=U2FsdGVkX19Um+/zQPt3pQDEvJ8CP3o5RKDernakb0xc4CrpPoZkkBGyDUPHEp4e HTTP/1.1" 200 14408
186.102.9.143 - - [06/Oct/2023:07:30:45 -0500] "GET /kwssiamovil/sm/acme/s?s=U2FsdGVkX18BD8to4kXCWEACnTDoYMKXXVasVGjUDtUWitec4I65I72ZUYeACRIb+xhgoowN5N+Xsp4TqtYSeHRxLwYMs4XXr/nBgbPHEAlRzJFsNWyQ0hl+aazVu/WlT5jA7augtfW3uPQrLM6hbn8/Y+Lx/eNt01ZFRH3ARw1I/FHDhTzLbgSDEhmgetbc9xW759P1FQSk+4cyLIBIV2jFYAgkEcfr9xRrQ8FouTPcrsq9N2kxnNhfI3C6OGBmG6V5bgErJGypJMVfBqnm+fkft1DKV2fPVUT48VRue8mtsJKekTb8SR8CFBH3+G2LT2nd1djKKIbUXQACASi0HAHBPx2mPFmhahW/Z7oGzZ4=&u=U2FsdGVkX19Xmx0hw06EihCj5vwCSgRC9YsTA/P//aRodACZXFU11IK4ExljQCj1&y=U2FsdGVkX19Um+/zQPt3pQDEvJ8CP3o5RKDernakb0xc4CrpPoZkkBGyDUPHEp4e HTTP/1.1" 200 196
186.102.9.143 - - [06/Oct/2023:07:30:45 -0500] "GET /kwssiamovil/sm/cjson/pre?f=1&x=U2FsdGVkX1995m7I3CSaOeKPevgWAvh9Bybjx4ADO8VeFnMUJrdbZaHche6TTr7+ HTTP/1.1" 200 31032
52.167.144.137 - - [06/Oct/2023:07:30:47 -0500] "GET /bla/resoluciones/index.php?dir=resoluciones+2023 HTTP/1.1" 200 88265
52.167.144.137 - - [06/Oct/2023:07:30:57 -0500] "GET /bla/resoluciones/resoluciones%202023/0837.pdf HTTP/1.1" 200 352925
52.167.144.137 - - [06/Oct/2023:07:30:58 -0500] "GET /bla/resoluciones/resoluciones%202023/1157.pdf HTTP/1.1" 200 1301491
52.167.144.137 - - [06/Oct/2023:07:30:58 -0500] "GET /bla/resoluciones/resoluciones%202023/0304.pdf HTTP/1.1" 200 446855
52.167.144.137 - - [06/Oct/2023:07:30:58 -0500] "GET /bla/resoluciones/resoluciones%202023/0447.pdf HTTP/1.1" 200 446806
52.167.144.137 - - [06/Oct/2023:07:30:59 -0500] "GET /bla/resoluciones/resoluciones%202023/0358.pdf HTTP/1.1" 200 352012
201.245.192.253 - - [06/Oct/2023:07:30:58 -0500] "POST /kwsrmcab/Wsrmcab  HTTP/1.1" 200 42851
52.167.144.238 - - [06/Oct/2023:07:31:00 -0500] "GET /bla/resoluciones/resoluciones%202023/0814.pdf HTTP/1.1" 200 1198128
207.46.13.17 - - [06/Oct/2023:07:31:01 -0500] "GET /bla/resoluciones/resoluciones%202023/1542.pdf HTTP/1.1" 200 381515
207.46.13.17 - - [06/Oct/2023:07:31:02 -0500] "GET /bla/resoluciones/resoluciones%202023/1416.pdf HTTP/1.1" 200 416490
207.46.13.17 - - [06/Oct/2023:07:31:03 -0500] "GET /bla/resoluciones/resoluciones%202023/1571.pdf HTTP/1.1" 200 374292
207.46.13.17 - - [06/Oct/2023:07:31:03 -0500] "GET /bla/resoluciones/resoluciones%202023/1255.pdf HTTP/1.1" 200 448538
207.46.13.17 - - [06/Oct/2023:07:31:03 -0500] "GET /bla/resoluciones/resoluciones%202023/1611.pdf HTTP/1.1" 200 452654
207.46.13.17 - - [06/Oct/2023:07:31:03 -0500] "GET /bla/resoluciones/resoluciones%202023/0353.pdf HTTP/1.1" 200 393689
207.46.13.17 - - [06/Oct/2023:07:31:08 -0500] "GET /bla/resoluciones/resoluciones%202023/0444.pdf HTTP/1.1" 200 431688
52.167.144.4 - - [06/Oct/2023:07:31:08 -0500] "GET /BLA/resoluciones/RESOLUCIONES%202023/0398.pdf HTTP/1.1" 304 -
201.245.192.253 - - [06/Oct/2023:07:32:06 -0500] "POST /forms/lservlet;jsessionid=ac16012b30d631b237d665c3491e938ed2fcaf258f77.e3iSbxaKaheRe34Pbx8Nc3aQci1ynknvrkLOlQzNp65In0 HTTP/1.1" 200 2
201.245.192.253 - - [06/Oct/2023:07:32:10 -0500] "POST /forms/lservlet;jsessionid=ac16012b30d6e3ac83cfa34d44e69cdfe83dd14ea1cd.e3iSbxaKaheRe34Pbx8Nc3aQci1ynknvrkLOlQzNp65In0 HTTP/1.1" 200 2
216.245.221.92 - - [06/Oct/2023:07:32:10 -0500] "HEAD / HTTP/1.1" 200 -
172.22.2.4 - - [06/Oct/2023:07:30:46 -0500] "HEAD /BLA/boletinlegal/ HTTP/1.1" 200 -
186.86.32.107 - - [06/Oct/2023:07:32:50 -0500] "GET /sipse/faces/javax.faces.resource/theme.css?ln=primefaces-sipse HTTP/1.1" 304 -
186.86.32.107 - - [06/Oct/2023:07:32:50 -0500] "POST /sipse/faces/presentacion/financiero/solicitudProceso/consultarSolicitudProceso.xhtml HTTP/1.1" 200 38159
186.86.32.107 - - [06/Oct/2023:07:32:50 -0500] "GET /sipse/faces/javax.faces.resource/primefaces.css?ln=primefaces&v=4.0 HTTP/1.1" 304 -
186.86.32.107 - - [06/Oct/2023:07:32:50 -0500] "GET /sipse/faces/javax.faces.resource/jquery/jquery.js?ln=primefaces&v=4.0 HTTP/1.1" 304 -
186.86.32.107 - - [06/Oct/2023:07:32:50 -0500] "GET /sipse/faces/javax.faces.resource/layout/layout.css?ln=primefaces&v=4.0 HTTP/1.1" 304 -
186.86.32.107 - - [06/Oct/2023:07:32:50 -0500] "GET /sipse/faces/javax.faces.resource/jquery/jquery-plugins.js?ln=primefaces&v=4.0 HTTP/1.1" 304 -
186.86.32.107 - - [06/Oct/2023:07:32:50 -0500] "GET /sipse/faces/javax.faces.resource/primefaces.js?ln=primefaces&v=4.0 HTTP/1.1" 304 -
186.86.32.107 - - [06/Oct/2023:07:32:50 -0500] "GET /sipse/faces/javax.faces.resource/layout/layout.js?ln=primefaces&v=4.0 HTTP/1.1" 304 -
216.244.66.195 - - [06/Oct/2023:07:33:12 -0500] "GET /BLA/resoluciones/AUTOS%202009/0742.pdf HTTP/1.1" 200 150395
172.22.2.4 - - [06/Oct/2023:07:31:37 -0500] "GET /BLA/boletinlegal/ HTTP/1.1" 200 58187
216.244.66.195 - - [06/Oct/2023:07:33:17 -0500] "GET /BLA/resoluciones/AUTOS%202009/0847.pdf HTTP/1.1" 200 71277
216.244.66.195 - - [06/Oct/2023:07:33:22 -0500] "GET /BLA/resoluciones/AUTOS%202009/1107.pdf HTTP/1.1" 200 63013
66.249.66.20 - - [06/Oct/2023:07:33:25 -0500] "GET /silvicultura/6.pdf HTTP/1.1" 200 215404
216.244.66.195 - - [06/Oct/2023:07:33:26 -0500] "GET /BLA/resoluciones/AUTOS%202009/1133.pdf HTTP/1.1" 200 86254
216.244.66.195 - - [06/Oct/2023:07:33:29 -0500] "GET /BLA/resoluciones/AUTOS%202009/1188.pdf HTTP/1.1" 200 124379
216.244.66.195 - - [06/Oct/2023:07:33:32 -0500] "GET /BLA/resoluciones/AUTOS%202009/1213.pdf HTTP/1.1" 200 123326
216.244.66.195 - - [06/Oct/2023:07:33:35 -0500] "GET /BLA/resoluciones/AUTOS%202009/1496.pdf HTTP/1.1" 200 194062
216.244.66.195 - - [06/Oct/2023:07:33:40 -0500] "GET /BLA/resoluciones/AUTOS%202009/1633.pdf HTTP/1.1" 200 189386
216.244.66.195 - - [06/Oct/2023:07:33:46 -0500] "GET /BLA/resoluciones/AUTOS%202009/1647.pdf HTTP/1.1" 200 97981
186.86.32.107 - - [06/Oct/2023:07:33:47 -0500] "GET /sipse/faces/javax.faces.resource/theme.css?ln=primefaces-sipse HTTP/1.1" 304 -
186.86.32.107 - - [06/Oct/2023:07:33:47 -0500] "GET /sipse/faces/javax.faces.resource/jquery/jquery-plugins.js?ln=primefaces&v=4.0 HTTP/1.1" 304 -
186.86.32.107 - - [06/Oct/2023:07:33:47 -0500] "GET /sipse/faces/javax.faces.resource/primefaces.css?ln=primefaces&v=4.0 HTTP/1.1" 304 -
186.86.32.107 - - [06/Oct/2023:07:33:47 -0500] "GET /sipse/faces/javax.faces.resource/layout/layout.css?ln=primefaces&v=4.0 HTTP/1.1" 304 -
186.86.32.107 - - [06/Oct/2023:07:33:47 -0500] "GET /sipse/faces/javax.faces.resource/jquery/jquery.js?ln=primefaces&v=4.0 HTTP/1.1" 304 -
186.86.32.107 - - [06/Oct/2023:07:33:47 -0500] "GET /sipse/faces/javax.faces.resource/layout/layout.js?ln=primefaces&v=4.0 HTTP/1.1" 304 -
186.86.32.107 - - [06/Oct/2023:07:33:47 -0500] "GET /sipse/faces/javax.faces.resource/primefaces.js?ln=primefaces&v=4.0 HTTP/1.1" 304 -
186.86.32.107 - - [06/Oct/2023:07:33:47 -0500] "POST /sipse/faces/presentacion/financiero/solicitudProceso/consultarHistorialSolProceso.xhtml HTTP/1.1" 200 193536
186.86.32.107 - - [06/Oct/2023:07:33:48 -0500] "GET /sipse/faces/javax.faces.resource/dynamiccontent.properties?ln=primefaces&pfdrid=XjOR5%2F%2FfPAZAuY9TpWQeCiM0BhlXxYRBGKi%2FQcXXfeA%3D&pfdrid_c=false HTTP/1.1" 500 383
186.81.229.249 - - [06/Oct/2023:07:33:52 -0500] "POST /sipse/faces/presentacion/financiero/solicitudProceso/consultarSolicitudProceso.xhtml HTTP/1.1" 200 41483
186.81.229.249 - - [06/Oct/2023:07:33:52 -0500] "GET /sipse/faces/javax.faces.resource/jquery/jquery.js?ln=primefaces&v=4.0 HTTP/1.1" 304 -
186.81.229.249 - - [06/Oct/2023:07:33:53 -0500] "GET /sipse/faces/javax.faces.resource/jquery/jquery-plugins.js?ln=primefaces&v=4.0 HTTP/1.1" 304 -
186.81.229.249 - - [06/Oct/2023:07:33:53 -0500] "GET /sipse/faces/javax.faces.resource/primefaces.js?ln=primefaces&v=4.0 HTTP/1.1" 304 -
186.81.229.249 - - [06/Oct/2023:07:33:53 -0500] "GET /sipse/faces/javax.faces.resource/layout/layout.js?ln=primefaces&v=4.0 HTTP/1.1" 304 -
186.81.229.249 - - [06/Oct/2023:07:33:53 -0500] "POST /sipse/faces/presentacion/financiero/solicitudProceso/consultar.xhtml HTTP/1.1" 200 34847
186.81.229.249 - - [06/Oct/2023:07:33:54 -0500] "POST /sipse/faces/presentacion/financiero/solicitudProceso/consultar.xhtml HTTP/1.1" 200 34847
186.81.229.249 - - [06/Oct/2023:07:33:54 -0500] "POST /sipse/faces/presentacion/financiero/solicitudProceso/consultar.xhtml HTTP/1.1" 200 34847
186.81.229.249 - - [06/Oct/2023:07:33:57 -0500] "POST /sipse/faces/presentacion/financiero/solicitudProceso/consultar.xhtml HTTP/1.1" 200 12797
216.244.66.195 - - [06/Oct/2023:07:33:57 -0500] "GET /BLA/resoluciones/AUTOS%202009/1718.pdf HTTP/1.1" 200 124668
186.81.229.249 - - [06/Oct/2023:07:34:04 -0500] "POST /sipse/faces/presentacion/financiero/solicitudProceso/consultar.xhtml HTTP/1.1" 200 150241
186.81.229.249 - - [06/Oct/2023:07:34:05 -0500] "GET /sipse/faces/javax.faces.resource/jquery/jquery.js?ln=primefaces&v=4.0 HTTP/1.1" 304 -
186.81.229.249 - - [06/Oct/2023:07:34:05 -0500] "GET /sipse/faces/javax.faces.resource/jquery/jquery-plugins.js?ln=primefaces&v=4.0 HTTP/1.1" 304 -
186.81.229.249 - - [06/Oct/2023:07:34:05 -0500] "GET /sipse/faces/javax.faces.resource/primefaces.js?ln=primefaces&v=4.0 HTTP/1.1" 304 -
186.81.229.249 - - [06/Oct/2023:07:34:05 -0500] "GET /sipse/faces/javax.faces.resource/layout/layout.js?ln=primefaces&v=4.0 HTTP/1.1" 304 -
186.81.229.249 - - [06/Oct/2023:07:34:05 -0500] "GET /sipse/faces/javax.faces.resource/dynamiccontent.properties?ln=primefaces&pfdrid=XjOR5%2F%2FfPAZAuY9TpWQeCiM0BhlXxYRBGKi%2FQcXXfeA%3D&pfdrid_c=false HTTP/1.1" 500 383
201.245.192.253 - - [06/Oct/2023:07:34:06 -0500] "POST /forms/lservlet;jsessionid=ac16012b30d631b237d665c3491e938ed2fcaf258f77.e3iSbxaKaheRe34Pbx8Nc3aQci1ynknvrkLOlQzNp65In0 HTTP/1.1" 200 2
216.244.66.195 - - [06/Oct/2023:07:34:07 -0500] "GET /BLA/resoluciones/AUTOS%202009/1736.pdf HTTP/1.1" 200 99750
201.245.192.253 - - [06/Oct/2023:07:34:10 -0500] "POST /forms/lservlet;jsessionid=ac16012b30d6e3ac83cfa34d44e69cdfe83dd14ea1cd.e3iSbxaKaheRe34Pbx8Nc3aQci1ynknvrkLOlQzNp65In0 HTTP/1.1" 200 2
186.81.229.249 - - [06/Oct/2023:07:34:13 -0500] "POST /sipse/faces/presentacion/financiero/solicitudProceso/consultarSolicitudProceso.xhtml HTTP/1.1" 200 48463
216.244.66.195 - - [06/Oct/2023:07:34:17 -0500] "GET /BLA/resoluciones/AUTOS%202009/1912.pdf HTTP/1.1" 200 81420
186.86.32.107 - - [06/Oct/2023:07:34:20 -0500] "GET /sipse/faces/javax.faces.resource/images/ui-bg_flat_0_2d5972_40x100.png?ln=primefaces-aristo HTTP/1.1" 304 -
186.86.32.107 - - [06/Oct/2023:07:34:20 -0500] "POST /sipse/faces/presentacion/financiero/solicitudProceso/consultarSolicitudProceso.xhtml HTTP/1.1" 200 5505
186.86.32.107 - - [06/Oct/2023:07:34:20 -0500] "GET /sipse/faces/javax.faces.resource/dynamiccontent.properties?ln=primefaces&pfdrid=XjOR5%2F%2FfPAZAuY9TpWQeCiM0BhlXxYRBGKi%2FQcXXfeA%3D&pfdrid_c=false HTTP/1.1" 200 120877
216.244.66.195 - - [06/Oct/2023:07:34:25 -0500] "GET /BLA/resoluciones/AUTOS%202009/1913.pdf HTTP/1.1" 200 81040
216.244.66.195 - - [06/Oct/2023:07:34:32 -0500] "GET /BLA/resoluciones/AUTOS%202009/2095.pdf HTTP/1.1" 200 97689
216.244.66.195 - - [06/Oct/2023:07:34:38 -0500] "GET /BLA/resoluciones/AUTOS%202009/2608.pdf HTTP/1.1" 200 112899
216.244.66.195 - - [06/Oct/2023:07:34:43 -0500] "GET /BLA/resoluciones/AUTOS%202009/2624.pdf HTTP/1.1" 200 72763
216.244.66.195 - - [06/Oct/2023:07:34:48 -0500] "GET /BLA/resoluciones/AUTOS%202009/2625.pdf HTTP/1.1" 200 124752
216.244.66.195 - - [06/Oct/2023:07:34:52 -0500] "GET /BLA/resoluciones/AUTOS%202009/2776.pdf HTTP/1.1" 200 137234
216.244.66.195 - - [06/Oct/2023:07:34:55 -0500] "GET /BLA/resoluciones/AUTOS%202011/0075.pdf HTTP/1.1" 200 392705
216.244.66.195 - - [06/Oct/2023:07:34:59 -0500] "GET /BLA/resoluciones/AUTOS%202011/0136.pdf HTTP/1.1" 200 165895
216.244.66.195 - - [06/Oct/2023:07:35:02 -0500] "GET /BLA/resoluciones/AUTOS%202011/0138.pdf HTTP/1.1" 200 267419
186.86.32.107 - - [06/Oct/2023:07:35:03 -0500] "GET /sipse/faces/javax.faces.resource/theme.css?ln=primefaces-sipse HTTP/1.1" 304 -
186.86.32.107 - - [06/Oct/2023:07:35:02 -0500] "POST /sipse/faces/presentacion/financiero/solicitudProceso/consultarSolicitudProceso.xhtml HTTP/1.1" 200 38159
186.86.32.107 - - [06/Oct/2023:07:35:03 -0500] "GET /sipse/faces/javax.faces.resource/primefaces.css?ln=primefaces&v=4.0 HTTP/1.1" 304 -
186.86.32.107 - - [06/Oct/2023:07:35:03 -0500] "GET /sipse/faces/javax.faces.resource/jquery/jquery.js?ln=primefaces&v=4.0 HTTP/1.1" 304 -
186.86.32.107 - - [06/Oct/2023:07:35:03 -0500] "GET /sipse/faces/javax.faces.resource/layout/layout.js?ln=primefaces&v=4.0 HTTP/1.1" 304 -
186.86.32.107 - - [06/Oct/2023:07:35:03 -0500] "GET /sipse/faces/javax.faces.resource/layout/layout.css?ln=primefaces&v=4.0 HTTP/1.1" 304 -
186.86.32.107 - - [06/Oct/2023:07:35:03 -0500] "GET /sipse/faces/javax.faces.resource/primefaces.js?ln=primefaces&v=4.0 HTTP/1.1" 304 -
186.86.32.107 - - [06/Oct/2023:07:35:03 -0500] "GET /sipse/faces/javax.faces.resource/jquery/jquery-plugins.js?ln=primefaces&v=4.0 HTTP/1.1" 304 -
216.244.66.195 - - [06/Oct/2023:07:35:04 -0500] "GET /BLA/resoluciones/AUTOS%202011/0182.pdf HTTP/1.1" 200 156533
186.86.32.107 - - [06/Oct/2023:07:35:07 -0500] "GET /sipse/faces/javax.faces.resource/jquery/jquery.js?ln=primefaces&v=4.0 HTTP/1.1" 304 -
186.86.32.107 - - [06/Oct/2023:07:35:07 -0500] "GET /sipse/faces/javax.faces.resource/primefaces.css?ln=primefaces&v=4.0 HTTP/1.1" 304 -
186.86.32.107 - - [06/Oct/2023:07:35:07 -0500] "GET /sipse/faces/javax.faces.resource/theme.css?ln=primefaces-sipse HTTP/1.1" 304 -
186.86.32.107 - - [06/Oct/2023:07:35:07 -0500] "GET /sipse/faces/javax.faces.resource/layout/layout.css?ln=primefaces&v=4.0 HTTP/1.1" 304 -
186.86.32.107 - - [06/Oct/2023:07:35:07 -0500] "GET /sipse/faces/javax.faces.resource/jquery/jquery-plugins.js?ln=primefaces&v=4.0 HTTP/1.1" 304 -
186.86.32.107 - - [06/Oct/2023:07:35:07 -0500] "GET /sipse/faces/javax.faces.resource/primefaces.js?ln=primefaces&v=4.0 HTTP/1.1" 304 -
186.86.32.107 - - [06/Oct/2023:07:35:07 -0500] "GET /sipse/faces/javax.faces.resource/layout/layout.js?ln=primefaces&v=4.0 HTTP/1.1" 304 -
216.244.66.195 - - [06/Oct/2023:07:35:07 -0500] "GET /BLA/resoluciones/AUTOS%202011/0793.pdf HTTP/1.1" 200 160183
186.86.32.107 - - [06/Oct/2023:07:35:06 -0500] "POST /sipse/faces/presentacion/financiero/solicitudProceso/consultarHistorialSolProceso.xhtml HTTP/1.1" 200 193536
186.86.32.107 - - [06/Oct/2023:07:35:07 -0500] "GET /sipse/faces/javax.faces.resource/dynamiccontent.properties?ln=primefaces&pfdrid=XjOR5%2F%2FfPAZAuY9TpWQeCiM0BhlXxYRBGKi%2FQcXXfeA%3D&pfdrid_c=false HTTP/1.1" 500 383
216.244.66.195 - - [06/Oct/2023:07:35:09 -0500] "GET /BLA/resoluciones/AUTOS%202011/1864.pdf HTTP/1.1" 200 299755
186.86.32.107 - - [06/Oct/2023:07:35:11 -0500] "POST /sipse/faces/presentacion/financiero/solicitudProceso/consultarSolicitudProceso.xhtml HTTP/1.1" 200 22845
186.86.32.107 - - [06/Oct/2023:07:35:11 -0500] "GET /sipse/faces/javax.faces.resource/primefaces.css?ln=primefaces&v=4.0 HTTP/1.1" 304 -
186.86.32.107 - - [06/Oct/2023:07:35:11 -0500] "GET /sipse/faces/javax.faces.resource/theme.css?ln=primefaces-sipse HTTP/1.1" 304 -
186.86.32.107 - - [06/Oct/2023:07:35:11 -0500] "GET /sipse/faces/javax.faces.resource/jquery/jquery.js?ln=primefaces&v=4.0 HTTP/1.1" 304 -
186.86.32.107 - - [06/Oct/2023:07:35:11 -0500] "GET /sipse/faces/javax.faces.resource/layout/layout.css?ln=primefaces&v=4.0 HTTP/1.1" 304 -
186.86.32.107 - - [06/Oct/2023:07:35:11 -0500] "GET /sipse/faces/javax.faces.resource/jquery/jquery-plugins.js?ln=primefaces&v=4.0 HTTP/1.1" 304 -
186.86.32.107 - - [06/Oct/2023:07:35:11 -0500] "GET /sipse/faces/javax.faces.resource/primefaces.js?ln=primefaces&v=4.0 HTTP/1.1" 304 -
186.86.32.107 - - [06/Oct/2023:07:35:11 -0500] "GET /sipse/faces/javax.faces.resource/layout/layout.js?ln=primefaces&v=4.0 HTTP/1.1" 304 -
216.244.66.195 - - [06/Oct/2023:07:35:12 -0500] "GET /BLA/resoluciones/AUTOS%202011/1918.pdf HTTP/1.1" 200 149111
216.244.66.195 - - [06/Oct/2023:07:35:15 -0500] "GET /BLA/resoluciones/AUTOS%202011/1984.pdf HTTP/1.1" 200 68620
216.244.66.195 - - [06/Oct/2023:07:35:17 -0500] "GET /BLA/resoluciones/AUTOS%202011/2407.pdf HTTP/1.1" 200 144171
216.244.66.195 - - [06/Oct/2023:07:35:19 -0500] "GET /BLA/resoluciones/AUTOS%202011/2707.pdf HTTP/1.1" 200 2580294
186.86.32.107 - - [06/Oct/2023:07:35:20 -0500] "GET /sipse/faces/javax.faces.resource/theme.css?ln=primefaces-sipse HTTP/1.1" 304 -
186.86.32.107 - - [06/Oct/2023:07:35:20 -0500] "GET /sipse/faces/javax.faces.resource/primefaces.css?ln=primefaces&v=4.0 HTTP/1.1" 304 -
186.86.32.107 - - [06/Oct/2023:07:35:20 -0500] "GET /sipse/faces/javax.faces.resource/jquery/jquery-plugins.js?ln=primefaces&v=4.0 HTTP/1.1" 304 -
186.86.32.107 - - [06/Oct/2023:07:35:20 -0500] "GET /sipse/faces/javax.faces.resource/layout/layout.css?ln=primefaces&v=4.0 HTTP/1.1" 304 -
186.86.32.107 - - [06/Oct/2023:07:35:20 -0500] "GET /sipse/faces/javax.faces.resource/jquery/jquery.js?ln=primefaces&v=4.0 HTTP/1.1" 304 -
186.86.32.107 - - [06/Oct/2023:07:35:20 -0500] "GET /sipse/faces/javax.faces.resource/primefaces.js?ln=primefaces&v=4.0 HTTP/1.1" 304 -
186.86.32.107 - - [06/Oct/2023:07:35:20 -0500] "GET /sipse/faces/javax.faces.resource/layout/layout.js?ln=primefaces&v=4.0 HTTP/1.1" 304 -
186.86.32.107 - - [06/Oct/2023:07:35:19 -0500] "POST /sipse/faces/presentacion/financiero/solicitudProceso/registrarAnotacion.xhtml HTTP/1.1" 200 193536
186.86.32.107 - - [06/Oct/2023:07:35:20 -0500] "GET /sipse/faces/javax.faces.resource/dynamiccontent.properties?ln=primefaces&pfdrid=XjOR5%2F%2FfPAZAuY9TpWQeCiM0BhlXxYRBGKi%2FQcXXfeA%3D&pfdrid_c=false HTTP/1.1" 500 383
216.244.66.195 - - [06/Oct/2023:07:35:23 -0500] "GET /BLA/resoluciones/AUTOS%202011/3043.pdf HTTP/1.1" 200 42340
216.244.66.195 - - [06/Oct/2023:07:35:25 -0500] "GET /BLA/resoluciones/AUTOS%202011/3083.pdf HTTP/1.1" 200 238262
216.244.66.195 - - [06/Oct/2023:07:35:28 -0500] "GET /BLA/resoluciones/AUTOS%202011/3644.pdf HTTP/1.1" 200 309042
216.244.66.195 - - [06/Oct/2023:07:35:31 -0500] "GET /BLA/resoluciones/AUTOS%202012/0140.pdf HTTP/1.1" 200 165628
186.86.32.107 - - [06/Oct/2023:07:35:32 -0500] "POST /sipse/faces/presentacion/financiero/solicitudProceso/consultarSolicitudProceso.xhtml HTTP/1.1" 200 38159
186.86.32.107 - - [06/Oct/2023:07:35:32 -0500] "GET /sipse/faces/javax.faces.resource/theme.css?ln=primefaces-sipse HTTP/1.1" 304 -
186.86.32.107 - - [06/Oct/2023:07:35:32 -0500] "GET /sipse/faces/javax.faces.resource/primefaces.css?ln=primefaces&v=4.0 HTTP/1.1" 304 -
186.86.32.107 - - [06/Oct/2023:07:35:32 -0500] "GET /sipse/faces/javax.faces.resource/jquery/jquery.js?ln=primefaces&v=4.0 HTTP/1.1" 304 -
186.86.32.107 - - [06/Oct/2023:07:35:32 -0500] "GET /sipse/faces/javax.faces.resource/layout/layout.css?ln=primefaces&v=4.0 HTTP/1.1" 304 -
186.86.32.107 - - [06/Oct/2023:07:35:32 -0500] "GET /sipse/faces/javax.faces.resource/jquery/jquery-plugins.js?ln=primefaces&v=4.0 HTTP/1.1" 304 -
186.86.32.107 - - [06/Oct/2023:07:35:32 -0500] "GET /sipse/faces/javax.faces.resource/primefaces.js?ln=primefaces&v=4.0 HTTP/1.1" 304 -
186.86.32.107 - - [06/Oct/2023:07:35:32 -0500] "GET /sipse/faces/javax.faces.resource/layout/layout.js?ln=primefaces&v=4.0 HTTP/1.1" 304 -
186.29.49.233 - - [06/Oct/2023:07:35:34 -0500] "GET /sipse/faces/faces/autenticacion.xhtml HTTP/1.1" 200 12412
186.29.49.233 - - [06/Oct/2023:07:35:34 -0500] "GET /sipse/faces/javax.faces.resource/theme.css?ln=primefaces-sipse HTTP/1.1" 304 -
186.29.49.233 - - [06/Oct/2023:07:35:34 -0500] "GET /sipse/faces/javax.faces.resource/layout/layout.css?ln=primefaces&v=4.0 HTTP/1.1" 304 -
186.29.49.233 - - [06/Oct/2023:07:35:34 -0500] "GET /sipse/faces/javax.faces.resource/jquery/jquery-plugins.js?ln=primefaces&v=4.0 HTTP/1.1" 304 -
186.29.49.233 - - [06/Oct/2023:07:35:34 -0500] "GET /sipse/faces/javax.faces.resource/primefaces.js?ln=primefaces&v=4.0 HTTP/1.1" 304 -
186.29.49.233 - - [06/Oct/2023:07:35:34 -0500] "GET /sipse/faces/javax.faces.resource/primefaces.css?ln=primefaces&v=4.0 HTTP/1.1" 304 -
186.29.49.233 - - [06/Oct/2023:07:35:34 -0500] "GET /sipse/faces/javax.faces.resource/jquery/jquery.js?ln=primefaces&v=4.0 HTTP/1.1" 304 -
186.29.49.233 - - [06/Oct/2023:07:35:34 -0500] "GET /sipse/faces/javax.faces.resource/layout/layout.js?ln=primefaces&v=4.0 HTTP/1.1" 304 -
216.244.66.195 - - [06/Oct/2023:07:35:34 -0500] "GET /BLA/resoluciones/AUTOS%202012/0200.pdf HTTP/1.1" 200 362963
186.29.49.233 - - [06/Oct/2023:07:35:34 -0500] "GET /sipse/faces/javax.faces.resource/images/ui-icons_898989_256x240.png?ln=primefaces-aristo HTTP/1.1" 304 -
186.29.49.233 - - [06/Oct/2023:07:35:34 -0500] "GET /sipse/faces/faces/index.xhtml HTTP/1.1" 200 677
186.29.49.233 - - [06/Oct/2023:07:35:34 -0500] "GET /sipse/faces/javax.faces.resource/theme.css?ln=primefaces-sipse HTTP/1.1" 304 -
186.29.49.233 - - [06/Oct/2023:07:35:35 -0500] "GET /sipse/faces/faces/faces/autenticacion.xhtml HTTP/1.1" 200 12412
186.29.49.233 - - [06/Oct/2023:07:35:35 -0500] "GET /sipse/faces/javax.faces.resource/theme.css?ln=primefaces-sipse HTTP/1.1" 304 -
186.29.49.233 - - [06/Oct/2023:07:35:35 -0500] "GET /sipse/faces/javax.faces.resource/primefaces.css?ln=primefaces&v=4.0 HTTP/1.1" 304 -
186.29.49.233 - - [06/Oct/2023:07:35:35 -0500] "GET /sipse/faces/javax.faces.resource/layout/layout.css?ln=primefaces&v=4.0 HTTP/1.1" 304 -
186.29.49.233 - - [06/Oct/2023:07:35:35 -0500] "GET /sipse/faces/javax.faces.resource/layout/layout.js?ln=primefaces&v=4.0 HTTP/1.1" 304 -
186.29.49.233 - - [06/Oct/2023:07:35:35 -0500] "GET /sipse/faces/javax.faces.resource/jquery/jquery-plugins.js?ln=primefaces&v=4.0 HTTP/1.1" 304 -
186.29.49.233 - - [06/Oct/2023:07:35:35 -0500] "GET /sipse/faces/javax.faces.resource/primefaces.js?ln=primefaces&v=4.0 HTTP/1.1" 304 -
186.29.49.233 - - [06/Oct/2023:07:35:35 -0500] "GET /sipse/faces/javax.faces.resource/jquery/jquery.js?ln=primefaces&v=4.0 HTTP/1.1" 304 -
216.244.66.195 - - [06/Oct/2023:07:35:37 -0500] "GET /BLA/resoluciones/AUTOS%202012/0239.pdf HTTP/1.1" 200 295773
216.244.66.195 - - [06/Oct/2023:07:35:39 -0500] "GET /BLA/resoluciones/AUTOS%202012/0307.pdf HTTP/1.1" 200 163669
216.244.66.195 - - [06/Oct/2023:07:35:42 -0500] "GET /BLA/resoluciones/AUTOS%202012/0611.pdf HTTP/1.1" 200 689658
186.29.49.233 - - [06/Oct/2023:07:35:45 -0500] "POST /sipse/faces/autenticacion.xhtml HTTP/1.1" 200 2218
186.29.49.233 - - [06/Oct/2023:07:35:45 -0500] "GET /sipse/faces/javax.faces.resource/messages/messages.png?ln=primefaces&v=4.0 HTTP/1.1" 304 -
186.29.49.233 - - [06/Oct/2023:07:35:46 -0500] "GET /sipse/faces/javax.faces.resource/images/ui-icons_898989_256x240.png?ln=primefaces-aristo HTTP/1.1" 304 -
186.29.49.233 - - [06/Oct/2023:07:35:46 -0500] "POST /sipse/faces/autenticacion.xhtml HTTP/1.1" 200 16397
186.29.49.233 - - [06/Oct/2023:07:35:46 -0500] "GET /sipse/faces/javax.faces.resource/theme.css?ln=primefaces-sipse HTTP/1.1" 304 -
186.29.49.233 - - [06/Oct/2023:07:35:46 -0500] "GET /sipse/faces/javax.faces.resource/primefaces.css?ln=primefaces&v=4.0 HTTP/1.1" 304 -
186.29.49.233 - - [06/Oct/2023:07:35:46 -0500] "GET /sipse/faces/javax.faces.resource/layout/layout.css?ln=primefaces&v=4.0 HTTP/1.1" 304 -
186.29.49.233 - - [06/Oct/2023:07:35:46 -0500] "GET /sipse/faces/javax.faces.resource/jquery/jquery.js?ln=primefaces&v=4.0 HTTP/1.1" 304 -
186.29.49.233 - - [06/Oct/2023:07:35:46 -0500] "GET /sipse/faces/javax.faces.resource/jquery/jquery-plugins.js?ln=primefaces&v=4.0 HTTP/1.1" 304 -
186.29.49.233 - - [06/Oct/2023:07:35:46 -0500] "GET /sipse/faces/javax.faces.resource/primefaces.js?ln=primefaces&v=4.0 HTTP/1.1" 304 -
186.29.49.233 - - [06/Oct/2023:07:35:47 -0500] "GET /sipse/faces/javax.faces.resource/layout/layout.js?ln=primefaces&v=4.0 HTTP/1.1" 304 -
186.29.49.233 - - [06/Oct/2023:07:35:47 -0500] "GET /sipse/css/imagen/contrasena.png HTTP/1.1" 404 383
186.29.49.233 - - [06/Oct/2023:07:35:48 -0500] "GET /sipse/faces/javax.faces.resource/images/ui-bg_flat_0_2d5972_40x100.png?ln=primefaces-aristo HTTP/1.1" 304 -
186.29.49.233 - - [06/Oct/2023:07:35:48 -0500] "POST /sipse/faces/bienvenido.xhtml HTTP/1.1" 200 2060
186.29.49.233 - - [06/Oct/2023:07:35:48 -0500] "POST /sipse/faces/bienvenido.xhtml HTTP/1.1" 200 35616
186.29.49.233 - - [06/Oct/2023:07:35:49 -0500] "GET /sipse/faces/javax.faces.resource/primefaces.css?ln=primefaces&v=4.0 HTTP/1.1" 304 -
186.29.49.233 - - [06/Oct/2023:07:35:49 -0500] "GET /sipse/faces/javax.faces.resource/theme.css?ln=primefaces-sipse HTTP/1.1" 304 -
186.29.49.233 - - [06/Oct/2023:07:35:49 -0500] "GET /sipse/faces/javax.faces.resource/layout/layout.css?ln=primefaces&v=4.0 HTTP/1.1" 304 -
186.29.49.233 - - [06/Oct/2023:07:35:49 -0500] "GET /sipse/faces/javax.faces.resource/jquery/jquery.js?ln=primefaces&v=4.0 HTTP/1.1" 304 -
186.29.49.233 - - [06/Oct/2023:07:35:49 -0500] "GET /sipse/faces/javax.faces.resource/jquery/jquery-plugins.js?ln=primefaces&v=4.0 HTTP/1.1" 304 -
186.29.49.233 - - [06/Oct/2023:07:35:49 -0500] "GET /sipse/faces/javax.faces.resource/primefaces.js?ln=primefaces&v=4.0 HTTP/1.1" 304 -
186.29.49.233 - - [06/Oct/2023:07:35:49 -0500] "GET /sipse/faces/javax.faces.resource/layout/layout.js?ln=primefaces&v=4.0 HTTP/1.1" 304 -
186.29.49.233 - - [06/Oct/2023:07:35:49 -0500] "POST /sipse/faces/presentacion/financiero/solicitudProceso/listarSolicitudProceso.xhtml HTTP/1.1" 200 1404
186.29.49.233 - - [06/Oct/2023:07:35:58 -0500] "POST /sipse/faces/presentacion/financiero/solicitudProceso/listarSolicitudProceso.xhtml HTTP/1.1" 200 109375
186.29.49.233 - - [06/Oct/2023:07:35:59 -0500] "GET /sipse/faces/javax.faces.resource/layout/layout.css?ln=primefaces&v=4.0 HTTP/1.1" 304 -
186.29.49.233 - - [06/Oct/2023:07:35:59 -0500] "GET /sipse/faces/javax.faces.resource/primefaces.css?ln=primefaces&v=4.0 HTTP/1.1" 304 -
186.29.49.233 - - [06/Oct/2023:07:35:59 -0500] "GET /sipse/faces/javax.faces.resource/theme.css?ln=primefaces-sipse HTTP/1.1" 304 -
186.29.49.233 - - [06/Oct/2023:07:35:59 -0500] "GET /sipse/faces/javax.faces.resource/jquery/jquery.js?ln=primefaces&v=4.0 HTTP/1.1" 304 -
186.29.49.233 - - [06/Oct/2023:07:35:59 -0500] "GET /sipse/faces/javax.faces.resource/jquery/jquery-plugins.js?ln=primefaces&v=4.0 HTTP/1.1" 304 -
186.29.49.233 - - [06/Oct/2023:07:35:59 -0500] "GET /sipse/faces/javax.faces.resource/primefaces.js?ln=primefaces&v=4.0 HTTP/1.1" 304 -
186.29.49.233 - - [06/Oct/2023:07:35:59 -0500] "GET /sipse/faces/javax.faces.resource/layout/layout.js?ln=primefaces&v=4.0 HTTP/1.1" 304 -
201.245.192.253 - - [06/Oct/2023:07:35:57 -0500] "POST /kwsrmcab/Wsrmcab  HTTP/1.1" 200 42851
186.29.49.233 - - [06/Oct/2023:07:36:00 -0500] "GET /sipse/faces/javax.faces.resource/dynamiccontent.properties?ln=primefaces&pfdrid=XjOR5%2F%2FfPAZAuY9TpWQeCiM0BhlXxYRBGKi%2FQcXXfeA%3D&pfdrid_c=false HTTP/1.1" 500 383
201.245.192.253 - - [06/Oct/2023:07:36:06 -0500] "POST /forms/lservlet;jsessionid=ac16012b30d631b237d665c3491e938ed2fcaf258f77.e3iSbxaKaheRe34Pbx8Nc3aQci1ynknvrkLOlQzNp65In0 HTTP/1.1" 200 2
201.245.192.253 - - [06/Oct/2023:07:36:10 -0500] "POST /forms/lservlet;jsessionid=ac16012b30d6e3ac83cfa34d44e69cdfe83dd14ea1cd.e3iSbxaKaheRe34Pbx8Nc3aQci1ynknvrkLOlQzNp65In0 HTTP/1.1" 200 2
216.244.66.195 - - [06/Oct/2023:07:36:11 -0500] "GET /BLA/resoluciones/AUTOS%202012/0958.pdf HTTP/1.1" 200 172244
216.244.66.195 - - [06/Oct/2023:07:36:33 -0500] "GET /BLA/resoluciones/AUTOS%202012/1345.pdf HTTP/1.1" 200 161352
216.244.66.195 - - [06/Oct/2023:07:36:56 -0500] "GET /BLA/resoluciones/AUTOS%202012/1583.pdf HTTP/1.1" 200 383676
216.245.221.92 - - [06/Oct/2023:07:37:10 -0500] "HEAD / HTTP/1.1" 200 -
216.244.66.195 - - [06/Oct/2023:07:37:17 -0500] "GET /BLA/resoluciones/AUTOS%202012/1669.pdf HTTP/1.1" 200 213556
216.244.66.195 - - [06/Oct/2023:07:37:37 -0500] "GET /BLA/resoluciones/AUTOS%202012/1782.pdf HTTP/1.1" 200 547766
201.245.192.253 - - [06/Oct/2023:07:37:35 -0500] "POST /kwsrmcab/Wsrmcab HTTP/1.1" 200 42738
201.245.192.253 - - [06/Oct/2023:07:37:39 -0500] "POST /kwsrmcab/Wsrmcab HTTP/1.1" 200 43229
216.244.66.195 - - [06/Oct/2023:07:37:57 -0500] "GET /BLA/resoluciones/AUTOS%202012/1875.pdf HTTP/1.1" 200 616587
201.245.192.253 - - [06/Oct/2023:07:38:06 -0500] "POST /forms/lservlet;jsessionid=ac16012b30d631b237d665c3491e938ed2fcaf258f77.e3iSbxaKaheRe34Pbx8Nc3aQci1ynknvrkLOlQzNp65In0 HTTP/1.1" 200 2
201.245.192.253 - - [06/Oct/2023:07:38:10 -0500] "POST /forms/lservlet;jsessionid=ac16012b30d6e3ac83cfa34d44e69cdfe83dd14ea1cd.e3iSbxaKaheRe34Pbx8Nc3aQci1ynknvrkLOlQzNp65In0 HTTP/1.1" 200 2
172.22.2.4 - - [06/Oct/2023:07:36:36 -0500] "HEAD /BLA/boletinlegal/ HTTP/1.1" 200 -
216.244.66.195 - - [06/Oct/2023:07:38:19 -0500] "GET /BLA/resoluciones/AUTOS%202012/1876.pdf HTTP/1.1" 200 526857
186.86.32.107 - - [06/Oct/2023:07:38:23 -0500] "POST /sipse/faces/presentacion/financiero/solicitudProceso/consultarHistorialSolProceso.xhtml HTTP/1.1" 200 42325
186.86.32.107 - - [06/Oct/2023:07:38:24 -0500] "GET /sipse/faces/javax.faces.resource/theme.css?ln=primefaces-sipse HTTP/1.1" 304 -
186.86.32.107 - - [06/Oct/2023:07:38:24 -0500] "GET /sipse/faces/javax.faces.resource/primefaces.css?ln=primefaces&v=4.0 HTTP/1.1" 304 -
186.86.32.107 - - [06/Oct/2023:07:38:24 -0500] "GET /sipse/faces/javax.faces.resource/jquery/jquery.js?ln=primefaces&v=4.0 HTTP/1.1" 304 -
186.86.32.107 - - [06/Oct/2023:07:38:24 -0500] "GET /sipse/faces/javax.faces.resource/layout/layout.css?ln=primefaces&v=4.0 HTTP/1.1" 304 -
186.86.32.107 - - [06/Oct/2023:07:38:24 -0500] "GET /sipse/faces/javax.faces.resource/jquery/jquery-plugins.js?ln=primefaces&v=4.0 HTTP/1.1" 304 -
186.86.32.107 - - [06/Oct/2023:07:38:24 -0500] "GET /sipse/faces/javax.faces.resource/primefaces.js?ln=primefaces&v=4.0 HTTP/1.1" 304 -
186.86.32.107 - - [06/Oct/2023:07:38:24 -0500] "GET /sipse/faces/javax.faces.resource/layout/layout.js?ln=primefaces&v=4.0 HTTP/1.1" 304 -
186.86.32.107 - - [06/Oct/2023:07:38:28 -0500] "POST /sipse/faces/presentacion/financiero/solicitudProceso/consultar.xhtml HTTP/1.1" 200 13066
186.86.32.107 - - [06/Oct/2023:07:38:33 -0500] "POST /sipse/faces/presentacion/financiero/solicitudProceso/consultar.xhtml HTTP/1.1" 200 145670
186.86.32.107 - - [06/Oct/2023:07:38:33 -0500] "GET /sipse/faces/javax.faces.resource/theme.css?ln=primefaces-sipse HTTP/1.1" 304 -
186.86.32.107 - - [06/Oct/2023:07:38:33 -0500] "GET /sipse/faces/javax.faces.resource/layout/layout.css?ln=primefaces&v=4.0 HTTP/1.1" 304 -
186.86.32.107 - - [06/Oct/2023:07:38:33 -0500] "GET /sipse/faces/javax.faces.resource/primefaces.css?ln=primefaces&v=4.0 HTTP/1.1" 304 -
186.86.32.107 - - [06/Oct/2023:07:38:33 -0500] "GET /sipse/faces/javax.faces.resource/jquery/jquery.js?ln=primefaces&v=4.0 HTTP/1.1" 304 -
186.86.32.107 - - [06/Oct/2023:07:38:33 -0500] "GET /sipse/faces/javax.faces.resource/jquery/jquery-plugins.js?ln=primefaces&v=4.0 HTTP/1.1" 304 -
186.86.32.107 - - [06/Oct/2023:07:38:33 -0500] "GET /sipse/faces/javax.faces.resource/primefaces.js?ln=primefaces&v=4.0 HTTP/1.1" 304 -
186.86.32.107 - - [06/Oct/2023:07:38:33 -0500] "GET /sipse/faces/javax.faces.resource/layout/layout.js?ln=primefaces&v=4.0 HTTP/1.1" 304 -
186.86.32.107 - - [06/Oct/2023:07:38:34 -0500] "GET /sipse/faces/javax.faces.resource/dynamiccontent.properties?ln=primefaces&pfdrid=XjOR5%2F%2FfPAZAuY9TpWQeCiM0BhlXxYRBGKi%2FQcXXfeA%3D&pfdrid_c=false HTTP/1.1" 500 383
216.244.66.195 - - [06/Oct/2023:07:38:36 -0500] "GET /BLA/resoluciones/AUTOS%202012/1983.pdf HTTP/1.1" 200 370928
186.86.32.107 - - [06/Oct/2023:07:38:38 -0500] "GET /sipse/faces/javax.faces.resource/theme.css?ln=primefaces-sipse HTTP/1.1" 304 -
186.86.32.107 - - [06/Oct/2023:07:38:37 -0500] "POST /sipse/faces/presentacion/financiero/solicitudProceso/consultarSolicitudProceso.xhtml HTTP/1.1" 200 31531
186.86.32.107 - - [06/Oct/2023:07:38:38 -0500] "GET /sipse/faces/javax.faces.resource/primefaces.css?ln=primefaces&v=4.0 HTTP/1.1" 304 -
186.86.32.107 - - [06/Oct/2023:07:38:38 -0500] "GET /sipse/faces/javax.faces.resource/layout/layout.css?ln=primefaces&v=4.0 HTTP/1.1" 304 -
186.86.32.107 - - [06/Oct/2023:07:38:38 -0500] "GET /sipse/faces/javax.faces.resource/jquery/jquery-plugins.js?ln=primefaces&v=4.0 HTTP/1.1" 304 -
186.86.32.107 - - [06/Oct/2023:07:38:38 -0500] "GET /sipse/faces/javax.faces.resource/jquery/jquery.js?ln=primefaces&v=4.0 HTTP/1.1" 304 -
186.86.32.107 - - [06/Oct/2023:07:38:38 -0500] "GET /sipse/faces/javax.faces.resource/primefaces.js?ln=primefaces&v=4.0 HTTP/1.1" 304 -
186.86.32.107 - - [06/Oct/2023:07:38:38 -0500] "GET /sipse/faces/javax.faces.resource/layout/layout.js?ln=primefaces&v=4.0 HTTP/1.1" 304 -
216.244.66.195 - - [06/Oct/2023:07:38:53 -0500] "GET /BLA/resoluciones/AUTOS%202012/2018.pdf HTTP/1.1" 200 297796
172.22.2.4 - - [06/Oct/2023:07:37:27 -0500] "GET /BLA/boletinlegal/ HTTP/1.1" 200 57323
216.244.66.195 - - [06/Oct/2023:07:39:08 -0500] "GET /BLA/resoluciones/AUTOS%202012/2142.pdf HTTP/1.1" 200 956521
186.86.32.107 - - [06/Oct/2023:07:39:10 -0500] "GET /sipse/faces/javax.faces.resource/theme.css?ln=primefaces-sipse HTTP/1.1" 304 -
186.86.32.107 - - [06/Oct/2023:07:39:10 -0500] "GET /sipse/faces/javax.faces.resource/primefaces.css?ln=primefaces&v=4.0 HTTP/1.1" 304 -
186.86.32.107 - - [06/Oct/2023:07:39:10 -0500] "GET /sipse/faces/javax.faces.resource/layout/layout.css?ln=primefaces&v=4.0 HTTP/1.1" 304 -
186.86.32.107 - - [06/Oct/2023:07:39:10 -0500] "GET /sipse/faces/javax.faces.resource/jquery/jquery.js?ln=primefaces&v=4.0 HTTP/1.1" 304 -
186.86.32.107 - - [06/Oct/2023:07:39:10 -0500] "GET /sipse/faces/javax.faces.resource/primefaces.js?ln=primefaces&v=4.0 HTTP/1.1" 304 -
186.86.32.107 - - [06/Oct/2023:07:39:10 -0500] "GET /sipse/faces/javax.faces.resource/jquery/jquery-plugins.js?ln=primefaces&v=4.0 HTTP/1.1" 304 -
186.86.32.107 - - [06/Oct/2023:07:39:10 -0500] "GET /sipse/faces/javax.faces.resource/layout/layout.js?ln=primefaces&v=4.0 HTTP/1.1" 304 -
186.86.32.107 - - [06/Oct/2023:07:39:10 -0500] "POST /sipse/faces/presentacion/financiero/solicitudProceso/consultarHistorialSolProceso.xhtml HTTP/1.1" 200 190936
186.86.32.107 - - [06/Oct/2023:07:39:11 -0500] "GET /sipse/faces/javax.faces.resource/dynamiccontent.properties?ln=primefaces&pfdrid=XjOR5%2F%2FfPAZAuY9TpWQeCiM0BhlXxYRBGKi%2FQcXXfeA%3D&pfdrid_c=false HTTP/1.1" 500 383
216.244.66.195 - - [06/Oct/2023:07:39:23 -0500] "GET /BLA/resoluciones/AUTOS%202012/2525.pdf HTTP/1.1" 200 1862143
216.244.66.195 - - [06/Oct/2023:07:39:40 -0500] "GET /BLA/resoluciones/AUTOS%202012/2561.pdf HTTP/1.1" 200 844258
172.22.2.4 - - [06/Oct/2023:07:39:04 -0500] "GET /BLA/boletinlegal/ HTTP/1.1" 200 32715
216.244.66.195 - - [06/Oct/2023:07:39:56 -0500] "GET /BLA/resoluciones/AUTOS%202012/2713.pdf HTTP/1.1" 200 456709
201.245.192.253 - - [06/Oct/2023:07:40:06 -0500] "POST /forms/lservlet;jsessionid=ac16012b30d631b237d665c3491e938ed2fcaf258f77.e3iSbxaKaheRe34Pbx8Nc3aQci1ynknvrkLOlQzNp65In0 HTTP/1.1" 200 2
201.245.192.253 - - [06/Oct/2023:07:40:10 -0500] "POST /forms/lservlet;jsessionid=ac16012b30d6e3ac83cfa34d44e69cdfe83dd14ea1cd.e3iSbxaKaheRe34Pbx8Nc3aQci1ynknvrkLOlQzNp65In0 HTTP/1.1" 200 2
216.244.66.195 - - [06/Oct/2023:07:40:11 -0500] "GET /BLA/resoluciones/AUTOS%202012/2866.pdf HTTP/1.1" 200 364656
216.244.66.195 - - [06/Oct/2023:07:40:26 -0500] "GET /BLA/resoluciones/AUTOS%202012/3081.pdf HTTP/1.1" 200 511752
216.244.66.195 - - [06/Oct/2023:07:40:39 -0500] "GET /BLA/resoluciones/AUTOS%202012/3084.pdf HTTP/1.1" 200 282238
216.244.66.195 - - [06/Oct/2023:07:40:51 -0500] "GET /BLA/resoluciones/AUTOS%202013/0717.pdf HTTP/1.1" 200 816531
201.245.192.253 - - [06/Oct/2023:07:40:54 -0500] "POST /kwsrmcab/Wsrmcab  HTTP/1.1" 200 42851
186.81.229.249 - - [06/Oct/2023:07:41:56 -0500] "POST /sipse/faces/presentacion/financiero/solicitudProceso/consultarSolicitudProceso.xhtml HTTP/1.1" 200 41415
186.81.229.249 - - [06/Oct/2023:07:41:57 -0500] "GET /sipse/faces/javax.faces.resource/jquery/jquery.js?ln=primefaces&v=4.0 HTTP/1.1" 304 -
186.81.229.249 - - [06/Oct/2023:07:41:57 -0500] "GET /sipse/faces/javax.faces.resource/jquery/jquery-plugins.js?ln=primefaces&v=4.0 HTTP/1.1" 304 -
186.81.229.249 - - [06/Oct/2023:07:41:57 -0500] "GET /sipse/faces/javax.faces.resource/primefaces.js?ln=primefaces&v=4.0 HTTP/1.1" 304 -
186.81.229.249 - - [06/Oct/2023:07:41:57 -0500] "GET /sipse/faces/javax.faces.resource/layout/layout.js?ln=primefaces&v=4.0 HTTP/1.1" 304 -
186.81.229.249 - - [06/Oct/2023:07:41:57 -0500] "POST /sipse/faces/presentacion/financiero/solicitudProceso/consultar.xhtml HTTP/1.1" 200 34779
186.81.229.249 - - [06/Oct/2023:07:41:57 -0500] "POST /sipse/faces/presentacion/financiero/solicitudProceso/consultar.xhtml HTTP/1.1" 200 34779
186.81.229.249 - - [06/Oct/2023:07:41:58 -0500] "POST /sipse/faces/presentacion/financiero/solicitudProceso/consultar.xhtml HTTP/1.1" 200 34779
186.81.229.249 - - [06/Oct/2023:07:41:58 -0500] "POST /sipse/faces/presentacion/financiero/solicitudProceso/consultar.xhtml HTTP/1.1" 200 34779
186.81.229.249 - - [06/Oct/2023:07:41:58 -0500] "POST /sipse/faces/presentacion/financiero/solicitudProceso/consultar.xhtml HTTP/1.1" 200 34779
186.81.229.249 - - [06/Oct/2023:07:42:02 -0500] "POST /sipse/faces/presentacion/financiero/solicitudProceso/consultar.xhtml HTTP/1.1" 200 12797
201.245.192.253 - - [06/Oct/2023:07:42:06 -0500] "POST /forms/lservlet;jsessionid=ac16012b30d631b237d665c3491e938ed2fcaf258f77.e3iSbxaKaheRe34Pbx8Nc3aQci1ynknvrkLOlQzNp65In0 HTTP/1.1" 200 2
186.81.229.249 - - [06/Oct/2023:07:42:06 -0500] "POST /sipse/faces/presentacion/financiero/solicitudProceso/consultar.xhtml HTTP/1.1" 200 151939
186.81.229.249 - - [06/Oct/2023:07:42:07 -0500] "GET /sipse/faces/javax.faces.resource/jquery/jquery.js?ln=primefaces&v=4.0 HTTP/1.1" 304 -
186.81.229.249 - - [06/Oct/2023:07:42:07 -0500] "GET /sipse/faces/javax.faces.resource/jquery/jquery-plugins.js?ln=primefaces&v=4.0 HTTP/1.1" 304 -
186.81.229.249 - - [06/Oct/2023:07:42:07 -0500] "GET /sipse/faces/javax.faces.resource/primefaces.js?ln=primefaces&v=4.0 HTTP/1.1" 304 -
186.81.229.249 - - [06/Oct/2023:07:42:07 -0500] "GET /sipse/faces/javax.faces.resource/layout/layout.js?ln=primefaces&v=4.0 HTTP/1.1" 304 -
186.81.229.249 - - [06/Oct/2023:07:42:07 -0500] "GET /sipse/faces/javax.faces.resource/dynamiccontent.properties?ln=primefaces&pfdrid=XjOR5%2F%2FfPAZAuY9TpWQeCiM0BhlXxYRBGKi%2FQcXXfeA%3D&pfdrid_c=false HTTP/1.1" 500 383
201.245.192.253 - - [06/Oct/2023:07:42:10 -0500] "POST /forms/lservlet;jsessionid=ac16012b30d6e3ac83cfa34d44e69cdfe83dd14ea1cd.e3iSbxaKaheRe34Pbx8Nc3aQci1ynknvrkLOlQzNp65In0 HTTP/1.1" 200 2
216.245.221.92 - - [06/Oct/2023:07:42:10 -0500] "HEAD / HTTP/1.1" 200 -
157.55.39.59 - - [06/Oct/2023:07:42:15 -0500] "GET /bla/resoluciones/resoluciones%202023/0406.pdf HTTP/1.1" 200 380574
186.81.229.249 - - [06/Oct/2023:07:42:17 -0500] "POST /sipse/faces/presentacion/financiero/solicitudProceso/consultarSolicitudProceso.xhtml HTTP/1.1" 200 47207
52.167.144.145 - - [06/Oct/2023:07:42:43 -0500] "GET /participa-en-la-convocatoria-para-el-aseguramiento-metrologico-de-la-red-de-monitoreo-de-calidad-del-aire-de-bogota.html HTTP/1.1" 200 848
123.183.224.82 - - [06/Oct/2023:07:43:35 -0500] "GET /BLA/boletinlegal/norma_menu.php HTTP/1.1" 200 6328
40.77.188.59 - - [06/Oct/2023:07:43:44 -0500] "GET /sipse/faces/javax.faces.resource/layout/layout.css;jsessionid=z0mg+aroPROXp0ga2gdsHjIh.undefined?ln=primefaces&v=4.0 HTTP/1.1" 200 542
40.77.188.15 - - [06/Oct/2023:07:43:44 -0500] "GET /sipse/faces/javax.faces.resource/primefaces.css;jsessionid=z0mg+aroPROXp0ga2gdsHjIh.undefined?ln=primefaces&v=4.0 HTTP/1.1" 200 53295
40.77.188.160 - - [06/Oct/2023:07:43:44 -0500] "GET /sipse/faces/javax.faces.resource/layout/layout.js;jsessionid=z0mg+aroPROXp0ga2gdsHjIh.undefined?ln=primefaces&v=4.0 HTTP/1.1" 200 87560
40.77.189.86 - - [06/Oct/2023:07:43:44 -0500] "GET /sipse/faces/javax.faces.resource/primefaces.js;jsessionid=z0mg+aroPROXp0ga2gdsHjIh.undefined?ln=primefaces&v=4.0 HTTP/1.1" 200 276924
40.77.188.147 - - [06/Oct/2023:07:43:45 -0500] "GET /sipse/faces/index.xhtml HTTP/1.1" 200 677
172.22.2.4 - - [06/Oct/2023:07:42:26 -0500] "HEAD /BLA/boletinlegal/ HTTP/1.1" 200 -
201.245.192.253 - - [06/Oct/2023:07:44:06 -0500] "POST /forms/lservlet;jsessionid=ac16012b30d631b237d665c3491e938ed2fcaf258f77.e3iSbxaKaheRe34Pbx8Nc3aQci1ynknvrkLOlQzNp65In0 HTTP/1.1" 200 2
201.245.192.253 - - [06/Oct/2023:07:44:10 -0500] "POST /forms/lservlet;jsessionid=ac16012b30d6e3ac83cfa34d44e69cdfe83dd14ea1cd.e3iSbxaKaheRe34Pbx8Nc3aQci1ynknvrkLOlQzNp65In0 HTTP/1.1" 200 2
216.244.66.195 - - [06/Oct/2023:07:44:20 -0500] "GET /robots.txt HTTP/1.1" 404 1018
172.22.2.4 - - [06/Oct/2023:07:43:17 -0500] "GET /BLA/boletinlegal/ HTTP/1.1" 200 57790
54.39.177.48 - - [06/Oct/2023:07:45:49 -0500] "GET /bioexpo-2023-bogota-alcanza-destacada-participacion-y-buenos-reditos-con-innovadores-negocios-verdes.html HTTP/1.1" 200 836
54.39.177.173 - - [06/Oct/2023:07:45:51 -0500] "GET /como-debe-ser-el-manejo-del-ruido-en-bogota.html HTTP/1.1" 200 765
201.245.192.253 - - [06/Oct/2023:07:45:54 -0500] "POST /kwsrmcab/Wsrmcab  HTTP/1.1" 200 42851
186.81.229.249 - - [06/Oct/2023:07:46:03 -0500] "POST /sipse/faces/presentacion/financiero/solicitudProceso/consultarSolicitudProceso.xhtml HTTP/1.1" 200 41415
186.81.229.249 - - [06/Oct/2023:07:46:04 -0500] "GET /sipse/faces/javax.faces.resource/jquery/jquery.js?ln=primefaces&v=4.0 HTTP/1.1" 304 -
186.81.229.249 - - [06/Oct/2023:07:46:04 -0500] "GET /sipse/faces/javax.faces.resource/jquery/jquery-plugins.js?ln=primefaces&v=4.0 HTTP/1.1" 304 -
186.81.229.249 - - [06/Oct/2023:07:46:04 -0500] "GET /sipse/faces/javax.faces.resource/primefaces.js?ln=primefaces&v=4.0 HTTP/1.1" 304 -
186.81.229.249 - - [06/Oct/2023:07:46:04 -0500] "GET /sipse/faces/javax.faces.resource/layout/layout.js?ln=primefaces&v=4.0 HTTP/1.1" 304 -
186.81.229.249 - - [06/Oct/2023:07:46:04 -0500] "POST /sipse/faces/presentacion/financiero/solicitudProceso/consultar.xhtml HTTP/1.1" 200 34779
186.81.229.249 - - [06/Oct/2023:07:46:05 -0500] "POST /sipse/faces/presentacion/financiero/solicitudProceso/consultar.xhtml HTTP/1.1" 200 34779
186.81.229.249 - - [06/Oct/2023:07:46:05 -0500] "POST /sipse/faces/presentacion/financiero/solicitudProceso/consultar.xhtml HTTP/1.1" 200 34779
186.81.229.249 - - [06/Oct/2023:07:46:05 -0500] "POST /sipse/faces/presentacion/financiero/solicitudProceso/consultar.xhtml HTTP/1.1" 200 34779
186.81.229.249 - - [06/Oct/2023:07:46:05 -0500] "POST /sipse/faces/presentacion/financiero/solicitudProceso/consultar.xhtml HTTP/1.1" 200 34779
186.81.229.249 - - [06/Oct/2023:07:46:06 -0500] "POST /sipse/faces/presentacion/financiero/solicitudProceso/consultar.xhtml HTTP/1.1" 200 34779
186.81.229.249 - - [06/Oct/2023:07:46:06 -0500] "POST /sipse/faces/presentacion/financiero/solicitudProceso/consultar.xhtml HTTP/1.1" 200 34779
201.245.192.253 - - [06/Oct/2023:07:46:06 -0500] "POST /forms/lservlet;jsessionid=ac16012b30d631b237d665c3491e938ed2fcaf258f77.e3iSbxaKaheRe34Pbx8Nc3aQci1ynknvrkLOlQzNp65In0 HTTP/1.1" 200 2
201.245.192.253 - - [06/Oct/2023:07:46:10 -0500] "POST /forms/lservlet;jsessionid=ac16012b30d6e3ac83cfa34d44e69cdfe83dd14ea1cd.e3iSbxaKaheRe34Pbx8Nc3aQci1ynknvrkLOlQzNp65In0 HTTP/1.1" 200 2
186.81.229.249 - - [06/Oct/2023:07:46:11 -0500] "POST /sipse/faces/presentacion/financiero/solicitudProceso/consultar.xhtml HTTP/1.1" 200 12865
191.95.23.118 - - [06/Oct/2023:07:46:22 -0500] "GET /como-debe-ser-el-manejo-del-ruido-en-bogota.html HTTP/1.1" 200 765
186.81.229.249 - - [06/Oct/2023:07:46:34 -0500] "POST /sipse/faces/presentacion/financiero/solicitudProceso/consultar.xhtml HTTP/1.1" 200 150284
186.81.229.249 - - [06/Oct/2023:07:46:36 -0500] "GET /sipse/faces/javax.faces.resource/jquery/jquery.js?ln=primefaces&v=4.0 HTTP/1.1" 304 -
186.81.229.249 - - [06/Oct/2023:07:46:36 -0500] "GET /sipse/faces/javax.faces.resource/jquery/jquery-plugins.js?ln=primefaces&v=4.0 HTTP/1.1" 304 -
186.81.229.249 - - [06/Oct/2023:07:46:36 -0500] "GET /sipse/faces/javax.faces.resource/primefaces.js?ln=primefaces&v=4.0 HTTP/1.1" 304 -
186.81.229.249 - - [06/Oct/2023:07:46:36 -0500] "GET /sipse/faces/javax.faces.resource/layout/layout.js?ln=primefaces&v=4.0 HTTP/1.1" 304 -
186.81.229.249 - - [06/Oct/2023:07:46:36 -0500] "GET /sipse/faces/javax.faces.resource/dynamiccontent.properties?ln=primefaces&pfdrid=XjOR5%2F%2FfPAZAuY9TpWQeCiM0BhlXxYRBGKi%2FQcXXfeA%3D&pfdrid_c=false HTTP/1.1" 500 383
186.81.229.249 - - [06/Oct/2023:07:46:50 -0500] "POST /sipse/faces/presentacion/financiero/solicitudProceso/consultarSolicitudProceso.xhtml HTTP/1.1" 200 48561
216.245.221.92 - - [06/Oct/2023:07:47:10 -0500] "HEAD / HTTP/1.1" 200 -
186.81.229.249 - - [06/Oct/2023:07:47:18 -0500] "POST /sipse/faces/presentacion/financiero/solicitudProceso/consultarSolicitudProceso.xhtml HTTP/1.1" 200 155040
201.245.192.253 - - [06/Oct/2023:07:48:06 -0500] "POST /forms/lservlet;jsessionid=ac16012b30d631b237d665c3491e938ed2fcaf258f77.e3iSbxaKaheRe34Pbx8Nc3aQci1ynknvrkLOlQzNp65In0 HTTP/1.1" 200 2
