201.245.192.253 - - [06/Oct/2023:05:24:09 -0500] "POST /forms/lservlet;jsessionid=ac16012b30d6e3ac83cfa34d44e69cdfe83dd14ea1cd.e3iSbxaKaheRe34Pbx8Nc3aQci1ynknvrkLOlQzNp65In0 HTTP/1.1" 200 2
123.183.224.82 - - [06/Oct/2023:05:24:29 -0500] "GET /BLA/boletinlegal/norma_menu.php HTTP/1.1" 200 6328
172.22.2.4 - - [06/Oct/2023:05:23:16 -0500] "GET /BLA/boletinlegal/ HTTP/1.1" 200 56970
201.245.192.253 - - [06/Oct/2023:05:26:05 -0500] "POST /forms/lservlet;jsessionid=ac16012b30d631b237d665c3491e938ed2fcaf258f77.e3iSbxaKaheRe34Pbx8Nc3aQci1ynknvrkLOlQzNp65In0 HTTP/1.1" 200 2
201.245.192.253 - - [06/Oct/2023:05:26:09 -0500] "POST /forms/lservlet;jsessionid=ac16012b30d6e3ac83cfa34d44e69cdfe83dd14ea1cd.e3iSbxaKaheRe34Pbx8Nc3aQci1ynknvrkLOlQzNp65In0 HTTP/1.1" 200 2
201.245.192.253 - - [06/Oct/2023:05:26:33 -0500] "POST /kwsrmcab/Wsrmcab  HTTP/1.1" 200 42851
216.245.221.92 - - [06/Oct/2023:05:27:10 -0500] "HEAD / HTTP/1.1" 200 -
201.245.192.253 - - [06/Oct/2023:05:27:37 -0500] "POST /kwsrmcab/Wsrmcab HTTP/1.1" 200 42699
201.245.192.253 - - [06/Oct/2023:05:27:39 -0500] "POST /kwsrmcab/Wsrmcab HTTP/1.1" 200 43192
201.245.192.253 - - [06/Oct/2023:05:28:05 -0500] "POST /forms/lservlet;jsessionid=ac16012b30d631b237d665c3491e938ed2fcaf258f77.e3iSbxaKaheRe34Pbx8Nc3aQci1ynknvrkLOlQzNp65In0 HTTP/1.1" 200 2
201.245.192.253 - - [06/Oct/2023:05:28:09 -0500] "POST /forms/lservlet;jsessionid=ac16012b30d6e3ac83cfa34d44e69cdfe83dd14ea1cd.e3iSbxaKaheRe34Pbx8Nc3aQci1ynknvrkLOlQzNp65In0 HTTP/1.1" 200 2
172.22.2.4 - - [06/Oct/2023:05:28:15 -0500] "HEAD /BLA/boletinlegal/ HTTP/1.1" 200 -
201.245.192.253 - - [06/Oct/2023:05:30:05 -0500] "POST /forms/lservlet;jsessionid=ac16012b30d631b237d665c3491e938ed2fcaf258f77.e3iSbxaKaheRe34Pbx8Nc3aQci1ynknvrkLOlQzNp65In0 HTTP/1.1" 200 2
201.245.192.253 - - [06/Oct/2023:05:30:09 -0500] "POST /forms/lservlet;jsessionid=ac16012b30d6e3ac83cfa34d44e69cdfe83dd14ea1cd.e3iSbxaKaheRe34Pbx8Nc3aQci1ynknvrkLOlQzNp65In0 HTTP/1.1" 200 2
52.167.144.22 - - [06/Oct/2023:05:30:39 -0500] "GET /BLA/resoluciones/RESOLUCIONES%202005/00001065.tif HTTP/1.1" 200 137460
172.22.2.4 - - [06/Oct/2023:05:29:06 -0500] "GET /BLA/boletinlegal/ HTTP/1.1" 200 58187
201.245.192.253 - - [06/Oct/2023:05:31:31 -0500] "POST /kwsrmcab/Wsrmcab  HTTP/1.1" 200 42851
66.249.66.194 - - [06/Oct/2023:05:31:40 -0500] "GET /semana-bogota-reverdece-se-plantaron-200-nuevos-arboles-en-el-humedal-tingua-azul-bosa.html HTTP/1.1" 304 -
201.245.192.253 - - [06/Oct/2023:05:32:05 -0500] "POST /forms/lservlet;jsessionid=ac16012b30d631b237d665c3491e938ed2fcaf258f77.e3iSbxaKaheRe34Pbx8Nc3aQci1ynknvrkLOlQzNp65In0 HTTP/1.1" 200 2
201.245.192.253 - - [06/Oct/2023:05:32:09 -0500] "POST /forms/lservlet;jsessionid=ac16012b30d6e3ac83cfa34d44e69cdfe83dd14ea1cd.e3iSbxaKaheRe34Pbx8Nc3aQci1ynknvrkLOlQzNp65In0 HTTP/1.1" 200 2
216.245.221.92 - - [06/Oct/2023:05:32:10 -0500] "HEAD / HTTP/1.1" 200 -
136.144.19.15 - - [06/Oct/2023:05:32:23 -0500] "GET /participa-en-la-convocatoria-para-el-aseguramiento-metrologico-de-la-red-de-monitoreo-de-calidad-del-aire-de-bogota.html HTTP/1.1" 200 848
136.144.19.15 - - [06/Oct/2023:05:32:23 -0500] "GET /favicon.ico HTTP/1.1" 404 1438
66.249.66.194 - - [06/Oct/2023:05:32:57 -0500] "GET /guadalupe-aguanoso-y-otros-tres-caminos-de-los-cerros-estarin-cerrados-este-fin-de-semana.html HTTP/1.1" 200 797
201.245.192.253 - - [06/Oct/2023:05:34:05 -0500] "POST /forms/lservlet;jsessionid=ac16012b30d631b237d665c3491e938ed2fcaf258f77.e3iSbxaKaheRe34Pbx8Nc3aQci1ynknvrkLOlQzNp65In0 HTTP/1.1" 200 2
201.245.192.253 - - [06/Oct/2023:05:34:09 -0500] "POST /forms/lservlet;jsessionid=ac16012b30d6e3ac83cfa34d44e69cdfe83dd14ea1cd.e3iSbxaKaheRe34Pbx8Nc3aQci1ynknvrkLOlQzNp65In0 HTTP/1.1" 200 2
172.22.2.4 - - [06/Oct/2023:05:34:05 -0500] "HEAD /BLA/boletinlegal/ HTTP/1.1" 200 -
64.124.8.93 - - [06/Oct/2023:05:35:57 -0500] "GET /robots.txt HTTP/1.1" 404 1035
64.124.8.93 - - [06/Oct/2023:05:35:57 -0500] "GET /portaldeninos/2021/05/21/2070/ HTTP/1.1" 200 109949
201.245.192.253 - - [06/Oct/2023:05:36:05 -0500] "POST /forms/lservlet;jsessionid=ac16012b30d631b237d665c3491e938ed2fcaf258f77.e3iSbxaKaheRe34Pbx8Nc3aQci1ynknvrkLOlQzNp65In0 HTTP/1.1" 200 2
201.245.192.253 - - [06/Oct/2023:05:36:09 -0500] "POST /forms/lservlet;jsessionid=ac16012b30d6e3ac83cfa34d44e69cdfe83dd14ea1cd.e3iSbxaKaheRe34Pbx8Nc3aQci1ynknvrkLOlQzNp65In0 HTTP/1.1" 200 2
201.245.192.253 - - [06/Oct/2023:05:36:30 -0500] "POST /kwsrmcab/Wsrmcab  HTTP/1.1" 200 42851
172.22.2.4 - - [06/Oct/2023:05:34:56 -0500] "GET /BLA/boletinlegal/ HTTP/1.1" 200 52656
162.55.167.166 - - [06/Oct/2023:05:36:53 -0500] "GET / HTTP/1.1" 200 319
216.245.221.92 - - [06/Oct/2023:05:37:10 -0500] "HEAD / HTTP/1.1" 200 -
69.63.189.119 - - [06/Oct/2023:05:37:12 -0500] "GET /lee-antes-de-compartir-secretaria-de-ambiente-y-establecimientos-de-comercio-nocturno-se-comprometen-a-una-rumba-con-menos-ruido.html HTTP/1.1" 200 1189
201.245.192.253 - - [06/Oct/2023:05:37:36 -0500] "POST /kwsrmcab/Wsrmcab HTTP/1.1" 200 42699
201.245.192.253 - - [06/Oct/2023:05:37:40 -0500] "POST /kwsrmcab/Wsrmcab HTTP/1.1" 200 43192
201.245.192.253 - - [06/Oct/2023:05:38:05 -0500] "POST /forms/lservlet;jsessionid=ac16012b30d631b237d665c3491e938ed2fcaf258f77.e3iSbxaKaheRe34Pbx8Nc3aQci1ynknvrkLOlQzNp65In0 HTTP/1.1" 200 2
201.245.192.253 - - [06/Oct/2023:05:38:09 -0500] "POST /forms/lservlet;jsessionid=ac16012b30d6e3ac83cfa34d44e69cdfe83dd14ea1cd.e3iSbxaKaheRe34Pbx8Nc3aQci1ynknvrkLOlQzNp65In0 HTTP/1.1" 200 2
201.245.192.253 - - [06/Oct/2023:05:40:05 -0500] "POST /forms/lservlet;jsessionid=ac16012b30d631b237d665c3491e938ed2fcaf258f77.e3iSbxaKaheRe34Pbx8Nc3aQci1ynknvrkLOlQzNp65In0 HTTP/1.1" 200 2
201.245.192.253 - - [06/Oct/2023:05:40:09 -0500] "POST /forms/lservlet;jsessionid=ac16012b30d6e3ac83cfa34d44e69cdfe83dd14ea1cd.e3iSbxaKaheRe34Pbx8Nc3aQci1ynknvrkLOlQzNp65In0 HTTP/1.1" 200 2
201.245.192.253 - - [06/Oct/2023:05:41:29 -0500] "POST /kwsrmcab/Wsrmcab  HTTP/1.1" 200 42851
172.22.2.4 - - [06/Oct/2023:05:39:55 -0500] "HEAD /BLA/boletinlegal/ HTTP/1.1" 200 -
201.245.192.253 - - [06/Oct/2023:05:42:05 -0500] "POST /forms/lservlet;jsessionid=ac16012b30d631b237d665c3491e938ed2fcaf258f77.e3iSbxaKaheRe34Pbx8Nc3aQci1ynknvrkLOlQzNp65In0 HTTP/1.1" 200 2
201.245.192.253 - - [06/Oct/2023:05:42:09 -0500] "POST /forms/lservlet;jsessionid=ac16012b30d6e3ac83cfa34d44e69cdfe83dd14ea1cd.e3iSbxaKaheRe34Pbx8Nc3aQci1ynknvrkLOlQzNp65In0 HTTP/1.1" 200 2
216.245.221.92 - - [06/Oct/2023:05:42:10 -0500] "HEAD / HTTP/1.1" 200 -
172.22.2.4 - - [06/Oct/2023:05:40:46 -0500] "GET /BLA/boletinlegal/ HTTP/1.1" 200 58187
66.249.66.20 - - [06/Oct/2023:05:42:48 -0500] "GET /resoluciones/RESOLUCIONES%202007/RES%202007%20101%20AL%20200/RESOLUCION%200110%20%20DE%202007.pdf HTTP/1.1" 404 1018
52.167.144.223 - - [06/Oct/2023:05:43:09 -0500] "GET /BLA/resoluciones/RESOLUCIONES%202021/0655.pdf HTTP/1.1" 200 487439
201.245.192.253 - - [06/Oct/2023:05:44:05 -0500] "POST /forms/lservlet;jsessionid=ac16012b30d631b237d665c3491e938ed2fcaf258f77.e3iSbxaKaheRe34Pbx8Nc3aQci1ynknvrkLOlQzNp65In0 HTTP/1.1" 200 2
201.245.192.253 - - [06/Oct/2023:05:44:09 -0500] "POST /forms/lservlet;jsessionid=ac16012b30d6e3ac83cfa34d44e69cdfe83dd14ea1cd.e3iSbxaKaheRe34Pbx8Nc3aQci1ynknvrkLOlQzNp65In0 HTTP/1.1" 200 2
172.22.2.4 - - [06/Oct/2023:05:44:41 -0500] "GET /BLA/boletinlegal/Circulares/2023/CIRCULAR%20No.%2000005%20DEL%2013%20DE%20JUNIO%20DEL%202023.pdf HTTP/1.1" 304 -
123.183.224.82 - - [06/Oct/2023:05:45:25 -0500] "GET /BLA/boletinlegal/norma_menu.php HTTP/1.1" 200 6328
66.249.66.194 - - [06/Oct/2023:05:45:57 -0500] "GET /semana-bogota-reverdece-se-plantaron-200-nuevos-arboles-en-el-humedal-tingua-azul-bosa.html HTTP/1.1" 304 -
201.245.192.253 - - [06/Oct/2023:05:46:05 -0500] "POST /forms/lservlet;jsessionid=ac16012b30d631b237d665c3491e938ed2fcaf258f77.e3iSbxaKaheRe34Pbx8Nc3aQci1ynknvrkLOlQzNp65In0 HTTP/1.1" 200 2
201.245.192.253 - - [06/Oct/2023:05:46:09 -0500] "POST /forms/lservlet;jsessionid=ac16012b30d6e3ac83cfa34d44e69cdfe83dd14ea1cd.e3iSbxaKaheRe34Pbx8Nc3aQci1ynknvrkLOlQzNp65In0 HTTP/1.1" 200 2
201.245.192.253 - - [06/Oct/2023:05:46:29 -0500] "POST /kwsrmcab/Wsrmcab  HTTP/1.1" 200 42851
216.245.221.92 - - [06/Oct/2023:05:47:10 -0500] "HEAD / HTTP/1.1" 200 -
172.22.2.4 - - [06/Oct/2023:05:45:45 -0500] "HEAD /BLA/boletinlegal/ HTTP/1.1" 200 -
201.245.192.253 - - [06/Oct/2023:05:48:05 -0500] "POST /forms/lservlet;jsessionid=ac16012b30d631b237d665c3491e938ed2fcaf258f77.e3iSbxaKaheRe34Pbx8Nc3aQci1ynknvrkLOlQzNp65In0 HTTP/1.1" 200 2
201.245.192.253 - - [06/Oct/2023:05:48:09 -0500] "POST /forms/lservlet;jsessionid=ac16012b30d6e3ac83cfa34d44e69cdfe83dd14ea1cd.e3iSbxaKaheRe34Pbx8Nc3aQci1ynknvrkLOlQzNp65In0 HTTP/1.1" 200 2
172.22.2.4 - - [06/Oct/2023:05:46:36 -0500] "GET /BLA/boletinlegal/ HTTP/1.1" 200 60342
152.203.190.13 - - [06/Oct/2023:05:49:05 -0500] "GET /sipse/faces/javax.faces.resource/layout/layout.css?ln=primefaces&v=4.0 HTTP/1.1" 304 -
152.203.190.13 - - [06/Oct/2023:05:49:05 -0500] "GET /sipse/faces/javax.faces.resource/primefaces.css?ln=primefaces&v=4.0 HTTP/1.1" 304 -
152.203.190.13 - - [06/Oct/2023:05:49:05 -0500] "GET /sipse/faces/javax.faces.resource/theme.css?ln=primefaces-sipse HTTP/1.1" 304 -
152.203.190.13 - - [06/Oct/2023:05:49:05 -0500] "GET /sipse/faces/javax.faces.resource/jquery/jquery.js?ln=primefaces&v=4.0 HTTP/1.1" 304 -
152.203.190.13 - - [06/Oct/2023:05:49:05 -0500] "GET /sipse/faces/javax.faces.resource/jquery/jquery-plugins.js?ln=primefaces&v=4.0 HTTP/1.1" 304 -
152.203.190.13 - - [06/Oct/2023:05:49:05 -0500] "GET /sipse/faces/javax.faces.resource/primefaces.js?ln=primefaces&v=4.0 HTTP/1.1" 304 -
152.203.190.13 - - [06/Oct/2023:05:49:05 -0500] "GET /sipse/faces/javax.faces.resource/layout/layout.js?ln=primefaces&v=4.0 HTTP/1.1" 304 -
152.203.190.13 - - [06/Oct/2023:05:49:05 -0500] "GET /sipse/faces/javax.faces.resource/images/ui-icons_898989_256x240.png?ln=primefaces-aristo HTTP/1.1" 304 -
152.203.190.13 - - [06/Oct/2023:05:49:05 -0500] "GET /sipse/faces/faces/faces/faces/index.xhtml HTTP/1.1" 200 677
152.203.190.13 - - [06/Oct/2023:05:49:05 -0500] "GET /sipse/faces/javax.faces.resource/theme.css?ln=primefaces-sipse HTTP/1.1" 304 -
152.203.190.13 - - [06/Oct/2023:05:49:05 -0500] "GET /sipse/faces/faces/faces/faces/faces/autenticacion.xhtml HTTP/1.1" 200 12412
152.203.190.13 - - [06/Oct/2023:05:49:06 -0500] "GET /sipse/faces/javax.faces.resource/theme.css?ln=primefaces-sipse HTTP/1.1" 304 -
152.203.190.13 - - [06/Oct/2023:05:49:06 -0500] "GET /sipse/faces/javax.faces.resource/primefaces.css?ln=primefaces&v=4.0 HTTP/1.1" 304 -
152.203.190.13 - - [06/Oct/2023:05:49:06 -0500] "GET /sipse/faces/javax.faces.resource/layout/layout.css?ln=primefaces&v=4.0 HTTP/1.1" 304 -
152.203.190.13 - - [06/Oct/2023:05:49:06 -0500] "GET /sipse/faces/javax.faces.resource/jquery/jquery.js?ln=primefaces&v=4.0 HTTP/1.1" 304 -
152.203.190.13 - - [06/Oct/2023:05:49:06 -0500] "GET /sipse/faces/javax.faces.resource/jquery/jquery-plugins.js?ln=primefaces&v=4.0 HTTP/1.1" 304 -
152.203.190.13 - - [06/Oct/2023:05:49:06 -0500] "GET /sipse/faces/javax.faces.resource/primefaces.js?ln=primefaces&v=4.0 HTTP/1.1" 304 -
152.203.190.13 - - [06/Oct/2023:05:49:06 -0500] "GET /sipse/faces/javax.faces.resource/layout/layout.js?ln=primefaces&v=4.0 HTTP/1.1" 304 -
66.249.66.21 - - [06/Oct/2023:05:49:25 -0500] "GET /Publicaciones/2023EE06124.pdf HTTP/1.1" 404 227
66.249.66.19 - - [06/Oct/2023:05:49:26 -0500] "GET /Publicaciones/2023EE06103.pdf HTTP/1.1" 404 227
66.249.66.21 - - [06/Oct/2023:05:49:26 -0500] "GET /Publicaciones/2023EE05720.pdf HTTP/1.1" 404 227
66.249.66.20 - - [06/Oct/2023:05:49:27 -0500] "GET /Publicaciones/2023EE05774.pdf HTTP/1.1" 404 227
66.249.66.21 - - [06/Oct/2023:05:49:27 -0500] "GET /Publicaciones/2023EE05757.pdf HTTP/1.1" 404 227
66.249.66.19 - - [06/Oct/2023:05:49:28 -0500] "GET /Publicaciones/2023EE05960.pdf HTTP/1.1" 404 227
66.249.66.20 - - [06/Oct/2023:05:49:28 -0500] "GET /Publicaciones/2023EE05902.pdf HTTP/1.1" 404 227
201.245.192.253 - - [06/Oct/2023:05:50:05 -0500] "POST /forms/lservlet;jsessionid=ac16012b30d631b237d665c3491e938ed2fcaf258f77.e3iSbxaKaheRe34Pbx8Nc3aQci1ynknvrkLOlQzNp65In0 HTTP/1.1" 200 2
201.245.192.253 - - [06/Oct/2023:05:50:09 -0500] "POST /forms/lservlet;jsessionid=ac16012b30d6e3ac83cfa34d44e69cdfe83dd14ea1cd.e3iSbxaKaheRe34Pbx8Nc3aQci1ynknvrkLOlQzNp65In0 HTTP/1.1" 200 2
201.245.192.253 - - [06/Oct/2023:05:51:27 -0500] "POST /kwsrmcab/Wsrmcab  HTTP/1.1" 200 42851
201.245.192.253 - - [06/Oct/2023:05:52:05 -0500] "POST /forms/lservlet;jsessionid=ac16012b30d631b237d665c3491e938ed2fcaf258f77.e3iSbxaKaheRe34Pbx8Nc3aQci1ynknvrkLOlQzNp65In0 HTTP/1.1" 200 2
201.245.192.253 - - [06/Oct/2023:05:52:09 -0500] "POST /forms/lservlet;jsessionid=ac16012b30d6e3ac83cfa34d44e69cdfe83dd14ea1cd.e3iSbxaKaheRe34Pbx8Nc3aQci1ynknvrkLOlQzNp65In0 HTTP/1.1" 200 2
216.245.221.92 - - [06/Oct/2023:05:52:10 -0500] "HEAD / HTTP/1.1" 200 -
66.249.66.21 - - [06/Oct/2023:05:52:29 -0500] "GET /BLA/resoluciones/RESOLUCIONES%202010/0518.pdf HTTP/1.1" 200 687426
172.22.2.4 - - [06/Oct/2023:05:51:35 -0500] "HEAD /BLA/boletinlegal/ HTTP/1.1" 200 -
216.244.66.195 - - [06/Oct/2023:05:53:17 -0500] "GET /BLA/resoluciones/AUTOS%202012/2130.pdf HTTP/1.1" 200 537261
216.244.66.195 - - [06/Oct/2023:05:53:23 -0500] "GET /BLA/resoluciones/AUTOS%202012/2309.pdf HTTP/1.1" 200 342960
216.244.66.195 - - [06/Oct/2023:05:53:28 -0500] "GET /BLA/resoluciones/AUTOS%202012/2963.pdf HTTP/1.1" 200 282251
216.244.66.195 - - [06/Oct/2023:05:53:48 -0500] "GET /BLA/resoluciones/AUTOS%202012/2980.pdf HTTP/1.1" 200 1185834
216.244.66.195 - - [06/Oct/2023:05:54:05 -0500] "GET /BLA/resoluciones/AUTOS%202013/0173.pdf HTTP/1.1" 200 441318
201.245.192.253 - - [06/Oct/2023:05:54:05 -0500] "POST /forms/lservlet;jsessionid=ac16012b30d631b237d665c3491e938ed2fcaf258f77.e3iSbxaKaheRe34Pbx8Nc3aQci1ynknvrkLOlQzNp65In0 HTTP/1.1" 200 2
172.22.2.4 - - [06/Oct/2023:05:52:26 -0500] "GET /BLA/boletinlegal/ HTTP/1.1" 200 60692
69.63.189.118 - - [06/Oct/2023:05:54:06 -0500] "GET /images/plantacion-humedal-la-conejera.jpg HTTP/1.1" 200 92644
201.245.192.253 - - [06/Oct/2023:05:54:09 -0500] "POST /forms/lservlet;jsessionid=ac16012b30d6e3ac83cfa34d44e69cdfe83dd14ea1cd.e3iSbxaKaheRe34Pbx8Nc3aQci1ynknvrkLOlQzNp65In0 HTTP/1.1" 200 2
69.63.189.118 - - [06/Oct/2023:05:54:15 -0500] "GET /images/pieza-voluntariado-ambiental.jpeg HTTP/1.1" 200 51125
216.244.66.195 - - [06/Oct/2023:05:54:20 -0500] "GET /BLA/resoluciones/AUTOS%202013/0364.pdf HTTP/1.1" 200 271478
216.244.66.195 - - [06/Oct/2023:05:54:33 -0500] "GET /BLA/resoluciones/AUTOS%202013/0378.pdf HTTP/1.1" 200 137206
66.249.66.21 - - [06/Oct/2023:05:54:34 -0500] "GET /BLA/resoluciones/RESOLUCIONES%202010/6908.pdf HTTP/1.1" 200 248065
216.244.66.195 - - [06/Oct/2023:05:54:45 -0500] "GET /BLA/resoluciones/AUTOS%202013/0388.pdf HTTP/1.1" 200 173601
216.244.66.195 - - [06/Oct/2023:05:54:56 -0500] "GET /BLA/resoluciones/AUTOS%202013/0479.pdf HTTP/1.1" 200 1591824
216.244.66.195 - - [06/Oct/2023:05:55:08 -0500] "GET /BLA/resoluciones/AUTOS%202013/0843.pdf HTTP/1.1" 200 228738
216.244.66.195 - - [06/Oct/2023:05:55:17 -0500] "GET /BLA/resoluciones/AUTOS%202013/1033.pdf HTTP/1.1" 200 818340
216.244.66.195 - - [06/Oct/2023:05:55:30 -0500] "GET /BLA/resoluciones/AUTOS%202013/1232.pdf HTTP/1.1" 200 582022
216.244.66.195 - - [06/Oct/2023:05:55:40 -0500] "GET /BLA/resoluciones/AUTOS%202013/1469.pdf HTTP/1.1" 200 449436
216.244.66.195 - - [06/Oct/2023:05:55:49 -0500] "GET /BLA/resoluciones/AUTOS%202013/1627.pdf HTTP/1.1" 200 440671
216.244.66.195 - - [06/Oct/2023:05:55:57 -0500] "GET /BLA/resoluciones/AUTOS%202013/1644.pdf HTTP/1.1" 200 661199
216.244.66.195 - - [06/Oct/2023:05:56:04 -0500] "GET /BLA/resoluciones/AUTOS%202013/1915.pdf HTTP/1.1" 200 467269
201.245.192.253 - - [06/Oct/2023:05:56:05 -0500] "POST /forms/lservlet;jsessionid=ac16012b30d631b237d665c3491e938ed2fcaf258f77.e3iSbxaKaheRe34Pbx8Nc3aQci1ynknvrkLOlQzNp65In0 HTTP/1.1" 200 2
201.245.192.253 - - [06/Oct/2023:05:56:09 -0500] "POST /forms/lservlet;jsessionid=ac16012b30d6e3ac83cfa34d44e69cdfe83dd14ea1cd.e3iSbxaKaheRe34Pbx8Nc3aQci1ynknvrkLOlQzNp65In0 HTTP/1.1" 200 2
216.244.66.195 - - [06/Oct/2023:05:56:10 -0500] "GET /BLA/resoluciones/AUTOS%202013/2168.pdf HTTP/1.1" 200 671416
216.244.66.195 - - [06/Oct/2023:05:56:17 -0500] "GET /BLA/resoluciones/AUTOS%202013/2324.pdf HTTP/1.1" 200 631587
216.244.66.195 - - [06/Oct/2023:05:56:27 -0500] "GET /BLA/resoluciones/AUTOS%202013/2329.pdf HTTP/1.1" 200 662821
201.245.192.253 - - [06/Oct/2023:05:56:25 -0500] "POST /kwsrmcab/Wsrmcab  HTTP/1.1" 200 42851
216.244.66.195 - - [06/Oct/2023:05:56:34 -0500] "GET /BLA/resoluciones/AUTOS%202013/2564.pdf HTTP/1.1" 200 656668
216.244.66.195 - - [06/Oct/2023:05:56:40 -0500] "GET /BLA/resoluciones/AUTOS%202014/0028.pdf HTTP/1.1" 200 499116
216.244.66.195 - - [06/Oct/2023:05:56:45 -0500] "GET /BLA/resoluciones/AUTOS%202014/0569.pdf HTTP/1.1" 200 372706
216.244.66.195 - - [06/Oct/2023:05:56:50 -0500] "GET /BLA/resoluciones/AUTOS%202014/0611.pdf HTTP/1.1" 200 440338
216.244.66.195 - - [06/Oct/2023:05:56:54 -0500] "GET /BLA/resoluciones/AUTOS%202014/0694.pdf HTTP/1.1" 200 380622
216.244.66.195 - - [06/Oct/2023:05:56:57 -0500] "GET /BLA/resoluciones/AUTOS%202014/0772.pdf HTTP/1.1" 200 431400
216.244.66.195 - - [06/Oct/2023:05:57:01 -0500] "GET /BLA/resoluciones/AUTOS%202014/1616.pdf HTTP/1.1" 200 297893
216.245.221.92 - - [06/Oct/2023:05:57:10 -0500] "HEAD / HTTP/1.1" 200 -
216.244.66.195 - - [06/Oct/2023:05:57:16 -0500] "GET /BLA/resoluciones/AUTOS%202014/2033.pdf HTTP/1.1" 200 292274
216.244.66.195 - - [06/Oct/2023:05:57:28 -0500] "GET /BLA/resoluciones/AUTOS%202015/4013.pdf HTTP/1.1" 200 597722
216.244.66.195 - - [06/Oct/2023:05:57:39 -0500] "GET /BLA/resoluciones/AUTOS%202017/4723.pdf HTTP/1.1" 200 335312
216.244.66.195 - - [06/Oct/2023:05:57:49 -0500] "GET /BLA/resoluciones/RESOLUCIONES%202011/0194.pdf HTTP/1.1" 200 84111
216.244.66.195 - - [06/Oct/2023:05:57:58 -0500] "GET /BLA/resoluciones/RESOLUCIONES%202011/0485.pdf HTTP/1.1" 200 59661
216.244.66.195 - - [06/Oct/2023:05:58:05 -0500] "GET /BLA/resoluciones/RESOLUCIONES%202011/0565.pdf HTTP/1.1" 200 68209
201.245.192.253 - - [06/Oct/2023:05:58:05 -0500] "POST /forms/lservlet;jsessionid=ac16012b30d631b237d665c3491e938ed2fcaf258f77.e3iSbxaKaheRe34Pbx8Nc3aQci1ynknvrkLOlQzNp65In0 HTTP/1.1" 200 2
201.245.192.253 - - [06/Oct/2023:05:58:09 -0500] "POST /forms/lservlet;jsessionid=ac16012b30d6e3ac83cfa34d44e69cdfe83dd14ea1cd.e3iSbxaKaheRe34Pbx8Nc3aQci1ynknvrkLOlQzNp65In0 HTTP/1.1" 200 2
216.244.66.195 - - [06/Oct/2023:05:58:12 -0500] "GET /BLA/resoluciones/RESOLUCIONES%202011/0578.pdf HTTP/1.1" 200 76937
216.244.66.195 - - [06/Oct/2023:05:58:17 -0500] "GET /BLA/resoluciones/RESOLUCIONES%202011/0584.pdf HTTP/1.1" 200 75065
216.244.66.195 - - [06/Oct/2023:05:58:22 -0500] "GET /BLA/resoluciones/RESOLUCIONES%202011/0621.pdf HTTP/1.1" 200 74979
216.244.66.195 - - [06/Oct/2023:05:58:26 -0500] "GET /BLA/resoluciones/RESOLUCIONES%202011/0660.pdf HTTP/1.1" 200 399716
216.244.66.195 - - [06/Oct/2023:05:58:31 -0500] "GET /BLA/resoluciones/RESOLUCIONES%202011/0959.pdf HTTP/1.1" 200 66335
216.244.66.195 - - [06/Oct/2023:05:58:34 -0500] "GET /BLA/resoluciones/RESOLUCIONES%202011/0970.pdf HTTP/1.1" 200 69877
216.244.66.195 - - [06/Oct/2023:05:58:37 -0500] "GET /BLA/resoluciones/RESOLUCIONES%202011/1085.pdf HTTP/1.1" 200 368079
216.244.66.195 - - [06/Oct/2023:05:58:40 -0500] "GET /BLA/resoluciones/RESOLUCIONES%202011/1301.pdf HTTP/1.1" 200 69707
216.244.66.195 - - [06/Oct/2023:05:58:42 -0500] "GET /BLA/resoluciones/RESOLUCIONES%202011/1316.pdf HTTP/1.1" 200 75341
216.244.66.195 - - [06/Oct/2023:05:58:44 -0500] "GET /BLA/resoluciones/RESOLUCIONES%202011/1333.pdf HTTP/1.1" 200 66903
216.244.66.195 - - [06/Oct/2023:05:58:46 -0500] "GET /BLA/resoluciones/RESOLUCIONES%202011/1439.pdf HTTP/1.1" 200 65901
216.244.66.195 - - [06/Oct/2023:05:58:48 -0500] "GET /galeria/galeria/fotos/1CaminataG3.jpg HTTP/1.1" 200 141710
216.244.66.195 - - [06/Oct/2023:05:58:50 -0500] "GET /BLA/resoluciones/AUTOS%202014/3854.pdf HTTP/1.1" 200 491416
216.244.66.195 - - [06/Oct/2023:05:58:53 -0500] "GET /BLA/resoluciones/RESOLUCIONES%202015/1495.pdf HTTP/1.1" 200 758588
172.22.2.4 - - [06/Oct/2023:05:57:25 -0500] "HEAD /BLA/boletinlegal/ HTTP/1.1" 200 -
66.249.66.19 - - [06/Oct/2023:05:59:11 -0500] "GET /resoluciones/RESOLUCIONES%202008/1042.pdf HTTP/1.1" 404 1018
172.22.2.4 - - [06/Oct/2023:05:58:16 -0500] "GET /BLA/boletinlegal/ HTTP/1.1" 200 60342
201.245.192.253 - - [06/Oct/2023:06:00:05 -0500] "POST /forms/lservlet;jsessionid=ac16012b30d631b237d665c3491e938ed2fcaf258f77.e3iSbxaKaheRe34Pbx8Nc3aQci1ynknvrkLOlQzNp65In0 HTTP/1.1" 200 2
201.245.192.253 - - [06/Oct/2023:06:00:09 -0500] "POST /forms/lservlet;jsessionid=ac16012b30d6e3ac83cfa34d44e69cdfe83dd14ea1cd.e3iSbxaKaheRe34Pbx8Nc3aQci1ynknvrkLOlQzNp65In0 HTTP/1.1" 200 2
201.245.192.253 - - [06/Oct/2023:06:01:24 -0500] "POST /kwsrmcab/Wsrmcab  HTTP/1.1" 200 42851
201.245.192.253 - - [06/Oct/2023:06:02:05 -0500] "POST /forms/lservlet;jsessionid=ac16012b30d631b237d665c3491e938ed2fcaf258f77.e3iSbxaKaheRe34Pbx8Nc3aQci1ynknvrkLOlQzNp65In0 HTTP/1.1" 200 2
201.245.192.253 - - [06/Oct/2023:06:02:09 -0500] "POST /forms/lservlet;jsessionid=ac16012b30d6e3ac83cfa34d44e69cdfe83dd14ea1cd.e3iSbxaKaheRe34Pbx8Nc3aQci1ynknvrkLOlQzNp65In0 HTTP/1.1" 200 2
216.245.221.92 - - [06/Oct/2023:06:02:10 -0500] "HEAD / HTTP/1.1" 200 -
52.167.144.192 - - [06/Oct/2023:06:03:41 -0500] "GET /BLA/boletinlegal/images/arr_l.jpg HTTP/1.1" 200 1979
201.245.192.253 - - [06/Oct/2023:06:04:05 -0500] "POST /forms/lservlet;jsessionid=ac16012b30d631b237d665c3491e938ed2fcaf258f77.e3iSbxaKaheRe34Pbx8Nc3aQci1ynknvrkLOlQzNp65In0 HTTP/1.1" 200 2
201.245.192.253 - - [06/Oct/2023:06:04:09 -0500] "POST /forms/lservlet;jsessionid=ac16012b30d6e3ac83cfa34d44e69cdfe83dd14ea1cd.e3iSbxaKaheRe34Pbx8Nc3aQci1ynknvrkLOlQzNp65In0 HTTP/1.1" 200 2
172.22.2.4 - - [06/Oct/2023:06:03:15 -0500] "HEAD /BLA/boletinlegal/ HTTP/1.1" 200 -
66.249.66.21 - - [06/Oct/2023:06:04:59 -0500] "GET /isolucionsda/FrameSetArticulo.asp?Pagina=/isolucionsda/bancoconocimiento/A/AcuerdoAGN8del18deOctubrede1995/AcuerdoAGN8del18deOctubrede1995.asp?IdArticulo=6091 HTTP/1.1" 200 527
172.22.2.4 - - [06/Oct/2023:06:04:06 -0500] "GET /BLA/boletinlegal/ HTTP/1.1" 200 60342
201.245.192.253 - - [06/Oct/2023:06:06:06 -0500] "POST /forms/lservlet;jsessionid=ac16012b30d631b237d665c3491e938ed2fcaf258f77.e3iSbxaKaheRe34Pbx8Nc3aQci1ynknvrkLOlQzNp65In0 HTTP/1.1" 200 2
201.245.192.253 - - [06/Oct/2023:06:06:09 -0500] "POST /forms/lservlet;jsessionid=ac16012b30d6e3ac83cfa34d44e69cdfe83dd14ea1cd.e3iSbxaKaheRe34Pbx8Nc3aQci1ynknvrkLOlQzNp65In0 HTTP/1.1" 200 2
201.245.192.253 - - [06/Oct/2023:06:06:21 -0500] "POST /kwsrmcab/Wsrmcab  HTTP/1.1" 200 42851
111.202.101.89 - - [06/Oct/2023:06:06:24 -0500] "GET / HTTP/1.1" 200 319
123.183.224.82 - - [06/Oct/2023:06:06:53 -0500] "GET /BLA/boletinlegal/norma_menu.php HTTP/1.1" 200 6328
216.245.221.92 - - [06/Oct/2023:06:07:10 -0500] "HEAD / HTTP/1.1" 200 -
216.244.66.195 - - [06/Oct/2023:06:07:40 -0500] "GET /robots.txt HTTP/1.1" 404 1018
201.245.192.253 - - [06/Oct/2023:06:08:06 -0500] "POST /forms/lservlet;jsessionid=ac16012b30d631b237d665c3491e938ed2fcaf258f77.e3iSbxaKaheRe34Pbx8Nc3aQci1ynknvrkLOlQzNp65In0 HTTP/1.1" 200 2
201.245.192.253 - - [06/Oct/2023:06:08:09 -0500] "POST /forms/lservlet;jsessionid=ac16012b30d6e3ac83cfa34d44e69cdfe83dd14ea1cd.e3iSbxaKaheRe34Pbx8Nc3aQci1ynknvrkLOlQzNp65In0 HTTP/1.1" 200 2
173.252.79.116 - - [06/Oct/2023:06:10:00 -0500] "GET /images/Red%20de%20Monitoreo%20de%20Calidad%20del%20Aire.jpg HTTP/1.1" 200 51986
201.245.192.253 - - [06/Oct/2023:06:10:06 -0500] "POST /forms/lservlet;jsessionid=ac16012b30d631b237d665c3491e938ed2fcaf258f77.e3iSbxaKaheRe34Pbx8Nc3aQci1ynknvrkLOlQzNp65In0 HTTP/1.1" 200 2
201.245.192.253 - - [06/Oct/2023:06:10:09 -0500] "POST /forms/lservlet;jsessionid=ac16012b30d6e3ac83cfa34d44e69cdfe83dd14ea1cd.e3iSbxaKaheRe34Pbx8Nc3aQci1ynknvrkLOlQzNp65In0 HTTP/1.1" 200 2
172.22.2.4 - - [06/Oct/2023:06:09:06 -0500] "HEAD /BLA/boletinlegal/ HTTP/1.1" 200 -
201.245.192.253 - - [06/Oct/2023:06:11:19 -0500] "POST /kwsrmcab/Wsrmcab  HTTP/1.1" 200 42851
66.249.66.21 - - [06/Oct/2023:06:11:24 -0500] "GET /BLA/resoluciones/RESOLUCIONES%202007/RES%202007%20301%20AL%20400/RESOLUCION%200328%20DE%202007.pdf HTTP/1.1" 200 485487
172.22.2.4 - - [06/Oct/2023:06:09:57 -0500] "GET /BLA/boletinlegal/ HTTP/1.1" 200 60342
66.249.66.19 - - [06/Oct/2023:06:11:54 -0500] "GET /BLA/resoluciones/RESOLUCIONES%202009/2931.pdf HTTP/1.1" 200 409091
201.245.192.253 - - [06/Oct/2023:06:12:06 -0500] "POST /forms/lservlet;jsessionid=ac16012b30d631b237d665c3491e938ed2fcaf258f77.e3iSbxaKaheRe34Pbx8Nc3aQci1ynknvrkLOlQzNp65In0 HTTP/1.1" 200 2
201.245.192.253 - - [06/Oct/2023:06:12:09 -0500] "POST /forms/lservlet;jsessionid=ac16012b30d6e3ac83cfa34d44e69cdfe83dd14ea1cd.e3iSbxaKaheRe34Pbx8Nc3aQci1ynknvrkLOlQzNp65In0 HTTP/1.1" 200 2
216.245.221.92 - - [06/Oct/2023:06:12:10 -0500] "HEAD / HTTP/1.1" 200 -
172.22.2.4 - - [06/Oct/2023:06:13:18 -0500] "GET /BLA/boletinlegal/Circulares/2012/Circular%20No.%2011%20del%2027%20de%20Agosto%20de%202012.pdf HTTP/1.1" 304 -
172.22.2.4 - - [06/Oct/2023:06:13:23 -0500] "GET /BLA/boletinlegal/robots.txt HTTP/1.1" 404 1038
172.22.2.4 - - [06/Oct/2023:06:13:24 -0500] "GET /BLA/boletinlegal/Directivas/2022/DIRECTIVA%20No.%2000002%20DEL%2022%20DE%20JUNIO%20DEL%202022.pdf HTTP/1.1" 200 384175
201.245.192.253 - - [06/Oct/2023:06:14:06 -0500] "POST /forms/lservlet;jsessionid=ac16012b30d631b237d665c3491e938ed2fcaf258f77.e3iSbxaKaheRe34Pbx8Nc3aQci1ynknvrkLOlQzNp65In0 HTTP/1.1" 200 2
201.245.192.253 - - [06/Oct/2023:06:14:09 -0500] "POST /forms/lservlet;jsessionid=ac16012b30d6e3ac83cfa34d44e69cdfe83dd14ea1cd.e3iSbxaKaheRe34Pbx8Nc3aQci1ynknvrkLOlQzNp65In0 HTTP/1.1" 200 2
66.249.66.19 - - [06/Oct/2023:06:14:55 -0500] "GET /BLA/resoluciones/RESOLUCIONES%202010/7243.pdf HTTP/1.1" 200 393450
201.245.192.253 - - [06/Oct/2023:06:16:06 -0500] "POST /forms/lservlet;jsessionid=ac16012b30d631b237d665c3491e938ed2fcaf258f77.e3iSbxaKaheRe34Pbx8Nc3aQci1ynknvrkLOlQzNp65In0 HTTP/1.1" 200 2
201.245.192.253 - - [06/Oct/2023:06:16:09 -0500] "POST /forms/lservlet;jsessionid=ac16012b30d6e3ac83cfa34d44e69cdfe83dd14ea1cd.e3iSbxaKaheRe34Pbx8Nc3aQci1ynknvrkLOlQzNp65In0 HTTP/1.1" 200 2
201.245.192.253 - - [06/Oct/2023:06:16:17 -0500] "POST /kwsrmcab/Wsrmcab  HTTP/1.1" 200 42851
172.22.2.4 - - [06/Oct/2023:06:14:56 -0500] "HEAD /BLA/boletinlegal/ HTTP/1.1" 200 -
216.245.221.92 - - [06/Oct/2023:06:17:10 -0500] "HEAD / HTTP/1.1" 200 -
172.22.2.4 - - [06/Oct/2023:06:15:47 -0500] "GET /BLA/boletinlegal/ HTTP/1.1" 200 58187
201.245.192.253 - - [06/Oct/2023:06:17:36 -0500] "POST /kwsrmcab/Wsrmcab HTTP/1.1" 200 42562
201.245.192.253 - - [06/Oct/2023:06:17:39 -0500] "POST /kwsrmcab/Wsrmcab HTTP/1.1" 200 43205
201.245.192.253 - - [06/Oct/2023:06:18:06 -0500] "POST /forms/lservlet;jsessionid=ac16012b30d631b237d665c3491e938ed2fcaf258f77.e3iSbxaKaheRe34Pbx8Nc3aQci1ynknvrkLOlQzNp65In0 HTTP/1.1" 200 2
66.249.66.20 - - [06/Oct/2023:06:18:07 -0500] "GET /BLA/resoluciones/Autos%202008/2153.pdf HTTP/1.1" 200 299198
201.245.192.253 - - [06/Oct/2023:06:18:09 -0500] "POST /forms/lservlet;jsessionid=ac16012b30d6e3ac83cfa34d44e69cdfe83dd14ea1cd.e3iSbxaKaheRe34Pbx8Nc3aQci1ynknvrkLOlQzNp65In0 HTTP/1.1" 200 2
66.249.66.192 - - [06/Oct/2023:06:18:48 -0500] "GET /mas-de-28-toneladas-de-residuos-se-recolectaron-en-la-primera-reciclaton-2023.html HTTP/1.1" 304 -
66.249.66.194 - - [06/Oct/2023:06:18:49 -0500] "GET /distrito-lanza-la-patrulla-cazachimeneas-un-vehiculo-que-hara-seguimiento-a-fuentes-moviles-contaminantes.html HTTP/1.1" 304 -
66.249.66.19 - - [06/Oct/2023:06:19:00 -0500] "GET /BLA/resoluciones/Autos%202008/0941.pdf HTTP/1.1" 200 110340
66.249.66.19 - - [06/Oct/2023:06:19:35 -0500] "GET /BLA/resoluciones/RESOLUCIONES%202011/2003.pdf HTTP/1.1" 200 442985
201.245.192.253 - - [06/Oct/2023:06:20:06 -0500] "POST /forms/lservlet;jsessionid=ac16012b30d631b237d665c3491e938ed2fcaf258f77.e3iSbxaKaheRe34Pbx8Nc3aQci1ynknvrkLOlQzNp65In0 HTTP/1.1" 200 2
201.245.192.253 - - [06/Oct/2023:06:20:09 -0500] "POST /forms/lservlet;jsessionid=ac16012b30d6e3ac83cfa34d44e69cdfe83dd14ea1cd.e3iSbxaKaheRe34Pbx8Nc3aQci1ynknvrkLOlQzNp65In0 HTTP/1.1" 200 2
201.245.192.253 - - [06/Oct/2023:06:21:16 -0500] "POST /kwsrmcab/Wsrmcab  HTTP/1.1" 200 42851
66.249.66.20 - - [06/Oct/2023:06:21:39 -0500] "GET /BLA/resoluciones/AUTOS%202007/3358.pdf HTTP/1.1" 200 116981
66.249.66.20 - - [06/Oct/2023:06:21:40 -0500] "GET /resoluciones/RESOLUCIONES%202008/0476.pdf HTTP/1.1" 404 1018
157.55.39.54 - - [06/Oct/2023:06:21:53 -0500] "GET /BLA/resoluciones/RESOLUCIONES%202005/00001062.tif HTTP/1.1" 200 797054
157.55.39.54 - - [06/Oct/2023:06:21:55 -0500] "GET /BLA/resoluciones/RESOLUCIONES%202021/0004.pdf HTTP/1.1" 200 363666
157.55.39.54 - - [06/Oct/2023:06:21:55 -0500] "GET /BLA/resoluciones/AUTOS%202021/1759.pdf HTTP/1.1" 304 -
157.55.39.54 - - [06/Oct/2023:06:21:56 -0500] "GET /BLA/resoluciones/AUTOS%202021/3618.pdf HTTP/1.1" 304 -
201.245.192.253 - - [06/Oct/2023:06:22:06 -0500] "POST /forms/lservlet;jsessionid=ac16012b30d631b237d665c3491e938ed2fcaf258f77.e3iSbxaKaheRe34Pbx8Nc3aQci1ynknvrkLOlQzNp65In0 HTTP/1.1" 200 2
201.245.192.253 - - [06/Oct/2023:06:22:09 -0500] "POST /forms/lservlet;jsessionid=ac16012b30d6e3ac83cfa34d44e69cdfe83dd14ea1cd.e3iSbxaKaheRe34Pbx8Nc3aQci1ynknvrkLOlQzNp65In0 HTTP/1.1" 200 2
216.245.221.92 - - [06/Oct/2023:06:22:10 -0500] "HEAD / HTTP/1.1" 200 -
172.22.2.4 - - [06/Oct/2023:06:20:46 -0500] "HEAD /BLA/boletinlegal/ HTTP/1.1" 200 -
172.22.2.4 - - [06/Oct/2023:06:21:37 -0500] "GET /BLA/boletinlegal/ HTTP/1.1" 200 52656
51.222.253.17 - - [06/Oct/2023:06:23:54 -0500] "GET /galeria/galeria/jquery.fancybox.css?v=2.1.5 HTTP/1.1" 200 4895
201.245.192.253 - - [06/Oct/2023:06:24:06 -0500] "POST /forms/lservlet;jsessionid=ac16012b30d631b237d665c3491e938ed2fcaf258f77.e3iSbxaKaheRe34Pbx8Nc3aQci1ynknvrkLOlQzNp65In0 HTTP/1.1" 200 2
201.245.192.253 - - [06/Oct/2023:06:24:09 -0500] "POST /forms/lservlet;jsessionid=ac16012b30d6e3ac83cfa34d44e69cdfe83dd14ea1cd.e3iSbxaKaheRe34Pbx8Nc3aQci1ynknvrkLOlQzNp65In0 HTTP/1.1" 200 2
66.249.66.19 - - [06/Oct/2023:06:24:26 -0500] "GET /BLA/resoluciones/RESOLUCIONES%202010/5867.pdf HTTP/1.1" 200 136492
201.245.192.253 - - [06/Oct/2023:06:26:06 -0500] "POST /forms/lservlet;jsessionid=ac16012b30d631b237d665c3491e938ed2fcaf258f77.e3iSbxaKaheRe34Pbx8Nc3aQci1ynknvrkLOlQzNp65In0 HTTP/1.1" 200 2
201.245.192.253 - - [06/Oct/2023:06:26:09 -0500] "POST /forms/lservlet;jsessionid=ac16012b30d6e3ac83cfa34d44e69cdfe83dd14ea1cd.e3iSbxaKaheRe34Pbx8Nc3aQci1ynknvrkLOlQzNp65In0 HTTP/1.1" 200 2
66.249.66.19 - - [06/Oct/2023:06:26:12 -0500] "GET /BLA/resoluciones/AUTOS%202014/0984.pdf HTTP/1.1" 200 286283
201.245.192.253 - - [06/Oct/2023:06:26:14 -0500] "POST /kwsrmcab/Wsrmcab  HTTP/1.1" 200 42851
51.222.253.12 - - [06/Oct/2023:06:26:23 -0500] "GET /galeria/nivo-slider/demo/images/Rendicion.png HTTP/1.1" 200 262274
172.22.2.4 - - [06/Oct/2023:06:26:47 -0500] "GET /BLA/boletinlegal/Directivas/2013/Directiva%20No.%201%20del%2004%20de%20Abril%20de%202013.pdf HTTP/1.1" 200 472003
216.245.221.92 - - [06/Oct/2023:06:27:10 -0500] "HEAD / HTTP/1.1" 200 -
172.22.2.4 - - [06/Oct/2023:06:27:25 -0500] "GET /BLA/boletinlegal/jurisprudencia/analisis/AnalisisT-693-12.docx HTTP/1.1" 304 -
201.245.192.253 - - [06/Oct/2023:06:27:36 -0500] "POST /kwsrmcab/Wsrmcab HTTP/1.1" 200 42562
201.245.192.253 - - [06/Oct/2023:06:27:39 -0500] "POST /kwsrmcab/Wsrmcab HTTP/1.1" 200 43205
201.245.192.253 - - [06/Oct/2023:06:28:06 -0500] "POST /forms/lservlet;jsessionid=ac16012b30d631b237d665c3491e938ed2fcaf258f77.e3iSbxaKaheRe34Pbx8Nc3aQci1ynknvrkLOlQzNp65In0 HTTP/1.1" 200 2
201.245.192.253 - - [06/Oct/2023:06:28:09 -0500] "POST /forms/lservlet;jsessionid=ac16012b30d6e3ac83cfa34d44e69cdfe83dd14ea1cd.e3iSbxaKaheRe34Pbx8Nc3aQci1ynknvrkLOlQzNp65In0 HTTP/1.1" 200 2
172.22.2.4 - - [06/Oct/2023:06:26:36 -0500] "HEAD /BLA/boletinlegal/ HTTP/1.1" 200 -
172.22.2.4 - - [06/Oct/2023:06:28:27 -0500] "GET /BLA/boletinlegal/Circulares/2020/CIRCULAR%20No.%2000014%20del%2001%20de%20septiembre%20del%202020.pdf HTTP/1.1" 200 320826
66.249.66.19 - - [06/Oct/2023:06:28:28 -0500] "GET /portel_dama/libreria/php/2006/ECOSISTEMAS%20FINAL%20web_mz27/restauracion/sitio/22_proye/xtras_in/cni_3.pdf HTTP/1.1" 404 1018
172.22.2.4 - - [06/Oct/2023:06:27:27 -0500] "GET /BLA/boletinlegal/ HTTP/1.1" 200 58187
66.249.66.21 - - [06/Oct/2023:06:29:26 -0500] "GET /BLA/resoluciones/RESOLUCIONES%202007/RES%202007%20301%20AL%20400/RESOLUCION%200328%20DE%202007.pdf HTTP/1.1" 200 485487
123.183.224.82 - - [06/Oct/2023:06:29:45 -0500] "GET /BLA/boletinlegal/norma_menu.php HTTP/1.1" 200 6328
201.245.192.253 - - [06/Oct/2023:06:30:06 -0500] "POST /forms/lservlet;jsessionid=ac16012b30d631b237d665c3491e938ed2fcaf258f77.e3iSbxaKaheRe34Pbx8Nc3aQci1ynknvrkLOlQzNp65In0 HTTP/1.1" 200 2
201.245.192.253 - - [06/Oct/2023:06:30:09 -0500] "POST /forms/lservlet;jsessionid=ac16012b30d6e3ac83cfa34d44e69cdfe83dd14ea1cd.e3iSbxaKaheRe34Pbx8Nc3aQci1ynknvrkLOlQzNp65In0 HTTP/1.1" 200 2
201.245.192.253 - - [06/Oct/2023:06:31:13 -0500] "POST /kwsrmcab/Wsrmcab  HTTP/1.1" 200 42851
201.245.192.253 - - [06/Oct/2023:06:32:06 -0500] "POST /forms/lservlet;jsessionid=ac16012b30d631b237d665c3491e938ed2fcaf258f77.e3iSbxaKaheRe34Pbx8Nc3aQci1ynknvrkLOlQzNp65In0 HTTP/1.1" 200 2
201.245.192.253 - - [06/Oct/2023:06:32:09 -0500] "POST /forms/lservlet;jsessionid=ac16012b30d6e3ac83cfa34d44e69cdfe83dd14ea1cd.e3iSbxaKaheRe34Pbx8Nc3aQci1ynknvrkLOlQzNp65In0 HTTP/1.1" 200 2
216.245.221.92 - - [06/Oct/2023:06:32:10 -0500] "HEAD / HTTP/1.1" 200 -
173.252.107.1 - - [06/Oct/2023:06:33:26 -0500] "GET /images/calidaddeaire1.png HTTP/1.1" 200 158614
66.220.149.7 - - [06/Oct/2023:06:33:26 -0500] "GET /images/Acuerdos%2001%20(1)%20(1).jpeg HTTP/1.1" 200 32884
173.252.111.116 - - [06/Oct/2023:06:33:27 -0500] "GET /images/calidaddeaire1.png HTTP/1.1" 200 158614
201.245.192.253 - - [06/Oct/2023:06:34:06 -0500] "POST /forms/lservlet;jsessionid=ac16012b30d631b237d665c3491e938ed2fcaf258f77.e3iSbxaKaheRe34Pbx8Nc3aQci1ynknvrkLOlQzNp65In0 HTTP/1.1" 200 2
172.22.2.4 - - [06/Oct/2023:06:32:26 -0500] "HEAD /BLA/boletinlegal/ HTTP/1.1" 200 -
201.245.192.253 - - [06/Oct/2023:06:34:09 -0500] "POST /forms/lservlet;jsessionid=ac16012b30d6e3ac83cfa34d44e69cdfe83dd14ea1cd.e3iSbxaKaheRe34Pbx8Nc3aQci1ynknvrkLOlQzNp65In0 HTTP/1.1" 200 2
172.22.2.4 - - [06/Oct/2023:06:33:17 -0500] "GET /BLA/boletinlegal/ HTTP/1.1" 200 58187
17.241.227.155 - - [06/Oct/2023:06:35:45 -0500] "GET /secretaria-de-ambiente-presenta-cartilla-con-el-protocolo-para-el-manejo-y-control-de-la-langostilla-de-rio.html HTTP/1.1" 200 857
201.245.192.253 - - [06/Oct/2023:06:36:06 -0500] "POST /forms/lservlet;jsessionid=ac16012b30d631b237d665c3491e938ed2fcaf258f77.e3iSbxaKaheRe34Pbx8Nc3aQci1ynknvrkLOlQzNp65In0 HTTP/1.1" 200 2
201.245.192.253 - - [06/Oct/2023:06:36:09 -0500] "POST /forms/lservlet;jsessionid=ac16012b30d6e3ac83cfa34d44e69cdfe83dd14ea1cd.e3iSbxaKaheRe34Pbx8Nc3aQci1ynknvrkLOlQzNp65In0 HTTP/1.1" 200 2
201.245.192.253 - - [06/Oct/2023:06:36:11 -0500] "POST /kwsrmcab/Wsrmcab  HTTP/1.1" 200 42851
66.249.66.19 - - [06/Oct/2023:06:36:21 -0500] "GET /portel_dama/libreria/php/2006/ECOSISTEMAS%20FINAL%20web_mz27/x%20restauracion/sitio/22_proye/xtras_in/4.pdf HTTP/1.1" 404 1018
216.245.221.92 - - [06/Oct/2023:06:37:10 -0500] "HEAD / HTTP/1.1" 200 -
66.249.66.19 - - [06/Oct/2023:06:37:20 -0500] "GET /BLA/resoluciones/RESOLUCIONES%202010/7788.pdf HTTP/1.1" 200 99697
201.245.192.253 - - [06/Oct/2023:06:37:36 -0500] "POST /kwsrmcab/Wsrmcab HTTP/1.1" 200 42562
201.245.192.253 - - [06/Oct/2023:06:37:39 -0500] "POST /kwsrmcab/Wsrmcab HTTP/1.1" 200 43205
201.245.192.253 - - [06/Oct/2023:06:38:06 -0500] "POST /forms/lservlet;jsessionid=ac16012b30d631b237d665c3491e938ed2fcaf258f77.e3iSbxaKaheRe34Pbx8Nc3aQci1ynknvrkLOlQzNp65In0 HTTP/1.1" 200 2
66.249.66.19 - - [06/Oct/2023:06:38:06 -0500] "GET /BLA/resoluciones/Autos%202008/1701.pdf HTTP/1.1" 200 98707
201.245.192.253 - - [06/Oct/2023:06:38:09 -0500] "POST /forms/lservlet;jsessionid=ac16012b30d6e3ac83cfa34d44e69cdfe83dd14ea1cd.e3iSbxaKaheRe34Pbx8Nc3aQci1ynknvrkLOlQzNp65In0 HTTP/1.1" 200 2
181.53.13.125 - - [06/Oct/2023:06:39:34 -0500] "GET /sipse/faces/index.xhtml HTTP/1.1" 200 677
181.53.13.125 - - [06/Oct/2023:06:39:35 -0500] "GET /sipse/faces/javax.faces.resource/theme.css?ln=primefaces-sipse HTTP/1.1" 304 -
181.53.13.125 - - [06/Oct/2023:06:39:35 -0500] "GET /sipse/faces/faces/autenticacion.xhtml HTTP/1.1" 200 12412
181.53.13.125 - - [06/Oct/2023:06:39:35 -0500] "GET /sipse/faces/javax.faces.resource/theme.css?ln=primefaces-sipse HTTP/1.1" 304 -
181.53.13.125 - - [06/Oct/2023:06:39:35 -0500] "GET /sipse/faces/javax.faces.resource/layout/layout.css?ln=primefaces&v=4.0 HTTP/1.1" 304 -
181.53.13.125 - - [06/Oct/2023:06:39:35 -0500] "GET /sipse/faces/javax.faces.resource/primefaces.css?ln=primefaces&v=4.0 HTTP/1.1" 304 -
181.53.13.125 - - [06/Oct/2023:06:39:35 -0500] "GET /sipse/faces/javax.faces.resource/jquery/jquery.js?ln=primefaces&v=4.0 HTTP/1.1" 304 -
181.53.13.125 - - [06/Oct/2023:06:39:35 -0500] "GET /sipse/faces/javax.faces.resource/layout/layout.js?ln=primefaces&v=4.0 HTTP/1.1" 304 -
181.53.13.125 - - [06/Oct/2023:06:39:35 -0500] "GET /sipse/faces/javax.faces.resource/jquery/jquery-plugins.js?ln=primefaces&v=4.0 HTTP/1.1" 304 -
181.53.13.125 - - [06/Oct/2023:06:39:35 -0500] "GET /sipse/faces/javax.faces.resource/primefaces.js?ln=primefaces&v=4.0 HTTP/1.1" 304 -
181.53.13.125 - - [06/Oct/2023:06:39:36 -0500] "GET /sipse/faces/javax.faces.resource/images/ui-icons_898989_256x240.png?ln=primefaces-aristo HTTP/1.1" 304 -
172.22.2.4 - - [06/Oct/2023:06:38:16 -0500] "HEAD /BLA/boletinlegal/ HTTP/1.1" 200 -
181.53.13.125 - - [06/Oct/2023:06:39:59 -0500] "GET /sipse/faces/index.xhtml HTTP/1.1" 200 677
181.53.13.125 - - [06/Oct/2023:06:40:00 -0500] "GET /sipse/faces/javax.faces.resource/theme.css?ln=primefaces-sipse HTTP/1.1" 304 -
181.53.13.125 - - [06/Oct/2023:06:40:00 -0500] "GET /sipse/faces/faces/autenticacion.xhtml HTTP/1.1" 200 12412
181.53.13.125 - - [06/Oct/2023:06:40:00 -0500] "GET /sipse/faces/javax.faces.resource/theme.css?ln=primefaces-sipse HTTP/1.1" 304 -
181.53.13.125 - - [06/Oct/2023:06:40:00 -0500] "GET /sipse/faces/javax.faces.resource/primefaces.css?ln=primefaces&v=4.0 HTTP/1.1" 304 -
181.53.13.125 - - [06/Oct/2023:06:40:00 -0500] "GET /sipse/faces/javax.faces.resource/layout/layout.css?ln=primefaces&v=4.0 HTTP/1.1" 304 -
181.53.13.125 - - [06/Oct/2023:06:40:00 -0500] "GET /sipse/faces/javax.faces.resource/jquery/jquery-plugins.js?ln=primefaces&v=4.0 HTTP/1.1" 304 -
181.53.13.125 - - [06/Oct/2023:06:40:00 -0500] "GET /sipse/faces/javax.faces.resource/primefaces.js?ln=primefaces&v=4.0 HTTP/1.1" 304 -
181.53.13.125 - - [06/Oct/2023:06:40:00 -0500] "GET /sipse/faces/javax.faces.resource/jquery/jquery.js?ln=primefaces&v=4.0 HTTP/1.1" 304 -
181.53.13.125 - - [06/Oct/2023:06:40:00 -0500] "GET /sipse/faces/javax.faces.resource/layout/layout.js?ln=primefaces&v=4.0 HTTP/1.1" 304 -
181.53.13.125 - - [06/Oct/2023:06:40:01 -0500] "GET /sipse/faces/javax.faces.resource/images/ui-icons_898989_256x240.png?ln=primefaces-aristo HTTP/1.1" 304 -
181.53.13.125 - - [06/Oct/2023:06:40:04 -0500] "POST /sipse/faces/autenticacion.xhtml HTTP/1.1" 200 2220
181.53.13.125 - - [06/Oct/2023:06:40:04 -0500] "GET /sipse/faces/javax.faces.resource/messages/messages.png?ln=primefaces&v=4.0 HTTP/1.1" 304 -
181.53.13.125 - - [06/Oct/2023:06:40:06 -0500] "POST /sipse/faces/autenticacion.xhtml HTTP/1.1" 200 16405
201.245.192.253 - - [06/Oct/2023:06:40:06 -0500] "POST /forms/lservlet;jsessionid=ac16012b30d631b237d665c3491e938ed2fcaf258f77.e3iSbxaKaheRe34Pbx8Nc3aQci1ynknvrkLOlQzNp65In0 HTTP/1.1" 200 2
181.53.13.125 - - [06/Oct/2023:06:40:06 -0500] "GET /sipse/faces/javax.faces.resource/primefaces.css?ln=primefaces&v=4.0 HTTP/1.1" 304 -
181.53.13.125 - - [06/Oct/2023:06:40:06 -0500] "GET /sipse/faces/javax.faces.resource/theme.css?ln=primefaces-sipse HTTP/1.1" 304 -
181.53.13.125 - - [06/Oct/2023:06:40:06 -0500] "GET /sipse/faces/javax.faces.resource/layout/layout.css?ln=primefaces&v=4.0 HTTP/1.1" 304 -
181.53.13.125 - - [06/Oct/2023:06:40:06 -0500] "GET /sipse/faces/javax.faces.resource/jquery/jquery.js?ln=primefaces&v=4.0 HTTP/1.1" 304 -
181.53.13.125 - - [06/Oct/2023:06:40:06 -0500] "GET /sipse/faces/javax.faces.resource/jquery/jquery-plugins.js?ln=primefaces&v=4.0 HTTP/1.1" 304 -
181.53.13.125 - - [06/Oct/2023:06:40:06 -0500] "GET /sipse/faces/javax.faces.resource/primefaces.js?ln=primefaces&v=4.0 HTTP/1.1" 304 -
181.53.13.125 - - [06/Oct/2023:06:40:06 -0500] "GET /sipse/faces/javax.faces.resource/layout/layout.js?ln=primefaces&v=4.0 HTTP/1.1" 304 -
181.53.13.125 - - [06/Oct/2023:06:40:06 -0500] "GET /sipse/css/imagen/contrasena.png HTTP/1.1" 404 383
181.53.13.125 - - [06/Oct/2023:06:40:07 -0500] "GET /sipse/faces/javax.faces.resource/images/ui-bg_flat_0_2d5972_40x100.png?ln=primefaces-aristo HTTP/1.1" 304 -
181.53.13.125 - - [06/Oct/2023:06:40:07 -0500] "POST /sipse/faces/bienvenido.xhtml HTTP/1.1" 200 2658
201.245.192.253 - - [06/Oct/2023:06:40:09 -0500] "POST /forms/lservlet;jsessionid=ac16012b30d6e3ac83cfa34d44e69cdfe83dd14ea1cd.e3iSbxaKaheRe34Pbx8Nc3aQci1ynknvrkLOlQzNp65In0 HTTP/1.1" 200 2
181.53.13.125 - - [06/Oct/2023:06:40:09 -0500] "POST /sipse/faces/bienvenido.xhtml HTTP/1.1" 200 65415
181.53.13.125 - - [06/Oct/2023:06:40:11 -0500] "GET /sipse/faces/javax.faces.resource/theme.css?ln=primefaces-sipse HTTP/1.1" 304 -
181.53.13.125 - - [06/Oct/2023:06:40:11 -0500] "GET /sipse/faces/javax.faces.resource/layout/layout.css?ln=primefaces&v=4.0 HTTP/1.1" 304 -
181.53.13.125 - - [06/Oct/2023:06:40:11 -0500] "GET /sipse/faces/javax.faces.resource/primefaces.css?ln=primefaces&v=4.0 HTTP/1.1" 304 -
181.53.13.125 - - [06/Oct/2023:06:40:11 -0500] "GET /sipse/faces/javax.faces.resource/jquery/jquery.js?ln=primefaces&v=4.0 HTTP/1.1" 304 -
181.53.13.125 - - [06/Oct/2023:06:40:11 -0500] "GET /sipse/faces/javax.faces.resource/jquery/jquery-plugins.js?ln=primefaces&v=4.0 HTTP/1.1" 304 -
181.53.13.125 - - [06/Oct/2023:06:40:11 -0500] "GET /sipse/faces/javax.faces.resource/primefaces.js?ln=primefaces&v=4.0 HTTP/1.1" 304 -
181.53.13.125 - - [06/Oct/2023:06:40:12 -0500] "GET /sipse/faces/javax.faces.resource/layout/layout.js?ln=primefaces&v=4.0 HTTP/1.1" 304 -
181.53.13.125 - - [06/Oct/2023:06:40:12 -0500] "POST /sipse/faces/presentacion/financiero/solicitudProceso/listarSolicitudProceso.xhtml HTTP/1.1" 200 1552
201.245.192.253 - - [06/Oct/2023:06:40:19 -0500] "POST /sipse/faces/presentacion/proyectos/proyecto/proyecto.xhtml HTTP/1.1" 302 -
201.245.192.253 - - [06/Oct/2023:06:40:19 -0500] "GET /sipse/faces/autenticacion.xhtml HTTP/1.1" 200 1099
201.245.192.253 - - [06/Oct/2023:06:40:21 -0500] "POST /sipse/faces/presentacion/proyectos/proyecto/proyecto.xhtml HTTP/1.1" 302 -
201.245.192.253 - - [06/Oct/2023:06:40:21 -0500] "GET /sipse/faces/autenticacion.xhtml HTTP/1.1" 200 1099
201.245.192.253 - - [06/Oct/2023:06:40:28 -0500] "GET /sipse/faces/faces/faces/index.xhtml HTTP/1.1" 200 677
201.245.192.253 - - [06/Oct/2023:06:40:28 -0500] "GET /sipse/faces/javax.faces.resource/theme.css?ln=primefaces-sipse HTTP/1.1" 304 -
201.245.192.253 - - [06/Oct/2023:06:40:28 -0500] "GET /sipse/faces/faces/faces/faces/autenticacion.xhtml HTTP/1.1" 200 12412
201.245.192.253 - - [06/Oct/2023:06:40:28 -0500] "GET /sipse/faces/javax.faces.resource/theme.css?ln=primefaces-sipse HTTP/1.1" 304 -
201.245.192.253 - - [06/Oct/2023:06:40:28 -0500] "GET /sipse/css/custom_css_sg.css HTTP/1.1" 200 9694
201.245.192.253 - - [06/Oct/2023:06:40:28 -0500] "GET /sipse/faces/javax.faces.resource/primefaces.css?ln=primefaces&v=4.0 HTTP/1.1" 304 -
201.245.192.253 - - [06/Oct/2023:06:40:28 -0500] "GET /sipse/faces/javax.faces.resource/primefaces.js?ln=primefaces&v=4.0 HTTP/1.1" 304 -
201.245.192.253 - - [06/Oct/2023:06:40:28 -0500] "GET /sipse/faces/javax.faces.resource/jquery/jquery.js?ln=primefaces&v=4.0 HTTP/1.1" 304 -
201.245.192.253 - - [06/Oct/2023:06:40:28 -0500] "GET /sipse/faces/javax.faces.resource/jquery/jquery-plugins.js?ln=primefaces&v=4.0 HTTP/1.1" 304 -
201.245.192.253 - - [06/Oct/2023:06:40:28 -0500] "GET /sipse/faces/javax.faces.resource/layout/layout.css?ln=primefaces&v=4.0 HTTP/1.1" 304 -
201.245.192.253 - - [06/Oct/2023:06:40:28 -0500] "GET /sipse/css/custom_css_sg_prime_login.css HTTP/1.1" 200 443
201.245.192.253 - - [06/Oct/2023:06:40:28 -0500] "GET /sipse/faces/javax.faces.resource/layout/layout.js?ln=primefaces&v=4.0 HTTP/1.1" 304 -
201.245.192.253 - - [06/Oct/2023:06:40:28 -0500] "GET /sipse/css/imagen/logoSDG.png HTTP/1.1" 200 53064
201.245.192.253 - - [06/Oct/2023:06:40:28 -0500] "GET /sipse/faces/javax.faces.resource/images/ui-icons_898989_256x240.png?ln=primefaces-aristo HTTP/1.1" 304 -
201.245.192.253 - - [06/Oct/2023:06:40:28 -0500] "GET /sipse/css/imagen/loginimg.png HTTP/1.1" 200 71635
201.245.192.253 - - [06/Oct/2023:06:40:32 -0500] "POST /sipse/faces/autenticacion.xhtml HTTP/1.1" 200 11166
201.245.192.253 - - [06/Oct/2023:06:40:32 -0500] "GET /sipse/faces/javax.faces.resource/jquery/jquery.js?ln=primefaces&v=4.0 HTTP/1.1" 304 -
201.245.192.253 - - [06/Oct/2023:06:40:32 -0500] "GET /sipse/faces/javax.faces.resource/jquery/jquery-plugins.js?ln=primefaces&v=4.0 HTTP/1.1" 304 -
201.245.192.253 - - [06/Oct/2023:06:40:32 -0500] "GET /sipse/faces/javax.faces.resource/primefaces.js?ln=primefaces&v=4.0 HTTP/1.1" 304 -
201.245.192.253 - - [06/Oct/2023:06:40:32 -0500] "GET /sipse/faces/javax.faces.resource/layout/layout.js?ln=primefaces&v=4.0 HTTP/1.1" 304 -
201.245.192.253 - - [06/Oct/2023:06:40:32 -0500] "GET /sipse/faces/javax.faces.resource/messages/messages.png?ln=primefaces&v=4.0 HTTP/1.1" 304 -
201.245.192.253 - - [06/Oct/2023:06:40:35 -0500] "POST /sipse/faces/presentacion/sistema/seguridad/seleccionRol.xhtml HTTP/1.1" 200 5600
201.245.192.253 - - [06/Oct/2023:06:40:36 -0500] "POST /sipse/faces/presentacion/sistema/seguridad/seleccionRol.xhtml HTTP/1.1" 200 17609
201.245.192.253 - - [06/Oct/2023:06:40:36 -0500] "GET /sipse/faces/javax.faces.resource/jquery/jquery.js?ln=primefaces&v=4.0 HTTP/1.1" 304 -
201.245.192.253 - - [06/Oct/2023:06:40:36 -0500] "GET /sipse/faces/javax.faces.resource/jquery/jquery-plugins.js?ln=primefaces&v=4.0 HTTP/1.1" 304 -
201.245.192.253 - - [06/Oct/2023:06:40:36 -0500] "GET /sipse/faces/javax.faces.resource/primefaces.js?ln=primefaces&v=4.0 HTTP/1.1" 304 -
201.245.192.253 - - [06/Oct/2023:06:40:37 -0500] "GET /sipse/faces/javax.faces.resource/layout/layout.js?ln=primefaces&v=4.0 HTTP/1.1" 304 -
201.245.192.253 - - [06/Oct/2023:06:40:37 -0500] "GET /sipse/css/v_mergente.css HTTP/1.1" 200 1505
201.245.192.253 - - [06/Oct/2023:06:40:37 -0500] "GET /sipse/imagenes/cargando.gif HTTP/1.1" 200 36959
201.245.192.253 - - [06/Oct/2023:06:40:37 -0500] "GET /sipse/css/imagen/contrasena.png HTTP/1.1" 404 383
201.245.192.253 - - [06/Oct/2023:06:40:37 -0500] "GET /sipse/imagenes/logoAplicacion.jpg HTTP/1.1" 200 155084
201.245.192.253 - - [06/Oct/2023:06:40:38 -0500] "GET /sipse/faces/javax.faces.resource/images/ui-bg_flat_0_2d5972_40x100.png?ln=primefaces-aristo HTTP/1.1" 304 -
201.245.192.253 - - [06/Oct/2023:06:40:38 -0500] "POST /sipse/faces/bienvenido.xhtml HTTP/1.1" 200 3246
181.53.13.125 - - [06/Oct/2023:06:40:40 -0500] "POST /sipse/faces/presentacion/financiero/solicitudProceso/listarSolicitudProceso.xhtml HTTP/1.1" 200 17707
201.245.192.253 - - [06/Oct/2023:06:40:41 -0500] "POST /sipse/faces/bienvenido.xhtml HTTP/1.1" 200 37941
201.245.192.253 - - [06/Oct/2023:06:40:41 -0500] "GET /sipse/faces/javax.faces.resource/jquery/jquery.js?ln=primefaces&v=4.0 HTTP/1.1" 304 -
201.245.192.253 - - [06/Oct/2023:06:40:41 -0500] "GET /sipse/faces/javax.faces.resource/jquery/jquery-plugins.js?ln=primefaces&v=4.0 HTTP/1.1" 304 -
201.245.192.253 - - [06/Oct/2023:06:40:41 -0500] "GET /sipse/faces/javax.faces.resource/primefaces.js?ln=primefaces&v=4.0 HTTP/1.1" 304 -
201.245.192.253 - - [06/Oct/2023:06:40:42 -0500] "GET /sipse/faces/javax.faces.resource/layout/layout.js?ln=primefaces&v=4.0 HTTP/1.1" 304 -
201.245.192.253 - - [06/Oct/2023:06:40:42 -0500] "POST /sipse/faces/presentacion/financiero/solicitudProceso/listarSolicitudProceso.xhtml HTTP/1.1" 200 1404
201.245.192.253 - - [06/Oct/2023:06:40:44 -0500] "POST /sipse/faces/presentacion/financiero/solicitudProceso/listarSolicitudProceso.xhtml HTTP/1.1" 200 184
201.245.192.253 - - [06/Oct/2023:06:40:44 -0500] "POST /sipse/faces/presentacion/financiero/solicitudProceso/listarSolicitudProceso.xhtml HTTP/1.1" 200 184
201.245.192.253 - - [06/Oct/2023:06:40:44 -0500] "GET /sipse/faces/presentacion/financiero/solicitudAnulacion/solicitudAnulacion.xhtml HTTP/1.1" 200 15776
201.245.192.253 - - [06/Oct/2023:06:40:44 -0500] "GET /sipse/faces/presentacion/financiero/solicitudAnulacion/solicitudAnulacion.xhtml HTTP/1.1" 200 33506
201.245.192.253 - - [06/Oct/2023:06:40:44 -0500] "GET /sipse/faces/javax.faces.resource/theme.css?ln=primefaces-sipse HTTP/1.1" 304 -
201.245.192.253 - - [06/Oct/2023:06:40:44 -0500] "GET /sipse/faces/javax.faces.resource/primefaces.css?ln=primefaces&v=4.0 HTTP/1.1" 304 -
201.245.192.253 - - [06/Oct/2023:06:40:44 -0500] "GET /sipse/faces/javax.faces.resource/layout/layout.css?ln=primefaces&v=4.0 HTTP/1.1" 304 -
201.245.192.253 - - [06/Oct/2023:06:40:44 -0500] "GET /sipse/faces/javax.faces.resource/jquery/jquery-plugins.js?ln=primefaces&v=4.0 HTTP/1.1" 304 -
201.245.192.253 - - [06/Oct/2023:06:40:44 -0500] "GET /sipse/faces/javax.faces.resource/jquery/jquery.js?ln=primefaces&v=4.0 HTTP/1.1" 304 -
201.245.192.253 - - [06/Oct/2023:06:40:44 -0500] "GET /sipse/faces/javax.faces.resource/layout/layout.js?ln=primefaces&v=4.0 HTTP/1.1" 304 -
201.245.192.253 - - [06/Oct/2023:06:40:44 -0500] "GET /sipse/faces/javax.faces.resource/primefaces.js?ln=primefaces&v=4.0 HTTP/1.1" 304 -
