216.244.66.195 - - [07/Oct/2023:01:32:26 -0500] "GET /BLA/resoluciones/RESOLUCIONES%202017/0283.pdf HTTP/1.1" 200 400817
201.245.192.253 - - [07/Oct/2023:01:32:30 -0500] "POST /forms/lservlet;jsessionid=ac16012b30d631b237d665c3491e938ed2fcaf258f77.e3iSbxaKaheRe34Pbx8Nc3aQci1ynknvrkLOlQzNp65In0 HTTP/1.1" 200 2
216.244.66.195 - - [07/Oct/2023:01:32:58 -0500] "GET /BLA/resoluciones/RESOLUCIONES%202017/0298.pdf HTTP/1.1" 200 396884
216.244.66.195 - - [07/Oct/2023:01:33:28 -0500] "GET /BLA/resoluciones/RESOLUCIONES%202017/0856.pdf HTTP/1.1" 200 623893
216.244.66.195 - - [07/Oct/2023:01:34:06 -0500] "GET /BLA/resoluciones/RESOLUCIONES%202017/0938.pdf HTTP/1.1" 200 307436
201.245.192.253 - - [07/Oct/2023:01:34:25 -0500] "POST /forms/lservlet;jsessionid=ac16012b30d6e3ac83cfa34d44e69cdfe83dd14ea1cd.e3iSbxaKaheRe34Pbx8Nc3aQci1ynknvrkLOlQzNp65In0 HTTP/1.1" 200 2
201.245.192.253 - - [07/Oct/2023:01:34:30 -0500] "POST /forms/lservlet;jsessionid=ac16012b30d631b237d665c3491e938ed2fcaf258f77.e3iSbxaKaheRe34Pbx8Nc3aQci1ynknvrkLOlQzNp65In0 HTTP/1.1" 200 2
216.244.66.195 - - [07/Oct/2023:01:34:37 -0500] "GET /BLA/resoluciones/RESOLUCIONES%202017/1167.pdf HTTP/1.1" 200 475736
66.102.8.38 - - [07/Oct/2023:01:34:56 -0500] "GET /Publicaciones/SSFFS-05575-2016.zip HTTP/1.1" 404 232
216.244.66.195 - - [07/Oct/2023:01:35:06 -0500] "GET /BLA/resoluciones/RESOLUCIONES%202017/1696.pdf HTTP/1.1" 200 401928
216.244.66.195 - - [07/Oct/2023:01:35:36 -0500] "GET /BLA/resoluciones/RESOLUCIONES%202017/1714.pdf HTTP/1.1" 200 5214415
216.244.66.195 - - [07/Oct/2023:01:36:11 -0500] "GET /BLA/resoluciones/RESOLUCIONES%202017/1742.pdf HTTP/1.1" 200 885385
201.245.192.253 - - [07/Oct/2023:01:36:25 -0500] "POST /forms/lservlet;jsessionid=ac16012b30d6e3ac83cfa34d44e69cdfe83dd14ea1cd.e3iSbxaKaheRe34Pbx8Nc3aQci1ynknvrkLOlQzNp65In0 HTTP/1.1" 200 2
201.245.192.253 - - [07/Oct/2023:01:36:30 -0500] "POST /forms/lservlet;jsessionid=ac16012b30d631b237d665c3491e938ed2fcaf258f77.e3iSbxaKaheRe34Pbx8Nc3aQci1ynknvrkLOlQzNp65In0 HTTP/1.1" 200 2
201.245.192.253 - - [07/Oct/2023:01:36:29 -0500] "POST /kwsrmcab/Wsrmcab  HTTP/1.1" 200 42851
216.244.66.195 - - [07/Oct/2023:01:36:41 -0500] "GET /BLA/resoluciones/RESOLUCIONES%202017/1839.pdf HTTP/1.1" 200 655427
216.245.221.92 - - [07/Oct/2023:01:37:07 -0500] "HEAD / HTTP/1.1" 200 -
216.244.66.195 - - [07/Oct/2023:01:37:13 -0500] "GET /BLA/resoluciones/RESOLUCIONES%202017/1996.pdf HTTP/1.1" 200 304866
172.22.2.4 - - [07/Oct/2023:01:35:45 -0500] "HEAD /BLA/boletinlegal/ HTTP/1.1" 200 -
201.245.192.253 - - [07/Oct/2023:01:37:32 -0500] "POST /kwsrmcab/Wsrmcab HTTP/1.1" 200 43005
201.245.192.253 - - [07/Oct/2023:01:37:34 -0500] "POST /kwsrmcab/Wsrmcab HTTP/1.1" 200 43030
216.244.66.195 - - [07/Oct/2023:01:37:41 -0500] "GET /BLA/resoluciones/RESOLUCIONES%202017/2348.pdf HTTP/1.1" 200 574452
216.244.66.195 - - [07/Oct/2023:01:38:09 -0500] "GET /BLA/resoluciones/RESOLUCIONES%202017/2522.pdf HTTP/1.1" 200 364002
172.22.2.4 - - [07/Oct/2023:01:36:36 -0500] "GET /BLA/boletinlegal/ HTTP/1.1" 200 53013
201.245.192.253 - - [07/Oct/2023:01:38:25 -0500] "POST /forms/lservlet;jsessionid=ac16012b30d6e3ac83cfa34d44e69cdfe83dd14ea1cd.e3iSbxaKaheRe34Pbx8Nc3aQci1ynknvrkLOlQzNp65In0 HTTP/1.1" 200 2
157.55.39.48 - - [07/Oct/2023:01:38:28 -0500] "GET /BLA/resoluciones/RESOLUCIONES%202005/00001071.tif HTTP/1.1" 200 334324
201.245.192.253 - - [07/Oct/2023:01:38:30 -0500] "POST /forms/lservlet;jsessionid=ac16012b30d631b237d665c3491e938ed2fcaf258f77.e3iSbxaKaheRe34Pbx8Nc3aQci1ynknvrkLOlQzNp65In0 HTTP/1.1" 200 2
216.244.66.195 - - [07/Oct/2023:01:38:36 -0500] "GET /BLA/resoluciones/RESOLUCIONES%202017/2532.pdf HTTP/1.1" 200 356494
172.22.2.4 - - [07/Oct/2023:01:37:03 -0500] "GET /BLA/boletinlegal/ HTTP/1.1" 200 54597
216.244.66.195 - - [07/Oct/2023:01:39:01 -0500] "GET /BLA/resoluciones/RESOLUCIONES%202017/2627.pdf HTTP/1.1" 200 11223765
157.55.39.59 - - [07/Oct/2023:01:39:26 -0500] "GET /sipse/faces/faces/autenticacion.xhtml HTTP/1.1" 200 12734
216.244.66.195 - - [07/Oct/2023:01:39:35 -0500] "GET /BLA/resoluciones/RESOLUCIONES%202017/2772.pdf HTTP/1.1" 200 364829
216.244.66.195 - - [07/Oct/2023:01:40:06 -0500] "GET /BLA/resoluciones/RESOLUCIONES%202017/2821.pdf HTTP/1.1" 200 392591
201.245.192.253 - - [07/Oct/2023:01:40:25 -0500] "POST /forms/lservlet;jsessionid=ac16012b30d6e3ac83cfa34d44e69cdfe83dd14ea1cd.e3iSbxaKaheRe34Pbx8Nc3aQci1ynknvrkLOlQzNp65In0 HTTP/1.1" 200 2
201.245.192.253 - - [07/Oct/2023:01:40:30 -0500] "POST /forms/lservlet;jsessionid=ac16012b30d631b237d665c3491e938ed2fcaf258f77.e3iSbxaKaheRe34Pbx8Nc3aQci1ynknvrkLOlQzNp65In0 HTTP/1.1" 200 2
216.244.66.195 - - [07/Oct/2023:01:40:35 -0500] "GET /BLA/resoluciones/RESOLUCIONES%202017/2958.pdf HTTP/1.1" 200 292027
216.244.66.195 - - [07/Oct/2023:01:41:04 -0500] "GET /BLA/resoluciones/RESOLUCIONES%202017/3251.pdf HTTP/1.1" 200 284421
201.245.192.253 - - [07/Oct/2023:01:41:27 -0500] "POST /kwsrmcab/Wsrmcab  HTTP/1.1" 200 42851
216.244.66.195 - - [07/Oct/2023:01:41:31 -0500] "GET /BLA/resoluciones/RESOLUCIONES%202017/3468.pdf HTTP/1.1" 200 334055
216.244.66.195 - - [07/Oct/2023:01:41:57 -0500] "GET /BLA/resoluciones/RESOLUCIONES%202019/1252.pdf HTTP/1.1" 200 346096
216.245.221.92 - - [07/Oct/2023:01:42:07 -0500] "HEAD / HTTP/1.1" 200 -
216.244.66.195 - - [07/Oct/2023:01:42:23 -0500] "GET /BLA/resoluciones/RESOLUCIONES%202019/1813.pdf HTTP/1.1" 200 319057
201.245.192.253 - - [07/Oct/2023:01:42:25 -0500] "POST /forms/lservlet;jsessionid=ac16012b30d6e3ac83cfa34d44e69cdfe83dd14ea1cd.e3iSbxaKaheRe34Pbx8Nc3aQci1ynknvrkLOlQzNp65In0 HTTP/1.1" 200 2
201.245.192.253 - - [07/Oct/2023:01:42:30 -0500] "POST /forms/lservlet;jsessionid=ac16012b30d631b237d665c3491e938ed2fcaf258f77.e3iSbxaKaheRe34Pbx8Nc3aQci1ynknvrkLOlQzNp65In0 HTTP/1.1" 200 2
172.22.2.4 - - [07/Oct/2023:01:41:35 -0500] "HEAD /BLA/boletinlegal/ HTTP/1.1" 200 -
172.22.2.4 - - [07/Oct/2023:01:42:42 -0500] "GET /BLA/boletinlegal/ HTTP/1.1" 200 24523
172.22.2.4 - - [07/Oct/2023:01:42:26 -0500] "GET /BLA/boletinlegal/ HTTP/1.1" 200 52656
201.245.192.253 - - [07/Oct/2023:01:44:25 -0500] "POST /forms/lservlet;jsessionid=ac16012b30d6e3ac83cfa34d44e69cdfe83dd14ea1cd.e3iSbxaKaheRe34Pbx8Nc3aQci1ynknvrkLOlQzNp65In0 HTTP/1.1" 200 2
201.245.192.253 - - [07/Oct/2023:01:44:30 -0500] "POST /forms/lservlet;jsessionid=ac16012b30d631b237d665c3491e938ed2fcaf258f77.e3iSbxaKaheRe34Pbx8Nc3aQci1ynknvrkLOlQzNp65In0 HTTP/1.1" 200 2
216.244.66.195 - - [07/Oct/2023:01:46:19 -0500] "GET /robots.txt HTTP/1.1" 404 1018
201.245.192.253 - - [07/Oct/2023:01:46:25 -0500] "POST /forms/lservlet;jsessionid=ac16012b30d6e3ac83cfa34d44e69cdfe83dd14ea1cd.e3iSbxaKaheRe34Pbx8Nc3aQci1ynknvrkLOlQzNp65In0 HTTP/1.1" 200 2
201.245.192.253 - - [07/Oct/2023:01:46:27 -0500] "POST /kwsrmcab/Wsrmcab  HTTP/1.1" 200 42851
201.245.192.253 - - [07/Oct/2023:01:46:30 -0500] "POST /forms/lservlet;jsessionid=ac16012b30d631b237d665c3491e938ed2fcaf258f77.e3iSbxaKaheRe34Pbx8Nc3aQci1ynknvrkLOlQzNp65In0 HTTP/1.1" 200 2
216.245.221.92 - - [07/Oct/2023:01:47:07 -0500] "HEAD / HTTP/1.1" 200 -
201.245.192.253 - - [07/Oct/2023:01:48:25 -0500] "POST /forms/lservlet;jsessionid=ac16012b30d6e3ac83cfa34d44e69cdfe83dd14ea1cd.e3iSbxaKaheRe34Pbx8Nc3aQci1ynknvrkLOlQzNp65In0 HTTP/1.1" 200 2
201.245.192.253 - - [07/Oct/2023:01:48:30 -0500] "POST /forms/lservlet;jsessionid=ac16012b30d631b237d665c3491e938ed2fcaf258f77.e3iSbxaKaheRe34Pbx8Nc3aQci1ynknvrkLOlQzNp65In0 HTTP/1.1" 200 2
172.22.2.4 - - [07/Oct/2023:01:47:25 -0500] "HEAD /BLA/boletinlegal/ HTTP/1.1" 200 -
172.22.2.4 - - [07/Oct/2023:01:48:16 -0500] "GET /BLA/boletinlegal/ HTTP/1.1" 200 60692
201.245.192.253 - - [07/Oct/2023:01:50:25 -0500] "POST /forms/lservlet;jsessionid=ac16012b30d6e3ac83cfa34d44e69cdfe83dd14ea1cd.e3iSbxaKaheRe34Pbx8Nc3aQci1ynknvrkLOlQzNp65In0 HTTP/1.1" 200 2
201.245.192.253 - - [07/Oct/2023:01:50:30 -0500] "POST /forms/lservlet;jsessionid=ac16012b30d631b237d665c3491e938ed2fcaf258f77.e3iSbxaKaheRe34Pbx8Nc3aQci1ynknvrkLOlQzNp65In0 HTTP/1.1" 200 2
201.245.192.253 - - [07/Oct/2023:01:51:25 -0500] "POST /kwsrmcab/Wsrmcab  HTTP/1.1" 200 42851
216.245.221.92 - - [07/Oct/2023:01:52:07 -0500] "HEAD / HTTP/1.1" 200 -
201.245.192.253 - - [07/Oct/2023:01:52:25 -0500] "POST /forms/lservlet;jsessionid=ac16012b30d6e3ac83cfa34d44e69cdfe83dd14ea1cd.e3iSbxaKaheRe34Pbx8Nc3aQci1ynknvrkLOlQzNp65In0 HTTP/1.1" 200 2
201.245.192.253 - - [07/Oct/2023:01:52:30 -0500] "POST /forms/lservlet;jsessionid=ac16012b30d631b237d665c3491e938ed2fcaf258f77.e3iSbxaKaheRe34Pbx8Nc3aQci1ynknvrkLOlQzNp65In0 HTTP/1.1" 200 2
52.167.144.223 - - [07/Oct/2023:01:53:13 -0500] "GET /BLA/resoluciones/AUTOS%202023/4684.pdf HTTP/1.1" 304 -
201.245.192.253 - - [07/Oct/2023:01:54:25 -0500] "POST /forms/lservlet;jsessionid=ac16012b30d6e3ac83cfa34d44e69cdfe83dd14ea1cd.e3iSbxaKaheRe34Pbx8Nc3aQci1ynknvrkLOlQzNp65In0 HTTP/1.1" 200 2
201.245.192.253 - - [07/Oct/2023:01:54:30 -0500] "POST /forms/lservlet;jsessionid=ac16012b30d631b237d665c3491e938ed2fcaf258f77.e3iSbxaKaheRe34Pbx8Nc3aQci1ynknvrkLOlQzNp65In0 HTTP/1.1" 200 2
172.22.2.4 - - [07/Oct/2023:01:53:15 -0500] "HEAD /BLA/boletinlegal/ HTTP/1.1" 200 -
172.22.2.4 - - [07/Oct/2023:01:54:06 -0500] "GET /BLA/boletinlegal/ HTTP/1.1" 200 60342
201.245.192.253 - - [07/Oct/2023:01:56:23 -0500] "POST /kwsrmcab/Wsrmcab  HTTP/1.1" 200 42851
201.245.192.253 - - [07/Oct/2023:01:56:25 -0500] "POST /forms/lservlet;jsessionid=ac16012b30d6e3ac83cfa34d44e69cdfe83dd14ea1cd.e3iSbxaKaheRe34Pbx8Nc3aQci1ynknvrkLOlQzNp65In0 HTTP/1.1" 200 2
201.245.192.253 - - [07/Oct/2023:01:56:30 -0500] "POST /forms/lservlet;jsessionid=ac16012b30d631b237d665c3491e938ed2fcaf258f77.e3iSbxaKaheRe34Pbx8Nc3aQci1ynknvrkLOlQzNp65In0 HTTP/1.1" 200 2
216.245.221.92 - - [07/Oct/2023:01:57:07 -0500] "HEAD / HTTP/1.1" 200 -
201.245.192.253 - - [07/Oct/2023:01:58:25 -0500] "POST /forms/lservlet;jsessionid=ac16012b30d6e3ac83cfa34d44e69cdfe83dd14ea1cd.e3iSbxaKaheRe34Pbx8Nc3aQci1ynknvrkLOlQzNp65In0 HTTP/1.1" 200 2
201.245.192.253 - - [07/Oct/2023:01:58:30 -0500] "POST /forms/lservlet;jsessionid=ac16012b30d631b237d665c3491e938ed2fcaf258f77.e3iSbxaKaheRe34Pbx8Nc3aQci1ynknvrkLOlQzNp65In0 HTTP/1.1" 200 2
216.244.66.195 - - [07/Oct/2023:02:00:21 -0500] "GET /BLA/resoluciones/RESOLUCIONES%202016/2132.pdf HTTP/1.1" 200 4494355
201.245.192.253 - - [07/Oct/2023:02:00:25 -0500] "POST /forms/lservlet;jsessionid=ac16012b30d6e3ac83cfa34d44e69cdfe83dd14ea1cd.e3iSbxaKaheRe34Pbx8Nc3aQci1ynknvrkLOlQzNp65In0 HTTP/1.1" 200 2
201.245.192.253 - - [07/Oct/2023:02:00:30 -0500] "POST /forms/lservlet;jsessionid=ac16012b30d631b237d665c3491e938ed2fcaf258f77.e3iSbxaKaheRe34Pbx8Nc3aQci1ynknvrkLOlQzNp65In0 HTTP/1.1" 200 2
172.22.2.4 - - [07/Oct/2023:01:59:05 -0500] "HEAD /BLA/boletinlegal/ HTTP/1.1" 200 -
216.244.66.195 - - [07/Oct/2023:02:00:51 -0500] "GET /BLA/resoluciones/RESOLUCIONES%202016/2138.pdf HTTP/1.1" 200 278926
201.245.192.253 - - [07/Oct/2023:02:01:22 -0500] "POST /kwsrmcab/Wsrmcab  HTTP/1.1" 200 42851
216.244.66.195 - - [07/Oct/2023:02:01:36 -0500] "GET /BLA/resoluciones/RESOLUCIONES%202017/0066.pdf HTTP/1.1" 200 563263
172.22.2.4 - - [07/Oct/2023:01:59:56 -0500] "GET /BLA/boletinlegal/ HTTP/1.1" 200 58187
216.245.221.92 - - [07/Oct/2023:02:02:07 -0500] "HEAD / HTTP/1.1" 200 -
201.245.192.253 - - [07/Oct/2023:02:02:25 -0500] "POST /forms/lservlet;jsessionid=ac16012b30d6e3ac83cfa34d44e69cdfe83dd14ea1cd.e3iSbxaKaheRe34Pbx8Nc3aQci1ynknvrkLOlQzNp65In0 HTTP/1.1" 200 2
216.244.66.195 - - [07/Oct/2023:02:02:26 -0500] "GET /BLA/resoluciones/RESOLUCIONES%202017/0140.pdf HTTP/1.1" 200 2207676
201.245.192.253 - - [07/Oct/2023:02:02:30 -0500] "POST /forms/lservlet;jsessionid=ac16012b30d631b237d665c3491e938ed2fcaf258f77.e3iSbxaKaheRe34Pbx8Nc3aQci1ynknvrkLOlQzNp65In0 HTTP/1.1" 200 2
216.244.66.195 - - [07/Oct/2023:02:03:16 -0500] "GET /BLA/resoluciones/RESOLUCIONES%202017/0759.pdf HTTP/1.1" 200 258890
216.244.66.195 - - [07/Oct/2023:02:03:56 -0500] "GET /BLA/resoluciones/RESOLUCIONES%202017/0791.pdf HTTP/1.1" 200 534704
201.245.192.253 - - [07/Oct/2023:02:04:25 -0500] "POST /forms/lservlet;jsessionid=ac16012b30d6e3ac83cfa34d44e69cdfe83dd14ea1cd.e3iSbxaKaheRe34Pbx8Nc3aQci1ynknvrkLOlQzNp65In0 HTTP/1.1" 200 2
201.245.192.253 - - [07/Oct/2023:02:04:30 -0500] "POST /forms/lservlet;jsessionid=ac16012b30d631b237d665c3491e938ed2fcaf258f77.e3iSbxaKaheRe34Pbx8Nc3aQci1ynknvrkLOlQzNp65In0 HTTP/1.1" 200 2
216.244.66.195 - - [07/Oct/2023:02:04:43 -0500] "GET /BLA/resoluciones/RESOLUCIONES%202017/0880.pdf HTTP/1.1" 200 8026361
172.22.2.4 - - [07/Oct/2023:02:04:37 -0500] "GET /BLA/boletinlegal/ HTTP/1.1" 200 20427
216.244.66.195 - - [07/Oct/2023:02:05:34 -0500] "GET /BLA/resoluciones/RESOLUCIONES%202017/0979.pdf HTTP/1.1" 200 6159037
207.46.13.92 - - [07/Oct/2023:02:06:05 -0500] "GET /Publicaciones/2023EE227962.pdf HTTP/1.1" 200 4276516
201.245.192.253 - - [07/Oct/2023:02:06:21 -0500] "POST /kwsrmcab/Wsrmcab  HTTP/1.1" 200 42851
201.245.192.253 - - [07/Oct/2023:02:06:25 -0500] "POST /forms/lservlet;jsessionid=ac16012b30d6e3ac83cfa34d44e69cdfe83dd14ea1cd.e3iSbxaKaheRe34Pbx8Nc3aQci1ynknvrkLOlQzNp65In0 HTTP/1.1" 200 2
216.244.66.195 - - [07/Oct/2023:02:06:27 -0500] "GET /BLA/resoluciones/RESOLUCIONES%202017/1590.pdf HTTP/1.1" 200 430253
201.245.192.253 - - [07/Oct/2023:02:06:30 -0500] "POST /forms/lservlet;jsessionid=ac16012b30d631b237d665c3491e938ed2fcaf258f77.e3iSbxaKaheRe34Pbx8Nc3aQci1ynknvrkLOlQzNp65In0 HTTP/1.1" 200 2
172.22.2.4 - - [07/Oct/2023:02:04:55 -0500] "HEAD /BLA/boletinlegal/ HTTP/1.1" 200 -
216.245.221.92 - - [07/Oct/2023:02:07:07 -0500] "HEAD / HTTP/1.1" 200 -
216.244.66.195 - - [07/Oct/2023:02:07:17 -0500] "GET /BLA/resoluciones/RESOLUCIONES%202017/1593.pdf HTTP/1.1" 200 848763
172.22.2.4 - - [07/Oct/2023:02:05:46 -0500] "GET /BLA/boletinlegal/ HTTP/1.1" 200 58597
168.119.253.32 - - [07/Oct/2023:02:07:46 -0500] "GET / HTTP/1.1" 200 319
66.249.66.76 - - [07/Oct/2023:02:07:50 -0500] "GET /robots.txt HTTP/1.1" 404 1035
66.249.66.76 - - [07/Oct/2023:02:07:50 -0500] "GET /portaldeninos/parque-mirador-de-los-nevados/ HTTP/1.1" 200 89855
216.244.66.195 - - [07/Oct/2023:02:08:07 -0500] "GET /BLA/resoluciones/RESOLUCIONES%202017/1744.pdf HTTP/1.1" 200 239661
201.245.192.253 - - [07/Oct/2023:02:08:25 -0500] "POST /forms/lservlet;jsessionid=ac16012b30d6e3ac83cfa34d44e69cdfe83dd14ea1cd.e3iSbxaKaheRe34Pbx8Nc3aQci1ynknvrkLOlQzNp65In0 HTTP/1.1" 200 2
201.245.192.253 - - [07/Oct/2023:02:08:30 -0500] "POST /forms/lservlet;jsessionid=ac16012b30d631b237d665c3491e938ed2fcaf258f77.e3iSbxaKaheRe34Pbx8Nc3aQci1ynknvrkLOlQzNp65In0 HTTP/1.1" 200 2
216.244.66.195 - - [07/Oct/2023:02:08:49 -0500] "GET /BLA/resoluciones/RESOLUCIONES%202017/1945.pdf HTTP/1.1" 200 366506
216.244.66.195 - - [07/Oct/2023:02:09:37 -0500] "GET /BLA/resoluciones/RESOLUCIONES%202017/3009.pdf HTTP/1.1" 200 306069
216.244.66.195 - - [07/Oct/2023:02:10:18 -0500] "GET /BLA/resoluciones/RESOLUCIONES%202017/3511.pdf HTTP/1.1" 200 968319
201.245.192.253 - - [07/Oct/2023:02:10:25 -0500] "POST /forms/lservlet;jsessionid=ac16012b30d6e3ac83cfa34d44e69cdfe83dd14ea1cd.e3iSbxaKaheRe34Pbx8Nc3aQci1ynknvrkLOlQzNp65In0 HTTP/1.1" 200 2
201.245.192.253 - - [07/Oct/2023:02:10:30 -0500] "POST /forms/lservlet;jsessionid=ac16012b30d631b237d665c3491e938ed2fcaf258f77.e3iSbxaKaheRe34Pbx8Nc3aQci1ynknvrkLOlQzNp65In0 HTTP/1.1" 200 2
216.244.66.195 - - [07/Oct/2023:02:11:08 -0500] "GET /BLA/resoluciones/RESOLUCIONES%202019/0625.pdf HTTP/1.1" 200 2239190
201.245.192.253 - - [07/Oct/2023:02:11:20 -0500] "POST /kwsrmcab/Wsrmcab  HTTP/1.1" 200 42851
216.244.66.195 - - [07/Oct/2023:02:11:58 -0500] "GET /BLA/resoluciones/RESOLUCIONES%202019/1028.pdf HTTP/1.1" 200 572460
216.245.221.92 - - [07/Oct/2023:02:12:07 -0500] "HEAD / HTTP/1.1" 200 -
201.245.192.253 - - [07/Oct/2023:02:12:25 -0500] "POST /forms/lservlet;jsessionid=ac16012b30d6e3ac83cfa34d44e69cdfe83dd14ea1cd.e3iSbxaKaheRe34Pbx8Nc3aQci1ynknvrkLOlQzNp65In0 HTTP/1.1" 200 2
172.22.2.4 - - [07/Oct/2023:02:10:45 -0500] "HEAD /BLA/boletinlegal/ HTTP/1.1" 200 -
201.245.192.253 - - [07/Oct/2023:02:12:30 -0500] "POST /forms/lservlet;jsessionid=ac16012b30d631b237d665c3491e938ed2fcaf258f77.e3iSbxaKaheRe34Pbx8Nc3aQci1ynknvrkLOlQzNp65In0 HTTP/1.1" 200 2
216.244.66.195 - - [07/Oct/2023:02:12:49 -0500] "GET /BLA/resoluciones/RESOLUCIONES%202019/1369.pdf HTTP/1.1" 200 258328
172.22.2.4 - - [07/Oct/2023:02:11:36 -0500] "GET /BLA/boletinlegal/ HTTP/1.1" 200 58187
216.244.66.195 - - [07/Oct/2023:02:13:30 -0500] "GET /BLA/resoluciones/RESOLUCIONES%202019/1780.pdf HTTP/1.1" 200 321587
40.77.167.41 - - [07/Oct/2023:02:13:47 -0500] "GET /BLA/resoluciones/RESOLUCIONES%202021/0415.pdf HTTP/1.1" 200 484943
216.244.66.195 - - [07/Oct/2023:02:14:13 -0500] "GET /BLA/resoluciones/RESOLUCIONES%202019/1822.pdf HTTP/1.1" 200 287623
201.245.192.253 - - [07/Oct/2023:02:14:25 -0500] "POST /forms/lservlet;jsessionid=ac16012b30d6e3ac83cfa34d44e69cdfe83dd14ea1cd.e3iSbxaKaheRe34Pbx8Nc3aQci1ynknvrkLOlQzNp65In0 HTTP/1.1" 200 2
201.245.192.253 - - [07/Oct/2023:02:14:30 -0500] "POST /forms/lservlet;jsessionid=ac16012b30d631b237d665c3491e938ed2fcaf258f77.e3iSbxaKaheRe34Pbx8Nc3aQci1ynknvrkLOlQzNp65In0 HTTP/1.1" 200 2
216.244.66.195 - - [07/Oct/2023:02:14:51 -0500] "GET /BLA/resoluciones/RESOLUCIONES%202019/3708.pdf HTTP/1.1" 200 333397
216.244.66.195 - - [07/Oct/2023:02:15:32 -0500] "GET /BLA/resoluciones/RESOLUCIONES%201997/RESOLUCION%201029%20DE%201997.pdf HTTP/1.1" 200 90556
216.244.66.195 - - [07/Oct/2023:02:16:03 -0500] "GET /BLA/resoluciones/AUTOS%202007/0005.pdf HTTP/1.1" 200 196956
201.245.192.253 - - [07/Oct/2023:02:16:18 -0500] "POST /kwsrmcab/Wsrmcab  HTTP/1.1" 200 42851
201.245.192.253 - - [07/Oct/2023:02:16:25 -0500] "POST /forms/lservlet;jsessionid=ac16012b30d6e3ac83cfa34d44e69cdfe83dd14ea1cd.e3iSbxaKaheRe34Pbx8Nc3aQci1ynknvrkLOlQzNp65In0 HTTP/1.1" 200 2
201.245.192.253 - - [07/Oct/2023:02:16:30 -0500] "POST /forms/lservlet;jsessionid=ac16012b30d631b237d665c3491e938ed2fcaf258f77.e3iSbxaKaheRe34Pbx8Nc3aQci1ynknvrkLOlQzNp65In0 HTTP/1.1" 200 2
216.244.66.195 - - [07/Oct/2023:02:16:34 -0500] "GET /BLA/resoluciones/AUTOS%202007/0038.pdf HTTP/1.1" 200 164751
216.244.66.195 - - [07/Oct/2023:02:17:02 -0500] "GET /BLA/resoluciones/AUTOS%202007/0421.pdf HTTP/1.1" 200 61981
216.245.221.92 - - [07/Oct/2023:02:17:07 -0500] "HEAD / HTTP/1.1" 200 -
216.244.66.195 - - [07/Oct/2023:02:17:30 -0500] "GET /BLA/resoluciones/AUTOS%202007/0477.pdf HTTP/1.1" 200 17787
201.245.192.253 - - [07/Oct/2023:02:17:32 -0500] "POST /kwsrmcab/Wsrmcab HTTP/1.1" 200 42999
201.245.192.253 - - [07/Oct/2023:02:17:34 -0500] "POST /kwsrmcab/Wsrmcab HTTP/1.1" 200 43045
216.244.66.195 - - [07/Oct/2023:02:17:56 -0500] "GET /BLA/resoluciones/AUTOS%202007/0615.pdf HTTP/1.1" 200 32919
172.22.2.4 - - [07/Oct/2023:02:16:35 -0500] "HEAD /BLA/boletinlegal/ HTTP/1.1" 200 -
216.244.66.195 - - [07/Oct/2023:02:18:22 -0500] "GET /BLA/resoluciones/AUTOS%202007/0617.pdf HTTP/1.1" 200 84001
201.245.192.253 - - [07/Oct/2023:02:18:25 -0500] "POST /forms/lservlet;jsessionid=ac16012b30d6e3ac83cfa34d44e69cdfe83dd14ea1cd.e3iSbxaKaheRe34Pbx8Nc3aQci1ynknvrkLOlQzNp65In0 HTTP/1.1" 200 2
201.245.192.253 - - [07/Oct/2023:02:18:30 -0500] "POST /forms/lservlet;jsessionid=ac16012b30d631b237d665c3491e938ed2fcaf258f77.e3iSbxaKaheRe34Pbx8Nc3aQci1ynknvrkLOlQzNp65In0 HTTP/1.1" 200 2
216.244.66.195 - - [07/Oct/2023:02:18:49 -0500] "GET /BLA/resoluciones/AUTOS%202007/0691.pdf HTTP/1.1" 200 105105
172.22.2.4 - - [07/Oct/2023:02:17:26 -0500] "GET /BLA/boletinlegal/ HTTP/1.1" 200 57790
216.244.66.195 - - [07/Oct/2023:02:19:15 -0500] "GET /BLA/resoluciones/AUTOS%202007/0762.pdf HTTP/1.1" 200 105711
66.249.66.21 - - [07/Oct/2023:02:19:40 -0500] "GET /sig/CALIDAD/NORMATIVIDAD/NTC-ISO14001%202004.pdf HTTP/1.1" 404 1018
216.244.66.195 - - [07/Oct/2023:02:19:40 -0500] "GET /BLA/resoluciones/AUTOS%202007/0861.pdf HTTP/1.1" 200 77612
216.244.66.195 - - [07/Oct/2023:02:20:04 -0500] "GET /BLA/resoluciones/AUTOS%202007/0941.pdf HTTP/1.1" 200 55087
216.244.66.195 - - [07/Oct/2023:02:20:24 -0500] "GET /BLA/resoluciones/AUTOS%202007/1073.pdf HTTP/1.1" 200 22064
201.245.192.253 - - [07/Oct/2023:02:20:25 -0500] "POST /forms/lservlet;jsessionid=ac16012b30d6e3ac83cfa34d44e69cdfe83dd14ea1cd.e3iSbxaKaheRe34Pbx8Nc3aQci1ynknvrkLOlQzNp65In0 HTTP/1.1" 200 2
201.245.192.253 - - [07/Oct/2023:02:20:30 -0500] "POST /forms/lservlet;jsessionid=ac16012b30d631b237d665c3491e938ed2fcaf258f77.e3iSbxaKaheRe34Pbx8Nc3aQci1ynknvrkLOlQzNp65In0 HTTP/1.1" 200 2
216.244.66.195 - - [07/Oct/2023:02:20:43 -0500] "GET /BLA/resoluciones/AUTOS%202007/1117.pdf HTTP/1.1" 200 109373
216.244.66.195 - - [07/Oct/2023:02:21:02 -0500] "GET /BLA/resoluciones/AUTOS%202007/1135.pdf HTTP/1.1" 200 25100
201.245.192.253 - - [07/Oct/2023:02:21:16 -0500] "POST /kwsrmcab/Wsrmcab  HTTP/1.1" 200 42851
216.244.66.195 - - [07/Oct/2023:02:21:18 -0500] "GET /BLA/resoluciones/AUTOS%202007/1209.pdf HTTP/1.1" 200 42513
216.244.66.195 - - [07/Oct/2023:02:21:34 -0500] "GET /BLA/resoluciones/AUTOS%202007/1509.pdf HTTP/1.1" 200 51601
216.244.66.195 - - [07/Oct/2023:02:21:50 -0500] "GET /BLA/resoluciones/AUTOS%202007/1547.pdf HTTP/1.1" 200 31577
216.244.66.195 - - [07/Oct/2023:02:22:04 -0500] "GET /BLA/resoluciones/AUTOS%202007/1634.pdf HTTP/1.1" 200 65078
216.245.221.92 - - [07/Oct/2023:02:22:07 -0500] "HEAD / HTTP/1.1" 200 -
216.244.66.195 - - [07/Oct/2023:02:22:17 -0500] "GET /BLA/resoluciones/AUTOS%202007/1666.pdf HTTP/1.1" 200 170745
201.245.192.253 - - [07/Oct/2023:02:22:25 -0500] "POST /forms/lservlet;jsessionid=ac16012b30d6e3ac83cfa34d44e69cdfe83dd14ea1cd.e3iSbxaKaheRe34Pbx8Nc3aQci1ynknvrkLOlQzNp65In0 HTTP/1.1" 200 2
216.244.66.195 - - [07/Oct/2023:02:22:29 -0500] "GET /BLA/resoluciones/AUTOS%202007/1715.pdf HTTP/1.1" 200 37507
201.245.192.253 - - [07/Oct/2023:02:22:30 -0500] "POST /forms/lservlet;jsessionid=ac16012b30d631b237d665c3491e938ed2fcaf258f77.e3iSbxaKaheRe34Pbx8Nc3aQci1ynknvrkLOlQzNp65In0 HTTP/1.1" 200 2
216.244.66.195 - - [07/Oct/2023:02:22:40 -0500] "GET /BLA/resoluciones/AUTOS%202007/1841.pdf HTTP/1.1" 200 29391
216.244.66.195 - - [07/Oct/2023:02:22:49 -0500] "GET /BLA/resoluciones/AUTOS%202009/0764.pdf HTTP/1.1" 200 156963
216.244.66.195 - - [07/Oct/2023:02:22:58 -0500] "GET /BLA/resoluciones/AUTOS%202009/0913.pdf HTTP/1.1" 200 119573
216.244.66.195 - - [07/Oct/2023:02:23:07 -0500] "GET /BLA/resoluciones/AUTOS%202009/1045.pdf HTTP/1.1" 200 156081
216.244.66.195 - - [07/Oct/2023:02:23:14 -0500] "GET /BLA/resoluciones/AUTOS%202009/1077.pdf HTTP/1.1" 200 125242
216.244.66.195 - - [07/Oct/2023:02:23:20 -0500] "GET /BLA/resoluciones/AUTOS%202009/1140.pdf HTTP/1.1" 200 68261
216.244.66.195 - - [07/Oct/2023:02:23:26 -0500] "GET /BLA/resoluciones/AUTOS%202009/1430.pdf HTTP/1.1" 200 283730
216.244.66.195 - - [07/Oct/2023:02:23:31 -0500] "GET /BLA/resoluciones/AUTOS%202009/1440.pdf HTTP/1.1" 200 224436
216.244.66.195 - - [07/Oct/2023:02:23:36 -0500] "GET /BLA/resoluciones/AUTOS%202009/1574.pdf HTTP/1.1" 200 122955
216.244.66.195 - - [07/Oct/2023:02:23:39 -0500] "GET /BLA/resoluciones/AUTOS%202009/2071.pdf HTTP/1.1" 200 99735
216.244.66.195 - - [07/Oct/2023:02:23:43 -0500] "GET /BLA/resoluciones/AUTOS%202009/2112.pdf HTTP/1.1" 200 102327
216.244.66.195 - - [07/Oct/2023:02:23:46 -0500] "GET /BLA/resoluciones/AUTOS%202009/2134.pdf HTTP/1.1" 200 86412
216.244.66.195 - - [07/Oct/2023:02:23:51 -0500] "GET /BLA/resoluciones/AUTOS%202009/2144.pdf HTTP/1.1" 200 81110
216.244.66.195 - - [07/Oct/2023:02:23:55 -0500] "GET /BLA/resoluciones/AUTOS%202009/2424.pdf HTTP/1.1" 200 99520
216.244.66.195 - - [07/Oct/2023:02:23:58 -0500] "GET /BLA/resoluciones/AUTOS%202009/2432.pdf HTTP/1.1" 200 99347
216.244.66.195 - - [07/Oct/2023:02:24:01 -0500] "GET /BLA/resoluciones/AUTOS%202009/2563.pdf HTTP/1.1" 200 114632
172.22.2.4 - - [07/Oct/2023:02:22:25 -0500] "HEAD /BLA/boletinlegal/ HTTP/1.1" 200 -
216.244.66.195 - - [07/Oct/2023:02:24:08 -0500] "GET /BLA/resoluciones/AUTOS%202011/0021.pdf HTTP/1.1" 200 187617
216.244.66.195 - - [07/Oct/2023:02:24:13 -0500] "GET /BLA/resoluciones/AUTOS%202011/0103.pdf HTTP/1.1" 200 171281
216.244.66.195 - - [07/Oct/2023:02:24:17 -0500] "GET /BLA/resoluciones/AUTOS%202011/0329.pdf HTTP/1.1" 200 187235
216.244.66.195 - - [07/Oct/2023:02:24:22 -0500] "GET /BLA/resoluciones/AUTOS%202011/0344.pdf HTTP/1.1" 200 141198
201.245.192.253 - - [07/Oct/2023:02:24:25 -0500] "POST /forms/lservlet;jsessionid=ac16012b30d6e3ac83cfa34d44e69cdfe83dd14ea1cd.e3iSbxaKaheRe34Pbx8Nc3aQci1ynknvrkLOlQzNp65In0 HTTP/1.1" 200 2
216.244.66.195 - - [07/Oct/2023:02:24:25 -0500] "GET /BLA/resoluciones/AUTOS%202011/0754.pdf HTTP/1.1" 200 90894
216.244.66.195 - - [07/Oct/2023:02:24:28 -0500] "GET /BLA/resoluciones/AUTOS%202011/0766.pdf HTTP/1.1" 200 105994
201.245.192.253 - - [07/Oct/2023:02:24:30 -0500] "POST /forms/lservlet;jsessionid=ac16012b30d631b237d665c3491e938ed2fcaf258f77.e3iSbxaKaheRe34Pbx8Nc3aQci1ynknvrkLOlQzNp65In0 HTTP/1.1" 200 2
216.244.66.195 - - [07/Oct/2023:02:24:30 -0500] "GET /BLA/resoluciones/AUTOS%202011/0771.pdf HTTP/1.1" 200 436429
216.244.66.195 - - [07/Oct/2023:02:24:41 -0500] "GET /BLA/resoluciones/AUTOS%202011/0879.pdf HTTP/1.1" 200 149015
216.244.66.195 - - [07/Oct/2023:02:24:48 -0500] "GET /BLA/resoluciones/AUTOS%202011/1522.pdf HTTP/1.1" 200 141513
216.244.66.195 - - [07/Oct/2023:02:24:54 -0500] "GET /BLA/resoluciones/AUTOS%202011/1571.pdf HTTP/1.1" 200 325102
172.22.2.4 - - [07/Oct/2023:02:23:16 -0500] "GET /BLA/boletinlegal/ HTTP/1.1" 200 57790
216.244.66.195 - - [07/Oct/2023:02:25:00 -0500] "GET /BLA/resoluciones/AUTOS%202011/1628.pdf HTTP/1.1" 200 156527
216.244.66.195 - - [07/Oct/2023:02:25:05 -0500] "GET /BLA/resoluciones/AUTOS%202011/1754.pdf HTTP/1.1" 200 90520
216.244.66.195 - - [07/Oct/2023:02:25:09 -0500] "GET /BLA/resoluciones/AUTOS%202011/1794.pdf HTTP/1.1" 200 184952
216.244.66.195 - - [07/Oct/2023:02:25:12 -0500] "GET /BLA/resoluciones/AUTOS%202011/1905.pdf HTTP/1.1" 200 122128
216.244.66.195 - - [07/Oct/2023:02:25:16 -0500] "GET /BLA/resoluciones/AUTOS%202011/1977.pdf HTTP/1.1" 200 362559
216.244.66.195 - - [07/Oct/2023:02:25:19 -0500] "GET /BLA/resoluciones/AUTOS%202011/2077.pdf HTTP/1.1" 200 145442
216.244.66.195 - - [07/Oct/2023:02:25:21 -0500] "GET /BLA/resoluciones/AUTOS%202011/2639.pdf HTTP/1.1" 200 114464
216.244.66.195 - - [07/Oct/2023:02:25:24 -0500] "GET /BLA/resoluciones/AUTOS%202011/2793.pdf HTTP/1.1" 200 162303
216.244.66.195 - - [07/Oct/2023:02:25:26 -0500] "GET /BLA/resoluciones/AUTOS%202011/3090.pdf HTTP/1.1" 200 178903
216.244.66.195 - - [07/Oct/2023:02:25:28 -0500] "GET /BLA/resoluciones/AUTOS%202011/3202.pdf HTTP/1.1" 200 310375
216.244.66.195 - - [07/Oct/2023:02:25:31 -0500] "GET /BLA/resoluciones/AUTOS%202011/3369.pdf HTTP/1.1" 200 345903
216.244.66.195 - - [07/Oct/2023:02:25:34 -0500] "GET /BLA/resoluciones/AUTOS%202011/3455.pdf HTTP/1.1" 200 404731
216.244.66.195 - - [07/Oct/2023:02:25:38 -0500] "GET /BLA/resoluciones/AUTOS%202011/3608.pdf HTTP/1.1" 200 493133
216.244.66.195 - - [07/Oct/2023:02:25:42 -0500] "GET /BLA/resoluciones/AUTOS%202012/0105.pdf HTTP/1.1" 200 179946
216.244.66.195 - - [07/Oct/2023:02:25:45 -0500] "GET /BLA/resoluciones/AUTOS%202012/0153.pdf HTTP/1.1" 200 306573
216.244.66.195 - - [07/Oct/2023:02:25:48 -0500] "GET /BLA/resoluciones/AUTOS%202012/0982.pdf HTTP/1.1" 200 245941
216.244.66.195 - - [07/Oct/2023:02:25:50 -0500] "GET /BLA/resoluciones/AUTOS%202012/1371.pdf HTTP/1.1" 200 239204
216.244.66.195 - - [07/Oct/2023:02:25:53 -0500] "GET /BLA/resoluciones/AUTOS%202012/1529.pdf HTTP/1.1" 200 578031
216.244.66.195 - - [07/Oct/2023:02:25:56 -0500] "GET /BLA/resoluciones/AUTOS%202012/1788.pdf HTTP/1.1" 200 1087610
216.244.66.195 - - [07/Oct/2023:02:26:01 -0500] "GET /BLA/resoluciones/AUTOS%202012/1864.pdf HTTP/1.1" 200 262751
216.244.66.195 - - [07/Oct/2023:02:26:04 -0500] "GET /BLA/resoluciones/AUTOS%202012/2181.pdf HTTP/1.1" 200 1493911
216.244.66.195 - - [07/Oct/2023:02:26:11 -0500] "GET /BLA/resoluciones/AUTOS%202012/2258.pdf HTTP/1.1" 200 235468
216.244.66.195 - - [07/Oct/2023:02:26:15 -0500] "GET /BLA/resoluciones/AUTOS%202012/2487.pdf HTTP/1.1" 200 359833
201.245.192.253 - - [07/Oct/2023:02:26:15 -0500] "POST /kwsrmcab/Wsrmcab  HTTP/1.1" 200 42851
216.244.66.195 - - [07/Oct/2023:02:26:19 -0500] "GET /BLA/resoluciones/AUTOS%202012/2592.pdf HTTP/1.1" 200 270789
216.244.66.195 - - [07/Oct/2023:02:26:23 -0500] "GET /BLA/resoluciones/AUTOS%202012/2612.pdf HTTP/1.1" 200 1162909
201.245.192.253 - - [07/Oct/2023:02:26:25 -0500] "POST /forms/lservlet;jsessionid=ac16012b30d6e3ac83cfa34d44e69cdfe83dd14ea1cd.e3iSbxaKaheRe34Pbx8Nc3aQci1ynknvrkLOlQzNp65In0 HTTP/1.1" 200 2
216.244.66.195 - - [07/Oct/2023:02:26:28 -0500] "GET /BLA/resoluciones/AUTOS%202012/2879.pdf HTTP/1.1" 200 420158
201.245.192.253 - - [07/Oct/2023:02:26:30 -0500] "POST /forms/lservlet;jsessionid=ac16012b30d631b237d665c3491e938ed2fcaf258f77.e3iSbxaKaheRe34Pbx8Nc3aQci1ynknvrkLOlQzNp65In0 HTTP/1.1" 200 2
216.244.66.195 - - [07/Oct/2023:02:26:31 -0500] "GET /BLA/resoluciones/AUTOS%202013/0076.pdf HTTP/1.1" 200 350443
216.244.66.195 - - [07/Oct/2023:02:26:44 -0500] "GET /BLA/resoluciones/AUTOS%202013/0334.pdf HTTP/1.1" 200 588811
216.244.66.195 - - [07/Oct/2023:02:26:54 -0500] "GET /BLA/resoluciones/AUTOS%202013/0341.pdf HTTP/1.1" 200 618241
216.244.66.195 - - [07/Oct/2023:02:27:02 -0500] "GET /BLA/resoluciones/AUTOS%202013/0643.pdf HTTP/1.1" 200 1591379
216.245.221.92 - - [07/Oct/2023:02:27:07 -0500] "HEAD / HTTP/1.1" 200 -
66.249.66.20 - - [07/Oct/2023:02:27:08 -0500] "GET /Publicaciones/2023EE214613.pdf HTTP/1.1" 404 228
216.244.66.195 - - [07/Oct/2023:02:27:11 -0500] "GET /BLA/resoluciones/AUTOS%202013/1146.pdf HTTP/1.1" 200 529732
216.244.66.195 - - [07/Oct/2023:02:27:17 -0500] "GET /BLA/resoluciones/AUTOS%202013/1362.pdf HTTP/1.1" 200 836346
216.244.66.195 - - [07/Oct/2023:02:27:31 -0500] "GET /BLA/resoluciones/AUTOS%202013/1424.pdf HTTP/1.1" 200 649427
201.245.192.253 - - [07/Oct/2023:02:27:32 -0500] "POST /kwsrmcab/Wsrmcab HTTP/1.1" 200 42999
201.245.192.253 - - [07/Oct/2023:02:27:34 -0500] "POST /kwsrmcab/Wsrmcab HTTP/1.1" 200 43045
216.244.66.195 - - [07/Oct/2023:02:27:41 -0500] "GET /BLA/resoluciones/AUTOS%202013/1445.pdf HTTP/1.1" 200 444316
216.244.66.195 - - [07/Oct/2023:02:27:50 -0500] "GET /BLA/resoluciones/AUTOS%202013/1562.pdf HTTP/1.1" 200 990688
216.244.66.195 - - [07/Oct/2023:02:27:58 -0500] "GET /BLA/resoluciones/AUTOS%202013/1667.pdf HTTP/1.1" 200 249876
216.244.66.195 - - [07/Oct/2023:02:28:05 -0500] "GET /BLA/resoluciones/AUTOS%202013/1703.pdf HTTP/1.1" 200 159453
216.244.66.195 - - [07/Oct/2023:02:28:11 -0500] "GET /BLA/resoluciones/AUTOS%202013/1748.pdf HTTP/1.1" 200 901720
216.244.66.195 - - [07/Oct/2023:02:28:18 -0500] "GET /BLA/resoluciones/AUTOS%202013/1851.pdf HTTP/1.1" 200 1042134
216.244.66.195 - - [07/Oct/2023:02:28:24 -0500] "GET /BLA/resoluciones/AUTOS%202013/1904.pdf HTTP/1.1" 200 612038
201.245.192.253 - - [07/Oct/2023:02:28:25 -0500] "POST /forms/lservlet;jsessionid=ac16012b30d6e3ac83cfa34d44e69cdfe83dd14ea1cd.e3iSbxaKaheRe34Pbx8Nc3aQci1ynknvrkLOlQzNp65In0 HTTP/1.1" 200 2
216.244.66.195 - - [07/Oct/2023:02:28:29 -0500] "GET /BLA/resoluciones/AUTOS%202013/2228.pdf HTTP/1.1" 200 1129559
201.245.192.253 - - [07/Oct/2023:02:28:30 -0500] "POST /forms/lservlet;jsessionid=ac16012b30d631b237d665c3491e938ed2fcaf258f77.e3iSbxaKaheRe34Pbx8Nc3aQci1ynknvrkLOlQzNp65In0 HTTP/1.1" 200 2
216.244.66.195 - - [07/Oct/2023:02:28:34 -0500] "GET /BLA/resoluciones/AUTOS%202014/0089.pdf HTTP/1.1" 200 472990
216.244.66.195 - - [07/Oct/2023:02:28:41 -0500] "GET /BLA/resoluciones/AUTOS%202014/0770.pdf HTTP/1.1" 200 431327
216.244.66.195 - - [07/Oct/2023:02:28:55 -0500] "GET /BLA/resoluciones/AUTOS%202014/1105.pdf HTTP/1.1" 200 142149
216.244.66.195 - - [07/Oct/2023:02:29:07 -0500] "GET /BLA/resoluciones/AUTOS%202014/1331.pdf HTTP/1.1" 200 379420
216.244.66.195 - - [07/Oct/2023:02:29:19 -0500] "GET /BLA/resoluciones/AUTOS%202014/1833.pdf HTTP/1.1" 200 499528
216.244.66.195 - - [07/Oct/2023:02:29:30 -0500] "GET /BLA/resoluciones/AUTOS%202014/2337.pdf HTTP/1.1" 200 344459
216.244.66.195 - - [07/Oct/2023:02:29:39 -0500] "GET /BLA/resoluciones/AUTOS%202017/4168.pdf HTTP/1.1" 200 316796
216.244.66.195 - - [07/Oct/2023:02:29:48 -0500] "GET /BLA/resoluciones/AUTOS%202017/4896.pdf HTTP/1.1" 200 527549
172.22.2.4 - - [07/Oct/2023:02:28:15 -0500] "HEAD /BLA/boletinlegal/ HTTP/1.1" 200 -
216.244.66.195 - - [07/Oct/2023:02:29:56 -0500] "GET /BLA/resoluciones/RESOLUCIONES%202011/0140.pdf HTTP/1.1" 200 363766
216.244.66.195 - - [07/Oct/2023:02:30:02 -0500] "GET /BLA/resoluciones/RESOLUCIONES%202011/0192.pdf HTTP/1.1" 200 71311
216.244.66.195 - - [07/Oct/2023:02:30:08 -0500] "GET /BLA/resoluciones/RESOLUCIONES%202011/0425.pdf HTTP/1.1" 200 282697
216.244.66.195 - - [07/Oct/2023:02:30:13 -0500] "GET /BLA/resoluciones/RESOLUCIONES%202011/0658.pdf HTTP/1.1" 200 401976
216.244.66.195 - - [07/Oct/2023:02:30:17 -0500] "GET /BLA/resoluciones/RESOLUCIONES%202011/0676.pdf HTTP/1.1" 200 150486
216.244.66.195 - - [07/Oct/2023:02:30:21 -0500] "GET /BLA/resoluciones/RESOLUCIONES%202011/0991.pdf HTTP/1.1" 200 87483
216.244.66.195 - - [07/Oct/2023:02:30:24 -0500] "GET /BLA/resoluciones/RESOLUCIONES%202011/1000.pdf HTTP/1.1" 200 69459
201.245.192.253 - - [07/Oct/2023:02:30:25 -0500] "POST /forms/lservlet;jsessionid=ac16012b30d6e3ac83cfa34d44e69cdfe83dd14ea1cd.e3iSbxaKaheRe34Pbx8Nc3aQci1ynknvrkLOlQzNp65In0 HTTP/1.1" 200 2
216.244.66.195 - - [07/Oct/2023:02:30:27 -0500] "GET /BLA/resoluciones/RESOLUCIONES%202011/1004.pdf HTTP/1.1" 200 65541
216.244.66.195 - - [07/Oct/2023:02:30:29 -0500] "GET /BLA/resoluciones/RESOLUCIONES%202011/1262.pdf HTTP/1.1" 200 364026
201.245.192.253 - - [07/Oct/2023:02:30:30 -0500] "POST /forms/lservlet;jsessionid=ac16012b30d631b237d665c3491e938ed2fcaf258f77.e3iSbxaKaheRe34Pbx8Nc3aQci1ynknvrkLOlQzNp65In0 HTTP/1.1" 200 2
216.244.66.195 - - [07/Oct/2023:02:30:32 -0500] "GET /BLA/resoluciones/RESOLUCIONES%202011/1406.pdf HTTP/1.1" 200 100291
216.244.66.195 - - [07/Oct/2023:02:30:35 -0500] "GET /BLA/resoluciones/RESOLUCIONES%202011/1484.pdf HTTP/1.1" 200 69801
216.244.66.195 - - [07/Oct/2023:02:30:37 -0500] "GET /BLA/resoluciones/RESOLUCIONES%202011/1493.pdf HTTP/1.1" 200 72259
216.244.66.195 - - [07/Oct/2023:02:30:38 -0500] "GET /BLA/resoluciones/RESOLUCIONES%202011/1607.pdf HTTP/1.1" 200 83273
216.244.66.195 - - [07/Oct/2023:02:30:40 -0500] "GET /BLA/resoluciones/AUTOS%202009/0185.pdf HTTP/1.1" 200 68022
216.244.66.195 - - [07/Oct/2023:02:30:42 -0500] "GET /BLA/resoluciones/AUTOS%202014/0882.pdf HTTP/1.1" 200 572876
216.244.66.195 - - [07/Oct/2023:02:30:45 -0500] "GET /BLA/resoluciones/RESOLUCIONES%202008/2961.pdf HTTP/1.1" 200 309122
172.22.2.4 - - [07/Oct/2023:02:29:06 -0500] "GET /BLA/boletinlegal/ HTTP/1.1" 200 60342
216.244.66.195 - - [07/Oct/2023:02:30:48 -0500] "GET /BLA/resoluciones/RESOLUCIONES%202015/2926.pdf HTTP/1.1" 200 876801
216.244.66.195 - - [07/Oct/2023:02:30:52 -0500] "GET /BLA/resoluciones/AUTOS%202008/0002.pdf HTTP/1.1" 200 76647
216.244.66.195 - - [07/Oct/2023:02:30:55 -0500] "GET /BLA/resoluciones/AUTOS%202008/0215.pdf HTTP/1.1" 200 101794
216.244.66.195 - - [07/Oct/2023:02:30:58 -0500] "GET /BLA/resoluciones/AUTOS%202008/0520.pdf HTTP/1.1" 200 62699
216.244.66.195 - - [07/Oct/2023:02:31:00 -0500] "GET /BLA/resoluciones/AUTOS%202008/0556.pdf HTTP/1.1" 200 99112
216.244.66.195 - - [07/Oct/2023:02:31:02 -0500] "GET /BLA/resoluciones/AUTOS%202008/0637.pdf HTTP/1.1" 200 118097
216.244.66.195 - - [07/Oct/2023:02:31:05 -0500] "GET /BLA/resoluciones/AUTOS%202008/0707.pdf HTTP/1.1" 200 85345
216.244.66.195 - - [07/Oct/2023:02:31:07 -0500] "GET /BLA/resoluciones/AUTOS%202008/0721.pdf HTTP/1.1" 200 78256
216.244.66.195 - - [07/Oct/2023:02:31:09 -0500] "GET /BLA/resoluciones/AUTOS%202008/1146.pdf HTTP/1.1" 200 66144
216.244.66.195 - - [07/Oct/2023:02:31:10 -0500] "GET /BLA/resoluciones/AUTOS%202008/1249.pdf HTTP/1.1" 200 81817
216.244.66.195 - - [07/Oct/2023:02:31:12 -0500] "GET /BLA/resoluciones/AUTOS%202008/1329.pdf HTTP/1.1" 200 83101
216.244.66.195 - - [07/Oct/2023:02:31:15 -0500] "GET /BLA/resoluciones/AUTOS%202008/1462.pdf HTTP/1.1" 200 94741
201.245.192.253 - - [07/Oct/2023:02:31:14 -0500] "POST /kwsrmcab/Wsrmcab  HTTP/1.1" 200 42851
216.244.66.195 - - [07/Oct/2023:02:31:17 -0500] "GET /BLA/resoluciones/AUTOS%202008/1641.pdf HTTP/1.1" 200 72627
216.244.66.195 - - [07/Oct/2023:02:31:19 -0500] "GET /BLA/resoluciones/AUTOS%202008/1940.pdf HTTP/1.1" 200 109173
216.244.66.195 - - [07/Oct/2023:02:31:21 -0500] "GET /BLA/resoluciones/AUTOS%202008/1950.pdf HTTP/1.1" 200 97482
216.244.66.195 - - [07/Oct/2023:02:31:23 -0500] "GET /BLA/resoluciones/AUTOS%202008/1992.pdf HTTP/1.1" 200 64610
216.244.66.195 - - [07/Oct/2023:02:31:24 -0500] "GET /BLA/resoluciones/AUTOS%202013/0864.pdf HTTP/1.1" 200 1864509
216.244.66.195 - - [07/Oct/2023:02:31:30 -0500] "GET /BLA/resoluciones/AUTOS%202013/1378.pdf HTTP/1.1" 200 2060923
216.244.66.195 - - [07/Oct/2023:02:31:36 -0500] "GET /BLA/resoluciones/AUTOS%202013/1662.pdf HTTP/1.1" 200 176697
216.245.221.92 - - [07/Oct/2023:02:32:07 -0500] "HEAD / HTTP/1.1" 200 -
66.102.8.38 - - [07/Oct/2023:02:32:18 -0500] "GET /Publicaciones/SSFFS-01848-2020.zip HTTP/1.1" 404 232
201.245.192.253 - - [07/Oct/2023:02:32:25 -0500] "POST /forms/lservlet;jsessionid=ac16012b30d6e3ac83cfa34d44e69cdfe83dd14ea1cd.e3iSbxaKaheRe34Pbx8Nc3aQci1ynknvrkLOlQzNp65In0 HTTP/1.1" 200 2
201.245.192.253 - - [07/Oct/2023:02:32:30 -0500] "POST /forms/lservlet;jsessionid=ac16012b30d631b237d665c3491e938ed2fcaf258f77.e3iSbxaKaheRe34Pbx8Nc3aQci1ynknvrkLOlQzNp65In0 HTTP/1.1" 200 2
207.46.13.127 - - [07/Oct/2023:02:32:34 -0500] "GET /Publicaciones/2023EE227974.pdf HTTP/1.1" 200 331519
201.245.192.253 - - [07/Oct/2023:02:34:25 -0500] "POST /forms/lservlet;jsessionid=ac16012b30d6e3ac83cfa34d44e69cdfe83dd14ea1cd.e3iSbxaKaheRe34Pbx8Nc3aQci1ynknvrkLOlQzNp65In0 HTTP/1.1" 200 2
201.245.192.253 - - [07/Oct/2023:02:34:30 -0500] "POST /forms/lservlet;jsessionid=ac16012b30d631b237d665c3491e938ed2fcaf258f77.e3iSbxaKaheRe34Pbx8Nc3aQci1ynknvrkLOlQzNp65In0 HTTP/1.1" 200 2
216.244.66.195 - - [07/Oct/2023:02:35:27 -0500] "GET /robots.txt HTTP/1.1" 404 1018
172.22.2.4 - - [07/Oct/2023:02:34:05 -0500] "HEAD /BLA/boletinlegal/ HTTP/1.1" 200 -
201.245.192.253 - - [07/Oct/2023:02:36:13 -0500] "POST /kwsrmcab/Wsrmcab  HTTP/1.1" 200 42851
201.245.192.253 - - [07/Oct/2023:02:36:25 -0500] "POST /forms/lservlet;jsessionid=ac16012b30d6e3ac83cfa34d44e69cdfe83dd14ea1cd.e3iSbxaKaheRe34Pbx8Nc3aQci1ynknvrkLOlQzNp65In0 HTTP/1.1" 200 2
201.245.192.253 - - [07/Oct/2023:02:36:30 -0500] "POST /forms/lservlet;jsessionid=ac16012b30d631b237d665c3491e938ed2fcaf258f77.e3iSbxaKaheRe34Pbx8Nc3aQci1ynknvrkLOlQzNp65In0 HTTP/1.1" 200 2
172.22.2.4 - - [07/Oct/2023:02:34:56 -0500] "GET /BLA/boletinlegal/ HTTP/1.1" 200 60342
216.245.221.92 - - [07/Oct/2023:02:37:07 -0500] "HEAD / HTTP/1.1" 200 -
201.245.192.253 - - [07/Oct/2023:02:37:32 -0500] "POST /kwsrmcab/Wsrmcab HTTP/1.1" 200 42999
201.245.192.253 - - [07/Oct/2023:02:37:35 -0500] "POST /kwsrmcab/Wsrmcab HTTP/1.1" 200 43045
201.245.192.253 - - [07/Oct/2023:02:38:25 -0500] "POST /forms/lservlet;jsessionid=ac16012b30d6e3ac83cfa34d44e69cdfe83dd14ea1cd.e3iSbxaKaheRe34Pbx8Nc3aQci1ynknvrkLOlQzNp65In0 HTTP/1.1" 200 2
201.245.192.253 - - [07/Oct/2023:02:38:30 -0500] "POST /forms/lservlet;jsessionid=ac16012b30d631b237d665c3491e938ed2fcaf258f77.e3iSbxaKaheRe34Pbx8Nc3aQci1ynknvrkLOlQzNp65In0 HTTP/1.1" 200 2
52.167.144.237 - - [07/Oct/2023:02:38:27 -0500] "GET /Publicaciones/2023EE228014.pdf HTTP/1.1" 200 12158871
69.63.189.118 - - [07/Oct/2023:02:38:39 -0500] "GET /images/Zuque%20(1)%20(1).jpeg HTTP/1.1" 200 66921
69.63.189.117 - - [07/Oct/2023:02:38:43 -0500] "GET /images/pieza-voluntariado-ambiental.jpeg HTTP/1.1" 200 51125
201.245.192.253 - - [07/Oct/2023:02:40:25 -0500] "POST /forms/lservlet;jsessionid=ac16012b30d6e3ac83cfa34d44e69cdfe83dd14ea1cd.e3iSbxaKaheRe34Pbx8Nc3aQci1ynknvrkLOlQzNp65In0 HTTP/1.1" 200 2
201.245.192.253 - - [07/Oct/2023:02:40:30 -0500] "POST /forms/lservlet;jsessionid=ac16012b30d631b237d665c3491e938ed2fcaf258f77.e3iSbxaKaheRe34Pbx8Nc3aQci1ynknvrkLOlQzNp65In0 HTTP/1.1" 200 2
201.245.192.253 - - [07/Oct/2023:02:41:13 -0500] "POST /kwsrmcab/Wsrmcab  HTTP/1.1" 200 42851
172.22.2.4 - - [07/Oct/2023:02:39:55 -0500] "HEAD /BLA/boletinlegal/ HTTP/1.1" 200 -
66.102.8.36 - - [07/Oct/2023:02:42:06 -0500] "GET /Publicaciones/SSFFS-00573-2016.zip HTTP/1.1" 404 232
216.245.221.92 - - [07/Oct/2023:02:42:07 -0500] "HEAD / HTTP/1.1" 200 -
201.245.192.253 - - [07/Oct/2023:02:42:25 -0500] "POST /forms/lservlet;jsessionid=ac16012b30d6e3ac83cfa34d44e69cdfe83dd14ea1cd.e3iSbxaKaheRe34Pbx8Nc3aQci1ynknvrkLOlQzNp65In0 HTTP/1.1" 200 2
172.22.2.4 - - [07/Oct/2023:02:40:46 -0500] "GET /BLA/boletinlegal/ HTTP/1.1" 200 57790
201.245.192.253 - - [07/Oct/2023:02:42:30 -0500] "POST /forms/lservlet;jsessionid=ac16012b30d631b237d665c3491e938ed2fcaf258f77.e3iSbxaKaheRe34Pbx8Nc3aQci1ynknvrkLOlQzNp65In0 HTTP/1.1" 200 2
201.245.192.253 - - [07/Oct/2023:02:44:25 -0500] "POST /forms/lservlet;jsessionid=ac16012b30d6e3ac83cfa34d44e69cdfe83dd14ea1cd.e3iSbxaKaheRe34Pbx8Nc3aQci1ynknvrkLOlQzNp65In0 HTTP/1.1" 200 2
201.245.192.253 - - [07/Oct/2023:02:44:30 -0500] "POST /forms/lservlet;jsessionid=ac16012b30d631b237d665c3491e938ed2fcaf258f77.e3iSbxaKaheRe34Pbx8Nc3aQci1ynknvrkLOlQzNp65In0 HTTP/1.1" 200 2
201.245.192.253 - - [07/Oct/2023:02:46:11 -0500] "POST /kwsrmcab/Wsrmcab  HTTP/1.1" 200 42851
201.245.192.253 - - [07/Oct/2023:02:46:25 -0500] "POST /forms/lservlet;jsessionid=ac16012b30d6e3ac83cfa34d44e69cdfe83dd14ea1cd.e3iSbxaKaheRe34Pbx8Nc3aQci1ynknvrkLOlQzNp65In0 HTTP/1.1" 200 2
201.245.192.253 - - [07/Oct/2023:02:46:30 -0500] "POST /forms/lservlet;jsessionid=ac16012b30d631b237d665c3491e938ed2fcaf258f77.e3iSbxaKaheRe34Pbx8Nc3aQci1ynknvrkLOlQzNp65In0 HTTP/1.1" 200 2
216.245.221.92 - - [07/Oct/2023:02:47:07 -0500] "HEAD / HTTP/1.1" 200 -
172.22.2.4 - - [07/Oct/2023:02:45:45 -0500] "HEAD /BLA/boletinlegal/ HTTP/1.1" 200 -
172.22.2.4 - - [07/Oct/2023:02:46:12 -0500] "GET /BLA/boletinlegal/ HTTP/1.1" 200 40232
172.22.2.4 - - [07/Oct/2023:02:46:36 -0500] "GET /BLA/boletinlegal/ HTTP/1.1" 200 45101
201.245.192.253 - - [07/Oct/2023:02:48:25 -0500] "POST /forms/lservlet;jsessionid=ac16012b30d6e3ac83cfa34d44e69cdfe83dd14ea1cd.e3iSbxaKaheRe34Pbx8Nc3aQci1ynknvrkLOlQzNp65In0 HTTP/1.1" 200 2
201.245.192.253 - - [07/Oct/2023:02:48:30 -0500] "POST /forms/lservlet;jsessionid=ac16012b30d631b237d665c3491e938ed2fcaf258f77.e3iSbxaKaheRe34Pbx8Nc3aQci1ynknvrkLOlQzNp65In0 HTTP/1.1" 200 2
216.244.66.195 - - [07/Oct/2023:02:49:15 -0500] "GET /BLA/resoluciones/RESOLUCIONES%202022/0861.pdf HTTP/1.1" 200 338247
35.217.84.239 - - [07/Oct/2023:02:49:37 -0500] "GET / HTTP/1.1" 200 4720
35.217.84.239 - - [07/Oct/2023:02:49:38 -0500] "GET /robots.txt HTTP/1.1" 404 1034
35.217.84.239 - - [07/Oct/2023:02:49:41 -0500] "GET /js/url.js HTTP/1.1" 404 1198
35.217.84.239 - - [07/Oct/2023:02:49:44 -0500] "GET /ads.txt HTTP/1.1" 404 1034
35.217.84.239 - - [07/Oct/2023:02:49:44 -0500] "GET /js/url.js HTTP/1.1" 404 1034
35.217.84.239 - - [07/Oct/2023:02:49:44 -0500] "GET /app-ads.txt HTTP/1.1" 404 1034
216.244.66.195 - - [07/Oct/2023:02:50:02 -0500] "GET /BLA/resoluciones/RESOLUCIONES%202022/2088.pdf HTTP/1.1" 200 410943
172.22.2.4 - - [07/Oct/2023:02:50:19 -0500] "GET /BLA/boletinlegal/jurisprudencia.php HTTP/1.1" 200 17583
201.245.192.253 - - [07/Oct/2023:02:50:25 -0500] "POST /forms/lservlet;jsessionid=ac16012b30d6e3ac83cfa34d44e69cdfe83dd14ea1cd.e3iSbxaKaheRe34Pbx8Nc3aQci1ynknvrkLOlQzNp65In0 HTTP/1.1" 200 2
201.245.192.253 - - [07/Oct/2023:02:50:30 -0500] "POST /forms/lservlet;jsessionid=ac16012b30d631b237d665c3491e938ed2fcaf258f77.e3iSbxaKaheRe34Pbx8Nc3aQci1ynknvrkLOlQzNp65In0 HTTP/1.1" 200 2
216.244.66.195 - - [07/Oct/2023:02:50:52 -0500] "GET /BLA/resoluciones/RESOLUCIONES%202022/2489.pdf HTTP/1.1" 200 429726
201.245.192.253 - - [07/Oct/2023:02:51:09 -0500] "POST /kwsrmcab/Wsrmcab  HTTP/1.1" 200 42851
216.244.66.195 - - [07/Oct/2023:02:51:42 -0500] "GET /BLA/resoluciones/RESOLUCIONES%202022/3260.pdf HTTP/1.1" 200 419427
216.245.221.92 - - [07/Oct/2023:02:52:07 -0500] "HEAD / HTTP/1.1" 200 -
201.245.192.253 - - [07/Oct/2023:02:52:25 -0500] "POST /forms/lservlet;jsessionid=ac16012b30d6e3ac83cfa34d44e69cdfe83dd14ea1cd.e3iSbxaKaheRe34Pbx8Nc3aQci1ynknvrkLOlQzNp65In0 HTTP/1.1" 200 2
66.102.8.36 - - [07/Oct/2023:02:52:27 -0500] "GET /Publicaciones/SSFFS-10882-2021.zip HTTP/1.1" 404 232
201.245.192.253 - - [07/Oct/2023:02:52:30 -0500] "POST /forms/lservlet;jsessionid=ac16012b30d631b237d665c3491e938ed2fcaf258f77.e3iSbxaKaheRe34Pbx8Nc3aQci1ynknvrkLOlQzNp65In0 HTTP/1.1" 200 2
216.244.66.195 - - [07/Oct/2023:02:52:32 -0500] "GET /BLA/resoluciones/RESOLUCIONES%202022/3335.pdf HTTP/1.1" 200 531779
172.22.2.4 - - [07/Oct/2023:02:51:35 -0500] "HEAD /BLA/boletinlegal/ HTTP/1.1" 200 -
216.244.66.195 - - [07/Oct/2023:02:53:22 -0500] "GET /BLA/resoluciones/RESOLUCIONES%202022/3368.pdf HTTP/1.1" 200 384533
172.22.2.4 - - [07/Oct/2023:02:52:26 -0500] "GET /BLA/boletinlegal/ HTTP/1.1" 200 58981
216.244.66.195 - - [07/Oct/2023:02:54:11 -0500] "GET /BLA/resoluciones/RESOLUCIONES%202022/5037.pdf HTTP/1.1" 200 488678
201.245.192.253 - - [07/Oct/2023:02:54:25 -0500] "POST /forms/lservlet;jsessionid=ac16012b30d6e3ac83cfa34d44e69cdfe83dd14ea1cd.e3iSbxaKaheRe34Pbx8Nc3aQci1ynknvrkLOlQzNp65In0 HTTP/1.1" 200 2
201.245.192.253 - - [07/Oct/2023:02:54:30 -0500] "POST /forms/lservlet;jsessionid=ac16012b30d631b237d665c3491e938ed2fcaf258f77.e3iSbxaKaheRe34Pbx8Nc3aQci1ynknvrkLOlQzNp65In0 HTTP/1.1" 200 2
216.244.66.195 - - [07/Oct/2023:02:55:01 -0500] "GET /BLA/resoluciones/RESOLUCIONES%202022/5073.pdf HTTP/1.1" 200 384971
40.77.167.19 - - [07/Oct/2023:02:55:30 -0500] "GET /Publicaciones/2023EE198771.pdf HTTP/1.1" 404 228
216.244.66.195 - - [07/Oct/2023:02:55:51 -0500] "GET /BLA/resoluciones/RESOLUCIONES%202022/5530.pdf HTTP/1.1" 200 415885
201.245.192.253 - - [07/Oct/2023:02:56:09 -0500] "POST /kwsrmcab/Wsrmcab  HTTP/1.1" 200 42851
201.245.192.253 - - [07/Oct/2023:02:56:25 -0500] "POST /forms/lservlet;jsessionid=ac16012b30d6e3ac83cfa34d44e69cdfe83dd14ea1cd.e3iSbxaKaheRe34Pbx8Nc3aQci1ynknvrkLOlQzNp65In0 HTTP/1.1" 200 2
201.245.192.253 - - [07/Oct/2023:02:56:30 -0500] "POST /forms/lservlet;jsessionid=ac16012b30d631b237d665c3491e938ed2fcaf258f77.e3iSbxaKaheRe34Pbx8Nc3aQci1ynknvrkLOlQzNp65In0 HTTP/1.1" 200 2
216.244.66.195 - - [07/Oct/2023:02:56:39 -0500] "GET /BLA/resoluciones/RESOLUCIONES%202022/5588.pdf HTTP/1.1" 200 287846
216.245.221.92 - - [07/Oct/2023:02:57:07 -0500] "HEAD / HTTP/1.1" 200 -
216.244.66.195 - - [07/Oct/2023:02:57:27 -0500] "GET /BLA/resoluciones/RESOLUCIONES%202023/0030.pdf HTTP/1.1" 200 390648
216.244.66.195 - - [07/Oct/2023:02:58:14 -0500] "GET /BLA/resoluciones/RESOLUCIONES%202023/0037.pdf HTTP/1.1" 200 2351110
201.245.192.253 - - [07/Oct/2023:02:58:25 -0500] "POST /forms/lservlet;jsessionid=ac16012b30d6e3ac83cfa34d44e69cdfe83dd14ea1cd.e3iSbxaKaheRe34Pbx8Nc3aQci1ynknvrkLOlQzNp65In0 HTTP/1.1" 200 2
52.167.144.199 - - [07/Oct/2023:02:58:25 -0500] "GET /portaldeninos/parque-mirador-de-los-nevados/ HTTP/1.1" 200 89855
201.245.192.253 - - [07/Oct/2023:02:58:30 -0500] "POST /forms/lservlet;jsessionid=ac16012b30d631b237d665c3491e938ed2fcaf258f77.e3iSbxaKaheRe34Pbx8Nc3aQci1ynknvrkLOlQzNp65In0 HTTP/1.1" 200 2
216.244.66.195 - - [07/Oct/2023:02:59:05 -0500] "GET /BLA/resoluciones/RESOLUCIONES%202023/0037a.pdf HTTP/1.1" 200 456732
172.22.2.4 - - [07/Oct/2023:02:57:25 -0500] "HEAD /BLA/boletinlegal/ HTTP/1.1" 200 -
172.22.2.4 - - [07/Oct/2023:02:58:16 -0500] "GET /BLA/boletinlegal/ HTTP/1.1" 200 58187
216.244.66.195 - - [07/Oct/2023:02:59:58 -0500] "GET /BLA/resoluciones/RESOLUCIONES%202023/0906.pdf HTTP/1.1" 200 393373
201.245.192.253 - - [07/Oct/2023:03:00:25 -0500] "POST /forms/lservlet;jsessionid=ac16012b30d6e3ac83cfa34d44e69cdfe83dd14ea1cd.e3iSbxaKaheRe34Pbx8Nc3aQci1ynknvrkLOlQzNp65In0 HTTP/1.1" 200 2
201.245.192.253 - - [07/Oct/2023:03:00:30 -0500] "POST /forms/lservlet;jsessionid=ac16012b30d631b237d665c3491e938ed2fcaf258f77.e3iSbxaKaheRe34Pbx8Nc3aQci1ynknvrkLOlQzNp65In0 HTTP/1.1" 200 2
216.244.66.195 - - [07/Oct/2023:03:00:48 -0500] "GET /BLA/resoluciones/RESOLUCIONES%202023/1013.pdf HTTP/1.1" 200 446993
201.245.192.253 - - [07/Oct/2023:03:01:06 -0500] "POST /kwsrmcab/Wsrmcab  HTTP/1.1" 200 42851
216.244.66.195 - - [07/Oct/2023:03:01:37 -0500] "GET /BLA/resoluciones/AUTOS%202004/1669.pdf HTTP/1.1" 200 44803
216.245.221.92 - - [07/Oct/2023:03:02:07 -0500] "HEAD / HTTP/1.1" 200 -
216.244.66.195 - - [07/Oct/2023:03:02:10 -0500] "GET /BLA/resoluciones/AUTOS%202007/0489.pdf HTTP/1.1" 200 96140
66.102.8.38 - - [07/Oct/2023:03:02:17 -0500] "GET /Publicaciones/SSFFS-08683-2020.zip HTTP/1.1" 404 232
201.245.192.253 - - [07/Oct/2023:03:02:25 -0500] "POST /forms/lservlet;jsessionid=ac16012b30d6e3ac83cfa34d44e69cdfe83dd14ea1cd.e3iSbxaKaheRe34Pbx8Nc3aQci1ynknvrkLOlQzNp65In0 HTTP/1.1" 200 2
201.245.192.253 - - [07/Oct/2023:03:02:30 -0500] "POST /forms/lservlet;jsessionid=ac16012b30d631b237d665c3491e938ed2fcaf258f77.e3iSbxaKaheRe34Pbx8Nc3aQci1ynknvrkLOlQzNp65In0 HTTP/1.1" 200 2
216.244.66.195 - - [07/Oct/2023:03:02:43 -0500] "GET /BLA/resoluciones/AUTOS%202007/1888.pdf HTTP/1.1" 200 175507
216.244.66.195 - - [07/Oct/2023:03:03:18 -0500] "GET /BLA/resoluciones/AUTOS%202010/0131.pdf HTTP/1.1" 200 214141
216.244.66.195 - - [07/Oct/2023:03:03:46 -0500] "GET /BLA/resoluciones/AUTOS%202010/0378.pdf HTTP/1.1" 200 176891
216.244.66.195 - - [07/Oct/2023:03:04:14 -0500] "GET /BLA/resoluciones/AUTOS%202010/0477.pdf HTTP/1.1" 200 194903
201.245.192.253 - - [07/Oct/2023:03:04:25 -0500] "POST /forms/lservlet;jsessionid=ac16012b30d6e3ac83cfa34d44e69cdfe83dd14ea1cd.e3iSbxaKaheRe34Pbx8Nc3aQci1ynknvrkLOlQzNp65In0 HTTP/1.1" 200 2
172.22.2.4 - - [07/Oct/2023:03:04:28 -0500] "GET /BLA/boletinlegal/robots.txt HTTP/1.1" 404 1038
172.22.2.4 - - [07/Oct/2023:03:04:28 -0500] "GET /BLA/boletinlegal/Circulares/2020/Circular%20No.%2000018%20del%2002%20de%20diciembre%20del%202020.pdf HTTP/1.1" 304 -
201.245.192.253 - - [07/Oct/2023:03:04:30 -0500] "POST /forms/lservlet;jsessionid=ac16012b30d631b237d665c3491e938ed2fcaf258f77.e3iSbxaKaheRe34Pbx8Nc3aQci1ynknvrkLOlQzNp65In0 HTTP/1.1" 200 2
