216.244.66.195 - - [07/Oct/2023:17:55:55 -0500] "GET /BLA/resoluciones/AUTOS%202023/2955.pdf HTTP/1.1" 200 454944
216.244.66.195 - - [07/Oct/2023:17:56:31 -0500] "GET /BLA/resoluciones/AUTOS%202023/3123.pdf HTTP/1.1" 200 1375872
201.245.192.253 - - [07/Oct/2023:17:56:41 -0500] "POST /forms/lservlet;jsessionid=ac16012b30d6e3ac83cfa34d44e69cdfe83dd14ea1cd.e3iSbxaKaheRe34Pbx8Nc3aQci1ynknvrkLOlQzNp65In0 HTTP/1.1" 200 2
207.46.13.124 - - [07/Oct/2023:17:56:46 -0500] "GET /bla/resoluciones/resoluciones%202023/0828.pdf HTTP/1.1" 200 371524
201.245.192.253 - - [07/Oct/2023:17:56:48 -0500] "POST /forms/lservlet;jsessionid=ac16012b30d631b237d665c3491e938ed2fcaf258f77.e3iSbxaKaheRe34Pbx8Nc3aQci1ynknvrkLOlQzNp65In0 HTTP/1.1" 200 2
216.245.221.92 - - [07/Oct/2023:17:57:05 -0500] "HEAD / HTTP/1.1" 200 -
216.244.66.195 - - [07/Oct/2023:17:57:21 -0500] "GET /BLA/resoluciones/AUTOS%202023/3425.pdf HTTP/1.1" 200 673262
172.22.2.4 - - [07/Oct/2023:17:55:44 -0500] "HEAD /BLA/boletinlegal/ HTTP/1.1" 200 -
201.245.192.253 - - [07/Oct/2023:17:57:36 -0500] "POST /kwsrmcab/Wsrmcab  HTTP/1.1" 200 42851
216.244.66.195 - - [07/Oct/2023:17:58:11 -0500] "GET /BLA/resoluciones/AUTOS%202023/3444.pdf HTTP/1.1" 200 460007
172.22.2.4 - - [07/Oct/2023:17:56:35 -0500] "GET /BLA/boletinlegal/ HTTP/1.1" 200 60342
201.245.192.253 - - [07/Oct/2023:17:58:41 -0500] "POST /forms/lservlet;jsessionid=ac16012b30d6e3ac83cfa34d44e69cdfe83dd14ea1cd.e3iSbxaKaheRe34Pbx8Nc3aQci1ynknvrkLOlQzNp65In0 HTTP/1.1" 200 2
201.245.192.253 - - [07/Oct/2023:17:58:48 -0500] "POST /forms/lservlet;jsessionid=ac16012b30d631b237d665c3491e938ed2fcaf258f77.e3iSbxaKaheRe34Pbx8Nc3aQci1ynknvrkLOlQzNp65In0 HTTP/1.1" 200 2
216.244.66.195 - - [07/Oct/2023:17:58:58 -0500] "GET /BLA/resoluciones/AUTOS%202023/3463.pdf HTTP/1.1" 200 313459
207.46.13.128 - - [07/Oct/2023:17:59:11 -0500] "GET /bla/resoluciones/autos%202010/3994.pdf HTTP/1.1" 200 4166689
216.244.66.195 - - [07/Oct/2023:17:59:35 -0500] "GET /BLA/resoluciones/AUTOS%202023/3523.pdf HTTP/1.1" 200 873597
216.244.66.195 - - [07/Oct/2023:18:00:26 -0500] "GET /BLA/resoluciones/AUTOS%202023/3537.pdf HTTP/1.1" 200 1218745
201.245.192.253 - - [07/Oct/2023:18:00:41 -0500] "POST /forms/lservlet;jsessionid=ac16012b30d6e3ac83cfa34d44e69cdfe83dd14ea1cd.e3iSbxaKaheRe34Pbx8Nc3aQci1ynknvrkLOlQzNp65In0 HTTP/1.1" 200 2
201.245.192.253 - - [07/Oct/2023:18:00:48 -0500] "POST /forms/lservlet;jsessionid=ac16012b30d631b237d665c3491e938ed2fcaf258f77.e3iSbxaKaheRe34Pbx8Nc3aQci1ynknvrkLOlQzNp65In0 HTTP/1.1" 200 2
216.244.66.195 - - [07/Oct/2023:18:01:16 -0500] "GET /BLA/resoluciones/AUTOS%202023/4008.pdf HTTP/1.1" 200 832837
216.245.221.92 - - [07/Oct/2023:18:02:05 -0500] "HEAD / HTTP/1.1" 200 -
216.244.66.195 - - [07/Oct/2023:18:02:06 -0500] "GET /BLA/resoluciones/RESOLUCIONES%202006/0880.tif HTTP/1.1" 200 39592
216.244.66.195 - - [07/Oct/2023:18:02:36 -0500] "GET /BLA/resoluciones/RESOLUCIONES%202006/1415.pdf HTTP/1.1" 200 196938
201.245.192.253 - - [07/Oct/2023:18:02:35 -0500] "POST /kwsrmcab/Wsrmcab  HTTP/1.1" 200 42851
201.245.192.253 - - [07/Oct/2023:18:02:41 -0500] "POST /forms/lservlet;jsessionid=ac16012b30d6e3ac83cfa34d44e69cdfe83dd14ea1cd.e3iSbxaKaheRe34Pbx8Nc3aQci1ynknvrkLOlQzNp65In0 HTTP/1.1" 200 2
201.245.192.253 - - [07/Oct/2023:18:02:48 -0500] "POST /forms/lservlet;jsessionid=ac16012b30d631b237d665c3491e938ed2fcaf258f77.e3iSbxaKaheRe34Pbx8Nc3aQci1ynknvrkLOlQzNp65In0 HTTP/1.1" 200 2
172.22.2.4 - - [07/Oct/2023:18:02:57 -0500] "GET /BLA/boletinlegal/robots.txt HTTP/1.1" 404 1038
172.22.2.4 - - [07/Oct/2023:18:02:59 -0500] "GET /BLA/boletinlegal/jurisprudencia.php HTTP/1.1" 200 17583
216.244.66.195 - - [07/Oct/2023:18:03:05 -0500] "GET /BLA/resoluciones/RESOLUCIONES%202011/1850.pdf HTTP/1.1" 200 1923935
173.252.95.118 - - [07/Oct/2023:18:03:13 -0500] "GET /secretaria-de-ambiente-en-sumapaz-trabajo-de-la-mano-con-los-campesinos-aliados-de-la-conservacion.html HTTP/1.1" 200 853
172.22.2.4 - - [07/Oct/2023:18:01:34 -0500] "HEAD /BLA/boletinlegal/ HTTP/1.1" 200 -
172.22.2.4 - - [07/Oct/2023:18:01:51 -0500] "GET /BLA/boletinlegal/ HTTP/1.1" 200 47863
216.244.66.195 - - [07/Oct/2023:18:03:55 -0500] "GET /BLA/resoluciones/RESOLUCIONES%202014/3019.pdf HTTP/1.1" 200 352592
157.55.39.12 - - [07/Oct/2023:18:03:55 -0500] "GET /bla/resoluciones/autos%202010/6622.pdf HTTP/1.1" 200 155113
172.22.2.4 - - [07/Oct/2023:18:02:25 -0500] "GET /BLA/boletinlegal/ HTTP/1.1" 200 48660
201.245.192.253 - - [07/Oct/2023:18:04:41 -0500] "POST /forms/lservlet;jsessionid=ac16012b30d6e3ac83cfa34d44e69cdfe83dd14ea1cd.e3iSbxaKaheRe34Pbx8Nc3aQci1ynknvrkLOlQzNp65In0 HTTP/1.1" 200 2
201.245.192.253 - - [07/Oct/2023:18:04:48 -0500] "POST /forms/lservlet;jsessionid=ac16012b30d631b237d665c3491e938ed2fcaf258f77.e3iSbxaKaheRe34Pbx8Nc3aQci1ynknvrkLOlQzNp65In0 HTTP/1.1" 200 2
74.91.59.213 - - [07/Oct/2023:18:04:59 -0500] "GET /camaras-trampa HTTP/1.1" 404 1034
207.46.13.107 - - [07/Oct/2023:18:05:03 -0500] "GET /Publicaciones/2023EE231989.pdf HTTP/1.1" 200 477119
74.91.59.104 - - [07/Oct/2023:18:06:20 -0500] "GET /camaras-trampa HTTP/1.1" 404 1034
201.245.192.253 - - [07/Oct/2023:18:06:41 -0500] "POST /forms/lservlet;jsessionid=ac16012b30d6e3ac83cfa34d44e69cdfe83dd14ea1cd.e3iSbxaKaheRe34Pbx8Nc3aQci1ynknvrkLOlQzNp65In0 HTTP/1.1" 200 2
201.245.192.253 - - [07/Oct/2023:18:06:48 -0500] "POST /forms/lservlet;jsessionid=ac16012b30d631b237d665c3491e938ed2fcaf258f77.e3iSbxaKaheRe34Pbx8Nc3aQci1ynknvrkLOlQzNp65In0 HTTP/1.1" 200 2
216.245.221.92 - - [07/Oct/2023:18:07:05 -0500] "HEAD / HTTP/1.1" 200 -
201.245.192.253 - - [07/Oct/2023:18:07:34 -0500] "POST /kwsrmcab/Wsrmcab  HTTP/1.1" 200 42851
201.245.192.253 - - [07/Oct/2023:18:08:41 -0500] "POST /forms/lservlet;jsessionid=ac16012b30d6e3ac83cfa34d44e69cdfe83dd14ea1cd.e3iSbxaKaheRe34Pbx8Nc3aQci1ynknvrkLOlQzNp65In0 HTTP/1.1" 200 2
201.245.192.253 - - [07/Oct/2023:18:08:48 -0500] "POST /forms/lservlet;jsessionid=ac16012b30d631b237d665c3491e938ed2fcaf258f77.e3iSbxaKaheRe34Pbx8Nc3aQci1ynknvrkLOlQzNp65In0 HTTP/1.1" 200 2
69.171.251.2 - - [07/Oct/2023:18:08:51 -0500] "GET /images/mujeres-reverdecen-humedales-2-febrero.jpg HTTP/1.1" 200 47327
172.22.2.4 - - [07/Oct/2023:18:07:24 -0500] "HEAD /BLA/boletinlegal/ HTTP/1.1" 200 -
172.22.2.4 - - [07/Oct/2023:18:08:15 -0500] "GET /BLA/boletinlegal/ HTTP/1.1" 200 57790
66.249.66.19 - - [07/Oct/2023:18:10:12 -0500] "GET /BLA/resoluciones/Autos%202008/0536.pdf HTTP/1.1" 200 173328
201.245.192.253 - - [07/Oct/2023:18:10:41 -0500] "POST /forms/lservlet;jsessionid=ac16012b30d6e3ac83cfa34d44e69cdfe83dd14ea1cd.e3iSbxaKaheRe34Pbx8Nc3aQci1ynknvrkLOlQzNp65In0 HTTP/1.1" 200 2
201.245.192.253 - - [07/Oct/2023:18:10:48 -0500] "POST /forms/lservlet;jsessionid=ac16012b30d631b237d665c3491e938ed2fcaf258f77.e3iSbxaKaheRe34Pbx8Nc3aQci1ynknvrkLOlQzNp65In0 HTTP/1.1" 200 2
173.252.95.4 - - [07/Oct/2023:18:11:54 -0500] "GET /images/cr\xc3\xb3nica-29-nov-1_optimized.jpeg HTTP/1.1" 404 1034
216.245.221.92 - - [07/Oct/2023:18:12:05 -0500] "HEAD / HTTP/1.1" 200 -
201.245.192.253 - - [07/Oct/2023:18:12:33 -0500] "POST /kwsrmcab/Wsrmcab  HTTP/1.1" 200 42851
201.245.192.253 - - [07/Oct/2023:18:12:41 -0500] "POST /forms/lservlet;jsessionid=ac16012b30d6e3ac83cfa34d44e69cdfe83dd14ea1cd.e3iSbxaKaheRe34Pbx8Nc3aQci1ynknvrkLOlQzNp65In0 HTTP/1.1" 200 2
201.245.192.253 - - [07/Oct/2023:18:12:48 -0500] "POST /forms/lservlet;jsessionid=ac16012b30d631b237d665c3491e938ed2fcaf258f77.e3iSbxaKaheRe34Pbx8Nc3aQci1ynknvrkLOlQzNp65In0 HTTP/1.1" 200 2
173.252.83.117 - - [07/Oct/2023:18:14:18 -0500] "GET /images/plantacion-humedal-la-conejera.jpg HTTP/1.1" 200 92644
173.252.83.116 - - [07/Oct/2023:18:14:32 -0500] "GET /images/Zuque%20(1)%20(1).jpeg HTTP/1.1" 200 66921
17.241.75.209 - - [07/Oct/2023:18:14:36 -0500] "GET /camaras-trampa-de-la-secretaria-de-ambiente-captan-fauna-silvestre-en-sumapaz.html HTTP/1.1" 200 840
173.252.83.117 - - [07/Oct/2023:18:14:36 -0500] "GET /images/pieza-voluntariado-ambiental.jpeg HTTP/1.1" 200 51125
201.245.192.253 - - [07/Oct/2023:18:14:41 -0500] "POST /forms/lservlet;jsessionid=ac16012b30d6e3ac83cfa34d44e69cdfe83dd14ea1cd.e3iSbxaKaheRe34Pbx8Nc3aQci1ynknvrkLOlQzNp65In0 HTTP/1.1" 200 2
201.245.192.253 - - [07/Oct/2023:18:14:48 -0500] "POST /forms/lservlet;jsessionid=ac16012b30d631b237d665c3491e938ed2fcaf258f77.e3iSbxaKaheRe34Pbx8Nc3aQci1ynknvrkLOlQzNp65In0 HTTP/1.1" 200 2
172.22.2.4 - - [07/Oct/2023:18:13:14 -0500] "HEAD /BLA/boletinlegal/ HTTP/1.1" 200 -
172.22.2.4 - - [07/Oct/2023:18:14:57 -0500] "GET /BLA/boletinlegal/robots.txt HTTP/1.1" 404 1037
172.22.2.4 - - [07/Oct/2023:18:14:57 -0500] "GET /BLA/boletinlegal/Directivas/2022/DIRECTIVA%20No.%2000002%20DEL%2022%20DE%20JUNIO%20DEL%202022.pdf HTTP/1.1" 304 -
172.22.2.4 - - [07/Oct/2023:18:14:05 -0500] "GET /BLA/boletinlegal/ HTTP/1.1" 200 60692
201.245.192.253 - - [07/Oct/2023:18:16:41 -0500] "POST /forms/lservlet;jsessionid=ac16012b30d6e3ac83cfa34d44e69cdfe83dd14ea1cd.e3iSbxaKaheRe34Pbx8Nc3aQci1ynknvrkLOlQzNp65In0 HTTP/1.1" 200 2
201.245.192.253 - - [07/Oct/2023:18:16:48 -0500] "POST /forms/lservlet;jsessionid=ac16012b30d631b237d665c3491e938ed2fcaf258f77.e3iSbxaKaheRe34Pbx8Nc3aQci1ynknvrkLOlQzNp65In0 HTTP/1.1" 200 2
66.249.66.20 - - [07/Oct/2023:18:16:59 -0500] "GET /BLA/resoluciones/RESOLUCIONES%202009/4482.pdf HTTP/1.1" 200 125284
216.245.221.92 - - [07/Oct/2023:18:17:05 -0500] "HEAD / HTTP/1.1" 200 -
201.245.192.253 - - [07/Oct/2023:18:17:29 -0500] "POST /kwsrmcab/Wsrmcab HTTP/1.1" 200 43138
201.245.192.253 - - [07/Oct/2023:18:17:31 -0500] "POST /kwsrmcab/Wsrmcab HTTP/1.1" 200 43541
201.245.192.253 - - [07/Oct/2023:18:17:32 -0500] "POST /kwsrmcab/Wsrmcab  HTTP/1.1" 200 42851
201.245.192.253 - - [07/Oct/2023:18:18:41 -0500] "POST /forms/lservlet;jsessionid=ac16012b30d6e3ac83cfa34d44e69cdfe83dd14ea1cd.e3iSbxaKaheRe34Pbx8Nc3aQci1ynknvrkLOlQzNp65In0 HTTP/1.1" 200 2
157.55.39.55 - - [07/Oct/2023:18:18:38 -0500] "GET /Publicaciones/2023EE231373.pdf HTTP/1.1" 200 2535029
201.245.192.253 - - [07/Oct/2023:18:18:48 -0500] "POST /forms/lservlet;jsessionid=ac16012b30d631b237d665c3491e938ed2fcaf258f77.e3iSbxaKaheRe34Pbx8Nc3aQci1ynknvrkLOlQzNp65In0 HTTP/1.1" 200 2
66.249.66.76 - - [07/Oct/2023:18:19:44 -0500] "GET /portaldeninos/2021/07/01/en-fotos-conoce-algunos-de-los-lugares-mas-biodiversos-de-bogota/ HTTP/1.1" 200 100987
66.249.66.21 - - [07/Oct/2023:18:20:18 -0500] "GET /BLA/resoluciones/Autos%202008/2154.pdf HTTP/1.1" 200 288606
201.245.192.253 - - [07/Oct/2023:18:20:41 -0500] "POST /forms/lservlet;jsessionid=ac16012b30d6e3ac83cfa34d44e69cdfe83dd14ea1cd.e3iSbxaKaheRe34Pbx8Nc3aQci1ynknvrkLOlQzNp65In0 HTTP/1.1" 200 2
172.22.2.4 - - [07/Oct/2023:18:19:04 -0500] "HEAD /BLA/boletinlegal/ HTTP/1.1" 200 -
201.245.192.253 - - [07/Oct/2023:18:20:48 -0500] "POST /forms/lservlet;jsessionid=ac16012b30d631b237d665c3491e938ed2fcaf258f77.e3iSbxaKaheRe34Pbx8Nc3aQci1ynknvrkLOlQzNp65In0 HTTP/1.1" 200 2
172.22.2.4 - - [07/Oct/2023:18:19:55 -0500] "GET /BLA/boletinlegal/ HTTP/1.1" 200 60692
216.245.221.92 - - [07/Oct/2023:18:22:05 -0500] "HEAD / HTTP/1.1" 200 -
201.245.192.253 - - [07/Oct/2023:18:22:31 -0500] "POST /kwsrmcab/Wsrmcab  HTTP/1.1" 200 42851
201.245.192.253 - - [07/Oct/2023:18:22:41 -0500] "POST /forms/lservlet;jsessionid=ac16012b30d6e3ac83cfa34d44e69cdfe83dd14ea1cd.e3iSbxaKaheRe34Pbx8Nc3aQci1ynknvrkLOlQzNp65In0 HTTP/1.1" 200 2
201.245.192.253 - - [07/Oct/2023:18:22:48 -0500] "POST /forms/lservlet;jsessionid=ac16012b30d631b237d665c3491e938ed2fcaf258f77.e3iSbxaKaheRe34Pbx8Nc3aQci1ynknvrkLOlQzNp65In0 HTTP/1.1" 200 2
157.55.39.8 - - [07/Oct/2023:18:23:58 -0500] "GET /bla/resoluciones/resoluciones%202023/0304.pdf HTTP/1.1" 200 446855
201.245.192.253 - - [07/Oct/2023:18:24:41 -0500] "POST /forms/lservlet;jsessionid=ac16012b30d6e3ac83cfa34d44e69cdfe83dd14ea1cd.e3iSbxaKaheRe34Pbx8Nc3aQci1ynknvrkLOlQzNp65In0 HTTP/1.1" 200 2
201.245.192.253 - - [07/Oct/2023:18:24:48 -0500] "POST /forms/lservlet;jsessionid=ac16012b30d631b237d665c3491e938ed2fcaf258f77.e3iSbxaKaheRe34Pbx8Nc3aQci1ynknvrkLOlQzNp65In0 HTTP/1.1" 200 2
186.84.21.244 - - [07/Oct/2023:18:26:07 -0500] "GET / HTTP/1.1" 200 319
172.226.13.227 - - [07/Oct/2023:18:26:08 -0500] "GET /apple-touch-icon-120x120-precomposed.png HTTP/1.1" 404 1120
172.226.13.227 - - [07/Oct/2023:18:26:08 -0500] "GET /apple-touch-icon-120x120.png HTTP/1.1" 404 1120
172.226.13.227 - - [07/Oct/2023:18:26:08 -0500] "GET /apple-touch-icon-precomposed.png HTTP/1.1" 404 1120
172.226.13.227 - - [07/Oct/2023:18:26:08 -0500] "GET /apple-touch-icon.png HTTP/1.1" 404 1120
172.226.13.227 - - [07/Oct/2023:18:26:08 -0500] "GET /favicon.ico HTTP/1.1" 200 7782
172.22.2.4 - - [07/Oct/2023:18:24:54 -0500] "HEAD /BLA/boletinlegal/ HTTP/1.1" 200 -
201.245.192.253 - - [07/Oct/2023:18:26:41 -0500] "POST /forms/lservlet;jsessionid=ac16012b30d6e3ac83cfa34d44e69cdfe83dd14ea1cd.e3iSbxaKaheRe34Pbx8Nc3aQci1ynknvrkLOlQzNp65In0 HTTP/1.1" 200 2
201.245.192.253 - - [07/Oct/2023:18:26:48 -0500] "POST /forms/lservlet;jsessionid=ac16012b30d631b237d665c3491e938ed2fcaf258f77.e3iSbxaKaheRe34Pbx8Nc3aQci1ynknvrkLOlQzNp65In0 HTTP/1.1" 200 2
216.245.221.92 - - [07/Oct/2023:18:27:05 -0500] "HEAD / HTTP/1.1" 200 -
172.22.2.4 - - [07/Oct/2023:18:25:45 -0500] "GET /BLA/boletinlegal/ HTTP/1.1" 200 57790
201.245.192.253 - - [07/Oct/2023:18:27:29 -0500] "POST /kwsrmcab/Wsrmcab HTTP/1.1" 200 43138
201.245.192.253 - - [07/Oct/2023:18:27:29 -0500] "POST /kwsrmcab/Wsrmcab  HTTP/1.1" 200 42851
201.245.192.253 - - [07/Oct/2023:18:27:31 -0500] "POST /kwsrmcab/Wsrmcab HTTP/1.1" 200 43541
201.245.192.253 - - [07/Oct/2023:18:28:41 -0500] "POST /forms/lservlet;jsessionid=ac16012b30d6e3ac83cfa34d44e69cdfe83dd14ea1cd.e3iSbxaKaheRe34Pbx8Nc3aQci1ynknvrkLOlQzNp65In0 HTTP/1.1" 200 2
201.245.192.253 - - [07/Oct/2023:18:28:48 -0500] "POST /forms/lservlet;jsessionid=ac16012b30d631b237d665c3491e938ed2fcaf258f77.e3iSbxaKaheRe34Pbx8Nc3aQci1ynknvrkLOlQzNp65In0 HTTP/1.1" 200 2
157.55.39.8 - - [07/Oct/2023:18:29:31 -0500] "GET /bla/resoluciones/resoluciones%202023/0358.pdf HTTP/1.1" 200 352012
186.114.97.21 - - [07/Oct/2023:18:30:09 -0500] "GET /sipse/faces/index.xhtml HTTP/1.1" 200 677
186.114.97.21 - - [07/Oct/2023:18:30:09 -0500] "GET /sipse/faces/javax.faces.resource/theme.css?ln=primefaces-sipse HTTP/1.1" 304 -
186.114.97.21 - - [07/Oct/2023:18:30:10 -0500] "GET /sipse/faces/faces/autenticacion.xhtml HTTP/1.1" 200 12412
186.114.97.21 - - [07/Oct/2023:18:30:10 -0500] "GET /sipse/css/custom_css_sg_prime_login.css HTTP/1.1" 200 443
186.114.97.21 - - [07/Oct/2023:18:30:10 -0500] "GET /sipse/js/funciones.js HTTP/1.1" 304 -
186.114.97.21 - - [07/Oct/2023:18:30:10 -0500] "GET /sipse/css/custom_css_sg.css HTTP/1.1" 304 -
186.114.97.21 - - [07/Oct/2023:18:30:10 -0500] "GET /sipse/js/disable_browser_buttons.js HTTP/1.1" 304 -
186.114.97.21 - - [07/Oct/2023:18:30:10 -0500] "GET /sipse/faces/javax.faces.resource/theme.css?ln=primefaces-sipse HTTP/1.1" 304 -
186.114.97.21 - - [07/Oct/2023:18:30:10 -0500] "GET /sipse/faces/javax.faces.resource/layout/layout.css?ln=primefaces&v=4.0 HTTP/1.1" 200 542
186.114.97.21 - - [07/Oct/2023:18:30:10 -0500] "GET /sipse/faces/javax.faces.resource/jquery/jquery-plugins.js?ln=primefaces&v=4.0 HTTP/1.1" 304 -
186.114.97.21 - - [07/Oct/2023:18:30:10 -0500] "GET /sipse/faces/javax.faces.resource/jquery/jquery.js?ln=primefaces&v=4.0 HTTP/1.1" 304 -
186.114.97.21 - - [07/Oct/2023:18:30:10 -0500] "GET /sipse/faces/javax.faces.resource/primefaces.js?ln=primefaces&v=4.0 HTTP/1.1" 304 -
186.114.97.21 - - [07/Oct/2023:18:30:10 -0500] "GET /sipse/faces/javax.faces.resource/layout/layout.js?ln=primefaces&v=4.0 HTTP/1.1" 304 -
186.114.97.21 - - [07/Oct/2023:18:30:10 -0500] "GET /sipse/faces/javax.faces.resource/primefaces.css?ln=primefaces&v=4.0 HTTP/1.1" 200 53295
186.114.97.21 - - [07/Oct/2023:18:30:10 -0500] "GET /sipse/faces/javax.faces.resource/images/ui-icons_898989_256x240.png?ln=primefaces-aristo HTTP/1.1" 200 5355
186.114.97.21 - - [07/Oct/2023:18:30:10 -0500] "GET /sipse/css/imagen/loginimg.png HTTP/1.1" 200 71635
186.114.97.21 - - [07/Oct/2023:18:30:10 -0500] "GET /sipse/css/imagen/logoSDG.png HTTP/1.1" 200 53064
186.114.97.21 - - [07/Oct/2023:18:30:13 -0500] "POST /sipse/faces/autenticacion.xhtml HTTP/1.1" 200 12790
186.114.97.21 - - [07/Oct/2023:18:30:13 -0500] "GET /sipse/css/custom_css_sg_prime.css HTTP/1.1" 200 5201
186.114.97.21 - - [07/Oct/2023:18:30:13 -0500] "GET /sipse/faces/javax.faces.resource/jquery/jquery.js?ln=primefaces&v=4.0 HTTP/1.1" 304 -
186.114.97.21 - - [07/Oct/2023:18:30:13 -0500] "GET /sipse/faces/javax.faces.resource/jquery/jquery-plugins.js?ln=primefaces&v=4.0 HTTP/1.1" 304 -
186.114.97.21 - - [07/Oct/2023:18:30:13 -0500] "GET /sipse/faces/javax.faces.resource/primefaces.js?ln=primefaces&v=4.0 HTTP/1.1" 304 -
186.114.97.21 - - [07/Oct/2023:18:30:14 -0500] "GET /sipse/faces/javax.faces.resource/layout/layout.js?ln=primefaces&v=4.0 HTTP/1.1" 304 -
186.114.97.21 - - [07/Oct/2023:18:30:14 -0500] "GET /sipse/faces/javax.faces.resource/messages/messages.png?ln=primefaces&v=4.0 HTTP/1.1" 200 27209
186.114.97.21 - - [07/Oct/2023:18:30:17 -0500] "POST /sipse/faces/presentacion/sistema/seguridad/seleccionRol.xhtml HTTP/1.1" 200 7225
186.114.97.21 - - [07/Oct/2023:18:30:19 -0500] "POST /sipse/faces/presentacion/sistema/seguridad/seleccionRol.xhtml HTTP/1.1" 200 7225
186.114.97.21 - - [07/Oct/2023:18:30:21 -0500] "POST /sipse/faces/presentacion/sistema/seguridad/seleccionRol.xhtml HTTP/1.1" 200 17626
186.114.97.21 - - [07/Oct/2023:18:30:21 -0500] "GET /sipse/js/jquery.min.js HTTP/1.1" 304 -
186.114.97.21 - - [07/Oct/2023:18:30:21 -0500] "GET /sipse/faces/javax.faces.resource/jquery/jquery.js?ln=primefaces&v=4.0 HTTP/1.1" 304 -
186.114.97.21 - - [07/Oct/2023:18:30:21 -0500] "GET /sipse/faces/javax.faces.resource/jquery/jquery-plugins.js?ln=primefaces&v=4.0 HTTP/1.1" 304 -
186.114.97.21 - - [07/Oct/2023:18:30:22 -0500] "GET /sipse/faces/javax.faces.resource/primefaces.js?ln=primefaces&v=4.0 HTTP/1.1" 304 -
186.114.97.21 - - [07/Oct/2023:18:30:22 -0500] "GET /sipse/faces/javax.faces.resource/layout/layout.js?ln=primefaces&v=4.0 HTTP/1.1" 304 -
186.114.97.21 - - [07/Oct/2023:18:30:23 -0500] "GET /sipse/css/v_mergente.css HTTP/1.1" 200 1505
186.114.97.21 - - [07/Oct/2023:18:30:23 -0500] "GET /sipse/imagenes/cargando.gif HTTP/1.1" 200 36959
186.114.97.21 - - [07/Oct/2023:18:30:23 -0500] "GET /sipse/css/imagen/contrasena.png HTTP/1.1" 404 383
186.114.97.21 - - [07/Oct/2023:18:30:23 -0500] "GET /sipse/imagenes/logoAplicacion.jpg HTTP/1.1" 200 155084
186.114.97.21 - - [07/Oct/2023:18:30:25 -0500] "GET /sipse/faces/javax.faces.resource/images/ui-bg_flat_0_2d5972_40x100.png?ln=primefaces-aristo HTTP/1.1" 200 183
186.114.97.21 - - [07/Oct/2023:18:30:25 -0500] "POST /sipse/faces/bienvenido.xhtml HTTP/1.1" 200 5029
186.114.97.21 - - [07/Oct/2023:18:30:29 -0500] "POST /sipse/faces/bienvenido.xhtml HTTP/1.1" 200 43225
186.114.97.21 - - [07/Oct/2023:18:30:30 -0500] "GET /sipse/faces/javax.faces.resource/jquery/jquery.js?ln=primefaces&v=4.0 HTTP/1.1" 304 -
186.114.97.21 - - [07/Oct/2023:18:30:30 -0500] "GET /sipse/faces/javax.faces.resource/jquery/jquery-plugins.js?ln=primefaces&v=4.0 HTTP/1.1" 304 -
186.114.97.21 - - [07/Oct/2023:18:30:30 -0500] "GET /sipse/faces/javax.faces.resource/primefaces.js?ln=primefaces&v=4.0 HTTP/1.1" 304 -
186.114.97.21 - - [07/Oct/2023:18:30:31 -0500] "GET /sipse/faces/javax.faces.resource/layout/layout.js?ln=primefaces&v=4.0 HTTP/1.1" 304 -
186.114.97.21 - - [07/Oct/2023:18:30:40 -0500] "POST /sipse/faces/presentacion/financiero/solicitudProceso/consultar.xhtml HTTP/1.1" 200 8518
201.245.192.253 - - [07/Oct/2023:18:30:41 -0500] "POST /forms/lservlet;jsessionid=ac16012b30d6e3ac83cfa34d44e69cdfe83dd14ea1cd.e3iSbxaKaheRe34Pbx8Nc3aQci1ynknvrkLOlQzNp65In0 HTTP/1.1" 200 2
186.114.97.21 - - [07/Oct/2023:18:30:44 -0500] "POST /sipse/faces/presentacion/financiero/solicitudProceso/consultar.xhtml HTTP/1.1" 200 33605
186.114.97.21 - - [07/Oct/2023:18:30:45 -0500] "GET /sipse/faces/javax.faces.resource/jquery/jquery.js?ln=primefaces&v=4.0 HTTP/1.1" 304 -
186.114.97.21 - - [07/Oct/2023:18:30:45 -0500] "GET /sipse/faces/javax.faces.resource/jquery/jquery-plugins.js?ln=primefaces&v=4.0 HTTP/1.1" 304 -
186.114.97.21 - - [07/Oct/2023:18:30:45 -0500] "GET /sipse/faces/javax.faces.resource/primefaces.js?ln=primefaces&v=4.0 HTTP/1.1" 304 -
186.114.97.21 - - [07/Oct/2023:18:30:46 -0500] "GET /sipse/faces/javax.faces.resource/layout/layout.js?ln=primefaces&v=4.0 HTTP/1.1" 304 -
186.114.97.21 - - [07/Oct/2023:18:30:46 -0500] "POST /sipse/faces/presentacion/sistema/reporte/listarReportes.xhtml HTTP/1.1" 200 26976
201.245.192.253 - - [07/Oct/2023:18:30:48 -0500] "POST /forms/lservlet;jsessionid=ac16012b30d631b237d665c3491e938ed2fcaf258f77.e3iSbxaKaheRe34Pbx8Nc3aQci1ynknvrkLOlQzNp65In0 HTTP/1.1" 200 2
66.249.66.21 - - [07/Oct/2023:18:31:32 -0500] "GET /BLA/resoluciones/Notificaciones/REGISTROS%202017/135.pdf HTTP/1.1" 200 305165
66.249.66.19 - - [07/Oct/2023:18:31:53 -0500] "GET /BLA/resoluciones/RESOLUCIONES%202008/2939.pdf HTTP/1.1" 200 228608
216.245.221.92 - - [07/Oct/2023:18:32:05 -0500] "HEAD / HTTP/1.1" 200 -
172.22.2.4 - - [07/Oct/2023:18:30:44 -0500] "HEAD /BLA/boletinlegal/ HTTP/1.1" 200 -
201.245.192.253 - - [07/Oct/2023:18:32:29 -0500] "POST /kwsrmcab/Wsrmcab  HTTP/1.1" 200 42851
201.245.192.253 - - [07/Oct/2023:18:32:41 -0500] "POST /forms/lservlet;jsessionid=ac16012b30d6e3ac83cfa34d44e69cdfe83dd14ea1cd.e3iSbxaKaheRe34Pbx8Nc3aQci1ynknvrkLOlQzNp65In0 HTTP/1.1" 200 2
201.245.192.253 - - [07/Oct/2023:18:32:48 -0500] "POST /forms/lservlet;jsessionid=ac16012b30d631b237d665c3491e938ed2fcaf258f77.e3iSbxaKaheRe34Pbx8Nc3aQci1ynknvrkLOlQzNp65In0 HTTP/1.1" 200 2
172.22.2.4 - - [07/Oct/2023:18:31:35 -0500] "GET /BLA/boletinlegal/ HTTP/1.1" 200 56257
66.249.66.19 - - [07/Oct/2023:18:33:47 -0500] "GET /BLA/resoluciones/AUTOS%202008/2154.pdf HTTP/1.1" 200 288606
172.22.2.4 - - [07/Oct/2023:18:32:30 -0500] "GET /BLA/boletinlegal/ HTTP/1.1" 200 58187
191.156.152.111 - - [07/Oct/2023:18:34:21 -0500] "GET /appsia/controlador HTTP/1.1" 200 4799
191.156.152.111 - - [07/Oct/2023:18:34:22 -0500] "GET /appsia/css/estilos.css HTTP/1.1" 200 4804
191.156.146.136 - - [07/Oct/2023:18:34:22 -0500] "GET /appsia/scripts/validarIngreso.js HTTP/1.1" 200 851
191.156.154.186 - - [07/Oct/2023:18:34:22 -0500] "GET /appsia/images/cabezoteHojaVida.png HTTP/1.1" 200 32493
191.156.159.38 - - [07/Oct/2023:18:34:22 -0500] "GET /appsia/images/logo_bogota_p.png HTTP/1.1" 200 14951
191.156.159.38 - - [07/Oct/2023:18:34:22 -0500] "GET /favicon.ico HTTP/1.1" 200 7782
201.245.192.253 - - [07/Oct/2023:18:34:41 -0500] "POST /forms/lservlet;jsessionid=ac16012b30d6e3ac83cfa34d44e69cdfe83dd14ea1cd.e3iSbxaKaheRe34Pbx8Nc3aQci1ynknvrkLOlQzNp65In0 HTTP/1.1" 200 2
201.245.192.253 - - [07/Oct/2023:18:34:48 -0500] "POST /forms/lservlet;jsessionid=ac16012b30d631b237d665c3491e938ed2fcaf258f77.e3iSbxaKaheRe34Pbx8Nc3aQci1ynknvrkLOlQzNp65In0 HTTP/1.1" 200 2
66.249.66.21 - - [07/Oct/2023:18:35:40 -0500] "GET /BLA/resoluciones/RESOLUCIONES%202007/RES%202007%201801%20AL%201900/RESOLUCION%201848%20DE%202007.pdf HTTP/1.1" 200 182223
172.22.2.4 - - [07/Oct/2023:18:36:24 -0500] "GET /BLA/boletinlegal/Circulares/2019/.pdf HTTP/1.1" 404 1218
201.245.192.253 - - [07/Oct/2023:18:36:41 -0500] "POST /forms/lservlet;jsessionid=ac16012b30d6e3ac83cfa34d44e69cdfe83dd14ea1cd.e3iSbxaKaheRe34Pbx8Nc3aQci1ynknvrkLOlQzNp65In0 HTTP/1.1" 200 2
201.245.192.253 - - [07/Oct/2023:18:36:48 -0500] "POST /forms/lservlet;jsessionid=ac16012b30d631b237d665c3491e938ed2fcaf258f77.e3iSbxaKaheRe34Pbx8Nc3aQci1ynknvrkLOlQzNp65In0 HTTP/1.1" 200 2
216.245.221.92 - - [07/Oct/2023:18:37:05 -0500] "HEAD / HTTP/1.1" 200 -
201.245.192.253 - - [07/Oct/2023:18:37:28 -0500] "POST /kwsrmcab/Wsrmcab  HTTP/1.1" 200 42851
201.245.192.253 - - [07/Oct/2023:18:37:29 -0500] "POST /kwsrmcab/Wsrmcab HTTP/1.1" 200 43138
201.245.192.253 - - [07/Oct/2023:18:37:31 -0500] "POST /kwsrmcab/Wsrmcab HTTP/1.1" 200 43541
172.22.2.4 - - [07/Oct/2023:18:36:34 -0500] "HEAD /BLA/boletinlegal/ HTTP/1.1" 200 -
201.245.192.253 - - [07/Oct/2023:18:38:41 -0500] "POST /forms/lservlet;jsessionid=ac16012b30d6e3ac83cfa34d44e69cdfe83dd14ea1cd.e3iSbxaKaheRe34Pbx8Nc3aQci1ynknvrkLOlQzNp65In0 HTTP/1.1" 200 2
201.245.192.253 - - [07/Oct/2023:18:38:48 -0500] "POST /forms/lservlet;jsessionid=ac16012b30d631b237d665c3491e938ed2fcaf258f77.e3iSbxaKaheRe34Pbx8Nc3aQci1ynknvrkLOlQzNp65In0 HTTP/1.1" 200 2
172.22.2.4 - - [07/Oct/2023:18:37:25 -0500] "GET /BLA/boletinlegal/ HTTP/1.1" 200 60342
66.249.66.19 - - [07/Oct/2023:18:40:07 -0500] "GET /BLA/resoluciones/RESOLUCIONES%202009/4845.pdf HTTP/1.1" 200 1175800
191.156.145.7 - - [07/Oct/2023:18:40:08 -0500] "POST /appsia/controlador HTTP/1.1" 200 3600
191.156.145.7 - - [07/Oct/2023:18:40:09 -0500] "GET /appsia/jscripts/validarSolicitud.js HTTP/1.1" 404 68
191.156.145.7 - - [07/Oct/2023:18:40:23 -0500] "POST /appsia/controlador HTTP/1.1" 200 4799
201.245.192.253 - - [07/Oct/2023:18:40:41 -0500] "POST /forms/lservlet;jsessionid=ac16012b30d6e3ac83cfa34d44e69cdfe83dd14ea1cd.e3iSbxaKaheRe34Pbx8Nc3aQci1ynknvrkLOlQzNp65In0 HTTP/1.1" 200 2
201.245.192.253 - - [07/Oct/2023:18:40:48 -0500] "POST /forms/lservlet;jsessionid=ac16012b30d631b237d665c3491e938ed2fcaf258f77.e3iSbxaKaheRe34Pbx8Nc3aQci1ynknvrkLOlQzNp65In0 HTTP/1.1" 200 2
191.156.157.101 - - [07/Oct/2023:18:41:16 -0500] "POST /appsia/controlador HTTP/1.1" 200 3600
191.156.157.101 - - [07/Oct/2023:18:41:17 -0500] "GET /appsia/jscripts/validarSolicitud.js HTTP/1.1" 404 68
191.102.224.198 - - [07/Oct/2023:18:41:18 -0500] "GET /appsia/controlador HTTP/1.1" 200 4799
191.102.224.198 - - [07/Oct/2023:18:41:19 -0500] "GET /appsia/css/estilos.css HTTP/1.1" 200 4804
191.102.224.198 - - [07/Oct/2023:18:41:19 -0500] "GET /appsia/scripts/validarIngreso.js HTTP/1.1" 200 851
191.102.224.198 - - [07/Oct/2023:18:41:19 -0500] "GET /appsia/images/cabezoteHojaVida.png HTTP/1.1" 200 32493
191.102.224.198 - - [07/Oct/2023:18:41:19 -0500] "GET /appsia/images/logo_bogota_p.png HTTP/1.1" 200 14951
191.156.144.150 - - [07/Oct/2023:18:41:47 -0500] "POST /appsia/controlador HTTP/1.1" 200 4799
216.245.221.92 - - [07/Oct/2023:18:42:05 -0500] "HEAD / HTTP/1.1" 200 -
201.245.192.253 - - [07/Oct/2023:18:42:26 -0500] "POST /kwsrmcab/Wsrmcab  HTTP/1.1" 200 42851
201.245.192.253 - - [07/Oct/2023:18:42:41 -0500] "POST /forms/lservlet;jsessionid=ac16012b30d6e3ac83cfa34d44e69cdfe83dd14ea1cd.e3iSbxaKaheRe34Pbx8Nc3aQci1ynknvrkLOlQzNp65In0 HTTP/1.1" 200 2
201.245.192.253 - - [07/Oct/2023:18:42:48 -0500] "POST /forms/lservlet;jsessionid=ac16012b30d631b237d665c3491e938ed2fcaf258f77.e3iSbxaKaheRe34Pbx8Nc3aQci1ynknvrkLOlQzNp65In0 HTTP/1.1" 200 2
66.249.66.20 - - [07/Oct/2023:18:43:49 -0500] "GET /BLA/resoluciones/RESOLUCIONES%202009/1896.pdf HTTP/1.1" 200 728277
172.22.2.4 - - [07/Oct/2023:18:42:24 -0500] "HEAD /BLA/boletinlegal/ HTTP/1.1" 200 -
201.245.192.253 - - [07/Oct/2023:18:44:41 -0500] "POST /forms/lservlet;jsessionid=ac16012b30d6e3ac83cfa34d44e69cdfe83dd14ea1cd.e3iSbxaKaheRe34Pbx8Nc3aQci1ynknvrkLOlQzNp65In0 HTTP/1.1" 200 2
191.156.148.194 - - [07/Oct/2023:18:44:44 -0500] "POST /appsia/controlador HTTP/1.1" 200 3600
191.156.152.7 - - [07/Oct/2023:18:44:44 -0500] "GET /appsia/jscripts/validarSolicitud.js HTTP/1.1" 404 68
201.245.192.253 - - [07/Oct/2023:18:44:48 -0500] "POST /forms/lservlet;jsessionid=ac16012b30d631b237d665c3491e938ed2fcaf258f77.e3iSbxaKaheRe34Pbx8Nc3aQci1ynknvrkLOlQzNp65In0 HTTP/1.1" 200 2
172.22.2.4 - - [07/Oct/2023:18:43:15 -0500] "GET /BLA/boletinlegal/ HTTP/1.1" 200 57790
191.156.148.194 - - [07/Oct/2023:18:45:07 -0500] "POST /appsia/controlador HTTP/1.1" 200 4799
191.156.147.110 - - [07/Oct/2023:18:45:24 -0500] "POST /appsia/controlador HTTP/1.1" 200 4621
168.119.253.48 - - [07/Oct/2023:18:45:29 -0500] "GET / HTTP/1.1" 200 319
191.156.147.110 - - [07/Oct/2023:18:45:37 -0500] "POST /appsia/controlador HTTP/1.1" 200 7727
191.156.152.111 - - [07/Oct/2023:18:45:38 -0500] "GET /appsia/images/logo_escudo.png HTTP/1.1" 200 36965
191.156.144.146 - - [07/Oct/2023:18:46:35 -0500] "POST /appsia/controlador HTTP/1.1" 200 4621
191.156.144.146 - - [07/Oct/2023:18:46:39 -0500] "POST /appsia/controlador HTTP/1.1" 200 4799
201.245.192.253 - - [07/Oct/2023:18:46:41 -0500] "POST /forms/lservlet;jsessionid=ac16012b30d6e3ac83cfa34d44e69cdfe83dd14ea1cd.e3iSbxaKaheRe34Pbx8Nc3aQci1ynknvrkLOlQzNp65In0 HTTP/1.1" 200 2
201.245.192.253 - - [07/Oct/2023:18:46:48 -0500] "POST /forms/lservlet;jsessionid=ac16012b30d631b237d665c3491e938ed2fcaf258f77.e3iSbxaKaheRe34Pbx8Nc3aQci1ynknvrkLOlQzNp65In0 HTTP/1.1" 200 2
216.245.221.92 - - [07/Oct/2023:18:47:05 -0500] "HEAD / HTTP/1.1" 200 -
201.245.192.253 - - [07/Oct/2023:18:47:24 -0500] "POST /kwsrmcab/Wsrmcab  HTTP/1.1" 200 42851
66.249.66.21 - - [07/Oct/2023:18:47:28 -0500] "GET /BLA/resoluciones/Autos%202008/2794.pdf HTTP/1.1" 200 109420
201.245.192.253 - - [07/Oct/2023:18:48:41 -0500] "POST /forms/lservlet;jsessionid=ac16012b30d6e3ac83cfa34d44e69cdfe83dd14ea1cd.e3iSbxaKaheRe34Pbx8Nc3aQci1ynknvrkLOlQzNp65In0 HTTP/1.1" 200 2
201.245.192.253 - - [07/Oct/2023:18:48:48 -0500] "POST /forms/lservlet;jsessionid=ac16012b30d631b237d665c3491e938ed2fcaf258f77.e3iSbxaKaheRe34Pbx8Nc3aQci1ynknvrkLOlQzNp65In0 HTTP/1.1" 200 2
186.84.90.65 - - [07/Oct/2023:18:49:08 -0500] "GET /camaras-trampa HTTP/1.1" 404 1264
186.84.90.65 - - [07/Oct/2023:18:49:08 -0500] "GET /favicon.ico HTTP/1.1" 404 1322
66.249.66.19 - - [07/Oct/2023:18:49:32 -0500] "GET /BLA/resoluciones/RESOLUCIONES%202009/0555.pdf HTTP/1.1" 200 711875
172.22.2.4 - - [07/Oct/2023:18:48:14 -0500] "HEAD /BLA/boletinlegal/ HTTP/1.1" 200 -
201.245.192.253 - - [07/Oct/2023:18:50:41 -0500] "POST /forms/lservlet;jsessionid=ac16012b30d6e3ac83cfa34d44e69cdfe83dd14ea1cd.e3iSbxaKaheRe34Pbx8Nc3aQci1ynknvrkLOlQzNp65In0 HTTP/1.1" 200 2
172.22.2.4 - - [07/Oct/2023:18:49:05 -0500] "GET /BLA/boletinlegal/ HTTP/1.1" 200 58187
201.245.192.253 - - [07/Oct/2023:18:50:48 -0500] "POST /forms/lservlet;jsessionid=ac16012b30d631b237d665c3491e938ed2fcaf258f77.e3iSbxaKaheRe34Pbx8Nc3aQci1ynknvrkLOlQzNp65In0 HTTP/1.1" 200 2
66.249.66.20 - - [07/Oct/2023:18:50:58 -0500] "GET /BLA/resoluciones/AUTOS%202014/0447.pdf HTTP/1.1" 200 452564
66.249.66.19 - - [07/Oct/2023:18:50:59 -0500] "GET /BLA/resoluciones/RESOLUCIONES%202009/5354.pdf HTTP/1.1" 200 428652
216.245.221.92 - - [07/Oct/2023:18:52:05 -0500] "HEAD / HTTP/1.1" 200 -
201.245.192.253 - - [07/Oct/2023:18:52:23 -0500] "POST /kwsrmcab/Wsrmcab  HTTP/1.1" 200 42851
201.245.192.253 - - [07/Oct/2023:18:52:41 -0500] "POST /forms/lservlet;jsessionid=ac16012b30d6e3ac83cfa34d44e69cdfe83dd14ea1cd.e3iSbxaKaheRe34Pbx8Nc3aQci1ynknvrkLOlQzNp65In0 HTTP/1.1" 200 2
66.249.66.20 - - [07/Oct/2023:18:52:42 -0500] "GET /BLA/resoluciones/AUTOS%202013/0029.pdf HTTP/1.1" 200 2249653
201.245.192.253 - - [07/Oct/2023:18:52:48 -0500] "POST /forms/lservlet;jsessionid=ac16012b30d631b237d665c3491e938ed2fcaf258f77.e3iSbxaKaheRe34Pbx8Nc3aQci1ynknvrkLOlQzNp65In0 HTTP/1.1" 200 2
207.46.13.154 - - [07/Oct/2023:18:53:07 -0500] "GET /BLA/resoluciones/AUTOS%202015/1771.pdf HTTP/1.1" 200 853202
207.46.13.154 - - [07/Oct/2023:18:53:09 -0500] "GET /bla/resoluciones/autos%202010/5620.pdf HTTP/1.1" 200 389806
172.22.2.4 - - [07/Oct/2023:18:52:29 -0500] "GET /BLA/boletinlegal/ HTTP/1.1" 200 32715
201.245.192.253 - - [07/Oct/2023:18:54:41 -0500] "POST /forms/lservlet;jsessionid=ac16012b30d6e3ac83cfa34d44e69cdfe83dd14ea1cd.e3iSbxaKaheRe34Pbx8Nc3aQci1ynknvrkLOlQzNp65In0 HTTP/1.1" 200 2
201.245.192.253 - - [07/Oct/2023:18:54:48 -0500] "POST /forms/lservlet;jsessionid=ac16012b30d631b237d665c3491e938ed2fcaf258f77.e3iSbxaKaheRe34Pbx8Nc3aQci1ynknvrkLOlQzNp65In0 HTTP/1.1" 200 2
172.22.2.4 - - [07/Oct/2023:18:54:04 -0500] "HEAD /BLA/boletinlegal/ HTTP/1.1" 200 -
172.22.2.4 - - [07/Oct/2023:18:54:55 -0500] "GET /BLA/boletinlegal/ HTTP/1.1" 200 58187
201.245.192.253 - - [07/Oct/2023:18:56:41 -0500] "POST /forms/lservlet;jsessionid=ac16012b30d6e3ac83cfa34d44e69cdfe83dd14ea1cd.e3iSbxaKaheRe34Pbx8Nc3aQci1ynknvrkLOlQzNp65In0 HTTP/1.1" 200 2
201.245.192.253 - - [07/Oct/2023:18:56:48 -0500] "POST /forms/lservlet;jsessionid=ac16012b30d631b237d665c3491e938ed2fcaf258f77.e3iSbxaKaheRe34Pbx8Nc3aQci1ynknvrkLOlQzNp65In0 HTTP/1.1" 200 2
216.245.221.92 - - [07/Oct/2023:18:57:05 -0500] "HEAD / HTTP/1.1" 200 -
181.56.241.145 - - [07/Oct/2023:18:57:18 -0500] "GET /BLA/resoluciones/dlf/styles.css HTTP/1.1" 200 3049
181.56.241.145 - - [07/Oct/2023:18:57:18 -0500] "GET /BLA/resoluciones/ HTTP/1.1" 200 13696
181.56.241.145 - - [07/Oct/2023:18:57:18 -0500] "GET /BLA/resoluciones/dlf/folder.png HTTP/1.1" 200 410
181.56.241.145 - - [07/Oct/2023:18:57:18 -0500] "GET /BLA/resoluciones/dlf/bg.gif HTTP/1.1" 200 54
74.85.220.3 - - [07/Oct/2023:18:57:19 -0500] "GET /camaras-trampa HTTP/1.1" 404 1034
104.244.83.71 - - [07/Oct/2023:18:57:19 -0500] "GET /camaras-trampa HTTP/1.1" 404 1034
181.56.241.145 - - [07/Oct/2023:18:57:21 -0500] "GET /BLA/resoluciones/dlf/dirup.png HTTP/1.1" 200 644
181.56.241.145 - - [07/Oct/2023:18:57:21 -0500] "GET /BLA/resoluciones/dlf/pdf.gif HTTP/1.1" 200 272
181.56.241.145 - - [07/Oct/2023:18:57:20 -0500] "GET /BLA/resoluciones/index.php?dir=AUTOS+2014%2F HTTP/1.1" 200 890688
181.56.241.145 - - [07/Oct/2023:18:57:21 -0500] "GET /BLA/resoluciones/dlf/unknown.png HTTP/1.1" 200 266
201.245.192.253 - - [07/Oct/2023:18:57:22 -0500] "POST /kwsrmcab/Wsrmcab  HTTP/1.1" 200 42851
201.245.192.253 - - [07/Oct/2023:18:58:41 -0500] "POST /forms/lservlet;jsessionid=ac16012b30d6e3ac83cfa34d44e69cdfe83dd14ea1cd.e3iSbxaKaheRe34Pbx8Nc3aQci1ynknvrkLOlQzNp65In0 HTTP/1.1" 200 2
201.245.192.253 - - [07/Oct/2023:18:58:48 -0500] "POST /forms/lservlet;jsessionid=ac16012b30d631b237d665c3491e938ed2fcaf258f77.e3iSbxaKaheRe34Pbx8Nc3aQci1ynknvrkLOlQzNp65In0 HTTP/1.1" 200 2
173.252.107.9 - - [07/Oct/2023:18:59:16 -0500] "GET /mujeres-lideran-estrategias-para-enfrentar-el-cambio-climatico-en-bogota.html HTTP/1.1" 200 876
66.249.66.21 - - [07/Oct/2023:18:59:31 -0500] "GET /BLA/resoluciones/RESOLUCIONES%202009/5070.pdf HTTP/1.1" 200 486723
201.245.192.253 - - [07/Oct/2023:19:00:41 -0500] "POST /forms/lservlet;jsessionid=ac16012b30d6e3ac83cfa34d44e69cdfe83dd14ea1cd.e3iSbxaKaheRe34Pbx8Nc3aQci1ynknvrkLOlQzNp65In0 HTTP/1.1" 200 2
201.245.192.253 - - [07/Oct/2023:19:00:48 -0500] "POST /forms/lservlet;jsessionid=ac16012b30d631b237d665c3491e938ed2fcaf258f77.e3iSbxaKaheRe34Pbx8Nc3aQci1ynknvrkLOlQzNp65In0 HTTP/1.1" 200 2
172.22.2.4 - - [07/Oct/2023:18:59:54 -0500] "HEAD /BLA/boletinlegal/ HTTP/1.1" 200 -
216.245.221.92 - - [07/Oct/2023:19:02:05 -0500] "HEAD / HTTP/1.1" 200 -
201.245.192.253 - - [07/Oct/2023:19:02:20 -0500] "POST /kwsrmcab/Wsrmcab  HTTP/1.1" 200 42851
172.22.2.4 - - [07/Oct/2023:19:00:45 -0500] "GET /BLA/boletinlegal/ HTTP/1.1" 200 60692
201.245.192.253 - - [07/Oct/2023:19:02:41 -0500] "POST /forms/lservlet;jsessionid=ac16012b30d6e3ac83cfa34d44e69cdfe83dd14ea1cd.e3iSbxaKaheRe34Pbx8Nc3aQci1ynknvrkLOlQzNp65In0 HTTP/1.1" 200 2
201.245.192.253 - - [07/Oct/2023:19:02:48 -0500] "POST /forms/lservlet;jsessionid=ac16012b30d631b237d665c3491e938ed2fcaf258f77.e3iSbxaKaheRe34Pbx8Nc3aQci1ynknvrkLOlQzNp65In0 HTTP/1.1" 200 2
172.22.2.4 - - [07/Oct/2023:19:03:34 -0500] "GET /BLA/boletinlegal/jurisprudencia/analisis/analisis%20C-595-2010.doc HTTP/1.1" 200 39424
167.94.138.124 - - [07/Oct/2023:19:03:46 -0500] "GET / HTTP/1.1" 200 319
167.94.138.124 - - [07/Oct/2023:19:03:46 -0500] "GET / HTTP/1.1" 200 319
167.94.138.124 - - [07/Oct/2023:19:03:46 -0500] "PRI * HTTP/2.0" 400 946
167.94.138.124 - - [07/Oct/2023:19:03:46 -0500] "GET /favicon.ico HTTP/1.1" 200 7782
201.245.192.253 - - [07/Oct/2023:19:04:41 -0500] "POST /forms/lservlet;jsessionid=ac16012b30d6e3ac83cfa34d44e69cdfe83dd14ea1cd.e3iSbxaKaheRe34Pbx8Nc3aQci1ynknvrkLOlQzNp65In0 HTTP/1.1" 200 2
201.245.192.253 - - [07/Oct/2023:19:04:48 -0500] "POST /forms/lservlet;jsessionid=ac16012b30d631b237d665c3491e938ed2fcaf258f77.e3iSbxaKaheRe34Pbx8Nc3aQci1ynknvrkLOlQzNp65In0 HTTP/1.1" 200 2
66.249.66.19 - - [07/Oct/2023:19:05:53 -0500] "GET /BLA/resoluciones/RESOLUCIONES%202014/1095.pdf HTTP/1.1" 200 586287
186.30.47.23 - - [07/Oct/2023:19:06:09 -0500] "GET /BLA/resoluciones/index.php?dir=AUTOS+2012%2F HTTP/1.1" 200 276641
201.245.192.253 - - [07/Oct/2023:19:06:41 -0500] "POST /forms/lservlet;jsessionid=ac16012b30d6e3ac83cfa34d44e69cdfe83dd14ea1cd.e3iSbxaKaheRe34Pbx8Nc3aQci1ynknvrkLOlQzNp65In0 HTTP/1.1" 200 2
66.249.66.19 - - [07/Oct/2023:19:06:43 -0500] "GET /BLA/resoluciones/RESOLUCIONES%202010/5857.pdf HTTP/1.1" 200 166036
201.245.192.253 - - [07/Oct/2023:19:06:48 -0500] "POST /forms/lservlet;jsessionid=ac16012b30d631b237d665c3491e938ed2fcaf258f77.e3iSbxaKaheRe34Pbx8Nc3aQci1ynknvrkLOlQzNp65In0 HTTP/1.1" 200 2
216.245.221.92 - - [07/Oct/2023:19:07:05 -0500] "HEAD / HTTP/1.1" 200 -
201.245.192.253 - - [07/Oct/2023:19:07:19 -0500] "POST /kwsrmcab/Wsrmcab  HTTP/1.1" 200 42851
172.22.2.4 - - [07/Oct/2023:19:05:44 -0500] "HEAD /BLA/boletinlegal/ HTTP/1.1" 200 -
172.22.2.4 - - [07/Oct/2023:19:06:34 -0500] "GET /BLA/boletinlegal/ HTTP/1.1" 200 57790
173.252.107.10 - - [07/Oct/2023:19:08:21 -0500] "GET /con-camaras-trampa-y-otras-metodologias-secretaria-de-ambiente-evalua-la-fauna-y-flora-de-bogota.html HTTP/1.1" 200 1096
201.245.192.253 - - [07/Oct/2023:19:08:41 -0500] "POST /forms/lservlet;jsessionid=ac16012b30d6e3ac83cfa34d44e69cdfe83dd14ea1cd.e3iSbxaKaheRe34Pbx8Nc3aQci1ynknvrkLOlQzNp65In0 HTTP/1.1" 200 2
40.77.167.78 - - [07/Oct/2023:19:08:47 -0500] "GET /BLA/boletinlegal/Directivas/2013/Directiva%20No.%203%20del%2016%20de%20julio%20de%202013.pdf HTTP/1.1" 304 -
201.245.192.253 - - [07/Oct/2023:19:08:48 -0500] "POST /forms/lservlet;jsessionid=ac16012b30d631b237d665c3491e938ed2fcaf258f77.e3iSbxaKaheRe34Pbx8Nc3aQci1ynknvrkLOlQzNp65In0 HTTP/1.1" 200 2
201.245.192.253 - - [07/Oct/2023:19:10:41 -0500] "POST /forms/lservlet;jsessionid=ac16012b30d6e3ac83cfa34d44e69cdfe83dd14ea1cd.e3iSbxaKaheRe34Pbx8Nc3aQci1ynknvrkLOlQzNp65In0 HTTP/1.1" 200 2
201.245.192.253 - - [07/Oct/2023:19:10:48 -0500] "POST /forms/lservlet;jsessionid=ac16012b30d631b237d665c3491e938ed2fcaf258f77.e3iSbxaKaheRe34Pbx8Nc3aQci1ynknvrkLOlQzNp65In0 HTTP/1.1" 200 2
216.245.221.92 - - [07/Oct/2023:19:12:05 -0500] "HEAD / HTTP/1.1" 200 -
201.245.192.253 - - [07/Oct/2023:19:12:18 -0500] "POST /kwsrmcab/Wsrmcab  HTTP/1.1" 200 42851
201.245.192.253 - - [07/Oct/2023:19:12:41 -0500] "POST /forms/lservlet;jsessionid=ac16012b30d6e3ac83cfa34d44e69cdfe83dd14ea1cd.e3iSbxaKaheRe34Pbx8Nc3aQci1ynknvrkLOlQzNp65In0 HTTP/1.1" 200 2
201.245.192.253 - - [07/Oct/2023:19:12:48 -0500] "POST /forms/lservlet;jsessionid=ac16012b30d631b237d665c3491e938ed2fcaf258f77.e3iSbxaKaheRe34Pbx8Nc3aQci1ynknvrkLOlQzNp65In0 HTTP/1.1" 200 2
172.22.2.4 - - [07/Oct/2023:19:11:34 -0500] "HEAD /BLA/boletinlegal/ HTTP/1.1" 200 -
172.22.2.4 - - [07/Oct/2023:19:12:24 -0500] "GET /BLA/boletinlegal/ HTTP/1.1" 200 53013
201.245.192.253 - - [07/Oct/2023:19:14:41 -0500] "POST /forms/lservlet;jsessionid=ac16012b30d6e3ac83cfa34d44e69cdfe83dd14ea1cd.e3iSbxaKaheRe34Pbx8Nc3aQci1ynknvrkLOlQzNp65In0 HTTP/1.1" 200 2
201.245.192.253 - - [07/Oct/2023:19:14:48 -0500] "POST /forms/lservlet;jsessionid=ac16012b30d631b237d665c3491e938ed2fcaf258f77.e3iSbxaKaheRe34Pbx8Nc3aQci1ynknvrkLOlQzNp65In0 HTTP/1.1" 200 2
186.29.32.154 - - [07/Oct/2023:19:14:52 -0500] "GET /camaras-trampa HTTP/1.1" 404 1264
186.29.32.154 - - [07/Oct/2023:19:14:52 -0500] "GET /favicon.ico HTTP/1.1" 404 1322
201.245.192.253 - - [07/Oct/2023:19:16:41 -0500] "POST /forms/lservlet;jsessionid=ac16012b30d6e3ac83cfa34d44e69cdfe83dd14ea1cd.e3iSbxaKaheRe34Pbx8Nc3aQci1ynknvrkLOlQzNp65In0 HTTP/1.1" 200 2
201.245.192.253 - - [07/Oct/2023:19:16:48 -0500] "POST /forms/lservlet;jsessionid=ac16012b30d631b237d665c3491e938ed2fcaf258f77.e3iSbxaKaheRe34Pbx8Nc3aQci1ynknvrkLOlQzNp65In0 HTTP/1.1" 200 2
216.245.221.92 - - [07/Oct/2023:19:17:05 -0500] "HEAD / HTTP/1.1" 200 -
201.245.192.253 - - [07/Oct/2023:19:17:16 -0500] "POST /kwsrmcab/Wsrmcab  HTTP/1.1" 200 42851
201.245.192.253 - - [07/Oct/2023:19:17:29 -0500] "POST /kwsrmcab/Wsrmcab HTTP/1.1" 200 43316
201.245.192.253 - - [07/Oct/2023:19:17:31 -0500] "POST /kwsrmcab/Wsrmcab HTTP/1.1" 200 43513
172.22.2.4 - - [07/Oct/2023:19:17:56 -0500] "GET /BLA/boletinlegal/Circulares/2017/Circular%20No.%20011%20del%2005%20de%20julio%20de%202017.pdf HTTP/1.1" 304 -
201.245.192.253 - - [07/Oct/2023:19:18:41 -0500] "POST /forms/lservlet;jsessionid=ac16012b30d6e3ac83cfa34d44e69cdfe83dd14ea1cd.e3iSbxaKaheRe34Pbx8Nc3aQci1ynknvrkLOlQzNp65In0 HTTP/1.1" 200 2
201.245.192.253 - - [07/Oct/2023:19:18:48 -0500] "POST /forms/lservlet;jsessionid=ac16012b30d631b237d665c3491e938ed2fcaf258f77.e3iSbxaKaheRe34Pbx8Nc3aQci1ynknvrkLOlQzNp65In0 HTTP/1.1" 200 2
172.22.2.4 - - [07/Oct/2023:19:17:24 -0500] "HEAD /BLA/boletinlegal/ HTTP/1.1" 200 -
172.22.2.4 - - [07/Oct/2023:19:18:15 -0500] "GET /BLA/boletinlegal/ HTTP/1.1" 200 60692
191.95.56.45 - - [07/Oct/2023:19:20:37 -0500] "GET /camaras-trampa HTTP/1.1" 404 1264
191.95.56.45 - - [07/Oct/2023:19:20:37 -0500] "GET /favicon.ico HTTP/1.1" 404 1322
201.245.192.253 - - [07/Oct/2023:19:20:41 -0500] "POST /forms/lservlet;jsessionid=ac16012b30d6e3ac83cfa34d44e69cdfe83dd14ea1cd.e3iSbxaKaheRe34Pbx8Nc3aQci1ynknvrkLOlQzNp65In0 HTTP/1.1" 200 2
201.245.192.253 - - [07/Oct/2023:19:20:48 -0500] "POST /forms/lservlet;jsessionid=ac16012b30d631b237d665c3491e938ed2fcaf258f77.e3iSbxaKaheRe34Pbx8Nc3aQci1ynknvrkLOlQzNp65In0 HTTP/1.1" 200 2
51.222.253.1 - - [07/Oct/2023:19:21:48 -0500] "GET /robots.txt HTTP/1.1" 404 1034
216.245.221.92 - - [07/Oct/2023:19:22:05 -0500] "HEAD / HTTP/1.1" 200 -
173.252.83.2 - - [07/Oct/2023:19:22:12 -0500] "GET /images/Reciclaton-2023.jpg HTTP/1.1" 200 68883
201.245.192.253 - - [07/Oct/2023:19:22:14 -0500] "POST /kwsrmcab/Wsrmcab  HTTP/1.1" 200 42851
201.245.192.253 - - [07/Oct/2023:19:22:41 -0500] "POST /forms/lservlet;jsessionid=ac16012b30d6e3ac83cfa34d44e69cdfe83dd14ea1cd.e3iSbxaKaheRe34Pbx8Nc3aQci1ynknvrkLOlQzNp65In0 HTTP/1.1" 200 2
201.245.192.253 - - [07/Oct/2023:19:22:48 -0500] "POST /forms/lservlet;jsessionid=ac16012b30d631b237d665c3491e938ed2fcaf258f77.e3iSbxaKaheRe34Pbx8Nc3aQci1ynknvrkLOlQzNp65In0 HTTP/1.1" 200 2
173.252.107.5 - - [07/Oct/2023:19:24:25 -0500] "GET /calidad-del-aire-distrito-avanza-unido-por-un-nuevo-aire.html?utm_id=Julio_2023 HTTP/1.1" 200 783
173.252.107.2 - - [07/Oct/2023:19:24:26 -0500] "GET /calidad-del-aire-distrito-avanza-unido-por-un-nuevo-aire.html?utm_id=Julio_2023 HTTP/1.1" 200 783
173.252.107.4 - - [07/Oct/2023:19:24:26 -0500] "GET /calidad-del-aire-distrito-avanza-unido-por-un-nuevo-aire.html?utm_id=Julio_2023 HTTP/1.1" 200 783
31.13.103.116 - - [07/Oct/2023:19:24:39 -0500] "GET /calidad-del-aire-distrito-avanza-unido-por-un-nuevo-aire.html?utm_id=Julio_2023 HTTP/1.1" 200 783
201.245.192.253 - - [07/Oct/2023:19:24:41 -0500] "POST /forms/lservlet;jsessionid=ac16012b30d6e3ac83cfa34d44e69cdfe83dd14ea1cd.e3iSbxaKaheRe34Pbx8Nc3aQci1ynknvrkLOlQzNp65In0 HTTP/1.1" 200 2
201.245.192.253 - - [07/Oct/2023:19:24:48 -0500] "POST /forms/lservlet;jsessionid=ac16012b30d631b237d665c3491e938ed2fcaf258f77.e3iSbxaKaheRe34Pbx8Nc3aQci1ynknvrkLOlQzNp65In0 HTTP/1.1" 200 2
172.22.2.4 - - [07/Oct/2023:19:23:14 -0500] "HEAD /BLA/boletinlegal/ HTTP/1.1" 200 -
173.252.107.112 - - [07/Oct/2023:19:24:58 -0500] "GET /mujeres-que-reverdecen-secretaria-de-ambiente-anuncia-300-cupos-para-la-tercera-fase-del-programa.html HTTP/1.1" 200 823
172.22.2.4 - - [07/Oct/2023:19:24:04 -0500] "GET /BLA/boletinlegal/ HTTP/1.1" 200 60342
201.245.192.253 - - [07/Oct/2023:19:26:41 -0500] "POST /forms/lservlet;jsessionid=ac16012b30d6e3ac83cfa34d44e69cdfe83dd14ea1cd.e3iSbxaKaheRe34Pbx8Nc3aQci1ynknvrkLOlQzNp65In0 HTTP/1.1" 200 2
201.245.192.253 - - [07/Oct/2023:19:26:48 -0500] "POST /forms/lservlet;jsessionid=ac16012b30d631b237d665c3491e938ed2fcaf258f77.e3iSbxaKaheRe34Pbx8Nc3aQci1ynknvrkLOlQzNp65In0 HTTP/1.1" 200 2
216.245.221.92 - - [07/Oct/2023:19:27:05 -0500] "HEAD / HTTP/1.1" 200 -
201.245.192.253 - - [07/Oct/2023:19:27:13 -0500] "POST /kwsrmcab/Wsrmcab  HTTP/1.1" 200 42851
201.245.192.253 - - [07/Oct/2023:19:27:29 -0500] "POST /kwsrmcab/Wsrmcab HTTP/1.1" 200 43316
201.245.192.253 - - [07/Oct/2023:19:27:31 -0500] "POST /kwsrmcab/Wsrmcab HTTP/1.1" 200 43513
52.167.144.238 - - [07/Oct/2023:19:27:58 -0500] "GET /BLA/resoluciones/RESOLUCIONES%202005/0805.tif HTTP/1.1" 200 189766
173.252.107.119 - - [07/Oct/2023:19:28:41 -0500] "GET /experiencias-exitosas-en-la-implementacion-de-buenas-practicas-ambientales-en-entidades-del-distrito.html HTTP/1.1" 200 821
173.252.107.118 - - [07/Oct/2023:19:28:41 -0500] "GET /experiencias-exitosas-en-la-implementacion-de-buenas-practicas-ambientales-en-entidades-del-distrito.html HTTP/1.1" 200 821
201.245.192.253 - - [07/Oct/2023:19:28:41 -0500] "POST /forms/lservlet;jsessionid=ac16012b30d6e3ac83cfa34d44e69cdfe83dd14ea1cd.e3iSbxaKaheRe34Pbx8Nc3aQci1ynknvrkLOlQzNp65In0 HTTP/1.1" 200 2
173.252.127.6 - - [07/Oct/2023:19:28:42 -0500] "GET /images/Junio%2002-experiencias-jardines-verticales-sda.jpeg HTTP/1.1" 200 31171
201.245.192.253 - - [07/Oct/2023:19:28:48 -0500] "POST /forms/lservlet;jsessionid=ac16012b30d631b237d665c3491e938ed2fcaf258f77.e3iSbxaKaheRe34Pbx8Nc3aQci1ynknvrkLOlQzNp65In0 HTTP/1.1" 200 2
52.167.144.238 - - [07/Oct/2023:19:30:23 -0500] "GET /BLA/resoluciones/RESOLUCIONES%202023/0398.pdf HTTP/1.1" 200 369447
201.245.192.253 - - [07/Oct/2023:19:30:41 -0500] "POST /forms/lservlet;jsessionid=ac16012b30d6e3ac83cfa34d44e69cdfe83dd14ea1cd.e3iSbxaKaheRe34Pbx8Nc3aQci1ynknvrkLOlQzNp65In0 HTTP/1.1" 200 2
172.22.2.4 - - [07/Oct/2023:19:29:04 -0500] "HEAD /BLA/boletinlegal/ HTTP/1.1" 200 -
201.245.192.253 - - [07/Oct/2023:19:30:49 -0500] "POST /forms/lservlet;jsessionid=ac16012b30d631b237d665c3491e938ed2fcaf258f77.e3iSbxaKaheRe34Pbx8Nc3aQci1ynknvrkLOlQzNp65In0 HTTP/1.1" 200 2
207.46.13.36 - - [07/Oct/2023:19:31:14 -0500] "GET /Publicaciones/2023EE230863.pdf HTTP/1.1" 200 473336
172.22.2.4 - - [07/Oct/2023:19:29:54 -0500] "GET /BLA/boletinlegal/ HTTP/1.1" 200 57790
216.245.221.92 - - [07/Oct/2023:19:32:05 -0500] "HEAD / HTTP/1.1" 200 -
201.245.192.253 - - [07/Oct/2023:19:32:12 -0500] "POST /kwsrmcab/Wsrmcab  HTTP/1.1" 200 42851
201.245.192.253 - - [07/Oct/2023:19:32:41 -0500] "POST /forms/lservlet;jsessionid=ac16012b30d6e3ac83cfa34d44e69cdfe83dd14ea1cd.e3iSbxaKaheRe34Pbx8Nc3aQci1ynknvrkLOlQzNp65In0 HTTP/1.1" 200 2
201.245.192.253 - - [07/Oct/2023:19:32:49 -0500] "POST /forms/lservlet;jsessionid=ac16012b30d631b237d665c3491e938ed2fcaf258f77.e3iSbxaKaheRe34Pbx8Nc3aQci1ynknvrkLOlQzNp65In0 HTTP/1.1" 200 2
172.22.2.4 - - [07/Oct/2023:19:32:52 -0500] "GET /BLA/boletinlegal/ HTTP/1.1" 200 62286
201.245.192.253 - - [07/Oct/2023:19:34:41 -0500] "POST /forms/lservlet;jsessionid=ac16012b30d6e3ac83cfa34d44e69cdfe83dd14ea1cd.e3iSbxaKaheRe34Pbx8Nc3aQci1ynknvrkLOlQzNp65In0 HTTP/1.1" 200 2
201.245.192.253 - - [07/Oct/2023:19:34:49 -0500] "POST /forms/lservlet;jsessionid=ac16012b30d631b237d665c3491e938ed2fcaf258f77.e3iSbxaKaheRe34Pbx8Nc3aQci1ynknvrkLOlQzNp65In0 HTTP/1.1" 200 2
172.22.2.4 - - [07/Oct/2023:19:34:54 -0500] "HEAD /BLA/boletinlegal/ HTTP/1.1" 200 -
201.245.192.253 - - [07/Oct/2023:19:36:41 -0500] "POST /forms/lservlet;jsessionid=ac16012b30d6e3ac83cfa34d44e69cdfe83dd14ea1cd.e3iSbxaKaheRe34Pbx8Nc3aQci1ynknvrkLOlQzNp65In0 HTTP/1.1" 200 2
172.22.2.4 - - [07/Oct/2023:19:36:48 -0500] "GET /BLA/boletinlegal/Circulares/2019/.pdf HTTP/1.1" 404 1218
201.245.192.253 - - [07/Oct/2023:19:36:49 -0500] "POST /forms/lservlet;jsessionid=ac16012b30d631b237d665c3491e938ed2fcaf258f77.e3iSbxaKaheRe34Pbx8Nc3aQci1ynknvrkLOlQzNp65In0 HTTP/1.1" 200 2
172.22.2.4 - - [07/Oct/2023:19:36:57 -0500] "GET /BLA/boletinlegal/Circulares/2012/Circular%20No.%2010%20del%2026%20de%20Enero%20de%202012.pdf HTTP/1.1" 404 1218
216.245.221.92 - - [07/Oct/2023:19:37:05 -0500] "HEAD / HTTP/1.1" 200 -
201.245.192.253 - - [07/Oct/2023:19:37:11 -0500] "POST /kwsrmcab/Wsrmcab  HTTP/1.1" 200 42851
172.22.2.4 - - [07/Oct/2023:19:35:44 -0500] "GET /BLA/boletinlegal/ HTTP/1.1" 200 49695
201.245.192.253 - - [07/Oct/2023:19:37:29 -0500] "POST /kwsrmcab/Wsrmcab HTTP/1.1" 200 43316
201.245.192.253 - - [07/Oct/2023:19:37:31 -0500] "POST /kwsrmcab/Wsrmcab HTTP/1.1" 200 43513
172.22.2.4 - - [07/Oct/2023:19:35:56 -0500] "GET /BLA/boletinlegal/ HTTP/1.1" 200 51319
201.245.192.253 - - [07/Oct/2023:19:38:41 -0500] "POST /forms/lservlet;jsessionid=ac16012b30d6e3ac83cfa34d44e69cdfe83dd14ea1cd.e3iSbxaKaheRe34Pbx8Nc3aQci1ynknvrkLOlQzNp65In0 HTTP/1.1" 200 2
201.245.192.253 - - [07/Oct/2023:19:38:49 -0500] "POST /forms/lservlet;jsessionid=ac16012b30d631b237d665c3491e938ed2fcaf258f77.e3iSbxaKaheRe34Pbx8Nc3aQci1ynknvrkLOlQzNp65In0 HTTP/1.1" 200 2
201.245.192.253 - - [07/Oct/2023:19:40:41 -0500] "POST /forms/lservlet;jsessionid=ac16012b30d6e3ac83cfa34d44e69cdfe83dd14ea1cd.e3iSbxaKaheRe34Pbx8Nc3aQci1ynknvrkLOlQzNp65In0 HTTP/1.1" 200 2
201.245.192.253 - - [07/Oct/2023:19:40:49 -0500] "POST /forms/lservlet;jsessionid=ac16012b30d631b237d665c3491e938ed2fcaf258f77.e3iSbxaKaheRe34Pbx8Nc3aQci1ynknvrkLOlQzNp65In0 HTTP/1.1" 200 2
168.119.52.80 - - [07/Oct/2023:19:41:12 -0500] "GET / HTTP/1.1" 200 319
216.245.221.92 - - [07/Oct/2023:19:42:05 -0500] "HEAD / HTTP/1.1" 200 -
201.245.192.253 - - [07/Oct/2023:19:42:10 -0500] "POST /kwsrmcab/Wsrmcab  HTTP/1.1" 200 42851
172.22.2.4 - - [07/Oct/2023:19:40:44 -0500] "HEAD /BLA/boletinlegal/ HTTP/1.1" 200 -
128.14.136.18 - - [07/Oct/2023:19:42:35 -0500] "GET / HTTP/1.1" 200 319
201.245.192.253 - - [07/Oct/2023:19:42:41 -0500] "POST /forms/lservlet;jsessionid=ac16012b30d6e3ac83cfa34d44e69cdfe83dd14ea1cd.e3iSbxaKaheRe34Pbx8Nc3aQci1ynknvrkLOlQzNp65In0 HTTP/1.1" 200 2
201.245.192.253 - - [07/Oct/2023:19:42:49 -0500] "POST /forms/lservlet;jsessionid=ac16012b30d631b237d665c3491e938ed2fcaf258f77.e3iSbxaKaheRe34Pbx8Nc3aQci1ynknvrkLOlQzNp65In0 HTTP/1.1" 200 2
172.22.2.4 - - [07/Oct/2023:19:41:35 -0500] "GET /BLA/boletinlegal/ HTTP/1.1" 200 57790
201.245.192.253 - - [07/Oct/2023:19:44:41 -0500] "POST /forms/lservlet;jsessionid=ac16012b30d6e3ac83cfa34d44e69cdfe83dd14ea1cd.e3iSbxaKaheRe34Pbx8Nc3aQci1ynknvrkLOlQzNp65In0 HTTP/1.1" 200 2
