216.244.66.195 - - [07/Oct/2023:13:50:48 -0500] "GET /BLA/resoluciones/RESOLUCIONES%202023/1538.pdf HTTP/1.1" 200 341283
216.244.66.195 - - [07/Oct/2023:13:51:31 -0500] "GET /BLA/resoluciones/AUTOS%202010/1385.pdf HTTP/1.1" 200 244873
216.245.221.92 - - [07/Oct/2023:13:52:05 -0500] "HEAD / HTTP/1.1" 200 -
216.244.66.195 - - [07/Oct/2023:13:52:07 -0500] "GET /BLA/resoluciones/AUTOS%202010/1910.pdf HTTP/1.1" 200 145921
172.22.2.4 - - [07/Oct/2023:13:50:44 -0500] "HEAD /BLA/boletinlegal/ HTTP/1.1" 200 -
216.244.66.195 - - [07/Oct/2023:13:52:37 -0500] "GET /BLA/resoluciones/AUTOS%202010/2316.pdf HTTP/1.1" 200 334549
201.245.192.253 - - [07/Oct/2023:13:52:40 -0500] "POST /forms/lservlet;jsessionid=ac16012b30d6e3ac83cfa34d44e69cdfe83dd14ea1cd.e3iSbxaKaheRe34Pbx8Nc3aQci1ynknvrkLOlQzNp65In0 HTTP/1.1" 200 2
201.245.192.253 - - [07/Oct/2023:13:52:48 -0500] "POST /forms/lservlet;jsessionid=ac16012b30d631b237d665c3491e938ed2fcaf258f77.e3iSbxaKaheRe34Pbx8Nc3aQci1ynknvrkLOlQzNp65In0 HTTP/1.1" 200 2
172.22.2.4 - - [07/Oct/2023:13:51:34 -0500] "GET /BLA/boletinlegal/ HTTP/1.1" 200 57790
216.244.66.195 - - [07/Oct/2023:13:53:16 -0500] "GET /BLA/resoluciones/AUTOS%202010/3861.pdf HTTP/1.1" 200 137399
52.167.144.226 - - [07/Oct/2023:13:53:32 -0500] "GET /Publicaciones/2023EE233239.pdf HTTP/1.1" 200 232067
201.245.192.253 - - [07/Oct/2023:13:53:34 -0500] "POST /kwsrmcab/Wsrmcab  HTTP/1.1" 200 42851
216.244.66.195 - - [07/Oct/2023:13:53:49 -0500] "GET /BLA/resoluciones/AUTOS%202010/4872.pdf HTTP/1.1" 200 250673
216.244.66.195 - - [07/Oct/2023:13:54:26 -0500] "GET /BLA/resoluciones/AUTOS%202010/5441.pdf HTTP/1.1" 200 194155
201.245.192.253 - - [07/Oct/2023:13:54:40 -0500] "POST /forms/lservlet;jsessionid=ac16012b30d6e3ac83cfa34d44e69cdfe83dd14ea1cd.e3iSbxaKaheRe34Pbx8Nc3aQci1ynknvrkLOlQzNp65In0 HTTP/1.1" 200 2
201.245.192.253 - - [07/Oct/2023:13:54:48 -0500] "POST /forms/lservlet;jsessionid=ac16012b30d631b237d665c3491e938ed2fcaf258f77.e3iSbxaKaheRe34Pbx8Nc3aQci1ynknvrkLOlQzNp65In0 HTTP/1.1" 200 2
216.244.66.195 - - [07/Oct/2023:13:54:57 -0500] "GET /BLA/resoluciones/AUTOS%202010/5497.pdf HTTP/1.1" 200 134113
216.244.66.195 - - [07/Oct/2023:13:55:26 -0500] "GET /BLA/resoluciones/AUTOS%202010/5508.pdf HTTP/1.1" 200 187961
216.244.66.195 - - [07/Oct/2023:13:55:54 -0500] "GET /BLA/resoluciones/AUTOS%202010/5657.pdf HTTP/1.1" 200 737097
216.244.66.195 - - [07/Oct/2023:13:56:22 -0500] "GET /BLA/resoluciones/AUTOS%202010/6883.pdf HTTP/1.1" 200 226782
201.245.192.253 - - [07/Oct/2023:13:56:40 -0500] "POST /forms/lservlet;jsessionid=ac16012b30d6e3ac83cfa34d44e69cdfe83dd14ea1cd.e3iSbxaKaheRe34Pbx8Nc3aQci1ynknvrkLOlQzNp65In0 HTTP/1.1" 200 2
201.245.192.253 - - [07/Oct/2023:13:56:48 -0500] "POST /forms/lservlet;jsessionid=ac16012b30d631b237d665c3491e938ed2fcaf258f77.e3iSbxaKaheRe34Pbx8Nc3aQci1ynknvrkLOlQzNp65In0 HTTP/1.1" 200 2
216.244.66.195 - - [07/Oct/2023:13:56:49 -0500] "GET /BLA/resoluciones/AUTOS%202011/1338.pdf HTTP/1.1" 200 222239
216.245.221.92 - - [07/Oct/2023:13:57:05 -0500] "HEAD / HTTP/1.1" 200 -
216.244.66.195 - - [07/Oct/2023:13:57:14 -0500] "GET /BLA/resoluciones/AUTOS%202011/3907.pdf HTTP/1.1" 200 216362
216.244.66.195 - - [07/Oct/2023:13:57:38 -0500] "GET /BLA/resoluciones/AUTOS%202011/4016.pdf HTTP/1.1" 200 274205
216.244.66.195 - - [07/Oct/2023:13:58:02 -0500] "GET /BLA/resoluciones/AUTOS%202011/4027.pdf HTTP/1.1" 200 292170
172.22.2.4 - - [07/Oct/2023:13:56:34 -0500] "HEAD /BLA/boletinlegal/ HTTP/1.1" 200 -
216.244.66.195 - - [07/Oct/2023:13:58:24 -0500] "GET /BLA/resoluciones/RESOLUCIONES%202001/2001%201350-1399.tif HTTP/1.1" 200 3333955
201.245.192.253 - - [07/Oct/2023:13:58:32 -0500] "POST /kwsrmcab/Wsrmcab  HTTP/1.1" 200 42851
201.245.192.253 - - [07/Oct/2023:13:58:40 -0500] "POST /forms/lservlet;jsessionid=ac16012b30d6e3ac83cfa34d44e69cdfe83dd14ea1cd.e3iSbxaKaheRe34Pbx8Nc3aQci1ynknvrkLOlQzNp65In0 HTTP/1.1" 200 2
201.245.192.253 - - [07/Oct/2023:13:58:48 -0500] "POST /forms/lservlet;jsessionid=ac16012b30d631b237d665c3491e938ed2fcaf258f77.e3iSbxaKaheRe34Pbx8Nc3aQci1ynknvrkLOlQzNp65In0 HTTP/1.1" 200 2
172.22.2.4 - - [07/Oct/2023:13:57:24 -0500] "GET /BLA/boletinlegal/ HTTP/1.1" 200 58187
69.171.249.119 - - [07/Oct/2023:13:59:05 -0500] "GET /en-junio-conectate-con-la-naturaleza-y-el-medioambiente-a-traves-de-estas-caminatas-ecologicas.html HTTP/1.1" 200 900
216.244.66.195 - - [07/Oct/2023:13:59:14 -0500] "GET /BLA/resoluciones/RESOLUCIONES%202016/0779.pdf HTTP/1.1" 200 832640
31.13.103.5 - - [07/Oct/2023:13:59:28 -0500] "GET /images/prendas-1_optimized.jpeg HTTP/1.1" 200 65869
216.244.66.195 - - [07/Oct/2023:14:00:04 -0500] "GET /BLA/resoluciones/RESOLUCIONES%202016/1144.pdf HTTP/1.1" 200 278254
173.252.83.116 - - [07/Oct/2023:14:00:23 -0500] "GET /images/prendas-1_optimized.jpeg HTTP/1.1" 200 65869
69.63.189.120 - - [07/Oct/2023:14:00:23 -0500] "GET /si-tienes-ropa-y-calzado-que-ya-no-usas-aca-te-presentamos-seis-puntos-a-donde-los-puedes-llevar.html HTTP/1.1" 200 872
173.252.127.21 - - [07/Oct/2023:14:00:23 -0500] "GET /si-tienes-ropa-y-calzado-que-ya-no-usas-aca-te-presentamos-seis-puntos-a-donde-los-puedes-llevar.html HTTP/1.1" 200 872
216.244.66.195 - - [07/Oct/2023:14:00:39 -0500] "GET /BLA/resoluciones/RESOLUCIONES%202016/1374.pdf HTTP/1.1" 200 301412
201.245.192.253 - - [07/Oct/2023:14:00:40 -0500] "POST /forms/lservlet;jsessionid=ac16012b30d6e3ac83cfa34d44e69cdfe83dd14ea1cd.e3iSbxaKaheRe34Pbx8Nc3aQci1ynknvrkLOlQzNp65In0 HTTP/1.1" 200 2
201.245.192.253 - - [07/Oct/2023:14:00:48 -0500] "POST /forms/lservlet;jsessionid=ac16012b30d631b237d665c3491e938ed2fcaf258f77.e3iSbxaKaheRe34Pbx8Nc3aQci1ynknvrkLOlQzNp65In0 HTTP/1.1" 200 2
94.102.61.10 - - [07/Oct/2023:14:00:49 -0500] "GET / HTTP/1.1" 200 319
216.244.66.195 - - [07/Oct/2023:14:01:09 -0500] "GET /BLA/resoluciones/RESOLUCIONES%202016/1575.pdf HTTP/1.1" 200 623332
216.244.66.195 - - [07/Oct/2023:14:01:37 -0500] "GET /BLA/resoluciones/RESOLUCIONES%202016/1847.pdf HTTP/1.1" 200 653039
216.244.66.195 - - [07/Oct/2023:14:02:05 -0500] "GET /BLA/resoluciones/RESOLUCIONES%202016/2500.pdf HTTP/1.1" 200 498136
216.245.221.92 - - [07/Oct/2023:14:02:05 -0500] "HEAD / HTTP/1.1" 200 -
216.244.66.195 - - [07/Oct/2023:14:02:32 -0500] "GET /BLA/resoluciones/RESOLUCIONES%202017/0750.pdf HTTP/1.1" 200 477693
201.245.192.253 - - [07/Oct/2023:14:02:40 -0500] "POST /forms/lservlet;jsessionid=ac16012b30d6e3ac83cfa34d44e69cdfe83dd14ea1cd.e3iSbxaKaheRe34Pbx8Nc3aQci1ynknvrkLOlQzNp65In0 HTTP/1.1" 200 2
201.245.192.253 - - [07/Oct/2023:14:02:48 -0500] "POST /forms/lservlet;jsessionid=ac16012b30d631b237d665c3491e938ed2fcaf258f77.e3iSbxaKaheRe34Pbx8Nc3aQci1ynknvrkLOlQzNp65In0 HTTP/1.1" 200 2
216.244.66.195 - - [07/Oct/2023:14:02:57 -0500] "GET /BLA/resoluciones/RESOLUCIONES%202017/0814.pdf HTTP/1.1" 200 499324
216.244.66.195 - - [07/Oct/2023:14:03:22 -0500] "GET /BLA/resoluciones/RESOLUCIONES%202017/1620.pdf HTTP/1.1" 200 1298552
201.245.192.253 - - [07/Oct/2023:14:03:30 -0500] "POST /kwsrmcab/Wsrmcab  HTTP/1.1" 200 42851
216.244.66.195 - - [07/Oct/2023:14:03:46 -0500] "GET /BLA/resoluciones/RESOLUCIONES%202017/1748.pdf HTTP/1.1" 200 466818
172.22.2.4 - - [07/Oct/2023:14:02:24 -0500] "HEAD /BLA/boletinlegal/ HTTP/1.1" 200 -
216.244.66.195 - - [07/Oct/2023:14:04:08 -0500] "GET /BLA/resoluciones/RESOLUCIONES%202017/1850.pdf HTTP/1.1" 200 396657
40.77.167.59 - - [07/Oct/2023:14:04:12 -0500] "GET /Publicaciones/2023EE230796.pdf HTTP/1.1" 200 231975
216.244.66.195 - - [07/Oct/2023:14:04:30 -0500] "GET /BLA/resoluciones/RESOLUCIONES%202017/2060.pdf HTTP/1.1" 200 339496
201.245.192.253 - - [07/Oct/2023:14:04:40 -0500] "POST /forms/lservlet;jsessionid=ac16012b30d6e3ac83cfa34d44e69cdfe83dd14ea1cd.e3iSbxaKaheRe34Pbx8Nc3aQci1ynknvrkLOlQzNp65In0 HTTP/1.1" 200 2
201.245.192.253 - - [07/Oct/2023:14:04:48 -0500] "POST /forms/lservlet;jsessionid=ac16012b30d631b237d665c3491e938ed2fcaf258f77.e3iSbxaKaheRe34Pbx8Nc3aQci1ynknvrkLOlQzNp65In0 HTTP/1.1" 200 2
216.244.66.195 - - [07/Oct/2023:14:04:51 -0500] "GET /BLA/resoluciones/RESOLUCIONES%202017/2500.pdf HTTP/1.1" 200 855041
172.22.2.4 - - [07/Oct/2023:14:03:14 -0500] "GET /BLA/boletinlegal/ HTTP/1.1" 200 57790
216.244.66.195 - - [07/Oct/2023:14:05:11 -0500] "GET /BLA/resoluciones/RESOLUCIONES%202017/2505.pdf HTTP/1.1" 200 363470
216.244.66.195 - - [07/Oct/2023:14:05:30 -0500] "GET /BLA/resoluciones/RESOLUCIONES%202017/2727.pdf HTTP/1.1" 200 305075
207.46.13.168 - - [07/Oct/2023:14:05:43 -0500] "GET /Publicaciones/2023EE232158.pdf HTTP/1.1" 200 231957
216.244.66.195 - - [07/Oct/2023:14:05:47 -0500] "GET /BLA/resoluciones/RESOLUCIONES%202017/2756.pdf HTTP/1.1" 200 516896
216.244.66.195 - - [07/Oct/2023:14:06:04 -0500] "GET /BLA/resoluciones/RESOLUCIONES%202017/2832.pdf HTTP/1.1" 200 279280
216.244.66.195 - - [07/Oct/2023:14:06:19 -0500] "GET /BLA/resoluciones/RESOLUCIONES%202019/0570.pdf HTTP/1.1" 200 311072
216.244.66.195 - - [07/Oct/2023:14:06:34 -0500] "GET /BLA/resoluciones/RESOLUCIONES%202019/0881.pdf HTTP/1.1" 200 327423
201.245.192.253 - - [07/Oct/2023:14:06:40 -0500] "POST /forms/lservlet;jsessionid=ac16012b30d6e3ac83cfa34d44e69cdfe83dd14ea1cd.e3iSbxaKaheRe34Pbx8Nc3aQci1ynknvrkLOlQzNp65In0 HTTP/1.1" 200 2
157.55.39.62 - - [07/Oct/2023:14:06:41 -0500] "GET /Publicaciones/2023EE229396.pdf HTTP/1.1" 200 507464
216.244.66.195 - - [07/Oct/2023:14:06:47 -0500] "GET /BLA/resoluciones/RESOLUCIONES%202019/0981.pdf HTTP/1.1" 200 355678
201.245.192.253 - - [07/Oct/2023:14:06:48 -0500] "POST /forms/lservlet;jsessionid=ac16012b30d631b237d665c3491e938ed2fcaf258f77.e3iSbxaKaheRe34Pbx8Nc3aQci1ynknvrkLOlQzNp65In0 HTTP/1.1" 200 2
216.244.66.195 - - [07/Oct/2023:14:06:59 -0500] "GET /BLA/resoluciones/RESOLUCIONES%202019/1711.pdf HTTP/1.1" 200 285677
216.245.221.92 - - [07/Oct/2023:14:07:05 -0500] "HEAD / HTTP/1.1" 200 -
216.244.66.195 - - [07/Oct/2023:14:07:11 -0500] "GET /BLA/resoluciones/RESOLUCIONES%202019/1774.pdf HTTP/1.1" 200 321814
216.244.66.195 - - [07/Oct/2023:14:07:22 -0500] "GET /BLA/resoluciones/RESOLUCIONES%202019/2534.pdf HTTP/1.1" 200 469835
216.244.66.195 - - [07/Oct/2023:14:07:31 -0500] "GET /BLA/resoluciones/RESOLUCIONES%202019/3906.pdf HTTP/1.1" 200 266070
201.245.192.253 - - [07/Oct/2023:14:08:30 -0500] "POST /kwsrmcab/Wsrmcab  HTTP/1.1" 200 42851
201.245.192.253 - - [07/Oct/2023:14:08:40 -0500] "POST /forms/lservlet;jsessionid=ac16012b30d6e3ac83cfa34d44e69cdfe83dd14ea1cd.e3iSbxaKaheRe34Pbx8Nc3aQci1ynknvrkLOlQzNp65In0 HTTP/1.1" 200 2
201.245.192.253 - - [07/Oct/2023:14:08:48 -0500] "POST /forms/lservlet;jsessionid=ac16012b30d631b237d665c3491e938ed2fcaf258f77.e3iSbxaKaheRe34Pbx8Nc3aQci1ynknvrkLOlQzNp65In0 HTTP/1.1" 200 2
172.22.2.4 - - [07/Oct/2023:14:08:13 -0500] "HEAD /BLA/boletinlegal/ HTTP/1.1" 200 -
201.245.192.253 - - [07/Oct/2023:14:10:40 -0500] "POST /forms/lservlet;jsessionid=ac16012b30d6e3ac83cfa34d44e69cdfe83dd14ea1cd.e3iSbxaKaheRe34Pbx8Nc3aQci1ynknvrkLOlQzNp65In0 HTTP/1.1" 200 2
172.22.2.4 - - [07/Oct/2023:14:09:04 -0500] "GET /BLA/boletinlegal/ HTTP/1.1" 200 60342
201.245.192.253 - - [07/Oct/2023:14:10:48 -0500] "POST /forms/lservlet;jsessionid=ac16012b30d631b237d665c3491e938ed2fcaf258f77.e3iSbxaKaheRe34Pbx8Nc3aQci1ynknvrkLOlQzNp65In0 HTTP/1.1" 200 2
216.244.66.195 - - [07/Oct/2023:14:11:22 -0500] "GET /robots.txt HTTP/1.1" 404 1018
216.245.221.92 - - [07/Oct/2023:14:12:05 -0500] "HEAD / HTTP/1.1" 200 -
172.22.2.4 - - [07/Oct/2023:14:12:13 -0500] "GET /BLA/boletinlegal/style.css HTTP/1.1" 200 9406
172.22.2.4 - - [07/Oct/2023:14:12:13 -0500] "GET /BLA/boletinlegal/js/jquery.js HTTP/1.1" 200 57254
172.22.2.4 - - [07/Oct/2023:14:12:13 -0500] "GET /BLA/boletinlegal/styles2.css HTTP/1.1" 200 1838
172.22.2.4 - - [07/Oct/2023:14:12:13 -0500] "GET /BLA/boletinlegal/js/jquery.scrollShow.js HTTP/1.1" 200 4586
172.22.2.4 - - [07/Oct/2023:14:12:13 -0500] "GET /BLA/boletinlegal/js/jquery.scrollTo-min.js HTTP/1.1" 200 1150
172.22.2.4 - - [07/Oct/2023:14:12:13 -0500] "GET /BLA/boletinlegal/images/cabezote%20BLEGAL.jpg HTTP/1.1" 200 118164
172.22.2.4 - - [07/Oct/2023:14:12:13 -0500] "GET /BLA/boletinlegal/images/screen_1.png HTTP/1.1" 200 202547
172.22.2.4 - - [07/Oct/2023:14:12:14 -0500] "GET /BLA/boletinlegal/images/subscribe-icon-big.png HTTP/1.1" 200 47702
172.22.2.4 - - [07/Oct/2023:14:12:14 -0500] "GET /BLA/boletinlegal/images/historia.png HTTP/1.1" 200 52775
172.22.2.4 - - [07/Oct/2023:14:12:14 -0500] "GET /BLA/boletinlegal/images/arr_l.jpg HTTP/1.1" 200 1979
172.22.2.4 - - [07/Oct/2023:14:12:14 -0500] "GET /BLA/boletinlegal/images/registro-usuarios.png HTTP/1.1" 200 8106
172.22.2.4 - - [07/Oct/2023:14:12:14 -0500] "GET /BLA/boletinlegal/images/launch.jpg HTTP/1.1" 200 14577
172.22.2.4 - - [07/Oct/2023:14:12:14 -0500] "GET /BLA/boletinlegal/images/body_bg.jpg HTTP/1.1" 200 1601
172.22.2.4 - - [07/Oct/2023:14:12:14 -0500] "GET /BLA/boletinlegal/images/menu_lft.gif HTTP/1.1" 200 1713
172.22.2.4 - - [07/Oct/2023:14:12:14 -0500] "GET /BLA/boletinlegal/images/menu_rght.gif HTTP/1.1" 200 1627
172.22.2.4 - - [07/Oct/2023:14:12:14 -0500] "GET /BLA/boletinlegal/images/bg_top.jpg HTTP/1.1" 200 522
172.22.2.4 - - [07/Oct/2023:14:12:14 -0500] "GET /BLA/boletinlegal/images/menu_bg.jpg HTTP/1.1" 200 620
172.22.2.4 - - [07/Oct/2023:14:12:14 -0500] "GET /BLA/boletinlegal/images/hover.jpg HTTP/1.1" 200 640
172.22.2.4 - - [07/Oct/2023:14:12:14 -0500] "GET /BLA/boletinlegal/images/text.jpg HTTP/1.1" 200 568
172.22.2.4 - - [07/Oct/2023:14:12:15 -0500] "GET /BLA/boletinlegal/actos.php HTTP/1.1" 200 9682
172.22.2.4 - - [07/Oct/2023:14:12:15 -0500] "GET /BLA/boletinlegal/niceforms-default.css HTTP/1.1" 200 6694
172.22.2.4 - - [07/Oct/2023:14:12:15 -0500] "GET /BLA/boletinlegal/js/ajax_actos.js HTTP/1.1" 200 1322
172.22.2.4 - - [07/Oct/2023:14:12:15 -0500] "GET /BLA/boletinlegal/js/lib.js HTTP/1.1" 200 6474
172.22.2.4 - - [07/Oct/2023:14:12:15 -0500] "GET /BLA/boletinlegal/niceforms.js HTTP/1.1" 200 22876
172.22.2.4 - - [07/Oct/2023:14:12:15 -0500] "GET /BLA/boletinlegal/js/popup.js HTTP/1.1" 200 1270
172.22.2.4 - - [07/Oct/2023:14:12:15 -0500] "GET /BLA/boletinlegal/js/jquery1.js HTTP/1.1" 200 29846
172.22.2.4 - - [07/Oct/2023:14:12:15 -0500] "GET /BLA/boletinlegal/images/green-yellow-blue-pink-th.png HTTP/1.1" 200 7394
172.22.2.4 - - [07/Oct/2023:14:12:15 -0500] "GET /BLA/boletinlegal/images/tel.png HTTP/1.1" 200 14477
172.22.2.4 - - [07/Oct/2023:14:12:15 -0500] "GET /BLA/boletinlegal/images/icono-email.png HTTP/1.1" 200 5544
172.22.2.4 - - [07/Oct/2023:14:12:15 -0500] "GET /BLA/boletinlegal/images/footer_bg.jpg HTTP/1.1" 200 586
172.22.2.4 - - [07/Oct/2023:14:12:15 -0500] "GET /BLA/boletinlegal/images/footer_bg_l.jpg HTTP/1.1" 200 776
172.22.2.4 - - [07/Oct/2023:14:12:16 -0500] "GET /BLA/boletinlegal/img/0.png HTTP/1.1" 200 110
172.22.2.4 - - [07/Oct/2023:14:12:16 -0500] "GET /BLA/boletinlegal/img/button-right.png HTTP/1.1" 200 57878
172.22.2.4 - - [07/Oct/2023:14:12:16 -0500] "GET /BLA/boletinlegal/img/select-right.png HTTP/1.1" 200 44019
172.22.2.4 - - [07/Oct/2023:14:12:16 -0500] "GET /BLA/boletinlegal/img/button-left.png HTTP/1.1" 200 57071
172.22.2.4 - - [07/Oct/2023:14:12:16 -0500] "GET /BLA/boletinlegal/img/select-left.png HTTP/1.1" 200 263
172.22.2.4 - - [07/Oct/2023:14:12:16 -0500] "GET /BLA/boletinlegal/img/button.png HTTP/1.1" 200 43241
172.22.2.4 - - [07/Oct/2023:14:12:16 -0500] "GET /BLA/boletinlegal/favicon.ico HTTP/1.1" 404 1326
191.108.9.196 - - [07/Oct/2023:14:12:17 -0500] "GET /BLA/resoluciones/ HTTP/1.1" 200 13696
191.108.9.196 - - [07/Oct/2023:14:12:17 -0500] "GET /BLA/resoluciones/dlf/styles.css HTTP/1.1" 200 3049
191.108.9.196 - - [07/Oct/2023:14:12:17 -0500] "GET /BLA/resoluciones/dlf/folder.png HTTP/1.1" 200 410
191.108.9.196 - - [07/Oct/2023:14:12:17 -0500] "GET /BLA/resoluciones/dlf/bg.gif HTTP/1.1" 200 54
191.108.9.196 - - [07/Oct/2023:14:12:17 -0500] "GET /favicon.ico HTTP/1.1" 200 7782
191.108.9.196 - - [07/Oct/2023:14:12:19 -0500] "GET /BLA/resoluciones/dlf/dirup.png HTTP/1.1" 200 644
191.108.9.196 - - [07/Oct/2023:14:12:19 -0500] "GET /BLA/resoluciones/dlf/pdf.gif HTTP/1.1" 200 272
191.108.9.196 - - [07/Oct/2023:14:12:19 -0500] "GET /BLA/resoluciones/dlf/archive.png HTTP/1.1" 200 632
191.108.9.196 - - [07/Oct/2023:14:12:19 -0500] "GET /BLA/resoluciones/index.php?dir=AUTOS+2023%2F HTTP/1.1" 200 349362
201.245.192.253 - - [07/Oct/2023:14:12:40 -0500] "POST /forms/lservlet;jsessionid=ac16012b30d6e3ac83cfa34d44e69cdfe83dd14ea1cd.e3iSbxaKaheRe34Pbx8Nc3aQci1ynknvrkLOlQzNp65In0 HTTP/1.1" 200 2
172.22.2.4 - - [07/Oct/2023:14:12:13 -0500] "GET /BLA/boletinlegal/ HTTP/1.1" 200 24523
201.245.192.253 - - [07/Oct/2023:14:12:48 -0500] "POST /forms/lservlet;jsessionid=ac16012b30d631b237d665c3491e938ed2fcaf258f77.e3iSbxaKaheRe34Pbx8Nc3aQci1ynknvrkLOlQzNp65In0 HTTP/1.1" 200 2
201.245.192.253 - - [07/Oct/2023:14:13:29 -0500] "POST /kwsrmcab/Wsrmcab  HTTP/1.1" 200 42851
201.245.192.253 - - [07/Oct/2023:14:14:40 -0500] "POST /forms/lservlet;jsessionid=ac16012b30d6e3ac83cfa34d44e69cdfe83dd14ea1cd.e3iSbxaKaheRe34Pbx8Nc3aQci1ynknvrkLOlQzNp65In0 HTTP/1.1" 200 2
186.102.95.50 - - [07/Oct/2023:14:14:45 -0500] "GET /kwssiamovil/sm/ldap/au?x=U2FsdGVkX19yELjW4swCiYle0qFn30XVjZwXw/ioqeZ+evbxP/4sigQhM9Io8zx7&y=U2FsdGVkX1+dI/CPQGtdMCxQf05LETojuQ+/Czl0hrRfBaD4TJ1b0CxWCOmBAZ2u HTTP/1.1" 200 30
186.102.95.50 - - [07/Oct/2023:14:14:45 -0500] "GET /kwssiamovil/sm/acme/s?s=U2FsdGVkX1+DVRlewWUUvjOiahNPd7Dk/c/45axfOSlMSFNG/m3C1jaKGrIYXKEeZe5Y44Z6B0ZsWyAYE5qtVLWNhmYyna0+slYvHyG6BA0=&u=U2FsdGVkX1+RYcbXBKKxOtXilnOVFHIxwrOZeVEgSkI=&y=U2FsdGVkX1+dI/CPQGtdMCxQf05LETojuQ+/Czl0hrRfBaD4TJ1b0CxWCOmBAZ2u HTTP/1.1" 200 97
186.102.95.50 - - [07/Oct/2023:14:14:45 -0500] "GET /kwssiamovil/sm/acme/s?s=U2FsdGVkX1+iLqrkMs/wZXJ2brdYShKXgE1VXykN1HwfUIY7//2Kg8W2OiHiMkUmVVqDmaRA3msP0INmCMjdoD/vERFctDiMhgyZqHOdh6PqNQ8zNHyUKNckto8XrtXvDMW3rCocqBjDQ8hhoZksXXnOqRmX/1B/6etJD+a3YEbAaUx+RputbJLX2i18AVt3Pp0WHAcm/3gImTRCyIiG5EJCJS56OFYM12oLGJwaryEoXD4W4z2YgG+nhM4myn7ZL3iSrvOoWzAg2zyvLcYuNDOag4pVuLNlAtlWF9COeH1FNxrRffn9yaycjl48ZACm+dY0DdKWMu6zWbvj0EF7Xnu+dEwCeiWN4ZlnSnxLdAwJYVo/YXZJD/uviU/AOrxfifnDHYrfIqV2Fi+M4sPsBZWKclCx1k3rPcd1IupuJDESqmqr1fnhyBsFhzLugfeP7pseUQtkRACbRQqmr+Hdtr83BpjXC/YNs6wlcFjrPG99rVuUZk6Dg0u+1mgGiBHAQBO2sdOoMgnEXy4vOuL8ASJAUcsQ70iqqS9/WJfYSpXemL/8whes6GeyuYVRbf39SBcCCmH3Tkr4UPxXGVLBkt7K7BCVqdtLWBdg/DN/8KuMlu5dhROTFV3AyCLKaAXVdDDkIFZUwc0njFiGFHHRq/Z0z5MNdWFJZ2yBflG8IqHoL0xzVnLoNRlJpleSVm+GLT0Sw49OrkMDuOOPS8wOBsW8hg8qiJ9O7lsPHurmPWMeMXpuc0aBcnVjJs2VOmjbq7FX9cBM0HJsBYcpcO9ZGGT0kbj0RYtwcgnJAtNOpPT0jK5Erp0RHn3rGnEDuPq95tSvHF+ZzY87oR/XsA/FVaNDBSEgpNLiCnA+arvJ2RwaZLXajyM745TAbrLvazBEU1x8mOi6LZbXc3ntQk9BSC8CgAdeUvXI1BfpJpfy43OPfoZSk0QMhEwksS/vRe2aS2XK65NUYfm0UTfIvTy3oR7jwiB3QwRxQT/hfYAvvecXb+K4UUT5hTs5bLIsyAcMgrsoafXXYio3UabvfV+7fcylu5ypY0MYjfZPBXivfr9khwM2vwPjdhEmnFdr416D25YxcphGaUGBS3t0d2l2LkB3Nr4m8a3IClb4kSvFw6S8dbLlECQ+8tZg4FAFLkmiflG6wqugBaPyTvF/T4km9WjRHw92sX6VYsga7YyYf+cAUgilqP5gL2jQI9p74KQ/HwWdGkxwULsJoMQwxs+2RwPbWiGW8hMuQcDe+RwBMIbC68az8wkFx4BQyiWSyh/kCpvmrLv4Wjb7v1+5H9lttXUDQ/NmCc8R69e8LA4wzWLQWk5A5Fjy6Zn2r3mD8JrT3j1n8nR4A6v6ukFihHgqbWelYs5l0x3Vqb7ZfBfTFst3zDztNQDbS0yiu1ibCa0BzfE4qYZieMF/FIN1LPtAQ1MZnDS/DuEbBHq/f8zwHckGtekINcwd2KMd3LcX6Nwm0Px3ZKPa9flEb6RM7JG/VkbeJ2q9rGs9SEg+UohdJzz8aYrfkpzmSeeHIaxA2lAHnBUXLhD2XvOtL7yfUSBV07eX/TvHX7SiSTfCaZLkOeY2QtSza3NTUWslt4SEU645NkW5v5OOYPjNfzAQmoMLpiA5PHqcnsShjAby0I4n3ZCa/8v0uey8Z6/lYc/SX7J4NvocQY76EM+x4qKa+dSxoqu+h6sYHGVHI9xM3rxXKwpu3sWboj7OO1OasKwyGhkhLkBg7Tb+kEDK5bqu1yB+HioqmW2lAf+VKX8QVeBlXW4=&u=U2FsdGVkX1+RYcbXBKKxOtXilnOVFHIxwrOZeVEgSkI=&y=U2FsdGVkX1+dI/CPQGtdMCxQf05LETojuQ+/Czl0hrRfBaD4TJ1b0CxWCOmBAZ2u HTTP/1.1" 200 1241
186.102.95.50 - - [07/Oct/2023:14:14:45 -0500] "GET /kwssiamovil/sm/acme/s?s=U2FsdGVkX19udScC95acJ2lBldY/B6MaLCCvrMgA2a9Gx6ybmJYnGpePUf07DCwbXoEAqIOoF9vGFYyCPrVKwlQVinYfI1jF6bj7l0wE9ffx6PAvMTqIlIVDowG4Od//DfFuBd/zos03JhcZx7cGs3f/lY15bDtBsNaU/PeuxBsbp3WbxZKdPaZE4z/Ls0SET3bVCAt8kiqoBSI2LYIUGWunkstP5/vO6UGXDCPiv/FmJBdo4hIlFd0KATdn+qIAQ4LyLM+6pvfR/Wlcs25oQRbS9vErzyWGtkhklWMCdUC09L8xfOr1DWOx5G8pVsvSFu66qq1gpztbtDbe8s7hThzguJEChvg608gRW+4FAVZnBRkDGHqDxI3gXy2M3fcuxgpWdHFb7Jn0eGyXmNes03J8y3lMIalBgKp3Z6FnCbAYrehCmlfnSj0cZ2axiK9zUwawvJ+0Va9wgjCP6Qxg5Nx7rsff53/eVkxpCcXGi7Y99apThxahTQHcUcFON+RQ9fGQZtPA9zfG0U1jWEhW1JjAlICPaFI2cGTqpyiqVCKePOrAOvSSiI2uYDMrfF/a9TtrxilCalfGwi/7Ve+gAyytFiw3WrEDKQ6AKwuH2sm+FBhzXJYpKJCMyLr7Mk4Kl99z0V08wNfkmwiAM+0bzAM7ChQU2FG2yq1ItjU3YCyh+Q8Qyk3RGti5Id0gex+pTIWEzDNXq3Bsp8j59RLx372L/BKYY47rOQfhdK3Ov8/IFIxzy8lV3TKGIghSSlae&u=U2FsdGVkX1+RYcbXBKKxOtXilnOVFHIxwrOZeVEgSkI=&y=U2FsdGVkX1+dI/CPQGtdMCxQf05LETojuQ+/Czl0hrRfBaD4TJ1b0CxWCOmBAZ2u HTTP/1.1" 200 208
186.102.95.50 - - [07/Oct/2023:14:14:46 -0500] "GET /kwssiamovil/sm/cjson/pre?f=1&x=U2FsdGVkX19yELjW4swCiYle0qFn30XVjZwXw/ioqeZ+evbxP/4sigQhM9Io8zx7 HTTP/1.1" 200 31032
201.245.192.253 - - [07/Oct/2023:14:14:48 -0500] "POST /forms/lservlet;jsessionid=ac16012b30d631b237d665c3491e938ed2fcaf258f77.e3iSbxaKaheRe34Pbx8Nc3aQci1ynknvrkLOlQzNp65In0 HTTP/1.1" 200 2
172.22.2.4 - - [07/Oct/2023:14:14:04 -0500] "HEAD /BLA/boletinlegal/ HTTP/1.1" 200 -
172.22.2.4 - - [07/Oct/2023:14:14:54 -0500] "GET /BLA/boletinlegal/ HTTP/1.1" 200 60342
201.245.192.253 - - [07/Oct/2023:14:16:40 -0500] "POST /forms/lservlet;jsessionid=ac16012b30d6e3ac83cfa34d44e69cdfe83dd14ea1cd.e3iSbxaKaheRe34Pbx8Nc3aQci1ynknvrkLOlQzNp65In0 HTTP/1.1" 200 2
201.245.192.253 - - [07/Oct/2023:14:16:48 -0500] "POST /forms/lservlet;jsessionid=ac16012b30d631b237d665c3491e938ed2fcaf258f77.e3iSbxaKaheRe34Pbx8Nc3aQci1ynknvrkLOlQzNp65In0 HTTP/1.1" 200 2
216.245.221.92 - - [07/Oct/2023:14:17:05 -0500] "HEAD / HTTP/1.1" 200 -
201.245.192.253 - - [07/Oct/2023:14:17:30 -0500] "POST /kwsrmcab/Wsrmcab HTTP/1.1" 200 42821
201.245.192.253 - - [07/Oct/2023:14:17:33 -0500] "POST /kwsrmcab/Wsrmcab HTTP/1.1" 200 41149
201.245.192.253 - - [07/Oct/2023:14:18:28 -0500] "POST /kwsrmcab/Wsrmcab  HTTP/1.1" 200 42851
66.249.66.14 - - [07/Oct/2023:14:18:38 -0500] "GET /Publicaciones/2022EE225633.pdf HTTP/1.1" 404 228
201.245.192.253 - - [07/Oct/2023:14:18:40 -0500] "POST /forms/lservlet;jsessionid=ac16012b30d6e3ac83cfa34d44e69cdfe83dd14ea1cd.e3iSbxaKaheRe34Pbx8Nc3aQci1ynknvrkLOlQzNp65In0 HTTP/1.1" 200 2
201.245.192.253 - - [07/Oct/2023:14:18:48 -0500] "POST /forms/lservlet;jsessionid=ac16012b30d631b237d665c3491e938ed2fcaf258f77.e3iSbxaKaheRe34Pbx8Nc3aQci1ynknvrkLOlQzNp65In0 HTTP/1.1" 200 2
66.249.66.194 - - [07/Oct/2023:14:18:51 -0500] "GET /feria-de-emprendimiento-mujeres-que-reverdecen-expusieron-sus-proyectos.html HTTP/1.1" 304 -
66.249.66.194 - - [07/Oct/2023:14:18:52 -0500] "GET /los-tramites-y-servicios-que-ofrece-la-secretaria-de-ambiente-de-bogota.html HTTP/1.1" 304 -
157.55.39.201 - - [07/Oct/2023:14:19:22 -0500] "GET /BLA/resoluciones/AUTOS%202022/2711.pdf HTTP/1.1" 304 -
201.245.192.253 - - [07/Oct/2023:14:20:40 -0500] "POST /forms/lservlet;jsessionid=ac16012b30d6e3ac83cfa34d44e69cdfe83dd14ea1cd.e3iSbxaKaheRe34Pbx8Nc3aQci1ynknvrkLOlQzNp65In0 HTTP/1.1" 200 2
201.245.192.253 - - [07/Oct/2023:14:20:48 -0500] "POST /forms/lservlet;jsessionid=ac16012b30d631b237d665c3491e938ed2fcaf258f77.e3iSbxaKaheRe34Pbx8Nc3aQci1ynknvrkLOlQzNp65In0 HTTP/1.1" 200 2
172.22.2.4 - - [07/Oct/2023:14:19:53 -0500] "HEAD /BLA/boletinlegal/ HTTP/1.1" 200 -
216.245.221.92 - - [07/Oct/2023:14:22:05 -0500] "HEAD / HTTP/1.1" 200 -
172.22.2.4 - - [07/Oct/2023:14:20:44 -0500] "GET /BLA/boletinlegal/ HTTP/1.1" 200 57790
201.245.192.253 - - [07/Oct/2023:14:22:40 -0500] "POST /forms/lservlet;jsessionid=ac16012b30d6e3ac83cfa34d44e69cdfe83dd14ea1cd.e3iSbxaKaheRe34Pbx8Nc3aQci1ynknvrkLOlQzNp65In0 HTTP/1.1" 200 2
201.245.192.253 - - [07/Oct/2023:14:22:48 -0500] "POST /forms/lservlet;jsessionid=ac16012b30d631b237d665c3491e938ed2fcaf258f77.e3iSbxaKaheRe34Pbx8Nc3aQci1ynknvrkLOlQzNp65In0 HTTP/1.1" 200 2
201.245.192.253 - - [07/Oct/2023:14:23:26 -0500] "POST /kwsrmcab/Wsrmcab  HTTP/1.1" 200 42851
201.245.192.253 - - [07/Oct/2023:14:24:40 -0500] "POST /forms/lservlet;jsessionid=ac16012b30d6e3ac83cfa34d44e69cdfe83dd14ea1cd.e3iSbxaKaheRe34Pbx8Nc3aQci1ynknvrkLOlQzNp65In0 HTTP/1.1" 200 2
201.245.192.253 - - [07/Oct/2023:14:24:48 -0500] "POST /forms/lservlet;jsessionid=ac16012b30d631b237d665c3491e938ed2fcaf258f77.e3iSbxaKaheRe34Pbx8Nc3aQci1ynknvrkLOlQzNp65In0 HTTP/1.1" 200 2
201.245.192.253 - - [07/Oct/2023:14:26:40 -0500] "POST /forms/lservlet;jsessionid=ac16012b30d6e3ac83cfa34d44e69cdfe83dd14ea1cd.e3iSbxaKaheRe34Pbx8Nc3aQci1ynknvrkLOlQzNp65In0 HTTP/1.1" 200 2
201.245.192.253 - - [07/Oct/2023:14:26:48 -0500] "POST /forms/lservlet;jsessionid=ac16012b30d631b237d665c3491e938ed2fcaf258f77.e3iSbxaKaheRe34Pbx8Nc3aQci1ynknvrkLOlQzNp65In0 HTTP/1.1" 200 2
216.245.221.92 - - [07/Oct/2023:14:27:05 -0500] "HEAD / HTTP/1.1" 200 -
186.102.95.50 - - [07/Oct/2023:14:27:07 -0500] "GET /kwssiamovil/sm/ldap/au?x=U2FsdGVkX1+hN3Rlhbr4jRY2Dx2rLhJ2g6qKd+meHzVc88PygCzXajCNz9nsw0np&y=U2FsdGVkX18q/hZY9IIGyrb+5U80P6zjIkU96iFq7Y1ankfw7E/6j+Zbxr8QFq0T HTTP/1.1" 200 31
186.102.95.50 - - [07/Oct/2023:14:27:17 -0500] "GET /kwssiamovil/sm/ldap/au?x=U2FsdGVkX18JPzfcjC0B57I7YkElLBjQpIKDUyZvl3nkfu/WBOuliFhLErNoLm/a&y=U2FsdGVkX1/eydl5JL32m2Jv9DR4DFbHB0dTowm1tTTxgp3qbs+NgfZsl6rltsiE HTTP/1.1" 200 31
172.22.2.4 - - [07/Oct/2023:14:25:43 -0500] "HEAD /BLA/boletinlegal/ HTTP/1.1" 200 -
186.102.95.50 - - [07/Oct/2023:14:27:24 -0500] "GET /kwssiamovil/sm/ldap/au?x=U2FsdGVkX18bF/fdBKjeRrj7BaAJpA9E5DKCm3nVVm2bALtyfMMYVIe88FYcS4Rh&y=U2FsdGVkX1+3KBASpqhmnhiKQJKUsunpCqq+E/CkBfwWd58RoAskJAyYjLKzZL5Z HTTP/1.1" 200 31
201.245.192.253 - - [07/Oct/2023:14:27:29 -0500] "POST /kwsrmcab/Wsrmcab HTTP/1.1" 200 42821
201.245.192.253 - - [07/Oct/2023:14:27:32 -0500] "POST /kwsrmcab/Wsrmcab HTTP/1.1" 200 41149
186.102.95.50 - - [07/Oct/2023:14:27:35 -0500] "GET /kwssiamovil/sm/ldap/au?x=U2FsdGVkX1/KA0HsX2SZ4Y1AX6ALX8iKAlRpIDniyCZD/C0go4MMk+By25PqV85d&y=U2FsdGVkX19URmr+N0FXmo4WF4WFSZsxcxZfE6dUKJG47E33tAFxSjG+qMqNAdXZ HTTP/1.1" 200 30
52.167.144.14 - - [07/Oct/2023:14:27:51 -0500] "GET /BLA/resoluciones/AUTOS%202015/1465.pdf HTTP/1.1" 200 292895
172.22.2.4 - - [07/Oct/2023:14:26:34 -0500] "GET /BLA/boletinlegal/ HTTP/1.1" 200 58187
201.245.192.253 - - [07/Oct/2023:14:28:24 -0500] "POST /kwsrmcab/Wsrmcab  HTTP/1.1" 200 42851
186.102.95.50 - - [07/Oct/2023:14:28:27 -0500] "OPTIONS /kwssiamovil/sm/setfile/f? HTTP/1.1" 200 13
186.102.95.50 - - [07/Oct/2023:14:28:27 -0500] "POST /kwssiamovil/sm/setfile/f? HTTP/1.1" 200 381
186.102.95.50 - - [07/Oct/2023:14:28:36 -0500] "GET /kwssiamovil/sm/acme/a?s=U2FsdGVkX1++O2B4hXijtHo4cH3SyW3lAyt0GDxtOEZIpQMdYEdRWVojXnP2bx8O1gIQzcHJc3VFLYhsjETBADtWa9+NFmb5wsw3pcygtCa1Rg5hOm31lu+GBcpgGqiGPmtEuFrKEewhtoiAJ4I8pnfGxLZerETV8de20cE0V1bu6A6zhZj8uqRcPMUJpG6XDK4lFam2kFSH3rxnaqmYo6L5a1GbrwYGwcRqRAPgf1f55sap1slM5BHJ0fjkZ7k4aPVKsf7pSrhI8LhgLDA0ZA==&u=U2FsdGVkX1+RYcbXBKKxOtXilnOVFHIxwrOZeVEgSkI=&y=U2FsdGVkX1+dI/CPQGtdMCxQf05LETojuQ+/Czl0hrRfBaD4TJ1b0CxWCOmBAZ2u HTTP/1.1" 200 26
186.102.95.50 - - [07/Oct/2023:14:28:37 -0500] "GET /kwssiamovil/sm/acme/a?s=U2FsdGVkX1/TpROYI4OjfgyaqEhgkWFcSUtqIZXTQLgUzljkjqRY7tlwmqqtDW+7zriBdEHqqwVvme7it1Kx4nE0qPjiTORyuTTL1ehF+q87XYE5FQ02PO3zvjnf+NxmqLGQ9WhKymZUgitlY1Ey7+fFafW7ciG3wp6oKdISxI+Zpg9xZ7kGLlLZTqjYTvLAB/EqKStf1gGHiToWvkxDprCGbmLmBD4A7oMKRJgVxgm0BfYpdGEsofgziTVZxjcEDRU3yazyt4n3vVJqD2bU5Yqjzi3CSnSnAjggdjOe7aH06FshdrrL5gRZu9qN3zy9dQ1EAtRMLUeyyFc2G3ACDmdzGoK8XWKhKUOID584s6vB9u/sZmUfPwvKcaJA9AdrfU1SvMbDM1NFX3rc29qhIno2V3A4HFECeBvI3txtMp7ZslMfDkCXx808bePHl3FZmrXrp9gyAT+5VW74cYwoPRNpFyZfrDHCWb6gt4bXSXKfqk6tus2Ra72TUi1pejFPRRhF3T1A4JuN+rLdSsT1Z7ZijrJY4AoDHtwn5KDZ3i7z2w5i8kqRaLwAFYSEhkGCJb8PA4G1m4SWWzO+CWO0Hyo3MygPiRg+7PG12eBVjMRVo+fmoz6FGLAoseRY8r5dtulEL5M51MO6ttDwZJz0zxx9TuXFhJWxizwxMzzXJZd7ikHcPT8KlvBHgjlPz+QNapjaRp0d8IgbEQTR6Pw3DCcbhx46AEZZW/SjC111DIbxD6QQ7/QtdnapEosnoLgvtPn34TbPQvPi4VcxD5EGDl/8fGd0VYyHA6a212FuB6+mohhFNmqZt5J7G9HLGeSPmXN8DktdhR/zaqQZVdxWmjzcVyGFkKyXR3Q4LxJfoRwkKN5+3zPNZMg9e9FozSC/n1FYocQsyTSJhTRpW03PZ0XuCKRgQXuHdu7VpS3O8aE9nHEKmrp54xCPLYGj/Fur84tk7vp9mZqiSjmB8W6ycQXWMlQ7nVjdr76epJ8QO+OVho3eP8GsmqE9B6OMxf0Pop/a45jyJ4mbGfSm5d6iSaPf3MjnFcPOnaa5unIUv4owl5SA5NjCy34yy+Vn3xoY99YQkDzk35W7+tz4AC13E3j34o7hlgZC+aQpi0vwsDu08e9MOEv7ReNq5bqfn1Rk4BHDm7yDnBU9OTcZ5yWvbvvzxWs9n4Oodh1ej28z55hkUA+M+dCdGGFwOtqgYigcVoCrP595JggnzIF/rokYo3PyqLzJA5NQLd4R9wvfmLYC2zXMpCZrHIbGaNHISEa6X5EIs9p9HJh4RGOaRk2ErrSJ8LXmeKw+alPvgbbA5ptPPSkBTFb8Stztm824g1b/tasFZbR91qMUtuz/SHfA6vB3MuodjYVroRHr3CNZSCtVFupn3pebvuGBpXuSdPDs8Em4XIiW8uQeEoxL5jLfXQ==&u=U2FsdGVkX1+RYcbXBKKxOtXilnOVFHIxwrOZeVEgSkI=&y=U2FsdGVkX1+dI/CPQGtdMCxQf05LETojuQ+/Czl0hrRfBaD4TJ1b0CxWCOmBAZ2u HTTP/1.1" 200 26
186.102.95.50 - - [07/Oct/2023:14:28:37 -0500] "GET /kwssiamovil/sm/acme/a?s=U2FsdGVkX19HHedBNcWmnNvKux/MWiDjF1cR1tORJrfNoYUT8P8eUg1y/t+//UT6GDd1GJLMwZulMeXrDkICLgNrVcwZLeaan7bId/8AlryKTTIWmXgkc2qtZwrYfLr0BAw4a7ZA5YUuP4ojGxBH7TZGDGISsBEgwrfN75PMRJM=&u=U2FsdGVkX1+RYcbXBKKxOtXilnOVFHIxwrOZeVEgSkI=&y=U2FsdGVkX1+dI/CPQGtdMCxQf05LETojuQ+/Czl0hrRfBaD4TJ1b0CxWCOmBAZ2u HTTP/1.1" 200 26
186.102.95.50 - - [07/Oct/2023:14:28:37 -0500] "GET /kwssiamovil/sm/acme/a?s=U2FsdGVkX1+Kw1t+UdNeKPm0w//EtSPZPwKnHT9b+86+78/ZbSrgFA6IX+F019B8snRlethsUvJz7PYGdlVzxiNV1qQxRVx/P1wELcVG/T9Ax4GqNq904lPqwWDlSYD1kaZ7xOV4vq+TQ7gJ1kFe45u4O5fdiRytov9qe++xVaw=&u=U2FsdGVkX1+RYcbXBKKxOtXilnOVFHIxwrOZeVEgSkI=&y=U2FsdGVkX1+dI/CPQGtdMCxQf05LETojuQ+/Czl0hrRfBaD4TJ1b0CxWCOmBAZ2u HTTP/1.1" 200 26
186.102.95.50 - - [07/Oct/2023:14:28:37 -0500] "GET /kwssiamovil/sm/acme/a?s=U2FsdGVkX18XS9pKMpPJtcJswPjhXftmfFBYBU7rSa7BuqyFF7CPQQ+aazCgX9wuWOH1Rj9YdKk8VrCQHD6WLfGv30/yWsYYE+84ZgjtmDNny/la/DEUa9Jj4aa+T0tT6MJtxzihMkZcyVOwtLFB49/yny72gIfGA0N5ymc1uKc=&u=U2FsdGVkX1+RYcbXBKKxOtXilnOVFHIxwrOZeVEgSkI=&y=U2FsdGVkX1+dI/CPQGtdMCxQf05LETojuQ+/Czl0hrRfBaD4TJ1b0CxWCOmBAZ2u HTTP/1.1" 200 26
186.102.95.50 - - [07/Oct/2023:14:28:38 -0500] "GET /kwssiamovil/sm/acme/a?s=U2FsdGVkX18zICbTpBqUIFid4uVWTqX5S0ae0ch3nbrHw5AAHAt+irGsJuuWh50lWwJRZl/q0qeCnewPv1MpNSP7Z70TCOBt3menyInah3/s4dNPBb4UcPmWliB8hHohqQHKOf1d8easwH8zcrPoXYUIUpmXPAKyVTs94dVbKIfl4wOVbOy+/yJ/zjnWC+Xe5+GdWt/P7uxFjv7pJRrOMg==&u=U2FsdGVkX1+RYcbXBKKxOtXilnOVFHIxwrOZeVEgSkI=&y=U2FsdGVkX1+dI/CPQGtdMCxQf05LETojuQ+/Czl0hrRfBaD4TJ1b0CxWCOmBAZ2u HTTP/1.1" 200 26
186.102.95.50 - - [07/Oct/2023:14:28:38 -0500] "GET /kwssiamovil/sm/acme/a?s=U2FsdGVkX18aBQl9jx2TvS/a3sh3wrkUhZ4hb97rP+1QmsNle5SENi/c4faXShQu2Pr5PgP7onniABdkgQg6YgYtHyiW6myaEeu/xtz7Tq7FtTj1J1OA0UI0cyi/f/uCDY7AOGk1B3zsgMX/ezRJwzJw+ueCNssoXK+L+VXcJvCSt5C7nw29ZujI6hHTn0rpC279ubjbg9LJOg292mt0zUVodGqACr+oyjpURGeX2jbPsd38lJK5C/KAAmfVVLy42fFUqN7CUYw9OFlnsCTAOQTiJ+bcCz48/Av4dCZndtcXnh/VQVU6ihHzfdFt4R0OTgqOh/I/XqEkdLrK5MAUQ933vt+1Bjdq+wykbtGk+ha+DGY+IKgHC5WfVtMuqutBSP1dulqO4PcJCDtQ2BnkEaQehPDbLfmhbwdAlOAIAHNZxYNEyDlk/ILrh84Ps7vTs4yWy7U2F6VqHEER0NIkdQ==&u=U2FsdGVkX1+RYcbXBKKxOtXilnOVFHIxwrOZeVEgSkI=&y=U2FsdGVkX1+dI/CPQGtdMCxQf05LETojuQ+/Czl0hrRfBaD4TJ1b0CxWCOmBAZ2u HTTP/1.1" 200 25
186.102.95.50 - - [07/Oct/2023:14:28:38 -0500] "GET /kwssiamovil/sm/acme/a?s=U2FsdGVkX19V5uq7H9qqfizuFHoJ3WJ0/Z3dizwKhNtR3bmtS9IItTkDdF6WXutiC8vC3MsCSCQrk46Y9Xav8BcUwGTkADOQCOVJ6aR2MPcvKS5MMKtH2YhwkdhPZDEoBSuZ2H9P11IdnyobggxXz00ixyRUljU2Dc+w39mVSkY6L4M5QY8e+mi83td8kjOJKXskRXctnh91gpivsYnWGK54KmZkc/C/FGivLjrn2HNY8qzumMCLoLALQeGI8ORdU2knA50/GRqDMBNZhjFX0x/MiPe4yPcVd5vvIxvTzJ35yWiQ51kiv6Z28Swjz4JltSUidjm9PG3f4MdLlx887sUlqpCJwzcPL6VHKTr8fpDh9P6T/5BPhejdvD6W2/lFh1a08v7RGPPCokUMeENRlaBgVos7N1DSOA/I5sQgvq8=&u=U2FsdGVkX1+RYcbXBKKxOtXilnOVFHIxwrOZeVEgSkI=&y=U2FsdGVkX1+dI/CPQGtdMCxQf05LETojuQ+/Czl0hrRfBaD4TJ1b0CxWCOmBAZ2u HTTP/1.1" 200 25
186.102.95.50 - - [07/Oct/2023:14:28:38 -0500] "GET /kwssiamovil/sm/acme/a?s=U2FsdGVkX1/d7R847k6m7IRJVXNGuxjlp/et+Fv9Ovg3pR3wSJGBGfyeCmgorqHQtakmcF6x5Dk3h99c3LMJz8JNL1w7M+lOaGgJIXK/NFD5R6LB2x7l5oOykCXepoCU2BgfqTQDFeJAUmPossHNMUpjrNMo2uY0ot8MXvAilkHeXkfVMW08tQ2kn7QwghX+MOm+Yal+a9hy2FZElDBMWw==&u=U2FsdGVkX1+RYcbXBKKxOtXilnOVFHIxwrOZeVEgSkI=&y=U2FsdGVkX1+dI/CPQGtdMCxQf05LETojuQ+/Czl0hrRfBaD4TJ1b0CxWCOmBAZ2u HTTP/1.1" 200 26
186.102.95.50 - - [07/Oct/2023:14:28:38 -0500] "GET /kwssiamovil/sm/acme/a?s=U2FsdGVkX1+KbyaCQdCDrCn61W4rLq/X8LvAuxlbO9ZFBAsoGgVORHRY0X1gwOxNwZtkVXnwzAcSp1OpA5Kur1BuX3YPG+r5brcvE/64s+WAkTSmHr3Jl1MurAdMTn+AHiXSG3RaHAczWc+VUkhRq5ZiqOg1ZWUXERpDVx8YIRA=&u=U2FsdGVkX1+RYcbXBKKxOtXilnOVFHIxwrOZeVEgSkI=&y=U2FsdGVkX1+dI/CPQGtdMCxQf05LETojuQ+/Czl0hrRfBaD4TJ1b0CxWCOmBAZ2u HTTP/1.1" 200 26
201.245.192.253 - - [07/Oct/2023:14:28:40 -0500] "POST /forms/lservlet;jsessionid=ac16012b30d6e3ac83cfa34d44e69cdfe83dd14ea1cd.e3iSbxaKaheRe34Pbx8Nc3aQci1ynknvrkLOlQzNp65In0 HTTP/1.1" 200 2
201.245.192.253 - - [07/Oct/2023:14:28:48 -0500] "POST /forms/lservlet;jsessionid=ac16012b30d631b237d665c3491e938ed2fcaf258f77.e3iSbxaKaheRe34Pbx8Nc3aQci1ynknvrkLOlQzNp65In0 HTTP/1.1" 200 2
168.119.101.10 - - [07/Oct/2023:14:30:13 -0500] "GET / HTTP/1.1" 200 319
201.245.192.253 - - [07/Oct/2023:14:30:40 -0500] "POST /forms/lservlet;jsessionid=ac16012b30d6e3ac83cfa34d44e69cdfe83dd14ea1cd.e3iSbxaKaheRe34Pbx8Nc3aQci1ynknvrkLOlQzNp65In0 HTTP/1.1" 200 2
201.245.192.253 - - [07/Oct/2023:14:30:48 -0500] "POST /forms/lservlet;jsessionid=ac16012b30d631b237d665c3491e938ed2fcaf258f77.e3iSbxaKaheRe34Pbx8Nc3aQci1ynknvrkLOlQzNp65In0 HTTP/1.1" 200 2
216.245.221.92 - - [07/Oct/2023:14:32:05 -0500] "HEAD / HTTP/1.1" 200 -
201.245.192.253 - - [07/Oct/2023:14:32:40 -0500] "POST /forms/lservlet;jsessionid=ac16012b30d6e3ac83cfa34d44e69cdfe83dd14ea1cd.e3iSbxaKaheRe34Pbx8Nc3aQci1ynknvrkLOlQzNp65In0 HTTP/1.1" 200 2
201.245.192.253 - - [07/Oct/2023:14:32:48 -0500] "POST /forms/lservlet;jsessionid=ac16012b30d631b237d665c3491e938ed2fcaf258f77.e3iSbxaKaheRe34Pbx8Nc3aQci1ynknvrkLOlQzNp65In0 HTTP/1.1" 200 2
172.22.2.4 - - [07/Oct/2023:14:31:33 -0500] "HEAD /BLA/boletinlegal/ HTTP/1.1" 200 -
201.245.192.253 - - [07/Oct/2023:14:33:23 -0500] "POST /kwsrmcab/Wsrmcab  HTTP/1.1" 200 42851
172.22.2.4 - - [07/Oct/2023:14:32:24 -0500] "GET /BLA/boletinlegal/ HTTP/1.1" 200 58187
201.245.192.253 - - [07/Oct/2023:14:34:40 -0500] "POST /forms/lservlet;jsessionid=ac16012b30d6e3ac83cfa34d44e69cdfe83dd14ea1cd.e3iSbxaKaheRe34Pbx8Nc3aQci1ynknvrkLOlQzNp65In0 HTTP/1.1" 200 2
201.245.192.253 - - [07/Oct/2023:14:34:48 -0500] "POST /forms/lservlet;jsessionid=ac16012b30d631b237d665c3491e938ed2fcaf258f77.e3iSbxaKaheRe34Pbx8Nc3aQci1ynknvrkLOlQzNp65In0 HTTP/1.1" 200 2
69.63.184.116 - - [07/Oct/2023:14:36:17 -0500] "GET /images/Zuque%20(1)%20(1).jpeg HTTP/1.1" 200 66921
201.245.192.253 - - [07/Oct/2023:14:36:40 -0500] "POST /forms/lservlet;jsessionid=ac16012b30d6e3ac83cfa34d44e69cdfe83dd14ea1cd.e3iSbxaKaheRe34Pbx8Nc3aQci1ynknvrkLOlQzNp65In0 HTTP/1.1" 200 2
201.245.192.253 - - [07/Oct/2023:14:36:48 -0500] "POST /forms/lservlet;jsessionid=ac16012b30d631b237d665c3491e938ed2fcaf258f77.e3iSbxaKaheRe34Pbx8Nc3aQci1ynknvrkLOlQzNp65In0 HTTP/1.1" 200 2
216.245.221.92 - - [07/Oct/2023:14:37:05 -0500] "HEAD / HTTP/1.1" 200 -
201.245.192.253 - - [07/Oct/2023:14:37:29 -0500] "POST /kwsrmcab/Wsrmcab HTTP/1.1" 200 42821
201.245.192.253 - - [07/Oct/2023:14:37:32 -0500] "POST /kwsrmcab/Wsrmcab HTTP/1.1" 200 41149
216.244.66.195 - - [07/Oct/2023:14:37:55 -0500] "GET /BLA/resoluciones/RESOLUCIONES%202022/4038.pdf HTTP/1.1" 200 361125
40.88.21.235 - - [07/Oct/2023:14:38:06 -0500] "GET / HTTP/1.1" 200 319
40.88.21.235 - - [07/Oct/2023:14:38:06 -0500] "GET /favicon.ico HTTP/1.1" 200 7782
201.245.192.253 - - [07/Oct/2023:14:38:23 -0500] "POST /kwsrmcab/Wsrmcab  HTTP/1.1" 200 42851
216.244.66.195 - - [07/Oct/2023:14:38:39 -0500] "GET /BLA/resoluciones/RESOLUCIONES%202022/4296.pdf HTTP/1.1" 200 599150
201.245.192.253 - - [07/Oct/2023:14:38:40 -0500] "POST /forms/lservlet;jsessionid=ac16012b30d6e3ac83cfa34d44e69cdfe83dd14ea1cd.e3iSbxaKaheRe34Pbx8Nc3aQci1ynknvrkLOlQzNp65In0 HTTP/1.1" 200 2
201.245.192.253 - - [07/Oct/2023:14:38:48 -0500] "POST /forms/lservlet;jsessionid=ac16012b30d631b237d665c3491e938ed2fcaf258f77.e3iSbxaKaheRe34Pbx8Nc3aQci1ynknvrkLOlQzNp65In0 HTTP/1.1" 200 2
172.22.2.4 - - [07/Oct/2023:14:37:23 -0500] "HEAD /BLA/boletinlegal/ HTTP/1.1" 200 -
216.244.66.195 - - [07/Oct/2023:14:39:25 -0500] "GET /BLA/resoluciones/RESOLUCIONES%202022/4744.pdf HTTP/1.1" 200 629303
64.124.8.79 - - [07/Oct/2023:14:39:32 -0500] "GET /BLA/boletinlegal/images/historia.png HTTP/1.1" 200 52775
172.22.2.4 - - [07/Oct/2023:14:38:14 -0500] "GET /BLA/boletinlegal/ HTTP/1.1" 200 60692
216.244.66.195 - - [07/Oct/2023:14:40:14 -0500] "GET /BLA/resoluciones/RESOLUCIONES%202023/0086.pdf HTTP/1.1" 200 1135497
201.245.192.253 - - [07/Oct/2023:14:40:40 -0500] "POST /forms/lservlet;jsessionid=ac16012b30d6e3ac83cfa34d44e69cdfe83dd14ea1cd.e3iSbxaKaheRe34Pbx8Nc3aQci1ynknvrkLOlQzNp65In0 HTTP/1.1" 200 2
201.245.192.253 - - [07/Oct/2023:14:40:48 -0500] "POST /forms/lservlet;jsessionid=ac16012b30d631b237d665c3491e938ed2fcaf258f77.e3iSbxaKaheRe34Pbx8Nc3aQci1ynknvrkLOlQzNp65In0 HTTP/1.1" 200 2
216.244.66.195 - - [07/Oct/2023:14:41:04 -0500] "GET /BLA/resoluciones/RESOLUCIONES%202023/0372.pdf HTTP/1.1" 200 352732
216.244.66.195 - - [07/Oct/2023:14:41:46 -0500] "GET /BLA/resoluciones/RESOLUCIONES%202023/0471.pdf HTTP/1.1" 200 448417
216.245.221.92 - - [07/Oct/2023:14:42:05 -0500] "HEAD / HTTP/1.1" 200 -
216.244.66.195 - - [07/Oct/2023:14:42:20 -0500] "GET /BLA/resoluciones/RESOLUCIONES%202023/0693.pdf HTTP/1.1" 200 360113
201.245.192.253 - - [07/Oct/2023:14:42:40 -0500] "POST /forms/lservlet;jsessionid=ac16012b30d6e3ac83cfa34d44e69cdfe83dd14ea1cd.e3iSbxaKaheRe34Pbx8Nc3aQci1ynknvrkLOlQzNp65In0 HTTP/1.1" 200 2
201.245.192.253 - - [07/Oct/2023:14:42:48 -0500] "POST /forms/lservlet;jsessionid=ac16012b30d631b237d665c3491e938ed2fcaf258f77.e3iSbxaKaheRe34Pbx8Nc3aQci1ynknvrkLOlQzNp65In0 HTTP/1.1" 200 2
216.244.66.195 - - [07/Oct/2023:14:42:59 -0500] "GET /BLA/resoluciones/RESOLUCIONES%202023/0992.pdf HTTP/1.1" 200 461576
201.245.192.253 - - [07/Oct/2023:14:43:21 -0500] "POST /kwsrmcab/Wsrmcab  HTTP/1.1" 200 42851
216.244.66.195 - - [07/Oct/2023:14:43:35 -0500] "GET /BLA/resoluciones/RESOLUCIONES%202023/1235.pdf HTTP/1.1" 200 381299
116.203.250.97 - - [07/Oct/2023:14:44:02 -0500] "GET / HTTP/1.1" 200 319
216.244.66.195 - - [07/Oct/2023:14:44:07 -0500] "GET /BLA/resoluciones/AUTOS%202011/3932.pdf HTTP/1.1" 200 489571
201.245.192.253 - - [07/Oct/2023:14:44:40 -0500] "POST /forms/lservlet;jsessionid=ac16012b30d6e3ac83cfa34d44e69cdfe83dd14ea1cd.e3iSbxaKaheRe34Pbx8Nc3aQci1ynknvrkLOlQzNp65In0 HTTP/1.1" 200 2
216.244.66.195 - - [07/Oct/2023:14:44:45 -0500] "GET /BLA/resoluciones/RESOLUCIONES%202016/0417.pdf HTTP/1.1" 200 804218
201.245.192.253 - - [07/Oct/2023:14:44:48 -0500] "POST /forms/lservlet;jsessionid=ac16012b30d631b237d665c3491e938ed2fcaf258f77.e3iSbxaKaheRe34Pbx8Nc3aQci1ynknvrkLOlQzNp65In0 HTTP/1.1" 200 2
172.22.2.4 - - [07/Oct/2023:14:43:13 -0500] "HEAD /BLA/boletinlegal/ HTTP/1.1" 200 -
216.244.66.195 - - [07/Oct/2023:14:45:20 -0500] "GET /BLA/resoluciones/RESOLUCIONES%202016/0783.pdf HTTP/1.1" 200 523763
172.22.2.4 - - [07/Oct/2023:14:44:04 -0500] "GET /BLA/boletinlegal/ HTTP/1.1" 200 58187
52.167.144.140 - - [07/Oct/2023:14:45:45 -0500] "GET /BLA/resoluciones/index.php?dir=RESOLUCIONES+2018%2F HTTP/1.1" 200 279428
216.244.66.195 - - [07/Oct/2023:14:45:50 -0500] "GET /BLA/resoluciones/RESOLUCIONES%202016/1500.pdf HTTP/1.1" 200 921260
216.244.66.195 - - [07/Oct/2023:14:46:19 -0500] "GET /BLA/resoluciones/RESOLUCIONES%202016/1560.pdf HTTP/1.1" 200 666724
201.245.192.253 - - [07/Oct/2023:14:46:40 -0500] "POST /forms/lservlet;jsessionid=ac16012b30d6e3ac83cfa34d44e69cdfe83dd14ea1cd.e3iSbxaKaheRe34Pbx8Nc3aQci1ynknvrkLOlQzNp65In0 HTTP/1.1" 200 2
201.245.192.253 - - [07/Oct/2023:14:46:48 -0500] "POST /forms/lservlet;jsessionid=ac16012b30d631b237d665c3491e938ed2fcaf258f77.e3iSbxaKaheRe34Pbx8Nc3aQci1ynknvrkLOlQzNp65In0 HTTP/1.1" 200 2
216.244.66.195 - - [07/Oct/2023:14:46:51 -0500] "GET /BLA/resoluciones/RESOLUCIONES%202016/1807.pdf HTTP/1.1" 200 444425
52.167.144.176 - - [07/Oct/2023:14:46:54 -0500] "GET /BLA/resoluciones/dlf/styles.css HTTP/1.1" 200 3049
191.156.229.133 - - [07/Oct/2023:14:47:03 -0500] "GET /camaras-trampa-de-la-secretaria-de-ambiente-captan-fauna-silvestre-en-sumapaz.html HTTP/1.1" 304 -
216.245.221.92 - - [07/Oct/2023:14:47:05 -0500] "HEAD / HTTP/1.1" 200 -
216.244.66.195 - - [07/Oct/2023:14:47:19 -0500] "GET /BLA/resoluciones/RESOLUCIONES%202016/1850.pdf HTTP/1.1" 200 461783
216.244.66.195 - - [07/Oct/2023:14:47:45 -0500] "GET /BLA/resoluciones/RESOLUCIONES%202016/1989.pdf HTTP/1.1" 200 363038
216.244.66.195 - - [07/Oct/2023:14:48:09 -0500] "GET /BLA/resoluciones/RESOLUCIONES%202016/2028.pdf HTTP/1.1" 200 505187
201.245.192.253 - - [07/Oct/2023:14:48:20 -0500] "POST /kwsrmcab/Wsrmcab  HTTP/1.1" 200 42851
216.244.66.195 - - [07/Oct/2023:14:48:33 -0500] "GET /BLA/resoluciones/RESOLUCIONES%202016/2043.pdf HTTP/1.1" 200 544743
201.245.192.253 - - [07/Oct/2023:14:48:40 -0500] "POST /forms/lservlet;jsessionid=ac16012b30d6e3ac83cfa34d44e69cdfe83dd14ea1cd.e3iSbxaKaheRe34Pbx8Nc3aQci1ynknvrkLOlQzNp65In0 HTTP/1.1" 200 2
201.245.192.253 - - [07/Oct/2023:14:48:48 -0500] "POST /forms/lservlet;jsessionid=ac16012b30d631b237d665c3491e938ed2fcaf258f77.e3iSbxaKaheRe34Pbx8Nc3aQci1ynknvrkLOlQzNp65In0 HTTP/1.1" 200 2
216.244.66.195 - - [07/Oct/2023:14:48:56 -0500] "GET /BLA/resoluciones/RESOLUCIONES%202016/2380.pdf HTTP/1.1" 200 525606
216.244.66.195 - - [07/Oct/2023:14:49:18 -0500] "GET /BLA/resoluciones/RESOLUCIONES%202016/2486.pdf HTTP/1.1" 200 504268
216.244.66.195 - - [07/Oct/2023:14:49:39 -0500] "GET /BLA/resoluciones/RESOLUCIONES%202016/2488.pdf HTTP/1.1" 200 423499
216.244.66.195 - - [07/Oct/2023:14:49:59 -0500] "GET /BLA/resoluciones/RESOLUCIONES%202017/0082.pdf HTTP/1.1" 200 1267702
178.19.170.159 - - [07/Oct/2023:14:50:01 -0500] "GET / HTTP/1.1" 200 319
216.244.66.195 - - [07/Oct/2023:14:50:19 -0500] "GET /BLA/resoluciones/RESOLUCIONES%202017/0397.pdf HTTP/1.1" 200 1666996
216.244.66.195 - - [07/Oct/2023:14:50:39 -0500] "GET /BLA/resoluciones/RESOLUCIONES%202017/0734.pdf HTTP/1.1" 200 711662
201.245.192.253 - - [07/Oct/2023:14:50:40 -0500] "POST /forms/lservlet;jsessionid=ac16012b30d6e3ac83cfa34d44e69cdfe83dd14ea1cd.e3iSbxaKaheRe34Pbx8Nc3aQci1ynknvrkLOlQzNp65In0 HTTP/1.1" 200 2
172.22.2.4 - - [07/Oct/2023:14:49:03 -0500] "HEAD /BLA/boletinlegal/ HTTP/1.1" 200 -
201.245.192.253 - - [07/Oct/2023:14:50:48 -0500] "POST /forms/lservlet;jsessionid=ac16012b30d631b237d665c3491e938ed2fcaf258f77.e3iSbxaKaheRe34Pbx8Nc3aQci1ynknvrkLOlQzNp65In0 HTTP/1.1" 200 2
216.244.66.195 - - [07/Oct/2023:14:50:57 -0500] "GET /BLA/resoluciones/RESOLUCIONES%202017/1001.pdf HTTP/1.1" 200 377521
216.244.66.195 - - [07/Oct/2023:14:51:12 -0500] "GET /BLA/resoluciones/RESOLUCIONES%202017/1143.pdf HTTP/1.1" 200 705228
216.244.66.195 - - [07/Oct/2023:14:51:27 -0500] "GET /BLA/resoluciones/RESOLUCIONES%202017/1152.pdf HTTP/1.1" 200 1318296
172.22.2.4 - - [07/Oct/2023:14:49:54 -0500] "GET /BLA/boletinlegal/ HTTP/1.1" 200 60342
216.244.66.195 - - [07/Oct/2023:14:51:41 -0500] "GET /BLA/resoluciones/RESOLUCIONES%202017/1659.pdf HTTP/1.1" 200 315905
216.244.66.195 - - [07/Oct/2023:14:51:54 -0500] "GET /BLA/resoluciones/RESOLUCIONES%202017/1808.pdf HTTP/1.1" 200 361185
216.245.221.92 - - [07/Oct/2023:14:52:05 -0500] "HEAD / HTTP/1.1" 200 -
216.244.66.195 - - [07/Oct/2023:14:52:06 -0500] "GET /BLA/resoluciones/RESOLUCIONES%202017/1905.pdf HTTP/1.1" 200 396327
216.244.66.195 - - [07/Oct/2023:14:52:17 -0500] "GET /BLA/resoluciones/RESOLUCIONES%202017/2356.pdf HTTP/1.1" 200 1021366
216.244.66.195 - - [07/Oct/2023:14:52:27 -0500] "GET /BLA/resoluciones/RESOLUCIONES%202017/3427.pdf HTTP/1.1" 200 361988
216.244.66.195 - - [07/Oct/2023:14:52:36 -0500] "GET /BLA/resoluciones/RESOLUCIONES%202017/3521.pdf HTTP/1.1" 200 333389
201.245.192.253 - - [07/Oct/2023:14:52:40 -0500] "POST /forms/lservlet;jsessionid=ac16012b30d6e3ac83cfa34d44e69cdfe83dd14ea1cd.e3iSbxaKaheRe34Pbx8Nc3aQci1ynknvrkLOlQzNp65In0 HTTP/1.1" 200 2
216.244.66.195 - - [07/Oct/2023:14:52:44 -0500] "GET /BLA/resoluciones/RESOLUCIONES%202019/1625.pdf HTTP/1.1" 200 377053
201.245.192.253 - - [07/Oct/2023:14:52:48 -0500] "POST /forms/lservlet;jsessionid=ac16012b30d631b237d665c3491e938ed2fcaf258f77.e3iSbxaKaheRe34Pbx8Nc3aQci1ynknvrkLOlQzNp65In0 HTTP/1.1" 200 2
216.244.66.195 - - [07/Oct/2023:14:52:50 -0500] "GET /BLA/resoluciones/RESOLUCIONES%202019/1687.pdf HTTP/1.1" 200 284114
216.244.66.195 - - [07/Oct/2023:14:52:56 -0500] "GET /BLA/resoluciones/RESOLUCIONES%202019/2035.pdf HTTP/1.1" 200 336747
216.244.66.195 - - [07/Oct/2023:14:53:01 -0500] "GET /BLA/resoluciones/RESOLUCIONES%202019/2380.pdf HTTP/1.1" 200 356167
216.244.66.195 - - [07/Oct/2023:14:53:08 -0500] "GET /BLA/resoluciones/RESOLUCIONES%202019/2420.pdf HTTP/1.1" 200 273641
216.244.66.195 - - [07/Oct/2023:14:53:13 -0500] "GET /BLA/resoluciones/RESOLUCIONES%202019/2634.pdf HTTP/1.1" 200 301174
216.244.66.195 - - [07/Oct/2023:14:53:17 -0500] "GET /BLA/resoluciones/index.php?dir=RESOLUCIONES%202002/RES%202002%20351-400/&sort=size&order=asc HTTP/1.1" 200 12209
201.245.192.253 - - [07/Oct/2023:14:53:19 -0500] "POST /kwsrmcab/Wsrmcab  HTTP/1.1" 200 42851
216.244.66.195 - - [07/Oct/2023:14:53:21 -0500] "GET /BLA/resoluciones/index.php?dir=RESOLUCIONES%202005/RES%202005%203051-3100/&sort=size&order=asc HTTP/1.1" 200 12360
216.244.66.195 - - [07/Oct/2023:14:53:24 -0500] "GET /BLA/resoluciones/RESOLUCIONES%201996/RESOLUCION%20160%20DE%201996.pdf HTTP/1.1" 200 246548
216.244.66.195 - - [07/Oct/2023:14:53:27 -0500] "GET /BLA/resoluciones/RESOLUCIONES%201997/RESOLUCION%20302%20DE%201997.pdf HTTP/1.1" 200 65824
216.244.66.195 - - [07/Oct/2023:14:53:32 -0500] "GET /BLA/resoluciones/RESOLUCIONES%202001/RESOLUCION%20939%20DE%202001.pdf HTTP/1.1" 200 48369
20.15.133.185 - - [07/Oct/2023:14:53:54 -0500] "GET /residuos/curtiembres/curtiembres.html HTTP/1.1" 200 1965
173.252.95.13 - - [07/Oct/2023:14:54:05 -0500] "GET /con-liberacion-de-fauna-plantaciones-de-arboles-recorridos-interpretativos-y-de-educacion-bogota-celebra-el-dia-mundial-de-los-humedales.html HTTP/1.1" 200 885
201.245.192.253 - - [07/Oct/2023:14:54:40 -0500] "POST /forms/lservlet;jsessionid=ac16012b30d6e3ac83cfa34d44e69cdfe83dd14ea1cd.e3iSbxaKaheRe34Pbx8Nc3aQci1ynknvrkLOlQzNp65In0 HTTP/1.1" 200 2
201.245.192.253 - - [07/Oct/2023:14:54:48 -0500] "POST /forms/lservlet;jsessionid=ac16012b30d631b237d665c3491e938ed2fcaf258f77.e3iSbxaKaheRe34Pbx8Nc3aQci1ynknvrkLOlQzNp65In0 HTTP/1.1" 200 2
207.46.13.128 - - [07/Oct/2023:14:56:15 -0500] "GET /bla/resoluciones/resoluciones%202023/0447.pdf HTTP/1.1" 200 446806
172.22.2.4 - - [07/Oct/2023:14:54:53 -0500] "HEAD /BLA/boletinlegal/ HTTP/1.1" 200 -
201.245.192.253 - - [07/Oct/2023:14:56:40 -0500] "POST /forms/lservlet;jsessionid=ac16012b30d6e3ac83cfa34d44e69cdfe83dd14ea1cd.e3iSbxaKaheRe34Pbx8Nc3aQci1ynknvrkLOlQzNp65In0 HTTP/1.1" 200 2
201.245.192.253 - - [07/Oct/2023:14:56:48 -0500] "POST /forms/lservlet;jsessionid=ac16012b30d631b237d665c3491e938ed2fcaf258f77.e3iSbxaKaheRe34Pbx8Nc3aQci1ynknvrkLOlQzNp65In0 HTTP/1.1" 200 2
216.245.221.92 - - [07/Oct/2023:14:57:05 -0500] "HEAD / HTTP/1.1" 200 -
172.22.2.4 - - [07/Oct/2023:14:55:44 -0500] "GET /BLA/boletinlegal/ HTTP/1.1" 200 57790
201.245.192.253 - - [07/Oct/2023:14:58:18 -0500] "POST /kwsrmcab/Wsrmcab  HTTP/1.1" 200 42851
168.138.105.69 - - [07/Oct/2023:14:58:33 -0500] "GET /galeria/galeria/fotos/2humedal-Burro2P.jpg HTTP/1.1" 200 8996
201.245.192.253 - - [07/Oct/2023:14:58:40 -0500] "POST /forms/lservlet;jsessionid=ac16012b30d6e3ac83cfa34d44e69cdfe83dd14ea1cd.e3iSbxaKaheRe34Pbx8Nc3aQci1ynknvrkLOlQzNp65In0 HTTP/1.1" 200 2
201.245.192.253 - - [07/Oct/2023:14:58:48 -0500] "POST /forms/lservlet;jsessionid=ac16012b30d631b237d665c3491e938ed2fcaf258f77.e3iSbxaKaheRe34Pbx8Nc3aQci1ynknvrkLOlQzNp65In0 HTTP/1.1" 200 2
201.245.192.253 - - [07/Oct/2023:15:00:40 -0500] "POST /forms/lservlet;jsessionid=ac16012b30d6e3ac83cfa34d44e69cdfe83dd14ea1cd.e3iSbxaKaheRe34Pbx8Nc3aQci1ynknvrkLOlQzNp65In0 HTTP/1.1" 200 2
201.245.192.253 - - [07/Oct/2023:15:00:48 -0500] "POST /forms/lservlet;jsessionid=ac16012b30d631b237d665c3491e938ed2fcaf258f77.e3iSbxaKaheRe34Pbx8Nc3aQci1ynknvrkLOlQzNp65In0 HTTP/1.1" 200 2
216.245.221.92 - - [07/Oct/2023:15:02:05 -0500] "HEAD / HTTP/1.1" 200 -
172.22.2.4 - - [07/Oct/2023:15:00:43 -0500] "HEAD /BLA/boletinlegal/ HTTP/1.1" 200 -
201.245.192.253 - - [07/Oct/2023:15:02:40 -0500] "POST /forms/lservlet;jsessionid=ac16012b30d6e3ac83cfa34d44e69cdfe83dd14ea1cd.e3iSbxaKaheRe34Pbx8Nc3aQci1ynknvrkLOlQzNp65In0 HTTP/1.1" 200 2
216.244.66.195 - - [07/Oct/2023:15:02:46 -0500] "GET /robots.txt HTTP/1.1" 404 1018
201.245.192.253 - - [07/Oct/2023:15:02:48 -0500] "POST /forms/lservlet;jsessionid=ac16012b30d631b237d665c3491e938ed2fcaf258f77.e3iSbxaKaheRe34Pbx8Nc3aQci1ynknvrkLOlQzNp65In0 HTTP/1.1" 200 2
172.22.2.4 - - [07/Oct/2023:15:01:34 -0500] "GET /BLA/boletinlegal/ HTTP/1.1" 200 60342
201.245.192.253 - - [07/Oct/2023:15:03:16 -0500] "POST /kwsrmcab/Wsrmcab  HTTP/1.1" 200 42851
66.249.66.204 - - [07/Oct/2023:15:03:51 -0500] "GET /BLA/boletinlegal/Directivas/2011/Directiva%20No.%207%20del%2015%20de%20Septiembre%20de%202011.pdf HTTP/1.1" 304 -
201.245.192.253 - - [07/Oct/2023:15:04:40 -0500] "POST /forms/lservlet;jsessionid=ac16012b30d6e3ac83cfa34d44e69cdfe83dd14ea1cd.e3iSbxaKaheRe34Pbx8Nc3aQci1ynknvrkLOlQzNp65In0 HTTP/1.1" 200 2
201.245.192.253 - - [07/Oct/2023:15:04:48 -0500] "POST /forms/lservlet;jsessionid=ac16012b30d631b237d665c3491e938ed2fcaf258f77.e3iSbxaKaheRe34Pbx8Nc3aQci1ynknvrkLOlQzNp65In0 HTTP/1.1" 200 2
157.55.39.50 - - [07/Oct/2023:15:05:27 -0500] "GET /bla/resoluciones/notificaciones/autos%202020/04456.pdf HTTP/1.1" 200 2731364
201.245.192.253 - - [07/Oct/2023:15:06:40 -0500] "POST /forms/lservlet;jsessionid=ac16012b30d6e3ac83cfa34d44e69cdfe83dd14ea1cd.e3iSbxaKaheRe34Pbx8Nc3aQci1ynknvrkLOlQzNp65In0 HTTP/1.1" 200 2
201.245.192.253 - - [07/Oct/2023:15:06:48 -0500] "POST /forms/lservlet;jsessionid=ac16012b30d631b237d665c3491e938ed2fcaf258f77.e3iSbxaKaheRe34Pbx8Nc3aQci1ynknvrkLOlQzNp65In0 HTTP/1.1" 200 2
186.28.135.204 - - [07/Oct/2023:15:06:56 -0500] "GET /BLA/resoluciones/index.php?dir=AUTOS+2022%2F HTTP/1.1" 200 506343
216.245.221.92 - - [07/Oct/2023:15:07:05 -0500] "HEAD / HTTP/1.1" 200 -
186.28.135.204 - - [07/Oct/2023:15:07:21 -0500] "GET /BLA/resoluciones/AUTOS%202022/8496.pdf HTTP/1.1" 200 653391
172.22.2.4 - - [07/Oct/2023:15:06:33 -0500] "HEAD /BLA/boletinlegal/ HTTP/1.1" 200 -
201.245.192.253 - - [07/Oct/2023:15:08:16 -0500] "POST /kwsrmcab/Wsrmcab  HTTP/1.1" 200 42851
