216.244.66.195 - - [08/Oct/2023:23:34:49 -0500] "GET /BLA/resoluciones/AUTOS%202009/2143.pdf HTTP/1.1" 200 106747
201.245.192.253 - - [08/Oct/2023:23:34:51 -0500] "POST /forms/lservlet;jsessionid=ac16012b30d6e3ac83cfa34d44e69cdfe83dd14ea1cd.e3iSbxaKaheRe34Pbx8Nc3aQci1ynknvrkLOlQzNp65In0 HTTP/1.1" 200 2
201.245.192.253 - - [08/Oct/2023:23:34:53 -0500] "POST /forms/lservlet;jsessionid=ac16012b30d631b237d665c3491e938ed2fcaf258f77.e3iSbxaKaheRe34Pbx8Nc3aQci1ynknvrkLOlQzNp65In0 HTTP/1.1" 200 2
186.155.145.227 - - [08/Oct/2023:23:34:56 -0500] "GET /BLA/resoluciones/dlf/styles.css HTTP/1.1" 200 3049
186.155.145.227 - - [08/Oct/2023:23:34:56 -0500] "GET /BLA/resoluciones/dlf/dirup.png HTTP/1.1" 200 644
186.155.145.227 - - [08/Oct/2023:23:34:56 -0500] "GET /BLA/resoluciones/dlf/pdf.gif HTTP/1.1" 200 272
186.155.145.227 - - [08/Oct/2023:23:34:56 -0500] "GET /BLA/resoluciones/dlf/bg.gif HTTP/1.1" 200 54
186.155.145.227 - - [08/Oct/2023:23:34:56 -0500] "GET /BLA/resoluciones/index.php?dir=AUTOS+2015%2F HTTP/1.1" 200 584168
186.155.145.227 - - [08/Oct/2023:23:34:56 -0500] "GET /BLA/resoluciones/dlf/unknown.png HTTP/1.1" 200 266
186.155.145.227 - - [08/Oct/2023:23:34:57 -0500] "GET /favicon.ico HTTP/1.1" 200 7782
216.244.66.195 - - [08/Oct/2023:23:35:11 -0500] "GET /BLA/resoluciones/AUTOS%202009/2271.pdf HTTP/1.1" 200 121853
216.244.66.195 - - [08/Oct/2023:23:35:37 -0500] "GET /BLA/resoluciones/AUTOS%202009/2317.pdf HTTP/1.1" 200 152199
157.55.39.50 - - [08/Oct/2023:23:35:50 -0500] "GET /Publicaciones/2023EE232150.pdf HTTP/1.1" 200 231849
216.244.66.195 - - [08/Oct/2023:23:35:57 -0500] "GET /BLA/resoluciones/AUTOS%202009/2400.pdf HTTP/1.1" 200 101551
216.244.66.195 - - [08/Oct/2023:23:36:17 -0500] "GET /BLA/resoluciones/AUTOS%202009/2426.pdf HTTP/1.1" 200 102218
172.22.2.4 - - [08/Oct/2023:23:34:54 -0500] "HEAD /BLA/boletinlegal/ HTTP/1.1" 200 -
216.244.66.195 - - [08/Oct/2023:23:36:35 -0500] "GET /BLA/resoluciones/AUTOS%202009/2618.pdf HTTP/1.1" 200 81918
201.245.192.253 - - [08/Oct/2023:23:36:51 -0500] "POST /forms/lservlet;jsessionid=ac16012b30d6e3ac83cfa34d44e69cdfe83dd14ea1cd.e3iSbxaKaheRe34Pbx8Nc3aQci1ynknvrkLOlQzNp65In0 HTTP/1.1" 200 2
216.244.66.195 - - [08/Oct/2023:23:36:52 -0500] "GET /BLA/resoluciones/AUTOS%202009/2674.pdf HTTP/1.1" 200 86619
201.245.192.253 - - [08/Oct/2023:23:36:53 -0500] "POST /forms/lservlet;jsessionid=ac16012b30d631b237d665c3491e938ed2fcaf258f77.e3iSbxaKaheRe34Pbx8Nc3aQci1ynknvrkLOlQzNp65In0 HTTP/1.1" 200 2
172.22.2.4 - - [08/Oct/2023:23:36:53 -0500] "GET /BLA/boletinlegal/Circulares/2019/.pdf HTTP/1.1" 404 1218
216.245.221.92 - - [08/Oct/2023:23:36:58 -0500] "HEAD / HTTP/1.1" 200 -
172.22.2.4 - - [08/Oct/2023:23:37:03 -0500] "GET /BLA/boletinlegal/Circulares/2012/Circular%20No.%2010%20del%2026%20de%20Enero%20de%202012.pdf HTTP/1.1" 404 1218
216.244.66.195 - - [08/Oct/2023:23:37:08 -0500] "GET /BLA/resoluciones/AUTOS%202009/2678.pdf HTTP/1.1" 200 73465
216.244.66.195 - - [08/Oct/2023:23:37:23 -0500] "GET /BLA/resoluciones/AUTOS%202009/2906.pdf HTTP/1.1" 200 78201
172.22.2.4 - - [08/Oct/2023:23:35:44 -0500] "GET /BLA/boletinlegal/ HTTP/1.1" 200 58187
201.245.192.253 - - [08/Oct/2023:23:37:23 -0500] "POST /kwsrmcab/Wsrmcab HTTP/1.1" 200 42793
201.245.192.253 - - [08/Oct/2023:23:37:26 -0500] "POST /kwsrmcab/Wsrmcab HTTP/1.1" 200 43171
216.244.66.195 - - [08/Oct/2023:23:37:37 -0500] "GET /BLA/resoluciones/AUTOS%202011/0016.pdf HTTP/1.1" 200 197439
207.46.13.17 - - [08/Oct/2023:23:37:37 -0500] "GET /Publicaciones/2023EE232162.pdf HTTP/1.1" 200 232027
216.244.66.195 - - [08/Oct/2023:23:37:51 -0500] "GET /BLA/resoluciones/AUTOS%202011/0744.pdf HTTP/1.1" 200 565501
66.249.66.77 - - [08/Oct/2023:23:37:54 -0500] "GET /robots.txt HTTP/1.1" 404 1035
66.249.66.76 - - [08/Oct/2023:23:37:54 -0500] "GET /portaldeninos/gestion-del-riesgo-incendios-forestales/ HTTP/1.1" 200 86825
216.244.66.195 - - [08/Oct/2023:23:38:05 -0500] "GET /BLA/resoluciones/AUTOS%202011/0937.pdf HTTP/1.1" 200 198603
52.167.144.189 - - [08/Oct/2023:23:38:12 -0500] "GET /BLA/resoluciones/index.php?dir=RESOLUCIONES+2003%2FRES+2003+451-500%2F HTTP/1.1" 200 11311
216.244.66.195 - - [08/Oct/2023:23:38:16 -0500] "GET /BLA/resoluciones/AUTOS%202011/1454.pdf HTTP/1.1" 200 205525
216.244.66.195 - - [08/Oct/2023:23:38:26 -0500] "GET /BLA/resoluciones/AUTOS%202011/1539.pdf HTTP/1.1" 200 152973
201.245.192.253 - - [08/Oct/2023:23:38:34 -0500] "POST /kwsrmcab/Wsrmcab  HTTP/1.1" 200 42851
216.244.66.195 - - [08/Oct/2023:23:38:37 -0500] "GET /BLA/resoluciones/AUTOS%202011/2070.pdf HTTP/1.1" 200 158470
216.244.66.195 - - [08/Oct/2023:23:38:45 -0500] "GET /BLA/resoluciones/AUTOS%202011/2346.pdf HTTP/1.1" 200 104402
201.245.192.253 - - [08/Oct/2023:23:38:51 -0500] "POST /forms/lservlet;jsessionid=ac16012b30d6e3ac83cfa34d44e69cdfe83dd14ea1cd.e3iSbxaKaheRe34Pbx8Nc3aQci1ynknvrkLOlQzNp65In0 HTTP/1.1" 200 2
216.244.66.195 - - [08/Oct/2023:23:38:52 -0500] "GET /BLA/resoluciones/AUTOS%202011/2413.pdf HTTP/1.1" 200 74460
201.245.192.253 - - [08/Oct/2023:23:38:53 -0500] "POST /forms/lservlet;jsessionid=ac16012b30d631b237d665c3491e938ed2fcaf258f77.e3iSbxaKaheRe34Pbx8Nc3aQci1ynknvrkLOlQzNp65In0 HTTP/1.1" 200 2
216.244.66.195 - - [08/Oct/2023:23:38:58 -0500] "GET /BLA/resoluciones/AUTOS%202011/2467.pdf HTTP/1.1" 200 178581
216.244.66.195 - - [08/Oct/2023:23:39:03 -0500] "GET /BLA/resoluciones/AUTOS%202011/2844.pdf HTTP/1.1" 200 209432
216.244.66.195 - - [08/Oct/2023:23:39:08 -0500] "GET /BLA/resoluciones/AUTOS%202011/2909.pdf HTTP/1.1" 200 423079
216.244.66.195 - - [08/Oct/2023:23:39:12 -0500] "GET /BLA/resoluciones/AUTOS%202011/2924.pdf HTTP/1.1" 200 406985
216.244.66.195 - - [08/Oct/2023:23:39:16 -0500] "GET /BLA/resoluciones/AUTOS%202011/3000.pdf HTTP/1.1" 200 186965
216.244.66.195 - - [08/Oct/2023:23:39:20 -0500] "GET /BLA/resoluciones/AUTOS%202011/3233.pdf HTTP/1.1" 200 270041
216.244.66.195 - - [08/Oct/2023:23:39:34 -0500] "GET /BLA/resoluciones/AUTOS%202011/3416.pdf HTTP/1.1" 200 212179
216.244.66.195 - - [08/Oct/2023:23:39:44 -0500] "GET /BLA/resoluciones/AUTOS%202011/3545.pdf HTTP/1.1" 200 256843
216.244.66.195 - - [08/Oct/2023:23:39:53 -0500] "GET /BLA/resoluciones/AUTOS%202011/3748.pdf HTTP/1.1" 200 236183
216.244.66.195 - - [08/Oct/2023:23:40:01 -0500] "GET /BLA/resoluciones/AUTOS%202011/3801.pdf HTTP/1.1" 200 265997
216.244.66.195 - - [08/Oct/2023:23:40:08 -0500] "GET /BLA/resoluciones/AUTOS%202012/0299.pdf HTTP/1.1" 200 148912
216.244.66.195 - - [08/Oct/2023:23:40:14 -0500] "GET /BLA/resoluciones/AUTOS%202012/0522.pdf HTTP/1.1" 200 215104
216.244.66.195 - - [08/Oct/2023:23:40:19 -0500] "GET /BLA/resoluciones/AUTOS%202012/0829.pdf HTTP/1.1" 200 242664
207.46.13.154 - - [08/Oct/2023:23:40:26 -0500] "GET /forest/ HTTP/1.1" 200 12041
216.244.66.195 - - [08/Oct/2023:23:40:30 -0500] "GET /BLA/resoluciones/AUTOS%202012/0855.pdf HTTP/1.1" 200 457195
190.66.251.52 - - [08/Oct/2023:23:40:39 -0500] "GET /kwssiamovil/sm/acme/a?s=U2FsdGVkX1/dR0GQ4FmUuvwS0Rdnkju/UZu0va8RRLQcv2w7SOnOfpWXIdbe/bYxvF2V7fyoCalVZ3SszFhWpe+jbkLa7+vlQ+PfubtDjzAh0a0CXqe1Clv/JtkGsW2sKrrWQWuBoGUuc2EXhoBuGVLxzV/e21su3XYsIZx3ipceHZD6w23LE4sFcwdGlemT4QowhGrdEB/tQcCJmBS0iLCG3qIKc6BcDK6pw4WrRqcXBm+U1ld+wWFnmlQo1yC+NyGTGDtXUgtX4KgRZfa9uA==&u=U2FsdGVkX1+zWv4SRF/2XiJ7OURMe1xzqxQF02oCeVXLkJm3XU8zbt/awDihM1T6&y=U2FsdGVkX1/j+ngubgbnISoty/aEYwiNaycnpXtzTvlAgv3XxnW3hqHWyHwmj5As HTTP/1.1" 200 26
190.66.251.52 - - [08/Oct/2023:23:40:39 -0500] "GET /kwssiamovil/sm/acme/a?s=U2FsdGVkX19r/yDrPtWuXLGrA2yOvVxpch/8QmjM321WBZS3UUNrv5L6hjsea7g9E40kuFpXvw2LD0uL2fV71Pz9XmmxrGCaou5QzIUoryqDcreI0vWAGUp/Oqovl9Tz9hEza1H0RUmhBKA6JGhqVND61gv9SJn010OaSvf695/RM4JQj29jkQiEOrkhaDHaneicl1IYqCU1XV/2QnpqaMRRmx8oTcyNg8/akuaYSb4ckBCmFYELAxh+j+msCsP6f6cfMJR9CMX+G28lcMo245KmQW9tDiWmChQqqRyDl1jc7T764XT8/h/XbvXy/r7mHn8JTCvPwMCpUpAW2WIf1XMD7B36GWeYLJAHlY3R5lveNy7Rlozlzl1MXmgVWPu0b5ZosS296ZumragiC17cKZM66TeUaji5724uVr+ut/1HAF8n8JkjM2Se5C+sw+zer1FAfWtSgeauUOk0PAa31nQ+KV7C3Hk1FVN0tbXmIDwXQ9vA+Y9+NqOdLrMuyqE/ztE0e7OkvTrxNLmUJ+43fGtZqSQAthtjIV4yCCuPrX8MppeJiOLHyLFCBHcF88p7x2Mudaj4o3rhE67CXnI8bM/GWvIqHzAuZXHcDb7T2NeoRdJw0N2gn42zjeXhNMOBHn5we2H32tMlaa7Q86AotulCSfhhzYDUZYxIo3Bo7h5it6fkSzfu2wuYqq637vaUcUOQFS5NdTQTIFDjJZhYR6sRmOr0ZKj1DesifFpmkUIG3mqJsRarGXWdWwN3E7ZBVRkmaWHf+DltDx054ZpIs34JjC1gAknG12YHrNGd60YrcFaMbOmaZkJUH8mALPf+Jdgpr1P7WooZ/Es4e/bb4jbs6cCMSc/R5GknjALItixytI9MF2ZzeO+7+DsvQEa6Mt46zyT5cVgWqaPqP6uHG6DG3uHzteBdsG0902f+ysdLK9XrSh8uSqhULqXhGwv5Zjqtno+eJHmDjsuIPjUw6hLaYfRfKW/a+VUha+Q0+r2UXj2Z6vn7ZX6t6hreu/mGanj3IYvDppRx7WHaopLHYg3thr/YiGARrDHN+svzBwFiYqeIkYAZ/tUsTklmVI0N30hpAWeu+iKqQbmJVmjvBuSgWtqoRzqiSi1a2mJy1Ua6GGs0AEFdoiUHn6xJfoix3mJoHVJH3S9DSeYspKfAICRhcsY4bPwAKxDHsSsevmHimDBVtADb9PvPJIjavjrvvy1dUCiFOou4Tw1oYBDDv5WLz9VatKdIkyRhYb8/2nN3Vk1DjStXiEoODOzuTLBa12xTU6152GsIl4fegHrb12HmCe19TF9eGgmtt3yjNwj2WiRrySva+6UumCYYVXL+WfzSYT06jZEdFtlZ3x7VG62FtJlBmAw+9Po0yA78kFnLjkDkYDufyYAKiQjayXrcsWVGSCOy1ABsk+geFUQdVgKCay4pUTDXz65VWe2ql959jraTFKIgW8Ymr2e4v63tYLgHtESPEbc/GgSGVhqEfcm008v/FMI3sX9l2G+mhayRWfI/7VwiDJ3ylOuuM0KUJeHljlHjLGJiWb5Cm952mqE1nGZvp6PV1DAylvEuoGGxH5xrncW+c8mjWAk0OTOIJdIg3RrU3z06CwR2eIEZ+ucaz10zuLPmQEanZYRSfNpMakqybhBslkpb+U+ziBIjBp9oHnZKCQ7azfxa1iETZqOeEb3KF8dLPQIQUXWKpw81SeoNdrxbesKtSWavV+YbNRoj4SMK3vr+3u7cGUfuVA==&u=U2FsdGVkX1+zWv4SRF/2XiJ7OURMe1xzqxQF02oCeVXLkJm3XU8zbt/awDihM1T6&y=U2FsdGVkX1/j+ngubgbnISoty/aEYwiNaycnpXtzTvlAgv3XxnW3hqHWyHwmj5As HTTP/1.1" 200 26
216.244.66.195 - - [08/Oct/2023:23:40:39 -0500] "GET /BLA/resoluciones/AUTOS%202012/1053.pdf HTTP/1.1" 200 195187
190.66.251.52 - - [08/Oct/2023:23:40:40 -0500] "GET /kwssiamovil/sm/acme/a?s=U2FsdGVkX1+94YKMTOCuThNxGtIz3mTvB1xxN8g2T5KgJar5eDjFhLna45qfCVyBbsdjhuJorgc6hbQNDESL79J1YOb7JI1Pu/dR7a58XT0UH9U1o+XDRdIo1nX5sd9EUrCgKTEGvBw4vzq3Jf6n+CC35yEik8QACTvTiOGZAWY=&u=U2FsdGVkX1+zWv4SRF/2XiJ7OURMe1xzqxQF02oCeVXLkJm3XU8zbt/awDihM1T6&y=U2FsdGVkX1/j+ngubgbnISoty/aEYwiNaycnpXtzTvlAgv3XxnW3hqHWyHwmj5As HTTP/1.1" 200 26
190.66.251.52 - - [08/Oct/2023:23:40:40 -0500] "GET /kwssiamovil/sm/acme/a?s=U2FsdGVkX1+8z2FWbdlAwhmN5FNAkb7WsANlKru7ZqQaF0Xo5OGzq0MrWSkkst8LcOEkGA4VVc/qiNSGs1t0f5enTFNfKLfZ70kZ5u5q5aFJqe5ilh/0RkwV95NAZIf5+PDFJQOhJbvbzMJnMTBL34F1AxjzVKzDs6AcnBt2ohM=&u=U2FsdGVkX1+zWv4SRF/2XiJ7OURMe1xzqxQF02oCeVXLkJm3XU8zbt/awDihM1T6&y=U2FsdGVkX1/j+ngubgbnISoty/aEYwiNaycnpXtzTvlAgv3XxnW3hqHWyHwmj5As HTTP/1.1" 200 26
190.66.251.52 - - [08/Oct/2023:23:40:40 -0500] "GET /kwssiamovil/sm/acme/a?s=U2FsdGVkX1+wgrRb9oCWgwYVEw6bPnVlwTcd0L2kjZ06CY43DUNAqQQOktvUKdGww9uedO7zfJLOaWigo2P5eAYmBx2KHiQGUR+eCceIHmWBJm4W3C6940P0aLzUfCeAG8XmKlJaxfrcxZyTexSskQ8Ypgj7+ICoCUSYjaaB5B0=&u=U2FsdGVkX1+zWv4SRF/2XiJ7OURMe1xzqxQF02oCeVXLkJm3XU8zbt/awDihM1T6&y=U2FsdGVkX1/j+ngubgbnISoty/aEYwiNaycnpXtzTvlAgv3XxnW3hqHWyHwmj5As HTTP/1.1" 200 26
190.66.251.52 - - [08/Oct/2023:23:40:40 -0500] "GET /kwssiamovil/sm/acme/a?s=U2FsdGVkX18P0Y3fmKEigJAGhxG/IkzVUKEJbR/L7ARn/LD50c/TDdIkkR9uY5LBw2mfwTIVbvQ/e7t5jNmBWOSFcjjCltpTPISFgpJsAToAI7jdYpu35TLhmXPRbqfw0qpi30OCkN7bgIKC5ARA00LeE/rbiNkq6tElUn679ZtZPQ5yb9BeNv6VCs2dP4tUuAlFC5N8MtzhFk7GY9qxoQ==&u=U2FsdGVkX1+zWv4SRF/2XiJ7OURMe1xzqxQF02oCeVXLkJm3XU8zbt/awDihM1T6&y=U2FsdGVkX1/j+ngubgbnISoty/aEYwiNaycnpXtzTvlAgv3XxnW3hqHWyHwmj5As HTTP/1.1" 200 26
216.244.66.195 - - [08/Oct/2023:23:40:46 -0500] "GET /BLA/resoluciones/AUTOS%202012/1394.pdf HTTP/1.1" 200 280561
201.245.192.253 - - [08/Oct/2023:23:40:51 -0500] "POST /forms/lservlet;jsessionid=ac16012b30d6e3ac83cfa34d44e69cdfe83dd14ea1cd.e3iSbxaKaheRe34Pbx8Nc3aQci1ynknvrkLOlQzNp65In0 HTTP/1.1" 200 2
201.245.192.253 - - [08/Oct/2023:23:40:53 -0500] "POST /forms/lservlet;jsessionid=ac16012b30d631b237d665c3491e938ed2fcaf258f77.e3iSbxaKaheRe34Pbx8Nc3aQci1ynknvrkLOlQzNp65In0 HTTP/1.1" 200 2
216.244.66.195 - - [08/Oct/2023:23:40:56 -0500] "GET /BLA/resoluciones/AUTOS%202012/1607.pdf HTTP/1.1" 200 237339
216.244.66.195 - - [08/Oct/2023:23:41:02 -0500] "GET /BLA/resoluciones/AUTOS%202012/1762.pdf HTTP/1.1" 200 403834
216.244.66.195 - - [08/Oct/2023:23:41:10 -0500] "GET /BLA/resoluciones/AUTOS%202012/2261.pdf HTTP/1.1" 200 399931
216.244.66.195 - - [08/Oct/2023:23:41:16 -0500] "GET /BLA/resoluciones/AUTOS%202012/3067.pdf HTTP/1.1" 200 551780
216.244.66.195 - - [08/Oct/2023:23:41:22 -0500] "GET /BLA/resoluciones/AUTOS%202013/0069.pdf HTTP/1.1" 200 566608
216.244.66.195 - - [08/Oct/2023:23:41:26 -0500] "GET /BLA/resoluciones/AUTOS%202013/0084.pdf HTTP/1.1" 200 1560848
216.244.66.195 - - [08/Oct/2023:23:41:37 -0500] "GET /BLA/resoluciones/AUTOS%202013/0223.pdf HTTP/1.1" 200 1524770
216.245.221.92 - - [08/Oct/2023:23:41:59 -0500] "HEAD / HTTP/1.1" 200 -
216.244.66.195 - - [08/Oct/2023:23:42:13 -0500] "GET /BLA/resoluciones/AUTOS%202013/0487.pdf HTTP/1.1" 200 1652434
207.46.13.36 - - [08/Oct/2023:23:42:23 -0500] "GET /bla/resoluciones/autos%202010/5634.pdf HTTP/1.1" 200 980617
172.22.2.4 - - [08/Oct/2023:23:40:44 -0500] "HEAD /BLA/boletinlegal/ HTTP/1.1" 200 -
216.244.66.195 - - [08/Oct/2023:23:42:51 -0500] "GET /BLA/resoluciones/AUTOS%202013/0491.pdf HTTP/1.1" 200 1648410
201.245.192.253 - - [08/Oct/2023:23:42:51 -0500] "POST /forms/lservlet;jsessionid=ac16012b30d6e3ac83cfa34d44e69cdfe83dd14ea1cd.e3iSbxaKaheRe34Pbx8Nc3aQci1ynknvrkLOlQzNp65In0 HTTP/1.1" 200 2
201.245.192.253 - - [08/Oct/2023:23:42:53 -0500] "POST /forms/lservlet;jsessionid=ac16012b30d631b237d665c3491e938ed2fcaf258f77.e3iSbxaKaheRe34Pbx8Nc3aQci1ynknvrkLOlQzNp65In0 HTTP/1.1" 200 2
172.22.2.4 - - [08/Oct/2023:23:41:34 -0500] "GET /BLA/boletinlegal/ HTTP/1.1" 200 58187
201.245.192.253 - - [08/Oct/2023:23:43:31 -0500] "POST /kwsrmcab/Wsrmcab  HTTP/1.1" 200 42851
216.244.66.195 - - [08/Oct/2023:23:43:33 -0500] "GET /BLA/resoluciones/AUTOS%202013/0587.pdf HTTP/1.1" 200 787676
207.46.13.168 - - [08/Oct/2023:23:43:34 -0500] "GET /BLA/resoluciones/AUTOS%202022/6431.pdf HTTP/1.1" 304 -
216.244.66.195 - - [08/Oct/2023:23:44:06 -0500] "GET /BLA/resoluciones/AUTOS%202013/0788.pdf HTTP/1.1" 200 1372944
207.46.13.154 - - [08/Oct/2023:23:44:30 -0500] "GET /Publicaciones/2023EE229279.pdf HTTP/1.1" 200 2131863
216.244.66.195 - - [08/Oct/2023:23:44:48 -0500] "GET /BLA/resoluciones/AUTOS%202013/0896.pdf HTTP/1.1" 200 970526
201.245.192.253 - - [08/Oct/2023:23:44:51 -0500] "POST /forms/lservlet;jsessionid=ac16012b30d6e3ac83cfa34d44e69cdfe83dd14ea1cd.e3iSbxaKaheRe34Pbx8Nc3aQci1ynknvrkLOlQzNp65In0 HTTP/1.1" 200 2
201.245.192.253 - - [08/Oct/2023:23:44:53 -0500] "POST /forms/lservlet;jsessionid=ac16012b30d631b237d665c3491e938ed2fcaf258f77.e3iSbxaKaheRe34Pbx8Nc3aQci1ynknvrkLOlQzNp65In0 HTTP/1.1" 200 2
216.244.66.195 - - [08/Oct/2023:23:45:19 -0500] "GET /BLA/resoluciones/AUTOS%202013/1012.pdf HTTP/1.1" 200 848076
216.244.66.195 - - [08/Oct/2023:23:45:49 -0500] "GET /BLA/resoluciones/AUTOS%202013/1118.pdf HTTP/1.1" 200 1011792
216.244.66.195 - - [08/Oct/2023:23:46:21 -0500] "GET /BLA/resoluciones/AUTOS%202013/1648.pdf HTTP/1.1" 200 223206
216.244.66.195 - - [08/Oct/2023:23:46:48 -0500] "GET /BLA/resoluciones/AUTOS%202013/2226.pdf HTTP/1.1" 200 633590
201.245.192.253 - - [08/Oct/2023:23:46:51 -0500] "POST /forms/lservlet;jsessionid=ac16012b30d6e3ac83cfa34d44e69cdfe83dd14ea1cd.e3iSbxaKaheRe34Pbx8Nc3aQci1ynknvrkLOlQzNp65In0 HTTP/1.1" 200 2
201.245.192.253 - - [08/Oct/2023:23:46:53 -0500] "POST /forms/lservlet;jsessionid=ac16012b30d631b237d665c3491e938ed2fcaf258f77.e3iSbxaKaheRe34Pbx8Nc3aQci1ynknvrkLOlQzNp65In0 HTTP/1.1" 200 2
216.245.221.92 - - [08/Oct/2023:23:46:58 -0500] "HEAD / HTTP/1.1" 200 -
216.244.66.195 - - [08/Oct/2023:23:47:28 -0500] "GET /BLA/resoluciones/AUTOS%202013/2230.pdf HTTP/1.1" 200 697887
66.249.66.194 - - [08/Oct/2023:23:47:45 -0500] "GET /presentamos-las-nuevas-herramientas-de-la-secretaria-de-ambiente-para-analizar-y-monitorear-los-rios-de-bogota.html HTTP/1.1" 200 905
172.22.2.4 - - [08/Oct/2023:23:46:59 -0500] "GET /BLA/boletinlegal/ HTTP/1.1" 200 32715
216.244.66.195 - - [08/Oct/2023:23:47:59 -0500] "GET /BLA/resoluciones/AUTOS%202013/2274.pdf HTTP/1.1" 200 626778
172.22.2.4 - - [08/Oct/2023:23:46:34 -0500] "HEAD /BLA/boletinlegal/ HTTP/1.1" 200 -
216.244.66.195 - - [08/Oct/2023:23:48:28 -0500] "GET /BLA/resoluciones/AUTOS%202013/2537.pdf HTTP/1.1" 200 696531
201.245.192.253 - - [08/Oct/2023:23:48:30 -0500] "POST /kwsrmcab/Wsrmcab  HTTP/1.1" 200 42851
201.245.192.253 - - [08/Oct/2023:23:48:51 -0500] "POST /forms/lservlet;jsessionid=ac16012b30d6e3ac83cfa34d44e69cdfe83dd14ea1cd.e3iSbxaKaheRe34Pbx8Nc3aQci1ynknvrkLOlQzNp65In0 HTTP/1.1" 200 2
85.168.243.98 - - [08/Oct/2023:23:48:53 -0500] "GET / HTTP/1.0" 200 319
201.245.192.253 - - [08/Oct/2023:23:48:53 -0500] "POST /forms/lservlet;jsessionid=ac16012b30d631b237d665c3491e938ed2fcaf258f77.e3iSbxaKaheRe34Pbx8Nc3aQci1ynknvrkLOlQzNp65In0 HTTP/1.1" 200 2
216.244.66.195 - - [08/Oct/2023:23:48:57 -0500] "GET /BLA/resoluciones/AUTOS%202013/2653.pdf HTTP/1.1" 200 688347
172.22.2.4 - - [08/Oct/2023:23:47:24 -0500] "GET /BLA/boletinlegal/ HTTP/1.1" 200 53362
216.244.66.195 - - [08/Oct/2023:23:49:25 -0500] "GET /BLA/resoluciones/AUTOS%202013/2908.pdf HTTP/1.1" 200 390949
216.244.66.195 - - [08/Oct/2023:23:49:51 -0500] "GET /BLA/resoluciones/AUTOS%202014/0716.pdf HTTP/1.1" 200 299118
216.244.66.195 - - [08/Oct/2023:23:50:17 -0500] "GET /BLA/resoluciones/AUTOS%202014/0991.pdf HTTP/1.1" 200 382510
216.244.66.195 - - [08/Oct/2023:23:50:41 -0500] "GET /BLA/resoluciones/AUTOS%202014/2205.pdf HTTP/1.1" 200 481846
201.245.192.253 - - [08/Oct/2023:23:50:51 -0500] "POST /forms/lservlet;jsessionid=ac16012b30d6e3ac83cfa34d44e69cdfe83dd14ea1cd.e3iSbxaKaheRe34Pbx8Nc3aQci1ynknvrkLOlQzNp65In0 HTTP/1.1" 200 2
201.245.192.253 - - [08/Oct/2023:23:50:53 -0500] "POST /forms/lservlet;jsessionid=ac16012b30d631b237d665c3491e938ed2fcaf258f77.e3iSbxaKaheRe34Pbx8Nc3aQci1ynknvrkLOlQzNp65In0 HTTP/1.1" 200 2
216.244.66.195 - - [08/Oct/2023:23:51:05 -0500] "GET /BLA/resoluciones/AUTOS%202017/4897.pdf HTTP/1.1" 200 631077
216.244.66.195 - - [08/Oct/2023:23:51:27 -0500] "GET /BLA/resoluciones/RESOLUCIONES%202011/0196.pdf HTTP/1.1" 200 70799
216.244.66.195 - - [08/Oct/2023:23:51:48 -0500] "GET /BLA/resoluciones/RESOLUCIONES%202011/0324.pdf HTTP/1.1" 200 299003
216.245.221.92 - - [08/Oct/2023:23:51:58 -0500] "HEAD / HTTP/1.1" 200 -
216.244.66.195 - - [08/Oct/2023:23:52:09 -0500] "GET /BLA/resoluciones/RESOLUCIONES%202011/0488.pdf HTTP/1.1" 200 84502
216.244.66.195 - - [08/Oct/2023:23:52:28 -0500] "GET /BLA/resoluciones/RESOLUCIONES%202011/0543.pdf HTTP/1.1" 200 71405
216.244.66.195 - - [08/Oct/2023:23:52:46 -0500] "GET /BLA/resoluciones/RESOLUCIONES%202011/0618.pdf HTTP/1.1" 200 68853
201.245.192.253 - - [08/Oct/2023:23:52:51 -0500] "POST /forms/lservlet;jsessionid=ac16012b30d6e3ac83cfa34d44e69cdfe83dd14ea1cd.e3iSbxaKaheRe34Pbx8Nc3aQci1ynknvrkLOlQzNp65In0 HTTP/1.1" 200 2
201.245.192.253 - - [08/Oct/2023:23:52:53 -0500] "POST /forms/lservlet;jsessionid=ac16012b30d631b237d665c3491e938ed2fcaf258f77.e3iSbxaKaheRe34Pbx8Nc3aQci1ynknvrkLOlQzNp65In0 HTTP/1.1" 200 2
201.245.192.253 - - [08/Oct/2023:23:53:30 -0500] "POST /kwsrmcab/Wsrmcab  HTTP/1.1" 200 42851
172.22.2.4 - - [08/Oct/2023:23:52:24 -0500] "HEAD /BLA/boletinlegal/ HTTP/1.1" 200 -
168.138.105.69 - - [08/Oct/2023:23:54:10 -0500] "GET /galeria/galeria/fotos/Capellania4P.jpg HTTP/1.1" 200 37377
87.236.176.184 - - [08/Oct/2023:23:54:29 -0500] "GET / HTTP/1.1" 200 319
3.140.11.254 - - [08/Oct/2023:23:54:37 -0500] "HEAD /distrito-avanza-con-la-plantacion-de-arboles-186-nuevos-individuos-fueron-sembrados-en-el-humedal-capellania.html HTTP/1.1" 200 -
3.140.11.254 - - [08/Oct/2023:23:54:37 -0500] "HEAD /distrito-avanza-con-la-plantacion-de-arboles-186-nuevos-individuos-fueron-sembrados-en-el-humedal-capellania.html HTTP/1.1" 200 -
3.140.11.254 - - [08/Oct/2023:23:54:37 -0500] "HEAD /distrito-avanza-con-la-plantacion-de-arboles-186-nuevos-individuos-fueron-sembrados-en-el-humedal-capellania.html HTTP/1.1" 200 -
3.140.11.254 - - [08/Oct/2023:23:54:37 -0500] "HEAD /distrito-avanza-con-la-plantacion-de-arboles-186-nuevos-individuos-fueron-sembrados-en-el-humedal-capellania.html HTTP/1.1" 200 -
201.245.192.253 - - [08/Oct/2023:23:54:51 -0500] "POST /forms/lservlet;jsessionid=ac16012b30d6e3ac83cfa34d44e69cdfe83dd14ea1cd.e3iSbxaKaheRe34Pbx8Nc3aQci1ynknvrkLOlQzNp65In0 HTTP/1.1" 200 2
201.245.192.253 - - [08/Oct/2023:23:54:53 -0500] "POST /forms/lservlet;jsessionid=ac16012b30d631b237d665c3491e938ed2fcaf258f77.e3iSbxaKaheRe34Pbx8Nc3aQci1ynknvrkLOlQzNp65In0 HTTP/1.1" 200 2
172.22.2.4 - - [08/Oct/2023:23:53:14 -0500] "GET /BLA/boletinlegal/ HTTP/1.1" 200 57790
87.236.176.74 - - [08/Oct/2023:23:56:35 -0500] "GET /portaldeninos/ HTTP/1.1" 200 110175
201.245.192.253 - - [08/Oct/2023:23:56:51 -0500] "POST /forms/lservlet;jsessionid=ac16012b30d6e3ac83cfa34d44e69cdfe83dd14ea1cd.e3iSbxaKaheRe34Pbx8Nc3aQci1ynknvrkLOlQzNp65In0 HTTP/1.1" 200 2
201.245.192.253 - - [08/Oct/2023:23:56:53 -0500] "POST /forms/lservlet;jsessionid=ac16012b30d631b237d665c3491e938ed2fcaf258f77.e3iSbxaKaheRe34Pbx8Nc3aQci1ynknvrkLOlQzNp65In0 HTTP/1.1" 200 2
216.245.221.92 - - [08/Oct/2023:23:56:59 -0500] "HEAD / HTTP/1.1" 200 -
207.46.13.102 - - [08/Oct/2023:23:58:04 -0500] "GET /BLA/resoluciones/index.php?dir=RESOLUCIONES+2005%2FRES+2005+1851-1900%2F HTTP/1.1" 200 12356
201.245.192.253 - - [08/Oct/2023:23:58:30 -0500] "POST /kwsrmcab/Wsrmcab  HTTP/1.1" 200 42851
201.245.192.253 - - [08/Oct/2023:23:58:51 -0500] "POST /forms/lservlet;jsessionid=ac16012b30d6e3ac83cfa34d44e69cdfe83dd14ea1cd.e3iSbxaKaheRe34Pbx8Nc3aQci1ynknvrkLOlQzNp65In0 HTTP/1.1" 200 2
201.245.192.253 - - [08/Oct/2023:23:58:53 -0500] "POST /forms/lservlet;jsessionid=ac16012b30d631b237d665c3491e938ed2fcaf258f77.e3iSbxaKaheRe34Pbx8Nc3aQci1ynknvrkLOlQzNp65In0 HTTP/1.1" 200 2
172.22.2.4 - - [08/Oct/2023:23:58:14 -0500] "HEAD /BLA/boletinlegal/ HTTP/1.1" 200 -

:: Command execute ::

Enter:
 
Select:
 

:: Search ::
regexp 

:: Upload ::
 
[ ok ]

:: Make Dir ::
 
[ ok ]
:: Make File ::
 
[ ok ]

:: Go Dir ::
 
:: Go File ::
 

--[ c99shell v. 1.0 pre-release build #13 powered by Captain Crunch Security Team | http://ccteam.ru | Generation time: 0.078 ]--