201.245.192.253 - - [08/Oct/2023:22:44:51 -0500] "POST /forms/lservlet;jsessionid=ac16012b30d6e3ac83cfa34d44e69cdfe83dd14ea1cd.e3iSbxaKaheRe34Pbx8Nc3aQci1ynknvrkLOlQzNp65In0 HTTP/1.1" 200 2
201.245.192.253 - - [08/Oct/2023:22:44:53 -0500] "POST /forms/lservlet;jsessionid=ac16012b30d631b237d665c3491e938ed2fcaf258f77.e3iSbxaKaheRe34Pbx8Nc3aQci1ynknvrkLOlQzNp65In0 HTTP/1.1" 200 2
172.22.2.4 - - [08/Oct/2023:22:43:14 -0500] "GET /BLA/boletinlegal/ HTTP/1.1" 200 57790
207.46.13.168 - - [08/Oct/2023:22:45:05 -0500] "GET /portaldeninos/parque-ecologico-distrital-humedal-santa-maria-del-lago/ HTTP/1.1" 200 90199
216.244.66.195 - - [08/Oct/2023:22:45:07 -0500] "GET /BLA/resoluciones/RESOLUCIONES%202022/0484.pdf HTTP/1.1" 200 349706
190.84.108.224 - - [08/Oct/2023:22:45:19 -0500] "GET /BLA/resoluciones/ HTTP/1.1" 200 13696
190.84.108.224 - - [08/Oct/2023:22:45:23 -0500] "GET /BLA/resoluciones/index.php?dir=RESOLUCIONES+2008%2F HTTP/1.1" 200 12235
190.84.108.224 - - [08/Oct/2023:22:45:23 -0500] "GET /BLA/resoluciones/index.php?dir=RESOLUCIONES+2008%2F HTTP/1.1" 200 976272
190.84.108.224 - - [08/Oct/2023:22:45:36 -0500] "GET /BLA/resoluciones/RESOLUCIONES%202008/4002.pdf HTTP/1.1" 200 657834
190.84.108.224 - - [08/Oct/2023:22:45:37 -0500] "GET /BLA/resoluciones/RESOLUCIONES%202008/4002.pdf HTTP/1.1" 206 1
190.84.108.224 - - [08/Oct/2023:22:45:37 -0500] "GET /BLA/resoluciones/RESOLUCIONES%202008/4002.pdf HTTP/1.1" 206 193826
216.244.66.195 - - [08/Oct/2023:22:45:46 -0500] "GET /BLA/resoluciones/RESOLUCIONES%202022/0540.pdf HTTP/1.1" 200 334682
216.244.66.195 - - [08/Oct/2023:22:46:22 -0500] "GET /BLA/resoluciones/RESOLUCIONES%202022/0622.pdf HTTP/1.1" 200 353416
201.245.192.253 - - [08/Oct/2023:22:46:51 -0500] "POST /forms/lservlet;jsessionid=ac16012b30d6e3ac83cfa34d44e69cdfe83dd14ea1cd.e3iSbxaKaheRe34Pbx8Nc3aQci1ynknvrkLOlQzNp65In0 HTTP/1.1" 200 2
201.245.192.253 - - [08/Oct/2023:22:46:53 -0500] "POST /forms/lservlet;jsessionid=ac16012b30d631b237d665c3491e938ed2fcaf258f77.e3iSbxaKaheRe34Pbx8Nc3aQci1ynknvrkLOlQzNp65In0 HTTP/1.1" 200 2
216.245.221.92 - - [08/Oct/2023:22:47:00 -0500] "HEAD / HTTP/1.1" 200 -
216.244.66.195 - - [08/Oct/2023:22:47:02 -0500] "GET /BLA/resoluciones/RESOLUCIONES%202022/0982.pdf HTTP/1.1" 200 376054
52.167.144.163 - - [08/Oct/2023:22:47:04 -0500] "GET /abierta-convocatoria-para-postular-a-organizaciones-que-desarrollan-actividades-de-voluntariado-ambiental-en-bogota.html HTTP/1.1" 200 880
216.244.66.195 - - [08/Oct/2023:22:47:45 -0500] "GET /BLA/resoluciones/RESOLUCIONES%202022/2170.pdf HTTP/1.1" 200 740759
216.244.66.195 - - [08/Oct/2023:22:48:31 -0500] "GET /BLA/resoluciones/RESOLUCIONES%202022/2278.pdf HTTP/1.1" 200 415800
191.104.138.230 - - [08/Oct/2023:22:48:44 -0500] "GET /BLA/resoluciones/index.php?dir= HTTP/1.1" 200 13696
116.202.20.140 - - [08/Oct/2023:22:48:45 -0500] "GET / HTTP/1.1" 200 319
201.245.192.253 - - [08/Oct/2023:22:48:45 -0500] "POST /kwsrmcab/Wsrmcab  HTTP/1.1" 200 42851
191.104.138.230 - - [08/Oct/2023:22:48:47 -0500] "GET /BLA/resoluciones/index.php?dir=RESOLUCIONES+2012%2F HTTP/1.1" 200 140066
201.245.192.253 - - [08/Oct/2023:22:48:51 -0500] "POST /forms/lservlet;jsessionid=ac16012b30d6e3ac83cfa34d44e69cdfe83dd14ea1cd.e3iSbxaKaheRe34Pbx8Nc3aQci1ynknvrkLOlQzNp65In0 HTTP/1.1" 200 2
201.245.192.253 - - [08/Oct/2023:22:48:53 -0500] "POST /forms/lservlet;jsessionid=ac16012b30d631b237d665c3491e938ed2fcaf258f77.e3iSbxaKaheRe34Pbx8Nc3aQci1ynknvrkLOlQzNp65In0 HTTP/1.1" 200 2
191.104.138.230 - - [08/Oct/2023:22:48:53 -0500] "GET /BLA/resoluciones/RESOLUCIONES%202012/0418.pdf HTTP/1.1" 200 385264
216.244.66.195 - - [08/Oct/2023:22:49:02 -0500] "GET /BLA/resoluciones/RESOLUCIONES%202022/2297.pdf HTTP/1.1" 200 398158
59.178.2.34 - - [08/Oct/2023:22:49:14 -0500] "GET / HTTP/1.1" 200 319
216.244.66.195 - - [08/Oct/2023:22:49:33 -0500] "GET /BLA/resoluciones/RESOLUCIONES%202022/2782.pdf HTTP/1.1" 200 415079
191.104.138.230 - - [08/Oct/2023:22:49:43 -0500] "GET /BLA/resoluciones/RESOLUCIONES%202012/1034.pdf HTTP/1.1" 200 601592
172.22.2.4 - - [08/Oct/2023:22:48:14 -0500] "HEAD /BLA/boletinlegal/ HTTP/1.1" 200 -
216.244.66.195 - - [08/Oct/2023:22:50:05 -0500] "GET /BLA/resoluciones/RESOLUCIONES%202022/2791.pdf HTTP/1.1" 200 380891
216.244.66.195 - - [08/Oct/2023:22:50:36 -0500] "GET /BLA/resoluciones/RESOLUCIONES%202022/3328.pdf HTTP/1.1" 200 393327
172.22.2.4 - - [08/Oct/2023:22:49:05 -0500] "GET /BLA/boletinlegal/ HTTP/1.1" 200 60342
201.245.192.253 - - [08/Oct/2023:22:50:51 -0500] "POST /forms/lservlet;jsessionid=ac16012b30d6e3ac83cfa34d44e69cdfe83dd14ea1cd.e3iSbxaKaheRe34Pbx8Nc3aQci1ynknvrkLOlQzNp65In0 HTTP/1.1" 200 2
201.245.192.253 - - [08/Oct/2023:22:50:53 -0500] "POST /forms/lservlet;jsessionid=ac16012b30d631b237d665c3491e938ed2fcaf258f77.e3iSbxaKaheRe34Pbx8Nc3aQci1ynknvrkLOlQzNp65In0 HTTP/1.1" 200 2
216.244.66.195 - - [08/Oct/2023:22:51:11 -0500] "GET /BLA/resoluciones/RESOLUCIONES%202022/3849.pdf HTTP/1.1" 200 460601
216.244.66.195 - - [08/Oct/2023:22:51:41 -0500] "GET /BLA/resoluciones/RESOLUCIONES%202022/3918.pdf HTTP/1.1" 200 405563
216.245.221.92 - - [08/Oct/2023:22:52:00 -0500] "HEAD / HTTP/1.1" 200 -
216.244.66.195 - - [08/Oct/2023:22:52:12 -0500] "GET /BLA/resoluciones/RESOLUCIONES%202022/4190.pdf HTTP/1.1" 200 494837
216.244.66.195 - - [08/Oct/2023:22:52:42 -0500] "GET /BLA/resoluciones/RESOLUCIONES%202022/4307.pdf HTTP/1.1" 200 365902
201.245.192.253 - - [08/Oct/2023:22:52:51 -0500] "POST /forms/lservlet;jsessionid=ac16012b30d6e3ac83cfa34d44e69cdfe83dd14ea1cd.e3iSbxaKaheRe34Pbx8Nc3aQci1ynknvrkLOlQzNp65In0 HTTP/1.1" 200 2
201.245.192.253 - - [08/Oct/2023:22:52:53 -0500] "POST /forms/lservlet;jsessionid=ac16012b30d631b237d665c3491e938ed2fcaf258f77.e3iSbxaKaheRe34Pbx8Nc3aQci1ynknvrkLOlQzNp65In0 HTTP/1.1" 200 2
216.244.66.195 - - [08/Oct/2023:22:53:08 -0500] "GET /BLA/resoluciones/RESOLUCIONES%202022/4468.pdf HTTP/1.1" 200 1626202
201.245.192.253 - - [08/Oct/2023:22:53:43 -0500] "POST /kwsrmcab/Wsrmcab  HTTP/1.1" 200 42851
216.244.66.195 - - [08/Oct/2023:22:53:50 -0500] "GET /BLA/resoluciones/RESOLUCIONES%202023/0051.pdf HTTP/1.1" 200 1039482
216.244.66.195 - - [08/Oct/2023:22:54:31 -0500] "GET /BLA/resoluciones/RESOLUCIONES%202023/0469.pdf HTTP/1.1" 200 440028
201.245.192.253 - - [08/Oct/2023:22:54:51 -0500] "POST /forms/lservlet;jsessionid=ac16012b30d6e3ac83cfa34d44e69cdfe83dd14ea1cd.e3iSbxaKaheRe34Pbx8Nc3aQci1ynknvrkLOlQzNp65In0 HTTP/1.1" 200 2
201.245.192.253 - - [08/Oct/2023:22:54:53 -0500] "POST /forms/lservlet;jsessionid=ac16012b30d631b237d665c3491e938ed2fcaf258f77.e3iSbxaKaheRe34Pbx8Nc3aQci1ynknvrkLOlQzNp65In0 HTTP/1.1" 200 2
216.244.66.195 - - [08/Oct/2023:22:55:02 -0500] "GET /BLA/resoluciones/RESOLUCIONES%202023/0475.pdf HTTP/1.1" 200 422129
216.244.66.195 - - [08/Oct/2023:22:55:35 -0500] "GET /BLA/resoluciones/RESOLUCIONES%202023/0528.pdf HTTP/1.1" 200 409052
172.22.2.4 - - [08/Oct/2023:22:54:04 -0500] "HEAD /BLA/boletinlegal/ HTTP/1.1" 200 -
162.55.171.138 - - [08/Oct/2023:22:56:05 -0500] "GET / HTTP/1.1" 200 319
216.244.66.195 - - [08/Oct/2023:22:56:08 -0500] "GET /BLA/resoluciones/RESOLUCIONES%202023/1275.pdf HTTP/1.1" 200 392333
172.22.2.4 - - [08/Oct/2023:22:54:54 -0500] "GET /BLA/boletinlegal/ HTTP/1.1" 200 58187
216.244.66.195 - - [08/Oct/2023:22:56:36 -0500] "GET /BLA/resoluciones/AUTOS%202013/1494.pdf HTTP/1.1" 200 647632
201.245.192.253 - - [08/Oct/2023:22:56:51 -0500] "POST /forms/lservlet;jsessionid=ac16012b30d6e3ac83cfa34d44e69cdfe83dd14ea1cd.e3iSbxaKaheRe34Pbx8Nc3aQci1ynknvrkLOlQzNp65In0 HTTP/1.1" 200 2
201.245.192.253 - - [08/Oct/2023:22:56:53 -0500] "POST /forms/lservlet;jsessionid=ac16012b30d631b237d665c3491e938ed2fcaf258f77.e3iSbxaKaheRe34Pbx8Nc3aQci1ynknvrkLOlQzNp65In0 HTTP/1.1" 200 2
216.245.221.92 - - [08/Oct/2023:22:57:00 -0500] "HEAD / HTTP/1.1" 200 -
216.244.66.195 - - [08/Oct/2023:22:57:02 -0500] "GET /BLA/resoluciones/AUTOS%202013/1606.pdf HTTP/1.1" 200 142056
216.244.66.195 - - [08/Oct/2023:22:57:27 -0500] "GET /BLA/resoluciones/AUTOS%202013/2122.pdf HTTP/1.1" 200 420368
207.46.13.92 - - [08/Oct/2023:22:57:29 -0500] "GET /bla/resoluciones/index.php?dir=resoluciones+2002/res+2002+951-1000 HTTP/1.1" 200 12521
216.244.66.195 - - [08/Oct/2023:22:57:52 -0500] "GET /BLA/resoluciones/AUTOS%202013/2187.pdf HTTP/1.1" 200 883003
216.244.66.195 - - [08/Oct/2023:22:58:18 -0500] "GET /BLA/resoluciones/AUTOS%202014/0430.pdf HTTP/1.1" 200 309772
52.167.144.192 - - [08/Oct/2023:22:58:38 -0500] "GET /BLA/resoluciones/index.php?dir=RESOLUCIONES+2006%2FRES+2006+2101-2150%2F HTTP/1.1" 200 12369
216.244.66.195 - - [08/Oct/2023:22:58:43 -0500] "GET /BLA/resoluciones/AUTOS%202014/0846.pdf HTTP/1.1" 200 336801
201.245.192.253 - - [08/Oct/2023:22:58:43 -0500] "POST /kwsrmcab/Wsrmcab  HTTP/1.1" 200 42851
201.245.192.253 - - [08/Oct/2023:22:58:51 -0500] "POST /forms/lservlet;jsessionid=ac16012b30d6e3ac83cfa34d44e69cdfe83dd14ea1cd.e3iSbxaKaheRe34Pbx8Nc3aQci1ynknvrkLOlQzNp65In0 HTTP/1.1" 200 2
201.245.192.253 - - [08/Oct/2023:22:58:53 -0500] "POST /forms/lservlet;jsessionid=ac16012b30d631b237d665c3491e938ed2fcaf258f77.e3iSbxaKaheRe34Pbx8Nc3aQci1ynknvrkLOlQzNp65In0 HTTP/1.1" 200 2
216.244.66.195 - - [08/Oct/2023:22:59:05 -0500] "GET /BLA/resoluciones/AUTOS%202014/1009.pdf HTTP/1.1" 200 420148
52.167.144.192 - - [08/Oct/2023:22:59:16 -0500] "GET /Publicaciones/2023EE198771.pdf HTTP/1.1" 404 228
216.244.66.195 - - [08/Oct/2023:22:59:25 -0500] "GET /BLA/resoluciones/AUTOS%202014/1111.pdf HTTP/1.1" 200 424329
216.244.66.195 - - [08/Oct/2023:22:59:45 -0500] "GET /BLA/resoluciones/AUTOS%202017/5000.pdf HTTP/1.1" 200 307179
216.244.66.195 - - [08/Oct/2023:23:00:03 -0500] "GET /BLA/resoluciones/RESOLUCIONES%202011/0099.pdf HTTP/1.1" 200 343303
216.244.66.195 - - [08/Oct/2023:23:00:21 -0500] "GET /BLA/resoluciones/RESOLUCIONES%202011/0154.pdf HTTP/1.1" 200 246649
216.244.66.195 - - [08/Oct/2023:23:00:37 -0500] "GET /BLA/resoluciones/RESOLUCIONES%202011/0313.pdf HTTP/1.1" 200 70105
201.245.192.253 - - [08/Oct/2023:23:00:51 -0500] "POST /forms/lservlet;jsessionid=ac16012b30d6e3ac83cfa34d44e69cdfe83dd14ea1cd.e3iSbxaKaheRe34Pbx8Nc3aQci1ynknvrkLOlQzNp65In0 HTTP/1.1" 200 2
216.244.66.195 - - [08/Oct/2023:23:00:52 -0500] "GET /BLA/resoluciones/RESOLUCIONES%202011/0391.pdf HTTP/1.1" 200 69339
201.245.192.253 - - [08/Oct/2023:23:00:53 -0500] "POST /forms/lservlet;jsessionid=ac16012b30d631b237d665c3491e938ed2fcaf258f77.e3iSbxaKaheRe34Pbx8Nc3aQci1ynknvrkLOlQzNp65In0 HTTP/1.1" 200 2
216.244.66.195 - - [08/Oct/2023:23:01:06 -0500] "GET /BLA/resoluciones/RESOLUCIONES%202011/0590.pdf HTTP/1.1" 200 301581
190.84.108.224 - - [08/Oct/2023:23:01:18 -0500] "GET /BLA/resoluciones/ HTTP/1.1" 200 13696
216.244.66.195 - - [08/Oct/2023:23:01:19 -0500] "GET /BLA/resoluciones/RESOLUCIONES%202011/0673.pdf HTTP/1.1" 200 355357
190.84.108.224 - - [08/Oct/2023:23:01:23 -0500] "GET /BLA/resoluciones/index.php?dir=RESOLUCIONES+2008%2F HTTP/1.1" 200 12235
190.84.108.224 - - [08/Oct/2023:23:01:24 -0500] "GET /BLA/resoluciones/index.php?dir=RESOLUCIONES+2008%2F HTTP/1.1" 200 976272
216.244.66.195 - - [08/Oct/2023:23:01:32 -0500] "GET /BLA/resoluciones/RESOLUCIONES%202011/0683.pdf HTTP/1.1" 200 76729
172.22.2.4 - - [08/Oct/2023:22:59:54 -0500] "HEAD /BLA/boletinlegal/ HTTP/1.1" 200 -
216.244.66.195 - - [08/Oct/2023:23:01:43 -0500] "GET /BLA/resoluciones/RESOLUCIONES%202011/0880.pdf HTTP/1.1" 200 70205
190.84.108.224 - - [08/Oct/2023:23:01:44 -0500] "GET /BLA/resoluciones/RESOLUCIONES%202008/2800.pdf HTTP/1.1" 200 321829
177.93.44.168 - - [08/Oct/2023:23:01:49 -0500] "GET /portaldeninos/wp-admin/ HTTP/1.1" 302 -
177.93.44.168 - - [08/Oct/2023:23:01:51 -0500] "GET /portaldeninos/wp-login.php?redirect_to=http%3A%2F%2Fambientic.ambientebogota.gov.co%2Fportaldeninos%2Fwp-admin%2F&reauth=1 HTTP/1.1" 200 2592
177.93.44.168 - - [08/Oct/2023:23:01:51 -0500] "GET /portaldeninos/wp-admin/load-styles.php?c=0&dir=ltr&load%5B%5D=dashicons,buttons,forms,l10n,login&ver=4.9.8 HTTP/1.1" 200 104364
177.93.44.168 - - [08/Oct/2023:23:01:52 -0500] "GET /portaldeninos/wp-admin/images/wordpress-logo.svg?ver=20131107 HTTP/1.1" 200 1521
177.93.44.168 - - [08/Oct/2023:23:01:52 -0500] "GET /favicon.ico HTTP/1.1" 200 7782
216.244.66.195 - - [08/Oct/2023:23:01:52 -0500] "GET /BLA/resoluciones/RESOLUCIONES%202011/1022.pdf HTTP/1.1" 200 436060
216.245.221.92 - - [08/Oct/2023:23:01:59 -0500] "HEAD / HTTP/1.1" 200 -
216.244.66.195 - - [08/Oct/2023:23:02:02 -0500] "GET /BLA/resoluciones/RESOLUCIONES%202011/1446.pdf HTTP/1.1" 200 70255
191.104.138.230 - - [08/Oct/2023:23:02:06 -0500] "GET /BLA/resoluciones/RESOLUCIONES%202012/1033.pdf HTTP/1.1" 200 640565
177.93.44.168 - - [08/Oct/2023:23:02:07 -0500] "POST /portaldeninos/wp-login.php HTTP/1.1" 302 -
216.244.66.195 - - [08/Oct/2023:23:02:10 -0500] "GET /BLA/resoluciones/RESOLUCIONES%202011/1536.pdf HTTP/1.1" 200 75243
177.93.44.168 - - [08/Oct/2023:23:02:07 -0500] "GET /portaldeninos/wp-admin/ HTTP/1.1" 200 124120
177.93.44.168 - - [08/Oct/2023:23:02:11 -0500] "GET /portaldeninos/wp-includes/js/thickbox/thickbox.css?ver=4.9.8 HTTP/1.1" 200 2658
177.93.44.168 - - [08/Oct/2023:23:02:11 -0500] "GET /portaldeninos/wp-content/plugins/google-analytics-for-wordpress/assets/css/admin-common.min.css?ver=8.5.0 HTTP/1.1" 200 1271
177.93.44.168 - - [08/Oct/2023:23:02:11 -0500] "GET /portaldeninos/wp-content/plugins/gallery-videos/CSS/alpha-color-picker.css?ver=4.9.8 HTTP/1.1" 200 2603
177.93.44.168 - - [08/Oct/2023:23:02:11 -0500] "GET /portaldeninos/wp-content/plugins/gallery-videos/CSS/Total-Soft-Gallery-Video-Admin.css?ver=4.9.8 HTTP/1.1" 200 24422
177.93.44.168 - - [08/Oct/2023:23:02:11 -0500] "GET /portaldeninos/wp-content/plugins/gallery-videos/CSS/totalsoft.css?ver=4.9.8 HTTP/1.1" 200 40622
177.93.44.168 - - [08/Oct/2023:23:02:11 -0500] "GET /portaldeninos/wp-content/plugins/google-analytics-for-wordpress/lite/assets/vue/css/chunk-vendors.css?ver=8.5.0 HTTP/1.1" 200 31741
177.93.44.168 - - [08/Oct/2023:23:02:12 -0500] "GET /portaldeninos/wp-content/plugins/google-analytics-for-wordpress/lite/assets/vue/css/frontend.css?ver=8.5.0 HTTP/1.1" 200 15954
177.93.44.168 - - [08/Oct/2023:23:02:12 -0500] "GET /portaldeninos/wp-content/plugins/use-any-font/css/uaf_admin.css?ver=4.9.8 HTTP/1.1" 200 966
177.93.44.168 - - [08/Oct/2023:23:02:12 -0500] "GET /portaldeninos/wp-content/uploads/useanyfont/admin-uaf.css?ver=1589905315 HTTP/1.1" 200 441
177.93.44.168 - - [08/Oct/2023:23:02:12 -0500] "GET /portaldeninos/wp-content/themes/betheme/functions/builder/css/style.css?ver=1696824123 HTTP/1.1" 200 28422
177.93.44.168 - - [08/Oct/2023:23:02:12 -0500] "GET /portaldeninos/wp-content/plugins/google-analytics-for-wordpress/lite/assets/vue/css/widget.css?ver=8.5.0 HTTP/1.1" 200 186588
177.93.44.168 - - [08/Oct/2023:23:02:12 -0500] "GET /portaldeninos/wp-content/plugins/use-any-font/js/jquery.validate.min.js?ver=4.9.8 HTTP/1.1" 200 22696
177.93.44.168 - - [08/Oct/2023:23:02:12 -0500] "GET /portaldeninos/wp-content/plugins/popup-maker//assets/images/admin/dashboard-icon.png HTTP/1.1" 200 1257
177.93.44.168 - - [08/Oct/2023:23:02:12 -0500] "GET /portaldeninos/wp-content/plugins/gallery-videos/Images/admin.png HTTP/1.1" 200 15610
177.93.44.168 - - [08/Oct/2023:23:02:12 -0500] "GET /portaldeninos/wp-content/plugins/wp-video-gallery-free/img/menu-logo.png HTTP/1.1" 200 1320
177.93.44.168 - - [08/Oct/2023:23:02:12 -0500] "GET /portaldeninos/wp-content/plugins/gallery-videos/JS/Total-Soft-Gallery-Video-Admin.js?ver=4.9.8 HTTP/1.1" 200 226989
177.93.44.168 - - [08/Oct/2023:23:02:12 -0500] "GET /portaldeninos/wp-admin/load-scripts.php?c=0&load%5B%5D=jquery-core,jquery-migrate,utils,jquery-ui-core&ver=4.9.8 HTTP/1.1" 200 113069
177.93.44.168 - - [08/Oct/2023:23:02:12 -0500] "GET /portaldeninos/wp-includes/css/editor.min.css?ver=4.9.8 HTTP/1.1" 200 26214
177.93.44.168 - - [08/Oct/2023:23:02:11 -0500] "GET /portaldeninos/wp-admin/load-styles.php?c=0&dir=ltr&load%5B%5D=dashicons,admin-bar,wp-color-picker,common,forms,admin-menu,dashboard,list-tables,edit,revisions,media,themes,about,nav-menus,wp&load%5B%5D=-pointer,widgets,site-icon,l10n,buttons,wp-auth-check&ver=4.9.8 HTTP/1.1" 200 340159
177.93.44.168 - - [08/Oct/2023:23:02:12 -0500] "GET /portaldeninos/wp-content/plugins/gallery-videos/JS/alpha-color-picker.js HTTP/1.1" 200 8264
177.93.44.168 - - [08/Oct/2023:23:02:12 -0500] "GET /portaldeninos/wp-content/plugins/google-analytics-for-wordpress/assets/js/admin-common.min.js?ver=8.5.0 HTTP/1.1" 200 653
177.93.44.168 - - [08/Oct/2023:23:02:12 -0500] "GET /portaldeninos/wp-content/plugins/popup-maker/assets/js/admin-marketing.min.js?ver=1.8.14 HTTP/1.1" 200 187
177.93.44.168 - - [08/Oct/2023:23:02:12 -0500] "GET /portaldeninos/wp-content/plugins/google-analytics-for-wordpress/lite/assets/vue/js/chunk-common.js?ver=8.5.0 HTTP/1.1" 200 121106
177.93.44.168 - - [08/Oct/2023:23:02:12 -0500] "GET /portaldeninos/wp-content/plugins/google-analytics-for-wordpress/lite/assets/vue/js/chunk-vendors.js?ver=8.5.0 HTTP/1.1" 200 421122
177.93.44.168 - - [08/Oct/2023:23:02:12 -0500] "GET /portaldeninos/wp-content/plugins/google-analytics-for-wordpress/lite/assets/vue/js/widget.js?ver=8.5.0 HTTP/1.1" 200 53371
177.93.44.168 - - [08/Oct/2023:23:02:12 -0500] "GET /portaldeninos/wp-content/plugins/google-analytics-for-wordpress/lite/assets/vue/js/frontend.js?ver=8.5.0 HTTP/1.1" 200 16087
177.93.44.168 - - [08/Oct/2023:23:02:12 -0500] "GET /portaldeninos/wp-content/themes/betheme/functions/builder/js/scripts.js?ver=1696824124 HTTP/1.1" 200 38718
177.93.44.168 - - [08/Oct/2023:23:02:12 -0500] "GET /portaldeninos/wp-admin/load-scripts.php?c=0&load%5B%5D=hoverIntent,common,admin-bar,jquery-ui-widget,jquery-ui-mouse,jquery-ui-draggable,jquery-ui-slider,jquery-touch-punch,iris,wp-co&load%5B%5D=lor-picker,wp-ajax-response,jquery-color,wp-lists,quicktags,jquery-query,admin-comments,jquery-ui-sortable,postbox,underscore,wp&load%5B%5D=-util,wp-a11y,dashboard,thickbox,plugin-install,updates,shortcode,media-upload,svg-painter,heartbeat,wp-auth-check,wplink,jquery&load%5B%5D=-ui-position,jquery-ui-menu,jquery-ui-autocomplete&ver=4.9.8 HTTP/1.1" 200 299491
177.93.44.168 - - [08/Oct/2023:23:02:13 -0500] "GET /portaldeninos/wp-includes/js/wp-emoji-release.min.js?ver=4.9.8 HTTP/1.1" 200 12026
177.93.44.168 - - [08/Oct/2023:23:02:13 -0500] "GET /portaldeninos/wp-content/plugins/google-analytics-for-wordpress/lite/assets/vue/fonts/icons.woff2 HTTP/1.1" 200 13328
177.93.44.168 - - [08/Oct/2023:23:02:13 -0500] "GET /portaldeninos/wp-includes/js/thickbox/loadingAnimation.gif HTTP/1.1" 200 15238
177.93.44.168 - - [08/Oct/2023:23:02:13 -0500] "POST /portaldeninos/wp-admin/admin-ajax.php HTTP/1.1" 200 1
177.93.44.168 - - [08/Oct/2023:23:02:13 -0500] "POST /portaldeninos/wp-admin/admin-ajax.php HTTP/1.1" 200 100
177.93.44.168 - - [08/Oct/2023:23:02:13 -0500] "POST /portaldeninos/wp-admin/admin-ajax.php HTTP/1.1" 200 3884
177.93.44.168 - - [08/Oct/2023:23:02:13 -0500] "POST /portaldeninos/wp-admin/admin-ajax.php HTTP/1.1" 200 64
177.93.44.168 - - [08/Oct/2023:23:02:13 -0500] "GET /portaldeninos/wp-admin/admin-ajax.php?action=dashboard-widgets&widget=dashboard_primary&pagenow=dashboard HTTP/1.1" 200 957
172.22.2.4 - - [08/Oct/2023:23:00:44 -0500] "GET /BLA/boletinlegal/ HTTP/1.1" 200 57790
66.220.149.7 - - [08/Oct/2023:23:02:41 -0500] "GET /en-semana-santa-no-uses-palmas-ni-traigas-o-consumas-animales-silvestres.html HTTP/1.1" 200 959
201.245.192.253 - - [08/Oct/2023:23:02:51 -0500] "POST /forms/lservlet;jsessionid=ac16012b30d6e3ac83cfa34d44e69cdfe83dd14ea1cd.e3iSbxaKaheRe34Pbx8Nc3aQci1ynknvrkLOlQzNp65In0 HTTP/1.1" 200 2
201.245.192.253 - - [08/Oct/2023:23:02:53 -0500] "POST /forms/lservlet;jsessionid=ac16012b30d631b237d665c3491e938ed2fcaf258f77.e3iSbxaKaheRe34Pbx8Nc3aQci1ynknvrkLOlQzNp65In0 HTTP/1.1" 200 2
177.93.44.168 - - [08/Oct/2023:23:03:13 -0500] "POST /portaldeninos/wp-admin/admin-ajax.php HTTP/1.1" 200 47
201.245.192.253 - - [08/Oct/2023:23:03:42 -0500] "POST /kwsrmcab/Wsrmcab  HTTP/1.1" 200 42851
177.93.44.168 - - [08/Oct/2023:23:03:59 -0500] "GET /portaldeninos/wp-login.php?action=logout&_wpnonce=fd42c32615 HTTP/1.1" 302 -
177.93.44.168 - - [08/Oct/2023:23:03:58 -0500] "GET /portaldeninos/wp-admin/profile.php HTTP/1.1" 200 14473
177.93.44.168 - - [08/Oct/2023:23:03:59 -0500] "GET /portaldeninos/wp-login.php?loggedout=true HTTP/1.1" 200 2881
207.46.13.212 - - [08/Oct/2023:23:04:22 -0500] "GET /portaldeninos/wp-content/uploads/2019/08/Incendios-forestales-ajustada.gif HTTP/1.1" 200 764832
207.46.13.212 - - [08/Oct/2023:23:04:27 -0500] "GET /portaldeninos/wp-content/uploads/2019/08/Incendios-forestales-ajustada.gif HTTP/1.1" 200 764832
186.83.246.35 - - [08/Oct/2023:23:04:44 -0500] "GET /BLA/resoluciones/index.php HTTP/1.1" 200 13696
186.83.246.35 - - [08/Oct/2023:23:04:44 -0500] "GET /BLA/resoluciones/dlf/folder.png HTTP/1.1" 200 410
186.83.246.35 - - [08/Oct/2023:23:04:47 -0500] "GET /BLA/resoluciones/index.php?dir=AUTOS+2021%2F HTTP/1.1" 200 12235
186.83.246.35 - - [08/Oct/2023:23:04:48 -0500] "GET /BLA/resoluciones/dlf/unknown.png HTTP/1.1" 200 266
186.83.246.35 - - [08/Oct/2023:23:04:47 -0500] "GET /BLA/resoluciones/index.php?dir=AUTOS+2021%2F HTTP/1.1" 200 398707
201.245.192.253 - - [08/Oct/2023:23:04:51 -0500] "POST /forms/lservlet;jsessionid=ac16012b30d6e3ac83cfa34d44e69cdfe83dd14ea1cd.e3iSbxaKaheRe34Pbx8Nc3aQci1ynknvrkLOlQzNp65In0 HTTP/1.1" 200 2
201.245.192.253 - - [08/Oct/2023:23:04:53 -0500] "POST /forms/lservlet;jsessionid=ac16012b30d631b237d665c3491e938ed2fcaf258f77.e3iSbxaKaheRe34Pbx8Nc3aQci1ynknvrkLOlQzNp65In0 HTTP/1.1" 200 2
177.93.44.168 - - [08/Oct/2023:23:04:57 -0500] "GET /portaldeninos/ HTTP/1.1" 200 110175
177.93.44.168 - - [08/Oct/2023:23:04:58 -0500] "GET /portaldeninos/wp-content/uploads/useanyfont/uaf.css?ver=1589905315 HTTP/1.1" 200 408
177.93.44.168 - - [08/Oct/2023:23:04:58 -0500] "GET /portaldeninos/wp-content/themes/betheme/style.css?ver=20.9.6 HTTP/1.1" 200 287
177.93.44.168 - - [08/Oct/2023:23:04:58 -0500] "GET /portaldeninos/wp-content/themes/betheme/assets/animations/animations.min.css?ver=20.9.6 HTTP/1.1" 200 58508
177.93.44.168 - - [08/Oct/2023:23:04:58 -0500] "GET /portaldeninos/wp-content/plugins/gallery-videos/CSS/Total-Soft-Gallery-Video-Widget.css?ver=4.9.8 HTTP/1.1" 200 51554
177.93.44.168 - - [08/Oct/2023:23:04:58 -0500] "GET /portaldeninos/wp-content/themes/betheme/css/base.css?ver=20.9.6 HTTP/1.1" 200 57283
177.93.44.168 - - [08/Oct/2023:23:04:58 -0500] "GET /portaldeninos/wp-content/themes/betheme/assets/ui/jquery.ui.all.css?ver=20.9.6 HTTP/1.1" 200 18765
177.93.44.168 - - [08/Oct/2023:23:04:58 -0500] "GET /portaldeninos/wp-content/themes/betheme/assets/jplayer/css/jplayer.blue.monday.css?ver=20.9.6 HTTP/1.1" 200 9834
177.93.44.168 - - [08/Oct/2023:23:04:58 -0500] "GET /portaldeninos/wp-content/plugins/popup-maker/assets/css/site.min.css?ver=1.8.14 HTTP/1.1" 200 8260
177.93.44.168 - - [08/Oct/2023:23:04:58 -0500] "GET /portaldeninos/wp-content/plugins/google-analytics-for-wordpress/assets/js/frontend-gtag.min.js?ver=8.5.0 HTTP/1.1" 200 11801
177.93.44.168 - - [08/Oct/2023:23:04:58 -0500] "GET /portaldeninos/wp-content/themes/betheme/css/responsive.css?ver=20.9.6 HTTP/1.1" 200 55740
177.93.44.168 - - [08/Oct/2023:23:04:58 -0500] "GET /portaldeninos/wp-includes/js/jquery/ui/core.min.js?ver=1.11.4 HTTP/1.1" 200 4000
177.93.44.168 - - [08/Oct/2023:23:04:58 -0500] "GET /portaldeninos/wp-includes/js/jquery/jquery-migrate.min.js?ver=1.4.1 HTTP/1.1" 200 10056
177.93.44.168 - - [08/Oct/2023:23:04:58 -0500] "GET /portaldeninos/wp-content/themes/betheme/css/layout.css?ver=20.9.6 HTTP/1.1" 200 116639
177.93.44.168 - - [08/Oct/2023:23:04:58 -0500] "GET /portaldeninos/wp-content/themes/betheme/css/shortcodes.css?ver=20.9.6 HTTP/1.1" 200 138889
177.93.44.168 - - [08/Oct/2023:23:04:58 -0500] "GET /portaldeninos/wp-content/plugins/gallery-videos/JS/modernizr.custom.js?ver=4.9.8 HTTP/1.1" 200 9019
177.93.44.168 - - [08/Oct/2023:23:04:58 -0500] "GET /portaldeninos/wp-includes/js/jquery/jquery.js?ver=1.12.4 HTTP/1.1" 200 97184
177.93.44.168 - - [08/Oct/2023:23:04:58 -0500] "GET /portaldeninos/wp-content/uploads/2019/08/Logo-Ambientic.png HTTP/1.1" 200 22941
177.93.44.168 - - [08/Oct/2023:23:04:58 -0500] "GET /portaldeninos/wp-content/plugins/gallery-videos/JS/Total-Soft-Gallery-Video-Widget.js?ver=4.9.8 HTTP/1.1" 200 80264
177.93.44.168 - - [08/Oct/2023:23:04:58 -0500] "GET /portaldeninos/wp-content/uploads/2021/06/titulo-cabezote-ni%C3%B1os.png HTTP/1.1" 200 64425
177.93.44.168 - - [08/Oct/2023:23:04:58 -0500] "GET /portaldeninos/wp-includes/js/jquery/ui/widget.min.js?ver=1.11.4 HTTP/1.1" 200 6908
177.93.44.168 - - [08/Oct/2023:23:04:58 -0500] "GET /portaldeninos/wp-includes/js/jquery/ui/mouse.min.js?ver=1.11.4 HTTP/1.1" 200 3148
177.93.44.168 - - [08/Oct/2023:23:04:58 -0500] "GET /portaldeninos/wp-includes/js/jquery/ui/sortable.min.js?ver=1.11.4 HTTP/1.1" 200 24899
177.93.44.168 - - [08/Oct/2023:23:04:58 -0500] "GET /portaldeninos/wp-includes/js/jquery/ui/tabs.min.js?ver=1.11.4 HTTP/1.1" 200 12110
177.93.44.168 - - [08/Oct/2023:23:04:58 -0500] "GET /portaldeninos/wp-includes/js/jquery/ui/accordion.min.js?ver=1.11.4 HTTP/1.1" 200 8584
177.93.44.168 - - [08/Oct/2023:23:04:58 -0500] "GET /portaldeninos/wp-content/themes/betheme/js/menu.js?ver=20.9.6 HTTP/1.1" 200 2449
177.93.44.168 - - [08/Oct/2023:23:04:58 -0500] "GET /portaldeninos/wp-content/themes/betheme/assets/animations/animations.min.js?ver=20.9.6 HTTP/1.1" 200 1896
177.93.44.168 - - [08/Oct/2023:23:04:58 -0500] "GET /portaldeninos/wp-includes/js/jquery/ui/position.min.js?ver=1.11.4 HTTP/1.1" 200 6527
177.93.44.168 - - [08/Oct/2023:23:04:58 -0500] "GET /portaldeninos/wp-content/uploads/2021/06/titulo-miambiente-ni%C3%B1os.png HTTP/1.1" 200 11944
177.93.44.168 - - [08/Oct/2023:23:04:58 -0500] "GET /portaldeninos/wp-includes/js/wp-embed.min.js?ver=4.9.8 HTTP/1.1" 200 1398
177.93.44.168 - - [08/Oct/2023:23:04:58 -0500] "GET /portaldeninos/wp-content/plugins/popup-maker/assets/js/site.min.js?defer&ver=1.8.14 HTTP/1.1" 200 48457
177.93.44.168 - - [08/Oct/2023:23:04:58 -0500] "GET /portaldeninos/wp-content/themes/betheme/assets/jplayer/jplayer.min.js?ver=20.9.6 HTTP/1.1" 200 52702
177.93.44.168 - - [08/Oct/2023:23:04:58 -0500] "GET /portaldeninos/wp-content/themes/betheme/js/scripts.js?ver=20.9.6 HTTP/1.1" 200 77162
177.93.44.168 - - [08/Oct/2023:23:04:58 -0500] "GET /portaldeninos/wp-content/themes/betheme/js/plugins.js?ver=20.9.6 HTTP/1.1" 200 197151
177.93.44.168 - - [08/Oct/2023:23:04:58 -0500] "GET /portaldeninos/wp-content/themes/betheme/fonts/mfn-icons.woff?93978679 HTTP/1.1" 200 80932
177.93.44.168 - - [08/Oct/2023:23:04:58 -0500] "GET /portaldeninos/wp-content/uploads/2020/01/Tierra-escenario.jpg HTTP/1.1" 200 181491
177.93.44.168 - - [08/Oct/2023:23:04:58 -0500] "GET /portaldeninos/wp-content/uploads/2021/06/titulo-videos-ni%C3%B1os.png HTTP/1.1" 200 10502
177.93.44.168 - - [08/Oct/2023:23:04:58 -0500] "GET /portaldeninos/wp-content/uploads/2018/10/oso.jpg HTTP/1.1" 200 305180
177.93.44.168 - - [08/Oct/2023:23:04:58 -0500] "GET /portaldeninos/wp-content/uploads/2021/06/titulo-humedales-ni%C3%B1os.png HTTP/1.1" 200 13361
177.93.44.168 - - [08/Oct/2023:23:04:58 -0500] "GET /portaldeninos/wp-content/uploads/2020/01/Frailejon-escenario.jpg HTTP/1.1" 200 357472
177.93.44.168 - - [08/Oct/2023:23:04:58 -0500] "GET /portaldeninos/wp-content/uploads/2020/05/fb.jpg HTTP/1.1" 200 9893
177.93.44.168 - - [08/Oct/2023:23:04:58 -0500] "GET /portaldeninos/wp-content/uploads/2020/05/ig.jpg HTTP/1.1" 200 11470
177.93.44.168 - - [08/Oct/2023:23:04:59 -0500] "GET /portaldeninos/wp-content/uploads/2020/06/yt.jpg HTTP/1.1" 200 10577
177.93.44.168 - - [08/Oct/2023:23:04:59 -0500] "GET /portaldeninos/wp-content/uploads/2020/06/tw.jpg HTTP/1.1" 200 11056
177.93.44.168 - - [08/Oct/2023:23:04:59 -0500] "GET /portaldeninos/wp-content/themes/betheme/images/box_shadow.png HTTP/1.1" 200 108
177.93.44.168 - - [08/Oct/2023:23:04:58 -0500] "GET /portaldeninos/wp-content/uploads/2018/11/caneca.jpg HTTP/1.1" 200 262661
177.93.44.168 - - [08/Oct/2023:23:04:59 -0500] "GET /portaldeninos/wp-content/themes/betheme/images/stripes/stripes_3_b.png HTTP/1.1" 200 974
177.93.44.168 - - [08/Oct/2023:23:04:58 -0500] "GET /portaldeninos/wp-content/uploads/2018/11/tigrillo.jpg HTTP/1.1" 200 402961
177.93.44.168 - - [08/Oct/2023:23:04:59 -0500] "GET /portaldeninos/wp-content/uploads/2023/08/Infografia-Web-Infantil.mp4 HTTP/1.1" 206 175910
177.93.44.168 - - [08/Oct/2023:23:04:58 -0500] "GET /portaldeninos/wp-content/uploads/2022/08/Infograf%C3%ADa-humedales-actualizada.png HTTP/1.1" 200 588022
177.93.44.168 - - [08/Oct/2023:23:04:59 -0500] "GET /portaldeninos/wp-json/pum/v1/analytics/?event=open&pid=1126&_cache=1696824292918 HTTP/1.1" 204 -
177.93.44.168 - - [08/Oct/2023:23:04:58 -0500] "GET /portaldeninos/wp-content/uploads/2022/08/HUmedalConejera03-1.jpg HTTP/1.1" 200 12388495
177.93.44.168 - - [08/Oct/2023:23:04:59 -0500] "GET /portaldeninos/wp-content/uploads/2019/06/CabezoteAMBIENTIC.mp4 HTTP/1.1" 206 21341658
177.93.44.168 - - [08/Oct/2023:23:04:59 -0500] "GET /portaldeninos/wp-content/uploads/2023/08/Infografia-Web-Infantil.mp4 HTTP/1.1" 206 8931413
52.167.144.192 - - [08/Oct/2023:23:06:09 -0500] "GET /Publicaciones/2023EE233245.pdf HTTP/1.1" 200 231920
123.126.68.93 - - [08/Oct/2023:23:06:11 -0500] "GET /silvicultura/9.pdf HTTP/1.1" 200 189358
201.245.192.253 - - [08/Oct/2023:23:06:51 -0500] "POST /forms/lservlet;jsessionid=ac16012b30d6e3ac83cfa34d44e69cdfe83dd14ea1cd.e3iSbxaKaheRe34Pbx8Nc3aQci1ynknvrkLOlQzNp65In0 HTTP/1.1" 200 2
201.245.192.253 - - [08/Oct/2023:23:06:53 -0500] "POST /forms/lservlet;jsessionid=ac16012b30d631b237d665c3491e938ed2fcaf258f77.e3iSbxaKaheRe34Pbx8Nc3aQci1ynknvrkLOlQzNp65In0 HTTP/1.1" 200 2
216.245.221.92 - - [08/Oct/2023:23:06:59 -0500] "HEAD / HTTP/1.1" 200 -
172.22.2.4 - - [08/Oct/2023:23:07:04 -0500] "GET /BLA/boletinlegal/actos.php HTTP/1.1" 200 9682
172.22.2.4 - - [08/Oct/2023:23:07:04 -0500] "GET /BLA/boletinlegal/styles2.css HTTP/1.1" 200 1838
172.22.2.4 - - [08/Oct/2023:23:07:04 -0500] "GET /BLA/boletinlegal/js/ajax_actos.js HTTP/1.1" 200 1322
172.22.2.4 - - [08/Oct/2023:23:07:04 -0500] "GET /BLA/boletinlegal/niceforms-default.css HTTP/1.1" 200 6694
172.22.2.4 - - [08/Oct/2023:23:07:04 -0500] "GET /BLA/boletinlegal/style.css HTTP/1.1" 200 9406
172.22.2.4 - - [08/Oct/2023:23:07:04 -0500] "GET /BLA/boletinlegal/niceforms.js HTTP/1.1" 200 22876
172.22.2.4 - - [08/Oct/2023:23:07:04 -0500] "GET /BLA/boletinlegal/js/lib.js HTTP/1.1" 200 6474
172.22.2.4 - - [08/Oct/2023:23:07:04 -0500] "GET /BLA/boletinlegal/js/popup.js HTTP/1.1" 200 1270
172.22.2.4 - - [08/Oct/2023:23:07:04 -0500] "GET /BLA/boletinlegal/js/jquery1.js HTTP/1.1" 200 29846
172.22.2.4 - - [08/Oct/2023:23:07:04 -0500] "GET /BLA/boletinlegal/images/cabezote%20BLEGAL.jpg HTTP/1.1" 200 118164
172.22.2.4 - - [08/Oct/2023:23:07:04 -0500] "GET /BLA/boletinlegal/images/subscribe-icon-big.png HTTP/1.1" 200 47702
172.22.2.4 - - [08/Oct/2023:23:07:04 -0500] "GET /BLA/boletinlegal/images/historia.png HTTP/1.1" 200 52775
172.22.2.4 - - [08/Oct/2023:23:07:04 -0500] "GET /BLA/boletinlegal/images/registro-usuarios.png HTTP/1.1" 200 8106
172.22.2.4 - - [08/Oct/2023:23:07:04 -0500] "GET /BLA/boletinlegal/images/green-yellow-blue-pink-th.png HTTP/1.1" 200 7394
172.22.2.4 - - [08/Oct/2023:23:07:04 -0500] "GET /BLA/boletinlegal/images/tel.png HTTP/1.1" 200 14477
172.22.2.4 - - [08/Oct/2023:23:07:04 -0500] "GET /BLA/boletinlegal/images/body_bg.jpg HTTP/1.1" 200 1601
172.22.2.4 - - [08/Oct/2023:23:07:04 -0500] "GET /BLA/boletinlegal/images/icono-email.png HTTP/1.1" 200 5544
172.22.2.4 - - [08/Oct/2023:23:07:04 -0500] "GET /BLA/boletinlegal/images/menu_rght.gif HTTP/1.1" 200 1627
172.22.2.4 - - [08/Oct/2023:23:07:04 -0500] "GET /BLA/boletinlegal/images/menu_lft.gif HTTP/1.1" 200 1713
172.22.2.4 - - [08/Oct/2023:23:07:04 -0500] "GET /BLA/boletinlegal/images/bg_top.jpg HTTP/1.1" 200 522
172.22.2.4 - - [08/Oct/2023:23:07:04 -0500] "GET /BLA/boletinlegal/images/menu_bg.jpg HTTP/1.1" 200 620
172.22.2.4 - - [08/Oct/2023:23:07:04 -0500] "GET /BLA/boletinlegal/images/hover.jpg HTTP/1.1" 200 640
172.22.2.4 - - [08/Oct/2023:23:07:04 -0500] "GET /BLA/boletinlegal/images/footer_bg.jpg HTTP/1.1" 200 586
172.22.2.4 - - [08/Oct/2023:23:07:04 -0500] "GET /BLA/boletinlegal/images/footer_bg_l.jpg HTTP/1.1" 200 776
172.22.2.4 - - [08/Oct/2023:23:07:04 -0500] "GET /BLA/boletinlegal/images/text.jpg HTTP/1.1" 200 568
172.22.2.4 - - [08/Oct/2023:23:07:04 -0500] "GET /BLA/boletinlegal/img/0.png HTTP/1.1" 200 110
172.22.2.4 - - [08/Oct/2023:23:07:04 -0500] "GET /BLA/boletinlegal/img/button-left.png HTTP/1.1" 200 57071
172.22.2.4 - - [08/Oct/2023:23:07:04 -0500] "GET /BLA/boletinlegal/img/select-left.png HTTP/1.1" 200 263
172.22.2.4 - - [08/Oct/2023:23:07:04 -0500] "GET /BLA/boletinlegal/img/button.png HTTP/1.1" 200 43241
172.22.2.4 - - [08/Oct/2023:23:07:04 -0500] "GET /BLA/boletinlegal/img/button-right.png HTTP/1.1" 200 57878
172.22.2.4 - - [08/Oct/2023:23:07:04 -0500] "GET /BLA/boletinlegal/img/select-right.png HTTP/1.1" 200 44019
172.22.2.4 - - [08/Oct/2023:23:07:04 -0500] "GET /BLA/boletinlegal/favicon.ico HTTP/1.1" 404 1326
152.203.138.238 - - [08/Oct/2023:23:07:07 -0500] "GET /BLA/resoluciones/ HTTP/1.1" 200 13696
152.203.138.238 - - [08/Oct/2023:23:07:08 -0500] "GET /favicon.ico HTTP/1.1" 200 7782
152.203.138.238 - - [08/Oct/2023:23:07:17 -0500] "GET /BLA/resoluciones/index.php?dir=AUTOS+2015%2F HTTP/1.1" 200 584168
152.203.138.238 - - [08/Oct/2023:23:07:18 -0500] "GET /BLA/resoluciones/dlf/unknown.png HTTP/1.1" 200 266
152.203.138.238 - - [08/Oct/2023:23:07:24 -0500] "GET /BLA/resoluciones/AUTOS%202015/2989.pdf HTTP/1.1" 200 493267
172.22.2.4 - - [08/Oct/2023:23:05:44 -0500] "HEAD /BLA/boletinlegal/ HTTP/1.1" 200 -
152.203.138.238 - - [08/Oct/2023:23:07:24 -0500] "GET /BLA/resoluciones/AUTOS%202015/2989.pdf HTTP/1.1" 206 1025
152.203.138.238 - - [08/Oct/2023:23:07:24 -0500] "GET /BLA/resoluciones/AUTOS%202015/2989.pdf HTTP/1.1" 200 493267
152.203.138.238 - - [08/Oct/2023:23:07:45 -0500] "GET /BLA/resoluciones/ HTTP/1.1" 200 13696
152.203.138.238 - - [08/Oct/2023:23:07:47 -0500] "GET /BLA/resoluciones/index.php?dir=AUTOS+2015%2F HTTP/1.1" 200 584168
216.244.66.195 - - [08/Oct/2023:23:08:03 -0500] "GET /robots.txt HTTP/1.1" 404 1018
172.22.2.4 - - [08/Oct/2023:23:06:35 -0500] "GET /BLA/boletinlegal/ HTTP/1.1" 200 60342
201.245.192.253 - - [08/Oct/2023:23:08:40 -0500] "POST /kwsrmcab/Wsrmcab  HTTP/1.1" 200 42851
201.245.192.253 - - [08/Oct/2023:23:08:51 -0500] "POST /forms/lservlet;jsessionid=ac16012b30d6e3ac83cfa34d44e69cdfe83dd14ea1cd.e3iSbxaKaheRe34Pbx8Nc3aQci1ynknvrkLOlQzNp65In0 HTTP/1.1" 200 2
201.245.192.253 - - [08/Oct/2023:23:08:53 -0500] "POST /forms/lservlet;jsessionid=ac16012b30d631b237d665c3491e938ed2fcaf258f77.e3iSbxaKaheRe34Pbx8Nc3aQci1ynknvrkLOlQzNp65In0 HTTP/1.1" 200 2
207.46.13.92 - - [08/Oct/2023:23:10:09 -0500] "GET /BLA/resoluciones/index.php?dir=RESOLUCIONES+2003%2FRES+2003+251-300%2F HTTP/1.1" 200 11115
201.245.192.253 - - [08/Oct/2023:23:10:51 -0500] "POST /forms/lservlet;jsessionid=ac16012b30d6e3ac83cfa34d44e69cdfe83dd14ea1cd.e3iSbxaKaheRe34Pbx8Nc3aQci1ynknvrkLOlQzNp65In0 HTTP/1.1" 200 2
201.245.192.253 - - [08/Oct/2023:23:10:53 -0500] "POST /forms/lservlet;jsessionid=ac16012b30d631b237d665c3491e938ed2fcaf258f77.e3iSbxaKaheRe34Pbx8Nc3aQci1ynknvrkLOlQzNp65In0 HTTP/1.1" 200 2
216.245.221.92 - - [08/Oct/2023:23:11:59 -0500] "HEAD / HTTP/1.1" 200 -
201.245.192.253 - - [08/Oct/2023:23:12:51 -0500] "POST /forms/lservlet;jsessionid=ac16012b30d6e3ac83cfa34d44e69cdfe83dd14ea1cd.e3iSbxaKaheRe34Pbx8Nc3aQci1ynknvrkLOlQzNp65In0 HTTP/1.1" 200 2
201.245.192.253 - - [08/Oct/2023:23:12:53 -0500] "POST /forms/lservlet;jsessionid=ac16012b30d631b237d665c3491e938ed2fcaf258f77.e3iSbxaKaheRe34Pbx8Nc3aQci1ynknvrkLOlQzNp65In0 HTTP/1.1" 200 2
172.22.2.4 - - [08/Oct/2023:23:11:34 -0500] "HEAD /BLA/boletinlegal/ HTTP/1.1" 200 -
201.245.192.253 - - [08/Oct/2023:23:13:40 -0500] "POST /kwsrmcab/Wsrmcab  HTTP/1.1" 200 42851
172.22.2.4 - - [08/Oct/2023:23:12:24 -0500] "GET /BLA/boletinlegal/ HTTP/1.1" 200 58597
201.245.192.253 - - [08/Oct/2023:23:14:51 -0500] "POST /forms/lservlet;jsessionid=ac16012b30d6e3ac83cfa34d44e69cdfe83dd14ea1cd.e3iSbxaKaheRe34Pbx8Nc3aQci1ynknvrkLOlQzNp65In0 HTTP/1.1" 200 2
201.245.192.253 - - [08/Oct/2023:23:14:53 -0500] "POST /forms/lservlet;jsessionid=ac16012b30d631b237d665c3491e938ed2fcaf258f77.e3iSbxaKaheRe34Pbx8Nc3aQci1ynknvrkLOlQzNp65In0 HTTP/1.1" 200 2
207.46.13.92 - - [08/Oct/2023:23:16:28 -0500] "GET /bla/resoluciones/index.php?dir=resoluciones+2002/res+2002+201-250 HTTP/1.1" 200 12325
201.245.192.253 - - [08/Oct/2023:23:16:51 -0500] "POST /forms/lservlet;jsessionid=ac16012b30d6e3ac83cfa34d44e69cdfe83dd14ea1cd.e3iSbxaKaheRe34Pbx8Nc3aQci1ynknvrkLOlQzNp65In0 HTTP/1.1" 200 2
201.245.192.253 - - [08/Oct/2023:23:16:53 -0500] "POST /forms/lservlet;jsessionid=ac16012b30d631b237d665c3491e938ed2fcaf258f77.e3iSbxaKaheRe34Pbx8Nc3aQci1ynknvrkLOlQzNp65In0 HTTP/1.1" 200 2
216.245.221.92 - - [08/Oct/2023:23:16:59 -0500] "HEAD / HTTP/1.1" 200 -
52.167.144.140 - - [08/Oct/2023:23:17:11 -0500] "GET /BLA/resoluciones/index.php?dir=RESOLUCIONES+2004%2FRES+2004+351-400%2F HTTP/1.1" 200 12050
201.245.192.253 - - [08/Oct/2023:23:17:23 -0500] "POST /kwsrmcab/Wsrmcab HTTP/1.1" 200 42793
201.245.192.253 - - [08/Oct/2023:23:17:26 -0500] "POST /kwsrmcab/Wsrmcab HTTP/1.1" 200 43171
201.245.192.253 - - [08/Oct/2023:23:18:39 -0500] "POST /kwsrmcab/Wsrmcab  HTTP/1.1" 200 42851
201.245.192.253 - - [08/Oct/2023:23:18:51 -0500] "POST /forms/lservlet;jsessionid=ac16012b30d6e3ac83cfa34d44e69cdfe83dd14ea1cd.e3iSbxaKaheRe34Pbx8Nc3aQci1ynknvrkLOlQzNp65In0 HTTP/1.1" 200 2
201.245.192.253 - - [08/Oct/2023:23:18:53 -0500] "POST /forms/lservlet;jsessionid=ac16012b30d631b237d665c3491e938ed2fcaf258f77.e3iSbxaKaheRe34Pbx8Nc3aQci1ynknvrkLOlQzNp65In0 HTTP/1.1" 200 2
172.22.2.4 - - [08/Oct/2023:23:17:24 -0500] "HEAD /BLA/boletinlegal/ HTTP/1.1" 200 -
207.46.13.92 - - [08/Oct/2023:23:19:10 -0500] "GET /BLA/resoluciones/index.php?dir=RESOLUCIONES+2002%2FRES+2002+1501-1550%2F HTTP/1.1" 200 12147
172.22.2.4 - - [08/Oct/2023:23:18:14 -0500] "GET /BLA/boletinlegal/ HTTP/1.1" 200 57790
201.245.192.253 - - [08/Oct/2023:23:20:51 -0500] "POST /forms/lservlet;jsessionid=ac16012b30d6e3ac83cfa34d44e69cdfe83dd14ea1cd.e3iSbxaKaheRe34Pbx8Nc3aQci1ynknvrkLOlQzNp65In0 HTTP/1.1" 200 2
201.245.192.253 - - [08/Oct/2023:23:20:53 -0500] "POST /forms/lservlet;jsessionid=ac16012b30d631b237d665c3491e938ed2fcaf258f77.e3iSbxaKaheRe34Pbx8Nc3aQci1ynknvrkLOlQzNp65In0 HTTP/1.1" 200 2
216.245.221.92 - - [08/Oct/2023:23:21:59 -0500] "HEAD / HTTP/1.1" 200 -
66.249.66.21 - - [08/Oct/2023:23:22:02 -0500] "GET /Residuos/textiles/files/guia_textiles.pdf HTTP/1.1" 200 12356716
201.245.192.253 - - [08/Oct/2023:23:22:51 -0500] "POST /forms/lservlet;jsessionid=ac16012b30d6e3ac83cfa34d44e69cdfe83dd14ea1cd.e3iSbxaKaheRe34Pbx8Nc3aQci1ynknvrkLOlQzNp65In0 HTTP/1.1" 200 2
201.245.192.253 - - [08/Oct/2023:23:22:53 -0500] "POST /forms/lservlet;jsessionid=ac16012b30d631b237d665c3491e938ed2fcaf258f77.e3iSbxaKaheRe34Pbx8Nc3aQci1ynknvrkLOlQzNp65In0 HTTP/1.1" 200 2
201.245.192.253 - - [08/Oct/2023:23:23:38 -0500] "POST /kwsrmcab/Wsrmcab  HTTP/1.1" 200 42851
201.245.192.253 - - [08/Oct/2023:23:24:51 -0500] "POST /forms/lservlet;jsessionid=ac16012b30d6e3ac83cfa34d44e69cdfe83dd14ea1cd.e3iSbxaKaheRe34Pbx8Nc3aQci1ynknvrkLOlQzNp65In0 HTTP/1.1" 200 2
201.245.192.253 - - [08/Oct/2023:23:24:53 -0500] "POST /forms/lservlet;jsessionid=ac16012b30d631b237d665c3491e938ed2fcaf258f77.e3iSbxaKaheRe34Pbx8Nc3aQci1ynknvrkLOlQzNp65In0 HTTP/1.1" 200 2
172.22.2.4 - - [08/Oct/2023:23:23:14 -0500] "HEAD /BLA/boletinlegal/ HTTP/1.1" 200 -
157.55.39.62 - - [08/Oct/2023:23:25:00 -0500] "GET /bla/resoluciones/autos%202010/5431.pdf HTTP/1.1" 200 1741066
71.6.232.25 - - [08/Oct/2023:23:25:08 -0500] "GET / HTTP/1.1" 200 319
172.22.2.4 - - [08/Oct/2023:23:24:04 -0500] "GET /BLA/boletinlegal/ HTTP/1.1" 200 60342
201.245.192.253 - - [08/Oct/2023:23:26:51 -0500] "POST /forms/lservlet;jsessionid=ac16012b30d6e3ac83cfa34d44e69cdfe83dd14ea1cd.e3iSbxaKaheRe34Pbx8Nc3aQci1ynknvrkLOlQzNp65In0 HTTP/1.1" 200 2
201.245.192.253 - - [08/Oct/2023:23:26:53 -0500] "POST /forms/lservlet;jsessionid=ac16012b30d631b237d665c3491e938ed2fcaf258f77.e3iSbxaKaheRe34Pbx8Nc3aQci1ynknvrkLOlQzNp65In0 HTTP/1.1" 200 2
200.87.210.73 - - [08/Oct/2023:23:26:57 -0500] "GET /BLA/resoluciones/RESOLUCIONES%202019/3093.pdf HTTP/1.1" 200 292489
200.87.210.73 - - [08/Oct/2023:23:26:57 -0500] "GET /favicon.ico HTTP/1.1" 200 7782
216.245.221.92 - - [08/Oct/2023:23:26:59 -0500] "HEAD / HTTP/1.1" 200 -
52.167.144.4 - - [08/Oct/2023:23:27:14 -0500] "GET /reciclaton-empresarial-2023-como-inscribirse-a-la-primera-jornada-del-ano.html HTTP/1.1" 304 -
201.245.192.253 - - [08/Oct/2023:23:27:23 -0500] "POST /kwsrmcab/Wsrmcab HTTP/1.1" 200 42793
201.245.192.253 - - [08/Oct/2023:23:27:25 -0500] "POST /kwsrmcab/Wsrmcab HTTP/1.1" 200 43171
201.245.192.253 - - [08/Oct/2023:23:28:37 -0500] "POST /kwsrmcab/Wsrmcab  HTTP/1.1" 200 42851
201.245.192.253 - - [08/Oct/2023:23:28:51 -0500] "POST /forms/lservlet;jsessionid=ac16012b30d6e3ac83cfa34d44e69cdfe83dd14ea1cd.e3iSbxaKaheRe34Pbx8Nc3aQci1ynknvrkLOlQzNp65In0 HTTP/1.1" 200 2
201.245.192.253 - - [08/Oct/2023:23:28:53 -0500] "POST /forms/lservlet;jsessionid=ac16012b30d631b237d665c3491e938ed2fcaf258f77.e3iSbxaKaheRe34Pbx8Nc3aQci1ynknvrkLOlQzNp65In0 HTTP/1.1" 200 2
216.244.66.195 - - [08/Oct/2023:23:29:04 -0500] "GET /BLA/resoluciones/AUTOS%202007/1241.pdf HTTP/1.1" 200 67518
216.244.66.195 - - [08/Oct/2023:23:29:13 -0500] "GET /BLA/resoluciones/AUTOS%202007/1398.pdf HTTP/1.1" 200 31062
216.244.66.195 - - [08/Oct/2023:23:29:28 -0500] "GET /BLA/resoluciones/AUTOS%202007/1618.pdf HTTP/1.1" 200 97428
216.244.66.195 - - [08/Oct/2023:23:29:50 -0500] "GET /BLA/resoluciones/AUTOS%202007/1752.pdf HTTP/1.1" 200 33237
216.244.66.195 - - [08/Oct/2023:23:30:07 -0500] "GET /BLA/resoluciones/AUTOS%202007/1845.pdf HTTP/1.1" 200 31652
216.244.66.195 - - [08/Oct/2023:23:30:23 -0500] "GET /BLA/resoluciones/AUTOS%202009/0712.pdf HTTP/1.1" 200 115537
172.22.2.4 - - [08/Oct/2023:23:29:04 -0500] "HEAD /BLA/boletinlegal/ HTTP/1.1" 200 -
201.245.192.253 - - [08/Oct/2023:23:30:51 -0500] "POST /forms/lservlet;jsessionid=ac16012b30d6e3ac83cfa34d44e69cdfe83dd14ea1cd.e3iSbxaKaheRe34Pbx8Nc3aQci1ynknvrkLOlQzNp65In0 HTTP/1.1" 200 2
201.245.192.253 - - [08/Oct/2023:23:30:53 -0500] "POST /forms/lservlet;jsessionid=ac16012b30d631b237d665c3491e938ed2fcaf258f77.e3iSbxaKaheRe34Pbx8Nc3aQci1ynknvrkLOlQzNp65In0 HTTP/1.1" 200 2
190.66.251.52 - - [08/Oct/2023:23:30:53 -0500] "GET /kwssiamovil/sm/ldap/au?x=U2FsdGVkX1+p7j04dwcIo+ldEVsUzvONHlIbJc2Ac4sl2c1oWFld2uR6Y7nn8RGz&y=U2FsdGVkX1/j+ngubgbnISoty/aEYwiNaycnpXtzTvlAgv3XxnW3hqHWyHwmj5As HTTP/1.1" 200 30
190.66.251.52 - - [08/Oct/2023:23:30:53 -0500] "GET /kwssiamovil/sm/acme/s?s=U2FsdGVkX182lq8mfoEG4gHkLu5br0kkpgAYjiByS4CNSAPf2Fu7lKofEr8U/BUDU3hAp9QpdsikvbZPNpXXEoqWkNZd/pmgKb4eHRjzOhQ=&u=U2FsdGVkX1+zWv4SRF/2XiJ7OURMe1xzqxQF02oCeVXLkJm3XU8zbt/awDihM1T6&y=U2FsdGVkX1/j+ngubgbnISoty/aEYwiNaycnpXtzTvlAgv3XxnW3hqHWyHwmj5As HTTP/1.1" 200 97
190.66.251.52 - - [08/Oct/2023:23:30:53 -0500] "GET /kwssiamovil/sm/acme/s?s=U2FsdGVkX18HM4bbHULr7PrtVYJdqKsfq1vbDwcvN25f1MkqByixg5d/CbbG88JpCmTP0tdFyZSr2F4Wl6B8JOYBqnG11tJT0zdzQ0aLwMJ+q3EmFnvYqTry4I4rikDEAJJAZN3Ht0wa1Bh0VQVeDRjke9FUahbFod1D8yA5wP6m6y6yhAkOQ5N3P+WNLQ68ub5Danof40mJm86qf24KKxCZVbk8bhBLVFBRvuANRR8HaYhHCRxyH7GwZkPkboxh5RNGK4MoFC3FO3/wXjVPwFNjJAqOFQ/LC+leWSAv4GTgrTgBJtDN60/NrwR78n3LCL9ON7T4kHf9vuBftQUsZ814f7zlVk74P/riD9vdiuQLAsUk22Ujd1b0P6pwQtRPYrh1IrxSPDXKzFsspxf2ZtnTBnH49RhH/dKswpd5ga2TN13d2Z3seRYUjWBmjVS/dUxiNspmxCqO9fAd6CSMVMQqIwmKr+CmGYbrmL25Ep00KZo2IFhITSMt4GxJXcQdg0Gkroevf4abXl/L23lyCWQkc+MJxccl12im9pwxNcBl3TiUVHpTSn4a1lK7SxIzBlZFv3VxGiKpvIYB3qtDgBLUolsYhaLSqLJ/5D4fgeKTaW8eg7JnQzaLNSCMXliQMpHy2oauNcRmGgHbItfeDhkYtkr9LdOonz5aP15KFO1WWVON2fDpg+Qb+hKHUqE2W4XOyjEnSBu32M+IAxl5wz25Vtpt7l1or0IsqfcgWNqrL3eyDZCBjwL4KuNA09qICCbYuCn9b8o8B0iJs8O6JqqrtlDBi+9AYNOLLiFvuBEQasajvuA+50iU3M8lEVQguTuiLxG+0k+d7N35avNQyBxrI7yVqZejQFZI4PnmQOYIPhPAoZ7mHUuVq0KK6BxcvOZSrs/kjMBD2YrbMIhE1HRAMA6SNprRI5IPM7r5v+E6DFGpl77n9sD76OB05MvI4796cd+raP0rI5k8jYdFBg01/W7gdmDMjpU943ciyHEVD7R/uEaFZZpwbs6f4QEGStdpGf21iUaBVlYw+lo2D3rnWHHKHwNmD7T+8SR9PlxaNMv15i1ov16OOdUYTjKfDhaN0SPa9Lzdw6taTMCzqewSifoe+E78MSq9kQW4IeGpWmS4oX4XY4r/EzTeDoL9PubyqSpgaw0+Y379uX2U8jyntcXUd9obKraItGkwXiIqVS3AYKH/41h8jIkF/1SPszcIB3W+16i5SE7gDRh/wcxtdGvEON6bbKjPh0fsimZn7r1+s6XzOg0VVvYdQtTksANfyHwXZX8Oy5ZfF9kgbauG8u67lSjh9ZnX0ecW3swhyNcQud0GYUiYTBGeR016NMcgPL93Qy2431m0lHmrOG/tIUYGbYq6157zJYsLFcfw0bU1FrSjKVxWhTeWE/9qKF+5zNeFpML0HRmLACjerYwsGsu3V6JiTTsu++VDvk0=&u=U2FsdGVkX1+zWv4SRF/2XiJ7OURMe1xzqxQF02oCeVXLkJm3XU8zbt/awDihM1T6&y=U2FsdGVkX1/j+ngubgbnISoty/aEYwiNaycnpXtzTvlAgv3XxnW3hqHWyHwmj5As HTTP/1.1" 200 1938
190.66.251.52 - - [08/Oct/2023:23:30:53 -0500] "GET /kwssiamovil/sm/acme/s?s=U2FsdGVkX191ben4ME7Im8vfIwUtd/aRan8cxrqpeBIlgKz/5FSlRYF/zmPmPeL3fkpiq4baliEsTovUYIxKTgqfRZSzAdkD9h2xs3D+W2W1i1TTzAR0zlf3WvD8zJmnwAXkHmjtVlUuNmE+X5VlR7BWOo+sjIujDUI1ey5fUFC5dJqWN6v2q+6jctqXg7ZAkGEfFifJWLoJ5Y+hO6WOieIb9BYfW+x5HtzNs/MpJ7+gdxBXie57jv4BkpG5Hgdw8VRH8C8ocnD3nsWpiTxD2YDot8/nFsATTbJYfy9PLaYqqni33HLUYGv17Y+a1F5AvcOal5rh8nag9pD+vhHto3jC149zsZIrmyLdijV4YVw=&u=U2FsdGVkX1+zWv4SRF/2XiJ7OURMe1xzqxQF02oCeVXLkJm3XU8zbt/awDihM1T6&y=U2FsdGVkX1/j+ngubgbnISoty/aEYwiNaycnpXtzTvlAgv3XxnW3hqHWyHwmj5As HTTP/1.1" 200 196
190.66.251.52 - - [08/Oct/2023:23:30:54 -0500] "GET /kwssiamovil/sm/cjson/pre?f=1&x=U2FsdGVkX1+p7j04dwcIo+ldEVsUzvONHlIbJc2Ac4sl2c1oWFld2uR6Y7nn8RGz HTTP/1.1" 200 31032
216.244.66.195 - - [08/Oct/2023:23:31:03 -0500] "GET /BLA/resoluciones/AUTOS%202009/0811.pdf HTTP/1.1" 200 69287
172.22.2.4 - - [08/Oct/2023:23:31:28 -0500] "GET /BLA/boletinlegal/actuator/gateway/routes HTTP/1.1" 404 1018
216.244.66.195 - - [08/Oct/2023:23:31:34 -0500] "GET /BLA/resoluciones/AUTOS%202009/1209.pdf HTTP/1.1" 200 122553
172.22.2.4 - - [08/Oct/2023:23:29:54 -0500] "GET /BLA/boletinlegal/ HTTP/1.1" 200 58187
172.22.2.4 - - [08/Oct/2023:23:31:56 -0500] "GET /BLA/boletinlegal/actos.php HTTP/1.1" 200 9682
216.245.221.92 - - [08/Oct/2023:23:31:59 -0500] "HEAD / HTTP/1.1" 200 -
216.244.66.195 - - [08/Oct/2023:23:32:07 -0500] "GET /BLA/resoluciones/AUTOS%202009/1508.pdf HTTP/1.1" 200 100579
190.84.119.142 - - [08/Oct/2023:23:32:08 -0500] "GET /favicon.ico HTTP/1.1" 200 7782
190.84.119.142 - - [08/Oct/2023:23:32:10 -0500] "GET /BLA/resoluciones/index.php?dir=AUTOS+2019%2F HTTP/1.1" 200 387334
216.244.66.195 - - [08/Oct/2023:23:32:37 -0500] "GET /BLA/resoluciones/AUTOS%202009/1600.pdf HTTP/1.1" 200 124156
172.22.2.4 - - [08/Oct/2023:23:32:46 -0500] "GET /BLA/boletinlegal/style.css HTTP/1.1" 200 9406
172.22.2.4 - - [08/Oct/2023:23:32:46 -0500] "GET /BLA/boletinlegal/styles2.css HTTP/1.1" 200 1838
172.22.2.4 - - [08/Oct/2023:23:32:51 -0500] "GET /BLA/boletinlegal/js/lib.js HTTP/1.1" 200 6474
172.22.2.4 - - [08/Oct/2023:23:32:51 -0500] "GET /BLA/boletinlegal/niceforms-default.css HTTP/1.1" 200 6694
172.22.2.4 - - [08/Oct/2023:23:32:51 -0500] "GET /BLA/boletinlegal/niceforms.js HTTP/1.1" 200 22876
201.245.192.253 - - [08/Oct/2023:23:32:51 -0500] "POST /forms/lservlet;jsessionid=ac16012b30d6e3ac83cfa34d44e69cdfe83dd14ea1cd.e3iSbxaKaheRe34Pbx8Nc3aQci1ynknvrkLOlQzNp65In0 HTTP/1.1" 200 2
201.245.192.253 - - [08/Oct/2023:23:32:53 -0500] "POST /forms/lservlet;jsessionid=ac16012b30d631b237d665c3491e938ed2fcaf258f77.e3iSbxaKaheRe34Pbx8Nc3aQci1ynknvrkLOlQzNp65In0 HTTP/1.1" 200 2
66.249.66.20 - - [08/Oct/2023:23:32:56 -0500] "GET /pdc/? HTTP/1.1" 200 2124
66.249.66.21 - - [08/Oct/2023:23:32:57 -0500] "GET /pdc/css/dataTables.bootstrap.css HTTP/1.1" 200 7678
66.249.66.20 - - [08/Oct/2023:23:32:58 -0500] "GET /pdc/js/bootstrap.min.js HTTP/1.1" 200 35601
66.249.66.19 - - [08/Oct/2023:23:32:58 -0500] "GET /pdc/css/bootstrap.min.css HTTP/1.1" 200 113498
66.249.66.21 - - [08/Oct/2023:23:32:59 -0500] "GET /pdc/js/dataTables.bootstrap.js HTTP/1.1" 200 4287
66.249.66.21 - - [08/Oct/2023:23:32:59 -0500] "GET /pdc/js/jquery.min.js HTTP/1.1" 200 95786
66.249.66.20 - - [08/Oct/2023:23:33:00 -0500] "GET /pdc/js/jquery.dataTables.min.js HTTP/1.1" 200 153451
3.140.11.254 - - [08/Oct/2023:23:33:01 -0500] "HEAD /predominan-condiciones-moderadas-de-calidad-del-aire-en-bogota.html HTTP/1.1" 200 -
3.140.11.254 - - [08/Oct/2023:23:33:01 -0500] "HEAD /predominan-condiciones-moderadas-de-calidad-del-aire-en-bogota.html HTTP/1.1" 200 -
3.140.11.254 - - [08/Oct/2023:23:33:01 -0500] "HEAD /predominan-condiciones-moderadas-de-calidad-del-aire-en-bogota.html HTTP/1.1" 200 -
3.140.11.254 - - [08/Oct/2023:23:33:01 -0500] "HEAD /predominan-condiciones-moderadas-de-calidad-del-aire-en-bogota.html HTTP/1.1" 200 -
216.244.66.195 - - [08/Oct/2023:23:33:05 -0500] "GET /BLA/resoluciones/AUTOS%202009/1682.pdf HTTP/1.1" 200 124455
186.83.246.35 - - [08/Oct/2023:23:33:28 -0500] "GET /BLA/resoluciones/index.php HTTP/1.1" 200 13696
186.83.246.35 - - [08/Oct/2023:23:33:28 -0500] "GET /BLA/resoluciones/dlf/folder.png HTTP/1.1" 200 410
186.83.246.35 - - [08/Oct/2023:23:33:31 -0500] "GET /BLA/resoluciones/index.php?dir=AUTOS+2020%2F HTTP/1.1" 200 332524
216.244.66.195 - - [08/Oct/2023:23:33:34 -0500] "GET /BLA/resoluciones/AUTOS%202009/2016.pdf HTTP/1.1" 200 101255
201.245.192.253 - - [08/Oct/2023:23:33:36 -0500] "POST /kwsrmcab/Wsrmcab  HTTP/1.1" 200 42851
216.244.66.195 - - [08/Oct/2023:23:34:00 -0500] "GET /BLA/resoluciones/AUTOS%202009/2065.pdf HTTP/1.1" 200 98739
172.22.2.4 - - [08/Oct/2023:23:34:02 -0500] "GET /BLA/boletinlegal/js/ajax_actos.js HTTP/1.1" 200 1322
172.22.2.4 - - [08/Oct/2023:23:34:02 -0500] "GET /BLA/boletinlegal/js/jquery1.js HTTP/1.1" 200 29846
172.22.2.4 - - [08/Oct/2023:23:34:03 -0500] "GET /BLA/boletinlegal/js/popup.js HTTP/1.1" 200 1270
216.244.66.195 - - [08/Oct/2023:23:34:26 -0500] "GET /BLA/resoluciones/AUTOS%202009/2111.pdf HTTP/1.1" 200 125999
172.22.2.4 - - [08/Oct/2023:23:32:57 -0500] "GET /BLA/boletinlegal/ HTTP/1.1" 200 62286
