172.22.2.4 - - [08/Oct/2023:20:53:34 -0500] "GET /BLA/boletinlegal/jurisprudencia/analisis/AnalisisT-693-12.docx HTTP/1.1" 304 -
191.104.138.230 - - [08/Oct/2023:20:53:35 -0500] "GET /BLA/resoluciones/index.php?dir=RESOLUCIONES+2018%2F HTTP/1.1" 200 279428
191.104.138.230 - - [08/Oct/2023:20:53:38 -0500] "GET /BLA/resoluciones/RESOLUCIONES%202018/2402.pdf HTTP/1.1" 200 1525587
52.167.144.234 - - [08/Oct/2023:20:53:47 -0500] "GET /bla/resoluciones/autos%202010/4016.pdf HTTP/1.1" 200 3230666
172.22.2.4 - - [08/Oct/2023:20:52:25 -0500] "GET /BLA/boletinlegal/ HTTP/1.1" 200 58187
201.245.192.253 - - [08/Oct/2023:20:54:10 -0500] "POST /kwsrmcab/Wsrmcab  HTTP/1.1" 200 42851
201.245.192.253 - - [08/Oct/2023:20:54:47 -0500] "POST /forms/lservlet;jsessionid=ac16012b30d6e3ac83cfa34d44e69cdfe83dd14ea1cd.e3iSbxaKaheRe34Pbx8Nc3aQci1ynknvrkLOlQzNp65In0 HTTP/1.1" 200 2
201.245.192.253 - - [08/Oct/2023:20:54:52 -0500] "POST /forms/lservlet;jsessionid=ac16012b30d631b237d665c3491e938ed2fcaf258f77.e3iSbxaKaheRe34Pbx8Nc3aQci1ynknvrkLOlQzNp65In0 HTTP/1.1" 200 2
201.245.192.253 - - [08/Oct/2023:20:56:47 -0500] "POST /forms/lservlet;jsessionid=ac16012b30d6e3ac83cfa34d44e69cdfe83dd14ea1cd.e3iSbxaKaheRe34Pbx8Nc3aQci1ynknvrkLOlQzNp65In0 HTTP/1.1" 200 2
201.245.192.253 - - [08/Oct/2023:20:56:52 -0500] "POST /forms/lservlet;jsessionid=ac16012b30d631b237d665c3491e938ed2fcaf258f77.e3iSbxaKaheRe34Pbx8Nc3aQci1ynknvrkLOlQzNp65In0 HTTP/1.1" 200 2
173.252.127.7 - - [08/Oct/2023:20:56:57 -0500] "GET /images/Red%20de%20Monitoreo%20de%20Calidad%20del%20Aire.jpg HTTP/1.1" 200 51986
216.245.221.92 - - [08/Oct/2023:20:57:00 -0500] "HEAD / HTTP/1.1" 200 -
199.16.157.180 - - [08/Oct/2023:20:58:35 -0500] "GET /en-la-semana-d HTTP/1.1" 404 1034
199.16.157.182 - - [08/Oct/2023:20:58:37 -0500] "GET /robots.txt HTTP/1.1" 404 1034
199.16.157.182 - - [08/Oct/2023:20:58:37 -0500] "GET /en-la-semana-d HTTP/1.1" 404 1034
201.245.192.253 - - [08/Oct/2023:20:58:47 -0500] "POST /forms/lservlet;jsessionid=ac16012b30d6e3ac83cfa34d44e69cdfe83dd14ea1cd.e3iSbxaKaheRe34Pbx8Nc3aQci1ynknvrkLOlQzNp65In0 HTTP/1.1" 200 2
191.104.138.230 - - [08/Oct/2023:20:58:49 -0500] "GET /BLA/resoluciones/index.php?dir= HTTP/1.1" 200 13696
216.244.66.195 - - [08/Oct/2023:20:58:51 -0500] "GET /BLA/resoluciones/RESOLUCIONES%202021/4070.pdf HTTP/1.1" 200 416853
191.104.138.230 - - [08/Oct/2023:20:58:52 -0500] "GET /BLA/resoluciones/index.php?dir=RESOLUCIONES+2011%2F HTTP/1.1" 200 746992
201.245.192.253 - - [08/Oct/2023:20:58:52 -0500] "POST /forms/lservlet;jsessionid=ac16012b30d631b237d665c3491e938ed2fcaf258f77.e3iSbxaKaheRe34Pbx8Nc3aQci1ynknvrkLOlQzNp65In0 HTTP/1.1" 200 2
172.22.2.4 - - [08/Oct/2023:20:57:24 -0500] "HEAD /BLA/boletinlegal/ HTTP/1.1" 200 -
186.30.83.117 - - [08/Oct/2023:20:59:07 -0500] "GET /en-la-semana-de-receso-escolar-aproveche-las-vacaciones-cientificas-del-jardin-botanico-de-bogota.html HTTP/1.1" 200 796
201.245.192.253 - - [08/Oct/2023:20:59:10 -0500] "POST /kwsrmcab/Wsrmcab  HTTP/1.1" 200 42851
216.244.66.195 - - [08/Oct/2023:20:59:37 -0500] "GET /BLA/resoluciones/RESOLUCIONES%202021/4388.pdf HTTP/1.1" 200 408076
172.22.2.4 - - [08/Oct/2023:20:58:15 -0500] "GET /BLA/boletinlegal/ HTTP/1.1" 200 52656
157.55.39.8 - - [08/Oct/2023:21:00:03 -0500] "GET /BLA/resoluciones/index.php?dir=Notificaciones%2FREGISTROS+2023%2F HTTP/1.1" 200 3163
216.244.66.195 - - [08/Oct/2023:21:00:25 -0500] "GET /BLA/resoluciones/RESOLUCIONES%202022/0157.pdf HTTP/1.1" 200 340045
52.167.144.66 - - [08/Oct/2023:21:00:32 -0500] "GET /robots.txt HTTP/1.1" 404 1018
52.167.144.210 - - [08/Oct/2023:21:00:36 -0500] "GET /BLA/resoluciones/Notificaciones/REGISTROS%202023/00020.pdf HTTP/1.1" 200 281162
201.245.192.253 - - [08/Oct/2023:21:00:47 -0500] "POST /forms/lservlet;jsessionid=ac16012b30d6e3ac83cfa34d44e69cdfe83dd14ea1cd.e3iSbxaKaheRe34Pbx8Nc3aQci1ynknvrkLOlQzNp65In0 HTTP/1.1" 200 2
201.245.192.253 - - [08/Oct/2023:21:00:52 -0500] "POST /forms/lservlet;jsessionid=ac16012b30d631b237d665c3491e938ed2fcaf258f77.e3iSbxaKaheRe34Pbx8Nc3aQci1ynknvrkLOlQzNp65In0 HTTP/1.1" 200 2
52.167.144.210 - - [08/Oct/2023:21:01:05 -0500] "GET /BLA/resoluciones/Notificaciones/REGISTROS%202023/00241.pdf HTTP/1.1" 200 281089
216.244.66.195 - - [08/Oct/2023:21:01:09 -0500] "GET /BLA/resoluciones/RESOLUCIONES%202022/0223.pdf HTTP/1.1" 200 337080
216.244.66.195 - - [08/Oct/2023:21:01:52 -0500] "GET /BLA/resoluciones/RESOLUCIONES%202022/0502.pdf HTTP/1.1" 200 346177
216.245.221.92 - - [08/Oct/2023:21:02:00 -0500] "HEAD / HTTP/1.1" 200 -
216.244.66.195 - - [08/Oct/2023:21:02:39 -0500] "GET /BLA/resoluciones/RESOLUCIONES%202022/1454.pdf HTTP/1.1" 200 487328
201.245.192.253 - - [08/Oct/2023:21:02:47 -0500] "POST /forms/lservlet;jsessionid=ac16012b30d6e3ac83cfa34d44e69cdfe83dd14ea1cd.e3iSbxaKaheRe34Pbx8Nc3aQci1ynknvrkLOlQzNp65In0 HTTP/1.1" 200 2
201.245.192.253 - - [08/Oct/2023:21:02:52 -0500] "POST /forms/lservlet;jsessionid=ac16012b30d631b237d665c3491e938ed2fcaf258f77.e3iSbxaKaheRe34Pbx8Nc3aQci1ynknvrkLOlQzNp65In0 HTTP/1.1" 200 2
216.244.66.195 - - [08/Oct/2023:21:03:29 -0500] "GET /BLA/resoluciones/RESOLUCIONES%202022/2364.pdf HTTP/1.1" 200 381789
172.22.2.4 - - [08/Oct/2023:21:02:23 -0500] "GET /BLA/boletinlegal/ HTTP/1.1" 200 57291
201.245.192.253 - - [08/Oct/2023:21:04:09 -0500] "POST /kwsrmcab/Wsrmcab  HTTP/1.1" 200 42851
216.244.66.195 - - [08/Oct/2023:21:04:18 -0500] "GET /BLA/resoluciones/RESOLUCIONES%202022/2442.pdf HTTP/1.1" 200 362404
201.245.192.253 - - [08/Oct/2023:21:04:47 -0500] "POST /forms/lservlet;jsessionid=ac16012b30d6e3ac83cfa34d44e69cdfe83dd14ea1cd.e3iSbxaKaheRe34Pbx8Nc3aQci1ynknvrkLOlQzNp65In0 HTTP/1.1" 200 2
201.245.192.253 - - [08/Oct/2023:21:04:52 -0500] "POST /forms/lservlet;jsessionid=ac16012b30d631b237d665c3491e938ed2fcaf258f77.e3iSbxaKaheRe34Pbx8Nc3aQci1ynknvrkLOlQzNp65In0 HTTP/1.1" 200 2
172.22.2.4 - - [08/Oct/2023:21:03:14 -0500] "HEAD /BLA/boletinlegal/ HTTP/1.1" 200 -
216.244.66.195 - - [08/Oct/2023:21:05:10 -0500] "GET /BLA/resoluciones/RESOLUCIONES%202022/2977.pdf HTTP/1.1" 200 404827
31.25.108.23 - - [08/Oct/2023:21:05:19 -0500] "GET / HTTP/1.1" 200 319
172.22.2.4 - - [08/Oct/2023:21:04:05 -0500] "GET /BLA/boletinlegal/ HTTP/1.1" 200 60342
216.244.66.195 - - [08/Oct/2023:21:06:00 -0500] "GET /BLA/resoluciones/RESOLUCIONES%202022/3022.pdf HTTP/1.1" 200 8578680
201.245.192.253 - - [08/Oct/2023:21:06:47 -0500] "POST /forms/lservlet;jsessionid=ac16012b30d6e3ac83cfa34d44e69cdfe83dd14ea1cd.e3iSbxaKaheRe34Pbx8Nc3aQci1ynknvrkLOlQzNp65In0 HTTP/1.1" 200 2
201.245.192.253 - - [08/Oct/2023:21:06:52 -0500] "POST /forms/lservlet;jsessionid=ac16012b30d631b237d665c3491e938ed2fcaf258f77.e3iSbxaKaheRe34Pbx8Nc3aQci1ynknvrkLOlQzNp65In0 HTTP/1.1" 200 2
216.244.66.195 - - [08/Oct/2023:21:06:53 -0500] "GET /BLA/resoluciones/RESOLUCIONES%202022/3359.pdf HTTP/1.1" 200 359378
216.245.221.92 - - [08/Oct/2023:21:07:00 -0500] "HEAD / HTTP/1.1" 200 -
216.244.66.195 - - [08/Oct/2023:21:07:42 -0500] "GET /BLA/resoluciones/RESOLUCIONES%202022/3421.pdf HTTP/1.1" 200 422462
172.22.2.4 - - [08/Oct/2023:21:08:01 -0500] "GET /BLA/boletinlegal/robots.txt HTTP/1.1" 404 1038
172.22.2.4 - - [08/Oct/2023:21:08:02 -0500] "GET /BLA/boletinlegal/Directivas/2016/Directiva%20No.%2002%20del%2019%20de%20Abril%20de%202016.pdf HTTP/1.1" 200 11898321
216.244.66.195 - - [08/Oct/2023:21:08:32 -0500] "GET /BLA/resoluciones/RESOLUCIONES%202022/3456.pdf HTTP/1.1" 200 1641922
80.66.88.215 - - [08/Oct/2023:21:08:45 -0500] "\x03" 400 226
201.245.192.253 - - [08/Oct/2023:21:08:47 -0500] "POST /forms/lservlet;jsessionid=ac16012b30d6e3ac83cfa34d44e69cdfe83dd14ea1cd.e3iSbxaKaheRe34Pbx8Nc3aQci1ynknvrkLOlQzNp65In0 HTTP/1.1" 200 2
201.245.192.253 - - [08/Oct/2023:21:08:52 -0500] "POST /forms/lservlet;jsessionid=ac16012b30d631b237d665c3491e938ed2fcaf258f77.e3iSbxaKaheRe34Pbx8Nc3aQci1ynknvrkLOlQzNp65In0 HTTP/1.1" 200 2
201.245.192.253 - - [08/Oct/2023:21:09:08 -0500] "POST /kwsrmcab/Wsrmcab  HTTP/1.1" 200 42851
216.244.66.195 - - [08/Oct/2023:21:09:22 -0500] "GET /BLA/resoluciones/RESOLUCIONES%202022/3953.pdf HTTP/1.1" 200 388160
172.22.2.4 - - [08/Oct/2023:21:09:36 -0500] "GET /BLA/boletinlegal/style.css HTTP/1.1" 200 9406
172.22.2.4 - - [08/Oct/2023:21:09:36 -0500] "GET /BLA/boletinlegal/styles2.css HTTP/1.1" 200 1838
172.22.2.4 - - [08/Oct/2023:21:09:36 -0500] "GET /BLA/boletinlegal/js/jquery.js HTTP/1.1" 200 57254
172.22.2.4 - - [08/Oct/2023:21:09:36 -0500] "GET /BLA/boletinlegal/js/jquery.scrollTo-min.js HTTP/1.1" 200 1150
172.22.2.4 - - [08/Oct/2023:21:09:36 -0500] "GET /BLA/boletinlegal/js/jquery.scrollShow.js HTTP/1.1" 200 4586
172.22.2.4 - - [08/Oct/2023:21:09:36 -0500] "GET /BLA/boletinlegal/images/cabezote%20BLEGAL.jpg HTTP/1.1" 200 118164
172.22.2.4 - - [08/Oct/2023:21:09:36 -0500] "GET /BLA/boletinlegal/images/screen_1.png HTTP/1.1" 200 202547
172.22.2.4 - - [08/Oct/2023:21:09:36 -0500] "GET /BLA/boletinlegal/images/subscribe-icon-big.png HTTP/1.1" 200 47702
172.22.2.4 - - [08/Oct/2023:21:09:36 -0500] "GET /BLA/boletinlegal/images/historia.png HTTP/1.1" 200 52775
172.22.2.4 - - [08/Oct/2023:21:09:36 -0500] "GET /BLA/boletinlegal/images/registro-usuarios.png HTTP/1.1" 200 8106
172.22.2.4 - - [08/Oct/2023:21:09:36 -0500] "GET /BLA/boletinlegal/images/arr_l.jpg HTTP/1.1" 200 1979
172.22.2.4 - - [08/Oct/2023:21:09:36 -0500] "GET /BLA/boletinlegal/images/launch.jpg HTTP/1.1" 200 14577
172.22.2.4 - - [08/Oct/2023:21:09:36 -0500] "GET /BLA/boletinlegal/images/body_bg.jpg HTTP/1.1" 200 1601
172.22.2.4 - - [08/Oct/2023:21:09:36 -0500] "GET /BLA/boletinlegal/images/menu_lft.gif HTTP/1.1" 200 1713
172.22.2.4 - - [08/Oct/2023:21:09:36 -0500] "GET /BLA/boletinlegal/images/bg_top.jpg HTTP/1.1" 200 522
172.22.2.4 - - [08/Oct/2023:21:09:36 -0500] "GET /BLA/boletinlegal/images/menu_rght.gif HTTP/1.1" 200 1627
172.22.2.4 - - [08/Oct/2023:21:09:36 -0500] "GET /BLA/boletinlegal/images/menu_bg.jpg HTTP/1.1" 200 620
172.22.2.4 - - [08/Oct/2023:21:09:36 -0500] "GET /BLA/boletinlegal/images/hover.jpg HTTP/1.1" 200 640
172.22.2.4 - - [08/Oct/2023:21:09:36 -0500] "GET /BLA/boletinlegal/images/text.jpg HTTP/1.1" 200 568
172.22.2.4 - - [08/Oct/2023:21:09:40 -0500] "GET /BLA/boletinlegal/actos.php HTTP/1.1" 200 9682
172.22.2.4 - - [08/Oct/2023:21:09:40 -0500] "GET /BLA/boletinlegal/js/ajax_actos.js HTTP/1.1" 200 1322
172.22.2.4 - - [08/Oct/2023:21:09:40 -0500] "GET /BLA/boletinlegal/niceforms.js HTTP/1.1" 200 22876
172.22.2.4 - - [08/Oct/2023:21:09:40 -0500] "GET /BLA/boletinlegal/js/lib.js HTTP/1.1" 200 6474
172.22.2.4 - - [08/Oct/2023:21:09:40 -0500] "GET /BLA/boletinlegal/niceforms-default.css HTTP/1.1" 200 6694
172.22.2.4 - - [08/Oct/2023:21:09:40 -0500] "GET /BLA/boletinlegal/js/popup.js HTTP/1.1" 200 1270
172.22.2.4 - - [08/Oct/2023:21:09:40 -0500] "GET /BLA/boletinlegal/js/jquery1.js HTTP/1.1" 200 29846
172.22.2.4 - - [08/Oct/2023:21:09:40 -0500] "GET /BLA/boletinlegal/images/green-yellow-blue-pink-th.png HTTP/1.1" 200 7394
172.22.2.4 - - [08/Oct/2023:21:09:40 -0500] "GET /BLA/boletinlegal/images/tel.png HTTP/1.1" 200 14477
172.22.2.4 - - [08/Oct/2023:21:09:40 -0500] "GET /BLA/boletinlegal/images/icono-email.png HTTP/1.1" 200 5544
172.22.2.4 - - [08/Oct/2023:21:09:41 -0500] "GET /BLA/boletinlegal/images/footer_bg.jpg HTTP/1.1" 200 586
172.22.2.4 - - [08/Oct/2023:21:09:41 -0500] "GET /BLA/boletinlegal/images/footer_bg_l.jpg HTTP/1.1" 200 776
172.22.2.4 - - [08/Oct/2023:21:09:41 -0500] "GET /BLA/boletinlegal/img/0.png HTTP/1.1" 200 110
172.22.2.4 - - [08/Oct/2023:21:09:41 -0500] "GET /BLA/boletinlegal/img/button-right.png HTTP/1.1" 200 57878
172.22.2.4 - - [08/Oct/2023:21:09:41 -0500] "GET /BLA/boletinlegal/img/select-right.png HTTP/1.1" 200 44019
172.22.2.4 - - [08/Oct/2023:21:09:41 -0500] "GET /BLA/boletinlegal/img/select-left.png HTTP/1.1" 200 263
172.22.2.4 - - [08/Oct/2023:21:09:41 -0500] "GET /BLA/boletinlegal/img/button.png HTTP/1.1" 200 43241
172.22.2.4 - - [08/Oct/2023:21:09:41 -0500] "GET /BLA/boletinlegal/img/button-left.png HTTP/1.1" 200 57071
172.22.2.4 - - [08/Oct/2023:21:09:41 -0500] "GET /BLA/boletinlegal/favicon.ico HTTP/1.1" 404 1326
191.108.9.196 - - [08/Oct/2023:21:09:43 -0500] "GET /BLA/resoluciones/ HTTP/1.1" 200 13696
191.108.9.196 - - [08/Oct/2023:21:09:43 -0500] "GET /BLA/resoluciones/dlf/styles.css HTTP/1.1" 200 3049
191.108.9.196 - - [08/Oct/2023:21:09:43 -0500] "GET /BLA/resoluciones/dlf/folder.png HTTP/1.1" 200 410
191.108.9.196 - - [08/Oct/2023:21:09:43 -0500] "GET /BLA/resoluciones/dlf/bg.gif HTTP/1.1" 200 54
191.108.9.196 - - [08/Oct/2023:21:09:46 -0500] "GET /BLA/resoluciones/dlf/dirup.png HTTP/1.1" 200 644
191.108.9.196 - - [08/Oct/2023:21:09:46 -0500] "GET /BLA/resoluciones/dlf/pdf.gif HTTP/1.1" 200 272
191.108.9.196 - - [08/Oct/2023:21:09:46 -0500] "GET /BLA/resoluciones/dlf/archive.png HTTP/1.1" 200 632
191.108.9.196 - - [08/Oct/2023:21:09:46 -0500] "GET /BLA/resoluciones/index.php?dir=AUTOS+2023%2F HTTP/1.1" 200 349362
216.244.66.195 - - [08/Oct/2023:21:10:12 -0500] "GET /BLA/resoluciones/RESOLUCIONES%202022/3977.pdf HTTP/1.1" 200 395188
172.22.2.4 - - [08/Oct/2023:21:09:35 -0500] "GET /BLA/boletinlegal/ HTTP/1.1" 200 24523
186.154.32.158 - - [08/Oct/2023:21:10:44 -0500] "GET /BLA/resoluciones/ HTTP/1.1" 200 13696
172.22.2.4 - - [08/Oct/2023:21:09:04 -0500] "HEAD /BLA/boletinlegal/ HTTP/1.1" 200 -
201.245.192.253 - - [08/Oct/2023:21:10:47 -0500] "POST /forms/lservlet;jsessionid=ac16012b30d6e3ac83cfa34d44e69cdfe83dd14ea1cd.e3iSbxaKaheRe34Pbx8Nc3aQci1ynknvrkLOlQzNp65In0 HTTP/1.1" 200 2
201.245.192.253 - - [08/Oct/2023:21:10:52 -0500] "POST /forms/lservlet;jsessionid=ac16012b30d631b237d665c3491e938ed2fcaf258f77.e3iSbxaKaheRe34Pbx8Nc3aQci1ynknvrkLOlQzNp65In0 HTTP/1.1" 200 2
186.154.32.158 - - [08/Oct/2023:21:10:55 -0500] "GET /BLA/resoluciones/ HTTP/1.1" 200 13696
216.244.66.195 - - [08/Oct/2023:21:11:00 -0500] "GET /BLA/resoluciones/RESOLUCIONES%202022/5085.pdf HTTP/1.1" 200 1591633
172.22.2.4 - - [08/Oct/2023:21:09:55 -0500] "GET /BLA/boletinlegal/ HTTP/1.1" 200 56607
216.244.66.195 - - [08/Oct/2023:21:11:50 -0500] "GET /BLA/resoluciones/RESOLUCIONES%202022/5148.pdf HTTP/1.1" 200 455014
216.245.221.92 - - [08/Oct/2023:21:12:00 -0500] "HEAD / HTTP/1.1" 200 -
216.244.66.195 - - [08/Oct/2023:21:12:30 -0500] "GET /BLA/resoluciones/RESOLUCIONES%202023/0053.pdf HTTP/1.1" 200 501622
201.245.192.253 - - [08/Oct/2023:21:12:47 -0500] "POST /forms/lservlet;jsessionid=ac16012b30d6e3ac83cfa34d44e69cdfe83dd14ea1cd.e3iSbxaKaheRe34Pbx8Nc3aQci1ynknvrkLOlQzNp65In0 HTTP/1.1" 200 2
201.245.192.253 - - [08/Oct/2023:21:12:52 -0500] "POST /forms/lservlet;jsessionid=ac16012b30d631b237d665c3491e938ed2fcaf258f77.e3iSbxaKaheRe34Pbx8Nc3aQci1ynknvrkLOlQzNp65In0 HTTP/1.1" 200 2
216.244.66.195 - - [08/Oct/2023:21:13:18 -0500] "GET /BLA/resoluciones/RESOLUCIONES%202023/0303.pdf HTTP/1.1" 200 325525
216.244.66.195 - - [08/Oct/2023:21:13:56 -0500] "GET /BLA/resoluciones/RESOLUCIONES%202023/0765.pdf HTTP/1.1" 200 1228130
201.245.192.253 - - [08/Oct/2023:21:14:08 -0500] "POST /kwsrmcab/Wsrmcab  HTTP/1.1" 200 42851
216.244.66.195 - - [08/Oct/2023:21:14:46 -0500] "GET /BLA/resoluciones/RESOLUCIONES%202023/0869.pdf HTTP/1.1" 200 428474
201.245.192.253 - - [08/Oct/2023:21:14:47 -0500] "POST /forms/lservlet;jsessionid=ac16012b30d6e3ac83cfa34d44e69cdfe83dd14ea1cd.e3iSbxaKaheRe34Pbx8Nc3aQci1ynknvrkLOlQzNp65In0 HTTP/1.1" 200 2
201.245.192.253 - - [08/Oct/2023:21:14:52 -0500] "POST /forms/lservlet;jsessionid=ac16012b30d631b237d665c3491e938ed2fcaf258f77.e3iSbxaKaheRe34Pbx8Nc3aQci1ynknvrkLOlQzNp65In0 HTTP/1.1" 200 2
186.29.181.163 - - [08/Oct/2023:21:15:28 -0500] "GET /participa-en-la-convocatoria-para-el-aseguramiento-metrologico-de-la-red-de-monitoreo-de-calidad-del-aire-de-bogota.html HTTP/1.1" 200 848
216.244.66.195 - - [08/Oct/2023:21:15:34 -0500] "GET /BLA/resoluciones/RESOLUCIONES%202023/1048.pdf HTTP/1.1" 200 446995
157.55.39.52 - - [08/Oct/2023:21:15:35 -0500] "GET /BLA/resoluciones/Notificaciones/REGISTROS%202023/00045.pdf HTTP/1.1" 200 275055
216.244.66.195 - - [08/Oct/2023:21:16:10 -0500] "GET /BLA/resoluciones/AUTOS%202012/1436.pdf HTTP/1.1" 200 231313
172.22.2.4 - - [08/Oct/2023:21:14:54 -0500] "HEAD /BLA/boletinlegal/ HTTP/1.1" 200 -
216.244.66.195 - - [08/Oct/2023:21:16:44 -0500] "GET /BLA/resoluciones/AUTOS%202012/1865.pdf HTTP/1.1" 200 273583
201.245.192.253 - - [08/Oct/2023:21:16:47 -0500] "POST /forms/lservlet;jsessionid=ac16012b30d6e3ac83cfa34d44e69cdfe83dd14ea1cd.e3iSbxaKaheRe34Pbx8Nc3aQci1ynknvrkLOlQzNp65In0 HTTP/1.1" 200 2
201.245.192.253 - - [08/Oct/2023:21:16:52 -0500] "POST /forms/lservlet;jsessionid=ac16012b30d631b237d665c3491e938ed2fcaf258f77.e3iSbxaKaheRe34Pbx8Nc3aQci1ynknvrkLOlQzNp65In0 HTTP/1.1" 200 2
216.245.221.92 - - [08/Oct/2023:21:17:00 -0500] "HEAD / HTTP/1.1" 200 -
216.244.66.195 - - [08/Oct/2023:21:17:21 -0500] "GET /BLA/resoluciones/AUTOS%202012/1964.pdf HTTP/1.1" 200 627745
201.245.192.253 - - [08/Oct/2023:21:17:23 -0500] "POST /kwsrmcab/Wsrmcab HTTP/1.1" 200 43120
172.22.2.4 - - [08/Oct/2023:21:15:45 -0500] "GET /BLA/boletinlegal/ HTTP/1.1" 200 57790
201.245.192.253 - - [08/Oct/2023:21:17:26 -0500] "POST /kwsrmcab/Wsrmcab HTTP/1.1" 200 43332
69.63.184.6 - - [08/Oct/2023:21:17:50 -0500] "GET /distrito-firma-siete-nuevos-pagos-por-servicios-ambientales-en-la-ruralidad-de-bogota-ya-van-mas-de-1100-hectareas.html HTTP/1.1" 200 853
216.244.66.195 - - [08/Oct/2023:21:17:52 -0500] "GET /BLA/resoluciones/AUTOS%202012/2246.pdf HTTP/1.1" 200 308823
216.244.66.195 - - [08/Oct/2023:21:18:25 -0500] "GET /BLA/resoluciones/AUTOS%202012/2265.pdf HTTP/1.1" 200 2857172
201.245.192.253 - - [08/Oct/2023:21:18:47 -0500] "POST /forms/lservlet;jsessionid=ac16012b30d6e3ac83cfa34d44e69cdfe83dd14ea1cd.e3iSbxaKaheRe34Pbx8Nc3aQci1ynknvrkLOlQzNp65In0 HTTP/1.1" 200 2
201.245.192.253 - - [08/Oct/2023:21:18:52 -0500] "POST /forms/lservlet;jsessionid=ac16012b30d631b237d665c3491e938ed2fcaf258f77.e3iSbxaKaheRe34Pbx8Nc3aQci1ynknvrkLOlQzNp65In0 HTTP/1.1" 200 2
201.245.192.253 - - [08/Oct/2023:21:19:07 -0500] "POST /kwsrmcab/Wsrmcab  HTTP/1.1" 200 42851
216.244.66.195 - - [08/Oct/2023:21:19:18 -0500] "GET /BLA/resoluciones/AUTOS%202012/2523.pdf HTTP/1.1" 200 2303116
66.249.66.192 - - [08/Oct/2023:21:19:54 -0500] "GET /cooperacion-internacional-postulate-para-la-coordinacion-ambiental-de-proyecto-con-la-union-europea-avantia.html HTTP/1.1" 304 -
216.244.66.195 - - [08/Oct/2023:21:20:00 -0500] "GET /BLA/resoluciones/AUTOS%202012/2572.pdf HTTP/1.1" 200 328841
40.77.167.25 - - [08/Oct/2023:21:20:29 -0500] "GET /Publicaciones/2023EE232167.pdf HTTP/1.1" 200 231909
216.244.66.195 - - [08/Oct/2023:21:20:34 -0500] "GET /BLA/resoluciones/AUTOS%202012/2865.pdf HTTP/1.1" 200 377720
201.245.192.253 - - [08/Oct/2023:21:20:47 -0500] "POST /forms/lservlet;jsessionid=ac16012b30d6e3ac83cfa34d44e69cdfe83dd14ea1cd.e3iSbxaKaheRe34Pbx8Nc3aQci1ynknvrkLOlQzNp65In0 HTTP/1.1" 200 2
201.245.192.253 - - [08/Oct/2023:21:20:52 -0500] "POST /forms/lservlet;jsessionid=ac16012b30d631b237d665c3491e938ed2fcaf258f77.e3iSbxaKaheRe34Pbx8Nc3aQci1ynknvrkLOlQzNp65In0 HTTP/1.1" 200 2
216.244.66.195 - - [08/Oct/2023:21:21:05 -0500] "GET /BLA/resoluciones/AUTOS%202012/3049.pdf HTTP/1.1" 200 569899
216.245.221.92 - - [08/Oct/2023:21:22:00 -0500] "HEAD / HTTP/1.1" 200 -
172.22.2.4 - - [08/Oct/2023:21:20:44 -0500] "HEAD /BLA/boletinlegal/ HTTP/1.1" 200 -
201.245.192.253 - - [08/Oct/2023:21:22:50 -0500] "POST /forms/lservlet;jsessionid=ac16012b30d6e3ac83cfa34d44e69cdfe83dd14ea1cd.e3iSbxaKaheRe34Pbx8Nc3aQci1ynknvrkLOlQzNp65In0 HTTP/1.1" 200 2
201.245.192.253 - - [08/Oct/2023:21:22:52 -0500] "POST /forms/lservlet;jsessionid=ac16012b30d631b237d665c3491e938ed2fcaf258f77.e3iSbxaKaheRe34Pbx8Nc3aQci1ynknvrkLOlQzNp65In0 HTTP/1.1" 200 2
172.22.2.4 - - [08/Oct/2023:21:21:35 -0500] "GET /BLA/boletinlegal/ HTTP/1.1" 200 57790
173.252.79.119 - - [08/Oct/2023:21:23:29 -0500] "GET /participa-en-la-convocatoria-para-el-aseguramiento-metrologico-de-la-red-de-monitoreo-de-calidad-del-aire-de-bogota.html HTTP/1.1" 200 848
173.252.111.2 - - [08/Oct/2023:21:23:34 -0500] "GET /participa-en-la-convocatoria-para-el-aseguramiento-metrologico-de-la-red-de-monitoreo-de-calidad-del-aire-de-bogota.html HTTP/1.1" 200 848
64.124.8.74 - - [08/Oct/2023:21:23:40 -0500] "GET /portaldeninos/wp-content/uploads/2021/11/Agroecologia-semillas-1-junio.jpg HTTP/1.1" 304 -
64.124.8.74 - - [08/Oct/2023:21:23:40 -0500] "GET /portaldeninos/wp-content/uploads/2021/11/monitoreo-animales-fauna-11-julio-1200x480.jpg HTTP/1.1" 200 93966
64.124.8.74 - - [08/Oct/2023:21:23:40 -0500] "GET /portaldeninos/wp-content/uploads/2021/09/infograf%C3%ADa-aire-septiembre.jpg HTTP/1.1" 304 -
201.245.192.253 - - [08/Oct/2023:21:24:04 -0500] "POST /kwsrmcab/Wsrmcab  HTTP/1.1" 200 42851
64.124.8.74 - - [08/Oct/2023:21:23:48 -0500] "GET /portaldeninos/wp-content/uploads/2022/08/HUmedalConejera03-1.jpg HTTP/1.1" 200 11286439
45.7.134.6 - - [08/Oct/2023:21:24:34 -0500] "GET /camaras-trampa HTTP/1.1" 404 1264
45.7.134.6 - - [08/Oct/2023:21:24:35 -0500] "GET /favicon.ico HTTP/1.1" 404 1322
201.245.192.253 - - [08/Oct/2023:21:24:50 -0500] "POST /forms/lservlet;jsessionid=ac16012b30d6e3ac83cfa34d44e69cdfe83dd14ea1cd.e3iSbxaKaheRe34Pbx8Nc3aQci1ynknvrkLOlQzNp65In0 HTTP/1.1" 200 2
201.245.192.253 - - [08/Oct/2023:21:24:52 -0500] "POST /forms/lservlet;jsessionid=ac16012b30d631b237d665c3491e938ed2fcaf258f77.e3iSbxaKaheRe34Pbx8Nc3aQci1ynknvrkLOlQzNp65In0 HTTP/1.1" 200 2
40.77.167.25 - - [08/Oct/2023:21:25:50 -0500] "GET /BLA/resoluciones/AUTOS%202015/1479.pdf HTTP/1.1" 200 416645
172.105.128.13 - - [08/Oct/2023:21:26:11 -0500] "\x16\x03\x01" 400 226
201.245.192.253 - - [08/Oct/2023:21:26:50 -0500] "POST /forms/lservlet;jsessionid=ac16012b30d6e3ac83cfa34d44e69cdfe83dd14ea1cd.e3iSbxaKaheRe34Pbx8Nc3aQci1ynknvrkLOlQzNp65In0 HTTP/1.1" 200 2
201.245.192.253 - - [08/Oct/2023:21:26:52 -0500] "POST /forms/lservlet;jsessionid=ac16012b30d631b237d665c3491e938ed2fcaf258f77.e3iSbxaKaheRe34Pbx8Nc3aQci1ynknvrkLOlQzNp65In0 HTTP/1.1" 200 2
216.245.221.92 - - [08/Oct/2023:21:27:00 -0500] "HEAD / HTTP/1.1" 200 -
201.245.192.253 - - [08/Oct/2023:21:27:24 -0500] "POST /kwsrmcab/Wsrmcab HTTP/1.1" 200 43120
201.245.192.253 - - [08/Oct/2023:21:27:26 -0500] "POST /kwsrmcab/Wsrmcab HTTP/1.1" 200 43332
172.22.2.4 - - [08/Oct/2023:21:26:34 -0500] "HEAD /BLA/boletinlegal/ HTTP/1.1" 200 -
216.244.66.195 - - [08/Oct/2023:21:28:41 -0500] "GET /robots.txt HTTP/1.1" 404 1018
201.245.192.253 - - [08/Oct/2023:21:28:50 -0500] "POST /forms/lservlet;jsessionid=ac16012b30d6e3ac83cfa34d44e69cdfe83dd14ea1cd.e3iSbxaKaheRe34Pbx8Nc3aQci1ynknvrkLOlQzNp65In0 HTTP/1.1" 200 2
201.245.192.253 - - [08/Oct/2023:21:28:52 -0500] "POST /forms/lservlet;jsessionid=ac16012b30d631b237d665c3491e938ed2fcaf258f77.e3iSbxaKaheRe34Pbx8Nc3aQci1ynknvrkLOlQzNp65In0 HTTP/1.1" 200 2
52.167.144.238 - - [08/Oct/2023:21:29:00 -0500] "GET /bla/resoluciones/autos%202010/0558.pdf HTTP/1.1" 200 372058
172.22.2.4 - - [08/Oct/2023:21:27:25 -0500] "GET /BLA/boletinlegal/ HTTP/1.1" 200 60342
201.245.192.253 - - [08/Oct/2023:21:29:04 -0500] "POST /kwsrmcab/Wsrmcab  HTTP/1.1" 200 42851
173.252.127.12 - - [08/Oct/2023:21:29:09 -0500] "GET /images/pieza-mujeres-reverdecen-4-abril.jpg HTTP/1.1" 200 48916
201.245.192.253 - - [08/Oct/2023:21:30:50 -0500] "POST /forms/lservlet;jsessionid=ac16012b30d6e3ac83cfa34d44e69cdfe83dd14ea1cd.e3iSbxaKaheRe34Pbx8Nc3aQci1ynknvrkLOlQzNp65In0 HTTP/1.1" 200 2
201.245.192.253 - - [08/Oct/2023:21:30:52 -0500] "POST /forms/lservlet;jsessionid=ac16012b30d631b237d665c3491e938ed2fcaf258f77.e3iSbxaKaheRe34Pbx8Nc3aQci1ynknvrkLOlQzNp65In0 HTTP/1.1" 200 2
181.189.25.49 - - [08/Oct/2023:21:30:58 -0500] "GET /appsia/controlador HTTP/1.1" 200 4799
181.189.25.49 - - [08/Oct/2023:21:30:58 -0500] "GET /appsia/css/estilos.css HTTP/1.1" 200 4804
181.189.25.49 - - [08/Oct/2023:21:30:58 -0500] "GET /appsia/scripts/validarIngreso.js HTTP/1.1" 200 851
181.189.25.49 - - [08/Oct/2023:21:30:58 -0500] "GET /appsia/images/logo_bogota_p.png HTTP/1.1" 200 14951
181.189.25.49 - - [08/Oct/2023:21:30:58 -0500] "GET /appsia/images/cabezoteHojaVida.png HTTP/1.1" 200 32493
181.189.25.49 - - [08/Oct/2023:21:30:58 -0500] "GET /favicon.ico HTTP/1.1" 200 7782
181.189.25.49 - - [08/Oct/2023:21:31:05 -0500] "POST /appsia/controlador HTTP/1.1" 200 3599
181.189.25.49 - - [08/Oct/2023:21:31:06 -0500] "GET /appsia/jscripts/validarSolicitud.js HTTP/1.1" 404 68
181.189.25.49 - - [08/Oct/2023:21:31:15 -0500] "POST /appsia/controlador HTTP/1.1" 200 4799
181.189.25.49 - - [08/Oct/2023:21:31:41 -0500] "POST /appsia/controlador HTTP/1.1" 200 3599
181.189.25.49 - - [08/Oct/2023:21:31:42 -0500] "GET /appsia/jscripts/validarSolicitud.js HTTP/1.1" 404 68
216.245.221.92 - - [08/Oct/2023:21:32:00 -0500] "HEAD / HTTP/1.1" 200 -
181.189.25.49 - - [08/Oct/2023:21:32:28 -0500] "GET /appsia/controlador HTTP/1.1" 200 4799
201.245.192.253 - - [08/Oct/2023:21:32:51 -0500] "POST /forms/lservlet;jsessionid=ac16012b30d6e3ac83cfa34d44e69cdfe83dd14ea1cd.e3iSbxaKaheRe34Pbx8Nc3aQci1ynknvrkLOlQzNp65In0 HTTP/1.1" 200 2
201.245.192.253 - - [08/Oct/2023:21:32:52 -0500] "POST /forms/lservlet;jsessionid=ac16012b30d631b237d665c3491e938ed2fcaf258f77.e3iSbxaKaheRe34Pbx8Nc3aQci1ynknvrkLOlQzNp65In0 HTTP/1.1" 200 2
201.245.192.253 - - [08/Oct/2023:21:34:01 -0500] "POST /kwsrmcab/Wsrmcab  HTTP/1.1" 200 42851
172.22.2.4 - - [08/Oct/2023:21:32:24 -0500] "HEAD /BLA/boletinlegal/ HTTP/1.1" 200 -
172.22.2.4 - - [08/Oct/2023:21:32:46 -0500] "GET /BLA/boletinlegal/ HTTP/1.1" 200 46180
201.245.192.253 - - [08/Oct/2023:21:34:50 -0500] "POST /forms/lservlet;jsessionid=ac16012b30d6e3ac83cfa34d44e69cdfe83dd14ea1cd.e3iSbxaKaheRe34Pbx8Nc3aQci1ynknvrkLOlQzNp65In0 HTTP/1.1" 200 2
201.245.192.253 - - [08/Oct/2023:21:34:52 -0500] "POST /forms/lservlet;jsessionid=ac16012b30d631b237d665c3491e938ed2fcaf258f77.e3iSbxaKaheRe34Pbx8Nc3aQci1ynknvrkLOlQzNp65In0 HTTP/1.1" 200 2
172.22.2.4 - - [08/Oct/2023:21:33:15 -0500] "GET /BLA/boletinlegal/ HTTP/1.1" 200 47438
181.189.25.49 - - [08/Oct/2023:21:35:04 -0500] "POST /appsia/controlador HTTP/1.1" 200 3599
181.189.25.49 - - [08/Oct/2023:21:35:04 -0500] "GET /appsia/jscripts/validarSolicitud.js HTTP/1.1" 404 68
181.189.25.49 - - [08/Oct/2023:21:35:24 -0500] "POST /appsia/controlador HTTP/1.1" 200 4799
181.189.25.49 - - [08/Oct/2023:21:36:22 -0500] "POST /appsia/controlador HTTP/1.1" 200 3599
181.189.25.49 - - [08/Oct/2023:21:36:22 -0500] "GET /appsia/jscripts/validarSolicitud.js HTTP/1.1" 404 68
181.189.25.49 - - [08/Oct/2023:21:36:26 -0500] "POST /appsia/controlador HTTP/1.1" 200 4799
172.22.2.4 - - [08/Oct/2023:21:36:39 -0500] "GET /BLA/boletinlegal/Circulares/2019/.pdf HTTP/1.1" 404 1218
201.245.192.253 - - [08/Oct/2023:21:36:51 -0500] "POST /forms/lservlet;jsessionid=ac16012b30d6e3ac83cfa34d44e69cdfe83dd14ea1cd.e3iSbxaKaheRe34Pbx8Nc3aQci1ynknvrkLOlQzNp65In0 HTTP/1.1" 200 2
201.245.192.253 - - [08/Oct/2023:21:36:52 -0500] "POST /forms/lservlet;jsessionid=ac16012b30d631b237d665c3491e938ed2fcaf258f77.e3iSbxaKaheRe34Pbx8Nc3aQci1ynknvrkLOlQzNp65In0 HTTP/1.1" 200 2
216.245.221.92 - - [08/Oct/2023:21:37:00 -0500] "HEAD / HTTP/1.1" 200 -
181.189.25.49 - - [08/Oct/2023:21:37:00 -0500] "POST /appsia/controlador HTTP/1.1" 200 3599
181.189.25.49 - - [08/Oct/2023:21:37:00 -0500] "GET /appsia/jscripts/validarSolicitud.js HTTP/1.1" 404 68
181.189.25.49 - - [08/Oct/2023:21:37:02 -0500] "POST /appsia/controlador HTTP/1.1" 200 4799
201.245.192.253 - - [08/Oct/2023:21:37:23 -0500] "POST /kwsrmcab/Wsrmcab HTTP/1.1" 200 43120
201.245.192.253 - - [08/Oct/2023:21:37:26 -0500] "POST /kwsrmcab/Wsrmcab HTTP/1.1" 200 43332
198.199.107.134 - - [08/Oct/2023:21:37:34 -0500] "MGLNDD_190.27.245.106_80" 501 953
40.77.167.59 - - [08/Oct/2023:21:38:20 -0500] "GET /BLA/resoluciones/index.php?dir=RESOLUCIONES+2006%2FRES+2006+2501-2550%2F HTTP/1.1" 200 12358
172.22.2.4 - - [08/Oct/2023:21:38:28 -0500] "GET /BLA/boletinlegal/style.css HTTP/1.1" 200 9406
172.22.2.4 - - [08/Oct/2023:21:38:28 -0500] "GET /BLA/boletinlegal/styles2.css HTTP/1.1" 200 1838
172.22.2.4 - - [08/Oct/2023:21:38:28 -0500] "GET /BLA/boletinlegal/js/jquery.js HTTP/1.1" 200 57254
172.22.2.4 - - [08/Oct/2023:21:38:28 -0500] "GET /BLA/boletinlegal/js/jquery.scrollTo-min.js HTTP/1.1" 200 1150
172.22.2.4 - - [08/Oct/2023:21:38:28 -0500] "GET /BLA/boletinlegal/js/jquery.scrollShow.js HTTP/1.1" 200 4586
172.22.2.4 - - [08/Oct/2023:21:38:28 -0500] "GET /BLA/boletinlegal/images/cabezote%20BLEGAL.jpg HTTP/1.1" 200 118164
172.22.2.4 - - [08/Oct/2023:21:38:28 -0500] "GET /BLA/boletinlegal/images/subscribe-icon-big.png HTTP/1.1" 200 47702
172.22.2.4 - - [08/Oct/2023:21:38:28 -0500] "GET /BLA/boletinlegal/images/historia.png HTTP/1.1" 200 52775
172.22.2.4 - - [08/Oct/2023:21:38:29 -0500] "GET /BLA/boletinlegal/images/registro-usuarios.png HTTP/1.1" 200 8106
172.22.2.4 - - [08/Oct/2023:21:38:29 -0500] "GET /BLA/boletinlegal/images/arr_l.jpg HTTP/1.1" 200 1979
172.22.2.4 - - [08/Oct/2023:21:38:29 -0500] "GET /BLA/boletinlegal/images/screen_1.png HTTP/1.1" 200 202547
172.22.2.4 - - [08/Oct/2023:21:38:29 -0500] "GET /BLA/boletinlegal/images/launch.jpg HTTP/1.1" 200 14577
172.22.2.4 - - [08/Oct/2023:21:38:37 -0500] "GET /BLA/boletinlegal/images/screen_2.png HTTP/1.1" 200 362502
172.22.2.4 - - [08/Oct/2023:21:38:37 -0500] "GET /BLA/boletinlegal/images/screen_3.png HTTP/1.1" 200 210620
172.22.2.4 - - [08/Oct/2023:21:38:37 -0500] "GET /BLA/boletinlegal/images/screen_5.png HTTP/1.1" 200 368876
172.22.2.4 - - [08/Oct/2023:21:38:37 -0500] "GET /BLA/boletinlegal/images/arr_r.jpg HTTP/1.1" 200 1998
191.95.58.84 - - [08/Oct/2023:21:38:47 -0500] "GET /sipse/faces/presentacion/financiero/solicitudProceso/consultarSolicitudProceso.xhtml HTTP/1.1" 302 -
191.95.58.84 - - [08/Oct/2023:21:38:47 -0500] "GET /sipse/faces/autenticacion.xhtml HTTP/1.1" 200 12412
172.22.2.4 - - [08/Oct/2023:21:38:47 -0500] "GET /BLA/boletinlegal/images/pdf.gif HTTP/1.1" 200 567
191.95.58.84 - - [08/Oct/2023:21:38:47 -0500] "GET /sipse/js/disable_browser_buttons.js HTTP/1.1" 304 -
191.95.58.84 - - [08/Oct/2023:21:38:47 -0500] "GET /sipse/css/custom_css_sg.css HTTP/1.1" 304 -
191.95.58.84 - - [08/Oct/2023:21:38:47 -0500] "GET /sipse/faces/javax.faces.resource/primefaces.css?ln=primefaces&v=4.0 HTTP/1.1" 304 -
191.95.58.84 - - [08/Oct/2023:21:38:47 -0500] "GET /sipse/js/funciones.js HTTP/1.1" 304 -
191.95.58.84 - - [08/Oct/2023:21:38:47 -0500] "GET /sipse/faces/javax.faces.resource/theme.css?ln=primefaces-sipse HTTP/1.1" 304 -
191.95.58.84 - - [08/Oct/2023:21:38:47 -0500] "GET /sipse/css/custom_css_sg_prime_login.css HTTP/1.1" 304 -
191.95.58.84 - - [08/Oct/2023:21:38:47 -0500] "GET /sipse/faces/javax.faces.resource/layout/layout.css?ln=primefaces&v=4.0 HTTP/1.1" 304 -
191.95.58.84 - - [08/Oct/2023:21:38:47 -0500] "GET /sipse/faces/javax.faces.resource/jquery/jquery.js?ln=primefaces&v=4.0 HTTP/1.1" 304 -
191.95.58.84 - - [08/Oct/2023:21:38:47 -0500] "GET /sipse/faces/javax.faces.resource/jquery/jquery-plugins.js?ln=primefaces&v=4.0 HTTP/1.1" 304 -
191.95.58.84 - - [08/Oct/2023:21:38:47 -0500] "GET /sipse/faces/javax.faces.resource/primefaces.js?ln=primefaces&v=4.0 HTTP/1.1" 304 -
191.95.58.84 - - [08/Oct/2023:21:38:47 -0500] "GET /sipse/faces/javax.faces.resource/layout/layout.js?ln=primefaces&v=4.0 HTTP/1.1" 304 -
191.95.58.84 - - [08/Oct/2023:21:38:47 -0500] "GET /sipse/css/imagen/logoSDG.png HTTP/1.1" 304 -
191.95.58.84 - - [08/Oct/2023:21:38:47 -0500] "GET /sipse/css/imagen/loginimg.png HTTP/1.1" 304 -
191.95.58.84 - - [08/Oct/2023:21:38:48 -0500] "GET /sipse/faces/javax.faces.resource/images/ui-icons_898989_256x240.png?ln=primefaces-aristo HTTP/1.1" 304 -
191.95.58.84 - - [08/Oct/2023:21:38:48 -0500] "GET /sipse/faces/index.xhtml HTTP/1.1" 200 677
191.95.58.84 - - [08/Oct/2023:21:38:48 -0500] "GET /sipse/faces/javax.faces.resource/theme.css?ln=primefaces-sipse HTTP/1.1" 304 -
191.95.58.84 - - [08/Oct/2023:21:38:49 -0500] "GET /sipse/faces/faces/autenticacion.xhtml HTTP/1.1" 200 12412
191.95.58.84 - - [08/Oct/2023:21:38:49 -0500] "GET /sipse/faces/javax.faces.resource/layout/layout.css?ln=primefaces&v=4.0 HTTP/1.1" 304 -
191.95.58.84 - - [08/Oct/2023:21:38:49 -0500] "GET /sipse/faces/javax.faces.resource/jquery/jquery-plugins.js?ln=primefaces&v=4.0 HTTP/1.1" 304 -
191.95.58.84 - - [08/Oct/2023:21:38:49 -0500] "GET /sipse/faces/javax.faces.resource/primefaces.css?ln=primefaces&v=4.0 HTTP/1.1" 304 -
191.95.58.84 - - [08/Oct/2023:21:38:49 -0500] "GET /sipse/faces/javax.faces.resource/jquery/jquery.js?ln=primefaces&v=4.0 HTTP/1.1" 304 -
191.95.58.84 - - [08/Oct/2023:21:38:49 -0500] "GET /sipse/faces/javax.faces.resource/primefaces.js?ln=primefaces&v=4.0 HTTP/1.1" 304 -
191.95.58.84 - - [08/Oct/2023:21:38:49 -0500] "GET /sipse/faces/javax.faces.resource/layout/layout.js?ln=primefaces&v=4.0 HTTP/1.1" 304 -
191.95.58.84 - - [08/Oct/2023:21:38:50 -0500] "GET /sipse/faces/javax.faces.resource/theme.css?ln=primefaces-sipse HTTP/1.1" 304 -
201.245.192.253 - - [08/Oct/2023:21:38:51 -0500] "POST /forms/lservlet;jsessionid=ac16012b30d6e3ac83cfa34d44e69cdfe83dd14ea1cd.e3iSbxaKaheRe34Pbx8Nc3aQci1ynknvrkLOlQzNp65In0 HTTP/1.1" 200 2
201.245.192.253 - - [08/Oct/2023:21:38:52 -0500] "POST /forms/lservlet;jsessionid=ac16012b30d631b237d665c3491e938ed2fcaf258f77.e3iSbxaKaheRe34Pbx8Nc3aQci1ynknvrkLOlQzNp65In0 HTTP/1.1" 200 2
201.245.192.253 - - [08/Oct/2023:21:39:00 -0500] "POST /kwsrmcab/Wsrmcab  HTTP/1.1" 200 42851
191.95.58.84 - - [08/Oct/2023:21:39:03 -0500] "POST /sipse/faces/autenticacion.xhtml HTTP/1.1" 200 2218
191.95.58.84 - - [08/Oct/2023:21:39:04 -0500] "GET /sipse/faces/javax.faces.resource/messages/messages.png?ln=primefaces&v=4.0 HTTP/1.1" 304 -
191.95.58.84 - - [08/Oct/2023:21:39:05 -0500] "GET /sipse/faces/javax.faces.resource/images/ui-icons_898989_256x240.png?ln=primefaces-aristo HTTP/1.1" 304 -
191.95.58.84 - - [08/Oct/2023:21:39:05 -0500] "POST /sipse/faces/autenticacion.xhtml HTTP/1.1" 200 16397
191.95.58.84 - - [08/Oct/2023:21:39:05 -0500] "GET /sipse/faces/javax.faces.resource/theme.css?ln=primefaces-sipse HTTP/1.1" 304 -
191.95.58.84 - - [08/Oct/2023:21:39:05 -0500] "GET /sipse/faces/javax.faces.resource/primefaces.css?ln=primefaces&v=4.0 HTTP/1.1" 304 -
191.95.58.84 - - [08/Oct/2023:21:39:06 -0500] "GET /sipse/js/jquery.min.js HTTP/1.1" 304 -
191.95.58.84 - - [08/Oct/2023:21:39:06 -0500] "GET /sipse/css/custom_css_sg_prime.css HTTP/1.1" 304 -
191.95.58.84 - - [08/Oct/2023:21:39:06 -0500] "GET /sipse/faces/javax.faces.resource/layout/layout.css?ln=primefaces&v=4.0 HTTP/1.1" 304 -
191.95.58.84 - - [08/Oct/2023:21:39:06 -0500] "GET /sipse/faces/javax.faces.resource/jquery/jquery.js?ln=primefaces&v=4.0 HTTP/1.1" 304 -
191.95.58.84 - - [08/Oct/2023:21:39:06 -0500] "GET /sipse/faces/javax.faces.resource/jquery/jquery-plugins.js?ln=primefaces&v=4.0 HTTP/1.1" 304 -
191.95.58.84 - - [08/Oct/2023:21:39:06 -0500] "GET /sipse/faces/javax.faces.resource/primefaces.js?ln=primefaces&v=4.0 HTTP/1.1" 304 -
191.95.58.84 - - [08/Oct/2023:21:39:06 -0500] "GET /sipse/faces/javax.faces.resource/layout/layout.js?ln=primefaces&v=4.0 HTTP/1.1" 304 -
191.95.58.84 - - [08/Oct/2023:21:39:07 -0500] "GET /sipse/css/v_mergente.css HTTP/1.1" 304 -
191.95.58.84 - - [08/Oct/2023:21:39:07 -0500] "GET /sipse/imagenes/cargando.gif HTTP/1.1" 304 -
191.95.58.84 - - [08/Oct/2023:21:39:07 -0500] "GET /sipse/imagenes/logoAplicacion.jpg HTTP/1.1" 304 -
191.95.58.84 - - [08/Oct/2023:21:39:07 -0500] "GET /sipse/css/imagen/contrasena.png HTTP/1.1" 404 383
191.95.58.84 - - [08/Oct/2023:21:39:08 -0500] "POST /sipse/faces/bienvenido.xhtml HTTP/1.1" 200 2060
191.95.58.84 - - [08/Oct/2023:21:39:09 -0500] "GET /sipse/faces/javax.faces.resource/images/ui-bg_flat_0_2d5972_40x100.png?ln=primefaces-aristo HTTP/1.1" 304 -
191.95.58.84 - - [08/Oct/2023:21:39:09 -0500] "POST /sipse/faces/bienvenido.xhtml HTTP/1.1" 200 35641
191.95.58.84 - - [08/Oct/2023:21:39:10 -0500] "GET /sipse/faces/javax.faces.resource/theme.css?ln=primefaces-sipse HTTP/1.1" 304 -
191.95.58.84 - - [08/Oct/2023:21:39:10 -0500] "GET /sipse/faces/javax.faces.resource/layout/layout.css?ln=primefaces&v=4.0 HTTP/1.1" 304 -
191.95.58.84 - - [08/Oct/2023:21:39:10 -0500] "GET /sipse/faces/javax.faces.resource/primefaces.css?ln=primefaces&v=4.0 HTTP/1.1" 304 -
191.95.58.84 - - [08/Oct/2023:21:39:10 -0500] "GET /sipse/faces/javax.faces.resource/jquery/jquery.js?ln=primefaces&v=4.0 HTTP/1.1" 304 -
191.95.58.84 - - [08/Oct/2023:21:39:11 -0500] "GET /sipse/faces/javax.faces.resource/jquery/jquery-plugins.js?ln=primefaces&v=4.0 HTTP/1.1" 304 -
191.95.58.84 - - [08/Oct/2023:21:39:11 -0500] "GET /sipse/faces/javax.faces.resource/primefaces.js?ln=primefaces&v=4.0 HTTP/1.1" 304 -
191.95.58.84 - - [08/Oct/2023:21:39:11 -0500] "GET /sipse/faces/javax.faces.resource/layout/layout.js?ln=primefaces&v=4.0 HTTP/1.1" 304 -
191.95.58.84 - - [08/Oct/2023:21:39:11 -0500] "POST /sipse/faces/presentacion/financiero/solicitudProceso/listarSolicitudProceso.xhtml HTTP/1.1" 200 1404
199.16.157.183 - - [08/Oct/2023:21:39:12 -0500] "GET /entidades-publ HTTP/1.1" 404 1034
199.16.157.183 - - [08/Oct/2023:21:39:14 -0500] "GET /entidades-publ HTTP/1.1" 404 1034
199.16.157.183 - - [08/Oct/2023:21:39:18 -0500] "GET /entidades-publ HTTP/1.1" 404 1034
191.95.58.84 - - [08/Oct/2023:21:39:20 -0500] "POST /sipse/faces/presentacion/financiero/solicitudProceso/listarSolicitudProceso.xhtml HTTP/1.1" 200 108430
191.95.58.84 - - [08/Oct/2023:21:39:22 -0500] "GET /sipse/faces/javax.faces.resource/theme.css?ln=primefaces-sipse HTTP/1.1" 304 -
191.95.58.84 - - [08/Oct/2023:21:39:22 -0500] "GET /sipse/faces/javax.faces.resource/primefaces.css?ln=primefaces&v=4.0 HTTP/1.1" 304 -
191.95.58.84 - - [08/Oct/2023:21:39:22 -0500] "GET /sipse/faces/javax.faces.resource/layout/layout.css?ln=primefaces&v=4.0 HTTP/1.1" 304 -
191.95.58.84 - - [08/Oct/2023:21:39:22 -0500] "GET /sipse/faces/javax.faces.resource/jquery/jquery.js?ln=primefaces&v=4.0 HTTP/1.1" 304 -
191.95.58.84 - - [08/Oct/2023:21:39:23 -0500] "GET /sipse/faces/javax.faces.resource/jquery/jquery-plugins.js?ln=primefaces&v=4.0 HTTP/1.1" 304 -
191.95.58.84 - - [08/Oct/2023:21:39:23 -0500] "GET /sipse/faces/javax.faces.resource/primefaces.js?ln=primefaces&v=4.0 HTTP/1.1" 304 -
191.95.58.84 - - [08/Oct/2023:21:39:23 -0500] "GET /sipse/faces/javax.faces.resource/layout/layout.js?ln=primefaces&v=4.0 HTTP/1.1" 304 -
186.30.83.117 - - [08/Oct/2023:21:39:27 -0500] "GET /entidades-publicas-en-bogota-participen-en-la-sexta-version-del-concurso-de-buenas-practicas-ambientales.html HTTP/1.1" 200 810
172.22.2.4 - - [08/Oct/2023:21:38:14 -0500] "HEAD /BLA/boletinlegal/ HTTP/1.1" 200 -
172.22.2.4 - - [08/Oct/2023:21:38:28 -0500] "GET /BLA/boletinlegal/ HTTP/1.1" 200 50790
172.22.2.4 - - [08/Oct/2023:21:39:05 -0500] "GET /BLA/boletinlegal/ HTTP/1.1" 200 54150
201.245.192.253 - - [08/Oct/2023:21:40:51 -0500] "POST /forms/lservlet;jsessionid=ac16012b30d6e3ac83cfa34d44e69cdfe83dd14ea1cd.e3iSbxaKaheRe34Pbx8Nc3aQci1ynknvrkLOlQzNp65In0 HTTP/1.1" 200 2
201.245.192.253 - - [08/Oct/2023:21:40:52 -0500] "POST /forms/lservlet;jsessionid=ac16012b30d631b237d665c3491e938ed2fcaf258f77.e3iSbxaKaheRe34Pbx8Nc3aQci1ynknvrkLOlQzNp65In0 HTTP/1.1" 200 2
216.245.221.92 - - [08/Oct/2023:21:42:00 -0500] "HEAD / HTTP/1.1" 200 -
207.46.13.168 - - [08/Oct/2023:21:42:21 -0500] "GET /Publicaciones/2023EE233243.pdf HTTP/1.1" 200 232018
201.245.192.253 - - [08/Oct/2023:21:42:51 -0500] "POST /forms/lservlet;jsessionid=ac16012b30d6e3ac83cfa34d44e69cdfe83dd14ea1cd.e3iSbxaKaheRe34Pbx8Nc3aQci1ynknvrkLOlQzNp65In0 HTTP/1.1" 200 2
201.245.192.253 - - [08/Oct/2023:21:42:52 -0500] "POST /forms/lservlet;jsessionid=ac16012b30d631b237d665c3491e938ed2fcaf258f77.e3iSbxaKaheRe34Pbx8Nc3aQci1ynknvrkLOlQzNp65In0 HTTP/1.1" 200 2
207.46.13.168 - - [08/Oct/2023:21:43:20 -0500] "GET /BLA/resoluciones/index.php?dir=Notificaciones%2FREGISTROS+2013%2F HTTP/1.1" 200 2053
201.245.192.253 - - [08/Oct/2023:21:43:59 -0500] "POST /kwsrmcab/Wsrmcab  HTTP/1.1" 200 42851
201.245.192.253 - - [08/Oct/2023:21:44:51 -0500] "POST /forms/lservlet;jsessionid=ac16012b30d6e3ac83cfa34d44e69cdfe83dd14ea1cd.e3iSbxaKaheRe34Pbx8Nc3aQci1ynknvrkLOlQzNp65In0 HTTP/1.1" 200 2
201.245.192.253 - - [08/Oct/2023:21:44:52 -0500] "POST /forms/lservlet;jsessionid=ac16012b30d631b237d665c3491e938ed2fcaf258f77.e3iSbxaKaheRe34Pbx8Nc3aQci1ynknvrkLOlQzNp65In0 HTTP/1.1" 200 2
191.95.58.84 - - [08/Oct/2023:21:45:15 -0500] "POST /sipse/faces/presentacion/financiero/solicitudProceso/consultarSolicitudProceso.xhtml HTTP/1.1" 200 343253
172.22.2.4 - - [08/Oct/2023:21:44:36 -0500] "GET /BLA/boletinlegal/?XDEBUG_SESSION_START=phpstorm HTTP/1.1" 200 24523
172.22.2.4 - - [08/Oct/2023:21:44:04 -0500] "HEAD /BLA/boletinlegal/ HTTP/1.1" 200 -
172.22.2.4 - - [08/Oct/2023:21:44:55 -0500] "GET /BLA/boletinlegal/ HTTP/1.1" 200 53013
201.245.192.253 - - [08/Oct/2023:21:46:51 -0500] "POST /forms/lservlet;jsessionid=ac16012b30d6e3ac83cfa34d44e69cdfe83dd14ea1cd.e3iSbxaKaheRe34Pbx8Nc3aQci1ynknvrkLOlQzNp65In0 HTTP/1.1" 200 2
201.245.192.253 - - [08/Oct/2023:21:46:52 -0500] "POST /forms/lservlet;jsessionid=ac16012b30d631b237d665c3491e938ed2fcaf258f77.e3iSbxaKaheRe34Pbx8Nc3aQci1ynknvrkLOlQzNp65In0 HTTP/1.1" 200 2
216.245.221.92 - - [08/Oct/2023:21:47:00 -0500] "HEAD / HTTP/1.1" 200 -
216.244.66.195 - - [08/Oct/2023:21:47:38 -0500] "GET /BLA/resoluciones/RESOLUCIONES%202021/2230.pdf HTTP/1.1" 200 975712
216.244.66.195 - - [08/Oct/2023:21:48:08 -0500] "GET /BLA/resoluciones/RESOLUCIONES%202021/2297.pdf HTTP/1.1" 200 348160
201.245.192.253 - - [08/Oct/2023:21:48:51 -0500] "POST /forms/lservlet;jsessionid=ac16012b30d6e3ac83cfa34d44e69cdfe83dd14ea1cd.e3iSbxaKaheRe34Pbx8Nc3aQci1ynknvrkLOlQzNp65In0 HTTP/1.1" 200 2
201.245.192.253 - - [08/Oct/2023:21:48:52 -0500] "POST /forms/lservlet;jsessionid=ac16012b30d631b237d665c3491e938ed2fcaf258f77.e3iSbxaKaheRe34Pbx8Nc3aQci1ynknvrkLOlQzNp65In0 HTTP/1.1" 200 2
216.244.66.195 - - [08/Oct/2023:21:48:55 -0500] "GET /BLA/resoluciones/RESOLUCIONES%202021/2540.pdf HTTP/1.1" 200 738272
201.245.192.253 - - [08/Oct/2023:21:48:59 -0500] "POST /kwsrmcab/Wsrmcab  HTTP/1.1" 200 42851
216.244.66.195 - - [08/Oct/2023:21:49:45 -0500] "GET /BLA/resoluciones/RESOLUCIONES%202021/2570.pdf HTTP/1.1" 200 343371
216.244.66.195 - - [08/Oct/2023:21:50:30 -0500] "GET /BLA/resoluciones/RESOLUCIONES%202021/2844.pdf HTTP/1.1" 200 398327
191.95.55.18 - - [08/Oct/2023:21:50:40 -0500] "GET /participa-en-la-convocatoria-para-el-aseguramiento-metrologico-de-la-red-de-monitoreo-de-calidad-del-aire-de-bogota.html HTTP/1.1" 200 848
201.245.192.253 - - [08/Oct/2023:21:50:51 -0500] "POST /forms/lservlet;jsessionid=ac16012b30d6e3ac83cfa34d44e69cdfe83dd14ea1cd.e3iSbxaKaheRe34Pbx8Nc3aQci1ynknvrkLOlQzNp65In0 HTTP/1.1" 200 2
201.245.192.253 - - [08/Oct/2023:21:50:52 -0500] "POST /forms/lservlet;jsessionid=ac16012b30d631b237d665c3491e938ed2fcaf258f77.e3iSbxaKaheRe34Pbx8Nc3aQci1ynknvrkLOlQzNp65In0 HTTP/1.1" 200 2
216.244.66.195 - - [08/Oct/2023:21:51:20 -0500] "GET /BLA/resoluciones/RESOLUCIONES%202021/2958.pdf HTTP/1.1" 200 352365
191.95.58.84 - - [08/Oct/2023:21:51:25 -0500] "POST /sipse/faces/presentacion/financiero/solicitudProceso/consultarSolicitudProceso.xhtml HTTP/1.1" 200 32933
191.95.58.84 - - [08/Oct/2023:21:51:29 -0500] "GET /sipse/faces/javax.faces.resource/theme.css?ln=primefaces-sipse HTTP/1.1" 304 -
191.95.58.84 - - [08/Oct/2023:21:51:29 -0500] "GET /sipse/faces/javax.faces.resource/jquery/jquery.js?ln=primefaces&v=4.0 HTTP/1.1" 304 -
191.95.58.84 - - [08/Oct/2023:21:51:29 -0500] "GET /sipse/faces/javax.faces.resource/layout/layout.css?ln=primefaces&v=4.0 HTTP/1.1" 304 -
191.95.58.84 - - [08/Oct/2023:21:51:29 -0500] "GET /sipse/faces/javax.faces.resource/primefaces.css?ln=primefaces&v=4.0 HTTP/1.1" 304 -
191.95.58.84 - - [08/Oct/2023:21:51:29 -0500] "GET /sipse/faces/javax.faces.resource/jquery/jquery-plugins.js?ln=primefaces&v=4.0 HTTP/1.1" 304 -
191.95.58.84 - - [08/Oct/2023:21:51:29 -0500] "GET /sipse/faces/javax.faces.resource/primefaces.js?ln=primefaces&v=4.0 HTTP/1.1" 304 -
191.95.58.84 - - [08/Oct/2023:21:51:29 -0500] "GET /sipse/faces/javax.faces.resource/layout/layout.js?ln=primefaces&v=4.0 HTTP/1.1" 304 -
191.95.58.84 - - [08/Oct/2023:21:51:29 -0500] "POST /sipse/faces/presentacion/financiero/solicitudProceso/listarSolicitudProceso.xhtml HTTP/1.1" 200 1368
172.22.2.4 - - [08/Oct/2023:21:49:54 -0500] "HEAD /BLA/boletinlegal/ HTTP/1.1" 200 -
191.95.58.84 - - [08/Oct/2023:21:51:34 -0500] "POST /sipse/faces/presentacion/financiero/solicitudProceso/listarSolicitudProceso.xhtml HTTP/1.1" 200 25820
191.95.58.84 - - [08/Oct/2023:21:51:35 -0500] "POST /sipse/faces/presentacion/financiero/solicitudProceso/listarSolicitudProceso.xhtml HTTP/1.1" 200 25820
191.95.58.84 - - [08/Oct/2023:21:51:35 -0500] "POST /sipse/faces/presentacion/financiero/solicitudProceso/listarSolicitudProceso.xhtml HTTP/1.1" 200 25820
191.95.58.84 - - [08/Oct/2023:21:51:36 -0500] "POST /sipse/faces/presentacion/financiero/solicitudProceso/listarSolicitudProceso.xhtml HTTP/1.1" 200 25820
191.95.58.84 - - [08/Oct/2023:21:51:36 -0500] "POST /sipse/faces/presentacion/financiero/solicitudProceso/listarSolicitudProceso.xhtml HTTP/1.1" 200 1368
191.95.58.84 - - [08/Oct/2023:21:51:36 -0500] "POST /sipse/faces/presentacion/financiero/solicitudProceso/listarSolicitudProceso.xhtml HTTP/1.1" 200 1372
191.95.58.84 - - [08/Oct/2023:21:51:37 -0500] "POST /sipse/faces/presentacion/financiero/solicitudProceso/listarSolicitudProceso.xhtml HTTP/1.1" 200 1372
191.95.58.84 - - [08/Oct/2023:21:51:37 -0500] "POST /sipse/faces/presentacion/financiero/solicitudProceso/listarSolicitudProceso.xhtml HTTP/1.1" 200 1372
191.95.58.84 - - [08/Oct/2023:21:51:39 -0500] "POST /sipse/faces/presentacion/financiero/solicitudProceso/listarSolicitudProceso.xhtml HTTP/1.1" 200 911
216.245.221.92 - - [08/Oct/2023:21:52:00 -0500] "HEAD / HTTP/1.1" 200 -
216.244.66.195 - - [08/Oct/2023:21:52:08 -0500] "GET /BLA/resoluciones/RESOLUCIONES%202021/3102.pdf HTTP/1.1" 200 1318355
172.22.2.4 - - [08/Oct/2023:21:50:45 -0500] "GET /BLA/boletinlegal/ HTTP/1.1" 200 60342
201.245.192.253 - - [08/Oct/2023:21:52:51 -0500] "POST /forms/lservlet;jsessionid=ac16012b30d6e3ac83cfa34d44e69cdfe83dd14ea1cd.e3iSbxaKaheRe34Pbx8Nc3aQci1ynknvrkLOlQzNp65In0 HTTP/1.1" 200 2
201.245.192.253 - - [08/Oct/2023:21:52:52 -0500] "POST /forms/lservlet;jsessionid=ac16012b30d631b237d665c3491e938ed2fcaf258f77.e3iSbxaKaheRe34Pbx8Nc3aQci1ynknvrkLOlQzNp65In0 HTTP/1.1" 200 2
61.135.159.171 - - [08/Oct/2023:21:52:55 -0500] "GET / HTTP/1.1" 200 319
216.244.66.195 - - [08/Oct/2023:21:52:58 -0500] "GET /BLA/resoluciones/RESOLUCIONES%202021/4015.pdf HTTP/1.1" 200 430052
186.102.92.193 - - [08/Oct/2023:21:53:44 -0500] "GET /kwssiamovil/sm/ldap/au?x=U2FsdGVkX18Z/xXgEkWn8ywElHIyeY7KBo2xrfDfCvFo4z3RSUnfDcz6EtSMmDGR&y=U2FsdGVkX19zObP4kAEvqE/a1Er8BIxXQCISbOLxd7BSIvhxxvGIdsHMxP9EmtvH HTTP/1.1" 200 30
186.102.92.193 - - [08/Oct/2023:21:53:45 -0500] "GET /kwssiamovil/sm/acme/s?s=U2FsdGVkX1/rcWikzySib1Z4/9RiMX5GjQGS6NY5TP6EQpAh/d5q5Nfvp5kkPrMId9Bapbwn3QgmF31bSnegaYZq9KPHUSeFLEAkTKFkkWQ=&u=U2FsdGVkX19z8vwUtKF+70f2AMLK2P9u5ePl2WQz4JA=&y=U2FsdGVkX19zObP4kAEvqE/a1Er8BIxXQCISbOLxd7BSIvhxxvGIdsHMxP9EmtvH HTTP/1.1" 200 97
186.102.92.193 - - [08/Oct/2023:21:53:45 -0500] "GET /kwssiamovil/sm/acme/s?s=U2FsdGVkX19g/ms97zvuxca46h0u48sFcc+0ANLi8dafLaEMxrOGgzmwsrxHLRWrG/HBB57Z2Ws1aq1rscyoF2rhGgmEqrM6ajJsJFresLe/S0EEa2GQpvW1Uyo0HXQs89WDWrTViihQe6bIjnYu6fbH9yxiqMu4ACeO9ADepEVo8UWDme8X9DpE83LrRZUP/srTc0n5fi8wVzGbunxYsxyAxHxtzUgdNDrqKy3mKTa9cDtXxHKloKxQWFUH/uqJ1W0CfRqGjdNC29XSaLVe9Tz5AADODTsJRggio0kvpsyeKqXCqwFNHJpCaqFcdHC+Tm4gh7U45odVd145F7dSzltzUz6BGhbCmKjmYzGPwTZUPurfCPik712WNsCoCMqMQ4oIcbbRbeREeGVat1hAKcfwdL0pjt3LUiO8aEd/i2q+PQ6xwEQbwg75ro9fj9QfFyj4ag2x4bc3ds3r1iraEuH5LqHOeLuLydyR7elNdK8h++go3bNVj6oTerS91m3RdvS/ZGk4GsSK+bzog62plFONuyhiUObQbtFTD2ui9GlaD8gLET7mDgVWkfuuoXPDaaZ6Y9uap/1/LuoWiv/EGmR+JmRWSGNJunglNGpaCbn6zshfLmePCx7Ja2rHAU2Ux1x3SrgA9lNClTkSD69Ou9X6wetzEu2eAp48iLMs0y18gomBiX8fVKwy9Ys21XCGvR+tFQu/XKuB6MmY43cJ4Y/ac+BPUAdJX95P2Yfk9oWWVr/QgySnXdnESXm4lzke2AS8BSGJLNJ6/xgPH3qmb1BgBE6JGdsE49SgxsFMY3XtYSohLQDz0WHUvfoIec2GowUqCdMFMEParZPo1gs6eqmzlDOkLQfkWt4v4t9hhU2c8RK8dpjZXmE/aaWuYqsZX/NKpGWbMaUQ+EI82E4CgGwH4ioHuBBpUEy1Wyuc0mT6Kc9/ghZ+DLoc6F6ygufUZEgJuEN6SHlml0XXuDHcfOZVkRr09rYvUG++8F9qeznk9q7VkWNTEIoxuT9nlUwBgexsqIcrdGHOMz5J0ckad6Brt7EppYOYzSviuEXlWgDrR2bNY1KK769zQTTL/PnaOOY38MtJihTbL/ns0DptZOGjVGwmyTmzGozhMENpJ4Cg6ohh/Aip+ZJy1aBJ3VBLIjNSia9Hwm+IgJB5Z8P/V26b5MixO6Mo1b8UkmE8edNzeRWGDldcjoryJmVASsqX/A4QiMqvRa39m9AWaB2+VhmdodFsWXgNVcLIiRsfPk7M9Qm1Npv+wQAqqb+BJXJJNswYpjdEtMllbV00Cp8OBNMZCjFK0XnLoZasi6Hy9EseWY7Ve38BH79HL1XK6etal731lz4yFxPJ9SQpD8t79IbagbSfFyFv75JJBPkFLogDWyuHeGTq9R4C4ZkX/5axz06olPjzDBIHZ0T4D4h/J+8N9r2vkgJ7JSS3cPT3PVg=&u=U2FsdGVkX19z8vwUtKF+70f2AMLK2P9u5ePl2WQz4JA=&y=U2FsdGVkX19zObP4kAEvqE/a1Er8BIxXQCISbOLxd7BSIvhxxvGIdsHMxP9EmtvH HTTP/1.1" 200 810
186.102.92.193 - - [08/Oct/2023:21:53:45 -0500] "GET /kwssiamovil/sm/acme/s?s=U2FsdGVkX18twf6R6D8C+85i24Gdq5APud5+aY5A/YMY8VXztnAQP3qIM4KfweQo7c2j00h/UNeOp9aOYj2KylgLzB/Tr24bS7BRdBOnhsrzRolthzPQYcsCugJqcFxf25O+YtFgZs3sqtrmtncDbq6Y21LyxbTt/ONM/3i+DSsrGr48wUI0JKJT1Ih0S+OYjBHL04ok5gDY1Ie7i4DVnnyXtgmF8PQcRW71RSIr2pSpqYPWV5cg6Q/gX7HEVCnoM96cOxTEi1rvFLcPUO0/a0AU4KctLce9pt4FJ/Z+4Amx4gyoDoOq9FCnmBg5SwfveVACsrVVdXCAqfwqrUPKvZL79SR+2eWTwNYwvBSqoHM=&u=U2FsdGVkX19z8vwUtKF+70f2AMLK2P9u5ePl2WQz4JA=&y=U2FsdGVkX19zObP4kAEvqE/a1Er8BIxXQCISbOLxd7BSIvhxxvGIdsHMxP9EmtvH HTTP/1.1" 200 196
186.102.92.193 - - [08/Oct/2023:21:53:45 -0500] "GET /kwssiamovil/sm/cjson/pre?f=1&x=U2FsdGVkX18Z/xXgEkWn8ywElHIyeY7KBo2xrfDfCvFo4z3RSUnfDcz6EtSMmDGR HTTP/1.1" 200 31032
216.244.66.195 - - [08/Oct/2023:21:53:48 -0500] "GET /BLA/resoluciones/RESOLUCIONES%202021/4055.pdf HTTP/1.1" 200 559319
207.46.13.154 - - [08/Oct/2023:21:53:51 -0500] "GET /portaldeninos/wp-content/uploads/2019/09/Cipr%C3%A9s-%C3%A1rboles.jpg HTTP/1.1" 200 485766
201.245.192.253 - - [08/Oct/2023:21:53:58 -0500] "POST /kwsrmcab/Wsrmcab  HTTP/1.1" 200 42851
40.77.167.78 - - [08/Oct/2023:21:54:22 -0500] "GET /el-idiger-inicia-charlas-informativas-para-participar-en-el-simulacro-distrital-de-evacuacion-dia-y-de-noche.html HTTP/1.1" 200 1001
