186.86.32.196 - - [08/Oct/2023:18:02:25 -0500] "GET /kwssiamovil/sm/acme/a?s=U2FsdGVkX1/5BBUUppCnrKaI+JL9BLN1+5HXXXzXfnWUsHqPIvyfn1XeiZxVFXiNDcFHe5je6hzd33+Ys1W0VXGZ6VqiLNeI0cUgct2q83+ye74XslB7ArT1MRgjWuxTADbRxOgZyc8ZSJsCRsTojfZzIqFsZKjmMDTtgODjBmM3odyKaySyB2mItqxGuYDkNULP2X7TFWgCgxiyMHi3xmhpbuJAyXPLhvzX4jyax2mb6D6xrfDD3KLsajigd04j5Zbn5e46bkFspGlIfwLSyQYB7NQ+c8YxJRNWjZrwciCfQM0mf3XdlU789xLJcPsZsWfRTG7Q5ImQ/WQ+0IAKKDOhxlTqvfbIt00SpJSU74ZyfCnbsmlZr6O8nXksh/jFu59EqBWP1u1SXY7VS5gNZZn0sO5i4xE6dhWgkvlQc8ANH4AKIv6WVqJkWjIcIlOr1ZmeDk6T5hSnxiHwhSGbVntyURH9swGEbSewrLY7GAvKawvX7O3TB8gI7AawUl3nZNH9VD0g2EGNG/Xsum2r9e6XHyga4G0xZPjirZvKgrAvO45c6nPnyDMiMHI5xZ8lBN2Cyhk1CEYj/FOC1xiEhg23CvSnRQfmQzGavbDvScRHezZJLkeB7Lw9sP6Zwc9Imia6S2GOq7TH/sZyfHFcEPqLcRiWBqj2IcBLrTI3kl3pI/SJDhSoo4voAOa8/3RyYV3OiJOl71AmQqg0KUrCUfnkGHAwUXa4DQXJEeTRAxxs6zQVjxXBqK7YIvhuThXuIJfMaie5pXDHUy/T2xVX/4u91Phad0K3Q+jAKbbleEzk2qF1y/iTbb+Z/R5oNjHudDJzcVaanY8zaL2P3M3ouWc2ewQ8prAQ0SY9wRgw86Mvbdzra+AxZrmBP+xaF0ezEHo//aMYXmUPWqf/x9sQz7nZHo+u0O50GUsQlNk2S7qhJHXfis4VztDbwbD19731+11W1cORIyYzqSLTcGd6zq8yP57x/ydqr4eHxJgksrrVyWF9PIuwVKg/awlgv+YUPZ05cumEtY4We4+j1L2kwc95HqgcWTku1bIpALsqZYdluQWo1yRuS3eOa/QqR4+EXG/w6kSEcOfxhqrYBYu8kFqNntWjKDoIvmoJwXf3FDS9QCIeF7TfkogFSt7r9sI7RJIHrKyG43OnqhG0JeKX7OTvuf+iz6HwisyJFquDQPxPMkWD8XQsJtM+ndXKu1+3BGGYlmbEN6sjO2kLhYRIPq33G0qTQiu3Zk1Zv2ppMvYr17zA+KrGxvzIKb3KApMI6PcfLcK0Vm7McC/y6dTF974SY/b4DT4/LxZC7cJDetXbVd0TLoAii+794lvVMsSrV5U/NZHg3D/EuaJryUkp01If8Vs9iaKUk1LlYxRDPENuXst11H71GcaX/scBPGchB7cBF1KzvzxTT2GixJ0YmJOL1jbhtcuwpdqVsU6SU8xevCIK7muaguHJ8cWbDJi6/T80biI1WB4wG4XYFdxcyx+B6EVcgAokpUMwy/xuATJtRMqlNfPKtKfUf0h5nu7RLj/bjEMS3dKmvMLuHpg3spx1t1Kb4Oj2GvPieyabi35JeeDyTCkRJQGFnMFgaK0zsJpvz8UAZBFHsrApAZ7MnVYBYLP5DzdX/hf5b96RN58EUxdoNdoV4oedFkHtnI6o/bp3xKaQL7wfwwDXkOTzEyPcvTLRfu/J84TQ10K+raw3VriOV/z3w01sBbAyTyZ5287yMw188uU3QeH2pT7Uh54YpzjhJTjKHuWmabO2B26u/4/bQoFPF0oLKS6X7v5c0uBSMQ+W2kQPbX84AvdWFWl86igLDPblVGP7Ace8GNi8CoVaaYFxaltAKiGMA4UXpLRXZ+ksxKPvoMm4MhZJhmNOq/fCEOgu0/6NcHMLEL435kc86GCxphLmT5EPehnqRjxhkdNfxUrilffO+U4vFDQlUwkjNoGV4tZo7fHYqFrBpFvw7cbHQwnuEYIu3RxIv/R/B/l7a+tv+ykSuV/9a4lLf7TpbcBOvBlgyK4KPd/+KOWr4ytoQbjjDpEJ/SX24rDMN74XGnsa9Yw0u8H9EWDe5c1UbmMD3AAIOiOEQlE=&u=U2FsdGVkX18CqFxvyocHm7Lr3p+rxK406MWg7gJbe6U=&y=U2FsdGVkX1/QR9q/hjOnTaCMi6k67bpbcola9nrQZoA= HTTP/1.1" 200 26
186.86.32.196 - - [08/Oct/2023:18:02:25 -0500] "GET /kwssiamovil/sm/acme/a?s=U2FsdGVkX1+aQTJ49nezU0HulMZZMQtkqAK2YcB9TqWard4Z0qarVIX6rcR9NCK19JfmzDR9aTpAMBar9YLzvCS9c4F/PZmKhYfxRwI2UmJSvud1Af14wJCFTEUkwxNHXWHx8HhtdeWDUwmGBurIXvuul/vShbkXOgY0PAcTP9Y=&u=U2FsdGVkX18CqFxvyocHm7Lr3p+rxK406MWg7gJbe6U=&y=U2FsdGVkX1/QR9q/hjOnTaCMi6k67bpbcola9nrQZoA= HTTP/1.1" 200 26
186.86.32.196 - - [08/Oct/2023:18:02:25 -0500] "GET /kwssiamovil/sm/acme/a?s=U2FsdGVkX19ChHyivz/q12tnk849iZ7aIcZ/HNvHvetZxYRP8hJ3cfuCHbujzrTMypJ0mkjsX/7zqXHfFJCi0aIRRrE4Hnujqhe2DM0u3EPiyoLnPb8hJbr1pqVRwP+y41nrVLDEWRlHU5eXKPo+yVNCniIZ6EwOiG5Xn0pP83E=&u=U2FsdGVkX18CqFxvyocHm7Lr3p+rxK406MWg7gJbe6U=&y=U2FsdGVkX1/QR9q/hjOnTaCMi6k67bpbcola9nrQZoA= HTTP/1.1" 200 26
186.86.32.196 - - [08/Oct/2023:18:02:25 -0500] "GET /kwssiamovil/sm/acme/a?s=U2FsdGVkX19sXrvjv3jKU6UQ3lFZJQv1YEIcdQzCQZEGURuOo5rdX5RAhRsbTx3UAInUTG5dTeDQBi8vXuJ4hDjbIdA5ZEEzwJj7bIyWVEr/lws447fGAKTBeZAntuYK0K/4tNraH01FYvq1XVXdLbXFKY+Mv92tK2jhqcXizsI=&u=U2FsdGVkX18CqFxvyocHm7Lr3p+rxK406MWg7gJbe6U=&y=U2FsdGVkX1/QR9q/hjOnTaCMi6k67bpbcola9nrQZoA= HTTP/1.1" 200 26
186.86.32.196 - - [08/Oct/2023:18:02:25 -0500] "GET /kwssiamovil/sm/acme/a?s=U2FsdGVkX19PuYGgL/zGV8XoNOllCG8b18WBCFiDdHSGCr+u+60U1sbtj3efqKfHgzdVLXornzY5JJXT+HG3LNy2qntCIoQcW76sZivS7JediO6IZckRldkDIZAbI89NfJQ5WF/8//SeSu7GhdPklOHauDBlGzJsSGrRDugQMRYDcaAS3CBsfLVhEoQ2m+3y&u=U2FsdGVkX18CqFxvyocHm7Lr3p+rxK406MWg7gJbe6U=&y=U2FsdGVkX1/QR9q/hjOnTaCMi6k67bpbcola9nrQZoA= HTTP/1.1" 200 26
186.86.32.196 - - [08/Oct/2023:18:02:25 -0500] "GET /kwssiamovil/sm/acme/a?s=U2FsdGVkX1+ObZgAIyEcdAd1NVdpMdcuh/P+EHFxhRRqh7T7IrKJ2W2rZvWGH+QQLyQ3X3BvjzXu/LtC1ISUtL78Ke0zEKWO5o9SHcqxgpQx5dMWC2aJy4PdcgnOYdADoCieXhPDf9Ng+P2OOx61j+i0rL8eWhdSwl+VubuhSwVFGkZsfyHGTJ3MxXoKkDWmFjj/id4ZHbAfcHqvSd3usg==&u=U2FsdGVkX18CqFxvyocHm7Lr3p+rxK406MWg7gJbe6U=&y=U2FsdGVkX1/QR9q/hjOnTaCMi6k67bpbcola9nrQZoA= HTTP/1.1" 200 26
186.86.32.196 - - [08/Oct/2023:18:02:26 -0500] "GET /kwssiamovil/sm/acme/a?s=U2FsdGVkX1+dGItY9P24LYr/032YLzhAWUy2l8pmbYwwxU4caC1vTa8QN2C12J0+zKSREONflNwDHiIIGH/PieWL5mUboWisHSC+MqHwYRgWop9mvS2YgHMfxt1X5tNn30aKeel0LjbrYFf1bmUVLtd3WsoZIXUMsLDpDIWT+Aif3P2usAfhOW+2as69fbKx&u=U2FsdGVkX18CqFxvyocHm7Lr3p+rxK406MWg7gJbe6U=&y=U2FsdGVkX1/QR9q/hjOnTaCMi6k67bpbcola9nrQZoA= HTTP/1.1" 200 26
186.86.32.196 - - [08/Oct/2023:18:02:26 -0500] "GET /kwssiamovil/sm/acme/a?s=U2FsdGVkX18MsV9maDDxWOnBnfw8t953W9bHzh4Y4UseEwgWGukAIcnM8EjDHCG8bbNDmNGdnroBXKPt+mZAReDx8bheMAv49/Vv7SyYHK2Rc+2nISUf/C/DF0Kayv1Bo3IBBKFvBSHpd1LoVGQURbe/GUPNvT8HQ4WCR5O7B6TuexDrr4QvxmeIo4MGcsBY8c2NS4rvdTYprW+RdvK6Hq2UCzvdyJhB8cd3jZIjAao=&u=U2FsdGVkX18CqFxvyocHm7Lr3p+rxK406MWg7gJbe6U=&y=U2FsdGVkX1/QR9q/hjOnTaCMi6k67bpbcola9nrQZoA= HTTP/1.1" 200 26
186.83.246.35 - - [08/Oct/2023:18:02:26 -0500] "GET /BLA/resoluciones/dlf/dirup.png HTTP/1.1" 200 644
186.83.246.35 - - [08/Oct/2023:18:02:26 -0500] "GET /BLA/resoluciones/dlf/pdf.gif HTTP/1.1" 200 272
186.86.32.196 - - [08/Oct/2023:18:02:26 -0500] "GET /kwssiamovil/sm/acme/a?s=U2FsdGVkX1+ZYDKmfitf6qbrnhruPzXU9yel7xYi2MkhX5rXEodqIc8usAoVdU7Oa734AYAW11m7oCpluEimlovmIiqrge4LNioD+xK8PwpfQ/w3I6GBc8Qc9Ht1FkybOq6BoF4IwqqJZaqn8jj7EnT9fPnjPou1TpLYbElHwtzooal91JBaAqyWX2mrj5Lxcu50D+2VxSdAuwYgllH9TA==&u=U2FsdGVkX18CqFxvyocHm7Lr3p+rxK406MWg7gJbe6U=&y=U2FsdGVkX1/QR9q/hjOnTaCMi6k67bpbcola9nrQZoA= HTTP/1.1" 200 26
186.83.246.35 - - [08/Oct/2023:18:02:26 -0500] "GET /BLA/resoluciones/dlf/archive.png HTTP/1.1" 200 632
186.86.32.196 - - [08/Oct/2023:18:02:26 -0500] "GET /kwssiamovil/sm/acme/a?s=U2FsdGVkX1/Gs1NLLYItmD2K/JMvtlzyyAH8lghDVm1EadK0F7K084W+aggs6MpO/YBoVLC+wYn/Vt3GiKDqYCq+dldeKUTLrBJS901mnIkgjTCX7uyCw+6lCUvtHyrZR/YbZGRL5pMXl71o6Hba6NLFQt/6LB9EWwHbi1evxWNU0DxuGm8mqJsxnIdtQebSQOry5oSRKLPWHddiOJPp1Q==&u=U2FsdGVkX18CqFxvyocHm7Lr3p+rxK406MWg7gJbe6U=&y=U2FsdGVkX1/QR9q/hjOnTaCMi6k67bpbcola9nrQZoA= HTTP/1.1" 200 26
186.83.246.35 - - [08/Oct/2023:18:02:26 -0500] "GET /BLA/resoluciones/index.php?dir=AUTOS+2022%2F HTTP/1.1" 200 506343
186.86.32.196 - - [08/Oct/2023:18:02:26 -0500] "GET /kwssiamovil/sm/acme/a?s=U2FsdGVkX1/+V/1rBcA7TBydue0nVc2CCaEQFlw9FwrzfTbR7H3jXLe8XF5nNCbRhoOlVOqS+IjP+qyNIWKN3fU7JCce0vb8be+PloB1aIcziZh1LR1pworpaJzoV+DN+xDirNJ/FFLO9ZlwPmFDJHkwRjSCGVn6xZdTXKBG2oVE9R4deCy0E2l9KzF5Hz5Y&u=U2FsdGVkX18CqFxvyocHm7Lr3p+rxK406MWg7gJbe6U=&y=U2FsdGVkX1/QR9q/hjOnTaCMi6k67bpbcola9nrQZoA= HTTP/1.1" 200 26
186.86.32.196 - - [08/Oct/2023:18:02:26 -0500] "GET /kwssiamovil/sm/acme/a?s=U2FsdGVkX19P9LPfmCnJFRWmhI/ZzzfRB1qajaaQRjtgq3K4NQJ3lE5QVrqrhG855k9QRZ+AkFeauta8n2h1WxVJ9/RB6GPSuyrU+u25zJAqZ4WaaFKXWZiA0mh1ZjW1ijn3J6dC/rt2sKdz8IUm2Oq2NpEQOZGDFseNpualWDIVhnvWbpfMmBiIIxfnIEtNNUSncUsotL257ZGxltsXCw==&u=U2FsdGVkX18CqFxvyocHm7Lr3p+rxK406MWg7gJbe6U=&y=U2FsdGVkX1/QR9q/hjOnTaCMi6k67bpbcola9nrQZoA= HTTP/1.1" 200 26
186.86.32.196 - - [08/Oct/2023:18:02:27 -0500] "GET /kwssiamovil/sm/acme/a?s=U2FsdGVkX19MOrysD0ij/uY53i1+hFku0gBsxqNs+FBrLtVgDmZ1BtKtfJ8eslp0X9nbScBOM0xQCPRDivq/TpqKBfv+4abGlcaiEvxDcg8Ge8CDd7dHhic3/r7tyJSHFvdA+vyjXcLf/rsBTtie+HT/ozMeLt313fOW+o/WhsShWooOJuGoSWuS0EjXuH9y&u=U2FsdGVkX18CqFxvyocHm7Lr3p+rxK406MWg7gJbe6U=&y=U2FsdGVkX1/QR9q/hjOnTaCMi6k67bpbcola9nrQZoA= HTTP/1.1" 200 26
186.86.32.196 - - [08/Oct/2023:18:02:27 -0500] "GET /kwssiamovil/sm/acme/a?s=U2FsdGVkX18OLO/1gxJ43zrYsbL4Wsw98fVMUaYZljt/+8haQgDcGZem42KDD+qMjjLpEe+SjHHhd/NRdmYpw19nIPt4hCLGJHybagRIkdb+MX4n19gjsuGVjvFw52OTwZQ5YhrM/lKq9ioIAEQ+OXzNaHm+HwB8e26SNlj/XSsTc/nGyhPOlA7LTJ16YZRk7faR8xNef3wfZc9QsJM8Fw==&u=U2FsdGVkX18CqFxvyocHm7Lr3p+rxK406MWg7gJbe6U=&y=U2FsdGVkX1/QR9q/hjOnTaCMi6k67bpbcola9nrQZoA= HTTP/1.1" 200 26
186.86.32.196 - - [08/Oct/2023:18:02:27 -0500] "GET /kwssiamovil/sm/acme/a?s=U2FsdGVkX1+yf5g2DyywjSpWv6bUYudobB+WfqXMpBbeMAapHHLbnPbsNyBwj8xyzFNaWcLVANWIvz5J9Xbnpm/jvlu4XMs0OwrVKJ5Jy35l2kL5G+tDSI6hsOk0Ux+dbNOc+Bc2CGtpg0C4ikCDiHFGq+S6lbGmxMwiT9jQgA8/kg6Y8sMzj5mvsMaSqdPs&u=U2FsdGVkX18CqFxvyocHm7Lr3p+rxK406MWg7gJbe6U=&y=U2FsdGVkX1/QR9q/hjOnTaCMi6k67bpbcola9nrQZoA= HTTP/1.1" 200 26
172.22.2.4 - - [08/Oct/2023:18:02:00 -0500] "GET /BLA/boletinlegal/ HTTP/1.1" 200 32715
216.244.66.195 - - [08/Oct/2023:18:02:45 -0500] "GET /BLA/resoluciones/AUTOS%202009/1355.pdf HTTP/1.1" 200 101779
201.245.192.253 - - [08/Oct/2023:18:02:47 -0500] "POST /forms/lservlet;jsessionid=ac16012b30d6e3ac83cfa34d44e69cdfe83dd14ea1cd.e3iSbxaKaheRe34Pbx8Nc3aQci1ynknvrkLOlQzNp65In0 HTTP/1.1" 200 2
201.245.192.253 - - [08/Oct/2023:18:02:52 -0500] "POST /forms/lservlet;jsessionid=ac16012b30d631b237d665c3491e938ed2fcaf258f77.e3iSbxaKaheRe34Pbx8Nc3aQci1ynknvrkLOlQzNp65In0 HTTP/1.1" 200 2
216.244.66.195 - - [08/Oct/2023:18:03:19 -0500] "GET /BLA/resoluciones/AUTOS%202009/1787.pdf HTTP/1.1" 200 98240
216.244.66.195 - - [08/Oct/2023:18:03:53 -0500] "GET /BLA/resoluciones/AUTOS%202009/2605.pdf HTTP/1.1" 200 105785
172.22.2.4 - - [08/Oct/2023:18:02:21 -0500] "HEAD /BLA/boletinlegal/ HTTP/1.1" 200 -
216.244.66.195 - - [08/Oct/2023:18:04:22 -0500] "GET /BLA/resoluciones/AUTOS%202009/2711.pdf HTTP/1.1" 200 125649
201.245.192.253 - - [08/Oct/2023:18:04:47 -0500] "POST /forms/lservlet;jsessionid=ac16012b30d6e3ac83cfa34d44e69cdfe83dd14ea1cd.e3iSbxaKaheRe34Pbx8Nc3aQci1ynknvrkLOlQzNp65In0 HTTP/1.1" 200 2
201.245.192.253 - - [08/Oct/2023:18:04:49 -0500] "POST /kwsrmcab/Wsrmcab  HTTP/1.1" 200 42851
201.245.192.253 - - [08/Oct/2023:18:04:52 -0500] "POST /forms/lservlet;jsessionid=ac16012b30d631b237d665c3491e938ed2fcaf258f77.e3iSbxaKaheRe34Pbx8Nc3aQci1ynknvrkLOlQzNp65In0 HTTP/1.1" 200 2
172.22.2.4 - - [08/Oct/2023:18:03:12 -0500] "GET /BLA/boletinlegal/ HTTP/1.1" 200 58187
216.244.66.195 - - [08/Oct/2023:18:05:00 -0500] "GET /BLA/resoluciones/AUTOS%202009/2714.pdf HTTP/1.1" 200 108953
216.244.66.195 - - [08/Oct/2023:18:05:34 -0500] "GET /BLA/resoluciones/AUTOS%202009/2842.pdf HTTP/1.1" 200 82000
216.244.66.195 - - [08/Oct/2023:18:06:05 -0500] "GET /BLA/resoluciones/AUTOS%202009/2844.pdf HTTP/1.1" 200 99190
216.244.66.195 - - [08/Oct/2023:18:06:36 -0500] "GET /BLA/resoluciones/AUTOS%202011/0038.pdf HTTP/1.1" 200 174881
201.245.192.253 - - [08/Oct/2023:18:06:47 -0500] "POST /forms/lservlet;jsessionid=ac16012b30d6e3ac83cfa34d44e69cdfe83dd14ea1cd.e3iSbxaKaheRe34Pbx8Nc3aQci1ynknvrkLOlQzNp65In0 HTTP/1.1" 200 2
201.245.192.253 - - [08/Oct/2023:18:06:52 -0500] "POST /forms/lservlet;jsessionid=ac16012b30d631b237d665c3491e938ed2fcaf258f77.e3iSbxaKaheRe34Pbx8Nc3aQci1ynknvrkLOlQzNp65In0 HTTP/1.1" 200 2
216.245.221.92 - - [08/Oct/2023:18:07:00 -0500] "HEAD / HTTP/1.1" 200 -
216.244.66.195 - - [08/Oct/2023:18:07:05 -0500] "GET /BLA/resoluciones/AUTOS%202011/0335.pdf HTTP/1.1" 200 314810
216.244.66.195 - - [08/Oct/2023:18:07:50 -0500] "GET /BLA/resoluciones/AUTOS%202011/0552.pdf HTTP/1.1" 200 285887
216.244.66.195 - - [08/Oct/2023:18:08:31 -0500] "GET /BLA/resoluciones/AUTOS%202011/0664.pdf HTTP/1.1" 200 99407
201.245.192.253 - - [08/Oct/2023:18:08:47 -0500] "POST /forms/lservlet;jsessionid=ac16012b30d6e3ac83cfa34d44e69cdfe83dd14ea1cd.e3iSbxaKaheRe34Pbx8Nc3aQci1ynknvrkLOlQzNp65In0 HTTP/1.1" 200 2
201.245.192.253 - - [08/Oct/2023:18:08:52 -0500] "POST /forms/lservlet;jsessionid=ac16012b30d631b237d665c3491e938ed2fcaf258f77.e3iSbxaKaheRe34Pbx8Nc3aQci1ynknvrkLOlQzNp65In0 HTTP/1.1" 200 2
216.244.66.195 - - [08/Oct/2023:18:09:07 -0500] "GET /BLA/resoluciones/AUTOS%202011/0690.pdf HTTP/1.1" 200 100791
77.73.49.254 - - [08/Oct/2023:18:09:21 -0500] "GET / HTTP/1.1" 200 319
216.244.66.195 - - [08/Oct/2023:18:09:40 -0500] "GET /BLA/resoluciones/AUTOS%202011/0940.pdf HTTP/1.1" 200 233793
201.245.192.253 - - [08/Oct/2023:18:09:48 -0500] "POST /kwsrmcab/Wsrmcab  HTTP/1.1" 200 42851
172.22.2.4 - - [08/Oct/2023:18:08:11 -0500] "HEAD /BLA/boletinlegal/ HTTP/1.1" 200 -
216.244.66.195 - - [08/Oct/2023:18:10:18 -0500] "GET /BLA/resoluciones/AUTOS%202011/1015.pdf HTTP/1.1" 200 123771
172.22.2.4 - - [08/Oct/2023:18:09:02 -0500] "GET /BLA/boletinlegal/ HTTP/1.1" 200 57323
201.245.192.253 - - [08/Oct/2023:18:10:47 -0500] "POST /forms/lservlet;jsessionid=ac16012b30d6e3ac83cfa34d44e69cdfe83dd14ea1cd.e3iSbxaKaheRe34Pbx8Nc3aQci1ynknvrkLOlQzNp65In0 HTTP/1.1" 200 2
216.244.66.195 - - [08/Oct/2023:18:10:48 -0500] "GET /BLA/resoluciones/AUTOS%202011/1132.pdf HTTP/1.1" 200 250468
201.245.192.253 - - [08/Oct/2023:18:10:52 -0500] "POST /forms/lservlet;jsessionid=ac16012b30d631b237d665c3491e938ed2fcaf258f77.e3iSbxaKaheRe34Pbx8Nc3aQci1ynknvrkLOlQzNp65In0 HTTP/1.1" 200 2
51.222.253.14 - - [08/Oct/2023:18:11:04 -0500] "GET /robots.txt HTTP/1.1" 404 1035
51.222.253.10 - - [08/Oct/2023:18:11:06 -0500] "GET /portaldeninos/agua-y-estructura-ecologica-principal HTTP/1.1" 301 -
51.222.253.6 - - [08/Oct/2023:18:11:06 -0500] "GET /portaldeninos/aire/ HTTP/1.1" 200 88215
51.222.253.1 - - [08/Oct/2023:18:11:06 -0500] "GET /portaldeninos/aula-ambiental-artistica-itinerante-auambari/ HTTP/1.1" 200 89306
51.222.253.19 - - [08/Oct/2023:18:11:07 -0500] "GET /portaldeninos/aulas-ambientales-2/parque-ecologico-distrital-de-montana-entrenubes/ HTTP/1.1" 200 90406
51.222.253.1 - - [08/Oct/2023:18:11:08 -0500] "GET /portaldeninos/aulas-ambientales/ HTTP/1.1" 200 88416
51.222.253.11 - - [08/Oct/2023:18:11:09 -0500] "GET /portaldeninos/aulas-ambientales/aula-ambiental-sorotama/ HTTP/1.1" 200 89596
51.222.253.8 - - [08/Oct/2023:18:11:10 -0500] "GET /portaldeninos/biodiversidad HTTP/1.1" 301 -
51.222.253.12 - - [08/Oct/2023:18:11:10 -0500] "GET /portaldeninos/wp-content/uploads/2021/07/Banners-pa%CC%81gina-de-nin%CC%83os12-1-1024x50.jpg HTTP/1.1" 200 3862
51.222.253.11 - - [08/Oct/2023:18:11:10 -0500] "GET /portaldeninos/wp-content/uploads/2021/07/auambari-foto-portal-ni%C3%B1os.jpg HTTP/1.1" 200 36962
51.222.253.14 - - [08/Oct/2023:18:11:10 -0500] "GET /portaldeninos/wp-content/uploads/2021/07/Banners-pa%CC%81gina-de-nin%CC%83os3.jpg HTTP/1.1" 200 33682
51.222.253.3 - - [08/Oct/2023:18:11:10 -0500] "GET /portaldeninos/contactanos/ HTTP/1.1" 200 88135
51.222.253.9 - - [08/Oct/2023:18:11:11 -0500] "GET /portaldeninos/wp-content/plugins/gallery-videos/CSS/totalsoft.css?ver=4.9.8 HTTP/1.1" 200 40622
51.222.253.14 - - [08/Oct/2023:18:11:11 -0500] "GET /portaldeninos/wp-content/uploads/2021/07/imagenes-con-marcos-pa%CC%81gina-de-nin%CC%83os-aulas-ambientales.jpg HTTP/1.1" 200 44227
51.222.253.19 - - [08/Oct/2023:18:11:11 -0500] "GET /portaldeninos/wp-content/uploads/2021/07/Banners-pa%CC%81gina-de-nin%CC%83os-aula-ambiental.jpg HTTP/1.1" 200 31812
51.222.253.18 - - [08/Oct/2023:18:11:12 -0500] "GET /portaldeninos/wp-content/uploads/2021/07/Banners-pa%CC%81gina-de-nin%CC%83os4.jpg HTTP/1.1" 200 27901
51.222.253.14 - - [08/Oct/2023:18:11:12 -0500] "GET /portaldeninos/wp-content/uploads/2021/07/imagenes-con-marcos-pa%CC%81gina-de-nin%CC%83os-parque-entrenubes-1.jpg HTTP/1.1" 200 38322
51.222.253.18 - - [08/Oct/2023:18:11:11 -0500] "GET /portaldeninos/corresponsal-ambiental/ HTTP/1.1" 200 93768
51.222.253.13 - - [08/Oct/2023:18:11:12 -0500] "GET /portaldeninos/wp-content/themes/betheme/js/menu.js?ver=20.9.6 HTTP/1.1" 200 2449
51.222.253.5 - - [08/Oct/2023:18:11:12 -0500] "GET /portaldeninos/gestion-del-riesgo-incendios-forestales HTTP/1.1" 301 -
51.222.253.9 - - [08/Oct/2023:18:11:13 -0500] "GET /portaldeninos/wp-content/uploads/2021/07/Banners-pa%CC%81gina-de-nin%CC%83os1.jpg HTTP/1.1" 200 22258
51.222.253.3 - - [08/Oct/2023:18:11:12 -0500] "GET /portaldeninos/fauna/ HTTP/1.1" 200 88429
51.222.253.16 - - [08/Oct/2023:18:11:13 -0500] "GET /portaldeninos/wp-content/uploads/2021/07/imagenes-con-marcos-pa%CC%81gina-de-nin%CC%83os-aula-soratama.jpg HTTP/1.1" 200 42527
51.222.253.7 - - [08/Oct/2023:18:11:13 -0500] "GET /portaldeninos/wp-content/themes/betheme/assets/animations/animations.min.css?ver=20.9.6 HTTP/1.1" 200 58508
51.222.253.16 - - [08/Oct/2023:18:11:14 -0500] "GET /portaldeninos/wp-includes/js/wp-embed.min.js?ver=4.9.8 HTTP/1.1" 200 1398
51.222.253.14 - - [08/Oct/2023:18:11:13 -0500] "GET /portaldeninos/aula-ambiental-artistica-itinerante-auambari/ HTTP/1.1" 200 89306
51.222.253.3 - - [08/Oct/2023:18:11:14 -0500] "GET /portaldeninos/wp-content/uploads/2021/07/Banners-pa%CC%81gina-de-nin%CC%83os-contactanos.jpg HTTP/1.1" 200 17211
51.222.253.2 - - [08/Oct/2023:18:11:14 -0500] "GET /portaldeninos/wp-content/uploads/2021/05/corresponsal-ambiental-10-mayo.jpg HTTP/1.1" 200 87975
51.222.253.13 - - [08/Oct/2023:18:11:15 -0500] "GET /portaldeninos/wp-content/uploads/useanyfont/uaf.css?ver=1589905315 HTTP/1.1" 200 408
51.222.253.12 - - [08/Oct/2023:18:11:14 -0500] "GET /portaldeninos/glosario/ HTTP/1.1" 200 97198
51.222.253.9 - - [08/Oct/2023:18:11:15 -0500] "GET /portaldeninos/wp-content/uploads/2021/07/Banners-pa%CC%81gina-de-nin%CC%83os10-1024x50.jpg HTTP/1.1" 200 6376
51.222.253.19 - - [08/Oct/2023:18:11:15 -0500] "GET /portaldeninos/humedal-capellania-2/ HTTP/1.1" 200 87949
51.222.253.2 - - [08/Oct/2023:18:11:16 -0500] "GET /portaldeninos/wp-includes/js/jquery/ui/core.min.js?ver=1.11.4 HTTP/1.1" 200 4000
51.222.253.10 - - [08/Oct/2023:18:11:16 -0500] "GET /portaldeninos/wp-content/uploads/2021/07/corresponsal-ambiental.jpg HTTP/1.1" 200 76114
51.222.253.9 - - [08/Oct/2023:18:11:16 -0500] "GET /portaldeninos/wp-includes/js/jquery/ui/sortable.min.js?ver=1.11.4 HTTP/1.1" 200 24899
51.222.253.9 - - [08/Oct/2023:18:11:16 -0500] "GET /portaldeninos/humedal-cordoba-2/ HTTP/1.1" 200 88041
51.222.253.17 - - [08/Oct/2023:18:11:16 -0500] "GET /portaldeninos/wp-content/uploads/2021/10/infografia-fauna-ni%C3%B1os-ambientic.jpg HTTP/1.1" 200 295755
51.222.253.2 - - [08/Oct/2023:18:11:17 -0500] "GET /portaldeninos/wp-content/uploads/2021/07/Banners-pa%CC%81gina-de-nin%CC%83os-Glosario.jpg HTTP/1.1" 200 16446
51.222.253.18 - - [08/Oct/2023:18:11:16 -0500] "GET /portaldeninos/humedal-el-burro-2/ HTTP/1.1" 200 87926
51.222.253.12 - - [08/Oct/2023:18:11:17 -0500] "GET /portaldeninos/wp-content/themes/betheme/css/responsive.css?ver=20.9.6 HTTP/1.1" 200 55740
51.222.253.4 - - [08/Oct/2023:18:11:17 -0500] "GET /portaldeninos/corresponsal-ambiental/ HTTP/1.1" 200 93768
51.222.253.10 - - [08/Oct/2023:18:11:18 -0500] "GET /portaldeninos/wp-content/uploads/2020/11/Capellan%C3%ADa-B-1024x576.jpg HTTP/1.1" 200 100158
51.222.253.17 - - [08/Oct/2023:18:11:18 -0500] "GET /portaldeninos/wp-content/themes/betheme/css/shortcodes.css?ver=20.9.6 HTTP/1.1" 200 138889
51.222.253.16 - - [08/Oct/2023:18:11:18 -0500] "GET /portaldeninos/wp-content/uploads/2021/07/Banners-pa%CC%81gina-de-nin%CC%83os15.jpg HTTP/1.1" 200 26763
51.222.253.8 - - [08/Oct/2023:18:11:19 -0500] "GET /portaldeninos/wp-content/themes/betheme/style.css?ver=20.9.6 HTTP/1.1" 200 287
51.222.253.9 - - [08/Oct/2023:18:11:19 -0500] "GET /portaldeninos/humedal-el-tunjo/ HTTP/1.1" 200 87661
51.222.253.15 - - [08/Oct/2023:18:11:19 -0500] "GET /portaldeninos/wp-content/uploads/2020/11/C%C3%B3rdoba-B-1024x576.jpg HTTP/1.1" 200 121531
51.222.253.8 - - [08/Oct/2023:18:11:19 -0500] "GET /portaldeninos/wp-content/uploads/2020/11/EL-Burro-B-1-1024x576.jpg HTTP/1.1" 200 120653
51.222.253.1 - - [08/Oct/2023:18:11:19 -0500] "GET /portaldeninos/humedal-jaboque-2/ HTTP/1.1" 200 87846
51.222.253.20 - - [08/Oct/2023:18:11:20 -0500] "GET /portaldeninos/wp-content/uploads/2021/09/infograf%C3%ADa-aire-septiembre.jpg HTTP/1.1" 200 333982
51.222.253.20 - - [08/Oct/2023:18:11:20 -0500] "GET /portaldeninos/humedal-juan-amarillo-2/ HTTP/1.1" 200 88155
51.222.253.14 - - [08/Oct/2023:18:11:21 -0500] "GET /portaldeninos/wp-content/uploads/2020/11/El-Tunjo-B-1024x576.jpg HTTP/1.1" 200 136067
51.222.253.10 - - [08/Oct/2023:18:11:21 -0500] "GET /portaldeninos/humedal-la-conejera-2/ HTTP/1.1" 200 88020
51.222.253.2 - - [08/Oct/2023:18:11:21 -0500] "GET /portaldeninos/wp-content/uploads/2020/11/Jaboque-B-1024x576.jpg HTTP/1.1" 200 113926
51.222.253.13 - - [08/Oct/2023:18:11:22 -0500] "GET /portaldeninos/wp-content/themes/betheme/assets/ui/jquery.ui.all.css?ver=20.9.6 HTTP/1.1" 200 18765
51.222.253.10 - - [08/Oct/2023:18:11:22 -0500] "GET /portaldeninos/humedal-la-vaca-2/ HTTP/1.1" 200 87837
51.222.253.8 - - [08/Oct/2023:18:11:22 -0500] "GET /portaldeninos/wp-content/uploads/2020/11/Juan-Amarillo-B-1024x576.jpg HTTP/1.1" 200 102324
51.222.253.6 - - [08/Oct/2023:18:11:23 -0500] "GET /portaldeninos/wp-content/themes/betheme/assets/jplayer/css/jplayer.blue.monday.css?ver=20.9.6 HTTP/1.1" 200 9834
51.222.253.9 - - [08/Oct/2023:18:11:23 -0500] "GET /portaldeninos/humedal-santa-maria-del-lago/ HTTP/1.1" 200 88988
51.222.253.7 - - [08/Oct/2023:18:11:23 -0500] "GET /portaldeninos/humedal-tibanica-2/ HTTP/1.1" 200 87771
216.244.66.195 - - [08/Oct/2023:18:11:24 -0500] "GET /BLA/resoluciones/AUTOS%202011/1503.pdf HTTP/1.1" 200 251752
51.222.253.15 - - [08/Oct/2023:18:11:25 -0500] "GET /portaldeninos/wp-content/plugins/google-analytics-for-wordpress/assets/js/frontend-gtag.min.js?ver=8.5.0 HTTP/1.1" 200 11801
51.222.253.8 - - [08/Oct/2023:18:11:24 -0500] "GET /portaldeninos/humedal-torca-y-guaymaral-2/ HTTP/1.1" 200 88086
51.222.253.16 - - [08/Oct/2023:18:11:26 -0500] "GET /portaldeninos/humedales-ramsar/ HTTP/1.1" 200 89255
51.222.253.8 - - [08/Oct/2023:18:11:26 -0500] "GET /portaldeninos/wp-content/plugins/gallery-videos/JS/Total-Soft-Gallery-Video-Widget.js?ver=4.9.8 HTTP/1.1" 200 80264
51.222.253.11 - - [08/Oct/2023:18:11:26 -0500] "GET /portaldeninos/wp-content/uploads/2020/11/La-Conejera-B-1024x576.jpg HTTP/1.1" 200 133196
51.222.253.19 - - [08/Oct/2023:18:11:27 -0500] "GET /portaldeninos/wp-content/uploads/2020/11/La-Vaca-B-1024x576.jpg HTTP/1.1" 200 120561
51.222.253.6 - - [08/Oct/2023:18:11:27 -0500] "GET /portaldeninos/los-arboles/ HTTP/1.1" 200 87546
51.222.253.14 - - [08/Oct/2023:18:11:27 -0500] "GET /portaldeninos/wp-content/themes/betheme/js/scripts.js?ver=20.9.6 HTTP/1.1" 200 77162
51.222.253.7 - - [08/Oct/2023:18:11:27 -0500] "GET /portaldeninos/wp-content/uploads/2020/11/Santa-Mar%C3%ADa-B-1024x576.jpg HTTP/1.1" 200 146269
51.222.253.6 - - [08/Oct/2023:18:11:28 -0500] "GET /portaldeninos/wp-content/uploads/2020/11/Torca-Guaymaral-B-1024x576.jpg HTTP/1.1" 200 140262
51.222.253.10 - - [08/Oct/2023:18:11:28 -0500] "GET /portaldeninos/wp-content/uploads/2020/11/Tibanica-B-1024x576.jpg HTTP/1.1" 200 144749
51.222.253.3 - - [08/Oct/2023:18:11:29 -0500] "GET /portaldeninos/wp-includes/js/jquery/ui/mouse.min.js?ver=1.11.4 HTTP/1.1" 200 3148
51.222.253.8 - - [08/Oct/2023:18:11:28 -0500] "GET /portaldeninos/los-arboles/tips/ HTTP/1.1" 200 87677
51.222.253.4 - - [08/Oct/2023:18:11:29 -0500] "GET /portaldeninos/wp-content/uploads/2020/11/Pieza-3-B_-1-1024x576.jpg HTTP/1.1" 200 107569
51.222.253.15 - - [08/Oct/2023:18:11:30 -0500] "GET /portaldeninos/wp-content/uploads/2021/07/Banners-pa%CC%81gina-de-nin%CC%83os2-1024x50.jpg HTTP/1.1" 200 9254
51.222.253.12 - - [08/Oct/2023:18:11:29 -0500] "GET /portaldeninos/parque-ecologico-distrital-humedal-santa-maria-del-lago/ HTTP/1.1" 200 90199
51.222.253.11 - - [08/Oct/2023:18:11:30 -0500] "GET /portaldeninos/wp-content/plugins/gallery-videos/CSS/Total-Soft-Gallery-Video-Widget.css?ver=4.9.8 HTTP/1.1" 200 51554
51.222.253.3 - - [08/Oct/2023:18:11:31 -0500] "GET /portaldeninos/wp-content/themes/betheme/assets/animations/animations.min.js?ver=20.9.6 HTTP/1.1" 200 1896
51.222.253.17 - - [08/Oct/2023:18:11:31 -0500] "GET /portaldeninos/wp-content/uploads/2021/07/Banners-pa%CC%81gina-de-nin%CC%83os-humedales-de-Bogota%CC%81-1024x50.jpg HTTP/1.1" 200 9699
51.222.253.2 - - [08/Oct/2023:18:11:30 -0500] "GET /portaldeninos/parque-mirador-de-los-nevados/ HTTP/1.1" 200 89855
51.222.253.8 - - [08/Oct/2023:18:11:31 -0500] "GET /portaldeninos/wp-content/uploads/2021/07/Banners-pa%CC%81gina-de-nin%CC%83os8-1024x50.jpg HTTP/1.1" 200 6743
51.222.253.14 - - [08/Oct/2023:18:11:31 -0500] "GET /portaldeninos/wp-content/plugins/gallery-videos/JS/modernizr.custom.js?ver=4.9.8 HTTP/1.1" 200 9019
51.222.253.11 - - [08/Oct/2023:18:11:31 -0500] "GET /portaldeninos/publicidad/ HTTP/1.1" 200 87569
51.222.253.16 - - [08/Oct/2023:18:11:32 -0500] "GET /portaldeninos/que-es-cambio-climatico HTTP/1.1" 301 -
51.222.253.7 - - [08/Oct/2023:18:11:32 -0500] "GET /portaldeninos/wp-content/uploads/2021/07/Banners-pa%CC%81gina-de-nin%CC%83os2.jpg HTTP/1.1" 200 33818
51.222.253.18 - - [08/Oct/2023:18:11:30 -0500] "GET /portaldeninos/wp-content/uploads/2020/03/arbolitos.gif HTTP/1.1" 200 1515203
51.222.253.18 - - [08/Oct/2023:18:11:32 -0500] "GET /portaldeninos/wp-content/themes/betheme/css/layout.css?ver=20.9.6 HTTP/1.1" 200 116639
51.222.253.12 - - [08/Oct/2023:18:11:33 -0500] "GET /portaldeninos/wp-content/uploads/2021/07/imagenes-con-marcos-pa%CC%81gina-de-nin%CC%83os-humedal-santa-mari%CC%81a-del-lago.jpg HTTP/1.1" 200 29226
51.222.253.13 - - [08/Oct/2023:18:11:33 -0500] "GET /portaldeninos/wp-content/uploads/2021/07/imagenes-con-marcos-pa%CC%81gina-de-nin%CC%83os-parque-los-nevados.jpg HTTP/1.1" 200 48675
51.222.253.6 - - [08/Oct/2023:18:11:33 -0500] "GET /portaldeninos/wp-content/uploads/2021/07/Banners-pa%CC%81gina-de-nin%CC%83os14.jpg HTTP/1.1" 200 27217
51.222.253.3 - - [08/Oct/2023:18:11:33 -0500] "GET /portaldeninos/relatos-urbanos-de-los-ecosistemas-bogotanos-2/ HTTP/1.1" 200 88374
51.222.253.1 - - [08/Oct/2023:18:11:34 -0500] "GET /portaldeninos/residuos HTTP/1.1" 301 -
51.222.253.13 - - [08/Oct/2023:18:11:34 -0500] "GET /portaldeninos/wp-content/uploads/2021/07/Banners-pa%CC%81gina-de-nin%CC%83os7-1024x50.jpg HTTP/1.1" 200 4930
51.222.253.8 - - [08/Oct/2023:18:11:33 -0500] "GET /portaldeninos/wp-content/themes/betheme/js/plugins.js?ver=20.9.6 HTTP/1.1" 200 197151
51.222.253.2 - - [08/Oct/2023:18:11:34 -0500] "GET /portaldeninos/wp-content/uploads/2021/07/Banners-pa%CC%81gina-de-nin%CC%83os5.jpg HTTP/1.1" 200 33413
51.222.253.14 - - [08/Oct/2023:18:11:35 -0500] "GET /portaldeninos/wp-content/uploads/2019/08/Logo-Ambientic.png HTTP/1.1" 200 22941
51.222.253.5 - - [08/Oct/2023:18:11:35 -0500] "GET /portaldeninos/wp-content/uploads/2022/04/banner-pa%CC%81gina-de-nin%CC%83os-libro-digital-abril.jpg HTTP/1.1" 200 9529
51.222.253.19 - - [08/Oct/2023:18:11:34 -0500] "GET /portaldeninos/ruido/ HTTP/1.1" 200 88494
51.222.253.2 - - [08/Oct/2023:18:11:36 -0500] "GET /portaldeninos/wp-content/themes/betheme/assets/jplayer/jplayer.min.js?ver=20.9.6 HTTP/1.1" 200 52702
51.222.253.19 - - [08/Oct/2023:18:11:35 -0500] "GET /portaldeninos/tipos-de-arboles-en-bogota/ HTTP/1.1" 200 109802
51.222.253.2 - - [08/Oct/2023:18:11:37 -0500] "GET /portaldeninos/wp-content/themes/betheme/css/base.css?ver=20.9.6 HTTP/1.1" 200 57283
51.222.253.3 - - [08/Oct/2023:18:11:37 -0500] "GET /portaldeninos/wp-content/uploads/2021/07/Banners-pa%CC%81gina-de-nin%CC%83os13.jpg HTTP/1.1" 200 20920
51.222.253.18 - - [08/Oct/2023:18:11:38 -0500] "GET /portaldeninos/wp-includes/js/jquery/ui/widget.min.js?ver=1.11.4 HTTP/1.1" 200 6908
51.222.253.20 - - [08/Oct/2023:18:11:38 -0500] "GET /portaldeninos/wp-includes/js/jquery/jquery-migrate.min.js?ver=1.4.1 HTTP/1.1" 200 10056
51.222.253.2 - - [08/Oct/2023:18:11:38 -0500] "GET /portaldeninos/wp-content/uploads/2021/06/infograf%C3%ADa-ruido_optimized.jpg HTTP/1.1" 200 268472
51.222.253.20 - - [08/Oct/2023:18:11:38 -0500] "GET /portaldeninos/wp-content/uploads/2019/09/Pino-Romer%C3%B3n-%C3%A1rboles.jpg HTTP/1.1" 200 414717
51.222.253.14 - - [08/Oct/2023:18:11:39 -0500] "GET /portaldeninos/wp-includes/js/jquery/jquery.js?ver=1.12.4 HTTP/1.1" 200 97184
51.222.253.1 - - [08/Oct/2023:18:11:41 -0500] "GET /portaldeninos/wp-includes/js/jquery/ui/tabs.min.js?ver=1.11.4 HTTP/1.1" 200 12110
51.222.253.5 - - [08/Oct/2023:18:11:41 -0500] "GET /portaldeninos/wp-content/uploads/2019/09/Introducci%C3%B3n-%C3%A1rboles.jpg HTTP/1.1" 200 264318
51.222.253.7 - - [08/Oct/2023:18:11:44 -0500] "GET /portaldeninos/wp-content/uploads/2019/09/Caucho-sabanero-%C3%A1rboles.jpg HTTP/1.1" 200 344651
51.222.253.17 - - [08/Oct/2023:18:11:48 -0500] "GET /portaldeninos/wp-content/plugins/smart-slider-3/nextend/media/dist/n2.min.js?1528383544 HTTP/1.1" 200 3495
51.222.253.17 - - [08/Oct/2023:18:11:49 -0500] "GET /portaldeninos/wp-content/uploads/2019/09/Palma-F%C3%A9nix-%C3%A1rboles.jpg HTTP/1.1" 200 312005
51.222.253.20 - - [08/Oct/2023:18:11:59 -0500] "GET /portaldeninos/wp-content/uploads/2019/09/Cedro-%C3%A1rboles.jpg HTTP/1.1" 200 264883
216.245.221.92 - - [08/Oct/2023:18:12:00 -0500] "HEAD / HTTP/1.1" 200 -
51.222.253.13 - - [08/Oct/2023:18:12:00 -0500] "GET /portaldeninos/wp-content/plugins/smart-slider-3/library/media/smartslider.min.css?1558968666 HTTP/1.1" 200 19594
51.222.253.3 - - [08/Oct/2023:18:12:01 -0500] "GET /portaldeninos/wp-content/uploads/2019/09/PalmaDeCera-%C3%A1rboles.jpg HTTP/1.1" 200 265651
216.244.66.195 - - [08/Oct/2023:18:12:03 -0500] "GET /BLA/resoluciones/AUTOS%202011/1508.pdf HTTP/1.1" 200 147787
51.222.253.5 - - [08/Oct/2023:18:12:03 -0500] "GET /portaldeninos/wp-content/uploads/2019/09/Cipr%C3%A9s-%C3%A1rboles.jpg HTTP/1.1" 200 485766
51.222.253.11 - - [08/Oct/2023:18:12:11 -0500] "GET /portaldeninos/wp-content/plugins/smart-slider-3/library/media/plugins/type/simple/simple/dist/smartslider-simple-type-frontend.min.js?1563274780 HTTP/1.1" 200 18726
51.222.253.6 - - [08/Oct/2023:18:12:13 -0500] "GET /portaldeninos/wp-content/uploads/2019/09/Roble-%C3%A1rboles.jpg HTTP/1.1" 200 416546
51.222.253.16 - - [08/Oct/2023:18:12:15 -0500] "GET /portaldeninos/wp-content/plugins/smart-slider-3/library/media/dist/smartslider-frontend.min.js?1563274780 HTTP/1.1" 200 128256
51.222.253.18 - - [08/Oct/2023:18:12:16 -0500] "GET /portaldeninos/wp-content/uploads/2019/09/Nogal-%C3%A1rboles.jpg HTTP/1.1" 200 378405
51.222.253.2 - - [08/Oct/2023:18:12:18 -0500] "GET /portaldeninos/wp-content/plugins/smart-slider-3/nextend/media/dist/nextend-frontend.min.js?1563274780 HTTP/1.1" 200 76980
51.222.253.3 - - [08/Oct/2023:18:12:20 -0500] "GET /portaldeninos/wp-content/uploads/2019/09/Categorias-%C3%A1rboles.jpg HTTP/1.1" 200 275407
51.222.253.11 - - [08/Oct/2023:18:12:24 -0500] "GET /portaldeninos/wp-content/uploads/2019/09/Sangregado-%C3%A1rboles.jpg HTTP/1.1" 200 302240
51.222.253.8 - - [08/Oct/2023:18:12:28 -0500] "GET /portaldeninos/wp-content/uploads/2019/09/Magnolio-%C3%A1rboles.jpg HTTP/1.1" 200 252375
51.222.253.11 - - [08/Oct/2023:18:12:30 -0500] "GET /portaldeninos/wp-content/uploads/2021/07/Banners-pa%CC%81gina-de-nin%CC%83os9-1024x50.jpg HTTP/1.1" 200 8683
216.244.66.195 - - [08/Oct/2023:18:12:38 -0500] "GET /BLA/resoluciones/AUTOS%202011/1542.pdf HTTP/1.1" 200 154415
201.245.192.253 - - [08/Oct/2023:18:12:47 -0500] "POST /forms/lservlet;jsessionid=ac16012b30d6e3ac83cfa34d44e69cdfe83dd14ea1cd.e3iSbxaKaheRe34Pbx8Nc3aQci1ynknvrkLOlQzNp65In0 HTTP/1.1" 200 2
201.245.192.253 - - [08/Oct/2023:18:12:52 -0500] "POST /forms/lservlet;jsessionid=ac16012b30d631b237d665c3491e938ed2fcaf258f77.e3iSbxaKaheRe34Pbx8Nc3aQci1ynknvrkLOlQzNp65In0 HTTP/1.1" 200 2
216.244.66.195 - - [08/Oct/2023:18:13:13 -0500] "GET /BLA/resoluciones/AUTOS%202011/1631.pdf HTTP/1.1" 200 204284
216.244.66.195 - - [08/Oct/2023:18:13:45 -0500] "GET /BLA/resoluciones/AUTOS%202011/1820.pdf HTTP/1.1" 200 1982883
216.244.66.195 - - [08/Oct/2023:18:14:35 -0500] "GET /BLA/resoluciones/AUTOS%202011/1883.pdf HTTP/1.1" 200 147987
201.245.192.253 - - [08/Oct/2023:18:14:47 -0500] "POST /forms/lservlet;jsessionid=ac16012b30d6e3ac83cfa34d44e69cdfe83dd14ea1cd.e3iSbxaKaheRe34Pbx8Nc3aQci1ynknvrkLOlQzNp65In0 HTTP/1.1" 200 2
201.245.192.253 - - [08/Oct/2023:18:14:48 -0500] "POST /kwsrmcab/Wsrmcab  HTTP/1.1" 200 42851
201.245.192.253 - - [08/Oct/2023:18:14:52 -0500] "POST /forms/lservlet;jsessionid=ac16012b30d631b237d665c3491e938ed2fcaf258f77.e3iSbxaKaheRe34Pbx8Nc3aQci1ynknvrkLOlQzNp65In0 HTTP/1.1" 200 2
216.244.66.195 - - [08/Oct/2023:18:15:07 -0500] "GET /BLA/resoluciones/AUTOS%202011/1929.pdf HTTP/1.1" 200 140940
216.244.66.195 - - [08/Oct/2023:18:15:36 -0500] "GET /BLA/resoluciones/AUTOS%202011/2149.pdf HTTP/1.1" 200 274955
172.22.2.4 - - [08/Oct/2023:18:14:01 -0500] "HEAD /BLA/boletinlegal/ HTTP/1.1" 200 -
216.244.66.195 - - [08/Oct/2023:18:16:04 -0500] "GET /BLA/resoluciones/AUTOS%202011/2560.pdf HTTP/1.1" 200 144031
216.244.66.195 - - [08/Oct/2023:18:16:31 -0500] "GET /BLA/resoluciones/AUTOS%202011/3064.pdf HTTP/1.1" 200 186949
172.22.2.4 - - [08/Oct/2023:18:14:52 -0500] "GET /BLA/boletinlegal/ HTTP/1.1" 200 55844
201.245.192.253 - - [08/Oct/2023:18:16:47 -0500] "POST /forms/lservlet;jsessionid=ac16012b30d6e3ac83cfa34d44e69cdfe83dd14ea1cd.e3iSbxaKaheRe34Pbx8Nc3aQci1ynknvrkLOlQzNp65In0 HTTP/1.1" 200 2
186.86.32.196 - - [08/Oct/2023:18:16:49 -0500] "OPTIONS /kwssiamovil/sm/setfile/f? HTTP/1.1" 200 13
186.86.32.196 - - [08/Oct/2023:18:16:49 -0500] "POST /kwssiamovil/sm/setfile/f? HTTP/1.1" 200 381
186.86.32.196 - - [08/Oct/2023:18:16:51 -0500] "OPTIONS /kwssiamovil/sm/setfile/f? HTTP/1.1" 200 13
201.245.192.253 - - [08/Oct/2023:18:16:52 -0500] "POST /forms/lservlet;jsessionid=ac16012b30d631b237d665c3491e938ed2fcaf258f77.e3iSbxaKaheRe34Pbx8Nc3aQci1ynknvrkLOlQzNp65In0 HTTP/1.1" 200 2
186.86.32.196 - - [08/Oct/2023:18:16:51 -0500] "POST /kwssiamovil/sm/setfile/f? HTTP/1.1" 200 381
216.244.66.195 - - [08/Oct/2023:18:16:58 -0500] "GET /BLA/resoluciones/AUTOS%202011/3306.pdf HTTP/1.1" 200 233337
216.245.221.92 - - [08/Oct/2023:18:17:00 -0500] "HEAD / HTTP/1.1" 200 -
186.86.32.196 - - [08/Oct/2023:18:17:00 -0500] "GET /kwssiamovil/sm/acme/a?s=U2FsdGVkX19g82gNsNv40uE8TmBviXgHsyI/v3r+73W08zNhxNnGe4A+Vby2Rj+beSNDxecJRkOmh6iJlydwmHaKTGTFEttPSV2DshphIGr/KegkgQiugobDv6EVjfDsHOZxGiryj4ciLkCgkXy8O0Iu6XRZ720G2C8EKdcVtYtp2HkpLJ+ql9+yJj63yRk0rF76iC/k7+4/6qzu7be7NTyyMkdC4IrfWdExmnWUZZZX/5iaokk40Xm/w9wkgqhDHQhAcx1Sv/DbmC0zCdQXtQ==&u=U2FsdGVkX18CqFxvyocHm7Lr3p+rxK406MWg7gJbe6U=&y=U2FsdGVkX1/QR9q/hjOnTaCMi6k67bpbcola9nrQZoA= HTTP/1.1" 200 26
186.86.32.196 - - [08/Oct/2023:18:17:01 -0500] "GET /kwssiamovil/sm/acme/a?s=U2FsdGVkX1835ZkiyajaAeSIok9ispFtqF//I+/v5KKWsBvAPKD9cjQ95gwp7iB6e3vQ+nxhMTRkPypQTxv6pdaYRh9aeJF7OWzgJzSPE652V8dqKdxUlcD3rjwpdu6F5ngwtYQ0gYjRo9GZZICcNPPame083wDc5cu0nuiwvd1VLra2sVSPY2mFiQ+xcoRtYCbnicwoyKfotRcsSD5Lf/zWytLCPMNpili9Yh2BlS8s8/Kxnrf9W3vceIqUkcGLX3AMfpBo0s1x1LXZSseOAGfMHozO/qahuFHqdQylKrtdK5/yPj/Ukl+kbaU9DSNCPWjzwMklnB57eCgD5yjVqcQE5LKSsv/pXFRx/jKSKRlqBMUPP7X6ptpoeXQYYQho78XlE4uxblXX85NlfKU8CDdoxFmAa1ral4AwlTIPY4Rssw1HU35LMvTIcGjoOnLf3K70Mk/P38+2DWhoEKhT2QcTXJhB7Kl39ORAAhKlaJfjaGt+lwi2Pf9MYyouNUMy+e2cI3UancEbhvXUWtGCvr/vu5blMEueV7cow1TuchDt/J4s+hWIyzCSBzBxkCcBl9GCcuKeZFolIgmK+sLgcIi7ku2gpu9WboucY8eQ2ptb4L/iHYCq5SyhSCEo5WejS6qe/+dycYxeO3HKdUCGMuB+eilvLksiXrjzSEIugwi+rQy9EPXmjlmvQG4rSySZJJ6V0JnK7d5EVDudkH/SkGOEmZM6PaJVoW0Zw5nPGFNg3BD2rUoHp/Q8CTMz1Ctfk2c86foaN5ntiZzCCDEDkNZ9zSgf2z6oJypLiM/W1yZe9GoAeNKs/JxK5yvvRfNuEMK2fF24fN7fWE1BcXtBdSxMS+UYB2cLqSjkALJSDDe2aIN4uA/xVbxqr3yEjXCqU84Me+1uzlafQK43CzipNlc8NKUOXAnj1pf3jUu/3I0J3imgBZvVqSzp7g9Yki/X9AdEFGRpyUKfLQcXUsHRSTpz6dXoCHJIBPMVjtsRpff1+rF03Yx4ZYBvwhreHkttV1C3uCfPy6L2SIL7gp8TsuYBEU4ugXN8KNSkixKR4/d2/6uhiI8cCMVQQG+YqdP3VpSd5AcgeRFR04k1VJYecn/jrJqPBut9u5cjandp5mNRnWJwQQaD5kOeD+m3dMXJlfd4UJnSHPfrb9YqjEUKjttPax4fF8Om9ZREgsZcRMDjjTAu4bWzZHB3Dbs6w9gqEGaJ6lCCPyf7Gj1QF8ngt5HNtwmlKwuhYrUfL31Z8M2OPnSTyjI9tydKcvKi77F9zzzDAzBPCJIpbQK1ITZA7d2+XDAZZiMLoaTIhHT5DtWX68Y4y/9kaz6ZP4mtPQsZw6XPPZ4OHMp/q7dmtkoAvgBqyQpcto5BIw1kHo3KhqB4Y29zw0rM8RIbmK1jqsQv7MkYeMhM+iK7fFX/FZZbOGBaK9a8ay7ujo+1lz3zTYTeB4Pl8fD2eS4PqoPzpND61MMwFO4sa23LiepmRBIAyZC868Aa0oE8CyAL2SG7cb1+lAf0+pgwr5P47z1RQM4ql8MZ/QbmMIhd/itiJ5N3uaTkPA8BTwjEXUjmEqNwPdg1QggzubsIUMqUkkeXbTVEq5LnNGZsjfnRFKEkYJQtGAZdxYhWiJvwI4hNL4ylsMcKpe/AvTeejiMow9uScNi/m59z6HKE+V7buHPVgV3AEZQC37NeB9xhLPK66s+53LKwoF5Pan9KB4iAvEuvL2y9vNSRxTAa8m8qPGE8pmSQYmPe2/lr1uzhkJMEMXE6Ncw3gukbFJd70x5XCLnL7XYMlIjmtvR0oOYbT8gXwr0ZSZicyfWTNUzxNrKEKkXAOdS1XWKLe78PPXwWySQH0HiOOYhYBxw7NcP4OZRUSfuh7nbIIKUGgX9Zs+59qUyqrI2KdJCqEJAEWwBB9azeUjPeQpFs9o+21H3D4TFoYRoDI6pQBzHw4fkOAZ7xDAtXdec=&u=U2FsdGVkX18CqFxvyocHm7Lr3p+rxK406MWg7gJbe6U=&y=U2FsdGVkX1/QR9q/hjOnTaCMi6k67bpbcola9nrQZoA= HTTP/1.1" 200 26
186.86.32.196 - - [08/Oct/2023:18:17:01 -0500] "GET /kwssiamovil/sm/acme/a?s=U2FsdGVkX1+ugcaqLbfRZUopqUdmOFlh5URAA/A1bBoWnweySZHVDSbVdfDs0k+/G+HwhXJX7wKYTboMohqh5TotrLiTmED0v8GQZrbrEoq5eOZuUIoBE2zXWpe5hAtdVzayFOJJDalA0D+3lflnYdQQmdCka4I1llU0ic2NJN0=&u=U2FsdGVkX18CqFxvyocHm7Lr3p+rxK406MWg7gJbe6U=&y=U2FsdGVkX1/QR9q/hjOnTaCMi6k67bpbcola9nrQZoA= HTTP/1.1" 200 26
186.86.32.196 - - [08/Oct/2023:18:17:01 -0500] "GET /kwssiamovil/sm/acme/a?s=U2FsdGVkX19H+RDWWmeYT5RiFOag8egJRIc2iCJaTfNFBee5jDBnApUZyl9xiYYx2wd4lU8yjpDuUvbF5bIotoeTRzKIrWbTs19us4GEz4/4tqHombWqD1MKQx00POZD8iP3f18NxKJbFkk5LOtPBKL1XDelARSu8JuLchVz7Ng=&u=U2FsdGVkX18CqFxvyocHm7Lr3p+rxK406MWg7gJbe6U=&y=U2FsdGVkX1/QR9q/hjOnTaCMi6k67bpbcola9nrQZoA= HTTP/1.1" 200 26
186.86.32.196 - - [08/Oct/2023:18:17:01 -0500] "GET /kwssiamovil/sm/acme/a?s=U2FsdGVkX18EhjCf8aLSmZ1DcEdvBJ8n9jdoi55vciUHhPtC5SGD68EvqypZVHWu306bZ2hurJrGoX8e2gZqSWNN+yamCxjdvUz1bFlaEw1pNgPVVfinf3/16WOZcA0RhS/LtyMNaPECdcSg3RIkkcNxKAKk+oS/doSL0jIqkEM=&u=U2FsdGVkX18CqFxvyocHm7Lr3p+rxK406MWg7gJbe6U=&y=U2FsdGVkX1/QR9q/hjOnTaCMi6k67bpbcola9nrQZoA= HTTP/1.1" 200 26
186.86.32.196 - - [08/Oct/2023:18:17:02 -0500] "GET /kwssiamovil/sm/acme/a?s=U2FsdGVkX1+IoDlvhcrsSPjolNAQL7LvTBtlecDiAeY402vhXeDX9NxEk+tEC6fTnboMkeY+QJWo7dyMDAcwOQs9bdk1uJfdS1LkuyGv/xqv5FVmh2WCRAn0saW5iPe4E+oFk7aofKjLQE11y4n4x43GaF8dooEbI3iZHbqeHivBEwpUJ0FPDG+yUEUUsU9g&u=U2FsdGVkX18CqFxvyocHm7Lr3p+rxK406MWg7gJbe6U=&y=U2FsdGVkX1/QR9q/hjOnTaCMi6k67bpbcola9nrQZoA= HTTP/1.1" 200 26
186.86.32.196 - - [08/Oct/2023:18:17:02 -0500] "GET /kwssiamovil/sm/acme/a?s=U2FsdGVkX19t3M8bMq6X4Op2fcqkpMWQDRLamMMMCNMGWjs/EVqVJ/HKAWN+6NT8Ts6d40WRrX8AKb+QyqX+jnOk+DtMy9pSUMZ+gEQU8HD4/8oximXyY84XVVGsautZ9H94EpqYzxylvAKywCTIa475NwSY/P68VxTItdC4bbQxRkEldNNU1M6erb0KxAIyDeflXPm+rsPb6lonqPiLsg==&u=U2FsdGVkX18CqFxvyocHm7Lr3p+rxK406MWg7gJbe6U=&y=U2FsdGVkX1/QR9q/hjOnTaCMi6k67bpbcola9nrQZoA= HTTP/1.1" 200 26
186.86.32.196 - - [08/Oct/2023:18:17:02 -0500] "GET /kwssiamovil/sm/acme/a?s=U2FsdGVkX1/X8Re34bL5s8CsFIweAZiwML1aJT26BDX2J066+pHQmgxxakizu+gmLmmCTl8EF5lsjHcOYblWcaK2rnk0P+2BJVcrUdcOPPYowmzKdNOYOPOBqpZ2L+VCDztTRffIUlm0VhKv/gZJq71DHKCIwey2e9pL1EmYJ0nL1PT9YwYHWItyFsSHrTDR&u=U2FsdGVkX18CqFxvyocHm7Lr3p+rxK406MWg7gJbe6U=&y=U2FsdGVkX1/QR9q/hjOnTaCMi6k67bpbcola9nrQZoA= HTTP/1.1" 200 26
186.86.32.196 - - [08/Oct/2023:18:17:02 -0500] "GET /kwssiamovil/sm/acme/a?s=U2FsdGVkX1+WU3WfwJe8X3VPaG9AOVaKJZsoQZx/kcWN5ydT43BRyk3jSnm6JQn3LUdMTSunNxcLRx99/kTqGUxldvQDa6i5wM9z9j6r5KvESsUToWeiTulUwDpKi+Fxijc5A91BTpCAXblqYMK4vxPK+tr2Nw17jCgCUePlZhvXUMXYvO+6+bvFA59jQAXbNFAc45ba1hATge4swd92s/n7/JxTK6DXc8WltQ2CRV4=&u=U2FsdGVkX18CqFxvyocHm7Lr3p+rxK406MWg7gJbe6U=&y=U2FsdGVkX1/QR9q/hjOnTaCMi6k67bpbcola9nrQZoA= HTTP/1.1" 200 26
186.86.32.196 - - [08/Oct/2023:18:17:02 -0500] "GET /kwssiamovil/sm/acme/a?s=U2FsdGVkX1+yJE0mVf1rQK71VehcRgX+kYUBOV2rtA1x7o3qUvzrtVUluuPe4QsGOXRxRxLCa4nT+iBZl6jsdWjVntzLvIa1Kj7YjCRqaHRg91EEfBbMJml7LfLtLauyj0a8ZeyL4NPGveE6HJMCz69dyLHqup46gCsgY9FmSff0MNwaGuWMVjNBj4RkTwChww+6NH/FRfaI7SE7zfq4bQ==&u=U2FsdGVkX18CqFxvyocHm7Lr3p+rxK406MWg7gJbe6U=&y=U2FsdGVkX1/QR9q/hjOnTaCMi6k67bpbcola9nrQZoA= HTTP/1.1" 200 26
66.249.66.192 - - [08/Oct/2023:18:17:22 -0500] "GET /alcaldesa-claudia-lopez-inicio-plantacion-de-300-nuevos-arboles-en-el-humedal-torca-guaymaral-y-libero-49-animales-silvestres.html HTTP/1.1" 200 916
216.244.66.195 - - [08/Oct/2023:18:17:23 -0500] "GET /BLA/resoluciones/AUTOS%202012/0472.pdf HTTP/1.1" 200 237475
201.245.192.253 - - [08/Oct/2023:18:17:24 -0500] "POST /kwsrmcab/Wsrmcab HTTP/1.1" 200 43328
201.245.192.253 - - [08/Oct/2023:18:17:26 -0500] "POST /kwsrmcab/Wsrmcab HTTP/1.1" 200 43513
173.252.83.118 - - [08/Oct/2023:18:17:35 -0500] "GET /images/publicidad-exterior-2023-oct.jpg HTTP/1.1" 200 38992
216.244.66.195 - - [08/Oct/2023:18:17:50 -0500] "GET /BLA/resoluciones/AUTOS%202012/0489.pdf HTTP/1.1" 200 197134
216.244.66.195 - - [08/Oct/2023:18:18:13 -0500] "GET /BLA/resoluciones/AUTOS%202012/0513.pdf HTTP/1.1" 200 346590
216.244.66.195 - - [08/Oct/2023:18:18:37 -0500] "GET /BLA/resoluciones/AUTOS%202012/0654.pdf HTTP/1.1" 200 561634
201.245.192.253 - - [08/Oct/2023:18:18:47 -0500] "POST /forms/lservlet;jsessionid=ac16012b30d6e3ac83cfa34d44e69cdfe83dd14ea1cd.e3iSbxaKaheRe34Pbx8Nc3aQci1ynknvrkLOlQzNp65In0 HTTP/1.1" 200 2
172.22.2.4 - - [08/Oct/2023:18:18:52 -0500] "GET /BLA/boletinlegal/js/jquery.js HTTP/1.1" 200 57254
172.22.2.4 - - [08/Oct/2023:18:18:52 -0500] "GET /BLA/boletinlegal/style.css HTTP/1.1" 200 9406
172.22.2.4 - - [08/Oct/2023:18:18:52 -0500] "GET /BLA/boletinlegal/styles2.css HTTP/1.1" 200 1838
172.22.2.4 - - [08/Oct/2023:18:18:52 -0500] "GET /BLA/boletinlegal/js/jquery.scrollTo-min.js HTTP/1.1" 200 1150
172.22.2.4 - - [08/Oct/2023:18:18:52 -0500] "GET /BLA/boletinlegal/js/jquery.scrollShow.js HTTP/1.1" 200 4586
172.22.2.4 - - [08/Oct/2023:18:18:52 -0500] "GET /BLA/boletinlegal/images/cabezote%20BLEGAL.jpg HTTP/1.1" 200 118164
172.22.2.4 - - [08/Oct/2023:18:18:52 -0500] "GET /BLA/boletinlegal/images/subscribe-icon-big.png HTTP/1.1" 200 47702
172.22.2.4 - - [08/Oct/2023:18:18:52 -0500] "GET /BLA/boletinlegal/images/historia.png HTTP/1.1" 200 52775
172.22.2.4 - - [08/Oct/2023:18:18:52 -0500] "GET /BLA/boletinlegal/images/registro-usuarios.png HTTP/1.1" 200 8106
172.22.2.4 - - [08/Oct/2023:18:18:52 -0500] "GET /BLA/boletinlegal/images/arr_l.jpg HTTP/1.1" 200 1979
172.22.2.4 - - [08/Oct/2023:18:18:52 -0500] "GET /BLA/boletinlegal/images/screen_1.png HTTP/1.1" 200 202547
172.22.2.4 - - [08/Oct/2023:18:18:52 -0500] "GET /BLA/boletinlegal/images/launch.jpg HTTP/1.1" 200 14577
201.245.192.253 - - [08/Oct/2023:18:18:52 -0500] "POST /forms/lservlet;jsessionid=ac16012b30d631b237d665c3491e938ed2fcaf258f77.e3iSbxaKaheRe34Pbx8Nc3aQci1ynknvrkLOlQzNp65In0 HTTP/1.1" 200 2
172.22.2.4 - - [08/Oct/2023:18:18:57 -0500] "GET /BLA/boletinlegal/images/body_bg.jpg HTTP/1.1" 200 1601
172.22.2.4 - - [08/Oct/2023:18:18:57 -0500] "GET /BLA/boletinlegal/images/menu_lft.gif HTTP/1.1" 200 1713
172.22.2.4 - - [08/Oct/2023:18:18:57 -0500] "GET /BLA/boletinlegal/images/menu_rght.gif HTTP/1.1" 200 1627
172.22.2.4 - - [08/Oct/2023:18:18:57 -0500] "GET /BLA/boletinlegal/images/bg_top.jpg HTTP/1.1" 200 522
172.22.2.4 - - [08/Oct/2023:18:18:57 -0500] "GET /BLA/boletinlegal/images/text.jpg HTTP/1.1" 200 568
172.22.2.4 - - [08/Oct/2023:18:18:57 -0500] "GET /BLA/boletinlegal/images/hover.jpg HTTP/1.1" 200 640
172.22.2.4 - - [08/Oct/2023:18:18:57 -0500] "GET /BLA/boletinlegal/images/menu_bg.jpg HTTP/1.1" 200 620
172.22.2.4 - - [08/Oct/2023:18:18:59 -0500] "GET /BLA/boletinlegal/actos.php HTTP/1.1" 200 9682
172.22.2.4 - - [08/Oct/2023:18:18:59 -0500] "GET /BLA/boletinlegal/niceforms-default.css HTTP/1.1" 200 6694
172.22.2.4 - - [08/Oct/2023:18:18:59 -0500] "GET /BLA/boletinlegal/niceforms.js HTTP/1.1" 200 22876
172.22.2.4 - - [08/Oct/2023:18:18:59 -0500] "GET /BLA/boletinlegal/js/popup.js HTTP/1.1" 200 1270
172.22.2.4 - - [08/Oct/2023:18:18:59 -0500] "GET /BLA/boletinlegal/js/lib.js HTTP/1.1" 200 6474
172.22.2.4 - - [08/Oct/2023:18:18:59 -0500] "GET /BLA/boletinlegal/js/jquery1.js HTTP/1.1" 200 29846
172.22.2.4 - - [08/Oct/2023:18:18:59 -0500] "GET /BLA/boletinlegal/js/ajax_actos.js HTTP/1.1" 200 1322
172.22.2.4 - - [08/Oct/2023:18:18:59 -0500] "GET /BLA/boletinlegal/images/green-yellow-blue-pink-th.png HTTP/1.1" 200 7394
172.22.2.4 - - [08/Oct/2023:18:18:59 -0500] "GET /BLA/boletinlegal/images/tel.png HTTP/1.1" 200 14477
172.22.2.4 - - [08/Oct/2023:18:18:59 -0500] "GET /BLA/boletinlegal/images/icono-email.png HTTP/1.1" 200 5544
172.22.2.4 - - [08/Oct/2023:18:18:59 -0500] "GET /BLA/boletinlegal/images/footer_bg.jpg HTTP/1.1" 200 586
172.22.2.4 - - [08/Oct/2023:18:18:59 -0500] "GET /BLA/boletinlegal/images/footer_bg_l.jpg HTTP/1.1" 200 776
172.22.2.4 - - [08/Oct/2023:18:18:59 -0500] "GET /BLA/boletinlegal/img/0.png HTTP/1.1" 200 110
172.22.2.4 - - [08/Oct/2023:18:18:59 -0500] "GET /BLA/boletinlegal/img/select-left.png HTTP/1.1" 200 263
172.22.2.4 - - [08/Oct/2023:18:18:59 -0500] "GET /BLA/boletinlegal/img/select-right.png HTTP/1.1" 200 44019
172.22.2.4 - - [08/Oct/2023:18:18:59 -0500] "GET /BLA/boletinlegal/img/button-left.png HTTP/1.1" 200 57071
172.22.2.4 - - [08/Oct/2023:18:18:59 -0500] "GET /BLA/boletinlegal/img/button.png HTTP/1.1" 200 43241
172.22.2.4 - - [08/Oct/2023:18:18:59 -0500] "GET /BLA/boletinlegal/img/button-right.png HTTP/1.1" 200 57878
172.22.2.4 - - [08/Oct/2023:18:18:59 -0500] "GET /BLA/boletinlegal/favicon.ico HTTP/1.1" 404 1326
216.244.66.195 - - [08/Oct/2023:18:19:00 -0500] "GET /BLA/resoluciones/AUTOS%202012/1176.pdf HTTP/1.1" 200 153484
172.22.2.4 - - [08/Oct/2023:18:19:00 -0500] "GET /BLA/boletinlegal/images/arr_r.jpg HTTP/1.1" 200 1998
172.22.2.4 - - [08/Oct/2023:18:19:00 -0500] "GET /BLA/boletinlegal/images/screen_5.png HTTP/1.1" 200 368876
172.22.2.4 - - [08/Oct/2023:18:19:00 -0500] "GET /BLA/boletinlegal/images/screen_2.png HTTP/1.1" 200 362502
172.22.2.4 - - [08/Oct/2023:18:19:00 -0500] "GET /BLA/boletinlegal/images/screen_3.png HTTP/1.1" 200 210620
172.22.2.4 - - [08/Oct/2023:18:19:07 -0500] "GET /BLA/boletinlegal/consulta_actos.php?tipo=resoluciones&no=1511&usuario=&sector=&fecha=2021&resuelve= HTTP/1.1" 200 1107
172.22.2.4 - - [08/Oct/2023:18:19:07 -0500] "GET /BLA/boletinlegal/images/pdf.gif HTTP/1.1" 200 567
186.99.159.96 - - [08/Oct/2023:18:19:09 -0500] "GET /BLA/resoluciones/RESOLUCIONES%202021/1511.pdf HTTP/1.1" 200 475658
186.99.159.96 - - [08/Oct/2023:18:19:09 -0500] "GET /favicon.ico HTTP/1.1" 200 7782
216.244.66.195 - - [08/Oct/2023:18:19:20 -0500] "GET /BLA/resoluciones/AUTOS%202012/1369.pdf HTTP/1.1" 200 311203
31.13.127.120 - - [08/Oct/2023:18:19:34 -0500] "GET /images/publicidad-exterior-2023-oct.jpg HTTP/1.1" 200 38992
216.244.66.195 - - [08/Oct/2023:18:19:39 -0500] "GET /BLA/resoluciones/AUTOS%202012/1598.pdf HTTP/1.1" 200 245798
201.245.192.253 - - [08/Oct/2023:18:19:46 -0500] "POST /kwsrmcab/Wsrmcab  HTTP/1.1" 200 42851
216.244.66.195 - - [08/Oct/2023:18:19:58 -0500] "GET /BLA/resoluciones/AUTOS%202012/1634.pdf HTTP/1.1" 200 316450
216.244.66.195 - - [08/Oct/2023:18:20:16 -0500] "GET /BLA/resoluciones/AUTOS%202012/1839.pdf HTTP/1.1" 200 275948
172.22.2.4 - - [08/Oct/2023:18:18:40 -0500] "GET /BLA/boletinlegal/ HTTP/1.1" 200 54150
172.22.2.4 - - [08/Oct/2023:18:18:51 -0500] "GET /BLA/boletinlegal/ HTTP/1.1" 200 53013
216.244.66.195 - - [08/Oct/2023:18:20:32 -0500] "GET /BLA/resoluciones/AUTOS%202012/2107.pdf HTTP/1.1" 200 468985
201.245.192.253 - - [08/Oct/2023:18:20:47 -0500] "POST /forms/lservlet;jsessionid=ac16012b30d6e3ac83cfa34d44e69cdfe83dd14ea1cd.e3iSbxaKaheRe34Pbx8Nc3aQci1ynknvrkLOlQzNp65In0 HTTP/1.1" 200 2
201.245.192.253 - - [08/Oct/2023:18:20:52 -0500] "POST /forms/lservlet;jsessionid=ac16012b30d631b237d665c3491e938ed2fcaf258f77.e3iSbxaKaheRe34Pbx8Nc3aQci1ynknvrkLOlQzNp65In0 HTTP/1.1" 200 2
216.244.66.195 - - [08/Oct/2023:18:20:53 -0500] "GET /BLA/resoluciones/AUTOS%202013/0004.pdf HTTP/1.1" 200 323816
216.244.66.195 - - [08/Oct/2023:18:21:08 -0500] "GET /BLA/resoluciones/AUTOS%202013/0065.pdf HTTP/1.1" 200 1041949
172.22.2.4 - - [08/Oct/2023:18:19:51 -0500] "HEAD /BLA/boletinlegal/ HTTP/1.1" 200 -
172.22.2.4 - - [08/Oct/2023:18:20:50 -0500] "GET /BLA/boletinlegal/ HTTP/1.1" 200 24523
216.244.66.195 - - [08/Oct/2023:18:21:48 -0500] "GET /BLA/resoluciones/AUTOS%202013/0582.pdf HTTP/1.1" 200 244878
216.245.221.92 - - [08/Oct/2023:18:22:00 -0500] "HEAD / HTTP/1.1" 200 -
172.22.2.4 - - [08/Oct/2023:18:22:02 -0500] "GET /BLA/boletinlegal/images/signo-mas.gif HTTP/1.1" 200 13689
216.244.66.195 - - [08/Oct/2023:18:22:18 -0500] "GET /BLA/resoluciones/AUTOS%202013/0678.pdf HTTP/1.1" 200 355656
172.22.2.4 - - [08/Oct/2023:18:20:42 -0500] "GET /BLA/boletinlegal/ HTTP/1.1" 200 52656
201.245.192.253 - - [08/Oct/2023:18:22:47 -0500] "POST /forms/lservlet;jsessionid=ac16012b30d6e3ac83cfa34d44e69cdfe83dd14ea1cd.e3iSbxaKaheRe34Pbx8Nc3aQci1ynknvrkLOlQzNp65In0 HTTP/1.1" 200 2
216.244.66.195 - - [08/Oct/2023:18:22:49 -0500] "GET /BLA/resoluciones/AUTOS%202013/0820.pdf HTTP/1.1" 200 223343
201.245.192.253 - - [08/Oct/2023:18:22:52 -0500] "POST /forms/lservlet;jsessionid=ac16012b30d631b237d665c3491e938ed2fcaf258f77.e3iSbxaKaheRe34Pbx8Nc3aQci1ynknvrkLOlQzNp65In0 HTTP/1.1" 200 2
216.244.66.195 - - [08/Oct/2023:18:23:17 -0500] "GET /BLA/resoluciones/AUTOS%202013/0856.pdf HTTP/1.1" 200 1605036
216.244.66.195 - - [08/Oct/2023:18:24:07 -0500] "GET /BLA/resoluciones/AUTOS%202013/0918.pdf HTTP/1.1" 200 412006
216.244.66.195 - - [08/Oct/2023:18:24:37 -0500] "GET /BLA/resoluciones/AUTOS%202013/1090.pdf HTTP/1.1" 200 1594271
201.245.192.253 - - [08/Oct/2023:18:24:44 -0500] "POST /kwsrmcab/Wsrmcab  HTTP/1.1" 200 42851
201.245.192.253 - - [08/Oct/2023:18:24:47 -0500] "POST /forms/lservlet;jsessionid=ac16012b30d6e3ac83cfa34d44e69cdfe83dd14ea1cd.e3iSbxaKaheRe34Pbx8Nc3aQci1ynknvrkLOlQzNp65In0 HTTP/1.1" 200 2
201.245.192.253 - - [08/Oct/2023:18:24:52 -0500] "POST /forms/lservlet;jsessionid=ac16012b30d631b237d665c3491e938ed2fcaf258f77.e3iSbxaKaheRe34Pbx8Nc3aQci1ynknvrkLOlQzNp65In0 HTTP/1.1" 200 2
66.249.66.193 - - [08/Oct/2023:18:24:53 -0500] "GET /semana-bogota-reverdece-con-exito-finaliza-el-primer-dia-de-la-convencion-internacional-de-emergencia-climatica.html HTTP/1.1" 304 -
66.249.66.193 - - [08/Oct/2023:18:24:53 -0500] "GET /robots.txt HTTP/1.1" 404 1034
216.244.66.195 - - [08/Oct/2023:18:25:12 -0500] "GET /BLA/resoluciones/AUTOS%202013/1767.pdf HTTP/1.1" 200 440699
216.244.66.195 - - [08/Oct/2023:18:25:41 -0500] "GET /BLA/resoluciones/AUTOS%202013/1781.pdf HTTP/1.1" 200 426098
216.244.66.195 - - [08/Oct/2023:18:26:08 -0500] "GET /BLA/resoluciones/AUTOS%202013/1955.pdf HTTP/1.1" 200 422483
216.244.66.195 - - [08/Oct/2023:18:26:35 -0500] "GET /BLA/resoluciones/AUTOS%202013/1978.pdf HTTP/1.1" 200 915246
201.245.192.253 - - [08/Oct/2023:18:26:47 -0500] "POST /forms/lservlet;jsessionid=ac16012b30d6e3ac83cfa34d44e69cdfe83dd14ea1cd.e3iSbxaKaheRe34Pbx8Nc3aQci1ynknvrkLOlQzNp65In0 HTTP/1.1" 200 2
207.46.13.116 - - [08/Oct/2023:18:26:49 -0500] "GET /Publicaciones/2023EE232157.pdf HTTP/1.1" 200 231901
201.245.192.253 - - [08/Oct/2023:18:26:52 -0500] "POST /forms/lservlet;jsessionid=ac16012b30d631b237d665c3491e938ed2fcaf258f77.e3iSbxaKaheRe34Pbx8Nc3aQci1ynknvrkLOlQzNp65In0 HTTP/1.1" 200 2
