200.118.16.147 - - [08/Oct/2023:11:57:07 -0500] "GET /sipse/faces/javax.faces.resource/layout/layout.js?ln=primefaces&v=4.0 HTTP/1.1" 304 -
200.118.16.147 - - [08/Oct/2023:11:57:07 -0500] "POST /sipse/faces/presentacion/financiero/solicitudProceso/listarSolicitudProceso.xhtml HTTP/1.1" 200 1492
200.118.16.147 - - [08/Oct/2023:11:57:15 -0500] "POST /sipse/faces/presentacion/financiero/solicitudProceso/listarSolicitudProceso.xhtml HTTP/1.1" 200 107314
200.118.16.147 - - [08/Oct/2023:11:57:15 -0500] "GET /sipse/faces/javax.faces.resource/theme.css?ln=primefaces-sipse HTTP/1.1" 304 -
200.118.16.147 - - [08/Oct/2023:11:57:15 -0500] "GET /sipse/faces/javax.faces.resource/layout/layout.css?ln=primefaces&v=4.0 HTTP/1.1" 304 -
200.118.16.147 - - [08/Oct/2023:11:57:15 -0500] "GET /sipse/faces/javax.faces.resource/primefaces.css?ln=primefaces&v=4.0 HTTP/1.1" 304 -
200.118.16.147 - - [08/Oct/2023:11:57:16 -0500] "GET /sipse/faces/javax.faces.resource/jquery/jquery.js?ln=primefaces&v=4.0 HTTP/1.1" 304 -
200.118.16.147 - - [08/Oct/2023:11:57:16 -0500] "GET /sipse/faces/javax.faces.resource/jquery/jquery-plugins.js?ln=primefaces&v=4.0 HTTP/1.1" 304 -
200.118.16.147 - - [08/Oct/2023:11:57:16 -0500] "GET /sipse/faces/javax.faces.resource/primefaces.js?ln=primefaces&v=4.0 HTTP/1.1" 304 -
200.118.16.147 - - [08/Oct/2023:11:57:16 -0500] "GET /sipse/faces/javax.faces.resource/layout/layout.js?ln=primefaces&v=4.0 HTTP/1.1" 304 -
200.118.16.147 - - [08/Oct/2023:11:57:19 -0500] "POST /sipse/faces/presentacion/financiero/solicitudProceso/consultarSolicitudProceso.xhtml HTTP/1.1" 200 27634
200.118.16.147 - - [08/Oct/2023:11:57:20 -0500] "GET /sipse/faces/javax.faces.resource/theme.css?ln=primefaces-sipse HTTP/1.1" 304 -
200.118.16.147 - - [08/Oct/2023:11:57:20 -0500] "GET /sipse/faces/javax.faces.resource/layout/layout.css?ln=primefaces&v=4.0 HTTP/1.1" 304 -
200.118.16.147 - - [08/Oct/2023:11:57:20 -0500] "GET /sipse/faces/javax.faces.resource/primefaces.css?ln=primefaces&v=4.0 HTTP/1.1" 304 -
200.118.16.147 - - [08/Oct/2023:11:57:20 -0500] "GET /sipse/faces/javax.faces.resource/jquery/jquery-plugins.js?ln=primefaces&v=4.0 HTTP/1.1" 304 -
200.118.16.147 - - [08/Oct/2023:11:57:20 -0500] "GET /sipse/faces/javax.faces.resource/jquery/jquery.js?ln=primefaces&v=4.0 HTTP/1.1" 304 -
200.118.16.147 - - [08/Oct/2023:11:57:20 -0500] "GET /sipse/faces/javax.faces.resource/primefaces.js?ln=primefaces&v=4.0 HTTP/1.1" 304 -
200.118.16.147 - - [08/Oct/2023:11:57:20 -0500] "GET /sipse/faces/javax.faces.resource/layout/layout.js?ln=primefaces&v=4.0 HTTP/1.1" 304 -
172.22.2.4 - - [08/Oct/2023:11:55:42 -0500] "GET /BLA/boletinlegal/ HTTP/1.1" 200 58187
216.244.66.195 - - [08/Oct/2023:11:57:28 -0500] "GET /BLA/resoluciones/AUTOS%202014/0236.pdf HTTP/1.1" 200 161344
200.118.16.147 - - [08/Oct/2023:11:57:31 -0500] "POST /sipse/faces/presentacion/financiero/solicitudProceso/consultarHistorialSolProceso.xhtml HTTP/1.1" 200 151380
200.118.16.147 - - [08/Oct/2023:11:57:32 -0500] "GET /sipse/faces/javax.faces.resource/theme.css?ln=primefaces-sipse HTTP/1.1" 304 -
200.118.16.147 - - [08/Oct/2023:11:57:32 -0500] "GET /sipse/faces/javax.faces.resource/primefaces.css?ln=primefaces&v=4.0 HTTP/1.1" 304 -
200.118.16.147 - - [08/Oct/2023:11:57:32 -0500] "GET /sipse/faces/javax.faces.resource/layout/layout.css?ln=primefaces&v=4.0 HTTP/1.1" 304 -
200.118.16.147 - - [08/Oct/2023:11:57:32 -0500] "GET /sipse/faces/javax.faces.resource/jquery/jquery.js?ln=primefaces&v=4.0 HTTP/1.1" 304 -
200.118.16.147 - - [08/Oct/2023:11:57:32 -0500] "GET /sipse/faces/javax.faces.resource/jquery/jquery-plugins.js?ln=primefaces&v=4.0 HTTP/1.1" 304 -
200.118.16.147 - - [08/Oct/2023:11:57:32 -0500] "GET /sipse/faces/javax.faces.resource/primefaces.js?ln=primefaces&v=4.0 HTTP/1.1" 304 -
200.118.16.147 - - [08/Oct/2023:11:57:32 -0500] "GET /sipse/faces/javax.faces.resource/layout/layout.js?ln=primefaces&v=4.0 HTTP/1.1" 304 -
216.244.66.195 - - [08/Oct/2023:11:58:06 -0500] "GET /BLA/resoluciones/AUTOS%202014/1362.pdf HTTP/1.1" 200 572468
201.245.192.253 - - [08/Oct/2023:11:58:45 -0500] "POST /forms/lservlet;jsessionid=ac16012b30d6e3ac83cfa34d44e69cdfe83dd14ea1cd.e3iSbxaKaheRe34Pbx8Nc3aQci1ynknvrkLOlQzNp65In0 HTTP/1.1" 200 2
201.245.192.253 - - [08/Oct/2023:11:58:51 -0500] "POST /forms/lservlet;jsessionid=ac16012b30d631b237d665c3491e938ed2fcaf258f77.e3iSbxaKaheRe34Pbx8Nc3aQci1ynknvrkLOlQzNp65In0 HTTP/1.1" 200 2
216.244.66.195 - - [08/Oct/2023:11:58:51 -0500] "GET /BLA/resoluciones/AUTOS%202015/0227.pdf HTTP/1.1" 200 1021388
216.244.66.195 - - [08/Oct/2023:11:59:41 -0500] "GET /BLA/resoluciones/AUTOS%202015/0337.pdf HTTP/1.1" 200 918595
216.244.66.195 - - [08/Oct/2023:12:00:31 -0500] "GET /BLA/resoluciones/AUTOS%202019/1995.pdf HTTP/1.1" 200 347331
201.245.192.253 - - [08/Oct/2023:12:00:45 -0500] "POST /forms/lservlet;jsessionid=ac16012b30d6e3ac83cfa34d44e69cdfe83dd14ea1cd.e3iSbxaKaheRe34Pbx8Nc3aQci1ynknvrkLOlQzNp65In0 HTTP/1.1" 200 2
201.245.192.253 - - [08/Oct/2023:12:00:51 -0500] "POST /forms/lservlet;jsessionid=ac16012b30d631b237d665c3491e938ed2fcaf258f77.e3iSbxaKaheRe34Pbx8Nc3aQci1ynknvrkLOlQzNp65In0 HTTP/1.1" 200 2
201.245.192.253 - - [08/Oct/2023:12:01:11 -0500] "POST /kwsrmcab/Wsrmcab  HTTP/1.1" 200 42851
216.244.66.195 - - [08/Oct/2023:12:01:14 -0500] "GET /BLA/resoluciones/AUTOS%202019/3839.pdf HTTP/1.1" 200 271874
40.77.167.93 - - [08/Oct/2023:12:01:40 -0500] "GET /robots.txt HTTP/1.1" 404 1034
216.244.66.195 - - [08/Oct/2023:12:01:45 -0500] "GET /BLA/resoluciones/RESOLUCIONES%202011/1829.pdf HTTP/1.1" 200 502150
52.167.144.24 - - [08/Oct/2023:12:01:52 -0500] "GET /images/animal-langostilla.jpg HTTP/1.1" 200 27334
216.245.221.92 - - [08/Oct/2023:12:02:01 -0500] "HEAD / HTTP/1.1" 200 -
172.22.2.4 - - [08/Oct/2023:12:00:41 -0500] "HEAD /BLA/boletinlegal/ HTTP/1.1" 200 -
216.244.66.195 - - [08/Oct/2023:12:02:22 -0500] "GET /BLA/resoluciones/RESOLUCIONES%202011/2286.pdf HTTP/1.1" 200 551622
199.16.157.182 - - [08/Oct/2023:12:02:33 -0500] "GET /robots.txt HTTP/1.1" 404 1034
199.16.157.182 - - [08/Oct/2023:12:02:33 -0500] "GET /images/cr%C3%B3nica-29-nov-1_optimized.jpeg HTTP/1.1" 404 1034
199.16.157.181 - - [08/Oct/2023:12:02:34 -0500] "GET /robots.txt HTTP/1.1" 404 1034
199.16.157.181 - - [08/Oct/2023:12:02:34 -0500] "GET /monica-fonnegra-una-disenadora-que-inspira-amor-por-la-naturaleza-a-traves-de-la-moda.html HTTP/1.1" 200 976
201.245.192.253 - - [08/Oct/2023:12:02:45 -0500] "POST /forms/lservlet;jsessionid=ac16012b30d6e3ac83cfa34d44e69cdfe83dd14ea1cd.e3iSbxaKaheRe34Pbx8Nc3aQci1ynknvrkLOlQzNp65In0 HTTP/1.1" 200 2
201.245.192.253 - - [08/Oct/2023:12:02:51 -0500] "POST /forms/lservlet;jsessionid=ac16012b30d631b237d665c3491e938ed2fcaf258f77.e3iSbxaKaheRe34Pbx8Nc3aQci1ynknvrkLOlQzNp65In0 HTTP/1.1" 200 2
172.22.2.4 - - [08/Oct/2023:12:01:32 -0500] "GET /BLA/boletinlegal/ HTTP/1.1" 200 57790
201.245.192.253 - - [08/Oct/2023:12:04:45 -0500] "POST /forms/lservlet;jsessionid=ac16012b30d6e3ac83cfa34d44e69cdfe83dd14ea1cd.e3iSbxaKaheRe34Pbx8Nc3aQci1ynknvrkLOlQzNp65In0 HTTP/1.1" 200 2
201.245.192.253 - - [08/Oct/2023:12:04:51 -0500] "POST /forms/lservlet;jsessionid=ac16012b30d631b237d665c3491e938ed2fcaf258f77.e3iSbxaKaheRe34Pbx8Nc3aQci1ynknvrkLOlQzNp65In0 HTTP/1.1" 200 2
52.167.144.189 - - [08/Oct/2023:12:05:14 -0500] "GET /sipse/faces/autenticacion.xhtml HTTP/1.1" 200 12734
157.55.39.50 - - [08/Oct/2023:12:05:42 -0500] "GET /forest/ HTTP/1.1" 200 12041
201.245.192.253 - - [08/Oct/2023:12:06:10 -0500] "POST /kwsrmcab/Wsrmcab  HTTP/1.1" 200 42851
201.245.192.253 - - [08/Oct/2023:12:06:45 -0500] "POST /forms/lservlet;jsessionid=ac16012b30d6e3ac83cfa34d44e69cdfe83dd14ea1cd.e3iSbxaKaheRe34Pbx8Nc3aQci1ynknvrkLOlQzNp65In0 HTTP/1.1" 200 2
201.245.192.253 - - [08/Oct/2023:12:06:51 -0500] "POST /forms/lservlet;jsessionid=ac16012b30d631b237d665c3491e938ed2fcaf258f77.e3iSbxaKaheRe34Pbx8Nc3aQci1ynknvrkLOlQzNp65In0 HTTP/1.1" 200 2
216.245.221.92 - - [08/Oct/2023:12:07:01 -0500] "HEAD / HTTP/1.1" 200 -
207.46.13.102 - - [08/Oct/2023:12:07:02 -0500] "GET /BLA/resoluciones/AUTOS%202022/2118.pdf HTTP/1.1" 304 -
69.63.184.6 - - [08/Oct/2023:12:07:23 -0500] "GET /techos-verdes-y-jardines-verticales-medida-de-adaptacion-al-cambio-climatico.html HTTP/1.1" 200 744
172.22.2.4 - - [08/Oct/2023:12:06:31 -0500] "HEAD /BLA/boletinlegal/ HTTP/1.1" 200 -
201.245.192.253 - - [08/Oct/2023:12:08:45 -0500] "POST /forms/lservlet;jsessionid=ac16012b30d6e3ac83cfa34d44e69cdfe83dd14ea1cd.e3iSbxaKaheRe34Pbx8Nc3aQci1ynknvrkLOlQzNp65In0 HTTP/1.1" 200 2
201.245.192.253 - - [08/Oct/2023:12:08:51 -0500] "POST /forms/lservlet;jsessionid=ac16012b30d631b237d665c3491e938ed2fcaf258f77.e3iSbxaKaheRe34Pbx8Nc3aQci1ynknvrkLOlQzNp65In0 HTTP/1.1" 200 2
172.22.2.4 - - [08/Oct/2023:12:07:22 -0500] "GET /BLA/boletinlegal/ HTTP/1.1" 200 60342
162.55.43.55 - - [08/Oct/2023:12:09:39 -0500] "GET / HTTP/1.1" 200 319
201.245.192.253 - - [08/Oct/2023:12:10:45 -0500] "POST /forms/lservlet;jsessionid=ac16012b30d6e3ac83cfa34d44e69cdfe83dd14ea1cd.e3iSbxaKaheRe34Pbx8Nc3aQci1ynknvrkLOlQzNp65In0 HTTP/1.1" 200 2
201.245.192.253 - - [08/Oct/2023:12:10:51 -0500] "POST /forms/lservlet;jsessionid=ac16012b30d631b237d665c3491e938ed2fcaf258f77.e3iSbxaKaheRe34Pbx8Nc3aQci1ynknvrkLOlQzNp65In0 HTTP/1.1" 200 2
201.245.192.253 - - [08/Oct/2023:12:11:09 -0500] "POST /kwsrmcab/Wsrmcab  HTTP/1.1" 200 42851
216.245.221.92 - - [08/Oct/2023:12:12:01 -0500] "HEAD / HTTP/1.1" 200 -
52.167.144.238 - - [08/Oct/2023:12:12:06 -0500] "GET /BLA/boletinlegal/Circulares/2019/Circular%20No.%2012%20del%2014%20de%20Marzo%20de%202019.pdf HTTP/1.1" 304 -
201.245.192.253 - - [08/Oct/2023:12:12:45 -0500] "POST /forms/lservlet;jsessionid=ac16012b30d6e3ac83cfa34d44e69cdfe83dd14ea1cd.e3iSbxaKaheRe34Pbx8Nc3aQci1ynknvrkLOlQzNp65In0 HTTP/1.1" 200 2
201.245.192.253 - - [08/Oct/2023:12:12:51 -0500] "POST /forms/lservlet;jsessionid=ac16012b30d631b237d665c3491e938ed2fcaf258f77.e3iSbxaKaheRe34Pbx8Nc3aQci1ynknvrkLOlQzNp65In0 HTTP/1.1" 200 2
172.22.2.4 - - [08/Oct/2023:12:12:21 -0500] "HEAD /BLA/boletinlegal/ HTTP/1.1" 200 -
201.245.192.253 - - [08/Oct/2023:12:14:45 -0500] "POST /forms/lservlet;jsessionid=ac16012b30d6e3ac83cfa34d44e69cdfe83dd14ea1cd.e3iSbxaKaheRe34Pbx8Nc3aQci1ynknvrkLOlQzNp65In0 HTTP/1.1" 200 2
201.245.192.253 - - [08/Oct/2023:12:14:51 -0500] "POST /forms/lservlet;jsessionid=ac16012b30d631b237d665c3491e938ed2fcaf258f77.e3iSbxaKaheRe34Pbx8Nc3aQci1ynknvrkLOlQzNp65In0 HTTP/1.1" 200 2
172.22.2.4 - - [08/Oct/2023:12:13:12 -0500] "GET /BLA/boletinlegal/ HTTP/1.1" 200 60342
201.245.192.253 - - [08/Oct/2023:12:16:08 -0500] "POST /kwsrmcab/Wsrmcab  HTTP/1.1" 200 42851
201.245.192.253 - - [08/Oct/2023:12:16:45 -0500] "POST /forms/lservlet;jsessionid=ac16012b30d6e3ac83cfa34d44e69cdfe83dd14ea1cd.e3iSbxaKaheRe34Pbx8Nc3aQci1ynknvrkLOlQzNp65In0 HTTP/1.1" 200 2
201.245.192.253 - - [08/Oct/2023:12:16:51 -0500] "POST /forms/lservlet;jsessionid=ac16012b30d631b237d665c3491e938ed2fcaf258f77.e3iSbxaKaheRe34Pbx8Nc3aQci1ynknvrkLOlQzNp65In0 HTTP/1.1" 200 2
216.245.221.92 - - [08/Oct/2023:12:17:01 -0500] "HEAD / HTTP/1.1" 200 -
66.249.66.192 - - [08/Oct/2023:12:17:23 -0500] "GET /semana-bogota-reverdece-se-plantaron-200-nuevos-arboles-en-el-humedal-tingua-azul-bosa.html HTTP/1.1" 304 -
201.245.192.253 - - [08/Oct/2023:12:17:25 -0500] "POST /kwsrmcab/Wsrmcab HTTP/1.1" 200 41678
201.245.192.253 - - [08/Oct/2023:12:17:28 -0500] "POST /kwsrmcab/Wsrmcab HTTP/1.1" 200 43361
216.244.66.195 - - [08/Oct/2023:12:17:31 -0500] "GET /robots.txt HTTP/1.1" 404 1018
201.245.192.253 - - [08/Oct/2023:12:18:45 -0500] "POST /forms/lservlet;jsessionid=ac16012b30d6e3ac83cfa34d44e69cdfe83dd14ea1cd.e3iSbxaKaheRe34Pbx8Nc3aQci1ynknvrkLOlQzNp65In0 HTTP/1.1" 200 2
201.245.192.253 - - [08/Oct/2023:12:18:51 -0500] "POST /forms/lservlet;jsessionid=ac16012b30d631b237d665c3491e938ed2fcaf258f77.e3iSbxaKaheRe34Pbx8Nc3aQci1ynknvrkLOlQzNp65In0 HTTP/1.1" 200 2
45.56.86.210 - - [08/Oct/2023:12:18:56 -0500] "\x16\x03\x01" 400 226
45.56.86.210 - - [08/Oct/2023:12:19:00 -0500] "GET / HTTP/1.1" 200 319
172.22.2.4 - - [08/Oct/2023:12:18:11 -0500] "HEAD /BLA/boletinlegal/ HTTP/1.1" 200 -
172.22.2.4 - - [08/Oct/2023:12:19:02 -0500] "GET /BLA/boletinlegal/ HTTP/1.1" 200 53362
201.245.192.253 - - [08/Oct/2023:12:20:45 -0500] "POST /forms/lservlet;jsessionid=ac16012b30d6e3ac83cfa34d44e69cdfe83dd14ea1cd.e3iSbxaKaheRe34Pbx8Nc3aQci1ynknvrkLOlQzNp65In0 HTTP/1.1" 200 2
201.245.192.253 - - [08/Oct/2023:12:20:51 -0500] "POST /forms/lservlet;jsessionid=ac16012b30d631b237d665c3491e938ed2fcaf258f77.e3iSbxaKaheRe34Pbx8Nc3aQci1ynknvrkLOlQzNp65In0 HTTP/1.1" 200 2
201.245.192.253 - - [08/Oct/2023:12:21:07 -0500] "POST /kwsrmcab/Wsrmcab  HTTP/1.1" 200 42851
216.245.221.92 - - [08/Oct/2023:12:22:01 -0500] "HEAD / HTTP/1.1" 200 -
201.245.192.253 - - [08/Oct/2023:12:22:45 -0500] "POST /forms/lservlet;jsessionid=ac16012b30d6e3ac83cfa34d44e69cdfe83dd14ea1cd.e3iSbxaKaheRe34Pbx8Nc3aQci1ynknvrkLOlQzNp65In0 HTTP/1.1" 200 2
201.245.192.253 - - [08/Oct/2023:12:22:51 -0500] "POST /forms/lservlet;jsessionid=ac16012b30d631b237d665c3491e938ed2fcaf258f77.e3iSbxaKaheRe34Pbx8Nc3aQci1ynknvrkLOlQzNp65In0 HTTP/1.1" 200 2
207.46.13.92 - - [08/Oct/2023:12:24:02 -0500] "GET /bla/resoluciones/resoluciones%202023/0447.pdf HTTP/1.1" 200 446806
201.245.192.253 - - [08/Oct/2023:12:24:45 -0500] "POST /forms/lservlet;jsessionid=ac16012b30d6e3ac83cfa34d44e69cdfe83dd14ea1cd.e3iSbxaKaheRe34Pbx8Nc3aQci1ynknvrkLOlQzNp65In0 HTTP/1.1" 200 2
201.245.192.253 - - [08/Oct/2023:12:24:51 -0500] "POST /forms/lservlet;jsessionid=ac16012b30d631b237d665c3491e938ed2fcaf258f77.e3iSbxaKaheRe34Pbx8Nc3aQci1ynknvrkLOlQzNp65In0 HTTP/1.1" 200 2
31.13.127.22 - - [08/Oct/2023:12:25:18 -0500] "GET /images/simulacro.jpg HTTP/1.1" 200 70588
172.22.2.4 - - [08/Oct/2023:12:24:01 -0500] "HEAD /BLA/boletinlegal/ HTTP/1.1" 200 -
201.245.192.253 - - [08/Oct/2023:12:26:06 -0500] "POST /kwsrmcab/Wsrmcab  HTTP/1.1" 200 42851
49.7.21.87 - - [08/Oct/2023:12:26:18 -0500] "GET /BLA/resoluciones/AUTOS%202014/6543.pdf HTTP/1.1" 200 564619
172.22.2.4 - - [08/Oct/2023:12:24:52 -0500] "GET /BLA/boletinlegal/ HTTP/1.1" 200 58187
201.245.192.253 - - [08/Oct/2023:12:26:45 -0500] "POST /forms/lservlet;jsessionid=ac16012b30d6e3ac83cfa34d44e69cdfe83dd14ea1cd.e3iSbxaKaheRe34Pbx8Nc3aQci1ynknvrkLOlQzNp65In0 HTTP/1.1" 200 2
201.245.192.253 - - [08/Oct/2023:12:26:51 -0500] "POST /forms/lservlet;jsessionid=ac16012b30d631b237d665c3491e938ed2fcaf258f77.e3iSbxaKaheRe34Pbx8Nc3aQci1ynknvrkLOlQzNp65In0 HTTP/1.1" 200 2
216.245.221.92 - - [08/Oct/2023:12:27:01 -0500] "HEAD / HTTP/1.1" 200 -
201.245.192.253 - - [08/Oct/2023:12:27:25 -0500] "POST /kwsrmcab/Wsrmcab HTTP/1.1" 200 41678
201.245.192.253 - - [08/Oct/2023:12:27:28 -0500] "POST /kwsrmcab/Wsrmcab HTTP/1.1" 200 43361
201.245.192.253 - - [08/Oct/2023:12:28:45 -0500] "POST /forms/lservlet;jsessionid=ac16012b30d6e3ac83cfa34d44e69cdfe83dd14ea1cd.e3iSbxaKaheRe34Pbx8Nc3aQci1ynknvrkLOlQzNp65In0 HTTP/1.1" 200 2
201.245.192.253 - - [08/Oct/2023:12:28:51 -0500] "POST /forms/lservlet;jsessionid=ac16012b30d631b237d665c3491e938ed2fcaf258f77.e3iSbxaKaheRe34Pbx8Nc3aQci1ynknvrkLOlQzNp65In0 HTTP/1.1" 200 2
201.245.192.253 - - [08/Oct/2023:12:30:45 -0500] "POST /forms/lservlet;jsessionid=ac16012b30d6e3ac83cfa34d44e69cdfe83dd14ea1cd.e3iSbxaKaheRe34Pbx8Nc3aQci1ynknvrkLOlQzNp65In0 HTTP/1.1" 200 2
201.245.192.253 - - [08/Oct/2023:12:30:51 -0500] "POST /forms/lservlet;jsessionid=ac16012b30d631b237d665c3491e938ed2fcaf258f77.e3iSbxaKaheRe34Pbx8Nc3aQci1ynknvrkLOlQzNp65In0 HTTP/1.1" 200 2
201.245.192.253 - - [08/Oct/2023:12:31:05 -0500] "POST /kwsrmcab/Wsrmcab  HTTP/1.1" 200 42851
172.22.2.4 - - [08/Oct/2023:12:29:51 -0500] "HEAD /BLA/boletinlegal/ HTTP/1.1" 200 -
216.245.221.92 - - [08/Oct/2023:12:32:01 -0500] "HEAD / HTTP/1.1" 200 -
172.22.2.4 - - [08/Oct/2023:12:30:42 -0500] "GET /BLA/boletinlegal/ HTTP/1.1" 200 57790
201.245.192.253 - - [08/Oct/2023:12:32:45 -0500] "POST /forms/lservlet;jsessionid=ac16012b30d6e3ac83cfa34d44e69cdfe83dd14ea1cd.e3iSbxaKaheRe34Pbx8Nc3aQci1ynknvrkLOlQzNp65In0 HTTP/1.1" 200 2
201.245.192.253 - - [08/Oct/2023:12:32:51 -0500] "POST /forms/lservlet;jsessionid=ac16012b30d631b237d665c3491e938ed2fcaf258f77.e3iSbxaKaheRe34Pbx8Nc3aQci1ynknvrkLOlQzNp65In0 HTTP/1.1" 200 2
201.245.192.253 - - [08/Oct/2023:12:34:45 -0500] "POST /forms/lservlet;jsessionid=ac16012b30d6e3ac83cfa34d44e69cdfe83dd14ea1cd.e3iSbxaKaheRe34Pbx8Nc3aQci1ynknvrkLOlQzNp65In0 HTTP/1.1" 200 2
201.245.192.253 - - [08/Oct/2023:12:34:51 -0500] "POST /forms/lservlet;jsessionid=ac16012b30d631b237d665c3491e938ed2fcaf258f77.e3iSbxaKaheRe34Pbx8Nc3aQci1ynknvrkLOlQzNp65In0 HTTP/1.1" 200 2
201.245.192.253 - - [08/Oct/2023:12:36:04 -0500] "POST /kwsrmcab/Wsrmcab  HTTP/1.1" 200 42851
201.245.192.253 - - [08/Oct/2023:12:36:45 -0500] "POST /forms/lservlet;jsessionid=ac16012b30d6e3ac83cfa34d44e69cdfe83dd14ea1cd.e3iSbxaKaheRe34Pbx8Nc3aQci1ynknvrkLOlQzNp65In0 HTTP/1.1" 200 2
201.245.192.253 - - [08/Oct/2023:12:36:51 -0500] "POST /forms/lservlet;jsessionid=ac16012b30d631b237d665c3491e938ed2fcaf258f77.e3iSbxaKaheRe34Pbx8Nc3aQci1ynknvrkLOlQzNp65In0 HTTP/1.1" 200 2
216.245.221.92 - - [08/Oct/2023:12:37:01 -0500] "HEAD / HTTP/1.1" 200 -
172.22.2.4 - - [08/Oct/2023:12:35:41 -0500] "HEAD /BLA/boletinlegal/ HTTP/1.1" 200 -
201.245.192.253 - - [08/Oct/2023:12:37:25 -0500] "POST /kwsrmcab/Wsrmcab HTTP/1.1" 200 41678
201.245.192.253 - - [08/Oct/2023:12:37:27 -0500] "POST /kwsrmcab/Wsrmcab HTTP/1.1" 200 43361
172.22.2.4 - - [08/Oct/2023:12:36:32 -0500] "GET /BLA/boletinlegal/ HTTP/1.1" 200 60342
201.245.192.253 - - [08/Oct/2023:12:38:45 -0500] "POST /forms/lservlet;jsessionid=ac16012b30d6e3ac83cfa34d44e69cdfe83dd14ea1cd.e3iSbxaKaheRe34Pbx8Nc3aQci1ynknvrkLOlQzNp65In0 HTTP/1.1" 200 2
201.245.192.253 - - [08/Oct/2023:12:38:51 -0500] "POST /forms/lservlet;jsessionid=ac16012b30d631b237d665c3491e938ed2fcaf258f77.e3iSbxaKaheRe34Pbx8Nc3aQci1ynknvrkLOlQzNp65In0 HTTP/1.1" 200 2
216.244.66.195 - - [08/Oct/2023:12:39:56 -0500] "GET /BLA/resoluciones/RESOLUCIONES%202011/0315.pdf HTTP/1.1" 200 84689
216.244.66.195 - - [08/Oct/2023:12:40:19 -0500] "GET /BLA/resoluciones/RESOLUCIONES%202011/0373.pdf HTTP/1.1" 200 66625
216.244.66.195 - - [08/Oct/2023:12:40:39 -0500] "GET /BLA/resoluciones/RESOLUCIONES%202011/0441.pdf HTTP/1.1" 200 90443
201.245.192.253 - - [08/Oct/2023:12:40:45 -0500] "POST /forms/lservlet;jsessionid=ac16012b30d6e3ac83cfa34d44e69cdfe83dd14ea1cd.e3iSbxaKaheRe34Pbx8Nc3aQci1ynknvrkLOlQzNp65In0 HTTP/1.1" 200 2
201.245.192.253 - - [08/Oct/2023:12:40:51 -0500] "POST /forms/lservlet;jsessionid=ac16012b30d631b237d665c3491e938ed2fcaf258f77.e3iSbxaKaheRe34Pbx8Nc3aQci1ynknvrkLOlQzNp65In0 HTTP/1.1" 200 2
216.244.66.195 - - [08/Oct/2023:12:40:59 -0500] "GET /BLA/resoluciones/RESOLUCIONES%202011/0482.pdf HTTP/1.1" 200 72189
201.245.192.253 - - [08/Oct/2023:12:41:02 -0500] "POST /kwsrmcab/Wsrmcab  HTTP/1.1" 200 42851
216.244.66.195 - - [08/Oct/2023:12:41:19 -0500] "GET /BLA/resoluciones/RESOLUCIONES%202011/0976.pdf HTTP/1.1" 200 75605
216.244.66.195 - - [08/Oct/2023:12:41:33 -0500] "GET /BLA/resoluciones/RESOLUCIONES%202011/1330.pdf HTTP/1.1" 200 69249
216.244.66.195 - - [08/Oct/2023:12:41:52 -0500] "GET /BLA/resoluciones/RESOLUCIONES%202011/1365.pdf HTTP/1.1" 200 67769
216.245.221.92 - - [08/Oct/2023:12:42:01 -0500] "HEAD / HTTP/1.1" 200 -
216.244.66.195 - - [08/Oct/2023:12:42:07 -0500] "GET /BLA/resoluciones/RESOLUCIONES%202011/1415.pdf HTTP/1.1" 200 71815
216.244.66.195 - - [08/Oct/2023:12:42:20 -0500] "GET /BLA/resoluciones/RESOLUCIONES%202011/1510.pdf HTTP/1.1" 200 71925
216.244.66.195 - - [08/Oct/2023:12:42:35 -0500] "GET /BLA/resoluciones/AUTOS%202017/1981.pdf HTTP/1.1" 200 261116
201.245.192.253 - - [08/Oct/2023:12:42:45 -0500] "POST /forms/lservlet;jsessionid=ac16012b30d6e3ac83cfa34d44e69cdfe83dd14ea1cd.e3iSbxaKaheRe34Pbx8Nc3aQci1ynknvrkLOlQzNp65In0 HTTP/1.1" 200 2
201.245.192.253 - - [08/Oct/2023:12:42:51 -0500] "POST /forms/lservlet;jsessionid=ac16012b30d631b237d665c3491e938ed2fcaf258f77.e3iSbxaKaheRe34Pbx8Nc3aQci1ynknvrkLOlQzNp65In0 HTTP/1.1" 200 2
172.22.2.4 - - [08/Oct/2023:12:41:31 -0500] "HEAD /BLA/boletinlegal/ HTTP/1.1" 200 -
45.230.33.88 - - [08/Oct/2023:12:43:25 -0500] "GET /camaras-trampa HTTP/1.1" 404 1264
45.230.33.88 - - [08/Oct/2023:12:43:25 -0500] "GET /favicon.ico HTTP/1.1" 404 1322
172.22.2.4 - - [08/Oct/2023:12:42:22 -0500] "GET /BLA/boletinlegal/ HTTP/1.1" 200 58187
207.46.13.92 - - [08/Oct/2023:12:44:27 -0500] "GET /BLA/resoluciones/RESOLUCIONES%202003/RESOLUCION%202173%20DE%202003.PDF HTTP/1.1" 200 5000026
66.249.66.193 - - [08/Oct/2023:12:44:40 -0500] "GET /inscribete-y-participa-en-el-foro-sobre-la-gestion-de-los-bifenilos-policlorados-en-transformadores-electricos.html HTTP/1.1" 304 -
66.249.66.194 - - [08/Oct/2023:12:44:41 -0500] "GET /secretaria-de-ambiente-destaca-aportes-de-empresas-y-ciudadanos-que-ayudaron-a-mitigar-efectos-de-la-alerta-fase-i.html HTTP/1.1" 304 -
201.245.192.253 - - [08/Oct/2023:12:44:45 -0500] "POST /forms/lservlet;jsessionid=ac16012b30d6e3ac83cfa34d44e69cdfe83dd14ea1cd.e3iSbxaKaheRe34Pbx8Nc3aQci1ynknvrkLOlQzNp65In0 HTTP/1.1" 200 2
201.245.192.253 - - [08/Oct/2023:12:44:51 -0500] "POST /forms/lservlet;jsessionid=ac16012b30d631b237d665c3491e938ed2fcaf258f77.e3iSbxaKaheRe34Pbx8Nc3aQci1ynknvrkLOlQzNp65In0 HTTP/1.1" 200 2
69.171.249.1 - - [08/Oct/2023:12:45:38 -0500] "GET /images/presentaci\xc3\xb3n%20convenci\xc3\xb3n.jpg HTTP/1.1" 404 1034
66.249.66.21 - - [08/Oct/2023:12:45:56 -0500] "GET /isolucionsda/FrameSetArticulo.asp?Pagina=/isolucionsda/bancoconocimiento/A/AcuerdoAGN8del18deOctubrede1995/AcuerdoAGN8del18deOctubrede1995.asp?IdArticulo=6091 HTTP/1.1" 200 8087
201.245.192.253 - - [08/Oct/2023:12:46:02 -0500] "POST /kwsrmcab/Wsrmcab  HTTP/1.1" 200 42851
173.252.95.10 - - [08/Oct/2023:12:46:09 -0500] "GET /bogota-lista-para-ser-la-sede-de-la-ii-convencion-internacional-de-emergencia-climatica.html HTTP/1.1" 200 934
201.245.192.253 - - [08/Oct/2023:12:46:45 -0500] "POST /forms/lservlet;jsessionid=ac16012b30d6e3ac83cfa34d44e69cdfe83dd14ea1cd.e3iSbxaKaheRe34Pbx8Nc3aQci1ynknvrkLOlQzNp65In0 HTTP/1.1" 200 2
201.245.192.253 - - [08/Oct/2023:12:46:51 -0500] "POST /forms/lservlet;jsessionid=ac16012b30d631b237d665c3491e938ed2fcaf258f77.e3iSbxaKaheRe34Pbx8Nc3aQci1ynknvrkLOlQzNp65In0 HTTP/1.1" 200 2
216.245.221.92 - - [08/Oct/2023:12:47:01 -0500] "HEAD / HTTP/1.1" 200 -
207.46.13.153 - - [08/Oct/2023:12:48:35 -0500] "GET /portaldeninos/parque-ecologico-distrital-humedal-santa-maria-del-lago/ HTTP/1.1" 200 90199
201.245.192.253 - - [08/Oct/2023:12:48:45 -0500] "POST /forms/lservlet;jsessionid=ac16012b30d6e3ac83cfa34d44e69cdfe83dd14ea1cd.e3iSbxaKaheRe34Pbx8Nc3aQci1ynknvrkLOlQzNp65In0 HTTP/1.1" 200 2
201.245.192.253 - - [08/Oct/2023:12:48:51 -0500] "POST /forms/lservlet;jsessionid=ac16012b30d631b237d665c3491e938ed2fcaf258f77.e3iSbxaKaheRe34Pbx8Nc3aQci1ynknvrkLOlQzNp65In0 HTTP/1.1" 200 2
172.22.2.4 - - [08/Oct/2023:12:47:21 -0500] "HEAD /BLA/boletinlegal/ HTTP/1.1" 200 -
172.22.2.4 - - [08/Oct/2023:12:48:12 -0500] "GET /BLA/boletinlegal/ HTTP/1.1" 200 55844
201.245.192.253 - - [08/Oct/2023:12:50:45 -0500] "POST /forms/lservlet;jsessionid=ac16012b30d6e3ac83cfa34d44e69cdfe83dd14ea1cd.e3iSbxaKaheRe34Pbx8Nc3aQci1ynknvrkLOlQzNp65In0 HTTP/1.1" 200 2
201.245.192.253 - - [08/Oct/2023:12:50:51 -0500] "POST /forms/lservlet;jsessionid=ac16012b30d631b237d665c3491e938ed2fcaf258f77.e3iSbxaKaheRe34Pbx8Nc3aQci1ynknvrkLOlQzNp65In0 HTTP/1.1" 200 2
201.245.192.253 - - [08/Oct/2023:12:51:01 -0500] "POST /kwsrmcab/Wsrmcab  HTTP/1.1" 200 42851
216.245.221.92 - - [08/Oct/2023:12:52:01 -0500] "HEAD / HTTP/1.1" 200 -
201.245.192.253 - - [08/Oct/2023:12:52:45 -0500] "POST /forms/lservlet;jsessionid=ac16012b30d6e3ac83cfa34d44e69cdfe83dd14ea1cd.e3iSbxaKaheRe34Pbx8Nc3aQci1ynknvrkLOlQzNp65In0 HTTP/1.1" 200 2
201.245.192.253 - - [08/Oct/2023:12:52:51 -0500] "POST /forms/lservlet;jsessionid=ac16012b30d631b237d665c3491e938ed2fcaf258f77.e3iSbxaKaheRe34Pbx8Nc3aQci1ynknvrkLOlQzNp65In0 HTTP/1.1" 200 2
201.245.192.253 - - [08/Oct/2023:12:54:45 -0500] "POST /forms/lservlet;jsessionid=ac16012b30d6e3ac83cfa34d44e69cdfe83dd14ea1cd.e3iSbxaKaheRe34Pbx8Nc3aQci1ynknvrkLOlQzNp65In0 HTTP/1.1" 200 2
201.245.192.253 - - [08/Oct/2023:12:54:51 -0500] "POST /forms/lservlet;jsessionid=ac16012b30d631b237d665c3491e938ed2fcaf258f77.e3iSbxaKaheRe34Pbx8Nc3aQci1ynknvrkLOlQzNp65In0 HTTP/1.1" 200 2
172.22.2.4 - - [08/Oct/2023:12:53:11 -0500] "HEAD /BLA/boletinlegal/ HTTP/1.1" 200 -
172.22.2.4 - - [08/Oct/2023:12:55:00 -0500] "GET /BLA/boletinlegal/favicon.ico HTTP/1.1" 404 1043
172.22.2.4 - - [08/Oct/2023:12:54:43 -0500] "GET /BLA/boletinlegal/ HTTP/1.1" 200 20427
172.22.2.4 - - [08/Oct/2023:12:54:02 -0500] "GET /BLA/boletinlegal/ HTTP/1.1" 200 48235
172.22.2.4 - - [08/Oct/2023:12:54:45 -0500] "GET /BLA/boletinlegal/ HTTP/1.1" 200 32715
201.245.192.253 - - [08/Oct/2023:12:56:00 -0500] "POST /kwsrmcab/Wsrmcab  HTTP/1.1" 200 42851
201.245.192.253 - - [08/Oct/2023:12:56:45 -0500] "POST /forms/lservlet;jsessionid=ac16012b30d6e3ac83cfa34d44e69cdfe83dd14ea1cd.e3iSbxaKaheRe34Pbx8Nc3aQci1ynknvrkLOlQzNp65In0 HTTP/1.1" 200 2
201.245.192.253 - - [08/Oct/2023:12:56:51 -0500] "POST /forms/lservlet;jsessionid=ac16012b30d631b237d665c3491e938ed2fcaf258f77.e3iSbxaKaheRe34Pbx8Nc3aQci1ynknvrkLOlQzNp65In0 HTTP/1.1" 200 2
216.245.221.92 - - [08/Oct/2023:12:57:01 -0500] "HEAD / HTTP/1.1" 200 -
172.22.2.4 - - [08/Oct/2023:12:57:02 -0500] "GET /BLA/boletinlegal/robots.txt HTTP/1.1" 404 1140
172.22.2.4 - - [08/Oct/2023:12:56:35 -0500] "OPTIONS /BLA/boletinlegal/ HTTP/1.1" 200 49099
201.245.192.253 - - [08/Oct/2023:12:58:45 -0500] "POST /forms/lservlet;jsessionid=ac16012b30d6e3ac83cfa34d44e69cdfe83dd14ea1cd.e3iSbxaKaheRe34Pbx8Nc3aQci1ynknvrkLOlQzNp65In0 HTTP/1.1" 200 2
201.245.192.253 - - [08/Oct/2023:12:58:51 -0500] "POST /forms/lservlet;jsessionid=ac16012b30d631b237d665c3491e938ed2fcaf258f77.e3iSbxaKaheRe34Pbx8Nc3aQci1ynknvrkLOlQzNp65In0 HTTP/1.1" 200 2
172.22.2.4 - - [08/Oct/2023:12:59:01 -0500] "HEAD /BLA/boletinlegal/ HTTP/1.1" 200 -
201.245.192.253 - - [08/Oct/2023:13:00:45 -0500] "POST /forms/lservlet;jsessionid=ac16012b30d6e3ac83cfa34d44e69cdfe83dd14ea1cd.e3iSbxaKaheRe34Pbx8Nc3aQci1ynknvrkLOlQzNp65In0 HTTP/1.1" 200 2
201.245.192.253 - - [08/Oct/2023:13:00:51 -0500] "POST /forms/lservlet;jsessionid=ac16012b30d631b237d665c3491e938ed2fcaf258f77.e3iSbxaKaheRe34Pbx8Nc3aQci1ynknvrkLOlQzNp65In0 HTTP/1.1" 200 2
201.245.192.253 - - [08/Oct/2023:13:00:59 -0500] "POST /kwsrmcab/Wsrmcab  HTTP/1.1" 200 42851
172.22.2.4 - - [08/Oct/2023:12:59:52 -0500] "GET /BLA/boletinlegal/ HTTP/1.1" 200 60342
201.198.177.146 - - [08/Oct/2023:13:01:59 -0500] "GET /portaldeninos/wp-content/uploads/useanyfont/uaf.css?ver=1589905315 HTTP/1.1" 200 408
201.198.177.146 - - [08/Oct/2023:13:01:59 -0500] "GET /portaldeninos/wp-content/themes/betheme/style.css?ver=20.9.6 HTTP/1.1" 200 287
201.198.177.146 - - [08/Oct/2023:13:01:59 -0500] "GET /portaldeninos/wp-content/plugins/gallery-videos/CSS/totalsoft.css?ver=4.9.8 HTTP/1.1" 200 40622
201.198.177.146 - - [08/Oct/2023:13:01:59 -0500] "GET /portaldeninos/wp-content/themes/betheme/css/base.css?ver=20.9.6 HTTP/1.1" 200 57283
201.198.177.146 - - [08/Oct/2023:13:01:59 -0500] "GET /portaldeninos/wp-content/plugins/gallery-videos/CSS/Total-Soft-Gallery-Video-Widget.css?ver=4.9.8 HTTP/1.1" 200 51554
201.198.177.146 - - [08/Oct/2023:13:01:59 -0500] "GET /portaldeninos/wp-content/themes/betheme/assets/animations/animations.min.css?ver=20.9.6 HTTP/1.1" 200 58508
201.198.177.146 - - [08/Oct/2023:13:01:59 -0500] "GET /portaldeninos/wp-content/themes/betheme/assets/ui/jquery.ui.all.css?ver=20.9.6 HTTP/1.1" 200 18765
201.198.177.146 - - [08/Oct/2023:13:02:00 -0500] "GET /portaldeninos/wp-content/themes/betheme/assets/jplayer/css/jplayer.blue.monday.css?ver=20.9.6 HTTP/1.1" 200 9834
201.198.177.146 - - [08/Oct/2023:13:02:00 -0500] "GET /portaldeninos/wp-content/plugins/google-analytics-for-wordpress/assets/js/frontend-gtag.min.js?ver=8.5.0 HTTP/1.1" 200 11801
201.198.177.146 - - [08/Oct/2023:13:01:59 -0500] "GET /portaldeninos/wp-content/themes/betheme/css/shortcodes.css?ver=20.9.6 HTTP/1.1" 200 138889
201.198.177.146 - - [08/Oct/2023:13:02:00 -0500] "GET /portaldeninos/wp-includes/js/jquery/jquery-migrate.min.js?ver=1.4.1 HTTP/1.1" 200 10056
201.198.177.146 - - [08/Oct/2023:13:01:59 -0500] "GET /portaldeninos/wp-content/themes/betheme/css/layout.css?ver=20.9.6 HTTP/1.1" 200 116639
201.198.177.146 - - [08/Oct/2023:13:02:00 -0500] "GET /portaldeninos/wp-includes/js/jquery/ui/core.min.js?ver=1.11.4 HTTP/1.1" 200 4000
201.198.177.146 - - [08/Oct/2023:13:02:00 -0500] "GET /portaldeninos/wp-content/plugins/gallery-videos/JS/modernizr.custom.js?ver=4.9.8 HTTP/1.1" 200 9019
201.198.177.146 - - [08/Oct/2023:13:02:00 -0500] "GET /portaldeninos/wp-content/themes/betheme/css/responsive.css?ver=20.9.6 HTTP/1.1" 200 55740
201.198.177.146 - - [08/Oct/2023:13:02:00 -0500] "GET /portaldeninos/wp-includes/js/jquery/ui/widget.min.js?ver=1.11.4 HTTP/1.1" 200 6908
201.198.177.146 - - [08/Oct/2023:13:02:00 -0500] "GET /portaldeninos/wp-includes/js/jquery/ui/mouse.min.js?ver=1.11.4 HTTP/1.1" 200 3148
201.198.177.146 - - [08/Oct/2023:13:02:00 -0500] "GET /portaldeninos/wp-includes/js/jquery/ui/tabs.min.js?ver=1.11.4 HTTP/1.1" 200 12110
201.198.177.146 - - [08/Oct/2023:13:02:00 -0500] "GET /portaldeninos/wp-includes/js/jquery/ui/sortable.min.js?ver=1.11.4 HTTP/1.1" 200 24899
201.198.177.146 - - [08/Oct/2023:13:02:00 -0500] "GET /portaldeninos/wp-includes/js/jquery/ui/accordion.min.js?ver=1.11.4 HTTP/1.1" 200 8584
201.198.177.146 - - [08/Oct/2023:13:02:00 -0500] "GET /portaldeninos/wp-content/themes/betheme/js/menu.js?ver=20.9.6 HTTP/1.1" 200 2449
201.198.177.146 - - [08/Oct/2023:13:02:00 -0500] "GET /portaldeninos/wp-content/plugins/gallery-videos/JS/Total-Soft-Gallery-Video-Widget.js?ver=4.9.8 HTTP/1.1" 200 80264
201.198.177.146 - - [08/Oct/2023:13:02:00 -0500] "GET /portaldeninos/wp-content/themes/betheme/assets/animations/animations.min.js?ver=20.9.6 HTTP/1.1" 200 1896
201.198.177.146 - - [08/Oct/2023:13:02:00 -0500] "GET /portaldeninos/wp-includes/js/wp-embed.min.js?ver=4.9.8 HTTP/1.1" 200 1398
201.198.177.146 - - [08/Oct/2023:13:02:00 -0500] "GET /portaldeninos/wp-includes/js/jquery/jquery.js?ver=1.12.4 HTTP/1.1" 200 97184
201.198.177.146 - - [08/Oct/2023:13:02:00 -0500] "GET /portaldeninos/wp-content/themes/betheme/assets/jplayer/jplayer.min.js?ver=20.9.6 HTTP/1.1" 200 52702
201.198.177.146 - - [08/Oct/2023:13:02:00 -0500] "GET /portaldeninos/wp-content/themes/betheme/js/scripts.js?ver=20.9.6 HTTP/1.1" 200 77162
201.198.177.146 - - [08/Oct/2023:13:02:00 -0500] "GET /portaldeninos/wp-content/themes/betheme/js/plugins.js?ver=20.9.6 HTTP/1.1" 200 197151
201.198.177.146 - - [08/Oct/2023:13:02:01 -0500] "GET /portaldeninos/wp-includes/js/wp-emoji-release.min.js?ver=4.9.8 HTTP/1.1" 200 12026
216.245.221.92 - - [08/Oct/2023:13:02:01 -0500] "HEAD / HTTP/1.1" 200 -
201.198.177.146 - - [08/Oct/2023:13:02:01 -0500] "GET /portaldeninos/wp-content/themes/betheme/images/box_shadow.png HTTP/1.1" 200 108
201.198.177.146 - - [08/Oct/2023:13:02:01 -0500] "GET /portaldeninos/wp-content/themes/betheme/fonts/mfn-icons.woff?93978679 HTTP/1.1" 200 80932
201.198.177.146 - - [08/Oct/2023:13:02:02 -0500] "GET /portaldeninos/wp-content/themes/betheme/fonts/mfn-icons.ttf?93978679 HTTP/1.1" 200 91825
66.249.66.194 - - [08/Oct/2023:13:02:23 -0500] "GET /el-ejemplo-comienza-por-casa-alcaldia-de-bogota-expide-decreto-para-reducir-plasticos-de-un-solo-uso-en-las-entidades-del-distrito.html HTTP/1.1" 304 -
201.245.192.253 - - [08/Oct/2023:13:02:45 -0500] "POST /forms/lservlet;jsessionid=ac16012b30d6e3ac83cfa34d44e69cdfe83dd14ea1cd.e3iSbxaKaheRe34Pbx8Nc3aQci1ynknvrkLOlQzNp65In0 HTTP/1.1" 200 2
201.245.192.253 - - [08/Oct/2023:13:02:51 -0500] "POST /forms/lservlet;jsessionid=ac16012b30d631b237d665c3491e938ed2fcaf258f77.e3iSbxaKaheRe34Pbx8Nc3aQci1ynknvrkLOlQzNp65In0 HTTP/1.1" 200 2
201.245.192.253 - - [08/Oct/2023:13:04:45 -0500] "POST /forms/lservlet;jsessionid=ac16012b30d6e3ac83cfa34d44e69cdfe83dd14ea1cd.e3iSbxaKaheRe34Pbx8Nc3aQci1ynknvrkLOlQzNp65In0 HTTP/1.1" 200 2
201.245.192.253 - - [08/Oct/2023:13:04:51 -0500] "POST /forms/lservlet;jsessionid=ac16012b30d631b237d665c3491e938ed2fcaf258f77.e3iSbxaKaheRe34Pbx8Nc3aQci1ynknvrkLOlQzNp65In0 HTTP/1.1" 200 2
201.245.192.253 - - [08/Oct/2023:13:05:57 -0500] "POST /kwsrmcab/Wsrmcab  HTTP/1.1" 200 42851
172.22.2.4 - - [08/Oct/2023:13:04:51 -0500] "HEAD /BLA/boletinlegal/ HTTP/1.1" 200 -
201.245.192.253 - - [08/Oct/2023:13:06:46 -0500] "POST /forms/lservlet;jsessionid=ac16012b30d6e3ac83cfa34d44e69cdfe83dd14ea1cd.e3iSbxaKaheRe34Pbx8Nc3aQci1ynknvrkLOlQzNp65In0 HTTP/1.1" 200 2
201.245.192.253 - - [08/Oct/2023:13:06:51 -0500] "POST /forms/lservlet;jsessionid=ac16012b30d631b237d665c3491e938ed2fcaf258f77.e3iSbxaKaheRe34Pbx8Nc3aQci1ynknvrkLOlQzNp65In0 HTTP/1.1" 200 2
216.245.221.92 - - [08/Oct/2023:13:07:01 -0500] "HEAD / HTTP/1.1" 200 -
66.249.66.192 - - [08/Oct/2023:13:07:10 -0500] "GET /compania-nacional-de-chocolates-cerescos-y-cablemovil-entre-las-empresas-que-han-implementado-proyectos-ambientales-exitosos.html HTTP/1.1" 304 -
172.22.2.4 - - [08/Oct/2023:13:05:42 -0500] "GET /BLA/boletinlegal/ HTTP/1.1" 200 60692
201.245.192.253 - - [08/Oct/2023:13:08:46 -0500] "POST /forms/lservlet;jsessionid=ac16012b30d6e3ac83cfa34d44e69cdfe83dd14ea1cd.e3iSbxaKaheRe34Pbx8Nc3aQci1ynknvrkLOlQzNp65In0 HTTP/1.1" 200 2
201.245.192.253 - - [08/Oct/2023:13:08:51 -0500] "POST /forms/lservlet;jsessionid=ac16012b30d631b237d665c3491e938ed2fcaf258f77.e3iSbxaKaheRe34Pbx8Nc3aQci1ynknvrkLOlQzNp65In0 HTTP/1.1" 200 2
201.245.192.253 - - [08/Oct/2023:13:10:46 -0500] "POST /forms/lservlet;jsessionid=ac16012b30d6e3ac83cfa34d44e69cdfe83dd14ea1cd.e3iSbxaKaheRe34Pbx8Nc3aQci1ynknvrkLOlQzNp65In0 HTTP/1.1" 200 2
201.245.192.253 - - [08/Oct/2023:13:10:51 -0500] "POST /forms/lservlet;jsessionid=ac16012b30d631b237d665c3491e938ed2fcaf258f77.e3iSbxaKaheRe34Pbx8Nc3aQci1ynknvrkLOlQzNp65In0 HTTP/1.1" 200 2
201.245.192.253 - - [08/Oct/2023:13:10:56 -0500] "POST /kwsrmcab/Wsrmcab  HTTP/1.1" 200 42851
207.46.13.155 - - [08/Oct/2023:13:11:17 -0500] "GET /images/rana-silvestre.jpg HTTP/1.1" 200 42227
216.245.221.92 - - [08/Oct/2023:13:12:01 -0500] "HEAD / HTTP/1.1" 200 -
172.22.2.4 - - [08/Oct/2023:13:10:41 -0500] "HEAD /BLA/boletinlegal/ HTTP/1.1" 200 -
201.245.192.253 - - [08/Oct/2023:13:12:46 -0500] "POST /forms/lservlet;jsessionid=ac16012b30d6e3ac83cfa34d44e69cdfe83dd14ea1cd.e3iSbxaKaheRe34Pbx8Nc3aQci1ynknvrkLOlQzNp65In0 HTTP/1.1" 200 2
201.245.192.253 - - [08/Oct/2023:13:12:51 -0500] "POST /forms/lservlet;jsessionid=ac16012b30d631b237d665c3491e938ed2fcaf258f77.e3iSbxaKaheRe34Pbx8Nc3aQci1ynknvrkLOlQzNp65In0 HTTP/1.1" 200 2
172.22.2.4 - - [08/Oct/2023:13:11:32 -0500] "GET /BLA/boletinlegal/ HTTP/1.1" 200 60342
157.55.39.48 - - [08/Oct/2023:13:13:39 -0500] "GET /galeria/galeria/fotos/Humedal-Santa-Mar%C3%ADa-del-Lago3G.jpg HTTP/1.1" 200 271832
186.86.32.196 - - [08/Oct/2023:13:14:35 -0500] "GET /kwssiamovil/sm/ldap/au?x=U2FsdGVkX19Ryo8NxLnfQmeYeQOEVfgCKOHpEwCIzj/d9ubiFrG4tmNmL4VE+RTI&y=U2FsdGVkX18IuGr2V33NwhsbXLDp8h+BY4eFUIoQWio= HTTP/1.1" 200 31
172.22.2.4 - - [08/Oct/2023:13:13:29 -0500] "GET /BLA/boletinlegal/ HTTP/1.1" 200 45003
201.245.192.253 - - [08/Oct/2023:13:14:46 -0500] "POST /forms/lservlet;jsessionid=ac16012b30d6e3ac83cfa34d44e69cdfe83dd14ea1cd.e3iSbxaKaheRe34Pbx8Nc3aQci1ynknvrkLOlQzNp65In0 HTTP/1.1" 200 2
186.86.32.196 - - [08/Oct/2023:13:14:49 -0500] "GET /kwssiamovil/sm/ldap/au?x=U2FsdGVkX19FQ8AiIB2sQX+vLioahiajYyAhnC7TQF6GrsOx7W2PoZIKaA8koSCG&y=U2FsdGVkX19pep8fQsh9UmaCP0HeGie+PObg9rrmqfo= HTTP/1.1" 200 30
186.86.32.196 - - [08/Oct/2023:13:14:49 -0500] "GET /kwssiamovil/sm/acme/s?s=U2FsdGVkX18V201nj0hXqPjAzDvwGbZyGvgHIhFBDyT5vxW/75fvgoH4f/wwnKLQSXaEOEEW04+NkG8JKOB3QW/swRalVGQfZzPGOWsu2Hc=&u=U2FsdGVkX18VkX0o24LDUFY6gPSSzOAvhNw23VCBKsY=&y=U2FsdGVkX19pep8fQsh9UmaCP0HeGie+PObg9rrmqfo= HTTP/1.1" 200 97
186.86.32.196 - - [08/Oct/2023:13:14:49 -0500] "GET /kwssiamovil/sm/acme/s?s=U2FsdGVkX19dYIDyYr8Gzf8pA1n8GKloAzqOp11kvgJRlQCJWW6dpc4oLd57nXvb8WrwVT9adafXOzOvcfvyw0OWiODQ8DgBVWmhuAB59XDTcK9X9WxGw/MZ6vSUbDeZAnXncolJf/A7+fPOp8BQl1RMPwK5MVGsRQ6Dza8jeM6cJOatj2xpHl50GWipFapwlBKjtWHx6REiQ6iABuSAYTW1+K9W0beqY4dfkRtIGno3ivNHGyi2+5o7G3cIHO6KOJBifdTcEbmmPZAc4GZmQrvGmvRU8VViTcCyC6xnO8rWIuS+oh07sR5JvxyO71sqPZvMcTuf2Uwt/hnkwXNdVVHfExMzx3eGEWKMOnCP1mdTJLiNYhPs4ToEDJwfbooP4tctArNAfLZsjFd+50qIyGLrbavuOZ0+xmW6+cfJyUpavCY3vjHcVjI15YOY5lr8IzCQ0pWUhebGaCLwj0l/KrpkGv/u4OQ59HM8Y/uVpQisCXIbHCifc+0uPXadNLGQKgNFyKdmcdmHJQ0OwgnbzkSXGsCbjfizZ7m/Y+isBLI6OV95js1x2qjRaqZ3OGChALtNfFvZO8r16MXz6/sSegiDhN1JlSSTvra0ImONWPlk5LxOB9DvKmfJvTiO95iGfh+gyqtOyxEJQCsLNic6wRkciHOqIz3yQJzDhCxl68lJQqi00AzQn2G1zM5EYHgyd1fakgLLlCPrdbVhsAIUoqedStHmUApCOh5bBjxO7XETf9788z8lkwchU+DI+bXEnXqz7vcWt3AmltF7cF5hA3B3YsV57xeLGAldbD8+stdRj1P6A57A1bcjNXm1rc3PPM09au9IilbQrko0RJCHg9T6wa+zLTbVjb8Ga5g5tfi26Ujx9R61yrTsAg5V8d4JSzmHcyb86IbZpXDuOMK1tYqr+El6Vad9MRrydd3P1SBeXpBoGo3T89FPCdhzBB8cxxd0VAKSFJmyOYWUo1C7IFtsuueRNB5QB9AgC7v/kd0VxoP0sgB6MGSMefF3liAkbtGHRQmFwLWUoeJwRT52r/gOCqYZcMUKj/ZGNqrj3/Q17mAAIHoeiW8ijQE8QU+zDo/jcAxfs5ekf5+PiH+c9gathJsPsyaMvwMh1sonxq8go04hsKVVKrNvEYddoUjEu5b98wAt/fMCMyiE/2AQmwOt3i8/PcGyrIvyCqRA62oLA2856giDZx5SNOkFipXxk3GIlxcHvxgAYV4cw52OuXbjE519cxAbNYL/KDHoHOroc8KteJBWpQnfoWqzOjPoyhYGtbrj4WmegfLVW1aXprniZQbOWIeMLxV6JpZl96p0nJhIojewlLUgER8HLrMQxXK7BZSZyI94McHIjUbFutZJOytplgF5kcBtnJqg9S458JW1L+qo5P58ZW7NL4YmrwNz9xnf5CS9z495OEX4XddpDCh23P4ZKJbZQW/v/lhBW7BGA6nFyhgeMQpVEcFqCosaMo+LVc3YPGTAa/7ECtK1hBPVK1YZabQPZ1syoNe7oCwXbdO0V68lmKLb1yNMHsT8/JCkT3fvGkrpDQY1vAGgpWJu+KxPiO4zJPMaNX5nDrDMxGE53uIb0Sv5cd5/QsAUE0ZCItVOukQYzIfPmciO8qma/CnnE0FSoGiOZB4UWdWtRpZ7511bWEOPSHLn1Lk2mIeadwTkBnUAlGcF97KTOAr+OF767pExLw37C/FQ74KYi3TQOdp7tU5SrVclzTXJ6s+HX4pIhufr9nJLkL+SwmeVknA+aKiDR30gjTk=&u=U2FsdGVkX18VkX0o24LDUFY6gPSSzOAvhNw23VCBKsY=&y=U2FsdGVkX19pep8fQsh9UmaCP0HeGie+PObg9rrmqfo= HTTP/1.1" 200 3115
186.86.32.196 - - [08/Oct/2023:13:14:49 -0500] "GET /kwssiamovil/sm/acme/s?s=U2FsdGVkX1/5osyp4AvxDW+z42NNaAbPcZavb8Bhcg72V+UExyonnYFr5HvKlbBWWvEiEvxa1nL6vduTOkwuKS+AWf7kOTzXXB5w8tItqTMX4pJ0L1ONA2b+uwwn9d3hRrX6ht3d9i/VySWioMK9fWg/+XDK2yl66Ue86ia99+xL1bHtKNWnpV56SMb8dymRcQdJp7AddFYnr3UCGtlvgMB1lgjAyii0uHsAdqbWPJ0sZbl7/SlgeULu2kWzVduGMBfEcMXXoK1rdb5OrYBLnS8tkfUtKb7k/Pu2+n+4kFRfCncF14KRE+4ZbyFOskaSEcEyaP016X7F0Opfp1ZzW9Bvqe14K48zvF6eInert6OSmZJt39JaLU9zDZe/qmgy696fbdHDESsMsT+idSlJewmHNLKsJ+wnGUs3S23uij+S4F9CGXuEhG4glOMP8XLYjNvgxjUQ2x+dWxHbZs4pFpSwdO7/9UIsmSpTIR6UAboxQj1x9D5fFiuxZ8sncLdaepjRFqp85/1CJ9b9C0LJlPj0UcrG7C591735O3qIN3umKfH0poOuA9A+Z//lGrqUIdNPYy6eWttLm4zM4Vo97b1vi9FCL3qeXOLDNkdSPSEyydOt2Q+bB80JQU4yCcEIqnHkChzoAS0HV5UENmVDKEkWlN1b8wcxLa5pjHjmnVM/KDE7POVge9Ra9foZFo9iDunHyC8azOC439jLII3xEJ35gdOP+QZNvdiaZig7tVuV8CfjIlqaiVSxI6NyH4Kx&u=U2FsdGVkX18VkX0o24LDUFY6gPSSzOAvhNw23VCBKsY=&y=U2FsdGVkX19pep8fQsh9UmaCP0HeGie+PObg9rrmqfo= HTTP/1.1" 200 208
186.86.32.196 - - [08/Oct/2023:13:14:50 -0500] "GET /kwssiamovil/sm/cjson/pre?f=1&x=U2FsdGVkX19FQ8AiIB2sQX+vLioahiajYyAhnC7TQF6GrsOx7W2PoZIKaA8koSCG HTTP/1.1" 200 31032
201.245.192.253 - - [08/Oct/2023:13:14:51 -0500] "POST /forms/lservlet;jsessionid=ac16012b30d631b237d665c3491e938ed2fcaf258f77.e3iSbxaKaheRe34Pbx8Nc3aQci1ynknvrkLOlQzNp65In0 HTTP/1.1" 200 2
172.22.2.4 - - [08/Oct/2023:13:14:12 -0500] "GET /BLA/boletinlegal/ HTTP/1.1" 200 40907
172.22.2.4 - - [08/Oct/2023:13:15:23 -0500] "GET /BLA/boletinlegal/Circulares/2012/Circular%20No.%202%20del%2014%20de%20Marzo%20de%202012.pdf HTTP/1.1" 304 -
201.245.192.253 - - [08/Oct/2023:13:15:55 -0500] "POST /kwsrmcab/Wsrmcab  HTTP/1.1" 200 42851
207.46.13.102 - - [08/Oct/2023:13:16:30 -0500] "GET /forest/ HTTP/1.1" 200 12041
35.195.93.98 - - [08/Oct/2023:13:16:37 -0500] "GET / HTTP/1.1" 200 319
201.245.192.253 - - [08/Oct/2023:13:16:46 -0500] "POST /forms/lservlet;jsessionid=ac16012b30d6e3ac83cfa34d44e69cdfe83dd14ea1cd.e3iSbxaKaheRe34Pbx8Nc3aQci1ynknvrkLOlQzNp65In0 HTTP/1.1" 200 2
201.245.192.253 - - [08/Oct/2023:13:16:51 -0500] "POST /forms/lservlet;jsessionid=ac16012b30d631b237d665c3491e938ed2fcaf258f77.e3iSbxaKaheRe34Pbx8Nc3aQci1ynknvrkLOlQzNp65In0 HTTP/1.1" 200 2
216.245.221.92 - - [08/Oct/2023:13:17:01 -0500] "HEAD / HTTP/1.1" 200 -
201.245.192.253 - - [08/Oct/2023:13:17:25 -0500] "POST /kwsrmcab/Wsrmcab HTTP/1.1" 200 41840
201.245.192.253 - - [08/Oct/2023:13:17:28 -0500] "POST /kwsrmcab/Wsrmcab HTTP/1.1" 200 43521
172.22.2.4 - - [08/Oct/2023:13:16:31 -0500] "HEAD /BLA/boletinlegal/ HTTP/1.1" 200 -
201.245.192.253 - - [08/Oct/2023:13:18:46 -0500] "POST /forms/lservlet;jsessionid=ac16012b30d6e3ac83cfa34d44e69cdfe83dd14ea1cd.e3iSbxaKaheRe34Pbx8Nc3aQci1ynknvrkLOlQzNp65In0 HTTP/1.1" 200 2
201.245.192.253 - - [08/Oct/2023:13:18:51 -0500] "POST /forms/lservlet;jsessionid=ac16012b30d631b237d665c3491e938ed2fcaf258f77.e3iSbxaKaheRe34Pbx8Nc3aQci1ynknvrkLOlQzNp65In0 HTTP/1.1" 200 2
172.22.2.4 - - [08/Oct/2023:13:17:22 -0500] "GET /BLA/boletinlegal/ HTTP/1.1" 200 57790
201.245.192.253 - - [08/Oct/2023:13:20:46 -0500] "POST /forms/lservlet;jsessionid=ac16012b30d6e3ac83cfa34d44e69cdfe83dd14ea1cd.e3iSbxaKaheRe34Pbx8Nc3aQci1ynknvrkLOlQzNp65In0 HTTP/1.1" 200 2
201.245.192.253 - - [08/Oct/2023:13:20:51 -0500] "POST /forms/lservlet;jsessionid=ac16012b30d631b237d665c3491e938ed2fcaf258f77.e3iSbxaKaheRe34Pbx8Nc3aQci1ynknvrkLOlQzNp65In0 HTTP/1.1" 200 2
201.245.192.253 - - [08/Oct/2023:13:20:53 -0500] "POST /kwsrmcab/Wsrmcab  HTTP/1.1" 200 42851
216.245.221.92 - - [08/Oct/2023:13:22:01 -0500] "HEAD / HTTP/1.1" 200 -
201.245.192.253 - - [08/Oct/2023:13:22:46 -0500] "POST /forms/lservlet;jsessionid=ac16012b30d6e3ac83cfa34d44e69cdfe83dd14ea1cd.e3iSbxaKaheRe34Pbx8Nc3aQci1ynknvrkLOlQzNp65In0 HTTP/1.1" 200 2
201.245.192.253 - - [08/Oct/2023:13:22:51 -0500] "POST /forms/lservlet;jsessionid=ac16012b30d631b237d665c3491e938ed2fcaf258f77.e3iSbxaKaheRe34Pbx8Nc3aQci1ynknvrkLOlQzNp65In0 HTTP/1.1" 200 2
47.245.105.39 - - [08/Oct/2023:13:23:21 -0500] "GET /galeria/galeria/fotos/Capellania2P.jpg HTTP/1.1" 200 35380
172.22.2.4 - - [08/Oct/2023:13:22:21 -0500] "HEAD /BLA/boletinlegal/ HTTP/1.1" 200 -
201.245.192.253 - - [08/Oct/2023:13:24:46 -0500] "POST /forms/lservlet;jsessionid=ac16012b30d6e3ac83cfa34d44e69cdfe83dd14ea1cd.e3iSbxaKaheRe34Pbx8Nc3aQci1ynknvrkLOlQzNp65In0 HTTP/1.1" 200 2
201.245.192.253 - - [08/Oct/2023:13:24:51 -0500] "POST /forms/lservlet;jsessionid=ac16012b30d631b237d665c3491e938ed2fcaf258f77.e3iSbxaKaheRe34Pbx8Nc3aQci1ynknvrkLOlQzNp65In0 HTTP/1.1" 200 2
172.22.2.4 - - [08/Oct/2023:13:23:12 -0500] "GET /BLA/boletinlegal/ HTTP/1.1" 200 60342
201.245.192.253 - - [08/Oct/2023:13:25:52 -0500] "POST /kwsrmcab/Wsrmcab  HTTP/1.1" 200 42851
173.252.79.2 - - [08/Oct/2023:13:25:58 -0500] "GET /images/reunion-planta-termovalorizacion-11-mayo.jpg HTTP/1.1" 200 34782
201.245.192.253 - - [08/Oct/2023:13:26:46 -0500] "POST /forms/lservlet;jsessionid=ac16012b30d6e3ac83cfa34d44e69cdfe83dd14ea1cd.e3iSbxaKaheRe34Pbx8Nc3aQci1ynknvrkLOlQzNp65In0 HTTP/1.1" 200 2
201.245.192.253 - - [08/Oct/2023:13:26:51 -0500] "POST /forms/lservlet;jsessionid=ac16012b30d631b237d665c3491e938ed2fcaf258f77.e3iSbxaKaheRe34Pbx8Nc3aQci1ynknvrkLOlQzNp65In0 HTTP/1.1" 200 2
216.245.221.92 - - [08/Oct/2023:13:27:01 -0500] "HEAD / HTTP/1.1" 200 -
201.245.192.253 - - [08/Oct/2023:13:27:25 -0500] "POST /kwsrmcab/Wsrmcab HTTP/1.1" 200 41840
201.245.192.253 - - [08/Oct/2023:13:27:28 -0500] "POST /kwsrmcab/Wsrmcab HTTP/1.1" 200 43521
52.167.144.17 - - [08/Oct/2023:13:28:26 -0500] "GET /portaldeninos/category/noticias/page/4/ HTTP/1.1" 200 102710
201.245.192.253 - - [08/Oct/2023:13:28:46 -0500] "POST /forms/lservlet;jsessionid=ac16012b30d6e3ac83cfa34d44e69cdfe83dd14ea1cd.e3iSbxaKaheRe34Pbx8Nc3aQci1ynknvrkLOlQzNp65In0 HTTP/1.1" 200 2
201.245.192.253 - - [08/Oct/2023:13:28:51 -0500] "POST /forms/lservlet;jsessionid=ac16012b30d631b237d665c3491e938ed2fcaf258f77.e3iSbxaKaheRe34Pbx8Nc3aQci1ynknvrkLOlQzNp65In0 HTTP/1.1" 200 2
66.249.66.193 - - [08/Oct/2023:13:29:40 -0500] "GET /secretaria-de-ambiente-avanza-con-la-implementacion-de-viveros-y-sistemas-de-recoleccion-de-agua-lluvia-en-humedales.html HTTP/1.1" 304 -
172.22.2.4 - - [08/Oct/2023:13:28:11 -0500] "HEAD /BLA/boletinlegal/ HTTP/1.1" 200 -
172.22.2.4 - - [08/Oct/2023:13:29:02 -0500] "GET /BLA/boletinlegal/ HTTP/1.1" 200 58187
201.245.192.253 - - [08/Oct/2023:13:30:46 -0500] "POST /forms/lservlet;jsessionid=ac16012b30d6e3ac83cfa34d44e69cdfe83dd14ea1cd.e3iSbxaKaheRe34Pbx8Nc3aQci1ynknvrkLOlQzNp65In0 HTTP/1.1" 200 2
201.245.192.253 - - [08/Oct/2023:13:30:51 -0500] "POST /forms/lservlet;jsessionid=ac16012b30d631b237d665c3491e938ed2fcaf258f77.e3iSbxaKaheRe34Pbx8Nc3aQci1ynknvrkLOlQzNp65In0 HTTP/1.1" 200 2
201.245.192.253 - - [08/Oct/2023:13:30:51 -0500] "POST /kwsrmcab/Wsrmcab  HTTP/1.1" 200 42851
157.55.39.12 - - [08/Oct/2023:13:31:01 -0500] "GET /bla/resoluciones/resoluciones%202023/0837.pdf HTTP/1.1" 200 352925
216.245.221.92 - - [08/Oct/2023:13:32:01 -0500] "HEAD / HTTP/1.1" 200 -
201.245.192.253 - - [08/Oct/2023:13:32:46 -0500] "POST /forms/lservlet;jsessionid=ac16012b30d6e3ac83cfa34d44e69cdfe83dd14ea1cd.e3iSbxaKaheRe34Pbx8Nc3aQci1ynknvrkLOlQzNp65In0 HTTP/1.1" 200 2
201.245.192.253 - - [08/Oct/2023:13:32:51 -0500] "POST /forms/lservlet;jsessionid=ac16012b30d631b237d665c3491e938ed2fcaf258f77.e3iSbxaKaheRe34Pbx8Nc3aQci1ynknvrkLOlQzNp65In0 HTTP/1.1" 200 2
201.245.192.253 - - [08/Oct/2023:13:34:46 -0500] "POST /forms/lservlet;jsessionid=ac16012b30d6e3ac83cfa34d44e69cdfe83dd14ea1cd.e3iSbxaKaheRe34Pbx8Nc3aQci1ynknvrkLOlQzNp65In0 HTTP/1.1" 200 2
201.245.192.253 - - [08/Oct/2023:13:34:51 -0500] "POST /forms/lservlet;jsessionid=ac16012b30d631b237d665c3491e938ed2fcaf258f77.e3iSbxaKaheRe34Pbx8Nc3aQci1ynknvrkLOlQzNp65In0 HTTP/1.1" 200 2
172.22.2.4 - - [08/Oct/2023:13:34:01 -0500] "HEAD /BLA/boletinlegal/ HTTP/1.1" 200 -
201.245.192.253 - - [08/Oct/2023:13:35:50 -0500] "POST /kwsrmcab/Wsrmcab  HTTP/1.1" 200 42851
172.22.2.4 - - [08/Oct/2023:13:34:52 -0500] "GET /BLA/boletinlegal/ HTTP/1.1" 200 57790
201.245.192.253 - - [08/Oct/2023:13:36:46 -0500] "POST /forms/lservlet;jsessionid=ac16012b30d6e3ac83cfa34d44e69cdfe83dd14ea1cd.e3iSbxaKaheRe34Pbx8Nc3aQci1ynknvrkLOlQzNp65In0 HTTP/1.1" 200 2
201.245.192.253 - - [08/Oct/2023:13:36:51 -0500] "POST /forms/lservlet;jsessionid=ac16012b30d631b237d665c3491e938ed2fcaf258f77.e3iSbxaKaheRe34Pbx8Nc3aQci1ynknvrkLOlQzNp65In0 HTTP/1.1" 200 2
216.245.221.92 - - [08/Oct/2023:13:37:01 -0500] "HEAD / HTTP/1.1" 200 -
201.245.192.253 - - [08/Oct/2023:13:37:24 -0500] "POST /kwsrmcab/Wsrmcab HTTP/1.1" 200 41840
201.245.192.253 - - [08/Oct/2023:13:37:27 -0500] "POST /kwsrmcab/Wsrmcab HTTP/1.1" 200 43521
172.22.2.4 - - [08/Oct/2023:13:37:33 -0500] "GET /BLA/boletinlegal/autodiscover/autodiscover.json?@zdi/Powershell HTTP/1.1" 404 1018
201.245.192.253 - - [08/Oct/2023:13:38:46 -0500] "POST /forms/lservlet;jsessionid=ac16012b30d6e3ac83cfa34d44e69cdfe83dd14ea1cd.e3iSbxaKaheRe34Pbx8Nc3aQci1ynknvrkLOlQzNp65In0 HTTP/1.1" 200 2
201.245.192.253 - - [08/Oct/2023:13:38:51 -0500] "POST /forms/lservlet;jsessionid=ac16012b30d631b237d665c3491e938ed2fcaf258f77.e3iSbxaKaheRe34Pbx8Nc3aQci1ynknvrkLOlQzNp65In0 HTTP/1.1" 200 2
201.245.192.253 - - [08/Oct/2023:13:40:46 -0500] "POST /forms/lservlet;jsessionid=ac16012b30d6e3ac83cfa34d44e69cdfe83dd14ea1cd.e3iSbxaKaheRe34Pbx8Nc3aQci1ynknvrkLOlQzNp65In0 HTTP/1.1" 200 2
201.245.192.253 - - [08/Oct/2023:13:40:49 -0500] "POST /kwsrmcab/Wsrmcab  HTTP/1.1" 200 42851
201.245.192.253 - - [08/Oct/2023:13:40:51 -0500] "POST /forms/lservlet;jsessionid=ac16012b30d631b237d665c3491e938ed2fcaf258f77.e3iSbxaKaheRe34Pbx8Nc3aQci1ynknvrkLOlQzNp65In0 HTTP/1.1" 200 2
172.22.2.4 - - [08/Oct/2023:13:39:51 -0500] "HEAD /BLA/boletinlegal/ HTTP/1.1" 200 -
216.245.221.92 - - [08/Oct/2023:13:42:01 -0500] "HEAD / HTTP/1.1" 200 -
172.22.2.4 - - [08/Oct/2023:13:40:42 -0500] "GET /BLA/boletinlegal/ HTTP/1.1" 200 60342
201.245.192.253 - - [08/Oct/2023:13:42:46 -0500] "POST /forms/lservlet;jsessionid=ac16012b30d6e3ac83cfa34d44e69cdfe83dd14ea1cd.e3iSbxaKaheRe34Pbx8Nc3aQci1ynknvrkLOlQzNp65In0 HTTP/1.1" 200 2
52.167.144.24 - - [08/Oct/2023:13:42:47 -0500] "GET /bla/resoluciones/resoluciones%202023/0406.pdf HTTP/1.1" 200 380574
201.245.192.253 - - [08/Oct/2023:13:42:51 -0500] "POST /forms/lservlet;jsessionid=ac16012b30d631b237d665c3491e938ed2fcaf258f77.e3iSbxaKaheRe34Pbx8Nc3aQci1ynknvrkLOlQzNp65In0 HTTP/1.1" 200 2
173.252.95.19 - - [08/Oct/2023:13:43:53 -0500] "GET /dia-internacional-de-la-tierra-cambio-de-habitos-para-su-proteccion-y-conservacion.html HTTP/1.1" 200 1014
201.245.192.253 - - [08/Oct/2023:13:44:46 -0500] "POST /forms/lservlet;jsessionid=ac16012b30d6e3ac83cfa34d44e69cdfe83dd14ea1cd.e3iSbxaKaheRe34Pbx8Nc3aQci1ynknvrkLOlQzNp65In0 HTTP/1.1" 200 2
201.245.192.253 - - [08/Oct/2023:13:44:51 -0500] "POST /forms/lservlet;jsessionid=ac16012b30d631b237d665c3491e938ed2fcaf258f77.e3iSbxaKaheRe34Pbx8Nc3aQci1ynknvrkLOlQzNp65In0 HTTP/1.1" 200 2
43.135.123.64 - - [08/Oct/2023:13:44:49 -0500] "GET /portaldeninos/ HTTP/1.1" 200 110175
201.245.192.253 - - [08/Oct/2023:13:45:48 -0500] "POST /kwsrmcab/Wsrmcab  HTTP/1.1" 200 42851
185.224.128.197 - - [08/Oct/2023:13:46:32 -0500] "GET / HTTP/1.1" 200 319
201.245.192.253 - - [08/Oct/2023:13:46:46 -0500] "POST /forms/lservlet;jsessionid=ac16012b30d6e3ac83cfa34d44e69cdfe83dd14ea1cd.e3iSbxaKaheRe34Pbx8Nc3aQci1ynknvrkLOlQzNp65In0 HTTP/1.1" 200 2
201.245.192.253 - - [08/Oct/2023:13:46:51 -0500] "POST /forms/lservlet;jsessionid=ac16012b30d631b237d665c3491e938ed2fcaf258f77.e3iSbxaKaheRe34Pbx8Nc3aQci1ynknvrkLOlQzNp65In0 HTTP/1.1" 200 2
216.245.221.92 - - [08/Oct/2023:13:47:01 -0500] "HEAD / HTTP/1.1" 200 -
172.22.2.4 - - [08/Oct/2023:13:45:41 -0500] "HEAD /BLA/boletinlegal/ HTTP/1.1" 200 -
66.249.66.192 - - [08/Oct/2023:13:47:23 -0500] "GET /alcaldesa-claudia-lopez-inicio-plantacion-de-300-nuevos-arboles-en-el-humedal-torca-guaymaral-y-libero-49-animales-silvestres.html HTTP/1.1" 304 -
172.22.2.4 - - [08/Oct/2023:13:46:32 -0500] "GET /BLA/boletinlegal/ HTTP/1.1" 200 56257
201.245.192.253 - - [08/Oct/2023:13:48:46 -0500] "POST /forms/lservlet;jsessionid=ac16012b30d6e3ac83cfa34d44e69cdfe83dd14ea1cd.e3iSbxaKaheRe34Pbx8Nc3aQci1ynknvrkLOlQzNp65In0 HTTP/1.1" 200 2
