186.86.32.196 - - [08/Oct/2023:17:29:12 -0500] "GET /kwssiamovil/sm/acme/a?s=U2FsdGVkX19vcon3d1okbC1OGfeLS10+UGG4y+tai+iheNDbMljAjbY0fWdyOz2BG1m8gWm0Q7X5pzBle8WsjDEUegAaQpHz4AYQJrxeu7aYm0kKtfCqobTLJvjkukGTCyt9TSxKXbunOwNQtIt+/kB/ekIsXg8TVaD4OZu1Yhd09c5Ehe1xnkXiPeqmjfW5iuuxF2pmhkz/BdLZ+7T6jCxFs7f4llyf1rGdZhhavjxbYk49kaLsAUT9wsns6djnztalwVeIYX+kJ9MvRN2bUk14/lXDJSVNk5nRXkJQ+4V2bsVLIcioJBaqVJb+XbJYg81/niGEp4ZIJsM4t1qFUVcUEA3S9saSf4Uxoxg5S+5MWi8AxOj3MmjAXASBbCSK3l/q7bTj2LFRurtmfO/VI8qjg1A/bNopEtdm2HmbKBbHRuiKOwcPJ/PyBZ1XNTLpcNmFuy6ViBOzX3crEuN8jJuXyaDiSqEwkHLDFRZbD7OJG3Livlcg0oozujEuwbbWL3AQgE4g7SeP4q+AjtSN4qwiZfIRr+x4k2sWVIiXRMXMGIKXmIzmGjhlDZB+aBxOB3CMlZKd2Tami27eQ2hGDbCvSEDjzlfrFtYhez+iLPkWREuJkr8/KtsI75Dm8lZvPzA17v73gTlXP15TKdh7fjXpY5IGzUKL68OYOsulVFHAoJ+BYpK1rZQsaBeos+kqOoLOghFvy/dlj7/JRnZ91pDP3bJ+vNgRurPgfu4jGq4be0qSbkkjnxb2EBQwgtlRZ5uIi7UL734oqKrA5lvQHZrE5oCXynjK/xry6/eGwCcsT3wP3Tzs9UGaIQVTxoEzo4/iBgie8bmZLLhbjVFu272UUN9NGPv3Zkk7EvX1Q0BmbrazsF3NafnEXSxaQ15B0j5zLqvSuKnyM+UoHacRIsiupzdHG11MIDSBYVHjUIQeAuJsimVt1HmVUz2Hb4Zb/KekWmMMwlMBTz2OV8qyLnIBRj/Jw7fDIUi52FiXKwFXNHnFo3slLjj10zhz06c/ofdLCI3qxyWmJEcIcYg17hG9IVJMq/7rhKxbYfhfLDqEL3V2bvJzuFSVIOlgGeFZFQiP1J3RzYHKAF9hKmbbG93eUVmrx8AONI6gdnkCOE4Jwvf3klS//jkpykNhRQWZ0sU14N4T2oTxBv5UBVbWlgSSkTGay84/hMdYUapaIYNvwnB8lotfeZCF6aUoqRs9bgnq65equQNP16wtEmoZxAXu057XliSRN0PMfrYlXWopinZzeua3Ol5970EyzlKBv/x+g1BApx/u7wNQqtPruCB8NfvBeXpg7DyzTUdPqk+ofKfWCt2Qe3b5igYbf3BC0pEfs6WGeQmmRD2OVta26taCBEwHh2vj2NbeCmMD4MNjI0fhLH7PMcxx1h/cFtyJl3ti3H6OcjEZJ6W/FczBqW9VKi01WXUaNgO3cwCyo5kKjwZ9aClJZsBvwJxveSmj9P1pxue3x1WeYd8nZU+VJh4deGfmOheW8TVPFUinEIDLgPj6sl+oX7LeyhyrhfE5r/rAcjicemfskMK+5wTN8YvDHnc5zutjGyZWIl4YUn8xkaPGYTbRwcrdMuOaVzdSxMGkVTx0LnWzozPOf5MIy80SgJDHF0DLr2oqBm054FACxueOW1vkH1mBjO3nlLQnNtBwXC/RP1sLpFVyVuOIvkhV7CDowGHBrAJR9+aNWjZyog/Lu6fWWbBZn2ulQDJB5D4OFgB6+remfXMOxfMD/RyVgg85Yh1qJczPBz4eTCL0JD4yDTKIA3B022De4SpoCM8vGL/TIjFIp9BXl9iogl+QjUmoH8wLBms9c+d79KAa8tjKgLMdSIQ0ZtJWkamd6uqQaEv8hVwmwfgW1rN6v9Fwiq5A4R6htEQCCt4fCtr9mGe45zhbAb4NpeMINA65Zjfizu6AhFB5wP30LBayvFJwEWpeVL0Y2kyUKqSkL9pktelsrlPUlM8LkAupbEBB&u=U2FsdGVkX18CqFxvyocHm7Lr3p+rxK406MWg7gJbe6U=&y=U2FsdGVkX1/QR9q/hjOnTaCMi6k67bpbcola9nrQZoA= HTTP/1.1" 200 26
186.86.32.196 - - [08/Oct/2023:17:29:12 -0500] "GET /kwssiamovil/sm/acme/a?s=U2FsdGVkX19702BIu1eWMOC+vyqOH6Z4cKWgkprarouUeaPWuY03l8oNUm2XhsA+eGSprPnqiE6OuLSDJhdpxWeftEV0+6aE9nM4m/yoBQKhPWF1r5UwFmdKoMZPUy2qZrpuwQwcEzOQwdS3RGdefD/1p423W3UabyBKPTbY2MU=&u=U2FsdGVkX18CqFxvyocHm7Lr3p+rxK406MWg7gJbe6U=&y=U2FsdGVkX1/QR9q/hjOnTaCMi6k67bpbcola9nrQZoA= HTTP/1.1" 200 26
186.86.32.196 - - [08/Oct/2023:17:29:13 -0500] "GET /kwssiamovil/sm/acme/a?s=U2FsdGVkX1/D6+Q1djYA2Pwoj5qlvZwGjdcb8sBgiKwR6DaRgkfbjI0juYljRRj0JuO93CsZE9/RLGcagODSmC/6OJfbhNNXUfSOarsRrUR9GtZNJnTI6YDlU3lQzGLp8nXXJq/K3+8HV8LdU4bcjnraHVrpj76Chef1X+S3nUI=&u=U2FsdGVkX18CqFxvyocHm7Lr3p+rxK406MWg7gJbe6U=&y=U2FsdGVkX1/QR9q/hjOnTaCMi6k67bpbcola9nrQZoA= HTTP/1.1" 200 26
186.86.32.196 - - [08/Oct/2023:17:29:13 -0500] "GET /kwssiamovil/sm/acme/a?s=U2FsdGVkX1/JFx99MyRcSEULFP9XVrO7LIATIXWZW8e8vBeIhYrwS8GHt9ePo07dB9xAy3y4JBOnkhc8L/w8mSsUnUtFVHnXPT+Lr1EtqyiVY1RXa63u8/sK6RHwim6dRgfpTky1j897TlMSJt6g6rO2K6MzedASmtM75xpFers=&u=U2FsdGVkX18CqFxvyocHm7Lr3p+rxK406MWg7gJbe6U=&y=U2FsdGVkX1/QR9q/hjOnTaCMi6k67bpbcola9nrQZoA= HTTP/1.1" 200 26
186.86.32.196 - - [08/Oct/2023:17:29:13 -0500] "GET /kwssiamovil/sm/acme/a?s=U2FsdGVkX1/j3JkrNDlcHKgy2/QDcEsCdTmDRAouqfup0R2laJizEyatCfCxL6LNBeRlKPxvoy1Jm7va3TzLo7UfKDBgaNlcO+b/Rs0Rwy0BCaHv8Xffib+V921fR8cG0gYPkkf8TqKKyM1kvVT4SB+4abWjkXyOMsUHcWHTVeUQLsMkytCRY9F2ERxCW5lR&u=U2FsdGVkX18CqFxvyocHm7Lr3p+rxK406MWg7gJbe6U=&y=U2FsdGVkX1/QR9q/hjOnTaCMi6k67bpbcola9nrQZoA= HTTP/1.1" 200 26
186.86.32.196 - - [08/Oct/2023:17:29:13 -0500] "GET /kwssiamovil/sm/acme/a?s=U2FsdGVkX1/ohII8qGHCXaTOXvCTwP7K+GzPSEcEJr2h7GRXAJYM/Jmcx2M7EuR3n6nZlzYCFZqEtFj6MMQKk4wpOrzadmHgblvAsAsHgNVrYNIt+q83Qf1XpL9p+yopfSOe8HtYiw7uOfL964aOuIhOz42oDciRlLwDhzYvuRoC5icKDl8ZwEHoFDzvxs15QS3Io8ulVme5DOHV3QTWv5r8btNJmvVRIIxnMVJTqWQ=&u=U2FsdGVkX18CqFxvyocHm7Lr3p+rxK406MWg7gJbe6U=&y=U2FsdGVkX1/QR9q/hjOnTaCMi6k67bpbcola9nrQZoA= HTTP/1.1" 200 26
186.86.32.196 - - [08/Oct/2023:17:29:13 -0500] "GET /kwssiamovil/sm/acme/a?s=U2FsdGVkX1+JLlYb66qTissN7wEeFcA6jvDSrYELOApw+LKKSSXJGSFFFnGu1+BN1HiEHczD1gNbpQuVoD1AC8RdDT8cAHV8spviEuISMG7h4WbLHxh+QunJBJ2AY52owS7a8B0x1CzSIO4ESEaTe++j/CEUCjaKog/yBC0uyOQjD26LZ7wiQc8t7U4VyApPy3Ha8EYVabr5j7LjFWN4yA==&u=U2FsdGVkX18CqFxvyocHm7Lr3p+rxK406MWg7gJbe6U=&y=U2FsdGVkX1/QR9q/hjOnTaCMi6k67bpbcola9nrQZoA= HTTP/1.1" 200 26
186.86.32.196 - - [08/Oct/2023:17:29:13 -0500] "GET /kwssiamovil/sm/acme/a?s=U2FsdGVkX1/4jxjqOwuDmLQYcurmznyjxoRwEw2kQzSSNluz8wp5o9eGVYkAWcb1ZlqaKJeCEv6j7Q+zicYB0qJa7lYAei8uo70xNNiozGBKax45eAUByXY1OYmiYO9LqZc8IRm3oj7RFH82w9GKEfi3HQNBHlDuRLWfUprhFRbZeHNH+/nTGO6Vge62FaSB+dFseTmrT3lY4zoKGaaUMA==&u=U2FsdGVkX18CqFxvyocHm7Lr3p+rxK406MWg7gJbe6U=&y=U2FsdGVkX1/QR9q/hjOnTaCMi6k67bpbcola9nrQZoA= HTTP/1.1" 200 26
186.86.32.196 - - [08/Oct/2023:17:29:14 -0500] "GET /kwssiamovil/sm/acme/a?s=U2FsdGVkX18cE/orB4oicPyTc8/j/QZaTNaGPp+RwIimpzVRkiB8FXXkLprHFgcN4bWZV/z5rz1pZ1uG5ZwYaPo+lPPqKi7ikUcrISNbj2wX7cYRdPWYO647dtYhzreMpLR6YYHw1eOQQIkiUErEoZgqTCqgIY4ABZTgHuN/SLtNcjInNwvYtZa5Fn4XKBC3&u=U2FsdGVkX18CqFxvyocHm7Lr3p+rxK406MWg7gJbe6U=&y=U2FsdGVkX1/QR9q/hjOnTaCMi6k67bpbcola9nrQZoA= HTTP/1.1" 200 26
216.244.66.195 - - [08/Oct/2023:17:29:28 -0500] "GET /BLA/resoluciones/AUTOS%202011/2720.pdf HTTP/1.1" 200 267279
216.244.66.195 - - [08/Oct/2023:17:29:50 -0500] "GET /BLA/resoluciones/AUTOS%202011/2790.pdf HTTP/1.1" 200 176193
172.22.2.4 - - [08/Oct/2023:17:28:12 -0500] "GET /BLA/boletinlegal/ HTTP/1.1" 200 60692
201.245.192.253 - - [08/Oct/2023:17:29:57 -0500] "POST /kwsrmcab/Wsrmcab  HTTP/1.1" 200 42851
216.244.66.195 - - [08/Oct/2023:17:30:10 -0500] "GET /BLA/resoluciones/AUTOS%202011/2887.pdf HTTP/1.1" 200 490873
216.244.66.195 - - [08/Oct/2023:17:30:30 -0500] "GET /BLA/resoluciones/AUTOS%202011/2957.pdf HTTP/1.1" 200 508353
201.245.192.253 - - [08/Oct/2023:17:30:47 -0500] "POST /forms/lservlet;jsessionid=ac16012b30d6e3ac83cfa34d44e69cdfe83dd14ea1cd.e3iSbxaKaheRe34Pbx8Nc3aQci1ynknvrkLOlQzNp65In0 HTTP/1.1" 200 2
216.244.66.195 - - [08/Oct/2023:17:30:48 -0500] "GET /BLA/resoluciones/AUTOS%202011/3024.pdf HTTP/1.1" 200 162505
201.245.192.253 - - [08/Oct/2023:17:30:52 -0500] "POST /forms/lservlet;jsessionid=ac16012b30d631b237d665c3491e938ed2fcaf258f77.e3iSbxaKaheRe34Pbx8Nc3aQci1ynknvrkLOlQzNp65In0 HTTP/1.1" 200 2
216.244.66.195 - - [08/Oct/2023:17:31:06 -0500] "GET /BLA/resoluciones/AUTOS%202011/3061.pdf HTTP/1.1" 200 185449
216.244.66.195 - - [08/Oct/2023:17:31:25 -0500] "GET /BLA/resoluciones/AUTOS%202011/3223.pdf HTTP/1.1" 200 295785
216.244.66.195 - - [08/Oct/2023:17:31:52 -0500] "GET /BLA/resoluciones/AUTOS%202011/3271.pdf HTTP/1.1" 200 205161
216.245.221.92 - - [08/Oct/2023:17:32:00 -0500] "HEAD / HTTP/1.1" 200 -
216.244.66.195 - - [08/Oct/2023:17:32:15 -0500] "GET /BLA/resoluciones/AUTOS%202011/3353.pdf HTTP/1.1" 200 156211
66.249.66.192 - - [08/Oct/2023:17:32:23 -0500] "GET /inscribete-y-participa-en-el-foro-sobre-la-gestion-de-los-bifenilos-policlorados-en-transformadores-electricos.html HTTP/1.1" 200 931
216.244.66.195 - - [08/Oct/2023:17:32:37 -0500] "GET /BLA/resoluciones/AUTOS%202011/4085.pdf HTTP/1.1" 200 234685
201.245.192.253 - - [08/Oct/2023:17:32:47 -0500] "POST /forms/lservlet;jsessionid=ac16012b30d6e3ac83cfa34d44e69cdfe83dd14ea1cd.e3iSbxaKaheRe34Pbx8Nc3aQci1ynknvrkLOlQzNp65In0 HTTP/1.1" 200 2
201.245.192.253 - - [08/Oct/2023:17:32:52 -0500] "POST /forms/lservlet;jsessionid=ac16012b30d631b237d665c3491e938ed2fcaf258f77.e3iSbxaKaheRe34Pbx8Nc3aQci1ynknvrkLOlQzNp65In0 HTTP/1.1" 200 2
216.244.66.195 - - [08/Oct/2023:17:33:00 -0500] "GET /BLA/resoluciones/AUTOS%202012/0043.pdf HTTP/1.1" 200 184817
216.244.66.195 - - [08/Oct/2023:17:33:20 -0500] "GET /BLA/resoluciones/AUTOS%202012/0492.pdf HTTP/1.1" 200 372434
216.244.66.195 - - [08/Oct/2023:17:33:39 -0500] "GET /BLA/resoluciones/AUTOS%202012/0669.pdf HTTP/1.1" 200 149001
216.244.66.195 - - [08/Oct/2023:17:33:57 -0500] "GET /BLA/resoluciones/AUTOS%202012/0732.pdf HTTP/1.1" 200 159255
172.22.2.4 - - [08/Oct/2023:17:32:26 -0500] "GET /BLA/boletinlegal/ HTTP/1.1" 200 59699
216.244.66.195 - - [08/Oct/2023:17:34:14 -0500] "GET /BLA/resoluciones/AUTOS%202012/0782.pdf HTTP/1.1" 200 235806
172.22.2.4 - - [08/Oct/2023:17:34:22 -0500] "GET /BLA/boletinlegal/actos.php HTTP/1.1" 200 9682
172.22.2.4 - - [08/Oct/2023:17:34:22 -0500] "GET /BLA/boletinlegal/styles2.css HTTP/1.1" 200 1838
172.22.2.4 - - [08/Oct/2023:17:34:22 -0500] "GET /BLA/boletinlegal/js/ajax_actos.js HTTP/1.1" 200 1322
172.22.2.4 - - [08/Oct/2023:17:34:22 -0500] "GET /BLA/boletinlegal/niceforms-default.css HTTP/1.1" 200 6694
172.22.2.4 - - [08/Oct/2023:17:34:22 -0500] "GET /BLA/boletinlegal/style.css HTTP/1.1" 200 9406
172.22.2.4 - - [08/Oct/2023:17:34:22 -0500] "GET /BLA/boletinlegal/niceforms.js HTTP/1.1" 200 22876
172.22.2.4 - - [08/Oct/2023:17:34:22 -0500] "GET /BLA/boletinlegal/js/lib.js HTTP/1.1" 200 6474
172.22.2.4 - - [08/Oct/2023:17:34:22 -0500] "GET /BLA/boletinlegal/js/popup.js HTTP/1.1" 200 1270
172.22.2.4 - - [08/Oct/2023:17:34:22 -0500] "GET /BLA/boletinlegal/js/jquery1.js HTTP/1.1" 200 29846
172.22.2.4 - - [08/Oct/2023:17:34:22 -0500] "GET /BLA/boletinlegal/images/cabezote%20BLEGAL.jpg HTTP/1.1" 200 118164
172.22.2.4 - - [08/Oct/2023:17:34:22 -0500] "GET /BLA/boletinlegal/images/subscribe-icon-big.png HTTP/1.1" 200 47702
172.22.2.4 - - [08/Oct/2023:17:34:23 -0500] "GET /BLA/boletinlegal/images/historia.png HTTP/1.1" 200 52775
172.22.2.4 - - [08/Oct/2023:17:34:23 -0500] "GET /BLA/boletinlegal/images/registro-usuarios.png HTTP/1.1" 200 8106
172.22.2.4 - - [08/Oct/2023:17:34:23 -0500] "GET /BLA/boletinlegal/images/green-yellow-blue-pink-th.png HTTP/1.1" 200 7394
172.22.2.4 - - [08/Oct/2023:17:34:23 -0500] "GET /BLA/boletinlegal/images/tel.png HTTP/1.1" 200 14477
172.22.2.4 - - [08/Oct/2023:17:34:23 -0500] "GET /BLA/boletinlegal/images/icono-email.png HTTP/1.1" 200 5544
172.22.2.4 - - [08/Oct/2023:17:34:23 -0500] "GET /BLA/boletinlegal/images/body_bg.jpg HTTP/1.1" 200 1601
172.22.2.4 - - [08/Oct/2023:17:34:23 -0500] "GET /BLA/boletinlegal/images/menu_rght.gif HTTP/1.1" 200 1627
172.22.2.4 - - [08/Oct/2023:17:34:23 -0500] "GET /BLA/boletinlegal/images/menu_lft.gif HTTP/1.1" 200 1713
172.22.2.4 - - [08/Oct/2023:17:34:23 -0500] "GET /BLA/boletinlegal/images/bg_top.jpg HTTP/1.1" 200 522
172.22.2.4 - - [08/Oct/2023:17:34:23 -0500] "GET /BLA/boletinlegal/images/menu_bg.jpg HTTP/1.1" 200 620
172.22.2.4 - - [08/Oct/2023:17:34:23 -0500] "GET /BLA/boletinlegal/images/hover.jpg HTTP/1.1" 200 640
172.22.2.4 - - [08/Oct/2023:17:34:23 -0500] "GET /BLA/boletinlegal/images/text.jpg HTTP/1.1" 200 568
172.22.2.4 - - [08/Oct/2023:17:34:23 -0500] "GET /BLA/boletinlegal/images/footer_bg.jpg HTTP/1.1" 200 586
172.22.2.4 - - [08/Oct/2023:17:34:23 -0500] "GET /BLA/boletinlegal/images/footer_bg_l.jpg HTTP/1.1" 200 776
172.22.2.4 - - [08/Oct/2023:17:34:23 -0500] "GET /BLA/boletinlegal/img/0.png HTTP/1.1" 200 110
172.22.2.4 - - [08/Oct/2023:17:34:23 -0500] "GET /BLA/boletinlegal/img/select-right.png HTTP/1.1" 200 44019
172.22.2.4 - - [08/Oct/2023:17:34:23 -0500] "GET /BLA/boletinlegal/img/select-left.png HTTP/1.1" 200 263
172.22.2.4 - - [08/Oct/2023:17:34:23 -0500] "GET /BLA/boletinlegal/img/button-left.png HTTP/1.1" 200 57071
172.22.2.4 - - [08/Oct/2023:17:34:23 -0500] "GET /BLA/boletinlegal/img/button-right.png HTTP/1.1" 200 57878
172.22.2.4 - - [08/Oct/2023:17:34:23 -0500] "GET /BLA/boletinlegal/img/button.png HTTP/1.1" 200 43241
172.22.2.4 - - [08/Oct/2023:17:34:23 -0500] "GET /BLA/boletinlegal/favicon.ico HTTP/1.1" 404 1326
69.171.231.118 - - [08/Oct/2023:17:34:27 -0500] "GET /images/pieza-voluntariado-ambiental.jpeg HTTP/1.1" 200 51125
216.244.66.195 - - [08/Oct/2023:17:34:31 -0500] "GET /BLA/resoluciones/AUTOS%202012/1078.pdf HTTP/1.1" 200 248319
216.244.66.195 - - [08/Oct/2023:17:34:46 -0500] "GET /BLA/resoluciones/AUTOS%202012/1458.pdf HTTP/1.1" 200 940823
201.245.192.253 - - [08/Oct/2023:17:34:47 -0500] "POST /forms/lservlet;jsessionid=ac16012b30d6e3ac83cfa34d44e69cdfe83dd14ea1cd.e3iSbxaKaheRe34Pbx8Nc3aQci1ynknvrkLOlQzNp65In0 HTTP/1.1" 200 2
172.22.2.4 - - [08/Oct/2023:17:33:11 -0500] "HEAD /BLA/boletinlegal/ HTTP/1.1" 200 -
201.245.192.253 - - [08/Oct/2023:17:34:52 -0500] "POST /forms/lservlet;jsessionid=ac16012b30d631b237d665c3491e938ed2fcaf258f77.e3iSbxaKaheRe34Pbx8Nc3aQci1ynknvrkLOlQzNp65In0 HTTP/1.1" 200 2
201.245.192.253 - - [08/Oct/2023:17:34:56 -0500] "POST /kwsrmcab/Wsrmcab  HTTP/1.1" 200 42851
216.244.66.195 - - [08/Oct/2023:17:35:01 -0500] "GET /BLA/resoluciones/AUTOS%202012/1582.pdf HTTP/1.1" 200 461385
216.244.66.195 - - [08/Oct/2023:17:35:14 -0500] "GET /BLA/resoluciones/AUTOS%202012/1670.pdf HTTP/1.1" 200 208127
216.244.66.195 - - [08/Oct/2023:17:35:27 -0500] "GET /BLA/resoluciones/AUTOS%202012/1726.pdf HTTP/1.1" 200 323075
216.244.66.195 - - [08/Oct/2023:17:35:38 -0500] "GET /BLA/resoluciones/AUTOS%202012/1778.pdf HTTP/1.1" 200 424096
172.22.2.4 - - [08/Oct/2023:17:34:02 -0500] "GET /BLA/boletinlegal/ HTTP/1.1" 200 58187
216.244.66.195 - - [08/Oct/2023:17:35:49 -0500] "GET /BLA/resoluciones/AUTOS%202012/1849.pdf HTTP/1.1" 200 409157
216.244.66.195 - - [08/Oct/2023:17:35:58 -0500] "GET /BLA/resoluciones/AUTOS%202012/1928.pdf HTTP/1.1" 200 299522
216.244.66.195 - - [08/Oct/2023:17:36:06 -0500] "GET /BLA/resoluciones/AUTOS%202012/1953.pdf HTTP/1.1" 200 212617
216.244.66.195 - - [08/Oct/2023:17:36:13 -0500] "GET /BLA/resoluciones/AUTOS%202012/2005.pdf HTTP/1.1" 200 2899427
172.22.2.4 - - [08/Oct/2023:17:36:23 -0500] "GET /BLA/boletinlegal/Circulares/2019/.pdf HTTP/1.1" 404 1218
216.244.66.195 - - [08/Oct/2023:17:36:27 -0500] "GET /BLA/resoluciones/AUTOS%202012/2223.pdf HTTP/1.1" 200 1973906
172.22.2.4 - - [08/Oct/2023:17:36:34 -0500] "GET /BLA/boletinlegal/Circulares/2012/Circular%20No.%2010%20del%2026%20de%20Enero%20de%202012.pdf HTTP/1.1" 404 1218
201.245.192.253 - - [08/Oct/2023:17:36:47 -0500] "POST /forms/lservlet;jsessionid=ac16012b30d6e3ac83cfa34d44e69cdfe83dd14ea1cd.e3iSbxaKaheRe34Pbx8Nc3aQci1ynknvrkLOlQzNp65In0 HTTP/1.1" 200 2
201.245.192.253 - - [08/Oct/2023:17:36:52 -0500] "POST /forms/lservlet;jsessionid=ac16012b30d631b237d665c3491e938ed2fcaf258f77.e3iSbxaKaheRe34Pbx8Nc3aQci1ynknvrkLOlQzNp65In0 HTTP/1.1" 200 2
216.245.221.92 - - [08/Oct/2023:17:37:00 -0500] "HEAD / HTTP/1.1" 200 -
201.245.192.253 - - [08/Oct/2023:17:37:24 -0500] "POST /kwsrmcab/Wsrmcab HTTP/1.1" 200 43322
201.245.192.253 - - [08/Oct/2023:17:37:26 -0500] "POST /kwsrmcab/Wsrmcab HTTP/1.1" 200 43520
172.22.2.4 - - [08/Oct/2023:17:38:00 -0500] "GET /BLA/boletinlegal/ HTTP/1.1" 200 24523
201.245.192.253 - - [08/Oct/2023:17:38:47 -0500] "POST /forms/lservlet;jsessionid=ac16012b30d6e3ac83cfa34d44e69cdfe83dd14ea1cd.e3iSbxaKaheRe34Pbx8Nc3aQci1ynknvrkLOlQzNp65In0 HTTP/1.1" 200 2
201.245.192.253 - - [08/Oct/2023:17:38:52 -0500] "POST /forms/lservlet;jsessionid=ac16012b30d631b237d665c3491e938ed2fcaf258f77.e3iSbxaKaheRe34Pbx8Nc3aQci1ynknvrkLOlQzNp65In0 HTTP/1.1" 200 2
66.249.66.75 - - [08/Oct/2023:17:39:53 -0500] "GET /portaldeninos/2021/06/01/agroecologia-tips-para-germinar-semillas-en-casa/ HTTP/1.1" 200 105801
66.249.66.77 - - [08/Oct/2023:17:39:55 -0500] "GET /portaldeninos/wp-content/plugins/gallery-videos/CSS/totalsoft.css?ver=4.9.8 HTTP/1.1" 200 40622
66.249.66.76 - - [08/Oct/2023:17:39:56 -0500] "GET /portaldeninos/wp-content/themes/betheme/css/responsive.css?ver=20.9.6 HTTP/1.1" 200 55740
201.245.192.253 - - [08/Oct/2023:17:39:54 -0500] "POST /kwsrmcab/Wsrmcab  HTTP/1.1" 200 42851
66.249.66.76 - - [08/Oct/2023:17:39:57 -0500] "GET /portaldeninos/wp-content/themes/betheme/assets/animations/animations.min.css?ver=20.9.6 HTTP/1.1" 200 58508
66.249.66.76 - - [08/Oct/2023:17:39:57 -0500] "GET /portaldeninos/wp-content/themes/betheme/css/base.css?ver=20.9.6 HTTP/1.1" 200 57283
66.249.66.75 - - [08/Oct/2023:17:39:58 -0500] "GET /portaldeninos/wp-content/themes/betheme/css/layout.css?ver=20.9.6 HTTP/1.1" 200 116639
66.249.66.76 - - [08/Oct/2023:17:39:59 -0500] "GET /portaldeninos/wp-content/uploads/useanyfont/uaf.css?ver=1589905315 HTTP/1.1" 200 408
66.249.66.75 - - [08/Oct/2023:17:40:00 -0500] "GET /portaldeninos/wp-includes/js/wp-emoji-release.min.js?ver=4.9.8 HTTP/1.1" 200 12026
66.249.66.76 - - [08/Oct/2023:17:40:01 -0500] "GET /portaldeninos/wp-content/themes/betheme/css/shortcodes.css?ver=20.9.6 HTTP/1.1" 200 138889
66.249.66.75 - - [08/Oct/2023:17:40:02 -0500] "GET /portaldeninos/wp-content/themes/betheme/assets/jplayer/css/jplayer.blue.monday.css?ver=20.9.6 HTTP/1.1" 200 9834
66.249.66.75 - - [08/Oct/2023:17:40:03 -0500] "GET /portaldeninos/wp-includes/js/jquery/ui/core.min.js?ver=1.11.4 HTTP/1.1" 200 4000
66.249.66.75 - - [08/Oct/2023:17:40:04 -0500] "GET /portaldeninos/wp-includes/js/jquery/jquery.js?ver=1.12.4 HTTP/1.1" 200 97184
66.249.66.75 - - [08/Oct/2023:17:40:05 -0500] "GET /portaldeninos/wp-includes/js/jquery/jquery-migrate.min.js?ver=1.4.1 HTTP/1.1" 200 10056
66.249.66.75 - - [08/Oct/2023:17:40:06 -0500] "GET /portaldeninos/wp-content/plugins/gallery-videos/JS/Total-Soft-Gallery-Video-Widget.js?ver=4.9.8 HTTP/1.1" 200 80264
66.249.66.75 - - [08/Oct/2023:17:40:07 -0500] "GET /portaldeninos/wp-content/plugins/google-analytics-for-wordpress/assets/js/frontend-gtag.min.js?ver=8.5.0 HTTP/1.1" 200 11801
66.249.66.75 - - [08/Oct/2023:17:40:08 -0500] "GET /portaldeninos/wp-includes/js/jquery/ui/mouse.min.js?ver=1.11.4 HTTP/1.1" 200 3148
66.249.66.75 - - [08/Oct/2023:17:40:09 -0500] "GET /portaldeninos/wp-includes/js/jquery/ui/sortable.min.js?ver=1.11.4 HTTP/1.1" 200 24899
66.249.66.75 - - [08/Oct/2023:17:40:10 -0500] "GET /portaldeninos/wp-includes/js/wp-embed.min.js?ver=4.9.8 HTTP/1.1" 200 1398
66.249.66.75 - - [08/Oct/2023:17:40:10 -0500] "GET /portaldeninos/wp-includes/js/comment-reply.min.js?ver=4.9.8 HTTP/1.1" 200 1078
66.249.66.75 - - [08/Oct/2023:17:40:11 -0500] "GET /portaldeninos/wp-content/themes/betheme/js/menu.js?ver=20.9.6 HTTP/1.1" 200 2449
66.249.66.75 - - [08/Oct/2023:17:40:12 -0500] "GET /portaldeninos/wp-includes/js/jquery/ui/accordion.min.js?ver=1.11.4 HTTP/1.1" 200 8584
66.249.66.75 - - [08/Oct/2023:17:40:13 -0500] "GET /portaldeninos/wp-content/themes/betheme/assets/jplayer/jplayer.min.js?ver=20.9.6 HTTP/1.1" 200 52702
66.249.66.75 - - [08/Oct/2023:17:40:14 -0500] "GET /portaldeninos/wp-content/themes/betheme/js/scripts.js?ver=20.9.6 HTTP/1.1" 200 77162
66.249.66.75 - - [08/Oct/2023:17:40:15 -0500] "GET /portaldeninos/wp-content/themes/betheme/js/plugins.js?ver=20.9.6 HTTP/1.1" 200 197151
66.249.66.75 - - [08/Oct/2023:17:40:16 -0500] "GET /portaldeninos/wp-includes/js/jquery/ui/tabs.min.js?ver=1.11.4 HTTP/1.1" 200 12110
172.22.2.4 - - [08/Oct/2023:17:40:18 -0500] "GET /BLA/boletinlegal/consulta_actos.php?tipo=resoluciones&no=0170&usuario=&sector=&fecha=2022&resuelve= HTTP/1.1" 200 1156
172.22.2.4 - - [08/Oct/2023:17:40:18 -0500] "GET /BLA/boletinlegal/images/pdf.gif HTTP/1.1" 200 567
152.203.54.189 - - [08/Oct/2023:17:40:25 -0500] "GET /BLA/resoluciones/RESOLUCIONES%202022/0170.pdf HTTP/1.1" 200 588176
152.203.54.189 - - [08/Oct/2023:17:40:26 -0500] "GET /favicon.ico HTTP/1.1" 200 7782
172.22.2.4 - - [08/Oct/2023:17:39:01 -0500] "HEAD /BLA/boletinlegal/ HTTP/1.1" 200 -
201.245.192.253 - - [08/Oct/2023:17:40:47 -0500] "POST /forms/lservlet;jsessionid=ac16012b30d6e3ac83cfa34d44e69cdfe83dd14ea1cd.e3iSbxaKaheRe34Pbx8Nc3aQci1ynknvrkLOlQzNp65In0 HTTP/1.1" 200 2
201.245.192.253 - - [08/Oct/2023:17:40:52 -0500] "POST /forms/lservlet;jsessionid=ac16012b30d631b237d665c3491e938ed2fcaf258f77.e3iSbxaKaheRe34Pbx8Nc3aQci1ynknvrkLOlQzNp65In0 HTTP/1.1" 200 2
173.252.95.6 - - [08/Oct/2023:17:41:00 -0500] "GET /mas-de-179-individuos-de-aves-fueron-avistados-en-el-global-big-day.html HTTP/1.1" 200 786
216.244.66.195 - - [08/Oct/2023:17:41:20 -0500] "GET /robots.txt HTTP/1.1" 404 1018
172.22.2.4 - - [08/Oct/2023:17:39:52 -0500] "GET /BLA/boletinlegal/ HTTP/1.1" 200 57790
216.245.221.92 - - [08/Oct/2023:17:42:00 -0500] "HEAD / HTTP/1.1" 200 -
201.245.192.253 - - [08/Oct/2023:17:42:47 -0500] "POST /forms/lservlet;jsessionid=ac16012b30d6e3ac83cfa34d44e69cdfe83dd14ea1cd.e3iSbxaKaheRe34Pbx8Nc3aQci1ynknvrkLOlQzNp65In0 HTTP/1.1" 200 2
201.245.192.253 - - [08/Oct/2023:17:42:52 -0500] "POST /forms/lservlet;jsessionid=ac16012b30d631b237d665c3491e938ed2fcaf258f77.e3iSbxaKaheRe34Pbx8Nc3aQci1ynknvrkLOlQzNp65In0 HTTP/1.1" 200 2
173.252.79.118 - - [08/Oct/2023:17:43:38 -0500] "GET /images/Senderos1.jpeg HTTP/1.1" 200 172777
207.46.13.168 - - [08/Oct/2023:17:43:45 -0500] "GET /bla/resoluciones/index.php?dir=resoluciones+2005/res+2005+1-50 HTTP/1.1" 200 12563
201.245.192.253 - - [08/Oct/2023:17:44:47 -0500] "POST /forms/lservlet;jsessionid=ac16012b30d6e3ac83cfa34d44e69cdfe83dd14ea1cd.e3iSbxaKaheRe34Pbx8Nc3aQci1ynknvrkLOlQzNp65In0 HTTP/1.1" 200 2
201.245.192.253 - - [08/Oct/2023:17:44:52 -0500] "POST /forms/lservlet;jsessionid=ac16012b30d631b237d665c3491e938ed2fcaf258f77.e3iSbxaKaheRe34Pbx8Nc3aQci1ynknvrkLOlQzNp65In0 HTTP/1.1" 200 2
201.245.192.253 - - [08/Oct/2023:17:44:53 -0500] "POST /kwsrmcab/Wsrmcab  HTTP/1.1" 200 42851
186.102.0.31 - - [08/Oct/2023:17:45:11 -0500] "GET /kwssiamovil/sm/acme/a?s=U2FsdGVkX18YoU3b54Ls4JaMbnYoletWu9funQa9SB0eVDmr3mpCoQl9Hf/CMOTrwN7YCPNqxUtM9c2yr9slwKWzTD6dpvyFMrnE//TB/nGIR7fsSjw7nCqUd5jYjQfpcde0eQFATfdcVUsRxtc+OsrzE7DMBeRAQsp/2mAGDyuRNkM8QcLYUYgD6kPPKwhPF0Ckc0o229jMPNKq98nT+kltCuPb31q4Gg1Lyqttzq5/RqXCeHewAsQivR8vvs8/AeCJCqxfjS2IpsaMhe5jpA==&u=U2FsdGVkX1+Zf52oLEayXjPtCvCQPc7KqN8x61Hl0HM2iUX7wfjLK8iqvVh+xCiL&y=U2FsdGVkX19G/JztKkhlZHD3lstEFxFZSG2IBRcw9zAU/Sc9Rrkalrs9bX1AKgqq HTTP/1.1" 200 26
173.252.87.10 - - [08/Oct/2023:17:45:11 -0500] "GET /images/buenas-practicas-ambientales21-octubre.jpg HTTP/1.1" 200 77514
186.102.0.31 - - [08/Oct/2023:17:45:12 -0500] "GET /kwssiamovil/sm/acme/a?s=U2FsdGVkX1+PzciKIlB/HRQ0fV3/jCkhCIOe9cNVBmX1xZC4qO4uUxGA3bmas4J4+BgU2QBQTEZC0fariiaWZs0mzcYavqRl12hbRqeuQ3gzwsNB+h+YH9tAnU7bxiG8qyvRJJj55JMKyopR9NB5MfHKIy6hCUicFSjrukYOz4p9Zuvy9Zht3kq7i/Ty97tWaPrdiK4UTO7Yt8QLy5nikuvQqPaJdQ4wMWQdi4TI24+GrLNs4anOYsjxbEWOlJYatE89TAsS1Q/dMdKVRsEgHLBx+XSYEV89TRV40MgOGvKK5vgqo95Io/M6L9+WF6DHy1VAE/dgdPW0D/WNOCLsnBoGk45/PC1mzzVo38JYlNHkF4XJUUxyHqAXCJsjJGrI6ZQIhduuZiQTBlReFcEvRMB/ULNmSIShg10tly1vlMaXfT6Ol0D0tdWzdZEQhLdOK5FGh5m/FTI+PV7b2genr9Ev4y4EKqAZ3e/K7tHC3Hp76Ig8b1IKu/SpW7k6Pf76wYoLB+t4ouhLb1geWwDkK1m0lBzV1oPjSnlprg/RGr2DatPzHca/R+WAE2Head2nqQvkL8WCmYSCAVEiHfk+paHqTsAu+H5HgzTUGMIKQgk3qnzVzX09dP59xDgnBo2mAzsP9NXE8E4Jycc3HiEeRMOdCKRS4X2JkAIiMzdYLDoHKpon8iWbsok9jymSWKf6NPzXwpbL7NBLGyHFHR2z/ON0lE5jQ76cHgUgz81UvmVR5B88l81HZYH45MrfPwLV/kCdEyjvYsgM1brPDjwEdQjU0rsLa0fqihEpqs8lbEimC4oxQjCkrb0xZI096WC3MXgkcPjegbCvf0HhG+2gWfyROBWGb31owlwaQIAUtiDeH0AbPGY1OQDdAJJr2B8GhMvfXQE5VF9yJr/dlJfDCfrZ3gt1hMiVhpW4FuGYoembR372qzfznqS7iwgnbS2cF9z4j1iOrjt/QoVVSPdRZCrxTWu1s3ArIgyKdjRFJRQLEtMjQuaTQ25l5IxUvaxBMxZLw22XZvGN4XIM2oZhHRl0T9hT77UfxC/i3AX/pGqTJLg6XWAfYE+qNk7sI4IfVDq8uB49+LddHpVVKaUXOQzU11TvHh7aXdGJ4i65u7peQSVrfYq2nNDIAMfV4D1KZAT8URgAwjvK4gXwChkp3W8VqpUSjq4qIpR7PZBioPQ26XNKKndqpWikIixMcbuOmsaAWaFl0BTxF5uaM8y4vLHMZyYwLC+0Uf7T+naRbzs8qOGoBh/V0GRgZg238U5HR9ehJI+j2yD6oSFSFXepCSznb1+10kR6j0DeH2fEyPCKybJGrVGSqh52V/jzDC4ibZpgSOJxFASVUZI1mLr3/E3S40uGvZepa6A8Vx5fW/piQ2t1oachl4X8y8z6lsK83d62V4CDjL8RYw+sKltRCN6FQQN2fUkNXHE0CEeSTe3GFXESn6NFlFn5WAMVU4aPe1C+F0lT+/cLJlF47DmgnZRD4Be42vBYwkzFTm9K9LYdEcknAd7+bf9iGwfo0wgg/AXsNj02nYe8dwyYAyVRhT/5NgtRMJmQ61SmDpnXagKVirgHHYn04xFCIA9zkCdrz8WXSgaWXtMhEIoI3iTwLZDHzyc7R5BgYaK821UY60wtMM2shcpTXYvkkeclegWrMOPTTdTPW+rI75DRTBMkrQ==&u=U2FsdGVkX1+Zf52oLEayXjPtCvCQPc7KqN8x61Hl0HM2iUX7wfjLK8iqvVh+xCiL&y=U2FsdGVkX19G/JztKkhlZHD3lstEFxFZSG2IBRcw9zAU/Sc9Rrkalrs9bX1AKgqq HTTP/1.1" 200 26
186.102.0.31 - - [08/Oct/2023:17:45:12 -0500] "GET /kwssiamovil/sm/acme/a?s=U2FsdGVkX18nfPSjWxCyJf3oZXEFpTLUn9SeFD69NQr0IXyPcxMExSDCsLuos3ohMWKLfSI84uLuN8f7o+ZoeW2paFTlvu89gEz1TQO27U23lhjnYVKFZpRNk1x3Ivcu6gbZbhj/So4Ug1Le5c2lL/71VcNVZF+YGE4ITwyYUM4=&u=U2FsdGVkX1+Zf52oLEayXjPtCvCQPc7KqN8x61Hl0HM2iUX7wfjLK8iqvVh+xCiL&y=U2FsdGVkX19G/JztKkhlZHD3lstEFxFZSG2IBRcw9zAU/Sc9Rrkalrs9bX1AKgqq HTTP/1.1" 200 26
186.102.0.31 - - [08/Oct/2023:17:45:12 -0500] "GET /kwssiamovil/sm/acme/a?s=U2FsdGVkX18pj07ZK1aLHgS0AlTolwO4BziYe8rZf3HPQwjWwxCR+/buRI+nmQCyY6T10u9p1+LgvV8z/0tlaIdol1aeHkosBzv7PDi5TRMXaMQB9nfJFd1dh6YVGQ/SyguEt7ItNaabdRhu7vMF4VNqvlFuqY/8diD+lH8lEtc=&u=U2FsdGVkX1+Zf52oLEayXjPtCvCQPc7KqN8x61Hl0HM2iUX7wfjLK8iqvVh+xCiL&y=U2FsdGVkX19G/JztKkhlZHD3lstEFxFZSG2IBRcw9zAU/Sc9Rrkalrs9bX1AKgqq HTTP/1.1" 200 26
186.102.0.31 - - [08/Oct/2023:17:45:13 -0500] "GET /kwssiamovil/sm/acme/a?s=U2FsdGVkX1+pxKqxFxyr4Zlvw4IU+ecJ6MGQUTQrjdLW9EBRJe93hxoc2mYZMh+phlJOiO/cUNxiKl3cvjpzTHQb+OQhD3SC8GMsy3fTzMd3kNnkrVk/zhDS9UEVzlwjdNf1EriT24Iq61LJrz1kk4AOJTVY4mi5gRjd0GdmZ/E=&u=U2FsdGVkX1+Zf52oLEayXjPtCvCQPc7KqN8x61Hl0HM2iUX7wfjLK8iqvVh+xCiL&y=U2FsdGVkX19G/JztKkhlZHD3lstEFxFZSG2IBRcw9zAU/Sc9Rrkalrs9bX1AKgqq HTTP/1.1" 200 26
186.102.0.31 - - [08/Oct/2023:17:45:13 -0500] "GET /kwssiamovil/sm/acme/a?s=U2FsdGVkX1/PuyX8gD9vVwFqTIjlSpPKm4Z9Soy8YVlpcqyuVaGSRNZXL0TmCk98qd+viFi3p5LjPMU4LE9MtPyqzdVCcZ/RyRnoooP7BrdW7edLr0rwn5NdboYj24EX7vciydywChJbP3LuoBgfZ5u8/1V1qXPBgdMQm1Yub+aI3i68bv7aXwsh+sFAFbNVvZeNYrYgHWxc7W6gQ4J0bQ==&u=U2FsdGVkX1+Zf52oLEayXjPtCvCQPc7KqN8x61Hl0HM2iUX7wfjLK8iqvVh+xCiL&y=U2FsdGVkX19G/JztKkhlZHD3lstEFxFZSG2IBRcw9zAU/Sc9Rrkalrs9bX1AKgqq HTTP/1.1" 200 26
172.22.2.4 - - [08/Oct/2023:17:44:51 -0500] "HEAD /BLA/boletinlegal/ HTTP/1.1" 200 -
201.245.192.253 - - [08/Oct/2023:17:46:47 -0500] "POST /forms/lservlet;jsessionid=ac16012b30d6e3ac83cfa34d44e69cdfe83dd14ea1cd.e3iSbxaKaheRe34Pbx8Nc3aQci1ynknvrkLOlQzNp65In0 HTTP/1.1" 200 2
201.245.192.253 - - [08/Oct/2023:17:46:52 -0500] "POST /forms/lservlet;jsessionid=ac16012b30d631b237d665c3491e938ed2fcaf258f77.e3iSbxaKaheRe34Pbx8Nc3aQci1ynknvrkLOlQzNp65In0 HTTP/1.1" 200 2
216.245.221.92 - - [08/Oct/2023:17:47:00 -0500] "HEAD / HTTP/1.1" 200 -
172.22.2.4 - - [08/Oct/2023:17:45:42 -0500] "GET /BLA/boletinlegal/ HTTP/1.1" 200 60692
201.245.192.253 - - [08/Oct/2023:17:48:47 -0500] "POST /forms/lservlet;jsessionid=ac16012b30d6e3ac83cfa34d44e69cdfe83dd14ea1cd.e3iSbxaKaheRe34Pbx8Nc3aQci1ynknvrkLOlQzNp65In0 HTTP/1.1" 200 2
201.245.192.253 - - [08/Oct/2023:17:48:52 -0500] "POST /forms/lservlet;jsessionid=ac16012b30d631b237d665c3491e938ed2fcaf258f77.e3iSbxaKaheRe34Pbx8Nc3aQci1ynknvrkLOlQzNp65In0 HTTP/1.1" 200 2
201.245.192.253 - - [08/Oct/2023:17:49:53 -0500] "POST /kwsrmcab/Wsrmcab  HTTP/1.1" 200 42851
207.46.13.154 - - [08/Oct/2023:17:50:05 -0500] "GET /bla/resoluciones/index.php?dir=notificaciones%2F HTTP/1.1" 200 11650
207.46.13.154 - - [08/Oct/2023:17:50:06 -0500] "GET /BLA/resoluciones/index.php?dir=RESOLUCIONES+2006%2FRES+2006+1601-1650%2F HTTP/1.1" 200 12366
201.245.192.253 - - [08/Oct/2023:17:50:47 -0500] "POST /forms/lservlet;jsessionid=ac16012b30d6e3ac83cfa34d44e69cdfe83dd14ea1cd.e3iSbxaKaheRe34Pbx8Nc3aQci1ynknvrkLOlQzNp65In0 HTTP/1.1" 200 2
201.245.192.253 - - [08/Oct/2023:17:50:52 -0500] "POST /forms/lservlet;jsessionid=ac16012b30d631b237d665c3491e938ed2fcaf258f77.e3iSbxaKaheRe34Pbx8Nc3aQci1ynknvrkLOlQzNp65In0 HTTP/1.1" 200 2
216.245.221.92 - - [08/Oct/2023:17:52:00 -0500] "HEAD / HTTP/1.1" 200 -
172.22.2.4 - - [08/Oct/2023:17:50:41 -0500] "HEAD /BLA/boletinlegal/ HTTP/1.1" 200 -
201.245.192.253 - - [08/Oct/2023:17:52:47 -0500] "POST /forms/lservlet;jsessionid=ac16012b30d6e3ac83cfa34d44e69cdfe83dd14ea1cd.e3iSbxaKaheRe34Pbx8Nc3aQci1ynknvrkLOlQzNp65In0 HTTP/1.1" 200 2
201.245.192.253 - - [08/Oct/2023:17:52:52 -0500] "POST /forms/lservlet;jsessionid=ac16012b30d631b237d665c3491e938ed2fcaf258f77.e3iSbxaKaheRe34Pbx8Nc3aQci1ynknvrkLOlQzNp65In0 HTTP/1.1" 200 2
172.22.2.4 - - [08/Oct/2023:17:51:32 -0500] "GET /BLA/boletinlegal/ HTTP/1.1" 200 59699
172.22.2.4 - - [08/Oct/2023:17:53:04 -0500] "GET /BLA/boletinlegal/ HTTP/1.1" 200 24523
190.60.254.222 - - [08/Oct/2023:17:54:09 -0500] "POST /sipse/faces/presentacion/financiero/solicitudProceso/consultarSolicitudProceso.xhtml HTTP/1.1" 200 43854
190.60.254.222 - - [08/Oct/2023:17:54:09 -0500] "GET /sipse/faces/javax.faces.resource/theme.css?ln=primefaces-sipse HTTP/1.1" 304 -
190.60.254.222 - - [08/Oct/2023:17:54:09 -0500] "GET /sipse/faces/javax.faces.resource/primefaces.css?ln=primefaces&v=4.0 HTTP/1.1" 304 -
190.60.254.222 - - [08/Oct/2023:17:54:09 -0500] "GET /sipse/faces/javax.faces.resource/layout/layout.css?ln=primefaces&v=4.0 HTTP/1.1" 304 -
190.60.254.222 - - [08/Oct/2023:17:54:09 -0500] "GET /sipse/faces/javax.faces.resource/jquery/jquery.js?ln=primefaces&v=4.0 HTTP/1.1" 304 -
190.60.254.222 - - [08/Oct/2023:17:54:09 -0500] "GET /sipse/faces/javax.faces.resource/jquery/jquery-plugins.js?ln=primefaces&v=4.0 HTTP/1.1" 304 -
190.60.254.222 - - [08/Oct/2023:17:54:10 -0500] "GET /sipse/faces/javax.faces.resource/primefaces.js?ln=primefaces&v=4.0 HTTP/1.1" 304 -
190.60.254.222 - - [08/Oct/2023:17:54:10 -0500] "GET /sipse/faces/javax.faces.resource/layout/layout.js?ln=primefaces&v=4.0 HTTP/1.1" 304 -
190.60.254.222 - - [08/Oct/2023:17:54:10 -0500] "POST /sipse/faces/presentacion/financiero/solicitudProceso/consultar.xhtml HTTP/1.1" 200 37225
190.60.254.222 - - [08/Oct/2023:17:54:11 -0500] "POST /sipse/faces/presentacion/financiero/solicitudProceso/consultar.xhtml HTTP/1.1" 200 37225
190.60.254.222 - - [08/Oct/2023:17:54:11 -0500] "POST /sipse/faces/presentacion/financiero/solicitudProceso/consultar.xhtml HTTP/1.1" 200 37225
190.60.254.222 - - [08/Oct/2023:17:54:11 -0500] "POST /sipse/faces/presentacion/financiero/solicitudProceso/consultar.xhtml HTTP/1.1" 200 37225
190.60.254.222 - - [08/Oct/2023:17:54:12 -0500] "POST /sipse/faces/presentacion/financiero/solicitudProceso/consultar.xhtml HTTP/1.1" 200 37225
190.60.254.222 - - [08/Oct/2023:17:54:12 -0500] "POST /sipse/faces/presentacion/financiero/solicitudProceso/consultar.xhtml HTTP/1.1" 200 37225
190.60.254.222 - - [08/Oct/2023:17:54:13 -0500] "POST /sipse/faces/presentacion/financiero/solicitudProceso/consultar.xhtml HTTP/1.1" 200 37225
190.60.254.222 - - [08/Oct/2023:17:54:13 -0500] "POST /sipse/faces/presentacion/financiero/solicitudProceso/consultar.xhtml HTTP/1.1" 200 37225
190.60.254.222 - - [08/Oct/2023:17:54:22 -0500] "POST /sipse/faces/presentacion/financiero/solicitudProceso/consultar.xhtml HTTP/1.1" 200 13009
190.60.254.222 - - [08/Oct/2023:17:54:36 -0500] "POST /sipse/faces/presentacion/financiero/solicitudProceso/consultar.xhtml HTTP/1.1" 200 165202
190.60.254.222 - - [08/Oct/2023:17:54:37 -0500] "GET /sipse/faces/javax.faces.resource/theme.css?ln=primefaces-sipse HTTP/1.1" 304 -
190.60.254.222 - - [08/Oct/2023:17:54:37 -0500] "GET /sipse/faces/javax.faces.resource/layout/layout.css?ln=primefaces&v=4.0 HTTP/1.1" 304 -
190.60.254.222 - - [08/Oct/2023:17:54:37 -0500] "GET /sipse/faces/javax.faces.resource/primefaces.css?ln=primefaces&v=4.0 HTTP/1.1" 304 -
190.60.254.222 - - [08/Oct/2023:17:54:37 -0500] "GET /sipse/faces/javax.faces.resource/jquery/jquery.js?ln=primefaces&v=4.0 HTTP/1.1" 304 -
190.60.254.222 - - [08/Oct/2023:17:54:38 -0500] "GET /sipse/faces/javax.faces.resource/jquery/jquery-plugins.js?ln=primefaces&v=4.0 HTTP/1.1" 304 -
190.60.254.222 - - [08/Oct/2023:17:54:38 -0500] "GET /sipse/faces/javax.faces.resource/primefaces.js?ln=primefaces&v=4.0 HTTP/1.1" 304 -
190.60.254.222 - - [08/Oct/2023:17:54:38 -0500] "GET /sipse/faces/javax.faces.resource/layout/layout.js?ln=primefaces&v=4.0 HTTP/1.1" 304 -
201.245.192.253 - - [08/Oct/2023:17:54:47 -0500] "POST /forms/lservlet;jsessionid=ac16012b30d6e3ac83cfa34d44e69cdfe83dd14ea1cd.e3iSbxaKaheRe34Pbx8Nc3aQci1ynknvrkLOlQzNp65In0 HTTP/1.1" 200 2
201.245.192.253 - - [08/Oct/2023:17:54:52 -0500] "POST /forms/lservlet;jsessionid=ac16012b30d631b237d665c3491e938ed2fcaf258f77.e3iSbxaKaheRe34Pbx8Nc3aQci1ynknvrkLOlQzNp65In0 HTTP/1.1" 200 2
66.249.66.192 - - [08/Oct/2023:17:54:53 -0500] "GET /semana-bogota-reverdece-iniciaron-actividades-de-la-academia-regional-de-areas-de-cero-emisiones.html HTTP/1.1" 304 -
201.245.192.253 - - [08/Oct/2023:17:54:51 -0500] "POST /kwsrmcab/Wsrmcab  HTTP/1.1" 200 42851
190.60.254.222 - - [08/Oct/2023:17:55:42 -0500] "POST /sipse/faces/presentacion/financiero/solicitudProceso/consultarSolicitudProceso.xhtml HTTP/1.1" 200 44016
190.60.254.222 - - [08/Oct/2023:17:55:42 -0500] "GET /sipse/faces/javax.faces.resource/theme.css?ln=primefaces-sipse HTTP/1.1" 304 -
190.60.254.222 - - [08/Oct/2023:17:55:42 -0500] "GET /sipse/faces/javax.faces.resource/primefaces.css?ln=primefaces&v=4.0 HTTP/1.1" 304 -
190.60.254.222 - - [08/Oct/2023:17:55:42 -0500] "GET /sipse/faces/javax.faces.resource/layout/layout.css?ln=primefaces&v=4.0 HTTP/1.1" 304 -
190.60.254.222 - - [08/Oct/2023:17:55:42 -0500] "GET /sipse/faces/javax.faces.resource/jquery/jquery.js?ln=primefaces&v=4.0 HTTP/1.1" 304 -
190.60.254.222 - - [08/Oct/2023:17:55:42 -0500] "GET /sipse/faces/javax.faces.resource/jquery/jquery-plugins.js?ln=primefaces&v=4.0 HTTP/1.1" 304 -
190.60.254.222 - - [08/Oct/2023:17:55:43 -0500] "GET /sipse/faces/javax.faces.resource/primefaces.js?ln=primefaces&v=4.0 HTTP/1.1" 304 -
190.60.254.222 - - [08/Oct/2023:17:55:43 -0500] "GET /sipse/faces/javax.faces.resource/layout/layout.js?ln=primefaces&v=4.0 HTTP/1.1" 304 -
190.60.254.222 - - [08/Oct/2023:17:55:43 -0500] "POST /sipse/faces/presentacion/financiero/solicitudProceso/consultar.xhtml HTTP/1.1" 200 37387
190.60.254.222 - - [08/Oct/2023:17:55:43 -0500] "POST /sipse/faces/presentacion/financiero/solicitudProceso/consultar.xhtml HTTP/1.1" 200 37387
190.60.254.222 - - [08/Oct/2023:17:55:44 -0500] "POST /sipse/faces/presentacion/financiero/solicitudProceso/consultar.xhtml HTTP/1.1" 200 37387
190.60.254.222 - - [08/Oct/2023:17:55:44 -0500] "POST /sipse/faces/presentacion/financiero/solicitudProceso/consultar.xhtml HTTP/1.1" 200 37387
190.60.254.222 - - [08/Oct/2023:17:55:45 -0500] "POST /sipse/faces/presentacion/financiero/solicitudProceso/consultar.xhtml HTTP/1.1" 200 37387
190.60.254.222 - - [08/Oct/2023:17:55:45 -0500] "POST /sipse/faces/presentacion/financiero/solicitudProceso/consultar.xhtml HTTP/1.1" 200 37387
190.60.254.222 - - [08/Oct/2023:17:55:46 -0500] "POST /sipse/faces/presentacion/financiero/solicitudProceso/consultar.xhtml HTTP/1.1" 200 37387
190.60.254.222 - - [08/Oct/2023:17:55:47 -0500] "POST /sipse/faces/presentacion/financiero/solicitudProceso/consultar.xhtml HTTP/1.1" 200 37387
190.60.254.222 - - [08/Oct/2023:17:55:47 -0500] "POST /sipse/faces/presentacion/financiero/solicitudProceso/consultar.xhtml HTTP/1.1" 200 37387
190.60.254.222 - - [08/Oct/2023:17:55:48 -0500] "POST /sipse/faces/presentacion/financiero/solicitudProceso/consultar.xhtml HTTP/1.1" 200 37387
172.22.2.4 - - [08/Oct/2023:17:55:39 -0500] "GET /BLA/boletinlegal/ HTTP/1.1" 200 24523
201.245.192.253 - - [08/Oct/2023:17:56:47 -0500] "POST /forms/lservlet;jsessionid=ac16012b30d6e3ac83cfa34d44e69cdfe83dd14ea1cd.e3iSbxaKaheRe34Pbx8Nc3aQci1ynknvrkLOlQzNp65In0 HTTP/1.1" 200 2
201.245.192.253 - - [08/Oct/2023:17:56:52 -0500] "POST /forms/lservlet;jsessionid=ac16012b30d631b237d665c3491e938ed2fcaf258f77.e3iSbxaKaheRe34Pbx8Nc3aQci1ynknvrkLOlQzNp65In0 HTTP/1.1" 200 2
216.245.221.92 - - [08/Oct/2023:17:57:00 -0500] "HEAD / HTTP/1.1" 200 -
172.22.2.4 - - [08/Oct/2023:17:56:31 -0500] "HEAD /BLA/boletinlegal/ HTTP/1.1" 200 -
201.245.192.253 - - [08/Oct/2023:17:58:47 -0500] "POST /forms/lservlet;jsessionid=ac16012b30d6e3ac83cfa34d44e69cdfe83dd14ea1cd.e3iSbxaKaheRe34Pbx8Nc3aQci1ynknvrkLOlQzNp65In0 HTTP/1.1" 200 2
201.245.192.253 - - [08/Oct/2023:17:58:52 -0500] "POST /forms/lservlet;jsessionid=ac16012b30d631b237d665c3491e938ed2fcaf258f77.e3iSbxaKaheRe34Pbx8Nc3aQci1ynknvrkLOlQzNp65In0 HTTP/1.1" 200 2
172.22.2.4 - - [08/Oct/2023:17:57:22 -0500] "GET /BLA/boletinlegal/ HTTP/1.1" 200 60342
186.102.0.31 - - [08/Oct/2023:17:59:21 -0500] "GET /kwssiamovil/sm/acme/a?s=U2FsdGVkX19sszaGJq2y4RkQdi6lSlCMJM2p90j3dRbfZpre9K49vphTiluMQxZBA10hqutQOxvHSi3W5Nwmi2uRiSfKhxv8KAEqJPaR/c0W6AuUMKEhQqwuxgCncZcdmCpvR5Ndp/CzaP2JXPt/HTBYelxqn9g2CRzOyU4M45q3ejP6W0pF39llmWymtMgVi3hDvdX2vOMSPQl6Lm7fX3EudVnyRl4mexwu92myK+dK1dedbCGXANCtHTyQQt+OpwxguiORlMlUn5S6vPPt+g==&u=U2FsdGVkX1+Zf52oLEayXjPtCvCQPc7KqN8x61Hl0HM2iUX7wfjLK8iqvVh+xCiL&y=U2FsdGVkX19G/JztKkhlZHD3lstEFxFZSG2IBRcw9zAU/Sc9Rrkalrs9bX1AKgqq HTTP/1.1" 200 26
186.102.0.31 - - [08/Oct/2023:17:59:22 -0500] "GET /kwssiamovil/sm/acme/a?s=U2FsdGVkX18dVMlQuC7q/tUryNFD38A24a2htwOKrpZKOV6GxBL/kJjgbtSQJvoxFWMb65oXqjtpVIokbNlUJCo3nLeH4oNise187NBC5c3zwdmr/hvog9CZXCak7HXTjBrLKsoI++MnsL89mAQbuvEBeIYqeaERcFIgaRALpu/jfsTo9EAJJezOemWoUpnmL/alOdButi9en4Ic7JdZ88OLRVzToWiZqAVDgmovSSL6RpcpfxyNdjWLfiKchNIbUqZovet02c+cEkqD+19kjG1BAHooLavY/qFh//GOM6VdKWzh0yH09Sw4LVNRmOjxyFKC7GzQpmqEBFKA8+UWTgOw13ooIlgFY8jwGTmawLiZtIM/0SaKm39ffCBJ/D13yzIkHmZmXTdVhKsxm3WBsQBywecizhrI4SDH100SThbehFqy2tOyiSR48iTz7YLn6TG8/vjmrfxHqI8FFyafxaiUWX/YudGJnTbFZ5eGZFni9JMyrkRoufGtHMC7Z8GxG6P/SibTZ5Dmefix+jXVOY2yYoXZ/vJQmiJNR52WPKR+ke/7F6DCiLbIegipji2nDPKFoA5cUbEgAssHp93uq8IJuaUgoQmm7JXgsCVj2rHSJUgkmvzibb/aSKR0SNd20rBQyHy/B4O6EcTuaShnIehqaBnQraGzuQwByKeG1uil6pHBWK4YrfLoIEaqG5+nrP2LJhv0RoXjPvQF/tCHbhHU5iIezWzyPMfEG96391AFXl1oj5KqN9aZXr6rtLwAZ/MJYLlPP5YFefdqq+gokzTB+iMmQDzoCJEiq8kHqbRsdqr5M5/yxyvMC2c9Pnb/R/dacm3YdkJepZe6tZw1n+FGNDI3H8DEeQAICmJ+v7Mo70vBC+hOtevaaTG1j101HfMPNon7KyjMKvPnbxq+L53i5IW1r5abmQ6y7++f1FMU9m4R0W4uXBlrqHZ3/jMKrtXaTpFL7NLxsQxKVQSl780EmpZHjvh+5qAtXQcykujML7xvxPsB3/QkOCqk/xOKCdk69WOJK9qYcph2L8oWkZLDJ07GEJUU7UcKQAhRHVcU2ht58nJaJEzHUgeSDWucJrGsE/shAFqRX3w3+c5NYid6CzulJkj0ku/ULwg9HlvXkO/h05kOuS4/lfKv9rRFESKsCNWY2bdKyMxq1A8VSTY0/osdnf0SSRTcnTIk4k4gnM1gcExoIMF6jaG2+wSmseZeLzy7R6oDQ7fzfhUGm7aBC0Xp7bkkmWU83bURk1YDgz1ZU/66mH4v5jXI6SR67+QipYz6hvlK9cGKb8EIFp16wAneFnAYD7Ugn6EMxeCtSAX91OU+vh1X1EQaea+eiuuiaPa8LQnpN2y/QcI/6cqzqpsFIjysKHsRRWR4uSUlzQ0YCptJg7otbw2y7CUO18wz5evFNhIIKvp70WwtEI/OhOjV0+j9uRFt5Cd5OHsc4JueQLQLiY7Uq/IpUAYz/aUS150OsoWKK7Gxie1cv8uBAdi/uu6rqMguaEivhkc=&u=U2FsdGVkX1+Zf52oLEayXjPtCvCQPc7KqN8x61Hl0HM2iUX7wfjLK8iqvVh+xCiL&y=U2FsdGVkX19G/JztKkhlZHD3lstEFxFZSG2IBRcw9zAU/Sc9Rrkalrs9bX1AKgqq HTTP/1.1" 200 26
186.102.0.31 - - [08/Oct/2023:17:59:22 -0500] "GET /kwssiamovil/sm/acme/a?s=U2FsdGVkX1+2c+vWFI46D2S3ML2DwA8wTW7s5aX4uOjOyTtXY/eoDkyR4JNNkRTHuTi/Lu33fa3Ue9fCz2aRutUFDGAWZmnBcKRiKMIE4e+6U0MwodV8Vewe06//ZTwkRG5bsjrqb3m0mbYu5r5nIhvfyLVKcfNUkAvjgIGz/Gg=&u=U2FsdGVkX1+Zf52oLEayXjPtCvCQPc7KqN8x61Hl0HM2iUX7wfjLK8iqvVh+xCiL&y=U2FsdGVkX19G/JztKkhlZHD3lstEFxFZSG2IBRcw9zAU/Sc9Rrkalrs9bX1AKgqq HTTP/1.1" 200 26
186.102.0.31 - - [08/Oct/2023:17:59:22 -0500] "GET /kwssiamovil/sm/acme/a?s=U2FsdGVkX1+hzOIdy3LGVNL25BE89Dz2IST4lyCiM2IJXgVzDJiqBpTQqdoyCK8+0RYyEbMFDByULyo/loZUgn5kq3rtKFCi5qx6q8OmqzyS7aQFzJer8r/fU1PIVrzoN843b5q3D7SgTWZw0q/ELN0rSuzPCj48IHF8H3NQBpw=&u=U2FsdGVkX1+Zf52oLEayXjPtCvCQPc7KqN8x61Hl0HM2iUX7wfjLK8iqvVh+xCiL&y=U2FsdGVkX19G/JztKkhlZHD3lstEFxFZSG2IBRcw9zAU/Sc9Rrkalrs9bX1AKgqq HTTP/1.1" 200 26
186.102.0.31 - - [08/Oct/2023:17:59:23 -0500] "GET /kwssiamovil/sm/acme/a?s=U2FsdGVkX18rtnuTeWs1TbC+7sgiqHJItCixx4SCdALl8zGy7NJpVjt9Da5aU/jVm9X9mF+kirCyqrMhRw+RcT0fhOvN3NfA4Nom+2KziBP97BPpO8DMQePOlb1lCWP0NOmXzzzZ0Ue4e9ypdprbqwbxeRgkbGttPBeJDAIgLJM=&u=U2FsdGVkX1+Zf52oLEayXjPtCvCQPc7KqN8x61Hl0HM2iUX7wfjLK8iqvVh+xCiL&y=U2FsdGVkX19G/JztKkhlZHD3lstEFxFZSG2IBRcw9zAU/Sc9Rrkalrs9bX1AKgqq HTTP/1.1" 200 26
186.102.0.31 - - [08/Oct/2023:17:59:23 -0500] "GET /kwssiamovil/sm/acme/a?s=U2FsdGVkX1+eFECgbhTE8xfl+hhjfV36ZCNi4oSzVRiW9dX90y/DJDUrP/UHfJMP1D74La2Ivxkm12KeeNC5Yfj8nR+LEBYoum5v6rr8rxoQ2h4usSP6HvHaitITb9IzHsKu1qyM8lNW1UUOBek5jqOGP3oBDD2BeGCcel1Cw5lYHKnkPk/Kl+dDrm8MK2SnA+F/Uqb6Y1OtnXN2LaNf7g==&u=U2FsdGVkX1+Zf52oLEayXjPtCvCQPc7KqN8x61Hl0HM2iUX7wfjLK8iqvVh+xCiL&y=U2FsdGVkX19G/JztKkhlZHD3lstEFxFZSG2IBRcw9zAU/Sc9Rrkalrs9bX1AKgqq HTTP/1.1" 200 26
201.245.192.253 - - [08/Oct/2023:17:59:50 -0500] "POST /kwsrmcab/Wsrmcab  HTTP/1.1" 200 42851
190.60.254.222 - - [08/Oct/2023:17:59:56 -0500] "POST /sipse/faces/presentacion/financiero/solicitudProceso/consultar.xhtml HTTP/1.1" 200 12934
190.60.254.222 - - [08/Oct/2023:18:00:06 -0500] "POST /sipse/faces/presentacion/financiero/solicitudProceso/consultar.xhtml HTTP/1.1" 200 162170
190.60.254.222 - - [08/Oct/2023:18:00:08 -0500] "GET /sipse/faces/javax.faces.resource/theme.css?ln=primefaces-sipse HTTP/1.1" 304 -
190.60.254.222 - - [08/Oct/2023:18:00:08 -0500] "GET /sipse/faces/javax.faces.resource/primefaces.css?ln=primefaces&v=4.0 HTTP/1.1" 304 -
190.60.254.222 - - [08/Oct/2023:18:00:08 -0500] "GET /sipse/faces/javax.faces.resource/layout/layout.css?ln=primefaces&v=4.0 HTTP/1.1" 304 -
190.60.254.222 - - [08/Oct/2023:18:00:08 -0500] "GET /sipse/faces/javax.faces.resource/jquery/jquery.js?ln=primefaces&v=4.0 HTTP/1.1" 304 -
190.60.254.222 - - [08/Oct/2023:18:00:08 -0500] "GET /sipse/faces/javax.faces.resource/jquery/jquery-plugins.js?ln=primefaces&v=4.0 HTTP/1.1" 304 -
190.60.254.222 - - [08/Oct/2023:18:00:08 -0500] "GET /sipse/faces/javax.faces.resource/primefaces.js?ln=primefaces&v=4.0 HTTP/1.1" 304 -
190.60.254.222 - - [08/Oct/2023:18:00:08 -0500] "GET /sipse/faces/javax.faces.resource/layout/layout.js?ln=primefaces&v=4.0 HTTP/1.1" 304 -
201.245.192.253 - - [08/Oct/2023:18:00:47 -0500] "POST /forms/lservlet;jsessionid=ac16012b30d6e3ac83cfa34d44e69cdfe83dd14ea1cd.e3iSbxaKaheRe34Pbx8Nc3aQci1ynknvrkLOlQzNp65In0 HTTP/1.1" 200 2
201.245.192.253 - - [08/Oct/2023:18:00:52 -0500] "POST /forms/lservlet;jsessionid=ac16012b30d631b237d665c3491e938ed2fcaf258f77.e3iSbxaKaheRe34Pbx8Nc3aQci1ynknvrkLOlQzNp65In0 HTTP/1.1" 200 2
172.22.2.4 - - [08/Oct/2023:18:00:33 -0500] "GET /BLA/boletinlegal/ HTTP/1.1" 200 24523
190.90.15.140 - - [08/Oct/2023:18:01:15 -0500] "GET / HTTP/1.1" 200 4720
190.90.15.140 - - [08/Oct/2023:18:01:15 -0500] "GET /js/url.js HTTP/1.1" 404 1294
216.244.66.195 - - [08/Oct/2023:18:01:21 -0500] "GET /BLA/resoluciones/AUTOS%202009/0750.pdf HTTP/1.1" 200 292910
172.22.2.4 - - [08/Oct/2023:18:02:00 -0500] "GET /BLA/boletinlegal/style.css HTTP/1.1" 200 9406
172.22.2.4 - - [08/Oct/2023:18:02:00 -0500] "GET /BLA/boletinlegal/styles2.css HTTP/1.1" 200 1838
172.22.2.4 - - [08/Oct/2023:18:02:00 -0500] "GET /BLA/boletinlegal/js/jquery.scrollTo-min.js HTTP/1.1" 200 1150
172.22.2.4 - - [08/Oct/2023:18:02:00 -0500] "GET /BLA/boletinlegal/js/jquery.js HTTP/1.1" 200 57254
172.22.2.4 - - [08/Oct/2023:18:02:00 -0500] "GET /BLA/boletinlegal/js/jquery.scrollShow.js HTTP/1.1" 200 4586
172.22.2.4 - - [08/Oct/2023:18:02:00 -0500] "GET /BLA/boletinlegal/images/screen_1.png HTTP/1.1" 200 202547
172.22.2.4 - - [08/Oct/2023:18:02:00 -0500] "GET /BLA/boletinlegal/images/cabezote%20BLEGAL.jpg HTTP/1.1" 200 118164
216.245.221.92 - - [08/Oct/2023:18:02:00 -0500] "HEAD / HTTP/1.1" 200 -
172.22.2.4 - - [08/Oct/2023:18:02:01 -0500] "GET /BLA/boletinlegal/images/subscribe-icon-big.png HTTP/1.1" 200 47702
172.22.2.4 - - [08/Oct/2023:18:02:01 -0500] "GET /BLA/boletinlegal/images/launch.jpg HTTP/1.1" 200 14577
172.22.2.4 - - [08/Oct/2023:18:02:01 -0500] "GET /BLA/boletinlegal/images/arr_l.jpg HTTP/1.1" 200 1979
172.22.2.4 - - [08/Oct/2023:18:02:01 -0500] "GET /BLA/boletinlegal/images/registro-usuarios.png HTTP/1.1" 200 8106
172.22.2.4 - - [08/Oct/2023:18:02:01 -0500] "GET /BLA/boletinlegal/images/historia.png HTTP/1.1" 200 52775
172.22.2.4 - - [08/Oct/2023:18:02:02 -0500] "GET /BLA/boletinlegal/images/body_bg.jpg HTTP/1.1" 200 1601
172.22.2.4 - - [08/Oct/2023:18:02:02 -0500] "GET /BLA/boletinlegal/images/text.jpg HTTP/1.1" 200 568
172.22.2.4 - - [08/Oct/2023:18:02:02 -0500] "GET /BLA/boletinlegal/images/menu_bg.jpg HTTP/1.1" 200 620
172.22.2.4 - - [08/Oct/2023:18:02:02 -0500] "GET /BLA/boletinlegal/images/menu_lft.gif HTTP/1.1" 200 1713
172.22.2.4 - - [08/Oct/2023:18:02:02 -0500] "GET /BLA/boletinlegal/images/hover.jpg HTTP/1.1" 200 640
216.244.66.195 - - [08/Oct/2023:18:02:04 -0500] "GET /BLA/resoluciones/AUTOS%202009/0840.pdf HTTP/1.1" 200 89675
172.22.2.4 - - [08/Oct/2023:18:02:04 -0500] "GET /BLA/boletinlegal/images/menu_rght.gif HTTP/1.1" 200 1627
172.22.2.4 - - [08/Oct/2023:18:02:04 -0500] "GET /BLA/boletinlegal/images/bg_top.jpg HTTP/1.1" 200 522
186.86.32.196 - - [08/Oct/2023:18:02:05 -0500] "OPTIONS /kwssiamovil/sm/setfile/f? HTTP/1.1" 200 13
186.86.32.196 - - [08/Oct/2023:18:02:05 -0500] "POST /kwssiamovil/sm/setfile/f? HTTP/1.1" 200 381
172.22.2.4 - - [08/Oct/2023:18:02:07 -0500] "GET /BLA/boletinlegal/images/screen_3.png HTTP/1.1" 200 210620
172.22.2.4 - - [08/Oct/2023:18:02:07 -0500] "GET /BLA/boletinlegal/images/screen_2.png HTTP/1.1" 200 362502
172.22.2.4 - - [08/Oct/2023:18:02:07 -0500] "GET /BLA/boletinlegal/images/arr_r.jpg HTTP/1.1" 200 1998
172.22.2.4 - - [08/Oct/2023:18:02:07 -0500] "GET /BLA/boletinlegal/images/screen_5.png HTTP/1.1" 200 368876
172.22.2.4 - - [08/Oct/2023:18:02:07 -0500] "GET /BLA/boletinlegal/images/footer_bg.jpg HTTP/1.1" 200 586
207.46.13.127 - - [08/Oct/2023:18:02:07 -0500] "GET /bla/resoluciones/autos%202010/1159.pdf HTTP/1.1" 200 150564
186.86.32.196 - - [08/Oct/2023:18:02:07 -0500] "OPTIONS /kwssiamovil/sm/setfile/f? HTTP/1.1" 200 13
186.86.32.196 - - [08/Oct/2023:18:02:07 -0500] "POST /kwssiamovil/sm/setfile/f? HTTP/1.1" 200 381
186.86.32.196 - - [08/Oct/2023:18:02:10 -0500] "OPTIONS /kwssiamovil/sm/setfile/f? HTTP/1.1" 200 13
186.86.32.196 - - [08/Oct/2023:18:02:10 -0500] "POST /kwssiamovil/sm/setfile/f? HTTP/1.1" 200 381
186.86.32.196 - - [08/Oct/2023:18:02:13 -0500] "OPTIONS /kwssiamovil/sm/setfile/f? HTTP/1.1" 200 13
172.22.2.4 - - [08/Oct/2023:18:02:13 -0500] "GET /BLA/boletinlegal/actos.php HTTP/1.1" 200 9682
172.22.2.4 - - [08/Oct/2023:18:02:14 -0500] "GET /BLA/boletinlegal/js/ajax_actos.js HTTP/1.1" 200 1322
172.22.2.4 - - [08/Oct/2023:18:02:14 -0500] "GET /BLA/boletinlegal/niceforms-default.css HTTP/1.1" 200 6694
172.22.2.4 - - [08/Oct/2023:18:02:14 -0500] "GET /BLA/boletinlegal/niceforms.js HTTP/1.1" 200 22876
172.22.2.4 - - [08/Oct/2023:18:02:14 -0500] "GET /BLA/boletinlegal/js/popup.js HTTP/1.1" 200 1270
172.22.2.4 - - [08/Oct/2023:18:02:14 -0500] "GET /BLA/boletinlegal/js/lib.js HTTP/1.1" 200 6474
172.22.2.4 - - [08/Oct/2023:18:02:14 -0500] "GET /BLA/boletinlegal/js/jquery1.js HTTP/1.1" 200 29846
172.22.2.4 - - [08/Oct/2023:18:02:14 -0500] "GET /BLA/boletinlegal/images/green-yellow-blue-pink-th.png HTTP/1.1" 200 7394
172.22.2.4 - - [08/Oct/2023:18:02:14 -0500] "GET /BLA/boletinlegal/images/tel.png HTTP/1.1" 200 14477
172.22.2.4 - - [08/Oct/2023:18:02:14 -0500] "GET /BLA/boletinlegal/images/footer_bg_l.jpg HTTP/1.1" 200 776
172.22.2.4 - - [08/Oct/2023:18:02:14 -0500] "GET /BLA/boletinlegal/images/icono-email.png HTTP/1.1" 200 5544
186.86.32.196 - - [08/Oct/2023:18:02:13 -0500] "POST /kwssiamovil/sm/setfile/f? HTTP/1.1" 200 381
172.22.2.4 - - [08/Oct/2023:18:02:15 -0500] "GET /BLA/boletinlegal/img/0.png HTTP/1.1" 200 110
172.22.2.4 - - [08/Oct/2023:18:02:15 -0500] "GET /BLA/boletinlegal/img/select-left.png HTTP/1.1" 200 263
172.22.2.4 - - [08/Oct/2023:18:02:15 -0500] "GET /BLA/boletinlegal/img/button-left.png HTTP/1.1" 200 57071
172.22.2.4 - - [08/Oct/2023:18:02:15 -0500] "GET /BLA/boletinlegal/img/select-right.png HTTP/1.1" 200 44019
172.22.2.4 - - [08/Oct/2023:18:02:15 -0500] "GET /BLA/boletinlegal/img/button.png HTTP/1.1" 200 43241
172.22.2.4 - - [08/Oct/2023:18:02:15 -0500] "GET /BLA/boletinlegal/img/button-right.png HTTP/1.1" 200 57878
172.22.2.4 - - [08/Oct/2023:18:02:15 -0500] "GET /BLA/boletinlegal/favicon.ico HTTP/1.1" 404 1326
186.86.32.196 - - [08/Oct/2023:18:02:15 -0500] "OPTIONS /kwssiamovil/sm/setfile/f? HTTP/1.1" 200 13
186.86.32.196 - - [08/Oct/2023:18:02:15 -0500] "POST /kwssiamovil/sm/setfile/f? HTTP/1.1" 200 381
186.83.246.35 - - [08/Oct/2023:18:02:17 -0500] "GET /BLA/resoluciones/ HTTP/1.1" 200 13696
186.83.246.35 - - [08/Oct/2023:18:02:17 -0500] "GET /BLA/resoluciones/dlf/styles.css HTTP/1.1" 200 3049
186.83.246.35 - - [08/Oct/2023:18:02:17 -0500] "GET /BLA/resoluciones/dlf/folder.png HTTP/1.1" 200 410
186.83.246.35 - - [08/Oct/2023:18:02:17 -0500] "GET /BLA/resoluciones/dlf/bg.gif HTTP/1.1" 200 54
186.86.32.196 - - [08/Oct/2023:18:02:24 -0500] "GET /kwssiamovil/sm/acme/a?s=U2FsdGVkX19M1zkHrOUucIVhzO4Tu0HsB/bOIUgIEpfF01kVvjeRJuWRxc4m/DjNDi/prD/P+Yknjg5CllPNKzpy4Mr2oMzcbW4DzwhqFXqsGMeDGFCw2kkHMkV10lGbCGhj5KbIgiZgj0Hu/7slmG2icoIbICYhzP9hV5HZw8X+tR/DAT/mR5Owa1uI8rAxW5khkRxrspT9OUKMLOUsA0PDExs+TgZyMyiROb+C+YjYI/GX/jSssEA8rZyYMlHLORAzqoz5cBEJGQbYjkEfGQ==&u=U2FsdGVkX18CqFxvyocHm7Lr3p+rxK406MWg7gJbe6U=&y=U2FsdGVkX1/QR9q/hjOnTaCMi6k67bpbcola9nrQZoA= HTTP/1.1" 200 26
