201.245.192.253 - - [09/Oct/2023:11:27:17 -0500] "POST /forms/lservlet;jsessionid=ac16012b30d631b237d665c3491e938ed2fcaf258f77.e3iSbxaKaheRe34Pbx8Nc3aQci1ynknvrkLOlQzNp65In0 HTTP/1.1" 200 2
201.245.192.253 - - [09/Oct/2023:11:27:23 -0500] "POST /kwsrmcab/Wsrmcab HTTP/1.1" 200 42198
201.245.192.253 - - [09/Oct/2023:11:27:27 -0500] "POST /forms/lservlet;jsessionid=ac16012b30d6e3ac83cfa34d44e69cdfe83dd14ea1cd.e3iSbxaKaheRe34Pbx8Nc3aQci1ynknvrkLOlQzNp65In0 HTTP/1.1" 200 2
207.46.13.125 - - [09/Oct/2023:11:27:29 -0500] "GET /galeria/galeria/fotos/GuaymaralTorca3G.jpg HTTP/1.1" 200 330310
201.245.192.253 - - [09/Oct/2023:11:27:27 -0500] "POST /kwsrmcab/Wsrmcab HTTP/1.1" 200 40373
201.245.192.253 - - [09/Oct/2023:11:27:33 -0500] "POST /sipse/faces/autenticacion.xhtml HTTP/1.1" 200 11157
201.245.192.253 - - [09/Oct/2023:11:27:33 -0500] "GET /sipse/css/custom_css_sg_prime.css HTTP/1.1" 304 -
201.245.192.253 - - [09/Oct/2023:11:27:33 -0500] "GET /sipse/faces/javax.faces.resource/primefaces.css?ln=primefaces&v=4.0 HTTP/1.1" 304 -
201.245.192.253 - - [09/Oct/2023:11:27:33 -0500] "GET /sipse/faces/javax.faces.resource/theme.css?ln=primefaces-sipse HTTP/1.1" 304 -
201.245.192.253 - - [09/Oct/2023:11:27:34 -0500] "GET /sipse/faces/javax.faces.resource/jquery/jquery.js?ln=primefaces&v=4.0 HTTP/1.1" 304 -
201.245.192.253 - - [09/Oct/2023:11:27:34 -0500] "GET /sipse/faces/javax.faces.resource/layout/layout.css?ln=primefaces&v=4.0 HTTP/1.1" 304 -
201.245.192.253 - - [09/Oct/2023:11:27:34 -0500] "GET /sipse/faces/javax.faces.resource/jquery/jquery-plugins.js?ln=primefaces&v=4.0 HTTP/1.1" 304 -
201.245.192.253 - - [09/Oct/2023:11:27:34 -0500] "GET /sipse/faces/javax.faces.resource/primefaces.js?ln=primefaces&v=4.0 HTTP/1.1" 304 -
201.245.192.253 - - [09/Oct/2023:11:27:34 -0500] "GET /sipse/faces/javax.faces.resource/layout/layout.js?ln=primefaces&v=4.0 HTTP/1.1" 304 -
201.245.192.253 - - [09/Oct/2023:11:27:34 -0500] "GET /sipse/faces/javax.faces.resource/messages/messages.png?ln=primefaces&v=4.0 HTTP/1.1" 304 -
201.245.192.253 - - [09/Oct/2023:11:27:36 -0500] "POST /sipse/faces/presentacion/sistema/seguridad/seleccionRol.xhtml HTTP/1.1" 200 5865
201.245.192.253 - - [09/Oct/2023:11:27:38 -0500] "GET /sipse/faces/javax.faces.resource/images/ui-bg_flat_0_2d5972_40x100.png?ln=primefaces-aristo HTTP/1.1" 304 -
201.245.192.253 - - [09/Oct/2023:11:27:39 -0500] "POST /sipse/faces/presentacion/sistema/seguridad/seleccionRol.xhtml HTTP/1.1" 200 16397
201.245.192.253 - - [09/Oct/2023:11:27:40 -0500] "GET /sipse/faces/javax.faces.resource/primefaces.css?ln=primefaces&v=4.0 HTTP/1.1" 304 -
201.245.192.253 - - [09/Oct/2023:11:27:40 -0500] "GET /sipse/faces/javax.faces.resource/theme.css?ln=primefaces-sipse HTTP/1.1" 304 -
201.245.192.253 - - [09/Oct/2023:11:27:40 -0500] "GET /sipse/faces/javax.faces.resource/layout/layout.css?ln=primefaces&v=4.0 HTTP/1.1" 304 -
201.245.192.253 - - [09/Oct/2023:11:27:40 -0500] "GET /sipse/js/jquery.min.js HTTP/1.1" 304 -
201.245.192.253 - - [09/Oct/2023:11:27:40 -0500] "GET /sipse/faces/javax.faces.resource/jquery/jquery.js?ln=primefaces&v=4.0 HTTP/1.1" 304 -
201.245.192.253 - - [09/Oct/2023:11:27:40 -0500] "GET /sipse/faces/javax.faces.resource/jquery/jquery-plugins.js?ln=primefaces&v=4.0 HTTP/1.1" 304 -
201.245.192.253 - - [09/Oct/2023:11:27:41 -0500] "GET /sipse/faces/javax.faces.resource/primefaces.js?ln=primefaces&v=4.0 HTTP/1.1" 304 -
201.245.192.253 - - [09/Oct/2023:11:27:41 -0500] "GET /sipse/faces/javax.faces.resource/layout/layout.js?ln=primefaces&v=4.0 HTTP/1.1" 304 -
201.245.192.253 - - [09/Oct/2023:11:27:41 -0500] "GET /sipse/css/v_mergente.css HTTP/1.1" 304 -
201.245.192.253 - - [09/Oct/2023:11:27:41 -0500] "GET /sipse/imagenes/logoAplicacion.jpg HTTP/1.1" 304 -
201.245.192.253 - - [09/Oct/2023:11:27:41 -0500] "GET /sipse/css/imagen/contrasena.png HTTP/1.1" 404 383
201.245.192.253 - - [09/Oct/2023:11:27:41 -0500] "GET /sipse/imagenes/cargando.gif HTTP/1.1" 304 -
201.245.192.253 - - [09/Oct/2023:11:27:44 -0500] "POST /sipse/faces/bienvenido.xhtml HTTP/1.1" 200 2060
201.245.192.253 - - [09/Oct/2023:11:27:45 -0500] "POST /sipse/faces/bienvenido.xhtml HTTP/1.1" 200 62475
201.245.192.253 - - [09/Oct/2023:11:27:48 -0500] "GET /sipse/faces/javax.faces.resource/theme.css?ln=primefaces-sipse HTTP/1.1" 304 -
201.245.192.253 - - [09/Oct/2023:11:27:48 -0500] "GET /sipse/faces/javax.faces.resource/layout/layout.css?ln=primefaces&v=4.0 HTTP/1.1" 304 -
201.245.192.253 - - [09/Oct/2023:11:27:48 -0500] "GET /sipse/faces/javax.faces.resource/primefaces.css?ln=primefaces&v=4.0 HTTP/1.1" 304 -
201.245.192.253 - - [09/Oct/2023:11:27:48 -0500] "GET /sipse/faces/javax.faces.resource/jquery/jquery.js?ln=primefaces&v=4.0 HTTP/1.1" 304 -
201.245.192.253 - - [09/Oct/2023:11:27:48 -0500] "GET /sipse/faces/javax.faces.resource/jquery/jquery-plugins.js?ln=primefaces&v=4.0 HTTP/1.1" 304 -
201.245.192.253 - - [09/Oct/2023:11:27:48 -0500] "GET /sipse/faces/javax.faces.resource/primefaces.js?ln=primefaces&v=4.0 HTTP/1.1" 304 -
201.245.192.253 - - [09/Oct/2023:11:27:48 -0500] "GET /sipse/faces/javax.faces.resource/layout/layout.js?ln=primefaces&v=4.0 HTTP/1.1" 304 -
201.245.192.253 - - [09/Oct/2023:11:27:48 -0500] "POST /sipse/faces/presentacion/financiero/solicitudProceso/listarSolicitudProceso.xhtml HTTP/1.1" 200 1552
201.245.192.253 - - [09/Oct/2023:11:27:53 -0500] "POST /sipse/faces/presentacion/financiero/solicitudProceso/listarSolicitudProceso.xhtml HTTP/1.1" 200 7656
201.245.192.253 - - [09/Oct/2023:11:28:09 -0500] "POST /forms/lservlet;jsessionid=ac16012b30d6e3ac83cfa34d44e69cdfe83dd14ea1cd.e3iSbxaKaheRe34Pbx8Nc3aQci1ynknvrkLOlQzNp65In0 HTTP/1.1" 200 478
201.245.192.253 - - [09/Oct/2023:11:28:10 -0500] "POST /forms/lservlet;jsessionid=ac16012b30d6e3ac83cfa34d44e69cdfe83dd14ea1cd.e3iSbxaKaheRe34Pbx8Nc3aQci1ynknvrkLOlQzNp65In0 HTTP/1.1" 200 478
173.252.83.4 - - [09/Oct/2023:11:28:24 -0500] "GET /images/Zuque%20(1)%20(1).jpeg HTTP/1.1" 200 66921
201.245.192.253 - - [09/Oct/2023:11:28:20 -0500] "POST /sipse/faces/presentacion/financiero/solicitudProceso/listarSolicitudProceso.xhtml HTTP/1.1" 200 127558
201.245.192.253 - - [09/Oct/2023:11:28:27 -0500] "GET /sipse/faces/javax.faces.resource/theme.css?ln=primefaces-sipse HTTP/1.1" 304 -
201.245.192.253 - - [09/Oct/2023:11:28:27 -0500] "GET /sipse/faces/javax.faces.resource/layout/layout.css?ln=primefaces&v=4.0 HTTP/1.1" 304 -
201.245.192.253 - - [09/Oct/2023:11:28:27 -0500] "GET /sipse/faces/javax.faces.resource/primefaces.css?ln=primefaces&v=4.0 HTTP/1.1" 304 -
201.245.192.253 - - [09/Oct/2023:11:28:27 -0500] "GET /sipse/faces/javax.faces.resource/jquery/jquery.js?ln=primefaces&v=4.0 HTTP/1.1" 304 -
201.245.192.253 - - [09/Oct/2023:11:28:27 -0500] "GET /sipse/faces/javax.faces.resource/jquery/jquery-plugins.js?ln=primefaces&v=4.0 HTTP/1.1" 304 -
201.245.192.253 - - [09/Oct/2023:11:28:28 -0500] "GET /sipse/faces/javax.faces.resource/primefaces.js?ln=primefaces&v=4.0 HTTP/1.1" 304 -
201.245.192.253 - - [09/Oct/2023:11:28:28 -0500] "GET /sipse/faces/javax.faces.resource/layout/layout.js?ln=primefaces&v=4.0 HTTP/1.1" 304 -
216.244.66.195 - - [09/Oct/2023:11:28:31 -0500] "GET /BLA/resoluciones/AUTOS%202012/2188.pdf HTTP/1.1" 200 180796
201.245.192.253 - - [09/Oct/2023:11:28:35 -0500] "GET /sipse/faces/javax.faces.resource/theme.css?ln=primefaces-sipse HTTP/1.1" 304 -
201.245.192.253 - - [09/Oct/2023:11:28:35 -0500] "GET /sipse/faces/javax.faces.resource/primefaces.css?ln=primefaces&v=4.0 HTTP/1.1" 304 -
201.245.192.253 - - [09/Oct/2023:11:28:35 -0500] "GET /sipse/faces/javax.faces.resource/jquery/jquery.js?ln=primefaces&v=4.0 HTTP/1.1" 304 -
201.245.192.253 - - [09/Oct/2023:11:28:35 -0500] "GET /sipse/faces/javax.faces.resource/layout/layout.css?ln=primefaces&v=4.0 HTTP/1.1" 304 -
201.245.192.253 - - [09/Oct/2023:11:28:35 -0500] "GET /sipse/faces/javax.faces.resource/jquery/jquery-plugins.js?ln=primefaces&v=4.0 HTTP/1.1" 304 -
201.245.192.253 - - [09/Oct/2023:11:28:35 -0500] "GET /sipse/faces/javax.faces.resource/layout/layout.js?ln=primefaces&v=4.0 HTTP/1.1" 304 -
201.245.192.253 - - [09/Oct/2023:11:28:35 -0500] "GET /sipse/faces/javax.faces.resource/primefaces.js?ln=primefaces&v=4.0 HTTP/1.1" 304 -
201.245.192.253 - - [09/Oct/2023:11:28:34 -0500] "POST /sipse/faces/presentacion/financiero/solicitudProceso/consultarSolicitudProceso.xhtml HTTP/1.1" 200 32921
201.245.192.253 - - [09/Oct/2023:11:28:54 -0500] "GET /sipse/faces/javax.faces.resource/jquery/jquery-plugins.js?ln=primefaces&v=4.0 HTTP/1.1" 304 -
201.245.192.253 - - [09/Oct/2023:11:28:54 -0500] "GET /sipse/faces/javax.faces.resource/jquery/jquery.js?ln=primefaces&v=4.0 HTTP/1.1" 304 -
201.245.192.253 - - [09/Oct/2023:11:28:54 -0500] "GET /sipse/faces/javax.faces.resource/theme.css?ln=primefaces-sipse HTTP/1.1" 304 -
201.245.192.253 - - [09/Oct/2023:11:28:54 -0500] "GET /sipse/faces/javax.faces.resource/primefaces.css?ln=primefaces&v=4.0 HTTP/1.1" 304 -
201.245.192.253 - - [09/Oct/2023:11:28:54 -0500] "GET /sipse/faces/javax.faces.resource/layout/layout.css?ln=primefaces&v=4.0 HTTP/1.1" 304 -
201.245.192.253 - - [09/Oct/2023:11:28:54 -0500] "GET /sipse/faces/javax.faces.resource/layout/layout.js?ln=primefaces&v=4.0 HTTP/1.1" 304 -
201.245.192.253 - - [09/Oct/2023:11:28:54 -0500] "GET /sipse/faces/javax.faces.resource/primefaces.js?ln=primefaces&v=4.0 HTTP/1.1" 304 -
186.155.121.116 - - [09/Oct/2023:11:29:02 -0500] "POST /sipse/faces/presentacion/financiero/solicitudProceso/solicitudProcesoOtrosPagos.xhtml HTTP/1.1" 200 38834
186.155.121.116 - - [09/Oct/2023:11:29:03 -0500] "GET /sipse/faces/javax.faces.resource/theme.css?ln=primefaces-sipse HTTP/1.1" 304 -
186.155.121.116 - - [09/Oct/2023:11:29:03 -0500] "GET /sipse/faces/javax.faces.resource/primefaces.css?ln=primefaces&v=4.0 HTTP/1.1" 304 -
186.155.121.116 - - [09/Oct/2023:11:29:03 -0500] "GET /sipse/faces/javax.faces.resource/layout/layout.css?ln=primefaces&v=4.0 HTTP/1.1" 304 -
186.155.121.116 - - [09/Oct/2023:11:29:03 -0500] "GET /sipse/faces/javax.faces.resource/fileupload/fileupload.css?ln=primefaces&v=4.0 HTTP/1.1" 304 -
186.155.121.116 - - [09/Oct/2023:11:29:03 -0500] "GET /sipse/faces/javax.faces.resource/jquery/jquery.js?ln=primefaces&v=4.0 HTTP/1.1" 304 -
186.155.121.116 - - [09/Oct/2023:11:29:03 -0500] "GET /sipse/faces/javax.faces.resource/jquery/jquery-plugins.js?ln=primefaces&v=4.0 HTTP/1.1" 304 -
186.155.121.116 - - [09/Oct/2023:11:29:03 -0500] "GET /sipse/faces/javax.faces.resource/primefaces.js?ln=primefaces&v=4.0 HTTP/1.1" 304 -
186.155.121.116 - - [09/Oct/2023:11:29:03 -0500] "GET /sipse/faces/javax.faces.resource/layout/layout.js?ln=primefaces&v=4.0 HTTP/1.1" 304 -
186.155.121.116 - - [09/Oct/2023:11:29:03 -0500] "GET /sipse/faces/javax.faces.resource/jsf.js?ln=javax.faces&stage=Development HTTP/1.1" 200 110326
186.155.121.116 - - [09/Oct/2023:11:29:04 -0500] "GET /sipse/faces/javax.faces.resource/fileupload/fileupload.js?ln=primefaces&v=4.0 HTTP/1.1" 304 -
216.244.66.195 - - [09/Oct/2023:11:29:07 -0500] "GET /BLA/resoluciones/AUTOS%202012/2189.pdf HTTP/1.1" 200 213549
201.245.192.253 - - [09/Oct/2023:11:28:53 -0500] "POST /sipse/faces/presentacion/financiero/solicitudProceso/consultarHistorialSolProceso.xhtml HTTP/1.1" 200 172824
201.245.192.253 - - [09/Oct/2023:11:29:17 -0500] "POST /forms/lservlet;jsessionid=ac16012b30d631b237d665c3491e938ed2fcaf258f77.e3iSbxaKaheRe34Pbx8Nc3aQci1ynknvrkLOlQzNp65In0 HTTP/1.1" 200 2
201.245.192.253 - - [09/Oct/2023:11:29:20 -0500] "POST /forms/lservlet;jsessionid=ac16012b30d6e3ac83cfa34d44e69cdfe83dd14ea1cd.e3iSbxaKaheRe34Pbx8Nc3aQci1ynknvrkLOlQzNp65In0 HTTP/1.1" 200 13
186.155.121.116 - - [09/Oct/2023:11:29:23 -0500] "POST /sipse/faces/presentacion/financiero/solicitudProceso/registroSolicitudProcesoOtrosPagos.xhtml HTTP/1.1" 200 48258
186.155.121.116 - - [09/Oct/2023:11:29:23 -0500] "GET /sipse/faces/javax.faces.resource/theme.css?ln=primefaces-sipse HTTP/1.1" 304 -
186.155.121.116 - - [09/Oct/2023:11:29:23 -0500] "GET /sipse/faces/javax.faces.resource/layout/layout.css?ln=primefaces&v=4.0 HTTP/1.1" 304 -
186.155.121.116 - - [09/Oct/2023:11:29:23 -0500] "GET /sipse/faces/javax.faces.resource/primefaces.css?ln=primefaces&v=4.0 HTTP/1.1" 304 -
186.155.121.116 - - [09/Oct/2023:11:29:23 -0500] "GET /sipse/faces/javax.faces.resource/jquery/jquery.js?ln=primefaces&v=4.0 HTTP/1.1" 304 -
186.155.121.116 - - [09/Oct/2023:11:29:24 -0500] "GET /sipse/faces/javax.faces.resource/jquery/jquery-plugins.js?ln=primefaces&v=4.0 HTTP/1.1" 304 -
186.155.121.116 - - [09/Oct/2023:11:29:24 -0500] "GET /sipse/faces/javax.faces.resource/primefaces.js?ln=primefaces&v=4.0 HTTP/1.1" 304 -
186.155.121.116 - - [09/Oct/2023:11:29:24 -0500] "GET /sipse/faces/javax.faces.resource/layout/layout.js?ln=primefaces&v=4.0 HTTP/1.1" 304 -
186.155.121.116 - - [09/Oct/2023:11:29:24 -0500] "POST /sipse/faces/presentacion/financiero/solicitudProceso/solicitudProcesoOtrosPagos.xhtml HTTP/1.1" 200 41584
186.155.121.116 - - [09/Oct/2023:11:29:25 -0500] "POST /sipse/faces/presentacion/financiero/solicitudProceso/solicitudProcesoOtrosPagos.xhtml HTTP/1.1" 200 41584
186.155.121.116 - - [09/Oct/2023:11:29:25 -0500] "POST /sipse/faces/presentacion/financiero/solicitudProceso/solicitudProcesoOtrosPagos.xhtml HTTP/1.1" 200 41584
186.155.121.116 - - [09/Oct/2023:11:29:26 -0500] "POST /sipse/faces/presentacion/financiero/solicitudProceso/solicitudProcesoOtrosPagos.xhtml HTTP/1.1" 200 41584
186.155.121.116 - - [09/Oct/2023:11:29:27 -0500] "POST /sipse/faces/presentacion/financiero/solicitudProceso/solicitudProcesoOtrosPagos.xhtml HTTP/1.1" 200 41584
186.155.121.116 - - [09/Oct/2023:11:29:27 -0500] "POST /sipse/faces/presentacion/financiero/solicitudProceso/solicitudProcesoOtrosPagos.xhtml HTTP/1.1" 200 41584
201.245.192.253 - - [09/Oct/2023:11:29:30 -0500] "POST /forms/lservlet;jsessionid=ac16012b30d6e3ac83cfa34d44e69cdfe83dd14ea1cd.e3iSbxaKaheRe34Pbx8Nc3aQci1ynknvrkLOlQzNp65In0 HTTP/1.1" 200 473
201.245.192.253 - - [09/Oct/2023:11:29:30 -0500] "POST /forms/lservlet;jsessionid=ac16012b30d6e3ac83cfa34d44e69cdfe83dd14ea1cd.e3iSbxaKaheRe34Pbx8Nc3aQci1ynknvrkLOlQzNp65In0 HTTP/1.1" 200 2
186.155.121.116 - - [09/Oct/2023:11:29:35 -0500] "POST /sipse/faces/presentacion/financiero/solicitudProceso/solicitudProcesoOtrosPagos.xhtml HTTP/1.1" 200 57446
186.155.121.116 - - [09/Oct/2023:11:29:36 -0500] "GET /sipse/faces/javax.faces.resource/layout/layout.css?ln=primefaces&v=4.0 HTTP/1.1" 304 -
186.155.121.116 - - [09/Oct/2023:11:29:36 -0500] "GET /sipse/faces/javax.faces.resource/primefaces.css?ln=primefaces&v=4.0 HTTP/1.1" 304 -
186.155.121.116 - - [09/Oct/2023:11:29:36 -0500] "GET /sipse/faces/javax.faces.resource/fileupload/fileupload.css?ln=primefaces&v=4.0 HTTP/1.1" 304 -
186.155.121.116 - - [09/Oct/2023:11:29:36 -0500] "GET /sipse/faces/javax.faces.resource/theme.css?ln=primefaces-sipse HTTP/1.1" 304 -
186.155.121.116 - - [09/Oct/2023:11:29:36 -0500] "GET /sipse/faces/javax.faces.resource/jquery/jquery.js?ln=primefaces&v=4.0 HTTP/1.1" 304 -
186.155.121.116 - - [09/Oct/2023:11:29:36 -0500] "GET /sipse/faces/javax.faces.resource/jquery/jquery-plugins.js?ln=primefaces&v=4.0 HTTP/1.1" 304 -
186.155.121.116 - - [09/Oct/2023:11:29:36 -0500] "GET /sipse/faces/javax.faces.resource/primefaces.js?ln=primefaces&v=4.0 HTTP/1.1" 304 -
186.155.121.116 - - [09/Oct/2023:11:29:36 -0500] "GET /sipse/faces/javax.faces.resource/layout/layout.js?ln=primefaces&v=4.0 HTTP/1.1" 304 -
186.155.121.116 - - [09/Oct/2023:11:29:36 -0500] "GET /sipse/faces/javax.faces.resource/fileupload/fileupload.js?ln=primefaces&v=4.0 HTTP/1.1" 304 -
201.245.192.253 - - [09/Oct/2023:11:29:42 -0500] "POST /forms/lservlet;jsessionid=ac16012b30d6e3ac83cfa34d44e69cdfe83dd14ea1cd.e3iSbxaKaheRe34Pbx8Nc3aQci1ynknvrkLOlQzNp65In0 HTTP/1.1" 200 860
216.244.66.195 - - [09/Oct/2023:11:29:42 -0500] "GET /BLA/resoluciones/AUTOS%202012/2439.pdf HTTP/1.1" 200 1666463
201.245.192.253 - - [09/Oct/2023:11:29:43 -0500] "POST /forms/lservlet;jsessionid=ac16012b30d6e3ac83cfa34d44e69cdfe83dd14ea1cd.e3iSbxaKaheRe34Pbx8Nc3aQci1ynknvrkLOlQzNp65In0 HTTP/1.1" 200 537
201.245.192.253 - - [09/Oct/2023:11:29:43 -0500] "POST /forms/lservlet;jsessionid=ac16012b30d6e3ac83cfa34d44e69cdfe83dd14ea1cd.e3iSbxaKaheRe34Pbx8Nc3aQci1ynknvrkLOlQzNp65In0 HTTP/1.1" 200 474
186.155.121.116 - - [09/Oct/2023:11:29:49 -0500] "POST /sipse/faces/presentacion/financiero/solicitudProceso/detalleSolicitudProcesoOtrosPagos.xhtml HTTP/1.1" 200 48258
186.155.121.116 - - [09/Oct/2023:11:29:51 -0500] "GET /sipse/faces/javax.faces.resource/layout/layout.css?ln=primefaces&v=4.0 HTTP/1.1" 304 -
186.155.121.116 - - [09/Oct/2023:11:29:51 -0500] "GET /sipse/faces/javax.faces.resource/theme.css?ln=primefaces-sipse HTTP/1.1" 304 -
186.155.121.116 - - [09/Oct/2023:11:29:51 -0500] "GET /sipse/faces/javax.faces.resource/primefaces.css?ln=primefaces&v=4.0 HTTP/1.1" 304 -
186.155.121.116 - - [09/Oct/2023:11:29:51 -0500] "GET /sipse/faces/javax.faces.resource/jquery/jquery.js?ln=primefaces&v=4.0 HTTP/1.1" 304 -
186.155.121.116 - - [09/Oct/2023:11:29:51 -0500] "GET /sipse/faces/javax.faces.resource/jquery/jquery-plugins.js?ln=primefaces&v=4.0 HTTP/1.1" 304 -
186.155.121.116 - - [09/Oct/2023:11:29:51 -0500] "GET /sipse/faces/javax.faces.resource/primefaces.js?ln=primefaces&v=4.0 HTTP/1.1" 304 -
186.155.121.116 - - [09/Oct/2023:11:29:51 -0500] "GET /sipse/faces/javax.faces.resource/layout/layout.js?ln=primefaces&v=4.0 HTTP/1.1" 304 -
186.155.121.116 - - [09/Oct/2023:11:29:51 -0500] "POST /sipse/faces/presentacion/financiero/solicitudProceso/solicitudProcesoOtrosPagos.xhtml HTTP/1.1" 200 41584
186.155.121.116 - - [09/Oct/2023:11:29:52 -0500] "POST /sipse/faces/presentacion/financiero/solicitudProceso/solicitudProcesoOtrosPagos.xhtml HTTP/1.1" 200 41584
186.155.121.116 - - [09/Oct/2023:11:29:53 -0500] "POST /sipse/faces/presentacion/financiero/solicitudProceso/solicitudProcesoOtrosPagos.xhtml HTTP/1.1" 200 41584
186.155.121.116 - - [09/Oct/2023:11:29:53 -0500] "POST /sipse/faces/presentacion/financiero/solicitudProceso/solicitudProcesoOtrosPagos.xhtml HTTP/1.1" 200 41584
186.155.121.116 - - [09/Oct/2023:11:29:54 -0500] "POST /sipse/faces/presentacion/financiero/solicitudProceso/solicitudProcesoOtrosPagos.xhtml HTTP/1.1" 200 41584
186.155.121.116 - - [09/Oct/2023:11:29:55 -0500] "POST /sipse/faces/presentacion/financiero/solicitudProceso/solicitudProcesoOtrosPagos.xhtml HTTP/1.1" 200 41584
186.155.121.116 - - [09/Oct/2023:11:29:55 -0500] "POST /sipse/faces/presentacion/financiero/solicitudProceso/solicitudProcesoOtrosPagos.xhtml HTTP/1.1" 200 41584
186.155.121.116 - - [09/Oct/2023:11:29:56 -0500] "POST /sipse/faces/presentacion/financiero/solicitudProceso/solicitudProcesoOtrosPagos.xhtml HTTP/1.1" 200 41584
186.155.121.116 - - [09/Oct/2023:11:29:58 -0500] "POST /sipse/faces/presentacion/financiero/solicitudProceso/solicitudProcesoOtrosPagos.xhtml HTTP/1.1" 200 38834
186.155.121.116 - - [09/Oct/2023:11:29:59 -0500] "GET /sipse/faces/javax.faces.resource/theme.css?ln=primefaces-sipse HTTP/1.1" 304 -
186.155.121.116 - - [09/Oct/2023:11:29:59 -0500] "GET /sipse/faces/javax.faces.resource/layout/layout.css?ln=primefaces&v=4.0 HTTP/1.1" 304 -
186.155.121.116 - - [09/Oct/2023:11:29:59 -0500] "GET /sipse/faces/javax.faces.resource/primefaces.css?ln=primefaces&v=4.0 HTTP/1.1" 304 -
186.155.121.116 - - [09/Oct/2023:11:29:59 -0500] "GET /sipse/faces/javax.faces.resource/fileupload/fileupload.css?ln=primefaces&v=4.0 HTTP/1.1" 304 -
186.155.121.116 - - [09/Oct/2023:11:29:59 -0500] "GET /sipse/faces/javax.faces.resource/jquery/jquery.js?ln=primefaces&v=4.0 HTTP/1.1" 304 -
186.155.121.116 - - [09/Oct/2023:11:29:59 -0500] "GET /sipse/faces/javax.faces.resource/jquery/jquery-plugins.js?ln=primefaces&v=4.0 HTTP/1.1" 304 -
186.155.121.116 - - [09/Oct/2023:11:29:59 -0500] "GET /sipse/faces/javax.faces.resource/primefaces.js?ln=primefaces&v=4.0 HTTP/1.1" 304 -
186.155.121.116 - - [09/Oct/2023:11:29:59 -0500] "GET /sipse/faces/javax.faces.resource/layout/layout.js?ln=primefaces&v=4.0 HTTP/1.1" 304 -
186.155.121.116 - - [09/Oct/2023:11:29:59 -0500] "GET /sipse/faces/javax.faces.resource/jsf.js?ln=javax.faces&stage=Development HTTP/1.1" 304 -
186.155.121.116 - - [09/Oct/2023:11:29:59 -0500] "GET /sipse/faces/javax.faces.resource/fileupload/fileupload.js?ln=primefaces&v=4.0 HTTP/1.1" 304 -
201.245.192.253 - - [09/Oct/2023:11:30:04 -0500] "POST /forms/lservlet;jsessionid=ac16012b30d6ee721f480aef4f809ef2a2348c2020b9.e3iSbxaKaheRe34Pbx8Nc3aQci1ynknvrkLOlQzNp65In0 HTTP/1.1" 200 2
186.155.121.116 - - [09/Oct/2023:11:30:10 -0500] "POST /sipse/faces/presentacion/financiero/solicitudProceso/registroSolicitudProcesoOtrosPagos.xhtml HTTP/1.1" 200 1876
216.245.221.92 - - [09/Oct/2023:11:30:18 -0500] "HEAD / HTTP/1.1" 200 -
216.244.66.195 - - [09/Oct/2023:11:30:33 -0500] "GET /BLA/resoluciones/AUTOS%202012/2634.pdf HTTP/1.1" 200 251265
186.155.121.116 - - [09/Oct/2023:11:30:34 -0500] "POST /sipse/faces/presentacion/financiero/solicitudProceso/registroSolicitudProcesoOtrosPagos.xhtml HTTP/1.1" 200 1900
66.249.66.20 - - [09/Oct/2023:11:30:37 -0500] "GET /resoluciones/RESOLUCIONES%202007/RES%202007%203901%20AL%204000/RESOLUCION%203984%20DE%202007.pdf HTTP/1.1" 404 1018
201.245.192.253 - - [09/Oct/2023:11:30:42 -0500] "POST /kwsrmcab/Wsrmcab  HTTP/1.1" 200 42851
186.155.121.116 - - [09/Oct/2023:11:30:53 -0500] "POST /sipse/faces/presentacion/financiero/solicitudProceso/registroSolicitudProcesoOtrosPagos.xhtml HTTP/1.1" 200 1900
172.22.2.4 - - [09/Oct/2023:11:29:21 -0500] "HEAD /BLA/boletinlegal/ HTTP/1.1" 200 -
186.155.121.116 - - [09/Oct/2023:11:31:07 -0500] "POST /sipse/faces/presentacion/financiero/solicitudProceso/registroSolicitudProcesoOtrosPagos.xhtml HTTP/1.1" 302 -
186.155.121.116 - - [09/Oct/2023:11:31:07 -0500] "GET /sipse/faces/presentacion/financiero/solicitudProyectoActividad/asociarProyectoSolicitud.xhtml HTTP/1.1" 200 24595
186.155.121.116 - - [09/Oct/2023:11:31:07 -0500] "GET /sipse/faces/javax.faces.resource/theme.css?ln=primefaces-sipse HTTP/1.1" 304 -
186.155.121.116 - - [09/Oct/2023:11:31:07 -0500] "GET /sipse/faces/javax.faces.resource/primefaces.css?ln=primefaces&v=4.0 HTTP/1.1" 304 -
186.155.121.116 - - [09/Oct/2023:11:31:07 -0500] "GET /sipse/faces/javax.faces.resource/layout/layout.css?ln=primefaces&v=4.0 HTTP/1.1" 304 -
186.155.121.116 - - [09/Oct/2023:11:31:07 -0500] "GET /sipse/faces/javax.faces.resource/jquery/jquery.js?ln=primefaces&v=4.0 HTTP/1.1" 304 -
186.155.121.116 - - [09/Oct/2023:11:31:07 -0500] "GET /sipse/faces/javax.faces.resource/jquery/jquery-plugins.js?ln=primefaces&v=4.0 HTTP/1.1" 304 -
186.155.121.116 - - [09/Oct/2023:11:31:07 -0500] "GET /sipse/faces/javax.faces.resource/primefaces.js?ln=primefaces&v=4.0 HTTP/1.1" 304 -
186.155.121.116 - - [09/Oct/2023:11:31:07 -0500] "GET /sipse/faces/javax.faces.resource/layout/layout.js?ln=primefaces&v=4.0 HTTP/1.1" 304 -
216.244.66.195 - - [09/Oct/2023:11:31:11 -0500] "GET /BLA/resoluciones/AUTOS%202012/2671.pdf HTTP/1.1" 200 313261
201.245.192.253 - - [09/Oct/2023:11:31:17 -0500] "POST /forms/lservlet;jsessionid=ac16012b30d631b237d665c3491e938ed2fcaf258f77.e3iSbxaKaheRe34Pbx8Nc3aQci1ynknvrkLOlQzNp65In0 HTTP/1.1" 200 2
201.245.192.253 - - [09/Oct/2023:11:31:27 -0500] "POST /forms/lservlet;jsessionid=ac16012b30d6e3ac83cfa34d44e69cdfe83dd14ea1cd.e3iSbxaKaheRe34Pbx8Nc3aQci1ynknvrkLOlQzNp65In0 HTTP/1.1" 200 2
172.22.2.4 - - [09/Oct/2023:11:31:46 -0500] "GET /BLA/boletinlegal/BLA/boletinlegal/admin/index.php HTTP/1.1" 404 1338
172.22.2.4 - - [09/Oct/2023:11:31:47 -0500] "GET /BLA/boletinlegal/favicon.ico HTTP/1.1" 404 1372
172.22.2.4 - - [09/Oct/2023:11:31:48 -0500] "GET /BLA/boletinlegal/robots.txt HTTP/1.1" 404 1140
173.252.127.3 - - [09/Oct/2023:11:31:49 -0500] "GET /images/Red%20de%20Monitoreo%20de%20Calidad%20del%20Aire.jpg HTTP/1.1" 200 51986
172.22.2.4 - - [09/Oct/2023:11:30:12 -0500] "GET /BLA/boletinlegal/ HTTP/1.1" 200 60342
216.244.66.195 - - [09/Oct/2023:11:31:53 -0500] "GET /BLA/resoluciones/AUTOS%202012/2744.pdf HTTP/1.1" 200 233343
186.155.121.116 - - [09/Oct/2023:11:31:57 -0500] "POST /sipse/faces/presentacion/financiero/solicitudProceso/detalleSolicitudProcesoOtrosPagos.xhtml HTTP/1.1" 200 59091
186.155.121.116 - - [09/Oct/2023:11:31:58 -0500] "GET /sipse/faces/javax.faces.resource/theme.css?ln=primefaces-sipse HTTP/1.1" 304 -
186.155.121.116 - - [09/Oct/2023:11:31:58 -0500] "GET /sipse/faces/javax.faces.resource/primefaces.css?ln=primefaces&v=4.0 HTTP/1.1" 304 -
186.155.121.116 - - [09/Oct/2023:11:31:58 -0500] "GET /sipse/faces/javax.faces.resource/layout/layout.css?ln=primefaces&v=4.0 HTTP/1.1" 304 -
186.155.121.116 - - [09/Oct/2023:11:31:58 -0500] "GET /sipse/faces/javax.faces.resource/jquery/jquery.js?ln=primefaces&v=4.0 HTTP/1.1" 304 -
186.155.121.116 - - [09/Oct/2023:11:31:58 -0500] "GET /sipse/faces/javax.faces.resource/jquery/jquery-plugins.js?ln=primefaces&v=4.0 HTTP/1.1" 304 -
186.155.121.116 - - [09/Oct/2023:11:31:58 -0500] "GET /sipse/faces/javax.faces.resource/fileupload/fileupload.css?ln=primefaces&v=4.0 HTTP/1.1" 304 -
186.155.121.116 - - [09/Oct/2023:11:31:59 -0500] "GET /sipse/faces/javax.faces.resource/primefaces.js?ln=primefaces&v=4.0 HTTP/1.1" 304 -
186.155.121.116 - - [09/Oct/2023:11:31:59 -0500] "GET /sipse/faces/javax.faces.resource/layout/layout.js?ln=primefaces&v=4.0 HTTP/1.1" 304 -
186.155.121.116 - - [09/Oct/2023:11:31:59 -0500] "GET /sipse/faces/javax.faces.resource/fileupload/fileupload.js?ln=primefaces&v=4.0 HTTP/1.1" 304 -
186.155.121.116 - - [09/Oct/2023:11:31:59 -0500] "GET /sipse/faces/javax.faces.resource/messages/messages.png?ln=primefaces&v=4.0 HTTP/1.1" 304 -
186.155.121.116 - - [09/Oct/2023:11:32:14 -0500] "POST /sipse/faces/presentacion/financiero/solicitudProceso/detalleSolicitudProcesoOtrosPagos.xhtml HTTP/1.1" 200 48258
186.155.121.116 - - [09/Oct/2023:11:32:15 -0500] "GET /sipse/faces/javax.faces.resource/jquery/jquery.js?ln=primefaces&v=4.0 HTTP/1.1" 304 -
186.155.121.116 - - [09/Oct/2023:11:32:15 -0500] "GET /sipse/faces/javax.faces.resource/jquery/jquery-plugins.js?ln=primefaces&v=4.0 HTTP/1.1" 304 -
186.155.121.116 - - [09/Oct/2023:11:32:15 -0500] "GET /sipse/faces/javax.faces.resource/primefaces.js?ln=primefaces&v=4.0 HTTP/1.1" 304 -
186.155.121.116 - - [09/Oct/2023:11:32:15 -0500] "GET /sipse/faces/javax.faces.resource/layout/layout.js?ln=primefaces&v=4.0 HTTP/1.1" 304 -
201.245.192.253 - - [09/Oct/2023:11:32:19 -0500] "POST /forms/lservlet;jsessionid=ac16012b30d6ee721f480aef4f809ef2a2348c2020b9.e3iSbxaKaheRe34Pbx8Nc3aQci1ynknvrkLOlQzNp65In0 HTTP/1.1" 200 2
186.155.121.116 - - [09/Oct/2023:11:32:23 -0500] "POST /sipse/faces/presentacion/financiero/solicitudProceso/solicitudProcesoOtrosPagos.xhtml HTTP/1.1" 200 38834
186.155.121.116 - - [09/Oct/2023:11:32:24 -0500] "GET /sipse/faces/javax.faces.resource/theme.css?ln=primefaces-sipse HTTP/1.1" 304 -
186.155.121.116 - - [09/Oct/2023:11:32:24 -0500] "GET /sipse/faces/javax.faces.resource/primefaces.css?ln=primefaces&v=4.0 HTTP/1.1" 304 -
186.155.121.116 - - [09/Oct/2023:11:32:24 -0500] "GET /sipse/faces/javax.faces.resource/fileupload/fileupload.css?ln=primefaces&v=4.0 HTTP/1.1" 304 -
186.155.121.116 - - [09/Oct/2023:11:32:24 -0500] "GET /sipse/faces/javax.faces.resource/layout/layout.css?ln=primefaces&v=4.0 HTTP/1.1" 304 -
186.155.121.116 - - [09/Oct/2023:11:32:24 -0500] "GET /sipse/faces/javax.faces.resource/jquery/jquery.js?ln=primefaces&v=4.0 HTTP/1.1" 304 -
186.155.121.116 - - [09/Oct/2023:11:32:24 -0500] "GET /sipse/faces/javax.faces.resource/jquery/jquery-plugins.js?ln=primefaces&v=4.0 HTTP/1.1" 304 -
186.155.121.116 - - [09/Oct/2023:11:32:24 -0500] "GET /sipse/faces/javax.faces.resource/primefaces.js?ln=primefaces&v=4.0 HTTP/1.1" 304 -
186.155.121.116 - - [09/Oct/2023:11:32:24 -0500] "GET /sipse/faces/javax.faces.resource/layout/layout.js?ln=primefaces&v=4.0 HTTP/1.1" 304 -
186.155.121.116 - - [09/Oct/2023:11:32:24 -0500] "GET /sipse/faces/javax.faces.resource/jsf.js?ln=javax.faces&stage=Development HTTP/1.1" 304 -
186.155.121.116 - - [09/Oct/2023:11:32:25 -0500] "GET /sipse/faces/javax.faces.resource/fileupload/fileupload.js?ln=primefaces&v=4.0 HTTP/1.1" 304 -
186.155.121.116 - - [09/Oct/2023:11:32:32 -0500] "POST /sipse/faces/presentacion/financiero/solicitudProceso/registroSolicitudProcesoOtrosPagos.xhtml HTTP/1.1" 200 1876
216.244.66.195 - - [09/Oct/2023:11:32:33 -0500] "GET /BLA/resoluciones/AUTOS%202012/2900.pdf HTTP/1.1" 200 456563
66.249.66.21 - - [09/Oct/2023:11:32:36 -0500] "GET /BLA/resoluciones/AUTOS%202007/1919.pdf HTTP/1.1" 200 90400
186.155.121.116 - - [09/Oct/2023:11:32:44 -0500] "POST /sipse/faces/presentacion/financiero/solicitudProceso/registroSolicitudProcesoOtrosPagos.xhtml HTTP/1.1" 200 1900
66.249.66.20 - - [09/Oct/2023:11:32:53 -0500] "GET /BLA/resoluciones/RESOLUCIONES%202010/5768.pdf HTTP/1.1" 200 79794
66.249.66.19 - - [09/Oct/2023:11:32:59 -0500] "GET /BLA/resoluciones/RESOLUCIONES%202010/3411.pdf HTTP/1.1" 200 317124
186.155.121.116 - - [09/Oct/2023:11:33:03 -0500] "POST /sipse/faces/presentacion/financiero/solicitudProceso/registroSolicitudProcesoOtrosPagos.xhtml HTTP/1.1" 200 1900
201.245.192.253 - - [09/Oct/2023:11:33:17 -0500] "POST /forms/lservlet;jsessionid=ac16012b30d631b237d665c3491e938ed2fcaf258f77.e3iSbxaKaheRe34Pbx8Nc3aQci1ynknvrkLOlQzNp65In0 HTTP/1.1" 200 2
216.244.66.195 - - [09/Oct/2023:11:33:19 -0500] "GET /BLA/resoluciones/AUTOS%202013/0049.pdf HTTP/1.1" 200 792906
201.245.192.253 - - [09/Oct/2023:11:33:27 -0500] "POST /forms/lservlet;jsessionid=ac16012b30d6e3ac83cfa34d44e69cdfe83dd14ea1cd.e3iSbxaKaheRe34Pbx8Nc3aQci1ynknvrkLOlQzNp65In0 HTTP/1.1" 200 2
186.155.121.116 - - [09/Oct/2023:11:33:36 -0500] "POST /sipse/faces/presentacion/financiero/solicitudProceso/registroSolicitudProcesoOtrosPagos.xhtml HTTP/1.1" 200 1904
186.155.121.116 - - [09/Oct/2023:11:33:40 -0500] "POST /sipse/faces/presentacion/financiero/solicitudProceso/registroSolicitudProcesoOtrosPagos.xhtml HTTP/1.1" 302 -
186.155.121.116 - - [09/Oct/2023:11:33:40 -0500] "GET /sipse/faces/presentacion/financiero/solicitudProyectoActividad/asociarProyectoSolicitud.xhtml HTTP/1.1" 200 24595
186.155.121.116 - - [09/Oct/2023:11:33:40 -0500] "GET /sipse/faces/javax.faces.resource/theme.css?ln=primefaces-sipse HTTP/1.1" 304 -
186.155.121.116 - - [09/Oct/2023:11:33:40 -0500] "GET /sipse/faces/javax.faces.resource/primefaces.css?ln=primefaces&v=4.0 HTTP/1.1" 304 -
186.155.121.116 - - [09/Oct/2023:11:33:40 -0500] "GET /sipse/faces/javax.faces.resource/layout/layout.css?ln=primefaces&v=4.0 HTTP/1.1" 304 -
186.155.121.116 - - [09/Oct/2023:11:33:40 -0500] "GET /sipse/faces/javax.faces.resource/jquery/jquery-plugins.js?ln=primefaces&v=4.0 HTTP/1.1" 304 -
186.155.121.116 - - [09/Oct/2023:11:33:40 -0500] "GET /sipse/faces/javax.faces.resource/jquery/jquery.js?ln=primefaces&v=4.0 HTTP/1.1" 304 -
186.155.121.116 - - [09/Oct/2023:11:33:40 -0500] "GET /sipse/faces/javax.faces.resource/primefaces.js?ln=primefaces&v=4.0 HTTP/1.1" 304 -
186.155.121.116 - - [09/Oct/2023:11:33:40 -0500] "GET /sipse/faces/javax.faces.resource/layout/layout.js?ln=primefaces&v=4.0 HTTP/1.1" 304 -
201.245.192.253 - - [09/Oct/2023:11:33:51 -0500] "POST /sipsesda/faces/vista/financiero/calculoParafiscales/calculoParafiscales.jspx HTTP/1.1" 302 201
186.155.121.116 - - [09/Oct/2023:11:33:56 -0500] "POST /sipse/faces/presentacion/financiero/solicitudProyectoActividad/asociarProyectoSolicitud.xhtml HTTP/1.1" 200 6797
191.95.53.164 - - [09/Oct/2023:11:33:54 -0500] "POST /sipse/faces/presentacion/financiero/solicitudProceso/consultarSolicitudProceso.xhtml HTTP/1.1" 200 43834
191.95.53.164 - - [09/Oct/2023:11:33:57 -0500] "GET /sipse/faces/javax.faces.resource/theme.css?ln=primefaces-sipse HTTP/1.1" 304 -
191.95.53.164 - - [09/Oct/2023:11:33:57 -0500] "GET /sipse/faces/javax.faces.resource/primefaces.css?ln=primefaces&v=4.0 HTTP/1.1" 304 -
191.95.53.164 - - [09/Oct/2023:11:33:58 -0500] "GET /sipse/faces/javax.faces.resource/jquery/jquery.js?ln=primefaces&v=4.0 HTTP/1.1" 304 -
191.95.53.164 - - [09/Oct/2023:11:33:58 -0500] "GET /sipse/faces/javax.faces.resource/layout/layout.css?ln=primefaces&v=4.0 HTTP/1.1" 304 -
191.95.53.164 - - [09/Oct/2023:11:33:58 -0500] "GET /sipse/faces/javax.faces.resource/jquery/jquery-plugins.js?ln=primefaces&v=4.0 HTTP/1.1" 304 -
191.95.53.164 - - [09/Oct/2023:11:33:58 -0500] "GET /sipse/faces/javax.faces.resource/primefaces.js?ln=primefaces&v=4.0 HTTP/1.1" 304 -
191.95.53.164 - - [09/Oct/2023:11:33:59 -0500] "GET /sipse/faces/javax.faces.resource/layout/layout.js?ln=primefaces&v=4.0 HTTP/1.1" 304 -
191.95.53.164 - - [09/Oct/2023:11:33:59 -0500] "POST /sipse/faces/presentacion/financiero/solicitudProceso/consultar.xhtml HTTP/1.1" 200 37197
201.245.192.253 - - [09/Oct/2023:11:34:00 -0500] "GET /sipsesda/ HTTP/1.1" 200 1477
201.245.192.253 - - [09/Oct/2023:11:34:00 -0500] "GET /css/segobdis.css HTTP/1.1" 404 1264
201.245.192.253 - - [09/Oct/2023:11:34:00 -0500] "GET /css/segobdis.css HTTP/1.1" 404 1264
191.95.53.164 - - [09/Oct/2023:11:33:59 -0500] "POST /sipse/faces/presentacion/financiero/solicitudProceso/consultar.xhtml HTTP/1.1" 200 37197
201.245.192.253 - - [09/Oct/2023:11:34:00 -0500] "GET /favicon.ico HTTP/1.1" 200 7782
201.245.192.253 - - [09/Oct/2023:11:34:00 -0500] "GET /sipsesda/faces/login.jspx HTTP/1.1" 200 6860
201.245.192.253 - - [09/Oct/2023:11:34:02 -0500] "POST /sipsesda/faces/login.jspx HTTP/1.1" 200 5764
201.245.192.253 - - [09/Oct/2023:11:34:05 -0500] "GET /sipsesda/js/jquery-latest.js HTTP/1.1" 200 81920
186.155.121.116 - - [09/Oct/2023:11:34:05 -0500] "POST /sipse/faces/presentacion/financiero/solicitudProyectoActividad/asociarProyectoSolicitud.xhtml HTTP/1.1" 200 1696
201.245.192.253 - - [09/Oct/2023:11:34:05 -0500] "POST /sipsesda/faces/vista/sistema/seleccionRol.jspx HTTP/1.1" 200 28502
201.245.192.253 - - [09/Oct/2023:11:34:07 -0500] "GET /sipsesda/faces/vista/sistema/cargarMenu.jspx?accionMenu=filtroConsultaCdp&menuID=137 HTTP/1.1" 200 28709
201.245.192.253 - - [09/Oct/2023:11:34:07 -0500] "GET /sipsesda/imagenes/cargando.gif HTTP/1.1" 200 1287
201.245.192.253 - - [09/Oct/2023:11:34:08 -0500] "GET /sipsesda/adf/jsLibs/resources/LocaleElements_es_CO10_1_3_4_0.js HTTP/1.1" 200 824
201.245.192.253 - - [09/Oct/2023:11:34:08 -0500] "GET /sipsesda/adf/images/dfb.gif HTTP/1.1" 200 194
201.245.192.253 - - [09/Oct/2023:11:34:08 -0500] "POST /sipsesda/faces/vista/sistema/cargarMenu.jspx HTTP/1.1" 200 35285
216.244.66.195 - - [09/Oct/2023:11:34:09 -0500] "GET /BLA/resoluciones/AUTOS%202013/0059.pdf HTTP/1.1" 200 1496418
201.245.192.253 - - [09/Oct/2023:11:34:12 -0500] "POST /sipsesda/faces/vista/financiero/cdp/filtroConsultaCdp.jspx HTTP/1.1" 200 35580
201.245.192.253 - - [09/Oct/2023:11:34:24 -0500] "POST /forms/lservlet;jsessionid=ac16012b30d6ee721f480aef4f809ef2a2348c2020b9.e3iSbxaKaheRe34Pbx8Nc3aQci1ynknvrkLOlQzNp65In0 HTTP/1.1" 200 2
201.245.192.253 - - [09/Oct/2023:11:34:30 -0500] "POST /sipsesda/faces/vista/financiero/cdp/filtroConsultaCdp.jspx HTTP/1.1" 200 35285
201.245.192.253 - - [09/Oct/2023:11:34:35 -0500] "POST /sipsesda/faces/vista/financiero/cdp/filtroConsultaCdp.jspx HTTP/1.1" 200 37976
186.155.121.116 - - [09/Oct/2023:11:34:38 -0500] "POST /sipse/faces/presentacion/financiero/solicitudProyectoActividad/asociarProyectoSolicitud.xhtml HTTP/1.1" 200 61486
186.155.121.116 - - [09/Oct/2023:11:34:39 -0500] "GET /sipse/faces/javax.faces.resource/theme.css?ln=primefaces-sipse HTTP/1.1" 304 -
186.155.121.116 - - [09/Oct/2023:11:34:39 -0500] "GET /sipse/faces/javax.faces.resource/primefaces.css?ln=primefaces&v=4.0 HTTP/1.1" 304 -
186.155.121.116 - - [09/Oct/2023:11:34:39 -0500] "GET /sipse/faces/javax.faces.resource/layout/layout.css?ln=primefaces&v=4.0 HTTP/1.1" 304 -
186.155.121.116 - - [09/Oct/2023:11:34:39 -0500] "GET /sipse/faces/javax.faces.resource/jquery/jquery.js?ln=primefaces&v=4.0 HTTP/1.1" 304 -
186.155.121.116 - - [09/Oct/2023:11:34:39 -0500] "GET /sipse/faces/javax.faces.resource/jquery/jquery-plugins.js?ln=primefaces&v=4.0 HTTP/1.1" 304 -
186.155.121.116 - - [09/Oct/2023:11:34:39 -0500] "GET /sipse/faces/javax.faces.resource/primefaces.js?ln=primefaces&v=4.0 HTTP/1.1" 304 -
186.155.121.116 - - [09/Oct/2023:11:34:39 -0500] "GET /sipse/faces/javax.faces.resource/layout/layout.js?ln=primefaces&v=4.0 HTTP/1.1" 304 -
201.245.192.253 - - [09/Oct/2023:11:35:00 -0500] "POST /sipse/faces/presentacion/sistema/reporte/listarReportes.xhtml HTTP/1.1" 200 911
216.244.66.195 - - [09/Oct/2023:11:35:02 -0500] "GET /BLA/resoluciones/AUTOS%202013/0263.pdf HTTP/1.1" 200 1272563
186.30.102.45 - - [09/Oct/2023:11:19:15 -0500] "POST /reportes_sipse/sdg/ServletControlador HTTP/1.1" 200 651483
191.95.53.164 - - [09/Oct/2023:11:35:13 -0500] "POST /sipse/faces/presentacion/financiero/solicitudProceso/consultar.xhtml HTTP/1.1" 200 156066
201.245.192.253 - - [09/Oct/2023:11:35:17 -0500] "POST /forms/lservlet;jsessionid=ac16012b30d631b237d665c3491e938ed2fcaf258f77.e3iSbxaKaheRe34Pbx8Nc3aQci1ynknvrkLOlQzNp65In0 HTTP/1.1" 200 2
191.95.53.164 - - [09/Oct/2023:11:35:17 -0500] "GET /sipse/faces/javax.faces.resource/theme.css?ln=primefaces-sipse HTTP/1.1" 304 -
191.95.53.164 - - [09/Oct/2023:11:35:17 -0500] "GET /sipse/faces/javax.faces.resource/primefaces.css?ln=primefaces&v=4.0 HTTP/1.1" 304 -
191.95.53.164 - - [09/Oct/2023:11:35:18 -0500] "GET /sipse/faces/javax.faces.resource/jquery/jquery.js?ln=primefaces&v=4.0 HTTP/1.1" 304 -
191.95.53.164 - - [09/Oct/2023:11:35:18 -0500] "GET /sipse/faces/javax.faces.resource/layout/layout.css?ln=primefaces&v=4.0 HTTP/1.1" 304 -
191.95.53.164 - - [09/Oct/2023:11:35:18 -0500] "GET /sipse/faces/javax.faces.resource/jquery/jquery-plugins.js?ln=primefaces&v=4.0 HTTP/1.1" 304 -
191.95.53.164 - - [09/Oct/2023:11:35:18 -0500] "GET /sipse/faces/javax.faces.resource/primefaces.js?ln=primefaces&v=4.0 HTTP/1.1" 304 -
216.245.221.92 - - [09/Oct/2023:11:35:18 -0500] "HEAD / HTTP/1.1" 200 -
191.95.53.164 - - [09/Oct/2023:11:35:18 -0500] "GET /sipse/faces/javax.faces.resource/layout/layout.js?ln=primefaces&v=4.0 HTTP/1.1" 304 -
201.245.192.253 - - [09/Oct/2023:11:35:27 -0500] "POST /forms/lservlet;jsessionid=ac16012b30d6e3ac83cfa34d44e69cdfe83dd14ea1cd.e3iSbxaKaheRe34Pbx8Nc3aQci1ynknvrkLOlQzNp65In0 HTTP/1.1" 200 2
191.95.53.164 - - [09/Oct/2023:11:35:34 -0500] "POST /sipse/faces/presentacion/financiero/solicitudProceso/consultarSolicitudProceso.xhtml HTTP/1.1" 200 90405
172.22.2.4 - - [09/Oct/2023:11:35:36 -0500] "GET /BLA/boletinlegal/actos.php HTTP/1.1" 200 9682
201.245.192.253 - - [09/Oct/2023:11:35:39 -0500] "GET /BLA/resoluciones/ HTTP/1.1" 200 13696
186.155.121.116 - - [09/Oct/2023:11:35:43 -0500] "GET /sipse/faces/javax.faces.resource/images/ui-icons_898989_256x240.png?ln=primefaces-aristo HTTP/1.1" 304 -
201.245.192.253 - - [09/Oct/2023:11:35:41 -0500] "POST /kwsrmcab/Wsrmcab  HTTP/1.1" 200 42851
201.245.192.253 - - [09/Oct/2023:11:35:48 -0500] "GET /BLA/resoluciones/dlf/unknown.png HTTP/1.1" 200 266
152.203.138.238 - - [09/Oct/2023:11:35:49 -0500] "GET /mesa/contrasena.pdf HTTP/1.1" 200 443199
201.245.192.253 - - [09/Oct/2023:11:35:47 -0500] "GET /BLA/resoluciones/index.php?dir=AUTOS+2021%2F HTTP/1.1" 200 398707
216.244.66.195 - - [09/Oct/2023:11:35:52 -0500] "GET /BLA/resoluciones/AUTOS%202013/0838.pdf HTTP/1.1" 200 747818
66.249.66.21 - - [09/Oct/2023:11:36:07 -0500] "GET /BLA/resoluciones/RESOLUCIONES%202011/3772.pdf HTTP/1.1" 200 688124
201.245.192.253 - - [09/Oct/2023:11:36:25 -0500] "POST /forms/lservlet;jsessionid=ac16012b30d6ee721f480aef4f809ef2a2348c2020b9.e3iSbxaKaheRe34Pbx8Nc3aQci1ynknvrkLOlQzNp65In0 HTTP/1.1" 200 2
216.244.66.195 - - [09/Oct/2023:11:36:45 -0500] "GET /BLA/resoluciones/AUTOS%202013/0928.pdf HTTP/1.1" 200 1620905
186.155.121.116 - - [09/Oct/2023:11:36:49 -0500] "POST /sipse/faces/presentacion/financiero/solicitudProyectoActividad/asociarActividadSolicitud.xhtml HTTP/1.1" 200 20021
186.155.121.116 - - [09/Oct/2023:11:36:49 -0500] "GET /sipse/faces/javax.faces.resource/theme.css?ln=primefaces-sipse HTTP/1.1" 304 -
186.155.121.116 - - [09/Oct/2023:11:36:49 -0500] "GET /sipse/faces/javax.faces.resource/primefaces.css?ln=primefaces&v=4.0 HTTP/1.1" 304 -
186.155.121.116 - - [09/Oct/2023:11:36:49 -0500] "GET /sipse/faces/javax.faces.resource/layout/layout.css?ln=primefaces&v=4.0 HTTP/1.1" 304 -
186.155.121.116 - - [09/Oct/2023:11:36:49 -0500] "GET /sipse/faces/javax.faces.resource/jquery/jquery.js?ln=primefaces&v=4.0 HTTP/1.1" 304 -
186.155.121.116 - - [09/Oct/2023:11:36:49 -0500] "GET /sipse/faces/javax.faces.resource/jquery/jquery-plugins.js?ln=primefaces&v=4.0 HTTP/1.1" 304 -
186.155.121.116 - - [09/Oct/2023:11:36:50 -0500] "GET /sipse/faces/javax.faces.resource/primefaces.js?ln=primefaces&v=4.0 HTTP/1.1" 304 -
186.155.121.116 - - [09/Oct/2023:11:36:50 -0500] "GET /sipse/faces/javax.faces.resource/layout/layout.js?ln=primefaces&v=4.0 HTTP/1.1" 304 -
172.22.2.4 - - [09/Oct/2023:11:35:11 -0500] "HEAD /BLA/boletinlegal/ HTTP/1.1" 200 -
201.245.192.253 - - [09/Oct/2023:11:37:17 -0500] "POST /forms/lservlet;jsessionid=ac16012b30d631b237d665c3491e938ed2fcaf258f77.e3iSbxaKaheRe34Pbx8Nc3aQci1ynknvrkLOlQzNp65In0 HTTP/1.1" 200 2
201.245.192.253 - - [09/Oct/2023:11:37:23 -0500] "POST /kwsrmcab/Wsrmcab HTTP/1.1" 200 42198
201.245.192.253 - - [09/Oct/2023:11:37:27 -0500] "POST /forms/lservlet;jsessionid=ac16012b30d6e3ac83cfa34d44e69cdfe83dd14ea1cd.e3iSbxaKaheRe34Pbx8Nc3aQci1ynknvrkLOlQzNp65In0 HTTP/1.1" 200 2
201.245.192.253 - - [09/Oct/2023:11:37:28 -0500] "POST /kwsrmcab/Wsrmcab HTTP/1.1" 200 40373
216.244.66.195 - - [09/Oct/2023:11:37:35 -0500] "GET /BLA/resoluciones/AUTOS%202013/1142.pdf HTTP/1.1" 200 836764
172.22.2.4 - - [09/Oct/2023:11:36:02 -0500] "GET /BLA/boletinlegal/ HTTP/1.1" 200 58981
167.248.133.49 - - [09/Oct/2023:11:38:02 -0500] "GET / HTTP/1.1" 200 319
167.248.133.49 - - [09/Oct/2023:11:38:05 -0500] "PRI * HTTP/2.0" 400 946
167.248.133.49 - - [09/Oct/2023:11:38:05 -0500] "GET /favicon.ico HTTP/1.1" 200 7782
172.22.2.4 - - [09/Oct/2023:11:38:07 -0500] "GET /BLA/boletinlegal/jurisprudencia/analisis/Analisis%20jurisprudencial%20Sentencia%20C-366-11.doc HTTP/1.1" 200 59392
201.245.192.253 - - [09/Oct/2023:11:38:25 -0500] "POST /forms/lservlet;jsessionid=ac16012b30d6ee721f480aef4f809ef2a2348c2020b9.e3iSbxaKaheRe34Pbx8Nc3aQci1ynknvrkLOlQzNp65In0 HTTP/1.1" 200 2
216.244.66.195 - - [09/Oct/2023:11:38:26 -0500] "GET /BLA/resoluciones/AUTOS%202013/1601.pdf HTTP/1.1" 200 139593
190.130.102.242 - - [09/Oct/2023:11:38:32 -0500] "GET /sipse/faces/index.xhtml HTTP/1.1" 200 677
190.130.102.242 - - [09/Oct/2023:11:38:32 -0500] "GET /sipse/faces/javax.faces.resource/theme.css?ln=primefaces-sipse HTTP/1.1" 200 50058
190.130.102.242 - - [09/Oct/2023:11:38:32 -0500] "GET /favicon.ico HTTP/1.1" 200 7782
190.130.102.242 - - [09/Oct/2023:11:38:42 -0500] "GET /sipse/faces/index.xhtml HTTP/1.1" 200 677
190.130.102.242 - - [09/Oct/2023:11:38:43 -0500] "GET /sipse/faces/javax.faces.resource/theme.css?ln=primefaces-sipse HTTP/1.1" 304 -
216.244.66.195 - - [09/Oct/2023:11:39:01 -0500] "GET /BLA/resoluciones/AUTOS%202013/2039.pdf HTTP/1.1" 200 1271745
201.245.192.253 - - [09/Oct/2023:11:37:34 -0500] "POST /sipse/faces/presentacion/financiero/solicitudProceso/consultarSolicitudProceso.xhtml HTTP/1.1" 200 1302528
173.252.95.4 - - [09/Oct/2023:11:39:17 -0500] "GET /cambiemos-la-vida-de-mas-de-350-refugios.html HTTP/1.1" 200 790
173.252.95.117 - - [09/Oct/2023:11:39:17 -0500] "GET /cambiemos-la-vida-de-mas-de-350-refugios.html HTTP/1.1" 200 790
173.252.79.3 - - [09/Oct/2023:11:39:17 -0500] "GET /images/idpyba-4-marzo-1_optimized.jpeg HTTP/1.1" 200 115318
201.245.192.253 - - [09/Oct/2023:11:39:17 -0500] "POST /forms/lservlet;jsessionid=ac16012b30d631b237d665c3491e938ed2fcaf258f77.e3iSbxaKaheRe34Pbx8Nc3aQci1ynknvrkLOlQzNp65In0 HTTP/1.1" 200 2
173.252.95.7 - - [09/Oct/2023:11:39:20 -0500] "GET /images/idpyba-4-marzo-1_optimized.jpeg HTTP/1.1" 200 115318
201.245.192.253 - - [09/Oct/2023:11:39:27 -0500] "POST /forms/lservlet;jsessionid=ac16012b30d6e3ac83cfa34d44e69cdfe83dd14ea1cd.e3iSbxaKaheRe34Pbx8Nc3aQci1ynknvrkLOlQzNp65In0 HTTP/1.1" 200 2
216.244.66.195 - - [09/Oct/2023:11:39:51 -0500] "GET /BLA/resoluciones/AUTOS%202013/2190.pdf HTTP/1.1" 200 760933
201.245.192.253 - - [09/Oct/2023:11:39:15 -0500] "POST /sipse/faces/presentacion/financiero/solicitudProceso/consultarSolicitudProceso.xhtml HTTP/1.1" 200 1335955
181.189.25.57 - - [09/Oct/2023:11:39:51 -0500] "POST /sipse/faces/presentacion/financiero/solicitudProceso/consultar.xhtml HTTP/1.1" 200 12976
186.155.121.116 - - [09/Oct/2023:11:40:04 -0500] "POST /sipse/faces/presentacion/financiero/solicitudProyectoActividad/asociarFuentesSolicitud.xhtml HTTP/1.1" 200 43637
186.155.121.116 - - [09/Oct/2023:11:40:04 -0500] "GET /sipse/faces/javax.faces.resource/theme.css?ln=primefaces-sipse HTTP/1.1" 304 -
186.155.121.116 - - [09/Oct/2023:11:40:04 -0500] "GET /sipse/faces/javax.faces.resource/primefaces.css?ln=primefaces&v=4.0 HTTP/1.1" 304 -
186.155.121.116 - - [09/Oct/2023:11:40:04 -0500] "GET /sipse/faces/javax.faces.resource/layout/layout.css?ln=primefaces&v=4.0 HTTP/1.1" 304 -
186.155.121.116 - - [09/Oct/2023:11:40:04 -0500] "GET /sipse/faces/javax.faces.resource/fileupload/fileupload.css?ln=primefaces&v=4.0 HTTP/1.1" 304 -
186.155.121.116 - - [09/Oct/2023:11:40:04 -0500] "GET /sipse/faces/javax.faces.resource/jquery/jquery-plugins.js?ln=primefaces&v=4.0 HTTP/1.1" 304 -
186.155.121.116 - - [09/Oct/2023:11:40:04 -0500] "GET /sipse/faces/javax.faces.resource/jquery/jquery.js?ln=primefaces&v=4.0 HTTP/1.1" 304 -
186.155.121.116 - - [09/Oct/2023:11:40:05 -0500] "GET /sipse/faces/javax.faces.resource/primefaces.js?ln=primefaces&v=4.0 HTTP/1.1" 304 -
186.155.121.116 - - [09/Oct/2023:11:40:05 -0500] "GET /sipse/faces/javax.faces.resource/layout/layout.js?ln=primefaces&v=4.0 HTTP/1.1" 304 -
186.155.121.116 - - [09/Oct/2023:11:40:05 -0500] "GET /sipse/faces/javax.faces.resource/fileupload/fileupload.js?ln=primefaces&v=4.0 HTTP/1.1" 304 -
186.155.121.116 - - [09/Oct/2023:11:40:05 -0500] "GET /sipse/faces/javax.faces.resource/jsf.js?ln=javax.faces&stage=Development HTTP/1.1" 304 -
52.167.144.192 - - [09/Oct/2023:11:40:10 -0500] "GET /bla/resoluciones/resoluciones%202023/1416.pdf HTTP/1.1" 200 416490
216.245.221.92 - - [09/Oct/2023:11:40:18 -0500] "HEAD / HTTP/1.1" 200 -
201.245.192.253 - - [09/Oct/2023:11:40:26 -0500] "POST /forms/lservlet;jsessionid=ac16012b30d6ee721f480aef4f809ef2a2348c2020b9.e3iSbxaKaheRe34Pbx8Nc3aQci1ynknvrkLOlQzNp65In0 HTTP/1.1" 200 2
201.245.192.253 - - [09/Oct/2023:11:40:39 -0500] "POST /kwsrmcab/Wsrmcab  HTTP/1.1" 200 42851
216.244.66.195 - - [09/Oct/2023:11:40:41 -0500] "GET /BLA/resoluciones/AUTOS%202013/2317.pdf HTTP/1.1" 200 492757
181.189.25.57 - - [09/Oct/2023:11:40:57 -0500] "POST /sipse/faces/presentacion/financiero/solicitudProceso/consultar.xhtml HTTP/1.1" 200 12821
181.189.25.57 - - [09/Oct/2023:11:40:59 -0500] "POST /sipse/faces/presentacion/financiero/solicitudProceso/consultar.xhtml HTTP/1.1" 200 159991
181.189.25.57 - - [09/Oct/2023:11:41:00 -0500] "GET /sipse/faces/javax.faces.resource/theme.css?ln=primefaces-sipse HTTP/1.1" 304 -
181.189.25.57 - - [09/Oct/2023:11:41:00 -0500] "GET /sipse/faces/javax.faces.resource/primefaces.css?ln=primefaces&v=4.0 HTTP/1.1" 304 -
181.189.25.57 - - [09/Oct/2023:11:41:00 -0500] "GET /sipse/faces/javax.faces.resource/layout/layout.css?ln=primefaces&v=4.0 HTTP/1.1" 304 -
181.189.25.57 - - [09/Oct/2023:11:41:00 -0500] "GET /sipse/faces/javax.faces.resource/jquery/jquery.js?ln=primefaces&v=4.0 HTTP/1.1" 304 -
181.189.25.57 - - [09/Oct/2023:11:41:00 -0500] "GET /sipse/faces/javax.faces.resource/jquery/jquery-plugins.js?ln=primefaces&v=4.0 HTTP/1.1" 304 -
181.189.25.57 - - [09/Oct/2023:11:41:00 -0500] "GET /sipse/faces/javax.faces.resource/primefaces.js?ln=primefaces&v=4.0 HTTP/1.1" 304 -
181.189.25.57 - - [09/Oct/2023:11:41:00 -0500] "GET /sipse/faces/javax.faces.resource/layout/layout.js?ln=primefaces&v=4.0 HTTP/1.1" 304 -
181.189.25.57 - - [09/Oct/2023:11:41:05 -0500] "POST /sipse/faces/presentacion/financiero/solicitudProceso/consultarSolicitudProceso.xhtml HTTP/1.1" 200 100730
201.245.192.253 - - [09/Oct/2023:11:41:17 -0500] "POST /forms/lservlet;jsessionid=ac16012b30d631b237d665c3491e938ed2fcaf258f77.e3iSbxaKaheRe34Pbx8Nc3aQci1ynknvrkLOlQzNp65In0 HTTP/1.1" 200 2
201.245.192.253 - - [09/Oct/2023:11:41:27 -0500] "POST /forms/lservlet;jsessionid=ac16012b30d6e3ac83cfa34d44e69cdfe83dd14ea1cd.e3iSbxaKaheRe34Pbx8Nc3aQci1ynknvrkLOlQzNp65In0 HTTP/1.1" 200 2
216.244.66.195 - - [09/Oct/2023:11:41:31 -0500] "GET /BLA/resoluciones/AUTOS%202013/2503.pdf HTTP/1.1" 200 808135
186.155.121.116 - - [09/Oct/2023:11:41:52 -0500] "POST /sipse/faces/presentacion/financiero/solicitudProceso/registroSolicitudProcesoOtrosPagos.xhtml HTTP/1.1" 200 1884
186.155.121.116 - - [09/Oct/2023:11:42:20 -0500] "POST /sipse/faces/presentacion/financiero/solicitudProceso/registroSolicitudProcesoOtrosPagos.xhtml HTTP/1.1" 200 1888
216.244.66.195 - - [09/Oct/2023:11:42:25 -0500] "GET /BLA/resoluciones/AUTOS%202013/2549.pdf HTTP/1.1" 200 601416
201.245.192.253 - - [09/Oct/2023:11:42:29 -0500] "POST /forms/lservlet;jsessionid=ac16012b30d6ee721f480aef4f809ef2a2348c2020b9.e3iSbxaKaheRe34Pbx8Nc3aQci1ynknvrkLOlQzNp65In0 HTTP/1.1" 200 2
186.155.121.116 - - [09/Oct/2023:11:42:36 -0500] "POST /sipse/faces/presentacion/financiero/solicitudProceso/registroSolicitudProcesoOtrosPagos.xhtml HTTP/1.1" 200 6991
186.155.121.116 - - [09/Oct/2023:11:42:36 -0500] "POST /sipse/faces/presentacion/financiero/solicitudProceso/registroSolicitudProcesoOtrosPagos.xhtml HTTP/1.1" 200 7305
172.22.2.4 - - [09/Oct/2023:11:41:01 -0500] "HEAD /BLA/boletinlegal/ HTTP/1.1" 200 -
216.244.66.195 - - [09/Oct/2023:11:43:15 -0500] "GET /BLA/resoluciones/AUTOS%202013/2832.pdf HTTP/1.1" 200 442240
186.155.121.116 - - [09/Oct/2023:11:43:15 -0500] "POST /sipse/faces/presentacion/financiero/solicitudProceso/registroSolicitudProcesoOtrosPagos.xhtml HTTP/1.1" 200 1940
