181.56.171.197 - - [11/Oct/2023:11:17:37 -0500] "GET /sipse/faces/javax.faces.resource/primefaces.css?ln=primefaces&v=4.0 HTTP/1.1" 304 -
181.56.171.197 - - [11/Oct/2023:11:17:37 -0500] "GET /sipse/faces/javax.faces.resource/jquery/jquery.js?ln=primefaces&v=4.0 HTTP/1.1" 304 -
181.56.171.197 - - [11/Oct/2023:11:17:37 -0500] "GET /sipse/faces/javax.faces.resource/jquery/jquery-plugins.js?ln=primefaces&v=4.0 HTTP/1.1" 304 -
181.56.171.197 - - [11/Oct/2023:11:17:37 -0500] "GET /sipse/faces/javax.faces.resource/primefaces.js?ln=primefaces&v=4.0 HTTP/1.1" 304 -
181.56.171.197 - - [11/Oct/2023:11:17:37 -0500] "GET /sipse/faces/javax.faces.resource/layout/layout.js?ln=primefaces&v=4.0 HTTP/1.1" 304 -
181.56.171.197 - - [11/Oct/2023:11:17:37 -0500] "POST /sipse/faces/presentacion/financiero/solicitudProceso/listarSolicitudProceso.xhtml HTTP/1.1" 200 1560
172.22.2.4 - - [11/Oct/2023:11:17:39 -0500] "GET /BLA/boletinlegal/consulta_actos.php?tipo=autos&no=3372&usuario=&sector=&fecha=2023&resuelve= HTTP/1.1" 200 1110
181.56.171.197 - - [11/Oct/2023:11:17:39 -0500] "POST /sipse/faces/presentacion/financiero/solicitudProceso/listarSolicitudProceso.xhtml HTTP/1.1" 200 59155
181.56.171.197 - - [11/Oct/2023:11:17:39 -0500] "GET /sipse/faces/javax.faces.resource/theme.css?ln=primefaces-sipse HTTP/1.1" 304 -
181.56.171.197 - - [11/Oct/2023:11:17:39 -0500] "GET /sipse/faces/javax.faces.resource/primefaces.css?ln=primefaces&v=4.0 HTTP/1.1" 304 -
181.56.171.197 - - [11/Oct/2023:11:17:39 -0500] "GET /sipse/faces/javax.faces.resource/layout/layout.css?ln=primefaces&v=4.0 HTTP/1.1" 304 -
181.56.171.197 - - [11/Oct/2023:11:17:39 -0500] "GET /sipse/faces/javax.faces.resource/jquery/jquery.js?ln=primefaces&v=4.0 HTTP/1.1" 304 -
181.56.171.197 - - [11/Oct/2023:11:17:39 -0500] "GET /sipse/faces/javax.faces.resource/jquery/jquery-plugins.js?ln=primefaces&v=4.0 HTTP/1.1" 304 -
181.56.171.197 - - [11/Oct/2023:11:17:40 -0500] "GET /sipse/faces/javax.faces.resource/primefaces.js?ln=primefaces&v=4.0 HTTP/1.1" 304 -
181.56.171.197 - - [11/Oct/2023:11:17:40 -0500] "GET /sipse/faces/javax.faces.resource/layout/layout.js?ln=primefaces&v=4.0 HTTP/1.1" 304 -
172.22.2.4 - - [11/Oct/2023:11:17:40 -0500] "GET /BLA/boletinlegal/consulta_actos.php?tipo=autos&no=3372&usuario=&sector=&fecha=2023&resuelve= HTTP/1.1" 200 1110
172.22.2.4 - - [11/Oct/2023:11:17:40 -0500] "GET /BLA/boletinlegal/consulta_actos.php?tipo=autos&no=3372&usuario=&sector=&fecha=2023&resuelve= HTTP/1.1" 200 1110
181.56.171.197 - - [11/Oct/2023:11:17:44 -0500] "POST /sipse/faces/presentacion/financiero/solicitudProceso/crearModificarSolicitudProceso.xhtml HTTP/1.1" 200 51773
172.22.2.4 - - [11/Oct/2023:11:17:45 -0500] "GET /BLA/boletinlegal/consulta_actos.php?tipo=autos&no=3374&usuario=&sector=&fecha=2023&resuelve= HTTP/1.1" 200 1117
191.109.172.230 - - [11/Oct/2023:11:17:49 -0500] "GET /BLA/resoluciones/index.php?dir=RESOLUCIONES+2010%2F HTTP/1.1" 200 1307967
172.22.2.4 - - [11/Oct/2023:11:17:51 -0500] "GET /BLA/boletinlegal/consulta_actos.php?tipo=autos&no=3377&usuario=&sector=&fecha=2023&resuelve= HTTP/1.1" 200 1117
201.245.192.253 - - [11/Oct/2023:11:17:53 -0500] "GET /sipse/faces/index.xhtml HTTP/1.1" 200 677
201.245.192.253 - - [11/Oct/2023:11:17:53 -0500] "GET /sipse/faces/javax.faces.resource/theme.css?ln=primefaces-sipse HTTP/1.1" 304 -
201.245.192.253 - - [11/Oct/2023:11:17:53 -0500] "GET /sipse/faces/faces/autenticacion.xhtml HTTP/1.1" 200 12417
201.245.192.253 - - [11/Oct/2023:11:17:53 -0500] "GET /sipse/faces/javax.faces.resource/theme.css?ln=primefaces-sipse HTTP/1.1" 304 -
201.245.192.253 - - [11/Oct/2023:11:17:53 -0500] "GET /sipse/faces/javax.faces.resource/primefaces.css?ln=primefaces&v=4.0 HTTP/1.1" 304 -
201.245.192.253 - - [11/Oct/2023:11:17:53 -0500] "GET /sipse/faces/javax.faces.resource/jquery/jquery.js?ln=primefaces&v=4.0 HTTP/1.1" 304 -
201.245.192.253 - - [11/Oct/2023:11:17:53 -0500] "GET /sipse/faces/javax.faces.resource/layout/layout.css?ln=primefaces&v=4.0 HTTP/1.1" 304 -
201.245.192.253 - - [11/Oct/2023:11:17:53 -0500] "GET /sipse/faces/javax.faces.resource/jquery/jquery-plugins.js?ln=primefaces&v=4.0 HTTP/1.1" 304 -
201.245.192.253 - - [11/Oct/2023:11:17:53 -0500] "GET /sipse/faces/javax.faces.resource/layout/layout.js?ln=primefaces&v=4.0 HTTP/1.1" 304 -
201.245.192.253 - - [11/Oct/2023:11:17:53 -0500] "GET /sipse/faces/javax.faces.resource/primefaces.js?ln=primefaces&v=4.0 HTTP/1.1" 304 -
201.245.192.253 - - [11/Oct/2023:11:17:53 -0500] "GET /sipse/faces/javax.faces.resource/images/ui-icons_898989_256x240.png?ln=primefaces-aristo HTTP/1.1" 304 -
181.56.171.197 - - [11/Oct/2023:11:17:54 -0500] "POST /sipse/faces/presentacion/financiero/solicitudProceso/crearModificarSolicitudProceso.xhtml HTTP/1.1" 200 25142
191.109.172.230 - - [11/Oct/2023:11:17:56 -0500] "GET /BLA/resoluciones/RESOLUCIONES%202010/7184.pdf HTTP/1.1" 200 649022
201.245.192.253 - - [11/Oct/2023:11:17:57 -0500] "POST /sipse/faces/autenticacion.xhtml HTTP/1.1" 200 2220
201.245.192.253 - - [11/Oct/2023:11:17:57 -0500] "GET /sipse/faces/javax.faces.resource/messages/messages.png?ln=primefaces&v=4.0 HTTP/1.1" 304 -
201.245.192.253 - - [11/Oct/2023:11:17:58 -0500] "POST /sipse/faces/autenticacion.xhtml HTTP/1.1" 200 16510
201.245.192.253 - - [11/Oct/2023:11:17:58 -0500] "GET /sipse/faces/javax.faces.resource/theme.css?ln=primefaces-sipse HTTP/1.1" 304 -
201.245.192.253 - - [11/Oct/2023:11:17:58 -0500] "GET /sipse/faces/javax.faces.resource/layout/layout.css?ln=primefaces&v=4.0 HTTP/1.1" 304 -
201.245.192.253 - - [11/Oct/2023:11:17:58 -0500] "GET /sipse/faces/javax.faces.resource/primefaces.css?ln=primefaces&v=4.0 HTTP/1.1" 304 -
201.245.192.253 - - [11/Oct/2023:11:17:58 -0500] "GET /sipse/faces/javax.faces.resource/jquery/jquery.js?ln=primefaces&v=4.0 HTTP/1.1" 304 -
201.245.192.253 - - [11/Oct/2023:11:17:58 -0500] "GET /sipse/faces/javax.faces.resource/jquery/jquery-plugins.js?ln=primefaces&v=4.0 HTTP/1.1" 304 -
201.245.192.253 - - [11/Oct/2023:11:17:58 -0500] "GET /sipse/faces/javax.faces.resource/primefaces.js?ln=primefaces&v=4.0 HTTP/1.1" 304 -
201.245.192.253 - - [11/Oct/2023:11:17:58 -0500] "GET /sipse/faces/javax.faces.resource/layout/layout.js?ln=primefaces&v=4.0 HTTP/1.1" 304 -
201.245.192.253 - - [11/Oct/2023:11:17:58 -0500] "GET /sipse/css/imagen/contrasena.png HTTP/1.1" 404 383
172.22.2.4 - - [11/Oct/2023:11:17:59 -0500] "GET /BLA/boletinlegal/consulta_actos.php?tipo=autos&no=3385&usuario=&sector=&fecha=2023&resuelve= HTTP/1.1" 200 1114
201.245.192.253 - - [11/Oct/2023:11:18:00 -0500] "GET /sipse/faces/javax.faces.resource/images/ui-bg_flat_0_2d5972_40x100.png?ln=primefaces-aristo HTTP/1.1" 304 -
201.245.192.253 - - [11/Oct/2023:11:18:00 -0500] "POST /sipse/faces/bienvenido.xhtml HTTP/1.1" 200 2073
201.245.192.253 - - [11/Oct/2023:11:18:01 -0500] "POST /sipse/faces/bienvenido.xhtml HTTP/1.1" 200 39107
201.245.192.253 - - [11/Oct/2023:11:18:01 -0500] "GET /sipse/faces/javax.faces.resource/layout/layout.css?ln=primefaces&v=4.0 HTTP/1.1" 304 -
201.245.192.253 - - [11/Oct/2023:11:18:01 -0500] "GET /sipse/faces/javax.faces.resource/theme.css?ln=primefaces-sipse HTTP/1.1" 304 -
201.245.192.253 - - [11/Oct/2023:11:18:01 -0500] "GET /sipse/faces/javax.faces.resource/primefaces.css?ln=primefaces&v=4.0 HTTP/1.1" 304 -
201.245.192.253 - - [11/Oct/2023:11:18:01 -0500] "GET /sipse/faces/javax.faces.resource/jquery/jquery.js?ln=primefaces&v=4.0 HTTP/1.1" 304 -
201.245.192.253 - - [11/Oct/2023:11:18:01 -0500] "GET /sipse/faces/javax.faces.resource/jquery/jquery-plugins.js?ln=primefaces&v=4.0 HTTP/1.1" 304 -
201.245.192.253 - - [11/Oct/2023:11:18:01 -0500] "GET /sipse/faces/javax.faces.resource/primefaces.js?ln=primefaces&v=4.0 HTTP/1.1" 304 -
201.245.192.253 - - [11/Oct/2023:11:18:01 -0500] "GET /sipse/faces/javax.faces.resource/layout/layout.js?ln=primefaces&v=4.0 HTTP/1.1" 304 -
172.22.2.4 - - [11/Oct/2023:11:18:04 -0500] "GET /BLA/boletinlegal/consulta_actos.php?tipo=autos&no=3391&usuario=&sector=&fecha=2023&resuelve= HTTP/1.1" 200 1110
181.56.171.197 - - [11/Oct/2023:11:18:05 -0500] "POST /sipse/faces/presentacion/financiero/solicitudProceso/crearModificarSolicitudProceso.xhtml HTTP/1.1" 200 6307
201.245.192.253 - - [11/Oct/2023:11:18:06 -0500] "POST /sipse/faces/presentacion/financiero/solicitudProceso/consultar.xhtml HTTP/1.1" 200 13051
5.255.231.95 - - [11/Oct/2023:11:18:12 -0500] "GET /robots.txt HTTP/1.1" 404 1018
5.255.231.115 - - [11/Oct/2023:11:18:12 -0500] "GET / HTTP/1.1" 200 319
201.245.192.253 - - [11/Oct/2023:11:18:12 -0500] "POST /kwsrmcab/Wsrmcab HTTP/1.1" 200 40983
201.245.192.253 - - [11/Oct/2023:11:18:13 -0500] "POST /sipse/faces/presentacion/financiero/solicitudProceso/consultar.xhtml HTTP/1.1" 200 136544
201.245.192.253 - - [11/Oct/2023:11:18:14 -0500] "GET /sipse/faces/javax.faces.resource/layout/layout.css?ln=primefaces&v=4.0 HTTP/1.1" 304 -
201.245.192.253 - - [11/Oct/2023:11:18:14 -0500] "GET /sipse/faces/javax.faces.resource/primefaces.css?ln=primefaces&v=4.0 HTTP/1.1" 304 -
201.245.192.253 - - [11/Oct/2023:11:18:14 -0500] "GET /sipse/faces/javax.faces.resource/theme.css?ln=primefaces-sipse HTTP/1.1" 304 -
201.245.192.253 - - [11/Oct/2023:11:18:14 -0500] "GET /sipse/faces/javax.faces.resource/jquery/jquery.js?ln=primefaces&v=4.0 HTTP/1.1" 304 -
201.245.192.253 - - [11/Oct/2023:11:18:14 -0500] "GET /sipse/faces/javax.faces.resource/jquery/jquery-plugins.js?ln=primefaces&v=4.0 HTTP/1.1" 304 -
201.245.192.253 - - [11/Oct/2023:11:18:14 -0500] "GET /sipse/faces/javax.faces.resource/primefaces.js?ln=primefaces&v=4.0 HTTP/1.1" 304 -
201.245.192.253 - - [11/Oct/2023:11:18:14 -0500] "GET /sipse/faces/javax.faces.resource/layout/layout.js?ln=primefaces&v=4.0 HTTP/1.1" 304 -
172.22.2.4 - - [11/Oct/2023:11:18:14 -0500] "GET /BLA/boletinlegal/consulta_actos.php?tipo=autos&no=4175&usuario=&sector=&fecha=2023&resuelve= HTTP/1.1" 200 1149
201.245.192.253 - - [11/Oct/2023:11:18:15 -0500] "GET /kwsrmcab/Wsrmcab?wsdl HTTP/1.1" 200 6948
201.245.192.253 - - [11/Oct/2023:11:18:15 -0500] "POST /kwsrmcab/Wsrmcab HTTP/1.1" 200 37971
181.56.171.197 - - [11/Oct/2023:11:18:22 -0500] "POST /sipse/faces/presentacion/financiero/solicitudProceso/crearModificarSolicitudProceso.xhtml HTTP/1.1" 200 9548
172.22.2.4 - - [11/Oct/2023:11:18:23 -0500] "GET /BLA/boletinlegal/consulta_actos.php?tipo=autos&no=4201&usuario=&sector=&fecha=2023&resuelve= HTTP/1.1" 200 1116
172.22.2.4 - - [11/Oct/2023:11:18:31 -0500] "GET /BLA/boletinlegal/consulta_actos.php?tipo=autos&no=4225&usuario=&sector=&fecha=2023&resuelve= HTTP/1.1" 200 1116
181.56.171.197 - - [11/Oct/2023:11:18:33 -0500] "POST /sipse/faces/presentacion/financiero/solicitudProceso/crearModificarSolicitudProceso.xhtml HTTP/1.1" 200 7346
201.245.192.253 - - [11/Oct/2023:11:18:40 -0500] "HEAD /appsia/controlador HTTP/1.1" 200 -
201.245.192.253 - - [11/Oct/2023:11:18:41 -0500] "GET /appsia/controlador HTTP/1.1" 200 4799
201.245.192.253 - - [11/Oct/2023:11:18:43 -0500] "POST /forms/lservlet;jsessionid=ac16012b30d6dcfedea539ba44c38736910cb89ea1a0.e3iSbxaKaheRe34Pbx8Nc3aQci1ynknvrkLOlQzNp65In0 HTTP/1.1" 200 2
172.22.2.4 - - [11/Oct/2023:11:18:45 -0500] "GET /BLA/boletinlegal/consulta_actos.php?tipo=autos&no=4228&usuario=&sector=&fecha=2023&resuelve= HTTP/1.1" 200 1118
172.22.2.4 - - [11/Oct/2023:11:18:55 -0500] "GET /BLA/boletinlegal/consulta_actos.php?tipo=autos&no=4241&usuario=&sector=&fecha=2023&resuelve= HTTP/1.1" 200 1123
172.22.2.4 - - [11/Oct/2023:11:19:00 -0500] "GET /BLA/boletinlegal/consulta_actos.php?tipo=autos&no=4246&usuario=&sector=&fecha=2023&resuelve= HTTP/1.1" 200 1112
172.22.2.4 - - [11/Oct/2023:11:19:05 -0500] "GET /BLA/boletinlegal/consulta_actos.php?tipo=autos&no=4250&usuario=&sector=&fecha=2023&resuelve= HTTP/1.1" 200 1119
172.22.2.4 - - [11/Oct/2023:11:19:12 -0500] "GET /BLA/boletinlegal/consulta_actos.php?tipo=autos&no=4275&usuario=&sector=&fecha=2023&resuelve= HTTP/1.1" 200 1127
201.245.192.253 - - [11/Oct/2023:11:19:14 -0500] "GET /appsia/controlador HTTP/1.1" 200 4799
201.245.192.253 - - [11/Oct/2023:11:19:15 -0500] "GET /appsia/css/estilos.css HTTP/1.1" 200 4804
201.245.192.253 - - [11/Oct/2023:11:19:15 -0500] "GET /appsia/scripts/validarIngreso.js HTTP/1.1" 200 851
201.245.192.253 - - [11/Oct/2023:11:19:15 -0500] "GET /appsia/images/cabezoteHojaVida.png HTTP/1.1" 200 32493
201.245.192.253 - - [11/Oct/2023:11:19:15 -0500] "GET /appsia/images/logo_bogota_p.png HTTP/1.1" 200 14951
201.245.192.253 - - [11/Oct/2023:11:19:18 -0500] "POST /forms/lservlet;jsessionid=ac16012b30d646340bf40bd84bf28212823ee4ea9623.e3iSbxaKaheRe34Pbx8Nc3aQci1ynknvrkLOlQzNp65In0 HTTP/1.1" 200 2
201.245.192.253 - - [11/Oct/2023:11:19:18 -0500] "GET /favicon.ico HTTP/1.1" 200 7782
172.22.2.4 - - [11/Oct/2023:11:19:19 -0500] "GET /BLA/boletinlegal/consulta_actos.php?tipo=autos&no=4310&usuario=&sector=&fecha=2023&resuelve= HTTP/1.1" 200 1128
172.22.2.4 - - [11/Oct/2023:11:19:24 -0500] "GET /BLA/boletinlegal/consulta_actos.php?tipo=autos&no=4314&usuario=&sector=&fecha=2023&resuelve= HTTP/1.1" 200 1115
181.56.171.197 - - [11/Oct/2023:11:19:30 -0500] "GET /sipse/faces/javax.faces.resource/theme.css?ln=primefaces-sipse HTTP/1.1" 304 -
181.56.171.197 - - [11/Oct/2023:11:19:30 -0500] "GET /sipse/faces/javax.faces.resource/primefaces.css?ln=primefaces&v=4.0 HTTP/1.1" 304 -
181.56.171.197 - - [11/Oct/2023:11:19:30 -0500] "GET /sipse/faces/javax.faces.resource/jquery/jquery.js?ln=primefaces&v=4.0 HTTP/1.1" 304 -
181.56.171.197 - - [11/Oct/2023:11:19:30 -0500] "GET /sipse/faces/javax.faces.resource/layout/layout.css?ln=primefaces&v=4.0 HTTP/1.1" 304 -
181.56.171.197 - - [11/Oct/2023:11:19:30 -0500] "GET /sipse/faces/javax.faces.resource/jquery/jquery-plugins.js?ln=primefaces&v=4.0 HTTP/1.1" 304 -
181.56.171.197 - - [11/Oct/2023:11:19:30 -0500] "POST /sipse/faces/presentacion/financiero/solicitudProceso/crearModificarSolicitudProceso.xhtml HTTP/1.1" 200 24658
181.56.171.197 - - [11/Oct/2023:11:19:30 -0500] "GET /sipse/faces/javax.faces.resource/primefaces.js?ln=primefaces&v=4.0 HTTP/1.1" 304 -
181.56.171.197 - - [11/Oct/2023:11:19:30 -0500] "GET /sipse/faces/javax.faces.resource/layout/layout.js?ln=primefaces&v=4.0 HTTP/1.1" 304 -
172.22.2.4 - - [11/Oct/2023:11:19:33 -0500] "GET /BLA/boletinlegal/consulta_actos.php?tipo=autos&no=4748&usuario=&sector=&fecha=2023&resuelve= HTTP/1.1" 200 1123
181.56.171.197 - - [11/Oct/2023:11:19:32 -0500] "POST /sipse/faces/presentacion/financiero/solicitudProyectoActividad/asociarProyectoSolicitud.xhtml HTTP/1.1" 200 13161
172.22.2.4 - - [11/Oct/2023:11:19:37 -0500] "GET /BLA/boletinlegal/consulta_actos.php?tipo=resoluciones&no=4969&usuario=&sector=SILVICULTURA&fecha=2021&resuelve=SILVICULTURA HTTP/1.1" 200 1101
201.245.192.253 - - [11/Oct/2023:11:19:38 -0500] "POST /sipse/faces/presentacion/financiero/solicitudAnulacion/registrarSolicitudAnulacion.xhtml HTTP/1.1" 200 3072
172.22.2.4 - - [11/Oct/2023:11:19:38 -0500] "GET /BLA/boletinlegal/consulta_actos.php?tipo=autos&no=4749&usuario=&sector=&fecha=2023&resuelve= HTTP/1.1" 200 1154
181.56.171.197 - - [11/Oct/2023:11:19:41 -0500] "POST /sipse/faces/presentacion/financiero/solicitudProyectoActividad/asociarProyectoSolicitud.xhtml HTTP/1.1" 200 1704
201.245.192.253 - - [11/Oct/2023:11:19:42 -0500] "POST /sipse/faces/presentacion/financiero/solicitudAnulacion/registrarSolicitudAnulacion.xhtml HTTP/1.1" 200 3072
201.245.192.253 - - [11/Oct/2023:11:19:42 -0500] "POST /sipse/faces/presentacion/financiero/solicitudAnulacion/registrarSolicitudAnulacion.xhtml HTTP/1.1" 200 28052
201.245.192.253 - - [11/Oct/2023:11:19:42 -0500] "GET /sipse/faces/javax.faces.resource/jquery/jquery.js?ln=primefaces&v=4.0 HTTP/1.1" 304 -
201.245.192.253 - - [11/Oct/2023:11:19:42 -0500] "GET /sipse/faces/javax.faces.resource/jquery/jquery-plugins.js?ln=primefaces&v=4.0 HTTP/1.1" 304 -
201.245.192.253 - - [11/Oct/2023:11:19:42 -0500] "GET /sipse/faces/javax.faces.resource/primefaces.js?ln=primefaces&v=4.0 HTTP/1.1" 304 -
201.245.192.253 - - [11/Oct/2023:11:19:42 -0500] "GET /sipse/faces/javax.faces.resource/layout/layout.js?ln=primefaces&v=4.0 HTTP/1.1" 304 -
181.56.171.197 - - [11/Oct/2023:11:19:45 -0500] "POST /sipse/faces/presentacion/financiero/solicitudProyectoActividad/asociarProyectoSolicitud.xhtml HTTP/1.1" 200 46498
181.56.171.197 - - [11/Oct/2023:11:19:46 -0500] "GET /sipse/faces/javax.faces.resource/theme.css?ln=primefaces-sipse HTTP/1.1" 304 -
181.56.171.197 - - [11/Oct/2023:11:19:46 -0500] "GET /sipse/faces/javax.faces.resource/primefaces.css?ln=primefaces&v=4.0 HTTP/1.1" 304 -
181.56.171.197 - - [11/Oct/2023:11:19:46 -0500] "GET /sipse/faces/javax.faces.resource/jquery/jquery.js?ln=primefaces&v=4.0 HTTP/1.1" 304 -
181.56.171.197 - - [11/Oct/2023:11:19:46 -0500] "GET /sipse/faces/javax.faces.resource/layout/layout.css?ln=primefaces&v=4.0 HTTP/1.1" 304 -
181.56.171.197 - - [11/Oct/2023:11:19:46 -0500] "GET /sipse/faces/javax.faces.resource/jquery/jquery-plugins.js?ln=primefaces&v=4.0 HTTP/1.1" 304 -
181.56.171.197 - - [11/Oct/2023:11:19:46 -0500] "GET /sipse/faces/javax.faces.resource/primefaces.js?ln=primefaces&v=4.0 HTTP/1.1" 304 -
181.56.171.197 - - [11/Oct/2023:11:19:46 -0500] "GET /sipse/faces/javax.faces.resource/layout/layout.js?ln=primefaces&v=4.0 HTTP/1.1" 304 -
201.245.192.253 - - [11/Oct/2023:11:19:51 -0500] "GET /appsia/controlador HTTP/1.1" 200 4799
201.245.192.253 - - [11/Oct/2023:11:19:51 -0500] "GET /appsia/css/estilos.css HTTP/1.1" 200 4804
201.245.192.253 - - [11/Oct/2023:11:19:51 -0500] "GET /appsia/scripts/validarIngreso.js HTTP/1.1" 200 851
201.245.192.253 - - [11/Oct/2023:11:19:51 -0500] "GET /appsia/images/logo_bogota_p.png HTTP/1.1" 200 14951
201.245.192.253 - - [11/Oct/2023:11:19:51 -0500] "GET /appsia/images/cabezoteHojaVida.png HTTP/1.1" 200 32493
201.245.192.253 - - [11/Oct/2023:11:19:51 -0500] "GET /favicon.ico HTTP/1.1" 200 7782
172.22.2.4 - - [11/Oct/2023:11:19:51 -0500] "GET /BLA/boletinlegal/consulta_actos.php?tipo=autos&no=4751&usuario=&sector=&fecha=2023&resuelve= HTTP/1.1" 200 1143
201.245.192.253 - - [11/Oct/2023:11:19:53 -0500] "GET /sipse/faces/javax.faces.resource/theme.css?ln=primefaces-sipse HTTP/1.1" 304 -
201.245.192.253 - - [11/Oct/2023:11:19:53 -0500] "GET /sipse/faces/javax.faces.resource/primefaces.css?ln=primefaces&v=4.0 HTTP/1.1" 304 -
201.245.192.253 - - [11/Oct/2023:11:19:53 -0500] "GET /sipse/faces/javax.faces.resource/layout/layout.css?ln=primefaces&v=4.0 HTTP/1.1" 304 -
201.245.192.253 - - [11/Oct/2023:11:19:53 -0500] "GET /sipse/faces/javax.faces.resource/jquery/jquery.js?ln=primefaces&v=4.0 HTTP/1.1" 304 -
201.245.192.253 - - [11/Oct/2023:11:19:53 -0500] "GET /sipse/faces/javax.faces.resource/jquery/jquery-plugins.js?ln=primefaces&v=4.0 HTTP/1.1" 304 -
201.245.192.253 - - [11/Oct/2023:11:19:53 -0500] "GET /sipse/faces/javax.faces.resource/fileupload/fileupload.css?ln=primefaces&v=4.0 HTTP/1.1" 304 -
201.245.192.253 - - [11/Oct/2023:11:19:53 -0500] "GET /sipse/faces/javax.faces.resource/primefaces.js?ln=primefaces&v=4.0 HTTP/1.1" 304 -
201.245.192.253 - - [11/Oct/2023:11:19:53 -0500] "GET /sipse/faces/javax.faces.resource/layout/layout.js?ln=primefaces&v=4.0 HTTP/1.1" 304 -
201.245.192.253 - - [11/Oct/2023:11:19:53 -0500] "GET /sipse/faces/javax.faces.resource/fileupload/fileupload.js?ln=primefaces&v=4.0 HTTP/1.1" 304 -
201.245.192.253 - - [11/Oct/2023:11:19:53 -0500] "POST /sipse/faces/presentacion/financiero/solicitudProceso/consultarHistorialSolProceso.xhtml HTTP/1.1" 200 55159
201.245.192.253 - - [11/Oct/2023:11:19:53 -0500] "GET /sipse/faces/javax.faces.resource/images/ui-icons_898989_256x240.png?ln=primefaces-aristo HTTP/1.1" 304 -
172.22.2.4 - - [11/Oct/2023:11:19:57 -0500] "GET /BLA/boletinlegal/consulta_actos.php?tipo=autos&no=4762&usuario=&sector=&fecha=2023&resuelve= HTTP/1.1" 200 1110
181.56.171.197 - - [11/Oct/2023:11:20:04 -0500] "GET /sipse/faces/javax.faces.resource/images/ui-icons_898989_256x240.png?ln=primefaces-aristo HTTP/1.1" 304 -
172.22.2.4 - - [11/Oct/2023:11:20:07 -0500] "GET /BLA/boletinlegal/consulta_actos.php?tipo=autos&no=4775&usuario=&sector=&fecha=2023&resuelve= HTTP/1.1" 200 1112
181.56.171.197 - - [11/Oct/2023:11:20:10 -0500] "POST /sipse/faces/presentacion/financiero/solicitudProyectoActividad/asociarActividadSolicitud.xhtml HTTP/1.1" 200 20069
181.56.171.197 - - [11/Oct/2023:11:20:11 -0500] "GET /sipse/faces/javax.faces.resource/theme.css?ln=primefaces-sipse HTTP/1.1" 304 -
181.56.171.197 - - [11/Oct/2023:11:20:11 -0500] "GET /sipse/faces/javax.faces.resource/primefaces.css?ln=primefaces&v=4.0 HTTP/1.1" 304 -
181.56.171.197 - - [11/Oct/2023:11:20:11 -0500] "GET /sipse/faces/javax.faces.resource/layout/layout.css?ln=primefaces&v=4.0 HTTP/1.1" 304 -
181.56.171.197 - - [11/Oct/2023:11:20:11 -0500] "GET /sipse/faces/javax.faces.resource/jquery/jquery.js?ln=primefaces&v=4.0 HTTP/1.1" 304 -
181.56.171.197 - - [11/Oct/2023:11:20:11 -0500] "GET /sipse/faces/javax.faces.resource/jquery/jquery-plugins.js?ln=primefaces&v=4.0 HTTP/1.1" 304 -
181.56.171.197 - - [11/Oct/2023:11:20:11 -0500] "GET /sipse/faces/javax.faces.resource/primefaces.js?ln=primefaces&v=4.0 HTTP/1.1" 304 -
181.56.171.197 - - [11/Oct/2023:11:20:11 -0500] "GET /sipse/faces/javax.faces.resource/layout/layout.js?ln=primefaces&v=4.0 HTTP/1.1" 304 -
172.22.2.4 - - [11/Oct/2023:11:20:13 -0500] "GET /BLA/boletinlegal/consulta_actos.php?tipo=autos&no=4826&usuario=&sector=&fecha=2023&resuelve= HTTP/1.1" 200 1157
201.245.192.253 - - [11/Oct/2023:11:20:16 -0500] "GET /sipse/faces/javax.faces.resource/images/ui-bg_flat_0_2d5972_40x100.png?ln=primefaces-aristo HTTP/1.1" 304 -
201.245.192.253 - - [11/Oct/2023:11:20:16 -0500] "POST /sipse/faces/presentacion/financiero/solicitudAnulacion/registrarSolicitudAnulacion.xhtml HTTP/1.1" 200 3068
172.22.2.4 - - [11/Oct/2023:11:20:19 -0500] "GET /BLA/boletinlegal/consulta_actos.php?tipo=autos&no=4833&usuario=&sector=&fecha=2023&resuelve= HTTP/1.1" 200 1122
201.245.192.253 - - [11/Oct/2023:11:20:25 -0500] "POST /appsia/controlador HTTP/1.1" 200 5437
172.22.2.4 - - [11/Oct/2023:11:20:26 -0500] "GET /BLA/boletinlegal/consulta_actos.php?tipo=autos&no=4838&usuario=&sector=&fecha=2023&resuelve= HTTP/1.1" 200 1114
181.56.171.197 - - [11/Oct/2023:11:20:34 -0500] "GET /sipse/faces/javax.faces.resource/theme.css?ln=primefaces-sipse HTTP/1.1" 304 -
181.56.171.197 - - [11/Oct/2023:11:20:34 -0500] "GET /sipse/faces/javax.faces.resource/primefaces.css?ln=primefaces&v=4.0 HTTP/1.1" 304 -
181.56.171.197 - - [11/Oct/2023:11:20:34 -0500] "GET /sipse/faces/javax.faces.resource/layout/layout.css?ln=primefaces&v=4.0 HTTP/1.1" 304 -
181.56.171.197 - - [11/Oct/2023:11:20:34 -0500] "GET /sipse/faces/javax.faces.resource/jquery/jquery-plugins.js?ln=primefaces&v=4.0 HTTP/1.1" 304 -
181.56.171.197 - - [11/Oct/2023:11:20:34 -0500] "GET /sipse/faces/javax.faces.resource/jquery/jquery.js?ln=primefaces&v=4.0 HTTP/1.1" 304 -
181.56.171.197 - - [11/Oct/2023:11:20:34 -0500] "POST /sipse/faces/presentacion/financiero/solicitudProyectoActividad/asociarFuentesSolicitud.xhtml HTTP/1.1" 200 82401
181.56.171.197 - - [11/Oct/2023:11:20:34 -0500] "GET /sipse/faces/javax.faces.resource/primefaces.js?ln=primefaces&v=4.0 HTTP/1.1" 304 -
181.56.171.197 - - [11/Oct/2023:11:20:34 -0500] "GET /sipse/faces/javax.faces.resource/layout/layout.js?ln=primefaces&v=4.0 HTTP/1.1" 304 -
172.22.2.4 - - [11/Oct/2023:11:20:34 -0500] "GET /BLA/boletinlegal/consulta_actos.php?tipo=autos&no=4842&usuario=&sector=&fecha=2023&resuelve= HTTP/1.1" 200 626
172.22.2.4 - - [11/Oct/2023:11:20:39 -0500] "GET /BLA/boletinlegal/consulta_actos.php?tipo=autos&no=4845&usuario=&sector=&fecha=2023&resuelve= HTTP/1.1" 200 1113
201.245.192.253 - - [11/Oct/2023:11:20:43 -0500] "POST /forms/lservlet;jsessionid=ac16012b30d6dcfedea539ba44c38736910cb89ea1a0.e3iSbxaKaheRe34Pbx8Nc3aQci1ynknvrkLOlQzNp65In0 HTTP/1.1" 200 2
201.245.192.253 - - [11/Oct/2023:11:20:45 -0500] "POST /appsia/controlador HTTP/1.1" 200 7730
201.245.192.253 - - [11/Oct/2023:11:20:45 -0500] "GET /appsia/images/logo_escudo.png HTTP/1.1" 200 36965
181.56.171.197 - - [11/Oct/2023:11:20:45 -0500] "GET /sipse/faces/javax.faces.resource/theme.css?ln=primefaces-sipse HTTP/1.1" 304 -
181.56.171.197 - - [11/Oct/2023:11:20:45 -0500] "GET /sipse/faces/javax.faces.resource/jquery/jquery.js?ln=primefaces&v=4.0 HTTP/1.1" 304 -
181.56.171.197 - - [11/Oct/2023:11:20:45 -0500] "GET /sipse/faces/javax.faces.resource/primefaces.css?ln=primefaces&v=4.0 HTTP/1.1" 304 -
181.56.171.197 - - [11/Oct/2023:11:20:45 -0500] "GET /sipse/faces/javax.faces.resource/layout/layout.css?ln=primefaces&v=4.0 HTTP/1.1" 304 -
181.56.171.197 - - [11/Oct/2023:11:20:45 -0500] "GET /sipse/faces/javax.faces.resource/jquery/jquery-plugins.js?ln=primefaces&v=4.0 HTTP/1.1" 304 -
181.56.171.197 - - [11/Oct/2023:11:20:44 -0500] "POST /sipse/faces/presentacion/financiero/solicitudProceso/crearModificarSolicitudProceso.xhtml HTTP/1.1" 200 45611
181.56.171.197 - - [11/Oct/2023:11:20:45 -0500] "GET /sipse/faces/javax.faces.resource/layout/layout.js?ln=primefaces&v=4.0 HTTP/1.1" 304 -
181.56.171.197 - - [11/Oct/2023:11:20:45 -0500] "GET /sipse/faces/javax.faces.resource/primefaces.js?ln=primefaces&v=4.0 HTTP/1.1" 304 -
172.22.2.4 - - [11/Oct/2023:11:20:50 -0500] "GET /BLA/boletinlegal/consulta_actos.php?tipo=autos&no=4852&usuario=&sector=&fecha=2023&resuelve= HTTP/1.1" 200 1112
172.22.2.4 - - [11/Oct/2023:11:20:57 -0500] "GET /BLA/boletinlegal/consulta_actos.php?tipo=autos&no=4861&usuario=&sector=&fecha=2023&resuelve= HTTP/1.1" 200 1116
186.31.173.154 - - [11/Oct/2023:11:20:58 -0500] "POST /sipse/faces/presentacion/financiero/solicitudProceso/consultarSolicitudProceso.xhtml HTTP/1.1" 200 201876
186.31.173.154 - - [11/Oct/2023:11:20:58 -0500] "GET /sipse/faces/javax.faces.resource/primefaces.css?ln=primefaces&v=4.0 HTTP/1.1" 304 -
186.31.173.154 - - [11/Oct/2023:11:20:58 -0500] "GET /sipse/faces/javax.faces.resource/theme.css?ln=primefaces-sipse HTTP/1.1" 304 -
186.31.173.154 - - [11/Oct/2023:11:20:58 -0500] "GET /sipse/faces/javax.faces.resource/layout/layout.css?ln=primefaces&v=4.0 HTTP/1.1" 304 -
186.31.173.154 - - [11/Oct/2023:11:20:58 -0500] "GET /sipse/faces/javax.faces.resource/jquery/jquery.js?ln=primefaces&v=4.0 HTTP/1.1" 304 -
186.31.173.154 - - [11/Oct/2023:11:20:58 -0500] "GET /sipse/faces/javax.faces.resource/jquery/jquery-plugins.js?ln=primefaces&v=4.0 HTTP/1.1" 304 -
186.31.173.154 - - [11/Oct/2023:11:20:58 -0500] "GET /sipse/faces/javax.faces.resource/primefaces.js?ln=primefaces&v=4.0 HTTP/1.1" 304 -
186.31.173.154 - - [11/Oct/2023:11:20:58 -0500] "GET /sipse/faces/javax.faces.resource/layout/layout.js?ln=primefaces&v=4.0 HTTP/1.1" 304 -
186.31.173.154 - - [11/Oct/2023:11:20:59 -0500] "GET /sipse/css/imagen/contrasena.png HTTP/1.1" 404 383
186.31.173.154 - - [11/Oct/2023:11:20:59 -0500] "GET /sipse/faces/javax.faces.resource/images/ui-icons_898989_256x240.png?ln=primefaces-aristo HTTP/1.1" 304 -
201.245.192.253 - - [11/Oct/2023:11:21:02 -0500] "POST /sipse/faces/presentacion/financiero/solicitudAnulacion/registrarSolicitudAnulacion.xhtml HTTP/1.1" 200 3064
186.31.173.154 - - [11/Oct/2023:11:21:04 -0500] "GET /sipse/faces/javax.faces.resource/images/ui-bg_flat_0_2d5972_40x100.png?ln=primefaces-aristo HTTP/1.1" 304 -
201.245.192.253 - - [11/Oct/2023:11:21:02 -0500] "POST /sipse/faces/presentacion/financiero/solicitudAnulacion/registrarSolicitudAnulacion.xhtml HTTP/1.1" 200 32323
201.245.192.253 - - [11/Oct/2023:11:21:04 -0500] "GET /sipse/faces/javax.faces.resource/jquery/jquery.js?ln=primefaces&v=4.0 HTTP/1.1" 304 -
201.245.192.253 - - [11/Oct/2023:11:21:04 -0500] "GET /sipse/faces/javax.faces.resource/jquery/jquery-plugins.js?ln=primefaces&v=4.0 HTTP/1.1" 304 -
201.245.192.253 - - [11/Oct/2023:11:21:04 -0500] "GET /sipse/faces/javax.faces.resource/primefaces.js?ln=primefaces&v=4.0 HTTP/1.1" 304 -
201.245.192.253 - - [11/Oct/2023:11:21:04 -0500] "GET /sipse/faces/javax.faces.resource/layout/layout.js?ln=primefaces&v=4.0 HTTP/1.1" 304 -
201.245.192.253 - - [11/Oct/2023:11:21:05 -0500] "GET /sipse/faces/javax.faces.resource/messages/messages.png?ln=primefaces&v=4.0 HTTP/1.1" 304 -
201.245.192.253 - - [11/Oct/2023:11:21:05 -0500] "POST /sipse/faces/presentacion/financiero/solicitudAnulacion/solicitudAnulacion.xhtml HTTP/1.1" 200 26114
186.31.173.154 - - [11/Oct/2023:11:21:04 -0500] "POST /sipse/faces/presentacion/financiero/solicitudProceso/consultarSolicitudProceso.xhtml HTTP/1.1" 200 38091
186.31.173.154 - - [11/Oct/2023:11:21:05 -0500] "GET /sipse/faces/javax.faces.resource/theme.css?ln=primefaces-sipse HTTP/1.1" 304 -
186.31.173.154 - - [11/Oct/2023:11:21:05 -0500] "GET /sipse/faces/javax.faces.resource/layout/layout.css?ln=primefaces&v=4.0 HTTP/1.1" 304 -
186.31.173.154 - - [11/Oct/2023:11:21:05 -0500] "GET /sipse/faces/javax.faces.resource/primefaces.css?ln=primefaces&v=4.0 HTTP/1.1" 304 -
186.31.173.154 - - [11/Oct/2023:11:21:06 -0500] "GET /sipse/faces/javax.faces.resource/jquery/jquery.js?ln=primefaces&v=4.0 HTTP/1.1" 304 -
186.31.173.154 - - [11/Oct/2023:11:21:06 -0500] "GET /sipse/faces/javax.faces.resource/jquery/jquery-plugins.js?ln=primefaces&v=4.0 HTTP/1.1" 304 -
186.31.173.154 - - [11/Oct/2023:11:21:06 -0500] "GET /sipse/faces/javax.faces.resource/primefaces.js?ln=primefaces&v=4.0 HTTP/1.1" 304 -
186.31.173.154 - - [11/Oct/2023:11:21:06 -0500] "GET /sipse/faces/javax.faces.resource/layout/layout.js?ln=primefaces&v=4.0 HTTP/1.1" 304 -
186.31.173.154 - - [11/Oct/2023:11:21:06 -0500] "POST /sipse/faces/presentacion/financiero/solicitudProceso/listarSolicitudProceso.xhtml HTTP/1.1" 200 1420
186.31.173.154 - - [11/Oct/2023:11:21:06 -0500] "GET /sipse/faces/javax.faces.resource/messages/messages.png?ln=primefaces&v=4.0 HTTP/1.1" 304 -
216.245.221.92 - - [11/Oct/2023:11:21:11 -0500] "HEAD / HTTP/1.1" 200 -
172.22.2.4 - - [11/Oct/2023:11:21:11 -0500] "GET /BLA/boletinlegal/consulta_actos.php?tipo=autos&no=4863&usuario=&sector=&fecha=2023&resuelve= HTTP/1.1" 200 1119
66.249.79.100 - - [11/Oct/2023:11:21:12 -0500] "GET /BLA/resoluciones/RESOLUCIONES%202010/1346.pdf HTTP/1.1" 200 360288
201.245.192.253 - - [11/Oct/2023:11:21:17 -0500] "POST /sipse/faces/presentacion/financiero/solicitudAnulacion/solicitudAnulacion.xhtml HTTP/1.1" 200 49848
201.245.192.253 - - [11/Oct/2023:11:21:17 -0500] "GET /sipse/faces/javax.faces.resource/jquery/jquery.js?ln=primefaces&v=4.0 HTTP/1.1" 304 -
201.245.192.253 - - [11/Oct/2023:11:21:17 -0500] "GET /sipse/faces/javax.faces.resource/jquery/jquery-plugins.js?ln=primefaces&v=4.0 HTTP/1.1" 304 -
201.245.192.253 - - [11/Oct/2023:11:21:17 -0500] "GET /sipse/faces/javax.faces.resource/primefaces.js?ln=primefaces&v=4.0 HTTP/1.1" 304 -
201.245.192.253 - - [11/Oct/2023:11:21:17 -0500] "GET /sipse/faces/javax.faces.resource/layout/layout.js?ln=primefaces&v=4.0 HTTP/1.1" 304 -
201.245.192.253 - - [11/Oct/2023:11:21:17 -0500] "GET /sipse/faces/javax.faces.resource/fileupload/fileupload.js?ln=primefaces&v=4.0 HTTP/1.1" 304 -
201.245.192.253 - - [11/Oct/2023:11:21:18 -0500] "POST /forms/lservlet;jsessionid=ac16012b30d646340bf40bd84bf28212823ee4ea9623.e3iSbxaKaheRe34Pbx8Nc3aQci1ynknvrkLOlQzNp65In0 HTTP/1.1" 200 2
172.22.2.4 - - [11/Oct/2023:11:21:26 -0500] "GET /BLA/boletinlegal/consulta_actos.php?tipo=autos&no=4874&usuario=&sector=&fecha=2023&resuelve= HTTP/1.1" 200 1120
172.22.2.4 - - [11/Oct/2023:11:21:31 -0500] "GET /BLA/boletinlegal/consulta_actos.php?tipo=autos&no=4875&usuario=&sector=&fecha=2023&resuelve= HTTP/1.1" 200 1107
181.56.171.197 - - [11/Oct/2023:11:21:34 -0500] "POST /sipse/faces/presentacion/financiero/solicitudBienServicio/asociarBienServicioSolicitud.xhtml HTTP/1.1" 200 26109
181.56.171.197 - - [11/Oct/2023:11:21:35 -0500] "POST /sipse/faces/presentacion/financiero/solicitudBienServicio/asociarBienServicioSolicitud.xhtml HTTP/1.1" 200 26109
172.22.2.4 - - [11/Oct/2023:11:21:36 -0500] "GET /BLA/boletinlegal/consulta_actos.php?tipo=autos&no=4878&usuario=&sector=&fecha=2023&resuelve= HTTP/1.1" 200 1122
181.56.171.197 - - [11/Oct/2023:11:21:36 -0500] "POST /sipse/faces/presentacion/financiero/solicitudBienServicio/asociarBienServicioSolicitud.xhtml HTTP/1.1" 200 26113
181.56.171.197 - - [11/Oct/2023:11:21:39 -0500] "POST /sipse/faces/presentacion/financiero/solicitudBienServicio/asociarBienServicioSolicitud.xhtml HTTP/1.1" 200 26135
172.22.2.4 - - [11/Oct/2023:11:21:41 -0500] "GET /BLA/boletinlegal/consulta_actos.php?tipo=autos&no=4879&usuario=&sector=&fecha=2023&resuelve= HTTP/1.1" 200 1119
181.56.171.197 - - [11/Oct/2023:11:21:41 -0500] "POST /sipse/faces/presentacion/financiero/solicitudBienServicio/asociarBienServicioSolicitud.xhtml HTTP/1.1" 200 28856
186.102.11.136 - - [11/Oct/2023:11:21:43 -0500] "OPTIONS /kwssiamovil/sm/setfile/f? HTTP/1.1" 200 13
186.102.11.136 - - [11/Oct/2023:11:21:43 -0500] "POST /kwssiamovil/sm/setfile/f? HTTP/1.1" 200 381
181.56.171.197 - - [11/Oct/2023:11:21:43 -0500] "POST /sipse/faces/presentacion/financiero/solicitudBienServicio/asociarBienServicioSolicitud.xhtml HTTP/1.1" 200 29294
181.56.171.197 - - [11/Oct/2023:11:21:44 -0500] "POST /sipse/faces/presentacion/financiero/solicitudBienServicio/asociarBienServicioSolicitud.xhtml HTTP/1.1" 200 29290
172.22.2.4 - - [11/Oct/2023:11:21:46 -0500] "GET /BLA/boletinlegal/consulta_actos.php?tipo=autos&no=4899&usuario=&sector=&fecha=2023&resuelve= HTTP/1.1" 200 1120
201.245.192.253 - - [11/Oct/2023:11:21:48 -0500] "POST /sipse/faces/presentacion/financiero/solicitudProceso/consultarSolicitudProceso.xhtml HTTP/1.1" 200 42383
201.245.192.253 - - [11/Oct/2023:11:21:48 -0500] "GET /sipse/faces/javax.faces.resource/theme.css?ln=primefaces-sipse HTTP/1.1" 304 -
201.245.192.253 - - [11/Oct/2023:11:21:48 -0500] "GET /sipse/faces/javax.faces.resource/primefaces.css?ln=primefaces&v=4.0 HTTP/1.1" 304 -
201.245.192.253 - - [11/Oct/2023:11:21:48 -0500] "GET /sipse/faces/javax.faces.resource/layout/layout.css?ln=primefaces&v=4.0 HTTP/1.1" 304 -
201.245.192.253 - - [11/Oct/2023:11:21:48 -0500] "GET /sipse/faces/javax.faces.resource/jquery/jquery.js?ln=primefaces&v=4.0 HTTP/1.1" 304 -
201.245.192.253 - - [11/Oct/2023:11:21:48 -0500] "GET /sipse/faces/javax.faces.resource/jquery/jquery-plugins.js?ln=primefaces&v=4.0 HTTP/1.1" 304 -
201.245.192.253 - - [11/Oct/2023:11:21:48 -0500] "GET /sipse/faces/javax.faces.resource/primefaces.js?ln=primefaces&v=4.0 HTTP/1.1" 304 -
201.245.192.253 - - [11/Oct/2023:11:21:48 -0500] "GET /sipse/faces/javax.faces.resource/layout/layout.js?ln=primefaces&v=4.0 HTTP/1.1" 304 -
201.245.192.253 - - [11/Oct/2023:11:21:49 -0500] "POST /sipse/faces/presentacion/financiero/solicitudProceso/consultar.xhtml HTTP/1.1" 200 35659
201.245.192.253 - - [11/Oct/2023:11:21:49 -0500] "POST /sipse/faces/presentacion/financiero/solicitudProceso/consultar.xhtml HTTP/1.1" 200 35659
186.102.11.136 - - [11/Oct/2023:11:21:51 -0500] "GET /kwssiamovil/sm/acme/a?s=U2FsdGVkX18MA5zeGQujKvJWeU5K2vhXxLmXJPo0xY7NmjX8dLqs6MtGUz1nWrIxx0taf3ywFzwTsO7mfoeYvbSMXnDLrX16Y+IuS1Q6hjNPszU97Q7mo3uzu+KeVX2QQLXfI5EfMErhrWNII5froCmgyF2dFTSyRURdQoZUdsCAO9RfGqhBct6lcNRuQ8V/5XP4fum4jv6UygQmKPe+VG11cpmx+Ls4VzCO0qqdMrJ0lAp08rYcvJ0tUHwNFv8zKrP/fKsBW7iH5ECWV2rnew==&u=U2FsdGVkX18En+UcT2XUN4CoXo7NlURwArJuWttkI6FfFMzmlv0MeZA7CWWZyPvP&y=U2FsdGVkX19WGZyDAP4rFIpnozae3np5VHJ4mCHHktpLTuHGU8NbWZ5Ltc3iy7Y4 HTTP/1.1" 200 26
186.102.11.136 - - [11/Oct/2023:11:21:52 -0500] "GET /kwssiamovil/sm/acme/a?s=U2FsdGVkX1+B3kIx2g5x22/NmFw+hn4TKIn4IgwS/lS3Qqbz0N51Cm03faAPZ3Jm2Fm5TiZbppe63oa1QZkQIIL37bDlyLmL0iBbXBm9AJxIJhx2b8Tex0JAgES7wttDTrZ8KaSBVtaQyI1PQDbIIn/3okHwrKzUpakSPtuYrbqoPNQFJsQjpKmNLbDMRoJ0bWeYUWeN1PwTNmc23+hgGdFi+5z6MRii+WhaFt3vy0ToL6Q8UAic4qD2dmO/kadxhDtv3ktSe0d9fn4Ls7YI9cuaNmGbX+T+DSz1Lj+TTV+Kdl9HFtUmkrgmOtyj/LlDYpiT3kPj67apyStgOYY5BZsIjAthKZBNSXamplU5dbKwzaewRdTmfClekmKAlEG5uEuXbXbD4GFyJ8QJJV1mZ9NSg1CxJf26vuJsjjQTjLpFwdEEIxEpV1n0W2qWRoBFSFslmIp7RHg5VfUc4Gv4cTQb13l5yRPhJpY6MiFuDOr0P25vtz2R8irfbpEW1egeEllwCV6hfqyA/Ve4RcE4rNqaHS9gSr8pxhMj8n2zeve+JmVM0c6uYOJrxAhG8zbi8Lj6BJJrh9TKsgU3GMwiElnbZ1u5Hkp8q8gcJOY/VtC8evLyKb8TVManZIdx4eJGEh4cYdk7TAjJStkpMJTUVgwgmEDARSUc2eLOHJlMIFDrWaBz4+19dfqqzvJwxu0z9YqBnqGpdwC8c83FJMA/3RZWGG4ZNjX5kOYjXRpYLuZjWCFayf89AumZSTWtCy31DfsBagWVlV/479Bmhh7okCOnWOxDf3YlFw+5pVtwI1DFwWDq1OoGMlG1VHiobvYomGgc/wIeon8kE0xzUjgpz/PV7OzoAiaGCedA1lMOQN30KcyzaXCl76/j4teC/Kdwfv+KV7+UClI3VWUs6bQdka3bUykzdkYQVeFMxwEncCxzdv6E5r0OMdGmoUQp0JGLAsKQFWcYnfDo7BqO2D+zi+kj7wTa0zxHa54ESTIKeh2c5+VNNXsg2llkN4i4LolvCQTEf8AWhzfRFag2I3l4fmC0+uUnvIqRP8XQT2ZUHTp7aYixyJoa+6Xv5HZQgIpGXupRa8ZHlOdwo4TfDTVsejynP45wNyJIbiK4tq59i6eZBGRgnzivnsfS5Zyr8jf0vGysVpWI/Fw1cg44bPDD00hutbcc1N0vQrJlTpz9qxmu/rHD07T17zWlZoCLXH1y5SyJss89MDbS0lBB+VJoQwLAQbF+2viAF3N34X2l8gDCDYnU6PcD/4sxvNMMrET3NaQSQjpay1bXlyy2tX3wWqfFs2YzkgGkjFg/2QYyg0slMEpvLTnIgUKYjjj2xUQPbCvIGUM8TwVq0SHHGgyBD9WNmjh82hNmdfKS5+5thRfrMAmN8FFmDAccyzY24HJfUp4Ly7PI8H680KjUiaqdyq8UvmfqCHnUXAmQdAqThPE9Uk2p1mi57o92Ck0pgqZW//hMAn74/XU5ZsKAwGWs0xPQyyzyYPQKCHU+Wh56uxJvzn0NAX2Wvlc4gaj6OdpDNyqWKwxZF1EgyovslBcVPwxt1RFPcRiSBKpAn6wYG/0m+3etLZRrB4oP5E846e49GX+cxaGOiJ1OUX1EA9E/Ldx68Wp1EAAMlrLhatQ6P7kBQV2sDL4IUE2AVmpxKjyt6BcF0i0UyCbXODotLB9rmBkNQFFjKHnsazsuQuFhc89SzudUPZjX7xol2MnAUbyvZ8D/pbqn8GQ5IN9ovSbqgP9EnbuE/jSQPCJMeJINA2ZJRFGnwS9nUxnJx2B5H6+HAAVQ+ojFpUKgjjynxO2Q0iYdOUgGR8bBr+7zWVOvFIOMaiim7qOKcvPHBMacTDDfstHUyj8f27cW8TBwPfDgrl7Z3IRiU26PXuW4eEtS0NLNh8aOlWjcxblZoaNw+JsAKGS9jDRAawMf8J+rNavMk28Wue9vzIdM9RE8FRTQcMGrPwwPsFfwNBC9uqCPwfJVK0tXKlllCkkoflci4Pxf5yEREgNErmw0P6tY2eL5AlHE1ha0L5FNAsTPyKBc3WUs0aAxf05KdyCkZtL1uPtAqnlqEwQT3nFnslQxTkf1U5fePk3vflsi2DQ2WvhOCZxUv59k8n7TfOo/BiMi+wAhWXibJ0i5aSysEd3Z+IElOfdDGU04ABynhE6MUb17qElBAJCXQgVZRzzLFJKuGo6h2WCmxQrP0tB1/aC7y6iHMl8OgUHWZojqmnpR5TQBhXSa1puwrAxNvHe6kmSxA/+iV3e4VyDY6lgdRj5nYFei/jt3j6GLsj7JZdMuCygzn5e59KWhjAvWxFAQAF2ijJkaiN1JhDR/QV21WVi0cjMyiu6KHZ6EizPbXn1gDfy6J6kqrLB7CBwK4NzOjrdj4BUMRkBjcLXmODplTH6wGkQ6bAM=&u=U2FsdGVkX18En+UcT2XUN4CoXo7NlURwArJuWttkI6FfFMzmlv0MeZA7CWWZyPvP&y=U2FsdGVkX19WGZyDAP4rFIpnozae3np5VHJ4mCHHktpLTuHGU8NbWZ5Ltc3iy7Y4 HTTP/1.1" 200 26
181.56.171.197 - - [11/Oct/2023:11:21:52 -0500] "POST /sipse/faces/presentacion/financiero/solicitudBienServicio/asociarBienServicioSolicitud.xhtml HTTP/1.1" 200 78157
181.56.171.197 - - [11/Oct/2023:11:21:52 -0500] "GET /sipse/faces/javax.faces.resource/theme.css?ln=primefaces-sipse HTTP/1.1" 304 -
186.102.11.136 - - [11/Oct/2023:11:21:52 -0500] "GET /kwssiamovil/sm/acme/a?s=U2FsdGVkX1854+NiPOGg4bqBw/FCKucSoPlla4FLPmdGfYHBC0DJpwLOUWrEYKBBKrQln7nkeWTVyCQyy9i/1JTH9w8xYAuk8Eqfuu/RUnOsP62RCyblJ+OaHNADcjFIJ1w9MeZttkhjIAXp7Krfe8lACE/6JzJIwv75qB+G+gM=&u=U2FsdGVkX18En+UcT2XUN4CoXo7NlURwArJuWttkI6FfFMzmlv0MeZA7CWWZyPvP&y=U2FsdGVkX19WGZyDAP4rFIpnozae3np5VHJ4mCHHktpLTuHGU8NbWZ5Ltc3iy7Y4 HTTP/1.1" 200 26
181.56.171.197 - - [11/Oct/2023:11:21:52 -0500] "GET /sipse/faces/javax.faces.resource/layout/layout.css?ln=primefaces&v=4.0 HTTP/1.1" 304 -
181.56.171.197 - - [11/Oct/2023:11:21:52 -0500] "GET /sipse/faces/javax.faces.resource/primefaces.css?ln=primefaces&v=4.0 HTTP/1.1" 304 -
181.56.171.197 - - [11/Oct/2023:11:21:52 -0500] "GET /sipse/faces/javax.faces.resource/jquery/jquery.js?ln=primefaces&v=4.0 HTTP/1.1" 304 -
181.56.171.197 - - [11/Oct/2023:11:21:52 -0500] "GET /sipse/faces/javax.faces.resource/jquery/jquery-plugins.js?ln=primefaces&v=4.0 HTTP/1.1" 304 -
181.56.171.197 - - [11/Oct/2023:11:21:52 -0500] "GET /sipse/faces/javax.faces.resource/primefaces.js?ln=primefaces&v=4.0 HTTP/1.1" 304 -
181.56.171.197 - - [11/Oct/2023:11:21:53 -0500] "GET /sipse/faces/javax.faces.resource/layout/layout.js?ln=primefaces&v=4.0 HTTP/1.1" 304 -
186.102.11.136 - - [11/Oct/2023:11:21:53 -0500] "GET /kwssiamovil/sm/acme/a?s=U2FsdGVkX1/9bHNvBP7zr6FqMcDz6IoVvsrw8QWTHKj+zRDwgqTH4XCyruXQdxGK1WKZnW3zfypIfBtVqPrssUtg+tuzU9qrXVgMbJR8TE1ll9FZUvLOJScGOhWv3ZUdS38HkDkxmjBcNUHEWOC/Lp8vF9m+Av5hNzuHTdk4Cho=&u=U2FsdGVkX18En+UcT2XUN4CoXo7NlURwArJuWttkI6FfFMzmlv0MeZA7CWWZyPvP&y=U2FsdGVkX19WGZyDAP4rFIpnozae3np5VHJ4mCHHktpLTuHGU8NbWZ5Ltc3iy7Y4 HTTP/1.1" 200 26
172.22.2.4 - - [11/Oct/2023:11:21:53 -0500] "GET /BLA/boletinlegal/consulta_actos.php?tipo=autos&no=4911&usuario=&sector=&fecha=2023&resuelve= HTTP/1.1" 200 626
186.102.11.136 - - [11/Oct/2023:11:21:53 -0500] "GET /kwssiamovil/sm/acme/a?s=U2FsdGVkX19FDIHplZu6CcHMcst4gsY2BJO0TTnawNKzkKDs3wBNQjTHOiJG4JfH238VKn7s2csCr+pv7+x0HhntoJxraTO1YvV9VC1c4uaZbt4FEv76vT6nnurGY6qyTYjzD4VZDuu7E8Z5jIMgmpSQNcrzAjaL0ShXwl/YSdw=&u=U2FsdGVkX18En+UcT2XUN4CoXo7NlURwArJuWttkI6FfFMzmlv0MeZA7CWWZyPvP&y=U2FsdGVkX19WGZyDAP4rFIpnozae3np5VHJ4mCHHktpLTuHGU8NbWZ5Ltc3iy7Y4 HTTP/1.1" 200 26
186.102.11.136 - - [11/Oct/2023:11:21:53 -0500] "GET /kwssiamovil/sm/acme/a?s=U2FsdGVkX1+I54NAE+VVmoii+StJkUEc38LIb6m71t8kG1TH+z8CE3fHP2wPTH/rxlvb1qILSi/0x1Xoehjdhxrj8sJatSn2QnU/kI1S+jFWavX1pUpJuGV0wBR1PBpz6lfE8WpnIZBcTbqn8H0JRDrPePRWCn97wUU05nUaj6RJbdB28nLhOoDkJ0WG7hhZYyhHgUKKkWLWglCd/305mA==&u=U2FsdGVkX18En+UcT2XUN4CoXo7NlURwArJuWttkI6FfFMzmlv0MeZA7CWWZyPvP&y=U2FsdGVkX19WGZyDAP4rFIpnozae3np5VHJ4mCHHktpLTuHGU8NbWZ5Ltc3iy7Y4 HTTP/1.1" 200 26
186.102.11.136 - - [11/Oct/2023:11:21:54 -0500] "GET /kwssiamovil/sm/acme/a?s=U2FsdGVkX18Zav8rAh2MB8eGjWlmudMhF5l2jkvm5CGLytNE+fakKQSBGxaMIVFd/PJAWd9+zI8IA1oTHyq5Ha2HNifD5kCG6mp9xSqPcWJdPLmVr6qN1FTVZoX/cxFahmICPxUoRcdR1Ufa0thh7Kkbumk0FdigI8soL7Qj0ChLawypr7+MpFm/LuttuM/DEXui96TyLLwUtoZ4G2Dk9cPfhEpfAEb5KBAb1MFOF3LMydHWVI97E6p1N8a5EGtAt8BbN+ZpULnCYVVq7X4vaDq5ezlg6/2D3N3DGEnc+Rf9560k7Vm5Qy7bJp52sadHXleeYOggOekA5/iSQJe09ol2TBEAmJpNIciI8H2/nfZT12XlZtT3IN8h7tSipbihbihqSsPYn8tM3Ke81p38oDk/TWAFrPfcdve1szT5Sblm+U4px1q9dwvWX+cn8bsGihYLc+1ERIJn9YFW4GBjRYT6u+9P5HFpuZYj0933Q4fpjgPQcTq7ktEqHKtnI4voFLl19vF/sOZmK244LXdz2BV/toxXj+a46vtwT6pXfx5c9Is15l5/UIjaMll5wDN+Dk5neTFRbkvxUh5j7gfMsaxwcHDXIZMZosWJJKr+OP6YdBwD2j5U5cgwAKqeNE6w&u=U2FsdGVkX18En+UcT2XUN4CoXo7NlURwArJuWttkI6FfFMzmlv0MeZA7CWWZyPvP&y=U2FsdGVkX19WGZyDAP4rFIpnozae3np5VHJ4mCHHktpLTuHGU8NbWZ5Ltc3iy7Y4 HTTP/1.1" 200 25
186.102.11.136 - - [11/Oct/2023:11:21:54 -0500] "GET /kwssiamovil/sm/acme/a?s=U2FsdGVkX183L5a1T60GK2thsnn6Dct4wtsajbVN77kBK+CgnI1Mp1fg8Jpw6MBsaeNtuukG5Z4w23f1DfsH2HHjRT5ccDISRDYMgKNj6JC7aOIKlB17YuO3SJBLn6wAoJopmNqE8gtDsNZSqlJ6tLCSVTtwpXNkTcWs6ogCaRqglYlx2+4CGpbMDQ+rPux5WYcRga3vu/YdPzb40isG5sZBMzXUfQXixHyTXOE/Vjl4zYitYGmgyxk87VjYehNKdWtfMX3rsKfwIOI3dhpHjn3mfN6as0DAguNiLSiRFbZRL3SlEBXSjYjJuXC5PGjiU4+n6fmIRHk+DN2Epw5Aj2r7S/jEXuJGQz1nejycmYmvfEZoiUG0/l396XV8rJ29yRRjRnLdBSogLWEbyMxgrDHMtnSmaEbtGq8u+YkERSe6JYdjbLQEE2MF8awG1Ep6BMDi/6cNTZ6HbIUIJGlaGoRRfo9Hn8VptQnAXB5kFrNO3J+5xUBAmQ5E5pvE/5qCZwkJxC5CyiZeroeaAVhTJaQeU7cxgdYqbPXIHyNldoGoXCh8Yf+wdSbBbtOFC4E1h2+QI4ve6tI+OxQeJ0ssEg==&u=U2FsdGVkX18En+UcT2XUN4CoXo7NlURwArJuWttkI6FfFMzmlv0MeZA7CWWZyPvP&y=U2FsdGVkX19WGZyDAP4rFIpnozae3np5VHJ4mCHHktpLTuHGU8NbWZ5Ltc3iy7Y4 HTTP/1.1" 200 25
201.245.192.253 - - [11/Oct/2023:11:21:57 -0500] "POST /kwsrmcab/Wsrmcab  HTTP/1.1" 200 42851
181.56.171.197 - - [11/Oct/2023:11:22:00 -0500] "GET /sipse/faces/javax.faces.resource/theme.css?ln=primefaces-sipse HTTP/1.1" 304 -
181.56.171.197 - - [11/Oct/2023:11:22:00 -0500] "POST /sipse/faces/presentacion/financiero/solicitudProceso/crearModificarSolicitudProceso.xhtml HTTP/1.1" 200 21228
181.56.171.197 - - [11/Oct/2023:11:22:00 -0500] "GET /sipse/faces/javax.faces.resource/fileupload/fileupload.css?ln=primefaces&v=4.0 HTTP/1.1" 200 1330
181.56.171.197 - - [11/Oct/2023:11:22:00 -0500] "GET /sipse/faces/javax.faces.resource/primefaces.css?ln=primefaces&v=4.0 HTTP/1.1" 304 -
181.56.171.197 - - [11/Oct/2023:11:22:00 -0500] "GET /sipse/faces/javax.faces.resource/jquery/jquery-plugins.js?ln=primefaces&v=4.0 HTTP/1.1" 304 -
181.56.171.197 - - [11/Oct/2023:11:22:00 -0500] "GET /sipse/faces/javax.faces.resource/layout/layout.css?ln=primefaces&v=4.0 HTTP/1.1" 304 -
181.56.171.197 - - [11/Oct/2023:11:22:00 -0500] "GET /sipse/faces/javax.faces.resource/jquery/jquery.js?ln=primefaces&v=4.0 HTTP/1.1" 304 -
181.56.171.197 - - [11/Oct/2023:11:22:00 -0500] "GET /sipse/faces/javax.faces.resource/primefaces.js?ln=primefaces&v=4.0 HTTP/1.1" 304 -
181.56.171.197 - - [11/Oct/2023:11:22:01 -0500] "GET /sipse/faces/javax.faces.resource/layout/layout.js?ln=primefaces&v=4.0 HTTP/1.1" 304 -
181.56.171.197 - - [11/Oct/2023:11:22:00 -0500] "GET /sipse/faces/javax.faces.resource/fileupload/fileupload.js?ln=primefaces&v=4.0 HTTP/1.1" 200 28091
172.22.2.4 - - [11/Oct/2023:11:20:25 -0500] "HEAD /BLA/boletinlegal/ HTTP/1.1" 200 -
201.245.192.253 - - [11/Oct/2023:11:22:08 -0500] "POST /sipse/faces/presentacion/financiero/solicitudAnulacion/registrarSolicitudAnulacion.xhtml HTTP/1.1" 200 28250
201.245.192.253 - - [11/Oct/2023:11:22:08 -0500] "GET /sipse/faces/javax.faces.resource/jquery/jquery.js?ln=primefaces&v=4.0 HTTP/1.1" 304 -
201.245.192.253 - - [11/Oct/2023:11:22:08 -0500] "GET /sipse/faces/javax.faces.resource/jquery/jquery-plugins.js?ln=primefaces&v=4.0 HTTP/1.1" 304 -
201.245.192.253 - - [11/Oct/2023:11:22:08 -0500] "GET /sipse/faces/javax.faces.resource/primefaces.js?ln=primefaces&v=4.0 HTTP/1.1" 304 -
201.245.192.253 - - [11/Oct/2023:11:22:08 -0500] "GET /sipse/faces/javax.faces.resource/layout/layout.js?ln=primefaces&v=4.0 HTTP/1.1" 304 -
172.22.2.4 - - [11/Oct/2023:11:22:10 -0500] "GET /BLA/boletinlegal/consulta_actos.php?tipo=autos&no=4967&usuario=&sector=&fecha=2023&resuelve= HTTP/1.1" 200 1121
186.31.173.154 - - [11/Oct/2023:11:22:13 -0500] "POST /sipse/faces/presentacion/financiero/solicitudProceso/listarSolicitudProceso.xhtml HTTP/1.1" 200 4567
186.31.173.154 - - [11/Oct/2023:11:22:13 -0500] "POST /sipse/faces/presentacion/financiero/solicitudProceso/listarSolicitudProceso.xhtml HTTP/1.1" 200 16232
172.22.2.4 - - [11/Oct/2023:11:22:17 -0500] "GET /BLA/boletinlegal/consulta_actos.php?tipo=autos&no=5008&usuario=&sector=&fecha=2023&resuelve= HTTP/1.1" 200 1119
201.245.192.253 - - [11/Oct/2023:11:22:19 -0500] "POST /sipse/faces/presentacion/financiero/solicitudProceso/consultarHistorialSolProceso.xhtml HTTP/1.1" 200 55220
201.245.192.253 - - [11/Oct/2023:11:22:19 -0500] "GET /sipse/faces/javax.faces.resource/theme.css?ln=primefaces-sipse HTTP/1.1" 304 -
201.245.192.253 - - [11/Oct/2023:11:22:19 -0500] "GET /sipse/faces/javax.faces.resource/primefaces.css?ln=primefaces&v=4.0 HTTP/1.1" 304 -
201.245.192.253 - - [11/Oct/2023:11:22:19 -0500] "GET /sipse/faces/javax.faces.resource/jquery/jquery.js?ln=primefaces&v=4.0 HTTP/1.1" 304 -
201.245.192.253 - - [11/Oct/2023:11:22:19 -0500] "GET /sipse/faces/javax.faces.resource/jquery/jquery-plugins.js?ln=primefaces&v=4.0 HTTP/1.1" 304 -
201.245.192.253 - - [11/Oct/2023:11:22:19 -0500] "GET /sipse/faces/javax.faces.resource/primefaces.js?ln=primefaces&v=4.0 HTTP/1.1" 304 -
201.245.192.253 - - [11/Oct/2023:11:22:19 -0500] "GET /sipse/faces/javax.faces.resource/layout/layout.css?ln=primefaces&v=4.0 HTTP/1.1" 304 -
201.245.192.253 - - [11/Oct/2023:11:22:19 -0500] "GET /sipse/faces/javax.faces.resource/layout/layout.js?ln=primefaces&v=4.0 HTTP/1.1" 304 -
201.245.192.253 - - [11/Oct/2023:11:22:19 -0500] "GET /sipse/faces/javax.faces.resource/fileupload/fileupload.css?ln=primefaces&v=4.0 HTTP/1.1" 304 -
201.245.192.253 - - [11/Oct/2023:11:22:19 -0500] "GET /sipse/faces/javax.faces.resource/fileupload/fileupload.js?ln=primefaces&v=4.0 HTTP/1.1" 304 -
201.245.192.253 - - [11/Oct/2023:11:22:20 -0500] "GET /sipse/faces/javax.faces.resource/images/ui-icons_898989_256x240.png?ln=primefaces-aristo HTTP/1.1" 304 -
172.22.2.4 - - [11/Oct/2023:11:22:23 -0500] "GET /BLA/boletinlegal/consulta_actos.php?tipo=autos&no=5013&usuario=&sector=&fecha=2023&resuelve= HTTP/1.1" 200 1113
181.56.171.197 - - [11/Oct/2023:11:22:29 -0500] "GET /sipse/faces/javax.faces.resource/theme.css?ln=primefaces-sipse HTTP/1.1" 304 -
181.56.171.197 - - [11/Oct/2023:11:22:29 -0500] "GET /sipse/faces/javax.faces.resource/layout/layout.css?ln=primefaces&v=4.0 HTTP/1.1" 304 -
181.56.171.197 - - [11/Oct/2023:11:22:29 -0500] "GET /sipse/faces/javax.faces.resource/primefaces.css?ln=primefaces&v=4.0 HTTP/1.1" 304 -
181.56.171.197 - - [11/Oct/2023:11:22:29 -0500] "GET /sipse/faces/javax.faces.resource/jquery/jquery-plugins.js?ln=primefaces&v=4.0 HTTP/1.1" 304 -
181.56.171.197 - - [11/Oct/2023:11:22:29 -0500] "GET /sipse/faces/javax.faces.resource/jquery/jquery.js?ln=primefaces&v=4.0 HTTP/1.1" 304 -
181.56.171.197 - - [11/Oct/2023:11:22:29 -0500] "GET /sipse/faces/javax.faces.resource/primefaces.js?ln=primefaces&v=4.0 HTTP/1.1" 304 -
181.56.171.197 - - [11/Oct/2023:11:22:29 -0500] "GET /sipse/faces/javax.faces.resource/layout/layout.js?ln=primefaces&v=4.0 HTTP/1.1" 304 -
181.56.171.197 - - [11/Oct/2023:11:22:29 -0500] "POST /sipse/faces/presentacion/sistema/anexos/cargarAnexoSolicitudProceso.xhtml HTTP/1.1" 200 84168
172.22.2.4 - - [11/Oct/2023:11:22:31 -0500] "GET /BLA/boletinlegal/consulta_actos.php?tipo=autos&no=5031&usuario=&sector=&fecha=2023&resuelve= HTTP/1.1" 200 1123
181.56.171.197 - - [11/Oct/2023:11:22:35 -0500] "POST /sipse/faces/presentacion/financiero/solicitudProceso/crearModificarSolicitudProceso.xhtml HTTP/1.1" 200 64731
181.56.171.197 - - [11/Oct/2023:11:22:37 -0500] "GET /sipse/faces/javax.faces.resource/theme.css?ln=primefaces-sipse HTTP/1.1" 304 -
181.56.171.197 - - [11/Oct/2023:11:22:37 -0500] "GET /sipse/faces/javax.faces.resource/primefaces.css?ln=primefaces&v=4.0 HTTP/1.1" 304 -
181.56.171.197 - - [11/Oct/2023:11:22:37 -0500] "GET /sipse/faces/javax.faces.resource/layout/layout.css?ln=primefaces&v=4.0 HTTP/1.1" 304 -
181.56.171.197 - - [11/Oct/2023:11:22:37 -0500] "GET /sipse/faces/javax.faces.resource/jquery/jquery.js?ln=primefaces&v=4.0 HTTP/1.1" 304 -
181.56.171.197 - - [11/Oct/2023:11:22:37 -0500] "GET /sipse/faces/javax.faces.resource/jquery/jquery-plugins.js?ln=primefaces&v=4.0 HTTP/1.1" 304 -
181.56.171.197 - - [11/Oct/2023:11:22:38 -0500] "GET /sipse/faces/javax.faces.resource/primefaces.js?ln=primefaces&v=4.0 HTTP/1.1" 304 -
181.56.171.197 - - [11/Oct/2023:11:22:38 -0500] "GET /sipse/faces/javax.faces.resource/layout/layout.js?ln=primefaces&v=4.0 HTTP/1.1" 304 -
181.56.171.197 - - [11/Oct/2023:11:22:38 -0500] "POST /sipse/faces/presentacion/financiero/solicitudProceso/listarSolicitudProceso.xhtml HTTP/1.1" 200 1560
181.56.171.197 - - [11/Oct/2023:11:22:43 -0500] "POST /sipse/faces/presentacion/financiero/solicitudProceso/listarSolicitudProceso.xhtml HTTP/1.1" 200 22462
