186.102.51.105 - - [13/Oct/2023:07:32:30 -0500] "GET /kwssiamovil/sm/acme/s?s=U2FsdGVkX1/MR60ztykuyaANUjDq3AI0+H4q/k8iMeR9PWpHZSXciShj8pjzvUach4Y65+y+v7mm7G04qXQ3AEYNrH6RdCI4LVPX5lFctBhZ424T2x66vU+JphShA5Em7RrcR97U8/mH1EJqqUFGpadbwUMkGhuCaf4kbzxRedm6Kfyi8Rj1KZGFmlntJ27OX5sR9u4XhllMZax4p6jPXq2VaHxDZmhvmeOg//UvOSJ3gZxa3frWEpyOo5Os2bZmXBL/3bRkgYG1ZVta7XpKWf6Bvcv0O/eIjXUaS1e56wbPB8Yx45I2Zjj0rmjwPLk4BKx+2ZGXSqw1gXpTY9Dau+5lRDDYkfQDBGZRebvow1pbpz3KFOPU+ixCCjabmxWLrz5Ek5QWh8vfHo53VG1XF4gULTyjo5ybrJnMpvqFhk3t17mEpItVhtplLxj/7LKc7MTWnXDZF5UYFqWvXs8x7lCNBwb7O+D9EjXk4s6TonZFSO02UP+pYMEUgJm99lfWs1Qep/7EouFwrtTd3TgyN/gMWV2G24yQs6HWw1TFVjUk6SRrTotVmB5AgzVlWxmKTCo01OBQNtgwNHUv5vn9FU2GJckDqCUdX7Sn5Ja1Jstiycp8IAi9GSpZpWS88TwCFSjfrrq7cwURx80B5kGTEHVgFXkq/e5bedIY4dbSQmhXJFkJZez/ECTatMksLb88u9H23Zoyn0W4pUW9hZ3iP0+1IN6Q+9q2PASHjSKZ5xQKyyPbipp7gPbGbtJNEeA1Slv4YOwdMki8e1Ql2bRs7Q==&u=U2FsdGVkX1/jwWLlUxHOCOSuS6zbXjzBVjD9kJ0KORYoDfg9YuNEgUZJ4QgJ359X&y=U2FsdGVkX19v+f5iUGXjD8nCSToKCYb53yMuJDmcgioh1U61dyRSMQuJm7lzOBuo HTTP/1.1" 200 354
201.245.192.253 - - [13/Oct/2023:07:32:31 -0500] "POST /forms/lservlet;jsessionid=ac16012b30d606f1b67f89f942dfbf57aa4e5ec06400.e3iSbxaKaheRe34Pbx8Nc3aQci1ynknvrkLOlQzNp65In0 HTTP/1.1" 200 3396
201.245.192.253 - - [13/Oct/2023:07:32:31 -0500] "HEAD /imagenes/rt_pset.gif HTTP/1.1" 200 -
201.245.192.253 - - [13/Oct/2023:07:32:31 -0500] "HEAD /imagenes/rt_exit.gif HTTP/1.1" 200 -
201.245.192.253 - - [13/Oct/2023:07:32:31 -0500] "HEAD /imagenes/rt_help.gif HTTP/1.1" 200 -
201.245.192.253 - - [13/Oct/2023:07:32:31 -0500] "GET /imagenes/rt_exit.gif HTTP/1.1" 200 916
201.245.192.253 - - [13/Oct/2023:07:32:31 -0500] "POST /forms/lservlet;jsessionid=ac16012b30d606f1b67f89f942dfbf57aa4e5ec06400.e3iSbxaKaheRe34Pbx8Nc3aQci1ynknvrkLOlQzNp65In0 HTTP/1.1" 200 7
201.245.192.253 - - [13/Oct/2023:07:32:32 -0500] "POST /forms/lservlet;jsessionid=ac16012b30d606f1b67f89f942dfbf57aa4e5ec06400.e3iSbxaKaheRe34Pbx8Nc3aQci1ynknvrkLOlQzNp65In0 HTTP/1.1" 200 2
186.102.51.105 - - [13/Oct/2023:07:32:31 -0500] "GET /kwssiamovil/sm/cjson/pre?f=1&x=U2FsdGVkX1+85LX1CGQkOoR8FurM0aclGUr8NlMinfC7/wHxp9jfvlbuR2bIKdNC HTTP/1.1" 200 31032
201.245.192.253 - - [13/Oct/2023:07:32:32 -0500] "POST /forms/lservlet;jsessionid=ac16012b30d606f1b67f89f942dfbf57aa4e5ec06400.e3iSbxaKaheRe34Pbx8Nc3aQci1ynknvrkLOlQzNp65In0 HTTP/1.1" 200 2
201.245.192.253 - - [13/Oct/2023:07:32:32 -0500] "POST /forms/lservlet;jsessionid=ac16012b30d606f1b67f89f942dfbf57aa4e5ec06400.e3iSbxaKaheRe34Pbx8Nc3aQci1ynknvrkLOlQzNp65In0 HTTP/1.1" 200 2
201.245.192.253 - - [13/Oct/2023:07:32:32 -0500] "POST /forms/lservlet;jsessionid=ac16012b30d606f1b67f89f942dfbf57aa4e5ec06400.e3iSbxaKaheRe34Pbx8Nc3aQci1ynknvrkLOlQzNp65In0 HTTP/1.1" 200 2
186.102.51.105 - - [13/Oct/2023:07:32:31 -0500] "GET /kwssiamovil/sm/cjson/pre?f=18&x=U2FsdGVkX1+85LX1CGQkOoR8FurM0aclGUr8NlMinfC7/wHxp9jfvlbuR2bIKdNC HTTP/1.1" 200 32849
201.245.192.253 - - [13/Oct/2023:07:32:35 -0500] "POST /forms/lservlet;jsessionid=ac16012b30d606f1b67f89f942dfbf57aa4e5ec06400.e3iSbxaKaheRe34Pbx8Nc3aQci1ynknvrkLOlQzNp65In0 HTTP/1.1" 200 20042
201.245.192.253 - - [13/Oct/2023:07:32:36 -0500] "HEAD /imagenes/rt_quer1.gif HTTP/1.1" 200 -
201.245.192.253 - - [13/Oct/2023:07:32:36 -0500] "HEAD /imagenes/rt_quer2.gif HTTP/1.1" 200 -
201.245.192.253 - - [13/Oct/2023:07:32:36 -0500] "HEAD /imagenes/rt_quer3.gif HTTP/1.1" 200 -
201.245.192.253 - - [13/Oct/2023:07:32:36 -0500] "HEAD /imagenes/rt_radd.gif HTTP/1.1" 200 -
201.245.192.253 - - [13/Oct/2023:07:32:36 -0500] "HEAD /imagenes/rt_rdel.gif HTTP/1.1" 200 -
201.245.192.253 - - [13/Oct/2023:07:32:36 -0500] "HEAD /imagenes/rt_rec1.gif HTTP/1.1" 200 -
201.245.192.253 - - [13/Oct/2023:07:32:36 -0500] "HEAD /imagenes/rt_rec4.gif HTTP/1.1" 200 -
201.245.192.253 - - [13/Oct/2023:07:32:36 -0500] "HEAD /imagenes/rt_save.gif HTTP/1.1" 200 -
201.245.192.253 - - [13/Oct/2023:07:32:36 -0500] "HEAD /imagenes/rt_print.gif HTTP/1.1" 200 -
201.245.192.253 - - [13/Oct/2023:07:32:36 -0500] "HEAD /imagenes/listval.gif HTTP/1.1" 200 -
201.245.192.253 - - [13/Oct/2023:07:32:36 -0500] "GET /imagenes/rt_quer1.gif HTTP/1.1" 200 930
201.245.192.253 - - [13/Oct/2023:07:32:36 -0500] "GET /imagenes/rt_quer2.gif HTTP/1.1" 200 936
201.245.192.253 - - [13/Oct/2023:07:32:36 -0500] "GET /imagenes/rt_quer3.gif HTTP/1.1" 200 939
201.245.192.253 - - [13/Oct/2023:07:32:36 -0500] "GET /imagenes/rt_radd.gif HTTP/1.1" 200 907
201.245.192.253 - - [13/Oct/2023:07:32:36 -0500] "GET /imagenes/rt_rdel.gif HTTP/1.1" 200 899
201.245.192.253 - - [13/Oct/2023:07:32:36 -0500] "GET /imagenes/rt_rec1.gif HTTP/1.1" 200 867
201.245.192.253 - - [13/Oct/2023:07:32:36 -0500] "GET /imagenes/rt_rec4.gif HTTP/1.1" 200 865
201.245.192.253 - - [13/Oct/2023:07:32:36 -0500] "GET /imagenes/rt_save.gif HTTP/1.1" 200 903
201.245.192.253 - - [13/Oct/2023:07:32:36 -0500] "GET /imagenes/rt_print.gif HTTP/1.1" 200 916
201.245.192.253 - - [13/Oct/2023:07:32:36 -0500] "GET /imagenes/listval.gif HTTP/1.1" 200 905
201.245.192.253 - - [13/Oct/2023:07:32:36 -0500] "POST /forms/lservlet;jsessionid=ac16012b30d606f1b67f89f942dfbf57aa4e5ec06400.e3iSbxaKaheRe34Pbx8Nc3aQci1ynknvrkLOlQzNp65In0 HTTP/1.1" 200 10
201.245.192.253 - - [13/Oct/2023:07:32:38 -0500] "POST /forms/lservlet;jsessionid=ac16012b30d606f1b67f89f942dfbf57aa4e5ec06400.e3iSbxaKaheRe34Pbx8Nc3aQci1ynknvrkLOlQzNp65In0 HTTP/1.1" 200 2501
201.245.192.253 - - [13/Oct/2023:07:32:40 -0500] "POST /forms/lservlet;jsessionid=ac16012b30d606f1b67f89f942dfbf57aa4e5ec06400.e3iSbxaKaheRe34Pbx8Nc3aQci1ynknvrkLOlQzNp65In0 HTTP/1.1" 200 8448
201.245.192.253 - - [13/Oct/2023:07:32:40 -0500] "POST /forms/lservlet;jsessionid=ac16012b30d606f1b67f89f942dfbf57aa4e5ec06400.e3iSbxaKaheRe34Pbx8Nc3aQci1ynknvrkLOlQzNp65In0 HTTP/1.1" 200 10
201.245.192.253 - - [13/Oct/2023:07:32:41 -0500] "POST /forms/lservlet;jsessionid=ac16012b30d606f1b67f89f942dfbf57aa4e5ec06400.e3iSbxaKaheRe34Pbx8Nc3aQci1ynknvrkLOlQzNp65In0 HTTP/1.1" 200 13
201.245.192.253 - - [13/Oct/2023:07:32:42 -0500] "POST /forms/lservlet;jsessionid=ac16012b30d606f1b67f89f942dfbf57aa4e5ec06400.e3iSbxaKaheRe34Pbx8Nc3aQci1ynknvrkLOlQzNp65In0 HTTP/1.1" 200 555
201.245.192.253 - - [13/Oct/2023:07:32:44 -0500] "POST /forms/lservlet;jsessionid=ac16012b30d606f1b67f89f942dfbf57aa4e5ec06400.e3iSbxaKaheRe34Pbx8Nc3aQci1ynknvrkLOlQzNp65In0 HTTP/1.1" 200 21
201.245.192.253 - - [13/Oct/2023:07:32:46 -0500] "POST /forms/lservlet;jsessionid=ac16012b30d606f1b67f89f942dfbf57aa4e5ec06400.e3iSbxaKaheRe34Pbx8Nc3aQci1ynknvrkLOlQzNp65In0 HTTP/1.1" 200 32
201.245.192.253 - - [13/Oct/2023:07:32:53 -0500] "POST /forms/lservlet;jsessionid=ac16012b30d606f1b67f89f942dfbf57aa4e5ec06400.e3iSbxaKaheRe34Pbx8Nc3aQci1ynknvrkLOlQzNp65In0 HTTP/1.1" 200 496
201.245.192.253 - - [13/Oct/2023:07:32:56 -0500] "POST /forms/lservlet;jsessionid=ac16012b30d606f1b67f89f942dfbf57aa4e5ec06400.e3iSbxaKaheRe34Pbx8Nc3aQci1ynknvrkLOlQzNp65In0 HTTP/1.1" 200 21
201.245.192.253 - - [13/Oct/2023:07:32:59 -0500] "POST /forms/lservlet;jsessionid=ac16012b30d606f1b67f89f942dfbf57aa4e5ec06400.e3iSbxaKaheRe34Pbx8Nc3aQci1ynknvrkLOlQzNp65In0 HTTP/1.1" 200 775
201.245.192.253 - - [13/Oct/2023:07:32:59 -0500] "POST /forms/lservlet;jsessionid=ac16012b30d606f1b67f89f942dfbf57aa4e5ec06400.e3iSbxaKaheRe34Pbx8Nc3aQci1ynknvrkLOlQzNp65In0 HTTP/1.1" 200 2
201.245.192.253 - - [13/Oct/2023:07:33:11 -0500] "POST /kwsrmcab/Wsrmcab  HTTP/1.1" 200 42851
201.245.192.253 - - [13/Oct/2023:07:33:22 -0500] "POST /forms/lservlet;jsessionid=ac16012b30d606f1b67f89f942dfbf57aa4e5ec06400.e3iSbxaKaheRe34Pbx8Nc3aQci1ynknvrkLOlQzNp65In0 HTTP/1.1" 200 13
201.245.192.253 - - [13/Oct/2023:07:33:23 -0500] "POST /forms/lservlet;jsessionid=ac16012b30d606f1b67f89f942dfbf57aa4e5ec06400.e3iSbxaKaheRe34Pbx8Nc3aQci1ynknvrkLOlQzNp65In0 HTTP/1.1" 200 724
201.245.192.253 - - [13/Oct/2023:07:33:23 -0500] "POST /forms/lservlet;jsessionid=ac16012b30d606f1b67f89f942dfbf57aa4e5ec06400.e3iSbxaKaheRe34Pbx8Nc3aQci1ynknvrkLOlQzNp65In0 HTTP/1.1" 200 10
201.245.192.253 - - [13/Oct/2023:07:33:23 -0500] "POST /forms/lservlet;jsessionid=ac16012b30d606f1b67f89f942dfbf57aa4e5ec06400.e3iSbxaKaheRe34Pbx8Nc3aQci1ynknvrkLOlQzNp65In0 HTTP/1.1" 200 13
201.245.192.253 - - [13/Oct/2023:07:33:25 -0500] "POST /forms/lservlet;jsessionid=ac16012b30d606f1b67f89f942dfbf57aa4e5ec06400.e3iSbxaKaheRe34Pbx8Nc3aQci1ynknvrkLOlQzNp65In0 HTTP/1.1" 200 493
201.245.192.253 - - [13/Oct/2023:07:33:26 -0500] "POST /forms/lservlet;jsessionid=ac16012b30d606f1b67f89f942dfbf57aa4e5ec06400.e3iSbxaKaheRe34Pbx8Nc3aQci1ynknvrkLOlQzNp65In0 HTTP/1.1" 200 21
201.245.192.253 - - [13/Oct/2023:07:33:29 -0500] "POST /forms/lservlet;jsessionid=ac16012b30d606f1b67f89f942dfbf57aa4e5ec06400.e3iSbxaKaheRe34Pbx8Nc3aQci1ynknvrkLOlQzNp65In0 HTTP/1.1" 200 32
201.245.192.253 - - [13/Oct/2023:07:33:39 -0500] "POST /forms/lservlet;jsessionid=ac16012b30d606f1b67f89f942dfbf57aa4e5ec06400.e3iSbxaKaheRe34Pbx8Nc3aQci1ynknvrkLOlQzNp65In0 HTTP/1.1" 200 496
201.245.192.253 - - [13/Oct/2023:07:34:24 -0500] "POST /forms/lservlet;jsessionid=ac16012b30d606f1b67f89f942dfbf57aa4e5ec06400.e3iSbxaKaheRe34Pbx8Nc3aQci1ynknvrkLOlQzNp65In0 HTTP/1.1" 200 2
52.167.144.238 - - [13/Oct/2023:07:35:40 -0500] "GET /Publicaciones/2023EE119021.pdf HTTP/1.1" 404 228
20.15.133.185 - - [13/Oct/2023:07:36:03 -0500] "GET /residuos/curtiembres/curtiembres.html HTTP/1.1" 200 1965
216.245.221.92 - - [13/Oct/2023:07:36:04 -0500] "HEAD / HTTP/1.1" 200 -
201.245.192.253 - - [13/Oct/2023:07:36:14 -0500] "POST /forms/lservlet;jsessionid=ac16012b30d606f1b67f89f942dfbf57aa4e5ec06400.e3iSbxaKaheRe34Pbx8Nc3aQci1ynknvrkLOlQzNp65In0 HTTP/1.1" 200 21
201.245.192.253 - - [13/Oct/2023:07:36:16 -0500] "POST /forms/lservlet;jsessionid=ac16012b30d606f1b67f89f942dfbf57aa4e5ec06400.e3iSbxaKaheRe34Pbx8Nc3aQci1ynknvrkLOlQzNp65In0 HTTP/1.1" 200 32
201.245.192.253 - - [13/Oct/2023:07:36:17 -0500] "POST /forms/lservlet;jsessionid=ac16012b30d606f1b67f89f942dfbf57aa4e5ec06400.e3iSbxaKaheRe34Pbx8Nc3aQci1ynknvrkLOlQzNp65In0 HTTP/1.1" 200 496
201.245.192.253 - - [13/Oct/2023:07:36:18 -0500] "POST /forms/lservlet;jsessionid=ac16012b30d606f1b67f89f942dfbf57aa4e5ec06400.e3iSbxaKaheRe34Pbx8Nc3aQci1ynknvrkLOlQzNp65In0 HTTP/1.1" 200 21
201.245.192.253 - - [13/Oct/2023:07:36:24 -0500] "POST /forms/lservlet;jsessionid=ac16012b30d606f1b67f89f942dfbf57aa4e5ec06400.e3iSbxaKaheRe34Pbx8Nc3aQci1ynknvrkLOlQzNp65In0 HTTP/1.1" 200 7
172.22.2.4 - - [13/Oct/2023:07:35:07 -0500] "HEAD /BLA/boletinlegal/ HTTP/1.1" 200 -
172.22.2.4 - - [13/Oct/2023:07:37:29 -0500] "GET /BLA/boletinlegal/normativa.php HTTP/1.1" 200 8343
172.22.2.4 - - [13/Oct/2023:07:37:29 -0500] "GET /BLA/boletinlegal/favicon.ico HTTP/1.1" 404 1334
172.22.2.4 - - [13/Oct/2023:07:35:58 -0500] "GET /BLA/boletinlegal/ HTTP/1.1" 200 52532
201.245.192.253 - - [13/Oct/2023:07:38:02 -0500] "POST /kwsrmcab/Wsrmcab HTTP/1.1" 200 42618
201.245.192.253 - - [13/Oct/2023:07:38:05 -0500] "POST /kwsrmcab/Wsrmcab HTTP/1.1" 200 40859
201.245.192.253 - - [13/Oct/2023:07:38:10 -0500] "POST /kwsrmcab/Wsrmcab  HTTP/1.1" 200 42851
201.245.192.253 - - [13/Oct/2023:07:38:24 -0500] "POST /forms/lservlet;jsessionid=ac16012b30d606f1b67f89f942dfbf57aa4e5ec06400.e3iSbxaKaheRe34Pbx8Nc3aQci1ynknvrkLOlQzNp65In0 HTTP/1.1" 200 2
216.244.66.195 - - [13/Oct/2023:07:38:31 -0500] "GET /BLA/resoluciones/RESOLUCIONES%202011/0026.pdf HTTP/1.1" 200 256531
216.244.66.195 - - [13/Oct/2023:07:38:37 -0500] "GET /BLA/resoluciones/RESOLUCIONES%202011/0059.pdf HTTP/1.1" 200 325464
216.244.66.195 - - [13/Oct/2023:07:38:42 -0500] "GET /BLA/resoluciones/RESOLUCIONES%202011/0263.pdf HTTP/1.1" 200 71074
216.244.66.195 - - [13/Oct/2023:07:38:47 -0500] "GET /BLA/resoluciones/RESOLUCIONES%202011/0341.pdf HTTP/1.1" 200 70809
201.245.192.253 - - [13/Oct/2023:07:38:49 -0500] "POST /forms/lservlet;jsessionid=ac16012b30d606f1b67f89f942dfbf57aa4e5ec06400.e3iSbxaKaheRe34Pbx8Nc3aQci1ynknvrkLOlQzNp65In0 HTTP/1.1" 200 488
216.244.66.195 - - [13/Oct/2023:07:38:51 -0500] "GET /BLA/resoluciones/RESOLUCIONES%202011/0358.pdf HTTP/1.1" 200 91127
216.244.66.195 - - [13/Oct/2023:07:38:54 -0500] "GET /BLA/resoluciones/RESOLUCIONES%202011/0504.pdf HTTP/1.1" 200 158325
216.244.66.195 - - [13/Oct/2023:07:38:57 -0500] "GET /BLA/resoluciones/RESOLUCIONES%202011/0552.pdf HTTP/1.1" 200 67487
216.244.66.195 - - [13/Oct/2023:07:38:59 -0500] "GET /BLA/resoluciones/RESOLUCIONES%202011/0670.pdf HTTP/1.1" 200 69941
216.244.66.195 - - [13/Oct/2023:07:39:01 -0500] "GET /BLA/resoluciones/RESOLUCIONES%202011/0969.pdf HTTP/1.1" 200 72151
216.244.66.195 - - [13/Oct/2023:07:39:03 -0500] "GET /BLA/resoluciones/RESOLUCIONES%202011/1448.pdf HTTP/1.1" 200 71297
216.244.66.195 - - [13/Oct/2023:07:39:05 -0500] "GET /BLA/resoluciones/RESOLUCIONES%202011/1685.pdf HTTP/1.1" 200 284245
216.244.66.195 - - [13/Oct/2023:07:39:19 -0500] "GET /BLA/resoluciones/RESOLUCIONES%202011/2022.pdf HTTP/1.1" 200 429503
201.245.192.253 - - [13/Oct/2023:07:39:45 -0500] "POST /forms/lservlet;jsessionid=ac16012b30d606f1b67f89f942dfbf57aa4e5ec06400.e3iSbxaKaheRe34Pbx8Nc3aQci1ynknvrkLOlQzNp65In0 HTTP/1.1" 200 21
216.244.66.195 - - [13/Oct/2023:07:39:45 -0500] "GET /BLA/resoluciones/RESOLUCIONES%202011/2382.pdf HTTP/1.1" 200 357347
201.245.192.253 - - [13/Oct/2023:07:39:48 -0500] "POST /forms/lservlet;jsessionid=ac16012b30d606f1b67f89f942dfbf57aa4e5ec06400.e3iSbxaKaheRe34Pbx8Nc3aQci1ynknvrkLOlQzNp65In0 HTTP/1.1" 200 493
201.245.192.253 - - [13/Oct/2023:07:39:50 -0500] "POST /forms/lservlet;jsessionid=ac16012b30d606f1b67f89f942dfbf57aa4e5ec06400.e3iSbxaKaheRe34Pbx8Nc3aQci1ynknvrkLOlQzNp65In0 HTTP/1.1" 200 21
201.245.192.253 - - [13/Oct/2023:07:39:51 -0500] "POST /forms/lservlet;jsessionid=ac16012b30d606f1b67f89f942dfbf57aa4e5ec06400.e3iSbxaKaheRe34Pbx8Nc3aQci1ynknvrkLOlQzNp65In0 HTTP/1.1" 200 488
201.245.192.253 - - [13/Oct/2023:07:39:53 -0500] "POST /forms/lservlet;jsessionid=ac16012b30d606f1b67f89f942dfbf57aa4e5ec06400.e3iSbxaKaheRe34Pbx8Nc3aQci1ynknvrkLOlQzNp65In0 HTTP/1.1" 200 21
216.244.66.195 - - [13/Oct/2023:07:40:13 -0500] "GET /BLA/resoluciones/RESOLUCIONES%202011/2428.pdf HTTP/1.1" 200 305732
201.245.192.253 - - [13/Oct/2023:07:40:24 -0500] "POST /forms/lservlet;jsessionid=ac16012b30d606f1b67f89f942dfbf57aa4e5ec06400.e3iSbxaKaheRe34Pbx8Nc3aQci1ynknvrkLOlQzNp65In0 HTTP/1.1" 200 7
216.244.66.195 - - [13/Oct/2023:07:40:34 -0500] "GET /BLA/resoluciones/AUTOS%202017/5046.pdf HTTP/1.1" 200 283134
216.244.66.195 - - [13/Oct/2023:07:40:55 -0500] "GET /BLA/resoluciones/AUTOS%202017/5239.pdf HTTP/1.1" 200 327724
201.245.192.253 - - [13/Oct/2023:07:40:56 -0500] "POST /forms/lservlet;jsessionid=ac16012b30d606f1b67f89f942dfbf57aa4e5ec06400.e3iSbxaKaheRe34Pbx8Nc3aQci1ynknvrkLOlQzNp65In0 HTTP/1.1" 200 488
216.245.221.92 - - [13/Oct/2023:07:41:04 -0500] "HEAD / HTTP/1.1" 200 -
216.244.66.195 - - [13/Oct/2023:07:41:15 -0500] "GET /BLA/resoluciones/RESOLUCIONES%202010/6306.pdf HTTP/1.1" 200 8721922
194.165.16.72 - - [13/Oct/2023:07:41:22 -0500] "\x03" 400 226
216.244.66.195 - - [13/Oct/2023:07:41:54 -0500] "GET /BLA/resoluciones/RESOLUCIONES%202012/0427.pdf HTTP/1.1" 200 473574
201.245.192.253 - - [13/Oct/2023:07:42:24 -0500] "POST /forms/lservlet;jsessionid=ac16012b30d606f1b67f89f942dfbf57aa4e5ec06400.e3iSbxaKaheRe34Pbx8Nc3aQci1ynknvrkLOlQzNp65In0 HTTP/1.1" 200 2
216.244.66.195 - - [13/Oct/2023:07:42:26 -0500] "GET /BLA/resoluciones/AUTOS%202008/0048.pdf HTTP/1.1" 200 82009
40.77.167.73 - - [13/Oct/2023:07:42:33 -0500] "GET /bla/resoluciones/autos%202012/0011.pdf HTTP/1.1" 200 389254
172.22.2.4 - - [13/Oct/2023:07:40:57 -0500] "HEAD /BLA/boletinlegal/ HTTP/1.1" 200 -
40.77.167.45 - - [13/Oct/2023:07:42:51 -0500] "GET /BLA/resoluciones/AUTOS%202007/3407.pdf HTTP/1.1" 200 125738
216.244.66.195 - - [13/Oct/2023:07:42:55 -0500] "GET /BLA/resoluciones/AUTOS%202008/0193.pdf HTTP/1.1" 200 86661
201.245.192.253 - - [13/Oct/2023:07:43:09 -0500] "POST /kwsrmcab/Wsrmcab  HTTP/1.1" 200 42851
216.244.66.195 - - [13/Oct/2023:07:43:23 -0500] "GET /BLA/resoluciones/AUTOS%202008/0212.pdf HTTP/1.1" 200 94281
172.22.2.4 - - [13/Oct/2023:07:41:48 -0500] "GET /BLA/boletinlegal/ HTTP/1.1" 200 60175
216.244.66.195 - - [13/Oct/2023:07:43:52 -0500] "GET /BLA/resoluciones/AUTOS%202008/0228.pdf HTTP/1.1" 200 107639
216.244.66.195 - - [13/Oct/2023:07:44:20 -0500] "GET /BLA/resoluciones/AUTOS%202008/0450.pdf HTTP/1.1" 200 68946
201.245.192.253 - - [13/Oct/2023:07:44:24 -0500] "POST /forms/lservlet;jsessionid=ac16012b30d606f1b67f89f942dfbf57aa4e5ec06400.e3iSbxaKaheRe34Pbx8Nc3aQci1ynknvrkLOlQzNp65In0 HTTP/1.1" 200 2
216.244.66.195 - - [13/Oct/2023:07:44:46 -0500] "GET /BLA/resoluciones/AUTOS%202008/0710.pdf HTTP/1.1" 200 83682
216.244.66.195 - - [13/Oct/2023:07:45:10 -0500] "GET /BLA/resoluciones/AUTOS%202008/0736.pdf HTTP/1.1" 200 82628
216.244.66.195 - - [13/Oct/2023:07:45:35 -0500] "GET /BLA/resoluciones/AUTOS%202008/1094.pdf HTTP/1.1" 200 85512
40.77.167.78 - - [13/Oct/2023:07:45:53 -0500] "GET /Publicaciones/2023EE235249.pdf HTTP/1.1" 200 232189
216.244.66.195 - - [13/Oct/2023:07:45:58 -0500] "GET /BLA/resoluciones/AUTOS%202008/1164.pdf HTTP/1.1" 200 86937
216.245.221.92 - - [13/Oct/2023:07:46:04 -0500] "HEAD / HTTP/1.1" 200 -
216.244.66.195 - - [13/Oct/2023:07:46:21 -0500] "GET /BLA/resoluciones/AUTOS%202008/1214.pdf HTTP/1.1" 200 122898
201.245.192.253 - - [13/Oct/2023:07:46:24 -0500] "POST /forms/lservlet;jsessionid=ac16012b30d606f1b67f89f942dfbf57aa4e5ec06400.e3iSbxaKaheRe34Pbx8Nc3aQci1ynknvrkLOlQzNp65In0 HTTP/1.1" 200 2
216.244.66.195 - - [13/Oct/2023:07:46:42 -0500] "GET /BLA/resoluciones/AUTOS%202008/1224.pdf HTTP/1.1" 200 86534
172.22.2.4 - - [13/Oct/2023:07:46:43 -0500] "GET /BLA/boletinlegal/favicon.ico HTTP/1.1" 404 1334
181.48.32.222 - - [13/Oct/2023:07:46:43 -0500] "GET /BLA/resoluciones/Decretos/Decreto%20482%20de%202018.pdf HTTP/1.1" 200 465335
181.48.32.222 - - [13/Oct/2023:07:46:44 -0500] "GET /BLA/resoluciones/RESOLUCIONES%202011/2962.pdf HTTP/1.1" 200 2929372
216.244.66.195 - - [13/Oct/2023:07:47:01 -0500] "GET /BLA/resoluciones/AUTOS%202008/1265.pdf HTTP/1.1" 200 80933
216.244.66.195 - - [13/Oct/2023:07:47:20 -0500] "GET /BLA/resoluciones/AUTOS%202008/1337.pdf HTTP/1.1" 200 73512
216.244.66.195 - - [13/Oct/2023:07:47:36 -0500] "GET /BLA/resoluciones/AUTOS%202008/1349.pdf HTTP/1.1" 200 66040
216.244.66.195 - - [13/Oct/2023:07:47:52 -0500] "GET /BLA/resoluciones/AUTOS%202008/1388.pdf HTTP/1.1" 200 86051
186.102.110.39 - - [13/Oct/2023:07:48:05 -0500] "GET /kwssiamovil/sm/ldap/au?x=U2FsdGVkX19XzEcIhUlnQKOxPdowPkBJKyWkghW5XLILFjPhl1oU3+cLi8tuUsvT&y=U2FsdGVkX1/dOZhJS0oOrLh6urgbm0QA/aPNrXM5rQ/ED9RYHAe3OHKgBxgilPK2 HTTP/1.1" 200 30
186.102.110.39 - - [13/Oct/2023:07:48:06 -0500] "GET /kwssiamovil/sm/acme/s?s=U2FsdGVkX1/gnAm2aDBRIvXbXBoPnfiwwsAaiowQAPQbh6hSH97GLsHIdMzinbNXXJhpN1JI9kP9DxKb+DDSTB/sTSXNWZzADy/XTVa7T7E=&u=U2FsdGVkX1993xxbwmENkjAsaCNLyQzRlxG0fyr9/wvposwluKmX8ye13gIHQXGv&y=U2FsdGVkX1/dOZhJS0oOrLh6urgbm0QA/aPNrXM5rQ/ED9RYHAe3OHKgBxgilPK2 HTTP/1.1" 200 97
186.102.110.39 - - [13/Oct/2023:07:48:06 -0500] "GET /kwssiamovil/sm/acme/s?s=U2FsdGVkX1+M8GIMgiUVclcKUFkI1OYZnkCFJMwTQtujO+BrkLk2vrLwdeJWVtlZtPT4iC0VuUAf0D+iy+foVSyZIhUf6MNa+SN7PScxDECbTse17DhReUXBtuMJNwQt4InLhyPGH7FD93hRDT4kxELWOD/pZeuc/3n3uDNAlaojlqJhKQW72DpOQUjjYfAZ4a+JsUI/4Yt64Vi3eh0bnyMsscXr33DZ09cxio2ayKsnIFHfrGme/pXaYhccKZnURsv7gnyadV0yBzvGrGDNPfFmqHJqgobeGJ36sem4jGot23wQKVdPUqn/sneV+humEvvSp6aVZR8MHxyunNzaGHA+XffZNj2QEY853dQGmyd3Lz7T8vRhlUejxU4Qx+trJC7Z3jz7OLZ+haepJWbloRGDtpXF+5BLU39jbTRZbZuFbUx7hc90h43eWxYXF7q3GufcOexhXjQCzCzshJh39g8XHVnDlJraRsI5RromMdyBlrekYezPORioGHg07XsuN+T/OL+NXbISC1OG1+Tq5g0rb1EQl9pdvsTy4KBiNGlOhLioDzfgXrPUKbfvOKgN2pRFTYQOpsZQlWQsRndONlN0LertocEjCjGdgvUUSfqQL7GyQTpdQeO1bIKw5SEazG66QLw/2OlFfnxRV0xUzDTUCK9iYTqNV/NwNXjdkGLrXZVeU6nWGZzDjpO8sHJugudKN49b8cXV1uta1V7Pm+VlfryY6NqmjM1A6qH66IeUaThQeKIXncqDE6KkeNRZIvR6QNEZpTCOnq/DV1o2C9RIvEEpxd5ph4b8UJKo7OULCIf6oC9SUq5M/5Mzc+O65hp2mgT2NzWQrlRIGKE4B6jD7B0WmP9ld6Nq55c4eFJHldTVsCg+SahHSjf4itlRPEVz6YjatFVpZkqLRMxmVnlFBxiZQplCAprq597rMrGU91Xd+0ih5BaTAeHiNyu5QRBy7G8QCXM/3PVdYiIXdMZzZRS9YtZLduiWZpy6KaYbPNe21g7+giROzGSTkGLGGj4K6yP6p7lOptSKjJRtjrjpz+2ap3A7u2HNncoiF/6Y5uIgdH6swuHi9eQHHgpKH0ZT7iBY3xou8lOo7XxDSf5L/9W6/LK2O4Sr1Dj8/KcPTOqv4rrj9OQWokqYkSeVnIed11fEVpGBd/snWcQIDv4MP1VzvmIvS1W6UrjklSeMBkwNYNIDjm9JG6I/5h6SDJECfF+QkXWCIU3fvicONxcD5p5w9uhYMiKX79SHK5RQ4YKBEUxNQaXxZXdl9KtpdtObpvZQS1hBnmjxm92H5KmCv+MYBAZBYE6rtLBCPKt2ccAEs2T9ewKdM5HZG1vNQmVEyqub/gRfNel0PFdIsEb3alQ/CZM2Nl2BIh2wrdCTPjssSendXiyocC8l8HAck35kyK85bykXhaF/JZlkNYqy+pcNmAyCE5/hRNFlkHA=&u=U2FsdGVkX1993xxbwmENkjAsaCNLyQzRlxG0fyr9/wvposwluKmX8ye13gIHQXGv&y=U2FsdGVkX1/dOZhJS0oOrLh6urgbm0QA/aPNrXM5rQ/ED9RYHAe3OHKgBxgilPK2 HTTP/1.1" 200 3199
186.102.110.39 - - [13/Oct/2023:07:48:06 -0500] "GET /kwssiamovil/sm/acme/s?s=U2FsdGVkX1+RiSzmveOqCWSzbYBEzC28dt41oXJACwP7rcJu4yXWwSKmIoPaXcBEZ8qujK8ndTgpgzm/RwSyV/K88YhT7ikDWCCJj8iD+aIi/i9vc6NtONOaqHwOdXfQfDDZzsQegbvmCbGwFfNnXKuvGm1YOUnYzVvr6JvBxm7ViLkcfkYawx8hLU74uN9uYGqwJYeIuME/x8s0f0ygn1iS9Sv49kje+mpBmS2R1MPZ7VvZewk9W3C+vonADLr+sp5bA/3AV9nFrG7voc6vHvPPUrKAEQqEnC3eFsdViOF22ZHmpMVxwO9oRm9oC35iBgYocE0CaIZyGj/SR+27P2KAPmuIeTsYS9Q7bHXMvHU=&u=U2FsdGVkX1993xxbwmENkjAsaCNLyQzRlxG0fyr9/wvposwluKmX8ye13gIHQXGv&y=U2FsdGVkX1/dOZhJS0oOrLh6urgbm0QA/aPNrXM5rQ/ED9RYHAe3OHKgBxgilPK2 HTTP/1.1" 200 196
186.102.110.39 - - [13/Oct/2023:07:48:06 -0500] "GET /kwssiamovil/sm/cjson/pre?f=1&x=U2FsdGVkX19XzEcIhUlnQKOxPdowPkBJKyWkghW5XLILFjPhl1oU3+cLi8tuUsvT HTTP/1.1" 200 31032
40.77.167.75 - - [13/Oct/2023:07:48:07 -0500] "GET /portaldeninos/tag/humedales-de-bogota/ HTTP/1.1" 200 93936
216.244.66.195 - - [13/Oct/2023:07:48:09 -0500] "GET /BLA/resoluciones/AUTOS%202008/1713.pdf HTTP/1.1" 200 90976
201.245.192.253 - - [13/Oct/2023:07:48:08 -0500] "POST /kwsrmcab/Wsrmcab  HTTP/1.1" 200 42851
216.244.66.195 - - [13/Oct/2023:07:48:24 -0500] "GET /BLA/resoluciones/AUTOS%202009/0640.pdf HTTP/1.1" 200 73439
201.245.192.253 - - [13/Oct/2023:07:48:24 -0500] "POST /forms/lservlet;jsessionid=ac16012b30d606f1b67f89f942dfbf57aa4e5ec06400.e3iSbxaKaheRe34Pbx8Nc3aQci1ynknvrkLOlQzNp65In0 HTTP/1.1" 200 2
172.22.2.4 - - [13/Oct/2023:07:46:47 -0500] "HEAD /BLA/boletinlegal/ HTTP/1.1" 200 -
40.77.167.79 - - [13/Oct/2023:07:48:39 -0500] "GET /portaldeninos/tag/humedales-de-bogota/ HTTP/1.1" 200 93936
216.244.66.195 - - [13/Oct/2023:07:48:40 -0500] "GET /BLA/resoluciones/AUTOS%202013/1103.pdf HTTP/1.1" 200 1710497
191.156.184.35 - - [13/Oct/2023:07:49:08 -0500] "GET /kwssiamovil/sm/ldap/au?x=U2FsdGVkX1/C5LXD7ty+m+y/JJEqvHRHP1Tohp7wJ1kHbJTPPcl77163gS3v/GgM&y=U2FsdGVkX19p63EjzSvc+SpQoufMSl9mADU1UidoO6DXmxxGn5CLFdiLe3OUzc78 HTTP/1.1" 200 30
191.156.184.35 - - [13/Oct/2023:07:49:08 -0500] "GET /kwssiamovil/sm/acme/s?s=U2FsdGVkX19wt8jFu4mvLe6M5t8BrX4d2xmOD0eE6FTNTkrZOwMHUi/JX7Vj8Z2se9MicJkBmDyx6yWlAghATdT5a+7UKdSXyzyDM+0s4cc=&u=U2FsdGVkX1/edVj/GmUUjVmzRoQlqWzEBMHC4uzgzXc=&y=U2FsdGVkX19p63EjzSvc+SpQoufMSl9mADU1UidoO6DXmxxGn5CLFdiLe3OUzc78 HTTP/1.1" 200 97
191.156.184.35 - - [13/Oct/2023:07:49:08 -0500] "GET /kwssiamovil/sm/acme/s?s=U2FsdGVkX1/z3d/ogwO1OFenRA3AwyMPFjhuiUn/VtHT/nLgC5OH1Qcv2gIVohf4I2Q2ZfFSMJ+PVk/324REZEjLAv74i7R4hXu+HY98+uXvvCxr3BxcGcJhAUlmZGawfXpF1isuG1acwDFNW1RSRj+qVcSvdnPwyU2mSNGzOS++ex1nbU3as8a1MjJQ9KOtF0f8fIrRE+kGCsm2ij9Ep6SLQIJZcbRAemsPkgEXBsqLanJyj2oEKhNzat263gaKZgVbJpJ2vN7ocatJqGIsc4LqrTVG8HIUeCXaA6wnFBBmxuPvK5pRPMtFAwEvrD0blrYmEaBDWK5V/Cd1xDPHEKugu2T/MwDFhrsSSlW5AOIURAMHy60tX8MoANBKF4NGVY3uvGN+ZFxOINk0SuQCzZJ7XdJ18+ICNSWe4TWNlMkVEDtRh1skucH5RTOCQi54Bh3c0wp1aNj0WEBPzFi5CBMkDQGpAl/qZpvEo+CEIMgoSOme5HF8WXtqL1C5eQNoWp0/6B0ogA7DFPfleRSsJgbKM4duxMHpn8rwvKHb/q53MyNqPn1ngiCm8nDqz11BcchtS0uxH9DsC7L0BGdEM6J/sHQIGLThsDEqwhSHiDKONk8765hycNdGsqWKUite8jDb0plIzhe/2mnOaxMPoKozeuhdOjgUKg5W/JNroPbvYQUpldBALzTLxCkcoJJ8unggL3Sfv19r2LXMZWeDJj/g7MPZh+ciAYot2SoQ1TitP+xTfRZQhXltU3zacpy6eLpYTy1w1cLGsE+mvFpmGSmU5CoQ7XoYTUomj5ze1ypq5YY6iagHD8f6M3MLb++iznm1A3rfQKSKWNCIX0pKlhJgAgEGLWt7vxPpNi6tk20D4c8CXE9gOOYvo2qyein4W71/rZe5+FHuhqH2BfQJoH0zrcfD2qW2iNNFgHm4NneeIZb/9jry3JpWZUxZhbIGWgf9V84dC118oFukcstCjYJnsytiGZ5z41tTvgI5TKZrVDZtB70ATCSFSzLrNWSM6nkTr2ubaq2sS04hbYRTp11SKNk6iD2oK3KRYxwRykgL+Z8201i6/LYNQaUv3ipVwNohoAHJyRq/JMtoVYMUARxeBmGxdUb6yhizFmPt5NNTrqbRpbCymj9iaDXeNBUtbbwDVTEvjfwzsMinodlhfn1AzDzpEZsCyNNCkHTBTW8yUMMCVWohhS9b6B+HuHA/2t9NcefZCZ7Gck+3yQ1E8jcyoEWmGfGmw+kExB4EARJjA2eJLNRppjSd4BuaDhy22+MyG8s4AAvVHOQepBB8a5sBA5hzX4TQ9auUFgeFvdJEHtqL6YaI9EPG4AHJ85t7YeQU3hF4Ww/8rE+lBz33TKTyxpj0So6UcG273xxrIOLKoD09JMI8XaOE8ro4eUNLRTjGyeIv741mtXmMrpgjCH+QajHOzew5pCEPNsBOo9c0dsKJksX1y8RE9DRsUyPaoFSBw8hzteVvSNxxr6M8q1iAtBmCdqjhzqhwVaC9AEjnXbRUWe8Zt3nGfoOGkT+OrMK4L2dO8vicC/ZsFl0h8h0h74wOGAE0+wTw/RnMGUz7V8Q8Ppa0LKGbinyH2rZPEy6G8a2CZHlxUqvgIp5eOpLgtWSNFR6MyHrXk2uKckJpx3txERkAjXLwB1oLR9k0QjU1/akNbdjS18gqbRdOEDftGzM5yClIqz/zl4gHVWYFRaLJz3oiYBEnH9K9xJKyMSycdJG+3zpFqiAMLLNGhKSuEaJ6dlZag2knJ6AM0y4=&u=U2FsdGVkX1/edVj/GmUUjVmzRoQlqWzEBMHC4uzgzXc=&y=U2FsdGVkX19p63EjzSvc+SpQoufMSl9mADU1UidoO6DXmxxGn5CLFdiLe3OUzc78 HTTP/1.1" 200 327
191.156.184.35 - - [13/Oct/2023:07:49:08 -0500] "GET /kwssiamovil/sm/acme/s?s=U2FsdGVkX19Hi6ZjLi20xvEVtUZoPulbRhWcR/G1Pi/9OXrQBPLLNg4Rsrd+tAR6LO0Ydia1tN6zoGzLb4Lrv773MdVtAUWkvTK/iwaQ4WOdDcg1ZkGsxFUOT2EARZ2cdfnI4iDuKdrrT3NNlYFTFu21W934VhAMNRwal+F6SXA299INYYwdAMp0iqMg7LRORWYpiwLDVt72RHiB9Obd9rdg9Mw1uxxD/06qvTM+tqioe3GPwprVYt3KlMZuv3kJna7HIWNfuwPfEqbCEKMn2HR5MUFX8y87YCwma9rYZhoc9miy4Om56DV4KnjWfS6DT7/J+5/g043hWqIpRXSy1wZFgzuFJbw7N3qm1KgywtWiqSSNQNwduAyRgUUO0m6TUOn31SpijHM3nRHzsdY3cIsWrWn1iQzjRyKPfHIVbUXliFoG/YD8ANAiL5W952LvR1zEVgXR8390S3kwy/SSzq49pUGvFiVKsaTm6VP72uub7sOJrgWirnQfDEswu1QjZ3R1idlO4sLWaiiMJ2iFG9yBg/bDAwg3JnmykdXIRxnCOtyoXToK54v8IxjS/u2lSJF3Jw+fOimhAPBO/IfpYh5n11/t3+7UxOms2L36BPKEioQkCRA+8As/1wXCHHS8yG/0EtZA50sqRIM9Fgeu+Sc70aG5zHCHxeUk+kmrbeMl4nRfHjNhB+Th0JbAMBCT5o24gohM8Waq8Mc7ezUfHCUGvrrgHJgfhx6XezoNKzyKRrZvE1MZVjUjkDqTLQzf&u=U2FsdGVkX1/edVj/GmUUjVmzRoQlqWzEBMHC4uzgzXc=&y=U2FsdGVkX19p63EjzSvc+SpQoufMSl9mADU1UidoO6DXmxxGn5CLFdiLe3OUzc78 HTTP/1.1" 200 208
191.156.184.35 - - [13/Oct/2023:07:49:09 -0500] "GET /kwssiamovil/sm/cjson/pre?f=1&x=U2FsdGVkX1/C5LXD7ty+m+y/JJEqvHRHP1Tohp7wJ1kHbJTPPcl77163gS3v/GgM HTTP/1.1" 200 31032
172.22.2.4 - - [13/Oct/2023:07:47:37 -0500] "GET /BLA/boletinlegal/ HTTP/1.1" 200 52532
216.244.66.195 - - [13/Oct/2023:07:49:24 -0500] "GET /BLA/resoluciones/AUTOS%202013/1370.pdf HTTP/1.1" 200 2488522
52.167.144.195 - - [13/Oct/2023:07:49:23 -0500] "GET /Publicaciones/2023EE235970.pdf HTTP/1.1" 200 487102
201.245.192.253 - - [13/Oct/2023:07:49:39 -0500] "POST /forms/lservlet;jsessionid=ac16012b30d606f1b67f89f942dfbf57aa4e5ec06400.e3iSbxaKaheRe34Pbx8Nc3aQci1ynknvrkLOlQzNp65In0 HTTP/1.1" 200 683
201.245.192.253 - - [13/Oct/2023:07:49:40 -0500] "POST /forms/lservlet;jsessionid=ac16012b30d606f1b67f89f942dfbf57aa4e5ec06400.e3iSbxaKaheRe34Pbx8Nc3aQci1ynknvrkLOlQzNp65In0 HTTP/1.1" 200 493
201.245.192.253 - - [13/Oct/2023:07:49:40 -0500] "POST /forms/lservlet;jsessionid=ac16012b30d606f1b67f89f942dfbf57aa4e5ec06400.e3iSbxaKaheRe34Pbx8Nc3aQci1ynknvrkLOlQzNp65In0 HTTP/1.1" 200 2
201.245.192.253 - - [13/Oct/2023:07:49:43 -0500] "POST /forms/lservlet;jsessionid=ac16012b30d606f1b67f89f942dfbf57aa4e5ec06400.e3iSbxaKaheRe34Pbx8Nc3aQci1ynknvrkLOlQzNp65In0 HTTP/1.1" 200 21367
201.245.192.253 - - [13/Oct/2023:07:49:43 -0500] "POST /forms/lservlet;jsessionid=ac16012b30d606f1b67f89f942dfbf57aa4e5ec06400.e3iSbxaKaheRe34Pbx8Nc3aQci1ynknvrkLOlQzNp65In0 HTTP/1.1" 200 10
201.245.192.253 - - [13/Oct/2023:07:49:44 -0500] "POST /forms/lservlet;jsessionid=ac16012b30d606f1b67f89f942dfbf57aa4e5ec06400.e3iSbxaKaheRe34Pbx8Nc3aQci1ynknvrkLOlQzNp65In0 HTTP/1.1" 200 24
201.245.192.253 - - [13/Oct/2023:07:49:47 -0500] "POST /forms/lservlet;jsessionid=ac16012b30d606f1b67f89f942dfbf57aa4e5ec06400.e3iSbxaKaheRe34Pbx8Nc3aQci1ynknvrkLOlQzNp65In0 HTTP/1.1" 200 2841
201.245.192.253 - - [13/Oct/2023:07:49:50 -0500] "POST /forms/lservlet;jsessionid=ac16012b30d606f1b67f89f942dfbf57aa4e5ec06400.e3iSbxaKaheRe34Pbx8Nc3aQci1ynknvrkLOlQzNp65In0 HTTP/1.1" 200 1341
201.245.192.253 - - [13/Oct/2023:07:49:51 -0500] "POST /forms/lservlet;jsessionid=ac16012b30d606f1b67f89f942dfbf57aa4e5ec06400.e3iSbxaKaheRe34Pbx8Nc3aQci1ynknvrkLOlQzNp65In0 HTTP/1.1" 200 24
201.245.192.253 - - [13/Oct/2023:07:49:54 -0500] "POST /forms/lservlet;jsessionid=ac16012b30d606f1b67f89f942dfbf57aa4e5ec06400.e3iSbxaKaheRe34Pbx8Nc3aQci1ynknvrkLOlQzNp65In0 HTTP/1.1" 200 2161
216.244.66.195 - - [13/Oct/2023:07:50:14 -0500] "GET /BLA/resoluciones/AUTOS%202013/2118.pdf HTTP/1.1" 200 3014543
201.245.192.253 - - [13/Oct/2023:07:50:24 -0500] "POST /forms/lservlet;jsessionid=ac16012b30d606f1b67f89f942dfbf57aa4e5ec06400.e3iSbxaKaheRe34Pbx8Nc3aQci1ynknvrkLOlQzNp65In0 HTTP/1.1" 200 2
66.249.66.20 - - [13/Oct/2023:07:51:02 -0500] "GET /BLA/resoluciones/RESOLUCIONES%202014/1016.pdf HTTP/1.1" 200 431810
216.245.221.92 - - [13/Oct/2023:07:51:04 -0500] "HEAD / HTTP/1.1" 200 -
216.244.66.195 - - [13/Oct/2023:07:51:11 -0500] "GET /BLA/resoluciones/AUTOS%202013/2390.pdf HTTP/1.1" 200 1796957
52.167.144.179 - - [13/Oct/2023:07:51:19 -0500] "GET /Publicaciones/2023EE236796.pdf HTTP/1.1" 200 231906
66.249.73.67 - - [13/Oct/2023:07:51:24 -0500] "GET /los-tramites-y-servicios-que-ofrece-la-secretaria-de-ambiente-de-bogota.html HTTP/1.1" 304 -
216.244.66.195 - - [13/Oct/2023:07:52:01 -0500] "GET /BLA/resoluciones/AUTOS%202013/2921.pdf HTTP/1.1" 200 1910407
201.245.192.253 - - [13/Oct/2023:07:52:24 -0500] "POST /forms/lservlet;jsessionid=ac16012b30d606f1b67f89f942dfbf57aa4e5ec06400.e3iSbxaKaheRe34Pbx8Nc3aQci1ynknvrkLOlQzNp65In0 HTTP/1.1" 200 2
216.244.66.195 - - [13/Oct/2023:07:52:50 -0500] "GET /BLA/resoluciones/AUTOS%202014/0804.pdf HTTP/1.1" 200 568829
201.245.192.253 - - [13/Oct/2023:07:53:06 -0500] "POST /kwsrmcab/Wsrmcab  HTTP/1.1" 200 42851
216.244.66.195 - - [13/Oct/2023:07:53:21 -0500] "GET /BLA/resoluciones/AUTOS%202014/0860.pdf HTTP/1.1" 200 738639
216.244.66.195 - - [13/Oct/2023:07:53:57 -0500] "GET /BLA/resoluciones/AUTOS%202014/1324.pdf HTTP/1.1" 200 1294471
172.22.2.4 - - [13/Oct/2023:07:52:37 -0500] "HEAD /BLA/boletinlegal/ HTTP/1.1" 200 -
201.245.192.253 - - [13/Oct/2023:07:54:24 -0500] "POST /forms/lservlet;jsessionid=ac16012b30d606f1b67f89f942dfbf57aa4e5ec06400.e3iSbxaKaheRe34Pbx8Nc3aQci1ynknvrkLOlQzNp65In0 HTTP/1.1" 200 2
216.244.66.195 - - [13/Oct/2023:07:54:27 -0500] "GET /BLA/resoluciones/AUTOS%202014/1568.pdf HTTP/1.1" 200 793979
216.244.66.195 - - [13/Oct/2023:07:54:56 -0500] "GET /BLA/resoluciones/AUTOS%202014/1851.pdf HTTP/1.1" 200 504262
172.22.2.4 - - [13/Oct/2023:07:53:28 -0500] "GET /BLA/boletinlegal/ HTTP/1.1" 200 60175
216.244.66.195 - - [13/Oct/2023:07:55:24 -0500] "GET /BLA/resoluciones/AUTOS%202014/2586.pdf HTTP/1.1" 200 573200
216.244.66.195 - - [13/Oct/2023:07:55:53 -0500] "GET /BLA/resoluciones/AUTOS%202014/2681.pdf HTTP/1.1" 200 617953
216.245.221.92 - - [13/Oct/2023:07:56:04 -0500] "HEAD / HTTP/1.1" 200 -
216.244.66.195 - - [13/Oct/2023:07:56:19 -0500] "GET /BLA/resoluciones/AUTOS%202015/0134.pdf HTTP/1.1" 200 560290
201.245.192.253 - - [13/Oct/2023:07:56:24 -0500] "POST /forms/lservlet;jsessionid=ac16012b30d606f1b67f89f942dfbf57aa4e5ec06400.e3iSbxaKaheRe34Pbx8Nc3aQci1ynknvrkLOlQzNp65In0 HTTP/1.1" 200 2
216.244.66.195 - - [13/Oct/2023:07:56:44 -0500] "GET /BLA/resoluciones/AUTOS%202015/0295.pdf HTTP/1.1" 200 440607
216.244.66.195 - - [13/Oct/2023:07:57:07 -0500] "GET /BLA/resoluciones/AUTOS%202015/0308.pdf HTTP/1.1" 200 640229
216.244.66.195 - - [13/Oct/2023:07:57:30 -0500] "GET /BLA/resoluciones/AUTOS%202015/0541.pdf HTTP/1.1" 200 498172
216.244.66.195 - - [13/Oct/2023:07:57:54 -0500] "GET /BLA/resoluciones/AUTOS%202015/0580.pdf HTTP/1.1" 200 467359
201.245.192.253 - - [13/Oct/2023:07:58:05 -0500] "POST /kwsrmcab/Wsrmcab  HTTP/1.1" 200 42851
186.102.94.215 - - [13/Oct/2023:07:58:15 -0500] "GET /kwssiamovil/sm/ldap/au?x=U2FsdGVkX19gJtaUej1/d1pXA4bmGy6kZ777ygyriOPHLFzPxdhgdlN0Z85uhSqQ&y=U2FsdGVkX18QDnWGAHeQ0R5/vxNN3cpqq9EMsELro6A= HTTP/1.1" 200 30
186.102.94.215 - - [13/Oct/2023:07:58:15 -0500] "GET /kwssiamovil/sm/acme/s?s=U2FsdGVkX18R9m1ZnZXzUJt9NbpAiGbQ/L5RujIrHIqsHLUTiYgt+uRkrrqNJHzbaQ6EysYy6lxza7yVKvpMveq4Cztil7dijfVf0qwVz/I=&u=U2FsdGVkX18emlPlZStCfK/t0rPjoPdOJdzjUMXjjJE=&y=U2FsdGVkX18QDnWGAHeQ0R5/vxNN3cpqq9EMsELro6A= HTTP/1.1" 200 97
186.102.94.215 - - [13/Oct/2023:07:58:15 -0500] "GET /kwssiamovil/sm/acme/s?s=U2FsdGVkX193zu7H3ChQXXsYRiijKUahzDNx55CrqWJglq3y3szMcULXb4xT2Txpl6MsQbMfJX3XsA+WzE1aCyXi2bxgwsGoMXaQseuDaf3a6soqRo7qolMyoVN8+YHer/Hzr6OEgQ4DxcKftdVtc2KdiVQibne0Y0DGFr+t1iwDR7rF4pWFaOk3JNj88tFPajDiQtwF3HaT15ui8FD0LNOGRsHQA9DWj/e8Gdac/x9S6SeDtN4v8qNeP2SUmjAYX0hrIgQ70W9N9+o73Itbutkq/uxxJeQrVsMZXC9QHvIuwgtpogwDo7heK5inkfZ/nXnpURG8T0Nrx3i1SyU2Zr3ieUs/HH35vr7+88onMcS6F5LNJr6SOgnu73M4FK96cHwvzNLhATpSFTEoi6DxbuNuh8Px/hJ+7xLAUdiL2pa1GSUa5zyFtOYM7kM0I8Um1ByfVjec6AvZMmEYo2E5ixZJltU2uIJqQ3FgSuL+paxiy94Lf8WM3cyMROOmhfe4Q0HDw8CRvdvA6dW9/aOqjDOM6i0X4S+3KXNq5o1msqb14SkGQa0hF4ENoj4W+6/+lyiOk3xhz4/FtXWPeQaNfa/AxRNoyD8a5eEjhY8TNB95YX/nrCypNGH+PM8EuVy8n0IuvhebIREn0sdozwnqvvbkdewpLDZoek5iyt9MkKXuqHl++R+ykz4dtDR+HbInbsN7DrUzCmNAYbS2nJe2T19bbCzfpvWpPn4PEscvMxu6RSRlU/EZVPn2i2sDco4uU9/hsqpsqVeX5CtmPbLa5qaQjBysCtM8dBfKpSrWgviJo4Y3O83njHwtXxgsz19cJ1tdk944pZ4fN7DLunde5dHseTkyHPIm36gbZj203+eYQVyFsLGLRIJY1X2BTDrFhdNPx3CRv43dagdqBCLyf81zTXEegNhtwEI9EnxW7VNaWaIMNQWLxzyH+myCdrRHp3MdRH1LvhFTgKRkkssEJ9fu5kE9FksbCn3o8q4jTg+rMEg5V5Kr2eNGm21oP0sSvnoB60RUKMgjxldKP3rJOSD6DM6x7RMji8381SlSbhRwlCaQJNYlQL0B+ImLJNpU8zhA1UG3R/O0MV+RGFKC+kPVkAa1wSNNNe1FvMZafdciMsffIyakLdkzqFe3hG8cwWqGTXEL5Elni/UWxNIBAfnz0RLFTtaOyU8mCxjRoO7C/txUyIu0pQO3CPINOIhcYPMU1In70Uo/5dW5AjyxkCf5oQv5AXRqIPJ07c6iGR7KfUFk7inojwyyKV5LoRC1sxYah5ErtI1L9fy5tZAo83gUK0G5W6n8shFkwcrowOEOQaubP1FLrYPKp8zdiDAxSuqqYJ6dqnQlIgvvJms1Fmx0yDOx6bsAfGdHQcxqrC12XIBs311Xzd6gPnfZzWRjk3nIbM+PXYjrrErond8akUmm5SQTGZztmMI466zFxAk=&u=U2FsdGVkX18emlPlZStCfK/t0rPjoPdOJdzjUMXjjJE=&y=U2FsdGVkX18QDnWGAHeQ0R5/vxNN3cpqq9EMsELro6A= HTTP/1.1" 200 2156
186.102.94.215 - - [13/Oct/2023:07:58:15 -0500] "GET /kwssiamovil/sm/acme/s?s=U2FsdGVkX19agd8mqmRZKXdLgP+dF5GPTd+KkwJTiA+t1w6NQyEttYB4de2cc4IeA8x0ZY1incw2/JwS0n/ba29mz7OumAn/sAnBGFc21+lMJaYllL0BreSLpiBwxtknl7yhaBs0BgbLLqkDWr2BWc1EnxRnPd21D7HqAIMvpegZxotsM9XHntnOK7eFhsvbwQ2MQGrdfYtFVJCAx4L5uabypKVU+JhuOCFKpHGiHlcYPeoqZa37wYwchBMCYE3wpNOk6SWdXnjQRVgO6INZGDs5OrDw8r29+8cFOLhFfuVQTYiwBrarSYfCSaIFr3GXvEXeT0ION+cEnLyw0W6gow==&u=U2FsdGVkX18emlPlZStCfK/t0rPjoPdOJdzjUMXjjJE=&y=U2FsdGVkX18QDnWGAHeQ0R5/vxNN3cpqq9EMsELro6A= HTTP/1.1" 200 196
186.102.94.215 - - [13/Oct/2023:07:58:15 -0500] "GET /kwssiamovil/sm/cjson/pre?f=1&x=U2FsdGVkX19gJtaUej1/d1pXA4bmGy6kZ777ygyriOPHLFzPxdhgdlN0Z85uhSqQ HTTP/1.1" 200 31032
201.245.192.253 - - [13/Oct/2023:07:58:24 -0500] "POST /forms/lservlet;jsessionid=ac16012b30d606f1b67f89f942dfbf57aa4e5ec06400.e3iSbxaKaheRe34Pbx8Nc3aQci1ynknvrkLOlQzNp65In0 HTTP/1.1" 200 2
216.244.66.195 - - [13/Oct/2023:07:58:29 -0500] "GET /BLA/resoluciones/AUTOS%202015/1055.pdf HTTP/1.1" 200 676092
216.244.66.195 - - [13/Oct/2023:07:58:58 -0500] "GET /BLA/resoluciones/AUTOS%202015/1412.pdf HTTP/1.1" 200 651505
216.244.66.195 - - [13/Oct/2023:07:59:27 -0500] "GET /BLA/resoluciones/AUTOS%202015/1604.pdf HTTP/1.1" 200 760440
216.244.66.195 - - [13/Oct/2023:07:59:55 -0500] "GET /BLA/resoluciones/AUTOS%202015/1693.pdf HTTP/1.1" 200 653788
172.22.2.4 - - [13/Oct/2023:07:58:27 -0500] "HEAD /BLA/boletinlegal/ HTTP/1.1" 200 -
216.244.66.195 - - [13/Oct/2023:08:00:20 -0500] "GET /BLA/resoluciones/AUTOS%202015/1753.pdf HTTP/1.1" 200 613895
201.245.192.253 - - [13/Oct/2023:08:00:24 -0500] "POST /forms/lservlet;jsessionid=ac16012b30d606f1b67f89f942dfbf57aa4e5ec06400.e3iSbxaKaheRe34Pbx8Nc3aQci1ynknvrkLOlQzNp65In0 HTTP/1.1" 200 2
216.244.66.195 - - [13/Oct/2023:08:00:45 -0500] "GET /BLA/resoluciones/AUTOS%202015/1974.pdf HTTP/1.1" 200 756784
172.22.2.4 - - [13/Oct/2023:07:59:17 -0500] "GET /BLA/boletinlegal/ HTTP/1.1" 200 53488
216.245.221.92 - - [13/Oct/2023:08:01:04 -0500] "HEAD / HTTP/1.1" 200 -
193.35.18.187 - - [13/Oct/2023:08:01:10 -0500] "CONNECT google.com:443 HTTP/1.1" 405 938
216.244.66.195 - - [13/Oct/2023:08:01:11 -0500] "GET /BLA/resoluciones/AUTOS%202015/2267.pdf HTTP/1.1" 200 635780
3.145.193.50 - - [13/Oct/2023:08:01:13 -0500] "GET / HTTP/1.1" 200 319
95.108.213.237 - - [13/Oct/2023:08:01:13 -0500] "GET /robots.txt HTTP/1.1" 404 1018
95.108.213.150 - - [13/Oct/2023:08:01:14 -0500] "GET / HTTP/1.1" 200 319
216.244.66.195 - - [13/Oct/2023:08:01:34 -0500] "GET /BLA/resoluciones/AUTOS%202015/2593.pdf HTTP/1.1" 200 644367
216.244.66.195 - - [13/Oct/2023:08:01:55 -0500] "GET /BLA/resoluciones/AUTOS%202015/2672.pdf HTTP/1.1" 200 573197
69.63.189.117 - - [13/Oct/2023:08:02:12 -0500] "GET /images/plantacion-humedal-la-conejera.jpg HTTP/1.1" 200 92644
216.244.66.195 - - [13/Oct/2023:08:02:16 -0500] "GET /BLA/resoluciones/AUTOS%202015/2876.pdf HTTP/1.1" 200 918625
69.63.189.120 - - [13/Oct/2023:08:02:19 -0500] "GET /images/Zuque%20(1)%20(1).jpeg HTTP/1.1" 200 66921
201.245.192.253 - - [13/Oct/2023:08:02:24 -0500] "POST /forms/lservlet;jsessionid=ac16012b30d606f1b67f89f942dfbf57aa4e5ec06400.e3iSbxaKaheRe34Pbx8Nc3aQci1ynknvrkLOlQzNp65In0 HTTP/1.1" 200 2
69.63.189.117 - - [13/Oct/2023:08:02:25 -0500] "GET /images/pieza-voluntariado-ambiental.jpeg HTTP/1.1" 200 51125
40.77.167.60 - - [13/Oct/2023:08:02:34 -0500] "GET /BLA/resoluciones/AUTOS%202007/0999.pdf HTTP/1.1" 200 102323
216.244.66.195 - - [13/Oct/2023:08:02:36 -0500] "GET /BLA/resoluciones/AUTOS%202015/3022.pdf HTTP/1.1" 200 438163
216.244.66.195 - - [13/Oct/2023:08:02:54 -0500] "GET /BLA/resoluciones/AUTOS%202015/3091.pdf HTTP/1.1" 200 599138
201.245.192.253 - - [13/Oct/2023:08:03:04 -0500] "POST /kwsrmcab/Wsrmcab  HTTP/1.1" 200 42851
216.244.66.195 - - [13/Oct/2023:08:03:12 -0500] "GET /BLA/resoluciones/AUTOS%202015/3205.pdf HTTP/1.1" 200 625426
172.22.2.4 - - [13/Oct/2023:08:03:22 -0500] "GET /BLA/boletinlegal/actos.php HTTP/1.1" 200 9682
172.22.2.4 - - [13/Oct/2023:08:03:23 -0500] "GET /BLA/boletinlegal/styles2.css HTTP/1.1" 200 1838
172.22.2.4 - - [13/Oct/2023:08:03:23 -0500] "GET /BLA/boletinlegal/js/ajax_actos.js HTTP/1.1" 200 1322
172.22.2.4 - - [13/Oct/2023:08:03:23 -0500] "GET /BLA/boletinlegal/niceforms-default.css HTTP/1.1" 200 6694
172.22.2.4 - - [13/Oct/2023:08:03:23 -0500] "GET /BLA/boletinlegal/style.css HTTP/1.1" 200 9406
172.22.2.4 - - [13/Oct/2023:08:03:23 -0500] "GET /BLA/boletinlegal/niceforms.js HTTP/1.1" 200 22876
172.22.2.4 - - [13/Oct/2023:08:03:23 -0500] "GET /BLA/boletinlegal/js/lib.js HTTP/1.1" 200 6474
172.22.2.4 - - [13/Oct/2023:08:03:23 -0500] "GET /BLA/boletinlegal/js/popup.js HTTP/1.1" 200 1270
172.22.2.4 - - [13/Oct/2023:08:03:23 -0500] "GET /BLA/boletinlegal/js/jquery1.js HTTP/1.1" 200 29846
172.22.2.4 - - [13/Oct/2023:08:03:24 -0500] "GET /BLA/boletinlegal/images/cabezote%20BLEGAL.jpg HTTP/1.1" 200 118164
172.22.2.4 - - [13/Oct/2023:08:03:24 -0500] "GET /BLA/boletinlegal/images/subscribe-icon-big.png HTTP/1.1" 200 47702
172.22.2.4 - - [13/Oct/2023:08:03:25 -0500] "GET /BLA/boletinlegal/images/historia.png HTTP/1.1" 200 52775
172.22.2.4 - - [13/Oct/2023:08:03:25 -0500] "GET /BLA/boletinlegal/images/registro-usuarios.png HTTP/1.1" 200 8106
172.22.2.4 - - [13/Oct/2023:08:03:25 -0500] "GET /BLA/boletinlegal/images/green-yellow-blue-pink-th.png HTTP/1.1" 200 7394
172.22.2.4 - - [13/Oct/2023:08:03:25 -0500] "GET /BLA/boletinlegal/images/tel.png HTTP/1.1" 200 14477
172.22.2.4 - - [13/Oct/2023:08:03:25 -0500] "GET /BLA/boletinlegal/images/icono-email.png HTTP/1.1" 200 5544
172.22.2.4 - - [13/Oct/2023:08:03:25 -0500] "GET /BLA/boletinlegal/images/body_bg.jpg HTTP/1.1" 200 1601
172.22.2.4 - - [13/Oct/2023:08:03:25 -0500] "GET /BLA/boletinlegal/images/menu_lft.gif HTTP/1.1" 200 1713
172.22.2.4 - - [13/Oct/2023:08:03:25 -0500] "GET /BLA/boletinlegal/images/menu_rght.gif HTTP/1.1" 200 1627
172.22.2.4 - - [13/Oct/2023:08:03:25 -0500] "GET /BLA/boletinlegal/images/bg_top.jpg HTTP/1.1" 200 522
172.22.2.4 - - [13/Oct/2023:08:03:25 -0500] "GET /BLA/boletinlegal/images/hover.jpg HTTP/1.1" 200 640
172.22.2.4 - - [13/Oct/2023:08:03:25 -0500] "GET /BLA/boletinlegal/images/menu_bg.jpg HTTP/1.1" 200 620
172.22.2.4 - - [13/Oct/2023:08:03:25 -0500] "GET /BLA/boletinlegal/images/text.jpg HTTP/1.1" 200 568
172.22.2.4 - - [13/Oct/2023:08:03:26 -0500] "GET /BLA/boletinlegal/images/footer_bg.jpg HTTP/1.1" 200 586
172.22.2.4 - - [13/Oct/2023:08:03:26 -0500] "GET /BLA/boletinlegal/images/footer_bg_l.jpg HTTP/1.1" 200 776
216.244.66.195 - - [13/Oct/2023:08:03:28 -0500] "GET /BLA/resoluciones/AUTOS%202015/3283.pdf HTTP/1.1" 200 534347
172.22.2.4 - - [13/Oct/2023:08:03:31 -0500] "GET /BLA/boletinlegal/img/0.png HTTP/1.1" 200 110
172.22.2.4 - - [13/Oct/2023:08:03:32 -0500] "GET /BLA/boletinlegal/img/select-left.png HTTP/1.1" 200 263
172.22.2.4 - - [13/Oct/2023:08:03:32 -0500] "GET /BLA/boletinlegal/img/select-right.png HTTP/1.1" 200 44019
172.22.2.4 - - [13/Oct/2023:08:03:32 -0500] "GET /BLA/boletinlegal/img/button.png HTTP/1.1" 200 43241
172.22.2.4 - - [13/Oct/2023:08:03:32 -0500] "GET /BLA/boletinlegal/img/button-right.png HTTP/1.1" 200 57878
172.22.2.4 - - [13/Oct/2023:08:03:32 -0500] "GET /BLA/boletinlegal/img/button-left.png HTTP/1.1" 200 57071
172.22.2.4 - - [13/Oct/2023:08:03:42 -0500] "GET /BLA/boletinlegal/favicon.ico HTTP/1.1" 404 1230
216.244.66.195 - - [13/Oct/2023:08:03:44 -0500] "GET /BLA/resoluciones/AUTOS%202015/3529.pdf HTTP/1.1" 200 594080
216.244.66.195 - - [13/Oct/2023:08:03:58 -0500] "GET /BLA/resoluciones/AUTOS%202015/3543.pdf HTTP/1.1" 200 654465
216.244.66.195 - - [13/Oct/2023:08:04:12 -0500] "GET /BLA/resoluciones/AUTOS%202019/1104.pdf HTTP/1.1" 200 296052
216.244.66.195 - - [13/Oct/2023:08:04:24 -0500] "GET /BLA/resoluciones/AUTOS%202019/2060.pdf HTTP/1.1" 200 259604
201.245.192.253 - - [13/Oct/2023:08:04:24 -0500] "POST /forms/lservlet;jsessionid=ac16012b30d606f1b67f89f942dfbf57aa4e5ec06400.e3iSbxaKaheRe34Pbx8Nc3aQci1ynknvrkLOlQzNp65In0 HTTP/1.1" 200 2
216.244.66.195 - - [13/Oct/2023:08:04:35 -0500] "GET /BLA/resoluciones/RESOLUCIONES%202011/1656.pdf HTTP/1.1" 200 715834
216.244.66.195 - - [13/Oct/2023:08:04:59 -0500] "GET /BLA/resoluciones/RESOLUCIONES%202011/1798.pdf HTTP/1.1" 200 517494
40.77.167.60 - - [13/Oct/2023:08:05:15 -0500] "GET /Publicaciones/2023EE235382.pdf HTTP/1.1" 200 461833
216.244.66.195 - - [13/Oct/2023:08:05:17 -0500] "GET /BLA/resoluciones/RESOLUCIONES%202011/1802.pdf HTTP/1.1" 200 516782
3.145.193.50 - - [13/Oct/2023:08:05:19 -0500] "GET / HTTP/1.1" 200 319
52.167.144.136 - - [13/Oct/2023:08:05:34 -0500] "GET /Publicaciones/2023EE235688.pdf HTTP/1.1" 200 232063
216.244.66.195 - - [13/Oct/2023:08:05:38 -0500] "GET /BLA/resoluciones/RESOLUCIONES%202011/1869.pdf HTTP/1.1" 200 513378
40.94.25.172 - - [13/Oct/2023:08:05:40 -0500] "GET /BLA/resoluciones/RESOLUCIONES%202019/3806.pdf HTTP/1.1" 200 1318068
40.94.25.147 - - [13/Oct/2023:08:05:40 -0500] "GET /BLA/resoluciones/RESOLUCIONES%202019/3641.pdf HTTP/1.1" 404 1018
40.94.25.167 - - [13/Oct/2023:08:05:40 -0500] "GET /BLA/resoluciones/RESOLUCIONES%202019/3810. HTTP/1.1" 404 1018
40.94.25.208 - - [13/Oct/2023:08:05:40 -0500] "GET /BLA/resoluciones/RESOLUCIONES%202019/3805.pdf HTTP/1.1" 200 709520
40.94.25.210 - - [13/Oct/2023:08:05:40 -0500] "GET /BLA/resoluciones/RESOLUCIONES%202019/3642.pdf HTTP/1.1" 404 1018
40.94.25.191 - - [13/Oct/2023:08:05:40 -0500] "GET /BLA/resoluciones/RESOLUCIONES%202019/3808.pdf HTTP/1.1" 200 954142
172.22.2.4 - - [13/Oct/2023:08:05:42 -0500] "GET /BLA/boletinlegal/actos.php HTTP/1.1" 200 9682
172.22.2.4 - - [13/Oct/2023:08:05:50 -0500] "GET /BLA/boletinlegal/styles2.css HTTP/1.1" 200 1838
172.22.2.4 - - [13/Oct/2023:08:05:50 -0500] "GET /BLA/boletinlegal/niceforms-default.css HTTP/1.1" 200 6694
172.22.2.4 - - [13/Oct/2023:08:05:50 -0500] "GET /BLA/boletinlegal/style.css HTTP/1.1" 200 9406
172.22.2.4 - - [13/Oct/2023:08:05:50 -0500] "GET /BLA/boletinlegal/js/ajax_actos.js HTTP/1.1" 200 1322
172.22.2.4 - - [13/Oct/2023:08:05:50 -0500] "GET /BLA/boletinlegal/niceforms.js HTTP/1.1" 200 22876
172.22.2.4 - - [13/Oct/2023:08:05:50 -0500] "GET /BLA/boletinlegal/js/lib.js HTTP/1.1" 200 6474
172.22.2.4 - - [13/Oct/2023:08:05:50 -0500] "GET /BLA/boletinlegal/js/popup.js HTTP/1.1" 200 1270
172.22.2.4 - - [13/Oct/2023:08:05:50 -0500] "GET /BLA/boletinlegal/js/jquery1.js HTTP/1.1" 200 29846
172.22.2.4 - - [13/Oct/2023:08:05:57 -0500] "GET /BLA/boletinlegal/images/subscribe-icon-big.png HTTP/1.1" 200 47702
172.22.2.4 - - [13/Oct/2023:08:05:57 -0500] "GET /BLA/boletinlegal/images/cabezote%20BLEGAL.jpg HTTP/1.1" 200 118164
172.22.2.4 - - [13/Oct/2023:08:04:17 -0500] "HEAD /BLA/boletinlegal/ HTTP/1.1" 200 -
172.22.2.4 - - [13/Oct/2023:08:05:57 -0500] "GET /BLA/boletinlegal/images/historia.png HTTP/1.1" 200 52775
172.22.2.4 - - [13/Oct/2023:08:05:57 -0500] "GET /BLA/boletinlegal/images/registro-usuarios.png HTTP/1.1" 200 8106
172.22.2.4 - - [13/Oct/2023:08:05:57 -0500] "GET /BLA/boletinlegal/images/tel.png HTTP/1.1" 200 14477
172.22.2.4 - - [13/Oct/2023:08:05:57 -0500] "GET /BLA/boletinlegal/images/green-yellow-blue-pink-th.png HTTP/1.1" 200 7394
172.22.2.4 - - [13/Oct/2023:08:05:57 -0500] "GET /BLA/boletinlegal/images/icono-email.png HTTP/1.1" 200 5544
172.22.2.4 - - [13/Oct/2023:08:05:57 -0500] "GET /BLA/boletinlegal/images/body_bg.jpg HTTP/1.1" 200 1601
172.22.2.4 - - [13/Oct/2023:08:05:58 -0500] "GET /BLA/boletinlegal/images/menu_lft.gif HTTP/1.1" 200 1713
172.22.2.4 - - [13/Oct/2023:08:05:58 -0500] "GET /BLA/boletinlegal/images/menu_rght.gif HTTP/1.1" 200 1627
172.22.2.4 - - [13/Oct/2023:08:05:58 -0500] "GET /BLA/boletinlegal/images/bg_top.jpg HTTP/1.1" 200 522
172.22.2.4 - - [13/Oct/2023:08:05:58 -0500] "GET /BLA/boletinlegal/images/menu_bg.jpg HTTP/1.1" 200 620
172.22.2.4 - - [13/Oct/2023:08:05:58 -0500] "GET /BLA/boletinlegal/images/hover.jpg HTTP/1.1" 200 640
172.22.2.4 - - [13/Oct/2023:08:05:58 -0500] "GET /BLA/boletinlegal/images/text.jpg HTTP/1.1" 200 568
172.22.2.4 - - [13/Oct/2023:08:05:59 -0500] "GET /BLA/boletinlegal/images/footer_bg.jpg HTTP/1.1" 200 586
172.22.2.4 - - [13/Oct/2023:08:06:00 -0500] "GET /BLA/boletinlegal/images/footer_bg_l.jpg HTTP/1.1" 200 776
172.22.2.4 - - [13/Oct/2023:08:06:03 -0500] "GET /BLA/boletinlegal/img/button.png HTTP/1.1" 200 43241
172.22.2.4 - - [13/Oct/2023:08:06:03 -0500] "GET /BLA/boletinlegal/img/button-left.png HTTP/1.1" 200 57071
172.22.2.4 - - [13/Oct/2023:08:06:03 -0500] "GET /BLA/boletinlegal/img/select-right.png HTTP/1.1" 200 44019
172.22.2.4 - - [13/Oct/2023:08:06:03 -0500] "GET /BLA/boletinlegal/img/0.png HTTP/1.1" 200 110
172.22.2.4 - - [13/Oct/2023:08:06:03 -0500] "GET /BLA/boletinlegal/img/button-right.png HTTP/1.1" 200 57878
172.22.2.4 - - [13/Oct/2023:08:06:03 -0500] "GET /BLA/boletinlegal/img/select-left.png HTTP/1.1" 200 263
216.245.221.92 - - [13/Oct/2023:08:06:04 -0500] "HEAD / HTTP/1.1" 200 -
40.94.25.202 - - [13/Oct/2023:08:06:05 -0500] "GET /favicon.ico HTTP/1.1" 200 7782
172.22.2.4 - - [13/Oct/2023:08:06:12 -0500] "GET /BLA/boletinlegal/favicon.ico HTTP/1.1" 404 1230
216.244.66.195 - - [13/Oct/2023:08:06:13 -0500] "GET /BLA/resoluciones/RESOLUCIONES%202011/1973.pdf HTTP/1.1" 200 502674
201.245.192.253 - - [13/Oct/2023:08:06:24 -0500] "POST /forms/lservlet;jsessionid=ac16012b30d606f1b67f89f942dfbf57aa4e5ec06400.e3iSbxaKaheRe34Pbx8Nc3aQci1ynknvrkLOlQzNp65In0 HTTP/1.1" 200 2
216.244.66.195 - - [13/Oct/2023:08:06:42 -0500] "GET /BLA/resoluciones/RESOLUCIONES%202011/2113.pdf HTTP/1.1" 200 510431
172.22.2.4 - - [13/Oct/2023:08:05:07 -0500] "GET /BLA/boletinlegal/ HTTP/1.1" 200 54982
216.244.66.195 - - [13/Oct/2023:08:07:11 -0500] "GET /BLA/resoluciones/RESOLUCIONES%202011/2332.pdf HTTP/1.1" 200 781748
216.244.66.195 - - [13/Oct/2023:08:07:38 -0500] "GET /BLA/resoluciones/RESOLUCIONES%202011/2370.pdf HTTP/1.1" 200 510697
216.244.66.195 - - [13/Oct/2023:08:08:03 -0500] "GET /BLA/resoluciones/RESOLUCIONES%202018/0695.pdf HTTP/1.1" 200 273610
201.245.192.253 - - [13/Oct/2023:08:08:03 -0500] "POST /kwsrmcab/Wsrmcab  HTTP/1.1" 200 42851
201.245.192.253 - - [13/Oct/2023:08:08:24 -0500] "POST /forms/lservlet;jsessionid=ac16012b30d606f1b67f89f942dfbf57aa4e5ec06400.e3iSbxaKaheRe34Pbx8Nc3aQci1ynknvrkLOlQzNp65In0 HTTP/1.1" 200 2
216.244.66.195 - - [13/Oct/2023:08:08:28 -0500] "GET /BLA/resoluciones/RESOLUCIONES%202018/0807.pdf HTTP/1.1" 200 368568
40.77.167.70 - - [13/Oct/2023:08:08:41 -0500] "GET /images/rana-silvestre.jpg HTTP/1.1" 200 42227
216.244.66.195 - - [13/Oct/2023:08:08:52 -0500] "GET /BLA/resoluciones/RESOLUCIONES%202018/0875.pdf HTTP/1.1" 200 303117
216.244.66.195 - - [13/Oct/2023:08:09:14 -0500] "GET /BLA/resoluciones/RESOLUCIONES%202018/0879.pdf HTTP/1.1" 200 302498
172.22.2.4 - - [13/Oct/2023:08:09:25 -0500] "GET /BLA/boletinlegal/actos.php HTTP/1.1" 200 9682
172.22.2.4 - - [13/Oct/2023:08:09:27 -0500] "GET /BLA/boletinlegal/styles2.css HTTP/1.1" 200 1838
172.22.2.4 - - [13/Oct/2023:08:09:27 -0500] "GET /BLA/boletinlegal/niceforms-default.css HTTP/1.1" 200 6694
172.22.2.4 - - [13/Oct/2023:08:09:27 -0500] "GET /BLA/boletinlegal/style.css HTTP/1.1" 200 9406
172.22.2.4 - - [13/Oct/2023:08:09:27 -0500] "GET /BLA/boletinlegal/js/ajax_actos.js HTTP/1.1" 200 1322
172.22.2.4 - - [13/Oct/2023:08:09:27 -0500] "GET /BLA/boletinlegal/js/lib.js HTTP/1.1" 200 6474
172.22.2.4 - - [13/Oct/2023:08:09:27 -0500] "GET /BLA/boletinlegal/niceforms.js HTTP/1.1" 200 22876
172.22.2.4 - - [13/Oct/2023:08:09:27 -0500] "GET /BLA/boletinlegal/js/popup.js HTTP/1.1" 200 1270
172.22.2.4 - - [13/Oct/2023:08:09:27 -0500] "GET /BLA/boletinlegal/js/jquery1.js HTTP/1.1" 200 29846
172.22.2.4 - - [13/Oct/2023:08:09:29 -0500] "GET /BLA/boletinlegal/images/cabezote%20BLEGAL.jpg HTTP/1.1" 200 118164
172.22.2.4 - - [13/Oct/2023:08:09:29 -0500] "GET /BLA/boletinlegal/images/subscribe-icon-big.png HTTP/1.1" 200 47702
172.22.2.4 - - [13/Oct/2023:08:09:29 -0500] "GET /BLA/boletinlegal/images/historia.png HTTP/1.1" 200 52775
172.22.2.4 - - [13/Oct/2023:08:09:29 -0500] "GET /BLA/boletinlegal/images/registro-usuarios.png HTTP/1.1" 200 8106
172.22.2.4 - - [13/Oct/2023:08:09:29 -0500] "GET /BLA/boletinlegal/images/green-yellow-blue-pink-th.png HTTP/1.1" 200 7394
172.22.2.4 - - [13/Oct/2023:08:09:29 -0500] "GET /BLA/boletinlegal/images/tel.png HTTP/1.1" 200 14477
172.22.2.4 - - [13/Oct/2023:08:09:29 -0500] "GET /BLA/boletinlegal/images/icono-email.png HTTP/1.1" 200 5544
