186.84.90.99 - - [13/Oct/2023:05:35:25 -0500] "GET /sipse/faces/javax.faces.resource/layout/layout.js?ln=primefaces&v=4.0 HTTP/1.1" 304 -
186.84.90.99 - - [13/Oct/2023:05:35:31 -0500] "POST /sipse/faces/presentacion/financiero/solicitudProceso/asignarContratacion.xhtml HTTP/1.1" 200 32462
186.84.90.99 - - [13/Oct/2023:05:35:33 -0500] "GET /sipse/faces/javax.faces.resource/theme.css?ln=primefaces-sipse HTTP/1.1" 304 -
186.84.90.99 - - [13/Oct/2023:05:35:33 -0500] "GET /sipse/faces/javax.faces.resource/primefaces.css?ln=primefaces&v=4.0 HTTP/1.1" 304 -
186.84.90.99 - - [13/Oct/2023:05:35:33 -0500] "GET /sipse/faces/javax.faces.resource/layout/layout.css?ln=primefaces&v=4.0 HTTP/1.1" 304 -
186.84.90.99 - - [13/Oct/2023:05:35:33 -0500] "GET /sipse/faces/javax.faces.resource/jquery/jquery.js?ln=primefaces&v=4.0 HTTP/1.1" 304 -
186.84.90.99 - - [13/Oct/2023:05:35:33 -0500] "GET /sipse/faces/javax.faces.resource/jquery/jquery-plugins.js?ln=primefaces&v=4.0 HTTP/1.1" 304 -
186.84.90.99 - - [13/Oct/2023:05:35:33 -0500] "GET /sipse/faces/javax.faces.resource/primefaces.js?ln=primefaces&v=4.0 HTTP/1.1" 304 -
186.84.90.99 - - [13/Oct/2023:05:35:33 -0500] "GET /sipse/faces/javax.faces.resource/layout/layout.js?ln=primefaces&v=4.0 HTTP/1.1" 304 -
186.84.90.99 - - [13/Oct/2023:05:35:34 -0500] "POST /sipse/faces/presentacion/financiero/solicitudProceso/listarSolicitudProceso.xhtml HTTP/1.1" 200 1376
216.245.221.92 - - [13/Oct/2023:05:36:04 -0500] "HEAD / HTTP/1.1" 200 -
201.245.192.253 - - [13/Oct/2023:05:38:02 -0500] "POST /kwsrmcab/Wsrmcab HTTP/1.1" 200 42903
201.245.192.253 - - [13/Oct/2023:05:38:05 -0500] "POST /kwsrmcab/Wsrmcab HTTP/1.1" 200 40653
201.245.192.253 - - [13/Oct/2023:05:38:30 -0500] "POST /kwsrmcab/Wsrmcab  HTTP/1.1" 200 42851
216.244.66.195 - - [13/Oct/2023:05:39:46 -0500] "GET /robots.txt HTTP/1.1" 404 1018
173.252.107.4 - - [13/Oct/2023:05:40:07 -0500] "GET /dia-internacional-de-la-tierra-cambio-de-habitos-para-su-proteccion-y-conservacion.html HTTP/1.1" 200 1014
172.22.2.4 - - [13/Oct/2023:05:38:27 -0500] "HEAD /BLA/boletinlegal/ HTTP/1.1" 200 -
172.22.2.4 - - [13/Oct/2023:05:39:18 -0500] "GET /BLA/boletinlegal/ HTTP/1.1" 200 58155
216.245.221.92 - - [13/Oct/2023:05:41:04 -0500] "HEAD / HTTP/1.1" 200 -
201.245.192.253 - - [13/Oct/2023:05:43:29 -0500] "POST /kwsrmcab/Wsrmcab  HTTP/1.1" 200 42851
40.77.190.68 - - [13/Oct/2023:05:44:09 -0500] "GET /portaldeninos/wp-content/themes/betheme/fonts/mfn-icons.woff?93978679 HTTP/1.1" 200 80932
40.77.190.68 - - [13/Oct/2023:05:44:11 -0500] "GET /portaldeninos/wp-json/pum/v1/analytics/?event=open&pid=1126&_cache=1697193799176 HTTP/1.1" 204 -
40.77.190.68 - - [13/Oct/2023:05:44:08 -0500] "GET /portaldeninos/wp-content/uploads/2019/06/CabezoteAMBIENTIC.mp4 HTTP/1.1" 206 8091877
40.77.190.68 - - [13/Oct/2023:05:44:08 -0500] "GET /portaldeninos/wp-content/uploads/2023/08/Infografia-Web-Infantil.mp4 HTTP/1.1" 206 7018417
172.22.2.4 - - [13/Oct/2023:05:44:17 -0500] "HEAD /BLA/boletinlegal/ HTTP/1.1" 200 -
216.245.221.92 - - [13/Oct/2023:05:46:04 -0500] "HEAD / HTTP/1.1" 200 -
172.22.2.4 - - [13/Oct/2023:05:45:08 -0500] "GET /BLA/boletinlegal/ HTTP/1.1" 200 60175
157.55.39.225 - - [13/Oct/2023:05:47:10 -0500] "GET /robots.txt HTTP/1.1" 404 1049
40.77.167.43 - - [13/Oct/2023:05:47:17 -0500] "GET /BLA/boletinlegal/jurisprudencia/analisis/AnalisisT-146-16.docx HTTP/1.1" 200 23021
201.245.192.253 - - [13/Oct/2023:05:48:29 -0500] "POST /kwsrmcab/Wsrmcab  HTTP/1.1" 200 42851
192.241.196.119 - - [13/Oct/2023:05:49:36 -0500] "GET / HTTP/1.1" 200 319
186.31.173.154 - - [13/Oct/2023:05:49:47 -0500] "GET /sipse/faces/index.xhtml HTTP/1.1" 200 677
186.31.173.154 - - [13/Oct/2023:05:49:47 -0500] "GET /sipse/faces/javax.faces.resource/theme.css?ln=primefaces-sipse HTTP/1.1" 304 -
186.31.173.154 - - [13/Oct/2023:05:49:47 -0500] "GET /sipse/faces/faces/autenticacion.xhtml HTTP/1.1" 200 12405
186.31.173.154 - - [13/Oct/2023:05:49:48 -0500] "GET /sipse/css/custom_css_sg.css HTTP/1.1" 200 9694
186.31.173.154 - - [13/Oct/2023:05:49:48 -0500] "GET /sipse/css/custom_css_sg_prime_login.css HTTP/1.1" 200 443
186.31.173.154 - - [13/Oct/2023:05:49:48 -0500] "GET /sipse/faces/javax.faces.resource/theme.css?ln=primefaces-sipse HTTP/1.1" 304 -
186.31.173.154 - - [13/Oct/2023:05:49:48 -0500] "GET /sipse/faces/javax.faces.resource/primefaces.css?ln=primefaces&v=4.0 HTTP/1.1" 304 -
186.31.173.154 - - [13/Oct/2023:05:49:48 -0500] "GET /sipse/js/disable_browser_buttons.js HTTP/1.1" 200 3230
186.31.173.154 - - [13/Oct/2023:05:49:48 -0500] "GET /sipse/faces/javax.faces.resource/layout/layout.css?ln=primefaces&v=4.0 HTTP/1.1" 304 -
186.31.173.154 - - [13/Oct/2023:05:49:48 -0500] "GET /sipse/js/funciones.js HTTP/1.1" 200 12592
186.31.173.154 - - [13/Oct/2023:05:49:48 -0500] "GET /sipse/faces/javax.faces.resource/jquery/jquery-plugins.js?ln=primefaces&v=4.0 HTTP/1.1" 304 -
186.31.173.154 - - [13/Oct/2023:05:49:48 -0500] "GET /sipse/faces/javax.faces.resource/jquery/jquery.js?ln=primefaces&v=4.0 HTTP/1.1" 304 -
186.31.173.154 - - [13/Oct/2023:05:49:48 -0500] "GET /sipse/faces/javax.faces.resource/primefaces.js?ln=primefaces&v=4.0 HTTP/1.1" 304 -
186.31.173.154 - - [13/Oct/2023:05:49:48 -0500] "GET /sipse/faces/javax.faces.resource/layout/layout.js?ln=primefaces&v=4.0 HTTP/1.1" 304 -
186.31.173.154 - - [13/Oct/2023:05:49:48 -0500] "GET /sipse/css/imagen/loginimg.png HTTP/1.1" 200 71635
186.31.173.154 - - [13/Oct/2023:05:49:48 -0500] "GET /sipse/css/imagen/logoSDG.png HTTP/1.1" 200 53064
186.31.173.154 - - [13/Oct/2023:05:49:48 -0500] "GET /sipse/faces/javax.faces.resource/images/ui-icons_898989_256x240.png?ln=primefaces-aristo HTTP/1.1" 304 -
186.31.173.154 - - [13/Oct/2023:05:49:50 -0500] "POST /sipse/faces/autenticacion.xhtml HTTP/1.1" 200 16288
186.31.173.154 - - [13/Oct/2023:05:49:50 -0500] "GET /sipse/faces/javax.faces.resource/theme.css?ln=primefaces-sipse HTTP/1.1" 304 -
186.31.173.154 - - [13/Oct/2023:05:49:50 -0500] "GET /sipse/faces/javax.faces.resource/primefaces.css?ln=primefaces&v=4.0 HTTP/1.1" 304 -
186.31.173.154 - - [13/Oct/2023:05:49:50 -0500] "GET /sipse/faces/javax.faces.resource/layout/layout.css?ln=primefaces&v=4.0 HTTP/1.1" 304 -
186.31.173.154 - - [13/Oct/2023:05:49:50 -0500] "GET /sipse/css/custom_css_sg_prime.css HTTP/1.1" 200 5201
186.31.173.154 - - [13/Oct/2023:05:49:50 -0500] "GET /sipse/js/jquery.min.js HTTP/1.1" 200 85582
186.31.173.154 - - [13/Oct/2023:05:49:50 -0500] "GET /sipse/faces/javax.faces.resource/jquery/jquery.js?ln=primefaces&v=4.0 HTTP/1.1" 304 -
186.31.173.154 - - [13/Oct/2023:05:49:50 -0500] "GET /sipse/faces/javax.faces.resource/jquery/jquery-plugins.js?ln=primefaces&v=4.0 HTTP/1.1" 304 -
186.31.173.154 - - [13/Oct/2023:05:49:50 -0500] "GET /sipse/faces/javax.faces.resource/primefaces.js?ln=primefaces&v=4.0 HTTP/1.1" 304 -
186.31.173.154 - - [13/Oct/2023:05:49:50 -0500] "GET /sipse/faces/javax.faces.resource/layout/layout.js?ln=primefaces&v=4.0 HTTP/1.1" 304 -
186.31.173.154 - - [13/Oct/2023:05:49:50 -0500] "GET /sipse/css/v_mergente.css HTTP/1.1" 200 1505
186.31.173.154 - - [13/Oct/2023:05:49:50 -0500] "GET /sipse/css/imagen/contrasena.png HTTP/1.1" 404 383
186.31.173.154 - - [13/Oct/2023:05:49:50 -0500] "GET /sipse/faces/javax.faces.resource/messages/messages.png?ln=primefaces&v=4.0 HTTP/1.1" 304 -
186.31.173.154 - - [13/Oct/2023:05:49:50 -0500] "GET /sipse/imagenes/cargando.gif HTTP/1.1" 200 36959
186.31.173.154 - - [13/Oct/2023:05:49:50 -0500] "GET /sipse/imagenes/logoAplicacion.jpg HTTP/1.1" 200 155084
186.31.173.154 - - [13/Oct/2023:05:49:56 -0500] "GET /sipse/faces/javax.faces.resource/images/ui-bg_flat_0_2d5972_40x100.png?ln=primefaces-aristo HTTP/1.1" 304 -
186.31.173.154 - - [13/Oct/2023:05:49:56 -0500] "POST /sipse/faces/bienvenido.xhtml HTTP/1.1" 200 1471
186.31.173.154 - - [13/Oct/2023:05:49:57 -0500] "POST /sipse/faces/bienvenido.xhtml HTTP/1.1" 200 34417
186.31.173.154 - - [13/Oct/2023:05:49:57 -0500] "GET /sipse/faces/javax.faces.resource/theme.css?ln=primefaces-sipse HTTP/1.1" 304 -
186.31.173.154 - - [13/Oct/2023:05:49:57 -0500] "GET /sipse/faces/javax.faces.resource/primefaces.css?ln=primefaces&v=4.0 HTTP/1.1" 304 -
186.31.173.154 - - [13/Oct/2023:05:49:57 -0500] "GET /sipse/faces/javax.faces.resource/layout/layout.css?ln=primefaces&v=4.0 HTTP/1.1" 304 -
186.31.173.154 - - [13/Oct/2023:05:49:57 -0500] "GET /sipse/faces/javax.faces.resource/jquery/jquery.js?ln=primefaces&v=4.0 HTTP/1.1" 304 -
186.31.173.154 - - [13/Oct/2023:05:49:57 -0500] "GET /sipse/faces/javax.faces.resource/jquery/jquery-plugins.js?ln=primefaces&v=4.0 HTTP/1.1" 304 -
186.31.173.154 - - [13/Oct/2023:05:49:57 -0500] "GET /sipse/faces/javax.faces.resource/primefaces.js?ln=primefaces&v=4.0 HTTP/1.1" 304 -
186.31.173.154 - - [13/Oct/2023:05:49:57 -0500] "GET /sipse/faces/javax.faces.resource/layout/layout.js?ln=primefaces&v=4.0 HTTP/1.1" 304 -
186.31.173.154 - - [13/Oct/2023:05:49:57 -0500] "POST /sipse/faces/presentacion/financiero/solicitudProceso/listarSolicitudProceso.xhtml HTTP/1.1" 200 1396
64.124.8.51 - - [13/Oct/2023:05:50:07 -0500] "GET /catalogoisis/imagenes/br3c3.gif HTTP/1.1" 200 186
186.31.173.154 - - [13/Oct/2023:05:50:11 -0500] "POST /sipse/faces/presentacion/financiero/solicitudProceso/listarSolicitudProceso.xhtml HTTP/1.1" 200 121400
186.31.173.154 - - [13/Oct/2023:05:50:11 -0500] "GET /sipse/faces/javax.faces.resource/theme.css?ln=primefaces-sipse HTTP/1.1" 304 -
186.31.173.154 - - [13/Oct/2023:05:50:11 -0500] "GET /sipse/faces/javax.faces.resource/primefaces.css?ln=primefaces&v=4.0 HTTP/1.1" 304 -
186.31.173.154 - - [13/Oct/2023:05:50:11 -0500] "GET /sipse/faces/javax.faces.resource/layout/layout.css?ln=primefaces&v=4.0 HTTP/1.1" 304 -
186.31.173.154 - - [13/Oct/2023:05:50:11 -0500] "GET /sipse/faces/javax.faces.resource/jquery/jquery.js?ln=primefaces&v=4.0 HTTP/1.1" 304 -
186.31.173.154 - - [13/Oct/2023:05:50:11 -0500] "GET /sipse/faces/javax.faces.resource/jquery/jquery-plugins.js?ln=primefaces&v=4.0 HTTP/1.1" 304 -
186.31.173.154 - - [13/Oct/2023:05:50:12 -0500] "GET /sipse/faces/javax.faces.resource/primefaces.js?ln=primefaces&v=4.0 HTTP/1.1" 304 -
186.31.173.154 - - [13/Oct/2023:05:50:12 -0500] "GET /sipse/faces/javax.faces.resource/layout/layout.js?ln=primefaces&v=4.0 HTTP/1.1" 304 -
216.245.221.92 - - [13/Oct/2023:05:51:04 -0500] "HEAD / HTTP/1.1" 200 -
40.77.167.33 - - [13/Oct/2023:05:51:39 -0500] "GET /Publicaciones/2023EE131476.pdf HTTP/1.1" 404 228
40.77.167.33 - - [13/Oct/2023:05:51:40 -0500] "GET / HTTP/1.1" 200 319
172.22.2.4 - - [13/Oct/2023:05:50:07 -0500] "HEAD /BLA/boletinlegal/ HTTP/1.1" 200 -
172.22.2.4 - - [13/Oct/2023:05:52:23 -0500] "GET /BLA/boletinlegal/jurisprudencia.php HTTP/1.1" 200 17583
172.22.2.4 - - [13/Oct/2023:05:50:58 -0500] "GET /BLA/boletinlegal/ HTTP/1.1" 200 57802
201.245.192.253 - - [13/Oct/2023:05:53:27 -0500] "POST /kwsrmcab/Wsrmcab  HTTP/1.1" 200 42851
216.244.66.195 - - [13/Oct/2023:05:54:10 -0500] "GET /BLA/resoluciones/AUTOS%202007/1578.pdf HTTP/1.1" 200 29323
216.244.66.195 - - [13/Oct/2023:05:54:16 -0500] "GET /BLA/resoluciones/AUTOS%202007/1866.pdf HTTP/1.1" 200 87288
52.167.144.187 - - [13/Oct/2023:05:54:19 -0500] "GET /Publicaciones/2023EE235363.pdf HTTP/1.1" 200 472057
216.244.66.195 - - [13/Oct/2023:05:54:21 -0500] "GET /BLA/resoluciones/AUTOS%202009/1091.pdf HTTP/1.1" 200 96735
216.244.66.195 - - [13/Oct/2023:05:54:25 -0500] "GET /BLA/resoluciones/AUTOS%202009/1122.pdf HTTP/1.1" 200 95970
216.244.66.195 - - [13/Oct/2023:05:54:30 -0500] "GET /BLA/resoluciones/AUTOS%202009/1290.pdf HTTP/1.1" 200 351418
216.244.66.195 - - [13/Oct/2023:05:54:34 -0500] "GET /BLA/resoluciones/AUTOS%202009/1410.pdf HTTP/1.1" 200 193159
216.244.66.195 - - [13/Oct/2023:05:54:38 -0500] "GET /BLA/resoluciones/AUTOS%202009/1523.pdf HTTP/1.1" 200 99271
216.244.66.195 - - [13/Oct/2023:05:54:50 -0500] "GET /BLA/resoluciones/AUTOS%202009/1800.pdf HTTP/1.1" 200 108780
173.252.83.119 - - [13/Oct/2023:05:54:55 -0500] "GET /bogota-reverdece-100-nuevos-arboles-para-el-humedal-capellania.html HTTP/1.1" 200 807
216.244.66.195 - - [13/Oct/2023:05:54:58 -0500] "GET /BLA/resoluciones/AUTOS%202009/1857.pdf HTTP/1.1" 200 100848
216.244.66.195 - - [13/Oct/2023:05:55:04 -0500] "GET /BLA/resoluciones/AUTOS%202009/1871.pdf HTTP/1.1" 200 102713
216.244.66.195 - - [13/Oct/2023:05:55:12 -0500] "GET /BLA/resoluciones/AUTOS%202009/2042.pdf HTTP/1.1" 200 205210
66.249.73.36 - - [13/Oct/2023:05:55:30 -0500] "GET /BLA/resoluciones/RESOLUCIONES%202008/0794.pdf HTTP/1.1" 200 452114
216.244.66.195 - - [13/Oct/2023:05:55:30 -0500] "GET /BLA/resoluciones/AUTOS%202009/2178.pdf HTTP/1.1" 200 76817
216.244.66.195 - - [13/Oct/2023:05:55:48 -0500] "GET /BLA/resoluciones/AUTOS%202009/2194.pdf HTTP/1.1" 200 112965
216.244.66.195 - - [13/Oct/2023:05:56:01 -0500] "GET /BLA/resoluciones/AUTOS%202009/2309.pdf HTTP/1.1" 200 137845
216.245.221.92 - - [13/Oct/2023:05:56:04 -0500] "HEAD / HTTP/1.1" 200 -
216.244.66.195 - - [13/Oct/2023:05:56:23 -0500] "GET /BLA/resoluciones/AUTOS%202009/2439.pdf HTTP/1.1" 200 101646
216.244.66.195 - - [13/Oct/2023:05:56:42 -0500] "GET /BLA/resoluciones/AUTOS%202011/0124.pdf HTTP/1.1" 200 112420
216.244.66.195 - - [13/Oct/2023:05:57:01 -0500] "GET /BLA/resoluciones/AUTOS%202011/0741.pdf HTTP/1.1" 200 206620
216.244.66.195 - - [13/Oct/2023:05:57:16 -0500] "GET /BLA/resoluciones/AUTOS%202011/1301.pdf HTTP/1.1" 200 162239
172.22.2.4 - - [13/Oct/2023:05:55:57 -0500] "HEAD /BLA/boletinlegal/ HTTP/1.1" 200 -
172.22.2.4 - - [13/Oct/2023:05:56:35 -0500] "GET /BLA/boletinlegal/ HTTP/1.1" 200 32715
216.244.66.195 - - [13/Oct/2023:05:57:42 -0500] "GET /BLA/resoluciones/AUTOS%202011/1405.pdf HTTP/1.1" 200 211493
216.244.66.195 - - [13/Oct/2023:05:58:15 -0500] "GET /BLA/resoluciones/AUTOS%202011/1423.pdf HTTP/1.1" 200 155567
172.22.2.4 - - [13/Oct/2023:05:56:48 -0500] "GET /BLA/boletinlegal/ HTTP/1.1" 200 52532
201.245.192.253 - - [13/Oct/2023:05:58:27 -0500] "POST /kwsrmcab/Wsrmcab  HTTP/1.1" 200 42851
216.244.66.195 - - [13/Oct/2023:05:58:44 -0500] "GET /BLA/resoluciones/AUTOS%202011/2119.pdf HTTP/1.1" 200 100740
216.244.66.195 - - [13/Oct/2023:05:59:09 -0500] "GET /BLA/resoluciones/AUTOS%202011/2120.pdf HTTP/1.1" 200 119594
216.244.66.195 - - [13/Oct/2023:05:59:34 -0500] "GET /BLA/resoluciones/AUTOS%202011/2341.pdf HTTP/1.1" 200 409660
216.244.66.195 - - [13/Oct/2023:06:00:14 -0500] "GET /BLA/resoluciones/AUTOS%202011/2637.pdf HTTP/1.1" 200 160597
216.244.66.195 - - [13/Oct/2023:06:00:47 -0500] "GET /BLA/resoluciones/AUTOS%202011/2785.pdf HTTP/1.1" 200 313291
216.245.221.92 - - [13/Oct/2023:06:01:04 -0500] "HEAD / HTTP/1.1" 200 -
216.244.66.195 - - [13/Oct/2023:06:01:19 -0500] "GET /BLA/resoluciones/AUTOS%202011/3010.pdf HTTP/1.1" 200 149435
216.244.66.195 - - [13/Oct/2023:06:01:47 -0500] "GET /BLA/resoluciones/AUTOS%202011/3104.pdf HTTP/1.1" 200 420016
216.244.66.195 - - [13/Oct/2023:06:02:19 -0500] "GET /BLA/resoluciones/AUTOS%202011/3337.pdf HTTP/1.1" 200 236619
216.244.66.195 - - [13/Oct/2023:06:02:45 -0500] "GET /BLA/resoluciones/AUTOS%202011/3350.pdf HTTP/1.1" 200 2495914
216.244.66.195 - - [13/Oct/2023:06:03:20 -0500] "GET /BLA/resoluciones/AUTOS%202011/3464.pdf HTTP/1.1" 200 455098
168.119.51.200 - - [13/Oct/2023:06:03:20 -0500] "GET / HTTP/1.1" 200 319
168.119.51.200 - - [13/Oct/2023:06:03:21 -0500] "GET / HTTP/1.1" 200 4720
172.22.2.4 - - [13/Oct/2023:06:01:47 -0500] "HEAD /BLA/boletinlegal/ HTTP/1.1" 200 -
201.245.192.253 - - [13/Oct/2023:06:03:26 -0500] "POST /kwsrmcab/Wsrmcab  HTTP/1.1" 200 42851
216.244.66.195 - - [13/Oct/2023:06:03:57 -0500] "GET /BLA/resoluciones/AUTOS%202011/3552.pdf HTTP/1.1" 200 359104
172.22.2.4 - - [13/Oct/2023:06:02:38 -0500] "GET /BLA/boletinlegal/ HTTP/1.1" 200 54982
216.244.66.195 - - [13/Oct/2023:06:04:29 -0500] "GET /BLA/resoluciones/AUTOS%202011/3721.pdf HTTP/1.1" 200 275175
216.244.66.195 - - [13/Oct/2023:06:04:58 -0500] "GET /BLA/resoluciones/AUTOS%202011/3750.pdf HTTP/1.1" 200 313791
66.249.66.20 - - [13/Oct/2023:06:05:12 -0500] "GET /BLA/resoluciones/AUTOS%202013/3500.pdf HTTP/1.1" 200 423980
216.244.66.195 - - [13/Oct/2023:06:05:30 -0500] "GET /BLA/resoluciones/AUTOS%202012/0190.pdf HTTP/1.1" 200 416219
216.244.66.195 - - [13/Oct/2023:06:05:58 -0500] "GET /BLA/resoluciones/AUTOS%202012/0328.pdf HTTP/1.1" 200 287313
216.245.221.92 - - [13/Oct/2023:06:06:04 -0500] "HEAD / HTTP/1.1" 200 -
216.244.66.195 - - [13/Oct/2023:06:06:24 -0500] "GET /BLA/resoluciones/AUTOS%202012/0466.pdf HTTP/1.1" 200 392956
216.244.66.195 - - [13/Oct/2023:06:06:49 -0500] "GET /BLA/resoluciones/AUTOS%202012/0498.pdf HTTP/1.1" 200 296583
216.244.66.195 - - [13/Oct/2023:06:07:17 -0500] "GET /BLA/resoluciones/AUTOS%202012/0504.pdf HTTP/1.1" 200 505614
216.244.66.195 - - [13/Oct/2023:06:07:44 -0500] "GET /BLA/resoluciones/AUTOS%202012/0701.pdf HTTP/1.1" 200 208825
216.244.66.195 - - [13/Oct/2023:06:08:07 -0500] "GET /BLA/resoluciones/AUTOS%202012/0706.pdf HTTP/1.1" 200 216472
201.245.192.253 - - [13/Oct/2023:06:08:26 -0500] "POST /kwsrmcab/Wsrmcab  HTTP/1.1" 200 42851
216.244.66.195 - - [13/Oct/2023:06:08:28 -0500] "GET /BLA/resoluciones/AUTOS%202012/0736.pdf HTTP/1.1" 200 149620
216.244.66.195 - - [13/Oct/2023:06:08:48 -0500] "GET /BLA/resoluciones/AUTOS%202012/0962.pdf HTTP/1.1" 200 172574
216.244.66.195 - - [13/Oct/2023:06:09:07 -0500] "GET /BLA/resoluciones/AUTOS%202012/1293.pdf HTTP/1.1" 200 159852
172.22.2.4 - - [13/Oct/2023:06:07:37 -0500] "HEAD /BLA/boletinlegal/ HTTP/1.1" 200 -
216.244.66.195 - - [13/Oct/2023:06:09:25 -0500] "GET /BLA/resoluciones/AUTOS%202012/1507.pdf HTTP/1.1" 200 164454
216.244.66.195 - - [13/Oct/2023:06:09:43 -0500] "GET /BLA/resoluciones/AUTOS%202012/1550.pdf HTTP/1.1" 200 242002
216.244.66.195 - - [13/Oct/2023:06:09:59 -0500] "GET /BLA/resoluciones/AUTOS%202012/1663.pdf HTTP/1.1" 200 460393
172.22.2.4 - - [13/Oct/2023:06:08:28 -0500] "GET /BLA/boletinlegal/ HTTP/1.1" 200 58622
216.244.66.195 - - [13/Oct/2023:06:10:15 -0500] "GET /BLA/resoluciones/AUTOS%202012/1912.pdf HTTP/1.1" 200 265532
216.244.66.195 - - [13/Oct/2023:06:10:30 -0500] "GET /BLA/resoluciones/AUTOS%202012/1914.pdf HTTP/1.1" 200 587234
216.244.66.195 - - [13/Oct/2023:06:10:43 -0500] "GET /BLA/resoluciones/AUTOS%202012/1959.pdf HTTP/1.1" 200 382462
216.244.66.195 - - [13/Oct/2023:06:10:56 -0500] "GET /BLA/resoluciones/AUTOS%202012/2029.pdf HTTP/1.1" 200 586819
216.245.221.92 - - [13/Oct/2023:06:11:04 -0500] "HEAD / HTTP/1.1" 200 -
216.244.66.195 - - [13/Oct/2023:06:11:08 -0500] "GET /BLA/resoluciones/AUTOS%202012/2203.pdf HTTP/1.1" 200 231561
216.244.66.195 - - [13/Oct/2023:06:11:18 -0500] "GET /BLA/resoluciones/AUTOS%202012/2451.pdf HTTP/1.1" 200 548829
216.244.66.195 - - [13/Oct/2023:06:11:28 -0500] "GET /BLA/resoluciones/AUTOS%202012/2760.pdf HTTP/1.1" 200 223201
52.167.144.189 - - [13/Oct/2023:06:11:33 -0500] "GET /BLA/resoluciones/RESOLUCIONES%202023/0674.pdf HTTP/1.1" 200 678956
216.244.66.195 - - [13/Oct/2023:06:11:36 -0500] "GET /BLA/resoluciones/AUTOS%202012/3351.pdf HTTP/1.1" 200 1847851
216.244.66.195 - - [13/Oct/2023:06:11:45 -0500] "GET /BLA/resoluciones/AUTOS%202013/0309.pdf HTTP/1.1" 200 1168660
216.244.66.195 - - [13/Oct/2023:06:11:52 -0500] "GET /BLA/resoluciones/AUTOS%202013/0437.pdf HTTP/1.1" 200 234666
216.244.66.195 - - [13/Oct/2023:06:11:58 -0500] "GET /BLA/resoluciones/AUTOS%202013/0609.pdf HTTP/1.1" 200 1556593
172.22.2.4 - - [13/Oct/2023:06:12:08 -0500] "GET /BLA/boletinlegal/.git/config HTTP/1.1" 404 1018
52.167.144.189 - - [13/Oct/2023:06:12:15 -0500] "GET /BLA/resoluciones/RESOLUCIONES%202023/0674.pdf HTTP/1.1" 200 678956
216.244.66.195 - - [13/Oct/2023:06:12:28 -0500] "GET /BLA/resoluciones/AUTOS%202013/1111.pdf HTTP/1.1" 200 616798
216.244.66.195 - - [13/Oct/2023:06:12:53 -0500] "GET /BLA/resoluciones/AUTOS%202013/1212.pdf HTTP/1.1" 200 196756
66.249.66.20 - - [13/Oct/2023:06:13:08 -0500] "GET /BLA/resoluciones/RESOLUCIONES%202009/7465.pdf HTTP/1.1" 200 712194
216.244.66.195 - - [13/Oct/2023:06:13:16 -0500] "GET /BLA/resoluciones/AUTOS%202013/1655.pdf HTTP/1.1" 200 217863
201.245.192.253 - - [13/Oct/2023:06:13:24 -0500] "POST /kwsrmcab/Wsrmcab  HTTP/1.1" 200 42851
216.244.66.195 - - [13/Oct/2023:06:13:38 -0500] "GET /BLA/resoluciones/AUTOS%202013/1737.pdf HTTP/1.1" 200 535241
66.249.66.19 - - [13/Oct/2023:06:13:50 -0500] "GET /BLA/resoluciones/RESOLUCIONES%202009/3475.pdf HTTP/1.1" 200 479349
216.244.66.195 - - [13/Oct/2023:06:14:01 -0500] "GET /BLA/resoluciones/AUTOS%202013/1962.pdf HTTP/1.1" 200 1089852
216.244.66.195 - - [13/Oct/2023:06:14:21 -0500] "GET /BLA/resoluciones/AUTOS%202013/2306.pdf HTTP/1.1" 200 552560
216.244.66.195 - - [13/Oct/2023:06:14:41 -0500] "GET /BLA/resoluciones/AUTOS%202013/2397.pdf HTTP/1.1" 200 935383
52.167.144.228 - - [13/Oct/2023:06:14:51 -0500] "GET /BLA/resoluciones/AUTOS%202007/0237.pdf HTTP/1.1" 200 19923
216.244.66.195 - - [13/Oct/2023:06:15:00 -0500] "GET /BLA/resoluciones/AUTOS%202013/2404.pdf HTTP/1.1" 200 1263321
172.22.2.4 - - [13/Oct/2023:06:13:27 -0500] "HEAD /BLA/boletinlegal/ HTTP/1.1" 200 -
66.249.66.21 - - [13/Oct/2023:06:15:10 -0500] "GET /BLA/resoluciones/RESOLUCIONES%202011/3470.pdf HTTP/1.1" 200 540274
216.244.66.195 - - [13/Oct/2023:06:15:18 -0500] "GET /BLA/resoluciones/AUTOS%202014/0254.pdf HTTP/1.1" 200 424489
216.244.66.195 - - [13/Oct/2023:06:15:34 -0500] "GET /BLA/resoluciones/AUTOS%202014/0490.pdf HTTP/1.1" 200 414319
216.244.66.195 - - [13/Oct/2023:06:15:49 -0500] "GET /BLA/resoluciones/AUTOS%202014/0749.pdf HTTP/1.1" 200 427009
172.22.2.4 - - [13/Oct/2023:06:14:18 -0500] "GET /BLA/boletinlegal/ HTTP/1.1" 200 60531
216.245.221.92 - - [13/Oct/2023:06:16:04 -0500] "HEAD / HTTP/1.1" 200 -
216.244.66.195 - - [13/Oct/2023:06:16:04 -0500] "GET /BLA/resoluciones/AUTOS%202014/0837.pdf HTTP/1.1" 200 291670
216.244.66.195 - - [13/Oct/2023:06:16:17 -0500] "GET /BLA/resoluciones/AUTOS%202014/1315.pdf HTTP/1.1" 200 369602
66.249.66.19 - - [13/Oct/2023:06:16:18 -0500] "GET /BLA/resoluciones/RESOLUCIONES%202007/RES%202007%201801%20AL%201900/RESOLUCION%201887%20DE%202007.pdf HTTP/1.1" 200 691884
216.244.66.195 - - [13/Oct/2023:06:16:30 -0500] "GET /BLA/resoluciones/AUTOS%202014/1925.pdf HTTP/1.1" 200 225000
66.249.66.19 - - [13/Oct/2023:06:16:33 -0500] "GET /BLA/resoluciones/RESOLUCIONES%202010/1690.pdf HTTP/1.1" 200 365308
216.244.66.195 - - [13/Oct/2023:06:16:41 -0500] "GET /BLA/resoluciones/AUTOS%202014/2227.pdf HTTP/1.1" 200 306678
216.244.66.195 - - [13/Oct/2023:06:16:51 -0500] "GET /BLA/resoluciones/RESOLUCIONES%202011/0051.pdf HTTP/1.1" 200 358328
172.22.2.4 - - [13/Oct/2023:06:17:00 -0500] "GET /BLA/boletinlegal/Circulares/2021/CIRCULAR%20No.%2000009%20DEL%2001%20DE%20OCTUBRE%20DEL%202021.pdf HTTP/1.1" 304 -
216.244.66.195 - - [13/Oct/2023:06:17:02 -0500] "GET /BLA/resoluciones/RESOLUCIONES%202011/0078.pdf HTTP/1.1" 200 383705
216.244.66.195 - - [13/Oct/2023:06:17:11 -0500] "GET /BLA/resoluciones/RESOLUCIONES%202011/0129.pdf HTTP/1.1" 200 353001
216.244.66.195 - - [13/Oct/2023:06:17:18 -0500] "GET /BLA/resoluciones/RESOLUCIONES%202011/0707.pdf HTTP/1.1" 200 283238
216.244.66.195 - - [13/Oct/2023:06:17:24 -0500] "GET /BLA/resoluciones/RESOLUCIONES%202011/0775.pdf HTTP/1.1" 200 197893
216.244.66.195 - - [13/Oct/2023:06:17:30 -0500] "GET /BLA/resoluciones/RESOLUCIONES%202011/0788.pdf HTTP/1.1" 200 82093
52.167.144.138 - - [13/Oct/2023:06:17:31 -0500] "GET /BLA/resoluciones/AUTOS%202007/0606.pdf HTTP/1.1" 200 66736
216.244.66.195 - - [13/Oct/2023:06:17:34 -0500] "GET /BLA/resoluciones/RESOLUCIONES%202011/1051.pdf HTTP/1.1" 200 296910
216.244.66.195 - - [13/Oct/2023:06:17:38 -0500] "GET /BLA/resoluciones/RESOLUCIONES%202011/1591.pdf HTTP/1.1" 200 69129
216.244.66.195 - - [13/Oct/2023:06:17:42 -0500] "GET /BLA/resoluciones/RESOLUCIONES%202011/2341.pdf HTTP/1.1" 200 289640
216.244.66.195 - - [13/Oct/2023:06:17:45 -0500] "GET /BLA/resoluciones/AUTOS%202017/4224.pdf HTTP/1.1" 200 279774
216.244.66.195 - - [13/Oct/2023:06:17:48 -0500] "GET /BLA/resoluciones/AUTOS%202017/4230.pdf HTTP/1.1" 200 258446
216.244.66.195 - - [13/Oct/2023:06:17:51 -0500] "GET /BLA/resoluciones/AUTOS%202017/5307.pdf HTTP/1.1" 200 744676
168.119.253.21 - - [13/Oct/2023:06:17:54 -0500] "GET / HTTP/1.1" 200 319
216.244.66.195 - - [13/Oct/2023:06:17:55 -0500] "GET /BLA/resoluciones/RESOLUCIONES%202008/4520.pdf HTTP/1.1" 200 159566
168.119.253.21 - - [13/Oct/2023:06:17:55 -0500] "GET / HTTP/1.1" 200 4720
216.244.66.195 - - [13/Oct/2023:06:18:02 -0500] "GET /BLA/resoluciones/RESOLUCIONES%202009/9737.pdf HTTP/1.1" 200 313168
201.245.192.253 - - [13/Oct/2023:06:18:03 -0500] "POST /kwsrmcab/Wsrmcab HTTP/1.1" 200 42766
201.245.192.253 - - [13/Oct/2023:06:18:05 -0500] "POST /kwsrmcab/Wsrmcab HTTP/1.1" 200 40850
216.244.66.195 - - [13/Oct/2023:06:18:08 -0500] "GET /BLA/resoluciones/RESOLUCIONES%202010/6340.pdf HTTP/1.1" 200 2609161
52.167.144.205 - - [13/Oct/2023:06:18:10 -0500] "GET /galeria/galeria/fotos/1.jpg HTTP/1.1" 200 267672
216.244.66.195 - - [13/Oct/2023:06:18:22 -0500] "GET /BLA/resoluciones/RESOLUCIONES%202011/6097.pdf HTTP/1.1" 200 1015929
201.245.192.253 - - [13/Oct/2023:06:18:24 -0500] "POST /kwsrmcab/Wsrmcab  HTTP/1.1" 200 42851
216.244.66.195 - - [13/Oct/2023:06:18:32 -0500] "GET /BLA/resoluciones/RESOLUCIONES%202013/0807.pdf HTTP/1.1" 200 3064716
216.244.66.195 - - [13/Oct/2023:06:18:55 -0500] "GET /BLA/resoluciones/RESOLUCIONES%202014/2561.pdf HTTP/1.1" 200 824653
216.244.66.195 - - [13/Oct/2023:06:19:12 -0500] "GET /galeria/galeria/fotos/2CaminataG5.jpg HTTP/1.1" 200 176196
216.244.66.195 - - [13/Oct/2023:06:19:26 -0500] "GET /BLA/resoluciones/AUTOS%202008/0174.pdf HTTP/1.1" 200 100011
216.244.66.195 - - [13/Oct/2023:06:19:39 -0500] "GET /BLA/resoluciones/AUTOS%202008/0290.pdf HTTP/1.1" 200 98448
216.244.66.195 - - [13/Oct/2023:06:19:51 -0500] "GET /BLA/resoluciones/AUTOS%202008/0781.pdf HTTP/1.1" 200 78026
216.244.66.195 - - [13/Oct/2023:06:20:02 -0500] "GET /BLA/resoluciones/AUTOS%202008/0821.pdf HTTP/1.1" 200 97988
216.244.66.195 - - [13/Oct/2023:06:20:12 -0500] "GET /BLA/resoluciones/AUTOS%202008/0822.pdf HTTP/1.1" 200 97911
216.244.66.195 - - [13/Oct/2023:06:20:21 -0500] "GET /BLA/resoluciones/AUTOS%202008/1151.pdf HTTP/1.1" 200 78972
216.244.66.195 - - [13/Oct/2023:06:20:28 -0500] "GET /BLA/resoluciones/AUTOS%202008/1556.pdf HTTP/1.1" 200 79044
216.244.66.195 - - [13/Oct/2023:06:20:35 -0500] "GET /BLA/resoluciones/AUTOS%202009/0666.pdf HTTP/1.1" 200 102496
216.244.66.195 - - [13/Oct/2023:06:20:41 -0500] "GET /BLA/resoluciones/AUTOS%202013/0597.pdf HTTP/1.1" 200 2076395
216.244.66.195 - - [13/Oct/2023:06:20:49 -0500] "GET /BLA/resoluciones/AUTOS%202013/0763.pdf HTTP/1.1" 200 1854679
172.22.2.4 - - [13/Oct/2023:06:19:17 -0500] "HEAD /BLA/boletinlegal/ HTTP/1.1" 200 -
66.249.66.19 - - [13/Oct/2023:06:20:58 -0500] "GET /BLA/resoluciones/RESOLUCIONES%202008/0416.pdf HTTP/1.1" 200 294437
216.245.221.92 - - [13/Oct/2023:06:21:04 -0500] "HEAD / HTTP/1.1" 200 -
216.244.66.195 - - [13/Oct/2023:06:21:05 -0500] "GET /BLA/resoluciones/AUTOS%202013/0808.pdf HTTP/1.1" 200 1887175
216.244.66.195 - - [13/Oct/2023:06:21:47 -0500] "GET /BLA/resoluciones/AUTOS%202013/1290.pdf HTTP/1.1" 200 1753339
172.22.2.4 - - [13/Oct/2023:06:20:08 -0500] "GET /BLA/boletinlegal/ HTTP/1.1" 200 57439
52.167.144.140 - - [13/Oct/2023:06:22:11 -0500] "GET /Publicaciones/2023EE237402.pdf HTTP/1.1" 200 232038
216.244.66.195 - - [13/Oct/2023:06:22:18 -0500] "GET /BLA/resoluciones/AUTOS%202013/2007.pdf HTTP/1.1" 200 1869102
201.245.192.253 - - [13/Oct/2023:06:23:23 -0500] "POST /kwsrmcab/Wsrmcab  HTTP/1.1" 200 42851
216.245.221.92 - - [13/Oct/2023:06:26:04 -0500] "HEAD / HTTP/1.1" 200 -
172.22.2.4 - - [13/Oct/2023:06:25:07 -0500] "HEAD /BLA/boletinlegal/ HTTP/1.1" 200 -
66.249.66.19 - - [13/Oct/2023:06:27:21 -0500] "GET /BLA/resoluciones/RESOLUCIONES%202009/4819.pdf HTTP/1.1" 200 160834
172.22.2.4 - - [13/Oct/2023:06:25:58 -0500] "GET /BLA/boletinlegal/ HTTP/1.1" 200 54598
201.245.192.253 - - [13/Oct/2023:06:28:03 -0500] "POST /kwsrmcab/Wsrmcab HTTP/1.1" 200 42766
201.245.192.253 - - [13/Oct/2023:06:28:05 -0500] "POST /kwsrmcab/Wsrmcab HTTP/1.1" 200 40850
201.245.192.253 - - [13/Oct/2023:06:28:22 -0500] "POST /kwsrmcab/Wsrmcab  HTTP/1.1" 200 42851
186.102.71.5 - - [13/Oct/2023:06:29:47 -0500] "OPTIONS /kwssiamovil/sm/setfile/f? HTTP/1.1" 200 13
186.102.71.5 - - [13/Oct/2023:06:29:47 -0500] "POST /kwssiamovil/sm/setfile/f? HTTP/1.1" 200 381
186.102.71.5 - - [13/Oct/2023:06:30:03 -0500] "OPTIONS /kwssiamovil/sm/setfile/f? HTTP/1.1" 200 13
186.102.71.5 - - [13/Oct/2023:06:30:03 -0500] "POST /kwssiamovil/sm/setfile/f? HTTP/1.1" 200 381
186.102.71.5 - - [13/Oct/2023:06:30:08 -0500] "OPTIONS /kwssiamovil/sm/setfile/f? HTTP/1.1" 200 13
186.102.71.5 - - [13/Oct/2023:06:30:08 -0500] "POST /kwssiamovil/sm/setfile/f? HTTP/1.1" 200 381
186.102.71.5 - - [13/Oct/2023:06:30:13 -0500] "OPTIONS /kwssiamovil/sm/setfile/f? HTTP/1.1" 200 13
186.102.71.5 - - [13/Oct/2023:06:30:13 -0500] "POST /kwssiamovil/sm/setfile/f? HTTP/1.1" 200 381
186.102.71.5 - - [13/Oct/2023:06:30:22 -0500] "GET /kwssiamovil/sm/acme/a?s=U2FsdGVkX19G0mqEAIt06Gf9xRNlgX1ldcsqFIqmX42R8M/i66j9MUXyw112p8jPFy4haJvAAzAwcDT2eVf0ecaZqPv0BsKBwGS1C5cV+eqaCcVJjpAUYa+ltfmtSqiUIga0FCfrYHE6EfHpih+SO4IOgc6MshZcxZj3om9GoK8709V8Khi5V1TfCGWWRmtoRtdnZd6W7cGEC2vGIx6QyPNbQQjlVmGWvGtEQQn9FzkQbEOwy1i9jbvuKSp9euaFPFpIxJ8HEde4I6/JF9FUsA==&u=U2FsdGVkX1+PyjAjgO6Y/YyUltVFz87DslmpozBRnkM=&y=U2FsdGVkX18WeJXOguz+ovHkkSJU+Tfrt9mvWD/rdC0= HTTP/1.1" 200 26
186.102.71.5 - - [13/Oct/2023:06:30:22 -0500] "GET /kwssiamovil/sm/acme/a?s=U2FsdGVkX19ZLahcgICPy/JpOsiGYp3flNDl6vunYKNYBRYzsUO0m8DPassoPe7jMrVpo7CqoFZsF6RrAbH+KiajJ4VqHA+qQC0MoZj4b6Jhu8Yx3d1D1KBSjpUV6x5irggqoPyTf+eXp4GW4OvwA+Mg5qoemudnzfaMdx5aEHY/E2z4VEpZCyfqe9xyMHAg8j03WRU/b8dsinC45vSBmGxh8ltYCNsnvbnsnmeRa1c3rz/altv1pVPZfkPDTZBZ7jSH5QeoqH9iZskh5pE/FwT7AzykN/VLd5Z/2lndvERozEWEWNdenCeMNbj4DAAo8XM6l1bhqEBooX3JLZEL4SepKFBnET44Z1YpK0DFLByKtAToeKP44WAOpVTX4HNpFly1U5n/e6/UUr4O/14qQs78tTErjavnvFIpvoC/SspiS+kYZlsq7M92Iin6gkP74sYTNjZrSjgdOnmq5LSDYtBsm6Ru/fMF4/okh2nwUIaTT/IhBWIfLlI2Iv3e9b7E38H9DbjlAsCQzIyLJQDLSWyJ3c3ScD2Nk0Y4qsla5Zf0AJQDhd9/DBk/kD5l7z4L8obUe5dcmvIrDv/s2jToab9RSX5Q+HZXrNCXiAG+bMwGDAVM2z0BZGgTGZrkJ46eUPWc1s9NbVecn9GbjLa21XpaHdW412Z/cwe2vPv1czHyvHPAKzX3F700jcSbFQSoBbIVJT5hICiU0w+gf1vjLSbfR0TOHaqF+TUI1JlNP0KNpZSluUkZiDaZWcQ4TFI8+W/zK1fA4O73yinqS0YHOAan8YvqBjF1peeH2ExWQtf/vg9QE8b0HaG0w3cHj7vTUKa3AqDhW+rJx4ogNzkt+aGRr6KRqAwzjDnVe/jeLSEmc8OemvayMynaAe6zH8qhiTqLM1FPc1A4PL1wBrMYaJNib71MCFmwztudb+VNuD9DfcYuUqAPqHHnQ3D/TuDnfwyTWNeXpo+3R27BlvVGthO/EJgdIzTk7aA9uQ8FuYOzqeJqOeH6Mk6TIjVpP0LMkT79VsX8lf+siQb2JbY9SM+/QA+nWyKpcQnT8ubN+QKx/T+ddhfqT2qoQLsYVLqXjkxaHE8qpP2shDjEQOk+My6/ahvHxnEdUUzQnWKQjYyrFuYmbh7fLhKvaKaqBqTFB2YHxuORYT64qrIcqr7X8YN474ItJvQ2KlR/BvIGeypQvlUEjC8XTrmzfz5M4DQcUYSlE9LyTYxmpBl4dHjXscmafDzzd5Nw64akRVlaj2FCCZ7G2YAw+6hmXfriACFZOh7iFxnfiaX08z3DBXvMHyZM+B6wY4xRQp+STBIUyTemIb6hSvcOECvF5wGblS5fMg5yDYzS1GUC4JVeWr59fBs9Lqg9X9txeISnSxCSQoTseZ6n9Uj0nOa9VHf3iheFsundYagFH5qw94ymliVpYEmSZTowUMsUhjQITeuYAn4w27Hw1rOZy/g7wZfNiB9br9yseIcvbOBRJu6ERKif9OE86q5iI/UYIP0FhiiD3ZDk+sXfy67DXHgqF8vm0oIY6PGr33ZO8v23imjNTl0cN8XGN3M03nvfdTCRKtsQDF5vtTMKht6EVXektGs40arWr/aFRxFiGEz9E6FB0bQn1bRe8jZr2Edp2rqxiwSiDnFIMxw5Sy8SQT3bZOBn4R7uaoCeaVb8ekLOcjZyAWYwdaLGKF4dU9srITt3UKrlHLZsQn3ZjDNde7pgkxx3HzZR78+Yy7SNWYJu38K4Vp38JqkOOzQh0t07lNCuYRhiXmGNhHZmnRz/pD0mBFV2psms+lBT1rGQjzClZCfpCwufNbdcm8uAEqj/cVhQ3ABjZ5QCUSX806yLyYG4EoKx6RatOAx1+8VmN41rNrNoBEcC17c2JLt8P748LsCVF5Racs1OZGUCIGIv7rMfFfNtXIfsiIAyq59C7jh4A4+DpulOeNUcrJjtRsT0XzgYhzEt7sdf8Gd5+XHhHqqaGRBMjGF/gP1SJlZmGFeR+WegGcNah6+yBGtzmqUs5AcV+Hah55djijKPdoZT65BZV9udO9iqeUGXfM9qm5tXEGrG2kf8thhw5hFuk5zwy9MmK7X8t0MGW1wXcLSYQHLgYcTHLdXwclsRYMsGACvFnoZcypROiGg7q9yi1WvZkCJiq4+f8E4N5ADzClmVrZAp0sP9rxkrVdjFAWQX8vgLfGcgB5rOObNP48HbaX0RPxLiM7aAFwsnN66vkewn7xTp1QD4xkhcX4+pCfAXOBlePnJHCOAvJ6nVOhPIy9tL6tTlNu8NTNFcurLuJEx9d4G/baDSl6zkHisotTPjAbjDg5HBuIETtJxXytDNDb6C40KZ0cJnkbsSh5Nt5WRr23fINaXvvD8dL100souSP4laquoriVNfLAPQ6pRCA9Q+D4qXCByOqjWgwKI7u8sCkzdvvKFMPQIf8YKK4wS3PejV1nKjMgolsimwph+dQ36Uyorrv8VgaKoHJM3DAlZV8WaZ7EOnYdoZuB3maVApdz9Gp+2YjCikj3XkvsNh2b6O6jn9iGvBvS2muLOHHbGJ9HCOnlL8bEzeKX6ULIJnheppadE3s97h3RYoHh6jFu/A23oRhRnzy9WQPcZAnzsDdJ7LP1IVw1ncdUpHYKCYZhmsez8z0u7EsX9XEsVxPk9gZ+EcKvl6MS+AVo0PJI3wJfeV9PJ5n9OB2cBPWRHqcPH7iKz0hAKfMVVIV7LCitd5jExjoL40aHqM40NGWjQVaEoByqNAAEKeqCk4wqO5Hci/d19YHUVqbEkSQWFsQYQ41gBlAa8YLUiS6j8qVKt0HAWTV9D3OzkATHyvt5hdH3EoL93D+dGMOnzOIsnOQlyLaTzTSPO72re18xPNWvjyn+gEUuFaDFd0G8bMZE0vvALYWPw/8ZhQwFnlewU/3lw4Nzjxf08H+svlCL4ejUSJx7j4K5wO18JX7t3AaGBFJVykB/sFdx/wiqzZk2gT9s9mjXlJg4nN8PgKJf1rjIoRyAT0qvbrvTFSLA4qo5DmKLFxiefo4+RGkN/yYOjqVqBsJoQcMaJWRXk+ZslkMkVzZAAFTvCEzK4bQkf0k+n8R2wPF5a3ZWQ1Valm6iqP29G86QWzSPuQQl60ZZOmtC2OMm37LUpE9n2vuvjJmUrCtK2I177ZTfs3JOOz1uRcaNlbZ1KUmq3yNUgsX/MuCmTewQYFKhtptvM87r6/J5O656tYwKkviWP54V168CKzLuAcIXL7JeyK7z8pPlVxV5pF9HCEQsO8fV7/oRL3vO/kq0rOfUrxw6Tq9lEnQXh6abvf79EIsbhK5XQviy6hs5mMmxxkJPtaa/eN8X+PxoJLH0N3L6+w6Mo5kgRd0N7a7FRf5LRKhpWa8DmKz4wJ2ZYGM/SqonJHAYNc7P/MmxjLUTXy88sLdrDHjT7F0qbs1I1GxefF6jZZ0Dj3o05k0NQEF8q0MuQD4sC/FXGIpK2fPsvknJZT5pvYAKJVP0LUx+I6cdSG2s3dDUv699iNT1b3zk38f9yt4B4JTHSbfhstHUrpU3hh5frlG8NItt3KtQXuU6XTQC0qyQnHLwO3Ir8H7vb2pdYKHGpSWKLKJxdWecb8gQrJPGJV+gQtnGHZNRjowka6ILpNq6O3tgjJr6amwGP4D+CLGLZfDHhtHYLCKMGDcLVO8cO4gJpYJAr8HyZnImjjWQKIn9XJJe+ZzNz9oi+me7nxy8rYtKZHCbCSqb7bNTJ2VZig/bNZYylISu3S5HjaWqDwjwjNKJwUbMzYiSFa+WZpQTYTWHu0wSqogeEB5Bd1EGPAKALdan9iRvDOydPeO+o21IloDQO8Aas7empDN7lPaDQZ&u=U2FsdGVkX1+PyjAjgO6Y/YyUltVFz87DslmpozBRnkM=&y=U2FsdGVkX18WeJXOguz+ovHkkSJU+Tfrt9mvWD/rdC0= HTTP/1.1" 200 26
186.102.71.5 - - [13/Oct/2023:06:30:23 -0500] "GET /kwssiamovil/sm/acme/a?s=U2FsdGVkX198Y73ASdzpJMbH7XLI5TnmD5JF6FPOao5Mm1b0W6eSfrn1VPXkhPXro5qfAmGRsJPwKNaXqiWGMqZq9Q7GSn00M4hZ7fri0VlBxj4GksAj79UmzTomZOKEzsA+ueZ5gLK7DOKdhfXiTrjvJhFQdlywtZRuthcQlVw=&u=U2FsdGVkX1+PyjAjgO6Y/YyUltVFz87DslmpozBRnkM=&y=U2FsdGVkX18WeJXOguz+ovHkkSJU+Tfrt9mvWD/rdC0= HTTP/1.1" 200 26
186.102.71.5 - - [13/Oct/2023:06:30:23 -0500] "GET /kwssiamovil/sm/acme/a?s=U2FsdGVkX19GRol5toWGZjCJH/55n270htWdM2Rp8hVJDFnxyBHcA43tm8BxZJkogKqaHaAQzMHAc5JMwQFFIlFiOzxFSgeh/v7/OY+b2OpDCbMIz6EDXQVfXF2DmEGCchOqZn+/FkAegwqHbSkpbrJ+0euFm3RAiWCkhVa/3KM=&u=U2FsdGVkX1+PyjAjgO6Y/YyUltVFz87DslmpozBRnkM=&y=U2FsdGVkX18WeJXOguz+ovHkkSJU+Tfrt9mvWD/rdC0= HTTP/1.1" 200 26
186.102.71.5 - - [13/Oct/2023:06:30:23 -0500] "GET /kwssiamovil/sm/acme/a?s=U2FsdGVkX1/yrQl6SOdxom8UMd6hIo3m+GnhMhoeT3dQCXq9cR3E/8/N4b7Ta/wGTCAc2+AfhN/RCEKwHtzW+V3ow8PZXef9PzWFPROI06a5XLDSnKwbrzE1ouKetPsuGYOitptF5hwW5h57KgT/h7Jns5ZTQFTfbzc0trL+guM=&u=U2FsdGVkX1+PyjAjgO6Y/YyUltVFz87DslmpozBRnkM=&y=U2FsdGVkX18WeJXOguz+ovHkkSJU+Tfrt9mvWD/rdC0= HTTP/1.1" 200 26
186.102.71.5 - - [13/Oct/2023:06:30:23 -0500] "GET /kwssiamovil/sm/acme/a?s=U2FsdGVkX19H+ajahwbpCt9HlPekp7PcRKhsNAjrkEU+dCYE1Y/rKujqrRrDWgWVjZ/X0gXUUjJ9csjMg35YC/Lahc4HSMY2LxY0oOzh+uIivTptfkll6aCb9x2ryEH10qv7CCRsud1hwOA42YKW1WoeP5UHJhjWw6PmbiFk3vGgSfGZu95slLm0ppjAFMsi&u=U2FsdGVkX1+PyjAjgO6Y/YyUltVFz87DslmpozBRnkM=&y=U2FsdGVkX18WeJXOguz+ovHkkSJU+Tfrt9mvWD/rdC0= HTTP/1.1" 200 26
186.102.71.5 - - [13/Oct/2023:06:30:24 -0500] "GET /kwssiamovil/sm/acme/a?s=U2FsdGVkX18UeYeh/TGXIljwgqg/XjjA2dTqTJ2S5i87JdkJ+YVCAr+2WFgUpXjpMC1ODMNJQHSGN1vnBOBBQrqpB+CB/UC37i7cDn1r3lCQTrFLpHgtLsjsBYTuYYPuB6bjmiiAKaAKcWtUmvMDC1p2SpNp7R42+rdIQHb8IqJecQhN9VEBws6OoJUFo/Ee31Vb6OB3Nl5ssfQszL+eFjyvTl48/SXjNJKrOuHoTGA=&u=U2FsdGVkX1+PyjAjgO6Y/YyUltVFz87DslmpozBRnkM=&y=U2FsdGVkX18WeJXOguz+ovHkkSJU+Tfrt9mvWD/rdC0= HTTP/1.1" 200 26
186.102.71.5 - - [13/Oct/2023:06:30:24 -0500] "GET /kwssiamovil/sm/acme/a?s=U2FsdGVkX1/3eGOXXpTvQkxEnY31iCd2K7hH1oHAXzYB7v3ACiJnCZ3NrOBMTfqQheNroKf+8areeu8PpMinGa9lAKsdo0r9Cc1zGIhs287mrODpfnv9RCwYsyXlS9OwTuMx3OJSpcS+1TfElfDYtey6OR+CW4sg6CHMfH84QzNHyftsWnLd0j+DjUUD6p55DIDW7LLzCiuiRbRW3CqVcii2Ka6oknS2TiNhrLtK+7H0qBzb7dSGnql+sWV/2N93I+iCGzlwD+Mv6G2f4BW3RmF3ZxgtQJ6dZCInMlKqS6SW8Akt5PyJ9j8V9RNP+FN0zH7RNoa8Q3y/Yhedjd1z1mk6xg22LZom8yTxMJCSChLdOnsTVqX8akPH513eQieepdq7ASDh5pSXgG//BXWQeL5CfOK/MJgD0Exri+L4b9cnmTNHoCcUsueMlWbHUvxAfZG9isWovxB6ApUp7mkwBLNj0rBAsP5SKK5v5QHeIFnK7ZAPc90tIJbDnoegjFVO2GtLrhUhbEwR42AyfqyDIKnr7POn2vgbya7kZLg//YLj+OyEn0LQCiodNnfjPpiJEYqiYjtYOGHHs2QFpk2cqZKMXlDV92HJXTUXYJ9ZqZo=&u=U2FsdGVkX1+PyjAjgO6Y/YyUltVFz87DslmpozBRnkM=&y=U2FsdGVkX18WeJXOguz+ovHkkSJU+Tfrt9mvWD/rdC0= HTTP/1.1" 200 25
186.102.71.5 - - [13/Oct/2023:06:30:24 -0500] "GET /kwssiamovil/sm/acme/a?s=U2FsdGVkX1+DchYurDxHpF+RVVI+irr82X1zR9zX+tNHEPcV7yeqEGYOLtPMKU1wte3vHENtozM9RPNjia1osbUxmCat4g4uDMIMjmImIDFkaSWBhPkxuat3IJKdhoiVku1oTLhsVAhH2as+IpsPspdyH9pd2GgQtIBRr7+ci2wYk7/mNFtObmULp5r1Vj8+W+Njl3liXnTdvPBP8L9FdQ==&u=U2FsdGVkX1+PyjAjgO6Y/YyUltVFz87DslmpozBRnkM=&y=U2FsdGVkX18WeJXOguz+ovHkkSJU+Tfrt9mvWD/rdC0= HTTP/1.1" 200 26
186.102.71.5 - - [13/Oct/2023:06:30:24 -0500] "GET /kwssiamovil/sm/acme/a?s=U2FsdGVkX1+gtahgE6/xHR2olSVc8O1SI/T16Cl9Kw6p/18ONFtIYDzcs0bKeeivs7K+/wlssnnWcf8KvyfbTJ8KWp/mI/Wg2+GMQzShK7hWuDIkAIJ4pReJ8IHOsDOcelik86ZA9KiT28bapo7tKDCTLczlhDPiBi28W796J86Zb7viaZLkBqYWdpNNDr/RmTHksfzWZk1iKA8se27zw5H+KlyFYKMC9xo/Jygai4BDqfj4Ez3DvfFpjY1r1361K8e8ZDkJGG1Ik/rCuS+uBYnAbUeyY39qS7uZUWgQj5mLHJhN9dfe31TUM00610p8/hgNjZl0e/M3se4rKU+e4pfablLsFObtJLM+jQmflS/5Q12fmHE7tOB+4g4/1i/myYn06ucToEISthP11ApGyoyXCospL6S830+ej8Ndi1jknSB7TbTExlEQp+KpslsH5dve+bITklzBLKBRTxrImPbma8H0eyogYKQWsykSWGFp7gN6oM2g5FhKodJWaGlJ3rrERPdcn4JdH5Hx8rGdezZVHQHDWtJsNEvzUVeuVyZowVlKVwXOHVu4vTTQ3E/C&u=U2FsdGVkX1+PyjAjgO6Y/YyUltVFz87DslmpozBRnkM=&y=U2FsdGVkX18WeJXOguz+ovHkkSJU+Tfrt9mvWD/rdC0= HTTP/1.1" 200 25
186.102.71.5 - - [13/Oct/2023:06:30:25 -0500] "GET /kwssiamovil/sm/acme/a?s=U2FsdGVkX19dnL6mY3yW3hcqYxJH0Tf0PM4F1+A08L80YsVH7dLffQx0AxX6waOCTQyF+YwMxIZlQShOJpGtStajjrBoZ+WlR7fmrHhpIMlFL5Pz41KMu+Ac58rWswfhPayhjAuS6JbxtL/yoAUx/yH5W1mgG0XdSMrnsMu1CAKSW4ZCKy8KNBZzNtYIeGki5FJ6a7gL9JtMd9XiGNjOT2+561a23BXXRiUdDvj0yB8=&u=U2FsdGVkX1+PyjAjgO6Y/YyUltVFz87DslmpozBRnkM=&y=U2FsdGVkX18WeJXOguz+ovHkkSJU+Tfrt9mvWD/rdC0= HTTP/1.1" 200 26
186.102.71.5 - - [13/Oct/2023:06:30:25 -0500] "GET /kwssiamovil/sm/acme/a?s=U2FsdGVkX18CPFz4LZ9FBEZ9F1XvL3dsnnjlItw8zU/c0KJlp3QPm0m2bSHdr9tBNmAc9nSO4tc6CNJmmcmoB4imG0a56Ecj1KiH0SW0c0TlBfZ5IV3feyWfImKCVtEd8chtRJ/lpQ49lfWamBoeyJwR8Zvs7sc3h9VtgBlgDE0q7rRSLSfalNHjc+bAXlgOn+c/WCec6L1B4fmJMPM79Q==&u=U2FsdGVkX1+PyjAjgO6Y/YyUltVFz87DslmpozBRnkM=&y=U2FsdGVkX18WeJXOguz+ovHkkSJU+Tfrt9mvWD/rdC0= HTTP/1.1" 200 26
186.102.71.5 - - [13/Oct/2023:06:30:25 -0500] "GET /kwssiamovil/sm/acme/a?s=U2FsdGVkX1+0kKMH8+0BbThX8DcRxbo1E7alyPgTWmBO3NcIOVguyQZZLKXTePCYnm20Z2DXGVU1yM3fJhfKarMt7zw6ijo8RfNN23QYoBEpy3yBjxOYmVynMJ5SziAgwkwCQExjqFOrsbv5ek7pbed5FRleFnfeGjemLwiFoizWF+1PLPZsIHKEXzOwazT5HnuRv5V4quCMNWTgsoPDFlLobXmBuIWJX//DOLcsXb0=&u=U2FsdGVkX1+PyjAjgO6Y/YyUltVFz87DslmpozBRnkM=&y=U2FsdGVkX18WeJXOguz+ovHkkSJU+Tfrt9mvWD/rdC0= HTTP/1.1" 200 26
186.102.71.5 - - [13/Oct/2023:06:30:25 -0500] "GET /kwssiamovil/sm/acme/a?s=U2FsdGVkX1+de5vYPnz0F823S8T6GgW+eSM0pXfTCPkRPa/L0jm9JuJQeDPMY0GNxXnL3VR6F8KPrJ1zeKswizBEb94Nx5oqvCiakxg97n3Z32Tumx6z8NU6nlMAoC05sGSsoVyAKGR0E+Q42619UT1gwEr4ynmjJ1ZNXRyrQPmnR42C1wydEuQo1/uqGrdxLRqMa0qcKtGI4bos8Bj+2g==&u=U2FsdGVkX1+PyjAjgO6Y/YyUltVFz87DslmpozBRnkM=&y=U2FsdGVkX18WeJXOguz+ovHkkSJU+Tfrt9mvWD/rdC0= HTTP/1.1" 200 26
66.249.66.21 - - [13/Oct/2023:06:30:27 -0500] "GET /BLA/resoluciones/RESOLUCIONES%202014/2709.pdf HTTP/1.1" 200 295200
216.245.221.92 - - [13/Oct/2023:06:31:04 -0500] "HEAD / HTTP/1.1" 200 -
186.102.71.5 - - [13/Oct/2023:06:31:14 -0500] "GET /kwssiamovil/sm/ldap/au?x=U2FsdGVkX1/tbPdr5IdzPP+bzPr1q2LDVXjG4IjLnqt/vYEuvH59I6k/nuhRDbwV&y=U2FsdGVkX194KW9m2v/zqQJ9ZSg1xRiSNCd762JPi1o= HTTP/1.1" 200 30
186.102.71.5 - - [13/Oct/2023:06:31:14 -0500] "GET /kwssiamovil/sm/acme/s?s=U2FsdGVkX18HN3ZfAbSATmTsDV5u2wSNUKLOwgTo98ZEnkcE53NJU6drl9WafOlsupPDXkqcrWzBWCnyrDv+TYnYTUYu/Gs9Quf7yZSca/8=&u=U2FsdGVkX18U+QCSg5ylDaLATB1EuXW3nE8/YP8S3nA=&y=U2FsdGVkX194KW9m2v/zqQJ9ZSg1xRiSNCd762JPi1o= HTTP/1.1" 200 97
186.102.71.5 - - [13/Oct/2023:06:31:14 -0500] "GET /kwssiamovil/sm/acme/s?s=U2FsdGVkX18GmM5rUaO3Djw6dCzq3KBPcz1T31X6V69v4Zucibnf+R2EjWcwoYssUSc7PQb7QFXgWgQF+sQd+vbX7XTVC8o1NK2s4tyuk6sXs44DgZ8vOs4r77reiSMl6qWdpFeNmLSUDrWsGoVJ5BCc3Bto4UXEZrudO+9ZVZYTn15kl0/F81EeqnUb2NR+1PaddLZKemw0Qsfixlr24d+TNOAGbKKhmP5X9Sp8AkG6B4ypW1RfA72o/tGkQprwKTf89YdmwFq8uD/xoILlSEJNAoPe3czURGoY8wnipLrPGgMX+ZhwQssCRzLnON2E9295aA2FuSlJmeLdkJArT81vpI//eWbnl1gHAhfQtBdrQWaydKivamfV4XavoZx9x0xJU4wyGUf+930R42lD8RhpSY5nKLFq9ohJtE13NbWwjclK9kKojTl2kvEK1IL+IixUnM/Vvy+uSj17+ZalYMwkhnrDACzc/QW8Wqp4yxSjnJirBBkuH0h0WJqD/i/hNqJnVyKsysULLtMV9Hk0m9Tq1i25s3ONFpH/qsdsE3dxXL1SJj1uNey3y4YkRBhLvtrmssaYUlT6L3D3C7xrsqw848fAx3w9x2FziRBIY+0WL09md+otEm8MYznv4JesnEcZBNfArD6Kdg1dGgwVG2UWEcAHiPpAbnjXhD7M7GnHFYiblxU1kRDLZQMgZ+W0EzA49ejZ7ZusO+HB5oCem62B+Mkdhi4YlpAh59/y1rhHz3CpNXI6m0Ei8di74cNCeMHbvpvxjLTktXnolbvKMkK0tPPoKXrZ0hJ+giZL11YsZDL6FtPvN2fIE8zDye0bNbIrpPx0eGamQ7rnODfdRw4Esry/WpbRsNdlqk5a9I811kugwq5aA+cyczOJFZfS3OICezH0HVS9GNX3wFQbNUiAtAPtyMcpFsyeVpPbqq4gfupSSkmhT5FcwK40ayFs3hHm2mTkMTs/1Rdy4nv857mZPLuRBvhbvU3TVNSNL4lg3p/gknjL3ugkOk046BW+smrwK3FAwbZ8olSmTj3uvEO1sGMXzblXCXuTHL5VREhMBbMixrxVGiyE13W1V38cfaswImftrLseMapZx2UilyBv8C5NzaFCnvQ2yikiqWlDbH/g+AhvwkODWGo+6N/yJCzh5NXnJ+Hf7NbLAt2VQ4qvvMGPNd14NSoaRthsWG8mAgwqCqF/JyjqpfnyZZie5J3kppXHeWjDxz6c350tlM9kIM+3knfF7GNbn6dCikZYLK53jk5OKnVsRLdzo8fSnhJtbF04QJL/m5slzWmWYIDgp497SP1e98EcCeY+6nFFZa0sCjUMbKW5jCaHM6nMfpsUqPljGkZa0oqjimhq7KA7E0XS3qxRzgRP7H5nd/jV7l+fX0uOSzJWVqv3UWuSVUGjeV+NrSKGVM0eyX+P+faLSdkW6ObGNr9ti5Qja8s=&u=U2FsdGVkX18U+QCSg5ylDaLATB1EuXW3nE8/YP8S3nA=&y=U2FsdGVkX194KW9m2v/zqQJ9ZSg1xRiSNCd762JPi1o= HTTP/1.1" 200 1813
186.102.71.5 - - [13/Oct/2023:06:31:15 -0500] "GET /kwssiamovil/sm/acme/s?s=U2FsdGVkX19mvZpW+Wj+M9t5Ey62b6bI6kj7u3aAlG9GEbPfvCz9TYebBQ+Ed2ulhREcmyYaMTDxmHzrmJpUVeFpbIc2G65AkP/Cs+lA0qtsAPcCZ9+DPIn8ubzxJIg6QTn8xmphg80mJ6eFdJgL6HEFzhv/OLtwg9cE/u2iMhJfD+RZLZFfSwRfHVX/6CMp4V6jUOzC7a9Ru2NrIkBGgfBkkzAtJB100KlnUxvY5H4Fu57tOU9co/DkszxCPSITXExUVGkWYrNvc+c9DzFgyfx5++Fz3cugNoHg6r1yHj3nfx9+vw8/9mzW3K6RP5c0aXfAypBQieSnWM7acT0ncQ==&u=U2FsdGVkX18U+QCSg5ylDaLATB1EuXW3nE8/YP8S3nA=&y=U2FsdGVkX194KW9m2v/zqQJ9ZSg1xRiSNCd762JPi1o= HTTP/1.1" 200 196
186.102.71.5 - - [13/Oct/2023:06:31:15 -0500] "GET /kwssiamovil/sm/cjson/pre?f=1&x=U2FsdGVkX1/tbPdr5IdzPP+bzPr1q2LDVXjG4IjLnqt/vYEuvH59I6k/nuhRDbwV HTTP/1.1" 200 31032
186.102.71.5 - - [13/Oct/2023:06:31:26 -0500] "GET /kwssiamovil/sm/acme/u?s=U2FsdGVkX1/x3Gh53uJnK388Xkawua0jm6rMr19/vD/GjqWf/bU1GvzTZhk1KTNQ7aSje1EWL9dPTXk6gtAFbOpuwCBIv51/GrU6Dc2o8oX9kZhTdZVFYqcRIeSLthSKNUOdjssIoi/DjQQ4LEL7rxbtHrwr6SjWC8p7OshMsgc=&u=U2FsdGVkX18U+QCSg5ylDaLATB1EuXW3nE8/YP8S3nA=&y=U2FsdGVkX194KW9m2v/zqQJ9ZSg1xRiSNCd762JPi1o= HTTP/1.1" 200 60
66.249.66.20 - - [13/Oct/2023:06:31:38 -0500] "GET /BLA/resoluciones/RESOLUCIONES%202008/1031.pdf HTTP/1.1" 200 299816
66.249.66.21 - - [13/Oct/2023:06:32:14 -0500] "GET /BLA/resoluciones/RESOLUCIONES%202009/0080.pdf HTTP/1.1" 200 163848
66.249.66.19 - - [13/Oct/2023:06:32:22 -0500] "GET /BLA/resoluciones/RESOLUCIONES%202009/5767.pdf HTTP/1.1" 200 715997
172.22.2.4 - - [13/Oct/2023:06:30:57 -0500] "HEAD /BLA/boletinlegal/ HTTP/1.1" 200 -
66.249.66.19 - - [13/Oct/2023:06:32:43 -0500] "GET /BLA/resoluciones/RESOLUCIONES%202009/7303.pdf HTTP/1.1" 200 354358
201.245.192.253 - - [13/Oct/2023:06:33:20 -0500] "POST /kwsrmcab/Wsrmcab  HTTP/1.1" 200 42851
172.22.2.4 - - [13/Oct/2023:06:31:48 -0500] "GET /BLA/boletinlegal/ HTTP/1.1" 200 60175
216.244.66.195 - - [13/Oct/2023:06:34:12 -0500] "GET /robots.txt HTTP/1.1" 404 1018
66.249.66.21 - - [13/Oct/2023:06:34:51 -0500] "GET /BLA/resoluciones/Autos%202008/3180.pdf HTTP/1.1" 200 205045
216.245.221.92 - - [13/Oct/2023:06:36:04 -0500] "HEAD / HTTP/1.1" 200 -
66.249.66.19 - - [13/Oct/2023:06:36:40 -0500] "GET /BLA/resoluciones/RESOLUCIONES%202009/3455.pdf HTTP/1.1" 200 908367
66.249.66.20 - - [13/Oct/2023:06:36:56 -0500] "GET /BLA/resoluciones/RESOLUCIONES%202012/1552.pdf HTTP/1.1" 200 450745
191.156.155.101 - - [13/Oct/2023:06:37:37 -0500] "GET /sipse/faces/faces/autenticacion.xhtml HTTP/1.1" 200 12414
191.156.155.101 - - [13/Oct/2023:06:37:38 -0500] "GET /sipse/faces/javax.faces.resource/theme.css?ln=primefaces-sipse HTTP/1.1" 304 -
191.156.155.101 - - [13/Oct/2023:06:37:38 -0500] "GET /sipse/faces/javax.faces.resource/layout/layout.css?ln=primefaces&v=4.0 HTTP/1.1" 304 -
191.156.146.232 - - [13/Oct/2023:06:37:38 -0500] "GET /sipse/faces/javax.faces.resource/primefaces.css?ln=primefaces&v=4.0 HTTP/1.1" 304 -
191.156.158.186 - - [13/Oct/2023:06:37:38 -0500] "GET /sipse/faces/javax.faces.resource/jquery/jquery.js?ln=primefaces&v=4.0 HTTP/1.1" 304 -
191.156.148.119 - - [13/Oct/2023:06:37:38 -0500] "GET /sipse/faces/javax.faces.resource/primefaces.js?ln=primefaces&v=4.0 HTTP/1.1" 304 -
191.156.155.101 - - [13/Oct/2023:06:37:38 -0500] "GET /sipse/faces/javax.faces.resource/layout/layout.js?ln=primefaces&v=4.0 HTTP/1.1" 304 -
191.156.152.98 - - [13/Oct/2023:06:37:38 -0500] "GET /sipse/faces/javax.faces.resource/jquery/jquery-plugins.js?ln=primefaces&v=4.0 HTTP/1.1" 304 -
191.156.152.98 - - [13/Oct/2023:06:37:38 -0500] "GET /sipse/faces/javax.faces.resource/images/ui-icons_898989_256x240.png?ln=primefaces-aristo HTTP/1.1" 304 -
66.249.66.20 - - [13/Oct/2023:06:37:42 -0500] "GET /resoluciones/RESOLUCIONES%202008/2789.pdf HTTP/1.1" 404 1018
191.156.152.98 - - [13/Oct/2023:06:37:47 -0500] "POST /sipse/faces/autenticacion.xhtml HTTP/1.1" 200 2173
191.156.152.98 - - [13/Oct/2023:06:37:47 -0500] "GET /sipse/faces/javax.faces.resource/messages/messages.png?ln=primefaces&v=4.0 HTTP/1.1" 304 -
191.156.152.98 - - [13/Oct/2023:06:37:51 -0500] "POST /sipse/faces/autenticacion.xhtml HTTP/1.1" 200 16320
191.156.155.101 - - [13/Oct/2023:06:37:51 -0500] "GET /sipse/faces/javax.faces.resource/primefaces.css?ln=primefaces&v=4.0 HTTP/1.1" 304 -
191.156.152.98 - - [13/Oct/2023:06:37:51 -0500] "GET /sipse/faces/javax.faces.resource/theme.css?ln=primefaces-sipse HTTP/1.1" 304 -
191.156.148.119 - - [13/Oct/2023:06:37:51 -0500] "GET /sipse/faces/javax.faces.resource/layout/layout.css?ln=primefaces&v=4.0 HTTP/1.1" 304 -
191.156.148.119 - - [13/Oct/2023:06:37:51 -0500] "GET /sipse/faces/javax.faces.resource/jquery/jquery.js?ln=primefaces&v=4.0 HTTP/1.1" 304 -
191.156.148.119 - - [13/Oct/2023:06:37:51 -0500] "GET /sipse/faces/javax.faces.resource/jquery/jquery-plugins.js?ln=primefaces&v=4.0 HTTP/1.1" 304 -
191.156.148.119 - - [13/Oct/2023:06:37:51 -0500] "GET /sipse/faces/javax.faces.resource/primefaces.js?ln=primefaces&v=4.0 HTTP/1.1" 304 -
191.156.148.119 - - [13/Oct/2023:06:37:51 -0500] "GET /sipse/faces/javax.faces.resource/layout/layout.js?ln=primefaces&v=4.0 HTTP/1.1" 304 -
191.156.148.119 - - [13/Oct/2023:06:37:51 -0500] "GET /sipse/css/imagen/contrasena.png HTTP/1.1" 404 383
191.156.148.119 - - [13/Oct/2023:06:37:54 -0500] "GET /sipse/faces/javax.faces.resource/images/ui-bg_flat_0_2d5972_40x100.png?ln=primefaces-aristo HTTP/1.1" 304 -
191.156.152.98 - - [13/Oct/2023:06:37:54 -0500] "POST /sipse/faces/bienvenido.xhtml HTTP/1.1" 200 1471
191.156.152.98 - - [13/Oct/2023:06:37:55 -0500] "POST /sipse/faces/bienvenido.xhtml HTTP/1.1" 200 34417
191.156.148.119 - - [13/Oct/2023:06:37:55 -0500] "GET /sipse/faces/javax.faces.resource/primefaces.css?ln=primefaces&v=4.0 HTTP/1.1" 304 -
191.156.152.98 - - [13/Oct/2023:06:37:55 -0500] "GET /sipse/faces/javax.faces.resource/theme.css?ln=primefaces-sipse HTTP/1.1" 304 -
191.156.155.101 - - [13/Oct/2023:06:37:55 -0500] "GET /sipse/faces/javax.faces.resource/layout/layout.css?ln=primefaces&v=4.0 HTTP/1.1" 304 -
191.156.155.101 - - [13/Oct/2023:06:37:55 -0500] "GET /sipse/faces/javax.faces.resource/jquery/jquery.js?ln=primefaces&v=4.0 HTTP/1.1" 304 -
191.156.155.101 - - [13/Oct/2023:06:37:55 -0500] "GET /sipse/faces/javax.faces.resource/jquery/jquery-plugins.js?ln=primefaces&v=4.0 HTTP/1.1" 304 -
191.156.155.101 - - [13/Oct/2023:06:37:55 -0500] "GET /sipse/faces/javax.faces.resource/primefaces.js?ln=primefaces&v=4.0 HTTP/1.1" 304 -
191.156.155.101 - - [13/Oct/2023:06:37:55 -0500] "GET /sipse/faces/javax.faces.resource/layout/layout.js?ln=primefaces&v=4.0 HTTP/1.1" 304 -
191.156.155.101 - - [13/Oct/2023:06:37:56 -0500] "POST /sipse/faces/presentacion/financiero/solicitudProceso/listarSolicitudProceso.xhtml HTTP/1.1" 200 1396
191.156.148.119 - - [13/Oct/2023:06:38:03 -0500] "POST /sipse/faces/presentacion/financiero/solicitudProceso/listarSolicitudProceso.xhtml HTTP/1.1" 200 121400
191.156.148.119 - - [13/Oct/2023:06:38:04 -0500] "GET /sipse/faces/javax.faces.resource/primefaces.css?ln=primefaces&v=4.0 HTTP/1.1" 304 -
191.156.148.119 - - [13/Oct/2023:06:38:04 -0500] "GET /sipse/faces/javax.faces.resource/layout/layout.css?ln=primefaces&v=4.0 HTTP/1.1" 304 -
191.156.148.119 - - [13/Oct/2023:06:38:04 -0500] "GET /sipse/faces/javax.faces.resource/theme.css?ln=primefaces-sipse HTTP/1.1" 304 -
191.156.148.119 - - [13/Oct/2023:06:38:04 -0500] "GET /sipse/faces/javax.faces.resource/jquery/jquery.js?ln=primefaces&v=4.0 HTTP/1.1" 304 -
191.156.148.119 - - [13/Oct/2023:06:38:04 -0500] "GET /sipse/faces/javax.faces.resource/jquery/jquery-plugins.js?ln=primefaces&v=4.0 HTTP/1.1" 304 -
191.156.148.119 - - [13/Oct/2023:06:38:04 -0500] "GET /sipse/faces/javax.faces.resource/primefaces.js?ln=primefaces&v=4.0 HTTP/1.1" 304 -
191.156.148.119 - - [13/Oct/2023:06:38:04 -0500] "GET /sipse/faces/javax.faces.resource/layout/layout.js?ln=primefaces&v=4.0 HTTP/1.1" 304 -
201.245.192.253 - - [13/Oct/2023:06:38:03 -0500] "POST /kwsrmcab/Wsrmcab HTTP/1.1" 200 42766
201.245.192.253 - - [13/Oct/2023:06:38:05 -0500] "POST /kwsrmcab/Wsrmcab HTTP/1.1" 200 40850
191.156.148.119 - - [13/Oct/2023:06:38:17 -0500] "POST /sipse/faces/presentacion/financiero/solicitudProceso/consultarSolicitudProceso.xhtml HTTP/1.1" 200 169709
201.245.192.253 - - [13/Oct/2023:06:38:20 -0500] "POST /kwsrmcab/Wsrmcab  HTTP/1.1" 200 42851
172.22.2.4 - - [13/Oct/2023:06:36:47 -0500] "HEAD /BLA/boletinlegal/ HTTP/1.1" 200 -
66.249.66.21 - - [13/Oct/2023:06:38:42 -0500] "GET /BLA/resoluciones/AUTOS%202011/0121.pdf HTTP/1.1" 200 188535
172.22.2.4 - - [13/Oct/2023:06:37:38 -0500] "GET /BLA/boletinlegal/ HTTP/1.1" 200 57802
162.55.175.143 - - [13/Oct/2023:06:39:58 -0500] "GET / HTTP/1.1" 200 319
162.55.175.143 - - [13/Oct/2023:06:40:00 -0500] "GET / HTTP/1.1" 200 4720
216.245.221.92 - - [13/Oct/2023:06:41:04 -0500] "HEAD / HTTP/1.1" 200 -
