186.86.32.107 - - [13/Oct/2023:09:35:07 -0500] "POST /sipse/faces/presentacion/financiero/solicitudProceso/consultar.xhtml HTTP/1.1" 200 13059
172.22.2.4 - - [13/Oct/2023:09:35:07 -0500] "GET /BLA/boletinlegal/actos.php HTTP/1.1" 200 9682
172.22.2.4 - - [13/Oct/2023:09:35:09 -0500] "GET /BLA/boletinlegal/consulta_actos.php?tipo=autos&no=2458&usuario=&sector=&fecha=2023&resuelve= HTTP/1.1" 200 626
216.244.66.195 - - [13/Oct/2023:09:35:22 -0500] "GET /BLA/resoluciones/RESOLUCIONES%202011/0752.pdf HTTP/1.1" 200 397252
172.22.2.4 - - [13/Oct/2023:09:35:24 -0500] "GET /BLA/boletinlegal/actos.php HTTP/1.1" 200 9682
172.22.2.4 - - [13/Oct/2023:09:35:27 -0500] "GET /BLA/boletinlegal/consulta_actos.php?tipo=autos&no=2461&usuario=&sector=&fecha=2023&resuelve= HTTP/1.1" 200 626
172.22.2.4 - - [13/Oct/2023:09:35:45 -0500] "GET /BLA/boletinlegal/actos.php HTTP/1.1" 200 9682
172.22.2.4 - - [13/Oct/2023:09:35:47 -0500] "GET /BLA/boletinlegal/consulta_actos.php?tipo=autos&no=2462&usuario=&sector=&fecha=2023&resuelve= HTTP/1.1" 200 626
216.244.66.195 - - [13/Oct/2023:09:35:57 -0500] "GET /BLA/resoluciones/RESOLUCIONES%202011/0872.pdf HTTP/1.1" 200 256913
172.22.2.4 - - [13/Oct/2023:09:35:57 -0500] "GET /BLA/boletinlegal/actos.php HTTP/1.1" 200 9682
186.86.32.107 - - [13/Oct/2023:09:35:59 -0500] "POST /sipse/faces/presentacion/financiero/solicitudProceso/consultar.xhtml HTTP/1.1" 200 12862
216.245.221.92 - - [13/Oct/2023:09:36:03 -0500] "HEAD / HTTP/1.1" 200 -
172.22.2.4 - - [13/Oct/2023:09:36:09 -0500] "GET /BLA/boletinlegal/actos.php HTTP/1.1" 200 9682
172.22.2.4 - - [13/Oct/2023:09:36:11 -0500] "GET /BLA/boletinlegal/consulta_actos.php?tipo=autos&no=2464&usuario=&sector=&fecha=2023&resuelve= HTTP/1.1" 200 626
186.86.32.107 - - [13/Oct/2023:09:36:13 -0500] "POST /sipse/faces/presentacion/financiero/solicitudProceso/consultar.xhtml HTTP/1.1" 200 13059
172.22.2.4 - - [13/Oct/2023:09:36:21 -0500] "GET /BLA/boletinlegal/actos.php HTTP/1.1" 200 9682
172.22.2.4 - - [13/Oct/2023:09:36:24 -0500] "GET /BLA/boletinlegal/consulta_actos.php?tipo=autos&no=2463&usuario=&sector=&fecha=2023&resuelve= HTTP/1.1" 200 626
201.245.192.253 - - [13/Oct/2023:09:36:25 -0500] "POST /forms/lservlet;jsessionid=ac16012b30d606f1b67f89f942dfbf57aa4e5ec06400.e3iSbxaKaheRe34Pbx8Nc3aQci1ynknvrkLOlQzNp65In0 HTTP/1.1" 200 2
216.244.66.195 - - [13/Oct/2023:09:36:29 -0500] "GET /BLA/resoluciones/RESOLUCIONES%202011/1312.pdf HTTP/1.1" 200 71379
172.22.2.4 - - [13/Oct/2023:09:36:38 -0500] "GET /BLA/boletinlegal/actos.php HTTP/1.1" 200 9682
172.22.2.4 - - [13/Oct/2023:09:36:40 -0500] "GET /BLA/boletinlegal/consulta_actos.php?tipo=autos&no=2459&usuario=&sector=&fecha=2023&resuelve= HTTP/1.1" 200 626
172.22.2.4 - - [13/Oct/2023:09:36:49 -0500] "GET /BLA/boletinlegal/actos.php HTTP/1.1" 200 9682
172.22.2.4 - - [13/Oct/2023:09:36:53 -0500] "GET /BLA/boletinlegal/consulta_actos.php?tipo=resoluciones&no=0650&usuario=&sector=&fecha=2023&resuelve= HTTP/1.1" 200 626
216.244.66.195 - - [13/Oct/2023:09:36:57 -0500] "GET /BLA/resoluciones/RESOLUCIONES%202011/1506.pdf HTTP/1.1" 200 74617
172.22.2.4 - - [13/Oct/2023:09:37:07 -0500] "GET /BLA/boletinlegal/actos.php HTTP/1.1" 200 9682
186.102.14.145 - - [13/Oct/2023:09:37:09 -0500] "GET /kwssiamovil/sm/ldap/au?x=U2FsdGVkX1+K1DcK75lTERBImB5wM8XKo01CkS5yx+7Za3ddhMAs9E7hKlzMabQu&y=U2FsdGVkX1/xNFKKegwq2KCQZD95mvGvFS5LkUKxd7E= HTTP/1.1" 200 31
172.22.2.4 - - [13/Oct/2023:09:37:09 -0500] "GET /BLA/boletinlegal/consulta_actos.php?tipo=autos&no=4975&usuario=&sector=&fecha=2023&resuelve= HTTP/1.1" 200 626
216.244.66.195 - - [13/Oct/2023:09:37:23 -0500] "GET /BLA/resoluciones/RESOLUCIONES%202011/1549.pdf HTTP/1.1" 200 73117
172.22.2.4 - - [13/Oct/2023:09:37:23 -0500] "GET /BLA/boletinlegal/actos.php HTTP/1.1" 200 9682
172.22.2.4 - - [13/Oct/2023:09:37:25 -0500] "GET /BLA/boletinlegal/consulta_actos.php?tipo=autos&no=4973&usuario=&sector=&fecha=2023&resuelve= HTTP/1.1" 200 626
186.102.14.145 - - [13/Oct/2023:09:37:29 -0500] "GET /kwssiamovil/sm/ldap/au?x=U2FsdGVkX1+5bYB/hOrT2Umdlr3MxaxTBE1kaab+hJA7/81dVkUR93NaclTwbYWL&y=U2FsdGVkX19jUZHoblRQJXfZsU9pdkicsVhbRqPuaMo= HTTP/1.1" 200 30
186.102.14.145 - - [13/Oct/2023:09:37:29 -0500] "GET /kwssiamovil/sm/acme/s?s=U2FsdGVkX1+58v8Ev0KJT0Wf2DO091GNGdgi1Xkt9Oq6BRyXqeQUX4wiL4anExGQTNkFcYRZhxbpVcJ/UOarZf4zbKJrrrsSNwhZAqAW9Hk=&u=U2FsdGVkX1/WDGl0zj/JVzrSuGK9Q3glWDOKF+Pf4NE=&y=U2FsdGVkX19jUZHoblRQJXfZsU9pdkicsVhbRqPuaMo= HTTP/1.1" 200 97
186.102.14.145 - - [13/Oct/2023:09:37:30 -0500] "GET /kwssiamovil/sm/acme/s?s=U2FsdGVkX1/AHDDF4GVb7ORPi6TvFc3zjj1DG/pNB53T0yL3PLw6Hi7YWxa+P590NluOV/Ifom2wznRpJQcJD57C7fnEUzBJc8Nf8MxcWCTcWoD1xTFgLjiuhMwBDBwUf+trxlkYji+a3c5l68OrHkHQ/0nr6ufsyPli/xJPXPCZaTMkdE7EfU+G+WtzfplVfqiYsGPtLTBOGFfhsuRAH67kqIoOCvYliXINoIcbMIuYUTcQt+ncplY5UtqflzPAoy2Ydqfgz8nU5CVMsUJY5B+7YF3lv+Z14611LFXt4+pgIKHfIbzyd+6Qofq1YH5xuGzdNpW4eSV8YKhIjG0qtyQwRfkkJt8Kng1z6ciwfIozLi7u6VZ5CQL2taI9kkdmD7jbhYlRafH9I6VLLhC+EhMWTuuwc9ttMvy/NnvQaTtoo91JLmrcwmp3nCvWrWRs1SzgfZnPqrAWm1O/yMouyY75g2Hpy7raJmf+p4gU/AHQ0pxFGbmda0KW7tG+w8CcsNOQ6QVpeqyXVU8/vbXkjdrbI4MW7bEFfKGNylHTqgdoQoStyuTf6yejnoJO9nxXeFZCWcfoJ3lgp/Uz29F98Azsv2RcpVQUuZpxcDWIor4r8Dh6NNoShDIenP0q7MeL7cprS63XKUam9wHO6Mk6p+ntjDanO9iKOf3Mr2gRg+yROKmfDTKXfl0R9STSB9YtrY3oyy2TJRVgILgKGp19eLZeFQ36UbARXugtVnbWNooHI3VzCrkViQsmcJlIV+HIsEGHYUmCZlKNeUtVwYPsNUQj/1kODbft/MKZmNAk64cacRXmzigkR5Zf18oS6RyIqnFxIEbNK8Q7Ce2pX9HKZ9s1r9BKKeh6SsLLzvVgCf5vv+DB6sW8bVVw+bIUlLy61xTLcCp0wBFwUFt0E48KUN/GjQExNbButvwCknohh5DoxLRKEqDKSQSaTco6Tv/n4uq8Qi2bLafRGnkbs6t2faozJGKXKWp1eb+Thh1QSGQ5tBAhjcsZINbRlcJXCSd8KTljuN5X2id0rAk+uv5wxOTTfM5kP/JILkl2mOdQXGY5daVcvXpAobWe+evKEupZJuQZyz4+4LOLojpAiJQE1AJ6ATBtqu2yqx24YwbSs/tL4FmMUf+9x//3UexrROeii/JVhg53FIMb8RSIOmBuRxqN0YS0V3SKwQsfLW1z0bqPUvM1Y2c9WHB4501U1iIWNZiVBnGstsodh9+Vipiq4oAd7SmWzc+YG21bdm8qp8Si2LcQzyowbaECfJ5cNAckS/imyJWoeAW2ucv/CD+2Hynbiqw1ptnIvDg7DHSHx5ToWZF+GagMReKwOZlRQEUfHwBexwfGdDjbljISckVg5oTl41B6g72MuO16WwPoLZdxt2jDRZ5ISgqpkX7d+WPg3oGunWMxj/AHOr+NLHaQ8ySmYB3YivS+/S5Lna9DOuNxgkJW4MhKKKqxMcwT2BoSdiZNCVHusJoyk4t1sr6pokHkgCJIyFTi6ffG4Bc+QPtuinPjO4ZVVu4YYq64WmlRXtzCWKCFLO+ZQaMefwyF+CJ83XBbPXWlVJq7vS4HvBv4NT3FxSjEnSSKgsEL5Vy9mNRWepDF7yIIM+HhgvV6aFvO+SP5fBpF20fhSgVA217IaQnx166KhtvmKtf2kjoLICVi6iMq8l4ni8xZnYpKFABG++pXzGcxZvr/EciawdV00pxTPqIdZlp5jSccw3v2k8xm47TX1Hzj6zv8WGl76BecZCkJHBvmtAFijRZp1sI=&u=U2FsdGVkX1/WDGl0zj/JVzrSuGK9Q3glWDOKF+Pf4NE=&y=U2FsdGVkX19jUZHoblRQJXfZsU9pdkicsVhbRqPuaMo= HTTP/1.1" 200 416
186.102.14.145 - - [13/Oct/2023:09:37:30 -0500] "GET /kwssiamovil/sm/acme/s?s=U2FsdGVkX1/7wLocwcTPcFMLJDambQclMXmMNBRwldPQeR7xflcHITmydS6Q9pct+p8zBSyAAcf7UFfjigxLu8MVlWDLaRslTstsLFloGmiwfZFhIZm9dVC9kyO/jN8ETnZG3/abzFIB4Ra2fnxCVgD9JoTo9vKFBqf42OtaTc7eMA0hZ5Ro55JdrMt7IuHtfbuCoH4jYRmTtbHNpH+0JiC2e22lAQEG5dQwt4bDr6rPUIcCrhPRCXAPAEl8GN0ZUmHfJKOssIlPzN5A+JZXCDJoQyWGUlvEIVh7dNv6esIYNkJIrZBoalSyH3KAK7LcSvOr653tvaNxQNEP09YKiItVH2bJeKAS6w3kbp5VwINCqHJjP7SAPcBWKPFkkZRaBjtyVwdSUNyJiicY63j2Lw9/GdJYoTDjntdDXJp94BPXkPf7MbE3TmW8xu3IkCkzQdmM6eAjavpwsbO6nI1yB/wOAE1eXhrxJN3sqlxo2i/Y4qAAZltNqN3Q78lKmXYqRCAkzsKpthSZU3DAG08MFmSvSVnpuVNPObpR9Bte/msbWGc2TBt3DJXEI91qq2hnmx6o4+0EUur6DVa7V1rwGkXNwshgP5i6aklN9frvyb3/YQM2U/uSj3aEjETAosg+yvtVufHqq82ArryQyr2R0vSuBN2+cctoLDjSuzICkTryINry0Q1xb2u5TIf+HNyEan8QBzLFsdqtsjj4TwuYqvAL7FetsnE69p8h2pQuwdY65c55WQIR7eKkAVTyRw/8&u=U2FsdGVkX1/WDGl0zj/JVzrSuGK9Q3glWDOKF+Pf4NE=&y=U2FsdGVkX19jUZHoblRQJXfZsU9pdkicsVhbRqPuaMo= HTTP/1.1" 200 1095
52.167.144.221 - - [13/Oct/2023:09:37:29 -0500] "GET /Publicaciones/2023EE235347.pdf HTTP/1.1" 200 610345
186.102.14.145 - - [13/Oct/2023:09:37:30 -0500] "GET /kwssiamovil/sm/cjson/pre?f=17&x=U2FsdGVkX1+5bYB/hOrT2Umdlr3MxaxTBE1kaab+hJA7/81dVkUR93NaclTwbYWL HTTP/1.1" 200 12747
186.102.14.145 - - [13/Oct/2023:09:37:30 -0500] "GET /kwssiamovil/sm/cjson/pre?f=4&x=U2FsdGVkX1+5bYB/hOrT2Umdlr3MxaxTBE1kaab+hJA7/81dVkUR93NaclTwbYWL HTTP/1.1" 200 33589
186.102.14.145 - - [13/Oct/2023:09:37:30 -0500] "GET /kwssiamovil/sm/cjson/pre?f=6&x=U2FsdGVkX1+5bYB/hOrT2Umdlr3MxaxTBE1kaab+hJA7/81dVkUR93NaclTwbYWL HTTP/1.1" 200 34953
186.102.14.145 - - [13/Oct/2023:09:37:31 -0500] "GET /kwssiamovil/sm/cjson/pre?f=8&x=U2FsdGVkX1+5bYB/hOrT2Umdlr3MxaxTBE1kaab+hJA7/81dVkUR93NaclTwbYWL HTTP/1.1" 200 36010
186.102.14.145 - - [13/Oct/2023:09:37:30 -0500] "GET /kwssiamovil/sm/cjson/pre?f=3&x=U2FsdGVkX1+5bYB/hOrT2Umdlr3MxaxTBE1kaab+hJA7/81dVkUR93NaclTwbYWL HTTP/1.1" 200 94843
186.102.14.145 - - [13/Oct/2023:09:37:30 -0500] "GET /kwssiamovil/sm/cjson/pre?f=7&x=U2FsdGVkX1+5bYB/hOrT2Umdlr3MxaxTBE1kaab+hJA7/81dVkUR93NaclTwbYWL HTTP/1.1" 200 93332
186.102.14.145 - - [13/Oct/2023:09:37:30 -0500] "GET /kwssiamovil/sm/cjson/pre?f=5&x=U2FsdGVkX1+5bYB/hOrT2Umdlr3MxaxTBE1kaab+hJA7/81dVkUR93NaclTwbYWL HTTP/1.1" 200 96431
172.22.2.4 - - [13/Oct/2023:09:37:36 -0500] "GET /BLA/boletinlegal/actos.php HTTP/1.1" 200 9682
172.22.2.4 - - [13/Oct/2023:09:37:39 -0500] "GET /BLA/boletinlegal/consulta_actos.php?tipo=autos&no=4974&usuario=&sector=&fecha=2023&resuelve= HTTP/1.1" 200 626
52.167.144.161 - - [13/Oct/2023:09:37:42 -0500] "GET /BLA/resoluciones/AUTOS%202007/1456.pdf HTTP/1.1" 200 42606
201.245.192.253 - - [13/Oct/2023:09:37:43 -0500] "POST /kwsrmcab/Wsrmcab  HTTP/1.1" 200 42851
172.22.2.4 - - [13/Oct/2023:09:37:48 -0500] "GET /BLA/boletinlegal/actos.php HTTP/1.1" 200 9682
216.244.66.195 - - [13/Oct/2023:09:37:48 -0500] "GET /BLA/resoluciones/RESOLUCIONES%202011/1952.pdf HTTP/1.1" 200 283939
172.22.2.4 - - [13/Oct/2023:09:37:51 -0500] "GET /BLA/boletinlegal/consulta_actos.php?tipo=resoluciones&no=1077&usuario=&sector=&fecha=2023&resuelve= HTTP/1.1" 200 626
186.102.95.28 - - [13/Oct/2023:09:37:53 -0500] "GET /kwssiamovil/sm/ldap/au?x=U2FsdGVkX1/yM1934DxmhYJ6K930z/RNGDwLA65yXg1XqSx0z0a6qFl7H1h4YqnO&y=U2FsdGVkX18nf0Ir6Rv0rmRM7eg2oMywzL6L8EVxKmltWsOkD0o5h4ANAYC23Cdr HTTP/1.1" 200 30
186.102.95.28 - - [13/Oct/2023:09:37:53 -0500] "GET /kwssiamovil/sm/acme/s?s=U2FsdGVkX1+6R1JTt1O6RMu6fD/R8u5n84jWx2ApX1cPPF1rQvwwNlEAEOaS5W34CH3AfrMJCsXWg5ZeDSxO9kt/CE+W2VfajrapcT8UwTM=&u=U2FsdGVkX1+KXQ+Ja++NkZhxq+f2v8r4SkxOQt/Xp10=&y=U2FsdGVkX18nf0Ir6Rv0rmRM7eg2oMywzL6L8EVxKmltWsOkD0o5h4ANAYC23Cdr HTTP/1.1" 200 97
186.102.95.28 - - [13/Oct/2023:09:37:53 -0500] "GET /kwssiamovil/sm/acme/s?s=U2FsdGVkX1/CR8A3qSKVNC8jHKezUsgTHxPe4jfmaDqeoW0XOmSG/p3TfUL0K/tMN3IqimhgKP38TetYhtedfLGo0vZo7KzKgNQ6fEmfVQ3E3CcmI6DGmeebfejCkWDsUXfDlqA0e2G9faey96gNOoqLnu78J9jqUJMz1sN0JFLkiqtKYNZ/KWlmRe/+4g2KvStpunYxGPN0zSMg4PJ8vpOah2n3VCVUz2kJKGE4mvfadJYclPsU0pr00Or3hbHKF/YXvpWXuTtdZFh9C7vAsi2vvfZOR/sx81W4cvu4K2V3M8xXhquFzY2CzKevFZXaXrdiLHb+FpLt8+02/x8XODYlkigSJqfT5Lm64OfCWj4r7Kp5BE5hz45zUw3ebkeiqv695+VcXsUC3iNoK9SvQ/EFRhXauLBkwV8n7V12i6I0SpBxTF7WY2ENgJiO/E+aAPYIIJBmgYElfiiUMzY9xpEocFgsKd5l0PNow0T1fD4T6Se9PIDvBSV+GZcA5I05pjZLWc4Z3GfP+315cb9MNqiEQ5B0GSSCt15BUNCN/PWuY3k9kZeYh7LUbG3NiYnHJGvOSWqRbZuz/R1lnCeVbhWHTnIBT4cqi02QNSlJa6mRPCl5/28B8x/aiEpO0zwoi3x5VK9tWXJtE5A/dC7mDOjrrKyPzvFTJF+zk3DYN+gKbI4DPuSwQ8vUAnKdZhAiGtLxtMf8ptez3Q0l44R0MoEHAN7qbzfTOO08McGi4eWMbfg2Mvn0oJFJdJ1koXPxyIiUHd0wBqZxeFxbFlcXtgCF7XFLcu6E9Nm6yO7u1G852CRU5FyhWRBj6MvqPIwcCEzDfEq5fwu9YbQYPpv0XPILtR1+0gxIqEpqTXIbnhG92h8Lmv2I23Oxm53CNk/IlgW7ALOx2gpG64bZy3q9mG1kZrVrN7n2JnGBkvrAZ/MSxlziJsuUNSjTerjew4JAFl2G83l3tq1xcRNhrH2ll0l0ZjECJd3e88x4XeTbRRNqVUh8yf+xoTuR8al2sEu6Zt7DjqQwfZGquqx1oHD3kIawUNB8ggMaInphX8x9Q7USxreqz758sg1raxKzBQH9FajfsZ6gM0HNj9Csg2NvqiG+ncJkwbkP8e7TS8Ryt+dyGUeOwge47YjEtMYvU3SE86kvyXeBdKobassYjDGDN06oq5ugwWe09WpnHP8nYdt+jFnqmkeqWEGRjxsbgXm0RsFftmTLJ7KhZxp5ukS16NMOBQmQkGaL2tvdgjeEwtfOtZSmaYA91AJ2okp86MqM3+OBv+ICQ8+pDIuTvNonCxFAphSU+bbxKM+b3UeRQVhHKavdxHgPwI1K4uDoxt7cqMOq9Xsf2bVxoATFyrEq4UvMof2PyJ74CiiEclVb5MYDLd1ZyyjTkiJbKv/+4Rx887nOGyW08lzXJarCNPNU4qUMBPpTxJJGiMPiOMlYG/6mH/r9osolLYCVTUcJR9kWngcU8GlaaOcz75CU0ORQ3FgeS5iqhVxgGsNxsOwP8mH4QmhooE/5ovC14thwexqwlGUWu15Z0kNYDKZK0LoHcdKa8+Pif0XbisVdm7Ejujec2pJln1vHISdHFsNAqPKd4JRiv55SaBYMo+lCUsazC+51WIZrbwjMW4gbE4WL28nWmyjbB05LTzImi8ZMnwMqK302gP1zShlgeyJGljQQlijGrseQOf+3d3iomM9STCFk08+3wzQii7F/fvET7xkl6xIObLqa/J7VQGCcQj1Iu+CWbChqInGyx3PFeq47JO0=&u=U2FsdGVkX1+KXQ+Ja++NkZhxq+f2v8r4SkxOQt/Xp10=&y=U2FsdGVkX18nf0Ir6Rv0rmRM7eg2oMywzL6L8EVxKmltWsOkD0o5h4ANAYC23Cdr HTTP/1.1" 200 1974
186.102.95.28 - - [13/Oct/2023:09:37:53 -0500] "GET /kwssiamovil/sm/acme/s?s=U2FsdGVkX18tYDFS5bNPbRuE/pkwnO+eGX4gPiI+rMmhX9C6fryqyJdsHmqrdOD3Cy47rFwWxmwNXBMwVstrG3oEY+ZbFwqdSDWP+RrIpKKnZttpqE0e0w2PGrXI+pCk8noI3lhOps4H3pXAvrr4T4dXzJDQHwcHgGvKxGCYODFsYwiWLdNayXa1JfPaauN4nNOSs4YOjljgslhPebYt2kk+BxJ4CWMEAu6ncqJymfKdp/7n5GvfNLZqIKOmXu98VDEe2DvXrfRrZOrHiFNimti2gEm8Srrvx+O3CDSeqPN6Qed2NLB0OASPc5KdWG8oJgxgQELgd6ic0eaJSvPARqK5TBEYSA/zT3Cn5ja8vHJazAmaRf6fzujvzaO/rfV7xrzu19WKqURUgk0nJNawrcVwU3VmNSAJoHVH6drlat5xdVpWvYjrDJk6M88g5mQ+4AmbEojaY1y29Rvh4lc5fr7cPQbkhHH6TIZHxYohQhFWeRslXrdtqlWPH/50dy/QDmVAtESmPFjuj2yEdrYFagkOX3TTE4oUKrxNn2vy3rSW5+pl7cDBi7cQfkPLwLa5dqz/QwhjaxXUBey5bq530w3y8Gu4VK9Sm9BuWOkdRZ7pA1Tgnyflmxz7faMu6SyJ62KrSsFvj/zKUXnRAIsrMNT+sSFzZty4VYGdeTeUG/3TFo6bS9QqLvME+wJ000107I29mw54CrJK09XwLgzMEMs0/HopAtlUIllDMrMU6bkX9K86qSiQjy/St8W+X49w&u=U2FsdGVkX1+KXQ+Ja++NkZhxq+f2v8r4SkxOQt/Xp10=&y=U2FsdGVkX18nf0Ir6Rv0rmRM7eg2oMywzL6L8EVxKmltWsOkD0o5h4ANAYC23Cdr HTTP/1.1" 200 208
186.102.95.28 - - [13/Oct/2023:09:37:53 -0500] "GET /kwssiamovil/sm/cjson/pre?f=1&x=U2FsdGVkX1/yM1934DxmhYJ6K930z/RNGDwLA65yXg1XqSx0z0a6qFl7H1h4YqnO HTTP/1.1" 200 31032
172.22.2.4 - - [13/Oct/2023:09:38:03 -0500] "GET /BLA/boletinlegal/actos.php HTTP/1.1" 200 9682
201.245.192.253 - - [13/Oct/2023:09:38:01 -0500] "POST /kwsrmcab/Wsrmcab HTTP/1.1" 200 40462
201.245.192.253 - - [13/Oct/2023:09:38:05 -0500] "POST /kwsrmcab/Wsrmcab HTTP/1.1" 200 40571
172.22.2.4 - - [13/Oct/2023:09:38:09 -0500] "GET /BLA/boletinlegal/consulta_actos.php?tipo=autos&no=1147&usuario=&sector=&fecha=2023&resuelve= HTTP/1.1" 200 626
52.167.144.221 - - [13/Oct/2023:09:38:09 -0500] "GET /Publicaciones/2023EE236800.pdf HTTP/1.1" 200 232045
216.244.66.195 - - [13/Oct/2023:09:38:13 -0500] "GET /BLA/resoluciones/RESOLUCIONES%202011/2095.pdf HTTP/1.1" 200 373357
172.22.2.4 - - [13/Oct/2023:09:38:18 -0500] "GET /BLA/boletinlegal/consulta_actos.php?tipo=resoluciones&no=1147&usuario=&sector=&fecha=2023&resuelve= HTTP/1.1" 200 1094
201.245.192.253 - - [13/Oct/2023:09:38:25 -0500] "POST /forms/lservlet;jsessionid=ac16012b30d606f1b67f89f942dfbf57aa4e5ec06400.e3iSbxaKaheRe34Pbx8Nc3aQci1ynknvrkLOlQzNp65In0 HTTP/1.1" 200 2
172.22.2.4 - - [13/Oct/2023:09:38:30 -0500] "GET /BLA/boletinlegal/consulta_actos.php?tipo=resoluciones&no=1077&usuario=&sector=&fecha=2023&resuelve= HTTP/1.1" 200 626
52.167.144.212 - - [13/Oct/2023:09:38:35 -0500] "GET /participa-en-la-convocatoria-para-el-aseguramiento-metrologico-de-la-red-de-monitoreo-de-calidad-del-aire-de-bogota.html HTTP/1.1" 200 848
216.244.66.195 - - [13/Oct/2023:09:38:36 -0500] "GET /BLA/resoluciones/RESOLUCIONES%202011/2096.pdf HTTP/1.1" 200 374505
172.22.2.4 - - [13/Oct/2023:09:38:36 -0500] "GET /BLA/boletinlegal/actos.php HTTP/1.1" 200 9682
172.22.2.4 - - [13/Oct/2023:09:38:38 -0500] "GET /BLA/boletinlegal/consulta_actos.php?tipo=autos&no=3794&usuario=&sector=&fecha=2023&resuelve= HTTP/1.1" 200 1090
201.245.192.253 - - [13/Oct/2023:09:38:46 -0500] "POST /forms/lservlet;jsessionid=ac16012b30d606f1b67f89f942dfbf57aa4e5ec06400.e3iSbxaKaheRe34Pbx8Nc3aQci1ynknvrkLOlQzNp65In0 HTTP/1.1" 200 13
201.245.192.253 - - [13/Oct/2023:09:38:53 -0500] "POST /forms/lservlet;jsessionid=ac16012b30d606f1b67f89f942dfbf57aa4e5ec06400.e3iSbxaKaheRe34Pbx8Nc3aQci1ynknvrkLOlQzNp65In0 HTTP/1.1" 200 12
216.244.66.195 - - [13/Oct/2023:09:38:59 -0500] "GET /BLA/resoluciones/AUTOS%202017/4680.pdf HTTP/1.1" 200 446661
172.22.2.4 - - [13/Oct/2023:09:39:02 -0500] "GET /BLA/boletinlegal/actos.php HTTP/1.1" 200 9682
172.22.2.4 - - [13/Oct/2023:09:39:06 -0500] "GET /BLA/boletinlegal/consulta_actos.php?tipo=resoluciones&no=1327&usuario=&sector=&fecha=2023&resuelve= HTTP/1.1" 200 1098
172.22.2.4 - - [13/Oct/2023:09:37:36 -0500] "HEAD /BLA/boletinlegal/ HTTP/1.1" 200 -
172.22.2.4 - - [13/Oct/2023:09:39:17 -0500] "GET /BLA/boletinlegal/actos.php HTTP/1.1" 200 9682
216.244.66.195 - - [13/Oct/2023:09:39:20 -0500] "GET /BLA/resoluciones/RESOLUCIONES%202009/6321.pdf HTTP/1.1" 200 618211
172.22.2.4 - - [13/Oct/2023:09:39:21 -0500] "GET /BLA/boletinlegal/actos.php HTTP/1.1" 200 9682
172.22.2.4 - - [13/Oct/2023:09:39:24 -0500] "GET /BLA/boletinlegal/consulta_actos.php?tipo=autos&no=4816&usuario=&sector=&fecha=2023&resuelve= HTTP/1.1" 200 1038
172.22.2.4 - - [13/Oct/2023:09:39:35 -0500] "GET /BLA/boletinlegal/actos.php HTTP/1.1" 200 9682
172.22.2.4 - - [13/Oct/2023:09:39:39 -0500] "GET /BLA/boletinlegal/consulta_actos.php?tipo=resoluciones&no=1340&usuario=&sector=&fecha=2023&resuelve= HTTP/1.1" 200 1086
172.22.2.4 - - [13/Oct/2023:09:39:48 -0500] "GET /BLA/boletinlegal/consulta_actos.php?tipo=resoluciones&no=1262&usuario=&sector=&fecha=2023&resuelve= HTTP/1.1" 200 1086
216.244.66.195 - - [13/Oct/2023:09:39:58 -0500] "GET /BLA/resoluciones/RESOLUCIONES%202010/2640.pdf HTTP/1.1" 200 511117
172.22.2.4 - - [13/Oct/2023:09:39:58 -0500] "GET /BLA/boletinlegal/consulta_actos.php?tipo=autos&no=4818&usuario=&sector=&fecha=2023&resuelve= HTTP/1.1" 200 1037
172.22.2.4 - - [13/Oct/2023:09:40:05 -0500] "GET /BLA/boletinlegal/actos.php HTTP/1.1" 200 9682
172.22.2.4 - - [13/Oct/2023:09:40:05 -0500] "GET /BLA/boletinlegal/js/ajax_actos.js HTTP/1.1" 200 1322
172.22.2.4 - - [13/Oct/2023:09:40:05 -0500] "GET /BLA/boletinlegal/style.css HTTP/1.1" 200 9406
172.22.2.4 - - [13/Oct/2023:09:40:05 -0500] "GET /BLA/boletinlegal/niceforms-default.css HTTP/1.1" 200 6694
172.22.2.4 - - [13/Oct/2023:09:40:05 -0500] "GET /BLA/boletinlegal/niceforms.js HTTP/1.1" 200 22876
172.22.2.4 - - [13/Oct/2023:09:40:05 -0500] "GET /BLA/boletinlegal/js/popup.js HTTP/1.1" 200 1270
172.22.2.4 - - [13/Oct/2023:09:40:05 -0500] "GET /BLA/boletinlegal/js/lib.js HTTP/1.1" 200 6474
172.22.2.4 - - [13/Oct/2023:09:40:05 -0500] "GET /BLA/boletinlegal/js/jquery1.js HTTP/1.1" 200 29846
172.22.2.4 - - [13/Oct/2023:09:40:05 -0500] "GET /BLA/boletinlegal/styles2.css HTTP/1.1" 200 1838
172.22.2.4 - - [13/Oct/2023:09:40:05 -0500] "GET /BLA/boletinlegal/images/cabezote%20BLEGAL.jpg HTTP/1.1" 200 118164
172.22.2.4 - - [13/Oct/2023:09:40:05 -0500] "GET /BLA/boletinlegal/images/subscribe-icon-big.png HTTP/1.1" 200 47702
172.22.2.4 - - [13/Oct/2023:09:40:05 -0500] "GET /BLA/boletinlegal/images/registro-usuarios.png HTTP/1.1" 200 8106
172.22.2.4 - - [13/Oct/2023:09:40:05 -0500] "GET /BLA/boletinlegal/images/tel.png HTTP/1.1" 200 14477
172.22.2.4 - - [13/Oct/2023:09:40:05 -0500] "GET /BLA/boletinlegal/images/green-yellow-blue-pink-th.png HTTP/1.1" 200 7394
172.22.2.4 - - [13/Oct/2023:09:40:05 -0500] "GET /BLA/boletinlegal/images/historia.png HTTP/1.1" 200 52775
172.22.2.4 - - [13/Oct/2023:09:40:05 -0500] "GET /BLA/boletinlegal/images/icono-email.png HTTP/1.1" 200 5544
172.22.2.4 - - [13/Oct/2023:09:40:05 -0500] "GET /BLA/boletinlegal/images/body_bg.jpg HTTP/1.1" 200 1601
172.22.2.4 - - [13/Oct/2023:09:40:05 -0500] "GET /BLA/boletinlegal/images/menu_lft.gif HTTP/1.1" 200 1713
172.22.2.4 - - [13/Oct/2023:09:40:05 -0500] "GET /BLA/boletinlegal/images/menu_rght.gif HTTP/1.1" 200 1627
172.22.2.4 - - [13/Oct/2023:09:40:05 -0500] "GET /BLA/boletinlegal/images/bg_top.jpg HTTP/1.1" 200 522
172.22.2.4 - - [13/Oct/2023:09:40:05 -0500] "GET /BLA/boletinlegal/images/menu_bg.jpg HTTP/1.1" 200 620
172.22.2.4 - - [13/Oct/2023:09:40:05 -0500] "GET /BLA/boletinlegal/images/hover.jpg HTTP/1.1" 200 640
172.22.2.4 - - [13/Oct/2023:09:40:05 -0500] "GET /BLA/boletinlegal/images/text.jpg HTTP/1.1" 200 568
172.22.2.4 - - [13/Oct/2023:09:40:05 -0500] "GET /BLA/boletinlegal/images/footer_bg.jpg HTTP/1.1" 200 586
172.22.2.4 - - [13/Oct/2023:09:40:05 -0500] "GET /BLA/boletinlegal/images/footer_bg_l.jpg HTTP/1.1" 200 776
172.22.2.4 - - [13/Oct/2023:09:40:06 -0500] "GET /BLA/boletinlegal/img/0.png HTTP/1.1" 200 110
172.22.2.4 - - [13/Oct/2023:09:40:06 -0500] "GET /BLA/boletinlegal/img/select-left.png HTTP/1.1" 200 263
172.22.2.4 - - [13/Oct/2023:09:40:06 -0500] "GET /BLA/boletinlegal/img/select-right.png HTTP/1.1" 200 44019
172.22.2.4 - - [13/Oct/2023:09:40:06 -0500] "GET /BLA/boletinlegal/img/button-left.png HTTP/1.1" 200 57071
172.22.2.4 - - [13/Oct/2023:09:40:06 -0500] "GET /BLA/boletinlegal/img/button-right.png HTTP/1.1" 200 57878
172.22.2.4 - - [13/Oct/2023:09:40:06 -0500] "GET /BLA/boletinlegal/img/button.png HTTP/1.1" 200 43241
172.22.2.4 - - [13/Oct/2023:09:40:06 -0500] "GET /BLA/boletinlegal/favicon.ico HTTP/1.1" 404 1326
172.22.2.4 - - [13/Oct/2023:09:38:27 -0500] "GET /BLA/boletinlegal/ HTTP/1.1" 200 60531
186.102.96.34 - - [13/Oct/2023:09:40:13 -0500] "GET /kwssiamovil/sm/ldap/au?x=U2FsdGVkX1+Hs9D9ty0yUJ3mdU0vpF84TdW2FHd0Vns2LQekmm90T6ugCNsLkF6o&y=U2FsdGVkX1+5gKV0x59Txy9hJGGrW6i54DXLTAbmmUbgNpmg8B7PnmQaOiWuGH5B HTTP/1.1" 200 30
186.102.96.34 - - [13/Oct/2023:09:40:14 -0500] "GET /kwssiamovil/sm/acme/s?s=U2FsdGVkX19UgxuFsWdw2212Z+oEUltVjFUA/w3h9aYWqvLaQ/CoqkIuUqAc1GD/IyziNEGDg6WXYTMNQJLdrc0vhdjN3s3z1j8nd5GamRM=&u=U2FsdGVkX18VL6Nqw33l/YeOoXBgRO/GhldFenSDYfg=&y=U2FsdGVkX1+5gKV0x59Txy9hJGGrW6i54DXLTAbmmUbgNpmg8B7PnmQaOiWuGH5B HTTP/1.1" 200 97
186.102.96.34 - - [13/Oct/2023:09:40:14 -0500] "GET /kwssiamovil/sm/acme/s?s=U2FsdGVkX19U9UlnQ0Rsj3vUut95jkSP1s+5bTuHKfqp/xgR9mI6PhBvJavY3x20eU9EE5Mtcq7xePqShJOCFg7oTJhefcrGs2S2P0GXa0yt0HkS6ROE52U1pj8OjvFOYdryNqX9xNU+cNGp2WZ81oF5f6VIjx7ufLeLcw3iK5jDi10itvX2D4k4DuS3wMV1FIUYy7m5Sc9GtFN2dDmcFROcrbRBbcI5Vu8JgPRWEbw4I1gqMOW54xbV97lB3cTgzKD6582KGbPsg/Wnl+l5Wjpa4UusJZIjA34hgN5dWbFDVLg9bO3hoLrWhTKFDvq1clH38Ysv23SrFl+jkoElC8E2LOG9Ci9w/yLg8w5DOh6hDDzw7u3Bae2EvItzLAEvdDMOUzoRKbnOcow1C7V1i97UB+0dt86xMAKqDXafXcmHnpe3xlMqfskEpVB84f+59uHWLmgc3UW3cLXb3OgD0NEkIaapuGQTwDr5Re8/qSPGyFqaoNTNm3hu8zFnpZABAiYD2GB99NpgzBnoZadevvkHveH+0EIvSeVYEtQhkFCy/MsGCqnhBnwK8Q7ERnUnU6RR/Iy4LjZVW1e0Wk1AQn5A7z6SkmIvrLdDdLYBCCW7yl4hn5cXrDpz1J/HBQf1VLfB1qgqbFTO7DCe/Sv62YNT5W7fFr7oHbcEQyclG++n5j1cGZ/xgJJ7BbXo4ucFFiIaCcYdn6FWbzC/IooQ4RurjXOoFhDWeCmoxK0PLJ72+2PalodNCbUis2q9Pn46TBM8VqupfDZ7Mg2z29Rx+Yn8PEZ8yKHvtv+MyRYzTZBy+ZHesLbNOaYWNivEywQggFPA0WThYNXP8hDYhN3vnILNnaBdH1AypAZYu2W/DEYwddvk8QDSyj3O8pe6zoET7C/nLmxMUO2Ju22UWJFP0r2hkByHQ5iUQEwZb+cOnSOSl8uqT9u7qtJrYdz5g1JFwqmsvO+cEMieRVlG2WQf+T1b0LcpDYJ24lSLYNijG1666um4TWi99hGuv8ZngdmYWTvF13LH+yvGmYQkDE8Hy07xKpWG+9/A/61jqyXiGGl+1zmKpWUMqn30eZH3rLcvn1Z5FqCfnEfMN9QPdR0vA0jEXReSq7ECFDImE365wmQCLcuAQ1Fzz0LjCPJqPZ3Yx2x9tKHPy3H6m04mFf8/r8j4kft8IPhsqzSN1i8QYcFCvb8N6HjgUMa0vjcr5ul2j5foBJtGJdCOvF23lhC+YyhlIUWhP5ReegfTW/EoO12YydMu2fx3mu6RL+jNSLCBzpYnbX5RVGRGLffi4ISvD56WGo9VLpXlxhIaUN1THz4eLJJ+DH6g2YHqmg8mX6Z2W/CQ/Y0r3+tGJuMd+h4urXjFC+cappkDT2GgX6j5KfFHcnbBiw3tU4Bg+/oRAyulVgn/rzEqzmIDxKSV+O8ZRzVw7FatnSwphZe8jz2zEXvuiC1fu30bhTYxNmpHwa7ErykkykZhod1qmEfKt3IhXgmg8EUsbgmL3vA6F32t6ZXEquBimt0bm/lvVTSDjOol/9qgvXIWf3fztbpk4PcgT+g7lJV/N9iGiVF8MNX0bmCzfw/ROtwT7b7KtHZMKsCCTuQBeLD/86XHQpW+sbPxWMssQxyKFt4KK2MmedY0RowBtnNaJCCYbi0ChCC0lXD3H/g9UD88uenpjps8UMj7q0dMtLufUK6PL/hhyIO8fBRvizpU2kyw/tOlXFmQw2DhrUE2ld5vvWI6sYcUc0SdzNXKVb6QhYNia+h0bwKDM/Q=&u=U2FsdGVkX18VL6Nqw33l/YeOoXBgRO/GhldFenSDYfg=&y=U2FsdGVkX1+5gKV0x59Txy9hJGGrW6i54DXLTAbmmUbgNpmg8B7PnmQaOiWuGH5B HTTP/1.1" 200 1974
186.102.96.34 - - [13/Oct/2023:09:40:14 -0500] "GET /kwssiamovil/sm/acme/s?s=U2FsdGVkX1/ZF8yCgrIXGCMsrRoPlSwDqLg+l9fkwXYfADWR3F9EmkLZJB54iJurK9zjQYBdqjXEYzV2q7HfUtLpJpdIqQGltnD4SwDi5zdxdgxfv5J0v5Qo6pFNjgcpnyyfedDGmm+UQgPh5mG8t+RynZgby1rwUIDh8HPo0z/2HiSr+qpaYSmCC5f4+KMJRxAC32ZvY54akExYd7al3/xMTGb2fnf4rw1Ecd0aTvYoGl4pXWsgDFJ2dnodX2PDO6YzwHNUy67G32PDmUMyNDaRoHSCmxHucGErlpdJ1TWB/CRZEZB8kpMcoy4ikN5cFtRKELdUn/c5tqDbrO8HMUN+aglQ4kNrRVL8rw9e9KESqe6A7vNxH+KjKA+gUfxHOBTZ1C9xiZyd6O2zlzVZaL2BR65h8t+OjuYCqmzZLpiga3oo6IsDUjyUpJoVlo01F1UYZurMMkDG9oNf/O9wxrKpVjack9grw5bLu3pf9pBR4K4BP6Ttv372wbAs8Ker4cSRScRzCHBzDYuRs9+yzqodvTZFXB5rhcJcSsiL91s7qrfVvQ4ClbGU2+PNi/Y3aobsNKBKDQwC+tsm/MlIGSulipKcvbS5XFcCoMg2tQ+gmf4fK9ndmUtBOS1cGYNcw1E0BdVjsCneie5ODz47kzwgCE/Y9TtXsW5M4x+4dUo9uO2Ny8g+JaHBKurrBWT/HpmGbEjjquA5vnJBv1GFIT2tjZn76O+v6mkCF5wj60K947CoPN1Bt8CFzt+VZYHz&u=U2FsdGVkX18VL6Nqw33l/YeOoXBgRO/GhldFenSDYfg=&y=U2FsdGVkX1+5gKV0x59Txy9hJGGrW6i54DXLTAbmmUbgNpmg8B7PnmQaOiWuGH5B HTTP/1.1" 200 208
172.22.2.4 - - [13/Oct/2023:09:40:15 -0500] "GET /BLA/boletinlegal/consulta_actos.php?tipo=autos&no=3790&usuario=&sector=&fecha=2023&resuelve= HTTP/1.1" 200 1045
186.102.96.34 - - [13/Oct/2023:09:40:14 -0500] "GET /kwssiamovil/sm/cjson/pre?f=1&x=U2FsdGVkX1+Hs9D9ty0yUJ3mdU0vpF84TdW2FHd0Vns2LQekmm90T6ugCNsLkF6o HTTP/1.1" 200 31032
172.22.2.4 - - [13/Oct/2023:09:40:16 -0500] "GET /BLA/boletinlegal/conceptos.php HTTP/1.1" 200 7496
172.22.2.4 - - [13/Oct/2023:09:40:16 -0500] "GET /BLA/boletinlegal/js/ajax_conceptos.js HTTP/1.1" 200 1326
172.22.2.4 - - [13/Oct/2023:09:40:21 -0500] "GET /BLA/boletinlegal/consulta_conceptos.php?no=056&solicitante=&radicado_entrada=&fecha_concepto=2023&objeto= HTTP/1.1" 200 570
201.245.192.253 - - [13/Oct/2023:09:40:25 -0500] "POST /forms/lservlet;jsessionid=ac16012b30d606f1b67f89f942dfbf57aa4e5ec06400.e3iSbxaKaheRe34Pbx8Nc3aQci1ynknvrkLOlQzNp65In0 HTTP/1.1" 200 2
172.22.2.4 - - [13/Oct/2023:09:40:26 -0500] "GET /BLA/boletinlegal/consulta_actos.php?tipo=autos&no=4087&usuario=&sector=&fecha=2023&resuelve= HTTP/1.1" 200 1058
216.244.66.195 - - [13/Oct/2023:09:40:35 -0500] "GET /galeria/galeria/fotos/2CaminataG3.jpg HTTP/1.1" 200 164614
172.22.2.4 - - [13/Oct/2023:09:40:36 -0500] "GET /BLA/boletinlegal/consulta_actos.php?tipo=autos&no=4085&usuario=&sector=&fecha=2023&resuelve= HTTP/1.1" 200 1040
172.22.2.4 - - [13/Oct/2023:09:40:41 -0500] "GET /BLA/boletinlegal/consulta_conceptos.php?no=052&solicitante=&radicado_entrada=&fecha_concepto=2023&objeto= HTTP/1.1" 200 960
172.22.2.4 - - [13/Oct/2023:09:40:41 -0500] "GET /BLA/boletinlegal/images/pdf.gif HTTP/1.1" 200 567
172.22.2.4 - - [13/Oct/2023:09:40:43 -0500] "GET /BLA/boletinlegal/conceptos/2023/52.pdf HTTP/1.1" 200 843881
172.22.2.4 - - [13/Oct/2023:09:40:46 -0500] "GET /BLA/boletinlegal/consulta_actos.php?tipo=resoluciones&no=1274&usuario=&sector=&fecha=2023&resuelve= HTTP/1.1" 200 1097
172.22.2.4 - - [13/Oct/2023:09:40:58 -0500] "GET /BLA/boletinlegal/consulta_actos.php?tipo=autos&no=3820&usuario=&sector=&fecha=2023&resuelve= HTTP/1.1" 200 1038
216.245.221.92 - - [13/Oct/2023:09:41:03 -0500] "HEAD / HTTP/1.1" 200 -
172.22.2.4 - - [13/Oct/2023:09:41:16 -0500] "GET /BLA/boletinlegal/consulta_actos.php?tipo=autos&no=3820&usuario=&sector=&fecha=2023&resuelve= HTTP/1.1" 200 1038
172.22.2.4 - - [13/Oct/2023:09:41:31 -0500] "GET /BLA/boletinlegal/consulta_actos.php?tipo=autos&no=3789&usuario=&sector=&fecha=2023&resuelve= HTTP/1.1" 200 1037
172.22.2.4 - - [13/Oct/2023:09:41:39 -0500] "GET /BLA/boletinlegal/consulta_actos.php?tipo=autos&no=3793&usuario=&sector=&fecha=2023&resuelve= HTTP/1.1" 200 1083
172.22.2.4 - - [13/Oct/2023:09:41:47 -0500] "GET /BLA/boletinlegal/consulta_actos.php?tipo=autos&no=4084&usuario=&sector=&fecha=2023&resuelve= HTTP/1.1" 200 1026
172.22.2.4 - - [13/Oct/2023:09:41:56 -0500] "GET /BLA/boletinlegal/consulta_actos.php?tipo=autos&no=3793&usuario=&sector=&fecha=2023&resuelve= HTTP/1.1" 200 1083
172.22.2.4 - - [13/Oct/2023:09:42:03 -0500] "GET /BLA/boletinlegal/consulta_actos.php?tipo=autos&no=4084&usuario=&sector=&fecha=2023&resuelve= HTTP/1.1" 200 1026
172.22.2.4 - - [13/Oct/2023:09:42:13 -0500] "GET /BLA/boletinlegal/consulta_actos.php?tipo=resoluciones&no=1264&usuario=&sector=&fecha=2023&resuelve= HTTP/1.1" 200 626
172.22.2.4 - - [13/Oct/2023:09:42:21 -0500] "GET /BLA/boletinlegal/consulta_actos.php?tipo=resoluciones&no=1264&usuario=&sector=&fecha=2023&resuelve= HTTP/1.1" 200 626
201.245.192.253 - - [13/Oct/2023:09:42:25 -0500] "POST /forms/lservlet;jsessionid=ac16012b30d606f1b67f89f942dfbf57aa4e5ec06400.e3iSbxaKaheRe34Pbx8Nc3aQci1ynknvrkLOlQzNp65In0 HTTP/1.1" 200 2
172.22.2.4 - - [13/Oct/2023:09:42:34 -0500] "GET /BLA/boletinlegal/consulta_actos.php?tipo=resoluciones&no=1340&usuario=&sector=&fecha=2023&resuelve= HTTP/1.1" 200 1086
172.22.2.4 - - [13/Oct/2023:09:42:44 -0500] "GET /BLA/boletinlegal/consulta_actos.php?tipo=resoluciones&no=1327&usuario=&sector=&fecha=2023&resuelve= HTTP/1.1" 200 1098
201.245.192.253 - - [13/Oct/2023:09:42:42 -0500] "POST /kwsrmcab/Wsrmcab  HTTP/1.1" 200 42851
172.22.2.4 - - [13/Oct/2023:09:42:52 -0500] "GET /BLA/boletinlegal/consulta_actos.php?tipo=resoluciones&no=1262&usuario=&sector=&fecha=2023&resuelve= HTTP/1.1" 200 1086
172.22.2.4 - - [13/Oct/2023:09:43:00 -0500] "GET /BLA/boletinlegal/consulta_actos.php?tipo=autos&no=4087&usuario=&sector=&fecha=2023&resuelve= HTTP/1.1" 200 1058
172.22.2.4 - - [13/Oct/2023:09:43:13 -0500] "GET /BLA/boletinlegal/consulta_actos.php?tipo=autos&no=3794&usuario=&sector=&fecha=2023&resuelve= HTTP/1.1" 200 1090
172.22.2.4 - - [13/Oct/2023:09:43:26 -0500] "GET /BLA/boletinlegal/consulta_actos.php?tipo=resoluciones&no=1147&usuario=&sector=&fecha=2023&resuelve= HTTP/1.1" 200 1094
172.22.2.4 - - [13/Oct/2023:09:43:36 -0500] "GET /BLA/boletinlegal/consulta_actos.php?tipo=resoluciones&no=1077&usuario=&sector=&fecha=2023&resuelve= HTTP/1.1" 200 626
172.22.2.4 - - [13/Oct/2023:09:43:47 -0500] "GET /BLA/boletinlegal/consulta_actos.php?tipo=autos&no=3788&usuario=&sector=&fecha=2023&resuelve= HTTP/1.1" 200 1056
172.22.2.4 - - [13/Oct/2023:09:44:01 -0500] "GET /BLA/boletinlegal/consulta_actos.php?tipo=resoluciones&no=1263&usuario=&sector=&fecha=2023&resuelve= HTTP/1.1" 200 626
201.245.192.253 - - [13/Oct/2023:09:44:13 -0500] "GET /forms/frmservlet?config=sae HTTP/1.1" 200 4134
172.22.2.4 - - [13/Oct/2023:09:44:13 -0500] "GET /BLA/boletinlegal/consulta_actos.php?tipo=autos&no=3161&usuario=&sector=&fecha=2023&resuelve= HTTP/1.1" 200 1047
201.245.192.253 - - [13/Oct/2023:09:44:15 -0500] "GET /forms/frmservlet?config=sae HTTP/1.1" 200 4042
201.245.192.253 - - [13/Oct/2023:09:44:17 -0500] "GET /forms/java/frmall_jinit.jar HTTP/1.1" 304 -
201.245.192.253 - - [13/Oct/2023:09:44:18 -0500] "GET /forms/java/icons.jar HTTP/1.1" 304 -
201.245.192.253 - - [13/Oct/2023:09:44:18 -0500] "GET /forms/java/java/awt/KeyboardFocusManager.class HTTP/1.1" 404 352
201.245.192.253 - - [13/Oct/2023:09:44:18 -0500] "GET /forms/java/java/awt/KeyboardFocusManager.class HTTP/1.1" 404 352
201.245.192.253 - - [13/Oct/2023:09:44:18 -0500] "GET /favicon.ico HTTP/1.1" 200 7782
201.245.192.253 - - [13/Oct/2023:09:44:18 -0500] "GET /forms/java/java/awt/event/MouseWheelListener.class HTTP/1.1" 404 356
201.245.192.253 - - [13/Oct/2023:09:44:18 -0500] "GET /forms/java/java/awt/event/MouseWheelListener.class HTTP/1.1" 404 356
201.245.192.253 - - [13/Oct/2023:09:44:18 -0500] "GET /forms/java/oracle/forms/registry/Registry.dat HTTP/1.1" 200 4213
201.245.192.253 - - [13/Oct/2023:09:44:18 -0500] "GET /forms/java/oracle/forms/registry/default.dat HTTP/1.1" 404 350
201.245.192.253 - - [13/Oct/2023:09:44:18 -0500] "GET /forms/frmservlet?config=sae&acceptLanguage=es-CO,es;q=0.5&ifcmd=startsession HTTP/1.1" 200 118
201.245.192.253 - - [13/Oct/2023:09:44:18 -0500] "GET /forms/lservlet;jsessionid=ac16012b30d69a92a0109f0846eea6f28cf880cfac4b.e3iSbxaKaheRe34Pbx8Nc3aQci1ynknvrkLOlQzNp65In0?ifcmd=getinfo&ifhost=A1DGCAC7ST8&ifip=192.168.173.60 HTTP/1.1" 200 8
201.245.192.253 - - [13/Oct/2023:09:44:19 -0500] "POST /forms/lservlet;jsessionid=ac16012b30d69a92a0109f0846eea6f28cf880cfac4b.e3iSbxaKaheRe34Pbx8Nc3aQci1ynknvrkLOlQzNp65In0 HTTP/1.1" 200 8
201.245.192.253 - - [13/Oct/2023:09:44:20 -0500] "GET /forms/java/oracle/forms/engine/RunformBundle_es_CO.class HTTP/1.1" 404 362
201.245.192.253 - - [13/Oct/2023:09:44:20 -0500] "GET /forms/java/oracle/forms/engine/RunformBundle_es_CO.class HTTP/1.1" 404 362
201.245.192.253 - - [13/Oct/2023:09:44:20 -0500] "GET /forms/java/oracle/forms/engine/RunformBundle_es_CO.properties HTTP/1.1" 404 367
201.245.192.253 - - [13/Oct/2023:09:44:20 -0500] "POST /forms/lservlet;jsessionid=ac16012b30d69a92a0109f0846eea6f28cf880cfac4b.e3iSbxaKaheRe34Pbx8Nc3aQci1ynknvrkLOlQzNp65In0 HTTP/1.1" 200 2764
201.245.192.253 - - [13/Oct/2023:09:44:21 -0500] "POST /forms/lservlet;jsessionid=ac16012b30d69a92a0109f0846eea6f28cf880cfac4b.e3iSbxaKaheRe34Pbx8Nc3aQci1ynknvrkLOlQzNp65In0 HTTP/1.1" 200 2
201.245.192.253 - - [13/Oct/2023:09:44:21 -0500] "POST /forms/lservlet;jsessionid=ac16012b30d69a92a0109f0846eea6f28cf880cfac4b.e3iSbxaKaheRe34Pbx8Nc3aQci1ynknvrkLOlQzNp65In0 HTTP/1.1" 200 2
172.22.2.4 - - [13/Oct/2023:09:44:23 -0500] "GET /BLA/boletinlegal/consulta_actos.php?tipo=resoluciones&no=1076&usuario=&sector=&fecha=2023&resuelve= HTTP/1.1" 200 1075
201.245.192.253 - - [13/Oct/2023:09:44:25 -0500] "POST /forms/lservlet;jsessionid=ac16012b30d606f1b67f89f942dfbf57aa4e5ec06400.e3iSbxaKaheRe34Pbx8Nc3aQci1ynknvrkLOlQzNp65In0 HTTP/1.1" 200 2
201.245.192.253 - - [13/Oct/2023:09:44:27 -0500] "POST /forms/lservlet;jsessionid=ac16012b30d69a92a0109f0846eea6f28cf880cfac4b.e3iSbxaKaheRe34Pbx8Nc3aQci1ynknvrkLOlQzNp65In0 HTTP/1.1" 200 2551
201.245.192.253 - - [13/Oct/2023:09:44:27 -0500] "HEAD /imagenes/rt_pset.gif HTTP/1.1" 200 -
201.245.192.253 - - [13/Oct/2023:09:44:27 -0500] "HEAD /imagenes/rt_exit.gif HTTP/1.1" 200 -
201.245.192.253 - - [13/Oct/2023:09:44:27 -0500] "HEAD /imagenes/rt_help.gif HTTP/1.1" 200 -
201.245.192.253 - - [13/Oct/2023:09:44:28 -0500] "POST /forms/lservlet;jsessionid=ac16012b30d69a92a0109f0846eea6f28cf880cfac4b.e3iSbxaKaheRe34Pbx8Nc3aQci1ynknvrkLOlQzNp65In0 HTTP/1.1" 200 2
201.245.192.253 - - [13/Oct/2023:09:44:29 -0500] "POST /forms/lservlet;jsessionid=ac16012b30d69a92a0109f0846eea6f28cf880cfac4b.e3iSbxaKaheRe34Pbx8Nc3aQci1ynknvrkLOlQzNp65In0 HTTP/1.1" 200 96
201.245.192.253 - - [13/Oct/2023:09:44:29 -0500] "POST /forms/lservlet;jsessionid=ac16012b30d69a92a0109f0846eea6f28cf880cfac4b.e3iSbxaKaheRe34Pbx8Nc3aQci1ynknvrkLOlQzNp65In0 HTTP/1.1" 200 -
172.22.2.4 - - [13/Oct/2023:09:44:32 -0500] "GET /BLA/boletinlegal/consulta_actos.php?tipo=resoluciones&no=1066&usuario=&sector=&fecha=2023&resuelve= HTTP/1.1" 200 1088
201.245.192.253 - - [13/Oct/2023:09:44:34 -0500] "GET /forms/frmservlet?config=sai HTTP/1.1" 200 4134
201.245.192.253 - - [13/Oct/2023:09:44:34 -0500] "POST /forms/lservlet;jsessionid=ac16012b30d606f1b67f89f942dfbf57aa4e5ec06400.e3iSbxaKaheRe34Pbx8Nc3aQci1ynknvrkLOlQzNp65In0 HTTP/1.1" 200 1437
201.245.192.253 - - [13/Oct/2023:09:44:34 -0500] "POST /forms/lservlet;jsessionid=ac16012b30d606f1b67f89f942dfbf57aa4e5ec06400.e3iSbxaKaheRe34Pbx8Nc3aQci1ynknvrkLOlQzNp65In0 HTTP/1.1" 200 2
201.245.192.253 - - [13/Oct/2023:09:44:34 -0500] "POST /forms/lservlet;jsessionid=ac16012b30d606f1b67f89f942dfbf57aa4e5ec06400.e3iSbxaKaheRe34Pbx8Nc3aQci1ynknvrkLOlQzNp65In0 HTTP/1.1" 200 -
201.245.192.253 - - [13/Oct/2023:09:44:37 -0500] "GET /forms/frmservlet?config=sai HTTP/1.1" 200 4042
201.245.192.253 - - [13/Oct/2023:09:44:39 -0500] "GET /forms/java/frmall_jinit.jar HTTP/1.1" 304 -
201.245.192.253 - - [13/Oct/2023:09:44:39 -0500] "GET /forms/java/icons.jar HTTP/1.1" 304 -
201.245.192.253 - - [13/Oct/2023:09:44:39 -0500] "GET /forms/java/java/awt/KeyboardFocusManager.class HTTP/1.1" 404 352
201.245.192.253 - - [13/Oct/2023:09:44:39 -0500] "GET /forms/java/java/awt/KeyboardFocusManager.class HTTP/1.1" 404 352
201.245.192.253 - - [13/Oct/2023:09:44:40 -0500] "GET /favicon.ico HTTP/1.1" 200 7782
201.245.192.253 - - [13/Oct/2023:09:44:40 -0500] "GET /forms/java/java/awt/event/MouseWheelListener.class HTTP/1.1" 404 356
201.245.192.253 - - [13/Oct/2023:09:44:40 -0500] "GET /forms/java/java/awt/event/MouseWheelListener.class HTTP/1.1" 404 356
201.245.192.253 - - [13/Oct/2023:09:44:40 -0500] "GET /forms/java/oracle/forms/registry/Registry.dat HTTP/1.1" 200 4213
201.245.192.253 - - [13/Oct/2023:09:44:40 -0500] "GET /forms/java/oracle/forms/registry/default.dat HTTP/1.1" 404 350
201.245.192.253 - - [13/Oct/2023:09:44:40 -0500] "GET /forms/frmservlet?config=sai&acceptLanguage=es-CO,es;q=0.5&ifcmd=startsession HTTP/1.1" 200 118
201.245.192.253 - - [13/Oct/2023:09:44:40 -0500] "GET /forms/lservlet;jsessionid=ac16012b30d62f11bd8b601a443e836280c4b12924a3.e3iSbxaKaheRe34Pbx8Nc3aQci1ynknvrkLOlQzNp65In0?ifcmd=getinfo&ifhost=A1DGCAC7ST8&ifip=192.168.173.60 HTTP/1.1" 200 8
201.245.192.253 - - [13/Oct/2023:09:44:40 -0500] "POST /forms/lservlet;jsessionid=ac16012b30d62f11bd8b601a443e836280c4b12924a3.e3iSbxaKaheRe34Pbx8Nc3aQci1ynknvrkLOlQzNp65In0 HTTP/1.1" 200 8
201.245.192.253 - - [13/Oct/2023:09:44:41 -0500] "GET /forms/java/oracle/forms/engine/RunformBundle_es_CO.class HTTP/1.1" 404 362
201.245.192.253 - - [13/Oct/2023:09:44:41 -0500] "GET /forms/java/oracle/forms/engine/RunformBundle_es_CO.class HTTP/1.1" 404 362
201.245.192.253 - - [13/Oct/2023:09:44:41 -0500] "GET /forms/java/oracle/forms/engine/RunformBundle_es_CO.properties HTTP/1.1" 404 367
201.245.192.253 - - [13/Oct/2023:09:44:41 -0500] "POST /forms/lservlet;jsessionid=ac16012b30d62f11bd8b601a443e836280c4b12924a3.e3iSbxaKaheRe34Pbx8Nc3aQci1ynknvrkLOlQzNp65In0 HTTP/1.1" 200 2728
201.245.192.253 - - [13/Oct/2023:09:44:43 -0500] "POST /forms/lservlet;jsessionid=ac16012b30d62f11bd8b601a443e836280c4b12924a3.e3iSbxaKaheRe34Pbx8Nc3aQci1ynknvrkLOlQzNp65In0 HTTP/1.1" 200 2
201.245.192.253 - - [13/Oct/2023:09:44:43 -0500] "POST /forms/lservlet;jsessionid=ac16012b30d62f11bd8b601a443e836280c4b12924a3.e3iSbxaKaheRe34Pbx8Nc3aQci1ynknvrkLOlQzNp65In0 HTTP/1.1" 200 2
172.22.2.4 - - [13/Oct/2023:09:44:44 -0500] "GET /BLA/boletinlegal/consulta_actos.php?tipo=autos&no=2443&usuario=&sector=&fecha=2023&resuelve= HTTP/1.1" 200 626
201.245.192.253 - - [13/Oct/2023:09:44:50 -0500] "POST /forms/lservlet;jsessionid=ac16012b30d62f11bd8b601a443e836280c4b12924a3.e3iSbxaKaheRe34Pbx8Nc3aQci1ynknvrkLOlQzNp65In0 HTTP/1.1" 200 3396
201.245.192.253 - - [13/Oct/2023:09:44:50 -0500] "HEAD /imagenes/rt_pset.gif HTTP/1.1" 200 -
201.245.192.253 - - [13/Oct/2023:09:44:50 -0500] "HEAD /imagenes/rt_exit.gif HTTP/1.1" 200 -
201.245.192.253 - - [13/Oct/2023:09:44:50 -0500] "HEAD /imagenes/rt_help.gif HTTP/1.1" 200 -
201.245.192.253 - - [13/Oct/2023:09:44:50 -0500] "GET /imagenes/rt_exit.gif HTTP/1.1" 200 916
201.245.192.253 - - [13/Oct/2023:09:44:51 -0500] "GET /imagenes/rt_exit.gif HTTP/1.1" 200 916
201.245.192.253 - - [13/Oct/2023:09:44:51 -0500] "POST /forms/lservlet;jsessionid=ac16012b30d62f11bd8b601a443e836280c4b12924a3.e3iSbxaKaheRe34Pbx8Nc3aQci1ynknvrkLOlQzNp65In0 HTTP/1.1" 200 7
201.245.192.253 - - [13/Oct/2023:09:44:51 -0500] "POST /forms/lservlet;jsessionid=ac16012b30d62f11bd8b601a443e836280c4b12924a3.e3iSbxaKaheRe34Pbx8Nc3aQci1ynknvrkLOlQzNp65In0 HTTP/1.1" 200 2
201.245.192.253 - - [13/Oct/2023:09:44:51 -0500] "POST /forms/lservlet;jsessionid=ac16012b30d62f11bd8b601a443e836280c4b12924a3.e3iSbxaKaheRe34Pbx8Nc3aQci1ynknvrkLOlQzNp65In0 HTTP/1.1" 200 2
201.245.192.253 - - [13/Oct/2023:09:44:51 -0500] "POST /forms/lservlet;jsessionid=ac16012b30d62f11bd8b601a443e836280c4b12924a3.e3iSbxaKaheRe34Pbx8Nc3aQci1ynknvrkLOlQzNp65In0 HTTP/1.1" 200 2
201.245.192.253 - - [13/Oct/2023:09:44:51 -0500] "POST /forms/lservlet;jsessionid=ac16012b30d62f11bd8b601a443e836280c4b12924a3.e3iSbxaKaheRe34Pbx8Nc3aQci1ynknvrkLOlQzNp65In0 HTTP/1.1" 200 2
172.22.2.4 - - [13/Oct/2023:09:44:54 -0500] "GET /BLA/boletinlegal/consulta_actos.php?tipo=autos&no=2460&usuario=&sector=&fecha=2023&resuelve= HTTP/1.1" 200 626
201.245.192.253 - - [13/Oct/2023:09:44:55 -0500] "POST /forms/lservlet;jsessionid=ac16012b30d62f11bd8b601a443e836280c4b12924a3.e3iSbxaKaheRe34Pbx8Nc3aQci1ynknvrkLOlQzNp65In0 HTTP/1.1" 200 20042
201.245.192.253 - - [13/Oct/2023:09:44:55 -0500] "HEAD /imagenes/rt_quer1.gif HTTP/1.1" 200 -
201.245.192.253 - - [13/Oct/2023:09:44:55 -0500] "HEAD /imagenes/rt_quer2.gif HTTP/1.1" 200 -
201.245.192.253 - - [13/Oct/2023:09:44:55 -0500] "HEAD /imagenes/rt_quer3.gif HTTP/1.1" 200 -
201.245.192.253 - - [13/Oct/2023:09:44:55 -0500] "HEAD /imagenes/rt_radd.gif HTTP/1.1" 200 -
201.245.192.253 - - [13/Oct/2023:09:44:55 -0500] "HEAD /imagenes/rt_rdel.gif HTTP/1.1" 200 -
201.245.192.253 - - [13/Oct/2023:09:44:55 -0500] "HEAD /imagenes/rt_rec1.gif HTTP/1.1" 200 -
201.245.192.253 - - [13/Oct/2023:09:44:55 -0500] "HEAD /imagenes/rt_rec4.gif HTTP/1.1" 200 -
201.245.192.253 - - [13/Oct/2023:09:44:55 -0500] "HEAD /imagenes/rt_save.gif HTTP/1.1" 200 -
201.245.192.253 - - [13/Oct/2023:09:44:55 -0500] "HEAD /imagenes/rt_print.gif HTTP/1.1" 200 -
201.245.192.253 - - [13/Oct/2023:09:44:55 -0500] "HEAD /imagenes/listval.gif HTTP/1.1" 200 -
201.245.192.253 - - [13/Oct/2023:09:44:55 -0500] "GET /imagenes/rt_quer1.gif HTTP/1.1" 200 930
201.245.192.253 - - [13/Oct/2023:09:44:55 -0500] "GET /imagenes/rt_quer2.gif HTTP/1.1" 200 936
201.245.192.253 - - [13/Oct/2023:09:44:55 -0500] "GET /imagenes/rt_quer3.gif HTTP/1.1" 200 939
201.245.192.253 - - [13/Oct/2023:09:44:55 -0500] "GET /imagenes/rt_radd.gif HTTP/1.1" 200 907
201.245.192.253 - - [13/Oct/2023:09:44:55 -0500] "GET /imagenes/rt_rdel.gif HTTP/1.1" 200 899
201.245.192.253 - - [13/Oct/2023:09:44:55 -0500] "GET /imagenes/rt_rec1.gif HTTP/1.1" 200 867
201.245.192.253 - - [13/Oct/2023:09:44:55 -0500] "GET /imagenes/rt_rec4.gif HTTP/1.1" 200 865
201.245.192.253 - - [13/Oct/2023:09:44:55 -0500] "GET /imagenes/rt_save.gif HTTP/1.1" 200 903
201.245.192.253 - - [13/Oct/2023:09:44:55 -0500] "GET /imagenes/rt_print.gif HTTP/1.1" 200 916
201.245.192.253 - - [13/Oct/2023:09:44:55 -0500] "GET /imagenes/listval.gif HTTP/1.1" 200 905
201.245.192.253 - - [13/Oct/2023:09:44:55 -0500] "POST /forms/lservlet;jsessionid=ac16012b30d62f11bd8b601a443e836280c4b12924a3.e3iSbxaKaheRe34Pbx8Nc3aQci1ynknvrkLOlQzNp65In0 HTTP/1.1" 200 10
201.245.192.253 - - [13/Oct/2023:09:44:57 -0500] "POST /forms/lservlet;jsessionid=ac16012b30d62f11bd8b601a443e836280c4b12924a3.e3iSbxaKaheRe34Pbx8Nc3aQci1ynknvrkLOlQzNp65In0 HTTP/1.1" 200 24
172.22.2.4 - - [13/Oct/2023:09:44:57 -0500] "GET /BLA/boletinlegal/consulta_actos.php?tipo=autos&no=2460&usuario=&sector=&fecha=2023&resuelve= HTTP/1.1" 200 626
201.245.192.253 - - [13/Oct/2023:09:45:05 -0500] "POST /forms/lservlet;jsessionid=ac16012b30d62f11bd8b601a443e836280c4b12924a3.e3iSbxaKaheRe34Pbx8Nc3aQci1ynknvrkLOlQzNp65In0 HTTP/1.1" 200 2553
172.22.2.4 - - [13/Oct/2023:09:45:06 -0500] "GET /BLA/boletinlegal/consulta_actos.php?tipo=autos&no=2446&usuario=&sector=&fecha=2023&resuelve= HTTP/1.1" 200 626
172.22.2.4 - - [13/Oct/2023:09:43:26 -0500] "HEAD /BLA/boletinlegal/ HTTP/1.1" 200 -
172.22.2.4 - - [13/Oct/2023:09:45:07 -0500] "GET /BLA/boletinlegal/consulta_actos.php?tipo=autos&no=2446&usuario=&sector=&fecha=2023&resuelve= HTTP/1.1" 200 626
181.189.25.57 - - [13/Oct/2023:09:45:08 -0500] "POST /sipse/faces/presentacion/financiero/solicitudProceso/consultarSolicitudProceso.xhtml HTTP/1.1" 200 43898
181.189.25.57 - - [13/Oct/2023:09:45:08 -0500] "GET /sipse/faces/javax.faces.resource/theme.css?ln=primefaces-sipse HTTP/1.1" 304 -
181.189.25.57 - - [13/Oct/2023:09:45:08 -0500] "GET /sipse/faces/javax.faces.resource/primefaces.css?ln=primefaces&v=4.0 HTTP/1.1" 304 -
181.189.25.57 - - [13/Oct/2023:09:45:08 -0500] "GET /sipse/faces/javax.faces.resource/layout/layout.css?ln=primefaces&v=4.0 HTTP/1.1" 304 -
181.189.25.57 - - [13/Oct/2023:09:45:08 -0500] "GET /sipse/faces/javax.faces.resource/jquery/jquery.js?ln=primefaces&v=4.0 HTTP/1.1" 304 -
181.189.25.57 - - [13/Oct/2023:09:45:08 -0500] "GET /sipse/faces/javax.faces.resource/jquery/jquery-plugins.js?ln=primefaces&v=4.0 HTTP/1.1" 304 -
181.189.25.57 - - [13/Oct/2023:09:45:08 -0500] "GET /sipse/faces/javax.faces.resource/primefaces.js?ln=primefaces&v=4.0 HTTP/1.1" 304 -
181.189.25.57 - - [13/Oct/2023:09:45:08 -0500] "GET /sipse/faces/javax.faces.resource/layout/layout.js?ln=primefaces&v=4.0 HTTP/1.1" 304 -
181.189.25.57 - - [13/Oct/2023:09:45:08 -0500] "POST /sipse/faces/presentacion/financiero/solicitudProceso/consultar.xhtml HTTP/1.1" 200 37188
181.189.25.57 - - [13/Oct/2023:09:45:08 -0500] "POST /sipse/faces/presentacion/financiero/solicitudProceso/consultar.xhtml HTTP/1.1" 200 37188
181.189.25.57 - - [13/Oct/2023:09:45:08 -0500] "POST /sipse/faces/presentacion/financiero/solicitudProceso/consultar.xhtml HTTP/1.1" 200 37188
172.22.2.4 - - [13/Oct/2023:09:45:10 -0500] "GET /BLA/boletinlegal/actos.php HTTP/1.1" 200 9682
172.22.2.4 - - [13/Oct/2023:09:45:12 -0500] "GET /BLA/boletinlegal/consulta_actos.php?tipo=autos&no=2446&usuario=&sector=&fecha=2023&resuelve= HTTP/1.1" 200 626
201.245.192.253 - - [13/Oct/2023:09:45:14 -0500] "POST /forms/lservlet;jsessionid=ac16012b30d62f11bd8b601a443e836280c4b12924a3.e3iSbxaKaheRe34Pbx8Nc3aQci1ynknvrkLOlQzNp65In0 HTTP/1.1" 200 1341
201.245.192.253 - - [13/Oct/2023:09:45:14 -0500] "POST /forms/lservlet;jsessionid=ac16012b30d62f11bd8b601a443e836280c4b12924a3.e3iSbxaKaheRe34Pbx8Nc3aQci1ynknvrkLOlQzNp65In0 HTTP/1.1" 200 24
192.144.113.215 - - [13/Oct/2023:09:45:15 -0500] "GET /sipse/faces/index.xhtml HTTP/1.1" 200 677
192.144.113.215 - - [13/Oct/2023:09:45:15 -0500] "GET /sipse/faces/javax.faces.resource/theme.css?ln=primefaces-sipse HTTP/1.1" 304 -
192.144.113.215 - - [13/Oct/2023:09:45:15 -0500] "GET /sipse/faces/faces/autenticacion.xhtml HTTP/1.1" 200 12405
192.144.113.215 - - [13/Oct/2023:09:45:16 -0500] "GET /sipse/js/disable_browser_buttons.js HTTP/1.1" 304 -
192.144.113.215 - - [13/Oct/2023:09:45:16 -0500] "GET /sipse/js/funciones.js HTTP/1.1" 304 -
192.144.113.215 - - [13/Oct/2023:09:45:16 -0500] "GET /sipse/css/custom_css_sg_prime_login.css HTTP/1.1" 304 -
192.144.113.215 - - [13/Oct/2023:09:45:16 -0500] "GET /sipse/css/custom_css_sg.css HTTP/1.1" 200 9694
192.144.113.215 - - [13/Oct/2023:09:45:16 -0500] "GET /sipse/faces/javax.faces.resource/theme.css?ln=primefaces-sipse HTTP/1.1" 304 -
192.144.113.215 - - [13/Oct/2023:09:45:16 -0500] "GET /sipse/faces/javax.faces.resource/primefaces.css?ln=primefaces&v=4.0 HTTP/1.1" 304 -
192.144.113.215 - - [13/Oct/2023:09:45:16 -0500] "GET /sipse/faces/javax.faces.resource/layout/layout.css?ln=primefaces&v=4.0 HTTP/1.1" 304 -
192.144.113.215 - - [13/Oct/2023:09:45:16 -0500] "GET /sipse/faces/javax.faces.resource/jquery/jquery.js?ln=primefaces&v=4.0 HTTP/1.1" 304 -
192.144.113.215 - - [13/Oct/2023:09:45:16 -0500] "GET /sipse/faces/javax.faces.resource/jquery/jquery-plugins.js?ln=primefaces&v=4.0 HTTP/1.1" 304 -
192.144.113.215 - - [13/Oct/2023:09:45:16 -0500] "GET /sipse/faces/javax.faces.resource/layout/layout.js?ln=primefaces&v=4.0 HTTP/1.1" 304 -
192.144.113.215 - - [13/Oct/2023:09:45:16 -0500] "GET /sipse/faces/javax.faces.resource/primefaces.js?ln=primefaces&v=4.0 HTTP/1.1" 304 -
181.189.25.57 - - [13/Oct/2023:09:45:17 -0500] "POST /sipse/faces/presentacion/financiero/solicitudProceso/consultar.xhtml HTTP/1.1" 200 12755
201.245.192.253 - - [13/Oct/2023:09:45:18 -0500] "POST /forms/lservlet;jsessionid=ac16012b30d62f11bd8b601a443e836280c4b12924a3.e3iSbxaKaheRe34Pbx8Nc3aQci1ynknvrkLOlQzNp65In0 HTTP/1.1" 200 2351
192.144.113.215 - - [13/Oct/2023:09:45:19 -0500] "GET /sipse/faces/javax.faces.resource/images/ui-icons_898989_256x240.png?ln=primefaces-aristo HTTP/1.1" 304 -
192.144.113.215 - - [13/Oct/2023:09:45:19 -0500] "GET /sipse/css/imagen/loginimg.png HTTP/1.1" 200 71635
192.144.113.215 - - [13/Oct/2023:09:45:19 -0500] "GET /sipse/css/imagen/logoSDG.png HTTP/1.1" 200 53064
201.245.192.253 - - [13/Oct/2023:09:45:22 -0500] "POST /forms/lservlet;jsessionid=ac16012b30d62f11bd8b601a443e836280c4b12924a3.e3iSbxaKaheRe34Pbx8Nc3aQci1ynknvrkLOlQzNp65In0 HTTP/1.1" 200 2
201.245.192.253 - - [13/Oct/2023:09:45:22 -0500] "POST /forms/lservlet;jsessionid=ac16012b30d62f11bd8b601a443e836280c4b12924a3.e3iSbxaKaheRe34Pbx8Nc3aQci1ynknvrkLOlQzNp65In0 HTTP/1.1" 200 1602
201.245.192.253 - - [13/Oct/2023:09:45:22 -0500] "POST /forms/lservlet;jsessionid=ac16012b30d62f11bd8b601a443e836280c4b12924a3.e3iSbxaKaheRe34Pbx8Nc3aQci1ynknvrkLOlQzNp65In0 HTTP/1.1" 200 10
192.144.113.215 - - [13/Oct/2023:09:45:22 -0500] "POST /sipse/faces/autenticacion.xhtml HTTP/1.1" 200 11434
192.144.113.215 - - [13/Oct/2023:09:45:22 -0500] "GET /sipse/css/custom_css_sg_prime.css HTTP/1.1" 304 -
192.144.113.215 - - [13/Oct/2023:09:45:22 -0500] "GET /sipse/faces/javax.faces.resource/primefaces.css?ln=primefaces&v=4.0 HTTP/1.1" 304 -
192.144.113.215 - - [13/Oct/2023:09:45:22 -0500] "GET /sipse/faces/javax.faces.resource/layout/layout.css?ln=primefaces&v=4.0 HTTP/1.1" 304 -
192.144.113.215 - - [13/Oct/2023:09:45:22 -0500] "GET /sipse/faces/javax.faces.resource/theme.css?ln=primefaces-sipse HTTP/1.1" 304 -
192.144.113.215 - - [13/Oct/2023:09:45:22 -0500] "GET /sipse/faces/javax.faces.resource/jquery/jquery.js?ln=primefaces&v=4.0 HTTP/1.1" 304 -
192.144.113.215 - - [13/Oct/2023:09:45:22 -0500] "GET /sipse/faces/javax.faces.resource/jquery/jquery-plugins.js?ln=primefaces&v=4.0 HTTP/1.1" 304 -
181.189.25.57 - - [13/Oct/2023:09:45:21 -0500] "POST /sipse/faces/presentacion/financiero/solicitudProceso/consultar.xhtml HTTP/1.1" 200 196936
181.189.25.57 - - [13/Oct/2023:09:45:22 -0500] "GET /sipse/faces/javax.faces.resource/theme.css?ln=primefaces-sipse HTTP/1.1" 304 -
181.189.25.57 - - [13/Oct/2023:09:45:22 -0500] "GET /sipse/faces/javax.faces.resource/primefaces.css?ln=primefaces&v=4.0 HTTP/1.1" 304 -
181.189.25.57 - - [13/Oct/2023:09:45:22 -0500] "GET /sipse/faces/javax.faces.resource/layout/layout.css?ln=primefaces&v=4.0 HTTP/1.1" 304 -
192.144.113.215 - - [13/Oct/2023:09:45:22 -0500] "GET /sipse/faces/javax.faces.resource/primefaces.js?ln=primefaces&v=4.0 HTTP/1.1" 304 -
181.189.25.57 - - [13/Oct/2023:09:45:22 -0500] "GET /sipse/faces/javax.faces.resource/jquery/jquery.js?ln=primefaces&v=4.0 HTTP/1.1" 304 -
181.189.25.57 - - [13/Oct/2023:09:45:22 -0500] "GET /sipse/faces/javax.faces.resource/jquery/jquery-plugins.js?ln=primefaces&v=4.0 HTTP/1.1" 304 -
181.189.25.57 - - [13/Oct/2023:09:45:22 -0500] "GET /sipse/faces/javax.faces.resource/primefaces.js?ln=primefaces&v=4.0 HTTP/1.1" 304 -
192.144.113.215 - - [13/Oct/2023:09:45:22 -0500] "GET /sipse/faces/javax.faces.resource/layout/layout.js?ln=primefaces&v=4.0 HTTP/1.1" 304 -
181.189.25.57 - - [13/Oct/2023:09:45:22 -0500] "GET /sipse/faces/javax.faces.resource/layout/layout.js?ln=primefaces&v=4.0 HTTP/1.1" 304 -
192.144.113.215 - - [13/Oct/2023:09:45:22 -0500] "GET /sipse/faces/javax.faces.resource/messages/messages.png?ln=primefaces&v=4.0 HTTP/1.1" 304 -
201.245.192.253 - - [13/Oct/2023:09:45:23 -0500] "POST /forms/lservlet;jsessionid=ac16012b30d62f11bd8b601a443e836280c4b12924a3.e3iSbxaKaheRe34Pbx8Nc3aQci1ynknvrkLOlQzNp65In0 HTTP/1.1" 200 2
