190.146.110.33 - - [13/Oct/2023:10:17:16 -0500] "GET /sipse/faces/javax.faces.resource/images/ui-bg_flat_0_2d5972_40x100.png?ln=primefaces-aristo HTTP/1.1" 304 -
190.146.110.33 - - [13/Oct/2023:10:17:16 -0500] "POST /sipse/faces/bienvenido.xhtml HTTP/1.1" 200 3246
190.146.110.33 - - [13/Oct/2023:10:17:17 -0500] "POST /sipse/faces/bienvenido.xhtml HTTP/1.1" 200 63249
190.146.110.33 - - [13/Oct/2023:10:17:18 -0500] "GET /sipse/faces/javax.faces.resource/theme.css?ln=primefaces-sipse HTTP/1.1" 304 -
190.146.110.33 - - [13/Oct/2023:10:17:18 -0500] "GET /sipse/faces/javax.faces.resource/primefaces.css?ln=primefaces&v=4.0 HTTP/1.1" 304 -
190.146.110.33 - - [13/Oct/2023:10:17:18 -0500] "GET /sipse/faces/javax.faces.resource/layout/layout.css?ln=primefaces&v=4.0 HTTP/1.1" 304 -
190.146.110.33 - - [13/Oct/2023:10:17:18 -0500] "GET /sipse/faces/javax.faces.resource/jquery/jquery.js?ln=primefaces&v=4.0 HTTP/1.1" 304 -
190.146.110.33 - - [13/Oct/2023:10:17:18 -0500] "GET /sipse/faces/javax.faces.resource/jquery/jquery-plugins.js?ln=primefaces&v=4.0 HTTP/1.1" 304 -
190.146.110.33 - - [13/Oct/2023:10:17:18 -0500] "GET /sipse/faces/javax.faces.resource/primefaces.js?ln=primefaces&v=4.0 HTTP/1.1" 304 -
190.146.110.33 - - [13/Oct/2023:10:17:18 -0500] "GET /sipse/faces/javax.faces.resource/layout/layout.js?ln=primefaces&v=4.0 HTTP/1.1" 304 -
190.146.110.33 - - [13/Oct/2023:10:17:18 -0500] "POST /sipse/faces/presentacion/financiero/solicitudProceso/listarSolicitudProceso.xhtml HTTP/1.1" 200 1560
190.146.110.33 - - [13/Oct/2023:10:17:21 -0500] "POST /sipse/faces/presentacion/financiero/solicitudProceso/listarSolicitudProceso.xhtml HTTP/1.1" 200 46131
190.146.110.33 - - [13/Oct/2023:10:17:22 -0500] "POST /sipse/faces/presentacion/financiero/solicitudProceso/listarSolicitudProceso.xhtml HTTP/1.1" 200 1560
190.146.110.33 - - [13/Oct/2023:10:17:22 -0500] "POST /sipse/faces/presentacion/financiero/solicitudProceso/listarSolicitudProceso.xhtml HTTP/1.1" 200 1845
190.146.110.33 - - [13/Oct/2023:10:17:23 -0500] "POST /sipse/faces/presentacion/financiero/solicitudProceso/listarSolicitudProceso.xhtml HTTP/1.1" 200 13363
190.146.110.33 - - [13/Oct/2023:10:17:24 -0500] "POST /sipse/faces/presentacion/financiero/solicitudProceso/listarSolicitudProceso.xhtml HTTP/1.1" 200 27337
190.146.110.33 - - [13/Oct/2023:10:17:24 -0500] "GET /sipse/faces/javax.faces.resource/theme.css?ln=primefaces-sipse HTTP/1.1" 304 -
190.146.110.33 - - [13/Oct/2023:10:17:24 -0500] "GET /sipse/faces/javax.faces.resource/layout/layout.css?ln=primefaces&v=4.0 HTTP/1.1" 304 -
190.146.110.33 - - [13/Oct/2023:10:17:24 -0500] "GET /sipse/faces/javax.faces.resource/primefaces.css?ln=primefaces&v=4.0 HTTP/1.1" 304 -
190.146.110.33 - - [13/Oct/2023:10:17:24 -0500] "GET /sipse/faces/javax.faces.resource/jquery/jquery.js?ln=primefaces&v=4.0 HTTP/1.1" 304 -
190.146.110.33 - - [13/Oct/2023:10:17:24 -0500] "GET /sipse/faces/javax.faces.resource/jquery/jquery-plugins.js?ln=primefaces&v=4.0 HTTP/1.1" 304 -
190.146.110.33 - - [13/Oct/2023:10:17:24 -0500] "GET /sipse/faces/javax.faces.resource/primefaces.js?ln=primefaces&v=4.0 HTTP/1.1" 304 -
190.146.110.33 - - [13/Oct/2023:10:17:25 -0500] "GET /sipse/faces/javax.faces.resource/layout/layout.js?ln=primefaces&v=4.0 HTTP/1.1" 304 -
190.146.110.33 - - [13/Oct/2023:10:17:25 -0500] "POST /sipse/faces/presentacion/financiero/solicitudProceso/solicitudProcesoOtrosPagos.xhtml HTTP/1.1" 200 20579
216.244.66.195 - - [13/Oct/2023:10:17:25 -0500] "GET /BLA/resoluciones/RESOLUCIONES%202023/0031.pdf HTTP/1.1" 200 786871
172.22.2.4 - - [13/Oct/2023:10:17:26 -0500] "GET /BLA/boletinlegal/favicon.ico HTTP/1.1" 404 1326
190.146.110.33 - - [13/Oct/2023:10:17:26 -0500] "POST /sipse/faces/presentacion/financiero/solicitudProceso/solicitudProcesoOtrosPagos.xhtml HTTP/1.1" 200 32610
190.146.110.33 - - [13/Oct/2023:10:17:26 -0500] "GET /sipse/faces/javax.faces.resource/layout/layout.css?ln=primefaces&v=4.0 HTTP/1.1" 304 -
190.146.110.33 - - [13/Oct/2023:10:17:26 -0500] "GET /sipse/faces/javax.faces.resource/primefaces.css?ln=primefaces&v=4.0 HTTP/1.1" 304 -
190.146.110.33 - - [13/Oct/2023:10:17:26 -0500] "GET /sipse/faces/javax.faces.resource/theme.css?ln=primefaces-sipse HTTP/1.1" 304 -
190.146.110.33 - - [13/Oct/2023:10:17:26 -0500] "GET /sipse/faces/javax.faces.resource/jquery/jquery.js?ln=primefaces&v=4.0 HTTP/1.1" 304 -
190.146.110.33 - - [13/Oct/2023:10:17:26 -0500] "GET /sipse/faces/javax.faces.resource/jquery/jquery-plugins.js?ln=primefaces&v=4.0 HTTP/1.1" 304 -
190.146.110.33 - - [13/Oct/2023:10:17:26 -0500] "GET /sipse/faces/javax.faces.resource/primefaces.js?ln=primefaces&v=4.0 HTTP/1.1" 304 -
190.146.110.33 - - [13/Oct/2023:10:17:26 -0500] "GET /sipse/faces/javax.faces.resource/layout/layout.js?ln=primefaces&v=4.0 HTTP/1.1" 304 -
190.146.110.33 - - [13/Oct/2023:10:17:26 -0500] "POST /sipse/faces/presentacion/financiero/solicitudProceso/listarSolicitudProceso.xhtml HTTP/1.1" 200 25860
190.146.110.33 - - [13/Oct/2023:10:17:27 -0500] "POST /sipse/faces/presentacion/financiero/solicitudProceso/listarSolicitudProceso.xhtml HTTP/1.1" 200 25860
190.146.110.33 - - [13/Oct/2023:10:17:27 -0500] "POST /sipse/faces/presentacion/financiero/solicitudProceso/listarSolicitudProceso.xhtml HTTP/1.1" 200 1376
190.146.110.33 - - [13/Oct/2023:10:17:27 -0500] "POST /sipse/faces/presentacion/financiero/solicitudProceso/listarSolicitudProceso.xhtml HTTP/1.1" 200 1376
190.146.110.33 - - [13/Oct/2023:10:17:27 -0500] "POST /sipse/faces/presentacion/financiero/solicitudProceso/listarSolicitudProceso.xhtml HTTP/1.1" 200 1380
201.245.192.253 - - [13/Oct/2023:10:17:30 -0500] "POST /kwsrmcab/Wsrmcab  HTTP/1.1" 200 42851
216.244.66.195 - - [13/Oct/2023:10:17:58 -0500] "GET /BLA/resoluciones/RESOLUCIONES%202023/0391.pdf HTTP/1.1" 200 415929
172.22.2.4 - - [13/Oct/2023:10:18:02 -0500] "GET /BLA/boletinlegal/actos.php HTTP/1.1" 200 9682
201.245.192.253 - - [13/Oct/2023:10:18:02 -0500] "POST /kwsrmcab/Wsrmcab HTTP/1.1" 200 39157
201.245.192.253 - - [13/Oct/2023:10:18:04 -0500] "POST /kwsrmcab/Wsrmcab HTTP/1.1" 200 39528
172.22.2.4 - - [13/Oct/2023:10:18:24 -0500] "GET /BLA/boletinlegal/consulta_actos.php?tipo=resoluciones&no=1886&usuario=&sector=PEV&fecha=2018&resuelve= HTTP/1.1" 200 1388
201.245.192.253 - - [13/Oct/2023:10:18:25 -0500] "GET /BLA/resoluciones/RESOLUCIONES%202018/1886.pdf HTTP/1.1" 200 508795
216.244.66.195 - - [13/Oct/2023:10:18:28 -0500] "GET /BLA/resoluciones/RESOLUCIONES%202023/0886.pdf HTTP/1.1" 200 1084887
201.245.192.253 - - [13/Oct/2023:10:18:41 -0500] "POST /forms/lservlet;jsessionid=ac16012b30d62f11bd8b601a443e836280c4b12924a3.e3iSbxaKaheRe34Pbx8Nc3aQci1ynknvrkLOlQzNp65In0 HTTP/1.1" 200 2
172.22.2.4 - - [13/Oct/2023:10:18:53 -0500] "GET /BLA/boletinlegal/consulta_actos.php?tipo=autos&no=2240&usuario=&sector=&fecha=2023&resuelve= HTTP/1.1" 200 626
192.144.113.215 - - [13/Oct/2023:10:19:01 -0500] "POST /sipse/faces/presentacion/financiero/solicitudProceso/listarSolicitudProceso.xhtml HTTP/1.1" 200 10219
216.244.66.195 - - [13/Oct/2023:10:19:06 -0500] "GET /BLA/resoluciones/RESOLUCIONES%202019/0027.pdf HTTP/1.1" 200 507250
66.249.66.19 - - [13/Oct/2023:10:19:09 -0500] "GET /BLA/resoluciones/RESOLUCIONES%202010/7799.pdf HTTP/1.1" 200 1240879
192.144.113.215 - - [13/Oct/2023:10:19:10 -0500] "POST /sipse/faces/presentacion/financiero/solicitudProceso/listarSolicitudProceso.xhtml HTTP/1.1" 200 168555
192.144.113.215 - - [13/Oct/2023:10:19:11 -0500] "GET /sipse/faces/javax.faces.resource/theme.css?ln=primefaces-sipse HTTP/1.1" 304 -
192.144.113.215 - - [13/Oct/2023:10:19:11 -0500] "GET /sipse/faces/javax.faces.resource/primefaces.css?ln=primefaces&v=4.0 HTTP/1.1" 304 -
192.144.113.215 - - [13/Oct/2023:10:19:11 -0500] "GET /sipse/faces/javax.faces.resource/layout/layout.css?ln=primefaces&v=4.0 HTTP/1.1" 304 -
192.144.113.215 - - [13/Oct/2023:10:19:11 -0500] "GET /sipse/faces/javax.faces.resource/jquery/jquery.js?ln=primefaces&v=4.0 HTTP/1.1" 304 -
192.144.113.215 - - [13/Oct/2023:10:19:11 -0500] "GET /sipse/faces/javax.faces.resource/jquery/jquery-plugins.js?ln=primefaces&v=4.0 HTTP/1.1" 304 -
192.144.113.215 - - [13/Oct/2023:10:19:11 -0500] "GET /sipse/faces/javax.faces.resource/primefaces.js?ln=primefaces&v=4.0 HTTP/1.1" 304 -
192.144.113.215 - - [13/Oct/2023:10:19:11 -0500] "GET /sipse/faces/javax.faces.resource/layout/layout.js?ln=primefaces&v=4.0 HTTP/1.1" 304 -
172.22.2.4 - - [13/Oct/2023:10:19:14 -0500] "GET /BLA/boletinlegal/consulta_actos.php?tipo=autos&no=1422&usuario=&sector=&fecha=2023&resuelve= HTTP/1.1" 200 626
172.22.2.4 - - [13/Oct/2023:10:19:18 -0500] "GET /BLA/boletinlegal/actos.php HTTP/1.1" 200 9682
172.22.2.4 - - [13/Oct/2023:10:19:20 -0500] "GET /BLA/boletinlegal/consulta_actos.php?tipo=autos&no=1422&usuario=&sector=&fecha=2023&resuelve= HTTP/1.1" 200 626
172.22.2.4 - - [13/Oct/2023:10:19:32 -0500] "GET /BLA/boletinlegal/actos.php HTTP/1.1" 200 9682
172.22.2.4 - - [13/Oct/2023:10:19:34 -0500] "GET /BLA/boletinlegal/consulta_actos.php?tipo=autos&no=2445&usuario=&sector=&fecha=2023&resuelve= HTTP/1.1" 200 1084
216.244.66.195 - - [13/Oct/2023:10:19:41 -0500] "GET /BLA/resoluciones/RESOLUCIONES%202019/0272.pdf HTTP/1.1" 200 622741
201.245.192.253 - - [13/Oct/2023:10:19:48 -0500] "GET /mesa/contrasena.pdf HTTP/1.1" 200 443199
201.245.192.253 - - [13/Oct/2023:10:19:49 -0500] "GET /mesa/contrasena.pdf HTTP/1.1" 206 1
201.245.192.253 - - [13/Oct/2023:10:19:49 -0500] "GET /mesa/contrasena.pdf HTTP/1.1" 206 266811
172.22.2.4 - - [13/Oct/2023:10:20:01 -0500] "GET /BLA/boletinlegal/actos.php HTTP/1.1" 200 9682
172.22.2.4 - - [13/Oct/2023:10:20:03 -0500] "GET /BLA/boletinlegal/consulta_actos.php?tipo=autos&no=2441&usuario=&sector=&fecha=2023&resuelve= HTTP/1.1" 200 1031
172.22.2.4 - - [13/Oct/2023:10:18:26 -0500] "HEAD /BLA/boletinlegal/ HTTP/1.1" 200 -
216.244.66.195 - - [13/Oct/2023:10:20:15 -0500] "GET /BLA/resoluciones/RESOLUCIONES%202019/1380.pdf HTTP/1.1" 200 301015
172.22.2.4 - - [13/Oct/2023:10:20:18 -0500] "GET /BLA/boletinlegal/consulta_actos.php?tipo=resoluciones&no=0848&usuario=&sector=&fecha=2023&resuelve= HTTP/1.1" 200 1075
172.22.2.4 - - [13/Oct/2023:10:20:19 -0500] "GET /BLA/boletinlegal/actos.php HTTP/1.1" 200 9682
172.22.2.4 - - [13/Oct/2023:10:20:27 -0500] "GET /BLA/boletinlegal/consulta_actos.php?tipo=resoluciones&no=1081&usuario=&sector=&fecha=2023&resuelve= HTTP/1.1" 200 1089
172.22.2.4 - - [13/Oct/2023:10:20:36 -0500] "GET /BLA/boletinlegal/actos.php HTTP/1.1" 200 9682
172.22.2.4 - - [13/Oct/2023:10:20:36 -0500] "GET /BLA/boletinlegal/js/ajax_actos.js HTTP/1.1" 200 1322
172.22.2.4 - - [13/Oct/2023:10:20:36 -0500] "GET /BLA/boletinlegal/style.css HTTP/1.1" 200 9406
172.22.2.4 - - [13/Oct/2023:10:20:36 -0500] "GET /BLA/boletinlegal/niceforms-default.css HTTP/1.1" 200 6694
172.22.2.4 - - [13/Oct/2023:10:20:36 -0500] "GET /BLA/boletinlegal/niceforms.js HTTP/1.1" 200 22876
172.22.2.4 - - [13/Oct/2023:10:20:36 -0500] "GET /BLA/boletinlegal/js/popup.js HTTP/1.1" 200 1270
172.22.2.4 - - [13/Oct/2023:10:20:36 -0500] "GET /BLA/boletinlegal/js/jquery1.js HTTP/1.1" 200 29846
172.22.2.4 - - [13/Oct/2023:10:20:36 -0500] "GET /BLA/boletinlegal/js/lib.js HTTP/1.1" 200 6474
172.22.2.4 - - [13/Oct/2023:10:20:36 -0500] "GET /BLA/boletinlegal/images/cabezote%20BLEGAL.jpg HTTP/1.1" 200 118164
172.22.2.4 - - [13/Oct/2023:10:20:36 -0500] "GET /BLA/boletinlegal/styles2.css HTTP/1.1" 200 1838
172.22.2.4 - - [13/Oct/2023:10:20:36 -0500] "GET /BLA/boletinlegal/images/subscribe-icon-big.png HTTP/1.1" 200 47702
172.22.2.4 - - [13/Oct/2023:10:20:36 -0500] "GET /BLA/boletinlegal/images/registro-usuarios.png HTTP/1.1" 200 8106
172.22.2.4 - - [13/Oct/2023:10:20:36 -0500] "GET /BLA/boletinlegal/images/historia.png HTTP/1.1" 200 52775
172.22.2.4 - - [13/Oct/2023:10:20:36 -0500] "GET /BLA/boletinlegal/images/green-yellow-blue-pink-th.png HTTP/1.1" 200 7394
172.22.2.4 - - [13/Oct/2023:10:20:36 -0500] "GET /BLA/boletinlegal/images/tel.png HTTP/1.1" 200 14477
172.22.2.4 - - [13/Oct/2023:10:20:36 -0500] "GET /BLA/boletinlegal/images/icono-email.png HTTP/1.1" 200 5544
172.22.2.4 - - [13/Oct/2023:10:20:36 -0500] "GET /BLA/boletinlegal/images/body_bg.jpg HTTP/1.1" 200 1601
172.22.2.4 - - [13/Oct/2023:10:20:36 -0500] "GET /BLA/boletinlegal/images/menu_lft.gif HTTP/1.1" 200 1713
172.22.2.4 - - [13/Oct/2023:10:20:37 -0500] "GET /BLA/boletinlegal/images/bg_top.jpg HTTP/1.1" 200 522
172.22.2.4 - - [13/Oct/2023:10:20:37 -0500] "GET /BLA/boletinlegal/images/menu_rght.gif HTTP/1.1" 200 1627
172.22.2.4 - - [13/Oct/2023:10:20:37 -0500] "GET /BLA/boletinlegal/images/menu_bg.jpg HTTP/1.1" 200 620
172.22.2.4 - - [13/Oct/2023:10:20:37 -0500] "GET /BLA/boletinlegal/images/text.jpg HTTP/1.1" 200 568
172.22.2.4 - - [13/Oct/2023:10:20:37 -0500] "GET /BLA/boletinlegal/images/hover.jpg HTTP/1.1" 200 640
172.22.2.4 - - [13/Oct/2023:10:20:37 -0500] "GET /BLA/boletinlegal/images/footer_bg_l.jpg HTTP/1.1" 200 776
172.22.2.4 - - [13/Oct/2023:10:20:37 -0500] "GET /BLA/boletinlegal/images/footer_bg.jpg HTTP/1.1" 200 586
172.22.2.4 - - [13/Oct/2023:10:20:37 -0500] "GET /BLA/boletinlegal/img/0.png HTTP/1.1" 200 110
172.22.2.4 - - [13/Oct/2023:10:20:37 -0500] "GET /BLA/boletinlegal/img/button-left.png HTTP/1.1" 200 57071
172.22.2.4 - - [13/Oct/2023:10:20:37 -0500] "GET /BLA/boletinlegal/img/select-left.png HTTP/1.1" 200 263
172.22.2.4 - - [13/Oct/2023:10:20:37 -0500] "GET /BLA/boletinlegal/img/select-right.png HTTP/1.1" 200 44019
172.22.2.4 - - [13/Oct/2023:10:20:37 -0500] "GET /BLA/boletinlegal/img/button-right.png HTTP/1.1" 200 57878
172.22.2.4 - - [13/Oct/2023:10:20:37 -0500] "GET /BLA/boletinlegal/img/button.png HTTP/1.1" 200 43241
172.22.2.4 - - [13/Oct/2023:10:20:37 -0500] "GET /BLA/boletinlegal/favicon.ico HTTP/1.1" 404 1326
172.22.2.4 - - [13/Oct/2023:10:20:39 -0500] "GET /BLA/boletinlegal/consulta_actos.php?tipo=resoluciones&no=5841&usuario=&sector=PEV&fecha=2011&resuelve= HTTP/1.1" 200 1091
201.245.192.253 - - [13/Oct/2023:10:20:40 -0500] "GET /BLA/resoluciones/RESOLUCIONES%202011/5841.pdf HTTP/1.1" 200 425086
201.245.192.253 - - [13/Oct/2023:10:20:41 -0500] "POST /forms/lservlet;jsessionid=ac16012b30d62f11bd8b601a443e836280c4b12924a3.e3iSbxaKaheRe34Pbx8Nc3aQci1ynknvrkLOlQzNp65In0 HTTP/1.1" 200 2
216.244.66.195 - - [13/Oct/2023:10:20:47 -0500] "GET /BLA/resoluciones/RESOLUCIONES%202019/2125.pdf HTTP/1.1" 200 289648
172.22.2.4 - - [13/Oct/2023:10:19:17 -0500] "GET /BLA/boletinlegal/ HTTP/1.1" 200 52532
216.245.221.92 - - [13/Oct/2023:10:21:03 -0500] "HEAD / HTTP/1.1" 200 -
192.144.113.215 - - [13/Oct/2023:10:21:07 -0500] "POST /sipse/faces/presentacion/financiero/solicitudProceso/consultarSolicitudProceso.xhtml HTTP/1.1" 200 511640
52.167.144.203 - - [13/Oct/2023:10:21:07 -0500] "GET /sipse/faces/autenticacion.xhtml HTTP/1.1" 200 12727
52.167.144.190 - - [13/Oct/2023:10:21:12 -0500] "GET /sipse/faces/faces/autenticacion.xhtml HTTP/1.1" 200 12727
216.244.66.195 - - [13/Oct/2023:10:21:17 -0500] "GET /BLA/resoluciones/RESOLUCIONES%202019/2535.pdf HTTP/1.1" 200 562317
179.32.137.181 - - [13/Oct/2023:10:21:24 -0500] "GET /BLA/resoluciones/index.php?dir= HTTP/1.1" 200 13696
172.22.2.4 - - [13/Oct/2023:10:21:27 -0500] "GET /BLA/boletinlegal/consulta_actos.php?tipo=autos&no=3067&usuario=&sector=&fecha=2023&resuelve= HTTP/1.1" 200 626
179.32.137.181 - - [13/Oct/2023:10:21:29 -0500] "GET /BLA/resoluciones/index.php?dir=AUTOS+2011%2F HTTP/1.1" 200 636751
172.22.2.4 - - [13/Oct/2023:10:21:35 -0500] "GET /BLA/boletinlegal/consulta_actos.php?tipo=autos&no=3067&usuario=&sector=&fecha=2021&resuelve= HTTP/1.1" 200 626
172.22.2.4 - - [13/Oct/2023:10:21:44 -0500] "GET /BLA/boletinlegal/consulta_actos.php?tipo=resoluciones&no=3067&usuario=&sector=&fecha=2021&resuelve= HTTP/1.1" 200 1101
172.22.2.4 - - [13/Oct/2023:10:21:44 -0500] "GET /BLA/boletinlegal/images/pdf.gif HTTP/1.1" 200 567
216.244.66.195 - - [13/Oct/2023:10:21:44 -0500] "GET /BLA/resoluciones/RESOLUCIONES%202019/2536.pdf HTTP/1.1" 200 1334837
204.199.73.228 - - [13/Oct/2023:10:21:45 -0500] "GET /BLA/resoluciones/RESOLUCIONES%202021/3067.pdf HTTP/1.1" 200 693158
200.93.146.196 - - [13/Oct/2023:10:21:45 -0500] "GET /favicon.ico HTTP/1.1" 200 7782
186.102.53.215 - - [13/Oct/2023:10:22:03 -0500] "GET /kwssiamovil/sm/acme/a?s=U2FsdGVkX195h1czNYSyVdK1fimQySWnZK5VW9Eb3HeH1OHhXZI8Z3cabLX919Ur4FfLO6cPr08lctMijLuCYfNq+XlDbUMk4NJInuaQZfXURp2kqvho2btC6nTx4GKppDsn9LvGB5IsjWjxuO3sTbDYijPtTdP8ND/Mv00ryRv4DfQtAabH7BDvJlfBhifBOmyxJyLEEnksGAOT5Ciojb4oD9u//gHsQ4mcr/G9g54vAKRksqf667ydxx8NjCh9dZU9b5NJGWpDzPrnhXBQxg==&u=U2FsdGVkX18emlPlZStCfK/t0rPjoPdOJdzjUMXjjJE=&y=U2FsdGVkX18QDnWGAHeQ0R5/vxNN3cpqq9EMsELro6A= HTTP/1.1" 200 26
186.102.53.215 - - [13/Oct/2023:10:22:04 -0500] "GET /kwssiamovil/sm/acme/a?s=U2FsdGVkX1+hzGfda+/DgmsKlFSrgg1bjv7/6OqIw7hoJYjXHEffqTVReZTcBfqlIM63LmYQzWMKFZgrUXsxSpP0RItV5GlWfXyrD7XDRC5m7CKKuFKGjpsQid3ocQxZJxNSsOo7DDFm1LXIG0ywz3tW7FqnDVHftuECzYFcWRt9oG7vWoQvMkqY8U662T3DOGn44WwWVI49s+usmkbEbwoM3b3Q8hZSTF3/rtW1pdN8dHuPto/N63rGKanvGN/5/wZZ9esZqASKXfgQYk34VunH4il5v1vZvJLxdsVHChxZlMxlAgGTFKPg7OZBk/2pRX6v59KKUI7m3971kjS0C/1n16uPvet3uRxoSSdX6qKuR2uROcIZsy7WvoIOcjlumuok14IwI7LSS2IqfWruLR0kt3tMBMXTY9iHHQadpaEY0X/6Mbtf6t++h8CuXLU5L5owMDy7OuRa7Cupa6k1PSYuTF2JA9G2jm1AWxy55Ty62PJ+d2pqOwrDbhXy/O1WHw8usqlsDb8iWWEKS1rCTgBZ/KLpr5s7cZ3lLnwYlG/6sEv0GN4bmUiF0P6i39WIhFqWC7Oii/TpkmxkDTeRpggIgN/QYvTkjM6Rtw78oq0Kw7mA98rygPLw+9oTM7C4+sy5vi7PqoDKjZ37GndF2ApRf2rECvYpN+3nCze5oOqGqEt45m7G1mFey8/WCpR6jwJSxc/kK8uDBuUJptUgzHndYUYpEr6bbQu8oPREArRvAJXBg3pux/QVllyoH1w88+m6aQodsAVYEyIdrr2Kev4x+vsk4XJlhfsYQFEBAKn/lx/RbD7fmGIM/7z1clfrWQoSNbuIdAba4+VAGtdc/81jlmZd2XiZbCYCbhcZIxRoBUesEdm3KcWsInXIOxd9EnauoMXluwiX+we5JXPRTQDHCVE5ilAChDh1+XxtqdaucD98n7a+jxiVmaqiGwPzwKeQ8YbTyvzria0S8qwL9H7CsY3eI49DuYCC43Ex6V2j3M/2NM5z32iddaS+Tqi5ZUljH1UK4uvlC1xBI35DtLSphDWuoZTDAflffJyVsyvtebUVRbrT5+GFxPuOmmqu2xB5gv7ojktiJSWTnegBUw0i3UmHsDgqBBEAOix5fLZtjfQ4Pa2rBqXkj1a7Hl+/PDbeYt4oE+RbVG+v1hLTrgFawwwgeJFTDS2Z06m/x7Dv0LV8oXLDR/nBjWUntC76LnX3DCffaqRmOf9lgTshPOBCgTGaYAWQkx2xJVWxyIJkLCG8VuBkPfGY1meSTZyu3c19J9hIIpe7FntiI6o+XlR8Hn6hWNQ7yswWPsw3LAr2eGJXhD/V5b1Zt+ZiOfiE9H3KLdhD0TT3J03MLDYuMRDozMeQNIxr5Bvv8ZKuXCVhmJQRYm49tWu3gMMH0Z9Nq0WeEaik/uQnXEVyikG8177P8xvDDTnkWBl5aMCxSc+IqC06C1thK44Vw5CbwCqTywX7AnYPT2E3/mOF8EbBcmlatL6FVffXkj6uv24EjnJv7oH8lX4PFlcHOS1+VAUBmGdm5duNcqf19OKcJRuOG5rLpt5GJJ0+qdBUD7ZovR6YXg3YX/TkesNc0u/sUJr4IWrVrxEWrHWVshLftUKoVOE5TVq36xKV0T6+LUSsuKrp67TSAaA95uiL3PYLWrFHhpyERsDA6zHdpnHCfgPloEgliDgJypDCnlB2Mvnjbfq5mImfquqTToyT+Oo43Kjof+yAa2YstV0P/3exmEAoHGw6+whc9VD8gr4o4j4VhVKMnOwzA2tncsp0mkrzCwjJTvF2pEVc3hpI333TefbYyymKeejbR5DbdZT+Q76y7cEcvuKUkvoukjR1HcG/LxI36XOJbBp6IOVrA69j6BzlZutN2fXW00KqgjaUc7jXjX2BT9Bw11BWBEDwkOTIbp49QMw93fv6DZ/crSHmhsDDqheyygB3tczoY4xNOpYLr+1VZCSC1bhBI0iT2HsPFde5sIDPBmvM24zszqJ6H8gUteWuFmvlbLZhjjqSDhE8yugBfFpxPcG8p/opcKWfAwbh7aVdttWDqsFkWxWc7i/VKl8+BpVxZgcTICOKRfZGBhbNJadDnCfmVfniGM3pMxjXSvzNx5EC5kKHsz7bc+klq56irhPbV0O6jmk2xHZHn4lm53lyOQ/7GoH4TIZDsUaEWbjEW2Kxp6jTyosErWNWI0y1huPQy3EsjHC2ptB/SgM=&u=U2FsdGVkX18emlPlZStCfK/t0rPjoPdOJdzjUMXjjJE=&y=U2FsdGVkX18QDnWGAHeQ0R5/vxNN3cpqq9EMsELro6A= HTTP/1.1" 200 26
186.102.53.215 - - [13/Oct/2023:10:22:04 -0500] "GET /kwssiamovil/sm/acme/a?s=U2FsdGVkX193nOnwQUtQDg+sFN8VISyUZDkAto/Lv7AM5wT1+JzOswN+vgrlD9E23WnVtRFdbdNPYjJyQ5/bYoPiAot9lmRNeLvG6eCS9TjZWcfcT7WdXTb2/+akDBvSj2BDC28z0uHMddBQkyIQnjpEulpOHCCZc3gZm7fdnXc=&u=U2FsdGVkX18emlPlZStCfK/t0rPjoPdOJdzjUMXjjJE=&y=U2FsdGVkX18QDnWGAHeQ0R5/vxNN3cpqq9EMsELro6A= HTTP/1.1" 200 26
186.102.53.215 - - [13/Oct/2023:10:22:04 -0500] "GET /kwssiamovil/sm/acme/a?s=U2FsdGVkX19mdP2dT5gMRVuJnThbBmf5D3LjJtKgVuGvn1S7hcxBdW8kbXwu7gMOigtDtnSfkjMxN2DBRJI+2W3OACkeAIpHFrmoF1DOolgKEP4ANb2Si3wDc0faFOFyc2nz+2Ft/F+WIDyVfu9RWjG+jg2Hz401FqhrZjNPsTI=&u=U2FsdGVkX18emlPlZStCfK/t0rPjoPdOJdzjUMXjjJE=&y=U2FsdGVkX18QDnWGAHeQ0R5/vxNN3cpqq9EMsELro6A= HTTP/1.1" 200 26
186.102.53.215 - - [13/Oct/2023:10:22:04 -0500] "GET /kwssiamovil/sm/acme/a?s=U2FsdGVkX19dEcL8vlkddoxnv7yuBC1o5XC2dLANj5iNXezgvIfdPbdv64KU6H6cB+kah5egaeJlgtmPuVDgVOZodBP/5h/SpJs9JWLyLGF0SGYF17azamgbczFvrynM1lA5sn+jI+TPvbRXaRaK5zqNZeY6eGVwXvhLL+qI2OI=&u=U2FsdGVkX18emlPlZStCfK/t0rPjoPdOJdzjUMXjjJE=&y=U2FsdGVkX18QDnWGAHeQ0R5/vxNN3cpqq9EMsELro6A= HTTP/1.1" 200 26
186.102.53.215 - - [13/Oct/2023:10:22:05 -0500] "GET /kwssiamovil/sm/acme/a?s=U2FsdGVkX19rEwdheg/CnwTr4ivtI64ttX3ET2jP2WBRlnZ0xGBnahO0RG4hAtJqc64Pp4qKWfeKb2bvPaZCHQYX1+4ZtnfjkiR36uFrCbRaoA3j1erxS1xnhnkkHwFPP2yfBN8pXVAwu5dCEx7R0vqpDZ5IcsCHMrYiaaL0TxlaHx1HNRdN26GK+q8OTruM&u=U2FsdGVkX18emlPlZStCfK/t0rPjoPdOJdzjUMXjjJE=&y=U2FsdGVkX18QDnWGAHeQ0R5/vxNN3cpqq9EMsELro6A= HTTP/1.1" 200 26
186.102.104.96 - - [13/Oct/2023:10:22:23 -0500] "OPTIONS /kwssiamovil/sm/setfile/f? HTTP/1.1" 200 13
216.244.66.195 - - [13/Oct/2023:10:22:30 -0500] "GET /BLA/resoluciones/RESOLUCIONES%201997/RESOLUCION%20299%20DE%201997.pdf HTTP/1.1" 200 33851
201.245.192.253 - - [13/Oct/2023:10:22:28 -0500] "POST /kwsrmcab/Wsrmcab  HTTP/1.1" 200 42851
186.102.104.96 - - [13/Oct/2023:10:22:23 -0500] "POST /kwssiamovil/sm/setfile/f? HTTP/1.1" 200 381
186.102.104.96 - - [13/Oct/2023:10:22:32 -0500] "OPTIONS /kwssiamovil/sm/setfile/f? HTTP/1.1" 200 13
172.22.2.4 - - [13/Oct/2023:10:22:33 -0500] "GET /BLA/boletinlegal/Circulares/2019/Circular%20No.%200005%20del%2020%20de%20Marzo%20de%202019.pdf HTTP/1.1" 200 159877
172.22.2.4 - - [13/Oct/2023:10:22:41 -0500] "GET /BLA/boletinlegal/actos.php HTTP/1.1" 200 9682
172.22.2.4 - - [13/Oct/2023:10:22:41 -0500] "GET /BLA/boletinlegal/styles2.css HTTP/1.1" 200 1838
172.22.2.4 - - [13/Oct/2023:10:22:41 -0500] "GET /BLA/boletinlegal/niceforms.js HTTP/1.1" 200 22876
172.22.2.4 - - [13/Oct/2023:10:22:41 -0500] "GET /BLA/boletinlegal/js/ajax_actos.js HTTP/1.1" 200 1322
172.22.2.4 - - [13/Oct/2023:10:22:41 -0500] "GET /BLA/boletinlegal/style.css HTTP/1.1" 200 9406
172.22.2.4 - - [13/Oct/2023:10:22:41 -0500] "GET /BLA/boletinlegal/niceforms-default.css HTTP/1.1" 200 6694
172.22.2.4 - - [13/Oct/2023:10:22:41 -0500] "GET /BLA/boletinlegal/js/lib.js HTTP/1.1" 200 6474
172.22.2.4 - - [13/Oct/2023:10:22:41 -0500] "GET /BLA/boletinlegal/js/popup.js HTTP/1.1" 200 1270
172.22.2.4 - - [13/Oct/2023:10:22:41 -0500] "GET /BLA/boletinlegal/js/jquery1.js HTTP/1.1" 200 29846
172.22.2.4 - - [13/Oct/2023:10:22:41 -0500] "GET /BLA/boletinlegal/images/subscribe-icon-big.png HTTP/1.1" 200 47702
172.22.2.4 - - [13/Oct/2023:10:22:41 -0500] "GET /BLA/boletinlegal/images/cabezote%20BLEGAL.jpg HTTP/1.1" 200 118164
172.22.2.4 - - [13/Oct/2023:10:22:41 -0500] "GET /BLA/boletinlegal/images/registro-usuarios.png HTTP/1.1" 200 8106
172.22.2.4 - - [13/Oct/2023:10:22:41 -0500] "GET /BLA/boletinlegal/images/tel.png HTTP/1.1" 200 14477
172.22.2.4 - - [13/Oct/2023:10:22:41 -0500] "GET /BLA/boletinlegal/images/historia.png HTTP/1.1" 200 52775
172.22.2.4 - - [13/Oct/2023:10:22:41 -0500] "GET /BLA/boletinlegal/images/green-yellow-blue-pink-th.png HTTP/1.1" 200 7394
172.22.2.4 - - [13/Oct/2023:10:22:41 -0500] "GET /BLA/boletinlegal/images/icono-email.png HTTP/1.1" 200 5544
172.22.2.4 - - [13/Oct/2023:10:22:41 -0500] "GET /BLA/boletinlegal/images/body_bg.jpg HTTP/1.1" 200 1601
172.22.2.4 - - [13/Oct/2023:10:22:41 -0500] "GET /BLA/boletinlegal/images/menu_lft.gif HTTP/1.1" 200 1713
172.22.2.4 - - [13/Oct/2023:10:22:41 -0500] "GET /BLA/boletinlegal/images/menu_rght.gif HTTP/1.1" 200 1627
172.22.2.4 - - [13/Oct/2023:10:22:41 -0500] "GET /BLA/boletinlegal/images/bg_top.jpg HTTP/1.1" 200 522
172.22.2.4 - - [13/Oct/2023:10:22:41 -0500] "GET /BLA/boletinlegal/images/menu_bg.jpg HTTP/1.1" 200 620
172.22.2.4 - - [13/Oct/2023:10:22:41 -0500] "GET /BLA/boletinlegal/images/text.jpg HTTP/1.1" 200 568
172.22.2.4 - - [13/Oct/2023:10:22:41 -0500] "GET /BLA/boletinlegal/images/hover.jpg HTTP/1.1" 200 640
172.22.2.4 - - [13/Oct/2023:10:22:41 -0500] "GET /BLA/boletinlegal/images/footer_bg.jpg HTTP/1.1" 200 586
172.22.2.4 - - [13/Oct/2023:10:22:41 -0500] "GET /BLA/boletinlegal/images/footer_bg_l.jpg HTTP/1.1" 200 776
172.22.2.4 - - [13/Oct/2023:10:22:41 -0500] "GET /BLA/boletinlegal/img/0.png HTTP/1.1" 200 110
172.22.2.4 - - [13/Oct/2023:10:22:41 -0500] "GET /BLA/boletinlegal/img/select-right.png HTTP/1.1" 200 44019
172.22.2.4 - - [13/Oct/2023:10:22:41 -0500] "GET /BLA/boletinlegal/img/select-left.png HTTP/1.1" 200 263
172.22.2.4 - - [13/Oct/2023:10:22:41 -0500] "GET /BLA/boletinlegal/img/button.png HTTP/1.1" 200 43241
172.22.2.4 - - [13/Oct/2023:10:22:41 -0500] "GET /BLA/boletinlegal/img/button-left.png HTTP/1.1" 200 57071
172.22.2.4 - - [13/Oct/2023:10:22:41 -0500] "GET /BLA/boletinlegal/img/button-right.png HTTP/1.1" 200 57878
172.22.2.4 - - [13/Oct/2023:10:22:41 -0500] "GET /BLA/boletinlegal/favicon.ico HTTP/1.1" 404 1326
201.245.192.253 - - [13/Oct/2023:10:22:41 -0500] "POST /forms/lservlet;jsessionid=ac16012b30d62f11bd8b601a443e836280c4b12924a3.e3iSbxaKaheRe34Pbx8Nc3aQci1ynknvrkLOlQzNp65In0 HTTP/1.1" 200 2
186.102.104.96 - - [13/Oct/2023:10:22:32 -0500] "POST /kwssiamovil/sm/setfile/f? HTTP/1.1" 200 381
186.102.104.96 - - [13/Oct/2023:10:22:45 -0500] "OPTIONS /kwssiamovil/sm/setfile/f? HTTP/1.1" 200 13
66.249.66.19 - - [13/Oct/2023:10:22:45 -0500] "GET /BLA/resoluciones/RESOLUCIONES%202007/RES%202007%202101%20AL%202200/RESOLUCION%202118%20DE%202007.pdf HTTP/1.1" 200 339756
186.102.104.96 - - [13/Oct/2023:10:22:45 -0500] "POST /kwssiamovil/sm/setfile/f? HTTP/1.1" 200 381
186.102.104.96 - - [13/Oct/2023:10:22:55 -0500] "OPTIONS /kwssiamovil/sm/setfile/f? HTTP/1.1" 200 13
186.102.104.96 - - [13/Oct/2023:10:22:55 -0500] "POST /kwssiamovil/sm/setfile/f? HTTP/1.1" 200 381
172.22.2.4 - - [13/Oct/2023:10:22:56 -0500] "GET /BLA/boletinlegal/consulta_actos.php?tipo=autos&no=0153&usuario=&sector=&fecha=2022&resuelve= HTTP/1.1" 200 626
216.244.66.195 - - [13/Oct/2023:10:23:00 -0500] "GET /BLA/resoluciones/RESOLUCIONES%201997/RESOLUCION%20399%20DE%201997.pdf HTTP/1.1" 200 42897
69.63.184.5 - - [13/Oct/2023:10:23:01 -0500] "GET /secretaria-de-ambiente-y-universidad-de-la-salle-firman-acuerdo-de-conservacion-en-17-hectareas.html HTTP/1.1" 200 990
69.63.184.116 - - [13/Oct/2023:10:23:01 -0500] "GET /secretaria-de-ambiente-y-universidad-de-la-salle-firman-acuerdo-de-conservacion-en-17-hectareas.html HTTP/1.1" 200 990
186.102.104.96 - - [13/Oct/2023:10:23:04 -0500] "GET /kwssiamovil/sm/acme/a?s=U2FsdGVkX19eJyMOAMK+u1pWPD3rxeSdOpWaKfBTSVeQHKPEK4Legheu8z/ALBeToacOBacgluYOWNOkiDRqV0EsEusK9wHQyFGXNuiU5dEySkl7+vKhkKvfT+rRG0je1qDIiByKhWZo+/BRM/l6F+4uAwcKse0WQmcL2k1N3Bz/jNUs8RMRo8K8bAPfxpNyo0gKctrZf+wFw/MGKlVITJMBafocxVxup2aGRC97IPbfZ2U4U+FRfoJufmx2Kght6WrmBNZKhpHo2v1O0uDnBA==&u=U2FsdGVkX19MGMCDQ6NM0WK1lgJJMPQePVO280W8OUk=&y=U2FsdGVkX19hoa89SUQxOIO4KuALKzytoVCJI5sAFFk= HTTP/1.1" 200 26
186.102.104.96 - - [13/Oct/2023:10:23:04 -0500] "GET /kwssiamovil/sm/acme/a?s=U2FsdGVkX19pzOFkvJqG380AWZqWSbOb5ikW8DMN2YNFGM/4F1G6IfK87IERO2eYIjOG0tOHzoT1L50gVP+yuWWtmB76+BBKXRaPFAELC/qxwKz+2LlqpyC2xcdG3ivHyXj8o44qEcd5AQje6NdYIRYsT2oEvZBoj3vMhQrCbHhyidcM7gW3A4FCAs7tnNDgaqnKaslTJ5EalOPU3SSeAQQiQm6RXsMbs245xv8QyOL1DC6ek1yqJVPL03isW5mpdgnuWYa3z+MSqbwkS2wFvNnmosTZ10P05DAz1+a8mpCPHJ6YUGk/DSdbG7xN/bq/9Ihsvqd0gWV/BtfQ4W/9wVjo2QAnwsNNhy39VPOIEb+beJ0Cg83hY1Mdp/1kYNsH/kCzkcC13dg+aqJc8VA9gCDLhIAcMGRso23HmvslmODI0Lr+e7mWNqLzYmCamVgouEggM9WH6DIP4Y0a1t4PDaQgiwku4TvSGqXOZiz5CbeeYu+2PYzDPZ1KGmoOwoz99R0ts1hkpQgdSX+hzMHnqMM2mk9UoUPGDIfDyNnYznK2vCZxL8VHu8+Ndvw6N5B6bLbuInFaXZ9IrXF9QWMeflQp1tPrILsQnuVa59TO8qfQ3hwzhD5Yw3XQ0ju7mZfDYKzSHS51SCy5OsDvHvY7K/Gsg8ROKh3QeglDgWFuReQdQUMYMhhbFsD8uleKIoMxo4U78Z2QWAOe4trb5/qddgKdO/miwsZGqulrdckgkmd7Qr5XykQRIL93CY74rdqK3ILuaX2kzm9vIX7FK4MrgFgzdXNWcTQGvQUSk1EgOTpyv8T0KkEnlIwtc0z+YWizFqps0FOfpXDz2Mpv6mHdZeXan0eYCMqpSy9iWoJBlBeP6ZvqH0HccqDvJNRqzvGS0sw+8GG6w8Sy8uEtUgku5o/CcBosfd4pX7Z7+yaZiNrXhyUxYUdXkzw+X4PDgC769dh+MuGT8n2W7ajNpEk341UMtsFeePangL8soVUlqR1oGDEIZRp+1VKofJE5L2UUC+sukUKIj7FKfsjrmBrAxOzznLmFa63yqMmcaWsVjKSdOpB2yR4g9Nn+jENyGTd6Nls+a/yn9ieZwBM4U/Iooo9U93n2RqvCktJpjd73WCBvjOPx3bIJMl+W4DgWQEG3hrl+B0joKQ+UimXrcJHWO3ebPVMoqp1r6vgk3rDJv307B1nC6mA+knYb9ys9zhXGKwTaZhZ9w6x7gpT0jP1y5XkTrTkv9GHQG4SHeme+RAphgLwe1dNztQSAu9CMAyu6ghLlYTIkBPF8Tj3XAjAy/Cr+dMiVHoei9L5hFUiV1yrH0zCITysODUbwnIriT4le93DUw54jufKhtBe8qGeopYnCJ5bRlPY4ksCR6ZQn03n7P0eyyT+vPpvgWGp9EprUgidAoVP5Skdrecu7BMfadzlHqUgq53zN6+wwVovHRbLsPSH0KKfMfP9KiwQmONKl+YUDGTYqUr6JC9BIbV7X1byQFIklpzdab/XXWMLCtfxtxJ8CNZQRSGZyySfZJJl6G5ku64YETYs9pL5RUH8gbn9OVolXJqhA6Kyri6bLeXGREQ5eBLJrVsKI31lRcMCVFFoTw2MgbLZWx+vg8i1LyjQDQbg6PXXPwXFXxU+ZesUoeFS7EzxoQwAtevY9bP/Xy2F2D6HekKIlpv2A0fQ+X8Dqkd/xIjKUyV5qx4pJPodb+BQtMLFXGigzV7GgqF1P533ow8uh9++dEe0AJLEi5Qm0B5lfPCazMMIPBAyKqwi/qMY4HqbV0bVxsz6jKS7hbJZRBsItWjz/OzyQa5Y73qTxB2dnlzDzXhTcWbEu3ROopz1EOeudhqqzzh/7x5kvda+s9EJSsqfrvEx/D4F13aUFtZmKGnojlGFvl7C5tTAsSzwLFcpt3ZEAOWVyruKV/Vz2yOIR9ZqFv2beqdVaCoxyOPwoNSggjlR8iEKd29zPuKYwORoEUdmMg3/+7MESGAVoVXd8vvGhb6wUU8v6uTYPIOeWV0uPy3AagzRYSPQQ+IEmgz2yVFtbhYH1f6UiSUmCG9K9XJUQ6Jx0p+VH4/h9EAG5Nwahg/Q5m5b+2Z+jS8Ni/UBwFK7BWdrH9e0a8s8+BekoWF4JvcMy0eYpNzktb9ASBHTxCq+N57BYq+/rTGe4jd/UnmdM5/buP46QE7unWrVCO1uvVCWF33p2suUFlf0DHW8ndG8uhfDjAu0unMFOMVN17fzNHrtaSlU6u8mxkT2t6TVaYZscHmVQy/sq4WVQuVYYed6G3G561Vix5Loxi4GswE2+qa1C5FHTBq2r2UYeWcgk/fSR7ht8KmUezY7z2Mbf2qi2NhdjT62f1LcT2G3CsMFsZSA6nOzyugUVri7Zm0ePv1wSF7dvy1jybxMf6JXfIUvdcialTycwgchD8a+cCf9YUhHPp/lgnGTgr6iE7KzR4aQmr8yXUitfacVczyIDRj1L9M54eI+gByXctYQe96v4RK8/r9jSxXImyQPjxcJmsUmmhwElcIhFmF+jKDHEoWJz4Lq2SGbTM/P9YLba9mpTyTq/fiwBhR/OoYGMzfGJjR+PtnTC5liidekR91nXYTrl08bgKz+UoShoUteZ9umwiE1BzeVsbp5KEXIdG7rYSEwOdLSCU/ky5PfkfnrW3wUZAXh55jW8tPF305hf4tphs/NrRVc7uYEWuu75NLMdjrSQ/tCiZQ69mQKtnhHPNRhLuWuwyJfanvqLEh0Iw6CwyVFRT0i6wSg1BgzPN0q7sKu7dlzHKyfoK+/HxhB0TmMwor/4R3dCw9JVtWycQL5Fj6+scCJBtPn2nkyCHiMjhJ6EmYZYfxeRKHWIWQLgom8WsGsgD5grErW/Dmeg1xVrV+N0qaKRueGj/7qjsbf1847pvFlwxbdQyIl1aFa5gVknZ5p8MiI=&u=U2FsdGVkX19MGMCDQ6NM0WK1lgJJMPQePVO280W8OUk=&y=U2FsdGVkX19hoa89SUQxOIO4KuALKzytoVCJI5sAFFk= HTTP/1.1" 200 26
186.102.104.96 - - [13/Oct/2023:10:23:04 -0500] "GET /kwssiamovil/sm/acme/a?s=U2FsdGVkX1+TNEawFHNOr2iXKK+/tRXuJMWgwxoIASsSFrH2lZBMpWwDKUJpZF6+W7yXn+czGEIYxnNmqGn0KTvpIeF9Jk35PVrFPG53eTGnjPhGx2R/T8V/ctaX2WBGZ+xvmyRjDn4sZluEz5ktlcVXAPZhq17Mp1DVe4t6Ul4=&u=U2FsdGVkX19MGMCDQ6NM0WK1lgJJMPQePVO280W8OUk=&y=U2FsdGVkX19hoa89SUQxOIO4KuALKzytoVCJI5sAFFk= HTTP/1.1" 200 26
186.102.104.96 - - [13/Oct/2023:10:23:05 -0500] "GET /kwssiamovil/sm/acme/a?s=U2FsdGVkX1869nS7rwOZqIABjla5ihVzPM7I7gDM8o6HievMXvdpEOvoLYDyovFxk/0udDEEOZ4BN/tX/nQ2ymigjky6CT0x1vpBQGQwV3K+KOge2r4SFj1nGRmTLPyXMohuPwPysY8Q2Ob1frjemt17rx/xY78Nnm7Gx/7dONo=&u=U2FsdGVkX19MGMCDQ6NM0WK1lgJJMPQePVO280W8OUk=&y=U2FsdGVkX19hoa89SUQxOIO4KuALKzytoVCJI5sAFFk= HTTP/1.1" 200 26
172.22.2.4 - - [13/Oct/2023:10:23:05 -0500] "GET /BLA/boletinlegal/consulta_actos.php?tipo=autos&no=0153&usuario=&sector=&fecha=2022&resuelve= HTTP/1.1" 200 626
186.102.104.96 - - [13/Oct/2023:10:23:05 -0500] "GET /kwssiamovil/sm/acme/a?s=U2FsdGVkX1+FaGTLoDbW+zQcKhalyFkWYQLYVVwxbtSI4sPB6FFTfdzKHBs7BCTV3T9yMBrY8kD7TlatiOUKd+DfmFWliz8CUM0i4997BGrw2+dqeOEt6SVAhhMZNMUioNTsOoZghyGFJd6CdBz1JVpNo/eXzecFtT/oa/cpaZo=&u=U2FsdGVkX19MGMCDQ6NM0WK1lgJJMPQePVO280W8OUk=&y=U2FsdGVkX19hoa89SUQxOIO4KuALKzytoVCJI5sAFFk= HTTP/1.1" 200 26
186.102.104.96 - - [13/Oct/2023:10:23:05 -0500] "GET /kwssiamovil/sm/acme/a?s=U2FsdGVkX1+HJqTkt1GY6yXz3HeayrVtaPBgEK2hxQ2gkC2bJlLen5DAy3nuEGoHVoP3x6r/ggvh1Bm/DguB+F7t/suSM4musLvP5bDYMil65u+M8JGBVCkIRpbA8HJRYE2F8DgmPGputL5C+a5/QF2kmA98Y8dp22dnGlopX7jLEDi4sa2ZOuFBoIMUj+4R&u=U2FsdGVkX19MGMCDQ6NM0WK1lgJJMPQePVO280W8OUk=&y=U2FsdGVkX19hoa89SUQxOIO4KuALKzytoVCJI5sAFFk= HTTP/1.1" 200 26
186.102.104.96 - - [13/Oct/2023:10:23:05 -0500] "GET /kwssiamovil/sm/acme/a?s=U2FsdGVkX1/5vi+IVxBCAPxot1tN4iJ+jIiAY9wl78JHC5AonL7u4SGYXzGIkBXUPvftYgXy5PT/mhSwC5yuVzCsB9tJA3VaVgwFWiabvF3O+1yEqPUpvKn5RA2kbwz8bUbiXhVFw2fTmOLz6Eb+UBPgqJxyhylZyDwrAtwToThWfiigLDZqe8XQE06MVqTxaopLldvaDzFAx249d/sr4A==&u=U2FsdGVkX19MGMCDQ6NM0WK1lgJJMPQePVO280W8OUk=&y=U2FsdGVkX19hoa89SUQxOIO4KuALKzytoVCJI5sAFFk= HTTP/1.1" 200 26
186.102.104.96 - - [13/Oct/2023:10:23:06 -0500] "GET /kwssiamovil/sm/acme/a?s=U2FsdGVkX1+6Y9CvP2Jq6fvD1cIAaTQsBxWI7S550vCv7j+z/8LRv2xboQJroZaHUeSnLMBg5ETIp4k+GlJa4x3yGHDJ0DAYfyQ2bYaBRpNglGBpzGr0o54zw5V7PA7Sg3lSNfuM6DChn8iMP9NeFe7pPuLkSM781X+5ZQf2DdDX+0pdpebiNnFABzDJarHoWmwXT8EG3HWUo2LSehWJrCkKL4I5NB82AbziUwRv6O8idcPIvvjKf8O9LvcH4oo9w6pcruguvICfneGyTY9ZK2Y0lJ29k3uOZW7pLMG3wH0GO3Mf8iTe2qKDA/dI3xrNczZqzBb+HZAtQwkfvfhyCqaLv4vc5IZCAUT71OFN6GeyZGbApOn1ZMR9GiES0PqFIykJ0jGKbvjQnIG3GjB5FBJ3YtEkwNByxxcXtemJB4tXVVxKO0bQrS7gpD8VbZ7pngdK/kgqVp2FYVSx1pOliE1d825S/XYXq2d6maZYcvQX929PovsgXGruyxE/aVqt&u=U2FsdGVkX19MGMCDQ6NM0WK1lgJJMPQePVO280W8OUk=&y=U2FsdGVkX19hoa89SUQxOIO4KuALKzytoVCJI5sAFFk= HTTP/1.1" 200 25
186.102.104.96 - - [13/Oct/2023:10:23:06 -0500] "GET /kwssiamovil/sm/acme/a?s=U2FsdGVkX1+X74pRVwIc9g6IVKJiN2zOKqzrIJ/Cx89P73DwW5rVvtA/EBZ7v+mz+TDq8EwR2ujzU4XcjTAJzzffXs4aYVSoeIxZBklZTlVtUVXasevoU3iWdXijEjvLUc/QYmh9D/KB5TGtWPLihsc5xIvuRC1I7jXe1ciA3nAp+lCuZ2YmW9kperjTGVRm&u=U2FsdGVkX19MGMCDQ6NM0WK1lgJJMPQePVO280W8OUk=&y=U2FsdGVkX19hoa89SUQxOIO4KuALKzytoVCJI5sAFFk= HTTP/1.1" 200 26
186.102.104.96 - - [13/Oct/2023:10:23:06 -0500] "GET /kwssiamovil/sm/acme/a?s=U2FsdGVkX1/l44cr7GIVnW7hq7rjGIYxmpOS0Gjq9wh9hbhtRWvPomh+bI1/gHnBoTYLdTL7bblvsHXjk/lXvDtdbGNApnH3Ts0kdNOfRzk5e5YUjF9RMWAf6xJURpiPTVFJ2KPDb2VdZsUkDgGalKU7XX3/G7bFsHQiqVzMt8w8GJAcr2GqwvyXVtl8lLknxJL6AxKNt7A+oDjkVJ6wlKEMyQfBrmJFGkxbSEavyA2dINmB6f64ysz1aLQv4Dqt7dWAWF0+d7z9CaJ81a+bVkwBCkuZYKhmjs6GxhK0E7rrolbFYTsP0nG2KH7WXi5nEwsU5Va5VL3mlOcFwiJzajEABHr3F/pz10a4yZWnJR0nzNPrZONPe0mZLCSexrfMUcPS6fFfQ1o2n208vIf74/eU5dsuzKtolSkBdnfb0LJCZvm6+OGHMiL3rlz8b1x20R6VPa8nd5cI5A8wxOsDzg==&u=U2FsdGVkX19MGMCDQ6NM0WK1lgJJMPQePVO280W8OUk=&y=U2FsdGVkX19hoa89SUQxOIO4KuALKzytoVCJI5sAFFk= HTTP/1.1" 200 25
186.102.104.96 - - [13/Oct/2023:10:23:06 -0500] "GET /kwssiamovil/sm/acme/a?s=U2FsdGVkX18fkUHUCbnB8Dekk5Ip9fussrAAdN0F7HkIJJ8044uLfi2+Nxzo1ueWB3uizR4hIYDc3JAcrcoKlA50tvTM8PdWwvroXyXwiSkVe9yxlVJXk3lJnSVgqoNs09EIeo5Wfqg7Q4AdN8c2O1x43ocY4xC9590s2Bp86NNTvOW8MCZtSGkrVMvnIlFKPlZZl7YGts1Bf8eB7F60wA==&u=U2FsdGVkX19MGMCDQ6NM0WK1lgJJMPQePVO280W8OUk=&y=U2FsdGVkX19hoa89SUQxOIO4KuALKzytoVCJI5sAFFk= HTTP/1.1" 200 26
186.102.104.96 - - [13/Oct/2023:10:23:07 -0500] "GET /kwssiamovil/sm/acme/a?s=U2FsdGVkX1/mnuSmWQ9zvZPzz/oClEJ7WSEf+Wbkz8dcoMGoPQSoGDTHWMmzittG/Rk/1DhEfAwXQNSVzuFLCqWBrKo/56HkNhFZlDfRlE2dg/ETj42l9kqlUJwkRsdurZG0k7VfL4PhjCPKvKzoFGBcUChoZiBA6euqjwt5nQ6YccnYP6c8Rd4OdH0tUt8/&u=U2FsdGVkX19MGMCDQ6NM0WK1lgJJMPQePVO280W8OUk=&y=U2FsdGVkX19hoa89SUQxOIO4KuALKzytoVCJI5sAFFk= HTTP/1.1" 200 26
186.102.104.96 - - [13/Oct/2023:10:23:07 -0500] "GET /kwssiamovil/sm/acme/a?s=U2FsdGVkX1+VzByUa1mK+/o4h2uzBZsAQQf0BVucQWRP7g84b7GBzAX6Uho1Qwy7e/Ltq+VVX92r4Loc8mNeosdjQaatPXbjHoRKw1H2CwtzKIZtIGDh8k3CkgAay1mvjAliUfQAdxJdncpWL9850KnhOMoAEaP+4EK6fbYrWbno0XJ5IyMNo7QmfDQeRn3pXFLkf89ZflQJKOGpHpw1kIrwRzYzZLTQ+62QHZs9JBI=&u=U2FsdGVkX19MGMCDQ6NM0WK1lgJJMPQePVO280W8OUk=&y=U2FsdGVkX19hoa89SUQxOIO4KuALKzytoVCJI5sAFFk= HTTP/1.1" 200 26
172.22.2.4 - - [13/Oct/2023:10:23:07 -0500] "GET /BLA/boletinlegal/consulta_actos.php?tipo=autos&no=0153&usuario=&sector=&fecha=2022&resuelve= HTTP/1.1" 200 626
186.102.104.96 - - [13/Oct/2023:10:23:07 -0500] "GET /kwssiamovil/sm/acme/a?s=U2FsdGVkX1/29rRSSEX491Cwbtw47slW3OdZci043e6FvciowJd2hCHcVsu4aRaKGOh8t6VZcaK66ulrBYZpeNtdlkU9bUDo41QzkZxQLfsynamp7M/ioCqrEOtMWxF89aleFvMlFgiAD5jJ+XyrSh85Pq//7SusionYHGsiwW4gIFRgd8cdq3ybs1I4GBvalHMAegRUUgIYt9wghZFtePOsljXTO5CaVrmcJKU8Jek=&u=U2FsdGVkX19MGMCDQ6NM0WK1lgJJMPQePVO280W8OUk=&y=U2FsdGVkX19hoa89SUQxOIO4KuALKzytoVCJI5sAFFk= HTTP/1.1" 200 26
172.22.2.4 - - [13/Oct/2023:10:23:08 -0500] "GET /BLA/boletinlegal/consulta_actos.php?tipo=autos&no=0153&usuario=&sector=&fecha=2022&resuelve= HTTP/1.1" 200 626
69.63.184.4 - - [13/Oct/2023:10:23:14 -0500] "GET /images/Acuerdos%2001%20(1)%20(1).jpeg HTTP/1.1" 200 32884
186.102.104.96 - - [13/Oct/2023:10:23:21 -0500] "GET /kwssiamovil/sm/acme/u?s=U2FsdGVkX19xaFxgIeA7nIbCvWCIGLsoFXDNPtMFdoYDd9liztnRukFRIy/6OeGpG0kWy573975giX9ocvGihQYbVy0vZ1tgCnCxXuhTxT+flQzaqTa/TPFI/as0aQB35Xt2LrEIdcqIm2QMCwNzinC2w3bft2bvpKtoMZC957w=&u=U2FsdGVkX19MGMCDQ6NM0WK1lgJJMPQePVO280W8OUk=&y=U2FsdGVkX19hoa89SUQxOIO4KuALKzytoVCJI5sAFFk= HTTP/1.1" 200 60
172.22.2.4 - - [13/Oct/2023:10:23:26 -0500] "GET /BLA/boletinlegal/consulta_actos.php?tipo=autos&no=0153&usuario=&sector=&fecha=2022&resuelve= HTTP/1.1" 200 626
216.244.66.195 - - [13/Oct/2023:10:23:28 -0500] "GET /BLA/resoluciones/AUTOS%202007/0093.pdf HTTP/1.1" 200 116054
172.22.2.4 - - [13/Oct/2023:10:23:30 -0500] "GET /BLA/boletinlegal/consulta_actos.php?tipo=resoluciones&no=0153&usuario=&sector=&fecha=2022&resuelve= HTTP/1.1" 200 1155
172.22.2.4 - - [13/Oct/2023:10:23:30 -0500] "GET /BLA/boletinlegal/images/pdf.gif HTTP/1.1" 200 567
186.154.214.186 - - [13/Oct/2023:10:23:32 -0500] "GET /BLA/resoluciones/RESOLUCIONES%202022/0153.pdf HTTP/1.1" 200 580589
186.154.214.186 - - [13/Oct/2023:10:23:32 -0500] "GET /favicon.ico HTTP/1.1" 200 7782
186.102.104.96 - - [13/Oct/2023:10:23:36 -0500] "GET /kwssiamovil/sm/ldap/au?x=U2FsdGVkX1+skTXekGyXfHptH+/F8gnTuMuO0ndAogJezDOTs1k9cSf4In+NnhLy&y=U2FsdGVkX1/2bFtlJZrUJlyKUxmh4CzUXLSgXUDbnWQ= HTTP/1.1" 200 30
186.102.104.96 - - [13/Oct/2023:10:23:36 -0500] "GET /kwssiamovil/sm/acme/s?s=U2FsdGVkX18A/KFRgkVZJbV1ZVch2Bkh00Kq3v2Jm1OZjLTYVDxcebtzG2d+LuRSZjeFp98sEFFhoRTZMArnlaOhj8sOH9quW6wHDAftl4k=&u=U2FsdGVkX18h1Bli/oN+SL1F0HNEOi4/e4+WYXLoKgc=&y=U2FsdGVkX1/2bFtlJZrUJlyKUxmh4CzUXLSgXUDbnWQ= HTTP/1.1" 200 97
186.102.104.96 - - [13/Oct/2023:10:23:37 -0500] "GET /kwssiamovil/sm/acme/s?s=U2FsdGVkX19MxGDA2wdJ+glUydT8vM6xfZAePw8Y7iq3WYjYE0cINjG9FVp19bQVSsDN8fIdaj19qu8SBsEFIf3OYsLUpcV0lMwGlcjmQaan/BexmxymDSG7PH/NYFevpuYVeMnOWvzUP0gPzwhTle7q1WgWKBDKnUHLb2SACgQmsW1rugqbmiKy3XRUAZAU4QYp6HtoMdFu47Q2LiyTT9nADkZbGTD3mVD/AHzNBWrEaTI5L6S9qSPR9TmIUYXi7wWXcI7KBEaM3TWwzU7ZfQnHu0GKRGRDhm83ShtDm4uU5ivq2GeFEhvOIHiq8Z0BhQcZsPqPRAptEHGDriymZYMUUCO0WhsCrAntx6/TDnm9a4aj3gwydi/RnGXDvywH44uEDYin6ImqCe8gVYMaHxeA51jVXj18ooSbuQfWBbX63P/cnxBWVouFDXjot7cyh46mXGriFNENuEG4iZdS73X8PBhQdP/oqi1JYAMdec8MLjBRtFGZPezfxl2Si15Elt5ckgr1O34EVfsAQayMmqkclIaPFt91e7tbgPK5PLJeJ6M/rRnICb6LEJmdAE9UYjK/1wcTXC58kPSf6t73BYjntjik19QHNuguDM7Q/puTsILdZG9XP5fc8TTn4au4LLSDT0P/oTg0AV5b8s0VyTv6wgFtcZWZvpvPBrGWICtwUn5Oz/NYi5Cgp3Gk+ku7QmFPakca+7uY6EFst8Uq2JLHlxGuJ+mDjUFbVhaynMTZe+YNH3+Km0b4WEMwiCRPx9iSpjLdtg9ParEoUUsVfMVyEWUVykXcHusyWLQeuYokmz6uQ10VJYjY3d8kBJXA2B8B02tQpBSPAtu3F+ICucReeG2I+7zX7AXy6Mm3t4HMoirDWqwYXAKNzvwzDq0mO1UN4SDQ6xv7k2WQ334p2Du3vVbPqDWZ/siWVW+OGFz+CxNjrQ0J1K7dX+sZhqbgijvQvcAKV0rk9y1Ucuvy6YW0YEwdG/cPqij9Qc/87YaEZXmCZ0bhk+tl7EBZPHiv5xfaGp7IAoWcSPeKxhAn5tbcY6CWroAKgd8mr5DvQElWiBr+aASS/FNpnelO7vWOJG/tKXdRbBo3cTM8fSYlA53KmUrZRt1VzJIvb4N54Lb+TIFjG4tdVgxXZeRhwxYQKGPqyWOOZvOVvNEJxXLhuxh0sonKtg7noXWUIa1DKqh3i5Y72YSxUo853zUDHsVkjt9sW/nqrI5ypihwE2MnEfqX/toV6CWVSPoBXFIBlyHHGdTkOCBQcJy/UXqN2y0g6+as0V1aQkztvqDjbqXtlXIFE4R6Iahsmj9AJbrVqGHO4UdZObqPG2qRg7jt7dZX5EFpLXBLVW2gMkHiAk0n7MarSb0Qc2nO5cvRjnP7e0FtEdTWGjmkOd9Y9Obm2wLLGD6A01rA/5kjiY/REHXqheoFAe0TBQMVtmX7QAy4MDk=&u=U2FsdGVkX18h1Bli/oN+SL1F0HNEOi4/e4+WYXLoKgc=&y=U2FsdGVkX1/2bFtlJZrUJlyKUxmh4CzUXLSgXUDbnWQ= HTTP/1.1" 200 890
186.102.104.96 - - [13/Oct/2023:10:23:37 -0500] "GET /kwssiamovil/sm/acme/s?s=U2FsdGVkX1+isuy8CYUwKzeBc+oRrZum5QjgkwkflIh2gNSjll6lw4pVcIFdUMH7hbNCYEfMo/iwjZpw7DbL9Kgdy86++K7e0a5HCaqx9hgwNgoESmxs9Xyjafo1yJXwU3PCivWfP1gvhlxDvg3iTnr5Gt9vwrmsLYcyUITIYeJmT9DgEGyGtzVLbibbzDysOBUYKEGnCHsTMKtbnJFRowlnRxRZmHz/+CNA6TfXTEg+9X2fqscgGViJLa95/1Ix8F1AYFAv2tGmohebtySPKaYFbvSqKrRB0yHYFRqPLtJhZEgVUMFepjmOAOZ2nPSca/dmGJgYOn17coL1F9G1Cw==&u=U2FsdGVkX18h1Bli/oN+SL1F0HNEOi4/e4+WYXLoKgc=&y=U2FsdGVkX1/2bFtlJZrUJlyKUxmh4CzUXLSgXUDbnWQ= HTTP/1.1" 200 196
186.102.104.96 - - [13/Oct/2023:10:23:37 -0500] "GET /kwssiamovil/sm/cjson/pre?f=1&x=U2FsdGVkX1+skTXekGyXfHptH+/F8gnTuMuO0ndAogJezDOTs1k9cSf4In+NnhLy HTTP/1.1" 200 31032
65.154.226.168 - - [13/Oct/2023:10:23:41 -0500] "GET /BLA/resoluciones/RESOLUCIONES%202022/0153.pdf HTTP/1.1" 200 580589
201.245.192.253 - - [13/Oct/2023:10:23:47 -0500] "POST /sipse/faces/presentacion/financiero/modificacionContrato/cargarModifiacion.xhtml HTTP/1.1" 200 5359
216.244.66.195 - - [13/Oct/2023:10:23:56 -0500] "GET /BLA/resoluciones/AUTOS%202007/0096.pdf HTTP/1.1" 200 47551
66.249.66.19 - - [13/Oct/2023:10:23:59 -0500] "GET /resoluciones/RESOLUCIONES%202008/1521.pdf HTTP/1.1" 404 1018
173.252.127.1 - - [13/Oct/2023:10:24:04 -0500] "GET /images/Reciclaton-2023.jpg HTTP/1.1" 200 68883
190.145.240.159 - - [13/Oct/2023:10:24:11 -0500] "GET /forest/ HTTP/1.1" 200 12041
201.245.192.253 - - [13/Oct/2023:10:24:13 -0500] "POST /sipse/faces/presentacion/financiero/modificacionContrato/cargarModifiacion.xhtml HTTP/1.1" 200 5456
192.144.113.215 - - [13/Oct/2023:10:24:13 -0500] "POST /sipse/faces/presentacion/financiero/solicitudProceso/consultarSolicitudProceso.xhtml HTTP/1.1" 200 511640
190.145.240.159 - - [13/Oct/2023:10:24:17 -0500] "POST /forest/index.php HTTP/1.1" 200 12268
192.144.113.215 - - [13/Oct/2023:10:24:20 -0500] "POST /sipse/faces/presentacion/financiero/solicitudProceso/consultarSolicitudProceso.xhtml HTTP/1.1" 200 73576
192.144.113.215 - - [13/Oct/2023:10:24:20 -0500] "GET /sipse/faces/javax.faces.resource/theme.css?ln=primefaces-sipse HTTP/1.1" 304 -
192.144.113.215 - - [13/Oct/2023:10:24:20 -0500] "GET /sipse/faces/javax.faces.resource/primefaces.css?ln=primefaces&v=4.0 HTTP/1.1" 304 -
192.144.113.215 - - [13/Oct/2023:10:24:20 -0500] "GET /sipse/faces/javax.faces.resource/layout/layout.css?ln=primefaces&v=4.0 HTTP/1.1" 304 -
192.144.113.215 - - [13/Oct/2023:10:24:20 -0500] "GET /sipse/faces/javax.faces.resource/jquery/jquery.js?ln=primefaces&v=4.0 HTTP/1.1" 304 -
192.144.113.215 - - [13/Oct/2023:10:24:20 -0500] "GET /sipse/faces/javax.faces.resource/jquery/jquery-plugins.js?ln=primefaces&v=4.0 HTTP/1.1" 304 -
192.144.113.215 - - [13/Oct/2023:10:24:20 -0500] "GET /sipse/faces/javax.faces.resource/primefaces.js?ln=primefaces&v=4.0 HTTP/1.1" 304 -
192.144.113.215 - - [13/Oct/2023:10:24:20 -0500] "GET /sipse/faces/javax.faces.resource/layout/layout.js?ln=primefaces&v=4.0 HTTP/1.1" 304 -
216.244.66.195 - - [13/Oct/2023:10:24:23 -0500] "GET /BLA/resoluciones/AUTOS%202007/0451.pdf HTTP/1.1" 200 35711
172.22.2.4 - - [13/Oct/2023:10:24:27 -0500] "GET /BLA/boletinlegal/actos.php HTTP/1.1" 200 9682
172.22.2.4 - - [13/Oct/2023:10:24:28 -0500] "GET /BLA/boletinlegal/favicon.ico HTTP/1.1" 404 1326
201.245.192.253 - - [13/Oct/2023:10:24:32 -0500] "GET /sipse/faces/index.xhtml HTTP/1.1" 200 677
201.245.192.253 - - [13/Oct/2023:10:24:32 -0500] "GET /sipse/faces/javax.faces.resource/theme.css?ln=primefaces-sipse HTTP/1.1" 304 -
201.245.192.253 - - [13/Oct/2023:10:24:32 -0500] "GET /sipse/faces/faces/autenticacion.xhtml HTTP/1.1" 200 12405
201.245.192.253 - - [13/Oct/2023:10:24:32 -0500] "GET /sipse/js/disable_browser_buttons.js HTTP/1.1" 304 -
201.245.192.253 - - [13/Oct/2023:10:24:32 -0500] "GET /sipse/js/funciones.js HTTP/1.1" 304 -
201.245.192.253 - - [13/Oct/2023:10:24:32 -0500] "GET /sipse/css/custom_css_sg.css HTTP/1.1" 304 -
201.245.192.253 - - [13/Oct/2023:10:24:32 -0500] "GET /sipse/css/custom_css_sg_prime_login.css HTTP/1.1" 304 -
201.245.192.253 - - [13/Oct/2023:10:24:32 -0500] "GET /sipse/faces/javax.faces.resource/jquery/jquery.js?ln=primefaces&v=4.0 HTTP/1.1" 304 -
201.245.192.253 - - [13/Oct/2023:10:24:32 -0500] "GET /sipse/faces/javax.faces.resource/layout/layout.css?ln=primefaces&v=4.0 HTTP/1.1" 304 -
201.245.192.253 - - [13/Oct/2023:10:24:32 -0500] "GET /sipse/faces/javax.faces.resource/primefaces.css?ln=primefaces&v=4.0 HTTP/1.1" 304 -
201.245.192.253 - - [13/Oct/2023:10:24:32 -0500] "GET /sipse/faces/javax.faces.resource/jquery/jquery-plugins.js?ln=primefaces&v=4.0 HTTP/1.1" 304 -
201.245.192.253 - - [13/Oct/2023:10:24:32 -0500] "GET /sipse/faces/javax.faces.resource/theme.css?ln=primefaces-sipse HTTP/1.1" 304 -
201.245.192.253 - - [13/Oct/2023:10:24:32 -0500] "GET /sipse/faces/javax.faces.resource/primefaces.js?ln=primefaces&v=4.0 HTTP/1.1" 304 -
201.245.192.253 - - [13/Oct/2023:10:24:32 -0500] "GET /sipse/faces/javax.faces.resource/layout/layout.js?ln=primefaces&v=4.0 HTTP/1.1" 304 -
201.245.192.253 - - [13/Oct/2023:10:24:32 -0500] "GET /sipse/css/imagen/logoSDG.png HTTP/1.1" 304 -
201.245.192.253 - - [13/Oct/2023:10:24:32 -0500] "GET /sipse/css/imagen/loginimg.png HTTP/1.1" 304 -
201.245.192.253 - - [13/Oct/2023:10:24:32 -0500] "GET /sipse/faces/javax.faces.resource/images/ui-icons_898989_256x240.png?ln=primefaces-aristo HTTP/1.1" 304 -
191.156.237.76 - - [13/Oct/2023:10:24:32 -0500] "GET /sipse/faces/faces/autenticacion.xhtml HTTP/1.1" 200 12727
191.156.237.76 - - [13/Oct/2023:10:24:32 -0500] "GET /sipse/css/custom_css_sg_prime_login.css HTTP/1.1" 200 443
191.156.237.76 - - [13/Oct/2023:10:24:32 -0500] "GET /sipse/js/funciones.js HTTP/1.1" 200 12592
191.156.237.76 - - [13/Oct/2023:10:24:32 -0500] "GET /sipse/faces/javax.faces.resource/layout/layout.css;jsessionid=GY49ToeDonqmNyBfFsH+-pSl.undefined?ln=primefaces&v=4.0 HTTP/1.1" 200 542
191.156.237.76 - - [13/Oct/2023:10:24:32 -0500] "GET /sipse/js/disable_browser_buttons.js HTTP/1.1" 200 3230
191.156.237.76 - - [13/Oct/2023:10:24:32 -0500] "GET /sipse/css/custom_css_sg.css HTTP/1.1" 200 9694
191.156.237.76 - - [13/Oct/2023:10:24:32 -0500] "GET /sipse/faces/javax.faces.resource/theme.css?ln=primefaces-sipse HTTP/1.1" 200 50058
191.156.237.76 - - [13/Oct/2023:10:24:33 -0500] "GET /sipse/faces/javax.faces.resource/layout/layout.js;jsessionid=GY49ToeDonqmNyBfFsH+-pSl.undefined?ln=primefaces&v=4.0 HTTP/1.1" 200 87560
191.156.237.76 - - [13/Oct/2023:10:24:32 -0500] "GET /sipse/faces/javax.faces.resource/jquery/jquery.js;jsessionid=GY49ToeDonqmNyBfFsH+-pSl.undefined?ln=primefaces&v=4.0 HTTP/1.1" 200 105384
191.156.237.76 - - [13/Oct/2023:10:24:32 -0500] "GET /sipse/faces/javax.faces.resource/primefaces.css;jsessionid=GY49ToeDonqmNyBfFsH+-pSl.undefined?ln=primefaces&v=4.0 HTTP/1.1" 200 53295
191.156.237.76 - - [13/Oct/2023:10:24:32 -0500] "GET /sipse/faces/javax.faces.resource/jquery/jquery-plugins.js;jsessionid=GY49ToeDonqmNyBfFsH+-pSl.undefined?ln=primefaces&v=4.0 HTTP/1.1" 200 220526
191.156.237.76 - - [13/Oct/2023:10:24:33 -0500] "GET /sipse/faces/javax.faces.resource/primefaces.js;jsessionid=GY49ToeDonqmNyBfFsH+-pSl.undefined?ln=primefaces&v=4.0 HTTP/1.1" 200 276924
191.156.237.76 - - [13/Oct/2023:10:24:34 -0500] "GET /sipse/faces/javax.faces.resource/images/ui-icons_898989_256x240.png?ln=primefaces-aristo HTTP/1.1" 304 -
191.156.237.76 - - [13/Oct/2023:10:24:34 -0500] "GET /sipse/css/imagen/logoSDG.png HTTP/1.1" 200 53064
191.156.237.76 - - [13/Oct/2023:10:24:34 -0500] "GET /sipse/css/imagen/loginimg.png HTTP/1.1" 200 71635
191.156.237.76 - - [13/Oct/2023:10:24:34 -0500] "GET /favicon.ico HTTP/1.1" 200 7782
191.156.237.76 - - [13/Oct/2023:10:24:34 -0500] "GET /sipse/faces/faces/index.xhtml HTTP/1.1" 200 677
191.156.237.76 - - [13/Oct/2023:10:24:34 -0500] "GET /sipse/faces/javax.faces.resource/theme.css?ln=primefaces-sipse HTTP/1.1" 200 50058
191.156.237.76 - - [13/Oct/2023:10:24:35 -0500] "GET /sipse/faces/faces/faces/autenticacion.xhtml HTTP/1.1" 200 12405
191.156.237.76 - - [13/Oct/2023:10:24:35 -0500] "GET /sipse/faces/javax.faces.resource/theme.css?ln=primefaces-sipse HTTP/1.1" 304 -
191.156.237.76 - - [13/Oct/2023:10:24:35 -0500] "GET /sipse/faces/javax.faces.resource/layout/layout.css?ln=primefaces&v=4.0 HTTP/1.1" 200 542
191.156.237.76 - - [13/Oct/2023:10:24:35 -0500] "GET /sipse/faces/javax.faces.resource/jquery/jquery-plugins.js?ln=primefaces&v=4.0 HTTP/1.1" 304 -
191.156.237.76 - - [13/Oct/2023:10:24:35 -0500] "GET /sipse/faces/javax.faces.resource/jquery/jquery.js?ln=primefaces&v=4.0 HTTP/1.1" 304 -
191.156.237.76 - - [13/Oct/2023:10:24:35 -0500] "GET /sipse/faces/javax.faces.resource/primefaces.js?ln=primefaces&v=4.0 HTTP/1.1" 304 -
191.156.237.76 - - [13/Oct/2023:10:24:35 -0500] "GET /sipse/faces/javax.faces.resource/layout/layout.js?ln=primefaces&v=4.0 HTTP/1.1" 304 -
191.156.237.76 - - [13/Oct/2023:10:24:35 -0500] "GET /sipse/faces/javax.faces.resource/primefaces.css?ln=primefaces&v=4.0 HTTP/1.1" 200 53295
191.156.237.76 - - [13/Oct/2023:10:24:35 -0500] "GET /sipse/faces/javax.faces.resource/images/ui-icons_898989_256x240.png?ln=primefaces-aristo HTTP/1.1" 304 -
201.245.192.253 - - [13/Oct/2023:10:24:36 -0500] "POST /sipse/faces/autenticacion.xhtml HTTP/1.1" 200 16909
201.245.192.253 - - [13/Oct/2023:10:24:36 -0500] "GET /sipse/css/custom_css_sg_prime.css HTTP/1.1" 304 -
201.245.192.253 - - [13/Oct/2023:10:24:36 -0500] "GET /sipse/faces/javax.faces.resource/primefaces.css?ln=primefaces&v=4.0 HTTP/1.1" 304 -
201.245.192.253 - - [13/Oct/2023:10:24:36 -0500] "GET /sipse/faces/javax.faces.resource/theme.css?ln=primefaces-sipse HTTP/1.1" 304 -
201.245.192.253 - - [13/Oct/2023:10:24:36 -0500] "GET /sipse/faces/javax.faces.resource/layout/layout.css?ln=primefaces&v=4.0 HTTP/1.1" 304 -
201.245.192.253 - - [13/Oct/2023:10:24:36 -0500] "GET /sipse/js/jquery.min.js HTTP/1.1" 304 -
201.245.192.253 - - [13/Oct/2023:10:24:36 -0500] "GET /sipse/faces/javax.faces.resource/jquery/jquery.js?ln=primefaces&v=4.0 HTTP/1.1" 304 -
201.245.192.253 - - [13/Oct/2023:10:24:36 -0500] "GET /sipse/faces/javax.faces.resource/jquery/jquery-plugins.js?ln=primefaces&v=4.0 HTTP/1.1" 304 -
201.245.192.253 - - [13/Oct/2023:10:24:36 -0500] "GET /sipse/faces/javax.faces.resource/primefaces.js?ln=primefaces&v=4.0 HTTP/1.1" 304 -
201.245.192.253 - - [13/Oct/2023:10:24:36 -0500] "GET /sipse/faces/javax.faces.resource/layout/layout.js?ln=primefaces&v=4.0 HTTP/1.1" 304 -
201.245.192.253 - - [13/Oct/2023:10:24:36 -0500] "GET /sipse/css/v_mergente.css HTTP/1.1" 304 -
201.245.192.253 - - [13/Oct/2023:10:24:36 -0500] "GET /sipse/imagenes/logoAplicacion.jpg HTTP/1.1" 304 -
201.245.192.253 - - [13/Oct/2023:10:24:36 -0500] "GET /sipse/imagenes/cargando.gif HTTP/1.1" 304 -
201.245.192.253 - - [13/Oct/2023:10:24:36 -0500] "GET /sipse/css/imagen/contrasena.png HTTP/1.1" 404 383
201.245.192.253 - - [13/Oct/2023:10:24:36 -0500] "GET /sipse/faces/javax.faces.resource/messages/messages.png?ln=primefaces&v=4.0 HTTP/1.1" 304 -
172.22.2.4 - - [13/Oct/2023:10:24:37 -0500] "GET /BLA/boletinlegal/consulta_actos.php?tipo=resoluciones&no=&usuario=&sector=&fecha=2022&resuelve= HTTP/1.1" 200 4983283
