216.244.66.195 - - [13/Oct/2023:04:25:51 -0500] "GET /BLA/resoluciones/RESOLUCIONES%202011/0530.pdf HTTP/1.1" 200 800814
216.245.221.92 - - [13/Oct/2023:04:26:04 -0500] "HEAD / HTTP/1.1" 200 -
216.244.66.195 - - [13/Oct/2023:04:26:07 -0500] "GET /BLA/resoluciones/RESOLUCIONES%202011/0531.pdf HTTP/1.1" 200 799018
216.244.66.195 - - [13/Oct/2023:04:26:20 -0500] "GET /BLA/resoluciones/RESOLUCIONES%202011/0944.pdf HTTP/1.1" 200 559446
216.244.66.195 - - [13/Oct/2023:04:26:34 -0500] "GET /BLA/resoluciones/RESOLUCIONES%202011/1054.pdf HTTP/1.1" 200 450563
216.244.66.195 - - [13/Oct/2023:04:26:45 -0500] "GET /BLA/resoluciones/RESOLUCIONES%202011/1371.pdf HTTP/1.1" 200 519061
216.244.66.195 - - [13/Oct/2023:04:26:56 -0500] "GET /BLA/resoluciones/RESOLUCIONES%202011/1884.pdf HTTP/1.1" 200 513594
216.244.66.195 - - [13/Oct/2023:04:27:35 -0500] "GET /BLA/resoluciones/RESOLUCIONES%202011/1965.pdf HTTP/1.1" 200 501457
66.249.73.38 - - [13/Oct/2023:04:28:03 -0500] "GET /BLA/resoluciones/RESOLUCIONES%202009/3460.pdf HTTP/1.1" 200 290517
201.245.192.253 - - [13/Oct/2023:04:28:03 -0500] "POST /kwsrmcab/Wsrmcab HTTP/1.1" 200 42890
201.245.192.253 - - [13/Oct/2023:04:28:05 -0500] "POST /kwsrmcab/Wsrmcab HTTP/1.1" 200 40816
216.244.66.195 - - [13/Oct/2023:04:28:07 -0500] "GET /BLA/resoluciones/RESOLUCIONES%202011/2190.pdf HTTP/1.1" 200 511767
216.244.66.195 - - [13/Oct/2023:04:28:39 -0500] "GET /BLA/resoluciones/RESOLUCIONES%202011/2384.pdf HTTP/1.1" 200 476758
201.245.192.253 - - [13/Oct/2023:04:28:44 -0500] "POST /kwsrmcab/Wsrmcab  HTTP/1.1" 200 42851
216.244.66.195 - - [13/Oct/2023:04:29:07 -0500] "GET /BLA/resoluciones/RESOLUCIONES%202018/0132.pdf HTTP/1.1" 200 1319873
216.244.66.195 - - [13/Oct/2023:04:29:48 -0500] "GET /BLA/resoluciones/RESOLUCIONES%202018/0379.pdf HTTP/1.1" 200 313316
172.22.2.4 - - [13/Oct/2023:04:28:27 -0500] "HEAD /BLA/boletinlegal/ HTTP/1.1" 200 -
216.244.66.195 - - [13/Oct/2023:04:30:20 -0500] "GET /BLA/resoluciones/RESOLUCIONES%202018/0520.pdf HTTP/1.1" 200 4520380
172.22.2.4 - - [13/Oct/2023:04:29:18 -0500] "GET /BLA/boletinlegal/ HTTP/1.1" 200 58155
216.244.66.195 - - [13/Oct/2023:04:31:01 -0500] "GET /BLA/resoluciones/RESOLUCIONES%202018/0731.pdf HTTP/1.1" 200 295001
216.245.221.92 - - [13/Oct/2023:04:31:04 -0500] "HEAD / HTTP/1.1" 200 -
216.244.66.195 - - [13/Oct/2023:04:31:31 -0500] "GET /BLA/resoluciones/RESOLUCIONES%202018/0756.pdf HTTP/1.1" 200 452910
216.244.66.195 - - [13/Oct/2023:04:32:04 -0500] "GET /BLA/resoluciones/RESOLUCIONES%202018/0821.pdf HTTP/1.1" 200 369740
216.244.66.195 - - [13/Oct/2023:04:32:32 -0500] "GET /BLA/resoluciones/RESOLUCIONES%202018/0935.pdf HTTP/1.1" 200 445753
66.249.73.36 - - [13/Oct/2023:04:32:39 -0500] "GET /BLA/resoluciones/AUTOS%202012/2933.pdf HTTP/1.1" 200 858856
216.244.66.195 - - [13/Oct/2023:04:33:00 -0500] "GET /BLA/resoluciones/RESOLUCIONES%202018/0964.pdf HTTP/1.1" 200 421008
216.244.66.195 - - [13/Oct/2023:04:33:28 -0500] "GET /BLA/resoluciones/RESOLUCIONES%202018/1765.pdf HTTP/1.1" 200 284443
201.245.192.253 - - [13/Oct/2023:04:33:44 -0500] "POST /kwsrmcab/Wsrmcab  HTTP/1.1" 200 42851
216.244.66.195 - - [13/Oct/2023:04:33:53 -0500] "GET /BLA/resoluciones/RESOLUCIONES%202018/1798.pdf HTTP/1.1" 200 283757
216.244.66.195 - - [13/Oct/2023:04:34:23 -0500] "GET /BLA/resoluciones/RESOLUCIONES%202018/1874.pdf HTTP/1.1" 200 284358
172.22.2.4 - - [13/Oct/2023:04:34:17 -0500] "HEAD /BLA/boletinlegal/ HTTP/1.1" 200 -
216.245.221.92 - - [13/Oct/2023:04:36:04 -0500] "HEAD / HTTP/1.1" 200 -
66.249.73.38 - - [13/Oct/2023:04:36:40 -0500] "GET /BLA/resoluciones/AUTOS%202008/1842.pdf HTTP/1.1" 200 276383
172.22.2.4 - - [13/Oct/2023:04:35:08 -0500] "GET /BLA/boletinlegal/ HTTP/1.1" 200 57802
201.245.192.253 - - [13/Oct/2023:04:38:03 -0500] "POST /kwsrmcab/Wsrmcab HTTP/1.1" 200 42890
201.245.192.253 - - [13/Oct/2023:04:38:05 -0500] "POST /kwsrmcab/Wsrmcab HTTP/1.1" 200 40816
186.85.78.82 - - [13/Oct/2023:04:38:41 -0500] "GET /BLA/resoluciones/ HTTP/1.1" 200 13696
201.245.192.253 - - [13/Oct/2023:04:38:43 -0500] "POST /kwsrmcab/Wsrmcab  HTTP/1.1" 200 42851
186.85.78.82 - - [13/Oct/2023:04:38:46 -0500] "GET /BLA/resoluciones/dlf/archive.png HTTP/1.1" 200 632
186.85.78.82 - - [13/Oct/2023:04:38:46 -0500] "GET /BLA/resoluciones/index.php?dir=RESOLUCIONES+2019%2F HTTP/1.1" 200 260562
186.85.78.82 - - [13/Oct/2023:04:38:57 -0500] "GET /BLA/resoluciones/RESOLUCIONES%202019/0831.pdf HTTP/1.1" 200 987637
186.85.78.82 - - [13/Oct/2023:04:38:57 -0500] "GET /BLA/resoluciones/RESOLUCIONES%202019/0831.pdf HTTP/1.1" 206 1025
186.85.78.82 - - [13/Oct/2023:04:38:57 -0500] "GET /BLA/resoluciones/RESOLUCIONES%202019/0831.pdf HTTP/1.1" 200 987637
200.29.113.36 - - [13/Oct/2023:04:38:58 -0500] "GET /BLA/resoluciones/RESOLUCIONES%202019/0831.pdf HTTP/1.1" 200 987637
172.22.2.4 - - [13/Oct/2023:04:39:26 -0500] "GET /BLA/boletinlegal/ HTTP/1.1" 200 32715
216.245.221.92 - - [13/Oct/2023:04:41:04 -0500] "HEAD / HTTP/1.1" 200 -
66.249.73.36 - - [13/Oct/2023:04:41:13 -0500] "GET /BLA/resoluciones/RESOLUCIONES%202008/1699.pdf HTTP/1.1" 200 300531
172.22.2.4 - - [13/Oct/2023:04:40:07 -0500] "HEAD /BLA/boletinlegal/ HTTP/1.1" 200 -
66.249.73.37 - - [13/Oct/2023:04:41:55 -0500] "GET /portel_dama/libreria/php/2006/ECOSISTEMAS%20FINAL%20web_mz27/x%20restauracion/sitio/55_artic/xtras/10.pdf HTTP/1.1" 404 1018
172.22.2.4 - - [13/Oct/2023:04:40:58 -0500] "GET /BLA/boletinlegal/ HTTP/1.1" 200 60175
201.245.192.253 - - [13/Oct/2023:04:43:42 -0500] "POST /kwsrmcab/Wsrmcab  HTTP/1.1" 200 42851
186.85.78.82 - - [13/Oct/2023:04:45:45 -0500] "GET /BLA/resoluciones/ HTTP/1.1" 200 13696
186.85.78.82 - - [13/Oct/2023:04:45:50 -0500] "GET /BLA/resoluciones/index.php?dir=RESOLUCIONES+2007%2F HTTP/1.1" 200 37998
66.249.73.37 - - [13/Oct/2023:04:45:51 -0500] "GET /BLA/resoluciones/RESOLUCIONES%202010/3894.pdf HTTP/1.1" 200 700616
66.249.73.37 - - [13/Oct/2023:04:45:54 -0500] "GET /portel_dama/libreria/php/2006/ECOSISTEMAS%20FINAL%20web_mz27/x%20restauracion/sitio/55_artic/xtras/13.pdf HTTP/1.1" 404 1018
186.85.78.82 - - [13/Oct/2023:04:45:55 -0500] "GET /BLA/resoluciones/index.php?dir=RESOLUCIONES+2007%2FRES+2007+601+AL+700%2F HTTP/1.1" 200 26655
186.85.78.82 - - [13/Oct/2023:04:46:02 -0500] "GET /BLA/resoluciones/RESOLUCIONES%202007/RES%202007%20601%20AL%20700/RESOLUCION%200684%20DE%202007.pdf HTTP/1.1" 200 1024893
186.85.78.82 - - [13/Oct/2023:04:46:02 -0500] "GET /BLA/resoluciones/RESOLUCIONES%202007/RES%202007%20601%20AL%20700/RESOLUCION%200684%20DE%202007.pdf HTTP/1.1" 200 1024893
186.85.78.82 - - [13/Oct/2023:04:46:02 -0500] "GET /BLA/resoluciones/RESOLUCIONES%202007/RES%202007%20601%20AL%20700/RESOLUCION%200684%20DE%202007.pdf HTTP/1.1" 206 1025
216.245.221.92 - - [13/Oct/2023:04:46:04 -0500] "HEAD / HTTP/1.1" 200 -
66.249.73.36 - - [13/Oct/2023:04:46:13 -0500] "GET /BLA/resoluciones/Autos%202008/1657.pdf HTTP/1.1" 200 320589
216.244.66.195 - - [13/Oct/2023:04:46:28 -0500] "GET /robots.txt HTTP/1.1" 404 1018
66.249.73.36 - - [13/Oct/2023:04:46:31 -0500] "GET /BLA/resoluciones/RESOLUCIONES%202011/5390.pdf HTTP/1.1" 200 496541
172.22.2.4 - - [13/Oct/2023:04:45:57 -0500] "HEAD /BLA/boletinlegal/ HTTP/1.1" 200 -
172.22.2.4 - - [13/Oct/2023:04:46:48 -0500] "GET /BLA/boletinlegal/ HTTP/1.1" 200 52532
201.245.192.253 - - [13/Oct/2023:04:48:41 -0500] "POST /kwsrmcab/Wsrmcab  HTTP/1.1" 200 42851
138.84.40.202 - - [13/Oct/2023:04:50:23 -0500] "GET /BLA/resoluciones/index.php?dir=RESOLUCIONES+2019%2F HTTP/1.1" 200 260562
138.84.40.202 - - [13/Oct/2023:04:50:25 -0500] "GET /BLA/resoluciones/dlf/styles.css HTTP/1.1" 200 3049
138.84.40.202 - - [13/Oct/2023:04:50:26 -0500] "GET /BLA/resoluciones/dlf/archive.png HTTP/1.1" 200 632
138.84.40.202 - - [13/Oct/2023:04:50:26 -0500] "GET /BLA/resoluciones/dlf/dirup.png HTTP/1.1" 200 644
138.84.40.202 - - [13/Oct/2023:04:50:26 -0500] "GET /BLA/resoluciones/dlf/pdf.gif HTTP/1.1" 200 272
138.84.40.202 - - [13/Oct/2023:04:50:26 -0500] "GET /BLA/resoluciones/dlf/bg.gif HTTP/1.1" 200 54
216.245.221.92 - - [13/Oct/2023:04:51:04 -0500] "HEAD / HTTP/1.1" 200 -
186.85.78.82 - - [13/Oct/2023:04:51:09 -0500] "GET /BLA/resoluciones/ HTTP/1.1" 200 13696
186.85.78.82 - - [13/Oct/2023:04:51:17 -0500] "GET /BLA/resoluciones/index.php?dir=RESOLUCIONES+2009%2F HTTP/1.1" 200 1694101
186.85.78.82 - - [13/Oct/2023:04:51:40 -0500] "GET /BLA/resoluciones/RESOLUCIONES%202009/4676.pdf HTTP/1.1" 200 384652
186.85.78.82 - - [13/Oct/2023:04:51:40 -0500] "GET /BLA/resoluciones/RESOLUCIONES%202009/4676.pdf HTTP/1.1" 200 384652
186.85.78.82 - - [13/Oct/2023:04:51:40 -0500] "GET /BLA/resoluciones/RESOLUCIONES%202009/4676.pdf HTTP/1.1" 206 1025
200.29.113.39 - - [13/Oct/2023:04:51:41 -0500] "GET /BLA/resoluciones/RESOLUCIONES%202009/4676.pdf HTTP/1.1" 200 384652
200.29.113.38 - - [13/Oct/2023:04:51:41 -0500] "GET /BLA/resoluciones/RESOLUCIONES%202009/4676.pdf HTTP/1.1" 200 384652
66.249.73.36 - - [13/Oct/2023:04:51:58 -0500] "GET /pdc/actos/1731.pdf HTTP/1.1" 200 724138
34.90.142.148 - - [13/Oct/2023:04:52:03 -0500] "GET /caminatas-ecologicas-un-plan-imperdible-para-octubre.html HTTP/1.1" 200 747
172.22.2.4 - - [13/Oct/2023:04:52:57 -0500] "GET /BLA/boletinlegal/favicon.ico HTTP/1.1" 404 1018
172.22.2.4 - - [13/Oct/2023:04:52:41 -0500] "GET /BLA/boletinlegal/ HTTP/1.1" 200 20427
172.22.2.4 - - [13/Oct/2023:04:51:47 -0500] "HEAD /BLA/boletinlegal/ HTTP/1.1" 200 -
201.245.192.253 - - [13/Oct/2023:04:53:40 -0500] "POST /kwsrmcab/Wsrmcab  HTTP/1.1" 200 42851
172.22.2.4 - - [13/Oct/2023:04:52:41 -0500] "GET /BLA/boletinlegal/ HTTP/1.1" 200 32715
186.102.71.5 - - [13/Oct/2023:04:54:16 -0500] "OPTIONS /kwssiamovil/sm/setfile/f? HTTP/1.1" 200 13
172.22.2.4 - - [13/Oct/2023:04:52:38 -0500] "GET /BLA/boletinlegal/ HTTP/1.1" 200 45933
186.102.71.5 - - [13/Oct/2023:04:54:16 -0500] "POST /kwssiamovil/sm/setfile/f? HTTP/1.1" 200 381
186.102.71.5 - - [13/Oct/2023:04:54:26 -0500] "OPTIONS /kwssiamovil/sm/setfile/f? HTTP/1.1" 200 13
186.102.71.5 - - [13/Oct/2023:04:54:26 -0500] "POST /kwssiamovil/sm/setfile/f? HTTP/1.1" 200 381
186.102.71.5 - - [13/Oct/2023:04:54:37 -0500] "OPTIONS /kwssiamovil/sm/setfile/f? HTTP/1.1" 200 13
186.102.71.5 - - [13/Oct/2023:04:54:37 -0500] "POST /kwssiamovil/sm/setfile/f? HTTP/1.1" 200 381
186.102.71.5 - - [13/Oct/2023:04:54:47 -0500] "GET /kwssiamovil/sm/acme/a?s=U2FsdGVkX1+JH9Kpyth6WcJck/6j/w8WuxmDNdtp+xJYrbRonF3fhRJStCDuPXH1R3ynzEWg9JIvXsjtgXSdyq1m0JyIzO+KU5td9asX9EWCNHyHzbcafo9OiMzgWyvKCD4vMvqthz/F4Fts4rdPgYGh8pgM4f1XYHF7XJkNQ/5xLC8aaNVjU5U5qPo+65/6eNjBmdZyZsPP99mDymrwhBCG3qlLEbZaCN1FSKrQmjhzOGA4ezz32VDCpZTLTT2DP3YiaAjxRBhqCMT92zXAXw==&u=U2FsdGVkX1+PFEMhhVgAeYLPjxdm8OjGT6g3/LtJjN8=&y=U2FsdGVkX18yIcLF+YqIrgelh7hVbIbErk5982/tSao= HTTP/1.1" 200 26
186.102.71.5 - - [13/Oct/2023:04:54:48 -0500] "GET /kwssiamovil/sm/acme/a?s=U2FsdGVkX1/v6CFVDKmKWGTOwcKbrewCiiOKjJSbI/pIuSWspf9C9wkexuJGD1Eq1K1FEsZzXftpi2+rnZjq+bGf5/4knUJu5oIsyPcGI3cRwldCFZ/TYSFlXk0ieucMLn4jFsuJh2GHAl4so3+L0ApNq47mjiu8nLN6QgJ2tkujBq84jKrJf2X8mTtiPo7M0vQsivlowNqXH6oy+PjQVW/r+wMbeldu/vogk5bTTrppODgGzT7Ls5eCHghSNyaaU9c2MQJCNX6+q3lHmwJusIG7i+rWW+cBBtL/wOgAfcRyYaKDn33zAWkqakaGoDCspuhkjCLI7k0+mlFka14D7CqPnc7n0VAXH1IiN0IzXWWg6B9pQ5OkupGOtKgelC1GKQRZYS+P4J8tSGO9gQR6hPbPNbxAcURTMi0Vi8ZeqY1EwYuAJnISZD458yWDRB7aTi9w4VSQTgYkIeIePxw+zIirpqeHpUio6oG74nz7PDqjMrR2Lwm5+JLeXxM5qeGxEExas084Yi+bSK37zdX05IX9vbEA54mjGYCcrfLCX1qzO/Vdu/PMqy3D+NIsk6pzLPxtj4X50LbAMt9MQAfRjJsIuYCaT3SElmIXvEfarAgqF7MmTIx2vfeyg8AiKgl3q/lGFzVGRgvZeJn9rDVU0nu+lmKa/o0Q5T5LYwrXL1lGK4Wgf/t6xQvmTG7jU7DY5JWZoY8irwCe1M0K7uFtWuikWhmgOBYLvYm1bCfNYuWgSbBtFQxPK29kcJRz60SFxnzY0HkqgQWvUPhRWCUHzigL/K+LCs1Fr606GnXl/ydE869Q9oxeYJCb+NKN2krHTnOLZIMEoe1yAVAY2D1mB53oi/G2q93fGey3kg6dVj9mAjLtEeu7O3iA0V9SsuzoieFdszAaPLcvjT1dS1ornaPiTsUODkcuZVtM8Xwim5bEXxt3dn1jfrCY60J6/OeN3MmS2Zv5wItUOZZWMjsRpdEdLDD+U1Wh4lTv4tdMzYxRRCioBKe8fqBiiXh4/Hc9ArlKvCIBzTdu8dm00a0FvPgCsjATOi+tJEM7YH0QJ55rQlupddImbVz2KiYyQ6SWRrXS+2xM4CWkk2JYwuYQnoQR7ts6U0SZvkO5ZgPOqeqZydVa0QxU1B1Mgkg0J13wiWvsgP1AxBGRHOuFRFzZ9CrTlT0URmRhFRdYnrDNKxFglysQwVpoYAtnkE9vf3HGBRq5guBnQDJyynuC4HTfGQhl8y+cG0kCLABvrcZMD3V8Rdyn/DaBVb4x/iMAdQ6fQ1gciKhhAGttOslcr1GgBy3wh/0qr7RIejFqurvdfYKAB7uQc0kjbhbMhglTAjkecctI+/9S785DkhTV2QXoMfLnPnIBgWmSy0fZ7CpS24k4w3bs6BcEH/alwjj/ME7dJOXf6wJYF1K5k1IKOucjha53mMaeSxc9UUiUgpli2k9tL5+9uve6tm2XyN6EqMojru9hLgWRXLmoiuzuHKwsFB0CcbWOz0UWRmZj1RMLRcshXIbFm/SY1z1dYcC6h0vP7NWMVMwjkhh+mnUpj+k0zvtK9ol6Dv731Lp6CzDgp7p3DwI4BrRWf1zHzgyS9YtGdRxM9RUs2uJkTyU5T1K+Zt9Si04i3rPhznoh0XVXBoMFh4fxZ9Idai6At3u4m7Ixws40Ne4sDQkVs+fLe7bpC/obgGEWRHv6JKbxJJYQXRrZo7r7gUT6NvRq3INnJHNmJbS4WOeIHMyI6vONvo05rGYXncpoei0UUEFRqJ8Wxddg+5K+ltJk+pUrVRP7Idwi7DO2EXIgl+pcaWJU75tzG2WsosCCYbPspT6s/nubE3u/Fh5sBjM+2v01WLqjsvEWyblas4x02RCV0JE3VQppv+P48TaJj1XAEzohgk99QfNhkcjjASnVELJUDYj3/lQIiEbyGtvJUrG412/7NfUf48DsUsrq56VE/WKyXKSIgWRPy7XovLMOMVWcFuMhwlPiMVzVKy61FYe2nECnkA2x6vq7hQy6nfzOzpq/dhTwDN+SPSLSQruT1xSUe4q+pQn0fwjcpcWG0mCxLU2Vz6dNmqmr+il4lpNNl4OcT19rLnVs0AgXGo7T/CWJFmnjIBi1Xf0EIuK0crbKPEz1XU53oeeor4r9eEuAnvGYenetfkVW5ipnp6s9rl/Ny3mWloTburkWpecLnATyjgRHQtT1a86KNYur/ToKZAbNdBsb4e8DdAs4HBTAfdmJERfr+9TH98bc/T1EnbOq4NdPsWhKYslR6fhCo4fq/dgOWvpcv2qrlgeGcrSdDCVJeveDo4sxeYUBtaMh6nrv9tQKYRKIKzCUjmAm22SZ3lnxukeRHi+g3Rr+3J71rSt5p7oCLnwiGBGAIaafkUssvd22qfP1MQdaHlSx8g0pOn49uJOky73Bf9PME8QcHamYfdiN3oBAHHuwHk3GJtGiptW08r3e8PoRgORa/+dvzZLurVeT9zZ99YAm1C8bHtfayH2aUK8dVcCcCbaNVgC1zO99NJifVvl5N2oz/15T2qsKePm10ojgoXbuCb6baWSK8v20gBRxGQNJ8ofuk0S2uH2Cxoqdf5CwJWrNElvjbEPT+mXxsD6kXPLX6GOn6N+piBIDCHqY&u=U2FsdGVkX1+PFEMhhVgAeYLPjxdm8OjGT6g3/LtJjN8=&y=U2FsdGVkX18yIcLF+YqIrgelh7hVbIbErk5982/tSao= HTTP/1.1" 200 26
186.102.71.5 - - [13/Oct/2023:04:54:48 -0500] "GET /kwssiamovil/sm/acme/a?s=U2FsdGVkX18RfzVN3RQDxbKCW8QbMlK8aOTRSUProjyi/zININXlQvPzgTAoFcpKe/qx6wAk0xlBfBPGO4l89ot+xlDCnM5bNFCgKfw7d6ZYu+QoNTP8C3V0nAi3sXmAzpVrH3DNBfaUuqfg8LZ5rl6zdxcErtLr3d4rjT12jzw=&u=U2FsdGVkX1+PFEMhhVgAeYLPjxdm8OjGT6g3/LtJjN8=&y=U2FsdGVkX18yIcLF+YqIrgelh7hVbIbErk5982/tSao= HTTP/1.1" 200 26
186.102.71.5 - - [13/Oct/2023:04:54:49 -0500] "GET /kwssiamovil/sm/acme/a?s=U2FsdGVkX1+sGSCIvRvEFV989tLuVX8Dqtzjzy9SnyhoWAuy71y5qh2dW4bqn5a1dhia1smEO33CK1Bs7wSQb3cWTi9FBJcG9ZCoCryRXR7DA+cF30C84wDOX+u9TxgjyKVK+V4DC7zvS0boNCjXh+VVTRdjEuZMxsolQ83+H3w=&u=U2FsdGVkX1+PFEMhhVgAeYLPjxdm8OjGT6g3/LtJjN8=&y=U2FsdGVkX18yIcLF+YqIrgelh7hVbIbErk5982/tSao= HTTP/1.1" 200 26
186.102.71.5 - - [13/Oct/2023:04:54:49 -0500] "GET /kwssiamovil/sm/acme/a?s=U2FsdGVkX1+YyYae3g9zEDDlLBm47SbsMw7XLW5ojJiLStgNPe68X2ys4z8A+Q5sNfExkw3Y/7bZwYNt37oCiR34q/c8IQcWWq7LHaU64AzK7hwRnQyw9T/eHlLEYRFS85zxyl88zgLy5UsKbKCLwbRiMi4nuuJNItnzQOz+b3Q=&u=U2FsdGVkX1+PFEMhhVgAeYLPjxdm8OjGT6g3/LtJjN8=&y=U2FsdGVkX18yIcLF+YqIrgelh7hVbIbErk5982/tSao= HTTP/1.1" 200 26
186.102.71.5 - - [13/Oct/2023:04:54:49 -0500] "GET /kwssiamovil/sm/acme/a?s=U2FsdGVkX18W39mEXlvrnbSlkRENKuWzLk+12660SkhUVd5UXucDPUh9vV7kRjyexM4IjVONQrngeZSFro8JQXVF5S3p4JeoRpdil5bIy3VoEPRkNNU9FmGsBoowLZH+HusTSxcVSbnhJ3tcYUQ9fA090kZTnzfoGBOPwrdJADhO0TDnXxvb7ZNg7H3vhqhL&u=U2FsdGVkX1+PFEMhhVgAeYLPjxdm8OjGT6g3/LtJjN8=&y=U2FsdGVkX18yIcLF+YqIrgelh7hVbIbErk5982/tSao= HTTP/1.1" 200 26
186.102.71.5 - - [13/Oct/2023:04:54:49 -0500] "GET /kwssiamovil/sm/acme/a?s=U2FsdGVkX18vi3cyE/DK+8wMIhHzXmFwB6zE5LJ8ABGFhQ57DqWqf2l85gSjGL/5e1+P9w0gRNxRc1dOUtGR8JJZVo3CG7x6P5K3ASyeqECTEgtwHNo5HkICa7lr3tB+QrO/WZtzMfsLVtwbSYt2R/6DlXonGQLMtKjFqrPwbjO9f9zzMcgbScth/FY1kCZ+aaEHTto25Rd6awX5fb8SwuLRsJRtC6GQiXUpQpm9/Ro=&u=U2FsdGVkX1+PFEMhhVgAeYLPjxdm8OjGT6g3/LtJjN8=&y=U2FsdGVkX18yIcLF+YqIrgelh7hVbIbErk5982/tSao= HTTP/1.1" 200 26
186.102.71.5 - - [13/Oct/2023:04:54:49 -0500] "GET /kwssiamovil/sm/acme/a?s=U2FsdGVkX18OXv9Df6cRPdWZiQU6Jxx108286VR2Jh4u/43ERgp9e/lz0/eDc6DlILTy+DKja7bmk5R0WVUELfHqhpmxcfTL0jDphPoCepSfMLbsNmaYLf5hTRFMpK31L/DWwuqMso17zk2nNmQuhUqZTNhqVLvhOdvaMRsSJwGRBTvUh4rbljAR8QPw5r2aZUwcvpwxQ5HmQq1QRmgZDMEPcXISvGmZ6nAoTS3YPklTaqyDUOaxszjQV2tThUZpeU8rlVCebIOroMtrcuUL0EPKlT0to1xaqzRTnCjAda7KX9T2xPVMu7UaoX1yXa2aCefNVSLDb+Zw1M5x560pKoXGTmRMpNpArvhXFTgFeeIkhqwK8MhNVW23ozPjRK5op0DR5seqUSTNvdP5j30ekQwVY+tTaxgWI3X3CRjmSePFKID2QYxGtTTkEHQlWGOXpXG2xoGA/+q7EF4SSq+HSPCDVAGLEb1zMXJJKb8oBGIpFIIoO5NNW1pddAa9izG+mCXrX0A3zgyXHw6gKDUuAw==&u=U2FsdGVkX1+PFEMhhVgAeYLPjxdm8OjGT6g3/LtJjN8=&y=U2FsdGVkX18yIcLF+YqIrgelh7hVbIbErk5982/tSao= HTTP/1.1" 200 25
186.102.71.5 - - [13/Oct/2023:04:54:50 -0500] "GET /kwssiamovil/sm/acme/a?s=U2FsdGVkX1891aZTrkCr0vuuaLe368qA3q+/VHnAru8E4BE69yb5P+zF67+/HVv1dqnUFkSks93KYgUN9Y5TWEh04+0dpp7kvl8lubt8o2PSyPYvXY7g9rfWVfiT7Vdoww6STW2NsYflt7risnQKhz5Mvzqowuz6z+z+Z0xZtt8mWfJsrkTEX//cwlLUlfM/vjxSOlzw8xKh0OoQAZLJ1Q==&u=U2FsdGVkX1+PFEMhhVgAeYLPjxdm8OjGT6g3/LtJjN8=&y=U2FsdGVkX18yIcLF+YqIrgelh7hVbIbErk5982/tSao= HTTP/1.1" 200 26
186.102.71.5 - - [13/Oct/2023:04:54:50 -0500] "GET /kwssiamovil/sm/acme/a?s=U2FsdGVkX19n88ZAFVvfQY+Pq5RPlbdpvTg35FnRViuxaHAgbwEXZOteKDOWd7ljA9iZr9CzJXNl9BVspzEW5AjIPfOOUG/Pn1RuVVXroMTI77d/7pInEQPntm364959PpwyKLvBcg3Gp5K6GjtFlpKIe1/NxZlHyzcMBr8DrSUWYW/g9ZQ/R6e9xm1/+D5hLPNKg4cUWh1h727ZDaK9873Hr4onOYJSWsz9sCqHQR6M5JZmta/4sPU3SLUYGhCq465THrLiNO2so5FaOB/NbmtilCbQMT/l4tnNQe01xOy/MsdnAWVw7PLdRFz2i7CHzYWG42uJ4RO9DKIiDQCpW4b969xYKux92ElsYv0ibeP324HhSODtJzC6EnwqAYzXONxcYSA9vP5n81YoTvsueSeY6EK/1qpLA+FXtcztZ9BoOIj1mJoXLBDJrr2uue9LJ3su9KA3ANPSy306JD6DtZo7oJOuG3PptO8rdYq3wyw=&u=U2FsdGVkX1+PFEMhhVgAeYLPjxdm8OjGT6g3/LtJjN8=&y=U2FsdGVkX18yIcLF+YqIrgelh7hVbIbErk5982/tSao= HTTP/1.1" 200 25
186.102.71.5 - - [13/Oct/2023:04:54:50 -0500] "GET /kwssiamovil/sm/acme/a?s=U2FsdGVkX1+wFoJQOTGI51rT5suE/4T8xCPPc6LAD/czY7wnYBJZDRrQ6Z4U1FhG4J4800QHfeYZ+grjYG0x1u+WtSUca9q2RsjMptLw4kUtUCEFF6FvL1JEEiD3wuHfu1VzFzMThZp1r155T5sINRLlDONgs/Oii7VojAYXWwcU4oDhWIukv6jA1CDNgabnjXFnsUDI9ZIkRaaBQReAyA==&u=U2FsdGVkX1+PFEMhhVgAeYLPjxdm8OjGT6g3/LtJjN8=&y=U2FsdGVkX18yIcLF+YqIrgelh7hVbIbErk5982/tSao= HTTP/1.1" 200 26
186.102.71.5 - - [13/Oct/2023:04:54:50 -0500] "GET /kwssiamovil/sm/acme/a?s=U2FsdGVkX1/BpNajjN39EU8zzqg0EB/a0qj6+XPPvZsI00PkK5lPX8v4vCBS9EORkyMaSf4nkA6bj9Mb/1rRCBYOQQhwe3lkQsUgC8YhGPvZbn70U66lNgjiihjAiEjxTqiIDGrEikk3UqsTniXl5ilkonipL1MjC0VSlAg5YsIC6A/foBYFVSFmY2PuHq4K&u=U2FsdGVkX1+PFEMhhVgAeYLPjxdm8OjGT6g3/LtJjN8=&y=U2FsdGVkX18yIcLF+YqIrgelh7hVbIbErk5982/tSao= HTTP/1.1" 200 26
186.102.71.5 - - [13/Oct/2023:04:55:04 -0500] "GET /kwssiamovil/sm/acme/u?s=U2FsdGVkX1+eug5z1IgjqeHitJyI968TyT6WQUPw0WezNvlmavcJQHQwC/kUxdXmKhfGI+wHZJxOscIaWz04Qy2bpxh6xn8W7REGCq2gkX2Tsm5eKrEt7p6x5XbHStLArVH9h3wYelxXdwe9E4V4C2X5zY74VlZ8wXMQZazuChs=&u=U2FsdGVkX1+PFEMhhVgAeYLPjxdm8OjGT6g3/LtJjN8=&y=U2FsdGVkX18yIcLF+YqIrgelh7hVbIbErk5982/tSao= HTTP/1.1" 200 60
66.249.73.37 - - [13/Oct/2023:04:55:09 -0500] "GET /BLA/resoluciones/RESOLUCIONES%202007/RES%202007%203801%20AL%203900/RESOLUCION%203886%20DE%202007.pdf HTTP/1.1" 200 668358
186.102.71.5 - - [13/Oct/2023:04:55:28 -0500] "GET /kwssiamovil/sm/ldap/au?x=U2FsdGVkX1+wtZp5XPwCYjRJRcu++jSgXHKrmiJ78BaW6Wqp0WO6wTAQ/FC0mo/S&y=U2FsdGVkX1/FtvyNhWLHSWwAHN/ZGtud9H7rN/8psaQ= HTTP/1.1" 200 31
186.102.71.5 - - [13/Oct/2023:04:55:39 -0500] "GET /kwssiamovil/sm/ldap/au?x=U2FsdGVkX1+K7ub01qdteqasQq4rvvxDUST4W30d0MhwQyTFL+G9qDpy7/C3waCe&y=U2FsdGVkX18icDe6/qPAzNenf7iTSk6YcjZdZqCQR9w= HTTP/1.1" 200 30
186.102.71.5 - - [13/Oct/2023:04:55:39 -0500] "GET /kwssiamovil/sm/acme/s?s=U2FsdGVkX18Fof0pNfcVF/Cn3aPWVG1Rk1HPMLAmJi1Qmr0Tv4eBG9YEIgTBaisOjX5JQ3LHnnyG5UL05Re1L+LWzllCy9vSgy2op1JwRUk=&u=U2FsdGVkX18YXltDXtjliLzJs1POQ1C97GLc1iLR8uo=&y=U2FsdGVkX18icDe6/qPAzNenf7iTSk6YcjZdZqCQR9w= HTTP/1.1" 200 97
186.102.71.5 - - [13/Oct/2023:04:55:39 -0500] "GET /kwssiamovil/sm/acme/s?s=U2FsdGVkX18bTQ2bywQwKFWC2dfQSTb4yEgVtqWOmVCYzMns9IjGBQXok01IZuKLagFB0+bMJrZ1q5VIA009OVCpF5yUAIOJ6sC3xp6DwTCM4lDHaoG/7EEUzt0IhjTe47UWxp2j76heAox5uwUn2dk5nQgT4ssIV2Os2FNiQJKSuie96ER5sPA6GZlL9Fhje9CNygf5FAb+0J3FbPll5xDkm2yn809oKLeI6gDQB1/1qiKcLkW6jnt3ySuizP5K78pl3zAV0kSsxQFbKbLUrQ+UjNwSGECI7nZISOy0qouvzJ666+m4X0OwRCdfFv8WLoOY7MRBEEks6jB0TyLdbyztCo7EB3Rm4YIUJsenHVHYr+aVx/CZAQrPG0prem448Oo2rGCQjENd8n+QWGhW7tlppbMM8g7UwgVhT5D6L2PlteT265QDuF+WPkCWgow6Y+hMNnclctCNGPLtgb46c/g5X0yVVwykvJtyI20rv8sL5BrWEKwlNQzBmWQQ0HglzFyjQaZMUp4Pebx2Cw7Xxbg/TZuJl057aSlu64v0QMO/GXp3djsl8403dtA692NVbakn3esFiws+IRtCYSSE0xZ4Y8Amuplt+PZLd6z9GA3DgOCs8QRHcbqdTNtZBFewOHvwowboUmA1ccSXqo5F7a8uv+j1HQRltU93wVtoXkHqQKuycH4mVqm3bqI2R/J0nWeBynMbuzZyBRsXb9vn/iXnKvZqlhkEQzZYbQvKvye22DXv09pIQl+9j0GJhAZW6AODJtjEAp9eab4nDAwORp0bIe6UQPdeIhzEbwR7TwTpWeGK0+K6KR93Lr65+8sZcY9WIXQ7CUcV0wiRWS9gCNAtzKIC7O5cxf2oMlVLn8P4WcArHWTuLS7cwQBrWOoNCkhaoH206XkoXsaNzJI0xuEfB3oxJRcq1oPpROxRq24yuhNwWd93odIX1yhH0Xjq/1IXXAWr17J1W1nT0TMXTOvpvJet6mwciZHmoiVRFUEXro9tE0G9BPK78LigHmS8ZBYJjAWQarCGMmex9vB9q2mdtR/9HnnEpnulPlMwa+IQx0pixWjFbaAliJJLygTLmn42ZbUT53zrIHmlJ5uneaTt9K1GiORvHF61PglCebi4cdZ9uYv+VQNsRWM4rH5ootZFPm8uyE2WkGXTkwV5I4ndLEjcotA5ZKd3nOpoCuvzesXMLS+iNIl7n03CSxtAMVzoopRVa+epKUjqZsJ/NKBbj46G4kAOxqu3w5JzPKHO2Bc9b60Qy2TwlrPOCVHGXFaJBOwo8Gj7drg/j4DjzJASDxvoJR0KqG+a+I3tBmB4z21Mk/8KQh0XN548yILzcMc0gXrkykWMIybWKC6mNNLvTCeZKiWBnE7Ui+dpoAdOT+O3DDI/R/bmf1xtgc93miw+mYmbs64CAkaRpWlZSBDb5wNtPsFEsReO2rI8834=&u=U2FsdGVkX18YXltDXtjliLzJs1POQ1C97GLc1iLR8uo=&y=U2FsdGVkX18icDe6/qPAzNenf7iTSk6YcjZdZqCQR9w= HTTP/1.1" 200 2660
186.102.71.5 - - [13/Oct/2023:04:55:39 -0500] "GET /kwssiamovil/sm/acme/s?s=U2FsdGVkX18ervJkd/GXzfSoYe5KqTnGVKXIbFDCf9JsuFBbv9k5QeMvR9nqyo/sp2h7k1q7Xg9NS1vI5fuSRb7C9BRiRWsH7BY7FsEkpL38T7jTSfeD/51XpROoBlr8Iie5oZABhgg1j3RYsJha2oBpeoOezrj+bx5J5VxuOxDzCohmNB3fJbBmXbyPMZ37hqd3JTqZawzBc3Z/KtTfcW3gn8SupZK0XaQYb5ocmr5rB5mXf5/IH91iwZxbDRQlc4k34MuKBp5JqDg7j8YKND85dYOD3XZrakT6nAhh/WCNSE7MXBSaZ0Tm+cJuBXlRbkBy2tjPJ2B7SZUb3vd6DA==&u=U2FsdGVkX18YXltDXtjliLzJs1POQ1C97GLc1iLR8uo=&y=U2FsdGVkX18icDe6/qPAzNenf7iTSk6YcjZdZqCQR9w= HTTP/1.1" 200 196
186.102.71.5 - - [13/Oct/2023:04:55:40 -0500] "GET /kwssiamovil/sm/cjson/pre?f=1&x=U2FsdGVkX1+K7ub01qdteqasQq4rvvxDUST4W30d0MhwQyTFL+G9qDpy7/C3waCe HTTP/1.1" 200 31032
216.245.221.92 - - [13/Oct/2023:04:56:04 -0500] "HEAD / HTTP/1.1" 200 -
172.22.2.4 - - [13/Oct/2023:04:58:12 -0500] "GET /BLA/boletinlegal/conceptos.php HTTP/1.1" 200 7496
201.245.192.253 - - [13/Oct/2023:04:58:39 -0500] "POST /kwsrmcab/Wsrmcab  HTTP/1.1" 200 42851
186.102.71.5 - - [13/Oct/2023:04:58:56 -0500] "GET /kwssiamovil/sm/acme/u?s=U2FsdGVkX18EIwRqca7Chnq0yysw1ocnX1Sl0u3OrLKNMn+CrdnxQJ7OO8pt7To4LTgjvOmBEhILyfG0p3VMFNIn/69dAajkZcFcnMV2Fi3D/JY9Bv5V84gDRBH8yDznmlH52/xjgygRB4Bk3b11RNyJyftoS1P1iROqEAZH+cazFerJPkTWIWKUpkN2CjUBwRaEYxVdqe94iOPnKsRYnvenAg3kil29AqlCo5esSTeBzBV5Wy1tIa2N/HOyoNF7CKvHZpCNA8IBG2lKemR/+w==&u=U2FsdGVkX18YXltDXtjliLzJs1POQ1C97GLc1iLR8uo=&y=U2FsdGVkX18icDe6/qPAzNenf7iTSk6YcjZdZqCQR9w= HTTP/1.1" 200 60
186.102.71.5 - - [13/Oct/2023:04:59:10 -0500] "GET /kwssiamovil/sm/ldap/au?x=U2FsdGVkX19s2RvNj23eKkf/9R24qssaG/xbjky5zbS4TJBTPOGzQQ02NW6YEzp7&y=U2FsdGVkX1/CbeyOU4QyGEtNJuiPFm9wYUUQpnP4e/0= HTTP/1.1" 200 30
186.102.71.5 - - [13/Oct/2023:04:59:10 -0500] "GET /kwssiamovil/sm/acme/s?s=U2FsdGVkX1/ugnmFalx3Wh1ATBwb25S6P6Dr2Nuo6FamQUQaVspLy2MgZKXGT/Yly4XXW4XDpAAR/llQcTkKI3Umjl+CAeBfTptmsO7cTKA=&u=U2FsdGVkX18pnEQr1Q5wAIHWgMfDFggB6mt0hE9D35w=&y=U2FsdGVkX1/CbeyOU4QyGEtNJuiPFm9wYUUQpnP4e/0= HTTP/1.1" 200 97
186.102.71.5 - - [13/Oct/2023:04:59:10 -0500] "GET /kwssiamovil/sm/acme/s?s=U2FsdGVkX1/ufBfgBtTEJAsESLlAcJNysNKIgWL7BM8WVln/zGOgq0KuCOQIIoXPeCWN/0oyhhlNYhSqubC2rUckQfexm+tW2UuaevQelrQOCf2lp1C3bewR7ihrLPLB2zCugkJ7hAJHRI2Rm0cYHH1zLMG7XDD3wkOIhQr1Ux3mHdvO0hi8e8lov3SAPpjwTrinxxwC+MGHSQ6wxAbj+n+/398Cdt+4oUQZWAMASBrV7KTdS0VffdqvEAFW98WIUElXs6l9Ud6/8FidhI3peC3xiDVDZIh/w3JwOSKi3ayehosimXyHgMnkZWdD5xF+GEx9KSkB65NWQXOopU2fCFEgPSlL6iT7bjJLkhFINeSonZ6QhkP+h9IX1w6lqPZjIcC4VXZCcIqlSg0zh2XWCnjF7h2d4q8XwbZvp44pusoNgLL7W1pn3gOgcFxuuQYjU4ObY1Cu0Ylht5YhJPO4InCv/185CqV6Ru9HZ0n+7z2GP4imV4ZMt0CTcSwUmfoA4onbvgpgfxeI7uczOUBe15s4QsFd+4oSlBa3V9LIHpGXdle9oDV0mtnq5Btdzl7tn+y6q13KbF7FLNnEVkFTrDUGaz5NAl8Bp/R9rxbejV80HkByyJkrc/XAn5MeKJ3Ti1vXI98NwK3CyUyHouivBHukiqS1H7vD33GJ9B5T4bXtaK/152w7GiwZ3jfmUUo/GDqftHAk3ZOiWrmRDowqO3XbO9wWyI6boqrX3xoyCZDJ7Dv7uinagAvTJgTRkVBwvpAH/Fz3Uhs4FlUVlwriouAzRcf8erYohysUV0m4dcuQrdjndfo36ohL5z87G567vxPBO10dmMadKWCq/TCKSK5XzMpqbxB93uwmgwyVm6iVZsM+RF49+RMLz8J2LIHI2YNqDw30O/z6RWjo3YZuXKutx07cgH0gVKLa2Mvtml7DHDP1gp2WJ7HsxOf53kf05k4KLU5wIJ6npjUpUQGIM+YTthg1O/2ymYUT8XDnGY9QNViWEecgsHZOWvnBxY9AqFW6OXlKWZJgSfdD+xtXQe3fGA08YPPcL6osuylU78DFq+ZgHJD5n0M114+CWqoRaPBYLj6oSkLjEGjCThYMJeRLfUFV1BIIcupDW+UGt5nN/nbglJT329BcY2EwdgRC3dH6J9yholsnlfPgHQP/0tbdECP9VA4neAnsVEKWZ583hKR+3ujNswbRZ7xqd2KHCmcz5CRjYv6ro6+ngqKKoNqMHzFIVLhkwEPY80dSosBvRS1TcIx9Fhw2Fg/YzBA5Cn2DSTlQtmVsO6gUaHt3f8HKrbIcOAQDkMEdlYeDQjuW72v9qcvqO1oOC5l5CMj8DT1LHgY1utXT1qjKTtBN48O11BuwSoL8RewFh6dtr/3dUi7BNZbJwNOOpWZn7cWwSrY056Kt0hizH8gwdRx1ytCvxu14TNROkJNRQL9jWzk=&u=U2FsdGVkX18pnEQr1Q5wAIHWgMfDFggB6mt0hE9D35w=&y=U2FsdGVkX1/CbeyOU4QyGEtNJuiPFm9wYUUQpnP4e/0= HTTP/1.1" 200 2378
186.102.71.5 - - [13/Oct/2023:04:59:10 -0500] "GET /kwssiamovil/sm/acme/s?s=U2FsdGVkX1+XF6Q46EReEqpJuNzmk18dms7NcT7fwoQZAci0svi7A182/12fLQ1IMeHrCnr38FXyvR3pX7BzxjI9h+L/WuG13eWi8/1177rvV8jWl30MZNyMRj7arD4bJG/sNMOz34YArNRngqKKZqg+8z6jSfHJB5OUNY3lZ38sBCicGjj8F5DtZoLbUgsCs47oqbgAisEQkJiZruff2N+MaTJiRsQDpVhlvJy44LVGvSoqA/4Uix9/QQ/8E67wFyFhG+oHurwMb95OUqjByd1js4HEeg5hN9IJ2MZm2aiSxWimyyCFmhiJjKUIDWWqZfrTwdpIMK6ezl3WcEyeUQ==&u=U2FsdGVkX18pnEQr1Q5wAIHWgMfDFggB6mt0hE9D35w=&y=U2FsdGVkX1/CbeyOU4QyGEtNJuiPFm9wYUUQpnP4e/0= HTTP/1.1" 200 196
186.102.71.5 - - [13/Oct/2023:04:59:10 -0500] "GET /kwssiamovil/sm/cjson/pre?f=1&x=U2FsdGVkX19s2RvNj23eKkf/9R24qssaG/xbjky5zbS4TJBTPOGzQQ02NW6YEzp7 HTTP/1.1" 200 31032
172.22.2.4 - - [13/Oct/2023:04:57:37 -0500] "HEAD /BLA/boletinlegal/ HTTP/1.1" 200 -
172.22.2.4 - - [13/Oct/2023:04:59:43 -0500] "GET /BLA/boletinlegal/conceptos.php HTTP/1.1" 200 7496
172.22.2.4 - - [13/Oct/2023:04:58:28 -0500] "GET /BLA/boletinlegal/ HTTP/1.1" 200 57802
216.245.221.92 - - [13/Oct/2023:05:01:04 -0500] "HEAD / HTTP/1.1" 200 -
66.249.73.37 - - [13/Oct/2023:05:02:21 -0500] "GET /BLA/resoluciones/AUTOS%202010/4857.pdf HTTP/1.1" 200 252135
40.77.167.75 - - [13/Oct/2023:05:03:27 -0500] "GET /BLA/resoluciones/AUTOS%202007/1717.pdf HTTP/1.1" 200 33372
201.245.192.253 - - [13/Oct/2023:05:03:37 -0500] "POST /kwsrmcab/Wsrmcab  HTTP/1.1" 200 42851
20.15.133.184 - - [13/Oct/2023:05:04:59 -0500] "GET /residuos/curtiembres/curtiembres.html HTTP/1.1" 200 1965
172.22.2.4 - - [13/Oct/2023:05:03:27 -0500] "HEAD /BLA/boletinlegal/ HTTP/1.1" 200 -
172.22.2.4 - - [13/Oct/2023:05:04:18 -0500] "GET /BLA/boletinlegal/ HTTP/1.1" 200 60175
216.245.221.92 - - [13/Oct/2023:05:06:04 -0500] "HEAD / HTTP/1.1" 200 -
66.249.73.38 - - [13/Oct/2023:05:07:29 -0500] "GET /BLA/resoluciones/RESOLUCIONES%202010/3997.pdf HTTP/1.1" 200 401359
201.245.192.253 - - [13/Oct/2023:05:08:36 -0500] "POST /kwsrmcab/Wsrmcab  HTTP/1.1" 200 42851
186.102.71.5 - - [13/Oct/2023:05:10:01 -0500] "GET /kwssiamovil/sm/acme/a?s=U2FsdGVkX1//Q+KF1/npl9LIExb9osV5omdHSIwoebvEBMmubviQFlC6JaOTIMUZ1UikBIimbSPtbEpOpbTC+TNgsab3L/r8J6tKT2bqM6xVm2dtuC43GX02hdc1Llu4JrU4IGTXhoq9oMgtFPP28+6Hps1sz5iMIfj0h0eQHoglNCjYu/DsWrD8do3HBiCHqOhxdq5UCf8i58AhOiTvSv49gU7Jr24nTy500DC7J7pcdEhCYG4Xg/jtrMVJqK+Sf9Z5KPpWm1Df2eCyOA1QuA==&u=U2FsdGVkX18pnEQr1Q5wAIHWgMfDFggB6mt0hE9D35w=&y=U2FsdGVkX1/CbeyOU4QyGEtNJuiPFm9wYUUQpnP4e/0= HTTP/1.1" 200 26
186.102.71.5 - - [13/Oct/2023:05:10:12 -0500] "GET /kwssiamovil/sm/acme/u?s=U2FsdGVkX1/1boyWaIs0BtAIB2PVEpkUbL/EfPRbFJigdbes065XG0kLmmFZlJk7e7QoKXrNJA8NBuKpAmcdw4MBBOp6zmJCkxjAp1J/Vc3aQylOdeIAJQ8IGsuLc6EzgbJcrt0C37kry8aO/BsCI9mvHfDlikvqSgfbQ7WY03U=&u=U2FsdGVkX18pnEQr1Q5wAIHWgMfDFggB6mt0hE9D35w=&y=U2FsdGVkX1/CbeyOU4QyGEtNJuiPFm9wYUUQpnP4e/0= HTTP/1.1" 200 60
216.244.66.195 - - [13/Oct/2023:05:10:41 -0500] "GET /BLA/resoluciones/AUTOS%202008/0098.pdf HTTP/1.1" 200 107651
216.244.66.195 - - [13/Oct/2023:05:10:46 -0500] "GET /BLA/resoluciones/AUTOS%202008/0470.pdf HTTP/1.1" 200 114574
216.244.66.195 - - [13/Oct/2023:05:10:51 -0500] "GET /BLA/resoluciones/AUTOS%202008/0574.pdf HTTP/1.1" 200 93304
216.244.66.195 - - [13/Oct/2023:05:10:55 -0500] "GET /BLA/resoluciones/AUTOS%202008/0624.pdf HTTP/1.1" 200 91191
172.22.2.4 - - [13/Oct/2023:05:09:17 -0500] "HEAD /BLA/boletinlegal/ HTTP/1.1" 200 -
216.244.66.195 - - [13/Oct/2023:05:10:58 -0500] "GET /BLA/resoluciones/AUTOS%202008/0799.pdf HTTP/1.1" 200 85118
216.244.66.195 - - [13/Oct/2023:05:11:01 -0500] "GET /BLA/resoluciones/AUTOS%202008/0807.pdf HTTP/1.1" 200 75175
216.244.66.195 - - [13/Oct/2023:05:11:04 -0500] "GET /BLA/resoluciones/AUTOS%202008/0892.pdf HTTP/1.1" 200 91243
216.245.221.92 - - [13/Oct/2023:05:11:04 -0500] "HEAD / HTTP/1.1" 200 -
216.244.66.195 - - [13/Oct/2023:05:11:09 -0500] "GET /BLA/resoluciones/AUTOS%202008/1032.pdf HTTP/1.1" 200 84942
216.244.66.195 - - [13/Oct/2023:05:11:13 -0500] "GET /BLA/resoluciones/AUTOS%202008/1141.pdf HTTP/1.1" 200 58945
216.244.66.195 - - [13/Oct/2023:05:11:16 -0500] "GET /BLA/resoluciones/AUTOS%202008/1278.pdf HTTP/1.1" 200 80685
216.244.66.195 - - [13/Oct/2023:05:11:20 -0500] "GET /BLA/resoluciones/AUTOS%202009/0630.pdf HTTP/1.1" 200 78578
216.244.66.195 - - [13/Oct/2023:05:11:23 -0500] "GET /BLA/resoluciones/AUTOS%202013/0457.pdf HTTP/1.1" 200 1695038
172.22.2.4 - - [13/Oct/2023:05:10:08 -0500] "GET /BLA/boletinlegal/ HTTP/1.1" 200 58155
216.244.66.195 - - [13/Oct/2023:05:12:13 -0500] "GET /BLA/resoluciones/AUTOS%202013/2712.pdf HTTP/1.1" 200 805171
216.244.66.195 - - [13/Oct/2023:05:12:53 -0500] "GET /BLA/resoluciones/AUTOS%202013/2798.pdf HTTP/1.1" 200 1671818
66.249.73.38 - - [13/Oct/2023:05:13:27 -0500] "GET /BLA/resoluciones/AUTOS%202012/1055.pdf HTTP/1.1" 200 210353
216.244.66.195 - - [13/Oct/2023:05:13:27 -0500] "GET /BLA/resoluciones/AUTOS%202013/2927.pdf HTTP/1.1" 200 2000622
201.245.192.253 - - [13/Oct/2023:05:13:35 -0500] "POST /kwsrmcab/Wsrmcab  HTTP/1.1" 200 42851
216.244.66.195 - - [13/Oct/2023:05:13:58 -0500] "GET /BLA/resoluciones/AUTOS%202014/0370.pdf HTTP/1.1" 200 518820
216.244.66.195 - - [13/Oct/2023:05:14:36 -0500] "GET /BLA/resoluciones/AUTOS%202014/0796.pdf HTTP/1.1" 200 517307
52.167.144.16 - - [13/Oct/2023:05:14:48 -0500] "GET /BLA/resoluciones/AUTOS%202022/3109.pdf HTTP/1.1" 304 -
216.244.66.195 - - [13/Oct/2023:05:15:06 -0500] "GET /BLA/resoluciones/AUTOS%202014/0964.pdf HTTP/1.1" 200 3699887
216.244.66.195 - - [13/Oct/2023:05:15:48 -0500] "GET /BLA/resoluciones/AUTOS%202014/0966.pdf HTTP/1.1" 200 465307
216.245.221.92 - - [13/Oct/2023:05:16:04 -0500] "HEAD / HTTP/1.1" 200 -
216.244.66.195 - - [13/Oct/2023:05:16:19 -0500] "GET /BLA/resoluciones/AUTOS%202014/1185.pdf HTTP/1.1" 200 221525
172.22.2.4 - - [13/Oct/2023:05:15:07 -0500] "HEAD /BLA/boletinlegal/ HTTP/1.1" 200 -
216.244.66.195 - - [13/Oct/2023:05:16:50 -0500] "GET /BLA/resoluciones/AUTOS%202014/1395.pdf HTTP/1.1" 200 636642
216.244.66.195 - - [13/Oct/2023:05:17:18 -0500] "GET /BLA/resoluciones/AUTOS%202014/1800.pdf HTTP/1.1" 200 284093
172.22.2.4 - - [13/Oct/2023:05:15:58 -0500] "GET /BLA/boletinlegal/ HTTP/1.1" 200 60175
66.249.73.37 - - [13/Oct/2023:05:17:40 -0500] "GET /BLA/resoluciones/RESOLUCIONES%202009/4086.pdf HTTP/1.1" 200 895524
58.49.233.126 - - [13/Oct/2023:05:17:37 -0500] "GET /portaldeninos/ HTTP/1.1" 200 110179
216.244.66.195 - - [13/Oct/2023:05:17:46 -0500] "GET /BLA/resoluciones/AUTOS%202015/0050.pdf HTTP/1.1" 200 493208
201.245.192.253 - - [13/Oct/2023:05:18:03 -0500] "POST /kwsrmcab/Wsrmcab HTTP/1.1" 200 42903
201.245.192.253 - - [13/Oct/2023:05:18:06 -0500] "POST /kwsrmcab/Wsrmcab HTTP/1.1" 200 40653
216.244.66.195 - - [13/Oct/2023:05:18:13 -0500] "GET /BLA/resoluciones/AUTOS%202015/0123.pdf HTTP/1.1" 200 666668
186.102.71.5 - - [13/Oct/2023:05:18:16 -0500] "GET /kwssiamovil/sm/acme/u?s=U2FsdGVkX19rMu1jAeUugs1bSApa+7p7d/CyPFJlQl7TJCi30hKZPi6SoPqM4eIRWgu0haIBwMXxlhPGk8NV45skVyxFyiWem8uuY7acDFmt1O6XWpitaWn4h1Bt/zOoDNfEQURVzYkiEl+6hTt8LWeZJE3EfU/K2M/JZLNOJ+sNatvRry2PkN/t5RJc9hiNSxd+lc8H4IRR05Rl7r8/RondFUKDSpoAWtcixz9TPeO4m4T5T8rhHba+kwYnsny481BHPvbc4C/EOzZZ8cZo/O49Wv39Di6VA0QXl0wk0LI=&u=U2FsdGVkX18pnEQr1Q5wAIHWgMfDFggB6mt0hE9D35w=&y=U2FsdGVkX1/CbeyOU4QyGEtNJuiPFm9wYUUQpnP4e/0= HTTP/1.1" 200 60
201.245.192.253 - - [13/Oct/2023:05:18:34 -0500] "POST /kwsrmcab/Wsrmcab  HTTP/1.1" 200 42851
216.244.66.195 - - [13/Oct/2023:05:18:38 -0500] "GET /BLA/resoluciones/AUTOS%202015/0813.pdf HTTP/1.1" 200 508966
216.244.66.195 - - [13/Oct/2023:05:19:06 -0500] "GET /BLA/resoluciones/AUTOS%202015/0990.pdf HTTP/1.1" 200 646438
216.244.66.195 - - [13/Oct/2023:05:19:31 -0500] "GET /BLA/resoluciones/AUTOS%202015/1001.pdf HTTP/1.1" 200 574506
216.244.66.195 - - [13/Oct/2023:05:19:54 -0500] "GET /BLA/resoluciones/AUTOS%202015/1353.pdf HTTP/1.1" 200 565536
216.244.66.195 - - [13/Oct/2023:05:20:15 -0500] "GET /BLA/resoluciones/AUTOS%202015/1420.pdf HTTP/1.1" 200 514948
45.132.93.51 - - [13/Oct/2023:05:20:27 -0500] "GET / HTTP/1.1" 200 319
216.244.66.195 - - [13/Oct/2023:05:20:36 -0500] "GET /BLA/resoluciones/AUTOS%202015/1447.pdf HTTP/1.1" 200 694684
216.244.66.195 - - [13/Oct/2023:05:20:58 -0500] "GET /BLA/resoluciones/AUTOS%202015/1900.pdf HTTP/1.1" 200 576392
216.245.221.92 - - [13/Oct/2023:05:21:04 -0500] "HEAD / HTTP/1.1" 200 -
216.244.66.195 - - [13/Oct/2023:05:21:19 -0500] "GET /BLA/resoluciones/AUTOS%202015/1936.pdf HTTP/1.1" 200 541787
216.244.66.195 - - [13/Oct/2023:05:21:38 -0500] "GET /BLA/resoluciones/AUTOS%202015/1941.pdf HTTP/1.1" 200 632434
40.77.167.52 - - [13/Oct/2023:05:21:45 -0500] "GET /BLA/resoluciones/RESOLUCIONES%202005/00001076.tif HTTP/1.1" 200 202944
40.77.167.59 - - [13/Oct/2023:05:21:49 -0500] "GET /BLA/resoluciones/AUTOS%202007/3664.pdf HTTP/1.1" 200 214289
216.244.66.195 - - [13/Oct/2023:05:21:55 -0500] "GET /BLA/resoluciones/AUTOS%202015/2105.pdf HTTP/1.1" 200 888526
186.102.71.5 - - [13/Oct/2023:05:22:07 -0500] "GET /kwssiamovil/sm/ldap/au?x=U2FsdGVkX1/ePTNKyQFqYXKny0/43MQbbNmaxLyMs+4dlDZj2Jk9iqczkQjJPPtf&y=U2FsdGVkX18WeJXOguz+ovHkkSJU+Tfrt9mvWD/rdC0= HTTP/1.1" 200 30
186.102.71.5 - - [13/Oct/2023:05:22:07 -0500] "GET /kwssiamovil/sm/acme/s?s=U2FsdGVkX19WGCnw5F/Yo30EhAvMVqkLNKTnoAx4roAmzORqgZ0+KZVWlb/kBeRGv24IqYFLNGy/FLFDmMnRA11tP7qMHe29EEH7dS1CgQA=&u=U2FsdGVkX1+PyjAjgO6Y/YyUltVFz87DslmpozBRnkM=&y=U2FsdGVkX18WeJXOguz+ovHkkSJU+Tfrt9mvWD/rdC0= HTTP/1.1" 200 97
186.102.71.5 - - [13/Oct/2023:05:22:07 -0500] "GET /kwssiamovil/sm/acme/s?s=U2FsdGVkX1+fAQ+8XrBBEu755zV8RKiSYBW1FSVO4P31JM57xzgFqjj27TIyxjUdlQPhKYNZuy8yzWVGWuYMCg5no9ISxNIaxcVZAqVD4qO5Z3bNKIAgCLF61hq8gfiyWWDUlgikadgy6NH6r0brfebVU1lLc6COzfNGE67JEsT+eN6sdEnF+5doF2BSj4VFuDlcy2TUm5Uv9wYgYaPJKGqCcTgoLGzu5c8ReoDNh7HJC6XX0vfmHA/+5XdD0ixdr6eW2eD+5gC8qTFYujpgF053hjxLc00Zzm/+8Db/d+SzzwBw58XRDo7UOH1AgApumxS/WAwTwnu2+7Y37o/5ycCKn2DtD0bjg4wrgffV7Y3O19SHhw1gYA9oyPMEB0r3Gc5UnyIfIr1yfJHqUpf+re/X7bw93pfyld2c3gkh4zApxAKiblxudLGoHBPaAtj9sE1diDcIyjH4+a+iyaV3MWC9ni6A7IZbIjdaThrMpINNLEcCQx7AkTTHyHsXd7+fcHG0hwS5jHML3ZpD5TQ7NRvFqf22C86uyly+BKmsuMGY5tyjOSNrvrI0H6ahTCwRVFggpiDRz9hHSNxURgBaUL4JizjBtTS7m/acCz+kyz/x6wjQrOb/3csZlfpFSEE4UsN+b9oCDDGufT9SqpSUljTvF8ME5esfhkcAFc+7Z2WhED3LXsgr05IoPLblI/t0cHNy4aW8WHKT7ERVSqXjlQnIeU0J3ob0cgix9FqrS+C6hMm9Pm0tg758dnt+V7jUfmRztntc1LtARi6UC6ku3Ct8eJoy/1zQ6dFGzRnQOdlnEWAY48GI+mN7xgeVGKctPafkgYqnMEguVAbZlgKCJ/K5eGJQXukDSE0Mgo5wlBKtf62ZssPD4HZLYd3oXuMYt8Fc300Ngg0PPWQn72sbSZYDy5tWD+589e85txPWq5ckm4QvCwIVqwNNklHRqhOvzXXXtvnkOa4JqrKRPU78k6pR3mgCDRa8ciaHRUIV89u5q/GVwGWaJp4wGpAAitTkyrl9gDu368vtppX4hFhWBI8DcRNCOzWYEAY7jTws8nHolWus9Cq/hqeQlYVfO1ZRE3TGgsV58DFMNljPQgK04o/JbSRraZhqZEirFqtxI2lw8uke4RMBZ6yNfSB8nyJK95OeA504KSZfvzh/WmEu+YYVK48HwIx3qE5LumhJTyc//VT7/0DTFAgNhTva5ABtgmWg4upXreSnjGbpm9sVEHESIo00nvjV+h5tq1Ctp+oprpRDg6XsKvWuL8cigr84hJdtAcIa12eSsiPQgNJuw3+xWkmaKtKQ3Bio5cDY9Jga590HMyB6s90gEHWn61eNm04vmyCE2dsHEdfAo+mMB3JfKvqxfT2lk8XR5BxsBMtjTqXJ5Y/+WE5VLPMe3XHqWLLNahKDf8H2REZJ8yj2PKEYqQq4CNK77C5au4mXPGo=&u=U2FsdGVkX1+PyjAjgO6Y/YyUltVFz87DslmpozBRnkM=&y=U2FsdGVkX18WeJXOguz+ovHkkSJU+Tfrt9mvWD/rdC0= HTTP/1.1" 200 1813
186.102.71.5 - - [13/Oct/2023:05:22:07 -0500] "GET /kwssiamovil/sm/acme/s?s=U2FsdGVkX188KQ+an4tNL0YXl2Px6M1qzep1/4jJUaSK1sqDmWdOeghqyCD26kg25TRe56ERqhkaKuX6GE+u3EvYosZA6mTPsMQWkIxGBt91MIuSbvLJ15VioE2IsPDbUMbrqL2pR5MYq59iryMLzykpuwZyvQ1Yn+HNHH1FvpG/vW/50TE1fS7m6gC0YbURp5vZTEuAWqd/EiWw2eIYexqPz0cUG9sVvXmBPA+vNYd6q6Lq6PRbL7PzzjSRN6KUMVCmHdMbosvwtvOxWLrj5BoJRT+SmVExfnrKblgz/ydw+OrsVsXsYlpRLcsArjIvuNFY3vi1N3VLSNf9nYNxgg==&u=U2FsdGVkX1+PyjAjgO6Y/YyUltVFz87DslmpozBRnkM=&y=U2FsdGVkX18WeJXOguz+ovHkkSJU+Tfrt9mvWD/rdC0= HTTP/1.1" 200 196
186.102.71.5 - - [13/Oct/2023:05:22:07 -0500] "GET /kwssiamovil/sm/cjson/pre?f=1&x=U2FsdGVkX1/ePTNKyQFqYXKny0/43MQbbNmaxLyMs+4dlDZj2Jk9iqczkQjJPPtf HTTP/1.1" 200 31032
216.244.66.195 - - [13/Oct/2023:05:22:10 -0500] "GET /BLA/resoluciones/AUTOS%202015/2213.pdf HTTP/1.1" 200 829879
216.244.66.195 - - [13/Oct/2023:05:22:28 -0500] "GET /BLA/resoluciones/AUTOS%202015/2268.pdf HTTP/1.1" 200 640738
172.22.2.4 - - [13/Oct/2023:05:20:57 -0500] "HEAD /BLA/boletinlegal/ HTTP/1.1" 200 -
216.244.66.195 - - [13/Oct/2023:05:22:41 -0500] "GET /BLA/resoluciones/AUTOS%202015/2563.pdf HTTP/1.1" 200 814776
216.244.66.195 - - [13/Oct/2023:05:23:20 -0500] "GET /BLA/resoluciones/AUTOS%202015/2617.pdf HTTP/1.1" 200 622164
172.22.2.4 - - [13/Oct/2023:05:21:48 -0500] "GET /BLA/boletinlegal/ HTTP/1.1" 200 52532
201.245.192.253 - - [13/Oct/2023:05:23:33 -0500] "POST /kwsrmcab/Wsrmcab  HTTP/1.1" 200 42851
216.244.66.195 - - [13/Oct/2023:05:23:51 -0500] "GET /BLA/resoluciones/AUTOS%202015/2803.pdf HTTP/1.1" 200 594470
216.244.66.195 - - [13/Oct/2023:05:24:22 -0500] "GET /BLA/resoluciones/AUTOS%202015/3235.pdf HTTP/1.1" 200 489632
216.244.66.195 - - [13/Oct/2023:05:24:50 -0500] "GET /BLA/resoluciones/AUTOS%202019/0239.pdf HTTP/1.1" 200 279940
216.244.66.195 - - [13/Oct/2023:05:25:18 -0500] "GET /BLA/resoluciones/AUTOS%202019/0356.pdf HTTP/1.1" 200 281251
216.244.66.195 - - [13/Oct/2023:05:25:44 -0500] "GET /BLA/resoluciones/AUTOS%202019/1614.pdf HTTP/1.1" 200 260178
216.245.221.92 - - [13/Oct/2023:05:26:04 -0500] "HEAD / HTTP/1.1" 200 -
216.244.66.195 - - [13/Oct/2023:05:26:09 -0500] "GET /BLA/resoluciones/AUTOS%202019/2265.pdf HTTP/1.1" 200 282266
216.244.66.195 - - [13/Oct/2023:05:26:36 -0500] "GET /BLA/resoluciones/AUTOS%202019/2278.pdf HTTP/1.1" 200 319562
216.244.66.195 - - [13/Oct/2023:05:26:59 -0500] "GET /BLA/resoluciones/RESOLUCIONES%202011/1735.pdf HTTP/1.1" 200 525586
52.167.144.216 - - [13/Oct/2023:05:26:59 -0500] "GET /portaldeninos/ HTTP/1.1" 200 110175
216.244.66.195 - - [13/Oct/2023:05:27:22 -0500] "GET /BLA/resoluciones/RESOLUCIONES%202011/2049.pdf HTTP/1.1" 200 513045
52.167.144.216 - - [13/Oct/2023:05:27:39 -0500] "GET /portaldeninos/wp-content/themes/betheme/assets/jplayer/jplayer.min.js?ver=20.9.6 HTTP/1.1" 200 52702
52.167.144.216 - - [13/Oct/2023:05:27:39 -0500] "GET /portaldeninos/wp-content/themes/betheme/fonts/mfn-icons.ttf?93978679 HTTP/1.1" 200 124684
52.167.144.216 - - [13/Oct/2023:05:27:40 -0500] "GET /portaldeninos/wp-content/themes/betheme/js/plugins.js?ver=20.9.6 HTTP/1.1" 200 197151
52.167.144.216 - - [13/Oct/2023:05:27:40 -0500] "GET /portaldeninos/wp-content/themes/betheme/style.css?ver=20.9.6 HTTP/1.1" 200 287
52.167.144.204 - - [13/Oct/2023:05:27:40 -0500] "GET /portaldeninos/wp-content/plugins/popup-maker/assets/js/site.min.js?defer&ver=1.8.14 HTTP/1.1" 200 48457
216.244.66.195 - - [13/Oct/2023:05:27:45 -0500] "GET /BLA/resoluciones/RESOLUCIONES%202011/2138.pdf HTTP/1.1" 200 518787
52.167.144.220 - - [13/Oct/2023:05:27:45 -0500] "GET /portaldeninos/wp-content/plugins/gallery-videos/CSS/totalsoft.css?ver=4.9.8 HTTP/1.1" 200 40622
52.167.144.220 - - [13/Oct/2023:05:27:46 -0500] "GET /portaldeninos/wp-content/plugins/gallery-videos/JS/modernizr.custom.js?ver=4.9.8 HTTP/1.1" 200 9019
52.167.144.220 - - [13/Oct/2023:05:27:46 -0500] "GET /portaldeninos/wp-content/plugins/popup-maker/assets/css/site.min.css?ver=1.8.14 HTTP/1.1" 200 8260
52.167.144.220 - - [13/Oct/2023:05:27:47 -0500] "GET /portaldeninos/wp-content/themes/betheme/assets/jplayer/css/jplayer.blue.monday.css?ver=20.9.6 HTTP/1.1" 200 9834
52.167.144.220 - - [13/Oct/2023:05:27:47 -0500] "GET /portaldeninos/wp-content/uploads/useanyfont/uaf.css?ver=1589905315 HTTP/1.1" 200 408
52.167.144.220 - - [13/Oct/2023:05:27:47 -0500] "GET /portaldeninos/wp-includes/js/jquery/jquery-migrate.min.js?ver=1.4.1 HTTP/1.1" 200 10056
52.167.144.220 - - [13/Oct/2023:05:27:48 -0500] "GET /portaldeninos/wp-includes/js/jquery/ui/position.min.js?ver=1.11.4 HTTP/1.1" 200 6527
52.167.144.204 - - [13/Oct/2023:05:27:53 -0500] "GET /portaldeninos/wp-content/themes/betheme/assets/animations/animations.min.css?ver=20.9.6 HTTP/1.1" 200 58508
52.167.144.204 - - [13/Oct/2023:05:27:53 -0500] "GET /portaldeninos/wp-includes/js/jquery/ui/accordion.min.js?ver=1.11.4 HTTP/1.1" 200 8584
52.167.144.204 - - [13/Oct/2023:05:27:53 -0500] "GET /portaldeninos/wp-includes/js/wp-embed.min.js?ver=4.9.8 HTTP/1.1" 200 1398
52.167.144.216 - - [13/Oct/2023:05:27:40 -0500] "GET /portaldeninos/wp-content/uploads/2019/06/CabezoteAMBIENTIC.mp4 HTTP/1.1" 200 21677757
201.245.192.253 - - [13/Oct/2023:05:28:02 -0500] "POST /kwsrmcab/Wsrmcab HTTP/1.1" 200 42903
216.244.66.195 - - [13/Oct/2023:05:28:06 -0500] "GET /BLA/resoluciones/RESOLUCIONES%202018/0404.pdf HTTP/1.1" 200 230197
201.245.192.253 - - [13/Oct/2023:05:28:05 -0500] "POST /kwsrmcab/Wsrmcab HTTP/1.1" 200 40653
216.244.66.195 - - [13/Oct/2023:05:28:25 -0500] "GET /BLA/resoluciones/RESOLUCIONES%202018/0561.pdf HTTP/1.1" 200 284185
172.22.2.4 - - [13/Oct/2023:05:26:47 -0500] "HEAD /BLA/boletinlegal/ HTTP/1.1" 200 -
52.167.144.216 - - [13/Oct/2023:05:28:09 -0500] "GET /portaldeninos/wp-content/uploads/2023/08/Infografia-Web-Infantil.mp4 HTTP/1.1" 200 24138647
201.245.192.253 - - [13/Oct/2023:05:28:32 -0500] "POST /kwsrmcab/Wsrmcab  HTTP/1.1" 200 42851
52.167.144.216 - - [13/Oct/2023:05:28:40 -0500] "GET /portaldeninos/wp-includes/js/wp-emoji-release.min.js?ver=4.9.8 HTTP/1.1" 200 12026
172.22.2.4 - - [13/Oct/2023:05:27:38 -0500] "GET /BLA/boletinlegal/ HTTP/1.1" 200 60531
172.22.2.4 - - [13/Oct/2023:05:29:21 -0500] "GET /BLA/boletinlegal/ HTTP/1.1" 200 62374
216.245.221.92 - - [13/Oct/2023:05:31:04 -0500] "HEAD / HTTP/1.1" 200 -
52.167.144.238 - - [13/Oct/2023:05:31:56 -0500] "GET /Publicaciones/2023EE235760.pdf HTTP/1.1" 200 361529
66.249.73.36 - - [13/Oct/2023:05:32:09 -0500] "GET /BLA/resoluciones/RESOLUCIONES%202011/5977.pdf HTTP/1.1" 200 289299
172.22.2.4 - - [13/Oct/2023:05:32:22 -0500] "GET /BLA/boletinlegal/actuator/gateway/routes HTTP/1.1" 404 1018
172.22.2.4 - - [13/Oct/2023:05:33:31 -0500] "GET /BLA/boletinlegal/Circulares/2020/CIRCULAR%20No.%2000019%20DEL%2018%20DE%20DICIEMBRE%20DEL%202020.pdf HTTP/1.1" 200 307959
201.245.192.253 - - [13/Oct/2023:05:33:31 -0500] "POST /kwsrmcab/Wsrmcab  HTTP/1.1" 200 42851
172.22.2.4 - - [13/Oct/2023:05:32:37 -0500] "HEAD /BLA/boletinlegal/ HTTP/1.1" 200 -
186.84.90.99 - - [13/Oct/2023:05:34:55 -0500] "GET /sipse/faces/index.xhtml HTTP/1.1" 200 677
186.84.90.99 - - [13/Oct/2023:05:34:55 -0500] "GET /sipse/faces/javax.faces.resource/theme.css?ln=primefaces-sipse HTTP/1.1" 304 -
186.84.90.99 - - [13/Oct/2023:05:34:55 -0500] "GET /favicon.ico HTTP/1.1" 200 7782
186.84.90.99 - - [13/Oct/2023:05:34:55 -0500] "GET /sipse/faces/faces/autenticacion.xhtml HTTP/1.1" 200 12405
186.84.90.99 - - [13/Oct/2023:05:34:55 -0500] "GET /sipse/js/disable_browser_buttons.js HTTP/1.1" 304 -
186.84.90.99 - - [13/Oct/2023:05:34:55 -0500] "GET /sipse/js/funciones.js HTTP/1.1" 304 -
186.84.90.99 - - [13/Oct/2023:05:34:55 -0500] "GET /sipse/css/custom_css_sg.css HTTP/1.1" 304 -
186.84.90.99 - - [13/Oct/2023:05:34:55 -0500] "GET /sipse/faces/javax.faces.resource/theme.css?ln=primefaces-sipse HTTP/1.1" 304 -
186.84.90.99 - - [13/Oct/2023:05:34:55 -0500] "GET /sipse/css/custom_css_sg_prime_login.css HTTP/1.1" 304 -
186.84.90.99 - - [13/Oct/2023:05:34:55 -0500] "GET /sipse/faces/javax.faces.resource/primefaces.css?ln=primefaces&v=4.0 HTTP/1.1" 304 -
186.84.90.99 - - [13/Oct/2023:05:34:55 -0500] "GET /sipse/faces/javax.faces.resource/layout/layout.css?ln=primefaces&v=4.0 HTTP/1.1" 304 -
186.84.90.99 - - [13/Oct/2023:05:34:55 -0500] "GET /sipse/faces/javax.faces.resource/jquery/jquery-plugins.js?ln=primefaces&v=4.0 HTTP/1.1" 304 -
186.84.90.99 - - [13/Oct/2023:05:34:55 -0500] "GET /sipse/faces/javax.faces.resource/jquery/jquery.js?ln=primefaces&v=4.0 HTTP/1.1" 304 -
186.84.90.99 - - [13/Oct/2023:05:34:55 -0500] "GET /sipse/faces/javax.faces.resource/primefaces.js?ln=primefaces&v=4.0 HTTP/1.1" 304 -
186.84.90.99 - - [13/Oct/2023:05:34:55 -0500] "GET /sipse/faces/javax.faces.resource/layout/layout.js?ln=primefaces&v=4.0 HTTP/1.1" 304 -
186.84.90.99 - - [13/Oct/2023:05:34:56 -0500] "GET /sipse/css/imagen/logoSDG.png HTTP/1.1" 304 -
186.84.90.99 - - [13/Oct/2023:05:34:56 -0500] "GET /sipse/css/imagen/loginimg.png HTTP/1.1" 304 -
186.84.90.99 - - [13/Oct/2023:05:34:56 -0500] "GET /sipse/faces/javax.faces.resource/images/ui-icons_898989_256x240.png?ln=primefaces-aristo HTTP/1.1" 304 -
186.84.90.99 - - [13/Oct/2023:05:34:59 -0500] "POST /sipse/faces/autenticacion.xhtml HTTP/1.1" 200 16901
186.84.90.99 - - [13/Oct/2023:05:34:59 -0500] "GET /sipse/css/custom_css_sg_prime.css HTTP/1.1" 304 -
186.84.90.99 - - [13/Oct/2023:05:34:59 -0500] "GET /sipse/faces/javax.faces.resource/primefaces.css?ln=primefaces&v=4.0 HTTP/1.1" 304 -
186.84.90.99 - - [13/Oct/2023:05:34:59 -0500] "GET /sipse/faces/javax.faces.resource/theme.css?ln=primefaces-sipse HTTP/1.1" 304 -
186.84.90.99 - - [13/Oct/2023:05:34:59 -0500] "GET /sipse/faces/javax.faces.resource/layout/layout.css?ln=primefaces&v=4.0 HTTP/1.1" 304 -
186.84.90.99 - - [13/Oct/2023:05:34:59 -0500] "GET /sipse/js/jquery.min.js HTTP/1.1" 304 -
186.84.90.99 - - [13/Oct/2023:05:34:59 -0500] "GET /sipse/faces/javax.faces.resource/jquery/jquery.js?ln=primefaces&v=4.0 HTTP/1.1" 304 -
186.84.90.99 - - [13/Oct/2023:05:34:59 -0500] "GET /sipse/faces/javax.faces.resource/jquery/jquery-plugins.js?ln=primefaces&v=4.0 HTTP/1.1" 304 -
186.84.90.99 - - [13/Oct/2023:05:34:59 -0500] "GET /sipse/faces/javax.faces.resource/primefaces.js?ln=primefaces&v=4.0 HTTP/1.1" 304 -
186.84.90.99 - - [13/Oct/2023:05:34:59 -0500] "GET /sipse/faces/javax.faces.resource/layout/layout.js?ln=primefaces&v=4.0 HTTP/1.1" 304 -
186.84.90.99 - - [13/Oct/2023:05:35:00 -0500] "GET /sipse/css/v_mergente.css HTTP/1.1" 304 -
186.84.90.99 - - [13/Oct/2023:05:35:00 -0500] "GET /sipse/imagenes/cargando.gif HTTP/1.1" 304 -
186.84.90.99 - - [13/Oct/2023:05:35:00 -0500] "GET /sipse/css/imagen/contrasena.png HTTP/1.1" 404 383
186.84.90.99 - - [13/Oct/2023:05:35:00 -0500] "GET /sipse/imagenes/logoAplicacion.jpg HTTP/1.1" 304 -
186.84.90.99 - - [13/Oct/2023:05:35:00 -0500] "GET /sipse/faces/javax.faces.resource/messages/messages.png?ln=primefaces&v=4.0 HTTP/1.1" 304 -
186.84.90.99 - - [13/Oct/2023:05:35:01 -0500] "GET /sipse/faces/javax.faces.resource/images/ui-bg_flat_0_2d5972_40x100.png?ln=primefaces-aristo HTTP/1.1" 304 -
186.84.90.99 - - [13/Oct/2023:05:35:01 -0500] "POST /sipse/faces/bienvenido.xhtml HTTP/1.1" 200 9851
186.84.90.99 - - [13/Oct/2023:05:35:04 -0500] "POST /sipse/faces/bienvenido.xhtml HTTP/1.1" 200 1471
186.84.90.99 - - [13/Oct/2023:05:35:05 -0500] "POST /sipse/faces/bienvenido.xhtml HTTP/1.1" 200 35010
186.84.90.99 - - [13/Oct/2023:05:35:05 -0500] "GET /sipse/faces/javax.faces.resource/theme.css?ln=primefaces-sipse HTTP/1.1" 304 -
186.84.90.99 - - [13/Oct/2023:05:35:05 -0500] "GET /sipse/faces/javax.faces.resource/primefaces.css?ln=primefaces&v=4.0 HTTP/1.1" 304 -
186.84.90.99 - - [13/Oct/2023:05:35:05 -0500] "GET /sipse/faces/javax.faces.resource/layout/layout.css?ln=primefaces&v=4.0 HTTP/1.1" 304 -
186.84.90.99 - - [13/Oct/2023:05:35:06 -0500] "GET /sipse/faces/javax.faces.resource/jquery/jquery.js?ln=primefaces&v=4.0 HTTP/1.1" 304 -
186.84.90.99 - - [13/Oct/2023:05:35:06 -0500] "GET /sipse/faces/javax.faces.resource/jquery/jquery-plugins.js?ln=primefaces&v=4.0 HTTP/1.1" 304 -
186.84.90.99 - - [13/Oct/2023:05:35:06 -0500] "GET /sipse/faces/javax.faces.resource/primefaces.js?ln=primefaces&v=4.0 HTTP/1.1" 304 -
186.84.90.99 - - [13/Oct/2023:05:35:06 -0500] "GET /sipse/faces/javax.faces.resource/layout/layout.js?ln=primefaces&v=4.0 HTTP/1.1" 304 -
186.84.90.99 - - [13/Oct/2023:05:35:06 -0500] "POST /sipse/faces/presentacion/financiero/solicitudProceso/listarSolicitudProceso.xhtml HTTP/1.1" 200 1396
172.22.2.4 - - [13/Oct/2023:05:33:28 -0500] "GET /BLA/boletinlegal/ HTTP/1.1" 200 58155
186.84.90.99 - - [13/Oct/2023:05:35:18 -0500] "POST /sipse/faces/presentacion/financiero/solicitudProceso/listarSolicitudProceso.xhtml HTTP/1.1" 200 116572
186.84.90.99 - - [13/Oct/2023:05:35:18 -0500] "GET /sipse/faces/javax.faces.resource/theme.css?ln=primefaces-sipse HTTP/1.1" 304 -
186.84.90.99 - - [13/Oct/2023:05:35:18 -0500] "GET /sipse/faces/javax.faces.resource/primefaces.css?ln=primefaces&v=4.0 HTTP/1.1" 304 -
186.84.90.99 - - [13/Oct/2023:05:35:18 -0500] "GET /sipse/faces/javax.faces.resource/layout/layout.css?ln=primefaces&v=4.0 HTTP/1.1" 304 -
186.84.90.99 - - [13/Oct/2023:05:35:18 -0500] "GET /sipse/faces/javax.faces.resource/jquery/jquery.js?ln=primefaces&v=4.0 HTTP/1.1" 304 -
186.84.90.99 - - [13/Oct/2023:05:35:18 -0500] "GET /sipse/faces/javax.faces.resource/jquery/jquery-plugins.js?ln=primefaces&v=4.0 HTTP/1.1" 304 -
186.84.90.99 - - [13/Oct/2023:05:35:18 -0500] "GET /sipse/faces/javax.faces.resource/primefaces.js?ln=primefaces&v=4.0 HTTP/1.1" 304 -
186.84.90.99 - - [13/Oct/2023:05:35:18 -0500] "GET /sipse/faces/javax.faces.resource/layout/layout.js?ln=primefaces&v=4.0 HTTP/1.1" 304 -
186.84.90.99 - - [13/Oct/2023:05:35:24 -0500] "POST /sipse/faces/presentacion/financiero/solicitudProceso/consultarSolicitudProceso.xhtml HTTP/1.1" 200 30325
186.84.90.99 - - [13/Oct/2023:05:35:25 -0500] "GET /sipse/faces/javax.faces.resource/theme.css?ln=primefaces-sipse HTTP/1.1" 304 -
186.84.90.99 - - [13/Oct/2023:05:35:25 -0500] "GET /sipse/faces/javax.faces.resource/primefaces.css?ln=primefaces&v=4.0 HTTP/1.1" 304 -
186.84.90.99 - - [13/Oct/2023:05:35:25 -0500] "GET /sipse/faces/javax.faces.resource/layout/layout.css?ln=primefaces&v=4.0 HTTP/1.1" 304 -
186.84.90.99 - - [13/Oct/2023:05:35:25 -0500] "GET /sipse/faces/javax.faces.resource/jquery/jquery.js?ln=primefaces&v=4.0 HTTP/1.1" 304 -
186.84.90.99 - - [13/Oct/2023:05:35:25 -0500] "GET /sipse/faces/javax.faces.resource/jquery/jquery-plugins.js?ln=primefaces&v=4.0 HTTP/1.1" 304 -
186.84.90.99 - - [13/Oct/2023:05:35:25 -0500] "GET /sipse/faces/javax.faces.resource/primefaces.js?ln=primefaces&v=4.0 HTTP/1.1" 304 -
