216.245.221.92 - - [14/Oct/2023:12:11:00 -0500] "HEAD / HTTP/1.1" 200 -
52.167.144.194 - - [14/Oct/2023:12:11:16 -0500] "GET /BLA/resoluciones/AUTOS%202007/0049.pdf HTTP/1.1" 200 252822
172.22.2.4 - - [14/Oct/2023:12:09:48 -0500] "HEAD /BLA/boletinlegal/ HTTP/1.1" 200 -
172.22.2.4 - - [14/Oct/2023:12:10:38 -0500] "GET /BLA/boletinlegal/ HTTP/1.1" 200 60531
201.245.192.253 - - [14/Oct/2023:12:12:20 -0500] "POST /kwsrmcab/Wsrmcab  HTTP/1.1" 200 42851
172.22.2.4 - - [14/Oct/2023:12:12:27 -0500] "POST /BLA/boletinlegal/admin/actos/ingresar.php HTTP/1.1" 200 7302
216.245.221.92 - - [14/Oct/2023:12:15:59 -0500] "HEAD / HTTP/1.1" 200 -
52.167.144.161 - - [14/Oct/2023:12:16:01 -0500] "GET /BLA/resoluciones/AUTOS%202018/6851.pdf HTTP/1.1" 200 250544
172.22.2.4 - - [14/Oct/2023:12:16:36 -0500] "POST /BLA/boletinlegal/admin/actos/ingresar.php HTTP/1.1" 200 7302
52.167.144.191 - - [14/Oct/2023:12:17:14 -0500] "GET /BLA/resoluciones/AUTOS%202007/1456.pdf HTTP/1.1" 200 42606
172.22.2.4 - - [14/Oct/2023:12:15:38 -0500] "HEAD /BLA/boletinlegal/ HTTP/1.1" 200 -
201.245.192.253 - - [14/Oct/2023:12:17:18 -0500] "POST /kwsrmcab/Wsrmcab  HTTP/1.1" 200 42851
52.167.144.191 - - [14/Oct/2023:12:17:34 -0500] "GET /BLA/resoluciones/AUTOS%202007/0778.pdf HTTP/1.1" 200 69591
201.245.192.253 - - [14/Oct/2023:12:17:56 -0500] "POST /kwsrmcab/Wsrmcab HTTP/1.1" 200 43203
201.245.192.253 - - [14/Oct/2023:12:17:59 -0500] "POST /kwsrmcab/Wsrmcab HTTP/1.1" 200 39630
172.22.2.4 - - [14/Oct/2023:12:16:28 -0500] "GET /BLA/boletinlegal/ HTTP/1.1" 200 57089
66.220.149.10 - - [14/Oct/2023:12:18:33 -0500] "GET /images/Acuerdos%2001%20(1)%20(1).jpeg HTTP/1.1" 200 32884
172.22.2.4 - - [14/Oct/2023:12:19:31 -0500] "POST /BLA/boletinlegal/admin/actos/ingresar.php HTTP/1.1" 200 7302
216.245.221.92 - - [14/Oct/2023:12:20:59 -0500] "HEAD / HTTP/1.1" 200 -
172.22.2.4 - - [14/Oct/2023:12:21:13 -0500] "POST /BLA/boletinlegal/admin/actos/ingresar.php HTTP/1.1" 200 7302
201.245.192.253 - - [14/Oct/2023:12:22:18 -0500] "POST /kwsrmcab/Wsrmcab  HTTP/1.1" 200 42851
173.252.95.117 - - [14/Oct/2023:12:22:58 -0500] "GET /para-prevenir-riesgo-sobre-la-ciudadania-distrito-intervendra-eucalipto-de-gran-porte-en-usaquen.html HTTP/1.1" 200 841
172.22.2.4 - - [14/Oct/2023:12:21:28 -0500] "HEAD /BLA/boletinlegal/ HTTP/1.1" 200 -
40.77.167.26 - - [14/Oct/2023:12:23:14 -0500] "GET /BLA/resoluciones/RESOLUCIONES%202007/RES%202007%203201%20AL%203300/RESOLUCION%203209%20DE%202007.pdf HTTP/1.1" 200 851385
114.119.137.128 - - [14/Oct/2023:12:23:43 -0500] "GET /BLA/resoluciones/index.php?dir=Notificaciones/AUTOS%2B2020/&sort=date&order=asc HTTP/1.1" 200 13944
172.22.2.4 - - [14/Oct/2023:12:22:18 -0500] "GET /BLA/boletinlegal/ HTTP/1.1" 200 58622
114.119.141.100 - - [14/Oct/2023:12:24:05 -0500] "GET /BLA/resoluciones/index.php?dir=AUTOS%2B2014/ HTTP/1.1" 200 13882
172.22.2.4 - - [14/Oct/2023:12:24:12 -0500] "POST /BLA/boletinlegal/admin/actos/ingresar.php HTTP/1.1" 200 7302
172.22.2.4 - - [14/Oct/2023:12:25:52 -0500] "POST /BLA/boletinlegal/admin/actos/ingresar.php HTTP/1.1" 200 7302
216.245.221.92 - - [14/Oct/2023:12:26:00 -0500] "HEAD / HTTP/1.1" 200 -
201.245.192.253 - - [14/Oct/2023:12:27:17 -0500] "POST /kwsrmcab/Wsrmcab  HTTP/1.1" 200 42851
172.22.2.4 - - [14/Oct/2023:12:27:30 -0500] "POST /BLA/boletinlegal/admin/actos/ingresar.php HTTP/1.1" 200 7302
172.22.2.4 - - [14/Oct/2023:12:25:57 -0500] "GET /BLA/boletinlegal/ HTTP/1.1" 200 61524
201.245.192.253 - - [14/Oct/2023:12:27:56 -0500] "POST /kwsrmcab/Wsrmcab HTTP/1.1" 200 43203
201.245.192.253 - - [14/Oct/2023:12:27:58 -0500] "POST /kwsrmcab/Wsrmcab HTTP/1.1" 200 39630
114.119.157.214 - - [14/Oct/2023:12:28:02 -0500] "GET /BLA/resoluciones/index.php?dir=AUTOS%2B2007/&sort=size&order=asc HTTP/1.1" 200 13882
114.119.134.49 - - [14/Oct/2023:12:28:15 -0500] "GET /BLA/resoluciones/index.php?dir=Acuerdos/ HTTP/1.1" 200 3396
172.22.2.4 - - [14/Oct/2023:12:27:18 -0500] "HEAD /BLA/boletinlegal/ HTTP/1.1" 200 -
172.22.2.4 - - [14/Oct/2023:12:28:08 -0500] "GET /BLA/boletinlegal/ HTTP/1.1" 200 60175
172.22.2.4 - - [14/Oct/2023:12:30:04 -0500] "POST /BLA/boletinlegal/admin/actos/ingresar.php HTTP/1.1" 200 7302
40.77.167.32 - - [14/Oct/2023:12:30:15 -0500] "GET /BLA/resoluciones/RESOLUCIONES%202007/RES%202007%203201%20AL%203300/RESOLUCION%203291%20DE%202007.pdf HTTP/1.1" 200 26503
216.245.221.92 - - [14/Oct/2023:12:30:59 -0500] "HEAD / HTTP/1.1" 200 -
40.77.167.32 - - [14/Oct/2023:12:31:05 -0500] "GET /BLA/resoluciones/AUTOS%202007/0010.pdf HTTP/1.1" 200 164457
172.22.2.4 - - [14/Oct/2023:12:31:27 -0500] "GET /BLA/boletinlegal/ HTTP/1.1" 200 20427
201.245.192.253 - - [14/Oct/2023:12:32:15 -0500] "POST /kwsrmcab/Wsrmcab  HTTP/1.1" 200 42851
172.22.2.4 - - [14/Oct/2023:12:32:17 -0500] "POST /BLA/boletinlegal/admin/actos/ingresar.php HTTP/1.1" 200 7302
45.156.129.27 - - [14/Oct/2023:12:33:27 -0500] "GET / HTTP/1.1" 200 319
186.155.17.13 - - [14/Oct/2023:12:34:47 -0500] "GET /sipse/faces/autenticacion.xhtml HTTP/1.1" 200 12405
186.155.17.13 - - [14/Oct/2023:12:34:48 -0500] "GET /sipse/faces/javax.faces.resource/primefaces.js?ln=primefaces&v=4.0 HTTP/1.1" 304 -
186.155.17.13 - - [14/Oct/2023:12:34:48 -0500] "GET /sipse/faces/javax.faces.resource/layout/layout.js?ln=primefaces&v=4.0 HTTP/1.1" 304 -
186.155.17.13 - - [14/Oct/2023:12:34:48 -0500] "GET /sipse/js/disable_browser_buttons.js HTTP/1.1" 304 -
172.22.2.4 - - [14/Oct/2023:12:33:08 -0500] "HEAD /BLA/boletinlegal/ HTTP/1.1" 200 -
186.155.17.13 - - [14/Oct/2023:12:34:48 -0500] "GET /sipse/css/custom_css_sg.css HTTP/1.1" 200 9694
186.155.17.13 - - [14/Oct/2023:12:34:48 -0500] "GET /sipse/faces/javax.faces.resource/layout/layout.css?ln=primefaces&v=4.0 HTTP/1.1" 200 542
186.155.17.13 - - [14/Oct/2023:12:34:48 -0500] "GET /sipse/js/funciones.js HTTP/1.1" 304 -
186.155.17.13 - - [14/Oct/2023:12:34:48 -0500] "GET /sipse/faces/javax.faces.resource/jquery/jquery.js?ln=primefaces&v=4.0 HTTP/1.1" 304 -
186.155.17.13 - - [14/Oct/2023:12:34:48 -0500] "GET /sipse/faces/javax.faces.resource/jquery/jquery-plugins.js?ln=primefaces&v=4.0 HTTP/1.1" 304 -
186.155.17.13 - - [14/Oct/2023:12:34:48 -0500] "GET /sipse/css/custom_css_sg_prime_login.css HTTP/1.1" 200 443
186.155.17.13 - - [14/Oct/2023:12:34:48 -0500] "GET /sipse/faces/javax.faces.resource/primefaces.css?ln=primefaces&v=4.0 HTTP/1.1" 200 53295
186.155.17.13 - - [14/Oct/2023:12:34:48 -0500] "GET /sipse/faces/javax.faces.resource/theme.css?ln=primefaces-sipse HTTP/1.1" 200 50058
186.155.17.13 - - [14/Oct/2023:12:34:48 -0500] "GET /sipse/faces/javax.faces.resource/images/ui-icons_898989_256x240.png?ln=primefaces-aristo HTTP/1.1" 200 5355
186.155.17.13 - - [14/Oct/2023:12:34:48 -0500] "GET /sipse/css/imagen/logoSDG.png HTTP/1.1" 200 53064
186.155.17.13 - - [14/Oct/2023:12:34:48 -0500] "GET /sipse/css/imagen/loginimg.png HTTP/1.1" 200 71635
186.155.17.13 - - [14/Oct/2023:12:34:48 -0500] "GET /sipse/faces/index.xhtml HTTP/1.1" 200 677
186.155.17.13 - - [14/Oct/2023:12:34:48 -0500] "GET /sipse/faces/javax.faces.resource/theme.css?ln=primefaces-sipse HTTP/1.1" 304 -
186.155.17.13 - - [14/Oct/2023:12:34:48 -0500] "GET /sipse/faces/faces/autenticacion.xhtml HTTP/1.1" 200 12405
186.155.17.13 - - [14/Oct/2023:12:34:48 -0500] "GET /sipse/faces/javax.faces.resource/theme.css?ln=primefaces-sipse HTTP/1.1" 304 -
186.155.17.13 - - [14/Oct/2023:12:34:48 -0500] "GET /sipse/faces/javax.faces.resource/primefaces.css?ln=primefaces&v=4.0 HTTP/1.1" 304 -
186.155.17.13 - - [14/Oct/2023:12:34:48 -0500] "GET /sipse/faces/javax.faces.resource/layout/layout.css?ln=primefaces&v=4.0 HTTP/1.1" 304 -
186.155.17.13 - - [14/Oct/2023:12:34:48 -0500] "GET /sipse/faces/javax.faces.resource/jquery/jquery.js?ln=primefaces&v=4.0 HTTP/1.1" 304 -
186.155.17.13 - - [14/Oct/2023:12:34:48 -0500] "GET /sipse/faces/javax.faces.resource/jquery/jquery-plugins.js?ln=primefaces&v=4.0 HTTP/1.1" 304 -
186.155.17.13 - - [14/Oct/2023:12:34:48 -0500] "GET /sipse/faces/javax.faces.resource/primefaces.js?ln=primefaces&v=4.0 HTTP/1.1" 304 -
186.155.17.13 - - [14/Oct/2023:12:34:48 -0500] "GET /sipse/faces/javax.faces.resource/layout/layout.js?ln=primefaces&v=4.0 HTTP/1.1" 304 -
186.155.17.13 - - [14/Oct/2023:12:34:48 -0500] "GET /sipse/faces/javax.faces.resource/images/ui-icons_898989_256x240.png?ln=primefaces-aristo HTTP/1.1" 304 -
186.155.17.13 - - [14/Oct/2023:12:34:51 -0500] "POST /sipse/faces/autenticacion.xhtml HTTP/1.1" 200 2221
186.155.17.13 - - [14/Oct/2023:12:34:51 -0500] "GET /sipse/faces/javax.faces.resource/messages/messages.png?ln=primefaces&v=4.0 HTTP/1.1" 200 27209
186.155.17.13 - - [14/Oct/2023:12:34:53 -0500] "POST /sipse/faces/autenticacion.xhtml HTTP/1.1" 200 16463
186.155.17.13 - - [14/Oct/2023:12:34:53 -0500] "GET /sipse/css/custom_css_sg_prime.css HTTP/1.1" 200 5201
186.155.17.13 - - [14/Oct/2023:12:34:53 -0500] "GET /sipse/js/jquery.min.js HTTP/1.1" 304 -
186.155.17.13 - - [14/Oct/2023:12:34:53 -0500] "GET /sipse/faces/javax.faces.resource/jquery/jquery.js?ln=primefaces&v=4.0 HTTP/1.1" 304 -
186.155.17.13 - - [14/Oct/2023:12:34:53 -0500] "GET /sipse/faces/javax.faces.resource/jquery/jquery-plugins.js?ln=primefaces&v=4.0 HTTP/1.1" 304 -
186.155.17.13 - - [14/Oct/2023:12:34:53 -0500] "GET /sipse/faces/javax.faces.resource/primefaces.js?ln=primefaces&v=4.0 HTTP/1.1" 304 -
186.155.17.13 - - [14/Oct/2023:12:34:53 -0500] "GET /sipse/faces/javax.faces.resource/layout/layout.js?ln=primefaces&v=4.0 HTTP/1.1" 304 -
186.155.17.13 - - [14/Oct/2023:12:34:53 -0500] "GET /sipse/css/v_mergente.css HTTP/1.1" 200 1505
186.155.17.13 - - [14/Oct/2023:12:34:53 -0500] "GET /sipse/imagenes/cargando.gif HTTP/1.1" 200 36959
186.155.17.13 - - [14/Oct/2023:12:34:53 -0500] "GET /sipse/css/imagen/contrasena.png HTTP/1.1" 404 383
186.155.17.13 - - [14/Oct/2023:12:34:53 -0500] "GET /sipse/imagenes/logoAplicacion.jpg HTTP/1.1" 200 155084
172.22.2.4 - - [14/Oct/2023:12:33:59 -0500] "GET /BLA/boletinlegal/ HTTP/1.1" 200 58155
216.245.221.92 - - [14/Oct/2023:12:35:59 -0500] "HEAD / HTTP/1.1" 200 -
172.22.2.4 - - [14/Oct/2023:12:36:21 -0500] "POST /BLA/boletinlegal/admin/actos/ingresar.php HTTP/1.1" 200 7302
201.245.192.253 - - [14/Oct/2023:12:37:15 -0500] "POST /kwsrmcab/Wsrmcab  HTTP/1.1" 200 42851
173.252.95.8 - - [14/Oct/2023:12:37:43 -0500] "GET /en-el-dia-mundial-de-la-educacion-ambiental-bogota-condecora-a-docentes-lideres-artistas-organizaciones-y-empresas.html HTTP/1.1" 200 1075
201.245.192.253 - - [14/Oct/2023:12:37:56 -0500] "POST /kwsrmcab/Wsrmcab HTTP/1.1" 200 43203
201.245.192.253 - - [14/Oct/2023:12:37:59 -0500] "POST /kwsrmcab/Wsrmcab HTTP/1.1" 200 39630
172.22.2.4 - - [14/Oct/2023:12:38:12 -0500] "GET /BLA/boletinlegal/actos.php HTTP/1.1" 200 9682
172.22.2.4 - - [14/Oct/2023:12:39:37 -0500] "POST /BLA/boletinlegal/admin/actos/ingresar.php HTTP/1.1" 200 7302
40.94.89.63 - - [14/Oct/2023:12:40:27 -0500] "GET /BLA/resoluciones/AUTOS%202023/5499.pdf HTTP/1.1" 200 408249
172.22.2.4 - - [14/Oct/2023:12:38:59 -0500] "HEAD /BLA/boletinlegal/ HTTP/1.1" 200 -
216.245.221.92 - - [14/Oct/2023:12:40:59 -0500] "HEAD / HTTP/1.1" 200 -
172.22.2.4 - - [14/Oct/2023:12:39:49 -0500] "GET /BLA/boletinlegal/ HTTP/1.1" 200 58155
172.22.2.4 - - [14/Oct/2023:12:41:49 -0500] "GET /BLA/boletinlegal/Circulares/2018/Circular%20No.%2010%20del%2021%20de%20Septiembre%20de%202018.pdf HTTP/1.1" 200 163426
201.245.192.253 - - [14/Oct/2023:12:42:14 -0500] "POST /kwsrmcab/Wsrmcab  HTTP/1.1" 200 42851
172.22.2.4 - - [14/Oct/2023:12:42:25 -0500] "POST /BLA/boletinlegal/admin/actos/ingresar.php HTTP/1.1" 200 7302
173.252.95.12 - - [14/Oct/2023:12:43:15 -0500] "GET /san-cristobal-tendra-feria-de-servicios-este-fin-de-semana.html HTTP/1.1" 200 778
173.252.95.15 - - [14/Oct/2023:12:43:15 -0500] "GET /san-cristobal-tendra-feria-de-servicios-este-fin-de-semana.html HTTP/1.1" 200 778
69.63.184.116 - - [14/Oct/2023:12:43:15 -0500] "GET /images/feria-servicios-tramites-19-mayo.jpg HTTP/1.1" 200 40581
173.252.95.9 - - [14/Oct/2023:12:43:16 -0500] "GET /images/feria-servicios-tramites-19-mayo.jpg HTTP/1.1" 200 40581
40.77.167.53 - - [14/Oct/2023:12:43:18 -0500] "GET /BLA/resoluciones/RESOLUCIONES%202007/RES%202007%203201%20AL%203300/RESOLUCION%203270%20DE%202007.pdf HTTP/1.1" 200 1390716
172.22.2.4 - - [14/Oct/2023:12:45:15 -0500] "POST /BLA/boletinlegal/admin/actos/ingresar.php HTTP/1.1" 200 7302
216.245.221.92 - - [14/Oct/2023:12:45:59 -0500] "HEAD / HTTP/1.1" 200 -
172.22.2.4 - - [14/Oct/2023:12:44:49 -0500] "HEAD /BLA/boletinlegal/ HTTP/1.1" 200 -
52.167.144.235 - - [14/Oct/2023:12:47:01 -0500] "GET /portaldeninos/category/sin-categoria/page/4/ HTTP/1.1" 200 96104
201.245.192.253 - - [14/Oct/2023:12:47:13 -0500] "POST /kwsrmcab/Wsrmcab  HTTP/1.1" 200 42851
172.22.2.4 - - [14/Oct/2023:12:45:39 -0500] "GET /BLA/boletinlegal/ HTTP/1.1" 200 58155
172.22.2.4 - - [14/Oct/2023:12:48:01 -0500] "POST /BLA/boletinlegal/admin/actos/ingresar.php HTTP/1.1" 200 7302
66.249.66.19 - - [14/Oct/2023:12:50:44 -0500] "GET /BLA/resoluciones/Notificaciones/AUTOS%202023/2502.pdf HTTP/1.1" 200 384322
216.245.221.92 - - [14/Oct/2023:12:50:59 -0500] "HEAD / HTTP/1.1" 200 -
172.22.2.4 - - [14/Oct/2023:12:51:50 -0500] "POST /BLA/boletinlegal/admin/actos/ingresar.php HTTP/1.1" 200 7302
52.167.144.174 - - [14/Oct/2023:12:51:51 -0500] "GET /BLA/resoluciones/AUTOS%202007/3175.pdf HTTP/1.1" 200 77463
114.119.133.165 - - [14/Oct/2023:12:52:11 -0500] "GET /BLA/resoluciones/index.php?dir=Notificaciones/RESOLUCIONES%2B2014/&sort=name&order=desc HTTP/1.1" 200 13964
201.245.192.253 - - [14/Oct/2023:12:52:12 -0500] "POST /kwsrmcab/Wsrmcab  HTTP/1.1" 200 42851
172.22.2.4 - - [14/Oct/2023:12:50:39 -0500] "HEAD /BLA/boletinlegal/ HTTP/1.1" 200 -
52.167.144.174 - - [14/Oct/2023:12:52:31 -0500] "GET /BLA/resoluciones/AUTOS%202007/1717.pdf HTTP/1.1" 200 33372
172.22.2.4 - - [14/Oct/2023:12:51:29 -0500] "GET /BLA/boletinlegal/ HTTP/1.1" 200 60531
172.22.2.4 - - [14/Oct/2023:12:53:15 -0500] "GET /BLA/boletinlegal/favicon.ico HTTP/1.1" 404 1326
114.119.155.224 - - [14/Oct/2023:12:53:19 -0500] "GET /BLA/resoluciones/index.php?dir=AUTOS%2B2002/ HTTP/1.1" 200 13882
173.252.79.10 - - [14/Oct/2023:12:55:39 -0500] "GET /images/reunion-planta-termovalorizacion-11-mayo.jpg HTTP/1.1" 200 34782
173.252.95.5 - - [14/Oct/2023:12:55:55 -0500] "GET /secretaria-de-ambiente-impone-sancion-por-puntos-de-obra-sin-permiso-en-el-humedal-tibabuyes.html HTTP/1.1" 200 990
173.252.95.14 - - [14/Oct/2023:12:55:55 -0500] "GET /secretaria-de-ambiente-impone-sancion-por-puntos-de-obra-sin-permiso-en-el-humedal-tibabuyes.html HTTP/1.1" 200 990
173.252.87.1 - - [14/Oct/2023:12:55:57 -0500] "GET /images/Sello%201%20JA-2.jpeg HTTP/1.1" 200 42236
216.245.221.92 - - [14/Oct/2023:12:55:59 -0500] "HEAD / HTTP/1.1" 200 -
201.245.192.253 - - [14/Oct/2023:12:57:11 -0500] "POST /kwsrmcab/Wsrmcab  HTTP/1.1" 200 42851
172.22.2.4 - - [14/Oct/2023:12:56:28 -0500] "HEAD /BLA/boletinlegal/ HTTP/1.1" 200 -
172.22.2.4 - - [14/Oct/2023:12:58:25 -0500] "POST /BLA/boletinlegal/admin/actos/ingresar.php HTTP/1.1" 200 7302
172.22.2.4 - - [14/Oct/2023:12:57:19 -0500] "GET /BLA/boletinlegal/ HTTP/1.1" 200 57802
123.126.50.84 - - [14/Oct/2023:12:59:13 -0500] "GET / HTTP/1.1" 200 319
40.77.167.14 - - [14/Oct/2023:13:00:03 -0500] "GET /BLA/resoluciones/AUTOS%202007/3471.pdf HTTP/1.1" 200 63087
172.22.2.4 - - [14/Oct/2023:13:00:58 -0500] "POST /BLA/boletinlegal/admin/actos/ingresar.php HTTP/1.1" 200 7302
216.245.221.92 - - [14/Oct/2023:13:00:59 -0500] "HEAD / HTTP/1.1" 200 -
201.245.192.253 - - [14/Oct/2023:13:02:09 -0500] "POST /kwsrmcab/Wsrmcab  HTTP/1.1" 200 42851
172.22.2.4 - - [14/Oct/2023:13:02:44 -0500] "POST /BLA/boletinlegal/admin/actos/ingresar.php HTTP/1.1" 200 7302
172.22.2.4 - - [14/Oct/2023:13:02:18 -0500] "HEAD /BLA/boletinlegal/ HTTP/1.1" 200 -
172.22.2.4 - - [14/Oct/2023:13:03:09 -0500] "GET /BLA/boletinlegal/ HTTP/1.1" 200 57802
172.22.2.4 - - [14/Oct/2023:13:04:50 -0500] "POST /BLA/boletinlegal/admin/actos/ingresar.php HTTP/1.1" 200 7302
216.245.221.92 - - [14/Oct/2023:13:05:59 -0500] "HEAD / HTTP/1.1" 200 -
114.119.149.43 - - [14/Oct/2023:13:06:19 -0500] "GET /BLA/resoluciones/index.php?dir=Notificaciones/REGISTROS%2B2017/&sort=name&order=desc HTTP/1.1" 200 13955
114.119.151.74 - - [14/Oct/2023:13:07:05 -0500] "GET /BLA/resoluciones/index.php?dir=RESOLUCIONES%2B2009/&sort=date&order=asc HTTP/1.1" 200 13903
201.245.192.253 - - [14/Oct/2023:13:07:09 -0500] "POST /kwsrmcab/Wsrmcab  HTTP/1.1" 200 42851
114.119.156.60 - - [14/Oct/2023:13:08:54 -0500] "GET /BLA/resoluciones/index.php?dir=AUTOS%2B2008/&sort=date&order=asc HTTP/1.1" 200 13882
172.22.2.4 - - [14/Oct/2023:13:08:57 -0500] "POST /BLA/boletinlegal/admin/actos/ingresar.php HTTP/1.1" 200 7302
172.22.2.4 - - [14/Oct/2023:13:08:08 -0500] "HEAD /BLA/boletinlegal/ HTTP/1.1" 200 -
172.22.2.4 - - [14/Oct/2023:13:08:59 -0500] "GET /BLA/boletinlegal/ HTTP/1.1" 200 58155
216.245.221.92 - - [14/Oct/2023:13:10:59 -0500] "HEAD / HTTP/1.1" 200 -
69.63.184.3 - - [14/Oct/2023:13:11:16 -0500] "GET /secretaria-de-ambiente-libero-19-animales-silvestres-en-bogota-en-el-humedal-torca-y-guaymaral.html HTTP/1.1" 200 904
172.22.2.4 - - [14/Oct/2023:13:11:28 -0500] "POST /BLA/boletinlegal/admin/actos/ingresar.php HTTP/1.1" 200 7302
201.245.192.253 - - [14/Oct/2023:13:12:08 -0500] "POST /kwsrmcab/Wsrmcab  HTTP/1.1" 200 42851
66.249.66.39 - - [14/Oct/2023:13:12:53 -0500] "GET /calidad-del-aire-de-bogota-influenciada-por-factores-externos-e-inversiones-termicas.html HTTP/1.1" 200 775
173.252.107.118 - - [14/Oct/2023:13:12:56 -0500] "GET /en-esta-navidad-bogota-esta-mejorando-con-mas-espacios-verdes-para-el-disfrute-de-la-ciudadania.html HTTP/1.1" 200 1114
52.167.144.139 - - [14/Oct/2023:13:13:50 -0500] "GET /forest/ HTTP/1.1" 200 12041
172.22.2.4 - - [14/Oct/2023:13:13:53 -0500] "POST /BLA/boletinlegal/admin/actos/ingresar.php HTTP/1.1" 200 7302
51.222.253.3 - - [14/Oct/2023:13:14:41 -0500] "GET /galeria/galeria/jquery.fancybox.css?v=2.1.5 HTTP/1.1" 200 4895
172.22.2.4 - - [14/Oct/2023:13:13:58 -0500] "HEAD /BLA/boletinlegal/ HTTP/1.1" 200 -
52.167.144.167 - - [14/Oct/2023:13:15:50 -0500] "GET /catalogoisis/ HTTP/1.1" 200 8575
216.245.221.92 - - [14/Oct/2023:13:15:59 -0500] "HEAD / HTTP/1.1" 200 -
172.22.2.4 - - [14/Oct/2023:13:14:49 -0500] "GET /BLA/boletinlegal/ HTTP/1.1" 200 52532
201.245.192.253 - - [14/Oct/2023:13:17:07 -0500] "POST /kwsrmcab/Wsrmcab  HTTP/1.1" 200 42851
201.245.192.253 - - [14/Oct/2023:13:17:56 -0500] "POST /kwsrmcab/Wsrmcab HTTP/1.1" 200 43365
152.202.86.190 - - [14/Oct/2023:13:17:59 -0500] "GET /catalogoisis/ HTTP/1.1" 200 8575
152.202.86.190 - - [14/Oct/2023:13:17:59 -0500] "GET /catalogoisis/Css/Busqueda.css HTTP/1.1" 200 1995
152.202.86.190 - - [14/Oct/2023:13:17:59 -0500] "GET /catalogoisis/Js/AceptarLimpiar.js HTTP/1.1" 200 331
152.202.86.190 - - [14/Oct/2023:13:17:59 -0500] "GET /catalogoisis/Js/CriterioCombinada.js HTTP/1.1" 200 1843
152.202.86.190 - - [14/Oct/2023:13:17:59 -0500] "GET /catalogoisis/Js/Cookies.js HTTP/1.1" 200 1369
152.202.86.190 - - [14/Oct/2023:13:17:59 -0500] "GET /catalogoisis/Js/LimpiarCombinada.js HTTP/1.1" 200 207
152.202.86.190 - - [14/Oct/2023:13:17:59 -0500] "GET /catalogoisis/Js/Remote.js HTTP/1.1" 200 436
152.202.86.190 - - [14/Oct/2023:13:17:59 -0500] "GET /catalogoisis/Js/Go.js HTTP/1.1" 200 364
152.202.86.190 - - [14/Oct/2023:13:17:59 -0500] "GET /catalogoisis/Js/Numero.js HTTP/1.1" 200 398
152.202.86.190 - - [14/Oct/2023:13:17:59 -0500] "GET /catalogoisis/Js/Enter.js HTTP/1.1" 200 1208
152.202.86.190 - - [14/Oct/2023:13:18:00 -0500] "GET /catalogoisis/imagenes/br1c3.gif HTTP/1.1" 200 302
152.202.86.190 - - [14/Oct/2023:13:18:00 -0500] "GET /catalogoisis/imagenes/br1c1.gif HTTP/1.1" 200 172
152.202.86.190 - - [14/Oct/2023:13:18:00 -0500] "GET /catalogoisis/imagenes/Header.gif HTTP/1.1" 200 27040
152.202.86.190 - - [14/Oct/2023:13:18:00 -0500] "GET /catalogoisis/imagenes/br2c2.gif HTTP/1.1" 200 302
152.202.86.190 - - [14/Oct/2023:13:18:00 -0500] "GET /catalogoisis/imagenes/br1c2.gif HTTP/1.1" 200 297
152.202.86.190 - - [14/Oct/2023:13:18:00 -0500] "GET /catalogoisis/imagenes/br2c1.gif HTTP/1.1" 200 297
152.202.86.190 - - [14/Oct/2023:13:18:00 -0500] "GET /catalogoisis/imagenes/br2c3.gif HTTP/1.1" 200 416
152.202.86.190 - - [14/Oct/2023:13:18:00 -0500] "GET /catalogoisis/imagenes/Turnbo1.gif HTTP/1.1" 200 227
152.202.86.190 - - [14/Oct/2023:13:18:00 -0500] "GET /catalogoisis/imagenes/aceptar1.gif HTTP/1.1" 200 604
152.202.86.190 - - [14/Oct/2023:13:18:00 -0500] "GET /catalogoisis/imagenes/limpiar1.gif HTTP/1.1" 200 606
152.202.86.190 - - [14/Oct/2023:13:18:00 -0500] "GET /catalogoisis/imagenes/br3c1.gif HTTP/1.1" 200 177
152.202.86.190 - - [14/Oct/2023:13:18:00 -0500] "GET /catalogoisis/imagenes/br3c2.gif HTTP/1.1" 200 285
152.202.86.190 - - [14/Oct/2023:13:18:00 -0500] "GET /catalogoisis/imagenes/br3c3.gif HTTP/1.1" 200 186
152.202.86.190 - - [14/Oct/2023:13:18:00 -0500] "GET /favicon.ico HTTP/1.1" 200 7782
201.245.192.253 - - [14/Oct/2023:13:17:58 -0500] "POST /kwsrmcab/Wsrmcab HTTP/1.1" 200 39479
173.252.127.14 - - [14/Oct/2023:13:18:28 -0500] "GET /el-agua-recurso-vital-para-la-conservacion-de-los-ecosistemas.html?fbclid=IwAR2a_4VPaHMA_4mof19yUViV05YNRVibSxT_ZCDW5OISk7qyGNdGUuWmcV4 HTTP/1.1" 200 870
172.22.2.4 - - [14/Oct/2023:13:18:29 -0500] "POST /BLA/boletinlegal/admin/actos/ingresar.php HTTP/1.1" 200 7302
216.245.221.92 - - [14/Oct/2023:13:20:59 -0500] "HEAD / HTTP/1.1" 200 -
162.55.173.23 - - [14/Oct/2023:13:21:08 -0500] "GET / HTTP/1.1" 200 4720
162.55.173.23 - - [14/Oct/2023:13:21:10 -0500] "GET / HTTP/1.1" 200 319
172.22.2.4 - - [14/Oct/2023:13:21:24 -0500] "POST /BLA/boletinlegal/admin/actos/ingresar.php HTTP/1.1" 200 7302
172.22.2.4 - - [14/Oct/2023:13:19:48 -0500] "HEAD /BLA/boletinlegal/ HTTP/1.1" 200 -
66.249.66.19 - - [14/Oct/2023:13:20:02 -0500] "GET /BLA/boletinlegal/index.php? HTTP/1.1" 200 47842
201.245.192.253 - - [14/Oct/2023:13:22:07 -0500] "POST /kwsrmcab/Wsrmcab  HTTP/1.1" 200 42851
172.22.2.4 - - [14/Oct/2023:13:20:39 -0500] "GET /BLA/boletinlegal/ HTTP/1.1" 200 49492
172.22.2.4 - - [14/Oct/2023:13:23:51 -0500] "POST /BLA/boletinlegal/admin/actos/ingresar.php HTTP/1.1" 200 7302
5.235.207.48 - - [14/Oct/2023:13:24:08 -0500] "GET / HTTP/1.1" 200 319
40.77.167.254 - - [14/Oct/2023:13:24:36 -0500] "GET /semana-bogota-reverdece-politica-publica-de-accion-climatica-es-una-realidad.html HTTP/1.1" 200 891
172.22.2.4 - - [14/Oct/2023:13:25:49 -0500] "POST /BLA/boletinlegal/admin/actos/ingresar.php HTTP/1.1" 200 7302
216.245.221.92 - - [14/Oct/2023:13:25:59 -0500] "HEAD / HTTP/1.1" 200 -
201.245.192.253 - - [14/Oct/2023:13:27:06 -0500] "POST /kwsrmcab/Wsrmcab  HTTP/1.1" 200 42851
172.22.2.4 - - [14/Oct/2023:13:25:38 -0500] "HEAD /BLA/boletinlegal/ HTTP/1.1" 200 -
201.245.192.253 - - [14/Oct/2023:13:27:56 -0500] "POST /kwsrmcab/Wsrmcab HTTP/1.1" 200 43365
201.245.192.253 - - [14/Oct/2023:13:27:59 -0500] "POST /kwsrmcab/Wsrmcab HTTP/1.1" 200 39479
172.22.2.4 - - [14/Oct/2023:13:26:29 -0500] "GET /BLA/boletinlegal/ HTTP/1.1" 200 52532
216.245.221.92 - - [14/Oct/2023:13:30:59 -0500] "HEAD / HTTP/1.1" 200 -
201.245.192.253 - - [14/Oct/2023:13:32:05 -0500] "POST /kwsrmcab/Wsrmcab  HTTP/1.1" 200 42851
172.22.2.4 - - [14/Oct/2023:13:31:28 -0500] "HEAD /BLA/boletinlegal/ HTTP/1.1" 200 -
172.22.2.4 - - [14/Oct/2023:13:32:19 -0500] "GET /BLA/boletinlegal/ HTTP/1.1" 200 59813
152.203.178.121 - - [14/Oct/2023:13:34:28 -0500] "GET /participa-en-la-convocatoria-para-el-aseguramiento-metrologico-de-la-red-de-monitoreo-de-calidad-del-aire-de-bogota.html HTTP/1.1" 200 848
152.203.178.121 - - [14/Oct/2023:13:34:28 -0500] "GET /favicon.ico HTTP/1.1" 404 1534
114.119.145.163 - - [14/Oct/2023:13:35:57 -0500] "GET /resoluciones/RESOLUCIONES%202007/RES%202007%202901%20AL%203000/RESOLUCION%202997%20DE%202007.pdf HTTP/1.1" 404 1216
216.245.221.92 - - [14/Oct/2023:13:35:59 -0500] "HEAD / HTTP/1.1" 200 -
52.167.144.20 - - [14/Oct/2023:13:36:32 -0500] "GET /BLA/resoluciones/RESOLUCIONES%202023/0502.pdf HTTP/1.1" 200 677663
66.249.66.37 - - [14/Oct/2023:13:36:33 -0500] "GET /en-bosa-distrito-inicio-la-consolidacion-de-las-zonas-urbanas-por-un-mejor-aire.html HTTP/1.1" 304 -
201.245.192.253 - - [14/Oct/2023:13:37:03 -0500] "POST /kwsrmcab/Wsrmcab  HTTP/1.1" 200 42851
201.245.192.253 - - [14/Oct/2023:13:37:56 -0500] "POST /kwsrmcab/Wsrmcab HTTP/1.1" 200 43365
201.245.192.253 - - [14/Oct/2023:13:37:59 -0500] "POST /kwsrmcab/Wsrmcab HTTP/1.1" 200 39479
114.119.130.102 - - [14/Oct/2023:13:38:03 -0500] "GET /BLA/resoluciones/index.php?dir=Notificaciones/RESOLUCIONES%2B2023/&sort=date&order=desc HTTP/1.1" 200 13964
172.22.2.4 - - [14/Oct/2023:13:36:32 -0500] "GET /BLA/boletinlegal/ HTTP/1.1" 200 57802
172.22.2.4 - - [14/Oct/2023:13:37:18 -0500] "HEAD /BLA/boletinlegal/ HTTP/1.1" 200 -
172.22.2.4 - - [14/Oct/2023:13:38:09 -0500] "GET /BLA/boletinlegal/ HTTP/1.1" 200 58155
114.119.132.114 - - [14/Oct/2023:13:40:50 -0500] "GET /BLA/resoluciones/index.php?dir=AUTOS%2B2023/&sort=date&order=asc HTTP/1.1" 200 13882
216.245.221.92 - - [14/Oct/2023:13:40:59 -0500] "HEAD / HTTP/1.1" 200 -
201.245.192.253 - - [14/Oct/2023:13:42:02 -0500] "POST /kwsrmcab/Wsrmcab  HTTP/1.1" 200 42851
40.77.167.44 - - [14/Oct/2023:13:42:18 -0500] "GET /portaldeninos/wp-content/uploads/2020/11/EL-Burro-B-1-50x28.jpg HTTP/1.1" 200 1404
114.119.137.31 - - [14/Oct/2023:13:44:02 -0500] "GET /BLA/resoluciones/index.php?dir=Notificaciones/RESOLUCIONES%2B0217/&sort=date&order=asc HTTP/1.1" 200 13965
172.22.2.4 - - [14/Oct/2023:13:44:06 -0500] "GET /BLA/boletinlegal/actos.php HTTP/1.1" 200 9682
172.22.2.4 - - [14/Oct/2023:13:44:06 -0500] "GET /BLA/boletinlegal/favicon.ico HTTP/1.1" 404 1326
172.22.2.4 - - [14/Oct/2023:13:44:20 -0500] "GET /BLA/boletinlegal/consulta_actos.php?tipo=resoluciones&no=0073&usuario=&sector=&fecha=2023&resuelve= HTTP/1.1" 200 1131
191.156.181.79 - - [14/Oct/2023:13:44:23 -0500] "GET /BLA/resoluciones/RESOLUCIONES%202023/0073.pdf HTTP/1.1" 200 412643
191.156.182.224 - - [14/Oct/2023:13:44:23 -0500] "GET /favicon.ico HTTP/1.1" 200 7782
172.22.2.4 - - [14/Oct/2023:13:43:08 -0500] "HEAD /BLA/boletinlegal/ HTTP/1.1" 200 -
172.22.2.4 - - [14/Oct/2023:13:43:59 -0500] "GET /BLA/boletinlegal/ HTTP/1.1" 200 52900
172.22.2.4 - - [14/Oct/2023:13:44:02 -0500] "GET /BLA/boletinlegal/ HTTP/1.1" 200 53488
216.245.221.92 - - [14/Oct/2023:13:45:59 -0500] "HEAD / HTTP/1.1" 200 -
201.245.192.253 - - [14/Oct/2023:13:47:01 -0500] "POST /kwsrmcab/Wsrmcab  HTTP/1.1" 200 42851
186.155.17.13 - - [14/Oct/2023:13:47:10 -0500] "GET /sipse/faces/autenticacion.xhtml HTTP/1.1" 200 12727
186.155.17.13 - - [14/Oct/2023:13:47:10 -0500] "GET /sipse/faces/javax.faces.resource/layout/layout.css;jsessionid=5ctafMXvrTxMAf7r61TaRMfF.undefined?ln=primefaces&v=4.0 HTTP/1.1" 200 542
186.155.17.13 - - [14/Oct/2023:13:47:10 -0500] "GET /sipse/faces/javax.faces.resource/layout/layout.js;jsessionid=5ctafMXvrTxMAf7r61TaRMfF.undefined?ln=primefaces&v=4.0 HTTP/1.1" 200 87560
186.155.17.13 - - [14/Oct/2023:13:47:10 -0500] "GET /sipse/faces/javax.faces.resource/jquery/jquery.js;jsessionid=5ctafMXvrTxMAf7r61TaRMfF.undefined?ln=primefaces&v=4.0 HTTP/1.1" 200 105384
186.155.17.13 - - [14/Oct/2023:13:47:10 -0500] "GET /sipse/faces/javax.faces.resource/primefaces.css;jsessionid=5ctafMXvrTxMAf7r61TaRMfF.undefined?ln=primefaces&v=4.0 HTTP/1.1" 200 53295
186.155.17.13 - - [14/Oct/2023:13:47:10 -0500] "GET /sipse/faces/javax.faces.resource/theme.css?ln=primefaces-sipse HTTP/1.1" 200 50058
186.155.17.13 - - [14/Oct/2023:13:47:10 -0500] "GET /sipse/faces/javax.faces.resource/jquery/jquery-plugins.js;jsessionid=5ctafMXvrTxMAf7r61TaRMfF.undefined?ln=primefaces&v=4.0 HTTP/1.1" 200 220526
186.155.17.13 - - [14/Oct/2023:13:47:10 -0500] "GET /sipse/faces/javax.faces.resource/primefaces.js;jsessionid=5ctafMXvrTxMAf7r61TaRMfF.undefined?ln=primefaces&v=4.0 HTTP/1.1" 200 276924
186.155.17.13 - - [14/Oct/2023:13:47:11 -0500] "GET /sipse/faces/javax.faces.resource/images/ui-icons_898989_256x240.png?ln=primefaces-aristo HTTP/1.1" 304 -
186.155.17.13 - - [14/Oct/2023:13:47:11 -0500] "GET /sipse/faces/index.xhtml HTTP/1.1" 200 677
186.155.17.13 - - [14/Oct/2023:13:47:11 -0500] "GET /sipse/faces/javax.faces.resource/theme.css?ln=primefaces-sipse HTTP/1.1" 304 -
186.155.17.13 - - [14/Oct/2023:13:47:11 -0500] "GET /sipse/faces/faces/autenticacion.xhtml HTTP/1.1" 200 12405
186.155.17.13 - - [14/Oct/2023:13:47:11 -0500] "GET /sipse/faces/javax.faces.resource/primefaces.css?ln=primefaces&v=4.0 HTTP/1.1" 304 -
186.155.17.13 - - [14/Oct/2023:13:47:11 -0500] "GET /sipse/faces/javax.faces.resource/theme.css?ln=primefaces-sipse HTTP/1.1" 304 -
186.155.17.13 - - [14/Oct/2023:13:47:11 -0500] "GET /sipse/faces/javax.faces.resource/layout/layout.css?ln=primefaces&v=4.0 HTTP/1.1" 304 -
186.155.17.13 - - [14/Oct/2023:13:47:11 -0500] "GET /sipse/faces/javax.faces.resource/jquery/jquery-plugins.js?ln=primefaces&v=4.0 HTTP/1.1" 304 -
186.155.17.13 - - [14/Oct/2023:13:47:11 -0500] "GET /sipse/faces/javax.faces.resource/layout/layout.js?ln=primefaces&v=4.0 HTTP/1.1" 304 -
186.155.17.13 - - [14/Oct/2023:13:47:11 -0500] "GET /sipse/faces/javax.faces.resource/jquery/jquery.js?ln=primefaces&v=4.0 HTTP/1.1" 304 -
186.155.17.13 - - [14/Oct/2023:13:47:11 -0500] "GET /sipse/faces/javax.faces.resource/primefaces.js?ln=primefaces&v=4.0 HTTP/1.1" 304 -
186.155.17.13 - - [14/Oct/2023:13:47:11 -0500] "GET /sipse/faces/javax.faces.resource/images/ui-icons_898989_256x240.png?ln=primefaces-aristo HTTP/1.1" 304 -
186.155.17.13 - - [14/Oct/2023:13:47:14 -0500] "POST /sipse/faces/autenticacion.xhtml HTTP/1.1" 200 2221
186.155.17.13 - - [14/Oct/2023:13:47:14 -0500] "GET /sipse/faces/javax.faces.resource/messages/messages.png?ln=primefaces&v=4.0 HTTP/1.1" 200 27209
186.155.17.13 - - [14/Oct/2023:13:47:15 -0500] "POST /sipse/faces/autenticacion.xhtml HTTP/1.1" 200 16463
186.155.17.13 - - [14/Oct/2023:13:47:15 -0500] "GET /sipse/css/custom_css_sg_prime.css HTTP/1.1" 200 5201
186.155.17.13 - - [14/Oct/2023:13:47:15 -0500] "GET /sipse/faces/javax.faces.resource/jquery/jquery.js?ln=primefaces&v=4.0 HTTP/1.1" 304 -
186.155.17.13 - - [14/Oct/2023:13:47:15 -0500] "GET /sipse/faces/javax.faces.resource/jquery/jquery-plugins.js?ln=primefaces&v=4.0 HTTP/1.1" 304 -
186.155.17.13 - - [14/Oct/2023:13:47:15 -0500] "GET /sipse/faces/javax.faces.resource/primefaces.js?ln=primefaces&v=4.0 HTTP/1.1" 304 -
186.155.17.13 - - [14/Oct/2023:13:47:15 -0500] "GET /sipse/faces/javax.faces.resource/layout/layout.js?ln=primefaces&v=4.0 HTTP/1.1" 304 -
186.155.17.13 - - [14/Oct/2023:13:47:15 -0500] "GET /sipse/css/imagen/contrasena.png HTTP/1.1" 404 383
186.155.17.13 - - [14/Oct/2023:13:47:17 -0500] "GET /sipse/faces/javax.faces.resource/images/ui-bg_flat_0_2d5972_40x100.png?ln=primefaces-aristo HTTP/1.1" 304 -
186.155.17.13 - - [14/Oct/2023:13:47:17 -0500] "POST /sipse/faces/bienvenido.xhtml HTTP/1.1" 200 2073
186.155.17.13 - - [14/Oct/2023:13:47:18 -0500] "POST /sipse/faces/bienvenido.xhtml HTTP/1.1" 200 193
186.155.17.13 - - [14/Oct/2023:13:47:18 -0500] "GET /sipse/faces/presentacion/financiero/solicitudAnulacion/consultarSolicitudAnulacion.xhtml HTTP/1.1" 200 55424
186.155.17.13 - - [14/Oct/2023:13:47:18 -0500] "GET /sipse/faces/javax.faces.resource/theme.css?ln=primefaces-sipse HTTP/1.1" 304 -
186.155.17.13 - - [14/Oct/2023:13:47:18 -0500] "GET /sipse/faces/javax.faces.resource/primefaces.css?ln=primefaces&v=4.0 HTTP/1.1" 304 -
186.155.17.13 - - [14/Oct/2023:13:47:18 -0500] "GET /sipse/faces/javax.faces.resource/jquery/jquery.js?ln=primefaces&v=4.0 HTTP/1.1" 304 -
186.155.17.13 - - [14/Oct/2023:13:47:18 -0500] "GET /sipse/faces/javax.faces.resource/jquery/jquery-plugins.js?ln=primefaces&v=4.0 HTTP/1.1" 304 -
186.155.17.13 - - [14/Oct/2023:13:47:18 -0500] "GET /sipse/faces/javax.faces.resource/layout/layout.css?ln=primefaces&v=4.0 HTTP/1.1" 304 -
186.155.17.13 - - [14/Oct/2023:13:47:18 -0500] "GET /sipse/faces/javax.faces.resource/primefaces.js?ln=primefaces&v=4.0 HTTP/1.1" 304 -
186.155.17.13 - - [14/Oct/2023:13:47:18 -0500] "GET /sipse/faces/javax.faces.resource/layout/layout.js?ln=primefaces&v=4.0 HTTP/1.1" 304 -
186.155.17.13 - - [14/Oct/2023:13:47:18 -0500] "GET /sipse/faces/javax.faces.resource/images/ui-icons_898989_256x240.png?ln=primefaces-aristo HTTP/1.1" 304 -
186.155.17.13 - - [14/Oct/2023:13:47:18 -0500] "GET /sipse/faces/javax.faces.resource/images/ui-bg_flat_0_2d5972_40x100.png?ln=primefaces-aristo HTTP/1.1" 304 -
186.155.17.13 - - [14/Oct/2023:13:47:18 -0500] "POST /sipse/faces/presentacion/financiero/solicitudAnulacion/consultarSolicitudAnulacion.xhtml HTTP/1.1" 200 10676
186.155.17.13 - - [14/Oct/2023:13:47:22 -0500] "POST /sipse/faces/presentacion/financiero/solicitudAnulacion/consultarSolicitudAnulacion.xhtml HTTP/1.1" 200 193
186.155.17.13 - - [14/Oct/2023:13:47:22 -0500] "GET /sipse/faces/presentacion/financiero/solicitudAnulacion/consultarSolicitudAnulacion.xhtml HTTP/1.1" 200 35341
186.155.17.13 - - [14/Oct/2023:13:47:22 -0500] "GET /sipse/faces/javax.faces.resource/theme.css?ln=primefaces-sipse HTTP/1.1" 304 -
186.155.17.13 - - [14/Oct/2023:13:47:22 -0500] "GET /sipse/faces/javax.faces.resource/primefaces.css?ln=primefaces&v=4.0 HTTP/1.1" 304 -
186.155.17.13 - - [14/Oct/2023:13:47:22 -0500] "GET /sipse/faces/javax.faces.resource/layout/layout.css?ln=primefaces&v=4.0 HTTP/1.1" 304 -
186.155.17.13 - - [14/Oct/2023:13:47:22 -0500] "GET /sipse/faces/javax.faces.resource/jquery/jquery.js?ln=primefaces&v=4.0 HTTP/1.1" 304 -
186.155.17.13 - - [14/Oct/2023:13:47:22 -0500] "GET /sipse/faces/javax.faces.resource/jquery/jquery-plugins.js?ln=primefaces&v=4.0 HTTP/1.1" 304 -
186.155.17.13 - - [14/Oct/2023:13:47:22 -0500] "GET /sipse/faces/javax.faces.resource/primefaces.js?ln=primefaces&v=4.0 HTTP/1.1" 304 -
186.155.17.13 - - [14/Oct/2023:13:47:22 -0500] "GET /sipse/faces/javax.faces.resource/layout/layout.js?ln=primefaces&v=4.0 HTTP/1.1" 304 -
186.155.17.13 - - [14/Oct/2023:13:47:22 -0500] "GET /sipse/faces/javax.faces.resource/images/ui-icons_898989_256x240.png?ln=primefaces-aristo HTTP/1.1" 304 -
186.155.17.13 - - [14/Oct/2023:13:47:22 -0500] "GET /sipse/faces/javax.faces.resource/images/ui-bg_flat_0_2d5972_40x100.png?ln=primefaces-aristo HTTP/1.1" 304 -
186.155.17.13 - - [14/Oct/2023:13:47:22 -0500] "POST /sipse/faces/presentacion/financiero/solicitudAnulacion/consultarSolicitudAnulacion.xhtml HTTP/1.1" 200 10616
186.155.17.13 - - [14/Oct/2023:13:47:24 -0500] "POST /sipse/faces/presentacion/financiero/solicitudAnulacion/consultarSolicitudAnulacion.xhtml HTTP/1.1" 200 4074
186.155.17.13 - - [14/Oct/2023:13:47:25 -0500] "POST /sipse/faces/presentacion/financiero/solicitudAnulacion/consultarSolicitudAnulacion.xhtml HTTP/1.1" 200 184
186.155.17.13 - - [14/Oct/2023:13:47:25 -0500] "GET /sipse/faces/presentacion/financiero/solicitudAnulacion/solicitudAnulacion.xhtml HTTP/1.1" 200 32958
186.155.17.13 - - [14/Oct/2023:13:47:25 -0500] "GET /sipse/faces/javax.faces.resource/theme.css?ln=primefaces-sipse HTTP/1.1" 304 -
186.155.17.13 - - [14/Oct/2023:13:47:25 -0500] "GET /sipse/faces/javax.faces.resource/primefaces.css?ln=primefaces&v=4.0 HTTP/1.1" 304 -
186.155.17.13 - - [14/Oct/2023:13:47:25 -0500] "GET /sipse/faces/javax.faces.resource/layout/layout.css?ln=primefaces&v=4.0 HTTP/1.1" 304 -
186.155.17.13 - - [14/Oct/2023:13:47:25 -0500] "GET /sipse/faces/javax.faces.resource/jquery/jquery.js?ln=primefaces&v=4.0 HTTP/1.1" 304 -
186.155.17.13 - - [14/Oct/2023:13:47:25 -0500] "GET /sipse/faces/javax.faces.resource/jquery/jquery-plugins.js?ln=primefaces&v=4.0 HTTP/1.1" 304 -
186.155.17.13 - - [14/Oct/2023:13:47:25 -0500] "GET /sipse/faces/javax.faces.resource/primefaces.js?ln=primefaces&v=4.0 HTTP/1.1" 304 -
186.155.17.13 - - [14/Oct/2023:13:47:25 -0500] "GET /sipse/faces/javax.faces.resource/layout/layout.js?ln=primefaces&v=4.0 HTTP/1.1" 304 -
186.155.17.13 - - [14/Oct/2023:13:47:25 -0500] "GET /sipse/faces/javax.faces.resource/images/ui-icons_898989_256x240.png?ln=primefaces-aristo HTTP/1.1" 304 -
186.155.17.13 - - [14/Oct/2023:13:47:25 -0500] "GET /sipse/faces/javax.faces.resource/images/ui-bg_flat_0_2d5972_40x100.png?ln=primefaces-aristo HTTP/1.1" 304 -
186.155.17.13 - - [14/Oct/2023:13:47:25 -0500] "POST /sipse/faces/presentacion/financiero/solicitudAnulacion/solicitudAnulacion.xhtml HTTP/1.1" 200 28503
3.94.107.147 - - [14/Oct/2023:13:49:05 -0500] "GET /.git/config HTTP/1.1" 404 1022
186.155.17.13 - - [14/Oct/2023:13:49:37 -0500] "POST /sipse/faces/presentacion/financiero/solicitudAnulacion/solicitudAnulacion.xhtml HTTP/1.1" 200 64111
186.155.17.13 - - [14/Oct/2023:13:49:37 -0500] "GET /sipse/faces/javax.faces.resource/jquery/jquery.js?ln=primefaces&v=4.0 HTTP/1.1" 304 -
186.155.17.13 - - [14/Oct/2023:13:49:37 -0500] "GET /sipse/faces/javax.faces.resource/jquery/jquery-plugins.js?ln=primefaces&v=4.0 HTTP/1.1" 304 -
186.155.17.13 - - [14/Oct/2023:13:49:37 -0500] "GET /sipse/faces/javax.faces.resource/primefaces.js?ln=primefaces&v=4.0 HTTP/1.1" 304 -
186.155.17.13 - - [14/Oct/2023:13:49:37 -0500] "GET /sipse/faces/javax.faces.resource/layout/layout.js?ln=primefaces&v=4.0 HTTP/1.1" 304 -
186.155.17.13 - - [14/Oct/2023:13:49:37 -0500] "POST /sipse/faces/presentacion/financiero/solicitudProceso/listarSolicitudProceso.xhtml HTTP/1.1" 200 1560
186.155.17.13 - - [14/Oct/2023:13:49:40 -0500] "POST /sipse/faces/presentacion/financiero/solicitudProceso/listarSolicitudProceso.xhtml HTTP/1.1" 200 13453
123.6.49.15 - - [14/Oct/2023:13:50:06 -0500] "GET / HTTP/1.1" 200 319
172.22.2.4 - - [14/Oct/2023:13:48:58 -0500] "HEAD /BLA/boletinlegal/ HTTP/1.1" 200 -
40.77.167.75 - - [14/Oct/2023:13:50:41 -0500] "GET /BLA/boletinlegal/Circulares/2012/Circular%20No.%2014%20del%2011%20de%20Septiembre%20de%202012.pdf HTTP/1.1" 200 3427471
216.245.221.92 - - [14/Oct/2023:13:50:59 -0500] "HEAD / HTTP/1.1" 200 -
172.22.2.4 - - [14/Oct/2023:13:49:49 -0500] "GET /BLA/boletinlegal/ HTTP/1.1" 200 60175
201.245.192.253 - - [14/Oct/2023:13:52:00 -0500] "POST /kwsrmcab/Wsrmcab  HTTP/1.1" 200 42851
186.102.94.40 - - [14/Oct/2023:13:53:48 -0500] "GET /kwssiamovil/sm/ldap/au?x=U2FsdGVkX18eDSPL8anBfnHVyEMoNmiF6mIuUDAt+YgTfLberkosdad9ok4/1VFf&y=U2FsdGVkX181BoOR7m+8GzWXcmtr/rDghoTcLRfAmsI= HTTP/1.1" 200 30
186.102.94.40 - - [14/Oct/2023:13:53:48 -0500] "GET /kwssiamovil/sm/acme/s?s=U2FsdGVkX18mz3Xuq5FKGkqVg1e7TgSTnGe1HNYaBrpechyhRYnbU0IpjskSUFwRaTsEx8BjYaNtoqLx9EQFsV70ejtQmxfjAeNW9DVw56A=&u=U2FsdGVkX1/O27zKvpJWnjpv1XEl6D6ngrL8sWT1hIE=&y=U2FsdGVkX181BoOR7m+8GzWXcmtr/rDghoTcLRfAmsI= HTTP/1.1" 200 97
186.102.94.40 - - [14/Oct/2023:13:53:48 -0500] "GET /kwssiamovil/sm/acme/s?s=U2FsdGVkX1/HvfO/FRVEf5P9M7bg7qIjA+lsxCdfMlnvlx2nCZ5tbo2ewzJx8CsnCJrbvBPTH86lBqh6esTd8RJzP05gwb5wX85n6wKos/oGzep36mQ5tMfOG5VRKRoxE2pgyyC2w6na/EmGMZ5+Cqc0hdXjiNWoN/QTjnis1QxbX0ID+K36yBdRyvcbRPoehW7krk30U7A5lWFo/88Ips9ULErR1kXsTmtR+qyuc9ldL2k/cFw1s38CFrWXlBan08vElsGCbLkyh4RBkXNogZAqJvcf1Q1tlOwNOlQsvoPsJce1U8XDIk72hfdkZ9n16r9m3HxE0n//pLHod8HYxU54CcjGA7h4XyFpTZucDIDmjtm3exWN3mgsSx+SrPPidj6URdTPmH2md237030M++InGRPSA2ApzWa6aL9ajxm6B8tp3fDwPaj3+OY0s2SYEXvcQKzF2kdkiBEs5EIU2sSsqqDbcS+aOoPN24nOiGJ1/tvcfEWrFhc3bfM3kyllTojKOdIdgckb7plaZu88gRXPEz3kUiIm5YANNUko68yM4oDopLPUsqYGA+jLAOt9kNSRkSitftcIAEc2m0+O37yBPCTIevbMWMH7kUdMI38WrhrgS4isKyAU2MPxDJi3QEhPnekeEtF1ArxkQO+AZWtj4Y9941bns3aROMeSy39BKGYqYbm/M0IWkxo1XxLsGJjQ8GO+oUO92vsFr/21FjLjGyEiV4OK7W95BnsMre8dMeWsJlLytCqheHm0ayoiQchchRLoM6n/JKQObN7fmSjm6JtTwiPaesIvix5bzavXpZcquh0CARCtxF5o5voNLhRzXXm92ZEtU89P8aM2V9ugmZ3Da67+rRFuGssD/G+R2qPr2p1egp33hcfOzQYCPxR0eE4SMR4YsQKktHvwq3gEuQgGwAOQ48u9lKebXjeRQH+amsExPZO7aZ5owAIgRJgRxsjDTqU7+nCILf8pSDzPhmSHdMvkNnxy6hBL32NQ6Tk0M4zb8il2b2lYSPHv8h9ZvP8yL6KmXO9avIy+PPKEPVkl91E9Fr4RoKp/drYOQUPyOF39gDpshRUL8CozAUy/nTbXwK1LHbS+uX5PM8aaYfMCU6p8cf55IdJIsmvYYx5/R/8ICedme/jHti/a498KRb2gN0BVfHAObydkCpFRjfgjpTuHsB7+81PZzvQC0UAfCwmdrAbv0Hy5xh9H9UqU6KOAVacjdX1r/FamCuTz33hZlHSLlIwGXiyMwsahqKDOhp+DSfgKMCUaDIuiLkHPKMc4BSKU0Pa/yGIThSXf0iST5w5ojT2j8Zu5d6qTsC9H1gE5HB8aA3h90wlKFGSMjnK27FzeOO/e3SQha9Wve0rs2UOM7/bM4BGNVJodHlDxwtW/7k+26Fti1JQXjB7mJ70oSghHbJWlu5U9ZMfoZH8Nx6s+/Z1GrbXEs0U=&u=U2FsdGVkX1/O27zKvpJWnjpv1XEl6D6ngrL8sWT1hIE=&y=U2FsdGVkX181BoOR7m+8GzWXcmtr/rDghoTcLRfAmsI= HTTP/1.1" 200 3334
186.102.94.40 - - [14/Oct/2023:13:53:49 -0500] "GET /kwssiamovil/sm/acme/s?s=U2FsdGVkX1/dFUY0hyxT1z4afjCVoHTNxW3GIqC7YbCEE9GlXWBhBrfmv1DgnF/65v0Po0kPm6FqFEWLTwy5eBfCikWBXYGL1DFeMWgOxYkjfE9ar3sSZCe4AyVUkaoR3ribUUHtNakdRsQ7nUSAo1/D+wWnDY7+nQc6C+UOOM+bTtBDXDvJnd0y2woeFP8NzV2BMd5V7X3Ut7MM5z732R44Tw3MGcXmpQfnTZfboKeiirJTrknW9zU+jVALY9k3cjA1jGo5cqotDDIiCuxlBRpDoHck9+Xa3K79+1BZg/F3TFOE8UrYaZMBoUpvN9LY+VFIXG/wThoUCUuayVlCdA==&u=U2FsdGVkX1/O27zKvpJWnjpv1XEl6D6ngrL8sWT1hIE=&y=U2FsdGVkX181BoOR7m+8GzWXcmtr/rDghoTcLRfAmsI= HTTP/1.1" 200 196
186.102.94.40 - - [14/Oct/2023:13:53:49 -0500] "GET /kwssiamovil/sm/cjson/pre?f=1&x=U2FsdGVkX18eDSPL8anBfnHVyEMoNmiF6mIuUDAt+YgTfLberkosdad9ok4/1VFf HTTP/1.1" 200 31032
186.155.16.168 - - [14/Oct/2023:13:54:01 -0500] "GET /bogota-reverdece-100-nuevos-arboles-para-el-humedal-capellania.html HTTP/1.1" 200 807
216.245.221.92 - - [14/Oct/2023:13:55:59 -0500] "HEAD / HTTP/1.1" 200 -
172.22.2.4 - - [14/Oct/2023:13:54:48 -0500] "HEAD /BLA/boletinlegal/ HTTP/1.1" 200 -
201.245.192.253 - - [14/Oct/2023:13:56:59 -0500] "POST /kwsrmcab/Wsrmcab  HTTP/1.1" 200 42851
172.22.2.4 - - [14/Oct/2023:13:55:39 -0500] "GET /BLA/boletinlegal/ HTTP/1.1" 200 57802
186.84.22.254 - - [14/Oct/2023:13:59:12 -0500] "GET /sipse/faces/presentacion/financiero/solicitudProceso/consultarSolicitudProceso.xhtml HTTP/1.1" 302 -
186.84.22.254 - - [14/Oct/2023:13:59:12 -0500] "GET /sipse/faces/autenticacion.xhtml HTTP/1.1" 200 12405
186.84.22.254 - - [14/Oct/2023:13:59:13 -0500] "GET /sipse/js/disable_browser_buttons.js HTTP/1.1" 200 3230
186.84.22.254 - - [14/Oct/2023:13:59:13 -0500] "GET /sipse/js/funciones.js HTTP/1.1" 200 12592
186.84.22.254 - - [14/Oct/2023:13:59:13 -0500] "GET /sipse/css/custom_css_sg.css HTTP/1.1" 200 9694
186.84.22.254 - - [14/Oct/2023:13:59:13 -0500] "GET /sipse/css/custom_css_sg_prime_login.css HTTP/1.1" 200 443
186.84.22.254 - - [14/Oct/2023:13:59:13 -0500] "GET /sipse/faces/javax.faces.resource/theme.css?ln=primefaces-sipse HTTP/1.1" 304 -
186.84.22.254 - - [14/Oct/2023:13:59:13 -0500] "GET /sipse/faces/javax.faces.resource/layout/layout.css?ln=primefaces&v=4.0 HTTP/1.1" 304 -
186.84.22.254 - - [14/Oct/2023:13:59:13 -0500] "GET /sipse/faces/javax.faces.resource/primefaces.css?ln=primefaces&v=4.0 HTTP/1.1" 304 -
186.84.22.254 - - [14/Oct/2023:13:59:13 -0500] "GET /sipse/faces/javax.faces.resource/jquery/jquery.js?ln=primefaces&v=4.0 HTTP/1.1" 304 -
186.84.22.254 - - [14/Oct/2023:13:59:13 -0500] "GET /sipse/faces/javax.faces.resource/jquery/jquery-plugins.js?ln=primefaces&v=4.0 HTTP/1.1" 304 -
186.84.22.254 - - [14/Oct/2023:13:59:13 -0500] "GET /sipse/faces/javax.faces.resource/layout/layout.js?ln=primefaces&v=4.0 HTTP/1.1" 304 -
186.84.22.254 - - [14/Oct/2023:13:59:13 -0500] "GET /sipse/faces/javax.faces.resource/primefaces.js?ln=primefaces&v=4.0 HTTP/1.1" 304 -
186.84.22.254 - - [14/Oct/2023:13:59:13 -0500] "GET /sipse/css/imagen/logoSDG.png HTTP/1.1" 200 53064
186.84.22.254 - - [14/Oct/2023:13:59:13 -0500] "GET /sipse/css/imagen/loginimg.png HTTP/1.1" 200 71635
186.84.22.254 - - [14/Oct/2023:13:59:13 -0500] "GET /sipse/faces/javax.faces.resource/images/ui-icons_898989_256x240.png?ln=primefaces-aristo HTTP/1.1" 304 -
186.84.22.254 - - [14/Oct/2023:13:59:13 -0500] "GET /sipse/faces/index.xhtml HTTP/1.1" 200 677
186.84.22.254 - - [14/Oct/2023:13:59:13 -0500] "GET /sipse/faces/javax.faces.resource/theme.css?ln=primefaces-sipse HTTP/1.1" 304 -
186.84.22.254 - - [14/Oct/2023:13:59:13 -0500] "GET /sipse/faces/faces/autenticacion.xhtml HTTP/1.1" 200 12405
186.84.22.254 - - [14/Oct/2023:13:59:13 -0500] "GET /sipse/faces/javax.faces.resource/jquery/jquery-plugins.js?ln=primefaces&v=4.0 HTTP/1.1" 304 -
186.84.22.254 - - [14/Oct/2023:13:59:13 -0500] "GET /sipse/faces/javax.faces.resource/theme.css?ln=primefaces-sipse HTTP/1.1" 304 -
186.84.22.254 - - [14/Oct/2023:13:59:13 -0500] "GET /sipse/faces/javax.faces.resource/layout/layout.css?ln=primefaces&v=4.0 HTTP/1.1" 304 -
186.84.22.254 - - [14/Oct/2023:13:59:13 -0500] "GET /sipse/faces/javax.faces.resource/primefaces.js?ln=primefaces&v=4.0 HTTP/1.1" 304 -
186.84.22.254 - - [14/Oct/2023:13:59:13 -0500] "GET /sipse/faces/javax.faces.resource/primefaces.css?ln=primefaces&v=4.0 HTTP/1.1" 304 -
186.84.22.254 - - [14/Oct/2023:13:59:13 -0500] "GET /sipse/faces/javax.faces.resource/jquery/jquery.js?ln=primefaces&v=4.0 HTTP/1.1" 304 -
186.84.22.254 - - [14/Oct/2023:13:59:13 -0500] "GET /sipse/faces/javax.faces.resource/layout/layout.js?ln=primefaces&v=4.0 HTTP/1.1" 304 -
186.84.22.254 - - [14/Oct/2023:13:59:18 -0500] "POST /sipse/faces/autenticacion.xhtml HTTP/1.1" 200 2218
186.84.22.254 - - [14/Oct/2023:13:59:18 -0500] "GET /sipse/faces/javax.faces.resource/messages/messages.png?ln=primefaces&v=4.0 HTTP/1.1" 304 -
186.84.22.254 - - [14/Oct/2023:13:59:19 -0500] "GET /sipse/faces/javax.faces.resource/images/ui-icons_898989_256x240.png?ln=primefaces-aristo HTTP/1.1" 304 -
186.84.22.254 - - [14/Oct/2023:13:59:19 -0500] "POST /sipse/faces/autenticacion.xhtml HTTP/1.1" 200 16471
186.84.22.254 - - [14/Oct/2023:13:59:19 -0500] "GET /sipse/css/custom_css_sg_prime.css HTTP/1.1" 200 5201
186.84.22.254 - - [14/Oct/2023:13:59:19 -0500] "GET /sipse/faces/javax.faces.resource/primefaces.css?ln=primefaces&v=4.0 HTTP/1.1" 304 -
186.84.22.254 - - [14/Oct/2023:13:59:19 -0500] "GET /sipse/faces/javax.faces.resource/theme.css?ln=primefaces-sipse HTTP/1.1" 304 -
186.84.22.254 - - [14/Oct/2023:13:59:19 -0500] "GET /sipse/faces/javax.faces.resource/layout/layout.css?ln=primefaces&v=4.0 HTTP/1.1" 304 -
186.84.22.254 - - [14/Oct/2023:13:59:20 -0500] "GET /sipse/js/jquery.min.js HTTP/1.1" 200 85582
186.84.22.254 - - [14/Oct/2023:13:59:20 -0500] "GET /sipse/faces/javax.faces.resource/jquery/jquery.js?ln=primefaces&v=4.0 HTTP/1.1" 304 -
186.84.22.254 - - [14/Oct/2023:13:59:20 -0500] "GET /sipse/faces/javax.faces.resource/jquery/jquery-plugins.js?ln=primefaces&v=4.0 HTTP/1.1" 304 -
186.84.22.254 - - [14/Oct/2023:13:59:20 -0500] "GET /sipse/faces/javax.faces.resource/primefaces.js?ln=primefaces&v=4.0 HTTP/1.1" 304 -
186.84.22.254 - - [14/Oct/2023:13:59:20 -0500] "GET /sipse/faces/javax.faces.resource/layout/layout.js?ln=primefaces&v=4.0 HTTP/1.1" 304 -
186.84.22.254 - - [14/Oct/2023:13:59:20 -0500] "GET /sipse/css/v_mergente.css HTTP/1.1" 200 1505
186.84.22.254 - - [14/Oct/2023:13:59:20 -0500] "GET /sipse/css/imagen/contrasena.png HTTP/1.1" 404 383
186.84.22.254 - - [14/Oct/2023:13:59:20 -0500] "GET /sipse/imagenes/cargando.gif HTTP/1.1" 200 36959
186.84.22.254 - - [14/Oct/2023:13:59:20 -0500] "GET /sipse/imagenes/logoAplicacion.jpg HTTP/1.1" 200 155084
186.84.22.254 - - [14/Oct/2023:13:59:22 -0500] "GET /sipse/faces/javax.faces.resource/images/ui-bg_flat_0_2d5972_40x100.png?ln=primefaces-aristo HTTP/1.1" 304 -
186.84.22.254 - - [14/Oct/2023:13:59:22 -0500] "POST /sipse/faces/bienvenido.xhtml HTTP/1.1" 200 2073
186.84.22.254 - - [14/Oct/2023:13:59:23 -0500] "POST /sipse/faces/bienvenido.xhtml HTTP/1.1" 200 39102
186.84.22.254 - - [14/Oct/2023:13:59:23 -0500] "GET /sipse/faces/javax.faces.resource/theme.css?ln=primefaces-sipse HTTP/1.1" 304 -
186.84.22.254 - - [14/Oct/2023:13:59:23 -0500] "GET /sipse/faces/javax.faces.resource/primefaces.css?ln=primefaces&v=4.0 HTTP/1.1" 304 -
186.84.22.254 - - [14/Oct/2023:13:59:23 -0500] "GET /sipse/faces/javax.faces.resource/layout/layout.css?ln=primefaces&v=4.0 HTTP/1.1" 304 -
186.84.22.254 - - [14/Oct/2023:13:59:23 -0500] "GET /sipse/faces/javax.faces.resource/jquery/jquery.js?ln=primefaces&v=4.0 HTTP/1.1" 304 -
186.84.22.254 - - [14/Oct/2023:13:59:23 -0500] "GET /sipse/faces/javax.faces.resource/jquery/jquery-plugins.js?ln=primefaces&v=4.0 HTTP/1.1" 304 -
186.84.22.254 - - [14/Oct/2023:13:59:23 -0500] "GET /sipse/faces/javax.faces.resource/primefaces.js?ln=primefaces&v=4.0 HTTP/1.1" 304 -
186.84.22.254 - - [14/Oct/2023:13:59:23 -0500] "GET /sipse/faces/javax.faces.resource/layout/layout.js?ln=primefaces&v=4.0 HTTP/1.1" 304 -
186.84.22.254 - - [14/Oct/2023:13:59:24 -0500] "POST /sipse/faces/presentacion/financiero/solicitudProceso/consultar.xhtml HTTP/1.1" 200 42125
186.84.22.254 - - [14/Oct/2023:13:59:48 -0500] "POST /sipse/faces/presentacion/financiero/solicitudProceso/consultar.xhtml HTTP/1.1" 200 5995
186.84.22.254 - - [14/Oct/2023:13:59:48 -0500] "POST /sipse/faces/presentacion/financiero/solicitudProceso/consultar.xhtml HTTP/1.1" 200 5999
186.84.22.254 - - [14/Oct/2023:13:59:53 -0500] "POST /sipse/faces/presentacion/financiero/solicitudProceso/consultar.xhtml HTTP/1.1" 200 139220
186.84.22.254 - - [14/Oct/2023:13:59:53 -0500] "GET /sipse/faces/javax.faces.resource/theme.css?ln=primefaces-sipse HTTP/1.1" 304 -
186.84.22.254 - - [14/Oct/2023:13:59:53 -0500] "GET /sipse/faces/javax.faces.resource/primefaces.css?ln=primefaces&v=4.0 HTTP/1.1" 304 -
186.84.22.254 - - [14/Oct/2023:13:59:53 -0500] "GET /sipse/faces/javax.faces.resource/layout/layout.css?ln=primefaces&v=4.0 HTTP/1.1" 304 -
186.84.22.254 - - [14/Oct/2023:13:59:53 -0500] "GET /sipse/faces/javax.faces.resource/jquery/jquery.js?ln=primefaces&v=4.0 HTTP/1.1" 304 -
186.84.22.254 - - [14/Oct/2023:13:59:53 -0500] "GET /sipse/faces/javax.faces.resource/jquery/jquery-plugins.js?ln=primefaces&v=4.0 HTTP/1.1" 304 -
186.84.22.254 - - [14/Oct/2023:13:59:53 -0500] "GET /sipse/faces/javax.faces.resource/primefaces.js?ln=primefaces&v=4.0 HTTP/1.1" 304 -
186.84.22.254 - - [14/Oct/2023:13:59:54 -0500] "GET /sipse/faces/javax.faces.resource/layout/layout.js?ln=primefaces&v=4.0 HTTP/1.1" 304 -
27.115.124.45 - - [14/Oct/2023:13:59:58 -0500] "GET /sipse/faces/faces/autenticacion.xhtml HTTP/1.1" 200 12727
27.115.124.45 - - [14/Oct/2023:13:59:58 -0500] "GET /sipse/js/disable_browser_buttons.js HTTP/1.1" 200 3230
27.115.124.38 - - [14/Oct/2023:13:59:59 -0500] "GET /sipse/css/custom_css_sg.css HTTP/1.1" 200 9694
27.115.124.45 - - [14/Oct/2023:13:59:59 -0500] "GET /sipse/css/custom_css_sg_prime_login.css HTTP/1.1" 200 443
