27.115.124.38 - - [14/Oct/2023:14:00:00 -0500] "GET /sipse/faces/javax.faces.resource/layout/layout.css;jsessionid=udPl2em7xvH9pgNbIxlUDbz7.undefined?ln=primefaces&v=4.0 HTTP/1.1" 200 542
27.115.124.38 - - [14/Oct/2023:14:00:00 -0500] "GET /sipse/js/funciones.js HTTP/1.1" 200 12592
27.115.124.45 - - [14/Oct/2023:14:00:00 -0500] "GET /sipse/faces/javax.faces.resource/primefaces.css;jsessionid=udPl2em7xvH9pgNbIxlUDbz7.undefined?ln=primefaces&v=4.0 HTTP/1.1" 200 53295
27.115.124.45 - - [14/Oct/2023:13:59:59 -0500] "GET /sipse/faces/javax.faces.resource/theme.css?ln=primefaces-sipse HTTP/1.1" 200 50058
27.115.124.38 - - [14/Oct/2023:14:00:00 -0500] "GET /sipse/faces/javax.faces.resource/jquery/jquery.js;jsessionid=udPl2em7xvH9pgNbIxlUDbz7.undefined?ln=primefaces&v=4.0 HTTP/1.1" 200 105384
27.115.124.45 - - [14/Oct/2023:14:00:01 -0500] "GET /sipse/faces/javax.faces.resource/jquery/jquery-plugins.js;jsessionid=udPl2em7xvH9pgNbIxlUDbz7.undefined?ln=primefaces&v=4.0 HTTP/1.1" 200 220526
186.84.22.254 - - [14/Oct/2023:14:00:04 -0500] "POST /sipse/faces/presentacion/financiero/solicitudProceso/consultarSolicitudProceso.xhtml HTTP/1.1" 200 34451
186.84.22.254 - - [14/Oct/2023:14:00:04 -0500] "GET /sipse/faces/javax.faces.resource/theme.css?ln=primefaces-sipse HTTP/1.1" 304 -
186.84.22.254 - - [14/Oct/2023:14:00:04 -0500] "GET /sipse/faces/javax.faces.resource/layout/layout.css?ln=primefaces&v=4.0 HTTP/1.1" 304 -
186.84.22.254 - - [14/Oct/2023:14:00:04 -0500] "GET /sipse/faces/javax.faces.resource/primefaces.css?ln=primefaces&v=4.0 HTTP/1.1" 304 -
186.84.22.254 - - [14/Oct/2023:14:00:04 -0500] "GET /sipse/faces/javax.faces.resource/jquery/jquery.js?ln=primefaces&v=4.0 HTTP/1.1" 304 -
186.84.22.254 - - [14/Oct/2023:14:00:04 -0500] "GET /sipse/faces/javax.faces.resource/primefaces.js?ln=primefaces&v=4.0 HTTP/1.1" 304 -
186.84.22.254 - - [14/Oct/2023:14:00:04 -0500] "GET /sipse/faces/javax.faces.resource/jquery/jquery-plugins.js?ln=primefaces&v=4.0 HTTP/1.1" 304 -
186.84.22.254 - - [14/Oct/2023:14:00:04 -0500] "GET /sipse/faces/javax.faces.resource/layout/layout.js?ln=primefaces&v=4.0 HTTP/1.1" 304 -
27.115.124.118 - - [14/Oct/2023:14:00:02 -0500] "GET /sipse/faces/javax.faces.resource/layout/layout.js;jsessionid=udPl2em7xvH9pgNbIxlUDbz7.undefined?ln=primefaces&v=4.0 HTTP/1.1" 200 87560
27.115.124.45 - - [14/Oct/2023:14:00:02 -0500] "GET /sipse/faces/javax.faces.resource/primefaces.js;jsessionid=udPl2em7xvH9pgNbIxlUDbz7.undefined?ln=primefaces&v=4.0 HTTP/1.1" 200 155648
186.84.22.254 - - [14/Oct/2023:14:00:19 -0500] "GET /sipse/faces/javax.faces.resource/theme.css?ln=primefaces-sipse HTTP/1.1" 304 -
186.84.22.254 - - [14/Oct/2023:14:00:19 -0500] "GET /sipse/faces/javax.faces.resource/layout/layout.css?ln=primefaces&v=4.0 HTTP/1.1" 304 -
186.84.22.254 - - [14/Oct/2023:14:00:19 -0500] "GET /sipse/faces/javax.faces.resource/primefaces.css?ln=primefaces&v=4.0 HTTP/1.1" 304 -
186.84.22.254 - - [14/Oct/2023:14:00:19 -0500] "GET /sipse/faces/javax.faces.resource/jquery/jquery-plugins.js?ln=primefaces&v=4.0 HTTP/1.1" 304 -
186.84.22.254 - - [14/Oct/2023:14:00:19 -0500] "GET /sipse/faces/javax.faces.resource/jquery/jquery.js?ln=primefaces&v=4.0 HTTP/1.1" 304 -
186.84.22.254 - - [14/Oct/2023:14:00:19 -0500] "GET /sipse/faces/javax.faces.resource/primefaces.js?ln=primefaces&v=4.0 HTTP/1.1" 304 -
186.84.22.254 - - [14/Oct/2023:14:00:19 -0500] "GET /sipse/faces/javax.faces.resource/layout/layout.js?ln=primefaces&v=4.0 HTTP/1.1" 304 -
186.84.22.254 - - [14/Oct/2023:14:00:18 -0500] "POST /sipse/faces/presentacion/financiero/solicitudProceso/consultarHistorialSolProceso.xhtml HTTP/1.1" 200 184630
186.84.22.254 - - [14/Oct/2023:14:00:29 -0500] "POST /sipse/faces/presentacion/financiero/solicitudProceso/consultarSolicitudProceso.xhtml HTTP/1.1" 200 75108
186.84.22.254 - - [14/Oct/2023:14:00:29 -0500] "GET /sipse/faces/javax.faces.resource/theme.css?ln=primefaces-sipse HTTP/1.1" 304 -
186.84.22.254 - - [14/Oct/2023:14:00:29 -0500] "GET /sipse/faces/javax.faces.resource/primefaces.css?ln=primefaces&v=4.0 HTTP/1.1" 304 -
186.84.22.254 - - [14/Oct/2023:14:00:29 -0500] "GET /sipse/faces/javax.faces.resource/jquery/jquery.js?ln=primefaces&v=4.0 HTTP/1.1" 304 -
186.84.22.254 - - [14/Oct/2023:14:00:29 -0500] "GET /sipse/faces/javax.faces.resource/primefaces.js?ln=primefaces&v=4.0 HTTP/1.1" 304 -
186.84.22.254 - - [14/Oct/2023:14:00:29 -0500] "GET /sipse/faces/javax.faces.resource/layout/layout.js?ln=primefaces&v=4.0 HTTP/1.1" 304 -
186.84.22.254 - - [14/Oct/2023:14:00:29 -0500] "GET /sipse/faces/javax.faces.resource/jquery/jquery-plugins.js?ln=primefaces&v=4.0 HTTP/1.1" 304 -
186.84.22.254 - - [14/Oct/2023:14:00:29 -0500] "GET /sipse/faces/javax.faces.resource/layout/layout.css?ln=primefaces&v=4.0 HTTP/1.1" 304 -
186.84.22.254 - - [14/Oct/2023:14:00:42 -0500] "POST /sipse/faces/presentacion/financiero/solicitudProceso/consultar.xhtml HTTP/1.1" 200 6255
186.84.22.254 - - [14/Oct/2023:14:00:49 -0500] "POST /sipse/faces/presentacion/financiero/solicitudProceso/consultar.xhtml HTTP/1.1" 200 25953
186.84.22.254 - - [14/Oct/2023:14:00:50 -0500] "POST /sipse/faces/presentacion/financiero/solicitudProceso/consultar.xhtml HTTP/1.1" 200 30966
186.84.22.254 - - [14/Oct/2023:14:00:51 -0500] "POST /sipse/faces/presentacion/financiero/solicitudProceso/consultar.xhtml HTTP/1.1" 200 31326
186.84.22.254 - - [14/Oct/2023:14:00:52 -0500] "POST /sipse/faces/presentacion/financiero/solicitudProceso/consultar.xhtml HTTP/1.1" 200 31261
186.84.22.254 - - [14/Oct/2023:14:00:53 -0500] "POST /sipse/faces/presentacion/financiero/solicitudProceso/consultar.xhtml HTTP/1.1" 200 30776
186.84.22.254 - - [14/Oct/2023:14:00:54 -0500] "POST /sipse/faces/presentacion/financiero/solicitudProceso/consultar.xhtml HTTP/1.1" 200 8801
186.84.22.254 - - [14/Oct/2023:14:00:54 -0500] "POST /sipse/faces/presentacion/financiero/solicitudProceso/consultar.xhtml HTTP/1.1" 200 8801
216.245.221.92 - - [14/Oct/2023:14:00:59 -0500] "HEAD / HTTP/1.1" 200 -
186.84.22.254 - - [14/Oct/2023:14:01:02 -0500] "POST /sipse/faces/presentacion/financiero/solicitudProceso/consultar.xhtml HTTP/1.1" 200 30772
186.84.22.254 - - [14/Oct/2023:14:01:03 -0500] "POST /sipse/faces/presentacion/financiero/solicitudProceso/consultar.xhtml HTTP/1.1" 200 31265
186.84.22.254 - - [14/Oct/2023:14:01:03 -0500] "POST /sipse/faces/presentacion/financiero/solicitudProceso/consultar.xhtml HTTP/1.1" 200 31322
186.84.22.254 - - [14/Oct/2023:14:01:04 -0500] "POST /sipse/faces/presentacion/financiero/solicitudProceso/consultar.xhtml HTTP/1.1" 200 31393
186.84.22.254 - - [14/Oct/2023:14:01:05 -0500] "POST /sipse/faces/presentacion/financiero/solicitudProceso/consultar.xhtml HTTP/1.1" 200 30926
186.84.22.254 - - [14/Oct/2023:14:01:06 -0500] "POST /sipse/faces/presentacion/financiero/solicitudProceso/consultar.xhtml HTTP/1.1" 200 17210
123.6.49.9 - - [14/Oct/2023:14:01:11 -0500] "GET /sipse/faces/autenticacion.xhtml HTTP/1.1" 200 12727
123.6.49.50 - - [14/Oct/2023:14:01:11 -0500] "GET /sipse/js/disable_browser_buttons.js HTTP/1.1" 200 3230
123.6.49.42 - - [14/Oct/2023:14:01:12 -0500] "GET /sipse/css/custom_css_sg.css HTTP/1.1" 200 9694
123.6.49.10 - - [14/Oct/2023:14:01:12 -0500] "GET /sipse/css/custom_css_sg_prime_login.css HTTP/1.1" 200 443
123.6.49.9 - - [14/Oct/2023:14:01:12 -0500] "GET /sipse/faces/javax.faces.resource/layout/layout.css;jsessionid=qznzZEgeNpp+41Bc-YxiMjJI.undefined?ln=primefaces&v=4.0 HTTP/1.1" 200 542
123.6.49.50 - - [14/Oct/2023:14:01:12 -0500] "GET /sipse/js/funciones.js HTTP/1.1" 200 12592
123.6.49.9 - - [14/Oct/2023:14:01:12 -0500] "GET /sipse/faces/javax.faces.resource/primefaces.css;jsessionid=qznzZEgeNpp+41Bc-YxiMjJI.undefined?ln=primefaces&v=4.0 HTTP/1.1" 200 53295
123.6.49.50 - - [14/Oct/2023:14:01:12 -0500] "GET /sipse/faces/javax.faces.resource/theme.css?ln=primefaces-sipse HTTP/1.1" 200 50058
123.6.49.50 - - [14/Oct/2023:14:01:13 -0500] "GET /sipse/faces/javax.faces.resource/layout/layout.js;jsessionid=qznzZEgeNpp+41Bc-YxiMjJI.undefined?ln=primefaces&v=4.0 HTTP/1.1" 200 87560
123.6.49.10 - - [14/Oct/2023:14:01:12 -0500] "GET /sipse/faces/javax.faces.resource/jquery/jquery.js;jsessionid=qznzZEgeNpp+41Bc-YxiMjJI.undefined?ln=primefaces&v=4.0 HTTP/1.1" 200 105384
123.6.49.9 - - [14/Oct/2023:14:01:12 -0500] "GET /sipse/faces/javax.faces.resource/jquery/jquery-plugins.js;jsessionid=qznzZEgeNpp+41Bc-YxiMjJI.undefined?ln=primefaces&v=4.0 HTTP/1.1" 200 220526
123.6.49.42 - - [14/Oct/2023:14:01:13 -0500] "GET /sipse/faces/javax.faces.resource/primefaces.js;jsessionid=qznzZEgeNpp+41Bc-YxiMjJI.undefined?ln=primefaces&v=4.0 HTTP/1.1" 200 276924
123.6.49.10 - - [14/Oct/2023:14:01:15 -0500] "GET /sipse/faces/javax.faces.resource/images/ui-icons_898989_256x240.png?ln=primefaces-aristo HTTP/1.1" 200 5355
186.84.22.254 - - [14/Oct/2023:14:01:15 -0500] "POST /sipse/faces/presentacion/financiero/solicitudProceso/consultar.xhtml HTTP/1.1" 200 49283
123.6.49.42 - - [14/Oct/2023:14:01:15 -0500] "GET /sipse/css/imagen/logoSDG.png HTTP/1.1" 200 53064
123.6.49.9 - - [14/Oct/2023:14:01:15 -0500] "GET /sipse/css/imagen/loginimg.png HTTP/1.1" 200 71635
123.6.49.9 - - [14/Oct/2023:14:01:16 -0500] "GET /sipse/faces/index.xhtml HTTP/1.1" 200 677
186.84.22.254 - - [14/Oct/2023:14:01:17 -0500] "POST /sipse/faces/presentacion/financiero/solicitudProceso/consultar.xhtml HTTP/1.1" 200 49283
123.6.49.9 - - [14/Oct/2023:14:01:16 -0500] "GET /sipse/faces/javax.faces.resource/theme.css?ln=primefaces-sipse HTTP/1.1" 200 50058
123.6.49.9 - - [14/Oct/2023:14:01:17 -0500] "GET /sipse/faces/faces/autenticacion.xhtml HTTP/1.1" 200 12405
186.84.22.254 - - [14/Oct/2023:14:01:19 -0500] "POST /sipse/faces/presentacion/financiero/solicitudProceso/consultar.xhtml HTTP/1.1" 200 3866
172.22.2.4 - - [14/Oct/2023:14:01:21 -0500] "GET /BLA/boletinlegal/actos.php HTTP/1.1" 200 9682
186.84.22.254 - - [14/Oct/2023:14:01:20 -0500] "POST /sipse/faces/presentacion/financiero/solicitudProceso/consultar.xhtml HTTP/1.1" 200 37477
186.84.22.254 - - [14/Oct/2023:14:01:22 -0500] "GET /sipse/faces/javax.faces.resource/theme.css?ln=primefaces-sipse HTTP/1.1" 304 -
186.84.22.254 - - [14/Oct/2023:14:01:22 -0500] "GET /sipse/faces/javax.faces.resource/primefaces.css?ln=primefaces&v=4.0 HTTP/1.1" 304 -
186.84.22.254 - - [14/Oct/2023:14:01:22 -0500] "GET /sipse/faces/javax.faces.resource/layout/layout.css?ln=primefaces&v=4.0 HTTP/1.1" 304 -
186.84.22.254 - - [14/Oct/2023:14:01:22 -0500] "GET /sipse/faces/javax.faces.resource/jquery/jquery.js?ln=primefaces&v=4.0 HTTP/1.1" 304 -
186.84.22.254 - - [14/Oct/2023:14:01:22 -0500] "GET /sipse/faces/javax.faces.resource/jquery/jquery-plugins.js?ln=primefaces&v=4.0 HTTP/1.1" 304 -
186.84.22.254 - - [14/Oct/2023:14:01:22 -0500] "GET /sipse/faces/javax.faces.resource/primefaces.js?ln=primefaces&v=4.0 HTTP/1.1" 304 -
186.84.22.254 - - [14/Oct/2023:14:01:22 -0500] "GET /sipse/faces/javax.faces.resource/layout/layout.js?ln=primefaces&v=4.0 HTTP/1.1" 304 -
186.84.22.254 - - [14/Oct/2023:14:01:22 -0500] "POST /sipse/faces/presentacion/financiero/solicitudProceso/listarSolicitudProceso.xhtml HTTP/1.1" 200 1396
186.154.36.1 - - [14/Oct/2023:14:01:24 -0500] "GET /BLA/resoluciones/ HTTP/1.1" 200 13696
186.154.36.1 - - [14/Oct/2023:14:01:26 -0500] "GET /BLA/resoluciones/index.php?dir=RESOLUCIONES+2023%2F HTTP/1.1" 200 93033
114.119.145.81 - - [14/Oct/2023:14:01:26 -0500] "GET /BLA/resoluciones/index.php?dir=RESOLUCIONES%2B2002/&sort=date&order=asc HTTP/1.1" 200 13903
186.84.22.254 - - [14/Oct/2023:14:01:33 -0500] "POST /sipse/faces/presentacion/financiero/solicitudProceso/listarSolicitudProceso.xhtml HTTP/1.1" 200 911
201.245.192.253 - - [14/Oct/2023:14:01:58 -0500] "POST /kwsrmcab/Wsrmcab  HTTP/1.1" 200 42851
172.22.2.4 - - [14/Oct/2023:14:00:38 -0500] "HEAD /BLA/boletinlegal/ HTTP/1.1" 200 -
52.167.144.210 - - [14/Oct/2023:14:02:35 -0500] "GET /galeria/galeria/fotos/3GuaymaralTorcaG3.jpg HTTP/1.1" 200 39105
172.22.2.4 - - [14/Oct/2023:14:01:29 -0500] "GET /BLA/boletinlegal/ HTTP/1.1" 200 58155
123.6.49.50 - - [14/Oct/2023:14:03:30 -0500] "GET /sipse/faces/index.xhtml HTTP/1.1" 200 677
123.6.49.50 - - [14/Oct/2023:14:03:30 -0500] "GET /sipse/faces/javax.faces.resource/theme.css?ln=primefaces-sipse HTTP/1.1" 200 50058
123.6.49.50 - - [14/Oct/2023:14:03:32 -0500] "GET /sipse/faces/faces/autenticacion.xhtml HTTP/1.1" 200 12405
123.6.49.18 - - [14/Oct/2023:14:03:33 -0500] "GET /sipse/css/custom_css_sg_prime_login.css HTTP/1.1" 200 443
123.6.49.41 - - [14/Oct/2023:14:03:34 -0500] "GET /sipse/css/custom_css_sg.css HTTP/1.1" 200 9694
123.6.49.18 - - [14/Oct/2023:14:03:35 -0500] "GET /sipse/faces/javax.faces.resource/layout/layout.css?ln=primefaces&v=4.0 HTTP/1.1" 200 542
123.6.49.9 - - [14/Oct/2023:14:03:35 -0500] "GET /sipse/js/disable_browser_buttons.js HTTP/1.1" 200 3230
123.6.49.18 - - [14/Oct/2023:14:03:35 -0500] "GET /sipse/js/funciones.js HTTP/1.1" 200 12592
123.6.49.50 - - [14/Oct/2023:14:03:34 -0500] "GET /sipse/faces/javax.faces.resource/theme.css?ln=primefaces-sipse HTTP/1.1" 200 50058
123.6.49.15 - - [14/Oct/2023:14:03:37 -0500] "GET /sipse/faces/javax.faces.resource/primefaces.js?ln=primefaces&v=4.0 HTTP/1.1" 200 90112
123.6.49.9 - - [14/Oct/2023:14:03:36 -0500] "GET /sipse/faces/javax.faces.resource/primefaces.css?ln=primefaces&v=4.0 HTTP/1.1" 200 53295
123.6.49.9 - - [14/Oct/2023:14:03:37 -0500] "GET /sipse/faces/javax.faces.resource/jquery/jquery-plugins.js?ln=primefaces&v=4.0 HTTP/1.1" 200 90112
123.6.49.18 - - [14/Oct/2023:14:03:38 -0500] "GET /sipse/faces/javax.faces.resource/layout/layout.js?ln=primefaces&v=4.0 HTTP/1.1" 200 24667
123.6.49.41 - - [14/Oct/2023:14:03:44 -0500] "GET /sipse/faces/javax.faces.resource/jquery/jquery.js?ln=primefaces&v=4.0 HTTP/1.1" 200 17695
216.245.221.92 - - [14/Oct/2023:14:05:59 -0500] "HEAD / HTTP/1.1" 200 -
40.77.167.254 - - [14/Oct/2023:14:06:22 -0500] "GET /forest/ HTTP/1.1" 200 12041
201.245.192.253 - - [14/Oct/2023:14:06:57 -0500] "POST /kwsrmcab/Wsrmcab  HTTP/1.1" 200 42851
173.252.95.13 - - [14/Oct/2023:14:07:45 -0500] "GET /dia-mundial-del-medio-ambiente-con-3-500-beneficiarias-comienza-la-segunda-fase-de-mujeres-que-reverdecen.html HTTP/1.1" 200 845
172.22.2.4 - - [14/Oct/2023:14:06:28 -0500] "HEAD /BLA/boletinlegal/ HTTP/1.1" 200 -
172.22.2.4 - - [14/Oct/2023:14:07:19 -0500] "GET /BLA/boletinlegal/ HTTP/1.1" 200 52532
216.245.221.92 - - [14/Oct/2023:14:10:59 -0500] "HEAD / HTTP/1.1" 200 -
101.36.120.135 - - [14/Oct/2023:14:11:11 -0500] "GET / HTTP/1.1" 200 319
201.245.192.253 - - [14/Oct/2023:14:11:56 -0500] "POST /kwsrmcab/Wsrmcab  HTTP/1.1" 200 42851
52.167.144.140 - - [14/Oct/2023:14:13:43 -0500] "GET /BLA/resoluciones/RESOLUCIONES%202018/2385.pdf HTTP/1.1" 200 287332
172.22.2.4 - - [14/Oct/2023:14:12:18 -0500] "HEAD /BLA/boletinlegal/ HTTP/1.1" 200 -
172.22.2.4 - - [14/Oct/2023:14:13:09 -0500] "GET /BLA/boletinlegal/ HTTP/1.1" 200 58155
216.245.221.92 - - [14/Oct/2023:14:15:59 -0500] "HEAD / HTTP/1.1" 200 -
114.119.159.177 - - [14/Oct/2023:14:16:12 -0500] "GET /BLA/resoluciones/index.php?dir=Notificaciones/RESOLUCIONES%2B2023/&sort=size&order=desc HTTP/1.1" 200 13964
40.77.167.45 - - [14/Oct/2023:14:16:16 -0500] "GET /BLA/resoluciones/index.php?dir=RESOLUCIONES+2005%2FRES+2005+1451-1500%2F HTTP/1.1" 200 12368
114.119.137.80 - - [14/Oct/2023:14:16:31 -0500] "GET /BLA/resoluciones/index.php?dir=AUTOS%2B2016/&sort=name&order=asc HTTP/1.1" 200 13882
201.245.192.253 - - [14/Oct/2023:14:16:55 -0500] "POST /kwsrmcab/Wsrmcab  HTTP/1.1" 200 42851
52.167.144.145 - - [14/Oct/2023:14:17:26 -0500] "GET /semana-bogota-reverdece-politica-publica-de-accion-climatica-es-una-realidad.html HTTP/1.1" 200 891
201.245.192.253 - - [14/Oct/2023:14:17:56 -0500] "POST /kwsrmcab/Wsrmcab HTTP/1.1" 200 43333
201.245.192.253 - - [14/Oct/2023:14:17:59 -0500] "POST /kwsrmcab/Wsrmcab HTTP/1.1" 200 39757
172.22.2.4 - - [14/Oct/2023:14:18:08 -0500] "HEAD /BLA/boletinlegal/ HTTP/1.1" 200 -
172.22.2.4 - - [14/Oct/2023:14:18:59 -0500] "GET /BLA/boletinlegal/ HTTP/1.1" 200 56292
216.245.221.92 - - [14/Oct/2023:14:20:59 -0500] "HEAD / HTTP/1.1" 200 -
69.171.231.119 - - [14/Oct/2023:14:21:44 -0500] "GET /images/negocios-verdes-mayo-2022.jpg HTTP/1.1" 200 48000
201.245.192.253 - - [14/Oct/2023:14:21:53 -0500] "POST /kwsrmcab/Wsrmcab  HTTP/1.1" 200 42851
172.22.2.4 - - [14/Oct/2023:14:23:58 -0500] "HEAD /BLA/boletinlegal/ HTTP/1.1" 200 -
216.245.221.92 - - [14/Oct/2023:14:25:59 -0500] "HEAD / HTTP/1.1" 200 -
172.22.2.4 - - [14/Oct/2023:14:24:49 -0500] "GET /BLA/boletinlegal/ HTTP/1.1" 200 60175
201.245.192.253 - - [14/Oct/2023:14:26:52 -0500] "POST /kwsrmcab/Wsrmcab  HTTP/1.1" 200 42851
201.245.192.253 - - [14/Oct/2023:14:27:56 -0500] "POST /kwsrmcab/Wsrmcab HTTP/1.1" 200 43333
201.245.192.253 - - [14/Oct/2023:14:27:59 -0500] "POST /kwsrmcab/Wsrmcab HTTP/1.1" 200 39757
66.249.66.20 - - [14/Oct/2023:14:30:58 -0500] "GET /Publicaciones/2023EE201246.pdf HTTP/1.1" 404 228
216.245.221.92 - - [14/Oct/2023:14:30:59 -0500] "HEAD / HTTP/1.1" 200 -
172.22.2.4 - - [14/Oct/2023:14:29:48 -0500] "HEAD /BLA/boletinlegal/ HTTP/1.1" 200 -
201.245.192.253 - - [14/Oct/2023:14:31:51 -0500] "POST /kwsrmcab/Wsrmcab  HTTP/1.1" 200 42851
172.22.2.4 - - [14/Oct/2023:14:30:39 -0500] "GET /BLA/boletinlegal/ HTTP/1.1" 200 60531
114.119.147.181 - - [14/Oct/2023:14:33:22 -0500] "GET /BLA/resoluciones/index.php?dir=AUTOS%2B2016/&sort=size&order=asc HTTP/1.1" 200 13882
114.119.140.48 - - [14/Oct/2023:14:34:33 -0500] "GET /BLA/resoluciones/index.php?dir=Notificaciones/AUTOS%2B2015/&sort=size&order=asc HTTP/1.1" 200 13944
114.119.159.123 - - [14/Oct/2023:14:35:57 -0500] "GET /BLA/resoluciones/index.php?dir=AUTOS%2B2010/&sort=name&order=desc HTTP/1.1" 200 13881
216.245.221.92 - - [14/Oct/2023:14:35:59 -0500] "HEAD / HTTP/1.1" 200 -
34.90.173.243 - - [14/Oct/2023:14:36:35 -0500] "GET /caminatas-ecologicas-un-plan-imperdible-para-octubre.html HTTP/1.1" 200 747
201.245.192.253 - - [14/Oct/2023:14:36:51 -0500] "POST /kwsrmcab/Wsrmcab  HTTP/1.1" 200 42851
172.22.2.4 - - [14/Oct/2023:14:35:38 -0500] "HEAD /BLA/boletinlegal/ HTTP/1.1" 200 -
201.245.192.253 - - [14/Oct/2023:14:37:56 -0500] "POST /kwsrmcab/Wsrmcab HTTP/1.1" 200 43333
201.245.192.253 - - [14/Oct/2023:14:37:58 -0500] "POST /kwsrmcab/Wsrmcab HTTP/1.1" 200 39757
173.252.111.4 - - [14/Oct/2023:14:38:03 -0500] "GET /images/plantacion-humedal-la-conejera.jpg HTTP/1.1" 200 92644
172.22.2.4 - - [14/Oct/2023:14:36:29 -0500] "GET /BLA/boletinlegal/ HTTP/1.1" 200 52532
173.252.111.8 - - [14/Oct/2023:14:38:15 -0500] "GET /images/Zuque%20(1)%20(1).jpeg HTTP/1.1" 200 66921
173.252.111.8 - - [14/Oct/2023:14:38:21 -0500] "GET /images/pieza-voluntariado-ambiental.jpeg HTTP/1.1" 200 51125
52.167.144.161 - - [14/Oct/2023:14:38:37 -0500] "GET /BLA/resoluciones/RESOLUCIONES%202007/RES%202007%203201%20AL%203300/RESOLUCION%203238%20DE%202007.pdf HTTP/1.1" 200 837279
198.235.24.68 - - [14/Oct/2023:14:40:13 -0500] "\x16\x03\x01" 400 226
198.235.24.68 - - [14/Oct/2023:14:40:13 -0500] "\x16\x03\x01" 400 226
52.167.144.216 - - [14/Oct/2023:14:40:31 -0500] "GET /BLA/resoluciones/AUTOS%202007/1272.pdf HTTP/1.1" 200 146706
216.245.221.92 - - [14/Oct/2023:14:40:59 -0500] "HEAD / HTTP/1.1" 200 -
130.44.212.124 - - [14/Oct/2023:14:41:39 -0500] "GET /galeria/galeria/fotos/Humedal-Vaca3P.jpg HTTP/1.1" 200 38460
64.124.8.36 - - [14/Oct/2023:14:41:43 -0500] "GET /portaldeninos/wp-content/uploads/2020/06/tw.jpg HTTP/1.1" 304 -
64.124.8.36 - - [14/Oct/2023:14:41:43 -0500] "GET /portaldeninos/wp-content/uploads/2020/11/C%C3%B3rdoba-B-1024x576.jpg HTTP/1.1" 304 -
64.124.8.36 - - [14/Oct/2023:14:41:49 -0500] "GET /portaldeninos/wp-content/uploads/2021/07/Banners-pa%CC%81gina-de-nin%CC%83os1.jpg HTTP/1.1" 200 22258
201.245.192.253 - - [14/Oct/2023:14:41:50 -0500] "POST /kwsrmcab/Wsrmcab  HTTP/1.1" 200 42851
52.167.144.145 - - [14/Oct/2023:14:42:39 -0500] "GET /BLA/resoluciones/RESOLUCIONES%202007/RES%202007%203201%20AL%203300/RESOLUCION%203278%20DE%202007.pdf HTTP/1.1" 200 200801
172.22.2.4 - - [14/Oct/2023:14:41:28 -0500] "HEAD /BLA/boletinlegal/ HTTP/1.1" 200 -
172.22.2.4 - - [14/Oct/2023:14:42:19 -0500] "GET /BLA/boletinlegal/ HTTP/1.1" 200 58155
216.245.221.92 - - [14/Oct/2023:14:45:59 -0500] "HEAD / HTTP/1.1" 200 -
201.245.192.253 - - [14/Oct/2023:14:46:48 -0500] "POST /kwsrmcab/Wsrmcab  HTTP/1.1" 200 42851
40.77.167.52 - - [14/Oct/2023:14:47:33 -0500] "GET /BLA/resoluciones/AUTOS%202022/4081.pdf HTTP/1.1" 304 -
66.249.66.21 - - [14/Oct/2023:14:47:52 -0500] "GET /BLA/resoluciones/Notificaciones/RESOLUCIONES%202021/2681.pdf HTTP/1.1" 200 733830
172.22.2.4 - - [14/Oct/2023:14:47:18 -0500] "HEAD /BLA/boletinlegal/ HTTP/1.1" 200 -
216.244.66.195 - - [14/Oct/2023:14:49:15 -0500] "GET /robots.txt HTTP/1.1" 404 1018
172.22.2.4 - - [14/Oct/2023:14:48:09 -0500] "GET /BLA/boletinlegal/ HTTP/1.1" 200 54598
114.119.133.30 - - [14/Oct/2023:14:50:07 -0500] "GET /BLA/resoluciones/index.php?dir=RESOLUCIONES%2B1998/&sort=name&order=asc HTTP/1.1" 200 13903
216.245.221.92 - - [14/Oct/2023:14:50:59 -0500] "HEAD / HTTP/1.1" 200 -
168.119.251.242 - - [14/Oct/2023:14:51:11 -0500] "GET / HTTP/1.1" 200 319
168.119.251.242 - - [14/Oct/2023:14:51:11 -0500] "GET / HTTP/1.1" 200 4720
114.119.151.67 - - [14/Oct/2023:14:51:23 -0500] "GET /BLA/resoluciones/index.php?dir=Notificaciones/RESOLUCIONES%2B0020/&sort=size&order=asc HTTP/1.1" 200 13965
66.249.66.39 - - [14/Oct/2023:14:51:37 -0500] "GET /caminatas-ecologicas-en-bogota-inscribete-y-participa-en-los-recorridos-de-abril.html HTTP/1.1" 200 868
201.245.192.253 - - [14/Oct/2023:14:51:47 -0500] "POST /kwsrmcab/Wsrmcab  HTTP/1.1" 200 42851
182.253.15.23 - - [14/Oct/2023:14:52:09 -0500] "GET / HTTP/1.1" 200 319
114.119.158.156 - - [14/Oct/2023:14:52:35 -0500] "GET /BLA/resoluciones/index.php?dir=AUTOS%2B2021/&sort=name&order=asc HTTP/1.1" 200 13882
20.15.133.185 - - [14/Oct/2023:14:53:02 -0500] "GET /bla/resoluciones/autos%202010/2353.pdf HTTP/1.1" 200 1657173
114.119.158.211 - - [14/Oct/2023:14:53:58 -0500] "GET /BLA/resoluciones/AUTOS%202007/3811.pdf HTTP/1.1" 200 72744
172.22.2.4 - - [14/Oct/2023:14:53:08 -0500] "HEAD /BLA/boletinlegal/ HTTP/1.1" 200 -
172.22.2.4 - - [14/Oct/2023:14:53:59 -0500] "GET /BLA/boletinlegal/ HTTP/1.1" 200 57802
216.245.221.92 - - [14/Oct/2023:14:55:59 -0500] "HEAD / HTTP/1.1" 200 -
201.245.192.253 - - [14/Oct/2023:14:56:46 -0500] "POST /kwsrmcab/Wsrmcab  HTTP/1.1" 200 42851
172.22.2.4 - - [14/Oct/2023:14:58:58 -0500] "HEAD /BLA/boletinlegal/ HTTP/1.1" 200 -
216.245.221.92 - - [14/Oct/2023:15:00:59 -0500] "HEAD / HTTP/1.1" 200 -
172.22.2.4 - - [14/Oct/2023:14:59:49 -0500] "GET /BLA/boletinlegal/ HTTP/1.1" 200 58155
201.245.192.253 - - [14/Oct/2023:15:01:45 -0500] "POST /kwsrmcab/Wsrmcab  HTTP/1.1" 200 42851
216.245.221.92 - - [14/Oct/2023:15:05:59 -0500] "HEAD / HTTP/1.1" 200 -
172.22.2.4 - - [14/Oct/2023:15:04:48 -0500] "HEAD /BLA/boletinlegal/ HTTP/1.1" 200 -
201.245.192.253 - - [14/Oct/2023:15:06:43 -0500] "POST /kwsrmcab/Wsrmcab  HTTP/1.1" 200 42851
114.119.156.185 - - [14/Oct/2023:15:07:09 -0500] "GET /BLA/resoluciones/index.php?dir=RESOLUCIONES%2B2017/&sort=date&order=asc HTTP/1.1" 200 13903
172.22.2.4 - - [14/Oct/2023:15:05:39 -0500] "GET /BLA/boletinlegal/ HTTP/1.1" 200 60531
114.119.154.89 - - [14/Oct/2023:15:08:27 -0500] "GET /BLA/resoluciones/index.php?dir=RESOLUCIONES%2B2008/&sort=name&order=asc HTTP/1.1" 200 13903
186.102.12.13 - - [14/Oct/2023:15:09:19 -0500] "GET /kwssiamovil/sm/ldap/au?x=U2FsdGVkX1+zM7thvU1mdzFRBpNqTI435bGO//HI/ssfbSrNhCUCthdP7g9f2maW&y=U2FsdGVkX19mF4lHEB0Lm5pWpHrrCSRgzxsurQ6itpw= HTTP/1.1" 200 30
186.102.12.13 - - [14/Oct/2023:15:09:19 -0500] "GET /kwssiamovil/sm/acme/s?s=U2FsdGVkX1/1DgO77bklo/8IoXOF/x0/wLKxU5n/ZTxiaC1ybydZ6HbQF2CvxUr4seOUXu4+tYXmFmprlewCvRgDY+1zqxDR7X71kexmzZ0=&u=U2FsdGVkX1+2wm0tApVus2/kFC0OcLs3jMs/PUMa5Fk=&y=U2FsdGVkX19mF4lHEB0Lm5pWpHrrCSRgzxsurQ6itpw= HTTP/1.1" 200 97
186.102.12.13 - - [14/Oct/2023:15:09:19 -0500] "GET /kwssiamovil/sm/acme/s?s=U2FsdGVkX182mzaO5Ciq6rbVEDBxAeCR6fL+tnA/pseC7u7UamUlGtlBlQR2Hxl1ajkwN04D+xGQVv+gtTlDsSTb0tbKInqs1/6Mp7Uu+v20Tu5Tm/sgYVCJHf3ZsoXfgVTOLPeAO8S6aP7XSGJBibxUV5EY958mdrlwGhLIyI0/6Jrc9Zmq+wJPaQnPshmOFujcQs5muCuJh4S4RrZHHw2XKWPZd42+ExOy5MfP3u4fX/yOVznlVyL43WKm0RGHoGodHgAOR/Y5lDT8wfMPs6ZPHQCnvYm2PT+daL7LyUaCfMFjS8IuDnOWbC8ylAav1/pmslZ2QMfigUgfqhHqSArnHwse//lWrNp8dtlHK/mIbZ5ZbJIk8bhpeQzeU4bELayn50fIlOsG9crHs1bZE4yISFx7rxax8r/GN0YcPp6uM3cjoGGxw14dNrCaulELl66ujqdXS8WMDLAWZ1nJji0mcYSQINtmcdzhrMmrzBIJ9UPyQODypm+WMO0livtnpw/UqBK98s42OX03XVTD3FkCHkyoGep1Glj7quGvehVKcNhIgZEe/kZQtSXRsa3KwN7UwAM2/oj96iyR828clbK/bBCitQX7mo13nc4DkyHt1O8u1FAybdbc1nBgsoHGAO7EBUoSiPxyZrjzmsPJkoyof/JZlXmN94w0HyaNZ9TE44earrQo//Fz8a4dv3iPYTsclEEaqiGmLIwAVORbR4exCEDcRYhoGVhof0sqzP1HmT8A9kKQWb4x/6DY3NAN8Bg/1RGDQIUK2aMlmS64jnTOkCEAGGBaiBFsPIp91ohj48k2GN1gMRTQCXTs/hoORTupGqPoMaqNhHTM8oR7gIykDLz0l/8FBG3ASixJ0z7jd2MvLYzeY32fa1ALvpkcIIquvzoJflH6Lqwnup7z5/nlzMiX3wtSQYV/I0ZIozE7hin5gybtPzUQs5El64E9+D5RERratuJ6+LhlojY/gb5PWkpCu+s6Uh0gyloLR6ZFkvT0DZEDhicTm3OtrGw3/kEvkBsCOXLTBDDP5lSjIucTlUaJR+cpA6T18uuLt1JFe62hy1kOVPnc0GN7r9oMPBJWiyJBXX59MLuLPPmeSfMgoDpqCVc/4fjP0hSb1H4LpVHXmL2A0JDElSRWu+bzEAdhdKtn2q4SEXEL8t1ng75f0wvGjcPMHxRdLHW2HIc6SQ8WqNNeEuLCiBb8lC9E83Q3uDl0O9wAPMM/waFaUuYW3uaBYk/VDOdDsT8tGVpXl3S6KxvRurIqK4kih1JmFNWdpMhKVvoAxYATLx3zIkpgiU66l9bnBn6bXZU9WdfAvqNyoTjk9k/DTvyy6yPjgvswRm5RaXZEJlXJ9YwZ3AUiEnaMowK7VqaLRq2Mad0UNLDzEp6iT35NkE0Pcn/XBEqDVV45I28wgtxEH5+eUcBriCFNZ7booWN4Tyt/T64=&u=U2FsdGVkX1+2wm0tApVus2/kFC0OcLs3jMs/PUMa5Fk=&y=U2FsdGVkX19mF4lHEB0Lm5pWpHrrCSRgzxsurQ6itpw= HTTP/1.1" 200 3334
186.102.12.13 - - [14/Oct/2023:15:09:19 -0500] "GET /kwssiamovil/sm/acme/s?s=U2FsdGVkX19deZthfqOW0pXGFaYpiJRY8vCDVNMdOV5otrPB4fSH0bbO9O5nn7UxqDI89oTWYx4EpGMjGWDbcMMvVgUsSLLgN8cwCNLI0TlV2IlcwvbxQrd7Vyqf4brBNkZi022Ug1AWSjV3pjT6Fy2TcVW1hueH5oafVLkcHc7hpZjxPKFFqoEK5edYqZmLCMD6HrJD7lJci/nkGaLwhC75IH11U2Oa6V/TkcgL9x/OXeQAAOfZWcwNEQCMgmE+bO7jmbbLj+lFV11kfzi0JvIi4RBIinSJVkevhSf7b/paCIRBjFAkcYiePRE4en0gxpjRJd7d7pyunGQ+7v1eCA==&u=U2FsdGVkX1+2wm0tApVus2/kFC0OcLs3jMs/PUMa5Fk=&y=U2FsdGVkX19mF4lHEB0Lm5pWpHrrCSRgzxsurQ6itpw= HTTP/1.1" 200 196
186.102.12.13 - - [14/Oct/2023:15:09:19 -0500] "GET /kwssiamovil/sm/cjson/pre?f=1&x=U2FsdGVkX1+zM7thvU1mdzFRBpNqTI435bGO//HI/ssfbSrNhCUCthdP7g9f2maW HTTP/1.1" 200 31032
114.119.148.237 - - [14/Oct/2023:15:10:02 -0500] "GET /BLA/resoluciones/index.php?dir=RESOLUCIONES%2B2002/&sort=name&order=desc HTTP/1.1" 200 13902
172.22.2.4 - - [14/Oct/2023:15:10:18 -0500] "GET /BLA/boletinlegal/jurisprudencia.php HTTP/1.1" 200 17583
172.22.2.4 - - [14/Oct/2023:15:10:29 -0500] "GET /BLA/boletinlegal/js/lib.js HTTP/1.1" 200 6474
172.22.2.4 - - [14/Oct/2023:15:10:33 -0500] "GET /BLA/boletinlegal/js/jquery1.js HTTP/1.1" 200 29846
172.22.2.4 - - [14/Oct/2023:15:10:33 -0500] "GET /BLA/boletinlegal/js/popup.js HTTP/1.1" 200 1270
216.245.221.92 - - [14/Oct/2023:15:10:59 -0500] "HEAD / HTTP/1.1" 200 -
114.119.139.94 - - [14/Oct/2023:15:11:21 -0500] "GET /BLA/resoluciones/index.php?dir=RESOLUCIONES%2B2001/&sort=size&order=desc HTTP/1.1" 200 13902
201.245.192.253 - - [14/Oct/2023:15:11:42 -0500] "POST /kwsrmcab/Wsrmcab  HTTP/1.1" 200 42851
69.171.249.4 - - [14/Oct/2023:15:12:18 -0500] "GET /images/Zuque%20(1)%20(1).jpeg HTTP/1.1" 200 66921
172.22.2.4 - - [14/Oct/2023:15:10:39 -0500] "HEAD /BLA/boletinlegal/ HTTP/1.1" 200 -
114.119.152.54 - - [14/Oct/2023:15:12:43 -0500] "GET /BLA/resoluciones/index.php?dir=Notificaciones/REGISTROS%2B2014/&sort=date&order=desc HTTP/1.1" 200 13955
172.22.2.4 - - [14/Oct/2023:15:11:29 -0500] "GET /BLA/boletinlegal/ HTTP/1.1" 200 52532
40.77.167.241 - - [14/Oct/2023:15:13:10 -0500] "GET /BLA/resoluciones/index.php?dir=RESOLUCIONES+2005%2FRES+2005+951-1000%2F HTTP/1.1" 200 12304
216.244.66.195 - - [14/Oct/2023:15:14:20 -0500] "GET /BLA/resoluciones/AUTOS%202012/1352.pdf HTTP/1.1" 200 330740
216.244.66.195 - - [14/Oct/2023:15:14:26 -0500] "GET /BLA/resoluciones/AUTOS%202012/1497.pdf HTTP/1.1" 200 527435
216.244.66.195 - - [14/Oct/2023:15:14:31 -0500] "GET /BLA/resoluciones/AUTOS%202012/1871.pdf HTTP/1.1" 200 263026
216.244.66.195 - - [14/Oct/2023:15:14:42 -0500] "GET /BLA/resoluciones/AUTOS%202012/2197.pdf HTTP/1.1" 200 332180
216.244.66.195 - - [14/Oct/2023:15:14:50 -0500] "GET /BLA/resoluciones/AUTOS%202012/2208.pdf HTTP/1.1" 200 329793
216.244.66.195 - - [14/Oct/2023:15:14:57 -0500] "GET /BLA/resoluciones/AUTOS%202012/2210.pdf HTTP/1.1" 200 341025
216.244.66.195 - - [14/Oct/2023:15:15:09 -0500] "GET /BLA/resoluciones/AUTOS%202012/2384.pdf HTTP/1.1" 200 168695
216.244.66.195 - - [14/Oct/2023:15:15:18 -0500] "GET /BLA/resoluciones/AUTOS%202012/2509.pdf HTTP/1.1" 200 1294014
216.244.66.195 - - [14/Oct/2023:15:15:26 -0500] "GET /BLA/resoluciones/AUTOS%202012/2544.pdf HTTP/1.1" 200 615838
216.244.66.195 - - [14/Oct/2023:15:15:35 -0500] "GET /BLA/resoluciones/AUTOS%202012/2887.pdf HTTP/1.1" 200 241161
216.244.66.195 - - [14/Oct/2023:15:15:43 -0500] "GET /BLA/resoluciones/AUTOS%202012/2946.pdf HTTP/1.1" 200 1023003
216.244.66.195 - - [14/Oct/2023:15:15:50 -0500] "GET /BLA/resoluciones/AUTOS%202012/3014.pdf HTTP/1.1" 200 259135
216.244.66.195 - - [14/Oct/2023:15:15:55 -0500] "GET /BLA/resoluciones/AUTOS%202013/0243.pdf HTTP/1.1" 200 245577
216.245.221.92 - - [14/Oct/2023:15:15:59 -0500] "HEAD / HTTP/1.1" 200 -
216.244.66.195 - - [14/Oct/2023:15:16:00 -0500] "GET /BLA/resoluciones/AUTOS%202013/0653.pdf HTTP/1.1" 200 1103843
216.244.66.195 - - [14/Oct/2023:15:16:06 -0500] "GET /BLA/resoluciones/AUTOS%202013/1632.pdf HTTP/1.1" 200 149139
69.171.231.119 - - [14/Oct/2023:15:16:08 -0500] "GET /images/pl\xc3\xa1sticos%20foto%201..jpg HTTP/1.1" 404 1034
216.244.66.195 - - [14/Oct/2023:15:16:12 -0500] "GET /BLA/resoluciones/AUTOS%202013/1953.pdf HTTP/1.1" 200 426858
216.244.66.195 - - [14/Oct/2023:15:16:16 -0500] "GET /BLA/resoluciones/AUTOS%202013/2779.pdf HTTP/1.1" 200 383051
216.244.66.195 - - [14/Oct/2023:15:16:20 -0500] "GET /BLA/resoluciones/AUTOS%202013/2801.pdf HTTP/1.1" 200 352821
216.244.66.195 - - [14/Oct/2023:15:16:27 -0500] "GET /BLA/resoluciones/AUTOS%202014/1795.pdf HTTP/1.1" 200 220785
216.244.66.195 - - [14/Oct/2023:15:16:32 -0500] "GET /BLA/resoluciones/AUTOS%202014/1807.pdf HTTP/1.1" 200 412661
216.244.66.195 - - [14/Oct/2023:15:16:37 -0500] "GET /BLA/resoluciones/AUTOS%202014/1901.pdf HTTP/1.1" 200 448655
201.245.192.253 - - [14/Oct/2023:15:16:41 -0500] "POST /kwsrmcab/Wsrmcab  HTTP/1.1" 200 42851
216.244.66.195 - - [14/Oct/2023:15:16:44 -0500] "GET /BLA/resoluciones/AUTOS%202014/2394.pdf HTTP/1.1" 200 475905
216.244.66.195 - - [14/Oct/2023:15:16:50 -0500] "GET /BLA/resoluciones/AUTOS%202019/2614.pdf HTTP/1.1" 200 280567
216.244.66.195 - - [14/Oct/2023:15:16:55 -0500] "GET /BLA/resoluciones/RESOLUCIONES%202010/5463.pdf HTTP/1.1" 200 712990
216.244.66.195 - - [14/Oct/2023:15:17:11 -0500] "GET /BLA/resoluciones/AUTOS%202017/4355.pdf HTTP/1.1" 200 994065
141.98.11.60 - - [14/Oct/2023:15:17:13 -0500] "GET / HTTP/1.1" 200 319
69.63.184.3 - - [14/Oct/2023:15:17:14 -0500] "GET /images/mercados-campesinos-5-mayo.jpg HTTP/1.1" 200 95848
216.244.66.195 - - [14/Oct/2023:15:17:23 -0500] "GET /BLA/resoluciones/AUTOS%202017/4902.pdf HTTP/1.1" 200 675015
216.244.66.195 - - [14/Oct/2023:15:17:34 -0500] "GET /BLA/resoluciones/RESOLUCIONES%202008/1053.pdf HTTP/1.1" 200 60597
216.244.66.195 - - [14/Oct/2023:15:17:44 -0500] "GET /BLA/resoluciones/RESOLUCIONES%202009/2344.pdf HTTP/1.1" 200 4446177
201.245.192.253 - - [14/Oct/2023:15:17:56 -0500] "POST /kwsrmcab/Wsrmcab HTTP/1.1" 200 41101
201.245.192.253 - - [14/Oct/2023:15:17:59 -0500] "POST /kwsrmcab/Wsrmcab HTTP/1.1" 200 39638
216.244.66.195 - - [14/Oct/2023:15:18:04 -0500] "GET /BLA/resoluciones/RESOLUCIONES%202009/7246.pdf HTTP/1.1" 200 1007253
172.22.2.4 - - [14/Oct/2023:15:16:29 -0500] "HEAD /BLA/boletinlegal/ HTTP/1.1" 200 -
216.244.66.195 - - [14/Oct/2023:15:18:22 -0500] "GET /BLA/resoluciones/RESOLUCIONES%202010/7861.pdf HTTP/1.1" 200 2921233
216.244.66.195 - - [14/Oct/2023:15:18:58 -0500] "GET /BLA/resoluciones/RESOLUCIONES%202011/0069.pdf HTTP/1.1" 200 365214
172.22.2.4 - - [14/Oct/2023:15:17:20 -0500] "GET /BLA/boletinlegal/ HTTP/1.1" 200 54982
31.148.131.45 - - [14/Oct/2023:15:19:10 -0500] "GET /BLA/resoluciones/AUTOS%202022/3695.pdf HTTP/1.1" 200 449463
79.110.73.86 - - [14/Oct/2023:15:19:14 -0500] "GET /BLA/resoluciones/AUTOS%202022/3695.pdf HTTP/1.1" 200 449463
173.252.87.7 - - [14/Oct/2023:15:19:22 -0500] "GET /bogota-se-la-juega-por-las-mujeres-emprendedoras-de-bogota-es-mi-huerta-y-mujeres-que-reverdecen-expusieron-sus-proyectos-productivos.html HTTP/1.1" 200 985
216.244.66.195 - - [14/Oct/2023:15:19:28 -0500] "GET /BLA/resoluciones/RESOLUCIONES%202011/0153.pdf HTTP/1.1" 200 258311
216.244.66.195 - - [14/Oct/2023:15:19:58 -0500] "GET /BLA/resoluciones/RESOLUCIONES%202011/0318.pdf HTTP/1.1" 200 337581
40.77.167.3 - - [14/Oct/2023:15:20:23 -0500] "GET /BLA/resoluciones/AUTOS%202018/5825.pdf HTTP/1.1" 200 248721
216.244.66.195 - - [14/Oct/2023:15:20:26 -0500] "GET /BLA/resoluciones/RESOLUCIONES%202011/0320.pdf HTTP/1.1" 200 85043
216.244.66.195 - - [14/Oct/2023:15:20:53 -0500] "GET /BLA/resoluciones/RESOLUCIONES%202011/0356.pdf HTTP/1.1" 200 81037
216.245.221.92 - - [14/Oct/2023:15:20:59 -0500] "HEAD / HTTP/1.1" 200 -
216.244.66.195 - - [14/Oct/2023:15:21:19 -0500] "GET /BLA/resoluciones/RESOLUCIONES%202011/0475.pdf HTTP/1.1" 200 196715
201.245.192.253 - - [14/Oct/2023:15:21:41 -0500] "POST /kwsrmcab/Wsrmcab  HTTP/1.1" 200 42851
216.244.66.195 - - [14/Oct/2023:15:21:44 -0500] "GET /BLA/resoluciones/RESOLUCIONES%202011/0510.pdf HTTP/1.1" 200 422888
216.244.66.195 - - [14/Oct/2023:15:22:09 -0500] "GET /BLA/resoluciones/RESOLUCIONES%202011/0575.pdf HTTP/1.1" 200 69719
216.244.66.195 - - [14/Oct/2023:15:22:34 -0500] "GET /BLA/resoluciones/RESOLUCIONES%202011/0634.pdf HTTP/1.1" 200 286030
216.244.66.195 - - [14/Oct/2023:15:22:57 -0500] "GET /BLA/resoluciones/RESOLUCIONES%202011/0655.pdf HTTP/1.1" 200 72075
216.244.66.195 - - [14/Oct/2023:15:23:18 -0500] "GET /BLA/resoluciones/RESOLUCIONES%202011/0873.pdf HTTP/1.1" 200 242809
216.244.66.195 - - [14/Oct/2023:15:23:38 -0500] "GET /BLA/resoluciones/RESOLUCIONES%202011/1193.pdf HTTP/1.1" 200 245488
216.244.66.195 - - [14/Oct/2023:15:23:57 -0500] "GET /BLA/resoluciones/RESOLUCIONES%202011/1338.pdf HTTP/1.1" 200 66111
172.22.2.4 - - [14/Oct/2023:15:22:19 -0500] "HEAD /BLA/boletinlegal/ HTTP/1.1" 200 -
216.244.66.195 - - [14/Oct/2023:15:24:16 -0500] "GET /BLA/resoluciones/RESOLUCIONES%202011/1515.pdf HTTP/1.1" 200 266996
216.244.66.195 - - [14/Oct/2023:15:24:33 -0500] "GET /BLA/resoluciones/RESOLUCIONES%202011/1535.pdf HTTP/1.1" 200 73667
172.22.2.4 - - [14/Oct/2023:15:23:10 -0500] "GET /BLA/boletinlegal/ HTTP/1.1" 200 58155
216.244.66.195 - - [14/Oct/2023:15:24:51 -0500] "GET /BLA/resoluciones/RESOLUCIONES%202011/1537.pdf HTTP/1.1" 200 72445
216.244.66.195 - - [14/Oct/2023:15:25:06 -0500] "GET /BLA/resoluciones/RESOLUCIONES%202011/1635.pdf HTTP/1.1" 200 423452
114.119.148.184 - - [14/Oct/2023:15:25:13 -0500] "GET /Residuos/maderas/files/search/searchtext.xml HTTP/1.1" 200 203644
40.77.167.3 - - [14/Oct/2023:15:25:23 -0500] "GET /BLA/resoluciones/index.php?dir=RESOLUCIONES+2004%2FRES+2004+401-450%2F HTTP/1.1" 200 12039
216.244.66.195 - - [14/Oct/2023:15:25:31 -0500] "GET /BLA/resoluciones/RESOLUCIONES%202011/2089.pdf HTTP/1.1" 200 369774
216.244.66.195 - - [14/Oct/2023:15:25:53 -0500] "GET /BLA/resoluciones/RESOLUCIONES%202011/2345.pdf HTTP/1.1" 200 357825
216.245.221.92 - - [14/Oct/2023:15:25:59 -0500] "HEAD / HTTP/1.1" 200 -
216.244.66.195 - - [14/Oct/2023:15:26:14 -0500] "GET /BLA/resoluciones/RESOLUCIONES%202011/4795.pdf HTTP/1.1" 200 453321
216.244.66.195 - - [14/Oct/2023:15:26:36 -0500] "GET /BLA/resoluciones/RESOLUCIONES%202011/6033.pdf HTTP/1.1" 200 1096218
201.245.192.253 - - [14/Oct/2023:15:26:39 -0500] "POST /kwsrmcab/Wsrmcab  HTTP/1.1" 200 42851
114.119.158.157 - - [14/Oct/2023:15:26:43 -0500] "GET /POT-2013/Cartografia/Anexo01_Sistema_Hidrico.pdf HTTP/1.1" 200 5860035
186.155.17.13 - - [14/Oct/2023:15:27:11 -0500] "-" 408 -
216.244.66.195 - - [14/Oct/2023:15:27:12 -0500] "GET /BLA/resoluciones/RESOLUCIONES%202014/1452.pdf HTTP/1.1" 200 266010
69.63.184.117 - - [14/Oct/2023:15:27:23 -0500] "GET /mas-de-70-aves-de-corral-y-de-especies-no-convencionales-encontraron-un-hogar.html HTTP/1.1" 200 847
186.155.17.13 - - [14/Oct/2023:15:27:25 -0500] "-" 408 -
216.244.66.195 - - [14/Oct/2023:15:27:43 -0500] "GET /galeria/galeria/fotos/1CaminataG6.jpg HTTP/1.1" 200 160757
186.102.38.136 - - [14/Oct/2023:15:27:50 -0500] "OPTIONS /kwssiamovil/sm/setfile/f? HTTP/1.1" 200 13
186.30.157.41 - - [14/Oct/2023:15:27:51 -0500] "GET /caminatas-ecologicas-un-plan-imperdible-para-octubre.html HTTP/1.1" 200 747
186.102.38.136 - - [14/Oct/2023:15:27:50 -0500] "POST /kwssiamovil/sm/setfile/f? HTTP/1.1" 200 381
201.245.192.253 - - [14/Oct/2023:15:27:55 -0500] "POST /kwsrmcab/Wsrmcab HTTP/1.1" 200 41101
201.245.192.253 - - [14/Oct/2023:15:27:58 -0500] "POST /kwsrmcab/Wsrmcab HTTP/1.1" 200 39638
114.119.148.10 - - [14/Oct/2023:15:28:03 -0500] "GET /BLA/resoluciones/index.php?dir=RESOLUCIONES%2B1996/&sort=name&order=asc HTTP/1.1" 200 13903
186.102.38.136 - - [14/Oct/2023:15:28:04 -0500] "GET /kwssiamovil/sm/acme/a?s=U2FsdGVkX19GzbIia9muqqOwJ90wvUaStAIl76+4tYIA4U9swZ8BFw3pPD53Gf0/6WZfFVKBpMQJDUpBNB3SqSwyqEZZqpblIfKn6d7oB0UALL+RatthPxHSPnoxiA+zT7cOCVRkWiW3/ndD9/MBezmqmqCnLmrMJMASFTmUtfVadBOxYy9p4RwHSZONUUEetIVtrdl7PxU3M0DxVonWGFG3TqJz7DPZ49NuveR7lkArcmgCUr71v33LRzqlIQiMneeGpHn7UJbQgLcvTJYWdg==&u=U2FsdGVkX1+QyC/XSeU1uttjYY/PWApc2lw1CDAht/w=&y=U2FsdGVkX1/LjjxuVxjasDhqUtBVkiV65+e48D/hPJ8= HTTP/1.1" 200 26
186.102.38.136 - - [14/Oct/2023:15:28:06 -0500] "GET /kwssiamovil/sm/acme/a?s=U2FsdGVkX1+ZUyIpYkpRAzgWfc4pVw1dMuOrDNq0QOGW9ysXQHjwX0GzKFQK6RBRxfvO2vSkI5gnQ4A6pzSlCNPQomNmCKUREU3GRP3AlmG8y3QlQIAZeZj+1Wloji3H/o9rol8JwNWRUKkIdj0YDm8dbEObhUnWm/DI5r6GUJ2s2TDS+MmNVOU4rKR9KzgW2ONuu3BEOvo2PWTIqMAf/SjPRfFC9vLIuxT4wo3NWyKGootTw6IsqbM6pxgPXY5wZ8xfXcurumqCY7RmTV4xnf3D72OuuiXmTiAoK1FussZWOrcwpqqzvA9qagxKRkdUB7b26NzCPceU1whV9j8jzBllgNVz+B4ZleZo65qeLjUxWrZ1cVcZBcVS0iKvCudaX4X9JRZ643jDtrYMV1JNdzDBR0It5FmT+gYIwPCKFccLEZypitkry/FAB+lS4PS9KOvnKtlDaIK18iyg57hIgpzE028ByR21FqFptofwW5uH1jX88C1O36vMlKKB86jPocEpXbYHQEdzHBTNTZN1snJVr1j5Cdh87f7ZO2jFsxEOTNGITxodi+naXc7euh7tlYhR8EWvZB/G5QuIZcT6fziI6DTuIom9JdOqBEr959k8UGp9Q0zoZvthMlqA4ctFTJXvB6Oi4Etml6tmEvgDExrvIqvVpNoauxZMEVm4XVXKkc2NXX+FZpqGRW7PpaPhA3siCBvtrN7SmTNDxu8ReEn+ol3QKabHvjNFujJEkFxtFYl+AcK0ZiP8UO/2+TTEvzUWs9jh8OkBEy0lF27DSV5RgCqh4ceKzC1Z38jPmTpuDkM5QEktYJQSbEIYTSqJMoEAB+d/YXx21+fz9ne3NS87uC760h8Yy7qhf9Gz0sNfpoJCDdOfvsifq8VGa42Gh+giEaKcASlKEgdEGW225KdX22twCMuxWlO7YAR3VpyojPkZmM2EcAEC2J4jiHz6kgCOeflaHLeUEYi5HIalmaCmIJc6jwL4Fc91vxhMr98L7QHSbN3dJL0PytFwMGg5WNAkXIRQxKmbzSNQOCcEhHc5Kn3S2j9GJ+xyievVI+VgdZh2Ze/3+4701dYEkUK57Iwl964il4WPCqprFiq81L4153Hg4LT5DhrU6XDjMgh1Y9nOGCcyibHCXS6+LYVY+/Cp7dTUxKR0uH61uh8TZ+kL0g4Ly4ymBkhFLQKrL8OYuPTA+hcRknp2mQNwx48J2lT/azNaGUIVgpZlNDDkjvupoYddt/OBIFdrw0ZR9/rbTHJGtIlxMxObZQNkbFmeLLmXiPbetUCR9VkjVoSTpmB2dUBfggJOaFmimuEcWlYW6AmpK+lZsXtwRZxUaucUCLQg/fuhTuiszXRC57XDtgg5rHPKbYeFwx+Z0BMLxC03DW8J/jFOfx56u+0VLCsQlfH1U4wE8/kTNND7nZglpN+8cGgaExV5RsBeO7tvgE8VFlehGcXjPV0z/FIE+h6NmD1PWTJ6OGSutaBdWrU0/itP9aq/4c/9l7R2KGvPxoW4/iVEuIdyBVSIYD4hBWkAni9gIk5AuP0lkfzsYNUyKnO/Nj2n8AXc3cVBevvZX5J9O7y+k4n7bxI5dEgJZ3bJQO0unCODo9hgNWcvIOGlho6A6jGgZHbI0rlU1bJFs+cs5dTEbFBTr4GsAGBu3OTbjpWfk7PdvgeFtySywWbXn0s7voewsTJA6cVi/PjmLTi67mRUmBxJx0bW2w2UvX0W1U655VAvqGpGbiKYclhhxAnT7cd2QNsIReOzmcyQgNiKLly/4Ca2lm45NphSjmM2vi52TqfcOzuxtpUxrJqFeUvwnXnP9ORxIGPgOvaT2AumnqOx2vV1cghcn9plMxJHvUBLWD+MPOZHFyqRepfJ56pQOcL2MulzwFkEY/WMycvCcxCcZfKa0X0wuql6y0nwUwOwyhZeNLhqS5sb52lJNvuch+jkPEjOrpzkYLyZJk8SvXLOvDNZSrZlRfG3N3ZUgKIcqJdVwz9e2EtWjgWBp7pJn6RfQUpWasIPTgu7qvfnEqwjVtNAR76/3jiMmdWkAxOZWR7iRgupCWLPv6+aLuQ4bvkhGQB/K37CKwuCNPybQbjpfbCfXF3lkhnPq4eaTPc7MbcpNT4VglDZ9INNUp8KzXycJn5j3x4n2lLgEKgMfOxERjqS3r+n/MQ48nu5QjCqIpyXm6Ovo7Ni1UMpzgT+tQ4/3GeUUQmuoXZLqNicKbpApVRj+ajdwsxrO9YtIGlI8A2nJHHaXl5l2cr3QyMy6+iNtJmFXHdC0bsbkiEQw2uWaSp/4Ho+FnRu7L8T13u7Bc0QLTTq1p0DynH178mIX/tHntxz6l2cXMaytcHQAApAQX5vjhN69QVQTeZ9hbMgyFGCXCT+fjquS/B82fcaeBOSwAEjoL03G1MV6xbdrAzdIgnGxqg++xna46THb/sYQBkz+Jb142Zy1OS6H2j5LemAAxACARF1m1ffe/UNUxwGlpN2+Cqf42V70WpP5kQc5lWhmQ8JEukk3IYqOa6kFW2uabpOyD/JUcRXD1gv9FQgTudwTljYVEQFk4zVIdYSSTcla2Kw+0U6NeR76p0dAKB1pYu1O5aztvg7gqjDFmQ7ltHCznth2OUqpOKjyy2YdVPiZM8TLyQz4cXxJK+mF3kgzoqPHOkjh3tnhDXAtl03jJOk5vkMB+L4RXD2QG6E48CH/uMRWiFCyDIFNfOZZ8406S/eiMbcZ37+tc9WAQs0ghwfCsAycH6kqpH6vOfJWjGjCe3PRTHWQjlutyUSpV0mjG1vON3MUj81lXl4O0WfDrtXoVGaHKpItRtJ&u=U2FsdGVkX1+QyC/XSeU1uttjYY/PWApc2lw1CDAht/w=&y=U2FsdGVkX1/LjjxuVxjasDhqUtBVkiV65+e48D/hPJ8= HTTP/1.1" 200 26
186.102.38.136 - - [14/Oct/2023:15:28:06 -0500] "GET /kwssiamovil/sm/acme/a?s=U2FsdGVkX1+qY4V2Z3Cbrd1R7yQ+q83rI6DbhopBQj30XmdiFXFhdBnzE0ZP84nGycRffjILgTmYOeuN6ed5YnebYWOVoAFCOsyUSi4SftmJ73/5uaKj2hl/BL/RR/jYZ9USpkUm3RhKYQfIi61JltjyHF75vfLfbggpNQguSdg=&u=U2FsdGVkX1+QyC/XSeU1uttjYY/PWApc2lw1CDAht/w=&y=U2FsdGVkX1/LjjxuVxjasDhqUtBVkiV65+e48D/hPJ8= HTTP/1.1" 200 26
186.102.38.136 - - [14/Oct/2023:15:28:06 -0500] "GET /kwssiamovil/sm/acme/a?s=U2FsdGVkX185zdjRiYgx3V1CVKS9AI9i+6F8Uq0EsQG22eNxX4RKAix94EHJ4ybPWclp2ZdQWCa2LtOh2jEi0g5/UjHus5mRBr97sCQ+1WJDvnCmyuoUjHNXD3s5BnbtorHniXxHOV/lvkmYivRVEk722oFKy2lbu2x5Qp4u168=&u=U2FsdGVkX1+QyC/XSeU1uttjYY/PWApc2lw1CDAht/w=&y=U2FsdGVkX1/LjjxuVxjasDhqUtBVkiV65+e48D/hPJ8= HTTP/1.1" 200 26
186.102.38.136 - - [14/Oct/2023:15:28:07 -0500] "GET /kwssiamovil/sm/acme/a?s=U2FsdGVkX19YFXsvzbyg/UbKDQ6ZNbkezjyaO71eDMKWh9QQaDV0JX1Xsy6Rh+Xj5QhRWKcW5aRtmSYIsApYKj/mNSAa59oEkcL8AhR8/etYe180dv0XtUkUXJpqM03cQhDVOwVeO61ftr7xDLgUzCk+XJ4M3+bvE0XD4q77mI8=&u=U2FsdGVkX1+QyC/XSeU1uttjYY/PWApc2lw1CDAht/w=&y=U2FsdGVkX1/LjjxuVxjasDhqUtBVkiV65+e48D/hPJ8= HTTP/1.1" 200 26
186.102.38.136 - - [14/Oct/2023:15:28:07 -0500] "GET /kwssiamovil/sm/acme/a?s=U2FsdGVkX1+c/D7ad/kWe0Tutppkhmqh+rioa3Ql1FG1Hqz7cXTz1gmXcz8CTvwb336N5VmG944+KQskgsG64EiWwB3JBOJ9WQSmvT0qakAq0Vrn//V4CZQxv8B9JzQQCEaYxE6kgP+2t6GQDPoSyWT1/q8RQbu+h7/zGeJ5I9RhGfZwb8EexinkqXwC8vW0&u=U2FsdGVkX1+QyC/XSeU1uttjYY/PWApc2lw1CDAht/w=&y=U2FsdGVkX1/LjjxuVxjasDhqUtBVkiV65+e48D/hPJ8= HTTP/1.1" 200 26
186.102.38.136 - - [14/Oct/2023:15:28:07 -0500] "GET /kwssiamovil/sm/acme/a?s=U2FsdGVkX1/ZkGK0XTB9+W5uxFHGludK5is48qOAGjgw6r2RknVAHHWbqmjrxC3x1uUkp0ocvGcas8i1h9cKldtGXjKiXZYYtSLHsHrrHGQPj2U32w1eXyH8o7P/OgS6rMDjDFluVGsMDrhy6EI8NNF5gy72HqtAWnoakQFMc+AEaGtQORFGnwVvi1bUh/BFGRAY3HnlUAxPvFUrz2cbLMezDFnL7ZZKGod0o1dRCr0=&u=U2FsdGVkX1+QyC/XSeU1uttjYY/PWApc2lw1CDAht/w=&y=U2FsdGVkX1/LjjxuVxjasDhqUtBVkiV65+e48D/hPJ8= HTTP/1.1" 200 26
186.102.38.136 - - [14/Oct/2023:15:28:07 -0500] "GET /kwssiamovil/sm/acme/a?s=U2FsdGVkX1+FcUXqoFWTBQOhyrcBGnUFqkn7KQZawJK+NhNxpAgleL+UpWDfxgVxGapEtplYJWOvNPsULgltcBZgyBUvoFOZup1YFtBVPsK13UY0jBajEDm7aKHsrrQhRO6K7zPeYoI9J2to2ZlxZAOgCf35SglJyo8R2dVDOg7DJO33reYNjmNqD9Px594qm+Rt3ZMhKneuqnmpR7i2LA==&u=U2FsdGVkX1+QyC/XSeU1uttjYY/PWApc2lw1CDAht/w=&y=U2FsdGVkX1/LjjxuVxjasDhqUtBVkiV65+e48D/hPJ8= HTTP/1.1" 200 26
114.119.148.252 - - [14/Oct/2023:15:29:26 -0500] "GET /BLA/resoluciones/index.php?dir=RESOLUCIONES%2B1995/&sort=size&order=desc HTTP/1.1" 200 13902
172.22.2.4 - - [14/Oct/2023:15:28:09 -0500] "HEAD /BLA/boletinlegal/ HTTP/1.1" 200 -
172.22.2.4 - - [14/Oct/2023:15:29:00 -0500] "GET /BLA/boletinlegal/ HTTP/1.1" 200 60175
114.119.155.144 - - [14/Oct/2023:15:30:50 -0500] "GET /BLA/resoluciones/index.php?dir=AUTOS%2B2011/ HTTP/1.1" 200 13882
216.245.221.92 - - [14/Oct/2023:15:30:59 -0500] "HEAD / HTTP/1.1" 200 -
201.245.192.253 - - [14/Oct/2023:15:31:39 -0500] "POST /kwsrmcab/Wsrmcab  HTTP/1.1" 200 42851
114.119.150.239 - - [14/Oct/2023:15:32:11 -0500] "GET /BLA/resoluciones/index.php?dir=AUTOS%2B2010/ HTTP/1.1" 200 13882
114.119.145.19 - - [14/Oct/2023:15:33:32 -0500] "GET /BLA/resoluciones/index.php?dir=AUTOS%2B2006/ HTTP/1.1" 200 13882
172.22.2.4 - - [14/Oct/2023:15:33:24 -0500] "GET /BLA/boletinlegal/ HTTP/1.1" 200 51009
172.22.2.4 - - [14/Oct/2023:15:33:59 -0500] "HEAD /BLA/boletinlegal/ HTTP/1.1" 200 -
216.245.221.92 - - [14/Oct/2023:15:35:59 -0500] "HEAD / HTTP/1.1" 200 -
172.22.2.4 - - [14/Oct/2023:15:34:50 -0500] "GET /BLA/boletinlegal/ HTTP/1.1" 200 53488
201.245.192.253 - - [14/Oct/2023:15:36:38 -0500] "POST /kwsrmcab/Wsrmcab  HTTP/1.1" 200 42851
172.22.2.4 - - [14/Oct/2023:15:37:21 -0500] "GET /BLA/boletinlegal/Circulares/2019/.pdf HTTP/1.1" 404 1218
172.22.2.4 - - [14/Oct/2023:15:37:27 -0500] "GET /BLA/boletinlegal/Circulares/023%09/CIRCULAR%20No.%2000010%20DEL%2010%20DE%20OCTUBRE%20DEL%202023%09.pdf HTTP/1.1" 403 1026
172.22.2.4 - - [14/Oct/2023:15:37:30 -0500] "GET /BLA/boletinlegal/Circulares/023%09/CIRCULAR%20No.%2000009%20DEL%2010%20DE%20OCTUBRE%20DEL%202023%09.pdf HTTP/1.1" 403 1026
34.90.220.165 - - [14/Oct/2023:15:37:31 -0500] "GET /caminatas-ecologicas-un-plan-imperdible-para-octubre.html HTTP/1.1" 200 747
172.22.2.4 - - [14/Oct/2023:15:37:33 -0500] "GET /BLA/boletinlegal/Circulares/023%09/CIRCULAR%20No.%2000010%20DEL%2010%20DE%20OCTUBRE%20DEL%202023%09.pdf HTTP/1.1" 403 1026
172.22.2.4 - - [14/Oct/2023:15:37:35 -0500] "GET /BLA/boletinlegal/Circulares/023%09/CIRCULAR%20No.%2000009%20DEL%2010%20DE%20OCTUBRE%20DEL%202023%09.pdf HTTP/1.1" 403 1026
172.22.2.4 - - [14/Oct/2023:15:37:37 -0500] "GET /BLA/boletinlegal/Circulares/023%09/CIRCULAR%20No.%2000010%20DEL%2010%20DE%20OCTUBRE%20DEL%202023%09.pdf HTTP/1.1" 403 1026
172.22.2.4 - - [14/Oct/2023:15:37:42 -0500] "GET /BLA/boletinlegal/Circulares/023%09/CIRCULAR%20No.%2000009%20DEL%2010%20DE%20OCTUBRE%20DEL%202023%09.pdf HTTP/1.1" 403 1026
40.77.167.75 - - [14/Oct/2023:15:37:43 -0500] "GET /BLA/resoluciones/AUTOS%202018/4383.pdf HTTP/1.1" 200 257731
172.22.2.4 - - [14/Oct/2023:15:37:46 -0500] "GET /BLA/boletinlegal/Circulares/023%09/CIRCULAR%20No.%2000010%20DEL%2010%20DE%20OCTUBRE%20DEL%202023%09.pdf HTTP/1.1" 403 1026
172.22.2.4 - - [14/Oct/2023:15:37:50 -0500] "GET /BLA/boletinlegal/Circulares/023%09/CIRCULAR%20No.%2000009%20DEL%2010%20DE%20OCTUBRE%20DEL%202023%09.pdf HTTP/1.1" 403 1026
172.22.2.4 - - [14/Oct/2023:15:37:52 -0500] "GET /BLA/boletinlegal/Circulares/023%09/CIRCULAR%20No.%2000010%20DEL%2010%20DE%20OCTUBRE%20DEL%202023%09.pdf HTTP/1.1" 403 1026
172.22.2.4 - - [14/Oct/2023:15:37:56 -0500] "GET /BLA/boletinlegal/Circulares/023%09/CIRCULAR%20No.%2000009%20DEL%2010%20DE%20OCTUBRE%20DEL%202023%09.pdf HTTP/1.1" 403 1026
201.245.192.253 - - [14/Oct/2023:15:37:56 -0500] "POST /kwsrmcab/Wsrmcab HTTP/1.1" 200 41101
201.245.192.253 - - [14/Oct/2023:15:37:58 -0500] "POST /kwsrmcab/Wsrmcab HTTP/1.1" 200 39638
173.252.83.11 - - [14/Oct/2023:15:38:22 -0500] "GET /secretaria-de-ambiente-impone-medidas-preventivas-a-un-privado-que-utilizaba-un-area-protegida-para-promocionar-proyectos.html HTTP/1.1" 200 866
69.63.184.117 - - [14/Oct/2023:15:38:55 -0500] "GET /images/Red%20de%20Monitoreo%20de%20Calidad%20del%20Aire.jpg HTTP/1.1" 200 51986
52.167.144.179 - - [14/Oct/2023:15:38:58 -0500] "GET /BLA/resoluciones/index.php?dir=RESOLUCIONES+2002%2FRES+2002+1651-1700%2F HTTP/1.1" 200 12155
52.167.144.179 - - [14/Oct/2023:15:38:58 -0500] "GET /BLA/resoluciones/index.php?dir=RESOLUCIONES+2003%2FRES+2003+651-700%2F HTTP/1.1" 200 11300
31.13.103.120 - - [14/Oct/2023:15:39:09 -0500] "GET /participa-en-la-convocatoria-para-el-aseguramiento-metrologico-de-la-red-de-monitoreo-de-calidad-del-aire-de-bogota.html HTTP/1.1" 200 848
173.252.95.116 - - [14/Oct/2023:15:39:17 -0500] "GET /participa-en-la-convocatoria-para-el-aseguramiento-metrologico-de-la-red-de-monitoreo-de-calidad-del-aire-de-bogota.html HTTP/1.1" 200 848
173.252.95.117 - - [14/Oct/2023:15:39:17 -0500] "GET /participa-en-la-convocatoria-para-el-aseguramiento-metrologico-de-la-red-de-monitoreo-de-calidad-del-aire-de-bogota.html HTTP/1.1" 200 848
173.252.95.119 - - [14/Oct/2023:15:39:18 -0500] "GET /participa-en-la-convocatoria-para-el-aseguramiento-metrologico-de-la-red-de-monitoreo-de-calidad-del-aire-de-bogota.html HTTP/1.1" 200 848
173.252.95.119 - - [14/Oct/2023:15:39:18 -0500] "GET /participa-en-la-convocatoria-para-el-aseguramiento-metrologico-de-la-red-de-monitoreo-de-calidad-del-aire-de-bogota.html HTTP/1.1" 200 848
216.245.221.92 - - [14/Oct/2023:15:40:59 -0500] "HEAD / HTTP/1.1" 200 -
172.22.2.4 - - [14/Oct/2023:15:40:59 -0500] "GET /BLA/boletinlegal/owa/auth/logon.aspx HTTP/1.1" 404 1018
172.22.2.4 - - [14/Oct/2023:15:39:49 -0500] "HEAD /BLA/boletinlegal/ HTTP/1.1" 200 -
201.245.192.253 - - [14/Oct/2023:15:41:37 -0500] "POST /kwsrmcab/Wsrmcab  HTTP/1.1" 200 42851
190.253.163.115 - - [14/Oct/2023:15:41:49 -0500] "GET /catalogoisis/ HTTP/1.1" 200 8575
190.253.163.115 - - [14/Oct/2023:15:41:49 -0500] "GET /catalogoisis/Css/Busqueda.css HTTP/1.1" 200 1995
190.253.163.115 - - [14/Oct/2023:15:41:49 -0500] "GET /catalogoisis/Js/AceptarLimpiar.js HTTP/1.1" 200 331
190.253.163.115 - - [14/Oct/2023:15:41:49 -0500] "GET /catalogoisis/Js/Remote.js HTTP/1.1" 200 436
190.253.163.115 - - [14/Oct/2023:15:41:49 -0500] "GET /catalogoisis/Js/CriterioCombinada.js HTTP/1.1" 200 1843
190.253.163.115 - - [14/Oct/2023:15:41:49 -0500] "GET /catalogoisis/Js/Cookies.js HTTP/1.1" 200 1369
190.253.163.115 - - [14/Oct/2023:15:41:49 -0500] "GET /catalogoisis/Js/LimpiarCombinada.js HTTP/1.1" 200 207
190.253.163.115 - - [14/Oct/2023:15:41:49 -0500] "GET /catalogoisis/Js/Go.js HTTP/1.1" 200 364
190.253.163.115 - - [14/Oct/2023:15:41:49 -0500] "GET /catalogoisis/Js/Numero.js HTTP/1.1" 200 398
190.253.163.115 - - [14/Oct/2023:15:41:49 -0500] "GET /catalogoisis/Js/Enter.js HTTP/1.1" 200 1208
190.253.163.115 - - [14/Oct/2023:15:41:49 -0500] "GET /catalogoisis/imagenes/br1c1.gif HTTP/1.1" 200 172
190.253.163.115 - - [14/Oct/2023:15:41:49 -0500] "GET /catalogoisis/imagenes/Header.gif HTTP/1.1" 200 27040
190.253.163.115 - - [14/Oct/2023:15:41:49 -0500] "GET /catalogoisis/imagenes/br1c3.gif HTTP/1.1" 200 302
190.253.163.115 - - [14/Oct/2023:15:41:49 -0500] "GET /catalogoisis/imagenes/Turnbo1.gif HTTP/1.1" 200 227
190.253.163.115 - - [14/Oct/2023:15:41:49 -0500] "GET /catalogoisis/imagenes/aceptar1.gif HTTP/1.1" 200 604
190.253.163.115 - - [14/Oct/2023:15:41:49 -0500] "GET /catalogoisis/imagenes/limpiar1.gif HTTP/1.1" 200 606
