216.245.221.92 - - [14/Oct/2023:16:45:59 -0500] "HEAD / HTTP/1.1" 200 -
201.245.192.253 - - [14/Oct/2023:16:46:25 -0500] "POST /kwsrmcab/Wsrmcab  HTTP/1.1" 200 42851
36.90.160.189 - - [14/Oct/2023:16:46:13 -0500] "GET / HTTP/1.1" 200 319
172.22.2.4 - - [14/Oct/2023:16:44:50 -0500] "GET /BLA/boletinlegal/ HTTP/1.1" 200 52900
36.90.160.189 - - [14/Oct/2023:16:46:29 -0500] "GET / HTTP/1.1" 200 319
114.119.135.201 - - [14/Oct/2023:16:46:51 -0500] "GET /BLA/resoluciones/index.php?dir=Notificaciones/REGISTROS%2B2017/&sort=size&order=desc HTTP/1.1" 200 13955
114.119.133.53 - - [14/Oct/2023:16:48:19 -0500] "GET /BLA/resoluciones/index.php?dir=Notificaciones/REGISTROS%2B2016/&sort=name&order=asc HTTP/1.1" 200 13956
191.102.117.217 - - [14/Oct/2023:16:48:26 -0500] "GET /forest/ HTTP/1.1" 200 12041
191.102.117.217 - - [14/Oct/2023:16:48:32 -0500] "POST /forest/index.php HTTP/1.1" 200 12268
173.252.107.6 - - [14/Oct/2023:16:49:21 -0500] "GET /images/presentaci\xc3\xb3n%20convenci\xc3\xb3n.jpg HTTP/1.1" 404 1034
114.119.133.76 - - [14/Oct/2023:16:50:01 -0500] "GET /BLA/resoluciones/index.php?dir=AUTOS%2B2019/&sort=name&order=asc HTTP/1.1" 200 13882
40.77.167.75 - - [14/Oct/2023:16:50:50 -0500] "GET /bla/resoluciones/autos%202012/0011.pdf HTTP/1.1" 200 389254
40.77.167.76 - - [14/Oct/2023:16:50:55 -0500] "GET /BLA/resoluciones/index.php?dir=RESOLUCIONES+2004%2FRES+2004+2251-2300%2F HTTP/1.1" 200 12363
216.245.221.92 - - [14/Oct/2023:16:50:59 -0500] "HEAD / HTTP/1.1" 200 -
66.249.66.21 - - [14/Oct/2023:16:51:08 -0500] "GET / HTTP/1.1" 200 319
94.102.61.10 - - [14/Oct/2023:16:51:13 -0500] "GET /portaldeninos/ HTTP/1.1" 200 14393
201.245.192.253 - - [14/Oct/2023:16:51:24 -0500] "POST /kwsrmcab/Wsrmcab  HTTP/1.1" 200 42851
172.22.2.4 - - [14/Oct/2023:16:49:49 -0500] "HEAD /BLA/boletinlegal/ HTTP/1.1" 200 -
172.22.2.4 - - [14/Oct/2023:16:50:40 -0500] "GET /BLA/boletinlegal/ HTTP/1.1" 200 57802
172.22.2.4 - - [14/Oct/2023:16:52:54 -0500] "GET /BLA/boletinlegal/jurisprudencia/analisis/AnalisisT-606-15.docx HTTP/1.1" 200 26698
172.22.2.4 - - [14/Oct/2023:16:52:54 -0500] "GET /BLA/boletinlegal/apple-touch-icon-120x120-precomposed.png HTTP/1.1" 404 1140
172.22.2.4 - - [14/Oct/2023:16:52:55 -0500] "GET /BLA/boletinlegal/apple-touch-icon-120x120.png HTTP/1.1" 404 1140
172.22.2.4 - - [14/Oct/2023:16:52:55 -0500] "GET /BLA/boletinlegal/apple-touch-icon-precomposed.png HTTP/1.1" 404 1140
172.22.2.4 - - [14/Oct/2023:16:52:55 -0500] "GET /BLA/boletinlegal/apple-touch-icon.png HTTP/1.1" 404 1140
172.22.2.4 - - [14/Oct/2023:16:52:55 -0500] "GET /BLA/boletinlegal/favicon.ico HTTP/1.1" 404 1140
172.22.2.4 - - [14/Oct/2023:16:52:55 -0500] "GET /BLA/boletinlegal/apple-touch-icon-120x120-precomposed.png HTTP/1.1" 404 1140
172.22.2.4 - - [14/Oct/2023:16:52:55 -0500] "GET /BLA/boletinlegal/apple-touch-icon-120x120.png HTTP/1.1" 404 1140
172.22.2.4 - - [14/Oct/2023:16:52:55 -0500] "GET /BLA/boletinlegal/apple-touch-icon-precomposed.png HTTP/1.1" 404 1140
172.22.2.4 - - [14/Oct/2023:16:52:55 -0500] "GET /BLA/boletinlegal/apple-touch-icon.png HTTP/1.1" 404 1140
172.22.2.4 - - [14/Oct/2023:16:52:55 -0500] "GET /BLA/boletinlegal/favicon.ico HTTP/1.1" 404 1140
131.72.137.231 - - [14/Oct/2023:16:55:32 -0500] "GET /mujeres-que-reverdecen-secretaria-de-ambiente-anuncia-el-inicio-de-la-tercera-fase.html HTTP/1.1" 200 954
216.245.221.92 - - [14/Oct/2023:16:55:59 -0500] "HEAD / HTTP/1.1" 200 -
201.245.192.253 - - [14/Oct/2023:16:56:23 -0500] "POST /kwsrmcab/Wsrmcab  HTTP/1.1" 200 42851
172.22.2.4 - - [14/Oct/2023:16:55:39 -0500] "HEAD /BLA/boletinlegal/ HTTP/1.1" 200 -
172.22.2.4 - - [14/Oct/2023:16:56:30 -0500] "GET /BLA/boletinlegal/ HTTP/1.1" 200 58155
69.63.184.7 - - [14/Oct/2023:16:59:24 -0500] "GET /images/buenas-practicas-ambientales21-octubre.jpg HTTP/1.1" 200 77514
40.77.167.76 - - [14/Oct/2023:16:59:57 -0500] "GET /portaldeninos/aulas-ambientales/aula-ambiental-sorotama/ HTTP/1.1" 200 89596
40.77.167.76 - - [14/Oct/2023:17:00:07 -0500] "GET /portaldeninos/wp-content/uploads/2021/07/Recorrido-virtual-Aula-Soratama.mp4 HTTP/1.1" 200 5687960
216.245.221.92 - - [14/Oct/2023:17:00:59 -0500] "HEAD / HTTP/1.1" 200 -
66.249.66.20 - - [14/Oct/2023:17:01:03 -0500] "GET /BLA/resoluciones/RESOLUCIONES%202009/3168.pdf HTTP/1.1" 200 475029
201.245.192.253 - - [14/Oct/2023:17:01:23 -0500] "POST /kwsrmcab/Wsrmcab  HTTP/1.1" 200 42851
66.249.66.38 - - [14/Oct/2023:17:03:00 -0500] "GET /cooperacion-internacional-postulate-para-la-coordinacion-ambiental-de-proyecto-con-la-union-europea-avantia.html HTTP/1.1" 200 1020
172.22.2.4 - - [14/Oct/2023:17:01:29 -0500] "HEAD /BLA/boletinlegal/ HTTP/1.1" 200 -
172.22.2.4 - - [14/Oct/2023:17:02:20 -0500] "GET /BLA/boletinlegal/ HTTP/1.1" 200 58155
66.249.66.19 - - [14/Oct/2023:17:05:25 -0500] "GET /resoluciones/AUTOS%202007/3945.pdf HTTP/1.1" 404 1018
216.245.221.92 - - [14/Oct/2023:17:05:59 -0500] "HEAD / HTTP/1.1" 200 -
201.245.192.253 - - [14/Oct/2023:17:06:22 -0500] "POST /kwsrmcab/Wsrmcab  HTTP/1.1" 200 42851
172.22.2.4 - - [14/Oct/2023:17:07:19 -0500] "HEAD /BLA/boletinlegal/ HTTP/1.1" 200 -
172.22.2.4 - - [14/Oct/2023:17:08:10 -0500] "GET /BLA/boletinlegal/ HTTP/1.1" 200 52532
147.160.184.82 - - [14/Oct/2023:17:10:07 -0500] "GET /galeria/galeria/fotos/Humedal-Vaca3P.jpg HTTP/1.1" 200 38460
216.245.221.92 - - [14/Oct/2023:17:10:59 -0500] "HEAD / HTTP/1.1" 200 -
52.167.144.238 - - [14/Oct/2023:17:10:59 -0500] "GET /portaldeninos/parque-ecologico-distrital-humedal-santa-maria-del-lago/ HTTP/1.1" 200 90199
52.167.144.238 - - [14/Oct/2023:17:11:09 -0500] "GET /portaldeninos/parque-ecologico-distrital-humedal-santa-maria-del-lago/ HTTP/1.1" 200 90199
201.245.192.253 - - [14/Oct/2023:17:11:21 -0500] "POST /kwsrmcab/Wsrmcab  HTTP/1.1" 200 42851
152.203.174.181 - - [14/Oct/2023:17:11:40 -0500] "GET /BLA/resoluciones/index.php?dir=2018%2F HTTP/1.1" 200 1608
40.77.167.67 - - [14/Oct/2023:17:11:52 -0500] "GET /BLA/resoluciones/index.php?dir=RESOLUCIONES+2004%2FRES+2004+2301-2350%2F HTTP/1.1" 200 12356
152.203.174.181 - - [14/Oct/2023:17:11:55 -0500] "GET /BLA/resoluciones/ HTTP/1.1" 200 13696
152.203.174.181 - - [14/Oct/2023:17:11:59 -0500] "GET /BLA/resoluciones/dlf/unknown.png HTTP/1.1" 200 266
152.203.174.181 - - [14/Oct/2023:17:11:58 -0500] "GET /BLA/resoluciones/index.php?dir=RESOLUCIONES+2016%2F HTTP/1.1" 200 172156
152.203.174.181 - - [14/Oct/2023:17:12:02 -0500] "GET /BLA/resoluciones/RESOLUCIONES%202016/0311.pdf HTTP/1.1" 200 917715
168.119.253.69 - - [14/Oct/2023:17:13:38 -0500] "GET / HTTP/1.1" 200 319
168.119.253.69 - - [14/Oct/2023:17:13:39 -0500] "GET / HTTP/1.1" 200 4720
114.119.150.34 - - [14/Oct/2023:17:14:44 -0500] "GET /Publicaciones/2019EE260651.pdf HTTP/1.1" 404 228
172.22.2.4 - - [14/Oct/2023:17:13:09 -0500] "HEAD /BLA/boletinlegal/ HTTP/1.1" 200 -
172.22.2.4 - - [14/Oct/2023:17:14:00 -0500] "GET /BLA/boletinlegal/ HTTP/1.1" 200 54194
216.245.221.92 - - [14/Oct/2023:17:15:59 -0500] "HEAD / HTTP/1.1" 200 -
114.119.135.224 - - [14/Oct/2023:17:16:05 -0500] "GET /BLA/resoluciones/index.php?dir=RESOLUCIONES%2B1995/ HTTP/1.1" 200 13903
40.77.190.6 - - [14/Oct/2023:17:16:08 -0500] "GET /portaldeninos/wp-content/uploads/2021/07/Recorrido-virtual-Aula-Soratama.mp4 HTTP/1.1" 200 5687960
201.245.192.253 - - [14/Oct/2023:17:16:21 -0500] "POST /kwsrmcab/Wsrmcab  HTTP/1.1" 200 42851
216.244.66.195 - - [14/Oct/2023:17:17:31 -0500] "GET /BLA/resoluciones/AUTOS%202019/2921.pdf HTTP/1.1" 200 245683
201.245.192.253 - - [14/Oct/2023:17:17:55 -0500] "POST /kwsrmcab/Wsrmcab HTTP/1.1" 200 41104
201.245.192.253 - - [14/Oct/2023:17:17:58 -0500] "POST /kwsrmcab/Wsrmcab HTTP/1.1" 200 41271
40.77.167.54 - - [14/Oct/2023:17:18:53 -0500] "GET /BLA/resoluciones/RESOLUCIONES%202007/RES%202007%203201%20AL%203300/RESOLUCION%203298%20DE%202007.pdf HTTP/1.1" 200 337518
172.22.2.4 - - [14/Oct/2023:17:19:24 -0500] "GET /BLA/boletinlegal/jurisprudencia/analisis/AnalisisT-606-15.docx HTTP/1.1" 200 26698
172.22.2.4 - - [14/Oct/2023:17:19:24 -0500] "GET /BLA/boletinlegal/apple-touch-icon-120x120-precomposed.png HTTP/1.1" 404 1140
172.22.2.4 - - [14/Oct/2023:17:19:24 -0500] "GET /BLA/boletinlegal/apple-touch-icon-120x120.png HTTP/1.1" 404 1140
172.22.2.4 - - [14/Oct/2023:17:19:24 -0500] "GET /BLA/boletinlegal/apple-touch-icon-precomposed.png HTTP/1.1" 404 1140
172.22.2.4 - - [14/Oct/2023:17:19:24 -0500] "GET /BLA/boletinlegal/apple-touch-icon.png HTTP/1.1" 404 1140
172.22.2.4 - - [14/Oct/2023:17:19:24 -0500] "GET /BLA/boletinlegal/favicon.ico HTTP/1.1" 404 1140
172.22.2.4 - - [14/Oct/2023:17:19:24 -0500] "GET /BLA/boletinlegal/apple-touch-icon-120x120-precomposed.png HTTP/1.1" 404 1140
172.22.2.4 - - [14/Oct/2023:17:19:25 -0500] "GET /BLA/boletinlegal/apple-touch-icon-120x120.png HTTP/1.1" 404 1140
172.22.2.4 - - [14/Oct/2023:17:19:25 -0500] "GET /BLA/boletinlegal/apple-touch-icon-precomposed.png HTTP/1.1" 404 1140
172.22.2.4 - - [14/Oct/2023:17:19:25 -0500] "GET /BLA/boletinlegal/apple-touch-icon.png HTTP/1.1" 404 1140
172.22.2.4 - - [14/Oct/2023:17:19:25 -0500] "GET /BLA/boletinlegal/favicon.ico HTTP/1.1" 404 1140
172.22.2.4 - - [14/Oct/2023:17:18:59 -0500] "HEAD /BLA/boletinlegal/ HTTP/1.1" 200 -
172.22.2.4 - - [14/Oct/2023:17:20:41 -0500] "GET /BLA/boletinlegal/favicon.ico HTTP/1.1" 404 1326
216.245.221.92 - - [14/Oct/2023:17:20:59 -0500] "HEAD / HTTP/1.1" 200 -
201.245.192.253 - - [14/Oct/2023:17:21:21 -0500] "POST /kwsrmcab/Wsrmcab  HTTP/1.1" 200 42851
172.22.2.4 - - [14/Oct/2023:17:19:50 -0500] "GET /BLA/boletinlegal/ HTTP/1.1" 200 52532
52.167.144.139 - - [14/Oct/2023:17:23:23 -0500] "GET /bla/resoluciones/notificaciones/autos%202020/0034.pdf HTTP/1.1" 200 616475
216.245.221.92 - - [14/Oct/2023:17:25:59 -0500] "HEAD / HTTP/1.1" 200 -
201.245.192.253 - - [14/Oct/2023:17:26:20 -0500] "POST /kwsrmcab/Wsrmcab  HTTP/1.1" 200 42851
172.22.2.4 - - [14/Oct/2023:17:24:49 -0500] "HEAD /BLA/boletinlegal/ HTTP/1.1" 200 -
172.22.2.4 - - [14/Oct/2023:17:25:40 -0500] "GET /BLA/boletinlegal/ HTTP/1.1" 200 60175
201.245.192.253 - - [14/Oct/2023:17:27:55 -0500] "POST /kwsrmcab/Wsrmcab HTTP/1.1" 200 41104
201.245.192.253 - - [14/Oct/2023:17:27:57 -0500] "POST /kwsrmcab/Wsrmcab HTTP/1.1" 200 41271
40.77.167.73 - - [14/Oct/2023:17:28:08 -0500] "GET /BLA/resoluciones/RESOLUCIONES%202007/RES%202007%203201%20AL%203300/RESOLUCION%203222%20%20DE%202007.pdf HTTP/1.1" 200 449300
40.77.167.73 - - [14/Oct/2023:17:28:09 -0500] "GET /BLA/resoluciones/index.php?dir=RESOLUCIONES+2007%2FRES+2007+2101+AL+2200%2F HTTP/1.1" 200 26622
66.249.66.37 - - [14/Oct/2023:17:29:22 -0500] "GET /camaras-trampa HTTP/1.1" 404 1034
40.77.167.254 - - [14/Oct/2023:17:30:43 -0500] "GET /BLA/resoluciones/AUTOS%202007/1889.pdf HTTP/1.1" 200 162433
216.245.221.92 - - [14/Oct/2023:17:30:59 -0500] "HEAD / HTTP/1.1" 200 -
201.245.192.253 - - [14/Oct/2023:17:31:19 -0500] "POST /kwsrmcab/Wsrmcab  HTTP/1.1" 200 42851
172.22.2.4 - - [14/Oct/2023:17:30:39 -0500] "HEAD /BLA/boletinlegal/ HTTP/1.1" 200 -
172.22.2.4 - - [14/Oct/2023:17:31:30 -0500] "GET /BLA/boletinlegal/ HTTP/1.1" 200 59813
52.167.144.191 - - [14/Oct/2023:17:34:34 -0500] "GET /BLA/resoluciones/index.php?dir=Notificaciones%2FAUTOS+1988%2F HTTP/1.1" 200 2205
172.22.2.4 - - [14/Oct/2023:17:33:05 -0500] "GET /BLA/boletinlegal/ HTTP/1.1" 200 62374
66.249.66.19 - - [14/Oct/2023:17:35:25 -0500] "GET /BLA/resoluciones/RESOLUCIONES%202009/0728.pdf HTTP/1.1" 200 335316
114.119.143.172 - - [14/Oct/2023:17:35:36 -0500] "GET /portalsiaccapacitaciones/ HTTP/1.1" 200 5636
216.245.221.92 - - [14/Oct/2023:17:35:59 -0500] "HEAD / HTTP/1.1" 200 -
201.245.192.253 - - [14/Oct/2023:17:36:18 -0500] "POST /kwsrmcab/Wsrmcab  HTTP/1.1" 200 42851
172.22.2.4 - - [14/Oct/2023:17:37:02 -0500] "GET /BLA/boletinlegal/Circulares/2019/.pdf HTTP/1.1" 404 1218
172.22.2.4 - - [14/Oct/2023:17:37:11 -0500] "GET /BLA/boletinlegal/Circulares/2012/Circular%20No.%2010%20del%2026%20de%20Enero%20de%202012.pdf HTTP/1.1" 404 1218
216.244.66.195 - - [14/Oct/2023:17:37:14 -0500] "GET /robots.txt HTTP/1.1" 404 1018
172.22.2.4 - - [14/Oct/2023:17:37:15 -0500] "GET /BLA/boletinlegal/Circulares/023%09/CIRCULAR%20No.%2000010%20DEL%2010%20DE%20OCTUBRE%20DEL%202023%09.pdf HTTP/1.1" 403 1026
172.22.2.4 - - [14/Oct/2023:17:37:19 -0500] "GET /BLA/boletinlegal/Circulares/023%09/CIRCULAR%20No.%2000009%20DEL%2010%20DE%20OCTUBRE%20DEL%202023%09.pdf HTTP/1.1" 403 1026
172.22.2.4 - - [14/Oct/2023:17:37:22 -0500] "GET /BLA/boletinlegal/Circulares/023%09/CIRCULAR%20No.%2000010%20DEL%2010%20DE%20OCTUBRE%20DEL%202023%09.pdf HTTP/1.1" 403 1026
172.22.2.4 - - [14/Oct/2023:17:37:24 -0500] "GET /BLA/boletinlegal/Circulares/023%09/CIRCULAR%20No.%2000009%20DEL%2010%20DE%20OCTUBRE%20DEL%202023%09.pdf HTTP/1.1" 403 1026
172.22.2.4 - - [14/Oct/2023:17:37:26 -0500] "GET /BLA/boletinlegal/Circulares/023%09/CIRCULAR%20No.%2000010%20DEL%2010%20DE%20OCTUBRE%20DEL%202023%09.pdf HTTP/1.1" 403 1026
172.22.2.4 - - [14/Oct/2023:17:37:28 -0500] "GET /BLA/boletinlegal/Circulares/023%09/CIRCULAR%20No.%2000009%20DEL%2010%20DE%20OCTUBRE%20DEL%202023%09.pdf HTTP/1.1" 403 1026
114.119.145.130 - - [14/Oct/2023:17:37:30 -0500] "GET /BLA/resoluciones/index.php?dir=RESOLUCIONES%2B2002/&sort=size&order=asc HTTP/1.1" 200 13903
172.22.2.4 - - [14/Oct/2023:17:37:33 -0500] "GET /BLA/boletinlegal/Circulares/023%09/CIRCULAR%20No.%2000010%20DEL%2010%20DE%20OCTUBRE%20DEL%202023%09.pdf HTTP/1.1" 403 1026
172.22.2.4 - - [14/Oct/2023:17:37:36 -0500] "GET /BLA/boletinlegal/Circulares/023%09/CIRCULAR%20No.%2000009%20DEL%2010%20DE%20OCTUBRE%20DEL%202023%09.pdf HTTP/1.1" 403 1026
172.22.2.4 - - [14/Oct/2023:17:37:38 -0500] "GET /BLA/boletinlegal/Circulares/023%09/CIRCULAR%20No.%2000010%20DEL%2010%20DE%20OCTUBRE%20DEL%202023%09.pdf HTTP/1.1" 403 1026
172.22.2.4 - - [14/Oct/2023:17:37:40 -0500] "GET /BLA/boletinlegal/Circulares/023%09/CIRCULAR%20No.%2000009%20DEL%2010%20DE%20OCTUBRE%20DEL%202023%09.pdf HTTP/1.1" 403 1026
201.245.192.253 - - [14/Oct/2023:17:37:55 -0500] "POST /kwsrmcab/Wsrmcab HTTP/1.1" 200 41104
201.245.192.253 - - [14/Oct/2023:17:37:58 -0500] "POST /kwsrmcab/Wsrmcab HTTP/1.1" 200 41271
52.167.144.191 - - [14/Oct/2023:17:38:04 -0500] "GET /BLA/resoluciones/AUTOS%202010/1784.pdf HTTP/1.1" 200 2782097
172.22.2.4 - - [14/Oct/2023:17:36:29 -0500] "HEAD /BLA/boletinlegal/ HTTP/1.1" 200 -
172.22.2.4 - - [14/Oct/2023:17:37:20 -0500] "GET /BLA/boletinlegal/ HTTP/1.1" 200 58155
114.119.133.222 - - [14/Oct/2023:17:39:15 -0500] "GET /BLA/resoluciones/index.php?dir=RESOLUCIONES%2B1997/&sort=name&order=asc HTTP/1.1" 200 13903
114.119.142.47 - - [14/Oct/2023:17:40:48 -0500] "GET /BLA/resoluciones/index.php?dir=Notificaciones/REGISTROS%2B2022/&sort=size&order=asc HTTP/1.1" 200 13956
216.245.221.92 - - [14/Oct/2023:17:40:59 -0500] "HEAD / HTTP/1.1" 200 -
201.245.192.253 - - [14/Oct/2023:17:41:17 -0500] "POST /kwsrmcab/Wsrmcab  HTTP/1.1" 200 42851
66.249.66.20 - - [14/Oct/2023:17:41:44 -0500] "GET /BLA/resoluciones/RESOLUCIONES%202011/0831.pdf HTTP/1.1" 200 717857
114.119.136.199 - - [14/Oct/2023:17:42:07 -0500] "GET /BLA/resoluciones/index.php?dir=AUTOS%2B2012/&sort=size&order=asc HTTP/1.1" 200 13882
172.22.2.4 - - [14/Oct/2023:17:42:16 -0500] "GET /BLA/boletinlegal/actos.php HTTP/1.1" 200 9682
186.30.188.238 - - [14/Oct/2023:17:42:19 -0500] "GET /BLA/resoluciones/ HTTP/1.1" 200 13696
186.30.188.238 - - [14/Oct/2023:17:42:23 -0500] "GET /BLA/resoluciones/index.php?dir=AUTOS+2014%2F HTTP/1.1" 200 890688
66.249.66.19 - - [14/Oct/2023:17:42:44 -0500] "GET /BLA/resoluciones/RESOLUCIONES%202009/1230.pdf HTTP/1.1" 200 395410
186.30.188.238 - - [14/Oct/2023:17:42:46 -0500] "GET /BLA/resoluciones/AUTOS%202014/0019.pdf HTTP/1.1" 200 704289
34.32.233.11 - - [14/Oct/2023:17:42:54 -0500] "GET /caminatas-ecologicas-un-plan-imperdible-para-octubre.html HTTP/1.1" 200 747
172.22.2.4 - - [14/Oct/2023:17:42:08 -0500] "GET /BLA/boletinlegal/ HTTP/1.1" 200 32715
52.167.144.174 - - [14/Oct/2023:17:43:14 -0500] "GET /bla/resoluciones/notificaciones/autos%202016/02099.pdf HTTP/1.1" 200 373402
172.22.2.4 - - [14/Oct/2023:17:42:19 -0500] "HEAD /BLA/boletinlegal/ HTTP/1.1" 200 -
66.249.66.21 - - [14/Oct/2023:17:44:08 -0500] "GET /BLA/jurisprudencia/sentencias/5283531030012000-00005-01%20[16-05-2011][1].pdf HTTP/1.1" 404 1018
40.77.167.70 - - [14/Oct/2023:17:44:22 -0500] "GET /BLA/resoluciones/AUTOS%202007/3407.pdf HTTP/1.1" 200 125738
172.22.2.4 - - [14/Oct/2023:17:43:10 -0500] "GET /BLA/boletinlegal/ HTTP/1.1" 200 60531
172.22.2.4 - - [14/Oct/2023:17:44:55 -0500] "GET /BLA/boletinlegal/consulta_actos.php?tipo=autos&no=4937&usuario=&sector=&fecha=2014&resuelve= HTTP/1.1" 200 626
216.245.221.92 - - [14/Oct/2023:17:45:59 -0500] "HEAD / HTTP/1.1" 200 -
201.245.192.253 - - [14/Oct/2023:17:46:16 -0500] "POST /kwsrmcab/Wsrmcab  HTTP/1.1" 200 42851
172.22.2.4 - - [14/Oct/2023:17:48:09 -0500] "HEAD /BLA/boletinlegal/ HTTP/1.1" 200 -
172.22.2.4 - - [14/Oct/2023:17:49:00 -0500] "GET /BLA/boletinlegal/ HTTP/1.1" 200 60175
216.245.221.92 - - [14/Oct/2023:17:50:59 -0500] "HEAD / HTTP/1.1" 200 -
66.249.66.21 - - [14/Oct/2023:17:51:13 -0500] "GET / HTTP/1.1" 200 319
201.245.192.253 - - [14/Oct/2023:17:51:14 -0500] "POST /kwsrmcab/Wsrmcab  HTTP/1.1" 200 42851
52.167.144.142 - - [14/Oct/2023:17:51:36 -0500] "GET /BLA/resoluciones/RESOLUCIONES%202007/RES%202007%203201%20AL%203300/RESOLUCION%203264%20DE%202007.pdf HTTP/1.1" 200 420685
66.249.66.21 - - [14/Oct/2023:17:52:55 -0500] "GET /BLA/resoluciones/RESOLUCIONES%202009/0806.pdf HTTP/1.1" 200 224688
52.167.144.171 - - [14/Oct/2023:17:54:07 -0500] "GET /BLA/resoluciones/index.php?dir=RESOLUCIONES+2002%2FRES+2002+1801-1850%2F HTTP/1.1" 200 12158
114.119.159.61 - - [14/Oct/2023:17:54:28 -0500] "GET /BLA/resoluciones/index.php?dir=RESOLUCIONES%2B2022/&sort=name&order=desc HTTP/1.1" 200 13902
173.252.95.120 - - [14/Oct/2023:17:55:28 -0500] "GET /las-mujeres-reverdecen-bogota-en-el-dia-mundial-de-los-humedales.html HTTP/1.1" 200 900
173.252.95.19 - - [14/Oct/2023:17:55:28 -0500] "GET /las-mujeres-reverdecen-bogota-en-el-dia-mundial-de-los-humedales.html HTTP/1.1" 200 900
173.252.95.6 - - [14/Oct/2023:17:55:28 -0500] "GET /las-mujeres-reverdecen-bogota-en-el-dia-mundial-de-los-humedales.html HTTP/1.1" 200 900
173.252.95.16 - - [14/Oct/2023:17:55:28 -0500] "GET /images/mujeres-reverdecen-humedales-2-febrero.jpg HTTP/1.1" 200 47327
40.77.167.28 - - [14/Oct/2023:17:55:34 -0500] "GET /BLA/resoluciones/index.php?dir=RESOLUCIONES+2006%2FRES+2006++2801-2850%2F HTTP/1.1" 200 12415
172.22.2.4 - - [14/Oct/2023:17:53:59 -0500] "HEAD /BLA/boletinlegal/ HTTP/1.1" 200 -
114.119.143.75 - - [14/Oct/2023:17:55:40 -0500] "GET /BLA/resoluciones/index.php?dir=Notificaciones/AUTOS%2B2202/ HTTP/1.1" 200 13944
216.245.221.92 - - [14/Oct/2023:17:55:59 -0500] "HEAD / HTTP/1.1" 200 -
201.245.192.253 - - [14/Oct/2023:17:56:12 -0500] "POST /kwsrmcab/Wsrmcab  HTTP/1.1" 200 42851
172.22.2.4 - - [14/Oct/2023:17:54:50 -0500] "GET /BLA/boletinlegal/ HTTP/1.1" 200 59429
114.119.145.175 - - [14/Oct/2023:17:57:10 -0500] "GET /BLA/resoluciones/index.php?dir HTTP/1.1" 200 13696
114.119.143.103 - - [14/Oct/2023:17:58:22 -0500] "GET /BLA/resoluciones/index.php?dir=Notificaciones/RESOLUCIONES%2B2023/&sort=name&order=desc HTTP/1.1" 200 13964
172.22.2.4 - - [14/Oct/2023:17:57:44 -0500] "GET /BLA/boletinlegal/ HTTP/1.1" 200 32715
17.241.227.133 - - [14/Oct/2023:17:58:38 -0500] "GET /robots.txt HTTP/1.1" 404 1034
17.241.227.133 - - [14/Oct/2023:17:58:38 -0500] "GET /secretaria-de-ambiente-libera-gavilan-y-otras-aves-silvestres-en-los-cerros-orientales.html HTTP/1.1" 200 854
144.76.22.132 - - [14/Oct/2023:17:58:50 -0500] "GET /robots.txt HTTP/1.1" 404 1034
144.76.22.132 - - [14/Oct/2023:17:58:50 -0500] "GET /secretaria-de-ambiente-libera-gavilan-y-otras-aves-silvestres-en-los-cerros-orientales.html HTTP/1.1" 200 854
201.245.192.253 - - [14/Oct/2023:17:59:18 -0500] "POST /sipse/faces/presentacion/proyectos/proyecto/proyecto.xhtml HTTP/1.1" 200 84047
201.245.192.253 - - [14/Oct/2023:17:59:19 -0500] "GET /sipse/faces/javax.faces.resource/jquery/jquery.js?ln=primefaces&v=4.0 HTTP/1.1" 304 -
201.245.192.253 - - [14/Oct/2023:17:59:19 -0500] "GET /sipse/faces/javax.faces.resource/jquery/jquery-plugins.js?ln=primefaces&v=4.0 HTTP/1.1" 304 -
201.245.192.253 - - [14/Oct/2023:17:59:19 -0500] "GET /sipse/faces/javax.faces.resource/primefaces.js?ln=primefaces&v=4.0 HTTP/1.1" 304 -
201.245.192.253 - - [14/Oct/2023:17:59:19 -0500] "GET /sipse/faces/javax.faces.resource/layout/layout.js?ln=primefaces&v=4.0 HTTP/1.1" 304 -
201.245.192.253 - - [14/Oct/2023:17:59:19 -0500] "POST /sipse/faces/presentacion/proyectos/proyecto/listarProyecto.xhtml HTTP/1.1" 200 77361
201.245.192.253 - - [14/Oct/2023:17:59:19 -0500] "POST /sipse/faces/presentacion/proyectos/proyecto/listarProyecto.xhtml HTTP/1.1" 200 77361
201.245.192.253 - - [14/Oct/2023:17:59:19 -0500] "POST /sipse/faces/presentacion/proyectos/proyecto/listarProyecto.xhtml HTTP/1.1" 200 77361
201.245.192.253 - - [14/Oct/2023:17:59:19 -0500] "POST /sipse/faces/presentacion/proyectos/proyecto/listarProyecto.xhtml HTTP/1.1" 200 77361
201.245.192.253 - - [14/Oct/2023:17:59:23 -0500] "POST /sipse/faces/presentacion/proyectos/proyecto/listarProyecto.xhtml HTTP/1.1" 200 163
34.86.192.84 - - [14/Oct/2023:17:59:26 -0500] "GET /secretaria-de-ambiente-libera-gavilan-y-otras-aves-silvestres-en-los-cerros-orientales.html HTTP/1.1" 200 854
201.245.192.253 - - [14/Oct/2023:17:59:25 -0500] "GET /sipse/faces/presentacion/proyectos/proyecto/proyecto.xhtml HTTP/1.1" 200 91704
201.245.192.253 - - [14/Oct/2023:17:59:27 -0500] "GET /sipse/faces/javax.faces.resource/theme.css?ln=primefaces-sipse HTTP/1.1" 304 -
201.245.192.253 - - [14/Oct/2023:17:59:27 -0500] "GET /sipse/faces/javax.faces.resource/primefaces.css?ln=primefaces&v=4.0 HTTP/1.1" 304 -
201.245.192.253 - - [14/Oct/2023:17:59:27 -0500] "GET /sipse/faces/javax.faces.resource/jquery/jquery-plugins.js?ln=primefaces&v=4.0 HTTP/1.1" 304 -
201.245.192.253 - - [14/Oct/2023:17:59:27 -0500] "GET /sipse/faces/javax.faces.resource/layout/layout.css?ln=primefaces&v=4.0 HTTP/1.1" 304 -
201.245.192.253 - - [14/Oct/2023:17:59:27 -0500] "GET /sipse/faces/javax.faces.resource/jquery/jquery.js?ln=primefaces&v=4.0 HTTP/1.1" 304 -
201.245.192.253 - - [14/Oct/2023:17:59:27 -0500] "GET /sipse/faces/javax.faces.resource/primefaces.js?ln=primefaces&v=4.0 HTTP/1.1" 304 -
201.245.192.253 - - [14/Oct/2023:17:59:27 -0500] "GET /sipse/faces/javax.faces.resource/layout/layout.js?ln=primefaces&v=4.0 HTTP/1.1" 304 -
201.245.192.253 - - [14/Oct/2023:17:59:27 -0500] "GET /sipse/faces/javax.faces.resource/images/ui-icons_898989_256x240.png?ln=primefaces-aristo HTTP/1.1" 304 -
201.245.192.253 - - [14/Oct/2023:17:59:28 -0500] "GET /sipse/faces/javax.faces.resource/images/ui-bg_flat_0_2d5972_40x100.png?ln=primefaces-aristo HTTP/1.1" 304 -
201.245.192.253 - - [14/Oct/2023:17:59:28 -0500] "POST /sipse/faces/presentacion/proyectos/proyecto/proyecto.xhtml HTTP/1.1" 200 3253
40.88.21.235 - - [14/Oct/2023:17:59:31 -0500] "GET / HTTP/1.1" 200 319
40.88.21.235 - - [14/Oct/2023:17:59:31 -0500] "GET /favicon.ico HTTP/1.1" 200 7782
201.245.192.253 - - [14/Oct/2023:17:59:34 -0500] "POST /sipse/faces/presentacion/proyectos/proyecto/proyecto.xhtml HTTP/1.1" 200 43376
201.245.192.253 - - [14/Oct/2023:17:59:40 -0500] "GET /sipse/faces/javax.faces.resource/spacer/dot_clear.gif?ln=primefaces&v=4.0 HTTP/1.1" 200 42
201.245.192.253 - - [14/Oct/2023:17:59:40 -0500] "POST /sipse/faces/presentacion/proyectos/proyecto/proyecto.xhtml HTTP/1.1" 200 3954
114.119.155.250 - - [14/Oct/2023:17:59:50 -0500] "GET /BLA/resoluciones/index.php?dir=Notificaciones/REGISTROS%2B2020/ HTTP/1.1" 200 13956
201.245.192.253 - - [14/Oct/2023:17:59:46 -0500] "POST /sipse/faces/presentacion/proyectos/proyecto/proyecto.xhtml HTTP/1.1" 200 60792
216.245.221.92 - - [14/Oct/2023:18:00:59 -0500] "HEAD / HTTP/1.1" 200 -
201.245.192.253 - - [14/Oct/2023:18:01:11 -0500] "POST /kwsrmcab/Wsrmcab  HTTP/1.1" 200 42851
114.119.155.185 - - [14/Oct/2023:18:01:14 -0500] "GET /BLA/resoluciones/index.php?dir=Notificaciones/AUTOS%2B2017/&sort=date&order=asc HTTP/1.1" 200 13944
172.22.2.4 - - [14/Oct/2023:17:59:49 -0500] "HEAD /BLA/boletinlegal/ HTTP/1.1" 200 -
172.22.2.4 - - [14/Oct/2023:18:00:40 -0500] "GET /BLA/boletinlegal/ HTTP/1.1" 200 57802
66.249.66.21 - - [14/Oct/2023:18:04:54 -0500] "GET /BLA/resoluciones/AUTOS%202008/0536.pdf HTTP/1.1" 200 173328
186.155.17.13 - - [14/Oct/2023:18:05:17 -0500] "-" 408 -
186.155.17.13 - - [14/Oct/2023:18:05:18 -0500] "-" 408 -
216.245.221.92 - - [14/Oct/2023:18:05:59 -0500] "HEAD / HTTP/1.1" 200 -
201.245.192.253 - - [14/Oct/2023:18:06:10 -0500] "POST /kwsrmcab/Wsrmcab  HTTP/1.1" 200 42851
52.167.144.212 - - [14/Oct/2023:18:06:56 -0500] "GET /BLA/resoluciones/index.php?dir=RESOLUCIONES+2005%2FRES+2005+251-300%2F HTTP/1.1" 200 12254
172.22.2.4 - - [14/Oct/2023:18:05:39 -0500] "HEAD /BLA/boletinlegal/ HTTP/1.1" 200 -
172.22.2.4 - - [14/Oct/2023:18:06:29 -0500] "GET /BLA/boletinlegal/ HTTP/1.1" 200 54598
216.244.66.195 - - [14/Oct/2023:18:09:23 -0500] "GET /BLA/resoluciones/AUTOS%202012/0188.pdf HTTP/1.1" 200 778995
216.244.66.195 - - [14/Oct/2023:18:09:29 -0500] "GET /BLA/resoluciones/AUTOS%202012/0456.pdf HTTP/1.1" 200 151119
216.244.66.195 - - [14/Oct/2023:18:09:34 -0500] "GET /BLA/resoluciones/AUTOS%202012/0717.pdf HTTP/1.1" 200 270696
216.244.66.195 - - [14/Oct/2023:18:09:38 -0500] "GET /BLA/resoluciones/AUTOS%202012/1636.pdf HTTP/1.1" 200 2109790
216.244.66.195 - - [14/Oct/2023:18:09:47 -0500] "GET /BLA/resoluciones/AUTOS%202012/1710.pdf HTTP/1.1" 200 211910
216.244.66.195 - - [14/Oct/2023:18:09:53 -0500] "GET /BLA/resoluciones/AUTOS%202012/1847.pdf HTTP/1.1" 200 285519
216.244.66.195 - - [14/Oct/2023:18:10:27 -0500] "GET /BLA/resoluciones/AUTOS%202012/1863.pdf HTTP/1.1" 200 268677
216.244.66.195 - - [14/Oct/2023:18:10:52 -0500] "GET /BLA/resoluciones/AUTOS%202012/1873.pdf HTTP/1.1" 200 495754
216.245.221.92 - - [14/Oct/2023:18:10:59 -0500] "HEAD / HTTP/1.1" 200 -
201.245.192.253 - - [14/Oct/2023:18:11:09 -0500] "POST /kwsrmcab/Wsrmcab  HTTP/1.1" 200 42851
216.244.66.195 - - [14/Oct/2023:18:11:32 -0500] "GET /BLA/resoluciones/AUTOS%202012/2171.pdf HTTP/1.1" 200 609580
216.244.66.195 - - [14/Oct/2023:18:12:03 -0500] "GET /BLA/resoluciones/AUTOS%202012/2226.pdf HTTP/1.1" 200 1663489
69.171.249.2 - - [14/Oct/2023:18:12:09 -0500] "GET /con-pinceles-y-acuarelas-veronica-martinez-protege-la-biodiversidad.html HTTP/1.1" 200 990
69.171.249.119 - - [14/Oct/2023:18:12:09 -0500] "GET /con-pinceles-y-acuarelas-veronica-martinez-protege-la-biodiversidad.html HTTP/1.1" 200 990
69.171.249.120 - - [14/Oct/2023:18:12:09 -0500] "GET /images/cronica-mujer-biodiveridad-30-noviembre.jpg HTTP/1.1" 200 63270
66.220.149.9 - - [14/Oct/2023:18:12:11 -0500] "GET /images/cronica-mujer-biodiveridad-30-noviembre.jpg HTTP/1.1" 200 63270
216.244.66.195 - - [14/Oct/2023:18:12:49 -0500] "GET /BLA/resoluciones/AUTOS%202012/2490.pdf HTTP/1.1" 200 356850
172.22.2.4 - - [14/Oct/2023:18:11:29 -0500] "HEAD /BLA/boletinlegal/ HTTP/1.1" 200 -
216.244.66.195 - - [14/Oct/2023:18:13:20 -0500] "GET /BLA/resoluciones/AUTOS%202012/2567.pdf HTTP/1.1" 200 398804
216.244.66.195 - - [14/Oct/2023:18:13:49 -0500] "GET /BLA/resoluciones/AUTOS%202012/2637.pdf HTTP/1.1" 200 833866
172.22.2.4 - - [14/Oct/2023:18:12:20 -0500] "GET /BLA/boletinlegal/ HTTP/1.1" 200 60175
216.244.66.195 - - [14/Oct/2023:18:14:27 -0500] "GET /BLA/resoluciones/AUTOS%202012/2693.pdf HTTP/1.1" 200 443288
216.244.66.195 - - [14/Oct/2023:18:15:05 -0500] "GET /BLA/resoluciones/AUTOS%202012/3098.pdf HTTP/1.1" 200 2046946
216.244.66.195 - - [14/Oct/2023:18:15:55 -0500] "GET /BLA/resoluciones/AUTOS%202013/0083.pdf HTTP/1.1" 200 298738
216.245.221.92 - - [14/Oct/2023:18:15:59 -0500] "HEAD / HTTP/1.1" 200 -
201.245.192.253 - - [14/Oct/2023:18:16:09 -0500] "POST /kwsrmcab/Wsrmcab  HTTP/1.1" 200 42851
216.244.66.195 - - [14/Oct/2023:18:16:31 -0500] "GET /BLA/resoluciones/AUTOS%202013/0386.pdf HTTP/1.1" 200 221289
52.167.144.238 - - [14/Oct/2023:18:17:07 -0500] "GET /BLA/resoluciones/index.php?dir=RESOLUCIONES+2004%2FRES+2004+451-500%2F HTTP/1.1" 200 12037
216.244.66.195 - - [14/Oct/2023:18:17:09 -0500] "GET /BLA/resoluciones/AUTOS%202013/0649.pdf HTTP/1.1" 200 1139580
66.249.66.19 - - [14/Oct/2023:18:17:29 -0500] "GET /BLA/resoluciones/RESOLUCIONES%202007/RES%202007%204201%20AL%204300/RESOLUCION%204209%20DE%202007.pdf HTTP/1.1" 200 113871
114.119.148.102 - - [14/Oct/2023:18:17:49 -0500] "GET /BLA/resoluciones/index.php?dir=Notificaciones/REGISTROS%2B2014/&sort=name&order=asc HTTP/1.1" 200 13956
201.245.192.253 - - [14/Oct/2023:18:17:55 -0500] "POST /kwsrmcab/Wsrmcab HTTP/1.1" 200 41247
216.244.66.195 - - [14/Oct/2023:18:17:59 -0500] "GET /BLA/resoluciones/AUTOS%202013/0850.pdf HTTP/1.1" 200 793774
201.245.192.253 - - [14/Oct/2023:18:17:58 -0500] "POST /kwsrmcab/Wsrmcab HTTP/1.1" 200 41267
216.244.66.195 - - [14/Oct/2023:18:18:40 -0500] "GET /BLA/resoluciones/AUTOS%202013/0976.pdf HTTP/1.1" 200 1387822
172.22.2.4 - - [14/Oct/2023:18:17:19 -0500] "HEAD /BLA/boletinlegal/ HTTP/1.1" 200 -
114.119.137.64 - - [14/Oct/2023:18:19:05 -0500] "GET /BLA/resoluciones/index.php?dir=Notificaciones/DISCIPLINARIOS%2B2019/&sort=date&order=desc HTTP/1.1" 200 13970
172.22.2.4 - - [14/Oct/2023:18:18:09 -0500] "GET /BLA/boletinlegal/ HTTP/1.1" 200 57802
52.167.144.238 - - [14/Oct/2023:18:20:08 -0500] "GET /BLA/resoluciones/AUTOS%202019/0022.pdf HTTP/1.1" 200 249137
216.245.221.92 - - [14/Oct/2023:18:20:59 -0500] "HEAD / HTTP/1.1" 200 -
52.167.144.238 - - [14/Oct/2023:18:21:08 -0500] "GET /BLA/resoluciones/RESOLUCIONES%202007/RES%202007%203201%20AL%203300/RESOLUCION%203262%20DE%202007.pdf HTTP/1.1" 200 1280478
201.245.192.253 - - [14/Oct/2023:18:21:08 -0500] "POST /kwsrmcab/Wsrmcab  HTTP/1.1" 200 42851
186.102.38.136 - - [14/Oct/2023:18:24:10 -0500] "GET /kwssiamovil/sm/ldap/au?x=U2FsdGVkX1++1qMxvYxj3dZbO8cqTCw5UKy85STORe5XvgGDSL0VKwF+ZSIYbOnG&y=U2FsdGVkX18u3k5l+w61Tqt3sRTUyuLUz0df6u3pZe0= HTTP/1.1" 200 30
186.102.38.136 - - [14/Oct/2023:18:24:10 -0500] "GET /kwssiamovil/sm/acme/s?s=U2FsdGVkX1/GQw/yhRKX71IvEIdO3+91r9ODfOxR6rJmeaqEJAdr2JZIDGOvpY0pF1OQGch9Zua1L3iRrwzhjCmaGknt5IxhVAIns9rxQpw=&u=U2FsdGVkX19orqEGsF5qQoe1GJquCVDE1+DIkXmBEqk=&y=U2FsdGVkX18u3k5l+w61Tqt3sRTUyuLUz0df6u3pZe0= HTTP/1.1" 200 97
186.102.38.136 - - [14/Oct/2023:18:24:10 -0500] "GET /kwssiamovil/sm/acme/s?s=U2FsdGVkX1/eXeh1sUmc8cOneRjly2hvIq4zFgaSuMj2zRjXvp0Qac1YpOqlgcgJWpvGiAXqdi419oh7UYc3bHDLFyH08II/KzGZ+224iaODPUvw8b9UxCMhx7m8lDXhN/O2PrPp7Y/k6kdYznvkNkJwCF7ycLWXzS0WU5ax2OpzypJ7EzXm7XPrqu7TLHdLP3zjp4x7VHmKPTTpHhnD8nFqexycxQoFbkgLfvz6Bk1e0m0CvJ5uj9yixBd7oS1DaXFpWmjG079LHFYsgFpUvNu7M+Bxo6fizlu8Iit0mLWYbu3092oN0IbcELLKbN/lTiA9hlCKKJM44coT85ImU9TKM7roKRQymFl7WmmTyEKIMmQRwZTsx4EpUVfdCYTO8WHs3N5Cgptb0AVl6mdF6AWjxwM8KojiOdIK0FhqS66+8qhCfJZveBUeqZ9mKR8t9/+1RFB1FNAzUjWWtC/oCe2txLzzvTPOoptTbiB8t40qJyppAew5qycdk5kYYvZNLriKGAiSP+mnBgW5jKlMHTbS765wsIp3Xh8hAfIMEUyAPxZIKWjq4ZJcJVaUad65zBgwSgJeJ7+rmT8Zo9QhyCCINeM9MvjvCvDF4v+JRQNjgGL1ul37e8NkfEWoOpj4ZUu88QAHdESqAkkpzsDv6y1OieRlHKaeDUmtN8NqJB8/aE9RPtsz423t6kJdQlH2n6E70L+nUmQ8DlV545YugH1B/Sz6f9eu/nW0r/qcJnaZLkn3ZSE2OosEAFIuXJuB47o9HVCq6cTcM9hkJrFjCzezAYO7oLlvU0aglGU77sgqoMGd+lt4dLe8abZZceqwCRVnRKvxzOGavy2D2IlQ0vdorIc2lAYwwOAY5l23VAtUAi9XWB3wck4xeGBKBA/+WUW0k8uismZZnJfdQdMaGCtdFey4Q/n8pSG/Ov2Zx5NNXgrtF3/O0st9PGkReobqmqEVvTERZ/YPlh+NCWH78frk5E88TKnXlVngYQq8WkvdIsRDJXhEq8MXpz4A1eilPP8o7PeklKdXjq0RbFenTaB3Bep8Q/ce1r5K6/TfGJurqFQbzSlXx2l6Yyw9Ew/K8vwlRdK14jIxbi1aUax5twmeXYhrrzvlw16vIBwkZK1aDqcF0A+5Z2h5uIMN1Ne8rKDlXnTTGbyIHIRx4V9kXqgOFnUVDst03OulP3+KalxdLvQnZo11OazBUA+IZEFz4owxQ224D++Xysu9YQhX9YRLkviQxFuJhGV+VpmmnF1L3UT3/HBbdz4GEfqoJabruyCDvd1S1TbjcTNNGGL6+KQuuUmgu3y3qXJRgd843V3nVzV9T8EI90g1hSbGfMiHwTmg/QQLzVFt2i2CGLpWsMcPMqUwiTBY5LvgWS7WfxA/iQkduUw9kXmdYjxw+YH5mDYQHl+a6lRpyfmQ/TM5OweN6SecrlFI7A7JZ31QyRBd+1Qj9ShXfrYFeGYQ0wJgwZREqDsl3wQPSBBY2ZUn6xT8ijL0J1/w+fHpXIOTnrNoFdnno9FW6PuPG2NHgDSHyhU3NLdPT8EXQOZ3w3PRAbiX5ABIM0bm7oVAnXrSd6WnMhp9sGgLVMTRnr38phDmgp7Rqhqw7aw5hRKgX4NeylmMWfDeO7BXW3P65B8ORby9Cmp/8Lmke2b+V8ifxlapDhDmVGnwwqbBaNXMg5JqYTQX4oVCHi7aZfwnquUxYT/2pLXVdAgdPmshcj/AOsTbzKzYKTbj9rRxNFnq6yiIwQWq/gJjVe78xvqed12KE/I=&u=U2FsdGVkX19orqEGsF5qQoe1GJquCVDE1+DIkXmBEqk=&y=U2FsdGVkX18u3k5l+w61Tqt3sRTUyuLUz0df6u3pZe0= HTTP/1.1" 200 364
186.102.38.136 - - [14/Oct/2023:18:24:11 -0500] "GET /kwssiamovil/sm/acme/s?s=U2FsdGVkX19Ix90D9V4w0V2xfAxEhwWIlB1D59avoSx94EAvHPV3vQMWPmISVSYmOjGwLyGyIsjmxoxP378KTzNSTQjwHKq9ISD86czwEXLVVN8PNpowAl8LRvlo2uuy5PydexFavqJJ34dTZ3Sev6FuTbzFxT4xF9zSKRDUmnEF58sJfUCy9PtI/zXyclGjy7qXlO4So35KZFIku2MD6M+ivI/IeHB+2eoBRgcnlCXEbLTViI/7KmrcbiMLslf0X/gW3Q3K2U3AgAbEOIp4rDKpvxkMKWYeezALiLswoLzHk4CuA5mz9Y/+gE8VmdXjC5QDe2PijzQP0fxMPYkM6H217n8ZSSLhJlrvOkqkAwSplGQ9qm9HhiIxizJd/TQ5KCAcWcDKURnOXZGPE1fc0vwt7+FM9mvxaaKK1roIZlgQkzZpm7h84qd1AwC8RHx2RX697rWgnW4XYStBRQ7L9UTCMnbbDyvLWxMkNHuXCpHlRWlPNzy8Tlv0PMWlcvuXiWYKF5EXs+MiZKfdVHCaHze6t9wDomnAbBZfajlaOvi9Q9K6Tcwl6jtaXSpimQS+/AYfNOyW8/1lTTJ2q/T5mWh0kmqR/USUJmXtzR5pWhh2/HRZsFh+eJ1oYbTOD4eTVRAaUwh5+tVmsqMSZFvveUzolQ9+dX2CpVJ+1tdKbcWcZ7JYikTD4bhgR8Aw9YSowZFfkMmc3LOa+CLMRMO4PHru9skbbmFpUUG9NQf79fzAe9mIWgUjVX2bs91p1wPo&u=U2FsdGVkX19orqEGsF5qQoe1GJquCVDE1+DIkXmBEqk=&y=U2FsdGVkX18u3k5l+w61Tqt3sRTUyuLUz0df6u3pZe0= HTTP/1.1" 200 208
186.102.38.136 - - [14/Oct/2023:18:24:11 -0500] "GET /kwssiamovil/sm/cjson/pre?f=1&x=U2FsdGVkX1++1qMxvYxj3dZbO8cqTCw5UKy85STORe5XvgGDSL0VKwF+ZSIYbOnG HTTP/1.1" 200 31032
172.22.2.4 - - [14/Oct/2023:18:23:09 -0500] "HEAD /BLA/boletinlegal/ HTTP/1.1" 200 -
186.155.17.13 - - [14/Oct/2023:18:25:18 -0500] "GET /2EF8E3DF-30F3-4066-90C5-69DE2633DD99WzlKwTWdixP2WmMC0P6fPWikSuLhvd2IUPGv-vpNbXSLomQAKC45loq3JsCq-ockCgIl6q6d6RiTwjMJLz8Ixw/init?data=eyJ1cmwiOiJodHRwOi8vMTkwLjI3LjI0NS4xMDYvc2lwc2UvZmFjZXMvaW5kZXgueGh0bWwiLCJwbHVnaW5zIjoid3NtJndzYyZ3bnQmY2EmcGMmdWEmY2ImeGhyX2NvbnRlbnQiLCJkYXRhIjp7ImRhdGEiOlt7InBsdWdpbiI6IndzbSIsInBhcmFtZXRlcnMiOiJ7XCJyZWZlcnJlclwiOlwiaHR0cDovLzE5MC4yNy4yNDUuMTA2L3NpcHNlL2ZhY2VzL2F1dGVudGljYWNpb24ueGh0bWxcIixcInN0dWJJZFwiOlwiXCJ9In0seyJwbHVnaW4iOiJ3bnQiLCJwYXJhbWV0ZXJzIjoie1wicmVmZXJyZXJcIjpcImh0dHA6Ly8xOTAuMjcuMjQ1LjEwNi9zaXBzZS9mYWNlcy9hdXRlbnRpY2FjaW9uLnhodG1sXCJ9In0seyJwbHVnaW4iOiJ4aHJfY29udGVudCIsInBhcmFtZXRlcnMiOiJ7XCJyZWZlcnJlclwiOlwiaHR0cDovLzE5MC4yNy4yNDUuMTA2L3NpcHNlL2ZhY2VzL2F1dGVudGljYWNpb24ueGh0bWxcIn0ifV19LCJpc1RvcExldmVsIjp0cnVlLCJwYWdlU3RhcnRUaW1lIjoxNjk3MzA5MTgzNDUyfQ%3D%3D&nocache=174c8 HTTP/1.1" 404 1292
186.155.17.13 - - [14/Oct/2023:18:25:18 -0500] "GET /2EF8E3DF-30F3-4066-90C5-69DE2633DD99wv5hMReIEZIHxcVgu3rI_X8ENXE2EezxSDWeKMXnqGe8cm_KuAd0xIzmju3sboDpok6YNBedLmM_JURGnTpGrA/init?data=eyJ1cmwiOiJodHRwOi8vMTkwLjI3LjI0NS4xMDYvc2lwc2UvZmFjZXMvcHJlc2VudGFjaW9uL2ZpbmFuY2llcm8vc29saWNpdHVkQW51bGFjaW9uL3NvbGljaXR1ZEFudWxhY2lvbi54aHRtbCIsInBsdWdpbnMiOiJ3c20md3NjJndudCZjYSZwYyZ1YSZjYiZ4aHJfY29udGVudCIsImRhdGEiOnsiZGF0YSI6W3sicGx1Z2luIjoid3NtIiwicGFyYW1ldGVycyI6IntcInJlZmVycmVyXCI6XCJodHRwOi8vMTkwLjI3LjI0NS4xMDYvc2lwc2UvZmFjZXMvcHJlc2VudGFjaW9uL2ZpbmFuY2llcm8vc29saWNpdHVkQW51bGFjaW9uL2NvbnN1bHRhclNvbGljaXR1ZEFudWxhY2lvbi54aHRtbFwiLFwic3R1YklkXCI6XCJcIn0ifSx7InBsdWdpbiI6IndudCIsInBhcmFtZXRlcnMiOiJ7XCJyZWZlcnJlclwiOlwiaHR0cDovLzE5MC4yNy4yNDUuMTA2L3NpcHNlL2ZhY2VzL3ByZXNlbnRhY2lvbi9maW5hbmNpZXJvL3NvbGljaXR1ZEFudWxhY2lvbi9jb25zdWx0YXJTb2xpY2l0dWRBbnVsYWNpb24ueGh0bWxcIn0ifSx7InBsdWdpbiI6Inhocl9jb250ZW50IiwicGFyYW1ldGVycyI6IntcInJlZmVycmVyXCI6XCJodHRwOi8vMTkwLjI3LjI0NS4xMDYvc2lwc2UvZmFjZXMvcHJlc2VudGFjaW9uL2ZpbmFuY2llcm8vc29saWNpdHVkQW51bGFjaW9uL2NvbnN1bHRhclNvbGljaXR1ZEFudWxhY2lvbi54aHRtbFwifSJ9XX0sImlzVG9wTGV2ZWwiOnRydWUsInBhZ2VTdGFydFRpbWUiOjE2OTczMDkxOTc2ODR9&nocache=1b06d HTTP/1.1" 404 1404
186.155.17.13 - - [14/Oct/2023:18:25:19 -0500] "GET /2EF8E3DF-30F3-4066-90C5-69DE2633DD99WzlKwTWdixP2WmMC0P6fPWikSuLhvd2IUPGv-vpNbXSLomQAKC45loq3JsCq-ockCgIl6q6d6RiTwjMJLz8Ixw/websocket?url=aHR0cDovLzE5MC4yNy4yNDUuMTA2L3NpcHNlL2ZhY2VzL2luZGV4LnhodG1s&nocache=1697325872147 HTTP/1.1" 404 1120
186.155.17.13 - - [14/Oct/2023:18:25:19 -0500] "GET /2EF8E3DF-30F3-4066-90C5-69DE2633DD99WzlKwTWdixP2WmMC0P6fPWikSuLhvd2IUPGv-vpNbXSLomQAKC45loq3JsCq-ockCgIl6q6d6RiTwjMJLz8Ixw/init?data=eyJ1cmwiOiJodHRwOi8vMTkwLjI3LjI0NS4xMDYvc2lwc2UvZmFjZXMvaW5kZXgueGh0bWwiLCJwbHVnaW5zIjoid3NtJndzYyZ3bnQmY2EmcGMmdWEmY2ImeGhyX2NvbnRlbnQiLCJkYXRhIjp7ImRhdGEiOlt7InBsdWdpbiI6IndzbSIsInBhcmFtZXRlcnMiOiJ7XCJyZWZlcnJlclwiOlwiaHR0cDovLzE5MC4yNy4yNDUuMTA2L3NpcHNlL2ZhY2VzL2F1dGVudGljYWNpb24ueGh0bWxcIixcInN0dWJJZFwiOlwiXCJ9In0seyJwbHVnaW4iOiJ3bnQiLCJwYXJhbWV0ZXJzIjoie1wicmVmZXJyZXJcIjpcImh0dHA6Ly8xOTAuMjcuMjQ1LjEwNi9zaXBzZS9mYWNlcy9hdXRlbnRpY2FjaW9uLnhodG1sXCJ9In0seyJwbHVnaW4iOiJ4aHJfY29udGVudCIsInBhcmFtZXRlcnMiOiJ7XCJyZWZlcnJlclwiOlwiaHR0cDovLzE5MC4yNy4yNDUuMTA2L3NpcHNlL2ZhY2VzL2F1dGVudGljYWNpb24ueGh0bWxcIn0ifV19LCJpc1RvcExldmVsIjp0cnVlLCJwYWdlU3RhcnRUaW1lIjoxNjk3MzA5MTgzNDUyfQ%3D%3D&nocache=1e259 HTTP/1.1" 404 1292
186.155.17.13 - - [14/Oct/2023:18:25:19 -0500] "GET /2EF8E3DF-30F3-4066-90C5-69DE2633DD99wv5hMReIEZIHxcVgu3rI_X8ENXE2EezxSDWeKMXnqGe8cm_KuAd0xIzmju3sboDpok6YNBedLmM_JURGnTpGrA/websocket?url=aHR0cDovLzE5MC4yNy4yNDUuMTA2L3NpcHNlL2ZhY2VzL3ByZXNlbnRhY2lvbi9maW5hbmNpZXJvL3NvbGljaXR1ZEFudWxhY2lvbi9zb2xpY2l0dWRBbnVsYWNpb24ueGh0bWw%3D&nocache=1697325872150 HTTP/1.1" 404 1120
186.155.17.13 - - [14/Oct/2023:18:25:19 -0500] "GET /2EF8E3DF-30F3-4066-90C5-69DE2633DD99wv5hMReIEZIHxcVgu3rI_X8ENXE2EezxSDWeKMXnqGe8cm_KuAd0xIzmju3sboDpok6YNBedLmM_JURGnTpGrA/init?data=eyJ1cmwiOiJodHRwOi8vMTkwLjI3LjI0NS4xMDYvc2lwc2UvZmFjZXMvcHJlc2VudGFjaW9uL2ZpbmFuY2llcm8vc29saWNpdHVkQW51bGFjaW9uL3NvbGljaXR1ZEFudWxhY2lvbi54aHRtbCIsInBsdWdpbnMiOiJ3c20md3NjJndudCZjYSZwYyZ1YSZjYiZ4aHJfY29udGVudCIsImRhdGEiOnsiZGF0YSI6W3sicGx1Z2luIjoid3NtIiwicGFyYW1ldGVycyI6IntcInJlZmVycmVyXCI6XCJodHRwOi8vMTkwLjI3LjI0NS4xMDYvc2lwc2UvZmFjZXMvcHJlc2VudGFjaW9uL2ZpbmFuY2llcm8vc29saWNpdHVkQW51bGFjaW9uL2NvbnN1bHRhclNvbGljaXR1ZEFudWxhY2lvbi54aHRtbFwiLFwic3R1YklkXCI6XCJcIn0ifSx7InBsdWdpbiI6IndudCIsInBhcmFtZXRlcnMiOiJ7XCJyZWZlcnJlclwiOlwiaHR0cDovLzE5MC4yNy4yNDUuMTA2L3NpcHNlL2ZhY2VzL3ByZXNlbnRhY2lvbi9maW5hbmNpZXJvL3NvbGljaXR1ZEFudWxhY2lvbi9jb25zdWx0YXJTb2xpY2l0dWRBbnVsYWNpb24ueGh0bWxcIn0ifSx7InBsdWdpbiI6Inhocl9jb250ZW50IiwicGFyYW1ldGVycyI6IntcInJlZmVycmVyXCI6XCJodHRwOi8vMTkwLjI3LjI0NS4xMDYvc2lwc2UvZmFjZXMvcHJlc2VudGFjaW9uL2ZpbmFuY2llcm8vc29saWNpdHVkQW51bGFjaW9uL2NvbnN1bHRhclNvbGljaXR1ZEFudWxhY2lvbi54aHRtbFwifSJ9XX0sImlzVG9wTGV2ZWwiOnRydWUsInBhZ2VTdGFydFRpbWUiOjE2OTczMDkxOTc2ODR9&nocache=1bbd0 HTTP/1.1" 404 1404
172.22.2.4 - - [14/Oct/2023:18:23:59 -0500] "GET /BLA/boletinlegal/ HTTP/1.1" 200 57802
216.245.221.92 - - [14/Oct/2023:18:25:59 -0500] "HEAD / HTTP/1.1" 200 -
201.245.192.253 - - [14/Oct/2023:18:26:07 -0500] "POST /kwsrmcab/Wsrmcab  HTTP/1.1" 200 42851
40.77.167.1 - - [14/Oct/2023:18:26:10 -0500] "GET /BLA/resoluciones/RESOLUCIONES%202007/RES%202007%203201%20AL%203300/RESOLUCION%203289%20DE%202007.pdf HTTP/1.1" 200 442479
201.245.192.253 - - [14/Oct/2023:18:27:56 -0500] "POST /kwsrmcab/Wsrmcab HTTP/1.1" 200 41247
201.245.192.253 - - [14/Oct/2023:18:27:58 -0500] "POST /kwsrmcab/Wsrmcab HTTP/1.1" 200 41267
52.167.144.22 - - [14/Oct/2023:18:30:10 -0500] "GET /BLA/resoluciones/index.php?dir=RESOLUCIONES+2004%2FRES+2004+1601-1650%2F HTTP/1.1" 200 12359
172.22.2.4 - - [14/Oct/2023:18:28:59 -0500] "HEAD /BLA/boletinlegal/ HTTP/1.1" 200 -
141.98.11.60 - - [14/Oct/2023:18:30:50 -0500] "GET / HTTP/1.1" 200 319
216.245.221.92 - - [14/Oct/2023:18:30:59 -0500] "HEAD / HTTP/1.1" 200 -
201.245.192.253 - - [14/Oct/2023:18:31:07 -0500] "POST /kwsrmcab/Wsrmcab  HTTP/1.1" 200 42851
172.22.2.4 - - [14/Oct/2023:18:29:49 -0500] "GET /BLA/boletinlegal/ HTTP/1.1" 200 57802
66.249.66.21 - - [14/Oct/2023:18:32:39 -0500] "GET /BLA/resoluciones/RESOLUCIONES%202009/6975.pdf HTTP/1.1" 200 553271
114.119.134.192 - - [14/Oct/2023:18:32:59 -0500] "GET /BLA/resoluciones/index.php?dir=RESOLUCIONES%2B2021/&sort=name&order=desc HTTP/1.1" 200 13902
216.244.66.195 - - [14/Oct/2023:18:33:06 -0500] "GET /robots.txt HTTP/1.1" 404 1018
114.119.146.195 - - [14/Oct/2023:18:34:23 -0500] "GET /BLA/resoluciones/index.php?dir=RESOLUCIONES%2B2014/&sort=size&order=desc HTTP/1.1" 200 13902
172.22.2.4 - - [14/Oct/2023:18:33:29 -0500] "GET /BLA/boletinlegal/ HTTP/1.1" 200 60531
114.119.153.50 - - [14/Oct/2023:18:35:49 -0500] "GET /BLA/resoluciones/index.php?dir=RESOLUCIONES%2B2010/&sort=name&order=desc HTTP/1.1" 200 13902
216.245.221.92 - - [14/Oct/2023:18:35:59 -0500] "HEAD / HTTP/1.1" 200 -
201.245.192.253 - - [14/Oct/2023:18:36:00 -0500] "POST /sipse/faces/presentacion/proyectos/proyecto/proyecto.xhtml HTTP/1.1" 200 39379
201.245.192.253 - - [14/Oct/2023:18:36:00 -0500] "GET /sipse/faces/javax.faces.resource/jquery/jquery.js?ln=primefaces&v=4.0 HTTP/1.1" 304 -
201.245.192.253 - - [14/Oct/2023:18:36:00 -0500] "GET /sipse/faces/javax.faces.resource/jquery/jquery-plugins.js?ln=primefaces&v=4.0 HTTP/1.1" 304 -
201.245.192.253 - - [14/Oct/2023:18:36:00 -0500] "GET /sipse/faces/javax.faces.resource/primefaces.js?ln=primefaces&v=4.0 HTTP/1.1" 304 -
201.245.192.253 - - [14/Oct/2023:18:36:00 -0500] "GET /sipse/faces/javax.faces.resource/layout/layout.js?ln=primefaces&v=4.0 HTTP/1.1" 304 -
201.245.192.253 - - [14/Oct/2023:18:36:00 -0500] "POST /sipse/faces/presentacion/financiero/solicitudProceso/listarSolicitudProceso.xhtml HTTP/1.1" 200 1396
201.245.192.253 - - [14/Oct/2023:18:36:06 -0500] "POST /kwsrmcab/Wsrmcab  HTTP/1.1" 200 42851
201.245.192.253 - - [14/Oct/2023:18:36:21 -0500] "POST /sipse/faces/presentacion/financiero/solicitudProceso/listarSolicitudProceso.xhtml HTTP/1.1" 200 111477
201.245.192.253 - - [14/Oct/2023:18:36:22 -0500] "GET /sipse/faces/javax.faces.resource/jquery/jquery.js?ln=primefaces&v=4.0 HTTP/1.1" 304 -
201.245.192.253 - - [14/Oct/2023:18:36:22 -0500] "GET /sipse/faces/javax.faces.resource/jquery/jquery-plugins.js?ln=primefaces&v=4.0 HTTP/1.1" 304 -
201.245.192.253 - - [14/Oct/2023:18:36:22 -0500] "GET /sipse/faces/javax.faces.resource/primefaces.js?ln=primefaces&v=4.0 HTTP/1.1" 304 -
201.245.192.253 - - [14/Oct/2023:18:36:22 -0500] "GET /sipse/faces/javax.faces.resource/layout/layout.js?ln=primefaces&v=4.0 HTTP/1.1" 304 -
172.22.2.4 - - [14/Oct/2023:18:34:49 -0500] "HEAD /BLA/boletinlegal/ HTTP/1.1" 200 -
172.22.2.4 - - [14/Oct/2023:18:35:39 -0500] "GET /BLA/boletinlegal/ HTTP/1.1" 200 57802
172.22.2.4 - - [14/Oct/2023:18:37:26 -0500] "GET /BLA/boletinlegal/Circulares/2019/.pdf HTTP/1.1" 404 1218
114.119.157.96 - - [14/Oct/2023:18:37:35 -0500] "GET /BLA/resoluciones/index.php?dir=RESOLUCIONES%2B2001/&sort=name&order=desc HTTP/1.1" 200 13902
172.22.2.4 - - [14/Oct/2023:18:37:37 -0500] "GET /BLA/boletinlegal/Circulares/2012/Circular%20No.%2010%20del%2026%20de%20Enero%20de%202012.pdf HTTP/1.1" 404 1218
172.22.2.4 - - [14/Oct/2023:18:37:39 -0500] "GET /BLA/boletinlegal/Circulares/023%09/CIRCULAR%20No.%2000010%20DEL%2010%20DE%20OCTUBRE%20DEL%202023%09.pdf HTTP/1.1" 403 1026
172.22.2.4 - - [14/Oct/2023:18:37:43 -0500] "GET /BLA/boletinlegal/Circulares/023%09/CIRCULAR%20No.%2000009%20DEL%2010%20DE%20OCTUBRE%20DEL%202023%09.pdf HTTP/1.1" 403 1026
172.22.2.4 - - [14/Oct/2023:18:37:47 -0500] "GET /BLA/boletinlegal/Circulares/023%09/CIRCULAR%20No.%2000010%20DEL%2010%20DE%20OCTUBRE%20DEL%202023%09.pdf HTTP/1.1" 403 1026
172.22.2.4 - - [14/Oct/2023:18:37:49 -0500] "GET /BLA/boletinlegal/Circulares/023%09/CIRCULAR%20No.%2000009%20DEL%2010%20DE%20OCTUBRE%20DEL%202023%09.pdf HTTP/1.1" 403 1026
172.22.2.4 - - [14/Oct/2023:18:37:53 -0500] "GET /BLA/boletinlegal/Circulares/023%09/CIRCULAR%20No.%2000010%20DEL%2010%20DE%20OCTUBRE%20DEL%202023%09.pdf HTTP/1.1" 403 1026
201.245.192.253 - - [14/Oct/2023:18:37:55 -0500] "POST /kwsrmcab/Wsrmcab HTTP/1.1" 200 41247
201.245.192.253 - - [14/Oct/2023:18:37:57 -0500] "POST /kwsrmcab/Wsrmcab HTTP/1.1" 200 41267
114.119.149.203 - - [14/Oct/2023:18:38:26 -0500] "GET /BLA/resoluciones/index.php?dir=Notificaciones/RESOLUCIONES%2B2014/&sort=size&order=desc HTTP/1.1" 200 13964
114.119.134.12 - - [14/Oct/2023:18:40:02 -0500] "GET /BLA/resoluciones/index.php?dir=AUTOS%2B2020/&sort=size&order=asc HTTP/1.1" 200 13882
216.245.221.92 - - [14/Oct/2023:18:40:59 -0500] "HEAD / HTTP/1.1" 200 -
201.245.192.253 - - [14/Oct/2023:18:41:05 -0500] "POST /kwsrmcab/Wsrmcab  HTTP/1.1" 200 42851
114.119.133.120 - - [14/Oct/2023:18:41:19 -0500] "GET /BLA/resoluciones/index.php?dir=AUTOS%2B2019/&sort=date&order=asc HTTP/1.1" 200 13882
172.22.2.4 - - [14/Oct/2023:18:41:42 -0500] "GET /BLA/boletinlegal/Circulares/023%09/CIRCULAR%20No.%2000009%20DEL%2010%20DE%20OCTUBRE%20DEL%202023%09.pdf HTTP/1.1" 403 1026
172.22.2.4 - - [14/Oct/2023:18:41:43 -0500] "GET /BLA/boletinlegal/Circulares/023%09/CIRCULAR%20No.%2000010%20DEL%2010%20DE%20OCTUBRE%20DEL%202023%09.pdf HTTP/1.1" 403 1026
172.22.2.4 - - [14/Oct/2023:18:41:49 -0500] "GET /BLA/boletinlegal/Circulares/023%09/CIRCULAR%20No.%2000009%20DEL%2010%20DE%20OCTUBRE%20DEL%202023%09.pdf HTTP/1.1" 403 1026
172.22.2.4 - - [14/Oct/2023:18:41:53 -0500] "GET /BLA/boletinlegal/Circulares/023%09/CIRCULAR%20No.%2000010%20DEL%2010%20DE%20OCTUBRE%20DEL%202023%09.pdf HTTP/1.1" 403 1026
172.22.2.4 - - [14/Oct/2023:18:41:57 -0500] "GET /BLA/boletinlegal/Circulares/023%09/CIRCULAR%20No.%2000009%20DEL%2010%20DE%20OCTUBRE%20DEL%202023%09.pdf HTTP/1.1" 403 1026
172.22.2.4 - - [14/Oct/2023:18:40:39 -0500] "HEAD /BLA/boletinlegal/ HTTP/1.1" 200 -
201.245.192.253 - - [14/Oct/2023:18:42:39 -0500] "POST /sipse/faces/presentacion/financiero/solicitudProceso/consultarSolicitudProceso.xhtml HTTP/1.1" 200 244801
114.119.128.22 - - [14/Oct/2023:18:42:52 -0500] "GET /BLA/resoluciones/index.php?dir=AUTOS%2B2010/&sort=name&order=asc HTTP/1.1" 200 13882
172.22.2.4 - - [14/Oct/2023:18:41:29 -0500] "GET /BLA/boletinlegal/ HTTP/1.1" 200 52532
52.167.144.20 - - [14/Oct/2023:18:44:09 -0500] "GET /sipse/faces/faces/autenticacion.xhtml HTTP/1.1" 200 12727
114.119.128.237 - - [14/Oct/2023:18:44:09 -0500] "GET /BLA/resoluciones/index.php?dir=Notificaciones/AUTOS%2B2018/&sort=date&order=asc HTTP/1.1" 200 13944
40.77.167.77 - - [14/Oct/2023:18:44:59 -0500] "GET /sipse/css/custom_css_sg_prime_login.css HTTP/1.1" 200 443
40.77.167.77 - - [14/Oct/2023:18:44:59 -0500] "GET /sipse/faces/javax.faces.resource/jquery/jquery-plugins.js;jsessionid=z8+25tmeY3orYDdrJwRU8YrH.undefined?ln=primefaces&v=4.0 HTTP/1.1" 200 220526
40.77.167.77 - - [14/Oct/2023:18:45:00 -0500] "GET /sipse/faces/javax.faces.resource/jquery/jquery.js;jsessionid=z8+25tmeY3orYDdrJwRU8YrH.undefined?ln=primefaces&v=4.0 HTTP/1.1" 200 105384
52.167.144.161 - - [14/Oct/2023:18:45:02 -0500] "GET /sipse/css/custom_css_sg.css HTTP/1.1" 200 9694
40.77.167.7 - - [14/Oct/2023:18:45:03 -0500] "GET /sipse/js/funciones.js HTTP/1.1" 200 12592
52.167.144.161 - - [14/Oct/2023:18:45:12 -0500] "GET /sipse/js/disable_browser_buttons.js HTTP/1.1" 200 3230
52.167.144.161 - - [14/Oct/2023:18:45:12 -0500] "GET /sipse/faces/javax.faces.resource/theme.css?ln=primefaces-sipse HTTP/1.1" 200 50058
114.119.138.230 - - [14/Oct/2023:18:45:29 -0500] "GET /BLA/resoluciones/index.php?dir=AUTOS%2B2004/&sort=date&order=asc HTTP/1.1" 200 13882
162.55.175.138 - - [14/Oct/2023:18:45:51 -0500] "GET / HTTP/1.1" 200 319
162.55.175.138 - - [14/Oct/2023:18:45:51 -0500] "GET / HTTP/1.1" 200 4720
216.245.221.92 - - [14/Oct/2023:18:45:59 -0500] "HEAD / HTTP/1.1" 200 -
201.245.192.253 - - [14/Oct/2023:18:46:01 -0500] "POST /sipse/faces/presentacion/financiero/solicitudProceso/consultarSolicitudProceso.xhtml HTTP/1.1" 200 5423
172.22.2.4 - - [14/Oct/2023:18:46:04 -0500] "GET /BLA/boletinlegal/js/jquery.js HTTP/1.1" 200 57254
172.22.2.4 - - [14/Oct/2023:18:46:04 -0500] "GET /BLA/boletinlegal/style.css HTTP/1.1" 200 9406
172.22.2.4 - - [14/Oct/2023:18:46:04 -0500] "GET /BLA/boletinlegal/styles2.css HTTP/1.1" 200 1838
172.22.2.4 - - [14/Oct/2023:18:46:04 -0500] "GET /BLA/boletinlegal/js/jquery.scrollShow.js HTTP/1.1" 200 4586
172.22.2.4 - - [14/Oct/2023:18:46:04 -0500] "GET /BLA/boletinlegal/js/jquery.scrollTo-min.js HTTP/1.1" 200 1150
172.22.2.4 - - [14/Oct/2023:18:46:04 -0500] "GET /BLA/boletinlegal/images/cabezote%20BLEGAL.jpg HTTP/1.1" 200 118164
172.22.2.4 - - [14/Oct/2023:18:46:04 -0500] "GET /BLA/boletinlegal/images/subscribe-icon-big.png HTTP/1.1" 200 47702
172.22.2.4 - - [14/Oct/2023:18:46:04 -0500] "GET /BLA/boletinlegal/images/historia.png HTTP/1.1" 200 52775
172.22.2.4 - - [14/Oct/2023:18:46:04 -0500] "GET /BLA/boletinlegal/images/registro-usuarios.png HTTP/1.1" 200 8106
172.22.2.4 - - [14/Oct/2023:18:46:04 -0500] "GET /BLA/boletinlegal/images/arr_l.jpg HTTP/1.1" 200 1979
172.22.2.4 - - [14/Oct/2023:18:46:04 -0500] "GET /BLA/boletinlegal/images/screen_1.png HTTP/1.1" 200 202547
172.22.2.4 - - [14/Oct/2023:18:46:04 -0500] "GET /BLA/boletinlegal/images/body_bg.jpg HTTP/1.1" 200 1601
172.22.2.4 - - [14/Oct/2023:18:46:04 -0500] "GET /BLA/boletinlegal/images/launch.jpg HTTP/1.1" 200 14577
172.22.2.4 - - [14/Oct/2023:18:46:04 -0500] "GET /BLA/boletinlegal/images/menu_lft.gif HTTP/1.1" 200 1713
172.22.2.4 - - [14/Oct/2023:18:46:04 -0500] "GET /BLA/boletinlegal/images/menu_rght.gif HTTP/1.1" 200 1627
172.22.2.4 - - [14/Oct/2023:18:46:04 -0500] "GET /BLA/boletinlegal/images/bg_top.jpg HTTP/1.1" 200 522
172.22.2.4 - - [14/Oct/2023:18:46:04 -0500] "GET /BLA/boletinlegal/images/menu_bg.jpg HTTP/1.1" 200 620
172.22.2.4 - - [14/Oct/2023:18:46:04 -0500] "GET /BLA/boletinlegal/images/hover.jpg HTTP/1.1" 200 640
172.22.2.4 - - [14/Oct/2023:18:46:04 -0500] "GET /BLA/boletinlegal/images/text.jpg HTTP/1.1" 200 568
172.22.2.4 - - [14/Oct/2023:18:46:05 -0500] "GET /BLA/boletinlegal/images/screen_2.png HTTP/1.1" 200 362502
172.22.2.4 - - [14/Oct/2023:18:46:05 -0500] "GET /BLA/boletinlegal/images/arr_r.jpg HTTP/1.1" 200 1998
172.22.2.4 - - [14/Oct/2023:18:46:05 -0500] "GET /BLA/boletinlegal/images/screen_5.png HTTP/1.1" 200 368876
172.22.2.4 - - [14/Oct/2023:18:46:05 -0500] "GET /BLA/boletinlegal/images/screen_3.png HTTP/1.1" 200 210620
172.22.2.4 - - [14/Oct/2023:18:46:05 -0500] "GET /BLA/boletinlegal/images/footer_bg.jpg HTTP/1.1" 200 586
201.245.192.253 - - [14/Oct/2023:18:46:05 -0500] "POST /kwsrmcab/Wsrmcab  HTTP/1.1" 200 42851
172.22.2.4 - - [14/Oct/2023:18:46:08 -0500] "GET /BLA/boletinlegal/actos.php HTTP/1.1" 200 9682
