114.119.135.35 - - [15/Oct/2023:02:17:30 -0500] "GET /portalsiaccapacitaciones/Listas%20de%20Asistencia%202016/LISTA%20DE%20ASISTENCIA%20MESA%20PIGA%2024%20NOVIEMBRE.pdf HTTP/1.1" 200 1471497
201.245.192.253 - - [15/Oct/2023:02:17:54 -0500] "POST /kwsrmcab/Wsrmcab HTTP/1.1" 200 40665
201.245.192.253 - - [15/Oct/2023:02:17:57 -0500] "POST /kwsrmcab/Wsrmcab HTTP/1.1" 200 39353
172.22.2.4 - - [15/Oct/2023:02:16:32 -0500] "GET /BLA/boletinlegal/ HTTP/1.1" 200 58155
40.77.167.18 - - [15/Oct/2023:02:18:44 -0500] "GET /el-plan-de-accion-climatica-de-bogota-inspirador-para-otras-ciudades-del-mundo.html HTTP/1.1" 200 876
114.119.147.113 - - [15/Oct/2023:02:19:01 -0500] "GET /BLA/resoluciones/index.php?dir=RESOLUCIONES%2B2019/&sort=date&order=desc HTTP/1.1" 200 13902
40.77.167.2 - - [15/Oct/2023:02:19:29 -0500] "GET /BLA/resoluciones/RESOLUCIONES%202021/4468.pdf HTTP/1.1" 304 -
201.245.192.253 - - [15/Oct/2023:02:19:33 -0500] "POST /kwsrmcab/Wsrmcab  HTTP/1.1" 200 42851
114.119.130.99 - - [15/Oct/2023:02:20:32 -0500] "GET /BLA/resoluciones/index.php?dir=RESOLUCIONES%2B2012/&sort=name&order=asc HTTP/1.1" 200 13903
216.245.221.92 - - [15/Oct/2023:02:20:57 -0500] "HEAD / HTTP/1.1" 200 -
114.119.144.36 - - [15/Oct/2023:02:21:57 -0500] "GET /BLA/resoluciones/index.php?dir=RESOLUCIONES%2B2008/&sort=date&order=desc HTTP/1.1" 200 13902
172.22.2.4 - - [15/Oct/2023:02:21:31 -0500] "HEAD /BLA/boletinlegal/ HTTP/1.1" 200 -
114.119.138.59 - - [15/Oct/2023:02:23:15 -0500] "GET /BLA/resoluciones/index.php?dir=RESOLUCIONES%2B2018/&sort=size&order=asc HTTP/1.1" 200 13903
167.71.229.237 - - [15/Oct/2023:02:23:18 -0500] "GET / HTTP/1.1" 200 319
172.22.2.4 - - [15/Oct/2023:02:22:22 -0500] "GET /BLA/boletinlegal/ HTTP/1.1" 200 56292
52.167.144.166 - - [15/Oct/2023:02:24:27 -0500] "GET /bogota-fashion-week-una-ventana-para-la-sostenibilidad-en-bogota.html HTTP/1.1" 200 754
201.245.192.253 - - [15/Oct/2023:02:24:33 -0500] "POST /kwsrmcab/Wsrmcab  HTTP/1.1" 200 42851
34.174.152.29 - - [15/Oct/2023:02:25:16 -0500] "HEAD /BLA/resoluciones/RESOLUCIONES%202017/0520.pdf HTTP/1.1" 200 -
114.119.132.89 - - [15/Oct/2023:02:25:36 -0500] "GET /BLA/resoluciones/index.php?dir=RESOLUCIONES%2B2006/ HTTP/1.1" 200 13903
216.245.221.92 - - [15/Oct/2023:02:25:57 -0500] "HEAD / HTTP/1.1" 200 -
114.119.131.88 - - [15/Oct/2023:02:27:03 -0500] "GET /BLA/resoluciones/index.php?dir=RESOLUCIONES%2B2004/&sort=size&order=desc HTTP/1.1" 200 13902
114.119.149.169 - - [15/Oct/2023:02:27:44 -0500] "GET /BLA/resoluciones/index.php?dir=RESOLUCIONES%2B2004/&sort=name&order=desc HTTP/1.1" 200 13902
201.245.192.253 - - [15/Oct/2023:02:27:53 -0500] "POST /kwsrmcab/Wsrmcab HTTP/1.1" 200 40665
201.245.192.253 - - [15/Oct/2023:02:27:56 -0500] "POST /kwsrmcab/Wsrmcab HTTP/1.1" 200 40973
114.119.130.168 - - [15/Oct/2023:02:28:55 -0500] "GET /BLA/resoluciones/index.php?dir=RESOLUCIONES%2B2002/&sort=size&order=desc HTTP/1.1" 200 13902
172.22.2.4 - - [15/Oct/2023:02:27:22 -0500] "HEAD /BLA/boletinlegal/ HTTP/1.1" 200 -
201.245.192.253 - - [15/Oct/2023:02:29:32 -0500] "POST /kwsrmcab/Wsrmcab  HTTP/1.1" 200 42851
172.22.2.4 - - [15/Oct/2023:02:28:12 -0500] "GET /BLA/boletinlegal/ HTTP/1.1" 200 54598
114.119.139.104 - - [15/Oct/2023:02:30:19 -0500] "GET /BLA/resoluciones/index.php?dir=RESOLUCIONES%2B1994/&sort=size&order=asc HTTP/1.1" 200 13903
216.245.221.92 - - [15/Oct/2023:02:30:57 -0500] "HEAD / HTTP/1.1" 200 -
172.22.2.4 - - [15/Oct/2023:02:29:34 -0500] "GET /BLA/boletinlegal/ HTTP/1.1" 200 53488
114.119.135.251 - - [15/Oct/2023:02:31:59 -0500] "GET /BLA/resoluciones/index.php?dir=RESOLUCIONES%2B1995/&sort=date&order=desc HTTP/1.1" 200 13902
18.215.163.62 - - [15/Oct/2023:02:33:09 -0500] "GET /caminatas-ecologicas-un-plan-imperdible-para-octubre.html HTTP/1.1" 200 747
114.119.142.186 - - [15/Oct/2023:02:33:21 -0500] "GET /BLA/resoluciones/index.php?dir=Notificaciones/RESOLUCIONES%2B0217/&sort=name&order=asc HTTP/1.1" 200 13965
201.245.192.253 - - [15/Oct/2023:02:34:31 -0500] "POST /kwsrmcab/Wsrmcab  HTTP/1.1" 200 42851
114.119.136.128 - - [15/Oct/2023:02:34:34 -0500] "GET /BLA/resoluciones/index.php?dir=Notificaciones/REGISTROS%2B2022/&sort=name&order=asc HTTP/1.1" 200 13956
172.22.2.4 - - [15/Oct/2023:02:33:11 -0500] "HEAD /BLA/boletinlegal/ HTTP/1.1" 200 -
66.249.66.37 - - [15/Oct/2023:02:35:21 -0500] "GET /mujeres-que-reverdecen-secretaria-de-ambiente-anuncia-el-inicio-de-la-tercera-fase.html HTTP/1.1" 304 -
172.22.2.4 - - [15/Oct/2023:02:34:02 -0500] "GET /BLA/boletinlegal/ HTTP/1.1" 200 45134
216.245.221.92 - - [15/Oct/2023:02:35:57 -0500] "HEAD / HTTP/1.1" 200 -
52.167.144.22 - - [15/Oct/2023:02:36:14 -0500] "GET /BLA/resoluciones/RESOLUCIONES%202007/RES%202007%203201%20AL%203300/RESOLUCION%203232%20DE%202007.pdf HTTP/1.1" 200 608479
172.22.2.4 - - [15/Oct/2023:02:34:38 -0500] "GET /BLA/boletinlegal/ HTTP/1.1" 200 49492
114.119.145.126 - - [15/Oct/2023:02:36:34 -0500] "GET /BLA/resoluciones/index.php?dir=Notificaciones/REGISTROS%2B2013/&sort=name&order=asc HTTP/1.1" 200 13956
201.245.192.253 - - [15/Oct/2023:02:37:53 -0500] "POST /kwsrmcab/Wsrmcab HTTP/1.1" 200 40665
201.245.192.253 - - [15/Oct/2023:02:37:56 -0500] "POST /kwsrmcab/Wsrmcab HTTP/1.1" 200 40973
114.119.144.200 - - [15/Oct/2023:02:38:16 -0500] "GET /BLA/resoluciones/index.php?dir=Notificaciones/AUTOS%2B2202/&sort=name&order=asc HTTP/1.1" 200 13944
162.55.175.138 - - [15/Oct/2023:02:39:30 -0500] "GET / HTTP/1.1" 200 319
162.55.175.138 - - [15/Oct/2023:02:39:30 -0500] "GET / HTTP/1.1" 200 4720
201.245.192.253 - - [15/Oct/2023:02:39:29 -0500] "POST /kwsrmcab/Wsrmcab  HTTP/1.1" 200 42851
114.119.159.134 - - [15/Oct/2023:02:40:21 -0500] "GET /BLA/resoluciones/index.php?dir=Notificaciones/AUTOS%2B2022/&sort=size&order=desc HTTP/1.1" 200 13943
172.22.2.4 - - [15/Oct/2023:02:39:01 -0500] "HEAD /BLA/boletinlegal/ HTTP/1.1" 200 -
114.119.156.85 - - [15/Oct/2023:02:40:45 -0500] "GET /BLA/resoluciones/index.php?dir=Notificaciones/AUTOS%2B2016/ HTTP/1.1" 200 13944
216.245.221.92 - - [15/Oct/2023:02:40:57 -0500] "HEAD / HTTP/1.1" 200 -
172.22.2.4 - - [15/Oct/2023:02:39:52 -0500] "GET /BLA/boletinlegal/ HTTP/1.1" 200 57802
114.119.130.67 - - [15/Oct/2023:02:41:48 -0500] "GET /BLA/resoluciones/index.php?dir=Notificaciones/AUTOS%2B2015/&sort=name&order=asc HTTP/1.1" 200 13944
114.119.148.202 - - [15/Oct/2023:02:43:22 -0500] "GET /BLA/resoluciones/index.php?dir=Notificaciones/AUTOS%2B2014/&sort=date&order=asc HTTP/1.1" 200 13944
201.245.192.253 - - [15/Oct/2023:02:44:29 -0500] "POST /kwsrmcab/Wsrmcab  HTTP/1.1" 200 42851
114.119.136.146 - - [15/Oct/2023:02:45:36 -0500] "GET /BLA/resoluciones/index.php?dir=Notificaciones/AUTOS%2B2012/&sort=date&order=desc HTTP/1.1" 200 13943
216.245.221.92 - - [15/Oct/2023:02:45:57 -0500] "HEAD / HTTP/1.1" 200 -
172.22.2.4 - - [15/Oct/2023:02:44:51 -0500] "HEAD /BLA/boletinlegal/ HTTP/1.1" 200 -
114.119.148.174 - - [15/Oct/2023:02:47:16 -0500] "GET /BLA/resoluciones/index.php?dir=RESOLUCIONES%2B2022/&sort=name&order=asc HTTP/1.1" 200 13903
172.22.2.4 - - [15/Oct/2023:02:45:42 -0500] "GET /BLA/boletinlegal/ HTTP/1.1" 200 52532
114.119.142.140 - - [15/Oct/2023:02:47:57 -0500] "GET /BLA/resoluciones/index.php?dir=Notificaciones/DISCIPLINARIOS%2B2019/&sort=size&order=asc HTTP/1.1" 200 13971
201.245.192.253 - - [15/Oct/2023:02:49:28 -0500] "POST /kwsrmcab/Wsrmcab  HTTP/1.1" 200 42851
114.119.146.195 - - [15/Oct/2023:02:49:36 -0500] "GET /BLA/resoluciones/index.php?dir=Notificaciones/AUTOS%2B1988/&sort=name&order=desc HTTP/1.1" 200 13943
114.119.156.129 - - [15/Oct/2023:02:50:55 -0500] "GET /BLA/resoluciones/index.php?dir=AUTOS%2B2018/&sort=date&order=asc HTTP/1.1" 200 13882
216.245.221.92 - - [15/Oct/2023:02:50:57 -0500] "HEAD / HTTP/1.1" 200 -
52.167.144.180 - - [15/Oct/2023:02:50:57 -0500] "GET /BLA/resoluciones/RESOLUCIONES%202015/1851.pdf HTTP/1.1" 200 2506530
172.22.2.4 - - [15/Oct/2023:02:50:41 -0500] "HEAD /BLA/boletinlegal/ HTTP/1.1" 200 -
114.119.153.138 - - [15/Oct/2023:02:52:30 -0500] "GET /BLA/resoluciones/index.php?dir=AUTOS%2B2015/&sort=name&order=asc HTTP/1.1" 200 13882
172.22.2.4 - - [15/Oct/2023:02:51:32 -0500] "GET /BLA/boletinlegal/ HTTP/1.1" 200 58155
201.245.192.253 - - [15/Oct/2023:02:54:27 -0500] "POST /kwsrmcab/Wsrmcab  HTTP/1.1" 200 42851
114.119.158.189 - - [15/Oct/2023:02:54:38 -0500] "GET /BLA/resoluciones/index.php?dir=AUTOS%2B2012/&sort=name&order=desc HTTP/1.1" 200 13881
114.119.143.174 - - [15/Oct/2023:02:55:51 -0500] "GET /BLA/resoluciones/index.php?dir=AUTOS%2B2002/&sort=date&order=asc HTTP/1.1" 200 13882
216.245.221.92 - - [15/Oct/2023:02:55:57 -0500] "HEAD / HTTP/1.1" 200 -
40.77.167.18 - - [15/Oct/2023:02:56:00 -0500] "GET /caminatas-ecologicas-un-plan-imperdible-para-octubre.html HTTP/1.1" 200 747
40.77.167.18 - - [15/Oct/2023:02:56:30 -0500] "GET /secretaria-de-ambiente-impone-medidas-preventivas-a-un-privado-que-utilizaba-un-area-protegida-para-promocionar-proyectos.html HTTP/1.1" 200 866
114.119.155.22 - - [15/Oct/2023:02:57:06 -0500] "GET /BLA/resoluciones/index.php?dir&sort=date&order=desc HTTP/1.1" 200 13695
40.77.167.132 - - [15/Oct/2023:02:57:19 -0500] "GET /portaldeninos/wp-content/uploads/2021/11/pieza-dia-medioambiente-bogota-5-junio-1024x576.jpg HTTP/1.1" 200 129401
172.22.2.4 - - [15/Oct/2023:02:56:31 -0500] "HEAD /BLA/boletinlegal/ HTTP/1.1" 200 -
172.22.2.4 - - [15/Oct/2023:02:57:22 -0500] "GET /BLA/boletinlegal/ HTTP/1.1" 200 57802
201.245.192.253 - - [15/Oct/2023:02:59:26 -0500] "POST /kwsrmcab/Wsrmcab  HTTP/1.1" 200 42851
216.245.221.92 - - [15/Oct/2023:03:00:57 -0500] "HEAD / HTTP/1.1" 200 -
114.119.145.25 - - [15/Oct/2023:03:02:46 -0500] "GET /BLA/resoluciones/index.php?dir=Notificaciones/RESOLUCIONES%2B2015/&sort=date&order=asc HTTP/1.1" 200 13965
40.77.167.52 - - [15/Oct/2023:03:02:52 -0500] "GET /Publicaciones/2023EE232161.pdf HTTP/1.1" 200 231848
172.22.2.4 - - [15/Oct/2023:03:02:21 -0500] "HEAD /BLA/boletinlegal/ HTTP/1.1" 200 -
201.245.192.253 - - [15/Oct/2023:03:04:25 -0500] "POST /kwsrmcab/Wsrmcab  HTTP/1.1" 200 42851
172.22.2.4 - - [15/Oct/2023:03:03:12 -0500] "GET /BLA/boletinlegal/ HTTP/1.1" 200 58155
216.245.221.92 - - [15/Oct/2023:03:05:57 -0500] "HEAD / HTTP/1.1" 200 -
201.245.192.253 - - [15/Oct/2023:03:09:24 -0500] "POST /kwsrmcab/Wsrmcab  HTTP/1.1" 200 42851
172.22.2.4 - - [15/Oct/2023:03:08:11 -0500] "HEAD /BLA/boletinlegal/ HTTP/1.1" 200 -
172.22.2.4 - - [15/Oct/2023:03:09:02 -0500] "GET /BLA/boletinlegal/ HTTP/1.1" 200 60531
216.245.221.92 - - [15/Oct/2023:03:10:57 -0500] "HEAD / HTTP/1.1" 200 -
40.77.167.22 - - [15/Oct/2023:03:11:46 -0500] "GET /portaldeninos/wp-content/uploads/2020/11/C%C3%B3rdoba-B-1024x576.jpg HTTP/1.1" 200 121531
201.245.192.253 - - [15/Oct/2023:03:14:22 -0500] "POST /kwsrmcab/Wsrmcab  HTTP/1.1" 200 42851
172.22.2.4 - - [15/Oct/2023:03:14:01 -0500] "HEAD /BLA/boletinlegal/ HTTP/1.1" 200 -
216.245.221.92 - - [15/Oct/2023:03:15:57 -0500] "HEAD / HTTP/1.1" 200 -
172.22.2.4 - - [15/Oct/2023:03:14:52 -0500] "GET /BLA/boletinlegal/ HTTP/1.1" 200 58155
216.244.66.195 - - [15/Oct/2023:03:17:54 -0500] "GET /robots.txt HTTP/1.1" 404 1018
201.245.192.253 - - [15/Oct/2023:03:17:53 -0500] "POST /kwsrmcab/Wsrmcab HTTP/1.1" 200 40962
201.245.192.253 - - [15/Oct/2023:03:17:56 -0500] "POST /kwsrmcab/Wsrmcab HTTP/1.1" 200 40974
201.245.192.253 - - [15/Oct/2023:03:19:22 -0500] "POST /kwsrmcab/Wsrmcab  HTTP/1.1" 200 42851
66.249.66.37 - - [15/Oct/2023:03:20:21 -0500] "GET /inscribete-y-participa-en-la-convencion-internacional-de-emergencia-climatica-bogota-2023.html HTTP/1.1" 304 -
172.22.2.4 - - [15/Oct/2023:03:19:08 -0500] "HEAD /BLA/boletinlegal/ HTTP/1.1" 200 -
216.245.221.92 - - [15/Oct/2023:03:20:57 -0500] "HEAD / HTTP/1.1" 200 -
172.22.2.4 - - [15/Oct/2023:03:19:51 -0500] "HEAD /BLA/boletinlegal/ HTTP/1.1" 200 -
172.22.2.4 - - [15/Oct/2023:03:20:42 -0500] "GET /BLA/boletinlegal/ HTTP/1.1" 200 54598
201.245.192.253 - - [15/Oct/2023:03:24:21 -0500] "POST /kwsrmcab/Wsrmcab  HTTP/1.1" 200 42851
216.245.221.92 - - [15/Oct/2023:03:25:57 -0500] "HEAD / HTTP/1.1" 200 -
172.22.2.4 - - [15/Oct/2023:03:25:41 -0500] "HEAD /BLA/boletinlegal/ HTTP/1.1" 200 -
201.245.192.253 - - [15/Oct/2023:03:27:54 -0500] "POST /kwsrmcab/Wsrmcab HTTP/1.1" 200 40962
201.245.192.253 - - [15/Oct/2023:03:27:56 -0500] "POST /kwsrmcab/Wsrmcab HTTP/1.1" 200 40974
172.22.2.4 - - [15/Oct/2023:03:26:32 -0500] "GET /BLA/boletinlegal/ HTTP/1.1" 200 58155
201.245.192.253 - - [15/Oct/2023:03:29:19 -0500] "POST /kwsrmcab/Wsrmcab  HTTP/1.1" 200 42851
216.245.221.92 - - [15/Oct/2023:03:30:57 -0500] "HEAD / HTTP/1.1" 200 -
172.22.2.4 - - [15/Oct/2023:03:31:31 -0500] "HEAD /BLA/boletinlegal/ HTTP/1.1" 200 -
172.22.2.4 - - [15/Oct/2023:03:32:22 -0500] "GET /BLA/boletinlegal/ HTTP/1.1" 200 57802
201.245.192.253 - - [15/Oct/2023:03:34:17 -0500] "POST /kwsrmcab/Wsrmcab  HTTP/1.1" 200 42851
34.91.13.174 - - [15/Oct/2023:03:35:47 -0500] "GET /caminatas-ecologicas-un-plan-imperdible-para-octubre.html HTTP/1.1" 200 747
216.245.221.92 - - [15/Oct/2023:03:35:57 -0500] "HEAD / HTTP/1.1" 200 -
201.245.192.253 - - [15/Oct/2023:03:37:53 -0500] "POST /kwsrmcab/Wsrmcab HTTP/1.1" 200 40962
201.245.192.253 - - [15/Oct/2023:03:37:56 -0500] "POST /kwsrmcab/Wsrmcab HTTP/1.1" 200 40974
172.22.2.4 - - [15/Oct/2023:03:37:21 -0500] "HEAD /BLA/boletinlegal/ HTTP/1.1" 200 -
201.245.192.253 - - [15/Oct/2023:03:39:16 -0500] "POST /kwsrmcab/Wsrmcab  HTTP/1.1" 200 42851
40.77.167.52 - - [15/Oct/2023:03:39:41 -0500] "GET /sitemap.xml HTTP/1.1" 404 1049
172.22.2.4 - - [15/Oct/2023:03:38:12 -0500] "GET /BLA/boletinlegal/ HTTP/1.1" 200 60175
52.167.144.5 - - [15/Oct/2023:03:40:25 -0500] "GET /BLA/resoluciones/AUTOS%202018/6845.pdf HTTP/1.1" 200 250422
216.245.221.92 - - [15/Oct/2023:03:40:57 -0500] "HEAD / HTTP/1.1" 200 -
52.167.144.216 - - [15/Oct/2023:03:41:29 -0500] "GET /appsia/controlador HTTP/1.1" 200 4799
66.249.66.20 - - [15/Oct/2023:03:41:40 -0500] "GET /BLA/resoluciones/Notificaciones/AUTOS%202023/1548.pdf HTTP/1.1" 200 385328
201.245.192.253 - - [15/Oct/2023:03:44:15 -0500] "POST /kwsrmcab/Wsrmcab  HTTP/1.1" 200 42851
172.22.2.4 - - [15/Oct/2023:03:43:11 -0500] "HEAD /BLA/boletinlegal/ HTTP/1.1" 200 -
168.119.253.61 - - [15/Oct/2023:03:45:18 -0500] "GET / HTTP/1.1" 200 319
168.119.253.61 - - [15/Oct/2023:03:45:21 -0500] "GET / HTTP/1.1" 200 4720
172.22.2.4 - - [15/Oct/2023:03:44:02 -0500] "GET /BLA/boletinlegal/ HTTP/1.1" 200 58155
66.249.66.19 - - [15/Oct/2023:03:45:49 -0500] "GET /BLA/resoluciones/AUTOS%202008/1027.pdf HTTP/1.1" 200 165474
216.245.221.92 - - [15/Oct/2023:03:45:57 -0500] "HEAD / HTTP/1.1" 200 -
45.76.176.46 - - [15/Oct/2023:03:46:20 -0500] "GET / HTTP/1.1" 200 319
45.76.176.46 - - [15/Oct/2023:03:46:43 -0500] "GET / HTTP/1.1" 200 4720
201.245.192.253 - - [15/Oct/2023:03:49:15 -0500] "POST /kwsrmcab/Wsrmcab  HTTP/1.1" 200 42851
172.22.2.4 - - [15/Oct/2023:03:49:01 -0500] "HEAD /BLA/boletinlegal/ HTTP/1.1" 200 -
216.245.221.92 - - [15/Oct/2023:03:50:57 -0500] "HEAD / HTTP/1.1" 200 -
172.22.2.4 - - [15/Oct/2023:03:49:52 -0500] "GET /BLA/boletinlegal/ HTTP/1.1" 200 60175
79.41.171.53 - - [15/Oct/2023:03:52:50 -0500] "GET / HTTP/1.0" 200 319
40.77.167.32 - - [15/Oct/2023:03:52:51 -0500] "GET /BLA/resoluciones/AUTOS%202007/0716.pdf HTTP/1.1" 200 110576
66.249.66.39 - - [15/Oct/2023:03:53:22 -0500] "GET /participa-en-la-cuarta-convocatoria-de-sembradoras-por-la-reactivaccion.html HTTP/1.1" 304 -
201.245.192.253 - - [15/Oct/2023:03:54:14 -0500] "POST /kwsrmcab/Wsrmcab  HTTP/1.1" 200 42851
52.167.144.145 - - [15/Oct/2023:03:54:43 -0500] "GET /Publicaciones/2023EE215073.pdf HTTP/1.1" 404 228
216.245.221.92 - - [15/Oct/2023:03:55:57 -0500] "HEAD / HTTP/1.1" 200 -
52.167.144.145 - - [15/Oct/2023:03:56:25 -0500] "GET /BLA/resoluciones/RESOLUCIONES%202007/RES%202007%203201%20AL%203300/RESOLUCION%203280%20DE%202007.pdf HTTP/1.1" 200 428176
172.22.2.4 - - [15/Oct/2023:03:54:51 -0500] "HEAD /BLA/boletinlegal/ HTTP/1.1" 200 -
172.22.2.4 - - [15/Oct/2023:03:55:42 -0500] "GET /BLA/boletinlegal/ HTTP/1.1" 200 57802
52.167.144.2 - - [15/Oct/2023:03:58:34 -0500] "GET /BLA/resoluciones/AUTOS%202007/1216.pdf HTTP/1.1" 200 117849
201.245.192.253 - - [15/Oct/2023:03:59:14 -0500] "POST /kwsrmcab/Wsrmcab  HTTP/1.1" 200 42851
216.245.221.92 - - [15/Oct/2023:04:00:57 -0500] "HEAD / HTTP/1.1" 200 -
52.167.144.161 - - [15/Oct/2023:04:01:56 -0500] "GET /BLA/resoluciones/RESOLUCIONES%202021/2995.pdf HTTP/1.1" 200 362258
172.22.2.4 - - [15/Oct/2023:04:00:41 -0500] "HEAD /BLA/boletinlegal/ HTTP/1.1" 200 -
216.244.66.195 - - [15/Oct/2023:04:02:46 -0500] "GET /BLA/resoluciones/AUTOS%202019/0320.pdf HTTP/1.1" 200 286354
216.244.66.195 - - [15/Oct/2023:04:02:58 -0500] "GET /BLA/resoluciones/AUTOS%202019/0472.pdf HTTP/1.1" 200 284899
216.244.66.195 - - [15/Oct/2023:04:03:10 -0500] "GET /BLA/resoluciones/AUTOS%202019/0530.pdf HTTP/1.1" 200 227606
172.22.2.4 - - [15/Oct/2023:04:01:32 -0500] "GET /BLA/boletinlegal/ HTTP/1.1" 200 60531
216.244.66.195 - - [15/Oct/2023:04:03:20 -0500] "GET /BLA/resoluciones/AUTOS%202019/2764.pdf HTTP/1.1" 200 283090
172.22.2.4 - - [15/Oct/2023:04:03:35 -0500] "GET /BLA/boletinlegal/Directivas/2017/Directiva%20No.%2002%20del%2017%20de%20Enero%20de%202017.pdf HTTP/1.1" 200 3521427
66.249.66.19 - - [15/Oct/2023:04:03:37 -0500] "GET /BLA/resoluciones/RESOLUCIONES%202009/5011.pdf HTTP/1.1" 200 652419
201.245.192.253 - - [15/Oct/2023:04:04:13 -0500] "POST /kwsrmcab/Wsrmcab  HTTP/1.1" 200 42851
186.146.121.12 - - [15/Oct/2023:04:04:20 -0500] "GET /caminatas-ecologicas-un-plan-imperdible-para-octubre.html HTTP/1.1" 200 747
87.236.176.154 - - [15/Oct/2023:04:05:19 -0500] "GET / HTTP/1.1" 200 319
66.249.66.37 - - [15/Oct/2023:04:05:21 -0500] "GET /caminatas-ecologicas-un-plan-imperdible-para-octubre.html HTTP/1.1" 200 747
66.249.66.21 - - [15/Oct/2023:04:05:25 -0500] "GET /BLA/resoluciones/RESOLUCIONES%202009/0853.pdf HTTP/1.1" 200 297902
66.249.66.21 - - [15/Oct/2023:04:05:49 -0500] "GET /BLA/resoluciones/AUTOS%202013/2203.pdf HTTP/1.1" 200 573228
216.245.221.92 - - [15/Oct/2023:04:05:57 -0500] "HEAD / HTTP/1.1" 200 -
172.22.2.4 - - [15/Oct/2023:04:06:31 -0500] "HEAD /BLA/boletinlegal/ HTTP/1.1" 200 -
40.77.167.13 - - [15/Oct/2023:04:08:54 -0500] "GET /BLA/resoluciones/RESOLUCIONES%202007/RES%202007%203201%20AL%203300/RESOLUCION%203286%20DE%202007.pdf HTTP/1.1" 200 586220
172.22.2.4 - - [15/Oct/2023:04:07:22 -0500] "GET /BLA/boletinlegal/ HTTP/1.1" 200 59429
201.245.192.253 - - [15/Oct/2023:04:09:13 -0500] "POST /kwsrmcab/Wsrmcab  HTTP/1.1" 200 42851
216.245.221.92 - - [15/Oct/2023:04:10:57 -0500] "HEAD / HTTP/1.1" 200 -
52.167.144.145 - - [15/Oct/2023:04:11:54 -0500] "GET /BLA/resoluciones/AUTOS%202005/1369.pdf HTTP/1.1" 200 304353
182.43.70.143 - - [15/Oct/2023:04:12:18 -0500] "GET / HTTP/1.1" 200 319
125.75.66.97 - - [15/Oct/2023:04:12:59 -0500] "GET /portaldeninos/ HTTP/1.1" 200 110179
172.22.2.4 - - [15/Oct/2023:04:12:21 -0500] "HEAD /BLA/boletinlegal/ HTTP/1.1" 200 -
201.245.192.253 - - [15/Oct/2023:04:14:11 -0500] "POST /kwsrmcab/Wsrmcab  HTTP/1.1" 200 42851
172.22.2.4 - - [15/Oct/2023:04:13:12 -0500] "GET /BLA/boletinlegal/ HTTP/1.1" 200 60531
216.244.66.195 - - [15/Oct/2023:04:15:13 -0500] "GET /robots.txt HTTP/1.1" 404 1018
216.245.221.92 - - [15/Oct/2023:04:15:57 -0500] "HEAD / HTTP/1.1" 200 -
201.245.192.253 - - [15/Oct/2023:04:17:53 -0500] "POST /kwsrmcab/Wsrmcab HTTP/1.1" 200 40663
20.9.138.139 - - [15/Oct/2023:04:17:56 -0500] "GET /.env HTTP/1.1" 404 1018
20.9.138.139 - - [15/Oct/2023:04:17:56 -0500] "POST / HTTP/1.1" 200 319
201.245.192.253 - - [15/Oct/2023:04:17:56 -0500] "POST /kwsrmcab/Wsrmcab HTTP/1.1" 200 40991
20.9.138.139 - - [15/Oct/2023:04:18:02 -0500] "GET /sendgrid/.env HTTP/1.1" 404 1018
20.9.138.139 - - [15/Oct/2023:04:18:03 -0500] "POST / HTTP/1.1" 200 319
52.167.144.16 - - [15/Oct/2023:04:18:20 -0500] "GET /BLA/resoluciones/RESOLUCIONES%202007/RES%202007%203201%20AL%203300/RESOLUCION%203276%20DE%202007.pdf HTTP/1.1" 200 727957
201.245.192.253 - - [15/Oct/2023:04:19:11 -0500] "POST /kwsrmcab/Wsrmcab  HTTP/1.1" 200 42851
172.22.2.4 - - [15/Oct/2023:04:18:11 -0500] "HEAD /BLA/boletinlegal/ HTTP/1.1" 200 -
172.22.2.4 - - [15/Oct/2023:04:19:02 -0500] "GET /BLA/boletinlegal/ HTTP/1.1" 200 58155
216.245.221.92 - - [15/Oct/2023:04:20:57 -0500] "HEAD / HTTP/1.1" 200 -
40.77.167.16 - - [15/Oct/2023:04:21:44 -0500] "GET /Publicaciones/2023EE235412.pdf HTTP/1.1" 200 232033
52.167.144.22 - - [15/Oct/2023:04:21:49 -0500] "GET /portaldeninos/parque-ecologico-distrital-humedal-santa-maria-del-lago/ HTTP/1.1" 200 90199
40.77.167.52 - - [15/Oct/2023:04:22:35 -0500] "GET /Publicaciones/2023EE224237.pdf HTTP/1.1" 404 228
114.119.158.143 - - [15/Oct/2023:04:23:19 -0500] "GET /BLA/resoluciones/index.php?dir=AUTOS%2B2020/&sort=date&order=asc HTTP/1.1" 200 13882
40.77.167.16 - - [15/Oct/2023:04:23:54 -0500] "GET /BLA/resoluciones/index.php?dir=AUTOS+2019%2F HTTP/1.1" 200 388964
40.77.167.14 - - [15/Oct/2023:04:24:09 -0500] "GET /BLA/resoluciones/AUTOS%202019/2593.pdf HTTP/1.1" 200 333145
201.245.192.253 - - [15/Oct/2023:04:24:10 -0500] "POST /kwsrmcab/Wsrmcab  HTTP/1.1" 200 42851
172.22.2.4 - - [15/Oct/2023:04:24:01 -0500] "HEAD /BLA/boletinlegal/ HTTP/1.1" 200 -
216.245.221.92 - - [15/Oct/2023:04:25:57 -0500] "HEAD / HTTP/1.1" 200 -
114.119.158.31 - - [15/Oct/2023:04:26:22 -0500] "GET /BLA/resoluciones/index.php?dir=AUTOS%2B2017/&sort=name&order=desc HTTP/1.1" 200 13881
172.22.2.4 - - [15/Oct/2023:04:24:52 -0500] "GET /BLA/boletinlegal/ HTTP/1.1" 200 60175
114.119.134.1 - - [15/Oct/2023:04:27:16 -0500] "GET /portalsiaccapacitaciones/Soportes%20Capacitaciones%202016 HTTP/1.1" 301 288
114.119.134.1 - - [15/Oct/2023:04:27:21 -0500] "GET /portalsiaccapacitaciones/Soportes%20Capacitaciones%202016/ HTTP/1.1" 200 3130
66.249.66.37 - - [15/Oct/2023:04:27:51 -0500] "GET /semana-bogota-reverdece-iniciaron-actividades-de-la-academia-regional-de-areas-de-cero-emisiones.html HTTP/1.1" 304 -
201.245.192.253 - - [15/Oct/2023:04:27:53 -0500] "POST /kwsrmcab/Wsrmcab HTTP/1.1" 200 40663
201.245.192.253 - - [15/Oct/2023:04:27:55 -0500] "POST /kwsrmcab/Wsrmcab HTTP/1.1" 200 40991
179.215.155.137 - - [15/Oct/2023:04:28:01 -0500] "GET / HTTP/1.0" 200 319
40.77.167.15 - - [15/Oct/2023:04:28:22 -0500] "GET /BLA/resoluciones/RESOLUCIONES%202007/RES%202007%203201%20AL%203300/RESOLUCION%203254%20DE%202007.pdf HTTP/1.1" 200 2536442
201.245.192.253 - - [15/Oct/2023:04:29:09 -0500] "POST /kwsrmcab/Wsrmcab  HTTP/1.1" 200 42851
216.245.221.92 - - [15/Oct/2023:04:30:57 -0500] "HEAD / HTTP/1.1" 200 -
172.22.2.4 - - [15/Oct/2023:04:29:51 -0500] "HEAD /BLA/boletinlegal/ HTTP/1.1" 200 -
172.22.2.4 - - [15/Oct/2023:04:30:42 -0500] "GET /BLA/boletinlegal/ HTTP/1.1" 200 57802
40.77.167.21 - - [15/Oct/2023:04:33:47 -0500] "GET /sitemap.xml HTTP/1.1" 404 1049
201.245.192.253 - - [15/Oct/2023:04:34:07 -0500] "POST /kwsrmcab/Wsrmcab  HTTP/1.1" 200 42851
46.150.194.201 - - [15/Oct/2023:04:35:25 -0500] "GET / HTTP/1.0" 200 319
216.245.221.92 - - [15/Oct/2023:04:35:57 -0500] "HEAD / HTTP/1.1" 200 -
40.77.167.50 - - [15/Oct/2023:04:36:10 -0500] "GET /portaldeninos/gestion-del-riesgo-incendios-forestales/ HTTP/1.1" 200 86825
172.22.2.4 - - [15/Oct/2023:04:35:41 -0500] "HEAD /BLA/boletinlegal/ HTTP/1.1" 200 -
199.16.157.181 - - [15/Oct/2023:04:37:33 -0500] "GET /images/pl%C3%A1sticos%20foto%201..jpg HTTP/1.1" 404 1034
201.245.192.253 - - [15/Oct/2023:04:37:53 -0500] "POST /kwsrmcab/Wsrmcab HTTP/1.1" 200 40663
201.245.192.253 - - [15/Oct/2023:04:37:56 -0500] "POST /kwsrmcab/Wsrmcab HTTP/1.1" 200 40991
172.22.2.4 - - [15/Oct/2023:04:36:32 -0500] "GET /BLA/boletinlegal/ HTTP/1.1" 200 58155
201.245.192.253 - - [15/Oct/2023:04:39:07 -0500] "POST /kwsrmcab/Wsrmcab  HTTP/1.1" 200 42851
114.119.159.121 - - [15/Oct/2023:04:39:08 -0500] "GET /BLA/resoluciones/index.php?dir=RESOLUCIONES%2B2016/&sort=size&order=desc HTTP/1.1" 200 13902
40.77.167.43 - - [15/Oct/2023:04:40:25 -0500] "GET /BLA/resoluciones/RESOLUCIONES%202007/RES%202007%203201%20AL%203300/RESOLUCION%203213%20DE%202007.pdf HTTP/1.1" 200 1043160
52.167.144.166 - - [15/Oct/2023:04:40:45 -0500] "GET /BLA/resoluciones/AUTOS%202007/0999.pdf HTTP/1.1" 200 102323
114.119.137.8 - - [15/Oct/2023:04:40:46 -0500] "GET /BLA/resoluciones/index.php?dir=Notificaciones/RESOLUCIONES%2B0020/&sort=name&order=asc HTTP/1.1" 200 13965
216.245.221.92 - - [15/Oct/2023:04:40:57 -0500] "HEAD / HTTP/1.1" 200 -
114.119.155.10 - - [15/Oct/2023:04:42:19 -0500] "GET /BLA/resoluciones/index.php?dir=Notificaciones/REGISTROS%2B2014/ HTTP/1.1" 200 13956
172.22.2.4 - - [15/Oct/2023:04:41:31 -0500] "HEAD /BLA/boletinlegal/ HTTP/1.1" 200 -
66.249.66.20 - - [15/Oct/2023:04:43:30 -0500] "GET /BLA/resoluciones/RESOLUCIONES%202009/9840.pdf HTTP/1.1" 200 688935
114.119.146.70 - - [15/Oct/2023:04:43:43 -0500] "GET /BLA/resoluciones/index.php?dir=Notificaciones/AUTOS%2B2020/&sort=date&order=desc HTTP/1.1" 200 13943
172.22.2.4 - - [15/Oct/2023:04:42:22 -0500] "GET /BLA/boletinlegal/ HTTP/1.1" 200 58155
201.245.192.253 - - [15/Oct/2023:04:44:06 -0500] "POST /kwsrmcab/Wsrmcab  HTTP/1.1" 200 42851
52.167.144.175 - - [15/Oct/2023:04:45:04 -0500] "GET /bla/resoluciones/autos%202010/1376.pdf HTTP/1.1" 200 243435
114.119.134.93 - - [15/Oct/2023:04:45:08 -0500] "GET /BLA/resoluciones/index.php?dir=Notificaciones/AUTOS%2B1985/&sort=name&order=desc HTTP/1.1" 200 13943
40.77.167.33 - - [15/Oct/2023:04:45:48 -0500] "GET /portaldeninos/tag/residuos/ HTTP/1.1" 200 93754
216.245.221.92 - - [15/Oct/2023:04:45:57 -0500] "HEAD / HTTP/1.1" 200 -
167.99.141.170 - - [15/Oct/2023:04:46:00 -0500] "GET / HTTP/1.1" 200 319
114.119.145.154 - - [15/Oct/2023:04:46:44 -0500] "GET /BLA/resoluciones/index.php?dir=AUTOS%2B2023/&sort=name&order=desc HTTP/1.1" 200 13881
52.167.144.138 - - [15/Oct/2023:04:46:48 -0500] "GET /portaldeninos/wp-content/plugins/gallery-videos/CSS/totalsoft.css?ver=4.9.8 HTTP/1.1" 200 40622
216.244.66.195 - - [15/Oct/2023:04:48:06 -0500] "GET /BLA/resoluciones/AUTOS%202019/0260.pdf HTTP/1.1" 200 287395
216.244.66.195 - - [15/Oct/2023:04:48:11 -0500] "GET /BLA/resoluciones/AUTOS%202019/0393.pdf HTTP/1.1" 200 218830
216.244.66.195 - - [15/Oct/2023:04:48:17 -0500] "GET /BLA/resoluciones/AUTOS%202019/1721.pdf HTTP/1.1" 200 301599
216.244.66.195 - - [15/Oct/2023:04:48:21 -0500] "GET /BLA/resoluciones/AUTOS%202019/2783.pdf HTTP/1.1" 200 295351
172.22.2.4 - - [15/Oct/2023:04:47:21 -0500] "HEAD /BLA/boletinlegal/ HTTP/1.1" 200 -
201.245.192.253 - - [15/Oct/2023:04:49:05 -0500] "POST /kwsrmcab/Wsrmcab  HTTP/1.1" 200 42851
172.22.2.4 - - [15/Oct/2023:04:48:12 -0500] "GET /BLA/boletinlegal/ HTTP/1.1" 200 57802
66.249.66.38 - - [15/Oct/2023:04:50:21 -0500] "GET /inscribete-y-participa-en-el-foro-sobre-la-gestion-de-los-bifenilos-policlorados-en-transformadores-electricos.html HTTP/1.1" 304 -
216.245.221.92 - - [15/Oct/2023:04:50:57 -0500] "HEAD / HTTP/1.1" 200 -
66.249.66.20 - - [15/Oct/2023:04:51:09 -0500] "GET /BLA/resoluciones/AUTOS%202008/0954.pdf HTTP/1.1" 200 322216
66.249.66.20 - - [15/Oct/2023:04:51:12 -0500] "GET /BLA/resoluciones/AUTOS%202010/0367.pdf HTTP/1.1" 200 210239
40.77.167.47 - - [15/Oct/2023:04:53:09 -0500] "GET /BLA/resoluciones/AUTOS%202023/4682.pdf HTTP/1.1" 200 422874
201.245.192.253 - - [15/Oct/2023:04:54:05 -0500] "POST /kwsrmcab/Wsrmcab  HTTP/1.1" 200 42851
172.22.2.4 - - [15/Oct/2023:04:53:11 -0500] "HEAD /BLA/boletinlegal/ HTTP/1.1" 200 -
172.22.2.4 - - [15/Oct/2023:04:54:02 -0500] "GET /BLA/boletinlegal/ HTTP/1.1" 200 60175
216.245.221.92 - - [15/Oct/2023:04:55:57 -0500] "HEAD / HTTP/1.1" 200 -
114.119.155.126 - - [15/Oct/2023:04:55:58 -0500] "GET /BLA/resoluciones/index.php?dir=RESOLUCIONES%2B2016/&sort=size&order=desc HTTP/1.1" 200 13902
66.249.66.21 - - [15/Oct/2023:04:56:38 -0500] "GET /BLA/resoluciones/RESOLUCIONES%202009/2863.pdf HTTP/1.1" 200 537674
114.119.150.210 - - [15/Oct/2023:04:57:42 -0500] "GET /BLA/resoluciones/index.php?dir=RESOLUCIONES%2B1997/&sort=size&order=asc HTTP/1.1" 200 13903
147.160.184.95 - - [15/Oct/2023:04:58:54 -0500] "GET /galeria/galeria/fotos/Humedal-Vaca3P.jpg HTTP/1.1" 200 38460
201.245.192.253 - - [15/Oct/2023:04:59:04 -0500] "POST /kwsrmcab/Wsrmcab  HTTP/1.1" 200 42851
114.119.136.103 - - [15/Oct/2023:04:59:12 -0500] "GET /BLA/resoluciones/index.php?dir=RESOLUCIONES%2B1992/ HTTP/1.1" 200 13903
172.22.2.4 - - [15/Oct/2023:04:59:01 -0500] "HEAD /BLA/boletinlegal/ HTTP/1.1" 200 -
114.119.156.193 - - [15/Oct/2023:05:00:56 -0500] "GET /BLA/resoluciones/index.php?dir=RESOLUCIONES%2B2023/ HTTP/1.1" 200 13903
216.245.221.92 - - [15/Oct/2023:05:00:57 -0500] "HEAD / HTTP/1.1" 200 -
40.77.167.60 - - [15/Oct/2023:05:01:10 -0500] "GET /bla/resoluciones/resoluciones%202012/0881.pdf HTTP/1.1" 200 415949
172.22.2.4 - - [15/Oct/2023:04:59:52 -0500] "GET /BLA/boletinlegal/ HTTP/1.1" 200 57802
114.119.166.166 - - [15/Oct/2023:05:02:10 -0500] "GET /BLA/resoluciones/index.php?dir=RESOLUCIONES%2B2017/&sort=name&order=desc HTTP/1.1" 200 13902
172.22.2.4 - - [15/Oct/2023:05:02:46 -0500] "GET /BLA/boletinlegal/images/screen_5.png HTTP/1.1" 304 -
114.119.153.242 - - [15/Oct/2023:05:03:40 -0500] "GET /BLA/resoluciones/index.php?dir=RESOLUCIONES%2B2009/&sort=size&order=asc HTTP/1.1" 200 13903
201.245.192.253 - - [15/Oct/2023:05:04:02 -0500] "POST /kwsrmcab/Wsrmcab  HTTP/1.1" 200 42851
123.126.68.141 - - [15/Oct/2023:05:04:38 -0500] "GET / HTTP/1.1" 200 319
114.119.139.66 - - [15/Oct/2023:05:05:14 -0500] "GET /BLA/resoluciones/index.php?dir=Notificaciones/RESOLUCIONES%2B2023/&sort=name&order=asc HTTP/1.1" 200 13965
40.77.167.75 - - [15/Oct/2023:05:05:51 -0500] "GET /BLA/resoluciones/RESOLUCIONES%202022/2428.pdf HTTP/1.1" 200 463970
216.245.221.92 - - [15/Oct/2023:05:05:57 -0500] "HEAD / HTTP/1.1" 200 -
40.77.167.68 - - [15/Oct/2023:05:06:11 -0500] "GET /portaldeninos/wp-content/uploads/2021/11/pieza-dia-abejas-20-infografia-ambiente-20-mayo.jpg HTTP/1.1" 200 78012
114.119.131.163 - - [15/Oct/2023:05:06:27 -0500] "GET /BLA/resoluciones/index.php?dir=Notificaciones/RESOLUCIONES%2B2013/&sort=size&order=asc HTTP/1.1" 200 13965
172.22.2.4 - - [15/Oct/2023:05:04:51 -0500] "HEAD /BLA/boletinlegal/ HTTP/1.1" 200 -
172.22.2.4 - - [15/Oct/2023:05:05:42 -0500] "GET /BLA/boletinlegal/ HTTP/1.1" 200 54982
114.119.156.134 - - [15/Oct/2023:05:07:56 -0500] "GET /BLA/resoluciones/index.php?dir=RESOLUCIONES%2B1993/ HTTP/1.1" 200 13903
201.245.192.253 - - [15/Oct/2023:05:09:00 -0500] "POST /kwsrmcab/Wsrmcab  HTTP/1.1" 200 42851
114.119.154.237 - - [15/Oct/2023:05:09:22 -0500] "GET /BLA/resoluciones/index.php?dir=Notificaciones/RESOLUCIONES%2B2012/&sort=date&order=desc HTTP/1.1" 200 13964
216.244.66.195 - - [15/Oct/2023:05:09:41 -0500] "GET /robots.txt HTTP/1.1" 404 1018
114.119.136.234 - - [15/Oct/2023:05:10:55 -0500] "GET /BLA/resoluciones/index.php?dir=Notificaciones/AUTOS%2B2012/&sort=name&order=desc HTTP/1.1" 200 13943
216.245.221.92 - - [15/Oct/2023:05:10:57 -0500] "HEAD / HTTP/1.1" 200 -
114.119.134.203 - - [15/Oct/2023:05:12:02 -0500] "GET /BLA/resoluciones/index.php?dir=Notificaciones/AUTOS%2B2012/&sort=name&order=desc HTTP/1.1" 200 13943
172.22.2.4 - - [15/Oct/2023:05:10:41 -0500] "HEAD /BLA/boletinlegal/ HTTP/1.1" 200 -
145.40.93.199 - - [15/Oct/2023:05:12:42 -0500] "GET / HTTP/1.0" 200 319
66.249.66.37 - - [15/Oct/2023:05:12:51 -0500] "GET /alcaldesa-claudia-lopez-inicio-plantacion-de-300-nuevos-arboles-en-el-humedal-torca-guaymaral-y-libero-49-animales-silvestres.html HTTP/1.1" 304 -
114.119.136.208 - - [15/Oct/2023:05:13:10 -0500] "GET /BLA/resoluciones/index.php?dir=Notificaciones/AUTOS%2B2017/&sort=name&order=asc HTTP/1.1" 200 13944
172.22.2.4 - - [15/Oct/2023:05:11:32 -0500] "GET /BLA/boletinlegal/ HTTP/1.1" 200 53845
201.245.192.253 - - [15/Oct/2023:05:14:00 -0500] "POST /kwsrmcab/Wsrmcab  HTTP/1.1" 200 42851
114.119.142.39 - - [15/Oct/2023:05:14:41 -0500] "GET /BLA/resoluciones/index.php?dir=AUTOS%2B2021/ HTTP/1.1" 200 13882
66.249.66.19 - - [15/Oct/2023:05:15:07 -0500] "GET /BLA/resoluciones/RESOLUCIONES%202009/8352.pdf HTTP/1.1" 200 481263
114.119.154.41 - - [15/Oct/2023:05:15:28 -0500] "GET /BLA/resoluciones/index.php?dir=Notificaciones/RESOLUCIONES%2B2018/ HTTP/1.1" 200 13965
216.245.221.92 - - [15/Oct/2023:05:15:57 -0500] "HEAD / HTTP/1.1" 200 -
40.77.167.50 - - [15/Oct/2023:05:16:19 -0500] "GET /BLA/resoluciones/AUTOS%202007/2307.pdf HTTP/1.1" 200 136965
52.167.144.192 - - [15/Oct/2023:05:16:49 -0500] "GET /Publicaciones/2023EE202475.pdf HTTP/1.1" 404 228
201.245.192.253 - - [15/Oct/2023:05:17:53 -0500] "POST /kwsrmcab/Wsrmcab HTTP/1.1" 200 40659
201.245.192.253 - - [15/Oct/2023:05:17:56 -0500] "POST /kwsrmcab/Wsrmcab HTTP/1.1" 200 40989
172.22.2.4 - - [15/Oct/2023:05:16:31 -0500] "HEAD /BLA/boletinlegal/ HTTP/1.1" 200 -
114.119.141.178 - - [15/Oct/2023:05:18:12 -0500] "GET /BLA/resoluciones/index.php?dir=AUTOS%2B2017/&sort=date&order=asc HTTP/1.1" 200 13882
201.245.192.253 - - [15/Oct/2023:05:18:58 -0500] "POST /kwsrmcab/Wsrmcab  HTTP/1.1" 200 42851
172.22.2.4 - - [15/Oct/2023:05:17:22 -0500] "GET /BLA/boletinlegal/ HTTP/1.1" 200 58155
114.119.142.39 - - [15/Oct/2023:05:19:07 -0500] "GET /BLA/resoluciones/index.php?dir=AUTOS%2B2014/&sort=date&order=asc HTTP/1.1" 200 13882
114.119.155.38 - - [15/Oct/2023:05:19:54 -0500] "GET /BLA/resoluciones/index.php?dir=AUTOS%2B2014/&sort=date&order=asc HTTP/1.1" 200 13882
52.167.144.192 - - [15/Oct/2023:05:20:30 -0500] "GET /sipse/faces/index.xhtml HTTP/1.1" 200 677
216.245.221.92 - - [15/Oct/2023:05:20:57 -0500] "HEAD / HTTP/1.1" 200 -
114.119.150.209 - - [15/Oct/2023:05:23:30 -0500] "GET /BLA/resoluciones/index.php?dir=AUTOS%2B2018/&sort=size&order=desc HTTP/1.1" 200 13881
201.245.192.253 - - [15/Oct/2023:05:23:57 -0500] "POST /kwsrmcab/Wsrmcab  HTTP/1.1" 200 42851
172.22.2.4 - - [15/Oct/2023:05:22:21 -0500] "HEAD /BLA/boletinlegal/ HTTP/1.1" 200 -
114.119.144.80 - - [15/Oct/2023:05:24:26 -0500] "GET /BLA/resoluciones/index.php?dir=RESOLUCIONES%2B2012/ HTTP/1.1" 200 13903
172.22.2.4 - - [15/Oct/2023:05:23:12 -0500] "GET /BLA/boletinlegal/ HTTP/1.1" 200 57802
114.119.142.135 - - [15/Oct/2023:05:25:53 -0500] "GET /BLA/resoluciones/index.php?dir=AUTOS%2B2008/&sort=size&order=asc HTTP/1.1" 200 13882
216.245.221.92 - - [15/Oct/2023:05:25:57 -0500] "HEAD / HTTP/1.1" 200 -
172.22.2.4 - - [15/Oct/2023:05:26:41 -0500] "GET /BLA/boletinlegal/autodiscover/autodiscover.json?@zdi/Powershell HTTP/1.1" 404 1018
40.77.167.40 - - [15/Oct/2023:05:27:20 -0500] "GET /BLA/resoluciones/RESOLUCIONES%202007/RES%202007%203201%20AL%203300/RESOLUCION%203257%20DE%202007.pdf HTTP/1.1" 200 2739877
201.245.192.253 - - [15/Oct/2023:05:27:53 -0500] "POST /kwsrmcab/Wsrmcab HTTP/1.1" 200 40659
201.245.192.253 - - [15/Oct/2023:05:27:55 -0500] "POST /kwsrmcab/Wsrmcab HTTP/1.1" 200 40989
114.119.153.16 - - [15/Oct/2023:05:28:16 -0500] "GET /BLA/resoluciones/index.php?dir=Notificaciones/REGISTROS%2B0216/&sort=date&order=asc HTTP/1.1" 200 13956
114.119.140.102 - - [15/Oct/2023:05:28:34 -0500] "GET /BLA/resoluciones/index.php HTTP/1.1" 200 13696
201.245.192.253 - - [15/Oct/2023:05:28:56 -0500] "POST /kwsrmcab/Wsrmcab  HTTP/1.1" 200 42851
172.22.2.4 - - [15/Oct/2023:05:28:11 -0500] "HEAD /BLA/boletinlegal/ HTTP/1.1" 200 -
114.119.134.106 - - [15/Oct/2023:05:30:17 -0500] "GET /BLA/resoluciones/index.php?dir=Notificaciones/RESOLUCIONES%2B2014/&sort=date&order=asc HTTP/1.1" 200 13965
162.55.175.138 - - [15/Oct/2023:05:30:40 -0500] "GET / HTTP/1.1" 200 319
162.55.175.138 - - [15/Oct/2023:05:30:40 -0500] "GET / HTTP/1.1" 200 4720
172.22.2.4 - - [15/Oct/2023:05:29:02 -0500] "GET /BLA/boletinlegal/ HTTP/1.1" 200 57802
216.245.221.92 - - [15/Oct/2023:05:30:57 -0500] "HEAD / HTTP/1.1" 200 -
201.245.192.253 - - [15/Oct/2023:05:33:55 -0500] "POST /kwsrmcab/Wsrmcab  HTTP/1.1" 200 42851
66.249.66.38 - - [15/Oct/2023:05:35:21 -0500] "GET /inscribete-y-participa-en-la-convencion-internacional-de-emergencia-climatica-bogota-2023.html HTTP/1.1" 200 895
172.22.2.4 - - [15/Oct/2023:05:34:01 -0500] "HEAD /BLA/boletinlegal/ HTTP/1.1" 200 -
216.245.221.92 - - [15/Oct/2023:05:35:57 -0500] "HEAD / HTTP/1.1" 200 -
66.249.66.20 - - [15/Oct/2023:05:36:09 -0500] "GET /BLA/resoluciones/RESOLUCIONES%202009/4053.pdf HTTP/1.1" 200 717496
172.22.2.4 - - [15/Oct/2023:05:34:52 -0500] "GET /BLA/boletinlegal/ HTTP/1.1" 200 60175
66.249.66.20 - - [15/Oct/2023:05:37:49 -0500] "GET /BLA/resoluciones/RESOLUCIONES%202018/3473.pdf HTTP/1.1" 200 240863
201.245.192.253 - - [15/Oct/2023:05:37:53 -0500] "POST /kwsrmcab/Wsrmcab HTTP/1.1" 200 40659
201.245.192.253 - - [15/Oct/2023:05:37:55 -0500] "POST /kwsrmcab/Wsrmcab HTTP/1.1" 200 40989
201.245.192.253 - - [15/Oct/2023:05:38:54 -0500] "POST /kwsrmcab/Wsrmcab  HTTP/1.1" 200 42851
216.245.221.92 - - [15/Oct/2023:05:40:57 -0500] "HEAD / HTTP/1.1" 200 -
172.22.2.4 - - [15/Oct/2023:05:39:51 -0500] "HEAD /BLA/boletinlegal/ HTTP/1.1" 200 -
216.244.66.195 - - [15/Oct/2023:05:41:42 -0500] "GET /BLA/resoluciones/RESOLUCIONES%202017/3694.pdf HTTP/1.1" 200 1472969
216.244.66.195 - - [15/Oct/2023:05:41:49 -0500] "GET /BLA/resoluciones/RESOLUCIONES%202019/0508.pdf HTTP/1.1" 200 241206
216.244.66.195 - - [15/Oct/2023:05:41:54 -0500] "GET /BLA/resoluciones/RESOLUCIONES%202019/0549.pdf HTTP/1.1" 200 374984
66.249.66.20 - - [15/Oct/2023:05:41:56 -0500] "GET /BLA/resoluciones/RESOLUCIONES%202008/2836.pdf HTTP/1.1" 200 255474
216.244.66.195 - - [15/Oct/2023:05:41:58 -0500] "GET /BLA/resoluciones/RESOLUCIONES%202019/1482.pdf HTTP/1.1" 200 341504
139.59.58.140 - - [15/Oct/2023:05:42:00 -0500] "GET /aaa9 HTTP/1.1" 404 1018
216.244.66.195 - - [15/Oct/2023:05:42:02 -0500] "GET /BLA/resoluciones/RESOLUCIONES%202019/1603.pdf HTTP/1.1" 200 354885
139.59.58.140 - - [15/Oct/2023:05:42:03 -0500] "GET /aab8 HTTP/1.1" 404 1018
216.244.66.195 - - [15/Oct/2023:05:42:06 -0500] "GET /BLA/resoluciones/RESOLUCIONES%202019/1949.pdf HTTP/1.1" 200 222603
139.59.58.140 - - [15/Oct/2023:05:42:06 -0500] "GET / HTTP/1.1" 200 319
216.244.66.195 - - [15/Oct/2023:05:42:08 -0500] "GET /BLA/resoluciones/RESOLUCIONES%202019/2151.pdf HTTP/1.1" 200 322701
216.244.66.195 - - [15/Oct/2023:05:42:11 -0500] "GET /BLA/resoluciones/RESOLUCIONES%202019/2330.pdf HTTP/1.1" 200 360913
172.22.2.4 - - [15/Oct/2023:05:40:42 -0500] "GET /BLA/boletinlegal/ HTTP/1.1" 200 57802
66.249.66.19 - - [15/Oct/2023:05:43:29 -0500] "GET /BLA/resoluciones/AUTOS%202022/1614.pdf HTTP/1.1" 200 493578
40.77.167.22 - - [15/Oct/2023:05:43:50 -0500] "GET /portaldeninos/tag/herramienta-observatorio-ambiental-secretaria-de-ambiente/feed/ HTTP/1.1" 200 5704
201.245.192.253 - - [15/Oct/2023:05:43:52 -0500] "POST /kwsrmcab/Wsrmcab  HTTP/1.1" 200 42851
114.119.134.95 - - [15/Oct/2023:05:45:14 -0500] "GET /BLA/resoluciones/index.php?dir=Notificaciones/RESOLUCIONES%2B2019/&sort=name&order=asc HTTP/1.1" 200 13965
216.245.221.92 - - [15/Oct/2023:05:45:57 -0500] "HEAD / HTTP/1.1" 200 -
114.119.142.39 - - [15/Oct/2023:05:46:22 -0500] "GET /BLA/resoluciones/index.php?dir=Notificaciones/REGISTROS%2B2016/&sort=date&order=desc HTTP/1.1" 200 13955
172.22.2.4 - - [15/Oct/2023:05:45:41 -0500] "HEAD /BLA/boletinlegal/ HTTP/1.1" 200 -
216.244.66.195 - - [15/Oct/2023:05:47:26 -0500] "GET /BLA/resoluciones/RESOLUCIONES%201996/RESOLUCION%2090%20DE%201996.pdf HTTP/1.1" 200 62058
216.244.66.195 - - [15/Oct/2023:05:47:28 -0500] "GET /BLA/resoluciones/RESOLUCIONES%202001/RESOLUCION%201594%20DE%202001.pdf HTTP/1.1" 200 195278
216.244.66.195 - - [15/Oct/2023:05:47:30 -0500] "GET /BLA/resoluciones/RESOLUCIONES%202001/RESOLUCION%20350%20DE%202001.pdf HTTP/1.1" 200 89024
216.244.66.195 - - [15/Oct/2023:05:47:32 -0500] "GET /BLA/resoluciones/RESOLUCIONES%202001/RESOLUCION%20642%20DE%202001.pdf HTTP/1.1" 200 90038
40.77.167.70 - - [15/Oct/2023:05:47:31 -0500] "GET /Publicaciones/2023EE236689.pdf HTTP/1.1" 200 5615967
172.22.2.4 - - [15/Oct/2023:05:46:32 -0500] "GET /BLA/boletinlegal/ HTTP/1.1" 200 57802
114.119.132.218 - - [15/Oct/2023:05:48:25 -0500] "GET /BLA/resoluciones/index.php?dir=AUTOS%2B2014/&sort=size&order=asc HTTP/1.1" 200 13882
201.245.192.253 - - [15/Oct/2023:05:48:52 -0500] "POST /kwsrmcab/Wsrmcab  HTTP/1.1" 200 42851
114.119.128.55 - - [15/Oct/2023:05:50:07 -0500] "GET /BLA/resoluciones/index.php?dir=AUTOS%2B2007/&sort=name&order=desc HTTP/1.1" 200 13881
216.245.221.92 - - [15/Oct/2023:05:50:57 -0500] "HEAD / HTTP/1.1" 200 -
66.249.66.19 - - [15/Oct/2023:05:51:09 -0500] "GET /Publicaciones/2023EE239800.pdf HTTP/1.1" 200 1465260
66.249.66.19 - - [15/Oct/2023:05:51:11 -0500] "GET /BLA/resoluciones/RESOLUCIONES%202009/2086.pdf HTTP/1.1" 200 527903
66.249.66.19 - - [15/Oct/2023:05:51:11 -0500] "GET /Publicaciones/2023EE240333.pdf HTTP/1.1" 200 266092
66.249.66.19 - - [15/Oct/2023:05:51:13 -0500] "GET /Publicaciones/2023EE239895.pdf HTTP/1.1" 200 232063
66.249.66.19 - - [15/Oct/2023:05:51:16 -0500] "GET /Publicaciones/2023EE239801.pdf HTTP/1.1" 200 1403172
66.249.66.19 - - [15/Oct/2023:05:51:18 -0500] "GET /Publicaciones/2023EE240841.pdf HTTP/1.1" 200 231863
66.249.66.21 - - [15/Oct/2023:05:51:21 -0500] "GET /Publicaciones/2023EE239918.pdf HTTP/1.1" 200 1062332
66.249.66.22 - - [15/Oct/2023:05:51:23 -0500] "GET /Publicaciones/2023EE240146.pdf HTTP/1.1" 200 231972
66.249.66.20 - - [15/Oct/2023:05:51:25 -0500] "GET /Publicaciones/2023EE239927.pdf HTTP/1.1" 200 484392
66.249.66.22 - - [15/Oct/2023:05:51:28 -0500] "GET /Publicaciones/2023EE239811.pdf HTTP/1.1" 200 437955
66.249.66.20 - - [15/Oct/2023:05:51:30 -0500] "GET /Publicaciones/2023EE240149.pdf HTTP/1.1" 200 231860
114.119.143.1 - - [15/Oct/2023:05:51:32 -0500] "GET /BLA/resoluciones/index.php?dir=AUTOS%2B2008/&sort=size&order=asc HTTP/1.1" 200 13882
114.119.148.208 - - [15/Oct/2023:05:52:10 -0500] "GET /BLA/resoluciones/index.php?dir=Notificaciones/RESOLUCIONES%2B2022/&sort=name&order=desc HTTP/1.1" 200 13964
216.244.66.195 - - [15/Oct/2023:05:52:44 -0500] "GET /BLA/resoluciones/AUTOS%202007/0111.pdf HTTP/1.1" 200 47819
216.244.66.195 - - [15/Oct/2023:05:52:45 -0500] "GET /BLA/resoluciones/AUTOS%202007/0200.pdf HTTP/1.1" 200 19019
216.244.66.195 - - [15/Oct/2023:05:52:47 -0500] "GET /BLA/resoluciones/AUTOS%202007/0458.pdf HTTP/1.1" 200 71281
172.22.2.4 - - [15/Oct/2023:05:51:31 -0500] "HEAD /BLA/boletinlegal/ HTTP/1.1" 200 -
201.245.192.253 - - [15/Oct/2023:05:53:51 -0500] "POST /kwsrmcab/Wsrmcab  HTTP/1.1" 200 42851
172.22.2.4 - - [15/Oct/2023:05:52:22 -0500] "GET /BLA/boletinlegal/ HTTP/1.1" 200 58155
66.249.66.19 - - [15/Oct/2023:05:55:33 -0500] "GET /BLA/resoluciones/RESOLUCIONES%202007/RES%202007%20801%20AL%20900/RESOLUCION%200811%20DE%202007.pdf HTTP/1.1" 200 280492
216.245.221.92 - - [15/Oct/2023:05:55:57 -0500] "HEAD / HTTP/1.1" 200 -
51.222.253.17 - - [15/Oct/2023:05:56:03 -0500] "GET /te-contamos-como-instalar-un-contenedor-para-baterias-de-litio-en-tu-establecimiento.html HTTP/1.1" 200 892
201.245.192.253 - - [15/Oct/2023:05:58:50 -0500] "POST /kwsrmcab/Wsrmcab  HTTP/1.1" 200 42851
172.22.2.4 - - [15/Oct/2023:05:57:21 -0500] "HEAD /BLA/boletinlegal/ HTTP/1.1" 200 -
172.22.2.4 - - [15/Oct/2023:05:58:12 -0500] "GET /BLA/boletinlegal/ HTTP/1.1" 200 57802
34.32.202.240 - - [15/Oct/2023:06:00:27 -0500] "GET /caminatas-ecologicas-un-plan-imperdible-para-octubre.html HTTP/1.1" 200 747
216.245.221.92 - - [15/Oct/2023:06:00:57 -0500] "HEAD / HTTP/1.1" 200 -
69.63.189.120 - - [15/Oct/2023:06:02:28 -0500] "GET /images/plantacion-humedal-la-conejera.jpg HTTP/1.1" 200 92644
114.119.158.118 - - [15/Oct/2023:06:02:32 -0500] "GET /BLA/resoluciones/index.php?dir=RESOLUCIONES%2B2005/ HTTP/1.1" 200 13903
114.119.162.62 - - [15/Oct/2023:06:02:59 -0500] "GET /portalsiaccapacitaciones/Soportes%20Capacitaciones%202017 HTTP/1.1" 301 288
114.119.162.62 - - [15/Oct/2023:06:03:03 -0500] "GET /portalsiaccapacitaciones/Soportes%20Capacitaciones%202017/ HTTP/1.1" 200 12131
201.245.192.253 - - [15/Oct/2023:06:03:49 -0500] "POST /kwsrmcab/Wsrmcab  HTTP/1.1" 200 42851
114.119.150.209 - - [15/Oct/2023:06:04:44 -0500] "GET /BLA/resoluciones/index.php?dir=Notificaciones/AUTOS%2B2019/ HTTP/1.1" 200 13944
172.22.2.4 - - [15/Oct/2023:06:03:11 -0500] "HEAD /BLA/boletinlegal/ HTTP/1.1" 200 -
216.244.66.195 - - [15/Oct/2023:06:05:14 -0500] "GET /robots.txt HTTP/1.1" 404 1018
172.22.2.4 - - [15/Oct/2023:06:04:02 -0500] "GET /BLA/boletinlegal/ HTTP/1.1" 200 55792
216.245.221.92 - - [15/Oct/2023:06:05:57 -0500] "HEAD / HTTP/1.1" 200 -
201.245.192.253 - - [15/Oct/2023:06:08:47 -0500] "POST /kwsrmcab/Wsrmcab  HTTP/1.1" 200 42851
172.22.2.4 - - [15/Oct/2023:06:09:01 -0500] "HEAD /BLA/boletinlegal/ HTTP/1.1" 200 -
216.245.221.92 - - [15/Oct/2023:06:10:57 -0500] "HEAD / HTTP/1.1" 200 -
172.22.2.4 - - [15/Oct/2023:06:09:52 -0500] "GET /BLA/boletinlegal/ HTTP/1.1" 200 58155
201.245.192.253 - - [15/Oct/2023:06:13:47 -0500] "POST /kwsrmcab/Wsrmcab  HTTP/1.1" 200 42851
216.245.221.92 - - [15/Oct/2023:06:15:57 -0500] "HEAD / HTTP/1.1" 200 -
213.186.1.154 - - [15/Oct/2023:06:16:00 -0500] "GET /images/gavilan%20secretaria%20de%20ambiente.jpg HTTP/1.1" 200 64115
172.22.2.4 - - [15/Oct/2023:06:14:51 -0500] "HEAD /BLA/boletinlegal/ HTTP/1.1" 200 -
172.22.2.4 - - [15/Oct/2023:06:17:04 -0500] "GET /BLA/boletinlegal/normativa.php HTTP/1.1" 200 8343
172.22.2.4 - - [15/Oct/2023:06:17:19 -0500] "GET /BLA/boletinlegal/js/ajax_normativa.js HTTP/1.1" 200 1154
172.22.2.4 - - [15/Oct/2023:06:15:42 -0500] "GET /BLA/boletinlegal/ HTTP/1.1" 200 52532
201.245.192.253 - - [15/Oct/2023:06:17:53 -0500] "POST /kwsrmcab/Wsrmcab HTTP/1.1" 200 40842
201.245.192.253 - - [15/Oct/2023:06:17:56 -0500] "POST /kwsrmcab/Wsrmcab HTTP/1.1" 200 41025
52.167.144.216 - - [15/Oct/2023:06:18:16 -0500] "GET /BLA/resoluciones/AUTOS%202007/1987.pdf HTTP/1.1" 200 31636
201.245.192.253 - - [15/Oct/2023:06:18:46 -0500] "POST /kwsrmcab/Wsrmcab  HTTP/1.1" 200 42851
167.248.133.38 - - [15/Oct/2023:06:19:22 -0500] "GET / HTTP/1.1" 200 319
167.248.133.38 - - [15/Oct/2023:06:19:22 -0500] "GET / HTTP/1.1" 200 319
167.248.133.38 - - [15/Oct/2023:06:19:23 -0500] "PRI * HTTP/2.0" 400 946
167.248.133.38 - - [15/Oct/2023:06:19:23 -0500] "GET /favicon.ico HTTP/1.1" 200 7782
216.245.221.92 - - [15/Oct/2023:06:20:57 -0500] "HEAD / HTTP/1.1" 200 -
172.22.2.4 - - [15/Oct/2023:06:20:31 -0500] "GET /BLA/boletinlegal/ HTTP/1.1" 200 24523
172.22.2.4 - - [15/Oct/2023:06:20:41 -0500] "HEAD /BLA/boletinlegal/ HTTP/1.1" 200 -
114.119.150.209 - - [15/Oct/2023:06:22:40 -0500] "GET /BLA/resoluciones/index.php?dir=Notificaciones/AUTOS%2B2012/&sort=name&order=asc HTTP/1.1" 200 13944
172.22.2.4 - - [15/Oct/2023:06:21:32 -0500] "GET /BLA/boletinlegal/ HTTP/1.1" 200 58155
52.167.144.23 - - [15/Oct/2023:06:23:25 -0500] "GET /BLA/resoluciones/RESOLUCIONES%202023/0186.pdf HTTP/1.1" 304 -
201.245.192.253 - - [15/Oct/2023:06:23:45 -0500] "POST /kwsrmcab/Wsrmcab  HTTP/1.1" 200 42851
173.252.107.4 - - [15/Oct/2023:06:25:05 -0500] "GET /bogota-tendra-la-primera-planta-de-termovalorizacion-de-colombia-la-cual-convertira-los-residuos-en-energia-para-la-ciudad.html HTTP/1.1" 200 883
173.252.107.5 - - [15/Oct/2023:06:25:05 -0500] "GET /bogota-tendra-la-primera-planta-de-termovalorizacion-de-colombia-la-cual-convertira-los-residuos-en-energia-para-la-ciudad.html HTTP/1.1" 200 883
173.252.111.10 - - [15/Oct/2023:06:25:06 -0500] "GET /images/reunion-planta-termovalorizacion-11-mayo.jpg HTTP/1.1" 200 34782
66.249.66.20 - - [15/Oct/2023:06:25:29 -0500] "GET /BLA/resoluciones/RESOLUCIONES%202019/0953.pdf HTTP/1.1" 200 2355215
216.245.221.92 - - [15/Oct/2023:06:25:57 -0500] "HEAD / HTTP/1.1" 200 -
201.245.192.253 - - [15/Oct/2023:06:27:53 -0500] "POST /kwsrmcab/Wsrmcab HTTP/1.1" 200 40842
201.245.192.253 - - [15/Oct/2023:06:27:56 -0500] "POST /kwsrmcab/Wsrmcab HTTP/1.1" 200 41025
172.22.2.4 - - [15/Oct/2023:06:26:31 -0500] "HEAD /BLA/boletinlegal/ HTTP/1.1" 200 -
201.245.192.253 - - [15/Oct/2023:06:28:45 -0500] "POST /kwsrmcab/Wsrmcab  HTTP/1.1" 200 42851
172.22.2.4 - - [15/Oct/2023:06:27:22 -0500] "GET /BLA/boletinlegal/ HTTP/1.1" 200 57802
216.245.221.92 - - [15/Oct/2023:06:30:57 -0500] "HEAD / HTTP/1.1" 200 -
52.167.144.138 - - [15/Oct/2023:06:32:51 -0500] "GET /portaldeninos/tag/abejas/ HTTP/1.1" 200 92876
207.46.13.14 - - [15/Oct/2023:06:33:00 -0500] "GET /abierta-convocatoria-para-postular-a-organizaciones-que-desarrollan-actividades-de-voluntariado-ambiental-en-bogota.html HTTP/1.1" 200 880
173.252.87.2 - - [15/Oct/2023:06:33:01 -0500] "GET /images/Acuerdos%2001%20(1)%20(1).jpeg HTTP/1.1" 200 32884
173.252.107.1 - - [15/Oct/2023:06:33:41 -0500] "GET /tinguas-azules-secretaria-de-ambiente-atiende-alto-numero-de-reportes-de-aves-migratorias.html HTTP/1.1" 200 923
173.252.107.5 - - [15/Oct/2023:06:33:41 -0500] "GET /tinguas-azules-secretaria-de-ambiente-atiende-alto-numero-de-reportes-de-aves-migratorias.html HTTP/1.1" 200 923
201.245.192.253 - - [15/Oct/2023:06:33:44 -0500] "POST /kwsrmcab/Wsrmcab  HTTP/1.1" 200 42851
172.22.2.4 - - [15/Oct/2023:06:32:21 -0500] "HEAD /BLA/boletinlegal/ HTTP/1.1" 200 -
52.167.144.216 - - [15/Oct/2023:06:34:15 -0500] "GET /BLA/resoluciones/RESOLUCIONES%202007/RES%202007%203201%20AL%203300/RESOLUCION%203288%20DE%202007.pdf HTTP/1.1" 200 50972
172.22.2.4 - - [15/Oct/2023:06:33:27 -0500] "GET /BLA/boletinlegal/ HTTP/1.1" 200 32715
172.22.2.4 - - [15/Oct/2023:06:33:12 -0500] "GET /BLA/boletinlegal/ HTTP/1.1" 200 47842
216.245.221.92 - - [15/Oct/2023:06:35:57 -0500] "HEAD / HTTP/1.1" 200 -
172.22.2.4 - - [15/Oct/2023:06:36:09 -0500] "GET /BLA/boletinlegal/jurisprudencia/analisis/AnalisisT-095-16.docx HTTP/1.1" 304 -
152.203.190.107 - - [15/Oct/2023:06:36:57 -0500] "GET /caminatas-ecologicas-un-plan-imperdible-para-octubre.html HTTP/1.1" 200 747
173.252.107.120 - - [15/Oct/2023:06:37:15 -0500] "GET /crisis-climatica-distrito-firmo-alianza-para-preservar-la-seguridad-hidrica-de-bogota-y-la-region.html HTTP/1.1" 200 1075
216.244.66.195 - - [15/Oct/2023:06:37:30 -0500] "GET /BLA/resoluciones/AUTOS%202007/0023.pdf HTTP/1.1" 200 47919
216.244.66.195 - - [15/Oct/2023:06:37:35 -0500] "GET /BLA/resoluciones/AUTOS%202007/0074.pdf HTTP/1.1" 200 46484
216.244.66.195 - - [15/Oct/2023:06:37:40 -0500] "GET /BLA/resoluciones/AUTOS%202007/0127.pdf HTTP/1.1" 200 45217
216.244.66.195 - - [15/Oct/2023:06:37:44 -0500] "GET /BLA/resoluciones/AUTOS%202007/0266.pdf HTTP/1.1" 200 504330
