172.22.2.4 - - [15/Oct/2023:11:41:35 -0500] "GET /BLA/boletinlegal/Circulares/2022/CIRCULAR%20No.%2000003%20DEL%2007%20DE%20MARZO%20DEL%202022.pdf HTTP/1.1" 304 -
201.245.192.253 - - [15/Oct/2023:11:42:37 -0500] "POST /kwsrmcab/Wsrmcab  HTTP/1.1" 200 42851
172.22.2.4 - - [15/Oct/2023:11:41:30 -0500] "HEAD /BLA/boletinlegal/ HTTP/1.1" 200 -
172.22.2.4 - - [15/Oct/2023:11:42:21 -0500] "GET /BLA/boletinlegal/ HTTP/1.1" 200 60175
216.245.221.92 - - [15/Oct/2023:11:45:56 -0500] "HEAD / HTTP/1.1" 200 -
40.77.167.1 - - [15/Oct/2023:11:46:03 -0500] "GET /portaldeninos/parque-ecologico-distrital-humedal-santa-maria-del-lago/ HTTP/1.1" 200 90199
66.249.66.37 - - [15/Oct/2023:11:46:16 -0500] "GET /caminatas-ecologicas-un-plan-imperdible-para-octubre.html HTTP/1.1" 200 747
173.252.95.2 - - [15/Oct/2023:11:46:52 -0500] "GET /secretaria-de-ambiente-abre-espacio-de-formacion-para-comunicadores-sociales-y-periodistas.html HTTP/1.1" 200 860
40.77.167.1 - - [15/Oct/2023:11:47:13 -0500] "GET /portaldeninos/wp-content/themes/betheme/assets/animations/animations.min.css?ver=20.9.6 HTTP/1.1" 200 58508
40.77.167.53 - - [15/Oct/2023:11:47:25 -0500] "GET /portaldeninos/wp-content/plugins/gallery-videos/CSS/totalsoft.css?ver=4.9.8 HTTP/1.1" 200 40622
40.77.167.53 - - [15/Oct/2023:11:47:25 -0500] "GET /portaldeninos/wp-content/uploads/useanyfont/uaf.css?ver=1589905315 HTTP/1.1" 200 408
40.77.167.53 - - [15/Oct/2023:11:47:26 -0500] "GET /portaldeninos/wp-includes/js/jquery/jquery-migrate.min.js?ver=1.4.1 HTTP/1.1" 200 10056
172.22.2.4 - - [15/Oct/2023:11:45:51 -0500] "GET /BLA/boletinlegal/ HTTP/1.1" 200 61524
201.245.192.253 - - [15/Oct/2023:11:47:36 -0500] "POST /kwsrmcab/Wsrmcab  HTTP/1.1" 200 42851
172.22.2.4 - - [15/Oct/2023:11:47:41 -0500] "GET /BLA/boletinlegal/styles2.css HTTP/1.1" 200 1838
157.55.39.58 - - [15/Oct/2023:11:47:19 -0500] "GET /portaldeninos/wp-content/uploads/2021/07/Humedal-Santa-Maria-del-Lago.mp4 HTTP/1.1" 200 13449041
157.55.39.58 - - [15/Oct/2023:11:47:48 -0500] "GET /portaldeninos/wp-content/themes/betheme/fonts/mfn-icons.ttf?93978679 HTTP/1.1" 200 124684
172.22.2.4 - - [15/Oct/2023:11:47:57 -0500] "GET /BLA/boletinlegal/normativa.php HTTP/1.1" 200 8343
199.16.157.183 - - [15/Oct/2023:11:48:06 -0500] "GET /images/cr%C3%B3nica-29-nov-1_optimized.jpeg HTTP/1.1" 404 1034
199.16.157.180 - - [15/Oct/2023:11:48:34 -0500] "GET /secretaria-de-ambiente-suspende-tres-hornos-crematorios-de-bogota-por-contaminacion-del-aire.html HTTP/1.1" 200 927
199.16.157.180 - - [15/Oct/2023:11:48:34 -0500] "GET /images/1%20de%20febrer%20Operativo%20hornos.jpg HTTP/1.1" 200 69569
172.22.2.4 - - [15/Oct/2023:11:47:20 -0500] "HEAD /BLA/boletinlegal/ HTTP/1.1" 200 -
172.22.2.4 - - [15/Oct/2023:11:49:07 -0500] "GET /BLA/boletinlegal/favicon.ico HTTP/1.1" 404 1038
172.22.2.4 - - [15/Oct/2023:11:48:11 -0500] "GET /BLA/boletinlegal/ HTTP/1.1" 200 58155
216.245.221.92 - - [15/Oct/2023:11:50:56 -0500] "HEAD / HTTP/1.1" 200 -
114.119.145.237 - - [15/Oct/2023:11:51:23 -0500] "GET /BLA/resoluciones/index.php?dir=RESOLUCIONES%2B2007/RES%2B2007%2B101%2BAL%2B200/ HTTP/1.1" 200 13985
201.245.192.253 - - [15/Oct/2023:11:52:34 -0500] "POST /kwsrmcab/Wsrmcab  HTTP/1.1" 200 42851
114.119.149.81 - - [15/Oct/2023:11:53:01 -0500] "GET /BLA/resoluciones/index.php?dir=Notificaciones/REGISTROS%2B2022/&sort=date&order=asc HTTP/1.1" 200 13956
52.167.144.192 - - [15/Oct/2023:11:53:44 -0500] "GET /BLA/resoluciones/RESOLUCIONES%202018/2385.pdf HTTP/1.1" 200 287332
114.119.136.111 - - [15/Oct/2023:11:54:44 -0500] "GET /BLA/resoluciones/index.php?dir=Notificaciones/REGISTROS%2B2016/&sort=size&order=asc HTTP/1.1" 200 13956
172.22.2.4 - - [15/Oct/2023:11:53:10 -0500] "HEAD /BLA/boletinlegal/ HTTP/1.1" 200 -
172.22.2.4 - - [15/Oct/2023:11:54:01 -0500] "GET /BLA/boletinlegal/ HTTP/1.1" 200 52532
216.245.221.92 - - [15/Oct/2023:11:55:56 -0500] "HEAD / HTTP/1.1" 200 -
66.249.66.20 - - [15/Oct/2023:11:56:16 -0500] "GET /Publicaciones/2023EE204828.pdf HTTP/1.1" 404 228
66.249.66.21 - - [15/Oct/2023:11:56:17 -0500] "GET /Residuos/textiles/files/guia_textiles.pdf HTTP/1.1" 200 12356716
201.245.192.253 - - [15/Oct/2023:11:57:34 -0500] "POST /kwsrmcab/Wsrmcab  HTTP/1.1" 200 42851
114.119.138.28 - - [15/Oct/2023:11:57:38 -0500] "GET /BLA/resoluciones/index.php?dir=Notificaciones/REGISTROS%2B0218/&sort=date&order=asc HTTP/1.1" 200 13956
66.249.66.20 - - [15/Oct/2023:11:56:21 -0500] "GET /BLA/boletinlegal/index.php? HTTP/1.1" 200 62374
114.119.148.184 - - [15/Oct/2023:11:58:41 -0500] "GET /BLA/resoluciones/index.php?dir=Notificaciones/DISCIPLINARIOS%2B2019/&sort=size&order=desc HTTP/1.1" 200 13970
52.167.144.233 - - [15/Oct/2023:11:59:05 -0500] "GET /BLA/resoluciones/RESOLUCIONES%202018/2385.pdf HTTP/1.1" 200 287332
34.141.237.210 - - [15/Oct/2023:11:59:46 -0500] "GET /caminatas-ecologicas-un-plan-imperdible-para-octubre.html HTTP/1.1" 200 747
172.22.2.4 - - [15/Oct/2023:11:59:00 -0500] "HEAD /BLA/boletinlegal/ HTTP/1.1" 200 -
216.245.221.92 - - [15/Oct/2023:12:00:56 -0500] "HEAD / HTTP/1.1" 200 -
114.119.130.167 - - [15/Oct/2023:12:01:17 -0500] "GET /BLA/resoluciones/index.php?dir=AUTOS%2B1997/ HTTP/1.1" 200 13882
172.22.2.4 - - [15/Oct/2023:11:59:51 -0500] "GET /BLA/boletinlegal/ HTTP/1.1" 200 58155
186.115.217.123 - - [15/Oct/2023:12:01:49 -0500] "GET /BLA/boletinlegal/admin/index.php HTTP/1.1" 200 2324
186.115.217.123 - - [15/Oct/2023:12:01:49 -0500] "GET /BLA/boletinlegal/admin/images/bg.png HTTP/1.1" 200 332965
186.115.217.123 - - [15/Oct/2023:12:01:52 -0500] "GET /favicon.ico HTTP/1.1" 200 7782
186.115.217.123 - - [15/Oct/2023:12:01:53 -0500] "POST /BLA/boletinlegal/admin/usuarios/process.php HTTP/1.1" 302 -
186.115.217.123 - - [15/Oct/2023:12:01:54 -0500] "GET /BLA/boletinlegal/admin/index.php HTTP/1.1" 200 7109
186.115.217.123 - - [15/Oct/2023:12:02:10 -0500] "GET /BLA/boletinlegal/admin/index_files/index_files/tback.gif HTTP/1.1" 404 1334
186.115.217.123 - - [15/Oct/2023:12:02:12 -0500] "GET /BLA/boletinlegal/admin/actos/ingresar.php HTTP/1.1" 200 7209
186.115.217.123 - - [15/Oct/2023:12:02:13 -0500] "GET /BLA/boletinlegal/admin/img/h1.png HTTP/1.1" 200 3227
186.115.217.123 - - [15/Oct/2023:12:02:13 -0500] "GET /BLA/boletinlegal/admin/img/overlay.png HTTP/1.1" 200 984
186.115.217.123 - - [15/Oct/2023:12:02:13 -0500] "GET /BLA/boletinlegal/images/favicon.ico HTTP/1.1" 404 1328
201.245.192.253 - - [15/Oct/2023:12:02:33 -0500] "POST /kwsrmcab/Wsrmcab  HTTP/1.1" 200 42851
114.119.144.212 - - [15/Oct/2023:12:03:11 -0500] "GET /BLA/resoluciones/index.php?dir=RESOLUCIONES%2B2006/&sort=date&order=asc HTTP/1.1" 200 13903
40.77.189.141 - - [15/Oct/2023:12:03:45 -0500] "GET /portaldeninos/wp-content/uploads/2021/07/Humedal-Santa-Maria-del-Lago.mp4 HTTP/1.1" 206 6248038
186.115.217.123 - - [15/Oct/2023:12:04:11 -0500] "POST /BLA/boletinlegal/admin/actos/ingresar.php HTTP/1.1" 200 7302
216.244.66.195 - - [15/Oct/2023:12:05:07 -0500] "GET /BLA/resoluciones/AUTOS%202019/0435.pdf HTTP/1.1" 200 232059
216.244.66.195 - - [15/Oct/2023:12:05:13 -0500] "GET /BLA/resoluciones/AUTOS%202019/1615.pdf HTTP/1.1" 200 267831
216.244.66.195 - - [15/Oct/2023:12:05:18 -0500] "GET /BLA/resoluciones/AUTOS%202019/2026.pdf HTTP/1.1" 200 380991
216.244.66.195 - - [15/Oct/2023:12:05:22 -0500] "GET /BLA/resoluciones/AUTOS%202019/2281.pdf HTTP/1.1" 200 355718
216.245.221.92 - - [15/Oct/2023:12:05:56 -0500] "HEAD / HTTP/1.1" 200 -
172.22.2.4 - - [15/Oct/2023:12:04:50 -0500] "HEAD /BLA/boletinlegal/ HTTP/1.1" 200 -
172.22.2.4 - - [15/Oct/2023:12:05:41 -0500] "GET /BLA/boletinlegal/ HTTP/1.1" 200 60175
201.245.192.253 - - [15/Oct/2023:12:07:31 -0500] "POST /kwsrmcab/Wsrmcab  HTTP/1.1" 200 42851
186.102.111.80 - - [15/Oct/2023:12:07:51 -0500] "GET /kwssiamovil/sm/acme/a?s=U2FsdGVkX189hcsBOl0nmTDfrAog3mkN0xgX9NW+83kbfJ/ZM8Af52sWW8vvgCNlnG4AAtLO1iXBc4aqddTVbTw4vt0FA48h+GlvgCLbp7q4mXZt0LPn6NL7RLbgMxbpxo/5Xc8MBv3xWbWetXLbpZbBaZzgO9cFQ5MTgVIZKBy87GY6XeYyFGm6/wSYnGtg/hEouz7NmevTDkG60Zmkk9LLX3hEfRcz+uMG6aN/bZwmm+OyybDqLw6U5qEqbZ7wLF7GVRVRYPSDUXidTWU6cw==&u=U2FsdGVkX1/EqU4D6jfAzRUMUvwtPUia7moqra38IPKhX0EbjpNcPXcshA/jJQ2F&y=U2FsdGVkX18vjLjoarCVTW/cjS59SUtftPbGSwZ1KvPUjQ3fmiRB0FGMA2evFe/P HTTP/1.1" 200 26
186.102.111.80 - - [15/Oct/2023:12:07:51 -0500] "GET /kwssiamovil/sm/acme/a?s=U2FsdGVkX1+4x69Sac35rowHsx4dmGxQTkiE0y1wHm/4sL9tRg80489z+iOHlhIXTtcZXV574VpyGFPW7mHpEIt8JLDZQDAxDlEeITVW+R5GiiqeuyujvF8goYCKe4xQ5R+nkqh3/LOzzUjY6Sf9QYmSX4XIZJnZDZzutjqPlSsjx64iR9poKOB3PCJq2PupO4dAG1UQsGiHYTfxkFH/Gp+bDnMw2tnOBNGMkQatWNg/WmwaJsG6hxEiSkEUFOR4GShWHyHWCgzvY1pjlwRMLl82DjBoxbRbag+tU8VRIHKoQqb/58nZaI3d7JibVHPs26aMT5cynYmBeY4SgXKBwPEPErA8QM2AuVAJF7do83iyCTv5i7HOc2LehZ+w2UKHKj4jbuLptZeXbZxbuuYCWzWSUHf6BGr0zp+WJVWApPzcYb8BqbU/PmFl17NIXLtNN+lbpOP5r8CF1eB8dPs+LpMa0SY1aJb4reqoVEZTwqXR1T5bx80FRtoA0nw4q+EWLEkIwK9JFsZi9cDG57ongAhZzmLKd6MMPiDGGIxrDh02xwzoGfk6PjNU2g8z7qP/EKdu+AQ8rdcDu0V2lZaSNRldKwCzWG40at0n5pN476cBJT65VqLWrX6O0fRvGFzCeG5KtlryCo3e4OgxdO6lG5gJyGybd2mSmy7UaUpqlKC1BhUGvSeCmUc2PFtErNCx9i9mXLaGN/EkjFbmniTQhGp+83WtAoSJ6n7Ggj8aiaAO0D8A/rfYF+lyCbblKpe/kbDdbIEBgdNf9jbzvueF7oV5zYJiluybAYjbgJrLHbHiMrTmWQUSBfi3OvKR/0Kjdr5QQGANHiRvNfwMRMNQiYXsSMNs6l3m3cDxlJxm9FyQ+cFHFCa87pQgHsslGb0N6rJqR3j/1awECls9yoUNpJCAAlnG+lDFDavGQhyFTEytKhFWGHZIKLq5Hiqw2W4zvkzDbsA8EDV7PuCJbK6c+5grWY2+tnBo5onOL0wlaUBeV6DLCYX5RdXopMiRu7cLKdxDAkdeBVdh5Pj8yhAaBfEMnmYgzIIzxUSHdJFcE/bkkR5Ki+XICAHp9v2zvAkxKJFPcf3rbh4PIubSp5FhzdLHQ13XyEUmJQlH/dIGhogNhxwcPY1gxqUzp6yqr+pRqBfC+p+3t32YHaIEBuamcDvZu1a3yP/0XKx0BM846cBwfRiYHEC1gs+527UKvbvMtkdIl2iebxmShkQXBtVbVAPD3MC4xPGI6w4Y/GE/ilDq20XeUXg4PIXpcbr4BnF6Vj5KKga1vw8SWvRNgC/Qn0r0vWvoT4ABr4S4SAu177ZLKq7tfoV33f84A8szRNiRff6q/ggJaR0Cv3qfd+B3+qQuI7d8CmmWCsjLLWfKxrAkbQZsrfEORm9BwnfzTiCWKVOT95gZ8bifjwnPYhDELFDhnTckNhy/rOkBcuywfV7z5dpDd20uix+vu4+uEH01lxZWUuTQBplZwC92CQShfSpjeTOEslJHKj7q+lk7zEcOk7AUjBz0N8BBxLGWsQFYlE6Uc+7ulmGZwqNU/Ei73iB9+f7UIc/ygDMPjxc2/pYXjvM7+zIXYr/4vbppDsTmGBm3sO/naukHa2YzW2uKjI+7A/RQYMk6Xdb79gjQKDjkfkLqmTEDspIZmD8eLA3Bs46q+h2+GUbzQs3uqMuraTABQKk96F5or1nEKpqJKJkaMoOXJmxy9zOAphb3RtukOrRQJSw2mAMxHYjAerOeAxG9ZPC1CNUgv/hYGVuP3ELfnWUAaXjoRl5wPxFSLEj0E2ICQHoMv+XGvcKunupTOMZCVdVZmHPmBY/MDfF+6sF/mz3WsPLVQJR6gdM+KhjLyQthZVWseAQNzzq0yydxUnWThGLqal1PYhwIpw/viWeCS7+zFU9PLqogKL1/9MISBfYGhd3ZaWx3yDwOmtquXLS8pglv46tZNT0+A8sOtn/jpZruviQePTI/JGXTo1WAWc76faaHndRvcqWK17Q7vERQ8oOH1XZy72QqTi/qpIUFfDuXWKLE2UFvtBy5SuNwSOsrrkAMOOU6o5PZBpesTBxg9/VeRMQcQEYcHo4101BaiWimi3ph8cnuIjb9kzvEmEJ/742hF1hkmuijkBW/Sm1tWsOh1efnZiv8AXN/zOJji3+bAEOGbrNZgkwknav6U0av/KyJae2crS0TjOu43kevZoE9vFeArknw5sJ/qo3ip1m/ocFLkETKoojr4/vYkaIn0/i3jOFwKup4TzCeOuvjTu69+JEBpGYo2MMjHVfBiH7oY0V9Zp3ZLYkmGwC/Jmd65WVJs5zqhJzcAVApesTQE4CmNbtfme3NAOBXXLSU2r/b1mAlTtKTnDkDzUP24+OLlPzwi9e74fMlPwcQsz6qPRTDnm+nlZdvz2pdlK+9wABMMrrWh6mZ4dwNI8e+A1CUcX8E6SKP71sbJyh4UnB2w9DANJnR6BXN7PXcBlNbI7m6vbi6EqOL8EBQ4EQK8QQ+fzgOO+HG1kfieBZZsQS32xEyGaeOJNxiKrH4sZF/ews3PJyU5jo643WoV790VYauYeM6+EOp8AfLWA7CPfaKU8Lmhziz7dbddIw32HB7hoA00pJZjJ14cZ5YSAWwXzLTrsFaoSnfSPW2qMmWXPbInRmfkvsrXfLgVn08uS96OasilU/eNkErUv0xY1L5e8TSWA6feq/FgvQ/Jpaa+A==&u=U2FsdGVkX1/EqU4D6jfAzRUMUvwtPUia7moqra38IPKhX0EbjpNcPXcshA/jJQ2F&y=U2FsdGVkX18vjLjoarCVTW/cjS59SUtftPbGSwZ1KvPUjQ3fmiRB0FGMA2evFe/P HTTP/1.1" 200 26
186.102.111.80 - - [15/Oct/2023:12:07:52 -0500] "GET /kwssiamovil/sm/acme/a?s=U2FsdGVkX18n0ylAS55G6/2UXTbkd3eW+b1tTCGkfZdbIYCbAdZciG9sIKwrYhFO+Tk03W52fZylAmOhIpO8muEi29253NJLmptLbcduXbsSsicwtaQv7K5nMCzc9OemsUh7+tp4fzKu0uT9OHypIilUT9lvTjIjKNITDaBQECc=&u=U2FsdGVkX1/EqU4D6jfAzRUMUvwtPUia7moqra38IPKhX0EbjpNcPXcshA/jJQ2F&y=U2FsdGVkX18vjLjoarCVTW/cjS59SUtftPbGSwZ1KvPUjQ3fmiRB0FGMA2evFe/P HTTP/1.1" 200 26
186.102.111.80 - - [15/Oct/2023:12:07:52 -0500] "GET /kwssiamovil/sm/acme/a?s=U2FsdGVkX1+FT0PxuGZAIKKrylHGMWQZLR5IVdbLirH0Sa+cF9wTTZsDLdAHN1S6/XPpu5X2qhU0IJuzdPxLsgy6rjVdyuYmgDJLJJs7Q+cOHByXOgpH2gq0ecb6pBuJgIY9gTXG2ni8z5NlF7fQieMY4NSYCh5ms6qNjxG8EWU=&u=U2FsdGVkX1/EqU4D6jfAzRUMUvwtPUia7moqra38IPKhX0EbjpNcPXcshA/jJQ2F&y=U2FsdGVkX18vjLjoarCVTW/cjS59SUtftPbGSwZ1KvPUjQ3fmiRB0FGMA2evFe/P HTTP/1.1" 200 26
186.102.111.80 - - [15/Oct/2023:12:07:52 -0500] "GET /kwssiamovil/sm/acme/a?s=U2FsdGVkX19koOhKaZRi8nPnir+i1f62z6ZQ4qyAuqEUHSNEX1uNcv0TOWCOGbl2LJSKXwS+nYmUQosDbvDbY4uqFBdcYRuc4/BhlFcJrUW3BlavzKV4R3WueBb9ex00SRvNyajNYRSZLo7KWuHHhegRbr+7EPv46swp8uHkko0=&u=U2FsdGVkX1/EqU4D6jfAzRUMUvwtPUia7moqra38IPKhX0EbjpNcPXcshA/jJQ2F&y=U2FsdGVkX18vjLjoarCVTW/cjS59SUtftPbGSwZ1KvPUjQ3fmiRB0FGMA2evFe/P HTTP/1.1" 200 26
186.102.111.80 - - [15/Oct/2023:12:07:53 -0500] "GET /kwssiamovil/sm/acme/a?s=U2FsdGVkX18/Lw2HE8RCTal6ZZK4gLWFGF7fuaT4W0RbNSIU9VwXGQT2GVnO9Uiu+XgysTi6CwOOw0VHO7qBg29+R4DELjJfECEQNwD32mG02mvz/7Me+cmuT7Xb3kp+sDwNc4G8UQiO+TrsmA8x0uQEgMHw+/DiT9I9ueN/3WTErvVj3Fb+/k1k0YIoExBglbPoBznvG1XnDlL+1SmMCg==&u=U2FsdGVkX1/EqU4D6jfAzRUMUvwtPUia7moqra38IPKhX0EbjpNcPXcshA/jJQ2F&y=U2FsdGVkX18vjLjoarCVTW/cjS59SUtftPbGSwZ1KvPUjQ3fmiRB0FGMA2evFe/P HTTP/1.1" 200 26
216.245.221.92 - - [15/Oct/2023:12:10:56 -0500] "HEAD / HTTP/1.1" 200 -
147.160.184.88 - - [15/Oct/2023:12:11:59 -0500] "GET /galeria/galeria/fotos/Humedal-Vaca3P.jpg HTTP/1.1" 200 38460
172.22.2.4 - - [15/Oct/2023:12:10:40 -0500] "HEAD /BLA/boletinlegal/ HTTP/1.1" 200 -
201.245.192.253 - - [15/Oct/2023:12:12:30 -0500] "POST /kwsrmcab/Wsrmcab  HTTP/1.1" 200 42851
172.22.2.4 - - [15/Oct/2023:12:11:31 -0500] "GET /BLA/boletinlegal/ HTTP/1.1" 200 57802
173.252.83.8 - - [15/Oct/2023:12:13:26 -0500] "GET /images/pieza-voluntariado-ambiental.jpeg HTTP/1.1" 200 51125
157.55.39.205 - - [15/Oct/2023:12:15:12 -0500] "GET /BLA/resoluciones/RESOLUCIONES%202022/4347.pdf HTTP/1.1" 304 -
216.245.221.92 - - [15/Oct/2023:12:15:56 -0500] "HEAD / HTTP/1.1" 200 -
201.245.192.253 - - [15/Oct/2023:12:17:29 -0500] "POST /kwsrmcab/Wsrmcab  HTTP/1.1" 200 42851
201.245.192.253 - - [15/Oct/2023:12:17:52 -0500] "POST /kwsrmcab/Wsrmcab HTTP/1.1" 200 38226
201.245.192.253 - - [15/Oct/2023:12:17:55 -0500] "POST /kwsrmcab/Wsrmcab HTTP/1.1" 200 41262
172.22.2.4 - - [15/Oct/2023:12:16:30 -0500] "HEAD /BLA/boletinlegal/ HTTP/1.1" 200 -
172.22.2.4 - - [15/Oct/2023:12:17:21 -0500] "GET /BLA/boletinlegal/ HTTP/1.1" 200 60175
216.245.221.92 - - [15/Oct/2023:12:20:56 -0500] "HEAD / HTTP/1.1" 200 -
66.249.66.20 - - [15/Oct/2023:12:21:09 -0500] "GET /robots.txt HTTP/1.1" 404 1018
66.249.66.20 - - [15/Oct/2023:12:21:09 -0500] "GET /BLA/resoluciones/AUTOS%202014/2401.pdf HTTP/1.1" 200 598059
201.245.192.253 - - [15/Oct/2023:12:22:28 -0500] "POST /kwsrmcab/Wsrmcab  HTTP/1.1" 200 42851
172.22.2.4 - - [15/Oct/2023:12:22:20 -0500] "HEAD /BLA/boletinlegal/ HTTP/1.1" 200 -
69.171.249.1 - - [15/Oct/2023:12:24:10 -0500] "GET /este-10-y-11-de-julio-ciudadania-de-martires-podra-participar-en-la-feria-de-servicios-ambientales.html HTTP/1.1" 200 884
216.244.66.195 - - [15/Oct/2023:12:24:11 -0500] "GET /robots.txt HTTP/1.1" 404 1018
172.22.2.4 - - [15/Oct/2023:12:23:11 -0500] "GET /BLA/boletinlegal/ HTTP/1.1" 200 60531
216.245.221.92 - - [15/Oct/2023:12:25:56 -0500] "HEAD / HTTP/1.1" 200 -
172.22.2.4 - - [15/Oct/2023:12:27:10 -0500] "GET /BLA/boletinlegal/images/screen_2.png HTTP/1.1" 200 362502
172.22.2.4 - - [15/Oct/2023:12:27:10 -0500] "GET /BLA/boletinlegal/images/screen_3.png HTTP/1.1" 200 210620
172.22.2.4 - - [15/Oct/2023:12:27:10 -0500] "GET /BLA/boletinlegal/images/screen_5.png HTTP/1.1" 200 368876
172.22.2.4 - - [15/Oct/2023:12:27:10 -0500] "GET /BLA/boletinlegal/images/arr_r.jpg HTTP/1.1" 200 1998
172.22.2.4 - - [15/Oct/2023:12:27:10 -0500] "GET /BLA/boletinlegal/actos.php HTTP/1.1" 200 9682
201.245.192.253 - - [15/Oct/2023:12:27:26 -0500] "POST /kwsrmcab/Wsrmcab  HTTP/1.1" 200 42851
186.80.199.188 - - [15/Oct/2023:12:27:35 -0500] "GET /BLA/resoluciones/ HTTP/1.1" 200 13696
186.80.199.188 - - [15/Oct/2023:12:27:41 -0500] "GET /BLA/resoluciones/index.php?dir=AUTOS+2023%2F HTTP/1.1" 200 356705
172.22.2.4 - - [15/Oct/2023:12:27:03 -0500] "GET /BLA/boletinlegal/ HTTP/1.1" 200 32715
172.22.2.4 - - [15/Oct/2023:12:27:50 -0500] "GET /BLA/boletinlegal/actos.php HTTP/1.1" 200 9682
172.22.2.4 - - [15/Oct/2023:12:27:51 -0500] "GET /BLA/boletinlegal/favicon.ico HTTP/1.1" 404 1326
201.245.192.253 - - [15/Oct/2023:12:27:52 -0500] "POST /kwsrmcab/Wsrmcab HTTP/1.1" 200 38226
201.245.192.253 - - [15/Oct/2023:12:27:55 -0500] "POST /kwsrmcab/Wsrmcab HTTP/1.1" 200 41262
186.154.36.1 - - [15/Oct/2023:12:28:12 -0500] "GET /BLA/resoluciones/ HTTP/1.1" 200 13696
186.154.36.1 - - [15/Oct/2023:12:28:14 -0500] "GET /BLA/resoluciones/index.php?dir=AUTOS+2017%2F HTTP/1.1" 200 472723
114.119.159.160 - - [15/Oct/2023:12:29:04 -0500] "GET /BLA/resoluciones/index.php?dir=Notificaciones/REGISTROS%2B2020/&sort=date&order=asc HTTP/1.1" 200 13956
172.22.2.4 - - [15/Oct/2023:12:28:10 -0500] "HEAD /BLA/boletinlegal/ HTTP/1.1" 200 -
34.140.248.32 - - [15/Oct/2023:12:29:56 -0500] "GET / HTTP/1.1" 200 319
114.119.149.108 - - [15/Oct/2023:12:30:18 -0500] "GET /BLA/resoluciones/index.php?dir=RESOLUCIONES%2B1995/&sort=name&order=asc HTTP/1.1" 200 13903
172.22.2.4 - - [15/Oct/2023:12:29:01 -0500] "GET /BLA/boletinlegal/ HTTP/1.1" 200 59813
216.245.221.92 - - [15/Oct/2023:12:30:56 -0500] "HEAD / HTTP/1.1" 200 -
173.252.87.10 - - [15/Oct/2023:12:31:38 -0500] "GET /andrea-murcia-la-creadora-del-primer-hogar-de-paso-para-perros-y-gatos-en-un-colegio.html HTTP/1.1" 200 973
114.119.130.40 - - [15/Oct/2023:12:31:48 -0500] "GET /BLA/resoluciones/index.php?dir=Notificaciones/RESOLUCIONES%2B2017/ HTTP/1.1" 200 13965
201.245.192.253 - - [15/Oct/2023:12:32:25 -0500] "POST /kwsrmcab/Wsrmcab  HTTP/1.1" 200 42851
114.119.155.126 - - [15/Oct/2023:12:33:41 -0500] "GET /BLA/resoluciones/index.php?dir=Notificaciones/REGISTROS%2B2017/ HTTP/1.1" 200 13956
186.154.36.1 - - [15/Oct/2023:12:33:51 -0500] "GET /BLA/resoluciones/index.php?dir=AUTOS+2010%2F HTTP/1.1" 200 280373
186.154.36.1 - - [15/Oct/2023:12:33:48 -0500] "GET /BLA/resoluciones/index.php?dir=AUTOS+2010%2F HTTP/1.1" 200 12235
40.77.167.18 - - [15/Oct/2023:12:34:08 -0500] "GET /BLA/resoluciones/AUTOS%202019/0019.pdf HTTP/1.1" 200 275053
114.119.137.211 - - [15/Oct/2023:12:35:20 -0500] "GET /BLA/resoluciones/index.php?dir=RESOLUCIONES%2B2007/RES%2B2007%2B101%2BAL%2B200/&sort=size&order=asc HTTP/1.1" 200 13985
172.22.2.4 - - [15/Oct/2023:12:34:00 -0500] "HEAD /BLA/boletinlegal/ HTTP/1.1" 200 -
216.245.221.92 - - [15/Oct/2023:12:35:56 -0500] "HEAD / HTTP/1.1" 200 -
172.22.2.4 - - [15/Oct/2023:12:34:51 -0500] "GET /BLA/boletinlegal/ HTTP/1.1" 200 58155
114.119.149.91 - - [15/Oct/2023:12:36:47 -0500] "GET /BLA/resoluciones/index.php?dir=Notificaciones/DISCIPLINARIOS%2B2019/ HTTP/1.1" 200 13971
201.245.192.253 - - [15/Oct/2023:12:37:23 -0500] "POST /kwsrmcab/Wsrmcab  HTTP/1.1" 200 42851
201.245.192.253 - - [15/Oct/2023:12:37:52 -0500] "POST /kwsrmcab/Wsrmcab HTTP/1.1" 200 38226
201.245.192.253 - - [15/Oct/2023:12:37:54 -0500] "POST /kwsrmcab/Wsrmcab HTTP/1.1" 200 41262
52.167.144.212 - - [15/Oct/2023:12:39:40 -0500] "GET /BLA/resoluciones/AUTOS%202023/3461.pdf HTTP/1.1" 200 563345
186.155.72.185 - - [15/Oct/2023:12:39:48 -0500] "GET /BLA/resoluciones/RESOLUCIONES%202019/0953.pdf HTTP/1.1" 200 2355215
216.245.221.92 - - [15/Oct/2023:12:40:56 -0500] "HEAD / HTTP/1.1" 200 -
172.22.2.4 - - [15/Oct/2023:12:39:50 -0500] "HEAD /BLA/boletinlegal/ HTTP/1.1" 200 -
114.119.133.126 - - [15/Oct/2023:12:41:39 -0500] "GET /BLA/resoluciones/index.php?dir=Notificaciones/REGISTROS%2B0216/&sort=name&order=desc HTTP/1.1" 200 13955
172.22.2.4 - - [15/Oct/2023:12:40:41 -0500] "GET /BLA/boletinlegal/ HTTP/1.1" 200 58155
66.249.66.38 - - [15/Oct/2023:12:42:22 -0500] "GET /secretaria-de-ambiente-avanza-con-la-implementacion-de-viveros-y-sistemas-de-recoleccion-de-agua-lluvia-en-humedales.html HTTP/1.1" 304 -
201.245.192.253 - - [15/Oct/2023:12:42:23 -0500] "POST /kwsrmcab/Wsrmcab  HTTP/1.1" 200 42851
172.22.2.4 - - [15/Oct/2023:12:42:45 -0500] "GET /BLA/boletinlegal/style.css HTTP/1.1" 200 9406
172.22.2.4 - - [15/Oct/2023:12:42:45 -0500] "GET /BLA/boletinlegal/styles2.css HTTP/1.1" 200 1838
172.22.2.4 - - [15/Oct/2023:12:42:45 -0500] "GET /BLA/boletinlegal/js/jquery.scrollTo-min.js HTTP/1.1" 200 1150
172.22.2.4 - - [15/Oct/2023:12:42:45 -0500] "GET /BLA/boletinlegal/js/jquery.js HTTP/1.1" 200 57254
172.22.2.4 - - [15/Oct/2023:12:42:45 -0500] "GET /BLA/boletinlegal/js/jquery.scrollShow.js HTTP/1.1" 200 4586
172.22.2.4 - - [15/Oct/2023:12:42:45 -0500] "GET /BLA/boletinlegal/images/cabezote%20BLEGAL.jpg HTTP/1.1" 200 118164
172.22.2.4 - - [15/Oct/2023:12:42:45 -0500] "GET /BLA/boletinlegal/images/subscribe-icon-big.png HTTP/1.1" 200 47702
172.22.2.4 - - [15/Oct/2023:12:42:45 -0500] "GET /BLA/boletinlegal/images/historia.png HTTP/1.1" 200 52775
172.22.2.4 - - [15/Oct/2023:12:42:45 -0500] "GET /BLA/boletinlegal/images/registro-usuarios.png HTTP/1.1" 200 8106
172.22.2.4 - - [15/Oct/2023:12:42:45 -0500] "GET /BLA/boletinlegal/images/arr_l.jpg HTTP/1.1" 200 1979
172.22.2.4 - - [15/Oct/2023:12:42:45 -0500] "GET /BLA/boletinlegal/images/screen_1.png HTTP/1.1" 200 202547
172.22.2.4 - - [15/Oct/2023:12:42:45 -0500] "GET /BLA/boletinlegal/images/launch.jpg HTTP/1.1" 200 14577
172.22.2.4 - - [15/Oct/2023:12:42:45 -0500] "GET /BLA/boletinlegal/images/body_bg.jpg HTTP/1.1" 200 1601
172.22.2.4 - - [15/Oct/2023:12:42:45 -0500] "GET /BLA/boletinlegal/images/menu_lft.gif HTTP/1.1" 200 1713
172.22.2.4 - - [15/Oct/2023:12:42:45 -0500] "GET /BLA/boletinlegal/images/bg_top.jpg HTTP/1.1" 200 522
172.22.2.4 - - [15/Oct/2023:12:42:45 -0500] "GET /BLA/boletinlegal/images/menu_rght.gif HTTP/1.1" 200 1627
172.22.2.4 - - [15/Oct/2023:12:42:45 -0500] "GET /BLA/boletinlegal/images/menu_bg.jpg HTTP/1.1" 200 620
172.22.2.4 - - [15/Oct/2023:12:42:45 -0500] "GET /BLA/boletinlegal/images/hover.jpg HTTP/1.1" 200 640
172.22.2.4 - - [15/Oct/2023:12:42:45 -0500] "GET /BLA/boletinlegal/images/text.jpg HTTP/1.1" 200 568
172.22.2.4 - - [15/Oct/2023:12:42:48 -0500] "GET /BLA/boletinlegal/conceptos.php HTTP/1.1" 200 7496
172.22.2.4 - - [15/Oct/2023:12:42:48 -0500] "GET /BLA/boletinlegal/js/ajax_conceptos.js HTTP/1.1" 200 1326
172.22.2.4 - - [15/Oct/2023:12:42:48 -0500] "GET /BLA/boletinlegal/niceforms.js HTTP/1.1" 200 22876
172.22.2.4 - - [15/Oct/2023:12:42:48 -0500] "GET /BLA/boletinlegal/niceforms-default.css HTTP/1.1" 200 6694
172.22.2.4 - - [15/Oct/2023:12:42:48 -0500] "GET /BLA/boletinlegal/images/tel.png HTTP/1.1" 200 14477
172.22.2.4 - - [15/Oct/2023:12:42:48 -0500] "GET /BLA/boletinlegal/images/icono-email.png HTTP/1.1" 200 5544
172.22.2.4 - - [15/Oct/2023:12:42:48 -0500] "GET /BLA/boletinlegal/images/footer_bg.jpg HTTP/1.1" 200 586
172.22.2.4 - - [15/Oct/2023:12:42:48 -0500] "GET /BLA/boletinlegal/images/footer_bg_l.jpg HTTP/1.1" 200 776
172.22.2.4 - - [15/Oct/2023:12:42:49 -0500] "GET /BLA/boletinlegal/img/0.png HTTP/1.1" 200 110
172.22.2.4 - - [15/Oct/2023:12:42:49 -0500] "GET /BLA/boletinlegal/img/select-left.png HTTP/1.1" 200 263
172.22.2.4 - - [15/Oct/2023:12:42:49 -0500] "GET /BLA/boletinlegal/img/button.png HTTP/1.1" 200 43241
172.22.2.4 - - [15/Oct/2023:12:42:49 -0500] "GET /BLA/boletinlegal/img/button-left.png HTTP/1.1" 200 57071
172.22.2.4 - - [15/Oct/2023:12:42:49 -0500] "GET /BLA/boletinlegal/img/select-right.png HTTP/1.1" 200 44019
172.22.2.4 - - [15/Oct/2023:12:42:49 -0500] "GET /BLA/boletinlegal/favicon.ico HTTP/1.1" 404 1334
172.22.2.4 - - [15/Oct/2023:12:42:49 -0500] "GET /BLA/boletinlegal/img/button-right.png HTTP/1.1" 200 57878
172.22.2.4 - - [15/Oct/2023:12:42:52 -0500] "GET /BLA/boletinlegal/images/screen_2.png HTTP/1.1" 200 362502
172.22.2.4 - - [15/Oct/2023:12:42:52 -0500] "GET /BLA/boletinlegal/images/screen_3.png HTTP/1.1" 200 210620
172.22.2.4 - - [15/Oct/2023:12:42:52 -0500] "GET /BLA/boletinlegal/images/arr_r.jpg HTTP/1.1" 200 1998
172.22.2.4 - - [15/Oct/2023:12:42:52 -0500] "GET /BLA/boletinlegal/images/screen_5.png HTTP/1.1" 200 368876
172.22.2.4 - - [15/Oct/2023:12:42:54 -0500] "GET /BLA/boletinlegal/consulta_conceptos.php?no=&solicitante=&radicado_entrada=&fecha_concepto=2020&objeto= HTTP/1.1" 200 53495
172.22.2.4 - - [15/Oct/2023:12:42:54 -0500] "GET /BLA/boletinlegal/images/background.gif HTTP/1.1" 200 -
172.22.2.4 - - [15/Oct/2023:12:42:54 -0500] "GET /BLA/boletinlegal/images/pdf.gif HTTP/1.1" 200 567
172.22.2.4 - - [15/Oct/2023:12:43:04 -0500] "GET /BLA/boletinlegal/conceptos/2020/83.pdf HTTP/1.1" 200 384261
40.77.167.70 - - [15/Oct/2023:12:43:50 -0500] "GET /BLA/resoluciones/Notificaciones/REGISTROS%202023/00020.pdf HTTP/1.1" 200 281162
172.22.2.4 - - [15/Oct/2023:12:42:44 -0500] "GET /BLA/boletinlegal/ HTTP/1.1" 200 62754
186.115.217.123 - - [15/Oct/2023:12:44:30 -0500] "POST /BLA/boletinlegal/admin/actos/ingresar.php HTTP/1.1" 200 7302
216.245.221.92 - - [15/Oct/2023:12:45:56 -0500] "HEAD / HTTP/1.1" 200 -
40.77.167.70 - - [15/Oct/2023:12:46:29 -0500] "GET /BLA/resoluciones/RESOLUCIONES%202007/RES%202007%203201%20AL%203300/RESOLUCION%203274%20DE%202007.pdf HTTP/1.1" 200 871823
172.22.2.4 - - [15/Oct/2023:12:45:40 -0500] "HEAD /BLA/boletinlegal/ HTTP/1.1" 200 -
201.245.192.253 - - [15/Oct/2023:12:47:23 -0500] "POST /kwsrmcab/Wsrmcab  HTTP/1.1" 200 42851
172.22.2.4 - - [15/Oct/2023:12:46:31 -0500] "GET /BLA/boletinlegal/ HTTP/1.1" 200 53488
168.119.253.32 - - [15/Oct/2023:12:48:41 -0500] "GET / HTTP/1.1" 200 319
168.119.253.32 - - [15/Oct/2023:12:48:42 -0500] "GET / HTTP/1.1" 200 4720
216.245.221.92 - - [15/Oct/2023:12:50:56 -0500] "HEAD / HTTP/1.1" 200 -
201.245.192.253 - - [15/Oct/2023:12:52:22 -0500] "POST /kwsrmcab/Wsrmcab  HTTP/1.1" 200 42851
157.55.39.51 - - [15/Oct/2023:12:52:30 -0500] "GET /forest/ HTTP/1.1" 200 12041
157.55.39.51 - - [15/Oct/2023:12:52:49 -0500] "GET /BLA/resoluciones/AUTOS%202023/1239.pdf HTTP/1.1" 304 -
172.22.2.4 - - [15/Oct/2023:12:51:30 -0500] "HEAD /BLA/boletinlegal/ HTTP/1.1" 200 -
172.22.2.4 - - [15/Oct/2023:12:52:21 -0500] "GET /BLA/boletinlegal/ HTTP/1.1" 200 58155
216.245.221.92 - - [15/Oct/2023:12:55:56 -0500] "HEAD / HTTP/1.1" 200 -
172.22.2.4 - - [15/Oct/2023:12:55:01 -0500] "OPTIONS /BLA/boletinlegal/ HTTP/1.1" 200 45003
216.244.66.195 - - [15/Oct/2023:12:56:24 -0500] "GET /BLA/resoluciones/AUTOS%202013/2655.pdf HTTP/1.1" 200 471253
216.244.66.195 - - [15/Oct/2023:12:56:30 -0500] "GET /BLA/resoluciones/AUTOS%202013/2695.pdf HTTP/1.1" 200 181434
216.244.66.195 - - [15/Oct/2023:12:56:35 -0500] "GET /BLA/resoluciones/AUTOS%202013/2975.pdf HTTP/1.1" 200 440807
216.244.66.195 - - [15/Oct/2023:12:56:39 -0500] "GET /BLA/resoluciones/AUTOS%202014/1037.pdf HTTP/1.1" 200 364449
216.244.66.195 - - [15/Oct/2023:12:56:43 -0500] "GET /BLA/resoluciones/AUTOS%202014/1877.pdf HTTP/1.1" 200 414747
216.244.66.195 - - [15/Oct/2023:12:56:47 -0500] "GET /BLA/resoluciones/AUTOS%202014/2549.pdf HTTP/1.1" 200 483973
216.244.66.195 - - [15/Oct/2023:12:56:55 -0500] "GET /BLA/resoluciones/AUTOS%202014/2581.pdf HTTP/1.1" 200 225606
216.244.66.195 - - [15/Oct/2023:12:57:01 -0500] "GET /BLA/resoluciones/AUTOS%202014/2786.pdf HTTP/1.1" 200 451104
216.244.66.195 - - [15/Oct/2023:12:57:06 -0500] "GET /BLA/resoluciones/AUTOS%202019/2861.pdf HTTP/1.1" 200 271269
114.119.147.81 - - [15/Oct/2023:12:57:19 -0500] "GET /BLA/resoluciones/index.php?dir=RESOLUCIONES%2B2018/&sort=date&order=desc HTTP/1.1" 200 13902
201.245.192.253 - - [15/Oct/2023:12:57:20 -0500] "POST /kwsrmcab/Wsrmcab  HTTP/1.1" 200 42851
172.22.2.4 - - [15/Oct/2023:12:57:39 -0500] "GET /BLA/boletinlegal/consulta_conceptos.php?no=&solicitante=&radicado_entrada=&fecha_concepto=2021&objeto= HTTP/1.1" 200 36487
172.22.2.4 - - [15/Oct/2023:12:57:40 -0500] "GET /BLA/boletinlegal/consulta_conceptos.php?no=&solicitante=&radicado_entrada=&fecha_concepto=2021&objeto= HTTP/1.1" 200 36487
52.167.144.64 - - [15/Oct/2023:12:57:45 -0500] "GET /robots.txt HTTP/1.1" 404 1032
172.22.2.4 - - [15/Oct/2023:12:57:46 -0500] "GET /BLA/boletinlegal/conceptos/2021/17.pdf HTTP/1.1" 200 343743
172.121.220.18 - - [15/Oct/2023:12:57:53 -0500] "HEAD / HTTP/1.1" 200 -
107.165.134.9 - - [15/Oct/2023:12:57:53 -0500] "HEAD / HTTP/1.1" 200 -
172.121.220.18 - - [15/Oct/2023:12:57:53 -0500] "GET / HTTP/1.1" 200 319
107.165.134.9 - - [15/Oct/2023:12:57:53 -0500] "GET / HTTP/1.1" 200 319
40.77.167.132 - - [15/Oct/2023:12:57:54 -0500] "GET / HTTP/1.1" 200 319
104.232.39.236 - - [15/Oct/2023:12:58:09 -0500] "GET / HTTP/1.1" 200 319
104.232.39.236 - - [15/Oct/2023:12:58:10 -0500] "GET /robots.txt HTTP/1.1" 404 1210
104.232.39.236 - - [15/Oct/2023:12:58:10 -0500] "GET / HTTP/1.1" 304 -
114.119.131.210 - - [15/Oct/2023:12:58:31 -0500] "GET /BLA/resoluciones/index.php?dir=Notificaciones/RESOLUCIONES%2B2012/&sort=name&order=desc HTTP/1.1" 200 13964
104.222.46.96 - - [15/Oct/2023:12:58:38 -0500] "GET / HTTP/1.1" 200 319
104.222.46.96 - - [15/Oct/2023:12:58:39 -0500] "GET /robots.txt HTTP/1.1" 404 1243
104.222.46.96 - - [15/Oct/2023:12:58:39 -0500] "GET / HTTP/1.1" 304 -
172.22.2.4 - - [15/Oct/2023:12:57:20 -0500] "HEAD /BLA/boletinlegal/ HTTP/1.1" 200 -
172.22.2.4 - - [15/Oct/2023:12:59:02 -0500] "GET /BLA/boletinlegal/consulta_conceptos.php?no=&solicitante=&radicado_entrada=&fecha_concepto=2022&objeto= HTTP/1.1" 200 34640
172.22.2.4 - - [15/Oct/2023:12:59:05 -0500] "GET /BLA/boletinlegal/consulta_conceptos.php?no=&solicitante=&radicado_entrada=&fecha_concepto=2022&objeto= HTTP/1.1" 200 34640
172.22.2.4 - - [15/Oct/2023:12:57:42 -0500] "HEAD /BLA/boletinlegal/ HTTP/1.1" 200 -
216.244.66.195 - - [15/Oct/2023:12:59:22 -0500] "GET /BLA/resoluciones/AUTOS%202014/2942.pdf HTTP/1.1" 200 510568
172.22.2.4 - - [15/Oct/2023:12:59:22 -0500] "GET /BLA/boletinlegal/consulta_conceptos.php?no=&solicitante=&radicado_entrada=&fecha_concepto=2023&objeto= HTTP/1.1" 200 27300
40.77.167.73 - - [15/Oct/2023:12:59:23 -0500] "GET /Publicaciones/2023EE211970.pdf HTTP/1.1" 404 228
216.244.66.195 - - [15/Oct/2023:12:59:26 -0500] "GET /BLA/resoluciones/AUTOS%202017/3720.pdf HTTP/1.1" 200 766473
172.22.2.4 - - [15/Oct/2023:12:57:47 -0500] "HEAD /BLA/boletinlegal/ HTTP/1.1" 200 -
172.22.2.4 - - [15/Oct/2023:12:59:29 -0500] "GET /BLA/boletinlegal/actos.php HTTP/1.1" 200 9682
172.22.2.4 - - [15/Oct/2023:12:59:29 -0500] "GET /BLA/boletinlegal/js/ajax_actos.js HTTP/1.1" 200 1322
172.22.2.4 - - [15/Oct/2023:12:59:29 -0500] "GET /BLA/boletinlegal/js/lib.js HTTP/1.1" 200 6474
172.22.2.4 - - [15/Oct/2023:12:59:29 -0500] "GET /BLA/boletinlegal/js/popup.js HTTP/1.1" 200 1270
172.22.2.4 - - [15/Oct/2023:12:59:29 -0500] "GET /BLA/boletinlegal/js/jquery1.js HTTP/1.1" 200 29846
172.22.2.4 - - [15/Oct/2023:12:59:29 -0500] "GET /BLA/boletinlegal/images/green-yellow-blue-pink-th.png HTTP/1.1" 200 7394
172.22.2.4 - - [15/Oct/2023:12:59:39 -0500] "GET /BLA/boletinlegal/consulta_actos.php?tipo=resoluciones&no=&usuario=&sector=&fecha=2020&resuelve= HTTP/1.1" 200 750278
172.22.2.4 - - [15/Oct/2023:12:58:11 -0500] "GET /BLA/boletinlegal/ HTTP/1.1" 200 42754
216.244.66.195 - - [15/Oct/2023:13:00:03 -0500] "GET /BLA/resoluciones/AUTOS%202017/4390.pdf HTTP/1.1" 200 500552
172.22.2.4 - - [15/Oct/2023:13:00:14 -0500] "GET /BLA/boletinlegal/consulta_actos.php?tipo=resoluciones&no=&usuario=&sector=&fecha=2021&resuelve= HTTP/1.1" 200 2541186
172.22.2.4 - - [15/Oct/2023:13:00:16 -0500] "GET /BLA/boletinlegal/consulta_actos.php?tipo=resoluciones&no=&usuario=&sector=&fecha=2021&resuelve= HTTP/1.1" 200 2541186
114.119.136.96 - - [15/Oct/2023:13:00:24 -0500] "GET /BLA/resoluciones/index.php?dir=Notificaciones/&sort=size&order=asc HTTP/1.1" 200 11650
172.22.2.4 - - [15/Oct/2023:13:00:26 -0500] "GET /BLA/boletinlegal/consulta_actos.php?tipo=resoluciones&no=&usuario=&sector=&fecha=2022&resuelve= HTTP/1.1" 200 4983283
172.22.2.4 - - [15/Oct/2023:13:00:35 -0500] "GET /BLA/boletinlegal/consulta_actos.php?tipo=resoluciones&no=&usuario=&sector=&fecha=2023&resuelve= HTTP/1.1" 200 298283
216.244.66.195 - - [15/Oct/2023:13:00:35 -0500] "GET /BLA/resoluciones/AUTOS%202017/4920.pdf HTTP/1.1" 200 356251
181.59.3.244 - - [15/Oct/2023:13:00:54 -0500] "GET /BLA/resoluciones/RESOLUCIONES%202023/0886.pdf HTTP/1.1" 200 1084887
216.245.221.92 - - [15/Oct/2023:13:00:56 -0500] "HEAD / HTTP/1.1" 200 -
181.59.3.244 - - [15/Oct/2023:13:00:59 -0500] "GET /BLA/resoluciones/RESOLUCIONES%202023/0886.pdf HTTP/1.1" 206 1
181.59.3.244 - - [15/Oct/2023:13:00:59 -0500] "GET /BLA/resoluciones/RESOLUCIONES%202023/0886.pdf HTTP/1.1" 206 1082241
216.244.66.195 - - [15/Oct/2023:13:01:06 -0500] "GET /BLA/resoluciones/AUTOS%202017/5276.pdf HTTP/1.1" 200 377702
181.59.3.244 - - [15/Oct/2023:13:01:13 -0500] "GET /BLA/resoluciones/RESOLUCIONES%202023/0886.pdf HTTP/1.1" 206 1
181.59.3.244 - - [15/Oct/2023:13:01:13 -0500] "GET /BLA/resoluciones/RESOLUCIONES%202023/0886.pdf HTTP/1.1" 206 1082241
216.244.66.195 - - [15/Oct/2023:13:01:35 -0500] "GET /BLA/resoluciones/AUTOS%202017/5299.pdf HTTP/1.1" 200 522659
181.59.3.244 - - [15/Oct/2023:13:01:37 -0500] "GET /BLA/resoluciones/RESOLUCIONES%202023/0886.pdf HTTP/1.1" 206 1
181.59.3.244 - - [15/Oct/2023:13:01:37 -0500] "GET /BLA/resoluciones/RESOLUCIONES%202023/0886.pdf HTTP/1.1" 206 1082241
172.22.2.4 - - [15/Oct/2023:13:01:39 -0500] "GET /BLA/boletinlegal/actos.php HTTP/1.1" 200 9682
172.22.2.4 - - [15/Oct/2023:13:01:41 -0500] "GET /BLA/boletinlegal/consulta_actos.php?tipo=autos&no=&usuario=&sector=&fecha=2023&resuelve= HTTP/1.1" 200 1037452
172.22.2.4 - - [15/Oct/2023:13:01:46 -0500] "GET /BLA/boletinlegal/consulta_actos.php?tipo=resoluciones&no=&usuario=&sector=&fecha=2023&resuelve= HTTP/1.1" 200 298283
181.59.3.244 - - [15/Oct/2023:13:01:53 -0500] "GET /BLA/resoluciones/RESOLUCIONES%202023/0886.pdf HTTP/1.1" 206 1
181.59.3.244 - - [15/Oct/2023:13:01:53 -0500] "GET /BLA/resoluciones/RESOLUCIONES%202023/0886.pdf HTTP/1.1" 206 1082241
181.59.3.244 - - [15/Oct/2023:13:02:02 -0500] "GET /BLA/resoluciones/RESOLUCIONES%202023/0886.pdf HTTP/1.1" 206 1
181.59.3.244 - - [15/Oct/2023:13:02:02 -0500] "GET /BLA/resoluciones/RESOLUCIONES%202023/0886.pdf HTTP/1.1" 206 1082241
216.244.66.195 - - [15/Oct/2023:13:02:13 -0500] "GET /BLA/resoluciones/RESOLUCIONES%202008/2157.pdf HTTP/1.1" 200 263435
201.245.192.253 - - [15/Oct/2023:13:02:20 -0500] "POST /kwsrmcab/Wsrmcab  HTTP/1.1" 200 42851
216.244.66.195 - - [15/Oct/2023:13:02:53 -0500] "GET /BLA/resoluciones/RESOLUCIONES%202008/4338.pdf HTTP/1.1" 200 340865
114.119.153.211 - - [15/Oct/2023:13:03:00 -0500] "GET /BLA/resoluciones/index.php?dir=AUTOS%2B2018/&sort=name&order=asc HTTP/1.1" 200 13882
216.244.66.195 - - [15/Oct/2023:13:03:24 -0500] "GET /BLA/resoluciones/RESOLUCIONES%202011/0280.pdf HTTP/1.1" 200 85667
216.244.66.195 - - [15/Oct/2023:13:03:53 -0500] "GET /BLA/resoluciones/RESOLUCIONES%202011/0443.pdf HTTP/1.1" 200 88115
216.244.66.195 - - [15/Oct/2023:13:04:21 -0500] "GET /BLA/resoluciones/RESOLUCIONES%202011/0496.pdf HTTP/1.1" 200 76413
186.115.217.123 - - [15/Oct/2023:13:04:45 -0500] "POST /BLA/boletinlegal/admin/actos/ingresar.php HTTP/1.1" 200 7302
216.244.66.195 - - [15/Oct/2023:13:04:48 -0500] "GET /BLA/resoluciones/RESOLUCIONES%202011/0630.pdf HTTP/1.1" 200 289994
172.22.2.4 - - [15/Oct/2023:13:03:10 -0500] "HEAD /BLA/boletinlegal/ HTTP/1.1" 200 -
114.119.131.199 - - [15/Oct/2023:13:05:00 -0500] "GET /BLA/resoluciones/index.php?dir=Notificaciones/RESOLUCIONES%2B2013/&sort=date&order=desc HTTP/1.1" 200 13964
216.244.66.195 - - [15/Oct/2023:13:05:18 -0500] "GET /BLA/resoluciones/RESOLUCIONES%202011/0668.pdf HTTP/1.1" 200 71877
172.22.2.4 - - [15/Oct/2023:13:04:01 -0500] "GET /BLA/boletinlegal/ HTTP/1.1" 200 57439
216.244.66.195 - - [15/Oct/2023:13:05:44 -0500] "GET /BLA/resoluciones/RESOLUCIONES%202011/0971.pdf HTTP/1.1" 200 67735
216.245.221.92 - - [15/Oct/2023:13:05:56 -0500] "HEAD / HTTP/1.1" 200 -
216.244.66.195 - - [15/Oct/2023:13:06:09 -0500] "GET /BLA/resoluciones/RESOLUCIONES%202011/1003.pdf HTTP/1.1" 200 68261
216.244.66.195 - - [15/Oct/2023:13:06:34 -0500] "GET /BLA/resoluciones/RESOLUCIONES%202011/1184.pdf HTTP/1.1" 200 373397
114.119.134.203 - - [15/Oct/2023:13:06:49 -0500] "GET /BLA/resoluciones/index.php?dir=AUTOS%2B2009/&sort=date&order=desc HTTP/1.1" 200 13881
216.244.66.195 - - [15/Oct/2023:13:07:09 -0500] "GET /BLA/resoluciones/RESOLUCIONES%202011/1400.pdf HTTP/1.1" 200 72363
201.245.192.253 - - [15/Oct/2023:13:07:18 -0500] "POST /kwsrmcab/Wsrmcab  HTTP/1.1" 200 42851
181.59.3.244 - - [15/Oct/2023:13:08:37 -0500] "GET /BLA/resoluciones/RESOLUCIONES%202023/0886.pdf HTTP/1.1" 206 1
181.59.3.244 - - [15/Oct/2023:13:08:37 -0500] "GET /BLA/resoluciones/RESOLUCIONES%202023/0886.pdf HTTP/1.1" 206 1082241
181.59.3.244 - - [15/Oct/2023:13:08:40 -0500] "GET /BLA/resoluciones/RESOLUCIONES%202023/0886.pdf HTTP/1.1" 206 1
181.59.3.244 - - [15/Oct/2023:13:08:40 -0500] "GET /BLA/resoluciones/RESOLUCIONES%202023/0886.pdf HTTP/1.1" 206 1082241
181.59.3.244 - - [15/Oct/2023:13:10:25 -0500] "GET /BLA/resoluciones/RESOLUCIONES%202022/4124.pdf HTTP/1.1" 200 532220
172.22.2.4 - - [15/Oct/2023:13:10:33 -0500] "GET /BLA/boletinlegal/consulta_conceptos.php?no=&solicitante=&radicado_entrada=&fecha_concepto=2023&objeto= HTTP/1.1" 200 27300
172.22.2.4 - - [15/Oct/2023:13:09:00 -0500] "HEAD /BLA/boletinlegal/ HTTP/1.1" 200 -
172.22.2.4 - - [15/Oct/2023:13:10:45 -0500] "GET /BLA/boletinlegal/consulta_conceptos.php?no=&solicitante=&radicado_entrada=&fecha_concepto=2023&objeto= HTTP/1.1" 200 27300
172.22.2.4 - - [15/Oct/2023:13:10:50 -0500] "GET /BLA/boletinlegal/normativa.php HTTP/1.1" 200 8343
172.22.2.4 - - [15/Oct/2023:13:10:50 -0500] "GET /BLA/boletinlegal/js/ajax_normativa.js HTTP/1.1" 200 1154
216.245.221.92 - - [15/Oct/2023:13:10:56 -0500] "HEAD / HTTP/1.1" 200 -
172.22.2.4 - - [15/Oct/2023:13:11:12 -0500] "GET /BLA/boletinlegal/consulta_normativa.php?tipo=&sector=pma&ano=2022&resuelve= HTTP/1.1" 200 454
172.22.2.4 - - [15/Oct/2023:13:11:16 -0500] "GET /BLA/boletinlegal/consulta_normativa.php?tipo=&sector=pma&ano=2022&resuelve= HTTP/1.1" 200 454
172.22.2.4 - - [15/Oct/2023:13:11:19 -0500] "GET /BLA/boletinlegal/consulta_normativa.php?tipo=&sector=pma&ano=2021&resuelve= HTTP/1.1" 200 454
172.22.2.4 - - [15/Oct/2023:13:11:20 -0500] "GET /BLA/boletinlegal/consulta_normativa.php?tipo=&sector=pma&ano=2021&resuelve= HTTP/1.1" 200 454
172.22.2.4 - - [15/Oct/2023:13:11:26 -0500] "GET /BLA/boletinlegal/consulta_normativa.php?tipo=Resolucion&sector=pma&ano=2021&resuelve= HTTP/1.1" 200 454
172.22.2.4 - - [15/Oct/2023:13:11:27 -0500] "GET /BLA/boletinlegal/consulta_normativa.php?tipo=Resolucion&sector=pma&ano=2021&resuelve= HTTP/1.1" 200 454
172.22.2.4 - - [15/Oct/2023:13:11:30 -0500] "GET /BLA/boletinlegal/consulta_normativa.php?tipo=Resolucion&sector=pma&ano=2022&resuelve= HTTP/1.1" 200 454
172.22.2.4 - - [15/Oct/2023:13:09:51 -0500] "GET /BLA/boletinlegal/ HTTP/1.1" 200 57802
172.22.2.4 - - [15/Oct/2023:13:11:35 -0500] "GET /BLA/boletinlegal/normativa.php HTTP/1.1" 200 8343
172.22.2.4 - - [15/Oct/2023:13:11:35 -0500] "GET /BLA/boletinlegal/normativa.php HTTP/1.1" 200 8343
172.22.2.4 - - [15/Oct/2023:13:11:49 -0500] "GET /BLA/boletinlegal/consulta_normativa.php?tipo=&sector=humedales&ano=&resuelve= HTTP/1.1" 200 10251
172.22.2.4 - - [15/Oct/2023:13:11:49 -0500] "GET /BLA/boletinlegal/images/docs.png HTTP/1.1" 200 10288
172.22.2.4 - - [15/Oct/2023:13:11:54 -0500] "GET /BLA/boletinlegal/normativa.php HTTP/1.1" 200 8343
172.22.2.4 - - [15/Oct/2023:13:11:54 -0500] "GET /BLA/boletinlegal/actos.php HTTP/1.1" 200 9682
172.22.2.4 - - [15/Oct/2023:13:11:57 -0500] "GET /BLA/boletinlegal/consulta_actos.php?tipo=resoluciones&no=&usuario=&sector=&fecha=2023&resuelve= HTTP/1.1" 200 298283
172.22.2.4 - - [15/Oct/2023:13:11:58 -0500] "GET /BLA/boletinlegal/consulta_actos.php?tipo=resoluciones&no=&usuario=&sector=&fecha=2023&resuelve= HTTP/1.1" 200 298283
201.245.192.253 - - [15/Oct/2023:13:12:17 -0500] "POST /kwsrmcab/Wsrmcab  HTTP/1.1" 200 42851
1.203.111.23 - - [15/Oct/2023:13:12:43 -0500] "GET /galeria/galeria/fotos/Humedal-la-conejera2P.jpg HTTP/1.1" 200 31007
172.22.2.4 - - [15/Oct/2023:13:12:11 -0500] "GET /BLA/boletinlegal/ HTTP/1.1" 200 62754
114.119.133.251 - - [15/Oct/2023:13:14:09 -0500] "GET /BLA/resoluciones/index.php?dir=RESOLUCIONES%2B2015/&sort=size&order=asc HTTP/1.1" 200 13903
216.245.221.92 - - [15/Oct/2023:13:15:56 -0500] "HEAD / HTTP/1.1" 200 -
186.115.217.123 - - [15/Oct/2023:13:16:26 -0500] "POST /BLA/boletinlegal/admin/actos/ingresar.php HTTP/1.1" 200 2102
114.119.129.36 - - [15/Oct/2023:13:16:28 -0500] "GET /BLA/resoluciones/index.php?dir=Notificaciones/RESOLUCIONES%2B2019/&sort=date&order=asc HTTP/1.1" 200 13965
186.115.217.123 - - [15/Oct/2023:13:16:29 -0500] "GET /BLA/boletinlegal/admin/actos/ingresar.php HTTP/1.1" 200 7209
172.22.2.4 - - [15/Oct/2023:13:14:50 -0500] "HEAD /BLA/boletinlegal/ HTTP/1.1" 200 -
172.22.2.4 - - [15/Oct/2023:13:17:01 -0500] "GET /BLA/boletinlegal/actos.php HTTP/1.1" 200 9682
172.22.2.4 - - [15/Oct/2023:13:17:01 -0500] "GET /BLA/boletinlegal/styles2.css HTTP/1.1" 200 1838
172.22.2.4 - - [15/Oct/2023:13:17:01 -0500] "GET /BLA/boletinlegal/niceforms-default.css HTTP/1.1" 200 6694
172.22.2.4 - - [15/Oct/2023:13:17:01 -0500] "GET /BLA/boletinlegal/js/ajax_actos.js HTTP/1.1" 200 1322
172.22.2.4 - - [15/Oct/2023:13:17:01 -0500] "GET /BLA/boletinlegal/style.css HTTP/1.1" 200 9406
172.22.2.4 - - [15/Oct/2023:13:17:01 -0500] "GET /BLA/boletinlegal/niceforms.js HTTP/1.1" 200 22876
172.22.2.4 - - [15/Oct/2023:13:17:01 -0500] "GET /BLA/boletinlegal/js/popup.js HTTP/1.1" 200 1270
172.22.2.4 - - [15/Oct/2023:13:17:01 -0500] "GET /BLA/boletinlegal/js/lib.js HTTP/1.1" 200 6474
172.22.2.4 - - [15/Oct/2023:13:17:01 -0500] "GET /BLA/boletinlegal/js/jquery1.js HTTP/1.1" 200 29846
172.22.2.4 - - [15/Oct/2023:13:17:01 -0500] "GET /BLA/boletinlegal/images/cabezote%20BLEGAL.jpg HTTP/1.1" 200 118164
172.22.2.4 - - [15/Oct/2023:13:17:01 -0500] "GET /BLA/boletinlegal/images/subscribe-icon-big.png HTTP/1.1" 200 47702
172.22.2.4 - - [15/Oct/2023:13:17:01 -0500] "GET /BLA/boletinlegal/images/historia.png HTTP/1.1" 200 52775
172.22.2.4 - - [15/Oct/2023:13:17:01 -0500] "GET /BLA/boletinlegal/images/tel.png HTTP/1.1" 200 14477
172.22.2.4 - - [15/Oct/2023:13:17:01 -0500] "GET /BLA/boletinlegal/images/green-yellow-blue-pink-th.png HTTP/1.1" 200 7394
172.22.2.4 - - [15/Oct/2023:13:17:01 -0500] "GET /BLA/boletinlegal/images/registro-usuarios.png HTTP/1.1" 200 8106
172.22.2.4 - - [15/Oct/2023:13:17:01 -0500] "GET /BLA/boletinlegal/images/hover.jpg HTTP/1.1" 200 640
172.22.2.4 - - [15/Oct/2023:13:17:02 -0500] "GET /BLA/boletinlegal/images/body_bg.jpg HTTP/1.1" 200 1601
172.22.2.4 - - [15/Oct/2023:13:17:02 -0500] "GET /BLA/boletinlegal/images/menu_bg.jpg HTTP/1.1" 200 620
172.22.2.4 - - [15/Oct/2023:13:17:02 -0500] "GET /BLA/boletinlegal/images/footer_bg.jpg HTTP/1.1" 200 586
172.22.2.4 - - [15/Oct/2023:13:17:02 -0500] "GET /BLA/boletinlegal/images/menu_rght.gif HTTP/1.1" 200 1627
172.22.2.4 - - [15/Oct/2023:13:17:02 -0500] "GET /BLA/boletinlegal/images/bg_top.jpg HTTP/1.1" 200 522
172.22.2.4 - - [15/Oct/2023:13:17:02 -0500] "GET /BLA/boletinlegal/images/menu_lft.gif HTTP/1.1" 200 1713
172.22.2.4 - - [15/Oct/2023:13:17:02 -0500] "GET /BLA/boletinlegal/images/text.jpg HTTP/1.1" 200 568
172.22.2.4 - - [15/Oct/2023:13:17:02 -0500] "GET /BLA/boletinlegal/images/icono-email.png HTTP/1.1" 200 5544
172.22.2.4 - - [15/Oct/2023:13:17:02 -0500] "GET /BLA/boletinlegal/images/footer_bg_l.jpg HTTP/1.1" 200 776
172.22.2.4 - - [15/Oct/2023:13:17:02 -0500] "GET /BLA/boletinlegal/img/0.png HTTP/1.1" 200 110
172.22.2.4 - - [15/Oct/2023:13:17:02 -0500] "GET /BLA/boletinlegal/img/select-left.png HTTP/1.1" 200 263
172.22.2.4 - - [15/Oct/2023:13:17:02 -0500] "GET /BLA/boletinlegal/img/button-right.png HTTP/1.1" 200 57878
172.22.2.4 - - [15/Oct/2023:13:17:02 -0500] "GET /BLA/boletinlegal/img/select-right.png HTTP/1.1" 200 44019
172.22.2.4 - - [15/Oct/2023:13:17:02 -0500] "GET /BLA/boletinlegal/img/button-left.png HTTP/1.1" 200 57071
172.22.2.4 - - [15/Oct/2023:13:17:02 -0500] "GET /BLA/boletinlegal/img/button.png HTTP/1.1" 200 43241
172.22.2.4 - - [15/Oct/2023:13:17:02 -0500] "GET /BLA/boletinlegal/favicon.ico HTTP/1.1" 404 1326
186.115.217.123 - - [15/Oct/2023:13:17:04 -0500] "GET /BLA/resoluciones/ HTTP/1.1" 200 13696
186.115.217.123 - - [15/Oct/2023:13:17:04 -0500] "GET /BLA/resoluciones/dlf/styles.css HTTP/1.1" 200 3049
186.115.217.123 - - [15/Oct/2023:13:17:04 -0500] "GET /BLA/resoluciones/dlf/folder.png HTTP/1.1" 200 410
186.115.217.123 - - [15/Oct/2023:13:17:04 -0500] "GET /BLA/resoluciones/dlf/bg.gif HTTP/1.1" 200 54
114.119.129.97 - - [15/Oct/2023:13:17:08 -0500] "GET /BLA/resoluciones/index.php?dir=AUTOS%2B2008/&sort=date&order=desc HTTP/1.1" 200 13881
186.115.217.123 - - [15/Oct/2023:13:17:12 -0500] "GET /BLA/resoluciones/dlf/dirup.png HTTP/1.1" 200 644
186.115.217.123 - - [15/Oct/2023:13:17:12 -0500] "GET /BLA/resoluciones/dlf/pdf.gif HTTP/1.1" 200 272
186.115.217.123 - - [15/Oct/2023:13:17:12 -0500] "GET /BLA/resoluciones/dlf/archive.png HTTP/1.1" 200 632
186.115.217.123 - - [15/Oct/2023:13:17:11 -0500] "GET /BLA/resoluciones/index.php?dir=AUTOS+2019%2F HTTP/1.1" 200 388964
201.245.192.253 - - [15/Oct/2023:13:17:17 -0500] "POST /kwsrmcab/Wsrmcab  HTTP/1.1" 200 42851
172.22.2.4 - - [15/Oct/2023:13:15:41 -0500] "GET /BLA/boletinlegal/ HTTP/1.1" 200 57802
201.245.192.253 - - [15/Oct/2023:13:17:52 -0500] "POST /kwsrmcab/Wsrmcab HTTP/1.1" 200 39634
201.245.192.253 - - [15/Oct/2023:13:17:54 -0500] "POST /kwsrmcab/Wsrmcab HTTP/1.1" 200 41267
216.244.66.195 - - [15/Oct/2023:13:17:59 -0500] "GET /robots.txt HTTP/1.1" 404 1018
216.245.221.92 - - [15/Oct/2023:13:20:56 -0500] "HEAD / HTTP/1.1" 200 -
66.249.66.20 - - [15/Oct/2023:13:21:09 -0500] "GET /BLA/resoluciones/RESOLUCIONES%202011/6982.pdf HTTP/1.1" 304 -
201.245.192.253 - - [15/Oct/2023:13:22:16 -0500] "POST /kwsrmcab/Wsrmcab  HTTP/1.1" 200 42851
172.22.2.4 - - [15/Oct/2023:13:20:40 -0500] "HEAD /BLA/boletinlegal/ HTTP/1.1" 200 -
34.91.138.52 - - [15/Oct/2023:13:22:31 -0500] "GET /caminatas-ecologicas-un-plan-imperdible-para-octubre.html HTTP/1.1" 200 747
172.22.2.4 - - [15/Oct/2023:13:21:31 -0500] "GET /BLA/boletinlegal/ HTTP/1.1" 200 57802
40.77.167.19 - - [15/Oct/2023:13:25:14 -0500] "GET /Publicaciones/2023EE219321.pdf HTTP/1.1" 404 228
216.245.221.92 - - [15/Oct/2023:13:25:56 -0500] "HEAD / HTTP/1.1" 200 -
157.55.39.60 - - [15/Oct/2023:13:27:05 -0500] "GET /BLA/resoluciones/RESOLUCIONES%202007/RES%202007%203201%20AL%203300/RESOLUCION%203221%20DE%202007.pdf HTTP/1.1" 200 455374
201.245.192.253 - - [15/Oct/2023:13:27:15 -0500] "POST /kwsrmcab/Wsrmcab  HTTP/1.1" 200 42851
207.46.13.154 - - [15/Oct/2023:13:27:32 -0500] "GET /BLA/resoluciones/RESOLUCIONES%202019/3332.pdf HTTP/1.1" 304 -
201.245.192.253 - - [15/Oct/2023:13:27:51 -0500] "POST /kwsrmcab/Wsrmcab HTTP/1.1" 200 39634
201.245.192.253 - - [15/Oct/2023:13:27:54 -0500] "POST /kwsrmcab/Wsrmcab HTTP/1.1" 200 41267
172.22.2.4 - - [15/Oct/2023:13:28:07 -0500] "GET /BLA/boletinlegal/jurisprudencia.php HTTP/1.1" 200 17583
172.22.2.4 - - [15/Oct/2023:13:26:30 -0500] "HEAD /BLA/boletinlegal/ HTTP/1.1" 200 -
172.22.2.4 - - [15/Oct/2023:13:28:28 -0500] "GET /BLA/boletinlegal/js/jquery1.js HTTP/1.1" 200 29846
172.22.2.4 - - [15/Oct/2023:13:28:28 -0500] "GET /BLA/boletinlegal/js/popup.js HTTP/1.1" 200 1270
172.22.2.4 - - [15/Oct/2023:13:28:33 -0500] "GET /BLA/boletinlegal/js/lib.js HTTP/1.1" 200 6474
40.77.167.19 - - [15/Oct/2023:13:28:45 -0500] "GET /BLA/resoluciones/AUTOS%202023/2373.pdf HTTP/1.1" 200 603497
172.22.2.4 - - [15/Oct/2023:13:27:21 -0500] "GET /BLA/boletinlegal/ HTTP/1.1" 200 60175
157.55.39.9 - - [15/Oct/2023:13:29:48 -0500] "GET /portaldeninos/wp-content/uploads/2020/11/La-Vaca-B-133x75.jpg HTTP/1.1" 200 3642
216.245.221.92 - - [15/Oct/2023:13:30:57 -0500] "HEAD / HTTP/1.1" 200 -
201.245.192.253 - - [15/Oct/2023:13:32:14 -0500] "POST /kwsrmcab/Wsrmcab  HTTP/1.1" 200 42851
114.119.128.23 - - [15/Oct/2023:13:33:06 -0500] "GET /portalsiaccapacitaciones/Listas%20de%20Asistencia%202015/L.A-MT11-23Jun2015.pdf HTTP/1.1" 200 796363
172.22.2.4 - - [15/Oct/2023:13:32:20 -0500] "HEAD /BLA/boletinlegal/ HTTP/1.1" 200 -
114.119.135.199 - - [15/Oct/2023:13:34:46 -0500] "GET /BLA/resoluciones/index.php?dir=RESOLUCIONES%2B2019/&sort=name&order=desc HTTP/1.1" 200 13902
172.22.2.4 - - [15/Oct/2023:13:33:11 -0500] "GET /BLA/boletinlegal/ HTTP/1.1" 200 52900
66.249.66.38 - - [15/Oct/2023:13:35:23 -0500] "GET /agendate- HTTP/1.1" 404 1034
216.245.221.92 - - [15/Oct/2023:13:35:56 -0500] "HEAD / HTTP/1.1" 200 -
52.167.144.161 - - [15/Oct/2023:13:36:27 -0500] "GET /BLA/resoluciones/RESOLUCIONES%202015/1851.pdf HTTP/1.1" 200 2506530
114.119.131.231 - - [15/Oct/2023:13:36:42 -0500] "GET /BLA/resoluciones/index.php?dir=Notificaciones/RESOLUCIONES%2B2017/ HTTP/1.1" 200 13965
201.245.192.253 - - [15/Oct/2023:13:37:13 -0500] "POST /kwsrmcab/Wsrmcab  HTTP/1.1" 200 42851
201.245.192.253 - - [15/Oct/2023:13:37:51 -0500] "POST /kwsrmcab/Wsrmcab HTTP/1.1" 200 39634
201.245.192.253 - - [15/Oct/2023:13:37:54 -0500] "POST /kwsrmcab/Wsrmcab HTTP/1.1" 200 41267
172.22.2.4 - - [15/Oct/2023:13:38:46 -0500] "GET /BLA/boletinlegal/robots.txt HTTP/1.1" 404 1037
172.22.2.4 - - [15/Oct/2023:13:38:46 -0500] "GET /BLA/boletinlegal/Circulares/2019/Circular%20No.%200005%20del%2020%20de%20Marzo%20de%202019.pdf HTTP/1.1" 200 159877
181.59.3.244 - - [15/Oct/2023:13:39:02 -0500] "GET /BLA/resoluciones/RESOLUCIONES%202023/0886.pdf HTTP/1.1" 206 1
181.59.3.244 - - [15/Oct/2023:13:39:02 -0500] "GET /BLA/resoluciones/RESOLUCIONES%202023/0886.pdf HTTP/1.1" 206 1082241
172.22.2.4 - - [15/Oct/2023:13:39:22 -0500] "GET /BLA/boletinlegal/consulta_actos.php?tipo=resoluciones&no=&usuario=&sector=&fecha=2022&resuelve= HTTP/1.1" 200 4983283
172.22.2.4 - - [15/Oct/2023:13:38:10 -0500] "HEAD /BLA/boletinlegal/ HTTP/1.1" 200 -
172.22.2.4 - - [15/Oct/2023:13:39:02 -0500] "GET /BLA/boletinlegal/ HTTP/1.1" 200 58622
172.22.2.4 - - [15/Oct/2023:13:40:45 -0500] "GET /BLA/boletinlegal/consulta_actos.php?tipo=resoluciones&no=&usuario=&sector=&fecha=2021&resuelve= HTTP/1.1" 200 2541186
114.119.143.104 - - [15/Oct/2023:13:40:55 -0500] "GET /BLA/resoluciones/index.php?dir=2018/&sort=date&order=asc HTTP/1.1" 200 1608
216.245.221.92 - - [15/Oct/2023:13:40:56 -0500] "HEAD / HTTP/1.1" 200 -
172.22.2.4 - - [15/Oct/2023:13:41:11 -0500] "GET /BLA/boletinlegal/consulta_actos.php?tipo=resoluciones&no=&usuario=&sector=&fecha=2020&resuelve= HTTP/1.1" 200 750278
