172.22.2.4 - - [15/Oct/2023:18:00:41 -0500] "HEAD /BLA/boletinlegal/ HTTP/1.1" 200 -
172.22.2.4 - - [15/Oct/2023:18:01:32 -0500] "GET /BLA/boletinlegal/ HTTP/1.1" 200 58155
40.77.167.50 - - [15/Oct/2023:18:04:19 -0500] "GET /BLA/resoluciones/ HTTP/1.1" 200 13696
172.22.2.4 - - [15/Oct/2023:18:03:26 -0500] "GET /BLA/boletinlegal/index.php HTTP/1.1" 200 62374
216.245.221.92 - - [15/Oct/2023:18:05:55 -0500] "HEAD / HTTP/1.1" 200 -
201.245.192.253 - - [15/Oct/2023:18:06:21 -0500] "POST /kwsrmcab/Wsrmcab  HTTP/1.1" 200 42851
172.22.2.4 - - [15/Oct/2023:18:06:31 -0500] "HEAD /BLA/boletinlegal/ HTTP/1.1" 200 -
172.22.2.4 - - [15/Oct/2023:18:07:22 -0500] "GET /BLA/boletinlegal/ HTTP/1.1" 200 57802
216.245.221.92 - - [15/Oct/2023:18:10:55 -0500] "HEAD / HTTP/1.1" 200 -
172.22.2.4 - - [15/Oct/2023:18:10:58 -0500] "GET /BLA/boletinlegal/jurisprudencia/analisis/Analisis%20jurisprudencial%20Sentencia%20C-366-11.doc HTTP/1.1" 304 -
201.245.192.253 - - [15/Oct/2023:18:11:20 -0500] "POST /kwsrmcab/Wsrmcab  HTTP/1.1" 200 42851
172.22.2.4 - - [15/Oct/2023:18:11:34 -0500] "GET /BLA/boletinlegal/styles2.css HTTP/1.1" 200 1838
172.22.2.4 - - [15/Oct/2023:18:11:34 -0500] "GET /BLA/boletinlegal/js/jquery.js HTTP/1.1" 200 57254
172.22.2.4 - - [15/Oct/2023:18:11:34 -0500] "GET /BLA/boletinlegal/style.css HTTP/1.1" 200 9406
172.22.2.4 - - [15/Oct/2023:18:11:34 -0500] "GET /BLA/boletinlegal/js/jquery.scrollTo-min.js HTTP/1.1" 200 1150
172.22.2.4 - - [15/Oct/2023:18:11:34 -0500] "GET /BLA/boletinlegal/js/jquery.scrollShow.js HTTP/1.1" 200 4586
114.119.151.103 - - [15/Oct/2023:18:12:01 -0500] "GET /BLA/resoluciones/index.php?dir=RESOLUCIONES%2B2015/&sort=name&order=desc HTTP/1.1" 200 13902
114.119.158.220 - - [15/Oct/2023:18:12:26 -0500] "GET /BLA/resoluciones/index.php?dir=RESOLUCIONES%2B2013/&sort=size&order=desc HTTP/1.1" 200 13902
172.22.2.4 - - [15/Oct/2023:18:11:34 -0500] "GET /BLA/boletinlegal/ HTTP/1.1" 200 59813
172.22.2.4 - - [15/Oct/2023:18:12:21 -0500] "HEAD /BLA/boletinlegal/ HTTP/1.1" 200 -
172.22.2.4 - - [15/Oct/2023:18:13:12 -0500] "GET /BLA/boletinlegal/ HTTP/1.1" 200 58155
114.119.142.72 - - [15/Oct/2023:18:14:54 -0500] "GET /portalsiaccapacitaciones/Soportes%20Capacitaciones%202017/Presentacin%20Gestin%20Integral%20de%20Residuos.pdf HTTP/1.1" 404 1272
114.119.151.64 - - [15/Oct/2023:18:15:11 -0500] "GET /BLA/resoluciones/index.php?dir=RESOLUCIONES%2B2013/&sort=size&order=desc HTTP/1.1" 200 13902
216.245.221.92 - - [15/Oct/2023:18:15:55 -0500] "HEAD / HTTP/1.1" 200 -
201.245.192.253 - - [15/Oct/2023:18:16:19 -0500] "POST /kwsrmcab/Wsrmcab  HTTP/1.1" 200 42851
114.119.165.226 - - [15/Oct/2023:18:17:25 -0500] "GET /portalsiaccapacitaciones/Listas%20de%20Asistencia%202015/Asistencia%2019_11_15.pdf HTTP/1.1" 200 424643
201.245.192.253 - - [15/Oct/2023:18:17:50 -0500] "POST /kwsrmcab/Wsrmcab HTTP/1.1" 200 40997
201.245.192.253 - - [15/Oct/2023:18:17:53 -0500] "POST /kwsrmcab/Wsrmcab HTTP/1.1" 200 41274
114.119.156.119 - - [15/Oct/2023:18:18:24 -0500] "GET /BLA/resoluciones/index.php?dir=RESOLUCIONES%2B1998/&sort=date&order=desc HTTP/1.1" 200 13902
186.84.89.240 - - [15/Oct/2023:18:19:15 -0500] "GET /forest/ HTTP/1.1" 200 12041
186.84.89.240 - - [15/Oct/2023:18:19:40 -0500] "POST /forest/index.php HTTP/1.1" 200 12268
172.22.2.4 - - [15/Oct/2023:18:18:11 -0500] "HEAD /BLA/boletinlegal/ HTTP/1.1" 200 -
172.22.2.4 - - [15/Oct/2023:18:19:00 -0500] "GET /BLA/boletinlegal/ HTTP/1.1" 200 24523
172.22.2.4 - - [15/Oct/2023:18:19:02 -0500] "GET /BLA/boletinlegal/ HTTP/1.1" 200 51009
114.119.133.126 - - [15/Oct/2023:18:20:54 -0500] "GET /BLA/resoluciones/index.php?dir=Notificaciones/RESOLUCIONES%2B2022/&sort=size&order=asc HTTP/1.1" 200 13965
216.245.221.92 - - [15/Oct/2023:18:20:55 -0500] "HEAD / HTTP/1.1" 200 -
66.249.66.11 - - [15/Oct/2023:18:21:19 -0500] "GET /BLA/boletinlegal/style.css HTTP/1.1" 200 9406
201.245.192.253 - - [15/Oct/2023:18:21:17 -0500] "POST /kwsrmcab/Wsrmcab  HTTP/1.1" 200 42851
114.119.148.154 - - [15/Oct/2023:18:22:31 -0500] "GET /BLA/resoluciones/index.php?dir=Notificaciones/&sort=name&order=desc HTTP/1.1" 200 11649
114.119.135.169 - - [15/Oct/2023:18:24:15 -0500] "GET /BLA/resoluciones/index.php?dir=AUTOS%2B2016/&sort=size&order=desc HTTP/1.1" 200 13881
114.119.137.85 - - [15/Oct/2023:18:25:16 -0500] "GET /BLA/resoluciones/index.php?dir&sort=size&order=asc HTTP/1.1" 200 13696
172.22.2.4 - - [15/Oct/2023:18:24:01 -0500] "HEAD /BLA/boletinlegal/ HTTP/1.1" 200 -
216.245.221.92 - - [15/Oct/2023:18:25:55 -0500] "HEAD / HTTP/1.1" 200 -
152.203.174.181 - - [15/Oct/2023:18:26:08 -0500] "GET /BLA/resoluciones/RESOLUCIONES%202016/0311.pdf HTTP/1.1" 200 917715
201.245.192.253 - - [15/Oct/2023:18:26:16 -0500] "POST /kwsrmcab/Wsrmcab  HTTP/1.1" 200 42851
172.22.2.4 - - [15/Oct/2023:18:26:24 -0500] "GET /BLA/boletinlegal/conceptos.php HTTP/1.1" 200 7496
172.22.2.4 - - [15/Oct/2023:18:24:52 -0500] "GET /BLA/boletinlegal/ HTTP/1.1" 200 56676
172.22.2.4 - - [15/Oct/2023:18:26:39 -0500] "GET /BLA/boletinlegal/consulta_conceptos.php?no=&solicitante=&radicado_entrada=&fecha_concepto=2010&objeto=prorroga HTTP/1.1" 200 570
172.22.2.4 - - [15/Oct/2023:18:26:46 -0500] "GET /BLA/boletinlegal/consulta_conceptos.php?no=&solicitante=&radicado_entrada=&fecha_concepto=2010&objeto=prorroga%20del%20registro HTTP/1.1" 200 570
172.22.2.4 - - [15/Oct/2023:18:26:48 -0500] "GET /BLA/boletinlegal/consulta_conceptos.php?no=&solicitante=&radicado_entrada=&fecha_concepto=2011&objeto=prorroga%20del%20registro HTTP/1.1" 200 570
172.22.2.4 - - [15/Oct/2023:18:26:50 -0500] "GET /BLA/boletinlegal/consulta_conceptos.php?no=&solicitante=&radicado_entrada=&fecha_concepto=2012&objeto=prorroga%20del%20registro HTTP/1.1" 200 570
172.22.2.4 - - [15/Oct/2023:18:26:52 -0500] "GET /BLA/boletinlegal/consulta_conceptos.php?no=&solicitante=&radicado_entrada=&fecha_concepto=2013&objeto=prorroga%20del%20registro HTTP/1.1" 200 570
172.22.2.4 - - [15/Oct/2023:18:26:55 -0500] "GET /BLA/boletinlegal/consulta_conceptos.php?no=&solicitante=&radicado_entrada=&fecha_concepto=2014&objeto=prorroga%20del%20registro HTTP/1.1" 200 570
172.22.2.4 - - [15/Oct/2023:18:26:59 -0500] "GET /BLA/boletinlegal/consulta_conceptos.php?no=&solicitante=&radicado_entrada=&fecha_concepto=2015&objeto=prorroga%20del%20registro HTTP/1.1" 200 570
172.22.2.4 - - [15/Oct/2023:18:27:01 -0500] "GET /BLA/boletinlegal/consulta_conceptos.php?no=&solicitante=&radicado_entrada=&fecha_concepto=2016&objeto=prorroga%20del%20registro HTTP/1.1" 200 570
172.22.2.4 - - [15/Oct/2023:18:27:04 -0500] "GET /BLA/boletinlegal/consulta_conceptos.php?no=&solicitante=&radicado_entrada=&fecha_concepto=2017&objeto=prorroga%20del%20registro HTTP/1.1" 200 570
157.55.39.60 - - [15/Oct/2023:18:27:05 -0500] "GET /BLA/resoluciones/RESOLUCIONES%202007/RES%202007%203201%20AL%203300/RESOLUCION%203211%20%20DE%202007.pdf HTTP/1.1" 200 1336310
172.22.2.4 - - [15/Oct/2023:18:27:11 -0500] "GET /BLA/boletinlegal/consulta_conceptos.php?no=&solicitante=&radicado_entrada=&fecha_concepto=2017&objeto=registro%20de%20publicidad HTTP/1.1" 200 570
172.22.2.4 - - [15/Oct/2023:18:27:12 -0500] "GET /BLA/boletinlegal/consulta_conceptos.php?no=&solicitante=&radicado_entrada=&fecha_concepto=2010&objeto=registro%20de%20publicidad HTTP/1.1" 200 570
172.22.2.4 - - [15/Oct/2023:18:27:15 -0500] "GET /BLA/boletinlegal/consulta_conceptos.php?no=&solicitante=&radicado_entrada=&fecha_concepto=2011&objeto=registro%20de%20publicidad HTTP/1.1" 200 998
114.119.130.167 - - [15/Oct/2023:18:27:22 -0500] "GET /BLA/resoluciones/RESOLUCIONES%202010/7795.pdf HTTP/1.1" 200 1162469
172.22.2.4 - - [15/Oct/2023:18:27:23 -0500] "GET /BLA/boletinlegal/consulta_conceptos.php?no=&solicitante=&radicado_entrada=&fecha_concepto=2012&objeto=registro%20de%20publicidad HTTP/1.1" 200 900
172.22.2.4 - - [15/Oct/2023:18:27:28 -0500] "GET /BLA/boletinlegal/conceptos/2012/72.pdf HTTP/1.1" 200 2791598
186.102.56.114 - - [15/Oct/2023:18:27:31 -0500] "GET /kwssiamovil/sm/ldap/au?x=U2FsdGVkX180LjnPuRaM+ww9yBp9qexa4GVozpJ1Kz5sQL7D+d6qu5UQ0Sxx1s6d&y=U2FsdGVkX18aI36NqLvLOgzWr9Sjzl6FGRPYY2FcRy68AREE0pNRgHQCnKOPNd4y HTTP/1.1" 200 30
186.102.56.114 - - [15/Oct/2023:18:27:31 -0500] "GET /kwssiamovil/sm/acme/s?s=U2FsdGVkX1/cFmV2mv3sLAue8x+k7c65omLVTBXY7iFeLNya7OhGpqUN52r9AkizMQE1ixxtTPDXNqT4LNfMPegSiscdlHnakebcCln+nL4=&u=U2FsdGVkX19ak0olfROPDk69T/OEhaeOhHuBN0un4P0=&y=U2FsdGVkX18aI36NqLvLOgzWr9Sjzl6FGRPYY2FcRy68AREE0pNRgHQCnKOPNd4y HTTP/1.1" 200 97
186.102.56.114 - - [15/Oct/2023:18:27:31 -0500] "GET /kwssiamovil/sm/acme/s?s=U2FsdGVkX18EhqoCY4icwQG/bPQzexvZgN/0KOmg8V8I8d6kaLgDBKKtOvb6Dp6yz5T4hZt5BQ1pNbArw7si9Ig6R9mq4n5vmztQu/n8swuIoluHWW6R2U/9EMc7PGFL7RYFrFOpgPU+m8U51bZuJJokuEOFZxYxsv0NoG9Y9Uo9gWXsbkdb4KK34JctuMyreINkM+3WEWD4btgjNtm20kqB36QWReg6aSrR4+v4TwdzcsDR4xxRL1uo4T6LuNWOhshkZr5o1Qu7JlvXfw6CZdh8/MUbiZA0i8NPv8Ua7tKhkejheA1yehGcTtPHMKqWTZBwjXeZZgTsAcjky5hThZovs16TXkbDuMaAHqXLJ+YiSMUBYlwt9BU3tzEpE1Kln0whp1ZDmYmzj9utAy+P3VjqPFGs8u1ZWzlPzWGcfOc+po1WqhS0IFXQL4uDDQcuhD7UQvDRlNdQTyWIEIZwsH0VZ5wIP37/yDKqdpDbJpCNmN0a7gpO9kcJpilLiUX7oXrX686RpXkzCbJNN5V3vdfNFMDYCxcqOqzfcp+VTZtPmevGYJiqCdDSJvJgtGVlOxY7c3CSG32vNYkOKQbJFd3cHZWUm+4BS+69+hSsXfuBtMldQ+QY1XGNdQnHU59SnOCap0kSiiedW08ld/vIlurSmoJhj2qOFONERV9ogsqyeJeIWG9975szD37AH0h9ORUVPwjrUeTKQbv3pHLX/yoPg+xHfRdCpbfaOS6dNQwZeHn8K6mziGB6Io74ctztsKNyoX0GIAM9O3AgftfksQW4E0JQnUWWwceBy7rCQlOvj22E6xsjXCUmzJZuBliWrkEVXph+e+3rizk9HguKEql0CFpDJ90aOZw3Ye8kIbnrWNOKkUE2UQc9euKcHEo+Ls3sfUmFZk4O5IXly1n1pC63xsrgYZmfwj3GYa6EQmmS2NYyBtftgEudandZvIki97DUyFxIVmgefnoYeUtwp4HjGtnaD79+9ATct2VljRcDmd1wPNuBElZUhn+oycPijA6tOAZMu7aa3hXLICvsb/IicVbGlByCrrKQ14bw4DxvZbBnfkyMVstP1szXfhcqFuKzr4GsO9+x7pxesOrZGHdXFxxIVlZ8+ul0gG5SjMAOv2J0lwpnyZ8OGQ5zBHyOy9V7G3cDg7rl+QxX1CZCLmjxO4kHesPvkL01aZRLBfdpsKS64324EWmVqQiHAhJuGEOSSCJ15Pv3yDpYAfYbxVRmmeXpUo055R42XMlb30tyJZgHc5EwHeM4pVWVHxP1AkjGefcTv9qzkDmyFq77Juz2tsh7Qr2EE63nKC2KuRGX5t8HK7ZvG/4eB8JDQ1tgDScZ+3XxzOg3Lns/WOyOBQXM2SE1B1Xmi1xNaBzqpy8hMj9AxS2GlAVwhvdOLkxL59mfU1Z1qKhuJANzYXWA4+hperHdtKBecyg4lO29Bj0/hAmUWBXOn1+6fUt4x4SY2VZ6x7S20/XHd8I7h39ITwez4QXgWBWrS0X2ZpcAwAKrLZrEbiXB68EzQcj5NCzCw13MJ4envHUj1jnNXckhWMdeS/ychKqhptLnwcJxWI9SaGmaKUdhe8pJzGHyuK23Waw2IILdUL3mz7oZxD+dwQhCwVnUeRobvBPPn/kxnnDROYPhJBachgmESSGl2qS1YlAVvOmCqndQFOUmSt1OY1KZbfdqVDYNKlcEcZaDVb6DXa/vq/tuzZD2Kk6n/6ZKTb/57oGixJ5N+0V1p4f7EwiIfBt3caR2Ars9kIpti5k=&u=U2FsdGVkX19ak0olfROPDk69T/OEhaeOhHuBN0un4P0=&y=U2FsdGVkX18aI36NqLvLOgzWr9Sjzl6FGRPYY2FcRy68AREE0pNRgHQCnKOPNd4y HTTP/1.1" 200 721
186.102.56.114 - - [15/Oct/2023:18:27:31 -0500] "GET /kwssiamovil/sm/acme/s?s=U2FsdGVkX1/8joXi7h2hfG2JJnAjGwIFnn6RfVvcIhQWDcdxkvH3FzGVI0+Fwhmwi1rNNLMaC9tKm8B7UHwc9MuzzNLZhJa6WZ1vlZzfVpxJBx2kLy3z/K3skrt6fp6eNX7546mmv/UUOCjv4O1Yr54jB7fthSbqumqZ5WyOE+ky9jxGn2MMX1w5mHHzWS6Hyqxr+NNgNN7QCJ31NAewaCz6Hw6rgL8EVJj1n7fp2wXiDDYcfG8YXyfDHaY3u8nuRT3mPWewU6aIhiAKlFtHYjYDBcilonC1psBUFwXKSwT4T9/gJ+X9QNyxP87JP2tOYLXYuC5VM2eTL53HyX5uVEPujoSJUmAcpDv3sZEfljC32dn/OTUc1S1kt6vK1a/Svj8sjt/tOdtcIuHbB2xmuJqo+ij6GBxBz6iCJizu2Fdrf5Y9IujdMK5Xd4Xl7YPZV4dWeZef+Fs47x5gPmtl5z2bqN6ovccXLFTs9mMlZW/Wiiae6gzaq+a96bzt48NEdptyMAy6+A+EZ8PpwK58OAuiTH0xFzWNGK9OELHxfSOoqW208TZLdiIa5g3UDAKW6NsBexXs2oRrZzuRtRQ4f1LfkGqLmk69ITzx5oRFJXzvUs2mljISGvFFlEikeSPgzX0VmGOZwQ0f3p0sBfbaYJ6KKSxrm44Ybp9OeNhLZ7imwZVteX2sjIiChE+bUenNvkVo5n4ezfrnX5dn7z62e3qMTGwKCV+b8Heyxhyv3tZPgWnXr1qW1zdxH4EcAITI&u=U2FsdGVkX19ak0olfROPDk69T/OEhaeOhHuBN0un4P0=&y=U2FsdGVkX18aI36NqLvLOgzWr9Sjzl6FGRPYY2FcRy68AREE0pNRgHQCnKOPNd4y HTTP/1.1" 200 208
172.22.2.4 - - [15/Oct/2023:18:27:31 -0500] "GET /BLA/boletinlegal/consulta_conceptos.php?no=&solicitante=&radicado_entrada=&fecha_concepto=2013&objeto=registro%20de%20publicidad HTTP/1.1" 200 916
172.22.2.4 - - [15/Oct/2023:18:27:32 -0500] "GET /BLA/boletinlegal/consulta_conceptos.php?no=&solicitante=&radicado_entrada=&fecha_concepto=2013&objeto=registro%20de%20publicidad HTTP/1.1" 200 916
186.102.56.114 - - [15/Oct/2023:18:27:32 -0500] "GET /kwssiamovil/sm/cjson/pre?f=1&x=U2FsdGVkX180LjnPuRaM+ww9yBp9qexa4GVozpJ1Kz5sQL7D+d6qu5UQ0Sxx1s6d HTTP/1.1" 200 31032
172.22.2.4 - - [15/Oct/2023:18:27:35 -0500] "GET /BLA/boletinlegal/consulta_conceptos.php?no=&solicitante=&radicado_entrada=&fecha_concepto=2014&objeto=registro%20de%20publicidad HTTP/1.1" 200 570
172.22.2.4 - - [15/Oct/2023:18:27:38 -0500] "GET /BLA/boletinlegal/consulta_conceptos.php?no=&solicitante=&radicado_entrada=&fecha_concepto=2015&objeto=registro%20de%20publicidad HTTP/1.1" 200 570
172.22.2.4 - - [15/Oct/2023:18:27:42 -0500] "GET /BLA/boletinlegal/consulta_conceptos.php?no=&solicitante=&radicado_entrada=&fecha_concepto=2016&objeto=registro%20de%20publicidad HTTP/1.1" 200 570
172.22.2.4 - - [15/Oct/2023:18:27:42 -0500] "GET /BLA/boletinlegal/consulta_conceptos.php?no=&solicitante=&radicado_entrada=&fecha_concepto=2016&objeto=registro%20de%20publicidad HTTP/1.1" 200 570
172.22.2.4 - - [15/Oct/2023:18:27:45 -0500] "GET /BLA/boletinlegal/consulta_conceptos.php?no=&solicitante=&radicado_entrada=&fecha_concepto=2017&objeto=registro%20de%20publicidad HTTP/1.1" 200 570
172.22.2.4 - - [15/Oct/2023:18:27:48 -0500] "GET /BLA/boletinlegal/consulta_conceptos.php?no=&solicitante=&radicado_entrada=&fecha_concepto=2018&objeto=registro%20de%20publicidad HTTP/1.1" 200 570
172.22.2.4 - - [15/Oct/2023:18:27:49 -0500] "GET /BLA/boletinlegal/consulta_conceptos.php?no=&solicitante=&radicado_entrada=&fecha_concepto=2019&objeto=registro%20de%20publicidad HTTP/1.1" 200 570
172.22.2.4 - - [15/Oct/2023:18:27:51 -0500] "GET /BLA/boletinlegal/consulta_conceptos.php?no=&solicitante=&radicado_entrada=&fecha_concepto=2020&objeto=registro%20de%20publicidad HTTP/1.1" 200 570
201.245.192.253 - - [15/Oct/2023:18:27:50 -0500] "POST /kwsrmcab/Wsrmcab HTTP/1.1" 200 40997
201.245.192.253 - - [15/Oct/2023:18:27:53 -0500] "POST /kwsrmcab/Wsrmcab HTTP/1.1" 200 41274
35.204.41.171 - - [15/Oct/2023:18:28:04 -0500] "GET /caminatas-ecologicas-un-plan-imperdible-para-octubre.html HTTP/1.1" 200 747
114.119.136.139 - - [15/Oct/2023:18:28:12 -0500] "GET /BLA/resoluciones/index.php?dir=Notificaciones/AUTOS%2B2018/&sort=size&order=asc HTTP/1.1" 200 13944
172.22.2.4 - - [15/Oct/2023:18:28:26 -0500] "GET /BLA/boletinlegal/actos.php HTTP/1.1" 200 9682
172.22.2.4 - - [15/Oct/2023:18:28:37 -0500] "GET /BLA/boletinlegal/consulta_actos.php?tipo=autos&no=&usuario=&sector=&fecha=2023&resuelve=prorroga%20extemporanea HTTP/1.1" 200 626
172.22.2.4 - - [15/Oct/2023:18:28:43 -0500] "GET /BLA/boletinlegal/consulta_actos.php?tipo=autos&no=&usuario=&sector=&fecha=2022&resuelve=prorroga%20extemporanea HTTP/1.1" 200 626
172.22.2.4 - - [15/Oct/2023:18:28:46 -0500] "GET /BLA/boletinlegal/consulta_actos.php?tipo=autos&no=&usuario=&sector=&fecha=2021&resuelve=prorroga%20extemporanea HTTP/1.1" 200 626
172.22.2.4 - - [15/Oct/2023:18:28:49 -0500] "GET /BLA/boletinlegal/consulta_actos.php?tipo=autos&no=&usuario=&sector=&fecha=2020&resuelve=prorroga%20extemporanea HTTP/1.1" 200 626
172.22.2.4 - - [15/Oct/2023:18:28:52 -0500] "GET /BLA/boletinlegal/consulta_actos.php?tipo=autos&no=&usuario=&sector=&fecha=2019&resuelve=prorroga%20extemporanea HTTP/1.1" 200 626
172.22.2.4 - - [15/Oct/2023:18:28:54 -0500] "GET /BLA/boletinlegal/consulta_actos.php?tipo=autos&no=&usuario=&sector=&fecha=2018&resuelve=prorroga%20extemporanea HTTP/1.1" 200 626
172.22.2.4 - - [15/Oct/2023:18:28:56 -0500] "GET /BLA/boletinlegal/consulta_actos.php?tipo=autos&no=&usuario=&sector=&fecha=2017&resuelve=prorroga%20extemporanea HTTP/1.1" 200 626
172.22.2.4 - - [15/Oct/2023:18:28:58 -0500] "GET /BLA/boletinlegal/consulta_actos.php?tipo=autos&no=&usuario=&sector=&fecha=2016&resuelve=prorroga%20extemporanea HTTP/1.1" 200 626
172.22.2.4 - - [15/Oct/2023:18:29:00 -0500] "GET /BLA/boletinlegal/consulta_actos.php?tipo=autos&no=&usuario=&sector=&fecha=2015&resuelve=prorroga%20extemporanea HTTP/1.1" 200 626
172.22.2.4 - - [15/Oct/2023:18:29:01 -0500] "GET /BLA/boletinlegal/consulta_actos.php?tipo=autos&no=&usuario=&sector=&fecha=2014&resuelve=prorroga%20extemporanea HTTP/1.1" 200 626
172.22.2.4 - - [15/Oct/2023:18:29:03 -0500] "GET /BLA/boletinlegal/consulta_actos.php?tipo=autos&no=&usuario=&sector=&fecha=2013&resuelve=prorroga%20extemporanea HTTP/1.1" 200 626
172.22.2.4 - - [15/Oct/2023:18:29:06 -0500] "GET /BLA/boletinlegal/consulta_actos.php?tipo=autos&no=&usuario=&sector=&fecha=2012&resuelve=prorroga%20extemporanea HTTP/1.1" 200 626
172.22.2.4 - - [15/Oct/2023:18:29:18 -0500] "GET /BLA/boletinlegal/consulta_actos.php?tipo=resoluciones&no=&usuario=&sector=&fecha=2010&resuelve=registro%20de%20publicidad HTTP/1.1" 200 1058281
172.22.2.4 - - [15/Oct/2023:18:29:19 -0500] "GET /BLA/boletinlegal/images/background.gif HTTP/1.1" 200 -
172.22.2.4 - - [15/Oct/2023:18:29:52 -0500] "GET /BLA/boletinlegal/consulta_actos.php?tipo=resoluciones&no=&usuario=&sector=&fecha=2011&resuelve=niega%20una%20prorroga%20de%20registro HTTP/1.1" 200 626
172.22.2.4 - - [15/Oct/2023:18:29:57 -0500] "GET /BLA/boletinlegal/consulta_actos.php?tipo=resoluciones&no=&usuario=&sector=&fecha=2012&resuelve=niega%20una%20prorroga%20de%20registro HTTP/1.1" 200 626
172.22.2.4 - - [15/Oct/2023:18:29:59 -0500] "GET /BLA/boletinlegal/consulta_actos.php?tipo=resoluciones&no=&usuario=&sector=&fecha=2014&resuelve=niega%20una%20prorroga%20de%20registro HTTP/1.1" 200 626
172.22.2.4 - - [15/Oct/2023:18:30:04 -0500] "GET /BLA/boletinlegal/consulta_actos.php?tipo=resoluciones&no=&usuario=&sector=&fecha=2015&resuelve=niega%20una%20prorroga%20de%20registro HTTP/1.1" 200 626
172.22.2.4 - - [15/Oct/2023:18:30:06 -0500] "GET /BLA/boletinlegal/consulta_actos.php?tipo=resoluciones&no=&usuario=&sector=&fecha=2015&resuelve=prorroga%20de%20registro HTTP/1.1" 200 626
172.22.2.4 - - [15/Oct/2023:18:30:08 -0500] "GET /BLA/boletinlegal/consulta_actos.php?tipo=resoluciones&no=&usuario=&sector=&fecha=2015&resuelve=prorroga%20de%20registro HTTP/1.1" 200 626
172.22.2.4 - - [15/Oct/2023:18:30:10 -0500] "GET /BLA/boletinlegal/consulta_actos.php?tipo=resoluciones&no=&usuario=&sector=&fecha=2012&resuelve=prorroga%20de%20registro HTTP/1.1" 200 626
172.22.2.4 - - [15/Oct/2023:18:30:12 -0500] "GET /BLA/boletinlegal/consulta_actos.php?tipo=resoluciones&no=&usuario=&sector=&fecha=2015&resuelve=prorroga%20de%20registro HTTP/1.1" 200 626
172.22.2.4 - - [15/Oct/2023:18:30:21 -0500] "GET /BLA/boletinlegal/consulta_actos.php?tipo=resoluciones&no=&usuario=&sector=&fecha=2017&resuelve=registro%20de%20publicidad HTTP/1.1" 200 71633
152.203.174.181 - - [15/Oct/2023:18:30:45 -0500] "GET /BLA/resoluciones/RESOLUCIONES%202017/2513.pdf HTTP/1.1" 200 364624
216.245.221.92 - - [15/Oct/2023:18:30:55 -0500] "HEAD / HTTP/1.1" 200 -
207.46.13.92 - - [15/Oct/2023:18:31:04 -0500] "GET /forest/ HTTP/1.1" 200 12041
201.245.192.253 - - [15/Oct/2023:18:31:16 -0500] "POST /kwsrmcab/Wsrmcab  HTTP/1.1" 200 42851
172.22.2.4 - - [15/Oct/2023:18:29:51 -0500] "HEAD /BLA/boletinlegal/ HTTP/1.1" 200 -
152.203.174.181 - - [15/Oct/2023:18:31:38 -0500] "GET /BLA/resoluciones/RESOLUCIONES%202017/1246.pdf HTTP/1.1" 200 370005
152.203.174.181 - - [15/Oct/2023:18:31:52 -0500] "GET /BLA/resoluciones/RESOLUCIONES%202017/0956.pdf HTTP/1.1" 200 1166481
152.203.174.181 - - [15/Oct/2023:18:32:20 -0500] "GET /BLA/resoluciones/RESOLUCIONES%202017/0892.pdf HTTP/1.1" 200 333960
172.22.2.4 - - [15/Oct/2023:18:30:42 -0500] "GET /BLA/boletinlegal/ HTTP/1.1" 200 58155
152.203.174.181 - - [15/Oct/2023:18:32:40 -0500] "GET /BLA/resoluciones/RESOLUCIONES%202017/0720.pdf HTTP/1.1" 200 329999
172.22.2.4 - - [15/Oct/2023:18:32:48 -0500] "GET /BLA/boletinlegal/ HTTP/1.1" 200 20427
172.22.2.4 - - [15/Oct/2023:18:34:40 -0500] "POST /BLA/boletinlegal/sdk HTTP/1.1" 404 1018
172.22.2.4 - - [15/Oct/2023:18:34:43 -0500] "GET /BLA/boletinlegal/nmaplowercheck1697412836 HTTP/1.1" 404 1018
172.22.2.4 - - [15/Oct/2023:18:34:43 -0500] "GET /BLA/boletinlegal/HNAP1 HTTP/1.1" 404 1018
172.22.2.4 - - [15/Oct/2023:18:34:43 -0500] "GET /BLA/boletinlegal/evox/about HTTP/1.1" 404 1018
172.22.2.4 - - [15/Oct/2023:18:33:21 -0500] "GET /BLA/boletinlegal/ HTTP/1.1" 200 57802
45.171.182.144 - - [15/Oct/2023:18:35:20 -0500] "GET /BLA/boletinlegal/actos.php HTTP/1.1" 200 9682
45.171.182.144 - - [15/Oct/2023:18:35:20 -0500] "GET /apple-touch-icon-120x120-precomposed.png HTTP/1.1" 404 1120
45.171.182.144 - - [15/Oct/2023:18:35:20 -0500] "GET /apple-touch-icon-120x120.png HTTP/1.1" 404 1120
45.171.182.144 - - [15/Oct/2023:18:35:20 -0500] "GET /apple-touch-icon-precomposed.png HTTP/1.1" 404 1120
45.171.182.144 - - [15/Oct/2023:18:35:20 -0500] "GET /apple-touch-icon.png HTTP/1.1" 404 1120
45.171.182.144 - - [15/Oct/2023:18:35:20 -0500] "GET /favicon.ico HTTP/1.1" 200 7782
172.22.2.4 - - [15/Oct/2023:18:34:42 -0500] "GET /BLA/boletinlegal/ HTTP/1.1" 200 20427
172.22.2.4 - - [15/Oct/2023:18:34:43 -0500] "GET /BLA/boletinlegal/ HTTP/1.1" 200 20427
172.22.2.4 - - [15/Oct/2023:18:34:47 -0500] "GET /BLA/boletinlegal/ HTTP/1.1" 200 24523
216.245.221.92 - - [15/Oct/2023:18:35:55 -0500] "HEAD / HTTP/1.1" 200 -
201.245.192.253 - - [15/Oct/2023:18:36:15 -0500] "POST /kwsrmcab/Wsrmcab  HTTP/1.1" 200 42851
172.22.2.4 - - [15/Oct/2023:18:34:40 -0500] "HEAD /BLA/boletinlegal/ HTTP/1.1" 200 -
172.22.2.4 - - [15/Oct/2023:18:37:18 -0500] "GET /BLA/boletinlegal/Circulares/2019/.pdf HTTP/1.1" 404 1218
172.22.2.4 - - [15/Oct/2023:18:35:41 -0500] "HEAD /BLA/boletinlegal/ HTTP/1.1" 200 -
172.22.2.4 - - [15/Oct/2023:18:37:26 -0500] "GET /BLA/boletinlegal/Circulares/023%09/CIRCULAR%20No.%2000010%20DEL%2010%20DE%20OCTUBRE%20DEL%202023%09.pdf HTTP/1.1" 403 1026
172.22.2.4 - - [15/Oct/2023:18:37:28 -0500] "GET /BLA/boletinlegal/Circulares/023%09/CIRCULAR%20No.%2000009%20DEL%2010%20DE%20OCTUBRE%20DEL%202023%09.pdf HTTP/1.1" 403 1026
172.22.2.4 - - [15/Oct/2023:18:37:30 -0500] "GET /BLA/boletinlegal/Circulares/023%09/CIRCULAR%20No.%2000010%20DEL%2010%20DE%20OCTUBRE%20DEL%202023%09.pdf HTTP/1.1" 403 1026
172.22.2.4 - - [15/Oct/2023:18:37:31 -0500] "GET /BLA/boletinlegal/Circulares/023%09/CIRCULAR%20No.%2000009%20DEL%2010%20DE%20OCTUBRE%20DEL%202023%09.pdf HTTP/1.1" 403 1026
172.22.2.4 - - [15/Oct/2023:18:37:35 -0500] "GET /BLA/boletinlegal/Circulares/023%09/CIRCULAR%20No.%2000010%20DEL%2010%20DE%20OCTUBRE%20DEL%202023%09.pdf HTTP/1.1" 403 1026
172.22.2.4 - - [15/Oct/2023:18:37:37 -0500] "GET /BLA/boletinlegal/Circulares/023%09/CIRCULAR%20No.%2000009%20DEL%2010%20DE%20OCTUBRE%20DEL%202023%09.pdf HTTP/1.1" 403 1026
172.22.2.4 - - [15/Oct/2023:18:37:40 -0500] "GET /BLA/boletinlegal/Circulares/023%09/CIRCULAR%20No.%2000010%20DEL%2010%20DE%20OCTUBRE%20DEL%202023%09.pdf HTTP/1.1" 403 1026
172.22.2.4 - - [15/Oct/2023:18:37:41 -0500] "GET /BLA/boletinlegal/Circulares/023%09/CIRCULAR%20No.%2000009%20DEL%2010%20DE%20OCTUBRE%20DEL%202023%09.pdf HTTP/1.1" 403 1026
172.22.2.4 - - [15/Oct/2023:18:37:45 -0500] "GET /BLA/boletinlegal/Circulares/023%09/CIRCULAR%20No.%2000010%20DEL%2010%20DE%20OCTUBRE%20DEL%202023%09.pdf HTTP/1.1" 403 1026
172.22.2.4 - - [15/Oct/2023:18:37:47 -0500] "GET /BLA/boletinlegal/Circulares/023%09/CIRCULAR%20No.%2000009%20DEL%2010%20DE%20OCTUBRE%20DEL%202023%09.pdf HTTP/1.1" 403 1026
201.245.192.253 - - [15/Oct/2023:18:37:50 -0500] "POST /kwsrmcab/Wsrmcab HTTP/1.1" 200 40997
201.245.192.253 - - [15/Oct/2023:18:37:53 -0500] "POST /kwsrmcab/Wsrmcab HTTP/1.1" 200 41274
172.22.2.4 - - [15/Oct/2023:18:36:32 -0500] "GET /BLA/boletinlegal/ HTTP/1.1" 200 57802
216.244.66.195 - - [15/Oct/2023:18:38:51 -0500] "GET /robots.txt HTTP/1.1" 404 1018
66.249.66.21 - - [15/Oct/2023:18:40:37 -0500] "GET /favicon.ico HTTP/1.1" 200 7782
190.25.68.92 - - [15/Oct/2023:18:40:51 -0500] "GET /forest/ HTTP/1.1" 200 12041
216.245.221.92 - - [15/Oct/2023:18:40:55 -0500] "HEAD / HTTP/1.1" 200 -
190.25.68.92 - - [15/Oct/2023:18:41:00 -0500] "POST /forest/index.php HTTP/1.1" 200 12268
201.245.192.253 - - [15/Oct/2023:18:41:14 -0500] "POST /kwsrmcab/Wsrmcab  HTTP/1.1" 200 42851
172.22.2.4 - - [15/Oct/2023:18:41:31 -0500] "HEAD /BLA/boletinlegal/ HTTP/1.1" 200 -
172.22.2.4 - - [15/Oct/2023:18:42:22 -0500] "GET /BLA/boletinlegal/ HTTP/1.1" 200 57802
172.22.2.4 - - [15/Oct/2023:18:45:32 -0500] "GET /BLA/boletinlegal/consulta_actos.php?tipo=resoluciones&no=&usuario=&sector=&fecha=2017&resuelve=extemporanea HTTP/1.1" 200 626
190.25.68.92 - - [15/Oct/2023:18:45:36 -0500] "GET /forest/ HTTP/1.1" 200 12041
172.22.2.4 - - [15/Oct/2023:18:45:36 -0500] "GET /BLA/boletinlegal/consulta_actos.php?tipo=resoluciones&no=&usuario=&sector=&fecha=2016&resuelve=extemporanea HTTP/1.1" 200 626
172.22.2.4 - - [15/Oct/2023:18:45:38 -0500] "GET /BLA/boletinlegal/consulta_actos.php?tipo=resoluciones&no=&usuario=&sector=&fecha=2015&resuelve=extemporanea HTTP/1.1" 200 626
172.22.2.4 - - [15/Oct/2023:18:45:41 -0500] "GET /BLA/boletinlegal/consulta_actos.php?tipo=resoluciones&no=&usuario=&sector=&fecha=2014&resuelve=extemporanea HTTP/1.1" 200 626
172.22.2.4 - - [15/Oct/2023:18:45:43 -0500] "GET /BLA/boletinlegal/consulta_actos.php?tipo=resoluciones&no=&usuario=&sector=&fecha=2013&resuelve=extemporanea HTTP/1.1" 200 626
190.25.68.92 - - [15/Oct/2023:18:45:46 -0500] "POST /forest/index.php HTTP/1.1" 200 12268
172.22.2.4 - - [15/Oct/2023:18:45:46 -0500] "GET /BLA/boletinlegal/consulta_actos.php?tipo=resoluciones&no=&usuario=&sector=&fecha=2023&resuelve=extemporanea HTTP/1.1" 200 626
172.22.2.4 - - [15/Oct/2023:18:45:50 -0500] "GET /BLA/boletinlegal/consulta_actos.php?tipo=resoluciones&no=&usuario=&sector=&fecha=2022&resuelve=extemporanea HTTP/1.1" 200 626
172.22.2.4 - - [15/Oct/2023:18:45:52 -0500] "GET /BLA/boletinlegal/consulta_actos.php?tipo=resoluciones&no=&usuario=&sector=&fecha=2022&resuelve=extemporanea HTTP/1.1" 200 626
216.245.221.92 - - [15/Oct/2023:18:45:55 -0500] "HEAD / HTTP/1.1" 200 -
172.22.2.4 - - [15/Oct/2023:18:45:58 -0500] "GET /BLA/boletinlegal/consulta_actos.php?tipo=resoluciones&no=&usuario=&sector=&fecha=2022&resuelve=prorroga HTTP/1.1" 200 117593
201.245.192.253 - - [15/Oct/2023:18:46:13 -0500] "POST /kwsrmcab/Wsrmcab  HTTP/1.1" 200 42851
152.203.174.181 - - [15/Oct/2023:18:46:26 -0500] "GET /BLA/resoluciones/RESOLUCIONES%202022/2226.pdf HTTP/1.1" 200 2540236
172.22.2.4 - - [15/Oct/2023:18:46:48 -0500] "GET /BLA/boletinlegal/consulta_actos.php?tipo=resoluciones&no=&usuario=&sector=&fecha=2023&resuelve=prorroga HTTP/1.1" 200 25669
172.22.2.4 - - [15/Oct/2023:18:47:06 -0500] "GET /BLA/boletinlegal/consulta_actos.php?tipo=resoluciones&no=&usuario=&sector=&fecha=2017&resuelve=prorroga HTTP/1.1" 200 64784
152.203.174.181 - - [15/Oct/2023:18:47:22 -0500] "GET /BLA/resoluciones/RESOLUCIONES%202017/2511.pdf HTTP/1.1" 200 502065
114.119.154.26 - - [15/Oct/2023:18:47:57 -0500] "GET /BLA/resoluciones/index.php?dir=RESOLUCIONES%2B2008/&sort=size&order=desc HTTP/1.1" 200 13902
172.22.2.4 - - [15/Oct/2023:18:48:26 -0500] "GET /BLA/boletinlegal/Directivas/2017/Directiva%20No.%2004%20del%2028%20de%20Abril%20de%202017.pdf HTTP/1.1" 200 8194919
172.22.2.4 - - [15/Oct/2023:18:47:21 -0500] "HEAD /BLA/boletinlegal/ HTTP/1.1" 200 -
172.22.2.4 - - [15/Oct/2023:18:48:13 -0500] "GET /BLA/boletinlegal/ HTTP/1.1" 200 58155
114.119.157.236 - - [15/Oct/2023:18:50:25 -0500] "GET /BLA/resoluciones/index.php?dir=RESOLUCIONES%2B2008/ HTTP/1.1" 200 13903
66.249.66.21 - - [15/Oct/2023:18:50:40 -0500] "GET /Publicaciones/2022EE309968.pdf HTTP/1.1" 404 228
216.245.221.92 - - [15/Oct/2023:18:50:55 -0500] "HEAD / HTTP/1.1" 200 -
31.13.127.116 - - [15/Oct/2023:18:51:11 -0500] "GET /manana-4-de-octubre-simulacro-distrital-de-evacuacion-dia-y-noche.html HTTP/1.1" 200 789
201.245.192.253 - - [15/Oct/2023:18:51:12 -0500] "POST /kwsrmcab/Wsrmcab  HTTP/1.1" 200 42851
114.119.128.154 - - [15/Oct/2023:18:51:20 -0500] "GET /BLA/resoluciones/index.php?dir=Notificaciones/AUTOS%2B2022/&sort=date&order=asc HTTP/1.1" 200 13944
114.119.128.35 - - [15/Oct/2023:18:52:26 -0500] "GET /BLA/resoluciones/index.php?dir=Notificaciones/AUTOS%2B1985/&sort=date&order=desc HTTP/1.1" 200 13943
114.119.153.132 - - [15/Oct/2023:18:54:25 -0500] "GET /BLA/resoluciones/index.php?dir=Notificaciones/ HTTP/1.1" 200 11650
172.22.2.4 - - [15/Oct/2023:18:53:11 -0500] "HEAD /BLA/boletinlegal/ HTTP/1.1" 200 -
201.245.192.253 - - [15/Oct/2023:18:55:12 -0500] "POST /sipse/faces/presentacion/financiero/solicitudProceso/consultarSolicitudProceso.xhtml HTTP/1.1" 200 144518
201.245.192.253 - - [15/Oct/2023:18:55:12 -0500] "GET /sipse/faces/javax.faces.resource/dynamiccontent.properties?ln=primefaces&pfdrid=XjOR5%2F%2FfPAZAuY9TpWQeCiM0BhlXxYRBGKi%2FQcXXfeA%3D&pfdrid_c=false HTTP/1.1" 500 383
201.245.192.253 - - [15/Oct/2023:18:55:12 -0500] "POST /sipse/faces/presentacion/financiero/solicitudProceso/consultarSolicitudProceso.xhtml HTTP/1.1" 200 144518
201.245.192.253 - - [15/Oct/2023:18:55:12 -0500] "GET /sipse/faces/javax.faces.resource/dynamiccontent.properties?ln=primefaces&pfdrid=XjOR5%2F%2FfPAZAuY9TpWQeCiM0BhlXxYRBGKi%2FQcXXfeA%3D&pfdrid_c=false HTTP/1.1" 500 383
201.245.192.253 - - [15/Oct/2023:18:55:12 -0500] "POST /sipse/faces/presentacion/financiero/solicitudProceso/consultarSolicitudProceso.xhtml HTTP/1.1" 200 144518
201.245.192.253 - - [15/Oct/2023:18:55:13 -0500] "GET /sipse/faces/javax.faces.resource/dynamiccontent.properties?ln=primefaces&pfdrid=XjOR5%2F%2FfPAZAuY9TpWQeCiM0BhlXxYRBGKi%2FQcXXfeA%3D&pfdrid_c=false HTTP/1.1" 500 383
201.245.192.253 - - [15/Oct/2023:18:55:14 -0500] "POST /sipse/faces/presentacion/financiero/solicitudProceso/consultarSolicitudProceso.xhtml HTTP/1.1" 200 5259
114.119.140.250 - - [15/Oct/2023:18:55:21 -0500] "GET /BLA/resoluciones/index.php?dir=AUTOS%2B2013/ HTTP/1.1" 200 13882
201.245.192.253 - - [15/Oct/2023:18:55:15 -0500] "POST /sipse/faces/presentacion/financiero/solicitudProceso/consultarSolicitudProceso.xhtml HTTP/1.1" 200 66533
201.245.192.253 - - [15/Oct/2023:18:55:23 -0500] "GET /sipse/faces/javax.faces.resource/jquery/jquery.js?ln=primefaces&v=4.0 HTTP/1.1" 304 -
201.245.192.253 - - [15/Oct/2023:18:55:23 -0500] "GET /sipse/faces/javax.faces.resource/jquery/jquery-plugins.js?ln=primefaces&v=4.0 HTTP/1.1" 304 -
201.245.192.253 - - [15/Oct/2023:18:55:24 -0500] "GET /sipse/faces/javax.faces.resource/primefaces.js?ln=primefaces&v=4.0 HTTP/1.1" 304 -
201.245.192.253 - - [15/Oct/2023:18:55:24 -0500] "GET /sipse/faces/javax.faces.resource/layout/layout.js?ln=primefaces&v=4.0 HTTP/1.1" 304 -
201.245.192.253 - - [15/Oct/2023:18:55:24 -0500] "POST /sipse/faces/presentacion/proyectos/proyecto/listarConsultarProyectos.xhtml HTTP/1.1" 200 59804
201.245.192.253 - - [15/Oct/2023:18:55:24 -0500] "POST /sipse/faces/presentacion/proyectos/proyecto/listarConsultarProyectos.xhtml HTTP/1.1" 200 59804
201.245.192.253 - - [15/Oct/2023:18:55:29 -0500] "POST /sipse/faces/presentacion/proyectos/proyecto/listarConsultarProyectos.xhtml HTTP/1.1" 200 27483
201.245.192.253 - - [15/Oct/2023:18:55:29 -0500] "POST /sipse/faces/presentacion/proyectos/proyecto/listarConsultarProyectos.xhtml HTTP/1.1" 200 27495
201.245.192.253 - - [15/Oct/2023:18:55:29 -0500] "POST /sipse/faces/presentacion/proyectos/proyecto/listarConsultarProyectos.xhtml HTTP/1.1" 200 2225
201.245.192.253 - - [15/Oct/2023:18:55:31 -0500] "POST /sipse/faces/presentacion/proyectos/proyecto/listarConsultarProyectos.xhtml HTTP/1.1" 200 27495
201.245.192.253 - - [15/Oct/2023:18:55:32 -0500] "POST /sipse/faces/presentacion/proyectos/proyecto/listarConsultarProyectos.xhtml HTTP/1.1" 200 10499
201.245.192.253 - - [15/Oct/2023:18:55:33 -0500] "POST /sipse/faces/presentacion/proyectos/proyecto/listarConsultarProyectos.xhtml HTTP/1.1" 200 4235
201.245.192.253 - - [15/Oct/2023:18:55:35 -0500] "POST /sipse/faces/presentacion/proyectos/proyecto/listarConsultarProyectos.xhtml HTTP/1.1" 200 75763
201.245.192.253 - - [15/Oct/2023:18:55:36 -0500] "GET /sipse/faces/javax.faces.resource/jquery/jquery.js?ln=primefaces&v=4.0 HTTP/1.1" 304 -
201.245.192.253 - - [15/Oct/2023:18:55:36 -0500] "GET /sipse/faces/javax.faces.resource/jquery/jquery-plugins.js?ln=primefaces&v=4.0 HTTP/1.1" 304 -
201.245.192.253 - - [15/Oct/2023:18:55:36 -0500] "GET /sipse/faces/javax.faces.resource/primefaces.js?ln=primefaces&v=4.0 HTTP/1.1" 304 -
201.245.192.253 - - [15/Oct/2023:18:55:37 -0500] "GET /sipse/faces/javax.faces.resource/layout/layout.js?ln=primefaces&v=4.0 HTTP/1.1" 304 -
201.245.192.253 - - [15/Oct/2023:18:55:37 -0500] "POST /sipse/faces/presentacion/proyectos/proyecto/proyecto.xhtml HTTP/1.1" 200 3225
172.22.2.4 - - [15/Oct/2023:18:54:02 -0500] "GET /BLA/boletinlegal/ HTTP/1.1" 200 59429
201.245.192.253 - - [15/Oct/2023:18:55:49 -0500] "POST /sipse/faces/presentacion/proyectos/proyecto/proyecto.xhtml HTTP/1.1" 200 36139
201.245.192.253 - - [15/Oct/2023:18:55:50 -0500] "GET /sipse/faces/javax.faces.resource/spacer/dot_clear.gif?ln=primefaces&v=4.0 HTTP/1.1" 200 42
201.245.192.253 - - [15/Oct/2023:18:55:50 -0500] "POST /sipse/faces/presentacion/proyectos/proyecto/proyecto.xhtml HTTP/1.1" 200 3934
216.245.221.92 - - [15/Oct/2023:18:55:55 -0500] "HEAD / HTTP/1.1" 200 -
201.245.192.253 - - [15/Oct/2023:18:55:59 -0500] "POST /sipse/faces/presentacion/proyectos/proyecto/proyecto.xhtml HTTP/1.1" 200 30429
201.245.192.253 - - [15/Oct/2023:18:56:11 -0500] "POST /kwsrmcab/Wsrmcab  HTTP/1.1" 200 42851
201.245.192.253 - - [15/Oct/2023:18:56:21 -0500] "POST /sipse/faces/presentacion/proyectos/proyecto/proyecto.xhtml HTTP/1.1" 200 27658
66.249.66.21 - - [15/Oct/2023:18:57:04 -0500] "GET /BLA/resoluciones/RESOLUCIONES%202014/3687.pdf HTTP/1.1" 200 391978
114.119.129.25 - - [15/Oct/2023:18:57:08 -0500] "GET /portalsiaccapacitaciones/Soportes%20Capacitaciones%202017/PRESENTACIN%20PEV%202017%20ENTIDADES%20DISTRITALES%20.pdf HTTP/1.1" 404 1272
152.203.174.181 - - [15/Oct/2023:18:57:23 -0500] "GET /BLA/resoluciones/RESOLUCIONES%202017/0890.pdf HTTP/1.1" 200 571651
152.203.174.181 - - [15/Oct/2023:18:57:32 -0500] "GET /BLA/resoluciones/RESOLUCIONES%202017/0889.pdf HTTP/1.1" 200 1924659
152.203.174.181 - - [15/Oct/2023:18:57:51 -0500] "GET /BLA/resoluciones/RESOLUCIONES%202017/0724.pdf HTTP/1.1" 404 1120
152.203.174.181 - - [15/Oct/2023:18:57:57 -0500] "GET /BLA/resoluciones/RESOLUCIONES%202017/0724.pdf HTTP/1.1" 404 1120
152.203.174.181 - - [15/Oct/2023:18:58:05 -0500] "GET /BLA/resoluciones/RESOLUCIONES%202017/0581.pdf HTTP/1.1" 404 1120
114.119.129.254 - - [15/Oct/2023:18:58:10 -0500] "GET /BLA/resoluciones/index.php?dir=AUTOS%2B2011/&sort=name&order=desc HTTP/1.1" 200 13881
152.203.174.181 - - [15/Oct/2023:18:58:13 -0500] "GET /BLA/resoluciones/RESOLUCIONES%202017/0492.pdf HTTP/1.1" 200 551806
172.22.2.4 - - [15/Oct/2023:18:58:59 -0500] "GET /BLA/boletinlegal/robots.txt HTTP/1.1" 404 1038
152.203.174.181 - - [15/Oct/2023:18:59:03 -0500] "GET /BLA/resoluciones/RESOLUCIONES%202017/0393.pdf HTTP/1.1" 200 583565
172.22.2.4 - - [15/Oct/2023:18:59:27 -0500] "GET /BLA/boletinlegal/consulta_actos.php?tipo=resoluciones&no=&usuario=&sector=&fecha=2020&resuelve=POR%20LA%20CUAL%20SE%20RESUELVE%20UN%20RECUR HTTP/1.1" 200 226392
152.203.174.181 - - [15/Oct/2023:18:59:49 -0500] "GET /BLA/resoluciones/RESOLUCIONES%202020/2184.pdf HTTP/1.1" 200 396406
114.119.133.211 - - [15/Oct/2023:19:00:15 -0500] "GET /BLA/resoluciones/index.php?dir=Notificaciones/AUTOS%2B1988/&sort=date&order=asc HTTP/1.1" 200 13944
172.22.2.4 - - [15/Oct/2023:18:59:01 -0500] "GET /BLA/boletinlegal/index.php HTTP/1.1" 200 51009
172.22.2.4 - - [15/Oct/2023:18:59:01 -0500] "HEAD /BLA/boletinlegal/ HTTP/1.1" 200 -
52.167.144.20 - - [15/Oct/2023:19:00:44 -0500] "GET /BLA/resoluciones/RESOLUCIONES%202007/RES%202007%203201%20AL%203300/RESOLUCION%203288%20DE%202007.pdf HTTP/1.1" 200 50972
216.245.221.92 - - [15/Oct/2023:19:00:55 -0500] "HEAD / HTTP/1.1" 200 -
201.245.192.253 - - [15/Oct/2023:19:01:10 -0500] "POST /kwsrmcab/Wsrmcab  HTTP/1.1" 200 42851
172.22.2.4 - - [15/Oct/2023:18:59:52 -0500] "GET /BLA/boletinlegal/ HTTP/1.1" 200 53488
152.203.174.181 - - [15/Oct/2023:19:01:59 -0500] "GET /BLA/resoluciones/RESOLUCIONES%202020/2183.pdf HTTP/1.1" 200 1069808
172.22.2.4 - - [15/Oct/2023:19:02:48 -0500] "GET /BLA/boletinlegal/consulta_actos.php?tipo=resoluciones&no=&usuario=&sector=&fecha=2022&resuelve=POR%20LA%20CUAL%20SE%20RESUELVE%20UN%20RECUR HTTP/1.1" 200 468882
172.22.2.4 - - [15/Oct/2023:19:03:01 -0500] "GET /BLA/boletinlegal/consulta_actos.php?tipo=resoluciones&no=&usuario=&sector=&fecha=2023&resuelve=POR%20LA%20CUAL%20SE%20RESUELVE%20UN%20RECUR HTTP/1.1" 200 9942
172.22.2.4 - - [15/Oct/2023:19:03:18 -0500] "GET /BLA/boletinlegal/consulta_actos.php?tipo=resoluciones&no=&usuario=&sector=&fecha=2021&resuelve=POR%20LA%20CUAL%20SE%20RESUELVE%20UN%20RECUR HTTP/1.1" 200 242405
152.203.174.181 - - [15/Oct/2023:19:03:23 -0500] "GET /BLA/resoluciones/RESOLUCIONES%202021/1826.pdf HTTP/1.1" 200 764921
152.203.174.181 - - [15/Oct/2023:19:04:31 -0500] "GET /BLA/resoluciones/RESOLUCIONES%202021/0289.pdf HTTP/1.1" 200 454222
172.22.2.4 - - [15/Oct/2023:19:05:51 -0500] "GET /BLA/boletinlegal/consulta_actos.php?tipo=resoluciones&no=&usuario=&sector=&fecha=2021&resuelve=sustancial%20sobre%20lo%20formal HTTP/1.1" 200 626
172.22.2.4 - - [15/Oct/2023:19:05:55 -0500] "GET /BLA/boletinlegal/consulta_actos.php?tipo=resoluciones&no=&usuario=&sector=&fecha=2020&resuelve=sustancial%20sobre%20lo%20formal HTTP/1.1" 200 626
216.245.221.92 - - [15/Oct/2023:19:05:55 -0500] "HEAD / HTTP/1.1" 200 -
172.22.2.4 - - [15/Oct/2023:19:05:56 -0500] "GET /BLA/boletinlegal/consulta_actos.php?tipo=resoluciones&no=&usuario=&sector=&fecha=2019&resuelve=sustancial%20sobre%20lo%20formal HTTP/1.1" 200 626
172.22.2.4 - - [15/Oct/2023:19:05:58 -0500] "GET /BLA/boletinlegal/consulta_actos.php?tipo=resoluciones&no=&usuario=&sector=&fecha=2018&resuelve=sustancial%20sobre%20lo%20formal HTTP/1.1" 200 626
172.22.2.4 - - [15/Oct/2023:19:06:01 -0500] "GET /BLA/boletinlegal/consulta_actos.php?tipo=resoluciones&no=&usuario=&sector=&fecha=2023&resuelve=sustancial%20sobre%20lo%20formal HTTP/1.1" 200 626
201.245.192.253 - - [15/Oct/2023:19:06:09 -0500] "POST /kwsrmcab/Wsrmcab  HTTP/1.1" 200 42851
172.22.2.4 - - [15/Oct/2023:19:04:51 -0500] "HEAD /BLA/boletinlegal/ HTTP/1.1" 200 -
172.22.2.4 - - [15/Oct/2023:19:05:42 -0500] "GET /BLA/boletinlegal/ HTTP/1.1" 200 58155
216.244.66.195 - - [15/Oct/2023:19:08:02 -0500] "GET /BLA/resoluciones/AUTOS%202019/0555.pdf HTTP/1.1" 200 286776
216.244.66.195 - - [15/Oct/2023:19:08:08 -0500] "GET /BLA/resoluciones/AUTOS%202019/2454.pdf HTTP/1.1" 200 443981
114.119.140.190 - - [15/Oct/2023:19:09:16 -0500] "GET /bla/resoluciones/resoluciones%202011/5482.pdf HTTP/1.1" 200 2404955
199.47.82.18 - - [15/Oct/2023:19:09:28 -0500] "GET /robots.txt HTTP/1.1" 404 1034
199.47.82.18 - - [15/Oct/2023:19:09:29 -0500] "GET /alcaldesa-claudia-lopez-inicio-plantacion-de-300-nuevos-arboles-en-el-humedal-torca-guaymaral-y-libero-49-animales-silvestres.html HTTP/1.1" 200 916
199.47.82.18 - - [15/Oct/2023:19:09:29 -0500] "GET /caminatas-ecologicas-un-plan-imperdible-para-octubre.html HTTP/1.1" 200 747
199.47.82.18 - - [15/Oct/2023:19:09:29 -0500] "GET /cumbre-p4g-soluciones-conjuntas-para-consolidar-ciudades-sostenibles.html HTTP/1.1" 200 780
199.47.82.18 - - [15/Oct/2023:19:09:30 -0500] "GET /dia-mundial-del-reciclaje-residuos-especiales-y-peligrosos-deben-ser-dispuestos-en-puntos-autorizados.html HTTP/1.1" 304 -
199.47.82.18 - - [15/Oct/2023:19:09:30 -0500] "GET /en-bosa-distrito-inicio-la-consolidacion-de-las-zonas-urbanas-por-un-mejor-aire.html HTTP/1.1" 200 942
199.47.82.18 - - [15/Oct/2023:19:09:31 -0500] "GET /en-junio-conectate-con-la-naturaleza-y-el-medioambiente-a-traves-de-estas-caminatas-ecologicas.html HTTP/1.1" 304 -
199.47.82.18 - - [15/Oct/2023:19:09:31 -0500] "GET /proximo-4-de-octubre-simulacro-distrital-de-evacuacion-dia-y-noche.html HTTP/1.1" 200 783
199.47.82.18 - - [15/Oct/2023:19:09:32 -0500] "GET /reciclaton-universidad-de-la-salle-se-une-a-esta-iniciativa.html HTTP/1.1" 304 -
199.47.82.18 - - [15/Oct/2023:19:09:32 -0500] "GET /semana-bogota-reverdece-con-exito-finaliza-el-primer-dia-de-la-convencion-internacional-de-emergencia-climatica.html HTTP/1.1" 200 898
199.47.82.18 - - [15/Oct/2023:19:09:33 -0500] "GET /semana-bogota-reverdece-iniciaron-actividades-de-la-academia-regional-de-areas-de-cero-emisiones.html HTTP/1.1" 200 991
199.47.82.18 - - [15/Oct/2023:19:09:33 -0500] "GET /semana-bogota-reverdece-inventario-de-emisiones-de-gases-efecto-invernadero-2022-mostro-una-reduccion-de-19-8.html HTTP/1.1" 200 878
199.47.82.18 - - [15/Oct/2023:19:09:34 -0500] "GET /semana-bogota-reverdece-politica-publica-de-accion-climatica-es-una-realidad.html HTTP/1.1" 200 891
199.47.82.18 - - [15/Oct/2023:19:09:34 -0500] "GET /semana-bogoti-reverdece-bogoti-preparada-para-la-crisis-climitica.html HTTP/1.1" 200 949
199.47.82.18 - - [15/Oct/2023:19:09:35 -0500] "GET /un-respiro-para-el-ambiente-durante-la-jornada-de-dia-sin-carro-y-sin-moto.html HTTP/1.1" 200 702
114.119.138.67 - - [15/Oct/2023:19:10:35 -0500] "GET /BLA/resoluciones/index.php?dir=Notificaciones/RESOLUCIONES%2B2022/&sort=size&order=asc HTTP/1.1" 200 13965
207.46.13.127 - - [15/Oct/2023:19:10:51 -0500] "GET /forest/ HTTP/1.1" 200 12041
216.245.221.92 - - [15/Oct/2023:19:10:55 -0500] "HEAD / HTTP/1.1" 200 -
201.245.192.253 - - [15/Oct/2023:19:11:08 -0500] "POST /kwsrmcab/Wsrmcab  HTTP/1.1" 200 42851
172.22.2.4 - - [15/Oct/2023:19:10:41 -0500] "HEAD /BLA/boletinlegal/ HTTP/1.1" 200 -
172.22.2.4 - - [15/Oct/2023:19:11:32 -0500] "GET /BLA/boletinlegal/ HTTP/1.1" 200 57802
114.119.138.154 - - [15/Oct/2023:19:13:13 -0500] "GET /BLA/resoluciones/index.php?dir=Notificaciones/REGISTROS%2B2015/&sort=name&order=desc HTTP/1.1" 200 13955
216.245.221.92 - - [15/Oct/2023:19:15:55 -0500] "HEAD / HTTP/1.1" 200 -
201.245.192.253 - - [15/Oct/2023:19:16:07 -0500] "POST /kwsrmcab/Wsrmcab  HTTP/1.1" 200 42851
114.119.135.32 - - [15/Oct/2023:19:16:13 -0500] "GET /BLA/resoluciones/index.php?dir=AUTOS%2B2013/&sort=date&order=desc HTTP/1.1" 200 13881
201.245.192.253 - - [15/Oct/2023:19:17:50 -0500] "POST /kwsrmcab/Wsrmcab HTTP/1.1" 200 41537
201.245.192.253 - - [15/Oct/2023:19:17:52 -0500] "POST /kwsrmcab/Wsrmcab HTTP/1.1" 200 41232
172.22.2.4 - - [15/Oct/2023:19:16:31 -0500] "HEAD /BLA/boletinlegal/ HTTP/1.1" 200 -
172.22.2.4 - - [15/Oct/2023:19:17:22 -0500] "GET /BLA/boletinlegal/ HTTP/1.1" 200 57802
216.245.221.92 - - [15/Oct/2023:19:20:55 -0500] "HEAD / HTTP/1.1" 200 -
201.245.192.253 - - [15/Oct/2023:19:21:06 -0500] "POST /kwsrmcab/Wsrmcab  HTTP/1.1" 200 42851
207.46.13.150 - - [15/Oct/2023:19:21:53 -0500] "GET /Publicaciones/2023EE213986.pdf HTTP/1.1" 404 228
172.22.2.4 - - [15/Oct/2023:19:22:21 -0500] "HEAD /BLA/boletinlegal/ HTTP/1.1" 200 -
172.22.2.4 - - [15/Oct/2023:19:23:12 -0500] "GET /BLA/boletinlegal/ HTTP/1.1" 200 60175
216.245.221.92 - - [15/Oct/2023:19:25:55 -0500] "HEAD / HTTP/1.1" 200 -
201.245.192.253 - - [15/Oct/2023:19:26:05 -0500] "POST /kwsrmcab/Wsrmcab  HTTP/1.1" 200 42851
114.119.155.115 - - [15/Oct/2023:19:27:45 -0500] "GET /portalsiaccapacitaciones/Soportes%20Capacitaciones%202017/Presentacin%20WRI.pdf HTTP/1.1" 404 1272
201.245.192.253 - - [15/Oct/2023:19:27:50 -0500] "POST /kwsrmcab/Wsrmcab HTTP/1.1" 200 41537
201.245.192.253 - - [15/Oct/2023:19:27:52 -0500] "POST /kwsrmcab/Wsrmcab HTTP/1.1" 200 41232
114.119.149.116 - - [15/Oct/2023:19:29:37 -0500] "GET /portalsiaccapacitaciones/Soportes%20Capacitaciones%202017/Huella%20de%20carbono%20PIGA.pdf HTTP/1.1" 200 9776525
172.22.2.4 - - [15/Oct/2023:19:28:11 -0500] "HEAD /BLA/boletinlegal/ HTTP/1.1" 200 -
54.36.148.41 - - [15/Oct/2023:19:30:36 -0500] "GET /robots.txt HTTP/1.1" 404 1034
172.22.2.4 - - [15/Oct/2023:19:29:02 -0500] "GET /BLA/boletinlegal/ HTTP/1.1" 200 60531
216.245.221.92 - - [15/Oct/2023:19:30:55 -0500] "HEAD / HTTP/1.1" 200 -
201.245.192.253 - - [15/Oct/2023:19:31:03 -0500] "POST /kwsrmcab/Wsrmcab  HTTP/1.1" 200 42851
114.119.140.52 - - [15/Oct/2023:19:31:11 -0500] "GET /portalsiaccapacitaciones/Cronograma%20de%20visitas%202015 HTTP/1.1" 301 288
114.119.140.52 - - [15/Oct/2023:19:31:15 -0500] "GET /portalsiaccapacitaciones/Cronograma%20de%20visitas%202015/ HTTP/1.1" 200 3294
69.171.251.1 - - [15/Oct/2023:19:32:29 -0500] "GET /participa-en-la-convocatoria-para-el-aseguramiento-metrologico-de-la-red-de-monitoreo-de-calidad-del-aire-de-bogota.html HTTP/1.1" 200 848
31.13.127.8 - - [15/Oct/2023:19:32:32 -0500] "GET /participa-en-la-convocatoria-para-el-aseguramiento-metrologico-de-la-red-de-monitoreo-de-calidad-del-aire-de-bogota.html HTTP/1.1" 200 848
31.13.127.118 - - [15/Oct/2023:19:32:32 -0500] "GET /participa-en-la-convocatoria-para-el-aseguramiento-metrologico-de-la-red-de-monitoreo-de-calidad-del-aire-de-bogota.html HTTP/1.1" 200 848
31.13.127.118 - - [15/Oct/2023:19:32:32 -0500] "GET /participa-en-la-convocatoria-para-el-aseguramiento-metrologico-de-la-red-de-monitoreo-de-calidad-del-aire-de-bogota.html HTTP/1.1" 200 848
114.119.129.147 - - [15/Oct/2023:19:33:06 -0500] "GET /BLA/resoluciones/index.php?dir=RESOLUCIONES%2B2019/&sort=name&order=asc HTTP/1.1" 200 13903
114.119.136.30 - - [15/Oct/2023:19:34:03 -0500] "GET /BLA/resoluciones/index.php?dir=Notificaciones/REGISTROS%2B2018/ HTTP/1.1" 200 13956
172.22.2.4 - - [15/Oct/2023:19:33:11 -0500] "GET /BLA/boletinlegal/ HTTP/1.1" 200 57802
114.119.158.193 - - [15/Oct/2023:19:35:16 -0500] "GET /BLA/resoluciones/index.php?dir=Notificaciones/REGISTROS%2B2013/&sort=date&order=desc HTTP/1.1" 200 13955
172.22.2.4 - - [15/Oct/2023:19:34:01 -0500] "HEAD /BLA/boletinlegal/ HTTP/1.1" 200 -
216.245.221.92 - - [15/Oct/2023:19:35:55 -0500] "HEAD / HTTP/1.1" 200 -
201.245.192.253 - - [15/Oct/2023:19:36:02 -0500] "POST /kwsrmcab/Wsrmcab  HTTP/1.1" 200 42851
172.22.2.4 - - [15/Oct/2023:19:34:52 -0500] "GET /BLA/boletinlegal/ HTTP/1.1" 200 57802
114.119.132.11 - - [15/Oct/2023:19:36:53 -0500] "GET /BLA/resoluciones/index.php?dir=AUTOS%2B2007/&sort=size&order=desc HTTP/1.1" 200 13881
172.22.2.4 - - [15/Oct/2023:19:37:07 -0500] "GET /BLA/boletinlegal/Circulares/2019/.pdf HTTP/1.1" 404 1218
172.22.2.4 - - [15/Oct/2023:19:37:15 -0500] "GET /BLA/boletinlegal/Circulares/023%09/CIRCULAR%20No.%2000010%20DEL%2010%20DE%20OCTUBRE%20DEL%202023%09.pdf HTTP/1.1" 403 1026
172.22.2.4 - - [15/Oct/2023:19:37:18 -0500] "GET /BLA/boletinlegal/Circulares/023%09/CIRCULAR%20No.%2000009%20DEL%2010%20DE%20OCTUBRE%20DEL%202023%09.pdf HTTP/1.1" 403 1026
172.22.2.4 - - [15/Oct/2023:19:37:22 -0500] "GET /BLA/boletinlegal/Circulares/023%09/CIRCULAR%20No.%2000010%20DEL%2010%20DE%20OCTUBRE%20DEL%202023%09.pdf HTTP/1.1" 403 1026
172.22.2.4 - - [15/Oct/2023:19:37:25 -0500] "GET /BLA/boletinlegal/Circulares/023%09/CIRCULAR%20No.%2000009%20DEL%2010%20DE%20OCTUBRE%20DEL%202023%09.pdf HTTP/1.1" 403 1026
172.22.2.4 - - [15/Oct/2023:19:37:28 -0500] "GET /BLA/boletinlegal/Circulares/023%09/CIRCULAR%20No.%2000010%20DEL%2010%20DE%20OCTUBRE%20DEL%202023%09.pdf HTTP/1.1" 403 1026
172.22.2.4 - - [15/Oct/2023:19:37:33 -0500] "GET /BLA/boletinlegal/Circulares/023%09/CIRCULAR%20No.%2000009%20DEL%2010%20DE%20OCTUBRE%20DEL%202023%09.pdf HTTP/1.1" 403 1026
172.22.2.4 - - [15/Oct/2023:19:37:37 -0500] "GET /BLA/boletinlegal/Circulares/023%09/CIRCULAR%20No.%2000010%20DEL%2010%20DE%20OCTUBRE%20DEL%202023%09.pdf HTTP/1.1" 403 1026
172.22.2.4 - - [15/Oct/2023:19:37:39 -0500] "GET /BLA/boletinlegal/Circulares/023%09/CIRCULAR%20No.%2000009%20DEL%2010%20DE%20OCTUBRE%20DEL%202023%09.pdf HTTP/1.1" 403 1026
172.22.2.4 - - [15/Oct/2023:19:37:42 -0500] "GET /BLA/boletinlegal/Circulares/023%09/CIRCULAR%20No.%2000010%20DEL%2010%20DE%20OCTUBRE%20DEL%202023%09.pdf HTTP/1.1" 403 1026
172.22.2.4 - - [15/Oct/2023:19:37:44 -0500] "GET /BLA/boletinlegal/Circulares/023%09/CIRCULAR%20No.%2000009%20DEL%2010%20DE%20OCTUBRE%20DEL%202023%09.pdf HTTP/1.1" 403 1026
201.245.192.253 - - [15/Oct/2023:19:37:50 -0500] "POST /kwsrmcab/Wsrmcab HTTP/1.1" 200 41537
201.245.192.253 - - [15/Oct/2023:19:37:53 -0500] "POST /kwsrmcab/Wsrmcab HTTP/1.1" 200 41232
216.245.221.92 - - [15/Oct/2023:19:40:55 -0500] "HEAD / HTTP/1.1" 200 -
201.245.192.253 - - [15/Oct/2023:19:41:02 -0500] "POST /kwsrmcab/Wsrmcab  HTTP/1.1" 200 42851
40.77.167.60 - - [15/Oct/2023:19:41:11 -0500] "GET /secretaria-de-ambiente-intercambia-conocimientos-sobre-arbolado-urbano-con-delegadas-de-la-alcaldia-de-sao-paulo.html HTTP/1.1" 200 944
172.22.2.4 - - [15/Oct/2023:19:39:51 -0500] "HEAD /BLA/boletinlegal/ HTTP/1.1" 200 -
35.204.221.36 - - [15/Oct/2023:19:41:39 -0500] "GET /caminatas-ecologicas-un-plan-imperdible-para-octubre.html HTTP/1.1" 200 747
172.22.2.4 - - [15/Oct/2023:19:40:42 -0500] "GET /BLA/boletinlegal/ HTTP/1.1" 200 60531
216.245.221.92 - - [15/Oct/2023:19:45:55 -0500] "HEAD / HTTP/1.1" 200 -
201.245.192.253 - - [15/Oct/2023:19:46:01 -0500] "POST /kwsrmcab/Wsrmcab  HTTP/1.1" 200 42851
31.13.127.117 - - [15/Oct/2023:19:47:13 -0500] "GET /secretaria-de-ambiente-presenta-cartilla-con-el-protocolo-para-el-manejo-y-control-de-la-langostilla-de-rio.html HTTP/1.1" 200 857
172.22.2.4 - - [15/Oct/2023:19:45:41 -0500] "HEAD /BLA/boletinlegal/ HTTP/1.1" 200 -
114.119.138.107 - - [15/Oct/2023:19:47:31 -0500] "GET /BLA/resoluciones/index.php?dir=RESOLUCIONES%2B2020/&sort=name&order=desc HTTP/1.1" 200 13902
128.14.136.18 - - [15/Oct/2023:19:47:55 -0500] "GET / HTTP/1.1" 200 319
172.22.2.4 - - [15/Oct/2023:19:46:32 -0500] "GET /BLA/boletinlegal/ HTTP/1.1" 200 57802
114.119.141.249 - - [15/Oct/2023:19:49:20 -0500] "GET /BLA/resoluciones/index.php?dir=RESOLUCIONES%2B2017/&sort=size&order=asc HTTP/1.1" 200 13903
52.167.144.64 - - [15/Oct/2023:19:49:34 -0500] "GET /robots.txt HTTP/1.1" 404 1035
40.77.167.22 - - [15/Oct/2023:19:49:44 -0500] "GET /portaldeninos/wp-content/uploads/2020/11/La-Conejera-B-50x28.jpg HTTP/1.1" 200 1413
162.55.41.96 - - [15/Oct/2023:19:50:14 -0500] "GET / HTTP/1.1" 200 4720
162.55.41.96 - - [15/Oct/2023:19:50:16 -0500] "GET / HTTP/1.1" 200 319
114.119.141.35 - - [15/Oct/2023:19:50:20 -0500] "GET /BLA/resoluciones/index.php?dir=Notificaciones/REGISTROS%2B2013/ HTTP/1.1" 200 13956
216.245.221.92 - - [15/Oct/2023:19:50:55 -0500] "HEAD / HTTP/1.1" 200 -
199.16.157.181 - - [15/Oct/2023:19:50:56 -0500] "GET /robots.txt HTTP/1.1" 404 1034
199.16.157.181 - - [15/Oct/2023:19:50:56 -0500] "GET /monica-fonnegra-una-disenadora-que-inspira-amor-por-la-naturaleza-a-traves-de-la-moda.html HTTP/1.1" 200 976
