114.119.136.143 - - [15/Oct/2023:13:41:17 -0500] "GET /BLA/resoluciones/index.php?dir=RESOLUCIONES%2B2008/&sort=name&order=desc HTTP/1.1" 200 13902
52.167.144.191 - - [15/Oct/2023:13:41:45 -0500] "GET /BLA/resoluciones/RESOLUCIONES%202013/0629.pdf HTTP/1.1" 200 905711
172.22.2.4 - - [15/Oct/2023:13:41:54 -0500] "GET /BLA/boletinlegal/normativa.php HTTP/1.1" 200 8343
172.22.2.4 - - [15/Oct/2023:13:41:55 -0500] "GET /BLA/boletinlegal/actos.php HTTP/1.1" 200 9682
172.22.2.4 - - [15/Oct/2023:13:41:57 -0500] "GET /BLA/boletinlegal/doctrina.php HTTP/1.1" 200 5614
172.22.2.4 - - [15/Oct/2023:13:41:57 -0500] "GET /BLA/boletinlegal/js/ajax_doctrina.js HTTP/1.1" 200 772
172.22.2.4 - - [15/Oct/2023:13:41:57 -0500] "GET /BLA/boletinlegal/images/sub_ul_li.gif HTTP/1.1" 200 343
172.22.2.4 - - [15/Oct/2023:13:41:58 -0500] "GET /BLA/boletinlegal/jurisprudencia.php HTTP/1.1" 200 17583
172.22.2.4 - - [15/Oct/2023:13:41:58 -0500] "GET /BLA/boletinlegal/images/jurisprudencia.png HTTP/1.1" 200 66721
172.22.2.4 - - [15/Oct/2023:13:42:00 -0500] "GET /BLA/boletinlegal/conceptos.php HTTP/1.1" 200 7496
172.22.2.4 - - [15/Oct/2023:13:42:03 -0500] "GET /BLA/boletinlegal/actos.php HTTP/1.1" 200 9682
172.22.2.4 - - [15/Oct/2023:13:42:04 -0500] "GET /BLA/boletinlegal/normativa.php HTTP/1.1" 200 8343
201.245.192.253 - - [15/Oct/2023:13:42:12 -0500] "POST /kwsrmcab/Wsrmcab  HTTP/1.1" 200 42851
172.22.2.4 - - [15/Oct/2023:13:41:49 -0500] "GET /BLA/boletinlegal/ HTTP/1.1" 200 62374
52.167.144.235 - - [15/Oct/2023:13:44:10 -0500] "GET /portaldeninos/?s= HTTP/1.1" 200 85920
191.156.250.223 - - [15/Oct/2023:13:45:23 -0500] "GET /portaldeninos/wp-content/themes/betheme/style.css?ver=20.9.6 HTTP/1.1" 200 287
191.156.250.223 - - [15/Oct/2023:13:45:23 -0500] "GET /portaldeninos/wp-content/uploads/useanyfont/uaf.css?ver=1589905315 HTTP/1.1" 200 408
191.156.250.223 - - [15/Oct/2023:13:45:22 -0500] "GET /portaldeninos/ HTTP/1.1" 200 110175
191.156.250.223 - - [15/Oct/2023:13:45:23 -0500] "GET /portaldeninos/wp-includes/js/wp-emoji-release.min.js?ver=4.9.8 HTTP/1.1" 200 12026
191.156.251.112 - - [15/Oct/2023:13:45:23 -0500] "GET /portaldeninos/wp-content/plugins/gallery-videos/CSS/totalsoft.css?ver=4.9.8 HTTP/1.1" 200 40622
191.156.251.112 - - [15/Oct/2023:13:45:23 -0500] "GET /portaldeninos/wp-content/plugins/gallery-videos/CSS/Total-Soft-Gallery-Video-Widget.css?ver=4.9.8 HTTP/1.1" 200 51554
191.156.250.223 - - [15/Oct/2023:13:45:23 -0500] "GET /portaldeninos/wp-content/themes/betheme/css/base.css?ver=20.9.6 HTTP/1.1" 200 57283
191.156.250.223 - - [15/Oct/2023:13:45:23 -0500] "GET /portaldeninos/wp-content/themes/betheme/css/shortcodes.css?ver=20.9.6 HTTP/1.1" 200 138889
191.156.250.223 - - [15/Oct/2023:13:45:23 -0500] "GET /portaldeninos/wp-content/themes/betheme/assets/animations/animations.min.css?ver=20.9.6 HTTP/1.1" 200 58508
191.156.251.112 - - [15/Oct/2023:13:45:23 -0500] "GET /portaldeninos/wp-content/themes/betheme/assets/jplayer/css/jplayer.blue.monday.css?ver=20.9.6 HTTP/1.1" 200 9834
191.156.251.112 - - [15/Oct/2023:13:45:23 -0500] "GET /portaldeninos/wp-content/themes/betheme/assets/ui/jquery.ui.all.css?ver=20.9.6 HTTP/1.1" 200 18765
191.156.250.223 - - [15/Oct/2023:13:45:24 -0500] "GET /portaldeninos/wp-content/plugins/popup-maker/assets/css/site.min.css?ver=1.8.14 HTTP/1.1" 200 8260
191.156.251.112 - - [15/Oct/2023:13:45:24 -0500] "GET /portaldeninos/wp-includes/js/jquery/jquery-migrate.min.js?ver=1.4.1 HTTP/1.1" 200 10056
191.156.250.223 - - [15/Oct/2023:13:45:24 -0500] "GET /portaldeninos/wp-includes/js/jquery/ui/core.min.js?ver=1.11.4 HTTP/1.1" 200 4000
191.156.250.223 - - [15/Oct/2023:13:45:23 -0500] "GET /portaldeninos/wp-content/themes/betheme/css/layout.css?ver=20.9.6 HTTP/1.1" 200 116639
191.156.250.223 - - [15/Oct/2023:13:45:24 -0500] "GET /portaldeninos/wp-content/plugins/google-analytics-for-wordpress/assets/js/frontend-gtag.min.js?ver=8.5.0 HTTP/1.1" 200 11801
191.156.250.223 - - [15/Oct/2023:13:45:24 -0500] "GET /portaldeninos/wp-content/themes/betheme/css/responsive.css?ver=20.9.6 HTTP/1.1" 200 55740
191.156.251.112 - - [15/Oct/2023:13:45:24 -0500] "GET /portaldeninos/wp-content/plugins/gallery-videos/JS/modernizr.custom.js?ver=4.9.8 HTTP/1.1" 200 9019
191.156.250.223 - - [15/Oct/2023:13:45:24 -0500] "GET /portaldeninos/wp-content/plugins/gallery-videos/JS/Total-Soft-Gallery-Video-Widget.js?ver=4.9.8 HTTP/1.1" 200 80264
191.156.251.112 - - [15/Oct/2023:13:45:24 -0500] "GET /portaldeninos/wp-includes/js/jquery/jquery.js?ver=1.12.4 HTTP/1.1" 200 97184
191.156.250.223 - - [15/Oct/2023:13:45:24 -0500] "GET /portaldeninos/wp-includes/js/jquery/ui/widget.min.js?ver=1.11.4 HTTP/1.1" 200 6908
191.156.251.112 - - [15/Oct/2023:13:45:24 -0500] "GET /portaldeninos/wp-includes/js/jquery/ui/mouse.min.js?ver=1.11.4 HTTP/1.1" 200 3148
191.156.250.223 - - [15/Oct/2023:13:45:24 -0500] "GET /portaldeninos/wp-content/themes/betheme/js/menu.js?ver=20.9.6 HTTP/1.1" 200 2449
191.156.250.223 - - [15/Oct/2023:13:45:24 -0500] "GET /portaldeninos/wp-includes/js/jquery/ui/accordion.min.js?ver=1.11.4 HTTP/1.1" 200 8584
191.156.251.112 - - [15/Oct/2023:13:45:24 -0500] "GET /portaldeninos/wp-content/themes/betheme/assets/animations/animations.min.js?ver=20.9.6 HTTP/1.1" 200 1896
191.156.251.112 - - [15/Oct/2023:13:45:24 -0500] "GET /portaldeninos/wp-includes/js/jquery/ui/tabs.min.js?ver=1.11.4 HTTP/1.1" 200 12110
191.156.250.223 - - [15/Oct/2023:13:45:24 -0500] "GET /portaldeninos/wp-includes/js/jquery/ui/sortable.min.js?ver=1.11.4 HTTP/1.1" 200 24899
191.156.250.223 - - [15/Oct/2023:13:45:25 -0500] "GET /portaldeninos/wp-content/uploads/2021/06/titulo-cabezote-ni%C3%B1os.png HTTP/1.1" 200 64425
191.156.250.223 - - [15/Oct/2023:13:45:25 -0500] "GET /portaldeninos/wp-content/themes/betheme/fonts/mfn-icons.woff?93978679 HTTP/1.1" 200 80932
191.156.251.112 - - [15/Oct/2023:13:45:25 -0500] "GET /portaldeninos/wp-content/themes/betheme/assets/jplayer/jplayer.min.js?ver=20.9.6 HTTP/1.1" 200 52702
191.156.250.223 - - [15/Oct/2023:13:45:25 -0500] "GET /portaldeninos/wp-includes/js/jquery/ui/position.min.js?ver=1.11.4 HTTP/1.1" 200 6527
191.156.251.112 - - [15/Oct/2023:13:45:25 -0500] "GET /portaldeninos/wp-content/themes/betheme/js/scripts.js?ver=20.9.6 HTTP/1.1" 200 77162
191.156.250.223 - - [15/Oct/2023:13:45:25 -0500] "GET /portaldeninos/wp-includes/js/wp-embed.min.js?ver=4.9.8 HTTP/1.1" 200 1398
191.156.250.223 - - [15/Oct/2023:13:45:24 -0500] "GET /portaldeninos/wp-content/themes/betheme/js/plugins.js?ver=20.9.6 HTTP/1.1" 200 197151
191.156.250.223 - - [15/Oct/2023:13:45:25 -0500] "GET /portaldeninos/wp-content/uploads/2021/06/titulo-miambiente-ni%C3%B1os.png HTTP/1.1" 200 11944
191.156.251.112 - - [15/Oct/2023:13:45:25 -0500] "GET /portaldeninos/wp-content/plugins/popup-maker/assets/js/site.min.js?defer&ver=1.8.14 HTTP/1.1" 200 48457
191.156.250.223 - - [15/Oct/2023:13:45:25 -0500] "GET /portaldeninos/wp-content/uploads/2019/08/Logo-Ambientic.png HTTP/1.1" 200 22941
191.156.250.223 - - [15/Oct/2023:13:45:25 -0500] "GET /portaldeninos/wp-content/uploads/2021/06/titulo-videos-ni%C3%B1os.png HTTP/1.1" 200 10502
191.156.250.223 - - [15/Oct/2023:13:45:25 -0500] "GET /portaldeninos/wp-content/uploads/2021/06/titulo-humedales-ni%C3%B1os.png HTTP/1.1" 200 13361
191.156.251.112 - - [15/Oct/2023:13:45:25 -0500] "GET /portaldeninos/wp-content/uploads/2018/11/caneca.jpg HTTP/1.1" 200 262661
191.156.250.223 - - [15/Oct/2023:13:45:25 -0500] "GET /portaldeninos/wp-content/uploads/2020/01/Frailejon-escenario.jpg HTTP/1.1" 200 357472
191.156.251.112 - - [15/Oct/2023:13:45:25 -0500] "GET /portaldeninos/wp-content/uploads/2018/10/oso.jpg HTTP/1.1" 200 305180
191.156.250.223 - - [15/Oct/2023:13:45:25 -0500] "GET /portaldeninos/wp-content/uploads/2020/01/Tierra-escenario.jpg HTTP/1.1" 200 181491
191.156.250.223 - - [15/Oct/2023:13:45:25 -0500] "GET /portaldeninos/wp-content/uploads/2018/11/tigrillo.jpg HTTP/1.1" 200 402961
191.156.250.223 - - [15/Oct/2023:13:45:26 -0500] "GET /portaldeninos/wp-content/uploads/2020/05/fb.jpg HTTP/1.1" 200 9893
191.156.251.112 - - [15/Oct/2023:13:45:26 -0500] "GET /portaldeninos/wp-content/uploads/2020/05/ig.jpg HTTP/1.1" 200 11470
191.156.250.223 - - [15/Oct/2023:13:45:26 -0500] "GET /portaldeninos/wp-content/uploads/2020/06/yt.jpg HTTP/1.1" 200 10577
191.156.250.223 - - [15/Oct/2023:13:45:26 -0500] "GET /portaldeninos/wp-content/uploads/2020/06/tw.jpg HTTP/1.1" 200 11056
191.156.250.223 - - [15/Oct/2023:13:45:26 -0500] "GET /portaldeninos/wp-content/themes/betheme/images/box_shadow.png HTTP/1.1" 200 108
191.156.250.223 - - [15/Oct/2023:13:45:26 -0500] "GET /portaldeninos/wp-content/themes/betheme/images/stripes/stripes_3_b.png HTTP/1.1" 200 974
191.156.250.223 - - [15/Oct/2023:13:45:26 -0500] "GET /portaldeninos/wp-json/pum/v1/analytics/?event=open&pid=1126&_cache=1697395451140 HTTP/1.1" 204 -
191.156.250.223 - - [15/Oct/2023:13:45:26 -0500] "GET /portaldeninos/wp-content/uploads/2023/08/Infografia-Web-Infantil.mp4 HTTP/1.1" 206 162022
191.156.251.112 - - [15/Oct/2023:13:45:26 -0500] "GET /portaldeninos/wp-content/uploads/2022/08/Infograf%C3%ADa-humedales-actualizada.png HTTP/1.1" 200 588022
172.22.2.4 - - [15/Oct/2023:13:44:00 -0500] "HEAD /BLA/boletinlegal/ HTTP/1.1" 200 -
191.156.250.223 - - [15/Oct/2023:13:45:26 -0500] "GET /portaldeninos/wp-content/uploads/2023/08/Infografia-Web-Infantil.mp4 HTTP/1.1" 206 6576353
191.156.55.8 - - [15/Oct/2023:13:45:46 -0500] "GET /css/fondos.css HTTP/1.1" 404 1254
191.156.48.211 - - [15/Oct/2023:13:45:47 -0500] "GET /css/date_blue.css HTTP/1.1" 404 1254
191.156.48.49 - - [15/Oct/2023:13:45:47 -0500] "GET /css/textos.css HTTP/1.1" 404 1254
191.156.250.223 - - [15/Oct/2023:13:45:26 -0500] "GET /portaldeninos/wp-content/uploads/2022/08/HUmedalConejera03-1.jpg HTTP/1.1" 200 12388495
216.245.221.92 - - [15/Oct/2023:13:45:56 -0500] "HEAD / HTTP/1.1" 200 -
191.156.48.211 - - [15/Oct/2023:13:45:58 -0500] "GET /css/bordes.css HTTP/1.1" 404 1254
191.156.251.112 - - [15/Oct/2023:13:45:26 -0500] "GET /portaldeninos/wp-content/uploads/2019/06/CabezoteAMBIENTIC.mp4 HTTP/1.1" 206 21677757
172.22.2.4 - - [15/Oct/2023:13:44:51 -0500] "GET /BLA/boletinlegal/ HTTP/1.1" 200 44736
114.119.147.233 - - [15/Oct/2023:13:46:35 -0500] "GET /BLA/resoluciones/index.php?dir=Notificaciones/REGISTROS%2B2019/&sort=name&order=asc HTTP/1.1" 200 13956
191.156.250.223 - - [15/Oct/2023:13:46:37 -0500] "GET /portaldeninos/wp-content/uploads/2023/08/Infografia-Web-Infantil.mp4 HTTP/1.1" 206 7674079
201.245.192.253 - - [15/Oct/2023:13:47:12 -0500] "POST /kwsrmcab/Wsrmcab  HTTP/1.1" 200 42851
191.156.250.223 - - [15/Oct/2023:13:48:37 -0500] "GET /portaldeninos/gestion-del-riesgo-incendios-forestales HTTP/1.1" 301 -
191.156.251.112 - - [15/Oct/2023:13:48:21 -0500] "GET /portaldeninos/wp-content/uploads/2023/08/Infografia-Web-Infantil.mp4 HTTP/1.1" 206 4298327
191.156.250.223 - - [15/Oct/2023:13:48:22 -0500] "GET /portaldeninos/wp-content/uploads/2019/06/CabezoteAMBIENTIC.mp4 HTTP/1.1" 206 7338206
191.156.250.223 - - [15/Oct/2023:13:48:37 -0500] "GET /portaldeninos/gestion-del-riesgo-incendios-forestales/ HTTP/1.1" 200 86825
191.156.250.223 - - [15/Oct/2023:13:48:38 -0500] "GET /portaldeninos/wp-content/uploads/2019/08/Incendios-forestales-ajustada.gif HTTP/1.1" 200 764832
172.22.2.4 - - [15/Oct/2023:13:48:48 -0500] "GET /BLA/boletinlegal/dqgqoeCXckuwPtxov HTTP/1.1" 404 1018
172.22.2.4 - - [15/Oct/2023:13:48:49 -0500] "GET /BLA/boletinlegal/dqgqoeCXckuwPtxov HTTP/1.1" 404 1018
216.244.66.195 - - [15/Oct/2023:13:49:09 -0500] "GET /BLA/resoluciones/AUTOS%202019/0640.pdf HTTP/1.1" 200 395034
191.156.250.223 - - [15/Oct/2023:13:49:11 -0500] "GET /portaldeninos/corresponsal-ambiental/ HTTP/1.1" 200 93768
191.156.251.112 - - [15/Oct/2023:13:49:12 -0500] "GET /portaldeninos/wp-content/uploads/2021/07/Banners-pa%CC%81gina-de-nin%CC%83os15.jpg HTTP/1.1" 200 26763
191.156.251.112 - - [15/Oct/2023:13:49:12 -0500] "GET /portaldeninos/wp-content/uploads/2021/07/corresponsal-ambiental.jpg HTTP/1.1" 200 76114
191.156.251.112 - - [15/Oct/2023:13:49:12 -0500] "GET /portaldeninos/wp-content/uploads/2021/05/corresponsal-ambiental-10-mayo.jpg HTTP/1.1" 200 87975
216.244.66.195 - - [15/Oct/2023:13:49:14 -0500] "GET /BLA/resoluciones/AUTOS%202019/2736.pdf HTTP/1.1" 200 333515
216.245.221.92 - - [15/Oct/2023:13:50:56 -0500] "HEAD / HTTP/1.1" 200 -
66.249.66.21 - - [15/Oct/2023:13:51:09 -0500] "GET /BLA/resoluciones/RESOLUCIONES%202014/3687.pdf HTTP/1.1" 200 391978
66.249.66.21 - - [15/Oct/2023:13:51:10 -0500] "GET /BLA/resoluciones/AUTOS%202011/2409.pdf HTTP/1.1" 200 155945
66.249.66.20 - - [15/Oct/2023:13:51:11 -0500] "GET /BLA/resoluciones/RESOLUCIONES%202009/6470.pdf HTTP/1.1" 200 55310
172.22.2.4 - - [15/Oct/2023:13:49:50 -0500] "HEAD /BLA/boletinlegal/ HTTP/1.1" 200 -
201.245.192.253 - - [15/Oct/2023:13:52:12 -0500] "POST /kwsrmcab/Wsrmcab  HTTP/1.1" 200 42851
172.22.2.4 - - [15/Oct/2023:13:50:41 -0500] "GET /BLA/boletinlegal/ HTTP/1.1" 200 58155
216.245.221.92 - - [15/Oct/2023:13:55:56 -0500] "HEAD / HTTP/1.1" 200 -
201.245.192.253 - - [15/Oct/2023:13:57:11 -0500] "POST /kwsrmcab/Wsrmcab  HTTP/1.1" 200 42851
52.167.144.142 - - [15/Oct/2023:13:57:17 -0500] "GET /BLA/resoluciones/AUTOS%202023/1742.pdf HTTP/1.1" 200 422342
172.22.2.4 - - [15/Oct/2023:13:55:40 -0500] "HEAD /BLA/boletinlegal/ HTTP/1.1" 200 -
172.22.2.4 - - [15/Oct/2023:13:56:30 -0500] "GET /BLA/boletinlegal/ HTTP/1.1" 200 60175
207.46.13.155 - - [15/Oct/2023:13:59:44 -0500] "GET /BLA/resoluciones/RESOLUCIONES%202021/0614.pdf HTTP/1.1" 304 -
216.245.221.92 - - [15/Oct/2023:14:00:56 -0500] "HEAD / HTTP/1.1" 200 -
201.245.192.253 - - [15/Oct/2023:14:02:10 -0500] "POST /kwsrmcab/Wsrmcab  HTTP/1.1" 200 42851
172.22.2.4 - - [15/Oct/2023:14:01:31 -0500] "HEAD /BLA/boletinlegal/ HTTP/1.1" 200 -
172.22.2.4 - - [15/Oct/2023:14:02:22 -0500] "GET /BLA/boletinlegal/ HTTP/1.1" 200 60531
207.46.13.155 - - [15/Oct/2023:14:05:27 -0500] "GET /BLA/resoluciones/RESOLUCIONES%202022/0031.pdf HTTP/1.1" 200 562548
216.245.221.92 - - [15/Oct/2023:14:05:56 -0500] "HEAD / HTTP/1.1" 200 -
201.245.192.253 - - [15/Oct/2023:14:07:09 -0500] "POST /kwsrmcab/Wsrmcab  HTTP/1.1" 200 42851
172.22.2.4 - - [15/Oct/2023:14:07:22 -0500] "HEAD /BLA/boletinlegal/ HTTP/1.1" 200 -
172.22.2.4 - - [15/Oct/2023:14:08:13 -0500] "GET /BLA/boletinlegal/ HTTP/1.1" 200 58155
35.189.0.128 - - [15/Oct/2023:14:10:37 -0500] "\x16\x03\x01" 400 226
35.189.0.128 - - [15/Oct/2023:14:10:40 -0500] "OPTIONS / HTTP/1.0" 200 -
216.245.221.92 - - [15/Oct/2023:14:10:56 -0500] "HEAD / HTTP/1.1" 200 -
216.244.66.195 - - [15/Oct/2023:14:11:14 -0500] "GET /robots.txt HTTP/1.1" 404 1018
201.245.192.253 - - [15/Oct/2023:14:12:08 -0500] "POST /kwsrmcab/Wsrmcab  HTTP/1.1" 200 42851
172.22.2.4 - - [15/Oct/2023:14:11:52 -0500] "GET /BLA/boletinlegal/ HTTP/1.1" 200 20427
114.119.136.243 - - [15/Oct/2023:14:12:30 -0500] "GET /BLA/resoluciones/index.php?dir=RESOLUCIONES%2B2006/&sort=size&order=asc HTTP/1.1" 200 13903
40.77.167.70 - - [15/Oct/2023:14:13:00 -0500] "GET /BLA/resoluciones/RESOLUCIONES%202007/RES%202007%203201%20AL%203300/RESOLUCION%203232%20DE%202007.pdf HTTP/1.1" 200 608479
114.119.135.63 - - [15/Oct/2023:14:13:53 -0500] "GET /BLA/resoluciones/index.php?dir=Notificaciones/AUTOS%2B2016/&sort=date&order=asc HTTP/1.1" 200 13944
20.15.133.172 - - [15/Oct/2023:14:14:01 -0500] "GET /robots.txt HTTP/1.1" 404 1018
20.15.133.163 - - [15/Oct/2023:14:14:01 -0500] "GET /bla/resoluciones/autos%202010/2353.pdf HTTP/1.1" 200 1657173
172.22.2.4 - - [15/Oct/2023:14:13:12 -0500] "HEAD /BLA/boletinlegal/ HTTP/1.1" 200 -
114.119.166.95 - - [15/Oct/2023:14:15:02 -0500] "GET /portalsiaccapacitaciones/Soportes%20Capacitaciones%202017/protocolo_spanish.pdf HTTP/1.1" 200 6397694
172.22.2.4 - - [15/Oct/2023:14:14:02 -0500] "GET /BLA/boletinlegal/ HTTP/1.1" 200 57802
216.245.221.92 - - [15/Oct/2023:14:15:56 -0500] "HEAD / HTTP/1.1" 200 -
114.119.141.42 - - [15/Oct/2023:14:16:09 -0500] "GET /portalsiaccapacitaciones/Listas%20de%20Asistencia%202015/L.A-MT9-16Jun2015.pdf HTTP/1.1" 200 685835
173.252.79.117 - - [15/Oct/2023:14:16:32 -0500] "GET /images/reunion-planta-termovalorizacion-11-mayo.jpg HTTP/1.1" 200 34782
162.55.35.116 - - [15/Oct/2023:14:16:37 -0500] "GET / HTTP/1.1" 200 319
162.55.35.116 - - [15/Oct/2023:14:16:38 -0500] "GET / HTTP/1.1" 200 4720
173.252.87.6 - - [15/Oct/2023:14:16:44 -0500] "GET /bogota-tendra-la-primera-planta-de-termovalorizacion-de-colombia-la-cual-convertira-los-residuos-en-energia-para-la-ciudad.html HTTP/1.1" 200 883
201.245.192.253 - - [15/Oct/2023:14:17:07 -0500] "POST /kwsrmcab/Wsrmcab  HTTP/1.1" 200 42851
114.119.148.1 - - [15/Oct/2023:14:17:30 -0500] "GET /BLA/resoluciones/index.php?dir=AUTOS%2B2008/&sort=date&order=desc HTTP/1.1" 200 13881
201.245.192.253 - - [15/Oct/2023:14:17:51 -0500] "POST /kwsrmcab/Wsrmcab HTTP/1.1" 200 40712
201.245.192.253 - - [15/Oct/2023:14:17:54 -0500] "POST /kwsrmcab/Wsrmcab HTTP/1.1" 200 41276
66.249.66.37 - - [15/Oct/2023:14:20:23 -0500] "GET /cuales-son-los-tramites-ambientales-mas-solicitados-de-bogota.html HTTP/1.1" 304 -
172.22.2.4 - - [15/Oct/2023:14:19:02 -0500] "HEAD /BLA/boletinlegal/ HTTP/1.1" 200 -
216.245.221.92 - - [15/Oct/2023:14:20:56 -0500] "HEAD / HTTP/1.1" 200 -
66.249.66.19 - - [15/Oct/2023:14:21:09 -0500] "GET /BLA/resoluciones/AUTOS%202016/0282.pdf HTTP/1.1" 200 586234
52.68.0.227 - - [15/Oct/2023:14:21:29 -0500] "GET /galeria/nivo-slider/demo/images/buses-chimenea.jpg HTTP/1.1" 200 144235
172.22.2.4 - - [15/Oct/2023:14:19:52 -0500] "GET /BLA/boletinlegal/ HTTP/1.1" 200 58155
201.245.192.253 - - [15/Oct/2023:14:22:06 -0500] "POST /kwsrmcab/Wsrmcab  HTTP/1.1" 200 42851
216.245.221.92 - - [15/Oct/2023:14:25:56 -0500] "HEAD / HTTP/1.1" 200 -
172.22.2.4 - - [15/Oct/2023:14:24:52 -0500] "HEAD /BLA/boletinlegal/ HTTP/1.1" 200 -
114.119.156.134 - - [15/Oct/2023:14:26:50 -0500] "GET /portalsiaccapacitaciones/Soportes%20Capacitaciones%202017/Presentacin%20Cambio%20Climtico.pdf HTTP/1.1" 404 1272
201.245.192.253 - - [15/Oct/2023:14:27:05 -0500] "POST /kwsrmcab/Wsrmcab  HTTP/1.1" 200 42851
172.22.2.4 - - [15/Oct/2023:14:25:43 -0500] "GET /BLA/boletinlegal/ HTTP/1.1" 200 60531
201.245.192.253 - - [15/Oct/2023:14:27:51 -0500] "POST /kwsrmcab/Wsrmcab HTTP/1.1" 200 40712
201.245.192.253 - - [15/Oct/2023:14:27:53 -0500] "POST /kwsrmcab/Wsrmcab HTTP/1.1" 200 41276
114.119.149.199 - - [15/Oct/2023:14:28:35 -0500] "GET /BLA/resoluciones/index.php?dir=Notificaciones/AUTOS%2B2016/&sort=name&order=desc HTTP/1.1" 200 13943
35.204.41.171 - - [15/Oct/2023:14:28:42 -0500] "GET /caminatas-ecologicas-un-plan-imperdible-para-octubre.html HTTP/1.1" 200 747
114.119.137.70 - - [15/Oct/2023:14:29:17 -0500] "GET /BLA/resoluciones/index.php?dir=Notificaciones/AUTOS%2B0022/&sort=size&order=asc HTTP/1.1" 200 13944
172.22.2.4 - - [15/Oct/2023:14:30:02 -0500] "GET /BLA/boletinlegal/Circulares/2021/CIRCULAR%20No.%2000009%20DEL%2001%20DE%20OCTUBRE%20DEL%202021.pdf HTTP/1.1" 200 320793
216.245.221.92 - - [15/Oct/2023:14:30:56 -0500] "HEAD / HTTP/1.1" 200 -
114.119.147.73 - - [15/Oct/2023:14:31:27 -0500] "GET /BLA/resoluciones/index.php?dir=Notificaciones/&sort=name&order=asc HTTP/1.1" 200 11650
201.245.192.253 - - [15/Oct/2023:14:32:04 -0500] "POST /kwsrmcab/Wsrmcab  HTTP/1.1" 200 42851
172.22.2.4 - - [15/Oct/2023:14:30:42 -0500] "HEAD /BLA/boletinlegal/ HTTP/1.1" 200 -
114.119.133.190 - - [15/Oct/2023:14:32:43 -0500] "GET /BLA/resoluciones/index.php?dir=RESOLUCIONES%2B2000/ HTTP/1.1" 200 13903
172.22.2.4 - - [15/Oct/2023:14:31:32 -0500] "GET /BLA/boletinlegal/ HTTP/1.1" 200 57802
114.119.159.40 - - [15/Oct/2023:14:33:33 -0500] "GET /BLA/resoluciones/index.php?dir=Notificaciones/AUTOS%2B1985/&sort=date&order=desc HTTP/1.1" 200 13943
185.150.251.131 - - [15/Oct/2023:14:33:49 -0500] "GET / HTTP/1.1" 200 319
114.119.157.196 - - [15/Oct/2023:14:35:16 -0500] "GET /BLA/resoluciones/index.php?dir=RESOLUCIONES%2B1998/&sort=date&order=desc HTTP/1.1" 200 13902
216.245.221.92 - - [15/Oct/2023:14:35:56 -0500] "HEAD / HTTP/1.1" 200 -
114.119.139.104 - - [15/Oct/2023:14:36:47 -0500] "GET /BLA/resoluciones/index.php?dir=AUTOS%2B2014/&sort=date&order=desc HTTP/1.1" 200 13881
201.245.192.253 - - [15/Oct/2023:14:37:03 -0500] "POST /kwsrmcab/Wsrmcab  HTTP/1.1" 200 42851
157.90.251.233 - - [15/Oct/2023:14:37:43 -0500] "GET / HTTP/1.1" 200 319
157.90.251.233 - - [15/Oct/2023:14:37:44 -0500] "GET / HTTP/1.1" 200 4720
201.245.192.253 - - [15/Oct/2023:14:37:51 -0500] "POST /kwsrmcab/Wsrmcab HTTP/1.1" 200 40712
201.245.192.253 - - [15/Oct/2023:14:37:54 -0500] "POST /kwsrmcab/Wsrmcab HTTP/1.1" 200 41276
172.22.2.4 - - [15/Oct/2023:14:36:32 -0500] "HEAD /BLA/boletinlegal/ HTTP/1.1" 200 -
186.171.11.200 - - [15/Oct/2023:14:38:22 -0500] "GET /BLA/resoluciones/index.php?dir=AUTOS+2016%2F HTTP/1.1" 200 331625
114.119.143.187 - - [15/Oct/2023:14:38:23 -0500] "GET /BLA/resoluciones/index.php?dir=AUTOS%2B2012/&sort=size&order=desc HTTP/1.1" 200 13881
172.22.2.4 - - [15/Oct/2023:14:37:22 -0500] "GET /BLA/boletinlegal/ HTTP/1.1" 200 57802
51.222.253.20 - - [15/Oct/2023:14:39:19 -0500] "GET /galeria/galeria/jquery.fancybox.css?v=2.1.5 HTTP/1.1" 200 4895
216.245.221.92 - - [15/Oct/2023:14:40:56 -0500] "HEAD / HTTP/1.1" 200 -
201.245.192.253 - - [15/Oct/2023:14:42:02 -0500] "POST /kwsrmcab/Wsrmcab  HTTP/1.1" 200 42851
173.252.95.117 - - [15/Oct/2023:14:43:11 -0500] "GET /calidad-del-aire-en-bogota-afectada-de-nuevo-por-incendios-forestales-se-decreta-alerta-fase-1.html HTTP/1.1" 200 1057
216.244.66.195 - - [15/Oct/2023:14:43:51 -0500] "GET /BLA/resoluciones/AUTOS%202013/2304.pdf HTTP/1.1" 200 549094
216.244.66.195 - - [15/Oct/2023:14:43:57 -0500] "GET /BLA/resoluciones/AUTOS%202013/2411.pdf HTTP/1.1" 200 1097718
172.22.2.4 - - [15/Oct/2023:14:42:22 -0500] "HEAD /BLA/boletinlegal/ HTTP/1.1" 200 -
216.244.66.195 - - [15/Oct/2023:14:44:03 -0500] "GET /BLA/resoluciones/AUTOS%202013/2493.pdf HTTP/1.1" 200 876432
216.244.66.195 - - [15/Oct/2023:14:44:07 -0500] "GET /BLA/resoluciones/AUTOS%202013/2626.pdf HTTP/1.1" 200 838174
216.244.66.195 - - [15/Oct/2023:14:44:12 -0500] "GET /BLA/resoluciones/AUTOS%202013/2780.pdf HTTP/1.1" 200 372100
216.244.66.195 - - [15/Oct/2023:14:44:16 -0500] "GET /BLA/resoluciones/AUTOS%202014/0827.pdf HTTP/1.1" 200 229859
216.244.66.195 - - [15/Oct/2023:14:44:19 -0500] "GET /BLA/resoluciones/AUTOS%202014/2214.pdf HTTP/1.1" 200 485908
216.244.66.195 - - [15/Oct/2023:14:44:22 -0500] "GET /BLA/resoluciones/AUTOS%202019/0038.pdf HTTP/1.1" 200 328407
216.244.66.195 - - [15/Oct/2023:14:44:25 -0500] "GET /BLA/resoluciones/AUTOS%202019/0899.pdf HTTP/1.1" 200 267652
216.244.66.195 - - [15/Oct/2023:14:44:28 -0500] "GET /BLA/resoluciones/AUTOS%202019/1223.pdf HTTP/1.1" 200 286451
216.244.66.195 - - [15/Oct/2023:14:44:31 -0500] "GET /BLA/resoluciones/AUTOS%202019/2057.pdf HTTP/1.1" 200 256947
216.244.66.195 - - [15/Oct/2023:14:44:34 -0500] "GET /BLA/resoluciones/AUTOS%202019/2058.pdf HTTP/1.1" 200 254494
216.244.66.195 - - [15/Oct/2023:14:44:37 -0500] "GET /BLA/resoluciones/AUTOS%202019/2712.pdf HTTP/1.1" 200 278765
216.244.66.195 - - [15/Oct/2023:14:44:40 -0500] "GET /BLA/resoluciones/AUTOS%202019/2917.pdf HTTP/1.1" 200 271581
172.22.2.4 - - [15/Oct/2023:14:43:12 -0500] "GET /BLA/boletinlegal/ HTTP/1.1" 200 60175
216.244.66.195 - - [15/Oct/2023:14:45:32 -0500] "GET /BLA/resoluciones/AUTOS%202017/3709.pdf HTTP/1.1" 200 322104
216.244.66.195 - - [15/Oct/2023:14:45:37 -0500] "GET /BLA/resoluciones/AUTOS%202018/0073.pdf HTTP/1.1" 200 294466
216.244.66.195 - - [15/Oct/2023:14:45:43 -0500] "GET /BLA/resoluciones/RESOLUCIONES%202009/3914.pdf HTTP/1.1" 200 418596
216.245.221.92 - - [15/Oct/2023:14:45:56 -0500] "HEAD / HTTP/1.1" 200 -
216.244.66.195 - - [15/Oct/2023:14:45:57 -0500] "GET /BLA/resoluciones/RESOLUCIONES%202011/0258.pdf HTTP/1.1" 200 292609
216.244.66.195 - - [15/Oct/2023:14:46:11 -0500] "GET /BLA/resoluciones/RESOLUCIONES%202011/0478.pdf HTTP/1.1" 200 115060
216.244.66.195 - - [15/Oct/2023:14:46:22 -0500] "GET /BLA/resoluciones/RESOLUCIONES%202011/0641.pdf HTTP/1.1" 200 348679
114.119.162.62 - - [15/Oct/2023:14:46:26 -0500] "GET /BLA/resoluciones/index.php?dir=RESOLUCIONES%2B1996/&sort=date&order=desc HTTP/1.1" 200 13902
216.244.66.195 - - [15/Oct/2023:14:46:33 -0500] "GET /BLA/resoluciones/RESOLUCIONES%202011/0878.pdf HTTP/1.1" 200 282079
216.244.66.195 - - [15/Oct/2023:14:46:42 -0500] "GET /BLA/resoluciones/RESOLUCIONES%202011/0968.pdf HTTP/1.1" 200 442366
216.244.66.195 - - [15/Oct/2023:14:47:02 -0500] "GET /BLA/resoluciones/RESOLUCIONES%202011/1115.pdf HTTP/1.1" 200 269908
201.245.192.253 - - [15/Oct/2023:14:47:01 -0500] "POST /kwsrmcab/Wsrmcab  HTTP/1.1" 200 42851
216.244.66.195 - - [15/Oct/2023:14:47:18 -0500] "GET /BLA/resoluciones/RESOLUCIONES%202011/1248.pdf HTTP/1.1" 200 237047
216.244.66.195 - - [15/Oct/2023:14:47:32 -0500] "GET /BLA/resoluciones/RESOLUCIONES%202011/1305.pdf HTTP/1.1" 200 68875
216.244.66.195 - - [15/Oct/2023:14:47:46 -0500] "GET /BLA/resoluciones/RESOLUCIONES%202011/1588.pdf HTTP/1.1" 200 74629
216.244.66.195 - - [15/Oct/2023:14:47:58 -0500] "GET /BLA/resoluciones/RESOLUCIONES%202011/1625.pdf HTTP/1.1" 200 74711
216.244.66.195 - - [15/Oct/2023:14:48:10 -0500] "GET /BLA/resoluciones/RESOLUCIONES%202011/2301.pdf HTTP/1.1" 200 315062
216.244.66.195 - - [15/Oct/2023:14:48:21 -0500] "GET /BLA/resoluciones/RESOLUCIONES%202011/2334.pdf HTTP/1.1" 200 294990
216.244.66.195 - - [15/Oct/2023:14:48:41 -0500] "GET /BLA/resoluciones/RESOLUCIONES%202013/2786.pdf HTTP/1.1" 200 766949
216.244.66.195 - - [15/Oct/2023:14:49:32 -0500] "GET /galeria/galeria/fotos/Movilizacion7G.jpg HTTP/1.1" 200 142134
172.22.2.4 - - [15/Oct/2023:14:48:12 -0500] "HEAD /BLA/boletinlegal/ HTTP/1.1" 200 -
172.226.13.224 - - [15/Oct/2023:14:49:55 -0500] "GET /sipse/faces/faces/faces/index.xhtml HTTP/1.1" 200 677
172.226.13.224 - - [15/Oct/2023:14:49:56 -0500] "GET /sipse/faces/javax.faces.resource/theme.css?ln=primefaces-sipse HTTP/1.1" 304 -
172.226.13.224 - - [15/Oct/2023:14:49:56 -0500] "GET /sipse/faces/faces/faces/faces/autenticacion.xhtml HTTP/1.1" 200 12405
172.226.13.224 - - [15/Oct/2023:14:49:56 -0500] "GET /sipse/css/custom_css_sg.css HTTP/1.1" 304 -
172.226.13.224 - - [15/Oct/2023:14:49:56 -0500] "GET /sipse/faces/javax.faces.resource/theme.css?ln=primefaces-sipse HTTP/1.1" 304 -
172.226.13.224 - - [15/Oct/2023:14:49:56 -0500] "GET /sipse/css/custom_css_sg_prime_login.css HTTP/1.1" 304 -
172.226.13.224 - - [15/Oct/2023:14:49:56 -0500] "GET /sipse/faces/javax.faces.resource/primefaces.css?ln=primefaces&v=4.0 HTTP/1.1" 304 -
172.226.13.224 - - [15/Oct/2023:14:49:56 -0500] "GET /sipse/js/disable_browser_buttons.js HTTP/1.1" 304 -
172.226.13.224 - - [15/Oct/2023:14:49:56 -0500] "GET /sipse/js/funciones.js HTTP/1.1" 304 -
172.226.13.224 - - [15/Oct/2023:14:49:56 -0500] "GET /sipse/faces/javax.faces.resource/layout/layout.css?ln=primefaces&v=4.0 HTTP/1.1" 304 -
172.226.13.224 - - [15/Oct/2023:14:49:56 -0500] "GET /sipse/faces/javax.faces.resource/jquery/jquery.js?ln=primefaces&v=4.0 HTTP/1.1" 304 -
172.226.13.224 - - [15/Oct/2023:14:49:56 -0500] "GET /sipse/faces/javax.faces.resource/primefaces.js?ln=primefaces&v=4.0 HTTP/1.1" 304 -
172.226.13.224 - - [15/Oct/2023:14:49:56 -0500] "GET /sipse/faces/javax.faces.resource/jquery/jquery-plugins.js?ln=primefaces&v=4.0 HTTP/1.1" 304 -
172.226.13.224 - - [15/Oct/2023:14:49:56 -0500] "GET /sipse/faces/javax.faces.resource/layout/layout.js?ln=primefaces&v=4.0 HTTP/1.1" 304 -
172.226.13.224 - - [15/Oct/2023:14:49:57 -0500] "GET /sipse/css/imagen/logoSDG.png HTTP/1.1" 304 -
172.226.13.224 - - [15/Oct/2023:14:49:57 -0500] "GET /sipse/css/imagen/loginimg.png HTTP/1.1" 304 -
172.226.13.224 - - [15/Oct/2023:14:49:57 -0500] "GET /sipse/faces/javax.faces.resource/images/ui-icons_898989_256x240.png?ln=primefaces-aristo HTTP/1.1" 304 -
172.22.2.4 - - [15/Oct/2023:14:49:02 -0500] "GET /BLA/boletinlegal/ HTTP/1.1" 200 52532
216.245.221.92 - - [15/Oct/2023:14:50:56 -0500] "HEAD / HTTP/1.1" 200 -
201.245.192.253 - - [15/Oct/2023:14:52:00 -0500] "POST /kwsrmcab/Wsrmcab  HTTP/1.1" 200 42851
157.55.39.200 - - [15/Oct/2023:14:55:03 -0500] "GET /Publicaciones/2023EE223674.pdf HTTP/1.1" 404 228
172.22.2.4 - - [15/Oct/2023:14:54:02 -0500] "HEAD /BLA/boletinlegal/ HTTP/1.1" 200 -
216.245.221.92 - - [15/Oct/2023:14:55:56 -0500] "HEAD / HTTP/1.1" 200 -
172.22.2.4 - - [15/Oct/2023:14:54:52 -0500] "GET /BLA/boletinlegal/ HTTP/1.1" 200 57802
201.245.192.253 - - [15/Oct/2023:14:56:59 -0500] "POST /kwsrmcab/Wsrmcab  HTTP/1.1" 200 42851
40.77.167.32 - - [15/Oct/2023:14:59:23 -0500] "GET /BLA/resoluciones/AUTOS%202018/5825.pdf HTTP/1.1" 200 248721
186.155.17.13 - - [15/Oct/2023:15:00:25 -0500] "GET /2EF8E3DF-30F3-4066-90C5-69DE2633DD99WzlKwTWdixP2WmMC0P6fPWikSuLhvd2IUPGv-vpNbXSLomQAKC45loq3JsCq-ockCgIl6q6d6RiTwjMJLz8Ixw/init?data=eyJ1cmwiOiJodHRwOi8vMTkwLjI3LjI0NS4xMDYvc2lwc2UvZmFjZXMvaW5kZXgueGh0bWwiLCJwbHVnaW5zIjoid3NtJndzYyZ3bnQmY2EmcGMmdWEmY2ImeGhyX2NvbnRlbnQiLCJkYXRhIjp7ImRhdGEiOlt7InBsdWdpbiI6IndzbSIsInBhcmFtZXRlcnMiOiJ7XCJyZWZlcnJlclwiOlwiaHR0cDovLzE5MC4yNy4yNDUuMTA2L3NpcHNlL2ZhY2VzL2F1dGVudGljYWNpb24ueGh0bWxcIixcInN0dWJJZFwiOlwiXCJ9In0seyJwbHVnaW4iOiJ3bnQiLCJwYXJhbWV0ZXJzIjoie1wicmVmZXJyZXJcIjpcImh0dHA6Ly8xOTAuMjcuMjQ1LjEwNi9zaXBzZS9mYWNlcy9hdXRlbnRpY2FjaW9uLnhodG1sXCJ9In0seyJwbHVnaW4iOiJ4aHJfY29udGVudCIsInBhcmFtZXRlcnMiOiJ7XCJyZWZlcnJlclwiOlwiaHR0cDovLzE5MC4yNy4yNDUuMTA2L3NpcHNlL2ZhY2VzL2F1dGVudGljYWNpb24ueGh0bWxcIn0ifV19LCJpc1RvcExldmVsIjp0cnVlLCJwYWdlU3RhcnRUaW1lIjoxNjk3MzA5MTgzNDUyfQ%3D%3D&nocache=1b3b4 HTTP/1.1" 404 1292
186.155.17.13 - - [15/Oct/2023:15:00:25 -0500] "GET /2EF8E3DF-30F3-4066-90C5-69DE2633DD99wv5hMReIEZIHxcVgu3rI_X8ENXE2EezxSDWeKMXnqGe8cm_KuAd0xIzmju3sboDpok6YNBedLmM_JURGnTpGrA/init?data=eyJ1cmwiOiJodHRwOi8vMTkwLjI3LjI0NS4xMDYvc2lwc2UvZmFjZXMvcHJlc2VudGFjaW9uL2ZpbmFuY2llcm8vc29saWNpdHVkQW51bGFjaW9uL3NvbGljaXR1ZEFudWxhY2lvbi54aHRtbCIsInBsdWdpbnMiOiJ3c20md3NjJndudCZjYSZwYyZ1YSZjYiZ4aHJfY29udGVudCIsImRhdGEiOnsiZGF0YSI6W3sicGx1Z2luIjoid3NtIiwicGFyYW1ldGVycyI6IntcInJlZmVycmVyXCI6XCJodHRwOi8vMTkwLjI3LjI0NS4xMDYvc2lwc2UvZmFjZXMvcHJlc2VudGFjaW9uL2ZpbmFuY2llcm8vc29saWNpdHVkQW51bGFjaW9uL2NvbnN1bHRhclNvbGljaXR1ZEFudWxhY2lvbi54aHRtbFwiLFwic3R1YklkXCI6XCJcIn0ifSx7InBsdWdpbiI6IndudCIsInBhcmFtZXRlcnMiOiJ7XCJyZWZlcnJlclwiOlwiaHR0cDovLzE5MC4yNy4yNDUuMTA2L3NpcHNlL2ZhY2VzL3ByZXNlbnRhY2lvbi9maW5hbmNpZXJvL3NvbGljaXR1ZEFudWxhY2lvbi9jb25zdWx0YXJTb2xpY2l0dWRBbnVsYWNpb24ueGh0bWxcIn0ifSx7InBsdWdpbiI6Inhocl9jb250ZW50IiwicGFyYW1ldGVycyI6IntcInJlZmVycmVyXCI6XCJodHRwOi8vMTkwLjI3LjI0NS4xMDYvc2lwc2UvZmFjZXMvcHJlc2VudGFjaW9uL2ZpbmFuY2llcm8vc29saWNpdHVkQW51bGFjaW9uL2NvbnN1bHRhclNvbGljaXR1ZEFudWxhY2lvbi54aHRtbFwifSJ9XX0sImlzVG9wTGV2ZWwiOnRydWUsInBhZ2VTdGFydFRpbWUiOjE2OTczMDkxOTc2ODR9&nocache=169fc HTTP/1.1" 404 1404
186.155.17.13 - - [15/Oct/2023:15:00:25 -0500] "GET /2EF8E3DF-30F3-4066-90C5-69DE2633DD99WzlKwTWdixP2WmMC0P6fPWikSuLhvd2IUPGv-vpNbXSLomQAKC45loq3JsCq-ockCgIl6q6d6RiTwjMJLz8Ixw/websocket?url=aHR0cDovLzE5MC4yNy4yNDUuMTA2L3NpcHNlL2ZhY2VzL2luZGV4LnhodG1s&nocache=1697399981315 HTTP/1.1" 404 1120
186.155.17.13 - - [15/Oct/2023:15:00:25 -0500] "GET /2EF8E3DF-30F3-4066-90C5-69DE2633DD99WzlKwTWdixP2WmMC0P6fPWikSuLhvd2IUPGv-vpNbXSLomQAKC45loq3JsCq-ockCgIl6q6d6RiTwjMJLz8Ixw/init?data=eyJ1cmwiOiJodHRwOi8vMTkwLjI3LjI0NS4xMDYvc2lwc2UvZmFjZXMvaW5kZXgueGh0bWwiLCJwbHVnaW5zIjoid3NtJndzYyZ3bnQmY2EmcGMmdWEmY2ImeGhyX2NvbnRlbnQiLCJkYXRhIjp7ImRhdGEiOlt7InBsdWdpbiI6IndzbSIsInBhcmFtZXRlcnMiOiJ7XCJyZWZlcnJlclwiOlwiaHR0cDovLzE5MC4yNy4yNDUuMTA2L3NpcHNlL2ZhY2VzL2F1dGVudGljYWNpb24ueGh0bWxcIixcInN0dWJJZFwiOlwiXCJ9In0seyJwbHVnaW4iOiJ3bnQiLCJwYXJhbWV0ZXJzIjoie1wicmVmZXJyZXJcIjpcImh0dHA6Ly8xOTAuMjcuMjQ1LjEwNi9zaXBzZS9mYWNlcy9hdXRlbnRpY2FjaW9uLnhodG1sXCJ9In0seyJwbHVnaW4iOiJ4aHJfY29udGVudCIsInBhcmFtZXRlcnMiOiJ7XCJyZWZlcnJlclwiOlwiaHR0cDovLzE5MC4yNy4yNDUuMTA2L3NpcHNlL2ZhY2VzL2F1dGVudGljYWNpb24ueGh0bWxcIn0ifV19LCJpc1RvcExldmVsIjp0cnVlLCJwYWdlU3RhcnRUaW1lIjoxNjk3MzA5MTgzNDUyfQ%3D%3D&nocache=1330d HTTP/1.1" 404 1292
186.155.17.13 - - [15/Oct/2023:15:00:26 -0500] "GET /2EF8E3DF-30F3-4066-90C5-69DE2633DD99wv5hMReIEZIHxcVgu3rI_X8ENXE2EezxSDWeKMXnqGe8cm_KuAd0xIzmju3sboDpok6YNBedLmM_JURGnTpGrA/websocket?url=aHR0cDovLzE5MC4yNy4yNDUuMTA2L3NpcHNlL2ZhY2VzL3ByZXNlbnRhY2lvbi9maW5hbmNpZXJvL3NvbGljaXR1ZEFudWxhY2lvbi9zb2xpY2l0dWRBbnVsYWNpb24ueGh0bWw%3D&nocache=1697399981319 HTTP/1.1" 404 1120
186.155.17.13 - - [15/Oct/2023:15:00:26 -0500] "GET /2EF8E3DF-30F3-4066-90C5-69DE2633DD99wv5hMReIEZIHxcVgu3rI_X8ENXE2EezxSDWeKMXnqGe8cm_KuAd0xIzmju3sboDpok6YNBedLmM_JURGnTpGrA/init?data=eyJ1cmwiOiJodHRwOi8vMTkwLjI3LjI0NS4xMDYvc2lwc2UvZmFjZXMvcHJlc2VudGFjaW9uL2ZpbmFuY2llcm8vc29saWNpdHVkQW51bGFjaW9uL3NvbGljaXR1ZEFudWxhY2lvbi54aHRtbCIsInBsdWdpbnMiOiJ3c20md3NjJndudCZjYSZwYyZ1YSZjYiZ4aHJfY29udGVudCIsImRhdGEiOnsiZGF0YSI6W3sicGx1Z2luIjoid3NtIiwicGFyYW1ldGVycyI6IntcInJlZmVycmVyXCI6XCJodHRwOi8vMTkwLjI3LjI0NS4xMDYvc2lwc2UvZmFjZXMvcHJlc2VudGFjaW9uL2ZpbmFuY2llcm8vc29saWNpdHVkQW51bGFjaW9uL2NvbnN1bHRhclNvbGljaXR1ZEFudWxhY2lvbi54aHRtbFwiLFwic3R1YklkXCI6XCJcIn0ifSx7InBsdWdpbiI6IndudCIsInBhcmFtZXRlcnMiOiJ7XCJyZWZlcnJlclwiOlwiaHR0cDovLzE5MC4yNy4yNDUuMTA2L3NpcHNlL2ZhY2VzL3ByZXNlbnRhY2lvbi9maW5hbmNpZXJvL3NvbGljaXR1ZEFudWxhY2lvbi9jb25zdWx0YXJTb2xpY2l0dWRBbnVsYWNpb24ueGh0bWxcIn0ifSx7InBsdWdpbiI6Inhocl9jb250ZW50IiwicGFyYW1ldGVycyI6IntcInJlZmVycmVyXCI6XCJodHRwOi8vMTkwLjI3LjI0NS4xMDYvc2lwc2UvZmFjZXMvcHJlc2VudGFjaW9uL2ZpbmFuY2llcm8vc29saWNpdHVkQW51bGFjaW9uL2NvbnN1bHRhclNvbGljaXR1ZEFudWxhY2lvbi54aHRtbFwifSJ9XX0sImlzVG9wTGV2ZWwiOnRydWUsInBhZ2VTdGFydFRpbWUiOjE2OTczMDkxOTc2ODR9&nocache=1bb4b HTTP/1.1" 404 1404
216.245.221.92 - - [15/Oct/2023:15:00:56 -0500] "HEAD / HTTP/1.1" 200 -
172.22.2.4 - - [15/Oct/2023:14:59:52 -0500] "HEAD /BLA/boletinlegal/ HTTP/1.1" 200 -
20.254.25.20 - - [15/Oct/2023:15:01:41 -0500] "GET /.git/config HTTP/1.1" 404 1018
201.245.192.253 - - [15/Oct/2023:15:01:57 -0500] "POST /kwsrmcab/Wsrmcab  HTTP/1.1" 200 42851
172.22.2.4 - - [15/Oct/2023:15:00:42 -0500] "GET /BLA/boletinlegal/ HTTP/1.1" 200 57802
52.167.144.187 - - [15/Oct/2023:15:04:03 -0500] "GET /BLA/resoluciones/RESOLUCIONES%202007/RES%202007%203201%20AL%203300/RESOLUCION%203201%20DE%202007.pdf HTTP/1.1" 200 235006
216.244.66.195 - - [15/Oct/2023:15:04:21 -0500] "GET /robots.txt HTTP/1.1" 404 1018
66.249.66.38 - - [15/Oct/2023:15:05:23 -0500] "GET /inscribete-y-participa-en-la-convencion-internacional-de-emergencia-climatica-bogota-2023.html HTTP/1.1" 304 -
216.245.221.92 - - [15/Oct/2023:15:05:56 -0500] "HEAD / HTTP/1.1" 200 -
114.119.157.3 - - [15/Oct/2023:15:06:17 -0500] "GET /portalsiaccapacitaciones/Listas%20de%20Asistencia%202015/LA%2006-04-2015.pdf HTTP/1.1" 200 2194159
201.245.192.253 - - [15/Oct/2023:15:06:56 -0500] "POST /kwsrmcab/Wsrmcab  HTTP/1.1" 200 42851
172.22.2.4 - - [15/Oct/2023:15:05:42 -0500] "HEAD /BLA/boletinlegal/ HTTP/1.1" 200 -
114.119.131.46 - - [15/Oct/2023:15:07:40 -0500] "GET /BLA/resoluciones/index.php?dir=RESOLUCIONES%2B2023/&sort=name&order=desc HTTP/1.1" 200 13902
172.22.2.4 - - [15/Oct/2023:15:06:33 -0500] "GET /BLA/boletinlegal/ HTTP/1.1" 200 59429
66.249.66.166 - - [15/Oct/2023:15:08:54 -0500] "GET /portaldeninos/ HTTP/1.1" 200 110175
66.249.66.164 - - [15/Oct/2023:15:08:56 -0500] "GET /portaldeninos/wp-content/themes/betheme/css/responsive.css?ver=20.9.6 HTTP/1.1" 200 55740
66.249.66.166 - - [15/Oct/2023:15:08:57 -0500] "GET /portaldeninos/wp-content/uploads/useanyfont/uaf.css?ver=1589905315 HTTP/1.1" 200 408
114.119.155.153 - - [15/Oct/2023:15:09:12 -0500] "GET /BLA/resoluciones/index.php?dir=Notificaciones/AUTOS%2B2018/&sort=size&order=asc HTTP/1.1" 200 13944
40.77.167.75 - - [15/Oct/2023:15:10:55 -0500] "GET /BLA/resoluciones/RESOLUCIONES%202007/RES%202007%203201%20AL%203300/RESOLUCION%203264%20DE%202007.pdf HTTP/1.1" 200 420685
216.245.221.92 - - [15/Oct/2023:15:10:56 -0500] "HEAD / HTTP/1.1" 200 -
40.77.167.2 - - [15/Oct/2023:15:11:24 -0500] "GET /sipse/faces/autenticacion.xhtml HTTP/1.1" 200 12727
114.119.138.239 - - [15/Oct/2023:15:11:36 -0500] "GET /BLA/resoluciones/index.php?dir=Notificaciones/RESOLUCIONES%2B0217/&sort=size&order=desc HTTP/1.1" 200 13964
114.119.144.84 - - [15/Oct/2023:15:11:46 -0500] "GET /BLA/resoluciones/index.php?dir=Notificaciones/AUTOS%2B2015/&sort=name&order=desc HTTP/1.1" 200 13943
201.245.192.253 - - [15/Oct/2023:15:11:55 -0500] "POST /kwsrmcab/Wsrmcab  HTTP/1.1" 200 42851
172.22.2.4 - - [15/Oct/2023:15:11:32 -0500] "HEAD /BLA/boletinlegal/ HTTP/1.1" 200 -
201.245.192.253 - - [15/Oct/2023:15:13:52 -0500] "GET /sipse/faces/faces/index.xhtml HTTP/1.1" 200 677
201.245.192.253 - - [15/Oct/2023:15:13:52 -0500] "GET /sipse/faces/javax.faces.resource/theme.css?ln=primefaces-sipse HTTP/1.1" 200 50058
201.245.192.253 - - [15/Oct/2023:15:13:52 -0500] "GET /sipse/faces/faces/faces/autenticacion.xhtml HTTP/1.1" 200 12405
201.245.192.253 - - [15/Oct/2023:15:13:53 -0500] "GET /sipse/css/custom_css_sg.css HTTP/1.1" 200 9694
201.245.192.253 - - [15/Oct/2023:15:13:53 -0500] "GET /sipse/css/custom_css_sg_prime_login.css HTTP/1.1" 200 443
201.245.192.253 - - [15/Oct/2023:15:13:53 -0500] "GET /sipse/faces/javax.faces.resource/theme.css?ln=primefaces-sipse HTTP/1.1" 304 -
201.245.192.253 - - [15/Oct/2023:15:13:53 -0500] "GET /sipse/faces/javax.faces.resource/layout/layout.css?ln=primefaces&v=4.0 HTTP/1.1" 200 542
201.245.192.253 - - [15/Oct/2023:15:13:53 -0500] "GET /sipse/js/disable_browser_buttons.js HTTP/1.1" 304 -
201.245.192.253 - - [15/Oct/2023:15:13:53 -0500] "GET /sipse/js/funciones.js HTTP/1.1" 304 -
201.245.192.253 - - [15/Oct/2023:15:13:53 -0500] "GET /sipse/faces/javax.faces.resource/jquery/jquery.js?ln=primefaces&v=4.0 HTTP/1.1" 304 -
201.245.192.253 - - [15/Oct/2023:15:13:53 -0500] "GET /sipse/faces/javax.faces.resource/jquery/jquery-plugins.js?ln=primefaces&v=4.0 HTTP/1.1" 304 -
201.245.192.253 - - [15/Oct/2023:15:13:53 -0500] "GET /sipse/faces/javax.faces.resource/primefaces.js?ln=primefaces&v=4.0 HTTP/1.1" 304 -
201.245.192.253 - - [15/Oct/2023:15:13:53 -0500] "GET /sipse/faces/javax.faces.resource/layout/layout.js?ln=primefaces&v=4.0 HTTP/1.1" 304 -
201.245.192.253 - - [15/Oct/2023:15:13:53 -0500] "GET /sipse/faces/javax.faces.resource/primefaces.css?ln=primefaces&v=4.0 HTTP/1.1" 200 53295
201.245.192.253 - - [15/Oct/2023:15:13:53 -0500] "GET /sipse/faces/javax.faces.resource/images/ui-icons_898989_256x240.png?ln=primefaces-aristo HTTP/1.1" 200 5355
201.245.192.253 - - [15/Oct/2023:15:13:53 -0500] "GET /sipse/css/imagen/logoSDG.png HTTP/1.1" 200 53064
201.245.192.253 - - [15/Oct/2023:15:13:53 -0500] "GET /sipse/css/imagen/loginimg.png HTTP/1.1" 200 71635
201.245.192.253 - - [15/Oct/2023:15:13:55 -0500] "POST /sipse/faces/autenticacion.xhtml HTTP/1.1" 200 2219
201.245.192.253 - - [15/Oct/2023:15:13:55 -0500] "GET /sipse/faces/javax.faces.resource/messages/messages.png?ln=primefaces&v=4.0 HTTP/1.1" 200 27209
201.245.192.253 - - [15/Oct/2023:15:13:56 -0500] "POST /sipse/faces/autenticacion.xhtml HTTP/1.1" 200 16469
201.245.192.253 - - [15/Oct/2023:15:13:56 -0500] "GET /sipse/css/custom_css_sg_prime.css HTTP/1.1" 200 5201
201.245.192.253 - - [15/Oct/2023:15:13:56 -0500] "GET /sipse/js/jquery.min.js HTTP/1.1" 304 -
201.245.192.253 - - [15/Oct/2023:15:13:56 -0500] "GET /sipse/faces/javax.faces.resource/jquery/jquery.js?ln=primefaces&v=4.0 HTTP/1.1" 304 -
201.245.192.253 - - [15/Oct/2023:15:13:56 -0500] "GET /sipse/faces/javax.faces.resource/jquery/jquery-plugins.js?ln=primefaces&v=4.0 HTTP/1.1" 304 -
201.245.192.253 - - [15/Oct/2023:15:13:56 -0500] "GET /sipse/faces/javax.faces.resource/primefaces.js?ln=primefaces&v=4.0 HTTP/1.1" 304 -
201.245.192.253 - - [15/Oct/2023:15:13:57 -0500] "GET /sipse/faces/javax.faces.resource/layout/layout.js?ln=primefaces&v=4.0 HTTP/1.1" 304 -
201.245.192.253 - - [15/Oct/2023:15:13:57 -0500] "GET /sipse/css/v_mergente.css HTTP/1.1" 200 1505
201.245.192.253 - - [15/Oct/2023:15:13:57 -0500] "GET /sipse/imagenes/cargando.gif HTTP/1.1" 200 36959
201.245.192.253 - - [15/Oct/2023:15:13:57 -0500] "GET /sipse/css/imagen/contrasena.png HTTP/1.1" 404 383
201.245.192.253 - - [15/Oct/2023:15:13:57 -0500] "GET /sipse/imagenes/logoAplicacion.jpg HTTP/1.1" 200 155084
201.245.192.253 - - [15/Oct/2023:15:13:59 -0500] "GET /sipse/faces/javax.faces.resource/images/ui-bg_flat_0_2d5972_40x100.png?ln=primefaces-aristo HTTP/1.1" 200 183
201.245.192.253 - - [15/Oct/2023:15:13:59 -0500] "POST /sipse/faces/bienvenido.xhtml HTTP/1.1" 200 2658
201.245.192.253 - - [15/Oct/2023:15:14:02 -0500] "POST /sipse/faces/bienvenido.xhtml HTTP/1.1" 200 2073
172.22.2.4 - - [15/Oct/2023:15:12:22 -0500] "GET /BLA/boletinlegal/ HTTP/1.1" 200 48270
201.245.192.253 - - [15/Oct/2023:15:14:03 -0500] "POST /sipse/faces/bienvenido.xhtml HTTP/1.1" 200 40858
201.245.192.253 - - [15/Oct/2023:15:14:03 -0500] "GET /sipse/faces/javax.faces.resource/jquery/jquery.js?ln=primefaces&v=4.0 HTTP/1.1" 304 -
201.245.192.253 - - [15/Oct/2023:15:14:03 -0500] "GET /sipse/faces/javax.faces.resource/jquery/jquery-plugins.js?ln=primefaces&v=4.0 HTTP/1.1" 304 -
201.245.192.253 - - [15/Oct/2023:15:14:03 -0500] "GET /sipse/faces/javax.faces.resource/primefaces.js?ln=primefaces&v=4.0 HTTP/1.1" 304 -
201.245.192.253 - - [15/Oct/2023:15:14:03 -0500] "GET /sipse/faces/javax.faces.resource/layout/layout.js?ln=primefaces&v=4.0 HTTP/1.1" 304 -
114.119.146.45 - - [15/Oct/2023:15:14:03 -0500] "GET /BLA/resoluciones/index.php?dir=RESOLUCIONES%2B2015/&sort=size&order=asc HTTP/1.1" 200 13903
201.245.192.253 - - [15/Oct/2023:15:14:07 -0500] "POST /sipse/faces/presentacion/financiero/solicitudProceso/consultar.xhtml HTTP/1.1" 200 12813
201.245.192.253 - - [15/Oct/2023:15:14:14 -0500] "POST /sipse/faces/presentacion/financiero/solicitudProceso/consultar.xhtml HTTP/1.1" 200 154178
201.245.192.253 - - [15/Oct/2023:15:14:14 -0500] "GET /sipse/faces/javax.faces.resource/jquery/jquery.js?ln=primefaces&v=4.0 HTTP/1.1" 304 -
201.245.192.253 - - [15/Oct/2023:15:14:14 -0500] "GET /sipse/faces/javax.faces.resource/jquery/jquery-plugins.js?ln=primefaces&v=4.0 HTTP/1.1" 304 -
201.245.192.253 - - [15/Oct/2023:15:14:14 -0500] "GET /sipse/faces/javax.faces.resource/primefaces.js?ln=primefaces&v=4.0 HTTP/1.1" 304 -
201.245.192.253 - - [15/Oct/2023:15:14:14 -0500] "GET /sipse/faces/javax.faces.resource/layout/layout.js?ln=primefaces&v=4.0 HTTP/1.1" 304 -
201.245.192.253 - - [15/Oct/2023:15:14:15 -0500] "GET /sipse/faces/javax.faces.resource/dynamiccontent.properties?ln=primefaces&pfdrid=XjOR5%2F%2FfPAZAuY9TpWQeCiM0BhlXxYRBGKi%2FQcXXfeA%3D&pfdrid_c=false HTTP/1.1" 500 383
114.119.129.205 - - [15/Oct/2023:15:14:53 -0500] "GET /BLA/resoluciones/index.php?dir=Notificaciones/AUTOS%2B2017/&sort=size&order=desc HTTP/1.1" 200 13943
114.119.147.58 - - [15/Oct/2023:15:15:18 -0500] "GET /robots.txt HTTP/1.1" 404 1018
201.245.192.253 - - [15/Oct/2023:15:15:28 -0500] "POST /sipse/faces/presentacion/financiero/solicitudProceso/consultarSolicitudProceso.xhtml HTTP/1.1" 200 226970
216.245.221.92 - - [15/Oct/2023:15:15:56 -0500] "HEAD / HTTP/1.1" 200 -
114.119.137.68 - - [15/Oct/2023:15:16:20 -0500] "GET /BLA/resoluciones/index.php?dir=AUTOS%2B2019/&sort=date&order=desc HTTP/1.1" 200 13881
201.245.192.253 - - [15/Oct/2023:15:16:55 -0500] "POST /kwsrmcab/Wsrmcab  HTTP/1.1" 200 42851
114.119.154.113 - - [15/Oct/2023:15:17:34 -0500] "GET /BLA/resoluciones/index.php?dir=AUTOS%2B2009/&sort=name&order=desc HTTP/1.1" 200 13881
201.245.192.253 - - [15/Oct/2023:15:17:51 -0500] "POST /kwsrmcab/Wsrmcab HTTP/1.1" 200 41003
201.245.192.253 - - [15/Oct/2023:15:17:53 -0500] "POST /kwsrmcab/Wsrmcab HTTP/1.1" 200 41273
172.22.2.4 - - [15/Oct/2023:15:17:22 -0500] "HEAD /BLA/boletinlegal/ HTTP/1.1" 200 -
66.249.66.168 - - [15/Oct/2023:15:19:12 -0500] "GET /BLA/boletinlegal/Directivas/2017/Directiva%20No.%2001%20del%2027%20de%20Junio%20de%202018.pdf HTTP/1.1" 304 -
114.119.133.201 - - [15/Oct/2023:15:19:20 -0500] "GET /BLA/resoluciones/index.php?dir=Notificaciones/REGISTROS%2B2014/&sort=name&order=desc HTTP/1.1" 200 13955
172.22.2.4 - - [15/Oct/2023:15:18:12 -0500] "GET /BLA/boletinlegal/ HTTP/1.1" 200 57802
31.13.127.14 - - [15/Oct/2023:15:19:55 -0500] "GET /images/mercados-campesinos-5-mayo.jpg HTTP/1.1" 200 95848
173.252.127.2 - - [15/Oct/2023:15:20:13 -0500] "GET /images/Zuque%20(1)%20(1).jpeg HTTP/1.1" 200 66921
114.119.133.194 - - [15/Oct/2023:15:20:32 -0500] "GET /portalsiaccapacitaciones/Listas%20de%20Asistencia%202015/L.A-MT7-11Jun2015.pdf HTTP/1.1" 200 1212057
216.245.221.92 - - [15/Oct/2023:15:20:56 -0500] "HEAD / HTTP/1.1" 200 -
114.119.158.82 - - [15/Oct/2023:15:21:50 -0500] "GET /BLA/resoluciones/index.php?dir=Notificaciones/REGISTROS%2B2014/&sort=size&order=desc HTTP/1.1" 200 13955
201.245.192.253 - - [15/Oct/2023:15:21:54 -0500] "POST /kwsrmcab/Wsrmcab  HTTP/1.1" 200 42851
173.252.111.6 - - [15/Oct/2023:15:22:17 -0500] "GET /participa-en-la-convocatoria-para-el-aseguramiento-metrologico-de-la-red-de-monitoreo-de-calidad-del-aire-de-bogota.html HTTP/1.1" 200 848
114.119.158.156 - - [15/Oct/2023:15:23:08 -0500] "GET /BLA/resoluciones/index.php?dir=AUTOS%2B2015/&sort=size&order=asc HTTP/1.1" 200 13882
114.119.131.206 - - [15/Oct/2023:15:24:48 -0500] "GET / HTTP/1.1" 200 319
172.22.2.4 - - [15/Oct/2023:15:23:12 -0500] "HEAD /BLA/boletinlegal/ HTTP/1.1" 200 -
172.22.2.4 - - [15/Oct/2023:15:24:02 -0500] "GET /BLA/boletinlegal/ HTTP/1.1" 200 57089
216.245.221.92 - - [15/Oct/2023:15:25:56 -0500] "HEAD / HTTP/1.1" 200 -
201.245.192.253 - - [15/Oct/2023:15:26:53 -0500] "POST /kwsrmcab/Wsrmcab  HTTP/1.1" 200 42851
66.249.66.19 - - [15/Oct/2023:15:27:49 -0500] "GET /Publicaciones/2023EE201246.pdf HTTP/1.1" 404 228
201.245.192.253 - - [15/Oct/2023:15:27:51 -0500] "POST /kwsrmcab/Wsrmcab HTTP/1.1" 200 41003
173.252.107.8 - - [15/Oct/2023:15:27:54 -0500] "GET /secretaria-de-ambiente-impone-medida-preventiva-de-suspension-de-actividades-por-disposicion-ilegal-de-residuos-de-construccion.html HTTP/1.1" 200 1012
173.252.107.120 - - [15/Oct/2023:15:27:54 -0500] "GET /secretaria-de-ambiente-impone-medida-preventiva-de-suspension-de-actividades-por-disposicion-ilegal-de-residuos-de-construccion.html HTTP/1.1" 200 1012
201.245.192.253 - - [15/Oct/2023:15:27:54 -0500] "POST /kwsrmcab/Wsrmcab HTTP/1.1" 200 41273
173.252.79.120 - - [15/Oct/2023:15:30:14 -0500] "GET /bogota-consolida-avances-ambientales-con-el-compromiso-ciudadano-planes-estrategicos-y-acuerdos-con-diversos-sectores.html HTTP/1.1" 200 1348
172.22.2.4 - - [15/Oct/2023:15:29:02 -0500] "HEAD /BLA/boletinlegal/ HTTP/1.1" 200 -
216.245.221.92 - - [15/Oct/2023:15:30:56 -0500] "HEAD / HTTP/1.1" 200 -
172.22.2.4 - - [15/Oct/2023:15:29:52 -0500] "GET /BLA/boletinlegal/ HTTP/1.1" 200 60175
201.245.192.253 - - [15/Oct/2023:15:31:52 -0500] "POST /kwsrmcab/Wsrmcab  HTTP/1.1" 200 42851
172.22.2.4 - - [15/Oct/2023:15:33:03 -0500] "GET /BLA/boletinlegal/ HTTP/1.1" 200 62374
216.245.221.92 - - [15/Oct/2023:15:35:56 -0500] "HEAD / HTTP/1.1" 200 -
172.22.2.4 - - [15/Oct/2023:15:34:52 -0500] "HEAD /BLA/boletinlegal/ HTTP/1.1" 200 -
40.77.167.181 - - [15/Oct/2023:15:36:47 -0500] "GET /robots.txt HTTP/1.1" 404 1018
201.245.192.253 - - [15/Oct/2023:15:36:51 -0500] "POST /kwsrmcab/Wsrmcab  HTTP/1.1" 200 42851
157.55.39.205 - - [15/Oct/2023:15:36:55 -0500] "GET /Publicaciones/2023EE211164.pdf HTTP/1.1" 404 228
172.22.2.4 - - [15/Oct/2023:15:37:02 -0500] "GET /BLA/boletinlegal/Circulares/2019/.pdf HTTP/1.1" 404 1218
172.22.2.4 - - [15/Oct/2023:15:37:11 -0500] "GET /BLA/boletinlegal/Circulares/2012/Circular%20No.%2010%20del%2026%20de%20Enero%20de%202012.pdf HTTP/1.1" 404 1218
172.22.2.4 - - [15/Oct/2023:15:37:14 -0500] "GET /BLA/boletinlegal/Circulares/023%09/CIRCULAR%20No.%2000010%20DEL%2010%20DE%20OCTUBRE%20DEL%202023%09.pdf HTTP/1.1" 403 1026
172.22.2.4 - - [15/Oct/2023:15:37:15 -0500] "GET /BLA/boletinlegal/Circulares/023%09/CIRCULAR%20No.%2000009%20DEL%2010%20DE%20OCTUBRE%20DEL%202023%09.pdf HTTP/1.1" 403 1026
172.22.2.4 - - [15/Oct/2023:15:36:11 -0500] "GET /BLA/boletinlegal/ HTTP/1.1" 200 36811
172.22.2.4 - - [15/Oct/2023:15:37:19 -0500] "GET /BLA/boletinlegal/Circulares/023%09/CIRCULAR%20No.%2000010%20DEL%2010%20DE%20OCTUBRE%20DEL%202023%09.pdf HTTP/1.1" 403 1026
172.22.2.4 - - [15/Oct/2023:15:37:22 -0500] "GET /BLA/boletinlegal/Circulares/023%09/CIRCULAR%20No.%2000009%20DEL%2010%20DE%20OCTUBRE%20DEL%202023%09.pdf HTTP/1.1" 403 1026
172.22.2.4 - - [15/Oct/2023:15:35:42 -0500] "GET /BLA/boletinlegal/ HTTP/1.1" 200 52900
172.22.2.4 - - [15/Oct/2023:15:37:25 -0500] "GET /BLA/boletinlegal/Circulares/023%09/CIRCULAR%20No.%2000010%20DEL%2010%20DE%20OCTUBRE%20DEL%202023%09.pdf HTTP/1.1" 403 1026
172.22.2.4 - - [15/Oct/2023:15:37:27 -0500] "GET /BLA/boletinlegal/Circulares/023%09/CIRCULAR%20No.%2000009%20DEL%2010%20DE%20OCTUBRE%20DEL%202023%09.pdf HTTP/1.1" 403 1026
172.22.2.4 - - [15/Oct/2023:15:37:30 -0500] "GET /BLA/boletinlegal/Circulares/023%09/CIRCULAR%20No.%2000010%20DEL%2010%20DE%20OCTUBRE%20DEL%202023%09.pdf HTTP/1.1" 403 1026
172.22.2.4 - - [15/Oct/2023:15:37:32 -0500] "GET /BLA/boletinlegal/Circulares/023%09/CIRCULAR%20No.%2000009%20DEL%2010%20DE%20OCTUBRE%20DEL%202023%09.pdf HTTP/1.1" 403 1026
172.22.2.4 - - [15/Oct/2023:15:37:34 -0500] "GET /BLA/boletinlegal/Circulares/023%09/CIRCULAR%20No.%2000010%20DEL%2010%20DE%20OCTUBRE%20DEL%202023%09.pdf HTTP/1.1" 403 1026
172.22.2.4 - - [15/Oct/2023:15:37:36 -0500] "GET /BLA/boletinlegal/Circulares/023%09/CIRCULAR%20No.%2000009%20DEL%2010%20DE%20OCTUBRE%20DEL%202023%09.pdf HTTP/1.1" 403 1026
216.244.66.195 - - [15/Oct/2023:15:37:44 -0500] "GET /BLA/resoluciones/AUTOS%202019/0628.pdf HTTP/1.1" 200 322960
216.244.66.195 - - [15/Oct/2023:15:37:50 -0500] "GET /BLA/resoluciones/AUTOS%202019/1068.pdf HTTP/1.1" 200 314710
201.245.192.253 - - [15/Oct/2023:15:37:51 -0500] "POST /kwsrmcab/Wsrmcab HTTP/1.1" 200 41003
216.244.66.195 - - [15/Oct/2023:15:37:55 -0500] "GET /BLA/resoluciones/AUTOS%202019/2259.pdf HTTP/1.1" 200 268843
201.245.192.253 - - [15/Oct/2023:15:37:54 -0500] "POST /kwsrmcab/Wsrmcab HTTP/1.1" 200 41273
216.244.66.195 - - [15/Oct/2023:15:38:00 -0500] "GET /BLA/resoluciones/AUTOS%202019/3285.pdf HTTP/1.1" 200 291382
216.245.221.92 - - [15/Oct/2023:15:40:56 -0500] "HEAD / HTTP/1.1" 200 -
