172.22.2.4 - - [15/Oct/2023:08:53:11 -0500] "GET /BLA/boletinlegal/ HTTP/1.1" 200 58155
40.88.21.235 - - [15/Oct/2023:08:55:20 -0500] "GET / HTTP/1.1" 200 319
40.88.21.235 - - [15/Oct/2023:08:55:20 -0500] "GET /favicon.ico HTTP/1.1" 200 7782
216.245.221.92 - - [15/Oct/2023:08:55:57 -0500] "HEAD / HTTP/1.1" 200 -
201.245.192.253 - - [15/Oct/2023:08:58:14 -0500] "POST /kwsrmcab/Wsrmcab  HTTP/1.1" 200 42851
172.22.2.4 - - [15/Oct/2023:08:58:11 -0500] "HEAD /BLA/boletinlegal/ HTTP/1.1" 200 -
157.55.39.60 - - [15/Oct/2023:09:00:27 -0500] "GET /sipse/faces/faces/autenticacion.xhtml HTTP/1.1" 200 12727
40.77.167.1 - - [15/Oct/2023:09:00:39 -0500] "GET /BLA/resoluciones/RESOLUCIONES%202023/0675.pdf HTTP/1.1" 200 472096
172.22.2.4 - - [15/Oct/2023:08:59:01 -0500] "GET /BLA/boletinlegal/ HTTP/1.1" 200 59429
216.245.221.92 - - [15/Oct/2023:09:00:56 -0500] "HEAD / HTTP/1.1" 200 -
173.252.107.5 - - [15/Oct/2023:09:01:27 -0500] "GET /semana-bogota-reverdece-se-plantaron-200-nuevos-arboles-en-el-humedal-tingua-azul-bosa.html HTTP/1.1" 200 896
40.77.167.1 - - [15/Oct/2023:09:01:38 -0500] "GET /BLA/resoluciones/RESOLUCIONES%202005/0805.tif HTTP/1.1" 200 189766
201.245.192.253 - - [15/Oct/2023:09:03:12 -0500] "POST /kwsrmcab/Wsrmcab  HTTP/1.1" 200 42851
172.22.2.4 - - [15/Oct/2023:09:04:01 -0500] "HEAD /BLA/boletinlegal/ HTTP/1.1" 200 -
216.245.221.92 - - [15/Oct/2023:09:05:56 -0500] "HEAD / HTTP/1.1" 200 -
172.22.2.4 - - [15/Oct/2023:09:04:51 -0500] "GET /BLA/boletinlegal/ HTTP/1.1" 200 58155
201.245.192.253 - - [15/Oct/2023:09:08:13 -0500] "POST /kwsrmcab/Wsrmcab  HTTP/1.1" 200 42851
186.84.90.239 - - [15/Oct/2023:09:08:24 -0500] "GET /mujeres-que-reverdec HTTP/1.1" 404 1136
186.84.90.239 - - [15/Oct/2023:09:08:26 -0500] "GET /favicon.ico HTTP/1.1" 404 1334
173.252.79.4 - - [15/Oct/2023:09:10:02 -0500] "GET /images/Red%20de%20Monitoreo%20de%20Calidad%20del%20Aire.jpg HTTP/1.1" 200 51986
172.22.2.4 - - [15/Oct/2023:09:10:25 -0500] "GET /BLA/boletinlegal/jurisprudencia/analisis/AnalisisT-095-16.docx HTTP/1.1" 304 -
216.245.221.92 - - [15/Oct/2023:09:10:56 -0500] "HEAD / HTTP/1.1" 200 -
172.22.2.4 - - [15/Oct/2023:09:09:51 -0500] "HEAD /BLA/boletinlegal/ HTTP/1.1" 200 -
172.22.2.4 - - [15/Oct/2023:09:10:41 -0500] "GET /BLA/boletinlegal/ HTTP/1.1" 200 58155
201.245.192.253 - - [15/Oct/2023:09:13:12 -0500] "POST /kwsrmcab/Wsrmcab  HTTP/1.1" 200 42851
40.77.167.75 - - [15/Oct/2023:09:14:00 -0500] "GET /BLA/resoluciones/Notificaciones/REGISTROS%202023/00241.pdf HTTP/1.1" 200 281089
172.22.2.4 - - [15/Oct/2023:09:14:28 -0500] "GET /BLA/boletinlegal/actos.php HTTP/1.1" 200 9682
177.93.60.29 - - [15/Oct/2023:09:14:30 -0500] "GET /BLA/resoluciones/ HTTP/1.1" 200 13696
177.93.60.29 - - [15/Oct/2023:09:14:32 -0500] "GET /BLA/resoluciones/index.php?dir=AUTOS+2022%2F HTTP/1.1" 200 507322
172.22.2.4 - - [15/Oct/2023:09:14:25 -0500] "GET /BLA/boletinlegal/ HTTP/1.1" 200 24523
177.93.60.29 - - [15/Oct/2023:09:15:07 -0500] "GET /BLA/resoluciones/AUTOS%202022/7707.pdf HTTP/1.1" 200 475053
216.245.221.92 - - [15/Oct/2023:09:15:57 -0500] "HEAD / HTTP/1.1" 200 -
172.22.2.4 - - [15/Oct/2023:09:15:41 -0500] "HEAD /BLA/boletinlegal/ HTTP/1.1" 200 -
201.245.192.253 - - [15/Oct/2023:09:17:52 -0500] "POST /kwsrmcab/Wsrmcab HTTP/1.1" 200 38130
201.245.192.253 - - [15/Oct/2023:09:17:54 -0500] "POST /kwsrmcab/Wsrmcab HTTP/1.1" 200 41026
172.22.2.4 - - [15/Oct/2023:09:16:31 -0500] "GET /BLA/boletinlegal/ HTTP/1.1" 200 52532
201.245.192.253 - - [15/Oct/2023:09:18:11 -0500] "POST /kwsrmcab/Wsrmcab  HTTP/1.1" 200 42851
216.244.66.195 - - [15/Oct/2023:09:19:50 -0500] "GET /BLA/resoluciones/AUTOS%202013/0472.pdf HTTP/1.1" 200 951266
216.244.66.195 - - [15/Oct/2023:09:19:56 -0500] "GET /BLA/resoluciones/AUTOS%202013/1411.pdf HTTP/1.1" 200 605827
216.244.66.195 - - [15/Oct/2023:09:20:01 -0500] "GET /BLA/resoluciones/AUTOS%202013/2314.pdf HTTP/1.1" 200 914910
216.244.66.195 - - [15/Oct/2023:09:20:20 -0500] "GET /BLA/resoluciones/AUTOS%202013/2400.pdf HTTP/1.1" 200 851917
216.244.66.195 - - [15/Oct/2023:09:20:36 -0500] "GET /BLA/resoluciones/AUTOS%202013/2439.pdf HTTP/1.1" 200 266595
216.244.66.195 - - [15/Oct/2023:09:20:50 -0500] "GET /BLA/resoluciones/AUTOS%202013/2636.pdf HTTP/1.1" 200 680873
216.245.221.92 - - [15/Oct/2023:09:20:56 -0500] "HEAD / HTTP/1.1" 200 -
172.22.2.4 - - [15/Oct/2023:09:20:58 -0500] "GET /BLA/boletinlegal/actuator/gateway/routes HTTP/1.1" 404 1018
216.244.66.195 - - [15/Oct/2023:09:21:04 -0500] "GET /BLA/resoluciones/AUTOS%202013/2761.pdf HTTP/1.1" 200 905136
216.244.66.195 - - [15/Oct/2023:09:21:16 -0500] "GET /BLA/resoluciones/AUTOS%202014/0834.pdf HTTP/1.1" 200 422919
216.244.66.195 - - [15/Oct/2023:09:21:27 -0500] "GET /BLA/resoluciones/AUTOS%202014/0844.pdf HTTP/1.1" 200 373117
216.244.66.195 - - [15/Oct/2023:09:21:37 -0500] "GET /BLA/resoluciones/AUTOS%202019/0276.pdf HTTP/1.1" 200 256944
216.244.66.195 - - [15/Oct/2023:09:21:45 -0500] "GET /BLA/resoluciones/AUTOS%202019/0653.pdf HTTP/1.1" 200 223889
216.244.66.195 - - [15/Oct/2023:09:21:53 -0500] "GET /BLA/resoluciones/AUTOS%202019/0680.pdf HTTP/1.1" 200 287786
191.92.180.90 - - [15/Oct/2023:09:21:57 -0500] "GET /favicon.ico HTTP/1.1" 404 1346
216.244.66.195 - - [15/Oct/2023:09:22:00 -0500] "GET /BLA/resoluciones/AUTOS%202019/1378.pdf HTTP/1.1" 200 271062
216.244.66.195 - - [15/Oct/2023:09:22:15 -0500] "GET /BLA/resoluciones/AUTOS%202019/1533.pdf HTTP/1.1" 200 264986
66.249.66.38 - - [15/Oct/2023:09:22:45 -0500] "GET /si-eres-mujer-y-te-gusta-el-cuidado-de-los-humedales-este-proceso-de-formacion-es-para-ti.html HTTP/1.1" 200 1025
172.22.2.4 - - [15/Oct/2023:09:21:30 -0500] "HEAD /BLA/boletinlegal/ HTTP/1.1" 200 -
201.245.192.253 - - [15/Oct/2023:09:23:10 -0500] "POST /kwsrmcab/Wsrmcab  HTTP/1.1" 200 42851
172.22.2.4 - - [15/Oct/2023:09:22:21 -0500] "GET /BLA/boletinlegal/ HTTP/1.1" 200 60175
31.13.127.3 - - [15/Oct/2023:09:25:19 -0500] "GET /participa-en-la-convocatoria-para-el-aseguramiento-metrologico-de-la-red-de-monitoreo-de-calidad-del-aire-de-bogota.html HTTP/1.1" 200 848
69.171.251.8 - - [15/Oct/2023:09:25:21 -0500] "GET /participa-en-la-convocatoria-para-el-aseguramiento-metrologico-de-la-red-de-monitoreo-de-calidad-del-aire-de-bogota.html HTTP/1.1" 200 848
31.13.127.17 - - [15/Oct/2023:09:25:21 -0500] "GET /participa-en-la-convocatoria-para-el-aseguramiento-metrologico-de-la-red-de-monitoreo-de-calidad-del-aire-de-bogota.html HTTP/1.1" 200 848
173.252.111.111 - - [15/Oct/2023:09:25:28 -0500] "GET /images/presentaci\xc3\xb3n%20convenci\xc3\xb3n.jpg HTTP/1.1" 404 1034
216.245.221.92 - - [15/Oct/2023:09:25:56 -0500] "HEAD / HTTP/1.1" 200 -
201.245.192.253 - - [15/Oct/2023:09:27:53 -0500] "POST /kwsrmcab/Wsrmcab HTTP/1.1" 200 38130
201.245.192.253 - - [15/Oct/2023:09:27:55 -0500] "POST /kwsrmcab/Wsrmcab HTTP/1.1" 200 41026
201.245.192.253 - - [15/Oct/2023:09:28:09 -0500] "POST /kwsrmcab/Wsrmcab  HTTP/1.1" 200 42851
172.22.2.4 - - [15/Oct/2023:09:27:21 -0500] "HEAD /BLA/boletinlegal/ HTTP/1.1" 200 -
172.22.2.4 - - [15/Oct/2023:09:28:11 -0500] "GET /BLA/boletinlegal/ HTTP/1.1" 200 60531
216.245.221.92 - - [15/Oct/2023:09:30:56 -0500] "HEAD / HTTP/1.1" 200 -
201.245.192.253 - - [15/Oct/2023:09:33:08 -0500] "POST /kwsrmcab/Wsrmcab  HTTP/1.1" 200 42851
162.243.128.49 - - [15/Oct/2023:09:33:54 -0500] "GET /ReportServer HTTP/1.1" 404 1018
172.22.2.4 - - [15/Oct/2023:09:33:11 -0500] "HEAD /BLA/boletinlegal/ HTTP/1.1" 200 -
172.22.2.4 - - [15/Oct/2023:09:34:01 -0500] "GET /BLA/boletinlegal/ HTTP/1.1" 200 58155
216.245.221.92 - - [15/Oct/2023:09:35:56 -0500] "HEAD / HTTP/1.1" 200 -
102.129.153.226 - - [15/Oct/2023:09:36:19 -0500] "GET /wp-login.php HTTP/1.1" 404 1018
168.119.253.85 - - [15/Oct/2023:09:37:28 -0500] "GET / HTTP/1.1" 200 4720
168.119.253.85 - - [15/Oct/2023:09:37:31 -0500] "GET / HTTP/1.1" 200 319
201.245.192.253 - - [15/Oct/2023:09:37:52 -0500] "POST /kwsrmcab/Wsrmcab HTTP/1.1" 200 38130
201.245.192.253 - - [15/Oct/2023:09:37:55 -0500] "POST /kwsrmcab/Wsrmcab HTTP/1.1" 200 41026
201.245.192.253 - - [15/Oct/2023:09:38:07 -0500] "POST /kwsrmcab/Wsrmcab  HTTP/1.1" 200 42851
172.22.2.4 - - [15/Oct/2023:09:39:00 -0500] "HEAD /BLA/boletinlegal/ HTTP/1.1" 200 -
173.252.107.3 - - [15/Oct/2023:09:40:50 -0500] "GET /p4g-es-sin-duda-un-ejemplo-de-que-el-optimismo-es-posible-y-necesario-carolina-urrutia-secretaria-de-ambiente.html HTTP/1.1" 200 934
216.245.221.92 - - [15/Oct/2023:09:40:56 -0500] "HEAD / HTTP/1.1" 200 -
172.22.2.4 - - [15/Oct/2023:09:41:06 -0500] "GET /BLA/boletinlegal/favicon.ico HTTP/1.1" 404 1326
34.32.202.240 - - [15/Oct/2023:09:41:22 -0500] "GET /caminatas-ecologicas-un-plan-imperdible-para-octubre.html HTTP/1.1" 200 747
172.22.2.4 - - [15/Oct/2023:09:39:51 -0500] "GET /BLA/boletinlegal/ HTTP/1.1" 200 57802
66.249.66.38 - - [15/Oct/2023:09:42:22 -0500] "GET /mas-de-70-aves-de-corral-y-de-especies-no-convencionales-encontraron-un-hogar.html HTTP/1.1" 304 -
201.245.192.253 - - [15/Oct/2023:09:43:06 -0500] "POST /kwsrmcab/Wsrmcab  HTTP/1.1" 200 42851
172.22.2.4 - - [15/Oct/2023:09:43:13 -0500] "GET /BLA/boletinlegal/favicon.ico HTTP/1.1" 404 1018
216.244.66.195 - - [15/Oct/2023:09:43:34 -0500] "GET /robots.txt HTTP/1.1" 404 1018
172.22.2.4 - - [15/Oct/2023:09:42:58 -0500] "GET /BLA/boletinlegal/ HTTP/1.1" 200 32715
172.22.2.4 - - [15/Oct/2023:09:43:32 -0500] "GET /BLA/boletinlegal/ HTTP/1.1" 200 24523
51.222.253.9 - - [15/Oct/2023:09:44:12 -0500] "GET /robots.txt HTTP/1.1" 404 1018
114.119.138.210 - - [15/Oct/2023:09:45:34 -0500] "GET /BLA/resoluciones/index.php?dir=RESOLUCIONES%2B2012/&sort=size&order=asc HTTP/1.1" 200 13903
216.245.221.92 - - [15/Oct/2023:09:45:56 -0500] "HEAD / HTTP/1.1" 200 -
172.22.2.4 - - [15/Oct/2023:09:44:50 -0500] "HEAD /BLA/boletinlegal/ HTTP/1.1" 200 -
173.252.79.120 - - [15/Oct/2023:09:47:15 -0500] "GET /images/reunion-planta-termovalorizacion-11-mayo.jpg HTTP/1.1" 200 34782
172.22.2.4 - - [15/Oct/2023:09:45:41 -0500] "GET /BLA/boletinlegal/ HTTP/1.1" 200 47012
114.119.130.26 - - [15/Oct/2023:09:47:38 -0500] "GET /BLA/resoluciones/index.php?dir=Notificaciones/RESOLUCIONES%2B2019/ HTTP/1.1" 200 13965
172.22.2.4 - - [15/Oct/2023:09:46:25 -0500] "GET /BLA/boletinlegal/index.php HTTP/1.1" 200 57089
201.245.192.253 - - [15/Oct/2023:09:48:05 -0500] "POST /kwsrmcab/Wsrmcab  HTTP/1.1" 200 42851
173.252.127.19 - - [15/Oct/2023:09:49:24 -0500] "GET /bogota-tendra-la-primera-planta-de-termovalorizacion-de-colombia-la-cual-convertira-los-residuos-en-energia-para-la-ciudad.html HTTP/1.1" 200 883
114.119.151.119 - - [15/Oct/2023:09:49:25 -0500] "GET /BLA/resoluciones/index.php?dir=Notificaciones/REGISTROS%2B2023/&sort=date&order=desc HTTP/1.1" 200 13955
40.77.167.68 - - [15/Oct/2023:09:49:33 -0500] "GET /BLA/resoluciones/AUTOS%202010/0531.pdf HTTP/1.1" 200 176359
216.245.221.92 - - [15/Oct/2023:09:50:56 -0500] "HEAD / HTTP/1.1" 200 -
114.119.144.105 - - [15/Oct/2023:09:51:37 -0500] "GET /BLA/resoluciones/index.php?dir=Notificaciones/AUTOS%2B2020/&sort=size&order=desc HTTP/1.1" 200 13943
172.22.2.4 - - [15/Oct/2023:09:50:40 -0500] "HEAD /BLA/boletinlegal/ HTTP/1.1" 200 -
201.245.192.253 - - [15/Oct/2023:09:53:04 -0500] "POST /kwsrmcab/Wsrmcab  HTTP/1.1" 200 42851
172.22.2.4 - - [15/Oct/2023:09:51:31 -0500] "GET /BLA/boletinlegal/ HTTP/1.1" 200 60175
172.22.2.4 - - [15/Oct/2023:09:53:35 -0500] "GET /BLA/boletinlegal/Circulares/023/CIRCULAR%20No.%2000010%20DEL%2010%20DE%20OCTUBRE%20DEL%202023.pdf HTTP/1.1" 404 1038
52.167.144.22 - - [15/Oct/2023:09:54:53 -0500] "GET /BLA/resoluciones/AUTOS%202018/6851.pdf HTTP/1.1" 200 250544
114.119.148.208 - - [15/Oct/2023:09:55:54 -0500] "GET /BLA/resoluciones/index.php?dir=Notificaciones/AUTOS%2B1985/&sort=size&order=asc HTTP/1.1" 200 13944
216.245.221.92 - - [15/Oct/2023:09:55:56 -0500] "HEAD / HTTP/1.1" 200 -
40.77.167.32 - - [15/Oct/2023:09:56:05 -0500] "GET /distrito-y-mujeres-que-reverdecen-plantaron-128-arboles-en-el-bosque-urbano-santa-helena.html HTTP/1.1" 200 828
114.119.130.33 - - [15/Oct/2023:09:57:23 -0500] "GET /BLA/resoluciones/index.php?dir=Notificaciones/AUTOS%2B2202/&sort=size&order=desc HTTP/1.1" 200 13943
173.252.107.3 - - [15/Oct/2023:09:57:25 -0500] "GET /mujeres-que-reverdecen-secretaria-de-ambiente-anuncia-el-inicio-de-la-tercera-fase.html HTTP/1.1" 200 954
201.245.192.253 - - [15/Oct/2023:09:58:04 -0500] "POST /kwsrmcab/Wsrmcab  HTTP/1.1" 200 42851
172.22.2.4 - - [15/Oct/2023:09:56:30 -0500] "HEAD /BLA/boletinlegal/ HTTP/1.1" 200 -
172.22.2.4 - - [15/Oct/2023:09:57:21 -0500] "GET /BLA/boletinlegal/ HTTP/1.1" 200 55429
114.119.144.7 - - [15/Oct/2023:09:59:25 -0500] "GET /BLA/resoluciones/index.php?dir=Notificaciones/AUTOS%2B2023/&sort=date&order=desc HTTP/1.1" 200 13943
114.119.158.216 - - [15/Oct/2023:10:00:44 -0500] "GET /BLA/resoluciones/index.php?dir=AUTOS%2B2018/&sort=date&order=desc HTTP/1.1" 200 13881
216.245.221.92 - - [15/Oct/2023:10:00:56 -0500] "HEAD / HTTP/1.1" 200 -
157.55.39.12 - - [15/Oct/2023:10:02:32 -0500] "GET /BLA/resoluciones/AUTOS%202007/1456.pdf HTTP/1.1" 200 42606
40.77.167.70 - - [15/Oct/2023:10:02:56 -0500] "GET /BLA/resoluciones/AUTOS%202007/0049.pdf HTTP/1.1" 200 252822
201.245.192.253 - - [15/Oct/2023:10:03:03 -0500] "POST /kwsrmcab/Wsrmcab  HTTP/1.1" 200 42851
157.55.39.12 - - [15/Oct/2023:10:03:42 -0500] "GET /BLA/resoluciones/RESOLUCIONES%202007/RES%202007%203201%20AL%203300/RESOLUCION%203209%20DE%202007.pdf HTTP/1.1" 200 851385
172.22.2.4 - - [15/Oct/2023:10:02:20 -0500] "HEAD /BLA/boletinlegal/ HTTP/1.1" 200 -
172.22.2.4 - - [15/Oct/2023:10:03:11 -0500] "GET /BLA/boletinlegal/ HTTP/1.1" 200 50527
173.252.107.2 - - [15/Oct/2023:10:04:51 -0500] "GET /durante-la-segunda-feria-de-tecnologia-y-movilidad-sostenible-distrito-etiqueto-vehiculos-cero-emisiones.html HTTP/1.1" 200 1142
216.245.221.92 - - [15/Oct/2023:10:05:56 -0500] "HEAD / HTTP/1.1" 200 -
173.252.95.11 - - [15/Oct/2023:10:07:08 -0500] "GET /images/Red%20de%20Monitoreo%20de%20Calidad%20del%20Aire.jpg HTTP/1.1" 200 51986
172.22.2.4 - - [15/Oct/2023:10:07:20 -0500] "GET /BLA/boletinlegal/favicon.ico HTTP/1.1" 404 1018
31.13.115.117 - - [15/Oct/2023:10:07:26 -0500] "GET /participa-en-la-convocatoria-para-el-aseguramiento-metrologico-de-la-red-de-monitoreo-de-calidad-del-aire-de-bogota.html HTTP/1.1" 200 848
31.13.115.9 - - [15/Oct/2023:10:07:26 -0500] "GET /participa-en-la-convocatoria-para-el-aseguramiento-metrologico-de-la-red-de-monitoreo-de-calidad-del-aire-de-bogota.html HTTP/1.1" 200 848
31.13.115.111 - - [15/Oct/2023:10:07:26 -0500] "GET /participa-en-la-convocatoria-para-el-aseguramiento-metrologico-de-la-red-de-monitoreo-de-calidad-del-aire-de-bogota.html HTTP/1.1" 200 848
31.13.115.117 - - [15/Oct/2023:10:07:27 -0500] "GET /participa-en-la-convocatoria-para-el-aseguramiento-metrologico-de-la-red-de-monitoreo-de-calidad-del-aire-de-bogota.html HTTP/1.1" 200 848
69.171.231.117 - - [15/Oct/2023:10:07:29 -0500] "GET /participa-en-la-convocatoria-para-el-aseguramiento-metrologico-de-la-red-de-monitoreo-de-calidad-del-aire-de-bogota.html HTTP/1.1" 200 848
172.22.2.4 - - [15/Oct/2023:10:07:04 -0500] "GET /BLA/boletinlegal/ HTTP/1.1" 200 20427
66.249.66.38 - - [15/Oct/2023:10:07:45 -0500] "GET /mas-de-34-000-tramites-y-servicios-ambientales-se-han-atendido-por-la-ventanilla-virtual.html HTTP/1.1" 200 875
172.22.2.4 - - [15/Oct/2023:10:07:04 -0500] "GET /BLA/boletinlegal/ HTTP/1.1" 200 32715
201.245.192.253 - - [15/Oct/2023:10:08:02 -0500] "POST /kwsrmcab/Wsrmcab  HTTP/1.1" 200 42851
207.46.13.116 - - [15/Oct/2023:10:08:54 -0500] "GET /BLA/resoluciones/AUTOS%202007/0778.pdf HTTP/1.1" 200 69591
172.22.2.4 - - [15/Oct/2023:10:08:10 -0500] "HEAD /BLA/boletinlegal/ HTTP/1.1" 200 -
114.119.135.169 - - [15/Oct/2023:10:10:29 -0500] "GET /BLA/resoluciones/index.php?dir=Notificaciones/REGISTROS%2B2013/&sort=date&order=asc HTTP/1.1" 200 13956
172.22.2.4 - - [15/Oct/2023:10:09:01 -0500] "GET /BLA/boletinlegal/ HTTP/1.1" 200 60175
216.245.221.92 - - [15/Oct/2023:10:10:56 -0500] "HEAD / HTTP/1.1" 200 -
201.245.192.253 - - [15/Oct/2023:10:13:01 -0500] "POST /kwsrmcab/Wsrmcab  HTTP/1.1" 200 42851
216.244.66.195 - - [15/Oct/2023:10:14:16 -0500] "GET /BLA/resoluciones/RESOLUCIONES%202023/0482.pdf HTTP/1.1" 200 1357454
216.244.66.195 - - [15/Oct/2023:10:14:23 -0500] "GET /BLA/resoluciones/RESOLUCIONES%202023/0505.pdf HTTP/1.1" 200 5289050
216.244.66.195 - - [15/Oct/2023:10:14:34 -0500] "GET /BLA/resoluciones/RESOLUCIONES%202023/0864.pdf HTTP/1.1" 200 470319
172.22.2.4 - - [15/Oct/2023:10:14:00 -0500] "HEAD /BLA/boletinlegal/ HTTP/1.1" 200 -
216.245.221.92 - - [15/Oct/2023:10:15:56 -0500] "HEAD / HTTP/1.1" 200 -
207.46.13.116 - - [15/Oct/2023:10:15:59 -0500] "GET /appsia/controlador HTTP/1.1" 200 4799
216.244.66.195 - - [15/Oct/2023:10:16:14 -0500] "GET /BLA/resoluciones/AUTOS%202010/0534.pdf HTTP/1.1" 200 187521
216.244.66.195 - - [15/Oct/2023:10:16:22 -0500] "GET /BLA/resoluciones/AUTOS%202010/1016.pdf HTTP/1.1" 200 124166
216.244.66.195 - - [15/Oct/2023:10:16:28 -0500] "GET /BLA/resoluciones/AUTOS%202010/1397.pdf HTTP/1.1" 200 245542
172.22.2.4 - - [15/Oct/2023:10:14:51 -0500] "GET /BLA/boletinlegal/ HTTP/1.1" 200 57439
216.244.66.195 - - [15/Oct/2023:10:16:34 -0500] "GET /BLA/resoluciones/AUTOS%202010/1460.pdf HTTP/1.1" 200 245463
216.244.66.195 - - [15/Oct/2023:10:16:40 -0500] "GET /BLA/resoluciones/AUTOS%202010/2509.pdf HTTP/1.1" 200 183375
216.244.66.195 - - [15/Oct/2023:10:17:01 -0500] "GET /BLA/resoluciones/AUTOS%202010/3781.pdf HTTP/1.1" 200 256309
216.244.66.195 - - [15/Oct/2023:10:17:20 -0500] "GET /BLA/resoluciones/AUTOS%202010/4497.pdf HTTP/1.1" 200 486517
216.244.66.195 - - [15/Oct/2023:10:17:35 -0500] "GET /BLA/resoluciones/AUTOS%202010/4601.pdf HTTP/1.1" 200 252237
216.244.66.195 - - [15/Oct/2023:10:17:50 -0500] "GET /BLA/resoluciones/AUTOS%202010/5385.pdf HTTP/1.1" 200 1953352
201.245.192.253 - - [15/Oct/2023:10:17:52 -0500] "POST /kwsrmcab/Wsrmcab HTTP/1.1" 200 36426
201.245.192.253 - - [15/Oct/2023:10:17:54 -0500] "POST /kwsrmcab/Wsrmcab HTTP/1.1" 200 41274
201.245.192.253 - - [15/Oct/2023:10:18:00 -0500] "POST /kwsrmcab/Wsrmcab  HTTP/1.1" 200 42851
114.119.156.110 - - [15/Oct/2023:10:18:25 -0500] "GET /portalsiaccapacitaciones/Listas%20de%20Asistencia%202015 HTTP/1.1" 301 287
114.119.156.110 - - [15/Oct/2023:10:18:28 -0500] "GET /portalsiaccapacitaciones/Listas%20de%20Asistencia%202015/ HTTP/1.1" 200 11116
216.244.66.195 - - [15/Oct/2023:10:18:47 -0500] "GET /BLA/resoluciones/AUTOS%202010/5597.pdf HTTP/1.1" 200 432745
216.244.66.195 - - [15/Oct/2023:10:19:21 -0500] "GET /BLA/resoluciones/AUTOS%202010/5661.pdf HTTP/1.1" 200 262302
172.22.2.4 - - [15/Oct/2023:10:18:59 -0500] "GET /BLA/boletinlegal/ HTTP/1.1" 200 20427
216.244.66.195 - - [15/Oct/2023:10:19:53 -0500] "GET /BLA/resoluciones/AUTOS%202010/6107.pdf HTTP/1.1" 200 176690
216.244.66.195 - - [15/Oct/2023:10:20:22 -0500] "GET /BLA/resoluciones/AUTOS%202011/3920.pdf HTTP/1.1" 200 556101
216.244.66.195 - - [15/Oct/2023:10:20:50 -0500] "GET /BLA/resoluciones/RESOLUCIONES%202016/0229.pdf HTTP/1.1" 200 217540
216.245.221.92 - - [15/Oct/2023:10:20:56 -0500] "HEAD / HTTP/1.1" 200 -
216.244.66.195 - - [15/Oct/2023:10:21:17 -0500] "GET /BLA/resoluciones/RESOLUCIONES%202016/0401.pdf HTTP/1.1" 200 852519
172.22.2.4 - - [15/Oct/2023:10:19:50 -0500] "HEAD /BLA/boletinlegal/ HTTP/1.1" 200 -
52.167.144.228 - - [15/Oct/2023:10:21:46 -0500] "GET /BLA/resoluciones/RESOLUCIONES%202007/RES%202007%203201%20AL%203300/RESOLUCION%203291%20DE%202007.pdf HTTP/1.1" 200 26503
216.244.66.195 - - [15/Oct/2023:10:21:48 -0500] "GET /BLA/resoluciones/RESOLUCIONES%202016/1276.pdf HTTP/1.1" 200 598911
52.167.144.228 - - [15/Oct/2023:10:22:16 -0500] "GET /BLA/resoluciones/AUTOS%202007/0010.pdf HTTP/1.1" 200 164457
172.22.2.4 - - [15/Oct/2023:10:20:41 -0500] "GET /BLA/boletinlegal/ HTTP/1.1" 200 60175
216.244.66.195 - - [15/Oct/2023:10:22:26 -0500] "GET /BLA/resoluciones/RESOLUCIONES%202016/1874.pdf HTTP/1.1" 200 361057
69.63.184.4 - - [15/Oct/2023:10:22:59 -0500] "GET /images/cr\xc3\xb3nica-29-nov-1_optimized.jpeg HTTP/1.1" 404 1034
201.245.192.253 - - [15/Oct/2023:10:22:58 -0500] "POST /kwsrmcab/Wsrmcab  HTTP/1.1" 200 42851
216.244.66.195 - - [15/Oct/2023:10:23:04 -0500] "GET /BLA/resoluciones/RESOLUCIONES%202016/2212.pdf HTTP/1.1" 200 486834
216.244.66.195 - - [15/Oct/2023:10:23:46 -0500] "GET /BLA/resoluciones/RESOLUCIONES%202016/2360.pdf HTTP/1.1" 200 509167
216.244.66.195 - - [15/Oct/2023:10:24:31 -0500] "GET /BLA/resoluciones/RESOLUCIONES%202016/2438.pdf HTTP/1.1" 200 505501
183.136.225.48 - - [15/Oct/2023:10:25:00 -0500] "GET / HTTP/1.1" 200 319
183.136.225.48 - - [15/Oct/2023:10:25:00 -0500] "GET / HTTP/1.1" 200 319
183.136.225.48 - - [15/Oct/2023:10:25:01 -0500] "GET /favicon.ico HTTP/1.1" 200 7782
183.136.225.48 - - [15/Oct/2023:10:25:02 -0500] "GET /robots.txt HTTP/1.1" 404 1018
216.244.66.195 - - [15/Oct/2023:10:25:04 -0500] "GET /BLA/resoluciones/RESOLUCIONES%202016/2499.pdf HTTP/1.1" 200 423609
216.244.66.195 - - [15/Oct/2023:10:25:43 -0500] "GET /BLA/resoluciones/RESOLUCIONES%202016/2561.pdf HTTP/1.1" 200 842990
216.245.221.92 - - [15/Oct/2023:10:25:56 -0500] "HEAD / HTTP/1.1" 200 -
40.77.167.76 - - [15/Oct/2023:10:25:57 -0500] "GET /BLA/resoluciones/RESOLUCIONES%202019/0530.pdf HTTP/1.1" 304 -
216.244.66.195 - - [15/Oct/2023:10:26:24 -0500] "GET /BLA/resoluciones/RESOLUCIONES%202017/0033.pdf HTTP/1.1" 200 502705
216.244.66.195 - - [15/Oct/2023:10:26:57 -0500] "GET /BLA/resoluciones/RESOLUCIONES%202017/0041.pdf HTTP/1.1" 200 666744
172.22.2.4 - - [15/Oct/2023:10:25:40 -0500] "HEAD /BLA/boletinlegal/ HTTP/1.1" 200 -
66.249.66.167 - - [15/Oct/2023:10:27:23 -0500] "GET /robots.txt HTTP/1.1" 404 1043
66.249.66.167 - - [15/Oct/2023:10:27:23 -0500] "GET /BLA/boletinlegal/Directivas/2011/Directiva%20No.%207%20del%2015%20de%20Septiembre%20de%202011.pdf HTTP/1.1" 304 -
201.245.192.253 - - [15/Oct/2023:10:27:52 -0500] "POST /kwsrmcab/Wsrmcab HTTP/1.1" 200 36426
201.245.192.253 - - [15/Oct/2023:10:27:54 -0500] "POST /kwsrmcab/Wsrmcab HTTP/1.1" 200 41274
201.245.192.253 - - [15/Oct/2023:10:27:57 -0500] "POST /kwsrmcab/Wsrmcab  HTTP/1.1" 200 42851
52.167.144.216 - - [15/Oct/2023:10:28:06 -0500] "GET /BLA/resoluciones/RESOLUCIONES%202007/RES%202007%203201%20AL%203300/RESOLUCION%203270%20DE%202007.pdf HTTP/1.1" 200 1390716
172.22.2.4 - - [15/Oct/2023:10:26:31 -0500] "GET /BLA/boletinlegal/ HTTP/1.1" 200 58155
216.245.221.92 - - [15/Oct/2023:10:30:56 -0500] "HEAD / HTTP/1.1" 200 -
52.167.144.216 - - [15/Oct/2023:10:32:56 -0500] "GET /BLA/resoluciones/AUTOS%202007/3175.pdf HTTP/1.1" 200 77463
201.245.192.253 - - [15/Oct/2023:10:32:57 -0500] "POST /kwsrmcab/Wsrmcab  HTTP/1.1" 200 42851
172.22.2.4 - - [15/Oct/2023:10:31:30 -0500] "HEAD /BLA/boletinlegal/ HTTP/1.1" 200 -
172.22.2.4 - - [15/Oct/2023:10:32:21 -0500] "GET /BLA/boletinlegal/ HTTP/1.1" 200 57802
168.119.61.24 - - [15/Oct/2023:10:35:05 -0500] "GET / HTTP/1.1" 200 4720
168.119.61.24 - - [15/Oct/2023:10:35:07 -0500] "GET / HTTP/1.1" 200 319
52.167.144.216 - - [15/Oct/2023:10:35:18 -0500] "GET /BLA/resoluciones/AUTOS%202007/1717.pdf HTTP/1.1" 200 33372
216.245.221.92 - - [15/Oct/2023:10:35:56 -0500] "HEAD / HTTP/1.1" 200 -
216.244.66.195 - - [15/Oct/2023:10:37:30 -0500] "GET /robots.txt HTTP/1.1" 404 1018
201.245.192.253 - - [15/Oct/2023:10:37:52 -0500] "POST /kwsrmcab/Wsrmcab HTTP/1.1" 200 36426
201.245.192.253 - - [15/Oct/2023:10:37:55 -0500] "POST /kwsrmcab/Wsrmcab HTTP/1.1" 200 41274
201.245.192.253 - - [15/Oct/2023:10:37:56 -0500] "POST /kwsrmcab/Wsrmcab  HTTP/1.1" 200 42851
172.22.2.4 - - [15/Oct/2023:10:37:20 -0500] "HEAD /BLA/boletinlegal/ HTTP/1.1" 200 -
157.55.39.15 - - [15/Oct/2023:10:39:16 -0500] "GET /BLA/resoluciones/RESOLUCIONES%202023/0914.pdf HTTP/1.1" 200 424110
114.119.138.210 - - [15/Oct/2023:10:39:17 -0500] "GET /BLA/resoluciones/index.php?dir=RESOLUCIONES%2B2007/RES%2B2007%2B101%2BAL%2B200/&sort=name&order=desc HTTP/1.1" 200 13984
109.237.97.180 - - [15/Oct/2023:10:39:20 -0500] "GET /.env HTTP/1.1" 404 1018
109.237.97.180 - - [15/Oct/2023:10:39:20 -0500] "\x16\x03\x01\x01H\x01" 400 226
172.22.2.4 - - [15/Oct/2023:10:38:11 -0500] "GET /BLA/boletinlegal/ HTTP/1.1" 200 58155
216.245.221.92 - - [15/Oct/2023:10:40:56 -0500] "HEAD / HTTP/1.1" 200 -
114.119.137.123 - - [15/Oct/2023:10:41:02 -0500] "GET /BLA/resoluciones/index.php?dir=Notificaciones/AUTOS%2B2015/ HTTP/1.1" 200 13944
114.119.148.174 - - [15/Oct/2023:10:42:34 -0500] "GET /BLA/resoluciones/index.php?dir=AUTOS%2B2012/&sort=date&order=desc HTTP/1.1" 200 13881
201.245.192.253 - - [15/Oct/2023:10:42:55 -0500] "POST /kwsrmcab/Wsrmcab  HTTP/1.1" 200 42851
172.22.2.4 - - [15/Oct/2023:10:43:10 -0500] "HEAD /BLA/boletinlegal/ HTTP/1.1" 200 -
173.252.95.18 - - [15/Oct/2023:10:45:37 -0500] "GET /images/Zuque%20(1)%20(1).jpeg HTTP/1.1" 200 66921
172.22.2.4 - - [15/Oct/2023:10:44:01 -0500] "GET /BLA/boletinlegal/ HTTP/1.1" 200 57802
157.55.39.8 - - [15/Oct/2023:10:45:48 -0500] "GET /bla/resoluciones/notificaciones/autos%202020/3101.pdf HTTP/1.1" 200 327665
52.167.144.145 - - [15/Oct/2023:10:45:52 -0500] "GET /BLA/resoluciones/AUTOS%202007/3471.pdf HTTP/1.1" 200 63087
216.245.221.92 - - [15/Oct/2023:10:45:56 -0500] "HEAD / HTTP/1.1" 200 -
173.252.79.7 - - [15/Oct/2023:10:46:01 -0500] "GET /images/Zuque%20(1)%20(1).jpeg HTTP/1.1" 200 66921
40.77.167.61 - - [15/Oct/2023:10:46:40 -0500] "GET /portaldeninos/wp-content/uploads/2019/09/Cedro-%C3%A1rboles.jpg HTTP/1.1" 200 264883
201.245.192.253 - - [15/Oct/2023:10:47:54 -0500] "POST /kwsrmcab/Wsrmcab  HTTP/1.1" 200 42851
172.22.2.4 - - [15/Oct/2023:10:49:26 -0500] "GET /BLA/boletinlegal/Circulares/023/CIRCULAR%20No.%2000009%20DEL%2010%20DE%20OCTUBRE%20DEL%202023.pdf HTTP/1.1" 404 1038
172.22.2.4 - - [15/Oct/2023:10:49:00 -0500] "HEAD /BLA/boletinlegal/ HTTP/1.1" 200 -
216.245.221.92 - - [15/Oct/2023:10:50:56 -0500] "HEAD / HTTP/1.1" 200 -
66.249.66.20 - - [15/Oct/2023:10:51:09 -0500] "GET /BLA/resoluciones/AUTOS%202011/5122.pdf HTTP/1.1" 200 215039
66.249.66.21 - - [15/Oct/2023:10:51:10 -0500] "GET /BLA/resoluciones/RESOLUCIONES%202007/RES%202007%20401%20AL%20500/RESOLUCION%200499%20DE%202007.pdf HTTP/1.1" 200 347013
66.249.66.20 - - [15/Oct/2023:10:51:11 -0500] "GET /BLA/resoluciones/RESOLUCIONES%202009/4365.pdf HTTP/1.1" 200 448024
66.249.66.21 - - [15/Oct/2023:10:51:11 -0500] "GET /BLA/resoluciones/RESOLUCIONES%202011/3956.pdf HTTP/1.1" 200 685917
66.249.66.20 - - [15/Oct/2023:10:51:12 -0500] "GET /BLA/resoluciones/RESOLUCIONES%202008/3958.pdf HTTP/1.1" 200 36286
172.22.2.4 - - [15/Oct/2023:10:49:51 -0500] "GET /BLA/boletinlegal/ HTTP/1.1" 200 57802
173.252.83.5 - - [15/Oct/2023:10:52:26 -0500] "GET /images/Red%20de%20Monitoreo%20de%20Calidad%20del%20Aire.jpg HTTP/1.1" 200 51986
69.171.249.9 - - [15/Oct/2023:10:52:42 -0500] "GET /participa-en-la-convocatoria-para-el-aseguramiento-metrologico-de-la-red-de-monitoreo-de-calidad-del-aire-de-bogota.html HTTP/1.1" 200 848
66.249.66.38 - - [15/Oct/2023:10:52:45 -0500] "GET /con-pinceles-y-acuarelas-veronica-martinez-protege-la-biodiversidad.html HTTP/1.1" 200 990
201.245.192.253 - - [15/Oct/2023:10:52:54 -0500] "POST /kwsrmcab/Wsrmcab  HTTP/1.1" 200 42851
66.249.66.19 - - [15/Oct/2023:10:55:28 -0500] "GET /BLA/resoluciones/AUTOS%202022/1614.pdf HTTP/1.1" 304 -
172.22.2.4 - - [15/Oct/2023:10:55:31 -0500] "GET /BLA/boletinlegal/robots.txt HTTP/1.1" 404 1140
216.245.221.92 - - [15/Oct/2023:10:55:56 -0500] "HEAD / HTTP/1.1" 200 -
172.22.2.4 - - [15/Oct/2023:10:54:50 -0500] "HEAD /BLA/boletinlegal/ HTTP/1.1" 200 -
172.22.2.4 - - [15/Oct/2023:10:55:41 -0500] "GET /BLA/boletinlegal/ HTTP/1.1" 200 58622
201.245.192.253 - - [15/Oct/2023:10:57:53 -0500] "POST /kwsrmcab/Wsrmcab  HTTP/1.1" 200 42851
216.245.221.92 - - [15/Oct/2023:11:00:56 -0500] "HEAD / HTTP/1.1" 200 -
114.119.151.82 - - [15/Oct/2023:11:01:39 -0500] "GET /BLA/resoluciones/index.php?dir=RESOLUCIONES%2B2015/&sort=date&order=asc HTTP/1.1" 200 13903
172.22.2.4 - - [15/Oct/2023:11:00:40 -0500] "HEAD /BLA/boletinlegal/ HTTP/1.1" 200 -
201.245.192.253 - - [15/Oct/2023:11:02:51 -0500] "POST /kwsrmcab/Wsrmcab  HTTP/1.1" 200 42851
172.22.2.4 - - [15/Oct/2023:11:01:31 -0500] "GET /BLA/boletinlegal/ HTTP/1.1" 200 60175
186.155.14.148 - - [15/Oct/2023:11:03:58 -0500] "GET /BLA/resoluciones/ HTTP/1.1" 200 13696
186.155.14.148 - - [15/Oct/2023:11:04:00 -0500] "GET /BLA/resoluciones/index.php?dir=AUTOS+2017%2F HTTP/1.1" 200 472723
186.155.14.148 - - [15/Oct/2023:11:04:06 -0500] "GET /BLA/resoluciones/AUTOS%202017/5260.pdf HTTP/1.1" 200 1721721
114.119.136.76 - - [15/Oct/2023:11:04:42 -0500] "GET /BLA/resoluciones/index.php?dir=Notificaciones/AUTOS%2B2023/&sort=date&order=desc HTTP/1.1" 200 13943
66.249.66.39 - - [15/Oct/2023:11:05:22 -0500] "GET /inscribete-y-participa-en-la-convencion-internacional-de-emergencia-climatica-bogota-2023.html HTTP/1.1" 200 895
216.245.221.92 - - [15/Oct/2023:11:05:56 -0500] "HEAD / HTTP/1.1" 200 -
173.252.95.14 - - [15/Oct/2023:11:06:50 -0500] "GET /mas-de-70-aves-de-corral-y-de-especies-no-convencionales-encontraron-un-hogar.html HTTP/1.1" 200 847
114.119.150.209 - - [15/Oct/2023:11:07:10 -0500] "GET /BLA/resoluciones/index.php?dir=RESOLUCIONES%2B2009/&sort=date&order=desc HTTP/1.1" 200 13902
201.245.192.253 - - [15/Oct/2023:11:07:50 -0500] "POST /kwsrmcab/Wsrmcab  HTTP/1.1" 200 42851
114.119.142.20 - - [15/Oct/2023:11:07:57 -0500] "GET /BLA/resoluciones/index.php?dir=RESOLUCIONES%2B2017/&sort=date&order=desc HTTP/1.1" 200 13902
172.22.2.4 - - [15/Oct/2023:11:06:30 -0500] "HEAD /BLA/boletinlegal/ HTTP/1.1" 200 -
172.22.2.4 - - [15/Oct/2023:11:07:21 -0500] "GET /BLA/boletinlegal/ HTTP/1.1" 200 58155
216.244.66.195 - - [15/Oct/2023:11:09:13 -0500] "GET /BLA/resoluciones/AUTOS%202019/0197.pdf HTTP/1.1" 200 280565
216.244.66.195 - - [15/Oct/2023:11:09:18 -0500] "GET /BLA/resoluciones/AUTOS%202019/0227.pdf HTTP/1.1" 200 279180
216.244.66.195 - - [15/Oct/2023:11:09:23 -0500] "GET /BLA/resoluciones/AUTOS%202019/0325.pdf HTTP/1.1" 200 239749
216.244.66.195 - - [15/Oct/2023:11:09:27 -0500] "GET /BLA/resoluciones/AUTOS%202019/1751.pdf HTTP/1.1" 200 264179
172.22.2.4 - - [15/Oct/2023:11:09:30 -0500] "GET /BLA/boletinlegal/jurisprudencia/analisis/AnalisisT-095-16.docx HTTP/1.1" 200 20284
216.244.66.195 - - [15/Oct/2023:11:09:31 -0500] "GET /BLA/resoluciones/AUTOS%202019/2651.pdf HTTP/1.1" 200 271164
114.119.141.42 - - [15/Oct/2023:11:09:40 -0500] "GET /BLA/resoluciones/index.php?dir=Notificaciones/AUTOS%2B2020/&sort=name&order=desc HTTP/1.1" 200 13943
216.245.221.92 - - [15/Oct/2023:11:10:56 -0500] "HEAD / HTTP/1.1" 200 -
186.102.40.80 - - [15/Oct/2023:11:11:07 -0500] "GET /kwssiamovil/sm/ldap/au?x=U2FsdGVkX1/D1oX/R01NaTY1JHMIzSQQnPBWjOikn101Rjd8PaMiKdf1s5WgkZe7&y=U2FsdGVkX18vjLjoarCVTW/cjS59SUtftPbGSwZ1KvPUjQ3fmiRB0FGMA2evFe/P HTTP/1.1" 200 30
186.102.40.80 - - [15/Oct/2023:11:11:08 -0500] "GET /kwssiamovil/sm/acme/s?s=U2FsdGVkX1+8a/Kp3AUHaQV/Oi72rDNiP6VxjCi9TjZODZYruQ2cN/1TNsDsFovEZt28DFd+9l/zvT5ZvSEtI83Hpbo0UMTFBuUNSf+IWYQ=&u=U2FsdGVkX1/EqU4D6jfAzRUMUvwtPUia7moqra38IPKhX0EbjpNcPXcshA/jJQ2F&y=U2FsdGVkX18vjLjoarCVTW/cjS59SUtftPbGSwZ1KvPUjQ3fmiRB0FGMA2evFe/P HTTP/1.1" 200 97
186.102.40.80 - - [15/Oct/2023:11:11:08 -0500] "GET /kwssiamovil/sm/acme/s?s=U2FsdGVkX18/O4ONXXic54yplC03lb782BElpJhRkpQ5O12kKfcel+dSi44mcCDKxDDREaA8AFU8qcq41Vv1JNp3T4GzlD60h0cxII9BdItjOK8tFzENYkVKo+wykY4gNw/q9g1Ub7MOtn1Yd1jDZDrUqREHO0607WQuwv/ApxYt3dW5lRncg1UdAz9+e9CYzj7v7dDKGSwHknl+1ymOKvwMfIa419s+HW8RownGsxOuu1wTwcYla5qkG1D7IOAnDwEPFOp1iJTmzM/Q3A6dLPSEg1goSl+p1GDuaKbutmxuHF8Otf8xMwdrJ4nEYdwqrlclcZYvHIxw1e4FjtTS8JGBvtoi85LDWaKcXbnRGTw3xPYGdlhq7w2W9u5m7+s2PsZmB92y5WA5VxhFbALnvGPuzhJp6GuBEw/MssXgk+wweW7r91fMnGnu+PXW+hfuYcL6Jey1PwHGfSLDaZ5bWJKF/LMszgOshcsDhlESuYaiSn8kwGUdpBzf0TNWqqSL2uKj30v12KjB52lQL9nvTw5penm527+BZmAwvx0GgTGXq4LP1D8m42Q/gdwGi1dj4+uOjaY77EpCK8ZYH4hY1FWeIXFcw1tp0pB+Cf5PVzwmpzJcKCWXBM5yOaO3KFHM5yAmgmUUI0wKFBnD9pS6XnYv/2GH+6B2RwvenXa3UdzF2NRFlq94+Mjp/EFjdJYwHsMEVlJQdPq5+BGVeFJAddgP0apcMTwqpSeVu+59cQSz6Zcm9L8TYBH4QURkcNRJ4CTPJ5J8U2e1piZhBt9mXIHFAcyTA601ugj22aCBShndFjAUiH1JcsHFpAcDiY4Wy7l848uj0N8W+Ycs1siSyQYPfRD4362gMbWiIV4G9/s3HmCywwPLs7UXeyzvSoynuMmIVYrLao+Ny8O0jDoWcsfIT3a1gSl+eu6MhtEgqvYhGipQa8+u50skElynCcgSiN4+41bWt+isfRFUim6Expq+EAJrFNiZi/FqkLFIP2j569gIaV/Rxs3qV4g+dov4S5TiDcCHn4Jwg+TxptwkU82x2jekVa6e5sUZgdpqN6s8dm37Mdj+zaVJSqwXAJwZOTLnC2m689i4b8iOujylS8JPFGdoZ0hp2prNN2W8LMQmrdwBAHrSuJ9tLxDlh2fxVaxr1+vl1VXvzCEKjdaDTg8a3hgzTkLbQ8m6VRzCBr9SK5auWlJtEmB9FgkEh0+M0strncmPgmR+IcJ47wUr6igv5mrQwKIhblIyqh3ooDisik9Nii+IrwOlLXezzRU8OZSo28pzVCo+mk6027CPgq3cd3Jt9ZiPwszimaIDIcnOtB8gRN+0RSQwdVIt3AQ/IzPtznzLsXwqtsl8ejLTOBpPyOs7Ke3xlvngKGLY4rn6Rf+VO/FWhwOTH7UoKCiONXj02nYC4I18NSLuYIOBuubAwQr2aiBWGCflDPnPgV4=&u=U2FsdGVkX1/EqU4D6jfAzRUMUvwtPUia7moqra38IPKhX0EbjpNcPXcshA/jJQ2F&y=U2FsdGVkX18vjLjoarCVTW/cjS59SUtftPbGSwZ1KvPUjQ3fmiRB0FGMA2evFe/P HTTP/1.1" 200 7965
186.102.40.80 - - [15/Oct/2023:11:11:08 -0500] "GET /kwssiamovil/sm/acme/s?s=U2FsdGVkX1+NBurfvYyCLT9RTetUn/X9HSa+sEQ7u6S1cbQpFmlQgPiSip9pyL16JvILLPyYBVvMKT38U1m0mMQEFYhPk3stbIaZERFaprIBYIzGSeS9F+AqkRomlncJ11vdxyNBJiCwjWihFo2wN2amwt0gD/JopZkv5Rrmzyq1LW5akOtLZujq57Ex59wM+41hh18IZ2F2S3m1ajebVSYeZCqqaMT9SAB83vhd6pEbRtrgoTs9QFSIKkeROrZlv765pLo3BhEGsy0SI1/Q9hfOWHfDkEpo+vGlOU5114VEAON03qBBhh0scVr8VOjLPqg3fjyjKxqEEs42nWWHb4bR9XvI3rR/n+H5FLdMeWA=&u=U2FsdGVkX1/EqU4D6jfAzRUMUvwtPUia7moqra38IPKhX0EbjpNcPXcshA/jJQ2F&y=U2FsdGVkX18vjLjoarCVTW/cjS59SUtftPbGSwZ1KvPUjQ3fmiRB0FGMA2evFe/P HTTP/1.1" 200 196
186.102.40.80 - - [15/Oct/2023:11:11:08 -0500] "GET /kwssiamovil/sm/cjson/pre?f=1&x=U2FsdGVkX1/D1oX/R01NaTY1JHMIzSQQnPBWjOikn101Rjd8PaMiKdf1s5WgkZe7 HTTP/1.1" 200 31032
114.119.152.149 - - [15/Oct/2023:11:11:18 -0500] "GET /BLA/resoluciones/index.php?dir=AUTOS%2B2020/&sort=name&order=asc HTTP/1.1" 200 13882
114.119.153.114 - - [15/Oct/2023:11:12:19 -0500] "GET /BLA/resoluciones/index.php?dir=AUTOS%2B2011/&sort=size&order=asc HTTP/1.1" 200 13882
66.249.66.38 - - [15/Oct/2023:11:12:22 -0500] "GET /compania-nacional-de-chocolates-cerescos-y-cablemovil-entre-las-empresas-que-han-implementado-proyectos-ambientales-exitosos.html HTTP/1.1" 304 -
201.245.192.253 - - [15/Oct/2023:11:12:48 -0500] "POST /kwsrmcab/Wsrmcab  HTTP/1.1" 200 42851
172.22.2.4 - - [15/Oct/2023:11:12:20 -0500] "HEAD /BLA/boletinlegal/ HTTP/1.1" 200 -
173.252.83.3 - - [15/Oct/2023:11:14:02 -0500] "GET /images/plantacion-humedal-la-conejera.jpg HTTP/1.1" 200 92644
173.252.83.4 - - [15/Oct/2023:11:14:11 -0500] "GET /images/Zuque%20(1)%20(1).jpeg HTTP/1.1" 200 66921
167.94.138.50 - - [15/Oct/2023:11:14:27 -0500] "GET / HTTP/1.1" 200 319
167.94.138.50 - - [15/Oct/2023:11:14:28 -0500] "GET / HTTP/1.1" 200 319
167.94.138.50 - - [15/Oct/2023:11:14:28 -0500] "PRI * HTTP/2.0" 400 946
167.94.138.50 - - [15/Oct/2023:11:14:28 -0500] "GET /favicon.ico HTTP/1.1" 200 7782
172.22.2.4 - - [15/Oct/2023:11:13:11 -0500] "GET /BLA/boletinlegal/ HTTP/1.1" 200 60175
216.245.221.92 - - [15/Oct/2023:11:15:56 -0500] "HEAD / HTTP/1.1" 200 -
201.245.192.253 - - [15/Oct/2023:11:17:48 -0500] "POST /kwsrmcab/Wsrmcab  HTTP/1.1" 200 42851
201.245.192.253 - - [15/Oct/2023:11:17:52 -0500] "POST /kwsrmcab/Wsrmcab HTTP/1.1" 200 37834
201.245.192.253 - - [15/Oct/2023:11:17:55 -0500] "POST /kwsrmcab/Wsrmcab HTTP/1.1" 200 41272
66.249.66.166 - - [15/Oct/2023:11:19:43 -0500] "GET /robots.txt HTTP/1.1" 404 1035
172.22.2.4 - - [15/Oct/2023:11:18:10 -0500] "HEAD /BLA/boletinlegal/ HTTP/1.1" 200 -
191.156.159.112 - - [15/Oct/2023:11:20:39 -0500] "GET /si-tienes-ropa-y-calzado-que-ya-no-usas-aca-te-presentamos-seis-puntos-a-donde-los-puedes-llevar.html HTTP/1.1" 200 872
172.22.2.4 - - [15/Oct/2023:11:19:01 -0500] "GET /BLA/boletinlegal/ HTTP/1.1" 200 60175
216.245.221.92 - - [15/Oct/2023:11:20:56 -0500] "HEAD / HTTP/1.1" 200 -
173.252.95.4 - - [15/Oct/2023:11:21:03 -0500] "GET /calidad-del-aire-en-bogota-afectada-de-nuevo-por-incendios-forestales-se-decreta-alerta-fase-1.html HTTP/1.1" 200 1057
192.168.175.202 - - [15/Oct/2023:11:21:38 -0500] "GET / HTTP/1.1" 200 4720
173.252.87.111 - - [15/Oct/2023:11:21:56 -0500] "GET /images/Red%20de%20Monitoreo%20de%20Calidad%20del%20Aire.jpg HTTP/1.1" 200 51986
192.168.175.202 - - [15/Oct/2023:11:22:10 -0500] "GET / HTTP/1.1" 200 4720
52.167.144.223 - - [15/Oct/2023:11:22:23 -0500] "GET /BLA/resoluciones/RESOLUCIONES%202023/0502.pdf HTTP/1.1" 200 677663
114.119.142.39 - - [15/Oct/2023:11:22:27 -0500] "GET /BLA/resoluciones/index.php?dir=Notificaciones/AUTOS%2B2017/ HTTP/1.1" 200 13944
201.245.192.253 - - [15/Oct/2023:11:22:45 -0500] "POST /kwsrmcab/Wsrmcab  HTTP/1.1" 200 42851
173.252.95.5 - - [15/Oct/2023:11:22:56 -0500] "GET /oso-melero-recuperado-en-bogota-fue-liberado-exitosamente-en-el-meta.html HTTP/1.1" 200 948
186.102.40.80 - - [15/Oct/2023:11:23:02 -0500] "OPTIONS /kwssiamovil/sm/setfile/f? HTTP/1.1" 200 13
186.102.40.80 - - [15/Oct/2023:11:23:02 -0500] "POST /kwssiamovil/sm/setfile/f? HTTP/1.1" 200 381
186.102.40.80 - - [15/Oct/2023:11:23:10 -0500] "GET /kwssiamovil/sm/acme/a?s=U2FsdGVkX18ThmEIvA3r4c6ZZA1BgM730CQZ4liea+32YBkPtZ8KYtgKNEV5ke4buWfbLqTrTeqDRqWXICcpH9NWDSdDa8sWMcmRfOqdk6sOddvJth7vooInRzsy/scy4A5VAZ6u2m2g/jvZGonv4mC68sDtSpvT03J6FF/0ZgTgE/7FuRW6KdJy7MOY0v3soGGkR6wuzih2vSbR2+o75p+TV7RzBAZhfQiySxdUxfBIhrOJdJBbdOW822IwkC6y0ZroWid8vudkxCG3ESfk0g==&u=U2FsdGVkX1/EqU4D6jfAzRUMUvwtPUia7moqra38IPKhX0EbjpNcPXcshA/jJQ2F&y=U2FsdGVkX18vjLjoarCVTW/cjS59SUtftPbGSwZ1KvPUjQ3fmiRB0FGMA2evFe/P HTTP/1.1" 200 26
186.102.40.80 - - [15/Oct/2023:11:23:11 -0500] "GET /kwssiamovil/sm/acme/a?s=U2FsdGVkX1/pIxv/oMg747hwO6UBBeVsImKQCXSSddvfWAq7uJY25h+49hsIn/A+WJYrGY7ztmpqUWzbQvQ3hkXKaK2OsKoOc9A/hOf+4syFXKSHc/88Pk8bBeHw/4G4XgkFd9F6qciW31Fk/CJ6TGXNoLQiIw1PI/dGxa+M0sEtzO9MO+D3VwiCAeqMbzSoI5B7lz3fr8POAD0p/1iAKdrto7YH5pdIdiOT9WcD1weGIaeCMzffaI0M/tRjVPv7JjEsZ322osRruK/S2cmmpzLwN6ruIDqJPBOcb/vtrjWvFCPv1pwXz0V/EnOobjevYz7iOU/lfEfVT6L5uv9HoXi1vOMXUqZsFx3ZH6bi4N2YpYk+wiNF6PiHVsmtFsOGjsTnQF6lo61eezwag+/fc5Pv5GKO1x3OGmwgBpKAkYYve5k7jX8/qNp7gbrlpQio2BqpROF3WM1WUZoJeMShOBsq9HwIU0WfQeEP9CGH2QlER/1InDs/8pSgvO7/fk2eYXWW35vZYQcjN6VvLdb7jwoGRHPDmKaagUPx81GwTnP7Hsfkjw2XDwzMUO+PM/AB2sX1dSB6PKTrfDB1U3EYnkPkQkG2eKlgCgR0dVe3nNVwvZOeM9UzhF2FhE0U7+PXk5PPUac8paF13/6WxSRc/1Jk5nufCvoVpaStGmenQUMppFraNwHGzUbvUBsE3kXlaxY6Mv2mOx19ByiYq7RLz6eN3HTk1/c3qE+drXw4YZ9rdtrcpzLu9aOm6hxCPuE8nydJ/3+13ZHXyMClUMFxtgMt1aj21bCCkrNQs4pUiSwd5bBN+tMqUhoVwYO9GFG5nNYUKFC9se1bSJc1ZDtwnXuMeKdkT1i1jdchdMSx08ZvUA+KZHJqj6aIy3SyFES8DD9ltPGnMD8cxM4ByFw4/OKphSHSg0UAaataSsyqPqa1s6TVSkGa1WNRsmgfMID04YqpRErbyfeQBmQQDbepEvEJM0ur7yPHNfOUpojhi+oYV04QifqwEHAaBKeLUVuMWWAVTRuNIV6NITXkzp5iv1mNsH9VDcRySlINsG/HhnNrW5d1mtudNXkr72q+Dkcfvnd4z5//cJ9/EdyB7no9qiMtzAOUjueiFZAdTdRxvNyzbcFb6qzA/BWC2HAC7sflMi5XgVroqJFskPqOSrYLxsBCabqjDO/ve3/BjXt41RCQVFpd9K7UvZ17eHRsCoMKjWaaBCJ3wToBwqOPFY4wrQp30wWnlWoYZhPA5m4ZXpor6F/i0uHR+UfMAB/IC/dqASfUKZAjOJSZChZakiyNRlLZyFjRw0vikb6BlmRT/5Q7jsoj3s7Se7JgFA0sTZU4k2Xa4DIreN6n5O3xBkVFNW59gD/EC+yCaC5tJ82bVwHQJd+SDru3ee34wZhjwMCBGspL5YpSGRvepo5oYxYz0yIoM/wFSl7c33cwwm+j90xOagNg3WbvCSGhjbCxthdxZrSaYQJvkoZ0sxWE3ed1hKxIQEEdDeo8iOZdt1ytrOShb8M52+fFTHq12cZvuV1fysR3/ParMtpv5EpFWzuq/P8AKy8DdlgE+GQ/r+Dnxpo1rkAYFKsC9vIncPwsvAwv9p5Nvcdx/HKuYnXGt54pxhQkiVXl2U1HFIflvlWMLqy/+mxzBCqGYoHaQMjoOpf0vE+7v+IsRm1katqr6+S1bgeQzhKH45R7MM9UWenI/IJHE8vfWKEdLH42bG7IzcOwLRBIX34dNWtLHvcMeueAPssgguZGNglFnlinJL/TXr9Fwq7CYqrZiFt+lzPo/N7nAi5S6XUW217j1uU/gYG/bS1L3xUNQWWMQrZxA+EKwEXhAGugEHRVvox7KygzWbssGfXfnkqMrV6jqcQRkZ8v97FESQd//RWNLLiZFMrVLA4nMoGBoFiuT2KSXArd+uh/tOBBAb4PPMuQvevDCTsO4D+/LeK1hL/XE0tX41BrxZPLTivYGSfdr6+yXpAEFCKq+3ehC//vbSobIOtSb2sL14LLGnb2RDp3Hdt9yR1S3jH5BaTYpFIwxfdg6EBrWtyqmeK1e+qMNLG+Mfv9LHvl3oIdS2jkcXs74zribiPe/5nHTmmj66c+ozbYrppvDwo5FpZV2m2VIp7tzdNqRnsrb/uTYsL7QKtxo5l1PPMKVmdXpLml+xv1sPRWYyIapMTO3Cbnj4/XGGxuYJBvwjmwQtQhiKVio73Tl2tdj7uhesk8gnX8dPNFQy+qkD+L+RGMybb1Aj/l6F2G4BzBy2IpQ5etSSj6Fu1antA+0b/3iPaxVTzAv6Dbg2i1yXPrqA/1RS3PECsUc3ESXPFOnI18BQ==&u=U2FsdGVkX1/EqU4D6jfAzRUMUvwtPUia7moqra38IPKhX0EbjpNcPXcshA/jJQ2F&y=U2FsdGVkX18vjLjoarCVTW/cjS59SUtftPbGSwZ1KvPUjQ3fmiRB0FGMA2evFe/P HTTP/1.1" 200 26
186.102.40.80 - - [15/Oct/2023:11:23:11 -0500] "GET /kwssiamovil/sm/acme/a?s=U2FsdGVkX1/XiRPI08snQ434uDsi9omBvZ5O7QAufrkHK2TH+jIEY9NB6Qaan55ucJHKg3W+Z7dj3M9pmF4FelAv0OQAXw5kfgfUrXWhbvvemJoN5efKFtpt1Y2YtrPAXPfzAxa+bHSeIVxubXIfmmQVo5fA1BLE5SWfSS5LYDQ=&u=U2FsdGVkX1/EqU4D6jfAzRUMUvwtPUia7moqra38IPKhX0EbjpNcPXcshA/jJQ2F&y=U2FsdGVkX18vjLjoarCVTW/cjS59SUtftPbGSwZ1KvPUjQ3fmiRB0FGMA2evFe/P HTTP/1.1" 200 26
186.102.40.80 - - [15/Oct/2023:11:23:11 -0500] "GET /kwssiamovil/sm/acme/a?s=U2FsdGVkX1/sucp1sOzMdQjk5a7R5THJhzLz4Qv4MkanpBGkoaWpnQZ9zp3GTv4f2a/+1S5psJ6MxsUYWUt4Ud/0U+V4CbR1jFZkyWrAt8g3ypt3QuXYvIEWnwwC8AsPsm4FXczhPmCdtmRYZoMWjJhQSOCeoBGGLXl45BWBPBc=&u=U2FsdGVkX1/EqU4D6jfAzRUMUvwtPUia7moqra38IPKhX0EbjpNcPXcshA/jJQ2F&y=U2FsdGVkX18vjLjoarCVTW/cjS59SUtftPbGSwZ1KvPUjQ3fmiRB0FGMA2evFe/P HTTP/1.1" 200 26
186.102.40.80 - - [15/Oct/2023:11:23:12 -0500] "GET /kwssiamovil/sm/acme/a?s=U2FsdGVkX199L8TPdev5s7Xr4kDtg7CYgDbrVS2mjL3xSjZOwBzehHoxYjPeUgD8axMopa1RK9ep50mM3P80TrYylw50kfM1mAMYAxXaECExIHxUjgfM4bTCDQsojxJTqIsjP+BWoXPRzff6Ip8jFvZqbhn6QaE8CfT479O97Q8=&u=U2FsdGVkX1/EqU4D6jfAzRUMUvwtPUia7moqra38IPKhX0EbjpNcPXcshA/jJQ2F&y=U2FsdGVkX18vjLjoarCVTW/cjS59SUtftPbGSwZ1KvPUjQ3fmiRB0FGMA2evFe/P HTTP/1.1" 200 26
186.102.40.80 - - [15/Oct/2023:11:23:12 -0500] "GET /kwssiamovil/sm/acme/a?s=U2FsdGVkX1+TT3l4ERlGZJpjCyYoR9m6mGJ1oictrEGQ7RHgmByma4FH4IG7nbD5xiLFaKgJ2Ym7malyORvcLLvTcv/czJtTtJZ6csScZeazC4mYksFE29MIpxXRyzCDu0uULthiKpBkqNn4/mXlebalv5bvEFcssH7vGKqS7T7WQJjGnVwmDJBJ03/hoA88mw9FeD1DLUKiyvs49aSIwg==&u=U2FsdGVkX1/EqU4D6jfAzRUMUvwtPUia7moqra38IPKhX0EbjpNcPXcshA/jJQ2F&y=U2FsdGVkX18vjLjoarCVTW/cjS59SUtftPbGSwZ1KvPUjQ3fmiRB0FGMA2evFe/P HTTP/1.1" 200 26
186.102.40.80 - - [15/Oct/2023:11:23:12 -0500] "GET /kwssiamovil/sm/acme/a?s=U2FsdGVkX1/wlAhY0ydSsDd+o/VKy4+d/DLY+MAYrXehrXy48uqF+n26WkW9EvLL3NZIVzAAZOiQNQcCovFVbP9tDHZrIq1pIzjSM7PNKepUao/8RoMpL27C5mnc3av3h2rb7MY2D19hzffZMG5rZBJC9UYt1qnsmaFpLWDujcvxfVeiIzOu3g3/v5776i2S68GReYkb4LQZy90V5j5jzrUk0pZoFrbVipihVyJPb/jKAlsBg9hQP05w4WRwcvo11Sx1pRJ7AP6AcpmA1gr3JvcK5sDg4D3ihOPetBpi13bWGjlptfToKIZTst70VLT1xMWnEi1fkVqdOXpLWmcdBbkxRTohE6xvtlAXs+jnkN9s0C3IsPaXaBSppf4MrivRx0SSCPViPU4JGKJGEL990/nmP5tGL3clC0uLHPuG2+FAY+MIbg3E4h4vtaaDtTVYtGjmwocj1gc2+IDoTJKiCDG4VdqnfWsFB5Ci01iN9I8=&u=U2FsdGVkX1/EqU4D6jfAzRUMUvwtPUia7moqra38IPKhX0EbjpNcPXcshA/jJQ2F&y=U2FsdGVkX18vjLjoarCVTW/cjS59SUtftPbGSwZ1KvPUjQ3fmiRB0FGMA2evFe/P HTTP/1.1" 200 25
186.102.40.80 - - [15/Oct/2023:11:23:12 -0500] "GET /kwssiamovil/sm/acme/a?s=U2FsdGVkX1+QnNNkx2wQkOXrt0TV0QrH4cqQuyAxMBqxKk+LA+tdqhn7vILaKw1cBaasGj/7h6kmHq//dU10mQ57hGPHtE4H2cqcTZQimulhjb7+yKM5W8Nk8/PKfufZs1lS2iu+PjbdgufiQKVfHelCcCdv2yHWdk1KcilK1S7aWNVxo0R0zc4hI+d58yDNMdFDEuARen+yA2ddyRyiqoWI6rEiG+2d0rrDLO+bHkSCPgyNX7X2xINlm8wyTyQ4WWTcpxq+3God+neEA6kncrMS9BJYHqtd42A8p33JPwbIdKo30mFoQntlv6BW9Wv/spWiSoGHwjf2pM/u24szxWkGmoEJdUerxAM76JJ3S5Yh8C7GNwjsG7b/ZT5F/i2Zcat1hsPVBCzEF3OzBIsZTNiY2K8VjgkM/9+6HxXB7oox8OvYRYhbjrA3quIJEnmI9ogUEarTmamEBeK6m4uv1g==&u=U2FsdGVkX1/EqU4D6jfAzRUMUvwtPUia7moqra38IPKhX0EbjpNcPXcshA/jJQ2F&y=U2FsdGVkX18vjLjoarCVTW/cjS59SUtftPbGSwZ1KvPUjQ3fmiRB0FGMA2evFe/P HTTP/1.1" 200 25
114.119.156.59 - - [15/Oct/2023:11:24:09 -0500] "GET /BLA/resoluciones/index.php?dir=AUTOS%2B2023/&sort=name&order=asc HTTP/1.1" 200 13882
172.22.2.4 - - [15/Oct/2023:11:24:00 -0500] "HEAD /BLA/boletinlegal/ HTTP/1.1" 200 -
216.245.221.92 - - [15/Oct/2023:11:25:56 -0500] "HEAD / HTTP/1.1" 200 -
114.119.135.233 - - [15/Oct/2023:11:26:18 -0500] "GET /BLA/resoluciones/index.php?dir=Notificaciones/REGISTROS%2B2020/&sort=size&order=asc HTTP/1.1" 200 13956
172.22.2.4 - - [15/Oct/2023:11:24:51 -0500] "GET /BLA/boletinlegal/ HTTP/1.1" 200 57802
114.119.133.108 - - [15/Oct/2023:11:27:24 -0500] "GET /BLA/resoluciones/index.php?dir=AUTOS%2B2023/&sort=date&order=desc HTTP/1.1" 200 13881
201.245.192.253 - - [15/Oct/2023:11:27:42 -0500] "POST /kwsrmcab/Wsrmcab  HTTP/1.1" 200 42851
201.245.192.253 - - [15/Oct/2023:11:27:52 -0500] "POST /kwsrmcab/Wsrmcab HTTP/1.1" 200 37834
201.245.192.253 - - [15/Oct/2023:11:27:54 -0500] "POST /kwsrmcab/Wsrmcab HTTP/1.1" 200 41272
114.119.144.36 - - [15/Oct/2023:11:28:48 -0500] "GET /BLA/resoluciones/index.php?dir=AUTOS%2B2013/&sort=size&order=desc HTTP/1.1" 200 13881
52.167.144.161 - - [15/Oct/2023:11:29:54 -0500] "GET /portaldeninos/wp-content/uploads/2020/11/La-Vaca-B-50x28.jpg HTTP/1.1" 200 1301
114.119.131.68 - - [15/Oct/2023:11:30:11 -0500] "GET /BLA/resoluciones/index.php?dir=RESOLUCIONES%2B2017/&sort=size&order=asc HTTP/1.1" 200 13903
216.244.66.195 - - [15/Oct/2023:11:30:49 -0500] "GET /robots.txt HTTP/1.1" 404 1018
216.245.221.92 - - [15/Oct/2023:11:30:56 -0500] "HEAD / HTTP/1.1" 200 -
172.22.2.4 - - [15/Oct/2023:11:29:50 -0500] "HEAD /BLA/boletinlegal/ HTTP/1.1" 200 -
172.22.2.4 - - [15/Oct/2023:11:30:41 -0500] "GET /BLA/boletinlegal/ HTTP/1.1" 200 57802
201.245.192.253 - - [15/Oct/2023:11:32:40 -0500] "POST /kwsrmcab/Wsrmcab  HTTP/1.1" 200 42851
114.119.146.41 - - [15/Oct/2023:11:32:50 -0500] "GET /BLA/resoluciones/index.php?dir=RESOLUCIONES%2B2000/ HTTP/1.1" 200 13903
152.203.150.158 - - [15/Oct/2023:11:33:37 -0500] "GET /caminatas-ecologicas-un-plan-imperdible-para-octubre.html HTTP/1.1" 200 747
114.119.154.41 - - [15/Oct/2023:11:34:09 -0500] "GET /BLA/resoluciones/index.php?dir=Notificaciones/REGISTROS%2B2019/ HTTP/1.1" 200 13956
114.119.161.177 - - [15/Oct/2023:11:34:44 -0500] "GET /BLA/resoluciones/index.php?dir=Notificaciones/AUTOS%2B2014/&sort=name&order=asc HTTP/1.1" 200 13944
216.245.221.92 - - [15/Oct/2023:11:35:56 -0500] "HEAD / HTTP/1.1" 200 -
114.119.136.14 - - [15/Oct/2023:11:36:49 -0500] "GET /BLA/resoluciones/index.php?dir=AUTOS%2B2004/&sort=date&order=desc HTTP/1.1" 200 13881
172.22.2.4 - - [15/Oct/2023:11:35:40 -0500] "HEAD /BLA/boletinlegal/ HTTP/1.1" 200 -
201.245.192.253 - - [15/Oct/2023:11:37:38 -0500] "POST /kwsrmcab/Wsrmcab  HTTP/1.1" 200 42851
201.245.192.253 - - [15/Oct/2023:11:37:52 -0500] "POST /kwsrmcab/Wsrmcab HTTP/1.1" 200 37834
201.245.192.253 - - [15/Oct/2023:11:37:55 -0500] "GET /kwsrmcab/Wsrmcab?wsdl HTTP/1.1" 200 6948
201.245.192.253 - - [15/Oct/2023:11:37:55 -0500] "POST /kwsrmcab/Wsrmcab HTTP/1.1" 200 41272
172.22.2.4 - - [15/Oct/2023:11:36:31 -0500] "GET /BLA/boletinlegal/ HTTP/1.1" 200 58155
114.119.133.201 - - [15/Oct/2023:11:38:20 -0500] "GET /BLA/resoluciones/index.php?dir=RESOLUCIONES%2B2003/ HTTP/1.1" 200 13903
172.22.2.4 - - [15/Oct/2023:11:39:41 -0500] "GET /BLA/boletinlegal/style.css HTTP/1.1" 200 9406
172.22.2.4 - - [15/Oct/2023:11:39:41 -0500] "GET /BLA/boletinlegal/styles2.css HTTP/1.1" 200 1838
172.22.2.4 - - [15/Oct/2023:11:39:41 -0500] "GET /BLA/boletinlegal/images/cabezote%20BLEGAL.jpg HTTP/1.1" 200 118164
172.22.2.4 - - [15/Oct/2023:11:39:41 -0500] "GET /BLA/boletinlegal/images/historia.png HTTP/1.1" 200 52775
172.22.2.4 - - [15/Oct/2023:11:39:42 -0500] "GET /BLA/boletinlegal/images/menu_lft.gif HTTP/1.1" 200 1713
172.22.2.4 - - [15/Oct/2023:11:39:42 -0500] "GET /BLA/boletinlegal/images/body_bg.jpg HTTP/1.1" 200 1601
172.22.2.4 - - [15/Oct/2023:11:39:42 -0500] "GET /BLA/boletinlegal/images/menu_rght.gif HTTP/1.1" 200 1627
172.22.2.4 - - [15/Oct/2023:11:39:42 -0500] "GET /BLA/boletinlegal/images/bg_top.jpg HTTP/1.1" 200 522
172.22.2.4 - - [15/Oct/2023:11:39:42 -0500] "GET /BLA/boletinlegal/images/menu_bg.jpg HTTP/1.1" 200 620
172.22.2.4 - - [15/Oct/2023:11:39:42 -0500] "GET /BLA/boletinlegal/images/text.jpg HTTP/1.1" 200 568
172.22.2.4 - - [15/Oct/2023:11:39:42 -0500] "GET /BLA/boletinlegal/images/hover.jpg HTTP/1.1" 200 640
172.22.2.4 - - [15/Oct/2023:11:39:44 -0500] "GET /BLA/boletinlegal/actos.php HTTP/1.1" 200 9682
172.22.2.4 - - [15/Oct/2023:11:39:44 -0500] "GET /BLA/boletinlegal/js/ajax_actos.js HTTP/1.1" 200 1322
172.22.2.4 - - [15/Oct/2023:11:39:44 -0500] "GET /BLA/boletinlegal/niceforms.js HTTP/1.1" 200 22876
172.22.2.4 - - [15/Oct/2023:11:39:44 -0500] "GET /BLA/boletinlegal/niceforms-default.css HTTP/1.1" 200 6694
172.22.2.4 - - [15/Oct/2023:11:39:44 -0500] "GET /BLA/boletinlegal/js/lib.js HTTP/1.1" 200 6474
172.22.2.4 - - [15/Oct/2023:11:39:44 -0500] "GET /BLA/boletinlegal/js/popup.js HTTP/1.1" 200 1270
172.22.2.4 - - [15/Oct/2023:11:39:45 -0500] "GET /BLA/boletinlegal/js/jquery1.js HTTP/1.1" 200 29846
172.22.2.4 - - [15/Oct/2023:11:39:45 -0500] "GET /BLA/boletinlegal/images/green-yellow-blue-pink-th.png HTTP/1.1" 200 7394
172.22.2.4 - - [15/Oct/2023:11:39:45 -0500] "GET /BLA/boletinlegal/images/tel.png HTTP/1.1" 200 14477
172.22.2.4 - - [15/Oct/2023:11:39:45 -0500] "GET /BLA/boletinlegal/images/icono-email.png HTTP/1.1" 200 5544
172.22.2.4 - - [15/Oct/2023:11:39:45 -0500] "GET /BLA/boletinlegal/images/footer_bg_l.jpg HTTP/1.1" 200 776
172.22.2.4 - - [15/Oct/2023:11:39:45 -0500] "GET /BLA/boletinlegal/img/0.png HTTP/1.1" 200 110
172.22.2.4 - - [15/Oct/2023:11:39:45 -0500] "GET /BLA/boletinlegal/img/select-left.png HTTP/1.1" 200 263
172.22.2.4 - - [15/Oct/2023:11:39:45 -0500] "GET /BLA/boletinlegal/img/select-right.png HTTP/1.1" 200 44019
172.22.2.4 - - [15/Oct/2023:11:39:45 -0500] "GET /BLA/boletinlegal/img/button-left.png HTTP/1.1" 200 57071
172.22.2.4 - - [15/Oct/2023:11:39:45 -0500] "GET /BLA/boletinlegal/img/button.png HTTP/1.1" 200 43241
172.22.2.4 - - [15/Oct/2023:11:39:45 -0500] "GET /BLA/boletinlegal/img/button-right.png HTTP/1.1" 200 57878
186.30.66.82 - - [15/Oct/2023:11:39:49 -0500] "GET /BLA/resoluciones/ HTTP/1.1" 200 13696
186.30.66.82 - - [15/Oct/2023:11:39:49 -0500] "GET /BLA/resoluciones/dlf/folder.png HTTP/1.1" 200 410
186.30.66.82 - - [15/Oct/2023:11:39:49 -0500] "GET /BLA/resoluciones/dlf/styles.css HTTP/1.1" 200 3049
186.30.66.82 - - [15/Oct/2023:11:39:49 -0500] "GET /BLA/resoluciones/dlf/bg.gif HTTP/1.1" 200 54
186.30.66.82 - - [15/Oct/2023:11:39:49 -0500] "GET /favicon.ico HTTP/1.1" 200 7782
172.22.2.4 - - [15/Oct/2023:11:39:41 -0500] "GET /BLA/boletinlegal/ HTTP/1.1" 200 24523
186.30.66.82 - - [15/Oct/2023:11:40:40 -0500] "GET /BLA/resoluciones/dlf/dirup.png HTTP/1.1" 200 644
186.30.66.82 - - [15/Oct/2023:11:40:40 -0500] "GET /BLA/resoluciones/dlf/pdf.gif HTTP/1.1" 200 272
186.30.66.82 - - [15/Oct/2023:11:40:40 -0500] "GET /BLA/resoluciones/index.php?dir=AUTOS+2010%2F HTTP/1.1" 200 280373
216.245.221.92 - - [15/Oct/2023:11:40:56 -0500] "HEAD / HTTP/1.1" 200 -
