216.244.66.195 - - [16/Oct/2023:14:10:17 -0500] "GET /BLA/resoluciones/AUTOS%202011/0692.pdf HTTP/1.1" 200 99275
172.22.2.4 - - [16/Oct/2023:14:08:59 -0500] "GET /BLA/boletinlegal/ HTTP/1.1" 200 45933
216.244.66.195 - - [16/Oct/2023:14:10:45 -0500] "GET /BLA/resoluciones/AUTOS%202011/0733.pdf HTTP/1.1" 200 121253
216.245.221.92 - - [16/Oct/2023:14:10:52 -0500] "HEAD / HTTP/1.1" 200 -
172.22.2.4 - - [16/Oct/2023:14:09:27 -0500] "GET /BLA/boletinlegal/index.php HTTP/1.1" 200 47012
216.244.66.195 - - [16/Oct/2023:14:11:11 -0500] "GET /BLA/resoluciones/AUTOS%202011/0939.pdf HTTP/1.1" 200 157913
216.244.66.195 - - [16/Oct/2023:14:11:36 -0500] "GET /BLA/resoluciones/AUTOS%202011/1533.pdf HTTP/1.1" 200 155991
190.215.82.30 - - [16/Oct/2023:14:11:39 -0500] "GET / HTTP/1.1" 200 319
216.244.66.195 - - [16/Oct/2023:14:12:00 -0500] "GET /BLA/resoluciones/AUTOS%202011/1545.pdf HTTP/1.1" 200 150901
216.244.66.195 - - [16/Oct/2023:14:12:23 -0500] "GET /BLA/resoluciones/AUTOS%202011/2135.pdf HTTP/1.1" 200 262132
201.245.192.253 - - [16/Oct/2023:14:12:23 -0500] "POST /kwsrmcab/Wsrmcab  HTTP/1.1" 200 42851
216.244.66.195 - - [16/Oct/2023:14:12:46 -0500] "GET /BLA/resoluciones/AUTOS%202011/2365.pdf HTTP/1.1" 200 227649
216.244.66.195 - - [16/Oct/2023:14:13:09 -0500] "GET /BLA/resoluciones/AUTOS%202011/2923.pdf HTTP/1.1" 200 491323
114.119.140.29 - - [16/Oct/2023:14:13:33 -0500] "GET /portalsiaccapacitaciones/Listas%20de%20Asistencia%202015/L.A-MT14-2Jul2015.pdf HTTP/1.1" 200 2906075
216.244.66.195 - - [16/Oct/2023:14:13:38 -0500] "GET /BLA/resoluciones/AUTOS%202011/3237.pdf HTTP/1.1" 200 288698
216.244.66.195 - - [16/Oct/2023:14:14:03 -0500] "GET /BLA/resoluciones/AUTOS%202011/3297.pdf HTTP/1.1" 200 215923
114.119.147.116 - - [16/Oct/2023:14:14:23 -0500] "GET /BLA/resoluciones/index.php?dir=RESOLUCIONES%2B1992/&sort=size&order=asc HTTP/1.1" 200 13903
216.244.66.195 - - [16/Oct/2023:14:14:27 -0500] "GET /BLA/resoluciones/AUTOS%202011/3370.pdf HTTP/1.1" 200 301486
216.244.66.195 - - [16/Oct/2023:14:14:49 -0500] "GET /BLA/resoluciones/AUTOS%202011/4076.pdf HTTP/1.1" 200 452953
216.244.66.195 - - [16/Oct/2023:14:15:10 -0500] "GET /BLA/resoluciones/AUTOS%202012/0024.pdf HTTP/1.1" 200 165305
216.244.66.195 - - [16/Oct/2023:14:15:29 -0500] "GET /BLA/resoluciones/AUTOS%202012/0163.pdf HTTP/1.1" 200 594718
172.22.2.4 - - [16/Oct/2023:14:13:58 -0500] "HEAD /BLA/boletinlegal/ HTTP/1.1" 200 -
216.244.66.195 - - [16/Oct/2023:14:15:48 -0500] "GET /BLA/resoluciones/AUTOS%202012/0173.pdf HTTP/1.1" 200 189870
216.245.221.92 - - [16/Oct/2023:14:15:52 -0500] "HEAD / HTTP/1.1" 200 -
216.244.66.195 - - [16/Oct/2023:14:16:08 -0500] "GET /BLA/resoluciones/AUTOS%202012/0538.pdf HTTP/1.1" 200 434396
114.119.158.189 - - [16/Oct/2023:14:16:17 -0500] "GET /BLA/resoluciones/index.php?dir=Notificaciones/RESOLUCIONES%2B2017/&sort=date&order=asc HTTP/1.1" 200 13965
216.244.66.195 - - [16/Oct/2023:14:16:25 -0500] "GET /BLA/resoluciones/AUTOS%202012/0873.pdf HTTP/1.1" 200 732150
172.22.2.4 - - [16/Oct/2023:14:14:49 -0500] "GET /BLA/boletinlegal/ HTTP/1.1" 200 58155
172.22.2.4 - - [16/Oct/2023:14:16:40 -0500] "GET /BLA/boletinlegal/style.css HTTP/1.1" 200 9406
172.22.2.4 - - [16/Oct/2023:14:16:40 -0500] "GET /BLA/boletinlegal/styles2.css HTTP/1.1" 200 1838
172.22.2.4 - - [16/Oct/2023:14:16:40 -0500] "GET /BLA/boletinlegal/js/jquery.js HTTP/1.1" 200 57254
172.22.2.4 - - [16/Oct/2023:14:16:40 -0500] "GET /BLA/boletinlegal/js/jquery.scrollTo-min.js HTTP/1.1" 200 1150
172.22.2.4 - - [16/Oct/2023:14:16:40 -0500] "GET /BLA/boletinlegal/js/jquery.scrollShow.js HTTP/1.1" 200 4586
172.22.2.4 - - [16/Oct/2023:14:16:40 -0500] "GET /BLA/boletinlegal/images/cabezote%20BLEGAL.jpg HTTP/1.1" 200 118164
172.22.2.4 - - [16/Oct/2023:14:16:40 -0500] "GET /BLA/boletinlegal/images/subscribe-icon-big.png HTTP/1.1" 200 47702
172.22.2.4 - - [16/Oct/2023:14:16:40 -0500] "GET /BLA/boletinlegal/images/historia.png HTTP/1.1" 200 52775
172.22.2.4 - - [16/Oct/2023:14:16:40 -0500] "GET /BLA/boletinlegal/images/registro-usuarios.png HTTP/1.1" 200 8106
172.22.2.4 - - [16/Oct/2023:14:16:40 -0500] "GET /BLA/boletinlegal/images/arr_l.jpg HTTP/1.1" 200 1979
172.22.2.4 - - [16/Oct/2023:14:16:40 -0500] "GET /BLA/boletinlegal/images/screen_1.png HTTP/1.1" 200 202547
172.22.2.4 - - [16/Oct/2023:14:16:40 -0500] "GET /BLA/boletinlegal/images/launch.jpg HTTP/1.1" 200 14577
172.22.2.4 - - [16/Oct/2023:14:16:40 -0500] "GET /BLA/boletinlegal/actos.php HTTP/1.1" 200 9682
172.22.2.4 - - [16/Oct/2023:14:16:41 -0500] "GET /BLA/boletinlegal/js/ajax_actos.js HTTP/1.1" 200 1322
172.22.2.4 - - [16/Oct/2023:14:16:41 -0500] "GET /BLA/boletinlegal/niceforms.js HTTP/1.1" 200 22876
172.22.2.4 - - [16/Oct/2023:14:16:41 -0500] "GET /BLA/boletinlegal/niceforms-default.css HTTP/1.1" 200 6694
172.22.2.4 - - [16/Oct/2023:14:16:41 -0500] "GET /BLA/boletinlegal/js/lib.js HTTP/1.1" 200 6474
172.22.2.4 - - [16/Oct/2023:14:16:41 -0500] "GET /BLA/boletinlegal/js/popup.js HTTP/1.1" 200 1270
172.22.2.4 - - [16/Oct/2023:14:16:41 -0500] "GET /BLA/boletinlegal/js/jquery1.js HTTP/1.1" 200 29846
172.22.2.4 - - [16/Oct/2023:14:16:41 -0500] "GET /BLA/boletinlegal/images/tel.png HTTP/1.1" 200 14477
172.22.2.4 - - [16/Oct/2023:14:16:41 -0500] "GET /BLA/boletinlegal/images/green-yellow-blue-pink-th.png HTTP/1.1" 200 7394
172.22.2.4 - - [16/Oct/2023:14:16:41 -0500] "GET /BLA/boletinlegal/images/icono-email.png HTTP/1.1" 200 5544
172.22.2.4 - - [16/Oct/2023:14:16:41 -0500] "GET /BLA/boletinlegal/images/body_bg.jpg HTTP/1.1" 200 1601
172.22.2.4 - - [16/Oct/2023:14:16:41 -0500] "GET /BLA/boletinlegal/images/menu_lft.gif HTTP/1.1" 200 1713
172.22.2.4 - - [16/Oct/2023:14:16:41 -0500] "GET /BLA/boletinlegal/images/menu_rght.gif HTTP/1.1" 200 1627
172.22.2.4 - - [16/Oct/2023:14:16:41 -0500] "GET /BLA/boletinlegal/images/menu_bg.jpg HTTP/1.1" 200 620
172.22.2.4 - - [16/Oct/2023:14:16:41 -0500] "GET /BLA/boletinlegal/images/hover.jpg HTTP/1.1" 200 640
172.22.2.4 - - [16/Oct/2023:14:16:41 -0500] "GET /BLA/boletinlegal/images/bg_top.jpg HTTP/1.1" 200 522
172.22.2.4 - - [16/Oct/2023:14:16:41 -0500] "GET /BLA/boletinlegal/images/text.jpg HTTP/1.1" 200 568
172.22.2.4 - - [16/Oct/2023:14:16:41 -0500] "GET /BLA/boletinlegal/images/footer_bg.jpg HTTP/1.1" 200 586
172.22.2.4 - - [16/Oct/2023:14:16:41 -0500] "GET /BLA/boletinlegal/images/footer_bg_l.jpg HTTP/1.1" 200 776
172.22.2.4 - - [16/Oct/2023:14:16:41 -0500] "GET /BLA/boletinlegal/img/0.png HTTP/1.1" 200 110
172.22.2.4 - - [16/Oct/2023:14:16:41 -0500] "GET /BLA/boletinlegal/img/select-left.png HTTP/1.1" 200 263
172.22.2.4 - - [16/Oct/2023:14:16:41 -0500] "GET /BLA/boletinlegal/img/select-right.png HTTP/1.1" 200 44019
172.22.2.4 - - [16/Oct/2023:14:16:41 -0500] "GET /BLA/boletinlegal/img/button-left.png HTTP/1.1" 200 57071
172.22.2.4 - - [16/Oct/2023:14:16:41 -0500] "GET /BLA/boletinlegal/img/button-right.png HTTP/1.1" 200 57878
172.22.2.4 - - [16/Oct/2023:14:16:41 -0500] "GET /BLA/boletinlegal/img/button.png HTTP/1.1" 200 43241
172.22.2.4 - - [16/Oct/2023:14:16:41 -0500] "GET /BLA/boletinlegal/favicon.ico HTTP/1.1" 404 1326
216.244.66.195 - - [16/Oct/2023:14:16:41 -0500] "GET /BLA/resoluciones/AUTOS%202012/0959.pdf HTTP/1.1" 200 175173
172.22.2.4 - - [16/Oct/2023:14:16:47 -0500] "GET /BLA/boletinlegal/images/screen_2.png HTTP/1.1" 200 362502
172.22.2.4 - - [16/Oct/2023:14:16:47 -0500] "GET /BLA/boletinlegal/images/screen_5.png HTTP/1.1" 200 368876
172.22.2.4 - - [16/Oct/2023:14:16:47 -0500] "GET /BLA/boletinlegal/images/screen_3.png HTTP/1.1" 200 210620
172.22.2.4 - - [16/Oct/2023:14:16:47 -0500] "GET /BLA/boletinlegal/images/arr_r.jpg HTTP/1.1" 200 1998
181.59.3.13 - - [16/Oct/2023:14:16:49 -0500] "GET /BLA/resoluciones/ HTTP/1.1" 200 13696
181.59.3.13 - - [16/Oct/2023:14:16:49 -0500] "GET /BLA/resoluciones/dlf/styles.css HTTP/1.1" 200 3049
181.59.3.13 - - [16/Oct/2023:14:16:49 -0500] "GET /BLA/resoluciones/dlf/folder.png HTTP/1.1" 200 410
181.59.3.13 - - [16/Oct/2023:14:16:49 -0500] "GET /BLA/resoluciones/dlf/bg.gif HTTP/1.1" 200 54
181.59.3.13 - - [16/Oct/2023:14:16:49 -0500] "GET /favicon.ico HTTP/1.1" 200 7782
181.59.3.13 - - [16/Oct/2023:14:16:51 -0500] "GET /BLA/resoluciones/dlf/dirup.png HTTP/1.1" 200 644
181.59.3.13 - - [16/Oct/2023:14:16:51 -0500] "GET /BLA/resoluciones/dlf/pdf.gif HTTP/1.1" 200 272
181.59.3.13 - - [16/Oct/2023:14:16:51 -0500] "GET /BLA/resoluciones/index.php?dir=AUTOS+2011%2F HTTP/1.1" 200 636751
172.22.2.4 - - [16/Oct/2023:14:16:55 -0500] "GET /BLA/boletinlegal/images/pdf.gif HTTP/1.1" 200 567
216.244.66.195 - - [16/Oct/2023:14:16:56 -0500] "GET /BLA/resoluciones/AUTOS%202012/1084.pdf HTTP/1.1" 200 271467
181.59.3.13 - - [16/Oct/2023:14:16:57 -0500] "GET /BLA/resoluciones/index.php?dir=RESOLUCIONES+2011%2F HTTP/1.1" 200 747162
216.244.66.195 - - [16/Oct/2023:14:17:12 -0500] "GET /BLA/resoluciones/AUTOS%202012/1596.pdf HTTP/1.1" 200 419070
201.245.192.253 - - [16/Oct/2023:14:17:22 -0500] "POST /kwsrmcab/Wsrmcab  HTTP/1.1" 200 42851
216.244.66.195 - - [16/Oct/2023:14:17:26 -0500] "GET /BLA/resoluciones/AUTOS%202012/1743.pdf HTTP/1.1" 200 696456
216.244.66.195 - - [16/Oct/2023:14:17:38 -0500] "GET /BLA/resoluciones/AUTOS%202012/1904.pdf HTTP/1.1" 200 334312
114.119.157.46 - - [16/Oct/2023:14:17:38 -0500] "GET /BLA/resoluciones/index.php?dir=Notificaciones/REGISTROS%2B2015/&sort=name&order=asc HTTP/1.1" 200 13956
201.245.192.253 - - [16/Oct/2023:14:17:46 -0500] "POST /kwsrmcab/Wsrmcab HTTP/1.1" 200 40314
216.244.66.195 - - [16/Oct/2023:14:17:48 -0500] "GET /BLA/resoluciones/AUTOS%202012/2109.pdf HTTP/1.1" 200 378313
201.245.192.253 - - [16/Oct/2023:14:17:49 -0500] "POST /kwsrmcab/Wsrmcab HTTP/1.1" 200 41278
216.244.66.195 - - [16/Oct/2023:14:17:58 -0500] "GET /BLA/resoluciones/AUTOS%202012/2143.pdf HTTP/1.1" 200 710194
216.244.66.195 - - [16/Oct/2023:14:18:07 -0500] "GET /BLA/resoluciones/AUTOS%202012/2253.pdf HTTP/1.1" 200 153396
216.244.66.195 - - [16/Oct/2023:14:18:16 -0500] "GET /BLA/resoluciones/AUTOS%202012/2417.pdf HTTP/1.1" 200 217638
172.22.2.4 - - [16/Oct/2023:14:16:39 -0500] "GET /BLA/boletinlegal/ HTTP/1.1" 200 62374
216.244.66.195 - - [16/Oct/2023:14:18:22 -0500] "GET /BLA/resoluciones/AUTOS%202012/2712.pdf HTTP/1.1" 200 451775
216.244.66.195 - - [16/Oct/2023:14:18:29 -0500] "GET /BLA/resoluciones/AUTOS%202012/2831.pdf HTTP/1.1" 200 2255189
216.244.66.195 - - [16/Oct/2023:14:18:47 -0500] "GET /BLA/resoluciones/AUTOS%202013/0009.pdf HTTP/1.1" 200 1463029
216.244.66.195 - - [16/Oct/2023:14:18:59 -0500] "GET /BLA/resoluciones/AUTOS%202013/0112.pdf HTTP/1.1" 200 1131232
114.119.151.175 - - [16/Oct/2023:14:19:02 -0500] "GET /BLA/resoluciones/index.php?dir=AUTOS%2B2002/&sort=name&order=asc HTTP/1.1" 200 13882
216.244.66.195 - - [16/Oct/2023:14:19:09 -0500] "GET /BLA/resoluciones/AUTOS%202013/0135.pdf HTTP/1.1" 200 1261327
216.244.66.195 - - [16/Oct/2023:14:19:19 -0500] "GET /BLA/resoluciones/AUTOS%202013/0432.pdf HTTP/1.1" 200 1394826
216.244.66.195 - - [16/Oct/2023:14:19:47 -0500] "GET /BLA/resoluciones/AUTOS%202013/0570.pdf HTTP/1.1" 200 131497
216.244.66.195 - - [16/Oct/2023:14:20:09 -0500] "GET /BLA/resoluciones/AUTOS%202013/1448.pdf HTTP/1.1" 200 512403
216.244.66.195 - - [16/Oct/2023:14:20:33 -0500] "GET /BLA/resoluciones/AUTOS%202013/1952.pdf HTTP/1.1" 200 427023
216.245.221.92 - - [16/Oct/2023:14:20:52 -0500] "HEAD / HTTP/1.1" 200 -
216.244.66.195 - - [16/Oct/2023:14:20:53 -0500] "GET /BLA/resoluciones/AUTOS%202013/2251.pdf HTTP/1.1" 200 548345
216.244.66.195 - - [16/Oct/2023:14:21:13 -0500] "GET /BLA/resoluciones/AUTOS%202013/2321.pdf HTTP/1.1" 200 326236
172.22.2.4 - - [16/Oct/2023:14:19:48 -0500] "HEAD /BLA/boletinlegal/ HTTP/1.1" 200 -
216.244.66.195 - - [16/Oct/2023:14:21:34 -0500] "GET /BLA/resoluciones/AUTOS%202013/2325.pdf HTTP/1.1" 200 655945
216.244.66.195 - - [16/Oct/2023:14:22:12 -0500] "GET /BLA/resoluciones/AUTOS%202013/2355.pdf HTTP/1.1" 200 772094
172.22.2.4 - - [16/Oct/2023:14:20:39 -0500] "GET /BLA/boletinlegal/ HTTP/1.1" 200 58155
201.245.192.253 - - [16/Oct/2023:14:22:21 -0500] "POST /kwsrmcab/Wsrmcab  HTTP/1.1" 200 42851
216.244.66.195 - - [16/Oct/2023:14:22:44 -0500] "GET /BLA/resoluciones/AUTOS%202013/2562.pdf HTTP/1.1" 200 601579
216.244.66.195 - - [16/Oct/2023:14:23:14 -0500] "GET /BLA/resoluciones/AUTOS%202013/2583.pdf HTTP/1.1" 200 950299
216.244.66.195 - - [16/Oct/2023:14:23:45 -0500] "GET /BLA/resoluciones/AUTOS%202013/2746.pdf HTTP/1.1" 200 227231
207.46.13.17 - - [16/Oct/2023:14:24:05 -0500] "GET /BLA/resoluciones/AUTOS%202018/6846.pdf HTTP/1.1" 200 250306
216.244.66.195 - - [16/Oct/2023:14:24:12 -0500] "GET /BLA/resoluciones/AUTOS%202014/0499.pdf HTTP/1.1" 200 481036
207.46.13.17 - - [16/Oct/2023:14:24:35 -0500] "GET /sipse/faces/index.xhtml HTTP/1.1" 200 677
216.244.66.195 - - [16/Oct/2023:14:24:39 -0500] "GET /BLA/resoluciones/AUTOS%202014/1888.pdf HTTP/1.1" 200 335752
186.31.175.154 - - [16/Oct/2023:14:24:45 -0500] "GET /sipse/faces/faces/autenticacion.xhtml HTTP/1.1" 200 12403
186.31.175.154 - - [16/Oct/2023:14:24:45 -0500] "GET /sipse/js/disable_browser_buttons.js HTTP/1.1" 304 -
186.31.175.154 - - [16/Oct/2023:14:24:45 -0500] "GET /sipse/js/funciones.js HTTP/1.1" 304 -
186.31.175.154 - - [16/Oct/2023:14:24:45 -0500] "GET /sipse/css/custom_css_sg.css HTTP/1.1" 304 -
186.31.175.154 - - [16/Oct/2023:14:24:45 -0500] "GET /sipse/css/custom_css_sg_prime_login.css HTTP/1.1" 304 -
186.31.175.154 - - [16/Oct/2023:14:24:45 -0500] "GET /sipse/faces/javax.faces.resource/theme.css?ln=primefaces-sipse HTTP/1.1" 304 -
186.31.175.154 - - [16/Oct/2023:14:24:45 -0500] "GET /sipse/faces/javax.faces.resource/primefaces.css?ln=primefaces&v=4.0 HTTP/1.1" 304 -
186.31.175.154 - - [16/Oct/2023:14:24:45 -0500] "GET /sipse/faces/javax.faces.resource/layout/layout.css?ln=primefaces&v=4.0 HTTP/1.1" 304 -
186.31.175.154 - - [16/Oct/2023:14:24:45 -0500] "GET /sipse/faces/javax.faces.resource/jquery/jquery.js?ln=primefaces&v=4.0 HTTP/1.1" 304 -
186.31.175.154 - - [16/Oct/2023:14:24:45 -0500] "GET /sipse/faces/javax.faces.resource/jquery/jquery-plugins.js?ln=primefaces&v=4.0 HTTP/1.1" 304 -
186.31.175.154 - - [16/Oct/2023:14:24:45 -0500] "GET /sipse/faces/javax.faces.resource/primefaces.js?ln=primefaces&v=4.0 HTTP/1.1" 304 -
186.31.175.154 - - [16/Oct/2023:14:24:45 -0500] "GET /sipse/faces/javax.faces.resource/layout/layout.js?ln=primefaces&v=4.0 HTTP/1.1" 304 -
186.31.175.154 - - [16/Oct/2023:14:24:45 -0500] "GET /sipse/faces/javax.faces.resource/images/ui-icons_898989_256x240.png?ln=primefaces-aristo HTTP/1.1" 304 -
186.31.175.154 - - [16/Oct/2023:14:24:45 -0500] "GET /sipse/css/imagen/loginimg.png HTTP/1.1" 200 71635
186.31.175.154 - - [16/Oct/2023:14:24:45 -0500] "GET /sipse/css/imagen/logoSDG.png HTTP/1.1" 200 53064
186.31.175.154 - - [16/Oct/2023:14:24:45 -0500] "GET /favicon.ico HTTP/1.1" 200 7782
186.31.175.154 - - [16/Oct/2023:14:24:45 -0500] "GET /sipse/faces/faces/index.xhtml HTTP/1.1" 200 677
186.31.175.154 - - [16/Oct/2023:14:24:45 -0500] "GET /sipse/faces/javax.faces.resource/theme.css?ln=primefaces-sipse HTTP/1.1" 304 -
186.31.175.154 - - [16/Oct/2023:14:24:46 -0500] "GET /sipse/faces/faces/faces/autenticacion.xhtml HTTP/1.1" 200 12403
186.31.175.154 - - [16/Oct/2023:14:24:46 -0500] "GET /sipse/faces/javax.faces.resource/theme.css?ln=primefaces-sipse HTTP/1.1" 304 -
186.31.175.154 - - [16/Oct/2023:14:24:46 -0500] "GET /sipse/faces/javax.faces.resource/primefaces.css?ln=primefaces&v=4.0 HTTP/1.1" 304 -
186.31.175.154 - - [16/Oct/2023:14:24:46 -0500] "GET /sipse/faces/javax.faces.resource/layout/layout.css?ln=primefaces&v=4.0 HTTP/1.1" 304 -
186.31.175.154 - - [16/Oct/2023:14:24:46 -0500] "GET /sipse/faces/javax.faces.resource/jquery/jquery.js?ln=primefaces&v=4.0 HTTP/1.1" 304 -
186.31.175.154 - - [16/Oct/2023:14:24:46 -0500] "GET /sipse/faces/javax.faces.resource/jquery/jquery-plugins.js?ln=primefaces&v=4.0 HTTP/1.1" 304 -
186.31.175.154 - - [16/Oct/2023:14:24:46 -0500] "GET /sipse/faces/javax.faces.resource/primefaces.js?ln=primefaces&v=4.0 HTTP/1.1" 304 -
186.31.175.154 - - [16/Oct/2023:14:24:46 -0500] "GET /sipse/faces/javax.faces.resource/layout/layout.js?ln=primefaces&v=4.0 HTTP/1.1" 304 -
186.31.175.154 - - [16/Oct/2023:14:24:46 -0500] "GET /sipse/faces/javax.faces.resource/images/ui-icons_898989_256x240.png?ln=primefaces-aristo HTTP/1.1" 304 -
186.31.175.154 - - [16/Oct/2023:14:24:48 -0500] "POST /sipse/faces/autenticacion.xhtml HTTP/1.1" 200 16899
186.31.175.154 - - [16/Oct/2023:14:24:49 -0500] "GET /sipse/css/custom_css_sg_prime.css HTTP/1.1" 200 5201
186.31.175.154 - - [16/Oct/2023:14:24:49 -0500] "GET /sipse/js/jquery.min.js HTTP/1.1" 200 85582
186.31.175.154 - - [16/Oct/2023:14:24:49 -0500] "GET /sipse/faces/javax.faces.resource/jquery/jquery.js?ln=primefaces&v=4.0 HTTP/1.1" 304 -
186.31.175.154 - - [16/Oct/2023:14:24:49 -0500] "GET /sipse/faces/javax.faces.resource/jquery/jquery-plugins.js?ln=primefaces&v=4.0 HTTP/1.1" 304 -
186.31.175.154 - - [16/Oct/2023:14:24:49 -0500] "GET /sipse/faces/javax.faces.resource/primefaces.js?ln=primefaces&v=4.0 HTTP/1.1" 304 -
186.31.175.154 - - [16/Oct/2023:14:24:49 -0500] "GET /sipse/faces/javax.faces.resource/layout/layout.js?ln=primefaces&v=4.0 HTTP/1.1" 304 -
186.31.175.154 - - [16/Oct/2023:14:24:49 -0500] "GET /sipse/css/v_mergente.css HTTP/1.1" 200 1505
186.31.175.154 - - [16/Oct/2023:14:24:49 -0500] "GET /sipse/imagenes/cargando.gif HTTP/1.1" 200 36959
186.31.175.154 - - [16/Oct/2023:14:24:49 -0500] "GET /sipse/css/imagen/contrasena.png HTTP/1.1" 404 383
186.31.175.154 - - [16/Oct/2023:14:24:49 -0500] "GET /sipse/imagenes/logoAplicacion.jpg HTTP/1.1" 200 155084
186.31.175.154 - - [16/Oct/2023:14:24:49 -0500] "GET /sipse/faces/javax.faces.resource/messages/messages.png?ln=primefaces&v=4.0 HTTP/1.1" 200 27209
186.31.175.154 - - [16/Oct/2023:14:24:51 -0500] "GET /sipse/faces/javax.faces.resource/images/ui-bg_flat_0_2d5972_40x100.png?ln=primefaces-aristo HTTP/1.1" 200 183
186.31.175.154 - - [16/Oct/2023:14:24:51 -0500] "POST /sipse/faces/bienvenido.xhtml HTTP/1.1" 200 1471
186.31.175.154 - - [16/Oct/2023:14:24:51 -0500] "POST /sipse/faces/bienvenido.xhtml HTTP/1.1" 200 31962
186.31.175.154 - - [16/Oct/2023:14:24:52 -0500] "GET /sipse/faces/javax.faces.resource/jquery/jquery.js?ln=primefaces&v=4.0 HTTP/1.1" 304 -
186.31.175.154 - - [16/Oct/2023:14:24:52 -0500] "GET /sipse/faces/javax.faces.resource/jquery/jquery-plugins.js?ln=primefaces&v=4.0 HTTP/1.1" 304 -
186.31.175.154 - - [16/Oct/2023:14:24:52 -0500] "GET /sipse/faces/javax.faces.resource/primefaces.js?ln=primefaces&v=4.0 HTTP/1.1" 304 -
186.31.175.154 - - [16/Oct/2023:14:24:52 -0500] "GET /sipse/faces/javax.faces.resource/layout/layout.js?ln=primefaces&v=4.0 HTTP/1.1" 304 -
186.31.175.154 - - [16/Oct/2023:14:24:52 -0500] "POST /sipse/faces/presentacion/financiero/solicitudProceso/listarSolicitudProceso.xhtml HTTP/1.1" 200 1376
216.244.66.195 - - [16/Oct/2023:14:25:05 -0500] "GET /BLA/resoluciones/AUTOS%202014/2141.pdf HTTP/1.1" 200 443248
66.249.66.39 - - [16/Oct/2023:14:25:22 -0500] "GET /vehiculos-de-cero-o-bajas-emisiones-para-enfrentar-el-cambio-climatico.html HTTP/1.1" 304 -
216.244.66.195 - - [16/Oct/2023:14:25:29 -0500] "GET /BLA/resoluciones/AUTOS%202019/0683.pdf HTTP/1.1" 200 516907
216.245.221.92 - - [16/Oct/2023:14:25:52 -0500] "HEAD / HTTP/1.1" 200 -
216.244.66.195 - - [16/Oct/2023:14:25:53 -0500] "GET /BLA/resoluciones/AUTOS%202019/2059.pdf HTTP/1.1" 200 258395
157.55.39.205 - - [16/Oct/2023:14:26:06 -0500] "GET /BLA/resoluciones/AUTOS%202014/3403.pdf HTTP/1.1" 304 -
216.244.66.195 - - [16/Oct/2023:14:26:16 -0500] "GET /BLA/resoluciones/AUTOS%202019/2927.pdf HTTP/1.1" 200 269825
216.244.66.195 - - [16/Oct/2023:14:26:38 -0500] "GET /BLA/resoluciones/AUTOS%202019/3960.pdf HTTP/1.1" 200 287666
216.244.66.195 - - [16/Oct/2023:14:26:59 -0500] "GET /BLA/resoluciones/AUTOS%202017/3712.pdf HTTP/1.1" 200 283892
172.22.2.4 - - [16/Oct/2023:14:25:38 -0500] "HEAD /BLA/boletinlegal/ HTTP/1.1" 200 -
216.244.66.195 - - [16/Oct/2023:14:27:19 -0500] "GET /BLA/resoluciones/AUTOS%202017/3716.pdf HTTP/1.1" 200 275182
201.245.192.253 - - [16/Oct/2023:14:27:20 -0500] "POST /kwsrmcab/Wsrmcab  HTTP/1.1" 200 42851
216.244.66.195 - - [16/Oct/2023:14:27:38 -0500] "GET /BLA/resoluciones/AUTOS%202017/4819.pdf HTTP/1.1" 200 299747
201.245.192.253 - - [16/Oct/2023:14:27:47 -0500] "POST /kwsrmcab/Wsrmcab HTTP/1.1" 200 40314
201.245.192.253 - - [16/Oct/2023:14:27:49 -0500] "POST /kwsrmcab/Wsrmcab HTTP/1.1" 200 41278
216.244.66.195 - - [16/Oct/2023:14:27:55 -0500] "GET /BLA/resoluciones/RESOLUCIONES%202008/2421.pdf HTTP/1.1" 200 206144
172.22.2.4 - - [16/Oct/2023:14:26:29 -0500] "GET /BLA/boletinlegal/ HTTP/1.1" 200 60175
216.244.66.195 - - [16/Oct/2023:14:28:11 -0500] "GET /BLA/resoluciones/RESOLUCIONES%202010/2414.pdf HTTP/1.1" 200 368054
216.244.66.195 - - [16/Oct/2023:14:28:27 -0500] "GET /BLA/resoluciones/RESOLUCIONES%202011/0148.pdf HTTP/1.1" 200 356009
216.244.66.195 - - [16/Oct/2023:14:28:45 -0500] "GET /BLA/resoluciones/RESOLUCIONES%202011/0156.pdf HTTP/1.1" 200 233747
216.244.66.195 - - [16/Oct/2023:14:29:06 -0500] "GET /BLA/resoluciones/RESOLUCIONES%202011/0187.pdf HTTP/1.1" 200 71453
216.244.66.195 - - [16/Oct/2023:14:29:23 -0500] "GET /BLA/resoluciones/RESOLUCIONES%202011/0260.pdf HTTP/1.1" 200 64703
216.244.66.195 - - [16/Oct/2023:14:29:43 -0500] "GET /BLA/resoluciones/RESOLUCIONES%202011/0389.pdf HTTP/1.1" 200 86129
216.244.66.195 - - [16/Oct/2023:14:29:59 -0500] "GET /BLA/resoluciones/RESOLUCIONES%202011/0421.pdf HTTP/1.1" 200 71783
216.244.66.195 - - [16/Oct/2023:14:30:15 -0500] "GET /BLA/resoluciones/RESOLUCIONES%202011/0479.pdf HTTP/1.1" 200 370985
216.244.66.195 - - [16/Oct/2023:14:30:44 -0500] "GET /BLA/resoluciones/RESOLUCIONES%202011/0501.pdf HTTP/1.1" 200 414332
216.245.221.92 - - [16/Oct/2023:14:30:52 -0500] "HEAD / HTTP/1.1" 200 -
216.244.66.195 - - [16/Oct/2023:14:31:11 -0500] "GET /BLA/resoluciones/RESOLUCIONES%202011/0525.pdf HTTP/1.1" 200 363775
216.244.66.195 - - [16/Oct/2023:14:31:36 -0500] "GET /BLA/resoluciones/RESOLUCIONES%202011/0567.pdf HTTP/1.1" 200 73043
172.22.2.4 - - [16/Oct/2023:14:31:51 -0500] "GET /BLA/boletinlegal/actos.php HTTP/1.1" 200 9682
172.22.2.4 - - [16/Oct/2023:14:31:51 -0500] "GET /BLA/boletinlegal/styles2.css HTTP/1.1" 200 1838
172.22.2.4 - - [16/Oct/2023:14:31:51 -0500] "GET /BLA/boletinlegal/niceforms-default.css HTTP/1.1" 200 6694
172.22.2.4 - - [16/Oct/2023:14:31:51 -0500] "GET /BLA/boletinlegal/style.css HTTP/1.1" 200 9406
172.22.2.4 - - [16/Oct/2023:14:31:51 -0500] "GET /BLA/boletinlegal/js/ajax_actos.js HTTP/1.1" 200 1322
172.22.2.4 - - [16/Oct/2023:14:31:51 -0500] "GET /BLA/boletinlegal/niceforms.js HTTP/1.1" 200 22876
172.22.2.4 - - [16/Oct/2023:14:31:51 -0500] "GET /BLA/boletinlegal/js/lib.js HTTP/1.1" 200 6474
172.22.2.4 - - [16/Oct/2023:14:31:51 -0500] "GET /BLA/boletinlegal/js/popup.js HTTP/1.1" 200 1270
172.22.2.4 - - [16/Oct/2023:14:31:51 -0500] "GET /BLA/boletinlegal/js/jquery1.js HTTP/1.1" 200 29846
172.22.2.4 - - [16/Oct/2023:14:31:51 -0500] "GET /BLA/boletinlegal/images/cabezote%20BLEGAL.jpg HTTP/1.1" 200 118164
172.22.2.4 - - [16/Oct/2023:14:31:51 -0500] "GET /BLA/boletinlegal/images/subscribe-icon-big.png HTTP/1.1" 200 47702
172.22.2.4 - - [16/Oct/2023:14:31:51 -0500] "GET /BLA/boletinlegal/images/historia.png HTTP/1.1" 200 52775
172.22.2.4 - - [16/Oct/2023:14:31:51 -0500] "GET /BLA/boletinlegal/images/green-yellow-blue-pink-th.png HTTP/1.1" 200 7394
172.22.2.4 - - [16/Oct/2023:14:31:51 -0500] "GET /BLA/boletinlegal/images/registro-usuarios.png HTTP/1.1" 200 8106
172.22.2.4 - - [16/Oct/2023:14:31:51 -0500] "GET /BLA/boletinlegal/images/tel.png HTTP/1.1" 200 14477
172.22.2.4 - - [16/Oct/2023:14:31:51 -0500] "GET /BLA/boletinlegal/images/icono-email.png HTTP/1.1" 200 5544
172.22.2.4 - - [16/Oct/2023:14:31:51 -0500] "GET /BLA/boletinlegal/images/body_bg.jpg HTTP/1.1" 200 1601
172.22.2.4 - - [16/Oct/2023:14:31:51 -0500] "GET /BLA/boletinlegal/images/menu_lft.gif HTTP/1.1" 200 1713
172.22.2.4 - - [16/Oct/2023:14:31:51 -0500] "GET /BLA/boletinlegal/images/menu_rght.gif HTTP/1.1" 200 1627
172.22.2.4 - - [16/Oct/2023:14:31:51 -0500] "GET /BLA/boletinlegal/images/bg_top.jpg HTTP/1.1" 200 522
172.22.2.4 - - [16/Oct/2023:14:31:51 -0500] "GET /BLA/boletinlegal/images/menu_bg.jpg HTTP/1.1" 200 620
172.22.2.4 - - [16/Oct/2023:14:31:51 -0500] "GET /BLA/boletinlegal/images/footer_bg.jpg HTTP/1.1" 200 586
172.22.2.4 - - [16/Oct/2023:14:31:51 -0500] "GET /BLA/boletinlegal/images/text.jpg HTTP/1.1" 200 568
172.22.2.4 - - [16/Oct/2023:14:31:51 -0500] "GET /BLA/boletinlegal/images/hover.jpg HTTP/1.1" 200 640
172.22.2.4 - - [16/Oct/2023:14:31:51 -0500] "GET /BLA/boletinlegal/images/footer_bg_l.jpg HTTP/1.1" 200 776
172.22.2.4 - - [16/Oct/2023:14:31:51 -0500] "GET /BLA/boletinlegal/img/0.png HTTP/1.1" 200 110
172.22.2.4 - - [16/Oct/2023:14:31:51 -0500] "GET /BLA/boletinlegal/img/select-right.png HTTP/1.1" 200 44019
172.22.2.4 - - [16/Oct/2023:14:31:51 -0500] "GET /BLA/boletinlegal/img/select-left.png HTTP/1.1" 200 263
172.22.2.4 - - [16/Oct/2023:14:31:51 -0500] "GET /BLA/boletinlegal/img/button-left.png HTTP/1.1" 200 57071
172.22.2.4 - - [16/Oct/2023:14:31:51 -0500] "GET /BLA/boletinlegal/img/button.png HTTP/1.1" 200 43241
172.22.2.4 - - [16/Oct/2023:14:31:51 -0500] "GET /BLA/boletinlegal/img/button-right.png HTTP/1.1" 200 57878
172.22.2.4 - - [16/Oct/2023:14:31:51 -0500] "GET /BLA/boletinlegal/favicon.ico HTTP/1.1" 404 1326
216.244.66.195 - - [16/Oct/2023:14:31:56 -0500] "GET /BLA/resoluciones/RESOLUCIONES%202011/0633.pdf HTTP/1.1" 200 290286
216.244.66.195 - - [16/Oct/2023:14:32:19 -0500] "GET /BLA/resoluciones/RESOLUCIONES%202011/1136.pdf HTTP/1.1" 200 297034
201.245.192.253 - - [16/Oct/2023:14:32:19 -0500] "POST /kwsrmcab/Wsrmcab  HTTP/1.1" 200 42851
216.244.66.195 - - [16/Oct/2023:14:32:41 -0500] "GET /BLA/resoluciones/RESOLUCIONES%202011/1327.pdf HTTP/1.1" 200 69187
216.244.66.195 - - [16/Oct/2023:14:32:58 -0500] "GET /BLA/resoluciones/RESOLUCIONES%202011/2291.pdf HTTP/1.1" 200 293731
172.22.2.4 - - [16/Oct/2023:14:31:28 -0500] "HEAD /BLA/boletinlegal/ HTTP/1.1" 200 -
216.244.66.195 - - [16/Oct/2023:14:33:15 -0500] "GET /BLA/resoluciones/RESOLUCIONES%202011/2296.pdf HTTP/1.1" 200 223712
216.244.66.195 - - [16/Oct/2023:14:33:53 -0500] "GET /BLA/resoluciones/RESOLUCIONES%202011/2401.pdf HTTP/1.1" 200 215855
172.22.2.4 - - [16/Oct/2023:14:32:19 -0500] "GET /BLA/boletinlegal/ HTTP/1.1" 200 58155
216.244.66.195 - - [16/Oct/2023:14:34:25 -0500] "GET /BLA/resoluciones/RESOLUCIONES%202014/1308.pdf HTTP/1.1" 200 478665
216.244.66.195 - - [16/Oct/2023:14:34:58 -0500] "GET /galeria/galeria/fotos/Encuentro-de-Movimientos8G.jpg HTTP/1.1" 200 180340
216.244.66.195 - - [16/Oct/2023:14:35:29 -0500] "GET /BLA/resoluciones/AUTOS%202008/0081.pdf HTTP/1.1" 200 86308
162.55.175.143 - - [16/Oct/2023:14:35:44 -0500] "GET / HTTP/1.1" 200 319
162.55.175.143 - - [16/Oct/2023:14:35:46 -0500] "GET / HTTP/1.1" 200 4720
216.245.221.92 - - [16/Oct/2023:14:35:52 -0500] "HEAD / HTTP/1.1" 200 -
173.252.87.9 - - [16/Oct/2023:14:37:10 -0500] "GET /el-agua-recurso-vital-para-la-conservacion-de-los-ecosistemas.html?fbclid=IwAR1yXG8LauITqHnNaIeeueKw6HC-hSYlmyBy_mTvOQ1j5kzfPInme3A_JI4 HTTP/1.1" 200 870
201.245.192.253 - - [16/Oct/2023:14:37:17 -0500] "POST /kwsrmcab/Wsrmcab  HTTP/1.1" 200 42851
201.245.192.253 - - [16/Oct/2023:14:37:46 -0500] "POST /kwsrmcab/Wsrmcab HTTP/1.1" 200 40314
201.245.192.253 - - [16/Oct/2023:14:37:49 -0500] "POST /kwsrmcab/Wsrmcab HTTP/1.1" 200 41278
172.22.2.4 - - [16/Oct/2023:14:37:18 -0500] "HEAD /BLA/boletinlegal/ HTTP/1.1" 200 -
40.77.167.59 - - [16/Oct/2023:14:39:01 -0500] "GET /galeria/galeria/jquery.fancybox.js?v=2.1.5 HTTP/1.1" 200 48706
172.22.2.4 - - [16/Oct/2023:14:38:09 -0500] "GET /BLA/boletinlegal/ HTTP/1.1" 200 58155
172.22.2.4 - - [16/Oct/2023:14:40:48 -0500] "GET /BLA/boletinlegal/actos.php HTTP/1.1" 200 9682
216.245.221.92 - - [16/Oct/2023:14:40:52 -0500] "HEAD / HTTP/1.1" 200 -
114.119.146.198 - - [16/Oct/2023:14:41:15 -0500] "GET /BLA/resoluciones/index.php?dir=Notificaciones/REGISTROS%2B2020/&sort=date&order=desc HTTP/1.1" 200 13955
190.69.227.54 - - [16/Oct/2023:14:41:20 -0500] "GET /BLA/resoluciones/ HTTP/1.1" 200 13696
190.69.227.54 - - [16/Oct/2023:14:41:23 -0500] "GET /BLA/resoluciones/index.php?dir=AUTOS+2023%2F HTTP/1.1" 200 356705
201.245.192.253 - - [16/Oct/2023:14:42:17 -0500] "POST /kwsrmcab/Wsrmcab  HTTP/1.1" 200 42851
172.22.2.4 - - [16/Oct/2023:14:43:01 -0500] "GET /BLA/boletinlegal/style.css HTTP/1.1" 200 9406
172.22.2.4 - - [16/Oct/2023:14:43:01 -0500] "GET /BLA/boletinlegal/styles2.css HTTP/1.1" 200 1838
172.22.2.4 - - [16/Oct/2023:14:43:01 -0500] "GET /BLA/boletinlegal/js/jquery.js HTTP/1.1" 200 57254
172.22.2.4 - - [16/Oct/2023:14:43:01 -0500] "GET /BLA/boletinlegal/js/jquery.scrollTo-min.js HTTP/1.1" 200 1150
172.22.2.4 - - [16/Oct/2023:14:43:01 -0500] "GET /BLA/boletinlegal/js/jquery.scrollShow.js HTTP/1.1" 200 4586
172.22.2.4 - - [16/Oct/2023:14:43:01 -0500] "GET /BLA/boletinlegal/images/cabezote%20BLEGAL.jpg HTTP/1.1" 200 118164
172.22.2.4 - - [16/Oct/2023:14:43:01 -0500] "GET /BLA/boletinlegal/images/screen_1.png HTTP/1.1" 200 202547
172.22.2.4 - - [16/Oct/2023:14:43:01 -0500] "GET /BLA/boletinlegal/images/subscribe-icon-big.png HTTP/1.1" 200 47702
172.22.2.4 - - [16/Oct/2023:14:43:01 -0500] "GET /BLA/boletinlegal/images/historia.png HTTP/1.1" 200 52775
172.22.2.4 - - [16/Oct/2023:14:43:01 -0500] "GET /BLA/boletinlegal/images/registro-usuarios.png HTTP/1.1" 200 8106
172.22.2.4 - - [16/Oct/2023:14:43:01 -0500] "GET /BLA/boletinlegal/images/body_bg.jpg HTTP/1.1" 200 1601
172.22.2.4 - - [16/Oct/2023:14:43:01 -0500] "GET /BLA/boletinlegal/images/menu_rght.gif HTTP/1.1" 200 1627
172.22.2.4 - - [16/Oct/2023:14:43:02 -0500] "GET /BLA/boletinlegal/images/bg_top.jpg HTTP/1.1" 200 522
172.22.2.4 - - [16/Oct/2023:14:43:02 -0500] "GET /BLA/boletinlegal/images/menu_lft.gif HTTP/1.1" 200 1713
172.22.2.4 - - [16/Oct/2023:14:43:02 -0500] "GET /BLA/boletinlegal/images/hover.jpg HTTP/1.1" 200 640
172.22.2.4 - - [16/Oct/2023:14:43:02 -0500] "GET /BLA/boletinlegal/images/menu_bg.jpg HTTP/1.1" 200 620
172.22.2.4 - - [16/Oct/2023:14:43:02 -0500] "GET /BLA/boletinlegal/images/text.jpg HTTP/1.1" 200 568
172.22.2.4 - - [16/Oct/2023:14:43:02 -0500] "GET /BLA/boletinlegal/images/arr_l.jpg HTTP/1.1" 200 1979
172.22.2.4 - - [16/Oct/2023:14:43:02 -0500] "GET /BLA/boletinlegal/images/launch.jpg HTTP/1.1" 200 14577
172.22.2.4 - - [16/Oct/2023:14:43:08 -0500] "GET /BLA/boletinlegal/images/screen_5.png HTTP/1.1" 200 368876
172.22.2.4 - - [16/Oct/2023:14:43:08 -0500] "GET /BLA/boletinlegal/images/arr_r.jpg HTTP/1.1" 200 1998
172.22.2.4 - - [16/Oct/2023:14:43:08 -0500] "GET /BLA/boletinlegal/images/screen_2.png HTTP/1.1" 200 362502
172.22.2.4 - - [16/Oct/2023:14:43:08 -0500] "GET /BLA/boletinlegal/images/screen_3.png HTTP/1.1" 200 210620
172.22.2.4 - - [16/Oct/2023:14:43:08 -0500] "GET /BLA/boletinlegal/images/footer_bg.jpg HTTP/1.1" 200 586
172.22.2.4 - - [16/Oct/2023:14:43:11 -0500] "GET /BLA/boletinlegal/actos.php HTTP/1.1" 200 9682
172.22.2.4 - - [16/Oct/2023:14:43:12 -0500] "GET /BLA/boletinlegal/js/ajax_actos.js HTTP/1.1" 200 1322
172.22.2.4 - - [16/Oct/2023:14:43:12 -0500] "GET /BLA/boletinlegal/niceforms.js HTTP/1.1" 200 22876
172.22.2.4 - - [16/Oct/2023:14:43:12 -0500] "GET /BLA/boletinlegal/niceforms-default.css HTTP/1.1" 200 6694
172.22.2.4 - - [16/Oct/2023:14:43:12 -0500] "GET /BLA/boletinlegal/js/lib.js HTTP/1.1" 200 6474
172.22.2.4 - - [16/Oct/2023:14:43:12 -0500] "GET /BLA/boletinlegal/js/popup.js HTTP/1.1" 200 1270
172.22.2.4 - - [16/Oct/2023:14:43:12 -0500] "GET /BLA/boletinlegal/js/jquery1.js HTTP/1.1" 200 29846
172.22.2.4 - - [16/Oct/2023:14:43:12 -0500] "GET /BLA/boletinlegal/images/green-yellow-blue-pink-th.png HTTP/1.1" 200 7394
172.22.2.4 - - [16/Oct/2023:14:43:12 -0500] "GET /BLA/boletinlegal/images/tel.png HTTP/1.1" 200 14477
172.22.2.4 - - [16/Oct/2023:14:43:12 -0500] "GET /BLA/boletinlegal/images/icono-email.png HTTP/1.1" 200 5544
172.22.2.4 - - [16/Oct/2023:14:43:12 -0500] "GET /BLA/boletinlegal/images/footer_bg_l.jpg HTTP/1.1" 200 776
172.22.2.4 - - [16/Oct/2023:14:43:12 -0500] "GET /BLA/boletinlegal/img/0.png HTTP/1.1" 200 110
172.22.2.4 - - [16/Oct/2023:14:43:12 -0500] "GET /BLA/boletinlegal/img/select-left.png HTTP/1.1" 200 263
172.22.2.4 - - [16/Oct/2023:14:43:12 -0500] "GET /BLA/boletinlegal/img/select-right.png HTTP/1.1" 200 44019
172.22.2.4 - - [16/Oct/2023:14:43:12 -0500] "GET /BLA/boletinlegal/img/button-left.png HTTP/1.1" 200 57071
172.22.2.4 - - [16/Oct/2023:14:43:12 -0500] "GET /BLA/boletinlegal/img/button.png HTTP/1.1" 200 43241
172.22.2.4 - - [16/Oct/2023:14:43:12 -0500] "GET /BLA/boletinlegal/favicon.ico HTTP/1.1" 404 1326
172.22.2.4 - - [16/Oct/2023:14:43:12 -0500] "GET /BLA/boletinlegal/img/button-right.png HTTP/1.1" 200 57878
186.155.73.185 - - [16/Oct/2023:14:43:29 -0500] "GET /BLA/resoluciones/ HTTP/1.1" 200 13696
186.155.73.185 - - [16/Oct/2023:14:43:30 -0500] "GET /BLA/resoluciones/dlf/styles.css HTTP/1.1" 200 3049
186.155.73.185 - - [16/Oct/2023:14:43:30 -0500] "GET /BLA/resoluciones/dlf/folder.png HTTP/1.1" 200 410
186.155.73.185 - - [16/Oct/2023:14:43:30 -0500] "GET /BLA/resoluciones/dlf/bg.gif HTTP/1.1" 200 54
186.155.73.185 - - [16/Oct/2023:14:43:30 -0500] "GET /favicon.ico HTTP/1.1" 200 7782
186.155.73.185 - - [16/Oct/2023:14:43:33 -0500] "GET /BLA/resoluciones/dlf/dirup.png HTTP/1.1" 200 644
186.155.73.185 - - [16/Oct/2023:14:43:33 -0500] "GET /BLA/resoluciones/dlf/pdf.gif HTTP/1.1" 200 272
186.155.73.185 - - [16/Oct/2023:14:43:32 -0500] "GET /BLA/resoluciones/index.php?dir=AUTOS+2014%2F HTTP/1.1" 200 890688
186.155.73.185 - - [16/Oct/2023:14:43:37 -0500] "GET /BLA/resoluciones/dlf/unknown.png HTTP/1.1" 200 266
186.155.73.185 - - [16/Oct/2023:14:43:40 -0500] "GET /BLA/resoluciones/AUTOS%202014/4379.pdf HTTP/1.1" 200 526285
186.155.73.185 - - [16/Oct/2023:14:44:01 -0500] "GET /BLA/resoluciones/AUTOS%202014/4381.pdf HTTP/1.1" 200 521103
186.155.73.185 - - [16/Oct/2023:14:44:08 -0500] "GET /BLA/resoluciones/AUTOS%202014/4380.pdf HTTP/1.1" 200 522652
172.22.2.4 - - [16/Oct/2023:14:43:01 -0500] "GET /BLA/boletinlegal/ HTTP/1.1" 200 50128
186.86.168.121 - - [16/Oct/2023:14:44:43 -0500] "GET /appsia/controlador HTTP/1.1" 200 4799
186.86.168.121 - - [16/Oct/2023:14:44:43 -0500] "GET /appsia/css/estilos.css HTTP/1.1" 200 4804
186.86.168.121 - - [16/Oct/2023:14:44:43 -0500] "GET /favicon.ico HTTP/1.1" 200 7782
172.22.2.4 - - [16/Oct/2023:14:43:08 -0500] "HEAD /BLA/boletinlegal/ HTTP/1.1" 200 -
172.22.2.4 - - [16/Oct/2023:14:44:59 -0500] "GET /BLA/boletinlegal/actos.php HTTP/1.1" 200 9682
186.86.168.121 - - [16/Oct/2023:14:45:10 -0500] "POST /appsia/controlador HTTP/1.1" 200 5437
186.86.168.121 - - [16/Oct/2023:14:45:14 -0500] "POST /appsia/controlador HTTP/1.1" 200 7797
172.22.2.4 - - [16/Oct/2023:14:44:52 -0500] "GET /BLA/boletinlegal/ HTTP/1.1" 200 24523
172.22.2.4 - - [16/Oct/2023:14:45:28 -0500] "GET /BLA/boletinlegal/consulta_actos.php?tipo=autos&no=3874&usuario=&sector=&fecha=2023&resuelve= HTTP/1.1" 200 626
186.80.199.188 - - [16/Oct/2023:14:45:31 -0500] "GET /BLA/resoluciones/ HTTP/1.1" 200 13696
186.86.168.121 - - [16/Oct/2023:14:45:32 -0500] "POST /appsia/controlador HTTP/1.1" 200 6670
186.80.199.188 - - [16/Oct/2023:14:45:38 -0500] "GET /BLA/resoluciones/index.php?dir=AUTOS+2023%2F HTTP/1.1" 200 356705
172.22.2.4 - - [16/Oct/2023:14:43:59 -0500] "GET /BLA/boletinlegal/ HTTP/1.1" 200 52151
216.245.221.92 - - [16/Oct/2023:14:45:52 -0500] "HEAD / HTTP/1.1" 200 -
186.86.168.121 - - [16/Oct/2023:14:46:02 -0500] "POST /appsia/controlador HTTP/1.1" 200 10947
66.249.66.38 - - [16/Oct/2023:14:46:17 -0500] "GET /secretaria-de-ambiente-abre-convocatoria-para-el-proceso-de-formacion-mujeres-cuidadoras-de-humedales.html HTTP/1.1" 304 -
186.86.168.121 - - [16/Oct/2023:14:46:50 -0500] "POST /appsia/controlador HTTP/1.1" 200 7797
186.86.168.121 - - [16/Oct/2023:14:47:01 -0500] "POST /appsia/controlador HTTP/1.1" 200 6670
186.86.168.121 - - [16/Oct/2023:14:47:02 -0500] "POST /appsia/controlador HTTP/1.1" 200 10947
186.86.168.121 - - [16/Oct/2023:14:47:17 -0500] "POST /appsia/controlador HTTP/1.1" 200 7797
201.245.192.253 - - [16/Oct/2023:14:47:15 -0500] "POST /kwsrmcab/Wsrmcab  HTTP/1.1" 200 42851
186.86.168.121 - - [16/Oct/2023:14:47:27 -0500] "POST /appsia/controlador HTTP/1.1" 200 6670
186.86.168.121 - - [16/Oct/2023:14:47:53 -0500] "POST /appsia/controlador HTTP/1.1" 200 11763
186.86.168.121 - - [16/Oct/2023:14:47:53 -0500] "POST /appsia/controlador HTTP/1.1" 200 11763
52.167.144.20 - - [16/Oct/2023:14:47:57 -0500] "GET /BLA/resoluciones/AUTOS%202018/6845.pdf HTTP/1.1" 200 250422
186.86.168.121 - - [16/Oct/2023:14:48:47 -0500] "POST /appsia/controlador HTTP/1.1" 200 7797
186.86.168.121 - - [16/Oct/2023:14:48:51 -0500] "POST /appsia/controlador HTTP/1.1" 200 5262
186.86.168.121 - - [16/Oct/2023:14:48:55 -0500] "GET /appsia/controlador?comando=regresar&id=1070595846&funcionario=TATIANA+MARIA+DE+LA+ROCHE+TODARO&desde=1070595846&hasta=1070595846&version=1070595846 HTTP/1.1" 200 7797
186.86.168.121 - - [16/Oct/2023:14:49:00 -0500] "POST /appsia/controlador HTTP/1.1" 200 6670
52.167.144.161 - - [16/Oct/2023:14:49:01 -0500] "GET /images/Gesti%C3%B3n%20de%20Bifenilos%20Policlorados-23.jpg HTTP/1.1" 404 1034
186.86.168.121 - - [16/Oct/2023:14:49:03 -0500] "POST /appsia/controlador HTTP/1.1" 200 11796
172.22.2.4 - - [16/Oct/2023:14:48:58 -0500] "HEAD /BLA/boletinlegal/ HTTP/1.1" 200 -
216.245.221.92 - - [16/Oct/2023:14:50:52 -0500] "HEAD / HTTP/1.1" 200 -
157.55.39.50 - - [16/Oct/2023:14:50:52 -0500] "GET /BLA/resoluciones/RESOLUCIONES%202023/0668.pdf HTTP/1.1" 200 527408
172.22.2.4 - - [16/Oct/2023:14:49:49 -0500] "GET /BLA/boletinlegal/ HTTP/1.1" 200 60175
66.249.66.38 - - [16/Oct/2023:14:51:29 -0500] "GET /semana-bogota-reverdece-con-exito-finaliza-el-primer-dia-de-la-convencion-internacional-de-emergencia-climatica.html HTTP/1.1" 304 -
66.249.66.38 - - [16/Oct/2023:14:51:30 -0500] "GET /distrito- HTTP/1.1" 404 1034
66.249.66.164 - - [16/Oct/2023:14:51:31 -0500] "GET /portaldeninos/aulas-ambientales-2/parque-ecologico-distrital-de-montana-entrenubes/ HTTP/1.1" 200 90406
201.245.192.253 - - [16/Oct/2023:14:52:14 -0500] "POST /kwsrmcab/Wsrmcab  HTTP/1.1" 200 42851
186.86.168.121 - - [16/Oct/2023:14:52:24 -0500] "POST /appsia/controlador HTTP/1.1" 200 7797
186.86.168.121 - - [16/Oct/2023:14:52:33 -0500] "POST /appsia/controlador HTTP/1.1" 200 6670
186.86.168.121 - - [16/Oct/2023:14:52:34 -0500] "POST /appsia/controlador HTTP/1.1" 200 11763
186.86.168.121 - - [16/Oct/2023:14:53:38 -0500] "POST /appsia/controlador HTTP/1.1" 200 7797
186.86.168.121 - - [16/Oct/2023:14:53:45 -0500] "POST /appsia/controlador HTTP/1.1" 200 6670
186.86.168.121 - - [16/Oct/2023:14:53:47 -0500] "POST /appsia/controlador HTTP/1.1" 200 11796
186.86.168.121 - - [16/Oct/2023:14:54:26 -0500] "POST /appsia/controlador HTTP/1.1" 200 7797
186.86.168.121 - - [16/Oct/2023:14:54:29 -0500] "POST /appsia/controlador HTTP/1.1" 200 5437
186.86.168.121 - - [16/Oct/2023:14:54:31 -0500] "POST /appsia/controlador HTTP/1.1" 200 7797
186.86.168.121 - - [16/Oct/2023:14:54:39 -0500] "POST /appsia/controlador HTTP/1.1" 200 6670
186.86.168.121 - - [16/Oct/2023:14:54:41 -0500] "POST /appsia/controlador HTTP/1.1" 200 10947
186.86.168.121 - - [16/Oct/2023:14:55:22 -0500] "POST /appsia/controlador HTTP/1.1" 200 7797
186.86.168.121 - - [16/Oct/2023:14:55:32 -0500] "POST /appsia/controlador HTTP/1.1" 200 6670
186.86.168.121 - - [16/Oct/2023:14:55:33 -0500] "POST /appsia/controlador HTTP/1.1" 200 10595
186.86.168.121 - - [16/Oct/2023:14:55:36 -0500] "POST /appsia/controlador HTTP/1.1" 200 7797
186.86.168.121 - - [16/Oct/2023:14:55:41 -0500] "POST /appsia/controlador HTTP/1.1" 200 6670
186.86.168.121 - - [16/Oct/2023:14:55:42 -0500] "POST /appsia/controlador HTTP/1.1" 200 11763
216.245.221.92 - - [16/Oct/2023:14:55:52 -0500] "HEAD / HTTP/1.1" 200 -
186.29.165.62 - - [16/Oct/2023:14:56:22 -0500] "GET /BLA/resoluciones/RESOLUCIONES%202019/2550.pdf HTTP/1.1" 200 287984
172.22.2.4 - - [16/Oct/2023:14:54:48 -0500] "HEAD /BLA/boletinlegal/ HTTP/1.1" 200 -
172.22.2.4 - - [16/Oct/2023:14:56:29 -0500] "GET /BLA/boletinlegal/style.css HTTP/1.1" 200 9406
172.22.2.4 - - [16/Oct/2023:14:56:29 -0500] "GET /BLA/boletinlegal/styles2.css HTTP/1.1" 200 1838
172.22.2.4 - - [16/Oct/2023:14:56:29 -0500] "GET /BLA/boletinlegal/js/jquery.js HTTP/1.1" 200 57254
172.22.2.4 - - [16/Oct/2023:14:56:29 -0500] "GET /BLA/boletinlegal/js/jquery.scrollTo-min.js HTTP/1.1" 200 1150
172.22.2.4 - - [16/Oct/2023:14:56:29 -0500] "GET /BLA/boletinlegal/js/jquery.scrollShow.js HTTP/1.1" 200 4586
172.22.2.4 - - [16/Oct/2023:14:56:29 -0500] "GET /BLA/boletinlegal/images/cabezote%20BLEGAL.jpg HTTP/1.1" 200 118164
172.22.2.4 - - [16/Oct/2023:14:56:29 -0500] "GET /BLA/boletinlegal/images/screen_1.png HTTP/1.1" 200 202547
172.22.2.4 - - [16/Oct/2023:14:56:29 -0500] "GET /BLA/boletinlegal/images/subscribe-icon-big.png HTTP/1.1" 200 47702
172.22.2.4 - - [16/Oct/2023:14:56:29 -0500] "GET /BLA/boletinlegal/images/historia.png HTTP/1.1" 200 52775
172.22.2.4 - - [16/Oct/2023:14:56:29 -0500] "GET /BLA/boletinlegal/images/registro-usuarios.png HTTP/1.1" 200 8106
172.22.2.4 - - [16/Oct/2023:14:56:29 -0500] "GET /BLA/boletinlegal/images/arr_l.jpg HTTP/1.1" 200 1979
172.22.2.4 - - [16/Oct/2023:14:56:29 -0500] "GET /BLA/boletinlegal/images/launch.jpg HTTP/1.1" 200 14577
172.22.2.4 - - [16/Oct/2023:14:56:29 -0500] "GET /BLA/boletinlegal/images/body_bg.jpg HTTP/1.1" 200 1601
172.22.2.4 - - [16/Oct/2023:14:56:29 -0500] "GET /BLA/boletinlegal/images/menu_lft.gif HTTP/1.1" 200 1713
172.22.2.4 - - [16/Oct/2023:14:56:29 -0500] "GET /BLA/boletinlegal/images/menu_rght.gif HTTP/1.1" 200 1627
172.22.2.4 - - [16/Oct/2023:14:56:29 -0500] "GET /BLA/boletinlegal/images/menu_bg.jpg HTTP/1.1" 200 620
172.22.2.4 - - [16/Oct/2023:14:56:29 -0500] "GET /BLA/boletinlegal/images/bg_top.jpg HTTP/1.1" 200 522
172.22.2.4 - - [16/Oct/2023:14:56:29 -0500] "GET /BLA/boletinlegal/images/hover.jpg HTTP/1.1" 200 640
172.22.2.4 - - [16/Oct/2023:14:56:29 -0500] "GET /BLA/boletinlegal/images/text.jpg HTTP/1.1" 200 568
172.22.2.4 - - [16/Oct/2023:14:56:29 -0500] "GET /BLA/boletinlegal/ HTTP/1.1" 200 24523
201.245.192.253 - - [16/Oct/2023:14:57:14 -0500] "POST /kwsrmcab/Wsrmcab  HTTP/1.1" 200 42851
186.29.165.62 - - [16/Oct/2023:14:57:18 -0500] "GET /BLA/resoluciones/index.php?dir=AUTOS+2019%2F HTTP/1.1" 200 388964
186.86.168.121 - - [16/Oct/2023:14:57:18 -0500] "POST /appsia/controlador HTTP/1.1" 200 7797
172.22.2.4 - - [16/Oct/2023:14:56:42 -0500] "GET /BLA/boletinlegal/ HTTP/1.1" 200 24523
186.86.168.121 - - [16/Oct/2023:14:57:32 -0500] "POST /appsia/controlador HTTP/1.1" 200 6670
186.86.168.121 - - [16/Oct/2023:14:57:34 -0500] "POST /appsia/controlador HTTP/1.1" 200 10236
186.29.165.62 - - [16/Oct/2023:14:57:55 -0500] "GET /BLA/resoluciones/AUTOS%202019/2550.pdf HTTP/1.1" 200 257146
186.86.168.121 - - [16/Oct/2023:14:58:26 -0500] "POST /appsia/controlador HTTP/1.1" 200 7797
186.86.168.121 - - [16/Oct/2023:14:58:35 -0500] "POST /appsia/controlador HTTP/1.1" 200 6670
186.86.168.121 - - [16/Oct/2023:14:58:37 -0500] "GET /appsia/controlador?comando=regresar&id=1070595846&funcionario=TATIANA+MARIA+DE+LA+ROCHE+TODARO&desde=1070595846&hasta=1070595846&version=1070595846 HTTP/1.1" 200 7797
186.86.168.121 - - [16/Oct/2023:14:58:45 -0500] "POST /appsia/controlador HTTP/1.1" 200 6670
186.86.168.121 - - [16/Oct/2023:14:58:47 -0500] "POST /appsia/controlador HTTP/1.1" 200 10947
216.245.221.92 - - [16/Oct/2023:15:00:52 -0500] "HEAD / HTTP/1.1" 200 -
40.77.167.254 - - [16/Oct/2023:15:01:19 -0500] "GET /BLA/resoluciones/RESOLUCIONES%202007/RES%202007%203201%20AL%203300/RESOLUCION%203246%20DE%202007.pdf HTTP/1.1" 200 690500
66.249.66.166 - - [16/Oct/2023:15:01:58 -0500] "GET /portaldeninos/aulas-ambientales/aula-ambiental-sorotama/ HTTP/1.1" 200 89596
201.245.192.253 - - [16/Oct/2023:15:02:13 -0500] "POST /kwsrmcab/Wsrmcab  HTTP/1.1" 200 42851
172.22.2.4 - - [16/Oct/2023:15:02:18 -0500] "GET /BLA/boletinlegal/style.css HTTP/1.1" 200 9406
172.22.2.4 - - [16/Oct/2023:15:02:18 -0500] "GET /BLA/boletinlegal/styles2.css HTTP/1.1" 200 1838
172.22.2.4 - - [16/Oct/2023:15:02:18 -0500] "GET /BLA/boletinlegal/js/jquery.js HTTP/1.1" 200 57254
172.22.2.4 - - [16/Oct/2023:15:02:18 -0500] "GET /BLA/boletinlegal/js/jquery.scrollTo-min.js HTTP/1.1" 200 1150
172.22.2.4 - - [16/Oct/2023:15:02:18 -0500] "GET /BLA/boletinlegal/js/jquery.scrollShow.js HTTP/1.1" 200 4586
172.22.2.4 - - [16/Oct/2023:15:02:18 -0500] "GET /BLA/boletinlegal/images/cabezote%20BLEGAL.jpg HTTP/1.1" 200 118164
172.22.2.4 - - [16/Oct/2023:15:02:18 -0500] "GET /BLA/boletinlegal/images/screen_1.png HTTP/1.1" 200 202547
172.22.2.4 - - [16/Oct/2023:15:02:18 -0500] "GET /BLA/boletinlegal/images/subscribe-icon-big.png HTTP/1.1" 200 47702
172.22.2.4 - - [16/Oct/2023:15:02:18 -0500] "GET /BLA/boletinlegal/images/historia.png HTTP/1.1" 200 52775
172.22.2.4 - - [16/Oct/2023:15:02:18 -0500] "GET /BLA/boletinlegal/images/registro-usuarios.png HTTP/1.1" 200 8106
172.22.2.4 - - [16/Oct/2023:15:02:18 -0500] "GET /BLA/boletinlegal/images/arr_l.jpg HTTP/1.1" 200 1979
172.22.2.4 - - [16/Oct/2023:15:02:18 -0500] "GET /BLA/boletinlegal/images/launch.jpg HTTP/1.1" 200 14577
172.22.2.4 - - [16/Oct/2023:15:02:18 -0500] "GET /BLA/boletinlegal/images/body_bg.jpg HTTP/1.1" 200 1601
172.22.2.4 - - [16/Oct/2023:15:02:18 -0500] "GET /BLA/boletinlegal/images/menu_lft.gif HTTP/1.1" 200 1713
172.22.2.4 - - [16/Oct/2023:15:02:18 -0500] "GET /BLA/boletinlegal/images/menu_rght.gif HTTP/1.1" 200 1627
172.22.2.4 - - [16/Oct/2023:15:02:18 -0500] "GET /BLA/boletinlegal/images/text.jpg HTTP/1.1" 200 568
172.22.2.4 - - [16/Oct/2023:15:02:18 -0500] "GET /BLA/boletinlegal/images/menu_bg.jpg HTTP/1.1" 200 620
172.22.2.4 - - [16/Oct/2023:15:02:18 -0500] "GET /BLA/boletinlegal/images/bg_top.jpg HTTP/1.1" 200 522
172.22.2.4 - - [16/Oct/2023:15:02:18 -0500] "GET /BLA/boletinlegal/images/hover.jpg HTTP/1.1" 200 640
172.22.2.4 - - [16/Oct/2023:15:02:20 -0500] "GET /BLA/boletinlegal/doctrina.php HTTP/1.1" 200 5614
172.22.2.4 - - [16/Oct/2023:15:02:20 -0500] "GET /BLA/boletinlegal/js/ajax_doctrina.js HTTP/1.1" 200 772
172.22.2.4 - - [16/Oct/2023:15:02:20 -0500] "GET /BLA/boletinlegal/js/lib.js HTTP/1.1" 200 6474
172.22.2.4 - - [16/Oct/2023:15:02:20 -0500] "GET /BLA/boletinlegal/js/popup.js HTTP/1.1" 200 1270
172.22.2.4 - - [16/Oct/2023:15:02:20 -0500] "GET /BLA/boletinlegal/js/jquery1.js HTTP/1.1" 200 29846
172.22.2.4 - - [16/Oct/2023:15:02:20 -0500] "GET /BLA/boletinlegal/images/footer_bg.jpg HTTP/1.1" 200 586
172.22.2.4 - - [16/Oct/2023:15:02:20 -0500] "GET /BLA/boletinlegal/images/sub_ul_li.gif HTTP/1.1" 200 343
172.22.2.4 - - [16/Oct/2023:15:02:20 -0500] "GET /BLA/boletinlegal/images/footer_bg_l.jpg HTTP/1.1" 200 776
172.22.2.4 - - [16/Oct/2023:15:02:20 -0500] "GET /BLA/boletinlegal/favicon.ico HTTP/1.1" 404 1332
172.22.2.4 - - [16/Oct/2023:15:02:21 -0500] "GET /BLA/boletinlegal/actos.php HTTP/1.1" 200 9682
172.22.2.4 - - [16/Oct/2023:15:02:21 -0500] "GET /BLA/boletinlegal/niceforms-default.css HTTP/1.1" 200 6694
172.22.2.4 - - [16/Oct/2023:15:02:21 -0500] "GET /BLA/boletinlegal/niceforms.js HTTP/1.1" 200 22876
172.22.2.4 - - [16/Oct/2023:15:02:21 -0500] "GET /BLA/boletinlegal/js/ajax_actos.js HTTP/1.1" 200 1322
172.22.2.4 - - [16/Oct/2023:15:02:21 -0500] "GET /BLA/boletinlegal/images/green-yellow-blue-pink-th.png HTTP/1.1" 200 7394
172.22.2.4 - - [16/Oct/2023:15:02:21 -0500] "GET /BLA/boletinlegal/images/tel.png HTTP/1.1" 200 14477
172.22.2.4 - - [16/Oct/2023:15:02:21 -0500] "GET /BLA/boletinlegal/images/icono-email.png HTTP/1.1" 200 5544
172.22.2.4 - - [16/Oct/2023:15:02:21 -0500] "GET /BLA/boletinlegal/img/0.png HTTP/1.1" 200 110
172.22.2.4 - - [16/Oct/2023:15:02:21 -0500] "GET /BLA/boletinlegal/img/select-right.png HTTP/1.1" 200 44019
172.22.2.4 - - [16/Oct/2023:15:02:21 -0500] "GET /BLA/boletinlegal/img/select-left.png HTTP/1.1" 200 263
172.22.2.4 - - [16/Oct/2023:15:02:21 -0500] "GET /BLA/boletinlegal/img/button-left.png HTTP/1.1" 200 57071
172.22.2.4 - - [16/Oct/2023:15:02:21 -0500] "GET /BLA/boletinlegal/img/button.png HTTP/1.1" 200 43241
172.22.2.4 - - [16/Oct/2023:15:02:21 -0500] "GET /BLA/boletinlegal/img/button-right.png HTTP/1.1" 200 57878
186.144.233.66 - - [16/Oct/2023:15:02:23 -0500] "GET /BLA/resoluciones/ HTTP/1.1" 200 13696
186.144.233.66 - - [16/Oct/2023:15:02:23 -0500] "GET /BLA/resoluciones/dlf/styles.css HTTP/1.1" 200 3049
186.144.233.66 - - [16/Oct/2023:15:02:23 -0500] "GET /BLA/resoluciones/dlf/folder.png HTTP/1.1" 200 410
186.144.233.66 - - [16/Oct/2023:15:02:23 -0500] "GET /BLA/resoluciones/dlf/bg.gif HTTP/1.1" 200 54
186.144.233.66 - - [16/Oct/2023:15:02:23 -0500] "GET /favicon.ico HTTP/1.1" 200 7782
186.144.233.66 - - [16/Oct/2023:15:02:25 -0500] "GET /BLA/resoluciones/dlf/dirup.png HTTP/1.1" 200 644
186.144.233.66 - - [16/Oct/2023:15:02:25 -0500] "GET /BLA/resoluciones/dlf/pdf.gif HTTP/1.1" 200 272
186.144.233.66 - - [16/Oct/2023:15:02:25 -0500] "GET /BLA/resoluciones/dlf/unknown.png HTTP/1.1" 200 266
186.144.233.66 - - [16/Oct/2023:15:02:25 -0500] "GET /BLA/resoluciones/index.php?dir=AUTOS+2021%2F HTTP/1.1" 200 398707
186.86.168.121 - - [16/Oct/2023:15:02:58 -0500] "POST /appsia/controlador HTTP/1.1" 200 7797
172.22.2.4 - - [16/Oct/2023:15:02:18 -0500] "GET /BLA/boletinlegal/ HTTP/1.1" 200 24523
186.86.168.121 - - [16/Oct/2023:15:03:06 -0500] "POST /appsia/controlador HTTP/1.1" 200 6670
186.86.168.121 - - [16/Oct/2023:15:03:07 -0500] "POST /appsia/controlador HTTP/1.1" 200 11323
186.86.168.121 - - [16/Oct/2023:15:03:12 -0500] "POST /appsia/controlador HTTP/1.1" 200 7797
186.86.168.121 - - [16/Oct/2023:15:03:29 -0500] "POST /appsia/controlador HTTP/1.1" 200 6670
186.86.168.121 - - [16/Oct/2023:15:03:31 -0500] "POST /appsia/controlador HTTP/1.1" 200 9850
172.22.2.4 - - [16/Oct/2023:15:01:56 -0500] "HEAD /BLA/boletinlegal/ HTTP/1.1" 200 -
186.86.168.121 - - [16/Oct/2023:15:03:42 -0500] "POST /appsia/controlador HTTP/1.1" 200 7797
