216.245.221.92 - - [16/Oct/2023:17:28:59 -0500] "HEAD / HTTP/1.1" 200 -
40.77.167.75 - - [16/Oct/2023:17:29:08 -0500] "GET /BLA/resoluciones/RESOLUCIONES%202023/0772.pdf HTTP/1.1" 200 360835
114.119.152.161 - - [16/Oct/2023:17:29:27 -0500] "GET /BLA/resoluciones/index.php?dir=RESOLUCIONES%2B2015/&sort=size&order=desc HTTP/1.1" 200 13902
172.22.2.4 - - [16/Oct/2023:17:30:04 -0500] "GET /BLA/boletinlegal/consulta_actos.php?tipo=resoluciones&no=2768&usuario=&sector=SILVICULTURA&fecha=2019&resuelve= HTTP/1.1" 200 1132
172.22.2.4 - - [16/Oct/2023:17:30:04 -0500] "GET /BLA/boletinlegal/images/pdf.gif HTTP/1.1" 200 567
179.51.113.171 - - [16/Oct/2023:17:30:07 -0500] "GET /BLA/resoluciones/Notificaciones/RESOLUCIONES%202022/5423.pdf HTTP/1.1" 200 7104203
186.84.90.109 - - [16/Oct/2023:17:30:08 -0500] "GET /BLA/resoluciones/RESOLUCIONES%202019/2768.pdf HTTP/1.1" 200 350217
123.6.49.47 - - [16/Oct/2023:17:30:45 -0500] "GET /portaldeninos/wp-content/uploads/useanyfont/uaf.css?ver=1589905315 HTTP/1.1" 200 408
123.6.49.47 - - [16/Oct/2023:17:30:45 -0500] "GET /portaldeninos/wp-content/themes/betheme/style.css?ver=20.9.6 HTTP/1.1" 200 287
123.6.49.18 - - [16/Oct/2023:17:30:44 -0500] "GET /portaldeninos/wp-includes/js/wp-emoji-release.min.js?ver=4.9.8 HTTP/1.1" 200 12026
123.6.49.41 - - [16/Oct/2023:17:30:42 -0500] "GET /portaldeninos/ HTTP/1.1" 200 110175
123.6.49.18 - - [16/Oct/2023:17:30:45 -0500] "GET /portaldeninos/wp-content/themes/betheme/css/base.css?ver=20.9.6 HTTP/1.1" 200 57283
123.6.49.15 - - [16/Oct/2023:17:30:44 -0500] "GET /portaldeninos/wp-content/plugins/gallery-videos/CSS/Total-Soft-Gallery-Video-Widget.css?ver=4.9.8 HTTP/1.1" 200 51554
123.6.49.18 - - [16/Oct/2023:17:30:44 -0500] "GET /portaldeninos/wp-content/plugins/gallery-videos/CSS/totalsoft.css?ver=4.9.8 HTTP/1.1" 200 40622
123.6.49.41 - - [16/Oct/2023:17:30:45 -0500] "GET /portaldeninos/wp-content/themes/betheme/assets/animations/animations.min.css?ver=20.9.6 HTTP/1.1" 200 58508
123.6.49.41 - - [16/Oct/2023:17:30:46 -0500] "GET /portaldeninos/wp-content/themes/betheme/assets/jplayer/css/jplayer.blue.monday.css?ver=20.9.6 HTTP/1.1" 200 9834
123.6.49.18 - - [16/Oct/2023:17:30:46 -0500] "GET /portaldeninos/wp-content/themes/betheme/assets/ui/jquery.ui.all.css?ver=20.9.6 HTTP/1.1" 200 18765
123.6.49.15 - - [16/Oct/2023:17:30:46 -0500] "GET /portaldeninos/wp-content/plugins/popup-maker/assets/css/site.min.css?ver=1.8.14 HTTP/1.1" 200 8260
123.6.49.41 - - [16/Oct/2023:17:30:46 -0500] "GET /portaldeninos/wp-content/plugins/google-analytics-for-wordpress/assets/js/frontend-gtag.min.js?ver=8.5.0 HTTP/1.1" 200 11801
123.6.49.15 - - [16/Oct/2023:17:30:47 -0500] "GET /portaldeninos/wp-includes/js/jquery/jquery-migrate.min.js?ver=1.4.1 HTTP/1.1" 200 10056
123.6.49.18 - - [16/Oct/2023:17:30:46 -0500] "GET /portaldeninos/wp-content/themes/betheme/css/responsive.css?ver=20.9.6 HTTP/1.1" 200 55740
123.6.49.41 - - [16/Oct/2023:17:30:47 -0500] "GET /portaldeninos/wp-includes/js/jquery/ui/core.min.js?ver=1.11.4 HTTP/1.1" 200 4000
123.6.49.47 - - [16/Oct/2023:17:30:45 -0500] "GET /portaldeninos/wp-content/themes/betheme/css/shortcodes.css?ver=20.9.6 HTTP/1.1" 200 138889
123.6.49.15 - - [16/Oct/2023:17:30:47 -0500] "GET /portaldeninos/wp-content/plugins/gallery-videos/JS/modernizr.custom.js?ver=4.9.8 HTTP/1.1" 200 9019
123.6.49.47 - - [16/Oct/2023:17:30:45 -0500] "GET /portaldeninos/wp-content/themes/betheme/css/layout.css?ver=20.9.6 HTTP/1.1" 200 116639
123.6.49.18 - - [16/Oct/2023:17:30:46 -0500] "GET /portaldeninos/wp-includes/js/jquery/jquery.js?ver=1.12.4 HTTP/1.1" 200 97184
123.6.49.18 - - [16/Oct/2023:17:30:47 -0500] "GET /portaldeninos/wp-content/plugins/gallery-videos/JS/Total-Soft-Gallery-Video-Widget.js?ver=4.9.8 HTTP/1.1" 200 80264
123.6.49.18 - - [16/Oct/2023:17:30:48 -0500] "GET /portaldeninos/wp-includes/js/jquery/ui/widget.min.js?ver=1.11.4 HTTP/1.1" 200 6908
123.6.49.18 - - [16/Oct/2023:17:30:48 -0500] "GET /portaldeninos/wp-includes/js/jquery/ui/mouse.min.js?ver=1.11.4 HTTP/1.1" 200 3148
123.6.49.47 - - [16/Oct/2023:17:30:48 -0500] "GET /portaldeninos/wp-includes/js/jquery/ui/accordion.min.js?ver=1.11.4 HTTP/1.1" 200 8584
123.6.49.15 - - [16/Oct/2023:17:30:48 -0500] "GET /portaldeninos/wp-includes/js/jquery/ui/tabs.min.js?ver=1.11.4 HTTP/1.1" 200 12110
123.6.49.15 - - [16/Oct/2023:17:30:49 -0500] "GET /portaldeninos/wp-content/themes/betheme/js/menu.js?ver=20.9.6 HTTP/1.1" 200 2449
123.6.49.18 - - [16/Oct/2023:17:30:48 -0500] "GET /portaldeninos/wp-content/themes/betheme/fonts/mfn-icons.woff?93978679 HTTP/1.1" 200 80932
123.6.49.47 - - [16/Oct/2023:17:30:48 -0500] "GET /portaldeninos/wp-includes/js/jquery/ui/sortable.min.js?ver=1.11.4 HTTP/1.1" 200 24899
123.6.49.15 - - [16/Oct/2023:17:30:49 -0500] "GET /portaldeninos/wp-content/themes/betheme/assets/animations/animations.min.js?ver=20.9.6 HTTP/1.1" 200 1896
123.6.49.18 - - [16/Oct/2023:17:30:48 -0500] "GET /portaldeninos/wp-content/uploads/2019/08/Logo-Ambientic.png HTTP/1.1" 200 22941
123.6.49.47 - - [16/Oct/2023:17:30:48 -0500] "GET /portaldeninos/wp-content/uploads/2021/06/titulo-cabezote-ni%C3%B1os.png HTTP/1.1" 200 64425
123.6.49.41 - - [16/Oct/2023:17:30:48 -0500] "GET /portaldeninos/wp-content/themes/betheme/js/plugins.js?ver=20.9.6 HTTP/1.1" 200 197151
123.6.49.15 - - [16/Oct/2023:17:30:49 -0500] "GET /portaldeninos/wp-includes/js/jquery/ui/position.min.js?ver=1.11.4 HTTP/1.1" 200 6527
123.6.49.47 - - [16/Oct/2023:17:30:49 -0500] "GET /portaldeninos/wp-includes/js/wp-embed.min.js?ver=4.9.8 HTTP/1.1" 200 1398
123.6.49.18 - - [16/Oct/2023:17:30:49 -0500] "GET /portaldeninos/wp-content/themes/betheme/assets/jplayer/jplayer.min.js?ver=20.9.6 HTTP/1.1" 200 52702
123.6.49.47 - - [16/Oct/2023:17:30:49 -0500] "GET /portaldeninos/wp-content/themes/betheme/js/scripts.js?ver=20.9.6 HTTP/1.1" 200 77162
123.6.49.41 - - [16/Oct/2023:17:30:49 -0500] "GET /portaldeninos/wp-content/uploads/2021/06/titulo-miambiente-ni%C3%B1os.png HTTP/1.1" 200 11944
123.6.49.18 - - [16/Oct/2023:17:30:49 -0500] "GET /portaldeninos/wp-content/plugins/popup-maker/assets/js/site.min.js?defer&ver=1.8.14 HTTP/1.1" 200 48457
123.6.49.18 - - [16/Oct/2023:17:30:50 -0500] "GET /portaldeninos/wp-content/uploads/2021/06/titulo-videos-ni%C3%B1os.png HTTP/1.1" 200 10502
123.6.49.15 - - [16/Oct/2023:17:30:50 -0500] "GET /portaldeninos/wp-content/uploads/2018/10/oso.jpg HTTP/1.1" 200 235783
123.6.49.18 - - [16/Oct/2023:17:30:50 -0500] "GET /portaldeninos/wp-content/uploads/2018/11/tigrillo.jpg HTTP/1.1" 200 162055
123.6.49.18 - - [16/Oct/2023:17:30:50 -0500] "GET /portaldeninos/wp-content/uploads/2021/06/titulo-humedales-ni%C3%B1os.png HTTP/1.1" 200 13361
123.6.49.41 - - [16/Oct/2023:17:30:50 -0500] "GET /portaldeninos/wp-content/uploads/2018/11/caneca.jpg HTTP/1.1" 200 88327
123.6.49.47 - - [16/Oct/2023:17:30:50 -0500] "GET /portaldeninos/wp-content/uploads/2020/01/Frailejon-escenario.jpg HTTP/1.1" 200 162055
123.6.49.47 - - [16/Oct/2023:17:30:50 -0500] "GET /portaldeninos/wp-content/uploads/2020/01/Tierra-escenario.jpg HTTP/1.1" 200 88327
114.119.149.23 - - [16/Oct/2023:17:31:07 -0500] "GET /BLA/resoluciones/index.php?dir=Notificaciones/REGISTROS%2B2019/&sort=size&order=asc HTTP/1.1" 200 13956
172.22.2.4 - - [16/Oct/2023:17:29:40 -0500] "HEAD /BLA/boletinlegal/ HTTP/1.1" 200 -
201.245.192.253 - - [16/Oct/2023:17:31:44 -0500] "POST /kwsrmcab/Wsrmcab  HTTP/1.1" 200 42851
172.22.2.4 - - [16/Oct/2023:17:30:31 -0500] "GET /BLA/boletinlegal/ HTTP/1.1" 200 58155
114.119.144.132 - - [16/Oct/2023:17:32:42 -0500] "GET /BLA/resoluciones/index.php?dir=Notificaciones/AUTOS%2B2019/&sort=name&order=desc HTTP/1.1" 200 13943
172.22.2.4 - - [16/Oct/2023:17:33:19 -0500] "GET /BLA/boletinlegal/consulta_actos.php?tipo=resoluciones&no=2960&usuario=&sector=SILVICULTURA&fecha=2019&resuelve= HTTP/1.1" 200 1359
114.119.137.123 - - [16/Oct/2023:17:33:25 -0500] "GET /portalsiaccapacitaciones/Soportes%20Capacitaciones%202017/PPT%20mesa%20ambiente%2022%20de%20mayo.pdf HTTP/1.1" 200 1658593
186.84.90.109 - - [16/Oct/2023:17:33:25 -0500] "GET /BLA/resoluciones/RESOLUCIONES%202019/2960.pdf HTTP/1.1" 200 309585
40.77.190.191 - - [16/Oct/2023:17:33:33 -0500] "GET /portaldeninos/wp-content/uploads/2021/07/Recorrido-virtual-Aula-Soratama.mp4 HTTP/1.1" 206 5687960
216.245.221.92 - - [16/Oct/2023:17:33:59 -0500] "HEAD / HTTP/1.1" 200 -
172.22.2.4 - - [16/Oct/2023:17:33:19 -0500] "GET /BLA/boletinlegal/ HTTP/1.1" 200 62374
201.245.192.253 - - [16/Oct/2023:17:36:43 -0500] "POST /kwsrmcab/Wsrmcab  HTTP/1.1" 200 42851
172.22.2.4 - - [16/Oct/2023:17:36:54 -0500] "GET /BLA/boletinlegal/consulta_actos.php?tipo=resoluciones&no=3056&usuario=&sector=SILVICULTURA&fecha=2019&resuelve= HTTP/1.1" 200 1086
186.84.90.109 - - [16/Oct/2023:17:37:00 -0500] "GET /BLA/resoluciones/RESOLUCIONES%202019/3056.pdf HTTP/1.1" 200 351902
172.22.2.4 - - [16/Oct/2023:17:35:31 -0500] "HEAD /BLA/boletinlegal/ HTTP/1.1" 200 -
172.22.2.4 - - [16/Oct/2023:17:37:15 -0500] "GET /BLA/boletinlegal/Circulares/2019/.pdf HTTP/1.1" 404 1218
181.237.238.181 - - [16/Oct/2023:17:37:21 -0500] "GET /portaldeninos/humedal-el-tunjo/ HTTP/1.1" 200 87661
181.237.238.181 - - [16/Oct/2023:17:37:22 -0500] "GET /portaldeninos/wp-includes/js/wp-emoji-release.min.js?ver=4.9.8 HTTP/1.1" 200 12026
181.237.238.181 - - [16/Oct/2023:17:37:22 -0500] "GET /portaldeninos/wp-content/themes/betheme/style.css?ver=20.9.6 HTTP/1.1" 200 287
181.237.238.181 - - [16/Oct/2023:17:37:22 -0500] "GET /portaldeninos/wp-content/uploads/useanyfont/uaf.css?ver=1589905315 HTTP/1.1" 200 408
181.237.238.181 - - [16/Oct/2023:17:37:22 -0500] "GET /portaldeninos/wp-content/themes/betheme/css/base.css?ver=20.9.6 HTTP/1.1" 200 57283
181.237.238.181 - - [16/Oct/2023:17:37:22 -0500] "GET /portaldeninos/wp-content/plugins/gallery-videos/CSS/Total-Soft-Gallery-Video-Widget.css?ver=4.9.8 HTTP/1.1" 200 51554
181.237.238.181 - - [16/Oct/2023:17:37:22 -0500] "GET /portaldeninos/wp-content/plugins/gallery-videos/CSS/totalsoft.css?ver=4.9.8 HTTP/1.1" 200 40622
181.237.238.181 - - [16/Oct/2023:17:37:22 -0500] "GET /portaldeninos/wp-content/themes/betheme/assets/jplayer/css/jplayer.blue.monday.css?ver=20.9.6 HTTP/1.1" 200 9834
181.237.238.181 - - [16/Oct/2023:17:37:22 -0500] "GET /portaldeninos/wp-content/themes/betheme/assets/ui/jquery.ui.all.css?ver=20.9.6 HTTP/1.1" 200 18765
181.237.238.181 - - [16/Oct/2023:17:37:22 -0500] "GET /portaldeninos/wp-content/themes/betheme/assets/animations/animations.min.css?ver=20.9.6 HTTP/1.1" 200 58508
181.237.238.181 - - [16/Oct/2023:17:37:22 -0500] "GET /portaldeninos/wp-content/themes/betheme/css/shortcodes.css?ver=20.9.6 HTTP/1.1" 200 138889
181.237.238.181 - - [16/Oct/2023:17:37:22 -0500] "GET /portaldeninos/wp-content/themes/betheme/css/responsive.css?ver=20.9.6 HTTP/1.1" 200 55740
181.237.238.181 - - [16/Oct/2023:17:37:22 -0500] "GET /portaldeninos/wp-content/themes/betheme/css/layout.css?ver=20.9.6 HTTP/1.1" 200 116639
181.237.238.181 - - [16/Oct/2023:17:37:23 -0500] "GET /portaldeninos/wp-includes/js/jquery/jquery-migrate.min.js?ver=1.4.1 HTTP/1.1" 200 10056
181.237.238.181 - - [16/Oct/2023:17:37:23 -0500] "GET /portaldeninos/wp-includes/js/jquery/ui/core.min.js?ver=1.11.4 HTTP/1.1" 200 4000
181.237.238.181 - - [16/Oct/2023:17:37:23 -0500] "GET /portaldeninos/wp-content/plugins/gallery-videos/JS/modernizr.custom.js?ver=4.9.8 HTTP/1.1" 200 9019
181.237.238.181 - - [16/Oct/2023:17:37:23 -0500] "GET /portaldeninos/wp-content/plugins/google-analytics-for-wordpress/assets/js/frontend-gtag.min.js?ver=8.5.0 HTTP/1.1" 200 11801
181.237.238.181 - - [16/Oct/2023:17:37:23 -0500] "GET /portaldeninos/wp-content/plugins/gallery-videos/JS/Total-Soft-Gallery-Video-Widget.js?ver=4.9.8 HTTP/1.1" 200 80264
181.237.238.181 - - [16/Oct/2023:17:37:23 -0500] "GET /portaldeninos/wp-includes/js/jquery/jquery.js?ver=1.12.4 HTTP/1.1" 200 97184
172.22.2.4 - - [16/Oct/2023:17:37:24 -0500] "GET /BLA/boletinlegal/Circulares/2012/Circular%20No.%2010%20del%2026%20de%20Enero%20de%202012.pdf HTTP/1.1" 404 1218
181.237.238.181 - - [16/Oct/2023:17:37:24 -0500] "GET /portaldeninos/wp-includes/js/jquery/ui/widget.min.js?ver=1.11.4 HTTP/1.1" 200 6908
181.237.238.181 - - [16/Oct/2023:17:37:24 -0500] "GET /portaldeninos/wp-includes/js/jquery/ui/mouse.min.js?ver=1.11.4 HTTP/1.1" 200 3148
181.237.238.181 - - [16/Oct/2023:17:37:24 -0500] "GET /portaldeninos/wp-includes/js/jquery/ui/tabs.min.js?ver=1.11.4 HTTP/1.1" 200 12110
181.237.238.181 - - [16/Oct/2023:17:37:24 -0500] "GET /portaldeninos/wp-includes/js/jquery/ui/accordion.min.js?ver=1.11.4 HTTP/1.1" 200 8584
181.237.238.181 - - [16/Oct/2023:17:37:24 -0500] "GET /portaldeninos/wp-content/themes/betheme/js/menu.js?ver=20.9.6 HTTP/1.1" 200 2449
181.237.238.181 - - [16/Oct/2023:17:37:24 -0500] "GET /portaldeninos/wp-content/themes/betheme/assets/animations/animations.min.js?ver=20.9.6 HTTP/1.1" 200 1896
181.237.238.181 - - [16/Oct/2023:17:37:24 -0500] "GET /portaldeninos/wp-includes/js/jquery/ui/sortable.min.js?ver=1.11.4 HTTP/1.1" 200 24899
181.237.238.181 - - [16/Oct/2023:17:37:24 -0500] "GET /portaldeninos/wp-includes/js/wp-embed.min.js?ver=4.9.8 HTTP/1.1" 200 1398
181.237.238.181 - - [16/Oct/2023:17:37:24 -0500] "GET /portaldeninos/wp-content/themes/betheme/assets/jplayer/jplayer.min.js?ver=20.9.6 HTTP/1.1" 200 52702
181.237.238.181 - - [16/Oct/2023:17:37:24 -0500] "GET /portaldeninos/wp-content/themes/betheme/images/box_shadow.png HTTP/1.1" 200 108
181.237.238.181 - - [16/Oct/2023:17:37:24 -0500] "GET /portaldeninos/wp-content/themes/betheme/js/scripts.js?ver=20.9.6 HTTP/1.1" 200 77162
181.237.238.181 - - [16/Oct/2023:17:37:24 -0500] "GET /portaldeninos/wp-content/uploads/2019/08/Logo-Ambientic.png HTTP/1.1" 200 22941
181.237.238.181 - - [16/Oct/2023:17:37:24 -0500] "GET /portaldeninos/wp-content/themes/betheme/js/plugins.js?ver=20.9.6 HTTP/1.1" 200 197151
181.237.238.181 - - [16/Oct/2023:17:37:24 -0500] "GET /portaldeninos/wp-content/uploads/2020/11/El-Tunjo-B-1024x576.jpg HTTP/1.1" 200 136067
181.237.238.181 - - [16/Oct/2023:17:37:24 -0500] "GET /portaldeninos/wp-content/themes/betheme/fonts/mfn-icons.woff?93978679 HTTP/1.1" 200 80932
172.22.2.4 - - [16/Oct/2023:17:37:26 -0500] "GET /BLA/boletinlegal/Circulares/023%09/CIRCULAR%20No.%2000010%20DEL%2010%20DE%20OCTUBRE%20DEL%202023%09.pdf HTTP/1.1" 403 1026
172.22.2.4 - - [16/Oct/2023:17:37:28 -0500] "GET /BLA/boletinlegal/Circulares/023%09/CIRCULAR%20No.%2000009%20DEL%2010%20DE%20OCTUBRE%20DEL%202023%09.pdf HTTP/1.1" 403 1026
172.22.2.4 - - [16/Oct/2023:17:37:30 -0500] "GET /BLA/boletinlegal/Circulares/023%09/CIRCULAR%20No.%2000010%20DEL%2010%20DE%20OCTUBRE%20DEL%202023%09.pdf HTTP/1.1" 403 1026
172.22.2.4 - - [16/Oct/2023:17:37:33 -0500] "GET /BLA/boletinlegal/Circulares/023%09/CIRCULAR%20No.%2000009%20DEL%2010%20DE%20OCTUBRE%20DEL%202023%09.pdf HTTP/1.1" 403 1026
172.22.2.4 - - [16/Oct/2023:17:37:37 -0500] "GET /BLA/boletinlegal/Circulares/023%09/CIRCULAR%20No.%2000010%20DEL%2010%20DE%20OCTUBRE%20DEL%202023%09.pdf HTTP/1.1" 403 1026
172.22.2.4 - - [16/Oct/2023:17:37:41 -0500] "GET /BLA/boletinlegal/Circulares/023%09/CIRCULAR%20No.%2000009%20DEL%2010%20DE%20OCTUBRE%20DEL%202023%09.pdf HTTP/1.1" 403 1026
172.22.2.4 - - [16/Oct/2023:17:37:45 -0500] "GET /BLA/boletinlegal/Circulares/023%09/CIRCULAR%20No.%2000010%20DEL%2010%20DE%20OCTUBRE%20DEL%202023%09.pdf HTTP/1.1" 403 1026
172.22.2.4 - - [16/Oct/2023:17:37:47 -0500] "GET /BLA/boletinlegal/Circulares/023%09/CIRCULAR%20No.%2000009%20DEL%2010%20DE%20OCTUBRE%20DEL%202023%09.pdf HTTP/1.1" 403 1026
201.245.192.253 - - [16/Oct/2023:17:37:46 -0500] "POST /kwsrmcab/Wsrmcab HTTP/1.1" 200 40316
172.22.2.4 - - [16/Oct/2023:17:37:49 -0500] "GET /BLA/boletinlegal/Circulares/023%09/CIRCULAR%20No.%2000010%20DEL%2010%20DE%20OCTUBRE%20DEL%202023%09.pdf HTTP/1.1" 403 1026
201.245.192.253 - - [16/Oct/2023:17:37:49 -0500] "POST /kwsrmcab/Wsrmcab HTTP/1.1" 200 41114
172.22.2.4 - - [16/Oct/2023:17:37:51 -0500] "GET /BLA/boletinlegal/Circulares/023%09/CIRCULAR%20No.%2000009%20DEL%2010%20DE%20OCTUBRE%20DEL%202023%09.pdf HTTP/1.1" 403 1026
172.22.2.4 - - [16/Oct/2023:17:36:21 -0500] "GET /BLA/boletinlegal/ HTTP/1.1" 200 58155
66.249.77.8 - - [16/Oct/2023:17:38:56 -0500] "GET /BLA/resoluciones/AUTOS%202009/1861.pdf HTTP/1.1" 200 101532
216.245.221.92 - - [16/Oct/2023:17:38:59 -0500] "HEAD / HTTP/1.1" 200 -
94.102.61.80 - - [16/Oct/2023:17:40:06 -0500] "GET /portaldeninos/ HTTP/1.1" 200 110175
172.22.2.4 - - [16/Oct/2023:17:40:13 -0500] "GET /BLA/boletinlegal/consulta_actos.php?tipo=resoluciones&no=3057&usuario=&sector=SILVICULTURA&fecha=2019&resuelve= HTTP/1.1" 200 626
172.22.2.4 - - [16/Oct/2023:17:40:56 -0500] "GET /BLA/boletinlegal/consulta_actos.php?tipo=resoluciones&no=3057&usuario=&sector=SILVICULTURA&fecha=2019&resuelve= HTTP/1.1" 200 626
201.245.192.253 - - [16/Oct/2023:17:41:42 -0500] "POST /kwsrmcab/Wsrmcab  HTTP/1.1" 200 42851
66.249.77.8 - - [16/Oct/2023:17:41:53 -0500] "GET /BLA/resoluciones/RESOLUCIONES%202009/1896.pdf HTTP/1.1" 200 728277
172.22.2.4 - - [16/Oct/2023:17:42:06 -0500] "GET /BLA/boletinlegal/consulta_actos.php?tipo=resoluciones&no=3057&usuario=&sector=SILVICULTURA&fecha=2018&resuelve= HTTP/1.1" 200 626
172.22.2.4 - - [16/Oct/2023:17:42:07 -0500] "GET /BLA/boletinlegal/consulta_actos.php?tipo=resoluciones&no=3057&usuario=&sector=SILVICULTURA&fecha=2018&resuelve= HTTP/1.1" 200 626
172.22.2.4 - - [16/Oct/2023:17:42:08 -0500] "GET /BLA/boletinlegal/consulta_actos.php?tipo=resoluciones&no=3057&usuario=&sector=SILVICULTURA&fecha=2018&resuelve= HTTP/1.1" 200 626
172.22.2.4 - - [16/Oct/2023:17:42:08 -0500] "GET /BLA/boletinlegal/consulta_actos.php?tipo=resoluciones&no=3057&usuario=&sector=SILVICULTURA&fecha=2018&resuelve= HTTP/1.1" 200 626
172.22.2.4 - - [16/Oct/2023:17:42:08 -0500] "GET /BLA/boletinlegal/consulta_actos.php?tipo=resoluciones&no=3057&usuario=&sector=SILVICULTURA&fecha=2018&resuelve= HTTP/1.1" 200 626
172.22.2.4 - - [16/Oct/2023:17:42:13 -0500] "GET /BLA/boletinlegal/consulta_actos.php?tipo=resoluciones&no=3057&usuario=&sector=SILVICULTURA&fecha=2019&resuelve= HTTP/1.1" 200 626
172.22.2.4 - - [16/Oct/2023:17:42:14 -0500] "GET /BLA/boletinlegal/consulta_actos.php?tipo=resoluciones&no=3057&usuario=&sector=SILVICULTURA&fecha=2019&resuelve= HTTP/1.1" 200 626
52.167.144.228 - - [16/Oct/2023:17:42:38 -0500] "GET /Publicaciones/2023EE232169.pdf HTTP/1.1" 200 231974
172.22.2.4 - - [16/Oct/2023:17:41:21 -0500] "HEAD /BLA/boletinlegal/ HTTP/1.1" 200 -
66.249.77.9 - - [16/Oct/2023:17:43:36 -0500] "GET /BLA/resoluciones/AUTOS%202008/2154.pdf HTTP/1.1" 200 288606
172.22.2.4 - - [16/Oct/2023:17:42:12 -0500] "GET /BLA/boletinlegal/ HTTP/1.1" 200 56292
216.245.221.92 - - [16/Oct/2023:17:43:59 -0500] "HEAD / HTTP/1.1" 200 -
172.22.2.4 - - [16/Oct/2023:17:44:45 -0500] "GET /BLA/boletinlegal/style.css HTTP/1.1" 200 9406
172.22.2.4 - - [16/Oct/2023:17:44:45 -0500] "GET /BLA/boletinlegal/styles2.css HTTP/1.1" 200 1838
172.22.2.4 - - [16/Oct/2023:17:44:45 -0500] "GET /BLA/boletinlegal/js/jquery.js HTTP/1.1" 200 57254
172.22.2.4 - - [16/Oct/2023:17:44:45 -0500] "GET /BLA/boletinlegal/js/jquery.scrollTo-min.js HTTP/1.1" 200 1150
172.22.2.4 - - [16/Oct/2023:17:44:45 -0500] "GET /BLA/boletinlegal/js/jquery.scrollShow.js HTTP/1.1" 200 4586
172.22.2.4 - - [16/Oct/2023:17:44:45 -0500] "GET /BLA/boletinlegal/images/cabezote%20BLEGAL.jpg HTTP/1.1" 200 118164
172.22.2.4 - - [16/Oct/2023:17:44:45 -0500] "GET /BLA/boletinlegal/images/subscribe-icon-big.png HTTP/1.1" 200 47702
172.22.2.4 - - [16/Oct/2023:17:44:45 -0500] "GET /BLA/boletinlegal/images/historia.png HTTP/1.1" 200 52775
172.22.2.4 - - [16/Oct/2023:17:44:45 -0500] "GET /BLA/boletinlegal/images/registro-usuarios.png HTTP/1.1" 200 8106
172.22.2.4 - - [16/Oct/2023:17:44:45 -0500] "GET /BLA/boletinlegal/images/arr_l.jpg HTTP/1.1" 200 1979
172.22.2.4 - - [16/Oct/2023:17:44:45 -0500] "GET /BLA/boletinlegal/images/screen_1.png HTTP/1.1" 200 202547
172.22.2.4 - - [16/Oct/2023:17:44:45 -0500] "GET /BLA/boletinlegal/images/launch.jpg HTTP/1.1" 200 14577
172.22.2.4 - - [16/Oct/2023:17:44:48 -0500] "GET /BLA/boletinlegal/images/body_bg.jpg HTTP/1.1" 200 1601
172.22.2.4 - - [16/Oct/2023:17:44:48 -0500] "GET /BLA/boletinlegal/images/menu_lft.gif HTTP/1.1" 200 1713
172.22.2.4 - - [16/Oct/2023:17:44:48 -0500] "GET /BLA/boletinlegal/images/bg_top.jpg HTTP/1.1" 200 522
172.22.2.4 - - [16/Oct/2023:17:44:48 -0500] "GET /BLA/boletinlegal/images/menu_rght.gif HTTP/1.1" 200 1627
172.22.2.4 - - [16/Oct/2023:17:44:48 -0500] "GET /BLA/boletinlegal/images/menu_bg.jpg HTTP/1.1" 200 620
172.22.2.4 - - [16/Oct/2023:17:44:48 -0500] "GET /BLA/boletinlegal/images/text.jpg HTTP/1.1" 200 568
172.22.2.4 - - [16/Oct/2023:17:44:48 -0500] "GET /BLA/boletinlegal/images/hover.jpg HTTP/1.1" 200 640
172.22.2.4 - - [16/Oct/2023:17:44:49 -0500] "GET /BLA/boletinlegal/actos.php HTTP/1.1" 200 9682
172.22.2.4 - - [16/Oct/2023:17:44:49 -0500] "GET /BLA/boletinlegal/js/ajax_actos.js HTTP/1.1" 200 1322
172.22.2.4 - - [16/Oct/2023:17:44:49 -0500] "GET /BLA/boletinlegal/niceforms.js HTTP/1.1" 200 22876
172.22.2.4 - - [16/Oct/2023:17:44:49 -0500] "GET /BLA/boletinlegal/niceforms-default.css HTTP/1.1" 200 6694
172.22.2.4 - - [16/Oct/2023:17:44:49 -0500] "GET /BLA/boletinlegal/js/popup.js HTTP/1.1" 200 1270
172.22.2.4 - - [16/Oct/2023:17:44:49 -0500] "GET /BLA/boletinlegal/js/lib.js HTTP/1.1" 200 6474
172.22.2.4 - - [16/Oct/2023:17:44:49 -0500] "GET /BLA/boletinlegal/js/jquery1.js HTTP/1.1" 200 29846
172.22.2.4 - - [16/Oct/2023:17:44:49 -0500] "GET /BLA/boletinlegal/images/green-yellow-blue-pink-th.png HTTP/1.1" 200 7394
172.22.2.4 - - [16/Oct/2023:17:44:49 -0500] "GET /BLA/boletinlegal/images/tel.png HTTP/1.1" 200 14477
172.22.2.4 - - [16/Oct/2023:17:44:49 -0500] "GET /BLA/boletinlegal/images/icono-email.png HTTP/1.1" 200 5544
172.22.2.4 - - [16/Oct/2023:17:44:49 -0500] "GET /BLA/boletinlegal/images/footer_bg.jpg HTTP/1.1" 200 586
172.22.2.4 - - [16/Oct/2023:17:44:49 -0500] "GET /BLA/boletinlegal/images/footer_bg_l.jpg HTTP/1.1" 200 776
172.22.2.4 - - [16/Oct/2023:17:44:50 -0500] "GET /BLA/boletinlegal/img/0.png HTTP/1.1" 200 110
172.22.2.4 - - [16/Oct/2023:17:44:50 -0500] "GET /BLA/boletinlegal/img/select-left.png HTTP/1.1" 200 263
172.22.2.4 - - [16/Oct/2023:17:44:50 -0500] "GET /BLA/boletinlegal/img/button.png HTTP/1.1" 200 43241
172.22.2.4 - - [16/Oct/2023:17:44:50 -0500] "GET /BLA/boletinlegal/img/select-right.png HTTP/1.1" 200 44019
172.22.2.4 - - [16/Oct/2023:17:44:50 -0500] "GET /BLA/boletinlegal/img/button-left.png HTTP/1.1" 200 57071
172.22.2.4 - - [16/Oct/2023:17:44:50 -0500] "GET /BLA/boletinlegal/img/button-right.png HTTP/1.1" 200 57878
172.22.2.4 - - [16/Oct/2023:17:44:50 -0500] "GET /BLA/boletinlegal/favicon.ico HTTP/1.1" 404 1326
172.22.2.4 - - [16/Oct/2023:17:44:53 -0500] "GET /BLA/boletinlegal/images/screen_3.png HTTP/1.1" 200 210620
172.22.2.4 - - [16/Oct/2023:17:44:53 -0500] "GET /BLA/boletinlegal/images/screen_5.png HTTP/1.1" 200 368876
172.22.2.4 - - [16/Oct/2023:17:44:53 -0500] "GET /BLA/boletinlegal/images/screen_2.png HTTP/1.1" 200 362502
172.22.2.4 - - [16/Oct/2023:17:44:53 -0500] "GET /BLA/boletinlegal/images/arr_r.jpg HTTP/1.1" 200 1998
172.22.2.4 - - [16/Oct/2023:17:45:00 -0500] "GET /BLA/boletinlegal/images/pdf.gif HTTP/1.1" 200 567
172.22.2.4 - - [16/Oct/2023:17:45:15 -0500] "GET /BLA/boletinlegal/consulta_actos.php?tipo=resoluciones&no=2711&usuario=&sector=&fecha=2019&resuelve= HTTP/1.1" 200 626
172.22.2.4 - - [16/Oct/2023:17:45:45 -0500] "GET /BLA/boletinlegal/consulta_actos.php?tipo=resoluciones&no=328&usuario=&sector=SILVICULTURA&fecha=2019&resuelve= HTTP/1.1" 200 2074
172.22.2.4 - - [16/Oct/2023:17:45:45 -0500] "GET /BLA/boletinlegal/images/background.gif HTTP/1.1" 200 -
172.22.2.4 - - [16/Oct/2023:17:45:47 -0500] "GET /BLA/boletinlegal/consulta_actos.php?tipo=resoluciones&no=3284&usuario=&sector=SILVICULTURA&fecha=2019&resuelve= HTTP/1.1" 200 1095
186.84.90.109 - - [16/Oct/2023:17:45:51 -0500] "GET /BLA/resoluciones/RESOLUCIONES%202019/3284.pdf HTTP/1.1" 200 318139
114.119.134.208 - - [16/Oct/2023:17:46:04 -0500] "GET /portalsiaccapacitaciones/Listas%20de%20Asistencia%202015/LA%20HC%2019-08-2015.pdf HTTP/1.1" 200 521470
172.22.2.4 - - [16/Oct/2023:17:44:44 -0500] "GET /BLA/boletinlegal/ HTTP/1.1" 200 54982
172.22.2.4 - - [16/Oct/2023:17:44:59 -0500] "GET /BLA/boletinlegal/ HTTP/1.1" 200 54598
201.245.192.253 - - [16/Oct/2023:17:46:41 -0500] "POST /kwsrmcab/Wsrmcab  HTTP/1.1" 200 42851
172.22.2.4 - - [16/Oct/2023:17:47:11 -0500] "HEAD /BLA/boletinlegal/ HTTP/1.1" 200 -
66.249.77.9 - - [16/Oct/2023:17:48:59 -0500] "GET /BLA/resoluciones/RESOLUCIONES%202009/6046.pdf HTTP/1.1" 200 491887
216.245.221.92 - - [16/Oct/2023:17:48:59 -0500] "HEAD / HTTP/1.1" 200 -
172.22.2.4 - - [16/Oct/2023:17:48:01 -0500] "GET /BLA/boletinlegal/ HTTP/1.1" 200 58155
172.22.2.4 - - [16/Oct/2023:17:50:15 -0500] "GET /BLA/boletinlegal/consulta_actos.php?tipo=resoluciones&no=0479&usuario=&sector=SILVICULTURA&fecha=2020&resuelve= HTTP/1.1" 200 1104
186.84.90.109 - - [16/Oct/2023:17:50:18 -0500] "GET /BLA/resoluciones/RESOLUCIONES%202020/0479.pdf HTTP/1.1" 200 385274
198.199.107.26 - - [16/Oct/2023:17:51:18 -0500] "GET /druid/index.html HTTP/1.1" 404 1018
66.249.77.10 - - [16/Oct/2023:17:51:42 -0500] "GET /BLA/resoluciones/AUTOS%202012/2848.pdf HTTP/1.1" 200 174442
201.245.192.253 - - [16/Oct/2023:17:51:40 -0500] "POST /kwsrmcab/Wsrmcab  HTTP/1.1" 200 42851
66.249.77.9 - - [16/Oct/2023:17:52:06 -0500] "GET /BLA/resoluciones/AUTOS%202007/3425.pdf HTTP/1.1" 200 164243
172.22.2.4 - - [16/Oct/2023:17:53:10 -0500] "GET /BLA/boletinlegal/actos.php HTTP/1.1" 200 9682
172.22.2.4 - - [16/Oct/2023:17:53:37 -0500] "GET /BLA/boletinlegal/consulta_actos.php?tipo=resoluciones&no=4767&usuario=&sector=&fecha=2022&resuelve= HTTP/1.1" 200 1569
172.22.2.4 - - [16/Oct/2023:17:53:37 -0500] "GET /BLA/boletinlegal/images/background.gif HTTP/1.1" 200 -
216.245.221.92 - - [16/Oct/2023:17:53:59 -0500] "HEAD / HTTP/1.1" 200 -
172.22.2.4 - - [16/Oct/2023:17:53:01 -0500] "HEAD /BLA/boletinlegal/ HTTP/1.1" 200 -
181.51.47.102 - - [16/Oct/2023:17:54:43 -0500] "GET /BLA/resoluciones/index.php?dir=AUTOS+2019%2F HTTP/1.1" 200 388964
172.22.2.4 - - [16/Oct/2023:17:53:51 -0500] "GET /BLA/boletinlegal/ HTTP/1.1" 200 58155
172.22.2.4 - - [16/Oct/2023:17:56:28 -0500] "GET /BLA/boletinlegal/consulta_actos.php?tipo=resoluciones&no=1812&usuario=&sector=SILVICULTURA&fecha=2020&resuelve= HTTP/1.1" 200 1174
172.22.2.4 - - [16/Oct/2023:17:56:30 -0500] "GET /BLA/boletinlegal/consulta_actos.php?tipo=resoluciones&no=1812&usuario=&sector=SILVICULTURA&fecha=2020&resuelve= HTTP/1.1" 200 1174
172.22.2.4 - - [16/Oct/2023:17:56:31 -0500] "GET /BLA/boletinlegal/consulta_actos.php?tipo=resoluciones&no=1812&usuario=&sector=SILVICULTURA&fecha=2020&resuelve= HTTP/1.1" 200 1174
172.22.2.4 - - [16/Oct/2023:17:56:32 -0500] "GET /BLA/boletinlegal/consulta_actos.php?tipo=resoluciones&no=1812&usuario=&sector=SILVICULTURA&fecha=2020&resuelve= HTTP/1.1" 200 1174
186.84.90.109 - - [16/Oct/2023:17:56:35 -0500] "GET /BLA/resoluciones/RESOLUCIONES%202020/1812.pdf HTTP/1.1" 200 505787
201.245.192.253 - - [16/Oct/2023:17:56:39 -0500] "POST /kwsrmcab/Wsrmcab  HTTP/1.1" 200 42851
216.245.221.92 - - [16/Oct/2023:17:58:59 -0500] "HEAD / HTTP/1.1" 200 -
173.252.111.117 - - [16/Oct/2023:17:59:32 -0500] "GET /images/plantacion-humedal-la-conejera.jpg HTTP/1.1" 200 92644
173.252.111.111 - - [16/Oct/2023:17:59:40 -0500] "GET /images/Zuque%20(1)%20(1).jpeg HTTP/1.1" 200 66921
172.22.2.4 - - [16/Oct/2023:18:00:12 -0500] "GET /BLA/boletinlegal/actos.php HTTP/1.1" 200 9682
172.22.2.4 - - [16/Oct/2023:18:00:12 -0500] "GET /BLA/boletinlegal/styles2.css HTTP/1.1" 200 1838
172.22.2.4 - - [16/Oct/2023:18:00:13 -0500] "GET /BLA/boletinlegal/js/ajax_actos.js HTTP/1.1" 200 1322
172.22.2.4 - - [16/Oct/2023:18:00:13 -0500] "GET /BLA/boletinlegal/niceforms-default.css HTTP/1.1" 200 6694
172.22.2.4 - - [16/Oct/2023:18:00:13 -0500] "GET /BLA/boletinlegal/style.css HTTP/1.1" 200 9406
172.22.2.4 - - [16/Oct/2023:18:00:13 -0500] "GET /BLA/boletinlegal/js/lib.js HTTP/1.1" 200 6474
172.22.2.4 - - [16/Oct/2023:18:00:13 -0500] "GET /BLA/boletinlegal/niceforms.js HTTP/1.1" 200 22876
172.22.2.4 - - [16/Oct/2023:18:00:13 -0500] "GET /BLA/boletinlegal/js/popup.js HTTP/1.1" 200 1270
172.22.2.4 - - [16/Oct/2023:18:00:13 -0500] "GET /BLA/boletinlegal/js/jquery1.js HTTP/1.1" 200 29846
172.22.2.4 - - [16/Oct/2023:18:00:13 -0500] "GET /BLA/boletinlegal/images/cabezote%20BLEGAL.jpg HTTP/1.1" 200 118164
172.22.2.4 - - [16/Oct/2023:18:00:13 -0500] "GET /BLA/boletinlegal/images/subscribe-icon-big.png HTTP/1.1" 200 47702
172.22.2.4 - - [16/Oct/2023:18:00:13 -0500] "GET /BLA/boletinlegal/images/historia.png HTTP/1.1" 200 52775
172.22.2.4 - - [16/Oct/2023:18:00:13 -0500] "GET /BLA/boletinlegal/images/registro-usuarios.png HTTP/1.1" 200 8106
172.22.2.4 - - [16/Oct/2023:18:00:13 -0500] "GET /BLA/boletinlegal/images/icono-email.png HTTP/1.1" 200 5544
172.22.2.4 - - [16/Oct/2023:18:00:13 -0500] "GET /BLA/boletinlegal/images/green-yellow-blue-pink-th.png HTTP/1.1" 200 7394
172.22.2.4 - - [16/Oct/2023:18:00:13 -0500] "GET /BLA/boletinlegal/images/tel.png HTTP/1.1" 200 14477
172.22.2.4 - - [16/Oct/2023:18:00:13 -0500] "GET /BLA/boletinlegal/images/body_bg.jpg HTTP/1.1" 200 1601
172.22.2.4 - - [16/Oct/2023:18:00:13 -0500] "GET /BLA/boletinlegal/images/menu_lft.gif HTTP/1.1" 200 1713
172.22.2.4 - - [16/Oct/2023:18:00:13 -0500] "GET /BLA/boletinlegal/images/menu_rght.gif HTTP/1.1" 200 1627
172.22.2.4 - - [16/Oct/2023:18:00:13 -0500] "GET /BLA/boletinlegal/images/bg_top.jpg HTTP/1.1" 200 522
172.22.2.4 - - [16/Oct/2023:18:00:13 -0500] "GET /BLA/boletinlegal/images/menu_bg.jpg HTTP/1.1" 200 620
172.22.2.4 - - [16/Oct/2023:18:00:13 -0500] "GET /BLA/boletinlegal/images/text.jpg HTTP/1.1" 200 568
172.22.2.4 - - [16/Oct/2023:18:00:13 -0500] "GET /BLA/boletinlegal/images/hover.jpg HTTP/1.1" 200 640
172.22.2.4 - - [16/Oct/2023:18:00:13 -0500] "GET /BLA/boletinlegal/images/footer_bg.jpg HTTP/1.1" 200 586
172.22.2.4 - - [16/Oct/2023:18:00:13 -0500] "GET /BLA/boletinlegal/images/footer_bg_l.jpg HTTP/1.1" 200 776
172.22.2.4 - - [16/Oct/2023:18:00:13 -0500] "GET /BLA/boletinlegal/img/0.png HTTP/1.1" 200 110
172.22.2.4 - - [16/Oct/2023:18:00:13 -0500] "GET /BLA/boletinlegal/img/select-left.png HTTP/1.1" 200 263
172.22.2.4 - - [16/Oct/2023:18:00:13 -0500] "GET /BLA/boletinlegal/img/select-right.png HTTP/1.1" 200 44019
172.22.2.4 - - [16/Oct/2023:18:00:13 -0500] "GET /BLA/boletinlegal/img/button.png HTTP/1.1" 200 43241
172.22.2.4 - - [16/Oct/2023:18:00:13 -0500] "GET /BLA/boletinlegal/img/button-left.png HTTP/1.1" 200 57071
172.22.2.4 - - [16/Oct/2023:18:00:13 -0500] "GET /BLA/boletinlegal/img/button-right.png HTTP/1.1" 200 57878
172.22.2.4 - - [16/Oct/2023:18:00:13 -0500] "GET /BLA/boletinlegal/favicon.ico HTTP/1.1" 404 1326
172.22.2.4 - - [16/Oct/2023:18:00:15 -0500] "GET /BLA/boletinlegal/actos.php HTTP/1.1" 200 9682
172.22.2.4 - - [16/Oct/2023:17:58:51 -0500] "HEAD /BLA/boletinlegal/ HTTP/1.1" 200 -
172.22.2.4 - - [16/Oct/2023:18:00:54 -0500] "GET /BLA/boletinlegal/consulta_actos.php?tipo=resoluciones&no=4767&usuario=&sector=&fecha=2022&resuelve= HTTP/1.1" 200 1569
172.22.2.4 - - [16/Oct/2023:18:00:54 -0500] "GET /BLA/boletinlegal/images/pdf.gif HTTP/1.1" 200 567
172.22.2.4 - - [16/Oct/2023:18:00:54 -0500] "GET /BLA/boletinlegal/images/background.gif HTTP/1.1" 200 -
66.249.77.10 - - [16/Oct/2023:18:01:06 -0500] "GET /BLA/resoluciones/RESOLUCIONES%202010/1604.pdf HTTP/1.1" 200 925039
172.22.2.4 - - [16/Oct/2023:18:01:20 -0500] "GET /BLA/boletinlegal/actos.php HTTP/1.1" 200 9682
172.22.2.4 - - [16/Oct/2023:17:59:41 -0500] "GET /BLA/boletinlegal/ HTTP/1.1" 200 60175
173.252.107.120 - - [16/Oct/2023:18:01:36 -0500] "GET /distrito-inicia-pavimentacion-de-vias-para-mejorar-la-calidad-del-aire-de-bogota.html HTTP/1.1" 200 970
201.245.192.253 - - [16/Oct/2023:18:01:38 -0500] "POST /kwsrmcab/Wsrmcab  HTTP/1.1" 200 42851
173.252.107.9 - - [16/Oct/2023:18:01:43 -0500] "GET /secretaria-de-ambiente-impone-medidas-preventivas-a-un-privado-que-utilizaba-un-area-protegida-para-promocionar-proyectos.html HTTP/1.1" 200 866
216.245.221.92 - - [16/Oct/2023:18:03:59 -0500] "HEAD / HTTP/1.1" 200 -
172.22.2.4 - - [16/Oct/2023:18:04:37 -0500] "GET /BLA/boletinlegal/consulta_actos.php?tipo=resoluciones&no=2109&usuario=&sector=SILVICULTURA&fecha=2020&resuelve= HTTP/1.1" 200 1144
186.84.90.109 - - [16/Oct/2023:18:04:40 -0500] "GET /BLA/resoluciones/RESOLUCIONES%202020/2109.pdf HTTP/1.1" 200 569377
172.22.2.4 - - [16/Oct/2023:18:04:41 -0500] "HEAD /BLA/boletinlegal/ HTTP/1.1" 200 -
66.249.77.10 - - [16/Oct/2023:18:06:28 -0500] "GET /BLA/resoluciones/RESOLUCIONES%202009/3470.pdf HTTP/1.1" 200 335508
201.245.192.253 - - [16/Oct/2023:18:06:37 -0500] "POST /kwsrmcab/Wsrmcab  HTTP/1.1" 200 42851
66.249.77.9 - - [16/Oct/2023:18:07:02 -0500] "GET /BLA/resoluciones/RESOLUCIONES%202010/2099.pdf HTTP/1.1" 200 576857
172.22.2.4 - - [16/Oct/2023:18:05:31 -0500] "GET /BLA/boletinlegal/ HTTP/1.1" 200 60175
66.249.77.10 - - [16/Oct/2023:18:08:19 -0500] "GET /BLA/resoluciones/RESOLUCIONES%202010/6746.pdf HTTP/1.1" 200 340713
216.245.221.92 - - [16/Oct/2023:18:08:59 -0500] "HEAD / HTTP/1.1" 200 -
186.102.58.180 - - [16/Oct/2023:18:09:00 -0500] "GET /kwssiamovil/sm/ldap/au?x=U2FsdGVkX1/xnqCcyQNDR8ZDCskDrH/0vTMMS9GBP42jEwyM8Z4fgh0WDRm0pZmK&y=U2FsdGVkX18MzyO0qaFAiD8Bzu9bSvl2bkrtoOtvAP+Qf2ePAAX7R4OuTFiU+yqs HTTP/1.1" 200 30
186.102.58.180 - - [16/Oct/2023:18:09:00 -0500] "GET /kwssiamovil/sm/acme/s?s=U2FsdGVkX1+99gNQ4bnXrvhYhrwwy0FiKUr3Ofd8JWuDxvj6xSnfoAno2qC26HCqCOXDBYzLtmKoK9CHQu/Y4oZcoQJ0bie0aqg6bNpgSOw=&u=U2FsdGVkX18iEukhw5eXeZQquYmIRpdtQ8wvADCJ4WaHdsrOY9XKIadUQi7copJq&y=U2FsdGVkX18MzyO0qaFAiD8Bzu9bSvl2bkrtoOtvAP+Qf2ePAAX7R4OuTFiU+yqs HTTP/1.1" 200 97
186.102.58.180 - - [16/Oct/2023:18:09:00 -0500] "GET /kwssiamovil/sm/acme/s?s=U2FsdGVkX19KYOufHWJgZTw+XeWLwM624cV/lvWcCtaIZuZgM5dpw8k7MyJIDA9uqjWQWGEEHWzaW0/wtPp0R/orUt3CnQ/X6YGECh0wXU61yWb8fSolrAyaIW1EH5wTUBjniPlbmn9SD+HUIw8tvACbHHjunNZD/0T6XpaPIkI+JihQh5vWT0LLlGgAc9Ep5ECPeqNFh99ztCv6jQg3tb7zu2x0OuiafVtxg2qBwOvgnBGX2X8OkOW2MogPIEu59PUApz+fThKiEs8onCXXV5Eja5SbfKiwQF1t8XKnPne+qVT8eyvZ1IFUr6sTgmJAu4a+UtlycUxcFEEvdXjlVpa1sYql5/pXr2DtriblFPaoQlp4u6ohgXxXv0LAilekv/9iw7qmzlYGVve95mWo0gl03Ww3S1QeHuR5E66g1zixVB2bQLW+jYuM4yj6N0TtkiLl52mDdSxadndXgEc8uj09DmTQO4cCsaHq9YFoauUFHbEb+SHKcUUmCVVcE+n7xepNMLtAddQoyRFh109IzKYotmn9eT5+aY6OoKTYxRML8HsWuvJokT7JSxnIrZG8v8TfWp1jrsoZjnlcIKEJijcKzlCnztKjZghyBKenOl81ksHEjDQ4E065LOMchLfiWGknx7JEYgG6udDqGSsWHenVaXQdOoyZB6fMJ7afWYRpuZ20oSOwpWJRRt1dDReamNUx9qj7yle4tZYjTtrHFQigr+7V0Zh3cXlCoc5qM6kOvuy+Won0CZURYTHLcZ4tpc87SCJ/F7h0oKSe62LhBCMnCJg4OBgIGx4751XbQb/ocTcvgUNvg8zfexWYZuzSKnFCGnmRUsIUtbcKRZW1ZPThAagMe0JYtF8xhwzZvtj6bszt81GjeD6nl1Wvl2sQjx8pSFjvkc/CEd9GPiwUYt0r7KelgOqlnVYJAUUkL1eo7KBSDYP/hjuNZg/MfMD1GvlqaQ2F9ZuVgn/dna30JRgmZsDF8OAZPNtdToNYs4BxIJu4ySWV8jspA8zNOrIlsYGSr6dYTlZ3rgx3dFseOSJkLGt/onlze6UIR9F/GajALTEgPPeiJZpeOyaxSZGtjc9SUQku+9yD2WeFjDlSdtWqL/tBCVFa9k8iaQIP8s6ruu7WD8e29ayng51A6GKKfaGp/N/i7HvATbv18Ol8ZwMoV6NK3DBZC0QI3vP9Kx8rqm5X82ZTnbRg9CQX6v/OnIla8e81PRW9OHlfBXUtpAC+vFlI2jOujpVoqId6YKh9jnG2uzHlMzC9SGKn12VCfiH4T+WFgUUFcwGTNphmz6Z0K931K+ciLt4imtAyyJCG3e/gdAlUnwUPprAfVpwDR5oWgsXFtXV+uMB66DXAPLPWQBhNTrMi/zzdHtYvOt382aZhaeolNYXdF4hitySVYh3wY0FF/UdJ0L5/IayLRK70z2dnlgf/XsnpcWdAWVI=&u=U2FsdGVkX18iEukhw5eXeZQquYmIRpdtQ8wvADCJ4WaHdsrOY9XKIadUQi7copJq&y=U2FsdGVkX18MzyO0qaFAiD8Bzu9bSvl2bkrtoOtvAP+Qf2ePAAX7R4OuTFiU+yqs HTTP/1.1" 200 582
186.102.58.180 - - [16/Oct/2023:18:09:00 -0500] "GET /kwssiamovil/sm/acme/s?s=U2FsdGVkX1/TPsr9IgizhnPuKQ9P1e2o8K97GRzDBxYQrqXcsQ/IyKuS3Ck+x4D1QD+kXdYcFIrIXS6pDfpznoi6yu5j6ULFQcle2JdDg/qjpvRBzNiwtXhB+C+9AHHq+2FUA+p4IqC0F+7zgL/cjyrZpOTbjvDbdU9PVK5hLkHoQ8IzwYnLbHiOgPRpYVTfUO2j6EXU4s4c7PuajMsnJGmOZjafjgX2+CPun1XbM+2ULpyQQYAsQWkYQaSN2h1AwdnhIaOsaz+UsMyZ+2xKLMQCwnOs+qlgUJxG3+wsXu3CnAUGmo/ULqpqfx46lcdH6kgU1mZ3KdhyPlKpW/TOaoulGe2gvQD/RLQrKZK1TIM=&u=U2FsdGVkX18iEukhw5eXeZQquYmIRpdtQ8wvADCJ4WaHdsrOY9XKIadUQi7copJq&y=U2FsdGVkX18MzyO0qaFAiD8Bzu9bSvl2bkrtoOtvAP+Qf2ePAAX7R4OuTFiU+yqs HTTP/1.1" 200 196
186.102.58.180 - - [16/Oct/2023:18:09:00 -0500] "GET /kwssiamovil/sm/cjson/pre?f=1&x=U2FsdGVkX1/xnqCcyQNDR8ZDCskDrH/0vTMMS9GBP42jEwyM8Z4fgh0WDRm0pZmK HTTP/1.1" 200 31032
66.249.77.8 - - [16/Oct/2023:18:11:18 -0500] "GET /Publicaciones/2023EE168141.pdf HTTP/1.1" 404 228
201.245.192.253 - - [16/Oct/2023:18:11:35 -0500] "POST /kwsrmcab/Wsrmcab  HTTP/1.1" 200 42851
114.119.158.156 - - [16/Oct/2023:18:11:42 -0500] "GET /portalsiaccapacitaciones/Soportes%20Capacitaciones%202017/Formato%20completo%20para%20el%20taller.xlsx HTTP/1.1" 200 19351
172.22.2.4 - - [16/Oct/2023:18:10:31 -0500] "HEAD /BLA/boletinlegal/ HTTP/1.1" 200 -
52.167.144.137 - - [16/Oct/2023:18:12:52 -0500] "GET /Publicaciones/2023EE212493.pdf HTTP/1.1" 404 228
172.22.2.4 - - [16/Oct/2023:18:11:21 -0500] "GET /BLA/boletinlegal/ HTTP/1.1" 200 60175
114.119.156.71 - - [16/Oct/2023:18:13:08 -0500] "GET /BLA/resoluciones/index.php?dir=RESOLUCIONES%2B2020/&sort=name&order=asc HTTP/1.1" 200 13903
186.29.165.62 - - [16/Oct/2023:18:13:21 -0500] "GET /BLA/resoluciones/index.php?dir=AUTOS+2011%2F HTTP/1.1" 200 636751
186.31.175.154 - - [16/Oct/2023:18:13:35 -0500] "GET /sipse/faces/faces/faces/autenticacion.xhtml HTTP/1.1" 200 12411
186.31.175.154 - - [16/Oct/2023:18:13:35 -0500] "GET /sipse/css/custom_css_sg.css HTTP/1.1" 200 9694
186.31.175.154 - - [16/Oct/2023:18:13:35 -0500] "GET /sipse/css/custom_css_sg_prime_login.css HTTP/1.1" 200 443
186.31.175.154 - - [16/Oct/2023:18:13:35 -0500] "GET /sipse/faces/javax.faces.resource/layout/layout.css?ln=primefaces&v=4.0 HTTP/1.1" 200 542
186.31.175.154 - - [16/Oct/2023:18:13:35 -0500] "GET /sipse/faces/javax.faces.resource/theme.css?ln=primefaces-sipse HTTP/1.1" 200 50058
186.31.175.154 - - [16/Oct/2023:18:13:35 -0500] "GET /sipse/faces/javax.faces.resource/primefaces.css?ln=primefaces&v=4.0 HTTP/1.1" 200 53295
186.29.165.62 - - [16/Oct/2023:18:13:37 -0500] "GET /BLA/resoluciones/AUTOS%202011/6479.pdf HTTP/1.1" 200 3338125
186.31.175.154 - - [16/Oct/2023:18:13:39 -0500] "GET /favicon.ico HTTP/1.1" 200 7782
186.31.175.154 - - [16/Oct/2023:18:13:40 -0500] "GET /sipse/css/imagen/logoSDG.png HTTP/1.1" 200 53064
186.31.175.154 - - [16/Oct/2023:18:13:40 -0500] "GET /sipse/faces/javax.faces.resource/images/ui-icons_898989_256x240.png?ln=primefaces-aristo HTTP/1.1" 200 5355
186.31.175.154 - - [16/Oct/2023:18:13:40 -0500] "GET /sipse/css/imagen/loginimg.png HTTP/1.1" 200 71635
186.31.175.154 - - [16/Oct/2023:18:13:40 -0500] "GET /sipse/faces/faces/faces/index.xhtml HTTP/1.1" 200 677
186.31.175.154 - - [16/Oct/2023:18:13:40 -0500] "GET /sipse/faces/javax.faces.resource/theme.css?ln=primefaces-sipse HTTP/1.1" 304 -
186.31.175.154 - - [16/Oct/2023:18:13:41 -0500] "GET /sipse/faces/faces/faces/faces/autenticacion.xhtml HTTP/1.1" 200 12411
186.31.175.154 - - [16/Oct/2023:18:13:41 -0500] "GET /sipse/faces/javax.faces.resource/theme.css?ln=primefaces-sipse HTTP/1.1" 304 -
186.31.175.154 - - [16/Oct/2023:18:13:41 -0500] "GET /sipse/faces/javax.faces.resource/primefaces.css?ln=primefaces&v=4.0 HTTP/1.1" 304 -
186.31.175.154 - - [16/Oct/2023:18:13:41 -0500] "GET /sipse/faces/javax.faces.resource/layout/layout.css?ln=primefaces&v=4.0 HTTP/1.1" 304 -
186.31.175.154 - - [16/Oct/2023:18:13:41 -0500] "GET /sipse/faces/javax.faces.resource/jquery/jquery.js?ln=primefaces&v=4.0 HTTP/1.1" 304 -
186.31.175.154 - - [16/Oct/2023:18:13:41 -0500] "GET /sipse/faces/javax.faces.resource/jquery/jquery-plugins.js?ln=primefaces&v=4.0 HTTP/1.1" 304 -
186.31.175.154 - - [16/Oct/2023:18:13:41 -0500] "GET /sipse/faces/javax.faces.resource/primefaces.js?ln=primefaces&v=4.0 HTTP/1.1" 304 -
186.31.175.154 - - [16/Oct/2023:18:13:41 -0500] "GET /sipse/faces/javax.faces.resource/layout/layout.js?ln=primefaces&v=4.0 HTTP/1.1" 304 -
186.31.175.154 - - [16/Oct/2023:18:13:41 -0500] "GET /sipse/faces/javax.faces.resource/images/ui-icons_898989_256x240.png?ln=primefaces-aristo HTTP/1.1" 304 -
216.245.221.92 - - [16/Oct/2023:18:13:59 -0500] "HEAD / HTTP/1.1" 200 -
114.119.157.17 - - [16/Oct/2023:18:14:29 -0500] "GET /BLA/resoluciones/index.php?dir=RESOLUCIONES%2B2007/RES%2B2007%2B101%2BAL%2B200/&sort=name&order=asc HTTP/1.1" 200 13985
114.119.135.171 - - [16/Oct/2023:18:16:30 -0500] "GET /BLA/resoluciones/index.php?dir=Notificaciones/RESOLUCIONES%2B2017/&sort=name&order=asc HTTP/1.1" 200 13965
201.245.192.253 - - [16/Oct/2023:18:16:34 -0500] "POST /kwsrmcab/Wsrmcab  HTTP/1.1" 200 42851
66.249.77.10 - - [16/Oct/2023:18:16:49 -0500] "GET /Publicaciones/2022EE234745.pdf HTTP/1.1" 404 228
114.119.148.189 - - [16/Oct/2023:18:17:19 -0500] "GET /BLA/resoluciones/index.php?dir=Notificaciones/RESOLUCIONES%2B2015/&sort=size&order=asc HTTP/1.1" 200 13965
201.245.192.253 - - [16/Oct/2023:18:17:46 -0500] "POST /kwsrmcab/Wsrmcab HTTP/1.1" 200 40753
201.245.192.253 - - [16/Oct/2023:18:17:48 -0500] "POST /kwsrmcab/Wsrmcab HTTP/1.1" 200 41119
172.22.2.4 - - [16/Oct/2023:18:16:21 -0500] "HEAD /BLA/boletinlegal/ HTTP/1.1" 200 -
52.167.144.166 - - [16/Oct/2023:18:18:51 -0500] "GET /Publicaciones/2023EE232169.pdf HTTP/1.1" 200 231974
172.22.2.4 - - [16/Oct/2023:18:17:11 -0500] "GET /BLA/boletinlegal/ HTTP/1.1" 200 58155
216.245.221.92 - - [16/Oct/2023:18:18:59 -0500] "HEAD / HTTP/1.1" 200 -
173.252.95.16 - - [16/Oct/2023:18:20:17 -0500] "GET /images/Senderos1.jpeg HTTP/1.1" 200 172777
152.203.177.56 - - [16/Oct/2023:18:21:01 -0500] "GET /BLA/resoluciones/RESOLUCIONES%202021/0897.pdf HTTP/1.1" 200 5879798
66.249.77.10 - - [16/Oct/2023:18:21:11 -0500] "GET /BLA/resoluciones/RESOLUCIONES%202018/2373.pdf HTTP/1.1" 200 451618
201.245.192.253 - - [16/Oct/2023:18:21:33 -0500] "POST /kwsrmcab/Wsrmcab  HTTP/1.1" 200 42851
168.119.252.253 - - [16/Oct/2023:18:23:03 -0500] "GET / HTTP/1.1" 200 319
168.119.252.253 - - [16/Oct/2023:18:23:05 -0500] "GET / HTTP/1.1" 200 4720
172.22.2.4 - - [16/Oct/2023:18:22:11 -0500] "HEAD /BLA/boletinlegal/ HTTP/1.1" 200 -
216.245.221.92 - - [16/Oct/2023:18:23:59 -0500] "HEAD / HTTP/1.1" 200 -
31.13.127.1 - - [16/Oct/2023:18:24:19 -0500] "GET /la-moda-circular-es-tendencia-nueva-apuesta-para-avanzar-en-la-sostenibilidad-del-sector-en-bogota.html HTTP/1.1" 200 796
172.22.2.4 - - [16/Oct/2023:18:23:02 -0500] "GET /BLA/boletinlegal/ HTTP/1.1" 200 57802
205.210.31.246 - - [16/Oct/2023:18:26:23 -0500] "GET / HTTP/1.0" 200 319
181.51.47.102 - - [16/Oct/2023:18:26:29 -0500] "GET /BLA/resoluciones/index.php?dir=AUTOS+2018%2F HTTP/1.1" 200 465952
201.245.192.253 - - [16/Oct/2023:18:26:32 -0500] "POST /kwsrmcab/Wsrmcab  HTTP/1.1" 200 42851
201.245.192.253 - - [16/Oct/2023:18:27:46 -0500] "POST /kwsrmcab/Wsrmcab HTTP/1.1" 200 40753
201.245.192.253 - - [16/Oct/2023:18:27:48 -0500] "POST /kwsrmcab/Wsrmcab HTTP/1.1" 200 41119
181.53.13.52 - - [16/Oct/2023:18:27:58 -0500] "GET /sipse/faces/index.xhtml HTTP/1.1" 200 677
181.53.13.52 - - [16/Oct/2023:18:27:58 -0500] "GET /sipse/faces/javax.faces.resource/theme.css?ln=primefaces-sipse HTTP/1.1" 304 -
181.53.13.52 - - [16/Oct/2023:18:27:58 -0500] "GET /sipse/faces/faces/autenticacion.xhtml HTTP/1.1" 200 12403
181.53.13.52 - - [16/Oct/2023:18:27:59 -0500] "GET /sipse/js/disable_browser_buttons.js HTTP/1.1" 200 3230
181.53.13.52 - - [16/Oct/2023:18:27:59 -0500] "GET /sipse/css/custom_css_sg_prime_login.css HTTP/1.1" 200 443
181.53.13.52 - - [16/Oct/2023:18:27:59 -0500] "GET /sipse/faces/javax.faces.resource/theme.css?ln=primefaces-sipse HTTP/1.1" 304 -
181.53.13.52 - - [16/Oct/2023:18:27:59 -0500] "GET /sipse/css/custom_css_sg.css HTTP/1.1" 200 9694
181.53.13.52 - - [16/Oct/2023:18:27:59 -0500] "GET /sipse/faces/javax.faces.resource/layout/layout.css?ln=primefaces&v=4.0 HTTP/1.1" 304 -
181.53.13.52 - - [16/Oct/2023:18:27:59 -0500] "GET /sipse/faces/javax.faces.resource/primefaces.css?ln=primefaces&v=4.0 HTTP/1.1" 304 -
181.53.13.52 - - [16/Oct/2023:18:27:59 -0500] "GET /sipse/js/funciones.js HTTP/1.1" 200 12592
181.53.13.52 - - [16/Oct/2023:18:27:59 -0500] "GET /sipse/faces/javax.faces.resource/jquery/jquery.js?ln=primefaces&v=4.0 HTTP/1.1" 304 -
181.53.13.52 - - [16/Oct/2023:18:27:59 -0500] "GET /sipse/faces/javax.faces.resource/jquery/jquery-plugins.js?ln=primefaces&v=4.0 HTTP/1.1" 304 -
181.53.13.52 - - [16/Oct/2023:18:27:59 -0500] "GET /sipse/faces/javax.faces.resource/primefaces.js?ln=primefaces&v=4.0 HTTP/1.1" 304 -
181.53.13.52 - - [16/Oct/2023:18:27:59 -0500] "GET /sipse/faces/javax.faces.resource/layout/layout.js?ln=primefaces&v=4.0 HTTP/1.1" 304 -
181.53.13.52 - - [16/Oct/2023:18:27:59 -0500] "GET /sipse/css/imagen/logoSDG.png HTTP/1.1" 200 53064
181.53.13.52 - - [16/Oct/2023:18:27:59 -0500] "GET /sipse/faces/javax.faces.resource/images/ui-icons_898989_256x240.png?ln=primefaces-aristo HTTP/1.1" 304 -
181.53.13.52 - - [16/Oct/2023:18:27:59 -0500] "GET /sipse/css/imagen/loginimg.png HTTP/1.1" 200 71635
181.53.13.52 - - [16/Oct/2023:18:28:08 -0500] "POST /sipse/faces/autenticacion.xhtml HTTP/1.1" 200 16293
181.53.13.52 - - [16/Oct/2023:18:28:08 -0500] "GET /sipse/css/custom_css_sg_prime.css HTTP/1.1" 200 5201
181.53.13.52 - - [16/Oct/2023:18:28:08 -0500] "GET /sipse/faces/javax.faces.resource/theme.css?ln=primefaces-sipse HTTP/1.1" 304 -
181.53.13.52 - - [16/Oct/2023:18:28:08 -0500] "GET /sipse/faces/javax.faces.resource/primefaces.css?ln=primefaces&v=4.0 HTTP/1.1" 304 -
181.53.13.52 - - [16/Oct/2023:18:28:08 -0500] "GET /sipse/faces/javax.faces.resource/layout/layout.css?ln=primefaces&v=4.0 HTTP/1.1" 304 -
181.53.13.52 - - [16/Oct/2023:18:28:08 -0500] "GET /sipse/js/jquery.min.js HTTP/1.1" 200 85582
181.53.13.52 - - [16/Oct/2023:18:28:08 -0500] "GET /sipse/faces/javax.faces.resource/jquery/jquery.js?ln=primefaces&v=4.0 HTTP/1.1" 304 -
181.53.13.52 - - [16/Oct/2023:18:28:08 -0500] "GET /sipse/faces/javax.faces.resource/jquery/jquery-plugins.js?ln=primefaces&v=4.0 HTTP/1.1" 304 -
181.53.13.52 - - [16/Oct/2023:18:28:08 -0500] "GET /sipse/faces/javax.faces.resource/primefaces.js?ln=primefaces&v=4.0 HTTP/1.1" 304 -
181.53.13.52 - - [16/Oct/2023:18:28:08 -0500] "GET /sipse/faces/javax.faces.resource/layout/layout.js?ln=primefaces&v=4.0 HTTP/1.1" 304 -
181.53.13.52 - - [16/Oct/2023:18:28:08 -0500] "GET /sipse/css/v_mergente.css HTTP/1.1" 200 1505
181.53.13.52 - - [16/Oct/2023:18:28:08 -0500] "GET /sipse/css/imagen/contrasena.png HTTP/1.1" 404 383
181.53.13.52 - - [16/Oct/2023:18:28:08 -0500] "GET /sipse/imagenes/cargando.gif HTTP/1.1" 200 36959
181.53.13.52 - - [16/Oct/2023:18:28:08 -0500] "GET /sipse/imagenes/logoAplicacion.jpg HTTP/1.1" 200 155084
181.53.13.52 - - [16/Oct/2023:18:28:09 -0500] "GET /sipse/faces/javax.faces.resource/messages/messages.png?ln=primefaces&v=4.0 HTTP/1.1" 304 -
181.53.13.52 - - [16/Oct/2023:18:28:11 -0500] "GET /sipse/faces/javax.faces.resource/images/ui-bg_flat_0_2d5972_40x100.png?ln=primefaces-aristo HTTP/1.1" 304 -
181.53.13.52 - - [16/Oct/2023:18:28:11 -0500] "POST /sipse/faces/bienvenido.xhtml HTTP/1.1" 200 1473
181.53.13.52 - - [16/Oct/2023:18:28:12 -0500] "POST /sipse/faces/bienvenido.xhtml HTTP/1.1" 200 37884
181.53.13.52 - - [16/Oct/2023:18:28:12 -0500] "GET /sipse/faces/javax.faces.resource/theme.css?ln=primefaces-sipse HTTP/1.1" 304 -
181.53.13.52 - - [16/Oct/2023:18:28:12 -0500] "GET /sipse/faces/javax.faces.resource/primefaces.css?ln=primefaces&v=4.0 HTTP/1.1" 304 -
181.53.13.52 - - [16/Oct/2023:18:28:12 -0500] "GET /sipse/faces/javax.faces.resource/layout/layout.css?ln=primefaces&v=4.0 HTTP/1.1" 304 -
181.53.13.52 - - [16/Oct/2023:18:28:12 -0500] "GET /sipse/faces/javax.faces.resource/jquery/jquery.js?ln=primefaces&v=4.0 HTTP/1.1" 304 -
181.53.13.52 - - [16/Oct/2023:18:28:12 -0500] "GET /sipse/faces/javax.faces.resource/jquery/jquery-plugins.js?ln=primefaces&v=4.0 HTTP/1.1" 304 -
181.53.13.52 - - [16/Oct/2023:18:28:12 -0500] "GET /sipse/faces/javax.faces.resource/primefaces.js?ln=primefaces&v=4.0 HTTP/1.1" 304 -
181.53.13.52 - - [16/Oct/2023:18:28:12 -0500] "GET /sipse/faces/javax.faces.resource/layout/layout.js?ln=primefaces&v=4.0 HTTP/1.1" 304 -
181.53.13.52 - - [16/Oct/2023:18:28:16 -0500] "POST /sipse/faces/presentacion/financiero/solicitudProceso/consultar.xhtml HTTP/1.1" 200 12911
114.119.159.208 - - [16/Oct/2023:18:28:17 -0500] "GET /BLA/resoluciones/index.php?dir=Notificaciones/AUTOS%2B2012/&sort=size&order=desc HTTP/1.1" 200 13943
181.53.13.52 - - [16/Oct/2023:18:28:20 -0500] "POST /sipse/faces/presentacion/financiero/solicitudProceso/consultar.xhtml HTTP/1.1" 200 157058
181.53.13.52 - - [16/Oct/2023:18:28:21 -0500] "GET /sipse/faces/javax.faces.resource/primefaces.css?ln=primefaces&v=4.0 HTTP/1.1" 304 -
181.53.13.52 - - [16/Oct/2023:18:28:21 -0500] "GET /sipse/faces/javax.faces.resource/layout/layout.css?ln=primefaces&v=4.0 HTTP/1.1" 304 -
181.53.13.52 - - [16/Oct/2023:18:28:21 -0500] "GET /sipse/faces/javax.faces.resource/theme.css?ln=primefaces-sipse HTTP/1.1" 304 -
181.53.13.52 - - [16/Oct/2023:18:28:21 -0500] "GET /sipse/faces/javax.faces.resource/jquery/jquery.js?ln=primefaces&v=4.0 HTTP/1.1" 304 -
181.53.13.52 - - [16/Oct/2023:18:28:21 -0500] "GET /sipse/faces/javax.faces.resource/jquery/jquery-plugins.js?ln=primefaces&v=4.0 HTTP/1.1" 304 -
181.53.13.52 - - [16/Oct/2023:18:28:21 -0500] "GET /sipse/faces/javax.faces.resource/primefaces.js?ln=primefaces&v=4.0 HTTP/1.1" 304 -
181.53.13.52 - - [16/Oct/2023:18:28:21 -0500] "GET /sipse/faces/javax.faces.resource/layout/layout.js?ln=primefaces&v=4.0 HTTP/1.1" 304 -
181.53.13.52 - - [16/Oct/2023:18:28:21 -0500] "GET /sipse/faces/javax.faces.resource/dynamiccontent.properties?ln=primefaces&pfdrid=XjOR5%2F%2FfPAZAuY9TpWQeCiM0BhlXxYRBGKi%2FQcXXfeA%3D&pfdrid_c=false HTTP/1.1" 500 383
181.53.13.52 - - [16/Oct/2023:18:28:30 -0500] "POST /sipse/faces/presentacion/financiero/solicitudProceso/consultarSolicitudProceso.xhtml HTTP/1.1" 200 145172
216.245.221.92 - - [16/Oct/2023:18:28:59 -0500] "HEAD / HTTP/1.1" 200 -
172.22.2.4 - - [16/Oct/2023:18:28:01 -0500] "HEAD /BLA/boletinlegal/ HTTP/1.1" 200 -
191.156.184.196 - - [16/Oct/2023:18:30:25 -0500] "GET /BLA/resoluciones/index.php?dir=AUTOS+2022%2F HTTP/1.1" 200 507485
