172.22.2.4 - - [16/Oct/2023:10:49:49 -0500] "HEAD /BLA/boletinlegal/ HTTP/1.1" 200 -
173.252.83.6 - - [16/Oct/2023:10:51:31 -0500] "GET /images/cr\xc3\xb3nica-29-nov-1_optimized.jpeg HTTP/1.1" 404 1034
168.119.253.61 - - [16/Oct/2023:10:51:34 -0500] "GET / HTTP/1.1" 200 319
168.119.253.61 - - [16/Oct/2023:10:51:37 -0500] "GET / HTTP/1.1" 200 4720
114.119.156.140 - - [16/Oct/2023:10:51:55 -0500] "GET /BLA/resoluciones/index.php?dir=Notificaciones/AUTOS%2B0022/&sort=name&order=asc HTTP/1.1" 200 13944
172.22.2.4 - - [16/Oct/2023:10:50:39 -0500] "GET /BLA/boletinlegal/ HTTP/1.1" 200 57439
69.63.184.8 - - [16/Oct/2023:10:52:38 -0500] "GET /monica-fonnegra-una-disenadora-que-inspira-amor-por-la-naturaleza-a-traves-de-la-moda.html HTTP/1.1" 200 976
173.252.79.119 - - [16/Oct/2023:10:52:45 -0500] "GET /images/mujeres-reverdecen-humedales-2-febrero.jpg HTTP/1.1" 200 47327
201.245.192.253 - - [16/Oct/2023:10:52:59 -0500] "POST /kwsrmcab/Wsrmcab  HTTP/1.1" 200 42851
172.22.2.4 - - [16/Oct/2023:10:51:43 -0500] "GET /BLA/boletinlegal/ HTTP/1.1" 200 59429
66.249.77.10 - - [16/Oct/2023:10:54:25 -0500] "GET /BLA/resoluciones/AUTOS%202013/0029.pdf HTTP/1.1" 200 2249653
66.249.77.9 - - [16/Oct/2023:10:54:26 -0500] "GET /BLA/resoluciones/RESOLUCIONES%202012/0415.pdf HTTP/1.1" 200 422093
77.22.252.199 - - [16/Oct/2023:10:54:47 -0500] "GET /POT-2013/Cartografia/Anexo01_Sistema_Hidrico.pdf HTTP/1.1" 200 5860035
77.22.252.199 - - [16/Oct/2023:10:54:47 -0500] "GET /favicon.ico HTTP/1.1" 200 7782
40.77.167.35 - - [16/Oct/2023:10:55:33 -0500] "GET /BLA/resoluciones/RESOLUCIONES%202007/RES%202007%203201%20AL%203300/RESOLUCION%203274%20DE%202007.pdf HTTP/1.1" 200 871823
216.245.221.92 - - [16/Oct/2023:10:55:53 -0500] "HEAD / HTTP/1.1" 200 -
172.22.2.4 - - [16/Oct/2023:10:55:39 -0500] "HEAD /BLA/boletinlegal/ HTTP/1.1" 200 -
66.249.77.8 - - [16/Oct/2023:10:58:00 -0500] "GET /resoluciones/RESOLUCIONES%202009/0082.pdf HTTP/1.1" 404 1018
201.245.192.253 - - [16/Oct/2023:10:57:58 -0500] "POST /kwsrmcab/Wsrmcab  HTTP/1.1" 200 42851
172.22.2.4 - - [16/Oct/2023:10:56:29 -0500] "GET /BLA/boletinlegal/ HTTP/1.1" 200 60531
66.249.77.8 - - [16/Oct/2023:10:58:30 -0500] "GET /resoluciones/RESOLUCIONES%202008/1515.pdf HTTP/1.1" 404 1018
66.249.77.8 - - [16/Oct/2023:10:58:40 -0500] "GET /Publicaciones/2022EE236444.pdf HTTP/1.1" 404 228
66.249.77.8 - - [16/Oct/2023:10:58:42 -0500] "GET /BLA/resoluciones/RESOLUCIONES%202010/6084.pdf HTTP/1.1" 200 367968
216.245.221.92 - - [16/Oct/2023:11:00:53 -0500] "HEAD / HTTP/1.1" 200 -
173.252.107.9 - - [16/Oct/2023:11:01:29 -0500] "GET /nata-de-contaminacion-fenomeno-de-inversion-termica-que-se-presenta-en-bogota.html HTTP/1.1" 200 751
201.245.192.253 - - [16/Oct/2023:11:02:57 -0500] "POST /kwsrmcab/Wsrmcab  HTTP/1.1" 200 42851
172.22.2.4 - - [16/Oct/2023:11:01:29 -0500] "HEAD /BLA/boletinlegal/ HTTP/1.1" 200 -
66.249.77.10 - - [16/Oct/2023:11:03:14 -0500] "GET /BLA/resoluciones/AUTOS%202010/5366.pdf HTTP/1.1" 200 1019678
172.22.2.4 - - [16/Oct/2023:11:03:26 -0500] "GET /BLA/boletinlegal/actos.php HTTP/1.1" 200 9682
172.22.2.4 - - [16/Oct/2023:11:03:26 -0500] "GET /BLA/boletinlegal/styles2.css HTTP/1.1" 200 1838
172.22.2.4 - - [16/Oct/2023:11:03:26 -0500] "GET /BLA/boletinlegal/js/ajax_actos.js HTTP/1.1" 200 1322
172.22.2.4 - - [16/Oct/2023:11:03:26 -0500] "GET /BLA/boletinlegal/niceforms-default.css HTTP/1.1" 200 6694
172.22.2.4 - - [16/Oct/2023:11:03:26 -0500] "GET /BLA/boletinlegal/style.css HTTP/1.1" 200 9406
172.22.2.4 - - [16/Oct/2023:11:03:26 -0500] "GET /BLA/boletinlegal/niceforms.js HTTP/1.1" 200 22876
172.22.2.4 - - [16/Oct/2023:11:03:26 -0500] "GET /BLA/boletinlegal/js/lib.js HTTP/1.1" 200 6474
172.22.2.4 - - [16/Oct/2023:11:03:26 -0500] "GET /BLA/boletinlegal/js/popup.js HTTP/1.1" 200 1270
172.22.2.4 - - [16/Oct/2023:11:03:26 -0500] "GET /BLA/boletinlegal/images/cabezote%20BLEGAL.jpg HTTP/1.1" 200 118164
172.22.2.4 - - [16/Oct/2023:11:03:26 -0500] "GET /BLA/boletinlegal/js/jquery1.js HTTP/1.1" 200 29846
172.22.2.4 - - [16/Oct/2023:11:03:26 -0500] "GET /BLA/boletinlegal/images/subscribe-icon-big.png HTTP/1.1" 200 47702
172.22.2.4 - - [16/Oct/2023:11:03:26 -0500] "GET /BLA/boletinlegal/images/historia.png HTTP/1.1" 200 52775
172.22.2.4 - - [16/Oct/2023:11:03:26 -0500] "GET /BLA/boletinlegal/images/registro-usuarios.png HTTP/1.1" 200 8106
172.22.2.4 - - [16/Oct/2023:11:03:26 -0500] "GET /BLA/boletinlegal/images/tel.png HTTP/1.1" 200 14477
172.22.2.4 - - [16/Oct/2023:11:03:26 -0500] "GET /BLA/boletinlegal/images/green-yellow-blue-pink-th.png HTTP/1.1" 200 7394
172.22.2.4 - - [16/Oct/2023:11:03:26 -0500] "GET /BLA/boletinlegal/images/icono-email.png HTTP/1.1" 200 5544
172.22.2.4 - - [16/Oct/2023:11:03:26 -0500] "GET /BLA/boletinlegal/images/body_bg.jpg HTTP/1.1" 200 1601
172.22.2.4 - - [16/Oct/2023:11:03:26 -0500] "GET /BLA/boletinlegal/images/menu_lft.gif HTTP/1.1" 200 1713
172.22.2.4 - - [16/Oct/2023:11:03:26 -0500] "GET /BLA/boletinlegal/images/menu_rght.gif HTTP/1.1" 200 1627
172.22.2.4 - - [16/Oct/2023:11:03:26 -0500] "GET /BLA/boletinlegal/images/bg_top.jpg HTTP/1.1" 200 522
172.22.2.4 - - [16/Oct/2023:11:03:26 -0500] "GET /BLA/boletinlegal/images/hover.jpg HTTP/1.1" 200 640
172.22.2.4 - - [16/Oct/2023:11:03:26 -0500] "GET /BLA/boletinlegal/images/menu_bg.jpg HTTP/1.1" 200 620
172.22.2.4 - - [16/Oct/2023:11:03:26 -0500] "GET /BLA/boletinlegal/images/text.jpg HTTP/1.1" 200 568
172.22.2.4 - - [16/Oct/2023:11:03:26 -0500] "GET /BLA/boletinlegal/images/footer_bg.jpg HTTP/1.1" 200 586
172.22.2.4 - - [16/Oct/2023:11:03:26 -0500] "GET /BLA/boletinlegal/images/footer_bg_l.jpg HTTP/1.1" 200 776
172.22.2.4 - - [16/Oct/2023:11:03:26 -0500] "GET /BLA/boletinlegal/img/select-right.png HTTP/1.1" 200 44019
172.22.2.4 - - [16/Oct/2023:11:03:26 -0500] "GET /BLA/boletinlegal/img/0.png HTTP/1.1" 200 110
172.22.2.4 - - [16/Oct/2023:11:03:26 -0500] "GET /BLA/boletinlegal/img/button.png HTTP/1.1" 200 43241
172.22.2.4 - - [16/Oct/2023:11:03:26 -0500] "GET /BLA/boletinlegal/img/select-left.png HTTP/1.1" 200 263
172.22.2.4 - - [16/Oct/2023:11:03:26 -0500] "GET /BLA/boletinlegal/img/button-left.png HTTP/1.1" 200 57071
172.22.2.4 - - [16/Oct/2023:11:03:26 -0500] "GET /BLA/boletinlegal/img/button-right.png HTTP/1.1" 200 57878
172.22.2.4 - - [16/Oct/2023:11:03:26 -0500] "GET /BLA/boletinlegal/favicon.ico HTTP/1.1" 404 1326
52.167.144.192 - - [16/Oct/2023:11:03:44 -0500] "GET /BLA/resoluciones/RESOLUCIONES%202007/RES%202007%203201%20AL%203300/RESOLUCION%203262%20DE%202007.pdf HTTP/1.1" 200 1280478
66.249.77.9 - - [16/Oct/2023:11:03:54 -0500] "GET /BLA/resoluciones/RESOLUCIONES%202008/2978.pdf HTTP/1.1" 200 258258
172.22.2.4 - - [16/Oct/2023:11:02:19 -0500] "GET /BLA/boletinlegal/ HTTP/1.1" 200 60175
66.249.77.9 - - [16/Oct/2023:11:05:14 -0500] "GET /Publicaciones/2022EE235553.pdf HTTP/1.1" 404 228
152.201.122.87 - - [16/Oct/2023:11:05:17 -0500] "GET /BLA/resoluciones/ HTTP/1.1" 200 13696
152.201.122.87 - - [16/Oct/2023:11:05:17 -0500] "GET /BLA/resoluciones/dlf/styles.css HTTP/1.1" 200 3049
152.201.122.87 - - [16/Oct/2023:11:05:17 -0500] "GET /BLA/resoluciones/dlf/folder.png HTTP/1.1" 200 410
152.201.122.87 - - [16/Oct/2023:11:05:17 -0500] "GET /BLA/resoluciones/dlf/bg.gif HTTP/1.1" 200 54
152.201.122.87 - - [16/Oct/2023:11:05:21 -0500] "GET /BLA/resoluciones/dlf/dirup.png HTTP/1.1" 200 644
152.201.122.87 - - [16/Oct/2023:11:05:21 -0500] "GET /BLA/resoluciones/dlf/pdf.gif HTTP/1.1" 200 272
152.201.122.87 - - [16/Oct/2023:11:05:21 -0500] "GET /BLA/resoluciones/index.php?dir=AUTOS+2017%2F HTTP/1.1" 200 472723
114.119.156.227 - - [16/Oct/2023:11:05:36 -0500] "GET /BLA/resoluciones/index.php?dir=RESOLUCIONES%2B2009/&sort=size&order=desc HTTP/1.1" 200 13902
152.201.122.87 - - [16/Oct/2023:11:05:38 -0500] "GET /BLA/resoluciones/index.php?dir=RESOLUCIONES+2017%2F HTTP/1.1" 200 286831
152.201.122.87 - - [16/Oct/2023:11:05:38 -0500] "GET /BLA/resoluciones/dlf/archive.png HTTP/1.1" 200 632
216.245.221.92 - - [16/Oct/2023:11:05:53 -0500] "HEAD / HTTP/1.1" 200 -
66.249.77.9 - - [16/Oct/2023:11:07:14 -0500] "GET /BLA/resoluciones/RESOLUCIONES%202009/7871.pdf HTTP/1.1" 200 326102
201.245.192.253 - - [16/Oct/2023:11:07:56 -0500] "POST /kwsrmcab/Wsrmcab  HTTP/1.1" 200 42851
216.244.66.195 - - [16/Oct/2023:11:08:07 -0500] "GET /robots.txt HTTP/1.1" 404 1018
172.22.2.4 - - [16/Oct/2023:11:07:19 -0500] "HEAD /BLA/boletinlegal/ HTTP/1.1" 200 -
172.22.2.4 - - [16/Oct/2023:11:08:10 -0500] "GET /BLA/boletinlegal/ HTTP/1.1" 200 60531
66.249.77.10 - - [16/Oct/2023:11:09:50 -0500] "GET /BLA/resoluciones/RESOLUCIONES%202009/1396.pdf HTTP/1.1" 200 3068261
216.245.221.92 - - [16/Oct/2023:11:10:53 -0500] "HEAD / HTTP/1.1" 200 -
52.167.144.161 - - [16/Oct/2023:11:11:04 -0500] "GET /Publicaciones/2023EE65648.pdf HTTP/1.1" 404 227
66.249.77.9 - - [16/Oct/2023:11:11:48 -0500] "GET /BLA/resoluciones/Autos%202008/0536.pdf HTTP/1.1" 200 173328
40.77.167.75 - - [16/Oct/2023:11:11:55 -0500] "GET /BLA/resoluciones/AUTOS%202018/6850.pdf HTTP/1.1" 200 248413
66.249.77.8 - - [16/Oct/2023:11:12:12 -0500] "GET /BLA/resoluciones/RESOLUCIONES%202009/4480.pdf HTTP/1.1" 200 783941
172.22.2.4 - - [16/Oct/2023:11:12:55 -0500] "HEAD /BLA/boletinlegal/robots.txt HTTP/1.1" 404 -
172.22.2.4 - - [16/Oct/2023:11:12:55 -0500] "GET /BLA/boletinlegal/robots.txt HTTP/1.1" 404 1038
201.245.192.253 - - [16/Oct/2023:11:12:55 -0500] "POST /kwsrmcab/Wsrmcab  HTTP/1.1" 200 42851
170.64.204.68 - - [16/Oct/2023:11:13:17 -0500] "GET /.git/config HTTP/1.1" 404 1018
192.241.196.34 - - [16/Oct/2023:11:13:53 -0500] "GET /actuator/health HTTP/1.1" 404 1018
66.249.77.9 - - [16/Oct/2023:11:14:11 -0500] "GET /Publicaciones/2022EE235933.pdf HTTP/1.1" 404 228
66.249.77.9 - - [16/Oct/2023:11:14:27 -0500] "GET /BLA/resoluciones/RESOLUCIONES%202009/4845.pdf HTTP/1.1" 200 1175800
172.22.2.4 - - [16/Oct/2023:11:12:56 -0500] "GET /BLA/boletinlegal/ HTTP/1.1" 200 53488
172.22.2.4 - - [16/Oct/2023:11:13:09 -0500] "HEAD /BLA/boletinlegal/ HTTP/1.1" 200 -
172.22.2.4 - - [16/Oct/2023:11:13:59 -0500] "GET /BLA/boletinlegal/ HTTP/1.1" 200 52532
216.245.221.92 - - [16/Oct/2023:11:15:53 -0500] "HEAD / HTTP/1.1" 200 -
40.77.167.254 - - [16/Oct/2023:11:17:25 -0500] "GET /BLA/resoluciones/RESOLUCIONES%202007/RES%202007%203201%20AL%203300/RESOLUCION%203201%20DE%202007.pdf HTTP/1.1" 200 235006
201.245.192.253 - - [16/Oct/2023:11:17:47 -0500] "POST /kwsrmcab/Wsrmcab HTTP/1.1" 200 38869
201.245.192.253 - - [16/Oct/2023:11:17:50 -0500] "POST /kwsrmcab/Wsrmcab HTTP/1.1" 200 41275
40.77.167.22 - - [16/Oct/2023:11:17:53 -0500] "GET /Publicaciones/2023EE207915.pdf HTTP/1.1" 404 228
201.245.192.253 - - [16/Oct/2023:11:17:54 -0500] "POST /kwsrmcab/Wsrmcab  HTTP/1.1" 200 42851
40.77.167.255 - - [16/Oct/2023:11:18:09 -0500] "GET /portaldeninos/wp-content/uploads/2021/11/pieza-diversidad-bogota-22-mayo-133x75.jpg HTTP/1.1" 200 4380
216.244.66.195 - - [16/Oct/2023:11:20:35 -0500] "GET /BLA/resoluciones/AUTOS%202019/0654.pdf HTTP/1.1" 200 217305
172.22.2.4 - - [16/Oct/2023:11:18:59 -0500] "HEAD /BLA/boletinlegal/ HTTP/1.1" 200 -
216.245.221.92 - - [16/Oct/2023:11:20:53 -0500] "HEAD / HTTP/1.1" 200 -
216.244.66.195 - - [16/Oct/2023:11:20:54 -0500] "GET /BLA/resoluciones/AUTOS%202019/1401.pdf HTTP/1.1" 200 325366
216.244.66.195 - - [16/Oct/2023:11:21:08 -0500] "GET /BLA/resoluciones/AUTOS%202019/1726.pdf HTTP/1.1" 200 291416
66.249.77.10 - - [16/Oct/2023:11:21:11 -0500] "GET /BLA/resoluciones/AUTOS%202014/5594.pdf HTTP/1.1" 200 129240
66.249.77.9 - - [16/Oct/2023:11:21:11 -0500] "GET /BLA/resoluciones/AUTOS%202016/2454.pdf HTTP/1.1" 200 701257
66.249.77.10 - - [16/Oct/2023:11:21:12 -0500] "GET /BLA/resoluciones/AUTOS%202015/3526.pdf HTTP/1.1" 200 1702708
66.249.77.10 - - [16/Oct/2023:11:21:14 -0500] "GET /Publicaciones/2023EE232158.pdf HTTP/1.1" 200 231957
172.22.2.4 - - [16/Oct/2023:11:19:49 -0500] "GET /BLA/boletinlegal/ HTTP/1.1" 200 59019
114.119.135.72 - - [16/Oct/2023:11:21:59 -0500] "GET /BLA/resoluciones/index.php?dir=Notificaciones/AUTOS%2B2021/&sort=size&order=asc HTTP/1.1" 200 13944
152.201.122.87 - - [16/Oct/2023:11:22:04 -0500] "GET /BLA/resoluciones/RESOLUCIONES%202017/1701.pdf HTTP/1.1" 200 440829
152.201.122.87 - - [16/Oct/2023:11:22:04 -0500] "GET /BLA/resoluciones/RESOLUCIONES%202017/1701.pdf HTTP/1.1" 206 1025
152.201.122.87 - - [16/Oct/2023:11:22:04 -0500] "GET /BLA/resoluciones/RESOLUCIONES%202017/1701.pdf HTTP/1.1" 200 440829
201.245.192.253 - - [16/Oct/2023:11:22:53 -0500] "POST /kwsrmcab/Wsrmcab  HTTP/1.1" 200 42851
172.22.2.4 - - [16/Oct/2023:11:22:13 -0500] "GET /BLA/boletinlegal/ HTTP/1.1" 200 24523
66.249.77.9 - - [16/Oct/2023:11:21:15 -0500] "GET /BLA/boletinlegal/index.php? HTTP/1.1" 200 57439
66.249.77.8 - - [16/Oct/2023:11:22:56 -0500] "GET /BLA/resoluciones/RESOLUCIONES%202007/RES%202007%201801%20AL%201900/RESOLUCION%201848%20DE%202007.pdf HTTP/1.1" 200 182223
66.249.77.8 - - [16/Oct/2023:11:23:10 -0500] "GET /Residuos/textiles/files/guia_textiles.pdf HTTP/1.1" 200 12356716
114.119.145.8 - - [16/Oct/2023:11:23:26 -0500] "GET /BLA/resoluciones/index.php?dir=Notificaciones/AUTOS%2B1985/&sort=name&order=asc HTTP/1.1" 200 13944
66.249.77.1 - - [16/Oct/2023:11:23:33 -0500] "GET /Publicaciones/2023EE235347.pdf HTTP/1.1" 200 610345
66.249.77.13 - - [16/Oct/2023:11:23:42 -0500] "GET /Publicaciones/2023EE231004.pdf HTTP/1.1" 200 496325
66.249.77.9 - - [16/Oct/2023:11:23:58 -0500] "GET /BLA/resoluciones/RESOLUCIONES%202016/1034.pdf HTTP/1.1" 200 265358
66.249.77.8 - - [16/Oct/2023:11:24:04 -0500] "GET /BLA/resoluciones/RESOLUCIONES%202021/2206.pdf HTTP/1.1" 200 504382
66.249.77.9 - - [16/Oct/2023:11:24:09 -0500] "GET /BLA/resoluciones/RESOLUCIONES%202022/1545.pdf HTTP/1.1" 200 454463
66.249.77.9 - - [16/Oct/2023:11:24:13 -0500] "GET /IsolucionSDA/BancoConocimiento/R/Resolucion1245de14deAGOSTOde2013/Resolucion1245de14deAGOSTOde2013.asp HTTP/1.1" 404 5016
216.244.66.195 - - [16/Oct/2023:11:24:14 -0500] "GET /BLA/resoluciones/AUTOS%202008/0144.pdf HTTP/1.1" 200 98331
66.249.77.9 - - [16/Oct/2023:11:24:17 -0500] "GET /BLA/resoluciones/AUTOS%202021/2952.pdf HTTP/1.1" 200 520997
66.249.77.9 - - [16/Oct/2023:11:24:21 -0500] "GET /BLA/resoluciones/RESOLUCIONES%202011/0256.pdf HTTP/1.1" 200 306093
216.244.66.195 - - [16/Oct/2023:11:24:27 -0500] "GET /BLA/resoluciones/AUTOS%202008/0167.pdf HTTP/1.1" 200 119326
216.244.66.195 - - [16/Oct/2023:11:24:40 -0500] "GET /BLA/resoluciones/AUTOS%202008/0178.pdf HTTP/1.1" 200 98923
216.244.66.195 - - [16/Oct/2023:11:24:50 -0500] "GET /BLA/resoluciones/AUTOS%202008/0225.pdf HTTP/1.1" 200 107626
216.244.66.195 - - [16/Oct/2023:11:24:58 -0500] "GET /BLA/resoluciones/AUTOS%202008/0473.pdf HTTP/1.1" 200 111680
216.244.66.195 - - [16/Oct/2023:11:25:07 -0500] "GET /BLA/resoluciones/AUTOS%202008/0560.pdf HTTP/1.1" 200 109495
216.244.66.195 - - [16/Oct/2023:11:25:15 -0500] "GET /BLA/resoluciones/AUTOS%202008/0600.pdf HTTP/1.1" 200 62927
216.244.66.195 - - [16/Oct/2023:11:25:20 -0500] "GET /BLA/resoluciones/AUTOS%202008/0601.pdf HTTP/1.1" 200 69163
216.244.66.195 - - [16/Oct/2023:11:25:36 -0500] "GET /BLA/resoluciones/AUTOS%202008/0997.pdf HTTP/1.1" 200 84237
216.244.66.195 - - [16/Oct/2023:11:25:47 -0500] "GET /BLA/resoluciones/AUTOS%202008/1199.pdf HTTP/1.1" 200 85512
216.245.221.92 - - [16/Oct/2023:11:25:53 -0500] "HEAD / HTTP/1.1" 200 -
216.244.66.195 - - [16/Oct/2023:11:25:58 -0500] "GET /BLA/resoluciones/AUTOS%202008/1253.pdf HTTP/1.1" 200 74705
216.244.66.195 - - [16/Oct/2023:11:26:08 -0500] "GET /BLA/resoluciones/AUTOS%202008/1380.pdf HTTP/1.1" 200 85646
216.244.66.195 - - [16/Oct/2023:11:26:17 -0500] "GET /BLA/resoluciones/AUTOS%202008/1552.pdf HTTP/1.1" 200 85318
216.244.66.195 - - [16/Oct/2023:11:26:26 -0500] "GET /BLA/resoluciones/AUTOS%202008/1607.pdf HTTP/1.1" 200 66621
172.22.2.4 - - [16/Oct/2023:11:24:49 -0500] "HEAD /BLA/boletinlegal/ HTTP/1.1" 200 -
216.244.66.195 - - [16/Oct/2023:11:26:33 -0500] "GET /BLA/resoluciones/AUTOS%202008/1625.pdf HTTP/1.1" 200 67519
216.244.66.195 - - [16/Oct/2023:11:26:38 -0500] "GET /BLA/resoluciones/AUTOS%202008/1960.pdf HTTP/1.1" 200 87807
216.244.66.195 - - [16/Oct/2023:11:26:43 -0500] "GET /BLA/resoluciones/AUTOS%202008/1970.pdf HTTP/1.1" 200 88499
216.244.66.195 - - [16/Oct/2023:11:26:48 -0500] "GET /BLA/resoluciones/AUTOS%202013/0194.pdf HTTP/1.1" 200 1873059
66.249.77.8 - - [16/Oct/2023:11:26:55 -0500] "GET /BLA/resoluciones/RESOLUCIONES%202018/2566.pdf HTTP/1.1" 200 291217
52.167.144.194 - - [16/Oct/2023:11:26:56 -0500] "GET /BLA/resoluciones/RESOLUCIONES%202023/0833.pdf HTTP/1.1" 200 364842
216.244.66.195 - - [16/Oct/2023:11:27:14 -0500] "GET /BLA/resoluciones/AUTOS%202013/0452.pdf HTTP/1.1" 200 3087889
172.22.2.4 - - [16/Oct/2023:11:25:39 -0500] "GET /BLA/boletinlegal/ HTTP/1.1" 200 60175
201.245.192.253 - - [16/Oct/2023:11:27:47 -0500] "POST /kwsrmcab/Wsrmcab HTTP/1.1" 200 38869
201.245.192.253 - - [16/Oct/2023:11:27:49 -0500] "POST /kwsrmcab/Wsrmcab HTTP/1.1" 200 41275
201.245.192.253 - - [16/Oct/2023:11:27:52 -0500] "POST /kwsrmcab/Wsrmcab  HTTP/1.1" 200 42851
216.244.66.195 - - [16/Oct/2023:11:27:53 -0500] "GET /BLA/resoluciones/AUTOS%202013/0829.pdf HTTP/1.1" 200 1935124
40.77.167.71 - - [16/Oct/2023:11:27:55 -0500] "GET /Publicaciones/2023EE207903.pdf HTTP/1.1" 404 228
66.249.77.10 - - [16/Oct/2023:11:27:56 -0500] "GET /Publicaciones/2022EE237450.pdf HTTP/1.1" 404 228
66.249.77.9 - - [16/Oct/2023:11:28:12 -0500] "GET /BLA/resoluciones/AUTOS%202014/0447.pdf HTTP/1.1" 200 452564
66.249.77.8 - - [16/Oct/2023:11:28:16 -0500] "GET /BLA/resoluciones/RESOLUCIONES%202009/5070.pdf HTTP/1.1" 200 486723
66.249.77.8 - - [16/Oct/2023:11:28:21 -0500] "GET /Publicaciones/2022EE237389.pdf HTTP/1.1" 404 228
66.249.77.8 - - [16/Oct/2023:11:28:35 -0500] "GET /BLA/resoluciones/AUTOS%202008/2573.pdf HTTP/1.1" 200 99682
66.249.77.8 - - [16/Oct/2023:11:28:36 -0500] "GET /BLA/resoluciones/Autos%202008/2794.pdf HTTP/1.1" 200 109420
216.244.66.195 - - [16/Oct/2023:11:28:38 -0500] "GET /BLA/resoluciones/AUTOS%202013/2622.pdf HTTP/1.1" 200 756756
66.249.77.8 - - [16/Oct/2023:11:28:39 -0500] "GET /Publicaciones/2022EE237451.pdf HTTP/1.1" 404 228
216.244.66.195 - - [16/Oct/2023:11:29:09 -0500] "GET /BLA/resoluciones/AUTOS%202013/2711.pdf HTTP/1.1" 200 802211
216.244.66.195 - - [16/Oct/2023:11:29:48 -0500] "GET /BLA/resoluciones/AUTOS%202014/1247.pdf HTTP/1.1" 200 560059
66.249.77.10 - - [16/Oct/2023:11:29:58 -0500] "GET /BLA/resoluciones/RESOLUCIONES%202010/5857.pdf HTTP/1.1" 200 166036
216.244.66.195 - - [16/Oct/2023:11:30:19 -0500] "GET /BLA/resoluciones/AUTOS%202014/1261.pdf HTTP/1.1" 200 212853
216.244.66.195 - - [16/Oct/2023:11:30:48 -0500] "GET /BLA/resoluciones/AUTOS%202014/2369.pdf HTTP/1.1" 200 2563016
216.245.221.92 - - [16/Oct/2023:11:30:53 -0500] "HEAD / HTTP/1.1" 200 -
172.22.2.4 - - [16/Oct/2023:11:30:54 -0500] "GET /BLA/boletinlegal/actos.php HTTP/1.1" 200 9682
172.22.2.4 - - [16/Oct/2023:11:30:54 -0500] "GET /BLA/boletinlegal/styles2.css HTTP/1.1" 200 1838
172.22.2.4 - - [16/Oct/2023:11:30:54 -0500] "GET /BLA/boletinlegal/js/ajax_actos.js HTTP/1.1" 200 1322
172.22.2.4 - - [16/Oct/2023:11:30:54 -0500] "GET /BLA/boletinlegal/niceforms-default.css HTTP/1.1" 200 6694
172.22.2.4 - - [16/Oct/2023:11:30:54 -0500] "GET /BLA/boletinlegal/style.css HTTP/1.1" 200 9406
172.22.2.4 - - [16/Oct/2023:11:30:54 -0500] "GET /BLA/boletinlegal/niceforms.js HTTP/1.1" 200 22876
172.22.2.4 - - [16/Oct/2023:11:30:54 -0500] "GET /BLA/boletinlegal/js/lib.js HTTP/1.1" 200 6474
172.22.2.4 - - [16/Oct/2023:11:30:54 -0500] "GET /BLA/boletinlegal/js/popup.js HTTP/1.1" 200 1270
172.22.2.4 - - [16/Oct/2023:11:30:54 -0500] "GET /BLA/boletinlegal/js/jquery1.js HTTP/1.1" 200 29846
172.22.2.4 - - [16/Oct/2023:11:30:54 -0500] "GET /BLA/boletinlegal/images/cabezote%20BLEGAL.jpg HTTP/1.1" 200 118164
172.22.2.4 - - [16/Oct/2023:11:30:54 -0500] "GET /BLA/boletinlegal/images/subscribe-icon-big.png HTTP/1.1" 200 47702
172.22.2.4 - - [16/Oct/2023:11:30:54 -0500] "GET /BLA/boletinlegal/images/historia.png HTTP/1.1" 200 52775
172.22.2.4 - - [16/Oct/2023:11:30:54 -0500] "GET /BLA/boletinlegal/images/registro-usuarios.png HTTP/1.1" 200 8106
172.22.2.4 - - [16/Oct/2023:11:30:54 -0500] "GET /BLA/boletinlegal/images/green-yellow-blue-pink-th.png HTTP/1.1" 200 7394
172.22.2.4 - - [16/Oct/2023:11:30:54 -0500] "GET /BLA/boletinlegal/images/tel.png HTTP/1.1" 200 14477
172.22.2.4 - - [16/Oct/2023:11:30:54 -0500] "GET /BLA/boletinlegal/images/icono-email.png HTTP/1.1" 200 5544
172.22.2.4 - - [16/Oct/2023:11:30:54 -0500] "GET /BLA/boletinlegal/images/body_bg.jpg HTTP/1.1" 200 1601
172.22.2.4 - - [16/Oct/2023:11:30:54 -0500] "GET /BLA/boletinlegal/images/menu_lft.gif HTTP/1.1" 200 1713
172.22.2.4 - - [16/Oct/2023:11:30:54 -0500] "GET /BLA/boletinlegal/images/menu_rght.gif HTTP/1.1" 200 1627
172.22.2.4 - - [16/Oct/2023:11:30:54 -0500] "GET /BLA/boletinlegal/images/bg_top.jpg HTTP/1.1" 200 522
172.22.2.4 - - [16/Oct/2023:11:30:54 -0500] "GET /BLA/boletinlegal/images/menu_bg.jpg HTTP/1.1" 200 620
172.22.2.4 - - [16/Oct/2023:11:30:54 -0500] "GET /BLA/boletinlegal/images/hover.jpg HTTP/1.1" 200 640
172.22.2.4 - - [16/Oct/2023:11:30:54 -0500] "GET /BLA/boletinlegal/images/text.jpg HTTP/1.1" 200 568
172.22.2.4 - - [16/Oct/2023:11:30:54 -0500] "GET /BLA/boletinlegal/images/footer_bg.jpg HTTP/1.1" 200 586
172.22.2.4 - - [16/Oct/2023:11:30:54 -0500] "GET /BLA/boletinlegal/images/footer_bg_l.jpg HTTP/1.1" 200 776
172.22.2.4 - - [16/Oct/2023:11:30:54 -0500] "GET /BLA/boletinlegal/img/0.png HTTP/1.1" 200 110
172.22.2.4 - - [16/Oct/2023:11:30:54 -0500] "GET /BLA/boletinlegal/img/select-left.png HTTP/1.1" 200 263
172.22.2.4 - - [16/Oct/2023:11:30:54 -0500] "GET /BLA/boletinlegal/img/select-right.png HTTP/1.1" 200 44019
172.22.2.4 - - [16/Oct/2023:11:30:54 -0500] "GET /BLA/boletinlegal/img/button-left.png HTTP/1.1" 200 57071
172.22.2.4 - - [16/Oct/2023:11:30:54 -0500] "GET /BLA/boletinlegal/img/button.png HTTP/1.1" 200 43241
172.22.2.4 - - [16/Oct/2023:11:30:54 -0500] "GET /BLA/boletinlegal/img/button-right.png HTTP/1.1" 200 57878
172.22.2.4 - - [16/Oct/2023:11:30:54 -0500] "GET /BLA/boletinlegal/favicon.ico HTTP/1.1" 404 1326
172.22.2.4 - - [16/Oct/2023:11:30:57 -0500] "GET /BLA/boletinlegal/doctrina.php HTTP/1.1" 200 5614
172.22.2.4 - - [16/Oct/2023:11:30:57 -0500] "GET /BLA/boletinlegal/js/ajax_doctrina.js HTTP/1.1" 200 772
172.22.2.4 - - [16/Oct/2023:11:30:57 -0500] "GET /BLA/boletinlegal/images/sub_ul_li.gif HTTP/1.1" 200 343
172.22.2.4 - - [16/Oct/2023:11:30:59 -0500] "GET /BLA/boletinlegal/actos.php HTTP/1.1" 200 9682
172.22.2.4 - - [16/Oct/2023:11:31:00 -0500] "GET /BLA/boletinlegal/conceptos.php HTTP/1.1" 200 7496
172.22.2.4 - - [16/Oct/2023:11:31:00 -0500] "GET /BLA/boletinlegal/js/ajax_conceptos.js HTTP/1.1" 200 1326
172.22.2.4 - - [16/Oct/2023:11:31:03 -0500] "GET /BLA/boletinlegal/consulta_conceptos.php?no=&solicitante=&radicado_entrada=&fecha_concepto=2023&objeto= HTTP/1.1" 200 27300
172.22.2.4 - - [16/Oct/2023:11:31:03 -0500] "GET /BLA/boletinlegal/images/background.gif HTTP/1.1" 200 -
172.22.2.4 - - [16/Oct/2023:11:31:03 -0500] "GET /BLA/boletinlegal/images/pdf.gif HTTP/1.1" 200 567
172.22.2.4 - - [16/Oct/2023:11:31:11 -0500] "GET /BLA/boletinlegal/conceptos/2023/35.pdf HTTP/1.1" 200 409476
52.167.144.194 - - [16/Oct/2023:11:31:28 -0500] "GET /BLA/resoluciones/RESOLUCIONES%202023/1781.pdf HTTP/1.1" 200 362929
216.244.66.195 - - [16/Oct/2023:11:31:32 -0500] "GET /BLA/resoluciones/AUTOS%202014/2884.pdf HTTP/1.1" 200 347741
216.244.66.195 - - [16/Oct/2023:11:32:03 -0500] "GET /BLA/resoluciones/AUTOS%202015/0156.pdf HTTP/1.1" 200 429557
172.22.2.4 - - [16/Oct/2023:11:30:39 -0500] "HEAD /BLA/boletinlegal/ HTTP/1.1" 200 -
216.244.66.195 - - [16/Oct/2023:11:32:32 -0500] "GET /BLA/resoluciones/AUTOS%202015/0290.pdf HTTP/1.1" 200 451353
201.245.192.253 - - [16/Oct/2023:11:32:52 -0500] "POST /kwsrmcab/Wsrmcab  HTTP/1.1" 200 42851
216.244.66.195 - - [16/Oct/2023:11:33:01 -0500] "GET /BLA/resoluciones/AUTOS%202015/0499.pdf HTTP/1.1" 200 1519425
136.243.228.194 - - [16/Oct/2023:11:33:06 -0500] "GET /cuales-son-los-tramites-ambientales-mas-solicitados-de-bogota.html HTTP/1.1" 200 840
172.22.2.4 - - [16/Oct/2023:11:31:29 -0500] "GET /BLA/boletinlegal/ HTTP/1.1" 200 58155
216.244.66.195 - - [16/Oct/2023:11:33:44 -0500] "GET /BLA/resoluciones/AUTOS%202015/0540.pdf HTTP/1.1" 200 522735
66.249.77.9 - - [16/Oct/2023:11:34:01 -0500] "GET /BLA/resoluciones/RESOLUCIONES%202010/4891.pdf HTTP/1.1" 200 750137
216.244.66.195 - - [16/Oct/2023:11:34:15 -0500] "GET /BLA/resoluciones/AUTOS%202015/0639.pdf HTTP/1.1" 200 280907
216.244.66.195 - - [16/Oct/2023:11:34:44 -0500] "GET /BLA/resoluciones/AUTOS%202015/0698.pdf HTTP/1.1" 200 600002
216.244.66.195 - - [16/Oct/2023:11:35:13 -0500] "GET /BLA/resoluciones/AUTOS%202015/0700.pdf HTTP/1.1" 200 595525
66.249.77.9 - - [16/Oct/2023:11:35:29 -0500] "GET /BLA/resoluciones/RESOLUCIONES%202010/2300.pdf HTTP/1.1" 200 803943
216.244.66.195 - - [16/Oct/2023:11:35:41 -0500] "GET /BLA/resoluciones/AUTOS%202015/1136.pdf HTTP/1.1" 200 673543
216.245.221.92 - - [16/Oct/2023:11:35:53 -0500] "HEAD / HTTP/1.1" 200 -
216.244.66.195 - - [16/Oct/2023:11:36:10 -0500] "GET /BLA/resoluciones/AUTOS%202015/1407.pdf HTTP/1.1" 200 311161
216.244.66.195 - - [16/Oct/2023:11:36:36 -0500] "GET /BLA/resoluciones/AUTOS%202015/1435.pdf HTTP/1.1" 200 544284
216.244.66.195 - - [16/Oct/2023:11:37:03 -0500] "GET /BLA/resoluciones/AUTOS%202015/1449.pdf HTTP/1.1" 200 174700
216.244.66.195 - - [16/Oct/2023:11:37:27 -0500] "GET /BLA/resoluciones/AUTOS%202015/1466.pdf HTTP/1.1" 200 515525
201.245.192.253 - - [16/Oct/2023:11:37:46 -0500] "POST /kwsrmcab/Wsrmcab HTTP/1.1" 200 38869
216.244.66.195 - - [16/Oct/2023:11:37:49 -0500] "GET /BLA/resoluciones/AUTOS%202015/1584.pdf HTTP/1.1" 200 595916
201.245.192.253 - - [16/Oct/2023:11:37:49 -0500] "POST /kwsrmcab/Wsrmcab HTTP/1.1" 200 41275
201.245.192.253 - - [16/Oct/2023:11:37:50 -0500] "POST /kwsrmcab/Wsrmcab  HTTP/1.1" 200 42851
172.22.2.4 - - [16/Oct/2023:11:36:29 -0500] "HEAD /BLA/boletinlegal/ HTTP/1.1" 200 -
216.244.66.195 - - [16/Oct/2023:11:38:15 -0500] "GET /BLA/resoluciones/AUTOS%202015/1826.pdf HTTP/1.1" 200 587153
52.167.144.228 - - [16/Oct/2023:11:38:27 -0500] "GET /BLA/resoluciones/index.php?dir=RESOLUCIONES+2017%2F HTTP/1.1" 200 286831
216.244.66.195 - - [16/Oct/2023:11:38:40 -0500] "GET /BLA/resoluciones/AUTOS%202015/1937.pdf HTTP/1.1" 200 540451
172.22.2.4 - - [16/Oct/2023:11:37:19 -0500] "GET /BLA/boletinlegal/ HTTP/1.1" 200 60175
216.244.66.195 - - [16/Oct/2023:11:39:12 -0500] "GET /BLA/resoluciones/AUTOS%202015/2158.pdf HTTP/1.1" 200 557971
207.46.13.150 - - [16/Oct/2023:11:39:13 -0500] "GET /BLA/resoluciones/RESOLUCIONES%202023/0881.pdf HTTP/1.1" 200 504894
188.215.235.125 - - [16/Oct/2023:11:39:24 -0500] "GET /.env HTTP/1.1" 404 1018
188.215.235.125 - - [16/Oct/2023:11:39:25 -0500] "POST / HTTP/1.1" 200 319
216.244.66.195 - - [16/Oct/2023:11:39:39 -0500] "GET /BLA/resoluciones/AUTOS%202015/2279.pdf HTTP/1.1" 200 763619
216.244.66.195 - - [16/Oct/2023:11:40:05 -0500] "GET /BLA/resoluciones/AUTOS%202015/3133.pdf HTTP/1.1" 200 775772
216.244.66.195 - - [16/Oct/2023:11:40:29 -0500] "GET /BLA/resoluciones/AUTOS%202015/3265.pdf HTTP/1.1" 200 626746
216.244.66.195 - - [16/Oct/2023:11:40:52 -0500] "GET /BLA/resoluciones/AUTOS%202015/3309.pdf HTTP/1.1" 200 463846
216.245.221.92 - - [16/Oct/2023:11:40:53 -0500] "HEAD / HTTP/1.1" 200 -
216.244.66.195 - - [16/Oct/2023:11:41:13 -0500] "GET /BLA/resoluciones/AUTOS%202015/3568.pdf HTTP/1.1" 200 562631
66.249.77.8 - - [16/Oct/2023:11:41:19 -0500] "GET /BLA/resoluciones/RESOLUCIONES%202008/3167.pdf HTTP/1.1" 200 251574
216.244.66.195 - - [16/Oct/2023:11:41:34 -0500] "GET /BLA/resoluciones/RESOLUCIONES%202011/0127.pdf HTTP/1.1" 200 520694
216.244.66.195 - - [16/Oct/2023:11:41:55 -0500] "GET /BLA/resoluciones/RESOLUCIONES%202011/0290.pdf HTTP/1.1" 200 801672
216.244.66.195 - - [16/Oct/2023:11:42:14 -0500] "GET /BLA/resoluciones/RESOLUCIONES%202011/0650.pdf HTTP/1.1" 200 540189
216.244.66.195 - - [16/Oct/2023:11:42:32 -0500] "GET /BLA/resoluciones/RESOLUCIONES%202011/1088.pdf HTTP/1.1" 200 768345
52.167.144.136 - - [16/Oct/2023:11:42:47 -0500] "GET /BLA/resoluciones/RESOLUCIONES%202023/0907.pdf HTTP/1.1" 200 522520
216.244.66.195 - - [16/Oct/2023:11:42:49 -0500] "GET /BLA/resoluciones/RESOLUCIONES%202011/1370.pdf HTTP/1.1" 200 1016341
201.245.192.253 - - [16/Oct/2023:11:42:50 -0500] "POST /kwsrmcab/Wsrmcab  HTTP/1.1" 200 42851
114.119.158.133 - - [16/Oct/2023:11:42:53 -0500] "GET /BLA/resoluciones/index.php?dir=AUTOS%2B2016/ HTTP/1.1" 200 13882
216.244.66.195 - - [16/Oct/2023:11:43:05 -0500] "GET /BLA/resoluciones/RESOLUCIONES%202011/1438.pdf HTTP/1.1" 200 512091
216.244.66.195 - - [16/Oct/2023:11:43:20 -0500] "GET /BLA/resoluciones/RESOLUCIONES%202011/1745.pdf HTTP/1.1" 200 514928
216.244.66.195 - - [16/Oct/2023:11:43:34 -0500] "GET /BLA/resoluciones/RESOLUCIONES%202011/1763.pdf HTTP/1.1" 200 517280
216.244.66.195 - - [16/Oct/2023:11:43:46 -0500] "GET /BLA/resoluciones/RESOLUCIONES%202011/1837.pdf HTTP/1.1" 200 501158
216.244.66.195 - - [16/Oct/2023:11:43:58 -0500] "GET /BLA/resoluciones/RESOLUCIONES%202018/0075.pdf HTTP/1.1" 200 273335
172.22.2.4 - - [16/Oct/2023:11:42:19 -0500] "HEAD /BLA/boletinlegal/ HTTP/1.1" 200 -
216.244.66.195 - - [16/Oct/2023:11:44:09 -0500] "GET /BLA/resoluciones/RESOLUCIONES%202018/0464.pdf HTTP/1.1" 200 255827
216.244.66.195 - - [16/Oct/2023:11:44:18 -0500] "GET /BLA/resoluciones/RESOLUCIONES%202018/1253.pdf HTTP/1.1" 200 339212
114.119.146.109 - - [16/Oct/2023:11:44:18 -0500] "GET /BLA/resoluciones/index.php?dir=Notificaciones/AUTOS%2B2019/&sort=date&order=asc HTTP/1.1" 200 13944
216.244.66.195 - - [16/Oct/2023:11:44:27 -0500] "GET /BLA/resoluciones/RESOLUCIONES%202018/1372.pdf HTTP/1.1" 200 534491
216.244.66.195 - - [16/Oct/2023:11:44:34 -0500] "GET /BLA/resoluciones/RESOLUCIONES%202018/1413.pdf HTTP/1.1" 200 373928
216.244.66.195 - - [16/Oct/2023:11:44:41 -0500] "GET /BLA/resoluciones/RESOLUCIONES%202018/1715.pdf HTTP/1.1" 200 1087206
216.244.66.195 - - [16/Oct/2023:11:44:47 -0500] "GET /BLA/resoluciones/RESOLUCIONES%202018/1788.pdf HTTP/1.1" 200 274638
172.22.2.4 - - [16/Oct/2023:11:43:09 -0500] "GET /BLA/boletinlegal/ HTTP/1.1" 200 55792
216.244.66.195 - - [16/Oct/2023:11:44:52 -0500] "GET /BLA/resoluciones/RESOLUCIONES%202018/2245.pdf HTTP/1.1" 200 3024357
216.244.66.195 - - [16/Oct/2023:11:45:04 -0500] "GET /BLA/resoluciones/RESOLUCIONES%202018/2304.PDF HTTP/1.1" 200 12376294
216.244.66.195 - - [16/Oct/2023:11:45:22 -0500] "GET /BLA/resoluciones/RESOLUCIONES%202018/2538.pdf HTTP/1.1" 200 7116353
114.119.155.122 - - [16/Oct/2023:11:45:45 -0500] "GET /BLA/resoluciones/index.php?dir=2018/&sort=size&order=desc HTTP/1.1" 200 1607
216.245.221.92 - - [16/Oct/2023:11:45:53 -0500] "HEAD / HTTP/1.1" 200 -
216.244.66.195 - - [16/Oct/2023:11:45:53 -0500] "GET /BLA/resoluciones/RESOLUCIONES%202018/2586.pdf HTTP/1.1" 200 254653
172.22.2.4 - - [16/Oct/2023:11:45:58 -0500] "GET /BLA/boletinlegal/style.css HTTP/1.1" 200 9406
172.22.2.4 - - [16/Oct/2023:11:45:58 -0500] "GET /BLA/boletinlegal/styles2.css HTTP/1.1" 200 1838
172.22.2.4 - - [16/Oct/2023:11:45:58 -0500] "GET /BLA/boletinlegal/js/jquery.js HTTP/1.1" 200 57254
172.22.2.4 - - [16/Oct/2023:11:45:58 -0500] "GET /BLA/boletinlegal/js/jquery.scrollTo-min.js HTTP/1.1" 200 1150
172.22.2.4 - - [16/Oct/2023:11:45:58 -0500] "GET /BLA/boletinlegal/images/cabezote%20BLEGAL.jpg HTTP/1.1" 200 118164
172.22.2.4 - - [16/Oct/2023:11:45:58 -0500] "GET /BLA/boletinlegal/js/jquery.scrollShow.js HTTP/1.1" 200 4586
172.22.2.4 - - [16/Oct/2023:11:45:58 -0500] "GET /BLA/boletinlegal/images/screen_1.png HTTP/1.1" 200 202547
172.22.2.4 - - [16/Oct/2023:11:45:58 -0500] "GET /BLA/boletinlegal/images/subscribe-icon-big.png HTTP/1.1" 200 47702
172.22.2.4 - - [16/Oct/2023:11:45:58 -0500] "GET /BLA/boletinlegal/images/historia.png HTTP/1.1" 200 52775
172.22.2.4 - - [16/Oct/2023:11:45:58 -0500] "GET /BLA/boletinlegal/images/registro-usuarios.png HTTP/1.1" 200 8106
172.22.2.4 - - [16/Oct/2023:11:45:58 -0500] "GET /BLA/boletinlegal/images/arr_l.jpg HTTP/1.1" 200 1979
172.22.2.4 - - [16/Oct/2023:11:45:58 -0500] "GET /BLA/boletinlegal/images/launch.jpg HTTP/1.1" 200 14577
172.22.2.4 - - [16/Oct/2023:11:45:58 -0500] "GET /BLA/boletinlegal/images/body_bg.jpg HTTP/1.1" 200 1601
172.22.2.4 - - [16/Oct/2023:11:45:58 -0500] "GET /BLA/boletinlegal/images/menu_lft.gif HTTP/1.1" 200 1713
172.22.2.4 - - [16/Oct/2023:11:45:58 -0500] "GET /BLA/boletinlegal/images/menu_rght.gif HTTP/1.1" 200 1627
172.22.2.4 - - [16/Oct/2023:11:45:58 -0500] "GET /BLA/boletinlegal/images/bg_top.jpg HTTP/1.1" 200 522
172.22.2.4 - - [16/Oct/2023:11:45:58 -0500] "GET /BLA/boletinlegal/images/menu_bg.jpg HTTP/1.1" 200 620
172.22.2.4 - - [16/Oct/2023:11:45:58 -0500] "GET /BLA/boletinlegal/images/text.jpg HTTP/1.1" 200 568
172.22.2.4 - - [16/Oct/2023:11:45:58 -0500] "GET /BLA/boletinlegal/images/hover.jpg HTTP/1.1" 200 640
172.22.2.4 - - [16/Oct/2023:11:46:00 -0500] "GET /BLA/boletinlegal/actos.php HTTP/1.1" 200 9682
172.22.2.4 - - [16/Oct/2023:11:46:00 -0500] "GET /BLA/boletinlegal/js/ajax_actos.js HTTP/1.1" 200 1322
172.22.2.4 - - [16/Oct/2023:11:46:00 -0500] "GET /BLA/boletinlegal/niceforms.js HTTP/1.1" 200 22876
172.22.2.4 - - [16/Oct/2023:11:46:00 -0500] "GET /BLA/boletinlegal/niceforms-default.css HTTP/1.1" 200 6694
172.22.2.4 - - [16/Oct/2023:11:46:00 -0500] "GET /BLA/boletinlegal/js/lib.js HTTP/1.1" 200 6474
172.22.2.4 - - [16/Oct/2023:11:46:00 -0500] "GET /BLA/boletinlegal/js/popup.js HTTP/1.1" 200 1270
172.22.2.4 - - [16/Oct/2023:11:46:00 -0500] "GET /BLA/boletinlegal/js/jquery1.js HTTP/1.1" 200 29846
172.22.2.4 - - [16/Oct/2023:11:46:00 -0500] "GET /BLA/boletinlegal/images/green-yellow-blue-pink-th.png HTTP/1.1" 200 7394
172.22.2.4 - - [16/Oct/2023:11:46:00 -0500] "GET /BLA/boletinlegal/images/tel.png HTTP/1.1" 200 14477
172.22.2.4 - - [16/Oct/2023:11:46:00 -0500] "GET /BLA/boletinlegal/images/icono-email.png HTTP/1.1" 200 5544
172.22.2.4 - - [16/Oct/2023:11:46:01 -0500] "GET /BLA/boletinlegal/images/footer_bg.jpg HTTP/1.1" 200 586
172.22.2.4 - - [16/Oct/2023:11:46:01 -0500] "GET /BLA/boletinlegal/images/footer_bg_l.jpg HTTP/1.1" 200 776
172.22.2.4 - - [16/Oct/2023:11:46:01 -0500] "GET /BLA/boletinlegal/img/0.png HTTP/1.1" 200 110
172.22.2.4 - - [16/Oct/2023:11:46:01 -0500] "GET /BLA/boletinlegal/img/select-left.png HTTP/1.1" 200 263
172.22.2.4 - - [16/Oct/2023:11:46:01 -0500] "GET /BLA/boletinlegal/img/select-right.png HTTP/1.1" 200 44019
172.22.2.4 - - [16/Oct/2023:11:46:01 -0500] "GET /BLA/boletinlegal/img/button-left.png HTTP/1.1" 200 57071
172.22.2.4 - - [16/Oct/2023:11:46:01 -0500] "GET /BLA/boletinlegal/img/button-right.png HTTP/1.1" 200 57878
172.22.2.4 - - [16/Oct/2023:11:46:01 -0500] "GET /BLA/boletinlegal/img/button.png HTTP/1.1" 200 43241
172.22.2.4 - - [16/Oct/2023:11:46:01 -0500] "GET /BLA/boletinlegal/favicon.ico HTTP/1.1" 404 1326
172.22.2.4 - - [16/Oct/2023:11:46:10 -0500] "GET /BLA/boletinlegal/consulta_actos.php?tipo=autos&no=&usuario=&sector=&fecha=2023&resuelve=INICIO%20 HTTP/1.1" 200 914830
172.22.2.4 - - [16/Oct/2023:11:46:11 -0500] "GET /BLA/boletinlegal/images/pdf.gif HTTP/1.1" 200 567
172.22.2.4 - - [16/Oct/2023:11:46:12 -0500] "GET /BLA/boletinlegal/images/background.gif HTTP/1.1" 200 -
172.22.2.4 - - [16/Oct/2023:11:46:22 -0500] "GET /BLA/boletinlegal/consulta_actos.php?tipo=autos&no=&usuario=&sector=VERTIMIENTOS&fecha=2023&resuelve=INICIO%20 HTTP/1.1" 200 146160
216.244.66.195 - - [16/Oct/2023:11:46:23 -0500] "GET /BLA/resoluciones/RESOLUCIONES%202018/2680.pdf HTTP/1.1" 200 321517
172.22.2.4 - - [16/Oct/2023:11:45:56 -0500] "GET /BLA/boletinlegal/ HTTP/1.1" 200 24523
172.22.2.4 - - [16/Oct/2023:11:46:39 -0500] "GET /BLA/boletinlegal/consulta_actos.php?tipo=autos&no=&usuario=&sector=VERTIMIENTOS&fecha=2023&resuelve=INICIO%20SANCIONATORIO HTTP/1.1" 200 626
172.22.2.4 - - [16/Oct/2023:11:46:44 -0500] "GET /BLA/boletinlegal/consulta_actos.php?tipo=autos&no=&usuario=&sector=VERTIMIENTOS&fecha=2023&resuelve=INICIO HTTP/1.1" 200 146160
216.244.66.195 - - [16/Oct/2023:11:46:51 -0500] "GET /BLA/resoluciones/RESOLUCIONES%202018/2755.pdf HTTP/1.1" 200 396837
186.84.90.231 - - [16/Oct/2023:11:46:57 -0500] "GET /BLA/resoluciones/AUTOS%202023/4230.pdf HTTP/1.1" 200 855539
186.84.90.231 - - [16/Oct/2023:11:46:57 -0500] "GET /favicon.ico HTTP/1.1" 200 7782
216.244.66.195 - - [16/Oct/2023:11:47:22 -0500] "GET /BLA/resoluciones/RESOLUCIONES%202018/3449.pdf HTTP/1.1" 200 216634
186.84.90.231 - - [16/Oct/2023:11:47:27 -0500] "GET /BLA/resoluciones/AUTOS%202023/4228.pdf HTTP/1.1" 200 804284
216.244.66.195 - - [16/Oct/2023:11:47:48 -0500] "GET /BLA/resoluciones/RESOLUCIONES%202018/3958.pdf HTTP/1.1" 200 340268
201.245.192.253 - - [16/Oct/2023:11:47:49 -0500] "POST /kwsrmcab/Wsrmcab  HTTP/1.1" 200 42851
216.244.66.195 - - [16/Oct/2023:11:48:15 -0500] "GET /BLA/resoluciones/RESOLUCIONES%202018/4012.pdf HTTP/1.1" 200 457721
172.22.2.4 - - [16/Oct/2023:11:48:09 -0500] "HEAD /BLA/boletinlegal/ HTTP/1.1" 200 -
172.22.2.4 - - [16/Oct/2023:11:48:59 -0500] "GET /BLA/boletinlegal/ HTTP/1.1" 200 57439
216.245.221.92 - - [16/Oct/2023:11:50:53 -0500] "HEAD / HTTP/1.1" 200 -
66.249.77.10 - - [16/Oct/2023:11:51:12 -0500] "GET /BLA/boletinlegal/Circulares/2013/Circular%20No.%202%20del%2022%20de%20enero%20de%202013.pdf HTTP/1.1" 200 85466
66.249.77.10 - - [16/Oct/2023:11:51:12 -0500] "GET /BLA/boletinlegal/Circulares/2013/Circular%20No.%203%20del%2005%20de%20abril%20de%202013.pdf HTTP/1.1" 200 93580
66.249.66.165 - - [16/Oct/2023:11:51:28 -0500] "GET /portaldeninos/2021/06/01/agroecologia-tips-para-germinar-semillas-en-casa/ HTTP/1.1" 200 105801
66.249.66.164 - - [16/Oct/2023:11:51:30 -0500] "GET /portaldeninos/wp-includes/js/jquery/jquery.js?ver=1.12.4 HTTP/1.1" 200 97184
66.249.66.164 - - [16/Oct/2023:11:51:31 -0500] "GET /portaldeninos/wp-includes/js/comment-reply.min.js?ver=4.9.8 HTTP/1.1" 200 1078
66.249.77.10 - - [16/Oct/2023:11:52:38 -0500] "GET /BLA/resoluciones/RESOLUCIONES%202009/4643.pdf HTTP/1.1" 200 548311
201.245.192.253 - - [16/Oct/2023:11:52:48 -0500] "POST /kwsrmcab/Wsrmcab  HTTP/1.1" 200 42851
66.249.66.38 - - [16/Oct/2023:11:54:25 -0500] "GET /robots.txt HTTP/1.1" 404 1034
66.249.66.38 - - [16/Oct/2023:11:54:25 -0500] "GET /mas-de-28-toneladas-de-residuos-se-recolectaron-en-la-primera-reciclaton-2023.html HTTP/1.1" 304 -
157.55.39.15 - - [16/Oct/2023:11:54:37 -0500] "GET /Publicaciones/2023EE224586.pdf HTTP/1.1" 404 228
52.167.144.235 - - [16/Oct/2023:11:55:08 -0500] "GET /images/CORREO.jpg HTTP/1.1" 200 39337
172.22.2.4 - - [16/Oct/2023:11:53:59 -0500] "HEAD /BLA/boletinlegal/ HTTP/1.1" 200 -
216.245.221.92 - - [16/Oct/2023:11:55:53 -0500] "HEAD / HTTP/1.1" 200 -
172.22.2.4 - - [16/Oct/2023:11:56:06 -0500] "GET /BLA/boletinlegal/actos.php HTTP/1.1" 200 9682
172.22.2.4 - - [16/Oct/2023:11:56:07 -0500] "GET /BLA/boletinlegal/favicon.ico HTTP/1.1" 404 1326
186.28.132.97 - - [16/Oct/2023:11:56:09 -0500] "GET /BLA/resoluciones/ HTTP/1.1" 200 13696
186.28.132.97 - - [16/Oct/2023:11:56:10 -0500] "GET /favicon.ico HTTP/1.1" 200 7782
186.28.132.97 - - [16/Oct/2023:11:56:17 -0500] "GET /BLA/resoluciones/index.php?dir=AUTOS+2022%2F HTTP/1.1" 200 507485
186.28.132.97 - - [16/Oct/2023:11:56:27 -0500] "GET /BLA/resoluciones/AUTOS%202022/7946.pdf HTTP/1.1" 200 445773
172.22.2.4 - - [16/Oct/2023:11:54:49 -0500] "GET /BLA/boletinlegal/ HTTP/1.1" 200 55429
172.22.2.4 - - [16/Oct/2023:11:56:01 -0500] "GET /BLA/boletinlegal/ HTTP/1.1" 200 24523
52.167.144.192 - - [16/Oct/2023:11:57:37 -0500] "GET /Publicaciones/2023EE221679.pdf HTTP/1.1" 404 228
52.167.144.192 - - [16/Oct/2023:11:57:37 -0500] "GET /Publicaciones/2023EE235408.pdf HTTP/1.1" 200 232036
157.55.39.200 - - [16/Oct/2023:11:57:44 -0500] "GET /Publicaciones/2023EE192186.pdf HTTP/1.1" 404 228
201.245.192.253 - - [16/Oct/2023:11:57:47 -0500] "POST /kwsrmcab/Wsrmcab  HTTP/1.1" 200 42851
216.245.221.92 - - [16/Oct/2023:12:00:53 -0500] "HEAD / HTTP/1.1" 200 -
45.12.253.166 - - [16/Oct/2023:12:00:57 -0500] "GET /.env HTTP/1.1" 404 1018
45.12.253.166 - - [16/Oct/2023:12:00:57 -0500] "POST / HTTP/1.1" 200 319
172.22.2.4 - - [16/Oct/2023:11:59:49 -0500] "HEAD /BLA/boletinlegal/ HTTP/1.1" 200 -
52.167.144.192 - - [16/Oct/2023:12:01:29 -0500] "GET /BLA/resoluciones/RESOLUCIONES%202007/RES%202007%203201%20AL%203300/RESOLUCION%203291%20DE%202007.pdf HTTP/1.1" 200 26503
172.22.2.4 - - [16/Oct/2023:12:00:39 -0500] "GET /BLA/boletinlegal/ HTTP/1.1" 200 60531
201.245.192.253 - - [16/Oct/2023:12:02:46 -0500] "POST /kwsrmcab/Wsrmcab  HTTP/1.1" 200 42851
66.249.77.8 - - [16/Oct/2023:12:02:49 -0500] "GET /BLA/resoluciones/RESOLUCIONES%202009/0002.pdf HTTP/1.1" 200 234079
216.244.66.195 - - [16/Oct/2023:12:03:38 -0500] "GET /robots.txt HTTP/1.1" 404 1018
216.245.221.92 - - [16/Oct/2023:12:05:53 -0500] "HEAD / HTTP/1.1" 200 -
172.22.2.4 - - [16/Oct/2023:12:06:29 -0500] "GET /BLA/boletinlegal/actos.php HTTP/1.1" 200 9682
172.22.2.4 - - [16/Oct/2023:12:06:31 -0500] "GET /BLA/boletinlegal/favicon.ico HTTP/1.1" 404 1326
172.22.2.4 - - [16/Oct/2023:12:06:42 -0500] "GET /BLA/boletinlegal/consulta_actos.php?tipo=resoluciones&no=0397&usuario=&sector=&fecha=2022&resuelve= HTTP/1.1" 200 1086
123.126.68.11 - - [16/Oct/2023:12:06:43 -0500] "GET / HTTP/1.1" 200 319
114.119.149.65 - - [16/Oct/2023:12:06:53 -0500] "GET /BLA/resoluciones/index.php?dir=RESOLUCIONES%2B1993/&sort=size&order=asc HTTP/1.1" 200 13903
173.252.87.116 - - [16/Oct/2023:12:07:01 -0500] "GET /reciclaton-empresarial-2023-como-inscribirse-a-la-primera-jornada-del-ano.html HTTP/1.1" 200 705
172.22.2.4 - - [16/Oct/2023:12:07:02 -0500] "GET /BLA/boletinlegal/consulta_actos.php?tipo=resoluciones&no=3075&usuario=&sector=&fecha=2022&resuelve= HTTP/1.1" 200 37011
172.22.2.4 - - [16/Oct/2023:12:05:39 -0500] "HEAD /BLA/boletinlegal/ HTTP/1.1" 200 -
173.252.87.119 - - [16/Oct/2023:12:07:42 -0500] "GET /dale-una-nueva-oportunidad-a-tu-ropa-usada-se-trasladan-dos-puntos-para-llevarla.html HTTP/1.1" 200 913
201.245.192.253 - - [16/Oct/2023:12:07:45 -0500] "POST /kwsrmcab/Wsrmcab  HTTP/1.1" 200 42851
66.249.66.39 - - [16/Oct/2023:12:08:03 -0500] "GET /camino-guadalupe-aguanoso-abierto-de-nuevo-al-publico.html HTTP/1.1" 304 -
172.22.2.4 - - [16/Oct/2023:12:06:29 -0500] "GET /BLA/boletinlegal/ HTTP/1.1" 200 57802
114.119.144.37 - - [16/Oct/2023:12:08:17 -0500] "GET /BLA/resoluciones/index.php?dir=AUTOS%2B2006/&sort=date&order=asc HTTP/1.1" 200 13882
52.167.144.179 - - [16/Oct/2023:12:08:30 -0500] "GET /BLA/resoluciones/RESOLUCIONES%202023/0517.pdf HTTP/1.1" 200 416079
172.22.2.4 - - [16/Oct/2023:12:08:43 -0500] "GET /BLA/boletinlegal/jurisprudencia/analisis/AnalisisC-746-12.docx HTTP/1.1" 200 22637
66.249.77.9 - - [16/Oct/2023:12:08:45 -0500] "GET /BLA/resoluciones/RESOLUCIONES%202009/5354.pdf HTTP/1.1" 200 428652
114.119.133.67 - - [16/Oct/2023:12:09:45 -0500] "GET /portalsiaccapacitaciones/Soportes%20Capacitaciones%202017/Presentacin%20PIRE%2020OCT.pdf HTTP/1.1" 404 1272
216.245.221.92 - - [16/Oct/2023:12:10:53 -0500] "HEAD / HTTP/1.1" 200 -
66.249.77.10 - - [16/Oct/2023:12:12:29 -0500] "GET /BLA/resoluciones/RESOLUCIONES%202014/1095.pdf HTTP/1.1" 200 586287
201.245.192.253 - - [16/Oct/2023:12:12:45 -0500] "POST /kwsrmcab/Wsrmcab  HTTP/1.1" 200 42851
172.22.2.4 - - [16/Oct/2023:12:11:29 -0500] "HEAD /BLA/boletinlegal/ HTTP/1.1" 200 -
69.171.249.8 - - [16/Oct/2023:12:13:48 -0500] "GET /images/cr\xc3\xb3nica-29-nov-1_optimized.jpeg HTTP/1.1" 404 1034
172.22.2.4 - - [16/Oct/2023:12:12:19 -0500] "GET /BLA/boletinlegal/ HTTP/1.1" 200 58155
66.249.66.37 - - [16/Oct/2023:12:14:49 -0500] "GET /nata-de-contaminacion-fenomeno-de-inversion-termica-que-se-presenta-en-bogota.html HTTP/1.1" 200 751
186.102.26.254 - - [16/Oct/2023:12:14:51 -0500] "GET /kwssiamovil/sm/ldap/au?x=U2FsdGVkX1+N8mdazsM9m+bXK4rIhdYEZBy2dGuhYM2v+8j9i48KABUX+zcXX3rk&y=U2FsdGVkX1/6P9XVB/XS8WzBxh1vG2sIXFCIsiWHuZ0YmeCnQvalZzIiExDuqypm HTTP/1.1" 200 30
186.102.26.254 - - [16/Oct/2023:12:14:51 -0500] "GET /kwssiamovil/sm/acme/s?s=U2FsdGVkX18DAL0sUbjY3HZWvGuuliOn1YGSddQXkZWqnCQHPjBEGERVYH6uztHGB+64wy9O0qD4KYm4WfX4hx8t/aNfOYQ6e5zQVpp5tUM=&u=U2FsdGVkX18ImwwrYOce/2KNhuJPSTVd7wk7HGzQWGUa+RQcHMUlhV6Ggu8jqCfm&y=U2FsdGVkX1/6P9XVB/XS8WzBxh1vG2sIXFCIsiWHuZ0YmeCnQvalZzIiExDuqypm HTTP/1.1" 200 97
186.102.26.254 - - [16/Oct/2023:12:14:52 -0500] "GET /kwssiamovil/sm/acme/s?s=U2FsdGVkX19nRyztzYG1yGPkkN347LdmE2truR846ZGWWeAk6jSqlLGLjzge/9r1v3A07RmEOd5Rh1hqINuJv5Isfzr0DWr7Fzh7EBrNcv1z+Z9C9zPUC5MJ01dc9pOBusOLOaDZ8GW4j5eymKUlNuwq+7e1nlUrfJqxzsXaN4GR2SxTEvOZWWNgMsFYmyYNdh3k9Zkf0Hl4/LNQs/D4Y75j8eXslet5CTLM3AfhcarLDO7RCfRrrTMt+ZBHSWPXFUtJVCMWFQ70IraSwSF2JrA11kr4hXn5OqQKmIAjaY4de9YrPnFFkPLlLpFlrUlWAoMlrK29bssM7DM2dTZ5DABUePU/M64SZlIVkFp9n8ReoJAZBMmfWwrgFIqfefhmz0DvyUmFWavEoP87EKIf3IQquDWJLTq1dAbnNdTO1HfFAhorLmdioTm7SqV1A2Axy3WjXlqk3tjSCRPKe/QzhSltQHNYjUff/C3sV/baU+OYdFoqtB85kXqqs6AQjCk9+ToO6SlaLM7LBqhA/ySJlT6KuXK4viXyIlHXWgZXx70zSehbZIQg1qfXY8fhK8oSE3FmgN9wZBwGf1XADx4L0JwRHsINULVgMv2DHb49YaUqxb8dYlfGsWQkJ/a8EVGXPdYy+oHGlJZc9n6NQ7Xe4y4K4o/zN2CQYbxqZEDrotUTD5eKTMKFNIwLLRmEacsz12beZvt0QYAVEZDU1HwmcHZJcR8ZQqoippw0A8/MQm17gJBiVcT/pGkRMskL2phre+281+dSkT34Nm586KceUvmcwzRPw8HxxP3skMxqxJ56MrVa+qyuypipB/wmkwfWykTis86kmoIkp2TRpcfzNUa/Tvl6926AF5IAWP6J9gpRwur7XFwT7gXtcNAznxHByyHvOalrXeGH/fMywcv9f6anO0/uS2WfPgsSAerlX99UqzQWAgaTZTZ9/IfPdI31YUDZ8QdNEF8L60M6PzVy/Kf/+3WNVlH2kbG+5F31KHYL/mb/MX0GBnXdS1Onob1nzSmTH/tyiLEekEtjycBfIxhSL8sWZLW3aeguY+vrWB5kuDlTzijxpXBDNiRdp+3Ut5K9KlomqSM2OGiavGujhbw2cZRyeJfpQMX6ZBgscIsTA3jGy4SknMkSrlqKTiQXg0GP9T9VJDr4fyjUPhmD+X5JO6QzPZ/t40PmUooRk2Pjcqmvqj5nO0SVVa3pPTgBw9J59p++jhU1YR+kQuO0L5VRvnEFj7Byrf2ynZHaZnPCN0uiHDHuAlUBofDjmb7/hAHW2FoN2KUTKsP+7DqxBXGsjJFLMi73LZiYryPs0tzqmwRl5G2nLjOh61g3v2Hb8hEgXXk1ls5UEvn2puP63c4xnfYffn0Nqf8G+89OkxtCHK759sb9Xnb6YHtulR/x/kGvMos8trOVN93uiC5owN3cjPaLorncf/mVfPHBB0s=&u=U2FsdGVkX18ImwwrYOce/2KNhuJPSTVd7wk7HGzQWGUa+RQcHMUlhV6Ggu8jqCfm&y=U2FsdGVkX1/6P9XVB/XS8WzBxh1vG2sIXFCIsiWHuZ0YmeCnQvalZzIiExDuqypm HTTP/1.1" 200 4187
186.102.26.254 - - [16/Oct/2023:12:14:52 -0500] "GET /kwssiamovil/sm/acme/s?s=U2FsdGVkX19jYPO1STJprjSvCgAjqiriBcdPyH1KEk/0E8ZDaJ40MCQQFNoE95fOHCCRnsrkXNA9qrF+utRa9bCcmcuhD378jnp8i+SikT2m7kU5NtuhOmfqpQq048qXtAevhAIUVmAFacqXUvwiqZyEe1ncU9fjwKNLA/GqyeHsAirOBMyJuc399HXpltovGch1g+YxE16+a/WycVOAaJdmIdfCbIV1+rCvBUuDefm8uVSwX+sGNeZhvBLkuQqy+qtiWjKnpMJEnCvweTKaTUxTKUJbk6TEkSNbmlhGWECTp8fnDPT5u+NOoJfb0/KXhDgFJkG0fHF5TJh2sLAEk89UN3sJm2pA7JJpAXC8Lp8=&u=U2FsdGVkX18ImwwrYOce/2KNhuJPSTVd7wk7HGzQWGUa+RQcHMUlhV6Ggu8jqCfm&y=U2FsdGVkX1/6P9XVB/XS8WzBxh1vG2sIXFCIsiWHuZ0YmeCnQvalZzIiExDuqypm HTTP/1.1" 200 196
186.102.26.254 - - [16/Oct/2023:12:14:52 -0500] "GET /kwssiamovil/sm/cjson/pre?f=1&x=U2FsdGVkX1+N8mdazsM9m+bXK4rIhdYEZBy2dGuhYM2v+8j9i48KABUX+zcXX3rk HTTP/1.1" 200 31032
69.171.249.9 - - [16/Oct/2023:12:15:16 -0500] "GET /images/cr\xc3\xb3nica-29-nov-1_optimized.jpeg HTTP/1.1" 404 1034
186.29.165.62 - - [16/Oct/2023:12:15:16 -0500] "GET /BLA/resoluciones/index.php?dir=AUTOS+2019%2F HTTP/1.1" 200 388964
173.252.107.2 - - [16/Oct/2023:12:15:29 -0500] "GET /images/Zuque%20(1)%20(1).jpeg HTTP/1.1" 200 66921
173.252.107.119 - - [16/Oct/2023:12:15:31 -0500] "GET /images/pieza-voluntariado-ambiental.jpeg HTTP/1.1" 200 51125
173.252.107.6 - - [16/Oct/2023:12:15:36 -0500] "GET /images/avistamiento-aves.jpg HTTP/1.1" 200 104313
186.29.165.62 - - [16/Oct/2023:12:15:43 -0500] "GET /BLA/resoluciones/AUTOS%202019/1966.pdf HTTP/1.1" 200 324838
216.245.221.92 - - [16/Oct/2023:12:15:52 -0500] "HEAD / HTTP/1.1" 200 -
172.22.2.4 - - [16/Oct/2023:12:16:32 -0500] "GET /BLA/boletinlegal/actos.php HTTP/1.1" 200 9682
172.22.2.4 - - [16/Oct/2023:12:16:33 -0500] "GET /BLA/boletinlegal/styles2.css HTTP/1.1" 200 1838
172.22.2.4 - - [16/Oct/2023:12:16:33 -0500] "GET /BLA/boletinlegal/js/ajax_actos.js HTTP/1.1" 200 1322
172.22.2.4 - - [16/Oct/2023:12:16:33 -0500] "GET /BLA/boletinlegal/niceforms-default.css HTTP/1.1" 200 6694
172.22.2.4 - - [16/Oct/2023:12:16:33 -0500] "GET /BLA/boletinlegal/style.css HTTP/1.1" 200 9406
172.22.2.4 - - [16/Oct/2023:12:16:33 -0500] "GET /BLA/boletinlegal/niceforms.js HTTP/1.1" 200 22876
172.22.2.4 - - [16/Oct/2023:12:16:33 -0500] "GET /BLA/boletinlegal/js/lib.js HTTP/1.1" 200 6474
172.22.2.4 - - [16/Oct/2023:12:16:33 -0500] "GET /BLA/boletinlegal/js/popup.js HTTP/1.1" 200 1270
172.22.2.4 - - [16/Oct/2023:12:16:33 -0500] "GET /BLA/boletinlegal/js/jquery1.js HTTP/1.1" 200 29846
172.22.2.4 - - [16/Oct/2023:12:16:33 -0500] "GET /BLA/boletinlegal/images/cabezote%20BLEGAL.jpg HTTP/1.1" 200 118164
172.22.2.4 - - [16/Oct/2023:12:16:34 -0500] "GET /BLA/boletinlegal/images/subscribe-icon-big.png HTTP/1.1" 200 47702
172.22.2.4 - - [16/Oct/2023:12:16:34 -0500] "GET /BLA/boletinlegal/images/historia.png HTTP/1.1" 200 52775
172.22.2.4 - - [16/Oct/2023:12:16:34 -0500] "GET /BLA/boletinlegal/images/registro-usuarios.png HTTP/1.1" 200 8106
172.22.2.4 - - [16/Oct/2023:12:16:34 -0500] "GET /BLA/boletinlegal/images/green-yellow-blue-pink-th.png HTTP/1.1" 200 7394
172.22.2.4 - - [16/Oct/2023:12:16:34 -0500] "GET /BLA/boletinlegal/images/tel.png HTTP/1.1" 200 14477
172.22.2.4 - - [16/Oct/2023:12:16:34 -0500] "GET /BLA/boletinlegal/images/icono-email.png HTTP/1.1" 200 5544
172.22.2.4 - - [16/Oct/2023:12:16:34 -0500] "GET /BLA/boletinlegal/images/body_bg.jpg HTTP/1.1" 200 1601
172.22.2.4 - - [16/Oct/2023:12:16:34 -0500] "GET /BLA/boletinlegal/images/menu_lft.gif HTTP/1.1" 200 1713
172.22.2.4 - - [16/Oct/2023:12:16:34 -0500] "GET /BLA/boletinlegal/images/bg_top.jpg HTTP/1.1" 200 522
172.22.2.4 - - [16/Oct/2023:12:16:34 -0500] "GET /BLA/boletinlegal/images/menu_bg.jpg HTTP/1.1" 200 620
172.22.2.4 - - [16/Oct/2023:12:16:34 -0500] "GET /BLA/boletinlegal/images/menu_rght.gif HTTP/1.1" 200 1627
172.22.2.4 - - [16/Oct/2023:12:16:34 -0500] "GET /BLA/boletinlegal/images/hover.jpg HTTP/1.1" 200 640
172.22.2.4 - - [16/Oct/2023:12:16:34 -0500] "GET /BLA/boletinlegal/images/footer_bg.jpg HTTP/1.1" 200 586
172.22.2.4 - - [16/Oct/2023:12:16:34 -0500] "GET /BLA/boletinlegal/images/text.jpg HTTP/1.1" 200 568
172.22.2.4 - - [16/Oct/2023:12:16:34 -0500] "GET /BLA/boletinlegal/images/footer_bg_l.jpg HTTP/1.1" 200 776
