186.102.58.180 - - [16/Oct/2023:21:47:30 -0500] "GET /kwssiamovil/sm/acme/a?s=U2FsdGVkX18FTQEMlVZO4LJiX2bkov2AyKRstXgJ4HlHIUGtrsF7eAK4MTlhCyRAbTqFPwMy0RtQQRGBC6Ebb5MLIj2sHVkGVLZAdChaQ6TpaVnG96Hh0MXEMM/iJzBy9SsvIFfj6kWs+De/XuD6JKQztBFYSomSADMeBpMSKEDOaLQx74kNf3CmIRvU5+oemNERHkqyS2FM2w3t3HANM1bB8vgYd4v8pvwxl8oaehAJ8o05pd5CEVfl/Km2lPyMkpN2ZXYqXhCHiUZaIFOht0pm02evXX88XuLFYAEVdyqRJWUnOhEKSWrBoCwV0Gz6oAuG/3kph0MJK76P6hyv/9zg0TDKf8gdRY88QHTx5TburgKcoa//bUJpRd6AfRZ8zybjVzsX+OSuoM958P1MBgLx9CcxEC02RniP4TSTiyhLsVi4PX+DP/iWFJEIc+9dvk6gLvWLRmScPYwYgnVVQPA2qcn5s6xe948DLWKYqMhlWoPIAQ4Y3H/nJkVLqPUNrV+Gdo+NiHFtveN/7iANHT2wKlUjETm+ZqjzqnwlVX2HVZL+1zxfyf+3b5ymNNmx1Qf6eqBrR0HUMmI8SW0tGMiaQ8VMvxiAN2gBGyzGZhhINDPhPeCNplFs2J6bNCFnKSqEThxX+h1+CVT274uTMHdiaFRt7fgLiVAHgKGmNxnrCd8XalFcVXXPi1hsubwVZ8LW7Rlr3IhCmd2/yBmR0qp4pfTUB5s2N+3a1FE6N98EHe2jCE68RKTlXDaQA+GUu2HeY5PinKbLMazJNrsMVjJCsFIiwKfeD5EEcFxVExZfDSsPIRWTNdmpDzw7AI7P85slURiCCu1NHKo0KnDcLs9wVVHuEkduE1a5AIKDRtGy4QMjnXoIIPPaoNznCGLxtsl2Tm9W3rKbYOZWEPRP1YuG9Wu1k6P/c1OtXbo2D4Ks+ANu8JNvirMv7nBqZ6uKgf5GqyYy3PJNTDUhh0VDcwCDfFEdKGMNOiQx3fMSwmitQxXjU5FIoVORnmHtHEBdz4/7c8EicsN2gGFUh9GSxzaLLMZRaFafTy9aAmlVodZfLQZwqUXQmcjfHKV+y8wD6Pgw62vsFfxtm1NI7vcN9X7mxS//4RDtKfiH3T47BJLdM4tXU5V8VoeBO0eVQXWH/LldbVY7wDxBoBcBPiyZeigPTpaDDxvBBLfZdm2K2VKhyQJCzPxMLJA/Y9ZqOBELlSb5heQclWF3Hxm1nuxGf5n44kLlJEtHCyX+Acd7yDxXnQQLgp96RviCbCQsDEsLkpIj6Awt5GotE+kY2DW1JY6pep2uVxdbsdMrQeotv5GZQ41+ufBcAr02cKrv3JjYnCUraPMH8K8kreRJLFpG3OgVYV0+uqSu1moYN3RHB9k=&u=U2FsdGVkX18iEukhw5eXeZQquYmIRpdtQ8wvADCJ4WaHdsrOY9XKIadUQi7copJq&y=U2FsdGVkX18MzyO0qaFAiD8Bzu9bSvl2bkrtoOtvAP+Qf2ePAAX7R4OuTFiU+yqs HTTP/1.1" 200 26
186.102.58.180 - - [16/Oct/2023:21:47:30 -0500] "GET /kwssiamovil/sm/acme/a?s=U2FsdGVkX1+Gk+TpYKibDuw3jw0hvQtcVMuhlD1pqzl29w2hu3bKZzw71EWaljh/okKOQXXth7NL5AbAq23qMjtVNytX+0vcBVpt6dcXD2EgfHXfgyJNbCSfC09pFPVfwyV8w7igvzG3yRwOUCVLaJm2AKRA6jAp6OcsTpT12l8=&u=U2FsdGVkX18iEukhw5eXeZQquYmIRpdtQ8wvADCJ4WaHdsrOY9XKIadUQi7copJq&y=U2FsdGVkX18MzyO0qaFAiD8Bzu9bSvl2bkrtoOtvAP+Qf2ePAAX7R4OuTFiU+yqs HTTP/1.1" 200 26
186.102.58.180 - - [16/Oct/2023:21:47:30 -0500] "GET /kwssiamovil/sm/acme/a?s=U2FsdGVkX189hwdYGcypCHIbg5iPzZPpS9LpASGVNyzTtmzSg1lNSVNbqpxEl3tA0zuQiPU4GKuqQv2FLNuwGgpYwDee2+XCT9sSbaqmCjEo/c3SH9XhisHMLQTE1yIrgYtyZk+KmVBdAN4/gFxG2M+ILpczDazF9CLsCTKJeZA=&u=U2FsdGVkX18iEukhw5eXeZQquYmIRpdtQ8wvADCJ4WaHdsrOY9XKIadUQi7copJq&y=U2FsdGVkX18MzyO0qaFAiD8Bzu9bSvl2bkrtoOtvAP+Qf2ePAAX7R4OuTFiU+yqs HTTP/1.1" 200 26
186.102.58.180 - - [16/Oct/2023:21:47:31 -0500] "GET /kwssiamovil/sm/acme/a?s=U2FsdGVkX19I1e7r0tRv/hbtJAdlukL21ShkLTqjgij0uOVLtXUlkqJmZErdxH+XLp7yrGWpd2LkcBxpn8utVLhAbWFOKoyjp6LcFYdDEi3tDmj0xTh4D6OQluDXn/zUiyzitHwYy+cwDCTEloFcFExhsR167mZgzqljcIipldY=&u=U2FsdGVkX18iEukhw5eXeZQquYmIRpdtQ8wvADCJ4WaHdsrOY9XKIadUQi7copJq&y=U2FsdGVkX18MzyO0qaFAiD8Bzu9bSvl2bkrtoOtvAP+Qf2ePAAX7R4OuTFiU+yqs HTTP/1.1" 200 26
186.102.58.180 - - [16/Oct/2023:21:47:31 -0500] "GET /kwssiamovil/sm/acme/a?s=U2FsdGVkX1+lxXwwBw+qyv7qZIMf5DTc9mlB5R6g4YHfRXi2Jqx54QS4rTQTir3PAKKZv9eOP7QK2HRuoVjzsw0s4N/bmoocYQBPYNVttVgmtWSSRihoe80Prq+A5FuRQUiZiCHk2EHpLkBUmm/ShZIrJhrKcjUUqt1+19KXwrUVKbZbxOgX9bgMxHJrzc4L7G2SrrqPWSeWrjDYkqprzg==&u=U2FsdGVkX18iEukhw5eXeZQquYmIRpdtQ8wvADCJ4WaHdsrOY9XKIadUQi7copJq&y=U2FsdGVkX18MzyO0qaFAiD8Bzu9bSvl2bkrtoOtvAP+Qf2ePAAX7R4OuTFiU+yqs HTTP/1.1" 200 26
40.77.167.53 - - [16/Oct/2023:21:47:42 -0500] "GET /BLA/resoluciones/AUTOS%202018/6845.pdf HTTP/1.1" 200 250422
172.22.2.4 - - [16/Oct/2023:21:46:35 -0500] "HEAD /BLA/boletinlegal/ HTTP/1.1" 200 -
40.77.167.35 - - [16/Oct/2023:21:48:37 -0500] "GET /portaldeninos/wp-content/uploads/2021/11/pieza-diversidad-bogota-22-mayo-50x28.jpg HTTP/1.1" 200 1389
34.91.105.236 - - [16/Oct/2023:21:48:43 -0500] "GET /caminatas-ecologicas-un-plan-imperdible-para-octubre.html HTTP/1.1" 200 747
216.245.221.92 - - [16/Oct/2023:21:48:58 -0500] "HEAD / HTTP/1.1" 200 -
172.22.2.4 - - [16/Oct/2023:21:47:29 -0500] "GET /BLA/boletinlegal/ HTTP/1.1" 200 55792
201.245.192.253 - - [16/Oct/2023:21:50:50 -0500] "POST /kwsrmcab/Wsrmcab  HTTP/1.1" 200 42851
216.245.221.92 - - [16/Oct/2023:21:53:58 -0500] "HEAD / HTTP/1.1" 200 -
172.22.2.4 - - [16/Oct/2023:21:52:29 -0500] "HEAD /BLA/boletinlegal/ HTTP/1.1" 200 -
173.252.107.7 - - [16/Oct/2023:21:54:35 -0500] "GET /ruta-de-la-libertad-mas-de-400-animales-silvestres-fueron-liberados-por-la-secretaria-de-ambiente-en-el-cesar.html HTTP/1.1" 200 853
40.77.167.28 - - [16/Oct/2023:21:54:53 -0500] "GET /BLA/resoluciones/RESOLUCIONES%202007/RES%202007%203201%20AL%203300/RESOLUCION%203246%20DE%202007.pdf HTTP/1.1" 200 690500
172.22.2.4 - - [16/Oct/2023:21:53:21 -0500] "GET /BLA/boletinlegal/ HTTP/1.1" 200 58155
201.245.192.253 - - [16/Oct/2023:21:55:49 -0500] "POST /kwsrmcab/Wsrmcab  HTTP/1.1" 200 42851
216.245.221.92 - - [16/Oct/2023:21:58:58 -0500] "HEAD / HTTP/1.1" 200 -
172.22.2.4 - - [16/Oct/2023:21:58:19 -0500] "HEAD /BLA/boletinlegal/ HTTP/1.1" 200 -
172.22.2.4 - - [16/Oct/2023:21:59:10 -0500] "GET /BLA/boletinlegal/ HTTP/1.1" 200 60175
201.245.192.253 - - [16/Oct/2023:22:00:49 -0500] "POST /kwsrmcab/Wsrmcab  HTTP/1.1" 200 42851
216.245.221.92 - - [16/Oct/2023:22:03:58 -0500] "HEAD / HTTP/1.1" 200 -
172.22.2.4 - - [16/Oct/2023:22:04:09 -0500] "HEAD /BLA/boletinlegal/ HTTP/1.1" 200 -
201.245.192.253 - - [16/Oct/2023:22:05:48 -0500] "POST /kwsrmcab/Wsrmcab  HTTP/1.1" 200 42851
172.22.2.4 - - [16/Oct/2023:22:05:00 -0500] "GET /BLA/boletinlegal/ HTTP/1.1" 200 58155
66.249.77.10 - - [16/Oct/2023:22:07:38 -0500] "GET /BLA/resoluciones/RESOLUCIONES%202010/2653.pdf HTTP/1.1" 200 337860
216.245.221.92 - - [16/Oct/2023:22:08:58 -0500] "HEAD / HTTP/1.1" 200 -
201.245.192.253 - - [16/Oct/2023:22:10:47 -0500] "POST /kwsrmcab/Wsrmcab  HTTP/1.1" 200 42851
172.22.2.4 - - [16/Oct/2023:22:09:59 -0500] "HEAD /BLA/boletinlegal/ HTTP/1.1" 200 -
172.22.2.4 - - [16/Oct/2023:22:10:50 -0500] "GET /BLA/boletinlegal/ HTTP/1.1" 200 60175
216.245.221.92 - - [16/Oct/2023:22:13:58 -0500] "HEAD / HTTP/1.1" 200 -
40.77.167.70 - - [16/Oct/2023:22:14:55 -0500] "GET /BLA/resoluciones/RESOLUCIONES%202023/0649.pdf HTTP/1.1" 200 827180
201.245.192.253 - - [16/Oct/2023:22:15:46 -0500] "POST /kwsrmcab/Wsrmcab  HTTP/1.1" 200 42851
172.22.2.4 - - [16/Oct/2023:22:15:49 -0500] "HEAD /BLA/boletinlegal/ HTTP/1.1" 200 -
201.245.192.253 - - [16/Oct/2023:22:17:45 -0500] "POST /kwsrmcab/Wsrmcab HTTP/1.1" 200 41067
201.245.192.253 - - [16/Oct/2023:22:17:48 -0500] "POST /kwsrmcab/Wsrmcab HTTP/1.1" 200 41252
172.22.2.4 - - [16/Oct/2023:22:16:40 -0500] "GET /BLA/boletinlegal/ HTTP/1.1" 200 60175
216.245.221.92 - - [16/Oct/2023:22:18:58 -0500] "HEAD / HTTP/1.1" 200 -
168.119.253.69 - - [16/Oct/2023:22:19:51 -0500] "GET / HTTP/1.1" 200 319
168.119.253.69 - - [16/Oct/2023:22:19:51 -0500] "GET / HTTP/1.1" 200 4720
66.249.66.37 - - [16/Oct/2023:22:20:47 -0500] "GET /el-agua-recurso-vital-para-la-conservacion-de-los-ecosistemas.html HTTP/1.1" 200 870
201.245.192.253 - - [16/Oct/2023:22:20:46 -0500] "POST /kwsrmcab/Wsrmcab  HTTP/1.1" 200 42851
172.22.2.4 - - [16/Oct/2023:22:22:22 -0500] "GET /BLA/boletinlegal/robots.txt HTTP/1.1" 404 1038
172.22.2.4 - - [16/Oct/2023:22:22:22 -0500] "GET /BLA/boletinlegal/conceptos.php HTTP/1.1" 200 7496
172.22.2.4 - - [16/Oct/2023:22:21:39 -0500] "HEAD /BLA/boletinlegal/ HTTP/1.1" 200 -
66.249.77.8 - - [16/Oct/2023:22:23:52 -0500] "GET /BLA/resoluciones/RESOLUCIONES%202007/RES%202007%201801%20AL%201900/RESOLUCION%201881%20DE%202007.pdf HTTP/1.1" 200 384746
216.245.221.92 - - [16/Oct/2023:22:23:58 -0500] "HEAD / HTTP/1.1" 200 -
172.22.2.4 - - [16/Oct/2023:22:22:30 -0500] "GET /BLA/boletinlegal/ HTTP/1.1" 200 56676
172.22.2.4 - - [16/Oct/2023:22:23:54 -0500] "GET /BLA/boletinlegal/ HTTP/1.1" 200 24523
201.245.192.253 - - [16/Oct/2023:22:25:46 -0500] "POST /kwsrmcab/Wsrmcab  HTTP/1.1" 200 42851
66.249.77.8 - - [16/Oct/2023:22:26:56 -0500] "GET /BLA/resoluciones/AUTOS%202008/0518.pdf HTTP/1.1" 200 226931
201.245.192.253 - - [16/Oct/2023:22:27:45 -0500] "POST /kwsrmcab/Wsrmcab HTTP/1.1" 200 41067
201.245.192.253 - - [16/Oct/2023:22:27:47 -0500] "POST /kwsrmcab/Wsrmcab HTTP/1.1" 200 41252
216.245.221.92 - - [16/Oct/2023:22:28:58 -0500] "HEAD / HTTP/1.1" 200 -
172.22.2.4 - - [16/Oct/2023:22:27:29 -0500] "HEAD /BLA/boletinlegal/ HTTP/1.1" 200 -
172.22.2.4 - - [16/Oct/2023:22:28:20 -0500] "GET /BLA/boletinlegal/ HTTP/1.1" 200 57802
66.249.77.9 - - [16/Oct/2023:22:30:41 -0500] "GET /BLA/resoluciones/RESOLUCIONES%202009/1260.pdf HTTP/1.1" 200 684752
201.245.192.253 - - [16/Oct/2023:22:30:45 -0500] "POST /kwsrmcab/Wsrmcab  HTTP/1.1" 200 42851
181.61.206.118 - - [16/Oct/2023:22:31:00 -0500] "GET /sipse/faces/index.xhtml HTTP/1.1" 200 677
181.61.206.118 - - [16/Oct/2023:22:31:00 -0500] "GET /sipse/faces/javax.faces.resource/theme.css?ln=primefaces-sipse HTTP/1.1" 304 -
181.61.206.118 - - [16/Oct/2023:22:31:00 -0500] "GET /sipse/faces/faces/autenticacion.xhtml HTTP/1.1" 200 12403
181.61.206.118 - - [16/Oct/2023:22:31:00 -0500] "GET /sipse/js/disable_browser_buttons.js HTTP/1.1" 304 -
181.61.206.118 - - [16/Oct/2023:22:31:00 -0500] "GET /sipse/css/custom_css_sg_prime_login.css HTTP/1.1" 200 443
181.61.206.118 - - [16/Oct/2023:22:31:00 -0500] "GET /sipse/css/custom_css_sg.css HTTP/1.1" 304 -
181.61.206.118 - - [16/Oct/2023:22:31:00 -0500] "GET /sipse/faces/javax.faces.resource/theme.css?ln=primefaces-sipse HTTP/1.1" 304 -
181.61.206.118 - - [16/Oct/2023:22:31:00 -0500] "GET /sipse/faces/javax.faces.resource/primefaces.css?ln=primefaces&v=4.0 HTTP/1.1" 304 -
181.61.206.118 - - [16/Oct/2023:22:31:00 -0500] "GET /sipse/faces/javax.faces.resource/layout/layout.css?ln=primefaces&v=4.0 HTTP/1.1" 304 -
181.61.206.118 - - [16/Oct/2023:22:31:00 -0500] "GET /sipse/faces/javax.faces.resource/jquery/jquery.js?ln=primefaces&v=4.0 HTTP/1.1" 304 -
181.61.206.118 - - [16/Oct/2023:22:31:00 -0500] "GET /sipse/faces/javax.faces.resource/jquery/jquery-plugins.js?ln=primefaces&v=4.0 HTTP/1.1" 304 -
181.61.206.118 - - [16/Oct/2023:22:31:00 -0500] "GET /sipse/faces/javax.faces.resource/primefaces.js?ln=primefaces&v=4.0 HTTP/1.1" 304 -
181.61.206.118 - - [16/Oct/2023:22:31:00 -0500] "GET /sipse/faces/javax.faces.resource/layout/layout.js?ln=primefaces&v=4.0 HTTP/1.1" 304 -
181.61.206.118 - - [16/Oct/2023:22:31:00 -0500] "GET /sipse/js/funciones.js HTTP/1.1" 304 -
181.61.206.118 - - [16/Oct/2023:22:31:00 -0500] "GET /sipse/css/imagen/logoSDG.png HTTP/1.1" 304 -
181.61.206.118 - - [16/Oct/2023:22:31:00 -0500] "GET /sipse/faces/javax.faces.resource/images/ui-icons_898989_256x240.png?ln=primefaces-aristo HTTP/1.1" 304 -
181.61.206.118 - - [16/Oct/2023:22:31:00 -0500] "GET /sipse/css/imagen/loginimg.png HTTP/1.1" 200 71635
181.61.206.118 - - [16/Oct/2023:22:31:03 -0500] "POST /sipse/faces/autenticacion.xhtml HTTP/1.1" 200 2218
181.61.206.118 - - [16/Oct/2023:22:31:03 -0500] "GET /sipse/faces/javax.faces.resource/messages/messages.png?ln=primefaces&v=4.0 HTTP/1.1" 304 -
181.61.206.118 - - [16/Oct/2023:22:31:04 -0500] "POST /sipse/faces/autenticacion.xhtml HTTP/1.1" 200 16456
181.61.206.118 - - [16/Oct/2023:22:31:05 -0500] "GET /sipse/css/custom_css_sg_prime.css HTTP/1.1" 304 -
181.61.206.118 - - [16/Oct/2023:22:31:05 -0500] "GET /sipse/faces/javax.faces.resource/theme.css?ln=primefaces-sipse HTTP/1.1" 304 -
181.61.206.118 - - [16/Oct/2023:22:31:05 -0500] "GET /sipse/faces/javax.faces.resource/primefaces.css?ln=primefaces&v=4.0 HTTP/1.1" 304 -
181.61.206.118 - - [16/Oct/2023:22:31:05 -0500] "GET /sipse/faces/javax.faces.resource/layout/layout.css?ln=primefaces&v=4.0 HTTP/1.1" 304 -
181.61.206.118 - - [16/Oct/2023:22:31:05 -0500] "GET /sipse/js/jquery.min.js HTTP/1.1" 304 -
181.61.206.118 - - [16/Oct/2023:22:31:05 -0500] "GET /sipse/faces/javax.faces.resource/jquery/jquery.js?ln=primefaces&v=4.0 HTTP/1.1" 304 -
181.61.206.118 - - [16/Oct/2023:22:31:05 -0500] "GET /sipse/faces/javax.faces.resource/jquery/jquery-plugins.js?ln=primefaces&v=4.0 HTTP/1.1" 304 -
181.61.206.118 - - [16/Oct/2023:22:31:05 -0500] "GET /sipse/faces/javax.faces.resource/primefaces.js?ln=primefaces&v=4.0 HTTP/1.1" 304 -
181.61.206.118 - - [16/Oct/2023:22:31:05 -0500] "GET /sipse/faces/javax.faces.resource/layout/layout.js?ln=primefaces&v=4.0 HTTP/1.1" 304 -
181.61.206.118 - - [16/Oct/2023:22:31:05 -0500] "GET /sipse/css/v_mergente.css HTTP/1.1" 200 1505
181.61.206.118 - - [16/Oct/2023:22:31:05 -0500] "GET /sipse/imagenes/cargando.gif HTTP/1.1" 304 -
181.61.206.118 - - [16/Oct/2023:22:31:05 -0500] "GET /sipse/css/imagen/contrasena.png HTTP/1.1" 404 383
181.61.206.118 - - [16/Oct/2023:22:31:05 -0500] "GET /sipse/imagenes/logoAplicacion.jpg HTTP/1.1" 200 155084
181.61.206.118 - - [16/Oct/2023:22:31:06 -0500] "GET /sipse/faces/javax.faces.resource/images/ui-bg_flat_0_2d5972_40x100.png?ln=primefaces-aristo HTTP/1.1" 304 -
181.61.206.118 - - [16/Oct/2023:22:31:06 -0500] "POST /sipse/faces/bienvenido.xhtml HTTP/1.1" 200 9852
181.61.206.118 - - [16/Oct/2023:22:31:07 -0500] "POST /sipse/faces/bienvenido.xhtml HTTP/1.1" 200 2658
181.61.206.118 - - [16/Oct/2023:22:31:08 -0500] "POST /sipse/faces/bienvenido.xhtml HTTP/1.1" 200 54250
181.61.206.118 - - [16/Oct/2023:22:31:09 -0500] "GET /sipse/faces/javax.faces.resource/primefaces.css?ln=primefaces&v=4.0 HTTP/1.1" 304 -
181.61.206.118 - - [16/Oct/2023:22:31:09 -0500] "GET /sipse/faces/javax.faces.resource/theme.css?ln=primefaces-sipse HTTP/1.1" 304 -
181.61.206.118 - - [16/Oct/2023:22:31:09 -0500] "GET /sipse/faces/javax.faces.resource/layout/layout.css?ln=primefaces&v=4.0 HTTP/1.1" 304 -
181.61.206.118 - - [16/Oct/2023:22:31:09 -0500] "GET /sipse/faces/javax.faces.resource/jquery/jquery.js?ln=primefaces&v=4.0 HTTP/1.1" 304 -
181.61.206.118 - - [16/Oct/2023:22:31:09 -0500] "GET /sipse/faces/javax.faces.resource/jquery/jquery-plugins.js?ln=primefaces&v=4.0 HTTP/1.1" 304 -
181.61.206.118 - - [16/Oct/2023:22:31:09 -0500] "GET /sipse/faces/javax.faces.resource/primefaces.js?ln=primefaces&v=4.0 HTTP/1.1" 304 -
181.61.206.118 - - [16/Oct/2023:22:31:09 -0500] "GET /sipse/faces/javax.faces.resource/layout/layout.js?ln=primefaces&v=4.0 HTTP/1.1" 304 -
181.61.206.118 - - [16/Oct/2023:22:31:09 -0500] "POST /sipse/faces/presentacion/financiero/solicitudProceso/listarSolicitudProceso.xhtml HTTP/1.1" 200 1528
181.61.206.118 - - [16/Oct/2023:22:31:18 -0500] "POST /sipse/faces/presentacion/financiero/solicitudProceso/listarSolicitudProceso.xhtml HTTP/1.1" 200 119579
181.61.206.118 - - [16/Oct/2023:22:31:19 -0500] "GET /sipse/faces/javax.faces.resource/theme.css?ln=primefaces-sipse HTTP/1.1" 304 -
181.61.206.118 - - [16/Oct/2023:22:31:19 -0500] "GET /sipse/faces/javax.faces.resource/layout/layout.css?ln=primefaces&v=4.0 HTTP/1.1" 304 -
181.61.206.118 - - [16/Oct/2023:22:31:19 -0500] "GET /sipse/faces/javax.faces.resource/primefaces.css?ln=primefaces&v=4.0 HTTP/1.1" 304 -
181.61.206.118 - - [16/Oct/2023:22:31:19 -0500] "GET /sipse/faces/javax.faces.resource/jquery/jquery.js?ln=primefaces&v=4.0 HTTP/1.1" 304 -
181.61.206.118 - - [16/Oct/2023:22:31:19 -0500] "GET /sipse/faces/javax.faces.resource/jquery/jquery-plugins.js?ln=primefaces&v=4.0 HTTP/1.1" 304 -
181.61.206.118 - - [16/Oct/2023:22:31:19 -0500] "GET /sipse/faces/javax.faces.resource/primefaces.js?ln=primefaces&v=4.0 HTTP/1.1" 304 -
181.61.206.118 - - [16/Oct/2023:22:31:19 -0500] "GET /sipse/faces/javax.faces.resource/layout/layout.js?ln=primefaces&v=4.0 HTTP/1.1" 304 -
181.61.206.118 - - [16/Oct/2023:22:31:19 -0500] "GET /sipse/faces/javax.faces.resource/dynamiccontent.properties?ln=primefaces&pfdrid=XjOR5%2F%2FfPAZAuY9TpWQeCiM0BhlXxYRBGKi%2FQcXXfeA%3D&pfdrid_c=false HTTP/1.1" 500 383
66.249.77.8 - - [16/Oct/2023:22:31:26 -0500] "GET /BLA/resoluciones/RESOLUCIONES%202008/2939.pdf HTTP/1.1" 200 228608
181.61.206.118 - - [16/Oct/2023:22:31:45 -0500] "GET /sipse/faces/javax.faces.resource/theme.css?ln=primefaces-sipse HTTP/1.1" 304 -
181.61.206.118 - - [16/Oct/2023:22:31:37 -0500] "POST /sipse/faces/presentacion/financiero/solicitudProceso/consultarSolicitudProceso.xhtml HTTP/1.1" 200 24146
181.61.206.118 - - [16/Oct/2023:22:31:45 -0500] "GET /sipse/faces/javax.faces.resource/primefaces.css?ln=primefaces&v=4.0 HTTP/1.1" 304 -
181.61.206.118 - - [16/Oct/2023:22:31:45 -0500] "GET /sipse/faces/javax.faces.resource/jquery/jquery-plugins.js?ln=primefaces&v=4.0 HTTP/1.1" 304 -
181.61.206.118 - - [16/Oct/2023:22:31:45 -0500] "GET /sipse/faces/javax.faces.resource/layout/layout.css?ln=primefaces&v=4.0 HTTP/1.1" 304 -
181.61.206.118 - - [16/Oct/2023:22:31:45 -0500] "GET /sipse/faces/javax.faces.resource/jquery/jquery.js?ln=primefaces&v=4.0 HTTP/1.1" 304 -
181.61.206.118 - - [16/Oct/2023:22:31:45 -0500] "GET /sipse/faces/javax.faces.resource/primefaces.js?ln=primefaces&v=4.0 HTTP/1.1" 304 -
181.61.206.118 - - [16/Oct/2023:22:31:45 -0500] "GET /sipse/faces/javax.faces.resource/layout/layout.js?ln=primefaces&v=4.0 HTTP/1.1" 304 -
181.61.206.118 - - [16/Oct/2023:22:31:45 -0500] "GET /sipse/faces/javax.faces.resource/spacer/dot_clear.gif?ln=primefaces&v=4.0 HTTP/1.1" 200 42
181.61.206.118 - - [16/Oct/2023:22:31:58 -0500] "GET /sipse/faces/javax.faces.resource/theme.css?ln=primefaces-sipse HTTP/1.1" 304 -
181.61.206.118 - - [16/Oct/2023:22:31:58 -0500] "GET /sipse/faces/javax.faces.resource/primefaces.css?ln=primefaces&v=4.0 HTTP/1.1" 304 -
181.61.206.118 - - [16/Oct/2023:22:31:58 -0500] "GET /sipse/faces/javax.faces.resource/layout/layout.css?ln=primefaces&v=4.0 HTTP/1.1" 304 -
181.61.206.118 - - [16/Oct/2023:22:31:58 -0500] "GET /sipse/faces/javax.faces.resource/jquery/jquery.js?ln=primefaces&v=4.0 HTTP/1.1" 304 -
181.61.206.118 - - [16/Oct/2023:22:31:58 -0500] "GET /sipse/faces/javax.faces.resource/jquery/jquery-plugins.js?ln=primefaces&v=4.0 HTTP/1.1" 304 -
181.61.206.118 - - [16/Oct/2023:22:31:58 -0500] "GET /sipse/faces/javax.faces.resource/primefaces.js?ln=primefaces&v=4.0 HTTP/1.1" 304 -
181.61.206.118 - - [16/Oct/2023:22:31:58 -0500] "GET /sipse/faces/javax.faces.resource/layout/layout.js?ln=primefaces&v=4.0 HTTP/1.1" 304 -
181.61.206.118 - - [16/Oct/2023:22:31:57 -0500] "POST /sipse/faces/presentacion/proyectos/proyecto/actividad/consultarActividadSolicitud.xhtml HTTP/1.1" 200 165421
181.61.206.118 - - [16/Oct/2023:22:31:58 -0500] "GET /sipse/faces/javax.faces.resource/dynamiccontent.properties?ln=primefaces&pfdrid=XjOR5%2F%2FfPAZAuY9TpWQeCiM0BhlXxYRBGKi%2FQcXXfeA%3D&pfdrid_c=false HTTP/1.1" 500 383
66.249.77.8 - - [16/Oct/2023:22:31:58 -0500] "GET /BLA/resoluciones/RESOLUCIONES%202009/7425.pdf HTTP/1.1" 200 495513
181.61.206.118 - - [16/Oct/2023:22:32:06 -0500] "GET /sipse/faces/javax.faces.resource/theme.css?ln=primefaces-sipse HTTP/1.1" 304 -
181.61.206.118 - - [16/Oct/2023:22:32:06 -0500] "GET /sipse/faces/javax.faces.resource/primefaces.css?ln=primefaces&v=4.0 HTTP/1.1" 304 -
181.61.206.118 - - [16/Oct/2023:22:32:06 -0500] "POST /sipse/faces/presentacion/financiero/solicitudProceso/consultarSolicitudProceso.xhtml HTTP/1.1" 200 34814
181.61.206.118 - - [16/Oct/2023:22:32:06 -0500] "GET /sipse/faces/javax.faces.resource/layout/layout.css?ln=primefaces&v=4.0 HTTP/1.1" 304 -
181.61.206.118 - - [16/Oct/2023:22:32:06 -0500] "GET /sipse/faces/javax.faces.resource/jquery/jquery.js?ln=primefaces&v=4.0 HTTP/1.1" 304 -
181.61.206.118 - - [16/Oct/2023:22:32:06 -0500] "GET /sipse/faces/javax.faces.resource/jquery/jquery-plugins.js?ln=primefaces&v=4.0 HTTP/1.1" 304 -
181.61.206.118 - - [16/Oct/2023:22:32:06 -0500] "GET /sipse/faces/javax.faces.resource/layout/layout.js?ln=primefaces&v=4.0 HTTP/1.1" 304 -
181.61.206.118 - - [16/Oct/2023:22:32:06 -0500] "GET /sipse/faces/javax.faces.resource/primefaces.js?ln=primefaces&v=4.0 HTTP/1.1" 304 -
172.22.2.4 - - [16/Oct/2023:22:33:06 -0500] "GET /BLA/boletinlegal/Temporary_Listen_Addresses HTTP/1.1" 404 1018
172.22.2.4 - - [16/Oct/2023:22:33:07 -0500] "GET /BLA/boletinlegal/ews/exchanges/ HTTP/1.1" 404 1018
172.22.2.4 - - [16/Oct/2023:22:33:07 -0500] "GET /BLA/boletinlegal/ews/exchange%20/ HTTP/1.1" 404 1018
181.61.206.118 - - [16/Oct/2023:22:33:07 -0500] "GET /sipse/faces/javax.faces.resource/theme.css?ln=primefaces-sipse HTTP/1.1" 304 -
181.61.206.118 - - [16/Oct/2023:22:33:07 -0500] "GET /sipse/faces/javax.faces.resource/primefaces.css?ln=primefaces&v=4.0 HTTP/1.1" 304 -
181.61.206.118 - - [16/Oct/2023:22:33:07 -0500] "GET /sipse/faces/javax.faces.resource/layout/layout.css?ln=primefaces&v=4.0 HTTP/1.1" 304 -
181.61.206.118 - - [16/Oct/2023:22:33:07 -0500] "GET /sipse/faces/javax.faces.resource/jquery/jquery.js?ln=primefaces&v=4.0 HTTP/1.1" 304 -
181.61.206.118 - - [16/Oct/2023:22:33:07 -0500] "GET /sipse/faces/javax.faces.resource/jquery/jquery-plugins.js?ln=primefaces&v=4.0 HTTP/1.1" 304 -
181.61.206.118 - - [16/Oct/2023:22:33:07 -0500] "GET /sipse/faces/javax.faces.resource/primefaces.js?ln=primefaces&v=4.0 HTTP/1.1" 304 -
181.61.206.118 - - [16/Oct/2023:22:33:07 -0500] "GET /sipse/faces/javax.faces.resource/layout/layout.js?ln=primefaces&v=4.0 HTTP/1.1" 304 -
181.61.206.118 - - [16/Oct/2023:22:33:07 -0500] "POST /sipse/faces/presentacion/financiero/solicitudProceso/consultarHistorialSolProceso.xhtml HTTP/1.1" 200 165421
181.61.206.118 - - [16/Oct/2023:22:33:08 -0500] "GET /sipse/faces/javax.faces.resource/dynamiccontent.properties?ln=primefaces&pfdrid=XjOR5%2F%2FfPAZAuY9TpWQeCiM0BhlXxYRBGKi%2FQcXXfeA%3D&pfdrid_c=false HTTP/1.1" 500 383
172.22.2.4 - - [16/Oct/2023:22:33:08 -0500] "GET /BLA/boletinlegal/ews/exchange/ HTTP/1.1" 404 1018
172.22.2.4 - - [16/Oct/2023:22:33:09 -0500] "GET /BLA/boletinlegal/ews/%20/ HTTP/1.1" 403 1020
172.22.2.4 - - [16/Oct/2023:22:33:10 -0500] "GET /BLA/boletinlegal/ews/ews/ HTTP/1.1" 404 1018
172.22.2.4 - - [16/Oct/2023:22:33:11 -0500] "GET /BLA/boletinlegal/ews/autodiscovers/ HTTP/1.1" 404 1018
172.22.2.4 - - [16/Oct/2023:22:33:11 -0500] "GET /BLA/boletinlegal/autodiscover/autodiscovers/ HTTP/1.1" 404 1018
172.22.2.4 - - [16/Oct/2023:22:33:12 -0500] "GET /BLA/boletinlegal/autodiscover/autodiscover%20/ HTTP/1.1" 404 1018
172.22.2.4 - - [16/Oct/2023:22:33:13 -0500] "GET /BLA/boletinlegal/autodiscover/autodiscoverrs/ HTTP/1.1" 404 1018
181.61.206.118 - - [16/Oct/2023:22:33:53 -0500] "POST /sipse/faces/presentacion/financiero/solicitudProceso/consultarSolicitudProceso.xhtml HTTP/1.1" 200 911
207.46.13.155 - - [16/Oct/2023:22:33:55 -0500] "GET /BLA/resoluciones/AUTOS%202021/2640.pdf HTTP/1.1" 304 -
216.245.221.92 - - [16/Oct/2023:22:33:58 -0500] "HEAD / HTTP/1.1" 200 -
181.51.34.13 - - [16/Oct/2023:22:34:28 -0500] "GET /BLA/resoluciones/index.php?dir=AUTOS+2018%2F HTTP/1.1" 200 465952
181.51.34.13 - - [16/Oct/2023:22:34:32 -0500] "GET /BLA/resoluciones/dlf/styles.css HTTP/1.1" 200 3049
181.51.34.13 - - [16/Oct/2023:22:34:32 -0500] "GET /BLA/resoluciones/dlf/dirup.png HTTP/1.1" 200 644
181.51.34.13 - - [16/Oct/2023:22:34:32 -0500] "GET /BLA/resoluciones/dlf/pdf.gif HTTP/1.1" 200 272
181.51.34.13 - - [16/Oct/2023:22:34:33 -0500] "GET /BLA/resoluciones/dlf/archive.png HTTP/1.1" 200 632
181.51.34.13 - - [16/Oct/2023:22:34:35 -0500] "GET /BLA/resoluciones/dlf/bg.gif HTTP/1.1" 200 54
172.22.2.4 - - [16/Oct/2023:22:33:08 -0500] "GET /BLA/boletinlegal/ HTTP/1.1" 200 51622
66.249.77.9 - - [16/Oct/2023:22:34:48 -0500] "GET /BLA/resoluciones/AUTOS%202008/1657.pdf HTTP/1.1" 200 320589
172.22.2.4 - - [16/Oct/2023:22:33:19 -0500] "HEAD /BLA/boletinlegal/ HTTP/1.1" 200 -
172.22.2.4 - - [16/Oct/2023:22:35:02 -0500] "GET /BLA/boletinlegal/robots.txt HTTP/1.1" 404 1038
201.245.192.253 - - [16/Oct/2023:22:35:45 -0500] "POST /kwsrmcab/Wsrmcab  HTTP/1.1" 200 42851
172.22.2.4 - - [16/Oct/2023:22:34:10 -0500] "GET /BLA/boletinlegal/ HTTP/1.1" 200 51009
172.22.2.4 - - [16/Oct/2023:22:35:02 -0500] "GET /BLA/boletinlegal/ HTTP/1.1" 200 57802
172.22.2.4 - - [16/Oct/2023:22:37:02 -0500] "GET /BLA/boletinlegal/favicon.ico HTTP/1.1" 404 1038
172.22.2.4 - - [16/Oct/2023:22:37:03 -0500] "GET /BLA/boletinlegal/Circulares/2019/.pdf HTTP/1.1" 404 1218
172.22.2.4 - - [16/Oct/2023:22:37:08 -0500] "GET /BLA/boletinlegal/Circulares/023%09/CIRCULAR%20No.%2000010%20DEL%2010%20DE%20OCTUBRE%20DEL%202023%09.pdf HTTP/1.1" 403 1026
66.249.77.10 - - [16/Oct/2023:22:37:09 -0500] "GET /BLA/resoluciones/RESOLUCIONES%202010/4055.pdf HTTP/1.1" 200 490101
172.22.2.4 - - [16/Oct/2023:22:37:09 -0500] "GET /BLA/boletinlegal/Circulares/023%09/CIRCULAR%20No.%2000009%20DEL%2010%20DE%20OCTUBRE%20DEL%202023%09.pdf HTTP/1.1" 403 1026
172.22.2.4 - - [16/Oct/2023:22:37:13 -0500] "GET /BLA/boletinlegal/Circulares/023%09/CIRCULAR%20No.%2000010%20DEL%2010%20DE%20OCTUBRE%20DEL%202023%09.pdf HTTP/1.1" 403 1026
207.46.13.155 - - [16/Oct/2023:22:37:15 -0500] "GET /BLA/resoluciones/RESOLUCIONES%202007/RES%202007%203201%20AL%203300/RESOLUCION%203224%20DE%202007.pdf HTTP/1.1" 200 158794
172.22.2.4 - - [16/Oct/2023:22:37:18 -0500] "GET /BLA/boletinlegal/Circulares/023%09/CIRCULAR%20No.%2000009%20DEL%2010%20DE%20OCTUBRE%20DEL%202023%09.pdf HTTP/1.1" 403 1026
172.22.2.4 - - [16/Oct/2023:22:37:22 -0500] "GET /BLA/boletinlegal/Circulares/023%09/CIRCULAR%20No.%2000010%20DEL%2010%20DE%20OCTUBRE%20DEL%202023%09.pdf HTTP/1.1" 403 1026
172.22.2.4 - - [16/Oct/2023:22:37:24 -0500] "GET /BLA/boletinlegal/Circulares/023%09/CIRCULAR%20No.%2000009%20DEL%2010%20DE%20OCTUBRE%20DEL%202023%09.pdf HTTP/1.1" 403 1026
172.22.2.4 - - [16/Oct/2023:22:37:29 -0500] "GET /BLA/boletinlegal/Circulares/023%09/CIRCULAR%20No.%2000010%20DEL%2010%20DE%20OCTUBRE%20DEL%202023%09.pdf HTTP/1.1" 403 1026
172.22.2.4 - - [16/Oct/2023:22:37:33 -0500] "GET /BLA/boletinlegal/Circulares/023%09/CIRCULAR%20No.%2000009%20DEL%2010%20DE%20OCTUBRE%20DEL%202023%09.pdf HTTP/1.1" 403 1026
172.22.2.4 - - [16/Oct/2023:22:37:37 -0500] "GET /BLA/boletinlegal/Circulares/023%09/CIRCULAR%20No.%2000010%20DEL%2010%20DE%20OCTUBRE%20DEL%202023%09.pdf HTTP/1.1" 403 1026
172.22.2.4 - - [16/Oct/2023:22:37:40 -0500] "GET /BLA/boletinlegal/Circulares/023%09/CIRCULAR%20No.%2000009%20DEL%2010%20DE%20OCTUBRE%20DEL%202023%09.pdf HTTP/1.1" 403 1026
201.245.192.253 - - [16/Oct/2023:22:37:44 -0500] "POST /kwsrmcab/Wsrmcab HTTP/1.1" 200 41067
201.245.192.253 - - [16/Oct/2023:22:37:47 -0500] "POST /kwsrmcab/Wsrmcab HTTP/1.1" 200 41252
66.249.77.10 - - [16/Oct/2023:22:38:45 -0500] "GET /BLA/resoluciones/RESOLUCIONES%202009/4718.pdf HTTP/1.1" 200 359298
216.245.221.92 - - [16/Oct/2023:22:38:58 -0500] "HEAD / HTTP/1.1" 200 -
201.245.192.253 - - [16/Oct/2023:22:40:44 -0500] "POST /kwsrmcab/Wsrmcab  HTTP/1.1" 200 42851
172.22.2.4 - - [16/Oct/2023:22:39:09 -0500] "HEAD /BLA/boletinlegal/ HTTP/1.1" 200 -
172.22.2.4 - - [16/Oct/2023:22:40:00 -0500] "GET /BLA/boletinlegal/ HTTP/1.1" 200 57802
216.245.221.92 - - [16/Oct/2023:22:43:58 -0500] "HEAD / HTTP/1.1" 200 -
157.55.39.60 - - [16/Oct/2023:22:44:36 -0500] "GET /BLA/resoluciones/RESOLUCIONES%202023/0652.pdf HTTP/1.1" 200 487078
201.245.192.253 - - [16/Oct/2023:22:45:43 -0500] "POST /kwsrmcab/Wsrmcab  HTTP/1.1" 200 42851
114.119.137.43 - - [16/Oct/2023:22:46:31 -0500] "GET /BLA/resoluciones/index.php?dir=AUTOS%2B2008/&sort=size&order=desc HTTP/1.1" 200 13881
172.22.2.4 - - [16/Oct/2023:22:44:59 -0500] "HEAD /BLA/boletinlegal/ HTTP/1.1" 200 -
172.22.2.4 - - [16/Oct/2023:22:45:50 -0500] "GET /BLA/boletinlegal/ HTTP/1.1" 200 58155
114.119.144.116 - - [16/Oct/2023:22:48:34 -0500] "GET /BLA/resoluciones/index.php?dir=AUTOS%2B2007/ HTTP/1.1" 200 13882
216.245.221.92 - - [16/Oct/2023:22:48:58 -0500] "HEAD / HTTP/1.1" 200 -
173.252.107.10 - - [16/Oct/2023:22:49:42 -0500] "GET /no-se-deje-enganar-mujeres-que-reverdecen-no-solicita-informacion-por-cadenas-de-whatsapp.html HTTP/1.1" 200 1026
201.245.192.253 - - [16/Oct/2023:22:50:42 -0500] "POST /kwsrmcab/Wsrmcab  HTTP/1.1" 200 42851
66.249.77.8 - - [16/Oct/2023:22:50:49 -0500] "GET /BLA/resoluciones/AUTOS%202014/1118.pdf HTTP/1.1" 200 385887
201.245.192.253 - - [16/Oct/2023:22:51:34 -0500] "GET /reportes_sipse/sdg/ServletReporte?adquisiciones_sipse_detallado& HTTP/1.1" 500 1463
172.22.2.4 - - [16/Oct/2023:22:50:49 -0500] "HEAD /BLA/boletinlegal/ HTTP/1.1" 200 -
172.22.2.4 - - [16/Oct/2023:22:51:44 -0500] "GET /BLA/boletinlegal/ HTTP/1.1" 200 58155
201.245.192.253 - - [16/Oct/2023:22:53:25 -0500] "GET /reportes_sipse/jsp/inicio.jsp HTTP/1.1" 200 2935
201.245.192.253 - - [16/Oct/2023:22:53:25 -0500] "GET /reportes_sipse/css/estilos.css HTTP/1.1" 200 9135
201.245.192.253 - - [16/Oct/2023:22:53:25 -0500] "GET /reportes_sipse/imagenes/logoAplicacion.jpg HTTP/1.1" 200 26872
201.245.192.253 - - [16/Oct/2023:22:53:25 -0500] "GET /reportes_sipse/imagenes/fondo.jpg HTTP/1.1" 200 20235
201.245.192.253 - - [16/Oct/2023:22:53:30 -0500] "POST /reportes_sipse/sdg/ServletReporte?adquisiciones_sipse_detallado& HTTP/1.1" 200 6273
201.245.192.253 - - [16/Oct/2023:22:53:30 -0500] "GET /reportes_sipse/js/funciones.js HTTP/1.1" 200 4709
201.245.192.253 - - [16/Oct/2023:22:53:30 -0500] "GET /reportes_sipse/imagenes/calendario.gif HTTP/1.1" 200 1387
201.245.192.253 - - [16/Oct/2023:22:53:30 -0500] "GET /reportes_sipse/imagenes/pdf.gif HTTP/1.1" 200 598
201.245.192.253 - - [16/Oct/2023:22:53:30 -0500] "GET /reportes_sipse/js/date-picker.js HTTP/1.1" 200 16768
201.245.192.253 - - [16/Oct/2023:22:53:30 -0500] "GET /reportes_sipse/imagenes/excel.gif HTTP/1.1" 200 613
201.245.192.253 - - [16/Oct/2023:22:53:44 -0500] "GET /reportes_sipse/imagenes/retrocedeAgno.gif HTTP/1.1" 200 781
201.245.192.253 - - [16/Oct/2023:22:53:44 -0500] "GET /reportes_sipse/imagenes/retrocedeMes.gif HTTP/1.1" 200 459
201.245.192.253 - - [16/Oct/2023:22:53:44 -0500] "GET /reportes_sipse/imagenes/avanzaMes.gif HTTP/1.1" 200 660
201.245.192.253 - - [16/Oct/2023:22:53:44 -0500] "GET /reportes_sipse/imagenes/avanzaAgno.gif HTTP/1.1" 200 779
216.245.221.92 - - [16/Oct/2023:22:53:58 -0500] "HEAD / HTTP/1.1" 200 -
157.55.39.58 - - [16/Oct/2023:22:55:36 -0500] "GET /forest/ HTTP/1.1" 200 12041
201.245.192.253 - - [16/Oct/2023:22:55:41 -0500] "POST /kwsrmcab/Wsrmcab  HTTP/1.1" 200 42851
181.59.241.151 - - [16/Oct/2023:22:55:51 -0500] "GET /BLA/resoluciones/index.php HTTP/1.1" 200 13696
181.59.241.151 - - [16/Oct/2023:22:55:53 -0500] "GET /BLA/resoluciones/index.php?dir=AUTOS+2023%2F HTTP/1.1" 200 356705
148.113.137.56 - - [16/Oct/2023:22:56:17 -0500] "GET /BLA/resoluciones/RESOLUCIONES%202011/4644.pdf HTTP/1.1" 200 585046
172.22.2.4 - - [16/Oct/2023:22:56:44 -0500] "HEAD /BLA/boletinlegal/ HTTP/1.1" 200 -
216.245.221.92 - - [16/Oct/2023:22:58:58 -0500] "HEAD / HTTP/1.1" 200 -
172.22.2.4 - - [16/Oct/2023:22:57:35 -0500] "GET /BLA/boletinlegal/ HTTP/1.1" 200 60175
69.63.189.116 - - [16/Oct/2023:23:00:22 -0500] "GET /images/plantacion-humedal-la-conejera.jpg HTTP/1.1" 200 92644
69.63.189.116 - - [16/Oct/2023:23:00:27 -0500] "GET /images/Zuque%20(1)%20(1).jpeg HTTP/1.1" 200 66921
201.245.192.253 - - [16/Oct/2023:23:00:40 -0500] "POST /kwsrmcab/Wsrmcab  HTTP/1.1" 200 42851
172.22.2.4 - - [16/Oct/2023:23:02:15 -0500] "GET /BLA/boletinlegal/owa/auth/x.js HTTP/1.1" 404 1018
216.245.221.92 - - [16/Oct/2023:23:03:58 -0500] "HEAD / HTTP/1.1" 200 -
172.22.2.4 - - [16/Oct/2023:23:02:34 -0500] "HEAD /BLA/boletinlegal/ HTTP/1.1" 200 -
201.245.192.253 - - [16/Oct/2023:22:54:00 -0500] "POST /reportes_sipse/sdg/ServletControlador HTTP/1.1" 200 656220
172.22.2.4 - - [16/Oct/2023:23:03:25 -0500] "GET /BLA/boletinlegal/ HTTP/1.1" 200 57802
66.249.77.9 - - [16/Oct/2023:23:05:39 -0500] "GET /BLA/resoluciones/RESOLUCIONES%202009/7105.pdf HTTP/1.1" 200 130000
201.245.192.253 - - [16/Oct/2023:23:05:39 -0500] "POST /kwsrmcab/Wsrmcab  HTTP/1.1" 200 42851
66.249.77.10 - - [16/Oct/2023:23:07:30 -0500] "GET /BLA/resoluciones/Notificaciones/REGISTROS%202017/135.pdf HTTP/1.1" 200 305165
216.245.221.92 - - [16/Oct/2023:23:08:58 -0500] "HEAD / HTTP/1.1" 200 -
172.22.2.4 - - [16/Oct/2023:23:08:24 -0500] "HEAD /BLA/boletinlegal/ HTTP/1.1" 200 -
201.245.192.253 - - [16/Oct/2023:23:10:39 -0500] "POST /kwsrmcab/Wsrmcab  HTTP/1.1" 200 42851
173.252.79.120 - - [16/Oct/2023:23:10:42 -0500] "GET /images/mercados-campesinos-5-mayo.jpg HTTP/1.1" 200 95848
40.77.167.71 - - [16/Oct/2023:23:10:50 -0500] "GET /BLA/resoluciones/RESOLUCIONES%202021/1517.pdf HTTP/1.1" 304 -
172.22.2.4 - - [16/Oct/2023:23:09:15 -0500] "GET /BLA/boletinlegal/ HTTP/1.1" 200 60175
66.175.213.4 - - [16/Oct/2023:23:11:31 -0500] "\x16\x03\x01" 400 226
207.46.13.116 - - [16/Oct/2023:23:13:29 -0500] "GET /sipse/faces/index.xhtml HTTP/1.1" 200 677
216.245.221.92 - - [16/Oct/2023:23:13:58 -0500] "HEAD / HTTP/1.1" 200 -
201.245.192.253 - - [16/Oct/2023:23:15:37 -0500] "POST /kwsrmcab/Wsrmcab  HTTP/1.1" 200 42851
172.22.2.4 - - [16/Oct/2023:23:14:14 -0500] "HEAD /BLA/boletinlegal/ HTTP/1.1" 200 -
207.46.13.111 - - [16/Oct/2023:23:16:19 -0500] "GET /BLA/resoluciones/AUTOS%202018/6846.pdf HTTP/1.1" 200 250306
172.22.2.4 - - [16/Oct/2023:23:15:05 -0500] "GET /BLA/boletinlegal/ HTTP/1.1" 200 60175
172.22.2.4 - - [16/Oct/2023:23:17:35 -0500] "GET /BLA/boletinlegal/jurisprudencia/analisis/AnalisisT-606-15.docx HTTP/1.1" 200 26698
172.22.2.4 - - [16/Oct/2023:23:17:35 -0500] "GET /BLA/boletinlegal/apple-touch-icon-120x120-precomposed.png HTTP/1.1" 404 1140
172.22.2.4 - - [16/Oct/2023:23:17:35 -0500] "GET /BLA/boletinlegal/apple-touch-icon-120x120.png HTTP/1.1" 404 1140
172.22.2.4 - - [16/Oct/2023:23:17:36 -0500] "GET /BLA/boletinlegal/apple-touch-icon-precomposed.png HTTP/1.1" 404 1140
172.22.2.4 - - [16/Oct/2023:23:17:36 -0500] "GET /BLA/boletinlegal/apple-touch-icon.png HTTP/1.1" 404 1140
172.22.2.4 - - [16/Oct/2023:23:17:36 -0500] "GET /BLA/boletinlegal/favicon.ico HTTP/1.1" 404 1140
172.22.2.4 - - [16/Oct/2023:23:17:36 -0500] "GET /BLA/boletinlegal/apple-touch-icon-120x120-precomposed.png HTTP/1.1" 404 1140
172.22.2.4 - - [16/Oct/2023:23:17:36 -0500] "GET /BLA/boletinlegal/apple-touch-icon-120x120.png HTTP/1.1" 404 1140
172.22.2.4 - - [16/Oct/2023:23:17:36 -0500] "GET /BLA/boletinlegal/apple-touch-icon-precomposed.png HTTP/1.1" 404 1140
172.22.2.4 - - [16/Oct/2023:23:17:36 -0500] "GET /BLA/boletinlegal/apple-touch-icon.png HTTP/1.1" 404 1140
172.22.2.4 - - [16/Oct/2023:23:17:36 -0500] "GET /BLA/boletinlegal/favicon.ico HTTP/1.1" 404 1140
201.245.192.253 - - [16/Oct/2023:23:17:44 -0500] "POST /kwsrmcab/Wsrmcab HTTP/1.1" 200 40910
201.245.192.253 - - [16/Oct/2023:23:17:47 -0500] "POST /kwsrmcab/Wsrmcab HTTP/1.1" 200 41244
216.245.221.92 - - [16/Oct/2023:23:18:58 -0500] "HEAD / HTTP/1.1" 200 -
66.249.77.10 - - [16/Oct/2023:23:19:33 -0500] "GET /BLA/resoluciones/RESOLUCIONES%202009/1267.pdf HTTP/1.1" 200 569573
173.252.95.117 - - [16/Oct/2023:23:19:42 -0500] "GET /images/Acuerdos%2001%20(1)%20(1).jpeg HTTP/1.1" 200 32884
201.245.192.253 - - [16/Oct/2023:23:20:37 -0500] "POST /kwsrmcab/Wsrmcab  HTTP/1.1" 200 42851
40.77.167.44 - - [16/Oct/2023:23:20:52 -0500] "GET /Publicaciones/2023EE207905.pdf HTTP/1.1" 404 228
172.22.2.4 - - [16/Oct/2023:23:20:04 -0500] "HEAD /BLA/boletinlegal/ HTTP/1.1" 200 -
172.22.2.4 - - [16/Oct/2023:23:20:55 -0500] "GET /BLA/boletinlegal/ HTTP/1.1" 200 60175
186.102.58.180 - - [16/Oct/2023:23:23:08 -0500] "GET /kwssiamovil/sm/acme/a?s=U2FsdGVkX18jWoWBRdz0mn8ZhAD2iL1QhGVO8WO3ObNfF/cXh7ZbsP7gGBtDkTgKft7Ifq/MaiO3iAMfjKMkCLQr1sZlGvDRRO1aOHeDyvWNt5MFpu+90iwsFUZmTKtMWi98nbK+ahnh9XTSj4KZj9VuV0iPHuvyuuJJqoi8ZCWV4OCSwxElEJhMgsVKHx9aJR/2EwkFlX2PvJVQfuwt7N6Mk49FYoX+RCJQJDSSOjhCp1NJFO+LSjKpzFx2iIM5icfCvJ8kETkLYEawndPhVdYCAs9fT2vekKvg3VqRnCw=&u=U2FsdGVkX18iEukhw5eXeZQquYmIRpdtQ8wvADCJ4WaHdsrOY9XKIadUQi7copJq&y=U2FsdGVkX18MzyO0qaFAiD8Bzu9bSvl2bkrtoOtvAP+Qf2ePAAX7R4OuTFiU+yqs HTTP/1.1" 200 26
186.102.58.180 - - [16/Oct/2023:23:23:09 -0500] "GET /kwssiamovil/sm/acme/a?s=U2FsdGVkX1+AUtNAhDf1T0H2L9UsGZIYQG5JUOao/GNAh4vkkASjhSKA+i/wsz3CzH0CB78Dv9ErCeyT7Veyo5Wie+nnw7qz/2BkiMrocSeiYd3UGcne+7MdP4gbPuoAfbOK0c+VKurYOfvyxyrRk+wYI8Tk+Uk2ZLq5Dwm0DDGp26cimWSZJg5EpyOeS4LGGhVllGfNfAuemeEvgg2bQB0VTItbtvV7d2Dpf2GsQLEV1sK/DowqOsGofLrvhYq08HkuF4JkgDCKZkUuTZtYFqtE35gxlB7T/u7IMQ+dSU4UnW1kduQTu8wc+V6m+dZC0IQu+Z8Fpp+ncstQ5O1YXe1N0U2LGC93VqH6uw0Hf7pynJflI51QbjmDKmd5B2e6rvjI6UcpANDOb9RP5djjNqhqOQbaT98rNd8hTovNyMWlzIiIsrO1LFUH5YnrH9X3J0WyseC++XjvHzojEeiCG1SZQet8Jwm+s1U+8Cf/hqZHdQBD92rNX8UbMYTVWrE0lSNlhAVJeT35OxQUcQCKhV2jXduhP2XjYYxLE1THJP5dIfG21Fbpc4QulHkOoy3EzwQGZp3PS9573TkLxTtYT8paiz9htrT+zJTBPQGW9kkXnZykBKSt3JL7xqZuoqm5/csHUWYB2eEmBnSrNFsGADQIFx9p66C+HQkLYTts7lSIEp2+7A4bH/JnA55swGGmVc6PlBlGzjmy3edtES+I8o4v1fUALS92pMFwVQOPjhatbARTk4hDCxqJZvTwEDyrs/5DorEk4/OQFKrDGQ3bpliI+B6ZEDi84nrEFgXYSkLQTklaOPkSkfDdUS5CKzfNJ7orcpmp6+fnwUVAAaqdpXNwkhvvhcdx7yOODRH/Jias5N3lmylFRyboOexNcaPXHr9RoCjPhGJk9r4aVG/UKB1C9uv53ig9YU2nxWKi0I+RDP72jkebVoku0lkHkRHHQioVa99Uk9yDQSYwHsw0tAHCT48YSxJsuT2VL8cXL3ZgXIbm0wa4MI7SoYb4Ad2olSPYPJaq4fiyGpwV4kzsubnVeZVHdQd9RVBKLQPxAw+QkI+0Id4pyVLu8qZS5USdj00VhdbDfxZgZnujxLNMY34/0759pLsam5LuPLt+p4uwQ/DrIxU246bONpkJlTXBbNhzYi1aj4QNCS/czd5deB2PXgsii010L/gCG52W/DD1GPjJ/qM76W7YD/V+53yuC+nZ0ylon3RFYvX+geFpYL6175gQnRrvrKApycHC3LpC1FPQWO1pkq9OWHHXFp1WPTCrA5CR0D8zHXVSKTslXTWnqG3hdpMBnwPl33gG+YIkzgza2feQWBuYV5my/wc4uiGGGg6uAbmWxy0CLcHX5A==&u=U2FsdGVkX18iEukhw5eXeZQquYmIRpdtQ8wvADCJ4WaHdsrOY9XKIadUQi7copJq&y=U2FsdGVkX18MzyO0qaFAiD8Bzu9bSvl2bkrtoOtvAP+Qf2ePAAX7R4OuTFiU+yqs HTTP/1.1" 200 26
186.102.58.180 - - [16/Oct/2023:23:23:09 -0500] "GET /kwssiamovil/sm/acme/a?s=U2FsdGVkX18prETGBWu9iecrI7BgFNQ/YkIxVepJHih6jYYUdmIyMnvc/hu/vTom/4YcKboNnnOSB4GfoEO/iTStmMqA4TT7EZ9fkZbHO9sHfFOvi1zFP/2gGdRBlq0k5Qv6BjU5VLP9CbECeZyJNhX9tr9zVgW1euYF3GgdEc8=&u=U2FsdGVkX18iEukhw5eXeZQquYmIRpdtQ8wvADCJ4WaHdsrOY9XKIadUQi7copJq&y=U2FsdGVkX18MzyO0qaFAiD8Bzu9bSvl2bkrtoOtvAP+Qf2ePAAX7R4OuTFiU+yqs HTTP/1.1" 200 26
186.102.58.180 - - [16/Oct/2023:23:23:09 -0500] "GET /kwssiamovil/sm/acme/a?s=U2FsdGVkX1+3/WEnTh7ntUGIAouDi66HEmr+k9W+vt3IoEpceSEvNdBChpBrWfyuLLhABrdYUa2fpZE1wtg/e3Qs+HsoXacI5B0eYeKKwGkvxAL4gGY1i3gFxhaZYYcmo4EYb5ipcm62QdlO6RUMtFdfoz3tkkV2SVp4bf4RKEU=&u=U2FsdGVkX18iEukhw5eXeZQquYmIRpdtQ8wvADCJ4WaHdsrOY9XKIadUQi7copJq&y=U2FsdGVkX18MzyO0qaFAiD8Bzu9bSvl2bkrtoOtvAP+Qf2ePAAX7R4OuTFiU+yqs HTTP/1.1" 200 26
186.102.58.180 - - [16/Oct/2023:23:23:10 -0500] "GET /kwssiamovil/sm/acme/a?s=U2FsdGVkX18J7ZtbZZRZK6RxHVDUYu+8ChkLn0Za24N9U7GpA2vt3c+kzOXQ3mZMbUNAbx5Z5KoyeTHRJdmX5QGbYhao1vhDd3JT7ku+hqdKWLLPT7iUp69CG21SM/HxRUfgrNFg1MEJBJvTHCg3TtUAYfz+4s+VKuUER+Xj9P4=&u=U2FsdGVkX18iEukhw5eXeZQquYmIRpdtQ8wvADCJ4WaHdsrOY9XKIadUQi7copJq&y=U2FsdGVkX18MzyO0qaFAiD8Bzu9bSvl2bkrtoOtvAP+Qf2ePAAX7R4OuTFiU+yqs HTTP/1.1" 200 26
186.102.58.180 - - [16/Oct/2023:23:23:10 -0500] "GET /kwssiamovil/sm/acme/a?s=U2FsdGVkX19xDr4UtXwu0HGZfx5wLu/jYvonQtKufhFc+lj8ejfST3gGLiBYnNHnC076uNPz4FZbJA7s5gvwjPKR8boaJVb30QPPabIl9zkz2f8/2xuZPcVf1vSarPiGF+moTOt2PUDMrSImrdY18XYAF2KobrXySp5K/5nln1g23SR5L8gXQBP+8NmfPUGM+qOpl9YkdE/e2IVy2zb6fQ==&u=U2FsdGVkX18iEukhw5eXeZQquYmIRpdtQ8wvADCJ4WaHdsrOY9XKIadUQi7copJq&y=U2FsdGVkX18MzyO0qaFAiD8Bzu9bSvl2bkrtoOtvAP+Qf2ePAAX7R4OuTFiU+yqs HTTP/1.1" 200 26
216.245.221.92 - - [16/Oct/2023:23:23:58 -0500] "HEAD / HTTP/1.1" 200 -
201.245.192.253 - - [16/Oct/2023:23:25:36 -0500] "POST /kwsrmcab/Wsrmcab  HTTP/1.1" 200 42851
172.22.2.4 - - [16/Oct/2023:23:25:54 -0500] "HEAD /BLA/boletinlegal/ HTTP/1.1" 200 -
201.245.192.253 - - [16/Oct/2023:23:27:45 -0500] "POST /kwsrmcab/Wsrmcab HTTP/1.1" 200 40910
201.245.192.253 - - [16/Oct/2023:23:27:48 -0500] "POST /kwsrmcab/Wsrmcab HTTP/1.1" 200 41244
172.22.2.4 - - [16/Oct/2023:23:26:45 -0500] "GET /BLA/boletinlegal/ HTTP/1.1" 200 60175
216.245.221.92 - - [16/Oct/2023:23:28:58 -0500] "HEAD / HTTP/1.1" 200 -
157.55.39.205 - - [16/Oct/2023:23:28:59 -0500] "GET /forest/ HTTP/1.1" 200 12041
52.167.144.233 - - [16/Oct/2023:23:30:03 -0500] "GET /Publicaciones/2023EE219150.pdf HTTP/1.1" 404 228
201.245.192.253 - - [16/Oct/2023:23:30:35 -0500] "POST /kwsrmcab/Wsrmcab  HTTP/1.1" 200 42851
172.22.2.4 - - [16/Oct/2023:23:31:44 -0500] "HEAD /BLA/boletinlegal/ HTTP/1.1" 200 -
157.55.39.205 - - [16/Oct/2023:23:33:30 -0500] "GET /Publicaciones/2023EE235412.pdf HTTP/1.1" 200 232033
186.31.173.154 - - [16/Oct/2023:23:33:33 -0500] "GET /sipse/faces/index.xhtml HTTP/1.1" 200 677
186.31.173.154 - - [16/Oct/2023:23:33:34 -0500] "GET /sipse/faces/javax.faces.resource/theme.css?ln=primefaces-sipse HTTP/1.1" 304 -
186.31.173.154 - - [16/Oct/2023:23:33:34 -0500] "GET /sipse/faces/faces/autenticacion.xhtml HTTP/1.1" 200 12403
186.31.173.154 - - [16/Oct/2023:23:33:34 -0500] "GET /sipse/js/disable_browser_buttons.js HTTP/1.1" 304 -
186.31.173.154 - - [16/Oct/2023:23:33:34 -0500] "GET /sipse/js/funciones.js HTTP/1.1" 304 -
186.31.173.154 - - [16/Oct/2023:23:33:34 -0500] "GET /sipse/css/custom_css_sg.css HTTP/1.1" 304 -
186.31.173.154 - - [16/Oct/2023:23:33:34 -0500] "GET /sipse/faces/javax.faces.resource/theme.css?ln=primefaces-sipse HTTP/1.1" 304 -
186.31.173.154 - - [16/Oct/2023:23:33:34 -0500] "GET /sipse/faces/javax.faces.resource/primefaces.css?ln=primefaces&v=4.0 HTTP/1.1" 304 -
186.31.173.154 - - [16/Oct/2023:23:33:34 -0500] "GET /sipse/css/custom_css_sg_prime_login.css HTTP/1.1" 304 -
186.31.173.154 - - [16/Oct/2023:23:33:34 -0500] "GET /sipse/faces/javax.faces.resource/layout/layout.css?ln=primefaces&v=4.0 HTTP/1.1" 304 -
186.31.173.154 - - [16/Oct/2023:23:33:34 -0500] "GET /sipse/faces/javax.faces.resource/jquery/jquery-plugins.js?ln=primefaces&v=4.0 HTTP/1.1" 304 -
186.31.173.154 - - [16/Oct/2023:23:33:34 -0500] "GET /sipse/faces/javax.faces.resource/jquery/jquery.js?ln=primefaces&v=4.0 HTTP/1.1" 304 -
186.31.173.154 - - [16/Oct/2023:23:33:34 -0500] "GET /sipse/faces/javax.faces.resource/primefaces.js?ln=primefaces&v=4.0 HTTP/1.1" 304 -
186.31.173.154 - - [16/Oct/2023:23:33:34 -0500] "GET /sipse/faces/javax.faces.resource/layout/layout.js?ln=primefaces&v=4.0 HTTP/1.1" 304 -
186.31.173.154 - - [16/Oct/2023:23:33:35 -0500] "GET /sipse/css/imagen/logoSDG.png HTTP/1.1" 304 -
186.31.173.154 - - [16/Oct/2023:23:33:35 -0500] "GET /sipse/css/imagen/loginimg.png HTTP/1.1" 304 -
186.31.173.154 - - [16/Oct/2023:23:33:35 -0500] "GET /sipse/faces/javax.faces.resource/images/ui-icons_898989_256x240.png?ln=primefaces-aristo HTTP/1.1" 304 -
186.31.173.154 - - [16/Oct/2023:23:33:41 -0500] "POST /sipse/faces/autenticacion.xhtml HTTP/1.1" 200 16286
186.31.173.154 - - [16/Oct/2023:23:33:42 -0500] "GET /sipse/faces/javax.faces.resource/theme.css?ln=primefaces-sipse HTTP/1.1" 304 -
186.31.173.154 - - [16/Oct/2023:23:33:42 -0500] "GET /sipse/faces/javax.faces.resource/primefaces.css?ln=primefaces&v=4.0 HTTP/1.1" 304 -
186.31.173.154 - - [16/Oct/2023:23:33:42 -0500] "GET /sipse/faces/javax.faces.resource/layout/layout.css?ln=primefaces&v=4.0 HTTP/1.1" 304 -
186.31.173.154 - - [16/Oct/2023:23:33:42 -0500] "GET /sipse/css/custom_css_sg_prime.css HTTP/1.1" 304 -
186.31.173.154 - - [16/Oct/2023:23:33:42 -0500] "GET /sipse/js/jquery.min.js HTTP/1.1" 304 -
186.31.173.154 - - [16/Oct/2023:23:33:42 -0500] "GET /sipse/faces/javax.faces.resource/jquery/jquery.js?ln=primefaces&v=4.0 HTTP/1.1" 304 -
186.31.173.154 - - [16/Oct/2023:23:33:42 -0500] "GET /sipse/faces/javax.faces.resource/jquery/jquery-plugins.js?ln=primefaces&v=4.0 HTTP/1.1" 304 -
186.31.173.154 - - [16/Oct/2023:23:33:42 -0500] "GET /sipse/faces/javax.faces.resource/primefaces.js?ln=primefaces&v=4.0 HTTP/1.1" 304 -
186.31.173.154 - - [16/Oct/2023:23:33:42 -0500] "GET /sipse/faces/javax.faces.resource/layout/layout.js?ln=primefaces&v=4.0 HTTP/1.1" 304 -
186.31.173.154 - - [16/Oct/2023:23:33:42 -0500] "GET /sipse/css/v_mergente.css HTTP/1.1" 304 -
186.31.173.154 - - [16/Oct/2023:23:33:42 -0500] "GET /sipse/imagenes/cargando.gif HTTP/1.1" 304 -
186.31.173.154 - - [16/Oct/2023:23:33:42 -0500] "GET /sipse/imagenes/logoAplicacion.jpg HTTP/1.1" 304 -
186.31.173.154 - - [16/Oct/2023:23:33:42 -0500] "GET /sipse/css/imagen/contrasena.png HTTP/1.1" 404 383
186.31.173.154 - - [16/Oct/2023:23:33:42 -0500] "GET /sipse/faces/javax.faces.resource/messages/messages.png?ln=primefaces&v=4.0 HTTP/1.1" 304 -
186.31.173.154 - - [16/Oct/2023:23:33:44 -0500] "POST /sipse/faces/bienvenido.xhtml HTTP/1.1" 200 1471
186.31.173.154 - - [16/Oct/2023:23:33:44 -0500] "GET /sipse/faces/javax.faces.resource/images/ui-bg_flat_0_2d5972_40x100.png?ln=primefaces-aristo HTTP/1.1" 304 -
186.31.173.154 - - [16/Oct/2023:23:33:45 -0500] "POST /sipse/faces/bienvenido.xhtml HTTP/1.1" 200 37509
186.31.173.154 - - [16/Oct/2023:23:33:45 -0500] "GET /sipse/faces/javax.faces.resource/theme.css?ln=primefaces-sipse HTTP/1.1" 304 -
186.31.173.154 - - [16/Oct/2023:23:33:45 -0500] "GET /sipse/faces/javax.faces.resource/primefaces.css?ln=primefaces&v=4.0 HTTP/1.1" 304 -
186.31.173.154 - - [16/Oct/2023:23:33:45 -0500] "GET /sipse/faces/javax.faces.resource/layout/layout.css?ln=primefaces&v=4.0 HTTP/1.1" 304 -
186.31.173.154 - - [16/Oct/2023:23:33:45 -0500] "GET /sipse/faces/javax.faces.resource/jquery/jquery.js?ln=primefaces&v=4.0 HTTP/1.1" 304 -
186.31.173.154 - - [16/Oct/2023:23:33:45 -0500] "GET /sipse/faces/javax.faces.resource/jquery/jquery-plugins.js?ln=primefaces&v=4.0 HTTP/1.1" 304 -
186.31.173.154 - - [16/Oct/2023:23:33:45 -0500] "GET /sipse/faces/javax.faces.resource/primefaces.js?ln=primefaces&v=4.0 HTTP/1.1" 304 -
186.31.173.154 - - [16/Oct/2023:23:33:45 -0500] "GET /sipse/faces/javax.faces.resource/layout/layout.js?ln=primefaces&v=4.0 HTTP/1.1" 304 -
186.31.173.154 - - [16/Oct/2023:23:33:46 -0500] "POST /sipse/faces/presentacion/financiero/solicitudProceso/listarSolicitudProceso.xhtml HTTP/1.1" 200 1420
186.31.173.154 - - [16/Oct/2023:23:33:48 -0500] "POST /sipse/faces/presentacion/financiero/solicitudProceso/listarSolicitudProceso.xhtml HTTP/1.1" 200 7523
186.31.173.154 - - [16/Oct/2023:23:33:48 -0500] "POST /sipse/faces/presentacion/financiero/solicitudProceso/listarSolicitudProceso.xhtml HTTP/1.1" 200 19244
186.31.173.154 - - [16/Oct/2023:23:33:54 -0500] "POST /sipse/faces/presentacion/financiero/solicitudProceso/listarSolicitudProceso.xhtml HTTP/1.1" 200 121420
186.31.173.154 - - [16/Oct/2023:23:33:54 -0500] "GET /sipse/faces/javax.faces.resource/layout/layout.css?ln=primefaces&v=4.0 HTTP/1.1" 304 -
186.31.173.154 - - [16/Oct/2023:23:33:54 -0500] "GET /sipse/faces/javax.faces.resource/primefaces.css?ln=primefaces&v=4.0 HTTP/1.1" 304 -
186.31.173.154 - - [16/Oct/2023:23:33:54 -0500] "GET /sipse/faces/javax.faces.resource/theme.css?ln=primefaces-sipse HTTP/1.1" 304 -
186.31.173.154 - - [16/Oct/2023:23:33:54 -0500] "GET /sipse/faces/javax.faces.resource/jquery/jquery.js?ln=primefaces&v=4.0 HTTP/1.1" 304 -
186.31.173.154 - - [16/Oct/2023:23:33:54 -0500] "GET /sipse/faces/javax.faces.resource/jquery/jquery-plugins.js?ln=primefaces&v=4.0 HTTP/1.1" 304 -
186.31.173.154 - - [16/Oct/2023:23:33:54 -0500] "GET /sipse/faces/javax.faces.resource/primefaces.js?ln=primefaces&v=4.0 HTTP/1.1" 304 -
186.31.173.154 - - [16/Oct/2023:23:33:54 -0500] "GET /sipse/faces/javax.faces.resource/layout/layout.js?ln=primefaces&v=4.0 HTTP/1.1" 304 -
186.31.173.154 - - [16/Oct/2023:23:33:55 -0500] "GET /sipse/faces/javax.faces.resource/dynamiccontent.properties?ln=primefaces&pfdrid=XjOR5%2F%2FfPAZAuY9TpWQeCiM0BhlXxYRBGKi%2FQcXXfeA%3D&pfdrid_c=false HTTP/1.1" 500 383
216.245.221.92 - - [16/Oct/2023:23:33:58 -0500] "HEAD / HTTP/1.1" 200 -
186.31.173.154 - - [16/Oct/2023:23:34:04 -0500] "POST /sipse/faces/presentacion/financiero/solicitudProceso/consultarSolicitudProceso.xhtml HTTP/1.1" 200 169709
172.22.2.4 - - [16/Oct/2023:23:32:35 -0500] "GET /BLA/boletinlegal/ HTTP/1.1" 200 55792
5.255.231.149 - - [16/Oct/2023:23:34:27 -0500] "GET /robots.txt HTTP/1.1" 404 1018
213.180.203.130 - - [16/Oct/2023:23:34:28 -0500] "GET / HTTP/1.1" 200 319
40.77.167.18 - - [16/Oct/2023:23:34:33 -0500] "GET /Publicaciones/2023EE224237.pdf HTTP/1.1" 404 228
172.22.2.4 - - [16/Oct/2023:23:33:21 -0500] "GET /BLA/boletinlegal/ HTTP/1.1" 200 57089
201.245.192.253 - - [16/Oct/2023:23:35:34 -0500] "POST /kwsrmcab/Wsrmcab  HTTP/1.1" 200 42851
172.22.2.4 - - [16/Oct/2023:23:37:17 -0500] "GET /BLA/boletinlegal/Circulares/2019/.pdf HTTP/1.1" 404 1218
172.22.2.4 - - [16/Oct/2023:23:37:25 -0500] "GET /BLA/boletinlegal/Circulares/023%09/CIRCULAR%20No.%2000010%20DEL%2010%20DE%20OCTUBRE%20DEL%202023%09.pdf HTTP/1.1" 403 1026
172.22.2.4 - - [16/Oct/2023:23:37:28 -0500] "GET /BLA/boletinlegal/Circulares/023%09/CIRCULAR%20No.%2000009%20DEL%2010%20DE%20OCTUBRE%20DEL%202023%09.pdf HTTP/1.1" 403 1026
172.22.2.4 - - [16/Oct/2023:23:37:31 -0500] "GET /BLA/boletinlegal/Circulares/023%09/CIRCULAR%20No.%2000010%20DEL%2010%20DE%20OCTUBRE%20DEL%202023%09.pdf HTTP/1.1" 403 1026
172.22.2.4 - - [16/Oct/2023:23:37:35 -0500] "GET /BLA/boletinlegal/Circulares/023%09/CIRCULAR%20No.%2000009%20DEL%2010%20DE%20OCTUBRE%20DEL%202023%09.pdf HTTP/1.1" 403 1026
172.22.2.4 - - [16/Oct/2023:23:37:39 -0500] "GET /BLA/boletinlegal/Circulares/023%09/CIRCULAR%20No.%2000010%20DEL%2010%20DE%20OCTUBRE%20DEL%202023%09.pdf HTTP/1.1" 403 1026
172.22.2.4 - - [16/Oct/2023:23:37:41 -0500] "GET /BLA/boletinlegal/Circulares/023%09/CIRCULAR%20No.%2000009%20DEL%2010%20DE%20OCTUBRE%20DEL%202023%09.pdf HTTP/1.1" 403 1026
172.22.2.4 - - [16/Oct/2023:23:37:44 -0500] "GET /BLA/boletinlegal/Circulares/023%09/CIRCULAR%20No.%2000010%20DEL%2010%20DE%20OCTUBRE%20DEL%202023%09.pdf HTTP/1.1" 403 1026
201.245.192.253 - - [16/Oct/2023:23:37:44 -0500] "POST /kwsrmcab/Wsrmcab HTTP/1.1" 200 40910
172.22.2.4 - - [16/Oct/2023:23:37:47 -0500] "GET /BLA/boletinlegal/Circulares/023%09/CIRCULAR%20No.%2000009%20DEL%2010%20DE%20OCTUBRE%20DEL%202023%09.pdf HTTP/1.1" 403 1026
201.245.192.253 - - [16/Oct/2023:23:37:47 -0500] "POST /kwsrmcab/Wsrmcab HTTP/1.1" 200 41244
172.22.2.4 - - [16/Oct/2023:23:37:51 -0500] "GET /BLA/boletinlegal/Circulares/023%09/CIRCULAR%20No.%2000010%20DEL%2010%20DE%20OCTUBRE%20DEL%202023%09.pdf HTTP/1.1" 403 1026
172.22.2.4 - - [16/Oct/2023:23:37:53 -0500] "GET /BLA/boletinlegal/Circulares/023%09/CIRCULAR%20No.%2000009%20DEL%2010%20DE%20OCTUBRE%20DEL%202023%09.pdf HTTP/1.1" 403 1026
216.245.221.92 - - [16/Oct/2023:23:38:58 -0500] "HEAD / HTTP/1.1" 200 -
172.22.2.4 - - [16/Oct/2023:23:37:34 -0500] "HEAD /BLA/boletinlegal/ HTTP/1.1" 200 -
173.252.107.117 - - [16/Oct/2023:23:39:38 -0500] "GET /secretaria-de-ambiente-incrementa-evaluacion-y-seguimiento-al-arbolado-urbano.html HTTP/1.1" 200 933
172.22.2.4 - - [16/Oct/2023:23:38:25 -0500] "GET /BLA/boletinlegal/ HTTP/1.1" 200 57802
201.245.192.253 - - [16/Oct/2023:23:40:33 -0500] "POST /kwsrmcab/Wsrmcab  HTTP/1.1" 200 42851
