172.22.2.4 - - [16/Oct/2023:18:28:51 -0500] "GET /BLA/boletinlegal/ HTTP/1.1" 200 57802
66.249.77.9 - - [16/Oct/2023:18:30:33 -0500] "GET /BLA/resoluciones/RESOLUCIONES%202010/7629.pdf HTTP/1.1" 200 387718
172.22.2.4 - - [16/Oct/2023:18:30:53 -0500] "GET /BLA/boletinlegal/consulta_actos.php?tipo=resoluciones&no=2711&usuario=&sector=&fecha=2019&resuelve= HTTP/1.1" 200 626
211.140.23.130 - - [16/Oct/2023:18:31:24 -0500] "GET /galeria/galeria/fotos/Humedal-la-conejera2P.jpg HTTP/1.1" 200 31007
201.245.192.253 - - [16/Oct/2023:18:31:31 -0500] "POST /kwsrmcab/Wsrmcab  HTTP/1.1" 200 42851
181.137.167.218 - - [16/Oct/2023:18:31:55 -0500] "GET /BLA/resoluciones/RESOLUCIONES%202021/5262.pdf HTTP/1.1" 200 370932
181.137.167.218 - - [16/Oct/2023:18:31:55 -0500] "GET /favicon.ico HTTP/1.1" 200 7782
66.249.77.8 - - [16/Oct/2023:18:33:21 -0500] "GET /BLA/resoluciones/RESOLUCIONES%202011/5456.pdf HTTP/1.1" 200 573168
216.245.221.92 - - [16/Oct/2023:18:33:59 -0500] "HEAD / HTTP/1.1" 200 -
66.249.77.9 - - [16/Oct/2023:18:34:08 -0500] "HEAD /BLA/bo HTTP/1.1" 404 -
147.160.184.137 - - [16/Oct/2023:18:34:17 -0500] "GET /galeria/galeria/fotos/Huemdal-el-Tunjo4P.jpg HTTP/1.1" 200 18710
172.22.2.4 - - [16/Oct/2023:18:32:58 -0500] "GET /BLA/boletinlegal/ HTTP/1.1" 200 55429
186.102.58.180 - - [16/Oct/2023:18:35:16 -0500] "GET /kwssiamovil/sm/acme/a?s=U2FsdGVkX1/TMq2fgDF4r1JGRQ2TbBdugbHezh3JHPARpoED8+8X69t3OVsAvQcpMftA99l6Yof4/j5MSuEf0cKf3T18gZYitGPPwvrgaw79kCrdC3fnBHtcjq9x4NAcu/jCRmaVvRyN5f1OcXT8+4Dm3RBkN+sXWSfioD71CqBY+Jf99quzw7yI8nOdlhIED4fSCQiY/Yvz4xEYEJyBz3oKxjS36xJGGD96X923K7MgFmh3JMGwg1KiTAEfc+hkiRHfwS4NjMwZqltOH23124fNcP7aAdlE2f9Lpq9PvQ8=&u=U2FsdGVkX18iEukhw5eXeZQquYmIRpdtQ8wvADCJ4WaHdsrOY9XKIadUQi7copJq&y=U2FsdGVkX18MzyO0qaFAiD8Bzu9bSvl2bkrtoOtvAP+Qf2ePAAX7R4OuTFiU+yqs HTTP/1.1" 200 26
186.102.58.180 - - [16/Oct/2023:18:35:16 -0500] "GET /kwssiamovil/sm/acme/a?s=U2FsdGVkX1/HulJP/ekBx2jbCy02+xHJGk7fzQL55+LgUCJ6ALIDydFoF45lZ8KXUS66hcqyqSzCP65hDBqQqz+HMbUNjJf6ISfJknYv2/gOXt9BV1FDanOLA+6J2TIUENTkFU79a/bLENhPEu45mqWpLIYme1BuEbK0tXSB9WhFOJt//8a8/2lVPkyF0ECDfAxXFsi1+x7uT4CLd7wW1nQ+ythgCQ1hOB/8fBGT7pS29UB7WRjzUMtnLKF+nWml6zmvLunSu0k+hEZTuF/nu49kjagYRpQ3vj0/q6PvtUnoeglQ+gWEefRd10hmzuO/YrCLZD60byWJ/3wND4NUptnz5EGrZ2SAo0YEB4w3HOuQnLOCBX9yHOIwXXIupNVtm2YtGV7gAbTgc/sNPbwfaRHvJGMrbVVuYSrfm/350KFRAykueJLCTVIOETqY94sMjJYuBor6wrNaMDOmZW34YaZZJuBqYQB/cJQeaEfNvhWwgye+ZDb8p6IvzshAIv8vFJSDtiO6kkdrDEIQn8izyHS+MOGIeD9RRkz2QBLPQWsvuaAzqGTXci1D0G+ZR69HdetsCHtXATR1LysRP+M8QIdMO24ulUdu4a6keNBdYPv62/E+gdq087FAOWmDt1P8HrlooVqrLQNSIIGf/GA86sxrQGPr7QuQZ9hfnIbs/Qtjm8hcNSIf0Sz0iKB30imgCTNq4YAsjt38DhxYQZROdNZQYxGQZ8ztFl7/ufucFHn9BQPjfk2KtYYuGFvhi7rPX/QRwQ3SoxLXxbbHWcBLwuBY+j8xEiHgtun6+0ybi6EabCctKfvT1vciw9VNo4+B0nSr7TC+HfSKBhlGRTUMP9Phip3+6ABMC7HsDKLQMYSFpfrjEa6GFKxJZUXvyCCPNKfqtRqITtvEJxnt9f6u4F8hSc5uYMTi9X/n7KX6OHNOAZ6ZOjOZEzM5gYJZ1MmueryXwATuP5Qp7NJJBsGfUE1s95cn9Bm2Kx79alIt4XKYF0x8RoOjJR+FXwrNmAIu+I6Be31eU/ycAh9u7SO0UAZm/VgyiuCu+5PUTHYkMIx2xsyA1OggscBk6l9q+BxbEDqANCZ2vTX7ik+O4bQm5P85R6bKDFyk17FeqEIKW+Ec5NFQdmG/VWEdZGBWyHw4&u=U2FsdGVkX18iEukhw5eXeZQquYmIRpdtQ8wvADCJ4WaHdsrOY9XKIadUQi7copJq&y=U2FsdGVkX18MzyO0qaFAiD8Bzu9bSvl2bkrtoOtvAP+Qf2ePAAX7R4OuTFiU+yqs HTTP/1.1" 200 26
186.102.58.180 - - [16/Oct/2023:18:35:16 -0500] "GET /kwssiamovil/sm/acme/a?s=U2FsdGVkX19qy8vVJdbbZ/KNMNiBUdPS2cx1MNsJHJnPCaCVmTrfEHvaRdnNKxaNz03iSDAshio6t4W84pGXmpZJ+hjp7QP/WXPoUKM0u4dkO4Y2ZUMR9eLimA6ItSdSyZIWmPY1MTbgfRGlaRYP1K+sac9HZxN/AazW2imqXGs=&u=U2FsdGVkX18iEukhw5eXeZQquYmIRpdtQ8wvADCJ4WaHdsrOY9XKIadUQi7copJq&y=U2FsdGVkX18MzyO0qaFAiD8Bzu9bSvl2bkrtoOtvAP+Qf2ePAAX7R4OuTFiU+yqs HTTP/1.1" 200 26
186.102.58.180 - - [16/Oct/2023:18:35:16 -0500] "GET /kwssiamovil/sm/acme/a?s=U2FsdGVkX19zE6iFIgSQJnuR6yQ211k/iFY5l+GbScPL8ue1aM/xC0kCE7xihdHyMadfQoIc+vNK1V/tyGv3dILPlLRAcW5Twjph4Dpq02ghtlw/xZaVpiz5Kptmq1plEri/O6nvf6m/ZOA4u2Th/SypjforGzV0ywUjQ3Oo0nc=&u=U2FsdGVkX18iEukhw5eXeZQquYmIRpdtQ8wvADCJ4WaHdsrOY9XKIadUQi7copJq&y=U2FsdGVkX18MzyO0qaFAiD8Bzu9bSvl2bkrtoOtvAP+Qf2ePAAX7R4OuTFiU+yqs HTTP/1.1" 200 26
186.102.58.180 - - [16/Oct/2023:18:35:17 -0500] "GET /kwssiamovil/sm/acme/a?s=U2FsdGVkX1+DirPiaY/TfKIjyhe4XbgEBjwzUthFXd/QEm4SGXHWH6FJGrcan4IMjn0xvw4flu99+y0iX7dRMkPwqMusRfEkun15J4zSlh4uCsbJWaGxYc+5c0ZDwK/K4RiUQTGEBHdti4l5eIww46uD3RwnzE5aew8vpwgVacA=&u=U2FsdGVkX18iEukhw5eXeZQquYmIRpdtQ8wvADCJ4WaHdsrOY9XKIadUQi7copJq&y=U2FsdGVkX18MzyO0qaFAiD8Bzu9bSvl2bkrtoOtvAP+Qf2ePAAX7R4OuTFiU+yqs HTTP/1.1" 200 26
186.102.58.180 - - [16/Oct/2023:18:35:17 -0500] "GET /kwssiamovil/sm/acme/a?s=U2FsdGVkX18l7UvbNqGaZk+wvBAmzDRDsSwZItl0SWTmOHAQYV4YqsoQ0zI7Os1NWiMtIKNgyzKeXI0P2pHHGo5JZyL7Nq7yaNbbCF5D8xgj11dboSVM9Rkc4vcwEINaMj2UWtTdiAz2NhqOTTsBuPJtkuYB3Pz0hlglCcszVVcLUjVLVn5PDghTQr6rgmtHLCOwITZDOMuF0lNn40rZ/A==&u=U2FsdGVkX18iEukhw5eXeZQquYmIRpdtQ8wvADCJ4WaHdsrOY9XKIadUQi7copJq&y=U2FsdGVkX18MzyO0qaFAiD8Bzu9bSvl2bkrtoOtvAP+Qf2ePAAX7R4OuTFiU+yqs HTTP/1.1" 200 26
172.22.2.4 - - [16/Oct/2023:18:33:51 -0500] "HEAD /BLA/boletinlegal/ HTTP/1.1" 200 -
66.249.77.10 - - [16/Oct/2023:18:34:08 -0500] "HEAD /BLA/boletinlegal/index.php HTTP/1.1" 200 -
172.22.2.4 - - [16/Oct/2023:18:34:50 -0500] "GET /BLA/boletinlegal/ HTTP/1.1" 200 51009
201.245.192.253 - - [16/Oct/2023:18:36:30 -0500] "POST /kwsrmcab/Wsrmcab  HTTP/1.1" 200 42851
172.22.2.4 - - [16/Oct/2023:18:36:53 -0500] "GET /BLA/boletinlegal/Circulares/2019/.pdf HTTP/1.1" 404 1218
172.22.2.4 - - [16/Oct/2023:18:36:59 -0500] "GET /BLA/boletinlegal/Circulares/023%09/CIRCULAR%20No.%2000010%20DEL%2010%20DE%20OCTUBRE%20DEL%202023%09.pdf HTTP/1.1" 403 1026
172.22.2.4 - - [16/Oct/2023:18:37:02 -0500] "GET /BLA/boletinlegal/Circulares/023%09/CIRCULAR%20No.%2000009%20DEL%2010%20DE%20OCTUBRE%20DEL%202023%09.pdf HTTP/1.1" 403 1026
172.22.2.4 - - [16/Oct/2023:18:37:04 -0500] "GET /BLA/boletinlegal/Circulares/023%09/CIRCULAR%20No.%2000010%20DEL%2010%20DE%20OCTUBRE%20DEL%202023%09.pdf HTTP/1.1" 403 1026
172.22.2.4 - - [16/Oct/2023:18:37:09 -0500] "GET /BLA/boletinlegal/Circulares/023%09/CIRCULAR%20No.%2000009%20DEL%2010%20DE%20OCTUBRE%20DEL%202023%09.pdf HTTP/1.1" 403 1026
172.22.2.4 - - [16/Oct/2023:18:37:14 -0500] "GET /BLA/boletinlegal/Circulares/023%09/CIRCULAR%20No.%2000010%20DEL%2010%20DE%20OCTUBRE%20DEL%202023%09.pdf HTTP/1.1" 403 1026
172.22.2.4 - - [16/Oct/2023:18:37:19 -0500] "GET /BLA/boletinlegal/Circulares/023%09/CIRCULAR%20No.%2000009%20DEL%2010%20DE%20OCTUBRE%20DEL%202023%09.pdf HTTP/1.1" 403 1026
172.22.2.4 - - [16/Oct/2023:18:37:22 -0500] "GET /BLA/boletinlegal/Circulares/023%09/CIRCULAR%20No.%2000010%20DEL%2010%20DE%20OCTUBRE%20DEL%202023%09.pdf HTTP/1.1" 403 1026
172.22.2.4 - - [16/Oct/2023:18:37:26 -0500] "GET /BLA/boletinlegal/Circulares/023%09/CIRCULAR%20No.%2000009%20DEL%2010%20DE%20OCTUBRE%20DEL%202023%09.pdf HTTP/1.1" 403 1026
172.22.2.4 - - [16/Oct/2023:18:37:28 -0500] "GET /BLA/boletinlegal/Circulares/023%09/CIRCULAR%20No.%2000010%20DEL%2010%20DE%20OCTUBRE%20DEL%202023%09.pdf HTTP/1.1" 403 1026
172.22.2.4 - - [16/Oct/2023:18:37:32 -0500] "GET /BLA/boletinlegal/Circulares/023%09/CIRCULAR%20No.%2000009%20DEL%2010%20DE%20OCTUBRE%20DEL%202023%09.pdf HTTP/1.1" 403 1026
201.245.192.253 - - [16/Oct/2023:18:37:45 -0500] "POST /kwsrmcab/Wsrmcab HTTP/1.1" 200 40753
201.245.192.253 - - [16/Oct/2023:18:37:48 -0500] "POST /kwsrmcab/Wsrmcab HTTP/1.1" 200 41119
172.22.2.4 - - [16/Oct/2023:18:38:22 -0500] "GET /BLA/boletinlegal/actos.php HTTP/1.1" 200 9682
123.6.49.41 - - [16/Oct/2023:18:38:31 -0500] "GET / HTTP/1.1" 200 319
172.22.2.4 - - [16/Oct/2023:18:38:37 -0500] "GET /BLA/boletinlegal/consulta_actos.php?tipo=resoluciones&no=&usuario=PRODUCTOS%20RAMO&sector=&fecha=2023&resuelve= HTTP/1.1" 200 626
172.22.2.4 - - [16/Oct/2023:18:38:42 -0500] "GET /BLA/boletinlegal/consulta_actos.php?tipo=resoluciones&no=&usuario=PRODUCTOS%20RAMO%20SAS&sector=&fecha=2023&resuelve= HTTP/1.1" 200 626
172.22.2.4 - - [16/Oct/2023:18:38:46 -0500] "GET /BLA/boletinlegal/consulta_actos.php?tipo=resoluciones&no=&usuario=PRODUCTOS%20RAMO%20SAS&sector=&fecha=2022&resuelve= HTTP/1.1" 200 626
172.22.2.4 - - [16/Oct/2023:18:38:54 -0500] "GET /BLA/boletinlegal/consulta_actos.php?tipo=resoluciones&no=&usuario=PRODUCTOS%20RAMO%20SAS&sector=AIRE&fecha=2022&resuelve= HTTP/1.1" 200 626
172.22.2.4 - - [16/Oct/2023:18:38:55 -0500] "GET /BLA/boletinlegal/consulta_actos.php?tipo=resoluciones&no=&usuario=PRODUCTOS%20RAMO%20SAS&sector=AIRE&fecha=2022&resuelve= HTTP/1.1" 200 626
172.22.2.4 - - [16/Oct/2023:18:38:55 -0500] "GET /BLA/boletinlegal/consulta_actos.php?tipo=resoluciones&no=&usuario=PRODUCTOS%20RAMO%20SAS&sector=AIRE&fecha=2022&resuelve= HTTP/1.1" 200 626
216.245.221.92 - - [16/Oct/2023:18:38:58 -0500] "HEAD / HTTP/1.1" 200 -
172.22.2.4 - - [16/Oct/2023:18:39:02 -0500] "GET /BLA/boletinlegal/consulta_actos.php?tipo=resoluciones&no=&usuario=Productos%20Ramo&sector=AIRE&fecha=2022&resuelve= HTTP/1.1" 200 626
172.22.2.4 - - [16/Oct/2023:18:39:13 -0500] "GET /BLA/boletinlegal/consulta_actos.php?tipo=resoluciones&no=&usuario=&sector=AIRE&fecha=2022&resuelve=productos%20ramo HTTP/1.1" 200 626
172.22.2.4 - - [16/Oct/2023:18:39:17 -0500] "GET /BLA/boletinlegal/actos.php HTTP/1.1" 200 9682
172.22.2.4 - - [16/Oct/2023:18:39:27 -0500] "GET /BLA/boletinlegal/consulta_actos.php?tipo=resoluciones&no=&usuario=&sector=AIRE&fecha=2023&resuelve=ramo HTTP/1.1" 200 626
172.22.2.4 - - [16/Oct/2023:18:39:32 -0500] "GET /BLA/boletinlegal/consulta_actos.php?tipo=resoluciones&no=&usuario=&sector=AIRE&fecha=2022&resuelve=ramo HTTP/1.1" 200 626
172.22.2.4 - - [16/Oct/2023:18:39:39 -0500] "GET /BLA/boletinlegal/consulta_actos.php?tipo=resoluciones&no=&usuario=&sector=AIRE&fecha=2021&resuelve=ramo HTTP/1.1" 200 626
172.22.2.4 - - [16/Oct/2023:18:39:40 -0500] "GET /BLA/boletinlegal/consulta_actos.php?tipo=resoluciones&no=&usuario=&sector=AIRE&fecha=2021&resuelve=ramo HTTP/1.1" 200 626
172.22.2.4 - - [16/Oct/2023:18:39:40 -0500] "GET /BLA/boletinlegal/consulta_actos.php?tipo=resoluciones&no=&usuario=&sector=AIRE&fecha=2021&resuelve=ramo HTTP/1.1" 200 626
172.22.2.4 - - [16/Oct/2023:18:39:40 -0500] "GET /BLA/boletinlegal/consulta_actos.php?tipo=resoluciones&no=&usuario=&sector=AIRE&fecha=2021&resuelve=ramo HTTP/1.1" 200 626
172.22.2.4 - - [16/Oct/2023:18:39:50 -0500] "HEAD /BLA/boletinlegal/ HTTP/1.1" 200 -
201.245.192.253 - - [16/Oct/2023:18:41:29 -0500] "POST /kwsrmcab/Wsrmcab  HTTP/1.1" 200 42851
172.22.2.4 - - [16/Oct/2023:18:40:40 -0500] "GET /BLA/boletinlegal/ HTTP/1.1" 200 58155
66.240.236.116 - - [16/Oct/2023:18:42:36 -0500] "GET / HTTP/1.1" 200 319
162.55.166.12 - - [16/Oct/2023:18:42:53 -0500] "GET / HTTP/1.1" 200 4720
173.252.107.9 - - [16/Oct/2023:18:42:56 -0500] "GET /sin-raza-pero-con-casa-nuevas-jornadas-de-adopcion-en-el-distrito.html HTTP/1.1" 200 742
162.55.166.12 - - [16/Oct/2023:18:42:56 -0500] "GET / HTTP/1.1" 200 319
181.59.21.29 - - [16/Oct/2023:18:43:56 -0500] "GET /catalogoisis/ HTTP/1.1" 200 8575
181.59.21.29 - - [16/Oct/2023:18:43:56 -0500] "GET /catalogoisis/Css/Busqueda.css HTTP/1.1" 200 1995
181.59.21.29 - - [16/Oct/2023:18:43:56 -0500] "GET /catalogoisis/Js/AceptarLimpiar.js HTTP/1.1" 200 331
181.59.21.29 - - [16/Oct/2023:18:43:56 -0500] "GET /catalogoisis/Js/LimpiarCombinada.js HTTP/1.1" 200 207
181.59.21.29 - - [16/Oct/2023:18:43:56 -0500] "GET /catalogoisis/Js/Cookies.js HTTP/1.1" 200 1369
181.59.21.29 - - [16/Oct/2023:18:43:56 -0500] "GET /catalogoisis/Js/Go.js HTTP/1.1" 200 364
181.59.21.29 - - [16/Oct/2023:18:43:56 -0500] "GET /catalogoisis/Js/Remote.js HTTP/1.1" 200 436
181.59.21.29 - - [16/Oct/2023:18:43:56 -0500] "GET /catalogoisis/Js/Enter.js HTTP/1.1" 200 1208
181.59.21.29 - - [16/Oct/2023:18:43:56 -0500] "GET /catalogoisis/imagenes/br1c1.gif HTTP/1.1" 200 172
181.59.21.29 - - [16/Oct/2023:18:43:56 -0500] "GET /catalogoisis/imagenes/Header.gif HTTP/1.1" 200 27040
181.59.21.29 - - [16/Oct/2023:18:43:56 -0500] "GET /catalogoisis/Js/Numero.js HTTP/1.1" 200 398
181.59.21.29 - - [16/Oct/2023:18:43:56 -0500] "GET /catalogoisis/imagenes/br1c3.gif HTTP/1.1" 200 302
181.59.21.29 - - [16/Oct/2023:18:43:56 -0500] "GET /catalogoisis/imagenes/Turnbo1.gif HTTP/1.1" 200 227
181.59.21.29 - - [16/Oct/2023:18:43:56 -0500] "GET /catalogoisis/imagenes/aceptar1.gif HTTP/1.1" 200 604
181.59.21.29 - - [16/Oct/2023:18:43:56 -0500] "GET /catalogoisis/imagenes/limpiar1.gif HTTP/1.1" 200 606
181.59.21.29 - - [16/Oct/2023:18:43:56 -0500] "GET /catalogoisis/imagenes/br3c1.gif HTTP/1.1" 200 177
181.59.21.29 - - [16/Oct/2023:18:43:56 -0500] "GET /catalogoisis/imagenes/br3c2.gif HTTP/1.1" 200 285
181.59.21.29 - - [16/Oct/2023:18:43:56 -0500] "GET /catalogoisis/imagenes/br3c3.gif HTTP/1.1" 200 186
216.245.221.92 - - [16/Oct/2023:18:43:59 -0500] "HEAD / HTTP/1.1" 200 -
181.59.21.29 - - [16/Oct/2023:18:43:56 -0500] "GET /catalogoisis/Js/CriterioCombinada.js HTTP/1.1" 200 1843
181.59.21.29 - - [16/Oct/2023:18:43:59 -0500] "GET /catalogoisis/imagenes/br1c2.gif HTTP/1.1" 200 297
181.59.21.29 - - [16/Oct/2023:18:43:59 -0500] "GET /catalogoisis/imagenes/br2c2.gif HTTP/1.1" 200 302
181.59.21.29 - - [16/Oct/2023:18:43:59 -0500] "GET /catalogoisis/imagenes/br2c1.gif HTTP/1.1" 200 297
181.59.21.29 - - [16/Oct/2023:18:43:59 -0500] "GET /catalogoisis/imagenes/br2c3.gif HTTP/1.1" 200 416
69.63.184.119 - - [16/Oct/2023:18:44:06 -0500] "GET /alcaldesa-presenta-a-la-comunidad-de-kennedy-y-bosa-la-nueva-reserva-de-humedal-tingua-azul.html HTTP/1.1" 200 1066
201.245.192.253 - - [16/Oct/2023:18:46:28 -0500] "POST /kwsrmcab/Wsrmcab  HTTP/1.1" 200 42851
52.167.144.171 - - [16/Oct/2023:18:47:04 -0500] "GET /galeria/galeria/fotos/juan-amarillo4G.jpg HTTP/1.1" 200 202445
172.22.2.4 - - [16/Oct/2023:18:45:40 -0500] "HEAD /BLA/boletinlegal/ HTTP/1.1" 200 -
66.249.77.8 - - [16/Oct/2023:18:47:43 -0500] "GET /BLA/resoluciones/RESOLUCIONES%202012/1914.pdf HTTP/1.1" 200 319834
172.22.2.4 - - [16/Oct/2023:18:46:30 -0500] "GET /BLA/boletinlegal/ HTTP/1.1" 200 58155
114.119.146.197 - - [16/Oct/2023:18:48:44 -0500] "GET /BLA/resoluciones/index.php?dir=RESOLUCIONES%2B2016/&sort=date&order=desc HTTP/1.1" 200 13902
216.245.221.92 - - [16/Oct/2023:18:48:59 -0500] "HEAD / HTTP/1.1" 200 -
114.119.155.144 - - [16/Oct/2023:18:50:37 -0500] "GET /BLA/resoluciones/index.php?dir=Notificaciones/RESOLUCIONES%2B2015/&sort=date&order=desc HTTP/1.1" 200 13964
114.119.141.200 - - [16/Oct/2023:18:51:18 -0500] "GET /portalsiaccapacitaciones/Soportes%20Capacitaciones%202017/Presentacin%20Riesgos%20Ambientales.pdf HTTP/1.1" 404 1272
201.245.192.253 - - [16/Oct/2023:18:51:27 -0500] "POST /kwsrmcab/Wsrmcab  HTTP/1.1" 200 42851
172.22.2.4 - - [16/Oct/2023:18:51:30 -0500] "HEAD /BLA/boletinlegal/ HTTP/1.1" 200 -
31.13.127.6 - - [16/Oct/2023:18:53:49 -0500] "GET /semana-bogota-reverdece-se-plantaron-200-nuevos-arboles-en-el-humedal-tingua-azul-bosa.html HTTP/1.1" 200 896
216.245.221.92 - - [16/Oct/2023:18:53:58 -0500] "HEAD / HTTP/1.1" 200 -
172.22.2.4 - - [16/Oct/2023:18:52:20 -0500] "GET /BLA/boletinlegal/ HTTP/1.1" 200 57802
201.245.192.253 - - [16/Oct/2023:18:56:26 -0500] "POST /kwsrmcab/Wsrmcab  HTTP/1.1" 200 42851
216.245.221.92 - - [16/Oct/2023:18:58:58 -0500] "HEAD / HTTP/1.1" 200 -
172.22.2.4 - - [16/Oct/2023:18:57:20 -0500] "HEAD /BLA/boletinlegal/ HTTP/1.1" 200 -
172.22.2.4 - - [16/Oct/2023:18:58:10 -0500] "GET /BLA/boletinlegal/ HTTP/1.1" 200 58155
201.245.192.253 - - [16/Oct/2023:19:01:26 -0500] "POST /kwsrmcab/Wsrmcab  HTTP/1.1" 200 42851
138.84.40.188 - - [16/Oct/2023:19:03:24 -0500] "GET /BLA/resoluciones/index.php?dir=RESOLUCIONES+2019%2F HTTP/1.1" 200 260562
138.84.40.188 - - [16/Oct/2023:19:03:26 -0500] "GET /BLA/resoluciones/dlf/styles.css HTTP/1.1" 200 3049
138.84.40.188 - - [16/Oct/2023:19:03:27 -0500] "GET /BLA/resoluciones/dlf/dirup.png HTTP/1.1" 200 644
138.84.40.188 - - [16/Oct/2023:19:03:27 -0500] "GET /BLA/resoluciones/dlf/pdf.gif HTTP/1.1" 200 272
138.84.40.188 - - [16/Oct/2023:19:03:28 -0500] "GET /BLA/resoluciones/dlf/archive.png HTTP/1.1" 200 632
138.84.40.188 - - [16/Oct/2023:19:03:28 -0500] "GET /BLA/resoluciones/dlf/bg.gif HTTP/1.1" 200 54
216.245.221.92 - - [16/Oct/2023:19:03:58 -0500] "HEAD / HTTP/1.1" 200 -
172.22.2.4 - - [16/Oct/2023:19:03:10 -0500] "HEAD /BLA/boletinlegal/ HTTP/1.1" 200 -
172.22.2.4 - - [16/Oct/2023:19:04:00 -0500] "GET /BLA/boletinlegal/ HTTP/1.1" 200 56676
201.245.192.253 - - [16/Oct/2023:19:06:25 -0500] "POST /kwsrmcab/Wsrmcab  HTTP/1.1" 200 42851
186.29.165.62 - - [16/Oct/2023:19:07:21 -0500] "GET /BLA/resoluciones/index.php?dir=AUTOS+2014%2F HTTP/1.1" 200 12235
186.29.165.62 - - [16/Oct/2023:19:07:21 -0500] "GET /BLA/resoluciones/index.php?dir=AUTOS+2014%2F HTTP/1.1" 200 890688
186.29.165.62 - - [16/Oct/2023:19:07:54 -0500] "GET /BLA/resoluciones/index.php?dir=AUTOS+2011%2F HTTP/1.1" 200 636751
186.29.165.62 - - [16/Oct/2023:19:08:06 -0500] "GET /BLA/resoluciones/AUTOS%202011/6454.pdf HTTP/1.1" 200 3679957
114.119.141.15 - - [16/Oct/2023:19:08:31 -0500] "GET /BLA/resoluciones/index.php?dir=Notificaciones/AUTOS%2B2013/&sort=name&order=desc HTTP/1.1" 200 13943
216.245.221.92 - - [16/Oct/2023:19:08:58 -0500] "HEAD / HTTP/1.1" 200 -
173.252.83.7 - - [16/Oct/2023:19:10:39 -0500] "GET /conoce-que-es-el-plan-institucional-de-gestion-ambiental-y-como-implementarlo.html HTTP/1.1" 200 929
172.22.2.4 - - [16/Oct/2023:19:09:00 -0500] "HEAD /BLA/boletinlegal/ HTTP/1.1" 200 -
201.245.192.253 - - [16/Oct/2023:19:11:24 -0500] "POST /kwsrmcab/Wsrmcab  HTTP/1.1" 200 42851
172.22.2.4 - - [16/Oct/2023:19:09:51 -0500] "GET /BLA/boletinlegal/ HTTP/1.1" 200 57802
66.249.77.9 - - [16/Oct/2023:19:11:55 -0500] "GET /BLA/resoluciones/RESOLUCIONES%202009/9358.pdf HTTP/1.1" 200 491517
173.252.107.1 - - [16/Oct/2023:19:12:02 -0500] "GET /bioexpo-2023-bogota-alcanza-destacada-participacion-y-buenos-reditos-con-innovadores-negocios-verdes.html HTTP/1.1" 200 836
185.180.143.48 - - [16/Oct/2023:19:13:17 -0500] "GET / HTTP/1.1" 200 319
185.180.143.48 - - [16/Oct/2023:19:13:17 -0500] "GET /showLogin.cc HTTP/1.1" 404 1018
216.245.221.92 - - [16/Oct/2023:19:13:58 -0500] "HEAD / HTTP/1.1" 200 -
172.22.2.4 - - [16/Oct/2023:19:15:23 -0500] "GET /BLA/boletinlegal/actos.php HTTP/1.1" 200 9682
172.22.2.4 - - [16/Oct/2023:19:15:39 -0500] "GET /BLA/boletinlegal/consulta_actos.php?tipo=resoluciones&no=5618&usuario=&sector=&fecha=2022&resuelve= HTTP/1.1" 200 626
201.245.192.253 - - [16/Oct/2023:19:16:23 -0500] "POST /kwsrmcab/Wsrmcab  HTTP/1.1" 200 42851
172.22.2.4 - - [16/Oct/2023:19:14:50 -0500] "HEAD /BLA/boletinlegal/ HTTP/1.1" 200 -
66.249.77.10 - - [16/Oct/2023:19:16:44 -0500] "GET /BLA/resoluciones/Autos%202008/2310.pdf HTTP/1.1" 200 85070
172.22.2.4 - - [16/Oct/2023:19:15:40 -0500] "GET /BLA/boletinlegal/ HTTP/1.1" 200 58155
201.245.192.253 - - [16/Oct/2023:19:17:46 -0500] "POST /kwsrmcab/Wsrmcab HTTP/1.1" 200 41074
201.245.192.253 - - [16/Oct/2023:19:17:48 -0500] "POST /kwsrmcab/Wsrmcab HTTP/1.1" 200 41090
216.245.221.92 - - [16/Oct/2023:19:18:58 -0500] "HEAD / HTTP/1.1" 200 -
186.84.20.162 - - [16/Oct/2023:19:21:14 -0500] "GET /BLA/resoluciones/ HTTP/1.1" 200 13696
186.84.20.162 - - [16/Oct/2023:19:21:14 -0500] "GET /BLA/resoluciones/dlf/folder.png HTTP/1.1" 200 410
186.84.20.162 - - [16/Oct/2023:19:21:16 -0500] "GET /BLA/resoluciones/index.php?dir=AUTOS+2022%2F HTTP/1.1" 200 507485
201.245.192.253 - - [16/Oct/2023:19:21:22 -0500] "POST /kwsrmcab/Wsrmcab  HTTP/1.1" 200 42851
172.22.2.4 - - [16/Oct/2023:19:20:39 -0500] "HEAD /BLA/boletinlegal/ HTTP/1.1" 200 -
172.22.2.4 - - [16/Oct/2023:19:21:30 -0500] "GET /BLA/boletinlegal/ HTTP/1.1" 200 58155
216.245.221.92 - - [16/Oct/2023:19:23:58 -0500] "HEAD / HTTP/1.1" 200 -
66.220.149.15 - - [16/Oct/2023:19:24:08 -0500] "GET /images/prendas-1_optimized.jpeg HTTP/1.1" 200 65869
66.249.77.10 - - [16/Oct/2023:19:26:13 -0500] "GET /BLA/resoluciones/Notificaciones/REGISTROS%202017/00158.pdf HTTP/1.1" 200 412108
201.245.192.253 - - [16/Oct/2023:19:26:21 -0500] "POST /kwsrmcab/Wsrmcab  HTTP/1.1" 200 42851
172.22.2.4 - - [16/Oct/2023:19:27:02 -0500] "GET /BLA/boletinlegal/actos.php HTTP/1.1" 200 9682
201.245.192.253 - - [16/Oct/2023:19:27:46 -0500] "POST /kwsrmcab/Wsrmcab HTTP/1.1" 200 41074
201.245.192.253 - - [16/Oct/2023:19:27:48 -0500] "POST /kwsrmcab/Wsrmcab HTTP/1.1" 200 41090
172.22.2.4 - - [16/Oct/2023:19:26:29 -0500] "HEAD /BLA/boletinlegal/ HTTP/1.1" 200 -
172.22.2.4 - - [16/Oct/2023:19:28:16 -0500] "GET /BLA/boletinlegal/consulta_actos.php?tipo=resoluciones&no=4768&usuario=&sector=&fecha=2022&resuelve= HTTP/1.1" 200 1091
216.245.221.92 - - [16/Oct/2023:19:28:58 -0500] "HEAD / HTTP/1.1" 200 -
172.22.2.4 - - [16/Oct/2023:19:27:20 -0500] "GET /BLA/boletinlegal/ HTTP/1.1" 200 57802
114.119.149.159 - - [16/Oct/2023:19:29:46 -0500] "GET /BLA/resoluciones/index.php?dir=RESOLUCIONES%2B2000/&sort=size&order=asc HTTP/1.1" 200 13903
35.204.18.196 - - [16/Oct/2023:19:30:38 -0500] "GET /caminatas-ecologicas-un-plan-imperdible-para-octubre.html HTTP/1.1" 200 747
114.119.148.88 - - [16/Oct/2023:19:31:18 -0500] "GET /BLA/resoluciones/index.php?dir=Notificaciones/AUTOS%2B2014/&sort=date&order=desc HTTP/1.1" 200 13943
201.245.192.253 - - [16/Oct/2023:19:31:20 -0500] "POST /kwsrmcab/Wsrmcab  HTTP/1.1" 200 42851
114.119.133.222 - - [16/Oct/2023:19:32:37 -0500] "GET /BLA/resoluciones/index.php?dir=Notificaciones/AUTOS%2B0022/&sort=size&order=desc HTTP/1.1" 200 13943
216.245.221.92 - - [16/Oct/2023:19:33:58 -0500] "HEAD / HTTP/1.1" 200 -
172.22.2.4 - - [16/Oct/2023:19:32:19 -0500] "HEAD /BLA/boletinlegal/ HTTP/1.1" 200 -
172.22.2.4 - - [16/Oct/2023:19:33:10 -0500] "GET /BLA/boletinlegal/ HTTP/1.1" 200 41064
172.22.2.4 - - [16/Oct/2023:19:33:18 -0500] "GET /BLA/boletinlegal/ HTTP/1.1" 200 41813
66.249.77.8 - - [16/Oct/2023:19:35:27 -0500] "GET /BLA/resoluciones/RESOLUCIONES%202018/1466.pdf HTTP/1.1" 200 339441
201.245.192.253 - - [16/Oct/2023:19:36:19 -0500] "POST /kwsrmcab/Wsrmcab  HTTP/1.1" 200 42851
172.22.2.4 - - [16/Oct/2023:19:37:13 -0500] "GET /BLA/boletinlegal/Circulares/023%09/CIRCULAR%20No.%2000010%20DEL%2010%20DE%20OCTUBRE%20DEL%202023%09.pdf HTTP/1.1" 403 1026
172.22.2.4 - - [16/Oct/2023:19:37:17 -0500] "GET /BLA/boletinlegal/Circulares/023%09/CIRCULAR%20No.%2000009%20DEL%2010%20DE%20OCTUBRE%20DEL%202023%09.pdf HTTP/1.1" 403 1026
172.22.2.4 - - [16/Oct/2023:19:37:21 -0500] "GET /BLA/boletinlegal/Circulares/023%09/CIRCULAR%20No.%2000010%20DEL%2010%20DE%20OCTUBRE%20DEL%202023%09.pdf HTTP/1.1" 403 1026
172.22.2.4 - - [16/Oct/2023:19:37:23 -0500] "GET /BLA/boletinlegal/Circulares/023%09/CIRCULAR%20No.%2000009%20DEL%2010%20DE%20OCTUBRE%20DEL%202023%09.pdf HTTP/1.1" 403 1026
172.22.2.4 - - [16/Oct/2023:19:37:30 -0500] "GET /BLA/boletinlegal/Circulares/023%09/CIRCULAR%20No.%2000010%20DEL%2010%20DE%20OCTUBRE%20DEL%202023%09.pdf HTTP/1.1" 403 1026
172.22.2.4 - - [16/Oct/2023:19:37:36 -0500] "GET /BLA/boletinlegal/Circulares/023%09/CIRCULAR%20No.%2000009%20DEL%2010%20DE%20OCTUBRE%20DEL%202023%09.pdf HTTP/1.1" 403 1026
172.22.2.4 - - [16/Oct/2023:19:37:39 -0500] "GET /BLA/boletinlegal/Circulares/023%09/CIRCULAR%20No.%2000010%20DEL%2010%20DE%20OCTUBRE%20DEL%202023%09.pdf HTTP/1.1" 403 1026
172.22.2.4 - - [16/Oct/2023:19:37:41 -0500] "GET /BLA/boletinlegal/Circulares/023%09/CIRCULAR%20No.%2000009%20DEL%2010%20DE%20OCTUBRE%20DEL%202023%09.pdf HTTP/1.1" 403 1026
172.22.2.4 - - [16/Oct/2023:19:37:46 -0500] "GET /BLA/boletinlegal/Circulares/023%09/CIRCULAR%20No.%2000010%20DEL%2010%20DE%20OCTUBRE%20DEL%202023%09.pdf HTTP/1.1" 403 1026
201.245.192.253 - - [16/Oct/2023:19:37:45 -0500] "POST /kwsrmcab/Wsrmcab HTTP/1.1" 200 41074
201.245.192.253 - - [16/Oct/2023:19:37:48 -0500] "POST /kwsrmcab/Wsrmcab HTTP/1.1" 200 41090
172.22.2.4 - - [16/Oct/2023:19:37:51 -0500] "GET /BLA/boletinlegal/Circulares/023%09/CIRCULAR%20No.%2000009%20DEL%2010%20DE%20OCTUBRE%20DEL%202023%09.pdf HTTP/1.1" 403 1026
199.16.157.181 - - [16/Oct/2023:19:38:54 -0500] "GET /images/cr%C3%B3nica-29-nov-1_optimized.jpeg HTTP/1.1" 404 1034
216.245.221.92 - - [16/Oct/2023:19:38:58 -0500] "HEAD / HTTP/1.1" 200 -
172.22.2.4 - - [16/Oct/2023:19:38:10 -0500] "HEAD /BLA/boletinlegal/ HTTP/1.1" 200 -
172.22.2.4 - - [16/Oct/2023:19:39:54 -0500] "GET /BLA/boletinlegal/actos.php HTTP/1.1" 200 9682
172.22.2.4 - - [16/Oct/2023:19:39:54 -0500] "GET /BLA/boletinlegal/styles2.css HTTP/1.1" 200 1838
172.22.2.4 - - [16/Oct/2023:19:39:54 -0500] "GET /BLA/boletinlegal/js/ajax_actos.js HTTP/1.1" 200 1322
172.22.2.4 - - [16/Oct/2023:19:39:54 -0500] "GET /BLA/boletinlegal/style.css HTTP/1.1" 200 9406
172.22.2.4 - - [16/Oct/2023:19:39:54 -0500] "GET /BLA/boletinlegal/niceforms-default.css HTTP/1.1" 200 6694
172.22.2.4 - - [16/Oct/2023:19:39:54 -0500] "GET /BLA/boletinlegal/niceforms.js HTTP/1.1" 200 22876
172.22.2.4 - - [16/Oct/2023:19:39:54 -0500] "GET /BLA/boletinlegal/js/popup.js HTTP/1.1" 200 1270
172.22.2.4 - - [16/Oct/2023:19:39:54 -0500] "GET /BLA/boletinlegal/js/lib.js HTTP/1.1" 200 6474
172.22.2.4 - - [16/Oct/2023:19:39:54 -0500] "GET /BLA/boletinlegal/js/jquery1.js HTTP/1.1" 200 29846
172.22.2.4 - - [16/Oct/2023:19:39:54 -0500] "GET /BLA/boletinlegal/images/cabezote%20BLEGAL.jpg HTTP/1.1" 200 118164
172.22.2.4 - - [16/Oct/2023:19:39:54 -0500] "GET /BLA/boletinlegal/images/subscribe-icon-big.png HTTP/1.1" 200 47702
172.22.2.4 - - [16/Oct/2023:19:39:54 -0500] "GET /BLA/boletinlegal/images/historia.png HTTP/1.1" 200 52775
172.22.2.4 - - [16/Oct/2023:19:39:54 -0500] "GET /BLA/boletinlegal/images/green-yellow-blue-pink-th.png HTTP/1.1" 200 7394
172.22.2.4 - - [16/Oct/2023:19:39:54 -0500] "GET /BLA/boletinlegal/images/tel.png HTTP/1.1" 200 14477
172.22.2.4 - - [16/Oct/2023:19:39:54 -0500] "GET /BLA/boletinlegal/images/body_bg.jpg HTTP/1.1" 200 1601
172.22.2.4 - - [16/Oct/2023:19:39:54 -0500] "GET /BLA/boletinlegal/images/registro-usuarios.png HTTP/1.1" 200 8106
172.22.2.4 - - [16/Oct/2023:19:39:54 -0500] "GET /BLA/boletinlegal/images/icono-email.png HTTP/1.1" 200 5544
172.22.2.4 - - [16/Oct/2023:19:39:54 -0500] "GET /BLA/boletinlegal/images/menu_lft.gif HTTP/1.1" 200 1713
172.22.2.4 - - [16/Oct/2023:19:39:54 -0500] "GET /BLA/boletinlegal/images/menu_rght.gif HTTP/1.1" 200 1627
172.22.2.4 - - [16/Oct/2023:19:39:54 -0500] "GET /BLA/boletinlegal/images/bg_top.jpg HTTP/1.1" 200 522
172.22.2.4 - - [16/Oct/2023:19:39:54 -0500] "GET /BLA/boletinlegal/images/text.jpg HTTP/1.1" 200 568
172.22.2.4 - - [16/Oct/2023:19:39:54 -0500] "GET /BLA/boletinlegal/images/footer_bg.jpg HTTP/1.1" 200 586
172.22.2.4 - - [16/Oct/2023:19:39:54 -0500] "GET /BLA/boletinlegal/images/menu_bg.jpg HTTP/1.1" 200 620
172.22.2.4 - - [16/Oct/2023:19:39:54 -0500] "GET /BLA/boletinlegal/images/hover.jpg HTTP/1.1" 200 640
172.22.2.4 - - [16/Oct/2023:19:39:54 -0500] "GET /BLA/boletinlegal/images/footer_bg_l.jpg HTTP/1.1" 200 776
172.22.2.4 - - [16/Oct/2023:19:39:54 -0500] "GET /BLA/boletinlegal/img/0.png HTTP/1.1" 200 110
172.22.2.4 - - [16/Oct/2023:19:39:54 -0500] "GET /BLA/boletinlegal/img/select-left.png HTTP/1.1" 200 263
172.22.2.4 - - [16/Oct/2023:19:39:54 -0500] "GET /BLA/boletinlegal/img/select-right.png HTTP/1.1" 200 44019
172.22.2.4 - - [16/Oct/2023:19:39:54 -0500] "GET /BLA/boletinlegal/img/button-left.png HTTP/1.1" 200 57071
172.22.2.4 - - [16/Oct/2023:19:39:54 -0500] "GET /BLA/boletinlegal/img/button.png HTTP/1.1" 200 43241
172.22.2.4 - - [16/Oct/2023:19:39:54 -0500] "GET /BLA/boletinlegal/img/button-right.png HTTP/1.1" 200 57878
172.22.2.4 - - [16/Oct/2023:19:40:21 -0500] "GET /BLA/boletinlegal/consulta_actos.php?tipo=autos&no=0685&usuario=&sector=&fecha=2019&resuelve= HTTP/1.1" 200 1375
172.22.2.4 - - [16/Oct/2023:19:40:21 -0500] "GET /BLA/boletinlegal/images/pdf.gif HTTP/1.1" 200 567
152.201.122.87 - - [16/Oct/2023:19:40:23 -0500] "GET /BLA/resoluciones/ HTTP/1.1" 200 13696
152.201.122.87 - - [16/Oct/2023:19:40:23 -0500] "GET /BLA/resoluciones/dlf/styles.css HTTP/1.1" 200 3049
152.201.122.87 - - [16/Oct/2023:19:40:23 -0500] "GET /BLA/resoluciones/dlf/folder.png HTTP/1.1" 200 410
152.201.122.87 - - [16/Oct/2023:19:40:23 -0500] "GET /BLA/resoluciones/dlf/bg.gif HTTP/1.1" 200 54
152.201.122.87 - - [16/Oct/2023:19:40:28 -0500] "GET /BLA/resoluciones/dlf/dirup.png HTTP/1.1" 200 644
152.201.122.87 - - [16/Oct/2023:19:40:28 -0500] "GET /BLA/resoluciones/dlf/pdf.gif HTTP/1.1" 200 272
152.201.122.87 - - [16/Oct/2023:19:40:28 -0500] "GET /BLA/resoluciones/index.php?dir=AUTOS+2019%2F HTTP/1.1" 200 388964
152.201.122.87 - - [16/Oct/2023:19:40:28 -0500] "GET /BLA/resoluciones/dlf/archive.png HTTP/1.1" 200 632
172.22.2.4 - - [16/Oct/2023:19:39:03 -0500] "GET /BLA/boletinlegal/ HTTP/1.1" 200 57802
31.13.127.119 - - [16/Oct/2023:19:40:45 -0500] "GET /camino-guadalupe-aguanoso-abierto-de-nuevo-al-publico.html HTTP/1.1" 200 879
66.249.77.9 - - [16/Oct/2023:19:41:18 -0500] "GET /BLA/resoluciones/AUTOS%202012/2566.pdf HTTP/1.1" 304 -
201.245.192.253 - - [16/Oct/2023:19:41:18 -0500] "POST /kwsrmcab/Wsrmcab  HTTP/1.1" 200 42851
66.249.77.10 - - [16/Oct/2023:19:42:35 -0500] "GET /portel_dama/libreria/pdf/polit_humedales.pdf HTTP/1.1" 404 1018
216.245.221.92 - - [16/Oct/2023:19:43:58 -0500] "HEAD / HTTP/1.1" 200 -
198.235.24.234 - - [16/Oct/2023:19:45:29 -0500] "\x16\x03\x01" 400 226
198.235.24.234 - - [16/Oct/2023:19:45:29 -0500] "\x16\x03\x01" 400 226
172.22.2.4 - - [16/Oct/2023:19:44:02 -0500] "HEAD /BLA/boletinlegal/ HTTP/1.1" 200 -
201.245.192.253 - - [16/Oct/2023:19:46:16 -0500] "POST /kwsrmcab/Wsrmcab  HTTP/1.1" 200 42851
172.22.2.4 - - [16/Oct/2023:19:44:53 -0500] "GET /BLA/boletinlegal/ HTTP/1.1" 200 58155
191.95.63.202 - - [16/Oct/2023:19:47:40 -0500] "GET /caminatas-ecologicas-un-plan-imperdible-para-octubre.html HTTP/1.1" 200 747
216.245.221.92 - - [16/Oct/2023:19:48:58 -0500] "HEAD / HTTP/1.1" 200 -
172.22.2.4 - - [16/Oct/2023:19:49:54 -0500] "GET /BLA/boletinlegal/actos.php HTTP/1.1" 200 9682
172.22.2.4 - - [16/Oct/2023:19:49:54 -0500] "GET /BLA/boletinlegal/styles2.css HTTP/1.1" 200 1838
172.22.2.4 - - [16/Oct/2023:19:49:54 -0500] "GET /BLA/boletinlegal/js/ajax_actos.js HTTP/1.1" 200 1322
172.22.2.4 - - [16/Oct/2023:19:49:54 -0500] "GET /BLA/boletinlegal/style.css HTTP/1.1" 200 9406
172.22.2.4 - - [16/Oct/2023:19:49:54 -0500] "GET /BLA/boletinlegal/niceforms-default.css HTTP/1.1" 200 6694
172.22.2.4 - - [16/Oct/2023:19:49:54 -0500] "GET /BLA/boletinlegal/niceforms.js HTTP/1.1" 200 22876
172.22.2.4 - - [16/Oct/2023:19:49:54 -0500] "GET /BLA/boletinlegal/js/popup.js HTTP/1.1" 200 1270
172.22.2.4 - - [16/Oct/2023:19:49:54 -0500] "GET /BLA/boletinlegal/js/lib.js HTTP/1.1" 200 6474
172.22.2.4 - - [16/Oct/2023:19:49:54 -0500] "GET /BLA/boletinlegal/js/jquery1.js HTTP/1.1" 200 29846
172.22.2.4 - - [16/Oct/2023:19:49:54 -0500] "GET /BLA/boletinlegal/images/cabezote%20BLEGAL.jpg HTTP/1.1" 200 118164
172.22.2.4 - - [16/Oct/2023:19:49:54 -0500] "GET /BLA/boletinlegal/images/subscribe-icon-big.png HTTP/1.1" 200 47702
172.22.2.4 - - [16/Oct/2023:19:49:54 -0500] "GET /BLA/boletinlegal/images/historia.png HTTP/1.1" 200 52775
172.22.2.4 - - [16/Oct/2023:19:49:54 -0500] "GET /BLA/boletinlegal/images/body_bg.jpg HTTP/1.1" 200 1601
172.22.2.4 - - [16/Oct/2023:19:49:54 -0500] "GET /BLA/boletinlegal/images/green-yellow-blue-pink-th.png HTTP/1.1" 200 7394
172.22.2.4 - - [16/Oct/2023:19:49:54 -0500] "GET /BLA/boletinlegal/images/registro-usuarios.png HTTP/1.1" 200 8106
172.22.2.4 - - [16/Oct/2023:19:49:54 -0500] "GET /BLA/boletinlegal/images/tel.png HTTP/1.1" 200 14477
172.22.2.4 - - [16/Oct/2023:19:49:54 -0500] "GET /BLA/boletinlegal/images/icono-email.png HTTP/1.1" 200 5544
172.22.2.4 - - [16/Oct/2023:19:49:54 -0500] "GET /BLA/boletinlegal/images/menu_lft.gif HTTP/1.1" 200 1713
172.22.2.4 - - [16/Oct/2023:19:49:54 -0500] "GET /BLA/boletinlegal/images/menu_rght.gif HTTP/1.1" 200 1627
172.22.2.4 - - [16/Oct/2023:19:49:54 -0500] "GET /BLA/boletinlegal/images/hover.jpg HTTP/1.1" 200 640
172.22.2.4 - - [16/Oct/2023:19:49:54 -0500] "GET /BLA/boletinlegal/images/bg_top.jpg HTTP/1.1" 200 522
172.22.2.4 - - [16/Oct/2023:19:49:54 -0500] "GET /BLA/boletinlegal/images/footer_bg.jpg HTTP/1.1" 200 586
172.22.2.4 - - [16/Oct/2023:19:49:54 -0500] "GET /BLA/boletinlegal/images/menu_bg.jpg HTTP/1.1" 200 620
172.22.2.4 - - [16/Oct/2023:19:49:54 -0500] "GET /BLA/boletinlegal/images/text.jpg HTTP/1.1" 200 568
172.22.2.4 - - [16/Oct/2023:19:49:54 -0500] "GET /BLA/boletinlegal/images/footer_bg_l.jpg HTTP/1.1" 200 776
172.22.2.4 - - [16/Oct/2023:19:49:54 -0500] "GET /BLA/boletinlegal/img/button-left.png HTTP/1.1" 200 57071
172.22.2.4 - - [16/Oct/2023:19:49:54 -0500] "GET /BLA/boletinlegal/img/button.png HTTP/1.1" 200 43241
172.22.2.4 - - [16/Oct/2023:19:49:54 -0500] "GET /BLA/boletinlegal/img/0.png HTTP/1.1" 200 110
172.22.2.4 - - [16/Oct/2023:19:49:54 -0500] "GET /BLA/boletinlegal/img/select-right.png HTTP/1.1" 200 44019
172.22.2.4 - - [16/Oct/2023:19:49:54 -0500] "GET /BLA/boletinlegal/img/select-left.png HTTP/1.1" 200 263
172.22.2.4 - - [16/Oct/2023:19:49:54 -0500] "GET /BLA/boletinlegal/img/button-right.png HTTP/1.1" 200 57878
172.22.2.4 - - [16/Oct/2023:19:49:54 -0500] "GET /BLA/boletinlegal/favicon.ico HTTP/1.1" 404 1326
114.119.131.246 - - [16/Oct/2023:19:50:28 -0500] "GET /BLA/resoluciones/index.php?dir=Notificaciones/AUTOS%2B2018/&sort=date&order=desc HTTP/1.1" 200 13943
172.22.2.4 - - [16/Oct/2023:19:50:44 -0500] "GET /BLA/boletinlegal/consulta_actos.php?tipo=resoluciones&no=4768&usuario=&sector=&fecha=2022&resuelve= HTTP/1.1" 200 1091
172.22.2.4 - - [16/Oct/2023:19:50:45 -0500] "GET /BLA/boletinlegal/images/pdf.gif HTTP/1.1" 200 567
172.22.2.4 - - [16/Oct/2023:19:50:49 -0500] "GET /BLA/boletinlegal/consulta_actos.php?tipo=resoluciones&no=4768&usuario=&sector=&fecha=2022&resuelve= HTTP/1.1" 200 1091
200.118.242.169 - - [16/Oct/2023:19:50:55 -0500] "GET /BLA/resoluciones/RESOLUCIONES%202022/4768.pdf HTTP/1.1" 200 468197
200.118.242.169 - - [16/Oct/2023:19:50:55 -0500] "GET /favicon.ico HTTP/1.1" 200 7782
201.245.192.253 - - [16/Oct/2023:19:51:15 -0500] "POST /kwsrmcab/Wsrmcab  HTTP/1.1" 200 42851
172.22.2.4 - - [16/Oct/2023:19:49:52 -0500] "HEAD /BLA/boletinlegal/ HTTP/1.1" 200 -
114.119.162.58 - - [16/Oct/2023:19:51:55 -0500] "GET /BLA/resoluciones/index.php?dir=Notificaciones/AUTOS%2B0022/&sort=name&order=desc HTTP/1.1" 200 13943
172.22.2.4 - - [16/Oct/2023:19:50:43 -0500] "GET /BLA/boletinlegal/ HTTP/1.1" 200 60175
52.167.144.235 - - [16/Oct/2023:19:52:30 -0500] "GET /BLA/resoluciones/RESOLUCIONES%202007/RES%202007%203201%20AL%203300/RESOLUCION%203262%20DE%202007.pdf HTTP/1.1" 200 1280478
216.245.221.92 - - [16/Oct/2023:19:53:58 -0500] "HEAD / HTTP/1.1" 200 -
172.22.2.4 - - [16/Oct/2023:19:54:46 -0500] "GET /BLA/boletinlegal/jurisprudencia/analisis/AnalisisC-746-12.docx HTTP/1.1" 200 22637
181.51.47.102 - - [16/Oct/2023:19:55:32 -0500] "GET /BLA/resoluciones/index.php?dir=AUTOS+2019%2F HTTP/1.1" 200 388964
181.237.184.153 - - [16/Oct/2023:19:55:37 -0500] "GET /forest/login.do HTTP/1.1" 404 1120
201.245.192.253 - - [16/Oct/2023:19:56:14 -0500] "POST /kwsrmcab/Wsrmcab  HTTP/1.1" 200 42851
172.22.2.4 - - [16/Oct/2023:19:55:43 -0500] "HEAD /BLA/boletinlegal/ HTTP/1.1" 200 -
51.254.59.113 - - [16/Oct/2023:19:57:26 -0500] "GET / HTTP/1.1" 200 319
172.22.2.4 - - [16/Oct/2023:19:56:33 -0500] "GET /BLA/boletinlegal/ HTTP/1.1" 200 58155
216.245.221.92 - - [16/Oct/2023:19:58:58 -0500] "HEAD / HTTP/1.1" 200 -
201.245.192.253 - - [16/Oct/2023:20:01:13 -0500] "POST /kwsrmcab/Wsrmcab  HTTP/1.1" 200 42851
103.126.5.131 - - [16/Oct/2023:20:02:54 -0500] "GET / HTTP/1.1" 200 319
172.22.2.4 - - [16/Oct/2023:20:01:32 -0500] "HEAD /BLA/boletinlegal/ HTTP/1.1" 200 -
186.31.48.29 - - [16/Oct/2023:20:03:14 -0500] "GET / HTTP/1.1" 200 4720
186.31.48.29 - - [16/Oct/2023:20:03:14 -0500] "GET /js/url.js HTTP/1.1" 404 1198
186.31.48.29 - - [16/Oct/2023:20:03:14 -0500] "GET /css/style.css HTTP/1.1" 200 3473
186.31.48.29 - - [16/Oct/2023:20:03:14 -0500] "GET /css/bootstrap.min.css HTTP/1.1" 200 178212
186.31.48.29 - - [16/Oct/2023:20:03:14 -0500] "GET /fonts/icomoon/style.css HTTP/1.1" 200 79820
216.245.221.92 - - [16/Oct/2023:20:03:58 -0500] "HEAD / HTTP/1.1" 200 -
172.22.2.4 - - [16/Oct/2023:20:02:23 -0500] "GET /BLA/boletinlegal/ HTTP/1.1" 200 60175
172.22.2.4 - - [16/Oct/2023:20:04:23 -0500] "GET /BLA/boletinlegal/showLogin.cc HTTP/1.1" 404 1018
172.22.2.4 - - [16/Oct/2023:20:04:04 -0500] "GET /BLA/boletinlegal/ HTTP/1.1" 200 32715
201.245.192.253 - - [16/Oct/2023:20:06:12 -0500] "POST /kwsrmcab/Wsrmcab  HTTP/1.1" 200 42851
40.77.167.71 - - [16/Oct/2023:20:06:23 -0500] "GET /BLA/resoluciones/AUTOS%202018/6850.pdf HTTP/1.1" 200 248413
190.27.96.73 - - [16/Oct/2023:20:06:26 -0500] "GET /mesa/contrasena.pdf HTTP/1.1" 200 443199
190.27.96.73 - - [16/Oct/2023:20:06:26 -0500] "GET /mesa/contrasena.pdf HTTP/1.1" 206 1
190.27.96.73 - - [16/Oct/2023:20:06:26 -0500] "GET /mesa/contrasena.pdf HTTP/1.1" 206 333119
173.252.111.4 - - [16/Oct/2023:20:07:56 -0500] "GET /secretaria-de-ambiente-libero-a-33-animales-silvestres-en-el-humedal-la-conejera.html HTTP/1.1" 200 1095
172.22.2.4 - - [16/Oct/2023:20:08:24 -0500] "GET /BLA/boletinlegal/actos.php HTTP/1.1" 200 9682
172.22.2.4 - - [16/Oct/2023:20:08:32 -0500] "GET /BLA/boletinlegal/consulta_actos.php?tipo=resoluciones&no=&usuario=&sector=PEV&fecha=2023&resuelve= HTTP/1.1" 200 24012
172.22.2.4 - - [16/Oct/2023:20:08:33 -0500] "GET /BLA/boletinlegal/images/background.gif HTTP/1.1" 200 -
216.245.221.92 - - [16/Oct/2023:20:08:58 -0500] "HEAD / HTTP/1.1" 200 -
172.22.2.4 - - [16/Oct/2023:20:07:22 -0500] "HEAD /BLA/boletinlegal/ HTTP/1.1" 200 -
173.252.107.119 - - [16/Oct/2023:20:09:33 -0500] "GET /bogota-lista-para-ser-la-sede-de-la-ii-convencion-internacional-de-emergencia-climatica.html HTTP/1.1" 200 934
66.220.149.6 - - [16/Oct/2023:20:09:34 -0500] "GET /images/presentaci\xc3\xb3n%20convenci\xc3\xb3n.jpg HTTP/1.1" 404 1034
172.22.2.4 - - [16/Oct/2023:20:08:13 -0500] "GET /BLA/boletinlegal/ HTTP/1.1" 200 52532
172.22.2.4 - - [16/Oct/2023:20:10:22 -0500] "GET /BLA/boletinlegal/consulta_actos.php?tipo=resoluciones&no=&usuario=&sector=PEV&fecha=2022&resuelve= HTTP/1.1" 200 3644684
186.84.21.214 - - [16/Oct/2023:20:10:24 -0500] "GET /sipse/faces/index.xhtml HTTP/1.1" 200 677
186.84.21.214 - - [16/Oct/2023:20:10:24 -0500] "GET /sipse/faces/javax.faces.resource/theme.css?ln=primefaces-sipse HTTP/1.1" 304 -
186.84.21.214 - - [16/Oct/2023:20:10:24 -0500] "GET /sipse/faces/faces/autenticacion.xhtml HTTP/1.1" 200 12403
186.84.21.214 - - [16/Oct/2023:20:10:24 -0500] "GET /sipse/js/disable_browser_buttons.js HTTP/1.1" 304 -
186.84.21.214 - - [16/Oct/2023:20:10:24 -0500] "GET /sipse/css/custom_css_sg.css HTTP/1.1" 304 -
186.84.21.214 - - [16/Oct/2023:20:10:24 -0500] "GET /sipse/js/funciones.js HTTP/1.1" 304 -
186.84.21.214 - - [16/Oct/2023:20:10:24 -0500] "GET /sipse/css/custom_css_sg_prime_login.css HTTP/1.1" 304 -
186.84.21.214 - - [16/Oct/2023:20:10:24 -0500] "GET /sipse/faces/javax.faces.resource/primefaces.css?ln=primefaces&v=4.0 HTTP/1.1" 304 -
186.84.21.214 - - [16/Oct/2023:20:10:24 -0500] "GET /sipse/faces/javax.faces.resource/theme.css?ln=primefaces-sipse HTTP/1.1" 304 -
186.84.21.214 - - [16/Oct/2023:20:10:24 -0500] "GET /sipse/faces/javax.faces.resource/layout/layout.css?ln=primefaces&v=4.0 HTTP/1.1" 304 -
186.84.21.214 - - [16/Oct/2023:20:10:24 -0500] "GET /sipse/faces/javax.faces.resource/jquery/jquery.js?ln=primefaces&v=4.0 HTTP/1.1" 304 -
186.84.21.214 - - [16/Oct/2023:20:10:24 -0500] "GET /sipse/faces/javax.faces.resource/jquery/jquery-plugins.js?ln=primefaces&v=4.0 HTTP/1.1" 304 -
186.84.21.214 - - [16/Oct/2023:20:10:24 -0500] "GET /sipse/faces/javax.faces.resource/primefaces.js?ln=primefaces&v=4.0 HTTP/1.1" 304 -
186.84.21.214 - - [16/Oct/2023:20:10:24 -0500] "GET /sipse/faces/javax.faces.resource/layout/layout.js?ln=primefaces&v=4.0 HTTP/1.1" 304 -
186.84.21.214 - - [16/Oct/2023:20:10:24 -0500] "GET /sipse/css/imagen/loginimg.png HTTP/1.1" 304 -
186.84.21.214 - - [16/Oct/2023:20:10:24 -0500] "GET /sipse/css/imagen/logoSDG.png HTTP/1.1" 304 -
186.84.21.214 - - [16/Oct/2023:20:10:24 -0500] "GET /sipse/faces/javax.faces.resource/images/ui-icons_898989_256x240.png?ln=primefaces-aristo HTTP/1.1" 304 -
181.58.38.86 - - [16/Oct/2023:20:11:07 -0500] "GET /BLA/resoluciones/RESOLUCIONES%202022/4734.pdf HTTP/1.1" 200 376027
201.245.192.253 - - [16/Oct/2023:20:11:10 -0500] "POST /kwsrmcab/Wsrmcab  HTTP/1.1" 200 42851
128.14.136.18 - - [16/Oct/2023:20:11:16 -0500] "GET / HTTP/1.1" 200 319
186.84.21.214 - - [16/Oct/2023:20:11:40 -0500] "POST /sipse/faces/autenticacion.xhtml HTTP/1.1" 200 11225
186.84.21.214 - - [16/Oct/2023:20:11:40 -0500] "GET /sipse/css/custom_css_sg_prime.css HTTP/1.1" 304 -
186.84.21.214 - - [16/Oct/2023:20:11:40 -0500] "GET /sipse/faces/javax.faces.resource/jquery/jquery.js?ln=primefaces&v=4.0 HTTP/1.1" 304 -
186.84.21.214 - - [16/Oct/2023:20:11:40 -0500] "GET /sipse/faces/javax.faces.resource/theme.css?ln=primefaces-sipse HTTP/1.1" 304 -
186.84.21.214 - - [16/Oct/2023:20:11:40 -0500] "GET /sipse/faces/javax.faces.resource/primefaces.css?ln=primefaces&v=4.0 HTTP/1.1" 304 -
186.84.21.214 - - [16/Oct/2023:20:11:40 -0500] "GET /sipse/faces/javax.faces.resource/layout/layout.css?ln=primefaces&v=4.0 HTTP/1.1" 304 -
186.84.21.214 - - [16/Oct/2023:20:11:40 -0500] "GET /sipse/faces/javax.faces.resource/jquery/jquery-plugins.js?ln=primefaces&v=4.0 HTTP/1.1" 304 -
186.84.21.214 - - [16/Oct/2023:20:11:40 -0500] "GET /sipse/faces/javax.faces.resource/primefaces.js?ln=primefaces&v=4.0 HTTP/1.1" 304 -
186.84.21.214 - - [16/Oct/2023:20:11:40 -0500] "GET /sipse/faces/javax.faces.resource/layout/layout.js?ln=primefaces&v=4.0 HTTP/1.1" 304 -
186.84.21.214 - - [16/Oct/2023:20:11:40 -0500] "GET /sipse/faces/javax.faces.resource/messages/messages.png?ln=primefaces&v=4.0 HTTP/1.1" 304 -
186.84.21.214 - - [16/Oct/2023:20:11:44 -0500] "POST /sipse/faces/presentacion/sistema/seguridad/seleccionRol.xhtml HTTP/1.1" 200 5865
186.84.21.214 - - [16/Oct/2023:20:11:45 -0500] "GET /sipse/faces/javax.faces.resource/images/ui-bg_flat_0_2d5972_40x100.png?ln=primefaces-aristo HTTP/1.1" 304 -
186.84.21.214 - - [16/Oct/2023:20:11:47 -0500] "POST /sipse/faces/presentacion/sistema/seguridad/seleccionRol.xhtml HTTP/1.1" 200 16465
186.84.21.214 - - [16/Oct/2023:20:11:47 -0500] "GET /sipse/faces/javax.faces.resource/theme.css?ln=primefaces-sipse HTTP/1.1" 304 -
186.84.21.214 - - [16/Oct/2023:20:11:47 -0500] "GET /sipse/faces/javax.faces.resource/primefaces.css?ln=primefaces&v=4.0 HTTP/1.1" 304 -
186.84.21.214 - - [16/Oct/2023:20:11:47 -0500] "GET /sipse/faces/javax.faces.resource/layout/layout.css?ln=primefaces&v=4.0 HTTP/1.1" 304 -
186.84.21.214 - - [16/Oct/2023:20:11:47 -0500] "GET /sipse/js/jquery.min.js HTTP/1.1" 304 -
186.84.21.214 - - [16/Oct/2023:20:11:47 -0500] "GET /sipse/faces/javax.faces.resource/jquery/jquery.js?ln=primefaces&v=4.0 HTTP/1.1" 304 -
186.84.21.214 - - [16/Oct/2023:20:11:47 -0500] "GET /sipse/faces/javax.faces.resource/jquery/jquery-plugins.js?ln=primefaces&v=4.0 HTTP/1.1" 304 -
186.84.21.214 - - [16/Oct/2023:20:11:47 -0500] "GET /sipse/faces/javax.faces.resource/primefaces.js?ln=primefaces&v=4.0 HTTP/1.1" 304 -
186.84.21.214 - - [16/Oct/2023:20:11:47 -0500] "GET /sipse/faces/javax.faces.resource/layout/layout.js?ln=primefaces&v=4.0 HTTP/1.1" 304 -
186.84.21.214 - - [16/Oct/2023:20:11:47 -0500] "GET /sipse/css/v_mergente.css HTTP/1.1" 304 -
186.84.21.214 - - [16/Oct/2023:20:11:47 -0500] "GET /sipse/imagenes/cargando.gif HTTP/1.1" 304 -
186.84.21.214 - - [16/Oct/2023:20:11:47 -0500] "GET /sipse/imagenes/logoAplicacion.jpg HTTP/1.1" 304 -
186.84.21.214 - - [16/Oct/2023:20:11:47 -0500] "GET /sipse/css/imagen/contrasena.png HTTP/1.1" 404 383
172.22.2.4 - - [16/Oct/2023:20:11:49 -0500] "GET /BLA/boletinlegal/actos.php HTTP/1.1" 200 9682
186.84.21.214 - - [16/Oct/2023:20:11:49 -0500] "POST /sipse/faces/bienvenido.xhtml HTTP/1.1" 200 9852
186.84.21.214 - - [16/Oct/2023:20:11:50 -0500] "POST /sipse/faces/bienvenido.xhtml HTTP/1.1" 200 2073
186.154.36.1 - - [16/Oct/2023:20:11:51 -0500] "GET /BLA/resoluciones/ HTTP/1.1" 200 13696
186.154.36.1 - - [16/Oct/2023:20:11:51 -0500] "GET /favicon.ico HTTP/1.1" 200 7782
186.84.21.214 - - [16/Oct/2023:20:11:51 -0500] "POST /sipse/faces/bienvenido.xhtml HTTP/1.1" 200 39096
186.84.21.214 - - [16/Oct/2023:20:11:51 -0500] "GET /sipse/faces/javax.faces.resource/theme.css?ln=primefaces-sipse HTTP/1.1" 304 -
186.84.21.214 - - [16/Oct/2023:20:11:51 -0500] "GET /sipse/faces/javax.faces.resource/primefaces.css?ln=primefaces&v=4.0 HTTP/1.1" 304 -
186.84.21.214 - - [16/Oct/2023:20:11:51 -0500] "GET /sipse/faces/javax.faces.resource/layout/layout.css?ln=primefaces&v=4.0 HTTP/1.1" 304 -
186.84.21.214 - - [16/Oct/2023:20:11:51 -0500] "GET /sipse/faces/javax.faces.resource/jquery/jquery.js?ln=primefaces&v=4.0 HTTP/1.1" 304 -
186.84.21.214 - - [16/Oct/2023:20:11:51 -0500] "GET /sipse/faces/javax.faces.resource/jquery/jquery-plugins.js?ln=primefaces&v=4.0 HTTP/1.1" 304 -
186.84.21.214 - - [16/Oct/2023:20:11:51 -0500] "GET /sipse/faces/javax.faces.resource/primefaces.js?ln=primefaces&v=4.0 HTTP/1.1" 304 -
186.84.21.214 - - [16/Oct/2023:20:11:51 -0500] "GET /sipse/faces/javax.faces.resource/layout/layout.js?ln=primefaces&v=4.0 HTTP/1.1" 304 -
186.84.21.214 - - [16/Oct/2023:20:11:56 -0500] "POST /sipse/faces/presentacion/financiero/solicitudProceso/consultar.xhtml HTTP/1.1" 200 12868
186.154.36.1 - - [16/Oct/2023:20:11:58 -0500] "GET /BLA/resoluciones/index.php?dir=RESOLUCIONES+2009%2F HTTP/1.1" 200 1694101
186.154.36.1 - - [16/Oct/2023:20:12:05 -0500] "GET /BLA/resoluciones/RESOLUCIONES%202009/0291.pdf HTTP/1.1" 200 562301
186.84.21.214 - - [16/Oct/2023:20:12:09 -0500] "POST /sipse/faces/presentacion/financiero/solicitudProceso/consultar.xhtml HTTP/1.1" 200 146460
186.84.21.214 - - [16/Oct/2023:20:12:09 -0500] "GET /sipse/faces/javax.faces.resource/primefaces.css?ln=primefaces&v=4.0 HTTP/1.1" 304 -
186.84.21.214 - - [16/Oct/2023:20:12:09 -0500] "GET /sipse/faces/javax.faces.resource/theme.css?ln=primefaces-sipse HTTP/1.1" 304 -
186.84.21.214 - - [16/Oct/2023:20:12:09 -0500] "GET /sipse/faces/javax.faces.resource/layout/layout.css?ln=primefaces&v=4.0 HTTP/1.1" 304 -
186.84.21.214 - - [16/Oct/2023:20:12:09 -0500] "GET /sipse/faces/javax.faces.resource/jquery/jquery.js?ln=primefaces&v=4.0 HTTP/1.1" 304 -
186.84.21.214 - - [16/Oct/2023:20:12:09 -0500] "GET /sipse/faces/javax.faces.resource/jquery/jquery-plugins.js?ln=primefaces&v=4.0 HTTP/1.1" 304 -
186.84.21.214 - - [16/Oct/2023:20:12:09 -0500] "GET /sipse/faces/javax.faces.resource/primefaces.js?ln=primefaces&v=4.0 HTTP/1.1" 304 -
186.84.21.214 - - [16/Oct/2023:20:12:09 -0500] "GET /sipse/faces/javax.faces.resource/layout/layout.js?ln=primefaces&v=4.0 HTTP/1.1" 304 -
186.84.21.214 - - [16/Oct/2023:20:12:09 -0500] "GET /sipse/faces/javax.faces.resource/dynamiccontent.properties?ln=primefaces&pfdrid=XjOR5%2F%2FfPAZAuY9TpWQeCiM0BhlXxYRBGKi%2FQcXXfeA%3D&pfdrid_c=false HTTP/1.1" 500 383
52.167.144.140 - - [16/Oct/2023:20:12:14 -0500] "GET /BLA/resoluciones/RESOLUCIONES%202007/RES%202007%203201%20AL%203300/RESOLUCION%203201%20DE%202007.pdf HTTP/1.1" 200 235006
186.84.21.214 - - [16/Oct/2023:20:12:19 -0500] "POST /sipse/faces/presentacion/financiero/solicitudProceso/consultarSolicitudProceso.xhtml HTTP/1.1" 200 42709
186.84.21.214 - - [16/Oct/2023:20:12:20 -0500] "GET /sipse/faces/javax.faces.resource/primefaces.css?ln=primefaces&v=4.0 HTTP/1.1" 304 -
186.84.21.214 - - [16/Oct/2023:20:12:20 -0500] "GET /sipse/faces/javax.faces.resource/theme.css?ln=primefaces-sipse HTTP/1.1" 304 -
186.84.21.214 - - [16/Oct/2023:20:12:20 -0500] "GET /sipse/faces/javax.faces.resource/jquery/jquery.js?ln=primefaces&v=4.0 HTTP/1.1" 304 -
186.84.21.214 - - [16/Oct/2023:20:12:20 -0500] "GET /sipse/faces/javax.faces.resource/layout/layout.css?ln=primefaces&v=4.0 HTTP/1.1" 304 -
186.84.21.214 - - [16/Oct/2023:20:12:20 -0500] "GET /sipse/faces/javax.faces.resource/jquery/jquery-plugins.js?ln=primefaces&v=4.0 HTTP/1.1" 304 -
186.84.21.214 - - [16/Oct/2023:20:12:20 -0500] "GET /sipse/faces/javax.faces.resource/primefaces.js?ln=primefaces&v=4.0 HTTP/1.1" 304 -
186.84.21.214 - - [16/Oct/2023:20:12:20 -0500] "GET /sipse/faces/javax.faces.resource/layout/layout.js?ln=primefaces&v=4.0 HTTP/1.1" 304 -
172.22.2.4 - - [16/Oct/2023:20:12:51 -0500] "GET /BLA/boletinlegal/consulta_actos.php?tipo=resoluciones&no=&usuario=&sector=PEV&fecha=2022&resuelve=perdida%20vigencia%20 HTTP/1.1" 200 626
172.22.2.4 - - [16/Oct/2023:20:12:58 -0500] "GET /BLA/boletinlegal/consulta_actos.php?tipo=resoluciones&no=&usuario=&sector=PEV&fecha=2022&resuelve=perdida HTTP/1.1" 200 68080
186.84.21.214 - - [16/Oct/2023:20:12:58 -0500] "GET /sipse/faces/javax.faces.resource/theme.css?ln=primefaces-sipse HTTP/1.1" 304 -
186.84.21.214 - - [16/Oct/2023:20:12:58 -0500] "GET /sipse/faces/javax.faces.resource/primefaces.css?ln=primefaces&v=4.0 HTTP/1.1" 304 -
186.84.21.214 - - [16/Oct/2023:20:12:58 -0500] "GET /sipse/faces/javax.faces.resource/layout/layout.css?ln=primefaces&v=4.0 HTTP/1.1" 304 -
186.84.21.214 - - [16/Oct/2023:20:12:58 -0500] "GET /sipse/faces/javax.faces.resource/jquery/jquery.js?ln=primefaces&v=4.0 HTTP/1.1" 304 -
186.84.21.214 - - [16/Oct/2023:20:12:58 -0500] "GET /sipse/faces/javax.faces.resource/jquery/jquery-plugins.js?ln=primefaces&v=4.0 HTTP/1.1" 304 -
186.84.21.214 - - [16/Oct/2023:20:12:58 -0500] "POST /sipse/faces/presentacion/financiero/solicitudProceso/consultarHistorialSolProceso.xhtml HTTP/1.1" 200 192158
186.84.21.214 - - [16/Oct/2023:20:12:58 -0500] "GET /sipse/faces/javax.faces.resource/layout/layout.js?ln=primefaces&v=4.0 HTTP/1.1" 304 -
186.84.21.214 - - [16/Oct/2023:20:12:58 -0500] "GET /sipse/faces/javax.faces.resource/primefaces.js?ln=primefaces&v=4.0 HTTP/1.1" 304 -
186.84.21.214 - - [16/Oct/2023:20:12:58 -0500] "GET /sipse/faces/javax.faces.resource/dynamiccontent.properties?ln=primefaces&pfdrid=XjOR5%2F%2FfPAZAuY9TpWQeCiM0BhlXxYRBGKi%2FQcXXfeA%3D&pfdrid_c=false HTTP/1.1" 500 383
