66.249.66.20 - - [16/Oct/2023:04:21:23 -0500] "GET /BLA/resoluciones/Notificaciones/RESOLUCIONES%202022/2367.pdf HTTP/1.1" 200 385192
172.22.2.4 - - [16/Oct/2023:04:19:50 -0500] "GET /BLA/boletinlegal/ HTTP/1.1" 200 58155
216.244.66.195 - - [16/Oct/2023:04:21:38 -0500] "GET /BLA/resoluciones/RESOLUCIONES%202011/1013.pdf HTTP/1.1" 200 631400
216.244.66.195 - - [16/Oct/2023:04:22:11 -0500] "GET /BLA/resoluciones/RESOLUCIONES%202011/1463.pdf HTTP/1.1" 200 616112
66.249.66.39 - - [16/Oct/2023:04:22:24 -0500] "GET /agendate-para-participar-en-las-caminatas-ecologicas-de-febrero.html HTTP/1.1" 304 -
216.244.66.195 - - [16/Oct/2023:04:22:43 -0500] "GET /BLA/resoluciones/RESOLUCIONES%202018/0659.pdf HTTP/1.1" 200 336773
69.171.249.11 - - [16/Oct/2023:04:22:55 -0500] "GET /bogota-lista-para-ser-la-sede-de-la-ii-convencion-internacional-de-emergencia-climatica.html HTTP/1.1" 200 934
69.171.249.6 - - [16/Oct/2023:04:22:55 -0500] "GET /bogota-lista-para-ser-la-sede-de-la-ii-convencion-internacional-de-emergencia-climatica.html HTTP/1.1" 200 934
173.252.87.11 - - [16/Oct/2023:04:22:56 -0500] "GET /images/presentaci\xc3\xb3n%20convenci\xc3\xb3n.jpg HTTP/1.1" 404 1034
216.244.66.195 - - [16/Oct/2023:04:23:11 -0500] "GET /BLA/resoluciones/RESOLUCIONES%202018/1098.pdf HTTP/1.1" 200 389113
216.244.66.195 - - [16/Oct/2023:04:23:37 -0500] "GET /BLA/resoluciones/RESOLUCIONES%202018/1352.pdf HTTP/1.1" 200 616905
216.244.66.195 - - [16/Oct/2023:04:24:03 -0500] "GET /BLA/resoluciones/RESOLUCIONES%202018/2647.pdf HTTP/1.1" 200 363220
201.245.192.253 - - [16/Oct/2023:04:24:18 -0500] "POST /kwsrmcab/Wsrmcab  HTTP/1.1" 200 42851
216.244.66.195 - - [16/Oct/2023:04:24:28 -0500] "GET /BLA/resoluciones/RESOLUCIONES%202018/3284.pdf HTTP/1.1" 200 4403558
216.244.66.195 - - [16/Oct/2023:04:25:07 -0500] "GET /BLA/resoluciones/RESOLUCIONES%202018/3662.pdf HTTP/1.1" 200 221539
216.244.66.195 - - [16/Oct/2023:04:25:38 -0500] "GET /BLA/resoluciones/RESOLUCIONES%202018/3798.pdf HTTP/1.1" 200 304259
216.245.221.92 - - [16/Oct/2023:04:25:54 -0500] "HEAD / HTTP/1.1" 200 -
172.22.2.4 - - [16/Oct/2023:04:24:50 -0500] "HEAD /BLA/boletinlegal/ HTTP/1.1" 200 -
172.22.2.4 - - [16/Oct/2023:04:25:40 -0500] "GET /BLA/boletinlegal/ HTTP/1.1" 200 56676
172.22.2.4 - - [16/Oct/2023:04:26:45 -0500] "GET /BLA/boletinlegal/ HTTP/1.1" 200 24523
201.245.192.253 - - [16/Oct/2023:04:27:48 -0500] "POST /kwsrmcab/Wsrmcab HTTP/1.1" 200 40806
201.245.192.253 - - [16/Oct/2023:04:27:51 -0500] "POST /kwsrmcab/Wsrmcab HTTP/1.1" 200 40826
201.245.192.253 - - [16/Oct/2023:04:29:17 -0500] "POST /kwsrmcab/Wsrmcab  HTTP/1.1" 200 42851
207.46.13.7 - - [16/Oct/2023:04:30:44 -0500] "GET /BLA/resoluciones/RESOLUCIONES%202007/RES%202007%203201%20AL%203300/RESOLUCION%203257%20DE%202007.pdf HTTP/1.1" 200 2739877
114.119.142.27 - - [16/Oct/2023:04:30:53 -0500] "GET /portalsiaccapacitaciones/Listas%20de%20Asistencia%202015/LA%20HC%2027-05-2015.pdf HTTP/1.1" 200 435516
216.245.221.92 - - [16/Oct/2023:04:30:54 -0500] "HEAD / HTTP/1.1" 200 -
114.119.128.233 - - [16/Oct/2023:04:32:03 -0500] "GET /portalsiaccapacitaciones/Listas%20de%20Asistencia%202015/L.A-MT5-21May2015.pdf HTTP/1.1" 200 833229
172.22.2.4 - - [16/Oct/2023:04:30:40 -0500] "HEAD /BLA/boletinlegal/ HTTP/1.1" 200 -
52.167.144.136 - - [16/Oct/2023:04:32:37 -0500] "GET /BLA/resoluciones/index.php?dir=RESOLUCIONES+2005%2FRES+2005+3001-3050%2F HTTP/1.1" 200 12364
172.22.2.4 - - [16/Oct/2023:04:31:30 -0500] "GET /BLA/boletinlegal/ HTTP/1.1" 200 57089
114.119.135.32 - - [16/Oct/2023:04:33:22 -0500] "GET /BLA/resoluciones/index.php?dir=Notificaciones/REGISTROS%2B0216/&sort=date&order=desc HTTP/1.1" 200 13955
40.77.167.36 - - [16/Oct/2023:04:33:26 -0500] "GET /BLA/resoluciones/dlf/styles.css HTTP/1.1" 200 3049
201.245.192.253 - - [16/Oct/2023:04:34:15 -0500] "POST /kwsrmcab/Wsrmcab  HTTP/1.1" 200 42851
114.119.151.185 - - [16/Oct/2023:04:34:41 -0500] "GET /BLA/resoluciones/index.php?dir=AUTOS%2B2022/&sort=name&order=asc HTTP/1.1" 200 13882
34.147.89.135 - - [16/Oct/2023:04:34:56 -0500] "GET /caminatas-ecologicas-un-plan-imperdible-para-octubre.html HTTP/1.1" 200 747
216.245.221.92 - - [16/Oct/2023:04:35:54 -0500] "HEAD / HTTP/1.1" 200 -
114.119.140.48 - - [16/Oct/2023:04:35:57 -0500] "GET /BLA/resoluciones/index.php?dir=AUTOS%2B1997/&sort=size&order=asc HTTP/1.1" 200 13882
201.245.192.253 - - [16/Oct/2023:04:37:49 -0500] "POST /kwsrmcab/Wsrmcab HTTP/1.1" 200 40806
201.245.192.253 - - [16/Oct/2023:04:37:51 -0500] "POST /kwsrmcab/Wsrmcab HTTP/1.1" 200 40826
172.22.2.4 - - [16/Oct/2023:04:36:30 -0500] "HEAD /BLA/boletinlegal/ HTTP/1.1" 200 -
172.22.2.4 - - [16/Oct/2023:04:37:20 -0500] "GET /BLA/boletinlegal/ HTTP/1.1" 200 60175
201.245.192.253 - - [16/Oct/2023:04:39:15 -0500] "POST /kwsrmcab/Wsrmcab  HTTP/1.1" 200 42851
66.249.66.38 - - [16/Oct/2023:04:40:02 -0500] "GET /distrito-firma-siete-nuevos-pagos-por-servicios-ambientales-en-la-ruralidad-de-bogota-ya-van-mas-de-1100-hectareas.html HTTP/1.1" 304 -
216.245.221.92 - - [16/Oct/2023:04:40:54 -0500] "HEAD / HTTP/1.1" 200 -
5.188.87.37 - - [16/Oct/2023:04:42:08 -0500] "GET /wp-login.php HTTP/1.1" 404 1018
172.22.2.4 - - [16/Oct/2023:04:42:20 -0500] "HEAD /BLA/boletinlegal/ HTTP/1.1" 200 -
201.245.192.253 - - [16/Oct/2023:04:44:14 -0500] "POST /kwsrmcab/Wsrmcab  HTTP/1.1" 200 42851
172.22.2.4 - - [16/Oct/2023:04:43:10 -0500] "GET /BLA/boletinlegal/ HTTP/1.1" 200 60175
216.245.221.92 - - [16/Oct/2023:04:45:54 -0500] "HEAD / HTTP/1.1" 200 -
201.245.192.253 - - [16/Oct/2023:04:49:13 -0500] "POST /kwsrmcab/Wsrmcab  HTTP/1.1" 200 42851
172.22.2.4 - - [16/Oct/2023:04:48:10 -0500] "HEAD /BLA/boletinlegal/ HTTP/1.1" 200 -
172.22.2.4 - - [16/Oct/2023:04:49:00 -0500] "GET /BLA/boletinlegal/ HTTP/1.1" 200 60175
216.245.221.92 - - [16/Oct/2023:04:50:54 -0500] "HEAD / HTTP/1.1" 200 -
66.249.66.21 - - [16/Oct/2023:04:51:10 -0500] "GET /BLA/resoluciones/Notificaciones/AUTOS%202017/03991.pdf HTTP/1.1" 200 393522
172.22.2.4 - - [16/Oct/2023:04:51:54 -0500] "GET /BLA/boletinlegal/.git/config HTTP/1.1" 404 1018
201.245.192.253 - - [16/Oct/2023:04:54:12 -0500] "POST /kwsrmcab/Wsrmcab  HTTP/1.1" 200 42851
216.244.66.195 - - [16/Oct/2023:04:54:38 -0500] "GET /robots.txt HTTP/1.1" 404 1018
172.22.2.4 - - [16/Oct/2023:04:54:00 -0500] "HEAD /BLA/boletinlegal/ HTTP/1.1" 200 -
216.245.221.92 - - [16/Oct/2023:04:55:54 -0500] "HEAD / HTTP/1.1" 200 -
172.22.2.4 - - [16/Oct/2023:04:54:50 -0500] "GET /BLA/boletinlegal/ HTTP/1.1" 200 57802
40.77.167.63 - - [16/Oct/2023:04:57:21 -0500] "GET /bla/resoluciones/resoluciones%202012/1858.pdf HTTP/1.1" 200 413577
52.167.144.161 - - [16/Oct/2023:04:59:10 -0500] "GET /BLA/resoluciones/RESOLUCIONES%202007/RES%202007%203201%20AL%203300/RESOLUCION%203280%20DE%202007.pdf HTTP/1.1" 200 428176
201.245.192.253 - - [16/Oct/2023:04:59:11 -0500] "POST /kwsrmcab/Wsrmcab  HTTP/1.1" 200 42851
66.249.66.166 - - [16/Oct/2023:05:00:30 -0500] "GET /robots.txt HTTP/1.1" 404 1035
66.249.66.166 - - [16/Oct/2023:05:00:30 -0500] "GET /portaldeninos/parque-mirador-de-los-nevados/ HTTP/1.1" 200 89855
216.245.221.92 - - [16/Oct/2023:05:00:54 -0500] "HEAD / HTTP/1.1" 200 -
172.22.2.4 - - [16/Oct/2023:04:59:50 -0500] "HEAD /BLA/boletinlegal/ HTTP/1.1" 200 -
172.22.2.4 - - [16/Oct/2023:05:00:40 -0500] "GET /BLA/boletinlegal/ HTTP/1.1" 200 58155
168.119.253.6 - - [16/Oct/2023:05:02:30 -0500] "GET / HTTP/1.1" 200 4720
168.119.253.6 - - [16/Oct/2023:05:02:30 -0500] "GET / HTTP/1.1" 200 319
201.245.192.253 - - [16/Oct/2023:05:04:10 -0500] "POST /kwsrmcab/Wsrmcab  HTTP/1.1" 200 42851
216.245.221.92 - - [16/Oct/2023:05:05:54 -0500] "HEAD / HTTP/1.1" 200 -
172.22.2.4 - - [16/Oct/2023:05:05:40 -0500] "HEAD /BLA/boletinlegal/ HTTP/1.1" 200 -
172.22.2.4 - - [16/Oct/2023:05:06:30 -0500] "GET /BLA/boletinlegal/ HTTP/1.1" 200 60531
201.245.192.253 - - [16/Oct/2023:05:09:09 -0500] "POST /kwsrmcab/Wsrmcab  HTTP/1.1" 200 42851
40.77.167.18 - - [16/Oct/2023:05:09:30 -0500] "GET /sitemap.xml HTTP/1.1" 404 1034
216.245.221.92 - - [16/Oct/2023:05:10:54 -0500] "HEAD / HTTP/1.1" 200 -
216.244.66.195 - - [16/Oct/2023:05:11:32 -0500] "GET /BLA/resoluciones/AUTOS%202019/0420.pdf HTTP/1.1" 200 286935
216.244.66.195 - - [16/Oct/2023:05:11:38 -0500] "GET /BLA/resoluciones/AUTOS%202019/1958.pdf HTTP/1.1" 200 328636
172.22.2.4 - - [16/Oct/2023:05:11:30 -0500] "HEAD /BLA/boletinlegal/ HTTP/1.1" 200 -
143.110.182.33 - - [16/Oct/2023:05:13:21 -0500] "GET /Temporary_Listen_Addresses HTTP/1.1" 404 1018
143.110.182.33 - - [16/Oct/2023:05:13:21 -0500] "GET /Pages/log/ HTTP/1.1" 404 1018
172.22.2.4 - - [16/Oct/2023:05:12:20 -0500] "GET /BLA/boletinlegal/ HTTP/1.1" 200 60175
201.245.192.253 - - [16/Oct/2023:05:14:07 -0500] "POST /kwsrmcab/Wsrmcab  HTTP/1.1" 200 42851
216.245.221.92 - - [16/Oct/2023:05:15:53 -0500] "HEAD / HTTP/1.1" 200 -
40.77.167.4 - - [16/Oct/2023:05:16:42 -0500] "GET /galeria/galeria/fotos/Humedal-vaca6G.jpg HTTP/1.1" 200 176858
114.119.140.38 - - [16/Oct/2023:05:17:24 -0500] "GET /portalsiaccapacitaciones/Listas%20de%20Asistencia%202016/LISTA%20DE%20ASISTENCIA%20MESA%20PIGA%2013%20DICIEMBRE.pdf HTTP/1.1" 200 2893866
201.245.192.253 - - [16/Oct/2023:05:17:48 -0500] "POST /kwsrmcab/Wsrmcab HTTP/1.1" 200 40824
201.245.192.253 - - [16/Oct/2023:05:17:51 -0500] "POST /kwsrmcab/Wsrmcab HTTP/1.1" 200 40821
114.119.147.181 - - [16/Oct/2023:05:18:40 -0500] "GET /BLA/resoluciones/index.php?dir=Notificaciones/REGISTROS%2B2015/&sort=size&order=asc HTTP/1.1" 200 13956
172.22.2.4 - - [16/Oct/2023:05:17:20 -0500] "HEAD /BLA/boletinlegal/ HTTP/1.1" 200 -
201.245.192.253 - - [16/Oct/2023:05:19:06 -0500] "POST /kwsrmcab/Wsrmcab  HTTP/1.1" 200 42851
216.244.66.195 - - [16/Oct/2023:05:19:21 -0500] "GET /BLA/resoluciones/AUTOS%202008/0145.pdf HTTP/1.1" 200 78376
172.22.2.4 - - [16/Oct/2023:05:18:10 -0500] "GET /BLA/boletinlegal/ HTTP/1.1" 200 58155
216.244.66.195 - - [16/Oct/2023:05:19:51 -0500] "GET /BLA/resoluciones/AUTOS%202008/0222.pdf HTTP/1.1" 200 104558
216.244.66.195 - - [16/Oct/2023:05:20:22 -0500] "GET /BLA/resoluciones/AUTOS%202008/0526.pdf HTTP/1.1" 200 95606
114.119.140.113 - - [16/Oct/2023:05:20:23 -0500] "GET /BLA/resoluciones/index.php?dir=Notificaciones/REGISTROS%2B0218/&sort=name&order=asc HTTP/1.1" 200 13956
216.244.66.195 - - [16/Oct/2023:05:20:50 -0500] "GET /BLA/resoluciones/AUTOS%202008/1333.pdf HTTP/1.1" 200 67893
216.245.221.92 - - [16/Oct/2023:05:20:54 -0500] "HEAD / HTTP/1.1" 200 -
66.249.66.37 - - [16/Oct/2023:05:20:57 -0500] "GET /mas-de-70-aves-de-corral-y-de-especies-no-convencionales-encontraron-un-hogar.html HTTP/1.1" 304 -
216.244.66.195 - - [16/Oct/2023:05:21:17 -0500] "GET /BLA/resoluciones/AUTOS%202013/1309.pdf HTTP/1.1" 200 1761463
66.249.66.37 - - [16/Oct/2023:05:21:24 -0500] "GET /p4g-es-sin-duda-un-ejemplo-de-que-el-optimismo-es-posible-y-necesario-carolina-urrutia-secretaria HTTP/1.1" 404 1034
114.119.151.165 - - [16/Oct/2023:05:21:26 -0500] "GET /portalsiaccapacitaciones/Listas%20de%20Asistencia%202015/L.A.-MT2-12May2015.pdf HTTP/1.1" 200 451260
216.244.66.195 - - [16/Oct/2023:05:21:44 -0500] "GET /BLA/resoluciones/AUTOS%202013/1992.pdf HTTP/1.1" 200 3458984
216.244.66.195 - - [16/Oct/2023:05:22:19 -0500] "GET /BLA/resoluciones/AUTOS%202013/2646.pdf HTTP/1.1" 200 660554
31.13.103.9 - - [16/Oct/2023:05:22:33 -0500] "GET /images/Red%20de%20Monitoreo%20de%20Calidad%20del%20Aire.jpg HTTP/1.1" 200 51986
31.13.127.10 - - [16/Oct/2023:05:22:48 -0500] "GET /participa-en-la-convocatoria-para-el-aseguramiento-metrologico-de-la-red-de-monitoreo-de-calidad-del-aire-de-bogota.html HTTP/1.1" 200 848
216.244.66.195 - - [16/Oct/2023:05:22:50 -0500] "GET /BLA/resoluciones/AUTOS%202013/2734.pdf HTTP/1.1" 200 877936
173.252.107.118 - - [16/Oct/2023:05:22:51 -0500] "GET /participa-en-la-convocatoria-para-el-aseguramiento-metrologico-de-la-red-de-monitoreo-de-calidad-del-aire-de-bogota.html HTTP/1.1" 200 848
173.252.107.4 - - [16/Oct/2023:05:22:51 -0500] "GET /participa-en-la-convocatoria-para-el-aseguramiento-metrologico-de-la-red-de-monitoreo-de-calidad-del-aire-de-bogota.html HTTP/1.1" 200 848
216.244.66.195 - - [16/Oct/2023:05:23:20 -0500] "GET /BLA/resoluciones/AUTOS%202014/0929.pdf HTTP/1.1" 200 339816
216.244.66.195 - - [16/Oct/2023:05:23:48 -0500] "GET /BLA/resoluciones/AUTOS%202014/2061.pdf HTTP/1.1" 200 115696
201.245.192.253 - - [16/Oct/2023:05:24:06 -0500] "POST /kwsrmcab/Wsrmcab  HTTP/1.1" 200 42851
216.244.66.195 - - [16/Oct/2023:05:24:16 -0500] "GET /BLA/resoluciones/AUTOS%202014/2304.pdf HTTP/1.1" 200 687259
216.244.66.195 - - [16/Oct/2023:05:24:42 -0500] "GET /BLA/resoluciones/AUTOS%202015/0030.pdf HTTP/1.1" 200 526290
172.22.2.4 - - [16/Oct/2023:05:23:10 -0500] "HEAD /BLA/boletinlegal/ HTTP/1.1" 200 -
216.244.66.195 - - [16/Oct/2023:05:25:08 -0500] "GET /BLA/resoluciones/AUTOS%202015/0066.pdf HTTP/1.1" 200 512926
216.244.66.195 - - [16/Oct/2023:05:25:33 -0500] "GET /BLA/resoluciones/AUTOS%202015/0249.pdf HTTP/1.1" 200 313657
172.22.2.4 - - [16/Oct/2023:05:24:00 -0500] "GET /BLA/boletinlegal/ HTTP/1.1" 200 57802
216.245.221.92 - - [16/Oct/2023:05:25:53 -0500] "HEAD / HTTP/1.1" 200 -
216.244.66.195 - - [16/Oct/2023:05:25:58 -0500] "GET /BLA/resoluciones/AUTOS%202015/0305.pdf HTTP/1.1" 200 699961
216.244.66.195 - - [16/Oct/2023:05:26:22 -0500] "GET /BLA/resoluciones/AUTOS%202015/0533.pdf HTTP/1.1" 200 305589
216.244.66.195 - - [16/Oct/2023:05:26:43 -0500] "GET /BLA/resoluciones/AUTOS%202015/0994.pdf HTTP/1.1" 200 647642
216.244.66.195 - - [16/Oct/2023:05:27:04 -0500] "GET /BLA/resoluciones/AUTOS%202015/1040.pdf HTTP/1.1" 200 754151
216.244.66.195 - - [16/Oct/2023:05:27:24 -0500] "GET /BLA/resoluciones/AUTOS%202015/1537.pdf HTTP/1.1" 200 596801
66.249.77.9 - - [16/Oct/2023:05:27:29 -0500] "GET /Publicaciones/2023EE173831.pdf HTTP/1.1" 404 228
216.244.66.195 - - [16/Oct/2023:05:27:43 -0500] "GET /BLA/resoluciones/AUTOS%202015/2278.pdf HTTP/1.1" 200 767018
201.245.192.253 - - [16/Oct/2023:05:27:48 -0500] "POST /kwsrmcab/Wsrmcab HTTP/1.1" 200 40824
201.245.192.253 - - [16/Oct/2023:05:27:51 -0500] "POST /kwsrmcab/Wsrmcab HTTP/1.1" 200 40821
216.244.66.195 - - [16/Oct/2023:05:28:01 -0500] "GET /BLA/resoluciones/AUTOS%202015/2451.pdf HTTP/1.1" 200 696437
216.244.66.195 - - [16/Oct/2023:05:28:19 -0500] "GET /BLA/resoluciones/AUTOS%202015/2481.pdf HTTP/1.1" 200 637403
216.244.66.195 - - [16/Oct/2023:05:28:34 -0500] "GET /BLA/resoluciones/AUTOS%202015/2726.pdf HTTP/1.1" 200 427543
216.244.66.195 - - [16/Oct/2023:05:28:49 -0500] "GET /BLA/resoluciones/AUTOS%202015/3335.pdf HTTP/1.1" 200 620017
216.244.66.195 - - [16/Oct/2023:05:29:03 -0500] "GET /BLA/resoluciones/AUTOS%202015/3391.pdf HTTP/1.1" 200 875633
201.245.192.253 - - [16/Oct/2023:05:29:04 -0500] "POST /kwsrmcab/Wsrmcab  HTTP/1.1" 200 42851
216.244.66.195 - - [16/Oct/2023:05:29:40 -0500] "GET /BLA/resoluciones/AUTOS%202019/1422.pdf HTTP/1.1" 200 9668798
216.244.66.195 - - [16/Oct/2023:05:30:17 -0500] "GET /BLA/resoluciones/Notificaciones/RESOLUCIONES%202018/03429.pdf HTTP/1.1" 200 281198
172.22.2.4 - - [16/Oct/2023:05:29:00 -0500] "HEAD /BLA/boletinlegal/ HTTP/1.1" 200 -
216.244.66.195 - - [16/Oct/2023:05:30:47 -0500] "GET /BLA/resoluciones/RESOLUCIONES%202011/0044.pdf HTTP/1.1" 200 609074
216.245.221.92 - - [16/Oct/2023:05:30:53 -0500] "HEAD / HTTP/1.1" 200 -
216.244.66.195 - - [16/Oct/2023:05:31:22 -0500] "GET /BLA/resoluciones/RESOLUCIONES%202011/0537.pdf HTTP/1.1" 200 801710
172.22.2.4 - - [16/Oct/2023:05:29:50 -0500] "GET /BLA/boletinlegal/ HTTP/1.1" 200 60175
216.244.66.195 - - [16/Oct/2023:05:31:55 -0500] "GET /BLA/resoluciones/RESOLUCIONES%202011/0943.pdf HTTP/1.1" 200 557054
216.244.66.195 - - [16/Oct/2023:05:32:27 -0500] "GET /BLA/resoluciones/RESOLUCIONES%202011/1765.pdf HTTP/1.1" 200 542440
216.244.66.195 - - [16/Oct/2023:05:32:54 -0500] "GET /BLA/resoluciones/RESOLUCIONES%202018/0956.pdf HTTP/1.1" 200 360910
207.46.13.116 - - [16/Oct/2023:05:33:14 -0500] "GET /BLA/resoluciones/AUTOS%202018/6635.pdf HTTP/1.1" 200 251016
216.244.66.195 - - [16/Oct/2023:05:33:20 -0500] "GET /BLA/resoluciones/RESOLUCIONES%202018/1326.pdf HTTP/1.1" 200 388004
216.244.66.195 - - [16/Oct/2023:05:33:45 -0500] "GET /BLA/resoluciones/RESOLUCIONES%202018/1779.pdf HTTP/1.1" 200 328019
201.245.192.253 - - [16/Oct/2023:05:34:03 -0500] "POST /kwsrmcab/Wsrmcab  HTTP/1.1" 200 42851
216.244.66.195 - - [16/Oct/2023:05:34:12 -0500] "GET /BLA/resoluciones/RESOLUCIONES%202018/2024.pdf HTTP/1.1" 200 349902
216.244.66.195 - - [16/Oct/2023:05:34:36 -0500] "GET /BLA/resoluciones/RESOLUCIONES%202018/2082.pdf HTTP/1.1" 200 290588
216.244.66.195 - - [16/Oct/2023:05:34:59 -0500] "GET /BLA/resoluciones/RESOLUCIONES%202018/3496.pdf HTTP/1.1" 200 360720
216.244.66.195 - - [16/Oct/2023:05:35:20 -0500] "GET /BLA/resoluciones/RESOLUCIONES%202018/3644.pdf HTTP/1.1" 200 2401687
216.245.221.92 - - [16/Oct/2023:05:35:53 -0500] "HEAD / HTTP/1.1" 200 -
114.119.134.212 - - [16/Oct/2023:05:36:06 -0500] "GET /BLA/resoluciones/index.php?dir=Notificaciones/RESOLUCIONES%2B2017/&sort=name&order=desc HTTP/1.1" 200 13964
216.244.66.195 - - [16/Oct/2023:05:36:13 -0500] "GET /BLA/resoluciones/RESOLUCIONES%20CONJUNTAS/Resoluci%EF%BF%BDn%20Conjunta%2002%20del%2013%20de%20Ferbero%20del%202015.pdf HTTP/1.1" 404 1018
172.22.2.4 - - [16/Oct/2023:05:34:50 -0500] "HEAD /BLA/boletinlegal/ HTTP/1.1" 200 -
40.77.167.14 - - [16/Oct/2023:05:36:34 -0500] "GET /BLA/resoluciones/RESOLUCIONES%202013/0196.pdf HTTP/1.1" 200 1203331
172.22.2.4 - - [16/Oct/2023:05:35:40 -0500] "GET /BLA/boletinlegal/ HTTP/1.1" 200 58155
201.245.192.253 - - [16/Oct/2023:05:37:48 -0500] "POST /kwsrmcab/Wsrmcab HTTP/1.1" 200 40824
201.245.192.253 - - [16/Oct/2023:05:37:51 -0500] "POST /kwsrmcab/Wsrmcab HTTP/1.1" 200 40821
201.245.192.253 - - [16/Oct/2023:05:39:03 -0500] "POST /kwsrmcab/Wsrmcab  HTTP/1.1" 200 42851
216.245.221.92 - - [16/Oct/2023:05:40:53 -0500] "HEAD / HTTP/1.1" 200 -
40.77.167.22 - - [16/Oct/2023:05:41:02 -0500] "GET /Publicaciones/2023EE236689.pdf HTTP/1.1" 200 5615967
66.249.66.165 - - [16/Oct/2023:05:41:24 -0500] "GET /portaldeninos/parque-mirador-de-los-nevados/ HTTP/1.1" 200 89855
60.217.75.70 - - [16/Oct/2023:05:42:01 -0500] "GET / HTTP/1.1" 200 319
172.22.2.4 - - [16/Oct/2023:05:40:40 -0500] "HEAD /BLA/boletinlegal/ HTTP/1.1" 200 -
172.22.2.4 - - [16/Oct/2023:05:41:30 -0500] "GET /BLA/boletinlegal/ HTTP/1.1" 200 58155
201.245.192.253 - - [16/Oct/2023:05:44:02 -0500] "POST /kwsrmcab/Wsrmcab  HTTP/1.1" 200 42851
40.77.167.22 - - [16/Oct/2023:05:45:17 -0500] "GET /BLA/resoluciones/RESOLUCIONES%202022/1315.pdf HTTP/1.1" 200 552638
95.217.195.123 - - [16/Oct/2023:05:45:25 -0500] "GET /robots.txt HTTP/1.1" 404 1034
95.217.195.123 - - [16/Oct/2023:05:45:27 -0500] "GET /mejora-tu-bienestar-con-las-caminatas-ecologicas-%C3%82%C2%A1conoce-la-programacion-de-agosto.html HTTP/1.1" 200 873
216.245.221.92 - - [16/Oct/2023:05:45:53 -0500] "HEAD / HTTP/1.1" 200 -
172.22.2.4 - - [16/Oct/2023:05:46:29 -0500] "HEAD /BLA/boletinlegal/ HTTP/1.1" 200 -
40.77.167.52 - - [16/Oct/2023:05:48:34 -0500] "GET /galeria/galeria/fotos/mirador2G.jpg HTTP/1.1" 200 115084
172.22.2.4 - - [16/Oct/2023:05:47:20 -0500] "GET /BLA/boletinlegal/ HTTP/1.1" 200 58155
201.245.192.253 - - [16/Oct/2023:05:49:02 -0500] "POST /kwsrmcab/Wsrmcab  HTTP/1.1" 200 42851
216.244.66.195 - - [16/Oct/2023:05:49:55 -0500] "GET /robots.txt HTTP/1.1" 404 1018
216.245.221.92 - - [16/Oct/2023:05:50:53 -0500] "HEAD / HTTP/1.1" 200 -
114.119.130.32 - - [16/Oct/2023:05:53:39 -0500] "GET /BLA/resoluciones/index.php?dir=RESOLUCIONES%2B1993/&sort=date&order=asc HTTP/1.1" 200 13903
157.55.39.205 - - [16/Oct/2023:05:53:56 -0500] "GET /BLA/resoluciones/AUTOS%202018/4383.pdf HTTP/1.1" 200 257731
172.22.2.4 - - [16/Oct/2023:05:52:20 -0500] "HEAD /BLA/boletinlegal/ HTTP/1.1" 200 -
201.245.192.253 - - [16/Oct/2023:05:54:01 -0500] "POST /kwsrmcab/Wsrmcab  HTTP/1.1" 200 42851
172.22.2.4 - - [16/Oct/2023:05:53:10 -0500] "GET /BLA/boletinlegal/ HTTP/1.1" 200 60175
114.119.136.215 - - [16/Oct/2023:05:55:03 -0500] "GET /BLA/resoluciones/index.php?dir=Notificaciones/RESOLUCIONES%2B2021/&sort=size&order=asc HTTP/1.1" 200 13965
216.245.221.92 - - [16/Oct/2023:05:55:53 -0500] "HEAD / HTTP/1.1" 200 -
201.245.192.253 - - [16/Oct/2023:05:59:00 -0500] "POST /kwsrmcab/Wsrmcab  HTTP/1.1" 200 42851
172.22.2.4 - - [16/Oct/2023:05:58:09 -0500] "HEAD /BLA/boletinlegal/ HTTP/1.1" 200 -
172.22.2.4 - - [16/Oct/2023:05:59:00 -0500] "GET /BLA/boletinlegal/ HTTP/1.1" 200 58155
216.245.221.92 - - [16/Oct/2023:06:00:53 -0500] "HEAD / HTTP/1.1" 200 -
201.245.192.253 - - [16/Oct/2023:06:03:58 -0500] "POST /kwsrmcab/Wsrmcab  HTTP/1.1" 200 42851
216.244.66.195 - - [16/Oct/2023:06:05:29 -0500] "GET /BLA/resoluciones/AUTOS%202019/2463.pdf HTTP/1.1" 200 812114
216.244.66.195 - - [16/Oct/2023:06:05:35 -0500] "GET /BLA/resoluciones/RESOLUCIONES%202018/2982.PDF HTTP/1.1" 200 7895820
172.22.2.4 - - [16/Oct/2023:06:04:00 -0500] "HEAD /BLA/boletinlegal/ HTTP/1.1" 200 -
94.156.6.68 - - [16/Oct/2023:06:05:45 -0500] "HEAD / HTTP/1.0" 200 -
216.245.221.92 - - [16/Oct/2023:06:05:53 -0500] "HEAD / HTTP/1.1" 200 -
216.244.66.195 - - [16/Oct/2023:06:06:02 -0500] "GET /BLA/resoluciones/RESOLUCIONES%202018/3022.PDF HTTP/1.1" 200 8673206
172.22.2.4 - - [16/Oct/2023:06:04:50 -0500] "GET /BLA/boletinlegal/ HTTP/1.1" 200 58155
216.244.66.195 - - [16/Oct/2023:06:06:39 -0500] "GET /BLA/resoluciones/RESOLUCIONES%202018/3573.pdf HTTP/1.1" 200 273827
201.245.192.253 - - [16/Oct/2023:06:08:57 -0500] "POST /kwsrmcab/Wsrmcab  HTTP/1.1" 200 42851
172.22.2.4 - - [16/Oct/2023:06:10:17 -0500] "GET /BLA/boletinlegal/robots.txt HTTP/1.1" 404 1037
216.245.221.92 - - [16/Oct/2023:06:10:53 -0500] "HEAD / HTTP/1.1" 200 -
173.252.107.119 - - [16/Oct/2023:06:10:58 -0500] "GET /calidad-del-aire-en-bogota-afectada-de-nuevo-por-incendios-forestales-se-decreta-alerta-fase-1.html HTTP/1.1" 200 1057
172.22.2.4 - - [16/Oct/2023:06:09:49 -0500] "HEAD /BLA/boletinlegal/ HTTP/1.1" 200 -
172.22.2.4 - - [16/Oct/2023:06:10:18 -0500] "GET /BLA/boletinlegal/ HTTP/1.1" 200 49067
172.22.2.4 - - [16/Oct/2023:06:11:59 -0500] "GET /BLA/boletinlegal/js/jquery.scrollTo-min.js HTTP/1.1" 200 1150
172.22.2.4 - - [16/Oct/2023:06:10:40 -0500] "GET /BLA/boletinlegal/ HTTP/1.1" 200 51622
201.245.192.253 - - [16/Oct/2023:06:13:57 -0500] "POST /kwsrmcab/Wsrmcab  HTTP/1.1" 200 42851
114.119.131.189 - - [16/Oct/2023:06:14:24 -0500] "GET /portalsiaccapacitaciones/Soportes%20Capacitaciones%202017/capacitacion%20indicadores%20-%20%2005-06-2017.pdf HTTP/1.1" 200 3881549
52.167.144.16 - - [16/Oct/2023:06:15:07 -0500] "GET /BLA/resoluciones/AUTOS%202018/6845.pdf HTTP/1.1" 200 250422
114.119.149.252 - - [16/Oct/2023:06:15:52 -0500] "GET /portalsiaccapacitaciones/Listas%20de%20Asistencia%202015/L.A-MT-5NOV2015.pdf HTTP/1.1" 200 2625532
216.245.221.92 - - [16/Oct/2023:06:15:53 -0500] "HEAD / HTTP/1.1" 200 -
172.22.2.4 - - [16/Oct/2023:06:15:39 -0500] "HEAD /BLA/boletinlegal/ HTTP/1.1" 200 -
130.44.212.102 - - [16/Oct/2023:06:17:41 -0500] "GET /galeria/galeria/fotos/Humedal-la-conejera4P.jpg HTTP/1.1" 200 33365
201.245.192.253 - - [16/Oct/2023:06:17:48 -0500] "POST /kwsrmcab/Wsrmcab HTTP/1.1" 200 41002
201.245.192.253 - - [16/Oct/2023:06:17:51 -0500] "POST /kwsrmcab/Wsrmcab HTTP/1.1" 200 40709
172.22.2.4 - - [16/Oct/2023:06:16:30 -0500] "GET /BLA/boletinlegal/ HTTP/1.1" 200 60175
201.245.192.253 - - [16/Oct/2023:06:18:56 -0500] "POST /kwsrmcab/Wsrmcab  HTTP/1.1" 200 42851
216.245.221.92 - - [16/Oct/2023:06:20:53 -0500] "HEAD / HTTP/1.1" 200 -
31.13.115.117 - - [16/Oct/2023:06:22:07 -0500] "GET /en-semana-santa-no-uses-palmas-ni-traigas-o-consumas-animales-silvestres.html HTTP/1.1" 200 959
172.22.2.4 - - [16/Oct/2023:06:21:29 -0500] "HEAD /BLA/boletinlegal/ HTTP/1.1" 200 -
201.245.192.253 - - [16/Oct/2023:06:23:54 -0500] "POST /kwsrmcab/Wsrmcab  HTTP/1.1" 200 42851
172.22.2.4 - - [16/Oct/2023:06:22:20 -0500] "GET /BLA/boletinlegal/ HTTP/1.1" 200 60531
52.167.144.187 - - [16/Oct/2023:06:24:26 -0500] "GET /en-bosa-distrito-inicio-la-consolidacion-de-las-zonas-urbanas-por-un-mejor-aire.html HTTP/1.1" 304 -
216.245.221.92 - - [16/Oct/2023:06:25:53 -0500] "HEAD / HTTP/1.1" 200 -
157.55.39.10 - - [16/Oct/2023:06:26:15 -0500] "GET /BLA/resoluciones/Decretos/Decreto%20335%20de%202017.pdf HTTP/1.1" 304 -
201.245.192.253 - - [16/Oct/2023:06:27:48 -0500] "POST /kwsrmcab/Wsrmcab HTTP/1.1" 200 41002
201.245.192.253 - - [16/Oct/2023:06:27:51 -0500] "POST /kwsrmcab/Wsrmcab HTTP/1.1" 200 40709
201.245.192.253 - - [16/Oct/2023:06:28:52 -0500] "POST /kwsrmcab/Wsrmcab  HTTP/1.1" 200 42851
172.22.2.4 - - [16/Oct/2023:06:27:19 -0500] "HEAD /BLA/boletinlegal/ HTTP/1.1" 200 -
172.22.2.4 - - [16/Oct/2023:06:28:10 -0500] "GET /BLA/boletinlegal/ HTTP/1.1" 200 60175
216.245.221.92 - - [16/Oct/2023:06:30:53 -0500] "HEAD / HTTP/1.1" 200 -
172.22.2.4 - - [16/Oct/2023:06:32:47 -0500] "GET /BLA/boletinlegal/robots.txt HTTP/1.1" 404 1038
172.22.2.4 - - [16/Oct/2023:06:32:48 -0500] "GET /BLA/boletinlegal/Circulares/2018/CIRCULAR%20COJUNTA%20042%20DE%202018.pdf HTTP/1.1" 200 515008
201.245.192.253 - - [16/Oct/2023:06:33:52 -0500] "POST /kwsrmcab/Wsrmcab  HTTP/1.1" 200 42851
172.22.2.4 - - [16/Oct/2023:06:33:09 -0500] "HEAD /BLA/boletinlegal/ HTTP/1.1" 200 -
172.22.2.4 - - [16/Oct/2023:06:34:53 -0500] "GET /BLA/boletinlegal/conceptos.php HTTP/1.1" 200 7496
172.22.2.4 - - [16/Oct/2023:06:34:54 -0500] "GET /BLA/boletinlegal/styles2.css HTTP/1.1" 200 1838
172.22.2.4 - - [16/Oct/2023:06:34:54 -0500] "GET /BLA/boletinlegal/js/ajax_conceptos.js HTTP/1.1" 200 1326
172.22.2.4 - - [16/Oct/2023:06:34:54 -0500] "GET /BLA/boletinlegal/niceforms-default.css HTTP/1.1" 200 6694
172.22.2.4 - - [16/Oct/2023:06:34:54 -0500] "GET /BLA/boletinlegal/style.css HTTP/1.1" 200 9406
172.22.2.4 - - [16/Oct/2023:06:34:54 -0500] "GET /BLA/boletinlegal/niceforms.js HTTP/1.1" 200 22876
172.22.2.4 - - [16/Oct/2023:06:34:54 -0500] "GET /BLA/boletinlegal/images/cabezote%20BLEGAL.jpg HTTP/1.1" 200 118164
172.22.2.4 - - [16/Oct/2023:06:34:54 -0500] "GET /BLA/boletinlegal/images/registro-usuarios.png HTTP/1.1" 200 8106
172.22.2.4 - - [16/Oct/2023:06:34:54 -0500] "GET /BLA/boletinlegal/images/subscribe-icon-big.png HTTP/1.1" 200 47702
172.22.2.4 - - [16/Oct/2023:06:34:54 -0500] "GET /BLA/boletinlegal/images/historia.png HTTP/1.1" 200 52775
172.22.2.4 - - [16/Oct/2023:06:34:54 -0500] "GET /BLA/boletinlegal/images/tel.png HTTP/1.1" 200 14477
172.22.2.4 - - [16/Oct/2023:06:34:54 -0500] "GET /BLA/boletinlegal/images/icono-email.png HTTP/1.1" 200 5544
172.22.2.4 - - [16/Oct/2023:06:34:54 -0500] "GET /BLA/boletinlegal/images/body_bg.jpg HTTP/1.1" 200 1601
172.22.2.4 - - [16/Oct/2023:06:34:54 -0500] "GET /BLA/boletinlegal/images/menu_lft.gif HTTP/1.1" 200 1713
172.22.2.4 - - [16/Oct/2023:06:34:54 -0500] "GET /BLA/boletinlegal/images/menu_rght.gif HTTP/1.1" 200 1627
172.22.2.4 - - [16/Oct/2023:06:34:54 -0500] "GET /BLA/boletinlegal/images/bg_top.jpg HTTP/1.1" 200 522
172.22.2.4 - - [16/Oct/2023:06:34:54 -0500] "GET /BLA/boletinlegal/images/menu_bg.jpg HTTP/1.1" 200 620
172.22.2.4 - - [16/Oct/2023:06:34:54 -0500] "GET /BLA/boletinlegal/images/hover.jpg HTTP/1.1" 200 640
172.22.2.4 - - [16/Oct/2023:06:34:54 -0500] "GET /BLA/boletinlegal/images/footer_bg.jpg HTTP/1.1" 200 586
172.22.2.4 - - [16/Oct/2023:06:34:54 -0500] "GET /BLA/boletinlegal/images/text.jpg HTTP/1.1" 200 568
172.22.2.4 - - [16/Oct/2023:06:34:54 -0500] "GET /BLA/boletinlegal/images/footer_bg_l.jpg HTTP/1.1" 200 776
172.22.2.4 - - [16/Oct/2023:06:34:54 -0500] "GET /BLA/boletinlegal/img/0.png HTTP/1.1" 200 110
172.22.2.4 - - [16/Oct/2023:06:34:54 -0500] "GET /BLA/boletinlegal/img/select-left.png HTTP/1.1" 200 263
172.22.2.4 - - [16/Oct/2023:06:34:54 -0500] "GET /BLA/boletinlegal/img/button-left.png HTTP/1.1" 200 57071
172.22.2.4 - - [16/Oct/2023:06:34:54 -0500] "GET /BLA/boletinlegal/img/select-right.png HTTP/1.1" 200 44019
172.22.2.4 - - [16/Oct/2023:06:34:54 -0500] "GET /BLA/boletinlegal/img/button.png HTTP/1.1" 200 43241
172.22.2.4 - - [16/Oct/2023:06:34:54 -0500] "GET /BLA/boletinlegal/img/button-right.png HTTP/1.1" 200 57878
172.22.2.4 - - [16/Oct/2023:06:34:54 -0500] "GET /BLA/boletinlegal/favicon.ico HTTP/1.1" 404 1334
172.22.2.4 - - [16/Oct/2023:06:34:57 -0500] "GET /BLA/boletinlegal/consulta_conceptos.php?no=&solicitante=&radicado_entrada=&fecha_concepto=2023&objeto= HTTP/1.1" 200 27300
172.22.2.4 - - [16/Oct/2023:06:34:57 -0500] "GET /BLA/boletinlegal/images/background.gif HTTP/1.1" 200 -
172.22.2.4 - - [16/Oct/2023:06:34:57 -0500] "GET /BLA/boletinlegal/images/pdf.gif HTTP/1.1" 200 567
172.22.2.4 - - [16/Oct/2023:06:35:03 -0500] "GET /BLA/boletinlegal/conceptos/2023/55.pdf HTTP/1.1" 404 1334
172.22.2.4 - - [16/Oct/2023:06:35:08 -0500] "GET /BLA/boletinlegal/conceptos/2023/48.pdf HTTP/1.1" 200 431313
172.22.2.4 - - [16/Oct/2023:06:34:00 -0500] "GET /BLA/boletinlegal/ HTTP/1.1" 200 60175
216.245.221.92 - - [16/Oct/2023:06:35:53 -0500] "HEAD / HTTP/1.1" 200 -
114.119.132.187 - - [16/Oct/2023:06:37:25 -0500] "GET /BLA/resoluciones/index.php?dir=RESOLUCIONES%2BCONJUNTAS/&sort=date&order=desc HTTP/1.1" 200 13917
201.245.192.253 - - [16/Oct/2023:06:37:47 -0500] "POST /kwsrmcab/Wsrmcab HTTP/1.1" 200 41002
201.245.192.253 - - [16/Oct/2023:06:37:50 -0500] "POST /kwsrmcab/Wsrmcab HTTP/1.1" 200 40709
201.245.192.253 - - [16/Oct/2023:06:38:51 -0500] "POST /kwsrmcab/Wsrmcab  HTTP/1.1" 200 42851
114.119.157.234 - - [16/Oct/2023:06:39:30 -0500] "GET /BLA/resoluciones/index.php?dir=Notificaciones/REGISTROS%2B2020/&sort=size&order=desc HTTP/1.1" 200 13955
114.119.150.158 - - [16/Oct/2023:06:40:07 -0500] "GET /BLA/resoluciones/index.php?dir=Notificaciones/REGISTROS%2B0218/&sort=size&order=desc HTTP/1.1" 200 13955
172.22.2.4 - - [16/Oct/2023:06:38:59 -0500] "HEAD /BLA/boletinlegal/ HTTP/1.1" 200 -
216.245.221.92 - - [16/Oct/2023:06:40:53 -0500] "HEAD / HTTP/1.1" 200 -
114.119.145.169 - - [16/Oct/2023:06:41:28 -0500] "GET /BLA/resoluciones/index.php?dir=Notificaciones/AUTOS%2B1988/&sort=date&order=desc HTTP/1.1" 200 13943
172.22.2.4 - - [16/Oct/2023:06:39:50 -0500] "GET /BLA/boletinlegal/ HTTP/1.1" 200 58155
216.244.66.195 - - [16/Oct/2023:06:42:26 -0500] "GET /robots.txt HTTP/1.1" 404 1018
201.245.192.253 - - [16/Oct/2023:06:43:50 -0500] "POST /kwsrmcab/Wsrmcab  HTTP/1.1" 200 42851
186.29.165.62 - - [16/Oct/2023:06:44:48 -0500] "GET /BLA/resoluciones/index.php?dir=RESOLUCIONES+2019%2F HTTP/1.1" 200 260562
186.29.165.62 - - [16/Oct/2023:06:45:12 -0500] "GET /BLA/resoluciones/index.php?dir=AUTOS+2019%2F HTTP/1.1" 200 388964
216.245.221.92 - - [16/Oct/2023:06:45:53 -0500] "HEAD / HTTP/1.1" 200 -
40.77.167.24 - - [16/Oct/2023:06:46:00 -0500] "GET /BLA/resoluciones/AUTOS%202018/6851.pdf HTTP/1.1" 200 250544
172.22.2.4 - - [16/Oct/2023:06:44:49 -0500] "HEAD /BLA/boletinlegal/ HTTP/1.1" 200 -
172.22.2.4 - - [16/Oct/2023:06:45:40 -0500] "GET /BLA/boletinlegal/ HTTP/1.1" 200 57802
172.22.2.4 - - [16/Oct/2023:06:47:33 -0500] "GET /BLA/boletinlegal/consulta_conceptos.php?no=&solicitante=&radicado_entrada=&fecha_concepto=2023&objeto=EXPROPIACION HTTP/1.1" 200 570
172.22.2.4 - - [16/Oct/2023:06:47:40 -0500] "GET /BLA/boletinlegal/consulta_conceptos.php?no=&solicitante=&radicado_entrada=&fecha_concepto=2023&objeto=CONVENIO%201240 HTTP/1.1" 200 570
130.44.215.103 - - [16/Oct/2023:06:47:42 -0500] "GET /galeria/galeria/fotos/Jaboque4P.jpg HTTP/1.1" 200 27446
172.22.2.4 - - [16/Oct/2023:06:47:43 -0500] "GET /BLA/boletinlegal/consulta_conceptos.php?no=&solicitante=&radicado_entrada=&fecha_concepto=2023&objeto=CONVENIO%201240 HTTP/1.1" 200 570
172.22.2.4 - - [16/Oct/2023:06:47:49 -0500] "GET /BLA/boletinlegal/consulta_conceptos.php?no=&solicitante=&radicado_entrada=&fecha_concepto=2023&objeto=1240 HTTP/1.1" 200 570
172.22.2.4 - - [16/Oct/2023:06:48:23 -0500] "GET /BLA/boletinlegal/actos.php HTTP/1.1" 200 9682
186.80.199.188 - - [16/Oct/2023:06:48:48 -0500] "GET /BLA/resoluciones/ HTTP/1.1" 200 13696
201.245.192.253 - - [16/Oct/2023:06:48:49 -0500] "POST /kwsrmcab/Wsrmcab  HTTP/1.1" 200 42851
172.22.2.4 - - [16/Oct/2023:06:48:19 -0500] "GET /BLA/boletinlegal/ HTTP/1.1" 200 24523
186.80.199.188 - - [16/Oct/2023:06:48:53 -0500] "GET /BLA/resoluciones/index.php?dir=AUTOS+2023%2F HTTP/1.1" 200 356705
173.252.83.1 - - [16/Oct/2023:06:50:03 -0500] "GET /images/Acuerdos%2001%20(1)%20(1).jpeg HTTP/1.1" 200 32884
162.243.147.25 - - [16/Oct/2023:06:50:05 -0500] "GET /actuator/health HTTP/1.1" 404 1018
147.160.184.146 - - [16/Oct/2023:06:50:13 -0500] "GET /galeria/galeria/fotos/Capellania2P.jpg HTTP/1.1" 200 35380
216.245.221.92 - - [16/Oct/2023:06:50:53 -0500] "HEAD / HTTP/1.1" 200 -
185.225.73.112 - - [16/Oct/2023:06:52:15 -0500] "GET / HTTP/1.1" 200 319
172.22.2.4 - - [16/Oct/2023:06:50:39 -0500] "HEAD /BLA/boletinlegal/ HTTP/1.1" 200 -
172.22.2.4 - - [16/Oct/2023:06:51:30 -0500] "GET /BLA/boletinlegal/ HTTP/1.1" 200 57802
201.245.192.253 - - [16/Oct/2023:06:53:48 -0500] "POST /kwsrmcab/Wsrmcab  HTTP/1.1" 200 42851
114.119.144.229 - - [16/Oct/2023:06:54:12 -0500] "GET /portalsiaccapacitaciones/Soportes%20Capacitaciones%202017/Presentacin%20sda%20Manejo%20y%20Gestin%20de%20Vertimientos.pdf HTTP/1.1" 404 1272
216.245.221.92 - - [16/Oct/2023:06:55:53 -0500] "HEAD / HTTP/1.1" 200 -
40.77.167.2 - - [16/Oct/2023:06:56:21 -0500] "GET /BLA/resoluciones/RESOLUCIONES%202007/RES%202007%203201%20AL%203300/RESOLUCION%203279%20DE%202007.pdf HTTP/1.1" 200 219989
20.191.45.212 - - [16/Oct/2023:06:56:43 -0500] "GET / HTTP/1.1" 200 4720
20.191.45.212 - - [16/Oct/2023:06:56:43 -0500] "GET /favicon.ico HTTP/1.1" 404 1220
172.22.2.4 - - [16/Oct/2023:06:56:29 -0500] "HEAD /BLA/boletinlegal/ HTTP/1.1" 200 -
216.244.66.195 - - [16/Oct/2023:06:58:48 -0500] "GET /BLA/resoluciones/AUTOS%202019/0659.pdf HTTP/1.1" 200 1017158
201.245.192.253 - - [16/Oct/2023:06:58:47 -0500] "POST /kwsrmcab/Wsrmcab  HTTP/1.1" 200 42851
172.22.2.4 - - [16/Oct/2023:06:57:20 -0500] "GET /BLA/boletinlegal/ HTTP/1.1" 200 57802
216.244.66.195 - - [16/Oct/2023:06:59:32 -0500] "GET /BLA/resoluciones/AUTOS%202019/1663.pdf HTTP/1.1" 200 690690
216.245.221.92 - - [16/Oct/2023:07:00:53 -0500] "HEAD / HTTP/1.1" 200 -
186.29.165.62 - - [16/Oct/2023:07:03:06 -0500] "GET /BLA/resoluciones/index.php?dir=AUTOS+2020%2F HTTP/1.1" 200 332687
186.29.165.62 - - [16/Oct/2023:07:03:37 -0500] "GET /BLA/resoluciones/AUTOS%202020/2300.pdf HTTP/1.1" 200 328225
201.245.192.253 - - [16/Oct/2023:07:03:47 -0500] "POST /kwsrmcab/Wsrmcab  HTTP/1.1" 200 42851
172.22.2.4 - - [16/Oct/2023:07:02:19 -0500] "HEAD /BLA/boletinlegal/ HTTP/1.1" 200 -
172.22.2.4 - - [16/Oct/2023:07:03:10 -0500] "GET /BLA/boletinlegal/ HTTP/1.1" 200 58155
216.245.221.92 - - [16/Oct/2023:07:05:53 -0500] "HEAD / HTTP/1.1" 200 -
52.167.144.182 - - [16/Oct/2023:07:08:35 -0500] "GET /BLA/resoluciones/RESOLUCIONES%202007/RES%202007%203201%20AL%203300/RESOLUCION%203286%20DE%202007.pdf HTTP/1.1" 200 586220
201.245.192.253 - - [16/Oct/2023:07:08:46 -0500] "POST /kwsrmcab/Wsrmcab  HTTP/1.1" 200 42851
40.77.167.45 - - [16/Oct/2023:07:08:58 -0500] "GET /portaldeninos/tag/humedales-de-bogota/ HTTP/1.1" 200 93936
172.22.2.4 - - [16/Oct/2023:07:08:09 -0500] "HEAD /BLA/boletinlegal/ HTTP/1.1" 200 -
172.22.2.4 - - [16/Oct/2023:07:09:00 -0500] "GET /BLA/boletinlegal/ HTTP/1.1" 200 59429
216.245.221.92 - - [16/Oct/2023:07:10:53 -0500] "HEAD / HTTP/1.1" 200 -
54.36.149.26 - - [16/Oct/2023:07:10:56 -0500] "GET /robots.txt HTTP/1.1" 404 1035
51.222.253.1 - - [16/Oct/2023:07:10:57 -0500] "GET /portaldeninos/ HTTP/1.1" 200 110175
51.222.253.18 - - [16/Oct/2023:07:11:00 -0500] "GET /portaldeninos/wp-content/uploads/2020/05/fb.jpg HTTP/1.1" 200 9893
51.222.253.2 - - [16/Oct/2023:07:11:00 -0500] "GET /portaldeninos/wp-content/uploads/2022/08/Infograf%C3%ADa-humedales-actualizada.png HTTP/1.1" 200 588022
51.222.253.10 - - [16/Oct/2023:07:11:03 -0500] "GET /portaldeninos/wp-content/plugins/gallery-videos/CSS/totalsoft.css?ver=4.9.8 HTTP/1.1" 200 40622
51.222.253.8 - - [16/Oct/2023:07:11:04 -0500] "GET /portaldeninos/wp-content/themes/betheme/js/menu.js?ver=20.9.6 HTTP/1.1" 200 2449
51.222.253.17 - - [16/Oct/2023:07:11:05 -0500] "GET /portaldeninos/wp-content/uploads/2018/11/caneca.jpg HTTP/1.1" 200 262661
51.222.253.6 - - [16/Oct/2023:07:11:07 -0500] "GET /portaldeninos/wp-content/themes/betheme/assets/animations/animations.min.css?ver=20.9.6 HTTP/1.1" 200 58508
51.222.253.3 - - [16/Oct/2023:07:11:08 -0500] "GET /portaldeninos/wp-includes/js/wp-embed.min.js?ver=4.9.8 HTTP/1.1" 200 1398
66.249.66.37 - - [16/Oct/2023:07:11:24 -0500] "GET /como-obtener-el-certificado-de-estado-de-conservacion-ambiental-ceca.html HTTP/1.1" 304 -
51.222.253.10 - - [16/Oct/2023:07:11:08 -0500] "GET /portaldeninos/wp-content/uploads/2022/08/HUmedalConejera03-1.jpg HTTP/1.1" 200 12388495
51.222.253.12 - - [16/Oct/2023:07:11:36 -0500] "GET /portaldeninos/wp-content/uploads/2020/01/Tierra-escenario.jpg HTTP/1.1" 200 181491
51.222.253.9 - - [16/Oct/2023:07:11:38 -0500] "GET /portaldeninos/wp-content/uploads/useanyfont/uaf.css?ver=1589905315 HTTP/1.1" 200 408
51.222.253.11 - - [16/Oct/2023:07:11:38 -0500] "GET /portaldeninos/wp-includes/js/jquery/ui/position.min.js?ver=1.11.4 HTTP/1.1" 200 6527
51.222.253.16 - - [16/Oct/2023:07:11:39 -0500] "GET /portaldeninos/wp-includes/js/jquery/ui/core.min.js?ver=1.11.4 HTTP/1.1" 200 4000
51.222.253.2 - - [16/Oct/2023:07:11:40 -0500] "GET /portaldeninos/wp-includes/js/jquery/ui/sortable.min.js?ver=1.11.4 HTTP/1.1" 200 24899
51.222.253.1 - - [16/Oct/2023:07:11:41 -0500] "GET /portaldeninos/wp-content/themes/betheme/css/responsive.css?ver=20.9.6 HTTP/1.1" 200 55740
51.222.253.20 - - [16/Oct/2023:07:11:42 -0500] "GET /portaldeninos/wp-content/uploads/2020/06/yt.jpg HTTP/1.1" 200 10577
51.222.253.4 - - [16/Oct/2023:07:11:43 -0500] "GET /portaldeninos/wp-content/uploads/2021/06/titulo-humedales-ni%C3%B1os.png HTTP/1.1" 200 13361
51.222.253.17 - - [16/Oct/2023:07:11:43 -0500] "GET /portaldeninos/wp-content/themes/betheme/css/shortcodes.css?ver=20.9.6 HTTP/1.1" 200 138889
51.222.253.20 - - [16/Oct/2023:07:11:45 -0500] "GET /portaldeninos/wp-content/plugins/popup-maker/assets/js/site.min.js?defer&ver=1.8.14 HTTP/1.1" 200 48457
51.222.253.17 - - [16/Oct/2023:07:11:45 -0500] "GET /portaldeninos/wp-content/themes/betheme/style.css?ver=20.9.6 HTTP/1.1" 200 287
51.222.253.20 - - [16/Oct/2023:07:11:46 -0500] "GET /portaldeninos/wp-content/themes/betheme/assets/ui/jquery.ui.all.css?ver=20.9.6 HTTP/1.1" 200 18765
51.222.253.17 - - [16/Oct/2023:07:11:47 -0500] "GET /portaldeninos/wp-content/themes/betheme/assets/jplayer/css/jplayer.blue.monday.css?ver=20.9.6 HTTP/1.1" 200 9834
51.222.253.17 - - [16/Oct/2023:07:11:47 -0500] "GET /portaldeninos/wp-content/uploads/2021/06/titulo-videos-ni%C3%B1os.png HTTP/1.1" 200 10502
51.222.253.9 - - [16/Oct/2023:07:11:48 -0500] "GET /portaldeninos/wp-content/uploads/2021/06/titulo-cabezote-ni%C3%B1os.png HTTP/1.1" 200 64425
51.222.253.12 - - [16/Oct/2023:07:11:49 -0500] "GET /portaldeninos/wp-content/plugins/google-analytics-for-wordpress/assets/js/frontend-gtag.min.js?ver=8.5.0 HTTP/1.1" 200 11801
51.222.253.20 - - [16/Oct/2023:07:11:50 -0500] "GET /portaldeninos/wp-content/plugins/gallery-videos/JS/Total-Soft-Gallery-Video-Widget.js?ver=4.9.8 HTTP/1.1" 200 80264
51.222.253.13 - - [16/Oct/2023:07:11:51 -0500] "GET /portaldeninos/wp-content/themes/betheme/js/scripts.js?ver=20.9.6 HTTP/1.1" 200 77162
51.222.253.17 - - [16/Oct/2023:07:11:52 -0500] "GET /portaldeninos/wp-includes/js/jquery/ui/mouse.min.js?ver=1.11.4 HTTP/1.1" 200 3148
51.222.253.11 - - [16/Oct/2023:07:11:53 -0500] "GET /portaldeninos/wp-content/plugins/gallery-videos/CSS/Total-Soft-Gallery-Video-Widget.css?ver=4.9.8 HTTP/1.1" 200 51554
51.222.253.9 - - [16/Oct/2023:07:11:54 -0500] "GET /portaldeninos/wp-content/uploads/2020/06/tw.jpg HTTP/1.1" 200 11056
51.222.253.19 - - [16/Oct/2023:07:11:54 -0500] "GET /portaldeninos/wp-content/uploads/2020/05/ig.jpg HTTP/1.1" 200 11470
51.222.253.8 - - [16/Oct/2023:07:11:55 -0500] "GET /portaldeninos/wp-content/themes/betheme/assets/animations/animations.min.js?ver=20.9.6 HTTP/1.1" 200 1896
51.222.253.6 - - [16/Oct/2023:07:11:55 -0500] "GET /portaldeninos/wp-content/uploads/2020/01/Frailejon-escenario.jpg HTTP/1.1" 200 357472
51.222.253.10 - - [16/Oct/2023:07:11:57 -0500] "GET /portaldeninos/wp-content/plugins/gallery-videos/JS/modernizr.custom.js?ver=4.9.8 HTTP/1.1" 200 9019
51.222.253.20 - - [16/Oct/2023:07:11:58 -0500] "GET /portaldeninos/wp-content/themes/betheme/css/layout.css?ver=20.9.6 HTTP/1.1" 200 116639
51.222.253.18 - - [16/Oct/2023:07:11:59 -0500] "GET /portaldeninos/wp-content/uploads/2018/10/oso.jpg HTTP/1.1" 200 305180
51.222.253.3 - - [16/Oct/2023:07:12:01 -0500] "GET /portaldeninos/wp-content/themes/betheme/js/plugins.js?ver=20.9.6 HTTP/1.1" 200 197151
51.222.253.11 - - [16/Oct/2023:07:12:02 -0500] "GET /portaldeninos/wp-content/uploads/2021/06/titulo-miambiente-ni%C3%B1os.png HTTP/1.1" 200 11944
51.222.253.13 - - [16/Oct/2023:07:12:03 -0500] "GET /portaldeninos/wp-content/uploads/2019/08/Logo-Ambientic.png HTTP/1.1" 200 22941
51.222.253.12 - - [16/Oct/2023:07:12:04 -0500] "GET /portaldeninos/wp-content/themes/betheme/assets/jplayer/jplayer.min.js?ver=20.9.6 HTTP/1.1" 200 52702
51.222.253.13 - - [16/Oct/2023:07:12:05 -0500] "GET /portaldeninos/wp-content/themes/betheme/css/base.css?ver=20.9.6 HTTP/1.1" 200 57283
51.222.253.19 - - [16/Oct/2023:07:12:06 -0500] "GET /portaldeninos/wp-includes/js/jquery/ui/widget.min.js?ver=1.11.4 HTTP/1.1" 200 6908
51.222.253.10 - - [16/Oct/2023:07:12:06 -0500] "GET /portaldeninos/wp-content/plugins/popup-maker/assets/css/site.min.css?ver=1.8.14 HTTP/1.1" 200 8260
51.222.253.5 - - [16/Oct/2023:07:12:07 -0500] "GET /portaldeninos/wp-includes/js/jquery/jquery-migrate.min.js?ver=1.4.1 HTTP/1.1" 200 10056
51.222.253.2 - - [16/Oct/2023:07:12:07 -0500] "GET /portaldeninos/wp-includes/js/jquery/jquery.js?ver=1.12.4 HTTP/1.1" 200 97184
51.222.253.7 - - [16/Oct/2023:07:12:09 -0500] "GET /portaldeninos/wp-content/uploads/2018/11/tigrillo.jpg HTTP/1.1" 200 402961
51.222.253.14 - - [16/Oct/2023:07:12:11 -0500] "GET /portaldeninos/wp-includes/js/jquery/ui/tabs.min.js?ver=1.11.4 HTTP/1.1" 200 12110
201.245.192.253 - - [16/Oct/2023:07:13:45 -0500] "POST /kwsrmcab/Wsrmcab  HTTP/1.1" 200 42851
114.119.136.208 - - [16/Oct/2023:07:15:10 -0500] "GET /BLA/resoluciones/index.php?dir=Notificaciones/AUTOS%2B2016/&sort=date&order=desc HTTP/1.1" 200 13943
172.22.2.4 - - [16/Oct/2023:07:13:59 -0500] "HEAD /BLA/boletinlegal/ HTTP/1.1" 200 -
216.245.221.92 - - [16/Oct/2023:07:15:53 -0500] "HEAD / HTTP/1.1" 200 -
172.22.2.4 - - [16/Oct/2023:07:14:50 -0500] "GET /BLA/boletinlegal/ HTTP/1.1" 200 60175
114.119.131.33 - - [16/Oct/2023:07:17:41 -0500] "GET /BLA/resoluciones/index.php?dir=AUTOS%2B2005/ HTTP/1.1" 200 13882
201.245.192.253 - - [16/Oct/2023:07:17:48 -0500] "POST /kwsrmcab/Wsrmcab HTTP/1.1" 200 40710
201.245.192.253 - - [16/Oct/2023:07:17:50 -0500] "POST /kwsrmcab/Wsrmcab HTTP/1.1" 200 40706
201.245.192.253 - - [16/Oct/2023:07:18:45 -0500] "POST /kwsrmcab/Wsrmcab  HTTP/1.1" 200 42851
207.46.13.155 - - [16/Oct/2023:07:18:47 -0500] "GET /Publicaciones/2023EE214957.pdf HTTP/1.1" 404 228
172.22.2.4 - - [16/Oct/2023:07:17:48 -0500] "GET /BLA/boletinlegal/ HTTP/1.1" 200 62374
172.22.2.4 - - [16/Oct/2023:07:19:31 -0500] "GET /BLA/boletinlegal/js/jquery.js HTTP/1.1" 200 57254
216.245.221.92 - - [16/Oct/2023:07:20:53 -0500] "HEAD / HTTP/1.1" 200 -
172.22.2.4 - - [16/Oct/2023:07:19:49 -0500] "HEAD /BLA/boletinlegal/ HTTP/1.1" 200 -
52.167.144.214 - - [16/Oct/2023:07:21:41 -0500] "GET /BLA/resoluciones/AUTOS%202022/1305.pdf HTTP/1.1" 304 -
172.22.2.4 - - [16/Oct/2023:07:20:40 -0500] "GET /BLA/boletinlegal/ HTTP/1.1" 200 55792
201.245.192.253 - - [16/Oct/2023:07:23:44 -0500] "POST /kwsrmcab/Wsrmcab  HTTP/1.1" 200 42851
40.77.167.28 - - [16/Oct/2023:07:23:58 -0500] "GET /inicio/humedal-la-conejera/ HTTP/1.1" 404 1049
40.77.167.43 - - [16/Oct/2023:07:24:49 -0500] "GET /calidad-del-aire-consulta-el-borrador-de-decreto-para-la-construccion-de-las-zonas-urbanas-por-un-mejor-aire-zuma.html HTTP/1.1" 200 981
52.167.144.214 - - [16/Oct/2023:07:25:52 -0500] "GET /Publicaciones/2023EE217447.pdf HTTP/1.1" 404 228
216.245.221.92 - - [16/Oct/2023:07:25:53 -0500] "HEAD / HTTP/1.1" 200 -
157.55.39.60 - - [16/Oct/2023:07:25:58 -0500] "GET /Publicaciones/2023EE220452.pdf HTTP/1.1" 404 228
157.55.39.60 - - [16/Oct/2023:07:25:58 -0500] "GET /Publicaciones/2023EE229964.pdf HTTP/1.1" 200 231961
52.167.144.16 - - [16/Oct/2023:07:26:45 -0500] "GET /BLA/resoluciones/index.php?dir=RESOLUCIONES+2015%2F HTTP/1.1" 200 130562
172.22.2.4 - - [16/Oct/2023:07:25:39 -0500] "HEAD /BLA/boletinlegal/ HTTP/1.1" 200 -
201.245.192.253 - - [16/Oct/2023:07:27:48 -0500] "POST /kwsrmcab/Wsrmcab HTTP/1.1" 200 40710
201.245.192.253 - - [16/Oct/2023:07:27:51 -0500] "POST /kwsrmcab/Wsrmcab HTTP/1.1" 200 40706
172.22.2.4 - - [16/Oct/2023:07:26:30 -0500] "GET /BLA/boletinlegal/ HTTP/1.1" 200 60175
172.22.2.4 - - [16/Oct/2023:07:28:41 -0500] "GET /BLA/boletinlegal/actos.php HTTP/1.1" 200 9682
201.245.192.253 - - [16/Oct/2023:07:28:43 -0500] "POST /kwsrmcab/Wsrmcab  HTTP/1.1" 200 42851
216.245.221.92 - - [16/Oct/2023:07:30:53 -0500] "HEAD / HTTP/1.1" 200 -
157.55.39.60 - - [16/Oct/2023:07:31:11 -0500] "GET /BLA/resoluciones/RESOLUCIONES%202007/RES%202007%203201%20AL%203300/RESOLUCION%203235%20DE%202007.pdf HTTP/1.1" 200 361215
162.55.171.138 - - [16/Oct/2023:07:31:51 -0500] "GET / HTTP/1.1" 200 319
162.55.171.138 - - [16/Oct/2023:07:31:53 -0500] "GET / HTTP/1.1" 200 4720
172.22.2.4 - - [16/Oct/2023:07:31:35 -0500] "GET /BLA/boletinlegal/ HTTP/1.1" 200 36811
172.22.2.4 - - [16/Oct/2023:07:31:29 -0500] "HEAD /BLA/boletinlegal/ HTTP/1.1" 200 -
216.244.66.195 - - [16/Oct/2023:07:33:37 -0500] "GET /robots.txt HTTP/1.1" 404 1018
201.245.192.253 - - [16/Oct/2023:07:33:42 -0500] "POST /kwsrmcab/Wsrmcab  HTTP/1.1" 200 42851
172.22.2.4 - - [16/Oct/2023:07:32:20 -0500] "GET /BLA/boletinlegal/ HTTP/1.1" 200 52900
52.167.144.216 - - [16/Oct/2023:07:34:24 -0500] "GET /BLA/resoluciones/RESOLUCIONES%202023/0502.pdf HTTP/1.1" 200 677663
57.135.247.117 - - [16/Oct/2023:07:35:39 -0500] "GET /BLA/resoluciones/ HTTP/1.1" 200 13696
57.135.247.117 - - [16/Oct/2023:07:35:40 -0500] "GET /BLA/resoluciones/dlf/styles.css HTTP/1.1" 200 3049
57.135.247.117 - - [16/Oct/2023:07:35:40 -0500] "GET /BLA/resoluciones/dlf/folder.png HTTP/1.1" 200 410
57.135.247.117 - - [16/Oct/2023:07:35:40 -0500] "GET /BLA/resoluciones/dlf/bg.gif HTTP/1.1" 200 54
216.245.221.92 - - [16/Oct/2023:07:35:53 -0500] "HEAD / HTTP/1.1" 200 -
168.119.253.69 - - [16/Oct/2023:07:35:57 -0500] "GET / HTTP/1.1" 200 319
168.119.253.69 - - [16/Oct/2023:07:35:57 -0500] "GET / HTTP/1.1" 200 4720
57.135.247.117 - - [16/Oct/2023:07:36:10 -0500] "GET /BLA/resoluciones/dlf/dirup.png HTTP/1.1" 200 644
57.135.247.117 - - [16/Oct/2023:07:36:10 -0500] "GET /BLA/resoluciones/dlf/pdf.gif HTTP/1.1" 200 272
57.135.247.117 - - [16/Oct/2023:07:36:10 -0500] "GET /BLA/resoluciones/index.php?dir=RESOLUCIONES+2022%2F HTTP/1.1" 200 321477
57.135.247.117 - - [16/Oct/2023:07:36:11 -0500] "GET /BLA/resoluciones/dlf/archive.png HTTP/1.1" 200 632
57.135.247.117 - - [16/Oct/2023:07:36:26 -0500] "GET /BLA/resoluciones/RESOLUCIONES%202022/2051.pdf HTTP/1.1" 200 412856
34.147.89.135 - - [16/Oct/2023:07:36:29 -0500] "GET /caminatas-ecologicas-un-plan-imperdible-para-octubre.html HTTP/1.1" 200 747
123.126.50.155 - - [16/Oct/2023:07:36:37 -0500] "GET / HTTP/1.1" 200 319
201.245.192.253 - - [16/Oct/2023:07:37:48 -0500] "POST /kwsrmcab/Wsrmcab HTTP/1.1" 200 40710
69.63.189.10 - - [16/Oct/2023:07:37:50 -0500] "GET /images/plantacion-humedal-la-conejera.jpg HTTP/1.1" 200 92644
201.245.192.253 - - [16/Oct/2023:07:37:50 -0500] "POST /kwsrmcab/Wsrmcab HTTP/1.1" 200 40706
40.77.167.44 - - [16/Oct/2023:07:37:54 -0500] "GET /sipse/faces/autenticacion.xhtml HTTP/1.1" 200 12725
69.63.189.116 - - [16/Oct/2023:07:37:58 -0500] "GET /images/Zuque%20(1)%20(1).jpeg HTTP/1.1" 200 66921
201.245.192.253 - - [16/Oct/2023:07:38:41 -0500] "POST /kwsrmcab/Wsrmcab  HTTP/1.1" 200 42851
172.22.2.4 - - [16/Oct/2023:07:37:19 -0500] "HEAD /BLA/boletinlegal/ HTTP/1.1" 200 -
40.77.167.27 - - [16/Oct/2023:07:39:26 -0500] "GET /portaldeninos/wp-content/uploads/2021/07/inforgrafia-agua-35x146.jpg HTTP/1.1" 200 3574
172.22.2.4 - - [16/Oct/2023:07:38:10 -0500] "GET /BLA/boletinlegal/ HTTP/1.1" 200 57802
216.245.221.92 - - [16/Oct/2023:07:40:53 -0500] "HEAD / HTTP/1.1" 200 -
52.167.144.221 - - [16/Oct/2023:07:41:23 -0500] "GET /portaldeninos/tag/abejas/ HTTP/1.1" 200 92876
52.167.144.221 - - [16/Oct/2023:07:42:21 -0500] "GET /portaldeninos/wp-content/plugins/gallery-videos/JS/Total-Soft-Gallery-Video-Widget.js?ver=4.9.8 HTTP/1.1" 200 80264
52.167.144.221 - - [16/Oct/2023:07:42:21 -0500] "GET /portaldeninos/wp-content/themes/betheme/assets/animations/animations.min.css?ver=20.9.6 HTTP/1.1" 200 58508
52.167.144.221 - - [16/Oct/2023:07:42:21 -0500] "GET /portaldeninos/wp-content/themes/betheme/js/menu.js?ver=20.9.6 HTTP/1.1" 200 2449
52.167.144.221 - - [16/Oct/2023:07:42:21 -0500] "GET /portaldeninos/wp-includes/js/jquery/ui/accordion.min.js?ver=1.11.4 HTTP/1.1" 200 8584
52.167.144.221 - - [16/Oct/2023:07:42:22 -0500] "GET /portaldeninos/wp-includes/js/jquery/ui/mouse.min.js?ver=1.11.4 HTTP/1.1" 200 3148
52.167.144.221 - - [16/Oct/2023:07:42:22 -0500] "GET /portaldeninos/wp-includes/js/jquery/ui/tabs.min.js?ver=1.11.4 HTTP/1.1" 200 12110
52.167.144.221 - - [16/Oct/2023:07:42:22 -0500] "GET /portaldeninos/wp-includes/js/jquery/ui/widget.min.js?ver=1.11.4 HTTP/1.1" 200 6908
52.167.144.221 - - [16/Oct/2023:07:42:22 -0500] "GET /portaldeninos/wp-includes/js/wp-embed.min.js?ver=4.9.8 HTTP/1.1" 200 1398
40.77.167.50 - - [16/Oct/2023:07:42:28 -0500] "GET /portaldeninos/wp-content/plugins/gallery-videos/CSS/totalsoft.css?ver=4.9.8 HTTP/1.1" 200 40622
40.77.167.50 - - [16/Oct/2023:07:42:28 -0500] "GET /portaldeninos/wp-content/plugins/gallery-videos/CSS/Total-Soft-Gallery-Video-Widget.css?ver=4.9.8 HTTP/1.1" 200 51554
40.77.167.50 - - [16/Oct/2023:07:42:29 -0500] "GET /portaldeninos/wp-content/plugins/gallery-videos/JS/modernizr.custom.js?ver=4.9.8 HTTP/1.1" 200 9019
