191.156.186.139 - - [16/Oct/2023:15:03:43 -0500] "GET /distrito-declara-alerta-preventiva-en-el-suroccidente-de-la-ciudad-por-mala-calidad-del-aire.html HTTP/1.1" 200 1065
191.156.186.139 - - [16/Oct/2023:15:03:43 -0500] "GET /images/calidaddeaire1.png HTTP/1.1" 200 158614
172.22.2.4 - - [16/Oct/2023:15:03:09 -0500] "GET /BLA/boletinlegal/ HTTP/1.1" 200 24523
186.86.168.121 - - [16/Oct/2023:15:03:52 -0500] "POST /appsia/controlador HTTP/1.1" 200 6670
186.86.168.121 - - [16/Oct/2023:15:03:54 -0500] "POST /appsia/controlador HTTP/1.1" 200 11796
172.22.2.4 - - [16/Oct/2023:15:03:55 -0500] "GET /BLA/boletinlegal/actos.php HTTP/1.1" 200 9682
172.22.2.4 - - [16/Oct/2023:15:03:55 -0500] "GET /BLA/boletinlegal/styles2.css HTTP/1.1" 200 1838
172.22.2.4 - - [16/Oct/2023:15:03:55 -0500] "GET /BLA/boletinlegal/js/ajax_actos.js HTTP/1.1" 200 1322
172.22.2.4 - - [16/Oct/2023:15:03:55 -0500] "GET /BLA/boletinlegal/niceforms-default.css HTTP/1.1" 200 6694
172.22.2.4 - - [16/Oct/2023:15:03:55 -0500] "GET /BLA/boletinlegal/style.css HTTP/1.1" 200 9406
172.22.2.4 - - [16/Oct/2023:15:03:55 -0500] "GET /BLA/boletinlegal/niceforms.js HTTP/1.1" 200 22876
172.22.2.4 - - [16/Oct/2023:15:03:55 -0500] "GET /BLA/boletinlegal/images/cabezote%20BLEGAL.jpg HTTP/1.1" 200 118164
172.22.2.4 - - [16/Oct/2023:15:03:55 -0500] "GET /BLA/boletinlegal/js/lib.js HTTP/1.1" 200 6474
172.22.2.4 - - [16/Oct/2023:15:03:55 -0500] "GET /BLA/boletinlegal/js/jquery1.js HTTP/1.1" 200 29846
172.22.2.4 - - [16/Oct/2023:15:03:55 -0500] "GET /BLA/boletinlegal/js/popup.js HTTP/1.1" 200 1270
172.22.2.4 - - [16/Oct/2023:15:03:55 -0500] "GET /BLA/boletinlegal/images/subscribe-icon-big.png HTTP/1.1" 200 47702
172.22.2.4 - - [16/Oct/2023:15:03:55 -0500] "GET /BLA/boletinlegal/images/historia.png HTTP/1.1" 200 52775
172.22.2.4 - - [16/Oct/2023:15:03:55 -0500] "GET /BLA/boletinlegal/images/registro-usuarios.png HTTP/1.1" 200 8106
172.22.2.4 - - [16/Oct/2023:15:03:55 -0500] "GET /BLA/boletinlegal/images/green-yellow-blue-pink-th.png HTTP/1.1" 200 7394
172.22.2.4 - - [16/Oct/2023:15:03:55 -0500] "GET /BLA/boletinlegal/images/tel.png HTTP/1.1" 200 14477
172.22.2.4 - - [16/Oct/2023:15:03:55 -0500] "GET /BLA/boletinlegal/images/icono-email.png HTTP/1.1" 200 5544
172.22.2.4 - - [16/Oct/2023:15:03:55 -0500] "GET /BLA/boletinlegal/images/body_bg.jpg HTTP/1.1" 200 1601
172.22.2.4 - - [16/Oct/2023:15:03:55 -0500] "GET /BLA/boletinlegal/images/menu_lft.gif HTTP/1.1" 200 1713
172.22.2.4 - - [16/Oct/2023:15:03:55 -0500] "GET /BLA/boletinlegal/images/menu_rght.gif HTTP/1.1" 200 1627
172.22.2.4 - - [16/Oct/2023:15:03:55 -0500] "GET /BLA/boletinlegal/images/bg_top.jpg HTTP/1.1" 200 522
172.22.2.4 - - [16/Oct/2023:15:03:55 -0500] "GET /BLA/boletinlegal/images/menu_bg.jpg HTTP/1.1" 200 620
172.22.2.4 - - [16/Oct/2023:15:03:55 -0500] "GET /BLA/boletinlegal/images/hover.jpg HTTP/1.1" 200 640
172.22.2.4 - - [16/Oct/2023:15:03:55 -0500] "GET /BLA/boletinlegal/images/text.jpg HTTP/1.1" 200 568
172.22.2.4 - - [16/Oct/2023:15:03:55 -0500] "GET /BLA/boletinlegal/images/footer_bg.jpg HTTP/1.1" 200 586
172.22.2.4 - - [16/Oct/2023:15:03:55 -0500] "GET /BLA/boletinlegal/images/footer_bg_l.jpg HTTP/1.1" 200 776
172.22.2.4 - - [16/Oct/2023:15:03:56 -0500] "GET /BLA/boletinlegal/img/0.png HTTP/1.1" 200 110
172.22.2.4 - - [16/Oct/2023:15:03:56 -0500] "GET /BLA/boletinlegal/img/select-left.png HTTP/1.1" 200 263
172.22.2.4 - - [16/Oct/2023:15:03:56 -0500] "GET /BLA/boletinlegal/img/select-right.png HTTP/1.1" 200 44019
172.22.2.4 - - [16/Oct/2023:15:03:56 -0500] "GET /BLA/boletinlegal/img/button-left.png HTTP/1.1" 200 57071
172.22.2.4 - - [16/Oct/2023:15:03:56 -0500] "GET /BLA/boletinlegal/img/button.png HTTP/1.1" 200 43241
172.22.2.4 - - [16/Oct/2023:15:03:56 -0500] "GET /BLA/boletinlegal/img/button-right.png HTTP/1.1" 200 57878
172.22.2.4 - - [16/Oct/2023:15:03:56 -0500] "GET /BLA/boletinlegal/favicon.ico HTTP/1.1" 404 1326
186.86.168.121 - - [16/Oct/2023:15:04:01 -0500] "POST /appsia/controlador HTTP/1.1" 200 7797
186.86.168.121 - - [16/Oct/2023:15:04:13 -0500] "POST /appsia/controlador HTTP/1.1" 200 6670
186.86.168.121 - - [16/Oct/2023:15:04:15 -0500] "POST /appsia/controlador HTTP/1.1" 200 10206
186.86.168.121 - - [16/Oct/2023:15:04:19 -0500] "POST /appsia/controlador HTTP/1.1" 200 7797
172.22.2.4 - - [16/Oct/2023:15:04:23 -0500] "GET /BLA/boletinlegal/consulta_actos.php?tipo=resoluciones&no=&usuario=&sector=&fecha=2021&resuelve=pread HTTP/1.1" 200 2180
172.22.2.4 - - [16/Oct/2023:15:04:23 -0500] "GET /BLA/boletinlegal/images/pdf.gif HTTP/1.1" 200 567
172.22.2.4 - - [16/Oct/2023:15:04:23 -0500] "GET /BLA/boletinlegal/images/background.gif HTTP/1.1" 200 -
186.86.168.121 - - [16/Oct/2023:15:04:28 -0500] "POST /appsia/controlador HTTP/1.1" 200 6670
186.86.168.121 - - [16/Oct/2023:15:04:30 -0500] "POST /appsia/controlador HTTP/1.1" 200 10947
186.84.120.147 - - [16/Oct/2023:15:04:30 -0500] "GET /BLA/resoluciones/RESOLUCIONES%202021/5481.pdf HTTP/1.1" 200 417701
186.84.120.147 - - [16/Oct/2023:15:04:30 -0500] "GET /favicon.ico HTTP/1.1" 200 7782
186.86.168.121 - - [16/Oct/2023:15:04:38 -0500] "POST /appsia/controlador HTTP/1.1" 200 7797
186.86.168.121 - - [16/Oct/2023:15:04:45 -0500] "POST /appsia/controlador HTTP/1.1" 200 6670
186.86.168.121 - - [16/Oct/2023:15:04:47 -0500] "POST /appsia/controlador HTTP/1.1" 200 10206
186.86.168.121 - - [16/Oct/2023:15:04:50 -0500] "POST /appsia/controlador HTTP/1.1" 200 7797
186.84.120.147 - - [16/Oct/2023:15:04:51 -0500] "GET /BLA/resoluciones/RESOLUCIONES%202021/0218.pdf HTTP/1.1" 200 444276
186.86.168.121 - - [16/Oct/2023:15:04:56 -0500] "POST /appsia/controlador HTTP/1.1" 200 6670
186.86.168.121 - - [16/Oct/2023:15:04:58 -0500] "POST /appsia/controlador HTTP/1.1" 200 10206
186.86.168.121 - - [16/Oct/2023:15:05:00 -0500] "POST /appsia/controlador HTTP/1.1" 200 7797
186.86.168.121 - - [16/Oct/2023:15:05:09 -0500] "POST /appsia/controlador HTTP/1.1" 200 6670
186.86.168.121 - - [16/Oct/2023:15:05:10 -0500] "POST /appsia/controlador HTTP/1.1" 200 10555
186.86.168.121 - - [16/Oct/2023:15:05:12 -0500] "POST /appsia/controlador HTTP/1.1" 200 7797
186.86.168.121 - - [16/Oct/2023:15:05:20 -0500] "POST /appsia/controlador HTTP/1.1" 200 6670
186.86.168.121 - - [16/Oct/2023:15:05:21 -0500] "POST /appsia/controlador HTTP/1.1" 200 10555
172.22.2.4 - - [16/Oct/2023:15:05:41 -0500] "GET /BLA/boletinlegal/robots.txt HTTP/1.1" 404 1038
216.245.221.92 - - [16/Oct/2023:15:05:52 -0500] "HEAD / HTTP/1.1" 200 -
186.86.168.121 - - [16/Oct/2023:15:06:24 -0500] "POST /appsia/controlador HTTP/1.1" 200 7797
186.86.168.121 - - [16/Oct/2023:15:06:31 -0500] "POST /appsia/controlador HTTP/1.1" 200 6670
186.86.168.121 - - [16/Oct/2023:15:06:33 -0500] "POST /appsia/controlador HTTP/1.1" 200 10947
51.222.253.15 - - [16/Oct/2023:15:06:55 -0500] "GET /galeria/galeria/jquery.fancybox.css?v=2.1.5 HTTP/1.1" 200 4895
51.222.253.18 - - [16/Oct/2023:15:06:56 -0500] "GET /galeria/galeria/jquery.fancybox.js?v=2.1.5 HTTP/1.1" 200 48706
66.249.66.38 - - [16/Oct/2023:15:07:13 -0500] "GET /mujeres-que-reverdecen-secretaria-de-ambiente-anuncia-el-inicio-de-la-tercera-fase.html HTTP/1.1" 200 954
201.245.192.253 - - [16/Oct/2023:15:07:12 -0500] "POST /kwsrmcab/Wsrmcab  HTTP/1.1" 200 42851
186.86.168.121 - - [16/Oct/2023:15:07:18 -0500] "POST /appsia/controlador HTTP/1.1" 200 7797
114.119.137.64 - - [16/Oct/2023:15:07:18 -0500] "GET /BLA/resoluciones/index.php?dir=RESOLUCIONES%2B2020/&sort=date&order=asc HTTP/1.1" 200 13903
172.22.2.4 - - [16/Oct/2023:15:05:43 -0500] "GET /BLA/boletinlegal/ HTTP/1.1" 200 62374
186.86.168.121 - - [16/Oct/2023:15:07:26 -0500] "POST /appsia/controlador HTTP/1.1" 200 6670
186.86.168.121 - - [16/Oct/2023:15:07:28 -0500] "POST /appsia/controlador HTTP/1.1" 200 12544
186.86.168.121 - - [16/Oct/2023:15:08:01 -0500] "POST /appsia/controlador HTTP/1.1" 200 7797
172.22.2.4 - - [16/Oct/2023:15:08:06 -0500] "GET /BLA/boletinlegal/Directivas/2011/Directiva%20No.%203%20del%2027%20de%20Mayo%20de%202011.pdf HTTP/1.1" 200 910420
186.86.168.121 - - [16/Oct/2023:15:08:13 -0500] "POST /appsia/controlador HTTP/1.1" 200 6670
186.86.168.121 - - [16/Oct/2023:15:08:15 -0500] "POST /appsia/controlador HTTP/1.1" 200 10947
186.86.168.121 - - [16/Oct/2023:15:08:30 -0500] "POST /appsia/controlador HTTP/1.1" 200 7797
114.119.150.154 - - [16/Oct/2023:15:08:30 -0500] "GET /BLA/resoluciones/index.php?dir=RESOLUCIONES%2B2002/&sort=date&order=desc HTTP/1.1" 200 13902
186.86.168.121 - - [16/Oct/2023:15:08:41 -0500] "POST /appsia/controlador HTTP/1.1" 200 6670
186.86.168.121 - - [16/Oct/2023:15:08:42 -0500] "POST /appsia/controlador HTTP/1.1" 200 10555
157.55.39.59 - - [16/Oct/2023:15:09:32 -0500] "GET /BLA/resoluciones/AUTOS%202023/1816.pdf HTTP/1.1" 200 400649
114.119.138.59 - - [16/Oct/2023:15:09:46 -0500] "GET /BLA/resoluciones/index.php?dir=RESOLUCIONES%2B1997/&sort=size&order=desc HTTP/1.1" 200 13902
172.22.2.4 - - [16/Oct/2023:15:09:51 -0500] "GET /BLA/boletinlegal/jurisprudencia.php HTTP/1.1" 200 17583
172.22.2.4 - - [16/Oct/2023:15:09:53 -0500] "GET /BLA/boletinlegal/documentos-importantes.php HTTP/1.1" 200 4829
172.22.2.4 - - [16/Oct/2023:15:09:55 -0500] "GET /BLA/boletinlegal/normativa.php HTTP/1.1" 200 8343
172.22.2.4 - - [16/Oct/2023:15:09:57 -0500] "GET /BLA/boletinlegal/doctrina.php HTTP/1.1" 200 5614
172.22.2.4 - - [16/Oct/2023:15:09:59 -0500] "GET /BLA/boletinlegal/conceptos.php HTTP/1.1" 200 7496
172.22.2.4 - - [16/Oct/2023:15:10:01 -0500] "GET /BLA/boletinlegal/sugerencias.php HTTP/1.1" 200 8615
172.22.2.4 - - [16/Oct/2023:15:10:03 -0500] "GET /BLA/boletinlegal/actos.php HTTP/1.1" 200 9682
172.22.2.4 - - [16/Oct/2023:15:09:10 -0500] "HEAD /BLA/boletinlegal/ HTTP/1.1" 200 -
216.245.221.92 - - [16/Oct/2023:15:10:52 -0500] "HEAD / HTTP/1.1" 200 -
114.119.130.240 - - [16/Oct/2023:15:11:23 -0500] "GET /BLA/resoluciones/index.php?dir=AUTOS%2B2018/&sort=name&order=desc HTTP/1.1" 200 13881
201.245.192.253 - - [16/Oct/2023:15:12:11 -0500] "POST /kwsrmcab/Wsrmcab  HTTP/1.1" 200 42851
66.249.66.164 - - [16/Oct/2023:15:12:25 -0500] "GET /portaldeninos/2021/06/20/mas-de-130-arboles-fueron-plantados-en-el-humedal-la-conejera-con-comunidad-educativa/feed/ HTTP/1.1" 200 1199
186.86.168.121 - - [16/Oct/2023:15:12:55 -0500] "POST /appsia/controlador HTTP/1.1" 200 7797
186.86.168.121 - - [16/Oct/2023:15:13:01 -0500] "POST /appsia/controlador HTTP/1.1" 200 6670
186.86.168.121 - - [16/Oct/2023:15:13:03 -0500] "POST /appsia/controlador HTTP/1.1" 200 11796
186.86.168.121 - - [16/Oct/2023:15:13:08 -0500] "POST /appsia/controlador HTTP/1.1" 200 7797
186.86.168.121 - - [16/Oct/2023:15:13:13 -0500] "POST /appsia/controlador HTTP/1.1" 200 6670
186.86.168.121 - - [16/Oct/2023:15:13:15 -0500] "POST /appsia/controlador HTTP/1.1" 200 10236
172.22.2.4 - - [16/Oct/2023:15:13:25 -0500] "GET /BLA/boletinlegal/consulta_actos.php?tipo=resoluciones&no=&usuario=&sector=&fecha=2023&resuelve=pread HTTP/1.1" 200 626
172.22.2.4 - - [16/Oct/2023:15:13:30 -0500] "GET /BLA/boletinlegal/consulta_actos.php?tipo=resoluciones&no=&usuario=&sector=&fecha=2023&resuelve=pread HTTP/1.1" 200 626
172.22.2.4 - - [16/Oct/2023:15:13:33 -0500] "GET /BLA/boletinlegal/consulta_actos.php?tipo=resoluciones&no=&usuario=&sector=&fecha=2022&resuelve=pread HTTP/1.1" 200 1186
186.84.120.147 - - [16/Oct/2023:15:13:34 -0500] "GET /BLA/resoluciones/RESOLUCIONES%202022/0313.pdf HTTP/1.1" 200 392814
172.22.2.4 - - [16/Oct/2023:15:13:50 -0500] "GET /BLA/boletinlegal/consulta_actos.php?tipo=resoluciones&no=&usuario=&sector=&fecha=2022&resuelve=pread HTTP/1.1" 200 1186
172.22.2.4 - - [16/Oct/2023:15:13:58 -0500] "GET /BLA/boletinlegal/consulta_actos.php?tipo=resoluciones&no=&usuario=&sector=&fecha=2023&resuelve=pread HTTP/1.1" 200 626
186.86.168.121 - - [16/Oct/2023:15:14:07 -0500] "POST /appsia/controlador HTTP/1.1" 200 3228
186.86.168.121 - - [16/Oct/2023:15:14:07 -0500] "GET /appsia/jscripts/validarSolicitud.js HTTP/1.1" 404 68
186.144.233.66 - - [16/Oct/2023:15:14:12 -0500] "GET /BLA/resoluciones/dlf/archive.png HTTP/1.1" 200 632
186.144.233.66 - - [16/Oct/2023:15:14:12 -0500] "GET /BLA/resoluciones/index.php?dir=AUTOS+2019%2F HTTP/1.1" 200 388964
186.144.233.66 - - [16/Oct/2023:15:14:17 -0500] "GET /BLA/resoluciones/AUTOS%202019/4229.pdf HTTP/1.1" 200 262797
172.22.2.4 - - [16/Oct/2023:15:14:54 -0500] "GET /BLA/boletinlegal/consulta_actos.php?tipo=resoluciones&no=0664&usuario=&sector=&fecha=2023&resuelve= HTTP/1.1" 200 626
172.22.2.4 - - [16/Oct/2023:15:14:55 -0500] "GET /BLA/boletinlegal/consulta_actos.php?tipo=resoluciones&no=0664&usuario=&sector=&fecha=2023&resuelve= HTTP/1.1" 200 626
172.22.2.4 - - [16/Oct/2023:15:14:56 -0500] "GET /BLA/boletinlegal/consulta_actos.php?tipo=resoluciones&no=0664&usuario=&sector=&fecha=2023&resuelve= HTTP/1.1" 200 626
34.34.34.58 - - [16/Oct/2023:15:15:18 -0500] "GET /caminatas-ecologicas-un-plan-imperdible-para-octubre.html HTTP/1.1" 200 747
172.22.2.4 - - [16/Oct/2023:15:15:18 -0500] "GET /BLA/boletinlegal/consulta_actos.php?tipo=resoluciones&no=&usuario=&sector=&fecha=2021&resuelve=pread HTTP/1.1" 200 2180
216.245.221.92 - - [16/Oct/2023:15:15:52 -0500] "HEAD / HTTP/1.1" 200 -
157.55.39.48 - - [16/Oct/2023:15:16:46 -0500] "GET /BLA/resoluciones/RESOLUCIONES%202023/0632.pdf HTTP/1.1" 200 458191
52.167.144.235 - - [16/Oct/2023:15:16:51 -0500] "GET /BLA/resoluciones/RESOLUCIONES%202007/RES%202007%203201%20AL%203300/RESOLUCION%203222%20%20DE%202007.pdf HTTP/1.1" 200 449300
201.245.192.253 - - [16/Oct/2023:15:17:11 -0500] "POST /kwsrmcab/Wsrmcab  HTTP/1.1" 200 42851
201.245.192.253 - - [16/Oct/2023:15:17:46 -0500] "POST /kwsrmcab/Wsrmcab HTTP/1.1" 200 40317
201.245.192.253 - - [16/Oct/2023:15:17:49 -0500] "POST /kwsrmcab/Wsrmcab HTTP/1.1" 200 41290
172.22.2.4 - - [16/Oct/2023:15:16:28 -0500] "HEAD /BLA/boletinlegal/ HTTP/1.1" 200 -
181.59.3.62 - - [16/Oct/2023:15:19:11 -0500] "GET /BLA/resoluciones/dlf/styles.css HTTP/1.1" 200 3049
181.59.3.62 - - [16/Oct/2023:15:19:12 -0500] "GET /BLA/resoluciones/dlf/dirup.png HTTP/1.1" 200 644
181.59.3.62 - - [16/Oct/2023:15:19:12 -0500] "GET /BLA/resoluciones/dlf/pdf.gif HTTP/1.1" 200 272
181.59.3.62 - - [16/Oct/2023:15:19:11 -0500] "GET /BLA/resoluciones/index.php?dir=AUTOS+2019%2F HTTP/1.1" 200 388964
181.59.3.62 - - [16/Oct/2023:15:19:14 -0500] "GET /BLA/resoluciones/dlf/archive.png HTTP/1.1" 200 632
186.28.132.97 - - [16/Oct/2023:15:19:22 -0500] "GET /BLA/resoluciones/AUTOS%202022/8628.pdf HTTP/1.1" 200 503405
201.245.192.253 - - [16/Oct/2023:15:22:09 -0500] "POST /kwsrmcab/Wsrmcab  HTTP/1.1" 200 42851
66.249.66.39 - - [16/Oct/2023:15:22:53 -0500] "GET /caminatas-ecologicas-un-plan-imperdible-para-octubre.html HTTP/1.1" 200 747
216.245.221.92 - - [16/Oct/2023:15:27:10 -0500] "HEAD / HTTP/1.1" 200 -
201.245.192.253 - - [16/Oct/2023:15:27:08 -0500] "POST /kwsrmcab/Wsrmcab  HTTP/1.1" 200 42851
20.120.134.42 - - [16/Oct/2023:15:27:27 -0500] "GET /Publicaciones/2023EE214957.pdf HTTP/1.1" 404 228
201.245.192.253 - - [16/Oct/2023:15:27:46 -0500] "POST /kwsrmcab/Wsrmcab HTTP/1.1" 200 40317
201.245.192.253 - - [16/Oct/2023:15:27:49 -0500] "POST /kwsrmcab/Wsrmcab HTTP/1.1" 200 41290
147.160.184.125 - - [16/Oct/2023:15:30:34 -0500] "GET /galeria/galeria/fotos/Capellania4P.jpg HTTP/1.1" 200 37377
66.249.77.8 - - [16/Oct/2023:15:31:21 -0500] "GET /Publicaciones/2022EE237290.pdf HTTP/1.1" 404 228
114.119.154.39 - - [16/Oct/2023:15:31:38 -0500] "GET /BLA/resoluciones/index.php?dir=AUTOS%2B2023/&sort=size&order=asc HTTP/1.1" 200 13882
216.245.221.92 - - [16/Oct/2023:15:32:09 -0500] "HEAD / HTTP/1.1" 200 -
201.245.192.253 - - [16/Oct/2023:15:32:08 -0500] "POST /kwsrmcab/Wsrmcab  HTTP/1.1" 200 42851
66.249.66.39 - - [16/Oct/2023:15:33:25 -0500] "GET /en-bosa-distrito-inicio-la-consolidacion-de-las-zonas-urbanas-por-un-mejor-aire.html HTTP/1.1" 304 -
66.249.66.39 - - [16/Oct/2023:15:33:29 -0500] "GET /los-tramites-y-servicios-que-ofrece-la-secretaria-de-ambiente-de-bogota.html HTTP/1.1" 304 -
172.22.2.4 - - [16/Oct/2023:15:33:02 -0500] "GET /BLA/boletinlegal/ HTTP/1.1" 200 62374
157.55.39.60 - - [16/Oct/2023:15:36:14 -0500] "GET /BLA/resoluciones/RESOLUCIONES%202023/1386.pdf HTTP/1.1" 200 471186
186.155.121.116 - - [16/Oct/2023:15:36:51 -0500] "GET /sipse/faces/index.xhtml HTTP/1.1" 200 677
186.155.121.116 - - [16/Oct/2023:15:36:51 -0500] "GET /sipse/faces/javax.faces.resource/theme.css?ln=primefaces-sipse HTTP/1.1" 304 -
186.155.121.116 - - [16/Oct/2023:15:36:51 -0500] "GET /sipse/faces/faces/autenticacion.xhtml HTTP/1.1" 200 12403
186.155.121.116 - - [16/Oct/2023:15:36:51 -0500] "GET /sipse/js/funciones.js HTTP/1.1" 304 -
186.155.121.116 - - [16/Oct/2023:15:36:51 -0500] "GET /sipse/css/custom_css_sg.css HTTP/1.1" 304 -
186.155.121.116 - - [16/Oct/2023:15:36:51 -0500] "GET /sipse/css/custom_css_sg_prime_login.css HTTP/1.1" 304 -
186.155.121.116 - - [16/Oct/2023:15:36:51 -0500] "GET /sipse/faces/javax.faces.resource/theme.css?ln=primefaces-sipse HTTP/1.1" 304 -
186.155.121.116 - - [16/Oct/2023:15:36:51 -0500] "GET /sipse/faces/javax.faces.resource/layout/layout.css?ln=primefaces&v=4.0 HTTP/1.1" 304 -
186.155.121.116 - - [16/Oct/2023:15:36:51 -0500] "GET /sipse/faces/javax.faces.resource/jquery/jquery.js?ln=primefaces&v=4.0 HTTP/1.1" 304 -
186.155.121.116 - - [16/Oct/2023:15:36:52 -0500] "GET /sipse/faces/javax.faces.resource/primefaces.css?ln=primefaces&v=4.0 HTTP/1.1" 304 -
186.155.121.116 - - [16/Oct/2023:15:36:52 -0500] "GET /sipse/faces/javax.faces.resource/jquery/jquery-plugins.js?ln=primefaces&v=4.0 HTTP/1.1" 304 -
186.155.121.116 - - [16/Oct/2023:15:36:52 -0500] "GET /sipse/faces/javax.faces.resource/primefaces.js?ln=primefaces&v=4.0 HTTP/1.1" 304 -
186.155.121.116 - - [16/Oct/2023:15:36:52 -0500] "GET /sipse/faces/javax.faces.resource/layout/layout.js?ln=primefaces&v=4.0 HTTP/1.1" 304 -
186.155.121.116 - - [16/Oct/2023:15:36:52 -0500] "GET /sipse/js/disable_browser_buttons.js HTTP/1.1" 304 -
186.155.121.116 - - [16/Oct/2023:15:36:52 -0500] "GET /sipse/css/imagen/logoSDG.png HTTP/1.1" 304 -
186.155.121.116 - - [16/Oct/2023:15:36:52 -0500] "GET /sipse/css/imagen/loginimg.png HTTP/1.1" 304 -
186.155.121.116 - - [16/Oct/2023:15:36:52 -0500] "GET /sipse/faces/javax.faces.resource/images/ui-icons_898989_256x240.png?ln=primefaces-aristo HTTP/1.1" 304 -
172.22.2.4 - - [16/Oct/2023:15:36:57 -0500] "GET /BLA/boletinlegal/Circulares/2019/.pdf HTTP/1.1" 404 1218
172.22.2.4 - - [16/Oct/2023:15:37:06 -0500] "GET /BLA/boletinlegal/Circulares/2012/Circular%20No.%2010%20del%2026%20de%20Enero%20de%202012.pdf HTTP/1.1" 404 1218
186.155.121.116 - - [16/Oct/2023:15:37:08 -0500] "POST /sipse/faces/autenticacion.xhtml HTTP/1.1" 200 2220
186.155.121.116 - - [16/Oct/2023:15:37:08 -0500] "GET /sipse/faces/javax.faces.resource/messages/messages.png?ln=primefaces&v=4.0 HTTP/1.1" 304 -
201.245.192.253 - - [16/Oct/2023:15:37:06 -0500] "POST /kwsrmcab/Wsrmcab  HTTP/1.1" 200 42851
172.22.2.4 - - [16/Oct/2023:15:37:08 -0500] "GET /BLA/boletinlegal/Circulares/023%09/CIRCULAR%20No.%2000010%20DEL%2010%20DE%20OCTUBRE%20DEL%202023%09.pdf HTTP/1.1" 403 1026
216.245.221.92 - - [16/Oct/2023:15:37:09 -0500] "HEAD / HTTP/1.1" 200 -
186.155.121.116 - - [16/Oct/2023:15:37:09 -0500] "POST /sipse/faces/autenticacion.xhtml HTTP/1.1" 200 16460
186.155.121.116 - - [16/Oct/2023:15:37:10 -0500] "GET /sipse/css/custom_css_sg_prime.css HTTP/1.1" 304 -
186.155.121.116 - - [16/Oct/2023:15:37:10 -0500] "GET /sipse/faces/javax.faces.resource/theme.css?ln=primefaces-sipse HTTP/1.1" 304 -
186.155.121.116 - - [16/Oct/2023:15:37:10 -0500] "GET /sipse/faces/javax.faces.resource/primefaces.css?ln=primefaces&v=4.0 HTTP/1.1" 304 -
186.155.121.116 - - [16/Oct/2023:15:37:10 -0500] "GET /sipse/faces/javax.faces.resource/layout/layout.css?ln=primefaces&v=4.0 HTTP/1.1" 304 -
186.155.121.116 - - [16/Oct/2023:15:37:10 -0500] "GET /sipse/js/jquery.min.js HTTP/1.1" 304 -
186.155.121.116 - - [16/Oct/2023:15:37:10 -0500] "GET /sipse/faces/javax.faces.resource/jquery/jquery.js?ln=primefaces&v=4.0 HTTP/1.1" 304 -
186.155.121.116 - - [16/Oct/2023:15:37:10 -0500] "GET /sipse/faces/javax.faces.resource/jquery/jquery-plugins.js?ln=primefaces&v=4.0 HTTP/1.1" 304 -
186.155.121.116 - - [16/Oct/2023:15:37:10 -0500] "GET /sipse/faces/javax.faces.resource/primefaces.js?ln=primefaces&v=4.0 HTTP/1.1" 304 -
186.155.121.116 - - [16/Oct/2023:15:37:10 -0500] "GET /sipse/faces/javax.faces.resource/layout/layout.js?ln=primefaces&v=4.0 HTTP/1.1" 304 -
172.22.2.4 - - [16/Oct/2023:15:37:10 -0500] "GET /BLA/boletinlegal/Circulares/023%09/CIRCULAR%20No.%2000009%20DEL%2010%20DE%20OCTUBRE%20DEL%202023%09.pdf HTTP/1.1" 403 1026
186.155.121.116 - - [16/Oct/2023:15:37:10 -0500] "GET /sipse/css/v_mergente.css HTTP/1.1" 304 -
186.155.121.116 - - [16/Oct/2023:15:37:10 -0500] "GET /sipse/imagenes/cargando.gif HTTP/1.1" 304 -
186.155.121.116 - - [16/Oct/2023:15:37:10 -0500] "GET /sipse/imagenes/logoAplicacion.jpg HTTP/1.1" 304 -
186.155.121.116 - - [16/Oct/2023:15:37:10 -0500] "GET /sipse/css/imagen/contrasena.png HTTP/1.1" 404 383
172.22.2.4 - - [16/Oct/2023:15:37:13 -0500] "GET /BLA/boletinlegal/Circulares/023%09/CIRCULAR%20No.%2000010%20DEL%2010%20DE%20OCTUBRE%20DEL%202023%09.pdf HTTP/1.1" 403 1026
186.155.121.116 - - [16/Oct/2023:15:37:14 -0500] "GET /sipse/faces/javax.faces.resource/images/ui-bg_flat_0_2d5972_40x100.png?ln=primefaces-aristo HTTP/1.1" 304 -
186.155.121.116 - - [16/Oct/2023:15:37:14 -0500] "POST /sipse/faces/bienvenido.xhtml HTTP/1.1" 200 9852
186.155.121.116 - - [16/Oct/2023:15:37:16 -0500] "POST /sipse/faces/bienvenido.xhtml HTTP/1.1" 200 2048
172.22.2.4 - - [16/Oct/2023:15:37:17 -0500] "GET /BLA/boletinlegal/Circulares/023%09/CIRCULAR%20No.%2000009%20DEL%2010%20DE%20OCTUBRE%20DEL%202023%09.pdf HTTP/1.1" 403 1026
172.22.2.4 - - [16/Oct/2023:15:35:58 -0500] "GET /BLA/boletinlegal/ HTTP/1.1" 200 49099
172.22.2.4 - - [16/Oct/2023:15:37:22 -0500] "GET /BLA/boletinlegal/Circulares/023%09/CIRCULAR%20No.%2000010%20DEL%2010%20DE%20OCTUBRE%20DEL%202023%09.pdf HTTP/1.1" 403 1026
172.22.2.4 - - [16/Oct/2023:15:37:24 -0500] "GET /BLA/boletinlegal/Circulares/023%09/CIRCULAR%20No.%2000009%20DEL%2010%20DE%20OCTUBRE%20DEL%202023%09.pdf HTTP/1.1" 403 1026
186.155.121.116 - - [16/Oct/2023:15:37:26 -0500] "POST /sipse/faces/bienvenido.xhtml HTTP/1.1" 200 2055
172.22.2.4 - - [16/Oct/2023:15:37:27 -0500] "GET /BLA/boletinlegal/Circulares/023%09/CIRCULAR%20No.%2000010%20DEL%2010%20DE%20OCTUBRE%20DEL%202023%09.pdf HTTP/1.1" 403 1026
172.22.2.4 - - [16/Oct/2023:15:37:29 -0500] "GET /BLA/boletinlegal/Circulares/023%09/CIRCULAR%20No.%2000009%20DEL%2010%20DE%20OCTUBRE%20DEL%202023%09.pdf HTTP/1.1" 403 1026
186.155.121.116 - - [16/Oct/2023:15:37:31 -0500] "POST /sipse/faces/bienvenido.xhtml HTTP/1.1" 200 2658
172.22.2.4 - - [16/Oct/2023:15:37:32 -0500] "GET /BLA/boletinlegal/Circulares/023%09/CIRCULAR%20No.%2000010%20DEL%2010%20DE%20OCTUBRE%20DEL%202023%09.pdf HTTP/1.1" 403 1026
186.155.121.116 - - [16/Oct/2023:15:37:33 -0500] "POST /sipse/faces/bienvenido.xhtml HTTP/1.1" 200 2073
172.22.2.4 - - [16/Oct/2023:15:37:34 -0500] "GET /BLA/boletinlegal/Circulares/023%09/CIRCULAR%20No.%2000009%20DEL%2010%20DE%20OCTUBRE%20DEL%202023%09.pdf HTTP/1.1" 403 1026
186.155.121.116 - - [16/Oct/2023:15:37:36 -0500] "POST /sipse/faces/bienvenido.xhtml HTTP/1.1" 200 43152
186.155.121.116 - - [16/Oct/2023:15:37:37 -0500] "GET /sipse/faces/javax.faces.resource/theme.css?ln=primefaces-sipse HTTP/1.1" 304 -
186.155.121.116 - - [16/Oct/2023:15:37:37 -0500] "GET /sipse/faces/javax.faces.resource/primefaces.css?ln=primefaces&v=4.0 HTTP/1.1" 304 -
186.155.121.116 - - [16/Oct/2023:15:37:37 -0500] "GET /sipse/faces/javax.faces.resource/layout/layout.css?ln=primefaces&v=4.0 HTTP/1.1" 304 -
186.155.121.116 - - [16/Oct/2023:15:37:37 -0500] "GET /sipse/faces/javax.faces.resource/jquery/jquery.js?ln=primefaces&v=4.0 HTTP/1.1" 304 -
186.155.121.116 - - [16/Oct/2023:15:37:37 -0500] "GET /sipse/faces/javax.faces.resource/jquery/jquery-plugins.js?ln=primefaces&v=4.0 HTTP/1.1" 304 -
186.155.121.116 - - [16/Oct/2023:15:37:37 -0500] "GET /sipse/faces/javax.faces.resource/primefaces.js?ln=primefaces&v=4.0 HTTP/1.1" 304 -
186.155.121.116 - - [16/Oct/2023:15:37:37 -0500] "GET /sipse/faces/javax.faces.resource/layout/layout.js?ln=primefaces&v=4.0 HTTP/1.1" 304 -
172.22.2.4 - - [16/Oct/2023:15:36:46 -0500] "GET /BLA/boletinlegal/ HTTP/1.1" 200 36811
186.155.121.116 - - [16/Oct/2023:15:37:45 -0500] "POST /sipse/faces/presentacion/financiero/solicitudProceso/consultar.xhtml HTTP/1.1" 200 30618
186.155.121.116 - - [16/Oct/2023:15:37:45 -0500] "GET /sipse/faces/javax.faces.resource/theme.css?ln=primefaces-sipse HTTP/1.1" 304 -
186.155.121.116 - - [16/Oct/2023:15:37:45 -0500] "GET /sipse/faces/javax.faces.resource/primefaces.css?ln=primefaces&v=4.0 HTTP/1.1" 304 -
186.155.121.116 - - [16/Oct/2023:15:37:45 -0500] "GET /sipse/faces/javax.faces.resource/layout/layout.css?ln=primefaces&v=4.0 HTTP/1.1" 304 -
186.155.121.116 - - [16/Oct/2023:15:37:45 -0500] "GET /sipse/faces/javax.faces.resource/jquery/jquery.js?ln=primefaces&v=4.0 HTTP/1.1" 304 -
186.155.121.116 - - [16/Oct/2023:15:37:45 -0500] "GET /sipse/faces/javax.faces.resource/jquery/jquery-plugins.js?ln=primefaces&v=4.0 HTTP/1.1" 304 -
186.155.121.116 - - [16/Oct/2023:15:37:45 -0500] "GET /sipse/faces/javax.faces.resource/primefaces.js?ln=primefaces&v=4.0 HTTP/1.1" 304 -
186.155.121.116 - - [16/Oct/2023:15:37:45 -0500] "GET /sipse/faces/javax.faces.resource/layout/layout.js?ln=primefaces&v=4.0 HTTP/1.1" 304 -
186.155.121.116 - - [16/Oct/2023:15:37:45 -0500] "POST /sipse/faces/presentacion/contratacion/contratista/listarContratista.xhtml HTTP/1.1" 200 23900
186.155.121.116 - - [16/Oct/2023:15:37:47 -0500] "POST /sipse/faces/presentacion/contratacion/contratista/listarContratista.xhtml HTTP/1.1" 200 36730
186.155.121.116 - - [16/Oct/2023:15:37:48 -0500] "GET /sipse/faces/javax.faces.resource/theme.css?ln=primefaces-sipse HTTP/1.1" 304 -
186.155.121.116 - - [16/Oct/2023:15:37:48 -0500] "GET /sipse/faces/javax.faces.resource/primefaces.css?ln=primefaces&v=4.0 HTTP/1.1" 304 -
186.155.121.116 - - [16/Oct/2023:15:37:48 -0500] "GET /sipse/faces/javax.faces.resource/layout/layout.css?ln=primefaces&v=4.0 HTTP/1.1" 304 -
186.155.121.116 - - [16/Oct/2023:15:37:48 -0500] "GET /sipse/faces/javax.faces.resource/jquery/jquery.js?ln=primefaces&v=4.0 HTTP/1.1" 304 -
186.155.121.116 - - [16/Oct/2023:15:37:48 -0500] "GET /sipse/faces/javax.faces.resource/jquery/jquery-plugins.js?ln=primefaces&v=4.0 HTTP/1.1" 304 -
186.155.121.116 - - [16/Oct/2023:15:37:48 -0500] "GET /sipse/faces/javax.faces.resource/primefaces.js?ln=primefaces&v=4.0 HTTP/1.1" 304 -
201.245.192.253 - - [16/Oct/2023:15:37:46 -0500] "POST /kwsrmcab/Wsrmcab HTTP/1.1" 200 40317
186.155.121.116 - - [16/Oct/2023:15:37:48 -0500] "GET /sipse/faces/javax.faces.resource/layout/layout.js?ln=primefaces&v=4.0 HTTP/1.1" 304 -
186.155.121.116 - - [16/Oct/2023:15:37:48 -0500] "POST /sipse/faces/presentacion/contratacion/contrato/listarContrato.xhtml HTTP/1.1" 200 30024
186.155.121.116 - - [16/Oct/2023:15:37:49 -0500] "POST /sipse/faces/presentacion/contratacion/contrato/listarContrato.xhtml HTTP/1.1" 200 30024
201.245.192.253 - - [16/Oct/2023:15:37:49 -0500] "POST /kwsrmcab/Wsrmcab HTTP/1.1" 200 41290
186.155.121.116 - - [16/Oct/2023:15:37:50 -0500] "POST /sipse/faces/presentacion/contratacion/contrato/listarContrato.xhtml HTTP/1.1" 200 70603
186.155.121.116 - - [16/Oct/2023:15:37:58 -0500] "GET /sipse/faces/javax.faces.resource/theme.css?ln=primefaces-sipse HTTP/1.1" 304 -
186.155.121.116 - - [16/Oct/2023:15:37:58 -0500] "GET /sipse/faces/javax.faces.resource/primefaces.css?ln=primefaces&v=4.0 HTTP/1.1" 304 -
186.155.121.116 - - [16/Oct/2023:15:37:58 -0500] "GET /sipse/faces/javax.faces.resource/layout/layout.css?ln=primefaces&v=4.0 HTTP/1.1" 304 -
186.155.121.116 - - [16/Oct/2023:15:37:58 -0500] "GET /sipse/faces/javax.faces.resource/jquery/jquery.js?ln=primefaces&v=4.0 HTTP/1.1" 304 -
186.155.121.116 - - [16/Oct/2023:15:37:58 -0500] "GET /sipse/faces/javax.faces.resource/jquery/jquery-plugins.js?ln=primefaces&v=4.0 HTTP/1.1" 304 -
186.155.121.116 - - [16/Oct/2023:15:37:58 -0500] "GET /sipse/faces/javax.faces.resource/primefaces.js?ln=primefaces&v=4.0 HTTP/1.1" 304 -
186.155.121.116 - - [16/Oct/2023:15:37:58 -0500] "GET /sipse/faces/javax.faces.resource/layout/layout.js?ln=primefaces&v=4.0 HTTP/1.1" 304 -
186.155.121.116 - - [16/Oct/2023:15:37:58 -0500] "POST /sipse/faces/presentacion/proyectos/proyecto/listarConsultarProyectos.xhtml HTTP/1.1" 200 63883
186.155.121.116 - - [16/Oct/2023:15:37:59 -0500] "POST /sipse/faces/presentacion/proyectos/proyecto/listarConsultarProyectos.xhtml HTTP/1.1" 200 63883
186.155.121.116 - - [16/Oct/2023:15:37:59 -0500] "POST /sipse/faces/presentacion/proyectos/proyecto/listarConsultarProyectos.xhtml HTTP/1.1" 200 63883
186.155.121.116 - - [16/Oct/2023:15:38:15 -0500] "POST /sipse/faces/presentacion/proyectos/proyecto/listarConsultarProyectos.xhtml HTTP/1.1" 200 56985
186.155.121.116 - - [16/Oct/2023:15:38:15 -0500] "GET /sipse/faces/javax.faces.resource/theme.css?ln=primefaces-sipse HTTP/1.1" 304 -
186.155.121.116 - - [16/Oct/2023:15:38:15 -0500] "GET /sipse/faces/javax.faces.resource/primefaces.css?ln=primefaces&v=4.0 HTTP/1.1" 304 -
186.155.121.116 - - [16/Oct/2023:15:38:15 -0500] "GET /sipse/faces/javax.faces.resource/layout/layout.css?ln=primefaces&v=4.0 HTTP/1.1" 304 -
186.155.121.116 - - [16/Oct/2023:15:38:15 -0500] "GET /sipse/faces/javax.faces.resource/jquery/jquery.js?ln=primefaces&v=4.0 HTTP/1.1" 304 -
186.155.121.116 - - [16/Oct/2023:15:38:16 -0500] "GET /sipse/faces/javax.faces.resource/jquery/jquery-plugins.js?ln=primefaces&v=4.0 HTTP/1.1" 304 -
186.155.121.116 - - [16/Oct/2023:15:38:16 -0500] "GET /sipse/faces/javax.faces.resource/primefaces.js?ln=primefaces&v=4.0 HTTP/1.1" 304 -
186.155.121.116 - - [16/Oct/2023:15:38:16 -0500] "GET /sipse/faces/javax.faces.resource/layout/layout.js?ln=primefaces&v=4.0 HTTP/1.1" 304 -
186.155.121.116 - - [16/Oct/2023:15:38:16 -0500] "POST /sipse/faces/presentacion/financiero/solicitudProceso/solicitudProcesoOtrosPagos.xhtml HTTP/1.1" 200 50243
186.155.121.116 - - [16/Oct/2023:15:38:16 -0500] "POST /sipse/faces/presentacion/financiero/solicitudProceso/solicitudProcesoOtrosPagos.xhtml HTTP/1.1" 200 50243
186.155.121.116 - - [16/Oct/2023:15:38:17 -0500] "POST /sipse/faces/presentacion/financiero/solicitudProceso/solicitudProcesoOtrosPagos.xhtml HTTP/1.1" 200 50243
186.155.121.116 - - [16/Oct/2023:15:38:17 -0500] "POST /sipse/faces/presentacion/financiero/solicitudProceso/solicitudProcesoOtrosPagos.xhtml HTTP/1.1" 200 50243
172.22.2.4 - - [16/Oct/2023:15:38:17 -0500] "GET /BLA/boletinlegal/.env HTTP/1.1" 404 1018
172.22.2.4 - - [16/Oct/2023:15:38:18 -0500] "GET /BLA/boletinlegal/jurisprudencia/analisis/G__Jurisp.%20Junio%202014_Sent%20Tutela%20Drumond.docx HTTP/1.1" 200 25380
186.155.121.116 - - [16/Oct/2023:15:38:20 -0500] "POST /sipse/faces/presentacion/financiero/solicitudProceso/solicitudProcesoOtrosPagos.xhtml HTTP/1.1" 200 43152
186.155.121.116 - - [16/Oct/2023:15:38:21 -0500] "GET /sipse/faces/javax.faces.resource/primefaces.css?ln=primefaces&v=4.0 HTTP/1.1" 304 -
186.155.121.116 - - [16/Oct/2023:15:38:21 -0500] "GET /sipse/faces/javax.faces.resource/theme.css?ln=primefaces-sipse HTTP/1.1" 304 -
186.155.121.116 - - [16/Oct/2023:15:38:21 -0500] "GET /sipse/faces/javax.faces.resource/layout/layout.css?ln=primefaces&v=4.0 HTTP/1.1" 304 -
186.155.121.116 - - [16/Oct/2023:15:38:21 -0500] "GET /sipse/faces/javax.faces.resource/jquery/jquery.js?ln=primefaces&v=4.0 HTTP/1.1" 304 -
186.155.121.116 - - [16/Oct/2023:15:38:21 -0500] "GET /sipse/faces/javax.faces.resource/jquery/jquery-plugins.js?ln=primefaces&v=4.0 HTTP/1.1" 304 -
186.155.121.116 - - [16/Oct/2023:15:38:21 -0500] "GET /sipse/faces/javax.faces.resource/primefaces.js?ln=primefaces&v=4.0 HTTP/1.1" 304 -
186.155.121.116 - - [16/Oct/2023:15:38:21 -0500] "GET /sipse/faces/javax.faces.resource/layout/layout.js?ln=primefaces&v=4.0 HTTP/1.1" 304 -
186.155.121.116 - - [16/Oct/2023:15:38:21 -0500] "POST /sipse/faces/presentacion/financiero/solicitudProceso/consultar.xhtml HTTP/1.1" 200 36444
186.155.121.116 - - [16/Oct/2023:15:38:22 -0500] "POST /sipse/faces/presentacion/financiero/solicitudProceso/consultar.xhtml HTTP/1.1" 200 36444
186.155.121.116 - - [16/Oct/2023:15:38:22 -0500] "POST /sipse/faces/presentacion/financiero/solicitudProceso/consultar.xhtml HTTP/1.1" 200 36444
186.155.121.116 - - [16/Oct/2023:15:38:22 -0500] "POST /sipse/faces/presentacion/financiero/solicitudProceso/consultar.xhtml HTTP/1.1" 200 36444
186.155.121.116 - - [16/Oct/2023:15:38:23 -0500] "POST /sipse/faces/presentacion/financiero/solicitudProceso/consultar.xhtml HTTP/1.1" 200 36444
172.22.2.4 - - [16/Oct/2023:15:38:18 -0500] "POST /BLA/boletinlegal/ HTTP/1.1" 200 24523
186.155.121.116 - - [16/Oct/2023:15:39:06 -0500] "POST /sipse/faces/presentacion/financiero/solicitudProceso/consultar.xhtml HTTP/1.1" 200 9841
186.155.121.116 - - [16/Oct/2023:15:39:28 -0500] "POST /sipse/faces/presentacion/financiero/solicitudProceso/consultar.xhtml HTTP/1.1" 200 39202
186.155.121.116 - - [16/Oct/2023:15:39:49 -0500] "POST /sipse/faces/presentacion/financiero/solicitudProceso/consultar.xhtml HTTP/1.1" 200 143285
186.155.121.116 - - [16/Oct/2023:15:39:49 -0500] "GET /sipse/faces/javax.faces.resource/theme.css?ln=primefaces-sipse HTTP/1.1" 304 -
186.155.121.116 - - [16/Oct/2023:15:39:49 -0500] "GET /sipse/faces/javax.faces.resource/primefaces.css?ln=primefaces&v=4.0 HTTP/1.1" 304 -
186.155.121.116 - - [16/Oct/2023:15:39:49 -0500] "GET /sipse/faces/javax.faces.resource/layout/layout.css?ln=primefaces&v=4.0 HTTP/1.1" 304 -
186.155.121.116 - - [16/Oct/2023:15:39:49 -0500] "GET /sipse/faces/javax.faces.resource/jquery/jquery.js?ln=primefaces&v=4.0 HTTP/1.1" 304 -
186.155.121.116 - - [16/Oct/2023:15:39:50 -0500] "GET /sipse/faces/javax.faces.resource/jquery/jquery-plugins.js?ln=primefaces&v=4.0 HTTP/1.1" 304 -
186.155.121.116 - - [16/Oct/2023:15:39:50 -0500] "GET /sipse/faces/javax.faces.resource/primefaces.js?ln=primefaces&v=4.0 HTTP/1.1" 304 -
186.155.121.116 - - [16/Oct/2023:15:39:50 -0500] "GET /sipse/faces/javax.faces.resource/layout/layout.js?ln=primefaces&v=4.0 HTTP/1.1" 304 -
186.155.121.116 - - [16/Oct/2023:15:39:50 -0500] "GET /sipse/faces/javax.faces.resource/dynamiccontent.properties?ln=primefaces&pfdrid=XjOR5%2F%2FfPAZAuY9TpWQeCiM0BhlXxYRBGKi%2FQcXXfeA%3D&pfdrid_c=false HTTP/1.1" 500 383
173.252.95.118 - - [16/Oct/2023:15:40:07 -0500] "GET /si-eres-mujer-y-te-gusta-el-cuidado-de-los-humedales-este-proceso-de-formacion-es-para-ti.html HTTP/1.1" 200 1025
186.155.121.116 - - [16/Oct/2023:15:40:22 -0500] "POST /sipse/faces/presentacion/financiero/solicitudProceso/consultarSolicitudProceso.xhtml HTTP/1.1" 200 148111
186.155.121.116 - - [16/Oct/2023:15:40:26 -0500] "POST /sipse/faces/presentacion/financiero/solicitudProceso/consultarSolicitudProceso.xhtml HTTP/1.1" 200 972084
186.155.121.116 - - [16/Oct/2023:15:40:28 -0500] "POST /sipse/faces/presentacion/financiero/solicitudProceso/consultarSolicitudProceso.xhtml HTTP/1.1" 200 4792661
186.155.121.116 - - [16/Oct/2023:15:40:31 -0500] "POST /sipse/faces/presentacion/financiero/solicitudProceso/consultarSolicitudProceso.xhtml HTTP/1.1" 200 1519544
186.155.121.116 - - [16/Oct/2023:15:40:32 -0500] "POST /sipse/faces/presentacion/financiero/solicitudProceso/consultarSolicitudProceso.xhtml HTTP/1.1" 200 198588
186.155.121.116 - - [16/Oct/2023:15:40:35 -0500] "POST /sipse/faces/presentacion/financiero/solicitudProceso/consultarSolicitudProceso.xhtml HTTP/1.1" 200 529448
186.155.121.116 - - [16/Oct/2023:15:40:38 -0500] "POST /sipse/faces/presentacion/financiero/solicitudProceso/consultarSolicitudProceso.xhtml HTTP/1.1" 200 331454
186.155.121.116 - - [16/Oct/2023:15:40:45 -0500] "POST /sipse/faces/presentacion/financiero/solicitudProceso/consultarSolicitudProceso.xhtml HTTP/1.1" 200 367679
186.155.121.116 - - [16/Oct/2023:15:40:48 -0500] "POST /sipse/faces/presentacion/financiero/solicitudProceso/consultarSolicitudProceso.xhtml HTTP/1.1" 200 152745
201.245.192.253 - - [16/Oct/2023:15:42:05 -0500] "POST /kwsrmcab/Wsrmcab  HTTP/1.1" 200 42851
172.22.2.4 - - [16/Oct/2023:15:45:51 -0500] "GET /BLA/boletinlegal/docs/manual/ubicacion/ HTTP/1.1" 404 1037
172.22.2.4 - - [16/Oct/2023:15:45:53 -0500] "GET /BLA/boletinlegal/Directivas/2019/Directiva%20No.%200001%20del%2011%20de%20junio%20de%202019.pdf HTTP/1.1" 304 -
172.22.2.4 - - [16/Oct/2023:15:46:27 -0500] "GET /BLA/boletinlegal/Circulares/2018/Circular%20No.%2010%20del%2021%20de%20Septiembre%20de%202018.pdf HTTP/1.1" 304 -
201.245.192.253 - - [16/Oct/2023:15:47:04 -0500] "POST /kwsrmcab/Wsrmcab  HTTP/1.1" 200 42851
69.171.249.14 - - [16/Oct/2023:15:47:10 -0500] "GET /images/simulacro.jpg HTTP/1.1" 200 70588
172.22.2.4 - - [16/Oct/2023:15:48:47 -0500] "GET /BLA/boletinlegal/dns-query?dns=8BgBAAABAAAAAAAABmdvb2dsZQNjb20AAAEAAQ HTTP/1.1" 406 -
201.245.192.253 - - [16/Oct/2023:15:52:04 -0500] "POST /kwsrmcab/Wsrmcab  HTTP/1.1" 200 42851
216.245.221.92 - - [16/Oct/2023:15:52:09 -0500] "HEAD / HTTP/1.1" 200 -
172.22.2.4 - - [16/Oct/2023:15:55:02 -0500] "GET /BLA/boletinlegal/images/screen_2.png HTTP/1.1" 200 362502
172.22.2.4 - - [16/Oct/2023:15:55:02 -0500] "GET /BLA/boletinlegal/images/screen_5.png HTTP/1.1" 200 368876
172.22.2.4 - - [16/Oct/2023:15:55:02 -0500] "GET /BLA/boletinlegal/images/arr_r.jpg HTTP/1.1" 200 1998
172.22.2.4 - - [16/Oct/2023:15:55:02 -0500] "GET /BLA/boletinlegal/images/screen_3.png HTTP/1.1" 200 210620
172.22.2.4 - - [16/Oct/2023:15:56:01 -0500] "GET /BLA/boletinlegal/actos.php HTTP/1.1" 200 9682
172.22.2.4 - - [16/Oct/2023:15:56:26 -0500] "GET /BLA/boletinlegal/consulta_actos.php?tipo=autos&no=&usuario=&sector=&fecha=2023&resuelve=LEVANTAMIENTO HTTP/1.1" 200 626
172.22.2.4 - - [16/Oct/2023:15:56:31 -0500] "GET /BLA/boletinlegal/consulta_actos.php?tipo=resoluciones&no=&usuario=&sector=&fecha=2023&resuelve=LEVANTAMIENTO HTTP/1.1" 200 626
172.22.2.4 - - [16/Oct/2023:15:54:54 -0500] "GET /BLA/boletinlegal/ HTTP/1.1" 200 61387
172.22.2.4 - - [16/Oct/2023:15:56:37 -0500] "GET /BLA/boletinlegal/consulta_actos.php?tipo=resoluciones&no=&usuario=&sector=&fecha=2023&resuelve=MEDIDA HTTP/1.1" 200 1079
172.22.2.4 - - [16/Oct/2023:15:56:48 -0500] "GET /BLA/boletinlegal/consulta_actos.php?tipo=resoluciones&no=&usuario=&sector=VERTIMIENTOS&fecha=2023&resuelve=MEDIDA HTTP/1.1" 200 626
172.22.2.4 - - [16/Oct/2023:15:56:53 -0500] "GET /BLA/boletinlegal/consulta_actos.php?tipo=resoluciones&no=&usuario=&sector=VERTIMIENTOS&fecha=2022&resuelve=MEDIDA HTTP/1.1" 200 626
172.22.2.4 - - [16/Oct/2023:15:56:54 -0500] "GET /BLA/boletinlegal/consulta_actos.php?tipo=resoluciones&no=&usuario=&sector=VERTIMIENTOS&fecha=2022&resuelve=MEDIDA HTTP/1.1" 200 626
172.22.2.4 - - [16/Oct/2023:15:56:55 -0500] "GET /BLA/boletinlegal/consulta_actos.php?tipo=resoluciones&no=&usuario=&sector=VERTIMIENTOS&fecha=2022&resuelve=MEDIDA HTTP/1.1" 200 626
172.22.2.4 - - [16/Oct/2023:15:56:58 -0500] "GET /BLA/boletinlegal/consulta_actos.php?tipo=resoluciones&no=&usuario=&sector=VERTIMIENTOS&fecha=2021&resuelve=MEDIDA HTTP/1.1" 200 1119
186.84.90.231 - - [16/Oct/2023:15:57:02 -0500] "GET /BLA/resoluciones/RESOLUCIONES%202021/0448.pdf HTTP/1.1" 200 558342
201.245.192.253 - - [16/Oct/2023:15:57:02 -0500] "POST /kwsrmcab/Wsrmcab  HTTP/1.1" 200 42851
40.77.167.32 - - [16/Oct/2023:15:57:21 -0500] "GET /BLA/resoluciones/RESOLUCIONES%202007/RES%202007%203201%20AL%203300/RESOLUCION%203274%20DE%202007.pdf HTTP/1.1" 200 871823
186.155.121.116 - - [16/Oct/2023:15:57:37 -0500] "GET /sipse/faces/index.xhtml HTTP/1.1" 200 677
186.155.121.116 - - [16/Oct/2023:15:57:37 -0500] "GET /sipse/faces/javax.faces.resource/theme.css?ln=primefaces-sipse HTTP/1.1" 304 -
186.155.121.116 - - [16/Oct/2023:15:57:38 -0500] "GET /sipse/faces/faces/autenticacion.xhtml HTTP/1.1" 200 12412
186.155.121.116 - - [16/Oct/2023:15:57:38 -0500] "GET /sipse/faces/javax.faces.resource/theme.css?ln=primefaces-sipse HTTP/1.1" 304 -
186.155.121.116 - - [16/Oct/2023:15:57:38 -0500] "GET /sipse/faces/javax.faces.resource/primefaces.css?ln=primefaces&v=4.0 HTTP/1.1" 304 -
186.155.121.116 - - [16/Oct/2023:15:57:38 -0500] "GET /sipse/faces/javax.faces.resource/layout/layout.css?ln=primefaces&v=4.0 HTTP/1.1" 304 -
186.155.121.116 - - [16/Oct/2023:15:57:38 -0500] "GET /sipse/faces/javax.faces.resource/jquery/jquery.js?ln=primefaces&v=4.0 HTTP/1.1" 304 -
186.155.121.116 - - [16/Oct/2023:15:57:38 -0500] "GET /sipse/faces/javax.faces.resource/jquery/jquery-plugins.js?ln=primefaces&v=4.0 HTTP/1.1" 304 -
186.155.121.116 - - [16/Oct/2023:15:57:38 -0500] "GET /sipse/faces/javax.faces.resource/primefaces.js?ln=primefaces&v=4.0 HTTP/1.1" 304 -
186.155.121.116 - - [16/Oct/2023:15:57:38 -0500] "GET /sipse/faces/javax.faces.resource/layout/layout.js?ln=primefaces&v=4.0 HTTP/1.1" 304 -
186.155.121.116 - - [16/Oct/2023:15:57:38 -0500] "GET /sipse/faces/javax.faces.resource/images/ui-icons_898989_256x240.png?ln=primefaces-aristo HTTP/1.1" 304 -
186.155.121.116 - - [16/Oct/2023:15:57:56 -0500] "POST /sipse/faces/presentacion/financiero/solicitudProceso/consultarSolicitudProceso.xhtml HTTP/1.1" 200 38501
186.155.121.116 - - [16/Oct/2023:15:57:56 -0500] "GET /sipse/faces/javax.faces.resource/theme.css?ln=primefaces-sipse HTTP/1.1" 304 -
186.155.121.116 - - [16/Oct/2023:15:57:56 -0500] "GET /sipse/faces/javax.faces.resource/primefaces.css?ln=primefaces&v=4.0 HTTP/1.1" 304 -
186.155.121.116 - - [16/Oct/2023:15:57:56 -0500] "GET /sipse/faces/javax.faces.resource/layout/layout.css?ln=primefaces&v=4.0 HTTP/1.1" 304 -
186.155.121.116 - - [16/Oct/2023:15:57:56 -0500] "GET /sipse/faces/javax.faces.resource/jquery/jquery.js?ln=primefaces&v=4.0 HTTP/1.1" 304 -
186.155.121.116 - - [16/Oct/2023:15:57:56 -0500] "GET /sipse/faces/javax.faces.resource/jquery/jquery-plugins.js?ln=primefaces&v=4.0 HTTP/1.1" 304 -
186.155.121.116 - - [16/Oct/2023:15:57:56 -0500] "GET /sipse/faces/javax.faces.resource/primefaces.js?ln=primefaces&v=4.0 HTTP/1.1" 304 -
186.155.121.116 - - [16/Oct/2023:15:57:56 -0500] "GET /sipse/faces/javax.faces.resource/layout/layout.js?ln=primefaces&v=4.0 HTTP/1.1" 304 -
186.155.121.116 - - [16/Oct/2023:15:57:56 -0500] "GET /sipse/css/imagen/contrasena.png HTTP/1.1" 404 383
186.155.121.116 - - [16/Oct/2023:15:57:56 -0500] "GET /sipse/faces/javax.faces.resource/images/ui-icons_898989_256x240.png?ln=primefaces-aristo HTTP/1.1" 304 -
186.155.121.116 - - [16/Oct/2023:15:58:20 -0500] "GET /sipse/faces/javax.faces.resource/images/ui-bg_flat_0_2d5972_40x100.png?ln=primefaces-aristo HTTP/1.1" 304 -
186.155.121.116 - - [16/Oct/2023:15:58:20 -0500] "POST /sipse/faces/presentacion/financiero/solicitudProceso/consultarHistorialSolProceso.xhtml HTTP/1.1" 200 72668
186.155.121.116 - - [16/Oct/2023:15:58:20 -0500] "GET /sipse/faces/javax.faces.resource/theme.css?ln=primefaces-sipse HTTP/1.1" 304 -
186.155.121.116 - - [16/Oct/2023:15:58:20 -0500] "GET /sipse/faces/javax.faces.resource/primefaces.css?ln=primefaces&v=4.0 HTTP/1.1" 304 -
186.155.121.116 - - [16/Oct/2023:15:58:20 -0500] "GET /sipse/faces/javax.faces.resource/layout/layout.css?ln=primefaces&v=4.0 HTTP/1.1" 304 -
186.155.121.116 - - [16/Oct/2023:15:58:20 -0500] "GET /sipse/faces/javax.faces.resource/jquery/jquery.js?ln=primefaces&v=4.0 HTTP/1.1" 304 -
186.155.121.116 - - [16/Oct/2023:15:58:20 -0500] "GET /sipse/faces/javax.faces.resource/jquery/jquery-plugins.js?ln=primefaces&v=4.0 HTTP/1.1" 304 -
186.155.121.116 - - [16/Oct/2023:15:58:21 -0500] "GET /sipse/faces/javax.faces.resource/primefaces.js?ln=primefaces&v=4.0 HTTP/1.1" 304 -
186.155.121.116 - - [16/Oct/2023:15:58:21 -0500] "GET /sipse/faces/javax.faces.resource/layout/layout.js?ln=primefaces&v=4.0 HTTP/1.1" 304 -
114.119.130.136 - - [16/Oct/2023:15:58:21 -0500] "GET /portalsiaccapacitaciones/Soportes%20Capacitaciones%202017/Solucin%20ejercicio.xlsx HTTP/1.1" 404 1272
186.155.121.116 - - [16/Oct/2023:15:58:48 -0500] "POST /sipse/faces/presentacion/financiero/solicitudProceso/consultar.xhtml HTTP/1.1" 200 39198
173.252.95.3 - - [16/Oct/2023:15:58:54 -0500] "GET /chulo-o-gallinazo-un-carronero-que-cumple-un-papel-fundamental-en-los-ecosistemas.html HTTP/1.1" 200 784
186.155.121.116 - - [16/Oct/2023:15:59:13 -0500] "POST /sipse/faces/presentacion/financiero/solicitudProceso/consultar.xhtml HTTP/1.1" 200 19221
186.155.121.116 - - [16/Oct/2023:15:59:26 -0500] "POST /sipse/faces/presentacion/financiero/solicitudProceso/consultar.xhtml HTTP/1.1" 200 16503
186.155.121.116 - - [16/Oct/2023:15:59:34 -0500] "POST /sipse/faces/presentacion/financiero/solicitudProceso/consultar.xhtml HTTP/1.1" 200 4998
186.155.121.116 - - [16/Oct/2023:15:59:40 -0500] "POST /sipse/faces/presentacion/financiero/solicitudProceso/consultar.xhtml HTTP/1.1" 200 19225
186.155.121.116 - - [16/Oct/2023:16:00:04 -0500] "POST /sipse/faces/presentacion/financiero/solicitudProceso/consultar.xhtml HTTP/1.1" 200 29858
186.155.121.116 - - [16/Oct/2023:16:00:16 -0500] "POST /sipse/faces/presentacion/financiero/solicitudProceso/consultar.xhtml HTTP/1.1" 200 143285
186.155.121.116 - - [16/Oct/2023:16:00:17 -0500] "GET /sipse/faces/javax.faces.resource/theme.css?ln=primefaces-sipse HTTP/1.1" 304 -
186.155.121.116 - - [16/Oct/2023:16:00:17 -0500] "GET /sipse/faces/javax.faces.resource/primefaces.css?ln=primefaces&v=4.0 HTTP/1.1" 304 -
186.155.121.116 - - [16/Oct/2023:16:00:17 -0500] "GET /sipse/faces/javax.faces.resource/layout/layout.css?ln=primefaces&v=4.0 HTTP/1.1" 304 -
186.155.121.116 - - [16/Oct/2023:16:00:17 -0500] "GET /sipse/faces/javax.faces.resource/jquery/jquery.js?ln=primefaces&v=4.0 HTTP/1.1" 304 -
186.155.121.116 - - [16/Oct/2023:16:00:17 -0500] "GET /sipse/faces/javax.faces.resource/jquery/jquery-plugins.js?ln=primefaces&v=4.0 HTTP/1.1" 304 -
186.155.121.116 - - [16/Oct/2023:16:00:17 -0500] "GET /sipse/faces/javax.faces.resource/primefaces.js?ln=primefaces&v=4.0 HTTP/1.1" 304 -
186.155.121.116 - - [16/Oct/2023:16:00:17 -0500] "GET /sipse/faces/javax.faces.resource/layout/layout.js?ln=primefaces&v=4.0 HTTP/1.1" 304 -
186.155.121.116 - - [16/Oct/2023:16:00:17 -0500] "GET /sipse/faces/javax.faces.resource/dynamiccontent.properties?ln=primefaces&pfdrid=XjOR5%2F%2FfPAZAuY9TpWQeCiM0BhlXxYRBGKi%2FQcXXfeA%3D&pfdrid_c=false HTTP/1.1" 500 383
186.155.121.116 - - [16/Oct/2023:16:00:56 -0500] "POST /sipse/faces/presentacion/financiero/solicitudProceso/consultarSolicitudProceso.xhtml HTTP/1.1" 200 370260
186.155.121.116 - - [16/Oct/2023:16:01:41 -0500] "POST /sipse/faces/presentacion/financiero/solicitudProceso/consultarSolicitudProceso.xhtml HTTP/1.1" 200 148111
186.155.121.116 - - [16/Oct/2023:16:01:55 -0500] "POST /sipse/faces/presentacion/financiero/solicitudProceso/consultarSolicitudProceso.xhtml HTTP/1.1" 200 972084
201.245.192.253 - - [16/Oct/2023:16:02:01 -0500] "POST /kwsrmcab/Wsrmcab  HTTP/1.1" 200 42851
172.22.2.4 - - [16/Oct/2023:16:01:00 -0500] "HEAD /BLA/boletinlegal/ HTTP/1.1" 200 -
216.245.221.92 - - [16/Oct/2023:16:04:00 -0500] "HEAD / HTTP/1.1" 200 -
172.22.2.4 - - [16/Oct/2023:16:02:35 -0500] "GET /BLA/boletinlegal/ HTTP/1.1" 200 61524
66.249.77.9 - - [16/Oct/2023:16:04:48 -0500] "GET /Publicaciones/2022EE232792.pdf HTTP/1.1" 404 228
40.77.167.53 - - [16/Oct/2023:16:04:53 -0500] "GET /Publicaciones/2023EE217175.pdf HTTP/1.1" 404 228
201.245.192.253 - - [16/Oct/2023:16:07:00 -0500] "POST /kwsrmcab/Wsrmcab  HTTP/1.1" 200 42851
173.252.95.2 - - [16/Oct/2023:16:07:41 -0500] "GET /reciclaton-empresarial-2023-como-inscribirse-a-la-primera-jornada-del-ano.html HTTP/1.1" 200 705
173.252.95.11 - - [16/Oct/2023:16:08:02 -0500] "GET /dale-una-nueva-oportunidad-a-tu-ropa-usada-se-trasladan-dos-puntos-para-llevarla.html HTTP/1.1" 200 913
186.155.121.116 - - [16/Oct/2023:16:08:22 -0500] "GET /sipse/faces/index.xhtml HTTP/1.1" 200 677
186.155.121.116 - - [16/Oct/2023:16:08:23 -0500] "GET /sipse/faces/javax.faces.resource/theme.css?ln=primefaces-sipse HTTP/1.1" 304 -
186.155.121.116 - - [16/Oct/2023:16:08:23 -0500] "GET /sipse/faces/faces/autenticacion.xhtml HTTP/1.1" 200 12412
186.155.121.116 - - [16/Oct/2023:16:08:23 -0500] "GET /sipse/faces/javax.faces.resource/theme.css?ln=primefaces-sipse HTTP/1.1" 304 -
186.155.121.116 - - [16/Oct/2023:16:08:23 -0500] "GET /sipse/faces/javax.faces.resource/primefaces.css?ln=primefaces&v=4.0 HTTP/1.1" 304 -
186.155.121.116 - - [16/Oct/2023:16:08:23 -0500] "GET /sipse/faces/javax.faces.resource/jquery/jquery.js?ln=primefaces&v=4.0 HTTP/1.1" 304 -
186.155.121.116 - - [16/Oct/2023:16:08:23 -0500] "GET /sipse/faces/javax.faces.resource/layout/layout.css?ln=primefaces&v=4.0 HTTP/1.1" 304 -
186.155.121.116 - - [16/Oct/2023:16:08:23 -0500] "GET /sipse/faces/javax.faces.resource/jquery/jquery-plugins.js?ln=primefaces&v=4.0 HTTP/1.1" 304 -
186.155.121.116 - - [16/Oct/2023:16:08:23 -0500] "GET /sipse/faces/javax.faces.resource/primefaces.js?ln=primefaces&v=4.0 HTTP/1.1" 304 -
186.155.121.116 - - [16/Oct/2023:16:08:23 -0500] "GET /sipse/faces/javax.faces.resource/layout/layout.js?ln=primefaces&v=4.0 HTTP/1.1" 304 -
186.155.121.116 - - [16/Oct/2023:16:08:23 -0500] "GET /sipse/faces/javax.faces.resource/images/ui-icons_898989_256x240.png?ln=primefaces-aristo HTTP/1.1" 304 -
172.22.2.4 - - [16/Oct/2023:16:08:25 -0500] "GET /BLA/boletinlegal/jurisprudencia/analisis/AnalisisT-606-15.docx HTTP/1.1" 200 26698
172.22.2.4 - - [16/Oct/2023:16:08:26 -0500] "GET /BLA/boletinlegal/apple-touch-icon-120x120-precomposed.png HTTP/1.1" 404 1140
172.22.2.4 - - [16/Oct/2023:16:08:26 -0500] "GET /BLA/boletinlegal/apple-touch-icon-120x120.png HTTP/1.1" 404 1140
172.22.2.4 - - [16/Oct/2023:16:08:26 -0500] "GET /BLA/boletinlegal/apple-touch-icon-precomposed.png HTTP/1.1" 404 1140
172.22.2.4 - - [16/Oct/2023:16:08:26 -0500] "GET /BLA/boletinlegal/apple-touch-icon.png HTTP/1.1" 404 1140
172.22.2.4 - - [16/Oct/2023:16:08:26 -0500] "GET /BLA/boletinlegal/favicon.ico HTTP/1.1" 404 1140
172.22.2.4 - - [16/Oct/2023:16:08:26 -0500] "GET /BLA/boletinlegal/apple-touch-icon-120x120-precomposed.png HTTP/1.1" 404 1140
