201.245.192.253 - - [17/Oct/2023:12:24:52 -0500] "GET /sipse/faces/javax.faces.resource/primefaces.js?ln=primefaces&v=4.0 HTTP/1.1" 304 -
201.245.192.253 - - [17/Oct/2023:12:24:52 -0500] "GET /sipse/faces/javax.faces.resource/layout/layout.js?ln=primefaces&v=4.0 HTTP/1.1" 304 -
201.245.192.253 - - [17/Oct/2023:12:24:52 -0500] "POST /sipse/faces/presentacion/financiero/solicitudProceso/listarSolicitudProceso.xhtml HTTP/1.1" 200 1420
201.245.192.253 - - [17/Oct/2023:12:24:53 -0500] "POST /sipse/faces/presentacion/financiero/solicitudProceso/listarSolicitudProceso.xhtml HTTP/1.1" 200 184
201.245.192.253 - - [17/Oct/2023:12:24:54 -0500] "POST /sipse/faces/presentacion/financiero/solicitudProceso/listarSolicitudProceso.xhtml HTTP/1.1" 200 184
201.245.192.253 - - [17/Oct/2023:12:24:54 -0500] "GET /sipse/faces/presentacion/financiero/solicitudAnulacion/solicitudAnulacion.xhtml HTTP/1.1" 200 33694
201.245.192.253 - - [17/Oct/2023:12:24:54 -0500] "GET /sipse/faces/presentacion/financiero/solicitudAnulacion/solicitudAnulacion.xhtml HTTP/1.1" 200 33694
201.245.192.253 - - [17/Oct/2023:12:24:54 -0500] "GET /sipse/faces/javax.faces.resource/theme.css?ln=primefaces-sipse HTTP/1.1" 304 -
201.245.192.253 - - [17/Oct/2023:12:24:54 -0500] "GET /sipse/faces/javax.faces.resource/primefaces.css?ln=primefaces&v=4.0 HTTP/1.1" 304 -
201.245.192.253 - - [17/Oct/2023:12:24:54 -0500] "GET /sipse/faces/javax.faces.resource/jquery/jquery.js?ln=primefaces&v=4.0 HTTP/1.1" 304 -
201.245.192.253 - - [17/Oct/2023:12:24:54 -0500] "GET /sipse/faces/javax.faces.resource/jquery/jquery-plugins.js?ln=primefaces&v=4.0 HTTP/1.1" 304 -
201.245.192.253 - - [17/Oct/2023:12:24:54 -0500] "GET /sipse/faces/javax.faces.resource/layout/layout.css?ln=primefaces&v=4.0 HTTP/1.1" 304 -
201.245.192.253 - - [17/Oct/2023:12:24:54 -0500] "GET /sipse/faces/javax.faces.resource/primefaces.js?ln=primefaces&v=4.0 HTTP/1.1" 304 -
201.245.192.253 - - [17/Oct/2023:12:24:54 -0500] "GET /sipse/faces/javax.faces.resource/layout/layout.js?ln=primefaces&v=4.0 HTTP/1.1" 304 -
201.245.192.253 - - [17/Oct/2023:12:24:54 -0500] "POST /sipse/faces/presentacion/financiero/solicitudAnulacion/solicitudAnulacion.xhtml HTTP/1.1" 200 12484
201.245.192.253 - - [17/Oct/2023:12:24:56 -0500] "POST /sipse/faces/presentacion/financiero/solicitudAnulacion/solicitudAnulacion.xhtml HTTP/1.1" 200 43602
201.245.192.253 - - [17/Oct/2023:12:24:57 -0500] "GET /sipse/faces/javax.faces.resource/primefaces.css?ln=primefaces&v=4.0 HTTP/1.1" 304 -
201.245.192.253 - - [17/Oct/2023:12:24:57 -0500] "GET /sipse/faces/javax.faces.resource/theme.css?ln=primefaces-sipse HTTP/1.1" 304 -
201.245.192.253 - - [17/Oct/2023:12:24:57 -0500] "GET /sipse/faces/javax.faces.resource/fileupload/fileupload.css?ln=primefaces&v=4.0 HTTP/1.1" 304 -
201.245.192.253 - - [17/Oct/2023:12:24:57 -0500] "GET /sipse/faces/javax.faces.resource/layout/layout.css?ln=primefaces&v=4.0 HTTP/1.1" 304 -
201.245.192.253 - - [17/Oct/2023:12:24:57 -0500] "GET /sipse/faces/javax.faces.resource/jquery/jquery.js?ln=primefaces&v=4.0 HTTP/1.1" 304 -
201.245.192.253 - - [17/Oct/2023:12:24:57 -0500] "GET /sipse/faces/javax.faces.resource/jquery/jquery-plugins.js?ln=primefaces&v=4.0 HTTP/1.1" 304 -
201.245.192.253 - - [17/Oct/2023:12:24:57 -0500] "GET /sipse/faces/javax.faces.resource/primefaces.js?ln=primefaces&v=4.0 HTTP/1.1" 304 -
201.245.192.253 - - [17/Oct/2023:12:24:57 -0500] "GET /sipse/faces/javax.faces.resource/layout/layout.js?ln=primefaces&v=4.0 HTTP/1.1" 304 -
201.245.192.253 - - [17/Oct/2023:12:24:57 -0500] "GET /sipse/faces/javax.faces.resource/fileupload/fileupload.js?ln=primefaces&v=4.0 HTTP/1.1" 304 -
172.22.2.4 - - [17/Oct/2023:12:25:03 -0500] "GET /BLA/boletinlegal/consulta_actos.php?tipo=resoluciones&no=&usuario=&sector=&fecha=2023&resuelve=%20DISTRITAL%20DE%20AMBIENTE HTTP/1.1" 200 9213
186.83.246.35 - - [17/Oct/2023:12:25:07 -0500] "GET /BLA/resoluciones/index.php HTTP/1.1" 200 13696
201.245.192.253 - - [17/Oct/2023:12:25:08 -0500] "POST /forms/lservlet;jsessionid=ac16012b30d6d38790c287764274bc7ebbfb504ae1d9.e3iSbxaKaheRe34Pbx8Nc3aQci1ynknvrkLOlQzNp65In0 HTTP/1.1" 200 2
186.83.246.35 - - [17/Oct/2023:12:25:14 -0500] "GET /BLA/resoluciones/dlf/unknown.png HTTP/1.1" 200 266
186.83.246.35 - - [17/Oct/2023:12:25:13 -0500] "GET /BLA/resoluciones/index.php?dir=AUTOS+2021%2F HTTP/1.1" 200 398707
186.113.78.112 - - [17/Oct/2023:12:25:21 -0500] "GET /BLA/resoluciones/index.php?dir=RESOLUCIONES+2014%2F HTTP/1.1" 200 334019
201.245.192.253 - - [17/Oct/2023:12:25:34 -0500] "POST /sipse/faces/presentacion/financiero/solicitudAnulacion/registrarSolicitudAnulacion.xhtml HTTP/1.1" 200 3060
201.245.192.253 - - [17/Oct/2023:12:25:37 -0500] "POST /sipse/faces/presentacion/financiero/solicitudAnulacion/registrarSolicitudAnulacion.xhtml HTTP/1.1" 200 28837
201.245.192.253 - - [17/Oct/2023:12:25:40 -0500] "GET /sipse/faces/javax.faces.resource/theme.css?ln=primefaces-sipse HTTP/1.1" 304 -
201.245.192.253 - - [17/Oct/2023:12:25:40 -0500] "GET /sipse/faces/javax.faces.resource/primefaces.css?ln=primefaces&v=4.0 HTTP/1.1" 304 -
201.245.192.253 - - [17/Oct/2023:12:25:40 -0500] "GET /sipse/faces/javax.faces.resource/layout/layout.css?ln=primefaces&v=4.0 HTTP/1.1" 304 -
201.245.192.253 - - [17/Oct/2023:12:25:40 -0500] "GET /sipse/faces/javax.faces.resource/jquery/jquery.js?ln=primefaces&v=4.0 HTTP/1.1" 304 -
201.245.192.253 - - [17/Oct/2023:12:25:40 -0500] "GET /sipse/faces/javax.faces.resource/jquery/jquery-plugins.js?ln=primefaces&v=4.0 HTTP/1.1" 304 -
201.245.192.253 - - [17/Oct/2023:12:25:40 -0500] "GET /sipse/faces/javax.faces.resource/primefaces.js?ln=primefaces&v=4.0 HTTP/1.1" 304 -
201.245.192.253 - - [17/Oct/2023:12:25:40 -0500] "GET /sipse/faces/javax.faces.resource/layout/layout.js?ln=primefaces&v=4.0 HTTP/1.1" 304 -
201.245.192.253 - - [17/Oct/2023:12:25:40 -0500] "POST /sipse/faces/presentacion/financiero/solicitudAnulacion/solicitudAnulacion.xhtml HTTP/1.1" 200 10472
201.245.192.253 - - [17/Oct/2023:12:25:42 -0500] "POST /sipse/faces/presentacion/financiero/solicitudAnulacion/solicitudAnulacion.xhtml HTTP/1.1" 200 3001
201.245.192.253 - - [17/Oct/2023:12:25:44 -0500] "POST /sipse/faces/presentacion/financiero/solicitudAnulacion/solicitudAnulacion.xhtml HTTP/1.1" 200 193
201.245.192.253 - - [17/Oct/2023:12:25:44 -0500] "POST /sipse/faces/presentacion/financiero/solicitudAnulacion/solicitudAnulacion.xhtml HTTP/1.1" 200 193
201.245.192.253 - - [17/Oct/2023:12:25:44 -0500] "POST /sipse/faces/presentacion/financiero/solicitudAnulacion/solicitudAnulacion.xhtml HTTP/1.1" 200 193
201.245.192.253 - - [17/Oct/2023:12:25:44 -0500] "GET /sipse/faces/presentacion/financiero/solicitudAnulacion/consultarSolicitudAnulacion.xhtml HTTP/1.1" 200 37081
201.245.192.253 - - [17/Oct/2023:12:25:44 -0500] "GET /sipse/faces/presentacion/financiero/solicitudAnulacion/consultarSolicitudAnulacion.xhtml HTTP/1.1" 200 37081
201.245.192.253 - - [17/Oct/2023:12:25:44 -0500] "GET /sipse/faces/presentacion/financiero/solicitudAnulacion/consultarSolicitudAnulacion.xhtml HTTP/1.1" 200 37081
172.22.2.4 - - [17/Oct/2023:12:25:44 -0500] "GET /BLA/boletinlegal/.env HTTP/1.1" 404 1018
201.245.192.253 - - [17/Oct/2023:12:25:44 -0500] "GET /sipse/faces/javax.faces.resource/theme.css?ln=primefaces-sipse HTTP/1.1" 304 -
201.245.192.253 - - [17/Oct/2023:12:25:44 -0500] "GET /sipse/faces/javax.faces.resource/primefaces.css?ln=primefaces&v=4.0 HTTP/1.1" 304 -
201.245.192.253 - - [17/Oct/2023:12:25:44 -0500] "GET /sipse/faces/javax.faces.resource/layout/layout.css?ln=primefaces&v=4.0 HTTP/1.1" 304 -
201.245.192.253 - - [17/Oct/2023:12:25:44 -0500] "GET /sipse/faces/javax.faces.resource/jquery/jquery.js?ln=primefaces&v=4.0 HTTP/1.1" 304 -
201.245.192.253 - - [17/Oct/2023:12:25:44 -0500] "GET /sipse/faces/javax.faces.resource/primefaces.js?ln=primefaces&v=4.0 HTTP/1.1" 304 -
201.245.192.253 - - [17/Oct/2023:12:25:44 -0500] "GET /sipse/faces/javax.faces.resource/jquery/jquery-plugins.js?ln=primefaces&v=4.0 HTTP/1.1" 304 -
201.245.192.253 - - [17/Oct/2023:12:25:44 -0500] "GET /sipse/faces/javax.faces.resource/layout/layout.js?ln=primefaces&v=4.0 HTTP/1.1" 304 -
201.245.192.253 - - [17/Oct/2023:12:25:44 -0500] "POST /sipse/faces/presentacion/financiero/solicitudAnulacion/consultarSolicitudAnulacion.xhtml HTTP/1.1" 200 10616
201.245.192.253 - - [17/Oct/2023:12:25:50 -0500] "POST /sipse/faces/presentacion/financiero/solicitudAnulacion/consultarSolicitudAnulacion.xhtml HTTP/1.1" 200 17013
172.22.2.4 - - [17/Oct/2023:12:26:00 -0500] "GET /BLA/boletinlegal/consulta_actos.php?tipo=resoluciones&no=&usuario=&sector=&fecha=2023&resuelve=%20DISTRITAL HTTP/1.1" 200 11055
172.22.2.4 - - [17/Oct/2023:12:24:24 -0500] "GET /BLA/boletinlegal/ HTTP/1.1" 200 59813
201.245.192.253 - - [17/Oct/2023:12:26:28 -0500] "POST /forms/lservlet;jsessionid=ac16012b30d65e6f2539d893487fae2aaa53fb20822f.e3iSbxaKaheRe34Pbx8Nc3aQci1ynknvrkLOlQzNp65In0 HTTP/1.1" 200 2
172.22.2.4 - - [17/Oct/2023:12:27:00 -0500] "GET /BLA/boletinlegal/consulta_actos.php?tipo=resoluciones&no=1910&usuario=&sector=&fecha=2023&resuelve=%20DISTRITAL HTTP/1.1" 200 626
172.22.2.4 - - [17/Oct/2023:12:27:00 -0500] "GET /BLA/boletinlegal/actuator/gateway/routes HTTP/1.1" 404 1018
201.245.192.253 - - [17/Oct/2023:12:27:00 -0500] "POST /kwsrmcab/Wsrmcab  HTTP/1.1" 200 40844
201.245.192.253 - - [17/Oct/2023:12:27:08 -0500] "POST /forms/lservlet;jsessionid=ac16012b30d6d38790c287764274bc7ebbfb504ae1d9.e3iSbxaKaheRe34Pbx8Nc3aQci1ynknvrkLOlQzNp65In0 HTTP/1.1" 200 2
172.22.2.4 - - [17/Oct/2023:12:27:11 -0500] "GET /BLA/boletinlegal/consulta_actos.php?tipo=resoluciones&no=1910&usuario=&sector=&fecha=2023&resuelve= HTTP/1.1" 200 1266
52.167.144.223 - - [17/Oct/2023:12:27:30 -0500] "GET /BLA/resoluciones/index.php?dir=AUTOS+2023%2F HTTP/1.1" 200 356705
172.22.2.4 - - [17/Oct/2023:12:27:33 -0500] "GET /BLA/boletinlegal/normativa.php HTTP/1.1" 200 8343
172.22.2.4 - - [17/Oct/2023:12:27:33 -0500] "GET /BLA/boletinlegal/js/ajax_normativa.js HTTP/1.1" 200 1154
172.22.2.4 - - [17/Oct/2023:12:27:38 -0500] "GET /BLA/boletinlegal/consulta_normativa.php?tipo=&sector=Aire&ano=&resuelve= HTTP/1.1" 200 949
172.22.2.4 - - [17/Oct/2023:12:27:38 -0500] "GET /BLA/boletinlegal/images/docs.png HTTP/1.1" 200 10288
201.245.192.253 - - [17/Oct/2023:12:27:42 -0500] "POST /kwsrmcab/Wsrmcab HTTP/1.1" 200 39791
201.245.192.253 - - [17/Oct/2023:12:27:45 -0500] "POST /kwsrmcab/Wsrmcab HTTP/1.1" 200 39631
54.90.246.107 - - [17/Oct/2023:12:27:53 -0500] "GET /caminatas-ecologicas-un-plan-imperdible-para-octubre.html HTTP/1.1" 200 747
172.22.2.4 - - [17/Oct/2023:12:28:02 -0500] "GET /BLA/boletinlegal/consulta_normativa.php?tipo=&sector=flora&ano=&resuelve= HTTP/1.1" 200 2158
40.77.189.127 - - [17/Oct/2023:12:28:02 -0500] "GET /BLA/resoluciones/dlf/styles.css HTTP/1.1" 200 3049
201.245.192.253 - - [17/Oct/2023:12:28:28 -0500] "POST /forms/lservlet;jsessionid=ac16012b30d65e6f2539d893487fae2aaa53fb20822f.e3iSbxaKaheRe34Pbx8Nc3aQci1ynknvrkLOlQzNp65In0 HTTP/1.1" 200 2
172.22.2.4 - - [17/Oct/2023:12:28:32 -0500] "GET /BLA/boletinlegal/consulta_normativa.php?tipo=&sector=licencia&ano=&resuelve= HTTP/1.1" 200 5398
54.90.246.107 - - [17/Oct/2023:12:28:41 -0500] "GET /portaldeninos/ HTTP/1.1" 200 110175
172.22.2.4 - - [17/Oct/2023:12:28:46 -0500] "GET /BLA/boletinlegal/actos.php HTTP/1.1" 200 9682
216.245.221.92 - - [17/Oct/2023:12:28:56 -0500] "HEAD / HTTP/1.1" 200 -
201.245.192.253 - - [17/Oct/2023:12:29:08 -0500] "POST /forms/lservlet;jsessionid=ac16012b30d6d38790c287764274bc7ebbfb504ae1d9.e3iSbxaKaheRe34Pbx8Nc3aQci1ynknvrkLOlQzNp65In0 HTTP/1.1" 200 2
172.22.2.4 - - [17/Oct/2023:12:28:10 -0500] "HEAD /BLA/boletinlegal/ HTTP/1.1" 200 -
201.245.192.253 - - [17/Oct/2023:12:30:28 -0500] "POST /forms/lservlet;jsessionid=ac16012b30d65e6f2539d893487fae2aaa53fb20822f.e3iSbxaKaheRe34Pbx8Nc3aQci1ynknvrkLOlQzNp65In0 HTTP/1.1" 200 2
172.22.2.4 - - [17/Oct/2023:12:29:01 -0500] "GET /BLA/boletinlegal/ HTTP/1.1" 200 60531
201.245.192.253 - - [17/Oct/2023:12:31:08 -0500] "POST /forms/lservlet;jsessionid=ac16012b30d6d38790c287764274bc7ebbfb504ae1d9.e3iSbxaKaheRe34Pbx8Nc3aQci1ynknvrkLOlQzNp65In0 HTTP/1.1" 200 2
201.245.192.253 - - [17/Oct/2023:12:31:59 -0500] "POST /kwsrmcab/Wsrmcab  HTTP/1.1" 200 40844
66.249.66.20 - - [17/Oct/2023:12:32:09 -0500] "GET /Publicaciones/2023EE233302.pdf HTTP/1.1" 404 228
66.249.66.20 - - [17/Oct/2023:12:32:09 -0500] "GET /robots.txt HTTP/1.1" 404 1018
201.245.192.253 - - [17/Oct/2023:12:32:28 -0500] "POST /forms/lservlet;jsessionid=ac16012b30d65e6f2539d893487fae2aaa53fb20822f.e3iSbxaKaheRe34Pbx8Nc3aQci1ynknvrkLOlQzNp65In0 HTTP/1.1" 200 2
181.51.47.102 - - [17/Oct/2023:12:32:55 -0500] "GET /BLA/resoluciones/index.php?dir=AUTOS+2017%2F HTTP/1.1" 200 472723
201.245.192.253 - - [17/Oct/2023:12:33:08 -0500] "POST /forms/lservlet;jsessionid=ac16012b30d6d38790c287764274bc7ebbfb504ae1d9.e3iSbxaKaheRe34Pbx8Nc3aQci1ynknvrkLOlQzNp65In0 HTTP/1.1" 200 2
162.55.162.137 - - [17/Oct/2023:12:33:16 -0500] "GET / HTTP/1.1" 200 319
162.55.162.137 - - [17/Oct/2023:12:33:19 -0500] "GET / HTTP/1.1" 200 4720
216.245.221.92 - - [17/Oct/2023:12:33:56 -0500] "HEAD / HTTP/1.1" 200 -
66.249.66.21 - - [17/Oct/2023:12:34:23 -0500] "GET /Publicaciones/2023EE235689.pdf HTTP/1.1" 200 231603
201.245.192.253 - - [17/Oct/2023:12:34:28 -0500] "POST /forms/lservlet;jsessionid=ac16012b30d65e6f2539d893487fae2aaa53fb20822f.e3iSbxaKaheRe34Pbx8Nc3aQci1ynknvrkLOlQzNp65In0 HTTP/1.1" 200 2
172.22.2.4 - - [17/Oct/2023:12:35:00 -0500] "GET /BLA/boletinlegal/Circulares/2023/CIRCULAR%20No.%2000002%20DEL%2020%20DE%20FEBRERO%20DEL%202023.pdf HTTP/1.1" 200 333231
172.22.2.4 - - [17/Oct/2023:12:35:00 -0500] "GET /BLA/boletinlegal/robots.txt HTTP/1.1" 404 1037
201.245.192.253 - - [17/Oct/2023:12:35:08 -0500] "POST /forms/lservlet;jsessionid=ac16012b30d6d38790c287764274bc7ebbfb504ae1d9.e3iSbxaKaheRe34Pbx8Nc3aQci1ynknvrkLOlQzNp65In0 HTTP/1.1" 200 2
172.22.2.4 - - [17/Oct/2023:12:34:00 -0500] "HEAD /BLA/boletinlegal/ HTTP/1.1" 200 -
201.245.172.17 - - [17/Oct/2023:12:35:51 -0500] "GET /sipse/faces/index.xhtml HTTP/1.1" 200 677
201.245.172.17 - - [17/Oct/2023:12:35:51 -0500] "GET /sipse/faces/javax.faces.resource/theme.css?ln=primefaces-sipse HTTP/1.1" 304 -
201.245.172.17 - - [17/Oct/2023:12:35:51 -0500] "GET /favicon.ico HTTP/1.1" 200 7782
201.245.172.17 - - [17/Oct/2023:12:35:51 -0500] "GET /sipse/css/custom_css_sg.css HTTP/1.1" 200 9694
201.245.172.17 - - [17/Oct/2023:12:35:51 -0500] "GET /sipse/faces/javax.faces.resource/theme.css?ln=primefaces-sipse HTTP/1.1" 304 -
201.245.172.17 - - [17/Oct/2023:12:35:54 -0500] "GET /sipse/css/custom_css_sg_prime_login.css HTTP/1.1" 200 443
201.245.172.17 - - [17/Oct/2023:12:35:51 -0500] "GET /sipse/faces/faces/autenticacion.xhtml HTTP/1.1" 200 12404
201.245.172.17 - - [17/Oct/2023:12:35:54 -0500] "GET /sipse/faces/javax.faces.resource/layout/layout.css?ln=primefaces&v=4.0 HTTP/1.1" 304 -
201.245.172.17 - - [17/Oct/2023:12:35:54 -0500] "GET /sipse/faces/javax.faces.resource/primefaces.css?ln=primefaces&v=4.0 HTTP/1.1" 304 -
201.245.172.17 - - [17/Oct/2023:12:35:54 -0500] "GET /sipse/js/funciones.js HTTP/1.1" 200 12592
201.245.172.17 - - [17/Oct/2023:12:35:54 -0500] "GET /sipse/js/disable_browser_buttons.js HTTP/1.1" 200 3230
201.245.172.17 - - [17/Oct/2023:12:35:54 -0500] "GET /sipse/faces/javax.faces.resource/jquery/jquery.js?ln=primefaces&v=4.0 HTTP/1.1" 304 -
201.245.172.17 - - [17/Oct/2023:12:35:54 -0500] "GET /sipse/faces/javax.faces.resource/primefaces.js?ln=primefaces&v=4.0 HTTP/1.1" 304 -
201.245.172.17 - - [17/Oct/2023:12:35:54 -0500] "GET /sipse/faces/javax.faces.resource/layout/layout.js?ln=primefaces&v=4.0 HTTP/1.1" 304 -
201.245.172.17 - - [17/Oct/2023:12:35:54 -0500] "GET /sipse/faces/javax.faces.resource/jquery/jquery-plugins.js?ln=primefaces&v=4.0 HTTP/1.1" 304 -
201.245.172.17 - - [17/Oct/2023:12:35:55 -0500] "GET /sipse/faces/javax.faces.resource/images/ui-icons_898989_256x240.png?ln=primefaces-aristo HTTP/1.1" 304 -
201.245.172.17 - - [17/Oct/2023:12:35:55 -0500] "GET /sipse/css/imagen/loginimg.png HTTP/1.1" 200 71635
201.245.172.17 - - [17/Oct/2023:12:35:55 -0500] "GET /sipse/css/imagen/logoSDG.png HTTP/1.1" 200 53064
201.245.172.17 - - [17/Oct/2023:12:35:59 -0500] "POST /sipse/faces/autenticacion.xhtml HTTP/1.1" 200 2221
201.245.172.17 - - [17/Oct/2023:12:35:59 -0500] "GET /sipse/faces/javax.faces.resource/messages/messages.png?ln=primefaces&v=4.0 HTTP/1.1" 304 -
201.245.172.17 - - [17/Oct/2023:12:36:01 -0500] "POST /sipse/faces/autenticacion.xhtml HTTP/1.1" 200 16459
201.245.172.17 - - [17/Oct/2023:12:36:01 -0500] "GET /sipse/css/custom_css_sg_prime.css HTTP/1.1" 200 5201
201.245.172.17 - - [17/Oct/2023:12:36:01 -0500] "GET /sipse/faces/javax.faces.resource/primefaces.css?ln=primefaces&v=4.0 HTTP/1.1" 304 -
201.245.172.17 - - [17/Oct/2023:12:36:01 -0500] "GET /sipse/faces/javax.faces.resource/layout/layout.css?ln=primefaces&v=4.0 HTTP/1.1" 304 -
201.245.172.17 - - [17/Oct/2023:12:36:01 -0500] "GET /sipse/faces/javax.faces.resource/theme.css?ln=primefaces-sipse HTTP/1.1" 304 -
201.245.172.17 - - [17/Oct/2023:12:36:01 -0500] "GET /sipse/js/jquery.min.js HTTP/1.1" 200 85582
201.245.172.17 - - [17/Oct/2023:12:36:02 -0500] "GET /sipse/faces/javax.faces.resource/jquery/jquery.js?ln=primefaces&v=4.0 HTTP/1.1" 304 -
201.245.172.17 - - [17/Oct/2023:12:36:02 -0500] "GET /sipse/faces/javax.faces.resource/jquery/jquery-plugins.js?ln=primefaces&v=4.0 HTTP/1.1" 304 -
201.245.172.17 - - [17/Oct/2023:12:36:02 -0500] "GET /sipse/faces/javax.faces.resource/primefaces.js?ln=primefaces&v=4.0 HTTP/1.1" 304 -
201.245.172.17 - - [17/Oct/2023:12:36:03 -0500] "GET /sipse/faces/javax.faces.resource/layout/layout.js?ln=primefaces&v=4.0 HTTP/1.1" 304 -
201.245.172.17 - - [17/Oct/2023:12:36:03 -0500] "GET /sipse/css/v_mergente.css HTTP/1.1" 200 1505
201.245.172.17 - - [17/Oct/2023:12:36:03 -0500] "GET /sipse/css/imagen/contrasena.png HTTP/1.1" 404 383
201.245.172.17 - - [17/Oct/2023:12:36:06 -0500] "GET /sipse/faces/javax.faces.resource/images/ui-bg_flat_0_2d5972_40x100.png?ln=primefaces-aristo HTTP/1.1" 304 -
201.245.172.17 - - [17/Oct/2023:12:36:03 -0500] "GET /sipse/imagenes/cargando.gif HTTP/1.1" 200 36959
201.245.172.17 - - [17/Oct/2023:12:36:06 -0500] "POST /sipse/faces/bienvenido.xhtml HTTP/1.1" 200 9852
201.245.172.17 - - [17/Oct/2023:12:36:08 -0500] "POST /sipse/faces/bienvenido.xhtml HTTP/1.1" 200 2658
201.245.172.17 - - [17/Oct/2023:12:36:03 -0500] "GET /sipse/imagenes/logoAplicacion.jpg HTTP/1.1" 200 155084
201.245.172.17 - - [17/Oct/2023:12:36:10 -0500] "POST /sipse/faces/bienvenido.xhtml HTTP/1.1" 200 184
201.245.172.17 - - [17/Oct/2023:12:36:10 -0500] "GET /sipse/faces/javax.faces.resource/layout/layout.css?ln=primefaces&v=4.0 HTTP/1.1" 304 -
201.245.172.17 - - [17/Oct/2023:12:36:10 -0500] "GET /sipse/faces/javax.faces.resource/primefaces.css?ln=primefaces&v=4.0 HTTP/1.1" 304 -
201.245.172.17 - - [17/Oct/2023:12:36:10 -0500] "GET /sipse/faces/javax.faces.resource/theme.css?ln=primefaces-sipse HTTP/1.1" 304 -
201.245.172.17 - - [17/Oct/2023:12:36:10 -0500] "GET /sipse/faces/presentacion/financiero/solicitudAnulacion/solicitudAnulacion.xhtml HTTP/1.1" 200 31781
201.245.172.17 - - [17/Oct/2023:12:36:10 -0500] "GET /sipse/faces/javax.faces.resource/jquery/jquery-plugins.js?ln=primefaces&v=4.0 HTTP/1.1" 304 -
201.245.172.17 - - [17/Oct/2023:12:36:10 -0500] "GET /sipse/faces/javax.faces.resource/jquery/jquery.js?ln=primefaces&v=4.0 HTTP/1.1" 304 -
201.245.172.17 - - [17/Oct/2023:12:36:10 -0500] "GET /sipse/faces/javax.faces.resource/primefaces.js?ln=primefaces&v=4.0 HTTP/1.1" 304 -
201.245.172.17 - - [17/Oct/2023:12:36:10 -0500] "GET /sipse/faces/javax.faces.resource/layout/layout.js?ln=primefaces&v=4.0 HTTP/1.1" 304 -
201.245.172.17 - - [17/Oct/2023:12:36:11 -0500] "POST /sipse/faces/presentacion/financiero/solicitudAnulacion/solicitudAnulacion.xhtml HTTP/1.1" 200 10472
201.245.172.17 - - [17/Oct/2023:12:36:14 -0500] "POST /sipse/faces/presentacion/financiero/solicitudAnulacion/solicitudAnulacion.xhtml HTTP/1.1" 200 63735
201.245.172.17 - - [17/Oct/2023:12:36:15 -0500] "GET /sipse/faces/javax.faces.resource/theme.css?ln=primefaces-sipse HTTP/1.1" 304 -
201.245.172.17 - - [17/Oct/2023:12:36:15 -0500] "GET /sipse/faces/javax.faces.resource/layout/layout.css?ln=primefaces&v=4.0 HTTP/1.1" 304 -
201.245.172.17 - - [17/Oct/2023:12:36:15 -0500] "GET /sipse/faces/javax.faces.resource/primefaces.css?ln=primefaces&v=4.0 HTTP/1.1" 304 -
201.245.172.17 - - [17/Oct/2023:12:36:15 -0500] "GET /sipse/faces/javax.faces.resource/jquery/jquery.js?ln=primefaces&v=4.0 HTTP/1.1" 304 -
201.245.172.17 - - [17/Oct/2023:12:36:16 -0500] "GET /sipse/faces/javax.faces.resource/jquery/jquery-plugins.js?ln=primefaces&v=4.0 HTTP/1.1" 304 -
201.245.172.17 - - [17/Oct/2023:12:36:16 -0500] "GET /sipse/faces/javax.faces.resource/primefaces.js?ln=primefaces&v=4.0 HTTP/1.1" 304 -
201.245.172.17 - - [17/Oct/2023:12:36:16 -0500] "GET /sipse/faces/javax.faces.resource/layout/layout.js?ln=primefaces&v=4.0 HTTP/1.1" 304 -
201.245.172.17 - - [17/Oct/2023:12:36:16 -0500] "POST /sipse/faces/presentacion/financiero/solicitudProceso/listarSolicitudProceso.xhtml HTTP/1.1" 200 1560
201.245.192.253 - - [17/Oct/2023:12:36:28 -0500] "POST /forms/lservlet;jsessionid=ac16012b30d65e6f2539d893487fae2aaa53fb20822f.e3iSbxaKaheRe34Pbx8Nc3aQci1ynknvrkLOlQzNp65In0 HTTP/1.1" 200 2
172.22.2.4 - - [17/Oct/2023:12:34:51 -0500] "GET /BLA/boletinlegal/ HTTP/1.1" 200 60175
201.245.172.17 - - [17/Oct/2023:12:36:32 -0500] "POST /sipse/faces/presentacion/financiero/solicitudProceso/listarSolicitudProceso.xhtml HTTP/1.1" 200 7776
201.245.172.17 - - [17/Oct/2023:12:36:45 -0500] "POST /sipse/faces/presentacion/financiero/solicitudProceso/listarSolicitudProceso.xhtml HTTP/1.1" 200 31492
172.22.2.4 - - [17/Oct/2023:12:36:50 -0500] "GET /BLA/boletinlegal/Circulares/2023/CIRCULAR%20No.%2000002%20DEL%2020%20DE%20FEBRERO%20DEL%202023.pdf HTTP/1.1" 304 -
201.245.172.17 - - [17/Oct/2023:12:36:57 -0500] "POST /sipse/faces/presentacion/financiero/solicitudProceso/listarSolicitudProceso.xhtml HTTP/1.1" 200 184
201.245.172.17 - - [17/Oct/2023:12:36:58 -0500] "POST /sipse/faces/presentacion/financiero/solicitudProceso/listarSolicitudProceso.xhtml HTTP/1.1" 200 184
201.245.172.17 - - [17/Oct/2023:12:36:58 -0500] "GET /sipse/faces/presentacion/financiero/solicitudAnulacion/solicitudAnulacion.xhtml HTTP/1.1" 200 19248
201.245.172.17 - - [17/Oct/2023:12:36:58 -0500] "GET /sipse/faces/javax.faces.resource/theme.css?ln=primefaces-sipse HTTP/1.1" 304 -
201.245.172.17 - - [17/Oct/2023:12:36:58 -0500] "GET /sipse/faces/javax.faces.resource/primefaces.css?ln=primefaces&v=4.0 HTTP/1.1" 304 -
201.245.172.17 - - [17/Oct/2023:12:36:58 -0500] "GET /sipse/faces/javax.faces.resource/jquery/jquery.js?ln=primefaces&v=4.0 HTTP/1.1" 304 -
201.245.172.17 - - [17/Oct/2023:12:36:58 -0500] "GET /sipse/faces/javax.faces.resource/layout/layout.css?ln=primefaces&v=4.0 HTTP/1.1" 304 -
201.245.172.17 - - [17/Oct/2023:12:36:58 -0500] "GET /sipse/faces/javax.faces.resource/jquery/jquery-plugins.js?ln=primefaces&v=4.0 HTTP/1.1" 304 -
201.245.172.17 - - [17/Oct/2023:12:36:58 -0500] "GET /sipse/faces/javax.faces.resource/primefaces.js?ln=primefaces&v=4.0 HTTP/1.1" 304 -
201.245.172.17 - - [17/Oct/2023:12:36:58 -0500] "GET /sipse/faces/presentacion/financiero/solicitudAnulacion/solicitudAnulacion.xhtml HTTP/1.1" 200 31781
201.245.172.17 - - [17/Oct/2023:12:36:58 -0500] "GET /sipse/faces/javax.faces.resource/layout/layout.js?ln=primefaces&v=4.0 HTTP/1.1" 304 -
201.245.172.17 - - [17/Oct/2023:12:36:58 -0500] "POST /sipse/faces/presentacion/financiero/solicitudAnulacion/solicitudAnulacion.xhtml HTTP/1.1" 200 10472
201.245.192.253 - - [17/Oct/2023:12:36:59 -0500] "POST /kwsrmcab/Wsrmcab  HTTP/1.1" 200 40844
201.245.172.17 - - [17/Oct/2023:12:37:02 -0500] "POST /sipse/faces/presentacion/financiero/solicitudAnulacion/solicitudAnulacion.xhtml HTTP/1.1" 200 1998
201.245.172.17 - - [17/Oct/2023:12:37:06 -0500] "POST /sipse/faces/presentacion/financiero/solicitudAnulacion/solicitudAnulacion.xhtml HTTP/1.1" 200 36173
201.245.172.17 - - [17/Oct/2023:12:37:07 -0500] "GET /sipse/faces/javax.faces.resource/theme.css?ln=primefaces-sipse HTTP/1.1" 304 -
201.245.172.17 - - [17/Oct/2023:12:37:07 -0500] "GET /sipse/faces/javax.faces.resource/primefaces.css?ln=primefaces&v=4.0 HTTP/1.1" 304 -
201.245.172.17 - - [17/Oct/2023:12:37:07 -0500] "GET /sipse/faces/javax.faces.resource/layout/layout.css?ln=primefaces&v=4.0 HTTP/1.1" 304 -
201.245.172.17 - - [17/Oct/2023:12:37:07 -0500] "GET /sipse/faces/javax.faces.resource/fileupload/fileupload.css?ln=primefaces&v=4.0 HTTP/1.1" 304 -
201.245.172.17 - - [17/Oct/2023:12:37:07 -0500] "GET /sipse/faces/javax.faces.resource/jquery/jquery.js?ln=primefaces&v=4.0 HTTP/1.1" 304 -
201.245.172.17 - - [17/Oct/2023:12:37:07 -0500] "GET /sipse/faces/javax.faces.resource/jquery/jquery-plugins.js?ln=primefaces&v=4.0 HTTP/1.1" 304 -
201.245.172.17 - - [17/Oct/2023:12:37:07 -0500] "GET /sipse/faces/javax.faces.resource/primefaces.js?ln=primefaces&v=4.0 HTTP/1.1" 304 -
201.245.172.17 - - [17/Oct/2023:12:37:07 -0500] "GET /sipse/faces/javax.faces.resource/layout/layout.js?ln=primefaces&v=4.0 HTTP/1.1" 304 -
201.245.172.17 - - [17/Oct/2023:12:37:07 -0500] "GET /sipse/faces/javax.faces.resource/fileupload/fileupload.js?ln=primefaces&v=4.0 HTTP/1.1" 304 -
201.245.192.253 - - [17/Oct/2023:12:37:08 -0500] "POST /forms/lservlet;jsessionid=ac16012b30d6d38790c287764274bc7ebbfb504ae1d9.e3iSbxaKaheRe34Pbx8Nc3aQci1ynknvrkLOlQzNp65In0 HTTP/1.1" 200 2
114.119.158.94 - - [17/Oct/2023:12:37:11 -0500] "GET /BLA/resoluciones/index.php?dir=Notificaciones/REGISTROS%2B2017/&sort=name&order=asc HTTP/1.1" 200 13956
201.245.172.17 - - [17/Oct/2023:12:37:22 -0500] "POST /sipse/faces/presentacion/financiero/solicitudAnulacion/registrarSolicitudAnulacion.xhtml HTTP/1.1" 200 63735
201.245.172.17 - - [17/Oct/2023:12:37:22 -0500] "GET /sipse/faces/javax.faces.resource/theme.css?ln=primefaces-sipse HTTP/1.1" 304 -
201.245.172.17 - - [17/Oct/2023:12:37:22 -0500] "GET /sipse/faces/javax.faces.resource/layout/layout.css?ln=primefaces&v=4.0 HTTP/1.1" 304 -
201.245.172.17 - - [17/Oct/2023:12:37:22 -0500] "GET /sipse/faces/javax.faces.resource/primefaces.css?ln=primefaces&v=4.0 HTTP/1.1" 304 -
201.245.172.17 - - [17/Oct/2023:12:37:22 -0500] "GET /sipse/faces/javax.faces.resource/jquery/jquery.js?ln=primefaces&v=4.0 HTTP/1.1" 304 -
201.245.172.17 - - [17/Oct/2023:12:37:22 -0500] "GET /sipse/faces/javax.faces.resource/jquery/jquery-plugins.js?ln=primefaces&v=4.0 HTTP/1.1" 304 -
201.245.172.17 - - [17/Oct/2023:12:37:22 -0500] "GET /sipse/faces/javax.faces.resource/primefaces.js?ln=primefaces&v=4.0 HTTP/1.1" 304 -
201.245.172.17 - - [17/Oct/2023:12:37:22 -0500] "GET /sipse/faces/javax.faces.resource/layout/layout.js?ln=primefaces&v=4.0 HTTP/1.1" 304 -
201.245.172.17 - - [17/Oct/2023:12:37:22 -0500] "POST /sipse/faces/presentacion/financiero/solicitudProceso/listarSolicitudProceso.xhtml HTTP/1.1" 200 57002
201.245.172.17 - - [17/Oct/2023:12:37:22 -0500] "POST /sipse/faces/presentacion/financiero/solicitudProceso/listarSolicitudProceso.xhtml HTTP/1.1" 200 1560
201.245.172.17 - - [17/Oct/2023:12:37:22 -0500] "POST /sipse/faces/presentacion/financiero/solicitudProceso/listarSolicitudProceso.xhtml HTTP/1.1" 200 1548
201.245.172.17 - - [17/Oct/2023:12:37:25 -0500] "POST /sipse/faces/presentacion/financiero/solicitudProceso/listarSolicitudProceso.xhtml HTTP/1.1" 200 141594
201.245.172.17 - - [17/Oct/2023:12:37:25 -0500] "GET /sipse/faces/javax.faces.resource/layout/layout.css?ln=primefaces&v=4.0 HTTP/1.1" 304 -
201.245.172.17 - - [17/Oct/2023:12:37:25 -0500] "GET /sipse/faces/javax.faces.resource/primefaces.css?ln=primefaces&v=4.0 HTTP/1.1" 304 -
201.245.172.17 - - [17/Oct/2023:12:37:25 -0500] "GET /sipse/faces/javax.faces.resource/theme.css?ln=primefaces-sipse HTTP/1.1" 304 -
201.245.172.17 - - [17/Oct/2023:12:37:25 -0500] "GET /sipse/faces/javax.faces.resource/jquery/jquery.js?ln=primefaces&v=4.0 HTTP/1.1" 304 -
201.245.172.17 - - [17/Oct/2023:12:37:26 -0500] "GET /sipse/faces/javax.faces.resource/jquery/jquery-plugins.js?ln=primefaces&v=4.0 HTTP/1.1" 304 -
201.245.172.17 - - [17/Oct/2023:12:37:26 -0500] "GET /sipse/faces/javax.faces.resource/primefaces.js?ln=primefaces&v=4.0 HTTP/1.1" 304 -
201.245.172.17 - - [17/Oct/2023:12:37:26 -0500] "GET /sipse/faces/javax.faces.resource/layout/layout.js?ln=primefaces&v=4.0 HTTP/1.1" 304 -
201.245.172.17 - - [17/Oct/2023:12:37:43 -0500] "GET /sipse/faces/javax.faces.resource/primefaces.css?ln=primefaces&v=4.0 HTTP/1.1" 304 -
201.245.172.17 - - [17/Oct/2023:12:37:43 -0500] "GET /sipse/faces/javax.faces.resource/layout/layout.css?ln=primefaces&v=4.0 HTTP/1.1" 304 -
201.245.172.17 - - [17/Oct/2023:12:37:43 -0500] "GET /sipse/faces/javax.faces.resource/jquery/jquery.js?ln=primefaces&v=4.0 HTTP/1.1" 304 -
201.245.172.17 - - [17/Oct/2023:12:37:43 -0500] "GET /sipse/faces/javax.faces.resource/theme.css?ln=primefaces-sipse HTTP/1.1" 304 -
201.245.172.17 - - [17/Oct/2023:12:37:43 -0500] "GET /sipse/faces/javax.faces.resource/jquery/jquery-plugins.js?ln=primefaces&v=4.0 HTTP/1.1" 304 -
201.245.172.17 - - [17/Oct/2023:12:37:43 -0500] "GET /sipse/faces/javax.faces.resource/primefaces.js?ln=primefaces&v=4.0 HTTP/1.1" 304 -
201.245.172.17 - - [17/Oct/2023:12:37:43 -0500] "GET /sipse/faces/javax.faces.resource/layout/layout.js?ln=primefaces&v=4.0 HTTP/1.1" 304 -
201.245.172.17 - - [17/Oct/2023:12:37:42 -0500] "POST /sipse/faces/presentacion/financiero/solicitudProceso/consultarSolicitudProceso.xhtml HTTP/1.1" 200 39567
201.245.192.253 - - [17/Oct/2023:12:37:42 -0500] "POST /kwsrmcab/Wsrmcab HTTP/1.1" 200 39791
201.245.192.253 - - [17/Oct/2023:12:37:44 -0500] "POST /kwsrmcab/Wsrmcab HTTP/1.1" 200 39631
181.189.25.57 - - [17/Oct/2023:12:37:55 -0500] "POST /sipse/faces/presentacion/financiero/solicitudProceso/consultarSolicitudProceso.xhtml HTTP/1.1" 200 43952
181.189.25.57 - - [17/Oct/2023:12:37:55 -0500] "GET /sipse/faces/javax.faces.resource/theme.css?ln=primefaces-sipse HTTP/1.1" 304 -
181.189.25.57 - - [17/Oct/2023:12:37:55 -0500] "GET /sipse/faces/javax.faces.resource/layout/layout.css?ln=primefaces&v=4.0 HTTP/1.1" 304 -
181.189.25.57 - - [17/Oct/2023:12:37:55 -0500] "GET /sipse/faces/javax.faces.resource/primefaces.css?ln=primefaces&v=4.0 HTTP/1.1" 304 -
181.189.25.57 - - [17/Oct/2023:12:37:55 -0500] "GET /sipse/faces/javax.faces.resource/jquery/jquery.js?ln=primefaces&v=4.0 HTTP/1.1" 304 -
181.189.25.57 - - [17/Oct/2023:12:37:55 -0500] "GET /sipse/faces/javax.faces.resource/jquery/jquery-plugins.js?ln=primefaces&v=4.0 HTTP/1.1" 304 -
181.189.25.57 - - [17/Oct/2023:12:37:55 -0500] "GET /sipse/faces/javax.faces.resource/primefaces.js?ln=primefaces&v=4.0 HTTP/1.1" 304 -
181.189.25.57 - - [17/Oct/2023:12:37:55 -0500] "GET /sipse/faces/javax.faces.resource/layout/layout.js?ln=primefaces&v=4.0 HTTP/1.1" 304 -
181.189.25.57 - - [17/Oct/2023:12:37:55 -0500] "POST /sipse/faces/presentacion/financiero/solicitudProceso/consultar.xhtml HTTP/1.1" 200 37243
181.189.25.57 - - [17/Oct/2023:12:37:55 -0500] "POST /sipse/faces/presentacion/financiero/solicitudProceso/consultar.xhtml HTTP/1.1" 200 37243
181.189.25.57 - - [17/Oct/2023:12:37:55 -0500] "POST /sipse/faces/presentacion/financiero/solicitudProceso/consultar.xhtml HTTP/1.1" 200 37243
181.189.25.57 - - [17/Oct/2023:12:37:57 -0500] "POST /sipse/faces/presentacion/financiero/solicitudProceso/consultar.xhtml HTTP/1.1" 200 12875
201.245.192.253 - - [17/Oct/2023:12:38:28 -0500] "POST /forms/lservlet;jsessionid=ac16012b30d65e6f2539d893487fae2aaa53fb20822f.e3iSbxaKaheRe34Pbx8Nc3aQci1ynknvrkLOlQzNp65In0 HTTP/1.1" 200 2
114.119.145.3 - - [17/Oct/2023:12:38:29 -0500] "GET /BLA/resoluciones/index.php?dir=Notificaciones/AUTOS%2B2021/&sort=size&order=desc HTTP/1.1" 200 13943
66.249.66.19 - - [17/Oct/2023:12:38:50 -0500] "GET /Publicaciones/2023EE235363.pdf HTTP/1.1" 200 472057
216.245.221.92 - - [17/Oct/2023:12:38:56 -0500] "HEAD / HTTP/1.1" 200 -
66.249.66.20 - - [17/Oct/2023:12:39:04 -0500] "GET /Publicaciones/2023EE233242.pdf HTTP/1.1" 404 228
201.245.192.253 - - [17/Oct/2023:12:39:08 -0500] "POST /forms/lservlet;jsessionid=ac16012b30d6d38790c287764274bc7ebbfb504ae1d9.e3iSbxaKaheRe34Pbx8Nc3aQci1ynknvrkLOlQzNp65In0 HTTP/1.1" 200 2
186.113.78.112 - - [17/Oct/2023:12:39:10 -0500] "GET /BLA/resoluciones/index.php?dir=RESOLUCIONES+2011%2F HTTP/1.1" 200 747162
186.113.78.112 - - [17/Oct/2023:12:39:15 -0500] "GET /BLA/resoluciones/RESOLUCIONES%202011/1772.pdf HTTP/1.1" 200 425466
114.119.149.92 - - [17/Oct/2023:12:39:49 -0500] "GET /BLA/resoluciones/index.php?dir=AUTOS%2B1997/&sort=size&order=desc HTTP/1.1" 200 13881
66.249.66.21 - - [17/Oct/2023:12:39:59 -0500] "GET /Publicaciones/2023EE230796.pdf HTTP/1.1" 404 228
201.245.192.253 - - [17/Oct/2023:12:40:28 -0500] "POST /forms/lservlet;jsessionid=ac16012b30d65e6f2539d893487fae2aaa53fb20822f.e3iSbxaKaheRe34Pbx8Nc3aQci1ynknvrkLOlQzNp65In0 HTTP/1.1" 200 2
172.22.2.4 - - [17/Oct/2023:12:40:46 -0500] "GET /BLA/boletinlegal/jurisprudencia/analisis/AnalisisT-606-15.docx HTTP/1.1" 200 26698
172.22.2.4 - - [17/Oct/2023:12:40:47 -0500] "GET /BLA/boletinlegal/apple-touch-icon-120x120-precomposed.png HTTP/1.1" 404 1140
172.22.2.4 - - [17/Oct/2023:12:40:47 -0500] "GET /BLA/boletinlegal/apple-touch-icon-120x120.png HTTP/1.1" 404 1140
172.22.2.4 - - [17/Oct/2023:12:40:47 -0500] "GET /BLA/boletinlegal/apple-touch-icon-precomposed.png HTTP/1.1" 404 1140
172.22.2.4 - - [17/Oct/2023:12:40:47 -0500] "GET /BLA/boletinlegal/apple-touch-icon.png HTTP/1.1" 404 1140
172.22.2.4 - - [17/Oct/2023:12:40:47 -0500] "GET /BLA/boletinlegal/favicon.ico HTTP/1.1" 404 1140
172.22.2.4 - - [17/Oct/2023:12:40:47 -0500] "GET /BLA/boletinlegal/apple-touch-icon-120x120-precomposed.png HTTP/1.1" 404 1140
172.22.2.4 - - [17/Oct/2023:12:40:47 -0500] "GET /BLA/boletinlegal/apple-touch-icon-120x120.png HTTP/1.1" 404 1140
172.22.2.4 - - [17/Oct/2023:12:40:47 -0500] "GET /BLA/boletinlegal/apple-touch-icon-precomposed.png HTTP/1.1" 404 1140
172.22.2.4 - - [17/Oct/2023:12:40:47 -0500] "GET /BLA/boletinlegal/apple-touch-icon.png HTTP/1.1" 404 1140
172.22.2.4 - - [17/Oct/2023:12:40:47 -0500] "GET /BLA/boletinlegal/favicon.ico HTTP/1.1" 404 1140
201.245.192.253 - - [17/Oct/2023:12:41:08 -0500] "POST /forms/lservlet;jsessionid=ac16012b30d6d38790c287764274bc7ebbfb504ae1d9.e3iSbxaKaheRe34Pbx8Nc3aQci1ynknvrkLOlQzNp65In0 HTTP/1.1" 200 2
114.119.146.141 - - [17/Oct/2023:12:41:29 -0500] "GET /BLA/resoluciones/RESOLUCIONES%202010/7664.pdf HTTP/1.1" 200 164709
172.22.2.4 - - [17/Oct/2023:12:39:50 -0500] "HEAD /BLA/boletinlegal/ HTTP/1.1" 200 -
201.245.192.253 - - [17/Oct/2023:12:41:58 -0500] "POST /kwsrmcab/Wsrmcab  HTTP/1.1" 200 40844
172.22.2.4 - - [17/Oct/2023:12:40:41 -0500] "GET /BLA/boletinlegal/ HTTP/1.1" 200 58155
201.245.192.253 - - [17/Oct/2023:12:42:28 -0500] "POST /forms/lservlet;jsessionid=ac16012b30d65e6f2539d893487fae2aaa53fb20822f.e3iSbxaKaheRe34Pbx8Nc3aQci1ynknvrkLOlQzNp65In0 HTTP/1.1" 200 2
201.245.192.253 - - [17/Oct/2023:12:43:08 -0500] "POST /forms/lservlet;jsessionid=ac16012b30d6d38790c287764274bc7ebbfb504ae1d9.e3iSbxaKaheRe34Pbx8Nc3aQci1ynknvrkLOlQzNp65In0 HTTP/1.1" 200 2
66.249.66.21 - - [17/Oct/2023:12:43:30 -0500] "GET /Publicaciones/2023EE232161.pdf HTTP/1.1" 404 228
123.126.68.9 - - [17/Oct/2023:12:43:44 -0500] "GET / HTTP/1.1" 200 319
216.245.221.92 - - [17/Oct/2023:12:43:56 -0500] "HEAD / HTTP/1.1" 200 -
201.245.192.253 - - [17/Oct/2023:12:44:28 -0500] "POST /forms/lservlet;jsessionid=ac16012b30d65e6f2539d893487fae2aaa53fb20822f.e3iSbxaKaheRe34Pbx8Nc3aQci1ynknvrkLOlQzNp65In0 HTTP/1.1" 200 2
201.245.192.253 - - [17/Oct/2023:12:45:08 -0500] "POST /forms/lservlet;jsessionid=ac16012b30d6d38790c287764274bc7ebbfb504ae1d9.e3iSbxaKaheRe34Pbx8Nc3aQci1ynknvrkLOlQzNp65In0 HTTP/1.1" 200 2
66.249.66.21 - - [17/Oct/2023:12:45:19 -0500] "GET /BLA/resoluciones/RESOLUCIONES%202008/3722.pdf HTTP/1.1" 200 408764
40.77.167.4 - - [17/Oct/2023:12:46:22 -0500] "GET /BLA/resoluciones/RESOLUCIONES%202019/0078.pdf HTTP/1.1" 304 -
201.245.192.253 - - [17/Oct/2023:12:46:28 -0500] "POST /forms/lservlet;jsessionid=ac16012b30d65e6f2539d893487fae2aaa53fb20822f.e3iSbxaKaheRe34Pbx8Nc3aQci1ynknvrkLOlQzNp65In0 HTTP/1.1" 200 2
186.113.78.112 - - [17/Oct/2023:12:46:30 -0500] "GET /BLA/resoluciones/index.php?dir=RESOLUCIONES+2011%2F HTTP/1.1" 200 692171
186.113.78.112 - - [17/Oct/2023:12:46:34 -0500] "GET /BLA/resoluciones/index.php?dir=RESOLUCIONES+2012%2F HTTP/1.1" 200 140066
186.113.78.112 - - [17/Oct/2023:12:46:45 -0500] "GET /BLA/resoluciones/index.php?dir=RESOLUCIONES+2011%2F HTTP/1.1" 200 747162
186.113.78.112 - - [17/Oct/2023:12:46:49 -0500] "GET /BLA/resoluciones/RESOLUCIONES%202011/6556.pdf HTTP/1.1" 200 1472254
40.77.167.4 - - [17/Oct/2023:12:46:59 -0500] "GET /Publicaciones/2023EE215073.pdf HTTP/1.1" 404 228
201.245.192.253 - - [17/Oct/2023:12:46:57 -0500] "POST /kwsrmcab/Wsrmcab  HTTP/1.1" 200 40844
201.245.192.253 - - [17/Oct/2023:12:47:08 -0500] "POST /forms/lservlet;jsessionid=ac16012b30d6d38790c287764274bc7ebbfb504ae1d9.e3iSbxaKaheRe34Pbx8Nc3aQci1ynknvrkLOlQzNp65In0 HTTP/1.1" 200 2
66.249.66.19 - - [17/Oct/2023:12:47:10 -0500] "GET /Publicaciones/2023EE235409.pdf HTTP/1.1" 200 232016
172.22.2.4 - - [17/Oct/2023:12:45:40 -0500] "HEAD /BLA/boletinlegal/ HTTP/1.1" 200 -
172.22.2.4 - - [17/Oct/2023:12:46:31 -0500] "GET /BLA/boletinlegal/ HTTP/1.1" 200 58622
201.245.192.253 - - [17/Oct/2023:12:48:28 -0500] "POST /forms/lservlet;jsessionid=ac16012b30d65e6f2539d893487fae2aaa53fb20822f.e3iSbxaKaheRe34Pbx8Nc3aQci1ynknvrkLOlQzNp65In0 HTTP/1.1" 200 2
66.249.66.21 - - [17/Oct/2023:12:48:48 -0500] "GET /Publicaciones/2023EE232165.pdf HTTP/1.1" 404 228
216.245.221.92 - - [17/Oct/2023:12:48:56 -0500] "HEAD / HTTP/1.1" 200 -
201.245.192.253 - - [17/Oct/2023:12:49:08 -0500] "POST /forms/lservlet;jsessionid=ac16012b30d6d38790c287764274bc7ebbfb504ae1d9.e3iSbxaKaheRe34Pbx8Nc3aQci1ynknvrkLOlQzNp65In0 HTTP/1.1" 200 2
201.245.192.253 - - [17/Oct/2023:12:50:19 -0500] "POST /forms/lservlet;jsessionid=ac16012b30d65e6f2539d893487fae2aaa53fb20822f.e3iSbxaKaheRe34Pbx8Nc3aQci1ynknvrkLOlQzNp65In0 HTTP/1.1" 200 1344
201.245.192.253 - - [17/Oct/2023:12:50:19 -0500] "GET /imagenes/rt_save.gif HTTP/1.1" 200 903
201.245.192.253 - - [17/Oct/2023:12:50:19 -0500] "GET /imagenes/rt_rdel.gif HTTP/1.1" 200 899
201.245.192.253 - - [17/Oct/2023:12:50:19 -0500] "GET /imagenes/rt_radd.gif HTTP/1.1" 200 907
201.245.192.253 - - [17/Oct/2023:12:50:19 -0500] "POST /forms/lservlet;jsessionid=ac16012b30d65e6f2539d893487fae2aaa53fb20822f.e3iSbxaKaheRe34Pbx8Nc3aQci1ynknvrkLOlQzNp65In0 HTTP/1.1" 200 10
201.245.192.253 - - [17/Oct/2023:12:50:20 -0500] "POST /forms/lservlet;jsessionid=ac16012b30d65e6f2539d893487fae2aaa53fb20822f.e3iSbxaKaheRe34Pbx8Nc3aQci1ynknvrkLOlQzNp65In0 HTTP/1.1" 200 24
201.245.192.253 - - [17/Oct/2023:12:50:28 -0500] "POST /forms/lservlet;jsessionid=ac16012b30d65e6f2539d893487fae2aaa53fb20822f.e3iSbxaKaheRe34Pbx8Nc3aQci1ynknvrkLOlQzNp65In0 HTTP/1.1" 200 7
186.113.78.112 - - [17/Oct/2023:12:50:02 -0500] "GET /BLA/resoluciones/index.php?dir=RESOLUCIONES+2014%2F HTTP/1.1" 200 12235
66.249.66.21 - - [17/Oct/2023:12:50:54 -0500] "GET /Publicaciones/2023EE235413.pdf HTTP/1.1" 200 6948626
201.245.192.253 - - [17/Oct/2023:12:51:08 -0500] "POST /forms/lservlet;jsessionid=ac16012b30d65e6f2539d893487fae2aaa53fb20822f.e3iSbxaKaheRe34Pbx8Nc3aQci1ynknvrkLOlQzNp65In0 HTTP/1.1" 200 2038
201.245.192.253 - - [17/Oct/2023:12:51:08 -0500] "POST /forms/lservlet;jsessionid=ac16012b30d6d38790c287764274bc7ebbfb504ae1d9.e3iSbxaKaheRe34Pbx8Nc3aQci1ynknvrkLOlQzNp65In0 HTTP/1.1" 200 2
201.245.192.253 - - [17/Oct/2023:12:51:13 -0500] "POST /forms/lservlet;jsessionid=ac16012b30d65e6f2539d893487fae2aaa53fb20822f.e3iSbxaKaheRe34Pbx8Nc3aQci1ynknvrkLOlQzNp65In0 HTTP/1.1" 200 13
66.249.66.22 - - [17/Oct/2023:12:51:16 -0500] "GET /BLA/resoluciones/RESOLUCIONES%202011/6982.pdf HTTP/1.1" 304 -
201.245.192.253 - - [17/Oct/2023:12:51:38 -0500] "POST /forms/lservlet;jsessionid=ac16012b30d65e6f2539d893487fae2aaa53fb20822f.e3iSbxaKaheRe34Pbx8Nc3aQci1ynknvrkLOlQzNp65In0 HTTP/1.1" 200 12
201.245.192.253 - - [17/Oct/2023:12:51:56 -0500] "POST /kwsrmcab/Wsrmcab  HTTP/1.1" 200 40844
201.245.192.253 - - [17/Oct/2023:12:52:28 -0500] "POST /forms/lservlet;jsessionid=ac16012b30d65e6f2539d893487fae2aaa53fb20822f.e3iSbxaKaheRe34Pbx8Nc3aQci1ynknvrkLOlQzNp65In0 HTTP/1.1" 200 2
201.245.192.253 - - [17/Oct/2023:12:53:08 -0500] "POST /forms/lservlet;jsessionid=ac16012b30d6d38790c287764274bc7ebbfb504ae1d9.e3iSbxaKaheRe34Pbx8Nc3aQci1ynknvrkLOlQzNp65In0 HTTP/1.1" 200 2
172.22.2.4 - - [17/Oct/2023:12:51:30 -0500] "HEAD /BLA/boletinlegal/ HTTP/1.1" 200 -
207.46.13.64 - - [17/Oct/2023:12:53:35 -0500] "GET /BLA/resoluciones/AUTOS%202022/4090.pdf HTTP/1.1" 304 -
216.245.221.92 - - [17/Oct/2023:12:53:56 -0500] "HEAD / HTTP/1.1" 200 -
172.22.2.4 - - [17/Oct/2023:12:52:21 -0500] "GET /BLA/boletinlegal/ HTTP/1.1" 200 57802
186.113.78.112 - - [17/Oct/2023:12:54:06 -0500] "GET /BLA/resoluciones/index.php?dir=RESOLUCIONES+2009%2F HTTP/1.1" 200 1694101
186.113.78.112 - - [17/Oct/2023:12:54:13 -0500] "GET /BLA/resoluciones/RESOLUCIONES%202009/1990.pdf HTTP/1.1" 200 541132
201.245.192.253 - - [17/Oct/2023:12:54:28 -0500] "POST /forms/lservlet;jsessionid=ac16012b30d65e6f2539d893487fae2aaa53fb20822f.e3iSbxaKaheRe34Pbx8Nc3aQci1ynknvrkLOlQzNp65In0 HTTP/1.1" 200 2
201.245.192.253 - - [17/Oct/2023:12:55:08 -0500] "POST /forms/lservlet;jsessionid=ac16012b30d6d38790c287764274bc7ebbfb504ae1d9.e3iSbxaKaheRe34Pbx8Nc3aQci1ynknvrkLOlQzNp65In0 HTTP/1.1" 200 2
172.22.2.4 - - [17/Oct/2023:12:55:41 -0500] "GET /BLA/boletinlegal/actos.php HTTP/1.1" 200 9682
172.22.2.4 - - [17/Oct/2023:12:55:41 -0500] "GET /BLA/boletinlegal/styles2.css HTTP/1.1" 200 1838
172.22.2.4 - - [17/Oct/2023:12:55:41 -0500] "GET /BLA/boletinlegal/js/ajax_actos.js HTTP/1.1" 200 1322
172.22.2.4 - - [17/Oct/2023:12:55:41 -0500] "GET /BLA/boletinlegal/niceforms-default.css HTTP/1.1" 200 6694
172.22.2.4 - - [17/Oct/2023:12:55:41 -0500] "GET /BLA/boletinlegal/style.css HTTP/1.1" 200 9406
172.22.2.4 - - [17/Oct/2023:12:55:41 -0500] "GET /BLA/boletinlegal/js/lib.js HTTP/1.1" 200 6474
172.22.2.4 - - [17/Oct/2023:12:55:41 -0500] "GET /BLA/boletinlegal/niceforms.js HTTP/1.1" 200 22876
172.22.2.4 - - [17/Oct/2023:12:55:41 -0500] "GET /BLA/boletinlegal/js/popup.js HTTP/1.1" 200 1270
172.22.2.4 - - [17/Oct/2023:12:55:41 -0500] "GET /BLA/boletinlegal/js/jquery1.js HTTP/1.1" 200 29846
172.22.2.4 - - [17/Oct/2023:12:55:41 -0500] "GET /BLA/boletinlegal/images/subscribe-icon-big.png HTTP/1.1" 200 47702
172.22.2.4 - - [17/Oct/2023:12:55:41 -0500] "GET /BLA/boletinlegal/favicon.ico HTTP/1.1" 404 1326
172.22.2.4 - - [17/Oct/2023:12:56:16 -0500] "GET /BLA/boletinlegal/consulta_actos.php?tipo=autos&no=3605&usuario=&sector=&fecha=2019&resuelve= HTTP/1.1" 200 626
201.245.192.253 - - [17/Oct/2023:12:56:28 -0500] "POST /forms/lservlet;jsessionid=ac16012b30d65e6f2539d893487fae2aaa53fb20822f.e3iSbxaKaheRe34Pbx8Nc3aQci1ynknvrkLOlQzNp65In0 HTTP/1.1" 200 2
186.113.78.112 - - [17/Oct/2023:12:56:32 -0500] "GET /BLA/resoluciones/RESOLUCIONES%202009/1593.pdf HTTP/1.1" 200 646076
172.22.2.4 - - [17/Oct/2023:12:56:35 -0500] "GET /BLA/boletinlegal/consulta_actos.php?tipo=resoluciones&no=3605&usuario=&sector=&fecha=2019&resuelve= HTTP/1.1" 200 1123
172.22.2.4 - - [17/Oct/2023:12:56:35 -0500] "GET /BLA/boletinlegal/images/pdf.gif HTTP/1.1" 200 567
201.245.192.253 - - [17/Oct/2023:12:56:55 -0500] "POST /kwsrmcab/Wsrmcab  HTTP/1.1" 200 40844
186.113.78.112 - - [17/Oct/2023:12:57:04 -0500] "GET /BLA/resoluciones/RESOLUCIONES%202009/5778.pdf HTTP/1.1" 200 1199528
186.113.78.112 - - [17/Oct/2023:12:57:05 -0500] "GET /BLA/resoluciones/RESOLUCIONES%202009/5778.pdf HTTP/1.1" 200 1199528
201.245.192.253 - - [17/Oct/2023:12:57:08 -0500] "POST /forms/lservlet;jsessionid=ac16012b30d6d38790c287764274bc7ebbfb504ae1d9.e3iSbxaKaheRe34Pbx8Nc3aQci1ynknvrkLOlQzNp65In0 HTTP/1.1" 200 2
186.113.78.112 - - [17/Oct/2023:12:57:58 -0500] "GET /BLA/resoluciones/index.php?dir=RESOLUCIONES+2011%2F HTTP/1.1" 200 747162
201.245.192.253 - - [17/Oct/2023:12:58:28 -0500] "POST /forms/lservlet;jsessionid=ac16012b30d65e6f2539d893487fae2aaa53fb20822f.e3iSbxaKaheRe34Pbx8Nc3aQci1ynknvrkLOlQzNp65In0 HTTP/1.1" 200 2
66.249.66.21 - - [17/Oct/2023:12:58:54 -0500] "GET /Publicaciones/2023EE227971.pdf HTTP/1.1" 404 228
216.245.221.92 - - [17/Oct/2023:12:58:56 -0500] "HEAD / HTTP/1.1" 200 -
172.22.2.4 - - [17/Oct/2023:12:57:21 -0500] "HEAD /BLA/boletinlegal/ HTTP/1.1" 200 -
201.245.192.253 - - [17/Oct/2023:12:59:08 -0500] "POST /forms/lservlet;jsessionid=ac16012b30d6d38790c287764274bc7ebbfb504ae1d9.e3iSbxaKaheRe34Pbx8Nc3aQci1ynknvrkLOlQzNp65In0 HTTP/1.1" 200 2
172.22.2.4 - - [17/Oct/2023:12:58:12 -0500] "GET /BLA/boletinlegal/ HTTP/1.1" 200 58155
201.245.192.253 - - [17/Oct/2023:13:00:28 -0500] "POST /forms/lservlet;jsessionid=ac16012b30d65e6f2539d893487fae2aaa53fb20822f.e3iSbxaKaheRe34Pbx8Nc3aQci1ynknvrkLOlQzNp65In0 HTTP/1.1" 200 2
40.77.167.67 - - [17/Oct/2023:13:00:53 -0500] "GET /BLA/resoluciones/Notificaciones/REGISTROS%202023/00020.pdf HTTP/1.1" 200 281162
201.245.192.253 - - [17/Oct/2023:13:01:08 -0500] "POST /forms/lservlet;jsessionid=ac16012b30d6d38790c287764274bc7ebbfb504ae1d9.e3iSbxaKaheRe34Pbx8Nc3aQci1ynknvrkLOlQzNp65In0 HTTP/1.1" 200 2
201.245.192.253 - - [17/Oct/2023:13:01:54 -0500] "POST /kwsrmcab/Wsrmcab  HTTP/1.1" 200 40844
186.29.100.200 - - [17/Oct/2023:13:02:20 -0500] "GET /guadalupe-aguanoso-un-nuevo-tramo-de-camino-para-disfrutar-en-los-cerros-orientales.html HTTP/1.1" 200 795
201.245.192.253 - - [17/Oct/2023:13:02:28 -0500] "POST /forms/lservlet;jsessionid=ac16012b30d65e6f2539d893487fae2aaa53fb20822f.e3iSbxaKaheRe34Pbx8Nc3aQci1ynknvrkLOlQzNp65In0 HTTP/1.1" 200 2
179.19.93.141 - - [17/Oct/2023:13:02:30 -0500] "GET /kwssiamovil/sm/acme/u?s=U2FsdGVkX1+rLOc/2/K0VjOGMEJ5ImCx5ufECJkKOYU/xaMAz8O3S4nxbYRsZsxsz1lGF7vbk9YR3TFVb1x023/DXM9O9VZ0KmxnmOic/8Wx32Q4Ob7WcJg53dgEEhm7bu6YVr3IWKpgez+ksuEAS/WtsO1nWzUDY1cPtvebjaY=&u=U2FsdGVkX1/clizT/M9OtUFqQsgZWEJVTHoalfYDY4A=&y=U2FsdGVkX1+nZIc8OAM/Pz+y96qX2GEfFROHDaVo1DSZwTVTf6SDQqq7+P7mCWrR HTTP/1.1" 200 60
201.245.192.253 - - [17/Oct/2023:13:03:08 -0500] "POST /forms/lservlet;jsessionid=ac16012b30d6d38790c287764274bc7ebbfb504ae1d9.e3iSbxaKaheRe34Pbx8Nc3aQci1ynknvrkLOlQzNp65In0 HTTP/1.1" 200 2
172.22.2.4 - - [17/Oct/2023:13:03:18 -0500] "GET /BLA/boletinlegal/robots.txt HTTP/1.1" 404 1038
201.245.192.253 - - [17/Oct/2023:13:03:32 -0500] "GET /appsia/controlador HTTP/1.1" 200 4799
201.245.192.253 - - [17/Oct/2023:13:03:32 -0500] "GET /appsia/css/estilos.css HTTP/1.1" 200 4804
201.245.192.253 - - [17/Oct/2023:13:03:32 -0500] "GET /appsia/scripts/validarIngreso.js HTTP/1.1" 200 851
201.245.192.253 - - [17/Oct/2023:13:03:32 -0500] "GET /appsia/images/logo_bogota_p.png HTTP/1.1" 200 14951
201.245.192.253 - - [17/Oct/2023:13:03:32 -0500] "GET /appsia/images/cabezoteHojaVida.png HTTP/1.1" 200 32493
201.245.192.253 - - [17/Oct/2023:13:03:32 -0500] "GET /favicon.ico HTTP/1.1" 200 7782
172.22.2.4 - - [17/Oct/2023:13:03:54 -0500] "GET /BLA/boletinlegal/normativa.php HTTP/1.1" 200 8343
172.22.2.4 - - [17/Oct/2023:13:03:54 -0500] "GET /BLA/boletinlegal/styles2.css HTTP/1.1" 200 1838
172.22.2.4 - - [17/Oct/2023:13:03:54 -0500] "GET /BLA/boletinlegal/js/ajax_normativa.js HTTP/1.1" 200 1154
172.22.2.4 - - [17/Oct/2023:13:03:54 -0500] "GET /BLA/boletinlegal/niceforms-default.css HTTP/1.1" 200 6694
172.22.2.4 - - [17/Oct/2023:13:03:54 -0500] "GET /BLA/boletinlegal/style.css HTTP/1.1" 200 9406
172.22.2.4 - - [17/Oct/2023:13:03:54 -0500] "GET /BLA/boletinlegal/niceforms.js HTTP/1.1" 200 22876
172.22.2.4 - - [17/Oct/2023:13:03:54 -0500] "GET /BLA/boletinlegal/images/cabezote%20BLEGAL.jpg HTTP/1.1" 200 118164
172.22.2.4 - - [17/Oct/2023:13:03:54 -0500] "GET /BLA/boletinlegal/images/subscribe-icon-big.png HTTP/1.1" 200 47702
172.22.2.4 - - [17/Oct/2023:13:03:54 -0500] "GET /BLA/boletinlegal/images/historia.png HTTP/1.1" 200 52775
172.22.2.4 - - [17/Oct/2023:13:03:54 -0500] "GET /BLA/boletinlegal/images/icono-email.png HTTP/1.1" 200 5544
172.22.2.4 - - [17/Oct/2023:13:03:54 -0500] "GET /BLA/boletinlegal/images/registro-usuarios.png HTTP/1.1" 200 8106
172.22.2.4 - - [17/Oct/2023:13:03:54 -0500] "GET /BLA/boletinlegal/images/tel.png HTTP/1.1" 200 14477
172.22.2.4 - - [17/Oct/2023:13:03:54 -0500] "GET /BLA/boletinlegal/images/body_bg.jpg HTTP/1.1" 200 1601
172.22.2.4 - - [17/Oct/2023:13:03:54 -0500] "GET /BLA/boletinlegal/images/menu_lft.gif HTTP/1.1" 200 1713
172.22.2.4 - - [17/Oct/2023:13:03:54 -0500] "GET /BLA/boletinlegal/images/menu_rght.gif HTTP/1.1" 200 1627
172.22.2.4 - - [17/Oct/2023:13:03:54 -0500] "GET /BLA/boletinlegal/images/bg_top.jpg HTTP/1.1" 200 522
172.22.2.4 - - [17/Oct/2023:13:03:54 -0500] "GET /BLA/boletinlegal/images/hover.jpg HTTP/1.1" 200 640
172.22.2.4 - - [17/Oct/2023:13:03:54 -0500] "GET /BLA/boletinlegal/images/text.jpg HTTP/1.1" 200 568
172.22.2.4 - - [17/Oct/2023:13:03:54 -0500] "GET /BLA/boletinlegal/images/menu_bg.jpg HTTP/1.1" 200 620
172.22.2.4 - - [17/Oct/2023:13:03:54 -0500] "GET /BLA/boletinlegal/images/footer_bg_l.jpg HTTP/1.1" 200 776
172.22.2.4 - - [17/Oct/2023:13:03:54 -0500] "GET /BLA/boletinlegal/images/footer_bg.jpg HTTP/1.1" 200 586
172.22.2.4 - - [17/Oct/2023:13:03:55 -0500] "GET /BLA/boletinlegal/img/0.png HTTP/1.1" 200 110
172.22.2.4 - - [17/Oct/2023:13:03:55 -0500] "GET /BLA/boletinlegal/img/button-left.png HTTP/1.1" 200 57071
172.22.2.4 - - [17/Oct/2023:13:03:55 -0500] "GET /BLA/boletinlegal/img/select-left.png HTTP/1.1" 200 263
172.22.2.4 - - [17/Oct/2023:13:03:55 -0500] "GET /BLA/boletinlegal/img/button.png HTTP/1.1" 200 43241
172.22.2.4 - - [17/Oct/2023:13:03:55 -0500] "GET /BLA/boletinlegal/img/select-right.png HTTP/1.1" 200 44019
172.22.2.4 - - [17/Oct/2023:13:03:55 -0500] "GET /BLA/boletinlegal/img/button-right.png HTTP/1.1" 200 57878
172.22.2.4 - - [17/Oct/2023:13:03:55 -0500] "GET /BLA/boletinlegal/favicon.ico HTTP/1.1" 404 1334
216.245.221.92 - - [17/Oct/2023:13:03:56 -0500] "HEAD / HTTP/1.1" 200 -
