181.237.173.228 - - [20/Oct/2023:13:48:02 -0500] "GET /kwssiamovil/sm/acme/a?s=U2FsdGVkX192KgF1aazplvzaj6BC1QzYZvol29ew6zcMKeYRvE+Gc5W/CobDIOLEuHRjA809DDx8zOeUJmWHJ5EjevaDAXsFTlZFUz7MFEeb0GgnzQG0WnEzFCuyUeE1/pt7CJkZq9Upq4GzdTlVsBGpFAbXs6JB74u9/K0bhZuDycu+2HMY3zwLExtPMoQhxttTNWMSlcKXnUbmsNI260O2/x08G9OIFFZVneK3iSTHjYjYRAViJAaZUIuFWHu+dzFV5kk1rTP2PVHyoOIbonlKbc3bFeNby/gsnObwYzQpsrLm/q+7kIQGFPooGNTcehCCmwGA5+zytSP9+E4VnUmJYxwl62oJlDUdThuo5lo1COySG7GTPPFabX0527nwtr3OJLi1LrJLKcc/zjUDo1LSpevSXe4kv4/1XZsuZU4jXq2r0w6N8TwvCPezJAdOOLuVUP4OpgvR9hEDB9HYmvGzeyvmjP9Mxa4wKhzzVIbflWUbW/Gv8iqkmMkw4eYlAIynlnSbzW1UsEiT9uvyQ42LWkb5dCikx193nP9JxmvPt+Gvc1k2e/XzolFQhN02TPSYKfmvXYYgcoTODg6smKCiQxsLMPBRLfLYSbPJR+BnkGtxpQ7B+K9opK14wdGpJ3Tj0HxaxH2bVaEdyeQ4rCKPt+HVwpmZ9WH8wzwvOKHzc+N19EpkN9HCuAFlG+1d0aslfmE0bvhBgapbP++hDPx0jOEwoWC5O+Y2Xd5Y1gDzowS4cV4emoYJavbdtLJeb5h8N7MTToEYhzRMzMDVXLVdpHQE+zjoY9CeI0zHzwLSurPMs+BeE9ZmUDpPELF20Dgeklhsz2o14oPNuy5pRsBMr7rjM+4AzNq30+SPLHOL1If0kXeS+XpLzDgJ8uN74nySbE4LUfv2z/ygSSKFp/51/kvnakXyo8xTI0EwyPKUc2tni2CD/n8Kzg4gkN3BJf+ym7wx4gf5jCoR+5EgA9ctYCRQ+bTEZ+ZKDjGhPrBy9l9LPQGodMyyyoe0C3yZxU3oeWLm7/gH90XKP9BXBiDefY1MA069EprjCd6hSsE2kGAOYJckoHM12qfmMvfsNQGDwXVkD87waLfvE+xdLNFFyeBmcv7G3Tzp2WDfpLEDDFeH1oadpB7GmhF0iOthcLOBi/6Q4tWgQcqUCOPMOMyuZsNQedCR4uFatKlaIQN2qmS0PDQCvqaQJIWG0VF/UlyuGsmFivwXyR9+0qwej4+02q7mMNbk5nFtipbq8S6wtly1BEsKekPrmcA4pPB6NdFEs/+U12zTB6gmg+N/53avj1sVdyApV5QSSudsLLk6CnhlRlxoE/jJsyggul5JziOQ4c69HWR9sgLlDTogJ3R3+EMvUq8bfjVKisnC0vbdRWjvLTbjDQ2cw1l2kiVYcD9wZkCN+AQJsU1jNBv6vUDNmyEzGQr4pG2mDkEEU5nr5k4pPph4YEfaS/Q7eIM9mD/TJ5lYYvePSV7Gwl/3J6MF3gb7UJWCJBvReTgR2yybsHq6JwCJhET5NYHLeA2Mlvl1+0UeSCVPkD1AG9n7rKJouwOlyGqVFrDtrv2ZvoMTpyPU8AQe2OkeHVZD2o45EuiOnppN+ad4n1HoGkMgK0srZEQKAY7HjEd9Y11KslyOENzpZwgqID0Otg2kNmlTF6qsF0TpQEoKAWg6ukbYQLdHW0CA7/q4zXbOa6Y86mLi6bq1eJ6Da5/z463ixmP9THjDizsImq6UH0wt9kCPuHfZ4iaTyNYoewI7gvZOtDy/GypuXnUH03/lD7aevAW3IKHZePGgVZTj4YRZONd0yBySpOSrGjXKyfpnZ+xv1NAS4jY0pJrOMvgazPwcaTFAiLniK9O6jKJ11vicF7RCIXRBPQQWgy6g2PJqMee5jk9kDL/H5HpdPBFrfGFhAMqM&u=U2FsdGVkX1+kuo7yLD+rffT9mXX79i/Ty/NdV+5BlvYvEVKwzHOnaQhgkTeZiBzj&y=U2FsdGVkX19t9MojYD53PWuQ9qD9RBO3lgeuvjNsc5KMyqYtU0rSuS/uUlpU4bJE HTTP/1.1" 200 26
181.237.173.228 - - [20/Oct/2023:13:48:05 -0500] "GET /kwssiamovil/sm/acme/a?s=U2FsdGVkX185EMaJZdtK9R11YJznuIhSdhg5VQyR7QUMWwViZjs+UqB0nnfUk7twIfoA5usCWyOFFr67F1k3BqUMTi50wffuLqAezZ7Q4toR79VjXws68kljcOqLaZbx+KFHCW7wJmGl1zbT+Ed1ZAuPyOC1dLbAtAfLFKr6oKI=&u=U2FsdGVkX1+kuo7yLD+rffT9mXX79i/Ty/NdV+5BlvYvEVKwzHOnaQhgkTeZiBzj&y=U2FsdGVkX19t9MojYD53PWuQ9qD9RBO3lgeuvjNsc5KMyqYtU0rSuS/uUlpU4bJE HTTP/1.1" 200 26
181.237.173.228 - - [20/Oct/2023:13:48:08 -0500] "GET /kwssiamovil/sm/acme/a?s=U2FsdGVkX1+mXvabSkCc8zbAUSSwX/ERSug0yMG1tIUKG9mijoGZLONdtIq41bf8k3+Q+6ZtFPuEo2gKRTXQehCxnG3lpH5YYVkErrUBkvtchELF9vDd7+wQ4cPKW5Ej9eV+LKYsQwz88GJRS3RM1Tm++jGjSsuDVPc5u3WKqjc=&u=U2FsdGVkX1+kuo7yLD+rffT9mXX79i/Ty/NdV+5BlvYvEVKwzHOnaQhgkTeZiBzj&y=U2FsdGVkX19t9MojYD53PWuQ9qD9RBO3lgeuvjNsc5KMyqYtU0rSuS/uUlpU4bJE HTTP/1.1" 200 26
181.237.173.228 - - [20/Oct/2023:13:48:11 -0500] "GET /kwssiamovil/sm/acme/a?s=U2FsdGVkX18hzoPvFtc7mjRjZdCLLTDU2CU1qVYFwT4kWwDdGkhnoOGi5PbGPUUSYtbCD7x9yygd935oFws6ut7Y9IwaQcSpJfclzZkGOSIDkNz4/OoLBCIzckaBRh0yp/iU2/11zDSMfcroxchsLWkSWIZfesX9lpaDcaNEcpg=&u=U2FsdGVkX1+kuo7yLD+rffT9mXX79i/Ty/NdV+5BlvYvEVKwzHOnaQhgkTeZiBzj&y=U2FsdGVkX19t9MojYD53PWuQ9qD9RBO3lgeuvjNsc5KMyqYtU0rSuS/uUlpU4bJE HTTP/1.1" 200 26
181.237.173.228 - - [20/Oct/2023:13:48:14 -0500] "GET /kwssiamovil/sm/acme/a?s=U2FsdGVkX187kirrXBSCmOH++vYyVhrJVMeYDu924Zf8DKfwwyLdaES7jZdidylpnxyfWlQGHUIb/m+xLxzTsv3qrjEBoAodznFL18aFhJ6RAumrgI8xV8DVn2vVB68dY9KiL9CN4tJ4Q5uT0vkIrzgMCXg33VwyuRPzLMg+rYCn9YFBtS3GoY+DfSTlDidnDVG+GUD4JbjkmjcT/q8row==&u=U2FsdGVkX1+kuo7yLD+rffT9mXX79i/Ty/NdV+5BlvYvEVKwzHOnaQhgkTeZiBzj&y=U2FsdGVkX19t9MojYD53PWuQ9qD9RBO3lgeuvjNsc5KMyqYtU0rSuS/uUlpU4bJE HTTP/1.1" 200 26
40.77.167.1 - - [20/Oct/2023:13:48:32 -0500] "GET /BLA/resoluciones/AUTOS%202022/3789.pdf HTTP/1.1" 304 -
40.77.167.1 - - [20/Oct/2023:13:48:45 -0500] "GET /BLA/resoluciones/RESOLUCIONES%202023/0907.pdf HTTP/1.1" 200 522520
201.245.192.253 - - [20/Oct/2023:13:48:57 -0500] "POST /forms/lservlet;jsessionid=ac16012b30d656b142fdde064d2fb44da24020c7bd50.e3iSbxaKaheRe34Pbx8Nc3aQci1ynknvrkLOlQzNp65In0 HTTP/1.1" 200 2
186.84.91.99 - - [20/Oct/2023:13:49:09 -0500] "GET /BLA/resoluciones/RESOLUCIONES%202023/0086.pdf HTTP/1.1" 200 1135497
186.84.91.99 - - [20/Oct/2023:13:49:14 -0500] "GET /BLA/resoluciones/RESOLUCIONES%202023/0089.pdf HTTP/1.1" 200 489334
186.84.91.99 - - [20/Oct/2023:13:49:23 -0500] "GET /BLA/resoluciones/RESOLUCIONES%202023/0094.pdf HTTP/1.1" 200 394385
186.84.91.99 - - [20/Oct/2023:13:49:31 -0500] "GET /BLA/resoluciones/RESOLUCIONES%202023/0095.pdf HTTP/1.1" 200 855777
216.245.221.92 - - [20/Oct/2023:13:49:35 -0500] "HEAD / HTTP/1.1" 200 -
186.84.91.99 - - [20/Oct/2023:13:49:38 -0500] "GET /BLA/resoluciones/RESOLUCIONES%202023/0096.pdf HTTP/1.1" 200 389446
186.84.91.99 - - [20/Oct/2023:13:49:45 -0500] "GET /BLA/resoluciones/RESOLUCIONES%202023/0097.pdf HTTP/1.1" 200 389977
186.84.91.99 - - [20/Oct/2023:13:49:49 -0500] "GET /BLA/resoluciones/RESOLUCIONES%202023/0098.pdf HTTP/1.1" 200 389252
201.245.192.253 - - [20/Oct/2023:13:49:58 -0500] "POST /forms/lservlet;jsessionid=ac16012b30d66c604508abbb4d319f23fcb845129ef7.e3iSbxaKaheRe34Pbx8Nc3aQci1ynknvrkLOlQzNp65In0 HTTP/1.1" 200 2
186.84.91.99 - - [20/Oct/2023:13:49:59 -0500] "GET /BLA/resoluciones/RESOLUCIONES%202023/0104.pdf HTTP/1.1" 200 481749
201.245.192.253 - - [20/Oct/2023:13:50:57 -0500] "POST /forms/lservlet;jsessionid=ac16012b30d656b142fdde064d2fb44da24020c7bd50.e3iSbxaKaheRe34Pbx8Nc3aQci1ynknvrkLOlQzNp65In0 HTTP/1.1" 200 2
190.147.4.79 - - [20/Oct/2023:13:51:43 -0500] "POST /sipse/faces/presentacion/financiero/solicitudProceso/consultarSolicitudProceso.xhtml HTTP/1.1" 200 63544
190.147.4.79 - - [20/Oct/2023:13:51:45 -0500] "GET /sipse/css/custom_css_sg.css HTTP/1.1" 304 -
190.147.4.79 - - [20/Oct/2023:13:51:45 -0500] "GET /sipse/faces/javax.faces.resource/jquery/jquery.js?ln=primefaces&v=4.0 HTTP/1.1" 304 -
190.147.4.79 - - [20/Oct/2023:13:51:45 -0500] "GET /sipse/faces/javax.faces.resource/layout/layout.css?ln=primefaces&v=4.0 HTTP/1.1" 304 -
190.147.4.79 - - [20/Oct/2023:13:51:45 -0500] "GET /sipse/faces/javax.faces.resource/primefaces.css?ln=primefaces&v=4.0 HTTP/1.1" 304 -
190.147.4.79 - - [20/Oct/2023:13:51:45 -0500] "GET /sipse/faces/javax.faces.resource/theme.css?ln=primefaces-sipse HTTP/1.1" 304 -
190.147.4.79 - - [20/Oct/2023:13:51:45 -0500] "GET /sipse/faces/javax.faces.resource/jquery/jquery-plugins.js?ln=primefaces&v=4.0 HTTP/1.1" 304 -
190.147.4.79 - - [20/Oct/2023:13:51:46 -0500] "GET /sipse/faces/javax.faces.resource/primefaces.js?ln=primefaces&v=4.0 HTTP/1.1" 304 -
190.147.4.79 - - [20/Oct/2023:13:51:46 -0500] "GET /sipse/faces/javax.faces.resource/layout/layout.js?ln=primefaces&v=4.0 HTTP/1.1" 304 -
190.147.4.79 - - [20/Oct/2023:13:51:46 -0500] "GET /sipse/css/imagen/logoSDG.png HTTP/1.1" 304 -
190.147.4.79 - - [20/Oct/2023:13:51:46 -0500] "GET /sipse/css/imagen/contrasena.png HTTP/1.1" 404 383
190.147.4.79 - - [20/Oct/2023:13:51:46 -0500] "POST /sipse/faces/presentacion/financiero/solicitudProceso/listarSolicitudProceso.xhtml HTTP/1.1" 200 56916
190.147.4.79 - - [20/Oct/2023:13:51:47 -0500] "POST /sipse/faces/presentacion/financiero/solicitudProceso/listarSolicitudProceso.xhtml HTTP/1.1" 200 56916
190.147.4.79 - - [20/Oct/2023:13:51:47 -0500] "POST /sipse/faces/presentacion/financiero/solicitudProceso/listarSolicitudProceso.xhtml HTTP/1.1" 200 56916
190.147.4.79 - - [20/Oct/2023:13:51:48 -0500] "POST /sipse/faces/presentacion/financiero/solicitudProceso/listarSolicitudProceso.xhtml HTTP/1.1" 200 56916
186.84.91.99 - - [20/Oct/2023:13:51:49 -0500] "GET /BLA/resoluciones/RESOLUCIONES%202023/0105.pdf HTTP/1.1" 200 523908
190.147.4.79 - - [20/Oct/2023:13:51:49 -0500] "POST /sipse/faces/presentacion/financiero/solicitudProceso/listarSolicitudProceso.xhtml HTTP/1.1" 200 1544
190.147.4.79 - - [20/Oct/2023:13:51:49 -0500] "POST /sipse/faces/presentacion/financiero/solicitudProceso/listarSolicitudProceso.xhtml HTTP/1.1" 200 1548
190.147.4.79 - - [20/Oct/2023:13:51:50 -0500] "POST /sipse/faces/presentacion/financiero/solicitudProceso/listarSolicitudProceso.xhtml HTTP/1.1" 200 1548
190.147.4.79 - - [20/Oct/2023:13:51:50 -0500] "POST /sipse/faces/presentacion/financiero/solicitudProceso/listarSolicitudProceso.xhtml HTTP/1.1" 200 1548
190.147.4.79 - - [20/Oct/2023:13:51:51 -0500] "POST /sipse/faces/presentacion/financiero/solicitudProceso/listarSolicitudProceso.xhtml HTTP/1.1" 200 1548
186.84.91.99 - - [20/Oct/2023:13:51:54 -0500] "GET /BLA/resoluciones/RESOLUCIONES%202023/0107.pdf HTTP/1.1" 200 545948
201.245.192.253 - - [20/Oct/2023:13:51:58 -0500] "POST /forms/lservlet;jsessionid=ac16012b30d66c604508abbb4d319f23fcb845129ef7.e3iSbxaKaheRe34Pbx8Nc3aQci1ynknvrkLOlQzNp65In0 HTTP/1.1" 200 2
186.84.91.99 - - [20/Oct/2023:13:52:09 -0500] "GET /BLA/resoluciones/RESOLUCIONES%202023/0106.pdf HTTP/1.1" 200 471906
201.245.192.253 - - [20/Oct/2023:13:52:48 -0500] "POST /kwsrmcab/Wsrmcab  HTTP/1.1" 200 40804
172.22.2.4 - - [20/Oct/2023:13:51:11 -0500] "HEAD /BLA/boletinlegal/ HTTP/1.1" 200 -
201.245.192.253 - - [20/Oct/2023:13:52:57 -0500] "POST /forms/lservlet;jsessionid=ac16012b30d656b142fdde064d2fb44da24020c7bd50.e3iSbxaKaheRe34Pbx8Nc3aQci1ynknvrkLOlQzNp65In0 HTTP/1.1" 200 2
172.22.2.4 - - [20/Oct/2023:13:53:01 -0500] "GET /BLA/boletinlegal/consulta_actos.php?tipo=resoluciones&no=1455&usuario=&sector=&fecha=2011&resuelve= HTTP/1.1" 200 1087
66.249.66.21 - - [20/Oct/2023:13:53:02 -0500] "GET /robots.txt HTTP/1.1" 404 1018
66.249.66.21 - - [20/Oct/2023:13:53:02 -0500] "GET /BLA/resoluciones/RESOLUCIONES%202011/6971.pdf HTTP/1.1" 304 -
201.245.192.253 - - [20/Oct/2023:13:53:05 -0500] "GET /BLA/resoluciones/RESOLUCIONES%202011/1455.pdf HTTP/1.1" 200 523286
201.245.192.253 - - [20/Oct/2023:13:53:05 -0500] "GET /BLA/resoluciones/RESOLUCIONES%202011/1455.pdf HTTP/1.1" 200 523286
201.245.192.253 - - [20/Oct/2023:13:53:05 -0500] "GET /BLA/resoluciones/RESOLUCIONES%202011/1455.pdf HTTP/1.1" 206 1025
172.22.2.4 - - [20/Oct/2023:13:53:13 -0500] "GET /BLA/boletinlegal/consulta_actos.php?tipo=resoluciones&no=1451&usuario=&sector=&fecha=2011&resuelve= HTTP/1.1" 200 1079
201.245.192.253 - - [20/Oct/2023:13:53:19 -0500] "GET /BLA/resoluciones/RESOLUCIONES%202011/1451.pdf HTTP/1.1" 200 967866
201.245.192.253 - - [20/Oct/2023:13:53:19 -0500] "GET /BLA/resoluciones/RESOLUCIONES%202011/1451.pdf HTTP/1.1" 206 1025
201.245.192.253 - - [20/Oct/2023:13:53:19 -0500] "GET /BLA/resoluciones/RESOLUCIONES%202011/1451.pdf HTTP/1.1" 200 967866
172.22.2.4 - - [20/Oct/2023:13:52:02 -0500] "GET /BLA/boletinlegal/ HTTP/1.1" 200 53502
52.167.144.210 - - [20/Oct/2023:13:53:57 -0500] "GET /sipse/faces/faces/autenticacion.xhtml HTTP/1.1" 200 12727
201.245.192.253 - - [20/Oct/2023:13:53:58 -0500] "POST /forms/lservlet;jsessionid=ac16012b30d66c604508abbb4d319f23fcb845129ef7.e3iSbxaKaheRe34Pbx8Nc3aQci1ynknvrkLOlQzNp65In0 HTTP/1.1" 200 2
172.22.2.4 - - [20/Oct/2023:13:52:43 -0500] "GET /BLA/boletinlegal/ HTTP/1.1" 200 54996
216.245.221.92 - - [20/Oct/2023:13:54:35 -0500] "HEAD / HTTP/1.1" 200 -
52.167.144.210 - - [20/Oct/2023:13:54:48 -0500] "GET /BLA/resoluciones/RESOLUCIONES%202023/1715.pdf HTTP/1.1" 200 464870
201.245.192.253 - - [20/Oct/2023:13:54:57 -0500] "POST /forms/lservlet;jsessionid=ac16012b30d656b142fdde064d2fb44da24020c7bd50.e3iSbxaKaheRe34Pbx8Nc3aQci1ynknvrkLOlQzNp65In0 HTTP/1.1" 200 2
191.156.58.21 - - [20/Oct/2023:13:55:05 -0500] "GET /ni-plaga-ni-invasor-el-curi-un-mamifero-dispersor-de-semillas.html HTTP/1.1" 200 782
201.245.192.253 - - [20/Oct/2023:13:55:58 -0500] "POST /forms/lservlet;jsessionid=ac16012b30d66c604508abbb4d319f23fcb845129ef7.e3iSbxaKaheRe34Pbx8Nc3aQci1ynknvrkLOlQzNp65In0 HTTP/1.1" 200 2
172.22.2.4 - - [20/Oct/2023:13:55:18 -0500] "GET /BLA/boletinlegal/ HTTP/1.1" 200 32715
52.167.144.210 - - [20/Oct/2023:13:56:00 -0500] "GET /Publicaciones/2023EE239260.pdf HTTP/1.1" 200 1091195
186.84.91.99 - - [20/Oct/2023:13:56:51 -0500] "GET /BLA/resoluciones/RESOLUCIONES%202023/0108.pdf HTTP/1.1" 200 382070
201.245.192.253 - - [20/Oct/2023:13:56:57 -0500] "POST /forms/lservlet;jsessionid=ac16012b30d656b142fdde064d2fb44da24020c7bd50.e3iSbxaKaheRe34Pbx8Nc3aQci1ynknvrkLOlQzNp65In0 HTTP/1.1" 200 2
190.147.4.79 - - [20/Oct/2023:13:57:24 -0500] "POST /sipse/faces/presentacion/financiero/solicitudProceso/listarSolicitudProceso.xhtml HTTP/1.1" 200 31822
190.147.4.79 - - [20/Oct/2023:13:57:26 -0500] "POST /sipse/faces/presentacion/financiero/solicitudProceso/listarSolicitudProceso.xhtml HTTP/1.1" 200 22705
201.245.192.253 - - [20/Oct/2023:13:57:47 -0500] "POST /kwsrmcab/Wsrmcab  HTTP/1.1" 200 40804
201.245.192.253 - - [20/Oct/2023:13:57:58 -0500] "POST /forms/lservlet;jsessionid=ac16012b30d66c604508abbb4d319f23fcb845129ef7.e3iSbxaKaheRe34Pbx8Nc3aQci1ynknvrkLOlQzNp65In0 HTTP/1.1" 200 2
172.22.2.4 - - [20/Oct/2023:13:57:01 -0500] "HEAD /BLA/boletinlegal/ HTTP/1.1" 200 -
201.245.192.253 - - [20/Oct/2023:13:58:57 -0500] "POST /forms/lservlet;jsessionid=ac16012b30d656b142fdde064d2fb44da24020c7bd50.e3iSbxaKaheRe34Pbx8Nc3aQci1ynknvrkLOlQzNp65In0 HTTP/1.1" 200 2
186.102.80.32 - - [20/Oct/2023:13:59:23 -0500] "GET /kwssiamovil/sm/acme/u?s=U2FsdGVkX1+wHBW9A3vKYtLXq2VGBg5iS8A+mFx9nlIVm9ANul5NFA0ztWyPfdTM3/14KrO2ZYMoSO1TcH0UGYZYK4rWWxJqsqnTXT503kpzaIq0fsbdr1uN1/qYV+LxXZI931l8WnHKpYjXOA46xmgxUfbHjqpdu7bAeMBkKDA=&u=U2FsdGVkX18EEGkgYcmE4dye3teeSZvE+xAOWyD1yV0=&y=U2FsdGVkX1/e9Jjhkiq8hzallIpMVZbl9PK5Aaj/NIE= HTTP/1.1" 200 60
172.22.2.4 - - [20/Oct/2023:13:57:52 -0500] "GET /BLA/boletinlegal/ HTTP/1.1" 200 57816
216.245.221.92 - - [20/Oct/2023:13:59:35 -0500] "HEAD / HTTP/1.1" 200 -
186.84.91.99 - - [20/Oct/2023:13:59:37 -0500] "GET /BLA/resoluciones/RESOLUCIONES%202023/0123.pdf HTTP/1.1" 200 1224653
186.84.91.99 - - [20/Oct/2023:13:59:42 -0500] "GET /BLA/resoluciones/RESOLUCIONES%202023/0138.pdf HTTP/1.1" 200 958400
186.84.91.99 - - [20/Oct/2023:13:59:50 -0500] "GET /BLA/resoluciones/RESOLUCIONES%202023/0141.pdf HTTP/1.1" 200 402590
186.84.91.99 - - [20/Oct/2023:13:59:54 -0500] "GET /BLA/resoluciones/RESOLUCIONES%202023/0142.pdf HTTP/1.1" 200 406761
201.245.192.253 - - [20/Oct/2023:13:59:58 -0500] "POST /forms/lservlet;jsessionid=ac16012b30d66c604508abbb4d319f23fcb845129ef7.e3iSbxaKaheRe34Pbx8Nc3aQci1ynknvrkLOlQzNp65In0 HTTP/1.1" 200 2
186.84.91.99 - - [20/Oct/2023:14:00:00 -0500] "GET /BLA/resoluciones/RESOLUCIONES%202023/0145.pdf HTTP/1.1" 200 402315
186.84.91.99 - - [20/Oct/2023:14:00:05 -0500] "GET /BLA/resoluciones/RESOLUCIONES%202023/0147.pdf HTTP/1.1" 200 413187
186.84.91.99 - - [20/Oct/2023:14:00:09 -0500] "GET /BLA/resoluciones/RESOLUCIONES%202023/0200.pdf HTTP/1.1" 200 416704
201.245.192.253 - - [20/Oct/2023:14:00:57 -0500] "POST /forms/lservlet;jsessionid=ac16012b30d656b142fdde064d2fb44da24020c7bd50.e3iSbxaKaheRe34Pbx8Nc3aQci1ynknvrkLOlQzNp65In0 HTTP/1.1" 200 2
172.22.2.4 - - [20/Oct/2023:14:01:07 -0500] "GET /BLA/boletinlegal/consulta_actos.php?tipo=resoluciones&no=1463&usuario=&sector=&fecha=2011&resuelve= HTTP/1.1" 200 1079
201.245.192.253 - - [20/Oct/2023:14:01:09 -0500] "GET /BLA/resoluciones/RESOLUCIONES%202011/1463.pdf HTTP/1.1" 200 616112
201.245.192.253 - - [20/Oct/2023:14:01:09 -0500] "GET /BLA/resoluciones/RESOLUCIONES%202011/1463.pdf HTTP/1.1" 200 616112
201.245.192.253 - - [20/Oct/2023:14:01:09 -0500] "GET /BLA/resoluciones/RESOLUCIONES%202011/1463.pdf HTTP/1.1" 206 1025
201.245.192.253 - - [20/Oct/2023:14:01:58 -0500] "POST /forms/lservlet;jsessionid=ac16012b30d66c604508abbb4d319f23fcb845129ef7.e3iSbxaKaheRe34Pbx8Nc3aQci1ynknvrkLOlQzNp65In0 HTTP/1.1" 200 2
201.245.192.253 - - [20/Oct/2023:14:02:46 -0500] "POST /kwsrmcab/Wsrmcab  HTTP/1.1" 200 40804
201.245.192.253 - - [20/Oct/2023:14:02:57 -0500] "POST /forms/lservlet;jsessionid=ac16012b30d656b142fdde064d2fb44da24020c7bd50.e3iSbxaKaheRe34Pbx8Nc3aQci1ynknvrkLOlQzNp65In0 HTTP/1.1" 200 2
201.245.192.253 - - [20/Oct/2023:14:03:18 -0500] "GET /sipse/faces/javax.faces.resource/images/ui-bg_flat_0_2d5972_40x100.png?ln=primefaces-aristo HTTP/1.1" 304 -
201.245.192.253 - - [20/Oct/2023:14:03:18 -0500] "POST /sipse/faces/presentacion/financiero/solicitudProceso/consultarSolicitudProceso.xhtml HTTP/1.1" 200 5786
201.245.192.253 - - [20/Oct/2023:14:03:58 -0500] "POST /forms/lservlet;jsessionid=ac16012b30d66c604508abbb4d319f23fcb845129ef7.e3iSbxaKaheRe34Pbx8Nc3aQci1ynknvrkLOlQzNp65In0 HTTP/1.1" 200 2
52.167.144.228 - - [20/Oct/2023:14:04:04 -0500] "GET /BLA/resoluciones/AUTOS%202019/3076.pdf HTTP/1.1" 304 -
186.102.80.32 - - [20/Oct/2023:14:04:07 -0500] "GET /kwssiamovil/sm/ldap/au?x=U2FsdGVkX18rj/1E3klk/CtFRh7K0Z4SpxTVJdg769yIHilI7rAzKM+a0yQt2h5N&y=U2FsdGVkX1/YVg1EYPDHUdwHwtkoxuzrXrihyOpo568= HTTP/1.1" 200 30
186.102.80.32 - - [20/Oct/2023:14:04:07 -0500] "GET /kwssiamovil/sm/acme/s?s=U2FsdGVkX19lnqrGyoNYSx8eMirCdrPkAWLG44A5tP29bTcNOO70z0pDoBs96oF6E/eawaBRJcndiuSs9N6ig01krkk4fwGkHvPH01CWi4g=&u=U2FsdGVkX190V30neGU+iyH2I8Ceen1yarqjH1trsKI=&y=U2FsdGVkX1/YVg1EYPDHUdwHwtkoxuzrXrihyOpo568= HTTP/1.1" 200 97
186.102.80.32 - - [20/Oct/2023:14:04:07 -0500] "GET /kwssiamovil/sm/acme/s?s=U2FsdGVkX18u21zhy7B0WyJaCX2C2pm6g8mPCf+UkuimGplcL3l71GbaAgEDUPaBFyHtICEnZPYzwa6jVSIBxiZU25EyOvrUEVhjfEICg8/VgE9dE4J6SGh32X5CdFK0NjN4RTPvHw/5PxWgyNMFerDG9GqnSL/56soZ15KEcSqDow9ZwZU/QApxmi29l+taQwcEphxM35sxatkWGsz7o1Qpb7qqhRIOYwnkOkG/LKNIvHQf1gxXfz145uRyQMfNNBADcmkA8w88iyN63dPNt+HWvd92FUYCwsQCqIZFkOS+RYxg5BO7ZciOSO7RH/pI1/FoG8iewPQl2ixIx29sIG6nrL5+UQqdZzMireMW05bxPEfvHckCxSJsOoC44n5qmmq9a/KNBvKJERsNc5y5bMsZAYdfTKEE25wZj2czNfKJpRHR8mdaszURreNozNv7f06mpszeAw7LUYLzvPXR9AZ3di1CJ8jtXFWERks82f/6Co5aIOKPxV0IeLOyQCaf7BsJutFJQGNnH5f8RXq6J4VmxaUg20FxGUmijA1A2gLNSBfiyDaEIOy210A9CPI69IdMpKAU2pC767RmCHC+tz5wf7W7EF952ZR+kMqpV2jp14NylFpmC7gbDXFz01/Gwm6+xuf75SyiXlEuktBb2uQ6ycpKaw6IQ4Hrmr6Kry+NDS1zJd4/4PArwmOfKLtvzc0L6DjrKtykbTBj8MlDqu/Sl/GCh2QULTlfi2K+tsbCG1d4AbFHdX1ZN3eP3FOkJUmXssKNkS1NqhUB8IZU4KMVEYSvtZ9JB6K1xeKeDZniFc3z93WYssZdHc2I2zomQLMXLyK/5M8bp+9inKJZpPP8F4q8tarjW5YRUoo9OcSd/U2v3UmmWCHJfIdEc4CWUUgsYMqxArGLOcB4W47gfb9V5djPjTWYfmI/MgxWK1BjnRTjstiMHg/lJnO+4Q0ICr0MUpXhk0mueuiK1EWf1oMe8u8b8yuWPFbSGDiExXEaOAYfU1aTWKbGNMDjOm/2Zrpe/kOAvZXBZ3AvxzAoI1IEHSxkq7E8WPhBVDD/AAojnRVB2oJ4X3M4Gjt6SaGrttBpSl5ihUh8TxVXSyIA5WyM1eDyBKOz6/r8tfRZxhzrngpbg3qeD4eW6P/zAObltjIteEx3TeonhXewpNcDCZTRXNeY/Wfu5aXNX/0ZS6O0m/xL+LbYaZ6R6O9Nv+qnAzn/UWH2KXu1UVYOAB2MeHJHa0OtmKA1Z3n+S7U0HVi5/ZbSK9gfd/69IUUXSFipxB8WMKWmLk3vUeM48KRlLV3htPpENJrcfKbnZCUiK1I7XfMAYIwIhMBI4cLd0X01u+LsPNaHbj5dvC1/mp8v1qUOGmMRCfup3wE9q7NJIk4p+G08VAN+uJGd90nd0bEVSGGiu55Sjvf325VtuDndD3ggf4IkwuO0e24rRDTRWG6YFTmdXS60E+oEPe7KiKgBZxkOs4cwfGcAuGG/SO4h7nckR3RAhnEYiSaZkV9A7FkD9SPPvTHy3w9OEElwa08DabpoL4F+8ZwrSIhKWZ4oHVPkhVC99Yj5ZDjp9n+37fktfNpDokYAB80Q9IalvSS7cSxlzAURNnPtUGHlRcHyOlH0PcklqI8ILTKvCBSgO/48UfURCi9eUPpwYvQsP+Ukmjcs/X+Ne+oFij0NICavJ5e35yLKpglEv7UguV2mr+aShcXq6oGfWW1isPkZNGPYmnj6aLrVJFk6r3nTKI7qaV/oUzE/g00yBew1VPLN+6E=&u=U2FsdGVkX190V30neGU+iyH2I8Ceen1yarqjH1trsKI=&y=U2FsdGVkX1/YVg1EYPDHUdwHwtkoxuzrXrihyOpo568= HTTP/1.1" 200 6277
186.102.80.32 - - [20/Oct/2023:14:04:07 -0500] "GET /kwssiamovil/sm/acme/s?s=U2FsdGVkX1+QYLZlG3Yxz4VpNF810iTMyG2E2AyPm7WMEpri4meYwMWAKWXkh3DTv14ZtS1rFvhf31XDeyCzoUNv9oo6NXj9htDaim5oar22F32qEFb9UJKY5BsLCErsOhzja9Jd3kqPOVWKqjlb7AT5KP1ozihH7kDOPKR+3W7XQMgfYlcgliZHo/VoJOK4AzymzUZYSwjKfBD5K5BRjjDI3wRh13fFdm8mKp1GKkeyQBiARye/3x+MbZ9qWex5eksnjSKef1h7BXK/qCzA4IJwRK4dhwxocL2HGWtCqOOHx4kMT5rHzyI/40ZpnljzQBJ7Hw2+A1mqd7RX9LNE/UMKVvhwio5PAz3XeFgn/swKyVxRpJgTsNvVfBhh1xETTiiO2PZcosTKDKcFmunvgRGdDjXSORP6pyZ+Y42ZcxRLK96X4Z+pW8HwZ9llLXWLc2uQdEvq/8URgb8ChUi5xL9lUIKdRMW+wE5Tx/wMCA3mlkTbjGe2uXmLnurqDC5rJXKyfzBLvGPfL9cJ+RO9n9jLEAUsIlGBPxUiB6kMlAeNbUirDKZTErD5BUMd65EuTGofT9P7XUH4kfqCqqnKpEoGMtuhCNGNrj9mGrnF+BL6Z01miXnOavxsToH0K0s8rinwyg1d8UgHU+59ek5wAfCN/oSHWOH1QduRzOsynrLoxX2YUeYoVyHVnfmNaQ5JH76sAvYS0jWRmQ7lLJIEe3xcgZnyv2zdfy/r1K1Bw8hnH9fi3OVcHt+0lsHsFkdF&u=U2FsdGVkX190V30neGU+iyH2I8Ceen1yarqjH1trsKI=&y=U2FsdGVkX1/YVg1EYPDHUdwHwtkoxuzrXrihyOpo568= HTTP/1.1" 200 208
186.102.80.32 - - [20/Oct/2023:14:04:07 -0500] "GET /kwssiamovil/sm/cjson/pre?f=1&x=U2FsdGVkX18rj/1E3klk/CtFRh7K0Z4SpxTVJdg769yIHilI7rAzKM+a0yQt2h5N HTTP/1.1" 200 31032
172.22.2.4 - - [20/Oct/2023:14:02:51 -0500] "HEAD /BLA/boletinlegal/ HTTP/1.1" 200 -
216.245.221.92 - - [20/Oct/2023:14:04:35 -0500] "HEAD / HTTP/1.1" 200 -
201.245.192.253 - - [20/Oct/2023:14:04:57 -0500] "POST /forms/lservlet;jsessionid=ac16012b30d656b142fdde064d2fb44da24020c7bd50.e3iSbxaKaheRe34Pbx8Nc3aQci1ynknvrkLOlQzNp65In0 HTTP/1.1" 200 2
172.22.2.4 - - [20/Oct/2023:14:03:42 -0500] "GET /BLA/boletinlegal/ HTTP/1.1" 200 58169
201.245.192.253 - - [20/Oct/2023:14:05:58 -0500] "POST /forms/lservlet;jsessionid=ac16012b30d66c604508abbb4d319f23fcb845129ef7.e3iSbxaKaheRe34Pbx8Nc3aQci1ynknvrkLOlQzNp65In0 HTTP/1.1" 200 2
66.249.66.38 - - [20/Oct/2023:14:06:35 -0500] "GET /el-agua-recurso-vital-para-la-conservacion-de-los-ecosistemas.html HTTP/1.1" 304 -
201.245.192.253 - - [20/Oct/2023:14:06:57 -0500] "POST /forms/lservlet;jsessionid=ac16012b30d656b142fdde064d2fb44da24020c7bd50.e3iSbxaKaheRe34Pbx8Nc3aQci1ynknvrkLOlQzNp65In0 HTTP/1.1" 200 2
190.147.4.79 - - [20/Oct/2023:14:07:35 -0500] "POST /sipse/faces/presentacion/financiero/solicitudProceso/listarSolicitudProceso.xhtml HTTP/1.1" 200 31854
200.118.80.41 - - [20/Oct/2023:14:07:39 -0500] "GET /appsia/controlador HTTP/1.1" 200 4799
200.118.80.41 - - [20/Oct/2023:14:07:41 -0500] "GET /appsia/css/estilos.css HTTP/1.1" 200 4804
200.118.80.41 - - [20/Oct/2023:14:07:41 -0500] "GET /appsia/scripts/validarIngreso.js HTTP/1.1" 200 851
200.118.80.41 - - [20/Oct/2023:14:07:41 -0500] "GET /appsia/images/cabezoteHojaVida.png HTTP/1.1" 200 32493
190.147.4.79 - - [20/Oct/2023:14:07:40 -0500] "POST /sipse/faces/presentacion/financiero/solicitudProceso/listarSolicitudProceso.xhtml HTTP/1.1" 200 22705
200.118.80.41 - - [20/Oct/2023:14:07:41 -0500] "GET /appsia/images/logo_bogota_p.png HTTP/1.1" 200 14951
200.118.80.41 - - [20/Oct/2023:14:07:41 -0500] "GET /favicon.ico HTTP/1.1" 200 7782
201.245.192.253 - - [20/Oct/2023:14:07:46 -0500] "POST /kwsrmcab/Wsrmcab  HTTP/1.1" 200 40804
201.245.192.253 - - [20/Oct/2023:14:07:58 -0500] "POST /forms/lservlet;jsessionid=ac16012b30d66c604508abbb4d319f23fcb845129ef7.e3iSbxaKaheRe34Pbx8Nc3aQci1ynknvrkLOlQzNp65In0 HTTP/1.1" 200 2
190.131.240.131 - - [20/Oct/2023:14:08:55 -0500] "GET /BLA/resoluciones/Notificaciones/RESOLUCIONES%202023/01931.pdf HTTP/1.1" 200 365482
190.131.240.131 - - [20/Oct/2023:14:08:56 -0500] "GET /favicon.ico HTTP/1.1" 200 7782
201.245.192.253 - - [20/Oct/2023:14:08:57 -0500] "POST /forms/lservlet;jsessionid=ac16012b30d656b142fdde064d2fb44da24020c7bd50.e3iSbxaKaheRe34Pbx8Nc3aQci1ynknvrkLOlQzNp65In0 HTTP/1.1" 200 2
216.245.221.92 - - [20/Oct/2023:14:09:35 -0500] "HEAD / HTTP/1.1" 200 -
190.131.240.131 - - [20/Oct/2023:14:09:56 -0500] "GET /BLA/resoluciones/Notificaciones/RESOLUCIONES%202020/5418.pdf HTTP/1.1" 200 6626985
201.245.192.253 - - [20/Oct/2023:14:09:58 -0500] "POST /forms/lservlet;jsessionid=ac16012b30d66c604508abbb4d319f23fcb845129ef7.e3iSbxaKaheRe34Pbx8Nc3aQci1ynknvrkLOlQzNp65In0 HTTP/1.1" 200 2
201.245.192.253 - - [20/Oct/2023:14:09:57 -0500] "POST /sipse/faces/presentacion/financiero/solicitudProceso/consultarSolicitudProceso.xhtml HTTP/1.1" 200 66436
201.245.192.253 - - [20/Oct/2023:14:10:05 -0500] "GET /sipse/css/custom_css_sg.css HTTP/1.1" 304 -
201.245.192.253 - - [20/Oct/2023:14:10:05 -0500] "GET /sipse/js/disable_browser_buttons.js HTTP/1.1" 304 -
201.245.192.253 - - [20/Oct/2023:14:10:05 -0500] "GET /sipse/css/custom_css_sg_prime.css HTTP/1.1" 304 -
201.245.192.253 - - [20/Oct/2023:14:10:05 -0500] "GET /sipse/faces/javax.faces.resource/theme.css?ln=primefaces-sipse HTTP/1.1" 304 -
201.245.192.253 - - [20/Oct/2023:14:10:05 -0500] "GET /sipse/faces/javax.faces.resource/primefaces.css?ln=primefaces&v=4.0 HTTP/1.1" 304 -
201.245.192.253 - - [20/Oct/2023:14:10:05 -0500] "GET /sipse/faces/javax.faces.resource/layout/layout.css?ln=primefaces&v=4.0 HTTP/1.1" 304 -
201.245.192.253 - - [20/Oct/2023:14:10:05 -0500] "GET /sipse/js/jquery.min.js HTTP/1.1" 304 -
201.245.192.253 - - [20/Oct/2023:14:10:05 -0500] "GET /sipse/js/funciones.js HTTP/1.1" 304 -
201.245.192.253 - - [20/Oct/2023:14:10:05 -0500] "GET /sipse/faces/javax.faces.resource/jquery/jquery.js?ln=primefaces&v=4.0 HTTP/1.1" 304 -
201.245.192.253 - - [20/Oct/2023:14:10:05 -0500] "GET /sipse/faces/javax.faces.resource/jquery/jquery-plugins.js?ln=primefaces&v=4.0 HTTP/1.1" 304 -
201.245.192.253 - - [20/Oct/2023:14:10:05 -0500] "GET /sipse/faces/javax.faces.resource/primefaces.js?ln=primefaces&v=4.0 HTTP/1.1" 304 -
201.245.192.253 - - [20/Oct/2023:14:10:05 -0500] "GET /sipse/faces/javax.faces.resource/layout/layout.js?ln=primefaces&v=4.0 HTTP/1.1" 304 -
201.245.192.253 - - [20/Oct/2023:14:10:06 -0500] "POST /sipse/faces/presentacion/financiero/solicitudProceso/listarSolicitudProceso.xhtml HTTP/1.1" 200 1544
201.245.192.253 - - [20/Oct/2023:14:10:18 -0500] "POST /sipse/faces/presentacion/financiero/solicitudProceso/listarSolicitudProceso.xhtml HTTP/1.1" 200 60219
201.245.192.253 - - [20/Oct/2023:14:10:20 -0500] "GET /sipse/faces/javax.faces.resource/layout/layout.css?ln=primefaces&v=4.0 HTTP/1.1" 304 -
201.245.192.253 - - [20/Oct/2023:14:10:20 -0500] "GET /sipse/faces/javax.faces.resource/theme.css?ln=primefaces-sipse HTTP/1.1" 304 -
201.245.192.253 - - [20/Oct/2023:14:10:20 -0500] "GET /sipse/faces/javax.faces.resource/primefaces.css?ln=primefaces&v=4.0 HTTP/1.1" 304 -
201.245.192.253 - - [20/Oct/2023:14:10:20 -0500] "GET /sipse/faces/javax.faces.resource/jquery/jquery.js?ln=primefaces&v=4.0 HTTP/1.1" 304 -
201.245.192.253 - - [20/Oct/2023:14:10:20 -0500] "GET /sipse/faces/javax.faces.resource/jquery/jquery-plugins.js?ln=primefaces&v=4.0 HTTP/1.1" 304 -
201.245.192.253 - - [20/Oct/2023:14:10:20 -0500] "GET /sipse/faces/javax.faces.resource/primefaces.js?ln=primefaces&v=4.0 HTTP/1.1" 304 -
201.245.192.253 - - [20/Oct/2023:14:10:20 -0500] "GET /sipse/faces/javax.faces.resource/layout/layout.js?ln=primefaces&v=4.0 HTTP/1.1" 304 -
172.22.2.4 - - [20/Oct/2023:14:08:41 -0500] "HEAD /BLA/boletinlegal/ HTTP/1.1" 200 -
156.59.198.136 - - [20/Oct/2023:14:10:26 -0500] "GET /portaldeninos/wp-content/uploads/2021/07/Banners-p%C3%A1gina-de-ni%C3%B1os16.jpg HTTP/1.0" 404 75240
201.245.192.253 - - [20/Oct/2023:14:10:30 -0500] "POST /sipse/faces/presentacion/financiero/solicitudProceso/crearModificarSolicitudProceso.xhtml HTTP/1.1" 200 51776
201.245.192.253 - - [20/Oct/2023:14:10:37 -0500] "POST /sipse/faces/presentacion/financiero/solicitudProceso/consultarSolicitudProceso.xhtml HTTP/1.1" 302 -
201.245.192.253 - - [20/Oct/2023:14:10:37 -0500] "GET /sipse/faces/autenticacion.xhtml HTTP/1.1" 200 1099
201.245.192.253 - - [20/Oct/2023:14:10:37 -0500] "POST /sipse/faces/presentacion/financiero/solicitudProceso/consultarSolicitudProceso.xhtml HTTP/1.1" 302 -
201.245.192.253 - - [20/Oct/2023:14:10:37 -0500] "GET /sipse/faces/autenticacion.xhtml HTTP/1.1" 200 1099
201.245.192.253 - - [20/Oct/2023:14:10:37 -0500] "POST /sipse/faces/presentacion/financiero/solicitudProceso/consultarSolicitudProceso.xhtml HTTP/1.1" 302 -
201.245.192.253 - - [20/Oct/2023:14:10:37 -0500] "GET /sipse/faces/autenticacion.xhtml HTTP/1.1" 200 1099
201.245.192.253 - - [20/Oct/2023:14:10:38 -0500] "POST /sipse/faces/presentacion/financiero/solicitudProceso/consultarSolicitudProceso.xhtml HTTP/1.1" 302 -
201.245.192.253 - - [20/Oct/2023:14:10:39 -0500] "GET /sipse/faces/autenticacion.xhtml HTTP/1.1" 200 1099
201.245.192.253 - - [20/Oct/2023:14:10:39 -0500] "POST /sipse/faces/presentacion/financiero/solicitudProceso/consultarSolicitudProceso.xhtml HTTP/1.1" 302 -
201.245.192.253 - - [20/Oct/2023:14:10:39 -0500] "GET /sipse/faces/autenticacion.xhtml HTTP/1.1" 200 1099
201.245.192.253 - - [20/Oct/2023:14:10:39 -0500] "POST /sipse/faces/presentacion/financiero/solicitudProceso/consultarSolicitudProceso.xhtml HTTP/1.1" 302 -
201.245.192.253 - - [20/Oct/2023:14:10:39 -0500] "GET /sipse/faces/autenticacion.xhtml HTTP/1.1" 200 1099
201.245.192.253 - - [20/Oct/2023:14:10:43 -0500] "GET /sipse/faces/faces/ HTTP/1.1" 302 -
201.245.192.253 - - [20/Oct/2023:14:10:43 -0500] "GET /sipse/faces/autenticacion.xhtml HTTP/1.1" 200 12405
201.245.192.253 - - [20/Oct/2023:14:10:43 -0500] "GET /sipse/js/disable_browser_buttons.js HTTP/1.1" 304 -
201.245.192.253 - - [20/Oct/2023:14:10:43 -0500] "GET /sipse/css/custom_css_sg.css HTTP/1.1" 304 -
201.245.192.253 - - [20/Oct/2023:14:10:43 -0500] "GET /sipse/css/custom_css_sg_prime_login.css HTTP/1.1" 304 -
201.245.192.253 - - [20/Oct/2023:14:10:43 -0500] "GET /sipse/js/funciones.js HTTP/1.1" 304 -
201.245.192.253 - - [20/Oct/2023:14:10:43 -0500] "GET /sipse/faces/javax.faces.resource/primefaces.css?ln=primefaces&v=4.0 HTTP/1.1" 304 -
201.245.192.253 - - [20/Oct/2023:14:10:43 -0500] "GET /sipse/faces/javax.faces.resource/theme.css?ln=primefaces-sipse HTTP/1.1" 304 -
201.245.192.253 - - [20/Oct/2023:14:10:43 -0500] "GET /sipse/faces/javax.faces.resource/layout/layout.css?ln=primefaces&v=4.0 HTTP/1.1" 304 -
201.245.192.253 - - [20/Oct/2023:14:10:43 -0500] "GET /sipse/faces/javax.faces.resource/jquery/jquery.js?ln=primefaces&v=4.0 HTTP/1.1" 304 -
201.245.192.253 - - [20/Oct/2023:14:10:43 -0500] "GET /sipse/faces/javax.faces.resource/layout/layout.js?ln=primefaces&v=4.0 HTTP/1.1" 304 -
201.245.192.253 - - [20/Oct/2023:14:10:43 -0500] "GET /sipse/faces/javax.faces.resource/primefaces.js?ln=primefaces&v=4.0 HTTP/1.1" 304 -
201.245.192.253 - - [20/Oct/2023:14:10:43 -0500] "GET /sipse/faces/javax.faces.resource/jquery/jquery-plugins.js?ln=primefaces&v=4.0 HTTP/1.1" 304 -
201.245.192.253 - - [20/Oct/2023:14:10:43 -0500] "GET /sipse/css/imagen/logoSDG.png HTTP/1.1" 304 -
201.245.192.253 - - [20/Oct/2023:14:10:43 -0500] "GET /sipse/css/imagen/loginimg.png HTTP/1.1" 304 -
201.245.192.253 - - [20/Oct/2023:14:10:43 -0500] "GET /sipse/faces/javax.faces.resource/images/ui-icons_898989_256x240.png?ln=primefaces-aristo HTTP/1.1" 304 -
201.245.192.253 - - [20/Oct/2023:14:10:43 -0500] "GET /sipse/faces/index.xhtml HTTP/1.1" 200 677
201.245.192.253 - - [20/Oct/2023:14:10:43 -0500] "GET /sipse/faces/javax.faces.resource/theme.css?ln=primefaces-sipse HTTP/1.1" 304 -
201.245.192.253 - - [20/Oct/2023:14:10:43 -0500] "GET /sipse/faces/faces/autenticacion.xhtml HTTP/1.1" 200 12405
201.245.192.253 - - [20/Oct/2023:14:10:44 -0500] "GET /sipse/faces/javax.faces.resource/theme.css?ln=primefaces-sipse HTTP/1.1" 304 -
201.245.192.253 - - [20/Oct/2023:14:10:44 -0500] "GET /sipse/faces/javax.faces.resource/layout/layout.css?ln=primefaces&v=4.0 HTTP/1.1" 304 -
201.245.192.253 - - [20/Oct/2023:14:10:44 -0500] "GET /sipse/faces/javax.faces.resource/primefaces.css?ln=primefaces&v=4.0 HTTP/1.1" 304 -
201.245.192.253 - - [20/Oct/2023:14:10:44 -0500] "GET /sipse/faces/javax.faces.resource/jquery/jquery-plugins.js?ln=primefaces&v=4.0 HTTP/1.1" 304 -
201.245.192.253 - - [20/Oct/2023:14:10:44 -0500] "GET /sipse/faces/javax.faces.resource/primefaces.js?ln=primefaces&v=4.0 HTTP/1.1" 304 -
201.245.192.253 - - [20/Oct/2023:14:10:44 -0500] "GET /sipse/faces/javax.faces.resource/layout/layout.js?ln=primefaces&v=4.0 HTTP/1.1" 304 -
201.245.192.253 - - [20/Oct/2023:14:10:44 -0500] "GET /sipse/faces/javax.faces.resource/jquery/jquery.js?ln=primefaces&v=4.0 HTTP/1.1" 304 -
201.245.192.253 - - [20/Oct/2023:14:10:51 -0500] "POST /sipse/faces/autenticacion.xhtml HTTP/1.1" 200 16167
201.245.192.253 - - [20/Oct/2023:14:10:52 -0500] "GET /sipse/css/custom_css_sg_prime.css HTTP/1.1" 304 -
201.245.192.253 - - [20/Oct/2023:14:10:52 -0500] "GET /sipse/faces/javax.faces.resource/theme.css?ln=primefaces-sipse HTTP/1.1" 304 -
201.245.192.253 - - [20/Oct/2023:14:10:52 -0500] "GET /sipse/faces/javax.faces.resource/primefaces.css?ln=primefaces&v=4.0 HTTP/1.1" 304 -
201.245.192.253 - - [20/Oct/2023:14:10:52 -0500] "GET /sipse/faces/javax.faces.resource/layout/layout.css?ln=primefaces&v=4.0 HTTP/1.1" 304 -
201.245.192.253 - - [20/Oct/2023:14:10:52 -0500] "GET /sipse/js/jquery.min.js HTTP/1.1" 304 -
201.245.192.253 - - [20/Oct/2023:14:10:52 -0500] "GET /sipse/faces/javax.faces.resource/jquery/jquery.js?ln=primefaces&v=4.0 HTTP/1.1" 304 -
201.245.192.253 - - [20/Oct/2023:14:10:52 -0500] "GET /sipse/faces/javax.faces.resource/jquery/jquery-plugins.js?ln=primefaces&v=4.0 HTTP/1.1" 304 -
201.245.192.253 - - [20/Oct/2023:14:10:52 -0500] "GET /sipse/faces/javax.faces.resource/primefaces.js?ln=primefaces&v=4.0 HTTP/1.1" 304 -
201.245.192.253 - - [20/Oct/2023:14:10:52 -0500] "GET /sipse/faces/javax.faces.resource/layout/layout.js?ln=primefaces&v=4.0 HTTP/1.1" 304 -
201.245.192.253 - - [20/Oct/2023:14:10:52 -0500] "GET /sipse/css/v_mergente.css HTTP/1.1" 304 -
201.245.192.253 - - [20/Oct/2023:14:10:52 -0500] "GET /sipse/imagenes/cargando.gif HTTP/1.1" 304 -
201.245.192.253 - - [20/Oct/2023:14:10:52 -0500] "GET /sipse/imagenes/logoAplicacion.jpg HTTP/1.1" 304 -
201.245.192.253 - - [20/Oct/2023:14:10:52 -0500] "GET /sipse/css/imagen/contrasena.png HTTP/1.1" 404 383
201.245.192.253 - - [20/Oct/2023:14:10:52 -0500] "GET /sipse/faces/javax.faces.resource/messages/messages.png?ln=primefaces&v=4.0 HTTP/1.1" 304 -
201.245.192.253 - - [20/Oct/2023:14:10:54 -0500] "GET /sipse/faces/javax.faces.resource/images/ui-bg_flat_0_2d5972_40x100.png?ln=primefaces-aristo HTTP/1.1" 304 -
201.245.192.253 - - [20/Oct/2023:14:10:54 -0500] "POST /sipse/faces/bienvenido.xhtml HTTP/1.1" 200 1471
201.245.192.253 - - [20/Oct/2023:14:10:54 -0500] "POST /sipse/faces/bienvenido.xhtml HTTP/1.1" 200 46594
201.245.192.253 - - [20/Oct/2023:14:10:55 -0500] "GET /sipse/faces/javax.faces.resource/primefaces.css?ln=primefaces&v=4.0 HTTP/1.1" 304 -
201.245.192.253 - - [20/Oct/2023:14:10:55 -0500] "GET /sipse/faces/javax.faces.resource/layout/layout.css?ln=primefaces&v=4.0 HTTP/1.1" 304 -
201.245.192.253 - - [20/Oct/2023:14:10:55 -0500] "GET /sipse/faces/javax.faces.resource/theme.css?ln=primefaces-sipse HTTP/1.1" 304 -
201.245.192.253 - - [20/Oct/2023:14:10:55 -0500] "GET /sipse/faces/javax.faces.resource/jquery/jquery.js?ln=primefaces&v=4.0 HTTP/1.1" 304 -
201.245.192.253 - - [20/Oct/2023:14:10:55 -0500] "GET /sipse/faces/javax.faces.resource/jquery/jquery-plugins.js?ln=primefaces&v=4.0 HTTP/1.1" 304 -
201.245.192.253 - - [20/Oct/2023:14:10:55 -0500] "GET /sipse/faces/javax.faces.resource/primefaces.js?ln=primefaces&v=4.0 HTTP/1.1" 304 -
201.245.192.253 - - [20/Oct/2023:14:10:55 -0500] "GET /sipse/faces/javax.faces.resource/layout/layout.js?ln=primefaces&v=4.0 HTTP/1.1" 304 -
201.245.192.253 - - [20/Oct/2023:14:10:55 -0500] "POST /sipse/faces/presentacion/financiero/solicitudProceso/listarSolicitudProceso.xhtml HTTP/1.1" 200 1472
201.245.192.253 - - [20/Oct/2023:14:10:57 -0500] "POST /forms/lservlet;jsessionid=ac16012b30d656b142fdde064d2fb44da24020c7bd50.e3iSbxaKaheRe34Pbx8Nc3aQci1ynknvrkLOlQzNp65In0 HTTP/1.1" 200 2
201.245.192.253 - - [20/Oct/2023:14:11:06 -0500] "GET /sipse/faces/javax.faces.resource/images/ui-icons_898989_256x240.png?ln=primefaces-aristo HTTP/1.1" 304 -
201.245.192.253 - - [20/Oct/2023:14:11:06 -0500] "POST /sipse/faces/presentacion/financiero/solicitudProceso/listarSolicitudProceso.xhtml HTTP/1.1" 200 111511
201.245.192.253 - - [20/Oct/2023:14:11:09 -0500] "GET /sipse/faces/javax.faces.resource/primefaces.css?ln=primefaces&v=4.0 HTTP/1.1" 304 -
201.245.192.253 - - [20/Oct/2023:14:11:09 -0500] "GET /sipse/faces/javax.faces.resource/layout/layout.css?ln=primefaces&v=4.0 HTTP/1.1" 304 -
201.245.192.253 - - [20/Oct/2023:14:11:09 -0500] "GET /sipse/faces/javax.faces.resource/theme.css?ln=primefaces-sipse HTTP/1.1" 304 -
201.245.192.253 - - [20/Oct/2023:14:11:09 -0500] "GET /sipse/faces/javax.faces.resource/jquery/jquery.js?ln=primefaces&v=4.0 HTTP/1.1" 304 -
201.245.192.253 - - [20/Oct/2023:14:11:09 -0500] "GET /sipse/faces/javax.faces.resource/jquery/jquery-plugins.js?ln=primefaces&v=4.0 HTTP/1.1" 304 -
201.245.192.253 - - [20/Oct/2023:14:11:09 -0500] "GET /sipse/faces/javax.faces.resource/primefaces.js?ln=primefaces&v=4.0 HTTP/1.1" 304 -
201.245.192.253 - - [20/Oct/2023:14:11:09 -0500] "GET /sipse/faces/javax.faces.resource/layout/layout.js?ln=primefaces&v=4.0 HTTP/1.1" 304 -
201.245.192.253 - - [20/Oct/2023:14:11:09 -0500] "GET /sipse/faces/javax.faces.resource/dynamiccontent.properties?ln=primefaces&pfdrid=XjOR5%2F%2FfPAZAuY9TpWQeCiM0BhlXxYRBGKi%2FQcXXfeA%3D&pfdrid_c=false HTTP/1.1" 500 383
172.22.2.4 - - [20/Oct/2023:14:09:32 -0500] "GET /BLA/boletinlegal/ HTTP/1.1" 200 60189
201.245.192.253 - - [20/Oct/2023:14:11:14 -0500] "POST /sipse/faces/presentacion/financiero/solicitudProceso/consultarSolicitudProceso.xhtml HTTP/1.1" 200 44023
201.245.192.253 - - [20/Oct/2023:14:11:17 -0500] "GET /sipse/faces/javax.faces.resource/theme.css?ln=primefaces-sipse HTTP/1.1" 304 -
201.245.192.253 - - [20/Oct/2023:14:11:17 -0500] "GET /sipse/faces/javax.faces.resource/primefaces.css?ln=primefaces&v=4.0 HTTP/1.1" 304 -
201.245.192.253 - - [20/Oct/2023:14:11:17 -0500] "GET /sipse/faces/javax.faces.resource/layout/layout.css?ln=primefaces&v=4.0 HTTP/1.1" 304 -
201.245.192.253 - - [20/Oct/2023:14:11:17 -0500] "GET /sipse/faces/javax.faces.resource/jquery/jquery.js?ln=primefaces&v=4.0 HTTP/1.1" 304 -
201.245.192.253 - - [20/Oct/2023:14:11:17 -0500] "GET /sipse/faces/javax.faces.resource/jquery/jquery-plugins.js?ln=primefaces&v=4.0 HTTP/1.1" 304 -
201.245.192.253 - - [20/Oct/2023:14:11:17 -0500] "GET /sipse/faces/javax.faces.resource/primefaces.js?ln=primefaces&v=4.0 HTTP/1.1" 304 -
201.245.192.253 - - [20/Oct/2023:14:11:17 -0500] "GET /sipse/faces/javax.faces.resource/layout/layout.js?ln=primefaces&v=4.0 HTTP/1.1" 304 -
201.245.192.253 - - [20/Oct/2023:14:11:17 -0500] "POST /sipse/faces/presentacion/financiero/solicitudProceso/listarSolicitudProceso.xhtml HTTP/1.1" 200 1456
190.131.240.131 - - [20/Oct/2023:14:11:21 -0500] "GET /BLA/resoluciones/Notificaciones/AUTOS%202019/4253.pdf HTTP/1.1" 200 278391
201.245.192.253 - - [20/Oct/2023:14:11:58 -0500] "POST /forms/lservlet;jsessionid=ac16012b30d66c604508abbb4d319f23fcb845129ef7.e3iSbxaKaheRe34Pbx8Nc3aQci1ynknvrkLOlQzNp65In0 HTTP/1.1" 200 2
191.156.50.251 - - [20/Oct/2023:14:12:17 -0500] "GET /ni-plaga-ni-invasor-el-curi-un-mamifero-dispersor-de-semillas.html HTTP/1.1" 200 782
186.31.195.70 - - [20/Oct/2023:14:12:25 -0500] "GET /catalogoisis/ HTTP/1.1" 200 8575
186.31.195.70 - - [20/Oct/2023:14:12:26 -0500] "GET /catalogoisis/ HTTP/1.1" 200 8575
186.31.195.70 - - [20/Oct/2023:14:12:26 -0500] "GET /catalogoisis/Css/Busqueda.css HTTP/1.1" 200 1995
186.31.195.70 - - [20/Oct/2023:14:12:26 -0500] "GET /catalogoisis/Js/Remote.js HTTP/1.1" 200 436
186.31.195.70 - - [20/Oct/2023:14:12:26 -0500] "GET /catalogoisis/Js/CriterioCombinada.js HTTP/1.1" 200 1843
186.31.195.70 - - [20/Oct/2023:14:12:26 -0500] "GET /catalogoisis/Js/Cookies.js HTTP/1.1" 200 1369
186.31.195.70 - - [20/Oct/2023:14:12:26 -0500] "GET /catalogoisis/Js/Go.js HTTP/1.1" 200 364
186.31.195.70 - - [20/Oct/2023:14:12:26 -0500] "GET /catalogoisis/Js/AceptarLimpiar.js HTTP/1.1" 200 331
186.31.195.70 - - [20/Oct/2023:14:12:26 -0500] "GET /catalogoisis/Js/LimpiarCombinada.js HTTP/1.1" 200 207
186.31.195.70 - - [20/Oct/2023:14:12:26 -0500] "GET /catalogoisis/Js/Numero.js HTTP/1.1" 200 398
186.31.195.70 - - [20/Oct/2023:14:12:26 -0500] "GET /catalogoisis/Js/Enter.js HTTP/1.1" 200 1208
186.31.195.70 - - [20/Oct/2023:14:12:26 -0500] "GET /catalogoisis/imagenes/br1c1.gif HTTP/1.1" 200 172
186.31.195.70 - - [20/Oct/2023:14:12:26 -0500] "GET /catalogoisis/imagenes/Header.gif HTTP/1.1" 200 27040
186.31.195.70 - - [20/Oct/2023:14:12:26 -0500] "GET /catalogoisis/imagenes/br1c3.gif HTTP/1.1" 200 302
186.31.195.70 - - [20/Oct/2023:14:12:26 -0500] "GET /catalogoisis/imagenes/br3c2.gif HTTP/1.1" 200 285
186.31.195.70 - - [20/Oct/2023:14:12:26 -0500] "GET /catalogoisis/imagenes/aceptar1.gif HTTP/1.1" 200 604
186.31.195.70 - - [20/Oct/2023:14:12:26 -0500] "GET /catalogoisis/imagenes/limpiar1.gif HTTP/1.1" 200 606
186.31.195.70 - - [20/Oct/2023:14:12:26 -0500] "GET /catalogoisis/imagenes/Turnbo1.gif HTTP/1.1" 200 227
186.31.195.70 - - [20/Oct/2023:14:12:26 -0500] "GET /catalogoisis/imagenes/br3c1.gif HTTP/1.1" 200 177
186.31.195.70 - - [20/Oct/2023:14:12:26 -0500] "GET /catalogoisis/imagenes/br3c3.gif HTTP/1.1" 200 186
186.31.195.70 - - [20/Oct/2023:14:12:26 -0500] "GET /catalogoisis/imagenes/br2c3.gif HTTP/1.1" 200 416
186.31.195.70 - - [20/Oct/2023:14:12:26 -0500] "GET /catalogoisis/imagenes/br1c2.gif HTTP/1.1" 200 297
186.31.195.70 - - [20/Oct/2023:14:12:26 -0500] "GET /catalogoisis/imagenes/br2c2.gif HTTP/1.1" 200 302
186.31.195.70 - - [20/Oct/2023:14:12:26 -0500] "GET /catalogoisis/imagenes/br2c1.gif HTTP/1.1" 200 297
186.31.195.70 - - [20/Oct/2023:14:12:26 -0500] "GET /favicon.ico HTTP/1.1" 200 7782
66.249.66.39 - - [20/Oct/2023:14:12:34 -0500] "GET /semana-bogota-reverdece-con-exito-finaliza-el-primer-dia-de-la-convencion-internacional-de-emergencia-climatica.html HTTP/1.1" 304 -
201.245.192.253 - - [20/Oct/2023:14:12:45 -0500] "POST /kwsrmcab/Wsrmcab  HTTP/1.1" 200 40804
201.245.192.253 - - [20/Oct/2023:14:12:57 -0500] "POST /forms/lservlet;jsessionid=ac16012b30d656b142fdde064d2fb44da24020c7bd50.e3iSbxaKaheRe34Pbx8Nc3aQci1ynknvrkLOlQzNp65In0 HTTP/1.1" 200 2
201.245.192.253 - - [20/Oct/2023:14:13:35 -0500] "POST /sipse/faces/presentacion/financiero/solicitudProceso/crearModificarSolicitudProceso.xhtml HTTP/1.1" 200 25141
201.245.192.253 - - [20/Oct/2023:14:13:58 -0500] "POST /forms/lservlet;jsessionid=ac16012b30d66c604508abbb4d319f23fcb845129ef7.e3iSbxaKaheRe34Pbx8Nc3aQci1ynknvrkLOlQzNp65In0 HTTP/1.1" 200 2
201.245.192.253 - - [20/Oct/2023:14:14:03 -0500] "POST /sipse/faces/presentacion/financiero/solicitudProceso/crearModificarSolicitudProceso.xhtml HTTP/1.1" 200 6303
216.245.221.92 - - [20/Oct/2023:14:14:35 -0500] "HEAD / HTTP/1.1" 200 -
31.13.127.21 - - [20/Oct/2023:14:14:52 -0500] "GET /participa-en-la-convocatoria-para-el-aseguramiento-metrologico-de-la-red-de-monitoreo-de-calidad-del-aire-de-bogota.html HTTP/1.1" 200 848
31.13.127.4 - - [20/Oct/2023:14:14:52 -0500] "GET /participa-en-la-convocatoria-para-el-aseguramiento-metrologico-de-la-red-de-monitoreo-de-calidad-del-aire-de-bogota.html HTTP/1.1" 200 848
173.252.83.5 - - [20/Oct/2023:14:14:52 -0500] "GET /images/plantacion-humedal-la-conejera.jpg HTTP/1.1" 200 92644
201.245.192.253 - - [20/Oct/2023:14:14:56 -0500] "POST /sipse/faces/presentacion/financiero/solicitudProceso/crearModificarSolicitudProceso.xhtml HTTP/1.1" 200 9548
201.245.192.253 - - [20/Oct/2023:14:14:57 -0500] "POST /forms/lservlet;jsessionid=ac16012b30d656b142fdde064d2fb44da24020c7bd50.e3iSbxaKaheRe34Pbx8Nc3aQci1ynknvrkLOlQzNp65In0 HTTP/1.1" 200 2
201.245.192.253 - - [20/Oct/2023:14:15:04 -0500] "POST /sipse/faces/presentacion/financiero/solicitudProceso/crearModificarSolicitudProceso.xhtml HTTP/1.1" 200 6660
172.22.2.4 - - [20/Oct/2023:14:15:33 -0500] "GET /BLA/boletinlegal/consulta_actos.php?tipo=resoluciones&no=4341&usuario=&sector=&fecha=2009&resuelve= HTTP/1.1" 200 1077
201.245.192.253 - - [20/Oct/2023:14:15:34 -0500] "GET /BLA/resoluciones/RESOLUCIONES%202009/4341.pdf HTTP/1.1" 200 510777
201.245.192.253 - - [20/Oct/2023:14:15:34 -0500] "GET /BLA/resoluciones/RESOLUCIONES%202009/4341.pdf HTTP/1.1" 206 1025
201.245.192.253 - - [20/Oct/2023:14:15:34 -0500] "GET /BLA/resoluciones/RESOLUCIONES%202009/4341.pdf HTTP/1.1" 200 510777
52.167.144.235 - - [20/Oct/2023:14:15:43 -0500] "GET /quieres-que-tu-proyecto-de-construccion-sostenible-sea-reconocido-enterate-como-postularte.html HTTP/1.1" 200 869
201.245.192.253 - - [20/Oct/2023:14:15:58 -0500] "POST /forms/lservlet;jsessionid=ac16012b30d66c604508abbb4d319f23fcb845129ef7.e3iSbxaKaheRe34Pbx8Nc3aQci1ynknvrkLOlQzNp65In0 HTTP/1.1" 200 2
201.245.192.253 - - [20/Oct/2023:14:16:08 -0500] "POST /sipse/faces/presentacion/financiero/solicitudProceso/crearModificarSolicitudProceso.xhtml HTTP/1.1" 200 24602
201.245.192.253 - - [20/Oct/2023:14:16:09 -0500] "GET /sipse/faces/javax.faces.resource/theme.css?ln=primefaces-sipse HTTP/1.1" 304 -
201.245.192.253 - - [20/Oct/2023:14:16:09 -0500] "GET /sipse/faces/javax.faces.resource/primefaces.css?ln=primefaces&v=4.0 HTTP/1.1" 304 -
201.245.192.253 - - [20/Oct/2023:14:16:09 -0500] "GET /sipse/faces/javax.faces.resource/layout/layout.css?ln=primefaces&v=4.0 HTTP/1.1" 304 -
201.245.192.253 - - [20/Oct/2023:14:16:09 -0500] "GET /sipse/imagenes/cargando.gif HTTP/1.1" 304 -
201.245.192.253 - - [20/Oct/2023:14:16:09 -0500] "GET /sipse/faces/javax.faces.resource/primefaces.js?ln=primefaces&v=4.0 HTTP/1.1" 304 -
201.245.192.253 - - [20/Oct/2023:14:16:09 -0500] "GET /sipse/faces/javax.faces.resource/layout/layout.js?ln=primefaces&v=4.0 HTTP/1.1" 304 -
201.245.192.253 - - [20/Oct/2023:14:16:09 -0500] "GET /sipse/faces/javax.faces.resource/jquery/jquery.js?ln=primefaces&v=4.0 HTTP/1.1" 304 -
201.245.192.253 - - [20/Oct/2023:14:16:09 -0500] "GET /sipse/faces/javax.faces.resource/jquery/jquery-plugins.js?ln=primefaces&v=4.0 HTTP/1.1" 304 -
201.245.192.253 - - [20/Oct/2023:14:16:09 -0500] "GET /sipse/css/imagen/logoSDG.png HTTP/1.1" 304 -
201.245.192.253 - - [20/Oct/2023:14:16:09 -0500] "GET /sipse/faces/javax.faces.resource/images/ui-icons_898989_256x240.png?ln=primefaces-aristo HTTP/1.1" 304 -
172.22.2.4 - - [20/Oct/2023:14:14:31 -0500] "HEAD /BLA/boletinlegal/ HTTP/1.1" 200 -
201.245.192.253 - - [20/Oct/2023:14:16:16 -0500] "GET /sipse/faces/javax.faces.resource/images/ui-bg_flat_0_2d5972_40x100.png?ln=primefaces-aristo HTTP/1.1" 304 -
201.245.192.253 - - [20/Oct/2023:14:16:16 -0500] "POST /sipse/faces/presentacion/financiero/solicitudProyectoActividad/asociarProyectoSolicitud.xhtml HTTP/1.1" 200 6605
201.245.192.253 - - [20/Oct/2023:14:16:20 -0500] "POST /sipse/faces/presentacion/financiero/solicitudProyectoActividad/asociarProyectoSolicitud.xhtml HTTP/1.1" 200 1700
201.245.192.253 - - [20/Oct/2023:14:16:26 -0500] "POST /sipse/faces/presentacion/financiero/solicitudProyectoActividad/asociarProyectoSolicitud.xhtml HTTP/1.1" 200 75361
201.245.192.253 - - [20/Oct/2023:14:16:28 -0500] "GET /sipse/faces/javax.faces.resource/primefaces.css?ln=primefaces&v=4.0 HTTP/1.1" 304 -
201.245.192.253 - - [20/Oct/2023:14:16:28 -0500] "GET /sipse/faces/javax.faces.resource/layout/layout.css?ln=primefaces&v=4.0 HTTP/1.1" 304 -
201.245.192.253 - - [20/Oct/2023:14:16:28 -0500] "GET /sipse/faces/javax.faces.resource/theme.css?ln=primefaces-sipse HTTP/1.1" 304 -
201.245.192.253 - - [20/Oct/2023:14:16:28 -0500] "GET /sipse/faces/javax.faces.resource/jquery/jquery.js?ln=primefaces&v=4.0 HTTP/1.1" 304 -
201.245.192.253 - - [20/Oct/2023:14:16:28 -0500] "GET /sipse/faces/javax.faces.resource/jquery/jquery-plugins.js?ln=primefaces&v=4.0 HTTP/1.1" 304 -
201.245.192.253 - - [20/Oct/2023:14:16:28 -0500] "GET /sipse/faces/javax.faces.resource/primefaces.js?ln=primefaces&v=4.0 HTTP/1.1" 304 -
201.245.192.253 - - [20/Oct/2023:14:16:28 -0500] "GET /sipse/faces/javax.faces.resource/layout/layout.js?ln=primefaces&v=4.0 HTTP/1.1" 304 -
201.245.192.253 - - [20/Oct/2023:14:16:57 -0500] "POST /forms/lservlet;jsessionid=ac16012b30d656b142fdde064d2fb44da24020c7bd50.e3iSbxaKaheRe34Pbx8Nc3aQci1ynknvrkLOlQzNp65In0 HTTP/1.1" 200 2
172.22.2.4 - - [20/Oct/2023:14:15:22 -0500] "GET /BLA/boletinlegal/ HTTP/1.1" 200 57816
201.245.192.253 - - [20/Oct/2023:14:17:06 -0500] "POST /sipse/faces/presentacion/financiero/solicitudProyectoActividad/asociarActividadSolicitud.xhtml HTTP/1.1" 200 61129
201.245.192.253 - - [20/Oct/2023:14:17:15 -0500] "POST /sipse/faces/presentacion/financiero/solicitudProyectoActividad/asociarActividadSolicitud.xhtml HTTP/1.1" 200 20155
201.245.192.253 - - [20/Oct/2023:14:17:15 -0500] "GET /sipse/faces/javax.faces.resource/theme.css?ln=primefaces-sipse HTTP/1.1" 304 -
201.245.192.253 - - [20/Oct/2023:14:17:15 -0500] "GET /sipse/faces/javax.faces.resource/layout/layout.css?ln=primefaces&v=4.0 HTTP/1.1" 304 -
201.245.192.253 - - [20/Oct/2023:14:17:15 -0500] "GET /sipse/faces/javax.faces.resource/primefaces.css?ln=primefaces&v=4.0 HTTP/1.1" 304 -
201.245.192.253 - - [20/Oct/2023:14:17:15 -0500] "GET /sipse/faces/javax.faces.resource/jquery/jquery.js?ln=primefaces&v=4.0 HTTP/1.1" 304 -
201.245.192.253 - - [20/Oct/2023:14:17:15 -0500] "GET /sipse/faces/javax.faces.resource/jquery/jquery-plugins.js?ln=primefaces&v=4.0 HTTP/1.1" 304 -
201.245.192.253 - - [20/Oct/2023:14:17:15 -0500] "GET /sipse/faces/javax.faces.resource/primefaces.js?ln=primefaces&v=4.0 HTTP/1.1" 304 -
201.245.192.253 - - [20/Oct/2023:14:17:15 -0500] "GET /sipse/faces/javax.faces.resource/layout/layout.js?ln=primefaces&v=4.0 HTTP/1.1" 304 -
186.102.80.32 - - [20/Oct/2023:14:17:15 -0500] "GET /kwssiamovil/sm/acme/a?s=U2FsdGVkX18sy1P07ZSnCwCDLYCGr0zyqE9AU6+pxqzHG8DRxW85xqWswLm/wYGJhTYN1WDcLohy9tRTCzqlSblO2ffgj083ZLf2Tsgx9nBN/lvyJjUvOZGAKBywoFOySytt0mJ1ZW6fLatVetAPAhN4RtiKqITE6/LKwD3JN9MMFQJSo/0WKps+ZNB7MeqjyLQGeNUDks96wCU5Es0OoIcz6XRbNwXNFn0cRPgiM6YaVG485QI8sqIa8f0qHsVBdGxtD966ZCjgHwaxmUvY1A==&u=U2FsdGVkX190V30neGU+iyH2I8Ceen1yarqjH1trsKI=&y=U2FsdGVkX1/YVg1EYPDHUdwHwtkoxuzrXrihyOpo568= HTTP/1.1" 200 26
