201.245.192.253 - - [20/Oct/2023:08:26:16 -0500] "POST /forms/lservlet;jsessionid=ac16012b30d66c604508abbb4d319f23fcb845129ef7.e3iSbxaKaheRe34Pbx8Nc3aQci1ynknvrkLOlQzNp65In0 HTTP/1.1" 200 719
201.245.192.253 - - [20/Oct/2023:08:26:56 -0500] "POST /forms/lservlet;jsessionid=ac16012b30d656b142fdde064d2fb44da24020c7bd50.e3iSbxaKaheRe34Pbx8Nc3aQci1ynknvrkLOlQzNp65In0 HTTP/1.1" 200 2
186.102.80.32 - - [20/Oct/2023:08:26:58 -0500] "GET /kwssiamovil/sm/acme/u?s=U2FsdGVkX1/gubEi3Vq8ITi5McFdCit7VoEmVhyuw8SL6ce2tLmdaJHoKB9mrCxJU72+38zutoTSZVQ/fXWAfpM13AT6ZS2nYqR3k30dgOmXUozNiXChYXJtFxKo5hCv6hTEzMh/HGpSFyEkcFSwvdk2XL2/F385BWQ8iLaZ9KY=&u=U2FsdGVkX1/7DPn0pVEAiWcpkCufR9c0wjIq/5aa41g=&y=U2FsdGVkX1/ECenn3Ol869wmbuhmCD6stHemDMv8wVE= HTTP/1.1" 200 60
172.22.2.4 - - [20/Oct/2023:08:25:23 -0500] "GET /BLA/boletinlegal/ HTTP/1.1" 200 60545
186.102.80.32 - - [20/Oct/2023:08:27:27 -0500] "GET /kwssiamovil/sm/ldap/au?x=U2FsdGVkX19YMUPV/TgMgFEjkYV4Rvy+y334cpeqlHiM67Dh4yP/qWAgdmxGujAy&y=U2FsdGVkX19U7FLEBLZraXHcv0H/NoXgPIc/pXZqzGs= HTTP/1.1" 200 30
186.102.80.32 - - [20/Oct/2023:08:27:27 -0500] "GET /kwssiamovil/sm/acme/s?s=U2FsdGVkX18H6tIXg7BR9bLbj2JC3el0HPwybo04xNhRHXuTAYuFJGlmlHFpSxTneog0NIptr8lIPCJ3AmqbpnfTJRBl/QKMAZa8Fbz2mcs=&u=U2FsdGVkX18w77/0QeSlUBSwu7eml1PN8zcQEXGMM4Q=&y=U2FsdGVkX19U7FLEBLZraXHcv0H/NoXgPIc/pXZqzGs= HTTP/1.1" 200 97
186.102.80.32 - - [20/Oct/2023:08:27:27 -0500] "GET /kwssiamovil/sm/acme/s?s=U2FsdGVkX1+QLg20Izf1ydiUbkk3yPM8P4CcFKgh46aQbwjUUc8on4e4oc5rcZJbYOANo8pXxsvJwOEXSD1/zr+vFrXiVKtvi8OxFFWmIh/yL4VGZ0xwygklNp0cUOjC8zQb8rdDbPYPOhIeiYOABa7en9MQqb9B+924is3DtX1vSz4jR2VkD5rV7XUc3FlunUhWRRp0iudHcUhclfLXvP5bucWVcgykEBfWacMJyBTBu2TXXHknf3xIOyB4N8rB3E1DP2UR9qPtlFCl/dn1XFRMwrgvpnd8kc6Q/EPjh4jJ40JIw+LwBIx4XjPpgqzosQVydOFWEXFh5qoZ46+q2+TnHSnXS3Z8HM/kDX45iVq5AKvBEh9EDSDnSUFRTu1fJCbm81nIVPUvtrI4twNyvlCyxrXcLjCUVkuybCo6itaOWChIgDV76Gr7Yu6JXB7AYFYc7qlQcOMya50GSDFvAjGOyGlDCUSwAYt+dve/M8vhNvxr3W2XCU/d15LImSGNvJqNw1ASC+iOFy43W56SRidh2UmDXQfitu+/PSHEsAWiAZLgkmgYdBC+mzQxygIRuxaYEXeaeptNvtOhVL/hHa0hTbDyjMu883gfAW/XOn+YiOv/KpCGeUx2QzyZQb945hRtOXq+Gg3L1BA0pJv2b6vsjVCbng+Nyby3z2gPqW7h0sveYcbg/JvleVxUjwPEuGd2tnibcinPF6dzGP/ieikEkF7IXFi3tV7JLZCS1u9/6KJnKkiiquluFgpCCgZFRQC2kUj5GeRYKXjaX0Mv4eR6G5y7zKqnbPTziOzW0xwzf1B5bBLeg+YP2IZx2q+YxP42xitbUl3Op2T+Y+aki+p8G/8fv4W2poMzA2+PnUiv2TjGwWj6iu6j5vjKFhSRpmTSLN2Bfp7fIjXQLA7Wb5+R3p8Mf1BtY9gzMRgABOgPMOW/HepDkt3sjrA2lzDo7p4VnSVw4Jn+hQxqsmIy4K0JbwHzrAJLH79z4vm224U8UCq4/JN+eyXjtU7UlzqT2KeQD4r0Vo4gIb2wGzm0mt2vmrkEGtNmB/jHI9WgJONTDb9lA9BpB9GifJv2yl9ouoV28RsjbkwnzJIuDd9FA8LQq1uaoO4asJT/+zX6aqp6ENRsKdZnEnr7Crr6010jCtKrtOtJCGMMpkNS7Ll/91R8EjCbfzei/uNS67yvyfN+IPpos90Uo58ukmCrvlTHJh8qYU7ZWBD7HRZNXnQwrUHX3PPc95EOMfTwQx0t1Y8vtYUKo78tW9tWzMWcliEH1NYCb92wUL7xl6MrWyk3dF4RrwiLvbZh82dqjgrx5hlsXjXxBknhjtCX7JVXNvRnsiY5OiW3cXaJl4Y9cFbs1haGmF0VM0fYoF/TEu7btUEoiT+Rrae6WVIWTY1ZYwUbD8NONpMukV9SJjARlKAC6eEI8RNCThx10lLaWXQ4hgxMkU0x9IyuYunW08IX6ngWE/bVoSqFRKVsoNLamEJkbDyXoQg6SFLWhcIsjgpfsp1aTZ/pdxVHPeFOn/2C+dymc7QQCcbA05uubFJ19Og96o+Yox4pHKFyg5c1QGxfTOM6zKdl3yjyBHFai9Dzb0GDtkduD7NcqoaDba4ZPA9d07v94tgUHPavfpMFcnD80sT3s7Jg1nCoJ4XMW/xpaPfArDL/6QdCG73CDpO3a9bTo420Tj5/O+CX+txsBdX4KjskiJiBe9CPnyhSDSUbe82FHMCwfcpCLArjdGbtjUYCKevPHPErgaNjda1WO6Wd4nY=&u=U2FsdGVkX18w77/0QeSlUBSwu7eml1PN8zcQEXGMM4Q=&y=U2FsdGVkX19U7FLEBLZraXHcv0H/NoXgPIc/pXZqzGs= HTTP/1.1" 200 6321
186.102.80.32 - - [20/Oct/2023:08:27:27 -0500] "GET /kwssiamovil/sm/acme/s?s=U2FsdGVkX1/Q/XXuWY4tSbK4HiZZ6mYO009egkh1aZ6jsnHP19pMB/UaIdqWmebsCi8yl4wuV8NwB9EHOBxaMYbklHvKi2Opj37bhZT7YfXsk8qzSb2VxCsjIXcIi9sZ9FJ+Wp6eIY7UsAVVX9C24ZjoLSK+CXq0UUfdRLPccMlTX3U08RMmdv2aF2AZWOj48ZJtR4TQn5S/dlMG6z2H+pYKYxs/fntjb1WzHHhTbYr+O+KUd84RUZZ7nFJ+5poKFYs+KH9641dzsqbfXD7JBdWBRlQEtgC3TaFIuFpMjKSqGfVzFzD9DwO+dgEGVg6eTWKWQYgyd6sg/HGgPQn0+ApwkSqDMQciVrysr5rWjhaPUhR/kDHQG9BqAtftWvuNbZS1aoXtTEQS9XlpHlf+jTTk6Ho9fJxAtL0Ilhg7MrOOUpp2lE3py2pu6fSrZby2TS0BYTXx5XCQWK0fVzhj44iTTH8z6L5Jttj7GUeNffsQcsCyCAOIWxmLRFnTwbONUpY+KXJ2RiXHTLOKE51Is6Aw7aKndBEonH8TzU6eqBb8OGgUqRfVLimoY49Z5dL7NlqDCA7lmhPDLDOF/6EAxIV+7U5RBojxxe5jme/jiPshlS8GvqmUAedMl93QeKQT6i4SyCfyRVNtiH5BC9cThYcM1aiRx8O9gzvXXac6eeiHmujvQCKkpVYsGvvcakivXAob1UUUio15vypZILBcXjjiu9JjMtKFg2I7o5ENi9VgyQ9KtgYOMpZ4oNi1i+i4&u=U2FsdGVkX18w77/0QeSlUBSwu7eml1PN8zcQEXGMM4Q=&y=U2FsdGVkX19U7FLEBLZraXHcv0H/NoXgPIc/pXZqzGs= HTTP/1.1" 200 208
186.102.80.32 - - [20/Oct/2023:08:27:27 -0500] "GET /kwssiamovil/sm/cjson/pre?f=1&x=U2FsdGVkX19YMUPV/TgMgFEjkYV4Rvy+y334cpeqlHiM67Dh4yP/qWAgdmxGujAy HTTP/1.1" 200 31032
201.245.192.253 - - [20/Oct/2023:08:27:28 -0500] "POST /kwsrmcab/Wsrmcab HTTP/1.1" 200 40795
207.46.13.64 - - [20/Oct/2023:08:27:30 -0500] "GET /BLA/resoluciones/AUTOS%202021/5304.pdf HTTP/1.1" 200 902100
201.245.192.253 - - [20/Oct/2023:08:27:31 -0500] "POST /kwsrmcab/Wsrmcab HTTP/1.1" 200 40828
201.245.192.253 - - [20/Oct/2023:08:27:56 -0500] "POST /forms/lservlet;jsessionid=ac16012b30d66c604508abbb4d319f23fcb845129ef7.e3iSbxaKaheRe34Pbx8Nc3aQci1ynknvrkLOlQzNp65In0 HTTP/1.1" 200 2
201.245.192.253 - - [20/Oct/2023:08:28:45 -0500] "POST /kwsrmcab/Wsrmcab  HTTP/1.1" 200 40804
201.245.192.253 - - [20/Oct/2023:08:28:56 -0500] "POST /forms/lservlet;jsessionid=ac16012b30d656b142fdde064d2fb44da24020c7bd50.e3iSbxaKaheRe34Pbx8Nc3aQci1ynknvrkLOlQzNp65In0 HTTP/1.1" 200 2
216.245.221.92 - - [20/Oct/2023:08:29:36 -0500] "HEAD / HTTP/1.1" 200 -
167.0.144.128 - - [20/Oct/2023:08:29:37 -0500] "POST /sipse/faces/presentacion/financiero/solicitudProceso/listarSolicitudProceso.xhtml HTTP/1.1" 200 137050
167.0.144.128 - - [20/Oct/2023:08:29:40 -0500] "GET /sipse/faces/javax.faces.resource/theme.css?ln=primefaces-sipse HTTP/1.1" 304 -
167.0.144.128 - - [20/Oct/2023:08:29:40 -0500] "GET /sipse/faces/javax.faces.resource/primefaces.css?ln=primefaces&v=4.0 HTTP/1.1" 304 -
167.0.144.128 - - [20/Oct/2023:08:29:40 -0500] "GET /sipse/faces/javax.faces.resource/layout/layout.css?ln=primefaces&v=4.0 HTTP/1.1" 304 -
167.0.144.128 - - [20/Oct/2023:08:29:41 -0500] "GET /sipse/faces/javax.faces.resource/jquery/jquery.js?ln=primefaces&v=4.0 HTTP/1.1" 304 -
167.0.144.128 - - [20/Oct/2023:08:29:41 -0500] "GET /sipse/faces/javax.faces.resource/jquery/jquery-plugins.js?ln=primefaces&v=4.0 HTTP/1.1" 304 -
167.0.144.128 - - [20/Oct/2023:08:29:41 -0500] "GET /sipse/faces/javax.faces.resource/primefaces.js?ln=primefaces&v=4.0 HTTP/1.1" 304 -
167.0.144.128 - - [20/Oct/2023:08:29:41 -0500] "GET /sipse/faces/javax.faces.resource/layout/layout.js?ln=primefaces&v=4.0 HTTP/1.1" 304 -
201.245.192.253 - - [20/Oct/2023:08:29:56 -0500] "POST /forms/lservlet;jsessionid=ac16012b30d66c604508abbb4d319f23fcb845129ef7.e3iSbxaKaheRe34Pbx8Nc3aQci1ynknvrkLOlQzNp65In0 HTTP/1.1" 200 2
201.245.192.253 - - [20/Oct/2023:08:30:27 -0500] "POST /kwsrmcab/Wsrmcab HTTP/1.1" 200 40795
201.245.192.253 - - [20/Oct/2023:08:30:30 -0500] "POST /kwsrmcab/Wsrmcab HTTP/1.1" 200 40828
201.245.192.253 - - [20/Oct/2023:08:30:56 -0500] "POST /forms/lservlet;jsessionid=ac16012b30d656b142fdde064d2fb44da24020c7bd50.e3iSbxaKaheRe34Pbx8Nc3aQci1ynknvrkLOlQzNp65In0 HTTP/1.1" 200 2
152.203.54.108 - - [20/Oct/2023:08:30:49 -0500] "POST /sipse/faces/bienvenido.xhtml HTTP/1.1" 200 64050
152.203.54.108 - - [20/Oct/2023:08:30:58 -0500] "GET /sipse/faces/javax.faces.resource/jquery/jquery.js?ln=primefaces&v=4.0 HTTP/1.1" 304 -
152.203.54.108 - - [20/Oct/2023:08:30:58 -0500] "GET /sipse/faces/javax.faces.resource/jquery/jquery-plugins.js?ln=primefaces&v=4.0 HTTP/1.1" 304 -
152.203.54.108 - - [20/Oct/2023:08:30:58 -0500] "GET /sipse/faces/javax.faces.resource/primefaces.js?ln=primefaces&v=4.0 HTTP/1.1" 304 -
152.203.54.108 - - [20/Oct/2023:08:30:58 -0500] "GET /sipse/faces/javax.faces.resource/layout/layout.js?ln=primefaces&v=4.0 HTTP/1.1" 304 -
152.203.54.108 - - [20/Oct/2023:08:30:59 -0500] "POST /sipse/faces/presentacion/financiero/solicitudProceso/listarSolicitudProceso.xhtml HTTP/1.1" 200 1544
152.203.54.108 - - [20/Oct/2023:08:31:08 -0500] "POST /sipse/faces/presentacion/financiero/solicitudProceso/listarSolicitudProceso.xhtml HTTP/1.1" 200 59016
152.203.54.108 - - [20/Oct/2023:08:31:08 -0500] "GET /sipse/faces/javax.faces.resource/jquery/jquery.js?ln=primefaces&v=4.0 HTTP/1.1" 304 -
152.203.54.108 - - [20/Oct/2023:08:31:08 -0500] "GET /sipse/faces/javax.faces.resource/jquery/jquery-plugins.js?ln=primefaces&v=4.0 HTTP/1.1" 304 -
152.203.54.108 - - [20/Oct/2023:08:31:08 -0500] "GET /sipse/faces/javax.faces.resource/primefaces.js?ln=primefaces&v=4.0 HTTP/1.1" 304 -
152.203.54.108 - - [20/Oct/2023:08:31:08 -0500] "GET /sipse/faces/javax.faces.resource/layout/layout.js?ln=primefaces&v=4.0 HTTP/1.1" 304 -
152.203.54.108 - - [20/Oct/2023:08:31:11 -0500] "POST /sipse/faces/presentacion/financiero/solicitudProceso/crearModificarSolicitudProceso.xhtml HTTP/1.1" 200 51776
152.203.54.108 - - [20/Oct/2023:08:31:16 -0500] "POST /sipse/faces/presentacion/financiero/solicitudProceso/crearModificarSolicitudProceso.xhtml HTTP/1.1" 200 25141
152.203.54.108 - - [20/Oct/2023:08:31:34 -0500] "POST /sipse/faces/presentacion/financiero/solicitudProceso/crearModificarSolicitudProceso.xhtml HTTP/1.1" 200 6303
152.203.54.108 - - [20/Oct/2023:08:31:43 -0500] "POST /sipse/faces/presentacion/financiero/solicitudProceso/crearModificarSolicitudProceso.xhtml HTTP/1.1" 200 6303
152.203.54.108 - - [20/Oct/2023:08:31:52 -0500] "POST /sipse/faces/presentacion/financiero/solicitudProceso/crearModificarSolicitudProceso.xhtml HTTP/1.1" 200 9552
201.245.192.253 - - [20/Oct/2023:08:31:56 -0500] "POST /forms/lservlet;jsessionid=ac16012b30d66c604508abbb4d319f23fcb845129ef7.e3iSbxaKaheRe34Pbx8Nc3aQci1ynknvrkLOlQzNp65In0 HTTP/1.1" 200 2
152.203.54.108 - - [20/Oct/2023:08:31:56 -0500] "POST /sipse/faces/presentacion/financiero/solicitudProceso/crearModificarSolicitudProceso.xhtml HTTP/1.1" 200 7350
172.22.2.4 - - [20/Oct/2023:08:30:22 -0500] "HEAD /BLA/boletinlegal/ HTTP/1.1" 200 -
152.203.54.108 - - [20/Oct/2023:08:32:19 -0500] "POST /sipse/faces/presentacion/financiero/solicitudProceso/crearModificarSolicitudProceso.xhtml HTTP/1.1" 200 24591
152.203.54.108 - - [20/Oct/2023:08:32:19 -0500] "GET /sipse/faces/javax.faces.resource/theme.css?ln=primefaces-sipse HTTP/1.1" 304 -
152.203.54.108 - - [20/Oct/2023:08:32:19 -0500] "GET /sipse/faces/javax.faces.resource/primefaces.css?ln=primefaces&v=4.0 HTTP/1.1" 304 -
152.203.54.108 - - [20/Oct/2023:08:32:19 -0500] "GET /sipse/faces/javax.faces.resource/layout/layout.css?ln=primefaces&v=4.0 HTTP/1.1" 304 -
152.203.54.108 - - [20/Oct/2023:08:32:19 -0500] "GET /sipse/faces/javax.faces.resource/jquery/jquery-plugins.js?ln=primefaces&v=4.0 HTTP/1.1" 304 -
152.203.54.108 - - [20/Oct/2023:08:32:19 -0500] "GET /sipse/faces/javax.faces.resource/layout/layout.js?ln=primefaces&v=4.0 HTTP/1.1" 304 -
152.203.54.108 - - [20/Oct/2023:08:32:19 -0500] "GET /sipse/faces/javax.faces.resource/primefaces.js?ln=primefaces&v=4.0 HTTP/1.1" 304 -
152.203.54.108 - - [20/Oct/2023:08:32:19 -0500] "GET /sipse/faces/javax.faces.resource/jquery/jquery.js?ln=primefaces&v=4.0 HTTP/1.1" 304 -
152.203.54.108 - - [20/Oct/2023:08:32:19 -0500] "GET /sipse/faces/javax.faces.resource/images/ui-icons_898989_256x240.png?ln=primefaces-aristo HTTP/1.1" 304 -
201.245.192.253 - - [20/Oct/2023:08:32:30 -0500] "POST /sipse/faces/presentacion/proyectos/proyecto/proyecto.xhtml HTTP/1.1" 200 81598
201.245.192.253 - - [20/Oct/2023:08:32:31 -0500] "GET /sipse/faces/javax.faces.resource/jquery/jquery.js?ln=primefaces&v=4.0 HTTP/1.1" 304 -
201.245.192.253 - - [20/Oct/2023:08:32:31 -0500] "GET /sipse/faces/javax.faces.resource/jquery/jquery-plugins.js?ln=primefaces&v=4.0 HTTP/1.1" 304 -
201.245.192.253 - - [20/Oct/2023:08:32:31 -0500] "GET /sipse/faces/javax.faces.resource/primefaces.js?ln=primefaces&v=4.0 HTTP/1.1" 304 -
201.245.192.253 - - [20/Oct/2023:08:32:31 -0500] "GET /sipse/faces/javax.faces.resource/layout/layout.js?ln=primefaces&v=4.0 HTTP/1.1" 304 -
152.203.54.108 - - [20/Oct/2023:08:32:32 -0500] "GET /sipse/faces/javax.faces.resource/images/ui-bg_flat_0_2d5972_40x100.png?ln=primefaces-aristo HTTP/1.1" 304 -
152.203.54.108 - - [20/Oct/2023:08:32:32 -0500] "POST /sipse/faces/presentacion/financiero/solicitudProyectoActividad/asociarProyectoSolicitud.xhtml HTTP/1.1" 200 6623
152.203.54.108 - - [20/Oct/2023:08:32:35 -0500] "POST /sipse/faces/presentacion/financiero/solicitudProyectoActividad/asociarProyectoSolicitud.xhtml HTTP/1.1" 200 1700
152.203.54.108 - - [20/Oct/2023:08:32:37 -0500] "POST /sipse/faces/presentacion/financiero/solicitudProyectoActividad/asociarProyectoSolicitud.xhtml HTTP/1.1" 200 54016
152.203.54.108 - - [20/Oct/2023:08:32:41 -0500] "GET /sipse/faces/javax.faces.resource/jquery/jquery.js?ln=primefaces&v=4.0 HTTP/1.1" 304 -
152.203.54.108 - - [20/Oct/2023:08:32:41 -0500] "GET /sipse/faces/javax.faces.resource/jquery/jquery-plugins.js?ln=primefaces&v=4.0 HTTP/1.1" 304 -
152.203.54.108 - - [20/Oct/2023:08:32:41 -0500] "GET /sipse/faces/javax.faces.resource/primefaces.js?ln=primefaces&v=4.0 HTTP/1.1" 304 -
152.203.54.108 - - [20/Oct/2023:08:32:41 -0500] "GET /sipse/faces/javax.faces.resource/layout/layout.js?ln=primefaces&v=4.0 HTTP/1.1" 304 -
201.245.192.253 - - [20/Oct/2023:08:32:37 -0500] "POST /sipse/faces/presentacion/proyectos/proyecto/listarProyecto.xhtml HTTP/1.1" 200 163
152.203.54.108 - - [20/Oct/2023:08:32:49 -0500] "POST /sipse/faces/presentacion/financiero/solicitudProyectoActividad/asociarActividadSolicitud.xhtml HTTP/1.1" 200 20041
152.203.54.108 - - [20/Oct/2023:08:32:50 -0500] "GET /sipse/faces/javax.faces.resource/jquery/jquery.js?ln=primefaces&v=4.0 HTTP/1.1" 304 -
152.203.54.108 - - [20/Oct/2023:08:32:50 -0500] "GET /sipse/faces/javax.faces.resource/jquery/jquery-plugins.js?ln=primefaces&v=4.0 HTTP/1.1" 304 -
152.203.54.108 - - [20/Oct/2023:08:32:50 -0500] "GET /sipse/faces/javax.faces.resource/primefaces.js?ln=primefaces&v=4.0 HTTP/1.1" 304 -
152.203.54.108 - - [20/Oct/2023:08:32:50 -0500] "GET /sipse/faces/javax.faces.resource/layout/layout.js?ln=primefaces&v=4.0 HTTP/1.1" 304 -
172.22.2.4 - - [20/Oct/2023:08:32:51 -0500] "GET /BLA/boletinlegal/robots.txt HTTP/1.1" 404 1038
172.22.2.4 - - [20/Oct/2023:08:31:13 -0500] "GET /BLA/boletinlegal/ HTTP/1.1" 200 60189
201.245.192.253 - - [20/Oct/2023:08:32:54 -0500] "GET /sipse/faces/javax.faces.resource/theme.css?ln=primefaces-sipse HTTP/1.1" 304 -
201.245.192.253 - - [20/Oct/2023:08:32:54 -0500] "GET /sipse/faces/javax.faces.resource/primefaces.css?ln=primefaces&v=4.0 HTTP/1.1" 304 -
201.245.192.253 - - [20/Oct/2023:08:32:54 -0500] "GET /sipse/faces/javax.faces.resource/jquery/jquery-plugins.js?ln=primefaces&v=4.0 HTTP/1.1" 304 -
201.245.192.253 - - [20/Oct/2023:08:32:54 -0500] "GET /sipse/faces/javax.faces.resource/layout/layout.css?ln=primefaces&v=4.0 HTTP/1.1" 304 -
201.245.192.253 - - [20/Oct/2023:08:32:46 -0500] "GET /sipse/faces/presentacion/proyectos/proyecto/proyecto.xhtml HTTP/1.1" 200 84648
201.245.192.253 - - [20/Oct/2023:08:32:54 -0500] "GET /sipse/faces/javax.faces.resource/jquery/jquery.js?ln=primefaces&v=4.0 HTTP/1.1" 304 -
201.245.192.253 - - [20/Oct/2023:08:32:54 -0500] "GET /sipse/faces/javax.faces.resource/primefaces.js?ln=primefaces&v=4.0 HTTP/1.1" 304 -
201.245.192.253 - - [20/Oct/2023:08:32:54 -0500] "GET /sipse/faces/javax.faces.resource/layout/layout.js?ln=primefaces&v=4.0 HTTP/1.1" 304 -
201.245.192.253 - - [20/Oct/2023:08:32:54 -0500] "GET /sipse/faces/javax.faces.resource/images/ui-icons_898989_256x240.png?ln=primefaces-aristo HTTP/1.1" 304 -
201.245.192.253 - - [20/Oct/2023:08:32:54 -0500] "GET /sipse/faces/javax.faces.resource/images/ui-bg_flat_0_2d5972_40x100.png?ln=primefaces-aristo HTTP/1.1" 304 -
201.245.192.253 - - [20/Oct/2023:08:32:54 -0500] "POST /sipse/faces/presentacion/proyectos/proyecto/proyecto.xhtml HTTP/1.1" 200 3265
201.245.192.253 - - [20/Oct/2023:08:32:56 -0500] "POST /forms/lservlet;jsessionid=ac16012b30d656b142fdde064d2fb44da24020c7bd50.e3iSbxaKaheRe34Pbx8Nc3aQci1ynknvrkLOlQzNp65In0 HTTP/1.1" 200 2
152.203.54.108 - - [20/Oct/2023:08:32:59 -0500] "POST /sipse/faces/presentacion/financiero/solicitudProyectoActividad/asociarFuentesSolicitud.xhtml HTTP/1.1" 200 82223
152.203.54.108 - - [20/Oct/2023:08:33:00 -0500] "GET /sipse/faces/javax.faces.resource/theme.css?ln=primefaces-sipse HTTP/1.1" 304 -
152.203.54.108 - - [20/Oct/2023:08:33:00 -0500] "GET /sipse/faces/javax.faces.resource/primefaces.css?ln=primefaces&v=4.0 HTTP/1.1" 304 -
152.203.54.108 - - [20/Oct/2023:08:33:00 -0500] "GET /sipse/faces/javax.faces.resource/layout/layout.css?ln=primefaces&v=4.0 HTTP/1.1" 304 -
152.203.54.108 - - [20/Oct/2023:08:33:00 -0500] "GET /sipse/faces/javax.faces.resource/jquery/jquery.js?ln=primefaces&v=4.0 HTTP/1.1" 304 -
152.203.54.108 - - [20/Oct/2023:08:33:00 -0500] "GET /sipse/faces/javax.faces.resource/layout/layout.js?ln=primefaces&v=4.0 HTTP/1.1" 304 -
152.203.54.108 - - [20/Oct/2023:08:33:00 -0500] "GET /sipse/faces/javax.faces.resource/jquery/jquery-plugins.js?ln=primefaces&v=4.0 HTTP/1.1" 304 -
152.203.54.108 - - [20/Oct/2023:08:33:00 -0500] "GET /sipse/faces/javax.faces.resource/primefaces.js?ln=primefaces&v=4.0 HTTP/1.1" 304 -
152.203.54.108 - - [20/Oct/2023:08:33:00 -0500] "GET /sipse/faces/javax.faces.resource/images/ui-icons_898989_256x240.png?ln=primefaces-aristo HTTP/1.1" 304 -
167.0.144.128 - - [20/Oct/2023:08:33:40 -0500] "POST /sipse/faces/presentacion/financiero/solicitudProceso/consultarSolicitudProceso.xhtml HTTP/1.1" 200 442831
201.245.192.253 - - [20/Oct/2023:08:33:43 -0500] "POST /kwsrmcab/Wsrmcab  HTTP/1.1" 200 40804
201.245.192.253 - - [20/Oct/2023:08:33:07 -0500] "POST /sipse/faces/presentacion/proyectos/proyecto/proyecto.xhtml HTTP/1.1" 200 43505
201.245.192.253 - - [20/Oct/2023:08:33:49 -0500] "GET /sipse/faces/javax.faces.resource/spacer/dot_clear.gif?ln=primefaces&v=4.0 HTTP/1.1" 304 -
207.46.13.64 - - [20/Oct/2023:08:33:49 -0500] "GET /BLA/resoluciones/AUTOS%202022/1896.pdf HTTP/1.1" 200 385661
201.245.192.253 - - [20/Oct/2023:08:33:56 -0500] "POST /forms/lservlet;jsessionid=ac16012b30d66c604508abbb4d319f23fcb845129ef7.e3iSbxaKaheRe34Pbx8Nc3aQci1ynknvrkLOlQzNp65In0 HTTP/1.1" 200 2
152.203.54.108 - - [20/Oct/2023:08:34:00 -0500] "GET /sipse/faces/javax.faces.resource/images/ui-bg_flat_0_2d5972_40x100.png?ln=primefaces-aristo HTTP/1.1" 304 -
152.203.54.108 - - [20/Oct/2023:08:34:00 -0500] "POST /sipse/faces/presentacion/financiero/solicitudProceso/crearModificarSolicitudProceso.xhtml HTTP/1.1" 200 60726
152.203.54.108 - - [20/Oct/2023:08:34:04 -0500] "GET /sipse/faces/javax.faces.resource/messages/messages.png?ln=primefaces&v=4.0 HTTP/1.1" 304 -
201.245.192.253 - - [20/Oct/2023:08:33:49 -0500] "POST /sipse/faces/presentacion/proyectos/proyecto/proyecto.xhtml HTTP/1.1" 200 3944
167.0.157.126 - - [20/Oct/2023:08:34:29 -0500] "GET /kwssiamovil/sm/ldap/au?x=U2FsdGVkX1+fCeKWi7GMAEQNsyt0MqKeWNnMZOJ/dz/b8+/JLMXB1/SikEm7RPP9&y=U2FsdGVkX1/xS/7zzIRwhShNrQr+TClFEIp+Q+raG9EuP6ByS0SiFKqW+kKgI6hl HTTP/1.1" 200 30
167.0.157.126 - - [20/Oct/2023:08:34:29 -0500] "GET /kwssiamovil/sm/acme/s?s=U2FsdGVkX1/WYbodDcs08poHfRfGYG2ctpHLzYqVP3LF0xf2MHghB+Pzvw+tKsKV1c5R4FguilvDV7XJlFiTCAXPuLNfBQomkWlbYV22Ews=&u=U2FsdGVkX1+uKj+E2SWbtezxu4k74M8wY0MrbOXjtNY=&y=U2FsdGVkX1/xS/7zzIRwhShNrQr+TClFEIp+Q+raG9EuP6ByS0SiFKqW+kKgI6hl HTTP/1.1" 200 97
167.0.157.126 - - [20/Oct/2023:08:34:29 -0500] "GET /kwssiamovil/sm/acme/s?s=U2FsdGVkX1/2/K2mjhZpB0Qxk/hSfCAx/qfiTsnZXLldGRdjpUpWB2BONnBZH66XYaosrGKW2fk+5HxmO3a721Qwbzsk/z0Jiw23W8H1QfgSTTeKNTY+aidty3zDGr4zDOYDNogeL9ecKx4L7DJSaycaPce53xUqeXIQhsJkOiSRaVN/qBe9M+OY74LkXGkrDlz3+Lx7qfe4jtMsNoPqvHRd150DrCFUOb+YJDS5s1/HHguMJaDwSFuVxnqlI0hfJFOf/99RFQJvP0ccN6sokiYHpUrXEM2FyhfrfUI4EBqewlZlix7loHWsBtwDcX4ciB5IiriBFft/jf7QHNsNoneEOKktVs6B9cHcX1tmGksioa5aShDhpm+gnycAhmBCM9+Wm+jzWFkmW/jBAP6rKFUwACtq3otb73YFVsYiZNUPqalYEUWre7oo5LxuYsh4bPc/mVOK4QCPn0LAXGmexNfBpUHVVvWDOLblHQz8Ic9FNOoOcyvcBrpmDOiRjKQUBLBQDgA6kZdjtAanyChng2i+8AbLLSOWygbNjgSRYykrQpLUsx0QFyzAlMlft8AMFIeXRuKmeLVGGRSCqPrEmu0FrDW4FiF8R4fh+rmZWUTWCRuGYsEutLMtRWJA0Q8EUHs5w0WEAc+zI9dbLFmJrSHyqHHUgovG0t6cotWu7Naq9eb7MY559btw8oz7yCEcWsq7UPVFDVDCmLd9wQf0jwfxcXnsaip/rXXk3x3D2+b//yT/Ej0nvuU//Q+tdC8Pf12qUrGRR4EKJOYTjqfTguYIPB2XxCS4n1Z1sTAM4sKxsgmSaMluH5xL3TF8R8KLKMCvoqOShpoRl/30rXNSKhMaSaVXd2s0N+cdwwm8mYYlAbTjXC/j56ceQUFRTZQe906V/hD9L5KGXdR+OTiv81z8Nwx2O6yrz2V/EY/Hm6DpY7WUKOyqTFYfv8lkeWbja1kRGtkUkHsTpVFgxDehMIBDN3nVyj8IefcIRj8bR/kSRpWTOt9Ur10uL6xR6pgmngCmNRajOAsdZM/6bVD82C5SEqCGav/spZa8o9lVhUlmnovfEPHnr+A9zpwR5/6hmokB3x00s84E9p5+7SjFkCRExA+tO7XkgG6/7LAiKjWbeF8sr5Rzvjxzicb4oq5UnQOZNjiyf0nDg7zklEExPgQR6XwlxWghbFxrDcpAiBWENvkB4oMJv2wlDWWEyBU5svGT90R72nXHWuYuqNKs9Z1rQmYDaPUCOk5FnwsB8JgKDeeyjEcclV8eFqemadWPv0JBEtwvrmtCF/61Gm/+Z3y0qocrzg298cqUz2jbCASKPXrvo0dmSjd+TH3tQ4eMQ52aMR8B1lBu+90c0BsqufFGSRuAbm4NJdFX/P3ERMdq8K8LPeFuwjuNQC5ab2T6qQf7U59EWsZr0V2FFwr0XNSb2BZGsN5f4fFMRGnPqvk=&u=U2FsdGVkX1+uKj+E2SWbtezxu4k74M8wY0MrbOXjtNY=&y=U2FsdGVkX1/xS/7zzIRwhShNrQr+TClFEIp+Q+raG9EuP6ByS0SiFKqW+kKgI6hl HTTP/1.1" 200 2374
167.0.157.126 - - [20/Oct/2023:08:34:29 -0500] "GET /kwssiamovil/sm/acme/s?s=U2FsdGVkX1/HXq2+3g9nF3jeq1UjvKrkHwsMm/Cnix8v9QIhkVKVmIak7ejPPEQJTiy6XxMzluuUPuQ2pIpfzfbzgtoz2axJg/737uz8CuJDDJ3V4LToEb01FpxLY/LwbLbmnrQspcdm+nOxGNjMB4zkwCKPlIPlSd0cwChLtX3Sb9/O/ZUonM00qEH0S1oIbLBoRv91Nc7cNh+WROidRczY2ECFTlyzNFfpoXOSHIpIVotY/lFx2KGFjspUFhfQhseK7l2EZR8DBG1C5jAeNQ6JY7J4qth395WxZv2VDRkC+THjAGpEtKnIdKzKDro9FLyARbplP1SVUn2POJ6LFA==&u=U2FsdGVkX1+uKj+E2SWbtezxu4k74M8wY0MrbOXjtNY=&y=U2FsdGVkX1/xS/7zzIRwhShNrQr+TClFEIp+Q+raG9EuP6ByS0SiFKqW+kKgI6hl HTTP/1.1" 200 196
167.0.157.126 - - [20/Oct/2023:08:34:29 -0500] "GET /kwssiamovil/sm/cjson/pre?f=1&x=U2FsdGVkX1+fCeKWi7GMAEQNsyt0MqKeWNnMZOJ/dz/b8+/JLMXB1/SikEm7RPP9 HTTP/1.1" 200 31032
172.22.2.4 - - [20/Oct/2023:08:32:52 -0500] "GET /BLA/boletinlegal/ HTTP/1.1" 200 62768
216.245.221.92 - - [20/Oct/2023:08:34:36 -0500] "HEAD / HTTP/1.1" 200 -
201.245.192.253 - - [20/Oct/2023:08:34:56 -0500] "POST /forms/lservlet;jsessionid=ac16012b30d656b142fdde064d2fb44da24020c7bd50.e3iSbxaKaheRe34Pbx8Nc3aQci1ynknvrkLOlQzNp65In0 HTTP/1.1" 200 2
152.203.54.108 - - [20/Oct/2023:08:35:06 -0500] "POST /sipse/faces/presentacion/financiero/solicitudProceso/crearModificarSolicitudProceso.xhtml HTTP/1.1" 200 911
201.245.192.253 - - [20/Oct/2023:08:35:08 -0500] "POST /forms/lservlet;jsessionid=ac16012b30d66c604508abbb4d319f23fcb845129ef7.e3iSbxaKaheRe34Pbx8Nc3aQci1ynknvrkLOlQzNp65In0 HTTP/1.1" 200 925
201.245.192.253 - - [20/Oct/2023:08:35:09 -0500] "POST /forms/lservlet;jsessionid=ac16012b30d66c604508abbb4d319f23fcb845129ef7.e3iSbxaKaheRe34Pbx8Nc3aQci1ynknvrkLOlQzNp65In0 HTTP/1.1" 200 743
201.245.192.253 - - [20/Oct/2023:08:35:09 -0500] "POST /forms/lservlet;jsessionid=ac16012b30d66c604508abbb4d319f23fcb845129ef7.e3iSbxaKaheRe34Pbx8Nc3aQci1ynknvrkLOlQzNp65In0 HTTP/1.1" 200 790
152.203.54.108 - - [20/Oct/2023:08:35:09 -0500] "GET /sipse/faces/presentacion/financiero/solicitudProyectoActividad/faces/autenticacion HTTP/1.1" 302 -
201.245.192.253 - - [20/Oct/2023:08:35:09 -0500] "POST /forms/lservlet;jsessionid=ac16012b30d66c604508abbb4d319f23fcb845129ef7.e3iSbxaKaheRe34Pbx8Nc3aQci1ynknvrkLOlQzNp65In0 HTTP/1.1" 200 724
201.245.192.253 - - [20/Oct/2023:08:35:09 -0500] "POST /forms/lservlet;jsessionid=ac16012b30d66c604508abbb4d319f23fcb845129ef7.e3iSbxaKaheRe34Pbx8Nc3aQci1ynknvrkLOlQzNp65In0 HTTP/1.1" 200 665
201.245.192.253 - - [20/Oct/2023:08:35:09 -0500] "POST /forms/lservlet;jsessionid=ac16012b30d66c604508abbb4d319f23fcb845129ef7.e3iSbxaKaheRe34Pbx8Nc3aQci1ynknvrkLOlQzNp65In0 HTTP/1.1" 200 717
152.203.54.108 - - [20/Oct/2023:08:35:09 -0500] "GET /sipse/faces/autenticacion.xhtml HTTP/1.1" 200 12405
201.245.192.253 - - [20/Oct/2023:08:35:09 -0500] "POST /forms/lservlet;jsessionid=ac16012b30d66c604508abbb4d319f23fcb845129ef7.e3iSbxaKaheRe34Pbx8Nc3aQci1ynknvrkLOlQzNp65In0 HTTP/1.1" 200 618
152.203.54.108 - - [20/Oct/2023:08:35:09 -0500] "GET /sipse/faces/javax.faces.resource/theme.css?ln=primefaces-sipse HTTP/1.1" 304 -
152.203.54.108 - - [20/Oct/2023:08:35:09 -0500] "GET /sipse/faces/javax.faces.resource/primefaces.css?ln=primefaces&v=4.0 HTTP/1.1" 304 -
152.203.54.108 - - [20/Oct/2023:08:35:09 -0500] "GET /sipse/faces/javax.faces.resource/jquery/jquery-plugins.js?ln=primefaces&v=4.0 HTTP/1.1" 304 -
152.203.54.108 - - [20/Oct/2023:08:35:09 -0500] "GET /sipse/faces/javax.faces.resource/layout/layout.css?ln=primefaces&v=4.0 HTTP/1.1" 304 -
152.203.54.108 - - [20/Oct/2023:08:35:09 -0500] "GET /sipse/faces/javax.faces.resource/layout/layout.js?ln=primefaces&v=4.0 HTTP/1.1" 304 -
152.203.54.108 - - [20/Oct/2023:08:35:09 -0500] "GET /sipse/faces/javax.faces.resource/jquery/jquery.js?ln=primefaces&v=4.0 HTTP/1.1" 304 -
152.203.54.108 - - [20/Oct/2023:08:35:09 -0500] "GET /sipse/faces/javax.faces.resource/primefaces.js?ln=primefaces&v=4.0 HTTP/1.1" 304 -
201.245.192.253 - - [20/Oct/2023:08:35:09 -0500] "POST /forms/lservlet;jsessionid=ac16012b30d66c604508abbb4d319f23fcb845129ef7.e3iSbxaKaheRe34Pbx8Nc3aQci1ynknvrkLOlQzNp65In0 HTTP/1.1" 200 700
152.203.54.108 - - [20/Oct/2023:08:35:10 -0500] "GET /sipse/faces/javax.faces.resource/images/ui-icons_898989_256x240.png?ln=primefaces-aristo HTTP/1.1" 304 -
201.245.192.253 - - [20/Oct/2023:08:35:10 -0500] "POST /forms/lservlet;jsessionid=ac16012b30d66c604508abbb4d319f23fcb845129ef7.e3iSbxaKaheRe34Pbx8Nc3aQci1ynknvrkLOlQzNp65In0 HTTP/1.1" 200 895
201.245.192.253 - - [20/Oct/2023:08:35:10 -0500] "POST /forms/lservlet;jsessionid=ac16012b30d66c604508abbb4d319f23fcb845129ef7.e3iSbxaKaheRe34Pbx8Nc3aQci1ynknvrkLOlQzNp65In0 HTTP/1.1" 200 910
201.245.192.253 - - [20/Oct/2023:08:35:10 -0500] "POST /forms/lservlet;jsessionid=ac16012b30d66c604508abbb4d319f23fcb845129ef7.e3iSbxaKaheRe34Pbx8Nc3aQci1ynknvrkLOlQzNp65In0 HTTP/1.1" 200 769
201.245.192.253 - - [20/Oct/2023:08:35:10 -0500] "POST /forms/lservlet;jsessionid=ac16012b30d66c604508abbb4d319f23fcb845129ef7.e3iSbxaKaheRe34Pbx8Nc3aQci1ynknvrkLOlQzNp65In0 HTTP/1.1" 200 754
201.245.192.253 - - [20/Oct/2023:08:35:10 -0500] "POST /forms/lservlet;jsessionid=ac16012b30d66c604508abbb4d319f23fcb845129ef7.e3iSbxaKaheRe34Pbx8Nc3aQci1ynknvrkLOlQzNp65In0 HTTP/1.1" 200 761
201.245.192.253 - - [20/Oct/2023:08:35:10 -0500] "POST /forms/lservlet;jsessionid=ac16012b30d66c604508abbb4d319f23fcb845129ef7.e3iSbxaKaheRe34Pbx8Nc3aQci1ynknvrkLOlQzNp65In0 HTTP/1.1" 200 683
201.245.192.253 - - [20/Oct/2023:08:35:10 -0500] "POST /forms/lservlet;jsessionid=ac16012b30d66c604508abbb4d319f23fcb845129ef7.e3iSbxaKaheRe34Pbx8Nc3aQci1ynknvrkLOlQzNp65In0 HTTP/1.1" 200 665
201.245.192.253 - - [20/Oct/2023:08:35:10 -0500] "POST /forms/lservlet;jsessionid=ac16012b30d66c604508abbb4d319f23fcb845129ef7.e3iSbxaKaheRe34Pbx8Nc3aQci1ynknvrkLOlQzNp65In0 HTTP/1.1" 200 630
201.245.192.253 - - [20/Oct/2023:08:35:10 -0500] "POST /forms/lservlet;jsessionid=ac16012b30d66c604508abbb4d319f23fcb845129ef7.e3iSbxaKaheRe34Pbx8Nc3aQci1ynknvrkLOlQzNp65In0 HTTP/1.1" 200 755
201.245.192.253 - - [20/Oct/2023:08:35:11 -0500] "POST /forms/lservlet;jsessionid=ac16012b30d66c604508abbb4d319f23fcb845129ef7.e3iSbxaKaheRe34Pbx8Nc3aQci1ynknvrkLOlQzNp65In0 HTTP/1.1" 200 710
201.245.192.253 - - [20/Oct/2023:08:35:13 -0500] "POST /forms/lservlet;jsessionid=ac16012b30d66c604508abbb4d319f23fcb845129ef7.e3iSbxaKaheRe34Pbx8Nc3aQci1ynknvrkLOlQzNp65In0 HTTP/1.1" 200 805
201.245.192.253 - - [20/Oct/2023:08:35:14 -0500] "POST /forms/lservlet;jsessionid=ac16012b30d66c604508abbb4d319f23fcb845129ef7.e3iSbxaKaheRe34Pbx8Nc3aQci1ynknvrkLOlQzNp65In0 HTTP/1.1" 200 676
201.245.192.253 - - [20/Oct/2023:08:35:14 -0500] "POST /forms/lservlet;jsessionid=ac16012b30d66c604508abbb4d319f23fcb845129ef7.e3iSbxaKaheRe34Pbx8Nc3aQci1ynknvrkLOlQzNp65In0 HTTP/1.1" 200 790
201.245.192.253 - - [20/Oct/2023:08:35:14 -0500] "POST /forms/lservlet;jsessionid=ac16012b30d66c604508abbb4d319f23fcb845129ef7.e3iSbxaKaheRe34Pbx8Nc3aQci1ynknvrkLOlQzNp65In0 HTTP/1.1" 200 686
201.245.192.253 - - [20/Oct/2023:08:35:15 -0500] "POST /forms/lservlet;jsessionid=ac16012b30d66c604508abbb4d319f23fcb845129ef7.e3iSbxaKaheRe34Pbx8Nc3aQci1ynknvrkLOlQzNp65In0 HTTP/1.1" 200 650
201.245.192.253 - - [20/Oct/2023:08:35:15 -0500] "POST /forms/lservlet;jsessionid=ac16012b30d66c604508abbb4d319f23fcb845129ef7.e3iSbxaKaheRe34Pbx8Nc3aQci1ynknvrkLOlQzNp65In0 HTTP/1.1" 200 630
201.245.192.253 - - [20/Oct/2023:08:35:15 -0500] "POST /forms/lservlet;jsessionid=ac16012b30d66c604508abbb4d319f23fcb845129ef7.e3iSbxaKaheRe34Pbx8Nc3aQci1ynknvrkLOlQzNp65In0 HTTP/1.1" 200 730
201.245.192.253 - - [20/Oct/2023:08:35:16 -0500] "POST /forms/lservlet;jsessionid=ac16012b30d66c604508abbb4d319f23fcb845129ef7.e3iSbxaKaheRe34Pbx8Nc3aQci1ynknvrkLOlQzNp65In0 HTTP/1.1" 200 701
152.203.54.108 - - [20/Oct/2023:08:33:04 -0500] "POST /sipse/faces/presentacion/financiero/solicitudProceso/crearModificarSolicitudProceso.xhtml HTTP/1.1" 200 16041
152.203.54.108 - - [20/Oct/2023:08:35:24 -0500] "POST /sipse/faces/autenticacion.xhtml HTTP/1.1" 200 2217
152.203.54.108 - - [20/Oct/2023:08:35:25 -0500] "GET /sipse/faces/javax.faces.resource/messages/messages.png?ln=primefaces&v=4.0 HTTP/1.1" 304 -
201.245.192.253 - - [20/Oct/2023:08:34:21 -0500] "POST /sipse/faces/presentacion/proyectos/proyecto/proyecto.xhtml HTTP/1.1" 200 53998
152.203.54.108 - - [20/Oct/2023:08:35:26 -0500] "POST /sipse/faces/autenticacion.xhtml HTTP/1.1" 200 16344
152.203.54.108 - - [20/Oct/2023:08:35:26 -0500] "GET /sipse/faces/javax.faces.resource/jquery/jquery.js?ln=primefaces&v=4.0 HTTP/1.1" 304 -
152.203.54.108 - - [20/Oct/2023:08:35:27 -0500] "GET /sipse/faces/javax.faces.resource/jquery/jquery-plugins.js?ln=primefaces&v=4.0 HTTP/1.1" 304 -
152.203.54.108 - - [20/Oct/2023:08:35:27 -0500] "GET /sipse/faces/javax.faces.resource/primefaces.js?ln=primefaces&v=4.0 HTTP/1.1" 304 -
152.203.54.108 - - [20/Oct/2023:08:35:27 -0500] "GET /sipse/faces/javax.faces.resource/layout/layout.js?ln=primefaces&v=4.0 HTTP/1.1" 304 -
201.245.192.253 - - [20/Oct/2023:08:35:29 -0500] "POST /forms/lservlet;jsessionid=ac16012b30d66c604508abbb4d319f23fcb845129ef7.e3iSbxaKaheRe34Pbx8Nc3aQci1ynknvrkLOlQzNp65In0 HTTP/1.1" 200 1073
152.203.54.108 - - [20/Oct/2023:08:35:29 -0500] "GET /sipse/faces/javax.faces.resource/images/ui-bg_flat_0_2d5972_40x100.png?ln=primefaces-aristo HTTP/1.1" 304 -
152.203.54.108 - - [20/Oct/2023:08:35:29 -0500] "POST /sipse/faces/bienvenido.xhtml HTTP/1.1" 200 2658
201.245.192.253 - - [20/Oct/2023:08:35:41 -0500] "POST /forms/lservlet;jsessionid=ac16012b30d66c604508abbb4d319f23fcb845129ef7.e3iSbxaKaheRe34Pbx8Nc3aQci1ynknvrkLOlQzNp65In0 HTTP/1.1" 200 736
152.203.54.108 - - [20/Oct/2023:08:35:54 -0500] "GET /sipse/css/imagen/contrasena.png HTTP/1.1" 404 383
152.203.54.108 - - [20/Oct/2023:08:35:54 -0500] "GET /sipse/css/imagen/logoSDG.png HTTP/1.1" 200 53064
201.245.192.253 - - [20/Oct/2023:08:35:56 -0500] "POST /forms/lservlet;jsessionid=ac16012b30d66c604508abbb4d319f23fcb845129ef7.e3iSbxaKaheRe34Pbx8Nc3aQci1ynknvrkLOlQzNp65In0 HTTP/1.1" 200 2
201.245.192.253 - - [20/Oct/2023:08:35:56 -0500] "POST /forms/lservlet;jsessionid=ac16012b30d66c604508abbb4d319f23fcb845129ef7.e3iSbxaKaheRe34Pbx8Nc3aQci1ynknvrkLOlQzNp65In0 HTTP/1.1" 200 583
152.203.54.108 - - [20/Oct/2023:08:34:09 -0500] "POST /sipse/faces/presentacion/financiero/solicitudProceso/crearModificarSolicitudProceso.xhtml HTTP/1.1" 200 19556
201.245.192.253 - - [20/Oct/2023:08:36:09 -0500] "POST /forms/lservlet;jsessionid=ac16012b30d66c604508abbb4d319f23fcb845129ef7.e3iSbxaKaheRe34Pbx8Nc3aQci1ynknvrkLOlQzNp65In0 HTTP/1.1" 200 530
152.203.54.108 - - [20/Oct/2023:08:36:08 -0500] "POST /sipse/faces/bienvenido.xhtml HTTP/1.1" 200 64050
152.203.54.108 - - [20/Oct/2023:08:36:18 -0500] "GET /sipse/faces/javax.faces.resource/jquery/jquery.js?ln=primefaces&v=4.0 HTTP/1.1" 304 -
152.203.54.108 - - [20/Oct/2023:08:36:18 -0500] "GET /sipse/faces/javax.faces.resource/jquery/jquery-plugins.js?ln=primefaces&v=4.0 HTTP/1.1" 304 -
152.203.54.108 - - [20/Oct/2023:08:36:18 -0500] "GET /sipse/faces/javax.faces.resource/primefaces.js?ln=primefaces&v=4.0 HTTP/1.1" 304 -
152.203.54.108 - - [20/Oct/2023:08:36:18 -0500] "GET /sipse/faces/javax.faces.resource/layout/layout.js?ln=primefaces&v=4.0 HTTP/1.1" 304 -
201.245.192.253 - - [20/Oct/2023:08:36:25 -0500] "POST /forms/lservlet;jsessionid=ac16012b30d66c604508abbb4d319f23fcb845129ef7.e3iSbxaKaheRe34Pbx8Nc3aQci1ynknvrkLOlQzNp65In0 HTTP/1.1" 200 1041
152.203.54.108 - - [20/Oct/2023:08:36:19 -0500] "POST /sipse/faces/presentacion/financiero/solicitudProceso/listarSolicitudProceso.xhtml HTTP/1.1" 200 1544
152.203.54.108 - - [20/Oct/2023:08:36:29 -0500] "POST /sipse/faces/presentacion/financiero/solicitudProceso/listarSolicitudProceso.xhtml HTTP/1.1" 200 59016
152.203.54.108 - - [20/Oct/2023:08:36:30 -0500] "GET /sipse/faces/javax.faces.resource/jquery/jquery.js?ln=primefaces&v=4.0 HTTP/1.1" 304 -
152.203.54.108 - - [20/Oct/2023:08:36:30 -0500] "GET /sipse/faces/javax.faces.resource/jquery/jquery-plugins.js?ln=primefaces&v=4.0 HTTP/1.1" 304 -
152.203.54.108 - - [20/Oct/2023:08:36:30 -0500] "GET /sipse/faces/javax.faces.resource/primefaces.js?ln=primefaces&v=4.0 HTTP/1.1" 304 -
152.203.54.108 - - [20/Oct/2023:08:36:30 -0500] "GET /sipse/faces/javax.faces.resource/layout/layout.js?ln=primefaces&v=4.0 HTTP/1.1" 304 -
152.203.54.108 - - [20/Oct/2023:08:36:32 -0500] "POST /sipse/faces/presentacion/financiero/solicitudProceso/crearModificarSolicitudProceso.xhtml HTTP/1.1" 200 51776
152.203.54.108 - - [20/Oct/2023:08:36:37 -0500] "POST /sipse/faces/presentacion/financiero/solicitudProceso/crearModificarSolicitudProceso.xhtml HTTP/1.1" 200 25141
201.245.192.253 - - [20/Oct/2023:08:36:56 -0500] "POST /forms/lservlet;jsessionid=ac16012b30d656b142fdde064d2fb44da24020c7bd50.e3iSbxaKaheRe34Pbx8Nc3aQci1ynknvrkLOlQzNp65In0 HTTP/1.1" 200 2
152.203.54.108 - - [20/Oct/2023:08:36:57 -0500] "POST /sipse/faces/presentacion/financiero/solicitudProceso/crearModificarSolicitudProceso.xhtml HTTP/1.1" 200 6303
152.203.54.108 - - [20/Oct/2023:08:37:06 -0500] "POST /sipse/faces/presentacion/financiero/solicitudProceso/crearModificarSolicitudProceso.xhtml HTTP/1.1" 200 9548
152.203.54.108 - - [20/Oct/2023:08:37:11 -0500] "POST /sipse/faces/presentacion/financiero/solicitudProceso/crearModificarSolicitudProceso.xhtml HTTP/1.1" 200 7346
152.203.54.108 - - [20/Oct/2023:08:37:24 -0500] "POST /sipse/faces/presentacion/financiero/solicitudProceso/crearModificarSolicitudProceso.xhtml HTTP/1.1" 200 24591
152.203.54.108 - - [20/Oct/2023:08:37:24 -0500] "GET /sipse/faces/javax.faces.resource/theme.css?ln=primefaces-sipse HTTP/1.1" 304 -
152.203.54.108 - - [20/Oct/2023:08:37:24 -0500] "GET /sipse/faces/javax.faces.resource/primefaces.css?ln=primefaces&v=4.0 HTTP/1.1" 304 -
152.203.54.108 - - [20/Oct/2023:08:37:24 -0500] "GET /sipse/faces/javax.faces.resource/jquery/jquery-plugins.js?ln=primefaces&v=4.0 HTTP/1.1" 304 -
152.203.54.108 - - [20/Oct/2023:08:37:24 -0500] "GET /sipse/faces/javax.faces.resource/layout/layout.js?ln=primefaces&v=4.0 HTTP/1.1" 304 -
152.203.54.108 - - [20/Oct/2023:08:37:24 -0500] "GET /sipse/faces/javax.faces.resource/jquery/jquery.js?ln=primefaces&v=4.0 HTTP/1.1" 304 -
152.203.54.108 - - [20/Oct/2023:08:37:24 -0500] "GET /sipse/faces/javax.faces.resource/primefaces.js?ln=primefaces&v=4.0 HTTP/1.1" 304 -
152.203.54.108 - - [20/Oct/2023:08:37:24 -0500] "GET /sipse/faces/javax.faces.resource/layout/layout.css?ln=primefaces&v=4.0 HTTP/1.1" 304 -
152.203.54.108 - - [20/Oct/2023:08:37:25 -0500] "GET /sipse/faces/javax.faces.resource/images/ui-icons_898989_256x240.png?ln=primefaces-aristo HTTP/1.1" 304 -
201.245.192.253 - - [20/Oct/2023:08:37:26 -0500] "POST /forms/lservlet;jsessionid=ac16012b30d66c604508abbb4d319f23fcb845129ef7.e3iSbxaKaheRe34Pbx8Nc3aQci1ynknvrkLOlQzNp65In0 HTTP/1.1" 200 105
201.245.192.253 - - [20/Oct/2023:08:37:27 -0500] "POST /forms/lservlet;jsessionid=ac16012b30d66c604508abbb4d319f23fcb845129ef7.e3iSbxaKaheRe34Pbx8Nc3aQci1ynknvrkLOlQzNp65In0 HTTP/1.1" 200 2
201.245.192.253 - - [20/Oct/2023:08:37:27 -0500] "POST /forms/lservlet;jsessionid=ac16012b30d66c604508abbb4d319f23fcb845129ef7.e3iSbxaKaheRe34Pbx8Nc3aQci1ynknvrkLOlQzNp65In0 HTTP/1.1" 200 680
201.245.192.253 - - [20/Oct/2023:08:37:27 -0500] "POST /forms/lservlet;jsessionid=ac16012b30d66c604508abbb4d319f23fcb845129ef7.e3iSbxaKaheRe34Pbx8Nc3aQci1ynknvrkLOlQzNp65In0 HTTP/1.1" 200 2
201.245.192.253 - - [20/Oct/2023:08:37:28 -0500] "POST /forms/lservlet;jsessionid=ac16012b30d66c604508abbb4d319f23fcb845129ef7.e3iSbxaKaheRe34Pbx8Nc3aQci1ynknvrkLOlQzNp65In0 HTTP/1.1" 200 576
152.203.54.108 - - [20/Oct/2023:08:37:29 -0500] "GET /sipse/faces/javax.faces.resource/images/ui-bg_flat_0_2d5972_40x100.png?ln=primefaces-aristo HTTP/1.1" 304 -
201.245.192.253 - - [20/Oct/2023:08:37:29 -0500] "POST /forms/lservlet;jsessionid=ac16012b30d66c604508abbb4d319f23fcb845129ef7.e3iSbxaKaheRe34Pbx8Nc3aQci1ynknvrkLOlQzNp65In0 HTTP/1.1" 200 754
201.245.192.253 - - [20/Oct/2023:08:37:29 -0500] "POST /forms/lservlet;jsessionid=ac16012b30d66c604508abbb4d319f23fcb845129ef7.e3iSbxaKaheRe34Pbx8Nc3aQci1ynknvrkLOlQzNp65In0 HTTP/1.1" 200 680
201.245.192.253 - - [20/Oct/2023:08:37:30 -0500] "POST /forms/lservlet;jsessionid=ac16012b30d66c604508abbb4d319f23fcb845129ef7.e3iSbxaKaheRe34Pbx8Nc3aQci1ynknvrkLOlQzNp65In0 HTTP/1.1" 200 664
201.245.192.253 - - [20/Oct/2023:08:37:30 -0500] "POST /forms/lservlet;jsessionid=ac16012b30d66c604508abbb4d319f23fcb845129ef7.e3iSbxaKaheRe34Pbx8Nc3aQci1ynknvrkLOlQzNp65In0 HTTP/1.1" 200 854
201.245.192.253 - - [20/Oct/2023:08:37:30 -0500] "POST /forms/lservlet;jsessionid=ac16012b30d66c604508abbb4d319f23fcb845129ef7.e3iSbxaKaheRe34Pbx8Nc3aQci1ynknvrkLOlQzNp65In0 HTTP/1.1" 200 639
201.245.192.253 - - [20/Oct/2023:08:37:28 -0500] "POST /kwsrmcab/Wsrmcab HTTP/1.1" 200 40795
201.245.192.253 - - [20/Oct/2023:08:37:30 -0500] "POST /forms/lservlet;jsessionid=ac16012b30d66c604508abbb4d319f23fcb845129ef7.e3iSbxaKaheRe34Pbx8Nc3aQci1ynknvrkLOlQzNp65In0 HTTP/1.1" 200 748
201.245.192.253 - - [20/Oct/2023:08:37:30 -0500] "POST /forms/lservlet;jsessionid=ac16012b30d66c604508abbb4d319f23fcb845129ef7.e3iSbxaKaheRe34Pbx8Nc3aQci1ynknvrkLOlQzNp65In0 HTTP/1.1" 200 660
201.245.192.253 - - [20/Oct/2023:08:37:30 -0500] "POST /forms/lservlet;jsessionid=ac16012b30d66c604508abbb4d319f23fcb845129ef7.e3iSbxaKaheRe34Pbx8Nc3aQci1ynknvrkLOlQzNp65In0 HTTP/1.1" 200 753
152.203.54.108 - - [20/Oct/2023:08:37:29 -0500] "POST /sipse/faces/presentacion/financiero/solicitudProyectoActividad/asociarProyectoSolicitud.xhtml HTTP/1.1" 200 6623
201.245.192.253 - - [20/Oct/2023:08:37:31 -0500] "POST /forms/lservlet;jsessionid=ac16012b30d66c604508abbb4d319f23fcb845129ef7.e3iSbxaKaheRe34Pbx8Nc3aQci1ynknvrkLOlQzNp65In0 HTTP/1.1" 200 606
201.245.192.253 - - [20/Oct/2023:08:37:31 -0500] "POST /forms/lservlet;jsessionid=ac16012b30d66c604508abbb4d319f23fcb845129ef7.e3iSbxaKaheRe34Pbx8Nc3aQci1ynknvrkLOlQzNp65In0 HTTP/1.1" 200 611
201.245.192.253 - - [20/Oct/2023:08:37:31 -0500] "POST /forms/lservlet;jsessionid=ac16012b30d66c604508abbb4d319f23fcb845129ef7.e3iSbxaKaheRe34Pbx8Nc3aQci1ynknvrkLOlQzNp65In0 HTTP/1.1" 200 810
201.245.192.253 - - [20/Oct/2023:08:37:32 -0500] "POST /forms/lservlet;jsessionid=ac16012b30d66c604508abbb4d319f23fcb845129ef7.e3iSbxaKaheRe34Pbx8Nc3aQci1ynknvrkLOlQzNp65In0 HTTP/1.1" 200 498
201.245.192.253 - - [20/Oct/2023:08:37:32 -0500] "POST /forms/lservlet;jsessionid=ac16012b30d66c604508abbb4d319f23fcb845129ef7.e3iSbxaKaheRe34Pbx8Nc3aQci1ynknvrkLOlQzNp65In0 HTTP/1.1" 200 524
152.203.54.108 - - [20/Oct/2023:08:37:32 -0500] "POST /sipse/faces/presentacion/financiero/solicitudProyectoActividad/asociarProyectoSolicitud.xhtml HTTP/1.1" 200 1700
201.245.192.253 - - [20/Oct/2023:08:37:31 -0500] "POST /kwsrmcab/Wsrmcab HTTP/1.1" 200 40828
152.203.54.108 - - [20/Oct/2023:08:37:34 -0500] "POST /sipse/faces/presentacion/financiero/solicitudProyectoActividad/asociarProyectoSolicitud.xhtml HTTP/1.1" 200 54016
152.203.54.108 - - [20/Oct/2023:08:37:36 -0500] "GET /sipse/faces/javax.faces.resource/jquery/jquery.js?ln=primefaces&v=4.0 HTTP/1.1" 304 -
152.203.54.108 - - [20/Oct/2023:08:37:36 -0500] "GET /sipse/faces/javax.faces.resource/jquery/jquery-plugins.js?ln=primefaces&v=4.0 HTTP/1.1" 304 -
152.203.54.108 - - [20/Oct/2023:08:37:36 -0500] "GET /sipse/faces/javax.faces.resource/primefaces.js?ln=primefaces&v=4.0 HTTP/1.1" 304 -
152.203.54.108 - - [20/Oct/2023:08:37:36 -0500] "GET /sipse/faces/javax.faces.resource/layout/layout.js?ln=primefaces&v=4.0 HTTP/1.1" 304 -
201.245.192.253 - - [20/Oct/2023:08:37:43 -0500] "POST /forms/lservlet;jsessionid=ac16012b30d66c604508abbb4d319f23fcb845129ef7.e3iSbxaKaheRe34Pbx8Nc3aQci1ynknvrkLOlQzNp65In0 HTTP/1.1" 200 8
201.245.192.253 - - [20/Oct/2023:08:37:43 -0500] "POST /forms/lservlet;jsessionid=ac16012b30d66c604508abbb4d319f23fcb845129ef7.e3iSbxaKaheRe34Pbx8Nc3aQci1ynknvrkLOlQzNp65In0 HTTP/1.1" 200 7
167.0.157.126 - - [20/Oct/2023:08:37:47 -0500] "GET /kwssiamovil/sm/acme/a?s=U2FsdGVkX1+ikwq+yZhUue3I/7wC+CzOgz6kkh5iGQlrLGMbkhOddZPbVg2amdVqEHiHQxeNJP3SwSKMmy8gzDkqpmAwBWO7wlBhQkjdeYtkjuboCI/iqa3Vy0Oj7xP3Kx9Mr2pL69+6hCYqRdcFKOvXsHfOslKIPayDVCnmvDqV3w8CoEqInrW8C+pf/qb20/IwQ4PFrRZq3Y532B/EqelAEpi7L8HtpReGUzo799kWGI3MB9fk8MPWOU1hMFK4ADA8MTgpkKlAgXn4Lntbug==&u=U2FsdGVkX1+uKj+E2SWbtezxu4k74M8wY0MrbOXjtNY=&y=U2FsdGVkX1/xS/7zzIRwhShNrQr+TClFEIp+Q+raG9EuP6ByS0SiFKqW+kKgI6hl HTTP/1.1" 200 26
167.0.157.126 - - [20/Oct/2023:08:37:47 -0500] "GET /kwssiamovil/sm/acme/a?s=U2FsdGVkX1/EJEX1z/qCo6VJXbBchVWjfmgRzywu6F6XzxSW12obQF+rC5SLlb7YwuO5mGAcwYBupRlDG+7V92F5vNkGJtgyrNzJEoE1+mknopnbnGQZRvDkHvohKFMCLhy5sd70yWwt9cQwC4OVJkTMu9Y0H/R6yh41riWO5VyRn+tBrIXH2qpw77rWFlEUT4Vt13D92oVPnxhAtloB+pZEvy0DEX/wKjYI4SCikHN8D9L8E1Yfzy4bU4VRlkjOaNFFjY7HEYGIruP/Zjmtkv9Y4N/68Q9+OcoFqcVWH5zT7J5KPuSS8tVtM4QIsilsfXDsOIF0PxUS8N+m1xuTt2B30bOcIjrOlE8hGO9WNNf6Vl6O9vx+psrjbPUD6/uJ3krUZSG77kXuYJL8/G6Fz/rPb+EbhqPI3srR0JuSCAcEmxrWbfH7W9ntUe4SRpS2mVrQjpODR7849UzxOKrqDQS0eMlP5tOBor0hI0aO1ZhP/X1e8kZcuTddbJbDFS6yYN6SBUAyMDclU6AjkSwJ1vHPiZDVBq48nEC6nYHKj2MYrnToFq4BPmgvnZ8RyrFbxwW9n5cdYhxwHJhq8AZWqx9fo2SBbXXuhopCw0f9qu79RXveI4TsziWp8GMjMNYc4pXR1TcxcdmPRWpZPVqhg7Vj6WRQWyBIgHbNZjI0/uQaRQyhAygzO1ZDNOOISPYTKPio+AlzP8646DJdSJqWwY79FFG9ZSDwUjMgDVFCibbDtBzamqIMkSqBYjOej1gohf+of4NvR07T1X77fZgD7IrxDqbz2YrktX9xA+2A47CzY0EONnc/S/1SIUHW8T/1XWo26huFfL5Rm1crAOjQOCmnkLLB/6bH3on+43NA+2Gxrqirp2SkH7OR6MP/S7S6xMTxqO5zOrlQaK6hkiynZrck6xTjJKAQwDY/xWIWHOMuwkNpO+al2UcihoaKz9i2q8DFM+anl+y2u2dMir0ScKp0B7/BGi4t/4GCexvjsB3iaKRbgDK3qxgwj7GQ2VPEU6L2t85BCl7oHAiVO4pS/2T0mkULik72NWAhxi5iY0dChaifWEaiPdk0eGNsNWJtz1Cu4nZRool6nfqUOGaT3cZl1jvu+WlAGVqWJqsk1zUetayohgnvWD/OnSQkoFvOQ6iNzT0fpNhuRy6pOls9nHY0GC5H2Ycxm/yv3e0UpZncN/ccRI+tePrTIyy8cgkII92L8faCCYObMaUZ4wUTwYx999zxh7IbTOMMSCwvdcoSteTIH7TcR+q0i88JAXXc9OSE2PRm7mUk5OWEbAXmc4xcGx7q+ldZS86BZJs0N1EG7vbGLkPbu3/rEQNMP9cPXBXdAus17bAqEzOlp7IsNuSTt7XaQDxvBLrAbbVh+qiHSdm2U098x3k0XCgdr/NlzOO4/A+y1QdZta15Ao9+gg==&u=U2FsdGVkX1+uKj+E2SWbtezxu4k74M8wY0MrbOXjtNY=&y=U2FsdGVkX1/xS/7zzIRwhShNrQr+TClFEIp+Q+raG9EuP6ByS0SiFKqW+kKgI6hl HTTP/1.1" 200 26
167.0.157.126 - - [20/Oct/2023:08:37:47 -0500] "GET /kwssiamovil/sm/acme/a?s=U2FsdGVkX1+8v02zPzQqRRHDJoSrTKKGhkJUICWIlnqp68XjIHzSE168pMH/MERmkjklq/qOdWgewVTMeSwRQpC2e18SDMbuqDvOTNsxB5V1h7OgK6NeajY+2XamNhcVUBw2YntxGYegyscS9dM9tbIi61jqc0Ut68SCrzmab2c=&u=U2FsdGVkX1+uKj+E2SWbtezxu4k74M8wY0MrbOXjtNY=&y=U2FsdGVkX1/xS/7zzIRwhShNrQr+TClFEIp+Q+raG9EuP6ByS0SiFKqW+kKgI6hl HTTP/1.1" 200 26
167.0.157.126 - - [20/Oct/2023:08:37:47 -0500] "GET /kwssiamovil/sm/acme/a?s=U2FsdGVkX1+tmVqVw7Fql9ncvOVaVWrTGbKvhCbm+pCBTAy6Cj11IU7RKCsDWnJpRm7o4D++KtG8dIRH/uvxPA9jEoUIfjCJBGCDup3hWbqhTduljYXd/XQiuobpx1A7eJdHf7sjQwbSmZZAo2FEf1dlU5BaZCUvhJXa0dnujHQ=&u=U2FsdGVkX1+uKj+E2SWbtezxu4k74M8wY0MrbOXjtNY=&y=U2FsdGVkX1/xS/7zzIRwhShNrQr+TClFEIp+Q+raG9EuP6ByS0SiFKqW+kKgI6hl HTTP/1.1" 200 26
167.0.157.126 - - [20/Oct/2023:08:37:48 -0500] "GET /kwssiamovil/sm/acme/a?s=U2FsdGVkX1/DRTP3UgBYQcRK0CaT/RfZhYx0EUqAm0srbRj6URb1lv7/p1iY3KnJ/2jOoVsjhaUcumqGs6ZVaa1jaNKdAfnswCz/i+rsmSTb2qByA7ot3JlIqHOIyY6xPCDsyueUBHWm3k47aAl3V6EmwQzw+8fAWcIHE9qzElg=&u=U2FsdGVkX1+uKj+E2SWbtezxu4k74M8wY0MrbOXjtNY=&y=U2FsdGVkX1/xS/7zzIRwhShNrQr+TClFEIp+Q+raG9EuP6ByS0SiFKqW+kKgI6hl HTTP/1.1" 200 26
201.245.192.253 - - [20/Oct/2023:08:37:48 -0500] "POST /forms/lservlet;jsessionid=ac16012b30d66c604508abbb4d319f23fcb845129ef7.e3iSbxaKaheRe34Pbx8Nc3aQci1ynknvrkLOlQzNp65In0 HTTP/1.1" 200 2
167.0.157.126 - - [20/Oct/2023:08:37:48 -0500] "GET /kwssiamovil/sm/acme/a?s=U2FsdGVkX18Wr1+7vpLe7BdmpQvRuITHTIbgNUdHcO2OebU+/AmRIIWE2boxDVVXo9vX+QM0bHU+qoNRJmNvvA8vqYMwY6X3ulQIxWdKgoNPHKzSexvSyuMypK67nwE+yHpsGn2NrHST/kz/QPDAx0k/mbb/e6NNP8/hlRq3VADnZeJABXmdSZddTwC+uJCE&u=U2FsdGVkX1+uKj+E2SWbtezxu4k74M8wY0MrbOXjtNY=&y=U2FsdGVkX1/xS/7zzIRwhShNrQr+TClFEIp+Q+raG9EuP6ByS0SiFKqW+kKgI6hl HTTP/1.1" 200 26
201.245.192.253 - - [20/Oct/2023:08:37:48 -0500] "POST /forms/lservlet;jsessionid=ac16012b30d66c604508abbb4d319f23fcb845129ef7.e3iSbxaKaheRe34Pbx8Nc3aQci1ynknvrkLOlQzNp65In0 HTTP/1.1" 200 1255
201.245.192.253 - - [20/Oct/2023:08:37:48 -0500] "POST /forms/lservlet;jsessionid=ac16012b30d66c604508abbb4d319f23fcb845129ef7.e3iSbxaKaheRe34Pbx8Nc3aQci1ynknvrkLOlQzNp65In0 HTTP/1.1" 200 2
152.203.54.108 - - [20/Oct/2023:08:37:48 -0500] "POST /sipse/faces/presentacion/financiero/solicitudProyectoActividad/asociarActividadSolicitud.xhtml HTTP/1.1" 200 20041
152.203.54.108 - - [20/Oct/2023:08:37:48 -0500] "GET /sipse/faces/javax.faces.resource/jquery/jquery.js?ln=primefaces&v=4.0 HTTP/1.1" 304 -
152.203.54.108 - - [20/Oct/2023:08:37:48 -0500] "GET /sipse/faces/javax.faces.resource/jquery/jquery-plugins.js?ln=primefaces&v=4.0 HTTP/1.1" 304 -
152.203.54.108 - - [20/Oct/2023:08:37:48 -0500] "GET /sipse/faces/javax.faces.resource/primefaces.js?ln=primefaces&v=4.0 HTTP/1.1" 304 -
152.203.54.108 - - [20/Oct/2023:08:37:48 -0500] "GET /sipse/faces/javax.faces.resource/layout/layout.js?ln=primefaces&v=4.0 HTTP/1.1" 304 -
201.245.192.253 - - [20/Oct/2023:08:37:50 -0500] "POST /forms/lservlet;jsessionid=ac16012b30d66c604508abbb4d319f23fcb845129ef7.e3iSbxaKaheRe34Pbx8Nc3aQci1ynknvrkLOlQzNp65In0 HTTP/1.1" 200 254
201.245.192.253 - - [20/Oct/2023:08:37:50 -0500] "POST /forms/lservlet;jsessionid=ac16012b30d66c604508abbb4d319f23fcb845129ef7.e3iSbxaKaheRe34Pbx8Nc3aQci1ynknvrkLOlQzNp65In0 HTTP/1.1" 200 11
172.22.2.4 - - [20/Oct/2023:08:36:12 -0500] "HEAD /BLA/boletinlegal/ HTTP/1.1" 200 -
201.245.192.253 - - [20/Oct/2023:08:37:52 -0500] "POST /forms/lservlet;jsessionid=ac16012b30d66c604508abbb4d319f23fcb845129ef7.e3iSbxaKaheRe34Pbx8Nc3aQci1ynknvrkLOlQzNp65In0 HTTP/1.1" 200 2
201.245.192.253 - - [20/Oct/2023:08:37:53 -0500] "POST /forms/lservlet;jsessionid=ac16012b30d66c604508abbb4d319f23fcb845129ef7.e3iSbxaKaheRe34Pbx8Nc3aQci1ynknvrkLOlQzNp65In0 HTTP/1.1" 200 14
152.203.54.108 - - [20/Oct/2023:08:37:54 -0500] "POST /sipse/faces/presentacion/financiero/solicitudProyectoActividad/asociarFuentesSolicitud.xhtml HTTP/1.1" 200 82223
152.203.54.108 - - [20/Oct/2023:08:37:55 -0500] "GET /sipse/faces/javax.faces.resource/theme.css?ln=primefaces-sipse HTTP/1.1" 304 -
152.203.54.108 - - [20/Oct/2023:08:37:55 -0500] "GET /sipse/faces/javax.faces.resource/primefaces.css?ln=primefaces&v=4.0 HTTP/1.1" 304 -
152.203.54.108 - - [20/Oct/2023:08:37:55 -0500] "GET /sipse/faces/javax.faces.resource/layout/layout.css?ln=primefaces&v=4.0 HTTP/1.1" 304 -
152.203.54.108 - - [20/Oct/2023:08:37:55 -0500] "GET /sipse/faces/javax.faces.resource/jquery/jquery.js?ln=primefaces&v=4.0 HTTP/1.1" 304 -
152.203.54.108 - - [20/Oct/2023:08:37:55 -0500] "GET /sipse/faces/javax.faces.resource/primefaces.js?ln=primefaces&v=4.0 HTTP/1.1" 304 -
152.203.54.108 - - [20/Oct/2023:08:37:55 -0500] "GET /sipse/faces/javax.faces.resource/jquery/jquery-plugins.js?ln=primefaces&v=4.0 HTTP/1.1" 304 -
152.203.54.108 - - [20/Oct/2023:08:37:55 -0500] "GET /sipse/faces/javax.faces.resource/layout/layout.js?ln=primefaces&v=4.0 HTTP/1.1" 304 -
201.245.192.253 - - [20/Oct/2023:08:37:54 -0500] "POST /forms/lservlet;jsessionid=ac16012b30d66c604508abbb4d319f23fcb845129ef7.e3iSbxaKaheRe34Pbx8Nc3aQci1ynknvrkLOlQzNp65In0 HTTP/1.1" 200 14
152.203.54.108 - - [20/Oct/2023:08:37:55 -0500] "GET /sipse/faces/javax.faces.resource/images/ui-icons_898989_256x240.png?ln=primefaces-aristo HTTP/1.1" 304 -
201.245.192.253 - - [20/Oct/2023:08:37:55 -0500] "POST /forms/lservlet;jsessionid=ac16012b30d66c604508abbb4d319f23fcb845129ef7.e3iSbxaKaheRe34Pbx8Nc3aQci1ynknvrkLOlQzNp65In0 HTTP/1.1" 200 14
201.245.192.253 - - [20/Oct/2023:08:37:56 -0500] "POST /forms/lservlet;jsessionid=ac16012b30d66c604508abbb4d319f23fcb845129ef7.e3iSbxaKaheRe34Pbx8Nc3aQci1ynknvrkLOlQzNp65In0 HTTP/1.1" 200 14
201.245.192.253 - - [20/Oct/2023:08:37:58 -0500] "POST /forms/lservlet;jsessionid=ac16012b30d66c604508abbb4d319f23fcb845129ef7.e3iSbxaKaheRe34Pbx8Nc3aQci1ynknvrkLOlQzNp65In0 HTTP/1.1" 200 242
201.245.192.253 - - [20/Oct/2023:08:37:58 -0500] "POST /forms/lservlet;jsessionid=ac16012b30d66c604508abbb4d319f23fcb845129ef7.e3iSbxaKaheRe34Pbx8Nc3aQci1ynknvrkLOlQzNp65In0 HTTP/1.1" 200 7
201.245.192.253 - - [20/Oct/2023:08:37:59 -0500] "GET /reports/rwservlet/getjobid=89970?server=repnomi HTTP/1.1" 200 50837
66.249.66.21 - - [20/Oct/2023:08:38:34 -0500] "GET /BLA/resoluciones/Notificaciones/RESOLUCIONES%202022/3388.pdf HTTP/1.1" 200 381066
201.245.192.253 - - [20/Oct/2023:08:38:36 -0500] "POST /forms/lservlet;jsessionid=ac16012b30d66c604508abbb4d319f23fcb845129ef7.e3iSbxaKaheRe34Pbx8Nc3aQci1ynknvrkLOlQzNp65In0 HTTP/1.1" 200 176
201.245.192.253 - - [20/Oct/2023:08:38:36 -0500] "POST /forms/lservlet;jsessionid=ac16012b30d66c604508abbb4d319f23fcb845129ef7.e3iSbxaKaheRe34Pbx8Nc3aQci1ynknvrkLOlQzNp65In0 HTTP/1.1" 200 2
201.245.192.253 - - [20/Oct/2023:08:38:37 -0500] "POST /forms/lservlet;jsessionid=ac16012b30d66c604508abbb4d319f23fcb845129ef7.e3iSbxaKaheRe34Pbx8Nc3aQci1ynknvrkLOlQzNp65In0 HTTP/1.1" 200 2
201.245.192.253 - - [20/Oct/2023:08:38:38 -0500] "POST /forms/lservlet;jsessionid=ac16012b30d66c604508abbb4d319f23fcb845129ef7.e3iSbxaKaheRe34Pbx8Nc3aQci1ynknvrkLOlQzNp65In0 HTTP/1.1" 200 13
201.245.192.253 - - [20/Oct/2023:08:38:39 -0500] "POST /forms/lservlet;jsessionid=ac16012b30d66c604508abbb4d319f23fcb845129ef7.e3iSbxaKaheRe34Pbx8Nc3aQci1ynknvrkLOlQzNp65In0 HTTP/1.1" 200 523
172.22.2.4 - - [20/Oct/2023:08:37:03 -0500] "GET /BLA/boletinlegal/ HTTP/1.1" 200 60189
