201.245.192.253 - - [23/Oct/2023:09:11:44 -0500] "POST /forms/lservlet;jsessionid=ac16012b30d656b142fdde064d2fb44da24020c7bd50.e3iSbxaKaheRe34Pbx8Nc3aQci1ynknvrkLOlQzNp65In0 HTTP/1.1" 200 2
186.30.167.140 - - [23/Oct/2023:09:12:08 -0500] "GET /BLA/boletinlegal/admin/ HTTP/1.1" 200 2324
186.30.167.140 - - [23/Oct/2023:09:12:11 -0500] "GET /BLA/boletinlegal/admin/index_files/style.css HTTP/1.1" 200 6223
186.30.167.140 - - [23/Oct/2023:09:12:12 -0500] "GET /BLA/boletinlegal/admin/images/bg.png HTTP/1.1" 200 332965
186.30.167.140 - - [23/Oct/2023:09:12:12 -0500] "GET /favicon.ico HTTP/1.1" 200 7782
201.245.192.253 - - [23/Oct/2023:09:12:24 -0500] "POST /forms/lservlet;jsessionid=ac16012b30d66c604508abbb4d319f23fcb845129ef7.e3iSbxaKaheRe34Pbx8Nc3aQci1ynknvrkLOlQzNp65In0 HTTP/1.1" 200 2
186.30.167.140 - - [23/Oct/2023:09:12:24 -0500] "POST /BLA/boletinlegal/admin/usuarios/process.php HTTP/1.1" 302 -
172.22.2.4 - - [23/Oct/2023:09:10:46 -0500] "GET /BLA/boletinlegal/ HTTP/1.1" 200 57816
186.102.49.109 - - [23/Oct/2023:09:12:40 -0500] "GET /kwssiamovil/sm/ldap/au?x=U2FsdGVkX1+4WmbRo9ooHLatN504q5OyDPcD0uf2YuiU2KXxJfILKYSabPJg/p+/&y=U2FsdGVkX1+zi6bK7ag9EPqlyP/pre//jaQlD9+Clos/I/IMtZbAIspFK2f1hdAD HTTP/1.1" 200 30
186.102.49.109 - - [23/Oct/2023:09:12:40 -0500] "GET /kwssiamovil/sm/acme/s?s=U2FsdGVkX19iuglXE4nGAuRXBB8RCCLJt9Z+qnl0bvWJSgt7/4zJyXc5OUmrP7qpts0pOpyQTYYr+t9b4BQoMCw2aPIHg2QVMuI9zP3dPnI=&u=U2FsdGVkX1+G/Jfykiq8oWpzh0yGUjjnjdURncn9UK4=&y=U2FsdGVkX1+zi6bK7ag9EPqlyP/pre//jaQlD9+Clos/I/IMtZbAIspFK2f1hdAD HTTP/1.1" 200 97
186.102.49.109 - - [23/Oct/2023:09:12:40 -0500] "GET /kwssiamovil/sm/acme/s?s=U2FsdGVkX18QxoGS63F7o1svZRl10sQGpI9Gqr4+yCOmMwQ9FY31rWA+IHmTx5JVYkVdudAsBjyEnCmEsnTRsiOoV/AeylUHdL+TeEx9KWw78PmE0/fMNWNeUBcy2KuYQrD4zvYBBP3fMtiy0M/fIReg1+LWc8qtJV8+fywOUcinaXO+Mwbpe3tgzznxOuowoVMMqPEsAEN2/jMvt5UrCAkGAWwrhoiaGg3zbTJMeOMr7ZaFbhmOv9Brh+Ruch5JXjtXWF1e8BhDU9yp458Q/YdHbptl0vvr0S5Ri771CCZ0QBbgOHvUWZuAEtYOkh1nt6pxLVPhj8H5nUD1OcPXhP+jhPbTRV+kzfrsv2qbDuhPQgFQE8ZNxawe8atBFX1F5WGWGGQZDtW2Edu18jklE/j11NmeYYZngVF9gn2lO2wJtQRy2DFWrhrm5RB9pM30JrY3WXZEG5evKmLoQJoIpCct7qqFSs0RCsC6Jzv91oYeL5UEDGXxNrgbI+IjXZrGkHTRPhydGOE7fju/3vtkV5PafoaIKTcZLXzix8zVe4x+BOTrg+CqHlf2BMTUEUQgtj3RrITGRsRR4qC+2niAKa/qMFOxdj0wOKHpKVQaNGAQfzn79BF08cTQsmP63XeA2W7jL1BFg/SoNRGB+9ZRJJnOZebDtb8AQY0Cd2B00JyreOXc6akq622nEf1IcTzKaO+7GG1fq51qBhr4d3AD+JtOWelypsSf/cqBqXybsXRlCkfJj25RTZmZE84v457j0bHp9VuNp81Sze7dKhwRKJAX4dtODGcmTGN7xkZoi8lyZgaabSh9liaeZwJ6E5uurkc1k7Ku5AhRM/xP9EyAsBVYt7KKp5wFPBDejo9TJUab58UGzjrC18pnwMrbqp+KF8V3FDOr9X88P0lc+eqojX5lXi/+TDtvk3zm0n7ND/uUogn0KQ5KBiWOjkVr2kQ76twhng5uBek1hDU5nWoMDRQfDc/D50VAzM7Yu5SE5/Iit2/dGpjsGNcq8WT5fXHhMkSOBqch23LJnKLEuci2KJRuVSFTsBk0GyGEaqeVJllDFnJ4nYNLXIT3APPMVeYPl/HQBmUJhyF0fG3KuUeER8D6sTMD1ntYrAF9EpmP9dctudg+yNo7ptsHr0f1+qJO484gFIL0IpIjO29HjalLCh3pK2/6WOkinQKoTr0z87iOPjTEN8FRG2BDtmNgiJ49NRvOmV9zkqoyUginqP5+mo+lnMZz0cCJfWadMb2+Hbbi3VbJysXQMbhdy7XsZt4PIXiubPFXi6cn7BMr49S0ttIANAwLyZ6O6a2uwMuXxyPB/lVQlHVhQxidfVQghorlZ8gqpDbnMLMa8ESoURBz7ezEO8KIHFzqu29ZAklrD/uQf1rElLIWF1uYYIkB2qWb28n9iyjsxijHuhgl4yBr3fHD76PtUDv7CXkhxL3QVIuwNa4G7M4QM0oCCmdWmkmIjeDLIgtU+/CEusBeUuhe7vcrygX2Iym5cijpiO1v3tQsAKh3vENdy/zYi7fL9foH2sImuYfUqK/HB3S3J/d0LhsjPFB34fPKyuBVI/ato8pfx6IQH7BktWKGuAFfuKW1XUvfYbIDexso/F+X9GULNdjs5gp4qnQBMuST2phXzk0QvDq3tC252aKlOwfQilQBrKyiNyor2pZ4jvEaT0dJQ6hsE/USe/TpY9Gq+K8dnGIAGVALm0KBKg0Q3L8NZKsRVLv/g5QZvZ+htaQPeVVi6ZscUuB2ut/EgnETxENO4wc=&u=U2FsdGVkX1+G/Jfykiq8oWpzh0yGUjjnjdURncn9UK4=&y=U2FsdGVkX1+zi6bK7ag9EPqlyP/pre//jaQlD9+Clos/I/IMtZbAIspFK2f1hdAD HTTP/1.1" 200 4396
186.102.49.109 - - [23/Oct/2023:09:12:41 -0500] "GET /kwssiamovil/sm/acme/s?s=U2FsdGVkX1/8UXwCfRmPEzayTvjVVr29F6FgMdwJ8n8Vx0imWG+WnIoaWta/xfeWS7dhJY21fgGAsCvwE9W4jelUrLok/IzbpD8t3KeR8MphnAralm+SMjNL+f4+eIh7eZ6xtzubEi1DCNfJ3dX/xUNdEFC/FPNNam5BV0QY6aR0pgyKvPfmbdViv+sStlyVc2R0l7cTZZHF7W0Sfl71on/lR6rz1rfX/fF4VAYZH1hn2UnBNGEJ/DD8xTr1D/meJEo3ABJp8lveJJj1kFxzi5LzMyHYbtKlnDB7QjPjMQDtJilnVt4DPIPPealDkGrKDzSvafsI1iVmZvOgBzM/ovoHAWkbMH40Pz4pnY5tQJKZYRehPp6lk75pWAdbRhEh2O3wags7f65loqkd0kkzPzOG6jTyUmCf6CiNp2awe/j5NiGXWTA20ysBK3TmK272gkPMWnpqE/XVrwww1J4i/tyCfAShWsZHrmjEUnG9qvghGEBj0KgHWvQBbsbi/pfoh4QDLURkmZN2c8aR1XXl3xJbPoR4nq3H78EUrq0dgWvRBPtv7hXIjRfxeK4r6SX+fiAocEa6varRy9KHMWUunFVp4Fmd2Tjx/K2fR8gQMYuZENar953vBZXS0y8RHOR6exBLw3rTXNzazFqlN9NZYOGxWtGB6rYAxfCK8uJSTWXtLGiJQgges3px/Pr5X7fE9kOQzKQkCLTgYqgCf6lKZB4SQIwp8bRaobYaBS3U0cxG0bcSuEWo9Vtsxk0xnQyI&u=U2FsdGVkX1+G/Jfykiq8oWpzh0yGUjjnjdURncn9UK4=&y=U2FsdGVkX1+zi6bK7ag9EPqlyP/pre//jaQlD9+Clos/I/IMtZbAIspFK2f1hdAD HTTP/1.1" 200 208
186.30.167.140 - - [23/Oct/2023:09:12:24 -0500] "GET /BLA/boletinlegal/admin/index.php HTTP/1.1" 200 5690
186.30.167.140 - - [23/Oct/2023:09:12:41 -0500] "GET /BLA/boletinlegal/admin/index_files/header.png HTTP/1.1" 200 240212
186.30.167.140 - - [23/Oct/2023:09:12:42 -0500] "GET /BLA/boletinlegal/images/can.png HTTP/1.1" 200 37574
186.30.167.140 - - [23/Oct/2023:09:12:42 -0500] "GET /BLA/boletinlegal/admin/index_files/7_1.gif HTTP/1.1" 200 1455
186.30.167.140 - - [23/Oct/2023:09:12:42 -0500] "GET /BLA/boletinlegal/admin/index_files/3_5.gif HTTP/1.1" 200 1633
186.102.49.109 - - [23/Oct/2023:09:12:41 -0500] "GET /kwssiamovil/sm/cjson/pre?f=1&x=U2FsdGVkX1+4WmbRo9ooHLatN504q5OyDPcD0uf2YuiU2KXxJfILKYSabPJg/p+/ HTTP/1.1" 200 31032
186.30.167.140 - - [23/Oct/2023:09:12:42 -0500] "GET /BLA/boletinlegal/admin/index_files/7_5.gif HTTP/1.1" 200 1565
186.30.167.140 - - [23/Oct/2023:09:12:42 -0500] "GET /BLA/boletinlegal/admin/index_files/2_2.gif HTTP/1.1" 200 1728
186.30.167.140 - - [23/Oct/2023:09:12:42 -0500] "GET /BLA/boletinlegal/admin/index_files/2_4.gif HTTP/1.1" 200 1763
186.30.167.140 - - [23/Oct/2023:09:12:42 -0500] "GET /BLA/boletinlegal/admin/index_files/index_files/tback.gif HTTP/1.1" 404 1334
172.22.2.4 - - [23/Oct/2023:09:12:53 -0500] "GET /BLA/boletinlegal/actos.php HTTP/1.1" 200 9682
201.245.192.253 - - [23/Oct/2023:09:12:52 -0500] "POST /kwsrmcab/Wsrmcab  HTTP/1.1" 200 40804
173.252.107.6 - - [23/Oct/2023:09:12:55 -0500] "GET /garza-azul-nueva-ave-registrada-en-el-humedal-el-burro.html HTTP/1.1" 200 890
186.30.167.140 - - [23/Oct/2023:09:13:00 -0500] "GET /BLA/boletinlegal/admin/notificaciones/ingresar.php HTTP/1.1" 200 30236
186.30.167.140 - - [23/Oct/2023:09:13:02 -0500] "GET /BLA/boletinlegal/admin/css/dynamic.css HTTP/1.1" 200 23305
186.30.167.140 - - [23/Oct/2023:09:13:02 -0500] "GET /BLA/boletinlegal/admin/css/creation.css HTTP/1.1" 200 3945
186.30.167.140 - - [23/Oct/2023:09:13:02 -0500] "GET /BLA/boletinlegal/admin/js/jquery-1.3.1.min.js HTTP/1.1" 200 55272
186.30.167.140 - - [23/Oct/2023:09:13:02 -0500] "GET /BLA/boletinlegal/admin/js/jquery.functions.js HTTP/1.1" 200 2317
186.30.167.140 - - [23/Oct/2023:09:13:02 -0500] "GET /BLA/boletinlegal/admin/js/nicEdit-latest.js HTTP/1.1" 200 38373
186.30.167.140 - - [23/Oct/2023:09:13:02 -0500] "GET /BLA/boletinlegal/images/cabezote%20BLEGAL.jpg HTTP/1.1" 200 118164
186.30.167.140 - - [23/Oct/2023:09:13:02 -0500] "GET /css/global/buttons.css HTTP/1.1" 404 1324
186.30.167.140 - - [23/Oct/2023:09:13:02 -0500] "GET /BLA/boletinlegal/admin/images/calendario.png HTTP/1.1" 200 4380
186.30.167.140 - - [23/Oct/2023:09:13:03 -0500] "GET /BLA/boletinlegal/images/favicon.ico HTTP/1.1" 404 1346
172.22.2.4 - - [23/Oct/2023:09:13:18 -0500] "GET /BLA/boletinlegal/consulta_actos.php?tipo=autos&no=1214&usuario=&sector=&fecha=2021&resuelve= HTTP/1.1" 200 1133
172.22.2.4 - - [23/Oct/2023:09:13:18 -0500] "GET /BLA/boletinlegal/images/pdf.gif HTTP/1.1" 200 567
172.22.2.4 - - [23/Oct/2023:09:12:46 -0500] "GET /BLA/boletinlegal/ HTTP/1.1" 200 24523
181.56.171.197 - - [23/Oct/2023:09:13:22 -0500] "POST /sipse/faces/presentacion/financiero/solicitudProceso/listarSolicitudProceso.xhtml HTTP/1.1" 200 57560
181.56.171.197 - - [23/Oct/2023:09:13:23 -0500] "POST /sipse/faces/presentacion/financiero/solicitudProceso/listarSolicitudProceso.xhtml HTTP/1.1" 200 57560
181.56.171.197 - - [23/Oct/2023:09:13:24 -0500] "POST /sipse/faces/presentacion/financiero/solicitudProceso/listarSolicitudProceso.xhtml HTTP/1.1" 200 57560
181.56.171.197 - - [23/Oct/2023:09:13:25 -0500] "POST /sipse/faces/presentacion/financiero/solicitudProceso/listarSolicitudProceso.xhtml HTTP/1.1" 200 57560
181.56.171.197 - - [23/Oct/2023:09:13:26 -0500] "POST /sipse/faces/presentacion/financiero/solicitudProceso/listarSolicitudProceso.xhtml HTTP/1.1" 200 57560
181.56.171.197 - - [23/Oct/2023:09:13:27 -0500] "POST /sipse/faces/presentacion/financiero/solicitudProceso/listarSolicitudProceso.xhtml HTTP/1.1" 200 57560
181.56.171.197 - - [23/Oct/2023:09:13:28 -0500] "POST /sipse/faces/presentacion/financiero/solicitudProceso/listarSolicitudProceso.xhtml HTTP/1.1" 200 1556
181.56.171.197 - - [23/Oct/2023:09:13:29 -0500] "POST /sipse/faces/presentacion/financiero/solicitudProceso/listarSolicitudProceso.xhtml HTTP/1.1" 200 1560
181.56.171.197 - - [23/Oct/2023:09:13:30 -0500] "POST /sipse/faces/presentacion/financiero/solicitudProceso/listarSolicitudProceso.xhtml HTTP/1.1" 200 1560
181.56.171.197 - - [23/Oct/2023:09:13:31 -0500] "POST /sipse/faces/presentacion/financiero/solicitudProceso/listarSolicitudProceso.xhtml HTTP/1.1" 200 1560
181.56.171.197 - - [23/Oct/2023:09:13:32 -0500] "POST /sipse/faces/presentacion/financiero/solicitudProceso/listarSolicitudProceso.xhtml HTTP/1.1" 200 1560
181.56.171.197 - - [23/Oct/2023:09:13:33 -0500] "POST /sipse/faces/presentacion/financiero/solicitudProceso/listarSolicitudProceso.xhtml HTTP/1.1" 200 1560
186.80.199.188 - - [23/Oct/2023:09:13:38 -0500] "GET /BLA/resoluciones/ HTTP/1.1" 200 13696
201.245.192.253 - - [23/Oct/2023:09:13:44 -0500] "POST /forms/lservlet;jsessionid=ac16012b30d656b142fdde064d2fb44da24020c7bd50.e3iSbxaKaheRe34Pbx8Nc3aQci1ynknvrkLOlQzNp65In0 HTTP/1.1" 200 2
186.80.199.188 - - [23/Oct/2023:09:13:45 -0500] "GET /BLA/resoluciones/dlf/unknown.png HTTP/1.1" 200 266
186.80.199.188 - - [23/Oct/2023:09:13:45 -0500] "GET /BLA/resoluciones/index.php?dir=AUTOS+2021%2F HTTP/1.1" 200 398707
186.80.199.188 - - [23/Oct/2023:09:14:02 -0500] "GET /BLA/resoluciones/AUTOS%202021/1214.pdf HTTP/1.1" 200 535332
186.155.121.116 - - [23/Oct/2023:09:14:09 -0500] "GET /sipse/faces/index.xhtml HTTP/1.1" 200 677
186.155.121.116 - - [23/Oct/2023:09:14:09 -0500] "GET /sipse/faces/javax.faces.resource/theme.css?ln=primefaces-sipse HTTP/1.1" 304 -
186.155.121.116 - - [23/Oct/2023:09:14:10 -0500] "GET /sipse/faces/faces/autenticacion.xhtml HTTP/1.1" 200 12412
186.155.121.116 - - [23/Oct/2023:09:14:10 -0500] "GET /sipse/faces/javax.faces.resource/theme.css?ln=primefaces-sipse HTTP/1.1" 304 -
186.155.121.116 - - [23/Oct/2023:09:14:10 -0500] "GET /sipse/faces/javax.faces.resource/primefaces.css?ln=primefaces&v=4.0 HTTP/1.1" 304 -
186.155.121.116 - - [23/Oct/2023:09:14:10 -0500] "GET /sipse/faces/javax.faces.resource/layout/layout.css?ln=primefaces&v=4.0 HTTP/1.1" 304 -
186.155.121.116 - - [23/Oct/2023:09:14:10 -0500] "GET /sipse/faces/javax.faces.resource/jquery/jquery-plugins.js?ln=primefaces&v=4.0 HTTP/1.1" 304 -
186.155.121.116 - - [23/Oct/2023:09:14:10 -0500] "GET /sipse/faces/javax.faces.resource/jquery/jquery.js?ln=primefaces&v=4.0 HTTP/1.1" 304 -
186.155.121.116 - - [23/Oct/2023:09:14:10 -0500] "GET /sipse/faces/javax.faces.resource/primefaces.js?ln=primefaces&v=4.0 HTTP/1.1" 304 -
186.155.121.116 - - [23/Oct/2023:09:14:10 -0500] "GET /sipse/faces/javax.faces.resource/layout/layout.js?ln=primefaces&v=4.0 HTTP/1.1" 304 -
186.155.121.116 - - [23/Oct/2023:09:14:10 -0500] "GET /sipse/faces/javax.faces.resource/images/ui-icons_898989_256x240.png?ln=primefaces-aristo HTTP/1.1" 304 -
181.56.171.197 - - [23/Oct/2023:09:14:20 -0500] "POST /sipse/faces/presentacion/financiero/solicitudProceso/listarSolicitudProceso.xhtml HTTP/1.1" 200 28437
201.245.192.253 - - [23/Oct/2023:09:14:24 -0500] "POST /forms/lservlet;jsessionid=ac16012b30d66c604508abbb4d319f23fcb845129ef7.e3iSbxaKaheRe34Pbx8Nc3aQci1ynknvrkLOlQzNp65In0 HTTP/1.1" 200 2
186.155.121.116 - - [23/Oct/2023:09:14:24 -0500] "POST /sipse/faces/autenticacion.xhtml HTTP/1.1" 200 2220
186.155.121.116 - - [23/Oct/2023:09:14:25 -0500] "GET /sipse/faces/javax.faces.resource/messages/messages.png?ln=primefaces&v=4.0 HTTP/1.1" 304 -
186.155.121.116 - - [23/Oct/2023:09:14:26 -0500] "POST /sipse/faces/autenticacion.xhtml HTTP/1.1" 200 16376
186.155.121.116 - - [23/Oct/2023:09:14:27 -0500] "GET /sipse/faces/javax.faces.resource/theme.css?ln=primefaces-sipse HTTP/1.1" 304 -
186.155.121.116 - - [23/Oct/2023:09:14:27 -0500] "GET /sipse/faces/javax.faces.resource/primefaces.css?ln=primefaces&v=4.0 HTTP/1.1" 304 -
186.155.121.116 - - [23/Oct/2023:09:14:27 -0500] "GET /sipse/faces/javax.faces.resource/layout/layout.css?ln=primefaces&v=4.0 HTTP/1.1" 304 -
186.155.121.116 - - [23/Oct/2023:09:14:27 -0500] "GET /sipse/faces/javax.faces.resource/jquery/jquery.js?ln=primefaces&v=4.0 HTTP/1.1" 304 -
186.155.121.116 - - [23/Oct/2023:09:14:27 -0500] "GET /sipse/faces/javax.faces.resource/jquery/jquery-plugins.js?ln=primefaces&v=4.0 HTTP/1.1" 304 -
186.155.121.116 - - [23/Oct/2023:09:14:27 -0500] "GET /sipse/faces/javax.faces.resource/primefaces.js?ln=primefaces&v=4.0 HTTP/1.1" 304 -
186.155.121.116 - - [23/Oct/2023:09:14:27 -0500] "GET /sipse/faces/javax.faces.resource/layout/layout.js?ln=primefaces&v=4.0 HTTP/1.1" 304 -
186.155.121.116 - - [23/Oct/2023:09:14:27 -0500] "GET /sipse/css/imagen/contrasena.png HTTP/1.1" 404 383
186.155.121.116 - - [23/Oct/2023:09:14:30 -0500] "GET /sipse/faces/javax.faces.resource/images/ui-bg_flat_0_2d5972_40x100.png?ln=primefaces-aristo HTTP/1.1" 304 -
186.155.121.116 - - [23/Oct/2023:09:14:30 -0500] "POST /sipse/faces/bienvenido.xhtml HTTP/1.1" 200 2658
186.155.121.116 - - [23/Oct/2023:09:14:34 -0500] "POST /sipse/faces/bienvenido.xhtml HTTP/1.1" 200 64528
186.155.121.116 - - [23/Oct/2023:09:14:37 -0500] "GET /sipse/faces/javax.faces.resource/theme.css?ln=primefaces-sipse HTTP/1.1" 304 -
186.155.121.116 - - [23/Oct/2023:09:14:37 -0500] "GET /sipse/faces/javax.faces.resource/primefaces.css?ln=primefaces&v=4.0 HTTP/1.1" 304 -
186.155.121.116 - - [23/Oct/2023:09:14:37 -0500] "GET /sipse/faces/javax.faces.resource/layout/layout.css?ln=primefaces&v=4.0 HTTP/1.1" 304 -
186.155.121.116 - - [23/Oct/2023:09:14:37 -0500] "GET /sipse/faces/javax.faces.resource/jquery/jquery.js?ln=primefaces&v=4.0 HTTP/1.1" 304 -
186.155.121.116 - - [23/Oct/2023:09:14:37 -0500] "GET /sipse/faces/javax.faces.resource/jquery/jquery-plugins.js?ln=primefaces&v=4.0 HTTP/1.1" 304 -
186.155.121.116 - - [23/Oct/2023:09:14:38 -0500] "GET /sipse/faces/javax.faces.resource/primefaces.js?ln=primefaces&v=4.0 HTTP/1.1" 304 -
186.155.121.116 - - [23/Oct/2023:09:14:38 -0500] "GET /sipse/faces/javax.faces.resource/layout/layout.js?ln=primefaces&v=4.0 HTTP/1.1" 304 -
186.155.121.116 - - [23/Oct/2023:09:14:38 -0500] "POST /sipse/faces/presentacion/financiero/solicitudProceso/listarSolicitudProceso.xhtml HTTP/1.1" 200 1556
181.56.171.197 - - [23/Oct/2023:09:14:47 -0500] "POST /sipse/faces/presentacion/financiero/solicitudProceso/listarSolicitudProceso.xhtml HTTP/1.1" 200 119800
181.56.171.197 - - [23/Oct/2023:09:14:51 -0500] "GET /sipse/css/custom_css_sg.css HTTP/1.1" 304 -
181.56.171.197 - - [23/Oct/2023:09:14:51 -0500] "GET /sipse/js/disable_browser_buttons.js HTTP/1.1" 304 -
181.56.171.197 - - [23/Oct/2023:09:14:51 -0500] "GET /sipse/css/custom_css_sg_prime.css HTTP/1.1" 304 -
181.56.171.197 - - [23/Oct/2023:09:14:51 -0500] "GET /sipse/faces/javax.faces.resource/theme.css?ln=primefaces-sipse HTTP/1.1" 304 -
181.56.171.197 - - [23/Oct/2023:09:14:51 -0500] "GET /sipse/faces/javax.faces.resource/layout/layout.css?ln=primefaces&v=4.0 HTTP/1.1" 304 -
181.56.171.197 - - [23/Oct/2023:09:14:51 -0500] "GET /sipse/faces/javax.faces.resource/primefaces.css?ln=primefaces&v=4.0 HTTP/1.1" 304 -
181.56.171.197 - - [23/Oct/2023:09:14:51 -0500] "GET /sipse/js/jquery.min.js HTTP/1.1" 304 -
181.56.171.197 - - [23/Oct/2023:09:14:51 -0500] "GET /sipse/js/funciones.js HTTP/1.1" 304 -
181.56.171.197 - - [23/Oct/2023:09:14:51 -0500] "GET /sipse/faces/javax.faces.resource/jquery/jquery.js?ln=primefaces&v=4.0 HTTP/1.1" 304 -
181.56.171.197 - - [23/Oct/2023:09:14:51 -0500] "GET /sipse/faces/javax.faces.resource/jquery/jquery-plugins.js?ln=primefaces&v=4.0 HTTP/1.1" 304 -
181.56.171.197 - - [23/Oct/2023:09:14:51 -0500] "GET /sipse/faces/javax.faces.resource/primefaces.js?ln=primefaces&v=4.0 HTTP/1.1" 304 -
181.56.171.197 - - [23/Oct/2023:09:14:51 -0500] "GET /sipse/faces/javax.faces.resource/layout/layout.js?ln=primefaces&v=4.0 HTTP/1.1" 304 -
186.155.121.116 - - [23/Oct/2023:09:14:55 -0500] "POST /sipse/faces/presentacion/financiero/solicitudProceso/listarSolicitudProceso.xhtml HTTP/1.1" 200 31306
186.155.121.116 - - [23/Oct/2023:09:15:07 -0500] "POST /sipse/faces/presentacion/financiero/solicitudProceso/listarSolicitudProceso.xhtml HTTP/1.1" 200 31948
181.189.25.86 - - [23/Oct/2023:09:15:10 -0500] "POST /sipse/faces/presentacion/financiero/solicitudProceso/consultar.xhtml HTTP/1.1" 200 2294
186.155.121.116 - - [23/Oct/2023:09:15:15 -0500] "POST /sipse/faces/presentacion/financiero/solicitudProceso/listarSolicitudProceso.xhtml HTTP/1.1" 200 32057
181.189.25.86 - - [23/Oct/2023:09:15:16 -0500] "POST /sipse/faces/presentacion/financiero/solicitudProceso/consultar.xhtml HTTP/1.1" 200 10079
181.189.25.86 - - [23/Oct/2023:09:15:19 -0500] "POST /sipse/faces/presentacion/financiero/solicitudProceso/consultar.xhtml HTTP/1.1" 200 5044
190.113.172.57 - - [23/Oct/2023:09:15:20 -0500] "GET / HTTP/1.0" 200 319
186.155.121.116 - - [23/Oct/2023:09:15:21 -0500] "POST /sipse/faces/presentacion/financiero/solicitudProceso/listarSolicitudProceso.xhtml HTTP/1.1" 200 32188
186.155.121.116 - - [23/Oct/2023:09:15:27 -0500] "POST /sipse/faces/presentacion/financiero/solicitudProceso/listarSolicitudProceso.xhtml HTTP/1.1" 200 32165
181.189.25.86 - - [23/Oct/2023:09:15:31 -0500] "POST /sipse/faces/presentacion/financiero/solicitudProceso/consultar.xhtml HTTP/1.1" 200 12981
186.155.121.116 - - [23/Oct/2023:09:15:33 -0500] "POST /sipse/faces/presentacion/financiero/solicitudProceso/listarSolicitudProceso.xhtml HTTP/1.1" 200 32785
186.155.121.116 - - [23/Oct/2023:09:15:39 -0500] "POST /sipse/faces/presentacion/financiero/solicitudProceso/listarSolicitudProceso.xhtml HTTP/1.1" 200 32920
181.189.25.86 - - [23/Oct/2023:09:15:42 -0500] "POST /sipse/faces/presentacion/financiero/solicitudProceso/consultar.xhtml HTTP/1.1" 200 12981
201.245.192.253 - - [23/Oct/2023:09:15:44 -0500] "POST /forms/lservlet;jsessionid=ac16012b30d656b142fdde064d2fb44da24020c7bd50.e3iSbxaKaheRe34Pbx8Nc3aQci1ynknvrkLOlQzNp65In0 HTTP/1.1" 200 2
181.189.25.86 - - [23/Oct/2023:09:15:45 -0500] "POST /sipse/faces/presentacion/financiero/solicitudProceso/consultar.xhtml HTTP/1.1" 200 35537
181.189.25.86 - - [23/Oct/2023:09:15:46 -0500] "POST /sipse/faces/presentacion/financiero/solicitudProceso/consultar.xhtml HTTP/1.1" 200 35537
186.30.167.140 - - [23/Oct/2023:09:15:53 -0500] "POST /BLA/boletinlegal/admin/notificaciones/ingresar.php HTTP/1.1" 200 30329
181.189.25.86 - - [23/Oct/2023:09:15:53 -0500] "POST /sipse/faces/presentacion/financiero/solicitudProceso/consultar.xhtml HTTP/1.1" 200 12929
186.30.167.140 - - [23/Oct/2023:09:15:54 -0500] "GET /css/global/buttons.css HTTP/1.1" 404 1324
216.245.221.92 - - [23/Oct/2023:09:15:54 -0500] "HEAD / HTTP/1.1" 200 -
186.155.121.116 - - [23/Oct/2023:09:15:59 -0500] "POST /sipse/faces/presentacion/financiero/solicitudProceso/listarSolicitudProceso.xhtml HTTP/1.1" 200 32748
186.155.121.116 - - [23/Oct/2023:09:16:02 -0500] "POST /sipse/faces/presentacion/financiero/solicitudProceso/listarSolicitudProceso.xhtml HTTP/1.1" 200 32298
181.189.25.86 - - [23/Oct/2023:09:16:06 -0500] "POST /sipse/faces/presentacion/financiero/solicitudProceso/consultar.xhtml HTTP/1.1" 200 12946
181.189.25.86 - - [23/Oct/2023:09:16:17 -0500] "POST /sipse/faces/presentacion/financiero/solicitudProceso/consultar.xhtml HTTP/1.1" 200 12941
201.245.192.253 - - [23/Oct/2023:09:16:24 -0500] "POST /forms/lservlet;jsessionid=ac16012b30d66c604508abbb4d319f23fcb845129ef7.e3iSbxaKaheRe34Pbx8Nc3aQci1ynknvrkLOlQzNp65In0 HTTP/1.1" 200 2
181.189.25.86 - - [23/Oct/2023:09:16:20 -0500] "POST /sipse/faces/presentacion/financiero/solicitudProceso/consultar.xhtml HTTP/1.1" 200 139367
181.189.25.86 - - [23/Oct/2023:09:16:24 -0500] "GET /sipse/faces/javax.faces.resource/theme.css?ln=primefaces-sipse HTTP/1.1" 304 -
181.189.25.86 - - [23/Oct/2023:09:16:24 -0500] "GET /sipse/faces/javax.faces.resource/primefaces.css?ln=primefaces&v=4.0 HTTP/1.1" 304 -
181.189.25.86 - - [23/Oct/2023:09:16:24 -0500] "GET /sipse/faces/javax.faces.resource/layout/layout.css?ln=primefaces&v=4.0 HTTP/1.1" 304 -
181.189.25.86 - - [23/Oct/2023:09:16:24 -0500] "GET /sipse/faces/javax.faces.resource/jquery/jquery.js?ln=primefaces&v=4.0 HTTP/1.1" 304 -
181.189.25.86 - - [23/Oct/2023:09:16:24 -0500] "GET /sipse/faces/javax.faces.resource/jquery/jquery-plugins.js?ln=primefaces&v=4.0 HTTP/1.1" 304 -
181.189.25.86 - - [23/Oct/2023:09:16:24 -0500] "GET /sipse/faces/javax.faces.resource/primefaces.js?ln=primefaces&v=4.0 HTTP/1.1" 304 -
181.189.25.86 - - [23/Oct/2023:09:16:24 -0500] "GET /sipse/faces/javax.faces.resource/layout/layout.js?ln=primefaces&v=4.0 HTTP/1.1" 304 -
181.189.25.86 - - [23/Oct/2023:09:16:32 -0500] "POST /sipse/faces/presentacion/financiero/solicitudProceso/consultarSolicitudProceso.xhtml HTTP/1.1" 200 42037
181.189.25.86 - - [23/Oct/2023:09:16:33 -0500] "GET /sipse/faces/javax.faces.resource/primefaces.css?ln=primefaces&v=4.0 HTTP/1.1" 304 -
181.189.25.86 - - [23/Oct/2023:09:16:33 -0500] "GET /sipse/faces/javax.faces.resource/layout/layout.css?ln=primefaces&v=4.0 HTTP/1.1" 304 -
181.189.25.86 - - [23/Oct/2023:09:16:33 -0500] "GET /sipse/faces/javax.faces.resource/theme.css?ln=primefaces-sipse HTTP/1.1" 304 -
181.189.25.86 - - [23/Oct/2023:09:16:33 -0500] "GET /sipse/faces/javax.faces.resource/jquery/jquery.js?ln=primefaces&v=4.0 HTTP/1.1" 304 -
181.189.25.86 - - [23/Oct/2023:09:16:33 -0500] "GET /sipse/faces/javax.faces.resource/jquery/jquery-plugins.js?ln=primefaces&v=4.0 HTTP/1.1" 304 -
181.189.25.86 - - [23/Oct/2023:09:16:33 -0500] "GET /sipse/faces/javax.faces.resource/primefaces.js?ln=primefaces&v=4.0 HTTP/1.1" 304 -
181.189.25.86 - - [23/Oct/2023:09:16:33 -0500] "GET /sipse/faces/javax.faces.resource/layout/layout.js?ln=primefaces&v=4.0 HTTP/1.1" 304 -
181.189.25.86 - - [23/Oct/2023:09:16:33 -0500] "POST /sipse/faces/presentacion/financiero/solicitudProceso/consultar.xhtml HTTP/1.1" 200 35447
181.189.25.86 - - [23/Oct/2023:09:16:34 -0500] "POST /sipse/faces/presentacion/financiero/solicitudProceso/consultar.xhtml HTTP/1.1" 200 35447
181.189.25.86 - - [23/Oct/2023:09:16:35 -0500] "POST /sipse/faces/presentacion/financiero/solicitudProceso/consultar.xhtml HTTP/1.1" 200 23077
181.189.25.86 - - [23/Oct/2023:09:16:38 -0500] "POST /sipse/faces/presentacion/financiero/solicitudProceso/consultar.xhtml HTTP/1.1" 200 12851
207.46.13.92 - - [23/Oct/2023:09:16:41 -0500] "GET /Publicaciones/2023EE244840.pdf HTTP/1.1" 200 231512
181.189.25.86 - - [23/Oct/2023:09:16:52 -0500] "POST /sipse/faces/presentacion/financiero/solicitudProceso/consultar.xhtml HTTP/1.1" 200 12851
181.189.25.86 - - [23/Oct/2023:09:17:05 -0500] "POST /sipse/faces/presentacion/financiero/solicitudProceso/consultar.xhtml HTTP/1.1" 200 12849
201.245.192.253 - - [23/Oct/2023:09:17:14 -0500] "POST /kwsrmcab/Wsrmcab HTTP/1.1" 200 40200
181.189.25.86 - - [23/Oct/2023:09:17:17 -0500] "POST /sipse/faces/presentacion/financiero/solicitudProceso/consultar.xhtml HTTP/1.1" 200 12847
201.245.192.253 - - [23/Oct/2023:09:17:17 -0500] "POST /kwsrmcab/Wsrmcab HTTP/1.1" 200 39226
181.56.171.197 - - [23/Oct/2023:09:17:19 -0500] "POST /sipse/faces/presentacion/financiero/solicitudProceso/consultarSolicitudProceso.xhtml HTTP/1.1" 200 64173
181.56.171.197 - - [23/Oct/2023:09:17:21 -0500] "GET /sipse/faces/javax.faces.resource/theme.css?ln=primefaces-sipse HTTP/1.1" 304 -
181.56.171.197 - - [23/Oct/2023:09:17:21 -0500] "GET /sipse/faces/javax.faces.resource/jquery/jquery.js?ln=primefaces&v=4.0 HTTP/1.1" 304 -
181.56.171.197 - - [23/Oct/2023:09:17:21 -0500] "GET /sipse/faces/javax.faces.resource/primefaces.css?ln=primefaces&v=4.0 HTTP/1.1" 304 -
181.56.171.197 - - [23/Oct/2023:09:17:21 -0500] "GET /sipse/faces/javax.faces.resource/layout/layout.css?ln=primefaces&v=4.0 HTTP/1.1" 304 -
181.56.171.197 - - [23/Oct/2023:09:17:21 -0500] "GET /sipse/faces/javax.faces.resource/jquery/jquery-plugins.js?ln=primefaces&v=4.0 HTTP/1.1" 304 -
181.56.171.197 - - [23/Oct/2023:09:17:21 -0500] "GET /sipse/faces/javax.faces.resource/primefaces.js?ln=primefaces&v=4.0 HTTP/1.1" 304 -
181.56.171.197 - - [23/Oct/2023:09:17:21 -0500] "GET /sipse/faces/javax.faces.resource/layout/layout.js?ln=primefaces&v=4.0 HTTP/1.1" 304 -
181.56.171.197 - - [23/Oct/2023:09:17:21 -0500] "POST /sipse/faces/presentacion/financiero/solicitudProceso/listarSolicitudProceso.xhtml HTTP/1.1" 200 57560
181.56.171.197 - - [23/Oct/2023:09:17:22 -0500] "POST /sipse/faces/presentacion/financiero/solicitudProceso/listarSolicitudProceso.xhtml HTTP/1.1" 200 57560
181.56.171.197 - - [23/Oct/2023:09:17:23 -0500] "POST /sipse/faces/presentacion/financiero/solicitudProceso/listarSolicitudProceso.xhtml HTTP/1.1" 200 57560
181.56.171.197 - - [23/Oct/2023:09:17:24 -0500] "POST /sipse/faces/presentacion/financiero/solicitudProceso/listarSolicitudProceso.xhtml HTTP/1.1" 200 57560
181.56.171.197 - - [23/Oct/2023:09:17:24 -0500] "POST /sipse/faces/presentacion/financiero/solicitudProceso/listarSolicitudProceso.xhtml HTTP/1.1" 200 57560
172.22.2.4 - - [23/Oct/2023:09:15:45 -0500] "HEAD /BLA/boletinlegal/ HTTP/1.1" 200 -
181.56.171.197 - - [23/Oct/2023:09:17:25 -0500] "POST /sipse/faces/presentacion/financiero/solicitudProceso/listarSolicitudProceso.xhtml HTTP/1.1" 200 57560
181.56.171.197 - - [23/Oct/2023:09:17:26 -0500] "POST /sipse/faces/presentacion/financiero/solicitudProceso/listarSolicitudProceso.xhtml HTTP/1.1" 200 1556
181.56.171.197 - - [23/Oct/2023:09:17:27 -0500] "POST /sipse/faces/presentacion/financiero/solicitudProceso/listarSolicitudProceso.xhtml HTTP/1.1" 200 1560
181.56.171.197 - - [23/Oct/2023:09:17:28 -0500] "POST /sipse/faces/presentacion/financiero/solicitudProceso/listarSolicitudProceso.xhtml HTTP/1.1" 200 1560
181.189.25.86 - - [23/Oct/2023:09:17:28 -0500] "POST /sipse/faces/presentacion/financiero/solicitudProceso/consultar.xhtml HTTP/1.1" 200 12847
181.56.171.197 - - [23/Oct/2023:09:17:29 -0500] "POST /sipse/faces/presentacion/financiero/solicitudProceso/listarSolicitudProceso.xhtml HTTP/1.1" 200 1560
181.56.171.197 - - [23/Oct/2023:09:17:30 -0500] "POST /sipse/faces/presentacion/financiero/solicitudProceso/listarSolicitudProceso.xhtml HTTP/1.1" 200 1560
181.56.171.197 - - [23/Oct/2023:09:17:30 -0500] "POST /sipse/faces/presentacion/financiero/solicitudProceso/listarSolicitudProceso.xhtml HTTP/1.1" 200 1560
181.56.171.197 - - [23/Oct/2023:09:17:31 -0500] "POST /sipse/faces/presentacion/financiero/solicitudProceso/listarSolicitudProceso.xhtml HTTP/1.1" 200 1560
181.56.171.197 - - [23/Oct/2023:09:17:37 -0500] "POST /sipse/faces/presentacion/financiero/solicitudProceso/listarSolicitudProceso.xhtml HTTP/1.1" 200 28441
181.189.25.86 - - [23/Oct/2023:09:17:39 -0500] "POST /sipse/faces/presentacion/financiero/solicitudProceso/consultar.xhtml HTTP/1.1" 200 12849
201.245.192.253 - - [23/Oct/2023:09:17:44 -0500] "POST /forms/lservlet;jsessionid=ac16012b30d656b142fdde064d2fb44da24020c7bd50.e3iSbxaKaheRe34Pbx8Nc3aQci1ynknvrkLOlQzNp65In0 HTTP/1.1" 200 2
40.77.167.50 - - [23/Oct/2023:09:17:50 -0500] "GET /Publicaciones/2023EE242226.pdf HTTP/1.1" 200 822453
181.189.25.86 - - [23/Oct/2023:09:17:50 -0500] "POST /sipse/faces/presentacion/financiero/solicitudProceso/consultar.xhtml HTTP/1.1" 200 12847
201.245.192.253 - - [23/Oct/2023:09:17:51 -0500] "POST /kwsrmcab/Wsrmcab  HTTP/1.1" 200 40804
181.56.171.197 - - [23/Oct/2023:09:17:50 -0500] "POST /sipse/faces/presentacion/financiero/solicitudProceso/listarSolicitudProceso.xhtml HTTP/1.1" 200 123407
181.56.171.197 - - [23/Oct/2023:09:17:55 -0500] "GET /sipse/faces/javax.faces.resource/theme.css?ln=primefaces-sipse HTTP/1.1" 304 -
181.56.171.197 - - [23/Oct/2023:09:17:55 -0500] "GET /sipse/faces/javax.faces.resource/primefaces.css?ln=primefaces&v=4.0 HTTP/1.1" 304 -
181.56.171.197 - - [23/Oct/2023:09:17:55 -0500] "GET /sipse/faces/javax.faces.resource/layout/layout.css?ln=primefaces&v=4.0 HTTP/1.1" 304 -
181.56.171.197 - - [23/Oct/2023:09:17:55 -0500] "GET /sipse/faces/javax.faces.resource/jquery/jquery.js?ln=primefaces&v=4.0 HTTP/1.1" 304 -
181.56.171.197 - - [23/Oct/2023:09:17:55 -0500] "GET /sipse/faces/javax.faces.resource/jquery/jquery-plugins.js?ln=primefaces&v=4.0 HTTP/1.1" 304 -
181.56.171.197 - - [23/Oct/2023:09:17:55 -0500] "GET /sipse/faces/javax.faces.resource/primefaces.js?ln=primefaces&v=4.0 HTTP/1.1" 304 -
181.56.171.197 - - [23/Oct/2023:09:17:55 -0500] "GET /sipse/faces/javax.faces.resource/layout/layout.js?ln=primefaces&v=4.0 HTTP/1.1" 304 -
172.22.2.4 - - [23/Oct/2023:09:16:36 -0500] "GET /BLA/boletinlegal/ HTTP/1.1" 200 57816
173.252.127.1 - - [23/Oct/2023:09:18:20 -0500] "GET /images/Reciclaton-2023.jpg HTTP/1.1" 200 68883
201.245.192.253 - - [23/Oct/2023:09:18:24 -0500] "POST /forms/lservlet;jsessionid=ac16012b30d66c604508abbb4d319f23fcb845129ef7.e3iSbxaKaheRe34Pbx8Nc3aQci1ynknvrkLOlQzNp65In0 HTTP/1.1" 200 2
181.56.171.197 - - [23/Oct/2023:09:18:37 -0500] "POST /sipse/faces/presentacion/financiero/solicitudProceso/consultarSolicitudProceso.xhtml HTTP/1.1" 200 64173
181.56.171.197 - - [23/Oct/2023:09:18:39 -0500] "GET /sipse/faces/javax.faces.resource/theme.css?ln=primefaces-sipse HTTP/1.1" 304 -
181.56.171.197 - - [23/Oct/2023:09:18:39 -0500] "GET /sipse/faces/javax.faces.resource/primefaces.css?ln=primefaces&v=4.0 HTTP/1.1" 304 -
181.56.171.197 - - [23/Oct/2023:09:18:39 -0500] "GET /sipse/faces/javax.faces.resource/jquery/jquery.js?ln=primefaces&v=4.0 HTTP/1.1" 304 -
181.56.171.197 - - [23/Oct/2023:09:18:39 -0500] "GET /sipse/faces/javax.faces.resource/layout/layout.css?ln=primefaces&v=4.0 HTTP/1.1" 304 -
181.56.171.197 - - [23/Oct/2023:09:18:39 -0500] "GET /sipse/faces/javax.faces.resource/jquery/jquery-plugins.js?ln=primefaces&v=4.0 HTTP/1.1" 304 -
181.56.171.197 - - [23/Oct/2023:09:18:39 -0500] "GET /sipse/faces/javax.faces.resource/primefaces.js?ln=primefaces&v=4.0 HTTP/1.1" 304 -
181.56.171.197 - - [23/Oct/2023:09:18:39 -0500] "GET /sipse/faces/javax.faces.resource/layout/layout.js?ln=primefaces&v=4.0 HTTP/1.1" 304 -
181.56.171.197 - - [23/Oct/2023:09:18:39 -0500] "POST /sipse/faces/presentacion/financiero/solicitudProceso/listarSolicitudProceso.xhtml HTTP/1.1" 200 57560
181.56.171.197 - - [23/Oct/2023:09:18:40 -0500] "POST /sipse/faces/presentacion/financiero/solicitudProceso/listarSolicitudProceso.xhtml HTTP/1.1" 200 57560
181.56.171.197 - - [23/Oct/2023:09:18:41 -0500] "POST /sipse/faces/presentacion/financiero/solicitudProceso/listarSolicitudProceso.xhtml HTTP/1.1" 200 57560
181.56.171.197 - - [23/Oct/2023:09:18:42 -0500] "POST /sipse/faces/presentacion/financiero/solicitudProceso/listarSolicitudProceso.xhtml HTTP/1.1" 200 57560
181.56.171.197 - - [23/Oct/2023:09:18:42 -0500] "POST /sipse/faces/presentacion/financiero/solicitudProceso/listarSolicitudProceso.xhtml HTTP/1.1" 200 57560
181.56.171.197 - - [23/Oct/2023:09:18:43 -0500] "POST /sipse/faces/presentacion/financiero/solicitudProceso/listarSolicitudProceso.xhtml HTTP/1.1" 200 57560
181.56.171.197 - - [23/Oct/2023:09:18:44 -0500] "POST /sipse/faces/presentacion/financiero/solicitudProceso/listarSolicitudProceso.xhtml HTTP/1.1" 200 57560
181.56.171.197 - - [23/Oct/2023:09:18:45 -0500] "POST /sipse/faces/presentacion/financiero/solicitudProceso/listarSolicitudProceso.xhtml HTTP/1.1" 200 57560
181.56.171.197 - - [23/Oct/2023:09:18:46 -0500] "POST /sipse/faces/presentacion/financiero/solicitudProceso/listarSolicitudProceso.xhtml HTTP/1.1" 200 1556
181.56.171.197 - - [23/Oct/2023:09:18:47 -0500] "POST /sipse/faces/presentacion/financiero/solicitudProceso/listarSolicitudProceso.xhtml HTTP/1.1" 200 1560
181.56.171.197 - - [23/Oct/2023:09:18:48 -0500] "POST /sipse/faces/presentacion/financiero/solicitudProceso/listarSolicitudProceso.xhtml HTTP/1.1" 200 1560
181.56.171.197 - - [23/Oct/2023:09:18:49 -0500] "POST /sipse/faces/presentacion/financiero/solicitudProceso/listarSolicitudProceso.xhtml HTTP/1.1" 200 1560
181.56.171.197 - - [23/Oct/2023:09:18:49 -0500] "POST /sipse/faces/presentacion/financiero/solicitudProceso/listarSolicitudProceso.xhtml HTTP/1.1" 200 1560
181.56.171.197 - - [23/Oct/2023:09:18:50 -0500] "POST /sipse/faces/presentacion/financiero/solicitudProceso/listarSolicitudProceso.xhtml HTTP/1.1" 200 1560
181.56.171.197 - - [23/Oct/2023:09:18:51 -0500] "POST /sipse/faces/presentacion/financiero/solicitudProceso/listarSolicitudProceso.xhtml HTTP/1.1" 200 1560
181.56.171.197 - - [23/Oct/2023:09:18:52 -0500] "POST /sipse/faces/presentacion/financiero/solicitudProceso/listarSolicitudProceso.xhtml HTTP/1.1" 200 1560
181.56.171.197 - - [23/Oct/2023:09:18:53 -0500] "POST /sipse/faces/presentacion/financiero/solicitudProceso/listarSolicitudProceso.xhtml HTTP/1.1" 200 1560
181.56.171.197 - - [23/Oct/2023:09:18:58 -0500] "POST /sipse/faces/presentacion/financiero/solicitudProceso/listarSolicitudProceso.xhtml HTTP/1.1" 200 28441
181.56.171.197 - - [23/Oct/2023:09:19:09 -0500] "POST /sipse/faces/presentacion/financiero/solicitudProceso/listarSolicitudProceso.xhtml HTTP/1.1" 200 141181
181.56.171.197 - - [23/Oct/2023:09:19:14 -0500] "GET /sipse/faces/javax.faces.resource/theme.css?ln=primefaces-sipse HTTP/1.1" 304 -
181.56.171.197 - - [23/Oct/2023:09:19:14 -0500] "GET /sipse/faces/javax.faces.resource/primefaces.css?ln=primefaces&v=4.0 HTTP/1.1" 304 -
181.56.171.197 - - [23/Oct/2023:09:19:14 -0500] "GET /sipse/faces/javax.faces.resource/layout/layout.css?ln=primefaces&v=4.0 HTTP/1.1" 304 -
181.56.171.197 - - [23/Oct/2023:09:19:14 -0500] "GET /sipse/faces/javax.faces.resource/jquery/jquery.js?ln=primefaces&v=4.0 HTTP/1.1" 304 -
181.56.171.197 - - [23/Oct/2023:09:19:14 -0500] "GET /sipse/faces/javax.faces.resource/jquery/jquery-plugins.js?ln=primefaces&v=4.0 HTTP/1.1" 304 -
181.56.171.197 - - [23/Oct/2023:09:19:14 -0500] "GET /sipse/faces/javax.faces.resource/primefaces.js?ln=primefaces&v=4.0 HTTP/1.1" 304 -
181.56.171.197 - - [23/Oct/2023:09:19:14 -0500] "GET /sipse/faces/javax.faces.resource/layout/layout.js?ln=primefaces&v=4.0 HTTP/1.1" 304 -
173.252.111.2 - - [23/Oct/2023:09:19:22 -0500] "GET /images/plantacion-humedal-la-conejera.jpg HTTP/1.1" 200 92644
201.245.192.253 - - [23/Oct/2023:09:19:44 -0500] "POST /forms/lservlet;jsessionid=ac16012b30d656b142fdde064d2fb44da24020c7bd50.e3iSbxaKaheRe34Pbx8Nc3aQci1ynknvrkLOlQzNp65In0 HTTP/1.1" 200 2
201.245.192.253 - - [23/Oct/2023:09:20:16 -0500] "POST /kwsrmcab/Wsrmcab HTTP/1.1" 200 40200
201.245.192.253 - - [23/Oct/2023:09:20:19 -0500] "POST /kwsrmcab/Wsrmcab HTTP/1.1" 200 39226
201.245.192.253 - - [23/Oct/2023:09:20:24 -0500] "POST /forms/lservlet;jsessionid=ac16012b30d66c604508abbb4d319f23fcb845129ef7.e3iSbxaKaheRe34Pbx8Nc3aQci1ynknvrkLOlQzNp65In0 HTTP/1.1" 200 2
66.249.66.166 - - [23/Oct/2023:09:20:46 -0500] "GET /portaldeninos/los-arboles/tips/ HTTP/1.1" 200 87677
216.245.221.92 - - [23/Oct/2023:09:20:54 -0500] "HEAD / HTTP/1.1" 200 -
201.245.192.253 - - [23/Oct/2023:09:21:02 -0500] "GET /sipse/faces/index.xhtml HTTP/1.1" 200 677
201.245.192.253 - - [23/Oct/2023:09:21:02 -0500] "GET /sipse/faces/javax.faces.resource/theme.css?ln=primefaces-sipse HTTP/1.1" 304 -
201.245.192.253 - - [23/Oct/2023:09:21:02 -0500] "GET /apple-touch-icon-precomposed.png HTTP/1.1" 404 1120
201.245.192.253 - - [23/Oct/2023:09:21:02 -0500] "GET /apple-touch-icon.png HTTP/1.1" 404 1120
201.245.192.253 - - [23/Oct/2023:09:21:02 -0500] "GET /sipse/faces/faces/autenticacion.xhtml HTTP/1.1" 200 12403
201.245.192.253 - - [23/Oct/2023:09:21:03 -0500] "GET /sipse/js/funciones.js HTTP/1.1" 200 12592
201.245.192.253 - - [23/Oct/2023:09:21:03 -0500] "GET /sipse/css/custom_css_sg.css HTTP/1.1" 200 9694
201.245.192.253 - - [23/Oct/2023:09:21:03 -0500] "GET /sipse/faces/javax.faces.resource/layout/layout.css?ln=primefaces&v=4.0 HTTP/1.1" 304 -
201.245.192.253 - - [23/Oct/2023:09:21:03 -0500] "GET /sipse/js/disable_browser_buttons.js HTTP/1.1" 200 3230
201.245.192.253 - - [23/Oct/2023:09:21:03 -0500] "GET /sipse/css/custom_css_sg_prime_login.css HTTP/1.1" 200 443
201.245.192.253 - - [23/Oct/2023:09:21:03 -0500] "GET /sipse/faces/javax.faces.resource/jquery/jquery-plugins.js?ln=primefaces&v=4.0 HTTP/1.1" 304 -
201.245.192.253 - - [23/Oct/2023:09:21:03 -0500] "GET /sipse/faces/javax.faces.resource/primefaces.css?ln=primefaces&v=4.0 HTTP/1.1" 304 -
201.245.192.253 - - [23/Oct/2023:09:21:03 -0500] "GET /sipse/faces/javax.faces.resource/jquery/jquery.js?ln=primefaces&v=4.0 HTTP/1.1" 304 -
201.245.192.253 - - [23/Oct/2023:09:21:03 -0500] "GET /sipse/faces/javax.faces.resource/primefaces.js?ln=primefaces&v=4.0 HTTP/1.1" 304 -
201.245.192.253 - - [23/Oct/2023:09:21:03 -0500] "GET /sipse/css/imagen/logoSDG.png HTTP/1.1" 200 53064
201.245.192.253 - - [23/Oct/2023:09:21:03 -0500] "GET /sipse/faces/javax.faces.resource/layout/layout.js?ln=primefaces&v=4.0 HTTP/1.1" 304 -
201.245.192.253 - - [23/Oct/2023:09:21:03 -0500] "GET /sipse/faces/javax.faces.resource/theme.css?ln=primefaces-sipse HTTP/1.1" 304 -
201.245.192.253 - - [23/Oct/2023:09:21:03 -0500] "GET /sipse/css/imagen/loginimg.png HTTP/1.1" 200 71635
201.245.192.253 - - [23/Oct/2023:09:21:03 -0500] "GET /sipse/faces/javax.faces.resource/images/ui-icons_898989_256x240.png?ln=primefaces-aristo HTTP/1.1" 304 -
181.189.25.86 - - [23/Oct/2023:09:21:03 -0500] "POST /sipse/faces/presentacion/financiero/solicitudProceso/consultar.xhtml HTTP/1.1" 200 12856
207.46.13.92 - - [23/Oct/2023:09:21:04 -0500] "GET /Publicaciones/2023EE241944.pdf HTTP/1.1" 200 231906
181.189.25.86 - - [23/Oct/2023:09:21:06 -0500] "POST /sipse/faces/presentacion/financiero/solicitudProceso/consultar.xhtml HTTP/1.1" 200 157266
181.189.25.86 - - [23/Oct/2023:09:21:10 -0500] "GET /sipse/faces/javax.faces.resource/theme.css?ln=primefaces-sipse HTTP/1.1" 304 -
181.189.25.86 - - [23/Oct/2023:09:21:10 -0500] "GET /sipse/faces/javax.faces.resource/layout/layout.css?ln=primefaces&v=4.0 HTTP/1.1" 304 -
181.189.25.86 - - [23/Oct/2023:09:21:10 -0500] "GET /sipse/faces/javax.faces.resource/primefaces.css?ln=primefaces&v=4.0 HTTP/1.1" 304 -
181.189.25.86 - - [23/Oct/2023:09:21:10 -0500] "GET /sipse/faces/javax.faces.resource/jquery/jquery.js?ln=primefaces&v=4.0 HTTP/1.1" 304 -
181.189.25.86 - - [23/Oct/2023:09:21:10 -0500] "GET /sipse/faces/javax.faces.resource/jquery/jquery-plugins.js?ln=primefaces&v=4.0 HTTP/1.1" 304 -
181.189.25.86 - - [23/Oct/2023:09:21:10 -0500] "GET /sipse/faces/javax.faces.resource/primefaces.js?ln=primefaces&v=4.0 HTTP/1.1" 304 -
181.189.25.86 - - [23/Oct/2023:09:21:10 -0500] "GET /sipse/faces/javax.faces.resource/layout/layout.js?ln=primefaces&v=4.0 HTTP/1.1" 304 -
191.156.151.63 - - [23/Oct/2023:09:21:16 -0500] "GET /caminatas-ecologicas-un-plan-imperdible-para-octubre.html HTTP/1.1" 200 747
186.30.167.140 - - [23/Oct/2023:09:21:18 -0500] "POST /BLA/boletinlegal/admin/notificaciones/ingresar.php HTTP/1.1" 200 30329
186.30.167.140 - - [23/Oct/2023:09:21:19 -0500] "GET /css/global/buttons.css HTTP/1.1" 404 1324
201.245.192.253 - - [23/Oct/2023:09:21:44 -0500] "POST /forms/lservlet;jsessionid=ac16012b30d656b142fdde064d2fb44da24020c7bd50.e3iSbxaKaheRe34Pbx8Nc3aQci1ynknvrkLOlQzNp65In0 HTTP/1.1" 200 2
201.245.192.253 - - [23/Oct/2023:09:22:13 -0500] "POST /sipse/faces/presentacion/financiero/solicitudProceso/consultarSolicitudProceso.xhtml HTTP/1.1" 200 40471
201.245.192.253 - - [23/Oct/2023:09:22:14 -0500] "GET /sipse/faces/javax.faces.resource/theme.css?ln=primefaces-sipse HTTP/1.1" 304 -
201.245.192.253 - - [23/Oct/2023:09:22:14 -0500] "GET /sipse/faces/javax.faces.resource/layout/layout.css?ln=primefaces&v=4.0 HTTP/1.1" 304 -
201.245.192.253 - - [23/Oct/2023:09:22:14 -0500] "GET /sipse/faces/javax.faces.resource/primefaces.css?ln=primefaces&v=4.0 HTTP/1.1" 304 -
201.245.192.253 - - [23/Oct/2023:09:22:14 -0500] "GET /sipse/faces/javax.faces.resource/jquery/jquery.js?ln=primefaces&v=4.0 HTTP/1.1" 304 -
201.245.192.253 - - [23/Oct/2023:09:22:14 -0500] "GET /sipse/faces/javax.faces.resource/jquery/jquery-plugins.js?ln=primefaces&v=4.0 HTTP/1.1" 304 -
201.245.192.253 - - [23/Oct/2023:09:22:14 -0500] "GET /sipse/faces/javax.faces.resource/primefaces.js?ln=primefaces&v=4.0 HTTP/1.1" 304 -
201.245.192.253 - - [23/Oct/2023:09:22:14 -0500] "GET /sipse/faces/javax.faces.resource/layout/layout.js?ln=primefaces&v=4.0 HTTP/1.1" 304 -
201.245.192.253 - - [23/Oct/2023:09:22:14 -0500] "POST /sipse/faces/presentacion/financiero/solicitudProceso/listarSolicitudProceso.xhtml HTTP/1.1" 200 33864
201.245.192.253 - - [23/Oct/2023:09:22:15 -0500] "POST /sipse/faces/presentacion/financiero/solicitudProceso/listarSolicitudProceso.xhtml HTTP/1.1" 200 33864
201.245.192.253 - - [23/Oct/2023:09:22:15 -0500] "POST /sipse/faces/presentacion/financiero/solicitudProceso/listarSolicitudProceso.xhtml HTTP/1.1" 200 33864
201.245.192.253 - - [23/Oct/2023:09:22:16 -0500] "POST /sipse/faces/presentacion/financiero/solicitudProceso/listarSolicitudProceso.xhtml HTTP/1.1" 200 33864
201.245.192.253 - - [23/Oct/2023:09:22:17 -0500] "POST /sipse/faces/presentacion/financiero/solicitudProceso/listarSolicitudProceso.xhtml HTTP/1.1" 200 1444
201.245.192.253 - - [23/Oct/2023:09:22:17 -0500] "POST /sipse/faces/presentacion/financiero/solicitudProceso/listarSolicitudProceso.xhtml HTTP/1.1" 200 1444
201.245.192.253 - - [23/Oct/2023:09:22:17 -0500] "POST /sipse/faces/presentacion/financiero/solicitudProceso/listarSolicitudProceso.xhtml HTTP/1.1" 200 1448
201.245.192.253 - - [23/Oct/2023:09:22:18 -0500] "POST /sipse/faces/presentacion/financiero/solicitudProceso/listarSolicitudProceso.xhtml HTTP/1.1" 200 1444
201.245.192.253 - - [23/Oct/2023:09:22:18 -0500] "POST /sipse/faces/presentacion/financiero/solicitudProceso/listarSolicitudProceso.xhtml HTTP/1.1" 200 1448
181.189.25.86 - - [23/Oct/2023:09:22:18 -0500] "POST /sipse/faces/presentacion/financiero/solicitudProceso/consultarSolicitudProceso.xhtml HTTP/1.1" 200 83821
201.245.192.253 - - [23/Oct/2023:09:22:24 -0500] "POST /forms/lservlet;jsessionid=ac16012b30d66c604508abbb4d319f23fcb845129ef7.e3iSbxaKaheRe34Pbx8Nc3aQci1ynknvrkLOlQzNp65In0 HTTP/1.1" 200 2
201.245.192.253 - - [23/Oct/2023:09:22:21 -0500] "POST /sipse/faces/presentacion/financiero/solicitudProceso/listarSolicitudProceso.xhtml HTTP/1.1" 200 134301
201.245.192.253 - - [23/Oct/2023:09:22:25 -0500] "GET /sipse/faces/javax.faces.resource/primefaces.css?ln=primefaces&v=4.0 HTTP/1.1" 304 -
201.245.192.253 - - [23/Oct/2023:09:22:25 -0500] "GET /sipse/faces/javax.faces.resource/theme.css?ln=primefaces-sipse HTTP/1.1" 304 -
201.245.192.253 - - [23/Oct/2023:09:22:25 -0500] "GET /sipse/faces/javax.faces.resource/layout/layout.css?ln=primefaces&v=4.0 HTTP/1.1" 304 -
201.245.192.253 - - [23/Oct/2023:09:22:25 -0500] "GET /sipse/faces/javax.faces.resource/jquery/jquery.js?ln=primefaces&v=4.0 HTTP/1.1" 304 -
201.245.192.253 - - [23/Oct/2023:09:22:25 -0500] "GET /sipse/faces/javax.faces.resource/jquery/jquery-plugins.js?ln=primefaces&v=4.0 HTTP/1.1" 304 -
201.245.192.253 - - [23/Oct/2023:09:22:25 -0500] "GET /sipse/faces/javax.faces.resource/primefaces.js?ln=primefaces&v=4.0 HTTP/1.1" 304 -
201.245.192.253 - - [23/Oct/2023:09:22:25 -0500] "GET /sipse/faces/javax.faces.resource/layout/layout.js?ln=primefaces&v=4.0 HTTP/1.1" 304 -
201.245.192.253 - - [23/Oct/2023:09:22:30 -0500] "POST /sipse/faces/presentacion/financiero/solicitudProceso/consultarSolicitudProceso.xhtml HTTP/1.1" 200 5514
201.245.192.253 - - [23/Oct/2023:09:22:50 -0500] "POST /kwsrmcab/Wsrmcab  HTTP/1.1" 200 40804
64.124.8.40 - - [23/Oct/2023:09:23:08 -0500] "GET /BLA/boletinlegal/jurisprudencia/analisis/Analisis%20jurisprudencial%20Sentencia%20C-366-11.doc HTTP/1.1" 200 59392
186.30.167.140 - - [23/Oct/2023:09:23:11 -0500] "POST /BLA/boletinlegal/admin/notificaciones/ingresar.php HTTP/1.1" 200 30329
186.30.167.140 - - [23/Oct/2023:09:23:12 -0500] "GET /css/global/buttons.css HTTP/1.1" 404 1324
172.22.2.4 - - [23/Oct/2023:09:21:35 -0500] "HEAD /BLA/boletinlegal/ HTTP/1.1" 200 -
181.189.25.86 - - [23/Oct/2023:09:23:17 -0500] "POST /sipse/faces/presentacion/financiero/solicitudProceso/consultarSolicitudProceso.xhtml HTTP/1.1" 200 93157
201.245.192.253 - - [23/Oct/2023:09:23:44 -0500] "POST /forms/lservlet;jsessionid=ac16012b30d656b142fdde064d2fb44da24020c7bd50.e3iSbxaKaheRe34Pbx8Nc3aQci1ynknvrkLOlQzNp65In0 HTTP/1.1" 200 2
201.245.192.253 - - [23/Oct/2023:09:23:43 -0500] "POST /sipse/faces/presentacion/financiero/solicitudProceso/consultarSolicitudProceso.xhtml HTTP/1.1" 200 5556101
201.245.192.253 - - [23/Oct/2023:09:23:45 -0500] "POST /sipse/faces/presentacion/financiero/solicitudProceso/consultarSolicitudProceso.xhtml HTTP/1.1" 200 76922
201.245.192.253 - - [23/Oct/2023:09:23:47 -0500] "POST /sipse/faces/presentacion/financiero/solicitudProceso/consultarSolicitudProceso.xhtml HTTP/1.1" 200 138832
201.245.192.253 - - [23/Oct/2023:09:23:51 -0500] "POST /sipse/faces/presentacion/financiero/solicitudProceso/consultarSolicitudProceso.xhtml HTTP/1.1" 200 5533
201.245.192.253 - - [23/Oct/2023:09:23:53 -0500] "GET /sipse/faces/javax.faces.resource/dynamiccontent.properties?ln=primefaces&pfdrid=XjOR5%2F%2FfPAZAuY9TpWQeCiM0BhlXxYRBGKi%2FQcXXfeA%3D&pfdrid_c=false HTTP/1.1" 200 117349
172.22.2.4 - - [23/Oct/2023:09:22:26 -0500] "GET /BLA/boletinlegal/ HTTP/1.1" 200 57816
186.80.199.188 - - [23/Oct/2023:09:24:08 -0500] "GET /BLA/resoluciones/ HTTP/1.1" 200 13696
186.80.199.188 - - [23/Oct/2023:09:24:17 -0500] "GET /BLA/resoluciones/index.php?dir=AUTOS+2021%2F HTTP/1.1" 200 398707
201.245.192.253 - - [23/Oct/2023:09:24:24 -0500] "POST /forms/lservlet;jsessionid=ac16012b30d66c604508abbb4d319f23fcb845129ef7.e3iSbxaKaheRe34Pbx8Nc3aQci1ynknvrkLOlQzNp65In0 HTTP/1.1" 200 2
186.30.167.140 - - [23/Oct/2023:09:24:56 -0500] "POST /BLA/boletinlegal/admin/notificaciones/ingresar.php HTTP/1.1" 200 30329
186.30.167.140 - - [23/Oct/2023:09:24:56 -0500] "GET /css/global/buttons.css HTTP/1.1" 404 1324
201.245.192.253 - - [23/Oct/2023:09:25:44 -0500] "POST /forms/lservlet;jsessionid=ac16012b30d656b142fdde064d2fb44da24020c7bd50.e3iSbxaKaheRe34Pbx8Nc3aQci1ynknvrkLOlQzNp65In0 HTTP/1.1" 200 2
216.245.221.92 - - [23/Oct/2023:09:25:54 -0500] "HEAD / HTTP/1.1" 200 -
201.245.192.253 - - [23/Oct/2023:09:26:24 -0500] "POST /forms/lservlet;jsessionid=ac16012b30d66c604508abbb4d319f23fcb845129ef7.e3iSbxaKaheRe34Pbx8Nc3aQci1ynknvrkLOlQzNp65In0 HTTP/1.1" 200 2
201.245.192.253 - - [23/Oct/2023:09:26:34 -0500] "GET /sipse/faces/index.xhtml HTTP/1.1" 200 677
186.30.167.140 - - [23/Oct/2023:09:26:33 -0500] "POST /BLA/boletinlegal/admin/notificaciones/ingresar.php HTTP/1.1" 200 30329
186.30.167.140 - - [23/Oct/2023:09:26:34 -0500] "GET /css/global/buttons.css HTTP/1.1" 404 1324
201.245.192.253 - - [23/Oct/2023:09:26:34 -0500] "GET /sipse/faces/javax.faces.resource/theme.css?ln=primefaces-sipse HTTP/1.1" 200 50058
201.245.192.253 - - [23/Oct/2023:09:26:35 -0500] "GET /favicon.ico HTTP/1.1" 200 7782
201.245.192.253 - - [23/Oct/2023:09:26:35 -0500] "GET /sipse/faces/faces/autenticacion.xhtml HTTP/1.1" 200 12403
201.245.192.253 - - [23/Oct/2023:09:26:35 -0500] "GET /sipse/css/custom_css_sg.css HTTP/1.1" 200 9694
201.245.192.253 - - [23/Oct/2023:09:26:35 -0500] "GET /sipse/faces/javax.faces.resource/theme.css?ln=primefaces-sipse HTTP/1.1" 304 -
201.245.192.253 - - [23/Oct/2023:09:26:35 -0500] "GET /sipse/css/custom_css_sg_prime_login.css HTTP/1.1" 200 443
201.245.192.253 - - [23/Oct/2023:09:26:35 -0500] "GET /sipse/faces/javax.faces.resource/layout/layout.css?ln=primefaces&v=4.0 HTTP/1.1" 200 542
201.245.192.253 - - [23/Oct/2023:09:26:35 -0500] "GET /sipse/js/disable_browser_buttons.js HTTP/1.1" 200 3230
201.245.192.253 - - [23/Oct/2023:09:26:35 -0500] "GET /sipse/js/funciones.js HTTP/1.1" 200 12592
201.245.192.253 - - [23/Oct/2023:09:26:35 -0500] "GET /sipse/faces/javax.faces.resource/jquery/jquery-plugins.js?ln=primefaces&v=4.0 HTTP/1.1" 304 -
201.245.192.253 - - [23/Oct/2023:09:26:35 -0500] "GET /sipse/faces/javax.faces.resource/jquery/jquery.js?ln=primefaces&v=4.0 HTTP/1.1" 304 -
201.245.192.253 - - [23/Oct/2023:09:26:35 -0500] "GET /sipse/faces/javax.faces.resource/primefaces.js?ln=primefaces&v=4.0 HTTP/1.1" 304 -
201.245.192.253 - - [23/Oct/2023:09:26:35 -0500] "GET /sipse/faces/javax.faces.resource/layout/layout.js?ln=primefaces&v=4.0 HTTP/1.1" 304 -
201.245.192.253 - - [23/Oct/2023:09:26:35 -0500] "GET /sipse/faces/javax.faces.resource/primefaces.css?ln=primefaces&v=4.0 HTTP/1.1" 200 53295
201.245.192.253 - - [23/Oct/2023:09:26:36 -0500] "GET /sipse/css/imagen/logoSDG.png HTTP/1.1" 200 53064
201.245.192.253 - - [23/Oct/2023:09:26:36 -0500] "GET /sipse/faces/javax.faces.resource/images/ui-icons_898989_256x240.png?ln=primefaces-aristo HTTP/1.1" 200 5355
201.245.192.253 - - [23/Oct/2023:09:26:36 -0500] "GET /sipse/css/imagen/loginimg.png HTTP/1.1" 200 71635
201.245.192.253 - - [23/Oct/2023:09:26:39 -0500] "POST /sipse/faces/autenticacion.xhtml HTTP/1.1" 200 11369
201.245.192.253 - - [23/Oct/2023:09:26:39 -0500] "GET /sipse/css/custom_css_sg_prime.css HTTP/1.1" 200 5201
201.245.192.253 - - [23/Oct/2023:09:26:39 -0500] "GET /sipse/faces/javax.faces.resource/jquery/jquery.js?ln=primefaces&v=4.0 HTTP/1.1" 304 -
201.245.192.253 - - [23/Oct/2023:09:26:39 -0500] "GET /sipse/faces/javax.faces.resource/jquery/jquery-plugins.js?ln=primefaces&v=4.0 HTTP/1.1" 304 -
201.245.192.253 - - [23/Oct/2023:09:26:39 -0500] "GET /sipse/faces/javax.faces.resource/primefaces.js?ln=primefaces&v=4.0 HTTP/1.1" 304 -
201.245.192.253 - - [23/Oct/2023:09:26:39 -0500] "GET /sipse/faces/javax.faces.resource/layout/layout.js?ln=primefaces&v=4.0 HTTP/1.1" 304 -
