103.81.194.69 - - [26/Oct/2023:01:42:02 -0500] "GET /phpmyadmin2015/index.php?lang=en HTTP/1.1" 403 1165
103.81.194.69 - - [26/Oct/2023:01:42:03 -0500] "GET /phpmyadmin2021/index.php?lang=en HTTP/1.1" 403 1165
103.81.194.69 - - [26/Oct/2023:01:42:03 -0500] "GET /phpmy-admin/index.php?lang=en HTTP/1.1" 404 1018
103.81.194.69 - - [26/Oct/2023:01:42:03 -0500] "GET /db/phpmyadmin3/index.php?lang=en HTTP/1.1" 404 1018
103.81.194.69 - - [26/Oct/2023:01:42:04 -0500] "GET /phpMyAdmin-4.9.7/index.php?lang=en HTTP/1.1" 403 1165
103.81.194.69 - - [26/Oct/2023:01:42:04 -0500] "GET /administrator/phpMyAdmin/index.php?lang=en HTTP/1.1" 404 1018
103.81.194.69 - - [26/Oct/2023:01:42:04 -0500] "GET /phpmyadmin_/index.php?lang=en HTTP/1.1" 403 1165
103.81.194.69 - - [26/Oct/2023:01:42:05 -0500] "GET /mysql/pma/index.php?lang=en HTTP/1.1" 404 1018
103.81.194.69 - - [26/Oct/2023:01:42:05 -0500] "GET /sql/sqladmin/index.php?lang=en HTTP/1.1" 404 1018
103.81.194.69 - - [26/Oct/2023:01:42:05 -0500] "GET /phpMyAdmin-4/index.php?lang=en HTTP/1.1" 403 1165
103.81.194.69 - - [26/Oct/2023:01:42:06 -0500] "GET /database/index.php?lang=en HTTP/1.1" 404 1018
103.81.194.69 - - [26/Oct/2023:01:42:06 -0500] "GET /administrator/PMA/index.php?lang=en HTTP/1.1" 404 1018
103.81.194.69 - - [26/Oct/2023:01:42:06 -0500] "GET /phpmyadmin5/index.php?lang=en HTTP/1.1" 403 1165
103.81.194.69 - - [26/Oct/2023:01:42:07 -0500] "GET /phpmyadmin2019/index.php?lang=en HTTP/1.1" 403 1165
103.81.194.69 - - [26/Oct/2023:01:42:07 -0500] "GET /mysql/db/index.php?lang=en HTTP/1.1" 404 1018
103.81.194.69 - - [26/Oct/2023:01:42:07 -0500] "GET /phpmyadmin2014/index.php?lang=en HTTP/1.1" 403 1165
103.81.194.69 - - [26/Oct/2023:01:42:08 -0500] "GET /dbadmin/index.php?lang=en HTTP/1.1" 404 1018
103.81.194.69 - - [26/Oct/2023:01:42:08 -0500] "GET /phpMyAdmin/index.php?lang=en HTTP/1.1" 403 1165
103.81.194.69 - - [26/Oct/2023:01:42:08 -0500] "GET /admin/sqladmin/index.php?lang=en HTTP/1.1" 404 1018
103.81.194.69 - - [26/Oct/2023:01:42:09 -0500] "GET /phpmyadmin2017/index.php?lang=en HTTP/1.1" 403 1165
103.81.194.69 - - [26/Oct/2023:01:42:09 -0500] "GET /phpMyAdmin-5.1.3/index.php?lang=en HTTP/1.1" 403 1165
103.81.194.69 - - [26/Oct/2023:01:42:09 -0500] "GET /program/index.php?lang=en HTTP/1.1" 404 1018
103.81.194.69 - - [26/Oct/2023:01:42:10 -0500] "GET /mysqladmin/index.php?lang=en HTTP/1.1" 404 1018
103.81.194.69 - - [26/Oct/2023:01:42:10 -0500] "GET /sql/php-myadmin/index.php?lang=en HTTP/1.1" 404 1018
103.81.194.69 - - [26/Oct/2023:01:42:10 -0500] "GET /phpMyAdmin5.1/index.php?lang=en HTTP/1.1" 403 1165
103.81.194.69 - - [26/Oct/2023:01:42:11 -0500] "GET /phpMyAdmin4/index.php?lang=en HTTP/1.1" 403 1165
103.81.194.69 - - [26/Oct/2023:01:42:11 -0500] "GET /db/phpMyAdmin-5/index.php?lang=en HTTP/1.1" 404 1018
103.81.194.69 - - [26/Oct/2023:01:42:11 -0500] "GET /phpmyadmin2/index.php?lang=en HTTP/1.1" 403 1165
103.81.194.69 - - [26/Oct/2023:01:42:12 -0500] "GET /sql/sql-admin/index.php?lang=en HTTP/1.1" 404 1018
103.81.194.69 - - [26/Oct/2023:01:42:12 -0500] "GET /php-my-admin/index.php?lang=en HTTP/1.1" 404 1018
103.81.194.69 - - [26/Oct/2023:01:42:12 -0500] "GET /mysql/sqlmanager/index.php?lang=en HTTP/1.1" 404 1018
103.81.194.69 - - [26/Oct/2023:01:42:13 -0500] "GET /shopdb/index.php?lang=en HTTP/1.1" 404 1018
103.81.194.69 - - [26/Oct/2023:01:42:13 -0500] "GET /phpMyAdmin5.2/index.php?lang=en HTTP/1.1" 403 1165
103.81.194.69 - - [26/Oct/2023:01:42:13 -0500] "GET /index.php?lang=en HTTP/1.1" 404 1018
103.81.194.69 - - [26/Oct/2023:01:42:14 -0500] "GET /mysql/pMA/index.php?lang=en HTTP/1.1" 404 1018
103.81.194.69 - - [26/Oct/2023:01:42:14 -0500] "GET /mysql/admin/index.php?lang=en HTTP/1.1" 404 1018
103.81.194.69 - - [26/Oct/2023:01:42:14 -0500] "GET /MyAdmin/index.php?lang=en HTTP/1.1" 404 1018
103.81.194.69 - - [26/Oct/2023:01:42:15 -0500] "GET /sql/websql/index.php?lang=en HTTP/1.1" 404 1018
103.81.194.69 - - [26/Oct/2023:01:42:15 -0500] "GET /administrator/phpmyadmin/index.php?lang=en HTTP/1.1" 404 1018
103.81.194.69 - - [26/Oct/2023:01:42:15 -0500] "GET /php-myadmin/index.php?lang=en HTTP/1.1" 404 1018
103.81.194.69 - - [26/Oct/2023:01:42:15 -0500] "GET /phpmyadmin2011/index.php?lang=en HTTP/1.1" 403 1165
103.81.194.69 - - [26/Oct/2023:01:42:16 -0500] "GET /db/phpMyAdmin-3/index.php?lang=en HTTP/1.1" 404 1018
103.81.194.69 - - [26/Oct/2023:01:42:16 -0500] "GET /db/db-admin/index.php?lang=en HTTP/1.1" 404 1018
103.81.194.69 - - [26/Oct/2023:01:42:16 -0500] "GET /phpMyAdmin-5.3.0-all-languages/index.php?lang=en HTTP/1.1" 403 1165
103.81.194.69 - - [26/Oct/2023:01:42:17 -0500] "GET /phpmyadmin2022/index.php?lang=en HTTP/1.1" 403 1165
103.81.194.69 - - [26/Oct/2023:01:42:17 -0500] "GET /admin/sysadmin/index.php?lang=en HTTP/1.1" 404 1018
103.81.194.69 - - [26/Oct/2023:01:42:17 -0500] "GET /phpmyadmin3/index.php?lang=en HTTP/1.1" 403 1165
103.81.194.69 - - [26/Oct/2023:01:42:18 -0500] "GET /phpMyAdmin5/index.php?lang=en HTTP/1.1" 403 1165
103.81.194.69 - - [26/Oct/2023:01:42:18 -0500] "GET /mysql/index.php?lang=en HTTP/1.1" 404 1018
103.81.194.69 - - [26/Oct/2023:01:42:18 -0500] "GET /phpmyadmin2018/index.php?lang=en HTTP/1.1" 403 1165
103.81.194.69 - - [26/Oct/2023:01:42:19 -0500] "GET /mysql/mysqlmanager/index.php?lang=en HTTP/1.1" 404 1018
103.81.194.69 - - [26/Oct/2023:01:42:19 -0500] "GET /phpMyAdmin-5.2.0/index.php?lang=en HTTP/1.1" 403 1165
103.81.194.69 - - [26/Oct/2023:01:42:19 -0500] "GET /administrator/web/index.php?lang=en HTTP/1.1" 404 1018
103.81.194.69 - - [26/Oct/2023:01:42:20 -0500] "GET /_phpmyadmin/index.php?lang=en HTTP/1.1" 404 1018
103.81.194.69 - - [26/Oct/2023:01:42:20 -0500] "GET /sql/phpmyadmin5/index.php?lang=en HTTP/1.1" 404 1018
103.81.194.69 - - [26/Oct/2023:01:42:20 -0500] "GET /phpMyadmin/index.php?lang=en HTTP/1.1" 403 1165
103.81.194.69 - - [26/Oct/2023:01:42:21 -0500] "GET /wpma5.2/index.php?lang=en HTTP/1.1" 404 1018
103.81.194.69 - - [26/Oct/2023:01:42:21 -0500] "GET /db/index.php?lang=en HTTP/1.1" 404 1018
103.81.194.69 - - [26/Oct/2023:01:42:21 -0500] "GET /db/phpMyAdmin3/index.php?lang=en HTTP/1.1" 404 1018
103.81.194.69 - - [26/Oct/2023:01:42:22 -0500] "GET /mysqlmanager/index.php?lang=en HTTP/1.1" 404 1018
103.81.194.69 - - [26/Oct/2023:01:42:22 -0500] "GET /phpMyAdmin-5/index.php?lang=en HTTP/1.1" 403 1165
103.81.194.69 - - [26/Oct/2023:01:42:22 -0500] "GET /phpMyAdmin-5.2.0-all-languages/index.php?lang=en HTTP/1.1" 403 1165
103.81.194.69 - - [26/Oct/2023:01:42:23 -0500] "GET /admin/web/index.php?lang=en HTTP/1.1" 404 1018
103.81.194.69 - - [26/Oct/2023:01:42:23 -0500] "GET /phpMyAdmin-5.1.1/index.php?lang=en HTTP/1.1" 403 1165
103.81.194.69 - - [26/Oct/2023:01:42:23 -0500] "GET /phpMyAdmin-latest-all-languages/index.php?lang=en HTTP/1.1" 403 1165
103.81.194.69 - - [26/Oct/2023:01:42:24 -0500] "GET /sql/phpmyadmin4/index.php?lang=en HTTP/1.1" 404 1018
103.81.194.69 - - [26/Oct/2023:01:42:24 -0500] "GET /db/phpMyAdmin/index.php?lang=en HTTP/1.1" 404 1018
103.81.194.69 - - [26/Oct/2023:01:42:24 -0500] "GET /db/phpMyAdmin-4/index.php?lang=en HTTP/1.1" 404 1018
103.81.194.69 - - [26/Oct/2023:01:42:25 -0500] "GET /sqlmanager/index.php?lang=en HTTP/1.1" 404 1018
103.81.194.69 - - [26/Oct/2023:01:42:25 -0500] "GET /admin/phpMyAdmin/index.php?lang=en HTTP/1.1" 404 1018
103.81.194.69 - - [26/Oct/2023:01:42:25 -0500] "GET /sql/sql/index.php?lang=en HTTP/1.1" 404 1018
103.81.194.69 - - [26/Oct/2023:01:42:26 -0500] "GET /phpMyAdmin-3/index.php?lang=en HTTP/1.1" 403 1165
103.81.194.69 - - [26/Oct/2023:01:42:27 -0500] "GET /admin/pma/index.php?lang=en HTTP/1.1" 404 1018
103.81.194.69 - - [26/Oct/2023:01:42:27 -0500] "GET /myadmin/index.php?lang=en HTTP/1.1" 404 1018
103.81.194.69 - - [26/Oct/2023:01:42:27 -0500] "GET /phpMyAdmin-5.3.0/index.php?lang=en HTTP/1.1" 403 1165
103.81.194.69 - - [26/Oct/2023:01:42:28 -0500] "GET /db/dbadmin/index.php?lang=en HTTP/1.1" 404 1018
172.22.2.4 - - [26/Oct/2023:01:40:48 -0500] "GET /BLA/boletinlegal/ HTTP/1.1" 200 41199
103.81.194.69 - - [26/Oct/2023:01:42:28 -0500] "GET /db/webadmin/index.php?lang=en HTTP/1.1" 404 1018
103.81.194.69 - - [26/Oct/2023:01:42:28 -0500] "GET /db/phpmyadmin4/index.php?lang=en HTTP/1.1" 404 1018
103.81.194.69 - - [26/Oct/2023:01:42:29 -0500] "GET /phpMyAdmin_/index.php?lang=en HTTP/1.1" 403 1165
103.81.194.69 - - [26/Oct/2023:01:42:29 -0500] "GET /db/phpmyadmin/index.php?lang=en HTTP/1.1" 404 1018
103.81.194.69 - - [26/Oct/2023:01:42:29 -0500] "GET /phpMyAdmin1/index.php?lang=en HTTP/1.1" 403 1165
103.81.194.69 - - [26/Oct/2023:01:42:30 -0500] "GET /mysql/dbadmin/index.php?lang=en HTTP/1.1" 404 1018
103.81.194.69 - - [26/Oct/2023:01:42:30 -0500] "GET /sql/phpMyAdmin2/index.php?lang=en HTTP/1.1" 404 1018
103.81.194.69 - - [26/Oct/2023:01:42:30 -0500] "GET /sql/phpMyAdmin/index.php?lang=en HTTP/1.1" 404 1018
172.22.2.4 - - [26/Oct/2023:01:40:50 -0500] "GET /BLA/boletinlegal/index.php HTTP/1.1" 200 41199
103.81.194.69 - - [26/Oct/2023:01:42:31 -0500] "GET /sql/phpmyadmin3/index.php?lang=en HTTP/1.1" 404 1018
103.81.194.69 - - [26/Oct/2023:01:42:31 -0500] "GET /phpMyAdmin-latest-english/index.php?lang=en HTTP/1.1" 403 1165
103.81.194.69 - - [26/Oct/2023:01:42:32 -0500] "GET /PMA/index.php?lang=en HTTP/1.1" 404 1018
103.81.194.69 - - [26/Oct/2023:01:42:32 -0500] "GET /phpMyAdmin-4.9.10-all-languages/index.php?lang=en HTTP/1.1" 403 1165
103.81.194.69 - - [26/Oct/2023:01:42:33 -0500] "GET /phpmy/index.php?lang=en HTTP/1.1" 404 1018
103.81.194.69 - - [26/Oct/2023:01:42:33 -0500] "GET /db/myadmin/index.php?lang=en HTTP/1.1" 404 1018
103.81.194.69 - - [26/Oct/2023:01:42:33 -0500] "GET /admin/phpmyadmin/index.php?lang=en HTTP/1.1" 404 1018
103.81.194.69 - - [26/Oct/2023:01:42:34 -0500] "GET /mysql-admin/index.php?lang=en HTTP/1.1" 404 1018
216.245.221.92 - - [26/Oct/2023:01:42:34 -0500] "HEAD / HTTP/1.1" 200 -
103.81.194.69 - - [26/Oct/2023:01:42:34 -0500] "GET /phpmyadmin2012/index.php?lang=en HTTP/1.1" 403 1165
103.81.194.69 - - [26/Oct/2023:01:42:34 -0500] "GET /phpmyadmin2020/index.php?lang=en HTTP/1.1" 403 1165
103.81.194.69 - - [26/Oct/2023:01:42:35 -0500] "GET /admin/index.php?lang=en HTTP/1.1" 404 1018
103.81.194.69 - - [26/Oct/2023:01:42:35 -0500] "GET /pma/index.php?lang=en HTTP/1.1" 404 1018
103.81.194.69 - - [26/Oct/2023:01:42:35 -0500] "GET /phpMyAdmin-5.1.0/index.php?lang=en HTTP/1.1" 403 1165
103.81.194.69 - - [26/Oct/2023:01:42:36 -0500] "GET /__phpmyadmin/index.php?lang=en HTTP/1.1" 404 1018
103.81.194.69 - - [26/Oct/2023:01:42:36 -0500] "GET /sql/webdb/index.php?lang=en HTTP/1.1" 404 1018
103.81.194.69 - - [26/Oct/2023:01:42:36 -0500] "GET /db/dbweb/index.php?lang=en HTTP/1.1" 404 1018
103.81.194.69 - - [26/Oct/2023:01:42:37 -0500] "GET /sql/myadmin/index.php?lang=en HTTP/1.1" 404 1018
103.81.194.69 - - [26/Oct/2023:01:42:37 -0500] "GET /administrator/pma/index.php?lang=en HTTP/1.1" 404 1018
103.81.194.69 - - [26/Oct/2023:01:42:37 -0500] "GET /phpmyadmin1/index.php?lang=en HTTP/1.1" 403 1165
103.81.194.69 - - [26/Oct/2023:01:42:38 -0500] "GET /db/webdb/index.php?lang=en HTTP/1.1" 404 1018
103.81.194.69 - - [26/Oct/2023:01:42:38 -0500] "GET /sql/sqlweb/index.php?lang=en HTTP/1.1" 404 1018
103.81.194.69 - - [26/Oct/2023:01:42:39 -0500] "GET /administrator/db/index.php?lang=en HTTP/1.1" 404 1018
103.81.194.69 - - [26/Oct/2023:01:42:39 -0500] "GET /db/phpmyadmin5/index.php?lang=en HTTP/1.1" 404 1018
186.102.57.111 - - [26/Oct/2023:01:42:39 -0500] "GET /kwssiamovil/sm/acme/a?s=U2FsdGVkX1+vEFOFELNlTaFufmHypr1gfpsjVpo5NRyRY7W3lxBl9R28BOXQHOCojfSufOV0Po2q+nOYzH2xamwBD6JjBKZk2t7+4EWp8GkXkZOAU6lHnkTABekq/Y8qGVgixQOnBiD38p/PfP7e1XOPaD5b2rpZHcnp3nQsE63adsxaeFx6Zvuwnlih1Vz1LxJiHDX6iVmpv1oXaLS91GQkCJvDcPcxUlY/fwcQA3l+2IYXT+MJndNn0vvHoFZZCqUxLrO9i7ZI696Ofx6ZXg==&u=U2FsdGVkX1+9aVUElcxEt7cSvB4bWErbMG3qZZvTAyM=&y=U2FsdGVkX1/rlDtUZP64BR9I58OXTGxlrQNxfsHning= HTTP/1.1" 200 26
103.81.194.69 - - [26/Oct/2023:01:42:40 -0500] "GET /2phpmyadmin/index.php?lang=en HTTP/1.1" 404 1018
186.102.57.111 - - [26/Oct/2023:01:42:40 -0500] "GET /kwssiamovil/sm/acme/a?s=U2FsdGVkX198mRpXyIJcuCerSbgdEze+vzq/KhT+uFI/ejHqPIwr2dMfyrzQCUY0go3sCfoNkAxM6zlyROxgpUyaXWotgKJjcYb7JiBoD7Pky8uyMVCkD00WcEQsEgIaPiDTXEVxwrjPZ1ZICtqC7wk2RrOdVZRtRF8Ws74/3rTBk0XPfOKV7QBVsPe1rjUzs+jkM+NpUTdPMj3gaJLYBYPQjg+V1xh4IvQ4sl1pnONqqr4Cte7tpkCQGIhfnobDlWnvmbpUyJFh8gdZIqQeZ/sVVALdjWoEuuXPYiIJWZdPaC2257EID4IHs8iHslx3IWAlB9qX7N+HcjPvfiv6JB6rpRR5kcXiNdfNVUAW/DBFZsLhdY3ers2r8+a1zC57/VYclFk4I2CTA05DxlB/vvxZ7p/NKljAJW5DJFQh6kgk8tcF7e5fM3p/3jjcn/SVi9KVuHQHvDALxDnwWpQBPyQ1WfO2rMAvPJbvweahNMsoICVshaGhFvHlW31gq2AqANxoiC6FEaUegbfQVIeatxgP9U4k8MLuxlRkirCKLkq0dh03yNb31u2ihQtx0hU2+WuF7FA066HSfRsqdCbwr0lGMvO80VOg3T1ctKDeCkDCialXWSzubXjH2w+1HTxAr1+vWDPwabvyGKDtyLdzJ6+UOu2pRF8J/aQltYCbl9UuvSFun5168u/s6NlaJAYQhRW48lxJi6I0qxhjuhnjUt9s30yComCBv8HcBTZHRm5yBXHA3H8C2dCfkvdIitJgDZsIYbpOYdZWnPHBgILZrqeqsBEkq4pENEkYU0kwxVlDCm+EwNzX7APfqWgWMXzI9eoNZQcf8wAEXOvUUjs6A8eRTXHDFptrIZgthCD83ACRJToSTNGCv3MVHW6FxEnVK74ZiXwuEBs9E4HFf35kGIsah+B3Q/MQrNBrxhogLqRY5E6v+oQPEubGpAv6JsKjU8QIYAZOYhgtRt0MwBUkgwS6nPVzmJJtHzDmEnMwRQajZyVPxdrRueHAS2f9r3UtvhSoZ8+fZ25bIU9IaI/ycnDAUlHprEM2neqGZrTnUxFCKi/Oa66GTHU8pBtV+LK01LsJ4yG5SAlpfDEJwX5r+CeEkgYDpQFwK0CQKMbH5m2mBuDw6z/Na1X90dQhg791ljMQw8I2WAl03riJ2tfzIoBt1SKfmp7Q8K4lbvgIXMfFf4q74d7W4kpETcYoCRrclRY2Kp9ChCp275Glw8Q5fG2PwX3xpotbLzhZK3/o40Zijt5T/OSI9Oizuk8C/XzdAb59WXaeriBtW/HPs25+JnbLs3j9P+UjEeU5AYT8HyWBamepEsuaHrpz5vVADIWLNDJnXFyeldmotq6aEZ6mous9znFTjF0MrX9XQ8MbHeOMtcLFIisNmoGXeXl3BCWrmYQbuo43+r5iPJ5zAdUcXrtKMwZxzUcEc3DzGYi6uQ6QEOXrllsH60vob+rFHnnkwo8cWgUE6gB0dOjUtEt2t2rMRQFzufQwYFYkruV3x5e0BS1m5RdUPuecIt9Pvu1hxtUMShFlw89zYlQLvOG2xn1tkqNxly0BN1/rliGTCl7Lm/XIWN4RRnVHzwP3x/vDb8fpCvEPKzRpLR0jZvoB02pZWbNqXvC+ahE3B6+8Y/G4JKX7A+TLZwX0h8vFF04+z6VriGg3oJGmEOdbUUE6AN2XJmNY/bQvQAvDo902XMZb7MAt90K7tGLY7MIErhDSnOWQcYXaG/3HEbml/IBlkT5jfm/dB/zrlm76Bdss9VZUn1bdq/elaZfXgZMpeMO8/saVOnXLhK/JnfWUZRFZzj9MInVQyaZjvMUJzn/nSWIPPBlOVgNYvZTo0/IciSyRdCNccS4bL8zbzXcggGSAo51uV/roWIVKwKuWdIpfzKyWzGKqJk9kB059hl0FrFQtkk41FGZ9iGnCVvUcojvSEGuWkPmQg0tO6ryokemWAq6duKQVoTNBtEEg/bJRJUz4SUagRDQSjOmzJ7n+UDobNXkX5vb+MPuu28IB1TjhLxrczVR2QfXgJVdaRDsOz6E79fnuV0eFsarL8orKzTQ2Pi8ilpbp+nan2TSIJjPhetE8rfYRQu7gaEVwybM/Cs6sica6GjZF26XvNIjfxhYJatz+E0UB4lx1vsRr+E1W6HIz3QPmeL4AnvpBbhSzliRQggL6CdNJdnA8KwXw2bpp2+i9bz621eSmNoZAPhWSbagtMEtJEeAwyA+9lvhJa0/XaooBXJOh/ftmmwk4pkBt9w1nrEgD5Wv36ScxI+oxolUpQOHFhLYIIO5CtT2ikNykDBOeX4tNUptJz6YUq1GOzFMXzcj2epRaW//4BNc2ktGdgpICvjA6W16y8uHcjxWmKCTZXq0e+vPRmK/JjKnE3EyO6gBkeZnJdggjY0u39GLnV/h6EpUMgrcD2gcF/zv1OmDD4MT8h54kkCStaj3hlRq0WvgzcDCijKaooumf+OcZZ0lMxmDk9O9XNCB39028PfKTmGzOJxvfbVMWZJcMjTzMQPvna09N/vm5EeXsY3ILpbQqn+7G6Z9P6drjHnypkLB/JLTFj10np6RXNuCYr6uwUIFyZ+xmYXmY111vrjwhqz+/+DVU/P5Hd6SNl45YArwn8fqRn9ABlqOEjFd1Fw+eHr2AzX80LjA/kt3xp7L20P1JwqvaOU04eLQwThSnaEqbhGROBvxDXM++DUsWg3pJg7sg46ebHO+oMtQ07kb6qy5tV6O0Ln9dRC7d+nhva8U7h/yFGaPvoHblFd7am+ejB2IJJWlMeZR7GQqO0leBD2lWz6Bk4uE4lzYCjqR7HMk12Y+w5ESdSv4z9T2rmxX699xlG2p1+e0HsQvVewwtoR2ptZuUguxNxXkfVc/IVdX42oBUb/gvI1UxCeh+E6WAnwAnFKQOhDFcC6RBKISB6F51n4imNzMJdxgEnaHrdpymM63aR2xBg1bp5sh9m6Xun6o5HHVGUD4krJUtDFmoSdo7DI4ZKannZA1ZlJr8jC+0/bcHR68r3VZ02p3NJh0FZoJ6y+A3tVr94Vsq9HcKwPH9JVKoTE5ILrNycVyplXDWYaUZsQSrQ1l2VL7Xr+2QNSS0Zc02/4j1HUM6wMjZMaKxGMPGjKJLAO2Vzfk8SLeVaWafFlkI2CyTi3r26uuNMBoGB+vEbdiyhGX8xZsCx5tT7chTpENuKNYHzHRmX9aYXst4jtQc22lb/oA4sb0MiuAnWc8Onlbw+FuJwjhAb4aKUownFEhv8pbDYZLd&u=U2FsdGVkX1+9aVUElcxEt7cSvB4bWErbMG3qZZvTAyM=&y=U2FsdGVkX1/rlDtUZP64BR9I58OXTGxlrQNxfsHning= HTTP/1.1" 200 26
103.81.194.69 - - [26/Oct/2023:01:42:40 -0500] "GET /sql/webadmin/index.php?lang=en HTTP/1.1" 404 1018
186.102.57.111 - - [26/Oct/2023:01:42:40 -0500] "GET /kwssiamovil/sm/acme/a?s=U2FsdGVkX19MRVcXTjsELXVtdF20Pt/7L15t0k6j0OsMX/UXc4O6VAOr5u1IP3DWDPz7pUOQis+pCTKBhT9MoV+ys5aj2x6A/tm8iMNagB0qB0J5lZ/ZuLIswl1kS14XDkiujvAMWSUHCv4lB9HSnGFUwqQx/Oxt5hOSSoyOm3w=&u=U2FsdGVkX1+9aVUElcxEt7cSvB4bWErbMG3qZZvTAyM=&y=U2FsdGVkX1/rlDtUZP64BR9I58OXTGxlrQNxfsHning= HTTP/1.1" 200 26
103.81.194.69 - - [26/Oct/2023:01:42:40 -0500] "GET /sql/phpmanager/index.php?lang=en HTTP/1.1" 404 1018
186.102.57.111 - - [26/Oct/2023:01:42:40 -0500] "GET /kwssiamovil/sm/acme/a?s=U2FsdGVkX196nI14oMd/NAb+L5eFjdafd6yR/p8K4smcra3XpMvsbCtklQErDlU1F1oYeyeD5zB+Kc4xYFY55PGvw6fr5FbfhzIHIZX6Pre5mhjMS4uZAtcTE4MzwQwqX/bhGKgcAGgQpHIuOvUkNuzQw5Ss3RhZLC2nMGqMiD4=&u=U2FsdGVkX1+9aVUElcxEt7cSvB4bWErbMG3qZZvTAyM=&y=U2FsdGVkX1/rlDtUZP64BR9I58OXTGxlrQNxfsHning= HTTP/1.1" 200 26
186.102.57.111 - - [26/Oct/2023:01:42:41 -0500] "GET /kwssiamovil/sm/acme/a?s=U2FsdGVkX18zKO6tpWnttsROKWfev4H88EHRjB4FXEIFRtfRpWGmd6Tl7oIwugqeC6e/4W/O/ObyW8GserWHdPDKr4GVZjSwygk4hLEu4WyxCp++ifeHt+cRTsTOiOwv1EsFTRrhTsMaEOWmgsaVXLOdkfAo6kZvVab3/NugQNU=&u=U2FsdGVkX1+9aVUElcxEt7cSvB4bWErbMG3qZZvTAyM=&y=U2FsdGVkX1/rlDtUZP64BR9I58OXTGxlrQNxfsHning= HTTP/1.1" 200 26
103.81.194.69 - - [26/Oct/2023:01:42:41 -0500] "GET /phpmyadmin2013/index.php?lang=en HTTP/1.1" 403 1165
186.102.57.111 - - [26/Oct/2023:01:42:41 -0500] "GET /kwssiamovil/sm/acme/a?s=U2FsdGVkX1/auLQTSfIbCQkXREohTwEoWqJtsxaFfonk2jwmcn33OXXRYSUjgQZKKRvn5N0zZodv831ndaFiDh7qV7u+mbL2iVSDp9qsBMly1xo2qP/9SC0OCga2z7FmzXE8AkIehRRrV2NIYSbu3LLGt+KfGSJ3HjzK6xl5dD4AQJl100jBaosG8cqapMLR&u=U2FsdGVkX1+9aVUElcxEt7cSvB4bWErbMG3qZZvTAyM=&y=U2FsdGVkX1/rlDtUZP64BR9I58OXTGxlrQNxfsHning= HTTP/1.1" 200 26
103.81.194.69 - - [26/Oct/2023:01:42:41 -0500] "GET /phpMyAdmin3/index.php?lang=en HTTP/1.1" 403 1165
103.81.194.69 - - [26/Oct/2023:01:42:41 -0500] "GET /phpMyAdmin2/index.php?lang=en HTTP/1.1" 403 1165
103.81.194.69 - - [26/Oct/2023:01:42:42 -0500] "GET /phpmyadmin/index.php?lang=en HTTP/1.1" 403 1165
103.81.194.69 - - [26/Oct/2023:01:42:42 -0500] "GET /1phpmyadmin/index.php?lang=en HTTP/1.1" 404 1018
103.81.194.69 - - [26/Oct/2023:01:42:42 -0500] "GET /phpmyadmin2016/index.php?lang=en HTTP/1.1" 403 1165
103.81.194.69 - - [26/Oct/2023:01:42:43 -0500] "GET /administrator/admin/index.php?lang=en HTTP/1.1" 404 1018
103.81.194.69 - - [26/Oct/2023:01:42:43 -0500] "GET /_phpMyAdmin/index.php?lang=en HTTP/1.1" 404 1018
103.81.194.69 - - [26/Oct/2023:01:42:43 -0500] "GET /mysql/web/index.php?lang=en HTTP/1.1" 404 1018
103.81.194.69 - - [26/Oct/2023:01:42:44 -0500] "GET /sql/phpmy-admin/index.php?lang=en HTTP/1.1" 404 1018
103.81.194.69 - - [26/Oct/2023:01:42:44 -0500] "GET /phpmyadmin4/index.php?lang=en HTTP/1.1" 403 1165
103.81.194.69 - - [26/Oct/2023:01:42:44 -0500] "GET /admin/db/index.php?lang=en HTTP/1.1" 404 1018
103.81.194.69 - - [26/Oct/2023:01:42:44 -0500] "GET /phpMyAdmin-5.1.2/index.php?lang=en HTTP/1.1" 403 1165
201.245.192.253 - - [26/Oct/2023:01:43:33 -0500] "POST /kwsrmcab/Wsrmcab  HTTP/1.1" 200 40804
201.245.192.253 - - [26/Oct/2023:01:43:47 -0500] "POST /forms/lservlet;jsessionid=ac16012b30d6e26c36199258461fa0ccaf85fa5851b9.e3iSbxaKaheRe34QaNmQchmQahz0n6jAmljGr5XDqQLvpAe HTTP/1.1" 200 2
201.245.192.253 - - [26/Oct/2023:01:43:52 -0500] "POST /forms/lservlet;jsessionid=ac16012b30d64ad3c36ad5324aa8badfd892d397eeb0.e3iSbxaKaheRe34QaNmQchmQahz0n6jAmljGr5XDqQLvpAe HTTP/1.1" 200 2
66.249.66.37 - - [26/Oct/2023:01:44:59 -0500] "GET /dia-mundial-de-los-humedales-mas-de-60-aves-alzaron-vuelo-en-el-humedal-el-tunjo.html HTTP/1.1" 304 -
52.167.144.22 - - [26/Oct/2023:01:45:45 -0500] "GET /BLA/resoluciones/AUTOS%202023/4923.pdf HTTP/1.1" 200 362025
201.245.192.253 - - [26/Oct/2023:01:46:00 -0500] "POST /forms/lservlet;jsessionid=ac16012b30d6e26c36199258461fa0ccaf85fa5851b9.e3iSbxaKaheRe34QaNmQchmQahz0n6jAmljGr5XDqQLvpAe HTTP/1.1" 200 2
201.245.192.253 - - [26/Oct/2023:01:46:04 -0500] "POST /forms/lservlet;jsessionid=ac16012b30d64ad3c36ad5324aa8badfd892d397eeb0.e3iSbxaKaheRe34QaNmQchmQahz0n6jAmljGr5XDqQLvpAe HTTP/1.1" 200 2
172.22.2.4 - - [26/Oct/2023:01:45:47 -0500] "HEAD /BLA/boletinlegal/ HTTP/1.1" 200 -
216.245.221.92 - - [26/Oct/2023:01:47:34 -0500] "HEAD / HTTP/1.1" 200 -
201.245.192.253 - - [26/Oct/2023:01:48:02 -0500] "POST /forms/lservlet;jsessionid=ac16012b30d6e26c36199258461fa0ccaf85fa5851b9.e3iSbxaKaheRe34QaNmQchmQahz0n6jAmljGr5XDqQLvpAe HTTP/1.1" 200 2
201.245.192.253 - - [26/Oct/2023:01:48:06 -0500] "POST /forms/lservlet;jsessionid=ac16012b30d64ad3c36ad5324aa8badfd892d397eeb0.e3iSbxaKaheRe34QaNmQchmQahz0n6jAmljGr5XDqQLvpAe HTTP/1.1" 200 2
172.22.2.4 - - [26/Oct/2023:01:46:38 -0500] "GET /BLA/boletinlegal/ HTTP/1.1" 200 60331
201.245.192.253 - - [26/Oct/2023:01:48:32 -0500] "POST /kwsrmcab/Wsrmcab  HTTP/1.1" 200 40804
201.245.192.253 - - [26/Oct/2023:01:50:02 -0500] "POST /forms/lservlet;jsessionid=ac16012b30d6e26c36199258461fa0ccaf85fa5851b9.e3iSbxaKaheRe34QaNmQchmQahz0n6jAmljGr5XDqQLvpAe HTTP/1.1" 200 2
201.245.192.253 - - [26/Oct/2023:01:50:06 -0500] "POST /forms/lservlet;jsessionid=ac16012b30d64ad3c36ad5324aa8badfd892d397eeb0.e3iSbxaKaheRe34QaNmQchmQahz0n6jAmljGr5XDqQLvpAe HTTP/1.1" 200 2
40.77.167.23 - - [26/Oct/2023:01:51:34 -0500] "GET /BLA/resoluciones/AUTOS%202023/4652.pdf HTTP/1.1" 200 2101990
40.77.167.23 - - [26/Oct/2023:01:51:35 -0500] "GET /BLA/resoluciones/AUTOS%202023/4054.pdf HTTP/1.1" 200 2577859
66.249.66.20 - - [26/Oct/2023:01:51:45 -0500] "GET /BLA/resoluciones/RESOLUCIONES%202010/6625.pdf HTTP/1.1" 304 -
201.245.192.253 - - [26/Oct/2023:01:52:12 -0500] "POST /forms/lservlet;jsessionid=ac16012b30d6e26c36199258461fa0ccaf85fa5851b9.e3iSbxaKaheRe34QaNmQchmQahz0n6jAmljGr5XDqQLvpAe HTTP/1.1" 200 2
201.245.192.253 - - [26/Oct/2023:01:52:16 -0500] "POST /forms/lservlet;jsessionid=ac16012b30d64ad3c36ad5324aa8badfd892d397eeb0.e3iSbxaKaheRe34QaNmQchmQahz0n6jAmljGr5XDqQLvpAe HTTP/1.1" 200 2
216.245.221.92 - - [26/Oct/2023:01:52:34 -0500] "HEAD / HTTP/1.1" 200 -
52.167.144.22 - - [26/Oct/2023:01:53:13 -0500] "GET /catalogoisis/ HTTP/1.1" 200 8575
172.22.2.4 - - [26/Oct/2023:01:51:37 -0500] "HEAD /BLA/boletinlegal/ HTTP/1.1" 200 -
201.245.192.253 - - [26/Oct/2023:01:53:31 -0500] "POST /kwsrmcab/Wsrmcab  HTTP/1.1" 200 40804
40.77.167.23 - - [26/Oct/2023:01:53:42 -0500] "GET /catalogoisis/Js/CriterioCombinada.js HTTP/1.1" 200 1843
40.77.167.23 - - [26/Oct/2023:01:53:42 -0500] "GET /catalogoisis/Js/Enter.js HTTP/1.1" 200 1208
40.77.167.23 - - [26/Oct/2023:01:53:43 -0500] "GET /catalogoisis/Js/Remote.js HTTP/1.1" 200 436
40.77.167.23 - - [26/Oct/2023:01:53:43 -0500] "GET /catalogoisis/Js/Numero.js HTTP/1.1" 200 398
40.77.167.23 - - [26/Oct/2023:01:53:47 -0500] "GET /catalogoisis/Css/Busqueda.css HTTP/1.1" 200 1995
40.77.167.23 - - [26/Oct/2023:01:53:47 -0500] "GET /catalogoisis/Js/Cookies.js HTTP/1.1" 200 1369
40.77.167.23 - - [26/Oct/2023:01:53:47 -0500] "GET /catalogoisis/Js/Go.js HTTP/1.1" 200 364
40.77.167.71 - - [26/Oct/2023:01:53:51 -0500] "GET /catalogoisis/Js/AceptarLimpiar.js HTTP/1.1" 200 331
40.77.167.71 - - [26/Oct/2023:01:53:52 -0500] "GET /catalogoisis/Js/LimpiarCombinada.js HTTP/1.1" 200 207
172.22.2.4 - - [26/Oct/2023:01:52:28 -0500] "GET /BLA/boletinlegal/ HTTP/1.1" 200 56310
172.22.2.4 - - [26/Oct/2023:01:54:47 -0500] "GET /BLA/boletinlegal/favicon.ico HTTP/1.1" 404 1018
172.22.2.4 - - [26/Oct/2023:01:54:28 -0500] "GET /BLA/boletinlegal/ HTTP/1.1" 200 24523
172.22.2.4 - - [26/Oct/2023:01:54:37 -0500] "GET /BLA/boletinlegal/ HTTP/1.1" 200 32715
216.245.221.92 - - [26/Oct/2023:01:57:34 -0500] "HEAD / HTTP/1.1" 200 -
102.217.122.98 - - [26/Oct/2023:01:58:24 -0500] "GET / HTTP/1.1" 200 319
201.245.192.253 - - [26/Oct/2023:01:58:29 -0500] "POST /kwsrmcab/Wsrmcab  HTTP/1.1" 200 40804
172.22.2.4 - - [26/Oct/2023:01:57:27 -0500] "HEAD /BLA/boletinlegal/ HTTP/1.1" 200 -
52.167.144.228 - - [26/Oct/2023:01:59:36 -0500] "GET /BLA/resoluciones/AUTOS%202023/5155.pdf HTTP/1.1" 200 945190
186.102.57.111 - - [26/Oct/2023:01:59:49 -0500] "GET /kwssiamovil/sm/acme/a?s=U2FsdGVkX1/H9GrLa35w4R0m/CCNTBEMuuH+9/UCvwxy5AKRp7qwt/X1dqfnWmSritarBCOH023gUKSkNIgo7ENCJjp7etEvLJ0N+bqN5E3YaruTV5HDGpNY8KdyLg2rqGUXT3boFIQRgaPrKZJMQPRLagnV6+FgDasUtyb4wFV6qSgaTGT6is2Fn72L4A4x961pJDNxZgnMOxcKn8pZc28jDoqq0VSbcXoAgL8cLHx9v6HTPyx2viSSYSMxWy64qhlP78Z0Rh3LORUJuITABQ==&u=U2FsdGVkX1+9aVUElcxEt7cSvB4bWErbMG3qZZvTAyM=&y=U2FsdGVkX1/rlDtUZP64BR9I58OXTGxlrQNxfsHning= HTTP/1.1" 200 26
186.102.57.111 - - [26/Oct/2023:01:59:49 -0500] "GET /kwssiamovil/sm/acme/a?s=U2FsdGVkX1+GCDEfJ9o8BwkX6zDj4wQOm++L/8ljKjxIHi3U7FJzPvGRCY9DV9fMCVAgWBo4ltC1MNca7M06VshKwGwj2RSpX/FcK3n8R/2W/Fi0yeJ2e/+Dmf3QQFTbaqlFZv9uyr4vjsV5G0yYnYJUmraPzTaEU8cOPuT+prCPtadTpk3pQQTfaUEGvTjmwd1DdjOwLdjZdgxPxLRVW69Np6KkvqdFUEGOT4xtnLKLx0pjVdEauTYlYB6oZe7OLblO/CMpXHn/oNCalKNCKUWoubdVGyceWIJdBLqTb+VV2gz6ueJtPp5eVUfAZhUSJeFPB+1Wr8IhesivWIw/5QNj93OfMkHJYCzXwNi9KWLh/I2iIgvcB4bDzz+iNLNchZ/Xh2VuL/LCkt62igY+ppnC0GNy85Id5hDTLlKiAYD8kNUdP1NYZUiajuj1inqQBaMmyKlIjNjh3/iiGhrN05o3X7oXgwhqfooDyZ0TAB0/RdKeXK7DOY8EX+Jm/aM+NLrfFoSl5a5xB9zDnUq8DC3/GYWYC6wBaHknKpRAYyuHGP6hAqsegFezq6IYQCpfZWjwmcJxtvlPNcRTFpbM9aE5xlMQiB92ru7A4QUyr0QuDqo01+6XFcxJzDSPeCmygQMK7NyPKAnzX2HMCXJfb9TvZllOwS26DI253gwZaY07aMudC4FEye7JVrjdMaZq6ebyxYjrabmUGFgWJkg2lKbvI5RQJpMydHTWNDsTRjGoe+r2M2caTSJ8J378H5fRyi/9aF5KxIB9ba58dTjV/jJJKotj2DTq43qmq6I0Au8SWSE2z0H6UMaoIEBX3cZj0W91q0pgmmtcGl67bQtbqw/MRIXgSrLcOfx+SFkc0pcAlaXroyqYQfcpl+s+fpAxSeOnMC57l/d8/g/pZsULLE9QyMFvvdaI/+FSUqRx3A+WDaW886omzp2msuvcwEWdMiJQ/P4yaq1SSV0kGY4qS1tmJv14d67K8uVK90XvdyNLrI4teQr526qg9CEIhP3zQn/DpfY1SI/j6NZjwIxacFVhQQN317VbXmsSOXrrwsTWCsMCmvVro08YpDzWJMbBQhytdXgLkCF2PIF4UtDwc8cnoLbO1cm3HH7o9qZZ9v6tNn5+HV7fR3AV0JVVMl9MfTj0e11eNXMgUnpwqBBp6zC7Jdy5Poay/1Mb1K2JZ1kMNENm5/Pm1z0b5SlKhfQ79GXuBW6DsouUvpMvU7ZEXkn0dB09tIESaKR4/7iwBY/CMswKZ/y31AkRKeMXlNitUgBEzCWLtzF/XJO86YS6LXNz0E6Wp7NR9tHWXc/rkDKSO6XNgKFF5Ahr0l2Ao0HkxSFP0JvnbjFEP6CCrgitGwyIVv+P2dtrpbRX+KthM0Zxk9k51HEbajpZoZC/04l5px8Zj7t5R3iESoXBAKgPKY+IslEqFnvtdI4Lc9UM8dDpOV6gUfRbcsH/dylE4flmzPb7HBWNJTiLoJOO6L/vr4Gp9TOfSBi/WBrnFg3V8xB2slbvXJY8sQLBoxxJ4/Bzr0K/ClI9uFlBXSDbr7sx98056IpOKySB8kj6KXYTMIdwHhtg8vucEGLTztmg7VRR+LjpI3G+QDbWRgGAJBCnw8SO305mpv5JJw6ry10LKMeuaytUA1KMSVNzYq0p5Z3P3LK6Rp/tUUt3pDYDdq/BCQhuDNUzlHcG69P+/hDLHwf61fLSmNeVHjCK44E8+R8O5zDJlZUJqhM/DTkqj7PF21uhy0VNDjHYfkrhL4ADP3AnoSoYdmkYz5Xj5BnisGAYmTRchEY/h9Zo9/GaCgzxaEupe8esnnC1Opj5n6XgOlAs89DMgBMv2HdRizdNExVq0eVKJQ7DJuc1g5CDB8VtZb+vwZwUDVsChwpx+VYshUYvJpFjNSyY4hiUGoVYoQGGFBQDmLjtjQ5xlHWZBiI5PBi61bbr5mEb+Jo3QKG7JzJ6YFgz/vyMv2sr/7CTRBD2&u=U2FsdGVkX1+9aVUElcxEt7cSvB4bWErbMG3qZZvTAyM=&y=U2FsdGVkX1/rlDtUZP64BR9I58OXTGxlrQNxfsHning= HTTP/1.1" 200 26
186.102.57.111 - - [26/Oct/2023:01:59:50 -0500] "GET /kwssiamovil/sm/acme/a?s=U2FsdGVkX19wCcRJQe/FpRCB//yW6QkLuZIeefNX4pNUyD9OlxsISkmBzdT0yIReS06Cf4yUUefqxd+5A2MY+CxXjvxpu/e6Gg7hdqY6ks08TE4liE8moAsnvyTUdYwR1F+DTXdA3WjF3ul4zLuA2JSpmYBUztw0TtyE0rCFVmQ=&u=U2FsdGVkX1+9aVUElcxEt7cSvB4bWErbMG3qZZvTAyM=&y=U2FsdGVkX1/rlDtUZP64BR9I58OXTGxlrQNxfsHning= HTTP/1.1" 200 26
186.102.57.111 - - [26/Oct/2023:01:59:50 -0500] "GET /kwssiamovil/sm/acme/a?s=U2FsdGVkX1//3xnCskE3HH8fb0YCbUIsdwJotqclKoff4DupzhBmQNRtfr+EyRexYu5EIzqFJeCmv6Q4GDulXLzXOq005sNJfGveeVhmiUiHRwVAgz0fz7m2BSRXmZwFHDNgb67Cc9e28+5avGvYbwfdYLn+ZMgO+lmrQj7VVXM=&u=U2FsdGVkX1+9aVUElcxEt7cSvB4bWErbMG3qZZvTAyM=&y=U2FsdGVkX1/rlDtUZP64BR9I58OXTGxlrQNxfsHning= HTTP/1.1" 200 26
186.102.57.111 - - [26/Oct/2023:01:59:50 -0500] "GET /kwssiamovil/sm/acme/a?s=U2FsdGVkX1+VnIitzmU+K69n3StOw9jGe+7ACgTFDoc2GLIefbQptqepEU55fuIAJL3Mctkfu9+dIT1r0h57KMYgdxH6Yr1wL83msUoqvolm3fex15lVBIP9B/IJqeJrHnHv5uWBLvz0cTMRYOZ75v22EZZVmIrYt8Pny35UxEY=&u=U2FsdGVkX1+9aVUElcxEt7cSvB4bWErbMG3qZZvTAyM=&y=U2FsdGVkX1/rlDtUZP64BR9I58OXTGxlrQNxfsHning= HTTP/1.1" 200 26
186.102.57.111 - - [26/Oct/2023:01:59:51 -0500] "GET /kwssiamovil/sm/acme/a?s=U2FsdGVkX1+8oUyo4DSVtl5neT9qxyCJqDqQyHvi0xqhUQcaFvZ+obzODV81I/w0ZsQ7bGxZH9rgkrawjeEeMnSzKPbZ5DaBG+gcTq1+H36hNNQ2gGZs5olicAD9nmhCYXM7SYKVJ8eiXbHsniRrKosIQmuJw4pq0u2q/Y0x/pOjkbhvrhbDYUVtD+F/Mu+5&u=U2FsdGVkX1+9aVUElcxEt7cSvB4bWErbMG3qZZvTAyM=&y=U2FsdGVkX1/rlDtUZP64BR9I58OXTGxlrQNxfsHning= HTTP/1.1" 200 26
172.22.2.4 - - [26/Oct/2023:01:58:18 -0500] "GET /BLA/boletinlegal/ HTTP/1.1" 200 57596
52.167.144.232 - - [26/Oct/2023:02:00:46 -0500] "GET /BLA/resoluciones/AUTOS%202023/5156.pdf HTTP/1.1" 200 908481
216.245.221.92 - - [26/Oct/2023:02:02:34 -0500] "HEAD / HTTP/1.1" 200 -
201.245.192.253 - - [26/Oct/2023:02:03:28 -0500] "POST /kwsrmcab/Wsrmcab  HTTP/1.1" 200 40804
172.22.2.4 - - [26/Oct/2023:02:03:17 -0500] "HEAD /BLA/boletinlegal/ HTTP/1.1" 200 -
172.22.2.4 - - [26/Oct/2023:02:04:08 -0500] "GET /BLA/boletinlegal/ HTTP/1.1" 200 60682
216.245.221.92 - - [26/Oct/2023:02:07:34 -0500] "HEAD / HTTP/1.1" 200 -
201.245.192.253 - - [26/Oct/2023:02:08:28 -0500] "POST /kwsrmcab/Wsrmcab  HTTP/1.1" 200 40804
40.77.167.13 - - [26/Oct/2023:02:09:55 -0500] "GET /BLA/resoluciones/AUTOS%202023/5078.pdf HTTP/1.1" 200 418422
189.173.80.16 - - [26/Oct/2023:02:10:26 -0500] "GET /mysql/sqlmanager/index.php?lang=en HTTP/1.1" 404 1018
189.173.80.16 - - [26/Oct/2023:02:10:26 -0500] "GET /_phpmyadmin/index.php?lang=en HTTP/1.1" 404 1018
189.173.80.16 - - [26/Oct/2023:02:10:26 -0500] "GET /administrator/db/index.php?lang=en HTTP/1.1" 404 1018
189.173.80.16 - - [26/Oct/2023:02:10:26 -0500] "GET /phpMyAdmin-latest-english/index.php?lang=en HTTP/1.1" 403 1165
189.173.80.16 - - [26/Oct/2023:02:10:26 -0500] "GET /phpMyAdmin3/index.php?lang=en HTTP/1.1" 403 1165
189.173.80.16 - - [26/Oct/2023:02:10:26 -0500] "GET /mysql/pma/index.php?lang=en HTTP/1.1" 404 1018
189.173.80.16 - - [26/Oct/2023:02:10:26 -0500] "GET /__phpmyadmin/index.php?lang=en HTTP/1.1" 404 1018
189.173.80.16 - - [26/Oct/2023:02:10:26 -0500] "GET /phpmy-admin/index.php?lang=en HTTP/1.1" 404 1018
189.173.80.16 - - [26/Oct/2023:02:10:27 -0500] "GET /mysql/admin/index.php?lang=en HTTP/1.1" 404 1018
189.173.80.16 - - [26/Oct/2023:02:10:27 -0500] "GET /shopdb/index.php?lang=en HTTP/1.1" 404 1018
189.173.80.16 - - [26/Oct/2023:02:10:27 -0500] "GET /phpmyadmin2014/index.php?lang=en HTTP/1.1" 403 1165
189.173.80.16 - - [26/Oct/2023:02:10:27 -0500] "GET /phpMyAdmin_/index.php?lang=en HTTP/1.1" 403 1165
189.173.80.16 - - [26/Oct/2023:02:10:27 -0500] "GET /mysql/db/index.php?lang=en HTTP/1.1" 404 1018
189.173.80.16 - - [26/Oct/2023:02:10:27 -0500] "GET /phpMyAdmin5.1/index.php?lang=en HTTP/1.1" 403 1165
189.173.80.16 - - [26/Oct/2023:02:10:27 -0500] "GET /PMA/index.php?lang=en HTTP/1.1" 404 1018
189.173.80.16 - - [26/Oct/2023:02:10:28 -0500] "GET /phpmyadmin2015/index.php?lang=en HTTP/1.1" 403 1165
189.173.80.16 - - [26/Oct/2023:02:10:28 -0500] "GET /sql/php-myadmin/index.php?lang=en HTTP/1.1" 404 1018
189.173.80.16 - - [26/Oct/2023:02:10:28 -0500] "GET /mysql-admin/index.php?lang=en HTTP/1.1" 404 1018
189.173.80.16 - - [26/Oct/2023:02:10:28 -0500] "GET /db/phpMyAdmin-5/index.php?lang=en HTTP/1.1" 404 1018
189.173.80.16 - - [26/Oct/2023:02:10:28 -0500] "GET /admin/index.php?lang=en HTTP/1.1" 404 1018
189.173.80.16 - - [26/Oct/2023:02:10:28 -0500] "GET /db/phpMyAdmin-3/index.php?lang=en HTTP/1.1" 404 1018
189.173.80.16 - - [26/Oct/2023:02:10:28 -0500] "GET /db/phpmyadmin3/index.php?lang=en HTTP/1.1" 404 1018
189.173.80.16 - - [26/Oct/2023:02:10:28 -0500] "GET /db/index.php?lang=en HTTP/1.1" 404 1018
189.173.80.16 - - [26/Oct/2023:02:10:29 -0500] "GET /db/webadmin/index.php?lang=en HTTP/1.1" 404 1018
189.173.80.16 - - [26/Oct/2023:02:10:29 -0500] "GET /mysqladmin/index.php?lang=en HTTP/1.1" 404 1018
189.173.80.16 - - [26/Oct/2023:02:10:29 -0500] "GET /phpmyadmin/index.php?lang=en HTTP/1.1" 403 1165
189.173.80.16 - - [26/Oct/2023:02:10:29 -0500] "GET /admin/sysadmin/index.php?lang=en HTTP/1.1" 404 1018
189.173.80.16 - - [26/Oct/2023:02:10:29 -0500] "GET /phpMyAdmin2/index.php?lang=en HTTP/1.1" 403 1165
189.173.80.16 - - [26/Oct/2023:02:10:29 -0500] "GET /phpMyAdmin4/index.php?lang=en HTTP/1.1" 403 1165
189.173.80.16 - - [26/Oct/2023:02:10:29 -0500] "GET /MyAdmin/index.php?lang=en HTTP/1.1" 404 1018
189.173.80.16 - - [26/Oct/2023:02:10:29 -0500] "GET /myadmin/index.php?lang=en HTTP/1.1" 404 1018
189.173.80.16 - - [26/Oct/2023:02:10:30 -0500] "GET /sql/sql-admin/index.php?lang=en HTTP/1.1" 404 1018
189.173.80.16 - - [26/Oct/2023:02:10:30 -0500] "GET /sql/phpmyadmin4/index.php?lang=en HTTP/1.1" 404 1018
189.173.80.16 - - [26/Oct/2023:02:10:30 -0500] "GET /sql/phpmyadmin5/index.php?lang=en HTTP/1.1" 404 1018
189.173.80.16 - - [26/Oct/2023:02:10:30 -0500] "GET /phppma/index.php?lang=en HTTP/1.1" 404 1018
189.173.80.16 - - [26/Oct/2023:02:10:30 -0500] "GET /program/index.php?lang=en HTTP/1.1" 404 1018
189.173.80.16 - - [26/Oct/2023:02:10:30 -0500] "GET /mysql/web/index.php?lang=en HTTP/1.1" 404 1018
189.173.80.16 - - [26/Oct/2023:02:10:30 -0500] "GET /sql/sqlweb/index.php?lang=en HTTP/1.1" 404 1018
189.173.80.16 - - [26/Oct/2023:02:10:30 -0500] "GET /administrator/phpMyAdmin/index.php?lang=en HTTP/1.1" 404 1018
189.173.80.16 - - [26/Oct/2023:02:10:31 -0500] "GET /index.php?lang=en HTTP/1.1" 404 1018
189.173.80.16 - - [26/Oct/2023:02:10:31 -0500] "GET /phpMyAdmin5.2/index.php?lang=en HTTP/1.1" 403 1165
189.173.80.16 - - [26/Oct/2023:02:10:31 -0500] "GET /sql/sql/index.php?lang=en HTTP/1.1" 404 1018
189.173.80.16 - - [26/Oct/2023:02:10:31 -0500] "GET /db/phpMyAdmin-4/index.php?lang=en HTTP/1.1" 404 1018
189.173.80.16 - - [26/Oct/2023:02:10:31 -0500] "GET /db/websql/index.php?lang=en HTTP/1.1" 404 1018
189.173.80.16 - - [26/Oct/2023:02:10:31 -0500] "GET /mysqlmanager/index.php?lang=en HTTP/1.1" 404 1018
189.173.80.16 - - [26/Oct/2023:02:10:31 -0500] "GET /admin/db/index.php?lang=en HTTP/1.1" 404 1018
189.173.80.16 - - [26/Oct/2023:02:10:31 -0500] "GET /wpma5.2/index.php?lang=en HTTP/1.1" 404 1018
189.173.80.16 - - [26/Oct/2023:02:10:32 -0500] "GET /admin/pma/index.php?lang=en HTTP/1.1" 404 1018
189.173.80.16 - - [26/Oct/2023:02:10:32 -0500] "GET /sql/webdb/index.php?lang=en HTTP/1.1" 404 1018
189.173.80.16 - - [26/Oct/2023:02:10:32 -0500] "GET /administrator/PMA/index.php?lang=en HTTP/1.1" 404 1018
189.173.80.16 - - [26/Oct/2023:02:10:32 -0500] "GET /db/phpmyadmin/index.php?lang=en HTTP/1.1" 404 1018
189.173.80.16 - - [26/Oct/2023:02:10:32 -0500] "GET /mysql/dbadmin/index.php?lang=en HTTP/1.1" 404 1018
189.173.80.16 - - [26/Oct/2023:02:10:32 -0500] "GET /admin/phpmyadmin/index.php?lang=en HTTP/1.1" 404 1018
189.173.80.16 - - [26/Oct/2023:02:10:32 -0500] "GET /phpMyAdmin-5.2.0-all-languages/index.php?lang=en HTTP/1.1" 403 1165
189.173.80.16 - - [26/Oct/2023:02:10:32 -0500] "GET /phpmyadmin4/index.php?lang=en HTTP/1.1" 403 1165
189.173.80.16 - - [26/Oct/2023:02:10:33 -0500] "GET /phpmyadmin2016/index.php?lang=en HTTP/1.1" 403 1165
189.173.80.16 - - [26/Oct/2023:02:10:33 -0500] "GET /phpMyAdmin-latest-all-languages/index.php?lang=en HTTP/1.1" 403 1165
189.173.80.16 - - [26/Oct/2023:02:10:33 -0500] "GET /sql/websql/index.php?lang=en HTTP/1.1" 404 1018
189.173.80.16 - - [26/Oct/2023:02:10:33 -0500] "GET /phpMyAdmin-5.1.0/index.php?lang=en HTTP/1.1" 403 1165
189.173.80.16 - - [26/Oct/2023:02:10:33 -0500] "GET /phpmyadmin5/index.php?lang=en HTTP/1.1" 403 1165
189.173.80.16 - - [26/Oct/2023:02:10:33 -0500] "GET /phpmyadmin2013/index.php?lang=en HTTP/1.1" 403 1165
189.173.80.16 - - [26/Oct/2023:02:10:33 -0500] "GET /phpMyAdmin-5.2.0/index.php?lang=en HTTP/1.1" 403 1165
189.173.80.16 - - [26/Oct/2023:02:10:34 -0500] "GET /phpmyadmin2022/index.php?lang=en HTTP/1.1" 403 1165
189.173.80.16 - - [26/Oct/2023:02:10:34 -0500] "GET /administrator/phpmyadmin/index.php?lang=en HTTP/1.1" 404 1018
189.173.80.16 - - [26/Oct/2023:02:10:34 -0500] "GET /sqlmanager/index.php?lang=en HTTP/1.1" 404 1018
189.173.80.16 - - [26/Oct/2023:02:10:34 -0500] "GET /mysql/pMA/index.php?lang=en HTTP/1.1" 404 1018
189.173.80.16 - - [26/Oct/2023:02:10:34 -0500] "GET /phpmyadmin2021/index.php?lang=en HTTP/1.1" 403 1165
189.173.80.16 - - [26/Oct/2023:02:10:34 -0500] "GET /admin/sqladmin/index.php?lang=en HTTP/1.1" 404 1018
189.173.80.16 - - [26/Oct/2023:02:10:34 -0500] "GET /db/phpMyAdmin3/index.php?lang=en HTTP/1.1" 404 1018
189.173.80.16 - - [26/Oct/2023:02:10:34 -0500] "GET /sql/webadmin/index.php?lang=en HTTP/1.1" 404 1018
189.173.80.16 - - [26/Oct/2023:02:10:35 -0500] "GET /phpMyAdmin-5.3.0/index.php?lang=en HTTP/1.1" 403 1165
189.173.80.16 - - [26/Oct/2023:02:10:35 -0500] "GET /phpMyAdmin-5/index.php?lang=en HTTP/1.1" 403 1165
189.173.80.16 - - [26/Oct/2023:02:10:35 -0500] "GET /phpmyadmin3/index.php?lang=en HTTP/1.1" 403 1165
189.173.80.16 - - [26/Oct/2023:02:10:35 -0500] "GET /phpMyAdmin-3/index.php?lang=en HTTP/1.1" 403 1165
189.173.80.16 - - [26/Oct/2023:02:10:35 -0500] "GET /db/phpMyAdmin/index.php?lang=en HTTP/1.1" 404 1018
189.173.80.16 - - [26/Oct/2023:02:10:35 -0500] "GET /phpMyAdmin/index.php?lang=en HTTP/1.1" 403 1165
189.173.80.16 - - [26/Oct/2023:02:10:35 -0500] "GET /sql/phpmanager/index.php?lang=en HTTP/1.1" 404 1018
189.173.80.16 - - [26/Oct/2023:02:10:35 -0500] "GET /phpMyAdmin-4.9.10-all-languages/index.php?lang=en HTTP/1.1" 403 1165
189.173.80.16 - - [26/Oct/2023:02:10:36 -0500] "GET /db/dbadmin/index.php?lang=en HTTP/1.1" 404 1018
189.173.80.16 - - [26/Oct/2023:02:10:36 -0500] "GET /phpMyAdmin-5.3.0-all-languages/index.php?lang=en HTTP/1.1" 403 1165
189.173.80.16 - - [26/Oct/2023:02:10:36 -0500] "GET /phpmyadmin2020/index.php?lang=en HTTP/1.1" 403 1165
189.173.80.16 - - [26/Oct/2023:02:10:36 -0500] "GET /db/phpmyadmin5/index.php?lang=en HTTP/1.1" 404 1018
189.173.80.16 - - [26/Oct/2023:02:10:36 -0500] "GET /sql/sqladmin/index.php?lang=en HTTP/1.1" 404 1018
189.173.80.16 - - [26/Oct/2023:02:10:36 -0500] "GET /db/dbweb/index.php?lang=en HTTP/1.1" 404 1018
189.173.80.16 - - [26/Oct/2023:02:10:36 -0500] "GET /wp-content/plugins/portable-phpmyadmin/wp-pma-mod/index.php?lang=en HTTP/1.1" 404 1018
189.173.80.16 - - [26/Oct/2023:02:10:36 -0500] "GET /phpmyadmin2012/index.php?lang=en HTTP/1.1" 403 1165
189.173.80.16 - - [26/Oct/2023:02:10:37 -0500] "GET /phpMyAdmin-4/index.php?lang=en HTTP/1.1" 403 1165
189.173.80.16 - - [26/Oct/2023:02:10:37 -0500] "GET /php-my-admin/index.php?lang=en HTTP/1.1" 404 1018
189.173.80.16 - - [26/Oct/2023:02:10:37 -0500] "GET /phpMyAdmin-4.9.7/index.php?lang=en HTTP/1.1" 403 1165
189.173.80.16 - - [26/Oct/2023:02:10:37 -0500] "GET /db/phpmyadmin4/index.php?lang=en HTTP/1.1" 404 1018
189.173.80.16 - - [26/Oct/2023:02:10:37 -0500] "GET /phpmyadmin2011/index.php?lang=en HTTP/1.1" 403 1165
189.173.80.16 - - [26/Oct/2023:02:10:37 -0500] "GET /phpmyadmin_/index.php?lang=en HTTP/1.1" 403 1165
189.173.80.16 - - [26/Oct/2023:02:10:37 -0500] "GET /pma/index.php?lang=en HTTP/1.1" 404 1018
189.173.80.16 - - [26/Oct/2023:02:10:37 -0500] "GET /_phpMyAdmin/index.php?lang=en HTTP/1.1" 404 1018
189.173.80.16 - - [26/Oct/2023:02:10:38 -0500] "GET /phpMyadmin/index.php?lang=en HTTP/1.1" 403 1165
189.173.80.16 - - [26/Oct/2023:02:10:38 -0500] "GET /phpMyAdmin-5.1.1/index.php?lang=en HTTP/1.1" 403 1165
189.173.80.16 - - [26/Oct/2023:02:10:38 -0500] "GET /phpmyadmin2018/index.php?lang=en HTTP/1.1" 403 1165
189.173.80.16 - - [26/Oct/2023:02:10:38 -0500] "GET /sql/myadmin/index.php?lang=en HTTP/1.1" 404 1018
189.173.80.16 - - [26/Oct/2023:02:10:38 -0500] "GET /sql/phpMyAdmin2/index.php?lang=en HTTP/1.1" 404 1018
189.173.80.16 - - [26/Oct/2023:02:10:38 -0500] "GET /administrator/admin/index.php?lang=en HTTP/1.1" 404 1018
189.173.80.16 - - [26/Oct/2023:02:10:38 -0500] "GET /sql/phpMyAdmin/index.php?lang=en HTTP/1.1" 404 1018
189.173.80.16 - - [26/Oct/2023:02:10:39 -0500] "GET /php-myadmin/index.php?lang=en HTTP/1.1" 404 1018
189.173.80.16 - - [26/Oct/2023:02:10:39 -0500] "GET /mysql/mysqlmanager/index.php?lang=en HTTP/1.1" 404 1018
189.173.80.16 - - [26/Oct/2023:02:10:39 -0500] "GET /admin/phpMyAdmin/index.php?lang=en HTTP/1.1" 404 1018
189.173.80.16 - - [26/Oct/2023:02:10:39 -0500] "GET /1phpmyadmin/index.php?lang=en HTTP/1.1" 404 1018
189.173.80.16 - - [26/Oct/2023:02:10:39 -0500] "GET /phpMyAdmin1/index.php?lang=en HTTP/1.1" 403 1165
189.173.80.16 - - [26/Oct/2023:02:10:39 -0500] "GET /phpmyAdmin/index.php?lang=en HTTP/1.1" 403 1165
189.173.80.16 - - [26/Oct/2023:02:10:39 -0500] "GET /dbadmin/index.php?lang=en HTTP/1.1" 404 1018
189.173.80.16 - - [26/Oct/2023:02:10:39 -0500] "GET /phpMyAdmin5/index.php?lang=en HTTP/1.1" 403 1165
189.173.80.16 - - [26/Oct/2023:02:10:40 -0500] "GET /phpMyAdmin-5.1.3/index.php?lang=en HTTP/1.1" 403 1165
189.173.80.16 - - [26/Oct/2023:02:10:40 -0500] "GET /db/webdb/index.php?lang=en HTTP/1.1" 404 1018
189.173.80.16 - - [26/Oct/2023:02:10:40 -0500] "GET /sql/phpmyadmin3/index.php?lang=en HTTP/1.1" 404 1018
189.173.80.16 - - [26/Oct/2023:02:10:40 -0500] "GET /database/index.php?lang=en HTTP/1.1" 404 1018
189.173.80.16 - - [26/Oct/2023:02:10:40 -0500] "GET /_phpmyadmin_/index.php?lang=en HTTP/1.1" 404 1018
189.173.80.16 - - [26/Oct/2023:02:10:40 -0500] "GET /sql/phpmy-admin/index.php?lang=en HTTP/1.1" 404 1018
189.173.80.16 - - [26/Oct/2023:02:10:40 -0500] "GET /phpmyadmin1/index.php?lang=en HTTP/1.1" 403 1165
189.173.80.16 - - [26/Oct/2023:02:10:40 -0500] "GET /phpmyadmin2/index.php?lang=en HTTP/1.1" 403 1165
189.173.80.16 - - [26/Oct/2023:02:10:41 -0500] "GET /phpmy/index.php?lang=en HTTP/1.1" 404 1018
189.173.80.16 - - [26/Oct/2023:02:10:41 -0500] "GET /db/myadmin/index.php?lang=en HTTP/1.1" 404 1018
189.173.80.16 - - [26/Oct/2023:02:10:41 -0500] "GET /phpMyAdmin-5.1.2/index.php?lang=en HTTP/1.1" 403 1165
189.173.80.16 - - [26/Oct/2023:02:10:41 -0500] "GET /phpmyadmin2019/index.php?lang=en HTTP/1.1" 403 1165
189.173.80.16 - - [26/Oct/2023:02:10:41 -0500] "GET /administrator/pma/index.php?lang=en HTTP/1.1" 404 1018
189.173.80.16 - - [26/Oct/2023:02:10:41 -0500] "GET /administrator/web/index.php?lang=en HTTP/1.1" 404 1018
189.173.80.16 - - [26/Oct/2023:02:10:41 -0500] "GET /db/db-admin/index.php?lang=en HTTP/1.1" 404 1018
189.173.80.16 - - [26/Oct/2023:02:10:41 -0500] "GET /mysql/index.php?lang=en HTTP/1.1" 404 1018
189.173.80.16 - - [26/Oct/2023:02:10:42 -0500] "GET /2phpmyadmin/index.php?lang=en HTTP/1.1" 404 1018
189.173.80.16 - - [26/Oct/2023:02:10:42 -0500] "GET /admin/web/index.php?lang=en HTTP/1.1" 404 1018
189.173.80.16 - - [26/Oct/2023:02:10:42 -0500] "GET /phpmyadmin2017/index.php?lang=en HTTP/1.1" 403 1165
172.22.2.4 - - [26/Oct/2023:02:09:07 -0500] "HEAD /BLA/boletinlegal/ HTTP/1.1" 200 -
172.22.2.4 - - [26/Oct/2023:02:09:58 -0500] "GET /BLA/boletinlegal/ HTTP/1.1" 200 59129
40.77.167.14 - - [26/Oct/2023:02:11:42 -0500] "GET /BLA/resoluciones/AUTOS%202023/6325.pdf HTTP/1.1" 200 484747
216.245.221.92 - - [26/Oct/2023:02:12:34 -0500] "HEAD / HTTP/1.1" 200 -
201.245.192.253 - - [26/Oct/2023:02:13:27 -0500] "POST /kwsrmcab/Wsrmcab  HTTP/1.1" 200 40804
52.167.144.171 - - [26/Oct/2023:02:14:53 -0500] "GET /Publicaciones/2023EE208351.pdf HTTP/1.1" 404 228
40.77.167.23 - - [26/Oct/2023:02:15:48 -0500] "GET /BLA/resoluciones/AUTOS%202023/5042.pdf HTTP/1.1" 200 3175489
52.167.144.136 - - [26/Oct/2023:02:16:11 -0500] "GET /portaldeninos/wp-content/uploads/2021/06/titulo-cabezote-ni%C3%B1os.png HTTP/1.1" 200 64425
172.22.2.4 - - [26/Oct/2023:02:14:57 -0500] "HEAD /BLA/boletinlegal/ HTTP/1.1" 200 -
216.244.66.246 - - [26/Oct/2023:02:16:50 -0500] "GET /robots.txt HTTP/1.1" 404 1035
201.245.192.253 - - [26/Oct/2023:02:17:00 -0500] "POST /kwsrmcab/Wsrmcab HTTP/1.1" 200 40516
201.245.192.253 - - [26/Oct/2023:02:17:02 -0500] "POST /kwsrmcab/Wsrmcab HTTP/1.1" 200 40447
172.22.2.4 - - [26/Oct/2023:02:15:48 -0500] "GET /BLA/boletinlegal/ HTTP/1.1" 200 57957
216.245.221.92 - - [26/Oct/2023:02:17:34 -0500] "HEAD / HTTP/1.1" 200 -
201.245.192.253 - - [26/Oct/2023:02:18:26 -0500] "POST /kwsrmcab/Wsrmcab  HTTP/1.1" 200 40804
201.245.192.253 - - [26/Oct/2023:02:20:05 -0500] "POST /kwsrmcab/Wsrmcab HTTP/1.1" 200 40516
201.245.192.253 - - [26/Oct/2023:02:20:08 -0500] "POST /kwsrmcab/Wsrmcab HTTP/1.1" 200 40447
40.77.167.73 - - [26/Oct/2023:02:21:41 -0500] "GET /BLA/resoluciones/AUTOS%202023/4314.pdf HTTP/1.1" 200 1161185
172.22.2.4 - - [26/Oct/2023:02:20:47 -0500] "HEAD /BLA/boletinlegal/ HTTP/1.1" 200 -
216.245.221.92 - - [26/Oct/2023:02:22:34 -0500] "HEAD / HTTP/1.1" 200 -
66.249.66.21 - - [26/Oct/2023:02:22:46 -0500] "GET /Publicaciones/2023EE222755.pdf HTTP/1.1" 404 228
172.22.2.4 - - [26/Oct/2023:02:21:38 -0500] "GET /BLA/boletinlegal/ HTTP/1.1" 200 60331
201.245.192.253 - - [26/Oct/2023:02:23:26 -0500] "POST /kwsrmcab/Wsrmcab  HTTP/1.1" 200 40804
216.244.66.246 - - [26/Oct/2023:02:24:40 -0500] "GET /portaldeninos/humedal-la-vaca-2/ HTTP/1.1" 200 87837
201.245.192.253 - - [26/Oct/2023:02:27:01 -0500] "POST /kwsrmcab/Wsrmcab HTTP/1.1" 200 40516
201.245.192.253 - - [26/Oct/2023:02:27:03 -0500] "POST /kwsrmcab/Wsrmcab HTTP/1.1" 200 40447
216.245.221.92 - - [26/Oct/2023:02:27:34 -0500] "HEAD / HTTP/1.1" 200 -
172.22.2.4 - - [26/Oct/2023:02:26:37 -0500] "HEAD /BLA/boletinlegal/ HTTP/1.1" 200 -
201.245.192.253 - - [26/Oct/2023:02:28:25 -0500] "POST /kwsrmcab/Wsrmcab  HTTP/1.1" 200 40804
172.22.2.4 - - [26/Oct/2023:02:27:27 -0500] "GET /BLA/boletinlegal/ HTTP/1.1" 200 57957
52.167.144.235 - - [26/Oct/2023:02:29:33 -0500] "GET /BLA/resoluciones/AUTOS%202023/4024.pdf HTTP/1.1" 200 1549912
201.245.192.253 - - [26/Oct/2023:02:30:05 -0500] "POST /kwsrmcab/Wsrmcab HTTP/1.1" 200 40516
201.245.192.253 - - [26/Oct/2023:02:30:08 -0500] "POST /kwsrmcab/Wsrmcab HTTP/1.1" 200 40447
52.167.144.189 - - [26/Oct/2023:02:31:23 -0500] "GET /BLA/resoluciones/AUTOS%202007/0285.pdf HTTP/1.1" 200 163958
216.245.221.92 - - [26/Oct/2023:02:32:34 -0500] "HEAD / HTTP/1.1" 200 -
201.245.192.253 - - [26/Oct/2023:02:33:24 -0500] "POST /kwsrmcab/Wsrmcab  HTTP/1.1" 200 40804
172.22.2.4 - - [26/Oct/2023:02:32:27 -0500] "HEAD /BLA/boletinlegal/ HTTP/1.1" 200 -
172.22.2.4 - - [26/Oct/2023:02:33:19 -0500] "GET /BLA/boletinlegal/ HTTP/1.1" 200 60331
52.167.144.209 - - [26/Oct/2023:02:36:14 -0500] "GET /BLA/resoluciones/AUTOS%202023/4103.pdf HTTP/1.1" 200 410880
52.167.144.228 - - [26/Oct/2023:02:36:51 -0500] "GET /sipse/faces/faces/autenticacion.xhtml HTTP/1.1" 200 12726
201.245.192.253 - - [26/Oct/2023:02:37:00 -0500] "POST /kwsrmcab/Wsrmcab HTTP/1.1" 200 40516
201.245.192.253 - - [26/Oct/2023:02:37:03 -0500] "POST /kwsrmcab/Wsrmcab HTTP/1.1" 200 40447
216.245.221.92 - - [26/Oct/2023:02:37:34 -0500] "HEAD / HTTP/1.1" 200 -
201.245.192.253 - - [26/Oct/2023:02:38:23 -0500] "POST /kwsrmcab/Wsrmcab  HTTP/1.1" 200 40804
52.167.144.166 - - [26/Oct/2023:02:39:51 -0500] "GET /BLA/resoluciones/AUTOS%202023/3357.pdf HTTP/1.1" 200 2024108
172.22.2.4 - - [26/Oct/2023:02:38:18 -0500] "HEAD /BLA/boletinlegal/ HTTP/1.1" 200 -
201.245.192.253 - - [26/Oct/2023:02:40:05 -0500] "POST /kwsrmcab/Wsrmcab HTTP/1.1" 200 40516
201.245.192.253 - - [26/Oct/2023:02:40:08 -0500] "POST /kwsrmcab/Wsrmcab HTTP/1.1" 200 40447
172.22.2.4 - - [26/Oct/2023:02:39:09 -0500] "GET /BLA/boletinlegal/ HTTP/1.1" 200 58309
40.77.167.61 - - [26/Oct/2023:02:41:12 -0500] "GET /portaldeninos/wp-content/uploads/2020/11/Torca-Guaymaral-B-50x28.jpg HTTP/1.1" 200 1339
52.167.144.166 - - [26/Oct/2023:02:41:51 -0500] "GET /BLA/resoluciones/AUTOS%202023/4225.pdf HTTP/1.1" 200 701381
216.245.221.92 - - [26/Oct/2023:02:42:34 -0500] "HEAD / HTTP/1.1" 200 -
201.245.192.253 - - [26/Oct/2023:02:43:23 -0500] "POST /kwsrmcab/Wsrmcab  HTTP/1.1" 200 40804
52.167.144.140 - - [26/Oct/2023:02:43:46 -0500] "GET /BLA/resoluciones/AUTOS%202023/5384.pdf HTTP/1.1" 200 319824
172.22.2.4 - - [26/Oct/2023:02:44:08 -0500] "HEAD /BLA/boletinlegal/ HTTP/1.1" 200 -
51.222.253.20 - - [26/Oct/2023:02:46:29 -0500] "GET /galeria/galeria/jquery.fancybox.css?v=2.1.5 HTTP/1.1" 200 4895
172.22.2.4 - - [26/Oct/2023:02:44:58 -0500] "GET /BLA/boletinlegal/ HTTP/1.1" 200 55936
216.245.221.92 - - [26/Oct/2023:02:47:34 -0500] "HEAD / HTTP/1.1" 200 -
201.245.192.253 - - [26/Oct/2023:02:48:22 -0500] "POST /kwsrmcab/Wsrmcab  HTTP/1.1" 200 40804
185.191.171.3 - - [26/Oct/2023:02:51:02 -0500] "GET /robots.txt HTTP/1.1" 404 1034
185.191.171.8 - - [26/Oct/2023:02:51:02 -0500] "GET /inscribete-y-participa-en-la-convencion-internacional-de-emergencia-climatica-bogota-2023.html HTTP/1.1" 200 895
172.22.2.4 - - [26/Oct/2023:02:49:58 -0500] "HEAD /BLA/boletinlegal/ HTTP/1.1" 200 -
52.167.144.187 - - [26/Oct/2023:02:52:02 -0500] "GET /BLA/resoluciones/AUTOS%202023/5383.pdf HTTP/1.1" 200 321258
172.22.2.4 - - [26/Oct/2023:02:50:48 -0500] "GET /BLA/boletinlegal/ HTTP/1.1" 200 57957
216.245.221.92 - - [26/Oct/2023:02:52:34 -0500] "HEAD / HTTP/1.1" 200 -
66.249.66.20 - - [26/Oct/2023:02:52:36 -0500] "GET /arcgis/services/Calidad_del_Agua_WQI/MapServer/WMSServer? HTTP/1.1" 503 1020
201.245.192.253 - - [26/Oct/2023:02:53:21 -0500] "POST /kwsrmcab/Wsrmcab  HTTP/1.1" 200 40804
167.172.89.248 - - [26/Oct/2023:02:54:44 -0500] "GET /Temporary_Listen_Addresses HTTP/1.1" 404 1018
167.172.89.248 - - [26/Oct/2023:02:54:45 -0500] "GET /Pages/log/ HTTP/1.1" 404 1018
186.102.57.111 - - [26/Oct/2023:02:55:31 -0500] "GET /kwssiamovil/sm/acme/a?s=U2FsdGVkX19v47C/7M8Wg4eePv/0ulK+IZyZs/Mig+XPOq0dqApQAp//UPaEBcZqb0tTNTR5M8mE4cOQnNZJ6PYoW3O6bMLOcocuDYuwGAq5RALU4GoDbBAamccJmmtaV/7POyMpxUnOzQj+ZRHMZ+JMOaxtqobQa4mQ+yQApzJD6o/LlU6kMCCasW3cI4S1pUl5RhuZ171NLH8F3nvKabFcHcwFp/oWfWSwH0U2l38L223krIepu/SybiRjBE1VGJcfhlEsxBkuseO2me4O+Q==&u=U2FsdGVkX1+9aVUElcxEt7cSvB4bWErbMG3qZZvTAyM=&y=U2FsdGVkX1/rlDtUZP64BR9I58OXTGxlrQNxfsHning= HTTP/1.1" 200 26
