186.102.57.111 - - [26/Oct/2023:02:55:31 -0500] "GET /kwssiamovil/sm/acme/a?s=U2FsdGVkX1/pcjhRd0LgHFy5gSK7tke3C1ueq7n/xwv9mDfbfMPmVPP5xteH+Uuf8iJ2iCXqsLTMTazuDdDOozgJWAIg29k9t31uiOGzMXEq9m2jn7enmufLqsifSaYgSPSoBpEWLidSGVIV1nO45CuN+xaaW73I5BdOjZ80pZkSYUCRRgxL/P/MGF9cy8ArC8gERvTvGi6LZwMyxvN2aYx0h2OOtkzASjzKGJ6ARGGxvLirrkwhczkuWUXV3YwbjGfb86jxq9M1bv33V/cZvNPyS/YZaTMdf40iKzI9DOkQWWntc4bPMy0SadSxdR1SvkwJa2K+jg0wm42J5u25mPXq5tnvym1ZzI3GfS7Ee4rS4c5Fz2gmyba0QO5e4MOtWw4Q1RZp93wcyLJvNjjgXT00hlhZ1DTYlQo2O91xh52bhWpwPwLKYg9pP6cQ0Be97oApEKYh/65OLdBT/Jc5MKij+vtARXq3Tb7FHxc+az8oHbGWsh1uJM1m4lmINc2o2fp8ICgyM1FOFz45jFezBdmAxy2ins+SPL9kr6SZrWgBOpMFh/LC8mS+6k8wBrnuVi1mbuvXLKZaqO3A+/LmZ34zdBVwFIJNfuC2yEzKpIMXpdIv0n0xB+xhb2TuzIX26nTzXfM0QjsxaHJ6mKLg1RCk14yLgo0p2IYB7Rwxdh3+KqlC5tkJChU3qJVzMzLs6Y0JXvQcAsklGmXTUUkoNqYQn1oiIzAFk4+xIklABoBZT5piBPjoyWd9dzSSMoS92A/nMnoi8Ad5kOgW+vM9+dPcmSH+QkorH7Tmxla5EtBk3gpqddtrtECUcYhxmD+A4B2t3jk8qycBWWl4QqQWvAki8CZrZuK1JPGIboqRTK118aLa1lilj5Ylfg5lRyQB1tNDZXMwlRNJbr2QMJEmqwp+KWvYnHOdz4KCra9xFFDN9oXLdbO5dFAf9tdIlJlhzvAbP6vlMb7zSE6eqYrKlVE0bIYT9LPybgpgOoz+DESntiC4emjNJ2xMzCoZqPIRr84alAI9LSEMNdTlahXGQAthFztWlfjOU+bzuhUJyDS00jPiv9Z+DMb+qnJIkHXjmsNU07/D43tXPpM7X+jG/e7yo5IS7lZyNaga2B+IdeSRPL7qg4KQcIMXqXaDNQ8KN+OzdWvqANTNRC15L76zeHSY8lwDEXn7izFxEym/U4cWPl2ko2KLcrbaPWMQykQNCR3MvfMuQl8lH7v7iT1usIZ6zywcqj7paPXzGK3UilqDbS5CIiZI2xx2itX/mI+NXCJu8d1JGOwzlQeGby9rZb00g8u4nYlFQ0zlxpegWpy88tcQlawYsliyqtUQEp8U2ht/mCrN/vx9uzsmE4sLc9xJqJLRFRMC7a15QOmOsdcbYBm01WIGYf3kL94Sw9eLi3D5TtZry6xsf77qCTVKNFPNUocM25VaGUgFu/Mwiyh4dAyqCQap4zvY4FpXz2x26E2I4bfzZq59H0eZxD6t8HJdFoSChtSshlSBMTcSNo4LCsN9xR+Gd3xOvhiVZdPvVD/RBHCeqLV75RfK7nKYWojo0Tfb7V7pIAeqs3iz6z+36xROL2oH0hoCIeo39EAltbCYGrqrYfuMmQN59K0cCkgDr5yeCrycrYZSlCGtqsvFt55PO6aatrmdl9asdTpb&u=U2FsdGVkX1+9aVUElcxEt7cSvB4bWErbMG3qZZvTAyM=&y=U2FsdGVkX1/rlDtUZP64BR9I58OXTGxlrQNxfsHning= HTTP/1.1" 200 26
186.102.57.111 - - [26/Oct/2023:02:55:31 -0500] "GET /kwssiamovil/sm/acme/a?s=U2FsdGVkX1+2PgOtr9lzxyAccA+ar/katidkQ+LFFbztkgbtUq+P7+cazBkT/UEvshcL5a3Jn6PWtWyW4zh1l+42m6P50Bfj9t9Jv4+ympfe1kgJgumay8802hYNNKOsgU8NS7pYx3FE+jhl/GlUaR7zfjJ4m+E5TT2F1oHwBzM=&u=U2FsdGVkX1+9aVUElcxEt7cSvB4bWErbMG3qZZvTAyM=&y=U2FsdGVkX1/rlDtUZP64BR9I58OXTGxlrQNxfsHning= HTTP/1.1" 200 26
186.102.57.111 - - [26/Oct/2023:02:55:32 -0500] "GET /kwssiamovil/sm/acme/a?s=U2FsdGVkX187swS98fA812swBm9JeRAmq4DVaTGdOhde3irMIywVEar2JK2YkurVBmLfdhiWSpmRD94iqac/mdpYOj1AQ+jm0evk7OsTwwcyrsRJiaYGxRgTbZbYWvhWd62ou5bo+KgEtNLEKRdGmZjDnRfqdhEPhDclQ02gfyU=&u=U2FsdGVkX1+9aVUElcxEt7cSvB4bWErbMG3qZZvTAyM=&y=U2FsdGVkX1/rlDtUZP64BR9I58OXTGxlrQNxfsHning= HTTP/1.1" 200 26
186.102.57.111 - - [26/Oct/2023:02:55:32 -0500] "GET /kwssiamovil/sm/acme/a?s=U2FsdGVkX18YXzYFgoKAj8ewjsJKxoftJ7Hy2wgADc2YUthfG6R8qxc/l3Ec6EnWFPU22NFELuKRIeuFGQ4elnAybqABrdDN/FTisyA/3X9LQW8C1H4lAEl4plRyTSZTYI43fertF1CbbZCmXlqMtCfgve9qwKbPT7fIJVqvruw=&u=U2FsdGVkX1+9aVUElcxEt7cSvB4bWErbMG3qZZvTAyM=&y=U2FsdGVkX1/rlDtUZP64BR9I58OXTGxlrQNxfsHning= HTTP/1.1" 200 26
186.102.57.111 - - [26/Oct/2023:02:55:32 -0500] "GET /kwssiamovil/sm/acme/a?s=U2FsdGVkX1+ItIFt/9bo0lpEoHUYgEkhc6zzSnmGsKdlFeXLBWJGpFfx95xiDC6jDveucUB5EQ70/EEPhFNSAZw+9eqet5AAX72+YQg41znEcXLx86dl4u6yPj1uF5FYfCcU+w/NeMMAapO1G/lyghNfrct4LxDukJLilR7V9BlFZtzVMHQ0Ycf3mAwg0IMw&u=U2FsdGVkX1+9aVUElcxEt7cSvB4bWErbMG3qZZvTAyM=&y=U2FsdGVkX1/rlDtUZP64BR9I58OXTGxlrQNxfsHning= HTTP/1.1" 200 26
172.22.2.4 - - [26/Oct/2023:02:55:48 -0500] "HEAD /BLA/boletinlegal/ HTTP/1.1" 200 -
216.245.221.92 - - [26/Oct/2023:02:57:34 -0500] "HEAD / HTTP/1.1" 200 -
172.22.2.4 - - [26/Oct/2023:02:56:38 -0500] "GET /BLA/boletinlegal/ HTTP/1.1" 200 58309
201.245.192.253 - - [26/Oct/2023:02:58:19 -0500] "POST /kwsrmcab/Wsrmcab  HTTP/1.1" 200 40804
159.69.179.16 - - [26/Oct/2023:03:01:01 -0500] "GET / HTTP/1.1" 200 319
159.69.179.16 - - [26/Oct/2023:03:01:02 -0500] "GET / HTTP/1.1" 200 4720
172.22.2.4 - - [26/Oct/2023:03:01:43 -0500] "GET /BLA/boletinlegal/robots.txt HTTP/1.1" 404 1038
172.22.2.4 - - [26/Oct/2023:03:01:43 -0500] "GET /BLA/boletinlegal/Directivas/2016/Directiva%20No.%2002%20del%2019%20de%20Abril%20de%202016.pdf HTTP/1.1" 304 -
40.77.167.71 - - [26/Oct/2023:03:01:46 -0500] "GET /sipse/faces/index.xhtml HTTP/1.1" 200 677
216.245.221.92 - - [26/Oct/2023:03:02:34 -0500] "HEAD / HTTP/1.1" 200 -
172.22.2.4 - - [26/Oct/2023:03:01:38 -0500] "HEAD /BLA/boletinlegal/ HTTP/1.1" 200 -
201.245.192.253 - - [26/Oct/2023:03:03:19 -0500] "POST /kwsrmcab/Wsrmcab  HTTP/1.1" 200 40804
52.167.144.23 - - [26/Oct/2023:03:03:32 -0500] "GET /BLA/resoluciones/AUTOS%202023/3261.pdf HTTP/1.1" 200 790171
172.22.2.4 - - [26/Oct/2023:03:02:28 -0500] "GET /BLA/boletinlegal/ HTTP/1.1" 200 58309
162.55.167.166 - - [26/Oct/2023:03:04:55 -0500] "GET / HTTP/1.1" 200 4720
162.55.167.166 - - [26/Oct/2023:03:04:56 -0500] "GET / HTTP/1.1" 200 319
52.167.144.23 - - [26/Oct/2023:03:05:32 -0500] "GET /Publicaciones/2023EE247345.pdf HTTP/1.1" 200 758883
40.77.167.71 - - [26/Oct/2023:03:05:48 -0500] "GET /BLA/resoluciones/AUTOS%202023/5231.pdf HTTP/1.1" 200 844214
216.245.221.92 - - [26/Oct/2023:03:07:34 -0500] "HEAD / HTTP/1.1" 200 -
201.245.192.253 - - [26/Oct/2023:03:08:17 -0500] "POST /kwsrmcab/Wsrmcab  HTTP/1.1" 200 40804
172.22.2.4 - - [26/Oct/2023:03:07:28 -0500] "HEAD /BLA/boletinlegal/ HTTP/1.1" 200 -
172.22.2.4 - - [26/Oct/2023:03:08:18 -0500] "GET /BLA/boletinlegal/ HTTP/1.1" 200 58309
216.245.221.92 - - [26/Oct/2023:03:12:34 -0500] "HEAD / HTTP/1.1" 200 -
35.203.210.160 - - [26/Oct/2023:03:12:37 -0500] "GET / HTTP/1.1" 200 319
52.167.144.139 - - [26/Oct/2023:03:13:03 -0500] "GET /BLA/resoluciones/AUTOS%202007/1884.pdf HTTP/1.1" 200 151562
201.245.192.253 - - [26/Oct/2023:03:13:17 -0500] "POST /kwsrmcab/Wsrmcab  HTTP/1.1" 200 40804
172.22.2.4 - - [26/Oct/2023:03:13:18 -0500] "HEAD /BLA/boletinlegal/ HTTP/1.1" 200 -
40.77.167.50 - - [26/Oct/2023:03:15:44 -0500] "GET /BLA/resoluciones/AUTOS%202023/2076.pdf HTTP/1.1" 200 307571
172.22.2.4 - - [26/Oct/2023:03:14:08 -0500] "GET /BLA/boletinlegal/ HTTP/1.1" 200 58309
201.245.192.253 - - [26/Oct/2023:03:17:00 -0500] "POST /kwsrmcab/Wsrmcab HTTP/1.1" 200 39924
201.245.192.253 - - [26/Oct/2023:03:17:02 -0500] "POST /kwsrmcab/Wsrmcab HTTP/1.1" 200 40445
216.245.221.92 - - [26/Oct/2023:03:17:34 -0500] "HEAD / HTTP/1.1" 200 -
201.245.192.253 - - [26/Oct/2023:03:18:17 -0500] "POST /kwsrmcab/Wsrmcab  HTTP/1.1" 200 40804
172.22.2.4 - - [26/Oct/2023:03:20:00 -0500] "GET /BLA/boletinlegal/actos.php HTTP/1.1" 200 9682
172.22.2.4 - - [26/Oct/2023:03:20:00 -0500] "GET /BLA/boletinlegal/favicon.ico HTTP/1.1" 404 1326
181.57.28.56 - - [26/Oct/2023:03:20:05 -0500] "GET /BLA/resoluciones/ HTTP/1.1" 200 13696
201.245.192.253 - - [26/Oct/2023:03:20:06 -0500] "POST /kwsrmcab/Wsrmcab HTTP/1.1" 200 39924
181.57.28.56 - - [26/Oct/2023:03:20:07 -0500] "GET /BLA/resoluciones/index.php?dir=AUTOS+2023%2F HTTP/1.1" 200 374493
201.245.192.253 - - [26/Oct/2023:03:20:28 -0500] "POST /kwsrmcab/Wsrmcab HTTP/1.1" 200 40445
172.22.2.4 - - [26/Oct/2023:03:19:08 -0500] "HEAD /BLA/boletinlegal/ HTTP/1.1" 200 -
52.167.144.139 - - [26/Oct/2023:03:21:23 -0500] "GET /BLA/resoluciones/AUTOS%202023/3722.pdf HTTP/1.1" 200 384473
172.22.2.4 - - [26/Oct/2023:03:19:58 -0500] "GET /BLA/boletinlegal/ HTTP/1.1" 200 57957
40.77.167.19 - - [26/Oct/2023:03:22:25 -0500] "GET /portaldeninos/wp-content/uploads/2020/11/EL-Burro-B-1-50x28.jpg HTTP/1.1" 200 1404
216.245.221.92 - - [26/Oct/2023:03:22:34 -0500] "HEAD / HTTP/1.1" 200 -
201.245.192.253 - - [26/Oct/2023:03:23:15 -0500] "POST /kwsrmcab/Wsrmcab  HTTP/1.1" 200 40804
172.22.2.4 - - [26/Oct/2023:03:24:58 -0500] "HEAD /BLA/boletinlegal/ HTTP/1.1" 200 -
201.245.192.253 - - [26/Oct/2023:03:27:00 -0500] "POST /kwsrmcab/Wsrmcab HTTP/1.1" 200 39924
201.245.192.253 - - [26/Oct/2023:03:27:03 -0500] "POST /kwsrmcab/Wsrmcab HTTP/1.1" 200 40445
172.22.2.4 - - [26/Oct/2023:03:25:48 -0500] "GET /BLA/boletinlegal/ HTTP/1.1" 200 60331
216.245.221.92 - - [26/Oct/2023:03:27:34 -0500] "HEAD / HTTP/1.1" 200 -
201.245.192.253 - - [26/Oct/2023:03:28:16 -0500] "POST /kwsrmcab/Wsrmcab  HTTP/1.1" 200 40804
201.245.192.253 - - [26/Oct/2023:03:30:05 -0500] "POST /kwsrmcab/Wsrmcab HTTP/1.1" 200 39924
201.245.192.253 - - [26/Oct/2023:03:30:08 -0500] "POST /kwsrmcab/Wsrmcab HTTP/1.1" 200 40445
40.77.167.36 - - [26/Oct/2023:03:31:42 -0500] "GET /BLA/resoluciones/AUTOS%202023/5038.pdf HTTP/1.1" 200 1761821
114.119.133.87 - - [26/Oct/2023:03:32:14 -0500] "GET /BLA/resoluciones/index.php?dir=Notificaciones/AUTOS%2B2012/&sort=size&order=asc HTTP/1.1" 200 13944
172.22.2.4 - - [26/Oct/2023:03:30:48 -0500] "HEAD /BLA/boletinlegal/ HTTP/1.1" 200 -
216.245.221.92 - - [26/Oct/2023:03:32:34 -0500] "HEAD / HTTP/1.1" 200 -
185.191.171.3 - - [26/Oct/2023:03:32:40 -0500] "GET /con-participacion-bogota-avanza-en-la-construccion-de-la-politica-publica-de-accion-climatica-2050.html HTTP/1.1" 200 806
201.245.192.253 - - [26/Oct/2023:03:33:15 -0500] "POST /kwsrmcab/Wsrmcab  HTTP/1.1" 200 40804
172.22.2.4 - - [26/Oct/2023:03:31:38 -0500] "GET /BLA/boletinlegal/ HTTP/1.1" 200 58673
40.77.167.36 - - [26/Oct/2023:03:35:27 -0500] "GET /BLA/resoluciones/AUTOS%202023/3289.pdf HTTP/1.1" 200 1272101
201.245.192.253 - - [26/Oct/2023:03:37:00 -0500] "POST /kwsrmcab/Wsrmcab HTTP/1.1" 200 39924
201.245.192.253 - - [26/Oct/2023:03:37:03 -0500] "POST /kwsrmcab/Wsrmcab HTTP/1.1" 200 40445
40.77.167.247 - - [26/Oct/2023:03:37:19 -0500] "GET /portaldeninos/ HTTP/1.1" 200 110175
216.245.221.92 - - [26/Oct/2023:03:37:34 -0500] "HEAD / HTTP/1.1" 200 -
201.245.192.253 - - [26/Oct/2023:03:38:14 -0500] "POST /kwsrmcab/Wsrmcab  HTTP/1.1" 200 40804
172.22.2.4 - - [26/Oct/2023:03:36:38 -0500] "HEAD /BLA/boletinlegal/ HTTP/1.1" 200 -
172.22.2.4 - - [26/Oct/2023:03:37:29 -0500] "GET /BLA/boletinlegal/ HTTP/1.1" 200 58309
201.245.192.253 - - [26/Oct/2023:03:40:04 -0500] "POST /kwsrmcab/Wsrmcab HTTP/1.1" 200 39924
201.245.192.253 - - [26/Oct/2023:03:40:08 -0500] "POST /kwsrmcab/Wsrmcab HTTP/1.1" 200 40445
199.16.157.181 - - [26/Oct/2023:03:41:37 -0500] "GET /images/pl%C3%A1sticos%20foto%201..jpg HTTP/1.1" 404 1034
66.249.66.21 - - [26/Oct/2023:03:42:26 -0500] "GET /robots.txt HTTP/1.1" 404 1018
66.249.66.21 - - [26/Oct/2023:03:42:26 -0500] "GET /Publicaciones/2023EE239927.pdf HTTP/1.1" 404 228
216.245.221.92 - - [26/Oct/2023:03:42:34 -0500] "HEAD / HTTP/1.1" 200 -
201.245.192.253 - - [26/Oct/2023:03:43:13 -0500] "POST /kwsrmcab/Wsrmcab  HTTP/1.1" 200 40804
172.22.2.4 - - [26/Oct/2023:03:42:29 -0500] "HEAD /BLA/boletinlegal/ HTTP/1.1" 200 -
172.22.2.4 - - [26/Oct/2023:03:43:19 -0500] "GET /BLA/boletinlegal/ HTTP/1.1" 200 55500
172.22.2.4 - - [26/Oct/2023:03:45:09 -0500] "GET /BLA/boletinlegal/robots.txt HTTP/1.1" 404 1038
40.77.167.19 - - [26/Oct/2023:03:45:45 -0500] "GET /BLA/resoluciones/RESOLUCIONES%202007/RES%202007%203201%20AL%203300/RESOLUCION%203257%20DE%202007.pdf HTTP/1.1" 200 2739877
216.245.221.92 - - [26/Oct/2023:03:47:33 -0500] "HEAD / HTTP/1.1" 200 -
201.245.192.253 - - [26/Oct/2023:03:48:12 -0500] "POST /kwsrmcab/Wsrmcab  HTTP/1.1" 200 40804
40.77.167.235 - - [26/Oct/2023:03:48:40 -0500] "GET /BLA/resoluciones/AUTOS%202023/5097.pdf HTTP/1.1" 200 403605
172.22.2.4 - - [26/Oct/2023:03:48:19 -0500] "HEAD /BLA/boletinlegal/ HTTP/1.1" 200 -
52.167.144.179 - - [26/Oct/2023:03:50:00 -0500] "GET /sitemap.txt HTTP/1.1" 404 1049
172.22.2.4 - - [26/Oct/2023:03:49:09 -0500] "GET /BLA/boletinlegal/ HTTP/1.1" 200 58309
40.77.167.235 - - [26/Oct/2023:03:52:01 -0500] "GET /BLA/resoluciones/AUTOS%202023/3992.pdf HTTP/1.1" 200 421538
216.245.221.92 - - [26/Oct/2023:03:52:33 -0500] "HEAD / HTTP/1.1" 200 -
66.249.66.21 - - [26/Oct/2023:03:52:45 -0500] "GET /sig/CALIDAD/NORMATIVIDAD/NTCISO14001%202004.pdf HTTP/1.1" 404 1018
201.245.192.253 - - [26/Oct/2023:03:53:11 -0500] "POST /kwsrmcab/Wsrmcab  HTTP/1.1" 200 40804
216.244.66.246 - - [26/Oct/2023:03:53:25 -0500] "GET /robots.txt HTTP/1.1" 404 1035
40.77.167.75 - - [26/Oct/2023:03:53:47 -0500] "GET /BLA/resoluciones/AUTOS%202023/4151.pdf HTTP/1.1" 200 436099
172.22.2.4 - - [26/Oct/2023:03:54:09 -0500] "HEAD /BLA/boletinlegal/ HTTP/1.1" 200 -
172.22.2.4 - - [26/Oct/2023:03:54:59 -0500] "GET /BLA/boletinlegal/ HTTP/1.1" 200 58309
216.245.221.92 - - [26/Oct/2023:03:57:33 -0500] "HEAD / HTTP/1.1" 200 -
52.167.144.170 - - [26/Oct/2023:03:57:59 -0500] "GET /portaldeninos/ HTTP/1.1" 200 110175
201.245.192.253 - - [26/Oct/2023:03:58:11 -0500] "POST /kwsrmcab/Wsrmcab  HTTP/1.1" 200 40804
4.16.142.230 - - [26/Oct/2023:03:59:34 -0500] "GET /laravel/.env HTTP/1.1" 404 1018
4.16.142.230 - - [26/Oct/2023:03:59:34 -0500] "POST /laravel HTTP/1.1" 404 1018
52.167.144.179 - - [26/Oct/2023:03:59:42 -0500] "GET /BLA/resoluciones/AUTOS%202023/3314.pdf HTTP/1.1" 200 547449
216.244.66.246 - - [26/Oct/2023:04:00:44 -0500] "GET /portaldeninos/humedal-tibanica-2/ HTTP/1.1" 200 87771
172.22.2.4 - - [26/Oct/2023:03:59:59 -0500] "HEAD /BLA/boletinlegal/ HTTP/1.1" 200 -
172.22.2.4 - - [26/Oct/2023:04:00:49 -0500] "GET /BLA/boletinlegal/ HTTP/1.1" 200 58309
216.245.221.92 - - [26/Oct/2023:04:02:33 -0500] "HEAD / HTTP/1.1" 200 -
201.245.192.253 - - [26/Oct/2023:04:03:10 -0500] "POST /kwsrmcab/Wsrmcab  HTTP/1.1" 200 40804
52.167.144.179 - - [26/Oct/2023:04:03:32 -0500] "GET /BLA/resoluciones/RESOLUCIONES%202019/3731.pdf HTTP/1.1" 304 -
172.22.2.4 - - [26/Oct/2023:04:05:49 -0500] "HEAD /BLA/boletinlegal/ HTTP/1.1" 200 -
216.245.221.92 - - [26/Oct/2023:04:07:33 -0500] "HEAD / HTTP/1.1" 200 -
201.245.192.253 - - [26/Oct/2023:04:08:09 -0500] "POST /kwsrmcab/Wsrmcab  HTTP/1.1" 200 40804
172.22.2.4 - - [26/Oct/2023:04:06:39 -0500] "GET /BLA/boletinlegal/ HTTP/1.1" 200 58309
52.167.144.191 - - [26/Oct/2023:04:09:59 -0500] "GET /BLA/resoluciones/AUTOS%202023/0996.pdf HTTP/1.1" 200 522792
216.245.221.92 - - [26/Oct/2023:04:12:33 -0500] "HEAD / HTTP/1.1" 200 -
201.245.192.253 - - [26/Oct/2023:04:13:08 -0500] "POST /kwsrmcab/Wsrmcab  HTTP/1.1" 200 40804
172.22.2.4 - - [26/Oct/2023:04:11:39 -0500] "HEAD /BLA/boletinlegal/ HTTP/1.1" 200 -
52.167.144.191 - - [26/Oct/2023:04:14:09 -0500] "GET /BLA/resoluciones/AUTOS%202023/5041.pdf HTTP/1.1" 200 2543088
172.22.2.4 - - [26/Oct/2023:04:12:29 -0500] "GET /BLA/boletinlegal/ HTTP/1.1" 200 58309
201.245.192.253 - - [26/Oct/2023:04:17:00 -0500] "POST /kwsrmcab/Wsrmcab HTTP/1.1" 200 39780
201.245.192.253 - - [26/Oct/2023:04:17:02 -0500] "POST /kwsrmcab/Wsrmcab HTTP/1.1" 200 40460
172.22.2.4 - - [26/Oct/2023:04:17:22 -0500] "GET /BLA/boletinlegal/jurisprudencia.php HTTP/1.1" 200 17583
216.245.221.92 - - [26/Oct/2023:04:17:33 -0500] "HEAD / HTTP/1.1" 200 -
172.22.2.4 - - [26/Oct/2023:04:17:50 -0500] "GET /BLA/boletinlegal/js/popup.js HTTP/1.1" 200 1270
172.22.2.4 - - [26/Oct/2023:04:17:50 -0500] "GET /BLA/boletinlegal/js/jquery1.js HTTP/1.1" 200 29846
172.22.2.4 - - [26/Oct/2023:04:17:55 -0500] "GET /BLA/boletinlegal/js/lib.js HTTP/1.1" 200 6474
201.245.192.253 - - [26/Oct/2023:04:18:07 -0500] "POST /kwsrmcab/Wsrmcab  HTTP/1.1" 200 40804
172.22.2.4 - - [26/Oct/2023:04:17:29 -0500] "HEAD /BLA/boletinlegal/ HTTP/1.1" 200 -
40.77.167.14 - - [26/Oct/2023:04:19:47 -0500] "GET /BLA/resoluciones/AUTOS%202023/5382.pdf HTTP/1.1" 200 319188
172.22.2.4 - - [26/Oct/2023:04:18:19 -0500] "GET /BLA/boletinlegal/ HTTP/1.1" 200 58309
201.245.192.253 - - [26/Oct/2023:04:20:05 -0500] "POST /kwsrmcab/Wsrmcab HTTP/1.1" 200 39780
201.245.192.253 - - [26/Oct/2023:04:20:07 -0500] "POST /kwsrmcab/Wsrmcab HTTP/1.1" 200 40460
69.63.189.2 - - [26/Oct/2023:04:20:25 -0500] "GET /images/cuerpos%20de%20agua%20en%20humedales-19-10.jpg HTTP/1.1" 200 73528
69.63.189.118 - - [26/Oct/2023:04:20:41 -0500] "GET /images/plantacion-humedal-la-conejera.jpg HTTP/1.1" 200 92644
216.245.221.92 - - [26/Oct/2023:04:22:33 -0500] "HEAD / HTTP/1.1" 200 -
66.249.66.21 - - [26/Oct/2023:04:22:59 -0500] "GET /BLA/resoluciones/RESOLUCIONES%202011/5014.pdf HTTP/1.1" 200 594866
201.245.192.253 - - [26/Oct/2023:04:23:06 -0500] "POST /kwsrmcab/Wsrmcab  HTTP/1.1" 200 40804
66.249.66.19 - - [26/Oct/2023:04:24:43 -0500] "GET /BLA/resoluciones/RESOLUCIONES%202009/8855.pdf HTTP/1.1" 200 186459
172.22.2.4 - - [26/Oct/2023:04:23:19 -0500] "HEAD /BLA/boletinlegal/ HTTP/1.1" 200 -
66.249.66.20 - - [26/Oct/2023:04:25:04 -0500] "GET /BLA/resoluciones/RESOLUCIONES%202009/3509.pdf HTTP/1.1" 200 716238
172.22.2.4 - - [26/Oct/2023:04:24:09 -0500] "GET /BLA/boletinlegal/ HTTP/1.1" 200 56310
52.167.144.136 - - [26/Oct/2023:04:25:53 -0500] "GET /BLA/resoluciones/AUTOS%202023/2392.pdf HTTP/1.1" 200 475230
201.245.192.253 - - [26/Oct/2023:04:27:00 -0500] "POST /kwsrmcab/Wsrmcab HTTP/1.1" 200 39780
201.245.192.253 - - [26/Oct/2023:04:27:03 -0500] "POST /kwsrmcab/Wsrmcab HTTP/1.1" 200 40460
216.245.221.92 - - [26/Oct/2023:04:27:33 -0500] "HEAD / HTTP/1.1" 200 -
201.245.192.253 - - [26/Oct/2023:04:28:05 -0500] "POST /kwsrmcab/Wsrmcab  HTTP/1.1" 200 40804
66.249.66.19 - - [26/Oct/2023:04:28:22 -0500] "GET /BLA/resoluciones/RESOLUCIONES%202009/6718.pdf HTTP/1.1" 200 356860
201.245.192.253 - - [26/Oct/2023:04:30:05 -0500] "POST /kwsrmcab/Wsrmcab HTTP/1.1" 200 39780
201.245.192.253 - - [26/Oct/2023:04:30:08 -0500] "POST /kwsrmcab/Wsrmcab HTTP/1.1" 200 40460
66.249.66.19 - - [26/Oct/2023:04:30:23 -0500] "GET /BLA/resoluciones/RESOLUCIONES%202011/3011.pdf HTTP/1.1" 200 355703
66.249.66.20 - - [26/Oct/2023:04:30:39 -0500] "GET /resoluciones/RESOLUCIONES%202008/2514.pdf HTTP/1.1" 404 1018
172.22.2.4 - - [26/Oct/2023:04:29:09 -0500] "HEAD /BLA/boletinlegal/ HTTP/1.1" 200 -
66.249.66.19 - - [26/Oct/2023:04:30:50 -0500] "GET /BLA/resoluciones/RESOLUCIONES%202008/1996.pdf HTTP/1.1" 200 235537
66.249.66.21 - - [26/Oct/2023:04:31:20 -0500] "GET /BLA/resoluciones/RESOLUCIONES%202010/6043.pdf HTTP/1.1" 200 677303
172.22.2.4 - - [26/Oct/2023:04:29:59 -0500] "GET /BLA/boletinlegal/ HTTP/1.1" 200 58309
216.245.221.92 - - [26/Oct/2023:04:32:33 -0500] "HEAD / HTTP/1.1" 200 -
191.108.61.253 - - [26/Oct/2023:04:33:02 -0500] "GET /BLA/resoluciones/RESOLUCIONES%202021/4188.pdf HTTP/1.1" 200 499693
191.108.61.253 - - [26/Oct/2023:04:33:02 -0500] "GET /favicon.ico HTTP/1.1" 200 7782
201.245.192.253 - - [26/Oct/2023:04:33:03 -0500] "POST /kwsrmcab/Wsrmcab  HTTP/1.1" 200 40804
66.249.66.20 - - [26/Oct/2023:04:33:09 -0500] "GET /BLA/resoluciones/AUTOS%202008/1501.pdf HTTP/1.1" 200 281129
52.167.144.16 - - [26/Oct/2023:04:33:13 -0500] "GET /Publicaciones/2023EE208351.pdf HTTP/1.1" 404 228
52.167.144.16 - - [26/Oct/2023:04:33:14 -0500] "GET /bla/resoluciones/autos%202010/5446.pdf HTTP/1.1" 200 991790
172.22.2.4 - - [26/Oct/2023:04:32:33 -0500] "GET /BLA/boletinlegal/ HTTP/1.1" 200 62469
66.249.66.19 - - [26/Oct/2023:04:34:27 -0500] "GET /BLA/resoluciones/RESOLUCIONES%202009/4458.pdf HTTP/1.1" 200 411262
18.234.82.44 - - [26/Oct/2023:04:35:42 -0500] "GET /caminatas-ecologicas-un-plan-imperdible-para-octubre.html HTTP/1.1" 200 747
18.234.82.44 - - [26/Oct/2023:04:36:22 -0500] "GET /portaldeninos/ HTTP/1.1" 200 110175
172.22.2.4 - - [26/Oct/2023:04:36:26 -0500] "GET /BLA/boletinlegal/actos.php HTTP/1.1" 200 9682
172.22.2.4 - - [26/Oct/2023:04:34:59 -0500] "HEAD /BLA/boletinlegal/ HTTP/1.1" 200 -
66.249.66.21 - - [26/Oct/2023:04:36:52 -0500] "GET /BLA/resoluciones/RESOLUCIONES%202009/3221.pdf HTTP/1.1" 200 463110
201.245.192.253 - - [26/Oct/2023:04:37:00 -0500] "POST /kwsrmcab/Wsrmcab HTTP/1.1" 200 39780
201.245.192.253 - - [26/Oct/2023:04:37:02 -0500] "POST /kwsrmcab/Wsrmcab HTTP/1.1" 200 40460
172.22.2.4 - - [26/Oct/2023:04:35:49 -0500] "GET /BLA/boletinlegal/ HTTP/1.1" 200 57957
216.245.221.92 - - [26/Oct/2023:04:37:33 -0500] "HEAD / HTTP/1.1" 200 -
201.245.192.253 - - [26/Oct/2023:04:38:03 -0500] "POST /kwsrmcab/Wsrmcab  HTTP/1.1" 200 40804
40.77.167.47 - - [26/Oct/2023:04:39:57 -0500] "GET /BLA/resoluciones/AUTOS%202023/4874.pdf HTTP/1.1" 200 706979
216.244.66.246 - - [26/Oct/2023:04:40:04 -0500] "GET /robots.txt HTTP/1.1" 404 1035
201.245.192.253 - - [26/Oct/2023:04:40:04 -0500] "POST /kwsrmcab/Wsrmcab HTTP/1.1" 200 39780
201.245.192.253 - - [26/Oct/2023:04:40:07 -0500] "POST /kwsrmcab/Wsrmcab HTTP/1.1" 200 40460
172.22.2.4 - - [26/Oct/2023:04:41:47 -0500] "GET /BLA/boletinlegal/robots.txt HTTP/1.1" 404 1038
172.22.2.4 - - [26/Oct/2023:04:41:48 -0500] "GET /BLA/boletinlegal/Directivas/2016/Directiva%20No.%2002%20del%2019%20de%20Abril%20de%202016.pdf HTTP/1.1" 200 11898321
172.22.2.4 - - [26/Oct/2023:04:40:48 -0500] "HEAD /BLA/boletinlegal/ HTTP/1.1" 200 -
216.245.221.92 - - [26/Oct/2023:04:42:33 -0500] "HEAD / HTTP/1.1" 200 -
201.245.192.253 - - [26/Oct/2023:04:43:01 -0500] "POST /kwsrmcab/Wsrmcab  HTTP/1.1" 200 40804
172.22.2.4 - - [26/Oct/2023:04:41:40 -0500] "GET /BLA/boletinlegal/ HTTP/1.1" 200 58309
172.22.2.4 - - [26/Oct/2023:04:43:52 -0500] "GET /BLA/boletinlegal/ HTTP/1.1" 200 20427
172.22.2.4 - - [26/Oct/2023:04:44:34 -0500] "GET /BLA/boletinlegal/robots.txt HTTP/1.1" 404 1038
66.249.66.19 - - [26/Oct/2023:04:44:37 -0500] "GET /BLA/resoluciones/RESOLUCIONES%202011/3976.pdf HTTP/1.1" 200 792238
66.249.66.21 - - [26/Oct/2023:04:45:10 -0500] "GET /BLA/resoluciones/Autos%202008/0401.pdf HTTP/1.1" 200 113228
172.22.2.4 - - [26/Oct/2023:04:44:36 -0500] "GET /BLA/boletinlegal/index.php HTTP/1.1" 200 62469
216.245.221.92 - - [26/Oct/2023:04:47:33 -0500] "HEAD / HTTP/1.1" 200 -
201.245.192.253 - - [26/Oct/2023:04:48:00 -0500] "POST /kwsrmcab/Wsrmcab  HTTP/1.1" 200 40804
172.22.2.4 - - [26/Oct/2023:04:46:39 -0500] "HEAD /BLA/boletinlegal/ HTTP/1.1" 200 -
216.244.66.246 - - [26/Oct/2023:04:48:22 -0500] "GET /portaldeninos/los-arboles/ HTTP/1.1" 200 87546
172.22.2.4 - - [26/Oct/2023:04:47:30 -0500] "GET /BLA/boletinlegal/ HTTP/1.1" 200 60331
52.149.22.86 - - [26/Oct/2023:04:51:44 -0500] "GET /Publicaciones/2023EE208351.pdf HTTP/1.1" 404 228
40.77.167.36 - - [26/Oct/2023:04:52:24 -0500] "GET /portaldeninos/parque-mirador-de-los-nevados/ HTTP/1.1" 200 89855
216.245.221.92 - - [26/Oct/2023:04:52:33 -0500] "HEAD / HTTP/1.1" 200 -
201.245.192.253 - - [26/Oct/2023:04:52:59 -0500] "POST /kwsrmcab/Wsrmcab  HTTP/1.1" 200 40804
66.249.66.20 - - [26/Oct/2023:04:53:16 -0500] "GET /BLA/resoluciones/AUTOS%202009/2776.pdf HTTP/1.1" 200 137234
40.77.167.36 - - [26/Oct/2023:04:53:34 -0500] "GET /portaldeninos/parque-mirador-de-los-nevados/ HTTP/1.1" 200 89855
52.167.144.57 - - [26/Oct/2023:04:53:52 -0500] "GET /robots.txt HTTP/1.1" 404 1049
69.63.189.120 - - [26/Oct/2023:04:53:55 -0500] "GET /te-contamos-como-instalar-un-contenedor-para-baterias-de-litio-en-tu-establecimiento.html HTTP/1.1" 200 892
40.77.167.33 - - [26/Oct/2023:04:53:57 -0500] "GET /sitemap.txt HTTP/1.1" 404 1049
172.22.2.4 - - [26/Oct/2023:04:52:29 -0500] "HEAD /BLA/boletinlegal/ HTTP/1.1" 200 -
172.22.2.4 - - [26/Oct/2023:04:53:20 -0500] "GET /BLA/boletinlegal/ HTTP/1.1" 200 58309
34.91.247.6 - - [26/Oct/2023:04:56:17 -0500] "GET /caminatas-ecologicas-un-plan-imperdible-para-octubre.html HTTP/1.1" 200 747
216.245.221.92 - - [26/Oct/2023:04:57:33 -0500] "HEAD / HTTP/1.1" 200 -
201.245.192.253 - - [26/Oct/2023:04:57:59 -0500] "POST /kwsrmcab/Wsrmcab  HTTP/1.1" 200 40804
107.6.112.252 - - [26/Oct/2023:04:59:11 -0500] "\x16\x03\x01" 400 226
172.22.2.4 - - [26/Oct/2023:04:58:19 -0500] "HEAD /BLA/boletinlegal/ HTTP/1.1" 200 -
172.22.2.4 - - [26/Oct/2023:04:59:10 -0500] "GET /BLA/boletinlegal/ HTTP/1.1" 200 60331
216.245.221.92 - - [26/Oct/2023:05:02:33 -0500] "HEAD / HTTP/1.1" 200 -
201.245.192.253 - - [26/Oct/2023:05:02:58 -0500] "POST /kwsrmcab/Wsrmcab  HTTP/1.1" 200 40804
40.77.167.126 - - [26/Oct/2023:05:03:43 -0500] "GET /BLA/resoluciones/AUTOS%202023/5243.pdf HTTP/1.1" 200 846701
52.167.144.180 - - [26/Oct/2023:05:05:47 -0500] "GET /Publicaciones/2023EE236866.pdf HTTP/1.1" 404 228
172.22.2.4 - - [26/Oct/2023:05:04:09 -0500] "HEAD /BLA/boletinlegal/ HTTP/1.1" 200 -
172.22.2.4 - - [26/Oct/2023:05:05:12 -0500] "GET /BLA/boletinlegal/ HTTP/1.1" 200 20427
172.22.2.4 - - [26/Oct/2023:05:05:00 -0500] "GET /BLA/boletinlegal/ HTTP/1.1" 200 54712
216.245.221.92 - - [26/Oct/2023:05:07:33 -0500] "HEAD / HTTP/1.1" 200 -
201.245.192.253 - - [26/Oct/2023:05:07:57 -0500] "POST /kwsrmcab/Wsrmcab  HTTP/1.1" 200 40804
40.77.167.40 - - [26/Oct/2023:05:10:00 -0500] "GET /BLA/resoluciones/AUTOS%202007/2171.pdf HTTP/1.1" 200 99591
40.77.167.126 - - [26/Oct/2023:05:10:14 -0500] "GET /bla/resoluciones/resoluciones%202012/0374.pdf HTTP/1.1" 200 504702
52.167.144.180 - - [26/Oct/2023:05:11:39 -0500] "GET /BLA/resoluciones/AUTOS%202023/4241.pdf HTTP/1.1" 200 902037
172.22.2.4 - - [26/Oct/2023:05:09:59 -0500] "HEAD /BLA/boletinlegal/ HTTP/1.1" 200 -
172.22.2.4 - - [26/Oct/2023:05:10:50 -0500] "GET /BLA/boletinlegal/ HTTP/1.1" 200 57957
216.245.221.92 - - [26/Oct/2023:05:12:33 -0500] "HEAD / HTTP/1.1" 200 -
201.245.192.253 - - [26/Oct/2023:05:12:57 -0500] "POST /kwsrmcab/Wsrmcab  HTTP/1.1" 200 40804
66.249.66.20 - - [26/Oct/2023:05:13:41 -0500] "GET /BLA/resoluciones/Autos%202008/0368.pdf HTTP/1.1" 200 151967
52.167.144.214 - - [26/Oct/2023:05:13:45 -0500] "GET /BLA/resoluciones/AUTOS%202023/4574.pdf HTTP/1.1" 200 778612
201.245.192.253 - - [26/Oct/2023:05:16:59 -0500] "POST /kwsrmcab/Wsrmcab HTTP/1.1" 200 40085
201.245.192.253 - - [26/Oct/2023:05:17:02 -0500] "POST /kwsrmcab/Wsrmcab HTTP/1.1" 200 40470
172.22.2.4 - - [26/Oct/2023:05:15:50 -0500] "HEAD /BLA/boletinlegal/ HTTP/1.1" 200 -
216.245.221.92 - - [26/Oct/2023:05:17:33 -0500] "HEAD / HTTP/1.1" 200 -
40.77.167.14 - - [26/Oct/2023:05:17:44 -0500] "GET /BLA/resoluciones/AUTOS%202023/5499.pdf HTTP/1.1" 200 408249
201.245.192.253 - - [26/Oct/2023:05:17:56 -0500] "POST /kwsrmcab/Wsrmcab  HTTP/1.1" 200 40804
172.22.2.4 - - [26/Oct/2023:05:18:19 -0500] "GET /BLA/boletinlegal/Circulares/2009/Circular%20Instructiva%20-%20Memorando%202009IE24363.pdf HTTP/1.1" 200 1544636
172.22.2.4 - - [26/Oct/2023:05:18:20 -0500] "GET /BLA/boletinlegal/favicon.ico HTTP/1.1" 404 1468
172.22.2.4 - - [26/Oct/2023:05:16:40 -0500] "GET /BLA/boletinlegal/ HTTP/1.1" 200 60331
40.77.167.2 - - [26/Oct/2023:05:19:13 -0500] "GET /galeria/galeria/fotos/Humedal-Santa-Mar%C3%ADa-del-Lago3G.jpg HTTP/1.1" 200 271832
172.22.2.4 - - [26/Oct/2023:05:19:24 -0500] "GET /BLA/boletinlegal/Circulares/2009/Circular%20Instructiva%20-%20Memorando%202009IE24363.pdf HTTP/1.1" 200 1544636
172.22.2.4 - - [26/Oct/2023:05:19:25 -0500] "GET /BLA/boletinlegal/apple-touch-icon-120x120-precomposed.png HTTP/1.1" 404 1140
172.22.2.4 - - [26/Oct/2023:05:19:25 -0500] "GET /BLA/boletinlegal/apple-touch-icon-120x120.png HTTP/1.1" 404 1140
172.22.2.4 - - [26/Oct/2023:05:19:25 -0500] "GET /BLA/boletinlegal/apple-touch-icon-precomposed.png HTTP/1.1" 404 1140
172.22.2.4 - - [26/Oct/2023:05:19:25 -0500] "GET /BLA/boletinlegal/apple-touch-icon.png HTTP/1.1" 404 1140
172.22.2.4 - - [26/Oct/2023:05:19:25 -0500] "GET /BLA/boletinlegal/favicon.ico HTTP/1.1" 404 1140
172.22.2.4 - - [26/Oct/2023:05:19:25 -0500] "GET /BLA/boletinlegal/apple-touch-icon-120x120-precomposed.png HTTP/1.1" 404 1140
172.22.2.4 - - [26/Oct/2023:05:19:25 -0500] "GET /BLA/boletinlegal/apple-touch-icon-120x120.png HTTP/1.1" 404 1140
172.22.2.4 - - [26/Oct/2023:05:19:25 -0500] "GET /BLA/boletinlegal/apple-touch-icon-precomposed.png HTTP/1.1" 404 1140
172.22.2.4 - - [26/Oct/2023:05:19:25 -0500] "GET /BLA/boletinlegal/apple-touch-icon.png HTTP/1.1" 404 1140
172.22.2.4 - - [26/Oct/2023:05:19:25 -0500] "GET /BLA/boletinlegal/favicon.ico HTTP/1.1" 404 1140
52.167.144.228 - - [26/Oct/2023:05:19:30 -0500] "GET /BLA/resoluciones/AUTOS%202023/5423.pdf HTTP/1.1" 200 320113
185.191.171.13 - - [26/Oct/2023:05:19:37 -0500] "GET /robots.txt HTTP/1.1" 404 1034
85.208.96.198 - - [26/Oct/2023:05:19:37 -0500] "GET /dia-mundial-del-agua-2023-programate-para-participar-en-estas-actividades-de-educacion-ambiental.html HTTP/1.1" 200 903
201.245.192.253 - - [26/Oct/2023:05:20:05 -0500] "POST /kwsrmcab/Wsrmcab HTTP/1.1" 200 40085
201.245.192.253 - - [26/Oct/2023:05:20:07 -0500] "POST /kwsrmcab/Wsrmcab HTTP/1.1" 200 40470
216.245.221.92 - - [26/Oct/2023:05:22:33 -0500] "HEAD / HTTP/1.1" 200 -
201.245.192.253 - - [26/Oct/2023:05:22:56 -0500] "POST /kwsrmcab/Wsrmcab  HTTP/1.1" 200 40804
172.22.2.4 - - [26/Oct/2023:05:21:39 -0500] "HEAD /BLA/boletinlegal/ HTTP/1.1" 200 -
124.133.214.192 - - [26/Oct/2023:05:24:09 -0500] "GET / HTTP/1.0" 200 319
172.22.2.4 - - [26/Oct/2023:05:22:30 -0500] "GET /BLA/boletinlegal/ HTTP/1.1" 200 58309
61.52.78.65 - - [26/Oct/2023:05:24:38 -0500] "GET / HTTP/1.1" 200 319
27.227.187.224 - - [26/Oct/2023:05:24:39 -0500] "GET /favicon.ico HTTP/1.1" 200 7782
201.245.192.253 - - [26/Oct/2023:05:27:00 -0500] "POST /kwsrmcab/Wsrmcab HTTP/1.1" 200 40085
201.245.192.253 - - [26/Oct/2023:05:27:02 -0500] "POST /kwsrmcab/Wsrmcab HTTP/1.1" 200 40470
66.249.79.102 - - [26/Oct/2023:05:27:13 -0500] "GET /BLA/resoluciones/RESOLUCIONES%202009/0241.pdf HTTP/1.1" 200 569465
216.245.221.92 - - [26/Oct/2023:05:27:33 -0500] "HEAD / HTTP/1.1" 200 -
95.111.225.53 - - [26/Oct/2023:05:27:53 -0500] "GET / HTTP/1.0" 200 319
201.245.192.253 - - [26/Oct/2023:05:27:55 -0500] "POST /kwsrmcab/Wsrmcab  HTTP/1.1" 200 40804
172.22.2.4 - - [26/Oct/2023:05:27:29 -0500] "HEAD /BLA/boletinlegal/ HTTP/1.1" 200 -
172.22.2.4 - - [26/Oct/2023:05:28:20 -0500] "GET /BLA/boletinlegal/ HTTP/1.1" 200 58309
201.245.192.253 - - [26/Oct/2023:05:30:04 -0500] "POST /kwsrmcab/Wsrmcab HTTP/1.1" 200 40085
201.245.192.253 - - [26/Oct/2023:05:30:07 -0500] "POST /kwsrmcab/Wsrmcab HTTP/1.1" 200 40470
186.86.32.51 - - [26/Oct/2023:05:31:43 -0500] "GET /caminatas-ecologicas-un-plan-imperdible-para-octubre.html HTTP/1.1" 200 747
51.222.253.13 - - [26/Oct/2023:05:31:44 -0500] "GET /robots.txt HTTP/1.1" 404 1018
51.222.253.16 - - [26/Oct/2023:05:31:44 -0500] "GET /galeria/nivo-slider/demo/images/Rendicion.png HTTP/1.1" 200 262274
52.167.144.187 - - [26/Oct/2023:05:31:47 -0500] "GET /BLA/resoluciones/AUTOS%202023/4074.pdf HTTP/1.1" 200 1373391
172.22.2.4 - - [26/Oct/2023:05:31:50 -0500] "GET /BLA/boletinlegal/robots.txt HTTP/1.1" 404 1038
172.22.2.4 - - [26/Oct/2023:05:31:51 -0500] "GET /BLA/boletinlegal/Circulares/2012/Circular%20No.%208%20del%2021%20de%20Agosto%20de%202012.pdf HTTP/1.1" 200 963197
52.167.144.20 - - [26/Oct/2023:05:31:56 -0500] "GET /BLA/resoluciones/AUTOS%202023/3272.pdf HTTP/1.1" 200 1772066
162.55.43.55 - - [26/Oct/2023:05:32:17 -0500] "GET / HTTP/1.1" 200 4720
162.55.43.55 - - [26/Oct/2023:05:32:19 -0500] "GET / HTTP/1.1" 200 319
216.245.221.92 - - [26/Oct/2023:05:32:33 -0500] "HEAD / HTTP/1.1" 200 -
201.245.192.253 - - [26/Oct/2023:05:32:54 -0500] "POST /kwsrmcab/Wsrmcab  HTTP/1.1" 200 40804
213.186.1.154 - - [26/Oct/2023:05:33:19 -0500] "GET /images/plantacion%20arboles%20bog.jpg HTTP/1.1" 200 106124
52.167.144.194 - - [26/Oct/2023:05:33:50 -0500] "GET /portaldeninos/wp-content/uploads/2020/11/Capellan%C3%ADa-B-133x75.jpg HTTP/1.1" 200 3452
172.22.2.4 - - [26/Oct/2023:05:33:19 -0500] "HEAD /BLA/boletinlegal/ HTTP/1.1" 200 -
40.77.167.44 - - [26/Oct/2023:05:35:47 -0500] "GET /BLA/resoluciones/AUTOS%202023/4963.pdf HTTP/1.1" 200 1245162
172.22.2.4 - - [26/Oct/2023:05:34:10 -0500] "GET /BLA/boletinlegal/ HTTP/1.1" 200 54712
201.245.192.253 - - [26/Oct/2023:05:37:00 -0500] "POST /kwsrmcab/Wsrmcab HTTP/1.1" 200 40085
201.245.192.253 - - [26/Oct/2023:05:37:02 -0500] "POST /kwsrmcab/Wsrmcab HTTP/1.1" 200 40470
216.245.221.92 - - [26/Oct/2023:05:37:33 -0500] "HEAD / HTTP/1.1" 200 -
66.249.79.100 - - [26/Oct/2023:05:37:44 -0500] "GET /resoluciones/RESOLUCIONES%202009/0584.pdf HTTP/1.1" 404 1018
201.245.192.253 - - [26/Oct/2023:05:37:53 -0500] "POST /kwsrmcab/Wsrmcab  HTTP/1.1" 200 40804
201.245.192.253 - - [26/Oct/2023:05:40:04 -0500] "POST /kwsrmcab/Wsrmcab HTTP/1.1" 200 40085
201.245.192.253 - - [26/Oct/2023:05:40:07 -0500] "POST /kwsrmcab/Wsrmcab HTTP/1.1" 200 40470
172.22.2.4 - - [26/Oct/2023:05:39:09 -0500] "HEAD /BLA/boletinlegal/ HTTP/1.1" 200 -
172.22.2.4 - - [26/Oct/2023:05:40:00 -0500] "GET /BLA/boletinlegal/ HTTP/1.1" 200 60331
216.245.221.92 - - [26/Oct/2023:05:42:33 -0500] "HEAD / HTTP/1.1" 200 -
66.249.79.102 - - [26/Oct/2023:05:42:34 -0500] "GET /BLA/resoluciones/AUTOS%202012/2430.pdf HTTP/1.1" 200 737417
201.245.192.253 - - [26/Oct/2023:05:42:53 -0500] "POST /kwsrmcab/Wsrmcab  HTTP/1.1" 200 40804
61.135.159.127 - - [26/Oct/2023:05:43:29 -0500] "GET / HTTP/1.1" 200 319
172.22.2.4 - - [26/Oct/2023:05:44:59 -0500] "HEAD /BLA/boletinlegal/ HTTP/1.1" 200 -
216.245.221.92 - - [26/Oct/2023:05:47:33 -0500] "HEAD / HTTP/1.1" 200 -
172.22.2.4 - - [26/Oct/2023:05:45:56 -0500] "GET /BLA/boletinlegal/ HTTP/1.1" 200 61049
201.245.192.253 - - [26/Oct/2023:05:47:52 -0500] "POST /kwsrmcab/Wsrmcab  HTTP/1.1" 200 40804
64.124.8.41 - - [26/Oct/2023:05:48:05 -0500] "GET /portaldeninos/wp-content/uploads/2021/07/Banners-pa%CC%81gina-de-nin%CC%83os7-1024x50.jpg HTTP/1.1" 304 -
64.124.8.41 - - [26/Oct/2023:05:48:13 -0500] "GET /portaldeninos/wp-content/uploads/2018/06/infantil-5.jpg HTTP/1.1" 304 -
216.245.221.92 - - [26/Oct/2023:05:52:33 -0500] "HEAD / HTTP/1.1" 200 -
172.22.2.4 - - [26/Oct/2023:05:50:55 -0500] "HEAD /BLA/boletinlegal/ HTTP/1.1" 200 -
201.245.192.253 - - [26/Oct/2023:05:52:51 -0500] "POST /kwsrmcab/Wsrmcab  HTTP/1.1" 200 40804
172.22.2.4 - - [26/Oct/2023:05:51:46 -0500] "GET /BLA/boletinlegal/ HTTP/1.1" 200 58309
186.84.90.99 - - [26/Oct/2023:05:55:23 -0500] "GET /sipse/faces/index.xhtml HTTP/1.1" 200 677
186.84.90.99 - - [26/Oct/2023:05:55:23 -0500] "GET /sipse/faces/javax.faces.resource/theme.css?ln=primefaces-sipse HTTP/1.1" 304 -
186.84.90.99 - - [26/Oct/2023:05:55:24 -0500] "GET /sipse/faces/faces/autenticacion.xhtml HTTP/1.1" 200 12404
186.84.90.99 - - [26/Oct/2023:05:55:24 -0500] "GET /sipse/js/disable_browser_buttons.js HTTP/1.1" 200 3230
186.84.90.99 - - [26/Oct/2023:05:55:24 -0500] "GET /sipse/css/custom_css_sg.css HTTP/1.1" 200 9694
186.84.90.99 - - [26/Oct/2023:05:55:24 -0500] "GET /sipse/css/custom_css_sg_prime_login.css HTTP/1.1" 200 443
186.84.90.99 - - [26/Oct/2023:05:55:24 -0500] "GET /sipse/faces/javax.faces.resource/theme.css?ln=primefaces-sipse HTTP/1.1" 304 -
186.84.90.99 - - [26/Oct/2023:05:55:24 -0500] "GET /sipse/faces/javax.faces.resource/primefaces.css?ln=primefaces&v=4.0 HTTP/1.1" 304 -
186.84.90.99 - - [26/Oct/2023:05:55:24 -0500] "GET /sipse/faces/javax.faces.resource/jquery/jquery.js?ln=primefaces&v=4.0 HTTP/1.1" 304 -
186.84.90.99 - - [26/Oct/2023:05:55:24 -0500] "GET /sipse/faces/javax.faces.resource/jquery/jquery-plugins.js?ln=primefaces&v=4.0 HTTP/1.1" 304 -
186.84.90.99 - - [26/Oct/2023:05:55:24 -0500] "GET /sipse/js/funciones.js HTTP/1.1" 200 12592
186.84.90.99 - - [26/Oct/2023:05:55:24 -0500] "GET /sipse/faces/javax.faces.resource/primefaces.js?ln=primefaces&v=4.0 HTTP/1.1" 304 -
186.84.90.99 - - [26/Oct/2023:05:55:24 -0500] "GET /sipse/faces/javax.faces.resource/layout/layout.css?ln=primefaces&v=4.0 HTTP/1.1" 304 -
186.84.90.99 - - [26/Oct/2023:05:55:24 -0500] "GET /sipse/faces/javax.faces.resource/layout/layout.js?ln=primefaces&v=4.0 HTTP/1.1" 304 -
186.84.90.99 - - [26/Oct/2023:05:55:25 -0500] "GET /sipse/faces/javax.faces.resource/images/ui-icons_898989_256x240.png?ln=primefaces-aristo HTTP/1.1" 304 -
186.84.90.99 - - [26/Oct/2023:05:55:25 -0500] "GET /sipse/css/imagen/logoSDG.png HTTP/1.1" 200 53064
186.84.90.99 - - [26/Oct/2023:05:55:25 -0500] "GET /sipse/css/imagen/loginimg.png HTTP/1.1" 200 71635
186.84.90.99 - - [26/Oct/2023:05:55:28 -0500] "POST /sipse/faces/autenticacion.xhtml HTTP/1.1" 200 16782
186.84.90.99 - - [26/Oct/2023:05:55:29 -0500] "GET /sipse/css/custom_css_sg_prime.css HTTP/1.1" 200 5201
186.84.90.99 - - [26/Oct/2023:05:55:29 -0500] "GET /sipse/faces/javax.faces.resource/primefaces.css?ln=primefaces&v=4.0 HTTP/1.1" 304 -
186.84.90.99 - - [26/Oct/2023:05:55:29 -0500] "GET /sipse/faces/javax.faces.resource/theme.css?ln=primefaces-sipse HTTP/1.1" 304 -
186.84.90.99 - - [26/Oct/2023:05:55:29 -0500] "GET /sipse/faces/javax.faces.resource/layout/layout.css?ln=primefaces&v=4.0 HTTP/1.1" 304 -
186.84.90.99 - - [26/Oct/2023:05:55:29 -0500] "GET /sipse/js/jquery.min.js HTTP/1.1" 200 85582
186.84.90.99 - - [26/Oct/2023:05:55:29 -0500] "GET /sipse/faces/javax.faces.resource/jquery/jquery.js?ln=primefaces&v=4.0 HTTP/1.1" 304 -
186.84.90.99 - - [26/Oct/2023:05:55:29 -0500] "GET /sipse/faces/javax.faces.resource/jquery/jquery-plugins.js?ln=primefaces&v=4.0 HTTP/1.1" 304 -
186.84.90.99 - - [26/Oct/2023:05:55:29 -0500] "GET /sipse/faces/javax.faces.resource/primefaces.js?ln=primefaces&v=4.0 HTTP/1.1" 304 -
186.84.90.99 - - [26/Oct/2023:05:55:29 -0500] "GET /sipse/faces/javax.faces.resource/layout/layout.js?ln=primefaces&v=4.0 HTTP/1.1" 304 -
186.84.90.99 - - [26/Oct/2023:05:55:29 -0500] "GET /sipse/css/v_mergente.css HTTP/1.1" 200 1505
186.84.90.99 - - [26/Oct/2023:05:55:29 -0500] "GET /sipse/css/imagen/contrasena.png HTTP/1.1" 404 383
186.84.90.99 - - [26/Oct/2023:05:55:29 -0500] "GET /sipse/imagenes/cargando.gif HTTP/1.1" 200 36959
186.84.90.99 - - [26/Oct/2023:05:55:29 -0500] "GET /sipse/faces/javax.faces.resource/messages/messages.png?ln=primefaces&v=4.0 HTTP/1.1" 304 -
186.84.90.99 - - [26/Oct/2023:05:55:29 -0500] "GET /sipse/imagenes/logoAplicacion.jpg HTTP/1.1" 200 155084
186.84.90.99 - - [26/Oct/2023:05:55:31 -0500] "GET /sipse/faces/javax.faces.resource/images/ui-bg_flat_0_2d5972_40x100.png?ln=primefaces-aristo HTTP/1.1" 304 -
186.84.90.99 - - [26/Oct/2023:05:55:31 -0500] "POST /sipse/faces/bienvenido.xhtml HTTP/1.1" 200 1471
186.84.90.99 - - [26/Oct/2023:05:55:33 -0500] "POST /sipse/faces/bienvenido.xhtml HTTP/1.1" 200 35032
186.84.90.99 - - [26/Oct/2023:05:55:33 -0500] "GET /sipse/faces/javax.faces.resource/theme.css?ln=primefaces-sipse HTTP/1.1" 304 -
186.84.90.99 - - [26/Oct/2023:05:55:33 -0500] "GET /sipse/faces/javax.faces.resource/layout/layout.css?ln=primefaces&v=4.0 HTTP/1.1" 304 -
186.84.90.99 - - [26/Oct/2023:05:55:33 -0500] "GET /sipse/faces/javax.faces.resource/primefaces.css?ln=primefaces&v=4.0 HTTP/1.1" 304 -
186.84.90.99 - - [26/Oct/2023:05:55:33 -0500] "GET /sipse/faces/javax.faces.resource/jquery/jquery.js?ln=primefaces&v=4.0 HTTP/1.1" 304 -
186.84.90.99 - - [26/Oct/2023:05:55:33 -0500] "GET /sipse/faces/javax.faces.resource/jquery/jquery-plugins.js?ln=primefaces&v=4.0 HTTP/1.1" 304 -
186.84.90.99 - - [26/Oct/2023:05:55:33 -0500] "GET /sipse/faces/javax.faces.resource/primefaces.js?ln=primefaces&v=4.0 HTTP/1.1" 304 -
186.84.90.99 - - [26/Oct/2023:05:55:34 -0500] "GET /sipse/faces/javax.faces.resource/layout/layout.js?ln=primefaces&v=4.0 HTTP/1.1" 304 -
186.84.90.99 - - [26/Oct/2023:05:55:34 -0500] "POST /sipse/faces/presentacion/financiero/solicitudProceso/listarSolicitudProceso.xhtml HTTP/1.1" 200 1400
168.119.61.24 - - [26/Oct/2023:05:56:34 -0500] "GET / HTTP/1.1" 200 4720
168.119.61.24 - - [26/Oct/2023:05:56:36 -0500] "GET / HTTP/1.1" 200 319
34.90.99.133 - - [26/Oct/2023:05:57:11 -0500] "GET /caminatas-ecologicas-un-plan-imperdible-para-octubre.html HTTP/1.1" 200 747
216.245.221.92 - - [26/Oct/2023:05:57:33 -0500] "HEAD / HTTP/1.1" 200 -
201.245.192.253 - - [26/Oct/2023:05:57:50 -0500] "POST /kwsrmcab/Wsrmcab  HTTP/1.1" 200 40804
172.22.2.4 - - [26/Oct/2023:05:56:45 -0500] "HEAD /BLA/boletinlegal/ HTTP/1.1" 200 -
172.22.2.4 - - [26/Oct/2023:05:57:36 -0500] "GET /BLA/boletinlegal/ HTTP/1.1" 200 60331
107.6.112.252 - - [26/Oct/2023:06:01:09 -0500] "GET / HTTP/1.1" 200 319
186.102.74.90 - - [26/Oct/2023:06:02:00 -0500] "GET /kwssiamovil/sm/ldap/au?x=U2FsdGVkX1/Mj5yCDSb5hvsbCzyKo0btDQ+UAzODrCPEjGbrBF1qaE9Ys022oUoi&y=U2FsdGVkX1/teILPVLQTv6J12LHDBqIWPq3bdB2M+AuWE6b5ErO7QnfgJVmBfURK HTTP/1.1" 200 30
186.102.74.90 - - [26/Oct/2023:06:02:00 -0500] "GET /kwssiamovil/sm/acme/s?s=U2FsdGVkX19nvlzX0iFZky+eyALLhQ5ErfJ6nSKINo421atP4N8daCZachm5JDpUPtRMwjfTj0pNdLihgt0dlkRRZhh3pjJxPhaqHJbJdTc=&u=U2FsdGVkX18d8BnPTo9XrxgPhxpgZjt6WwQ9NM/bxm8=&y=U2FsdGVkX1/teILPVLQTv6J12LHDBqIWPq3bdB2M+AuWE6b5ErO7QnfgJVmBfURK HTTP/1.1" 200 97
186.102.74.90 - - [26/Oct/2023:06:02:00 -0500] "GET /kwssiamovil/sm/acme/s?s=U2FsdGVkX19PczbLp5O6IEb1RHSOXNFnU7FjC7reRXaDQfknqI5uM4OdSRPNIS9YK653oG4wEiTKzt6CmS82Av5NpSnrojLLJLGzqVPEU6G8N0Y5qLo+1dg6vMYTWLKkOldNNwzle1d+AGRkWL/MwRxLFgyzW71DVNeGVuG+UhjB9l5ikd14R9D006jDThADjRzH0mUJqNpBYBcnhjUgchhKIkMSAx/YDfXV1loBC7Co7bTHKkeBvqxh/z9t6L5SygqR+WA0Qb9c59I8Rs4GGQxd2Mi6pqNaLn8a3ZB+Ph86edeZkEyMnpNzK4JhzyAcNZ9eF8GQKgTzr5wx3iRUKUkSd8pSwp/jKebE1o+38gO0BCLxst+OwQcyvVqOHTQiN2fMRFZanxa0xNX9KbWAiDpGtAuY4BbgyJr6of5d1iYpHP341yTG1/gFlmSL/oKkyQPhufg1kT1/IMXXi7v9qH94IrYWX9HK794fzI2B3bR5ilHvOa3zgyWIHSMnjOAPzKgxGUY9hXCQ6FqJBbtBOd5+Y23a3MIM6XeequoGWG7JqNwPAnBCZdQxvf5H8W7AS1A1DwgTJ/90EOJoxWEOX+Iw4duXOVbFOrYI/7qyVaIRwhQ40YazwLM7cBFzTh0LWX8tmzrh+14e70VAFyTpSgUebjKjRFui32gln8WNE3/gq6TmYgYcvwJAuQR++dH3EIgrALNGw3z0ju1tPTN/rhmp6YwAT3Ka3+XxKnbSTVRzJqspgUYPc9rc2LlfCR91ZTrGnxG6t/iJjeOCVH0dKoSUCHMXrkOcWjwe4EEpbGSH3lA5B6pxRu2/reRhyx1iNn/pHGubrBcq5k8dwk90qPZ9b5QW0P6BKKgQHvMLtwWbgvhlIDnFCozxtZZeJ61Il23ltlA5hIof185aBa7okId9rRu6VIM2fUIlC0rTp23D9xUFU4nzN+CNWyZenj602kTU0v+QmFHdp1thWJt2xL1pv5J8KihZ8Lu68CpJtfujGlpS5/ARc9b3qEmAQK8pfcpe7f7/geYcDLcFT9vl785MRV+mGlOLC98+H9MJUB+GQDWakze9qQcirTFl4kQw1EkF9fNNVo6RDYphCSyDPIM0CLGO4jaYCRRrKHu8LZ9TzI8sBoETVIY/wm3t9rkmQlJJTuRJNvWj9jbbP5hf/672bfa3RUtexNx38I8OOB4WzQimDvOzYWCDpltEc2laL4/9PH3SQxFRKY4X8LihqNtswv+ghSMdlvCf9PzYr2kPVrqc0xXtKUm+ABo37B9OAHrFo9lEdDjielMfVKvXrDgYqrg3PhsAaYJs5FjAatvvEDxgBcMc23o8mNJi5qFAuUJh/XEXBVabP721l9pFNvgBd9MkkcaiA2YiBnSAfpAn0FiNnt32awxWssyoXhInyAplfcOhGl7fkcSbxX2q+YYgt2ySo8EcM9fmN1N90v683OLl/B5zCi1wcfxO/E/hKDgY2kINHj6zJUMEDIHLMmrSQd0ai+n2zbPKylXlS5bYe++HhkdqZvlFKVFTdFd2HvK8KV+Hlqvi68Tefd74anA6Sj4T+prE6QNuzUQAWzfQCbKhXvT5aak2PXXX2iQB20go35Ddt/dF4se0FtV3Iv96fnsY17fN0YfcE1re47ZoGZEPOualTd6AlFytfoz3qeYNrNqWiOGNS6clvGzBvDzGPg4UKoE0ND7xUlj+1IAudeXTV4VXYvSmvw/fVo7dfCiIyJi7UtR4DINQfZFKRD/lCO0m40Dm9qZtnMlGOPQ=&u=U2FsdGVkX18d8BnPTo9XrxgPhxpgZjt6WwQ9NM/bxm8=&y=U2FsdGVkX1/teILPVLQTv6J12LHDBqIWPq3bdB2M+AuWE6b5ErO7QnfgJVmBfURK HTTP/1.1" 200 5981
186.102.74.90 - - [26/Oct/2023:06:02:01 -0500] "GET /kwssiamovil/sm/acme/s?s=U2FsdGVkX1/GIQ8Wj/H9jXq3HjSLlK+YTVO4e4m2uJmM+8eqSpRbqaNh7/5BrUVKchkvKMfbOp/WyDhbatUz8gRXs86cxDEE/r2G3dYQZFlKfEAoB+EsDWPjXwPn1FHtLg5gYyA2TUvvY6DXoI4OcPzivEURjGbg4IrucGLRPFRkWGaxcITfuURX2Wei+UkUt1K3+5YZw1azY+P+xaTlu+/+QGONVTOlTEMcZ4ePdIc1P6EASvk9EVR/pEKZqYQo2aDSFNk3cZppVhkIJPttGVLNeoQGBWQU0HVy4OviWR9TnasI2xQvmJ5XLsHb1kR1Zt40VkRDMKzvL3prlCBMBQ7LeVJdA17pV0mfueDlVrdH9Uh8aeSubc8BLZzjdy74S+bMtFrT/CdVC+GnQphaurzBQPOAPyCHmTe/VPLbZh+vqssY5G7ICcMx1PtFOOww+KI1e518koJ34ffE+Fp9EqQDYpcLMUpB0NInOaYT7g13DspVpgz1f+yA3DlR6valDnJOFsYisEWQWRWW65m+RzJqHAz+PayceDcCq+yORkt9aSetzKHO7Z4KEWHC2LZK1nY5wsqCl9ybdrJxdE5urdPomRo7TcQS9KfeY2ZmhmQUPWMf9YAWkTzKZYnJKcA/UJwF1wISjnIo4QePjbwmTH76dr+UZx+ZiSLE5WAoUmaYhqIB12uq/IhdGBf7UgN6m5mARvDtsBMYIfOeUwGzwD0ycPM5Tk0qbpprL2izGA5vfaAoBGdIioaZIxW57Os8&u=U2FsdGVkX18d8BnPTo9XrxgPhxpgZjt6WwQ9NM/bxm8=&y=U2FsdGVkX1/teILPVLQTv6J12LHDBqIWPq3bdB2M+AuWE6b5ErO7QnfgJVmBfURK HTTP/1.1" 200 208
186.102.74.90 - - [26/Oct/2023:06:02:01 -0500] "GET /kwssiamovil/sm/cjson/pre?f=1&x=U2FsdGVkX1/Mj5yCDSb5hvsbCzyKo0btDQ+UAzODrCPEjGbrBF1qaE9Ys022oUoi HTTP/1.1" 200 31032
216.245.221.92 - - [26/Oct/2023:06:02:33 -0500] "HEAD / HTTP/1.1" 200 -
201.245.192.253 - - [26/Oct/2023:06:02:49 -0500] "POST /kwsrmcab/Wsrmcab  HTTP/1.1" 200 40804
107.6.112.252 - - [26/Oct/2023:06:03:00 -0500] "GET /favicon.ico HTTP/1.1" 200 7782
172.22.2.4 - - [26/Oct/2023:06:02:35 -0500] "HEAD /BLA/boletinlegal/ HTTP/1.1" 200 -
172.22.2.4 - - [26/Oct/2023:06:03:26 -0500] "GET /BLA/boletinlegal/ HTTP/1.1" 200 60331
190.27.17.236 - - [26/Oct/2023:06:05:24 -0500] "GET /appsia/controlador HTTP/1.1" 200 4799
190.27.17.236 - - [26/Oct/2023:06:05:25 -0500] "GET /appsia/css/estilos.css HTTP/1.1" 200 4804
190.27.17.236 - - [26/Oct/2023:06:05:25 -0500] "GET /appsia/scripts/validarIngreso.js HTTP/1.1" 200 851
190.27.17.236 - - [26/Oct/2023:06:05:25 -0500] "GET /appsia/images/cabezoteHojaVida.png HTTP/1.1" 200 32493
190.27.17.236 - - [26/Oct/2023:06:05:25 -0500] "GET /appsia/images/logo_bogota_p.png HTTP/1.1" 200 14951
190.27.17.236 - - [26/Oct/2023:06:05:25 -0500] "GET /favicon.ico HTTP/1.1" 200 7782
172.22.2.4 - - [26/Oct/2023:06:05:50 -0500] "GET /BLA/boletinlegal/Circulares/2013/Circular%20No.%206%20del%2019%20de%20julio%20de%202013.pdf HTTP/1.1" 200 4210437
52.167.144.170 - - [26/Oct/2023:06:05:59 -0500] "GET /bla/resoluciones/autos%202010/3453.pdf HTTP/1.1" 200 451697
52.167.144.170 - - [26/Oct/2023:06:06:21 -0500] "GET /BLA/resoluciones/AUTOS%202023/5094.pdf HTTP/1.1" 200 395246
190.27.17.236 - - [26/Oct/2023:06:06:33 -0500] "POST /appsia/controlador HTTP/1.1" 200 3602
190.27.17.236 - - [26/Oct/2023:06:06:34 -0500] "GET /appsia/jscripts/validarSolicitud.js HTTP/1.1" 404 68
190.27.17.236 - - [26/Oct/2023:06:06:45 -0500] "POST /appsia/controlador HTTP/1.1" 200 4799
190.27.17.236 - - [26/Oct/2023:06:07:23 -0500] "POST /appsia/controlador HTTP/1.1" 200 5437
190.27.17.236 - - [26/Oct/2023:06:07:28 -0500] "POST /appsia/controlador HTTP/1.1" 200 7789
190.27.17.236 - - [26/Oct/2023:06:07:33 -0500] "POST /appsia/controlador HTTP/1.1" 200 6654
216.245.221.92 - - [26/Oct/2023:06:07:33 -0500] "HEAD / HTTP/1.1" 200 -
190.27.17.236 - - [26/Oct/2023:06:07:40 -0500] "POST /appsia/controlador HTTP/1.1" 200 11004
201.245.192.253 - - [26/Oct/2023:06:07:48 -0500] "POST /kwsrmcab/Wsrmcab  HTTP/1.1" 200 40804
190.27.17.236 - - [26/Oct/2023:06:08:28 -0500] "POST /appsia/controlador HTTP/1.1" 200 7789
190.27.17.236 - - [26/Oct/2023:06:08:33 -0500] "POST /appsia/controlador HTTP/1.1" 200 5437
190.27.17.236 - - [26/Oct/2023:06:08:36 -0500] "POST /appsia/controlador HTTP/1.1" 200 4799
172.22.2.4 - - [26/Oct/2023:06:08:25 -0500] "HEAD /BLA/boletinlegal/ HTTP/1.1" 200 -
172.22.2.4 - - [26/Oct/2023:06:09:16 -0500] "GET /BLA/boletinlegal/ HTTP/1.1" 200 57957
216.245.221.92 - - [26/Oct/2023:06:12:33 -0500] "HEAD / HTTP/1.1" 200 -
201.245.192.253 - - [26/Oct/2023:06:12:47 -0500] "POST /kwsrmcab/Wsrmcab  HTTP/1.1" 200 40804
66.249.79.102 - - [26/Oct/2023:06:14:35 -0500] "GET /Publicaciones/2023EE218970.pdf HTTP/1.1" 404 228
66.249.79.101 - - [26/Oct/2023:06:15:43 -0500] "GET /BLA/resoluciones/AUTOS%202013/2701.pdf HTTP/1.1" 200 394736
172.22.2.4 - - [26/Oct/2023:06:14:15 -0500] "HEAD /BLA/boletinlegal/ HTTP/1.1" 200 -
40.77.167.21 - - [26/Oct/2023:06:16:01 -0500] "GET /BLA/resoluciones/AUTOS%202023/4172.pdf HTTP/1.1" 200 415179
172.22.2.4 - - [26/Oct/2023:06:15:06 -0500] "GET /BLA/boletinlegal/ HTTP/1.1" 200 57957
201.245.192.253 - - [26/Oct/2023:06:16:59 -0500] "POST /kwsrmcab/Wsrmcab HTTP/1.1" 200 40091
201.245.192.253 - - [26/Oct/2023:06:17:02 -0500] "POST /kwsrmcab/Wsrmcab HTTP/1.1" 200 40488
216.245.221.92 - - [26/Oct/2023:06:17:33 -0500] "HEAD / HTTP/1.1" 200 -
201.245.192.253 - - [26/Oct/2023:06:17:47 -0500] "POST /kwsrmcab/Wsrmcab  HTTP/1.1" 200 40804
66.249.79.101 - - [26/Oct/2023:06:18:26 -0500] "GET /BLA/resoluciones/AUTOS%202014/6726.pdf HTTP/1.1" 200 221231
201.245.192.253 - - [26/Oct/2023:06:20:04 -0500] "POST /kwsrmcab/Wsrmcab HTTP/1.1" 200 40091
201.245.192.253 - - [26/Oct/2023:06:20:07 -0500] "POST /kwsrmcab/Wsrmcab HTTP/1.1" 200 40488
172.22.2.4 - - [26/Oct/2023:06:20:05 -0500] "HEAD /BLA/boletinlegal/ HTTP/1.1" 200 -
191.156.50.103 - - [26/Oct/2023:06:22:13 -0500] "GET /catalogoisis/Js/AceptarLimpiar.js HTTP/1.1" 200 331
191.156.48.148 - - [26/Oct/2023:06:22:13 -0500] "GET /catalogoisis/Js/CriterioCombinada.js HTTP/1.1" 200 1843
191.156.59.172 - - [26/Oct/2023:06:22:13 -0500] "GET /catalogoisis/Css/Busqueda.css HTTP/1.1" 200 1995
191.156.52.119 - - [26/Oct/2023:06:22:13 -0500] "GET /catalogoisis/Js/LimpiarCombinada.js HTTP/1.1" 200 207
191.156.51.138 - - [26/Oct/2023:06:22:13 -0500] "GET /catalogoisis/Js/Cookies.js HTTP/1.1" 200 1369
191.156.52.119 - - [26/Oct/2023:06:22:13 -0500] "GET /catalogoisis/ HTTP/1.1" 200 8575
191.156.48.148 - - [26/Oct/2023:06:22:13 -0500] "GET /catalogoisis/Js/Go.js HTTP/1.1" 200 364
191.156.52.119 - - [26/Oct/2023:06:22:13 -0500] "GET /catalogoisis/Js/Enter.js HTTP/1.1" 200 1208
191.156.50.103 - - [26/Oct/2023:06:22:13 -0500] "GET /catalogoisis/Js/Remote.js HTTP/1.1" 200 436
191.156.59.172 - - [26/Oct/2023:06:22:13 -0500] "GET /catalogoisis/Js/Numero.js HTTP/1.1" 200 398
191.156.59.172 - - [26/Oct/2023:06:22:14 -0500] "GET /catalogoisis/imagenes/br1c1.gif HTTP/1.1" 200 172
191.156.50.103 - - [26/Oct/2023:06:22:14 -0500] "GET /catalogoisis/imagenes/br2c2.gif HTTP/1.1" 200 302
191.156.48.148 - - [26/Oct/2023:06:22:14 -0500] "GET /catalogoisis/imagenes/br3c2.gif HTTP/1.1" 200 285
191.156.51.138 - - [26/Oct/2023:06:22:14 -0500] "GET /catalogoisis/imagenes/limpiar1.gif HTTP/1.1" 200 606
191.156.52.119 - - [26/Oct/2023:06:22:14 -0500] "GET /catalogoisis/imagenes/Header.gif HTTP/1.1" 200 27040
191.156.48.148 - - [26/Oct/2023:06:22:14 -0500] "GET /catalogoisis/imagenes/br1c2.gif HTTP/1.1" 200 297
191.156.59.172 - - [26/Oct/2023:06:22:14 -0500] "GET /catalogoisis/imagenes/br3c3.gif HTTP/1.1" 200 186
191.156.50.103 - - [26/Oct/2023:06:22:14 -0500] "GET /catalogoisis/imagenes/br2c3.gif HTTP/1.1" 200 416
191.156.51.138 - - [26/Oct/2023:06:22:14 -0500] "GET /catalogoisis/imagenes/Turnbo1.gif HTTP/1.1" 200 227
191.156.48.148 - - [26/Oct/2023:06:22:14 -0500] "GET /catalogoisis/imagenes/br3c1.gif HTTP/1.1" 200 177
191.156.59.172 - - [26/Oct/2023:06:22:14 -0500] "GET /catalogoisis/imagenes/br2c1.gif HTTP/1.1" 200 297
191.156.50.103 - - [26/Oct/2023:06:22:14 -0500] "GET /catalogoisis/imagenes/aceptar1.gif HTTP/1.1" 200 604
191.156.51.138 - - [26/Oct/2023:06:22:14 -0500] "GET /catalogoisis/imagenes/br1c3.gif HTTP/1.1" 200 302
191.156.52.119 - - [26/Oct/2023:06:22:14 -0500] "GET /favicon.ico HTTP/1.1" 200 7782
216.245.221.92 - - [26/Oct/2023:06:22:33 -0500] "HEAD / HTTP/1.1" 200 -
172.22.2.4 - - [26/Oct/2023:06:20:56 -0500] "GET /BLA/boletinlegal/ HTTP/1.1" 200 57957
201.245.192.253 - - [26/Oct/2023:06:22:46 -0500] "POST /kwsrmcab/Wsrmcab  HTTP/1.1" 200 40804
52.167.144.232 - - [26/Oct/2023:06:23:53 -0500] "GET /BLA/resoluciones/AUTOS%202023/5411.pdf HTTP/1.1" 200 354495
66.249.79.101 - - [26/Oct/2023:06:24:45 -0500] "GET /BLA/resoluciones/AUTOS%202008/3176.pdf HTTP/1.1" 200 197883
201.245.192.253 - - [26/Oct/2023:06:26:59 -0500] "POST /kwsrmcab/Wsrmcab HTTP/1.1" 200 40091
201.245.192.253 - - [26/Oct/2023:06:27:02 -0500] "POST /kwsrmcab/Wsrmcab HTTP/1.1" 200 40488
