!C99Shell v. 1.0 pre-release build #13!

Software: Apache. PHP/5.5.15 

uname -a: Windows NT SVR-DMZ 6.1 build 7600 (Windows Server 2008 R2 Enterprise Edition) i586 

SYSTEM 

Safe-mode: OFF (not secure)

E:\nuevo\apache\logs\   drwxrwxrwx
Free 9.41 GB of 239.26 GB (3.93%)
Detected drives: [ a ] [ c ] [ d ] [ e ] [ f ]
Home    Back    Forward    UPDIR    Refresh    Search    Buffer    Encoder    Tools    Proc.    FTP brute    Sec.    SQL    PHP-code    Update    Feedback    Self remove    Logout    


Viewing file:     access.2023.10.26.log (4.76 MB)      -rw-rw-rw-
Select action/file-type:
(+) | (+) | (+) | Code (+) | Session (+) | (+) | SDB (+) | (+) | (+) | (+) | (+) | (+) |
201.245.192.253 - - [26/Oct/2023:00:00:32 -0500] "POST /forms/lservlet;jsessionid=ac16012b30d6e26c36199258461fa0ccaf85fa5851b9.e3iSbxaKaheRe34QaNmQchmQahz0n6jAmljGr5XDqQLvpAe HTTP/1.1" 200 2
149.154.161.253 - - [26/Oct/2023:00:00:35 -0500] "GET /portaldeninos/parque-mirador-de-los-nevados/ HTTP/1.1" 200 89855
201.245.192.253 - - [26/Oct/2023:00:00:40 -0500] "POST /forms/lservlet;jsessionid=ac16012b30d64ad3c36ad5324aa8badfd892d397eeb0.e3iSbxaKaheRe34QaNmQchmQahz0n6jAmljGr5XDqQLvpAe HTTP/1.1" 200 2
201.245.192.253 - - [26/Oct/2023:00:00:50 -0500] "POST /kwsrmcab/Wsrmcab  HTTP/1.1" 200 40804
217.182.175.162 - - [26/Oct/2023:00:01:27 -0500] "HEAD /disfruta-en-familia-la-magia-y-el-encanto-de-la-ultima-jornada-cultural-jardin-de-noche-de-2023.html HTTP/1.1" 200 -
172.22.2.4 - - [26/Oct/2023:00:00:35 -0500] "HEAD /BLA/boletinlegal/ HTTP/1.1" 200 -
40.77.167.44 - - [26/Oct/2023:00:02:28 -0500] "GET /BLA/resoluciones/AUTOS%202023/5233.pdf HTTP/1.1" 200 1345352
201.245.192.253 - - [26/Oct/2023:00:02:32 -0500] "POST /forms/lservlet;jsessionid=ac16012b30d6e26c36199258461fa0ccaf85fa5851b9.e3iSbxaKaheRe34QaNmQchmQahz0n6jAmljGr5XDqQLvpAe HTTP/1.1" 200 2
216.245.221.92 - - [26/Oct/2023:00:02:34 -0500] "HEAD / HTTP/1.1" 200 -
201.245.192.253 - - [26/Oct/2023:00:02:48 -0500] "POST /forms/lservlet;jsessionid=ac16012b30d64ad3c36ad5324aa8badfd892d397eeb0.e3iSbxaKaheRe34QaNmQchmQahz0n6jAmljGr5XDqQLvpAe HTTP/1.1" 200 2
172.22.2.4 - - [26/Oct/2023:00:01:26 -0500] "GET /BLA/boletinlegal/ HTTP/1.1" 200 58309
201.245.192.253 - - [26/Oct/2023:00:04:39 -0500] "POST /forms/lservlet;jsessionid=ac16012b30d6e26c36199258461fa0ccaf85fa5851b9.e3iSbxaKaheRe34QaNmQchmQahz0n6jAmljGr5XDqQLvpAe HTTP/1.1" 200 2
201.245.192.253 - - [26/Oct/2023:00:04:48 -0500] "POST /forms/lservlet;jsessionid=ac16012b30d64ad3c36ad5324aa8badfd892d397eeb0.e3iSbxaKaheRe34QaNmQchmQahz0n6jAmljGr5XDqQLvpAe HTTP/1.1" 200 2
66.249.66.20 - - [26/Oct/2023:00:04:55 -0500] "GET /Publicaciones/2023EE236911.pdf HTTP/1.1" 404 228
66.249.66.20 - - [26/Oct/2023:00:05:10 -0500] "GET /Publicaciones/2023EE238833.pdf HTTP/1.1" 404 228
201.245.192.253 - - [26/Oct/2023:00:05:49 -0500] "POST /kwsrmcab/Wsrmcab  HTTP/1.1" 200 40804
40.77.167.18 - - [26/Oct/2023:00:05:55 -0500] "GET /BLA/resoluciones/AUTOS%202023/5049.pdf HTTP/1.1" 200 2311886
201.245.192.253 - - [26/Oct/2023:00:06:53 -0500] "POST /forms/lservlet;jsessionid=ac16012b30d6e26c36199258461fa0ccaf85fa5851b9.e3iSbxaKaheRe34QaNmQchmQahz0n6jAmljGr5XDqQLvpAe HTTP/1.1" 200 2
201.245.192.253 - - [26/Oct/2023:00:07:02 -0500] "POST /forms/lservlet;jsessionid=ac16012b30d64ad3c36ad5324aa8badfd892d397eeb0.e3iSbxaKaheRe34QaNmQchmQahz0n6jAmljGr5XDqQLvpAe HTTP/1.1" 200 2
216.245.221.92 - - [26/Oct/2023:00:07:34 -0500] "HEAD / HTTP/1.1" 200 -
172.22.2.4 - - [26/Oct/2023:00:06:25 -0500] "HEAD /BLA/boletinlegal/ HTTP/1.1" 200 -
172.22.2.4 - - [26/Oct/2023:00:07:21 -0500] "GET /BLA/boletinlegal/ HTTP/1.1" 200 53407
201.245.192.253 - - [26/Oct/2023:00:09:01 -0500] "POST /forms/lservlet;jsessionid=ac16012b30d6e26c36199258461fa0ccaf85fa5851b9.e3iSbxaKaheRe34QaNmQchmQahz0n6jAmljGr5XDqQLvpAe HTTP/1.1" 200 2
201.245.192.253 - - [26/Oct/2023:00:09:10 -0500] "POST /forms/lservlet;jsessionid=ac16012b30d64ad3c36ad5324aa8badfd892d397eeb0.e3iSbxaKaheRe34QaNmQchmQahz0n6jAmljGr5XDqQLvpAe HTTP/1.1" 200 2
47.89.153.95 - - [26/Oct/2023:00:10:06 -0500] "GET /portaldeninos/ HTTP/1.1" 200 110175
47.89.153.95 - - [26/Oct/2023:00:10:08 -0500] "GET /robots.txt HTTP/1.1" 404 1035
47.89.153.95 - - [26/Oct/2023:00:10:08 -0500] "GET /sitemap.xml HTTP/1.1" 404 1035
201.245.192.253 - - [26/Oct/2023:00:10:48 -0500] "POST /kwsrmcab/Wsrmcab  HTTP/1.1" 200 40804
201.245.192.253 - - [26/Oct/2023:00:11:13 -0500] "POST /forms/lservlet;jsessionid=ac16012b30d6e26c36199258461fa0ccaf85fa5851b9.e3iSbxaKaheRe34QaNmQchmQahz0n6jAmljGr5XDqQLvpAe HTTP/1.1" 200 2
201.245.192.253 - - [26/Oct/2023:00:11:21 -0500] "POST /forms/lservlet;jsessionid=ac16012b30d64ad3c36ad5324aa8badfd892d397eeb0.e3iSbxaKaheRe34QaNmQchmQahz0n6jAmljGr5XDqQLvpAe HTTP/1.1" 200 2
216.245.221.92 - - [26/Oct/2023:00:12:34 -0500] "HEAD / HTTP/1.1" 200 -
201.245.192.253 - - [26/Oct/2023:00:13:29 -0500] "POST /forms/lservlet;jsessionid=ac16012b30d6e26c36199258461fa0ccaf85fa5851b9.e3iSbxaKaheRe34QaNmQchmQahz0n6jAmljGr5XDqQLvpAe HTTP/1.1" 200 2
201.245.192.253 - - [26/Oct/2023:00:13:33 -0500] "POST /forms/lservlet;jsessionid=ac16012b30d64ad3c36ad5324aa8badfd892d397eeb0.e3iSbxaKaheRe34QaNmQchmQahz0n6jAmljGr5XDqQLvpAe HTTP/1.1" 200 2
152.61.192.232 - - [26/Oct/2023:00:14:00 -0500] "GET / HTTP/1.1" 200 319
172.22.2.4 - - [26/Oct/2023:00:12:20 -0500] "HEAD /BLA/boletinlegal/ HTTP/1.1" 200 -
172.22.2.4 - - [26/Oct/2023:00:13:11 -0500] "GET /BLA/boletinlegal/ HTTP/1.1" 200 58309
201.245.192.253 - - [26/Oct/2023:00:15:29 -0500] "POST /forms/lservlet;jsessionid=ac16012b30d6e26c36199258461fa0ccaf85fa5851b9.e3iSbxaKaheRe34QaNmQchmQahz0n6jAmljGr5XDqQLvpAe HTTP/1.1" 200 2
201.245.192.253 - - [26/Oct/2023:00:15:33 -0500] "POST /forms/lservlet;jsessionid=ac16012b30d64ad3c36ad5324aa8badfd892d397eeb0.e3iSbxaKaheRe34QaNmQchmQahz0n6jAmljGr5XDqQLvpAe HTTP/1.1" 200 2
52.167.144.194 - - [26/Oct/2023:00:15:49 -0500] "GET /BLA/resoluciones/AUTOS%202023/4126.pdf HTTP/1.1" 200 475238
201.245.192.253 - - [26/Oct/2023:00:15:47 -0500] "POST /kwsrmcab/Wsrmcab  HTTP/1.1" 200 40804
201.245.192.253 - - [26/Oct/2023:00:17:00 -0500] "POST /kwsrmcab/Wsrmcab HTTP/1.1" 200 40653
201.245.192.253 - - [26/Oct/2023:00:17:03 -0500] "POST /kwsrmcab/Wsrmcab HTTP/1.1" 200 38829
216.245.221.92 - - [26/Oct/2023:00:17:34 -0500] "HEAD / HTTP/1.1" 200 -
201.245.192.253 - - [26/Oct/2023:00:17:40 -0500] "POST /forms/lservlet;jsessionid=ac16012b30d6e26c36199258461fa0ccaf85fa5851b9.e3iSbxaKaheRe34QaNmQchmQahz0n6jAmljGr5XDqQLvpAe HTTP/1.1" 200 2
201.245.192.253 - - [26/Oct/2023:00:17:44 -0500] "POST /forms/lservlet;jsessionid=ac16012b30d64ad3c36ad5324aa8badfd892d397eeb0.e3iSbxaKaheRe34QaNmQchmQahz0n6jAmljGr5XDqQLvpAe HTTP/1.1" 200 2
172.22.2.4 - - [26/Oct/2023:00:17:47 -0500] "GET /BLA/boletinlegal/robots.txt HTTP/1.1" 404 1038
172.22.2.4 - - [26/Oct/2023:00:17:48 -0500] "GET /BLA/boletinlegal/Directivas/2013/Directiva%20No.%201%20del%2004%20de%20Abril%20de%202013.pdf HTTP/1.1" 200 472003
66.249.66.21 - - [26/Oct/2023:00:18:02 -0500] "GET /BLA/resoluciones/AUTOS%202011/6755.pdf HTTP/1.1" 200 234042
172.22.2.4 - - [26/Oct/2023:00:18:10 -0500] "HEAD /BLA/boletinlegal/ HTTP/1.1" 200 -
201.245.192.253 - - [26/Oct/2023:00:19:51 -0500] "POST /forms/lservlet;jsessionid=ac16012b30d6e26c36199258461fa0ccaf85fa5851b9.e3iSbxaKaheRe34QaNmQchmQahz0n6jAmljGr5XDqQLvpAe HTTP/1.1" 200 2
201.245.192.253 - - [26/Oct/2023:00:19:55 -0500] "POST /forms/lservlet;jsessionid=ac16012b30d64ad3c36ad5324aa8badfd892d397eeb0.e3iSbxaKaheRe34QaNmQchmQahz0n6jAmljGr5XDqQLvpAe HTTP/1.1" 200 2
201.245.192.253 - - [26/Oct/2023:00:20:05 -0500] "POST /kwsrmcab/Wsrmcab HTTP/1.1" 200 40653
201.245.192.253 - - [26/Oct/2023:00:20:08 -0500] "POST /kwsrmcab/Wsrmcab HTTP/1.1" 200 38829
172.22.2.4 - - [26/Oct/2023:00:19:01 -0500] "GET /BLA/boletinlegal/ HTTP/1.1" 200 60331
201.245.192.253 - - [26/Oct/2023:00:20:46 -0500] "POST /kwsrmcab/Wsrmcab  HTTP/1.1" 200 40804
40.77.167.68 - - [26/Oct/2023:00:22:00 -0500] "GET /BLA/resoluciones/AUTOS%202023/3477.pdf HTTP/1.1" 200 1603533
201.245.192.253 - - [26/Oct/2023:00:22:01 -0500] "POST /forms/lservlet;jsessionid=ac16012b30d6e26c36199258461fa0ccaf85fa5851b9.e3iSbxaKaheRe34QaNmQchmQahz0n6jAmljGr5XDqQLvpAe HTTP/1.1" 200 2
201.245.192.253 - - [26/Oct/2023:00:22:05 -0500] "POST /forms/lservlet;jsessionid=ac16012b30d64ad3c36ad5324aa8badfd892d397eeb0.e3iSbxaKaheRe34QaNmQchmQahz0n6jAmljGr5XDqQLvpAe HTTP/1.1" 200 2
216.245.221.92 - - [26/Oct/2023:00:22:34 -0500] "HEAD / HTTP/1.1" 200 -
66.249.66.19 - - [26/Oct/2023:00:23:03 -0500] "GET /Publicaciones/2023EE240333.pdf HTTP/1.1" 200 266092
138.201.157.89 - - [26/Oct/2023:00:23:29 -0500] "GET / HTTP/1.1" 200 319
138.201.157.89 - - [26/Oct/2023:00:23:29 -0500] "GET / HTTP/1.1" 200 4720
40.77.167.27 - - [26/Oct/2023:00:23:54 -0500] "GET /BLA/resoluciones/AUTOS%202023/5166.pdf HTTP/1.1" 200 482682
201.245.192.253 - - [26/Oct/2023:00:24:11 -0500] "POST /forms/lservlet;jsessionid=ac16012b30d6e26c36199258461fa0ccaf85fa5851b9.e3iSbxaKaheRe34QaNmQchmQahz0n6jAmljGr5XDqQLvpAe HTTP/1.1" 200 2
201.245.192.253 - - [26/Oct/2023:00:24:16 -0500] "POST /forms/lservlet;jsessionid=ac16012b30d64ad3c36ad5324aa8badfd892d397eeb0.e3iSbxaKaheRe34QaNmQchmQahz0n6jAmljGr5XDqQLvpAe HTTP/1.1" 200 2
66.249.66.20 - - [26/Oct/2023:00:24:18 -0500] "GET /Publicaciones/2023EE238493.pdf HTTP/1.1" 404 228
152.61.128.50 - - [26/Oct/2023:00:25:29 -0500] "GET / HTTP/1.1" 200 319
172.22.2.4 - - [26/Oct/2023:00:25:30 -0500] "GET /BLA/boletinlegal/jurisprudencia/analisis/CUADRO%20ANALISIS%20SENTENCIA%20T-411%20DE%201992.doc HTTP/1.1" 200 41984
172.22.2.4 - - [26/Oct/2023:00:24:00 -0500] "HEAD /BLA/boletinlegal/ HTTP/1.1" 200 -
201.245.192.253 - - [26/Oct/2023:00:25:46 -0500] "POST /kwsrmcab/Wsrmcab  HTTP/1.1" 200 40804
201.245.192.253 - - [26/Oct/2023:00:26:11 -0500] "POST /forms/lservlet;jsessionid=ac16012b30d6e26c36199258461fa0ccaf85fa5851b9.e3iSbxaKaheRe34QaNmQchmQahz0n6jAmljGr5XDqQLvpAe HTTP/1.1" 200 2
201.245.192.253 - - [26/Oct/2023:00:26:16 -0500] "POST /forms/lservlet;jsessionid=ac16012b30d64ad3c36ad5324aa8badfd892d397eeb0.e3iSbxaKaheRe34QaNmQchmQahz0n6jAmljGr5XDqQLvpAe HTTP/1.1" 200 2
172.22.2.4 - - [26/Oct/2023:00:24:51 -0500] "GET /BLA/boletinlegal/ HTTP/1.1" 200 57957
201.245.192.253 - - [26/Oct/2023:00:27:01 -0500] "POST /kwsrmcab/Wsrmcab HTTP/1.1" 200 40653
201.245.192.253 - - [26/Oct/2023:00:27:03 -0500] "POST /kwsrmcab/Wsrmcab HTTP/1.1" 200 38829
107.170.241.19 - - [26/Oct/2023:00:27:09 -0500] "MGLNDD_190.27.245.106_80" 501 953
216.245.221.92 - - [26/Oct/2023:00:27:34 -0500] "HEAD / HTTP/1.1" 200 -
201.245.192.253 - - [26/Oct/2023:00:28:13 -0500] "POST /forms/lservlet;jsessionid=ac16012b30d6e26c36199258461fa0ccaf85fa5851b9.e3iSbxaKaheRe34QaNmQchmQahz0n6jAmljGr5XDqQLvpAe HTTP/1.1" 200 2
201.245.192.253 - - [26/Oct/2023:00:28:17 -0500] "POST /forms/lservlet;jsessionid=ac16012b30d64ad3c36ad5324aa8badfd892d397eeb0.e3iSbxaKaheRe34QaNmQchmQahz0n6jAmljGr5XDqQLvpAe HTTP/1.1" 200 2
201.245.192.253 - - [26/Oct/2023:00:30:06 -0500] "POST /kwsrmcab/Wsrmcab HTTP/1.1" 200 40653
201.245.192.253 - - [26/Oct/2023:00:30:08 -0500] "POST /kwsrmcab/Wsrmcab HTTP/1.1" 200 38829
201.245.192.253 - - [26/Oct/2023:00:30:15 -0500] "POST /forms/lservlet;jsessionid=ac16012b30d6e26c36199258461fa0ccaf85fa5851b9.e3iSbxaKaheRe34QaNmQchmQahz0n6jAmljGr5XDqQLvpAe HTTP/1.1" 200 2
201.245.192.253 - - [26/Oct/2023:00:30:19 -0500] "POST /forms/lservlet;jsessionid=ac16012b30d64ad3c36ad5324aa8badfd892d397eeb0.e3iSbxaKaheRe34QaNmQchmQahz0n6jAmljGr5XDqQLvpAe HTTP/1.1" 200 2
144.126.232.142 - - [26/Oct/2023:00:30:22 -0500] "\x16\x03\x01\x01\xfd\x01" 400 226
201.245.192.253 - - [26/Oct/2023:00:30:45 -0500] "POST /kwsrmcab/Wsrmcab  HTTP/1.1" 200 40804
172.22.2.4 - - [26/Oct/2023:00:29:50 -0500] "HEAD /BLA/boletinlegal/ HTTP/1.1" 200 -
66.249.66.19 - - [26/Oct/2023:00:31:43 -0500] "GET /Publicaciones/2023EE236800.pdf HTTP/1.1" 404 228
66.249.66.19 - - [26/Oct/2023:00:31:59 -0500] "GET /Publicaciones/2023EE238362.pdf HTTP/1.1" 404 228
201.245.192.253 - - [26/Oct/2023:00:32:19 -0500] "POST /forms/lservlet;jsessionid=ac16012b30d6e26c36199258461fa0ccaf85fa5851b9.e3iSbxaKaheRe34QaNmQchmQahz0n6jAmljGr5XDqQLvpAe HTTP/1.1" 200 2
172.22.2.4 - - [26/Oct/2023:00:30:41 -0500] "GET /BLA/boletinlegal/ HTTP/1.1" 200 58309
201.245.192.253 - - [26/Oct/2023:00:32:23 -0500] "POST /forms/lservlet;jsessionid=ac16012b30d64ad3c36ad5324aa8badfd892d397eeb0.e3iSbxaKaheRe34QaNmQchmQahz0n6jAmljGr5XDqQLvpAe HTTP/1.1" 200 2
66.249.66.19 - - [26/Oct/2023:00:32:25 -0500] "GET /Publicaciones/2023EE237195.pdf HTTP/1.1" 404 228
66.249.66.20 - - [26/Oct/2023:00:32:31 -0500] "GET /portel_dama/libreria/php/2006/restauracion/22_proye/xtras_in/3a.pdf HTTP/1.1" 404 1018
216.245.221.92 - - [26/Oct/2023:00:32:34 -0500] "HEAD / HTTP/1.1" 200 -
66.249.66.19 - - [26/Oct/2023:00:32:41 -0500] "GET /Publicaciones/2023EE238378.pdf HTTP/1.1" 404 228
40.77.167.24 - - [26/Oct/2023:00:33:41 -0500] "GET /bla/resoluciones/notificaciones/autos%202020/1473.pdf HTTP/1.1" 200 898420
213.186.1.154 - - [26/Oct/2023:00:33:49 -0500] "GET /images/plantacion%20arboles%20bog.jpg HTTP/1.1" 200 106124
201.245.192.253 - - [26/Oct/2023:00:34:22 -0500] "POST /forms/lservlet;jsessionid=ac16012b30d6e26c36199258461fa0ccaf85fa5851b9.e3iSbxaKaheRe34QaNmQchmQahz0n6jAmljGr5XDqQLvpAe HTTP/1.1" 200 2
201.245.192.253 - - [26/Oct/2023:00:34:26 -0500] "POST /forms/lservlet;jsessionid=ac16012b30d64ad3c36ad5324aa8badfd892d397eeb0.e3iSbxaKaheRe34QaNmQchmQahz0n6jAmljGr5XDqQLvpAe HTTP/1.1" 200 2
40.77.167.52 - - [26/Oct/2023:00:35:38 -0500] "GET /BLA/resoluciones/AUTOS%202023/4102.pdf HTTP/1.1" 200 401564
201.245.192.253 - - [26/Oct/2023:00:35:44 -0500] "POST /kwsrmcab/Wsrmcab  HTTP/1.1" 200 40804
201.245.192.253 - - [26/Oct/2023:00:36:22 -0500] "POST /forms/lservlet;jsessionid=ac16012b30d6e26c36199258461fa0ccaf85fa5851b9.e3iSbxaKaheRe34QaNmQchmQahz0n6jAmljGr5XDqQLvpAe HTTP/1.1" 200 2
201.245.192.253 - - [26/Oct/2023:00:36:26 -0500] "POST /forms/lservlet;jsessionid=ac16012b30d64ad3c36ad5324aa8badfd892d397eeb0.e3iSbxaKaheRe34QaNmQchmQahz0n6jAmljGr5XDqQLvpAe HTTP/1.1" 200 2
201.245.192.253 - - [26/Oct/2023:00:37:01 -0500] "POST /kwsrmcab/Wsrmcab HTTP/1.1" 200 40653
201.245.192.253 - - [26/Oct/2023:00:37:03 -0500] "POST /kwsrmcab/Wsrmcab HTTP/1.1" 200 38829
172.22.2.4 - - [26/Oct/2023:00:35:40 -0500] "HEAD /BLA/boletinlegal/ HTTP/1.1" 200 -
216.245.221.92 - - [26/Oct/2023:00:37:34 -0500] "HEAD / HTTP/1.1" 200 -
172.22.2.4 - - [26/Oct/2023:00:36:31 -0500] "GET /BLA/boletinlegal/ HTTP/1.1" 200 58309
201.245.192.253 - - [26/Oct/2023:00:38:30 -0500] "POST /forms/lservlet;jsessionid=ac16012b30d6e26c36199258461fa0ccaf85fa5851b9.e3iSbxaKaheRe34QaNmQchmQahz0n6jAmljGr5XDqQLvpAe HTTP/1.1" 200 2
201.245.192.253 - - [26/Oct/2023:00:38:34 -0500] "POST /forms/lservlet;jsessionid=ac16012b30d64ad3c36ad5324aa8badfd892d397eeb0.e3iSbxaKaheRe34QaNmQchmQahz0n6jAmljGr5XDqQLvpAe HTTP/1.1" 200 2
66.249.66.20 - - [26/Oct/2023:00:39:02 -0500] "GET /Publicaciones/2023EE239801.pdf HTTP/1.1" 404 228
172.22.2.4 - - [26/Oct/2023:00:39:48 -0500] "GET /BLA/boletinlegal/consulta_actos.php?tipo=resoluciones&no=&usuario=&sector=&fecha=2023&resuelve= HTTP/1.1" 200 319053
172.22.2.4 - - [26/Oct/2023:00:39:54 -0500] "GET /BLA/boletinlegal/actos.php HTTP/1.1" 200 9682
172.22.2.4 - - [26/Oct/2023:00:40:00 -0500] "GET /BLA/boletinlegal/consulta_actos.php?tipo=resoluciones&no=&usuario=&sector=&fecha=2023&resuelve= HTTP/1.1" 200 319053
201.245.192.253 - - [26/Oct/2023:00:40:05 -0500] "POST /kwsrmcab/Wsrmcab HTTP/1.1" 200 40653
201.245.192.253 - - [26/Oct/2023:00:40:08 -0500] "POST /kwsrmcab/Wsrmcab HTTP/1.1" 200 38829
201.245.192.253 - - [26/Oct/2023:00:40:31 -0500] "POST /forms/lservlet;jsessionid=ac16012b30d6e26c36199258461fa0ccaf85fa5851b9.e3iSbxaKaheRe34QaNmQchmQahz0n6jAmljGr5XDqQLvpAe HTTP/1.1" 200 2
201.245.192.253 - - [26/Oct/2023:00:40:36 -0500] "POST /forms/lservlet;jsessionid=ac16012b30d64ad3c36ad5324aa8badfd892d397eeb0.e3iSbxaKaheRe34QaNmQchmQahz0n6jAmljGr5XDqQLvpAe HTTP/1.1" 200 2
201.245.192.253 - - [26/Oct/2023:00:40:42 -0500] "POST /kwsrmcab/Wsrmcab  HTTP/1.1" 200 40804
40.77.167.132 - - [26/Oct/2023:00:41:15 -0500] "GET /BLA/resoluciones/AUTOS%202012/0144.pdf HTTP/1.1" 304 -
66.249.66.20 - - [26/Oct/2023:00:41:22 -0500] "GET /Publicaciones/2023EE238494.pdf HTTP/1.1" 404 228
35.204.18.196 - - [26/Oct/2023:00:41:53 -0500] "GET /caminatas-ecologicas-un-plan-imperdible-para-octubre.html HTTP/1.1" 200 747
40.77.167.33 - - [26/Oct/2023:00:42:29 -0500] "GET /BLA/resoluciones/AUTOS%202023/4762.pdf HTTP/1.1" 200 579129
216.245.221.92 - - [26/Oct/2023:00:42:34 -0500] "HEAD / HTTP/1.1" 200 -
201.245.192.253 - - [26/Oct/2023:00:42:40 -0500] "POST /forms/lservlet;jsessionid=ac16012b30d6e26c36199258461fa0ccaf85fa5851b9.e3iSbxaKaheRe34QaNmQchmQahz0n6jAmljGr5XDqQLvpAe HTTP/1.1" 200 2
201.245.192.253 - - [26/Oct/2023:00:42:44 -0500] "POST /forms/lservlet;jsessionid=ac16012b30d64ad3c36ad5324aa8badfd892d397eeb0.e3iSbxaKaheRe34QaNmQchmQahz0n6jAmljGr5XDqQLvpAe HTTP/1.1" 200 2
40.77.167.33 - - [26/Oct/2023:00:42:50 -0500] "GET /BLA/resoluciones/AUTOS%202023/5081.pdf HTTP/1.1" 200 392565
172.22.2.4 - - [26/Oct/2023:00:41:30 -0500] "HEAD /BLA/boletinlegal/ HTTP/1.1" 200 -
172.22.2.4 - - [26/Oct/2023:00:42:21 -0500] "GET /BLA/boletinlegal/ HTTP/1.1" 200 54006
201.245.192.253 - - [26/Oct/2023:00:44:41 -0500] "POST /forms/lservlet;jsessionid=ac16012b30d6e26c36199258461fa0ccaf85fa5851b9.e3iSbxaKaheRe34QaNmQchmQahz0n6jAmljGr5XDqQLvpAe HTTP/1.1" 200 2
201.245.192.253 - - [26/Oct/2023:00:44:45 -0500] "POST /forms/lservlet;jsessionid=ac16012b30d64ad3c36ad5324aa8badfd892d397eeb0.e3iSbxaKaheRe34QaNmQchmQahz0n6jAmljGr5XDqQLvpAe HTTP/1.1" 200 2
123.125.109.35 - - [26/Oct/2023:00:44:58 -0500] "GET / HTTP/1.1" 200 319
201.245.192.253 - - [26/Oct/2023:00:45:42 -0500] "POST /kwsrmcab/Wsrmcab  HTTP/1.1" 200 40804
201.245.192.253 - - [26/Oct/2023:00:46:41 -0500] "POST /forms/lservlet;jsessionid=ac16012b30d6e26c36199258461fa0ccaf85fa5851b9.e3iSbxaKaheRe34QaNmQchmQahz0n6jAmljGr5XDqQLvpAe HTTP/1.1" 200 2
201.245.192.253 - - [26/Oct/2023:00:46:45 -0500] "POST /forms/lservlet;jsessionid=ac16012b30d64ad3c36ad5324aa8badfd892d397eeb0.e3iSbxaKaheRe34QaNmQchmQahz0n6jAmljGr5XDqQLvpAe HTTP/1.1" 200 2
44.230.252.91 - - [26/Oct/2023:00:47:29 -0500] "GET /robots.txt HTTP/1.1" 404 1034
44.230.252.91 - - [26/Oct/2023:00:47:30 -0500] "GET /con-participacion-bogota-avanza-en-la-construccion-de-la-politica-publica-de-accion-climatica-2050.html HTTP/1.1" 200 806
216.245.221.92 - - [26/Oct/2023:00:47:34 -0500] "HEAD / HTTP/1.1" 200 -
52.167.144.216 - - [26/Oct/2023:00:47:50 -0500] "GET /BLA/resoluciones/AUTOS%202023/5124.pdf HTTP/1.1" 200 432900
40.77.167.33 - - [26/Oct/2023:00:47:54 -0500] "GET /BLA/resoluciones/AUTOS%202023/7545.pdf HTTP/1.1" 200 415528
100.21.24.205 - - [26/Oct/2023:00:47:54 -0500] "GET /participa-en-la-cuarta-convocatoria-de-sembradoras-por-la-reactivaccion.html HTTP/1.1" 200 757
201.245.192.253 - - [26/Oct/2023:00:48:42 -0500] "POST /forms/lservlet;jsessionid=ac16012b30d6e26c36199258461fa0ccaf85fa5851b9.e3iSbxaKaheRe34QaNmQchmQahz0n6jAmljGr5XDqQLvpAe HTTP/1.1" 200 2
201.245.192.253 - - [26/Oct/2023:00:48:47 -0500] "POST /forms/lservlet;jsessionid=ac16012b30d64ad3c36ad5324aa8badfd892d397eeb0.e3iSbxaKaheRe34QaNmQchmQahz0n6jAmljGr5XDqQLvpAe HTTP/1.1" 200 2
172.22.2.4 - - [26/Oct/2023:00:47:20 -0500] "HEAD /BLA/boletinlegal/ HTTP/1.1" 200 -
162.55.37.148 - - [26/Oct/2023:00:49:17 -0500] "GET / HTTP/1.1" 200 4720
162.55.37.148 - - [26/Oct/2023:00:49:19 -0500] "GET / HTTP/1.1" 200 319
172.22.2.4 - - [26/Oct/2023:00:48:11 -0500] "GET /BLA/boletinlegal/ HTTP/1.1" 200 52658
201.245.192.253 - - [26/Oct/2023:00:50:41 -0500] "POST /kwsrmcab/Wsrmcab  HTTP/1.1" 200 40804
40.77.167.33 - - [26/Oct/2023:00:50:50 -0500] "GET /BLA/resoluciones/AUTOS%202023/5427.pdf HTTP/1.1" 200 320739
201.245.192.253 - - [26/Oct/2023:00:50:51 -0500] "POST /forms/lservlet;jsessionid=ac16012b30d6e26c36199258461fa0ccaf85fa5851b9.e3iSbxaKaheRe34QaNmQchmQahz0n6jAmljGr5XDqQLvpAe HTTP/1.1" 200 2
201.245.192.253 - - [26/Oct/2023:00:50:55 -0500] "POST /forms/lservlet;jsessionid=ac16012b30d64ad3c36ad5324aa8badfd892d397eeb0.e3iSbxaKaheRe34QaNmQchmQahz0n6jAmljGr5XDqQLvpAe HTTP/1.1" 200 2
152.61.192.232 - - [26/Oct/2023:00:50:56 -0500] "GET /arcgis/services/Calidad_del_Agua_WQI/MapServer/WMSServer?request=GetCapabilities&service=WMS HTTP/1.1" 503 1020
152.61.192.232 - - [26/Oct/2023:00:50:57 -0500] "GET /arcgis/services/Calidad_del_Agua_WQI/MapServer/WMSServer?SERVICE=WMS&REQUEST=GetCapabilities HTTP/1.1" 503 1020
152.61.192.232 - - [26/Oct/2023:00:50:57 -0500] "GET /arcgis/services/Calidad_del_Agua_WQI/MapServer/WMSServer?WMTVER=1.0.0&REQUEST=capabilities HTTP/1.1" 503 1020
52.25.208.208 - - [26/Oct/2023:00:51:47 -0500] "GET /secretaria-de-ambiente-se-unio-al-operativo-nacional-de-control-al-trafico-ilegal-de-maderas.html HTTP/1.1" 200 855
199.16.157.183 - - [26/Oct/2023:00:52:26 -0500] "GET /robots.txt HTTP/1.1" 404 1034
199.16.157.183 - - [26/Oct/2023:00:52:26 -0500] "GET /images/cr%C3%B3nica-29-nov-1_optimized.jpeg HTTP/1.1" 404 1034
216.245.221.92 - - [26/Oct/2023:00:52:34 -0500] "HEAD / HTTP/1.1" 200 -
201.245.192.253 - - [26/Oct/2023:00:52:57 -0500] "POST /forms/lservlet;jsessionid=ac16012b30d6e26c36199258461fa0ccaf85fa5851b9.e3iSbxaKaheRe34QaNmQchmQahz0n6jAmljGr5XDqQLvpAe HTTP/1.1" 200 2
201.245.192.253 - - [26/Oct/2023:00:53:01 -0500] "POST /forms/lservlet;jsessionid=ac16012b30d64ad3c36ad5324aa8badfd892d397eeb0.e3iSbxaKaheRe34QaNmQchmQahz0n6jAmljGr5XDqQLvpAe HTTP/1.1" 200 2
172.22.2.4 - - [26/Oct/2023:00:53:10 -0500] "HEAD /BLA/boletinlegal/ HTTP/1.1" 200 -
201.245.192.253 - - [26/Oct/2023:00:54:58 -0500] "POST /forms/lservlet;jsessionid=ac16012b30d6e26c36199258461fa0ccaf85fa5851b9.e3iSbxaKaheRe34QaNmQchmQahz0n6jAmljGr5XDqQLvpAe HTTP/1.1" 200 2
201.245.192.253 - - [26/Oct/2023:00:55:02 -0500] "POST /forms/lservlet;jsessionid=ac16012b30d64ad3c36ad5324aa8badfd892d397eeb0.e3iSbxaKaheRe34QaNmQchmQahz0n6jAmljGr5XDqQLvpAe HTTP/1.1" 200 2
66.249.66.19 - - [26/Oct/2023:00:55:20 -0500] "GET /Publicaciones/2023EE239888.pdf HTTP/1.1" 404 228
66.249.66.19 - - [26/Oct/2023:00:55:35 -0500] "GET /BLA/resoluciones/RESOLUCIONES%202009/5475.pdf HTTP/1.1" 200 497155
172.22.2.4 - - [26/Oct/2023:00:54:01 -0500] "GET /BLA/boletinlegal/ HTTP/1.1" 200 58309
201.245.192.253 - - [26/Oct/2023:00:55:40 -0500] "POST /kwsrmcab/Wsrmcab  HTTP/1.1" 200 40804
40.77.167.33 - - [26/Oct/2023:00:55:50 -0500] "GET /BLA/resoluciones/AUTOS%202023/5149.pdf HTTP/1.1" 200 431781
66.249.66.19 - - [26/Oct/2023:00:56:13 -0500] "GET /Publicaciones/2023EE235936.pdf HTTP/1.1" 404 228
66.249.66.20 - - [26/Oct/2023:00:56:25 -0500] "GET /BLA/resoluciones/Notificaciones/REGISTROS%202016/01783.pdf HTTP/1.1" 200 478015
185.189.182.234 - - [26/Oct/2023:00:56:53 -0500] "GET / HTTP/1.1" 400 946
172.22.2.4 - - [26/Oct/2023:00:56:55 -0500] "GET /BLA/boletinlegal/Circulares/2023/CIRCULAR%20No.%2000010%20DEL%2010%20DE%20OCTUBRE%20DEL%202023.pdf HTTP/1.1" 200 341821
201.245.192.253 - - [26/Oct/2023:00:56:58 -0500] "POST /forms/lservlet;jsessionid=ac16012b30d6e26c36199258461fa0ccaf85fa5851b9.e3iSbxaKaheRe34QaNmQchmQahz0n6jAmljGr5XDqQLvpAe HTTP/1.1" 200 2
201.245.192.253 - - [26/Oct/2023:00:57:02 -0500] "POST /forms/lservlet;jsessionid=ac16012b30d64ad3c36ad5324aa8badfd892d397eeb0.e3iSbxaKaheRe34QaNmQchmQahz0n6jAmljGr5XDqQLvpAe HTTP/1.1" 200 2
216.245.221.92 - - [26/Oct/2023:00:57:34 -0500] "HEAD / HTTP/1.1" 200 -
66.249.66.19 - - [26/Oct/2023:00:57:40 -0500] "GET /resoluciones/RESOLUCIONES%202009/9360.pdf HTTP/1.1" 404 1018
201.245.192.253 - - [26/Oct/2023:00:58:59 -0500] "POST /forms/lservlet;jsessionid=ac16012b30d6e26c36199258461fa0ccaf85fa5851b9.e3iSbxaKaheRe34QaNmQchmQahz0n6jAmljGr5XDqQLvpAe HTTP/1.1" 200 2
201.245.192.253 - - [26/Oct/2023:00:59:04 -0500] "POST /forms/lservlet;jsessionid=ac16012b30d64ad3c36ad5324aa8badfd892d397eeb0.e3iSbxaKaheRe34QaNmQchmQahz0n6jAmljGr5XDqQLvpAe HTTP/1.1" 200 2
52.167.144.229 - - [26/Oct/2023:01:00:29 -0500] "GET /BLA/resoluciones/AUTOS%202023/4006.pdf HTTP/1.1" 200 680974
172.22.2.4 - - [26/Oct/2023:00:59:00 -0500] "HEAD /BLA/boletinlegal/ HTTP/1.1" 200 -
201.245.192.253 - - [26/Oct/2023:01:00:39 -0500] "POST /kwsrmcab/Wsrmcab  HTTP/1.1" 200 40804
201.245.192.253 - - [26/Oct/2023:01:01:03 -0500] "POST /forms/lservlet;jsessionid=ac16012b30d6e26c36199258461fa0ccaf85fa5851b9.e3iSbxaKaheRe34QaNmQchmQahz0n6jAmljGr5XDqQLvpAe HTTP/1.1" 200 2
14.22.11.162 - - [26/Oct/2023:01:00:40 -0500] "GET /portaldeninos/wp-content/uploads/2020/01/Tierra-escenario.jpg HTTP/1.1" 200 181491
201.245.192.253 - - [26/Oct/2023:01:01:07 -0500] "POST /forms/lservlet;jsessionid=ac16012b30d64ad3c36ad5324aa8badfd892d397eeb0.e3iSbxaKaheRe34QaNmQchmQahz0n6jAmljGr5XDqQLvpAe HTTP/1.1" 200 2
172.22.2.4 - - [26/Oct/2023:01:01:26 -0500] "GET /BLA/boletinlegal/.env HTTP/1.1" 404 1018
172.22.2.4 - - [26/Oct/2023:00:59:51 -0500] "GET /BLA/boletinlegal/ HTTP/1.1" 200 57957
172.22.2.4 - - [26/Oct/2023:01:01:26 -0500] "POST /BLA/boletinlegal/ HTTP/1.1" 200 24523
216.245.221.92 - - [26/Oct/2023:01:02:34 -0500] "HEAD / HTTP/1.1" 200 -
201.245.192.253 - - [26/Oct/2023:01:03:07 -0500] "POST /forms/lservlet;jsessionid=ac16012b30d6e26c36199258461fa0ccaf85fa5851b9.e3iSbxaKaheRe34QaNmQchmQahz0n6jAmljGr5XDqQLvpAe HTTP/1.1" 200 2
201.245.192.253 - - [26/Oct/2023:01:03:11 -0500] "POST /forms/lservlet;jsessionid=ac16012b30d64ad3c36ad5324aa8badfd892d397eeb0.e3iSbxaKaheRe34QaNmQchmQahz0n6jAmljGr5XDqQLvpAe HTTP/1.1" 200 2
52.167.144.65 - - [26/Oct/2023:01:03:52 -0500] "GET /robots.txt HTTP/1.1" 404 1035
52.167.144.191 - - [26/Oct/2023:01:03:53 -0500] "GET /portaldeninos/category/noticias/page/6/ HTTP/1.1" 200 102882
201.245.192.253 - - [26/Oct/2023:01:05:15 -0500] "POST /forms/lservlet;jsessionid=ac16012b30d6e26c36199258461fa0ccaf85fa5851b9.e3iSbxaKaheRe34QaNmQchmQahz0n6jAmljGr5XDqQLvpAe HTTP/1.1" 200 2
201.245.192.253 - - [26/Oct/2023:01:05:19 -0500] "POST /forms/lservlet;jsessionid=ac16012b30d64ad3c36ad5324aa8badfd892d397eeb0.e3iSbxaKaheRe34QaNmQchmQahz0n6jAmljGr5XDqQLvpAe HTTP/1.1" 200 2
201.245.192.253 - - [26/Oct/2023:01:05:39 -0500] "POST /kwsrmcab/Wsrmcab  HTTP/1.1" 200 40804
66.249.66.19 - - [26/Oct/2023:01:06:04 -0500] "GET /resoluciones/RESOLUCIONES%202010/3435.pdf HTTP/1.1" 404 1018
186.102.57.111 - - [26/Oct/2023:01:06:15 -0500] "GET /kwssiamovil/sm/acme/a?s=U2FsdGVkX1/Mz28IZVwjniwOjplt5xppwA7QolDO94VuVFj49RDCWwfc7pz+Riorm9E9V/FFyPGskOZpiLf+W9uvHXCvloGCkrqXoftzEAm52gqRJaq5zRXxJdJEnuGtJHZzikSfb2MVPCeUXOpkWEze3V0KlOmNibJs2y+u/n0vW7Oxs3Cie+195VvJ1d8S6WDwLGqT4/EFRb1eeMv1c9cf+X/Fu85HAcPCXkeIHOsonxuib1pzKJPC4i83wVJ+dmAyrLXg6ZsKr5TLlW4QTQ==&u=U2FsdGVkX1+9aVUElcxEt7cSvB4bWErbMG3qZZvTAyM=&y=U2FsdGVkX1/rlDtUZP64BR9I58OXTGxlrQNxfsHning= HTTP/1.1" 200 26
186.102.57.111 - - [26/Oct/2023:01:06:16 -0500] "GET /kwssiamovil/sm/acme/a?s=U2FsdGVkX1+5eltcFO/KutrquymIOHewAnBZbE6b3RpZbccmlG+ilKCjqcPILuAafP8d95N31aBdEEz89GWakqSlCzH6txsytJfVLVsmQN6bdupSZ6UAZppbsC/6ECYzjAzA8dmLOlowWfzVcB0AaoU9gxGSVI2FVga5cYABVLZmCTT7ZANaoV6yC8D0B6NcicFzaFzjtwkSoECK6kBE32kyRH33dCDiHMbekR8U/Yp8p6QguL2+W1p8hKLvwC36t7FNL5AKXeV1A3icngDZ5/SUJoCz4rJw6k9W+dbG8i39WJoASysJEaE3tzlWfj/qgYIVTbSU9nFPIETloGz6Kx0nbqwNbSPQOFjMzmGOPggoejlRqGatCj99bt+wAtIyPYiG+vMOadC7ZcrSLUAodrVmtRNb9CGkvJUbDpfonQAaiexPjce0J9kAxZAdhE5o6Y7J100QEnC172/f7A3+DKxX9GVTInVqQks4pJoXDhT/6EA3LFutxJyXLyCSeGCEATMPZpa8ntiLDYl7AQIh7edzjmsWkZpUXHNqpgfHGMZ0bHrVWaCS63QIc82tWNs4gq+xUOQh6/JcZMWwEhpqFhRPuhIxSybpBnoEsgC2VGyCKGs1+5+OFrDq3SEDqKkPAL7hItSg7hvwXW8K/+ucvuiPgjqUrl6wjPf28V6K+/w08r9Zmk4QU5FFi0dMXu7m3kbRbaGMrg/MhUoF9yr/nfyvG+m/U5CnS9++vMhKf3+o3PhxAy9cjg7dUrDzBXaaHk6NDmrWLygHH11czhh7Zs6PlGJ1u/thbDMhWyI6Xr6wuyE8BlzqQNtlg0yRxXSB0oNA788GFN0fN5WuGYJn7x0AV69tlsHhIy1qqTCtpi1eRdF8CkPp5KOEjsWDUH5jJM2iztDw5coGYt8sq23WHcl9fEJIZoZD1RqabhLEQwYiBwsy9AL+QAZPfjBPq/+oLfEKX6L+evdFQLjNMu+SfeutMOZJO8f9wTXAeyA25bomMhSOclaFIkzrMzUPbkNEFSFn6jA9T24C0niugZOdwkikzg6kFLXIGUrPymKBDpiXfUGm7nQ7V1yDr/OlbPWBARAajfd5TbS3vuEGAFAhXvk4YMcEQrCCcNyGwfuZIixYo+xHEhdRZarYhrYiOTVNstuhx0X8xXKs6hR19uBNotdonbwODywRghOxA+DBNAMCGZ1BA39MHWxH70Gng2LPPnWKBYOGbEDaQu/f7vHghS3fkDM3o2Ozu0F4+eZUGR1iqXuMC1+bykghftcB37O17gpiGzQ4LOhTgzsSwqK5a/1RG+LoDxmPEu8gkER7TGsittI+j2hl8jK/jekFQXfhn4Fq8L+g5SQNaTMgRrhW+h3gaiYVnxRXT/kd9iuJwo6nMAEVqZjVDEKlQ93n0BYvaM1NRwP4rLGOqW27ECTJgm8wvEu6wl5fx4AXDtBkW64rTFhyZOs1zXOx1ndJdj+++hvKzHWpb5GgdUvEBaBwCXaItx9pELFYuWzC63os8R57LAbIwOSkZ1tHdW0uS7TIXf3K7vnRp73VvnE2+CvxONKPv9Ovn5zXCPSRNUjgVaWd4ltlegs7c+MZHD60jKnRBoUHjR8KrrWcMYxdd04HxCEQ9TijU6ymL2HCfr38PyCqgHBEL6METpeZpxrS8liOva0b3sL8xL4W6ndX6zQRHkwNqzcSRMscpfXvicmjKpWhe445IMGkEl4On9N41tiig2g0YAsEiUOXHm4zuKy4iE2fd6FVB6TLMb+TtSAOxHGgdpCmlhVXoNzdz/UG4g2HXX20DsDDOkF7OiRtdZnFn+ggOjhJi7zhERsmfJBvBFYSzSYbvF2yGaEr1uOmmT5T5Y/rTEvcjYXvUeFRYeZRuCm+mJ9itFiQza389nqRtLmC7Qaw6PUI0qtNSrR/WbSuF1L/om9yp1jKk7uFG5Kcsx/FBgq/HRMcsi20t0LO/EDom++4FLUyt0xsdrL5bZvYWdKYA5PFmGrknUctotYx/5sjT9LlfdDU9T+f0x0HRbGopgpUomKqKgwhoBLnrRiOYVqKh5lbqliAN5LTrr0tM+NvScYL8NRhLINFR+HQ7mFVtKClA9rwGwwmd+pTXD1AjE/0AEJtPLS9MzWQSEdWY8hd/fzeQWXScF+fhedlREiHjGsF7zRRD69kY5WxIp2e+kvsYnB1sLOeivpcDs3kJVMFZw783lLlpQ/BJYESdnuppAyD822Qfd5JE2kVWy+ppXFELxd3FxHh/gRCa6+Qtd1kMMq+yu4SmBZ8x6+rB0V361StF/Z60TNEGIriDYPnmB7hkwLfeAEZTi/2sLY0MPf7lDgHTgTV3gWbymOfe40AnwZNj4QaKMG6xh+AWf3ZM7CyYjelUjlpIBkcxyvt1f2a1UOs0u2a11Y5a2yVB7CUd92CNVrFOIx/pPR4rzmbpIU8f1lV6NPSz3rJjmCuoy5u1Rgyv2fDi0HWmxoJWAio0fXfRj9u+6Hvb3rreZOxijaKnH6QNKid5WFGD6GA5lR5LVbuUf606th7dG3GwkCJeoSuTQTupZEdajnox1v95holHdHKILw0lAMmzh0f0w9YCA4cZ8sy6p6mVhZrpgrQMI0wcm/ZklW+2zP9B7pNWWhOm4Tw6j5pciI2A4DrgDYCzAWm8OVQAsxiLI16kLmaUxphj0KFaqgN/mmart5WMiuj0Dm8xRFlY1bImmh99Jpgl7IQVrvDzOxDbM7slq9+VsQY8/4JuAuZdVjn/2PbZz/wOrRr8vg6nSEC/z4CE2lxAAQrxRdLaFFKrOOR8c71GloBJ7QaX7gatqyVPjHiC6zh8Uq88rUKKvUxnDflJic9g21Ap+uVTSGgBBJKE2mEUa7DX0q7/AbqLjxVEefq5PDo+4kh6D2Xe7GQeHIpdHzglx55cVF5SVCaPFSD8rATMms+OrFOQQ8ufgCI+hrBwAVmbOo08LfmevM8tmi0hg/Gg53mZ/SLVq45FpaJbluCanRWE4x5y3STriIThCm76EOAxDUJXUCpxE/n0t1SZ5hQC/sKvMMR/ueA/azHTRiPYh6H/4M8BeS1dmBMKH477KHf17ZSTGAnncKOslu7j4ujeghuNeznNzNDY5YcweqiHG/Ot71xNPgQE95NbYZo59kY0tttSrXeeISNS3btGHB18TKfRX8UVvE/gx5Lwo+Q2HjHH1ojV51xP8EZCoeQZ9hRUk2ZzaVx43z8XFJ5iJ5t8s7orzNyxgja60RgVjc=&u=U2FsdGVkX1+9aVUElcxEt7cSvB4bWErbMG3qZZvTAyM=&y=U2FsdGVkX1/rlDtUZP64BR9I58OXTGxlrQNxfsHning= HTTP/1.1" 200 26
186.102.57.111 - - [26/Oct/2023:01:06:16 -0500] "GET /kwssiamovil/sm/acme/a?s=U2FsdGVkX18ekZSwXEW3qRWYOgZeqDrvpgzKvJxCLX16CYpIaRqAn6sbQGcA1kwVPb/e0zZXVgCK8tyQPlabI/je2Y/Fw8PsZ1y2jKmn9vlXdaJyKsdOqrmpMOtjrbCNdC+M+PiErcvVclaejlTcqmBeHyQt+30pUXFdY3GLF7k=&u=U2FsdGVkX1+9aVUElcxEt7cSvB4bWErbMG3qZZvTAyM=&y=U2FsdGVkX1/rlDtUZP64BR9I58OXTGxlrQNxfsHning= HTTP/1.1" 200 26
186.102.57.111 - - [26/Oct/2023:01:06:17 -0500] "GET /kwssiamovil/sm/acme/a?s=U2FsdGVkX19JaU4hlu4D3jTFfEzhJ0pIGreJllLJZB4w8Ca1Zi4qm1mzJwqz+WOztuNGXhWQaRd1v+tL1a53ksMMMmrlZ7haPCt64O1iZCaFJ76ouaQmeEVCVXKN89ucTynQE80J/DK6Zjok1n7q9GUH9hOoEjg1nQ942ib/P+c=&u=U2FsdGVkX1+9aVUElcxEt7cSvB4bWErbMG3qZZvTAyM=&y=U2FsdGVkX1/rlDtUZP64BR9I58OXTGxlrQNxfsHning= HTTP/1.1" 200 26
186.102.57.111 - - [26/Oct/2023:01:06:17 -0500] "GET /kwssiamovil/sm/acme/a?s=U2FsdGVkX1+4iSyEP/jAZl2Y5PgbcTotqCf6bRKA5fHGwz48KfEENNJDsZIO+xk7ePrrOK5hrKzTnHodPp4jjgTrStI/R/n7j3ACjo5P6luXkUv0+23PiIN2ZlMWjJ4pVdeDvemFQC7M3gRaBSPDWEe7aqWtYjX9WeMKIxDXZf4=&u=U2FsdGVkX1+9aVUElcxEt7cSvB4bWErbMG3qZZvTAyM=&y=U2FsdGVkX1/rlDtUZP64BR9I58OXTGxlrQNxfsHning= HTTP/1.1" 200 26
186.102.57.111 - - [26/Oct/2023:01:06:17 -0500] "GET /kwssiamovil/sm/acme/a?s=U2FsdGVkX1+gZee1Sg47UA/MPYNcgaJkZhtwFJhKZJ40yADJghCP52UX35gu6R2vRjmOPW6/hyfBMzp37kTyJpSv30Yw/TdsqmC2XwvDEM7hjZzMZV2ofcJTtHVxTM8WaLF83skmix/eEkgNY8ejoQtGGYQKXwAS3VoVbhttGdHjuCc3WhabnZf4tr2qQ36s&u=U2FsdGVkX1+9aVUElcxEt7cSvB4bWErbMG3qZZvTAyM=&y=U2FsdGVkX1/rlDtUZP64BR9I58OXTGxlrQNxfsHning= HTTP/1.1" 200 26
172.22.2.4 - - [26/Oct/2023:01:04:50 -0500] "HEAD /BLA/boletinlegal/ HTTP/1.1" 200 -
201.245.192.253 - - [26/Oct/2023:01:07:15 -0500] "POST /forms/lservlet;jsessionid=ac16012b30d6e26c36199258461fa0ccaf85fa5851b9.e3iSbxaKaheRe34QaNmQchmQahz0n6jAmljGr5XDqQLvpAe HTTP/1.1" 200 2
201.245.192.253 - - [26/Oct/2023:01:07:19 -0500] "POST /forms/lservlet;jsessionid=ac16012b30d64ad3c36ad5324aa8badfd892d397eeb0.e3iSbxaKaheRe34QaNmQchmQahz0n6jAmljGr5XDqQLvpAe HTTP/1.1" 200 2
172.22.2.4 - - [26/Oct/2023:01:05:41 -0500] "GET /BLA/boletinlegal/ HTTP/1.1" 200 58309
66.249.66.20 - - [26/Oct/2023:01:07:31 -0500] "GET /Publicaciones/2023EE238403.pdf HTTP/1.1" 404 228
216.245.221.92 - - [26/Oct/2023:01:07:34 -0500] "HEAD / HTTP/1.1" 200 -
66.249.66.37 - - [26/Oct/2023:01:07:50 -0500] "GET /dia-mundial-de-los-humedales-mas-de-60-aves-alzaron-vuelo-en-el-humedal-el-tunjo.html HTTP/1.1" 304 -
66.249.66.19 - - [26/Oct/2023:01:08:22 -0500] "GET /portel_dama/libreria/php/2006/ECOSISTEMAS%20FINAL%20web_mz27/restauracion/sitio/22_proye/xtras_in/2a.pdf HTTP/1.1" 404 1018
172.22.2.4 - - [26/Oct/2023:01:09:13 -0500] "GET /BLA/boletinlegal/robots.txt HTTP/1.1" 404 1037
172.22.2.4 - - [26/Oct/2023:01:09:13 -0500] "GET /BLA/boletinlegal/Circulares/2023/CIRCULAR%20No.%2000005%20DEL%2013%20DE%20JUNIO%20DEL%202023.pdf HTTP/1.1" 200 3638854
201.245.192.253 - - [26/Oct/2023:01:09:17 -0500] "POST /forms/lservlet;jsessionid=ac16012b30d6e26c36199258461fa0ccaf85fa5851b9.e3iSbxaKaheRe34QaNmQchmQahz0n6jAmljGr5XDqQLvpAe HTTP/1.1" 200 2
201.245.192.253 - - [26/Oct/2023:01:09:21 -0500] "POST /forms/lservlet;jsessionid=ac16012b30d64ad3c36ad5324aa8badfd892d397eeb0.e3iSbxaKaheRe34QaNmQchmQahz0n6jAmljGr5XDqQLvpAe HTTP/1.1" 200 2
103.187.190.53 - - [26/Oct/2023:01:09:24 -0500] "GET / HTTP/1.0" 200 319
103.187.190.53 - - [26/Oct/2023:01:09:25 -0500] "GET /nmaplowercheck1698300557 HTTP/1.1" 404 1018
103.187.190.53 - - [26/Oct/2023:01:09:26 -0500] "GET /HNAP1 HTTP/1.1" 404 1018
103.187.190.53 - - [26/Oct/2023:01:09:28 -0500] "\x16\x03\x01\x02" 400 226
103.187.190.53 - - [26/Oct/2023:01:09:33 -0500] "\x16\x03\x01\x02" 400 226
103.187.190.53 - - [26/Oct/2023:01:09:34 -0500] "\x16\x03\x01\x02" 400 226
52.167.144.212 - - [26/Oct/2023:01:09:53 -0500] "GET /BLA/resoluciones/AUTOS%202023/5040.pdf HTTP/1.1" 200 2190918
201.245.192.253 - - [26/Oct/2023:01:10:39 -0500] "POST /kwsrmcab/Wsrmcab  HTTP/1.1" 200 40804
66.249.66.20 - - [26/Oct/2023:01:10:49 -0500] "GET /Publicaciones/2023EE221737.pdf HTTP/1.1" 404 228
201.245.192.253 - - [26/Oct/2023:01:11:35 -0500] "POST /forms/lservlet;jsessionid=ac16012b30d6e26c36199258461fa0ccaf85fa5851b9.e3iSbxaKaheRe34QaNmQchmQahz0n6jAmljGr5XDqQLvpAe HTTP/1.1" 200 2
201.245.192.253 - - [26/Oct/2023:01:11:39 -0500] "POST /forms/lservlet;jsessionid=ac16012b30d64ad3c36ad5324aa8badfd892d397eeb0.e3iSbxaKaheRe34QaNmQchmQahz0n6jAmljGr5XDqQLvpAe HTTP/1.1" 200 2
40.77.167.36 - - [26/Oct/2023:01:11:52 -0500] "GET /BLA/resoluciones/AUTOS%202023/5082.pdf HTTP/1.1" 200 412698
66.249.66.21 - - [26/Oct/2023:01:11:56 -0500] "GET /Publicaciones/2023EE238483.pdf HTTP/1.1" 404 228
172.22.2.4 - - [26/Oct/2023:01:10:40 -0500] "HEAD /BLA/boletinlegal/ HTTP/1.1" 200 -
216.245.221.92 - - [26/Oct/2023:01:12:34 -0500] "HEAD / HTTP/1.1" 200 -
172.22.2.4 - - [26/Oct/2023:01:11:34 -0500] "GET /BLA/boletinlegal/ HTTP/1.1" 200 58673
201.245.192.253 - - [26/Oct/2023:01:13:52 -0500] "POST /forms/lservlet;jsessionid=ac16012b30d6e26c36199258461fa0ccaf85fa5851b9.e3iSbxaKaheRe34QaNmQchmQahz0n6jAmljGr5XDqQLvpAe HTTP/1.1" 200 2
201.245.192.253 - - [26/Oct/2023:01:13:56 -0500] "POST /forms/lservlet;jsessionid=ac16012b30d64ad3c36ad5324aa8badfd892d397eeb0.e3iSbxaKaheRe34QaNmQchmQahz0n6jAmljGr5XDqQLvpAe HTTP/1.1" 200 2
152.61.128.50 - - [26/Oct/2023:01:14:49 -0500] "GET /arcgis/services/Calidad_del_Agua_WQI/MapServer/WMSServer?request=GetCapabilities&service=WMS HTTP/1.1" 503 1020
152.61.128.50 - - [26/Oct/2023:01:14:51 -0500] "GET /arcgis/services/Calidad_del_Agua_WQI/MapServer/WMSServer?SERVICE=WMS&REQUEST=GetCapabilities HTTP/1.1" 503 1020
152.61.128.50 - - [26/Oct/2023:01:14:51 -0500] "GET /arcgis/services/Calidad_del_Agua_WQI/MapServer/WMSServer?WMTVER=1.0.0&REQUEST=capabilities HTTP/1.1" 503 1020
201.245.192.253 - - [26/Oct/2023:01:15:38 -0500] "POST /kwsrmcab/Wsrmcab  HTTP/1.1" 200 40804
201.245.192.253 - - [26/Oct/2023:01:16:03 -0500] "POST /forms/lservlet;jsessionid=ac16012b30d6e26c36199258461fa0ccaf85fa5851b9.e3iSbxaKaheRe34QaNmQchmQahz0n6jAmljGr5XDqQLvpAe HTTP/1.1" 200 2
201.245.192.253 - - [26/Oct/2023:01:16:07 -0500] "POST /forms/lservlet;jsessionid=ac16012b30d64ad3c36ad5324aa8badfd892d397eeb0.e3iSbxaKaheRe34QaNmQchmQahz0n6jAmljGr5XDqQLvpAe HTTP/1.1" 200 2
201.245.192.253 - - [26/Oct/2023:01:17:00 -0500] "POST /kwsrmcab/Wsrmcab HTTP/1.1" 200 40510
201.245.192.253 - - [26/Oct/2023:01:17:04 -0500] "POST /kwsrmcab/Wsrmcab HTTP/1.1" 200 38840
216.245.221.92 - - [26/Oct/2023:01:17:34 -0500] "HEAD / HTTP/1.1" 200 -
103.187.190.2 - - [26/Oct/2023:01:17:40 -0500] "\x16\x03\x01\x01 \x01" 400 226
186.102.57.111 - - [26/Oct/2023:01:17:47 -0500] "GET /kwssiamovil/sm/acme/a?s=U2FsdGVkX198OFM0eikieefwBj4fWxSd5c+QfSqTzP1D3DlKonBz9mb+0M4sgxTAk3AOnsWujRRs/d2GZlCuswUWH5QmejEBqCvINBUDmjr+rLUNfkog7xdm3IpN+c36vCo8SJrdlMp8eHEaUEOt+kuJOokMU7FD7JGv1YaqPrXKbWAXjFPhEwepgMCoT9n7kxJjIBkAEfHJTK2KiCKatOvxjo3O+JnyrweARlHd99xPP/FucejPHiSUB4NRmlZLp5IzVJQoD5kHfHO1ugw19w==&u=U2FsdGVkX1+9aVUElcxEt7cSvB4bWErbMG3qZZvTAyM=&y=U2FsdGVkX1/rlDtUZP64BR9I58OXTGxlrQNxfsHning= HTTP/1.1" 200 26
186.102.57.111 - - [26/Oct/2023:01:17:47 -0500] "GET /kwssiamovil/sm/acme/a?s=U2FsdGVkX1+Umgviz5FNG51dUfj6WYDhqB2v3Hm7Fiktm4zurcXp2uQu5ItsefdALeP8rZr5jjFVAC9H4KW8UlVGbAcXLkBD7o3yp0ixGzymW5NYRrWza0qaQp6bXo43xVMh3pFG7XkpApxbtS8i0vDSfvMNqTMLH5rE48chNVl3eEI/UlahYQyRpk1ci8uBdRl4FeKSMEuyDqCkjf6fBzVseLxdU6pxyaLMPa/yzXIRXqLtHoiRg7zYodUtlKlcI+0aLLbPlDJH6LAJMqAd9RQNoXi3+TbXKWUyRknv2BKXJN9J503A0E/40WqyL5CnO62sP3wEs2NcEoeAhnB83H4EQnM7OZrmn/DTenJnMxbQL4Q1dTkRXxNqDwtgsSnKM13rIrmpRliJxfKLkFmByYZhKx0vV+srssBMC0gZ3YhtS/a4YaUlY0nCBF6Vx7xiHVtfQI89bFnuTbFYuXW+5g6N0apFWhwWWcOv/bShddQT9fis+Ui7Yb07MzWMknzDa7l+YjP8TbGTL52ohN2W/jkwan2XW9B/PQuhSs3oQUSbXene5whblCgdIAjLcLzsCJiBPKTcbcyzvbcYO58wbiapjxO2saRlEKQIeKulvZokqqV4Uq2N+ahTTdQMLNXIy5RK0Efdjk2QbO+aGs2+1QQjVuFIcwQnLWOYvLmSymtOkpsD5iaJJTDpnDvAuNfeLCcafWruzqzMtRxm88dddKJjoEPWW0L6DLFtwdRgG+a+28N35kUocDEePMum54Ql/T7GnuyZMRNU1bvylWUESHb4Y2n1iRgEkhx3Mm8kq+wDUtb3NvRgHRe350FJLHFHyKutGN1kIHGnPwSQOYlEgqD3lSh9G/Zxv2cgYX/4HbTVQao4oVO+GOP5LajyZN2qCrOZuXX1fEW6DZ8VLWxftMe0/0h6ldUL8l+GdcZ3c/IiRnxz0pVg4llks21HgSbrbjlTjPBp0BQbr0WQoAxsNYMJesvgx3/dJSTWfUBWRQEKNrBkXIcaPFaFHimpCEa7i9NqEQ8dZQoi8+sZxrPFr9Rgdk9dP79U+4T9sLAehnASOeIV2HO+K+5hWicjbYmT4YZoDvlV9K5ToHgdr8xkiw3r0jrFC062XGeVzaw8nnMT4apjU/yJitIRWlsIO/rF2a21BdG4mwBtirCcdtOU4otn78Uve1inCF3idLjBF/ZyVlyYMBoila950rtkOC8OE6OQFgftFJOgeygnYfosAf5Px1UpGRqcrkVh5n72m1vdPxlyQ49WL71ulck9sE8ttndbbMUYnpMClw0kLR96jbnQYoE2bOUeJtlaCtv7yvAzm7rNiquTDVVGq4ydWA0u/+XtI/RvnSIpcSrlb2HREnVID35V0ueVjehCnhp7oGoSePxXOY0nBSMTq3wliQwpkTiVK1Cz9JaotBdzjvesFozZmIG8anX5I2KDW1/vE4unsE+kETYjCnGnL6PFK7nCDA8egQ6smx10MkpxzLujldCxkNvwFuY2akSvt3xjUthmEd5xLhbWERgFvp1QAtgRyStFCpsxM2tOhbKuEStzU8WLkfusBvZObLeOmHl0aqHwSiNUVJGUucZp4oTMek28gvgK63jQzMyHx2i+p2jaKbWj/XXJZo7yrFH7edM5bDdokHpiJSUuf8gXZU0W2SJhJK2wRDl6FgYpP0wUSzUddUv2ogAi6kv9nw2PBuAfl1vWgPoI452YdLCUVwbb1Lz5Ia+3hhtIDbxfa4WnRfdYFQ3PFsJT4q7uIlDwOy3+3FYOcpF7oEaxvNUitetRuMd2TdeJhliggr8RPB8d1siwqWYlZAakwG9l5/Pp9JCnjsIESFX/bZiB9V5UC9Jd+SH3ehGCiexA8NviEcFQF17mRYQghGRiebgwuwQTUEex6hYwWpJ9+RjXQB7BSJBjvqoDC0oZ2fzNPEBPxQrroQpoaWXu8Ed9OJ22co4CYZ9Yr+sri9QgfktxuHt3TVATFtIY&u=U2FsdGVkX1+9aVUElcxEt7cSvB4bWErbMG3qZZvTAyM=&y=U2FsdGVkX1/rlDtUZP64BR9I58OXTGxlrQNxfsHning= HTTP/1.1" 200 26
186.102.57.111 - - [26/Oct/2023:01:17:47 -0500] "GET /kwssiamovil/sm/acme/a?s=U2FsdGVkX1/brePkbRmvBNNZerRCFm8a+PqnBXsp5Ak9MthQszF0/rr9/vVz8ipXtx++eDPp9PcvB7IMBEQBpZYboIdLPs7wP7elZN6SfvcasLP1cSXG/C1XYgN+u78fqw7OJkX/3I/D3F43ATz0/tkv7/WmhBWCbmAOS3CTzmA=&u=U2FsdGVkX1+9aVUElcxEt7cSvB4bWErbMG3qZZvTAyM=&y=U2FsdGVkX1/rlDtUZP64BR9I58OXTGxlrQNxfsHning= HTTP/1.1" 200 26
186.102.57.111 - - [26/Oct/2023:01:17:48 -0500] "GET /kwssiamovil/sm/acme/a?s=U2FsdGVkX1+QzCd0nmH0BkiWMzNs8/ChL/ZI2K1ltN3qA/aqW86hEnjwJsGl4TyWP+4TuJFR+9kLh6QjE9/MUSor4L4wnSRr4qNv/bWmujih7Lgp5yPDioEyaXCXQ2JRbtkgM6ChAOEZKuyF0yNw3C5z8QEaC4MD5DmSKBRajQg=&u=U2FsdGVkX1+9aVUElcxEt7cSvB4bWErbMG3qZZvTAyM=&y=U2FsdGVkX1/rlDtUZP64BR9I58OXTGxlrQNxfsHning= HTTP/1.1" 200 26
186.102.57.111 - - [26/Oct/2023:01:17:48 -0500] "GET /kwssiamovil/sm/acme/a?s=U2FsdGVkX1/Xw0dlPAvpR1rmYPQlX3Lh+HL8oFFHQ2XVlTLsPJjQV7CzCaye+RF5NljQ5DA2qFho4fd/4xgqETl0K/MALKh9z7pO4HDNoIrkf5lINRsJWX0I3JI84b2qyhjrTXKJxd/0aYrSZl9A+ztk1ZjMWsxAHhjnxE8d+as=&u=U2FsdGVkX1+9aVUElcxEt7cSvB4bWErbMG3qZZvTAyM=&y=U2FsdGVkX1/rlDtUZP64BR9I58OXTGxlrQNxfsHning= HTTP/1.1" 200 26
186.102.57.111 - - [26/Oct/2023:01:17:48 -0500] "GET /kwssiamovil/sm/acme/a?s=U2FsdGVkX19ui00ZRYtn/rvdkFOf9bEfOi69fNtVd5vmGQ4gWIUZgy6iUsFiyeor7i798nvlJqPOLW4dJQjlBchvnXWqvk+myxWOAw6iHLZA4FhpiJagMgox2NmV3pghrqKNGV0IkXgdt8mC6H2INCIQa70jx2kcqna1Qvf7an1+0hiXD15lwt5UhwCO6HRv&u=U2FsdGVkX1+9aVUElcxEt7cSvB4bWErbMG3qZZvTAyM=&y=U2FsdGVkX1/rlDtUZP64BR9I58OXTGxlrQNxfsHning= HTTP/1.1" 200 26
201.245.192.253 - - [26/Oct/2023:01:18:03 -0500] "POST /forms/lservlet;jsessionid=ac16012b30d6e26c36199258461fa0ccaf85fa5851b9.e3iSbxaKaheRe34QaNmQchmQahz0n6jAmljGr5XDqQLvpAe HTTP/1.1" 200 2
201.245.192.253 - - [26/Oct/2023:01:18:07 -0500] "POST /forms/lservlet;jsessionid=ac16012b30d64ad3c36ad5324aa8badfd892d397eeb0.e3iSbxaKaheRe34QaNmQchmQahz0n6jAmljGr5XDqQLvpAe HTTP/1.1" 200 2
172.22.2.4 - - [26/Oct/2023:01:16:34 -0500] "HEAD /BLA/boletinlegal/ HTTP/1.1" 200 -
172.22.2.4 - - [26/Oct/2023:01:17:25 -0500] "GET /BLA/boletinlegal/ HTTP/1.1" 200 58309
201.245.192.253 - - [26/Oct/2023:01:20:05 -0500] "POST /kwsrmcab/Wsrmcab HTTP/1.1" 200 40510
201.245.192.253 - - [26/Oct/2023:01:20:09 -0500] "POST /forms/lservlet;jsessionid=ac16012b30d6e26c36199258461fa0ccaf85fa5851b9.e3iSbxaKaheRe34QaNmQchmQahz0n6jAmljGr5XDqQLvpAe HTTP/1.1" 200 2
201.245.192.253 - - [26/Oct/2023:01:20:07 -0500] "POST /kwsrmcab/Wsrmcab HTTP/1.1" 200 40459
66.249.66.38 - - [26/Oct/2023:01:20:13 -0500] "GET /secretaria-de-ambiente-suspende-tres-hornos-crematorios-de-bogota-por-contaminacion-del-aire.html HTTP/1.1" 200 927
201.245.192.253 - - [26/Oct/2023:01:20:13 -0500] "POST /forms/lservlet;jsessionid=ac16012b30d64ad3c36ad5324aa8badfd892d397eeb0.e3iSbxaKaheRe34QaNmQchmQahz0n6jAmljGr5XDqQLvpAe HTTP/1.1" 200 2
201.245.192.253 - - [26/Oct/2023:01:20:38 -0500] "POST /kwsrmcab/Wsrmcab  HTTP/1.1" 200 40804
40.77.167.35 - - [26/Oct/2023:01:21:23 -0500] "GET /BLA/resoluciones/index.php?dir=AUTOS+2023%2F HTTP/1.1" 200 374493
201.245.192.253 - - [26/Oct/2023:01:22:17 -0500] "POST /forms/lservlet;jsessionid=ac16012b30d6e26c36199258461fa0ccaf85fa5851b9.e3iSbxaKaheRe34QaNmQchmQahz0n6jAmljGr5XDqQLvpAe HTTP/1.1" 200 2
201.245.192.253 - - [26/Oct/2023:01:22:22 -0500] "POST /forms/lservlet;jsessionid=ac16012b30d64ad3c36ad5324aa8badfd892d397eeb0.e3iSbxaKaheRe34QaNmQchmQahz0n6jAmljGr5XDqQLvpAe HTTP/1.1" 200 2
162.216.149.164 - - [26/Oct/2023:01:22:24 -0500] "GET / HTTP/1.1" 200 319
216.245.221.92 - - [26/Oct/2023:01:22:34 -0500] "HEAD / HTTP/1.1" 200 -
52.167.144.3 - - [26/Oct/2023:01:23:41 -0500] "GET /BLA/resoluciones/AUTOS%202023/5013.pdf HTTP/1.1" 200 529360
172.22.2.4 - - [26/Oct/2023:01:22:24 -0500] "HEAD /BLA/boletinlegal/ HTTP/1.1" 200 -
201.245.192.253 - - [26/Oct/2023:01:24:30 -0500] "POST /forms/lservlet;jsessionid=ac16012b30d6e26c36199258461fa0ccaf85fa5851b9.e3iSbxaKaheRe34QaNmQchmQahz0n6jAmljGr5XDqQLvpAe HTTP/1.1" 200 2
201.245.192.253 - - [26/Oct/2023:01:24:35 -0500] "POST /forms/lservlet;jsessionid=ac16012b30d64ad3c36ad5324aa8badfd892d397eeb0.e3iSbxaKaheRe34QaNmQchmQahz0n6jAmljGr5XDqQLvpAe HTTP/1.1" 200 2
66.249.66.38 - - [26/Oct/2023:01:24:49 -0500] "GET /cooperacion-internacional-postulate-para-la-coordinacion-ambiental-de-proyecto-con-la-union-europea-avantia.html HTTP/1.1" 304 -
172.22.2.4 - - [26/Oct/2023:01:23:15 -0500] "GET /BLA/boletinlegal/ HTTP/1.1" 200 58309
201.245.192.253 - - [26/Oct/2023:01:25:37 -0500] "POST /kwsrmcab/Wsrmcab  HTTP/1.1" 200 40804
201.245.192.253 - - [26/Oct/2023:01:26:48 -0500] "POST /forms/lservlet;jsessionid=ac16012b30d6e26c36199258461fa0ccaf85fa5851b9.e3iSbxaKaheRe34QaNmQchmQahz0n6jAmljGr5XDqQLvpAe HTTP/1.1" 200 2
201.245.192.253 - - [26/Oct/2023:01:26:52 -0500] "POST /forms/lservlet;jsessionid=ac16012b30d64ad3c36ad5324aa8badfd892d397eeb0.e3iSbxaKaheRe34QaNmQchmQahz0n6jAmljGr5XDqQLvpAe HTTP/1.1" 200 2
201.245.192.253 - - [26/Oct/2023:01:27:00 -0500] "POST /kwsrmcab/Wsrmcab HTTP/1.1" 200 40510
201.245.192.253 - - [26/Oct/2023:01:27:04 -0500] "POST /kwsrmcab/Wsrmcab HTTP/1.1" 200 40459
216.245.221.92 - - [26/Oct/2023:01:27:34 -0500] "HEAD / HTTP/1.1" 200 -
199.16.157.181 - - [26/Oct/2023:01:28:08 -0500] "GET /distrito-realiza-las-primeras-vasectomias-a-palomas-de-plaza.html HTTP/1.1" 200 958
199.16.157.181 - - [26/Oct/2023:01:28:09 -0500] "GET /images/imagen-palomas_optimized.jpg HTTP/1.1" 200 184069
201.245.192.253 - - [26/Oct/2023:01:28:48 -0500] "POST /forms/lservlet;jsessionid=ac16012b30d6e26c36199258461fa0ccaf85fa5851b9.e3iSbxaKaheRe34QaNmQchmQahz0n6jAmljGr5XDqQLvpAe HTTP/1.1" 200 2
201.245.192.253 - - [26/Oct/2023:01:28:52 -0500] "POST /forms/lservlet;jsessionid=ac16012b30d64ad3c36ad5324aa8badfd892d397eeb0.e3iSbxaKaheRe34QaNmQchmQahz0n6jAmljGr5XDqQLvpAe HTTP/1.1" 200 2
172.22.2.4 - - [26/Oct/2023:01:28:14 -0500] "HEAD /BLA/boletinlegal/ HTTP/1.1" 200 -
201.245.192.253 - - [26/Oct/2023:01:30:05 -0500] "POST /kwsrmcab/Wsrmcab HTTP/1.1" 200 40510
201.245.192.253 - - [26/Oct/2023:01:30:09 -0500] "POST /kwsrmcab/Wsrmcab HTTP/1.1" 200 40459
201.245.192.253 - - [26/Oct/2023:01:30:35 -0500] "POST /kwsrmcab/Wsrmcab  HTTP/1.1" 200 40804
172.22.2.4 - - [26/Oct/2023:01:29:07 -0500] "GET /BLA/boletinlegal/ HTTP/1.1" 200 58309
201.245.192.253 - - [26/Oct/2023:01:30:50 -0500] "POST /forms/lservlet;jsessionid=ac16012b30d6e26c36199258461fa0ccaf85fa5851b9.e3iSbxaKaheRe34QaNmQchmQahz0n6jAmljGr5XDqQLvpAe HTTP/1.1" 200 2
201.245.192.253 - - [26/Oct/2023:01:30:54 -0500] "POST /forms/lservlet;jsessionid=ac16012b30d64ad3c36ad5324aa8badfd892d397eeb0.e3iSbxaKaheRe34QaNmQchmQahz0n6jAmljGr5XDqQLvpAe HTTP/1.1" 200 2
40.77.167.23 - - [26/Oct/2023:01:31:31 -0500] "GET /BLA/resoluciones/AUTOS%202023/3693.pdf HTTP/1.1" 200 454530
40.77.167.23 - - [26/Oct/2023:01:31:50 -0500] "GET /BLA/resoluciones/AUTOS%202023/5163.pdf HTTP/1.1" 200 728430
216.245.221.92 - - [26/Oct/2023:01:32:34 -0500] "HEAD / HTTP/1.1" 200 -
66.249.66.39 - - [26/Oct/2023:01:32:36 -0500] "GET /secretaria-de-ambiente-abre-convocatoria-para-el-proceso-de-formacion-mujeres-cuidadoras-de-humedales.html HTTP/1.1" 304 -
201.245.192.253 - - [26/Oct/2023:01:32:57 -0500] "POST /forms/lservlet;jsessionid=ac16012b30d6e26c36199258461fa0ccaf85fa5851b9.e3iSbxaKaheRe34QaNmQchmQahz0n6jAmljGr5XDqQLvpAe HTTP/1.1" 200 2
201.245.192.253 - - [26/Oct/2023:01:33:01 -0500] "POST /forms/lservlet;jsessionid=ac16012b30d64ad3c36ad5324aa8badfd892d397eeb0.e3iSbxaKaheRe34QaNmQchmQahz0n6jAmljGr5XDqQLvpAe HTTP/1.1" 200 2
52.167.144.221 - - [26/Oct/2023:01:33:47 -0500] "GET /BLA/resoluciones/AUTOS%202023/5171.pdf HTTP/1.1" 200 452541
201.245.192.253 - - [26/Oct/2023:01:35:16 -0500] "POST /forms/lservlet;jsessionid=ac16012b30d6e26c36199258461fa0ccaf85fa5851b9.e3iSbxaKaheRe34QaNmQchmQahz0n6jAmljGr5XDqQLvpAe HTTP/1.1" 200 2
201.245.192.253 - - [26/Oct/2023:01:35:20 -0500] "POST /forms/lservlet;jsessionid=ac16012b30d64ad3c36ad5324aa8badfd892d397eeb0.e3iSbxaKaheRe34QaNmQchmQahz0n6jAmljGr5XDqQLvpAe HTTP/1.1" 200 2
201.245.192.253 - - [26/Oct/2023:01:35:34 -0500] "POST /kwsrmcab/Wsrmcab  HTTP/1.1" 503 1020
172.22.2.4 - - [26/Oct/2023:01:34:07 -0500] "HEAD /BLA/boletinlegal/ HTTP/1.1" 200 -
201.245.192.253 - - [26/Oct/2023:01:36:34 -0500] "POST /kwsrmcab/Wsrmcab  HTTP/1.1" 503 1020
172.22.2.4 - - [26/Oct/2023:01:34:58 -0500] "GET /BLA/boletinlegal/ HTTP/1.1" 200 57957
201.245.192.253 - - [26/Oct/2023:01:37:01 -0500] "POST /kwsrmcab/Wsrmcab HTTP/1.1" 200 40510
201.245.192.253 - - [26/Oct/2023:01:37:04 -0500] "POST /kwsrmcab/Wsrmcab HTTP/1.1" 200 40459
201.245.192.253 - - [26/Oct/2023:01:37:27 -0500] "POST /forms/lservlet;jsessionid=ac16012b30d6e26c36199258461fa0ccaf85fa5851b9.e3iSbxaKaheRe34QaNmQchmQahz0n6jAmljGr5XDqQLvpAe HTTP/1.1" 200 2
201.245.192.253 - - [26/Oct/2023:01:37:31 -0500] "POST /forms/lservlet;jsessionid=ac16012b30d64ad3c36ad5324aa8badfd892d397eeb0.e3iSbxaKaheRe34QaNmQchmQahz0n6jAmljGr5XDqQLvpAe HTTP/1.1" 200 2
216.245.221.92 - - [26/Oct/2023:01:37:34 -0500] "HEAD / HTTP/1.1" 200 -
201.245.192.253 - - [26/Oct/2023:01:37:33 -0500] "POST /kwsrmcab/Wsrmcab  HTTP/1.1" 200 40804
201.245.192.253 - - [26/Oct/2023:01:38:34 -0500] "POST /kwsrmcab/Wsrmcab  HTTP/1.1" 200 40804
201.245.192.253 - - [26/Oct/2023:01:39:27 -0500] "POST /forms/lservlet;jsessionid=ac16012b30d6e26c36199258461fa0ccaf85fa5851b9.e3iSbxaKaheRe34QaNmQchmQahz0n6jAmljGr5XDqQLvpAe HTTP/1.1" 200 2
201.245.192.253 - - [26/Oct/2023:01:39:31 -0500] "POST /forms/lservlet;jsessionid=ac16012b30d64ad3c36ad5324aa8badfd892d397eeb0.e3iSbxaKaheRe34QaNmQchmQahz0n6jAmljGr5XDqQLvpAe HTTP/1.1" 200 2
201.245.192.253 - - [26/Oct/2023:01:40:05 -0500] "POST /kwsrmcab/Wsrmcab HTTP/1.1" 200 40510
201.245.192.253 - - [26/Oct/2023:01:40:08 -0500] "POST /kwsrmcab/Wsrmcab HTTP/1.1" 200 40459
172.22.2.4 - - [26/Oct/2023:01:40:49 -0500] "GET /BLA/boletinlegal/robots.txt HTTP/1.1" 404 1038
201.245.192.253 - - [26/Oct/2023:01:41:29 -0500] "POST /forms/lservlet;jsessionid=ac16012b30d6e26c36199258461fa0ccaf85fa5851b9.e3iSbxaKaheRe34QaNmQchmQahz0n6jAmljGr5XDqQLvpAe HTTP/1.1" 200 2
201.245.192.253 - - [26/Oct/2023:01:41:33 -0500] "POST /forms/lservlet;jsessionid=ac16012b30d64ad3c36ad5324aa8badfd892d397eeb0.e3iSbxaKaheRe34QaNmQchmQahz0n6jAmljGr5XDqQLvpAe HTTP/1.1" 200 2
172.22.2.4 - - [26/Oct/2023:01:39:57 -0500] "HEAD /BLA/boletinlegal/ HTTP/1.1" 200 -
103.81.194.69 - - [26/Oct/2023:01:42:01 -0500] "GET /_phpmyadmin_/index.php?lang=en HTTP/1.1" 404 1018
103.81.194.69 - - [26/Oct/2023:01:42:01 -0500] "GET /wp-content/plugins/portable-phpmyadmin/wp-pma-mod/index.php?lang=en HTTP/1.1" 404 1018
103.81.194.69 - - [26/Oct/2023:01:42:01 -0500] "GET /db/websql/index.php?lang=en HTTP/1.1" 404 1018
103.81.194.69 - - [26/Oct/2023:01:42:02 -0500] "GET /phppma/index.php?lang=en HTTP/1.1" 404 1018
103.81.194.69 - - [26/Oct/2023:01:42:02 -0500] "GET /phpmyAdmin/index.php?lang=en HTTP/1.1" 403 1165
