190.70.192.175 - - [28/Oct/2023:06:37:15 -0500] "GET /sipse/faces/javax.faces.resource/theme.css?ln=primefaces-sipse HTTP/1.1" 304 -
190.70.192.175 - - [28/Oct/2023:06:37:15 -0500] "GET /sipse/faces/javax.faces.resource/layout/layout.css?ln=primefaces&v=4.0 HTTP/1.1" 304 -
190.70.192.175 - - [28/Oct/2023:06:37:15 -0500] "GET /sipse/faces/javax.faces.resource/primefaces.css?ln=primefaces&v=4.0 HTTP/1.1" 304 -
190.70.192.175 - - [28/Oct/2023:06:37:15 -0500] "GET /sipse/faces/javax.faces.resource/jquery/jquery.js?ln=primefaces&v=4.0 HTTP/1.1" 304 -
190.70.192.175 - - [28/Oct/2023:06:37:15 -0500] "GET /sipse/faces/javax.faces.resource/jquery/jquery-plugins.js?ln=primefaces&v=4.0 HTTP/1.1" 304 -
190.70.192.175 - - [28/Oct/2023:06:37:16 -0500] "GET /sipse/faces/javax.faces.resource/primefaces.js?ln=primefaces&v=4.0 HTTP/1.1" 304 -
190.70.192.175 - - [28/Oct/2023:06:37:16 -0500] "GET /sipse/faces/javax.faces.resource/layout/layout.js?ln=primefaces&v=4.0 HTTP/1.1" 304 -
190.70.192.175 - - [28/Oct/2023:06:37:16 -0500] "POST /sipse/faces/presentacion/financiero/solicitudProceso/listarSolicitudProceso.xhtml HTTP/1.1" 200 1548
190.70.192.175 - - [28/Oct/2023:06:37:29 -0500] "POST /sipse/faces/presentacion/financiero/solicitudProceso/listarSolicitudProceso.xhtml HTTP/1.1" 200 17848
190.70.192.175 - - [28/Oct/2023:06:37:33 -0500] "POST /sipse/faces/presentacion/financiero/solicitudProceso/listarSolicitudProceso.xhtml HTTP/1.1" 200 17820
190.70.192.175 - - [28/Oct/2023:06:37:40 -0500] "POST /sipse/faces/presentacion/financiero/solicitudProceso/listarSolicitudProceso.xhtml HTTP/1.1" 200 145296
190.70.192.175 - - [28/Oct/2023:06:37:41 -0500] "GET /sipse/faces/javax.faces.resource/theme.css?ln=primefaces-sipse HTTP/1.1" 304 -
190.70.192.175 - - [28/Oct/2023:06:37:41 -0500] "GET /sipse/faces/javax.faces.resource/primefaces.css?ln=primefaces&v=4.0 HTTP/1.1" 304 -
190.70.192.175 - - [28/Oct/2023:06:37:41 -0500] "GET /sipse/faces/javax.faces.resource/layout/layout.css?ln=primefaces&v=4.0 HTTP/1.1" 304 -
190.70.192.175 - - [28/Oct/2023:06:37:41 -0500] "GET /sipse/faces/javax.faces.resource/jquery/jquery.js?ln=primefaces&v=4.0 HTTP/1.1" 304 -
190.70.192.175 - - [28/Oct/2023:06:37:41 -0500] "GET /sipse/faces/javax.faces.resource/jquery/jquery-plugins.js?ln=primefaces&v=4.0 HTTP/1.1" 304 -
190.70.192.175 - - [28/Oct/2023:06:37:41 -0500] "GET /sipse/faces/javax.faces.resource/primefaces.js?ln=primefaces&v=4.0 HTTP/1.1" 304 -
190.70.192.175 - - [28/Oct/2023:06:37:41 -0500] "GET /sipse/faces/javax.faces.resource/layout/layout.js?ln=primefaces&v=4.0 HTTP/1.1" 304 -
190.70.192.175 - - [28/Oct/2023:06:37:41 -0500] "GET /sipse/faces/javax.faces.resource/dynamiccontent.properties?ln=primefaces&pfdrid=XjOR5%2F%2FfPAZAuY9TpWQeCiM0BhlXxYRBGKi%2FQcXXfeA%3D&pfdrid_c=false HTTP/1.1" 500 383
173.252.79.119 - - [28/Oct/2023:06:37:56 -0500] "GET /images/pl\xc3\xa1sticos%20foto%201..jpg HTTP/1.1" 404 1034
201.245.192.253 - - [28/Oct/2023:06:38:12 -0500] "POST /kwsrmcab/Wsrmcab  HTTP/1.1" 200 40654
190.70.192.175 - - [28/Oct/2023:06:38:24 -0500] "POST /sipse/faces/presentacion/financiero/solicitudProceso/consultarSolicitudProceso.xhtml HTTP/1.1" 200 21133
190.70.192.175 - - [28/Oct/2023:06:38:24 -0500] "GET /sipse/faces/javax.faces.resource/fileupload/fileupload.css?ln=primefaces&v=4.0 HTTP/1.1" 200 1330
190.70.192.175 - - [28/Oct/2023:06:38:24 -0500] "GET /sipse/faces/javax.faces.resource/theme.css?ln=primefaces-sipse HTTP/1.1" 304 -
190.70.192.175 - - [28/Oct/2023:06:38:24 -0500] "GET /sipse/faces/javax.faces.resource/primefaces.css?ln=primefaces&v=4.0 HTTP/1.1" 304 -
190.70.192.175 - - [28/Oct/2023:06:38:24 -0500] "GET /sipse/faces/javax.faces.resource/layout/layout.css?ln=primefaces&v=4.0 HTTP/1.1" 304 -
190.70.192.175 - - [28/Oct/2023:06:38:24 -0500] "GET /sipse/faces/javax.faces.resource/jquery/jquery.js?ln=primefaces&v=4.0 HTTP/1.1" 304 -
190.70.192.175 - - [28/Oct/2023:06:38:24 -0500] "GET /sipse/faces/javax.faces.resource/jquery/jquery-plugins.js?ln=primefaces&v=4.0 HTTP/1.1" 304 -
190.70.192.175 - - [28/Oct/2023:06:38:24 -0500] "GET /sipse/faces/javax.faces.resource/primefaces.js?ln=primefaces&v=4.0 HTTP/1.1" 304 -
190.70.192.175 - - [28/Oct/2023:06:38:24 -0500] "GET /sipse/faces/javax.faces.resource/layout/layout.js?ln=primefaces&v=4.0 HTTP/1.1" 304 -
190.70.192.175 - - [28/Oct/2023:06:38:24 -0500] "GET /sipse/faces/javax.faces.resource/fileupload/fileupload.js?ln=primefaces&v=4.0 HTTP/1.1" 200 28091
216.245.221.92 - - [28/Oct/2023:06:38:31 -0500] "HEAD / HTTP/1.1" 200 -
190.70.192.175 - - [28/Oct/2023:06:38:33 -0500] "GET /sipse/faces/javax.faces.resource/theme.css?ln=primefaces-sipse HTTP/1.1" 304 -
190.70.192.175 - - [28/Oct/2023:06:38:33 -0500] "GET /sipse/faces/javax.faces.resource/jquery/jquery.js?ln=primefaces&v=4.0 HTTP/1.1" 304 -
190.70.192.175 - - [28/Oct/2023:06:38:33 -0500] "GET /sipse/faces/javax.faces.resource/layout/layout.css?ln=primefaces&v=4.0 HTTP/1.1" 304 -
190.70.192.175 - - [28/Oct/2023:06:38:33 -0500] "GET /sipse/faces/javax.faces.resource/primefaces.css?ln=primefaces&v=4.0 HTTP/1.1" 304 -
190.70.192.175 - - [28/Oct/2023:06:38:33 -0500] "GET /sipse/faces/javax.faces.resource/jquery/jquery-plugins.js?ln=primefaces&v=4.0 HTTP/1.1" 304 -
190.70.192.175 - - [28/Oct/2023:06:38:33 -0500] "GET /sipse/faces/javax.faces.resource/primefaces.js?ln=primefaces&v=4.0 HTTP/1.1" 304 -
190.70.192.175 - - [28/Oct/2023:06:38:33 -0500] "GET /sipse/faces/javax.faces.resource/layout/layout.js?ln=primefaces&v=4.0 HTTP/1.1" 304 -
190.70.192.175 - - [28/Oct/2023:06:38:32 -0500] "POST /sipse/faces/presentacion/sistema/anexos/cargarAnexoSolicitudProceso.xhtml HTTP/1.1" 200 192443
190.70.192.175 - - [28/Oct/2023:06:38:33 -0500] "GET /sipse/faces/javax.faces.resource/dynamiccontent.properties?ln=primefaces&pfdrid=XjOR5%2F%2FfPAZAuY9TpWQeCiM0BhlXxYRBGKi%2FQcXXfeA%3D&pfdrid_c=false HTTP/1.1" 500 383
190.70.192.175 - - [28/Oct/2023:06:38:39 -0500] "POST /sipse/faces/presentacion/financiero/solicitudProceso/consultarSolicitudProceso.xhtml HTTP/1.1" 200 21133
190.70.192.175 - - [28/Oct/2023:06:38:40 -0500] "GET /sipse/faces/javax.faces.resource/theme.css?ln=primefaces-sipse HTTP/1.1" 304 -
190.70.192.175 - - [28/Oct/2023:06:38:40 -0500] "GET /sipse/faces/javax.faces.resource/primefaces.css?ln=primefaces&v=4.0 HTTP/1.1" 304 -
190.70.192.175 - - [28/Oct/2023:06:38:40 -0500] "GET /sipse/faces/javax.faces.resource/layout/layout.css?ln=primefaces&v=4.0 HTTP/1.1" 304 -
190.70.192.175 - - [28/Oct/2023:06:38:40 -0500] "GET /sipse/faces/javax.faces.resource/jquery/jquery.js?ln=primefaces&v=4.0 HTTP/1.1" 304 -
190.70.192.175 - - [28/Oct/2023:06:38:40 -0500] "GET /sipse/faces/javax.faces.resource/jquery/jquery-plugins.js?ln=primefaces&v=4.0 HTTP/1.1" 304 -
190.70.192.175 - - [28/Oct/2023:06:38:40 -0500] "GET /sipse/faces/javax.faces.resource/fileupload/fileupload.css?ln=primefaces&v=4.0 HTTP/1.1" 304 -
190.70.192.175 - - [28/Oct/2023:06:38:40 -0500] "GET /sipse/faces/javax.faces.resource/primefaces.js?ln=primefaces&v=4.0 HTTP/1.1" 304 -
190.70.192.175 - - [28/Oct/2023:06:38:40 -0500] "GET /sipse/faces/javax.faces.resource/fileupload/fileupload.js?ln=primefaces&v=4.0 HTTP/1.1" 304 -
190.70.192.175 - - [28/Oct/2023:06:38:40 -0500] "GET /sipse/faces/javax.faces.resource/layout/layout.js?ln=primefaces&v=4.0 HTTP/1.1" 304 -
190.70.192.175 - - [28/Oct/2023:06:38:48 -0500] "GET /sipse/faces/javax.faces.resource/primefaces.css?ln=primefaces&v=4.0 HTTP/1.1" 304 -
190.70.192.175 - - [28/Oct/2023:06:38:48 -0500] "GET /sipse/faces/javax.faces.resource/jquery/jquery.js?ln=primefaces&v=4.0 HTTP/1.1" 304 -
190.70.192.175 - - [28/Oct/2023:06:38:48 -0500] "GET /sipse/faces/javax.faces.resource/layout/layout.css?ln=primefaces&v=4.0 HTTP/1.1" 304 -
190.70.192.175 - - [28/Oct/2023:06:38:48 -0500] "GET /sipse/faces/javax.faces.resource/theme.css?ln=primefaces-sipse HTTP/1.1" 304 -
190.70.192.175 - - [28/Oct/2023:06:38:48 -0500] "GET /sipse/faces/javax.faces.resource/jquery/jquery-plugins.js?ln=primefaces&v=4.0 HTTP/1.1" 304 -
190.70.192.175 - - [28/Oct/2023:06:38:48 -0500] "GET /sipse/faces/javax.faces.resource/primefaces.js?ln=primefaces&v=4.0 HTTP/1.1" 304 -
190.70.192.175 - - [28/Oct/2023:06:38:48 -0500] "GET /sipse/faces/javax.faces.resource/layout/layout.js?ln=primefaces&v=4.0 HTTP/1.1" 304 -
190.70.192.175 - - [28/Oct/2023:06:38:47 -0500] "POST /sipse/faces/presentacion/sistema/anexos/cargarAnexoSolicitudProceso.xhtml HTTP/1.1" 200 194275
190.70.192.175 - - [28/Oct/2023:06:38:48 -0500] "GET /sipse/faces/javax.faces.resource/dynamiccontent.properties?ln=primefaces&pfdrid=XjOR5%2F%2FfPAZAuY9TpWQeCiM0BhlXxYRBGKi%2FQcXXfeA%3D&pfdrid_c=false HTTP/1.1" 500 383
190.70.192.175 - - [28/Oct/2023:06:38:58 -0500] "GET /sipse/faces/javax.faces.resource/theme.css?ln=primefaces-sipse HTTP/1.1" 304 -
190.70.192.175 - - [28/Oct/2023:06:38:58 -0500] "GET /sipse/faces/javax.faces.resource/primefaces.css?ln=primefaces&v=4.0 HTTP/1.1" 304 -
190.70.192.175 - - [28/Oct/2023:06:38:58 -0500] "GET /sipse/faces/javax.faces.resource/layout/layout.css?ln=primefaces&v=4.0 HTTP/1.1" 304 -
190.70.192.175 - - [28/Oct/2023:06:38:58 -0500] "GET /sipse/faces/javax.faces.resource/jquery/jquery.js?ln=primefaces&v=4.0 HTTP/1.1" 304 -
190.70.192.175 - - [28/Oct/2023:06:38:58 -0500] "GET /sipse/faces/javax.faces.resource/jquery/jquery-plugins.js?ln=primefaces&v=4.0 HTTP/1.1" 304 -
190.70.192.175 - - [28/Oct/2023:06:38:58 -0500] "GET /sipse/faces/javax.faces.resource/primefaces.js?ln=primefaces&v=4.0 HTTP/1.1" 304 -
190.70.192.175 - - [28/Oct/2023:06:38:58 -0500] "GET /sipse/faces/javax.faces.resource/layout/layout.js?ln=primefaces&v=4.0 HTTP/1.1" 304 -
190.70.192.175 - - [28/Oct/2023:06:38:57 -0500] "POST /sipse/faces/presentacion/financiero/solicitudProceso/consultarSolicitudProceso.xhtml HTTP/1.1" 200 122839
190.70.192.175 - - [28/Oct/2023:06:39:07 -0500] "POST /sipse/faces/presentacion/financiero/solicitudProceso/crearModificarSolicitudProceso.xhtml HTTP/1.1" 200 149341
190.70.192.175 - - [28/Oct/2023:06:39:08 -0500] "GET /sipse/faces/javax.faces.resource/theme.css?ln=primefaces-sipse HTTP/1.1" 304 -
190.70.192.175 - - [28/Oct/2023:06:39:08 -0500] "GET /sipse/faces/javax.faces.resource/primefaces.css?ln=primefaces&v=4.0 HTTP/1.1" 304 -
190.70.192.175 - - [28/Oct/2023:06:39:08 -0500] "GET /sipse/faces/javax.faces.resource/layout/layout.css?ln=primefaces&v=4.0 HTTP/1.1" 304 -
190.70.192.175 - - [28/Oct/2023:06:39:08 -0500] "GET /sipse/faces/javax.faces.resource/jquery/jquery.js?ln=primefaces&v=4.0 HTTP/1.1" 304 -
190.70.192.175 - - [28/Oct/2023:06:39:09 -0500] "GET /sipse/faces/javax.faces.resource/jquery/jquery-plugins.js?ln=primefaces&v=4.0 HTTP/1.1" 304 -
190.70.192.175 - - [28/Oct/2023:06:39:09 -0500] "GET /sipse/faces/javax.faces.resource/primefaces.js?ln=primefaces&v=4.0 HTTP/1.1" 304 -
190.70.192.175 - - [28/Oct/2023:06:39:09 -0500] "GET /sipse/faces/javax.faces.resource/layout/layout.js?ln=primefaces&v=4.0 HTTP/1.1" 304 -
190.70.192.175 - - [28/Oct/2023:06:39:09 -0500] "GET /sipse/faces/javax.faces.resource/dynamiccontent.properties?ln=primefaces&pfdrid=XjOR5%2F%2FfPAZAuY9TpWQeCiM0BhlXxYRBGKi%2FQcXXfeA%3D&pfdrid_c=false HTTP/1.1" 500 383
190.70.192.175 - - [28/Oct/2023:06:39:54 -0500] "POST /sipse/faces/presentacion/financiero/solicitudProceso/consultarSolicitudProceso.xhtml HTTP/1.1" 200 37473
190.70.192.175 - - [28/Oct/2023:06:39:57 -0500] "GET /sipse/faces/javax.faces.resource/theme.css?ln=primefaces-sipse HTTP/1.1" 304 -
190.70.192.175 - - [28/Oct/2023:06:39:57 -0500] "GET /sipse/faces/javax.faces.resource/primefaces.css?ln=primefaces&v=4.0 HTTP/1.1" 304 -
190.70.192.175 - - [28/Oct/2023:06:39:57 -0500] "GET /sipse/faces/javax.faces.resource/layout/layout.css?ln=primefaces&v=4.0 HTTP/1.1" 304 -
190.70.192.175 - - [28/Oct/2023:06:39:57 -0500] "GET /sipse/faces/javax.faces.resource/jquery/jquery.js?ln=primefaces&v=4.0 HTTP/1.1" 304 -
190.70.192.175 - - [28/Oct/2023:06:39:57 -0500] "GET /sipse/faces/javax.faces.resource/jquery/jquery-plugins.js?ln=primefaces&v=4.0 HTTP/1.1" 304 -
190.70.192.175 - - [28/Oct/2023:06:39:57 -0500] "GET /sipse/faces/javax.faces.resource/primefaces.js?ln=primefaces&v=4.0 HTTP/1.1" 304 -
190.70.192.175 - - [28/Oct/2023:06:39:57 -0500] "GET /sipse/faces/javax.faces.resource/layout/layout.js?ln=primefaces&v=4.0 HTTP/1.1" 304 -
190.70.192.175 - - [28/Oct/2023:06:39:57 -0500] "POST /sipse/faces/presentacion/financiero/solicitudProceso/listarSolicitudProceso.xhtml HTTP/1.1" 200 1400
201.245.192.253 - - [28/Oct/2023:06:39:56 -0500] "POST /kwsrmcab/Wsrmcab HTTP/1.1" 200 40077
201.245.192.253 - - [28/Oct/2023:06:39:59 -0500] "POST /kwsrmcab/Wsrmcab HTTP/1.1" 200 40975
190.70.192.175 - - [28/Oct/2023:06:40:10 -0500] "GET /sipse/faces/javax.faces.resource/theme.css?ln=primefaces-sipse HTTP/1.1" 304 -
190.70.192.175 - - [28/Oct/2023:06:40:10 -0500] "GET /sipse/faces/javax.faces.resource/primefaces.css?ln=primefaces&v=4.0 HTTP/1.1" 304 -
190.70.192.175 - - [28/Oct/2023:06:40:10 -0500] "GET /sipse/faces/javax.faces.resource/layout/layout.css?ln=primefaces&v=4.0 HTTP/1.1" 304 -
190.70.192.175 - - [28/Oct/2023:06:40:10 -0500] "GET /sipse/faces/presentacion/financiero/solicitudProceso/consultarSolicitudProceso.xhtml HTTP/1.1" 200 194330
190.70.192.175 - - [28/Oct/2023:06:40:10 -0500] "GET /sipse/faces/javax.faces.resource/jquery/jquery.js?ln=primefaces&v=4.0 HTTP/1.1" 304 -
190.70.192.175 - - [28/Oct/2023:06:40:10 -0500] "GET /sipse/faces/javax.faces.resource/jquery/jquery-plugins.js?ln=primefaces&v=4.0 HTTP/1.1" 304 -
190.70.192.175 - - [28/Oct/2023:06:40:10 -0500] "GET /sipse/faces/javax.faces.resource/layout/layout.js?ln=primefaces&v=4.0 HTTP/1.1" 304 -
190.70.192.175 - - [28/Oct/2023:06:40:10 -0500] "GET /sipse/faces/javax.faces.resource/primefaces.js?ln=primefaces&v=4.0 HTTP/1.1" 304 -
190.70.192.175 - - [28/Oct/2023:06:40:11 -0500] "GET /sipse/faces/javax.faces.resource/dynamiccontent.properties?ln=primefaces&pfdrid=XjOR5%2F%2FfPAZAuY9TpWQeCiM0BhlXxYRBGKi%2FQcXXfeA%3D&pfdrid_c=false HTTP/1.1" 500 383
190.70.192.175 - - [28/Oct/2023:06:40:35 -0500] "POST /sipse/faces/presentacion/financiero/solicitudProceso/consultarSolicitudProceso.xhtml HTTP/1.1" 200 36996
190.70.192.175 - - [28/Oct/2023:06:40:35 -0500] "GET /sipse/faces/javax.faces.resource/theme.css?ln=primefaces-sipse HTTP/1.1" 304 -
190.70.192.175 - - [28/Oct/2023:06:40:35 -0500] "GET /sipse/faces/javax.faces.resource/primefaces.css?ln=primefaces&v=4.0 HTTP/1.1" 304 -
190.70.192.175 - - [28/Oct/2023:06:40:35 -0500] "GET /sipse/faces/javax.faces.resource/layout/layout.css?ln=primefaces&v=4.0 HTTP/1.1" 304 -
190.70.192.175 - - [28/Oct/2023:06:40:35 -0500] "GET /sipse/faces/javax.faces.resource/jquery/jquery.js?ln=primefaces&v=4.0 HTTP/1.1" 304 -
190.70.192.175 - - [28/Oct/2023:06:40:35 -0500] "GET /sipse/faces/javax.faces.resource/jquery/jquery-plugins.js?ln=primefaces&v=4.0 HTTP/1.1" 304 -
190.70.192.175 - - [28/Oct/2023:06:40:36 -0500] "GET /sipse/faces/javax.faces.resource/primefaces.js?ln=primefaces&v=4.0 HTTP/1.1" 304 -
190.70.192.175 - - [28/Oct/2023:06:40:36 -0500] "GET /sipse/faces/javax.faces.resource/layout/layout.js?ln=primefaces&v=4.0 HTTP/1.1" 304 -
190.70.192.175 - - [28/Oct/2023:06:40:36 -0500] "POST /sipse/faces/presentacion/financiero/solicitudProceso/listarSolicitudProceso.xhtml HTTP/1.1" 200 1400
190.70.192.175 - - [28/Oct/2023:06:40:41 -0500] "POST /sipse/faces/presentacion/financiero/solicitudProceso/listarSolicitudProceso.xhtml HTTP/1.1" 200 145520
190.70.192.175 - - [28/Oct/2023:06:40:42 -0500] "GET /sipse/faces/javax.faces.resource/layout/layout.css?ln=primefaces&v=4.0 HTTP/1.1" 304 -
190.70.192.175 - - [28/Oct/2023:06:40:42 -0500] "GET /sipse/faces/javax.faces.resource/theme.css?ln=primefaces-sipse HTTP/1.1" 304 -
190.70.192.175 - - [28/Oct/2023:06:40:42 -0500] "GET /sipse/faces/javax.faces.resource/primefaces.css?ln=primefaces&v=4.0 HTTP/1.1" 304 -
190.70.192.175 - - [28/Oct/2023:06:40:42 -0500] "GET /sipse/faces/javax.faces.resource/jquery/jquery.js?ln=primefaces&v=4.0 HTTP/1.1" 304 -
190.70.192.175 - - [28/Oct/2023:06:40:42 -0500] "GET /sipse/faces/javax.faces.resource/jquery/jquery-plugins.js?ln=primefaces&v=4.0 HTTP/1.1" 304 -
190.70.192.175 - - [28/Oct/2023:06:40:42 -0500] "GET /sipse/faces/javax.faces.resource/primefaces.js?ln=primefaces&v=4.0 HTTP/1.1" 304 -
190.70.192.175 - - [28/Oct/2023:06:40:42 -0500] "GET /sipse/faces/javax.faces.resource/layout/layout.js?ln=primefaces&v=4.0 HTTP/1.1" 304 -
190.70.192.175 - - [28/Oct/2023:06:40:43 -0500] "GET /sipse/faces/javax.faces.resource/dynamiccontent.properties?ln=primefaces&pfdrid=XjOR5%2F%2FfPAZAuY9TpWQeCiM0BhlXxYRBGKi%2FQcXXfeA%3D&pfdrid_c=false HTTP/1.1" 500 383
190.70.192.175 - - [28/Oct/2023:06:41:06 -0500] "POST /sipse/faces/presentacion/financiero/solicitudProceso/consultarSolicitudProceso.xhtml HTTP/1.1" 200 5233
190.70.192.175 - - [28/Oct/2023:06:41:07 -0500] "POST /sipse/faces/presentacion/financiero/solicitudProceso/consultarSolicitudProceso.xhtml HTTP/1.1" 200 40740
190.70.192.175 - - [28/Oct/2023:06:41:07 -0500] "GET /sipse/faces/javax.faces.resource/theme.css?ln=primefaces-sipse HTTP/1.1" 304 -
190.70.192.175 - - [28/Oct/2023:06:41:07 -0500] "GET /sipse/faces/javax.faces.resource/primefaces.css?ln=primefaces&v=4.0 HTTP/1.1" 304 -
190.70.192.175 - - [28/Oct/2023:06:41:07 -0500] "GET /sipse/faces/javax.faces.resource/layout/layout.css?ln=primefaces&v=4.0 HTTP/1.1" 304 -
190.70.192.175 - - [28/Oct/2023:06:41:07 -0500] "GET /sipse/faces/javax.faces.resource/jquery/jquery.js?ln=primefaces&v=4.0 HTTP/1.1" 304 -
190.70.192.175 - - [28/Oct/2023:06:41:07 -0500] "GET /sipse/faces/javax.faces.resource/jquery/jquery-plugins.js?ln=primefaces&v=4.0 HTTP/1.1" 304 -
190.70.192.175 - - [28/Oct/2023:06:41:07 -0500] "GET /sipse/faces/javax.faces.resource/primefaces.js?ln=primefaces&v=4.0 HTTP/1.1" 304 -
190.70.192.175 - - [28/Oct/2023:06:41:07 -0500] "GET /sipse/faces/javax.faces.resource/layout/layout.js?ln=primefaces&v=4.0 HTTP/1.1" 304 -
190.70.192.175 - - [28/Oct/2023:06:41:07 -0500] "POST /sipse/faces/presentacion/financiero/solicitudProceso/consultar.xhtml HTTP/1.1" 200 34137
190.70.192.175 - - [28/Oct/2023:06:41:08 -0500] "POST /sipse/faces/presentacion/financiero/solicitudProceso/consultar.xhtml HTTP/1.1" 200 34137
190.70.192.175 - - [28/Oct/2023:06:41:11 -0500] "POST /sipse/faces/presentacion/financiero/solicitudProceso/consultar.xhtml HTTP/1.1" 200 2250
190.70.192.175 - - [28/Oct/2023:06:41:25 -0500] "POST /sipse/faces/presentacion/financiero/solicitudProceso/consultar.xhtml HTTP/1.1" 200 10010
172.22.2.4 - - [28/Oct/2023:06:39:46 -0500] "HEAD /BLA/boletinlegal/ HTTP/1.1" 200 -
190.70.192.175 - - [28/Oct/2023:06:41:28 -0500] "POST /sipse/faces/presentacion/financiero/solicitudProceso/consultar.xhtml HTTP/1.1" 200 4993
190.70.192.175 - - [28/Oct/2023:06:41:36 -0500] "POST /sipse/faces/presentacion/financiero/solicitudProceso/consultar.xhtml HTTP/1.1" 200 122529
190.70.192.175 - - [28/Oct/2023:06:41:37 -0500] "GET /sipse/faces/javax.faces.resource/theme.css?ln=primefaces-sipse HTTP/1.1" 304 -
190.70.192.175 - - [28/Oct/2023:06:41:37 -0500] "GET /sipse/faces/javax.faces.resource/primefaces.css?ln=primefaces&v=4.0 HTTP/1.1" 304 -
190.70.192.175 - - [28/Oct/2023:06:41:37 -0500] "GET /sipse/faces/javax.faces.resource/layout/layout.css?ln=primefaces&v=4.0 HTTP/1.1" 304 -
190.70.192.175 - - [28/Oct/2023:06:41:37 -0500] "GET /sipse/faces/javax.faces.resource/jquery/jquery.js?ln=primefaces&v=4.0 HTTP/1.1" 304 -
190.70.192.175 - - [28/Oct/2023:06:41:37 -0500] "GET /sipse/faces/javax.faces.resource/jquery/jquery-plugins.js?ln=primefaces&v=4.0 HTTP/1.1" 304 -
190.70.192.175 - - [28/Oct/2023:06:41:37 -0500] "GET /sipse/faces/javax.faces.resource/primefaces.js?ln=primefaces&v=4.0 HTTP/1.1" 304 -
190.70.192.175 - - [28/Oct/2023:06:41:37 -0500] "GET /sipse/faces/javax.faces.resource/layout/layout.js?ln=primefaces&v=4.0 HTTP/1.1" 304 -
190.70.192.175 - - [28/Oct/2023:06:41:37 -0500] "GET /sipse/faces/javax.faces.resource/dynamiccontent.properties?ln=primefaces&pfdrid=XjOR5%2F%2FfPAZAuY9TpWQeCiM0BhlXxYRBGKi%2FQcXXfeA%3D&pfdrid_c=false HTTP/1.1" 500 383
190.70.192.175 - - [28/Oct/2023:06:41:46 -0500] "GET /sipse/faces/javax.faces.resource/theme.css?ln=primefaces-sipse HTTP/1.1" 304 -
190.70.192.175 - - [28/Oct/2023:06:41:46 -0500] "POST /sipse/faces/presentacion/financiero/solicitudProceso/consultarSolicitudProceso.xhtml HTTP/1.1" 200 30626
190.70.192.175 - - [28/Oct/2023:06:41:46 -0500] "GET /sipse/faces/javax.faces.resource/layout/layout.css?ln=primefaces&v=4.0 HTTP/1.1" 304 -
190.70.192.175 - - [28/Oct/2023:06:41:46 -0500] "GET /sipse/faces/javax.faces.resource/primefaces.css?ln=primefaces&v=4.0 HTTP/1.1" 304 -
190.70.192.175 - - [28/Oct/2023:06:41:46 -0500] "GET /sipse/faces/javax.faces.resource/jquery/jquery.js?ln=primefaces&v=4.0 HTTP/1.1" 304 -
190.70.192.175 - - [28/Oct/2023:06:41:46 -0500] "GET /sipse/faces/javax.faces.resource/jquery/jquery-plugins.js?ln=primefaces&v=4.0 HTTP/1.1" 304 -
190.70.192.175 - - [28/Oct/2023:06:41:46 -0500] "GET /sipse/faces/javax.faces.resource/primefaces.js?ln=primefaces&v=4.0 HTTP/1.1" 304 -
190.70.192.175 - - [28/Oct/2023:06:41:46 -0500] "GET /sipse/faces/javax.faces.resource/layout/layout.js?ln=primefaces&v=4.0 HTTP/1.1" 304 -
172.22.2.4 - - [28/Oct/2023:06:40:37 -0500] "GET /BLA/boletinlegal/ HTTP/1.1" 200 57957
40.77.167.7 - - [28/Oct/2023:06:42:26 -0500] "GET /BLA/resoluciones/AUTOS%202023/4130.pdf HTTP/1.1" 200 455707
190.70.192.175 - - [28/Oct/2023:06:42:44 -0500] "GET /sipse/faces/javax.faces.resource/theme.css?ln=primefaces-sipse HTTP/1.1" 304 -
190.70.192.175 - - [28/Oct/2023:06:42:44 -0500] "GET /sipse/faces/javax.faces.resource/primefaces.css?ln=primefaces&v=4.0 HTTP/1.1" 304 -
190.70.192.175 - - [28/Oct/2023:06:42:44 -0500] "GET /sipse/faces/javax.faces.resource/jquery/jquery.js?ln=primefaces&v=4.0 HTTP/1.1" 304 -
190.70.192.175 - - [28/Oct/2023:06:42:44 -0500] "GET /sipse/faces/javax.faces.resource/layout/layout.css?ln=primefaces&v=4.0 HTTP/1.1" 304 -
190.70.192.175 - - [28/Oct/2023:06:42:44 -0500] "GET /sipse/faces/javax.faces.resource/primefaces.js?ln=primefaces&v=4.0 HTTP/1.1" 304 -
190.70.192.175 - - [28/Oct/2023:06:42:44 -0500] "GET /sipse/faces/javax.faces.resource/jquery/jquery-plugins.js?ln=primefaces&v=4.0 HTTP/1.1" 304 -
190.70.192.175 - - [28/Oct/2023:06:42:44 -0500] "GET /sipse/faces/javax.faces.resource/layout/layout.js?ln=primefaces&v=4.0 HTTP/1.1" 304 -
190.70.192.175 - - [28/Oct/2023:06:42:44 -0500] "POST /sipse/faces/presentacion/financiero/solicitudProceso/consultarHistorialSolProceso.xhtml HTTP/1.1" 200 167171
190.70.192.175 - - [28/Oct/2023:06:42:44 -0500] "GET /sipse/faces/javax.faces.resource/dynamiccontent.properties?ln=primefaces&pfdrid=XjOR5%2F%2FfPAZAuY9TpWQeCiM0BhlXxYRBGKi%2FQcXXfeA%3D&pfdrid_c=false HTTP/1.1" 500 383
190.70.192.175 - - [28/Oct/2023:06:43:09 -0500] "POST /sipse/faces/presentacion/financiero/solicitudProceso/consultarSolicitudProceso.xhtml HTTP/1.1" 200 320133
185.180.143.7 - - [28/Oct/2023:06:43:12 -0500] "GET / HTTP/1.1" 200 319
201.245.192.253 - - [28/Oct/2023:06:43:12 -0500] "POST /kwsrmcab/Wsrmcab  HTTP/1.1" 200 40654
31.220.161.163 - - [28/Oct/2023:06:43:20 -0500] "GET / HTTP/1.1" 200 319
216.245.221.92 - - [28/Oct/2023:06:43:31 -0500] "HEAD / HTTP/1.1" 200 -
190.70.192.175 - - [28/Oct/2023:06:46:08 -0500] "GET /sipse/faces/javax.faces.resource/theme.css?ln=primefaces-sipse HTTP/1.1" 304 -
190.70.192.175 - - [28/Oct/2023:06:46:08 -0500] "POST /sipse/faces/presentacion/financiero/solicitudProceso/consultarSolicitudProceso.xhtml HTTP/1.1" 200 30626
190.70.192.175 - - [28/Oct/2023:06:46:09 -0500] "GET /sipse/faces/javax.faces.resource/jquery/jquery.js?ln=primefaces&v=4.0 HTTP/1.1" 304 -
190.70.192.175 - - [28/Oct/2023:06:46:09 -0500] "GET /sipse/faces/javax.faces.resource/layout/layout.css?ln=primefaces&v=4.0 HTTP/1.1" 304 -
190.70.192.175 - - [28/Oct/2023:06:46:09 -0500] "GET /sipse/faces/javax.faces.resource/primefaces.css?ln=primefaces&v=4.0 HTTP/1.1" 304 -
190.70.192.175 - - [28/Oct/2023:06:46:09 -0500] "GET /sipse/faces/javax.faces.resource/jquery/jquery-plugins.js?ln=primefaces&v=4.0 HTTP/1.1" 304 -
190.70.192.175 - - [28/Oct/2023:06:46:09 -0500] "GET /sipse/faces/javax.faces.resource/primefaces.js?ln=primefaces&v=4.0 HTTP/1.1" 304 -
190.70.192.175 - - [28/Oct/2023:06:46:09 -0500] "GET /sipse/faces/javax.faces.resource/layout/layout.js?ln=primefaces&v=4.0 HTTP/1.1" 304 -
40.77.167.38 - - [28/Oct/2023:06:46:37 -0500] "GET /BLA/resoluciones/AUTOS%202023/1271.pdf HTTP/1.1" 200 425719
172.22.2.4 - - [28/Oct/2023:06:45:36 -0500] "HEAD /BLA/boletinlegal/ HTTP/1.1" 200 -
66.249.77.8 - - [28/Oct/2023:06:47:31 -0500] "GET /BLA/resoluciones/RESOLUCIONES%202011/1390.pdf HTTP/1.1" 200 596408
172.22.2.4 - - [28/Oct/2023:06:46:27 -0500] "GET /BLA/boletinlegal/ HTTP/1.1" 200 57957
201.245.192.253 - - [28/Oct/2023:06:48:11 -0500] "POST /kwsrmcab/Wsrmcab  HTTP/1.1" 200 40654
216.245.221.92 - - [28/Oct/2023:06:48:31 -0500] "HEAD / HTTP/1.1" 200 -
172.22.2.4 - - [28/Oct/2023:06:49:35 -0500] "GET /BLA/boletinlegal/ HTTP/1.1" 200 32715
66.249.66.38 - - [28/Oct/2023:06:52:52 -0500] "GET /dia-mundial-de-los-humedales-mas-de-60-aves-alzaron-vuelo-en-el-humedal-el-tunjo.html HTTP/1.1" 304 -
66.249.77.10 - - [28/Oct/2023:06:53:02 -0500] "GET /BLA/resoluciones/Notificaciones/AUTOS%202017/03326.pdf HTTP/1.1" 200 273425
172.22.2.4 - - [28/Oct/2023:06:51:26 -0500] "HEAD /BLA/boletinlegal/ HTTP/1.1" 200 -
201.245.192.253 - - [28/Oct/2023:06:53:10 -0500] "POST /kwsrmcab/Wsrmcab  HTTP/1.1" 200 40654
216.245.221.92 - - [28/Oct/2023:06:53:31 -0500] "HEAD / HTTP/1.1" 200 -
172.22.2.4 - - [28/Oct/2023:06:52:17 -0500] "GET /BLA/boletinlegal/ HTTP/1.1" 200 56799
172.22.2.4 - - [28/Oct/2023:06:53:21 -0500] "GET /BLA/boletinlegal/ HTTP/1.1" 200 32715
40.77.167.50 - - [28/Oct/2023:06:54:45 -0500] "GET /BLA/resoluciones/RESOLUCIONES%202023/0245.pdf HTTP/1.1" 304 -
40.77.167.6 - - [28/Oct/2023:06:57:37 -0500] "GET /bla/resoluciones/notificaciones/autos%202020/2930.pdf HTTP/1.1" 200 308410
201.245.192.253 - - [28/Oct/2023:06:58:09 -0500] "POST /kwsrmcab/Wsrmcab  HTTP/1.1" 200 40654
216.245.221.92 - - [28/Oct/2023:06:58:31 -0500] "HEAD / HTTP/1.1" 200 -
172.22.2.4 - - [28/Oct/2023:06:57:16 -0500] "HEAD /BLA/boletinlegal/ HTTP/1.1" 200 -
13.40.5.44 - - [28/Oct/2023:06:59:06 -0500] "" 400 226
66.249.77.8 - - [28/Oct/2023:06:59:09 -0500] "GET /BLA/resoluciones/RESOLUCIONES%202009/9015.pdf HTTP/1.1" 200 641553
207.46.13.155 - - [28/Oct/2023:06:59:26 -0500] "GET /BLA/resoluciones/AUTOS%202023/5108.pdf HTTP/1.1" 200 497282
172.22.2.4 - - [28/Oct/2023:06:58:07 -0500] "GET /BLA/boletinlegal/ HTTP/1.1" 200 58309
168.119.253.11 - - [28/Oct/2023:07:01:11 -0500] "GET / HTTP/1.1" 200 319
168.119.253.11 - - [28/Oct/2023:07:01:12 -0500] "GET / HTTP/1.1" 200 4720
52.167.144.204 - - [28/Oct/2023:07:02:39 -0500] "GET /BLA/resoluciones/AUTOS%202023/5045.pdf HTTP/1.1" 200 2507581
201.245.192.253 - - [28/Oct/2023:07:03:07 -0500] "POST /kwsrmcab/Wsrmcab  HTTP/1.1" 200 40654
216.245.221.92 - - [28/Oct/2023:07:03:31 -0500] "HEAD / HTTP/1.1" 200 -
172.22.2.4 - - [28/Oct/2023:07:03:06 -0500] "HEAD /BLA/boletinlegal/ HTTP/1.1" 200 -
172.22.2.4 - - [28/Oct/2023:07:03:57 -0500] "GET /BLA/boletinlegal/ HTTP/1.1" 200 60331
207.46.13.155 - - [28/Oct/2023:07:05:48 -0500] "GET /bla/resoluciones/notificaciones/autos%202018/01418.pdf HTTP/1.1" 200 2457941
67.217.57.54 - - [28/Oct/2023:07:07:33 -0500] "GET / HTTP/1.1" 200 319
201.245.192.253 - - [28/Oct/2023:07:08:06 -0500] "POST /kwsrmcab/Wsrmcab  HTTP/1.1" 200 40654
216.245.221.92 - - [28/Oct/2023:07:08:31 -0500] "HEAD / HTTP/1.1" 200 -
211.140.23.130 - - [28/Oct/2023:07:09:57 -0500] "GET /galeria/galeria/fotos/Humedal-vaca6P.jpg HTTP/1.1" 200 11678
172.22.2.4 - - [28/Oct/2023:07:08:56 -0500] "HEAD /BLA/boletinlegal/ HTTP/1.1" 200 -
172.22.2.4 - - [28/Oct/2023:07:09:47 -0500] "GET /BLA/boletinlegal/ HTTP/1.1" 200 60331
201.245.192.253 - - [28/Oct/2023:07:13:05 -0500] "POST /kwsrmcab/Wsrmcab  HTTP/1.1" 200 40654
216.245.221.92 - - [28/Oct/2023:07:13:31 -0500] "HEAD / HTTP/1.1" 200 -
66.249.66.166 - - [28/Oct/2023:07:15:22 -0500] "GET /portaldeninos/ HTTP/1.1" 200 110175
66.249.66.165 - - [28/Oct/2023:07:15:25 -0500] "GET /portaldeninos/wp-content/themes/betheme/css/layout.css?ver=20.9.6 HTTP/1.1" 200 116639
66.249.66.165 - - [28/Oct/2023:07:15:26 -0500] "GET /portaldeninos/wp-content/themes/betheme/css/base.css?ver=20.9.6 HTTP/1.1" 200 57283
172.22.2.4 - - [28/Oct/2023:07:14:46 -0500] "HEAD /BLA/boletinlegal/ HTTP/1.1" 200 -
201.245.192.253 - - [28/Oct/2023:07:16:49 -0500] "POST /kwsrmcab/Wsrmcab HTTP/1.1" 200 39956
201.245.192.253 - - [28/Oct/2023:07:16:52 -0500] "POST /kwsrmcab/Wsrmcab HTTP/1.1" 200 40978
172.22.2.4 - - [28/Oct/2023:07:15:37 -0500] "GET /BLA/boletinlegal/ HTTP/1.1" 200 60331
201.245.192.253 - - [28/Oct/2023:07:18:04 -0500] "POST /kwsrmcab/Wsrmcab  HTTP/1.1" 200 40654
216.245.221.92 - - [28/Oct/2023:07:18:31 -0500] "HEAD / HTTP/1.1" 200 -
201.245.192.253 - - [28/Oct/2023:07:19:56 -0500] "POST /kwsrmcab/Wsrmcab HTTP/1.1" 200 39956
201.245.192.253 - - [28/Oct/2023:07:19:59 -0500] "POST /kwsrmcab/Wsrmcab HTTP/1.1" 200 40978
186.102.106.230 - - [28/Oct/2023:07:21:10 -0500] "GET /kwssiamovil/sm/ldap/au?x=U2FsdGVkX19Q8nSX4yEYpV9uP8Z1O/tU24aLhmSGNuJxh0srvTOGjfRyVZfS3VR2&y=U2FsdGVkX19OvJizXVKff7KURRQt5Qlt9IKGHtL30uu2lkew8XNoZU0A6b3N0ovM HTTP/1.1" 200 31
186.102.106.230 - - [28/Oct/2023:07:21:15 -0500] "GET /kwssiamovil/sm/ldap/au?x=U2FsdGVkX1/SpzYdE+OZdRwVNrh4RrZxbkUFfGwTymSXVGx83QDGGKNxeE5VO6WK&y=U2FsdGVkX1+24ZrqVVf9lgt9LxD7n/0osPyGB48SoZqcDRfo61pT54UNm4YypIzk HTTP/1.1" 200 30
186.102.106.230 - - [28/Oct/2023:07:21:15 -0500] "GET /kwssiamovil/sm/acme/s?s=U2FsdGVkX195JiQ9D+O5lUGpGUVQpkO363DFoCCnIr2WBEE4KvxCyjQFq6//W7xFI3AA+xZ4KQxHXnmPL+SxVRGj9fbQC9cMBVoQzsmg8zg=&u=U2FsdGVkX1+ybjobRzrKmFVUv2sMGNwQS3H1ZAPRVEA=&y=U2FsdGVkX1+24ZrqVVf9lgt9LxD7n/0osPyGB48SoZqcDRfo61pT54UNm4YypIzk HTTP/1.1" 200 97
186.102.106.230 - - [28/Oct/2023:07:21:16 -0500] "GET /kwssiamovil/sm/acme/s?s=U2FsdGVkX18rAljIVuj+bUOzHl4Z7bpaIrGncZa6T0UZm3SwUFUkzfCwCkSIJER7vezZCEpaZ9y4aCCysgjEFndlCm87WZY0jT013flS4kKprnwthdYMuI5NceaMf1z6T8Dsl8HPABsxs70CjJn4zIym2oCiacmKTenhK443V++/4NHnoIEAtbd7KkcWpnl5GC21ZX3rH5VNqmHkIxcfb760kE7IYQIEM0jDd0VJyG8wD0Rm81A4KUt2OUuJ3rzTdJvVQ8gQK/+K35y7voG0lIuYoJIEsRg9EptuIDgKW8tvSXswcnkHjzQ4P2K1AL6S/R/XEHsuFB6h3u81L6NRh0BfMJI3Zu5TDeD22potdYa4F16AQhmxvpTTejWMaHezby/+kFGDRAu/JOM36qVBvWS0VFPY5MQqfEJzwpGzWAuUmOrDv6I5c58KztEulVpHgVEmJTTj3rmCzedgCKmEIexidw4HWi4tsZjGbOVBXc7pQ24V/hEwksaBv7L08x+6mMMtpPHKqCLckNpf/9iIGgs2uuVCzYQKZZolEljNJiOBAXBcjFHb+6hbSzp08DMAy6kpptU/woarX3vnJQ71CmcO6BUPV5OwU61SPj8HYDS3HURnNetZp01ufvXRKpG4aPp8UA2Fx+PzXwWin97U0fyGTzfFhP8pA0o2Jj2X4HeI5pPY4yxxnTB6cMrx/v4flIqBfP/tptQXbub77HLlrZ0AETrUsfJKrm+P3XQX/vwJ3A5jcRPLgp27a+BmQan4yaYXLi9dhGHn01Qb7+zik7sTomroInqyZELQJPtdMxRFlYjCp74h26x79SPjDGvp9YIhHPOH24/2UOfqOs2MrVPh18m3P3Naa6LIFZm0i5IvAo/yn4D3UXYTpEENtPbr7lNVhA7gauo3kptDSz6L/Sdz8krr7Q848MksAJnAfw9ZgHSxGGVDnkWCepvn0v3iA5RETpgT/N0n5wH/BKdC+cA1iX8tcskcimpFdWIGfPoPLDe5sBj9wZWJRI7+O1ICXycLTZsczixAKhsTSVq3b/2zHgin5jwivcx+Sa/QlyRPPFAnoFIXGu22ORtFWZxBwDSUGo0ltAQSTh4UOD/c/BeXv4Kn4+9zr/wyYmYcUdPWBFPUYfw0Z/eDUEEtvY/HLjLC4R84F19d5O+i7v9wimCV6WllhujvLxwDmxKu+sDt2IUpNsxNBjpfAnXcTT1rOkgszlD4Dmn59YWivdlNMyz5a5EOx0Q6JUDXoh1gPQ1S0BVEmGZ4jcDfFEHtijfsXi4IlC7ccew9WsOJegrjkMJUcQkDhVh+5c5EylJUXiX0GGwkeg2umZ8t3ONSnP6N8RCghkeOVSInSUcZpnD8sPQCvoLYsNsgCVvQMWu/Aogz9HNKp32ITIuTTvWMbjhDZRd+7i2vzz2qJUykA8KQ3oDfhRdGIzncdmhGZbqILAjnbbIl6iAnmjgTaWj1nk7R7FITU014sIP5n98P0z4TMl3qm8YiqbHvr66U6FwVR/fqMzDkucccCi/wMYU97vK0Ll4npeIhrtDJ4ZLxvvdXn0OI2dDW1Tt8+DKsYGCD6PFl4p/0xXbWtscY/xZvN0a7pR5wu8tlzmi7nQLEU6kuA0EgGRutr+PsqzWydFKdYrjoNXz/JdwviF4Wh83BEG4Bm8gW00jfOsfu9Z8UGuu6f4E1wwDOxPHlcCwvXxC7kP0SWaYBFqM1kCtOSK8p7193DVGUM3IC9zOgQs1aJPJrGB7rtiCEMj9AZrG2Vzz9lbA=&u=U2FsdGVkX1+ybjobRzrKmFVUv2sMGNwQS3H1ZAPRVEA=&y=U2FsdGVkX1+24ZrqVVf9lgt9LxD7n/0osPyGB48SoZqcDRfo61pT54UNm4YypIzk HTTP/1.1" 200 839
186.102.106.230 - - [28/Oct/2023:07:21:16 -0500] "GET /kwssiamovil/sm/acme/s?s=U2FsdGVkX1+0Bjx6+XGot/MmGBCwhFz4/M+w7+MrnBaHSuWLlNQRIflvv4QFyMjS8AdKtKG8l9qfLEvlGNSI+i1FJyBRyWV+Yz/MsqIPt5cHx14N6ApaSRTV+YdXhhaLXiuUxzOIXxhChoH7AHFPo0/nRqxi5O1ZQmY7+yC0nfV9eawAHWTIIZs5rNhWH+YUEBRYGdf967bqrTpKsvpE8F2RlECENCDtpq/KnYnllgPsBp6F6iRzhKTsL6qVd94NPMAIIvUmbV4C/ozhfDqMSNNGkS1xjsKLE+x7CnwAaWCnibB09KTZog8KuH8emiI4/R8Xm3vQ0VFnpFSdFHbIwXNd+OgJpmACFxXz2Qfbk/kPSlG/EcVHL2GbwDe9SGeVf+TvxdUp7xQ9oQ/M0RIRqpzwGlg8sLFiTkD6MPHrwwPnRNLl8MaYF1YxnKURH1Hmzu4lRxqjbzywiP6TMgrP3T9+d01QP2KBErRI/ouNoLZQkT9U4BP69HhAWBoxREAn7M4HDmhH/rtoDg+XntOtS4jEqmimu4+VCoEhptO51jtcAYwY8C4S1s8LxyTY6ipaCiShqYVT8odRFtuZeEqoCaB6vJ+aTdV7JmaEtZPmufl8YXF5tkUQsdx0J04v9JXG+d0huMFhNirfUAhe3eanirOrxjROL84gmKLQNLyBjSNSatC6uVWhd9fspgiO8ybGI8UiTl08v1BaBL4YmMiB27Fnrss4cFy6+NtFWufHsclRTHflI4i8pQ+gfYtYDYZE&u=U2FsdGVkX1+ybjobRzrKmFVUv2sMGNwQS3H1ZAPRVEA=&y=U2FsdGVkX1+24ZrqVVf9lgt9LxD7n/0osPyGB48SoZqcDRfo61pT54UNm4YypIzk HTTP/1.1" 200 208
186.102.106.230 - - [28/Oct/2023:07:21:16 -0500] "GET /kwssiamovil/sm/cjson/pre?f=1&x=U2FsdGVkX1/SpzYdE+OZdRwVNrh4RrZxbkUFfGwTymSXVGx83QDGGKNxeE5VO6WK HTTP/1.1" 200 31032
40.77.167.2 - - [28/Oct/2023:07:21:40 -0500] "GET /BLA/resoluciones/AUTOS%202023/4149.pdf HTTP/1.1" 200 435838
172.22.2.4 - - [28/Oct/2023:07:20:36 -0500] "HEAD /BLA/boletinlegal/ HTTP/1.1" 200 -
66.249.77.10 - - [28/Oct/2023:07:23:04 -0500] "GET /BLA/resoluciones/RESOLUCIONES%202009/0012.pdf HTTP/1.1" 200 543290
201.245.192.253 - - [28/Oct/2023:07:23:02 -0500] "POST /kwsrmcab/Wsrmcab  HTTP/1.1" 200 40654
66.249.77.8 - - [28/Oct/2023:07:23:05 -0500] "GET /BLA/resoluciones/RESOLUCIONES%202009/2732.pdf HTTP/1.1" 200 1124156
66.249.77.9 - - [28/Oct/2023:07:23:06 -0500] "GET /BLA/resoluciones/AUTOS%202009/1082.pdf HTTP/1.1" 200 103275
66.249.77.10 - - [28/Oct/2023:07:23:06 -0500] "GET /BLA/resoluciones/RESOLUCIONES%202009/0667.pdf HTTP/1.1" 200 212667
66.249.77.10 - - [28/Oct/2023:07:23:07 -0500] "GET /Publicaciones/2018EE307440.pdf HTTP/1.1" 404 228
66.249.77.9 - - [28/Oct/2023:07:23:07 -0500] "GET /BLA/resoluciones/RESOLUCIONES%202009/1996.pdf HTTP/1.1" 200 564941
172.22.2.4 - - [28/Oct/2023:07:21:27 -0500] "GET /BLA/boletinlegal/ HTTP/1.1" 200 58309
66.249.77.8 - - [28/Oct/2023:07:23:08 -0500] "GET /BLA/resoluciones/AUTOS%202015/6562.pdf HTTP/1.1" 200 626233
66.249.77.9 - - [28/Oct/2023:07:23:09 -0500] "GET /BLA/resoluciones/RESOLUCIONES%202009/0680.pdf HTTP/1.1" 200 237169
66.249.77.9 - - [28/Oct/2023:07:23:10 -0500] "GET /BLA/resoluciones/AUTOS%202015/0523.pdf HTTP/1.1" 200 331088
216.245.221.92 - - [28/Oct/2023:07:23:31 -0500] "HEAD / HTTP/1.1" 200 -
207.46.13.168 - - [28/Oct/2023:07:24:29 -0500] "GET /BLA/resoluciones/AUTOS%202023/5083.pdf HTTP/1.1" 200 401973
207.46.13.168 - - [28/Oct/2023:07:26:30 -0500] "GET /BLA/resoluciones/AUTOS%202023/6227.pdf HTTP/1.1" 200 339399
201.245.192.253 - - [28/Oct/2023:07:26:50 -0500] "POST /kwsrmcab/Wsrmcab HTTP/1.1" 200 39956
201.245.192.253 - - [28/Oct/2023:07:26:53 -0500] "POST /kwsrmcab/Wsrmcab HTTP/1.1" 200 40978
40.77.167.18 - - [28/Oct/2023:07:27:25 -0500] "GET /secretaria-de-ambiente-intercambia-conocimientos-sobre-arbolado-urbano-con-delegadas-de-la-alcaldia-de-sao-paulo.html HTTP/1.1" 200 944
201.245.192.253 - - [28/Oct/2023:07:28:02 -0500] "POST /kwsrmcab/Wsrmcab  HTTP/1.1" 200 40654
172.22.2.4 - - [28/Oct/2023:07:26:27 -0500] "HEAD /BLA/boletinlegal/ HTTP/1.1" 200 -
216.245.221.92 - - [28/Oct/2023:07:28:31 -0500] "HEAD / HTTP/1.1" 200 -
172.22.2.4 - - [28/Oct/2023:07:27:18 -0500] "GET /BLA/boletinlegal/ HTTP/1.1" 200 58309
207.46.13.168 - - [28/Oct/2023:07:29:00 -0500] "GET /BLA/resoluciones/AUTOS%202023/4751.pdf HTTP/1.1" 200 407619
201.245.192.253 - - [28/Oct/2023:07:29:56 -0500] "POST /kwsrmcab/Wsrmcab HTTP/1.1" 200 39956
201.245.192.253 - - [28/Oct/2023:07:29:59 -0500] "POST /kwsrmcab/Wsrmcab HTTP/1.1" 200 40978
173.252.95.17 - - [28/Oct/2023:07:30:07 -0500] "GET /images/mujeres-reverdecen-humedales-2-febrero.jpg HTTP/1.1" 200 47327
52.167.144.209 - - [28/Oct/2023:07:30:11 -0500] "GET /BLA/resoluciones/AUTOS%202023/0180.pdf HTTP/1.1" 200 322274
52.167.144.209 - - [28/Oct/2023:07:30:51 -0500] "GET /BLA/resoluciones/AUTOS%202023/5082.pdf HTTP/1.1" 200 412698
157.55.39.48 - - [28/Oct/2023:07:31:09 -0500] "GET /Publicaciones/2023EE227971.pdf HTTP/1.1" 404 228
69.171.249.119 - - [28/Oct/2023:07:31:23 -0500] "GET /images/pl\xc3\xa1sticos%20foto%201..jpg HTTP/1.1" 404 1034
162.55.162.137 - - [28/Oct/2023:07:32:12 -0500] "GET / HTTP/1.1" 200 319
162.55.162.137 - - [28/Oct/2023:07:32:15 -0500] "GET / HTTP/1.1" 200 4720
52.167.144.175 - - [28/Oct/2023:07:32:19 -0500] "GET /BLA/resoluciones/AUTOS%202023/2841.pdf HTTP/1.1" 200 414462
201.245.192.253 - - [28/Oct/2023:07:33:01 -0500] "POST /kwsrmcab/Wsrmcab  HTTP/1.1" 200 40654
216.245.221.92 - - [28/Oct/2023:07:33:31 -0500] "HEAD / HTTP/1.1" 200 -
172.22.2.4 - - [28/Oct/2023:07:32:17 -0500] "HEAD /BLA/boletinlegal/ HTTP/1.1" 200 -
172.22.2.4 - - [28/Oct/2023:07:33:08 -0500] "GET /BLA/boletinlegal/ HTTP/1.1" 200 60682
186.84.90.83 - - [28/Oct/2023:07:35:08 -0500] "GET /portaldeninos/wp-content/uploads/useanyfont/uaf.css?ver=1589905315 HTTP/1.1" 200 408
186.84.90.83 - - [28/Oct/2023:07:35:08 -0500] "GET /portaldeninos/wp-content/themes/betheme/style.css?ver=20.9.6 HTTP/1.1" 200 287
186.84.90.83 - - [28/Oct/2023:07:35:08 -0500] "GET /portaldeninos/wp-content/plugins/gallery-videos/CSS/Total-Soft-Gallery-Video-Widget.css?ver=4.9.8 HTTP/1.1" 200 51554
186.84.90.83 - - [28/Oct/2023:07:35:08 -0500] "GET /portaldeninos/wp-content/plugins/gallery-videos/CSS/totalsoft.css?ver=4.9.8 HTTP/1.1" 200 40622
186.84.90.83 - - [28/Oct/2023:07:35:08 -0500] "GET /portaldeninos/wp-content/themes/betheme/css/base.css?ver=20.9.6 HTTP/1.1" 200 57283
186.84.90.83 - - [28/Oct/2023:07:35:08 -0500] "GET /portaldeninos/wp-content/themes/betheme/css/layout.css?ver=20.9.6 HTTP/1.1" 200 116639
186.84.90.83 - - [28/Oct/2023:07:35:08 -0500] "GET /portaldeninos/wp-content/themes/betheme/css/shortcodes.css?ver=20.9.6 HTTP/1.1" 200 138889
186.84.90.83 - - [28/Oct/2023:07:35:08 -0500] "GET /portaldeninos/wp-content/themes/betheme/assets/jplayer/css/jplayer.blue.monday.css?ver=20.9.6 HTTP/1.1" 200 9834
186.84.90.83 - - [28/Oct/2023:07:35:08 -0500] "GET /portaldeninos/wp-content/themes/betheme/assets/ui/jquery.ui.all.css?ver=20.9.6 HTTP/1.1" 200 18765
186.84.90.83 - - [28/Oct/2023:07:35:08 -0500] "GET /portaldeninos/wp-content/themes/betheme/assets/animations/animations.min.css?ver=20.9.6 HTTP/1.1" 200 58508
186.84.90.83 - - [28/Oct/2023:07:35:09 -0500] "GET /portaldeninos/wp-content/plugins/popup-maker/assets/css/site.min.css?ver=1.8.14 HTTP/1.1" 200 8260
186.84.90.83 - - [28/Oct/2023:07:35:08 -0500] "GET /portaldeninos/ HTTP/1.1" 200 110175
186.84.90.83 - - [28/Oct/2023:07:35:09 -0500] "GET /portaldeninos/wp-content/themes/betheme/css/responsive.css?ver=20.9.6 HTTP/1.1" 200 55740
186.84.90.83 - - [28/Oct/2023:07:35:09 -0500] "GET /portaldeninos/wp-content/plugins/google-analytics-for-wordpress/assets/js/frontend-gtag.min.js?ver=8.5.0 HTTP/1.1" 200 11801
186.84.90.83 - - [28/Oct/2023:07:35:09 -0500] "GET /portaldeninos/wp-includes/js/jquery/jquery-migrate.min.js?ver=1.4.1 HTTP/1.1" 200 10056
186.84.90.83 - - [28/Oct/2023:07:35:09 -0500] "GET /portaldeninos/wp-includes/js/jquery/ui/core.min.js?ver=1.11.4 HTTP/1.1" 200 4000
186.84.90.83 - - [28/Oct/2023:07:35:09 -0500] "GET /portaldeninos/wp-content/plugins/gallery-videos/JS/modernizr.custom.js?ver=4.9.8 HTTP/1.1" 200 9019
186.84.90.83 - - [28/Oct/2023:07:35:09 -0500] "GET /portaldeninos/wp-content/uploads/2019/08/Logo-Ambientic.png HTTP/1.1" 200 22941
186.84.90.83 - - [28/Oct/2023:07:35:09 -0500] "GET /portaldeninos/wp-includes/js/jquery/jquery.js?ver=1.12.4 HTTP/1.1" 200 97184
186.84.90.83 - - [28/Oct/2023:07:35:09 -0500] "GET /portaldeninos/wp-content/uploads/2021/06/titulo-cabezote-ni%C3%B1os.png HTTP/1.1" 200 64425
186.84.90.83 - - [28/Oct/2023:07:35:09 -0500] "GET /portaldeninos/wp-includes/js/jquery/ui/widget.min.js?ver=1.11.4 HTTP/1.1" 200 6908
186.84.90.83 - - [28/Oct/2023:07:35:09 -0500] "GET /portaldeninos/wp-content/plugins/gallery-videos/JS/Total-Soft-Gallery-Video-Widget.js?ver=4.9.8 HTTP/1.1" 200 80264
186.84.90.83 - - [28/Oct/2023:07:35:09 -0500] "GET /portaldeninos/wp-includes/js/jquery/ui/mouse.min.js?ver=1.11.4 HTTP/1.1" 200 3148
186.84.90.83 - - [28/Oct/2023:07:35:09 -0500] "GET /portaldeninos/wp-includes/js/jquery/ui/tabs.min.js?ver=1.11.4 HTTP/1.1" 200 12110
186.84.90.83 - - [28/Oct/2023:07:35:09 -0500] "GET /portaldeninos/wp-includes/js/jquery/ui/sortable.min.js?ver=1.11.4 HTTP/1.1" 200 24899
186.84.90.83 - - [28/Oct/2023:07:35:09 -0500] "GET /portaldeninos/wp-includes/js/jquery/ui/accordion.min.js?ver=1.11.4 HTTP/1.1" 200 8584
186.84.90.83 - - [28/Oct/2023:07:35:09 -0500] "GET /portaldeninos/wp-content/themes/betheme/js/menu.js?ver=20.9.6 HTTP/1.1" 200 2449
186.84.90.83 - - [28/Oct/2023:07:35:09 -0500] "GET /portaldeninos/wp-content/themes/betheme/assets/animations/animations.min.js?ver=20.9.6 HTTP/1.1" 200 1896
186.84.90.83 - - [28/Oct/2023:07:35:09 -0500] "GET /portaldeninos/wp-content/themes/betheme/js/plugins.js?ver=20.9.6 HTTP/1.1" 200 197151
186.84.90.83 - - [28/Oct/2023:07:35:09 -0500] "GET /portaldeninos/wp-content/themes/betheme/assets/jplayer/jplayer.min.js?ver=20.9.6 HTTP/1.1" 200 52702
186.84.90.83 - - [28/Oct/2023:07:35:09 -0500] "GET /portaldeninos/wp-content/themes/betheme/js/scripts.js?ver=20.9.6 HTTP/1.1" 200 77162
186.84.90.83 - - [28/Oct/2023:07:35:09 -0500] "GET /portaldeninos/wp-includes/js/wp-embed.min.js?ver=4.9.8 HTTP/1.1" 200 1398
186.84.90.83 - - [28/Oct/2023:07:35:09 -0500] "GET /portaldeninos/wp-includes/js/wp-emoji-release.min.js?ver=4.9.8 HTTP/1.1" 200 12026
186.84.90.83 - - [28/Oct/2023:07:35:09 -0500] "GET /portaldeninos/wp-content/uploads/2021/06/titulo-miambiente-ni%C3%B1os.png HTTP/1.1" 200 11944
186.84.90.83 - - [28/Oct/2023:07:35:09 -0500] "GET /portaldeninos/wp-includes/js/jquery/ui/position.min.js?ver=1.11.4 HTTP/1.1" 200 6527
186.84.90.83 - - [28/Oct/2023:07:35:09 -0500] "GET /portaldeninos/wp-content/plugins/popup-maker/assets/js/site.min.js?defer&ver=1.8.14 HTTP/1.1" 200 48457
186.84.90.83 - - [28/Oct/2023:07:35:09 -0500] "GET /portaldeninos/wp-content/themes/betheme/fonts/mfn-icons.woff?93978679 HTTP/1.1" 200 80932
186.84.90.83 - - [28/Oct/2023:07:35:09 -0500] "GET /portaldeninos/wp-content/uploads/2021/06/titulo-videos-ni%C3%B1os.png HTTP/1.1" 200 10502
186.84.90.83 - - [28/Oct/2023:07:35:09 -0500] "GET /portaldeninos/wp-content/uploads/2018/10/oso.jpg HTTP/1.1" 200 305180
186.84.90.83 - - [28/Oct/2023:07:35:09 -0500] "GET /portaldeninos/wp-content/uploads/2020/01/Tierra-escenario.jpg HTTP/1.1" 200 181491
186.84.90.83 - - [28/Oct/2023:07:35:09 -0500] "GET /portaldeninos/wp-content/uploads/2021/06/titulo-humedales-ni%C3%B1os.png HTTP/1.1" 200 13361
186.84.90.83 - - [28/Oct/2023:07:35:09 -0500] "GET /portaldeninos/wp-content/uploads/2020/01/Frailejon-escenario.jpg HTTP/1.1" 200 357472
186.84.90.83 - - [28/Oct/2023:07:35:10 -0500] "GET /portaldeninos/wp-content/uploads/2020/05/fb.jpg HTTP/1.1" 200 9893
186.84.90.83 - - [28/Oct/2023:07:35:09 -0500] "GET /portaldeninos/wp-content/uploads/2018/11/tigrillo.jpg HTTP/1.1" 200 402961
186.84.90.83 - - [28/Oct/2023:07:35:10 -0500] "GET /portaldeninos/wp-content/uploads/2020/06/yt.jpg HTTP/1.1" 200 10577
186.84.90.83 - - [28/Oct/2023:07:35:10 -0500] "GET /portaldeninos/wp-content/uploads/2020/05/ig.jpg HTTP/1.1" 200 11470
186.84.90.83 - - [28/Oct/2023:07:35:10 -0500] "GET /portaldeninos/wp-content/uploads/2020/06/tw.jpg HTTP/1.1" 200 11056
186.84.90.83 - - [28/Oct/2023:07:35:10 -0500] "GET /portaldeninos/wp-content/themes/betheme/images/box_shadow.png HTTP/1.1" 200 108
186.84.90.83 - - [28/Oct/2023:07:35:10 -0500] "GET /portaldeninos/wp-content/themes/betheme/images/stripes/stripes_3_b.png HTTP/1.1" 200 974
186.84.90.83 - - [28/Oct/2023:07:35:09 -0500] "GET /portaldeninos/wp-content/uploads/2018/11/caneca.jpg HTTP/1.1" 200 262661
186.84.90.83 - - [28/Oct/2023:07:35:10 -0500] "GET /portaldeninos/wp-content/uploads/2023/08/Infografia-Web-Infantil.mp4 HTTP/1.1" 206 209130
186.84.90.83 - - [28/Oct/2023:07:35:10 -0500] "GET /portaldeninos/wp-content/uploads/2022/08/Infograf%C3%ADa-humedales-actualizada.png HTTP/1.1" 200 588022
186.84.90.83 - - [28/Oct/2023:07:35:10 -0500] "GET /portaldeninos/wp-json/pum/v1/analytics/?event=open&pid=1126&_cache=1698496510949 HTTP/1.1" 204 -
186.84.90.83 - - [28/Oct/2023:07:35:10 -0500] "GET /portaldeninos/wp-content/uploads/2022/08/HUmedalConejera03-1.jpg HTTP/1.1" 200 12388495
186.84.90.83 - - [28/Oct/2023:07:35:10 -0500] "GET /portaldeninos/wp-content/uploads/2019/06/CabezoteAMBIENTIC.mp4 HTTP/1.1" 206 21677757
186.84.90.83 - - [28/Oct/2023:07:35:10 -0500] "GET /portaldeninos/wp-content/uploads/2023/08/Infografia-Web-Infantil.mp4 HTTP/1.1" 206 10048293
186.84.90.83 - - [28/Oct/2023:07:35:29 -0500] "GET /portaldeninos/ HTTP/1.1" 200 110175
186.84.90.83 - - [28/Oct/2023:07:35:29 -0500] "GET /portaldeninos/wp-content/uploads/useanyfont/uaf.css?ver=1589905315 HTTP/1.1" 200 408
186.84.90.83 - - [28/Oct/2023:07:35:29 -0500] "GET /portaldeninos/wp-content/themes/betheme/style.css?ver=20.9.6 HTTP/1.1" 200 287
186.84.90.83 - - [28/Oct/2023:07:35:29 -0500] "GET /portaldeninos/wp-content/plugins/gallery-videos/CSS/totalsoft.css?ver=4.9.8 HTTP/1.1" 200 40622
186.84.90.83 - - [28/Oct/2023:07:35:29 -0500] "GET /portaldeninos/wp-content/themes/betheme/css/base.css?ver=20.9.6 HTTP/1.1" 200 57283
186.84.90.83 - - [28/Oct/2023:07:35:29 -0500] "GET /portaldeninos/wp-content/plugins/gallery-videos/CSS/Total-Soft-Gallery-Video-Widget.css?ver=4.9.8 HTTP/1.1" 200 51554
186.84.90.83 - - [28/Oct/2023:07:35:29 -0500] "GET /portaldeninos/wp-content/themes/betheme/css/layout.css?ver=20.9.6 HTTP/1.1" 200 116639
186.84.90.83 - - [28/Oct/2023:07:35:30 -0500] "GET /portaldeninos/wp-content/themes/betheme/assets/ui/jquery.ui.all.css?ver=20.9.6 HTTP/1.1" 200 18765
186.84.90.83 - - [28/Oct/2023:07:35:30 -0500] "GET /portaldeninos/wp-content/themes/betheme/assets/jplayer/css/jplayer.blue.monday.css?ver=20.9.6 HTTP/1.1" 200 9834
186.84.90.83 - - [28/Oct/2023:07:35:30 -0500] "GET /portaldeninos/wp-content/plugins/popup-maker/assets/css/site.min.css?ver=1.8.14 HTTP/1.1" 200 8260
186.84.90.83 - - [28/Oct/2023:07:35:30 -0500] "GET /portaldeninos/wp-content/plugins/google-analytics-for-wordpress/assets/js/frontend-gtag.min.js?ver=8.5.0 HTTP/1.1" 200 11801
186.84.90.83 - - [28/Oct/2023:07:35:30 -0500] "GET /portaldeninos/wp-includes/js/jquery/jquery-migrate.min.js?ver=1.4.1 HTTP/1.1" 200 10056
186.84.90.83 - - [28/Oct/2023:07:35:30 -0500] "GET /portaldeninos/wp-content/themes/betheme/css/responsive.css?ver=20.9.6 HTTP/1.1" 200 55740
186.84.90.83 - - [28/Oct/2023:07:35:30 -0500] "GET /portaldeninos/wp-includes/js/jquery/ui/core.min.js?ver=1.11.4 HTTP/1.1" 200 4000
186.84.90.83 - - [28/Oct/2023:07:35:29 -0500] "GET /portaldeninos/wp-content/themes/betheme/assets/animations/animations.min.css?ver=20.9.6 HTTP/1.1" 200 58508
186.84.90.83 - - [28/Oct/2023:07:35:30 -0500] "GET /portaldeninos/wp-content/plugins/gallery-videos/JS/modernizr.custom.js?ver=4.9.8 HTTP/1.1" 200 9019
186.84.90.83 - - [28/Oct/2023:07:35:30 -0500] "GET /portaldeninos/wp-includes/js/jquery/jquery.js?ver=1.12.4 HTTP/1.1" 200 97184
186.84.90.83 - - [28/Oct/2023:07:35:29 -0500] "GET /portaldeninos/wp-content/themes/betheme/css/shortcodes.css?ver=20.9.6 HTTP/1.1" 200 138889
186.84.90.83 - - [28/Oct/2023:07:35:30 -0500] "GET /portaldeninos/wp-content/plugins/gallery-videos/JS/Total-Soft-Gallery-Video-Widget.js?ver=4.9.8 HTTP/1.1" 200 80264
186.84.90.83 - - [28/Oct/2023:07:35:30 -0500] "GET /portaldeninos/wp-content/uploads/2021/06/titulo-cabezote-ni%C3%B1os.png HTTP/1.1" 200 64425
186.84.90.83 - - [28/Oct/2023:07:35:30 -0500] "GET /portaldeninos/wp-content/uploads/2019/08/Logo-Ambientic.png HTTP/1.1" 200 22941
186.84.90.83 - - [28/Oct/2023:07:35:30 -0500] "GET /portaldeninos/wp-includes/js/jquery/ui/widget.min.js?ver=1.11.4 HTTP/1.1" 200 6908
186.84.90.83 - - [28/Oct/2023:07:35:30 -0500] "GET /portaldeninos/wp-includes/js/jquery/ui/mouse.min.js?ver=1.11.4 HTTP/1.1" 200 3148
186.84.90.83 - - [28/Oct/2023:07:35:30 -0500] "GET /portaldeninos/wp-includes/js/jquery/ui/tabs.min.js?ver=1.11.4 HTTP/1.1" 200 12110
186.84.90.83 - - [28/Oct/2023:07:35:30 -0500] "GET /portaldeninos/wp-includes/js/jquery/ui/accordion.min.js?ver=1.11.4 HTTP/1.1" 200 8584
186.84.90.83 - - [28/Oct/2023:07:35:30 -0500] "GET /portaldeninos/wp-content/themes/betheme/assets/animations/animations.min.js?ver=20.9.6 HTTP/1.1" 200 1896
186.84.90.83 - - [28/Oct/2023:07:35:30 -0500] "GET /portaldeninos/wp-content/themes/betheme/js/menu.js?ver=20.9.6 HTTP/1.1" 200 2449
186.84.90.83 - - [28/Oct/2023:07:35:30 -0500] "GET /portaldeninos/wp-includes/js/jquery/ui/sortable.min.js?ver=1.11.4 HTTP/1.1" 200 24899
186.84.90.83 - - [28/Oct/2023:07:35:30 -0500] "GET /portaldeninos/wp-content/uploads/2021/06/titulo-miambiente-ni%C3%B1os.png HTTP/1.1" 200 11944
186.84.90.83 - - [28/Oct/2023:07:35:30 -0500] "GET /portaldeninos/wp-includes/js/jquery/ui/position.min.js?ver=1.11.4 HTTP/1.1" 200 6527
186.84.90.83 - - [28/Oct/2023:07:35:30 -0500] "GET /portaldeninos/wp-content/themes/betheme/fonts/mfn-icons.woff?93978679 HTTP/1.1" 200 80932
186.84.90.83 - - [28/Oct/2023:07:35:30 -0500] "GET /portaldeninos/wp-content/themes/betheme/assets/jplayer/jplayer.min.js?ver=20.9.6 HTTP/1.1" 200 52702
186.84.90.83 - - [28/Oct/2023:07:35:30 -0500] "GET /portaldeninos/wp-includes/js/wp-embed.min.js?ver=4.9.8 HTTP/1.1" 200 1398
186.84.90.83 - - [28/Oct/2023:07:35:30 -0500] "GET /portaldeninos/wp-content/themes/betheme/js/scripts.js?ver=20.9.6 HTTP/1.1" 200 77162
186.84.90.83 - - [28/Oct/2023:07:35:30 -0500] "GET /portaldeninos/wp-includes/js/wp-emoji-release.min.js?ver=4.9.8 HTTP/1.1" 200 12026
186.84.90.83 - - [28/Oct/2023:07:35:30 -0500] "GET /portaldeninos/wp-content/themes/betheme/js/plugins.js?ver=20.9.6 HTTP/1.1" 200 197151
