172.22.2.4 - - [28/Oct/2023:10:57:17 -0500] "GET /BLA/boletinlegal/ HTTP/1.1" 200 58309
200.69.84.132 - - [28/Oct/2023:10:59:20 -0500] "POST /sipse/faces/presentacion/financiero/solicitudProceso/consultarSolicitudProceso.xhtml HTTP/1.1" 200 46188
200.69.84.132 - - [28/Oct/2023:10:59:21 -0500] "GET /sipse/faces/javax.faces.resource/theme.css?ln=primefaces-sipse HTTP/1.1" 304 -
200.69.84.132 - - [28/Oct/2023:10:59:21 -0500] "GET /sipse/faces/javax.faces.resource/jquery/jquery.js?ln=primefaces&v=4.0 HTTP/1.1" 304 -
200.69.84.132 - - [28/Oct/2023:10:59:21 -0500] "GET /sipse/faces/javax.faces.resource/primefaces.css?ln=primefaces&v=4.0 HTTP/1.1" 304 -
200.69.84.132 - - [28/Oct/2023:10:59:21 -0500] "GET /sipse/faces/javax.faces.resource/layout/layout.css?ln=primefaces&v=4.0 HTTP/1.1" 304 -
200.69.84.132 - - [28/Oct/2023:10:59:22 -0500] "GET /sipse/faces/javax.faces.resource/jquery/jquery-plugins.js?ln=primefaces&v=4.0 HTTP/1.1" 304 -
200.69.84.132 - - [28/Oct/2023:10:59:22 -0500] "GET /sipse/faces/javax.faces.resource/primefaces.js?ln=primefaces&v=4.0 HTTP/1.1" 304 -
200.69.84.132 - - [28/Oct/2023:10:59:22 -0500] "GET /sipse/faces/javax.faces.resource/layout/layout.js?ln=primefaces&v=4.0 HTTP/1.1" 304 -
200.69.84.132 - - [28/Oct/2023:10:59:22 -0500] "POST /sipse/faces/presentacion/financiero/solicitudProceso/consultar.xhtml HTTP/1.1" 200 39595
200.69.84.132 - - [28/Oct/2023:10:59:23 -0500] "POST /sipse/faces/presentacion/financiero/solicitudProceso/consultar.xhtml HTTP/1.1" 200 39595
200.69.84.132 - - [28/Oct/2023:10:59:28 -0500] "POST /sipse/faces/presentacion/financiero/solicitudProceso/consultar.xhtml HTTP/1.1" 200 12991
172.22.2.4 - - [28/Oct/2023:10:59:38 -0500] "GET /BLA/boletinlegal/autodiscover/autodiscover.json?@zdi/Powershell HTTP/1.1" 404 1018
200.69.84.132 - - [28/Oct/2023:10:59:42 -0500] "POST /sipse/faces/presentacion/financiero/solicitudProceso/consultar.xhtml HTTP/1.1" 200 171539
200.69.84.132 - - [28/Oct/2023:10:59:44 -0500] "GET /sipse/faces/javax.faces.resource/theme.css?ln=primefaces-sipse HTTP/1.1" 304 -
200.69.84.132 - - [28/Oct/2023:10:59:44 -0500] "GET /sipse/faces/javax.faces.resource/primefaces.css?ln=primefaces&v=4.0 HTTP/1.1" 304 -
200.69.84.132 - - [28/Oct/2023:10:59:44 -0500] "GET /sipse/faces/javax.faces.resource/layout/layout.css?ln=primefaces&v=4.0 HTTP/1.1" 304 -
200.69.84.132 - - [28/Oct/2023:10:59:44 -0500] "GET /sipse/faces/javax.faces.resource/jquery/jquery.js?ln=primefaces&v=4.0 HTTP/1.1" 304 -
200.69.84.132 - - [28/Oct/2023:10:59:44 -0500] "GET /sipse/faces/javax.faces.resource/jquery/jquery-plugins.js?ln=primefaces&v=4.0 HTTP/1.1" 304 -
200.69.84.132 - - [28/Oct/2023:10:59:45 -0500] "GET /sipse/faces/javax.faces.resource/primefaces.js?ln=primefaces&v=4.0 HTTP/1.1" 304 -
200.69.84.132 - - [28/Oct/2023:10:59:45 -0500] "GET /sipse/faces/javax.faces.resource/layout/layout.js?ln=primefaces&v=4.0 HTTP/1.1" 304 -
200.69.84.132 - - [28/Oct/2023:10:59:45 -0500] "GET /sipse/faces/javax.faces.resource/dynamiccontent.properties?ln=primefaces&pfdrid=XjOR5%2F%2FfPAZAuY9TpWQeCiM0BhlXxYRBGKi%2FQcXXfeA%3D&pfdrid_c=false HTTP/1.1" 500 383
216.244.66.246 - - [28/Oct/2023:11:00:03 -0500] "GET /portaldeninos/ruido/ HTTP/1.1" 200 88494
172.22.2.4 - - [28/Oct/2023:10:59:06 -0500] "HEAD /BLA/boletinlegal/ HTTP/1.1" 200 -
52.167.144.180 - - [28/Oct/2023:11:00:51 -0500] "GET /BLA/resoluciones/AUTOS%202023/4112.pdf HTTP/1.1" 200 387758
172.22.2.4 - - [28/Oct/2023:11:00:31 -0500] "GET /BLA/boletinlegal/ HTTP/1.1" 200 24523
172.22.2.4 - - [28/Oct/2023:11:02:14 -0500] "GET /BLA/boletinlegal/actos.php HTTP/1.1" 200 9682
172.22.2.4 - - [28/Oct/2023:11:02:15 -0500] "GET /BLA/boletinlegal/favicon.ico HTTP/1.1" 404 1326
201.245.192.253 - - [28/Oct/2023:11:02:14 -0500] "POST /kwsrmcab/Wsrmcab  HTTP/1.1" 200 40654
186.86.33.164 - - [28/Oct/2023:11:02:16 -0500] "GET /BLA/resoluciones/ HTTP/1.1" 200 13696
186.86.33.164 - - [28/Oct/2023:11:02:19 -0500] "GET /BLA/resoluciones/index.php?dir=AUTOS+2023%2F HTTP/1.1" 200 385584
200.69.84.132 - - [28/Oct/2023:11:02:32 -0500] "POST /sipse/faces/presentacion/financiero/solicitudProceso/consultarSolicitudProceso.xhtml HTTP/1.1" 200 46379
200.69.84.132 - - [28/Oct/2023:11:02:33 -0500] "GET /sipse/faces/javax.faces.resource/theme.css?ln=primefaces-sipse HTTP/1.1" 304 -
200.69.84.132 - - [28/Oct/2023:11:02:33 -0500] "GET /sipse/faces/javax.faces.resource/jquery/jquery.js?ln=primefaces&v=4.0 HTTP/1.1" 304 -
200.69.84.132 - - [28/Oct/2023:11:02:33 -0500] "GET /sipse/faces/javax.faces.resource/primefaces.css?ln=primefaces&v=4.0 HTTP/1.1" 304 -
200.69.84.132 - - [28/Oct/2023:11:02:33 -0500] "GET /sipse/faces/javax.faces.resource/layout/layout.css?ln=primefaces&v=4.0 HTTP/1.1" 304 -
200.69.84.132 - - [28/Oct/2023:11:02:33 -0500] "GET /sipse/faces/javax.faces.resource/jquery/jquery-plugins.js?ln=primefaces&v=4.0 HTTP/1.1" 304 -
200.69.84.132 - - [28/Oct/2023:11:02:33 -0500] "GET /sipse/faces/javax.faces.resource/primefaces.js?ln=primefaces&v=4.0 HTTP/1.1" 304 -
200.69.84.132 - - [28/Oct/2023:11:02:33 -0500] "GET /sipse/faces/javax.faces.resource/layout/layout.js?ln=primefaces&v=4.0 HTTP/1.1" 304 -
200.69.84.132 - - [28/Oct/2023:11:02:34 -0500] "POST /sipse/faces/presentacion/financiero/solicitudProceso/consultar.xhtml HTTP/1.1" 200 39786
200.69.84.132 - - [28/Oct/2023:11:02:34 -0500] "POST /sipse/faces/presentacion/financiero/solicitudProceso/consultar.xhtml HTTP/1.1" 200 39786
200.69.84.132 - - [28/Oct/2023:11:02:35 -0500] "POST /sipse/faces/presentacion/financiero/solicitudProceso/consultar.xhtml HTTP/1.1" 200 39786
200.69.84.132 - - [28/Oct/2023:11:02:36 -0500] "POST /sipse/faces/presentacion/financiero/solicitudProceso/consultar.xhtml HTTP/1.1" 200 39786
200.69.84.132 - - [28/Oct/2023:11:02:38 -0500] "POST /sipse/faces/presentacion/financiero/solicitudProceso/consultar.xhtml HTTP/1.1" 200 12809
172.22.2.4 - - [28/Oct/2023:11:02:11 -0500] "GET /BLA/boletinlegal/ HTTP/1.1" 200 24523
200.69.84.132 - - [28/Oct/2023:11:02:43 -0500] "POST /sipse/faces/presentacion/financiero/solicitudProceso/consultar.xhtml HTTP/1.1" 200 169497
200.69.84.132 - - [28/Oct/2023:11:02:53 -0500] "GET /sipse/faces/javax.faces.resource/theme.css?ln=primefaces-sipse HTTP/1.1" 304 -
200.69.84.132 - - [28/Oct/2023:11:02:53 -0500] "GET /sipse/faces/javax.faces.resource/layout/layout.css?ln=primefaces&v=4.0 HTTP/1.1" 304 -
200.69.84.132 - - [28/Oct/2023:11:02:53 -0500] "GET /sipse/faces/javax.faces.resource/primefaces.css?ln=primefaces&v=4.0 HTTP/1.1" 304 -
200.69.84.132 - - [28/Oct/2023:11:02:53 -0500] "GET /sipse/faces/javax.faces.resource/jquery/jquery.js?ln=primefaces&v=4.0 HTTP/1.1" 304 -
200.69.84.132 - - [28/Oct/2023:11:02:54 -0500] "GET /sipse/faces/javax.faces.resource/jquery/jquery-plugins.js?ln=primefaces&v=4.0 HTTP/1.1" 304 -
200.69.84.132 - - [28/Oct/2023:11:02:54 -0500] "GET /sipse/faces/javax.faces.resource/primefaces.js?ln=primefaces&v=4.0 HTTP/1.1" 304 -
200.69.84.132 - - [28/Oct/2023:11:02:55 -0500] "GET /sipse/faces/javax.faces.resource/layout/layout.js?ln=primefaces&v=4.0 HTTP/1.1" 304 -
200.69.84.132 - - [28/Oct/2023:11:02:55 -0500] "GET /sipse/faces/javax.faces.resource/dynamiccontent.properties?ln=primefaces&pfdrid=XjOR5%2F%2FfPAZAuY9TpWQeCiM0BhlXxYRBGKi%2FQcXXfeA%3D&pfdrid_c=false HTTP/1.1" 500 383
200.69.84.132 - - [28/Oct/2023:11:03:07 -0500] "POST /sipse/faces/presentacion/financiero/solicitudProceso/consultarSolicitudProceso.xhtml HTTP/1.1" 200 135168
216.245.221.92 - - [28/Oct/2023:11:03:29 -0500] "HEAD / HTTP/1.1" 200 -
216.244.66.195 - - [28/Oct/2023:11:03:45 -0500] "GET /BLA/resoluciones/AUTOS%202008/0466.pdf HTTP/1.1" 200 100391
216.244.66.195 - - [28/Oct/2023:11:03:51 -0500] "GET /BLA/resoluciones/AUTOS%202008/0695.pdf HTTP/1.1" 200 61934
216.244.66.195 - - [28/Oct/2023:11:03:56 -0500] "GET /BLA/resoluciones/AUTOS%202008/0772.pdf HTTP/1.1" 200 70509
172.22.2.4 - - [28/Oct/2023:11:02:17 -0500] "HEAD /BLA/boletinlegal/ HTTP/1.1" 200 -
216.244.66.195 - - [28/Oct/2023:11:04:03 -0500] "GET /BLA/resoluciones/AUTOS%202008/0808.pdf HTTP/1.1" 200 105557
66.249.77.10 - - [28/Oct/2023:11:04:03 -0500] "GET /Publicaciones/2023EE218970.pdf HTTP/1.1" 404 228
216.244.66.195 - - [28/Oct/2023:11:04:09 -0500] "GET /BLA/resoluciones/AUTOS%202008/1008.pdf HTTP/1.1" 200 76540
216.244.66.195 - - [28/Oct/2023:11:04:13 -0500] "GET /BLA/resoluciones/AUTOS%202008/1028.pdf HTTP/1.1" 200 80417
216.244.66.195 - - [28/Oct/2023:11:04:16 -0500] "GET /BLA/resoluciones/AUTOS%202008/1226.pdf HTTP/1.1" 200 104737
216.244.66.195 - - [28/Oct/2023:11:04:19 -0500] "GET /BLA/resoluciones/AUTOS%202008/1255.pdf HTTP/1.1" 200 67108
216.244.66.195 - - [28/Oct/2023:11:04:22 -0500] "GET /BLA/resoluciones/AUTOS%202008/1332.pdf HTTP/1.1" 200 83208
186.80.52.180 - - [28/Oct/2023:11:04:23 -0500] "GET /sipse/faces/index.xhtml HTTP/1.1" 200 677
186.80.52.180 - - [28/Oct/2023:11:04:23 -0500] "GET /sipse/faces/javax.faces.resource/theme.css?ln=primefaces-sipse HTTP/1.1" 304 -
186.80.52.180 - - [28/Oct/2023:11:04:24 -0500] "GET /sipse/faces/faces/autenticacion.xhtml HTTP/1.1" 200 12405
186.80.52.180 - - [28/Oct/2023:11:04:24 -0500] "GET /sipse/js/disable_browser_buttons.js HTTP/1.1" 304 -
186.80.52.180 - - [28/Oct/2023:11:04:24 -0500] "GET /sipse/css/custom_css_sg.css HTTP/1.1" 304 -
186.80.52.180 - - [28/Oct/2023:11:04:24 -0500] "GET /sipse/css/custom_css_sg_prime_login.css HTTP/1.1" 304 -
186.80.52.180 - - [28/Oct/2023:11:04:24 -0500] "GET /sipse/faces/javax.faces.resource/theme.css?ln=primefaces-sipse HTTP/1.1" 304 -
186.80.52.180 - - [28/Oct/2023:11:04:24 -0500] "GET /sipse/faces/javax.faces.resource/primefaces.css?ln=primefaces&v=4.0 HTTP/1.1" 304 -
186.80.52.180 - - [28/Oct/2023:11:04:24 -0500] "GET /sipse/faces/javax.faces.resource/layout/layout.css?ln=primefaces&v=4.0 HTTP/1.1" 304 -
186.80.52.180 - - [28/Oct/2023:11:04:24 -0500] "GET /sipse/js/funciones.js HTTP/1.1" 304 -
186.80.52.180 - - [28/Oct/2023:11:04:24 -0500] "GET /sipse/faces/javax.faces.resource/jquery/jquery.js?ln=primefaces&v=4.0 HTTP/1.1" 304 -
186.80.52.180 - - [28/Oct/2023:11:04:24 -0500] "GET /sipse/faces/javax.faces.resource/jquery/jquery-plugins.js?ln=primefaces&v=4.0 HTTP/1.1" 304 -
186.80.52.180 - - [28/Oct/2023:11:04:24 -0500] "GET /sipse/faces/javax.faces.resource/layout/layout.js?ln=primefaces&v=4.0 HTTP/1.1" 304 -
186.80.52.180 - - [28/Oct/2023:11:04:24 -0500] "GET /sipse/faces/javax.faces.resource/primefaces.js?ln=primefaces&v=4.0 HTTP/1.1" 304 -
186.80.52.180 - - [28/Oct/2023:11:04:24 -0500] "GET /sipse/css/imagen/logoSDG.png HTTP/1.1" 304 -
186.80.52.180 - - [28/Oct/2023:11:04:24 -0500] "GET /sipse/css/imagen/loginimg.png HTTP/1.1" 304 -
186.80.52.180 - - [28/Oct/2023:11:04:24 -0500] "GET /sipse/faces/javax.faces.resource/images/ui-icons_898989_256x240.png?ln=primefaces-aristo HTTP/1.1" 304 -
216.244.66.195 - - [28/Oct/2023:11:04:24 -0500] "GET /BLA/resoluciones/AUTOS%202008/1460.pdf HTTP/1.1" 200 92759
186.80.52.180 - - [28/Oct/2023:11:04:27 -0500] "POST /sipse/faces/autenticacion.xhtml HTTP/1.1" 200 2217
186.80.52.180 - - [28/Oct/2023:11:04:27 -0500] "GET /sipse/faces/javax.faces.resource/messages/messages.png?ln=primefaces&v=4.0 HTTP/1.1" 304 -
186.80.52.180 - - [28/Oct/2023:11:04:28 -0500] "POST /sipse/faces/autenticacion.xhtml HTTP/1.1" 200 16331
186.80.52.180 - - [28/Oct/2023:11:04:29 -0500] "GET /sipse/css/custom_css_sg_prime.css HTTP/1.1" 304 -
186.80.52.180 - - [28/Oct/2023:11:04:29 -0500] "GET /sipse/faces/javax.faces.resource/theme.css?ln=primefaces-sipse HTTP/1.1" 304 -
186.80.52.180 - - [28/Oct/2023:11:04:29 -0500] "GET /sipse/faces/javax.faces.resource/layout/layout.css?ln=primefaces&v=4.0 HTTP/1.1" 304 -
186.80.52.180 - - [28/Oct/2023:11:04:29 -0500] "GET /sipse/faces/javax.faces.resource/primefaces.css?ln=primefaces&v=4.0 HTTP/1.1" 304 -
186.80.52.180 - - [28/Oct/2023:11:04:29 -0500] "GET /sipse/js/jquery.min.js HTTP/1.1" 304 -
186.80.52.180 - - [28/Oct/2023:11:04:29 -0500] "GET /sipse/faces/javax.faces.resource/jquery/jquery.js?ln=primefaces&v=4.0 HTTP/1.1" 304 -
186.80.52.180 - - [28/Oct/2023:11:04:29 -0500] "GET /sipse/faces/javax.faces.resource/jquery/jquery-plugins.js?ln=primefaces&v=4.0 HTTP/1.1" 304 -
186.80.52.180 - - [28/Oct/2023:11:04:29 -0500] "GET /sipse/faces/javax.faces.resource/primefaces.js?ln=primefaces&v=4.0 HTTP/1.1" 304 -
186.80.52.180 - - [28/Oct/2023:11:04:29 -0500] "GET /sipse/faces/javax.faces.resource/layout/layout.js?ln=primefaces&v=4.0 HTTP/1.1" 304 -
186.80.52.180 - - [28/Oct/2023:11:04:29 -0500] "GET /sipse/css/v_mergente.css HTTP/1.1" 304 -
186.80.52.180 - - [28/Oct/2023:11:04:29 -0500] "GET /sipse/imagenes/logoAplicacion.jpg HTTP/1.1" 304 -
186.80.52.180 - - [28/Oct/2023:11:04:29 -0500] "GET /sipse/imagenes/cargando.gif HTTP/1.1" 304 -
186.80.52.180 - - [28/Oct/2023:11:04:29 -0500] "GET /sipse/css/imagen/contrasena.png HTTP/1.1" 404 383
216.244.66.195 - - [28/Oct/2023:11:04:29 -0500] "GET /BLA/resoluciones/AUTOS%202008/1548.pdf HTTP/1.1" 200 97039
186.80.52.180 - - [28/Oct/2023:11:04:30 -0500] "GET /sipse/faces/javax.faces.resource/images/ui-bg_flat_0_2d5972_40x100.png?ln=primefaces-aristo HTTP/1.1" 304 -
186.80.52.180 - - [28/Oct/2023:11:04:30 -0500] "POST /sipse/faces/bienvenido.xhtml HTTP/1.1" 200 2658
186.80.52.180 - - [28/Oct/2023:11:04:32 -0500] "POST /sipse/faces/bienvenido.xhtml HTTP/1.1" 200 64384
186.80.52.180 - - [28/Oct/2023:11:04:33 -0500] "GET /sipse/faces/javax.faces.resource/theme.css?ln=primefaces-sipse HTTP/1.1" 304 -
186.80.52.180 - - [28/Oct/2023:11:04:33 -0500] "GET /sipse/faces/javax.faces.resource/layout/layout.css?ln=primefaces&v=4.0 HTTP/1.1" 304 -
186.80.52.180 - - [28/Oct/2023:11:04:33 -0500] "GET /sipse/faces/javax.faces.resource/primefaces.css?ln=primefaces&v=4.0 HTTP/1.1" 304 -
186.80.52.180 - - [28/Oct/2023:11:04:33 -0500] "GET /sipse/faces/javax.faces.resource/jquery/jquery.js?ln=primefaces&v=4.0 HTTP/1.1" 304 -
186.80.52.180 - - [28/Oct/2023:11:04:33 -0500] "GET /sipse/faces/javax.faces.resource/jquery/jquery-plugins.js?ln=primefaces&v=4.0 HTTP/1.1" 304 -
186.80.52.180 - - [28/Oct/2023:11:04:33 -0500] "GET /sipse/faces/javax.faces.resource/primefaces.js?ln=primefaces&v=4.0 HTTP/1.1" 304 -
186.80.52.180 - - [28/Oct/2023:11:04:33 -0500] "GET /sipse/faces/javax.faces.resource/layout/layout.js?ln=primefaces&v=4.0 HTTP/1.1" 304 -
186.80.52.180 - - [28/Oct/2023:11:04:33 -0500] "POST /sipse/faces/presentacion/financiero/solicitudProceso/listarSolicitudProceso.xhtml HTTP/1.1" 200 1548
216.244.66.195 - - [28/Oct/2023:11:04:35 -0500] "GET /BLA/resoluciones/AUTOS%202008/1617.pdf HTTP/1.1" 200 66188
186.80.52.180 - - [28/Oct/2023:11:04:37 -0500] "POST /sipse/faces/presentacion/financiero/solicitudProceso/listarSolicitudProceso.xhtml HTTP/1.1" 200 46785
186.80.52.180 - - [28/Oct/2023:11:04:37 -0500] "POST /sipse/faces/presentacion/financiero/solicitudProceso/listarSolicitudProceso.xhtml HTTP/1.1" 200 1552
186.80.52.180 - - [28/Oct/2023:11:04:38 -0500] "POST /sipse/faces/presentacion/financiero/solicitudProceso/listarSolicitudProceso.xhtml HTTP/1.1" 200 32585
186.80.52.180 - - [28/Oct/2023:11:04:39 -0500] "POST /sipse/faces/presentacion/financiero/solicitudProceso/listarSolicitudProceso.xhtml HTTP/1.1" 200 45146
31.13.127.20 - - [28/Oct/2023:11:04:39 -0500] "GET /images/presentaci\xc3\xb3n%20convenci\xc3\xb3n.jpg HTTP/1.1" 404 1034
216.244.66.195 - - [28/Oct/2023:11:04:40 -0500] "GET /BLA/resoluciones/AUTOS%202008/1661.pdf HTTP/1.1" 200 101678
186.102.85.44 - - [28/Oct/2023:11:04:40 -0500] "-" 408 -
186.80.52.180 - - [28/Oct/2023:11:04:41 -0500] "POST /sipse/faces/presentacion/financiero/solicitudProceso/listarSolicitudProceso.xhtml HTTP/1.1" 200 26637
216.244.66.195 - - [28/Oct/2023:11:04:43 -0500] "GET /BLA/resoluciones/AUTOS%202008/1821.pdf HTTP/1.1" 200 82836
172.22.2.4 - - [28/Oct/2023:11:03:07 -0500] "GET /BLA/boletinlegal/ HTTP/1.1" 200 58309
216.244.66.195 - - [28/Oct/2023:11:04:48 -0500] "GET /BLA/resoluciones/AUTOS%202008/1886.pdf HTTP/1.1" 200 102134
172.22.2.4 - - [28/Oct/2023:11:04:51 -0500] "GET /BLA/boletinlegal/robots.txt HTTP/1.1" 404 1038
216.244.66.195 - - [28/Oct/2023:11:04:52 -0500] "GET /BLA/resoluciones/AUTOS%202008/1933.pdf HTTP/1.1" 200 108464
216.244.66.195 - - [28/Oct/2023:11:04:55 -0500] "GET /BLA/resoluciones/AUTOS%202008/1973.pdf HTTP/1.1" 200 89085
186.80.52.180 - - [28/Oct/2023:11:04:55 -0500] "POST /sipse/faces/presentacion/financiero/solicitudProceso/listarSolicitudProceso.xhtml HTTP/1.1" 200 113203
186.80.52.180 - - [28/Oct/2023:11:04:56 -0500] "GET /sipse/faces/javax.faces.resource/theme.css?ln=primefaces-sipse HTTP/1.1" 304 -
186.80.52.180 - - [28/Oct/2023:11:04:56 -0500] "GET /sipse/faces/javax.faces.resource/primefaces.css?ln=primefaces&v=4.0 HTTP/1.1" 304 -
186.80.52.180 - - [28/Oct/2023:11:04:56 -0500] "GET /sipse/faces/javax.faces.resource/layout/layout.css?ln=primefaces&v=4.0 HTTP/1.1" 304 -
186.80.52.180 - - [28/Oct/2023:11:04:56 -0500] "GET /sipse/faces/javax.faces.resource/jquery/jquery.js?ln=primefaces&v=4.0 HTTP/1.1" 304 -
186.80.52.180 - - [28/Oct/2023:11:04:56 -0500] "GET /sipse/faces/javax.faces.resource/jquery/jquery-plugins.js?ln=primefaces&v=4.0 HTTP/1.1" 304 -
186.80.52.180 - - [28/Oct/2023:11:04:56 -0500] "GET /sipse/faces/javax.faces.resource/primefaces.js?ln=primefaces&v=4.0 HTTP/1.1" 304 -
186.80.52.180 - - [28/Oct/2023:11:04:56 -0500] "GET /sipse/faces/javax.faces.resource/layout/layout.js?ln=primefaces&v=4.0 HTTP/1.1" 304 -
186.80.52.180 - - [28/Oct/2023:11:04:57 -0500] "GET /sipse/faces/javax.faces.resource/dynamiccontent.properties?ln=primefaces&pfdrid=XjOR5%2F%2FfPAZAuY9TpWQeCiM0BhlXxYRBGKi%2FQcXXfeA%3D&pfdrid_c=false HTTP/1.1" 500 383
216.244.66.195 - - [28/Oct/2023:11:04:58 -0500] "GET /BLA/resoluciones/AUTOS%202013/0705.pdf HTTP/1.1" 200 2590550
66.249.77.8 - - [28/Oct/2023:11:05:08 -0500] "GET /BLA/resoluciones/RESOLUCIONES%202008/2978.pdf HTTP/1.1" 200 258258
216.244.66.195 - - [28/Oct/2023:11:05:17 -0500] "GET /BLA/resoluciones/AUTOS%202013/1327.pdf HTTP/1.1" 200 1985645
186.80.52.180 - - [28/Oct/2023:11:05:18 -0500] "POST /sipse/faces/presentacion/financiero/solicitudProceso/consultarSolicitudProceso.xhtml HTTP/1.1" 200 68733
186.80.52.180 - - [28/Oct/2023:11:05:18 -0500] "GET /sipse/faces/javax.faces.resource/theme.css?ln=primefaces-sipse HTTP/1.1" 304 -
186.80.52.180 - - [28/Oct/2023:11:05:18 -0500] "GET /sipse/faces/javax.faces.resource/jquery/jquery.js?ln=primefaces&v=4.0 HTTP/1.1" 304 -
186.80.52.180 - - [28/Oct/2023:11:05:18 -0500] "GET /sipse/faces/javax.faces.resource/jquery/jquery-plugins.js?ln=primefaces&v=4.0 HTTP/1.1" 304 -
186.80.52.180 - - [28/Oct/2023:11:05:18 -0500] "GET /sipse/faces/javax.faces.resource/layout/layout.css?ln=primefaces&v=4.0 HTTP/1.1" 304 -
186.80.52.180 - - [28/Oct/2023:11:05:18 -0500] "GET /sipse/faces/javax.faces.resource/primefaces.js?ln=primefaces&v=4.0 HTTP/1.1" 304 -
186.80.52.180 - - [28/Oct/2023:11:05:18 -0500] "GET /sipse/faces/javax.faces.resource/primefaces.css?ln=primefaces&v=4.0 HTTP/1.1" 304 -
186.80.52.180 - - [28/Oct/2023:11:05:18 -0500] "GET /sipse/faces/javax.faces.resource/layout/layout.js?ln=primefaces&v=4.0 HTTP/1.1" 304 -
186.80.52.180 - - [28/Oct/2023:11:05:19 -0500] "POST /sipse/faces/presentacion/financiero/solicitudProceso/listarSolicitudProceso.xhtml HTTP/1.1" 200 1548
186.80.52.180 - - [28/Oct/2023:11:05:19 -0500] "POST /sipse/faces/presentacion/financiero/solicitudProceso/listarSolicitudProceso.xhtml HTTP/1.1" 200 1560
186.80.52.180 - - [28/Oct/2023:11:05:22 -0500] "POST /sipse/faces/presentacion/financiero/solicitudProceso/listarSolicitudProceso.xhtml HTTP/1.1" 200 26417
186.80.52.180 - - [28/Oct/2023:11:05:28 -0500] "POST /sipse/faces/presentacion/financiero/solicitudProceso/listarSolicitudProceso.xhtml HTTP/1.1" 200 151426
186.80.52.180 - - [28/Oct/2023:11:05:28 -0500] "GET /sipse/faces/javax.faces.resource/theme.css?ln=primefaces-sipse HTTP/1.1" 304 -
186.80.52.180 - - [28/Oct/2023:11:05:28 -0500] "GET /sipse/faces/javax.faces.resource/primefaces.css?ln=primefaces&v=4.0 HTTP/1.1" 304 -
186.80.52.180 - - [28/Oct/2023:11:05:28 -0500] "GET /sipse/faces/javax.faces.resource/layout/layout.css?ln=primefaces&v=4.0 HTTP/1.1" 304 -
186.80.52.180 - - [28/Oct/2023:11:05:28 -0500] "GET /sipse/faces/javax.faces.resource/jquery/jquery.js?ln=primefaces&v=4.0 HTTP/1.1" 304 -
186.80.52.180 - - [28/Oct/2023:11:05:28 -0500] "GET /sipse/faces/javax.faces.resource/jquery/jquery-plugins.js?ln=primefaces&v=4.0 HTTP/1.1" 304 -
186.80.52.180 - - [28/Oct/2023:11:05:28 -0500] "GET /sipse/faces/javax.faces.resource/primefaces.js?ln=primefaces&v=4.0 HTTP/1.1" 304 -
186.80.52.180 - - [28/Oct/2023:11:05:28 -0500] "GET /sipse/faces/javax.faces.resource/layout/layout.js?ln=primefaces&v=4.0 HTTP/1.1" 304 -
186.80.52.180 - - [28/Oct/2023:11:05:29 -0500] "GET /sipse/faces/javax.faces.resource/dynamiccontent.properties?ln=primefaces&pfdrid=XjOR5%2F%2FfPAZAuY9TpWQeCiM0BhlXxYRBGKi%2FQcXXfeA%3D&pfdrid_c=false HTTP/1.1" 500 383
40.77.167.18 - - [28/Oct/2023:11:05:43 -0500] "GET /BLA/resoluciones/AUTOS%202023/5153.pdf HTTP/1.1" 200 989859
69.171.231.10 - - [28/Oct/2023:11:05:44 -0500] "GET /images/cuerpos%20de%20agua%20en%20humedales-19-10.jpg HTTP/1.1" 200 73528
186.80.52.180 - - [28/Oct/2023:11:05:43 -0500] "POST /sipse/faces/presentacion/financiero/solicitudProceso/consultarSolicitudProceso.xhtml HTTP/1.1" 200 7164821
216.244.66.195 - - [28/Oct/2023:11:06:06 -0500] "GET /BLA/resoluciones/AUTOS%202013/1438.pdf HTTP/1.1" 200 1963550
216.244.66.195 - - [28/Oct/2023:11:07:01 -0500] "GET /BLA/resoluciones/AUTOS%202013/1478.pdf HTTP/1.1" 200 2017172
201.245.192.253 - - [28/Oct/2023:11:07:14 -0500] "POST /kwsrmcab/Wsrmcab  HTTP/1.1" 200 40654
40.77.167.18 - - [28/Oct/2023:11:07:32 -0500] "GET /forest/ HTTP/1.1" 200 12041
172.22.2.4 - - [28/Oct/2023:11:07:46 -0500] "GET /BLA/boletinlegal/robots.txt HTTP/1.1" 404 1037
172.22.2.4 - - [28/Oct/2023:11:07:46 -0500] "GET /BLA/boletinlegal/Directivas/2016/Directiva%20No.%2002%20del%2019%20de%20Abril%20de%202016.pdf HTTP/1.1" 304 -
216.244.66.195 - - [28/Oct/2023:11:07:51 -0500] "GET /BLA/resoluciones/AUTOS%202013/1567.pdf HTTP/1.1" 200 1734513
216.245.221.92 - - [28/Oct/2023:11:08:29 -0500] "HEAD / HTTP/1.1" 200 -
40.77.167.18 - - [28/Oct/2023:11:08:33 -0500] "GET /BLA/resoluciones/AUTOS%202023/5085.pdf HTTP/1.1" 200 394303
40.77.167.18 - - [28/Oct/2023:11:08:34 -0500] "GET /BLA/resoluciones/AUTOS%202023/1844.pdf HTTP/1.1" 200 329894
216.244.66.195 - - [28/Oct/2023:11:08:41 -0500] "GET /BLA/resoluciones/AUTOS%202013/2450.pdf HTTP/1.1" 200 564231
186.102.57.111 - - [28/Oct/2023:11:09:19 -0500] "GET /kwssiamovil/sm/acme/a?s=U2FsdGVkX18f3spmJ9WIp0YioBuOHvhWxQMS7RBYScYCsGA61jCTEkX9lftoZmseu4LOyhAtQmdIEpvCqgW7lKMt4sr5ajrVdgbtZelSW0gSYcjfNAgyfI7DmPgzUM7rtsPu5my5GgAgYPs3L7kjBx0lCtKoZR8hS8QCNDe4BeTw+7jmO3/vmmSo5VWtfW2XI1SrjNSs9kGxqnNg5KYrs5Xsx4MZPlhYOO/Z0d3zpNzbuKyRaotusSGy6SfAwLEdnuI/lPBktLqvBYg4IcDxFg==&u=U2FsdGVkX1+9aVUElcxEt7cSvB4bWErbMG3qZZvTAyM=&y=U2FsdGVkX1/rlDtUZP64BR9I58OXTGxlrQNxfsHning= HTTP/1.1" 200 26
186.102.57.111 - - [28/Oct/2023:11:09:19 -0500] "GET /kwssiamovil/sm/acme/a?s=U2FsdGVkX1/jmoo7/gHyJ4V4Ljfo5aI+He9MM6u0Lo1IRer5FzmVaO2RpFGWKdE1NcqAh+4MQkKPIhroHM85tqrqiFUComu8yC0lWWtQuJLuDiuUgjcLBz8U7I2LW3KUPK/mX0ENKOoDV26EQcLOkxt9WWaUnIrERwP25Fv4cn8ncRtwDVUMTYjFuUSFwZenEDKVSKt96jRGS3XrEmqy2C5tetQkChy+PkGmxUH3XdGdSPy05FP5ZZUuXOdged49Icshv3oYbwmESOHleXrgoN23TffEMHZvn0sFH1R/NUHKzVLN0POmphr5Pglr1PCE96dS/8UZ4n3X5mrBwLnsyXkdzEHknTKZKFyeufhFg6bEuGeoioXUw9kzVfKxk5wOI1iRVBlMgd8AOKt3aQDcBgFY2ajIUAKTSf9K/c48G4Ta3z31UDVk5cCiThOfS9S1qUxPfhsgcLaV8Qfocg0T28ealv6iaZ4emBP9UsHHSVO6ioNDtGhi1Nu6iuUQMNbx5Yzk73RYEsDwpwVBKVQnPOFZwJ5rf9cfHgDwA3frD/+XLv3hDwByb3sJ3MA/wOhpUCSiCFuDXNvgTYcZ8ogJHEBFwx9067l39BfxQbUkHnxkK86/XP3mJdBZVZ67xE48YW3RjjvzwkZx3mE8MoNbhD+MzejLFWcNyfUJD6VRVy9TpFgRUwD6lzzCjIBCSpZk8aeH/zHRu/ysu3GEXpKJ2UzlRqED6NjVQN4iIE1giFM0b9xUv4msZC5UUU8Q+a77SHO2KRalKn9cNjoS395nEGafzJGY1cfNd7rGrFqaO6OrRmn6LEmDIim1rS8K3zWvYQJbefpmXtxhi+zIsIy/JY+TLm1bkhUJqFd7eGCpmmqGW337BVI5Qx4WH9YQ7uKwptGAuIEK55CM2gCd8POYiLPGtx9ZyKkSzFACangqy3ygWXnyPSZ9XgkyIhCcq6TOzmg0TNByNnf2dXOM1xEumBEPHbvunQPr52BPtVIJhZ8i1Vrjg0o3jHuaIGqpB+rAe8cMOYeh7FM6NZFDEBb4O10J/8zdf4Ivg8Ve2Sbh3mR8MmCuvudFrateIUHS4bPiM5Jt8qoSSHW7VS4Y9IQDdMDmTxdKGmFXt7ovirOr3+81IOj26hn3Kv3SxoD4cTay3PSItW2Z0s0TwQPNpY5LQhgbIRLX3OZIcqjh+yidoHKb3UftG7bPM8z3xPbUXD4SwX6qKJeWGpLdMF1deTjVkFiXZG+3lDKBqw38/ARDzEcbKzY71jm/zmcgAas7G2sC769b4LUj3l7IKANDHprd4L7pr7S2jbzDwZPfnbFH351AghSDgNLMTx8G54OVMGd0XaxG0XIKdEF3+E3C2yDmgw3uHbIsfMhsZIqxfaEpzi4V9RntxlJqIhXobgAsQSlzLA0D8N9Up/Lr5s0+krZ6RHiOIwN8LLi4kZG/P3iF6ZWwaGeUGbv07izaBJrZwpy645tqwGsbqDTrrHSTqbn76ucYt/rm/Tia1M1IrXMFlRdclFGEhuofj09Kg8eOYFYiRQJC+0eX0AnXTdGuTnMoVZ6TAZ3LK6CnMA6QrXDx/xFaNogcFCucsJ11zC90H+Kr1skTQRnvYeHa9qUyEUQ9UASn1GP7+Nba5n4CiUnGQrezuVRDqZ1F8iCb3HxNZh3/&u=U2FsdGVkX1+9aVUElcxEt7cSvB4bWErbMG3qZZvTAyM=&y=U2FsdGVkX1/rlDtUZP64BR9I58OXTGxlrQNxfsHning= HTTP/1.1" 200 26
186.102.57.111 - - [28/Oct/2023:11:09:20 -0500] "GET /kwssiamovil/sm/acme/a?s=U2FsdGVkX1/sRegW/GfbKnS1jAjFHM6slbAIHz3fLAtPrQ+1FRhP1WUTxqWeRP0ITmUaiQ7TssYakyaXS0LbSVa2XI48a3tH2ZAvn8ImyVRGFCinpYbX0j6eIOKlhbjyMcotZuu5tQVpKc12i9dAUsKVHzynH5wZT2o7OtI59PI=&u=U2FsdGVkX1+9aVUElcxEt7cSvB4bWErbMG3qZZvTAyM=&y=U2FsdGVkX1/rlDtUZP64BR9I58OXTGxlrQNxfsHning= HTTP/1.1" 200 26
186.102.57.111 - - [28/Oct/2023:11:09:20 -0500] "GET /kwssiamovil/sm/acme/a?s=U2FsdGVkX1/IzrsdxTWjHQxP0TKA7ZgDa4n0TOG48jhc8P2LfRAY+kh07t3JDU7LtkYe0F4WbyowdKHEALEirlAsLdGyZbzy0ArOAvQCqh/V3xNYSGBRGcA3JsIQzTPftOZlVK7isVdBk1xT/3J6KqP7fcSYzstV3vPzQ67pHQY=&u=U2FsdGVkX1+9aVUElcxEt7cSvB4bWErbMG3qZZvTAyM=&y=U2FsdGVkX1/rlDtUZP64BR9I58OXTGxlrQNxfsHning= HTTP/1.1" 200 26
186.102.57.111 - - [28/Oct/2023:11:09:20 -0500] "GET /kwssiamovil/sm/acme/a?s=U2FsdGVkX1/spd3YdOpEblel1sSM0iGjYbpOilfNZF2lpguLDn8Nc9NHr+MFhTtxVPPiG73ihUCrK7Z9HuXRJLA2A3URx7KT77frRA4BC1oPbkwf1L3CKNQwuia+9h4RAeH1WrakiF2cbe9DCVFTbevcPJfCZAv8j+lZzBj9ybI=&u=U2FsdGVkX1+9aVUElcxEt7cSvB4bWErbMG3qZZvTAyM=&y=U2FsdGVkX1/rlDtUZP64BR9I58OXTGxlrQNxfsHning= HTTP/1.1" 200 26
186.102.57.111 - - [28/Oct/2023:11:09:20 -0500] "GET /kwssiamovil/sm/acme/a?s=U2FsdGVkX1//HbcW9VCvtyTXLDdueZNPPFdYd6JAH8f08ZqQB5XPtgyNS/dmM0iF4EbqPX3mcX6x6C4tmbPerHkWrF1YwFNxWL7NGOySQ1dhZ0fW/4epCzaKFVjG48AFhxFB7BFFueovfKBCmNeaEYe50r2IxLyDFDFp2a4kkapa1rlll1jk+bt8B1xSOhtc&u=U2FsdGVkX1+9aVUElcxEt7cSvB4bWErbMG3qZZvTAyM=&y=U2FsdGVkX1/rlDtUZP64BR9I58OXTGxlrQNxfsHning= HTTP/1.1" 200 26
216.244.66.195 - - [28/Oct/2023:11:09:33 -0500] "GET /BLA/resoluciones/AUTOS%202013/2578.pdf HTTP/1.1" 200 1709264
172.22.2.4 - - [28/Oct/2023:11:08:06 -0500] "HEAD /BLA/boletinlegal/ HTTP/1.1" 200 -
52.167.144.179 - - [28/Oct/2023:11:10:01 -0500] "GET /BLA/resoluciones/AUTOS%202023/5033.pdf HTTP/1.1" 200 877724
216.244.66.195 - - [28/Oct/2023:11:10:23 -0500] "GET /BLA/resoluciones/AUTOS%202013/2598.pdf HTTP/1.1" 200 667661
172.22.2.4 - - [28/Oct/2023:11:08:57 -0500] "GET /BLA/boletinlegal/ HTTP/1.1" 200 53050
52.167.144.22 - - [28/Oct/2023:11:10:43 -0500] "GET /BLA/resoluciones/AUTOS%202023/4225.pdf HTTP/1.1" 200 701381
52.167.144.171 - - [28/Oct/2023:11:10:48 -0500] "GET /BLA/resoluciones/AUTOS%202023/6380.pdf HTTP/1.1" 200 491900
216.244.66.195 - - [28/Oct/2023:11:11:14 -0500] "GET /BLA/resoluciones/AUTOS%202014/1042.pdf HTTP/1.1" 200 600391
52.167.144.171 - - [28/Oct/2023:11:11:21 -0500] "GET /BLA/resoluciones/RESOLUCIONES%202022/0150.pdf HTTP/1.1" 200 367673
216.244.66.195 - - [28/Oct/2023:11:12:04 -0500] "GET /BLA/resoluciones/AUTOS%202014/2073.pdf HTTP/1.1" 200 778989
201.245.192.253 - - [28/Oct/2023:11:12:12 -0500] "POST /kwsrmcab/Wsrmcab  HTTP/1.1" 200 40654
216.244.66.195 - - [28/Oct/2023:11:12:54 -0500] "GET /BLA/resoluciones/AUTOS%202014/2653.pdf HTTP/1.1" 200 718015
216.245.221.92 - - [28/Oct/2023:11:13:29 -0500] "HEAD / HTTP/1.1" 200 -
216.244.66.195 - - [28/Oct/2023:11:13:45 -0500] "GET /BLA/resoluciones/AUTOS%202015/0589.pdf HTTP/1.1" 200 317390
216.244.66.195 - - [28/Oct/2023:11:14:31 -0500] "GET /BLA/resoluciones/AUTOS%202015/0647.pdf HTTP/1.1" 200 520722
40.77.167.23 - - [28/Oct/2023:11:15:11 -0500] "GET /BLA/resoluciones/AUTOS%202023/5227.pdf HTTP/1.1" 200 707535
216.244.66.195 - - [28/Oct/2023:11:15:21 -0500] "GET /BLA/resoluciones/AUTOS%202015/1663.pdf HTTP/1.1" 200 783756
172.22.2.4 - - [28/Oct/2023:11:13:57 -0500] "HEAD /BLA/boletinlegal/ HTTP/1.1" 200 -
216.244.66.195 - - [28/Oct/2023:11:16:11 -0500] "GET /BLA/resoluciones/AUTOS%202015/2154.pdf HTTP/1.1" 200 574524
172.22.2.4 - - [28/Oct/2023:11:14:48 -0500] "GET /BLA/boletinlegal/ HTTP/1.1" 200 58309
40.77.167.23 - - [28/Oct/2023:11:16:35 -0500] "GET /BLA/resoluciones/AUTOS%202023/4131.pdf HTTP/1.1" 200 521661
66.249.66.38 - - [28/Oct/2023:11:16:35 -0500] "GET /robots.txt HTTP/1.1" 404 1034
66.249.66.38 - - [28/Oct/2023:11:16:35 -0500] "GET /inscribete-y-participa-en-la-convencion-internacional-de-emergencia-climatica-bogota-2023.html HTTP/1.1" 304 -
201.245.192.253 - - [28/Oct/2023:11:16:49 -0500] "POST /kwsrmcab/Wsrmcab HTTP/1.1" 200 39377
201.245.192.253 - - [28/Oct/2023:11:16:51 -0500] "POST /kwsrmcab/Wsrmcab HTTP/1.1" 200 41238
216.244.66.195 - - [28/Oct/2023:11:17:02 -0500] "GET /BLA/resoluciones/AUTOS%202015/2269.pdf HTTP/1.1" 200 636814
201.245.192.253 - - [28/Oct/2023:11:17:12 -0500] "POST /kwsrmcab/Wsrmcab  HTTP/1.1" 200 40654
216.244.66.195 - - [28/Oct/2023:11:17:52 -0500] "GET /BLA/resoluciones/AUTOS%202015/2285.pdf HTTP/1.1" 200 568358
216.245.221.92 - - [28/Oct/2023:11:18:29 -0500] "HEAD / HTTP/1.1" 200 -
216.244.66.195 - - [28/Oct/2023:11:18:42 -0500] "GET /BLA/resoluciones/AUTOS%202015/2357.pdf HTTP/1.1" 200 629106
52.167.144.20 - - [28/Oct/2023:11:18:43 -0500] "GET /BLA/resoluciones/AUTOS%202023/5041.pdf HTTP/1.1" 200 2543088
52.167.144.20 - - [28/Oct/2023:11:18:46 -0500] "GET /BLA/resoluciones/AUTOS%202023/3071.pdf HTTP/1.1" 200 366338
186.29.148.8 - - [28/Oct/2023:11:18:55 -0500] "GET /BLA/resoluciones/index.php?dir= HTTP/1.1" 200 13696
186.29.148.8 - - [28/Oct/2023:11:18:57 -0500] "GET /BLA/resoluciones/index.php?dir=AUTOS+2023%2F HTTP/1.1" 200 385584
216.244.66.195 - - [28/Oct/2023:11:19:32 -0500] "GET /BLA/resoluciones/AUTOS%202015/2767.pdf HTTP/1.1" 200 711387
201.245.192.253 - - [28/Oct/2023:11:19:56 -0500] "POST /kwsrmcab/Wsrmcab HTTP/1.1" 200 39377
201.245.192.253 - - [28/Oct/2023:11:19:58 -0500] "POST /kwsrmcab/Wsrmcab HTTP/1.1" 200 41238
216.244.66.195 - - [28/Oct/2023:11:20:22 -0500] "GET /BLA/resoluciones/AUTOS%202015/3149.pdf HTTP/1.1" 200 626019
52.167.144.212 - - [28/Oct/2023:11:20:55 -0500] "GET /BLA/resoluciones/AUTOS%202023/3357.pdf HTTP/1.1" 200 2024108
216.244.66.195 - - [28/Oct/2023:11:21:12 -0500] "GET /BLA/resoluciones/AUTOS%202019/0261.pdf HTTP/1.1" 200 8448032
172.22.2.4 - - [28/Oct/2023:11:19:46 -0500] "HEAD /BLA/boletinlegal/ HTTP/1.1" 200 -
216.244.66.195 - - [28/Oct/2023:11:22:02 -0500] "GET /BLA/resoluciones/AUTOS%202015/0251-.pdf HTTP/1.1" 200 129332
201.245.192.253 - - [28/Oct/2023:11:22:11 -0500] "POST /kwsrmcab/Wsrmcab  HTTP/1.1" 200 40654
172.22.2.4 - - [28/Oct/2023:11:20:37 -0500] "GET /BLA/boletinlegal/ HTTP/1.1" 200 60682
186.29.148.8 - - [28/Oct/2023:11:22:17 -0500] "GET /BLA/resoluciones/index.php?dir=AUTOS+2020%2F HTTP/1.1" 200 332687
216.244.66.195 - - [28/Oct/2023:11:22:36 -0500] "GET /BLA/resoluciones/RESOLUCIONES%202009/9382.pdf HTTP/1.1" 200 288151
216.244.66.195 - - [28/Oct/2023:11:23:18 -0500] "GET /BLA/resoluciones/RESOLUCIONES%202018/1079.pdf HTTP/1.1" 200 562958
172.22.2.4 - - [28/Oct/2023:11:22:57 -0500] "GET /BLA/boletinlegal/ HTTP/1.1" 200 20427
216.245.221.92 - - [28/Oct/2023:11:23:29 -0500] "HEAD / HTTP/1.1" 200 -
216.244.66.195 - - [28/Oct/2023:11:24:08 -0500] "GET /BLA/resoluciones/RESOLUCIONES%202018/2397.pdf HTTP/1.1" 200 311877
40.77.167.247 - - [28/Oct/2023:11:24:34 -0500] "GET /BLA/resoluciones/AUTOS%202023/5243.pdf HTTP/1.1" 200 846701
216.244.66.195 - - [28/Oct/2023:11:24:50 -0500] "GET /BLA/resoluciones/RESOLUCIONES%202018/3243.pdf HTTP/1.1" 200 3862947
201.245.192.253 - - [28/Oct/2023:11:26:49 -0500] "POST /kwsrmcab/Wsrmcab HTTP/1.1" 200 39377
201.245.192.253 - - [28/Oct/2023:11:26:51 -0500] "POST /kwsrmcab/Wsrmcab HTTP/1.1" 200 41238
201.245.192.253 - - [28/Oct/2023:11:27:10 -0500] "POST /kwsrmcab/Wsrmcab  HTTP/1.1" 200 40654
172.22.2.4 - - [28/Oct/2023:11:25:36 -0500] "HEAD /BLA/boletinlegal/ HTTP/1.1" 200 -
172.22.2.4 - - [28/Oct/2023:11:26:27 -0500] "GET /BLA/boletinlegal/ HTTP/1.1" 200 60682
216.245.221.92 - - [28/Oct/2023:11:28:29 -0500] "HEAD / HTTP/1.1" 200 -
172.22.2.4 - - [28/Oct/2023:11:28:54 -0500] "GET /BLA/boletinlegal/conceptos.php HTTP/1.1" 200 7496
172.22.2.4 - - [28/Oct/2023:11:28:54 -0500] "GET /BLA/boletinlegal/js/ajax_conceptos.js HTTP/1.1" 200 1326
172.22.2.4 - - [28/Oct/2023:11:28:54 -0500] "GET /BLA/boletinlegal/favicon.ico HTTP/1.1" 404 1334
172.22.2.4 - - [28/Oct/2023:11:28:58 -0500] "GET /BLA/boletinlegal/consulta_conceptos.php?no=&solicitante=&radicado_entrada=&fecha_concepto=2023&objeto=asbesto HTTP/1.1" 200 570
172.22.2.4 - - [28/Oct/2023:11:29:02 -0500] "GET /BLA/boletinlegal/consulta_conceptos.php?no=&solicitante=&radicado_entrada=&fecha_concepto=2022&objeto=asbesto HTTP/1.1" 200 570
172.22.2.4 - - [28/Oct/2023:11:29:05 -0500] "GET /BLA/boletinlegal/consulta_conceptos.php?no=&solicitante=&radicado_entrada=&fecha_concepto=2022&objeto=asbesto%7B HTTP/1.1" 200 570
172.22.2.4 - - [28/Oct/2023:11:29:06 -0500] "GET /BLA/boletinlegal/consulta_conceptos.php?no=&solicitante=&radicado_entrada=&fecha_concepto=2022&objeto=asbesto%7B HTTP/1.1" 200 570
172.22.2.4 - - [28/Oct/2023:11:29:06 -0500] "GET /BLA/boletinlegal/consulta_conceptos.php?no=&solicitante=&radicado_entrada=&fecha_concepto=2022&objeto=asbesto%7B HTTP/1.1" 200 570
172.22.2.4 - - [28/Oct/2023:11:29:06 -0500] "GET /BLA/boletinlegal/consulta_conceptos.php?no=&solicitante=&radicado_entrada=&fecha_concepto=2022&objeto=asbesto%7B HTTP/1.1" 200 570
172.22.2.4 - - [28/Oct/2023:11:29:07 -0500] "GET /BLA/boletinlegal/consulta_conceptos.php?no=&solicitante=&radicado_entrada=&fecha_concepto=2021&objeto=asbesto%7B HTTP/1.1" 200 570
172.22.2.4 - - [28/Oct/2023:11:29:07 -0500] "GET /BLA/boletinlegal/consulta_conceptos.php?no=&solicitante=&radicado_entrada=&fecha_concepto=2021&objeto=asbesto%7B HTTP/1.1" 200 570
172.22.2.4 - - [28/Oct/2023:11:29:07 -0500] "GET /BLA/boletinlegal/consulta_conceptos.php?no=&solicitante=&radicado_entrada=&fecha_concepto=2021&objeto=asbesto%7B HTTP/1.1" 200 570
172.22.2.4 - - [28/Oct/2023:11:29:08 -0500] "GET /BLA/boletinlegal/consulta_conceptos.php?no=&solicitante=&radicado_entrada=&fecha_concepto=2021&objeto=asbesto%7B HTTP/1.1" 200 570
172.22.2.4 - - [28/Oct/2023:11:29:08 -0500] "GET /BLA/boletinlegal/consulta_conceptos.php?no=&solicitante=&radicado_entrada=&fecha_concepto=2021&objeto=asbesto%7B HTTP/1.1" 200 570
172.22.2.4 - - [28/Oct/2023:11:29:08 -0500] "GET /BLA/boletinlegal/consulta_conceptos.php?no=&solicitante=&radicado_entrada=&fecha_concepto=2021&objeto=asbesto%7B HTTP/1.1" 200 570
172.22.2.4 - - [28/Oct/2023:11:29:09 -0500] "GET /BLA/boletinlegal/consulta_conceptos.php?no=&solicitante=&radicado_entrada=&fecha_concepto=2021&objeto=asbesto HTTP/1.1" 200 570
172.22.2.4 - - [28/Oct/2023:11:29:13 -0500] "GET /BLA/boletinlegal/consulta_conceptos.php?no=&solicitante=&radicado_entrada=&fecha_concepto=2023&objeto=asbesto HTTP/1.1" 200 570
172.22.2.4 - - [28/Oct/2023:11:29:15 -0500] "GET /BLA/boletinlegal/consulta_conceptos.php?no=&solicitante=&radicado_entrada=&fecha_concepto=2022&objeto=asbesto HTTP/1.1" 200 570
172.22.2.4 - - [28/Oct/2023:11:29:17 -0500] "GET /BLA/boletinlegal/consulta_conceptos.php?no=&solicitante=&radicado_entrada=&fecha_concepto=2021&objeto=asbesto HTTP/1.1" 200 570
172.22.2.4 - - [28/Oct/2023:11:29:17 -0500] "GET /BLA/boletinlegal/consulta_conceptos.php?no=&solicitante=&radicado_entrada=&fecha_concepto=2021&objeto=asbesto HTTP/1.1" 200 570
172.22.2.4 - - [28/Oct/2023:11:29:19 -0500] "GET /BLA/boletinlegal/consulta_conceptos.php?no=&solicitante=&radicado_entrada=&fecha_concepto=2020&objeto=asbesto HTTP/1.1" 200 1189
172.22.2.4 - - [28/Oct/2023:11:29:19 -0500] "GET /BLA/boletinlegal/images/pdf.gif HTTP/1.1" 200 567
172.22.2.4 - - [28/Oct/2023:11:28:48 -0500] "GET /BLA/boletinlegal/ HTTP/1.1" 200 24523
172.22.2.4 - - [28/Oct/2023:11:29:25 -0500] "GET /BLA/boletinlegal/conceptos/2020/95.pdf HTTP/1.1" 200 367667
201.245.192.253 - - [28/Oct/2023:11:29:56 -0500] "POST /kwsrmcab/Wsrmcab HTTP/1.1" 200 39377
201.245.192.253 - - [28/Oct/2023:11:29:59 -0500] "POST /kwsrmcab/Wsrmcab HTTP/1.1" 200 41238
52.167.144.22 - - [28/Oct/2023:11:30:23 -0500] "GET /BLA/resoluciones/AUTOS%202023/5008.pdf HTTP/1.1" 200 547996
201.245.192.253 - - [28/Oct/2023:11:32:09 -0500] "POST /kwsrmcab/Wsrmcab  HTTP/1.1" 200 40654
172.22.2.4 - - [28/Oct/2023:11:31:26 -0500] "HEAD /BLA/boletinlegal/ HTTP/1.1" 200 -
216.245.221.92 - - [28/Oct/2023:11:33:29 -0500] "HEAD / HTTP/1.1" 200 -
66.249.77.8 - - [28/Oct/2023:11:33:35 -0500] "GET /BLA/resoluciones/RESOLUCIONES%202009/3348.pdf HTTP/1.1" 200 552729
172.22.2.4 - - [28/Oct/2023:11:32:17 -0500] "GET /BLA/boletinlegal/ HTTP/1.1" 200 60331
52.167.144.67 - - [28/Oct/2023:11:35:11 -0500] "GET /robots.txt HTTP/1.1" 404 1018
40.77.167.79 - - [28/Oct/2023:11:35:14 -0500] "GET /BLA/resoluciones/AUTOS%202023/4280.pdf HTTP/1.1" 200 449529
201.245.192.253 - - [28/Oct/2023:11:36:49 -0500] "POST /kwsrmcab/Wsrmcab HTTP/1.1" 200 39377
201.245.192.253 - - [28/Oct/2023:11:36:51 -0500] "POST /kwsrmcab/Wsrmcab HTTP/1.1" 200 41238
201.245.192.253 - - [28/Oct/2023:11:37:07 -0500] "POST /kwsrmcab/Wsrmcab  HTTP/1.1" 200 40654
186.80.52.180 - - [28/Oct/2023:11:37:15 -0500] "GET /sipse/faces/index.xhtml HTTP/1.1" 200 677
186.80.52.180 - - [28/Oct/2023:11:37:15 -0500] "GET /sipse/faces/javax.faces.resource/theme.css?ln=primefaces-sipse HTTP/1.1" 304 -
186.80.52.180 - - [28/Oct/2023:11:37:16 -0500] "GET /sipse/faces/faces/autenticacion.xhtml HTTP/1.1" 200 12405
186.80.52.180 - - [28/Oct/2023:11:37:16 -0500] "GET /sipse/faces/javax.faces.resource/theme.css?ln=primefaces-sipse HTTP/1.1" 304 -
186.80.52.180 - - [28/Oct/2023:11:37:16 -0500] "GET /sipse/faces/javax.faces.resource/layout/layout.css?ln=primefaces&v=4.0 HTTP/1.1" 304 -
186.80.52.180 - - [28/Oct/2023:11:37:16 -0500] "GET /sipse/faces/javax.faces.resource/primefaces.css?ln=primefaces&v=4.0 HTTP/1.1" 304 -
186.80.52.180 - - [28/Oct/2023:11:37:16 -0500] "GET /sipse/faces/javax.faces.resource/jquery/jquery.js?ln=primefaces&v=4.0 HTTP/1.1" 304 -
186.80.52.180 - - [28/Oct/2023:11:37:16 -0500] "GET /sipse/faces/javax.faces.resource/jquery/jquery-plugins.js?ln=primefaces&v=4.0 HTTP/1.1" 304 -
186.80.52.180 - - [28/Oct/2023:11:37:16 -0500] "GET /sipse/faces/javax.faces.resource/primefaces.js?ln=primefaces&v=4.0 HTTP/1.1" 304 -
186.80.52.180 - - [28/Oct/2023:11:37:16 -0500] "GET /sipse/faces/javax.faces.resource/layout/layout.js?ln=primefaces&v=4.0 HTTP/1.1" 304 -
186.80.52.180 - - [28/Oct/2023:11:37:16 -0500] "GET /sipse/faces/javax.faces.resource/images/ui-icons_898989_256x240.png?ln=primefaces-aristo HTTP/1.1" 304 -
186.80.52.180 - - [28/Oct/2023:11:37:20 -0500] "POST /sipse/faces/autenticacion.xhtml HTTP/1.1" 200 2217
186.80.52.180 - - [28/Oct/2023:11:37:20 -0500] "GET /sipse/faces/javax.faces.resource/messages/messages.png?ln=primefaces&v=4.0 HTTP/1.1" 304 -
186.80.52.180 - - [28/Oct/2023:11:37:21 -0500] "POST /sipse/faces/autenticacion.xhtml HTTP/1.1" 200 16331
186.80.52.180 - - [28/Oct/2023:11:37:21 -0500] "GET /sipse/faces/javax.faces.resource/theme.css?ln=primefaces-sipse HTTP/1.1" 304 -
186.80.52.180 - - [28/Oct/2023:11:37:21 -0500] "GET /sipse/faces/javax.faces.resource/layout/layout.css?ln=primefaces&v=4.0 HTTP/1.1" 304 -
186.80.52.180 - - [28/Oct/2023:11:37:21 -0500] "GET /sipse/faces/javax.faces.resource/primefaces.css?ln=primefaces&v=4.0 HTTP/1.1" 304 -
186.80.52.180 - - [28/Oct/2023:11:37:21 -0500] "GET /sipse/faces/javax.faces.resource/jquery/jquery.js?ln=primefaces&v=4.0 HTTP/1.1" 304 -
186.80.52.180 - - [28/Oct/2023:11:37:21 -0500] "GET /sipse/faces/javax.faces.resource/jquery/jquery-plugins.js?ln=primefaces&v=4.0 HTTP/1.1" 304 -
186.80.52.180 - - [28/Oct/2023:11:37:21 -0500] "GET /sipse/faces/javax.faces.resource/primefaces.js?ln=primefaces&v=4.0 HTTP/1.1" 304 -
186.80.52.180 - - [28/Oct/2023:11:37:21 -0500] "GET /sipse/faces/javax.faces.resource/layout/layout.js?ln=primefaces&v=4.0 HTTP/1.1" 304 -
186.80.52.180 - - [28/Oct/2023:11:37:22 -0500] "GET /sipse/css/imagen/contrasena.png HTTP/1.1" 404 383
186.80.52.180 - - [28/Oct/2023:11:37:24 -0500] "GET /sipse/faces/javax.faces.resource/images/ui-bg_flat_0_2d5972_40x100.png?ln=primefaces-aristo HTTP/1.1" 304 -
186.80.52.180 - - [28/Oct/2023:11:37:24 -0500] "POST /sipse/faces/bienvenido.xhtml HTTP/1.1" 200 2658
186.80.52.180 - - [28/Oct/2023:11:37:25 -0500] "POST /sipse/faces/bienvenido.xhtml HTTP/1.1" 200 64384
186.80.52.180 - - [28/Oct/2023:11:37:26 -0500] "GET /sipse/faces/javax.faces.resource/theme.css?ln=primefaces-sipse HTTP/1.1" 304 -
186.80.52.180 - - [28/Oct/2023:11:37:26 -0500] "GET /sipse/faces/javax.faces.resource/primefaces.css?ln=primefaces&v=4.0 HTTP/1.1" 304 -
186.80.52.180 - - [28/Oct/2023:11:37:26 -0500] "GET /sipse/faces/javax.faces.resource/layout/layout.css?ln=primefaces&v=4.0 HTTP/1.1" 304 -
186.80.52.180 - - [28/Oct/2023:11:37:26 -0500] "GET /sipse/faces/javax.faces.resource/jquery/jquery.js?ln=primefaces&v=4.0 HTTP/1.1" 304 -
186.80.52.180 - - [28/Oct/2023:11:37:26 -0500] "GET /sipse/faces/javax.faces.resource/jquery/jquery-plugins.js?ln=primefaces&v=4.0 HTTP/1.1" 304 -
186.80.52.180 - - [28/Oct/2023:11:37:26 -0500] "GET /sipse/faces/javax.faces.resource/primefaces.js?ln=primefaces&v=4.0 HTTP/1.1" 304 -
186.80.52.180 - - [28/Oct/2023:11:37:26 -0500] "GET /sipse/faces/javax.faces.resource/layout/layout.js?ln=primefaces&v=4.0 HTTP/1.1" 304 -
186.80.52.180 - - [28/Oct/2023:11:37:27 -0500] "POST /sipse/faces/presentacion/financiero/solicitudProceso/listarSolicitudProceso.xhtml HTTP/1.1" 200 1548
186.80.52.180 - - [28/Oct/2023:11:37:29 -0500] "POST /sipse/faces/presentacion/financiero/solicitudProceso/listarSolicitudProceso.xhtml HTTP/1.1" 200 16690
186.80.52.180 - - [28/Oct/2023:11:37:32 -0500] "POST /sipse/faces/presentacion/financiero/solicitudProceso/listarSolicitudProceso.xhtml HTTP/1.1" 200 130278
186.80.52.180 - - [28/Oct/2023:11:37:32 -0500] "GET /sipse/faces/javax.faces.resource/theme.css?ln=primefaces-sipse HTTP/1.1" 304 -
186.80.52.180 - - [28/Oct/2023:11:37:32 -0500] "GET /sipse/faces/javax.faces.resource/primefaces.css?ln=primefaces&v=4.0 HTTP/1.1" 304 -
186.80.52.180 - - [28/Oct/2023:11:37:32 -0500] "GET /sipse/faces/javax.faces.resource/layout/layout.css?ln=primefaces&v=4.0 HTTP/1.1" 304 -
186.80.52.180 - - [28/Oct/2023:11:37:32 -0500] "GET /sipse/faces/javax.faces.resource/jquery/jquery.js?ln=primefaces&v=4.0 HTTP/1.1" 304 -
186.80.52.180 - - [28/Oct/2023:11:37:32 -0500] "GET /sipse/faces/javax.faces.resource/jquery/jquery-plugins.js?ln=primefaces&v=4.0 HTTP/1.1" 304 -
186.80.52.180 - - [28/Oct/2023:11:37:33 -0500] "GET /sipse/faces/javax.faces.resource/primefaces.js?ln=primefaces&v=4.0 HTTP/1.1" 304 -
186.80.52.180 - - [28/Oct/2023:11:37:33 -0500] "GET /sipse/faces/javax.faces.resource/layout/layout.js?ln=primefaces&v=4.0 HTTP/1.1" 304 -
186.80.52.180 - - [28/Oct/2023:11:37:33 -0500] "GET /sipse/faces/javax.faces.resource/dynamiccontent.properties?ln=primefaces&pfdrid=XjOR5%2F%2FfPAZAuY9TpWQeCiM0BhlXxYRBGKi%2FQcXXfeA%3D&pfdrid_c=false HTTP/1.1" 500 383
186.80.52.180 - - [28/Oct/2023:11:37:36 -0500] "POST /sipse/faces/presentacion/financiero/solicitudProceso/consultarSolicitudProceso.xhtml HTTP/1.1" 200 31191
186.80.52.180 - - [28/Oct/2023:11:37:37 -0500] "GET /sipse/faces/javax.faces.resource/primefaces.css?ln=primefaces&v=4.0 HTTP/1.1" 304 -
186.80.52.180 - - [28/Oct/2023:11:37:37 -0500] "GET /sipse/faces/javax.faces.resource/theme.css?ln=primefaces-sipse HTTP/1.1" 304 -
186.80.52.180 - - [28/Oct/2023:11:37:37 -0500] "GET /sipse/faces/javax.faces.resource/layout/layout.css?ln=primefaces&v=4.0 HTTP/1.1" 304 -
186.80.52.180 - - [28/Oct/2023:11:37:37 -0500] "GET /sipse/faces/javax.faces.resource/jquery/jquery.js?ln=primefaces&v=4.0 HTTP/1.1" 304 -
186.80.52.180 - - [28/Oct/2023:11:37:37 -0500] "GET /sipse/faces/javax.faces.resource/primefaces.js?ln=primefaces&v=4.0 HTTP/1.1" 304 -
186.80.52.180 - - [28/Oct/2023:11:37:37 -0500] "GET /sipse/faces/javax.faces.resource/jquery/jquery-plugins.js?ln=primefaces&v=4.0 HTTP/1.1" 304 -
186.80.52.180 - - [28/Oct/2023:11:37:37 -0500] "GET /sipse/faces/javax.faces.resource/layout/layout.js?ln=primefaces&v=4.0 HTTP/1.1" 304 -
216.245.221.92 - - [28/Oct/2023:11:38:29 -0500] "HEAD / HTTP/1.1" 200 -
216.244.66.195 - - [28/Oct/2023:11:38:49 -0500] "GET /robots.txt HTTP/1.1" 404 1018
172.22.2.4 - - [28/Oct/2023:11:37:16 -0500] "HEAD /BLA/boletinlegal/ HTTP/1.1" 200 -
172.22.2.4 - - [28/Oct/2023:11:38:07 -0500] "GET /BLA/boletinlegal/ HTTP/1.1" 200 52658
201.245.192.253 - - [28/Oct/2023:11:39:55 -0500] "POST /kwsrmcab/Wsrmcab HTTP/1.1" 200 39377
201.245.192.253 - - [28/Oct/2023:11:39:58 -0500] "POST /kwsrmcab/Wsrmcab HTTP/1.1" 200 41238
172.22.2.4 - - [28/Oct/2023:11:40:01 -0500] "GET /BLA/boletinlegal/style.css HTTP/1.1" 200 9406
172.22.2.4 - - [28/Oct/2023:11:40:01 -0500] "GET /BLA/boletinlegal/styles2.css HTTP/1.1" 200 1838
172.22.2.4 - - [28/Oct/2023:11:40:01 -0500] "GET /BLA/boletinlegal/js/jquery.scrollTo-min.js HTTP/1.1" 200 1150
172.22.2.4 - - [28/Oct/2023:11:40:01 -0500] "GET /BLA/boletinlegal/js/jquery.js HTTP/1.1" 200 57254
172.22.2.4 - - [28/Oct/2023:11:40:01 -0500] "GET /BLA/boletinlegal/js/jquery.scrollShow.js HTTP/1.1" 200 4586
172.22.2.4 - - [28/Oct/2023:11:40:01 -0500] "GET /BLA/boletinlegal/images/cabezote%20BLEGAL.jpg HTTP/1.1" 200 118164
172.22.2.4 - - [28/Oct/2023:11:40:01 -0500] "GET /BLA/boletinlegal/images/subscribe-icon-big.png HTTP/1.1" 200 47702
172.22.2.4 - - [28/Oct/2023:11:40:01 -0500] "GET /BLA/boletinlegal/images/historia.png HTTP/1.1" 200 52775
172.22.2.4 - - [28/Oct/2023:11:40:01 -0500] "GET /BLA/boletinlegal/images/registro-usuarios.png HTTP/1.1" 200 8106
172.22.2.4 - - [28/Oct/2023:11:40:01 -0500] "GET /BLA/boletinlegal/images/arr_l.jpg HTTP/1.1" 200 1979
172.22.2.4 - - [28/Oct/2023:11:40:01 -0500] "GET /BLA/boletinlegal/images/screen_1.png HTTP/1.1" 200 202547
172.22.2.4 - - [28/Oct/2023:11:40:01 -0500] "GET /BLA/boletinlegal/images/launch.jpg HTTP/1.1" 200 14577
172.22.2.4 - - [28/Oct/2023:11:40:02 -0500] "GET /BLA/boletinlegal/actos.php HTTP/1.1" 200 9682
172.22.2.4 - - [28/Oct/2023:11:40:02 -0500] "GET /BLA/boletinlegal/js/ajax_actos.js HTTP/1.1" 200 1322
172.22.2.4 - - [28/Oct/2023:11:40:02 -0500] "GET /BLA/boletinlegal/niceforms-default.css HTTP/1.1" 200 6694
172.22.2.4 - - [28/Oct/2023:11:40:02 -0500] "GET /BLA/boletinlegal/niceforms.js HTTP/1.1" 200 22876
172.22.2.4 - - [28/Oct/2023:11:40:02 -0500] "GET /BLA/boletinlegal/js/lib.js HTTP/1.1" 200 6474
172.22.2.4 - - [28/Oct/2023:11:40:02 -0500] "GET /BLA/boletinlegal/js/popup.js HTTP/1.1" 200 1270
172.22.2.4 - - [28/Oct/2023:11:40:02 -0500] "GET /BLA/boletinlegal/js/jquery1.js HTTP/1.1" 200 29846
172.22.2.4 - - [28/Oct/2023:11:40:02 -0500] "GET /BLA/boletinlegal/images/green-yellow-blue-pink-th.png HTTP/1.1" 200 7394
172.22.2.4 - - [28/Oct/2023:11:40:02 -0500] "GET /BLA/boletinlegal/images/tel.png HTTP/1.1" 200 14477
172.22.2.4 - - [28/Oct/2023:11:40:02 -0500] "GET /BLA/boletinlegal/images/icono-email.png HTTP/1.1" 200 5544
172.22.2.4 - - [28/Oct/2023:11:40:02 -0500] "GET /BLA/boletinlegal/images/menu_lft.gif HTTP/1.1" 200 1713
172.22.2.4 - - [28/Oct/2023:11:40:02 -0500] "GET /BLA/boletinlegal/images/body_bg.jpg HTTP/1.1" 200 1601
172.22.2.4 - - [28/Oct/2023:11:40:02 -0500] "GET /BLA/boletinlegal/images/menu_rght.gif HTTP/1.1" 200 1627
172.22.2.4 - - [28/Oct/2023:11:40:02 -0500] "GET /BLA/boletinlegal/images/bg_top.jpg HTTP/1.1" 200 522
172.22.2.4 - - [28/Oct/2023:11:40:02 -0500] "GET /BLA/boletinlegal/images/menu_bg.jpg HTTP/1.1" 200 620
172.22.2.4 - - [28/Oct/2023:11:40:02 -0500] "GET /BLA/boletinlegal/images/footer_bg.jpg HTTP/1.1" 200 586
172.22.2.4 - - [28/Oct/2023:11:40:02 -0500] "GET /BLA/boletinlegal/images/hover.jpg HTTP/1.1" 200 640
172.22.2.4 - - [28/Oct/2023:11:40:02 -0500] "GET /BLA/boletinlegal/images/footer_bg_l.jpg HTTP/1.1" 200 776
172.22.2.4 - - [28/Oct/2023:11:40:02 -0500] "GET /BLA/boletinlegal/images/text.jpg HTTP/1.1" 200 568
172.22.2.4 - - [28/Oct/2023:11:40:02 -0500] "GET /BLA/boletinlegal/img/button-right.png HTTP/1.1" 200 57878
172.22.2.4 - - [28/Oct/2023:11:40:02 -0500] "GET /BLA/boletinlegal/img/button.png HTTP/1.1" 200 43241
172.22.2.4 - - [28/Oct/2023:11:40:02 -0500] "GET /BLA/boletinlegal/img/select-right.png HTTP/1.1" 200 44019
172.22.2.4 - - [28/Oct/2023:11:40:02 -0500] "GET /BLA/boletinlegal/img/button-left.png HTTP/1.1" 200 57071
172.22.2.4 - - [28/Oct/2023:11:40:02 -0500] "GET /BLA/boletinlegal/favicon.ico HTTP/1.1" 404 1326
186.84.20.209 - - [28/Oct/2023:11:40:03 -0500] "GET /BLA/resoluciones/ HTTP/1.1" 200 13696
186.84.20.209 - - [28/Oct/2023:11:40:08 -0500] "GET /BLA/resoluciones/index.php?dir=AUTOS+2020%2F HTTP/1.1" 200 332687
172.22.2.4 - - [28/Oct/2023:11:40:00 -0500] "GET /BLA/boletinlegal/ HTTP/1.1" 200 24523
172.22.2.4 - - [28/Oct/2023:11:41:06 -0500] "GET /BLA/boletinlegal/actos.php HTTP/1.1" 200 9682
172.22.2.4 - - [28/Oct/2023:11:41:06 -0500] "GET /BLA/boletinlegal/js/ajax_actos.js HTTP/1.1" 200 1322
172.22.2.4 - - [28/Oct/2023:11:41:06 -0500] "GET /BLA/boletinlegal/js/lib.js HTTP/1.1" 200 6474
172.22.2.4 - - [28/Oct/2023:11:41:06 -0500] "GET /BLA/boletinlegal/js/popup.js HTTP/1.1" 200 1270
172.22.2.4 - - [28/Oct/2023:11:41:06 -0500] "GET /BLA/boletinlegal/js/jquery1.js HTTP/1.1" 200 29846
172.22.2.4 - - [28/Oct/2023:11:41:06 -0500] "GET /BLA/boletinlegal/images/green-yellow-blue-pink-th.png HTTP/1.1" 200 7394
172.22.2.4 - - [28/Oct/2023:11:41:10 -0500] "GET /BLA/boletinlegal/consulta_actos.php?tipo=autos&no=&usuario=&sector=&fecha=2023&resuelve=asbesto HTTP/1.1" 200 626
172.22.2.4 - - [28/Oct/2023:11:41:13 -0500] "GET /BLA/boletinlegal/normativa.php HTTP/1.1" 200 8343
172.22.2.4 - - [28/Oct/2023:11:41:13 -0500] "GET /BLA/boletinlegal/js/ajax_normativa.js HTTP/1.1" 200 1154
