!C99Shell v. 1.0 pre-release build #13!

Software: Apache. PHP/5.5.15 

uname -a: Windows NT SVR-DMZ 6.1 build 7600 (Windows Server 2008 R2 Enterprise Edition) i586 

SYSTEM 

Safe-mode: OFF (not secure)

E:\nuevo\apache\logs\   drwxrwxrwx
Free 8.02 GB of 239.26 GB (3.35%)
Detected drives: [ a ] [ c ] [ d ] [ e ] [ f ]
Home    Back    Forward    UPDIR    Refresh    Search    Buffer    Encoder    Tools    Proc.    FTP brute    Sec.    SQL    PHP-code    Update    Feedback    Self remove    Logout    


Viewing file:     access.2023.10.28.log (956.43 KB)      -rw-rw-rw-
Select action/file-type:
(+) | (+) | (+) | Code (+) | Session (+) | (+) | SDB (+) | (+) | (+) | (+) | (+) | (+) |
190.27.61.244 - - [28/Oct/2023:00:03:12 -0500] "GET /BLA/boletinlegal/actos.php HTTP/1.1" 200 9682
190.27.61.244 - - [28/Oct/2023:00:03:25 -0500] "GET /BLA/boletinlegal/consulta_actos.php?tipo=resoluciones&no=&usuario=&sector=&fecha=2015&resuelve= HTTP/1.1" 200 419569
190.27.61.244 - - [28/Oct/2023:00:03:26 -0500] "GET /BLA/boletinlegal/images/word.png HTTP/1.1" 200 50498
216.245.221.92 - - [28/Oct/2023:00:03:33 -0500] "HEAD / HTTP/1.1" 200 -
190.27.61.244 - - [28/Oct/2023:00:03:09 -0500] "GET /BLA/boletinlegal/index.php HTTP/1.1" 200 16331
190.27.61.244 - - [28/Oct/2023:00:03:49 -0500] "GET /BLA/resoluciones/RESOLUCIONES%202015/2179.pdf HTTP/1.1" 200 679021
172.22.2.4 - - [28/Oct/2023:00:02:30 -0500] "GET /BLA/boletinlegal/ HTTP/1.1" 200 53407
201.245.192.253 - - [28/Oct/2023:00:04:34 -0500] "POST /kwsrmcab/Wsrmcab  HTTP/1.1" 200 40654
172.22.2.4 - - [28/Oct/2023:00:03:05 -0500] "HEAD /BLA/boletinlegal/ HTTP/1.1" 200 -
172.22.2.4 - - [28/Oct/2023:00:03:56 -0500] "GET /BLA/boletinlegal/ HTTP/1.1" 200 55105
157.55.39.200 - - [28/Oct/2023:00:06:30 -0500] "GET /BLA/resoluciones/AUTOS%202023/4175.pdf HTTP/1.1" 200 406339
34.141.237.5 - - [28/Oct/2023:00:06:44 -0500] "GET /inventario-de-emisiones-2020-transporte-publico-sitp-redujo-emisiones-de-pm-2-5-en-un-37.html HTTP/1.1" 200 925
216.245.221.92 - - [28/Oct/2023:00:08:33 -0500] "HEAD / HTTP/1.1" 200 -
201.245.192.253 - - [28/Oct/2023:00:09:34 -0500] "POST /kwsrmcab/Wsrmcab  HTTP/1.1" 200 40654
40.77.167.1 - - [28/Oct/2023:00:10:21 -0500] "GET /BLA/resoluciones/AUTOS%202023/5241.pdf HTTP/1.1" 200 553530
172.22.2.4 - - [28/Oct/2023:00:08:55 -0500] "HEAD /BLA/boletinlegal/ HTTP/1.1" 200 -
157.55.39.200 - - [28/Oct/2023:00:10:52 -0500] "GET /BLA/resoluciones/AUTOS%202023/4173.pdf HTTP/1.1" 200 440214
66.249.66.19 - - [28/Oct/2023:00:10:56 -0500] "GET /BLA/resoluciones/RESOLUCIONES%202011/3340.pdf HTTP/1.1" 200 613208
186.85.157.37 - - [28/Oct/2023:00:10:59 -0500] "GET /sipse/css/custom_css_sg.css HTTP/1.1" 200 9694
186.85.157.37 - - [28/Oct/2023:00:11:08 -0500] "GET /sipse/css/custom_css_sg_prime_login.css HTTP/1.1" 200 443
186.85.157.37 - - [28/Oct/2023:00:11:08 -0500] "GET /sipse/css/imagen/logoSDG.png HTTP/1.1" 304 -
186.85.157.37 - - [28/Oct/2023:00:11:08 -0500] "GET /sipse/faces/faces/faces/faces/index.xhtml HTTP/1.1" 200 677
186.85.157.37 - - [28/Oct/2023:00:11:09 -0500] "GET /sipse/faces/javax.faces.resource/theme.css?ln=primefaces-sipse HTTP/1.1" 304 -
186.85.157.37 - - [28/Oct/2023:00:11:09 -0500] "GET /sipse/faces/javax.faces.resource/theme.css?ln=primefaces-sipse HTTP/1.1" 304 -
186.85.157.37 - - [28/Oct/2023:00:11:09 -0500] "GET /sipse/faces/faces/faces/faces/faces/autenticacion.xhtml HTTP/1.1" 200 12405
186.85.157.37 - - [28/Oct/2023:00:11:09 -0500] "GET /sipse/faces/javax.faces.resource/jquery/jquery.js?ln=primefaces&v=4.0 HTTP/1.1" 304 -
186.85.157.37 - - [28/Oct/2023:00:11:09 -0500] "GET /sipse/faces/javax.faces.resource/jquery/jquery-plugins.js?ln=primefaces&v=4.0 HTTP/1.1" 304 -
186.85.157.37 - - [28/Oct/2023:00:11:09 -0500] "GET /sipse/faces/javax.faces.resource/layout/layout.css?ln=primefaces&v=4.0 HTTP/1.1" 304 -
186.85.157.37 - - [28/Oct/2023:00:11:09 -0500] "GET /sipse/js/funciones.js HTTP/1.1" 304 -
186.85.157.37 - - [28/Oct/2023:00:11:09 -0500] "GET /sipse/faces/javax.faces.resource/primefaces.css?ln=primefaces&v=4.0 HTTP/1.1" 304 -
186.85.157.37 - - [28/Oct/2023:00:11:09 -0500] "GET /sipse/faces/javax.faces.resource/layout/layout.js?ln=primefaces&v=4.0 HTTP/1.1" 304 -
186.85.157.37 - - [28/Oct/2023:00:11:09 -0500] "GET /sipse/js/disable_browser_buttons.js HTTP/1.1" 304 -
186.85.157.37 - - [28/Oct/2023:00:11:09 -0500] "GET /sipse/faces/javax.faces.resource/primefaces.js?ln=primefaces&v=4.0 HTTP/1.1" 304 -
172.22.2.4 - - [28/Oct/2023:00:09:46 -0500] "GET /BLA/boletinlegal/ HTTP/1.1" 200 58309
216.245.221.92 - - [28/Oct/2023:00:13:33 -0500] "HEAD / HTTP/1.1" 200 -
152.61.192.232 - - [28/Oct/2023:00:14:23 -0500] "GET / HTTP/1.1" 200 319
201.245.192.253 - - [28/Oct/2023:00:14:33 -0500] "POST /kwsrmcab/Wsrmcab  HTTP/1.1" 200 40654
167.0.132.84 - - [28/Oct/2023:00:16:23 -0500] "GET /kwssiamovil/sm/ldap/au?x=U2FsdGVkX190U5IbnzIzc5KpGukBv071SMVWxwwm6dN1zF5np5rmECuH15N/tCv1&y=U2FsdGVkX18FfKMhYeHpwivOB/ow0m6jC9vwdYkHsjuYaDlOGMpc1PmEnOoxEQzs HTTP/1.1" 200 30
167.0.132.84 - - [28/Oct/2023:00:16:23 -0500] "GET /kwssiamovil/sm/acme/s?s=U2FsdGVkX1+HbN/SZJZyh86KUQ9ACUxNcTke0L/JZtdxxt8pOTkFZZVjZr9iLrpjudsfEkChMDxIU2sLXYbvzrdqetfgJ3clHcW4F6VfgiU=&u=U2FsdGVkX1+OlyqFeutgBnVTBnQl3spAfogDDzJHq88=&y=U2FsdGVkX18FfKMhYeHpwivOB/ow0m6jC9vwdYkHsjuYaDlOGMpc1PmEnOoxEQzs HTTP/1.1" 200 97
167.0.132.84 - - [28/Oct/2023:00:16:23 -0500] "GET /kwssiamovil/sm/acme/s?s=U2FsdGVkX19N9pjJAHg2u+TcAqWyeKFYvVu09gQfMGUooVlAnH7l1FfOK1E04Yw+IOA0kI7Q2bLl05YvnOl+dvVinRrvri4f49Rmcmh1jGOB/PV14t5NtFINsVQbGbq3qG9NMaO1Srz6puSsJBv/R1B0sNez/guwa30I4Ebs/nxLTAS7QZvWzE2m5E2YStyz4tPj6WAwxck1KaNKMqL42FrZun8Os8NoVrJpbo06eLVHGtj6+qm+FuhIr08E7ZRBewhSwmzR1cs58x/+xNp1BPBx1PN3iJbXUB0yz8kg1oCKzv3VqFoJJb9cJKoLcNgtFwhKzrJJEYzM2sBo0azPeJQjQBZkzLwCBRnHjKUm7HLi/MCvabQFOwtxXnauvIidMedcCMUOt6ACBSSh3NOkWaGgebo2u6N0fCqSkZjCnlWJFTPzVgVegUPx2Dcr+sHwVmqLeTnCoft643Sgi3CWiUuuel2a3ThS3bkyDjuRx8GDIslaTYnIMl7JK2v1pwxc9j8Dl/N5UnvTZaeyP3YwfMv9rWcZQi4sX342kEtxEG7XWUrYclvecpTHY/LdrfRmCB5KpR4hecFy1gAFfZ4UzMa0GWbny79NA+bgJuaqD+fZzNHIkOof7MLKJqX2x+wW7Kj/L5/+dlMfml70+sw0CD8TlWCV5DJ7eq/nLyo2t3TZQ7BU3wP+f/PiPH2R4orUWwt8n/FXLhJXD7nc3I4IdybZN6I7tENfic6Y1n36YADoWy8wK8wB9/kK/FaEsnCQTO8REiDFJvML95EWtch4TAb/5ZPO1Yo7OmfC9mFPsUvBihEcExnIrQssqVlzdtujow6oXDdubRLkv/QaPYk/95qWOvYQGKFqLE55ZBd2C13Wws6/B2FfgXS42M06p5jdxVYHrwangT4NmYHq7ShU/JnnaZifU6PeMY8toig8o+6xJmUWFe3S1AD029AWdLrD9hvyMe8PbR9zVOiV+UDGFf7NLclR+ys55DsSGc+DBa6NavB2IJZfLXjmmbLHUWxBHacLQWnefRsgl/jKxd6muh8d6Y4l7E7/iAVZY4r9vjtDxZoZPtHUj/8JUt77W03sTdUhvCXVFbvLwDKdmiZKnsvQe3Lbz4Ei+e6EHMftYOAr1OBW5sb3hRYWC/xdqv6GU1VFfzNQnuJiBQ2/A0Mz34lG8wdtDAXyo0fGzlgp4dW0XG9eaSrwfkzXl5+/OpPAG6ThKoAMBkOrlq8Z+BWqMgrhCMtTmI/gsEcyygHH9dLVYUMrl+0JHfIyAmtk7iBPAhv0chAVFlul9+fcVbiPUVjKpMcn1mzzgo4F/50k8wKyIvLwvR1yqg31yfc/xtbST2g+RMSXeEJKc0HLbPK1Uvb1yBmiPCa7s8KIyBD/RJmXvuNtdHkTetQWahefO2QBA5F8Aqg6EE8nZtfCeSBo1Y5FWRpbYx17EdJmXbNUs791sWOx0+HluYjV+vh+DJCwlHqbt4IqXDiFpxuQuptkiZ0gifYy6MpjgMt21hFBcTIl1s0d1PTNg3GMW4jtRiNuMaPcc4F/xJsD0j1MslneaUsR98DH5dPXG3AnihMfdY6Bm1cttiDBArXlYVIEqCm7PHiI171Jpr2b/m/2TlXyDo9AI36+eOXNyUMEoKnEV/dHdu1AwhSpPc4uZPs9RHx8MMig2xYBBHNBiznommzwgyrUf4TrhHSA7t1qECGmJpBHlmmaXGxt4VhD9KaP+2mv6NbK2Y66FCz0kx4dZwyVFgTBgU/8yiBDAT1rCmhkAgA=&u=U2FsdGVkX1+OlyqFeutgBnVTBnQl3spAfogDDzJHq88=&y=U2FsdGVkX18FfKMhYeHpwivOB/ow0m6jC9vwdYkHsjuYaDlOGMpc1PmEnOoxEQzs HTTP/1.1" 200 583
167.0.132.84 - - [28/Oct/2023:00:16:23 -0500] "GET /kwssiamovil/sm/acme/s?s=U2FsdGVkX1+7G3FWNQRIaHS8KD4nRlpg/cEmiNCpvYJXGzjo2mJcBprN/QVd3LBKCIcWnDbQCztHYzk5EL8TgVeW3mOQa1+GfE5WSWLPWTw+A2S/vewtXMnwXL2mZJeuxyuGjYQhknZ3RAsVTp9fdPIZFSF7Sav7pjqmjXzDHBI/swRGZaHKHDOPMIIWocdP6kPH2EUUuIlrBC8dlecuPF8sO2bNkdJy34YisGfOCuohRy0nb73Dp7E7jiG2iw5f3izKQxPr8ro+leh6UZbNqgVsFJH5KSmN8Q4EDXl5FJunS8o0p68AgHkCBmGu5hB4ICtvwjfnWis13oXWCmoS3alp9n0u3QAXfQfC+2cowzix/5wz4pYEMh7kJd5LmWW+Q7wYV6tDN0Rc6GqrZWRXHIeyfcisTZ9hjO+4V83BBg+U3aa0rZWbqJ+/j8gOA+iPtK3q1wBk+VF6zsh4nPyo59jawR178ZYtLmCTt4JYGlUUfb20egUXjOnayHZQs5M12n/KrcrqR/3xhnyixwf6LyK0TFBcaCCp9uRur2aRaGTVuhsTTCxr2no1pS8ytoL5Xx3KBjupiERN/1Z4u0aN+dNdQ9LZ3tg0i80wIt38yn+XN0/apozDI7cgpy+1UQiXCpxt49FQuNb4IAmbnVJxLYKa0kd3Wmj/QtSLc8V7bntTznsD0lOUG7487hMhiP0RTM0TljppyaMsneECRiyiLl7AhXRKEnejgcq8yFIXNED7/vFpJnNJRicDHfCLMxaI&u=U2FsdGVkX1+OlyqFeutgBnVTBnQl3spAfogDDzJHq88=&y=U2FsdGVkX18FfKMhYeHpwivOB/ow0m6jC9vwdYkHsjuYaDlOGMpc1PmEnOoxEQzs HTTP/1.1" 200 208
167.0.132.84 - - [28/Oct/2023:00:16:23 -0500] "GET /kwssiamovil/sm/cjson/pre?f=1&x=U2FsdGVkX190U5IbnzIzc5KpGukBv071SMVWxwwm6dN1zF5np5rmECuH15N/tCv1 HTTP/1.1" 200 31032
172.22.2.4 - - [28/Oct/2023:00:14:45 -0500] "HEAD /BLA/boletinlegal/ HTTP/1.1" 200 -
201.245.192.253 - - [28/Oct/2023:00:16:51 -0500] "POST /kwsrmcab/Wsrmcab HTTP/1.1" 200 40213
201.245.192.253 - - [28/Oct/2023:00:16:54 -0500] "POST /kwsrmcab/Wsrmcab HTTP/1.1" 200 38641
172.22.2.4 - - [28/Oct/2023:00:15:36 -0500] "GET /BLA/boletinlegal/ HTTP/1.1" 200 60331
159.69.179.16 - - [28/Oct/2023:00:18:25 -0500] "GET / HTTP/1.1" 200 319
159.69.179.16 - - [28/Oct/2023:00:18:26 -0500] "GET / HTTP/1.1" 200 4720
216.245.221.92 - - [28/Oct/2023:00:18:33 -0500] "HEAD / HTTP/1.1" 200 -
201.245.192.253 - - [28/Oct/2023:00:19:33 -0500] "POST /kwsrmcab/Wsrmcab  HTTP/1.1" 200 40654
52.167.144.25 - - [28/Oct/2023:00:19:58 -0500] "GET /BLA/resoluciones/AUTOS%202022/3230.pdf HTTP/1.1" 304 -
201.245.192.253 - - [28/Oct/2023:00:19:57 -0500] "POST /kwsrmcab/Wsrmcab HTTP/1.1" 200 40213
201.245.192.253 - - [28/Oct/2023:00:20:01 -0500] "POST /kwsrmcab/Wsrmcab HTTP/1.1" 200 38641
45.156.128.2 - - [28/Oct/2023:00:21:36 -0500] "GET / HTTP/1.1" 200 319
45.156.128.2 - - [28/Oct/2023:00:22:08 -0500] "GET /admin/ HTTP/1.1" 404 1018
45.156.128.2 - - [28/Oct/2023:00:22:08 -0500] "GET /cgi-bin/authLogin.cgi HTTP/1.1" 404 1018
172.22.2.4 - - [28/Oct/2023:00:20:35 -0500] "HEAD /BLA/boletinlegal/ HTTP/1.1" 200 -
207.46.13.150 - - [28/Oct/2023:00:22:38 -0500] "GET /BLA/resoluciones/AUTOS%202023/3225.pdf HTTP/1.1" 200 346080
45.156.128.2 - - [28/Oct/2023:00:22:40 -0500] "GET /sugar_version.json HTTP/1.1" 404 1018
66.249.66.20 - - [28/Oct/2023:00:23:01 -0500] "GET /BLA/resoluciones/AUTOS%202007/0428.pdf HTTP/1.1" 200 120042
66.249.66.21 - - [28/Oct/2023:00:23:01 -0500] "GET /pdc/actos/319.pdf HTTP/1.1" 200 608942
66.249.66.20 - - [28/Oct/2023:00:23:02 -0500] "GET /BLA/resoluciones/AUTOS%202014/0710.pdf HTTP/1.1" 200 573483
66.249.66.19 - - [28/Oct/2023:00:23:02 -0500] "GET /BLA/resoluciones/RESOLUCIONES%202010/2161.pdf HTTP/1.1" 200 511134
66.249.66.19 - - [28/Oct/2023:00:23:05 -0500] "GET /BLA/resoluciones/AUTOS%202014/2380.pdf HTTP/1.1" 200 205235
172.22.2.4 - - [28/Oct/2023:00:21:26 -0500] "GET /BLA/boletinlegal/ HTTP/1.1" 200 57957
45.156.128.2 - - [28/Oct/2023:00:23:07 -0500] "GET /webfig/ HTTP/1.1" 404 1018
216.245.221.92 - - [28/Oct/2023:00:23:33 -0500] "HEAD / HTTP/1.1" 200 -
45.156.128.2 - - [28/Oct/2023:00:23:37 -0500] "HEAD /icons/sphere1.png HTTP/1.1" 200 -
45.156.128.2 - - [28/Oct/2023:00:23:37 -0500] "HEAD /icons/.%%32%65/.%%32%65/apache2/icons/non-existant-image.png HTTP/1.1" 400 -
45.156.128.2 - - [28/Oct/2023:00:23:37 -0500] "HEAD /icons/.%%32%65/.%%32%65/apache2/icons/sphere1.png HTTP/1.1" 400 -
45.156.128.2 - - [28/Oct/2023:00:23:38 -0500] "HEAD /icons/.%2e/%2e%2e/apache2/icons/sphere1.png HTTP/1.1" 400 -
45.156.128.2 - - [28/Oct/2023:00:23:38 -0500] "GET /favicon-32x32.png HTTP/1.1" 404 1018
45.156.128.2 - - [28/Oct/2023:00:23:39 -0500] "GET /api/session/properties HTTP/1.1" 404 1018
167.0.132.84 - - [28/Oct/2023:00:24:05 -0500] "OPTIONS /kwssiamovil/sm/setfile/f? HTTP/1.1" 200 13
45.156.128.2 - - [28/Oct/2023:00:24:05 -0500] "GET /favicon.ico HTTP/1.1" 200 7782
167.0.132.84 - - [28/Oct/2023:00:24:05 -0500] "POST /kwssiamovil/sm/setfile/f? HTTP/1.1" 200 381
167.0.132.84 - - [28/Oct/2023:00:24:09 -0500] "OPTIONS /kwssiamovil/sm/setfile/f? HTTP/1.1" 200 13
207.46.13.36 - - [28/Oct/2023:00:24:09 -0500] "GET /BLA/resoluciones/AUTOS%202023/3169.pdf HTTP/1.1" 200 788422
167.0.132.84 - - [28/Oct/2023:00:24:09 -0500] "POST /kwssiamovil/sm/setfile/f? HTTP/1.1" 200 381
167.0.132.84 - - [28/Oct/2023:00:24:12 -0500] "OPTIONS /kwssiamovil/sm/setfile/f? HTTP/1.1" 200 13
167.0.132.84 - - [28/Oct/2023:00:24:12 -0500] "POST /kwssiamovil/sm/setfile/f? HTTP/1.1" 200 381
167.0.132.84 - - [28/Oct/2023:00:24:21 -0500] "GET /kwssiamovil/sm/acme/a?s=U2FsdGVkX18qBIcjfI6vgTB+EAmWRvdws29jt1CGz7dYTgYYTNrul7b29IqMDg+TWfbb8D09/9w01txVo46LHFveKYZ4p6Z2you32KmRZWyaQFUCGBs83pAxL/+/udfZwzxrYyBT0+Ly20S0O3LW1ttgkKeNhvR51BnzDGmf/egtSHrFpbb6n7RRvNbT0mP1qN3SPO3WWBlaz44mdZQg2ogkczB85q47XgWXWSmtqTj8Ike6jPL/gSZWKekRkf2dX3YmpGt23eQCztTuXIvnIQ==&u=U2FsdGVkX1+OlyqFeutgBnVTBnQl3spAfogDDzJHq88=&y=U2FsdGVkX18FfKMhYeHpwivOB/ow0m6jC9vwdYkHsjuYaDlOGMpc1PmEnOoxEQzs HTTP/1.1" 200 26
167.0.132.84 - - [28/Oct/2023:00:24:23 -0500] "GET /kwssiamovil/sm/acme/a?s=U2FsdGVkX1/EG7LtvvCFxadyeNoSflP/8dixG/Lv/SazOgkd6hM36+fqiUJZtBlDRgJC/QAbtw5/Mm7YsIB2aF9QS8N+tKp4PN30scXnMQ4bOhSpaThVWlLN32Zr6Qhm3blQfHFYtYc67Hs3v9tOlwlcUtfb2nATVdqOfsuMQtF9Qc4kgekvRVr+3YPsINQZblvp6yvrLkREhPyjKVCdlz6huj5nYoAs9nfLYtlqHNbNKLk+RUc8wRk9XosN88WCY7vE6B2BjU6Zm7wOjnLFcc2IIxfT4h6tKMCvI/Ys8VtxmnwVPDaNHkK9atbM5k/qAbplfuh6JAqf49EExAjYoHD3kKbUw/bj4+XJTdukLK5WtJwLIFridm9S5LlU5gerzM0JcpMHIAIV93AJQOAp4PeJRiFTQQ/XTXqfq5xijHMu7qBaWbbxZMEwnPplXNBClRdZiyMKVCaF51vuV3IRrW38SyUs1R/75b43QiNqkSbm02sh1eEnpshSkUi03tzMdvOFRQLL38qZB7SysWHldm7NJd/HyUc8uK7jxfhBOQQNV4SgYXlZY+Lpim0PRORfisx3a2GhbiHLnCv+vE5Zl4WsoCCYGUJe9jgwmW93eHEv1feaE37ntpQ05scbGeQPMCErQImvg5Ssa+tBMPq1481cH/HOpZGKJ4cNogtGruG8/y13x9QTET4eO56Fa1dnD1pedipsmu4VJrQdRbZkNsXcs87CvbEMqobqnj9ckr3duYLYsvcx9NVNVWG+HADZZ8PN4i6cfFakJq80oLiY6xoNM0n9RCgZYgVo6277Kg1TEVXRsbpJjezlRJPsNrkVCxnwgsE7eHstHPELSStdqAQOF02zXDmPjt7fphNHNwiouGWcpXNRSo7EoO+wUhaJ3U0nXI5M4zBDEAtUXD3070DMZ86PH3OWH4NLtVmbLc9gWmnVOcm5CF/nVipEZSze+NIotxjooKtUg2hPKjdRCQuB9UvM/ucHHJfnAq7hk9t72SGxXXGiV4L89WQfVsJkpW7CChL8cW5vYCmzk2/Z5VLjIs8hEAO6rrXM9PjkRdLLG7ySAoMKkK8uMnigvXlVYc0ltDY+CmmblEvYg2+RAdQcutY/VmawxTkcwJuvX7DY3e7CvsURE6JSZipF7VTGhKxtRxO9nXScag0YZI99+dUIhukpkWDL5gT2qA4OU2WXVZ4AHIQB3S1WfMaTZBhUHZ9R3t8K+2h7BtV9IwgSXM5obG/RNuso2m+eU4gYvzCQZHjRaIhC4722WmAxoeSoMhW+rFtJdNO8lx8eD8BjplfxX57/NyjtIP+2M5BspfMXKO3bwCKh75Gi82ODFA/aPhlNg5zDgWLpuItLfJT5hdvIg4mq1wWwNFf6AVeU3wsYDKiUOO5v0wAG/F3ypNk0z30PuCuP09HqUlV1iZ2s7Uf+lCKYLCqTvF1DhmEKvUkuXDdFmtwg2ImMt35ZeA9fmNZ8SvSKEGD2NnXo//y7MnUAjgb308arxMaPRPSJo3PZRi/45eOXmUaIPqPHU8oaRC6MQXpewQsJaiYqfJtBcRsZ1S+gdKlz4Vw2g2xyaXgajmGkWJtATSRP4w21kc5h6+kaWBNgnh6JZoXYSPS/fFLmBjMM8n90On0rvsB4xPMbCbhORoA8bers4gs3NidBI2cdG8oTLMEas/oEXslgs9D5po7vPmH8M5l9AvOLw0qsgdAtv9G9ngp3NnOYXqZWdQlJMZzvm3n8TWAL4sVqtpxMuyAkGk9fwmnXBvwNtWNZGW57aUmUNz6Vtp5Xm7y5wcHtpqwIsNe3MFCrTl3Kt7FyI2bZKH3IRxKdyZ9HoyYeIz1tZcqJwXHsXC+L1+pB6Y3JaPDyylj16VdQNUyJPZdgZ+EZscXP68emstWW6NFXeVQZ/rGt5fvP3r3GC37QDzitWMqno5tmm5TQlOVqZM0nzcF7O4i0pTyyerWinvfRPmjQ7Y4D6L1uZr2kWjviy7wx94YwJ8yTCepogoi4C1wNMRsT4Z/FT6oFJEesvDPf1LbiBww96dNLxpipytWLcZgNc4TYeXr14VUQd4xlTWH2t9Bqsmmq01mtsL73DKEQuA+OgfCLhUx5BD/TAI9wEMc0bEo92al7gIaMTZW5uZlSiN+/1i4qLUIiqHzEu+dt8V20xF+n8Y47rv9hAVAR1mt3M3z3uYU6zAhndwLjF2r/T5XaXvI6y+2q/c31oPSK1bugQ2XtjoJ/DoD6da6MUbLZDZrPQ4APXcZ61nmk5eI8Pr+xxTaaKAo1n/+SrNtEiOg89ptXh2+l+zIXz3sJ4G5xGbeoPGAFaXuUaNEVmrRyI5KhxfMlKaVbRjh2Gn+D/jqsMHCtUd+/h0bd+VzC3qX+xOrWGXRCCJtVKC8n2yqR4+tg1CYhWNe3sqI64nUdegfXDCnOscQxE2bU2NlBj3xkohwtavb9mFseMdz/kWMiffbGFN2L7fsj2yjD80s8DxedbAFV2AfnMRbC0Ri3yWfgZDqLFwbImsuSW20GwQh9HW6SezJMT6Oca08ey55ZNttboaHKgimkXgkUCBr9+Wc5JbzWlW3ztv/D+WSwg1zakOqrgBBIJfn/oq2tDKl8bauFuDnGQ61hXikX5DDGMS9A+NyMPckFcy10U3yefcxYN+jt/WWy81XAE3tal6SmRiCwvXGcgG9qSkQgMTrKP0CeXPZmQ30x60zLmxxtjm1Cc6LFGUpcRD4dX9b/t6Hz+8LsFLbcXzF+DvuAjS0MxqAn04Zzj90i15mg7Gec6zUcLWY0oE2/FzpBpm6dNWQRWeBP4/0Qdz0vT8EOJXGgVA9wiTe5Jo2PaSNh/Odz9fjQ20vuQop5KR8Q1ky8PFRCUvTbjDKK3+uA89ZEvJP0FsivQCnk+zw4wOOfeZYXQjKEOXUb9MrSJD0tC0isZ1dHDMQ77Gw3Tu7vOea686p/LmjusG+AdYhe2DsYJHaywti+BD/iuOcllOMPBkgf0G6VegOJiZLHAjQEr0V0Tes9nWQ1OSI/5qOmVVUanODiMpf//br11OhpkR6Kt7PZCUOAmbBxB0Ogbj1fhQSydC0+p5Ay+acSO25X5MPu5V+pGHJKXX38xlBhyWP7WU7H2dWHQG1joPq1nyDSbSPMDbKnDb2ooqPHfnRBaYXmVYIpcG6SM714fueRQbHq+z8SFTf2hSC1OlxY//XN8p79rWay+z75g3TTHljGdOxGhvWknYs7k1labFdXma3diIQeLfmUMlToJT1d+YQUYbdsLCpE8adIOczBOSauPi4JrXqmd96Y3J9b89LvETHny8WQvVGS18ySPPyCxsz+fGj/IxDj98aU0NPmR/EGjhrC07YiqW3Of2Txo/vwc9jcaOQEBQsW5Oa2mXrBpNIL9w/QfrNogH9E6Wo+irxOLmQQo5/fbQp1WpoJefcvrRH4BiUyy8yaW/KSxJs4+l/ZSTDlkABBF39nfQBBARyFk5nk2py/GR1s84WMKTquWc+7BT1PFgWDvgXAIdDrSt3S0OcD52Qm&u=U2FsdGVkX1+OlyqFeutgBnVTBnQl3spAfogDDzJHq88=&y=U2FsdGVkX18FfKMhYeHpwivOB/ow0m6jC9vwdYkHsjuYaDlOGMpc1PmEnOoxEQzs HTTP/1.1" 200 26
167.0.132.84 - - [28/Oct/2023:00:24:23 -0500] "GET /kwssiamovil/sm/acme/a?s=U2FsdGVkX18Twczsir6s1+A9/UkAl7xStrMs+RpxBRYXtlaZ/w+nSnu27GqjW65EDcgyKaVOv7rpyZtD60p1jP/3/y8G3qo/BpRJlr6vY2eLcKzK70HfmyHJy3EPdqskoKRncS7lXbIn4PP7CLZ4ZVLviRIdFtSFUrwrxJ1znQQ=&u=U2FsdGVkX1+OlyqFeutgBnVTBnQl3spAfogDDzJHq88=&y=U2FsdGVkX18FfKMhYeHpwivOB/ow0m6jC9vwdYkHsjuYaDlOGMpc1PmEnOoxEQzs HTTP/1.1" 200 26
167.0.132.84 - - [28/Oct/2023:00:24:23 -0500] "GET /kwssiamovil/sm/acme/a?s=U2FsdGVkX1+3hTA0RR+YXU+ssLYRhpsZjDyK/alFuHXuIBAqBZdXp/2umk8gO//X6lO7nU41NYuBFbaZ9EtmVUYCPw2LKEl7kXwOppcQIo2hlCHNahp0weKt3wQMcQml6SUo04PyXLB2D4SJ0ADLnZ473cKl1PKO5B+nwUf4t9s=&u=U2FsdGVkX1+OlyqFeutgBnVTBnQl3spAfogDDzJHq88=&y=U2FsdGVkX18FfKMhYeHpwivOB/ow0m6jC9vwdYkHsjuYaDlOGMpc1PmEnOoxEQzs HTTP/1.1" 200 26
167.0.132.84 - - [28/Oct/2023:00:24:24 -0500] "GET /kwssiamovil/sm/acme/a?s=U2FsdGVkX1+77tiO7J7ZYIHxuo6AvinjZaFex8gm6nWQDBVv7PHi5mEvecZVGYBUa7xeJkFYUlGtIsBZBpLs1SqQz9Va1ighcz2bvP36KfqWYQB18sc+ZgfetDwAB2Brg2+rS2osCSEsEo0OpbTE3uaKPBxIGm8knXQtVtajJQk=&u=U2FsdGVkX1+OlyqFeutgBnVTBnQl3spAfogDDzJHq88=&y=U2FsdGVkX18FfKMhYeHpwivOB/ow0m6jC9vwdYkHsjuYaDlOGMpc1PmEnOoxEQzs HTTP/1.1" 200 26
167.0.132.84 - - [28/Oct/2023:00:24:24 -0500] "GET /kwssiamovil/sm/acme/a?s=U2FsdGVkX19FEaQuOT+P1pUSGoG660P0tOvxcMMFlxwmbhiw77poA4/BUY3+NglmAGZuCEBYMIwpCH/x+Y27gUSpXwziV4/y6VthAtN1t75OpeXLqmHEaGVFe5mmUxiBbtGPxDQKQ2tZIJxx0/liSK9wB0w4S8qR6GmKqGS/teWf1ayrSLb++MMyK5TssNGD&u=U2FsdGVkX1+OlyqFeutgBnVTBnQl3spAfogDDzJHq88=&y=U2FsdGVkX18FfKMhYeHpwivOB/ow0m6jC9vwdYkHsjuYaDlOGMpc1PmEnOoxEQzs HTTP/1.1" 200 26
167.0.132.84 - - [28/Oct/2023:00:24:24 -0500] "GET /kwssiamovil/sm/acme/a?s=U2FsdGVkX1+tFdGBzeu1kQPyWotw1SHo+4VdZgNAmIReV/nVq8lK2L6iHGrLilgzC/UqkhxtcD13gua+zAceAqmKbWEzhY/6A/zmqCq2I++B0X44Jj0akUOYsjsM5Lhi2fDhinbpnTHsFFRtKawi1v0oM0/Vp6uGChDvr1cT93zOUgYzQgxuShJ1+0M62aYms33WVavl5L2Vi7xwp4B6bg==&u=U2FsdGVkX1+OlyqFeutgBnVTBnQl3spAfogDDzJHq88=&y=U2FsdGVkX18FfKMhYeHpwivOB/ow0m6jC9vwdYkHsjuYaDlOGMpc1PmEnOoxEQzs HTTP/1.1" 200 26
167.0.132.84 - - [28/Oct/2023:00:24:24 -0500] "GET /kwssiamovil/sm/acme/a?s=U2FsdGVkX19INbxI0WjcdQu6Roa/gZiZP8B1uQUzla9Ud9fW0/ErhwkDur1ISOAkJJy8MYjKiF+aMj5/YtIbW3Ak6dB3T6PDsZMab8dT4uQyN8M92+GYPnV8ILvs7xzCC2y6Y59LgJVSnL0nTReqYSJCx5rApdfs3EMScOzEokAj05QOCuNJa9v0CZcDDosf72rnw/cEvSFxbczi8ovj+NAI7SloGxngorHX6KY9gkLYXBV5DeVWgXTBdB55NerqaHvXEv/XJ7iMWmTNENpVLT0nH8NwLhtleH9K4fx9Q2TaenwaZ6P/gV0yBt08F8C0+zAJiKsLutTYVwd89bY6qKhOwWLbyKibjxH+ulMn9HAnsvzs27tj93sgWVxAbVRj9S/8zslp+TXd1qeXuax6Rvom7b85vwd9xAVxlfJbotqDcDuPBkDPzOQ/m3wt1Jy4qXeobyR+ttrO/N1GlZ/f7uDySfLsH1my5T5x+tM5oAWeRAJ9zowgFMs96CWUbANBqsPtnqIRhvlUjrfMdCBqfc+VbBa83GweKxnNKSS0etkIpLY0IIJ3nuFW1UXdGCY5&u=U2FsdGVkX1+OlyqFeutgBnVTBnQl3spAfogDDzJHq88=&y=U2FsdGVkX18FfKMhYeHpwivOB/ow0m6jC9vwdYkHsjuYaDlOGMpc1PmEnOoxEQzs HTTP/1.1" 200 25
167.0.132.84 - - [28/Oct/2023:00:24:25 -0500] "GET /kwssiamovil/sm/acme/a?s=U2FsdGVkX18GSmzdXDScPXOHKFdPpaU0V1erYGXrtXUO59jNWddun1yOIVGkbHoCDWhEdq1+t2XYeeoN3kYq7x+uI005BPDp6HDrPpFeOxE1jNg9g1CtJh83EjAr4eAGX4GhFsk6LoFMPBgD0Nyy7vWUlIpDy/8bUO6zng1yr9Jj6UVxPG3YtnN1+l7XJ1Be&u=U2FsdGVkX1+OlyqFeutgBnVTBnQl3spAfogDDzJHq88=&y=U2FsdGVkX18FfKMhYeHpwivOB/ow0m6jC9vwdYkHsjuYaDlOGMpc1PmEnOoxEQzs HTTP/1.1" 200 26
167.0.132.84 - - [28/Oct/2023:00:24:25 -0500] "GET /kwssiamovil/sm/acme/a?s=U2FsdGVkX1/iye3DeXGYFMxobY1iuNgLuvjddVinaZBgzLDlwSHanRnYGMts/aEH8rjTcPaspQVtkQnf0qwDurN05WQQ4Ld4zREUMBmSYyL0ckqy0lmsICeHyPxSVfDTDq/OIIMS68nNneGp7en9of8sxrIi3+SXvk2Zf/+hQ0J3pgJhA5zVteOdN0ONo5vkKhlFDRLhQRFevQdrAwO4y25oW6+OUaRY0V5tPHaHlgBzVaaRTTHoA7D7Mb0QQz0XDdJnPfTmh5hx4cX6chXrhmR01qwFFvIw2Usk8rNezc+xekP3wG1ahKDoCVrBB3Q3qWrHBY2pXYWK+rivx+bLbIT15Iulj4/R6sMQZB11FslcNtNJu0m1lkr2b2pXdKxaFXZdaSjpcijHgyz351/N7wKq/yjwFwWwHPD08lXRYL7R8DiuOlfbceh188G4Ksjj+CM8X6XQ1i5H3opZOIUBtF7l8AvbeWZBuZ7/jl3H35Tt3M+XXqH8tHc9L1Oice5XC/sj4P/fAfbUtTsTrBUQvbE0G0cWA2HeuKiYvPHnqJM=&u=U2FsdGVkX1+OlyqFeutgBnVTBnQl3spAfogDDzJHq88=&y=U2FsdGVkX18FfKMhYeHpwivOB/ow0m6jC9vwdYkHsjuYaDlOGMpc1PmEnOoxEQzs HTTP/1.1" 200 25
167.0.132.84 - - [28/Oct/2023:00:24:25 -0500] "GET /kwssiamovil/sm/acme/a?s=U2FsdGVkX18TSTtR2fJv/WHWCqiYzQhHcpOT7kC0ZIXza237/EW3mRcEk/4OICSSGSqGwf2Mn9fXKAxo0+95o+qakS8pi8pT0hC/ONLwb7GUBeo6At99WYcugxOgBuBRFc1uSbuByyt9qkS6gBzTJ6bSvF/u27rWSDxmsHR1n32u/oNHaNbym3Nl66mravzP07bdCmfR4Brkk58Q9dTdPQ==&u=U2FsdGVkX1+OlyqFeutgBnVTBnQl3spAfogDDzJHq88=&y=U2FsdGVkX18FfKMhYeHpwivOB/ow0m6jC9vwdYkHsjuYaDlOGMpc1PmEnOoxEQzs HTTP/1.1" 200 26
167.0.132.84 - - [28/Oct/2023:00:24:25 -0500] "GET /kwssiamovil/sm/acme/a?s=U2FsdGVkX1/zl6j+T/0E5uQvffD2xStJJdaFgCpPBeO+5y4c3wfgkhI502rjiiNiiNd7cFQEmku5DduvmwO/beNQOmfiUj6xs84tyK+jJLi7BDJzkW+Wa8cKAQYFYK4OZl4myYS4B0G9TR8N5yU1wFFIVYZRoBOjzpzidCXIEGY1aGqnVgltC+QuNr3XnUUV&u=U2FsdGVkX1+OlyqFeutgBnVTBnQl3spAfogDDzJHq88=&y=U2FsdGVkX18FfKMhYeHpwivOB/ow0m6jC9vwdYkHsjuYaDlOGMpc1PmEnOoxEQzs HTTP/1.1" 200 26
45.156.128.2 - - [28/Oct/2023:00:24:32 -0500] "GET /solr/ HTTP/1.1" 404 1018
201.245.192.253 - - [28/Oct/2023:00:24:32 -0500] "POST /kwsrmcab/Wsrmcab  HTTP/1.1" 200 40654
45.156.128.2 - - [28/Oct/2023:00:25:01 -0500] "GET /favicon.ico HTTP/1.1" 200 7782
45.156.128.2 - - [28/Oct/2023:00:25:02 -0500] "GET /showLogin.cc HTTP/1.1" 404 1018
45.156.128.2 - - [28/Oct/2023:00:25:31 -0500] "GET /cf_scripts/scripts/ajax/ckeditor/ckeditor.js HTTP/1.1" 404 1018
152.61.128.50 - - [28/Oct/2023:00:25:44 -0500] "GET / HTTP/1.1" 200 319
45.156.128.2 - - [28/Oct/2023:00:25:57 -0500] "GET /static/historypage.js HTTP/1.1" 404 1018
45.156.128.2 - - [28/Oct/2023:00:26:27 -0500] "GET / HTTP/1.1" 200 319
162.55.171.94 - - [28/Oct/2023:00:26:27 -0500] "GET / HTTP/1.1" 200 4720
45.156.128.2 - - [28/Oct/2023:00:26:27 -0500] "GET / HTTP/1.1" 200 319
45.156.128.2 - - [28/Oct/2023:00:26:27 -0500] "GET / HTTP/1.1" 200 319
45.156.128.2 - - [28/Oct/2023:00:26:28 -0500] "GET /Telerik.Web.UI.WebResource.axd?type=rau HTTP/1.1" 404 1018
162.55.171.94 - - [28/Oct/2023:00:26:29 -0500] "GET / HTTP/1.1" 200 319
52.167.144.205 - - [28/Oct/2023:00:26:48 -0500] "GET /BLA/resoluciones/AUTOS%202023/3301.pdf HTTP/1.1" 200 949416
201.245.192.253 - - [28/Oct/2023:00:26:51 -0500] "POST /kwsrmcab/Wsrmcab HTTP/1.1" 200 40213
201.245.192.253 - - [28/Oct/2023:00:26:53 -0500] "POST /kwsrmcab/Wsrmcab HTTP/1.1" 200 38641
172.22.2.4 - - [28/Oct/2023:00:26:25 -0500] "HEAD /BLA/boletinlegal/ HTTP/1.1" 200 -
216.245.221.92 - - [28/Oct/2023:00:28:33 -0500] "HEAD / HTTP/1.1" 200 -
172.22.2.4 - - [28/Oct/2023:00:27:16 -0500] "GET /BLA/boletinlegal/ HTTP/1.1" 200 60682
201.245.192.253 - - [28/Oct/2023:00:29:31 -0500] "POST /kwsrmcab/Wsrmcab  HTTP/1.1" 200 40654
201.245.192.253 - - [28/Oct/2023:00:29:57 -0500] "POST /kwsrmcab/Wsrmcab HTTP/1.1" 200 40213
201.245.192.253 - - [28/Oct/2023:00:30:00 -0500] "POST /kwsrmcab/Wsrmcab HTTP/1.1" 200 38641
52.167.144.205 - - [28/Oct/2023:00:32:59 -0500] "GET /bla/resoluciones/notificaciones/autos%202017/05161.pdf HTTP/1.1" 200 337741
66.249.66.20 - - [28/Oct/2023:00:33:30 -0500] "GET /BLA/resoluciones/RESOLUCIONES%202007/RES%202007%202801%20AL%202900/RESOLUCION%202873%20DE%202007.pdf HTTP/1.1" 200 351498
216.245.221.92 - - [28/Oct/2023:00:33:33 -0500] "HEAD / HTTP/1.1" 200 -
172.22.2.4 - - [28/Oct/2023:00:32:15 -0500] "HEAD /BLA/boletinlegal/ HTTP/1.1" 200 -
52.167.144.205 - - [28/Oct/2023:00:34:19 -0500] "GET /BLA/resoluciones/RESOLUCIONES%202022/0173.pdf HTTP/1.1" 200 426684
201.245.192.253 - - [28/Oct/2023:00:34:30 -0500] "POST /kwsrmcab/Wsrmcab  HTTP/1.1" 200 40654
172.22.2.4 - - [28/Oct/2023:00:33:06 -0500] "GET /BLA/boletinlegal/ HTTP/1.1" 200 60682
138.117.85.171 - - [28/Oct/2023:00:35:22 -0500] "GET /BLA/resoluciones/index.php HTTP/1.1" 200 13696
138.117.85.171 - - [28/Oct/2023:00:35:31 -0500] "GET /BLA/resoluciones/index.php?dir=AUTOS+2023%2F HTTP/1.1" 200 385584
52.167.144.171 - - [28/Oct/2023:00:36:25 -0500] "GET /bla/resoluciones/autos%202010/5555.pdf HTTP/1.1" 200 360172
52.167.144.171 - - [28/Oct/2023:00:36:26 -0500] "GET /BLA/resoluciones/AUTOS%202023/5135.pdf HTTP/1.1" 200 820924
52.167.144.171 - - [28/Oct/2023:00:36:29 -0500] "GET /BLA/resoluciones/AUTOS%202023/5171.pdf HTTP/1.1" 200 452541
201.245.192.253 - - [28/Oct/2023:00:36:51 -0500] "POST /kwsrmcab/Wsrmcab HTTP/1.1" 200 40213
201.245.192.253 - - [28/Oct/2023:00:36:54 -0500] "POST /kwsrmcab/Wsrmcab HTTP/1.1" 200 38641
52.167.144.171 - - [28/Oct/2023:00:37:05 -0500] "GET /forest/ HTTP/1.1" 200 12041
216.245.221.92 - - [28/Oct/2023:00:38:33 -0500] "HEAD / HTTP/1.1" 200 -
201.245.192.253 - - [28/Oct/2023:00:39:29 -0500] "POST /kwsrmcab/Wsrmcab  HTTP/1.1" 200 40654
172.22.2.4 - - [28/Oct/2023:00:38:05 -0500] "HEAD /BLA/boletinlegal/ HTTP/1.1" 200 -
201.245.192.253 - - [28/Oct/2023:00:39:58 -0500] "POST /kwsrmcab/Wsrmcab HTTP/1.1" 200 40213
201.245.192.253 - - [28/Oct/2023:00:40:00 -0500] "POST /kwsrmcab/Wsrmcab HTTP/1.1" 200 38641
172.22.2.4 - - [28/Oct/2023:00:38:56 -0500] "GET /BLA/boletinlegal/ HTTP/1.1" 200 60682
114.119.150.239 - - [28/Oct/2023:00:40:58 -0500] "GET /BLA/resoluciones/index.php?dir=AUTOS%2B2008/&sort=size&order=desc HTTP/1.1" 200 13881
52.167.144.228 - - [28/Oct/2023:00:41:19 -0500] "GET /bla/resoluciones/resoluciones%202012/1898.pdf HTTP/1.1" 200 2832821
157.55.39.6 - - [28/Oct/2023:00:42:17 -0500] "GET /BLA/resoluciones/AUTOS%202023/3372.pdf HTTP/1.1" 200 2106322
52.167.144.171 - - [28/Oct/2023:00:42:27 -0500] "GET /BLA/resoluciones/AUTOS%202023/5234.pdf HTTP/1.1" 200 984382
66.249.66.20 - - [28/Oct/2023:00:42:29 -0500] "GET /BLA/resoluciones/AUTOS%202011/6441.pdf HTTP/1.1" 200 102003
216.245.221.92 - - [28/Oct/2023:00:43:33 -0500] "HEAD / HTTP/1.1" 200 -
186.29.148.8 - - [28/Oct/2023:00:43:48 -0500] "GET /BLA/resoluciones/index.php?dir=AUTOS+2022%2F HTTP/1.1" 200 507811
201.245.192.253 - - [28/Oct/2023:00:44:28 -0500] "POST /kwsrmcab/Wsrmcab  HTTP/1.1" 200 40654
172.22.2.4 - - [28/Oct/2023:00:43:55 -0500] "HEAD /BLA/boletinlegal/ HTTP/1.1" 200 -
172.22.2.4 - - [28/Oct/2023:00:44:46 -0500] "GET /BLA/boletinlegal/ HTTP/1.1" 200 60682
66.249.66.21 - - [28/Oct/2023:00:47:42 -0500] "GET /BLA/resoluciones/AUTOS%202013/3503.pdf HTTP/1.1" 200 491229
152.61.192.232 - - [28/Oct/2023:00:47:49 -0500] "GET /arcgis/services/Calidad_del_Agua_WQI/MapServer/WMSServer?request=GetCapabilities&service=WMS HTTP/1.1" 503 1020
152.61.192.232 - - [28/Oct/2023:00:47:50 -0500] "GET /arcgis/services/Calidad_del_Agua_WQI/MapServer/WMSServer?SERVICE=WMS&REQUEST=GetCapabilities HTTP/1.1" 503 1020
152.61.192.232 - - [28/Oct/2023:00:47:50 -0500] "GET /arcgis/services/Calidad_del_Agua_WQI/MapServer/WMSServer?WMTVER=1.0.0&REQUEST=capabilities HTTP/1.1" 503 1020
172.22.2.4 - - [28/Oct/2023:00:48:04 -0500] "GET /BLA/boletinlegal/robots.txt HTTP/1.1" 404 1038
52.25.208.208 - - [28/Oct/2023:00:48:05 -0500] "GET /robots.txt HTTP/1.1" 404 1034
52.25.208.208 - - [28/Oct/2023:00:48:13 -0500] "GET /robots.txt HTTP/1.1" 404 1035
172.22.2.4 - - [28/Oct/2023:00:48:20 -0500] "GET /BLA/boletinlegal/robots.txt HTTP/1.1" 404 1038
172.22.2.4 - - [28/Oct/2023:00:48:29 -0500] "GET /BLA/boletinlegal/actos.php HTTP/1.1" 200 9682
216.245.221.92 - - [28/Oct/2023:00:48:33 -0500] "HEAD / HTTP/1.1" 200 -
40.77.167.18 - - [28/Oct/2023:00:48:39 -0500] "GET /BLA/resoluciones/AUTOS%202023/2444.pdf HTTP/1.1" 200 329257
201.245.192.253 - - [28/Oct/2023:00:49:28 -0500] "POST /kwsrmcab/Wsrmcab  HTTP/1.1" 200 40654
172.22.2.4 - - [28/Oct/2023:00:48:21 -0500] "GET /BLA/boletinlegal/index.php HTTP/1.1" 200 61049
199.16.157.182 - - [28/Oct/2023:00:50:08 -0500] "GET /con-pinceles-y-acuarelas-veronica-martinez-protege-la-biodiversidad.html HTTP/1.1" 200 990
199.16.157.183 - - [28/Oct/2023:00:50:08 -0500] "GET /images/cronica-mujer-biodiveridad-30-noviembre.jpg HTTP/1.1" 200 63270
198.235.24.90 - - [28/Oct/2023:00:50:40 -0500] "GET / HTTP/1.0" 200 319
172.22.2.4 - - [28/Oct/2023:00:49:45 -0500] "HEAD /BLA/boletinlegal/ HTTP/1.1" 200 -
172.22.2.4 - - [28/Oct/2023:00:50:36 -0500] "GET /BLA/boletinlegal/ HTTP/1.1" 200 60682
216.245.221.92 - - [28/Oct/2023:00:53:33 -0500] "HEAD / HTTP/1.1" 200 -
201.245.192.253 - - [28/Oct/2023:00:54:27 -0500] "POST /kwsrmcab/Wsrmcab  HTTP/1.1" 200 40654
66.249.66.20 - - [28/Oct/2023:00:56:23 -0500] "GET /BLA/resoluciones/RESOLUCIONES%202009/1109.pdf HTTP/1.1" 200 287500
45.79.181.179 - - [28/Oct/2023:00:57:11 -0500] "\x16\x03\x01" 400 226
172.22.2.4 - - [28/Oct/2023:00:55:35 -0500] "HEAD /BLA/boletinlegal/ HTTP/1.1" 200 -
172.22.2.4 - - [28/Oct/2023:00:56:26 -0500] "GET /BLA/boletinlegal/ HTTP/1.1" 200 54352
216.245.221.92 - - [28/Oct/2023:00:58:33 -0500] "HEAD / HTTP/1.1" 200 -
201.245.192.253 - - [28/Oct/2023:00:59:25 -0500] "POST /kwsrmcab/Wsrmcab  HTTP/1.1" 200 40654
179.43.145.246 - - [28/Oct/2023:01:00:05 -0500] "GET /robots.txt HTTP/1.1" 404 1032
179.43.145.246 - - [28/Oct/2023:01:00:06 -0500] "GET /autodiscover/autodiscover.xml HTTP/1.1" 404 1032
179.43.145.246 - - [28/Oct/2023:01:00:07 -0500] "GET /owa HTTP/1.1" 404 1032
179.43.145.246 - - [28/Oct/2023:01:00:08 -0500] "GET / HTTP/1.1" 200 319
179.43.145.246 - - [28/Oct/2023:01:00:08 -0500] "GET /ews HTTP/1.1" 404 1032
207.46.13.17 - - [28/Oct/2023:01:00:37 -0500] "GET /BLA/resoluciones/AUTOS%202023/4041.pdf HTTP/1.1" 200 1879583
35.203.210.30 - - [28/Oct/2023:01:00:58 -0500] "GET / HTTP/1.1" 200 319
186.29.148.8 - - [28/Oct/2023:01:01:04 -0500] "GET /BLA/resoluciones/index.php?dir=AUTOS+2023%2F HTTP/1.1" 200 385584
66.249.66.20 - - [28/Oct/2023:01:01:19 -0500] "GET /BLA/resoluciones/AUTOS%202009/0021.pdf HTTP/1.1" 200 186346
172.22.2.4 - - [28/Oct/2023:01:01:19 -0500] "GET /BLA/boletinlegal/jurisprudencia/analisis/AnalisisC-035-16.docx HTTP/1.1" 200 25011
172.22.2.4 - - [28/Oct/2023:01:01:28 -0500] "GET /BLA/boletinlegal/ HTTP/1.1" 200 36811
52.167.144.139 - - [28/Oct/2023:01:02:42 -0500] "GET /BLA/resoluciones/AUTOS%202023/4170.pdf HTTP/1.1" 200 416480
172.22.2.4 - - [28/Oct/2023:01:01:25 -0500] "HEAD /BLA/boletinlegal/ HTTP/1.1" 200 -
216.245.221.92 - - [28/Oct/2023:01:03:33 -0500] "HEAD / HTTP/1.1" 200 -
66.249.66.21 - - [28/Oct/2023:01:03:45 -0500] "GET /BLA/resoluciones/RESOLUCIONES%202011/0299.pdf HTTP/1.1" 200 80163
172.22.2.4 - - [28/Oct/2023:01:02:16 -0500] "GET /BLA/boletinlegal/ HTTP/1.1" 200 53050
201.245.192.253 - - [28/Oct/2023:01:04:25 -0500] "POST /kwsrmcab/Wsrmcab  HTTP/1.1" 200 40654
172.22.2.4 - - [28/Oct/2023:01:04:05 -0500] "GET /BLA/boletinlegal/ HTTP/1.1" 200 24523
207.46.13.17 - - [28/Oct/2023:01:04:49 -0500] "GET /BLA/resoluciones/AUTOS%202023/3371.pdf HTTP/1.1" 200 2020218
157.55.39.55 - - [28/Oct/2023:01:06:40 -0500] "GET /BLA/resoluciones/AUTOS%202022/7545.pdf HTTP/1.1" 200 415528
64.124.8.41 - - [28/Oct/2023:01:07:59 -0500] "GET /portaldeninos/wp-content/uploads/2016/02/home_toy_studio1-80x80.jpg HTTP/1.1" 200 4697
64.124.8.41 - - [28/Oct/2023:01:08:13 -0500] "GET /portaldeninos/wp-content/uploads/2021/11/dibujos-concurso-vuelo-pajaro-relatos-27-mayo-1024x576.jpg HTTP/1.1" 304 -
216.245.221.92 - - [28/Oct/2023:01:08:33 -0500] "HEAD / HTTP/1.1" 200 -
172.22.2.4 - - [28/Oct/2023:01:07:15 -0500] "HEAD /BLA/boletinlegal/ HTTP/1.1" 200 -
201.245.192.253 - - [28/Oct/2023:01:09:24 -0500] "POST /kwsrmcab/Wsrmcab  HTTP/1.1" 200 40654
172.22.2.4 - - [28/Oct/2023:01:08:06 -0500] "GET /BLA/boletinlegal/ HTTP/1.1" 200 58309
66.249.66.21 - - [28/Oct/2023:01:09:55 -0500] "GET /BLA/resoluciones/RESOLUCIONES%202009/6117.pdf HTTP/1.1" 200 343602
66.249.66.165 - - [28/Oct/2023:01:10:58 -0500] "GET /portaldeninos/wp-includes/js/jquery/jquery.js?ver=1.12.4 HTTP/1.1" 200 97184
216.245.221.92 - - [28/Oct/2023:01:13:33 -0500] "HEAD / HTTP/1.1" 200 -
201.245.192.253 - - [28/Oct/2023:01:14:22 -0500] "POST /kwsrmcab/Wsrmcab  HTTP/1.1" 200 40654
172.22.2.4 - - [28/Oct/2023:01:13:05 -0500] "HEAD /BLA/boletinlegal/ HTTP/1.1" 200 -
172.22.2.4 - - [28/Oct/2023:01:13:56 -0500] "GET /BLA/boletinlegal/ HTTP/1.1" 200 53407
186.29.148.8 - - [28/Oct/2023:01:15:47 -0500] "GET /BLA/resoluciones/index.php?dir=AUTOS+2022%2F HTTP/1.1" 200 507811
201.245.192.253 - - [28/Oct/2023:01:16:51 -0500] "POST /kwsrmcab/Wsrmcab HTTP/1.1" 200 40048
201.245.192.253 - - [28/Oct/2023:01:16:54 -0500] "POST /kwsrmcab/Wsrmcab HTTP/1.1" 200 38486
52.167.144.23 - - [28/Oct/2023:01:17:36 -0500] "GET /bla/resoluciones/notificaciones/autos%202018/6781.pdf HTTP/1.1" 200 253165
52.167.144.23 - - [28/Oct/2023:01:17:37 -0500] "GET /BLA/resoluciones/AUTOS%202023/4967.pdf HTTP/1.1" 200 592569
172.22.2.4 - - [28/Oct/2023:01:18:31 -0500] "GET /BLA/boletinlegal/actos.php HTTP/1.1" 200 9682
216.245.221.92 - - [28/Oct/2023:01:18:33 -0500] "HEAD / HTTP/1.1" 200 -
201.245.192.253 - - [28/Oct/2023:01:19:22 -0500] "POST /kwsrmcab/Wsrmcab  HTTP/1.1" 200 40654
201.245.192.253 - - [28/Oct/2023:01:19:58 -0500] "POST /kwsrmcab/Wsrmcab HTTP/1.1" 200 40048
201.245.192.253 - - [28/Oct/2023:01:20:00 -0500] "POST /kwsrmcab/Wsrmcab HTTP/1.1" 200 38486
172.22.2.4 - - [28/Oct/2023:01:18:55 -0500] "HEAD /BLA/boletinlegal/ HTTP/1.1" 200 -
136.243.228.194 - - [28/Oct/2023:01:21:01 -0500] "GET /semana-bogota-reverdece-politica-publica-de-accion-climatica-es-una-realidad.html HTTP/1.1" 200 891
172.22.2.4 - - [28/Oct/2023:01:19:46 -0500] "GET /BLA/boletinlegal/ HTTP/1.1" 200 57957
40.77.167.132 - - [28/Oct/2023:01:21:43 -0500] "GET /BLA/resoluciones/AUTOS%202023/4028.pdf HTTP/1.1" 200 2054823
40.77.167.132 - - [28/Oct/2023:01:22:53 -0500] "GET /BLA/resoluciones/AUTOS%202023/4191.pdf HTTP/1.1" 200 413073
216.245.221.92 - - [28/Oct/2023:01:23:33 -0500] "HEAD / HTTP/1.1" 200 -
201.245.192.253 - - [28/Oct/2023:01:24:21 -0500] "POST /kwsrmcab/Wsrmcab  HTTP/1.1" 200 40654
152.61.128.50 - - [28/Oct/2023:01:24:33 -0500] "GET /arcgis/services/Calidad_del_Agua_WQI/MapServer/WMSServer?request=GetCapabilities&service=WMS HTTP/1.1" 503 1020
152.61.128.50 - - [28/Oct/2023:01:24:35 -0500] "GET /arcgis/services/Calidad_del_Agua_WQI/MapServer/WMSServer?SERVICE=WMS&REQUEST=GetCapabilities HTTP/1.1" 503 1020
152.61.128.50 - - [28/Oct/2023:01:24:35 -0500] "GET /arcgis/services/Calidad_del_Agua_WQI/MapServer/WMSServer?WMTVER=1.0.0&REQUEST=capabilities HTTP/1.1" 503 1020
172.22.2.4 - - [28/Oct/2023:01:24:45 -0500] "HEAD /BLA/boletinlegal/ HTTP/1.1" 200 -
201.245.192.253 - - [28/Oct/2023:01:26:50 -0500] "POST /kwsrmcab/Wsrmcab HTTP/1.1" 200 40048
201.245.192.253 - - [28/Oct/2023:01:26:53 -0500] "POST /kwsrmcab/Wsrmcab HTTP/1.1" 200 38486
172.22.2.4 - - [28/Oct/2023:01:25:36 -0500] "GET /BLA/boletinlegal/ HTTP/1.1" 200 57957
66.249.66.20 - - [28/Oct/2023:01:28:02 -0500] "GET /Residuos/cosmeticos/files/guia_cosmeticos-aseo.pdf HTTP/1.1" 304 -
216.245.221.92 - - [28/Oct/2023:01:28:33 -0500] "HEAD / HTTP/1.1" 200 -
157.55.39.200 - - [28/Oct/2023:01:28:58 -0500] "GET /BLA/resoluciones/AUTOS%202007/3347.pdf HTTP/1.1" 200 523763
114.119.130.167 - - [28/Oct/2023:01:29:04 -0500] "GET /BLA/resoluciones/index.php?dir=Notificaciones/RESOLUCIONES%2B2013/&sort=name&order=desc HTTP/1.1" 200 13964
201.245.192.253 - - [28/Oct/2023:01:29:20 -0500] "POST /kwsrmcab/Wsrmcab  HTTP/1.1" 200 40654
66.249.66.37 - - [28/Oct/2023:01:29:39 -0500] "GET /mas-de-70-aves-de-corral-y-de-especies-no-convencionales-encontraron-un-hogar.html HTTP/1.1" 304 -
17.241.219.245 - - [28/Oct/2023:01:29:54 -0500] "GET /dia-del-voluntariado-ambiental-secretaria-de-ambiente-reconoce-las-iniciativas-que-trabajan-por-el-cuidado-de-la-biodiversidad-en-bogota.html HTTP/1.1" 200 1026
201.245.192.253 - - [28/Oct/2023:01:29:57 -0500] "POST /kwsrmcab/Wsrmcab HTTP/1.1" 200 40048
201.245.192.253 - - [28/Oct/2023:01:30:00 -0500] "POST /kwsrmcab/Wsrmcab HTTP/1.1" 200 38486
52.167.144.204 - - [28/Oct/2023:01:31:33 -0500] "GET /BLA/resoluciones/AUTOS%202007/0412.pdf HTTP/1.1" 200 17083
172.22.2.4 - - [28/Oct/2023:01:30:35 -0500] "HEAD /BLA/boletinlegal/ HTTP/1.1" 200 -
172.22.2.4 - - [28/Oct/2023:01:31:26 -0500] "GET /BLA/boletinlegal/ HTTP/1.1" 200 60331
207.46.13.141 - - [28/Oct/2023:01:33:12 -0500] "GET /BLA/resoluciones/AUTOS%202023/0772.pdf HTTP/1.1" 200 448261
216.245.221.92 - - [28/Oct/2023:01:33:33 -0500] "HEAD / HTTP/1.1" 200 -
201.245.192.253 - - [28/Oct/2023:01:34:18 -0500] "POST /kwsrmcab/Wsrmcab  HTTP/1.1" 200 40654
201.245.192.253 - - [28/Oct/2023:01:36:50 -0500] "POST /kwsrmcab/Wsrmcab HTTP/1.1" 200 40048
201.245.192.253 - - [28/Oct/2023:01:36:54 -0500] "POST /kwsrmcab/Wsrmcab HTTP/1.1" 200 38486
172.22.2.4 - - [28/Oct/2023:01:36:25 -0500] "HEAD /BLA/boletinlegal/ HTTP/1.1" 200 -
216.245.221.92 - - [28/Oct/2023:01:38:32 -0500] "HEAD / HTTP/1.1" 200 -
172.22.2.4 - - [28/Oct/2023:01:37:16 -0500] "GET /BLA/boletinlegal/ HTTP/1.1" 200 57596
201.245.192.253 - - [28/Oct/2023:01:39:17 -0500] "POST /kwsrmcab/Wsrmcab  HTTP/1.1" 200 40654
201.245.192.253 - - [28/Oct/2023:01:39:57 -0500] "POST /kwsrmcab/Wsrmcab HTTP/1.1" 200 40048
201.245.192.253 - - [28/Oct/2023:01:40:00 -0500] "POST /kwsrmcab/Wsrmcab HTTP/1.1" 200 38486
40.77.167.50 - - [28/Oct/2023:01:40:27 -0500] "GET /BLA/resoluciones/AUTOS%202023/5183.pdf HTTP/1.1" 200 643366
66.249.66.165 - - [28/Oct/2023:01:40:35 -0500] "GET /portaldeninos/wp-includes/js/jquery/ui/core.min.js?ver=1.11.4 HTTP/1.1" 200 4000
216.245.221.92 - - [28/Oct/2023:01:43:32 -0500] "HEAD / HTTP/1.1" 200 -
52.167.144.22 - - [28/Oct/2023:01:43:40 -0500] "GET /portaldeninos/author/adminportalninos/ HTTP/1.1" 200 103455
172.22.2.4 - - [28/Oct/2023:01:42:15 -0500] "HEAD /BLA/boletinlegal/ HTTP/1.1" 200 -
201.245.192.253 - - [28/Oct/2023:01:44:16 -0500] "POST /kwsrmcab/Wsrmcab  HTTP/1.1" 200 40654
172.22.2.4 - - [28/Oct/2023:01:43:06 -0500] "GET /BLA/boletinlegal/ HTTP/1.1" 200 57957
40.77.167.24 - - [28/Oct/2023:01:48:06 -0500] "GET /BLA/resoluciones/RESOLUCIONES%202022/4383.pdf HTTP/1.1" 304 -
216.245.221.92 - - [28/Oct/2023:01:48:32 -0500] "HEAD / HTTP/1.1" 200 -
201.245.192.253 - - [28/Oct/2023:01:49:15 -0500] "POST /kwsrmcab/Wsrmcab  HTTP/1.1" 200 40654
172.22.2.4 - - [28/Oct/2023:01:48:05 -0500] "HEAD /BLA/boletinlegal/ HTTP/1.1" 200 -
172.22.2.4 - - [28/Oct/2023:01:48:56 -0500] "GET /BLA/boletinlegal/ HTTP/1.1" 200 57957
52.167.144.210 - - [28/Oct/2023:01:50:50 -0500] "GET /BLA/resoluciones/AUTOS%202023/5969.pdf HTTP/1.1" 200 427864
66.249.66.39 - - [28/Oct/2023:01:51:25 -0500] "GET /cooperacion-internacional-postulate-para-la-coordinacion-ambiental-de-proyecto-con-la-union-europea-avantia.html HTTP/1.1" 304 -
40.77.167.56 - - [28/Oct/2023:01:52:07 -0500] "GET /bla/resoluciones/notificaciones/autos%202017/04982.pdf HTTP/1.1" 200 291858
168.119.253.13 - - [28/Oct/2023:01:53:18 -0500] "GET / HTTP/1.1" 200 4720
168.119.253.13 - - [28/Oct/2023:01:53:20 -0500] "GET / HTTP/1.1" 200 319
216.245.221.92 - - [28/Oct/2023:01:53:32 -0500] "HEAD / HTTP/1.1" 200 -
201.245.192.253 - - [28/Oct/2023:01:54:14 -0500] "POST /kwsrmcab/Wsrmcab  HTTP/1.1" 200 40654
172.22.2.4 - - [28/Oct/2023:01:53:55 -0500] "HEAD /BLA/boletinlegal/ HTTP/1.1" 200 -
52.167.144.210 - - [28/Oct/2023:01:56:19 -0500] "GET /BLA/resoluciones/AUTOS%202023/3318.pdf HTTP/1.1" 200 584094
52.167.144.210 - - [28/Oct/2023:01:56:20 -0500] "GET /BLA/resoluciones/AUTOS%202023/5036.pdf HTTP/1.1" 200 721370
172.22.2.4 - - [28/Oct/2023:01:54:46 -0500] "GET /BLA/boletinlegal/ HTTP/1.1" 200 54006
207.46.13.125 - - [28/Oct/2023:01:57:31 -0500] "GET /BLA/resoluciones/AUTOS%202023/6325.pdf HTTP/1.1" 200 484747
216.245.221.92 - - [28/Oct/2023:01:58:32 -0500] "HEAD / HTTP/1.1" 200 -
162.55.166.12 - - [28/Oct/2023:01:58:40 -0500] "GET / HTTP/1.1" 200 4720
162.55.166.12 - - [28/Oct/2023:01:58:43 -0500] "GET / HTTP/1.1" 200 319
201.245.192.253 - - [28/Oct/2023:01:59:13 -0500] "POST /kwsrmcab/Wsrmcab  HTTP/1.1" 200 40654
52.167.144.210 - - [28/Oct/2023:02:00:51 -0500] "GET /BLA/resoluciones/AUTOS%202022/5786.pdf HTTP/1.1" 200 332489
172.22.2.4 - - [28/Oct/2023:01:59:45 -0500] "HEAD /BLA/boletinlegal/ HTTP/1.1" 200 -
125.75.66.97 - - [28/Oct/2023:02:01:22 -0500] "GET /portaldeninos/ HTTP/1.1" 200 110179
172.22.2.4 - - [28/Oct/2023:02:00:36 -0500] "GET /BLA/boletinlegal/ HTTP/1.1" 200 52658
216.245.221.92 - - [28/Oct/2023:02:03:32 -0500] "HEAD / HTTP/1.1" 200 -
40.77.167.33 - - [28/Oct/2023:02:04:11 -0500] "GET /portaldeninos/wp-content/uploads/2021/07/residuos-pagina-ni%C3%B1os-26x75.jpg HTTP/1.1" 200 1743
201.245.192.253 - - [28/Oct/2023:02:04:12 -0500] "POST /kwsrmcab/Wsrmcab  HTTP/1.1" 200 40654
40.77.167.45 - - [28/Oct/2023:02:06:58 -0500] "GET /BLA/resoluciones/AUTOS%202023/4012.pdf HTTP/1.1" 200 446569
172.22.2.4 - - [28/Oct/2023:02:05:35 -0500] "HEAD /BLA/boletinlegal/ HTTP/1.1" 200 -
172.22.2.4 - - [28/Oct/2023:02:06:26 -0500] "GET /BLA/boletinlegal/ HTTP/1.1" 200 58309
199.16.157.182 - - [28/Oct/2023:02:08:13 -0500] "GET /images/cr%C3%B3nica-29-nov-1_optimized.jpeg HTTP/1.1" 404 1034
216.245.221.92 - - [28/Oct/2023:02:08:32 -0500] "HEAD / HTTP/1.1" 200 -
52.167.144.209 - - [28/Oct/2023:02:08:32 -0500] "GET /BLA/resoluciones/AUTOS%202023/3975.pdf HTTP/1.1" 200 776476
66.249.66.20 - - [28/Oct/2023:02:08:55 -0500] "GET /Publicaciones/2023EE221737.pdf HTTP/1.1" 404 228
201.245.192.253 - - [28/Oct/2023:02:09:10 -0500] "POST /kwsrmcab/Wsrmcab  HTTP/1.1" 200 40654
157.55.39.58 - - [28/Oct/2023:02:10:46 -0500] "GET /BLA/resoluciones/AUTOS%202023/5990.pdf HTTP/1.1" 200 397971
172.22.2.4 - - [28/Oct/2023:02:11:25 -0500] "GET /BLA/boletinlegal/ HTTP/1.1" 200 32715
172.22.2.4 - - [28/Oct/2023:02:11:25 -0500] "HEAD /BLA/boletinlegal/ HTTP/1.1" 200 -
216.245.221.92 - - [28/Oct/2023:02:13:32 -0500] "HEAD / HTTP/1.1" 200 -
172.22.2.4 - - [28/Oct/2023:02:12:16 -0500] "GET /BLA/boletinlegal/ HTTP/1.1" 200 58309
201.245.192.253 - - [28/Oct/2023:02:14:09 -0500] "POST /kwsrmcab/Wsrmcab  HTTP/1.1" 200 40654
52.167.144.15 - - [28/Oct/2023:02:14:15 -0500] "GET /BLA/resoluciones/AUTOS%202023/4151.pdf HTTP/1.1" 200 436099
216.173.113.49 - - [28/Oct/2023:02:14:24 -0500] "GET /portaldeninos/ HTTP/1.1" 200 110179
216.173.113.49 - - [28/Oct/2023:02:14:31 -0500] "GET /portaldeninos/contactanos/ HTTP/1.1" 200 88135
172.22.2.4 - - [28/Oct/2023:02:14:32 -0500] "GET /BLA/boletinlegal/actos.php HTTP/1.1" 200 9682
66.249.66.37 - - [28/Oct/2023:02:14:38 -0500] "GET /feria-de-emprendimiento-mujeres-que-reverdecen-expusieron-sus-proyectos.html HTTP/1.1" 304 -
52.167.144.171 - - [28/Oct/2023:02:14:42 -0500] "GET /BLA/resoluciones/AUTOS%202007/1751.pdf HTTP/1.1" 200 29119
34.34.60.140 - - [28/Oct/2023:02:16:42 -0500] "GET /inventario-de-emisiones-2020-transporte-publico-sitp-redujo-emisiones-de-pm-2-5-en-un-37.html HTTP/1.1" 200 925
52.167.144.25 - - [28/Oct/2023:02:16:49 -0500] "GET /BLA/resoluciones/AUTOS%202023/4020.pdf HTTP/1.1" 200 447109
201.245.192.253 - - [28/Oct/2023:02:16:50 -0500] "POST /kwsrmcab/Wsrmcab HTTP/1.1" 200 39898
201.245.192.253 - - [28/Oct/2023:02:16:53 -0500] "POST /kwsrmcab/Wsrmcab HTTP/1.1" 200 40958
114.119.142.135 - - [28/Oct/2023:02:18:17 -0500] "GET /BLA/resoluciones/index.php?dir=Notificaciones/AUTOS%2B2029/ HTTP/1.1" 200 13944
216.245.221.92 - - [28/Oct/2023:02:18:32 -0500] "HEAD / HTTP/1.1" 200 -
172.22.2.4 - - [28/Oct/2023:02:17:15 -0500] "HEAD /BLA/boletinlegal/ HTTP/1.1" 200 -
201.245.192.253 - - [28/Oct/2023:02:19:08 -0500] "POST /kwsrmcab/Wsrmcab  HTTP/1.1" 200 40654
172.22.2.4 - - [28/Oct/2023:02:18:06 -0500] "GET /BLA/boletinlegal/ HTTP/1.1" 200 60682
201.245.192.253 - - [28/Oct/2023:02:19:57 -0500] "POST /kwsrmcab/Wsrmcab HTTP/1.1" 200 39898
201.245.192.253 - - [28/Oct/2023:02:20:00 -0500] "POST /kwsrmcab/Wsrmcab HTTP/1.1" 200 40958
52.167.144.25 - - [28/Oct/2023:02:20:39 -0500] "GET /BLA/resoluciones/AUTOS%202023/5094.pdf HTTP/1.1" 200 395246
216.245.221.92 - - [28/Oct/2023:02:23:32 -0500] "HEAD / HTTP/1.1" 200 -
201.245.192.253 - - [28/Oct/2023:02:24:07 -0500] "POST /kwsrmcab/Wsrmcab  HTTP/1.1" 200 40654
172.22.2.4 - - [28/Oct/2023:02:23:05 -0500] "HEAD /BLA/boletinlegal/ HTTP/1.1" 200 -
172.22.2.4 - - [28/Oct/2023:02:23:56 -0500] "GET /BLA/boletinlegal/ HTTP/1.1" 200 60331
201.245.192.253 - - [28/Oct/2023:02:26:50 -0500] "POST /kwsrmcab/Wsrmcab HTTP/1.1" 200 39898
201.245.192.253 - - [28/Oct/2023:02:26:53 -0500] "POST /kwsrmcab/Wsrmcab HTTP/1.1" 200 40958
216.245.221.92 - - [28/Oct/2023:02:28:32 -0500] "HEAD / HTTP/1.1" 200 -
201.245.192.253 - - [28/Oct/2023:02:29:06 -0500] "POST /kwsrmcab/Wsrmcab  HTTP/1.1" 200 40654
201.245.192.253 - - [28/Oct/2023:02:29:57 -0500] "POST /kwsrmcab/Wsrmcab HTTP/1.1" 200 39898
201.245.192.253 - - [28/Oct/2023:02:30:00 -0500] "POST /kwsrmcab/Wsrmcab HTTP/1.1" 200 40958
40.77.167.26 - - [28/Oct/2023:02:30:33 -0500] "GET /BLA/resoluciones/AUTOS%202023/4060.pdf HTTP/1.1" 200 1656814
172.22.2.4 - - [28/Oct/2023:02:28:55 -0500] "HEAD /BLA/boletinlegal/ HTTP/1.1" 200 -
199.16.157.183 - - [28/Oct/2023:02:30:52 -0500] "GET /images/pl%C3%A1sticos%20foto%201..jpg HTTP/1.1" 404 1034
172.22.2.4 - - [28/Oct/2023:02:29:46 -0500] "GET /BLA/boletinlegal/ HTTP/1.1" 200 60331
144.126.226.251 - - [28/Oct/2023:02:31:44 -0500] "\x16\x03\x01\x01\xfd\x01" 400 226
182.42.105.85 - - [28/Oct/2023:02:31:56 -0500] "GET / HTTP/1.1" 200 319
216.245.221.92 - - [28/Oct/2023:02:33:32 -0500] "HEAD / HTTP/1.1" 200 -
52.167.144.191 - - [28/Oct/2023:02:33:34 -0500] "GET /BLA/resoluciones/AUTOS%202019/0140.pdf HTTP/1.1" 200 277301
201.245.192.253 - - [28/Oct/2023:02:34:04 -0500] "POST /kwsrmcab/Wsrmcab  HTTP/1.1" 200 40654
157.55.39.48 - - [28/Oct/2023:02:34:54 -0500] "GET /BLA/resoluciones/AUTOS%202023/3443.pdf HTTP/1.1" 200 1193695
172.22.2.4 - - [28/Oct/2023:02:34:46 -0500] "HEAD /BLA/boletinlegal/ HTTP/1.1" 200 -
207.46.13.150 - - [28/Oct/2023:02:36:35 -0500] "GET /BLA/resoluciones/AUTOS%202023/3299.pdf HTTP/1.1" 200 729195
201.245.192.253 - - [28/Oct/2023:02:36:50 -0500] "POST /kwsrmcab/Wsrmcab HTTP/1.1" 200 39898
201.245.192.253 - - [28/Oct/2023:02:36:53 -0500] "POST /kwsrmcab/Wsrmcab HTTP/1.1" 200 40958
172.22.2.4 - - [28/Oct/2023:02:35:36 -0500] "GET /BLA/boletinlegal/ HTTP/1.1" 200 60331
216.245.221.92 - - [28/Oct/2023:02:38:32 -0500] "HEAD / HTTP/1.1" 200 -
201.245.192.253 - - [28/Oct/2023:02:39:04 -0500] "POST /kwsrmcab/Wsrmcab  HTTP/1.1" 200 40654
201.245.192.253 - - [28/Oct/2023:02:39:57 -0500] "POST /kwsrmcab/Wsrmcab HTTP/1.1" 200 39898
201.245.192.253 - - [28/Oct/2023:02:39:59 -0500] "POST /kwsrmcab/Wsrmcab HTTP/1.1" 200 40958
52.167.144.170 - - [28/Oct/2023:02:40:39 -0500] "GET /BLA/resoluciones/RESOLUCIONES%202021/4080.pdf HTTP/1.1" 304 -
172.22.2.4 - - [28/Oct/2023:02:40:36 -0500] "HEAD /BLA/boletinlegal/ HTTP/1.1" 200 -
172.22.2.4 - - [28/Oct/2023:02:41:27 -0500] "GET /BLA/boletinlegal/ HTTP/1.1" 200 58309
216.245.221.92 - - [28/Oct/2023:02:43:32 -0500] "HEAD / HTTP/1.1" 200 -
201.245.192.253 - - [28/Oct/2023:02:44:02 -0500] "POST /kwsrmcab/Wsrmcab  HTTP/1.1" 200 40654
172.22.2.4 - - [28/Oct/2023:02:46:26 -0500] "HEAD /BLA/boletinlegal/ HTTP/1.1" 200 -
216.245.221.92 - - [28/Oct/2023:02:48:32 -0500] "HEAD / HTTP/1.1" 200 -
172.22.2.4 - - [28/Oct/2023:02:47:16 -0500] "GET /BLA/boletinlegal/ HTTP/1.1" 200 60331
201.245.192.253 - - [28/Oct/2023:02:49:02 -0500] "POST /kwsrmcab/Wsrmcab  HTTP/1.1" 200 40654
185.180.140.6 - - [28/Oct/2023:02:51:35 -0500] "GET /portaldeninos/ HTTP/1.1" 200 110175
216.244.66.246 - - [28/Oct/2023:02:51:56 -0500] "GET /robots.txt HTTP/1.1" 404 1035
173.252.107.119 - - [28/Oct/2023:02:52:48 -0500] "GET /images/cuerpos%20de%20agua%20en%20humedales-19-10.jpg HTTP/1.1" 200 73528
40.77.167.44 - - [28/Oct/2023:02:52:52 -0500] "GET /BLA/resoluciones/AUTOS%202023/4106.pdf HTTP/1.1" 200 414054
66.249.66.20 - - [28/Oct/2023:02:53:01 -0500] "GET /BLA/resoluciones/AUTOS%202015/5576.pdf HTTP/1.1" 200 628028
173.252.107.8 - - [28/Oct/2023:02:53:13 -0500] "GET /images/plantacion-humedal-la-conejera.jpg HTTP/1.1" 200 92644
216.245.221.92 - - [28/Oct/2023:02:53:32 -0500] "HEAD / HTTP/1.1" 200 -
172.22.2.4 - - [28/Oct/2023:02:52:16 -0500] "HEAD /BLA/boletinlegal/ HTTP/1.1" 200 -
201.245.192.253 - - [28/Oct/2023:02:54:01 -0500] "POST /kwsrmcab/Wsrmcab  HTTP/1.1" 200 40654
172.22.2.4 - - [28/Oct/2023:02:53:06 -0500] "GET /BLA/boletinlegal/ HTTP/1.1" 200 59537
52.167.144.228 - - [28/Oct/2023:02:55:46 -0500] "GET /BLA/resoluciones/AUTOS%202023/4074.pdf HTTP/1.1" 200 1373391
66.249.66.165 - - [28/Oct/2023:02:55:59 -0500] "GET /robots.txt HTTP/1.1" 404 1035
216.245.221.92 - - [28/Oct/2023:02:58:32 -0500] "HEAD / HTTP/1.1" 200 -
201.245.192.253 - - [28/Oct/2023:02:59:00 -0500] "POST /kwsrmcab/Wsrmcab  HTTP/1.1" 200 40654
40.77.167.44 - - [28/Oct/2023:02:59:03 -0500] "GET /BLA/resoluciones/AUTOS%202023/5959.pdf HTTP/1.1" 200 409780
216.244.66.246 - - [28/Oct/2023:02:59:10 -0500] "GET /portaldeninos/aula-ambiental-artistica-itinerante-auambari/ HTTP/1.1" 200 89306
66.249.66.39 - - [28/Oct/2023:02:59:38 -0500] "GET /secretaria-de-ambiente-destaca-aportes-de-empresas-y-ciudadanos-que-ayudaron-a-mitigar-efectos-de-la-alerta-fase-i.html HTTP/1.1" 304 -
172.22.2.4 - - [28/Oct/2023:02:58:06 -0500] "HEAD /BLA/boletinlegal/ HTTP/1.1" 200 -
168.119.252.253 - - [28/Oct/2023:03:00:22 -0500] "GET / HTTP/1.1" 200 319
168.119.252.253 - - [28/Oct/2023:03:00:23 -0500] "GET / HTTP/1.1" 200 4720
172.22.2.4 - - [28/Oct/2023:02:58:57 -0500] "GET /BLA/boletinlegal/ HTTP/1.1" 200 52658
172.22.2.4 - - [28/Oct/2023:03:02:43 -0500] "GET /BLA/boletinlegal/Directivas/2016/Directiva%20No.%2002%20del%2019%20de%20Abril%20de%202016.pdf HTTP/1.1" 304 -
216.245.221.92 - - [28/Oct/2023:03:03:32 -0500] "HEAD / HTTP/1.1" 200 -
201.245.192.253 - - [28/Oct/2023:03:03:59 -0500] "POST /kwsrmcab/Wsrmcab  HTTP/1.1" 200 40654
52.167.144.191 - - [28/Oct/2023:03:04:07 -0500] "GET /bla/resoluciones/resoluciones%202012/1586.pdf HTTP/1.1" 200 3145357
52.167.144.23 - - [28/Oct/2023:03:04:29 -0500] "GET /portaldeninos/wp-content/uploads/2021/09/infograf%C3%ADa-aire-septiembre-37x146.jpg HTTP/1.1" 200 3164
172.22.2.4 - - [28/Oct/2023:03:03:56 -0500] "HEAD /BLA/boletinlegal/ HTTP/1.1" 200 -
172.22.2.4 - - [28/Oct/2023:03:04:46 -0500] "GET /BLA/boletinlegal/ HTTP/1.1" 200 58309
216.245.221.92 - - [28/Oct/2023:03:08:32 -0500] "HEAD / HTTP/1.1" 200 -
