186.102.106.230 - - [28/Oct/2023:12:54:17 -0500] "GET /kwssiamovil/sm/acme/s?s=U2FsdGVkX1+c46wcXW6NFPge99BPAR4Mfj5IcjAPn9kPufNZch91EBleme2lO84KMqmWBPc3A2prEgyL+9lGdUfoccWrb2AEg2D9lJ7AxqdHfF7sKKj8LqmSJ1hGhZcLj9FJZCuX04wKUwMAQrVMO0VAQDf5rzN6N4Ny2r/Lgee5bPQKOB53hgX8N9XTp8QP59/uQ4BFGKIS1xfDt/PAmp+sJzOhBqmD++k/d2W86TCXDl4TYf5WCDWEsaRvdNhBH/lY+yC7oM3smh7l74lNK9CXFtKB8piD5nwCjW15GKRDYMVF3mW0kPtjhOKVPV6CStDDe1ILHQnXOt/SBTGx8/w+TazDQGvP8kU8mLRmPfbu94k/QWW4pIQ+OrOH8/DSnxrg/4w3+RIdc6+TOBFxSdjx1/KJn+Ppg/o8B5lCZN13nw8fSAYLCEioNrdIzThJDFHDjXM4WFZe7T6vAlQ1LZQIn5gPaibZ7CpcvrWMYvflHHvlQQQ2tPHW9ZJ3ou2/7Vl7jmRIYTo34z5XHABODSDh7PLULsRXgfcteVgamNHEgyXA8PkQ5NRW/Cii6d7J9CMhi2ePJPIm3TTukDwr6ckbVrMGGUAFbiX7VHH6mS1HIr2MzNX7K+k0ntP+K0n/surB9iKI9eBoFNNM4aQYmesfC6hJI7QeU47MPxUIeLrmLT9K6vH7cKI5H8AWpSOZUgjzC+hzHNxwz9J4RLh+hvK1hsZ6FrAyg27Hsjxnxx7BVa47Y17nbfLPdxR5qhk5a7d6sZX29UjdMcHSi6ZHMsqleSZdwZiHi/0pK671EneQVN/IepGeavVF1vKu4g5WWIJa5zQ/ECKLxIWdcmsl5HN5Q88bqfgWrGYR0HgxwhEYeAna7ozPR6XQjSZIecAOa6gUv+q46j+oPLyRIoxDAE/njf1N2xXkUP/sM7ynm8lv5DUdmGuLXBRWwOnSfJb0gcFrIcec1+b7oF1nHTMbesfbsfam1w+1SHyV5ikpZKiVMuBoSoTofHJAzimBz/l81HyotVByDiN2b/ZFOrpOC33l34MUmmcpIo4Qxv/q9JQQ3XUzNdbvXiLdClfuhMwyz6KwE78Lr+7AiQ6Zaa7rj1mcoRkAliKdJ1F/hL2lX5ikBclXBLjvtf25tYflslXHdL3qvkA1LcgQjgTSc2Z9HsQHxfe6LYimECHQI7xs10G/HIeuFiuKXijfBYEv2CSVwnTURZU12lMRot2nXtLpFJgE3RAgRQXYft4G/zZvP8pNh+mA8Z0sGgsGJd0HMlf+vqFabNvtCWX2Up0Xt9A21IvRBB/1Mi+jEjTGLl5dKEmp6Rg3/mdG2puURR8WIP5DLoZcpfKJ3rMVnTZfhoGLRNukxCh/qzTiwBY21mKjGKmPUyjrc95hdX4fdvfq6EyI9m8coEB5DknzTXOU3V2UdlksoXa7zSDIpHx6VFAed7Mt7foYe/qXjmekUgO0dKc6vYXWryOfUN0RHjTT2dEgPAgYlgEFnL1XnMkUfhlmwj89Jp6zEvGHJqHGHnvWBprmGNTUh89RP/87jaiaL5fz01mywuMBYWaLoIKBu+y3XEbbuVnphzrli1j7Ow1Ul69KwZ/m8KApnVlVDTQraxdNHfaeM0gUXYq9Uq/XU6K3t0RI12bTbIUwWYdoOx0Mnu6RQ7a1xy4DTgjfVpcEnoKFnsPRVj7bV/6HhfNUNM5IcTs6EyheXuHOgsdEjFuuEiQwj4B/z3v6P7MV0cCsWxEs4d11ayTFXu/y1GvCUI5iHUg=&u=U2FsdGVkX1/10Gs7r1L0NNOhrOPYkm/o/P9aKlnZ3v4=&y=U2FsdGVkX1876AxWrvjmkYCSxIQWj8OPiPUJCKZskSGDwKlsp1s/OSvnPAU5m6aG HTTP/1.1" 200 839
186.102.106.230 - - [28/Oct/2023:12:54:17 -0500] "GET /kwssiamovil/sm/acme/s?s=U2FsdGVkX1+p7UN+NgBIGuynLUS37udmU1mqGtk5lQ4e/sGuvxuM4/Q3yZ/KQENGuNz79PYugfcuL8TfPA8k0BuTrq3ivoCkQk0NxwokgC8bOkzibRW9RSdUo27lKeHQR39ZN/fZaaFhqGtlTbw8NfrXPyPr1St1155i1Ab5Xsux/kyAixCYBW3vy5Zo9I3w4jUvnFP0Y8Ratq+J8kR2mZJ2lv1+3yciMFEfImzSQJcjP9uzmi+HkaFYrfXCoC3opT9RQtoUeYn2EJQLHceWh2Kig2rEsWnjfOM/HnW+D34lQlnbPQbwUD5SBcY9Eo3x6zDFrpsNx7GQg8ELAd+lTVk9hQHVzMwyaq7QrbPvE/32nlKfsxVVOtXanYJvN28O03vkdJX97QuhKoIdVR5CmJW0Ulo7QfOz1eH30Z4Z1beqKcW2QvLIKp7l+Uk8WTBMxFL7pprORNk4LmZYIazKDwPND7x+1spLczRsZs1zty5om0giYO6qGibnNqJTh1MQKZ4sM9yZdiqIoe4mBHxZX3wizRmHGs1Tb/l0W0NG014W+VtHSkUIVsqihubZm66KFrCM1TLcgpF6cZlyn6BRReGhoqwmJqex37jirN8IJxER/OnvZ4u3EwkpVsYLMD0MEpTJYTXYSppBBy7k8pUOCuzwvuBL3TNmNudNpgCTbL+a2xQRXPzapJzf1x3YMiEbHl6zMjkPL/Q2MGq4o/iBIwvCUtOYt7FnIiaVmaypZOAZQjT2zNZ5ucI0yyMr/mzc&u=U2FsdGVkX1/10Gs7r1L0NNOhrOPYkm/o/P9aKlnZ3v4=&y=U2FsdGVkX1876AxWrvjmkYCSxIQWj8OPiPUJCKZskSGDwKlsp1s/OSvnPAU5m6aG HTTP/1.1" 200 208
186.102.106.230 - - [28/Oct/2023:12:54:18 -0500] "GET /kwssiamovil/sm/cjson/pre?f=1&x=U2FsdGVkX1+LOSBhYTXSUmngHaLNWUc2EKJSdz8iog2N6gN5Emfz/Nhk/06I+FcA HTTP/1.1" 200 31032
66.249.77.10 - - [28/Oct/2023:12:54:22 -0500] "GET /BLA/resoluciones/RESOLUCIONES%202009/1394.pdf HTTP/1.1" 200 45207
66.249.77.9 - - [28/Oct/2023:12:54:23 -0500] "GET /BLA/resoluciones/AUTOS%202014/3149.pdf HTTP/1.1" 200 449400
216.245.221.92 - - [28/Oct/2023:12:54:30 -0500] "HEAD / HTTP/1.1" 200 -
66.249.77.8 - - [28/Oct/2023:12:55:03 -0500] "GET /BLA/resoluciones/RESOLUCIONES%202009/0806.pdf HTTP/1.1" 200 224688
31.13.127.10 - - [28/Oct/2023:12:55:06 -0500] "GET /images/jardines-verticales-4-marzo.jpg HTTP/1.1" 200 54804
66.249.77.9 - - [28/Oct/2023:12:55:28 -0500] "GET /BLA/resoluciones/RESOLUCIONES%202010/7243.pdf HTTP/1.1" 200 393450
172.22.2.4 - - [28/Oct/2023:12:54:08 -0500] "HEAD /BLA/boletinlegal/ HTTP/1.1" 200 -
172.22.2.4 - - [28/Oct/2023:12:54:59 -0500] "GET /BLA/boletinlegal/ HTTP/1.1" 200 57596
31.13.115.8 - - [28/Oct/2023:12:57:03 -0500] "GET /images/presentaci\xc3\xb3n%20convenci\xc3\xb3n.jpg HTTP/1.1" 404 1034
201.245.192.253 - - [28/Oct/2023:12:57:52 -0500] "POST /kwsrmcab/Wsrmcab  HTTP/1.1" 200 40654
20.120.134.36 - - [28/Oct/2023:12:57:55 -0500] "GET /autoliquidacion/grupo%20forestal%20-%20silvicultura/Ficha%20t%C3%A9cnica%20de%20registro%20de%20poda.xlsm HTTP/1.1" 404 1018
216.244.66.195 - - [28/Oct/2023:12:58:05 -0500] "GET /BLA/resoluciones/AUTOS%202008/0129.pdf HTTP/1.1" 200 102029
216.244.66.195 - - [28/Oct/2023:12:58:46 -0500] "GET /BLA/resoluciones/AUTOS%202008/0548.pdf HTTP/1.1" 200 98001
216.244.66.195 - - [28/Oct/2023:12:59:19 -0500] "GET /BLA/resoluciones/AUTOS%202008/0747.pdf HTTP/1.1" 200 85566
216.245.221.92 - - [28/Oct/2023:12:59:29 -0500] "HEAD / HTTP/1.1" 200 -
216.244.66.195 - - [28/Oct/2023:12:59:52 -0500] "GET /BLA/resoluciones/AUTOS%202008/0927.pdf HTTP/1.1" 200 95189
216.244.66.195 - - [28/Oct/2023:13:00:25 -0500] "GET /BLA/resoluciones/AUTOS%202008/1276.pdf HTTP/1.1" 200 73845
216.244.66.195 - - [28/Oct/2023:13:00:54 -0500] "GET /BLA/resoluciones/AUTOS%202008/1479.pdf HTTP/1.1" 200 85453
216.244.66.195 - - [28/Oct/2023:13:01:24 -0500] "GET /BLA/resoluciones/AUTOS%202008/1611.pdf HTTP/1.1" 200 82345
172.22.2.4 - - [28/Oct/2023:12:59:59 -0500] "HEAD /BLA/boletinlegal/ HTTP/1.1" 200 -
66.249.77.9 - - [28/Oct/2023:13:01:44 -0500] "GET /BLA/resoluciones/RESOLUCIONES%202010/5994.pdf HTTP/1.1" 200 433215
186.29.148.8 - - [28/Oct/2023:13:01:49 -0500] "GET /BLA/resoluciones/index.php?dir=AUTOS+2022%2F HTTP/1.1" 200 507811
216.244.66.195 - - [28/Oct/2023:13:01:55 -0500] "GET /BLA/resoluciones/AUTOS%202008/1956.pdf HTTP/1.1" 200 90359
172.22.2.4 - - [28/Oct/2023:13:00:49 -0500] "GET /BLA/boletinlegal/ HTTP/1.1" 200 60682
52.167.144.232 - - [28/Oct/2023:13:02:33 -0500] "GET /BLA/resoluciones/AUTOS%202023/5158.pdf HTTP/1.1" 200 1344995
216.244.66.195 - - [28/Oct/2023:13:02:33 -0500] "GET /BLA/resoluciones/AUTOS%202013/0626.pdf HTTP/1.1" 200 2953150
201.245.192.253 - - [28/Oct/2023:13:02:51 -0500] "POST /kwsrmcab/Wsrmcab  HTTP/1.1" 200 40654
216.244.66.195 - - [28/Oct/2023:13:03:26 -0500] "GET /BLA/resoluciones/AUTOS%202013/0958.pdf HTTP/1.1" 200 2182158
216.244.66.195 - - [28/Oct/2023:13:04:16 -0500] "GET /BLA/resoluciones/AUTOS%202013/1489.pdf HTTP/1.1" 200 2284850
66.249.77.10 - - [28/Oct/2023:13:04:27 -0500] "GET /PDC/actos/1789.pdf HTTP/1.1" 200 1121404
216.245.221.92 - - [28/Oct/2023:13:04:29 -0500] "HEAD / HTTP/1.1" 200 -
216.244.66.195 - - [28/Oct/2023:13:05:06 -0500] "GET /BLA/resoluciones/AUTOS%202013/1843.pdf HTTP/1.1" 200 538331
172.22.2.4 - - [28/Oct/2023:13:05:21 -0500] "GET /BLA/boletinlegal/actos.php HTTP/1.1" 200 9682
216.244.66.195 - - [28/Oct/2023:13:05:57 -0500] "GET /BLA/resoluciones/AUTOS%202013/2607.pdf HTTP/1.1" 200 914279
216.244.66.195 - - [28/Oct/2023:13:06:47 -0500] "GET /BLA/resoluciones/AUTOS%202013/2949.pdf HTTP/1.1" 200 1729752
162.55.37.179 - - [28/Oct/2023:13:07:00 -0500] "GET / HTTP/1.1" 200 319
162.55.37.179 - - [28/Oct/2023:13:07:01 -0500] "GET / HTTP/1.1" 200 4720
173.252.95.116 - - [28/Oct/2023:13:07:02 -0500] "GET /secretaria-de-ambiente-y-sena-abren-curso-de-jardines-verticales.html HTTP/1.1" 200 734
172.22.2.4 - - [28/Oct/2023:13:05:49 -0500] "HEAD /BLA/boletinlegal/ HTTP/1.1" 200 -
216.244.66.195 - - [28/Oct/2023:13:07:37 -0500] "GET /BLA/resoluciones/AUTOS%202014/2122.pdf HTTP/1.1" 200 1471979
201.245.192.253 - - [28/Oct/2023:13:07:49 -0500] "POST /kwsrmcab/Wsrmcab  HTTP/1.1" 200 40654
191.156.51.239 - - [28/Oct/2023:13:08:13 -0500] "GET /sipse/css/custom_css_sg.css HTTP/1.1" 304 -
191.156.63.41 - - [28/Oct/2023:13:08:13 -0500] "GET /sipse/js/disable_browser_buttons.js HTTP/1.1" 304 -
191.156.51.176 - - [28/Oct/2023:13:08:13 -0500] "GET /sipse/css/custom_css_sg_prime_login.css HTTP/1.1" 304 -
191.156.55.46 - - [28/Oct/2023:13:08:13 -0500] "GET /sipse/faces/javax.faces.resource/theme.css?ln=primefaces-sipse HTTP/1.1" 304 -
191.156.51.239 - - [28/Oct/2023:13:08:13 -0500] "GET /sipse/faces/javax.faces.resource/primefaces.css?ln=primefaces&v=4.0 HTTP/1.1" 304 -
191.156.62.231 - - [28/Oct/2023:13:08:13 -0500] "GET /sipse/faces/javax.faces.resource/layout/layout.css?ln=primefaces&v=4.0 HTTP/1.1" 304 -
191.156.51.176 - - [28/Oct/2023:13:08:13 -0500] "GET /sipse/js/funciones.js HTTP/1.1" 304 -
191.156.51.239 - - [28/Oct/2023:13:08:13 -0500] "GET /sipse/faces/javax.faces.resource/jquery/jquery.js?ln=primefaces&v=4.0 HTTP/1.1" 304 -
191.156.63.41 - - [28/Oct/2023:13:08:13 -0500] "GET /sipse/faces/javax.faces.resource/jquery/jquery-plugins.js?ln=primefaces&v=4.0 HTTP/1.1" 304 -
191.156.51.239 - - [28/Oct/2023:13:08:13 -0500] "GET /sipse/faces/javax.faces.resource/primefaces.js?ln=primefaces&v=4.0 HTTP/1.1" 304 -
191.156.55.46 - - [28/Oct/2023:13:08:13 -0500] "GET /sipse/faces/javax.faces.resource/layout/layout.js?ln=primefaces&v=4.0 HTTP/1.1" 304 -
191.156.51.239 - - [28/Oct/2023:13:08:13 -0500] "GET /sipse/css/imagen/logoSDG.png HTTP/1.1" 304 -
191.156.63.41 - - [28/Oct/2023:13:08:13 -0500] "GET /sipse/css/imagen/loginimg.png HTTP/1.1" 304 -
191.156.63.41 - - [28/Oct/2023:13:08:14 -0500] "GET /sipse/faces/javax.faces.resource/images/ui-icons_898989_256x240.png?ln=primefaces-aristo HTTP/1.1" 304 -
191.156.63.41 - - [28/Oct/2023:13:08:14 -0500] "GET /sipse/faces/faces/index.xhtml HTTP/1.1" 200 677
191.156.63.41 - - [28/Oct/2023:13:08:14 -0500] "GET /sipse/faces/javax.faces.resource/theme.css?ln=primefaces-sipse HTTP/1.1" 304 -
191.156.63.41 - - [28/Oct/2023:13:08:15 -0500] "GET /sipse/faces/faces/faces/autenticacion.xhtml HTTP/1.1" 200 12405
191.156.51.239 - - [28/Oct/2023:13:08:15 -0500] "GET /sipse/faces/javax.faces.resource/theme.css?ln=primefaces-sipse HTTP/1.1" 304 -
191.156.62.231 - - [28/Oct/2023:13:08:15 -0500] "GET /sipse/faces/javax.faces.resource/jquery/jquery.js?ln=primefaces&v=4.0 HTTP/1.1" 304 -
191.156.51.176 - - [28/Oct/2023:13:08:15 -0500] "GET /sipse/faces/javax.faces.resource/primefaces.js?ln=primefaces&v=4.0 HTTP/1.1" 304 -
191.156.51.239 - - [28/Oct/2023:13:08:15 -0500] "GET /sipse/faces/javax.faces.resource/primefaces.css?ln=primefaces&v=4.0 HTTP/1.1" 304 -
191.156.55.46 - - [28/Oct/2023:13:08:15 -0500] "GET /sipse/faces/javax.faces.resource/layout/layout.css?ln=primefaces&v=4.0 HTTP/1.1" 304 -
191.156.51.176 - - [28/Oct/2023:13:08:15 -0500] "GET /sipse/faces/javax.faces.resource/layout/layout.js?ln=primefaces&v=4.0 HTTP/1.1" 304 -
191.156.55.46 - - [28/Oct/2023:13:08:15 -0500] "GET /sipse/faces/javax.faces.resource/jquery/jquery-plugins.js?ln=primefaces&v=4.0 HTTP/1.1" 304 -
172.22.2.4 - - [28/Oct/2023:13:06:39 -0500] "GET /BLA/boletinlegal/ HTTP/1.1" 200 59537
216.244.66.195 - - [28/Oct/2023:13:08:27 -0500] "GET /BLA/resoluciones/AUTOS%202015/0029.pdf HTTP/1.1" 200 581846
216.244.66.195 - - [28/Oct/2023:13:09:12 -0500] "GET /BLA/resoluciones/AUTOS%202015/0168.pdf HTTP/1.1" 200 7751204
216.245.221.92 - - [28/Oct/2023:13:09:29 -0500] "HEAD / HTTP/1.1" 200 -
40.77.167.4 - - [28/Oct/2023:13:09:34 -0500] "GET /BLA/resoluciones/AUTOS%202023/5066.pdf HTTP/1.1" 200 417536
216.244.66.195 - - [28/Oct/2023:13:10:02 -0500] "GET /BLA/resoluciones/AUTOS%202015/0341.pdf HTTP/1.1" 200 591188
216.244.66.195 - - [28/Oct/2023:13:10:45 -0500] "GET /BLA/resoluciones/AUTOS%202015/1036.pdf HTTP/1.1" 200 758420
216.244.66.195 - - [28/Oct/2023:13:11:30 -0500] "GET /BLA/resoluciones/AUTOS%202015/1231.pdf HTTP/1.1" 200 515292
52.167.144.189 - - [28/Oct/2023:13:12:05 -0500] "GET /BLA/resoluciones/AUTOS%202023/5902.pdf HTTP/1.1" 200 390837
216.244.66.195 - - [28/Oct/2023:13:12:10 -0500] "GET /BLA/resoluciones/AUTOS%202015/1639.pdf HTTP/1.1" 200 645171
216.244.66.195 - - [28/Oct/2023:13:12:44 -0500] "GET /BLA/resoluciones/AUTOS%202015/1857.pdf HTTP/1.1" 200 778412
201.245.192.253 - - [28/Oct/2023:13:12:49 -0500] "POST /kwsrmcab/Wsrmcab  HTTP/1.1" 200 40654
172.22.2.4 - - [28/Oct/2023:13:11:39 -0500] "HEAD /BLA/boletinlegal/ HTTP/1.1" 200 -
216.244.66.195 - - [28/Oct/2023:13:13:27 -0500] "GET /BLA/resoluciones/AUTOS%202015/2151.pdf HTTP/1.1" 200 625867
216.244.66.195 - - [28/Oct/2023:13:14:02 -0500] "GET /BLA/resoluciones/AUTOS%202015/2240.pdf HTTP/1.1" 200 575412
172.22.2.4 - - [28/Oct/2023:13:12:29 -0500] "GET /BLA/boletinlegal/ HTTP/1.1" 200 55105
216.245.221.92 - - [28/Oct/2023:13:14:29 -0500] "HEAD / HTTP/1.1" 200 -
216.244.66.195 - - [28/Oct/2023:13:14:32 -0500] "GET /BLA/resoluciones/AUTOS%202015/2437.pdf HTTP/1.1" 200 524455
216.244.66.195 - - [28/Oct/2023:13:15:01 -0500] "GET /BLA/resoluciones/AUTOS%202015/2751.pdf HTTP/1.1" 200 598590
216.244.66.195 - - [28/Oct/2023:13:15:29 -0500] "GET /BLA/resoluciones/AUTOS%202015/3187.pdf HTTP/1.1" 200 261586
216.244.66.195 - - [28/Oct/2023:13:15:57 -0500] "GET /BLA/resoluciones/AUTOS%202015/3251.pdf HTTP/1.1" 200 543859
216.244.66.195 - - [28/Oct/2023:13:16:27 -0500] "GET /BLA/resoluciones/AUTOS%202015/3350.pdf HTTP/1.1" 200 472599
216.244.66.195 - - [28/Oct/2023:13:16:51 -0500] "GET /BLA/resoluciones/AUTOS%202015/3393.pdf HTTP/1.1" 200 671835
216.244.66.195 - - [28/Oct/2023:13:17:15 -0500] "GET /BLA/resoluciones/AUTOS%202019/1102.pdf HTTP/1.1" 200 10036278
216.244.66.195 - - [28/Oct/2023:13:17:50 -0500] "GET /BLA/resoluciones/AUTOS%202019/2156.pdf HTTP/1.1" 200 661821
201.245.192.253 - - [28/Oct/2023:13:17:49 -0500] "POST /kwsrmcab/Wsrmcab  HTTP/1.1" 200 40654
201.245.192.253 - - [28/Oct/2023:13:17:49 -0500] "POST /kwsrmcab/Wsrmcab HTTP/1.1" 200 40420
201.245.192.253 - - [28/Oct/2023:13:17:52 -0500] "POST /kwsrmcab/Wsrmcab HTTP/1.1" 200 41231
216.244.66.195 - - [28/Oct/2023:13:18:20 -0500] "GET /BLA/resoluciones/AUTOS%202019/3467.pdf HTTP/1.1" 200 2443102
172.22.2.4 - - [28/Oct/2023:13:17:29 -0500] "HEAD /BLA/boletinlegal/ HTTP/1.1" 200 -
216.245.221.92 - - [28/Oct/2023:13:19:29 -0500] "HEAD / HTTP/1.1" 200 -
172.22.2.4 - - [28/Oct/2023:13:18:19 -0500] "GET /BLA/boletinlegal/ HTTP/1.1" 200 60682
20.197.112.237 - - [28/Oct/2023:13:20:40 -0500] "GET /Publicaciones/2023EE227971.pdf HTTP/1.1" 404 228
201.245.192.253 - - [28/Oct/2023:13:20:55 -0500] "POST /kwsrmcab/Wsrmcab HTTP/1.1" 200 40420
201.245.192.253 - - [28/Oct/2023:13:20:58 -0500] "POST /kwsrmcab/Wsrmcab HTTP/1.1" 200 41231
40.77.167.28 - - [28/Oct/2023:13:21:06 -0500] "GET /bla/resoluciones/resoluciones%202012/1801.pdf HTTP/1.1" 200 1004308
216.244.66.246 - - [28/Oct/2023:13:22:06 -0500] "GET /robots.txt HTTP/1.1" 404 1035
201.245.192.253 - - [28/Oct/2023:13:22:47 -0500] "POST /kwsrmcab/Wsrmcab  HTTP/1.1" 200 40654
123.125.109.139 - - [28/Oct/2023:13:23:30 -0500] "GET / HTTP/1.1" 200 319
216.245.221.92 - - [28/Oct/2023:13:24:29 -0500] "HEAD / HTTP/1.1" 200 -
172.22.2.4 - - [28/Oct/2023:13:23:19 -0500] "HEAD /BLA/boletinlegal/ HTTP/1.1" 200 -
172.22.2.4 - - [28/Oct/2023:13:24:09 -0500] "GET /BLA/boletinlegal/ HTTP/1.1" 200 60331
52.167.144.22 - - [28/Oct/2023:13:27:03 -0500] "GET /BLA/resoluciones/AUTOS%202007/0384.pdf HTTP/1.1" 200 485536
52.167.144.136 - - [28/Oct/2023:13:27:46 -0500] "GET /BLA/resoluciones/AUTOS%202021/1446.pdf HTTP/1.1" 304 -
201.245.192.253 - - [28/Oct/2023:13:27:46 -0500] "POST /kwsrmcab/Wsrmcab  HTTP/1.1" 200 40654
201.245.192.253 - - [28/Oct/2023:13:27:49 -0500] "POST /kwsrmcab/Wsrmcab HTTP/1.1" 200 40420
201.245.192.253 - - [28/Oct/2023:13:27:52 -0500] "POST /kwsrmcab/Wsrmcab HTTP/1.1" 200 41231
173.252.79.6 - - [28/Oct/2023:13:28:30 -0500] "GET /images/cuerpos%20de%20agua%20en%20humedales-19-10.jpg HTTP/1.1" 200 73528
216.245.221.92 - - [28/Oct/2023:13:29:29 -0500] "HEAD / HTTP/1.1" 200 -
216.244.66.246 - - [28/Oct/2023:13:29:56 -0500] "GET /portaldeninos/publicidad/ HTTP/1.1" 200 87569
172.22.2.4 - - [28/Oct/2023:13:29:09 -0500] "HEAD /BLA/boletinlegal/ HTTP/1.1" 200 -
201.245.192.253 - - [28/Oct/2023:13:30:56 -0500] "POST /kwsrmcab/Wsrmcab HTTP/1.1" 200 40420
201.245.192.253 - - [28/Oct/2023:13:30:59 -0500] "POST /kwsrmcab/Wsrmcab HTTP/1.1" 200 41231
172.22.2.4 - - [28/Oct/2023:13:29:59 -0500] "GET /BLA/boletinlegal/ HTTP/1.1" 200 58309
201.245.192.253 - - [28/Oct/2023:13:32:46 -0500] "POST /kwsrmcab/Wsrmcab  HTTP/1.1" 200 40654
216.245.221.92 - - [28/Oct/2023:13:34:29 -0500] "HEAD / HTTP/1.1" 200 -
172.22.2.4 - - [28/Oct/2023:13:34:58 -0500] "HEAD /BLA/boletinlegal/ HTTP/1.1" 200 -
173.252.95.7 - - [28/Oct/2023:13:37:12 -0500] "GET /tinguas-azules-secretaria-de-ambiente-atiende-alto-numero-de-reportes-de-aves-migratorias.html HTTP/1.1" 200 923
172.22.2.4 - - [28/Oct/2023:13:35:50 -0500] "GET /BLA/boletinlegal/ HTTP/1.1" 200 57957
201.245.192.253 - - [28/Oct/2023:13:37:45 -0500] "POST /kwsrmcab/Wsrmcab  HTTP/1.1" 200 40654
201.245.192.253 - - [28/Oct/2023:13:37:49 -0500] "GET /kwsrmcab/Wsrmcab?wsdl HTTP/1.1" 200 6948
201.245.192.253 - - [28/Oct/2023:13:37:49 -0500] "POST /kwsrmcab/Wsrmcab HTTP/1.1" 200 40420
201.245.192.253 - - [28/Oct/2023:13:37:52 -0500] "POST /kwsrmcab/Wsrmcab HTTP/1.1" 200 41231
186.102.52.162 - - [28/Oct/2023:13:39:18 -0500] "GET /kwssiamovil/sm/acme/a?s=U2FsdGVkX18xpVhXm9dXKkgelb6OBPnYcSh5/m3g0QVsDDSD+To9f1rX+5e2NsG0xwfr3FLikqJXg4s535fUu7354/2G2gLmwKh3UGewwH8kOLX+wtfcdRlScoYeJ36CTT43/mzxta1oLdV9Wuf6SiE3UF+cwhKcRs461Vi5ADX+8+dWW6onfSKG3cnIpYiX0wDxOvKwsfvEPrJCyHbh9FCQpil0866XD5gT6+ic4w/LBto+cDdRPnFspkB0RklvbWX0IhbCGEgWwTUrGo9Azg==&u=U2FsdGVkX19NPO+B4NMh+i9H5SD1ZCVYwhEnzsmnNfKPXEMhSNnQQikyoegWPWnv&y=U2FsdGVkX19GgpQ83HLx/JQMvwnvUkes7XjTTZkAOdCa98DNtAUmOBuXBuhjFts0 HTTP/1.1" 200 26
186.102.52.162 - - [28/Oct/2023:13:39:19 -0500] "GET /kwssiamovil/sm/acme/a?s=U2FsdGVkX1/KXwQA6UUw1Cm8VFJ/1xeG7YlTGX36b9b+7drDc9e/qJFWTLfqUkWv783z8rlNdxAFwrd9dCGgQBGOHDTlQ12//AVGS6bknRf+EkuuxHXqtQzoMJLKd9ztjjn9Dca29ZHVIVKD2iyxlCcifeqoMpbyQuh1XzysyEm0TslBuLAsE2+G6z0kNiyL/L1s985dH03N6d+X6xXqZunUYKqDzupYBULhMSV+hyzHP3V8BeNmWlNwvCg19iMNmPoEzPSrYO5rba+R/pot30RSDt/ji2uhuDx2au4pA1JTJnE/DrNH2wcMikq8MZnmj7bRXwEoRjsHei0jZqBdUV64ibqT9ZpGmTen3hFdjWOTs2B2kflQInSBWlfxrggUJyNoFyE4XUQCPzxG26Tdq9ukb+31dypTIElw+kh1U3z2DqxHvuZVVA7ogRoBk5VS1BvGTkK+62PpucGF8l7TvOyM9avdYcbX0xtfmihWboGrvdxpjF8w1NpoUjPhflVvNXESbRjp+v0l1mZdEY87+IBy0S4E6nEkIbmc0XwzHJH/ZuaE28RNCYKzFJ8ocYXYNAX8DP0WaGnYBivIev97SoFh4PV0N6k9h2EBLFUYFa7q2NHv4MxfifyWCV4kQero0E/7zivEojH4DOI9Y29BXQ0OxoYeABKedMzeL5ZXqmlNHUOj7Fc+6cSgWoTry//V3W901ZOMnzC6E6gv3e4hd+LrglvP6xsFRsHRl9DOTkDb42II0SHBxPQXtdGdMSPcsubOl9PgS0XgQk5m04Co8tSVgsFc21l4gLd5HMMBARrnhBH/hPXKy8vAwIGfi7oq1J6SFi3BmTjKaRv2JJ4MqlhMFP4mzPZY1wyk+JsaOVmGQip1BPvcOjQGa0KUQiryfLQYRlovlgdj+dQSJ+mTf88+LRNQiVZOTcPotgjNimhsfMbmhYAQ3VDxRdBAFZSRwmNJZCzZkaQL8RFyFdr0Hn39GsW8tousGEqK67B/hAGpnIGBfagweAPUdEcBljD2Uz+KXhkTx0UbrfqDIMT9CYsvCoZr8X7YgVNx9d1YYh349Xnc5wMz9HHWII8N9GvefRH0c8n/dddyo9yxpsQaayyaFenC7qAuUg8oGoc5e9oj73yXCPy3Ur5BMcyij6lyFr7hL53RfqDCJJB7thkG6W1GFOaAR0P8Ya0qHb7bibno6nirI/Fo7qbGM/9d5gJskAdPQ9PC3M6BzggiSMZV1EWzO71eMGMwW4HOspn02lTmLoyo8ZPJlLSLm/g9SBO3BTlfrTazM4ftFuDTIlzxzGMQnEZrXSxpVYBuEQYGKC9xES0AQ2AoQu2MaonmeR/TFPUDViIHoRnT/mD5enSCn1sb36dlfsNa1/JqumnW1SRQ8k0jKgtED3Srf4r6UAYd7qVsS733Sts94iuX4/8Ily4xsQUttCyb3KwI+zVyHH+W04/sGWHOmaSnBC5ZRNTVSS6YgkvrmJbtHiIVVQ+0YMabzTDwzbwzPBkUCo/5ZyguDBTy/txHl9gkoePIYTqheREHesYFlHr4ypPS1DUO7VtOxxx/HYsxpJ1GZHBfTuCqliY9utaUzStWxriDuu+8Q8BokPX5j+6F5HHZnh+OsbFIDuuG1FffkVDWPSu0xKM=&u=U2FsdGVkX19NPO+B4NMh+i9H5SD1ZCVYwhEnzsmnNfKPXEMhSNnQQikyoegWPWnv&y=U2FsdGVkX19GgpQ83HLx/JQMvwnvUkes7XjTTZkAOdCa98DNtAUmOBuXBuhjFts0 HTTP/1.1" 200 26
186.102.52.162 - - [28/Oct/2023:13:39:19 -0500] "GET /kwssiamovil/sm/acme/a?s=U2FsdGVkX19Hzdq2u993/p04vYU3S1JyeYj+3O6wSlTLKYuIkMqhd6f98Iyx/qqL2RqJ/i39iTJ65DQ3VUoeO8daq+0Ip83HHz8BdnxUnQg8nvGPArEs5Eei3nPKkHGhQoMT4mQhtKqwNx3c9uAQpwAtFvhaVU6qfrKTrc8266Y=&u=U2FsdGVkX19NPO+B4NMh+i9H5SD1ZCVYwhEnzsmnNfKPXEMhSNnQQikyoegWPWnv&y=U2FsdGVkX19GgpQ83HLx/JQMvwnvUkes7XjTTZkAOdCa98DNtAUmOBuXBuhjFts0 HTTP/1.1" 200 26
186.102.52.162 - - [28/Oct/2023:13:39:20 -0500] "GET /kwssiamovil/sm/acme/a?s=U2FsdGVkX186xgSXeEx0hFxcfRhgNsUZ2BrMDDTizSjHms7IdUv3ZhqMoUjx7tex9LRfqOuEzVY518UbXbNNqyCTjaX3krgJ2fJpbTc+DkC55P++h9IkdpR2shOLzRUPqjwl7QMZHr3fDzhs1wZgrRG8NaTJx7r5+SVU15vhrr8=&u=U2FsdGVkX19NPO+B4NMh+i9H5SD1ZCVYwhEnzsmnNfKPXEMhSNnQQikyoegWPWnv&y=U2FsdGVkX19GgpQ83HLx/JQMvwnvUkes7XjTTZkAOdCa98DNtAUmOBuXBuhjFts0 HTTP/1.1" 200 26
186.102.52.162 - - [28/Oct/2023:13:39:20 -0500] "GET /kwssiamovil/sm/acme/a?s=U2FsdGVkX19yGEHAVnALFp8Txdqz6DAIJQjYOBV26ODARhHRNu1PwW0WiCt66je2xiisSFG6x63fOwKgzfmdLk8fkrYNN133/azm4PnGnb6ibdNhXTOpjgskChi1s1OiJHVHx3+pNIGsEQqYq6b3MxNOTrdwULjrCTraZn1P/A4=&u=U2FsdGVkX19NPO+B4NMh+i9H5SD1ZCVYwhEnzsmnNfKPXEMhSNnQQikyoegWPWnv&y=U2FsdGVkX19GgpQ83HLx/JQMvwnvUkes7XjTTZkAOdCa98DNtAUmOBuXBuhjFts0 HTTP/1.1" 200 26
186.102.52.162 - - [28/Oct/2023:13:39:20 -0500] "GET /kwssiamovil/sm/acme/a?s=U2FsdGVkX1+TS+DBm9xQ0fEb/XKR15ZTh3JbfHnu+j79UYqyH0gMTOhYxGgslFGMfEDbaFgviZtzEftLmnk/R6veaPsgl92u5m/6J6Sq6voDW1eAv/HOJXlJb/3F4zN2rmkXsHKd1s0jIKFQAxaMjnQIq/HADHFGn/Bs9Eh1PpWd5EwEuXkjN0bXISDyotF5fvw1sobpF9kyaFArMMqSCQ==&u=U2FsdGVkX19NPO+B4NMh+i9H5SD1ZCVYwhEnzsmnNfKPXEMhSNnQQikyoegWPWnv&y=U2FsdGVkX19GgpQ83HLx/JQMvwnvUkes7XjTTZkAOdCa98DNtAUmOBuXBuhjFts0 HTTP/1.1" 200 26
216.245.221.92 - - [28/Oct/2023:13:39:29 -0500] "HEAD / HTTP/1.1" 200 -
172.22.2.4 - - [28/Oct/2023:13:40:42 -0500] "GET /BLA/boletinlegal/favicon.ico HTTP/1.1" 404 1018
201.245.192.253 - - [28/Oct/2023:13:40:55 -0500] "GET /kwsrmcab/Wsrmcab?wsdl HTTP/1.1" 200 6948
201.245.192.253 - - [28/Oct/2023:13:40:55 -0500] "POST /kwsrmcab/Wsrmcab HTTP/1.1" 200 40420
172.22.2.4 - - [28/Oct/2023:13:40:27 -0500] "GET /BLA/boletinlegal/ HTTP/1.1" 200 20427
201.245.192.253 - - [28/Oct/2023:13:40:58 -0500] "POST /kwsrmcab/Wsrmcab HTTP/1.1" 200 41231
172.22.2.4 - - [28/Oct/2023:13:40:27 -0500] "GET /BLA/boletinlegal/ HTTP/1.1" 200 32715
172.22.2.4 - - [28/Oct/2023:13:40:48 -0500] "HEAD /BLA/boletinlegal/ HTTP/1.1" 200 -
201.245.192.253 - - [28/Oct/2023:13:42:43 -0500] "POST /kwsrmcab/Wsrmcab  HTTP/1.1" 200 40654
172.22.2.4 - - [28/Oct/2023:13:41:39 -0500] "GET /BLA/boletinlegal/ HTTP/1.1" 200 58309
216.245.221.92 - - [28/Oct/2023:13:44:29 -0500] "HEAD / HTTP/1.1" 200 -
201.245.192.253 - - [28/Oct/2023:13:47:42 -0500] "POST /kwsrmcab/Wsrmcab  HTTP/1.1" 200 40654
172.22.2.4 - - [28/Oct/2023:13:46:38 -0500] "HEAD /BLA/boletinlegal/ HTTP/1.1" 200 -
173.252.87.1 - - [28/Oct/2023:13:48:32 -0500] "GET /secretaria-de-ambiente-y-car-firman-el-plan-de-manejo-ambiental-del-sitio-ramsar-complejo-de-humedales-urbanos-de-bogota-unico-en-america-latina.html HTTP/1.1" 200 1040
172.22.2.4 - - [28/Oct/2023:13:47:29 -0500] "GET /BLA/boletinlegal/ HTTP/1.1" 200 60331
216.245.221.92 - - [28/Oct/2023:13:49:29 -0500] "HEAD / HTTP/1.1" 200 -
173.252.87.13 - - [28/Oct/2023:13:51:43 -0500] "GET /distrito-entrego-certificado-de-reconocimiento-a-mas-de-600-mujeres-que-reverdecen-tras-seis-meses-de-formacion-teorica-y-practica.html HTTP/1.1" 200 1113
201.245.192.253 - - [28/Oct/2023:13:52:41 -0500] "POST /kwsrmcab/Wsrmcab  HTTP/1.1" 200 40654
172.22.2.4 - - [28/Oct/2023:13:53:00 -0500] "GET /BLA/boletinlegal/js/jquery.js HTTP/1.1" 200 57254
172.22.2.4 - - [28/Oct/2023:13:53:00 -0500] "GET /BLA/boletinlegal/js/jquery.scrollTo-min.js HTTP/1.1" 200 1150
172.22.2.4 - - [28/Oct/2023:13:53:00 -0500] "GET /BLA/boletinlegal/js/jquery.scrollShow.js HTTP/1.1" 200 4586
172.22.2.4 - - [28/Oct/2023:13:53:00 -0500] "GET /BLA/boletinlegal/images/screen_1.png HTTP/1.1" 200 202547
172.22.2.4 - - [28/Oct/2023:13:53:00 -0500] "GET /BLA/boletinlegal/images/arr_l.jpg HTTP/1.1" 200 1979
172.22.2.4 - - [28/Oct/2023:13:53:00 -0500] "GET /BLA/boletinlegal/images/launch.jpg HTTP/1.1" 200 14577
172.22.2.4 - - [28/Oct/2023:13:53:01 -0500] "GET /BLA/boletinlegal/actos.php HTTP/1.1" 200 9682
172.22.2.4 - - [28/Oct/2023:13:53:02 -0500] "GET /BLA/boletinlegal/favicon.ico HTTP/1.1" 404 1326
181.61.204.215 - - [28/Oct/2023:13:53:08 -0500] "GET /BLA/resoluciones/ HTTP/1.1" 200 13696
181.61.204.215 - - [28/Oct/2023:13:53:08 -0500] "GET /favicon.ico HTTP/1.1" 200 7782
181.61.204.215 - - [28/Oct/2023:13:53:10 -0500] "GET /BLA/resoluciones/dlf/archive.png HTTP/1.1" 200 632
181.61.204.215 - - [28/Oct/2023:13:53:09 -0500] "GET /BLA/resoluciones/index.php?dir=AUTOS+2019%2F HTTP/1.1" 200 389290
157.55.39.54 - - [28/Oct/2023:13:53:32 -0500] "GET /BLA/resoluciones/RESOLUCIONES%202010/1048.pdf HTTP/1.1" 200 119500
157.55.39.54 - - [28/Oct/2023:13:53:35 -0500] "GET /BLA/resoluciones/RESOLUCIONES%202021/4728.pdf HTTP/1.1" 304 -
157.55.39.54 - - [28/Oct/2023:13:53:35 -0500] "GET /BLA/resoluciones/AUTOS%202023/5081.pdf HTTP/1.1" 200 392565
157.55.39.54 - - [28/Oct/2023:13:53:35 -0500] "GET /BLA/resoluciones/AUTOS%202022/7565.pdf HTTP/1.1" 200 393685
172.22.2.4 - - [28/Oct/2023:13:53:00 -0500] "GET /BLA/boletinlegal/ HTTP/1.1" 200 24523
172.22.2.4 - - [28/Oct/2023:13:52:29 -0500] "HEAD /BLA/boletinlegal/ HTTP/1.1" 200 -
186.29.148.8 - - [28/Oct/2023:13:54:12 -0500] "GET /BLA/resoluciones/index.php?dir=AUTOS+2022%2F HTTP/1.1" 200 507811
66.249.77.8 - - [28/Oct/2023:13:54:23 -0500] "GET /BLA/resoluciones/AUTOS%202015/2177.pdf HTTP/1.1" 200 495816
66.249.77.9 - - [28/Oct/2023:13:54:24 -0500] "GET /BLA/resoluciones/AUTOS%202017/2394.pdf HTTP/1.1" 200 491418
66.249.77.9 - - [28/Oct/2023:13:54:24 -0500] "GET /BLA/resoluciones/AUTOS%202015/0223.pdf HTTP/1.1" 200 535893
66.249.77.8 - - [28/Oct/2023:13:54:25 -0500] "GET /BLA/resoluciones/AUTOS%202007/2753.pdf HTTP/1.1" 200 109704
66.249.77.8 - - [28/Oct/2023:13:54:25 -0500] "GET /BLA/resoluciones/AUTOS%202011/1733.pdf HTTP/1.1" 200 182188
216.245.221.92 - - [28/Oct/2023:13:54:29 -0500] "HEAD / HTTP/1.1" 200 -
172.22.2.4 - - [28/Oct/2023:13:53:19 -0500] "GET /BLA/boletinlegal/ HTTP/1.1" 200 54352
64.124.8.75 - - [28/Oct/2023:13:55:35 -0500] "GET /portaldeninos/wp-content/uploads/2021/11/pieza-semana-ambiental-resultados-7-junio-1024x512.jpg HTTP/1.1" 304 -
64.124.8.75 - - [28/Oct/2023:13:55:43 -0500] "GET /portaldeninos/wp-content/uploads/2021/11/dibujos-concurso-vuelo-pajaro-relatos-27-mayo-1200x480.jpg HTTP/1.1" 304 -
173.252.107.4 - - [28/Oct/2023:13:55:44 -0500] "GET /en-esta-navidad-bogota-esta-mejorando-con-mas-espacios-verdes-para-el-disfrute-de-la-ciudadania.html HTTP/1.1" 200 1114
201.245.192.253 - - [28/Oct/2023:13:57:40 -0500] "POST /kwsrmcab/Wsrmcab  HTTP/1.1" 200 40654
216.245.221.92 - - [28/Oct/2023:13:59:29 -0500] "HEAD / HTTP/1.1" 200 -
172.22.2.4 - - [28/Oct/2023:13:58:18 -0500] "HEAD /BLA/boletinlegal/ HTTP/1.1" 200 -
172.22.2.4 - - [28/Oct/2023:13:59:09 -0500] "GET /BLA/boletinlegal/ HTTP/1.1" 200 57957
207.46.13.141 - - [28/Oct/2023:14:01:48 -0500] "GET /BLA/resoluciones/AUTOS%202023/3686.pdf HTTP/1.1" 200 458611
207.46.13.141 - - [28/Oct/2023:14:01:49 -0500] "GET /bla/resoluciones/notificaciones/autos%202017/04352.pdf HTTP/1.1" 200 325848
201.245.192.253 - - [28/Oct/2023:14:02:39 -0500] "POST /kwsrmcab/Wsrmcab  HTTP/1.1" 200 40654
190.27.4.146 - - [28/Oct/2023:14:03:52 -0500] "GET /portaldeninos/ HTTP/1.1" 200 110175
190.27.4.146 - - [28/Oct/2023:14:03:52 -0500] "GET /portaldeninos/wp-content/plugins/gallery-videos/CSS/totalsoft.css?ver=4.9.8 HTTP/1.1" 200 40622
190.27.4.146 - - [28/Oct/2023:14:03:52 -0500] "GET /portaldeninos/wp-content/plugins/gallery-videos/CSS/Total-Soft-Gallery-Video-Widget.css?ver=4.9.8 HTTP/1.1" 200 51554
190.27.4.146 - - [28/Oct/2023:14:03:52 -0500] "GET /portaldeninos/wp-content/uploads/useanyfont/uaf.css?ver=1589905315 HTTP/1.1" 200 408
190.27.4.146 - - [28/Oct/2023:14:03:52 -0500] "GET /portaldeninos/wp-content/themes/betheme/style.css?ver=20.9.6 HTTP/1.1" 200 287
190.27.4.146 - - [28/Oct/2023:14:03:52 -0500] "GET /portaldeninos/wp-content/themes/betheme/css/base.css?ver=20.9.6 HTTP/1.1" 200 57283
190.27.4.146 - - [28/Oct/2023:14:03:52 -0500] "GET /portaldeninos/wp-content/themes/betheme/css/layout.css?ver=20.9.6 HTTP/1.1" 200 116639
190.27.4.146 - - [28/Oct/2023:14:03:52 -0500] "GET /portaldeninos/wp-content/themes/betheme/css/shortcodes.css?ver=20.9.6 HTTP/1.1" 200 138889
190.27.4.146 - - [28/Oct/2023:14:03:52 -0500] "GET /portaldeninos/wp-content/themes/betheme/assets/animations/animations.min.css?ver=20.9.6 HTTP/1.1" 200 58508
190.27.4.146 - - [28/Oct/2023:14:03:52 -0500] "GET /portaldeninos/wp-content/themes/betheme/assets/jplayer/css/jplayer.blue.monday.css?ver=20.9.6 HTTP/1.1" 200 9834
190.27.4.146 - - [28/Oct/2023:14:03:52 -0500] "GET /portaldeninos/wp-content/themes/betheme/assets/ui/jquery.ui.all.css?ver=20.9.6 HTTP/1.1" 200 18765
190.27.4.146 - - [28/Oct/2023:14:03:53 -0500] "GET /portaldeninos/wp-content/themes/betheme/css/responsive.css?ver=20.9.6 HTTP/1.1" 200 55740
190.27.4.146 - - [28/Oct/2023:14:03:53 -0500] "GET /portaldeninos/wp-content/plugins/popup-maker/assets/css/site.min.css?ver=1.8.14 HTTP/1.1" 200 8260
190.27.4.146 - - [28/Oct/2023:14:03:53 -0500] "GET /portaldeninos/wp-content/plugins/google-analytics-for-wordpress/assets/js/frontend-gtag.min.js?ver=8.5.0 HTTP/1.1" 200 11801
190.27.4.146 - - [28/Oct/2023:14:03:53 -0500] "GET /portaldeninos/wp-includes/js/jquery/jquery.js?ver=1.12.4 HTTP/1.1" 200 97184
190.27.4.146 - - [28/Oct/2023:14:03:53 -0500] "GET /portaldeninos/wp-includes/js/jquery/jquery-migrate.min.js?ver=1.4.1 HTTP/1.1" 200 10056
190.27.4.146 - - [28/Oct/2023:14:03:53 -0500] "GET /portaldeninos/wp-includes/js/jquery/ui/core.min.js?ver=1.11.4 HTTP/1.1" 200 4000
190.27.4.146 - - [28/Oct/2023:14:03:53 -0500] "GET /portaldeninos/wp-content/plugins/gallery-videos/JS/modernizr.custom.js?ver=4.9.8 HTTP/1.1" 200 9019
190.27.4.146 - - [28/Oct/2023:14:03:53 -0500] "GET /portaldeninos/wp-content/uploads/2019/08/Logo-Ambientic.png HTTP/1.1" 200 22941
190.27.4.146 - - [28/Oct/2023:14:03:53 -0500] "GET /portaldeninos/wp-content/plugins/gallery-videos/JS/Total-Soft-Gallery-Video-Widget.js?ver=4.9.8 HTTP/1.1" 200 80264
190.27.4.146 - - [28/Oct/2023:14:03:53 -0500] "GET /portaldeninos/wp-includes/js/jquery/ui/widget.min.js?ver=1.11.4 HTTP/1.1" 200 6908
190.27.4.146 - - [28/Oct/2023:14:03:53 -0500] "GET /portaldeninos/wp-content/uploads/2021/06/titulo-cabezote-ni%C3%B1os.png HTTP/1.1" 200 64425
190.27.4.146 - - [28/Oct/2023:14:03:53 -0500] "GET /portaldeninos/wp-includes/js/jquery/ui/mouse.min.js?ver=1.11.4 HTTP/1.1" 200 3148
190.27.4.146 - - [28/Oct/2023:14:03:53 -0500] "GET /portaldeninos/wp-includes/js/jquery/ui/accordion.min.js?ver=1.11.4 HTTP/1.1" 200 8584
190.27.4.146 - - [28/Oct/2023:14:03:53 -0500] "GET /portaldeninos/wp-includes/js/jquery/ui/tabs.min.js?ver=1.11.4 HTTP/1.1" 200 12110
190.27.4.146 - - [28/Oct/2023:14:03:53 -0500] "GET /portaldeninos/wp-includes/js/jquery/ui/sortable.min.js?ver=1.11.4 HTTP/1.1" 200 24899
190.27.4.146 - - [28/Oct/2023:14:03:53 -0500] "GET /portaldeninos/wp-content/themes/betheme/js/menu.js?ver=20.9.6 HTTP/1.1" 200 2449
190.27.4.146 - - [28/Oct/2023:14:03:53 -0500] "GET /portaldeninos/wp-content/themes/betheme/assets/animations/animations.min.js?ver=20.9.6 HTTP/1.1" 200 1896
190.27.4.146 - - [28/Oct/2023:14:03:53 -0500] "GET /portaldeninos/wp-content/themes/betheme/assets/jplayer/jplayer.min.js?ver=20.9.6 HTTP/1.1" 200 52702
190.27.4.146 - - [28/Oct/2023:14:03:53 -0500] "GET /portaldeninos/wp-content/themes/betheme/js/scripts.js?ver=20.9.6 HTTP/1.1" 200 77162
190.27.4.146 - - [28/Oct/2023:14:03:53 -0500] "GET /portaldeninos/wp-content/themes/betheme/js/plugins.js?ver=20.9.6 HTTP/1.1" 200 197151
190.27.4.146 - - [28/Oct/2023:14:03:53 -0500] "GET /portaldeninos/wp-includes/js/jquery/ui/position.min.js?ver=1.11.4 HTTP/1.1" 200 6527
190.27.4.146 - - [28/Oct/2023:14:03:53 -0500] "GET /portaldeninos/wp-includes/js/wp-embed.min.js?ver=4.9.8 HTTP/1.1" 200 1398
190.27.4.146 - - [28/Oct/2023:14:03:53 -0500] "GET /portaldeninos/wp-content/plugins/popup-maker/assets/js/site.min.js?defer&ver=1.8.14 HTTP/1.1" 200 48457
190.27.4.146 - - [28/Oct/2023:14:03:53 -0500] "GET /portaldeninos/wp-includes/js/wp-emoji-release.min.js?ver=4.9.8 HTTP/1.1" 200 12026
190.27.4.146 - - [28/Oct/2023:14:03:53 -0500] "GET /portaldeninos/wp-content/uploads/2021/06/titulo-miambiente-ni%C3%B1os.png HTTP/1.1" 200 11944
190.27.4.146 - - [28/Oct/2023:14:03:53 -0500] "GET /portaldeninos/wp-content/themes/betheme/fonts/mfn-icons.woff?93978679 HTTP/1.1" 200 80932
190.27.4.146 - - [28/Oct/2023:14:03:53 -0500] "GET /portaldeninos/wp-content/uploads/2018/10/oso.jpg HTTP/1.1" 200 305180
190.27.4.146 - - [28/Oct/2023:14:03:53 -0500] "GET /portaldeninos/wp-content/uploads/2018/11/tigrillo.jpg HTTP/1.1" 200 402961
190.27.4.146 - - [28/Oct/2023:14:03:53 -0500] "GET /portaldeninos/wp-content/uploads/2020/01/Frailejon-escenario.jpg HTTP/1.1" 200 357472
190.27.4.146 - - [28/Oct/2023:14:03:53 -0500] "GET /portaldeninos/wp-content/uploads/2020/01/Tierra-escenario.jpg HTTP/1.1" 200 181491
190.27.4.146 - - [28/Oct/2023:14:03:53 -0500] "GET /portaldeninos/wp-content/uploads/2021/06/titulo-videos-ni%C3%B1os.png HTTP/1.1" 200 10502
190.27.4.146 - - [28/Oct/2023:14:03:53 -0500] "GET /portaldeninos/wp-content/uploads/2021/06/titulo-humedales-ni%C3%B1os.png HTTP/1.1" 200 13361
190.27.4.146 - - [28/Oct/2023:14:03:53 -0500] "GET /portaldeninos/wp-content/uploads/2018/11/caneca.jpg HTTP/1.1" 200 262661
190.27.4.146 - - [28/Oct/2023:14:03:53 -0500] "GET /portaldeninos/wp-content/uploads/2020/05/fb.jpg HTTP/1.1" 200 9893
190.27.4.146 - - [28/Oct/2023:14:03:53 -0500] "GET /portaldeninos/wp-content/uploads/2020/05/ig.jpg HTTP/1.1" 200 11470
190.27.4.146 - - [28/Oct/2023:14:03:53 -0500] "GET /portaldeninos/wp-content/uploads/2020/06/yt.jpg HTTP/1.1" 200 10577
190.27.4.146 - - [28/Oct/2023:14:03:53 -0500] "GET /portaldeninos/wp-content/uploads/2020/06/tw.jpg HTTP/1.1" 200 11056
190.27.4.146 - - [28/Oct/2023:14:03:53 -0500] "GET /portaldeninos/wp-content/themes/betheme/images/stripes/stripes_3_b.png HTTP/1.1" 200 974
190.27.4.146 - - [28/Oct/2023:14:03:53 -0500] "GET /portaldeninos/wp-content/themes/betheme/images/box_shadow.png HTTP/1.1" 200 108
190.27.4.146 - - [28/Oct/2023:14:03:53 -0500] "GET /portaldeninos/wp-content/uploads/2022/08/Infograf%C3%ADa-humedales-actualizada.png HTTP/1.1" 200 588022
190.27.4.146 - - [28/Oct/2023:14:03:53 -0500] "GET /portaldeninos/wp-content/uploads/2023/08/Infografia-Web-Infantil.mp4 HTTP/1.1" 206 57310
190.27.4.146 - - [28/Oct/2023:14:03:54 -0500] "GET /portaldeninos/wp-json/pum/v1/analytics/?event=open&pid=1126&_cache=1698519776095 HTTP/1.1" 204 -
190.27.4.146 - - [28/Oct/2023:14:03:53 -0500] "GET /portaldeninos/wp-content/uploads/2022/08/HUmedalConejera03-1.jpg HTTP/1.1" 200 12388495
190.27.4.146 - - [28/Oct/2023:14:03:53 -0500] "GET /portaldeninos/wp-content/uploads/2019/06/CabezoteAMBIENTIC.mp4 HTTP/1.1" 206 21677757
216.245.221.92 - - [28/Oct/2023:14:04:29 -0500] "HEAD / HTTP/1.1" 200 -
190.27.4.146 - - [28/Oct/2023:14:03:53 -0500] "GET /portaldeninos/wp-content/uploads/2023/08/Infografia-Web-Infantil.mp4 HTTP/1.1" 206 15810844
172.22.2.4 - - [28/Oct/2023:14:04:09 -0500] "HEAD /BLA/boletinlegal/ HTTP/1.1" 200 -
66.249.66.37 - - [28/Oct/2023:14:06:33 -0500] "GET /en-julio-programate-para-asistir-a-las-caminatas-ecologicas-y-conectarte-con-la-naturaleza.html HTTP/1.1" 304 -
172.22.2.4 - - [28/Oct/2023:14:04:59 -0500] "GET /BLA/boletinlegal/ HTTP/1.1" 200 58309
201.245.192.253 - - [28/Oct/2023:14:07:38 -0500] "POST /kwsrmcab/Wsrmcab  HTTP/1.1" 200 40654
216.245.221.92 - - [28/Oct/2023:14:09:29 -0500] "HEAD / HTTP/1.1" 200 -
216.244.66.246 - - [28/Oct/2023:14:09:54 -0500] "GET /robots.txt HTTP/1.1" 404 1035
172.22.2.4 - - [28/Oct/2023:14:09:58 -0500] "HEAD /BLA/boletinlegal/ HTTP/1.1" 200 -
172.22.2.4 - - [28/Oct/2023:14:10:49 -0500] "GET /BLA/boletinlegal/ HTTP/1.1" 200 58673
201.245.192.253 - - [28/Oct/2023:14:12:36 -0500] "POST /kwsrmcab/Wsrmcab  HTTP/1.1" 200 40654
216.245.221.92 - - [28/Oct/2023:14:14:29 -0500] "HEAD / HTTP/1.1" 200 -
173.252.87.1 - - [28/Oct/2023:14:15:12 -0500] "GET /entidades-publicas-en-bogota-participen-en-la-sexta-version-del-concurso-de-buenas-practicas-ambientales.html HTTP/1.1" 200 810
66.220.149.4 - - [28/Oct/2023:14:15:14 -0500] "GET /images/Zuque%20(1)%20(1).jpeg HTTP/1.1" 200 66921
40.77.167.40 - - [28/Oct/2023:14:15:27 -0500] "GET /requerimientos/consulta.php HTTP/1.1" 200 1533502
157.55.39.55 - - [28/Oct/2023:14:15:44 -0500] "GET /requerimientos/css/bootstrap.min.css HTTP/1.1" 200 113506
157.55.39.55 - - [28/Oct/2023:14:15:45 -0500] "GET /BLA/resoluciones/AUTOS%202022/7552.pdf HTTP/1.1" 200 708493
157.55.39.55 - - [28/Oct/2023:14:15:46 -0500] "GET /BLA/resoluciones/AUTOS%202022/3691.pdf HTTP/1.1" 304 -
157.55.39.55 - - [28/Oct/2023:14:15:47 -0500] "GET /requerimientos/css/dataTables.bootstrap.css HTTP/1.1" 200 7721
172.22.2.4 - - [28/Oct/2023:14:15:48 -0500] "HEAD /BLA/boletinlegal/ HTTP/1.1" 200 -
216.244.66.195 - - [28/Oct/2023:14:17:34 -0500] "GET /robots.txt HTTP/1.1" 404 1018
201.245.192.253 - - [28/Oct/2023:14:17:35 -0500] "POST /kwsrmcab/Wsrmcab  HTTP/1.1" 200 40654
201.245.192.253 - - [28/Oct/2023:14:17:49 -0500] "POST /kwsrmcab/Wsrmcab HTTP/1.1" 200 40772
201.245.192.253 - - [28/Oct/2023:14:17:51 -0500] "POST /kwsrmcab/Wsrmcab HTTP/1.1" 200 41245
216.244.66.246 - - [28/Oct/2023:14:17:54 -0500] "GET /portaldeninos/comments/feed/ HTTP/1.1" 200 1823
172.22.2.4 - - [28/Oct/2023:14:16:39 -0500] "GET /BLA/boletinlegal/ HTTP/1.1" 200 60331
216.245.221.92 - - [28/Oct/2023:14:19:29 -0500] "HEAD / HTTP/1.1" 200 -
52.167.144.142 - - [28/Oct/2023:14:19:49 -0500] "GET /BLA/resoluciones/AUTOS%202023/5427.pdf HTTP/1.1" 200 320739
157.55.39.15 - - [28/Oct/2023:14:20:43 -0500] "GET /portaldeninos/wp-content/uploads/2020/11/Jaboque-B-50x28.jpg HTTP/1.1" 200 1457
201.245.192.253 - - [28/Oct/2023:14:20:56 -0500] "POST /kwsrmcab/Wsrmcab HTTP/1.1" 200 40772
201.245.192.253 - - [28/Oct/2023:14:20:59 -0500] "POST /kwsrmcab/Wsrmcab HTTP/1.1" 200 41245
157.55.39.58 - - [28/Oct/2023:14:21:06 -0500] "GET /BLA/resoluciones/AUTOS%202023/3242.pdf HTTP/1.1" 200 339811
157.55.39.58 - - [28/Oct/2023:14:21:08 -0500] "GET /BLA/resoluciones/RESOLUCIONES%202023/1545.pdf HTTP/1.1" 304 -
157.55.39.58 - - [28/Oct/2023:14:21:08 -0500] "GET /BLA/resoluciones/AUTOS%202022/3673.pdf HTTP/1.1" 304 -
35.233.62.116 - - [28/Oct/2023:14:21:52 -0500] "GET / HTTP/1.1" 200 319
172.22.2.4 - - [28/Oct/2023:14:22:29 -0500] "GET /BLA/boletinlegal/conceptos.php HTTP/1.1" 200 7496
201.245.192.253 - - [28/Oct/2023:14:22:34 -0500] "POST /kwsrmcab/Wsrmcab  HTTP/1.1" 200 40654
172.22.2.4 - - [28/Oct/2023:14:21:38 -0500] "HEAD /BLA/boletinlegal/ HTTP/1.1" 200 -
172.22.2.4 - - [28/Oct/2023:14:22:29 -0500] "GET /BLA/boletinlegal/ HTTP/1.1" 200 52658
216.245.221.92 - - [28/Oct/2023:14:24:29 -0500] "HEAD / HTTP/1.1" 200 -
201.245.192.253 - - [28/Oct/2023:14:27:34 -0500] "POST /kwsrmcab/Wsrmcab  HTTP/1.1" 200 40654
207.46.13.102 - - [28/Oct/2023:14:27:44 -0500] "GET /portaldeninos/tag/secretaria-de-ambiente/ HTTP/1.1" 200 98735
201.245.192.253 - - [28/Oct/2023:14:27:48 -0500] "POST /kwsrmcab/Wsrmcab HTTP/1.1" 200 40772
201.245.192.253 - - [28/Oct/2023:14:27:51 -0500] "POST /kwsrmcab/Wsrmcab HTTP/1.1" 200 41245
157.55.39.15 - - [28/Oct/2023:14:28:24 -0500] "GET /portaldeninos/wp-content/themes/betheme/assets/animations/animations.min.css?ver=20.9.6 HTTP/1.1" 200 58508
157.55.39.15 - - [28/Oct/2023:14:28:25 -0500] "GET /portaldeninos/wp-includes/js/jquery/ui/accordion.min.js?ver=1.11.4 HTTP/1.1" 200 8584
157.55.39.15 - - [28/Oct/2023:14:28:25 -0500] "GET /portaldeninos/wp-includes/js/jquery/ui/mouse.min.js?ver=1.11.4 HTTP/1.1" 200 3148
157.55.39.15 - - [28/Oct/2023:14:28:25 -0500] "GET /portaldeninos/wp-includes/js/jquery/ui/tabs.min.js?ver=1.11.4 HTTP/1.1" 200 12110
157.55.39.15 - - [28/Oct/2023:14:28:26 -0500] "GET /portaldeninos/wp-includes/js/jquery/ui/widget.min.js?ver=1.11.4 HTTP/1.1" 200 6908
157.55.39.15 - - [28/Oct/2023:14:28:26 -0500] "GET /portaldeninos/wp-includes/js/wp-embed.min.js?ver=4.9.8 HTTP/1.1" 200 1398
157.55.39.59 - - [28/Oct/2023:14:28:32 -0500] "GET /portaldeninos/wp-content/plugins/gallery-videos/CSS/totalsoft.css?ver=4.9.8 HTTP/1.1" 200 40622
157.55.39.59 - - [28/Oct/2023:14:28:32 -0500] "GET /portaldeninos/wp-content/plugins/gallery-videos/CSS/Total-Soft-Gallery-Video-Widget.css?ver=4.9.8 HTTP/1.1" 200 51554
157.55.39.59 - - [28/Oct/2023:14:28:33 -0500] "GET /portaldeninos/wp-content/plugins/gallery-videos/JS/modernizr.custom.js?ver=4.9.8 HTTP/1.1" 200 9019
157.55.39.59 - - [28/Oct/2023:14:28:33 -0500] "GET /portaldeninos/wp-content/themes/betheme/assets/jplayer/css/jplayer.blue.monday.css?ver=20.9.6 HTTP/1.1" 200 9834
157.55.39.59 - - [28/Oct/2023:14:28:34 -0500] "GET /portaldeninos/wp-content/themes/betheme/assets/ui/jquery.ui.all.css?ver=20.9.6 HTTP/1.1" 200 18765
157.55.39.59 - - [28/Oct/2023:14:28:34 -0500] "GET /portaldeninos/wp-content/themes/betheme/css/base.css?ver=20.9.6 HTTP/1.1" 200 57283
157.55.39.59 - - [28/Oct/2023:14:28:35 -0500] "GET /portaldeninos/wp-content/themes/betheme/css/responsive.css?ver=20.9.6 HTTP/1.1" 200 55740
157.55.39.59 - - [28/Oct/2023:14:28:36 -0500] "GET /portaldeninos/wp-content/themes/betheme/js/scripts.js?ver=20.9.6 HTTP/1.1" 200 77162
157.55.39.59 - - [28/Oct/2023:14:28:36 -0500] "GET /portaldeninos/wp-content/uploads/useanyfont/uaf.css?ver=1589905315 HTTP/1.1" 200 408
157.55.39.59 - - [28/Oct/2023:14:28:37 -0500] "GET /portaldeninos/wp-includes/js/jquery/jquery-migrate.min.js?ver=1.4.1 HTTP/1.1" 200 10056
207.46.13.125 - - [28/Oct/2023:14:28:40 -0500] "GET /portaldeninos/wp-content/themes/betheme/assets/jplayer/jplayer.min.js?ver=20.9.6 HTTP/1.1" 200 52702
207.46.13.125 - - [28/Oct/2023:14:28:41 -0500] "GET /portaldeninos/wp-content/themes/betheme/css/shortcodes.css?ver=20.9.6 HTTP/1.1" 200 138889
207.46.13.125 - - [28/Oct/2023:14:28:42 -0500] "GET /portaldeninos/wp-content/themes/betheme/js/plugins.js?ver=20.9.6 HTTP/1.1" 200 197151
207.46.13.125 - - [28/Oct/2023:14:28:42 -0500] "GET /portaldeninos/wp-content/themes/betheme/style.css?ver=20.9.6 HTTP/1.1" 200 287
207.46.13.125 - - [28/Oct/2023:14:28:43 -0500] "GET /portaldeninos/wp-includes/js/jquery/ui/core.min.js?ver=1.11.4 HTTP/1.1" 200 4000
207.46.13.125 - - [28/Oct/2023:14:28:43 -0500] "GET /portaldeninos/wp-includes/js/wp-emoji-release.min.js?ver=4.9.8 HTTP/1.1" 200 12026
186.102.52.162 - - [28/Oct/2023:14:28:48 -0500] "GET /kwssiamovil/sm/acme/a?s=U2FsdGVkX18TevAtZ7f7l9FuCAN91RoihpXpu/HQkoE9iI6KqP9ms73hU9DJqf/4WKfh60crAsYC14vrhvLWnEyTjC3ZWSFGLOjZ71eZjcp6ee1rcF9OcrcSP2mfgOHxIDQledrz4lqtq4GxuI/hTO76CCzZdw+fsLpRn4l2PO6573TCXbG/CjDNT7sY5eSycQ//QMhNjvx38r7FRhALG07EvMQpVRux0IhNmT32OfrKs4jTtSgnqtkB29GCbsrY8O/7zHyaM6Exevv4XPcNlA==&u=U2FsdGVkX19NPO+B4NMh+i9H5SD1ZCVYwhEnzsmnNfKPXEMhSNnQQikyoegWPWnv&y=U2FsdGVkX19GgpQ83HLx/JQMvwnvUkes7XjTTZkAOdCa98DNtAUmOBuXBuhjFts0 HTTP/1.1" 200 26
186.102.52.162 - - [28/Oct/2023:14:28:48 -0500] "GET /kwssiamovil/sm/acme/a?s=U2FsdGVkX1/5no2qSzQmY9aBVh49z2JZJaKehnIEJmjZtZpWJBk9xhlpR+jFYsTdAYBBmn+fwtb66wp8g+DLUDODxYsouUwZiBguUuDMn2TxUaRvtjBJg+C7Hs1Bd2M1z7Ep+izQ38USoUaBLkxNwdo4fR9U2NT1OzdFeMGJ1qfV5kl/p6IsUS/UUJXLFZeuvotaKImIM4W0KXTIInm8zBziNEjtSU0jlRN+nOYwxplmQydnsziHQQAVCUEVPUYDSbgQIuDnQ0R2LyBfLB9YJiMZYrPKUcD18lm//Fkg8jAUP0EvH1SIbE4sCZSISUhc3FM65HZ8Wgc5Wej0+iLYx+KzM1twPOYjL6D4Jy/Kl5IydupzHYPNr++VkZYxEEm6prYtfE9/lZ/nTwkUuWzlpOXja7hHGsIskVqGYH0on+59b9bqycBjM/3WVoT6zH6qIfkO9A6fDX74K52o2Q8xM/x+0aswHebeGYlZB8WC65pwVSaqNPfubgzsZVU84/pIkDJtwrMkTs79cN97w78ZWGKY3/rYMMspbJNtWaqg2aiPxfZ084CBpMUT/SB3bO4zQSUHLt+saWkITGHI8Gs6elMu+aumXqn2tC3sTR9fBN6iVWNNIqhPz2MNoUxmKuUL2q9Bjkn0oaHIbzaVls6lVWXKyKTMH/bZ+6pm/QDQY9uX8tWrGh46WXvP+aMVmY8D+xLG98dpBxKLV+U2uAacIRPBT/lwuA4iFREvVxPPMKUzbsiiLWitOh5ya9Ts4WcW/hdr3/PfvPbmpL02P7JsaUm9A3Oh1TyKRbYzq7ZO3y0xNwu8m8/TASocrezGhyfES/pv61VJVJOd9FBAh2h1tJMrmTp3MQGHDLw7TWzP5vC5r3295WNqWeJPTPijHKoXXDZTT7TT8lj/gntBy9dI5LusB1HcicdOZnUD1e1wG0iXHpuwRfTE06ty+g1HHTtmtCrfSZStIVFA6VFnNcmJTmmiju9NArf6wj0oINsV91ckhth0qcu78crXcxG5vTy091W7THA2Gv2KXcpwlCdg+uyTs1M4vUcq9PyqYYYbGDijwnrbWQA6w7yQJFiX5xsd3UFDGN2grhk1aXUZ0jPNrRepcD9lRDdgfBI/Lkj7cHJji+lHuiNxDrsHo3zQzA+scWTGFCGbsFN4D/bVPLxhL6tq0zUX5AhUSVs99GjIrsKY6VcARhWVSp40dNKBe40qch2img3Z0Z3r677MRd0ZWFuuH9R/+XBE76zyqc6CoVdZcpLlDM0185hYXBD6Jv874Bux8Q8/S86BpxlX08w/HckFFF5bfaauXRm2XC5ArogqfgeM9IH3KVwVBDo4olYqWggg9IzkoXRHzS62N8y5oJ3Io3Uc3b1YEpZLfBnqPM0iPYCHEysYmySpXxCPbYEv5y5Hl9Vsab0azDs/KVqHca8otOXdvFLbziUuWSDrTEEpVtCi5JmueQnWYql9glOFr/J0y4v7TJyObK9xsNsrrWNQfDT4WiNUqIAZFQIDt3VD1Fz2MrpYCS7Yi0ZvgmOczJ6q82zDttLnw6UrHy0ZFMstgt6EGFmevsq7UI4IM+zk2Ib2lMs+FmoD0Z1vhN8uq4MKxXSzt+dm8pqmcDbnHip+xI/HeESv+usSSfWKpbNpBdMfWhY6c38fo9pQyjdLciJNvQ0BNK5397DIPRSFx3+u9rSUXD0pTGXAJbmmi7l4zBA65Ej3nOg4oBXY7GxdE+z9/5jlX7cbCkYmrmwqpaSiacM1FIqtDXbj+VUJ9iS6drtA/2j8TWjIzME88xuH&u=U2FsdGVkX19NPO+B4NMh+i9H5SD1ZCVYwhEnzsmnNfKPXEMhSNnQQikyoegWPWnv&y=U2FsdGVkX19GgpQ83HLx/JQMvwnvUkes7XjTTZkAOdCa98DNtAUmOBuXBuhjFts0 HTTP/1.1" 200 26
186.102.52.162 - - [28/Oct/2023:14:28:49 -0500] "GET /kwssiamovil/sm/acme/a?s=U2FsdGVkX19nFeDnPHVcXNVBt+igA6cIer6CFxOT/cxfLRkkYWbLx/gX1zUax9/1gXXPj4sEoiKKZeuHEwVnp12U6DQsBPgFfHlKV9CYNw7Chm1ZP6Sfbf0u0HBFLgwcOop8nke68mS6+whCPbmnZfjxnIF5IBKInAwui/XU9Sc=&u=U2FsdGVkX19NPO+B4NMh+i9H5SD1ZCVYwhEnzsmnNfKPXEMhSNnQQikyoegWPWnv&y=U2FsdGVkX19GgpQ83HLx/JQMvwnvUkes7XjTTZkAOdCa98DNtAUmOBuXBuhjFts0 HTTP/1.1" 200 26
186.102.52.162 - - [28/Oct/2023:14:28:50 -0500] "GET /kwssiamovil/sm/acme/a?s=U2FsdGVkX19xieqH48s8mtLu+uA8UEETjcG7fI52uskxhgmVJSbPd5DAtcRpx8TNABuoLiWyRqqUEmfG5mieLNxuBn7BdpZgHbWEBIxY7Um9HSiMspGar6SnZ6sosI4wf614fgnLjBJepY6JphuC/qLwGYy/8lNkGjP/P8kF+2U=&u=U2FsdGVkX19NPO+B4NMh+i9H5SD1ZCVYwhEnzsmnNfKPXEMhSNnQQikyoegWPWnv&y=U2FsdGVkX19GgpQ83HLx/JQMvwnvUkes7XjTTZkAOdCa98DNtAUmOBuXBuhjFts0 HTTP/1.1" 200 26
186.102.52.162 - - [28/Oct/2023:14:28:50 -0500] "GET /kwssiamovil/sm/acme/a?s=U2FsdGVkX18EaKBZdIm2uNZ0RYys6Y7op+lBjoOT6Fd4UZE2/APdjDO9MTyN5TT6KvZu5d7DV0Ia+eIxSOZmI4xl1f9h9ypCGI79eVxol8MAYlN7yVMGeGWe2PpU/6MIFu89ZAV+njvc2SHOugID/b4FgnCgCXES5hOr4s8IFPc=&u=U2FsdGVkX19NPO+B4NMh+i9H5SD1ZCVYwhEnzsmnNfKPXEMhSNnQQikyoegWPWnv&y=U2FsdGVkX19GgpQ83HLx/JQMvwnvUkes7XjTTZkAOdCa98DNtAUmOBuXBuhjFts0 HTTP/1.1" 200 26
186.102.52.162 - - [28/Oct/2023:14:28:50 -0500] "GET /kwssiamovil/sm/acme/a?s=U2FsdGVkX1/5xbhajnFJaVqyCpETX5rCNy0qZuJraXSAV49pBGymDvNUWYZYRN6ZMWVFnaVYP62Y5HjfK8+MChvz1s8IGtqS2QI3fugJDokiklYCbxnwSQf66rFYBqgVsPCT/opJQXIpiFGAuZ0TcDQxbqDhDdM6+1RxnFC0rbyrUtyZ2Pvg9n0yD/K61Wp48HLarpdNy5QoObiKWSTsxQ==&u=U2FsdGVkX19NPO+B4NMh+i9H5SD1ZCVYwhEnzsmnNfKPXEMhSNnQQikyoegWPWnv&y=U2FsdGVkX19GgpQ83HLx/JQMvwnvUkes7XjTTZkAOdCa98DNtAUmOBuXBuhjFts0 HTTP/1.1" 200 26
172.22.2.4 - - [28/Oct/2023:14:27:28 -0500] "HEAD /BLA/boletinlegal/ HTTP/1.1" 200 -
216.245.221.92 - - [28/Oct/2023:14:29:29 -0500] "HEAD / HTTP/1.1" 200 -
31.148.130.79 - - [28/Oct/2023:14:29:55 -0500] "GET /BLA/resoluciones/AUTOS%202021/0631.pdf HTTP/1.1" 200 363997
172.22.2.4 - - [28/Oct/2023:14:28:19 -0500] "GET /BLA/boletinlegal/ HTTP/1.1" 200 60331
31.148.130.94 - - [28/Oct/2023:14:30:06 -0500] "GET /BLA/resoluciones/AUTOS%202021/0631.pdf HTTP/1.1" 200 363997
172.22.2.4 - - [28/Oct/2023:14:30:51 -0500] "GET /BLA/boletinlegal/robots.txt HTTP/1.1" 404 1038
201.245.192.253 - - [28/Oct/2023:14:30:55 -0500] "POST /kwsrmcab/Wsrmcab HTTP/1.1" 200 40772
201.245.192.253 - - [28/Oct/2023:14:30:58 -0500] "POST /kwsrmcab/Wsrmcab HTTP/1.1" 200 41245
186.155.17.142 - - [28/Oct/2023:14:32:01 -0500] "POST /sipse/faces/presentacion/financiero/solicitudProceso/listarSolicitudProceso.xhtml HTTP/1.1" 302 -
186.155.17.142 - - [28/Oct/2023:14:32:01 -0500] "GET /sipse/faces/autenticacion.xhtml HTTP/1.1" 200 1099
186.155.17.142 - - [28/Oct/2023:14:32:01 -0500] "POST /sipse/faces/presentacion/financiero/solicitudProceso/listarSolicitudProceso.xhtml HTTP/1.1" 302 -
186.155.17.142 - - [28/Oct/2023:14:32:01 -0500] "GET /sipse/faces/autenticacion.xhtml HTTP/1.1" 200 1099
186.155.17.142 - - [28/Oct/2023:14:32:01 -0500] "POST /sipse/faces/presentacion/financiero/solicitudProceso/listarSolicitudProceso.xhtml HTTP/1.1" 302 -
186.155.17.142 - - [28/Oct/2023:14:32:01 -0500] "GET /sipse/faces/autenticacion.xhtml HTTP/1.1" 200 1099
186.155.17.142 - - [28/Oct/2023:14:32:01 -0500] "POST /sipse/faces/presentacion/financiero/solicitudProceso/listarSolicitudProceso.xhtml HTTP/1.1" 302 -
186.155.17.142 - - [28/Oct/2023:14:32:01 -0500] "GET /sipse/faces/autenticacion.xhtml HTTP/1.1" 200 1099
186.155.17.142 - - [28/Oct/2023:14:32:02 -0500] "POST /sipse/faces/presentacion/financiero/solicitudProceso/listarSolicitudProceso.xhtml HTTP/1.1" 302 -
186.155.17.142 - - [28/Oct/2023:14:32:02 -0500] "GET /sipse/faces/autenticacion.xhtml HTTP/1.1" 200 1099
186.155.17.142 - - [28/Oct/2023:14:32:02 -0500] "POST /sipse/faces/presentacion/financiero/solicitudProceso/listarSolicitudProceso.xhtml HTTP/1.1" 302 -
186.155.17.142 - - [28/Oct/2023:14:32:02 -0500] "GET /sipse/faces/autenticacion.xhtml HTTP/1.1" 200 1099
186.155.17.142 - - [28/Oct/2023:14:32:02 -0500] "POST /sipse/faces/presentacion/financiero/solicitudProceso/listarSolicitudProceso.xhtml HTTP/1.1" 302 -
186.155.17.142 - - [28/Oct/2023:14:32:02 -0500] "GET /sipse/faces/autenticacion.xhtml HTTP/1.1" 200 1099
186.155.17.142 - - [28/Oct/2023:14:32:02 -0500] "POST /sipse/faces/presentacion/financiero/solicitudProceso/listarSolicitudProceso.xhtml HTTP/1.1" 302 -
186.155.17.142 - - [28/Oct/2023:14:32:02 -0500] "GET /sipse/faces/autenticacion.xhtml HTTP/1.1" 200 1099
186.155.17.142 - - [28/Oct/2023:14:32:02 -0500] "POST /sipse/faces/presentacion/financiero/solicitudProceso/listarSolicitudProceso.xhtml HTTP/1.1" 302 -
186.155.17.142 - - [28/Oct/2023:14:32:02 -0500] "GET /sipse/faces/autenticacion.xhtml HTTP/1.1" 200 1099
186.155.17.142 - - [28/Oct/2023:14:32:02 -0500] "POST /sipse/faces/presentacion/financiero/solicitudProceso/listarSolicitudProceso.xhtml HTTP/1.1" 302 -
186.155.17.142 - - [28/Oct/2023:14:32:02 -0500] "GET /sipse/faces/autenticacion.xhtml HTTP/1.1" 200 1099
172.22.2.4 - - [28/Oct/2023:14:30:52 -0500] "GET /BLA/boletinlegal/ HTTP/1.1" 200 60682
173.252.87.4 - - [28/Oct/2023:14:32:33 -0500] "GET /secretaria-de-ambiente-libero-a-33-animales-silvestres-en-el-humedal-la-conejera.html HTTP/1.1" 200 1095
201.245.192.253 - - [28/Oct/2023:14:32:33 -0500] "POST /kwsrmcab/Wsrmcab  HTTP/1.1" 200 40654
216.245.221.92 - - [28/Oct/2023:14:34:29 -0500] "HEAD / HTTP/1.1" 200 -
186.155.17.142 - - [28/Oct/2023:14:34:50 -0500] "GET /sipse/faces/autenticacion.xhtml HTTP/1.1" 200 12405
186.155.17.142 - - [28/Oct/2023:14:34:50 -0500] "GET /sipse/css/custom_css_sg.css HTTP/1.1" 200 9694
186.155.17.142 - - [28/Oct/2023:14:34:50 -0500] "GET /sipse/css/custom_css_sg_prime_login.css HTTP/1.1" 200 443
