179.33.114.208 - - [29/Oct/2023:09:44:03 -0500] "POST /sipse/faces/presentacion/financiero/solicitudProceso/listarSolicitudProceso.xhtml HTTP/1.1" 200 40136
179.33.114.208 - - [29/Oct/2023:09:44:03 -0500] "GET /sipse/faces/javax.faces.resource/jquery/jquery.js?ln=primefaces&v=4.0 HTTP/1.1" 304 -
179.33.114.208 - - [29/Oct/2023:09:44:03 -0500] "GET /sipse/faces/javax.faces.resource/jquery/jquery-plugins.js?ln=primefaces&v=4.0 HTTP/1.1" 304 -
179.33.114.208 - - [29/Oct/2023:09:44:03 -0500] "GET /sipse/faces/javax.faces.resource/primefaces.js?ln=primefaces&v=4.0 HTTP/1.1" 304 -
179.33.114.208 - - [29/Oct/2023:09:44:03 -0500] "GET /sipse/faces/javax.faces.resource/layout/layout.js?ln=primefaces&v=4.0 HTTP/1.1" 304 -
179.33.114.208 - - [29/Oct/2023:09:44:03 -0500] "POST /sipse/faces/presentacion/financiero/solicitudProceso/consultar.xhtml HTTP/1.1" 200 33539
172.22.2.4 - - [29/Oct/2023:09:42:28 -0500] "HEAD /BLA/boletinlegal/ HTTP/1.1" 200 -
179.33.114.208 - - [29/Oct/2023:09:44:15 -0500] "POST /sipse/faces/presentacion/financiero/solicitudProceso/consultar.xhtml HTTP/1.1" 200 12763
179.33.114.208 - - [29/Oct/2023:09:44:22 -0500] "POST /sipse/faces/presentacion/financiero/solicitudProceso/consultar.xhtml HTTP/1.1" 200 145853
179.33.114.208 - - [29/Oct/2023:09:44:23 -0500] "GET /sipse/faces/javax.faces.resource/jquery/jquery.js?ln=primefaces&v=4.0 HTTP/1.1" 304 -
179.33.114.208 - - [29/Oct/2023:09:44:23 -0500] "GET /sipse/faces/javax.faces.resource/jquery/jquery-plugins.js?ln=primefaces&v=4.0 HTTP/1.1" 304 -
179.33.114.208 - - [29/Oct/2023:09:44:23 -0500] "GET /sipse/faces/javax.faces.resource/primefaces.js?ln=primefaces&v=4.0 HTTP/1.1" 304 -
179.33.114.208 - - [29/Oct/2023:09:44:23 -0500] "GET /sipse/faces/javax.faces.resource/layout/layout.js?ln=primefaces&v=4.0 HTTP/1.1" 304 -
216.245.221.92 - - [29/Oct/2023:09:44:26 -0500] "HEAD / HTTP/1.1" 200 -
172.22.2.4 - - [29/Oct/2023:09:43:18 -0500] "GET /BLA/boletinlegal/ HTTP/1.1" 200 60682
201.245.192.253 - - [29/Oct/2023:09:45:35 -0500] "POST /kwsrmcab/Wsrmcab  HTTP/1.1" 200 40654
179.33.114.208 - - [29/Oct/2023:09:46:26 -0500] "POST /sipse/faces/presentacion/financiero/solicitudProceso/consultarSolicitudProceso.xhtml HTTP/1.1" 200 43128
179.33.114.208 - - [29/Oct/2023:09:46:26 -0500] "GET /sipse/faces/javax.faces.resource/jquery/jquery.js?ln=primefaces&v=4.0 HTTP/1.1" 304 -
179.33.114.208 - - [29/Oct/2023:09:46:26 -0500] "GET /sipse/faces/javax.faces.resource/jquery/jquery-plugins.js?ln=primefaces&v=4.0 HTTP/1.1" 304 -
179.33.114.208 - - [29/Oct/2023:09:46:26 -0500] "GET /sipse/faces/javax.faces.resource/primefaces.js?ln=primefaces&v=4.0 HTTP/1.1" 304 -
179.33.114.208 - - [29/Oct/2023:09:46:26 -0500] "GET /sipse/faces/javax.faces.resource/layout/layout.js?ln=primefaces&v=4.0 HTTP/1.1" 304 -
179.33.114.208 - - [29/Oct/2023:09:46:26 -0500] "POST /sipse/faces/presentacion/financiero/solicitudProceso/consultar.xhtml HTTP/1.1" 200 36531
179.33.114.208 - - [29/Oct/2023:09:46:26 -0500] "POST /sipse/faces/presentacion/financiero/solicitudProceso/consultar.xhtml HTTP/1.1" 200 36531
179.33.114.208 - - [29/Oct/2023:09:46:27 -0500] "POST /sipse/faces/presentacion/financiero/solicitudProceso/consultar.xhtml HTTP/1.1" 200 36531
179.33.114.208 - - [29/Oct/2023:09:46:33 -0500] "POST /sipse/faces/presentacion/financiero/solicitudProceso/consultar.xhtml HTTP/1.1" 200 12858
179.33.114.208 - - [29/Oct/2023:09:46:38 -0500] "POST /sipse/faces/presentacion/financiero/solicitudProceso/consultar.xhtml HTTP/1.1" 200 114572
179.33.114.208 - - [29/Oct/2023:09:46:40 -0500] "GET /sipse/faces/javax.faces.resource/jquery/jquery.js?ln=primefaces&v=4.0 HTTP/1.1" 304 -
179.33.114.208 - - [29/Oct/2023:09:46:40 -0500] "GET /sipse/faces/javax.faces.resource/jquery/jquery-plugins.js?ln=primefaces&v=4.0 HTTP/1.1" 304 -
179.33.114.208 - - [29/Oct/2023:09:46:40 -0500] "GET /sipse/faces/javax.faces.resource/primefaces.js?ln=primefaces&v=4.0 HTTP/1.1" 304 -
179.33.114.208 - - [29/Oct/2023:09:46:40 -0500] "GET /sipse/faces/javax.faces.resource/layout/layout.js?ln=primefaces&v=4.0 HTTP/1.1" 304 -
201.245.192.253 - - [29/Oct/2023:09:46:44 -0500] "POST /kwsrmcab/Wsrmcab  HTTP/1.1" 200 40654
66.249.66.19 - - [29/Oct/2023:09:45:54 -0500] "GET /BLA/boletinlegal/index.php? HTTP/1.1" 200 62892
201.245.192.253 - - [29/Oct/2023:09:47:51 -0500] "POST /kwsrmcab/Wsrmcab  HTTP/1.1" 200 40654
52.167.144.170 - - [29/Oct/2023:09:49:16 -0500] "GET /BLA/resoluciones/AUTOS%202023/5073.pdf HTTP/1.1" 200 397013
216.245.221.92 - - [29/Oct/2023:09:49:26 -0500] "HEAD / HTTP/1.1" 200 -
172.22.2.4 - - [29/Oct/2023:09:48:18 -0500] "HEAD /BLA/boletinlegal/ HTTP/1.1" 200 -
79.110.62.146 - - [29/Oct/2023:09:50:03 -0500] "POST /boaform/admin/formLogin HTTP/1.1" 404 1186
179.33.114.208 - - [29/Oct/2023:09:50:47 -0500] "GET /sipse/faces/faces/autenticacion.xhtml HTTP/1.1" 200 12727
179.33.114.208 - - [29/Oct/2023:09:50:47 -0500] "GET /sipse/faces/javax.faces.resource/theme.css?ln=primefaces-sipse HTTP/1.1" 304 -
179.33.114.208 - - [29/Oct/2023:09:50:47 -0500] "GET /sipse/faces/javax.faces.resource/layout/layout.css;jsessionid=ZBxoqaSrAC90xP8T1sgC4PaQ.undefined?ln=primefaces&v=4.0 HTTP/1.1" 200 542
179.33.114.208 - - [29/Oct/2023:09:50:47 -0500] "GET /sipse/faces/javax.faces.resource/primefaces.css;jsessionid=ZBxoqaSrAC90xP8T1sgC4PaQ.undefined?ln=primefaces&v=4.0 HTTP/1.1" 200 53295
179.33.114.208 - - [29/Oct/2023:09:50:47 -0500] "GET /sipse/faces/javax.faces.resource/jquery/jquery.js;jsessionid=ZBxoqaSrAC90xP8T1sgC4PaQ.undefined?ln=primefaces&v=4.0 HTTP/1.1" 200 105384
179.33.114.208 - - [29/Oct/2023:09:50:48 -0500] "GET /sipse/faces/javax.faces.resource/layout/layout.js;jsessionid=ZBxoqaSrAC90xP8T1sgC4PaQ.undefined?ln=primefaces&v=4.0 HTTP/1.1" 200 87560
179.33.114.208 - - [29/Oct/2023:09:50:47 -0500] "GET /sipse/faces/javax.faces.resource/jquery/jquery-plugins.js;jsessionid=ZBxoqaSrAC90xP8T1sgC4PaQ.undefined?ln=primefaces&v=4.0 HTTP/1.1" 200 220526
179.33.114.208 - - [29/Oct/2023:09:50:47 -0500] "GET /sipse/faces/javax.faces.resource/primefaces.js;jsessionid=ZBxoqaSrAC90xP8T1sgC4PaQ.undefined?ln=primefaces&v=4.0 HTTP/1.1" 200 276924
179.33.114.208 - - [29/Oct/2023:09:50:48 -0500] "GET /sipse/faces/javax.faces.resource/images/ui-icons_898989_256x240.png?ln=primefaces-aristo HTTP/1.1" 304 -
179.33.114.208 - - [29/Oct/2023:09:50:48 -0500] "GET /sipse/faces/faces/index.xhtml HTTP/1.1" 200 677
172.22.2.4 - - [29/Oct/2023:09:49:08 -0500] "GET /BLA/boletinlegal/ HTTP/1.1" 200 57957
179.33.114.208 - - [29/Oct/2023:09:50:48 -0500] "GET /sipse/faces/javax.faces.resource/theme.css?ln=primefaces-sipse HTTP/1.1" 304 -
179.33.114.208 - - [29/Oct/2023:09:50:49 -0500] "GET /sipse/faces/faces/faces/autenticacion.xhtml HTTP/1.1" 200 12405
179.33.114.208 - - [29/Oct/2023:09:50:49 -0500] "GET /sipse/faces/javax.faces.resource/theme.css?ln=primefaces-sipse HTTP/1.1" 304 -
179.33.114.208 - - [29/Oct/2023:09:50:49 -0500] "GET /sipse/faces/javax.faces.resource/layout/layout.css?ln=primefaces&v=4.0 HTTP/1.1" 304 -
179.33.114.208 - - [29/Oct/2023:09:50:49 -0500] "GET /sipse/faces/javax.faces.resource/primefaces.css?ln=primefaces&v=4.0 HTTP/1.1" 304 -
179.33.114.208 - - [29/Oct/2023:09:50:49 -0500] "GET /sipse/faces/javax.faces.resource/jquery/jquery.js?ln=primefaces&v=4.0 HTTP/1.1" 304 -
179.33.114.208 - - [29/Oct/2023:09:50:49 -0500] "GET /sipse/faces/javax.faces.resource/jquery/jquery-plugins.js?ln=primefaces&v=4.0 HTTP/1.1" 304 -
179.33.114.208 - - [29/Oct/2023:09:50:49 -0500] "GET /sipse/faces/javax.faces.resource/layout/layout.js?ln=primefaces&v=4.0 HTTP/1.1" 304 -
179.33.114.208 - - [29/Oct/2023:09:50:49 -0500] "GET /sipse/faces/javax.faces.resource/primefaces.js?ln=primefaces&v=4.0 HTTP/1.1" 304 -
179.33.114.208 - - [29/Oct/2023:09:50:49 -0500] "GET /sipse/faces/javax.faces.resource/images/ui-icons_898989_256x240.png?ln=primefaces-aristo HTTP/1.1" 304 -
179.33.114.208 - - [29/Oct/2023:09:51:28 -0500] "POST /sipse/faces/autenticacion.xhtml HTTP/1.1" 200 2219
179.33.114.208 - - [29/Oct/2023:09:51:28 -0500] "GET /sipse/faces/javax.faces.resource/messages/messages.png?ln=primefaces&v=4.0 HTTP/1.1" 304 -
179.33.114.208 - - [29/Oct/2023:09:51:59 -0500] "POST /sipse/faces/autenticacion.xhtml HTTP/1.1" 200 16349
179.33.114.208 - - [29/Oct/2023:09:51:59 -0500] "GET /sipse/faces/javax.faces.resource/jquery/jquery.js?ln=primefaces&v=4.0 HTTP/1.1" 304 -
179.33.114.208 - - [29/Oct/2023:09:51:59 -0500] "GET /sipse/faces/javax.faces.resource/jquery/jquery-plugins.js?ln=primefaces&v=4.0 HTTP/1.1" 304 -
179.33.114.208 - - [29/Oct/2023:09:51:59 -0500] "GET /sipse/faces/javax.faces.resource/primefaces.js?ln=primefaces&v=4.0 HTTP/1.1" 304 -
179.33.114.208 - - [29/Oct/2023:09:51:59 -0500] "GET /sipse/faces/javax.faces.resource/layout/layout.js?ln=primefaces&v=4.0 HTTP/1.1" 304 -
179.33.114.208 - - [29/Oct/2023:09:51:59 -0500] "GET /sipse/imagenes/cargando.gif HTTP/1.1" 200 36959
179.33.114.208 - - [29/Oct/2023:09:51:59 -0500] "GET /sipse/css/imagen/contrasena.png HTTP/1.1" 404 383
179.33.114.208 - - [29/Oct/2023:09:52:04 -0500] "GET /sipse/faces/javax.faces.resource/images/ui-bg_flat_0_2d5972_40x100.png?ln=primefaces-aristo HTTP/1.1" 304 -
179.33.114.208 - - [29/Oct/2023:09:52:04 -0500] "POST /sipse/faces/bienvenido.xhtml HTTP/1.1" 200 6185
179.33.114.208 - - [29/Oct/2023:09:52:07 -0500] "POST /sipse/faces/bienvenido.xhtml HTTP/1.1" 200 26998
179.33.114.208 - - [29/Oct/2023:09:52:07 -0500] "GET /sipse/faces/javax.faces.resource/jquery/jquery.js?ln=primefaces&v=4.0 HTTP/1.1" 304 -
179.33.114.208 - - [29/Oct/2023:09:52:07 -0500] "GET /sipse/faces/javax.faces.resource/jquery/jquery-plugins.js?ln=primefaces&v=4.0 HTTP/1.1" 304 -
179.33.114.208 - - [29/Oct/2023:09:52:07 -0500] "GET /sipse/faces/javax.faces.resource/primefaces.js?ln=primefaces&v=4.0 HTTP/1.1" 304 -
179.33.114.208 - - [29/Oct/2023:09:52:07 -0500] "GET /sipse/faces/javax.faces.resource/layout/layout.js?ln=primefaces&v=4.0 HTTP/1.1" 304 -
179.33.114.208 - - [29/Oct/2023:09:52:10 -0500] "POST /sipse/faces/presentacion/sistema/reporte/listarReportes.xhtml HTTP/1.1" 200 22326
179.33.114.208 - - [29/Oct/2023:09:52:11 -0500] "GET /sipse/faces/javax.faces.resource/theme.css?ln=primefaces-sipse HTTP/1.1" 304 -
179.33.114.208 - - [29/Oct/2023:09:52:11 -0500] "GET /sipse/faces/javax.faces.resource/primefaces.css?ln=primefaces&v=4.0 HTTP/1.1" 304 -
179.33.114.208 - - [29/Oct/2023:09:52:11 -0500] "GET /sipse/faces/javax.faces.resource/jquery/jquery-plugins.js?ln=primefaces&v=4.0 HTTP/1.1" 304 -
179.33.114.208 - - [29/Oct/2023:09:52:11 -0500] "GET /sipse/faces/javax.faces.resource/layout/layout.css?ln=primefaces&v=4.0 HTTP/1.1" 304 -
179.33.114.208 - - [29/Oct/2023:09:52:11 -0500] "GET /sipse/faces/javax.faces.resource/primefaces.js?ln=primefaces&v=4.0 HTTP/1.1" 304 -
179.33.114.208 - - [29/Oct/2023:09:52:11 -0500] "GET /sipse/faces/javax.faces.resource/layout/layout.js?ln=primefaces&v=4.0 HTTP/1.1" 304 -
179.33.114.208 - - [29/Oct/2023:09:52:11 -0500] "GET /sipse/faces/javax.faces.resource/jquery/jquery.js?ln=primefaces&v=4.0 HTTP/1.1" 304 -
179.33.114.208 - - [29/Oct/2023:09:52:11 -0500] "GET /sipse/faces/javax.faces.resource/images/ui-icons_898989_256x240.png?ln=primefaces-aristo HTTP/1.1" 304 -
172.22.2.4 - - [29/Oct/2023:09:52:52 -0500] "GET /BLA/boletinlegal/jurisprudencia/analisis/analisis%20sentencia%20C-1007-2011-1.doc HTTP/1.1" 200 35328
201.245.192.253 - - [29/Oct/2023:09:52:50 -0500] "POST /kwsrmcab/Wsrmcab  HTTP/1.1" 200 40654
40.77.167.38 - - [29/Oct/2023:09:53:08 -0500] "GET /BLA/resoluciones/AUTOS%202023/3303.pdf HTTP/1.1" 200 1015659
201.245.192.253 - - [29/Oct/2023:09:53:59 -0500] "POST /kwsrmcab/Wsrmcab  HTTP/1.1" 200 40654
66.249.66.20 - - [29/Oct/2023:09:54:22 -0500] "GET /BLA/resoluciones/RESOLUCIONES%202015/0819.pdf HTTP/1.1" 200 6424033
66.249.66.21 - - [29/Oct/2023:09:54:25 -0500] "GET /BLA/boletinlegal/Circulares/2013/Circular%20No.%207%20del%201%20de%20Agosto%20de%202013.pdf HTTP/1.1" 200 340934
216.245.221.92 - - [29/Oct/2023:09:54:26 -0500] "HEAD / HTTP/1.1" 200 -
172.22.2.4 - - [29/Oct/2023:09:54:49 -0500] "GET /BLA/boletinlegal/jurisprudencia/analisis/ANALISIST-046-99.docx HTTP/1.1" 304 -
172.22.2.4 - - [29/Oct/2023:09:54:08 -0500] "HEAD /BLA/boletinlegal/ HTTP/1.1" 200 -
66.249.66.39 - - [29/Oct/2023:09:55:51 -0500] "GET /secretaria-de-ambiente-suspende-tres-hornos-crematorios-de-bogota-por-contaminacion-del-aire.html HTTP/1.1" 200 927
172.22.2.4 - - [29/Oct/2023:09:54:58 -0500] "GET /BLA/boletinlegal/ HTTP/1.1" 200 57957
201.245.192.253 - - [29/Oct/2023:09:56:16 -0500] "POST /kwsrmcab/Wsrmcab  HTTP/1.1" 200 14501
201.245.192.253 - - [29/Oct/2023:09:55:07 -0500] "POST /kwsrmcab/Wsrmcab  HTTP/1.1" 200 31845
201.245.192.253 - - [29/Oct/2023:09:57:25 -0500] "POST /kwsrmcab/Wsrmcab  HTTP/1.1" 200 40654
201.245.192.253 - - [29/Oct/2023:09:58:26 -0500] "POST /kwsrmcab/Wsrmcab  HTTP/1.1" 200 40654
216.245.221.92 - - [29/Oct/2023:09:59:26 -0500] "HEAD / HTTP/1.1" 200 -
201.245.192.253 - - [29/Oct/2023:09:59:34 -0500] "POST /kwsrmcab/Wsrmcab  HTTP/1.1" 200 40654
172.22.2.4 - - [29/Oct/2023:09:58:36 -0500] "HEAD /BLA/boletinlegal/ HTTP/1.1" 200 -
66.249.66.21 - - [29/Oct/2023:10:00:26 -0500] "GET /BLA/resoluciones/Notificaciones/AUTOS%202023/2276.pdf HTTP/1.1" 304 -
201.245.192.253 - - [29/Oct/2023:10:00:35 -0500] "POST /kwsrmcab/Wsrmcab  HTTP/1.1" 200 40654
172.22.2.4 - - [29/Oct/2023:09:59:57 -0500] "HEAD /BLA/boletinlegal/ HTTP/1.1" 200 -
172.22.2.4 - - [29/Oct/2023:10:00:48 -0500] "GET /BLA/boletinlegal/ HTTP/1.1" 200 57957
216.245.221.92 - - [29/Oct/2023:10:04:26 -0500] "HEAD / HTTP/1.1" 200 -
201.245.192.253 - - [29/Oct/2023:10:05:35 -0500] "POST /kwsrmcab/Wsrmcab  HTTP/1.1" 200 40654
185.180.143.188 - - [29/Oct/2023:10:07:03 -0500] "GET /portaldeninos/ HTTP/1.1" 200 110175
40.77.167.241 - - [29/Oct/2023:10:07:17 -0500] "GET /BLA/resoluciones/AUTOS%202023/5960.pdf HTTP/1.1" 200 443834
172.22.2.4 - - [29/Oct/2023:10:05:47 -0500] "HEAD /BLA/boletinlegal/ HTTP/1.1" 200 -
172.22.2.4 - - [29/Oct/2023:10:06:38 -0500] "GET /BLA/boletinlegal/ HTTP/1.1" 200 59537
216.245.221.92 - - [29/Oct/2023:10:09:26 -0500] "HEAD / HTTP/1.1" 200 -
66.249.66.21 - - [29/Oct/2023:10:10:01 -0500] "GET /BLA/resoluciones/AUTOS%202007/3358.pdf HTTP/1.1" 200 116981
201.245.192.253 - - [29/Oct/2023:10:10:33 -0500] "POST /kwsrmcab/Wsrmcab  HTTP/1.1" 200 40654
66.249.66.167 - - [29/Oct/2023:10:11:53 -0500] "GET /portaldeninos/humedal-la-vaca-2/ HTTP/1.1" 200 87837
66.249.66.165 - - [29/Oct/2023:10:11:56 -0500] "GET /portaldeninos/wp-content/themes/betheme/css/shortcodes.css?ver=20.9.6 HTTP/1.1" 200 138889
66.249.66.166 - - [29/Oct/2023:10:11:57 -0500] "GET /portaldeninos/wp-content/plugins/gallery-videos/JS/Total-Soft-Gallery-Video-Widget.js?ver=4.9.8 HTTP/1.1" 200 80264
66.249.66.166 - - [29/Oct/2023:10:11:58 -0500] "GET /portaldeninos/wp-includes/js/jquery/ui/widget.min.js?ver=1.11.4 HTTP/1.1" 200 6908
66.249.66.166 - - [29/Oct/2023:10:11:58 -0500] "GET /portaldeninos/wp-content/themes/betheme/js/scripts.js?ver=20.9.6 HTTP/1.1" 200 77162
157.90.251.233 - - [29/Oct/2023:10:12:17 -0500] "GET / HTTP/1.1" 200 319
157.90.251.233 - - [29/Oct/2023:10:12:18 -0500] "GET / HTTP/1.1" 200 4720
172.22.2.4 - - [29/Oct/2023:10:11:37 -0500] "HEAD /BLA/boletinlegal/ HTTP/1.1" 200 -
207.46.13.219 - - [29/Oct/2023:10:13:40 -0500] "GET /portaldeninos/wp-content/uploads/2020/11/El-Tunjo-B-1024x576.jpg HTTP/1.1" 200 136067
172.22.2.4 - - [29/Oct/2023:10:12:28 -0500] "GET /BLA/boletinlegal/ HTTP/1.1" 200 52658
216.245.221.92 - - [29/Oct/2023:10:14:26 -0500] "HEAD / HTTP/1.1" 200 -
201.245.192.253 - - [29/Oct/2023:10:15:32 -0500] "POST /kwsrmcab/Wsrmcab  HTTP/1.1" 200 40654
201.245.192.253 - - [29/Oct/2023:10:17:44 -0500] "POST /kwsrmcab/Wsrmcab HTTP/1.1" 200 38288
201.245.192.253 - - [29/Oct/2023:10:17:47 -0500] "POST /kwsrmcab/Wsrmcab HTTP/1.1" 200 38723
172.22.2.4 - - [29/Oct/2023:10:18:25 -0500] "GET /BLA/boletinlegal/.svn/entries HTTP/1.1" 404 1018
172.22.2.4 - - [29/Oct/2023:10:17:27 -0500] "HEAD /BLA/boletinlegal/ HTTP/1.1" 200 -
216.245.221.92 - - [29/Oct/2023:10:19:26 -0500] "HEAD / HTTP/1.1" 200 -
172.22.2.4 - - [29/Oct/2023:10:18:18 -0500] "GET /BLA/boletinlegal/ HTTP/1.1" 200 60331
201.245.192.253 - - [29/Oct/2023:10:20:30 -0500] "POST /kwsrmcab/Wsrmcab  HTTP/1.1" 200 40654
201.245.192.253 - - [29/Oct/2023:10:20:52 -0500] "POST /kwsrmcab/Wsrmcab HTTP/1.1" 200 38288
201.245.192.253 - - [29/Oct/2023:10:20:55 -0500] "POST /kwsrmcab/Wsrmcab HTTP/1.1" 200 38723
199.16.157.182 - - [29/Oct/2023:10:22:11 -0500] "GET /images/pl%C3%A1sticos%20foto%201..jpg HTTP/1.1" 404 1034
66.249.66.39 - - [29/Oct/2023:10:22:39 -0500] "GET /secretaria-de-ambiente-intercambia-conocimientos-sobre-arbolado-urbano-con-delegadas-de-la-alcaldia-de-sao-paulo.html HTTP/1.1" 200 944
69.63.189.119 - - [29/Oct/2023:10:22:40 -0500] "GET /30-tinguas-azules-volvieron-a-alzar-vuelo-en-el-humedal-jaboque-en-engativa.html HTTP/1.1" 200 1102
80.66.88.215 - - [29/Oct/2023:10:22:53 -0500] "\x03" 400 226
172.22.2.4 - - [29/Oct/2023:10:22:58 -0500] "GET /BLA/boletinlegal/robots.txt HTTP/1.1" 404 1038
216.245.221.92 - - [29/Oct/2023:10:24:26 -0500] "HEAD / HTTP/1.1" 200 -
66.249.66.19 - - [29/Oct/2023:10:24:27 -0500] "GET /Residuos/cosmeticos/files/guia_cosmeticos-aseo.pdf HTTP/1.1" 200 13926317
172.22.2.4 - - [29/Oct/2023:10:23:17 -0500] "HEAD /BLA/boletinlegal/ HTTP/1.1" 200 -
201.245.192.253 - - [29/Oct/2023:10:25:29 -0500] "POST /kwsrmcab/Wsrmcab  HTTP/1.1" 200 40654
172.22.2.4 - - [29/Oct/2023:10:25:37 -0500] "GET /BLA/boletinlegal/normativa.php HTTP/1.1" 200 8343
172.22.2.4 - - [29/Oct/2023:10:24:08 -0500] "GET /BLA/boletinlegal/ HTTP/1.1" 200 57957
34.90.210.107 - - [29/Oct/2023:10:25:49 -0500] "GET /inventario-de-emisiones-2020-transporte-publico-sitp-redujo-emisiones-de-pm-2-5-en-un-37.html HTTP/1.1" 200 925
66.249.66.19 - - [29/Oct/2023:10:26:48 -0500] "GET /BLA/resoluciones/Notificaciones/RESOLUCIONES%202023/5132.pdf HTTP/1.1" 304 -
201.245.192.253 - - [29/Oct/2023:10:27:44 -0500] "POST /kwsrmcab/Wsrmcab HTTP/1.1" 200 38288
201.245.192.253 - - [29/Oct/2023:10:27:47 -0500] "POST /kwsrmcab/Wsrmcab HTTP/1.1" 200 38723
66.249.66.166 - - [29/Oct/2023:10:27:55 -0500] "GET /portaldeninos/los-arboles/ HTTP/1.1" 200 87546
191.95.165.89 - - [29/Oct/2023:10:28:53 -0500] "GET /portaldeninos/ HTTP/1.1" 200 110175
40.77.167.60 - - [29/Oct/2023:10:29:01 -0500] "GET /galeria/galeria/jquery.fancybox.js?v=2.1.5 HTTP/1.1" 200 48706
216.245.221.92 - - [29/Oct/2023:10:29:26 -0500] "HEAD / HTTP/1.1" 200 -
40.77.167.60 - - [29/Oct/2023:10:30:05 -0500] "GET /BLA/resoluciones/AUTOS%202023/4653.pdf HTTP/1.1" 200 2673953
201.245.192.253 - - [29/Oct/2023:10:30:27 -0500] "POST /kwsrmcab/Wsrmcab  HTTP/1.1" 200 40654
172.22.2.4 - - [29/Oct/2023:10:29:07 -0500] "HEAD /BLA/boletinlegal/ HTTP/1.1" 200 -
172.22.2.4 - - [29/Oct/2023:10:30:51 -0500] "GET /BLA/boletinlegal/jurisprudencia/analisis/analisis%20sentencia%20C-1007-2011-1.doc HTTP/1.1" 200 35328
201.245.192.253 - - [29/Oct/2023:10:30:52 -0500] "POST /kwsrmcab/Wsrmcab HTTP/1.1" 200 38288
201.245.192.253 - - [29/Oct/2023:10:30:54 -0500] "POST /kwsrmcab/Wsrmcab HTTP/1.1" 200 38723
172.22.2.4 - - [29/Oct/2023:10:29:58 -0500] "GET /BLA/boletinlegal/ HTTP/1.1" 200 58309
216.245.221.92 - - [29/Oct/2023:10:34:26 -0500] "HEAD / HTTP/1.1" 200 -
201.245.192.253 - - [29/Oct/2023:10:35:27 -0500] "POST /kwsrmcab/Wsrmcab  HTTP/1.1" 200 40654
172.22.2.4 - - [29/Oct/2023:10:34:57 -0500] "HEAD /BLA/boletinlegal/ HTTP/1.1" 200 -
172.22.2.4 - - [29/Oct/2023:10:35:48 -0500] "GET /BLA/boletinlegal/ HTTP/1.1" 200 58309
201.245.192.253 - - [29/Oct/2023:10:37:44 -0500] "POST /kwsrmcab/Wsrmcab HTTP/1.1" 200 38288
201.245.192.253 - - [29/Oct/2023:10:37:47 -0500] "POST /kwsrmcab/Wsrmcab HTTP/1.1" 200 38723
216.245.221.92 - - [29/Oct/2023:10:39:26 -0500] "HEAD / HTTP/1.1" 200 -
201.245.192.253 - - [29/Oct/2023:10:40:26 -0500] "POST /kwsrmcab/Wsrmcab  HTTP/1.1" 200 40654
201.245.192.253 - - [29/Oct/2023:10:40:52 -0500] "POST /kwsrmcab/Wsrmcab HTTP/1.1" 200 38288
201.245.192.253 - - [29/Oct/2023:10:40:55 -0500] "POST /kwsrmcab/Wsrmcab HTTP/1.1" 200 38723
40.77.167.44 - - [29/Oct/2023:10:41:55 -0500] "GET /BLA/resoluciones/AUTOS%202023/4493.pdf HTTP/1.1" 200 408490
172.22.2.4 - - [29/Oct/2023:10:40:47 -0500] "HEAD /BLA/boletinlegal/ HTTP/1.1" 200 -
66.249.66.38 - - [29/Oct/2023:10:42:40 -0500] "GET /mas-de-70-aves-de-corral-y-de-especies-no-convencionales-encontraron-un-hogar.html HTTP/1.1" 304 -
172.22.2.4 - - [29/Oct/2023:10:41:38 -0500] "GET /BLA/boletinlegal/ HTTP/1.1" 200 56799
40.77.167.44 - - [29/Oct/2023:10:43:55 -0500] "GET /BLA/resoluciones/AUTOS%202023/6700.pdf HTTP/1.1" 200 388354
216.245.221.92 - - [29/Oct/2023:10:44:26 -0500] "HEAD / HTTP/1.1" 200 -
201.245.192.253 - - [29/Oct/2023:10:45:26 -0500] "POST /kwsrmcab/Wsrmcab  HTTP/1.1" 200 40654
172.22.2.4 - - [29/Oct/2023:10:46:37 -0500] "HEAD /BLA/boletinlegal/ HTTP/1.1" 200 -
172.22.2.4 - - [29/Oct/2023:10:47:28 -0500] "GET /BLA/boletinlegal/ HTTP/1.1" 200 59936
216.245.221.92 - - [29/Oct/2023:10:49:26 -0500] "HEAD / HTTP/1.1" 200 -
52.167.144.205 - - [29/Oct/2023:10:50:17 -0500] "GET /BLA/resoluciones/AUTOS%202019/2546.pdf HTTP/1.1" 200 256705
201.245.192.253 - - [29/Oct/2023:10:50:26 -0500] "POST /kwsrmcab/Wsrmcab  HTTP/1.1" 200 40654
200.118.80.110 - - [29/Oct/2023:10:51:36 -0500] "GET /sipse/faces/index.xhtml HTTP/1.1" 200 677
200.118.80.110 - - [29/Oct/2023:10:51:36 -0500] "GET /sipse/faces/javax.faces.resource/theme.css?ln=primefaces-sipse HTTP/1.1" 304 -
200.118.80.110 - - [29/Oct/2023:10:51:36 -0500] "GET /sipse/faces/faces/autenticacion.xhtml HTTP/1.1" 200 12414
200.118.80.110 - - [29/Oct/2023:10:51:36 -0500] "GET /sipse/faces/javax.faces.resource/theme.css?ln=primefaces-sipse HTTP/1.1" 304 -
200.118.80.110 - - [29/Oct/2023:10:51:36 -0500] "GET /sipse/faces/javax.faces.resource/primefaces.css?ln=primefaces&v=4.0 HTTP/1.1" 304 -
200.118.80.110 - - [29/Oct/2023:10:51:36 -0500] "GET /sipse/faces/javax.faces.resource/jquery/jquery.js?ln=primefaces&v=4.0 HTTP/1.1" 304 -
200.118.80.110 - - [29/Oct/2023:10:51:36 -0500] "GET /sipse/faces/javax.faces.resource/primefaces.js?ln=primefaces&v=4.0 HTTP/1.1" 304 -
200.118.80.110 - - [29/Oct/2023:10:51:36 -0500] "GET /sipse/faces/javax.faces.resource/jquery/jquery-plugins.js?ln=primefaces&v=4.0 HTTP/1.1" 304 -
200.118.80.110 - - [29/Oct/2023:10:51:36 -0500] "GET /sipse/faces/javax.faces.resource/layout/layout.js?ln=primefaces&v=4.0 HTTP/1.1" 304 -
200.118.80.110 - - [29/Oct/2023:10:51:36 -0500] "GET /sipse/faces/javax.faces.resource/layout/layout.css?ln=primefaces&v=4.0 HTTP/1.1" 304 -
200.118.80.110 - - [29/Oct/2023:10:51:37 -0500] "GET /sipse/faces/javax.faces.resource/images/ui-icons_898989_256x240.png?ln=primefaces-aristo HTTP/1.1" 304 -
66.249.66.166 - - [29/Oct/2023:10:51:41 -0500] "GET /portaldeninos/relatos-urbanos-de-los-ecosistemas-bogotanos-2/ HTTP/1.1" 200 88374
200.118.80.110 - - [29/Oct/2023:10:51:50 -0500] "POST /sipse/faces/autenticacion.xhtml HTTP/1.1" 200 2220
200.118.80.110 - - [29/Oct/2023:10:51:51 -0500] "GET /sipse/faces/javax.faces.resource/messages/messages.png?ln=primefaces&v=4.0 HTTP/1.1" 304 -
200.118.80.110 - - [29/Oct/2023:10:51:53 -0500] "POST /sipse/faces/autenticacion.xhtml HTTP/1.1" 200 16387
200.118.80.110 - - [29/Oct/2023:10:51:53 -0500] "GET /sipse/faces/javax.faces.resource/theme.css?ln=primefaces-sipse HTTP/1.1" 304 -
200.118.80.110 - - [29/Oct/2023:10:51:53 -0500] "GET /sipse/faces/javax.faces.resource/primefaces.css?ln=primefaces&v=4.0 HTTP/1.1" 304 -
200.118.80.110 - - [29/Oct/2023:10:51:53 -0500] "GET /sipse/faces/javax.faces.resource/layout/layout.css?ln=primefaces&v=4.0 HTTP/1.1" 304 -
200.118.80.110 - - [29/Oct/2023:10:51:53 -0500] "GET /sipse/faces/javax.faces.resource/jquery/jquery.js?ln=primefaces&v=4.0 HTTP/1.1" 304 -
200.118.80.110 - - [29/Oct/2023:10:51:53 -0500] "GET /sipse/faces/javax.faces.resource/jquery/jquery-plugins.js?ln=primefaces&v=4.0 HTTP/1.1" 304 -
200.118.80.110 - - [29/Oct/2023:10:51:53 -0500] "GET /sipse/faces/javax.faces.resource/primefaces.js?ln=primefaces&v=4.0 HTTP/1.1" 304 -
200.118.80.110 - - [29/Oct/2023:10:51:53 -0500] "GET /sipse/faces/javax.faces.resource/layout/layout.js?ln=primefaces&v=4.0 HTTP/1.1" 304 -
200.118.80.110 - - [29/Oct/2023:10:51:54 -0500] "GET /sipse/css/imagen/contrasena.png HTTP/1.1" 404 383
66.249.66.165 - - [29/Oct/2023:10:52:05 -0500] "GET /portaldeninos/wp-content/themes/betheme/css/shortcodes.css?ver=20.9.6 HTTP/1.1" 200 138889
200.118.80.110 - - [29/Oct/2023:10:52:24 -0500] "GET /sipse/faces/javax.faces.resource/images/ui-bg_flat_0_2d5972_40x100.png?ln=primefaces-aristo HTTP/1.1" 304 -
200.118.80.110 - - [29/Oct/2023:10:52:24 -0500] "POST /sipse/faces/bienvenido.xhtml HTTP/1.1" 200 2658
200.118.80.110 - - [29/Oct/2023:10:52:26 -0500] "POST /sipse/faces/bienvenido.xhtml HTTP/1.1" 200 65374
200.118.80.110 - - [29/Oct/2023:10:52:29 -0500] "GET /sipse/faces/javax.faces.resource/theme.css?ln=primefaces-sipse HTTP/1.1" 304 -
200.118.80.110 - - [29/Oct/2023:10:52:29 -0500] "GET /sipse/faces/javax.faces.resource/primefaces.css?ln=primefaces&v=4.0 HTTP/1.1" 304 -
200.118.80.110 - - [29/Oct/2023:10:52:29 -0500] "GET /sipse/faces/javax.faces.resource/layout/layout.css?ln=primefaces&v=4.0 HTTP/1.1" 304 -
200.118.80.110 - - [29/Oct/2023:10:52:29 -0500] "GET /sipse/faces/javax.faces.resource/jquery/jquery.js?ln=primefaces&v=4.0 HTTP/1.1" 304 -
200.118.80.110 - - [29/Oct/2023:10:52:29 -0500] "GET /sipse/faces/javax.faces.resource/jquery/jquery-plugins.js?ln=primefaces&v=4.0 HTTP/1.1" 304 -
200.118.80.110 - - [29/Oct/2023:10:52:29 -0500] "GET /sipse/faces/javax.faces.resource/primefaces.js?ln=primefaces&v=4.0 HTTP/1.1" 304 -
200.118.80.110 - - [29/Oct/2023:10:52:29 -0500] "GET /sipse/faces/javax.faces.resource/layout/layout.js?ln=primefaces&v=4.0 HTTP/1.1" 304 -
200.118.80.110 - - [29/Oct/2023:10:52:29 -0500] "POST /sipse/faces/presentacion/financiero/solicitudProceso/listarSolicitudProceso.xhtml HTTP/1.1" 200 1548
200.118.80.110 - - [29/Oct/2023:10:52:32 -0500] "POST /sipse/faces/presentacion/financiero/solicitudProceso/listarSolicitudProceso.xhtml HTTP/1.1" 200 59054
200.118.80.110 - - [29/Oct/2023:10:52:32 -0500] "GET /sipse/faces/javax.faces.resource/theme.css?ln=primefaces-sipse HTTP/1.1" 304 -
200.118.80.110 - - [29/Oct/2023:10:52:32 -0500] "GET /sipse/faces/javax.faces.resource/layout/layout.css?ln=primefaces&v=4.0 HTTP/1.1" 304 -
200.118.80.110 - - [29/Oct/2023:10:52:32 -0500] "GET /sipse/faces/javax.faces.resource/primefaces.css?ln=primefaces&v=4.0 HTTP/1.1" 304 -
200.118.80.110 - - [29/Oct/2023:10:52:32 -0500] "GET /sipse/faces/javax.faces.resource/jquery/jquery.js?ln=primefaces&v=4.0 HTTP/1.1" 304 -
200.118.80.110 - - [29/Oct/2023:10:52:32 -0500] "GET /sipse/faces/javax.faces.resource/jquery/jquery-plugins.js?ln=primefaces&v=4.0 HTTP/1.1" 304 -
200.118.80.110 - - [29/Oct/2023:10:52:32 -0500] "GET /sipse/faces/javax.faces.resource/primefaces.js?ln=primefaces&v=4.0 HTTP/1.1" 304 -
200.118.80.110 - - [29/Oct/2023:10:52:32 -0500] "GET /sipse/faces/javax.faces.resource/layout/layout.js?ln=primefaces&v=4.0 HTTP/1.1" 304 -
200.118.80.110 - - [29/Oct/2023:10:52:41 -0500] "POST /sipse/faces/presentacion/financiero/solicitudProceso/crearModificarSolicitudProceso.xhtml HTTP/1.1" 200 27317
66.249.66.19 - - [29/Oct/2023:10:53:24 -0500] "GET /BLA/resoluciones/RESOLUCIONES%202015/0745.pdf HTTP/1.1" 200 472789
52.167.144.136 - - [29/Oct/2023:10:53:26 -0500] "GET /BLA/resoluciones/AUTOS%202023/5042.pdf HTTP/1.1" 200 3175489
52.167.144.235 - - [29/Oct/2023:10:54:01 -0500] "GET /BLA/resoluciones/AUTOS%202023/5166.pdf HTTP/1.1" 200 482682
172.22.2.4 - - [29/Oct/2023:10:52:27 -0500] "HEAD /BLA/boletinlegal/ HTTP/1.1" 200 -
216.245.221.92 - - [29/Oct/2023:10:54:26 -0500] "HEAD / HTTP/1.1" 200 -
172.22.2.4 - - [29/Oct/2023:10:53:18 -0500] "GET /BLA/boletinlegal/ HTTP/1.1" 200 57957
201.245.192.253 - - [29/Oct/2023:10:55:26 -0500] "POST /kwsrmcab/Wsrmcab  HTTP/1.1" 200 40654
52.167.144.136 - - [29/Oct/2023:10:59:16 -0500] "GET /BLA/resoluciones/AUTOS%202023/5151.pdf HTTP/1.1" 200 813845
216.245.221.92 - - [29/Oct/2023:10:59:26 -0500] "HEAD / HTTP/1.1" 200 -
172.22.2.4 - - [29/Oct/2023:10:58:17 -0500] "HEAD /BLA/boletinlegal/ HTTP/1.1" 200 -
52.167.144.3 - - [29/Oct/2023:11:00:11 -0500] "GET /BLA/resoluciones/AUTOS%202022/5373.pdf HTTP/1.1" 304 -
201.245.192.253 - - [29/Oct/2023:11:00:26 -0500] "POST /kwsrmcab/Wsrmcab  HTTP/1.1" 200 40654
172.22.2.4 - - [29/Oct/2023:10:59:08 -0500] "GET /BLA/boletinlegal/ HTTP/1.1" 200 58309
52.167.144.145 - - [29/Oct/2023:11:02:13 -0500] "GET /Publicaciones/2023EE182129.pdf HTTP/1.1" 404 228
52.167.144.145 - - [29/Oct/2023:11:02:13 -0500] "GET /Publicaciones/2023EE185462.pdf HTTP/1.1" 404 228
52.167.144.145 - - [29/Oct/2023:11:02:13 -0500] "GET /Publicaciones/2023EE222726.pdf HTTP/1.1" 404 228
52.167.144.145 - - [29/Oct/2023:11:02:14 -0500] "GET /Publicaciones/2023EE235201.pdf HTTP/1.1" 404 228
52.167.144.145 - - [29/Oct/2023:11:02:14 -0500] "GET /Publicaciones/2023EE237777.pdf HTTP/1.1" 404 228
40.77.167.26 - - [29/Oct/2023:11:02:20 -0500] "GET /Publicaciones/2023EE183601.pdf HTTP/1.1" 404 228
40.77.167.26 - - [29/Oct/2023:11:02:21 -0500] "GET /Publicaciones/2023EE184202.pdf HTTP/1.1" 404 228
40.77.167.26 - - [29/Oct/2023:11:02:21 -0500] "GET /Publicaciones/2023EE188359.pdf HTTP/1.1" 404 228
40.77.167.26 - - [29/Oct/2023:11:02:21 -0500] "GET /Publicaciones/2023EE205032.pdf HTTP/1.1" 404 228
40.77.167.26 - - [29/Oct/2023:11:02:21 -0500] "GET /Publicaciones/2023EE208778.pdf HTTP/1.1" 404 228
40.77.167.26 - - [29/Oct/2023:11:02:21 -0500] "GET /Publicaciones/2023EE210324.pdf HTTP/1.1" 404 228
40.77.167.26 - - [29/Oct/2023:11:02:50 -0500] "GET /Publicaciones/2023EE182042.pdf HTTP/1.1" 404 228
40.77.167.26 - - [29/Oct/2023:11:02:50 -0500] "GET /Publicaciones/2023EE183074.pdf HTTP/1.1" 404 228
40.77.167.26 - - [29/Oct/2023:11:02:50 -0500] "GET /Publicaciones/2023EE186808.pdf HTTP/1.1" 404 228
40.77.167.26 - - [29/Oct/2023:11:02:50 -0500] "GET /Publicaciones/2023EE194842.pdf HTTP/1.1" 404 228
40.77.167.26 - - [29/Oct/2023:11:02:50 -0500] "GET /Publicaciones/2023EE206273.pdf HTTP/1.1" 404 228
40.77.167.26 - - [29/Oct/2023:11:02:50 -0500] "GET /Publicaciones/2023EE218258.pdf HTTP/1.1" 404 228
40.77.167.26 - - [29/Oct/2023:11:02:50 -0500] "GET /Publicaciones/2023EE232245.pdf HTTP/1.1" 404 228
40.77.167.26 - - [29/Oct/2023:11:02:50 -0500] "GET /Publicaciones/2023EE237169.pdf HTTP/1.1" 404 228
52.167.144.145 - - [29/Oct/2023:11:02:57 -0500] "GET /Publicaciones/2023EE188362.pdf HTTP/1.1" 404 228
52.167.144.145 - - [29/Oct/2023:11:02:57 -0500] "GET /Publicaciones/2023EE190693.pdf HTTP/1.1" 404 228
52.167.144.145 - - [29/Oct/2023:11:02:57 -0500] "GET /Publicaciones/2023EE195447.pdf HTTP/1.1" 404 228
52.167.144.145 - - [29/Oct/2023:11:02:58 -0500] "GET /Publicaciones/2023EE231268.pdf HTTP/1.1" 404 228
52.167.144.145 - - [29/Oct/2023:11:02:58 -0500] "GET /Publicaciones/2023EE239872.pdf HTTP/1.1" 404 228
40.77.167.126 - - [29/Oct/2023:11:03:20 -0500] "GET /Publicaciones/2023EE186794.pdf HTTP/1.1" 404 228
40.77.167.126 - - [29/Oct/2023:11:03:20 -0500] "GET /Publicaciones/2023EE196216.pdf HTTP/1.1" 404 228
40.77.167.126 - - [29/Oct/2023:11:03:21 -0500] "GET /Publicaciones/2023EE197544.pdf HTTP/1.1" 404 228
40.77.167.126 - - [29/Oct/2023:11:03:21 -0500] "GET /Publicaciones/2023EE223541.pdf HTTP/1.1" 404 228
40.77.167.126 - - [29/Oct/2023:11:03:21 -0500] "GET /Publicaciones/2023EE235408.pdf HTTP/1.1" 404 228
40.77.167.126 - - [29/Oct/2023:11:03:21 -0500] "GET /Publicaciones/2023EE243847.pdf HTTP/1.1" 200 1118594
52.167.144.145 - - [29/Oct/2023:11:03:25 -0500] "GET /Publicaciones/2023EE245189.pdf HTTP/1.1" 200 231865
52.167.144.145 - - [29/Oct/2023:11:03:26 -0500] "GET /Publicaciones/2023EE241559.pdf HTTP/1.1" 200 670624
52.167.144.145 - - [29/Oct/2023:11:03:27 -0500] "GET /Publicaciones/2023EE244959.pdf HTTP/1.1" 200 231520
52.167.144.145 - - [29/Oct/2023:11:03:27 -0500] "GET /Publicaciones/2023EE192194.pdf HTTP/1.1" 404 228
52.167.144.145 - - [29/Oct/2023:11:03:27 -0500] "GET /Publicaciones/2023EE195732.pdf HTTP/1.1" 404 228
52.167.144.145 - - [29/Oct/2023:11:03:27 -0500] "GET /Publicaciones/2023EE207897.pdf HTTP/1.1" 404 228
52.167.144.145 - - [29/Oct/2023:11:03:28 -0500] "GET /Publicaciones/2023EE207903.pdf HTTP/1.1" 404 228
52.167.144.145 - - [29/Oct/2023:11:03:28 -0500] "GET /Publicaciones/2023EE235760.pdf HTTP/1.1" 404 228
52.167.144.145 - - [29/Oct/2023:11:03:28 -0500] "GET /Publicaciones/2023EE238363.pdf HTTP/1.1" 404 228
40.77.167.126 - - [29/Oct/2023:11:03:34 -0500] "GET /Publicaciones/2023EE192126.pdf HTTP/1.1" 404 228
40.77.167.126 - - [29/Oct/2023:11:03:34 -0500] "GET /Publicaciones/2023EE198362.pdf HTTP/1.1" 404 228
40.77.167.126 - - [29/Oct/2023:11:03:35 -0500] "GET /Publicaciones/2023EE213950.pdf HTTP/1.1" 404 228
40.77.167.126 - - [29/Oct/2023:11:03:35 -0500] "GET /Publicaciones/2023EE222751.pdf HTTP/1.1" 404 228
40.77.167.126 - - [29/Oct/2023:11:03:35 -0500] "GET /Publicaciones/2023EE235693.pdf HTTP/1.1" 404 228
52.167.144.145 - - [29/Oct/2023:11:04:04 -0500] "GET /Publicaciones/2023EE245064.pdf HTTP/1.1" 200 231843
52.167.144.145 - - [29/Oct/2023:11:04:04 -0500] "GET /Publicaciones/2023EE182560.pdf HTTP/1.1" 404 228
52.167.144.145 - - [29/Oct/2023:11:04:05 -0500] "GET /Publicaciones/2023EE195457.pdf HTTP/1.1" 404 228
52.167.144.145 - - [29/Oct/2023:11:04:05 -0500] "GET /Publicaciones/2023EE217175.pdf HTTP/1.1" 404 228
52.167.144.145 - - [29/Oct/2023:11:04:05 -0500] "GET /Publicaciones/2023EE233781.pdf HTTP/1.1" 404 228
40.77.167.21 - - [29/Oct/2023:11:04:10 -0500] "GET /Publicaciones/2023EE191696.pdf HTTP/1.1" 404 228
40.77.167.21 - - [29/Oct/2023:11:04:10 -0500] "GET /Publicaciones/2023EE197030.pdf HTTP/1.1" 404 228
52.167.144.145 - - [29/Oct/2023:11:04:24 -0500] "GET /Publicaciones/2023EE245188.pdf HTTP/1.1" 200 231873
52.167.144.145 - - [29/Oct/2023:11:04:25 -0500] "GET /Publicaciones/2023EE213132.pdf HTTP/1.1" 404 228
216.245.221.92 - - [29/Oct/2023:11:04:26 -0500] "HEAD / HTTP/1.1" 200 -
52.167.144.145 - - [29/Oct/2023:11:04:34 -0500] "GET /Publicaciones/2023EE233243.pdf HTTP/1.1" 404 228
52.167.144.145 - - [29/Oct/2023:11:04:34 -0500] "GET /Publicaciones/2023EE236796.pdf HTTP/1.1" 404 228
52.167.144.145 - - [29/Oct/2023:11:04:35 -0500] "GET /Publicaciones/2023EE241549.pdf HTTP/1.1" 200 552856
52.167.144.145 - - [29/Oct/2023:11:04:35 -0500] "GET /Publicaciones/2023EE242154.pdf HTTP/1.1" 200 1044989
52.167.144.145 - - [29/Oct/2023:11:04:37 -0500] "GET /Publicaciones/2023EE245067.pdf HTTP/1.1" 200 231978
40.77.167.21 - - [29/Oct/2023:11:04:40 -0500] "GET /Publicaciones/2023EE183990.pdf HTTP/1.1" 404 228
40.77.167.21 - - [29/Oct/2023:11:04:40 -0500] "GET /Publicaciones/2023EE190603.pdf HTTP/1.1" 404 228
40.77.167.21 - - [29/Oct/2023:11:04:41 -0500] "GET /Publicaciones/2023EE205764.pdf HTTP/1.1" 404 228
40.77.167.21 - - [29/Oct/2023:11:04:41 -0500] "GET /Publicaciones/2023EE212861.pdf HTTP/1.1" 404 228
40.77.167.21 - - [29/Oct/2023:11:04:42 -0500] "GET /Publicaciones/2023EE219151.pdf HTTP/1.1" 404 228
52.167.144.145 - - [29/Oct/2023:11:04:44 -0500] "GET /Publicaciones/2023EE213591.pdf HTTP/1.1" 404 228
52.167.144.145 - - [29/Oct/2023:11:04:45 -0500] "GET /Publicaciones/2023EE235409.pdf HTTP/1.1" 404 228
52.167.144.145 - - [29/Oct/2023:11:04:45 -0500] "GET /Publicaciones/2023EE235716.pdf HTTP/1.1" 404 228
52.167.144.145 - - [29/Oct/2023:11:04:45 -0500] "GET /Publicaciones/2023EE185592.pdf HTTP/1.1" 404 228
162.55.41.96 - - [29/Oct/2023:11:05:27 -0500] "GET / HTTP/1.1" 200 4720
201.245.192.253 - - [29/Oct/2023:11:05:26 -0500] "POST /kwsrmcab/Wsrmcab  HTTP/1.1" 200 40654
162.55.41.96 - - [29/Oct/2023:11:05:29 -0500] "GET / HTTP/1.1" 200 319
172.22.2.4 - - [29/Oct/2023:11:04:07 -0500] "HEAD /BLA/boletinlegal/ HTTP/1.1" 200 -
172.22.2.4 - - [29/Oct/2023:11:04:58 -0500] "GET /BLA/boletinlegal/ HTTP/1.1" 200 60682
216.245.221.92 - - [29/Oct/2023:11:09:26 -0500] "HEAD / HTTP/1.1" 200 -
52.167.144.145 - - [29/Oct/2023:11:10:08 -0500] "GET /BLA/resoluciones/AUTOS%202023/5158.pdf HTTP/1.1" 200 1344995
201.245.192.253 - - [29/Oct/2023:11:10:25 -0500] "POST /kwsrmcab/Wsrmcab  HTTP/1.1" 200 40654
172.22.2.4 - - [29/Oct/2023:11:09:57 -0500] "HEAD /BLA/boletinlegal/ HTTP/1.1" 200 -
172.22.2.4 - - [29/Oct/2023:11:10:48 -0500] "GET /BLA/boletinlegal/ HTTP/1.1" 200 52658
52.167.144.219 - - [29/Oct/2023:11:14:03 -0500] "GET /Publicaciones/2023EE243386.pdf HTTP/1.1" 200 469712
40.77.167.48 - - [29/Oct/2023:11:14:05 -0500] "GET /Publicaciones/2023EE245712.pdf HTTP/1.1" 200 422110
40.77.167.48 - - [29/Oct/2023:11:14:06 -0500] "GET /Publicaciones/2023EE232151.pdf HTTP/1.1" 404 228
40.77.167.48 - - [29/Oct/2023:11:14:06 -0500] "GET /Publicaciones/2023EE238367.pdf HTTP/1.1" 404 228
40.77.167.48 - - [29/Oct/2023:11:14:07 -0500] "GET /Publicaciones/2023EE192111.pdf HTTP/1.1" 404 228
52.167.144.212 - - [29/Oct/2023:11:14:08 -0500] "GET /BLA/resoluciones/AUTOS%202023/5066.pdf HTTP/1.1" 200 417536
40.77.167.48 - - [29/Oct/2023:11:14:13 -0500] "GET /Publicaciones/2023EE206001.pdf HTTP/1.1" 404 228
40.77.167.48 - - [29/Oct/2023:11:14:13 -0500] "GET /BLA/resoluciones/AUTOS%202023/3607.pdf HTTP/1.1" 200 458492
114.119.151.172 - - [29/Oct/2023:11:14:19 -0500] "GET /BLA/resoluciones/index.php?dir=AUTOS%2B2005/&sort=name&order=asc HTTP/1.1" 200 13882
216.245.221.92 - - [29/Oct/2023:11:14:26 -0500] "HEAD / HTTP/1.1" 200 -
201.245.192.253 - - [29/Oct/2023:11:15:23 -0500] "POST /kwsrmcab/Wsrmcab  HTTP/1.1" 200 40654
199.16.157.181 - - [29/Oct/2023:11:17:11 -0500] "GET /robots.txt HTTP/1.1" 404 1034
199.16.157.181 - - [29/Oct/2023:11:17:12 -0500] "GET /images/pl%C3%A1sticos%20foto%201..jpg HTTP/1.1" 404 1034
40.77.167.43 - - [29/Oct/2023:11:17:13 -0500] "GET /BLA/resoluciones/AUTOS%202023/3686.pdf HTTP/1.1" 200 458611
172.22.2.4 - - [29/Oct/2023:11:15:47 -0500] "HEAD /BLA/boletinlegal/ HTTP/1.1" 200 -
201.245.192.253 - - [29/Oct/2023:11:17:45 -0500] "POST /kwsrmcab/Wsrmcab HTTP/1.1" 200 39064
201.245.192.253 - - [29/Oct/2023:11:17:47 -0500] "POST /kwsrmcab/Wsrmcab HTTP/1.1" 200 38579
52.167.144.212 - - [29/Oct/2023:11:18:08 -0500] "GET /BLA/resoluciones/AUTOS%202023/5902.pdf HTTP/1.1" 200 390837
172.22.2.4 - - [29/Oct/2023:11:16:38 -0500] "GET /BLA/boletinlegal/ HTTP/1.1" 200 57957
172.22.2.4 - - [29/Oct/2023:11:18:48 -0500] "GET /BLA/boletinlegal/robots.txt HTTP/1.1" 404 1038
172.22.2.4 - - [29/Oct/2023:11:19:18 -0500] "GET /BLA/boletinlegal/jurisprudencia/analisis/ANALISIST-046-99.docx HTTP/1.1" 200 20918
216.245.221.92 - - [29/Oct/2023:11:19:26 -0500] "HEAD / HTTP/1.1" 200 -
201.245.192.253 - - [29/Oct/2023:11:20:22 -0500] "POST /kwsrmcab/Wsrmcab  HTTP/1.1" 200 40654
201.245.192.253 - - [29/Oct/2023:11:20:52 -0500] "POST /kwsrmcab/Wsrmcab HTTP/1.1" 200 39064
201.245.192.253 - - [29/Oct/2023:11:20:55 -0500] "POST /kwsrmcab/Wsrmcab HTTP/1.1" 200 38579
172.22.2.4 - - [29/Oct/2023:11:21:37 -0500] "HEAD /BLA/boletinlegal/ HTTP/1.1" 200 -
66.249.66.39 - - [29/Oct/2023:11:23:45 -0500] "GET /participa-en-la-cuarta-convocatoria-de-sembradoras-por-la-reactivaccion.html HTTP/1.1" 304 -
172.22.2.4 - - [29/Oct/2023:11:22:28 -0500] "GET /BLA/boletinlegal/ HTTP/1.1" 200 60682
216.245.221.92 - - [29/Oct/2023:11:24:26 -0500] "HEAD / HTTP/1.1" 200 -
201.245.192.253 - - [29/Oct/2023:11:25:21 -0500] "POST /kwsrmcab/Wsrmcab  HTTP/1.1" 200 40654
201.245.192.253 - - [29/Oct/2023:11:27:44 -0500] "POST /kwsrmcab/Wsrmcab HTTP/1.1" 200 39064
201.245.192.253 - - [29/Oct/2023:11:27:47 -0500] "POST /kwsrmcab/Wsrmcab HTTP/1.1" 200 38579
172.22.2.4 - - [29/Oct/2023:11:27:27 -0500] "HEAD /BLA/boletinlegal/ HTTP/1.1" 200 -
167.94.145.51 - - [29/Oct/2023:11:29:18 -0500] "GET / HTTP/1.1" 200 319
167.94.145.51 - - [29/Oct/2023:11:29:18 -0500] "GET / HTTP/1.1" 200 319
167.94.145.51 - - [29/Oct/2023:11:29:18 -0500] "PRI * HTTP/2.0" 400 946
167.94.145.51 - - [29/Oct/2023:11:29:19 -0500] "GET /favicon.ico HTTP/1.1" 200 7782
216.245.221.92 - - [29/Oct/2023:11:29:26 -0500] "HEAD / HTTP/1.1" 200 -
172.22.2.4 - - [29/Oct/2023:11:28:40 -0500] "GET /BLA/boletinlegal/ HTTP/1.1" 200 32715
172.22.2.4 - - [29/Oct/2023:11:28:50 -0500] "GET /BLA/boletinlegal/ HTTP/1.1" 200 24523
172.22.2.4 - - [29/Oct/2023:11:28:18 -0500] "GET /BLA/boletinlegal/ HTTP/1.1" 200 51045
186.155.98.205 - - [29/Oct/2023:11:30:03 -0500] "GET /sipse/faces/index.xhtml HTTP/1.1" 200 677
186.155.98.205 - - [29/Oct/2023:11:30:03 -0500] "GET /sipse/faces/javax.faces.resource/theme.css?ln=primefaces-sipse HTTP/1.1" 304 -
186.155.98.205 - - [29/Oct/2023:11:30:03 -0500] "GET /sipse/faces/faces/autenticacion.xhtml HTTP/1.1" 200 12405
186.155.98.205 - - [29/Oct/2023:11:30:03 -0500] "GET /sipse/js/disable_browser_buttons.js HTTP/1.1" 304 -
186.155.98.205 - - [29/Oct/2023:11:30:03 -0500] "GET /sipse/css/custom_css_sg.css HTTP/1.1" 304 -
186.155.98.205 - - [29/Oct/2023:11:30:03 -0500] "GET /sipse/faces/javax.faces.resource/theme.css?ln=primefaces-sipse HTTP/1.1" 304 -
186.155.98.205 - - [29/Oct/2023:11:30:03 -0500] "GET /sipse/css/custom_css_sg_prime_login.css HTTP/1.1" 304 -
186.155.98.205 - - [29/Oct/2023:11:30:03 -0500] "GET /sipse/js/funciones.js HTTP/1.1" 304 -
186.155.98.205 - - [29/Oct/2023:11:30:03 -0500] "GET /sipse/faces/javax.faces.resource/primefaces.css?ln=primefaces&v=4.0 HTTP/1.1" 304 -
186.155.98.205 - - [29/Oct/2023:11:30:03 -0500] "GET /sipse/faces/javax.faces.resource/layout/layout.css?ln=primefaces&v=4.0 HTTP/1.1" 304 -
186.155.98.205 - - [29/Oct/2023:11:30:03 -0500] "GET /sipse/faces/javax.faces.resource/jquery/jquery.js?ln=primefaces&v=4.0 HTTP/1.1" 304 -
186.155.98.205 - - [29/Oct/2023:11:30:04 -0500] "GET /sipse/faces/javax.faces.resource/jquery/jquery-plugins.js?ln=primefaces&v=4.0 HTTP/1.1" 304 -
186.155.98.205 - - [29/Oct/2023:11:30:04 -0500] "GET /sipse/faces/javax.faces.resource/primefaces.js?ln=primefaces&v=4.0 HTTP/1.1" 304 -
186.155.98.205 - - [29/Oct/2023:11:30:04 -0500] "GET /sipse/faces/javax.faces.resource/layout/layout.js?ln=primefaces&v=4.0 HTTP/1.1" 304 -
186.155.98.205 - - [29/Oct/2023:11:30:04 -0500] "GET /sipse/css/imagen/logoSDG.png HTTP/1.1" 304 -
186.155.98.205 - - [29/Oct/2023:11:30:04 -0500] "GET /sipse/css/imagen/loginimg.png HTTP/1.1" 304 -
186.155.98.205 - - [29/Oct/2023:11:30:04 -0500] "GET /sipse/faces/javax.faces.resource/images/ui-icons_898989_256x240.png?ln=primefaces-aristo HTTP/1.1" 304 -
186.155.98.205 - - [29/Oct/2023:11:30:12 -0500] "POST /sipse/faces/autenticacion.xhtml HTTP/1.1" 200 2222
186.155.98.205 - - [29/Oct/2023:11:30:13 -0500] "GET /sipse/faces/javax.faces.resource/messages/messages.png?ln=primefaces&v=4.0 HTTP/1.1" 304 -
186.155.98.205 - - [29/Oct/2023:11:30:14 -0500] "POST /sipse/faces/autenticacion.xhtml HTTP/1.1" 200 16351
186.155.98.205 - - [29/Oct/2023:11:30:14 -0500] "GET /sipse/css/custom_css_sg_prime.css HTTP/1.1" 304 -
186.155.98.205 - - [29/Oct/2023:11:30:14 -0500] "GET /sipse/faces/javax.faces.resource/theme.css?ln=primefaces-sipse HTTP/1.1" 304 -
186.155.98.205 - - [29/Oct/2023:11:30:14 -0500] "GET /sipse/faces/javax.faces.resource/primefaces.css?ln=primefaces&v=4.0 HTTP/1.1" 304 -
186.155.98.205 - - [29/Oct/2023:11:30:14 -0500] "GET /sipse/faces/javax.faces.resource/layout/layout.css?ln=primefaces&v=4.0 HTTP/1.1" 304 -
186.155.98.205 - - [29/Oct/2023:11:30:14 -0500] "GET /sipse/js/jquery.min.js HTTP/1.1" 304 -
186.155.98.205 - - [29/Oct/2023:11:30:14 -0500] "GET /sipse/faces/javax.faces.resource/jquery/jquery.js?ln=primefaces&v=4.0 HTTP/1.1" 304 -
186.155.98.205 - - [29/Oct/2023:11:30:14 -0500] "GET /sipse/faces/javax.faces.resource/jquery/jquery-plugins.js?ln=primefaces&v=4.0 HTTP/1.1" 304 -
186.155.98.205 - - [29/Oct/2023:11:30:14 -0500] "GET /sipse/faces/javax.faces.resource/primefaces.js?ln=primefaces&v=4.0 HTTP/1.1" 304 -
186.155.98.205 - - [29/Oct/2023:11:30:14 -0500] "GET /sipse/faces/javax.faces.resource/layout/layout.js?ln=primefaces&v=4.0 HTTP/1.1" 304 -
186.155.98.205 - - [29/Oct/2023:11:30:14 -0500] "GET /sipse/css/v_mergente.css HTTP/1.1" 304 -
186.155.98.205 - - [29/Oct/2023:11:30:14 -0500] "GET /sipse/imagenes/cargando.gif HTTP/1.1" 304 -
186.155.98.205 - - [29/Oct/2023:11:30:14 -0500] "GET /sipse/imagenes/logoAplicacion.jpg HTTP/1.1" 304 -
186.155.98.205 - - [29/Oct/2023:11:30:14 -0500] "GET /sipse/css/imagen/contrasena.png HTTP/1.1" 404 383
186.155.98.205 - - [29/Oct/2023:11:30:16 -0500] "GET /sipse/faces/javax.faces.resource/images/ui-bg_flat_0_2d5972_40x100.png?ln=primefaces-aristo HTTP/1.1" 304 -
186.155.98.205 - - [29/Oct/2023:11:30:16 -0500] "POST /sipse/faces/bienvenido.xhtml HTTP/1.1" 200 2060
186.155.98.205 - - [29/Oct/2023:11:30:17 -0500] "POST /sipse/faces/bienvenido.xhtml HTTP/1.1" 200 56796
186.155.98.205 - - [29/Oct/2023:11:30:18 -0500] "GET /sipse/faces/javax.faces.resource/theme.css?ln=primefaces-sipse HTTP/1.1" 304 -
186.155.98.205 - - [29/Oct/2023:11:30:18 -0500] "GET /sipse/faces/javax.faces.resource/layout/layout.css?ln=primefaces&v=4.0 HTTP/1.1" 304 -
186.155.98.205 - - [29/Oct/2023:11:30:18 -0500] "GET /sipse/faces/javax.faces.resource/primefaces.css?ln=primefaces&v=4.0 HTTP/1.1" 304 -
186.155.98.205 - - [29/Oct/2023:11:30:18 -0500] "GET /sipse/faces/javax.faces.resource/jquery/jquery.js?ln=primefaces&v=4.0 HTTP/1.1" 304 -
186.155.98.205 - - [29/Oct/2023:11:30:18 -0500] "GET /sipse/faces/javax.faces.resource/jquery/jquery-plugins.js?ln=primefaces&v=4.0 HTTP/1.1" 304 -
186.155.98.205 - - [29/Oct/2023:11:30:18 -0500] "GET /sipse/faces/javax.faces.resource/primefaces.js?ln=primefaces&v=4.0 HTTP/1.1" 304 -
186.155.98.205 - - [29/Oct/2023:11:30:18 -0500] "GET /sipse/faces/javax.faces.resource/layout/layout.js?ln=primefaces&v=4.0 HTTP/1.1" 304 -
186.155.98.205 - - [29/Oct/2023:11:30:18 -0500] "POST /sipse/faces/presentacion/financiero/solicitudProceso/listarSolicitudProceso.xhtml HTTP/1.1" 200 1532
186.155.98.205 - - [29/Oct/2023:11:30:20 -0500] "POST /sipse/faces/presentacion/financiero/solicitudProceso/listarSolicitudProceso.xhtml HTTP/1.1" 200 39775
186.155.98.205 - - [29/Oct/2023:11:30:20 -0500] "POST /sipse/faces/presentacion/financiero/solicitudProceso/listarSolicitudProceso.xhtml HTTP/1.1" 200 1540
186.155.98.205 - - [29/Oct/2023:11:30:22 -0500] "POST /sipse/faces/presentacion/financiero/solicitudProceso/listarSolicitudProceso.xhtml HTTP/1.1" 200 4571
186.155.98.205 - - [29/Oct/2023:11:30:22 -0500] "POST /sipse/faces/presentacion/financiero/solicitudProceso/listarSolicitudProceso.xhtml HTTP/1.1" 200 16315
201.245.192.253 - - [29/Oct/2023:11:30:20 -0500] "POST /kwsrmcab/Wsrmcab  HTTP/1.1" 200 40654
186.155.98.205 - - [29/Oct/2023:11:30:24 -0500] "POST /sipse/faces/presentacion/financiero/solicitudProceso/listarSolicitudProceso.xhtml HTTP/1.1" 200 151126
186.155.98.205 - - [29/Oct/2023:11:30:25 -0500] "GET /sipse/faces/javax.faces.resource/theme.css?ln=primefaces-sipse HTTP/1.1" 304 -
186.155.98.205 - - [29/Oct/2023:11:30:25 -0500] "GET /sipse/faces/javax.faces.resource/layout/layout.css?ln=primefaces&v=4.0 HTTP/1.1" 304 -
186.155.98.205 - - [29/Oct/2023:11:30:25 -0500] "GET /sipse/faces/javax.faces.resource/primefaces.css?ln=primefaces&v=4.0 HTTP/1.1" 304 -
186.155.98.205 - - [29/Oct/2023:11:30:25 -0500] "GET /sipse/faces/javax.faces.resource/jquery/jquery.js?ln=primefaces&v=4.0 HTTP/1.1" 304 -
186.155.98.205 - - [29/Oct/2023:11:30:25 -0500] "GET /sipse/faces/javax.faces.resource/jquery/jquery-plugins.js?ln=primefaces&v=4.0 HTTP/1.1" 304 -
186.155.98.205 - - [29/Oct/2023:11:30:25 -0500] "GET /sipse/faces/javax.faces.resource/primefaces.js?ln=primefaces&v=4.0 HTTP/1.1" 304 -
186.155.98.205 - - [29/Oct/2023:11:30:25 -0500] "GET /sipse/faces/javax.faces.resource/layout/layout.js?ln=primefaces&v=4.0 HTTP/1.1" 304 -
66.249.66.21 - - [29/Oct/2023:11:30:26 -0500] "GET /Residuos/textiles/files/guia_textiles.pdf HTTP/1.1" 200 12356716
186.155.98.205 - - [29/Oct/2023:11:30:43 -0500] "POST /sipse/faces/presentacion/financiero/solicitudProceso/consultarSolicitudProceso.xhtml HTTP/1.1" 200 201842
201.245.192.253 - - [29/Oct/2023:11:30:52 -0500] "POST /kwsrmcab/Wsrmcab HTTP/1.1" 200 39064
201.245.192.253 - - [29/Oct/2023:11:30:55 -0500] "POST /kwsrmcab/Wsrmcab HTTP/1.1" 200 38579
186.155.98.205 - - [29/Oct/2023:11:31:44 -0500] "POST /sipse/faces/presentacion/financiero/solicitudProceso/consultarSolicitudProceso.xhtml HTTP/1.1" 200 199144
186.155.98.205 - - [29/Oct/2023:11:31:44 -0500] "GET /sipse/faces/javax.faces.resource/theme.css?ln=primefaces-sipse HTTP/1.1" 304 -
186.155.98.205 - - [29/Oct/2023:11:31:44 -0500] "GET /sipse/faces/javax.faces.resource/primefaces.css?ln=primefaces&v=4.0 HTTP/1.1" 304 -
186.155.98.205 - - [29/Oct/2023:11:31:44 -0500] "GET /sipse/faces/javax.faces.resource/jquery/jquery-plugins.js?ln=primefaces&v=4.0 HTTP/1.1" 304 -
186.155.98.205 - - [29/Oct/2023:11:31:44 -0500] "GET /sipse/faces/javax.faces.resource/primefaces.js?ln=primefaces&v=4.0 HTTP/1.1" 304 -
186.155.98.205 - - [29/Oct/2023:11:31:44 -0500] "GET /sipse/faces/javax.faces.resource/jquery/jquery.js?ln=primefaces&v=4.0 HTTP/1.1" 304 -
186.155.98.205 - - [29/Oct/2023:11:31:44 -0500] "GET /sipse/faces/javax.faces.resource/layout/layout.css?ln=primefaces&v=4.0 HTTP/1.1" 304 -
186.155.98.205 - - [29/Oct/2023:11:31:44 -0500] "GET /sipse/faces/javax.faces.resource/layout/layout.js?ln=primefaces&v=4.0 HTTP/1.1" 304 -
186.155.98.205 - - [29/Oct/2023:11:32:11 -0500] "GET /sipse/faces/javax.faces.resource/theme.css?ln=primefaces-sipse HTTP/1.1" 304 -
186.155.98.205 - - [29/Oct/2023:11:32:11 -0500] "GET /sipse/faces/javax.faces.resource/primefaces.css?ln=primefaces&v=4.0 HTTP/1.1" 304 -
186.155.98.205 - - [29/Oct/2023:11:32:11 -0500] "GET /sipse/faces/javax.faces.resource/layout/layout.css?ln=primefaces&v=4.0 HTTP/1.1" 304 -
186.155.98.205 - - [29/Oct/2023:11:32:11 -0500] "GET /sipse/faces/javax.faces.resource/jquery/jquery.js?ln=primefaces&v=4.0 HTTP/1.1" 304 -
186.155.98.205 - - [29/Oct/2023:11:32:11 -0500] "GET /sipse/faces/javax.faces.resource/jquery/jquery-plugins.js?ln=primefaces&v=4.0 HTTP/1.1" 304 -
186.155.98.205 - - [29/Oct/2023:11:32:11 -0500] "GET /sipse/faces/javax.faces.resource/primefaces.js?ln=primefaces&v=4.0 HTTP/1.1" 304 -
