172.22.2.4 - - [29/Oct/2023:19:38:18 -0500] "GET /BLA/boletinlegal/ HTTP/1.1" 200 60331
201.245.192.253 - - [29/Oct/2023:19:40:51 -0500] "POST /kwsrmcab/Wsrmcab HTTP/1.1" 200 40723
201.245.192.253 - - [29/Oct/2023:19:40:54 -0500] "POST /kwsrmcab/Wsrmcab HTTP/1.1" 200 38883
186.102.36.233 - - [29/Oct/2023:19:43:19 -0500] "GET /kwssiamovil/sm/acme/a?s=U2FsdGVkX18cbiErnATv26uGIWII1JJ3mJjQ4K6UvW0AmgjCSgP/xBv6xRYjYcIURU6VxcHQCdpWTs9AlkaGcXO6hmCKsrJdhbFwcnrhhmnmrGxyfNTnHr3LkJ/hawiPPDsR8MMX/5C/UczHbPQwQar5iCzpu7Vb3bMWiZC7+xole6iEWDTtvNvZwifeTVgtEs1AWNxLezgN9tuzWdKW5OdCdXJPZo9EigNpHIz4EbORqjgFieHzgN2SaXw2drHbz3IVCTFJWTrgL3nbYF2CET9RPbb0Q2ZY/ZK65/OA4J0=&u=U2FsdGVkX1+ObvTWtjJg5uWHtemq2dU+yAXjDMkjuwxhcUWOVdz6NhPwWOYfV20/&y=U2FsdGVkX1+dz3mJI5QhVmLT9pNp058QdJzx9agHb5mbNvQrcEcR6Ry1JhCal1As HTTP/1.1" 200 26
186.102.36.233 - - [29/Oct/2023:19:43:19 -0500] "GET /kwssiamovil/sm/acme/a?s=U2FsdGVkX1+iJ/wEHstqNu2fCyrlN/PMCsoFkV7x9ssl4ZmuhkBEDLKXbgTdl5+IejGa6KV8XqrwvBA/8VOFHzfbmJHphlPMfvkwiUhx2wBsv5nxjNHiVl7oWxnw+k5bzLv2QW+fKLsTH/r5+bfvvbPCQ40UBhJ4Yt4xDoSYtqclv96kKuw4mohmZiizPQRnMc0RQp+kRvGPimRnXAn1adYGqOeaZM0YC7a3oEsssj5sXBv6+OUGi5zt2Duhnm8J1ua1Q+mq/8uIWOBtxTRfzGRf4fB4juHYXVQv0lY86GwYQPMk8TgliJaFYqotdlx6nWcrqHr6/yZqbjIE4oYezoqU5Wy8CUHKzS6i+Vnj5qvv9ry+3D2GiK2URpFkdUha0o9UDwqab2LnIwfgUePuzsjHjebIYG5OazaXH01jCHPLvt0dM5MjXU3MhDWX7KVPdS6aohpTLkIb+o6IJQEBzPNRzGB+X9+Qx6vMTlNbwUw/bXViBLCwujY4+xhqByacB5Ym+HgtLjWI+6w3I4qutfYHxoNV/TCwZiSC/rOMxA17CZeKvTg4wlAOONEXWRT7ZUhX8dOWTnstfcWdHGoe+Nm1pJHX/NMKomF+AnclLJu3YkukdGt1GMRHqxLpF5m0FKfErwY+xTDDWp8W1S9OHoZbmnQXbUhX+3ych/Si5u9RZjvZMYrT8BZF8fE7743+61+XehnDLAM+sahFmI/qZiVENyI6o+pjYAOgie/f83WqygTxZVHazXRIcWzhgirQ5vUkjYq5oS/v9pXGtcXpvLRjTyVCxcscncJYb5k+soylp9FqY0zPTSNUZsz+fuCylf4HJmgOIoXUEX8qZCe1bYnSDG2IeGC6Mezte+FR+ncTiZ/hFxNk9KpYZEOVAGS9G3/pWpH96KDUdrh7kaurvj+ExiUXYrTMvCEb3TPLo8nrDJvF2oWPGcvSzG+7Tc2NgWalYvffSJRunVlxo680mrgu7DviMUqNlkh7EU0doItd6lVN0KhCK5mi9JXXWATcdlOB4CKRbL2exuIuI9agioADM0tUEvrWpC+4Kdzh8JmPtBKC+lDoMSVixrS/fGo2rwAxhM4VVr/CQpXdlFG9IAzfa/CJpIIBkwIlAIhvHdTeh284hrP+Gpd7xuMwk66mL0TggBfTIsJ9VPD9YYX8aMAxm6Lsh9uF7KA7v8/TO9/bujRVkfD5q6UYputhvKNtvqSkoK9TD6NG7KNGDqZez7lZlAqdBkmMO6Ae0ebBSrpKxyqhyKaUoPD2pQVkZp/tKBp4nDYegfb7Hgtv/x+kQ6lqnScfH9ZGR4PUhmCreisyAy2ic7BXHlgWFV0XLkk0oEWUNJhEHol4d+mTMl3VdGa56SdZ24wdYFyRQLr3MYW1vFXD6ti4zOrNvNT6Zjwq&u=U2FsdGVkX1+ObvTWtjJg5uWHtemq2dU+yAXjDMkjuwxhcUWOVdz6NhPwWOYfV20/&y=U2FsdGVkX1+dz3mJI5QhVmLT9pNp058QdJzx9agHb5mbNvQrcEcR6Ry1JhCal1As HTTP/1.1" 200 26
186.102.36.233 - - [29/Oct/2023:19:43:19 -0500] "GET /kwssiamovil/sm/acme/a?s=U2FsdGVkX18ElWRactCWGet3lj59ELQlOl+5j31WitI63mgRiUkZ9WU3JpvJ3XE+vgp2rvlG4jDpj9JvxzC9gDyfk35w6cl9QUWDqqSrLsLxjLgMaGsfV7/yiY6KP9bfmQBjGtp63xG73RMV7pBGFciYoY5ndmEu5wPWxw3K/PY=&u=U2FsdGVkX1+ObvTWtjJg5uWHtemq2dU+yAXjDMkjuwxhcUWOVdz6NhPwWOYfV20/&y=U2FsdGVkX1+dz3mJI5QhVmLT9pNp058QdJzx9agHb5mbNvQrcEcR6Ry1JhCal1As HTTP/1.1" 200 26
186.102.36.233 - - [29/Oct/2023:19:43:20 -0500] "GET /kwssiamovil/sm/acme/a?s=U2FsdGVkX18mXrRHWNRG5vPpmU3oIFVqZenTKSfHzulRVp+JWQdZL73+S3QKoZmitkyP02ho+l40fNRpDFOwSIIwSAfB1MMpp+c/Fbr+pMQvr8bs7q7giyXYWzAnLutjpAM4+fR6/4nq5rn5ZlkAAuUfERZSgduWRb+LPazRPb8=&u=U2FsdGVkX1+ObvTWtjJg5uWHtemq2dU+yAXjDMkjuwxhcUWOVdz6NhPwWOYfV20/&y=U2FsdGVkX1+dz3mJI5QhVmLT9pNp058QdJzx9agHb5mbNvQrcEcR6Ry1JhCal1As HTTP/1.1" 200 26
186.102.36.233 - - [29/Oct/2023:19:43:20 -0500] "GET /kwssiamovil/sm/acme/a?s=U2FsdGVkX1+D5+ahYfyv43JSDHUXsCbJQmQIyHcDD+1iYjCNcehvouBOWvBR2f+HJ1f8y4Si1h9wMtmOnDf8XGKZNO9CNDqlb5weR3wExD1CcCP3sGyk1hwANBS/kejJpS2yDTqhLIgVnqQmp7S4cJZeFwu+hT24uSmO4ZJTFU0=&u=U2FsdGVkX1+ObvTWtjJg5uWHtemq2dU+yAXjDMkjuwxhcUWOVdz6NhPwWOYfV20/&y=U2FsdGVkX1+dz3mJI5QhVmLT9pNp058QdJzx9agHb5mbNvQrcEcR6Ry1JhCal1As HTTP/1.1" 200 26
186.102.36.233 - - [29/Oct/2023:19:43:20 -0500] "GET /kwssiamovil/sm/acme/a?s=U2FsdGVkX19ldPQn9Hu3WsbzX/h2FzEXe/uy3bJx9QopyJtaGZucoKp4iF0nO3pSLw89XqBXPhuGSzAPYauLcRIH0M7h1Wc49rpMDl15cpi9bzhA/XwqpXdbrMK3rxG30UdfL4uG0jK+ObaVsV5jJOJ29GZJ7phd/glVe5wzMHFuhM8wFveA8WlNDZM/+Rjx47nhgc/xURObnLbv//SRVg==&u=U2FsdGVkX1+ObvTWtjJg5uWHtemq2dU+yAXjDMkjuwxhcUWOVdz6NhPwWOYfV20/&y=U2FsdGVkX1+dz3mJI5QhVmLT9pNp058QdJzx9agHb5mbNvQrcEcR6Ry1JhCal1As HTTP/1.1" 200 26
201.245.192.253 - - [29/Oct/2023:19:43:33 -0500] "POST /kwsrmcab/Wsrmcab  HTTP/1.1" 200 40654
52.167.144.142 - - [29/Oct/2023:19:44:09 -0500] "GET /portaldeninos/wp-content/uploads/2020/11/Torca-Guaymaral-B-133x75.jpg HTTP/1.1" 200 4243
216.245.221.92 - - [29/Oct/2023:19:44:25 -0500] "HEAD / HTTP/1.1" 200 -
172.22.2.4 - - [29/Oct/2023:19:43:29 -0500] "GET /BLA/boletinlegal/ HTTP/1.1" 200 32715
172.22.2.4 - - [29/Oct/2023:19:43:17 -0500] "HEAD /BLA/boletinlegal/ HTTP/1.1" 200 -
172.22.2.4 - - [29/Oct/2023:19:45:23 -0500] "GET /BLA/boletinlegal/Directivas/2011/Directiva%20No.%208%20del%2020%20de%20Septiembre%20de%202011.pdf HTTP/1.1" 200 727150
172.22.2.4 - - [29/Oct/2023:19:44:08 -0500] "GET /BLA/boletinlegal/ HTTP/1.1" 200 53407
40.77.167.53 - - [29/Oct/2023:19:45:58 -0500] "GET /BLA/resoluciones/AUTOS%202007/0738.pdf HTTP/1.1" 200 22997
207.46.13.141 - - [29/Oct/2023:19:46:10 -0500] "GET /bla/resoluciones/notificaciones/autos%202020/1731.pdf HTTP/1.1" 200 379466
172.22.2.4 - - [29/Oct/2023:19:47:46 -0500] "GET /BLA/boletinlegal/Circulares/023/CIRCULAR%20No.%2000010%20DEL%2010%20DE%20OCTUBRE%20DEL%202023.pdf HTTP/1.1" 404 1038
172.22.2.4 - - [29/Oct/2023:19:47:49 -0500] "GET /BLA/boletinlegal/Circulares/2013/Circular%20No.%204%20del%2005%20de%20junio%20de%202013.pdf HTTP/1.1" 200 130461
52.167.144.229 - - [29/Oct/2023:19:47:52 -0500] "GET /BLA/resoluciones/AUTOS%202021/5087.pdf HTTP/1.1" 304 -
201.245.192.253 - - [29/Oct/2023:19:48:32 -0500] "POST /kwsrmcab/Wsrmcab  HTTP/1.1" 200 40654
216.245.221.92 - - [29/Oct/2023:19:49:25 -0500] "HEAD / HTTP/1.1" 200 -
40.77.167.1 - - [29/Oct/2023:19:50:04 -0500] "GET /BLA/resoluciones/AUTOS%202023/5039.pdf HTTP/1.1" 200 667061
172.22.2.4 - - [29/Oct/2023:19:49:07 -0500] "HEAD /BLA/boletinlegal/ HTTP/1.1" 200 -
173.252.83.1 - - [29/Oct/2023:19:50:52 -0500] "GET /images/cuerpos%20de%20agua%20en%20humedales-19-10.jpg HTTP/1.1" 200 73528
172.22.2.4 - - [29/Oct/2023:19:49:58 -0500] "GET /BLA/boletinlegal/ HTTP/1.1" 200 58309
40.77.167.53 - - [29/Oct/2023:19:53:12 -0500] "GET /BLA/resoluciones/AUTOS%202023/4314.pdf HTTP/1.1" 200 1161185
201.245.192.253 - - [29/Oct/2023:19:53:31 -0500] "POST /kwsrmcab/Wsrmcab  HTTP/1.1" 200 40654
52.167.144.210 - - [29/Oct/2023:19:54:12 -0500] "GET /BLA/resoluciones/AUTOS%202023/5382.pdf HTTP/1.1" 200 319188
216.245.221.92 - - [29/Oct/2023:19:54:25 -0500] "HEAD / HTTP/1.1" 200 -
66.249.66.20 - - [29/Oct/2023:19:54:41 -0500] "GET /resoluciones/RESOLUCIONES%202007/RES%202007%202301%20AL%202400/RESOLUCION%202375%20DE%202007.pdf HTTP/1.1" 404 1018
172.22.2.4 - - [29/Oct/2023:19:54:57 -0500] "HEAD /BLA/boletinlegal/ HTTP/1.1" 200 -
172.22.2.4 - - [29/Oct/2023:19:55:48 -0500] "GET /BLA/boletinlegal/ HTTP/1.1" 200 58309
52.167.144.210 - - [29/Oct/2023:19:57:51 -0500] "GET /BLA/resoluciones/AUTOS%202023/5097.pdf HTTP/1.1" 200 403605
201.245.192.253 - - [29/Oct/2023:19:58:30 -0500] "POST /kwsrmcab/Wsrmcab  HTTP/1.1" 200 40654
172.22.2.4 - - [29/Oct/2023:19:58:41 -0500] "GET /BLA/boletinlegal/actas/097-2013.pdf HTTP/1.1" 200 164183
128.14.136.18 - - [29/Oct/2023:19:58:59 -0500] "GET / HTTP/1.1" 200 319
216.245.221.92 - - [29/Oct/2023:19:59:25 -0500] "HEAD / HTTP/1.1" 200 -
172.22.2.4 - - [29/Oct/2023:19:59:44 -0500] "GET /BLA/boletinlegal/actos.php HTTP/1.1" 200 9682
172.22.2.4 - - [29/Oct/2023:19:59:44 -0500] "GET /BLA/boletinlegal/favicon.ico HTTP/1.1" 404 1326
172.22.2.4 - - [29/Oct/2023:20:00:07 -0500] "GET /BLA/boletinlegal/consulta_actos.php?tipo=resoluciones&no=2494&usuario=&sector=&fecha=2021&resuelve= HTTP/1.1" 200 1114
172.22.2.4 - - [29/Oct/2023:20:00:18 -0500] "GET /BLA/boletinlegal/styles2.css HTTP/1.1" 200 1838
172.22.2.4 - - [29/Oct/2023:20:00:18 -0500] "GET /BLA/boletinlegal/js/jquery.js HTTP/1.1" 200 57254
172.22.2.4 - - [29/Oct/2023:20:00:18 -0500] "GET /BLA/boletinlegal/style.css HTTP/1.1" 200 9406
172.22.2.4 - - [29/Oct/2023:20:00:18 -0500] "GET /BLA/boletinlegal/js/jquery.scrollTo-min.js HTTP/1.1" 200 1150
172.22.2.4 - - [29/Oct/2023:20:00:18 -0500] "GET /BLA/boletinlegal/js/jquery.scrollShow.js HTTP/1.1" 200 4586
172.22.2.4 - - [29/Oct/2023:20:00:18 -0500] "GET /BLA/boletinlegal/images/cabezote%20BLEGAL.jpg HTTP/1.1" 200 118164
172.22.2.4 - - [29/Oct/2023:20:00:18 -0500] "GET /BLA/boletinlegal/images/subscribe-icon-big.png HTTP/1.1" 200 47702
172.22.2.4 - - [29/Oct/2023:20:00:18 -0500] "GET /BLA/boletinlegal/images/historia.png HTTP/1.1" 200 52775
172.22.2.4 - - [29/Oct/2023:20:00:18 -0500] "GET /BLA/boletinlegal/images/registro-usuarios.png HTTP/1.1" 200 8106
172.22.2.4 - - [29/Oct/2023:20:00:18 -0500] "GET /BLA/boletinlegal/images/arr_l.jpg HTTP/1.1" 200 1979
172.22.2.4 - - [29/Oct/2023:20:00:19 -0500] "GET /BLA/boletinlegal/images/screen_1.png HTTP/1.1" 200 202547
172.22.2.4 - - [29/Oct/2023:20:00:19 -0500] "GET /BLA/boletinlegal/images/launch.jpg HTTP/1.1" 200 14577
172.22.2.4 - - [29/Oct/2023:20:00:19 -0500] "GET /BLA/boletinlegal/images/body_bg.jpg HTTP/1.1" 200 1601
172.22.2.4 - - [29/Oct/2023:20:00:19 -0500] "GET /BLA/boletinlegal/images/menu_lft.gif HTTP/1.1" 200 1713
172.22.2.4 - - [29/Oct/2023:20:00:19 -0500] "GET /BLA/boletinlegal/images/menu_rght.gif HTTP/1.1" 200 1627
172.22.2.4 - - [29/Oct/2023:20:00:19 -0500] "GET /BLA/boletinlegal/images/text.jpg HTTP/1.1" 200 568
172.22.2.4 - - [29/Oct/2023:20:00:19 -0500] "GET /BLA/boletinlegal/images/bg_top.jpg HTTP/1.1" 200 522
172.22.2.4 - - [29/Oct/2023:20:00:19 -0500] "GET /BLA/boletinlegal/images/hover.jpg HTTP/1.1" 200 640
172.22.2.4 - - [29/Oct/2023:20:00:19 -0500] "GET /BLA/boletinlegal/images/menu_bg.jpg HTTP/1.1" 200 620
157.55.39.48 - - [29/Oct/2023:20:00:21 -0500] "GET /BLA/resoluciones/AUTOS%202023/4151.pdf HTTP/1.1" 200 436099
172.22.2.4 - - [29/Oct/2023:20:00:25 -0500] "GET /BLA/boletinlegal/images/screen_5.png HTTP/1.1" 200 368876
172.22.2.4 - - [29/Oct/2023:20:00:26 -0500] "GET /BLA/boletinlegal/images/arr_r.jpg HTTP/1.1" 200 1998
172.22.2.4 - - [29/Oct/2023:20:00:26 -0500] "GET /BLA/boletinlegal/images/footer_bg.jpg HTTP/1.1" 200 586
172.22.2.4 - - [29/Oct/2023:20:00:26 -0500] "GET /BLA/boletinlegal/images/screen_2.png HTTP/1.1" 200 362502
172.22.2.4 - - [29/Oct/2023:20:00:26 -0500] "GET /BLA/boletinlegal/images/screen_3.png HTTP/1.1" 200 210620
172.22.2.4 - - [29/Oct/2023:20:00:34 -0500] "GET /BLA/boletinlegal/images/pdf.gif HTTP/1.1" 200 567
190.14.249.35 - - [29/Oct/2023:20:00:36 -0500] "GET /bogota-celebra-la-semana-de-los-insectos.html HTTP/1.1" 200 717
172.22.2.4 - - [29/Oct/2023:19:59:36 -0500] "GET /BLA/boletinlegal/ HTTP/1.1" 200 57194
186.29.165.62 - - [29/Oct/2023:20:01:19 -0500] "GET /BLA/resoluciones/index.php?dir=RESOLUCIONES+2014%2F HTTP/1.1" 200 334189
172.22.2.4 - - [29/Oct/2023:20:00:17 -0500] "GET /BLA/boletinlegal/ HTTP/1.1" 200 48360
181.32.216.103 - - [29/Oct/2023:20:01:59 -0500] "GET /appsia/controlador HTTP/1.1" 200 4799
167.94.138.49 - - [29/Oct/2023:20:02:28 -0500] "GET / HTTP/1.1" 200 319
167.94.138.49 - - [29/Oct/2023:20:02:28 -0500] "GET / HTTP/1.1" 200 319
172.22.2.4 - - [29/Oct/2023:20:00:48 -0500] "HEAD /BLA/boletinlegal/ HTTP/1.1" 200 -
167.94.138.49 - - [29/Oct/2023:20:02:28 -0500] "PRI * HTTP/2.0" 400 946
167.94.138.49 - - [29/Oct/2023:20:02:29 -0500] "GET /favicon.ico HTTP/1.1" 200 7782
181.32.216.103 - - [29/Oct/2023:20:02:54 -0500] "POST /appsia/controlador HTTP/1.1" 200 5437
186.29.165.62 - - [29/Oct/2023:20:02:57 -0500] "GET /BLA/resoluciones/index.php?dir=AUTOS+2014%2F HTTP/1.1" 200 890851
181.32.216.103 - - [29/Oct/2023:20:03:06 -0500] "POST /appsia/controlador HTTP/1.1" 200 7759
181.32.216.103 - - [29/Oct/2023:20:03:10 -0500] "POST /appsia/controlador HTTP/1.1" 200 6624
181.32.216.103 - - [29/Oct/2023:20:03:13 -0500] "POST /appsia/controlador HTTP/1.1" 200 11641
186.29.165.62 - - [29/Oct/2023:20:03:15 -0500] "GET /BLA/resoluciones/AUTOS%202014/1939.pdf HTTP/1.1" 200 736375
186.29.165.62 - - [29/Oct/2023:20:03:16 -0500] "GET /BLA/resoluciones/AUTOS%202014/1939.pdf HTTP/1.1" 200 736375
172.22.2.4 - - [29/Oct/2023:20:01:39 -0500] "GET /BLA/boletinlegal/ HTTP/1.1" 200 52658
66.249.66.21 - - [29/Oct/2023:20:03:28 -0500] "GET /BLA/resoluciones/RESOLUCIONES%202009/3449.pdf HTTP/1.1" 200 458060
201.245.192.253 - - [29/Oct/2023:20:03:29 -0500] "POST /kwsrmcab/Wsrmcab  HTTP/1.1" 200 40654
181.32.216.103 - - [29/Oct/2023:20:03:34 -0500] "POST /appsia/controlador HTTP/1.1" 200 76001
186.29.165.62 - - [29/Oct/2023:20:03:37 -0500] "GET /BLA/resoluciones/ HTTP/1.1" 200 13696
186.29.165.62 - - [29/Oct/2023:20:03:41 -0500] "GET /BLA/resoluciones/index.php?dir=RESOLUCIONES+2014%2F HTTP/1.1" 200 334189
216.245.221.92 - - [29/Oct/2023:20:04:26 -0500] "HEAD / HTTP/1.1" 200 -
157.55.39.48 - - [29/Oct/2023:20:06:14 -0500] "GET /BLA/resoluciones/RESOLUCIONES%202023/0674.pdf HTTP/1.1" 304 -
66.249.66.165 - - [29/Oct/2023:20:06:49 -0500] "GET /robots.txt HTTP/1.1" 404 1035
66.249.66.167 - - [29/Oct/2023:20:06:49 -0500] "GET /portaldeninos/humedal-la-vaca-2/ HTTP/1.1" 200 87837
181.32.216.103 - - [29/Oct/2023:20:07:08 -0500] "GET /appsia/controlador HTTP/1.1" 200 5437
181.32.216.103 - - [29/Oct/2023:20:07:37 -0500] "POST /appsia/controlador HTTP/1.1" 200 7759
181.32.216.103 - - [29/Oct/2023:20:07:41 -0500] "POST /appsia/controlador HTTP/1.1" 200 6624
181.32.216.103 - - [29/Oct/2023:20:07:42 -0500] "POST /appsia/controlador HTTP/1.1" 200 11641
181.32.216.103 - - [29/Oct/2023:20:07:48 -0500] "POST /appsia/controlador HTTP/1.1" 200 76001
172.22.2.4 - - [29/Oct/2023:20:06:38 -0500] "HEAD /BLA/boletinlegal/ HTTP/1.1" 200 -
181.32.216.103 - - [29/Oct/2023:20:08:23 -0500] "POST /appsia/controlador HTTP/1.1" 200 76001
201.245.192.253 - - [29/Oct/2023:20:08:27 -0500] "POST /kwsrmcab/Wsrmcab  HTTP/1.1" 200 40654
172.22.2.4 - - [29/Oct/2023:20:07:29 -0500] "GET /BLA/boletinlegal/ HTTP/1.1" 200 60682
40.77.167.230 - - [29/Oct/2023:20:09:21 -0500] "GET /portaldeninos/wp-content/uploads/2020/11/Torca-Guaymaral-B-50x28.jpg HTTP/1.1" 200 1339
216.245.221.92 - - [29/Oct/2023:20:09:25 -0500] "HEAD / HTTP/1.1" 200 -
173.252.107.3 - - [29/Oct/2023:20:11:08 -0500] "GET /oso-melero-recuperado-en-bogota-fue-liberado-exitosamente-en-el-meta.html HTTP/1.1" 200 948
172.22.2.4 - - [29/Oct/2023:20:11:57 -0500] "GET /BLA/boletinlegal/favicon.ico HTTP/1.1" 404 1326
201.245.192.253 - - [29/Oct/2023:20:13:26 -0500] "POST /kwsrmcab/Wsrmcab  HTTP/1.1" 200 40654
172.22.2.4 - - [29/Oct/2023:20:12:28 -0500] "HEAD /BLA/boletinlegal/ HTTP/1.1" 200 -
216.245.221.92 - - [29/Oct/2023:20:14:25 -0500] "HEAD / HTTP/1.1" 200 -
172.22.2.4 - - [29/Oct/2023:20:13:19 -0500] "GET /BLA/boletinlegal/ HTTP/1.1" 200 52658
69.63.189.116 - - [29/Oct/2023:20:15:14 -0500] "GET /images/presentaci\xc3\xb3n%20convenci\xc3\xb3n.jpg HTTP/1.1" 404 1034
201.245.192.253 - - [29/Oct/2023:20:17:43 -0500] "POST /kwsrmcab/Wsrmcab HTTP/1.1" 200 40732
201.245.192.253 - - [29/Oct/2023:20:17:45 -0500] "POST /kwsrmcab/Wsrmcab HTTP/1.1" 200 38862
201.245.192.253 - - [29/Oct/2023:20:18:26 -0500] "POST /kwsrmcab/Wsrmcab  HTTP/1.1" 200 40654
172.22.2.4 - - [29/Oct/2023:20:18:38 -0500] "GET /BLA/boletinlegal/actas/097-2013.pdf HTTP/1.1" 200 164183
172.22.2.4 - - [29/Oct/2023:20:19:12 -0500] "GET /BLA/boletinlegal/actos.php HTTP/1.1" 200 9682
216.245.221.92 - - [29/Oct/2023:20:19:25 -0500] "HEAD / HTTP/1.1" 200 -
172.22.2.4 - - [29/Oct/2023:20:18:18 -0500] "HEAD /BLA/boletinlegal/ HTTP/1.1" 200 -
186.154.32.114 - - [29/Oct/2023:20:20:19 -0500] "GET /sipse/faces/index.xhtml HTTP/1.1" 200 677
186.154.32.114 - - [29/Oct/2023:20:20:19 -0500] "GET /sipse/faces/javax.faces.resource/theme.css?ln=primefaces-sipse HTTP/1.1" 200 50058
186.154.32.114 - - [29/Oct/2023:20:20:19 -0500] "GET /favicon.ico HTTP/1.1" 200 7782
186.154.32.114 - - [29/Oct/2023:20:20:39 -0500] "GET /sipse/faces/index.xhtml HTTP/1.1" 200 677
186.154.32.114 - - [29/Oct/2023:20:20:39 -0500] "GET /sipse/faces/javax.faces.resource/theme.css?ln=primefaces-sipse HTTP/1.1" 304 -
172.22.2.4 - - [29/Oct/2023:20:19:09 -0500] "GET /BLA/boletinlegal/ HTTP/1.1" 200 58309
201.245.192.253 - - [29/Oct/2023:20:20:51 -0500] "POST /kwsrmcab/Wsrmcab HTTP/1.1" 200 40732
186.154.32.114 - - [29/Oct/2023:20:20:53 -0500] "GET /sipse/faces/index.xhtml HTTP/1.1" 200 677
186.154.32.114 - - [29/Oct/2023:20:20:53 -0500] "GET /sipse/faces/javax.faces.resource/theme.css?ln=primefaces-sipse HTTP/1.1" 304 -
186.154.32.114 - - [29/Oct/2023:20:20:53 -0500] "GET /sipse/faces/faces/autenticacion.xhtml HTTP/1.1" 200 12405
186.154.32.114 - - [29/Oct/2023:20:20:53 -0500] "GET /sipse/js/disable_browser_buttons.js HTTP/1.1" 200 3230
186.154.32.114 - - [29/Oct/2023:20:20:53 -0500] "GET /sipse/css/custom_css_sg.css HTTP/1.1" 200 9694
186.154.32.114 - - [29/Oct/2023:20:20:53 -0500] "GET /sipse/css/custom_css_sg_prime_login.css HTTP/1.1" 200 443
186.154.32.114 - - [29/Oct/2023:20:20:53 -0500] "GET /sipse/faces/javax.faces.resource/theme.css?ln=primefaces-sipse HTTP/1.1" 304 -
186.154.32.114 - - [29/Oct/2023:20:20:53 -0500] "GET /sipse/faces/javax.faces.resource/layout/layout.css?ln=primefaces&v=4.0 HTTP/1.1" 200 542
186.154.32.114 - - [29/Oct/2023:20:20:53 -0500] "GET /sipse/faces/javax.faces.resource/jquery/jquery.js?ln=primefaces&v=4.0 HTTP/1.1" 200 105384
186.154.32.114 - - [29/Oct/2023:20:20:53 -0500] "GET /sipse/faces/javax.faces.resource/layout/layout.js?ln=primefaces&v=4.0 HTTP/1.1" 200 87560
186.154.32.114 - - [29/Oct/2023:20:20:53 -0500] "GET /sipse/js/funciones.js HTTP/1.1" 200 12592
186.154.32.114 - - [29/Oct/2023:20:20:53 -0500] "GET /sipse/faces/javax.faces.resource/jquery/jquery-plugins.js?ln=primefaces&v=4.0 HTTP/1.1" 200 220526
186.154.32.114 - - [29/Oct/2023:20:20:53 -0500] "GET /sipse/faces/javax.faces.resource/primefaces.css?ln=primefaces&v=4.0 HTTP/1.1" 200 53295
186.154.32.114 - - [29/Oct/2023:20:20:53 -0500] "GET /sipse/faces/javax.faces.resource/primefaces.js?ln=primefaces&v=4.0 HTTP/1.1" 200 276924
186.154.32.114 - - [29/Oct/2023:20:20:54 -0500] "GET /sipse/css/imagen/logoSDG.png HTTP/1.1" 200 53064
186.154.32.114 - - [29/Oct/2023:20:20:54 -0500] "GET /sipse/css/imagen/loginimg.png HTTP/1.1" 200 71635
186.154.32.114 - - [29/Oct/2023:20:20:54 -0500] "GET /sipse/faces/javax.faces.resource/images/ui-icons_898989_256x240.png?ln=primefaces-aristo HTTP/1.1" 200 5355
201.245.192.253 - - [29/Oct/2023:20:20:53 -0500] "POST /kwsrmcab/Wsrmcab HTTP/1.1" 200 38862
186.154.32.114 - - [29/Oct/2023:20:21:25 -0500] "POST /sipse/faces/autenticacion.xhtml HTTP/1.1" 200 15558
186.154.32.114 - - [29/Oct/2023:20:21:26 -0500] "GET /sipse/css/custom_css_sg_prime.css HTTP/1.1" 200 5201
186.154.32.114 - - [29/Oct/2023:20:21:26 -0500] "GET /sipse/faces/javax.faces.resource/primefaces.css?ln=primefaces&v=4.0 HTTP/1.1" 304 -
186.154.32.114 - - [29/Oct/2023:20:21:26 -0500] "GET /sipse/faces/javax.faces.resource/layout/layout.css?ln=primefaces&v=4.0 HTTP/1.1" 304 -
186.154.32.114 - - [29/Oct/2023:20:21:26 -0500] "GET /sipse/faces/javax.faces.resource/theme.css?ln=primefaces-sipse HTTP/1.1" 304 -
186.154.32.114 - - [29/Oct/2023:20:21:26 -0500] "GET /sipse/js/jquery.min.js HTTP/1.1" 200 85582
186.154.32.114 - - [29/Oct/2023:20:21:26 -0500] "GET /sipse/faces/javax.faces.resource/jquery/jquery.js?ln=primefaces&v=4.0 HTTP/1.1" 304 -
186.154.32.114 - - [29/Oct/2023:20:21:26 -0500] "GET /sipse/faces/javax.faces.resource/jquery/jquery-plugins.js?ln=primefaces&v=4.0 HTTP/1.1" 304 -
186.154.32.114 - - [29/Oct/2023:20:21:26 -0500] "GET /sipse/faces/javax.faces.resource/primefaces.js?ln=primefaces&v=4.0 HTTP/1.1" 304 -
186.154.32.114 - - [29/Oct/2023:20:21:26 -0500] "GET /sipse/faces/javax.faces.resource/layout/layout.js?ln=primefaces&v=4.0 HTTP/1.1" 304 -
186.154.32.114 - - [29/Oct/2023:20:21:27 -0500] "GET /sipse/css/v_mergente.css HTTP/1.1" 200 1505
186.154.32.114 - - [29/Oct/2023:20:21:27 -0500] "GET /sipse/css/imagen/contrasena.png HTTP/1.1" 404 383
186.154.32.114 - - [29/Oct/2023:20:21:27 -0500] "GET /sipse/imagenes/cargando.gif HTTP/1.1" 200 36959
186.154.32.114 - - [29/Oct/2023:20:21:27 -0500] "GET /sipse/faces/javax.faces.resource/messages/messages.png?ln=primefaces&v=4.0 HTTP/1.1" 200 27209
186.154.32.114 - - [29/Oct/2023:20:21:27 -0500] "GET /sipse/imagenes/logoAplicacion.jpg HTTP/1.1" 200 155084
186.154.32.114 - - [29/Oct/2023:20:21:31 -0500] "GET /sipse/faces/javax.faces.resource/images/ui-bg_flat_0_2d5972_40x100.png?ln=primefaces-aristo HTTP/1.1" 200 183
186.154.32.114 - - [29/Oct/2023:20:21:31 -0500] "POST /sipse/faces/bienvenido.xhtml HTTP/1.1" 200 3246
186.154.32.114 - - [29/Oct/2023:20:21:33 -0500] "POST /sipse/faces/bienvenido.xhtml HTTP/1.1" 200 27258
186.154.32.114 - - [29/Oct/2023:20:21:33 -0500] "GET /sipse/faces/javax.faces.resource/theme.css?ln=primefaces-sipse HTTP/1.1" 304 -
186.154.32.114 - - [29/Oct/2023:20:21:33 -0500] "GET /sipse/faces/javax.faces.resource/layout/layout.css?ln=primefaces&v=4.0 HTTP/1.1" 304 -
186.154.32.114 - - [29/Oct/2023:20:21:33 -0500] "GET /sipse/faces/javax.faces.resource/primefaces.css?ln=primefaces&v=4.0 HTTP/1.1" 304 -
186.154.32.114 - - [29/Oct/2023:20:21:33 -0500] "GET /sipse/faces/javax.faces.resource/jquery/jquery.js?ln=primefaces&v=4.0 HTTP/1.1" 304 -
186.154.32.114 - - [29/Oct/2023:20:21:34 -0500] "GET /sipse/faces/javax.faces.resource/jquery/jquery-plugins.js?ln=primefaces&v=4.0 HTTP/1.1" 304 -
186.154.32.114 - - [29/Oct/2023:20:21:34 -0500] "GET /sipse/faces/javax.faces.resource/primefaces.js?ln=primefaces&v=4.0 HTTP/1.1" 304 -
186.154.32.114 - - [29/Oct/2023:20:21:34 -0500] "GET /sipse/faces/javax.faces.resource/layout/layout.js?ln=primefaces&v=4.0 HTTP/1.1" 304 -
186.154.32.114 - - [29/Oct/2023:20:21:36 -0500] "POST /sipse/faces/presentacion/financiero/solicitudProceso/solicitudProcesoOtrosPagos.xhtml HTTP/1.1" 200 38504
186.154.32.114 - - [29/Oct/2023:20:21:37 -0500] "GET /sipse/faces/javax.faces.resource/theme.css?ln=primefaces-sipse HTTP/1.1" 304 -
186.154.32.114 - - [29/Oct/2023:20:21:37 -0500] "GET /sipse/faces/javax.faces.resource/primefaces.css?ln=primefaces&v=4.0 HTTP/1.1" 304 -
186.154.32.114 - - [29/Oct/2023:20:21:37 -0500] "GET /sipse/faces/javax.faces.resource/layout/layout.css?ln=primefaces&v=4.0 HTTP/1.1" 304 -
186.154.32.114 - - [29/Oct/2023:20:21:37 -0500] "GET /sipse/faces/javax.faces.resource/jquery/jquery.js?ln=primefaces&v=4.0 HTTP/1.1" 304 -
186.154.32.114 - - [29/Oct/2023:20:21:37 -0500] "GET /sipse/faces/javax.faces.resource/jquery/jquery-plugins.js?ln=primefaces&v=4.0 HTTP/1.1" 304 -
186.154.32.114 - - [29/Oct/2023:20:21:37 -0500] "GET /sipse/faces/javax.faces.resource/primefaces.js?ln=primefaces&v=4.0 HTTP/1.1" 304 -
186.154.32.114 - - [29/Oct/2023:20:21:37 -0500] "GET /sipse/faces/javax.faces.resource/layout/layout.js?ln=primefaces&v=4.0 HTTP/1.1" 304 -
186.154.32.114 - - [29/Oct/2023:20:21:37 -0500] "POST /sipse/faces/presentacion/financiero/solicitudProceso/listarSolicitudProceso.xhtml HTTP/1.1" 200 31892
186.154.32.114 - - [29/Oct/2023:20:21:38 -0500] "POST /sipse/faces/presentacion/financiero/solicitudProceso/listarSolicitudProceso.xhtml HTTP/1.1" 200 1420
186.154.32.114 - - [29/Oct/2023:20:21:39 -0500] "POST /sipse/faces/presentacion/financiero/solicitudProceso/listarSolicitudProceso.xhtml HTTP/1.1" 200 1420
172.22.2.4 - - [29/Oct/2023:20:22:49 -0500] "GET /BLA/boletinlegal/Directivas/2011/Directiva%20No.%209%20del%2023%20de%20Septiembre%20de%202011.pdf HTTP/1.1" 304 -
66.249.66.167 - - [29/Oct/2023:20:22:55 -0500] "GET /portaldeninos/ HTTP/1.1" 200 110175
66.249.66.165 - - [29/Oct/2023:20:22:58 -0500] "GET /portaldeninos/wp-content/plugins/popup-maker/assets/css/site.min.css?ver=1.8.14 HTTP/1.1" 200 8260
201.245.192.253 - - [29/Oct/2023:20:23:24 -0500] "POST /kwsrmcab/Wsrmcab  HTTP/1.1" 200 40654
66.249.66.19 - - [29/Oct/2023:20:23:57 -0500] "GET /BLA/resoluciones/RESOLUCIONES%202011/5311.pdf HTTP/1.1" 200 408600
66.249.66.21 - - [29/Oct/2023:20:24:00 -0500] "GET /BLA/resoluciones/RESOLUCIONES%202009/0794.pdf HTTP/1.1" 200 405476
216.245.221.92 - - [29/Oct/2023:20:24:25 -0500] "HEAD / HTTP/1.1" 200 -
66.249.66.21 - - [29/Oct/2023:20:25:28 -0500] "GET /BLA/resoluciones/RESOLUCIONES%202008/1567.pdf HTTP/1.1" 200 321737
172.22.2.4 - - [29/Oct/2023:20:24:08 -0500] "HEAD /BLA/boletinlegal/ HTTP/1.1" 200 -
40.77.167.23 - - [29/Oct/2023:20:25:58 -0500] "GET /BLA/resoluciones/AUTOS%202023/3272.pdf HTTP/1.1" 200 1772066
52.167.144.192 - - [29/Oct/2023:20:26:05 -0500] "GET /BLA/resoluciones/AUTOS%202023/4173.pdf HTTP/1.1" 200 440214
52.25.208.208 - - [29/Oct/2023:20:26:24 -0500] "GET /robots.txt HTTP/1.1" 404 1034
52.25.208.208 - - [29/Oct/2023:20:26:27 -0500] "GET /robots.txt HTTP/1.1" 404 1035
172.22.2.4 - - [29/Oct/2023:20:24:59 -0500] "GET /BLA/boletinlegal/ HTTP/1.1" 200 60331
168.119.252.243 - - [29/Oct/2023:20:26:50 -0500] "GET / HTTP/1.1" 200 319
168.119.252.243 - - [29/Oct/2023:20:26:52 -0500] "GET / HTTP/1.1" 200 4720
201.245.192.253 - - [29/Oct/2023:20:27:42 -0500] "POST /kwsrmcab/Wsrmcab HTTP/1.1" 200 40732
201.245.192.253 - - [29/Oct/2023:20:27:46 -0500] "POST /kwsrmcab/Wsrmcab HTTP/1.1" 200 38862
201.245.192.253 - - [29/Oct/2023:20:28:24 -0500] "POST /kwsrmcab/Wsrmcab  HTTP/1.1" 200 40654
172.22.2.4 - - [29/Oct/2023:20:28:55 -0500] "GET /BLA/boletinlegal/Circulares/2013/Circular%20No.%206%20del%2019%20de%20julio%20de%202013.pdf HTTP/1.1" 200 4210437
216.245.221.92 - - [29/Oct/2023:20:29:25 -0500] "HEAD / HTTP/1.1" 200 -
201.245.192.253 - - [29/Oct/2023:20:30:51 -0500] "POST /kwsrmcab/Wsrmcab HTTP/1.1" 200 40732
201.245.192.253 - - [29/Oct/2023:20:30:54 -0500] "POST /kwsrmcab/Wsrmcab HTTP/1.1" 200 38862
172.22.2.4 - - [29/Oct/2023:20:29:58 -0500] "HEAD /BLA/boletinlegal/ HTTP/1.1" 200 -
207.46.13.6 - - [29/Oct/2023:20:31:39 -0500] "GET /BLA/resoluciones/AUTOS%202023/5241.pdf HTTP/1.1" 200 553530
216.244.66.195 - - [29/Oct/2023:20:32:04 -0500] "GET /robots.txt HTTP/1.1" 404 1018
172.22.2.4 - - [29/Oct/2023:20:30:49 -0500] "GET /BLA/boletinlegal/ HTTP/1.1" 200 57957
201.245.192.253 - - [29/Oct/2023:20:33:23 -0500] "POST /kwsrmcab/Wsrmcab  HTTP/1.1" 200 40654
216.245.221.92 - - [29/Oct/2023:20:34:25 -0500] "HEAD / HTTP/1.1" 200 -
52.167.144.212 - - [29/Oct/2023:20:35:27 -0500] "GET /portaldeninos/author/adminportalninos/ HTTP/1.1" 200 103455
172.22.2.4 - - [29/Oct/2023:20:34:16 -0500] "GET /BLA/boletinlegal/ HTTP/1.1" 200 62042
172.22.2.4 - - [29/Oct/2023:20:35:48 -0500] "HEAD /BLA/boletinlegal/ HTTP/1.1" 200 -
201.245.192.253 - - [29/Oct/2023:20:37:42 -0500] "POST /kwsrmcab/Wsrmcab HTTP/1.1" 200 40732
201.245.192.253 - - [29/Oct/2023:20:37:45 -0500] "POST /kwsrmcab/Wsrmcab HTTP/1.1" 200 38862
66.249.66.20 - - [29/Oct/2023:20:37:59 -0500] "GET /Residuos/cosmeticos/files/guia_cosmeticos-aseo.pdf HTTP/1.1" 200 13926317
191.104.106.33 - - [29/Oct/2023:20:38:10 -0500] "GET /kwssiamovil/sm/acme/a?s=U2FsdGVkX1/T/skOZBFLeBghBAsCzxGuRVQMjbX/RWpj6MxBy/XwIYV9eVNqp9FaQtiLcBfaEU3BkwrtvRISf8a2Rw3mAWKreoikyt+2KcpNyrT/U/xAZUT8ms8A1SSSyz9g8UjjIVQNdlTV6BhpJJK+NTYi3FFAM3K6LMAWu25xqjAnGlM3Ic5erQCAbAoJofjKcJ0knkAGPtMxfh+tUq/omij4xlzkmtpKtrUsHf4lOWfDfFxPzbbWyOCIX/v+DLNaU8PW2U2LrpJgZ/TD1w==&u=U2FsdGVkX19bSTHvAD2LG9ipmLad9oGxKmOU3jD0qLo=&y=U2FsdGVkX184sCggDz7T7q4Ii7uzKhacMGe3oOVapswvfLspl1n5K7UPf2Uzdzdy HTTP/1.1" 200 26
191.104.106.33 - - [29/Oct/2023:20:38:11 -0500] "GET /kwssiamovil/sm/acme/a?s=U2FsdGVkX1/MreH4sZ0DwUa8bMmNESnpNK45nyUYtfAE9znWKTUx6C+gDq8ljP7JlNwYhXHyNEBNXFt56E4hyJTVvC/qN+PCtknBheTG/Iw9M6JkQ/EsSpTtGIJ+9GtxzkZV0qWXLtfHLO6Ka8lGNZVAKURzIXwTM2S5cm3oitAfK46/ONf0ROoYwC9hSzZgIdQG6KJZpSJr2ecsY9kQc+eOpXx0hSO/v4TVtqhYtsPBSPN8+qZVh0mpqixo8PFl8I3Q6H9o9gm2sjL7KcB1fwFy0wIhKhfUouvkes2IF99zhVinMVqa3FcYzLLycnicQnHCbRE0kFptNn8nmqmulTOlKeQRXvOhLeSBvBnAjHhvkFaKgaCh12irgerPJSfJAfhTbGDSkCs+Zt/u4AQQJpo/92CiDCbhCYxPkaB+eHiFx+R0Rkt8h1u76Q4I/3UQcqVAAOlogBUrp/w2T6rtuxDWzM3Mm+3ClJOKjn/VPDlONxnLos2i5TNJuUV/L08375zBr9agLYM6D+scOjPQr2ViFAZWHmhiDOLUBRdeYZcAzZpAEGTdyT96MCwDHBw2XrtWodH5n15LpLWwQr/MqtCrmBmNKqvBl4DOm2oklRWVlkUWBan4T8UWwK9d2CizwA2UcOZf+epBapwMJQikOD7ZB1BahsWAACvx356j0V8n14GqbPbIElB2rz6H6SgBkcEZqG6oaGwIzbFcGQlxttnUSzf7U/uRm3JEXLTx7Pn/B/5ZBC59vXfljZPZBbqQuCi7bWpFfZWdSYG/LRFOOAqE7G/Eb8GnEAhgTp/fFJwC3qEdtzFk90zgDFTY1d5D9wu+jE/PbjE3hW+JRkh9F56UxliogGQw2tydJYpnyYE8d3Akg98ZqW4PJxiufjdEXiHf83Ki675yHX9pl1qKdTj/uOuOuwUnIkFijFWl5ZRh0D1TJPTRuUVaTluFh+A5QFq4wTGrHvqPcaypjwPuZ+2wzv7TyCI/HII+fhdasOu1Hix2xemPAsfWHkGSVOMfU0GZcQOGHTNFwNa5wusLArsdGAs/Uh9d5EL1ABLi3zgAvFVakS037kZb+l3/3VyDV6ba3lR3fS501htdm1umpJJJtOwwI07bc1bKIYMUBE1x72W97SubA92NKpuAEg+ynd1uBIIStGfH36gt8GR3mSzU8YsZE3wOnWE50Bwy7Rn5cJl1pHWOIjUCagdkE2hqi/IhHHXclNNq2yCWHhIqcckmWmnu5PSZYMXkysL2VNjlpCI8GrSz4D0yVzkhBLlG66tb1qja6fOsLayLt3LyLYeWHAyRlrZjX3+OuL57H3qmcuJ6/PrPyhSh9zbaOOZU2PCWkMjFCOeOmqzK02OVuMfn36HG1EESpvXhwA0/RDoTDzduyayi7rh08IL9/yQWlltygptb0CZ9rLiitxN6O5Uc2lRIVNS57xQfQG4mgu10gRZaU5nVAlqB35BHny6O2l0gMNAu8Dib9OKdV11u9U99OGZ5MoVYE0SVi8BAJa2jT9M7MwlvEbt30aFSli+NUguxlGqx8tSZTtnCYdO4+YlR7Pm8t71jmrq2nyP/9QxftEsOqHCaRWTkxxeyHbhX2keYgQbZQlVH2xKa35EJxcpziFPBOqwGS2RY3oF+pzJoc+SZp+d6mvarnx/EDTJBypgSxfNfQx/jcByHZmbsk1XQMJ8UI6a6ETQxhygH6YYSeyIWwLFjbEkDgM69OryBVPkcvDms8puiSjChSJCVIPjxDmp6WT43H/GQ9tT6Mncd1GoDM93ZUnibnsojzk5Wc/g8Fml59s0fqQPv6YR8eFWqVDnWOZxkuwyyVE7byipg+gNQCMAYD0Kh4YQZEg1q7bJyMUyjh5b8pDh5xqODEie9XEHaexx0GA7PyX4zBGDM5exrP51vYBzc2quZ3ZX+3Wo+L9zqzb/kHqnGtZGuaNJ65FNw2wqjalT2W7XrGjvpiE8ZIZo853riOh/RokbCx7ROoKmBjoa/RWOMgK3cWM6QHpjgS9XYHnN9jbVxqnKhdlWut1rvKpy5JbX82EmLcJo1aFabel/PMFtjmSACshpD0RlqVXD2h0H4xbB9UeGOVmlpCcrMf4KYSqbidngXrragvjPZnKHj9EB17gk/DhwkF9naSXgGhGR3mNMNJ1/zHOu+HJ1p7mWJvBxSBaW6fp5rDN3FnkTpbPoNmUzLC543fzKxuUT/GtCg0gejN48bxNvXKs1Po/Cz40oH3ZuESkXIYDRqR9ob2uCgzA4oQfJ1FMQa8jD2LOKi9z8cLnVFBjB7U5WC3FOcVbA5YZ9c27VEjuT6UDZ0HQ4+C9Sza0gQ6ruDFXoY/UM5d+MOki8BtPE82+JabtUxO+KEfDZwmxxq1fGgMPRPLylS4qwP2nLGwqE7T7+VvLi/ZFDFTv4=&u=U2FsdGVkX19bSTHvAD2LG9ipmLad9oGxKmOU3jD0qLo=&y=U2FsdGVkX184sCggDz7T7q4Ii7uzKhacMGe3oOVapswvfLspl1n5K7UPf2Uzdzdy HTTP/1.1" 200 26
191.104.106.33 - - [29/Oct/2023:20:38:11 -0500] "GET /kwssiamovil/sm/acme/a?s=U2FsdGVkX1+QppTSiI+siY30ekKPkE0S6TrfTjPGmG+C7hWtQOK9mgDZ3829+hNM/yi5G6cNxvYrXiwA7zbEGX/hlnWPmsyeYkSpPcU6O/Hrk+XCHgr2zTOtxHiFlyQ+z+hM7k4hx6i/7epj+4N8y4q5AgOI+bSe5Af+60FTEmw=&u=U2FsdGVkX19bSTHvAD2LG9ipmLad9oGxKmOU3jD0qLo=&y=U2FsdGVkX184sCggDz7T7q4Ii7uzKhacMGe3oOVapswvfLspl1n5K7UPf2Uzdzdy HTTP/1.1" 200 26
191.104.106.33 - - [29/Oct/2023:20:38:11 -0500] "GET /kwssiamovil/sm/acme/a?s=U2FsdGVkX181DQ2IMBPYACcLxImaip8vUa29iaxeKYWBcLD4Gtz6HHv4DqdKjzdeRtM+GtDVyW5melbYl0DlG8oX6INALPDIzUxwd2QNhu+3ROXMa7SDwwjm1qslhLznpUiZij5rzGsRDpOnIC/k3bJT5lwnqooE9JnSYrfpsAE=&u=U2FsdGVkX19bSTHvAD2LG9ipmLad9oGxKmOU3jD0qLo=&y=U2FsdGVkX184sCggDz7T7q4Ii7uzKhacMGe3oOVapswvfLspl1n5K7UPf2Uzdzdy HTTP/1.1" 200 26
191.104.106.33 - - [29/Oct/2023:20:38:12 -0500] "GET /kwssiamovil/sm/acme/a?s=U2FsdGVkX19+NaXUJPH6oxywWMdycbiZ+RVxTT2/ywA83nmbOxpZZRIixu69YslAWFBtGiPrj26Nf3sTBzkDNUl9wfZTUTBllGJjrSpTIPuYPYoZLrXi70C8B4Gi2l20H3A8k8Kkh2gBrNYhfhsPovB8zU1fgKa5nAhsijbhInc=&u=U2FsdGVkX19bSTHvAD2LG9ipmLad9oGxKmOU3jD0qLo=&y=U2FsdGVkX184sCggDz7T7q4Ii7uzKhacMGe3oOVapswvfLspl1n5K7UPf2Uzdzdy HTTP/1.1" 200 26
191.104.106.33 - - [29/Oct/2023:20:38:12 -0500] "GET /kwssiamovil/sm/acme/a?s=U2FsdGVkX1/TDSrPjFwtc+g7BbOcgaJGlTIx0tZ8enOUfDq+rI3oiJjbQf6O2nk2ljYyq3hoRe/Q3nXcPLXbPohTY2efl6pu9WZjw80R1q5XT4niYoZ6yi/rYPadpm+ivn51jbm4Pu99HeDCuPAsoDwJZr1XL/qe9MwYmTA9aCLRlDSDtYCEQ7WRC7RyOsB0/8vQlrXENp2O+YU8zeF2Zg==&u=U2FsdGVkX19bSTHvAD2LG9ipmLad9oGxKmOU3jD0qLo=&y=U2FsdGVkX184sCggDz7T7q4Ii7uzKhacMGe3oOVapswvfLspl1n5K7UPf2Uzdzdy HTTP/1.1" 200 26
172.22.2.4 - - [29/Oct/2023:20:36:39 -0500] "GET /BLA/boletinlegal/ HTTP/1.1" 200 53407
172.22.2.4 - - [29/Oct/2023:20:38:21 -0500] "GET /BLA/boletinlegal/Circulares/2019/.pdf HTTP/1.1" 404 1218
201.245.192.253 - - [29/Oct/2023:20:38:21 -0500] "POST /kwsrmcab/Wsrmcab  HTTP/1.1" 200 40654
172.22.2.4 - - [29/Oct/2023:20:38:32 -0500] "GET /BLA/boletinlegal/Circulares/2012/Circular%20No.%2010%20del%2026%20de%20Enero%20de%202012.pdf HTTP/1.1" 404 1218
172.22.2.4 - - [29/Oct/2023:20:38:34 -0500] "GET /BLA/boletinlegal/Circulares/023%09/CIRCULAR%20No.%2000011%20DEL%2023%20DE%20OCTUBRE%20DEL%202023%09.pdf HTTP/1.1" 403 1026
172.22.2.4 - - [29/Oct/2023:20:38:37 -0500] "GET /BLA/boletinlegal/Circulares/023%09/CIRCULAR%20No.%2000011%20DEL%2023%20DE%20OCTUBRE%20DEL%202023%09.pdf HTTP/1.1" 403 1026
172.22.2.4 - - [29/Oct/2023:20:38:41 -0500] "GET /BLA/boletinlegal/Circulares/023%09/CIRCULAR%20No.%2000011%20DEL%2023%20DE%20OCTUBRE%20DEL%202023%09.pdf HTTP/1.1" 403 1026
172.22.2.4 - - [29/Oct/2023:20:38:45 -0500] "GET /BLA/boletinlegal/Circulares/023%09/CIRCULAR%20No.%2000011%20DEL%2023%20DE%20OCTUBRE%20DEL%202023%09.pdf HTTP/1.1" 403 1026
172.22.2.4 - - [29/Oct/2023:20:38:49 -0500] "GET /BLA/boletinlegal/Circulares/023%09/CIRCULAR%20No.%2000011%20DEL%2023%20DE%20OCTUBRE%20DEL%202023%09.pdf HTTP/1.1" 403 1026
216.245.221.92 - - [29/Oct/2023:20:39:25 -0500] "HEAD / HTTP/1.1" 200 -
201.245.192.253 - - [29/Oct/2023:20:40:50 -0500] "POST /kwsrmcab/Wsrmcab HTTP/1.1" 200 40732
201.245.192.253 - - [29/Oct/2023:20:40:53 -0500] "POST /kwsrmcab/Wsrmcab HTTP/1.1" 200 38862
199.16.157.183 - - [29/Oct/2023:20:42:08 -0500] "GET /images/pl%C3%A1sticos%20foto%201..jpg HTTP/1.1" 404 1034
199.16.157.180 - - [29/Oct/2023:20:42:56 -0500] "GET /images/cr%C3%B3nica-29-nov-1_optimized.jpeg HTTP/1.1" 404 1034
172.22.2.4 - - [29/Oct/2023:20:41:38 -0500] "HEAD /BLA/boletinlegal/ HTTP/1.1" 200 -
201.245.192.253 - - [29/Oct/2023:20:43:20 -0500] "POST /kwsrmcab/Wsrmcab  HTTP/1.1" 200 40654
172.22.2.4 - - [29/Oct/2023:20:42:29 -0500] "GET /BLA/boletinlegal/ HTTP/1.1" 200 24523
172.22.2.4 - - [29/Oct/2023:20:42:29 -0500] "GET /BLA/boletinlegal/ HTTP/1.1" 200 50635
172.22.2.4 - - [29/Oct/2023:20:43:38 -0500] "GET /BLA/boletinlegal/ HTTP/1.1" 200 24523
216.245.221.92 - - [29/Oct/2023:20:44:25 -0500] "HEAD / HTTP/1.1" 200 -
173.252.87.119 - - [29/Oct/2023:20:45:07 -0500] "GET /images/cuerpos%20de%20agua%20en%20humedales-19-10.jpg HTTP/1.1" 200 73528
31.13.127.18 - - [29/Oct/2023:20:45:27 -0500] "GET /ingresar-a-los-cuerpos-de-agua-de-los-humedales-esta-prohibido-no-arriesgues-tu-vida-por-unos-me-gusta.html HTTP/1.1" 200 894
52.167.144.235 - - [29/Oct/2023:20:45:39 -0500] "GET /BLA/resoluciones/RESOLUCIONES%202022/4151.pdf HTTP/1.1" 304 -
172.22.2.4 - - [29/Oct/2023:20:47:55 -0500] "GET /BLA/boletinlegal/conceptos.php HTTP/1.1" 200 7496
172.22.2.4 - - [29/Oct/2023:20:48:07 -0500] "GET /BLA/boletinlegal/normativa.php HTTP/1.1" 200 8343
201.245.192.253 - - [29/Oct/2023:20:48:19 -0500] "POST /kwsrmcab/Wsrmcab  HTTP/1.1" 200 40654
172.22.2.4 - - [29/Oct/2023:20:47:28 -0500] "HEAD /BLA/boletinlegal/ HTTP/1.1" 200 -
216.245.221.92 - - [29/Oct/2023:20:49:25 -0500] "HEAD / HTTP/1.1" 200 -
52.167.144.161 - - [29/Oct/2023:20:49:55 -0500] "GET /BLA/resoluciones/AUTOS%202023/3169.pdf HTTP/1.1" 200 788422
172.22.2.4 - - [29/Oct/2023:20:48:19 -0500] "GET /BLA/boletinlegal/ HTTP/1.1" 200 55105
52.167.144.136 - - [29/Oct/2023:20:50:02 -0500] "GET /BLA/resoluciones/AUTOS%202023/3301.pdf HTTP/1.1" 200 949416
186.29.165.62 - - [29/Oct/2023:20:50:37 -0500] "GET /BLA/resoluciones/RESOLUCIONES%202014/1422.pdf HTTP/1.1" 200 3015538
201.245.192.253 - - [29/Oct/2023:20:53:18 -0500] "POST /kwsrmcab/Wsrmcab  HTTP/1.1" 200 40654
66.249.66.39 - - [29/Oct/2023:20:53:53 -0500] "GET /cumbre-p4g-soluciones-conjuntas-para-consolidar-ciudades-sostenibles.html HTTP/1.1" 304 -
172.22.2.4 - - [29/Oct/2023:20:54:04 -0500] "GET /BLA/boletinlegal/jurisprudencia/analisis/AnalisisT-606-15.docx HTTP/1.1" 200 26698
172.22.2.4 - - [29/Oct/2023:20:54:05 -0500] "GET /BLA/boletinlegal/apple-touch-icon-120x120-precomposed.png HTTP/1.1" 404 1140
172.22.2.4 - - [29/Oct/2023:20:54:05 -0500] "GET /BLA/boletinlegal/apple-touch-icon-120x120.png HTTP/1.1" 404 1140
172.22.2.4 - - [29/Oct/2023:20:54:05 -0500] "GET /BLA/boletinlegal/apple-touch-icon-precomposed.png HTTP/1.1" 404 1140
172.22.2.4 - - [29/Oct/2023:20:54:05 -0500] "GET /BLA/boletinlegal/apple-touch-icon.png HTTP/1.1" 404 1140
172.22.2.4 - - [29/Oct/2023:20:54:05 -0500] "GET /BLA/boletinlegal/favicon.ico HTTP/1.1" 404 1140
172.22.2.4 - - [29/Oct/2023:20:54:05 -0500] "GET /BLA/boletinlegal/apple-touch-icon-120x120-precomposed.png HTTP/1.1" 404 1140
172.22.2.4 - - [29/Oct/2023:20:54:05 -0500] "GET /BLA/boletinlegal/apple-touch-icon-120x120.png HTTP/1.1" 404 1140
172.22.2.4 - - [29/Oct/2023:20:54:05 -0500] "GET /BLA/boletinlegal/apple-touch-icon-precomposed.png HTTP/1.1" 404 1140
172.22.2.4 - - [29/Oct/2023:20:54:05 -0500] "GET /BLA/boletinlegal/apple-touch-icon.png HTTP/1.1" 404 1140
172.22.2.4 - - [29/Oct/2023:20:54:05 -0500] "GET /BLA/boletinlegal/favicon.ico HTTP/1.1" 404 1140
172.22.2.4 - - [29/Oct/2023:20:53:36 -0500] "GET /BLA/boletinlegal/?XDEBUG_SESSION_START=phpstorm HTTP/1.1" 200 24523
216.245.221.92 - - [29/Oct/2023:20:54:25 -0500] "HEAD / HTTP/1.1" 200 -
172.22.2.4 - - [29/Oct/2023:20:53:18 -0500] "HEAD /BLA/boletinlegal/ HTTP/1.1" 200 -
52.167.144.161 - - [29/Oct/2023:20:55:44 -0500] "GET /Publicaciones/2023EE210170.pdf HTTP/1.1" 404 228
172.22.2.4 - - [29/Oct/2023:20:54:09 -0500] "GET /BLA/boletinlegal/ HTTP/1.1" 200 58309
207.46.13.154 - - [29/Oct/2023:20:58:13 -0500] "GET /BLA/resoluciones/AUTOS%202023/5135.pdf HTTP/1.1" 200 820924
201.245.192.253 - - [29/Oct/2023:20:58:17 -0500] "POST /kwsrmcab/Wsrmcab  HTTP/1.1" 200 40654
172.22.2.4 - - [29/Oct/2023:20:59:24 -0500] "GET /BLA/boletinlegal/actos.php HTTP/1.1" 200 9682
216.245.221.92 - - [29/Oct/2023:20:59:25 -0500] "HEAD / HTTP/1.1" 200 -
172.22.2.4 - - [29/Oct/2023:20:59:16 -0500] "GET /BLA/boletinlegal/index.php HTTP/1.1" 200 45003
172.22.2.4 - - [29/Oct/2023:20:59:08 -0500] "HEAD /BLA/boletinlegal/ HTTP/1.1" 200 -
216.244.66.195 - - [29/Oct/2023:21:01:03 -0500] "GET /BLA/resoluciones/AUTOS%202015/0026.pdf HTTP/1.1" 200 167216
216.244.66.195 - - [29/Oct/2023:21:01:31 -0500] "GET /BLA/resoluciones/AUTOS%202015/0056.pdf HTTP/1.1" 200 438226
100.21.24.205 - - [29/Oct/2023:21:01:38 -0500] "GET /BLA/resoluciones/ HTTP/1.1" 200 13696
172.22.2.4 - - [29/Oct/2023:20:59:59 -0500] "GET /BLA/boletinlegal/ HTTP/1.1" 200 53050
172.22.2.4 - - [29/Oct/2023:21:01:52 -0500] "GET /BLA/boletinlegal/jurisprudencia.php HTTP/1.1" 200 17583
216.244.66.195 - - [29/Oct/2023:21:02:11 -0500] "GET /BLA/resoluciones/AUTOS%202015/0162.pdf HTTP/1.1" 200 570087
40.77.167.36 - - [29/Oct/2023:21:02:15 -0500] "GET /BLA/resoluciones/RESOLUCIONES%202022/0173.pdf HTTP/1.1" 200 426684
190.27.129.153 - - [29/Oct/2023:21:02:59 -0500] "GET /secretaria-de-ambiente-abre-convocatoria-para-el-proceso-de-formacion-mujeres-cuidadoras-de-humedales.html HTTP/1.1" 200 943
216.244.66.195 - - [29/Oct/2023:21:03:01 -0500] "GET /BLA/resoluciones/AUTOS%202015/0167.pdf HTTP/1.1" 200 455999
201.245.192.253 - - [29/Oct/2023:21:03:17 -0500] "POST /kwsrmcab/Wsrmcab  HTTP/1.1" 200 40654
216.244.66.195 - - [29/Oct/2023:21:03:51 -0500] "GET /BLA/resoluciones/AUTOS%202015/0534.pdf HTTP/1.1" 200 522770
157.55.39.6 - - [29/Oct/2023:21:03:54 -0500] "GET /BLA/resoluciones/AUTOS%202023/5234.pdf HTTP/1.1" 200 984382
216.245.221.92 - - [29/Oct/2023:21:04:25 -0500] "HEAD / HTTP/1.1" 200 -
52.167.144.180 - - [29/Oct/2023:21:04:29 -0500] "GET /BLA/resoluciones/AUTOS%202023/3372.pdf HTTP/1.1" 200 2106322
216.244.66.195 - - [29/Oct/2023:21:04:36 -0500] "GET /BLA/resoluciones/AUTOS%202015/0588.pdf HTTP/1.1" 200 343406
216.244.66.195 - - [29/Oct/2023:21:05:17 -0500] "GET /BLA/resoluciones/AUTOS%202015/1044.pdf HTTP/1.1" 200 534946
216.244.66.195 - - [29/Oct/2023:21:06:16 -0500] "GET /BLA/resoluciones/AUTOS%202015/2181.pdf HTTP/1.1" 200 512408
40.77.167.36 - - [29/Oct/2023:21:06:26 -0500] "GET /BLA/resoluciones/AUTOS%202023/5119.pdf HTTP/1.1" 200 423484
172.22.2.4 - - [29/Oct/2023:21:04:58 -0500] "HEAD /BLA/boletinlegal/ HTTP/1.1" 200 -
216.244.66.195 - - [29/Oct/2023:21:07:03 -0500] "GET /BLA/resoluciones/AUTOS%202015/3018.pdf HTTP/1.1" 200 498417
172.22.2.4 - - [29/Oct/2023:21:05:49 -0500] "GET /BLA/boletinlegal/ HTTP/1.1" 200 58309
216.244.66.195 - - [29/Oct/2023:21:07:53 -0500] "GET /BLA/resoluciones/RESOLUCIONES%202011/0330.pdf HTTP/1.1" 200 82352
52.167.144.180 - - [29/Oct/2023:21:08:07 -0500] "GET /BLA/resoluciones/AUTOS%202023/4062.pdf HTTP/1.1" 200 652050
201.245.192.253 - - [29/Oct/2023:21:08:17 -0500] "POST /kwsrmcab/Wsrmcab  HTTP/1.1" 200 40654
216.244.66.195 - - [29/Oct/2023:21:08:24 -0500] "GET /BLA/resoluciones/RESOLUCIONES%202011/0667.pdf HTTP/1.1" 200 109372
172.22.2.4 - - [29/Oct/2023:21:08:53 -0500] "GET /BLA/boletinlegal/sugerencias.php HTTP/1.1" 200 8615
66.249.66.167 - - [29/Oct/2023:21:08:53 -0500] "GET /portaldeninos/humedal-tibanica-2/ HTTP/1.1" 200 87771
216.244.66.195 - - [29/Oct/2023:21:08:57 -0500] "GET /BLA/resoluciones/RESOLUCIONES%202011/1093.pdf HTTP/1.1" 200 332467
172.22.2.4 - - [29/Oct/2023:21:09:08 -0500] "GET /BLA/boletinlegal/doctrina.php HTTP/1.1" 200 5614
216.245.221.92 - - [29/Oct/2023:21:09:25 -0500] "HEAD / HTTP/1.1" 200 -
216.244.66.195 - - [29/Oct/2023:21:09:45 -0500] "GET /BLA/resoluciones/RESOLUCIONES%202011/1556.pdf HTTP/1.1" 200 155911
94.102.61.80 - - [29/Oct/2023:21:10:06 -0500] "GET / HTTP/1.1" 200 319
216.244.66.195 - - [29/Oct/2023:21:10:21 -0500] "GET /BLA/resoluciones/RESOLUCIONES%202011/1584.pdf HTTP/1.1" 200 74475
94.102.61.80 - - [29/Oct/2023:21:11:58 -0500] "GET / HTTP/1.1" 200 319
172.22.2.4 - - [29/Oct/2023:21:10:48 -0500] "HEAD /BLA/boletinlegal/ HTTP/1.1" 200 -
201.245.192.253 - - [29/Oct/2023:21:13:15 -0500] "POST /kwsrmcab/Wsrmcab  HTTP/1.1" 200 40654
172.22.2.4 - - [29/Oct/2023:21:11:39 -0500] "GET /BLA/boletinlegal/ HTTP/1.1" 200 59129
20.15.133.173 - - [29/Oct/2023:21:13:24 -0500] "GET /robots.txt HTTP/1.1" 404 1018
20.15.133.185 - - [29/Oct/2023:21:13:30 -0500] "GET /BLA/resoluciones/RESOLUCIONES%202021/5479.pdf HTTP/1.1" 304 -
216.245.221.92 - - [29/Oct/2023:21:14:25 -0500] "HEAD / HTTP/1.1" 200 -
170.106.176.49 - - [29/Oct/2023:21:15:05 -0500] "GET / HTTP/1.1" 200 319
111.7.100.35 - - [29/Oct/2023:21:15:16 -0500] "GET / HTTP/1.1" 200 319
111.7.100.35 - - [29/Oct/2023:21:15:16 -0500] "GET /favicon.ico HTTP/1.1" 200 7782
36.99.136.128 - - [29/Oct/2023:21:15:19 -0500] "GET / HTTP/1.1" 200 319
36.99.136.128 - - [29/Oct/2023:21:15:19 -0500] "GET /favicon.ico HTTP/1.1" 200 7782
146.70.178.94 - - [29/Oct/2023:21:15:20 -0500] "GET / HTTP/1.1" 200 319
146.70.178.94 - - [29/Oct/2023:21:15:22 -0500] "GET /favicon.ico HTTP/1.1" 200 7782
146.70.178.94 - - [29/Oct/2023:21:15:29 -0500] "GET / HTTP/1.1" 200 319
146.70.178.94 - - [29/Oct/2023:21:15:31 -0500] "GET /favicon.ico HTTP/1.1" 200 7782
36.99.136.129 - - [29/Oct/2023:21:15:42 -0500] "GET / HTTP/1.1" 200 319
36.99.136.129 - - [29/Oct/2023:21:15:43 -0500] "GET /favicon.ico HTTP/1.1" 200 7782
36.99.136.129 - - [29/Oct/2023:21:15:52 -0500] "GET / HTTP/1.1" 200 4720
36.99.136.136 - - [29/Oct/2023:21:15:53 -0500] "GET / HTTP/1.1" 200 4720
36.99.136.137 - - [29/Oct/2023:21:15:55 -0500] "GET /js/url.js HTTP/1.1" 404 1198
36.99.136.129 - - [29/Oct/2023:21:16:01 -0500] "GET /favicon.ico HTTP/1.1" 404 1034
36.99.136.129 - - [29/Oct/2023:21:16:06 -0500] "GET / HTTP/1.1" 200 319
36.99.136.129 - - [29/Oct/2023:21:16:06 -0500] "GET /favicon.ico HTTP/1.1" 200 7782
52.167.144.170 - - [29/Oct/2023:21:16:27 -0500] "GET /BLA/resoluciones/AUTOS%202023/2444.pdf HTTP/1.1" 200 329257
52.167.144.170 - - [29/Oct/2023:21:17:35 -0500] "GET /galeria/galeria/fotos/Entrenube3G.jpg HTTP/1.1" 200 138221
201.245.192.253 - - [29/Oct/2023:21:17:42 -0500] "POST /kwsrmcab/Wsrmcab HTTP/1.1" 200 40722
201.245.192.253 - - [29/Oct/2023:21:17:45 -0500] "POST /kwsrmcab/Wsrmcab HTTP/1.1" 200 38857
201.245.192.253 - - [29/Oct/2023:21:18:14 -0500] "POST /kwsrmcab/Wsrmcab  HTTP/1.1" 200 40654
172.22.2.4 - - [29/Oct/2023:21:16:38 -0500] "HEAD /BLA/boletinlegal/ HTTP/1.1" 200 -
172.22.2.4 - - [29/Oct/2023:21:18:30 -0500] "GET /BLA/boletinlegal/Circulares/2023/CIRCULAR%20No.%2000006%20DEL%2013%20DE%20JULIO%20DEL%202023.pdf HTTP/1.1" 200 375301
172.22.2.4 - - [29/Oct/2023:21:17:29 -0500] "GET /BLA/boletinlegal/ HTTP/1.1" 200 60331
216.245.221.92 - - [29/Oct/2023:21:19:25 -0500] "HEAD / HTTP/1.1" 200 -
162.55.43.55 - - [29/Oct/2023:21:20:01 -0500] "GET / HTTP/1.1" 200 4720
162.55.43.55 - - [29/Oct/2023:21:20:03 -0500] "GET / HTTP/1.1" 200 319
201.245.192.253 - - [29/Oct/2023:21:20:50 -0500] "POST /kwsrmcab/Wsrmcab HTTP/1.1" 200 40722
201.245.192.253 - - [29/Oct/2023:21:20:53 -0500] "POST /kwsrmcab/Wsrmcab HTTP/1.1" 200 38857
52.167.144.235 - - [29/Oct/2023:21:22:43 -0500] "GET /BLA/resoluciones/AUTOS%202023/4041.pdf HTTP/1.1" 200 1879583
201.245.192.253 - - [29/Oct/2023:21:23:13 -0500] "POST /kwsrmcab/Wsrmcab  HTTP/1.1" 200 40654
66.249.66.20 - - [29/Oct/2023:21:23:23 -0500] "GET /BLA/resoluciones/RESOLUCIONES%202016/2208.pdf HTTP/1.1" 304 -
172.22.2.4 - - [29/Oct/2023:21:22:28 -0500] "HEAD /BLA/boletinlegal/ HTTP/1.1" 200 -
40.77.167.254 - - [29/Oct/2023:21:24:19 -0500] "GET /BLA/resoluciones/AUTOS%202023/4170.pdf HTTP/1.1" 200 416480
216.245.221.92 - - [29/Oct/2023:21:24:25 -0500] "HEAD / HTTP/1.1" 200 -
40.77.167.254 - - [29/Oct/2023:21:24:25 -0500] "GET /Publicaciones/2023EE213132.pdf HTTP/1.1" 404 228
66.249.66.19 - - [29/Oct/2023:21:24:25 -0500] "GET /BLA/resoluciones/RESOLUCIONES%202012/1283.pdf HTTP/1.1" 200 943626
66.249.66.21 - - [29/Oct/2023:21:24:26 -0500] "GET /BLA/resoluciones/RESOLUCIONES%202009/2403.pdf HTTP/1.1" 200 416019
172.22.2.4 - - [29/Oct/2023:21:23:19 -0500] "GET /BLA/boletinlegal/ HTTP/1.1" 200 60331
157.55.39.11 - - [29/Oct/2023:21:25:28 -0500] "GET /BLA/resoluciones/AUTOS%202014/7119.pdf HTTP/1.1" 304 -
207.46.13.111 - - [29/Oct/2023:21:25:52 -0500] "GET /BLA/resoluciones/AUTOS%202023/3371.pdf HTTP/1.1" 200 2020218
201.245.192.253 - - [29/Oct/2023:21:27:43 -0500] "POST /kwsrmcab/Wsrmcab HTTP/1.1" 200 40722
201.245.192.253 - - [29/Oct/2023:21:27:45 -0500] "POST /kwsrmcab/Wsrmcab HTTP/1.1" 200 38857
216.244.66.195 - - [29/Oct/2023:21:27:54 -0500] "GET /robots.txt HTTP/1.1" 404 1018
172.22.2.4 - - [29/Oct/2023:21:28:07 -0500] "GET /BLA/boletinlegal/api/v2/cmdb/system/admin/admin HTTP/1.1" 404 1011
201.245.192.253 - - [29/Oct/2023:21:28:12 -0500] "POST /kwsrmcab/Wsrmcab  HTTP/1.1" 200 40654
207.46.13.17 - - [29/Oct/2023:21:28:21 -0500] "GET /BLA/resoluciones/AUTOS%202022/7545.pdf HTTP/1.1" 200 415528
207.46.13.125 - - [29/Oct/2023:21:28:40 -0500] "GET /bla/resoluciones/resoluciones%202012/1416.pdf HTTP/1.1" 200 492255
216.245.221.92 - - [29/Oct/2023:21:29:25 -0500] "HEAD / HTTP/1.1" 200 -
40.77.167.254 - - [29/Oct/2023:21:29:47 -0500] "GET /BLA/resoluciones/RESOLUCIONES%202010/2605.pdf HTTP/1.1" 304 -
172.22.2.4 - - [29/Oct/2023:21:28:18 -0500] "HEAD /BLA/boletinlegal/ HTTP/1.1" 200 -
207.46.13.17 - - [29/Oct/2023:21:30:22 -0500] "GET /BLA/resoluciones/AUTOS%202023/4175.pdf HTTP/1.1" 200 406339
172.22.2.4 - - [29/Oct/2023:21:29:09 -0500] "GET /BLA/boletinlegal/ HTTP/1.1" 200 57596
201.245.192.253 - - [29/Oct/2023:21:30:50 -0500] "POST /kwsrmcab/Wsrmcab HTTP/1.1" 200 40722
201.245.192.253 - - [29/Oct/2023:21:30:53 -0500] "POST /kwsrmcab/Wsrmcab HTTP/1.1" 200 38857
207.46.13.17 - - [29/Oct/2023:21:31:22 -0500] "GET /BLA/resoluciones/RESOLUCIONES%202020/0098.pdf HTTP/1.1" 304 -
146.190.172.154 - - [29/Oct/2023:21:31:28 -0500] "GET / HTTP/1.1" 200 319
201.245.192.253 - - [29/Oct/2023:21:33:11 -0500] "POST /kwsrmcab/Wsrmcab  HTTP/1.1" 200 40654
216.245.221.92 - - [29/Oct/2023:21:34:25 -0500] "HEAD / HTTP/1.1" 200 -
191.104.106.33 - - [29/Oct/2023:21:35:32 -0500] "GET /kwssiamovil/sm/ldap/au?x=U2FsdGVkX18LabOI67jK8TclSuiDNsTpU4kj8LILx/B4FJffdeUY8hCdbyCAZ+cG&y=U2FsdGVkX1/adSrTUlnE0jfJE93Nr0Bmw+Ij9EwW0l4KWN5LfuO40KzxoLFFedO9 HTTP/1.1" 200 30
191.104.106.33 - - [29/Oct/2023:21:35:32 -0500] "GET /kwssiamovil/sm/acme/s?s=U2FsdGVkX18fVEidBiywO9FXNXrqLPEj8cPrY19Up5wpDYfAyZouE1/E6QNgZjDiCvG7+89xqXMooZ3j438IDYkNs1jpE45rb51VpeSpr80=&u=U2FsdGVkX1/HW/6TD+cMfIGOrZrc2IHiD6+OPdPxayQ=&y=U2FsdGVkX1/adSrTUlnE0jfJE93Nr0Bmw+Ij9EwW0l4KWN5LfuO40KzxoLFFedO9 HTTP/1.1" 200 97
191.104.106.33 - - [29/Oct/2023:21:35:32 -0500] "GET /kwssiamovil/sm/acme/s?s=U2FsdGVkX18vAOsHkNZR9D0O4Q3Jap1QNM1alhIcdP2hq66jzq2Xzia0nb+87qk4TlmG7VG3VB+mDIzI+ezJPXlbXSI6QlixzVUxBK6gTE7SzrNInWng6Rakm+TOW1crCWwXmQPpXwuwL7hcjC2yVi0rV5CAstoFesxdEhls3StBWmvPxSobPIlmNJKA4VS9fC2+3eVogWVDbR8nCsLC2YbBSzAi78oghDzegINgJTlBM8KDJE/mwsdTpAQSa5N1unTvu7fbugJ+BjAlqIXWs8AJPFJQ/nI4JIm1zgVBIMFZ/igoa1yFeN7QmcjtiVJj3eJUEfEnr5T/PKIUJ2b+PmGIEmbOc1YEDKok9XAr6IEPuRk5uObu68uMOu/VVvn50dCVVigOyACieXdyd1+bH3vZopG/PeEhzsBmEKr1OwJZctu4A+g/W+N6MjN1u6CvBMxqip5XLKdq+DQaNGLU9sinx1XehLIaAyb+2DRPsj4Hrafd9rOmjlvAP5MMx27KhAOKihK09cIaT6d6e6qOqNMpay/VmQOLAGBEilaFAFST766QNmoMVwMfeNcS9DtQwW8dIzvUh8ZP+rZomhteo9hWn3dl7Xf4kKwXgWvcVzd4ySHMMpbMqv4pn8+WbFkrsYmK9sqJYHO5NktitGrJ7orfzWzdCJLTgP+S0CfFq87QYT9gOZVQM2CebJNNQnTzVm/CCKdvwX+mhIRpK3QXR2NBlywRzfRp5SRznTl1qm3d6RfgiofTUb/R/V47mqCAlnFDRlulEXLnF8XvyZXCyhaQuTpgAV7C1nuAsS3/Ro1eloiR45HU6J14muVuX7Vi/p/rk75gtThGHFQoRt73ZHExyWoEhkXpRyz+jc/OWW/B2He+oL2PQjCQfu1UM9LAGOkEoqZsKvcVvltzLLJ8wApAgecfL4W7in2slFp6nWXJEqi0fdt9ZLFI8lhOmGWTkUVf80du0ajslf93oqy03IoP+Dm80NgFGDrpjs7Ki7YiugrDIH4xhUb+gIrWh1XCypSYW0g4SLhZXDKUJ91CtEoJLMKBl/Nbm25wP+Dszw6DA1uHCDZN/zrQaXbJJ1B+9RWynMBRnA+N+UtzdSQQ4cXMgRr7zXFTIcAkVNVmmzdb/ZACOR6t7vlQqjj3LdtlJoB9NUrcLe6Au4zhRGSlA7+Bn9AV5fUQKMl3Ni3v9HedsqwVxpKeN1JWh0NtOvkhXNkiUWF4hBgbLtDajGdAKLZnFgwG0on03ssCBVHx7EgnJVzdTotZQszJr1UBJOAn28VY2eGOamkKrZlazG9OgpJi7k683MIGFjht8RzCx1qafFiR3XtRTtpDC+MP1HPpxJc205YuKpyztKkrNjKB3RBgcn4sy13uXN1AbnChRh18BOt+basXqVJfxQeooFPadNnUw0kWUiX/KKhGYMje9gY/uasjIEWx6NQcoRNa2zwrQ5Jn+gvmEJcae6XNY0llSFY5rr+F+0mixdTdC92YHaXKfps52vKdfnX6jlxeogReDqX1WPZ/KAcwD43nQd/0E+FiHxwvC6QeUryhtyJxRFiGhz2h04Z6xeH8OV88fKZwDlOx9IjMk7MnliwryakEvwUpKsLuslcRnXfCvtH1nEZBv468U5yuYdPV2XsxxwR8F9vIVdihXNQn8BdVYVob4G6eks9toGVVV4CV7RLdagKNakKt7NAX0cBG6i3nQmc8PlbRRxu1pCzNiSToVkKcYlEnTSO02ziVoqTge97lJzfhdhwulzEVIIyno3KE4Ns=&u=U2FsdGVkX1/HW/6TD+cMfIGOrZrc2IHiD6+OPdPxayQ=&y=U2FsdGVkX1/adSrTUlnE0jfJE93Nr0Bmw+Ij9EwW0l4KWN5LfuO40KzxoLFFedO9 HTTP/1.1" 200 1091
