201.245.211.158 - - [29/Oct/2023:12:10:20 -0500] "GET /sipse/faces/javax.faces.resource/images/ui-icons_898989_256x240.png?ln=primefaces-aristo HTTP/1.1" 304 -
201.245.211.158 - - [29/Oct/2023:12:10:20 -0500] "GET /sipse/css/imagen/loginimg.png HTTP/1.1" 200 71635
201.245.211.158 - - [29/Oct/2023:12:10:20 -0500] "GET /sipse/css/imagen/logoSDG.png HTTP/1.1" 200 53064
201.245.211.158 - - [29/Oct/2023:12:10:21 -0500] "GET /sipse/faces/index.xhtml HTTP/1.1" 200 677
201.245.211.158 - - [29/Oct/2023:12:10:21 -0500] "GET /sipse/faces/javax.faces.resource/theme.css?ln=primefaces-sipse HTTP/1.1" 304 -
201.245.211.158 - - [29/Oct/2023:12:10:21 -0500] "GET /sipse/faces/faces/autenticacion.xhtml HTTP/1.1" 200 12405
201.245.211.158 - - [29/Oct/2023:12:10:21 -0500] "GET /sipse/faces/javax.faces.resource/theme.css?ln=primefaces-sipse HTTP/1.1" 304 -
201.245.211.158 - - [29/Oct/2023:12:10:21 -0500] "GET /sipse/faces/javax.faces.resource/primefaces.css?ln=primefaces&v=4.0 HTTP/1.1" 304 -
201.245.211.158 - - [29/Oct/2023:12:10:21 -0500] "GET /sipse/faces/javax.faces.resource/layout/layout.css?ln=primefaces&v=4.0 HTTP/1.1" 304 -
201.245.211.158 - - [29/Oct/2023:12:10:21 -0500] "GET /sipse/faces/javax.faces.resource/jquery/jquery.js?ln=primefaces&v=4.0 HTTP/1.1" 304 -
201.245.211.158 - - [29/Oct/2023:12:10:21 -0500] "GET /sipse/faces/javax.faces.resource/jquery/jquery-plugins.js?ln=primefaces&v=4.0 HTTP/1.1" 304 -
201.245.211.158 - - [29/Oct/2023:12:10:21 -0500] "GET /sipse/faces/javax.faces.resource/primefaces.js?ln=primefaces&v=4.0 HTTP/1.1" 304 -
201.245.211.158 - - [29/Oct/2023:12:10:21 -0500] "GET /sipse/faces/javax.faces.resource/layout/layout.js?ln=primefaces&v=4.0 HTTP/1.1" 304 -
201.245.211.158 - - [29/Oct/2023:12:10:27 -0500] "POST /sipse/faces/autenticacion.xhtml HTTP/1.1" 200 16791
201.245.211.158 - - [29/Oct/2023:12:10:27 -0500] "GET /sipse/css/custom_css_sg_prime.css HTTP/1.1" 200 5201
201.245.211.158 - - [29/Oct/2023:12:10:27 -0500] "GET /sipse/faces/javax.faces.resource/theme.css?ln=primefaces-sipse HTTP/1.1" 304 -
201.245.211.158 - - [29/Oct/2023:12:10:27 -0500] "GET /sipse/faces/javax.faces.resource/primefaces.css?ln=primefaces&v=4.0 HTTP/1.1" 304 -
201.245.211.158 - - [29/Oct/2023:12:10:27 -0500] "GET /sipse/faces/javax.faces.resource/layout/layout.css?ln=primefaces&v=4.0 HTTP/1.1" 304 -
201.245.211.158 - - [29/Oct/2023:12:10:27 -0500] "GET /sipse/js/jquery.min.js HTTP/1.1" 200 85582
201.245.211.158 - - [29/Oct/2023:12:10:27 -0500] "GET /sipse/faces/javax.faces.resource/jquery/jquery.js?ln=primefaces&v=4.0 HTTP/1.1" 304 -
201.245.211.158 - - [29/Oct/2023:12:10:27 -0500] "GET /sipse/faces/javax.faces.resource/jquery/jquery-plugins.js?ln=primefaces&v=4.0 HTTP/1.1" 304 -
201.245.211.158 - - [29/Oct/2023:12:10:27 -0500] "GET /sipse/faces/javax.faces.resource/primefaces.js?ln=primefaces&v=4.0 HTTP/1.1" 304 -
201.245.211.158 - - [29/Oct/2023:12:10:27 -0500] "GET /sipse/faces/javax.faces.resource/layout/layout.js?ln=primefaces&v=4.0 HTTP/1.1" 304 -
201.245.211.158 - - [29/Oct/2023:12:10:27 -0500] "GET /sipse/css/v_mergente.css HTTP/1.1" 200 1505
201.245.211.158 - - [29/Oct/2023:12:10:27 -0500] "GET /sipse/css/imagen/contrasena.png HTTP/1.1" 404 383
201.245.211.158 - - [29/Oct/2023:12:10:27 -0500] "GET /sipse/imagenes/logoAplicacion.jpg HTTP/1.1" 200 155084
201.245.211.158 - - [29/Oct/2023:12:10:27 -0500] "GET /sipse/imagenes/cargando.gif HTTP/1.1" 200 36959
201.245.211.158 - - [29/Oct/2023:12:10:27 -0500] "GET /sipse/faces/javax.faces.resource/messages/messages.png?ln=primefaces&v=4.0 HTTP/1.1" 200 27209
201.245.211.158 - - [29/Oct/2023:12:10:30 -0500] "GET /sipse/faces/javax.faces.resource/images/ui-bg_flat_0_2d5972_40x100.png?ln=primefaces-aristo HTTP/1.1" 304 -
201.245.211.158 - - [29/Oct/2023:12:10:30 -0500] "POST /sipse/faces/bienvenido.xhtml HTTP/1.1" 200 2658
201.245.211.158 - - [29/Oct/2023:12:10:32 -0500] "POST /sipse/faces/bienvenido.xhtml HTTP/1.1" 200 36046
201.245.211.158 - - [29/Oct/2023:12:10:33 -0500] "GET /sipse/faces/javax.faces.resource/theme.css?ln=primefaces-sipse HTTP/1.1" 304 -
201.245.211.158 - - [29/Oct/2023:12:10:33 -0500] "GET /sipse/faces/javax.faces.resource/primefaces.css?ln=primefaces&v=4.0 HTTP/1.1" 304 -
201.245.211.158 - - [29/Oct/2023:12:10:33 -0500] "GET /sipse/faces/javax.faces.resource/layout/layout.css?ln=primefaces&v=4.0 HTTP/1.1" 304 -
201.245.211.158 - - [29/Oct/2023:12:10:33 -0500] "GET /sipse/faces/javax.faces.resource/jquery/jquery.js?ln=primefaces&v=4.0 HTTP/1.1" 304 -
201.245.211.158 - - [29/Oct/2023:12:10:33 -0500] "GET /sipse/faces/javax.faces.resource/jquery/jquery-plugins.js?ln=primefaces&v=4.0 HTTP/1.1" 304 -
201.245.211.158 - - [29/Oct/2023:12:10:33 -0500] "GET /sipse/faces/javax.faces.resource/primefaces.js?ln=primefaces&v=4.0 HTTP/1.1" 304 -
201.245.211.158 - - [29/Oct/2023:12:10:33 -0500] "GET /sipse/faces/javax.faces.resource/layout/layout.js?ln=primefaces&v=4.0 HTTP/1.1" 304 -
201.245.211.158 - - [29/Oct/2023:12:10:33 -0500] "POST /sipse/faces/presentacion/financiero/solicitudProceso/listarSolicitudProceso.xhtml HTTP/1.1" 200 1400
201.245.211.158 - - [29/Oct/2023:12:10:36 -0500] "GET /sipse/faces/javax.faces.resource/images/ui-icons_898989_256x240.png?ln=primefaces-aristo HTTP/1.1" 304 -
201.245.211.158 - - [29/Oct/2023:12:10:42 -0500] "POST /sipse/faces/presentacion/financiero/solicitudProceso/listarSolicitudProceso.xhtml HTTP/1.1" 200 147916
201.245.211.158 - - [29/Oct/2023:12:10:43 -0500] "GET /sipse/faces/javax.faces.resource/theme.css?ln=primefaces-sipse HTTP/1.1" 304 -
201.245.211.158 - - [29/Oct/2023:12:10:43 -0500] "GET /sipse/faces/javax.faces.resource/layout/layout.css?ln=primefaces&v=4.0 HTTP/1.1" 304 -
201.245.211.158 - - [29/Oct/2023:12:10:43 -0500] "GET /sipse/faces/javax.faces.resource/primefaces.css?ln=primefaces&v=4.0 HTTP/1.1" 304 -
201.245.211.158 - - [29/Oct/2023:12:10:43 -0500] "GET /sipse/faces/javax.faces.resource/jquery/jquery.js?ln=primefaces&v=4.0 HTTP/1.1" 304 -
201.245.211.158 - - [29/Oct/2023:12:10:43 -0500] "GET /sipse/faces/javax.faces.resource/jquery/jquery-plugins.js?ln=primefaces&v=4.0 HTTP/1.1" 304 -
201.245.211.158 - - [29/Oct/2023:12:10:43 -0500] "GET /sipse/faces/javax.faces.resource/primefaces.js?ln=primefaces&v=4.0 HTTP/1.1" 304 -
201.245.211.158 - - [29/Oct/2023:12:10:43 -0500] "GET /sipse/faces/javax.faces.resource/layout/layout.js?ln=primefaces&v=4.0 HTTP/1.1" 304 -
201.245.211.158 - - [29/Oct/2023:12:10:44 -0500] "GET /sipse/faces/javax.faces.resource/dynamiccontent.properties?ln=primefaces&pfdrid=XjOR5%2F%2FfPAZAuY9TpWQeCiM0BhlXxYRBGKi%2FQcXXfeA%3D&pfdrid_c=false HTTP/1.1" 500 383
172.22.2.4 - - [29/Oct/2023:12:09:08 -0500] "GET /BLA/boletinlegal/ HTTP/1.1" 200 54712
201.245.211.158 - - [29/Oct/2023:12:11:01 -0500] "POST /sipse/faces/presentacion/financiero/solicitudProceso/consultarSolicitudProceso.xhtml HTTP/1.1" 200 5657
201.245.211.158 - - [29/Oct/2023:12:11:02 -0500] "GET /sipse/faces/javax.faces.resource/dynamiccontent.properties?ln=primefaces&pfdrid=XjOR5%2F%2FfPAZAuY9TpWQeCiM0BhlXxYRBGKi%2FQcXXfeA%3D&pfdrid_c=false HTTP/1.1" 200 117211
201.245.211.158 - - [29/Oct/2023:12:11:12 -0500] "GET /sipse/faces/javax.faces.resource/dynamiccontent.properties?ln=primefaces&pfdrid=XjOR5%2F%2FfPAZAuY9TpWQeCiM0BhlXxYRBGKi%2FQcXXfeA%3D&pfdrid_c=false HTTP/1.1" 500 383
201.245.211.158 - - [29/Oct/2023:12:12:21 -0500] "GET /sipse/faces/faces/ HTTP/1.1" 200 601
201.245.211.158 - - [29/Oct/2023:12:12:21 -0500] "GET /sipse/faces/faces/faces/autenticacion.xhtml HTTP/1.1" 200 12412
201.245.211.158 - - [29/Oct/2023:12:12:21 -0500] "GET /sipse/faces/javax.faces.resource/theme.css?ln=primefaces-sipse HTTP/1.1" 304 -
201.245.211.158 - - [29/Oct/2023:12:12:21 -0500] "GET /sipse/faces/javax.faces.resource/primefaces.css?ln=primefaces&v=4.0 HTTP/1.1" 304 -
201.245.211.158 - - [29/Oct/2023:12:12:21 -0500] "GET /sipse/faces/javax.faces.resource/layout/layout.css?ln=primefaces&v=4.0 HTTP/1.1" 304 -
201.245.211.158 - - [29/Oct/2023:12:12:21 -0500] "GET /sipse/faces/javax.faces.resource/jquery/jquery.js?ln=primefaces&v=4.0 HTTP/1.1" 304 -
201.245.211.158 - - [29/Oct/2023:12:12:21 -0500] "GET /sipse/faces/javax.faces.resource/layout/layout.js?ln=primefaces&v=4.0 HTTP/1.1" 304 -
201.245.211.158 - - [29/Oct/2023:12:12:21 -0500] "GET /sipse/faces/javax.faces.resource/jquery/jquery-plugins.js?ln=primefaces&v=4.0 HTTP/1.1" 304 -
201.245.211.158 - - [29/Oct/2023:12:12:21 -0500] "GET /sipse/faces/javax.faces.resource/primefaces.js?ln=primefaces&v=4.0 HTTP/1.1" 304 -
201.245.211.158 - - [29/Oct/2023:12:12:21 -0500] "GET /sipse/faces/javax.faces.resource/images/ui-icons_898989_256x240.png?ln=primefaces-aristo HTTP/1.1" 304 -
201.245.211.158 - - [29/Oct/2023:12:12:26 -0500] "POST /sipse/faces/autenticacion.xhtml HTTP/1.1" 200 16823
201.245.211.158 - - [29/Oct/2023:12:12:26 -0500] "GET /sipse/faces/javax.faces.resource/theme.css?ln=primefaces-sipse HTTP/1.1" 304 -
201.245.211.158 - - [29/Oct/2023:12:12:26 -0500] "GET /sipse/faces/javax.faces.resource/layout/layout.css?ln=primefaces&v=4.0 HTTP/1.1" 304 -
201.245.211.158 - - [29/Oct/2023:12:12:26 -0500] "GET /sipse/faces/javax.faces.resource/primefaces.css?ln=primefaces&v=4.0 HTTP/1.1" 304 -
201.245.211.158 - - [29/Oct/2023:12:12:26 -0500] "GET /sipse/faces/javax.faces.resource/jquery/jquery.js?ln=primefaces&v=4.0 HTTP/1.1" 304 -
201.245.211.158 - - [29/Oct/2023:12:12:27 -0500] "GET /sipse/faces/javax.faces.resource/jquery/jquery-plugins.js?ln=primefaces&v=4.0 HTTP/1.1" 304 -
201.245.211.158 - - [29/Oct/2023:12:12:27 -0500] "GET /sipse/faces/javax.faces.resource/primefaces.js?ln=primefaces&v=4.0 HTTP/1.1" 304 -
201.245.211.158 - - [29/Oct/2023:12:12:27 -0500] "GET /sipse/faces/javax.faces.resource/layout/layout.js?ln=primefaces&v=4.0 HTTP/1.1" 304 -
201.245.211.158 - - [29/Oct/2023:12:12:27 -0500] "GET /sipse/css/imagen/contrasena.png HTTP/1.1" 404 383
201.245.211.158 - - [29/Oct/2023:12:12:27 -0500] "GET /sipse/faces/javax.faces.resource/messages/messages.png?ln=primefaces&v=4.0 HTTP/1.1" 304 -
201.245.211.158 - - [29/Oct/2023:12:12:29 -0500] "GET /sipse/faces/javax.faces.resource/images/ui-bg_flat_0_2d5972_40x100.png?ln=primefaces-aristo HTTP/1.1" 304 -
201.245.211.158 - - [29/Oct/2023:12:12:29 -0500] "POST /sipse/faces/bienvenido.xhtml HTTP/1.1" 200 2658
201.245.211.158 - - [29/Oct/2023:12:12:31 -0500] "POST /sipse/faces/bienvenido.xhtml HTTP/1.1" 200 36046
201.245.211.158 - - [29/Oct/2023:12:12:31 -0500] "GET /sipse/faces/javax.faces.resource/primefaces.css?ln=primefaces&v=4.0 HTTP/1.1" 304 -
201.245.211.158 - - [29/Oct/2023:12:12:31 -0500] "GET /sipse/faces/javax.faces.resource/theme.css?ln=primefaces-sipse HTTP/1.1" 304 -
201.245.211.158 - - [29/Oct/2023:12:12:31 -0500] "GET /sipse/faces/javax.faces.resource/layout/layout.css?ln=primefaces&v=4.0 HTTP/1.1" 304 -
201.245.211.158 - - [29/Oct/2023:12:12:31 -0500] "GET /sipse/faces/javax.faces.resource/jquery/jquery.js?ln=primefaces&v=4.0 HTTP/1.1" 304 -
201.245.211.158 - - [29/Oct/2023:12:12:31 -0500] "GET /sipse/faces/javax.faces.resource/jquery/jquery-plugins.js?ln=primefaces&v=4.0 HTTP/1.1" 304 -
201.245.211.158 - - [29/Oct/2023:12:12:31 -0500] "GET /sipse/faces/javax.faces.resource/primefaces.js?ln=primefaces&v=4.0 HTTP/1.1" 304 -
201.245.211.158 - - [29/Oct/2023:12:12:31 -0500] "GET /sipse/faces/javax.faces.resource/layout/layout.js?ln=primefaces&v=4.0 HTTP/1.1" 304 -
201.245.211.158 - - [29/Oct/2023:12:12:32 -0500] "POST /sipse/faces/presentacion/financiero/solicitudProceso/listarSolicitudProceso.xhtml HTTP/1.1" 200 1400
66.249.66.38 - - [29/Oct/2023:12:12:40 -0500] "GET /compania-nacional-de-chocolates-cerescos-y-cablemovil-entre-las-empresas-que-han-implementado-proyectos-ambientales-exitosos.html HTTP/1.1" 304 -
201.245.211.158 - - [29/Oct/2023:12:12:40 -0500] "POST /sipse/faces/presentacion/financiero/solicitudProceso/listarSolicitudProceso.xhtml HTTP/1.1" 200 147916
201.245.211.158 - - [29/Oct/2023:12:12:41 -0500] "GET /sipse/faces/javax.faces.resource/primefaces.css?ln=primefaces&v=4.0 HTTP/1.1" 304 -
201.245.211.158 - - [29/Oct/2023:12:12:41 -0500] "GET /sipse/faces/javax.faces.resource/layout/layout.css?ln=primefaces&v=4.0 HTTP/1.1" 304 -
201.245.211.158 - - [29/Oct/2023:12:12:41 -0500] "GET /sipse/faces/javax.faces.resource/theme.css?ln=primefaces-sipse HTTP/1.1" 304 -
201.245.211.158 - - [29/Oct/2023:12:12:41 -0500] "GET /sipse/faces/javax.faces.resource/jquery/jquery.js?ln=primefaces&v=4.0 HTTP/1.1" 304 -
201.245.211.158 - - [29/Oct/2023:12:12:41 -0500] "GET /sipse/faces/javax.faces.resource/jquery/jquery-plugins.js?ln=primefaces&v=4.0 HTTP/1.1" 304 -
201.245.211.158 - - [29/Oct/2023:12:12:41 -0500] "GET /sipse/faces/javax.faces.resource/primefaces.js?ln=primefaces&v=4.0 HTTP/1.1" 304 -
201.245.211.158 - - [29/Oct/2023:12:12:41 -0500] "GET /sipse/faces/javax.faces.resource/layout/layout.js?ln=primefaces&v=4.0 HTTP/1.1" 304 -
201.245.211.158 - - [29/Oct/2023:12:12:42 -0500] "GET /sipse/faces/javax.faces.resource/dynamiccontent.properties?ln=primefaces&pfdrid=XjOR5%2F%2FfPAZAuY9TpWQeCiM0BhlXxYRBGKi%2FQcXXfeA%3D&pfdrid_c=false HTTP/1.1" 500 383
201.245.211.158 - - [29/Oct/2023:12:13:04 -0500] "POST /sipse/faces/presentacion/financiero/solicitudProceso/consultarSolicitudProceso.xhtml HTTP/1.1" 200 5657
201.245.211.158 - - [29/Oct/2023:12:13:04 -0500] "GET /sipse/faces/javax.faces.resource/dynamiccontent.properties?ln=primefaces&pfdrid=XjOR5%2F%2FfPAZAuY9TpWQeCiM0BhlXxYRBGKi%2FQcXXfeA%3D&pfdrid_c=false HTTP/1.1" 200 117290
172.22.1.61 - - [29/Oct/2023:12:13:14 -0500] "GET /reportes_sipse/sdg/ServletViabilidad?reporte=memo_viabilidad&solicitud=22421 HTTP/1.1" 200 1538
201.245.211.158 - - [29/Oct/2023:12:13:14 -0500] "POST /sipse/faces/presentacion/financiero/solicitudProceso/consultarSolicitudProceso.xhtml HTTP/1.1" 200 36880
201.245.211.158 - - [29/Oct/2023:12:13:20 -0500] "GET /sipse/faces/javax.faces.resource/primefaces.css?ln=primefaces&v=4.0 HTTP/1.1" 304 -
201.245.211.158 - - [29/Oct/2023:12:13:20 -0500] "GET /sipse/faces/javax.faces.resource/theme.css?ln=primefaces-sipse HTTP/1.1" 304 -
201.245.211.158 - - [29/Oct/2023:12:13:20 -0500] "GET /sipse/faces/javax.faces.resource/layout/layout.css?ln=primefaces&v=4.0 HTTP/1.1" 304 -
201.245.211.158 - - [29/Oct/2023:12:13:20 -0500] "GET /sipse/faces/javax.faces.resource/jquery/jquery.js?ln=primefaces&v=4.0 HTTP/1.1" 304 -
201.245.211.158 - - [29/Oct/2023:12:13:20 -0500] "GET /sipse/faces/javax.faces.resource/jquery/jquery-plugins.js?ln=primefaces&v=4.0 HTTP/1.1" 304 -
201.245.211.158 - - [29/Oct/2023:12:13:20 -0500] "GET /sipse/faces/javax.faces.resource/primefaces.js?ln=primefaces&v=4.0 HTTP/1.1" 304 -
201.245.211.158 - - [29/Oct/2023:12:13:20 -0500] "GET /sipse/faces/javax.faces.resource/layout/layout.js?ln=primefaces&v=4.0 HTTP/1.1" 304 -
201.245.211.158 - - [29/Oct/2023:12:13:21 -0500] "POST /sipse/faces/presentacion/financiero/solicitudProceso/listarSolicitudProceso.xhtml HTTP/1.1" 200 1368
201.245.211.158 - - [29/Oct/2023:12:13:21 -0500] "POST /sipse/faces/presentacion/financiero/solicitudProceso/listarSolicitudProceso.xhtml HTTP/1.1" 200 1376
216.245.221.92 - - [29/Oct/2023:12:14:26 -0500] "HEAD / HTTP/1.1" 200 -
201.245.192.253 - - [29/Oct/2023:12:15:11 -0500] "POST /kwsrmcab/Wsrmcab  HTTP/1.1" 200 40654
172.22.2.4 - - [29/Oct/2023:12:14:07 -0500] "HEAD /BLA/boletinlegal/ HTTP/1.1" 200 -
172.22.2.4 - - [29/Oct/2023:12:14:58 -0500] "GET /BLA/boletinlegal/ HTTP/1.1" 200 60331
201.245.192.253 - - [29/Oct/2023:12:17:44 -0500] "POST /kwsrmcab/Wsrmcab HTTP/1.1" 200 40586
201.245.192.253 - - [29/Oct/2023:12:17:47 -0500] "POST /kwsrmcab/Wsrmcab HTTP/1.1" 200 38595
172.22.2.4 - - [29/Oct/2023:12:18:07 -0500] "GET /BLA/boletinlegal/conceptos/2020/46.pdf HTTP/1.1" 200 350199
172.22.2.4 - - [29/Oct/2023:12:18:07 -0500] "GET /BLA/boletinlegal/favicon.ico HTTP/1.1" 404 1350
216.245.221.92 - - [29/Oct/2023:12:19:26 -0500] "HEAD / HTTP/1.1" 200 -
201.245.192.253 - - [29/Oct/2023:12:20:09 -0500] "POST /kwsrmcab/Wsrmcab  HTTP/1.1" 200 40654
61.135.159.206 - - [29/Oct/2023:12:20:45 -0500] "GET / HTTP/1.1" 200 319
201.245.192.253 - - [29/Oct/2023:12:20:51 -0500] "POST /kwsrmcab/Wsrmcab HTTP/1.1" 200 40586
201.245.192.253 - - [29/Oct/2023:12:20:54 -0500] "POST /kwsrmcab/Wsrmcab HTTP/1.1" 200 38595
172.22.2.4 - - [29/Oct/2023:12:19:57 -0500] "HEAD /BLA/boletinlegal/ HTTP/1.1" 200 -
40.77.167.21 - - [29/Oct/2023:12:22:03 -0500] "GET /BLA/resoluciones/AUTOS%202007/2995.pdf HTTP/1.1" 200 84263
172.22.2.4 - - [29/Oct/2023:12:20:48 -0500] "GET /BLA/boletinlegal/ HTTP/1.1" 200 60682
172.22.2.4 - - [29/Oct/2023:12:22:45 -0500] "GET /BLA/boletinlegal/jurisprudencia/analisis/CUADRO%20SENTENCIA%20C-222%20DE%202011.doc HTTP/1.1" 200 34816
216.245.221.92 - - [29/Oct/2023:12:24:26 -0500] "HEAD / HTTP/1.1" 200 -
201.245.192.253 - - [29/Oct/2023:12:25:07 -0500] "POST /kwsrmcab/Wsrmcab  HTTP/1.1" 200 40654
40.77.167.22 - - [29/Oct/2023:12:25:56 -0500] "GET /BLA/resoluciones/AUTOS%202023/5427.pdf HTTP/1.1" 200 320739
172.22.2.4 - - [29/Oct/2023:12:25:47 -0500] "HEAD /BLA/boletinlegal/ HTTP/1.1" 200 -
201.245.192.253 - - [29/Oct/2023:12:27:45 -0500] "POST /kwsrmcab/Wsrmcab HTTP/1.1" 200 40586
201.245.192.253 - - [29/Oct/2023:12:27:47 -0500] "POST /kwsrmcab/Wsrmcab HTTP/1.1" 200 38595
40.77.167.40 - - [29/Oct/2023:12:28:09 -0500] "GET /BLA/resoluciones/AUTOS%202023/3242.pdf HTTP/1.1" 200 339811
172.22.2.4 - - [29/Oct/2023:12:26:38 -0500] "GET /BLA/boletinlegal/ HTTP/1.1" 200 60331
207.46.13.155 - - [29/Oct/2023:12:28:22 -0500] "GET /forest/ HTTP/1.1" 200 12041
216.245.221.92 - - [29/Oct/2023:12:29:26 -0500] "HEAD / HTTP/1.1" 200 -
201.245.192.253 - - [29/Oct/2023:12:30:06 -0500] "POST /kwsrmcab/Wsrmcab  HTTP/1.1" 200 40654
201.245.192.253 - - [29/Oct/2023:12:30:52 -0500] "POST /kwsrmcab/Wsrmcab HTTP/1.1" 200 40586
201.245.192.253 - - [29/Oct/2023:12:30:55 -0500] "POST /kwsrmcab/Wsrmcab HTTP/1.1" 200 38595
186.102.52.162 - - [29/Oct/2023:12:32:11 -0500] "GET /kwssiamovil/sm/acme/a?s=U2FsdGVkX18R5e1KK570p8cnw2lteOoZTa811KstaWSzQaC/TSzSd7gxIxTaE9E3pVqQZDWvtX1zExJPBSR56Z0dBVHXRE+6V8MghCwUJvltKdAWx1GFmwFs0RKueOC7be11xJA06PbHbzob7mdeY9A9DCOmpGH3qxDKwKZZGjyMGJYuddYuaQnD2aLUU/msagwmXg4XlU+ARNgNIS4AkuF+41xpwMEXo+0mYGALqEay+Rxsi92hEZTNDBMDqNipTVacIHv7ZojllAYtPw5tgA==&u=U2FsdGVkX1/iBr6jSuD3k41ivJ6TfXGHzR8OG1wbUh+iYy45EA38y+u2gfXCLvs8&y=U2FsdGVkX1+S8p3uLn++zu+XFrAB7M17NnkbGhBmvAVYnKCFN9sP72aQFWiiOoMn HTTP/1.1" 200 26
186.102.52.162 - - [29/Oct/2023:12:32:12 -0500] "GET /kwssiamovil/sm/acme/a?s=U2FsdGVkX19jlp+l3SvxJsGQZkgk59aOsqbMr//kdMBM+tOOPK5MViu61x5Y+PTZ3lC3+R1u3blHGLp13ruK0+VK61ivBmWjHmRPJzf+DEUCQrDbyxBBUSjN5ddsr/v2kgM7Bnhu+k5WtIo9RVvxXcTt5na9CexuX4eAXoXl2IIdm++UYLtAU884+v6G7XpB292vwXkxHd+OviOliWiGMZaOZJxBfDH5hyREI+jytvG4lz5sckJXc+amdw8dW2o4UVzWRFAi/DP7xCGuxMXU4wYgpORPz9mTb7cVzXq7R7zYZSczW/BBRxL9Jip/UA/UZdqY5tGhM02E2DBGrKg4V23ZkiaZ+Jup8g06ryBYWTq+5Wu3sZaEd+xA8yeIArZMRop0U0F4o9ezTjRJj0FxydprpKYxdgZzZJfHPmLndsednXXQa6qdBwhoVG9gbrSLdMRnT8yKCXbbGJ0Ne7z29WthvnwqQ1w6/7R0JAK1pHIMOvRIkgnFwJInn4vnRSi0TwAIvv7L7SN0lxWk45uT1wO70smewBMgJsrLMZFbec+oXOw5NSr2qAqbJhnfwOZCQ6LauGib/ZLiArMP9SLBHlpozZEdYHZdv0/7d5UO/hiYP/iEp405hSw/GMJIOf23ollkdDheuTZNTqpcc3rSA9badmd3xjfHccjEZjozHB/kGwVnfYvjXED0D8X4hqbJatshjksx0ADDmqZV9R2le52Mb5FS9+IYcbv6YGjYzx3L1LlumoIBSKDPWvnsgWSGDAakXTqdWqm/TVzJFqsBtgCF9G2kAhDIFlPOZRB1ZvBIfd0jgUGZ+J5jQ1mJoYEoZvs/AcpdqgNIxY0rHPTr6WlJOYIsbwJfS9Afx8k9z8WeHwkb+x1BjoceVjdiEiX6jBOLZbUCxwsjuiGHDeMU5evq4ClrSkGwKc9KD7cc710qAvWUM1tmDBDZoBxSdbvaeuKVJJx8yB05kyrYhuChO93Icvq+fh6ouJ9B8MPg5TWdwqqWGIT0Fcl4tvuxo7SICV6u5mSebqAM243W3VNHWKCiWHO6mA1LUdiX6DGR5sT20t/S99pRPBM6nOo9vhQlSO6YsggedbOuEslbIWPFScXqC2fpgOi1zmlN0hbRoKjaZiCHksJvmWkl23X/E+Dfw21oLQuGsNXXUWOuFl1+0y82m2H7QmnpdvhdDU6QgIKBiaYExHuYpnINCtSLC2EzxuQ98gzu15kbi07dHFBhUJNXKHRE8ydHfcS/yuo1q8IuKisx0/XGJBM//JzC9w9fKwiLMF803sE+l5b++qS/m3YuSZbIArKuL/LnvBLBTZizV/HDSfRsVOdr/zWos/VoKHChjqyL+1nHFownfxKv+0j0tVf+I3WWIfcMABQrO6JhQQtr2xFAq7pUNkUJfq3JdCBgkxdvmQWefhxifVh0eQ==&u=U2FsdGVkX1/iBr6jSuD3k41ivJ6TfXGHzR8OG1wbUh+iYy45EA38y+u2gfXCLvs8&y=U2FsdGVkX1+S8p3uLn++zu+XFrAB7M17NnkbGhBmvAVYnKCFN9sP72aQFWiiOoMn HTTP/1.1" 200 26
186.102.52.162 - - [29/Oct/2023:12:32:13 -0500] "GET /kwssiamovil/sm/acme/a?s=U2FsdGVkX18+c2huOzHtwQvLUJqFLXvwEnM24WUBV2GNCMuxMMIt5XsoEqSQrb3ky5lsa9xxuPRdAHBZdXY0QoYZeXzZGqu0tyoZvYW62gcKnoKdORISybwQjCp9XqTTn7oa6mAeWDM8bXRDsQNzLIAhflgfOxECggXAKfGkWvs=&u=U2FsdGVkX1/iBr6jSuD3k41ivJ6TfXGHzR8OG1wbUh+iYy45EA38y+u2gfXCLvs8&y=U2FsdGVkX1+S8p3uLn++zu+XFrAB7M17NnkbGhBmvAVYnKCFN9sP72aQFWiiOoMn HTTP/1.1" 200 26
186.102.52.162 - - [29/Oct/2023:12:32:13 -0500] "GET /kwssiamovil/sm/acme/a?s=U2FsdGVkX184bVLTUWTs3uW5sroZVRjmV0BUeikw3aKfWGm0qPi9rgYPdyRXieZamXixGzK2vLurNu9Q6oKzGXs6s4csGwGKkI0SREh947eAgb9mvavMj2LgEKiMhfSaScTHjfC22G7LQ66f2WEMcLYmxOBoHuPmmoCxwuRgW+c=&u=U2FsdGVkX1/iBr6jSuD3k41ivJ6TfXGHzR8OG1wbUh+iYy45EA38y+u2gfXCLvs8&y=U2FsdGVkX1+S8p3uLn++zu+XFrAB7M17NnkbGhBmvAVYnKCFN9sP72aQFWiiOoMn HTTP/1.1" 200 26
186.102.52.162 - - [29/Oct/2023:12:32:13 -0500] "GET /kwssiamovil/sm/acme/a?s=U2FsdGVkX18gjFaM6zYO5qYGJg7MnE+p/ZksBBiiIPhfsbbSQnyjcev+RFCL/04szzvCnuM10ct5JD78do/BZWM+nyKajTaLktxgj/dGYTcCl7KNXA3558GkktDg4WFPRk6GOwah0Q5QGckOfgSZ35I4XiIIJBMxeNpHJZn2C0A=&u=U2FsdGVkX1/iBr6jSuD3k41ivJ6TfXGHzR8OG1wbUh+iYy45EA38y+u2gfXCLvs8&y=U2FsdGVkX1+S8p3uLn++zu+XFrAB7M17NnkbGhBmvAVYnKCFN9sP72aQFWiiOoMn HTTP/1.1" 200 26
186.102.52.162 - - [29/Oct/2023:12:32:13 -0500] "GET /kwssiamovil/sm/acme/a?s=U2FsdGVkX1+/IfPQI/jC4/XWVEz8gsojHcWJO2m4neSAaR1YTV2fZLj9YOvJOdFYPfSD+7JL1pbxDqSFedi3sFNnOq/FflFf6NaVnqggtG+74BwathE4zusBeLODnm/TeokU04/gUy4I5jdm17V1s5f8G3gVEV/j7c5282uP8ypRb7GLSpv+NqL6W51pXgN2fwZu4UGfGvEL83xqvLo4rA==&u=U2FsdGVkX1/iBr6jSuD3k41ivJ6TfXGHzR8OG1wbUh+iYy45EA38y+u2gfXCLvs8&y=U2FsdGVkX1+S8p3uLn++zu+XFrAB7M17NnkbGhBmvAVYnKCFN9sP72aQFWiiOoMn HTTP/1.1" 200 26
172.22.2.4 - - [29/Oct/2023:12:31:37 -0500] "HEAD /BLA/boletinlegal/ HTTP/1.1" 200 -
172.22.2.4 - - [29/Oct/2023:12:32:28 -0500] "GET /BLA/boletinlegal/ HTTP/1.1" 200 58309
216.245.221.92 - - [29/Oct/2023:12:34:26 -0500] "HEAD / HTTP/1.1" 200 -
201.245.192.253 - - [29/Oct/2023:12:35:05 -0500] "POST /kwsrmcab/Wsrmcab  HTTP/1.1" 200 40654
201.245.192.253 - - [29/Oct/2023:12:37:44 -0500] "POST /kwsrmcab/Wsrmcab HTTP/1.1" 200 40586
201.245.192.253 - - [29/Oct/2023:12:37:47 -0500] "POST /kwsrmcab/Wsrmcab HTTP/1.1" 200 38595
172.22.2.4 - - [29/Oct/2023:12:37:27 -0500] "HEAD /BLA/boletinlegal/ HTTP/1.1" 200 -
216.245.221.92 - - [29/Oct/2023:12:39:26 -0500] "HEAD / HTTP/1.1" 200 -
172.22.2.4 - - [29/Oct/2023:12:38:18 -0500] "GET /BLA/boletinlegal/ HTTP/1.1" 200 52658
201.245.192.253 - - [29/Oct/2023:12:40:05 -0500] "POST /kwsrmcab/Wsrmcab  HTTP/1.1" 200 40654
201.245.192.253 - - [29/Oct/2023:12:40:51 -0500] "POST /kwsrmcab/Wsrmcab HTTP/1.1" 200 40586
201.245.192.253 - - [29/Oct/2023:12:40:54 -0500] "POST /kwsrmcab/Wsrmcab HTTP/1.1" 200 38595
66.249.66.21 - - [29/Oct/2023:12:42:52 -0500] "GET /BLA/resoluciones/RESOLUCIONES%202009/7425.pdf HTTP/1.1" 200 495513
207.46.13.141 - - [29/Oct/2023:12:44:01 -0500] "GET /portaldeninos/wp-content/uploads/2021/11/aves-fauna-16-junio-134x75.jpg HTTP/1.1" 200 4733
216.245.221.92 - - [29/Oct/2023:12:44:26 -0500] "HEAD / HTTP/1.1" 200 -
172.22.2.4 - - [29/Oct/2023:12:43:17 -0500] "HEAD /BLA/boletinlegal/ HTTP/1.1" 200 -
201.245.192.253 - - [29/Oct/2023:12:45:03 -0500] "POST /kwsrmcab/Wsrmcab  HTTP/1.1" 200 40654
172.22.2.4 - - [29/Oct/2023:12:44:08 -0500] "GET /BLA/boletinlegal/ HTTP/1.1" 200 60331
52.167.144.67 - - [29/Oct/2023:12:46:55 -0500] "GET /robots.txt HTTP/1.1" 404 1018
52.167.144.67 - - [29/Oct/2023:12:49:22 -0500] "GET /robots.txt HTTP/1.1" 404 1018
52.167.144.22 - - [29/Oct/2023:12:49:25 -0500] "GET /BLA/resoluciones/AUTOS%202023/4826.pdf HTTP/1.1" 200 3727165
216.245.221.92 - - [29/Oct/2023:12:49:26 -0500] "HEAD / HTTP/1.1" 200 -
201.245.192.253 - - [29/Oct/2023:12:50:02 -0500] "POST /kwsrmcab/Wsrmcab  HTTP/1.1" 200 40654
172.22.2.4 - - [29/Oct/2023:12:49:07 -0500] "HEAD /BLA/boletinlegal/ HTTP/1.1" 200 -
173.252.95.116 - - [29/Oct/2023:12:51:37 -0500] "GET /primer-festival-de-la-papa-nativa-en-el-jardin-botanico-conozca-pruebe-y-disfrute-estos-manjares-criollos-y-saludables.html HTTP/1.1" 200 1116
172.22.2.4 - - [29/Oct/2023:12:49:58 -0500] "GET /BLA/boletinlegal/ HTTP/1.1" 200 60331
207.46.13.168 - - [29/Oct/2023:12:51:43 -0500] "GET /BLA/resoluciones/RESOLUCIONES%202005/2173.tif HTTP/1.1" 200 207258
66.249.66.19 - - [29/Oct/2023:12:54:24 -0500] "GET /BLA/resoluciones/RESOLUCIONES%202018/4297.pdf HTTP/1.1" 200 358003
216.245.221.92 - - [29/Oct/2023:12:54:26 -0500] "HEAD / HTTP/1.1" 200 -
201.245.192.253 - - [29/Oct/2023:12:55:01 -0500] "POST /kwsrmcab/Wsrmcab  HTTP/1.1" 200 40654
52.167.144.8 - - [29/Oct/2023:12:55:36 -0500] "GET /BLA/resoluciones/RESOLUCIONES%202022/5531.pdf HTTP/1.1" 304 -
172.22.2.4 - - [29/Oct/2023:12:54:57 -0500] "HEAD /BLA/boletinlegal/ HTTP/1.1" 200 -
69.171.230.11 - - [29/Oct/2023:12:57:12 -0500] "GET /chulo-o-gallinazo-un-carronero-que-cumple-un-papel-fundamental-en-los-ecosistemas.html HTTP/1.1" 200 784
172.22.2.4 - - [29/Oct/2023:12:55:48 -0500] "GET /BLA/boletinlegal/ HTTP/1.1" 200 60682
216.245.221.92 - - [29/Oct/2023:12:59:26 -0500] "HEAD / HTTP/1.1" 200 -
201.245.192.253 - - [29/Oct/2023:13:00:00 -0500] "POST /kwsrmcab/Wsrmcab  HTTP/1.1" 200 40654
172.22.2.4 - - [29/Oct/2023:13:00:47 -0500] "HEAD /BLA/boletinlegal/ HTTP/1.1" 200 -
172.22.2.4 - - [29/Oct/2023:13:01:38 -0500] "GET /BLA/boletinlegal/ HTTP/1.1" 200 60331
40.77.167.16 - - [29/Oct/2023:13:03:49 -0500] "GET /BLA/resoluciones/AUTOS%202023/4007.pdf HTTP/1.1" 200 661762
216.245.221.92 - - [29/Oct/2023:13:04:26 -0500] "HEAD / HTTP/1.1" 200 -
201.245.192.253 - - [29/Oct/2023:13:04:59 -0500] "POST /kwsrmcab/Wsrmcab  HTTP/1.1" 200 40654
172.22.2.4 - - [29/Oct/2023:13:05:02 -0500] "GET /BLA/boletinlegal/robots.txt HTTP/1.1" 404 1038
172.22.2.4 - - [29/Oct/2023:13:05:04 -0500] "GET /BLA/boletinlegal/index.php HTTP/1.1" 200 62469
172.22.2.4 - - [29/Oct/2023:13:06:37 -0500] "HEAD /BLA/boletinlegal/ HTTP/1.1" 200 -
172.22.2.4 - - [29/Oct/2023:13:07:28 -0500] "GET /BLA/boletinlegal/ HTTP/1.1" 200 58309
216.245.221.92 - - [29/Oct/2023:13:09:26 -0500] "HEAD / HTTP/1.1" 200 -
207.46.13.153 - - [29/Oct/2023:13:09:39 -0500] "GET /BLA/resoluciones/RESOLUCIONES%202021/3731.pdf HTTP/1.1" 200 338080
201.245.192.253 - - [29/Oct/2023:13:09:59 -0500] "POST /kwsrmcab/Wsrmcab  HTTP/1.1" 200 40654
52.167.144.214 - - [29/Oct/2023:13:11:38 -0500] "GET /BLA/resoluciones/RESOLUCIONES%202021/5479.pdf HTTP/1.1" 304 -
207.46.13.153 - - [29/Oct/2023:13:12:38 -0500] "GET /BLA/resoluciones/AUTOS%202023/5212.pdf HTTP/1.1" 200 423356
172.22.2.4 - - [29/Oct/2023:13:14:05 -0500] "GET /BLA/boletinlegal/actos.php HTTP/1.1" 200 9682
172.22.2.4 - - [29/Oct/2023:13:14:05 -0500] "GET /BLA/boletinlegal/favicon.ico HTTP/1.1" 404 1326
172.22.2.4 - - [29/Oct/2023:13:12:27 -0500] "HEAD /BLA/boletinlegal/ HTTP/1.1" 200 -
181.57.28.56 - - [29/Oct/2023:13:14:10 -0500] "GET /BLA/resoluciones/ HTTP/1.1" 200 13696
181.57.28.56 - - [29/Oct/2023:13:14:10 -0500] "GET /favicon.ico HTTP/1.1" 200 7782
181.57.28.56 - - [29/Oct/2023:13:14:12 -0500] "GET /BLA/resoluciones/index.php?dir=AUTOS+2023%2F HTTP/1.1" 200 385584
216.245.221.92 - - [29/Oct/2023:13:14:26 -0500] "HEAD / HTTP/1.1" 200 -
172.22.2.4 - - [29/Oct/2023:13:13:18 -0500] "GET /BLA/boletinlegal/ HTTP/1.1" 200 57957
201.245.192.253 - - [29/Oct/2023:13:14:58 -0500] "POST /kwsrmcab/Wsrmcab  HTTP/1.1" 200 40654
52.167.144.219 - - [29/Oct/2023:13:16:30 -0500] "GET /bla/resoluciones/notificaciones/autos%202020/1231.pdf HTTP/1.1" 200 991556
201.245.192.253 - - [29/Oct/2023:13:17:44 -0500] "POST /kwsrmcab/Wsrmcab HTTP/1.1" 200 40748
201.245.192.253 - - [29/Oct/2023:13:17:47 -0500] "POST /kwsrmcab/Wsrmcab HTTP/1.1" 200 38580
216.245.221.92 - - [29/Oct/2023:13:19:26 -0500] "HEAD / HTTP/1.1" 200 -
66.220.149.9 - - [29/Oct/2023:13:19:43 -0500] "GET /los-pies-descalzos-que-recorrieron-chinavita-boyaca-y-que-hoy-siembran-esperanza-en-bogota.html HTTP/1.1" 200 802
172.22.2.4 - - [29/Oct/2023:13:18:17 -0500] "HEAD /BLA/boletinlegal/ HTTP/1.1" 200 -
201.245.192.253 - - [29/Oct/2023:13:19:57 -0500] "POST /kwsrmcab/Wsrmcab  HTTP/1.1" 200 40654
207.46.13.102 - - [29/Oct/2023:13:20:22 -0500] "GET /bla/resoluciones/notificaciones/autos%202018/3411.pdf HTTP/1.1" 200 343025
172.22.2.4 - - [29/Oct/2023:13:19:08 -0500] "GET /BLA/boletinlegal/ HTTP/1.1" 200 60682
201.245.192.253 - - [29/Oct/2023:13:20:52 -0500] "POST /kwsrmcab/Wsrmcab HTTP/1.1" 200 40748
201.245.192.253 - - [29/Oct/2023:13:20:54 -0500] "POST /kwsrmcab/Wsrmcab HTTP/1.1" 200 38580
66.249.66.21 - - [29/Oct/2023:13:24:24 -0500] "GET /BLA/resoluciones/RESOLUCIONES%202008/0930.pdf HTTP/1.1" 200 321308
216.245.221.92 - - [29/Oct/2023:13:24:26 -0500] "HEAD / HTTP/1.1" 200 -
201.245.192.253 - - [29/Oct/2023:13:24:55 -0500] "POST /kwsrmcab/Wsrmcab  HTTP/1.1" 200 40654
40.77.167.27 - - [29/Oct/2023:13:25:17 -0500] "GET /BLA/resoluciones/AUTOS%202022/6009.pdf HTTP/1.1" 304 -
172.22.2.4 - - [29/Oct/2023:13:24:07 -0500] "HEAD /BLA/boletinlegal/ HTTP/1.1" 200 -
172.22.2.4 - - [29/Oct/2023:13:24:58 -0500] "GET /BLA/boletinlegal/ HTTP/1.1" 200 57957
201.245.192.253 - - [29/Oct/2023:13:27:44 -0500] "POST /kwsrmcab/Wsrmcab HTTP/1.1" 200 40748
201.245.192.253 - - [29/Oct/2023:13:27:47 -0500] "POST /kwsrmcab/Wsrmcab HTTP/1.1" 200 38580
216.245.221.92 - - [29/Oct/2023:13:29:26 -0500] "HEAD / HTTP/1.1" 200 -
201.245.192.253 - - [29/Oct/2023:13:29:53 -0500] "POST /kwsrmcab/Wsrmcab  HTTP/1.1" 200 40654
52.167.144.236 - - [29/Oct/2023:13:30:12 -0500] "GET /BLA/resoluciones/AUTOS%202023/4201.pdf HTTP/1.1" 200 398561
52.167.144.236 - - [29/Oct/2023:13:30:13 -0500] "GET /BLA/resoluciones/AUTOS%202023/3385.pdf HTTP/1.1" 200 3604118
201.245.192.253 - - [29/Oct/2023:13:30:52 -0500] "POST /kwsrmcab/Wsrmcab HTTP/1.1" 200 40748
52.167.144.236 - - [29/Oct/2023:13:30:54 -0500] "GET /BLA/resoluciones/AUTOS%202023/6699.pdf HTTP/1.1" 200 513422
201.245.192.253 - - [29/Oct/2023:13:30:55 -0500] "POST /kwsrmcab/Wsrmcab HTTP/1.1" 200 38580
172.22.2.4 - - [29/Oct/2023:13:29:57 -0500] "HEAD /BLA/boletinlegal/ HTTP/1.1" 200 -
172.22.2.4 - - [29/Oct/2023:13:30:48 -0500] "GET /BLA/boletinlegal/ HTTP/1.1" 200 54712
52.25.208.208 - - [29/Oct/2023:13:33:09 -0500] "GET /robots.txt HTTP/1.1" 404 1018
52.25.208.208 - - [29/Oct/2023:13:33:10 -0500] "GET /catalogoisis/ HTTP/1.1" 200 8575
52.167.144.236 - - [29/Oct/2023:13:33:45 -0500] "GET /BLA/resoluciones/AUTOS%202023/4010.pdf HTTP/1.1" 200 421067
172.22.2.4 - - [29/Oct/2023:13:34:12 -0500] "GET /BLA/boletinlegal/.env HTTP/1.1" 404 1018
216.245.221.92 - - [29/Oct/2023:13:34:26 -0500] "HEAD / HTTP/1.1" 200 -
201.245.192.253 - - [29/Oct/2023:13:34:52 -0500] "POST /kwsrmcab/Wsrmcab  HTTP/1.1" 200 40654
157.55.39.61 - - [29/Oct/2023:13:36:05 -0500] "GET /BLA/resoluciones/AUTOS%202023/5218.pdf HTTP/1.1" 200 411625
172.22.2.4 - - [29/Oct/2023:13:35:47 -0500] "HEAD /BLA/boletinlegal/ HTTP/1.1" 200 -
201.245.192.253 - - [29/Oct/2023:13:37:44 -0500] "POST /kwsrmcab/Wsrmcab HTTP/1.1" 200 40748
201.245.192.253 - - [29/Oct/2023:13:37:47 -0500] "GET /kwsrmcab/Wsrmcab?wsdl HTTP/1.1" 200 6948
201.245.192.253 - - [29/Oct/2023:13:37:47 -0500] "POST /kwsrmcab/Wsrmcab HTTP/1.1" 200 38580
172.22.2.4 - - [29/Oct/2023:13:36:38 -0500] "GET /BLA/boletinlegal/ HTTP/1.1" 200 58309
216.245.221.92 - - [29/Oct/2023:13:39:26 -0500] "HEAD / HTTP/1.1" 200 -
201.245.192.253 - - [29/Oct/2023:13:39:52 -0500] "POST /kwsrmcab/Wsrmcab  HTTP/1.1" 200 40654
157.55.39.6 - - [29/Oct/2023:13:39:56 -0500] "GET /BLA/resoluciones/AUTOS%202023/4157.pdf HTTP/1.1" 200 428114
201.245.192.253 - - [29/Oct/2023:13:40:51 -0500] "POST /kwsrmcab/Wsrmcab HTTP/1.1" 200 40748
201.245.192.253 - - [29/Oct/2023:13:40:54 -0500] "GET /kwsrmcab/Wsrmcab?wsdl HTTP/1.1" 200 6948
201.245.192.253 - - [29/Oct/2023:13:40:54 -0500] "POST /kwsrmcab/Wsrmcab HTTP/1.1" 200 38580
66.249.66.166 - - [29/Oct/2023:13:42:40 -0500] "GET /portaldeninos/parque-mirador-de-los-nevados/ HTTP/1.1" 200 89855
172.22.2.4 - - [29/Oct/2023:13:41:37 -0500] "HEAD /BLA/boletinlegal/ HTTP/1.1" 200 -
172.22.2.4 - - [29/Oct/2023:13:42:28 -0500] "GET /BLA/boletinlegal/ HTTP/1.1" 200 60682
216.245.221.92 - - [29/Oct/2023:13:44:26 -0500] "HEAD / HTTP/1.1" 200 -
201.245.192.253 - - [29/Oct/2023:13:44:51 -0500] "POST /kwsrmcab/Wsrmcab  HTTP/1.1" 200 40654
172.22.2.4 - - [29/Oct/2023:13:47:27 -0500] "HEAD /BLA/boletinlegal/ HTTP/1.1" 200 -
216.245.221.92 - - [29/Oct/2023:13:49:26 -0500] "HEAD / HTTP/1.1" 200 -
172.22.2.4 - - [29/Oct/2023:13:49:49 -0500] "GET /BLA/boletinlegal/Directivas/2014/Directiva%20No.%205%20del%2026%20de%20Diciembre%20de%202014.pdf HTTP/1.1" 200 3424865
172.22.2.4 - - [29/Oct/2023:13:49:50 -0500] "GET /BLA/boletinlegal/favicon.ico HTTP/1.1" 404 1498
201.245.192.253 - - [29/Oct/2023:13:49:49 -0500] "POST /kwsrmcab/Wsrmcab  HTTP/1.1" 200 40654
172.22.2.4 - - [29/Oct/2023:13:48:18 -0500] "GET /BLA/boletinlegal/ HTTP/1.1" 200 60331
52.167.144.139 - - [29/Oct/2023:13:50:16 -0500] "GET /BLA/resoluciones/AUTOS%202023/5156.pdf HTTP/1.1" 200 908481
52.167.144.235 - - [29/Oct/2023:13:52:23 -0500] "GET /BLA/resoluciones/AUTOS%202023/5124.pdf HTTP/1.1" 200 432900
66.249.66.20 - - [29/Oct/2023:13:53:26 -0500] "GET /Publicaciones/2023EE217532.pdf HTTP/1.1" 404 228
216.245.221.92 - - [29/Oct/2023:13:54:26 -0500] "HEAD / HTTP/1.1" 200 -
201.245.192.253 - - [29/Oct/2023:13:54:48 -0500] "POST /kwsrmcab/Wsrmcab  HTTP/1.1" 200 40654
172.22.2.4 - - [29/Oct/2023:13:53:17 -0500] "HEAD /BLA/boletinlegal/ HTTP/1.1" 200 -
172.22.2.4 - - [29/Oct/2023:13:54:08 -0500] "GET /BLA/boletinlegal/ HTTP/1.1" 200 57957
207.46.13.141 - - [29/Oct/2023:13:57:49 -0500] "GET /BLA/resoluciones/AUTOS%202023/4105.pdf HTTP/1.1" 200 413308
216.245.221.92 - - [29/Oct/2023:13:59:26 -0500] "HEAD / HTTP/1.1" 200 -
201.245.192.253 - - [29/Oct/2023:13:59:47 -0500] "POST /kwsrmcab/Wsrmcab  HTTP/1.1" 200 40654
186.102.36.233 - - [29/Oct/2023:14:00:27 -0500] "GET /kwssiamovil/sm/acme/a?s=U2FsdGVkX1/DFOonq3vNnEao+SlC3zkq/4qcQJ5nZvppCp7ctXCKR5rgI9k2uKkFwZImCmNrShz82BvFBZvHMznJlkmHTVmpMVFK5FwNn4egPu2Z/ahmeGTL2lV9khYzNClv9iFLNObYHd8Zb0HD06xSr/1GM2+DVDUugbKCT08QgvRjBxUs4ZxOQ1yJcROLpMwWXj5w+6eEdsbQMTuaPNeMaoO/ZzCZ4/b+VtxXc6aLxqQ4q5qOkPp1t+mnVel9t1kLtxFjF42nMwllrjXJn0mp0L0phUnKTPrKbf760o0=&u=U2FsdGVkX1+ObvTWtjJg5uWHtemq2dU+yAXjDMkjuwxhcUWOVdz6NhPwWOYfV20/&y=U2FsdGVkX1+dz3mJI5QhVmLT9pNp058QdJzx9agHb5mbNvQrcEcR6Ry1JhCal1As HTTP/1.1" 200 26
186.102.36.233 - - [29/Oct/2023:14:00:27 -0500] "GET /kwssiamovil/sm/acme/a?s=U2FsdGVkX1+zOhkxlZ6jISOEKEEYq7NadfVWcGwKWUrOcvWwgSxb3nNtZ7BaCb2dkyGo7H53M/IG3Fh2AEIgKPXuuLR5vEB/41mLmAMA4ELJb+fTKdFl54gTJd1uvoo9mUORqn9nkqBEdhzc1C0SH7eMCPOjKO+SeGMSOv6oHisLiQFRTmnyy9f5t3ZlxIH8CkAZnWdVONiXvkumUcYlxCMgu2YEccONmjTuoUVgz08I7N/0iDGCNOaVrXb9n7JldiJSqfY9ka8OlNwAVtlIGmbB6hMhWDCdG5SWLfyG2fkTnKsFlcVYaoM24fuZx/FjpoJ1YxPcd1DEn11m54NLmPfOS0bluHDIUpXrIss+QwEUVLaDDnOpNVHF4l+vPZ6UC0VZ4L1zE5cBlsJqxd/FqRIuBGdA73rBZgp8qgaZ2+iO6ZiXevTOCvUSYuzMBhhs/5ndiFXFM7L0Y3crUtAcqataR8o/d735ZCRv9TbBsAtUX+Rla/NX0yk6DNe23MlkBVTaGih4ACRfXmO2QI5cvgJVxUkOnepnkAYbgkMnxGildsns9aM9CJC3KkMg4jDZjznRKMcB4ygSZ2WmZGSHSnOVmkSNLb9FsVdIv3icODbqlRflL9EtxqCGw6cmovc+CVGaJtc7npdDNH0AU+kRrPKgXjZEqFSw2zOZlddeDN83dkJEhxVhcgVCcB7gRdHFZe6DKQCTtriXv4GybJOyoqRx3wrJVfgMTFT4pJdrqdooLbeBHEL9B1y543IFmXxOWyg6H8IwjLHs1i85eXKZf1DCBh/bUty7PZUAgjD/KSsr90g94iNfyd8uL7JGh7aJThIqhKURcYUiStduKbhMNgJllapSzDVVSfu7BC6A77UD4TLQFeLRFmfcChcSTWh1sbAt9FqCx+WhELCc4a52a0ypTUw9eycBv8eam2SO7k/V+oAWpLce2B15UuadiOHSjbbGxygjLsZPZmglM1YysDloY7x8/SVjDAON90osuzBpbzI0ZzNvpDeGpqsoMvcP/rMeVr2vB2G5/iuX6MCexFAYCS16FbrcN4tbIgxlp6nWcmhCjge5fAfhkzq9G6apgV/x7Z6nYgy4p4dz1WCFN8x+ZfZSEQCiwGgQeBmMNpoq1U1Ts4v3omQJZeodtfNV/DUIs+7xSKTrQqqgWKUPjDlM1kaDObu0qaBLAWlyqj+ByfOgRKzgnPPdLaCwpgL+2Yqh9+a/a0SzJPyrnqr5zqcm4cz0UkOVAwTTh96gLKWcDUipW6D87v7azx38TESIaCizay4gaKlQxUV8Izc1zg6PC8txVL6IAN3vbJKD1S3nznHvFoFJLozqJ3yECEIOkgb0Ym4uQoT1pwlIN31LNGjbesOqmsz2G8lRtWmvSGOgA4pnLeoW0T/n1HfGAZrSTISTAvIoQS+oAANI09LNBw==&u=U2FsdGVkX1+ObvTWtjJg5uWHtemq2dU+yAXjDMkjuwxhcUWOVdz6NhPwWOYfV20/&y=U2FsdGVkX1+dz3mJI5QhVmLT9pNp058QdJzx9agHb5mbNvQrcEcR6Ry1JhCal1As HTTP/1.1" 200 26
186.102.36.233 - - [29/Oct/2023:14:00:27 -0500] "GET /kwssiamovil/sm/acme/a?s=U2FsdGVkX1+jxHZ8BcBkYSpYqHYw8zEU4GT2CbreGus9i2S47VVaDXJzlEeBA0wcta6H9+FNfXXp1G0eUr1a/pV4Vz6/bjc2SK2ZMZuFMYdKwc48ivD7UzCuCPOMN16XSS7Oavn6KLoVdjn2x59+vX998TZ0kD/N3ajt8Ax9ZCs=&u=U2FsdGVkX1+ObvTWtjJg5uWHtemq2dU+yAXjDMkjuwxhcUWOVdz6NhPwWOYfV20/&y=U2FsdGVkX1+dz3mJI5QhVmLT9pNp058QdJzx9agHb5mbNvQrcEcR6Ry1JhCal1As HTTP/1.1" 200 26
186.102.36.233 - - [29/Oct/2023:14:00:28 -0500] "GET /kwssiamovil/sm/acme/a?s=U2FsdGVkX19/7qGzeBJaRGiqaUwUL5kcghMzxbAWxnTKDc7lGDd+hfsbCEVO0T3oUxNSeWJAGuN9yrE+qqT00IoDrrp8lqactvjxlNbADTSRUEbv3KvQHCZqZqs4s50rfvjKE4guaKcaG5JGjSI1DF480KGp+RrxPtLBHRSiP/s=&u=U2FsdGVkX1+ObvTWtjJg5uWHtemq2dU+yAXjDMkjuwxhcUWOVdz6NhPwWOYfV20/&y=U2FsdGVkX1+dz3mJI5QhVmLT9pNp058QdJzx9agHb5mbNvQrcEcR6Ry1JhCal1As HTTP/1.1" 200 26
186.102.36.233 - - [29/Oct/2023:14:00:28 -0500] "GET /kwssiamovil/sm/acme/a?s=U2FsdGVkX18Dyz7A6VYzT3Kgeo9c2rxot+WyMVYnvKiMLMJdNfq+oYpdrNLr6XiLi1b0pThxV0qc3NwFoWMMOrRAubOcI4+xcGSCtfyCnRjn15WWR/6dhTUO6XpzLHv3vJqYcqi4UpMgu9twq8R0SmxrM1Xdu3TeHF9d2fz0kAs=&u=U2FsdGVkX1+ObvTWtjJg5uWHtemq2dU+yAXjDMkjuwxhcUWOVdz6NhPwWOYfV20/&y=U2FsdGVkX1+dz3mJI5QhVmLT9pNp058QdJzx9agHb5mbNvQrcEcR6Ry1JhCal1As HTTP/1.1" 200 26
186.102.36.233 - - [29/Oct/2023:14:00:28 -0500] "GET /kwssiamovil/sm/acme/a?s=U2FsdGVkX1+wi66t3Gy9V3xaR17E4D9WeFSW/cE2Rq2wfuQNIyqOWS/TaG6TJSavBkJhiBMkGHeCjsAxZXrnarxUuGIpycy4klc06BYJuIfAzQ1lobtwNN98lp82cHhs6YAv2HSm62dAQkbvmfJ9zExfpov6PWBdPoJyqKHRGql8TGcBv8zSkaK/ItjYx+Hg6j5dvfgB794nvLqZ4hcm7g==&u=U2FsdGVkX1+ObvTWtjJg5uWHtemq2dU+yAXjDMkjuwxhcUWOVdz6NhPwWOYfV20/&y=U2FsdGVkX1+dz3mJI5QhVmLT9pNp058QdJzx9agHb5mbNvQrcEcR6Ry1JhCal1As HTTP/1.1" 200 26
186.155.16.211 - - [29/Oct/2023:14:00:46 -0500] "GET /BLA/resoluciones/ HTTP/1.1" 200 13696
186.155.16.211 - - [29/Oct/2023:14:00:46 -0500] "GET /favicon.ico HTTP/1.1" 200 7782
172.22.2.4 - - [29/Oct/2023:13:59:07 -0500] "HEAD /BLA/boletinlegal/ HTTP/1.1" 200 -
52.167.144.182 - - [29/Oct/2023:14:00:50 -0500] "GET /BLA/resoluciones/AUTOS%202023/4775.pdf HTTP/1.1" 200 1064674
207.46.13.168 - - [29/Oct/2023:14:00:54 -0500] "GET /BLA/resoluciones/RESOLUCIONES%202021/0489.pdf HTTP/1.1" 304 -
186.155.16.211 - - [29/Oct/2023:14:00:57 -0500] "GET /BLA/resoluciones/index.php?dir=AUTOS+2016%2F HTTP/1.1" 200 331625
186.155.16.211 - - [29/Oct/2023:14:01:01 -0500] "GET /BLA/resoluciones/index.php?dir=RESOLUCIONES+2016%2F HTTP/1.1" 200 172327
186.155.16.211 - - [29/Oct/2023:14:01:05 -0500] "GET /BLA/resoluciones/RESOLUCIONES%202016/2577.pdf HTTP/1.1" 200 356833
172.22.2.4 - - [29/Oct/2023:13:59:58 -0500] "GET /BLA/boletinlegal/ HTTP/1.1" 200 60682
216.245.221.92 - - [29/Oct/2023:14:04:26 -0500] "HEAD / HTTP/1.1" 200 -
100.21.24.205 - - [29/Oct/2023:14:03:42 -0500] "GET /BLA/boletinlegal/ HTTP/1.1" 200 40907
201.245.192.253 - - [29/Oct/2023:14:04:46 -0500] "POST /kwsrmcab/Wsrmcab  HTTP/1.1" 200 40654
52.167.144.179 - - [29/Oct/2023:14:06:29 -0500] "GET /BLA/resoluciones/AUTOS%202007/1698.pdf HTTP/1.1" 200 163430
172.22.2.4 - - [29/Oct/2023:14:04:57 -0500] "HEAD /BLA/boletinlegal/ HTTP/1.1" 200 -
34.140.248.32 - - [29/Oct/2023:14:06:49 -0500] "GET / HTTP/1.1" 200 319
172.22.2.4 - - [29/Oct/2023:14:05:48 -0500] "GET /BLA/boletinlegal/ HTTP/1.1" 200 57957
216.245.221.92 - - [29/Oct/2023:14:09:26 -0500] "HEAD / HTTP/1.1" 200 -
201.245.192.253 - - [29/Oct/2023:14:09:45 -0500] "POST /kwsrmcab/Wsrmcab  HTTP/1.1" 200 40654
172.22.2.4 - - [29/Oct/2023:14:10:47 -0500] "HEAD /BLA/boletinlegal/ HTTP/1.1" 200 -
172.22.2.4 - - [29/Oct/2023:14:11:38 -0500] "GET /BLA/boletinlegal/ HTTP/1.1" 200 47519
172.22.2.4 - - [29/Oct/2023:14:12:05 -0500] "GET /BLA/boletinlegal/ HTTP/1.1" 200 48777
216.245.221.92 - - [29/Oct/2023:14:14:26 -0500] "HEAD / HTTP/1.1" 200 -
201.245.192.253 - - [29/Oct/2023:14:14:44 -0500] "POST /kwsrmcab/Wsrmcab  HTTP/1.1" 200 40654
201.245.192.253 - - [29/Oct/2023:14:17:44 -0500] "POST /kwsrmcab/Wsrmcab HTTP/1.1" 200 40777
201.245.192.253 - - [29/Oct/2023:14:17:46 -0500] "POST /kwsrmcab/Wsrmcab HTTP/1.1" 200 38586
172.22.2.4 - - [29/Oct/2023:14:16:37 -0500] "HEAD /BLA/boletinlegal/ HTTP/1.1" 200 -
172.22.2.4 - - [29/Oct/2023:14:17:28 -0500] "GET /BLA/boletinlegal/ HTTP/1.1" 200 58309
216.245.221.92 - - [29/Oct/2023:14:19:26 -0500] "HEAD / HTTP/1.1" 200 -
201.245.192.253 - - [29/Oct/2023:14:19:43 -0500] "POST /kwsrmcab/Wsrmcab  HTTP/1.1" 200 40654
172.22.2.4 - - [29/Oct/2023:14:20:20 -0500] "GET /BLA/boletinlegal/favicon.ico HTTP/1.1" 404 1018
172.22.2.4 - - [29/Oct/2023:14:20:04 -0500] "GET /BLA/boletinlegal/ HTTP/1.1" 200 20427
172.22.2.4 - - [29/Oct/2023:14:20:05 -0500] "GET /BLA/boletinlegal/ HTTP/1.1" 200 32715
201.245.192.253 - - [29/Oct/2023:14:20:52 -0500] "POST /kwsrmcab/Wsrmcab HTTP/1.1" 200 40777
201.245.192.253 - - [29/Oct/2023:14:20:55 -0500] "POST /kwsrmcab/Wsrmcab HTTP/1.1" 200 38586
186.155.16.211 - - [29/Oct/2023:14:21:00 -0500] "GET /BLA/resoluciones/ HTTP/1.1" 200 13696
186.155.16.211 - - [29/Oct/2023:14:21:02 -0500] "GET /BLA/resoluciones/index.php?dir=AUTOS+2016%2F HTTP/1.1" 200 331625
186.155.16.211 - - [29/Oct/2023:14:21:09 -0500] "GET /BLA/resoluciones/AUTOS%202016/1639.pdf HTTP/1.1" 200 465862
40.77.167.44 - - [29/Oct/2023:14:23:07 -0500] "GET /BLA/resoluciones/RESOLUCIONES%202010/1048.pdf HTTP/1.1" 200 119500
172.22.2.4 - - [29/Oct/2023:14:22:27 -0500] "HEAD /BLA/boletinlegal/ HTTP/1.1" 200 -
216.245.221.92 - - [29/Oct/2023:14:24:26 -0500] "HEAD / HTTP/1.1" 200 -
139.59.132.196 - - [29/Oct/2023:14:24:37 -0500] "GET / HTTP/1.1" 200 319
201.245.192.253 - - [29/Oct/2023:14:24:42 -0500] "POST /kwsrmcab/Wsrmcab  HTTP/1.1" 200 40654
172.22.2.4 - - [29/Oct/2023:14:23:18 -0500] "GET /BLA/boletinlegal/ HTTP/1.1" 200 54006
52.167.144.204 - - [29/Oct/2023:14:27:22 -0500] "GET /BLA/resoluciones/AUTOS%202007/0697.pdf HTTP/1.1" 200 107661
168.119.252.243 - - [29/Oct/2023:14:27:40 -0500] "GET / HTTP/1.1" 200 319
168.119.252.243 - - [29/Oct/2023:14:27:42 -0500] "GET / HTTP/1.1" 200 4720
201.245.192.253 - - [29/Oct/2023:14:27:43 -0500] "POST /kwsrmcab/Wsrmcab HTTP/1.1" 200 40777
201.245.192.253 - - [29/Oct/2023:14:27:46 -0500] "POST /kwsrmcab/Wsrmcab HTTP/1.1" 200 38586
216.245.221.92 - - [29/Oct/2023:14:29:26 -0500] "HEAD / HTTP/1.1" 200 -
201.245.192.253 - - [29/Oct/2023:14:29:41 -0500] "POST /kwsrmcab/Wsrmcab  HTTP/1.1" 200 40654
172.22.2.4 - - [29/Oct/2023:14:28:17 -0500] "HEAD /BLA/boletinlegal/ HTTP/1.1" 200 -
172.22.2.4 - - [29/Oct/2023:14:29:08 -0500] "GET /BLA/boletinlegal/ HTTP/1.1" 200 54712
201.245.192.253 - - [29/Oct/2023:14:30:51 -0500] "POST /kwsrmcab/Wsrmcab HTTP/1.1" 200 40777
201.245.192.253 - - [29/Oct/2023:14:30:54 -0500] "POST /kwsrmcab/Wsrmcab HTTP/1.1" 200 38586
172.22.2.4 - - [29/Oct/2023:14:34:23 -0500] "GET /BLA/boletinlegal/robots.txt HTTP/1.1" 404 1038
172.22.2.4 - - [29/Oct/2023:14:34:24 -0500] "GET /BLA/boletinlegal/Directivas/2011/Directiva%20No.%205%20del%2029%20de%20Agosto%20de%202011.pdf HTTP/1.1" 200 444404
216.245.221.92 - - [29/Oct/2023:14:34:26 -0500] "HEAD / HTTP/1.1" 200 -
201.245.192.253 - - [29/Oct/2023:14:34:40 -0500] "POST /kwsrmcab/Wsrmcab  HTTP/1.1" 200 40654
188.78.249.84 - - [29/Oct/2023:14:35:13 -0500] "GET /BLA/resoluciones/RESOLUCIONES%202021/2903.pdf HTTP/1.1" 200 474460
188.78.249.84 - - [29/Oct/2023:14:35:13 -0500] "GET /BLA/resoluciones/RESOLUCIONES%202021/2903.pdf HTTP/1.1" 200 474460
188.78.249.84 - - [29/Oct/2023:14:35:13 -0500] "GET /BLA/resoluciones/RESOLUCIONES%202021/2903.pdf HTTP/1.1" 206 1025
188.78.249.84 - - [29/Oct/2023:14:35:14 -0500] "GET /BLA/resoluciones/RESOLUCIONES%202021/2903.pdf HTTP/1.1" 206 64512
66.249.66.21 - - [29/Oct/2023:14:35:20 -0500] "GET /BLA/resoluciones/AUTOS%202009/0891.pdf HTTP/1.1" 200 121499
172.22.2.4 - - [29/Oct/2023:14:34:07 -0500] "HEAD /BLA/boletinlegal/ HTTP/1.1" 200 -
157.55.39.9 - - [29/Oct/2023:14:36:18 -0500] "GET /BLA/resoluciones/AUTOS%202023/3367.pdf HTTP/1.1" 200 2321733
172.22.2.4 - - [29/Oct/2023:14:34:58 -0500] "GET /BLA/boletinlegal/ HTTP/1.1" 200 57957
172.22.2.4 - - [29/Oct/2023:14:36:51 -0500] "GET /BLA/boletinlegal/version HTTP/1.1" 404 1018
201.245.192.253 - - [29/Oct/2023:14:37:43 -0500] "POST /kwsrmcab/Wsrmcab HTTP/1.1" 200 40777
201.245.192.253 - - [29/Oct/2023:14:37:46 -0500] "POST /kwsrmcab/Wsrmcab HTTP/1.1" 200 38586
216.245.221.92 - - [29/Oct/2023:14:39:26 -0500] "HEAD / HTTP/1.1" 200 -
201.245.192.253 - - [29/Oct/2023:14:39:39 -0500] "POST /kwsrmcab/Wsrmcab  HTTP/1.1" 200 40654
201.245.192.253 - - [29/Oct/2023:14:40:52 -0500] "POST /kwsrmcab/Wsrmcab HTTP/1.1" 200 40777
201.245.192.253 - - [29/Oct/2023:14:40:55 -0500] "POST /kwsrmcab/Wsrmcab HTTP/1.1" 200 38586
69.171.231.112 - - [29/Oct/2023:14:41:26 -0500] "GET /images/cuerpos%20de%20agua%20en%20humedales-19-10.jpg HTTP/1.1" 200 73528
172.22.2.4 - - [29/Oct/2023:14:39:57 -0500] "HEAD /BLA/boletinlegal/ HTTP/1.1" 200 -
172.22.2.4 - - [29/Oct/2023:14:40:48 -0500] "GET /BLA/boletinlegal/ HTTP/1.1" 200 60331
216.245.221.92 - - [29/Oct/2023:14:44:26 -0500] "HEAD / HTTP/1.1" 200 -
201.245.192.253 - - [29/Oct/2023:14:44:38 -0500] "POST /kwsrmcab/Wsrmcab  HTTP/1.1" 200 40654
52.167.144.187 - - [29/Oct/2023:14:45:53 -0500] "GET /BLA/resoluciones/AUTOS%202021/2059.pdf HTTP/1.1" 304 -
172.22.2.4 - - [29/Oct/2023:14:45:47 -0500] "HEAD /BLA/boletinlegal/ HTTP/1.1" 200 -
40.77.167.52 - - [29/Oct/2023:14:47:55 -0500] "GET /BLA/resoluciones/AUTOS%202023/1836.pdf HTTP/1.1" 200 326931
186.155.16.211 - - [29/Oct/2023:14:47:59 -0500] "GET /BLA/resoluciones/ HTTP/1.1" 200 13696
186.155.16.211 - - [29/Oct/2023:14:48:01 -0500] "GET /BLA/resoluciones/index.php?dir=AUTOS+2014%2F HTTP/1.1" 200 890851
186.155.16.211 - - [29/Oct/2023:14:48:06 -0500] "GET /BLA/resoluciones/AUTOS%202014/4470.pdf HTTP/1.1" 200 702157
172.22.2.4 - - [29/Oct/2023:14:46:37 -0500] "GET /BLA/boletinlegal/ HTTP/1.1" 200 57957
216.245.221.92 - - [29/Oct/2023:14:49:26 -0500] "HEAD / HTTP/1.1" 200 -
201.245.192.253 - - [29/Oct/2023:14:49:37 -0500] "POST /kwsrmcab/Wsrmcab  HTTP/1.1" 200 40654
172.22.2.4 - - [29/Oct/2023:14:51:37 -0500] "HEAD /BLA/boletinlegal/ HTTP/1.1" 200 -
172.22.2.4 - - [29/Oct/2023:14:52:28 -0500] "GET /BLA/boletinlegal/ HTTP/1.1" 200 57957
216.245.221.92 - - [29/Oct/2023:14:54:26 -0500] "HEAD / HTTP/1.1" 200 -
201.245.192.253 - - [29/Oct/2023:14:54:36 -0500] "POST /kwsrmcab/Wsrmcab  HTTP/1.1" 200 40654
34.91.220.208 - - [29/Oct/2023:14:56:19 -0500] "GET /inventario-de-emisiones-2020-transporte-publico-sitp-redujo-emisiones-de-pm-2-5-en-un-37.html HTTP/1.1" 200 925
172.22.2.4 - - [29/Oct/2023:14:57:40 -0500] "GET /BLA/boletinlegal/actos.php HTTP/1.1" 200 9682
45.163.204.170 - - [29/Oct/2023:14:58:00 -0500] "GET /BLA/resoluciones/RESOLUCIONES%202019/3093.pdf HTTP/1.1" 200 292489
45.163.204.170 - - [29/Oct/2023:14:58:00 -0500] "GET /favicon.ico HTTP/1.1" 200 7782
40.77.167.16 - - [29/Oct/2023:14:58:19 -0500] "GET /BLA/resoluciones/AUTOS%202023/5163.pdf HTTP/1.1" 200 728430
172.22.2.4 - - [29/Oct/2023:14:57:27 -0500] "HEAD /BLA/boletinlegal/ HTTP/1.1" 200 -
216.245.221.92 - - [29/Oct/2023:14:59:26 -0500] "HEAD / HTTP/1.1" 200 -
201.245.192.253 - - [29/Oct/2023:14:59:35 -0500] "POST /kwsrmcab/Wsrmcab  HTTP/1.1" 200 40654
172.22.2.4 - - [29/Oct/2023:14:58:18 -0500] "GET /BLA/boletinlegal/ HTTP/1.1" 200 52658
172.22.2.4 - - [29/Oct/2023:15:03:03 -0500] "GET /BLA/boletinlegal/jurisprudencia/analisis/AnalisisT-606-15.docx HTTP/1.1" 200 26698
172.22.2.4 - - [29/Oct/2023:15:03:03 -0500] "GET /BLA/boletinlegal/apple-touch-icon-120x120-precomposed.png HTTP/1.1" 404 1140
172.22.2.4 - - [29/Oct/2023:15:03:03 -0500] "GET /BLA/boletinlegal/apple-touch-icon-120x120.png HTTP/1.1" 404 1140
172.22.2.4 - - [29/Oct/2023:15:03:03 -0500] "GET /BLA/boletinlegal/apple-touch-icon-precomposed.png HTTP/1.1" 404 1140
172.22.2.4 - - [29/Oct/2023:15:03:03 -0500] "GET /BLA/boletinlegal/apple-touch-icon.png HTTP/1.1" 404 1140
172.22.2.4 - - [29/Oct/2023:15:03:03 -0500] "GET /BLA/boletinlegal/favicon.ico HTTP/1.1" 404 1140
172.22.2.4 - - [29/Oct/2023:15:03:03 -0500] "GET /BLA/boletinlegal/apple-touch-icon-120x120-precomposed.png HTTP/1.1" 404 1140
172.22.2.4 - - [29/Oct/2023:15:03:03 -0500] "GET /BLA/boletinlegal/apple-touch-icon-120x120.png HTTP/1.1" 404 1140
172.22.2.4 - - [29/Oct/2023:15:03:03 -0500] "GET /BLA/boletinlegal/apple-touch-icon-precomposed.png HTTP/1.1" 404 1140
172.22.2.4 - - [29/Oct/2023:15:03:03 -0500] "GET /BLA/boletinlegal/apple-touch-icon.png HTTP/1.1" 404 1140
172.22.2.4 - - [29/Oct/2023:15:03:03 -0500] "GET /BLA/boletinlegal/favicon.ico HTTP/1.1" 404 1140
157.55.39.51 - - [29/Oct/2023:15:03:09 -0500] "GET /BLA/resoluciones/RESOLUCIONES%202005/00001066.tif HTTP/1.1" 200 133752
216.245.221.92 - - [29/Oct/2023:15:04:26 -0500] "HEAD / HTTP/1.1" 200 -
201.245.192.253 - - [29/Oct/2023:15:04:34 -0500] "POST /kwsrmcab/Wsrmcab  HTTP/1.1" 200 40654
172.22.2.4 - - [29/Oct/2023:15:03:17 -0500] "HEAD /BLA/boletinlegal/ HTTP/1.1" 200 -
172.22.2.4 - - [29/Oct/2023:15:04:08 -0500] "GET /BLA/boletinlegal/ HTTP/1.1" 200 58309
67.217.57.54 - - [29/Oct/2023:15:07:30 -0500] "GET / HTTP/1.1" 200 319
181.53.14.188 - - [29/Oct/2023:15:09:25 -0500] "GET /BLA/resoluciones/dlf/styles.css HTTP/1.1" 200 3049
181.53.14.188 - - [29/Oct/2023:15:09:26 -0500] "GET /BLA/resoluciones/dlf/pdf.gif HTTP/1.1" 200 272
181.53.14.188 - - [29/Oct/2023:15:09:26 -0500] "GET /BLA/resoluciones/dlf/dirup.png HTTP/1.1" 200 644
216.245.221.92 - - [29/Oct/2023:15:09:26 -0500] "HEAD / HTTP/1.1" 200 -
181.53.14.188 - - [29/Oct/2023:15:09:25 -0500] "GET /BLA/resoluciones/index.php?dir=AUTOS+2014%2F HTTP/1.1" 200 890851
181.53.14.188 - - [29/Oct/2023:15:09:27 -0500] "GET /BLA/resoluciones/dlf/unknown.png HTTP/1.1" 200 266
181.53.14.188 - - [29/Oct/2023:15:09:27 -0500] "GET /BLA/resoluciones/dlf/bg.gif HTTP/1.1" 200 54
201.245.192.253 - - [29/Oct/2023:15:09:33 -0500] "POST /kwsrmcab/Wsrmcab  HTTP/1.1" 200 40654
172.22.2.4 - - [29/Oct/2023:15:09:07 -0500] "HEAD /BLA/boletinlegal/ HTTP/1.1" 200 -
172.22.2.4 - - [29/Oct/2023:15:09:57 -0500] "GET /BLA/boletinlegal/ HTTP/1.1" 200 57957
40.77.167.40 - - [29/Oct/2023:15:12:08 -0500] "GET /BLA/resoluciones/AUTOS%202023/5233.pdf HTTP/1.1" 200 1345352
