114.119.137.116 - - [29/Oct/2023:15:12:51 -0500] "GET /BLA/resoluciones/index.php?dir=Notificaciones/AUTOS%2B2015/&sort=size&order=asc HTTP/1.1" 200 13944
216.245.221.92 - - [29/Oct/2023:15:14:26 -0500] "HEAD / HTTP/1.1" 200 -
201.245.192.253 - - [29/Oct/2023:15:14:30 -0500] "POST /kwsrmcab/Wsrmcab  HTTP/1.1" 200 40654
40.77.167.52 - - [29/Oct/2023:15:15:09 -0500] "GET /BLA/resoluciones/AUTOS%202022/8404.pdf HTTP/1.1" 200 1754330
172.22.2.4 - - [29/Oct/2023:15:14:57 -0500] "HEAD /BLA/boletinlegal/ HTTP/1.1" 200 -
172.22.2.4 - - [29/Oct/2023:15:15:47 -0500] "GET /BLA/boletinlegal/ HTTP/1.1" 200 57957
201.245.192.253 - - [29/Oct/2023:15:17:44 -0500] "POST /kwsrmcab/Wsrmcab HTTP/1.1" 200 40761
201.245.192.253 - - [29/Oct/2023:15:17:46 -0500] "POST /kwsrmcab/Wsrmcab HTTP/1.1" 200 38592
216.245.221.92 - - [29/Oct/2023:15:19:26 -0500] "HEAD / HTTP/1.1" 200 -
201.245.192.253 - - [29/Oct/2023:15:19:29 -0500] "POST /kwsrmcab/Wsrmcab  HTTP/1.1" 200 40654
172.22.2.4 - - [29/Oct/2023:15:20:07 -0500] "GET /BLA/boletinlegal/api/.env HTTP/1.1" 404 1018
201.245.192.253 - - [29/Oct/2023:15:20:51 -0500] "POST /kwsrmcab/Wsrmcab HTTP/1.1" 200 40761
201.245.192.253 - - [29/Oct/2023:15:20:54 -0500] "POST /kwsrmcab/Wsrmcab HTTP/1.1" 200 38592
190.69.226.184 - - [29/Oct/2023:15:21:11 -0500] "GET /portaldeninos/ HTTP/1.1" 200 110175
190.69.226.184 - - [29/Oct/2023:15:21:12 -0500] "GET /portaldeninos/wp-content/plugins/gallery-videos/CSS/Total-Soft-Gallery-Video-Widget.css?ver=4.9.8 HTTP/1.1" 200 51554
190.69.226.184 - - [29/Oct/2023:15:21:12 -0500] "GET /portaldeninos/wp-content/themes/betheme/style.css?ver=20.9.6 HTTP/1.1" 200 287
190.69.226.184 - - [29/Oct/2023:15:21:12 -0500] "GET /portaldeninos/wp-content/uploads/useanyfont/uaf.css?ver=1589905315 HTTP/1.1" 200 408
190.69.226.184 - - [29/Oct/2023:15:21:12 -0500] "GET /portaldeninos/wp-content/plugins/gallery-videos/CSS/totalsoft.css?ver=4.9.8 HTTP/1.1" 200 40622
190.69.226.184 - - [29/Oct/2023:15:21:12 -0500] "GET /portaldeninos/wp-content/themes/betheme/assets/jplayer/css/jplayer.blue.monday.css?ver=20.9.6 HTTP/1.1" 200 9834
190.69.226.184 - - [29/Oct/2023:15:21:12 -0500] "GET /portaldeninos/wp-content/themes/betheme/css/base.css?ver=20.9.6 HTTP/1.1" 200 57283
190.69.226.184 - - [29/Oct/2023:15:21:12 -0500] "GET /portaldeninos/wp-content/themes/betheme/css/shortcodes.css?ver=20.9.6 HTTP/1.1" 200 138889
190.69.226.184 - - [29/Oct/2023:15:21:12 -0500] "GET /portaldeninos/wp-content/themes/betheme/assets/ui/jquery.ui.all.css?ver=20.9.6 HTTP/1.1" 200 18765
190.69.226.184 - - [29/Oct/2023:15:21:12 -0500] "GET /portaldeninos/wp-content/themes/betheme/css/layout.css?ver=20.9.6 HTTP/1.1" 200 116639
190.69.226.184 - - [29/Oct/2023:15:21:12 -0500] "GET /portaldeninos/wp-content/themes/betheme/css/responsive.css?ver=20.9.6 HTTP/1.1" 200 55740
190.69.226.184 - - [29/Oct/2023:15:21:12 -0500] "GET /portaldeninos/wp-content/themes/betheme/assets/animations/animations.min.css?ver=20.9.6 HTTP/1.1" 200 58508
190.69.226.184 - - [29/Oct/2023:15:21:12 -0500] "GET /portaldeninos/wp-content/plugins/popup-maker/assets/css/site.min.css?ver=1.8.14 HTTP/1.1" 200 8260
190.69.226.184 - - [29/Oct/2023:15:21:12 -0500] "GET /portaldeninos/wp-content/plugins/google-analytics-for-wordpress/assets/js/frontend-gtag.min.js?ver=8.5.0 HTTP/1.1" 200 11801
190.69.226.184 - - [29/Oct/2023:15:21:12 -0500] "GET /portaldeninos/wp-includes/js/jquery/jquery-migrate.min.js?ver=1.4.1 HTTP/1.1" 200 10056
190.69.226.184 - - [29/Oct/2023:15:21:12 -0500] "GET /portaldeninos/wp-includes/js/jquery/ui/core.min.js?ver=1.11.4 HTTP/1.1" 200 4000
190.69.226.184 - - [29/Oct/2023:15:21:12 -0500] "GET /portaldeninos/wp-content/plugins/gallery-videos/JS/modernizr.custom.js?ver=4.9.8 HTTP/1.1" 200 9019
190.69.226.184 - - [29/Oct/2023:15:21:12 -0500] "GET /portaldeninos/wp-content/plugins/gallery-videos/JS/Total-Soft-Gallery-Video-Widget.js?ver=4.9.8 HTTP/1.1" 200 80264
190.69.226.184 - - [29/Oct/2023:15:21:12 -0500] "GET /portaldeninos/wp-includes/js/jquery/jquery.js?ver=1.12.4 HTTP/1.1" 200 97184
190.69.226.184 - - [29/Oct/2023:15:21:16 -0500] "GET /portaldeninos/wp-includes/js/jquery/ui/widget.min.js?ver=1.11.4 HTTP/1.1" 200 6908
190.69.226.184 - - [29/Oct/2023:15:21:16 -0500] "GET /portaldeninos/wp-includes/js/jquery/ui/mouse.min.js?ver=1.11.4 HTTP/1.1" 200 3148
190.69.226.184 - - [29/Oct/2023:15:21:16 -0500] "GET /portaldeninos/wp-includes/js/jquery/ui/tabs.min.js?ver=1.11.4 HTTP/1.1" 200 12110
190.69.226.184 - - [29/Oct/2023:15:21:16 -0500] "GET /portaldeninos/wp-includes/js/jquery/ui/accordion.min.js?ver=1.11.4 HTTP/1.1" 200 8584
190.69.226.184 - - [29/Oct/2023:15:21:16 -0500] "GET /portaldeninos/wp-content/themes/betheme/js/menu.js?ver=20.9.6 HTTP/1.1" 200 2449
190.69.226.184 - - [29/Oct/2023:15:21:16 -0500] "GET /portaldeninos/wp-content/themes/betheme/assets/animations/animations.min.js?ver=20.9.6 HTTP/1.1" 200 1896
190.69.226.184 - - [29/Oct/2023:15:21:16 -0500] "GET /portaldeninos/wp-includes/js/jquery/ui/sortable.min.js?ver=1.11.4 HTTP/1.1" 200 24899
190.69.226.184 - - [29/Oct/2023:15:21:16 -0500] "GET /portaldeninos/wp-includes/js/jquery/ui/position.min.js?ver=1.11.4 HTTP/1.1" 200 6527
190.69.226.184 - - [29/Oct/2023:15:21:16 -0500] "GET /portaldeninos/wp-content/themes/betheme/js/plugins.js?ver=20.9.6 HTTP/1.1" 200 197151
190.69.226.184 - - [29/Oct/2023:15:21:16 -0500] "GET /portaldeninos/wp-content/uploads/2021/06/titulo-cabezote-ni%C3%B1os.png HTTP/1.1" 200 64425
190.69.226.184 - - [29/Oct/2023:15:21:16 -0500] "GET /portaldeninos/wp-content/themes/betheme/js/scripts.js?ver=20.9.6 HTTP/1.1" 200 77162
190.69.226.184 - - [29/Oct/2023:15:21:16 -0500] "GET /portaldeninos/wp-content/themes/betheme/assets/jplayer/jplayer.min.js?ver=20.9.6 HTTP/1.1" 200 52702
190.69.226.184 - - [29/Oct/2023:15:21:16 -0500] "GET /portaldeninos/wp-includes/js/wp-embed.min.js?ver=4.9.8 HTTP/1.1" 200 1398
190.69.226.184 - - [29/Oct/2023:15:21:16 -0500] "GET /portaldeninos/wp-content/plugins/popup-maker/assets/js/site.min.js?defer&ver=1.8.14 HTTP/1.1" 200 48457
190.69.226.184 - - [29/Oct/2023:15:21:16 -0500] "GET /portaldeninos/wp-content/uploads/2021/06/titulo-miambiente-ni%C3%B1os.png HTTP/1.1" 200 11944
190.69.226.184 - - [29/Oct/2023:15:21:16 -0500] "GET /portaldeninos/wp-content/uploads/2019/08/Logo-Ambientic.png HTTP/1.1" 200 22941
190.69.226.184 - - [29/Oct/2023:15:21:16 -0500] "GET /portaldeninos/wp-content/uploads/2021/06/titulo-videos-ni%C3%B1os.png HTTP/1.1" 200 10502
190.69.226.184 - - [29/Oct/2023:15:21:16 -0500] "GET /portaldeninos/wp-content/uploads/2021/06/titulo-humedales-ni%C3%B1os.png HTTP/1.1" 200 13361
190.69.226.184 - - [29/Oct/2023:15:21:16 -0500] "GET /portaldeninos/wp-content/uploads/2020/01/Tierra-escenario.jpg HTTP/1.1" 200 181491
190.69.226.184 - - [29/Oct/2023:15:21:16 -0500] "GET /portaldeninos/wp-content/uploads/2020/01/Frailejon-escenario.jpg HTTP/1.1" 200 357472
190.69.226.184 - - [29/Oct/2023:15:21:16 -0500] "GET /portaldeninos/wp-content/uploads/2018/10/oso.jpg HTTP/1.1" 200 305180
190.69.226.184 - - [29/Oct/2023:15:21:16 -0500] "GET /portaldeninos/wp-content/uploads/2018/11/caneca.jpg HTTP/1.1" 200 262661
190.69.226.184 - - [29/Oct/2023:15:21:16 -0500] "GET /portaldeninos/wp-content/uploads/2020/05/fb.jpg HTTP/1.1" 200 9893
190.69.226.184 - - [29/Oct/2023:15:21:16 -0500] "GET /portaldeninos/wp-content/uploads/2020/06/yt.jpg HTTP/1.1" 200 10577
190.69.226.184 - - [29/Oct/2023:15:21:16 -0500] "GET /portaldeninos/wp-content/uploads/2018/11/tigrillo.jpg HTTP/1.1" 200 402961
190.69.226.184 - - [29/Oct/2023:15:21:16 -0500] "GET /portaldeninos/wp-content/uploads/2020/05/ig.jpg HTTP/1.1" 200 11470
190.69.226.184 - - [29/Oct/2023:15:21:16 -0500] "GET /portaldeninos/wp-content/uploads/2020/06/tw.jpg HTTP/1.1" 200 11056
190.69.226.184 - - [29/Oct/2023:15:21:16 -0500] "GET /portaldeninos/wp-includes/js/wp-emoji-release.min.js?ver=4.9.8 HTTP/1.1" 200 12026
190.69.226.184 - - [29/Oct/2023:15:21:17 -0500] "GET /portaldeninos/wp-content/themes/betheme/images/box_shadow.png HTTP/1.1" 200 108
190.69.226.184 - - [29/Oct/2023:15:21:17 -0500] "GET /portaldeninos/wp-content/themes/betheme/images/stripes/stripes_3_b.png HTTP/1.1" 200 974
190.69.226.184 - - [29/Oct/2023:15:21:16 -0500] "GET /portaldeninos/wp-content/uploads/2022/08/Infograf%C3%ADa-humedales-actualizada.png HTTP/1.1" 200 588022
190.69.226.184 - - [29/Oct/2023:15:21:17 -0500] "GET /portaldeninos/wp-content/themes/betheme/fonts/mfn-icons.woff?93978679 HTTP/1.1" 200 80932
190.69.226.184 - - [29/Oct/2023:15:21:19 -0500] "GET /portaldeninos/wp-json/pum/v1/analytics/?event=open&pid=1126&_cache=1698610824236 HTTP/1.1" 204 -
190.69.226.184 - - [29/Oct/2023:15:21:17 -0500] "GET /portaldeninos/wp-content/uploads/2023/08/Infografia-Web-Infantil.mp4 HTTP/1.1" 206 7157990
190.69.226.184 - - [29/Oct/2023:15:21:16 -0500] "GET /portaldeninos/wp-content/uploads/2022/08/HUmedalConejera03-1.jpg HTTP/1.1" 200 12388495
190.69.226.184 - - [29/Oct/2023:15:21:17 -0500] "GET /portaldeninos/wp-content/uploads/2019/06/CabezoteAMBIENTIC.mp4 HTTP/1.1" 206 21677757
190.69.226.184 - - [29/Oct/2023:15:21:47 -0500] "GET /portaldeninos/wp-content/uploads/2023/08/Infografia-Web-Infantil.mp4 HTTP/1.1" 206 17119921
172.22.2.4 - - [29/Oct/2023:15:20:47 -0500] "HEAD /BLA/boletinlegal/ HTTP/1.1" 200 -
172.22.2.4 - - [29/Oct/2023:15:21:37 -0500] "GET /BLA/boletinlegal/ HTTP/1.1" 200 58309
66.249.66.167 - - [29/Oct/2023:15:23:49 -0500] "GET /portaldeninos/parque-mirador-de-los-nevados/ HTTP/1.1" 200 89855
66.249.66.166 - - [29/Oct/2023:15:23:51 -0500] "GET /portaldeninos/wp-content/themes/betheme/js/plugins.js?ver=20.9.6 HTTP/1.1" 200 197151
216.245.221.92 - - [29/Oct/2023:15:24:26 -0500] "HEAD / HTTP/1.1" 200 -
201.245.192.253 - - [29/Oct/2023:15:24:29 -0500] "POST /kwsrmcab/Wsrmcab  HTTP/1.1" 200 40654
52.167.144.216 - - [29/Oct/2023:15:26:51 -0500] "GET /Publicaciones/2023EE213950.pdf HTTP/1.1" 404 228
201.245.192.253 - - [29/Oct/2023:15:27:43 -0500] "POST /kwsrmcab/Wsrmcab HTTP/1.1" 200 40761
201.245.192.253 - - [29/Oct/2023:15:27:46 -0500] "POST /kwsrmcab/Wsrmcab HTTP/1.1" 200 38592
207.46.13.141 - - [29/Oct/2023:15:27:50 -0500] "GET /BLA/resoluciones/AUTOS%202007/1794.pdf HTTP/1.1" 200 75994
52.167.144.1 - - [29/Oct/2023:15:28:01 -0500] "GET /BLA/resoluciones/AUTOS%202023/4762.pdf HTTP/1.1" 200 579129
172.22.2.4 - - [29/Oct/2023:15:26:37 -0500] "HEAD /BLA/boletinlegal/ HTTP/1.1" 200 -
172.22.2.4 - - [29/Oct/2023:15:28:34 -0500] "GET /BLA/boletinlegal/ecp/Current/exporttool/microsoft.exchange.ediscovery.exporttool.application HTTP/1.1" 404 1018
172.22.2.4 - - [29/Oct/2023:15:27:27 -0500] "GET /BLA/boletinlegal/ HTTP/1.1" 200 60331
205.210.31.239 - - [29/Oct/2023:15:29:17 -0500] "GET / HTTP/1.0" 200 319
216.245.221.92 - - [29/Oct/2023:15:29:26 -0500] "HEAD / HTTP/1.1" 200 -
201.245.192.253 - - [29/Oct/2023:15:29:29 -0500] "POST /kwsrmcab/Wsrmcab  HTTP/1.1" 200 40654
40.77.167.241 - - [29/Oct/2023:15:30:20 -0500] "GET /BLA/resoluciones/AUTOS%202023/3722.pdf HTTP/1.1" 200 384473
201.245.192.253 - - [29/Oct/2023:15:30:51 -0500] "POST /kwsrmcab/Wsrmcab HTTP/1.1" 200 40761
201.245.192.253 - - [29/Oct/2023:15:30:54 -0500] "POST /kwsrmcab/Wsrmcab HTTP/1.1" 200 38592
207.46.13.111 - - [29/Oct/2023:15:33:53 -0500] "GET /BLA/resoluciones/AUTOS%202023/5013.pdf HTTP/1.1" 200 529360
172.22.2.4 - - [29/Oct/2023:15:32:27 -0500] "HEAD /BLA/boletinlegal/ HTTP/1.1" 200 -
216.245.221.92 - - [29/Oct/2023:15:34:26 -0500] "HEAD / HTTP/1.1" 200 -
201.245.192.253 - - [29/Oct/2023:15:34:28 -0500] "POST /kwsrmcab/Wsrmcab  HTTP/1.1" 200 40654
172.22.2.4 - - [29/Oct/2023:15:33:17 -0500] "GET /BLA/boletinlegal/ HTTP/1.1" 200 59129
172.22.2.4 - - [29/Oct/2023:15:34:22 -0500] "GET /BLA/boletinlegal/ HTTP/1.1" 200 61049
66.249.66.39 - - [29/Oct/2023:15:36:50 -0500] "GET /semana-ambiental-2022-del-31-de-mayo-al-5-de-junio-se-celebrara-en-bogota.html HTTP/1.1" 304 -
31.13.103.119 - - [29/Oct/2023:15:37:44 -0500] "GET /ingresar-a-los-cuerpos-de-agua-de-los-humedales-esta-prohibido-no-arriesgues-tu-vida-por-unos-me-gusta.html HTTP/1.1" 200 894
201.245.192.253 - - [29/Oct/2023:15:37:43 -0500] "POST /kwsrmcab/Wsrmcab HTTP/1.1" 200 40761
201.245.192.253 - - [29/Oct/2023:15:37:46 -0500] "POST /kwsrmcab/Wsrmcab HTTP/1.1" 200 38592
173.252.111.118 - - [29/Oct/2023:15:37:52 -0500] "GET /ingresar-a-los-cuerpos-de-agua-de-los-humedales-esta-prohibido-no-arriesgues-tu-vida-por-unos-me-gusta.html HTTP/1.1" 200 894
173.252.111.119 - - [29/Oct/2023:15:37:52 -0500] "GET /ingresar-a-los-cuerpos-de-agua-de-los-humedales-esta-prohibido-no-arriesgues-tu-vida-por-unos-me-gusta.html HTTP/1.1" 200 894
173.252.111.117 - - [29/Oct/2023:15:37:52 -0500] "GET /ingresar-a-los-cuerpos-de-agua-de-los-humedales-esta-prohibido-no-arriesgues-tu-vida-por-unos-me-gusta.html HTTP/1.1" 200 894
52.167.144.23 - - [29/Oct/2023:15:38:26 -0500] "GET /BLA/resoluciones/AUTOS%202023/3365.pdf HTTP/1.1" 200 2990613
172.22.2.4 - - [29/Oct/2023:15:38:28 -0500] "GET /BLA/boletinlegal/Circulares/2019/.pdf HTTP/1.1" 404 1218
172.22.2.4 - - [29/Oct/2023:15:38:40 -0500] "GET /BLA/boletinlegal/Circulares/2012/Circular%20No.%2010%20del%2026%20de%20Enero%20de%202012.pdf HTTP/1.1" 404 1218
172.22.2.4 - - [29/Oct/2023:15:38:42 -0500] "GET /BLA/boletinlegal/Circulares/023%09/CIRCULAR%20No.%2000011%20DEL%2023%20DE%20OCTUBRE%20DEL%202023%09.pdf HTTP/1.1" 403 1026
172.22.2.4 - - [29/Oct/2023:15:38:45 -0500] "GET /BLA/boletinlegal/Circulares/023%09/CIRCULAR%20No.%2000011%20DEL%2023%20DE%20OCTUBRE%20DEL%202023%09.pdf HTTP/1.1" 403 1026
172.22.2.4 - - [29/Oct/2023:15:38:48 -0500] "GET /BLA/boletinlegal/Circulares/023%09/CIRCULAR%20No.%2000011%20DEL%2023%20DE%20OCTUBRE%20DEL%202023%09.pdf HTTP/1.1" 403 1026
172.22.2.4 - - [29/Oct/2023:15:38:51 -0500] "GET /BLA/boletinlegal/Circulares/023%09/CIRCULAR%20No.%2000011%20DEL%2023%20DE%20OCTUBRE%20DEL%202023%09.pdf HTTP/1.1" 403 1026
172.22.2.4 - - [29/Oct/2023:15:38:53 -0500] "GET /BLA/boletinlegal/Circulares/023%09/CIRCULAR%20No.%2000011%20DEL%2023%20DE%20OCTUBRE%20DEL%202023%09.pdf HTTP/1.1" 403 1026
216.245.221.92 - - [29/Oct/2023:15:39:26 -0500] "HEAD / HTTP/1.1" 200 -
201.245.192.253 - - [29/Oct/2023:15:39:27 -0500] "POST /kwsrmcab/Wsrmcab  HTTP/1.1" 200 40654
172.22.2.4 - - [29/Oct/2023:15:38:17 -0500] "HEAD /BLA/boletinlegal/ HTTP/1.1" 200 -
173.252.95.6 - - [29/Oct/2023:15:40:29 -0500] "GET /silencio-dia-internacional-de-la-concienciacion-sobre-el-ruido.html HTTP/1.1" 200 775
172.22.2.4 - - [29/Oct/2023:15:39:07 -0500] "GET /BLA/boletinlegal/ HTTP/1.1" 200 60331
201.245.192.253 - - [29/Oct/2023:15:40:51 -0500] "POST /kwsrmcab/Wsrmcab HTTP/1.1" 200 40761
201.245.192.253 - - [29/Oct/2023:15:40:54 -0500] "POST /kwsrmcab/Wsrmcab HTTP/1.1" 200 38592
66.249.66.20 - - [29/Oct/2023:15:41:29 -0500] "GET /sipse/faces/index.xhtml HTTP/1.1" 200 677
207.46.13.116 - - [29/Oct/2023:15:41:55 -0500] "GET /BLA/resoluciones/AUTOS%202022/7613.pdf HTTP/1.1" 200 445511
52.167.144.179 - - [29/Oct/2023:15:41:59 -0500] "GET /BLA/resoluciones/AUTOS%202023/3358.pdf HTTP/1.1" 200 3677629
52.167.144.179 - - [29/Oct/2023:15:42:02 -0500] "GET /Publicaciones/2023EE113559.pdf HTTP/1.1" 404 228
52.167.144.11 - - [29/Oct/2023:15:42:21 -0500] "GET /BLA/resoluciones/AUTOS%202023/5271.pdf HTTP/1.1" 200 694472
52.167.144.11 - - [29/Oct/2023:15:42:23 -0500] "GET /BLA/resoluciones/AUTOS%202022/3363.pdf HTTP/1.1" 304 -
40.77.167.241 - - [29/Oct/2023:15:43:12 -0500] "GET /bla/resoluciones/notificaciones/autos%202018/04510.pdf HTTP/1.1" 200 253165
216.245.221.92 - - [29/Oct/2023:15:44:26 -0500] "HEAD / HTTP/1.1" 200 -
201.245.192.253 - - [29/Oct/2023:15:44:26 -0500] "POST /kwsrmcab/Wsrmcab  HTTP/1.1" 200 40654
52.167.144.179 - - [29/Oct/2023:15:44:35 -0500] "GET /BLA/resoluciones/AUTOS%202023/1709.pdf HTTP/1.1" 200 399849
172.22.2.4 - - [29/Oct/2023:15:44:07 -0500] "HEAD /BLA/boletinlegal/ HTTP/1.1" 200 -
186.102.52.162 - - [29/Oct/2023:15:46:36 -0500] "GET /kwssiamovil/sm/acme/a?s=U2FsdGVkX18Qu9PXWX0DjH+ayDoqVh3s671Vagd/DosfDu+u+IYJ40ToevnMZYN8/+BHKiTU3fPBCIuZpRJlvqmrewd5Ro+L6/sOBAEZOrGjwQ2lDU8T91toxq/6uwss0mcSMNh9CRUA4W64pv9m3/w+Lbx/0KUddUVKg3npa0r2N57QGvWYYgA7gZXcK4VulmP/zXv8Vhtb4fdupd4c98Ocr4JaoQKN+FAwJA3ypl/0nATzHGn1hWeIEkNDQ6xbCzc5Q9fdxH3DLMpIisKT4A==&u=U2FsdGVkX1/iBr6jSuD3k41ivJ6TfXGHzR8OG1wbUh+iYy45EA38y+u2gfXCLvs8&y=U2FsdGVkX1+S8p3uLn++zu+XFrAB7M17NnkbGhBmvAVYnKCFN9sP72aQFWiiOoMn HTTP/1.1" 200 26
186.102.52.162 - - [29/Oct/2023:15:46:37 -0500] "GET /kwssiamovil/sm/acme/a?s=U2FsdGVkX1+8cmwURSWBO8PDxzzcaB96uC3sBL/q/0BmE9L8Oq93Bc83nV/g0msgvliRhqrmv+LxvICWmOc/5hbe/E4dcwJvDIP+jc/XNM6ep9VZebYMbLRc0f+KmOjXV5qLfD0GO53g7kUVSBaTVO6jgbwBRVfD2Ypw37GlmK2k5Yw+688FRLeEwUH3NxePRACR3IoxylmBrgFDPlGUrqyGNXCxc+TpjlYFgvEFH4XG8SWDg1XiPGPZEc2RYL7srv6qqiPXnFU/pUZN9UsQnfUVH2YOqrZLNSENwM2z4bkfbsai/fZXW/JXR+1NKnUAimpZyAcruXp+FRDLzVc45DeLbURNUoHBW2PPsDU13YwJl22lO18SxCfVfDZcN3v1xJkyFB6ffh6q+W85dww7O3E0inuJ/JC6tb7O0eyNiS/TL/nW7XJiAl12/ol7S/PIqQ1Rbrs63Csz9nqhnZh6KdCgVS0lSPTStHGk0reMeyeYHthpDfhuty2I/ZZc4PHwDRZi/crdhzlVxxtRawDEfWfNB8Jcwl4cdBINZD3l2yn51DXI5+AyBSgwP6LuYsICTQYrN+Axk5k2uNV08fPxl0DGxZvIqShqQ1/bMwV+V7mdo9uxQt7N0lDF6LMalyNjiH5E2LIE/pVkOY58gQWst7TSuPqSp9+M1VxjSLR3rgSWALHVM5lEF+YYgD94yD6M4hxxB1EwToeEifp3ijxadCZfPGOT/6uK5nyT/BBUIFDIYWungLTrq3SdQVoDDNK7mmFQorXB0gNNoOUp2551X6CFeG7CdaNoooEOu/BS7dG/ZY6jG9dsFIXz9rg2CMkC3y7JxC7DPBLfLqxOPZf24hE9MQFhfg8+JQD2JaAqyUj8Ze3tGsnfI0Lt7p7vTde8VCP2uml2uq3QUwTKnJfwBpEUkHgkY5ayQM9gEZKyiCZXnK1e5BdDSUky58UHPMfNsG8ZHjxylDTVYHAb9FdJ+8dE7vpYJs5sewOSfhAgnQs0GGk3DP6Rb/0P/Ukstn9FDzrrcZU04nChjC8QrL7gdoxPZwa1wvY5cvZ9ok4mhL8bVPcOjVOWWzq1BG/gH++c21YfVC9i5ot/q3o0YzZyC+rmpCyY1I906HuVLchzJtR/KvPFw7LGhqrwmqxT0f8PL1Yxhg48rK4l436n0OwbYfNrIfZOQtlbGdypZz8yZHSq/0HzFtQPuNiSKbkcAkACGukilP56zBkH9e/o1I1j8ia2V9hAxeExZH4SCau9B1ep+eR4gPk/G0v4O+VH6Vihm3WWCyQZVlv6/YtwxBhD4MUVTQ+dDt3dMNA9TxK8k7Lmct53kmH5m/WRdqwzRxGmzXFBQ4JxaOiTAYcLSeAFsjLPNWE6wrNYdU/JJQbPJS1xXe8eL1Sy1MIUjOIIJecqkTVctWwqdHgdzMNZ40VpKlzQbjCpAHMntfdAxYsAZobmzpQo8KjKpVjHua2Y83fgbYp21HugqFm8aR9QqKMVcLIjUjG6MwxD6BlxKBAc9JGKu6GRZJ9wIfzqJ1g4J/0RjfGBdkmRQ8AN6dleAhI/0yL+95jXwg43tszdzI89eXLxLC7T5XQYoA3QYmyaKZMG&u=U2FsdGVkX1/iBr6jSuD3k41ivJ6TfXGHzR8OG1wbUh+iYy45EA38y+u2gfXCLvs8&y=U2FsdGVkX1+S8p3uLn++zu+XFrAB7M17NnkbGhBmvAVYnKCFN9sP72aQFWiiOoMn HTTP/1.1" 200 26
186.102.52.162 - - [29/Oct/2023:15:46:37 -0500] "GET /kwssiamovil/sm/acme/a?s=U2FsdGVkX18YUj/VMcnuluRyYxDez0NTgzkVpS2Gv67IESIChZ1VI0vjxi2SZdbktXEj8MUvXL3qYRTm+uwPDFWAOrBMOipgUzut7xqc1qigEnLKcU2ALHdeqiIU7VhBQcFS0hFG3eY0dDNc73jqpSM6nJkiTuIPEXrlrj7Czkw=&u=U2FsdGVkX1/iBr6jSuD3k41ivJ6TfXGHzR8OG1wbUh+iYy45EA38y+u2gfXCLvs8&y=U2FsdGVkX1+S8p3uLn++zu+XFrAB7M17NnkbGhBmvAVYnKCFN9sP72aQFWiiOoMn HTTP/1.1" 200 26
186.102.52.162 - - [29/Oct/2023:15:46:37 -0500] "GET /kwssiamovil/sm/acme/a?s=U2FsdGVkX1854i1b1/rG3ACQH1hMzKofrzDYARY2f6OLZ+GrA03YycDxX7KBeBEbaowPN2AXNwTT0Vm2ySgO5N7SbwQK60FaTq8iHi3G3lW5gxMbt3DG40rjHHdH9epMEQcKKN6ye/XjiWVOW3N8/WJnkYt/lXE+fZ8FLO2IOWE=&u=U2FsdGVkX1/iBr6jSuD3k41ivJ6TfXGHzR8OG1wbUh+iYy45EA38y+u2gfXCLvs8&y=U2FsdGVkX1+S8p3uLn++zu+XFrAB7M17NnkbGhBmvAVYnKCFN9sP72aQFWiiOoMn HTTP/1.1" 200 26
186.102.52.162 - - [29/Oct/2023:15:46:37 -0500] "GET /kwssiamovil/sm/acme/a?s=U2FsdGVkX18I4rHASL6pGr3mv6gzIDRgRGitrabkn8KI2vx27oR5j1JneuUYksVP6h0awDYzzkAY/wPaI2MHJzGvWTgOYwgX8O8mT8SMBQj8BMEASUqGFmwTB0QHFEE2v3ZeUorkLroCR6TWUW0hlteu6Ot2qlzWsp6qgZJwn8I=&u=U2FsdGVkX1/iBr6jSuD3k41ivJ6TfXGHzR8OG1wbUh+iYy45EA38y+u2gfXCLvs8&y=U2FsdGVkX1+S8p3uLn++zu+XFrAB7M17NnkbGhBmvAVYnKCFN9sP72aQFWiiOoMn HTTP/1.1" 200 26
172.22.2.4 - - [29/Oct/2023:15:44:58 -0500] "GET /BLA/boletinlegal/ HTTP/1.1" 200 55105
186.102.52.162 - - [29/Oct/2023:15:46:38 -0500] "GET /kwssiamovil/sm/acme/a?s=U2FsdGVkX1+O8gwy42zqjM0Bq1JfIq9cL0JsCwPkf5R9LVgPtJ8UP9U0Qg+ePL1bTuPG6CvAF2h+Cas2st0T1jK2agNnwX3txYl9DilFE39vrfeXJZWpDXXiGNM5/ZuMI2bE5Ulzecu3uztZRqabnDIhGdQnRNKcSEGOLq/wjWY9MKxaH48X+93Y4nHi+aV/wTbKcewfZxWMvA2MbF8Xvg==&u=U2FsdGVkX1/iBr6jSuD3k41ivJ6TfXGHzR8OG1wbUh+iYy45EA38y+u2gfXCLvs8&y=U2FsdGVkX1+S8p3uLn++zu+XFrAB7M17NnkbGhBmvAVYnKCFN9sP72aQFWiiOoMn HTTP/1.1" 200 26
216.245.221.92 - - [29/Oct/2023:15:49:26 -0500] "HEAD / HTTP/1.1" 200 -
201.245.192.253 - - [29/Oct/2023:15:49:25 -0500] "POST /kwsrmcab/Wsrmcab  HTTP/1.1" 200 40654
52.167.144.179 - - [29/Oct/2023:15:50:54 -0500] "GET /BLA/resoluciones/AUTOS%202023/4102.pdf HTTP/1.1" 200 401564
172.22.2.4 - - [29/Oct/2023:15:51:19 -0500] "GET /BLA/boletinlegal/style.css HTTP/1.1" 200 9406
172.22.2.4 - - [29/Oct/2023:15:51:19 -0500] "GET /BLA/boletinlegal/styles2.css HTTP/1.1" 200 1838
172.22.2.4 - - [29/Oct/2023:15:51:19 -0500] "GET /BLA/boletinlegal/js/jquery.scrollTo-min.js HTTP/1.1" 200 1150
172.22.2.4 - - [29/Oct/2023:15:51:19 -0500] "GET /BLA/boletinlegal/js/jquery.js HTTP/1.1" 200 57254
172.22.2.4 - - [29/Oct/2023:15:51:19 -0500] "GET /BLA/boletinlegal/js/jquery.scrollShow.js HTTP/1.1" 200 4586
172.22.2.4 - - [29/Oct/2023:15:51:19 -0500] "GET /BLA/boletinlegal/images/cabezote%20BLEGAL.jpg HTTP/1.1" 200 118164
172.22.2.4 - - [29/Oct/2023:15:51:19 -0500] "GET /BLA/boletinlegal/images/screen_1.png HTTP/1.1" 200 202547
172.22.2.4 - - [29/Oct/2023:15:51:19 -0500] "GET /BLA/boletinlegal/images/subscribe-icon-big.png HTTP/1.1" 200 47702
172.22.2.4 - - [29/Oct/2023:15:51:19 -0500] "GET /BLA/boletinlegal/images/historia.png HTTP/1.1" 200 52775
172.22.2.4 - - [29/Oct/2023:15:51:19 -0500] "GET /BLA/boletinlegal/images/registro-usuarios.png HTTP/1.1" 200 8106
172.22.2.4 - - [29/Oct/2023:15:51:19 -0500] "GET /BLA/boletinlegal/images/arr_l.jpg HTTP/1.1" 200 1979
172.22.2.4 - - [29/Oct/2023:15:51:19 -0500] "GET /BLA/boletinlegal/images/launch.jpg HTTP/1.1" 200 14577
172.22.2.4 - - [29/Oct/2023:15:51:19 -0500] "GET /BLA/boletinlegal/images/body_bg.jpg HTTP/1.1" 200 1601
172.22.2.4 - - [29/Oct/2023:15:51:19 -0500] "GET /BLA/boletinlegal/images/menu_rght.gif HTTP/1.1" 200 1627
172.22.2.4 - - [29/Oct/2023:15:51:19 -0500] "GET /BLA/boletinlegal/images/text.jpg HTTP/1.1" 200 568
172.22.2.4 - - [29/Oct/2023:15:51:19 -0500] "GET /BLA/boletinlegal/images/bg_top.jpg HTTP/1.1" 200 522
172.22.2.4 - - [29/Oct/2023:15:51:19 -0500] "GET /BLA/boletinlegal/images/menu_bg.jpg HTTP/1.1" 200 620
172.22.2.4 - - [29/Oct/2023:15:51:19 -0500] "GET /BLA/boletinlegal/images/hover.jpg HTTP/1.1" 200 640
172.22.2.4 - - [29/Oct/2023:15:51:19 -0500] "GET /BLA/boletinlegal/images/menu_lft.gif HTTP/1.1" 200 1713
172.22.2.4 - - [29/Oct/2023:15:51:21 -0500] "GET /BLA/boletinlegal/actos.php HTTP/1.1" 200 9682
172.22.2.4 - - [29/Oct/2023:15:51:21 -0500] "GET /BLA/boletinlegal/js/ajax_actos.js HTTP/1.1" 200 1322
172.22.2.4 - - [29/Oct/2023:15:51:21 -0500] "GET /BLA/boletinlegal/niceforms-default.css HTTP/1.1" 200 6694
172.22.2.4 - - [29/Oct/2023:15:51:21 -0500] "GET /BLA/boletinlegal/niceforms.js HTTP/1.1" 200 22876
172.22.2.4 - - [29/Oct/2023:15:51:21 -0500] "GET /BLA/boletinlegal/js/lib.js HTTP/1.1" 200 6474
172.22.2.4 - - [29/Oct/2023:15:51:21 -0500] "GET /BLA/boletinlegal/js/popup.js HTTP/1.1" 200 1270
172.22.2.4 - - [29/Oct/2023:15:51:21 -0500] "GET /BLA/boletinlegal/js/jquery1.js HTTP/1.1" 200 29846
172.22.2.4 - - [29/Oct/2023:15:51:21 -0500] "GET /BLA/boletinlegal/images/green-yellow-blue-pink-th.png HTTP/1.1" 200 7394
172.22.2.4 - - [29/Oct/2023:15:51:21 -0500] "GET /BLA/boletinlegal/images/tel.png HTTP/1.1" 200 14477
172.22.2.4 - - [29/Oct/2023:15:51:21 -0500] "GET /BLA/boletinlegal/images/icono-email.png HTTP/1.1" 200 5544
172.22.2.4 - - [29/Oct/2023:15:51:21 -0500] "GET /BLA/boletinlegal/images/footer_bg.jpg HTTP/1.1" 200 586
172.22.2.4 - - [29/Oct/2023:15:51:21 -0500] "GET /BLA/boletinlegal/images/footer_bg_l.jpg HTTP/1.1" 200 776
172.22.2.4 - - [29/Oct/2023:15:51:22 -0500] "GET /BLA/boletinlegal/img/select-left.png HTTP/1.1" 200 263
172.22.2.4 - - [29/Oct/2023:15:51:22 -0500] "GET /BLA/boletinlegal/img/0.png HTTP/1.1" 200 110
172.22.2.4 - - [29/Oct/2023:15:51:22 -0500] "GET /BLA/boletinlegal/img/select-right.png HTTP/1.1" 200 44019
172.22.2.4 - - [29/Oct/2023:15:51:22 -0500] "GET /BLA/boletinlegal/img/button-left.png HTTP/1.1" 200 57071
172.22.2.4 - - [29/Oct/2023:15:51:22 -0500] "GET /BLA/boletinlegal/img/button.png HTTP/1.1" 200 43241
172.22.2.4 - - [29/Oct/2023:15:51:22 -0500] "GET /BLA/boletinlegal/img/button-right.png HTTP/1.1" 200 57878
172.22.2.4 - - [29/Oct/2023:15:51:22 -0500] "GET /BLA/boletinlegal/favicon.ico HTTP/1.1" 404 1326
186.84.92.64 - - [29/Oct/2023:15:51:24 -0500] "GET /BLA/resoluciones/ HTTP/1.1" 200 13696
186.84.92.64 - - [29/Oct/2023:15:51:24 -0500] "GET /BLA/resoluciones/dlf/styles.css HTTP/1.1" 200 3049
186.84.92.64 - - [29/Oct/2023:15:51:24 -0500] "GET /BLA/resoluciones/dlf/folder.png HTTP/1.1" 200 410
186.84.92.64 - - [29/Oct/2023:15:51:24 -0500] "GET /BLA/resoluciones/dlf/bg.gif HTTP/1.1" 200 54
186.84.92.64 - - [29/Oct/2023:15:51:24 -0500] "GET /favicon.ico HTTP/1.1" 200 7782
186.84.92.64 - - [29/Oct/2023:15:51:27 -0500] "GET /BLA/resoluciones/dlf/dirup.png HTTP/1.1" 200 644
186.84.92.64 - - [29/Oct/2023:15:51:27 -0500] "GET /BLA/resoluciones/dlf/pdf.gif HTTP/1.1" 200 272
186.84.92.64 - - [29/Oct/2023:15:51:27 -0500] "GET /BLA/resoluciones/index.php?dir=AUTOS+2015%2F HTTP/1.1" 200 584331
186.84.92.64 - - [29/Oct/2023:15:51:28 -0500] "GET /BLA/resoluciones/dlf/unknown.png HTTP/1.1" 200 266
172.22.2.4 - - [29/Oct/2023:15:49:57 -0500] "HEAD /BLA/boletinlegal/ HTTP/1.1" 200 -
52.167.144.139 - - [29/Oct/2023:15:51:43 -0500] "GET /BLA/resoluciones/AUTOS%202023/5147.pdf HTTP/1.1" 200 447496
172.22.2.4 - - [29/Oct/2023:15:51:19 -0500] "GET /BLA/boletinlegal/ HTTP/1.1" 200 24523
172.22.2.4 - - [29/Oct/2023:15:50:47 -0500] "GET /BLA/boletinlegal/ HTTP/1.1" 200 44075
157.55.39.205 - - [29/Oct/2023:15:53:16 -0500] "GET /BLA/resoluciones/AUTOS%202023/5214.pdf HTTP/1.1" 200 420708
52.167.144.166 - - [29/Oct/2023:15:54:11 -0500] "GET /BLA/resoluciones/AUTOS%202021/5773.pdf HTTP/1.1" 304 -
201.245.192.253 - - [29/Oct/2023:15:54:24 -0500] "POST /kwsrmcab/Wsrmcab  HTTP/1.1" 200 40654
216.245.221.92 - - [29/Oct/2023:15:54:26 -0500] "HEAD / HTTP/1.1" 200 -
52.167.144.139 - - [29/Oct/2023:15:56:13 -0500] "GET /BLA/resoluciones/AUTOS%202023/4923.pdf HTTP/1.1" 200 362025
114.119.151.89 - - [29/Oct/2023:15:56:22 -0500] "GET /BLA/resoluciones/index.php?dir=RESOLUCIONES%2B2023/&sort=date&order=asc HTTP/1.1" 200 13903
172.22.2.4 - - [29/Oct/2023:15:55:47 -0500] "HEAD /BLA/boletinlegal/ HTTP/1.1" 200 -
172.22.2.4 - - [29/Oct/2023:15:56:37 -0500] "GET /BLA/boletinlegal/ HTTP/1.1" 200 52658
52.167.144.166 - - [29/Oct/2023:15:58:24 -0500] "GET /BLA/resoluciones/ HTTP/1.1" 200 13696
66.249.66.37 - - [29/Oct/2023:15:59:19 -0500] "GET /cumbre-p4g-soluciones-conjuntas-para-consolidar-ciudades-sostenibles.html HTTP/1.1" 304 -
201.245.192.253 - - [29/Oct/2023:15:59:23 -0500] "POST /kwsrmcab/Wsrmcab  HTTP/1.1" 200 40654
216.245.221.92 - - [29/Oct/2023:15:59:26 -0500] "HEAD / HTTP/1.1" 200 -
157.55.39.200 - - [29/Oct/2023:16:02:06 -0500] "GET /BLA/resoluciones/AUTOS%202023/4838.pdf HTTP/1.1" 200 889797
157.55.39.200 - - [29/Oct/2023:16:02:46 -0500] "GET /BLA/resoluciones/AUTOS%202023/5049.pdf HTTP/1.1" 200 2311886
172.22.2.4 - - [29/Oct/2023:16:01:37 -0500] "HEAD /BLA/boletinlegal/ HTTP/1.1" 200 -
172.22.2.4 - - [29/Oct/2023:16:02:27 -0500] "GET /BLA/boletinlegal/ HTTP/1.1" 200 60331
201.245.192.253 - - [29/Oct/2023:16:04:22 -0500] "POST /kwsrmcab/Wsrmcab  HTTP/1.1" 200 40654
216.245.221.92 - - [29/Oct/2023:16:04:25 -0500] "HEAD / HTTP/1.1" 200 -
168.119.252.242 - - [29/Oct/2023:16:04:30 -0500] "GET / HTTP/1.1" 200 319
168.119.252.242 - - [29/Oct/2023:16:04:31 -0500] "GET / HTTP/1.1" 200 4720
51.222.253.7 - - [29/Oct/2023:16:06:45 -0500] "GET /robots.txt HTTP/1.1" 404 1018
40.77.167.60 - - [29/Oct/2023:16:08:42 -0500] "GET /BLA/resoluciones/AUTOS%202023/5069.pdf HTTP/1.1" 200 401569
189.123.49.144 - - [29/Oct/2023:16:09:01 -0500] "GET /inventario-de-emisiones-2020-transporte-publico-sitp-redujo-emisiones-de-pm-2-5-en-un-37.html HTTP/1.1" 200 925
172.22.2.4 - - [29/Oct/2023:16:07:27 -0500] "HEAD /BLA/boletinlegal/ HTTP/1.1" 200 -
201.245.192.253 - - [29/Oct/2023:16:09:20 -0500] "POST /kwsrmcab/Wsrmcab  HTTP/1.1" 200 40654
216.245.221.92 - - [29/Oct/2023:16:09:25 -0500] "HEAD / HTTP/1.1" 200 -
172.22.2.4 - - [29/Oct/2023:16:08:17 -0500] "GET /BLA/boletinlegal/ HTTP/1.1" 200 58673
40.77.167.60 - - [29/Oct/2023:16:10:04 -0500] "GET /BLA/resoluciones/AUTOS%202023/3291.pdf HTTP/1.1" 200 951185
40.77.167.23 - - [29/Oct/2023:16:10:10 -0500] "GET /portaldeninos/ HTTP/1.1" 200 110175
40.77.167.60 - - [29/Oct/2023:16:13:04 -0500] "GET /BLA/resoluciones/AUTOS%202023/1722.pdf HTTP/1.1" 200 411727
157.55.39.12 - - [29/Oct/2023:16:13:57 -0500] "GET /BLA/resoluciones/AUTOS%202023/4006.pdf HTTP/1.1" 200 680974
52.167.144.233 - - [29/Oct/2023:16:14:02 -0500] "GET /bla/resoluciones/notificaciones/autos%202018/01408.pdf HTTP/1.1" 200 285181
201.245.192.253 - - [29/Oct/2023:16:14:19 -0500] "POST /kwsrmcab/Wsrmcab  HTTP/1.1" 200 40654
216.245.221.92 - - [29/Oct/2023:16:14:25 -0500] "HEAD / HTTP/1.1" 200 -
172.22.2.4 - - [29/Oct/2023:16:13:17 -0500] "HEAD /BLA/boletinlegal/ HTTP/1.1" 200 -
172.22.2.4 - - [29/Oct/2023:16:14:07 -0500] "GET /BLA/boletinlegal/ HTTP/1.1" 200 58309
31.13.115.117 - - [29/Oct/2023:16:17:14 -0500] "GET /images/cuerpos%20de%20agua%20en%20humedales-19-10.jpg HTTP/1.1" 200 73528
201.245.192.253 - - [29/Oct/2023:16:17:43 -0500] "POST /kwsrmcab/Wsrmcab HTTP/1.1" 200 40757
201.245.192.253 - - [29/Oct/2023:16:17:45 -0500] "POST /kwsrmcab/Wsrmcab HTTP/1.1" 200 38749
201.245.192.253 - - [29/Oct/2023:16:19:18 -0500] "POST /kwsrmcab/Wsrmcab  HTTP/1.1" 200 40654
216.245.221.92 - - [29/Oct/2023:16:19:25 -0500] "HEAD / HTTP/1.1" 200 -
172.22.2.4 - - [29/Oct/2023:16:19:07 -0500] "HEAD /BLA/boletinlegal/ HTTP/1.1" 200 -
201.245.192.253 - - [29/Oct/2023:16:20:52 -0500] "POST /kwsrmcab/Wsrmcab HTTP/1.1" 200 40757
201.245.192.253 - - [29/Oct/2023:16:20:54 -0500] "POST /kwsrmcab/Wsrmcab HTTP/1.1" 200 38749
172.22.2.4 - - [29/Oct/2023:16:19:57 -0500] "GET /BLA/boletinlegal/ HTTP/1.1" 200 60331
114.119.146.117 - - [29/Oct/2023:16:21:48 -0500] "GET /BLA/resoluciones/index.php?dir=RESOLUCIONES%2B2022/ HTTP/1.1" 200 13903
66.249.66.39 - - [29/Oct/2023:16:21:49 -0500] "GET /camino-guadalupe-aguanoso-abierto-de-nuevo-al-publico.html HTTP/1.1" 304 -
173.252.83.2 - - [29/Oct/2023:16:22:12 -0500] "GET /images/foto%202.jpg HTTP/1.1" 200 63300
114.119.138.172 - - [29/Oct/2023:16:23:27 -0500] "GET /BLA/resoluciones/index.php?dir=AUTOS%2B2014/&sort=size&order=asc HTTP/1.1" 200 13882
201.245.192.253 - - [29/Oct/2023:16:24:17 -0500] "POST /kwsrmcab/Wsrmcab  HTTP/1.1" 200 40654
216.245.221.92 - - [29/Oct/2023:16:24:25 -0500] "HEAD / HTTP/1.1" 200 -
40.77.167.21 - - [29/Oct/2023:16:25:14 -0500] "GET /BLA/resoluciones/AUTOS%202023/5215.pdf HTTP/1.1" 200 419593
157.55.39.61 - - [29/Oct/2023:16:26:29 -0500] "GET /BLA/resoluciones/AUTOS%202023/5231.pdf HTTP/1.1" 200 844214
172.22.2.4 - - [29/Oct/2023:16:24:57 -0500] "HEAD /BLA/boletinlegal/ HTTP/1.1" 200 -
52.167.144.228 - - [29/Oct/2023:16:27:05 -0500] "GET /BLA/resoluciones/AUTOS%202022/5788.pdf HTTP/1.1" 200 317153
66.249.66.39 - - [29/Oct/2023:16:27:15 -0500] "GET /conoce-la-exposicion-fotografica-de-areas-protegidas-y-acuerdos-de-conservacion.html HTTP/1.1" 200 849
172.22.2.4 - - [29/Oct/2023:16:25:47 -0500] "GET /BLA/boletinlegal/ HTTP/1.1" 200 41582
172.22.2.4 - - [29/Oct/2023:16:25:52 -0500] "GET /BLA/boletinlegal/ HTTP/1.1" 200 41582
201.245.192.253 - - [29/Oct/2023:16:27:43 -0500] "POST /kwsrmcab/Wsrmcab HTTP/1.1" 200 40757
201.245.192.253 - - [29/Oct/2023:16:27:46 -0500] "POST /kwsrmcab/Wsrmcab HTTP/1.1" 200 38749
201.245.192.253 - - [29/Oct/2023:16:29:16 -0500] "POST /kwsrmcab/Wsrmcab  HTTP/1.1" 200 40654
216.245.221.92 - - [29/Oct/2023:16:29:25 -0500] "HEAD / HTTP/1.1" 200 -
52.167.144.145 - - [29/Oct/2023:16:30:45 -0500] "GET /BLA/resoluciones/AUTOS%202023/3693.pdf HTTP/1.1" 200 454530
201.245.192.253 - - [29/Oct/2023:16:30:51 -0500] "POST /kwsrmcab/Wsrmcab HTTP/1.1" 200 40757
201.245.192.253 - - [29/Oct/2023:16:30:54 -0500] "POST /kwsrmcab/Wsrmcab HTTP/1.1" 200 38749
172.22.2.4 - - [29/Oct/2023:16:30:47 -0500] "HEAD /BLA/boletinlegal/ HTTP/1.1" 200 -
172.22.2.4 - - [29/Oct/2023:16:31:37 -0500] "GET /BLA/boletinlegal/ HTTP/1.1" 200 60331
201.245.192.253 - - [29/Oct/2023:16:34:14 -0500] "POST /kwsrmcab/Wsrmcab  HTTP/1.1" 200 40654
216.245.221.92 - - [29/Oct/2023:16:34:25 -0500] "HEAD / HTTP/1.1" 200 -
40.77.167.50 - - [29/Oct/2023:16:35:56 -0500] "GET /svr-ciudadano/ HTTP/1.1" 200 130426
172.22.2.4 - - [29/Oct/2023:16:34:54 -0500] "GET /BLA/boletinlegal/ HTTP/1.1" 200 62469
201.245.192.253 - - [29/Oct/2023:16:37:43 -0500] "POST /kwsrmcab/Wsrmcab HTTP/1.1" 200 40757
201.245.192.253 - - [29/Oct/2023:16:37:45 -0500] "POST /kwsrmcab/Wsrmcab HTTP/1.1" 200 38749
40.77.167.50 - - [29/Oct/2023:16:38:05 -0500] "GET /BLA/resoluciones/AUTOS%202023/5114.pdf HTTP/1.1" 200 564262
172.22.2.4 - - [29/Oct/2023:16:36:37 -0500] "HEAD /BLA/boletinlegal/ HTTP/1.1" 200 -
172.22.2.4 - - [29/Oct/2023:16:38:58 -0500] "GET /BLA/boletinlegal/Circulares/2019/.pdf HTTP/1.1" 404 1218
172.22.2.4 - - [29/Oct/2023:16:37:27 -0500] "GET /BLA/boletinlegal/ HTTP/1.1" 200 52658
172.22.2.4 - - [29/Oct/2023:16:39:08 -0500] "GET /BLA/boletinlegal/Circulares/2012/Circular%20No.%2010%20del%2026%20de%20Enero%20de%202012.pdf HTTP/1.1" 404 1218
172.22.2.4 - - [29/Oct/2023:16:39:11 -0500] "GET /BLA/boletinlegal/Circulares/023%09/CIRCULAR%20No.%2000011%20DEL%2023%20DE%20OCTUBRE%20DEL%202023%09.pdf HTTP/1.1" 403 1026
172.22.2.4 - - [29/Oct/2023:16:39:14 -0500] "GET /BLA/boletinlegal/Circulares/023%09/CIRCULAR%20No.%2000011%20DEL%2023%20DE%20OCTUBRE%20DEL%202023%09.pdf HTTP/1.1" 403 1026
201.245.192.253 - - [29/Oct/2023:16:39:14 -0500] "POST /kwsrmcab/Wsrmcab  HTTP/1.1" 200 40654
172.22.2.4 - - [29/Oct/2023:16:39:19 -0500] "GET /BLA/boletinlegal/Circulares/023%09/CIRCULAR%20No.%2000011%20DEL%2023%20DE%20OCTUBRE%20DEL%202023%09.pdf HTTP/1.1" 403 1026
172.22.2.4 - - [29/Oct/2023:16:39:25 -0500] "GET /BLA/boletinlegal/Circulares/023%09/CIRCULAR%20No.%2000011%20DEL%2023%20DE%20OCTUBRE%20DEL%202023%09.pdf HTTP/1.1" 403 1026
216.245.221.92 - - [29/Oct/2023:16:39:25 -0500] "HEAD / HTTP/1.1" 200 -
172.22.2.4 - - [29/Oct/2023:16:39:30 -0500] "GET /BLA/boletinlegal/Circulares/023%09/CIRCULAR%20No.%2000011%20DEL%2023%20DE%20OCTUBRE%20DEL%202023%09.pdf HTTP/1.1" 403 1026
201.245.192.253 - - [29/Oct/2023:16:40:51 -0500] "POST /kwsrmcab/Wsrmcab HTTP/1.1" 200 40757
201.245.192.253 - - [29/Oct/2023:16:40:54 -0500] "POST /kwsrmcab/Wsrmcab HTTP/1.1" 200 38749
52.167.144.214 - - [29/Oct/2023:16:41:13 -0500] "GET /Publicaciones/2023EE251542.pdf HTTP/1.1" 200 681393
52.167.144.175 - - [29/Oct/2023:16:41:18 -0500] "GET /Publicaciones/2023EE251818.pdf HTTP/1.1" 200 231931
52.167.144.175 - - [29/Oct/2023:16:41:18 -0500] "GET /Publicaciones/2023EE250164.pdf HTTP/1.1" 200 234806
172.22.2.4 - - [29/Oct/2023:16:42:27 -0500] "HEAD /BLA/boletinlegal/ HTTP/1.1" 200 -
201.245.192.253 - - [29/Oct/2023:16:44:13 -0500] "POST /kwsrmcab/Wsrmcab  HTTP/1.1" 200 40654
66.249.66.39 - - [29/Oct/2023:16:44:19 -0500] "GET /ciudadanos-pueden-enviar-comentarios-y-propuestas-al-proyecto-de-decreto-para-reducir-la-utilizacion-de-plasticos-de-un-solo-uso-en-las-entidades-del-distrito.html HTTP/1.1" 304 -
216.245.221.92 - - [29/Oct/2023:16:44:25 -0500] "HEAD / HTTP/1.1" 200 -
172.22.2.4 - - [29/Oct/2023:16:43:17 -0500] "GET /BLA/boletinlegal/ HTTP/1.1" 200 58673
52.167.144.214 - - [29/Oct/2023:16:45:36 -0500] "GET /BLA/resoluciones/AUTOS%202021/6247.pdf HTTP/1.1" 304 -
173.252.95.17 - - [29/Oct/2023:16:46:18 -0500] "GET /images/cr\xc3\xb3nica-29-nov-1_optimized.jpeg HTTP/1.1" 404 1034
173.252.79.116 - - [29/Oct/2023:16:46:19 -0500] "GET /images/cr\xc3\xb3nica-29-nov-1_optimized.jpeg HTTP/1.1" 404 1034
207.46.13.150 - - [29/Oct/2023:16:46:20 -0500] "GET /BLA/resoluciones/AUTOS%202023/5031.pdf HTTP/1.1" 200 499881
162.55.173.23 - - [29/Oct/2023:16:48:41 -0500] "GET / HTTP/1.1" 200 4720
162.55.173.23 - - [29/Oct/2023:16:48:41 -0500] "GET / HTTP/1.1" 200 319
201.245.192.253 - - [29/Oct/2023:16:49:12 -0500] "POST /kwsrmcab/Wsrmcab  HTTP/1.1" 200 40654
172.22.2.4 - - [29/Oct/2023:16:49:15 -0500] "GET /BLA/boletinlegal/actos.php HTTP/1.1" 200 9682
172.22.2.4 - - [29/Oct/2023:16:49:15 -0500] "GET /BLA/boletinlegal/styles2.css HTTP/1.1" 200 1838
172.22.2.4 - - [29/Oct/2023:16:49:15 -0500] "GET /BLA/boletinlegal/js/ajax_actos.js HTTP/1.1" 200 1322
172.22.2.4 - - [29/Oct/2023:16:49:15 -0500] "GET /BLA/boletinlegal/niceforms-default.css HTTP/1.1" 200 6694
172.22.2.4 - - [29/Oct/2023:16:49:15 -0500] "GET /BLA/boletinlegal/style.css HTTP/1.1" 200 9406
172.22.2.4 - - [29/Oct/2023:16:49:15 -0500] "GET /BLA/boletinlegal/niceforms.js HTTP/1.1" 200 22876
172.22.2.4 - - [29/Oct/2023:16:49:15 -0500] "GET /BLA/boletinlegal/js/popup.js HTTP/1.1" 200 1270
172.22.2.4 - - [29/Oct/2023:16:49:15 -0500] "GET /BLA/boletinlegal/js/jquery1.js HTTP/1.1" 200 29846
172.22.2.4 - - [29/Oct/2023:16:49:15 -0500] "GET /BLA/boletinlegal/js/lib.js HTTP/1.1" 200 6474
172.22.2.4 - - [29/Oct/2023:16:49:15 -0500] "GET /BLA/boletinlegal/images/cabezote%20BLEGAL.jpg HTTP/1.1" 200 118164
172.22.2.4 - - [29/Oct/2023:16:49:16 -0500] "GET /BLA/boletinlegal/images/subscribe-icon-big.png HTTP/1.1" 200 47702
172.22.2.4 - - [29/Oct/2023:16:49:16 -0500] "GET /BLA/boletinlegal/images/registro-usuarios.png HTTP/1.1" 200 8106
172.22.2.4 - - [29/Oct/2023:16:49:16 -0500] "GET /BLA/boletinlegal/images/historia.png HTTP/1.1" 200 52775
172.22.2.4 - - [29/Oct/2023:16:49:16 -0500] "GET /BLA/boletinlegal/images/icono-email.png HTTP/1.1" 200 5544
172.22.2.4 - - [29/Oct/2023:16:49:16 -0500] "GET /BLA/boletinlegal/images/tel.png HTTP/1.1" 200 14477
172.22.2.4 - - [29/Oct/2023:16:49:16 -0500] "GET /BLA/boletinlegal/images/green-yellow-blue-pink-th.png HTTP/1.1" 200 7394
172.22.2.4 - - [29/Oct/2023:16:49:16 -0500] "GET /BLA/boletinlegal/images/hover.jpg HTTP/1.1" 200 640
172.22.2.4 - - [29/Oct/2023:16:49:16 -0500] "GET /BLA/boletinlegal/images/body_bg.jpg HTTP/1.1" 200 1601
172.22.2.4 - - [29/Oct/2023:16:49:16 -0500] "GET /BLA/boletinlegal/images/menu_lft.gif HTTP/1.1" 200 1713
172.22.2.4 - - [29/Oct/2023:16:49:16 -0500] "GET /BLA/boletinlegal/images/menu_rght.gif HTTP/1.1" 200 1627
172.22.2.4 - - [29/Oct/2023:16:49:16 -0500] "GET /BLA/boletinlegal/images/bg_top.jpg HTTP/1.1" 200 522
172.22.2.4 - - [29/Oct/2023:16:49:16 -0500] "GET /BLA/boletinlegal/images/menu_bg.jpg HTTP/1.1" 200 620
172.22.2.4 - - [29/Oct/2023:16:49:16 -0500] "GET /BLA/boletinlegal/images/footer_bg_l.jpg HTTP/1.1" 200 776
172.22.2.4 - - [29/Oct/2023:16:49:16 -0500] "GET /BLA/boletinlegal/images/text.jpg HTTP/1.1" 200 568
172.22.2.4 - - [29/Oct/2023:16:49:16 -0500] "GET /BLA/boletinlegal/images/footer_bg.jpg HTTP/1.1" 200 586
172.22.2.4 - - [29/Oct/2023:16:49:16 -0500] "GET /BLA/boletinlegal/img/select-left.png HTTP/1.1" 200 263
172.22.2.4 - - [29/Oct/2023:16:49:16 -0500] "GET /BLA/boletinlegal/img/0.png HTTP/1.1" 200 110
172.22.2.4 - - [29/Oct/2023:16:49:16 -0500] "GET /BLA/boletinlegal/img/button.png HTTP/1.1" 200 43241
172.22.2.4 - - [29/Oct/2023:16:49:16 -0500] "GET /BLA/boletinlegal/img/button-right.png HTTP/1.1" 200 57878
172.22.2.4 - - [29/Oct/2023:16:49:16 -0500] "GET /BLA/boletinlegal/img/select-right.png HTTP/1.1" 200 44019
172.22.2.4 - - [29/Oct/2023:16:49:16 -0500] "GET /BLA/boletinlegal/img/button-left.png HTTP/1.1" 200 57071
172.22.2.4 - - [29/Oct/2023:16:49:16 -0500] "GET /BLA/boletinlegal/favicon.ico HTTP/1.1" 404 1326
186.84.92.64 - - [29/Oct/2023:16:49:18 -0500] "GET /BLA/resoluciones/dlf/styles.css HTTP/1.1" 200 3049
186.84.92.64 - - [29/Oct/2023:16:49:18 -0500] "GET /BLA/resoluciones/dlf/dirup.png HTTP/1.1" 200 644
186.84.92.64 - - [29/Oct/2023:16:49:18 -0500] "GET /BLA/resoluciones/dlf/pdf.gif HTTP/1.1" 200 272
186.84.92.64 - - [29/Oct/2023:16:49:18 -0500] "GET /BLA/resoluciones/dlf/unknown.png HTTP/1.1" 200 266
186.84.92.64 - - [29/Oct/2023:16:49:18 -0500] "GET /BLA/resoluciones/index.php?dir=AUTOS+2015%2F HTTP/1.1" 200 584331
186.84.92.64 - - [29/Oct/2023:16:49:19 -0500] "GET /BLA/resoluciones/dlf/bg.gif HTTP/1.1" 200 54
216.245.221.92 - - [29/Oct/2023:16:49:25 -0500] "HEAD / HTTP/1.1" 200 -
172.22.2.4 - - [29/Oct/2023:16:48:16 -0500] "HEAD /BLA/boletinlegal/ HTTP/1.1" 200 -
172.22.2.4 - - [29/Oct/2023:16:49:07 -0500] "GET /BLA/boletinlegal/ HTTP/1.1" 200 58309
40.77.167.16 - - [29/Oct/2023:16:50:55 -0500] "GET /Publicaciones/2023EE251299.pdf HTTP/1.1" 200 2461136
40.77.167.16 - - [29/Oct/2023:16:50:58 -0500] "GET /Publicaciones/2023EE251814.pdf HTTP/1.1" 200 231897
207.46.13.154 - - [29/Oct/2023:16:51:10 -0500] "GET /Publicaciones/2023EE250029.pdf HTTP/1.1" 200 492082
207.46.13.154 - - [29/Oct/2023:16:51:11 -0500] "GET /Publicaciones/2023EE252643.pdf HTTP/1.1" 200 231915
14.116.239.36 - - [29/Oct/2023:16:51:49 -0500] "GET /galeria/galeria/fotos/Humedal-la-conejera2P.jpg HTTP/1.1" 200 31007
201.245.192.253 - - [29/Oct/2023:16:54:10 -0500] "POST /kwsrmcab/Wsrmcab  HTTP/1.1" 200 40654
216.245.221.92 - - [29/Oct/2023:16:54:25 -0500] "HEAD / HTTP/1.1" 200 -
172.22.2.4 - - [29/Oct/2023:16:54:06 -0500] "HEAD /BLA/boletinlegal/ HTTP/1.1" 200 -
172.22.2.4 - - [29/Oct/2023:16:54:57 -0500] "GET /BLA/boletinlegal/ HTTP/1.1" 200 52658
201.245.192.253 - - [29/Oct/2023:16:59:09 -0500] "POST /kwsrmcab/Wsrmcab  HTTP/1.1" 200 40654
216.245.221.92 - - [29/Oct/2023:16:59:25 -0500] "HEAD / HTTP/1.1" 200 -
172.22.2.4 - - [29/Oct/2023:16:59:56 -0500] "HEAD /BLA/boletinlegal/ HTTP/1.1" 200 -
172.22.2.4 - - [29/Oct/2023:17:00:47 -0500] "GET /BLA/boletinlegal/ HTTP/1.1" 200 58309
52.167.144.212 - - [29/Oct/2023:17:03:39 -0500] "GET /BLA/resoluciones/AUTOS%202023/4899.pdf HTTP/1.1" 200 437426
201.245.192.253 - - [29/Oct/2023:17:04:08 -0500] "POST /kwsrmcab/Wsrmcab  HTTP/1.1" 200 40654
216.245.221.92 - - [29/Oct/2023:17:04:25 -0500] "HEAD / HTTP/1.1" 200 -
51.222.253.1 - - [29/Oct/2023:17:05:42 -0500] "GET /galeria/galeria/jquery.fancybox.css?v=2.1.5 HTTP/1.1" 200 4895
66.249.66.166 - - [29/Oct/2023:17:06:49 -0500] "GET /portaldeninos/ HTTP/1.1" 200 110175
172.22.2.4 - - [29/Oct/2023:17:05:46 -0500] "HEAD /BLA/boletinlegal/ HTTP/1.1" 200 -
172.22.2.4 - - [29/Oct/2023:17:06:37 -0500] "GET /BLA/boletinlegal/ HTTP/1.1" 200 60331
172.22.2.4 - - [29/Oct/2023:17:09:00 -0500] "GET /BLA/boletinlegal/po-includes/js/filemanager/dialog.php?akey=GantiKunciDesa HTTP/1.1" 404 1037
172.22.2.4 - - [29/Oct/2023:17:09:01 -0500] "GET /BLA/boletinlegal/phpformbuilder/plugins/filemanager/dialog.php?akey=GantiKunciDesa HTTP/1.1" 404 1037
172.22.2.4 - - [29/Oct/2023:17:09:03 -0500] "GET /BLA/boletinlegal/core/vendor/filemanager/dialog.php?akey=GantiKunciDesa HTTP/1.1" 404 1037
172.22.2.4 - - [29/Oct/2023:17:09:04 -0500] "GET /BLA/boletinlegal/public/vendor/filemanager/dialog.php?akey=GantiKunciDesa HTTP/1.1" 404 1037
172.22.2.4 - - [29/Oct/2023:17:09:06 -0500] "GET /BLA/boletinlegal/asset/vendor/filemanager/dialog.php?akey=GantiKunciDesa HTTP/1.1" 404 1037
172.22.2.4 - - [29/Oct/2023:17:09:07 -0500] "GET /BLA/boletinlegal/assets/default/vendor/filemanager/dialog.php?akey=GantiKunciDesa HTTP/1.1" 404 1037
172.22.2.4 - - [29/Oct/2023:17:09:08 -0500] "GET /BLA/boletinlegal/asset/default/vendor/filemanager/dialog.php?akey=GantiKunciDesa HTTP/1.1" 404 1037
201.245.192.253 - - [29/Oct/2023:17:09:07 -0500] "POST /kwsrmcab/Wsrmcab  HTTP/1.1" 200 40654
172.22.2.4 - - [29/Oct/2023:17:09:10 -0500] "GET /BLA/boletinlegal/coaster/filemanager/dialog.php?akey=GantiKunciDesa HTTP/1.1" 404 1037
172.22.2.4 - - [29/Oct/2023:17:09:11 -0500] "GET /BLA/boletinlegal/public/coaster/filemanager/dialog.php?akey=GantiKunciDesa HTTP/1.1" 404 1037
172.22.2.4 - - [29/Oct/2023:17:09:13 -0500] "GET /BLA/boletinlegal/editor/plugins/filemanager/dialog.php?akey=GantiKunciDesa HTTP/1.1" 404 1037
172.22.2.4 - - [29/Oct/2023:17:09:14 -0500] "GET /BLA/boletinlegal/tinymce/js/tinymce/plugins/filemanager/dialog.php?akey=GantiKunciDesa HTTP/1.1" 404 1037
172.22.2.4 - - [29/Oct/2023:17:09:15 -0500] "GET /BLA/boletinlegal/tiny_mce/js/tinymce/plugins/filemanager/dialog.php?akey=GantiKunciDesa HTTP/1.1" 404 1037
172.22.2.4 - - [29/Oct/2023:17:09:17 -0500] "GET /BLA/boletinlegal/tinymce/js/tiny_mce/plugins/filemanager/dialog.php?akey=GantiKunciDesa HTTP/1.1" 404 1037
172.22.2.4 - - [29/Oct/2023:17:09:18 -0500] "GET /BLA/boletinlegal/tiny_mce/js/tiny_mce/plugins/filemanager/dialog.php?akey=GantiKunciDesa HTTP/1.1" 404 1037
172.22.2.4 - - [29/Oct/2023:17:09:20 -0500] "GET /BLA/boletinlegal/js/tinymce/plugins/filemanager/dialog.php?akey=GantiKunciDesa HTTP/1.1" 404 1037
172.22.2.4 - - [29/Oct/2023:17:09:21 -0500] "GET /BLA/boletinlegal/js/tiny_mce/plugins/filemanager/dialog.php?akey=GantiKunciDesa HTTP/1.1" 404 1037
172.22.2.4 - - [29/Oct/2023:17:09:23 -0500] "GET /BLA/boletinlegal/tinymce/plugins/filemanager/dialog.php?akey=GantiKunciDesa HTTP/1.1" 404 1037
172.22.2.4 - - [29/Oct/2023:17:09:24 -0500] "GET /BLA/boletinlegal/tiny_mce/plugins/filemanager/dialog.php?akey=GantiKunciDesa HTTP/1.1" 404 1037
216.245.221.92 - - [29/Oct/2023:17:09:25 -0500] "HEAD / HTTP/1.1" 200 -
172.22.2.4 - - [29/Oct/2023:17:09:26 -0500] "GET /BLA/boletinlegal/files/filemanager/dialog.php?akey=GantiKunciDesa HTTP/1.1" 404 1037
172.22.2.4 - - [29/Oct/2023:17:09:27 -0500] "GET /BLA/boletinlegal/themes/admin/assets/lib/filemanager/dialog.php?akey=GantiKunciDesa HTTP/1.1" 404 1037
172.22.2.4 - - [29/Oct/2023:17:09:28 -0500] "GET /BLA/boletinlegal/admin/assets/lib/filemanager/dialog.php?akey=GantiKunciDesa HTTP/1.1" 404 1037
172.22.2.4 - - [29/Oct/2023:17:09:30 -0500] "GET /BLA/boletinlegal/admin/lib/filemanager/dialog.php?akey=GantiKunciDesa HTTP/1.1" 404 1037
172.22.2.4 - - [29/Oct/2023:17:09:31 -0500] "GET /BLA/boletinlegal/admin/assets/js/filemanager/dialog.php?akey=GantiKunciDesa HTTP/1.1" 404 1037
172.22.2.4 - - [29/Oct/2023:17:09:33 -0500] "GET /BLA/boletinlegal/javascript/filemanager/dialog.php?akey=GantiKunciDesa HTTP/1.1" 404 1037
172.22.2.4 - - [29/Oct/2023:17:09:34 -0500] "GET /BLA/boletinlegal/administrador/filemanager/dialog.php?akey=GantiKunciDesa HTTP/1.1" 404 1037
172.22.2.4 - - [29/Oct/2023:17:09:36 -0500] "GET /BLA/boletinlegal/administrator/filemanager/dialog.php?akey=GantiKunciDesa HTTP/1.1" 404 1037
172.22.2.4 - - [29/Oct/2023:17:09:37 -0500] "GET /BLA/boletinlegal/adminpanel/filemanager/dialog.php?akey=GantiKunciDesa HTTP/1.1" 404 1037
172.22.2.4 - - [29/Oct/2023:17:09:38 -0500] "GET /BLA/boletinlegal/utils/js/filemanager/dialog.php?akey=GantiKunciDesa HTTP/1.1" 404 1037
172.22.2.4 - - [29/Oct/2023:17:09:40 -0500] "GET /BLA/boletinlegal/assets/js/administration/filemanager/dialog.php?akey=GantiKunciDesa HTTP/1.1" 404 1037
172.22.2.4 - - [29/Oct/2023:17:09:41 -0500] "GET /BLA/boletinlegal/assets/js/admin/filemanager/dialog.php?akey=GantiKunciDesa HTTP/1.1" 404 1037
172.22.2.4 - - [29/Oct/2023:17:09:43 -0500] "GET /BLA/boletinlegal/admin/filemanager/dialog.php?akey=GantiKunciDesa HTTP/1.1" 404 1037
172.22.2.4 - - [29/Oct/2023:17:09:44 -0500] "GET /BLA/boletinlegal/assets/admin/js/tinymce/plugins/filemanager/dialog.php?akey=GantiKunciDesa HTTP/1.1" 404 1037
172.22.2.4 - - [29/Oct/2023:17:09:46 -0500] "GET /BLA/boletinlegal/asset/admin/js/tinymce/plugins/filemanager/dialog.php?akey=GantiKunciDesa HTTP/1.1" 404 1037
172.22.2.4 - - [29/Oct/2023:17:09:47 -0500] "GET /BLA/boletinlegal/assets/admin/js/tiny_mce/plugins/filemanager/dialog.php?akey=GantiKunciDesa HTTP/1.1" 404 1037
172.22.2.4 - - [29/Oct/2023:17:09:48 -0500] "GET /BLA/boletinlegal/assets/panel/js/tinymce/plugins/filemanager/dialog.php?akey=GantiKunciDesa HTTP/1.1" 404 1037
172.22.2.4 - - [29/Oct/2023:17:09:50 -0500] "GET /BLA/boletinlegal/assets/admin/tinymce/plugins/filemanager/dialog.php?akey=GantiKunciDesa HTTP/1.1" 404 1037
172.22.2.4 - - [29/Oct/2023:17:09:51 -0500] "GET /BLA/boletinlegal/phpformbuilder/plugins/filemanager/dialog.php?akey=GantiKunciDesa HTTP/1.1" 404 1037
172.22.2.4 - - [29/Oct/2023:17:09:53 -0500] "GET /BLA/boletinlegal/public/scripts/filemanager/dialog.php?akey=GantiKunciDesa HTTP/1.1" 404 1037
172.22.2.4 - - [29/Oct/2023:17:09:54 -0500] "GET /BLA/boletinlegal/public/filemanager/dialog.php?akey=GantiKunciDesa HTTP/1.1" 404 1037
172.22.2.4 - - [29/Oct/2023:17:09:55 -0500] "GET /BLA/boletinlegal/public/plugins/filemanager/dialog.php?akey=GantiKunciDesa HTTP/1.1" 404 1037
172.22.2.4 - - [29/Oct/2023:17:09:57 -0500] "GET /BLA/boletinlegal/public/lib/filemanager/dialog.php?akey=GantiKunciDesa HTTP/1.1" 404 1037
172.22.2.4 - - [29/Oct/2023:17:09:58 -0500] "GET /BLA/boletinlegal/assets/tinymce/js/tinymce/plugins/filemanager/dialog.php?akey=GantiKunciDesa HTTP/1.1" 404 1037
172.22.2.4 - - [29/Oct/2023:17:09:59 -0500] "GET /BLA/boletinlegal/assets/components/responsivefilemanager/rfm/filemanager/dialog.php?akey=GantiKunciDesa HTTP/1.1" 404 1037
172.22.2.4 - - [29/Oct/2023:17:10:01 -0500] "GET /BLA/boletinlegal/tinymce/plugins/responsivefilemanager/dialog.php?akey=GantiKunciDesa HTTP/1.1" 404 1037
172.22.2.4 - - [29/Oct/2023:17:10:02 -0500] "GET /BLA/boletinlegal/tinymce/plugins/filemanager/dialog.php?akey=GantiKunciDesa HTTP/1.1" 404 1037
172.22.2.4 - - [29/Oct/2023:17:10:04 -0500] "GET /BLA/boletinlegal/tiny_mce/plugins/filemanager/dialog.php?akey=GantiKunciDesa HTTP/1.1" 404 1037
172.22.2.4 - - [29/Oct/2023:17:10:05 -0500] "GET /BLA/boletinlegal/assets/front/phpformbuilder/plugins/filemanager/dialog.php?akey=GantiKunciDesa HTTP/1.1" 404 1037
172.22.2.4 - - [29/Oct/2023:17:10:07 -0500] "GET /BLA/boletinlegal/assets/phpformbuilder/plugins/filemanager/dialog.php?akey=GantiKunciDesa HTTP/1.1" 404 1037
172.22.2.4 - - [29/Oct/2023:17:10:08 -0500] "GET /BLA/boletinlegal/cms/file-manager/filemanager/dialog.php?akey=GantiKunciDesa HTTP/1.1" 404 1037
172.22.2.4 - - [29/Oct/2023:17:10:09 -0500] "GET /BLA/boletinlegal/cms/filemanager/dialog.php?akey=GantiKunciDesa HTTP/1.1" 404 1037
172.22.2.4 - - [29/Oct/2023:17:10:11 -0500] "GET /BLA/boletinlegal/public/editor/filemanager/dialog.php?akey=GantiKunciDesa HTTP/1.1" 404 1037
172.22.2.4 - - [29/Oct/2023:17:10:12 -0500] "GET /BLA/boletinlegal/assets/app/filemanager/dialog.php?akey=GantiKunciDesa HTTP/1.1" 404 1037
