172.22.2.4 - - [29/Oct/2023:17:18:39 -0500] "GET /BLA/boletinlegal/admin/assets/js/ckeditor/filemanager/js/include.js HTTP/1.1" 404 1037
172.22.2.4 - - [29/Oct/2023:17:18:41 -0500] "GET /BLA/boletinlegal/public/ckeditor/plugins/filemanager/js/include.js HTTP/1.1" 404 1037
172.22.2.4 - - [29/Oct/2023:17:18:42 -0500] "GET /BLA/boletinlegal/public/js/filemanager/js/include.js HTTP/1.1" 404 1037
172.22.2.4 - - [29/Oct/2023:17:18:43 -0500] "GET /BLA/boletinlegal/resource/assets/filemanager/js/include.js HTTP/1.1" 404 1037
172.22.2.4 - - [29/Oct/2023:17:18:45 -0500] "GET /BLA/boletinlegal/resource/js/filemanager/js/include.js HTTP/1.1" 404 1037
157.55.39.60 - - [29/Oct/2023:17:18:45 -0500] "GET /BLA/resoluciones/AUTOS%202023/4866.pdf HTTP/1.1" 200 686894
172.22.2.4 - - [29/Oct/2023:17:18:46 -0500] "GET /BLA/boletinlegal/resource/filemanager/js/include.js HTTP/1.1" 404 1037
172.22.2.4 - - [29/Oct/2023:17:18:48 -0500] "GET /BLA/boletinlegal/resources/assets/filemanager/js/include.js HTTP/1.1" 404 1037
172.22.2.4 - - [29/Oct/2023:17:18:49 -0500] "GET /BLA/boletinlegal/resources/js/filemanager/js/include.js HTTP/1.1" 404 1037
172.22.2.4 - - [29/Oct/2023:17:18:50 -0500] "GET /BLA/boletinlegal/resources/filemanager/js/include.js HTTP/1.1" 404 1037
172.22.2.4 - - [29/Oct/2023:17:18:52 -0500] "GET /BLA/boletinlegal/resources/vendor/filemanager/js/include.js HTTP/1.1" 404 1037
172.22.2.4 - - [29/Oct/2023:17:18:53 -0500] "GET /BLA/boletinlegal/scripts/js/filemanager/js/include.js HTTP/1.1" 404 1037
172.22.2.4 - - [29/Oct/2023:17:18:55 -0500] "GET /BLA/boletinlegal/scripts/filemanager/js/include.js HTTP/1.1" 404 1037
172.22.2.4 - - [29/Oct/2023:17:18:56 -0500] "GET /BLA/boletinlegal/tinymce/filemanager/js/include.js HTTP/1.1" 404 1037
172.22.2.4 - - [29/Oct/2023:17:18:57 -0500] "GET /BLA/boletinlegal/upload/filemanager/js/include.js HTTP/1.1" 404 1037
172.22.2.4 - - [29/Oct/2023:17:18:59 -0500] "GET /BLA/boletinlegal/vendor/filemanager/js/include.js HTTP/1.1" 404 1037
172.22.2.4 - - [29/Oct/2023:17:19:00 -0500] "GET /BLA/boletinlegal/webassist/filemanager/js/include.js HTTP/1.1" 404 1037
172.22.2.4 - - [29/Oct/2023:17:19:02 -0500] "GET /BLA/boletinlegal/third_party/filemanager/js/include.js HTTP/1.1" 404 1037
172.22.2.4 - - [29/Oct/2023:17:19:03 -0500] "GET /BLA/boletinlegal/ard/assets/js/filemanager/js/include.js HTTP/1.1" 404 1037
172.22.2.4 - - [29/Oct/2023:17:19:04 -0500] "GET /BLA/boletinlegal/editor/filemanager/js/include.js HTTP/1.1" 404 1037
172.22.2.4 - - [29/Oct/2023:17:19:06 -0500] "GET /BLA/boletinlegal/assets/grocery_crud/texteditor/ckeditor/filemanager/js/include.js HTTP/1.1" 404 1037
201.245.192.253 - - [29/Oct/2023:17:19:05 -0500] "POST /kwsrmcab/Wsrmcab  HTTP/1.1" 200 40654
172.22.2.4 - - [29/Oct/2023:17:19:07 -0500] "GET /BLA/boletinlegal/assets/text_editor/filemanager/js/include.js HTTP/1.1" 404 1037
172.22.2.4 - - [29/Oct/2023:17:17:27 -0500] "HEAD /BLA/boletinlegal/ HTTP/1.1" 200 -
172.22.2.4 - - [29/Oct/2023:17:19:08 -0500] "GET /BLA/boletinlegal/assets/js/ckeditor12/filemanager/js/include.js HTTP/1.1" 404 1037
172.22.2.4 - - [29/Oct/2023:17:19:10 -0500] "GET /BLA/boletinlegal/apps/filemanager/js/include.js HTTP/1.1" 404 1037
172.22.2.4 - - [29/Oct/2023:17:19:11 -0500] "GET /BLA/boletinlegal/apps/js/filemanager/js/include.js HTTP/1.1" 404 1037
172.22.2.4 - - [29/Oct/2023:17:19:13 -0500] "GET /BLA/boletinlegal/include/libs/filemanager/js/include.js HTTP/1.1" 404 1037
172.22.2.4 - - [29/Oct/2023:17:19:14 -0500] "GET /BLA/boletinlegal/includes/libs/filemanager/js/include.js HTTP/1.1" 404 1037
172.22.2.4 - - [29/Oct/2023:17:19:16 -0500] "GET /BLA/boletinlegal/includes/filemanager/js/include.js HTTP/1.1" 404 1037
172.22.2.4 - - [29/Oct/2023:17:19:17 -0500] "GET /BLA/boletinlegal/include/filemanager/js/include.js HTTP/1.1" 404 1037
172.22.2.4 - - [29/Oct/2023:17:19:19 -0500] "GET /BLA/boletinlegal/vendors/filemanager/js/include.js HTTP/1.1" 404 1037
172.22.2.4 - - [29/Oct/2023:17:19:20 -0500] "GET /BLA/boletinlegal/vendors/js/filemanager/js/include.js HTTP/1.1" 404 1037
172.22.2.4 - - [29/Oct/2023:17:19:22 -0500] "GET /BLA/boletinlegal/themes/orangeteam/assets/plugins/filemanager/js/include.js HTTP/1.1" 404 1037
172.22.2.4 - - [29/Oct/2023:17:19:23 -0500] "GET /BLA/boletinlegal/themes/orangeteam/asset/plugins/filemanager/js/include.js HTTP/1.1" 404 1037
172.22.2.4 - - [29/Oct/2023:17:19:24 -0500] "GET /BLA/boletinlegal/ThirdParty/filemanager/js/include.js HTTP/1.1" 404 1037
216.245.221.92 - - [29/Oct/2023:17:19:25 -0500] "HEAD / HTTP/1.1" 200 -
172.22.2.4 - - [29/Oct/2023:17:19:26 -0500] "GET /BLA/boletinlegal/webassist/ckeditor/plugins/filemanager/js/include.js HTTP/1.1" 404 1037
172.22.2.4 - - [29/Oct/2023:17:19:27 -0500] "GET /BLA/boletinlegal/manage/assets/plugins/filemanager/js/include.js HTTP/1.1" 404 1037
172.22.2.4 - - [29/Oct/2023:17:19:29 -0500] "GET /BLA/boletinlegal/vendor/editor/ckeditor/plugins/filemanager/js/include.js HTTP/1.1" 404 1037
172.22.2.4 - - [29/Oct/2023:17:19:30 -0500] "GET /BLA/boletinlegal/demo/filemanager/js/include.js HTTP/1.1" 404 1037
172.22.2.4 - - [29/Oct/2023:17:19:31 -0500] "GET /BLA/boletinlegal/backend/editor/filemanager/js/include.js HTTP/1.1" 404 1037
172.22.2.4 - - [29/Oct/2023:17:19:33 -0500] "GET /BLA/boletinlegal/brostools/jquery/filemanager/js/include.js HTTP/1.1" 404 1037
172.22.2.4 - - [29/Oct/2023:17:19:34 -0500] "GET /BLA/boletinlegal/admin/upload/filemanager/js/include.js HTTP/1.1" 404 1037
172.22.2.4 - - [29/Oct/2023:17:19:36 -0500] "GET /BLA/boletinlegal/plugins/tinymce/js/tinymce/plugins/filemanager/js/include.js HTTP/1.1" 404 1037
172.22.2.4 - - [29/Oct/2023:17:19:37 -0500] "GET /BLA/boletinlegal/assets/backend/tinymce/plugins/filemanager/js/include.js HTTP/1.1" 404 1037
172.22.2.4 - - [29/Oct/2023:17:19:38 -0500] "GET /BLA/boletinlegal/coremain/ckeditor/filemanager/js/include.js HTTP/1.1" 404 1037
172.22.2.4 - - [29/Oct/2023:17:19:40 -0500] "GET /BLA/boletinlegal/assets/backend/plugins/filemanager/js/include.js HTTP/1.1" 404 1037
172.22.2.4 - - [29/Oct/2023:17:19:41 -0500] "GET /BLA/boletinlegal/assets/frontend/plugins/filemanager/js/include.js HTTP/1.1" 404 1037
172.22.2.4 - - [29/Oct/2023:17:19:43 -0500] "GET /BLA/boletinlegal/asset/backend/plugins/filemanager/js/include.js HTTP/1.1" 404 1037
172.22.2.4 - - [29/Oct/2023:17:19:44 -0500] "GET /BLA/boletinlegal/asset/frontend/plugins/filemanager/js/include.js HTTP/1.1" 404 1037
172.22.2.4 - - [29/Oct/2023:17:19:45 -0500] "GET /BLA/boletinlegal/responsivefilemanager/js/include.js HTTP/1.1" 404 1037
172.22.2.4 - - [29/Oct/2023:17:19:47 -0500] "GET /BLA/boletinlegal/plugins/responsivefilemanager/js/include.js HTTP/1.1" 404 1037
172.22.2.4 - - [29/Oct/2023:17:19:48 -0500] "GET /BLA/boletinlegal/js/responsivefilemanager/js/include.js HTTP/1.1" 404 1037
172.22.2.4 - - [29/Oct/2023:17:19:50 -0500] "GET /BLA/boletinlegal/ResponsiveFilemanager/js/include.js HTTP/1.1" 404 1037
172.22.2.4 - - [29/Oct/2023:17:19:51 -0500] "GET /BLA/boletinlegal/js/ResponsiveFilemanager/js/include.js HTTP/1.1" 404 1037
172.22.2.4 - - [29/Oct/2023:17:19:52 -0500] "GET /BLA/boletinlegal/responsivefilemanager/filemanager/js/include.js HTTP/1.1" 404 1037
172.22.2.4 - - [29/Oct/2023:17:19:54 -0500] "GET /BLA/boletinlegal/js/responsivefilemanager/filemanager/js/include.js HTTP/1.1" 404 1037
172.22.2.4 - - [29/Oct/2023:17:19:55 -0500] "GET /BLA/boletinlegal/plugins/responsivefilemanager/filemanager/js/include.js HTTP/1.1" 404 1037
172.22.2.4 - - [29/Oct/2023:17:19:57 -0500] "GET /BLA/boletinlegal/ResponsiveFilemanager/filemanager/js/include.js HTTP/1.1" 404 1037
172.22.2.4 - - [29/Oct/2023:17:19:58 -0500] "GET /BLA/boletinlegal/js/ResponsiveFilemanager/filemanager/js/include.js HTTP/1.1" 404 1037
172.22.2.4 - - [29/Oct/2023:17:18:18 -0500] "GET /BLA/boletinlegal/ HTTP/1.1" 200 58309
172.22.2.4 - - [29/Oct/2023:17:19:59 -0500] "GET /BLA/boletinlegal/admin/js_admin/tiny_mce/plugins/filemanager/js/include.js HTTP/1.1" 404 1037
172.22.2.4 - - [29/Oct/2023:17:20:01 -0500] "GET /BLA/boletinlegal/admin/js/tiny_mce/plugins/filemanager/js/include.js HTTP/1.1" 404 1037
172.22.2.4 - - [29/Oct/2023:17:20:02 -0500] "GET /BLA/boletinlegal/admin/js/tinymce/plugins/filemanager/js/include.js HTTP/1.1" 404 1037
172.22.2.4 - - [29/Oct/2023:17:20:04 -0500] "GET /BLA/boletinlegal/assets/js/vendor/ckeditor/filemanager/js/include.js HTTP/1.1" 404 1037
181.53.14.188 - - [29/Oct/2023:17:20:51 -0500] "GET /BLA/resoluciones/ HTTP/1.1" 200 13696
181.53.14.188 - - [29/Oct/2023:17:20:51 -0500] "GET /BLA/resoluciones/dlf/folder.png HTTP/1.1" 200 410
201.245.192.253 - - [29/Oct/2023:17:20:51 -0500] "POST /kwsrmcab/Wsrmcab HTTP/1.1" 200 40763
201.245.192.253 - - [29/Oct/2023:17:20:53 -0500] "POST /kwsrmcab/Wsrmcab HTTP/1.1" 200 38739
40.77.167.7 - - [29/Oct/2023:17:21:20 -0500] "GET /BLA/resoluciones/AUTOS%202023/5230.pdf HTTP/1.1" 200 828503
181.53.14.188 - - [29/Oct/2023:17:21:40 -0500] "GET /BLA/resoluciones/index.php?dir=AUTOS+2014%2F HTTP/1.1" 200 890851
181.53.14.188 - - [29/Oct/2023:17:21:45 -0500] "GET /favicon.ico HTTP/1.1" 200 7782
181.53.14.188 - - [29/Oct/2023:17:21:12 -0500] "GET /BLA/resoluciones/index.php?dir=AUTOS+2014%2F HTTP/1.1" 200 217035
66.249.66.21 - - [29/Oct/2023:17:23:04 -0500] "GET /robots.txt HTTP/1.1" 404 1018
66.249.66.20 - - [29/Oct/2023:17:23:04 -0500] "GET /BLA/resoluciones/AUTOS%202008/2310.pdf HTTP/1.1" 200 85070
173.252.79.120 - - [29/Oct/2023:17:24:00 -0500] "GET /images/pl\xc3\xa1sticos%20foto%201..jpg HTTP/1.1" 404 1034
201.245.192.253 - - [29/Oct/2023:17:24:04 -0500] "POST /kwsrmcab/Wsrmcab  HTTP/1.1" 200 40654
216.245.221.92 - - [29/Oct/2023:17:24:25 -0500] "HEAD / HTTP/1.1" 200 -
172.22.2.4 - - [29/Oct/2023:17:23:17 -0500] "HEAD /BLA/boletinlegal/ HTTP/1.1" 200 -
172.22.2.4 - - [29/Oct/2023:17:24:08 -0500] "GET /BLA/boletinlegal/ HTTP/1.1" 200 57957
40.77.167.70 - - [29/Oct/2023:17:27:18 -0500] "GET /BLA/resoluciones/AUTOS%202021/2691.pdf HTTP/1.1" 200 364528
201.245.192.253 - - [29/Oct/2023:17:27:43 -0500] "POST /kwsrmcab/Wsrmcab HTTP/1.1" 200 40763
201.245.192.253 - - [29/Oct/2023:17:27:45 -0500] "POST /kwsrmcab/Wsrmcab HTTP/1.1" 200 38739
201.245.192.253 - - [29/Oct/2023:17:29:03 -0500] "POST /kwsrmcab/Wsrmcab  HTTP/1.1" 200 40654
66.249.66.39 - - [29/Oct/2023:17:29:19 -0500] "GET /caminatas-ecologicas-un-plan-imperdible-para-octubre.html HTTP/1.1" 304 -
216.245.221.92 - - [29/Oct/2023:17:29:25 -0500] "HEAD / HTTP/1.1" 200 -
52.167.144.189 - - [29/Oct/2023:17:30:18 -0500] "GET /BLA/resoluciones/AUTOS%202023/5423.pdf HTTP/1.1" 200 320113
172.22.2.4 - - [29/Oct/2023:17:29:07 -0500] "HEAD /BLA/boletinlegal/ HTTP/1.1" 200 -
201.245.192.253 - - [29/Oct/2023:17:30:51 -0500] "POST /kwsrmcab/Wsrmcab HTTP/1.1" 200 40763
201.245.192.253 - - [29/Oct/2023:17:30:54 -0500] "POST /kwsrmcab/Wsrmcab HTTP/1.1" 200 38739
172.22.2.4 - - [29/Oct/2023:17:29:58 -0500] "GET /BLA/boletinlegal/ HTTP/1.1" 200 58309
157.55.39.60 - - [29/Oct/2023:17:31:47 -0500] "GET /BLA/resoluciones/AUTOS%202023/5040.pdf HTTP/1.1" 200 2190918
172.22.2.4 - - [29/Oct/2023:17:32:41 -0500] "GET /BLA/boletinlegal/ HTTP/1.1" 200 45003
201.245.192.253 - - [29/Oct/2023:17:34:02 -0500] "POST /kwsrmcab/Wsrmcab  HTTP/1.1" 200 40654
40.77.167.52 - - [29/Oct/2023:17:34:05 -0500] "GET /BLA/resoluciones/AUTOS%202007/0818.pdf HTTP/1.1" 200 79593
216.245.221.92 - - [29/Oct/2023:17:34:25 -0500] "HEAD / HTTP/1.1" 200 -
40.77.167.52 - - [29/Oct/2023:17:35:28 -0500] "GET /bla/resoluciones/notificaciones/registros%202017/328.pdf HTTP/1.1" 304 -
66.249.66.19 - - [29/Oct/2023:17:35:41 -0500] "GET /BLA/resoluciones/AUTOS%202007/2748.pdf HTTP/1.1" 200 83094
172.22.2.4 - - [29/Oct/2023:17:34:22 -0500] "GET /BLA/boletinlegal/ HTTP/1.1" 200 58673
172.22.2.4 - - [29/Oct/2023:17:34:57 -0500] "HEAD /BLA/boletinlegal/ HTTP/1.1" 200 -
88.119.166.14 - - [29/Oct/2023:17:36:38 -0500] "GET /forest/ HTTP/1.1" 200 12041
207.46.13.154 - - [29/Oct/2023:17:36:47 -0500] "GET /bla/resoluciones/notificaciones/autos%202020/1572.pdf HTTP/1.1" 200 327231
172.22.2.4 - - [29/Oct/2023:17:35:48 -0500] "GET /BLA/boletinlegal/ HTTP/1.1" 200 53050
201.245.192.253 - - [29/Oct/2023:17:37:43 -0500] "POST /kwsrmcab/Wsrmcab HTTP/1.1" 200 40763
201.245.192.253 - - [29/Oct/2023:17:37:45 -0500] "POST /kwsrmcab/Wsrmcab HTTP/1.1" 200 38739
172.22.2.4 - - [29/Oct/2023:17:38:28 -0500] "GET /BLA/boletinlegal/Circulares/2019/.pdf HTTP/1.1" 404 1218
172.22.2.4 - - [29/Oct/2023:17:38:37 -0500] "GET /BLA/boletinlegal/Circulares/023%09/CIRCULAR%20No.%2000011%20DEL%2023%20DE%20OCTUBRE%20DEL%202023%09.pdf HTTP/1.1" 403 1026
172.22.2.4 - - [29/Oct/2023:17:38:40 -0500] "GET /BLA/boletinlegal/Circulares/023%09/CIRCULAR%20No.%2000011%20DEL%2023%20DE%20OCTUBRE%20DEL%202023%09.pdf HTTP/1.1" 403 1026
172.22.2.4 - - [29/Oct/2023:17:38:44 -0500] "GET /BLA/boletinlegal/Circulares/023%09/CIRCULAR%20No.%2000011%20DEL%2023%20DE%20OCTUBRE%20DEL%202023%09.pdf HTTP/1.1" 403 1026
172.22.2.4 - - [29/Oct/2023:17:38:48 -0500] "GET /BLA/boletinlegal/Circulares/023%09/CIRCULAR%20No.%2000011%20DEL%2023%20DE%20OCTUBRE%20DEL%202023%09.pdf HTTP/1.1" 403 1026
172.22.2.4 - - [29/Oct/2023:17:38:54 -0500] "GET /BLA/boletinlegal/Circulares/023%09/CIRCULAR%20No.%2000011%20DEL%2023%20DE%20OCTUBRE%20DEL%202023%09.pdf HTTP/1.1" 403 1026
201.245.192.253 - - [29/Oct/2023:17:39:01 -0500] "POST /kwsrmcab/Wsrmcab  HTTP/1.1" 200 40654
103.161.146.200 - - [29/Oct/2023:17:39:14 -0500] "GET / HTTP/1.1" 200 319
216.245.221.92 - - [29/Oct/2023:17:39:25 -0500] "HEAD / HTTP/1.1" 200 -
201.245.192.253 - - [29/Oct/2023:17:40:51 -0500] "POST /kwsrmcab/Wsrmcab HTTP/1.1" 200 40763
201.245.192.253 - - [29/Oct/2023:17:40:54 -0500] "POST /kwsrmcab/Wsrmcab HTTP/1.1" 200 38739
172.22.2.4 - - [29/Oct/2023:17:40:47 -0500] "HEAD /BLA/boletinlegal/ HTTP/1.1" 200 -
207.46.13.154 - - [29/Oct/2023:17:43:16 -0500] "GET /bla/resoluciones/autos%202010/5635.pdf HTTP/1.1" 200 621721
172.22.2.4 - - [29/Oct/2023:17:41:38 -0500] "GET /BLA/boletinlegal/ HTTP/1.1" 200 60682
201.245.192.253 - - [29/Oct/2023:17:44:00 -0500] "POST /kwsrmcab/Wsrmcab  HTTP/1.1" 200 40654
52.167.144.233 - - [29/Oct/2023:17:44:10 -0500] "GET /portaldeninos/wp-content/uploads/2020/01/Fauna-gif.gif HTTP/1.1" 200 3779027
216.245.221.92 - - [29/Oct/2023:17:44:25 -0500] "HEAD / HTTP/1.1" 200 -
52.167.144.232 - - [29/Oct/2023:17:45:01 -0500] "GET /BLA/resoluciones/AUTOS%202007/2867.pdf HTTP/1.1" 200 122593
179.19.63.213 - - [29/Oct/2023:17:45:10 -0500] "GET /portaldeninos/wp-includes/js/wp-emoji-release.min.js?ver=4.9.8 HTTP/1.1" 200 12026
179.19.63.213 - - [29/Oct/2023:17:45:10 -0500] "GET /portaldeninos/ HTTP/1.1" 200 110175
179.19.63.213 - - [29/Oct/2023:17:45:10 -0500] "GET /portaldeninos/wp-content/themes/betheme/style.css?ver=20.9.6 HTTP/1.1" 200 287
179.19.63.213 - - [29/Oct/2023:17:45:10 -0500] "GET /portaldeninos/wp-content/uploads/useanyfont/uaf.css?ver=1589905315 HTTP/1.1" 200 408
179.19.63.213 - - [29/Oct/2023:17:45:10 -0500] "GET /portaldeninos/wp-content/plugins/gallery-videos/CSS/totalsoft.css?ver=4.9.8 HTTP/1.1" 200 40622
179.19.63.213 - - [29/Oct/2023:17:45:10 -0500] "GET /portaldeninos/wp-content/plugins/gallery-videos/CSS/Total-Soft-Gallery-Video-Widget.css?ver=4.9.8 HTTP/1.1" 200 51554
179.19.63.213 - - [29/Oct/2023:17:45:10 -0500] "GET /portaldeninos/wp-content/themes/betheme/assets/ui/jquery.ui.all.css?ver=20.9.6 HTTP/1.1" 200 18765
179.19.63.213 - - [29/Oct/2023:17:45:11 -0500] "GET /portaldeninos/wp-content/themes/betheme/assets/jplayer/css/jplayer.blue.monday.css?ver=20.9.6 HTTP/1.1" 200 9834
179.19.63.213 - - [29/Oct/2023:17:45:10 -0500] "GET /portaldeninos/wp-content/themes/betheme/css/shortcodes.css?ver=20.9.6 HTTP/1.1" 200 138889
179.19.63.213 - - [29/Oct/2023:17:45:10 -0500] "GET /portaldeninos/wp-content/themes/betheme/assets/animations/animations.min.css?ver=20.9.6 HTTP/1.1" 200 58508
179.19.63.213 - - [29/Oct/2023:17:45:11 -0500] "GET /portaldeninos/wp-content/themes/betheme/css/responsive.css?ver=20.9.6 HTTP/1.1" 200 55740
179.19.63.213 - - [29/Oct/2023:17:45:11 -0500] "GET /portaldeninos/wp-content/plugins/popup-maker/assets/css/site.min.css?ver=1.8.14 HTTP/1.1" 200 8260
179.19.63.213 - - [29/Oct/2023:17:45:11 -0500] "GET /portaldeninos/wp-content/plugins/google-analytics-for-wordpress/assets/js/frontend-gtag.min.js?ver=8.5.0 HTTP/1.1" 200 11801
179.19.63.213 - - [29/Oct/2023:17:45:11 -0500] "GET /portaldeninos/wp-includes/js/jquery/jquery-migrate.min.js?ver=1.4.1 HTTP/1.1" 200 10056
179.19.63.213 - - [29/Oct/2023:17:45:11 -0500] "GET /portaldeninos/wp-includes/js/jquery/ui/core.min.js?ver=1.11.4 HTTP/1.1" 200 4000
179.19.63.213 - - [29/Oct/2023:17:45:11 -0500] "GET /portaldeninos/wp-content/plugins/gallery-videos/JS/modernizr.custom.js?ver=4.9.8 HTTP/1.1" 200 9019
179.19.63.213 - - [29/Oct/2023:17:45:10 -0500] "GET /portaldeninos/wp-content/themes/betheme/css/base.css?ver=20.9.6 HTTP/1.1" 200 57283
179.19.63.213 - - [29/Oct/2023:17:45:11 -0500] "GET /portaldeninos/wp-content/plugins/gallery-videos/JS/Total-Soft-Gallery-Video-Widget.js?ver=4.9.8 HTTP/1.1" 200 80264
179.19.63.213 - - [29/Oct/2023:17:45:11 -0500] "GET /portaldeninos/wp-content/uploads/2021/06/titulo-cabezote-ni%C3%B1os.png HTTP/1.1" 200 64425
179.19.63.213 - - [29/Oct/2023:17:45:11 -0500] "GET /portaldeninos/wp-content/uploads/2019/08/Logo-Ambientic.png HTTP/1.1" 200 22941
179.19.63.213 - - [29/Oct/2023:17:45:10 -0500] "GET /portaldeninos/wp-content/themes/betheme/css/layout.css?ver=20.9.6 HTTP/1.1" 200 116639
179.19.63.213 - - [29/Oct/2023:17:45:11 -0500] "GET /portaldeninos/wp-includes/js/jquery/ui/widget.min.js?ver=1.11.4 HTTP/1.1" 200 6908
179.19.63.213 - - [29/Oct/2023:17:45:11 -0500] "GET /portaldeninos/wp-includes/js/jquery/ui/mouse.min.js?ver=1.11.4 HTTP/1.1" 200 3148
179.19.63.213 - - [29/Oct/2023:17:45:11 -0500] "GET /portaldeninos/wp-includes/js/jquery/ui/tabs.min.js?ver=1.11.4 HTTP/1.1" 200 12110
179.19.63.213 - - [29/Oct/2023:17:45:11 -0500] "GET /portaldeninos/wp-includes/js/jquery/ui/accordion.min.js?ver=1.11.4 HTTP/1.1" 200 8584
179.19.63.213 - - [29/Oct/2023:17:45:11 -0500] "GET /portaldeninos/wp-includes/js/jquery/ui/sortable.min.js?ver=1.11.4 HTTP/1.1" 200 24899
179.19.63.213 - - [29/Oct/2023:17:45:11 -0500] "GET /portaldeninos/wp-content/themes/betheme/js/menu.js?ver=20.9.6 HTTP/1.1" 200 2449
179.19.63.213 - - [29/Oct/2023:17:45:11 -0500] "GET /portaldeninos/wp-content/themes/betheme/assets/animations/animations.min.js?ver=20.9.6 HTTP/1.1" 200 1896
179.19.63.213 - - [29/Oct/2023:17:45:11 -0500] "GET /portaldeninos/wp-content/themes/betheme/assets/jplayer/jplayer.min.js?ver=20.9.6 HTTP/1.1" 200 52702
179.19.63.213 - - [29/Oct/2023:17:45:11 -0500] "GET /portaldeninos/wp-content/themes/betheme/js/plugins.js?ver=20.9.6 HTTP/1.1" 200 197151
179.19.63.213 - - [29/Oct/2023:17:45:12 -0500] "GET /portaldeninos/wp-includes/js/jquery/ui/position.min.js?ver=1.11.4 HTTP/1.1" 200 6527
179.19.63.213 - - [29/Oct/2023:17:45:12 -0500] "GET /portaldeninos/wp-content/themes/betheme/js/scripts.js?ver=20.9.6 HTTP/1.1" 200 77162
179.19.63.213 - - [29/Oct/2023:17:45:12 -0500] "GET /portaldeninos/wp-content/plugins/popup-maker/assets/js/site.min.js?defer&ver=1.8.14 HTTP/1.1" 200 48457
179.19.63.213 - - [29/Oct/2023:17:45:12 -0500] "GET /portaldeninos/wp-includes/js/wp-embed.min.js?ver=4.9.8 HTTP/1.1" 200 1398
179.19.63.213 - - [29/Oct/2023:17:45:12 -0500] "GET /portaldeninos/wp-content/uploads/2021/06/titulo-miambiente-ni%C3%B1os.png HTTP/1.1" 200 11944
179.19.63.213 - - [29/Oct/2023:17:45:11 -0500] "GET /portaldeninos/wp-includes/js/jquery/jquery.js?ver=1.12.4 HTTP/1.1" 200 97184
179.19.63.213 - - [29/Oct/2023:17:45:12 -0500] "GET /portaldeninos/wp-content/uploads/2018/10/oso.jpg HTTP/1.1" 200 305180
179.19.63.213 - - [29/Oct/2023:17:45:13 -0500] "GET /portaldeninos/wp-content/themes/betheme/fonts/mfn-icons.woff?93978679 HTTP/1.1" 200 80932
179.19.63.213 - - [29/Oct/2023:17:45:12 -0500] "GET /portaldeninos/wp-content/uploads/2018/11/tigrillo.jpg HTTP/1.1" 200 402961
179.19.63.213 - - [29/Oct/2023:17:45:13 -0500] "GET /portaldeninos/wp-content/uploads/2020/01/Tierra-escenario.jpg HTTP/1.1" 200 181491
179.19.63.213 - - [29/Oct/2023:17:45:14 -0500] "GET /portaldeninos/wp-content/uploads/2021/06/titulo-videos-ni%C3%B1os.png HTTP/1.1" 200 10502
179.19.63.213 - - [29/Oct/2023:17:45:14 -0500] "GET /portaldeninos/wp-content/uploads/2021/06/titulo-humedales-ni%C3%B1os.png HTTP/1.1" 200 13361
179.19.63.213 - - [29/Oct/2023:17:45:12 -0500] "GET /portaldeninos/wp-content/uploads/2020/01/Frailejon-escenario.jpg HTTP/1.1" 200 357472
179.19.63.213 - - [29/Oct/2023:17:45:13 -0500] "GET /portaldeninos/wp-content/uploads/2018/11/caneca.jpg HTTP/1.1" 200 262661
179.19.63.213 - - [29/Oct/2023:17:45:15 -0500] "GET /portaldeninos/wp-content/uploads/2020/05/fb.jpg HTTP/1.1" 200 9893
179.19.63.213 - - [29/Oct/2023:17:45:15 -0500] "GET /portaldeninos/wp-content/uploads/2020/05/ig.jpg HTTP/1.1" 200 11470
179.19.63.213 - - [29/Oct/2023:17:45:15 -0500] "GET /portaldeninos/wp-content/uploads/2020/06/yt.jpg HTTP/1.1" 200 10577
179.19.63.213 - - [29/Oct/2023:17:45:15 -0500] "GET /portaldeninos/wp-content/uploads/2020/06/tw.jpg HTTP/1.1" 200 11056
179.19.63.213 - - [29/Oct/2023:17:45:15 -0500] "GET /portaldeninos/wp-content/themes/betheme/images/box_shadow.png HTTP/1.1" 200 108
179.19.63.213 - - [29/Oct/2023:17:45:16 -0500] "GET /portaldeninos/wp-content/themes/betheme/images/stripes/stripes_3_b.png HTTP/1.1" 200 974
179.19.63.213 - - [29/Oct/2023:17:45:16 -0500] "GET /portaldeninos/wp-json/pum/v1/analytics/?event=open&pid=1126&_cache=1698619462125 HTTP/1.1" 204 -
179.19.63.213 - - [29/Oct/2023:17:45:15 -0500] "GET /portaldeninos/wp-content/uploads/2022/08/Infograf%C3%ADa-humedales-actualizada.png HTTP/1.1" 200 588022
179.19.63.213 - - [29/Oct/2023:17:45:48 -0500] "GET /portaldeninos/wp-content/uploads/2023/08/Infografia-Web-Infantil.mp4 HTTP/1.1" 206 162021
179.19.63.213 - - [29/Oct/2023:17:45:15 -0500] "GET /portaldeninos/wp-content/uploads/2022/08/HUmedalConejera03-1.jpg HTTP/1.1" 200 12388495
52.167.144.232 - - [29/Oct/2023:17:46:25 -0500] "GET /bla/resoluciones/notificaciones/autos%202018/6285.pdf HTTP/1.1" 200 257159
179.19.63.213 - - [29/Oct/2023:17:46:27 -0500] "GET /portaldeninos/residuos HTTP/1.1" 301 -
179.19.63.213 - - [29/Oct/2023:17:45:48 -0500] "GET /portaldeninos/wp-content/uploads/2023/08/Infografia-Web-Infantil.mp4 HTTP/1.1" 206 5347552
179.19.63.213 - - [29/Oct/2023:17:45:48 -0500] "GET /portaldeninos/wp-content/uploads/2019/06/CabezoteAMBIENTIC.mp4 HTTP/1.1" 206 6239201
207.46.13.6 - - [29/Oct/2023:17:46:29 -0500] "GET /semana-bogota-reverdece-inventario-de-emisiones-de-gases-efecto-invernadero-2022-mostro-una-reduccion-de-19-8.html HTTP/1.1" 200 878
179.19.63.213 - - [29/Oct/2023:17:46:27 -0500] "GET /portaldeninos/residuos/ HTTP/1.1" 200 87443
179.19.63.213 - - [29/Oct/2023:17:46:29 -0500] "GET /portaldeninos/wp-content/uploads/2021/07/residuos-pagina-ni%C3%B1os.jpg HTTP/1.1" 200 316433
199.16.157.182 - - [29/Oct/2023:17:47:29 -0500] "GET /images/cr%C3%B3nica-29-nov-1_optimized.jpeg HTTP/1.1" 404 1034
172.22.2.4 - - [29/Oct/2023:17:48:09 -0500] "GET /BLA/boletinlegal/.aws/credentials HTTP/1.1" 404 1018
172.22.2.4 - - [29/Oct/2023:17:46:37 -0500] "HEAD /BLA/boletinlegal/ HTTP/1.1" 200 -
201.245.192.253 - - [29/Oct/2023:17:48:58 -0500] "POST /kwsrmcab/Wsrmcab  HTTP/1.1" 200 40654
172.22.2.4 - - [29/Oct/2023:17:47:28 -0500] "GET /BLA/boletinlegal/ HTTP/1.1" 200 59936
216.245.221.92 - - [29/Oct/2023:17:49:25 -0500] "HEAD / HTTP/1.1" 200 -
157.55.39.200 - - [29/Oct/2023:17:51:19 -0500] "GET /BLA/resoluciones/AUTOS%202023/2392.pdf HTTP/1.1" 200 475230
66.249.66.38 - - [29/Oct/2023:17:51:49 -0500] "GET /animales-silvestres-regresaron-a-la-libertad-en-el-norte-de-bogota.html HTTP/1.1" 304 -
40.77.167.52 - - [29/Oct/2023:17:52:19 -0500] "GET /BLA/resoluciones/AUTOS%202022/3158.pdf HTTP/1.1" 304 -
66.249.66.39 - - [29/Oct/2023:17:52:38 -0500] "GET /distrito-alcanza-ya-15-acuerdos-de-conservacion-por-174-02-hectareas-para-consolidar-varios-ecosistemas-estrategicos-de-bogota.html HTTP/1.1" 200 1061
201.245.192.253 - - [29/Oct/2023:17:53:57 -0500] "POST /kwsrmcab/Wsrmcab  HTTP/1.1" 200 40654
172.22.2.4 - - [29/Oct/2023:17:52:27 -0500] "HEAD /BLA/boletinlegal/ HTTP/1.1" 200 -
216.245.221.92 - - [29/Oct/2023:17:54:25 -0500] "HEAD / HTTP/1.1" 200 -
172.22.2.4 - - [29/Oct/2023:17:53:18 -0500] "GET /BLA/boletinlegal/ HTTP/1.1" 200 57957
162.55.167.166 - - [29/Oct/2023:17:55:05 -0500] "GET / HTTP/1.1" 200 4720
162.55.167.166 - - [29/Oct/2023:17:55:06 -0500] "GET / HTTP/1.1" 200 319
40.77.167.59 - - [29/Oct/2023:17:55:49 -0500] "GET /BLA/resoluciones/AUTOS%202023/2462.pdf HTTP/1.1" 200 342014
172.22.2.4 - - [29/Oct/2023:17:56:40 -0500] "GET /BLA/boletinlegal/ HTTP/1.1" 200 24523
52.167.144.222 - - [29/Oct/2023:17:58:38 -0500] "GET /semana-santa-dias-y-horarios-para-visitar-el-camino-guadalupe-aguanoso.html HTTP/1.1" 200 943
201.245.192.253 - - [29/Oct/2023:17:58:56 -0500] "POST /kwsrmcab/Wsrmcab  HTTP/1.1" 200 40654
216.245.221.92 - - [29/Oct/2023:17:59:25 -0500] "HEAD / HTTP/1.1" 200 -
172.22.2.4 - - [29/Oct/2023:17:58:17 -0500] "HEAD /BLA/boletinlegal/ HTTP/1.1" 200 -
172.22.2.4 - - [29/Oct/2023:17:59:08 -0500] "GET /BLA/boletinlegal/ HTTP/1.1" 200 52658
201.245.192.253 - - [29/Oct/2023:18:03:55 -0500] "POST /kwsrmcab/Wsrmcab  HTTP/1.1" 200 40654
216.245.221.92 - - [29/Oct/2023:18:04:25 -0500] "HEAD / HTTP/1.1" 200 -
66.249.66.19 - - [29/Oct/2023:18:04:29 -0500] "GET /BLA/resoluciones/RESOLUCIONES%202010/6249.pdf HTTP/1.1" 200 611472
172.22.2.4 - - [29/Oct/2023:18:04:07 -0500] "HEAD /BLA/boletinlegal/ HTTP/1.1" 200 -
172.22.2.4 - - [29/Oct/2023:18:04:58 -0500] "GET /BLA/boletinlegal/ HTTP/1.1" 200 60682
201.245.192.253 - - [29/Oct/2023:18:08:54 -0500] "POST /kwsrmcab/Wsrmcab  HTTP/1.1" 200 40654
54.188.51.80 - - [29/Oct/2023:18:09:05 -0500] "GET /galeria/galeria/fotos/GuaymaralTorca4G.jpg HTTP/1.1" 200 373786
181.53.14.188 - - [29/Oct/2023:18:09:05 -0500] "GET /BLA/resoluciones/AUTOS%202014/0025.pdf HTTP/1.1" 200 571517
18.237.111.49 - - [29/Oct/2023:18:09:06 -0500] "GET /galeria/galeria/fotos/GuaymaralTorca4G.jpg HTTP/1.1" 200 373786
216.245.221.92 - - [29/Oct/2023:18:09:25 -0500] "HEAD / HTTP/1.1" 200 -
181.53.14.188 - - [29/Oct/2023:18:09:37 -0500] "GET /BLA/resoluciones/ HTTP/1.1" 200 13696
181.53.14.188 - - [29/Oct/2023:18:09:34 -0500] "GET /BLA/resoluciones/index.php?dir=AUTOS+2014%2F HTTP/1.1" 200 217035
181.53.14.188 - - [29/Oct/2023:18:09:41 -0500] "GET /BLA/resoluciones/index.php?dir=AUTOS+2014%2F HTTP/1.1" 200 12235
181.53.14.188 - - [29/Oct/2023:18:09:41 -0500] "GET /BLA/resoluciones/index.php?dir=AUTOS+2014%2F HTTP/1.1" 200 890851
181.53.14.188 - - [29/Oct/2023:18:08:46 -0500] "GET /BLA/resoluciones/index.php?dir=AUTOS+2014%2F HTTP/1.1" 200 110539
52.167.144.136 - - [29/Oct/2023:18:10:05 -0500] "GET /BLA/resoluciones/AUTOS%202023/5125.pdf HTTP/1.1" 200 374722
157.55.39.60 - - [29/Oct/2023:18:10:12 -0500] "GET /BLA/resoluciones/AUTOS%202023/4748.pdf HTTP/1.1" 200 399985
40.77.167.68 - - [29/Oct/2023:18:11:05 -0500] "GET /BLA/resoluciones/AUTOS%202023/6450.pdf HTTP/1.1" 200 484937
172.22.2.4 - - [29/Oct/2023:18:09:57 -0500] "HEAD /BLA/boletinlegal/ HTTP/1.1" 200 -
172.22.2.4 - - [29/Oct/2023:18:10:48 -0500] "GET /BLA/boletinlegal/ HTTP/1.1" 200 58309
201.245.192.253 - - [29/Oct/2023:18:13:52 -0500] "POST /kwsrmcab/Wsrmcab  HTTP/1.1" 200 40654
216.245.221.92 - - [29/Oct/2023:18:14:25 -0500] "HEAD / HTTP/1.1" 200 -
172.22.2.4 - - [29/Oct/2023:18:15:47 -0500] "HEAD /BLA/boletinlegal/ HTTP/1.1" 200 -
201.245.192.253 - - [29/Oct/2023:18:17:43 -0500] "POST /kwsrmcab/Wsrmcab HTTP/1.1" 200 40757
201.245.192.253 - - [29/Oct/2023:18:17:46 -0500] "POST /kwsrmcab/Wsrmcab HTTP/1.1" 200 38893
172.22.2.4 - - [29/Oct/2023:18:16:38 -0500] "GET /BLA/boletinlegal/ HTTP/1.1" 200 60331
52.167.144.140 - - [29/Oct/2023:18:18:22 -0500] "GET /BLA/resoluciones/AUTOS%202023/2464.pdf HTTP/1.1" 200 321397
201.245.192.253 - - [29/Oct/2023:18:18:51 -0500] "POST /kwsrmcab/Wsrmcab  HTTP/1.1" 200 40654
216.245.221.92 - - [29/Oct/2023:18:19:25 -0500] "HEAD / HTTP/1.1" 200 -
201.245.192.253 - - [29/Oct/2023:18:20:51 -0500] "POST /kwsrmcab/Wsrmcab HTTP/1.1" 200 40757
201.245.192.253 - - [29/Oct/2023:18:20:54 -0500] "POST /kwsrmcab/Wsrmcab HTTP/1.1" 200 38893
52.167.144.140 - - [29/Oct/2023:18:22:23 -0500] "GET /BLA/resoluciones/AUTOS%202023/5179.pdf HTTP/1.1" 200 647412
172.22.2.4 - - [29/Oct/2023:18:21:37 -0500] "HEAD /BLA/boletinlegal/ HTTP/1.1" 200 -
201.245.192.253 - - [29/Oct/2023:18:23:50 -0500] "POST /kwsrmcab/Wsrmcab  HTTP/1.1" 200 40654
172.22.2.4 - - [29/Oct/2023:18:22:28 -0500] "GET /BLA/boletinlegal/ HTTP/1.1" 200 60682
216.245.221.92 - - [29/Oct/2023:18:24:25 -0500] "HEAD / HTTP/1.1" 200 -
52.167.144.216 - - [29/Oct/2023:18:26:06 -0500] "GET /BLA/resoluciones/AUTOS%202023/1331.pdf HTTP/1.1" 200 423808
201.245.192.253 - - [29/Oct/2023:18:27:43 -0500] "POST /kwsrmcab/Wsrmcab HTTP/1.1" 200 40757
201.245.192.253 - - [29/Oct/2023:18:27:45 -0500] "POST /kwsrmcab/Wsrmcab HTTP/1.1" 200 38893
69.63.184.117 - - [29/Oct/2023:18:28:01 -0500] "GET /cerca-de-20-actividades-al-abrigo-de-las-aves-no-te-pierdas-la-jornada-cultural-jardin-de-noche.html HTTP/1.1" 200 793
52.167.144.216 - - [29/Oct/2023:18:28:07 -0500] "GET /BLA/resoluciones/AUTOS%202023/5168.pdf HTTP/1.1" 200 503462
207.46.13.14 - - [29/Oct/2023:18:28:45 -0500] "GET /BLA/resoluciones/AUTOS%202023/4574.pdf HTTP/1.1" 200 778612
201.245.192.253 - - [29/Oct/2023:18:28:49 -0500] "POST /kwsrmcab/Wsrmcab  HTTP/1.1" 200 40654
172.22.2.4 - - [29/Oct/2023:18:27:27 -0500] "HEAD /BLA/boletinlegal/ HTTP/1.1" 200 -
216.245.221.92 - - [29/Oct/2023:18:29:25 -0500] "HEAD / HTTP/1.1" 200 -
172.22.2.4 - - [29/Oct/2023:18:28:18 -0500] "GET /BLA/boletinlegal/ HTTP/1.1" 200 60331
201.245.192.253 - - [29/Oct/2023:18:30:51 -0500] "POST /kwsrmcab/Wsrmcab HTTP/1.1" 200 40757
201.245.192.253 - - [29/Oct/2023:18:30:53 -0500] "POST /kwsrmcab/Wsrmcab HTTP/1.1" 200 38893
52.167.144.216 - - [29/Oct/2023:18:33:16 -0500] "GET /BLA/resoluciones/AUTOS%202021/5815.pdf HTTP/1.1" 304 -
201.245.192.253 - - [29/Oct/2023:18:33:48 -0500] "POST /kwsrmcab/Wsrmcab  HTTP/1.1" 200 40654
40.77.167.126 - - [29/Oct/2023:18:34:07 -0500] "GET /BLA/resoluciones/AUTOS%202023/4973.pdf HTTP/1.1" 200 331478
216.245.221.92 - - [29/Oct/2023:18:34:25 -0500] "HEAD / HTTP/1.1" 200 -
172.22.2.4 - - [29/Oct/2023:18:33:17 -0500] "HEAD /BLA/boletinlegal/ HTTP/1.1" 200 -
172.22.2.4 - - [29/Oct/2023:18:33:36 -0500] "GET /BLA/boletinlegal/ HTTP/1.1" 200 47519
172.22.2.4 - - [29/Oct/2023:18:34:08 -0500] "GET /BLA/boletinlegal/ HTTP/1.1" 200 50635
66.249.66.165 - - [29/Oct/2023:18:36:49 -0500] "GET /portaldeninos/aulas-ambientales/aula-ambiental-sorotama/ HTTP/1.1" 200 89596
172.22.2.4 - - [29/Oct/2023:18:37:31 -0500] "GET /BLA/boletinlegal/Circulares/2019/.pdf HTTP/1.1" 404 1218
172.22.2.4 - - [29/Oct/2023:18:37:36 -0500] "GET /BLA/boletinlegal/Circulares/023%09/CIRCULAR%20No.%2000011%20DEL%2023%20DE%20OCTUBRE%20DEL%202023%09.pdf HTTP/1.1" 403 1026
172.22.2.4 - - [29/Oct/2023:18:37:40 -0500] "GET /BLA/boletinlegal/Circulares/023%09/CIRCULAR%20No.%2000011%20DEL%2023%20DE%20OCTUBRE%20DEL%202023%09.pdf HTTP/1.1" 403 1026
172.22.2.4 - - [29/Oct/2023:18:37:43 -0500] "GET /BLA/boletinlegal/Circulares/023%09/CIRCULAR%20No.%2000011%20DEL%2023%20DE%20OCTUBRE%20DEL%202023%09.pdf HTTP/1.1" 403 1026
201.245.192.253 - - [29/Oct/2023:18:37:43 -0500] "POST /kwsrmcab/Wsrmcab HTTP/1.1" 200 40757
172.22.2.4 - - [29/Oct/2023:18:37:46 -0500] "GET /BLA/boletinlegal/Circulares/023%09/CIRCULAR%20No.%2000011%20DEL%2023%20DE%20OCTUBRE%20DEL%202023%09.pdf HTTP/1.1" 403 1026
201.245.192.253 - - [29/Oct/2023:18:37:45 -0500] "POST /kwsrmcab/Wsrmcab HTTP/1.1" 200 38893
172.22.2.4 - - [29/Oct/2023:18:37:49 -0500] "GET /BLA/boletinlegal/Circulares/023%09/CIRCULAR%20No.%2000011%20DEL%2023%20DE%20OCTUBRE%20DEL%202023%09.pdf HTTP/1.1" 403 1026
40.77.167.126 - - [29/Oct/2023:18:38:06 -0500] "GET /BLA/resoluciones/AUTOS%202023/6612.pdf HTTP/1.1" 200 484140
201.245.192.253 - - [29/Oct/2023:18:38:47 -0500] "POST /kwsrmcab/Wsrmcab  HTTP/1.1" 200 40654
52.167.144.161 - - [29/Oct/2023:18:38:51 -0500] "GET /BLA/resoluciones/Notificaciones/REGISTROS%202018/01831.pdf HTTP/1.1" 200 258020
216.245.221.92 - - [29/Oct/2023:18:39:25 -0500] "HEAD / HTTP/1.1" 200 -
52.167.144.161 - - [29/Oct/2023:18:40:33 -0500] "GET /BLA/resoluciones/AUTOS%202023/5976.pdf HTTP/1.1" 200 422526
172.22.2.4 - - [29/Oct/2023:18:39:07 -0500] "HEAD /BLA/boletinlegal/ HTTP/1.1" 200 -
201.245.192.253 - - [29/Oct/2023:18:40:51 -0500] "POST /kwsrmcab/Wsrmcab HTTP/1.1" 200 40757
201.245.192.253 - - [29/Oct/2023:18:40:54 -0500] "POST /kwsrmcab/Wsrmcab HTTP/1.1" 200 38893
185.80.32.80 - - [29/Oct/2023:18:41:11 -0500] "GET / HTTP/1.1" 200 319
172.22.2.4 - - [29/Oct/2023:18:39:58 -0500] "GET /BLA/boletinlegal/ HTTP/1.1" 200 57957
64.124.8.90 - - [29/Oct/2023:18:41:40 -0500] "GET /robots.txt HTTP/1.1" 404 1049
64.124.8.90 - - [29/Oct/2023:18:41:40 -0500] "GET /BLA/boletinlegal/actos.php HTTP/1.1" 200 9682
64.124.8.90 - - [29/Oct/2023:18:41:41 -0500] "GET /BLA/boletinlegal/images/green-yellow-blue-pink-th.png HTTP/1.1" 200 7394
64.124.8.90 - - [29/Oct/2023:18:41:41 -0500] "GET /BLA/boletinlegal/images/tel.png HTTP/1.1" 200 14477
64.124.8.90 - - [29/Oct/2023:18:41:42 -0500] "GET /BLA/boletinlegal/images/cabezote%20BLEGAL.jpg HTTP/1.1" 200 118164
64.124.8.90 - - [29/Oct/2023:18:41:42 -0500] "GET /BLA/boletinlegal/images/icono-email.png HTTP/1.1" 200 5544
64.124.8.90 - - [29/Oct/2023:18:41:42 -0500] "GET /BLA/boletinlegal/images/registro-usuarios.png HTTP/1.1" 200 8106
64.124.8.90 - - [29/Oct/2023:18:41:43 -0500] "GET /BLA/boletinlegal/images/historia.png HTTP/1.1" 200 52775
64.124.8.90 - - [29/Oct/2023:18:41:43 -0500] "GET /BLA/boletinlegal/images/subscribe-icon-big.png HTTP/1.1" 200 47702
172.22.2.4 - - [29/Oct/2023:18:42:35 -0500] "GET /BLA/boletinlegal/robots.txt HTTP/1.1" 404 1038
201.245.192.253 - - [29/Oct/2023:18:43:46 -0500] "POST /kwsrmcab/Wsrmcab  HTTP/1.1" 200 40654
172.22.2.4 - - [29/Oct/2023:18:42:37 -0500] "GET /BLA/boletinlegal/index.php HTTP/1.1" 200 62892
216.245.221.92 - - [29/Oct/2023:18:44:25 -0500] "HEAD / HTTP/1.1" 200 -
173.252.83.111 - - [29/Oct/2023:18:45:45 -0500] "GET /florecio-la-herrania-en-el-tropicario-distrital-una-planta-nativa-de-la-amazonia-colombiana.html HTTP/1.1" 200 935
52.167.144.161 - - [29/Oct/2023:18:45:45 -0500] "GET /BLA/resoluciones/AUTOS%202023/5384.pdf HTTP/1.1" 200 319824
157.55.39.54 - - [29/Oct/2023:18:46:29 -0500] "GET /BLA/resoluciones/AUTOS%202023/2447.pdf HTTP/1.1" 200 390807
172.22.2.4 - - [29/Oct/2023:18:44:57 -0500] "HEAD /BLA/boletinlegal/ HTTP/1.1" 200 -
172.22.2.4 - - [29/Oct/2023:18:45:48 -0500] "GET /BLA/boletinlegal/ HTTP/1.1" 200 58309
52.167.144.161 - - [29/Oct/2023:18:47:40 -0500] "GET /bla/resoluciones/notificaciones/autos%202017/03910.pdf HTTP/1.1" 200 1127811
201.245.192.253 - - [29/Oct/2023:18:48:44 -0500] "POST /kwsrmcab/Wsrmcab  HTTP/1.1" 200 40654
216.245.221.92 - - [29/Oct/2023:18:49:25 -0500] "HEAD / HTTP/1.1" 200 -
172.22.2.4 - - [29/Oct/2023:18:50:47 -0500] "HEAD /BLA/boletinlegal/ HTTP/1.1" 200 -
172.22.2.4 - - [29/Oct/2023:18:51:38 -0500] "GET /BLA/boletinlegal/ HTTP/1.1" 200 58309
201.245.192.253 - - [29/Oct/2023:18:53:43 -0500] "POST /kwsrmcab/Wsrmcab  HTTP/1.1" 200 40654
66.249.66.19 - - [29/Oct/2023:18:54:25 -0500] "GET /BLA/resoluciones/Notificaciones/RESOLUCIONES%202022/5144.pdf HTTP/1.1" 200 469912
216.245.221.92 - - [29/Oct/2023:18:54:25 -0500] "HEAD / HTTP/1.1" 200 -
66.249.66.20 - - [29/Oct/2023:18:54:34 -0500] "GET /BLA/resoluciones/Notificaciones/AUTOS%202023/2276.pdf HTTP/1.1" 304 -
40.77.167.13 - - [29/Oct/2023:18:55:03 -0500] "GET /portaldeninos/wp-content/uploads/2021/11/pieza-dia-medioambiente-bogota-5-junio-960x720.jpg HTTP/1.1" 200 129424
52.167.144.22 - - [29/Oct/2023:18:56:02 -0500] "GET /BLA/resoluciones/AUTOS%202023/5287.pdf HTTP/1.1" 200 438337
52.167.144.22 - - [29/Oct/2023:18:56:29 -0500] "GET /BLA/resoluciones/AUTOS%202023/3369.pdf HTTP/1.1" 200 1185893
52.167.144.4 - - [29/Oct/2023:18:58:03 -0500] "GET /BLA/resoluciones/AUTOS%202023/1435.pdf HTTP/1.1" 200 1633568
172.22.2.4 - - [29/Oct/2023:18:56:37 -0500] "HEAD /BLA/boletinlegal/ HTTP/1.1" 200 -
89.190.156.174 - - [29/Oct/2023:18:58:26 -0500] "GET /cgi/conf.bin HTTP/1.1" 404 1182
201.245.192.253 - - [29/Oct/2023:18:58:42 -0500] "POST /kwsrmcab/Wsrmcab  HTTP/1.1" 200 40654
52.167.144.22 - - [29/Oct/2023:18:58:58 -0500] "GET /BLA/resoluciones/AUTOS%202023/5981.pdf HTTP/1.1" 200 373098
172.22.2.4 - - [29/Oct/2023:18:57:28 -0500] "GET /BLA/boletinlegal/ HTTP/1.1" 200 60331
216.245.221.92 - - [29/Oct/2023:18:59:25 -0500] "HEAD / HTTP/1.1" 200 -
52.167.144.22 - - [29/Oct/2023:19:00:29 -0500] "GET /BLA/resoluciones/AUTOS%202023/3991.pdf HTTP/1.1" 200 437210
66.249.66.19 - - [29/Oct/2023:19:01:28 -0500] "GET /BLA/resoluciones/AUTOS%202011/5753.pdf HTTP/1.1" 200 201036
172.22.2.4 - - [29/Oct/2023:19:02:09 -0500] "GET /BLA/boletinlegal/robots.txt HTTP/1.1" 404 1037
172.22.2.4 - - [29/Oct/2023:19:02:10 -0500] "GET /BLA/boletinlegal/actos.php HTTP/1.1" 200 9682
172.22.2.4 - - [29/Oct/2023:19:02:13 -0500] "GET /BLA/boletinlegal/styles2.css HTTP/1.1" 200 1838
172.22.2.4 - - [29/Oct/2023:19:02:14 -0500] "GET /BLA/boletinlegal/js/jquery1.js HTTP/1.1" 200 29846
172.22.2.4 - - [29/Oct/2023:19:02:14 -0500] "GET /BLA/boletinlegal/niceforms.js HTTP/1.1" 200 22876
172.22.2.4 - - [29/Oct/2023:19:02:15 -0500] "GET /BLA/boletinlegal/style.css HTTP/1.1" 200 9406
172.22.2.4 - - [29/Oct/2023:19:02:15 -0500] "GET /BLA/boletinlegal/js/popup.js HTTP/1.1" 200 1270
172.22.2.4 - - [29/Oct/2023:19:02:16 -0500] "GET /BLA/boletinlegal/js/lib.js HTTP/1.1" 200 6474
172.22.2.4 - - [29/Oct/2023:19:02:16 -0500] "GET /BLA/boletinlegal/niceforms-default.css HTTP/1.1" 200 6694
172.22.2.4 - - [29/Oct/2023:19:02:16 -0500] "GET /BLA/boletinlegal/js/ajax_actos.js HTTP/1.1" 200 1322
205.210.31.3 - - [29/Oct/2023:19:02:39 -0500] "GET / HTTP/1.1" 200 4720
201.245.192.253 - - [29/Oct/2023:19:03:41 -0500] "POST /kwsrmcab/Wsrmcab  HTTP/1.1" 200 40654
172.22.2.4 - - [29/Oct/2023:19:02:27 -0500] "HEAD /BLA/boletinlegal/ HTTP/1.1" 200 -
216.245.221.92 - - [29/Oct/2023:19:04:25 -0500] "HEAD / HTTP/1.1" 200 -
172.22.2.4 - - [29/Oct/2023:19:03:18 -0500] "GET /BLA/boletinlegal/ HTTP/1.1" 200 58309
157.55.39.54 - - [29/Oct/2023:19:05:24 -0500] "GET /BLA/resoluciones/RESOLUCIONES%202020/1391.pdf HTTP/1.1" 304 -
40.77.167.61 - - [29/Oct/2023:19:06:29 -0500] "GET /BLA/resoluciones/AUTOS%202023/5116.pdf HTTP/1.1" 200 412568
40.88.21.235 - - [29/Oct/2023:19:06:37 -0500] "GET / HTTP/1.1" 200 319
40.88.21.235 - - [29/Oct/2023:19:06:37 -0500] "GET /favicon.ico HTTP/1.1" 200 7782
66.249.66.167 - - [29/Oct/2023:19:06:49 -0500] "GET /portaldeninos/relatos-urbanos-de-los-ecosistemas-bogotanos-2/ HTTP/1.1" 200 88374
172.22.2.4 - - [29/Oct/2023:19:05:29 -0500] "GET /BLA/boletinlegal/index.php HTTP/1.1" 200 62469
52.167.144.138 - - [29/Oct/2023:19:08:40 -0500] "GET /BLA/resoluciones/AUTOS%202023/4052.pdf HTTP/1.1" 200 2604908
201.245.192.253 - - [29/Oct/2023:19:08:40 -0500] "POST /kwsrmcab/Wsrmcab  HTTP/1.1" 200 40654
172.22.2.4 - - [29/Oct/2023:19:08:48 -0500] "GET /BLA/boletinlegal/jurisprudencia/analisis/analisis%20C-595-2010.doc HTTP/1.1" 200 39424
216.245.221.92 - - [29/Oct/2023:19:09:25 -0500] "HEAD / HTTP/1.1" 200 -
172.22.2.4 - - [29/Oct/2023:19:08:17 -0500] "HEAD /BLA/boletinlegal/ HTTP/1.1" 200 -
52.167.144.232 - - [29/Oct/2023:19:10:27 -0500] "GET /BLA/resoluciones/AUTOS%202023/4024.pdf HTTP/1.1" 200 1549912
172.22.2.4 - - [29/Oct/2023:19:09:08 -0500] "GET /BLA/boletinlegal/ HTTP/1.1" 200 58309
172.22.2.4 - - [29/Oct/2023:19:12:08 -0500] "GET /BLA/boletinlegal/Circulares/2023/CIRCULAR%20No.%2000006%20DEL%2013%20DE%20JULIO%20DEL%202023.pdf HTTP/1.1" 200 375301
66.249.66.21 - - [29/Oct/2023:19:12:53 -0500] "GET /BLA/resoluciones/RESOLUCIONES%202012/0415.pdf HTTP/1.1" 200 422093
66.249.66.19 - - [29/Oct/2023:19:12:59 -0500] "GET /BLA/resoluciones/RESOLUCIONES%202009/2018.pdf HTTP/1.1" 200 666487
201.245.192.253 - - [29/Oct/2023:19:13:39 -0500] "POST /kwsrmcab/Wsrmcab  HTTP/1.1" 200 40654
216.245.221.92 - - [29/Oct/2023:19:14:25 -0500] "HEAD / HTTP/1.1" 200 -
172.22.2.4 - - [29/Oct/2023:19:15:27 -0500] "GET /BLA/boletinlegal/Circulares/2023/CIRCULAR%20No.%2000001%20DEL%2020%20DE%20FEBRERO%20DEL%202023.pdf HTTP/1.1" 304 -
172.22.2.4 - - [29/Oct/2023:19:14:07 -0500] "HEAD /BLA/boletinlegal/ HTTP/1.1" 200 -
157.55.39.10 - - [29/Oct/2023:19:16:06 -0500] "GET /BLA/resoluciones/RESOLUCIONES%202023/0257.pdf HTTP/1.1" 200 1181211
172.22.2.4 - - [29/Oct/2023:19:14:58 -0500] "GET /BLA/boletinlegal/ HTTP/1.1" 200 60682
104.198.14.175 - - [29/Oct/2023:19:17:03 -0500] "GET / HTTP/1.1" 200 319
104.198.14.175 - - [29/Oct/2023:19:17:03 -0500] "GET /favicon.ico HTTP/1.1" 200 7782
161.18.120.139 - - [29/Oct/2023:19:17:41 -0500] "GET /isolucionsda/ HTTP/1.1" 302 168
161.18.120.139 - - [29/Oct/2023:19:17:41 -0500] "GET /Isolucionsda/PaginaLogin.aspx HTTP/1.1" 404 1120
161.18.120.139 - - [29/Oct/2023:19:17:42 -0500] "GET /favicon.ico HTTP/1.1" 200 7782
201.245.192.253 - - [29/Oct/2023:19:17:43 -0500] "POST /kwsrmcab/Wsrmcab HTTP/1.1" 200 40723
161.18.120.139 - - [29/Oct/2023:19:17:45 -0500] "GET /Isolucionsda/PaginaLogin.aspx HTTP/1.1" 404 1120
201.245.192.253 - - [29/Oct/2023:19:17:45 -0500] "POST /kwsrmcab/Wsrmcab HTTP/1.1" 200 38883
161.18.120.139 - - [29/Oct/2023:19:17:48 -0500] "GET /Isolucionsda/PaginaLogin.aspx HTTP/1.1" 404 1120
161.18.120.139 - - [29/Oct/2023:19:17:50 -0500] "GET /Isolucionsda/PaginaLogin.aspx HTTP/1.1" 404 1120
201.245.192.253 - - [29/Oct/2023:19:18:38 -0500] "POST /kwsrmcab/Wsrmcab  HTTP/1.1" 200 40654
216.245.221.92 - - [29/Oct/2023:19:19:25 -0500] "HEAD / HTTP/1.1" 200 -
201.245.192.253 - - [29/Oct/2023:19:20:50 -0500] "POST /kwsrmcab/Wsrmcab HTTP/1.1" 200 40723
201.245.192.253 - - [29/Oct/2023:19:20:53 -0500] "POST /kwsrmcab/Wsrmcab HTTP/1.1" 200 38883
172.22.2.4 - - [29/Oct/2023:19:19:57 -0500] "HEAD /BLA/boletinlegal/ HTTP/1.1" 200 -
172.22.2.4 - - [29/Oct/2023:19:20:48 -0500] "GET /BLA/boletinlegal/ HTTP/1.1" 200 57957
201.245.192.253 - - [29/Oct/2023:19:23:38 -0500] "POST /kwsrmcab/Wsrmcab  HTTP/1.1" 200 40654
66.249.66.167 - - [29/Oct/2023:19:23:53 -0500] "GET /portaldeninos/ HTTP/1.1" 200 110175
216.245.221.92 - - [29/Oct/2023:19:24:25 -0500] "HEAD / HTTP/1.1" 200 -
199.16.157.180 - - [29/Oct/2023:19:24:58 -0500] "GET /images/pl%C3%A1sticos%20foto%201..jpg HTTP/1.1" 404 1034
52.167.144.235 - - [29/Oct/2023:19:26:22 -0500] "GET /BLA/resoluciones/AUTOS%202023/3690.pdf HTTP/1.1" 200 425081
172.22.2.4 - - [29/Oct/2023:19:25:47 -0500] "HEAD /BLA/boletinlegal/ HTTP/1.1" 200 -
186.102.5.93 - - [29/Oct/2023:19:27:35 -0500] "GET /kwssiamovil/sm/ldap/au?x=U2FsdGVkX1/ReuEKVOJDwkaCsgbWY7DNX/udbmwyi2a7eWkENAkf04awTi3Cuffv&y=U2FsdGVkX1+frdAsnIpGqivmrBsa6loGYHnua7i/qw3CLq1OwFKiuY+VnSgB4Lpa HTTP/1.1" 200 31
186.102.5.93 - - [29/Oct/2023:19:27:37 -0500] "GET /kwssiamovil/sm/ldap/au?x=U2FsdGVkX18bGtzF0QvxlngfLdk6alXvJt16jBoL8pdC3/GyeOS50LWjGFSGzOf1&y=U2FsdGVkX1/rtkq0d5ce7qI5fzr3EqoAmm+YuN8hHCKrvuE9cWrqfg8vVGjGv60m HTTP/1.1" 200 31
186.102.5.93 - - [29/Oct/2023:19:27:42 -0500] "GET /kwssiamovil/sm/ldap/au?x=U2FsdGVkX1/zfr1fqzUfzPvclASomFa4y3XR2jODFprIT683g+bzPW/FE/hRseqq&y=U2FsdGVkX18k7u+oFXTvJNrfvSeY8c1MRZ6jlOsM5m/uInx3m8nUIjHKJF9Cd38c HTTP/1.1" 200 30
186.102.5.93 - - [29/Oct/2023:19:27:42 -0500] "GET /kwssiamovil/sm/acme/s?s=U2FsdGVkX19D1q8ZCLSMiSUs83zzTUHM9VKZIC3Zr3f9YSTzhAhMBQNwP3bklTmA4s38/mKHo5Wkvie6sebLi8OK4FJl1DUKR/Ps9LnzLxc=&u=U2FsdGVkX18yj8PQ6/kZHdIesYZWZkOhJun8uBobmdOGlhnaA08qVieZPcAMvRS+&y=U2FsdGVkX18k7u+oFXTvJNrfvSeY8c1MRZ6jlOsM5m/uInx3m8nUIjHKJF9Cd38c HTTP/1.1" 200 97
186.102.5.93 - - [29/Oct/2023:19:27:42 -0500] "GET /kwssiamovil/sm/acme/s?s=U2FsdGVkX19l6wWYe33UIVoqKv0ACwenooZNHq0MdtVcW7riKngbnJGU5rfTSYOyo6O+tRJp4qPRS9Q09EMTy2CNEM0bsxgg5oQ8cUj0kwDL7FuMTzcYJqpR4c/hPoH4K6zoUFV5MvIZa6IEsijC/Cn4NjtGAok9Vfksec0uo1/sMhnm/jwe+cPIIwcG/FdNgSQCubvmz+0cZGsYu9A0ecI2mxzenP+5OlPeRiJLziVSh4WLvUXrN/niGIVMBlD2gm2fxN61LaVWCDPpdmOVMpBuJTyatJqf9wsIN65OS7fkhV9ek/uqyUxovGRWW+ZkLG+q42ahTyUWOOkWnNpFcuA3tm9wDZ5v7acvFbXFf0llYHMbc4HpVqWK8wEm7Q2OGiHotT0yyCAhch4UE5XRBE/8Gz0d8xfq50v5HnWBwY3r7BHj3QZHHng8WxIxljzMuH0HCXuof0IGKZiaUafclhnwkhcwJZofUzHkeUf/quxVUp9QWdRxz5i2RuyMYah68+evV41NxHd1eRCCq3hrt4WaQ9U+FG4CbwNIrh/nHUvF0savSTtv8exAKVzV77NgpbhJr+nHYuw/STz2D9M1DbQozwnMpkjgle4wnC0vmqbJRiOjJ6EOn6VVVOwy1pL8dWoaK78ujojlqYeaQFjUv15peBr4GH5TRSMjZhZ2PV6hOV0UCvtr6lIYWde+pzJzyMwKan2oN2NxUEwDrxlV/gPy+cp39NjaBaIcDZ19AzUHMFbeAgJ0Y1bcVLZ6zR25/9+l68ITRQODZw7xqumczpULSdh2vaXYSdU+hCTKdPcRNDLeadWu0ZDXAAtwH4D8YiILJpFUHUcTO6q1VBTnwk4E6QZVDYWw7GuofwdGCeB+uEjURiSZF6321Az/tikjCHbcyGyPGsrjgi+lex0Y80glyAnV+qkBCjRjpyvx7s/0FurDlyU2+dtsv2R/bqFBJ1UBwCXi7PGVgnybbcBd8zR1w1VQ0lPI1GpDZsyvlpWOitlhGxVqWsYq7Ly2ZiE2W0XO2b+cwtOsMs0D42sOg75tYxBn6UDXDrH/9ksBoOAAZ8FFOb6GWNWRSGq75Csy+F+d3aC/izCQ5qqEcMdrx7f2YqwsUeDh52c5vDJOg2sW8WSKjMExex1JDJm8eSZF5Xbj29NSMhVtWe0Ejnb3oKuZ0RLhCUOJciABqAKSNNuNJ9Y5IQhdahWhS0q7iEvK/NYGNc6ALIrEO6kAveoBYj/wWRCRb6shbp/DUB4SZy00tpprrwfeYhCRb9s+wkuwAWljJKMwSsO2z3EF5VRwnZby678bqAlTLSRs/f7WcK30aHte41n+sBsbQuy83I/HS9DCdGwWE4pN47kRNJX0zRPnaAbHSFvjrXkAdJutwY4r8JHCs8e5KdCyAFutc3wHA0/E7IHc6Knrzz6ATMWHyYMxJPrd5RLPrIBXD7FY8U5HT0Ff5oWXNjR6AIggLggW6wNlGdgqbGf2QbAK+Js8N/JMHVPqx879DvOkeRJzHqQuL3XiXPtKo6oeX//9Mmk8RebbZAHWxcCXKsPt7w1I5gBItJujSi81exKmDbHDkYeOkXZpSFk8tIdr3daQ/VIpPMv0bmc4TaKo2MjBxjaVx+DOJ5hqZhcXt8amkB24ht42dEr0OJVzixnMXNRkP5Hy2oJDwU6c36vlzpmNFl6SAQrf/41ouWRGn7qEJUu37Yr4gSRDRK/+USvTnwTXI2gchRyUHIUwaoK8d6vMjGu/0maKGqxeT2GBbj3U1Doxf2EmFP7jfsOl92ZPrlHYZUSu&u=U2FsdGVkX18yj8PQ6/kZHdIesYZWZkOhJun8uBobmdOGlhnaA08qVieZPcAMvRS+&y=U2FsdGVkX18k7u+oFXTvJNrfvSeY8c1MRZ6jlOsM5m/uInx3m8nUIjHKJF9Cd38c HTTP/1.1" 200 674
186.102.5.93 - - [29/Oct/2023:19:27:42 -0500] "GET /kwssiamovil/sm/acme/s?s=U2FsdGVkX19GYLzZtZyH6mA2yh7IyAY/hUAV9nnL2LF7RYsV0QWjHMWZr0NioTTBq+dNA47jEl92XH6Lxk7f0TqziGe5WPb4sVc21EkTyhjL8j2JSsGH68z2pS29dYBcyErnflJnZ3dAD7Yq/LugiE+H1teW7tc2sFDiMYpiJmGqzcuiDXZ6uq2/0Qv1C7YJHFwjWSV+zbsUwnW00AlaNtHR06SG5NMox8Rjgmm2mcb8orvpASxy7xHTRz5sq4V0pt+qfR8jnEx4EtbYU3DcYZqAGfcIWMbujiyxCBxW6xLXc3DGM93ulSR4DKOy89kRfrzLX0GKZZlLXWC5K800DKWfkY8caMme8ErMl6nBNZIjtWOkIAgSNGREBeoCLzlVM+/sgErE40h2tdVQf8OWOEwDr46hZwKwxvbZfFj7H5YAVp/C32SK2N/ALQUlPDY5YgO387hmYbzJ89833jm7RHs1+AHKtqVaQzgr5uPu8nhelAo40S+xoG7M2Ls/WfxdDFsmIf7OgJN5I0n8ODt4jbnFYCfmUI5ghtr8kTV0dX8jx2OLhzJQcdg0AmVY+P9JY3ueZYBo4h50/moa7XwMPByrYs5u+iyK2e5zDRBLGJRZP8Iqm/dgIoS4Jr0gb7ULDMVi+pZgHqlAGns1cHkn03LHNlKOnDtxOj63J3v944YToFxZA3lVRNDLkfpstXKnNflmF9RQeWK1FBhAcvwdtKrB8Ev1UslkusDwbE2kyb2XJxBEUwgecEpJTxojhMk/&u=U2FsdGVkX18yj8PQ6/kZHdIesYZWZkOhJun8uBobmdOGlhnaA08qVieZPcAMvRS+&y=U2FsdGVkX18k7u+oFXTvJNrfvSeY8c1MRZ6jlOsM5m/uInx3m8nUIjHKJF9Cd38c HTTP/1.1" 200 208
186.102.5.93 - - [29/Oct/2023:19:27:43 -0500] "GET /kwssiamovil/sm/cjson/pre?f=1&x=U2FsdGVkX1/zfr1fqzUfzPvclASomFa4y3XR2jODFprIT683g+bzPW/FE/hRseqq HTTP/1.1" 200 31032
201.245.192.253 - - [29/Oct/2023:19:27:42 -0500] "POST /kwsrmcab/Wsrmcab HTTP/1.1" 200 40723
201.245.192.253 - - [29/Oct/2023:19:27:45 -0500] "POST /kwsrmcab/Wsrmcab HTTP/1.1" 200 38883
172.22.2.4 - - [29/Oct/2023:19:26:38 -0500] "GET /BLA/boletinlegal/ HTTP/1.1" 200 58309
201.245.192.253 - - [29/Oct/2023:19:28:37 -0500] "POST /kwsrmcab/Wsrmcab  HTTP/1.1" 200 40654
216.245.221.92 - - [29/Oct/2023:19:29:25 -0500] "HEAD / HTTP/1.1" 200 -
201.245.192.253 - - [29/Oct/2023:19:30:51 -0500] "POST /kwsrmcab/Wsrmcab HTTP/1.1" 200 40723
201.245.192.253 - - [29/Oct/2023:19:30:54 -0500] "POST /kwsrmcab/Wsrmcab HTTP/1.1" 200 38883
40.77.167.63 - - [29/Oct/2023:19:31:22 -0500] "GET /BLA/resoluciones/AUTOS%202023/4963.pdf HTTP/1.1" 200 1245162
66.249.66.20 - - [29/Oct/2023:19:31:58 -0500] "GET /BLA/resoluciones/RESOLUCIONES%202009/1896.pdf HTTP/1.1" 200 728277
172.22.2.4 - - [29/Oct/2023:19:31:37 -0500] "HEAD /BLA/boletinlegal/ HTTP/1.1" 200 -
201.245.192.253 - - [29/Oct/2023:19:33:35 -0500] "POST /kwsrmcab/Wsrmcab  HTTP/1.1" 200 40654
172.22.2.4 - - [29/Oct/2023:19:32:28 -0500] "GET /BLA/boletinlegal/ HTTP/1.1" 200 60331
157.55.39.48 - - [29/Oct/2023:19:34:17 -0500] "GET /BLA/resoluciones/AUTOS%202023/5078.pdf HTTP/1.1" 200 418422
216.245.221.92 - - [29/Oct/2023:19:34:25 -0500] "HEAD / HTTP/1.1" 200 -
66.249.66.20 - - [29/Oct/2023:19:35:44 -0500] "GET /BLA/resoluciones/AUTOS%202009/1789.pdf HTTP/1.1" 200 99374
66.249.66.165 - - [29/Oct/2023:19:36:49 -0500] "GET /portaldeninos/los-arboles/ HTTP/1.1" 200 87546
172.22.2.4 - - [29/Oct/2023:19:35:16 -0500] "GET /BLA/boletinlegal/ HTTP/1.1" 200 62892
201.245.192.253 - - [29/Oct/2023:19:37:42 -0500] "POST /kwsrmcab/Wsrmcab HTTP/1.1" 200 40723
201.245.192.253 - - [29/Oct/2023:19:37:45 -0500] "POST /kwsrmcab/Wsrmcab HTTP/1.1" 200 38883
201.245.192.253 - - [29/Oct/2023:19:38:34 -0500] "POST /kwsrmcab/Wsrmcab  HTTP/1.1" 200 40654
172.22.2.4 - - [29/Oct/2023:19:37:27 -0500] "HEAD /BLA/boletinlegal/ HTTP/1.1" 200 -
172.22.2.4 - - [29/Oct/2023:19:39:22 -0500] "GET /BLA/boletinlegal/Circulares/2019/.pdf HTTP/1.1" 404 1218
216.245.221.92 - - [29/Oct/2023:19:39:25 -0500] "HEAD / HTTP/1.1" 200 -
172.22.2.4 - - [29/Oct/2023:19:39:32 -0500] "GET /BLA/boletinlegal/Circulares/2012/Circular%20No.%2010%20del%2026%20de%20Enero%20de%202012.pdf HTTP/1.1" 404 1218
172.22.2.4 - - [29/Oct/2023:19:39:34 -0500] "GET /BLA/boletinlegal/Circulares/023%09/CIRCULAR%20No.%2000011%20DEL%2023%20DE%20OCTUBRE%20DEL%202023%09.pdf HTTP/1.1" 403 1026
172.22.2.4 - - [29/Oct/2023:19:39:39 -0500] "GET /BLA/boletinlegal/Circulares/023%09/CIRCULAR%20No.%2000011%20DEL%2023%20DE%20OCTUBRE%20DEL%202023%09.pdf HTTP/1.1" 403 1026
172.22.2.4 - - [29/Oct/2023:19:39:43 -0500] "GET /BLA/boletinlegal/Circulares/023%09/CIRCULAR%20No.%2000011%20DEL%2023%20DE%20OCTUBRE%20DEL%202023%09.pdf HTTP/1.1" 403 1026
172.22.2.4 - - [29/Oct/2023:19:39:47 -0500] "GET /BLA/boletinlegal/Circulares/023%09/CIRCULAR%20No.%2000011%20DEL%2023%20DE%20OCTUBRE%20DEL%202023%09.pdf HTTP/1.1" 403 1026
172.22.2.4 - - [29/Oct/2023:19:39:49 -0500] "GET /BLA/boletinlegal/Circulares/023%09/CIRCULAR%20No.%2000011%20DEL%2023%20DE%20OCTUBRE%20DEL%202023%09.pdf HTTP/1.1" 403 1026
