181.53.13.125 - - [30/Oct/2023:06:17:45 -0500] "GET /sipse/faces/javax.faces.resource/theme.css?ln=primefaces-sipse HTTP/1.1" 304 -
181.53.13.125 - - [30/Oct/2023:06:17:45 -0500] "GET /sipse/faces/javax.faces.resource/primefaces.css?ln=primefaces&v=4.0 HTTP/1.1" 304 -
181.53.13.125 - - [30/Oct/2023:06:17:45 -0500] "GET /sipse/faces/javax.faces.resource/layout/layout.css?ln=primefaces&v=4.0 HTTP/1.1" 304 -
181.53.13.125 - - [30/Oct/2023:06:17:45 -0500] "GET /sipse/faces/javax.faces.resource/fileupload/fileupload.css?ln=primefaces&v=4.0 HTTP/1.1" 304 -
181.53.13.125 - - [30/Oct/2023:06:17:45 -0500] "GET /sipse/faces/javax.faces.resource/jquery/jquery-plugins.js?ln=primefaces&v=4.0 HTTP/1.1" 304 -
181.53.13.125 - - [30/Oct/2023:06:17:45 -0500] "GET /sipse/faces/javax.faces.resource/primefaces.js?ln=primefaces&v=4.0 HTTP/1.1" 304 -
181.53.13.125 - - [30/Oct/2023:06:17:45 -0500] "GET /sipse/faces/javax.faces.resource/jquery/jquery.js?ln=primefaces&v=4.0 HTTP/1.1" 304 -
181.53.13.125 - - [30/Oct/2023:06:17:45 -0500] "GET /sipse/faces/javax.faces.resource/layout/layout.js?ln=primefaces&v=4.0 HTTP/1.1" 304 -
181.53.13.125 - - [30/Oct/2023:06:17:45 -0500] "GET /sipse/faces/javax.faces.resource/fileupload/fileupload.js?ln=primefaces&v=4.0 HTTP/1.1" 304 -
201.245.192.253 - - [30/Oct/2023:06:17:44 -0500] "POST /kwsrmcab/Wsrmcab HTTP/1.1" 200 38642
181.53.13.125 - - [30/Oct/2023:06:17:53 -0500] "GET /sipse/faces/javax.faces.resource/primefaces.css?ln=primefaces&v=4.0 HTTP/1.1" 304 -
181.53.13.125 - - [30/Oct/2023:06:17:53 -0500] "GET /sipse/faces/javax.faces.resource/theme.css?ln=primefaces-sipse HTTP/1.1" 304 -
181.53.13.125 - - [30/Oct/2023:06:17:53 -0500] "GET /sipse/faces/javax.faces.resource/jquery/jquery.js?ln=primefaces&v=4.0 HTTP/1.1" 304 -
181.53.13.125 - - [30/Oct/2023:06:17:53 -0500] "GET /sipse/faces/javax.faces.resource/layout/layout.css?ln=primefaces&v=4.0 HTTP/1.1" 304 -
181.53.13.125 - - [30/Oct/2023:06:17:53 -0500] "GET /sipse/faces/javax.faces.resource/jquery/jquery-plugins.js?ln=primefaces&v=4.0 HTTP/1.1" 304 -
181.53.13.125 - - [30/Oct/2023:06:17:53 -0500] "GET /sipse/faces/javax.faces.resource/primefaces.js?ln=primefaces&v=4.0 HTTP/1.1" 304 -
181.53.13.125 - - [30/Oct/2023:06:17:53 -0500] "GET /sipse/faces/javax.faces.resource/layout/layout.js?ln=primefaces&v=4.0 HTTP/1.1" 304 -
181.53.13.125 - - [30/Oct/2023:06:17:52 -0500] "POST /sipse/faces/presentacion/sistema/anexos/cargarAnexoSolicitudProceso.xhtml HTTP/1.1" 200 167623
181.53.13.125 - - [30/Oct/2023:06:17:54 -0500] "GET /sipse/faces/javax.faces.resource/dynamiccontent.properties?ln=primefaces&pfdrid=XjOR5%2F%2FfPAZAuY9TpWQeCiM0BhlXxYRBGKi%2FQcXXfeA%3D&pfdrid_c=false HTTP/1.1" 500 383
66.249.66.165 - - [30/Oct/2023:06:17:53 -0500] "GET /portaldeninos/2021/06/29/jasbleady-castaneda-una-mujer-que-le-pone-el-alma-a-la-proteccion-de-las-tinguas-azules/ HTTP/1.1" 200 108388
181.53.13.125 - - [30/Oct/2023:06:18:44 -0500] "POST /sipse/faces/presentacion/financiero/solicitudProceso/consultarSolicitudProceso.xhtml HTTP/1.1" 200 41923
181.53.13.125 - - [30/Oct/2023:06:18:49 -0500] "GET /sipse/faces/javax.faces.resource/theme.css?ln=primefaces-sipse HTTP/1.1" 304 -
181.53.13.125 - - [30/Oct/2023:06:18:49 -0500] "GET /sipse/faces/javax.faces.resource/primefaces.css?ln=primefaces&v=4.0 HTTP/1.1" 304 -
181.53.13.125 - - [30/Oct/2023:06:18:49 -0500] "GET /sipse/faces/javax.faces.resource/layout/layout.css?ln=primefaces&v=4.0 HTTP/1.1" 304 -
181.53.13.125 - - [30/Oct/2023:06:18:52 -0500] "GET /sipse/faces/javax.faces.resource/jquery/jquery.js?ln=primefaces&v=4.0 HTTP/1.1" 304 -
181.53.13.125 - - [30/Oct/2023:06:18:52 -0500] "GET /sipse/faces/javax.faces.resource/jquery/jquery-plugins.js?ln=primefaces&v=4.0 HTTP/1.1" 304 -
181.53.13.125 - - [30/Oct/2023:06:18:53 -0500] "GET /sipse/faces/javax.faces.resource/primefaces.js?ln=primefaces&v=4.0 HTTP/1.1" 304 -
181.53.13.125 - - [30/Oct/2023:06:18:53 -0500] "GET /sipse/faces/javax.faces.resource/layout/layout.js?ln=primefaces&v=4.0 HTTP/1.1" 304 -
181.53.13.125 - - [30/Oct/2023:06:18:53 -0500] "POST /sipse/faces/presentacion/financiero/solicitudProceso/listarSolicitudProceso.xhtml HTTP/1.1" 200 1420
186.155.12.173 - - [30/Oct/2023:06:19:11 -0500] "GET /BLA/resoluciones/index.php?dir=AUTOS+2009%2F HTTP/1.1" 200 399860
186.155.12.173 - - [30/Oct/2023:06:19:20 -0500] "GET /BLA/resoluciones/index.php?dir=AUTOS+2011%2F HTTP/1.1" 200 636751
181.53.13.125 - - [30/Oct/2023:06:19:20 -0500] "POST /sipse/faces/presentacion/financiero/solicitudProceso/listarSolicitudProceso.xhtml HTTP/1.1" 200 44733
181.53.13.125 - - [30/Oct/2023:06:19:22 -0500] "POST /sipse/faces/presentacion/financiero/solicitudProceso/listarSolicitudProceso.xhtml HTTP/1.1" 200 45332
216.245.221.92 - - [30/Oct/2023:06:19:23 -0500] "HEAD / HTTP/1.1" 200 -
181.53.13.125 - - [30/Oct/2023:06:19:24 -0500] "POST /sipse/faces/presentacion/financiero/solicitudProceso/listarSolicitudProceso.xhtml HTTP/1.1" 200 17943
181.53.13.125 - - [30/Oct/2023:06:19:25 -0500] "POST /sipse/faces/presentacion/financiero/solicitudProceso/listarSolicitudProceso.xhtml HTTP/1.1" 200 17915
186.155.12.173 - - [30/Oct/2023:06:19:37 -0500] "GET /BLA/resoluciones/AUTOS%202011/5858.pdf HTTP/1.1" 200 649157
186.155.12.173 - - [30/Oct/2023:06:20:13 -0500] "GET /BLA/resoluciones/index.php?dir=AUTOS+2010%2F HTTP/1.1" 200 280537
180.149.125.165 - - [30/Oct/2023:06:20:20 -0500] "GET / HTTP/1.1" 200 319
186.155.12.173 - - [30/Oct/2023:06:20:20 -0500] "GET /BLA/resoluciones/index.php?dir=RESOLUCIONES+2011%2F HTTP/1.1" 200 747162
186.155.12.173 - - [30/Oct/2023:06:20:23 -0500] "GET /BLA/resoluciones/RESOLUCIONES%202011/5858.pdf HTTP/1.1" 200 422185
52.167.144.210 - - [30/Oct/2023:06:20:30 -0500] "GET /BLA/resoluciones/AUTOS%202023/5149.pdf HTTP/1.1" 200 431781
172.22.2.4 - - [30/Oct/2023:06:19:08 -0500] "HEAD /BLA/boletinlegal/ HTTP/1.1" 200 -
201.245.192.253 - - [30/Oct/2023:06:20:49 -0500] "POST /kwsrmcab/Wsrmcab HTTP/1.1" 200 40175
201.245.192.253 - - [30/Oct/2023:06:20:52 -0500] "POST /kwsrmcab/Wsrmcab HTTP/1.1" 200 38642
201.245.192.253 - - [30/Oct/2023:06:21:14 -0500] "POST /kwsrmcab/Wsrmcab  HTTP/1.1" 200 40654
172.22.2.4 - - [30/Oct/2023:06:19:58 -0500] "GET /BLA/boletinlegal/ HTTP/1.1" 200 57957
172.22.2.4 - - [30/Oct/2023:06:22:16 -0500] "GET /BLA/boletinlegal/robots.txt HTTP/1.1" 404 1038
172.22.2.4 - - [30/Oct/2023:06:21:12 -0500] "GET /BLA/boletinlegal/index.php HTTP/1.1" 200 53050
52.167.144.16 - - [30/Oct/2023:06:23:20 -0500] "GET /BLA/resoluciones/RESOLUCIONES%202022/0564.pdf HTTP/1.1" 200 433812
66.249.66.20 - - [30/Oct/2023:06:23:24 -0500] "GET /Publicaciones/2022EE118275.pdf HTTP/1.1" 404 228
172.22.2.4 - - [30/Oct/2023:06:22:17 -0500] "GET /BLA/boletinlegal/ HTTP/1.1" 200 55500
186.155.12.173 - - [30/Oct/2023:06:23:59 -0500] "GET /BLA/resoluciones/RESOLUCIONES%202011/5205.pdf HTTP/1.1" 200 554630
52.167.144.16 - - [30/Oct/2023:06:24:19 -0500] "GET /BLA/resoluciones/AUTOS%202023/1461.pdf HTTP/1.1" 200 4929280
216.245.221.92 - - [30/Oct/2023:06:24:23 -0500] "HEAD / HTTP/1.1" 200 -
201.245.192.253 - - [30/Oct/2023:06:26:13 -0500] "POST /kwsrmcab/Wsrmcab  HTTP/1.1" 200 40654
172.22.2.4 - - [30/Oct/2023:06:24:58 -0500] "HEAD /BLA/boletinlegal/ HTTP/1.1" 200 -
172.22.2.4 - - [30/Oct/2023:06:26:59 -0500] "GET /BLA/boletinlegal/jurisprudencia/analisis/G__Jurisp.%20Junio%202014_ANALISIS%20JURISPRUDENCIA%20C-634-12%20DECOMISO.docx HTTP/1.1" 200 27045
172.22.2.4 - - [30/Oct/2023:06:25:48 -0500] "GET /BLA/boletinlegal/ HTTP/1.1" 200 57957
201.245.192.253 - - [30/Oct/2023:06:27:41 -0500] "POST /kwsrmcab/Wsrmcab HTTP/1.1" 200 40175
201.245.192.253 - - [30/Oct/2023:06:27:44 -0500] "POST /kwsrmcab/Wsrmcab HTTP/1.1" 200 38642
216.245.221.92 - - [30/Oct/2023:06:29:23 -0500] "HEAD / HTTP/1.1" 200 -
172.22.2.4 - - [30/Oct/2023:06:28:05 -0500] "GET /BLA/boletinlegal/ HTTP/1.1" 200 62469
172.22.2.4 - - [30/Oct/2023:06:29:45 -0500] "GET /BLA/boletinlegal/jurisprudencia/analisis/ANALISIST-046-99.docx HTTP/1.1" 304 -
172.22.2.4 - - [30/Oct/2023:06:30:12 -0500] "GET /BLA/boletinlegal/images/arr_l.jpg HTTP/1.1" 200 1979
172.22.2.4 - - [30/Oct/2023:06:30:13 -0500] "GET /BLA/boletinlegal/images/pdf.gif HTTP/1.1" 200 567
52.167.144.16 - - [30/Oct/2023:06:30:21 -0500] "GET /BLA/resoluciones/AUTOS%202018/6840.pdf HTTP/1.1" 200 251540
172.22.2.4 - - [30/Oct/2023:06:30:22 -0500] "GET /BLA/boletinlegal/images/arr_r.jpg HTTP/1.1" 200 1998
172.22.2.4 - - [30/Oct/2023:06:30:30 -0500] "GET /BLA/boletinlegal/images/launch.jpg HTTP/1.1" 200 14577
172.22.2.4 - - [30/Oct/2023:06:30:37 -0500] "GET /BLA/boletinlegal/favicon.ico HTTP/1.1" 404 1038
172.22.2.4 - - [30/Oct/2023:06:30:43 -0500] "GET /BLA/boletinlegal/images/screen_2.png HTTP/1.1" 200 362502
172.22.2.4 - - [30/Oct/2023:06:30:49 -0500] "GET /BLA/boletinlegal/images/screen_1.png HTTP/1.1" 200 202547
201.245.192.253 - - [30/Oct/2023:06:30:49 -0500] "POST /kwsrmcab/Wsrmcab HTTP/1.1" 200 40175
172.22.2.4 - - [30/Oct/2023:06:30:53 -0500] "GET /BLA/boletinlegal/images/screen_5.png HTTP/1.1" 200 368876
201.245.192.253 - - [30/Oct/2023:06:30:52 -0500] "POST /kwsrmcab/Wsrmcab HTTP/1.1" 200 38642
172.22.2.4 - - [30/Oct/2023:06:30:57 -0500] "GET /BLA/boletinlegal/images/screen_3.png HTTP/1.1" 200 210620
172.22.2.4 - - [30/Oct/2023:06:31:00 -0500] "GET /BLA/boletinlegal/images/cabezote%20BLEGAL.jpg HTTP/1.1" 200 118164
201.245.192.253 - - [30/Oct/2023:06:31:12 -0500] "POST /kwsrmcab/Wsrmcab  HTTP/1.1" 200 40654
52.167.144.16 - - [30/Oct/2023:06:31:41 -0500] "GET /BLA/resoluciones/AUTOS%202023/5080.pdf HTTP/1.1" 200 396315
186.155.12.173 - - [30/Oct/2023:06:31:52 -0500] "GET /BLA/resoluciones/index.php?dir=AUTOS+2011%2F HTTP/1.1" 200 636751
172.22.2.4 - - [30/Oct/2023:06:30:48 -0500] "HEAD /BLA/boletinlegal/ HTTP/1.1" 200 -
172.22.2.4 - - [30/Oct/2023:06:31:38 -0500] "GET /BLA/boletinlegal/ HTTP/1.1" 200 58309
186.155.12.173 - - [30/Oct/2023:06:33:50 -0500] "GET /BLA/resoluciones/index.php?dir=RESOLUCIONES+2011%2F HTTP/1.1" 200 747162
186.155.12.173 - - [30/Oct/2023:06:33:52 -0500] "GET /BLA/resoluciones/RESOLUCIONES%202011/5834.pdf HTTP/1.1" 200 423065
216.245.221.92 - - [30/Oct/2023:06:34:23 -0500] "HEAD / HTTP/1.1" 200 -
51.222.253.3 - - [30/Oct/2023:06:35:50 -0500] "GET /semana-bogota-reverdece-con-exito-finaliza-el-primer-dia-de-la-convencion-internacional-de-emergencia-climatica.html HTTP/1.1" 200 898
201.245.192.253 - - [30/Oct/2023:06:36:11 -0500] "POST /kwsrmcab/Wsrmcab  HTTP/1.1" 200 40654
201.245.192.253 - - [30/Oct/2023:06:37:41 -0500] "POST /kwsrmcab/Wsrmcab HTTP/1.1" 200 40175
201.245.192.253 - - [30/Oct/2023:06:37:43 -0500] "POST /kwsrmcab/Wsrmcab HTTP/1.1" 200 38642
172.22.2.4 - - [30/Oct/2023:06:36:37 -0500] "HEAD /BLA/boletinlegal/ HTTP/1.1" 200 -
172.203.82.75 - - [30/Oct/2023:06:38:21 -0500] "\x16\x03\x01" 400 226
172.203.82.75 - - [30/Oct/2023:06:38:22 -0500] "\x16\x03\x01" 400 226
172.203.82.75 - - [30/Oct/2023:06:38:23 -0500] "GET / HTTP/1.1" 200 319
40.77.167.59 - - [30/Oct/2023:06:38:26 -0500] "GET /BLA/resoluciones/AUTOS%202023/4021.pdf HTTP/1.1" 200 440978
172.22.2.4 - - [30/Oct/2023:06:37:28 -0500] "GET /BLA/boletinlegal/ HTTP/1.1" 200 59129
186.155.12.173 - - [30/Oct/2023:06:39:10 -0500] "GET /BLA/resoluciones/index.php?dir=AUTOS+2009%2F HTTP/1.1" 200 399860
216.245.221.92 - - [30/Oct/2023:06:39:23 -0500] "HEAD / HTTP/1.1" 200 -
207.46.13.6 - - [30/Oct/2023:06:39:27 -0500] "GET /BLA/resoluciones/AUTOS%202023/3961.pdf HTTP/1.1" 200 478933
207.46.13.6 - - [30/Oct/2023:06:40:17 -0500] "GET /BLA/resoluciones/AUTOS%202023/1379.pdf HTTP/1.1" 200 387959
201.245.192.253 - - [30/Oct/2023:06:40:49 -0500] "POST /kwsrmcab/Wsrmcab HTTP/1.1" 200 40175
201.245.192.253 - - [30/Oct/2023:06:40:52 -0500] "POST /kwsrmcab/Wsrmcab HTTP/1.1" 200 38642
201.245.192.253 - - [30/Oct/2023:06:41:10 -0500] "POST /kwsrmcab/Wsrmcab  HTTP/1.1" 200 40654
207.46.13.6 - - [30/Oct/2023:06:42:16 -0500] "GET /BLA/resoluciones/AUTOS%202023/5088.pdf HTTP/1.1" 200 400793
186.155.12.173 - - [30/Oct/2023:06:42:23 -0500] "GET /BLA/resoluciones/AUTOS%202009/2237.pdf HTTP/1.1" 200 124227
172.22.2.4 - - [30/Oct/2023:06:42:27 -0500] "HEAD /BLA/boletinlegal/ HTTP/1.1" 200 -
216.245.221.92 - - [30/Oct/2023:06:44:23 -0500] "HEAD / HTTP/1.1" 200 -
52.167.144.201 - - [30/Oct/2023:06:44:47 -0500] "GET /BLA/resoluciones/AUTOS%202023/1849.pdf HTTP/1.1" 200 322267
172.22.2.4 - - [30/Oct/2023:06:43:18 -0500] "GET /BLA/boletinlegal/ HTTP/1.1" 200 58309
186.155.12.173 - - [30/Oct/2023:06:45:33 -0500] "GET /BLA/resoluciones/index.php?dir=RESOLUCIONES+2009%2F HTTP/1.1" 200 1694101
186.155.12.173 - - [30/Oct/2023:06:45:37 -0500] "GET /BLA/resoluciones/RESOLUCIONES%202009/3301.pdf HTTP/1.1" 200 645686
201.245.192.253 - - [30/Oct/2023:06:46:09 -0500] "POST /kwsrmcab/Wsrmcab  HTTP/1.1" 200 40654
167.0.137.185 - - [30/Oct/2023:06:46:48 -0500] "GET /sipse/faces/faces/index.xhtml HTTP/1.1" 200 677
167.0.137.185 - - [30/Oct/2023:06:47:10 -0500] "GET /sipse/faces/faces/index.xhtml HTTP/1.1" 200 677
167.0.137.185 - - [30/Oct/2023:06:47:17 -0500] "GET /sipse/faces/javax.faces.resource/theme.css?ln=primefaces-sipse HTTP/1.1" 304 -
167.0.137.185 - - [30/Oct/2023:06:47:22 -0500] "GET /sipse/faces/faces/faces/autenticacion.xhtml HTTP/1.1" 200 12403
167.0.137.185 - - [30/Oct/2023:06:47:33 -0500] "GET /sipse/js/disable_browser_buttons.js HTTP/1.1" 304 -
167.0.137.185 - - [30/Oct/2023:06:47:33 -0500] "GET /sipse/js/funciones.js HTTP/1.1" 304 -
167.0.137.185 - - [30/Oct/2023:06:47:34 -0500] "GET /sipse/css/custom_css_sg.css HTTP/1.1" 304 -
167.0.137.185 - - [30/Oct/2023:06:47:36 -0500] "GET /sipse/css/custom_css_sg_prime_login.css HTTP/1.1" 304 -
167.0.137.185 - - [30/Oct/2023:06:47:36 -0500] "GET /sipse/faces/javax.faces.resource/theme.css?ln=primefaces-sipse HTTP/1.1" 304 -
167.0.137.185 - - [30/Oct/2023:06:47:36 -0500] "GET /sipse/faces/javax.faces.resource/primefaces.css?ln=primefaces&v=4.0 HTTP/1.1" 304 -
167.0.137.185 - - [30/Oct/2023:06:47:36 -0500] "GET /sipse/faces/javax.faces.resource/layout/layout.css?ln=primefaces&v=4.0 HTTP/1.1" 304 -
167.0.137.185 - - [30/Oct/2023:06:47:36 -0500] "GET /sipse/faces/javax.faces.resource/jquery/jquery.js?ln=primefaces&v=4.0 HTTP/1.1" 304 -
167.0.137.185 - - [30/Oct/2023:06:47:36 -0500] "GET /sipse/faces/javax.faces.resource/jquery/jquery-plugins.js?ln=primefaces&v=4.0 HTTP/1.1" 304 -
167.0.137.185 - - [30/Oct/2023:06:47:36 -0500] "GET /sipse/faces/javax.faces.resource/primefaces.js?ln=primefaces&v=4.0 HTTP/1.1" 304 -
167.0.137.185 - - [30/Oct/2023:06:47:44 -0500] "GET /sipse/faces/javax.faces.resource/layout/layout.js?ln=primefaces&v=4.0 HTTP/1.1" 304 -
186.155.12.173 - - [30/Oct/2023:06:47:50 -0500] "GET /BLA/resoluciones/index.php?dir=RESOLUCIONES+2010%2F HTTP/1.1" 200 1307967
167.0.137.185 - - [30/Oct/2023:06:47:54 -0500] "GET /sipse/css/imagen/logoSDG.png HTTP/1.1" 304 -
167.0.137.185 - - [30/Oct/2023:06:47:54 -0500] "GET /sipse/css/imagen/loginimg.png HTTP/1.1" 304 -
167.0.137.185 - - [30/Oct/2023:06:47:55 -0500] "GET /sipse/faces/javax.faces.resource/images/ui-icons_898989_256x240.png?ln=primefaces-aristo HTTP/1.1" 304 -
186.155.12.173 - - [30/Oct/2023:06:48:02 -0500] "GET /BLA/resoluciones/RESOLUCIONES%202010/2961.pdf HTTP/1.1" 200 1158189
173.252.95.9 - - [30/Oct/2023:06:48:24 -0500] "GET /images/negocios-verdes-mayo-2022.jpg HTTP/1.1" 200 48000
52.167.144.182 - - [30/Oct/2023:06:48:36 -0500] "GET /BLA/resoluciones/RESOLUCIONES%202022/4770.pdf HTTP/1.1" 200 506883
216.245.221.92 - - [30/Oct/2023:06:49:23 -0500] "HEAD / HTTP/1.1" 200 -
40.77.167.230 - - [30/Oct/2023:06:49:32 -0500] "GET /BLA/resoluciones/index.php?dir=AUTOS+2023%2F HTTP/1.1" 200 385584
173.252.95.17 - - [30/Oct/2023:06:49:53 -0500] "GET /calidad-del-aire-en-bogota-afectada-de-nuevo-por-incendios-forestales-se-decreta-alerta-fase-1.html HTTP/1.1" 200 1057
172.22.2.4 - - [30/Oct/2023:06:48:17 -0500] "HEAD /BLA/boletinlegal/ HTTP/1.1" 200 -
40.77.188.201 - - [30/Oct/2023:06:50:05 -0500] "GET /BLA/resoluciones/dlf/styles.css HTTP/1.1" 200 3049
172.22.2.4 - - [30/Oct/2023:06:49:08 -0500] "GET /BLA/boletinlegal/ HTTP/1.1" 200 53195
201.245.192.253 - - [30/Oct/2023:06:51:08 -0500] "POST /kwsrmcab/Wsrmcab  HTTP/1.1" 200 40654
176.124.205.212 - - [30/Oct/2023:06:51:47 -0500] "GET /BLA/boletinlegal/admin/index.php HTTP/1.1" 200 2324
186.155.12.173 - - [30/Oct/2023:06:51:50 -0500] "GET /BLA/resoluciones/RESOLUCIONES%202010/4220.pdf HTTP/1.1" 200 433793
181.53.13.125 - - [30/Oct/2023:06:51:59 -0500] "GET /sipse/faces/index.xhtml HTTP/1.1" 200 677
181.53.13.125 - - [30/Oct/2023:06:52:00 -0500] "GET /sipse/faces/javax.faces.resource/theme.css?ln=primefaces-sipse HTTP/1.1" 304 -
181.53.13.125 - - [30/Oct/2023:06:52:00 -0500] "GET /sipse/faces/faces/autenticacion.xhtml HTTP/1.1" 200 12412
181.53.13.125 - - [30/Oct/2023:06:52:01 -0500] "GET /sipse/faces/javax.faces.resource/theme.css?ln=primefaces-sipse HTTP/1.1" 304 -
181.53.13.125 - - [30/Oct/2023:06:52:01 -0500] "GET /sipse/faces/javax.faces.resource/layout/layout.js?ln=primefaces&v=4.0 HTTP/1.1" 304 -
181.53.13.125 - - [30/Oct/2023:06:52:01 -0500] "GET /sipse/faces/javax.faces.resource/primefaces.js?ln=primefaces&v=4.0 HTTP/1.1" 304 -
181.53.13.125 - - [30/Oct/2023:06:52:02 -0500] "GET /sipse/faces/javax.faces.resource/jquery/jquery-plugins.js?ln=primefaces&v=4.0 HTTP/1.1" 304 -
181.53.13.125 - - [30/Oct/2023:06:52:02 -0500] "GET /sipse/faces/javax.faces.resource/jquery/jquery.js?ln=primefaces&v=4.0 HTTP/1.1" 304 -
181.53.13.125 - - [30/Oct/2023:06:52:01 -0500] "GET /sipse/faces/javax.faces.resource/layout/layout.css?ln=primefaces&v=4.0 HTTP/1.1" 304 -
181.53.13.125 - - [30/Oct/2023:06:52:01 -0500] "GET /sipse/faces/javax.faces.resource/primefaces.css?ln=primefaces&v=4.0 HTTP/1.1" 304 -
181.53.13.125 - - [30/Oct/2023:06:52:02 -0500] "GET /sipse/faces/javax.faces.resource/images/ui-icons_898989_256x240.png?ln=primefaces-aristo HTTP/1.1" 304 -
181.53.13.125 - - [30/Oct/2023:06:52:04 -0500] "POST /sipse/faces/autenticacion.xhtml HTTP/1.1" 200 2220
181.53.13.125 - - [30/Oct/2023:06:52:04 -0500] "GET /sipse/faces/javax.faces.resource/messages/messages.png?ln=primefaces&v=4.0 HTTP/1.1" 304 -
181.53.13.125 - - [30/Oct/2023:06:52:05 -0500] "POST /sipse/faces/autenticacion.xhtml HTTP/1.1" 200 16385
181.53.13.125 - - [30/Oct/2023:06:52:05 -0500] "GET /sipse/faces/javax.faces.resource/theme.css?ln=primefaces-sipse HTTP/1.1" 304 -
181.53.13.125 - - [30/Oct/2023:06:52:05 -0500] "GET /sipse/faces/javax.faces.resource/primefaces.css?ln=primefaces&v=4.0 HTTP/1.1" 304 -
181.53.13.125 - - [30/Oct/2023:06:52:06 -0500] "GET /sipse/faces/javax.faces.resource/layout/layout.css?ln=primefaces&v=4.0 HTTP/1.1" 304 -
181.53.13.125 - - [30/Oct/2023:06:52:06 -0500] "GET /sipse/faces/javax.faces.resource/jquery/jquery.js?ln=primefaces&v=4.0 HTTP/1.1" 304 -
181.53.13.125 - - [30/Oct/2023:06:52:06 -0500] "GET /sipse/faces/javax.faces.resource/jquery/jquery-plugins.js?ln=primefaces&v=4.0 HTTP/1.1" 304 -
181.53.13.125 - - [30/Oct/2023:06:52:06 -0500] "GET /sipse/faces/javax.faces.resource/primefaces.js?ln=primefaces&v=4.0 HTTP/1.1" 304 -
181.53.13.125 - - [30/Oct/2023:06:52:07 -0500] "GET /sipse/faces/javax.faces.resource/layout/layout.js?ln=primefaces&v=4.0 HTTP/1.1" 304 -
181.53.13.125 - - [30/Oct/2023:06:52:07 -0500] "GET /sipse/css/imagen/contrasena.png HTTP/1.1" 404 383
181.53.13.125 - - [30/Oct/2023:06:52:09 -0500] "GET /sipse/faces/javax.faces.resource/images/ui-bg_flat_0_2d5972_40x100.png?ln=primefaces-aristo HTTP/1.1" 304 -
181.53.13.125 - - [30/Oct/2023:06:52:09 -0500] "POST /sipse/faces/bienvenido.xhtml HTTP/1.1" 200 2658
181.53.13.125 - - [30/Oct/2023:06:52:10 -0500] "POST /sipse/faces/bienvenido.xhtml HTTP/1.1" 200 65485
181.53.13.125 - - [30/Oct/2023:06:52:13 -0500] "GET /sipse/faces/javax.faces.resource/theme.css?ln=primefaces-sipse HTTP/1.1" 304 -
181.53.13.125 - - [30/Oct/2023:06:52:13 -0500] "GET /sipse/faces/javax.faces.resource/primefaces.css?ln=primefaces&v=4.0 HTTP/1.1" 304 -
181.53.13.125 - - [30/Oct/2023:06:52:13 -0500] "GET /sipse/faces/javax.faces.resource/layout/layout.css?ln=primefaces&v=4.0 HTTP/1.1" 304 -
181.53.13.125 - - [30/Oct/2023:06:52:13 -0500] "GET /sipse/faces/javax.faces.resource/jquery/jquery.js?ln=primefaces&v=4.0 HTTP/1.1" 304 -
181.53.13.125 - - [30/Oct/2023:06:52:13 -0500] "GET /sipse/faces/javax.faces.resource/jquery/jquery-plugins.js?ln=primefaces&v=4.0 HTTP/1.1" 304 -
181.53.13.125 - - [30/Oct/2023:06:52:14 -0500] "GET /sipse/faces/javax.faces.resource/primefaces.js?ln=primefaces&v=4.0 HTTP/1.1" 304 -
181.53.13.125 - - [30/Oct/2023:06:52:14 -0500] "GET /sipse/faces/javax.faces.resource/layout/layout.js?ln=primefaces&v=4.0 HTTP/1.1" 304 -
181.53.13.125 - - [30/Oct/2023:06:52:14 -0500] "POST /sipse/faces/presentacion/financiero/solicitudProceso/listarSolicitudProceso.xhtml HTTP/1.1" 200 1548
172.22.2.4 - - [30/Oct/2023:06:52:36 -0500] "GET /BLA/boletinlegal/actos.php HTTP/1.1" 200 9682
172.22.2.4 - - [30/Oct/2023:06:52:36 -0500] "GET /BLA/boletinlegal/favicon.ico HTTP/1.1" 404 1326
181.53.13.125 - - [30/Oct/2023:06:52:37 -0500] "POST /sipse/faces/presentacion/financiero/solicitudProceso/listarSolicitudProceso.xhtml HTTP/1.1" 200 44406
181.53.13.125 - - [30/Oct/2023:06:52:39 -0500] "POST /sipse/faces/presentacion/financiero/solicitudProceso/listarSolicitudProceso.xhtml HTTP/1.1" 200 32525
181.53.13.125 - - [30/Oct/2023:06:52:40 -0500] "POST /sipse/faces/presentacion/financiero/solicitudProceso/listarSolicitudProceso.xhtml HTTP/1.1" 200 17803
181.57.28.56 - - [30/Oct/2023:06:52:40 -0500] "GET /BLA/resoluciones/ HTTP/1.1" 200 13696
181.53.13.125 - - [30/Oct/2023:06:52:41 -0500] "POST /sipse/faces/presentacion/financiero/solicitudProceso/listarSolicitudProceso.xhtml HTTP/1.1" 200 17775
181.53.13.125 - - [30/Oct/2023:06:52:44 -0500] "POST /sipse/faces/presentacion/financiero/solicitudProceso/listarSolicitudProceso.xhtml HTTP/1.1" 200 162259
181.53.13.125 - - [30/Oct/2023:06:52:47 -0500] "GET /sipse/faces/javax.faces.resource/theme.css?ln=primefaces-sipse HTTP/1.1" 304 -
181.53.13.125 - - [30/Oct/2023:06:52:47 -0500] "GET /sipse/faces/javax.faces.resource/jquery/jquery.js?ln=primefaces&v=4.0 HTTP/1.1" 304 -
181.53.13.125 - - [30/Oct/2023:06:52:47 -0500] "GET /sipse/faces/javax.faces.resource/layout/layout.css?ln=primefaces&v=4.0 HTTP/1.1" 304 -
181.53.13.125 - - [30/Oct/2023:06:52:47 -0500] "GET /sipse/faces/javax.faces.resource/primefaces.css?ln=primefaces&v=4.0 HTTP/1.1" 304 -
181.53.13.125 - - [30/Oct/2023:06:52:47 -0500] "GET /sipse/faces/javax.faces.resource/jquery/jquery-plugins.js?ln=primefaces&v=4.0 HTTP/1.1" 304 -
181.53.13.125 - - [30/Oct/2023:06:52:47 -0500] "GET /sipse/faces/javax.faces.resource/primefaces.js?ln=primefaces&v=4.0 HTTP/1.1" 304 -
181.53.13.125 - - [30/Oct/2023:06:52:47 -0500] "GET /sipse/faces/javax.faces.resource/layout/layout.js?ln=primefaces&v=4.0 HTTP/1.1" 304 -
181.57.28.56 - - [30/Oct/2023:06:52:44 -0500] "GET /BLA/resoluciones/index.php?dir=AUTOS+2023%2F HTTP/1.1" 200 385584
181.53.13.125 - - [30/Oct/2023:06:52:48 -0500] "GET /sipse/faces/javax.faces.resource/dynamiccontent.properties?ln=primefaces&pfdrid=XjOR5%2F%2FfPAZAuY9TpWQeCiM0BhlXxYRBGKi%2FQcXXfeA%3D&pfdrid_c=false HTTP/1.1" 500 383
181.53.13.125 - - [30/Oct/2023:06:53:13 -0500] "POST /sipse/faces/presentacion/financiero/solicitudProceso/consultarSolicitudProceso.xhtml HTTP/1.1" 200 449552
181.53.13.125 - - [30/Oct/2023:06:53:35 -0500] "POST /sipse/faces/presentacion/financiero/solicitudProceso/consultarSolicitudProceso.xhtml HTTP/1.1" 200 14314
207.46.13.150 - - [30/Oct/2023:06:54:29 -0500] "GET /BLA/resoluciones/AUTOS%202023/5383.pdf HTTP/1.1" 200 321258
40.77.167.24 - - [30/Oct/2023:06:55:23 -0500] "GET /BLA/resoluciones/AUTOS%202023/3091.pdf HTTP/1.1" 200 1056467
186.155.12.173 - - [30/Oct/2023:06:55:32 -0500] "GET /BLA/resoluciones/index.php?dir=RESOLUCIONES+2013%2F HTTP/1.1" 200 238278
66.249.66.39 - - [30/Oct/2023:06:55:41 -0500] "GET /cuales-son-las-senales-para-identificar-un-arbol-en-riesgo-de-caida-en-bogota.html HTTP/1.1" 200 863
201.245.192.253 - - [30/Oct/2023:06:56:07 -0500] "POST /kwsrmcab/Wsrmcab  HTTP/1.1" 200 40654
172.22.2.4 - - [30/Oct/2023:06:55:52 -0500] "HEAD /BLA/boletinlegal/ HTTP/1.1" 200 -
216.245.221.92 - - [30/Oct/2023:06:58:05 -0500] "HEAD / HTTP/1.1" 200 -
172.22.2.4 - - [30/Oct/2023:06:57:36 -0500] "GET /BLA/boletinlegal/ HTTP/1.1" 200 62469
191.156.62.231 - - [30/Oct/2023:07:00:25 -0500] "GET /mujeres-que-reverdecen-secretaria-de-ambiente-anuncia-el-inicio-de-la-tercera-fase.html?fbclid=IwAR3XszmH_aTFYJRloz2pwCpE3gUmLXG9pYZ0M7JZzXJiUZFh-VkOQSnAhPg HTTP/1.1" 200 954
186.155.12.173 - - [30/Oct/2023:07:00:39 -0500] "GET /BLA/resoluciones/index.php?dir=RESOLUCIONES+2014%2F HTTP/1.1" 200 334189
186.155.12.173 - - [30/Oct/2023:07:00:43 -0500] "GET /BLA/resoluciones/RESOLUCIONES%202014/2588.pdf HTTP/1.1" 200 827368
186.155.12.173 - - [30/Oct/2023:07:00:47 -0500] "GET /BLA/resoluciones/RESOLUCIONES%202014/2587.pdf HTTP/1.1" 200 837684
201.245.192.253 - - [30/Oct/2023:07:01:06 -0500] "POST /kwsrmcab/Wsrmcab  HTTP/1.1" 200 40654
216.245.221.92 - - [30/Oct/2023:07:03:04 -0500] "HEAD / HTTP/1.1" 200 -
172.22.2.4 - - [30/Oct/2023:07:02:35 -0500] "HEAD /BLA/boletinlegal/ HTTP/1.1" 200 -
40.77.167.5 - - [30/Oct/2023:07:04:39 -0500] "GET /BLA/resoluciones/AUTOS%202023/4100.pdf HTTP/1.1" 200 408028
201.245.192.253 - - [30/Oct/2023:07:05:03 -0500] "GET /sipse/faces/faces/index.xhtml HTTP/1.1" 200 677
201.245.192.253 - - [30/Oct/2023:07:05:03 -0500] "GET /sipse/faces/javax.faces.resource/theme.css?ln=primefaces-sipse HTTP/1.1" 200 50058
201.245.192.253 - - [30/Oct/2023:07:05:03 -0500] "GET /favicon.ico HTTP/1.1" 200 7782
201.245.192.253 - - [30/Oct/2023:07:05:03 -0500] "GET /sipse/faces/faces/faces/autenticacion.xhtml HTTP/1.1" 200 12403
201.245.192.253 - - [30/Oct/2023:07:05:03 -0500] "GET /sipse/css/custom_css_sg.css HTTP/1.1" 200 9694
201.245.192.253 - - [30/Oct/2023:07:05:03 -0500] "GET /sipse/css/custom_css_sg_prime_login.css HTTP/1.1" 200 443
201.245.192.253 - - [30/Oct/2023:07:05:03 -0500] "GET /sipse/faces/javax.faces.resource/theme.css?ln=primefaces-sipse HTTP/1.1" 304 -
201.245.192.253 - - [30/Oct/2023:07:05:03 -0500] "GET /sipse/faces/javax.faces.resource/layout/layout.css?ln=primefaces&v=4.0 HTTP/1.1" 200 542
201.245.192.253 - - [30/Oct/2023:07:05:03 -0500] "GET /sipse/js/disable_browser_buttons.js HTTP/1.1" 304 -
201.245.192.253 - - [30/Oct/2023:07:05:03 -0500] "GET /sipse/faces/javax.faces.resource/primefaces.css?ln=primefaces&v=4.0 HTTP/1.1" 200 53295
201.245.192.253 - - [30/Oct/2023:07:05:03 -0500] "GET /sipse/js/funciones.js HTTP/1.1" 304 -
201.245.192.253 - - [30/Oct/2023:07:05:03 -0500] "GET /sipse/faces/javax.faces.resource/jquery/jquery.js?ln=primefaces&v=4.0 HTTP/1.1" 304 -
201.245.192.253 - - [30/Oct/2023:07:05:03 -0500] "GET /sipse/faces/javax.faces.resource/jquery/jquery-plugins.js?ln=primefaces&v=4.0 HTTP/1.1" 304 -
201.245.192.253 - - [30/Oct/2023:07:05:04 -0500] "GET /sipse/faces/javax.faces.resource/primefaces.js?ln=primefaces&v=4.0 HTTP/1.1" 304 -
201.245.192.253 - - [30/Oct/2023:07:05:04 -0500] "GET /sipse/faces/javax.faces.resource/layout/layout.js?ln=primefaces&v=4.0 HTTP/1.1" 304 -
201.245.192.253 - - [30/Oct/2023:07:05:04 -0500] "GET /sipse/css/imagen/logoSDG.png HTTP/1.1" 200 53064
201.245.192.253 - - [30/Oct/2023:07:05:04 -0500] "GET /sipse/faces/javax.faces.resource/images/ui-icons_898989_256x240.png?ln=primefaces-aristo HTTP/1.1" 200 5355
201.245.192.253 - - [30/Oct/2023:07:05:04 -0500] "GET /sipse/css/imagen/loginimg.png HTTP/1.1" 200 71635
172.22.2.4 - - [30/Oct/2023:07:03:26 -0500] "GET /BLA/boletinlegal/ HTTP/1.1" 200 58309
201.245.192.253 - - [30/Oct/2023:07:05:09 -0500] "POST /sipse/faces/autenticacion.xhtml HTTP/1.1" 200 11165
201.245.192.253 - - [30/Oct/2023:07:05:09 -0500] "GET /sipse/css/custom_css_sg_prime.css HTTP/1.1" 200 5201
201.245.192.253 - - [30/Oct/2023:07:05:09 -0500] "GET /sipse/faces/javax.faces.resource/jquery/jquery.js?ln=primefaces&v=4.0 HTTP/1.1" 304 -
201.245.192.253 - - [30/Oct/2023:07:05:10 -0500] "GET /sipse/faces/javax.faces.resource/jquery/jquery-plugins.js?ln=primefaces&v=4.0 HTTP/1.1" 304 -
201.245.192.253 - - [30/Oct/2023:07:05:10 -0500] "GET /sipse/faces/javax.faces.resource/primefaces.js?ln=primefaces&v=4.0 HTTP/1.1" 304 -
201.245.192.253 - - [30/Oct/2023:07:05:10 -0500] "GET /sipse/faces/javax.faces.resource/layout/layout.js?ln=primefaces&v=4.0 HTTP/1.1" 304 -
201.245.192.253 - - [30/Oct/2023:07:05:10 -0500] "GET /sipse/faces/javax.faces.resource/messages/messages.png?ln=primefaces&v=4.0 HTTP/1.1" 200 27209
201.245.192.253 - - [30/Oct/2023:07:05:14 -0500] "POST /sipse/faces/presentacion/sistema/seguridad/seleccionRol.xhtml HTTP/1.1" 200 5600
201.245.192.253 - - [30/Oct/2023:07:05:16 -0500] "POST /sipse/faces/presentacion/sistema/seguridad/seleccionRol.xhtml HTTP/1.1" 200 17557
201.245.192.253 - - [30/Oct/2023:07:05:16 -0500] "GET /sipse/js/jquery.min.js HTTP/1.1" 304 -
201.245.192.253 - - [30/Oct/2023:07:05:16 -0500] "GET /sipse/faces/javax.faces.resource/jquery/jquery.js?ln=primefaces&v=4.0 HTTP/1.1" 304 -
201.245.192.253 - - [30/Oct/2023:07:05:16 -0500] "GET /sipse/faces/javax.faces.resource/jquery/jquery-plugins.js?ln=primefaces&v=4.0 HTTP/1.1" 304 -
201.245.192.253 - - [30/Oct/2023:07:05:16 -0500] "GET /sipse/faces/javax.faces.resource/primefaces.js?ln=primefaces&v=4.0 HTTP/1.1" 304 -
201.245.192.253 - - [30/Oct/2023:07:05:17 -0500] "GET /sipse/faces/javax.faces.resource/layout/layout.js?ln=primefaces&v=4.0 HTTP/1.1" 304 -
201.245.192.253 - - [30/Oct/2023:07:05:17 -0500] "GET /sipse/css/v_mergente.css HTTP/1.1" 200 1505
201.245.192.253 - - [30/Oct/2023:07:05:17 -0500] "GET /sipse/imagenes/cargando.gif HTTP/1.1" 200 36959
201.245.192.253 - - [30/Oct/2023:07:05:17 -0500] "GET /sipse/imagenes/logoAplicacion.jpg HTTP/1.1" 200 155084
201.245.192.253 - - [30/Oct/2023:07:05:17 -0500] "GET /sipse/css/imagen/contrasena.png HTTP/1.1" 404 383
201.245.192.253 - - [30/Oct/2023:07:05:21 -0500] "GET /sipse/faces/javax.faces.resource/images/ui-bg_flat_0_2d5972_40x100.png?ln=primefaces-aristo HTTP/1.1" 200 183
201.245.192.253 - - [30/Oct/2023:07:05:21 -0500] "POST /sipse/faces/bienvenido.xhtml HTTP/1.1" 200 3246
201.245.192.253 - - [30/Oct/2023:07:05:22 -0500] "POST /sipse/faces/bienvenido.xhtml HTTP/1.1" 200 56536
201.245.192.253 - - [30/Oct/2023:07:05:23 -0500] "GET /sipse/faces/javax.faces.resource/jquery/jquery.js?ln=primefaces&v=4.0 HTTP/1.1" 304 -
201.245.192.253 - - [30/Oct/2023:07:05:23 -0500] "GET /sipse/faces/javax.faces.resource/jquery/jquery-plugins.js?ln=primefaces&v=4.0 HTTP/1.1" 304 -
201.245.192.253 - - [30/Oct/2023:07:05:23 -0500] "GET /sipse/faces/javax.faces.resource/primefaces.js?ln=primefaces&v=4.0 HTTP/1.1" 304 -
201.245.192.253 - - [30/Oct/2023:07:05:24 -0500] "GET /sipse/faces/javax.faces.resource/layout/layout.js?ln=primefaces&v=4.0 HTTP/1.1" 304 -
201.245.192.253 - - [30/Oct/2023:07:05:24 -0500] "POST /sipse/faces/presentacion/financiero/solicitudProceso/listarSolicitudProceso.xhtml HTTP/1.1" 200 1516
201.245.192.253 - - [30/Oct/2023:07:05:27 -0500] "POST /sipse/faces/presentacion/financiero/solicitudProceso/listarSolicitudProceso.xhtml HTTP/1.1" 200 184
201.245.192.253 - - [30/Oct/2023:07:05:27 -0500] "POST /sipse/faces/presentacion/financiero/solicitudProceso/listarSolicitudProceso.xhtml HTTP/1.1" 200 184
201.245.192.253 - - [30/Oct/2023:07:05:27 -0500] "GET /sipse/faces/presentacion/financiero/solicitudAnulacion/solicitudAnulacion.xhtml HTTP/1.1" 200 29664
201.245.192.253 - - [30/Oct/2023:07:05:27 -0500] "GET /sipse/faces/presentacion/financiero/solicitudAnulacion/solicitudAnulacion.xhtml HTTP/1.1" 200 33454
201.245.192.253 - - [30/Oct/2023:07:05:27 -0500] "GET /sipse/faces/javax.faces.resource/layout/layout.css?ln=primefaces&v=4.0 HTTP/1.1" 200 542
201.245.192.253 - - [30/Oct/2023:07:05:27 -0500] "GET /sipse/faces/javax.faces.resource/jquery/jquery-plugins.js?ln=primefaces&v=4.0 HTTP/1.1" 304 -
201.245.192.253 - - [30/Oct/2023:07:05:27 -0500] "GET /sipse/faces/javax.faces.resource/jquery/jquery.js?ln=primefaces&v=4.0 HTTP/1.1" 304 -
201.245.192.253 - - [30/Oct/2023:07:05:27 -0500] "GET /sipse/faces/javax.faces.resource/primefaces.js?ln=primefaces&v=4.0 HTTP/1.1" 304 -
201.245.192.253 - - [30/Oct/2023:07:05:27 -0500] "GET /sipse/faces/javax.faces.resource/layout/layout.js?ln=primefaces&v=4.0 HTTP/1.1" 304 -
201.245.192.253 - - [30/Oct/2023:07:05:27 -0500] "GET /sipse/faces/javax.faces.resource/primefaces.css?ln=primefaces&v=4.0 HTTP/1.1" 200 53295
201.245.192.253 - - [30/Oct/2023:07:05:27 -0500] "GET /sipse/faces/javax.faces.resource/theme.css?ln=primefaces-sipse HTTP/1.1" 200 50058
201.245.192.253 - - [30/Oct/2023:07:05:28 -0500] "GET /sipse/faces/javax.faces.resource/images/ui-icons_898989_256x240.png?ln=primefaces-aristo HTTP/1.1" 200 5355
201.245.192.253 - - [30/Oct/2023:07:05:28 -0500] "GET /sipse/faces/javax.faces.resource/images/ui-bg_flat_0_2d5972_40x100.png?ln=primefaces-aristo HTTP/1.1" 200 183
201.245.192.253 - - [30/Oct/2023:07:05:28 -0500] "POST /sipse/faces/presentacion/financiero/solicitudAnulacion/solicitudAnulacion.xhtml HTTP/1.1" 200 10464
201.245.192.253 - - [30/Oct/2023:07:05:28 -0500] "GET /sipse/faces/javax.faces.resource/messages/messages.png?ln=primefaces&v=4.0 HTTP/1.1" 200 27209
201.245.192.253 - - [30/Oct/2023:07:05:30 -0500] "POST /sipse/faces/presentacion/financiero/solicitudAnulacion/solicitudAnulacion.xhtml HTTP/1.1" 200 29682
201.245.192.253 - - [30/Oct/2023:07:05:30 -0500] "GET /sipse/faces/javax.faces.resource/jquery/jquery.js?ln=primefaces&v=4.0 HTTP/1.1" 304 -
201.245.192.253 - - [30/Oct/2023:07:05:30 -0500] "GET /sipse/faces/javax.faces.resource/jquery/jquery-plugins.js?ln=primefaces&v=4.0 HTTP/1.1" 304 -
201.245.192.253 - - [30/Oct/2023:07:05:30 -0500] "GET /sipse/faces/javax.faces.resource/primefaces.js?ln=primefaces&v=4.0 HTTP/1.1" 304 -
201.245.192.253 - - [30/Oct/2023:07:05:30 -0500] "GET /sipse/faces/javax.faces.resource/layout/layout.js?ln=primefaces&v=4.0 HTTP/1.1" 304 -
201.245.192.253 - - [30/Oct/2023:07:05:39 -0500] "GET /sipse/faces/faces/faces/autenticacion.xhtml HTTP/1.1" 200 12409
201.245.192.253 - - [30/Oct/2023:07:05:39 -0500] "GET /sipse/faces/javax.faces.resource/theme.css?ln=primefaces-sipse HTTP/1.1" 304 -
201.245.192.253 - - [30/Oct/2023:07:05:39 -0500] "GET /sipse/faces/javax.faces.resource/primefaces.css?ln=primefaces&v=4.0 HTTP/1.1" 304 -
201.245.192.253 - - [30/Oct/2023:07:05:39 -0500] "GET /sipse/faces/javax.faces.resource/layout/layout.css?ln=primefaces&v=4.0 HTTP/1.1" 304 -
201.245.192.253 - - [30/Oct/2023:07:05:39 -0500] "GET /sipse/faces/javax.faces.resource/jquery/jquery.js?ln=primefaces&v=4.0 HTTP/1.1" 304 -
201.245.192.253 - - [30/Oct/2023:07:05:39 -0500] "GET /sipse/faces/javax.faces.resource/jquery/jquery-plugins.js?ln=primefaces&v=4.0 HTTP/1.1" 304 -
201.245.192.253 - - [30/Oct/2023:07:05:39 -0500] "GET /sipse/faces/javax.faces.resource/primefaces.js?ln=primefaces&v=4.0 HTTP/1.1" 304 -
201.245.192.253 - - [30/Oct/2023:07:05:39 -0500] "GET /sipse/faces/javax.faces.resource/layout/layout.js?ln=primefaces&v=4.0 HTTP/1.1" 304 -
201.245.192.253 - - [30/Oct/2023:07:05:40 -0500] "GET /sipse/faces/javax.faces.resource/images/ui-icons_898989_256x240.png?ln=primefaces-aristo HTTP/1.1" 304 -
201.245.192.253 - - [30/Oct/2023:07:05:40 -0500] "GET /sipse/faces/faces/faces/index.xhtml HTTP/1.1" 200 677
201.245.192.253 - - [30/Oct/2023:07:05:40 -0500] "GET /sipse/faces/javax.faces.resource/theme.css?ln=primefaces-sipse HTTP/1.1" 304 -
201.245.192.253 - - [30/Oct/2023:07:05:40 -0500] "GET /sipse/faces/faces/faces/faces/autenticacion.xhtml HTTP/1.1" 200 12409
201.245.192.253 - - [30/Oct/2023:07:05:40 -0500] "GET /sipse/faces/javax.faces.resource/theme.css?ln=primefaces-sipse HTTP/1.1" 304 -
201.245.192.253 - - [30/Oct/2023:07:05:40 -0500] "GET /sipse/faces/javax.faces.resource/primefaces.css?ln=primefaces&v=4.0 HTTP/1.1" 304 -
201.245.192.253 - - [30/Oct/2023:07:05:40 -0500] "GET /sipse/faces/javax.faces.resource/jquery/jquery.js?ln=primefaces&v=4.0 HTTP/1.1" 304 -
201.245.192.253 - - [30/Oct/2023:07:05:40 -0500] "GET /sipse/faces/javax.faces.resource/layout/layout.css?ln=primefaces&v=4.0 HTTP/1.1" 304 -
201.245.192.253 - - [30/Oct/2023:07:05:40 -0500] "GET /sipse/faces/javax.faces.resource/jquery/jquery-plugins.js?ln=primefaces&v=4.0 HTTP/1.1" 304 -
201.245.192.253 - - [30/Oct/2023:07:05:40 -0500] "GET /sipse/faces/javax.faces.resource/primefaces.js?ln=primefaces&v=4.0 HTTP/1.1" 304 -
201.245.192.253 - - [30/Oct/2023:07:05:40 -0500] "GET /sipse/faces/javax.faces.resource/layout/layout.js?ln=primefaces&v=4.0 HTTP/1.1" 304 -
201.245.192.253 - - [30/Oct/2023:07:05:41 -0500] "GET /sipse/faces/javax.faces.resource/images/ui-icons_898989_256x240.png?ln=primefaces-aristo HTTP/1.1" 304 -
201.245.192.253 - - [30/Oct/2023:07:05:44 -0500] "POST /sipse/faces/autenticacion.xhtml HTTP/1.1" 200 11165
201.245.192.253 - - [30/Oct/2023:07:05:44 -0500] "GET /sipse/faces/javax.faces.resource/jquery/jquery.js?ln=primefaces&v=4.0 HTTP/1.1" 304 -
201.245.192.253 - - [30/Oct/2023:07:05:44 -0500] "GET /sipse/faces/javax.faces.resource/jquery/jquery-plugins.js?ln=primefaces&v=4.0 HTTP/1.1" 304 -
201.245.192.253 - - [30/Oct/2023:07:05:44 -0500] "GET /sipse/faces/javax.faces.resource/primefaces.js?ln=primefaces&v=4.0 HTTP/1.1" 304 -
201.245.192.253 - - [30/Oct/2023:07:05:44 -0500] "GET /sipse/faces/javax.faces.resource/layout/layout.js?ln=primefaces&v=4.0 HTTP/1.1" 304 -
201.245.192.253 - - [30/Oct/2023:07:05:44 -0500] "GET /sipse/faces/javax.faces.resource/messages/messages.png?ln=primefaces&v=4.0 HTTP/1.1" 304 -
201.245.192.253 - - [30/Oct/2023:07:05:48 -0500] "POST /sipse/faces/presentacion/sistema/seguridad/seleccionRol.xhtml HTTP/1.1" 200 17580
201.245.192.253 - - [30/Oct/2023:07:05:49 -0500] "GET /sipse/faces/javax.faces.resource/jquery/jquery.js?ln=primefaces&v=4.0 HTTP/1.1" 304 -
201.245.192.253 - - [30/Oct/2023:07:05:49 -0500] "GET /sipse/faces/javax.faces.resource/jquery/jquery-plugins.js?ln=primefaces&v=4.0 HTTP/1.1" 304 -
201.245.192.253 - - [30/Oct/2023:07:05:49 -0500] "GET /sipse/faces/javax.faces.resource/primefaces.js?ln=primefaces&v=4.0 HTTP/1.1" 304 -
201.245.192.253 - - [30/Oct/2023:07:05:49 -0500] "GET /sipse/faces/javax.faces.resource/layout/layout.js?ln=primefaces&v=4.0 HTTP/1.1" 304 -
201.245.192.253 - - [30/Oct/2023:07:05:55 -0500] "GET /sipse/faces/javax.faces.resource/images/ui-bg_flat_0_2d5972_40x100.png?ln=primefaces-aristo HTTP/1.1" 304 -
201.245.192.253 - - [30/Oct/2023:07:05:55 -0500] "POST /sipse/faces/bienvenido.xhtml HTTP/1.1" 200 3246
201.245.192.253 - - [30/Oct/2023:07:05:58 -0500] "POST /sipse/faces/bienvenido.xhtml HTTP/1.1" 200 56536
201.245.192.253 - - [30/Oct/2023:07:05:58 -0500] "GET /sipse/faces/javax.faces.resource/jquery/jquery.js?ln=primefaces&v=4.0 HTTP/1.1" 304 -
201.245.192.253 - - [30/Oct/2023:07:05:58 -0500] "GET /sipse/faces/javax.faces.resource/jquery/jquery-plugins.js?ln=primefaces&v=4.0 HTTP/1.1" 304 -
201.245.192.253 - - [30/Oct/2023:07:05:58 -0500] "GET /sipse/faces/javax.faces.resource/primefaces.js?ln=primefaces&v=4.0 HTTP/1.1" 304 -
201.245.192.253 - - [30/Oct/2023:07:05:59 -0500] "GET /sipse/faces/javax.faces.resource/layout/layout.js?ln=primefaces&v=4.0 HTTP/1.1" 304 -
201.245.192.253 - - [30/Oct/2023:07:05:59 -0500] "POST /sipse/faces/presentacion/financiero/solicitudProceso/listarSolicitudProceso.xhtml HTTP/1.1" 200 1516
201.245.192.253 - - [30/Oct/2023:07:06:05 -0500] "POST /kwsrmcab/Wsrmcab  HTTP/1.1" 200 40654
52.167.144.22 - - [30/Oct/2023:07:06:13 -0500] "GET /BLA/resoluciones/AUTOS%202023/5164.pdf HTTP/1.1" 200 654590
201.245.192.253 - - [30/Oct/2023:07:07:37 -0500] "POST /sipse/faces/presentacion/financiero/solicitudProceso/listarSolicitudProceso.xhtml HTTP/1.1" 200 109993
201.245.192.253 - - [30/Oct/2023:07:07:38 -0500] "GET /sipse/faces/javax.faces.resource/jquery/jquery.js?ln=primefaces&v=4.0 HTTP/1.1" 304 -
201.245.192.253 - - [30/Oct/2023:07:07:38 -0500] "GET /sipse/faces/javax.faces.resource/jquery/jquery-plugins.js?ln=primefaces&v=4.0 HTTP/1.1" 304 -
201.245.192.253 - - [30/Oct/2023:07:07:38 -0500] "GET /sipse/faces/javax.faces.resource/primefaces.js?ln=primefaces&v=4.0 HTTP/1.1" 304 -
201.245.192.253 - - [30/Oct/2023:07:07:38 -0500] "GET /sipse/faces/javax.faces.resource/layout/layout.js?ln=primefaces&v=4.0 HTTP/1.1" 304 -
201.245.192.253 - - [30/Oct/2023:07:07:39 -0500] "GET /sipse/faces/javax.faces.resource/dynamiccontent.properties?ln=primefaces&pfdrid=XjOR5%2F%2FfPAZAuY9TpWQeCiM0BhlXxYRBGKi%2FQcXXfeA%3D&pfdrid_c=false HTTP/1.1" 500 383
52.167.144.22 - - [30/Oct/2023:07:07:54 -0500] "GET /BLA/resoluciones/AUTOS%202019/0305.pdf HTTP/1.1" 200 5127881
216.245.221.92 - - [30/Oct/2023:07:08:04 -0500] "HEAD / HTTP/1.1" 200 -
186.155.12.173 - - [30/Oct/2023:07:09:07 -0500] "GET /BLA/resoluciones/index.php?dir=RESOLUCIONES+2009%2F HTTP/1.1" 200 1694101
186.155.12.173 - - [30/Oct/2023:07:09:12 -0500] "GET /BLA/resoluciones/RESOLUCIONES%202009/4883.pdf HTTP/1.1" 200 773592
172.22.2.4 - - [30/Oct/2023:07:08:25 -0500] "HEAD /BLA/boletinlegal/ HTTP/1.1" 200 -
172.22.2.4 - - [30/Oct/2023:07:09:16 -0500] "GET /BLA/boletinlegal/ HTTP/1.1" 200 58309
201.245.192.253 - - [30/Oct/2023:07:11:03 -0500] "POST /kwsrmcab/Wsrmcab  HTTP/1.1" 200 40654
186.155.12.173 - - [30/Oct/2023:07:11:37 -0500] "GET /BLA/resoluciones/RESOLUCIONES%202009/4207.pdf HTTP/1.1" 200 1067314
216.245.221.92 - - [30/Oct/2023:07:13:04 -0500] "HEAD / HTTP/1.1" 200 -
201.245.192.253 - - [30/Oct/2023:07:13:24 -0500] "POST /sipse/faces/presentacion/financiero/solicitudProceso/consultarSolicitudProceso.xhtml HTTP/1.1" 200 162199
172.22.2.4 - - [30/Oct/2023:07:14:15 -0500] "HEAD /BLA/boletinlegal/ HTTP/1.1" 200 -
201.245.192.253 - - [30/Oct/2023:07:16:02 -0500] "POST /kwsrmcab/Wsrmcab  HTTP/1.1" 200 40654
172.22.2.4 - - [30/Oct/2023:07:15:06 -0500] "GET /BLA/boletinlegal/ HTTP/1.1" 200 60682
201.245.192.253 - - [30/Oct/2023:07:17:12 -0500] "POST /sipse/faces/presentacion/financiero/solicitudProceso/consultarSolicitudProceso.xhtml HTTP/1.1" 200 5439
186.155.12.173 - - [30/Oct/2023:07:17:34 -0500] "GET /BLA/resoluciones/index.php?dir=RESOLUCIONES+2010%2F HTTP/1.1" 200 1307967
201.245.192.253 - - [30/Oct/2023:07:17:40 -0500] "POST /kwsrmcab/Wsrmcab HTTP/1.1" 200 40186
201.245.192.253 - - [30/Oct/2023:07:17:43 -0500] "POST /kwsrmcab/Wsrmcab HTTP/1.1" 200 38652
190.24.59.184 - - [30/Oct/2023:07:17:48 -0500] "GET /inventario-de-emisiones-2020-transporte-publico-sitp-redujo-emisiones-de-pm-2-5-en-un-37.html HTTP/1.1" 200 925
172.22.2.4 - - [30/Oct/2023:07:17:57 -0500] "GET /BLA/boletinlegal/actos.php HTTP/1.1" 200 9682
172.22.2.4 - - [30/Oct/2023:07:17:57 -0500] "GET /BLA/boletinlegal/niceforms.js HTTP/1.1" 200 22876
172.22.2.4 - - [30/Oct/2023:07:17:57 -0500] "GET /BLA/boletinlegal/js/ajax_actos.js HTTP/1.1" 200 1322
172.22.2.4 - - [30/Oct/2023:07:17:57 -0500] "GET /BLA/boletinlegal/niceforms-default.css HTTP/1.1" 200 6694
172.22.2.4 - - [30/Oct/2023:07:17:57 -0500] "GET /BLA/boletinlegal/js/lib.js HTTP/1.1" 200 6474
172.22.2.4 - - [30/Oct/2023:07:17:57 -0500] "GET /BLA/boletinlegal/js/popup.js HTTP/1.1" 200 1270
172.22.2.4 - - [30/Oct/2023:07:17:57 -0500] "GET /BLA/boletinlegal/js/jquery1.js HTTP/1.1" 200 29846
172.22.2.4 - - [30/Oct/2023:07:17:57 -0500] "GET /BLA/boletinlegal/images/green-yellow-blue-pink-th.png HTTP/1.1" 200 7394
172.22.2.4 - - [30/Oct/2023:07:17:57 -0500] "GET /BLA/boletinlegal/images/tel.png HTTP/1.1" 200 14477
172.22.2.4 - - [30/Oct/2023:07:17:57 -0500] "GET /BLA/boletinlegal/images/icono-email.png HTTP/1.1" 200 5544
172.22.2.4 - - [30/Oct/2023:07:17:57 -0500] "GET /BLA/boletinlegal/images/menu_rght.gif HTTP/1.1" 200 1627
172.22.2.4 - - [30/Oct/2023:07:17:57 -0500] "GET /BLA/boletinlegal/images/menu_lft.gif HTTP/1.1" 200 1713
172.22.2.4 - - [30/Oct/2023:07:17:57 -0500] "GET /BLA/boletinlegal/images/body_bg.jpg HTTP/1.1" 200 1601
172.22.2.4 - - [30/Oct/2023:07:17:57 -0500] "GET /BLA/boletinlegal/images/menu_bg.jpg HTTP/1.1" 200 620
172.22.2.4 - - [30/Oct/2023:07:17:57 -0500] "GET /BLA/boletinlegal/images/bg_top.jpg HTTP/1.1" 200 522
172.22.2.4 - - [30/Oct/2023:07:17:57 -0500] "GET /BLA/boletinlegal/images/hover.jpg HTTP/1.1" 200 640
172.22.2.4 - - [30/Oct/2023:07:17:57 -0500] "GET /BLA/boletinlegal/images/text.jpg HTTP/1.1" 200 568
172.22.2.4 - - [30/Oct/2023:07:17:57 -0500] "GET /BLA/boletinlegal/images/footer_bg.jpg HTTP/1.1" 200 586
172.22.2.4 - - [30/Oct/2023:07:17:57 -0500] "GET /BLA/boletinlegal/images/footer_bg_l.jpg HTTP/1.1" 200 776
172.22.2.4 - - [30/Oct/2023:07:17:57 -0500] "GET /BLA/boletinlegal/img/select-left.png HTTP/1.1" 200 263
172.22.2.4 - - [30/Oct/2023:07:17:57 -0500] "GET /BLA/boletinlegal/img/0.png HTTP/1.1" 200 110
172.22.2.4 - - [30/Oct/2023:07:17:57 -0500] "GET /BLA/boletinlegal/img/select-right.png HTTP/1.1" 200 44019
172.22.2.4 - - [30/Oct/2023:07:17:57 -0500] "GET /BLA/boletinlegal/img/button-left.png HTTP/1.1" 200 57071
172.22.2.4 - - [30/Oct/2023:07:17:57 -0500] "GET /BLA/boletinlegal/img/button.png HTTP/1.1" 200 43241
172.22.2.4 - - [30/Oct/2023:07:17:57 -0500] "GET /BLA/boletinlegal/img/button-right.png HTTP/1.1" 200 57878
216.245.221.92 - - [30/Oct/2023:07:18:04 -0500] "HEAD / HTTP/1.1" 200 -
186.155.12.173 - - [30/Oct/2023:07:18:18 -0500] "GET /BLA/resoluciones/RESOLUCIONES%202010/4207.pdf HTTP/1.1" 200 1176615
201.245.192.253 - - [30/Oct/2023:07:18:47 -0500] "POST /sipse/faces/presentacion/financiero/solicitudProceso/consultarSolicitudProceso.xhtml HTTP/1.1" 200 5461
201.245.192.253 - - [30/Oct/2023:07:18:47 -0500] "GET /sipse/faces/javax.faces.resource/dynamiccontent.properties?ln=primefaces&pfdrid=XjOR5%2F%2FfPAZAuY9TpWQeCiM0BhlXxYRBGKi%2FQcXXfeA%3D&pfdrid_c=false HTTP/1.1" 200 117496
201.245.192.253 - - [30/Oct/2023:07:19:08 -0500] "POST /sipse/faces/presentacion/financiero/solicitudProceso/consultarSolicitudProceso.xhtml HTTP/1.1" 200 26024
201.245.192.253 - - [30/Oct/2023:07:19:08 -0500] "GET /sipse/faces/javax.faces.resource/theme.css?ln=primefaces-sipse HTTP/1.1" 304 -
201.245.192.253 - - [30/Oct/2023:07:19:08 -0500] "GET /sipse/faces/javax.faces.resource/primefaces.css?ln=primefaces&v=4.0 HTTP/1.1" 304 -
201.245.192.253 - - [30/Oct/2023:07:19:08 -0500] "GET /sipse/faces/javax.faces.resource/layout/layout.css?ln=primefaces&v=4.0 HTTP/1.1" 304 -
201.245.192.253 - - [30/Oct/2023:07:19:08 -0500] "GET /sipse/faces/javax.faces.resource/jquery/jquery.js?ln=primefaces&v=4.0 HTTP/1.1" 304 -
201.245.192.253 - - [30/Oct/2023:07:19:08 -0500] "GET /sipse/faces/javax.faces.resource/jquery/jquery-plugins.js?ln=primefaces&v=4.0 HTTP/1.1" 304 -
201.245.192.253 - - [30/Oct/2023:07:19:08 -0500] "GET /sipse/faces/javax.faces.resource/layout/layout.js?ln=primefaces&v=4.0 HTTP/1.1" 304 -
201.245.192.253 - - [30/Oct/2023:07:19:08 -0500] "GET /sipse/faces/javax.faces.resource/primefaces.js?ln=primefaces&v=4.0 HTTP/1.1" 304 -
201.245.192.253 - - [30/Oct/2023:07:19:08 -0500] "GET /sipse/faces/javax.faces.resource/images/ui-icons_898989_256x240.png?ln=primefaces-aristo HTTP/1.1" 304 -
172.22.2.4 - - [30/Oct/2023:07:19:25 -0500] "GET /BLA/boletinlegal/actos.php HTTP/1.1" 200 9682
172.22.2.4 - - [30/Oct/2023:07:19:25 -0500] "GET /BLA/boletinlegal/favicon.ico HTTP/1.1" 404 1326
201.245.192.253 - - [30/Oct/2023:07:19:28 -0500] "GET /BLA/resoluciones/ HTTP/1.1" 200 13696
201.245.192.253 - - [30/Oct/2023:07:19:30 -0500] "GET /sipse/faces/javax.faces.resource/images/ui-bg_flat_0_2d5972_40x100.png?ln=primefaces-aristo HTTP/1.1" 304 -
201.245.192.253 - - [30/Oct/2023:07:19:30 -0500] "POST /sipse/faces/presentacion/financiero/solicitudProceso/registrarAnotacion.xhtml HTTP/1.1" 200 109993
201.245.192.253 - - [30/Oct/2023:07:19:30 -0500] "GET /sipse/faces/javax.faces.resource/jquery/jquery.js?ln=primefaces&v=4.0 HTTP/1.1" 304 -
201.245.192.253 - - [30/Oct/2023:07:19:30 -0500] "GET /sipse/faces/javax.faces.resource/jquery/jquery-plugins.js?ln=primefaces&v=4.0 HTTP/1.1" 304 -
201.245.192.253 - - [30/Oct/2023:07:19:30 -0500] "GET /sipse/faces/javax.faces.resource/primefaces.js?ln=primefaces&v=4.0 HTTP/1.1" 304 -
201.245.192.253 - - [30/Oct/2023:07:19:30 -0500] "GET /sipse/faces/javax.faces.resource/layout/layout.js?ln=primefaces&v=4.0 HTTP/1.1" 304 -
201.245.192.253 - - [30/Oct/2023:07:19:30 -0500] "GET /sipse/faces/javax.faces.resource/dynamiccontent.properties?ln=primefaces&pfdrid=XjOR5%2F%2FfPAZAuY9TpWQeCiM0BhlXxYRBGKi%2FQcXXfeA%3D&pfdrid_c=false HTTP/1.1" 500 383
201.245.192.253 - - [30/Oct/2023:07:19:33 -0500] "POST /sipse/faces/presentacion/financiero/solicitudProceso/consultarSolicitudProceso.xhtml HTTP/1.1" 200 53972
201.245.192.253 - - [30/Oct/2023:07:19:36 -0500] "GET /sipse/faces/javax.faces.resource/jquery/jquery.js?ln=primefaces&v=4.0 HTTP/1.1" 304 -
201.245.192.253 - - [30/Oct/2023:07:19:36 -0500] "GET /sipse/faces/javax.faces.resource/jquery/jquery-plugins.js?ln=primefaces&v=4.0 HTTP/1.1" 304 -
201.245.192.253 - - [30/Oct/2023:07:19:36 -0500] "GET /sipse/faces/javax.faces.resource/primefaces.js?ln=primefaces&v=4.0 HTTP/1.1" 304 -
201.245.192.253 - - [30/Oct/2023:07:19:36 -0500] "GET /sipse/faces/javax.faces.resource/layout/layout.js?ln=primefaces&v=4.0 HTTP/1.1" 304 -
201.245.192.253 - - [30/Oct/2023:07:19:36 -0500] "GET /sipse/faces/javax.faces.resource/messages/messages.png?ln=primefaces&v=4.0 HTTP/1.1" 304 -
201.245.192.253 - - [30/Oct/2023:07:19:36 -0500] "POST /sipse/faces/presentacion/financiero/solicitudProceso/listarSolicitudProceso.xhtml HTTP/1.1" 200 1488
201.245.192.253 - - [30/Oct/2023:07:19:44 -0500] "POST /sipse/faces/presentacion/financiero/solicitudProceso/listarSolicitudProceso.xhtml HTTP/1.1" 200 119689
201.245.192.253 - - [30/Oct/2023:07:19:45 -0500] "GET /sipse/faces/javax.faces.resource/jquery/jquery.js?ln=primefaces&v=4.0 HTTP/1.1" 304 -
201.245.192.253 - - [30/Oct/2023:07:19:45 -0500] "GET /sipse/faces/javax.faces.resource/jquery/jquery-plugins.js?ln=primefaces&v=4.0 HTTP/1.1" 304 -
201.245.192.253 - - [30/Oct/2023:07:19:45 -0500] "GET /sipse/faces/javax.faces.resource/primefaces.js?ln=primefaces&v=4.0 HTTP/1.1" 304 -
