186.102.46.53 - - [31/Oct/2023:10:17:35 -0500] "GET /kwssiamovil/sm/acme/a?s=U2FsdGVkX19m4/wpTlOGERwYk29DtC/GsRhpS8/IDSrcuNI/KOhI05rXLAebT4LSozs5LGMK6uUeePkLQ8E1oMESKd/xl8o/R/bwG7lLNX0esub0c+5Uskki455EsAX6oW8BrJ8C2pytQdYZ3lmsGENl7wh9F6ZjeK0qNIKloiDu2m8R8dyXOq3A0mJYqIc/77wP+bU+vf7iJ+a5csDFJA==&u=U2FsdGVkX1+U3JV0HA4B92eM9vS9NVfY7ojry0E+u5XofVE+atFkvgEqeg2mgj+R&y=U2FsdGVkX18SFqojdIzlg9+0iErjhztosF0ArozJOi/BtVsshwxS7CLhQuPfje62 HTTP/1.1" 200 25
186.102.46.53 - - [31/Oct/2023:10:17:35 -0500] "GET /kwssiamovil/sm/acme/a?s=U2FsdGVkX1/fh+Y2xmNjGjRNE3NYxy2fKzt44L44YnY13JBENXgIftTCXhu4nwM+LX5HoslqNzlu+WPQjAu9THR9MmzrQKEau3GJZsePi+Yvku/SDsHZMLYlHQh90+0EGNYJxLEVLB6Tnqr5ttxPKMAB/1CvMDAKkQuNDiA1GXs=&u=U2FsdGVkX1+U3JV0HA4B92eM9vS9NVfY7ojry0E+u5XofVE+atFkvgEqeg2mgj+R&y=U2FsdGVkX18SFqojdIzlg9+0iErjhztosF0ArozJOi/BtVsshwxS7CLhQuPfje62 HTTP/1.1" 200 26
201.245.192.253 - - [31/Oct/2023:10:17:34 -0500] "POST /sipse/faces/bienvenido.xhtml HTTP/1.1" 200 64639
201.245.192.253 - - [31/Oct/2023:10:17:35 -0500] "GET /sipse/faces/javax.faces.resource/jquery/jquery.js?ln=primefaces&v=4.0 HTTP/1.1" 304 -
201.245.192.253 - - [31/Oct/2023:10:17:35 -0500] "GET /sipse/faces/javax.faces.resource/jquery/jquery-plugins.js?ln=primefaces&v=4.0 HTTP/1.1" 304 -
186.102.46.53 - - [31/Oct/2023:10:17:35 -0500] "GET /kwssiamovil/sm/acme/a?s=U2FsdGVkX1+l+7/3qVjzG9dwhH450FZM9tz0RocKq60GAfVNaKEcsulTcepjvZ4mILqWcc1hDNyhfje2ODe2x0Z1U3rNXhMBxEp2JK6ZONMD86ANUWkgX2XNXb1skS39+KscVFCJ72sWMxr1we0KBLRIzecs8y0fyft1V1bfnzMxE0bJss+sGkjr7Gk/CvrKJMUyi21PrtjORxk2udj2pA==&u=U2FsdGVkX1+U3JV0HA4B92eM9vS9NVfY7ojry0E+u5XofVE+atFkvgEqeg2mgj+R&y=U2FsdGVkX18SFqojdIzlg9+0iErjhztosF0ArozJOi/BtVsshwxS7CLhQuPfje62 HTTP/1.1" 200 26
201.245.192.253 - - [31/Oct/2023:10:17:35 -0500] "GET /sipse/faces/javax.faces.resource/primefaces.js?ln=primefaces&v=4.0 HTTP/1.1" 304 -
186.84.90.177 - - [31/Oct/2023:10:17:35 -0500] "POST /appsia/controlador HTTP/1.1" 200 7797
201.245.192.253 - - [31/Oct/2023:10:17:35 -0500] "GET /sipse/faces/javax.faces.resource/layout/layout.js?ln=primefaces&v=4.0 HTTP/1.1" 304 -
201.245.192.253 - - [31/Oct/2023:10:17:34 -0500] "POST /sipsepre/faces/autenticacion.xhtml HTTP/1.1" 200 11192
201.245.192.253 - - [31/Oct/2023:10:17:35 -0500] "GET /sipsepre/faces/javax.faces.resource/jquery/jquery.js?ln=primefaces&v=4.0 HTTP/1.1" 304 -
201.245.192.253 - - [31/Oct/2023:10:17:35 -0500] "GET /sipsepre/faces/javax.faces.resource/jquery/jquery-plugins.js?ln=primefaces&v=4.0 HTTP/1.1" 304 -
201.245.192.253 - - [31/Oct/2023:10:17:35 -0500] "GET /sipsepre/faces/javax.faces.resource/primefaces.js?ln=primefaces&v=4.0 HTTP/1.1" 304 -
186.102.46.53 - - [31/Oct/2023:10:17:35 -0500] "GET /kwssiamovil/sm/acme/a?s=U2FsdGVkX1/LGgP/IDNsGC79IL/qnTc39p7ZjHb3lD9iRyckQ5XpAiGjPHXWbhu5FC5g78je0EJc94rZfzIle6iQx7sx4jH/N/AywVFdN3/vX6ji/3mCVkxRQp6HuXVpSWD7VC1HN0olqY5Vlee3psbLa7ITKNJ6a8uPl6LF37QSZsR4v1Z0saRO4jz27OJo&u=U2FsdGVkX1+U3JV0HA4B92eM9vS9NVfY7ojry0E+u5XofVE+atFkvgEqeg2mgj+R&y=U2FsdGVkX18SFqojdIzlg9+0iErjhztosF0ArozJOi/BtVsshwxS7CLhQuPfje62 HTTP/1.1" 200 25
201.245.192.253 - - [31/Oct/2023:10:17:36 -0500] "GET /sipsepre/faces/javax.faces.resource/layout/layout.js?ln=primefaces&v=4.0 HTTP/1.1" 304 -
201.245.192.253 - - [31/Oct/2023:10:17:36 -0500] "GET /sipsepre/faces/javax.faces.resource/messages/messages.png?ln=primefaces&v=4.0 HTTP/1.1" 304 -
201.245.192.253 - - [31/Oct/2023:10:17:36 -0500] "POST /sipsepre/faces/presentacion/sistema/seguridad/seleccionRol.xhtml HTTP/1.1" 200 1370
186.102.46.53 - - [31/Oct/2023:10:17:36 -0500] "GET /kwssiamovil/sm/acme/a?s=U2FsdGVkX1/aq4bz//5/v7qzh6RP39TamPrzQV5AERR1Zq5OoC5ONuf7vbOOznIGfSUPXJIAFH5jByMJMZphKjuJ0+zj+kBgucn5WNk8nvlFRiNb4rBDHmTpcuzYfs/8ST7h0KcyRF0CsKYAf4Wb6J3VKpJf5//PMrZN9TVllVm1FaJ7iLw4oAu5+Ph0b8N/+AH2fyxwpKTchoM0L0CrW/aKn5Zy2EoOGLqKU6xl/mcZTX+MdpWjCzqbD8fEEnfAqeonXqj261x4d0SaMJzpJIA7qAGsxDO2hM0eue/0yzueHFwNSPbENayqKoZStMTJQwMDTUZbl1v4cFAev/Y6x8MVCflrjpDoVG7SbeSwlkfgU/UhYW4rXjttnNtFMZIXgCsKyX693RKhV1OMMV4T5h+M6W6jVNKOY+7/Ub1VdhCHixJ+cm7h1iagikuFIhyp&u=U2FsdGVkX1+U3JV0HA4B92eM9vS9NVfY7ojry0E+u5XofVE+atFkvgEqeg2mgj+R&y=U2FsdGVkX18SFqojdIzlg9+0iErjhztosF0ArozJOi/BtVsshwxS7CLhQuPfje62 HTTP/1.1" 200 25
186.102.46.53 - - [31/Oct/2023:10:17:36 -0500] "GET /kwssiamovil/sm/acme/a?s=U2FsdGVkX19JNTaTWssi47npXJDHz6QUIcBJSo20QMqLTwM7VAtxfkCCOAAjLrZmMTuC0AyX6LkEBzL8kPBIzMVIZ/xKeCGiNVj/sH/1SBKkgHIgtNLDpESJ67+m0RXqj6xJWenCMtoaw2/w4ZTA9dJnCqd5aGXKXOF5BJ324xoIcPvR1istoPpKGWD55AMC/5lmdhhV7IwkNyULpV8mgygXGzak6SXw058YiQC4LHQ=&u=U2FsdGVkX1+U3JV0HA4B92eM9vS9NVfY7ojry0E+u5XofVE+atFkvgEqeg2mgj+R&y=U2FsdGVkX18SFqojdIzlg9+0iErjhztosF0ArozJOi/BtVsshwxS7CLhQuPfje62 HTTP/1.1" 200 25
201.245.192.253 - - [31/Oct/2023:10:17:36 -0500] "POST /sipse/faces/presentacion/financiero/solicitudProceso/listarSolicitudProceso.xhtml HTTP/1.1" 200 1548
186.102.46.53 - - [31/Oct/2023:10:17:36 -0500] "GET /kwssiamovil/sm/acme/a?s=U2FsdGVkX19xWl7iTICxoQXeJGbDUcq5NGdeGGWW2OzC91rsp+kqDGGmtSNAYAUQf+9gBNa7VNJtX0ezVmHYcOHFMz5mayL928USdzHx85m6AyX4g7HvvS3MQCS14KnOsq+slpSpiZAKK0cEs+nSkM+wQmIR9+wyQ76MNW7aqwHPwsRPdbq87npGkmsDoPonjvaK8olPUOlpoJQ4HyOA3fjvhyiaxLShQPrCXlAow72b+HMYo4ciwQGz0t3PSjB93RhROmElMCqzOptyGfAG0GL0NQZ8r0LUVWpo972dabgSV/7xgtIWhUq8JjcfcQDH8HVTbyTJhdwz23XY4yO+i62dhZ3946Aoyf67F4ZQ2Vr9yQT8EGDJpoCH3p09pRrFOqQxuLa0R0VEc1Bwvoll+A==&u=U2FsdGVkX1+U3JV0HA4B92eM9vS9NVfY7ojry0E+u5XofVE+atFkvgEqeg2mgj+R&y=U2FsdGVkX18SFqojdIzlg9+0iErjhztosF0ArozJOi/BtVsshwxS7CLhQuPfje62 HTTP/1.1" 200 25
186.102.46.53 - - [31/Oct/2023:10:17:36 -0500] "GET /kwssiamovil/sm/acme/a?s=U2FsdGVkX18IlEFKbv7ld6cGeDnl7XlyydI5KaAYbrV0S59RZ/W7vluQsnJg0yF+1ueMUrJckeiJe2WLROKmZaZJcm7Rgj//HbiLMKLY/XUmZEHvqApk6OkI+jl48vzc7No6Uc4YFsYZbQrSrkIfsvkt/Og27i5YtarGKXkSk99BKywYum8hpbia5hD3GZLDfOlrZrlhMP0u727IoRm5yg==&u=U2FsdGVkX1+U3JV0HA4B92eM9vS9NVfY7ojry0E+u5XofVE+atFkvgEqeg2mgj+R&y=U2FsdGVkX18SFqojdIzlg9+0iErjhztosF0ArozJOi/BtVsshwxS7CLhQuPfje62 HTTP/1.1" 200 26
186.102.46.53 - - [31/Oct/2023:10:17:37 -0500] "GET /kwssiamovil/sm/acme/a?s=U2FsdGVkX1/0t28K1dyv3yKBIdGXeGm9svhhcvShMZYn7axtvgQiPWJpFu3R+Ch7ClNO7ZWz1COLKoCLCuZgEuTWnhpv9+1OaQVtygFgkdExQrpiXhuFSWHe1RZsBjbGD5pf/ljtXX1uge7Borh9WFrCK0/gF8Qk/zPoxuRzHf3plds31v4/soL+ES23ANz4cns488ABKGj2ySUPXdCIN7Sqt1yhSVCp611JVogKfmQ=&u=U2FsdGVkX1+U3JV0HA4B92eM9vS9NVfY7ojry0E+u5XofVE+atFkvgEqeg2mgj+R&y=U2FsdGVkX18SFqojdIzlg9+0iErjhztosF0ArozJOi/BtVsshwxS7CLhQuPfje62 HTTP/1.1" 200 25
186.102.46.53 - - [31/Oct/2023:10:17:37 -0500] "GET /kwssiamovil/sm/acme/a?s=U2FsdGVkX1/BRmto+K+c+NPS+10HU1ejJLWEyL8cSos9dYX5scF1DIe+C/G58Kq1c4rAsP/2nSNIbTZHpB1t1lUtATAfjLoZTd5cQ8CA4JHpBEnEJspGfQZI/BYGha/VJp6hqdGvyNOLtKXhSrX3s9kiuEUmZlPSO5sGHfjOZQMR6QQTJvDoA0lKynz+27ZNO3OJ5xuW8ueUVrkjikBd8Q==&u=U2FsdGVkX1+U3JV0HA4B92eM9vS9NVfY7ojry0E+u5XofVE+atFkvgEqeg2mgj+R&y=U2FsdGVkX18SFqojdIzlg9+0iErjhztosF0ArozJOi/BtVsshwxS7CLhQuPfje62 HTTP/1.1" 200 26
186.102.46.53 - - [31/Oct/2023:10:17:37 -0500] "GET /kwssiamovil/sm/acme/a?s=U2FsdGVkX19Kh95E+x5iZROG40ojuOButU3cBX3UkBvXNeqvKQyq+nIGzWLrgUE7VSkNLu/2SHlG2wQuDWOvgulKacPVI+4VNfonePNu7SAlcw2d3Gwwtc1eykW08vTp1k3bTXa3mDnrkjP2P1xbXbu7UhJh44vmxnIqjZ/z0LJRh8o7hZSDKUXMo4e6jd6ylPMe6j5zsLvN4qGA8iPibwyTqBrVTAzfY0l9IKkthro=&u=U2FsdGVkX1+U3JV0HA4B92eM9vS9NVfY7ojry0E+u5XofVE+atFkvgEqeg2mgj+R&y=U2FsdGVkX18SFqojdIzlg9+0iErjhztosF0ArozJOi/BtVsshwxS7CLhQuPfje62 HTTP/1.1" 200 25
201.245.192.253 - - [31/Oct/2023:10:17:35 -0500] "POST /kwsrmcab/Wsrmcab HTTP/1.1" 200 39943
186.102.46.53 - - [31/Oct/2023:10:17:37 -0500] "GET /kwssiamovil/sm/acme/a?s=U2FsdGVkX19/wrRC4TT38n8K7uNnjqQ2bb1febP8lilv2xLVcxrUZTAuioQfLd9urtJjrMiOx1addqsSnMrrLN/AK+yMWj8TsSSBMYI15ChSrCkoTIcb/Ygm+iH49Ik0p9W3QDJ0Yjy+Wswd2tXBspTE8OGNmSoQ1QTaJ3miYQHoSwr4KWUoBEqf/7SquwL5On1c4OnZxclp86q21/9vDA==&u=U2FsdGVkX1+U3JV0HA4B92eM9vS9NVfY7ojry0E+u5XofVE+atFkvgEqeg2mgj+R&y=U2FsdGVkX18SFqojdIzlg9+0iErjhztosF0ArozJOi/BtVsshwxS7CLhQuPfje62 HTTP/1.1" 200 26
186.102.46.53 - - [31/Oct/2023:10:17:38 -0500] "GET /kwssiamovil/sm/acme/a?s=U2FsdGVkX18HGDmVolV3bsIx5T71gnDZIb9SfnHOxSLK93Y8AWs6rAP9lZfcEveuEVAfAVdsNp4HEFnC34UCK6ntUGRUh/M1L5G2IC3lh00rMIONba0QGt0lo3UVuak1yK12pIBl8rvAj+gRE3dFEdhMZKTm+OoKVRyH5HHeGJ2mcW0nzylF/igqzvqasSG1gkS06zfwRPT6/cJhQpc7vXVEFVzcTfzpZdmlXVPG7p8=&u=U2FsdGVkX1+U3JV0HA4B92eM9vS9NVfY7ojry0E+u5XofVE+atFkvgEqeg2mgj+R&y=U2FsdGVkX18SFqojdIzlg9+0iErjhztosF0ArozJOi/BtVsshwxS7CLhQuPfje62 HTTP/1.1" 200 25
201.245.192.253 - - [31/Oct/2023:10:17:37 -0500] "POST /sipse/faces/presentacion/financiero/solicitudProceso/listarSolicitudProceso.xhtml HTTP/1.1" 200 47041
201.245.192.253 - - [31/Oct/2023:10:17:38 -0500] "POST /sipsepre/faces/presentacion/sistema/seguridad/seleccionRol.xhtml HTTP/1.1" 200 5868
186.102.46.53 - - [31/Oct/2023:10:17:38 -0500] "GET /kwssiamovil/sm/acme/a?s=U2FsdGVkX1/f+LYOxL8GVOLZeiTFtA/5l8Jmf6XlKuqgKdtmXH8FMECiK8lqDK29mE+WMZbevkzJH3bfsd8I4GKH6GpZSZiqJ9vkX44xWGO8nKgxKM0LEuoUf7Uhd2nOmPxrKlHd+xW0sbDPXCfqI2/8bAAqLRXxGZYbDt2/RDRh7Iv6efapOKr0EyjPaQa/fJdQ6HeQu8BZEjjLjF3utQ==&u=U2FsdGVkX1+U3JV0HA4B92eM9vS9NVfY7ojry0E+u5XofVE+atFkvgEqeg2mgj+R&y=U2FsdGVkX18SFqojdIzlg9+0iErjhztosF0ArozJOi/BtVsshwxS7CLhQuPfje62 HTTP/1.1" 200 26
201.245.192.253 - - [31/Oct/2023:10:17:38 -0500] "POST /sipse/faces/presentacion/financiero/solicitudProceso/listarSolicitudProceso.xhtml HTTP/1.1" 200 1552
186.102.46.53 - - [31/Oct/2023:10:17:38 -0500] "GET /kwssiamovil/sm/acme/a?s=U2FsdGVkX19nLJsYPoucGWAGafQ6NAieJ0WCImW4YOn45sE8uq9MyQpGk4gEZqiOxm4Coi235CG6msz2JwcXhq36jk7nI4/v62JOqYNeEPXR6ZQfG9PY7F+YobtNQbZUdLUGlScwLL5NdOF241lVsGQgIRpkUi7hQPYHvEG0TeJd5ntcMh8m6nq2ELJDI3TzyeSaF+kdEjaOy6OdC9Vlui2GD9Td/71xxJMW7WrQ2hs=&u=U2FsdGVkX1+U3JV0HA4B92eM9vS9NVfY7ojry0E+u5XofVE+atFkvgEqeg2mgj+R&y=U2FsdGVkX18SFqojdIzlg9+0iErjhztosF0ArozJOi/BtVsshwxS7CLhQuPfje62 HTTP/1.1" 200 25
186.102.46.53 - - [31/Oct/2023:10:17:38 -0500] "GET /kwssiamovil/sm/acme/a?s=U2FsdGVkX1/neoxmZAJo6F9gHg9zWbaBxkk7DziXTk7AE4GUsiFrk+UrxJaZfw/NyH4okQ52D+AmuVwjIGhm0p/plOt3xywWi74aS7WhPqgUIiIdm9lnlJa7G1/YhrErVXUswqopXcpCFQOAzW/IQ+T+lCb7YV2Q3cSZYMydTUMDcIhZyL6ARiR9oIDzeDTv3vjg+9Gu8nr6PbUH8dAtsQ==&u=U2FsdGVkX1+U3JV0HA4B92eM9vS9NVfY7ojry0E+u5XofVE+atFkvgEqeg2mgj+R&y=U2FsdGVkX18SFqojdIzlg9+0iErjhztosF0ArozJOi/BtVsshwxS7CLhQuPfje62 HTTP/1.1" 200 26
201.245.192.253 - - [31/Oct/2023:10:17:38 -0500] "POST /sipse/faces/presentacion/financiero/solicitudProceso/listarSolicitudProceso.xhtml HTTP/1.1" 200 32529
186.102.46.53 - - [31/Oct/2023:10:17:38 -0500] "GET /kwssiamovil/sm/acme/a?s=U2FsdGVkX1/xefwc8ab1iyyMmCXeahdqH1CxNVyPcj0qAxeVmFF1SllwkviJb9Ug4DY4QJ21oGnifhLNW1GWRd0rO5PqtYaLpiXE1n4lqbLedErydtHtsVfvCblSfdD4ItJxUjLpKpmYXJZt5J9JLb91sIq/QdP3uwqO3VnSsFpg3Y1FwhfKdZf2R6k2XQuFHwhczd0ysIo40P+4U/lCVKOuK1yFxn+nar1HbGZvQlU=&u=U2FsdGVkX1+U3JV0HA4B92eM9vS9NVfY7ojry0E+u5XofVE+atFkvgEqeg2mgj+R&y=U2FsdGVkX18SFqojdIzlg9+0iErjhztosF0ArozJOi/BtVsshwxS7CLhQuPfje62 HTTP/1.1" 200 25
201.245.192.253 - - [31/Oct/2023:10:17:38 -0500] "GET /sipsepre/faces/javax.faces.resource/images/ui-bg_flat_0_2d5972_40x100.png?ln=primefaces-aristo HTTP/1.1" 304 -
172.22.2.4 - - [31/Oct/2023:10:17:38 -0500] "GET /BLA/boletinlegal/consulta_actos.php?tipo=resoluciones&no=5256&usuario=&sector=PEV&fecha=2011&resuelve= HTTP/1.1" 200 1096
201.245.192.253 - - [31/Oct/2023:10:17:38 -0500] "POST /sipse/faces/presentacion/financiero/solicitudProceso/listarSolicitudProceso.xhtml HTTP/1.1" 200 45338
186.102.46.53 - - [31/Oct/2023:10:17:39 -0500] "GET /kwssiamovil/sm/acme/a?s=U2FsdGVkX19dl5HhpPH7veO/oN/CriJ8FOu0dCmfT4N4ybZokaSLM3MxFOt96QDU++nIgbQHzBXnICIEDfqaM9fCzgCFNWW0vUgyLdu6XokA7ufg+pn4DETeSL3ox6av8p0x4PmVlYbU1MQAcOzr8NIeKXlzFhMW795A/KxpHLC/Kehbq26c5hVNf8C1oWHPVOI3m792nYfc3/NRA8woLg==&u=U2FsdGVkX1+U3JV0HA4B92eM9vS9NVfY7ojry0E+u5XofVE+atFkvgEqeg2mgj+R&y=U2FsdGVkX18SFqojdIzlg9+0iErjhztosF0ArozJOi/BtVsshwxS7CLhQuPfje62 HTTP/1.1" 200 26
186.102.46.53 - - [31/Oct/2023:10:17:39 -0500] "GET /kwssiamovil/sm/acme/a?s=U2FsdGVkX1/+JVdwRXYFKc005VRRey8TAlWPdVM8HivaZpDDs/hlZGXS3/6PXUNzDudqAUq8g9+Mk4qgGwAZEcuvRQNRpFYffyYslu0rKJZRuYLHm/2EKr5O0M+s09BS4ptlAqy4/Go1z5i5W34llErv4zKxQCRnf5RhEKaDhi8d/mqzVWrVOURGvLdlh2AN5F6Km8/ckn3ZBHPrcp+RkcvfmDr3K9K2fMcztqBjIWY=&u=U2FsdGVkX1+U3JV0HA4B92eM9vS9NVfY7ojry0E+u5XofVE+atFkvgEqeg2mgj+R&y=U2FsdGVkX18SFqojdIzlg9+0iErjhztosF0ArozJOi/BtVsshwxS7CLhQuPfje62 HTTP/1.1" 200 25
186.102.46.53 - - [31/Oct/2023:10:17:39 -0500] "GET /kwssiamovil/sm/acme/a?s=U2FsdGVkX195n/u8n26dSIvjmb9Wu4vRgd/2lVN/UPDcX/mMX3T5hAwlh7lXVZTWNcDp9/sNAPoGc1RYWHMRyOV/WTfNLnT+H/0Ya1hnT+VTL+E0qoNNou8PYu0b/Hb6x46VALjypnbI6FQ/IrMeDDwzlfJbx4cYKh9y6/KSfWIcwzNFUXgA8izR+Jdv1quJb0+wrtRBx+OkiOP/Tm1ybQ==&u=U2FsdGVkX1+U3JV0HA4B92eM9vS9NVfY7ojry0E+u5XofVE+atFkvgEqeg2mgj+R&y=U2FsdGVkX18SFqojdIzlg9+0iErjhztosF0ArozJOi/BtVsshwxS7CLhQuPfje62 HTTP/1.1" 200 26
201.245.192.253 - - [31/Oct/2023:10:17:39 -0500] "POST /sipsepre/faces/presentacion/sistema/seguridad/seleccionRol.xhtml HTTP/1.1" 200 16419
201.245.192.253 - - [31/Oct/2023:10:17:40 -0500] "GET /sipsepre/faces/javax.faces.resource/jquery/jquery.js?ln=primefaces&v=4.0 HTTP/1.1" 304 -
201.245.192.253 - - [31/Oct/2023:10:17:40 -0500] "POST /sipse/faces/presentacion/financiero/solicitudProceso/listarSolicitudProceso.xhtml HTTP/1.1" 200 32665
201.245.192.253 - - [31/Oct/2023:10:17:40 -0500] "GET /sipsepre/faces/javax.faces.resource/jquery/jquery-plugins.js?ln=primefaces&v=4.0 HTTP/1.1" 304 -
201.245.192.253 - - [31/Oct/2023:10:17:40 -0500] "GET /sipsepre/faces/javax.faces.resource/primefaces.js?ln=primefaces&v=4.0 HTTP/1.1" 304 -
201.245.192.253 - - [31/Oct/2023:10:17:40 -0500] "GET /sipsepre/faces/javax.faces.resource/layout/layout.js?ln=primefaces&v=4.0 HTTP/1.1" 304 -
201.245.192.253 - - [31/Oct/2023:10:17:38 -0500] "POST /kwsrmcab/Wsrmcab HTTP/1.1" 200 36347
186.84.90.177 - - [31/Oct/2023:10:17:40 -0500] "POST /appsia/controlador HTTP/1.1" 200 6670
186.84.90.177 - - [31/Oct/2023:10:17:41 -0500] "POST /appsia/controlador HTTP/1.1" 200 10593
201.245.192.253 - - [31/Oct/2023:10:17:42 -0500] "POST /sipsepre/faces/bienvenido.xhtml HTTP/1.1" 200 9874
201.245.192.253 - - [31/Oct/2023:10:17:46 -0500] "POST /sipsepre/faces/bienvenido.xhtml HTTP/1.1" 200 2658
201.245.192.253 - - [31/Oct/2023:10:17:46 -0500] "POST /sipsepre/faces/bienvenido.xhtml HTTP/1.1" 200 51081
201.245.192.253 - - [31/Oct/2023:10:17:47 -0500] "GET /sipsepre/faces/javax.faces.resource/jquery/jquery.js?ln=primefaces&v=4.0 HTTP/1.1" 304 -
201.245.192.253 - - [31/Oct/2023:10:17:47 -0500] "GET /sipsepre/faces/javax.faces.resource/jquery/jquery-plugins.js?ln=primefaces&v=4.0 HTTP/1.1" 304 -
201.245.192.253 - - [31/Oct/2023:10:17:47 -0500] "GET /sipsepre/faces/javax.faces.resource/primefaces.js?ln=primefaces&v=4.0 HTTP/1.1" 304 -
201.245.192.253 - - [31/Oct/2023:10:17:44 -0500] "POST /kwsrmcab/Wsrmcab  HTTP/1.1" 200 40654
201.245.192.253 - - [31/Oct/2023:10:17:47 -0500] "GET /sipsepre/faces/javax.faces.resource/layout/layout.js?ln=primefaces&v=4.0 HTTP/1.1" 304 -
201.245.192.253 - - [31/Oct/2023:10:17:47 -0500] "POST /sipsepre/faces/presentacion/financiero/solicitudProceso/listarSolicitudProceso.xhtml HTTP/1.1" 200 1488
201.245.192.253 - - [31/Oct/2023:10:17:47 -0500] "GET /sipsepre/faces/javax.faces.resource/layout/layout.css?ln=primefaces&v=4.0 HTTP/1.1" 200 542
201.245.192.253 - - [31/Oct/2023:10:17:47 -0500] "GET /sipsepre/faces/javax.faces.resource/jquery/jquery.js?ln=primefaces&v=4.0 HTTP/1.1" 304 -
201.245.192.253 - - [31/Oct/2023:10:17:47 -0500] "GET /sipsepre/faces/javax.faces.resource/jquery/jquery-plugins.js?ln=primefaces&v=4.0 HTTP/1.1" 304 -
201.245.192.253 - - [31/Oct/2023:10:17:47 -0500] "GET /sipsepre/faces/javax.faces.resource/primefaces.js?ln=primefaces&v=4.0 HTTP/1.1" 304 -
201.245.192.253 - - [31/Oct/2023:10:17:47 -0500] "GET /sipsepre/faces/javax.faces.resource/layout/layout.js?ln=primefaces&v=4.0 HTTP/1.1" 304 -
201.245.192.253 - - [31/Oct/2023:10:17:47 -0500] "POST /sipsepre/faces/presentacion/financiero/solicitudProceso/consultarHistorialSolProceso.xhtml HTTP/1.1" 200 153063
201.245.192.253 - - [31/Oct/2023:10:17:47 -0500] "GET /sipsepre/faces/javax.faces.resource/primefaces.css?ln=primefaces&v=4.0 HTTP/1.1" 200 53325
201.245.192.253 - - [31/Oct/2023:10:17:47 -0500] "GET /sipsepre/faces/javax.faces.resource/theme.css?ln=primefaces-sipse HTTP/1.1" 200 50106
201.245.192.253 - - [31/Oct/2023:10:17:47 -0500] "GET /sipsepre/faces/javax.faces.resource/images/ui-icons_898989_256x240.png?ln=primefaces-aristo HTTP/1.1" 200 5355
201.245.192.253 - - [31/Oct/2023:10:17:48 -0500] "GET /favicon.ico HTTP/1.1" 200 7782
201.245.192.253 - - [31/Oct/2023:10:17:47 -0500] "GET /reportes_sipsepre/sdg/ServletReporte?reporte=memo_viabilidad&solicitud=14286&viabilidad=12876&pfdrid_c=false HTTP/1.1" 200 126250
201.245.192.253 - - [31/Oct/2023:10:17:51 -0500] "POST /sipsepre/faces/presentacion/financiero/solicitudProceso/listarSolicitudProceso.xhtml HTTP/1.1" 200 123796
201.245.192.253 - - [31/Oct/2023:10:17:54 -0500] "GET /sipsepre/faces/javax.faces.resource/jquery/jquery.js?ln=primefaces&v=4.0 HTTP/1.1" 304 -
201.245.192.253 - - [31/Oct/2023:10:17:54 -0500] "GET /sipsepre/faces/javax.faces.resource/jquery/jquery-plugins.js?ln=primefaces&v=4.0 HTTP/1.1" 304 -
201.245.192.253 - - [31/Oct/2023:10:17:54 -0500] "GET /sipsepre/faces/javax.faces.resource/primefaces.js?ln=primefaces&v=4.0 HTTP/1.1" 304 -
201.245.192.253 - - [31/Oct/2023:10:17:54 -0500] "GET /sipsepre/faces/javax.faces.resource/layout/layout.js?ln=primefaces&v=4.0 HTTP/1.1" 304 -
201.245.192.253 - - [31/Oct/2023:10:17:55 -0500] "GET /reportes_sipsepre/sdg/ServletReporte?reporte=memo_viabilidad&solicitud=14286&viabilidad=12876&pfdrid_c=false HTTP/1.1" 200 126250
186.84.90.177 - - [31/Oct/2023:10:17:56 -0500] "POST /appsia/controlador HTTP/1.1" 200 7797
201.245.192.253 - - [31/Oct/2023:10:17:57 -0500] "POST /sipse/faces/presentacion/financiero/solicitudProceso/listarSolicitudProceso.xhtml HTTP/1.1" 200 111401
201.245.192.253 - - [31/Oct/2023:10:17:58 -0500] "GET /sipse/faces/javax.faces.resource/jquery/jquery.js?ln=primefaces&v=4.0 HTTP/1.1" 304 -
201.245.192.253 - - [31/Oct/2023:10:17:58 -0500] "GET /sipse/faces/javax.faces.resource/jquery/jquery-plugins.js?ln=primefaces&v=4.0 HTTP/1.1" 304 -
201.245.192.253 - - [31/Oct/2023:10:17:58 -0500] "GET /sipse/faces/javax.faces.resource/primefaces.js?ln=primefaces&v=4.0 HTTP/1.1" 304 -
201.245.192.253 - - [31/Oct/2023:10:17:58 -0500] "GET /sipse/faces/javax.faces.resource/layout/layout.js?ln=primefaces&v=4.0 HTTP/1.1" 304 -
186.84.90.177 - - [31/Oct/2023:10:18:01 -0500] "POST /appsia/controlador HTTP/1.1" 200 6670
186.84.90.177 - - [31/Oct/2023:10:18:02 -0500] "POST /appsia/controlador HTTP/1.1" 200 10593
186.155.12.173 - - [31/Oct/2023:10:18:03 -0500] "GET /BLA/resoluciones/index.php?dir=RESOLUCIONES+2014%2F HTTP/1.1" 200 334189
186.155.12.173 - - [31/Oct/2023:10:18:06 -0500] "GET /BLA/resoluciones/RESOLUCIONES%202014/2722.pdf HTTP/1.1" 200 292762
186.84.90.177 - - [31/Oct/2023:10:18:08 -0500] "POST /appsia/controlador HTTP/1.1" 200 7797
201.245.192.253 - - [31/Oct/2023:10:18:10 -0500] "POST /sipse/faces/presentacion/workflow/adminEstacion.xhtml HTTP/1.1" 200 911
52.167.144.171 - - [31/Oct/2023:10:18:11 -0500] "GET /Publicaciones/2023EE210171.pdf HTTP/1.1" 404 228
186.84.90.177 - - [31/Oct/2023:10:18:11 -0500] "POST /appsia/controlador HTTP/1.1" 200 6670
186.84.90.177 - - [31/Oct/2023:10:18:13 -0500] "POST /appsia/controlador HTTP/1.1" 200 10593
201.245.192.253 - - [31/Oct/2023:10:18:13 -0500] "POST /forms/lservlet;jsessionid=ac16012b30d65c7e47164f5e474ca0288be7f283fadc.e3iSbxaKaheRe3eRa38MahaQbi1ynknvrkLOlQzNp65In0 HTTP/1.1" 200 2
186.84.90.177 - - [31/Oct/2023:10:18:16 -0500] "POST /appsia/controlador HTTP/1.1" 200 7797
201.245.192.253 - - [31/Oct/2023:10:18:22 -0500] "POST /sipse/faces/presentacion/financiero/solicitudProceso/consultarSolicitudProceso.xhtml HTTP/1.1" 200 43986
201.245.192.253 - - [31/Oct/2023:10:18:22 -0500] "GET /sipse/faces/javax.faces.resource/theme.css?ln=primefaces-sipse HTTP/1.1" 304 -
201.245.192.253 - - [31/Oct/2023:10:18:22 -0500] "GET /sipse/faces/javax.faces.resource/primefaces.css?ln=primefaces&v=4.0 HTTP/1.1" 304 -
201.245.192.253 - - [31/Oct/2023:10:18:22 -0500] "GET /sipse/faces/javax.faces.resource/layout/layout.css?ln=primefaces&v=4.0 HTTP/1.1" 304 -
201.245.192.253 - - [31/Oct/2023:10:18:22 -0500] "GET /sipse/faces/javax.faces.resource/jquery/jquery.js?ln=primefaces&v=4.0 HTTP/1.1" 304 -
201.245.192.253 - - [31/Oct/2023:10:18:22 -0500] "GET /sipse/faces/javax.faces.resource/jquery/jquery-plugins.js?ln=primefaces&v=4.0 HTTP/1.1" 304 -
201.245.192.253 - - [31/Oct/2023:10:18:22 -0500] "GET /sipse/faces/javax.faces.resource/primefaces.js?ln=primefaces&v=4.0 HTTP/1.1" 304 -
201.245.192.253 - - [31/Oct/2023:10:18:22 -0500] "GET /sipse/faces/javax.faces.resource/layout/layout.js?ln=primefaces&v=4.0 HTTP/1.1" 304 -
201.245.192.253 - - [31/Oct/2023:10:18:22 -0500] "POST /sipse/faces/presentacion/financiero/solicitudProceso/consultar.xhtml HTTP/1.1" 200 37385
201.245.192.253 - - [31/Oct/2023:10:18:22 -0500] "POST /sipse/faces/presentacion/financiero/solicitudProceso/consultar.xhtml HTTP/1.1" 200 37385
201.245.192.253 - - [31/Oct/2023:10:18:22 -0500] "POST /sipse/faces/presentacion/financiero/solicitudProceso/consultar.xhtml HTTP/1.1" 200 37385
201.245.192.253 - - [31/Oct/2023:10:18:22 -0500] "POST /sipse/faces/presentacion/financiero/solicitudProceso/consultar.xhtml HTTP/1.1" 200 37385
201.245.192.253 - - [31/Oct/2023:10:18:25 -0500] "POST /sipse/faces/presentacion/financiero/solicitudProceso/consultar.xhtml HTTP/1.1" 200 13297
186.84.90.177 - - [31/Oct/2023:10:18:25 -0500] "POST /appsia/controlador HTTP/1.1" 200 6670
186.84.90.177 - - [31/Oct/2023:10:18:26 -0500] "POST /appsia/controlador HTTP/1.1" 200 10984
201.245.192.253 - - [31/Oct/2023:10:18:26 -0500] "POST /sipse/faces/presentacion/financiero/solicitudProceso/consultar.xhtml HTTP/1.1" 200 134433
201.245.192.253 - - [31/Oct/2023:10:18:27 -0500] "GET /sipse/faces/javax.faces.resource/theme.css?ln=primefaces-sipse HTTP/1.1" 304 -
201.245.192.253 - - [31/Oct/2023:10:18:27 -0500] "GET /sipse/faces/javax.faces.resource/layout/layout.css?ln=primefaces&v=4.0 HTTP/1.1" 304 -
201.245.192.253 - - [31/Oct/2023:10:18:27 -0500] "GET /sipse/faces/javax.faces.resource/primefaces.css?ln=primefaces&v=4.0 HTTP/1.1" 304 -
201.245.192.253 - - [31/Oct/2023:10:18:27 -0500] "GET /sipse/faces/javax.faces.resource/jquery/jquery.js?ln=primefaces&v=4.0 HTTP/1.1" 304 -
201.245.192.253 - - [31/Oct/2023:10:18:27 -0500] "GET /sipse/faces/javax.faces.resource/jquery/jquery-plugins.js?ln=primefaces&v=4.0 HTTP/1.1" 304 -
201.245.192.253 - - [31/Oct/2023:10:18:27 -0500] "GET /sipse/faces/javax.faces.resource/primefaces.js?ln=primefaces&v=4.0 HTTP/1.1" 304 -
201.245.192.253 - - [31/Oct/2023:10:18:27 -0500] "GET /sipse/faces/javax.faces.resource/layout/layout.js?ln=primefaces&v=4.0 HTTP/1.1" 304 -
172.22.2.4 - - [31/Oct/2023:10:18:34 -0500] "GET /BLA/boletinlegal/consulta_actos.php?tipo=resoluciones&no=5255&usuario=&sector=PEV&fecha=2011&resuelve= HTTP/1.1" 200 1110
172.22.2.4 - - [31/Oct/2023:10:18:35 -0500] "GET /BLA/boletinlegal/robots.txt HTTP/1.1" 404 1038
172.22.2.4 - - [31/Oct/2023:10:18:37 -0500] "GET /BLA/boletinlegal/consulta_actos.php?tipo=resoluciones&no=5255&usuario=&sector=PEV&fecha=2012&resuelve= HTTP/1.1" 200 626
172.22.2.4 - - [31/Oct/2023:10:18:41 -0500] "GET /BLA/boletinlegal/consulta_actos.php?tipo=resoluciones&no=5255&usuario=&sector=PEV&fecha=2013&resuelve= HTTP/1.1" 200 626
172.22.2.4 - - [31/Oct/2023:10:18:42 -0500] "GET /BLA/boletinlegal/consulta_actos.php?tipo=resoluciones&no=5255&usuario=&sector=PEV&fecha=2013&resuelve= HTTP/1.1" 200 626
201.245.192.253 - - [31/Oct/2023:10:18:44 -0500] "POST /sipsepre/faces/presentacion/financiero/solicitudProceso/consultarSolicitudProceso.xhtml HTTP/1.1" 200 51081
201.245.192.253 - - [31/Oct/2023:10:18:44 -0500] "GET /sipsepre/faces/javax.faces.resource/jquery/jquery.js?ln=primefaces&v=4.0 HTTP/1.1" 304 -
201.245.192.253 - - [31/Oct/2023:10:18:44 -0500] "GET /sipsepre/faces/javax.faces.resource/jquery/jquery-plugins.js?ln=primefaces&v=4.0 HTTP/1.1" 304 -
201.245.192.253 - - [31/Oct/2023:10:18:44 -0500] "GET /sipsepre/faces/javax.faces.resource/primefaces.js?ln=primefaces&v=4.0 HTTP/1.1" 304 -
201.245.192.253 - - [31/Oct/2023:10:18:44 -0500] "GET /sipsepre/faces/javax.faces.resource/layout/layout.js?ln=primefaces&v=4.0 HTTP/1.1" 304 -
172.22.2.4 - - [31/Oct/2023:10:18:44 -0500] "GET /BLA/boletinlegal/consulta_actos.php?tipo=resoluciones&no=5255&usuario=&sector=PEV&fecha=2014&resuelve= HTTP/1.1" 200 626
201.245.192.253 - - [31/Oct/2023:10:18:44 -0500] "POST /sipsepre/faces/presentacion/financiero/solicitudProceso/listarSolicitudProceso.xhtml HTTP/1.1" 200 44410
201.245.192.253 - - [31/Oct/2023:10:18:45 -0500] "POST /sipsepre/faces/presentacion/financiero/solicitudProceso/listarSolicitudProceso.xhtml HTTP/1.1" 200 44410
201.245.192.253 - - [31/Oct/2023:10:18:45 -0500] "POST /sipsepre/faces/presentacion/financiero/solicitudProceso/listarSolicitudProceso.xhtml HTTP/1.1" 200 1488
201.245.192.253 - - [31/Oct/2023:10:18:45 -0500] "POST /sipsepre/faces/presentacion/financiero/solicitudProceso/listarSolicitudProceso.xhtml HTTP/1.1" 200 1500
201.245.192.253 - - [31/Oct/2023:10:18:45 -0500] "POST /sipsepre/faces/presentacion/financiero/solicitudProceso/listarSolicitudProceso.xhtml HTTP/1.1" 200 1496
172.22.2.4 - - [31/Oct/2023:10:18:47 -0500] "GET /BLA/boletinlegal/actos.php HTTP/1.1" 200 9682
172.22.2.4 - - [31/Oct/2023:10:18:47 -0500] "GET /BLA/boletinlegal/consulta_actos.php?tipo=resoluciones&no=5255&usuario=&sector=PEV&fecha=2015&resuelve= HTTP/1.1" 200 626
201.245.192.253 - - [31/Oct/2023:10:18:50 -0500] "POST /sipse/faces/presentacion/financiero/solicitudProceso/consultarSolicitudProceso.xhtml HTTP/1.1" 200 44264
201.245.192.253 - - [31/Oct/2023:10:18:50 -0500] "GET /sipse/faces/javax.faces.resource/theme.css?ln=primefaces-sipse HTTP/1.1" 304 -
201.245.192.253 - - [31/Oct/2023:10:18:50 -0500] "GET /sipse/faces/javax.faces.resource/primefaces.css?ln=primefaces&v=4.0 HTTP/1.1" 304 -
201.245.192.253 - - [31/Oct/2023:10:18:50 -0500] "GET /sipse/faces/javax.faces.resource/layout/layout.css?ln=primefaces&v=4.0 HTTP/1.1" 304 -
201.245.192.253 - - [31/Oct/2023:10:18:50 -0500] "GET /sipse/faces/javax.faces.resource/jquery/jquery.js?ln=primefaces&v=4.0 HTTP/1.1" 304 -
201.245.192.253 - - [31/Oct/2023:10:18:50 -0500] "GET /sipse/faces/javax.faces.resource/jquery/jquery-plugins.js?ln=primefaces&v=4.0 HTTP/1.1" 304 -
201.245.192.253 - - [31/Oct/2023:10:18:50 -0500] "GET /sipse/faces/javax.faces.resource/primefaces.js?ln=primefaces&v=4.0 HTTP/1.1" 304 -
201.245.192.253 - - [31/Oct/2023:10:18:50 -0500] "GET /sipse/faces/javax.faces.resource/layout/layout.js?ln=primefaces&v=4.0 HTTP/1.1" 304 -
201.245.192.253 - - [31/Oct/2023:10:18:50 -0500] "POST /sipse/faces/presentacion/financiero/solicitudProceso/consultar.xhtml HTTP/1.1" 200 37663
201.245.192.253 - - [31/Oct/2023:10:18:50 -0500] "POST /sipse/faces/presentacion/financiero/solicitudProceso/consultar.xhtml HTTP/1.1" 200 37663
172.22.2.4 - - [31/Oct/2023:10:18:50 -0500] "GET /BLA/boletinlegal/consulta_actos.php?tipo=resoluciones&no=5255&usuario=&sector=PEV&fecha=2010&resuelve= HTTP/1.1" 200 1065
201.245.192.253 - - [31/Oct/2023:10:18:50 -0500] "POST /sipse/faces/presentacion/financiero/solicitudProceso/consultar.xhtml HTTP/1.1" 200 37663
201.245.192.253 - - [31/Oct/2023:10:18:50 -0500] "POST /sipse/faces/presentacion/financiero/solicitudProceso/consultar.xhtml HTTP/1.1" 200 37663
201.245.192.253 - - [31/Oct/2023:10:18:48 -0500] "POST /sipsepre/faces/presentacion/financiero/solicitudProceso/listarSolicitudProceso.xhtml HTTP/1.1" 200 41495
201.245.192.253 - - [31/Oct/2023:10:18:51 -0500] "POST /sipse/faces/presentacion/financiero/solicitudProceso/consultar.xhtml HTTP/1.1" 200 37663
201.245.192.253 - - [31/Oct/2023:10:18:50 -0500] "POST /sipsepre/faces/presentacion/financiero/solicitudProceso/consultarSolicitudProceso.xhtml HTTP/1.1" 200 77059
201.245.192.253 - - [31/Oct/2023:10:18:51 -0500] "GET /sipsepre/faces/javax.faces.resource/jquery/jquery.js?ln=primefaces&v=4.0 HTTP/1.1" 304 -
201.245.192.253 - - [31/Oct/2023:10:18:51 -0500] "GET /sipsepre/faces/javax.faces.resource/jquery/jquery-plugins.js?ln=primefaces&v=4.0 HTTP/1.1" 304 -
201.245.192.253 - - [31/Oct/2023:10:18:51 -0500] "GET /sipsepre/faces/javax.faces.resource/layout/layout.js?ln=primefaces&v=4.0 HTTP/1.1" 304 -
201.245.192.253 - - [31/Oct/2023:10:18:51 -0500] "GET /sipsepre/faces/javax.faces.resource/primefaces.js?ln=primefaces&v=4.0 HTTP/1.1" 304 -
201.245.192.253 - - [31/Oct/2023:10:18:51 -0500] "GET /sipsepre/faces/javax.faces.resource/layout/layout.css?ln=primefaces&v=4.0 HTTP/1.1" 200 542
201.245.192.253 - - [31/Oct/2023:10:18:51 -0500] "POST /sipsepre/faces/presentacion/financiero/solicitudProceso/listarSolicitudProceso.xhtml HTTP/1.1" 200 41495
201.245.192.253 - - [31/Oct/2023:10:18:51 -0500] "GET /sipsepre/faces/javax.faces.resource/theme.css?ln=primefaces-sipse HTTP/1.1" 200 50106
201.245.192.253 - - [31/Oct/2023:10:18:51 -0500] "GET /sipsepre/faces/javax.faces.resource/primefaces.css?ln=primefaces&v=4.0 HTTP/1.1" 200 53325
201.245.192.253 - - [31/Oct/2023:10:18:51 -0500] "POST /sipse/faces/presentacion/financiero/solicitudProceso/consultar.xhtml HTTP/1.1" 200 37663
201.245.192.253 - - [31/Oct/2023:10:18:51 -0500] "GET /sipsepre/faces/javax.faces.resource/images/ui-icons_898989_256x240.png?ln=primefaces-aristo HTTP/1.1" 200 5355
201.245.192.253 - - [31/Oct/2023:10:18:51 -0500] "GET /favicon.ico HTTP/1.1" 200 7782
201.245.192.253 - - [31/Oct/2023:10:18:51 -0500] "POST /sipsepre/faces/presentacion/financiero/solicitudProceso/listarSolicitudProceso.xhtml HTTP/1.1" 200 41495
201.245.192.253 - - [31/Oct/2023:10:18:51 -0500] "POST /sipsepre/faces/presentacion/financiero/solicitudProceso/listarSolicitudProceso.xhtml HTTP/1.1" 200 41495
201.245.192.253 - - [31/Oct/2023:10:18:51 -0500] "POST /sipsepre/faces/presentacion/financiero/solicitudProceso/listarSolicitudProceso.xhtml HTTP/1.1" 200 1476
201.245.192.253 - - [31/Oct/2023:10:18:51 -0500] "POST /sipsepre/faces/presentacion/financiero/solicitudProceso/listarSolicitudProceso.xhtml HTTP/1.1" 200 1488
201.245.192.253 - - [31/Oct/2023:10:18:51 -0500] "POST /sipsepre/faces/presentacion/financiero/solicitudProceso/listarSolicitudProceso.xhtml HTTP/1.1" 200 1484
201.245.192.253 - - [31/Oct/2023:10:18:51 -0500] "POST /sipsepre/faces/presentacion/financiero/solicitudProceso/listarSolicitudProceso.xhtml HTTP/1.1" 200 1488
172.22.2.4 - - [31/Oct/2023:10:18:53 -0500] "GET /BLA/boletinlegal/consulta_actos.php?tipo=resoluciones&no=5255&usuario=&sector=PEV&fecha=2009&resuelve= HTTP/1.1" 200 1039
201.245.192.253 - - [31/Oct/2023:10:18:55 -0500] "GET /sipsepre/faces/javax.faces.resource/images/ui-bg_flat_0_2d5972_40x100.png?ln=primefaces-aristo HTTP/1.1" 200 183
201.245.192.253 - - [31/Oct/2023:10:18:55 -0500] "POST /sipsepre/faces/presentacion/financiero/solicitudProceso/consultar.xhtml HTTP/1.1" 200 109797
201.245.192.253 - - [31/Oct/2023:10:18:55 -0500] "GET /sipsepre/faces/javax.faces.resource/jquery/jquery.js?ln=primefaces&v=4.0 HTTP/1.1" 304 -
201.245.192.253 - - [31/Oct/2023:10:18:55 -0500] "GET /sipsepre/faces/javax.faces.resource/jquery/jquery-plugins.js?ln=primefaces&v=4.0 HTTP/1.1" 304 -
201.245.192.253 - - [31/Oct/2023:10:18:55 -0500] "GET /sipsepre/faces/javax.faces.resource/primefaces.js?ln=primefaces&v=4.0 HTTP/1.1" 304 -
201.245.192.253 - - [31/Oct/2023:10:18:56 -0500] "GET /sipsepre/faces/javax.faces.resource/layout/layout.js?ln=primefaces&v=4.0 HTTP/1.1" 304 -
201.245.192.253 - - [31/Oct/2023:10:18:56 -0500] "GET /reportes_sipsepre/sdg/ServletReporte?reporte=memo_viabilidad&solicitud=14286&viabilidad=12876&pfdrid_c=false HTTP/1.1" 200 126250
172.22.2.4 - - [31/Oct/2023:10:18:57 -0500] "GET /BLA/boletinlegal/consulta_actos.php?tipo=resoluciones&no=5254&usuario=&sector=PEV&fecha=2009&resuelve= HTTP/1.1" 200 1039
201.245.192.253 - - [31/Oct/2023:10:19:02 -0500] "POST /sipse/faces/presentacion/financiero/solicitudProceso/consultar.xhtml HTTP/1.1" 200 12866
172.22.2.4 - - [31/Oct/2023:10:19:02 -0500] "GET /BLA/boletinlegal/consulta_actos.php?tipo=resoluciones&no=5254&usuario=&sector=PEV&fecha=2010&resuelve= HTTP/1.1" 200 1074
201.245.192.253 - - [31/Oct/2023:10:19:03 -0500] "POST /sipse/faces/presentacion/financiero/solicitudProceso/consultar.xhtml HTTP/1.1" 200 165828
201.245.192.253 - - [31/Oct/2023:10:19:04 -0500] "GET /sipse/faces/javax.faces.resource/primefaces.css?ln=primefaces&v=4.0 HTTP/1.1" 304 -
201.245.192.253 - - [31/Oct/2023:10:19:04 -0500] "GET /sipse/faces/javax.faces.resource/theme.css?ln=primefaces-sipse HTTP/1.1" 304 -
201.245.192.253 - - [31/Oct/2023:10:19:04 -0500] "GET /sipse/faces/javax.faces.resource/layout/layout.css?ln=primefaces&v=4.0 HTTP/1.1" 304 -
201.245.192.253 - - [31/Oct/2023:10:19:04 -0500] "GET /sipse/faces/javax.faces.resource/jquery/jquery.js?ln=primefaces&v=4.0 HTTP/1.1" 304 -
201.245.192.253 - - [31/Oct/2023:10:19:04 -0500] "GET /sipse/faces/javax.faces.resource/jquery/jquery-plugins.js?ln=primefaces&v=4.0 HTTP/1.1" 304 -
201.245.192.253 - - [31/Oct/2023:10:19:04 -0500] "GET /sipse/faces/javax.faces.resource/primefaces.js?ln=primefaces&v=4.0 HTTP/1.1" 304 -
201.245.192.253 - - [31/Oct/2023:10:19:04 -0500] "GET /sipse/faces/javax.faces.resource/layout/layout.js?ln=primefaces&v=4.0 HTTP/1.1" 304 -
172.22.2.4 - - [31/Oct/2023:10:19:05 -0500] "GET /BLA/boletinlegal/consulta_actos.php?tipo=resoluciones&no=5254&usuario=&sector=PEV&fecha=2011&resuelve= HTTP/1.1" 200 1120
201.245.192.253 - - [31/Oct/2023:10:19:08 -0500] "POST /sipse/faces/presentacion/financiero/solicitudProceso/consultarSolicitudProceso.xhtml HTTP/1.1" 200 155040
172.22.2.4 - - [31/Oct/2023:10:19:08 -0500] "GET /BLA/boletinlegal/consulta_actos.php?tipo=resoluciones&no=5254&usuario=&sector=PEV&fecha=2012&resuelve= HTTP/1.1" 200 626
172.22.2.4 - - [31/Oct/2023:10:19:11 -0500] "GET /BLA/boletinlegal/consulta_actos.php?tipo=resoluciones&no=5254&usuario=&sector=PEV&fecha=2013&resuelve= HTTP/1.1" 200 626
201.245.192.253 - - [31/Oct/2023:10:19:12 -0500] "GET /sipsepre/faces/index.xhtml HTTP/1.1" 200 680
201.245.192.253 - - [31/Oct/2023:10:19:12 -0500] "GET /sipsepre/faces/javax.faces.resource/theme.css?ln=primefaces-sipse HTTP/1.1" 200 50106
201.245.192.253 - - [31/Oct/2023:10:19:12 -0500] "GET /favicon.ico HTTP/1.1" 200 7782
201.245.192.253 - - [31/Oct/2023:10:19:12 -0500] "GET /sipsepre/faces/faces/autenticacion.xhtml HTTP/1.1" 200 12440
201.245.192.253 - - [31/Oct/2023:10:19:12 -0500] "GET /sipsepre/css/custom_css_sg.css HTTP/1.1" 200 9692
201.245.192.253 - - [31/Oct/2023:10:19:12 -0500] "GET /sipsepre/css/custom_css_sg_prime_login.css HTTP/1.1" 200 443
201.245.192.253 - - [31/Oct/2023:10:19:12 -0500] "GET /sipsepre/faces/javax.faces.resource/theme.css?ln=primefaces-sipse HTTP/1.1" 304 -
201.245.192.253 - - [31/Oct/2023:10:19:12 -0500] "GET /sipsepre/faces/javax.faces.resource/layout/layout.css?ln=primefaces&v=4.0 HTTP/1.1" 200 542
201.245.192.253 - - [31/Oct/2023:10:19:12 -0500] "GET /sipsepre/js/disable_browser_buttons.js HTTP/1.1" 304 -
201.245.192.253 - - [31/Oct/2023:10:19:12 -0500] "GET /sipsepre/js/funciones.js HTTP/1.1" 304 -
201.245.192.253 - - [31/Oct/2023:10:19:12 -0500] "GET /sipsepre/faces/javax.faces.resource/primefaces.css?ln=primefaces&v=4.0 HTTP/1.1" 200 53325
201.245.192.253 - - [31/Oct/2023:10:19:12 -0500] "GET /sipsepre/faces/javax.faces.resource/jquery/jquery.js?ln=primefaces&v=4.0 HTTP/1.1" 304 -
201.245.192.253 - - [31/Oct/2023:10:19:12 -0500] "GET /sipsepre/faces/javax.faces.resource/jquery/jquery-plugins.js?ln=primefaces&v=4.0 HTTP/1.1" 304 -
201.245.192.253 - - [31/Oct/2023:10:19:13 -0500] "GET /sipsepre/faces/javax.faces.resource/primefaces.js?ln=primefaces&v=4.0 HTTP/1.1" 304 -
201.245.192.253 - - [31/Oct/2023:10:19:13 -0500] "GET /sipsepre/faces/javax.faces.resource/layout/layout.js?ln=primefaces&v=4.0 HTTP/1.1" 304 -
201.245.192.253 - - [31/Oct/2023:10:19:13 -0500] "GET /sipsepre/faces/javax.faces.resource/images/ui-icons_898989_256x240.png?ln=primefaces-aristo HTTP/1.1" 200 5355
201.245.192.253 - - [31/Oct/2023:10:19:13 -0500] "GET /sipsepre/css/imagen/logoSDG.png HTTP/1.1" 200 53064
201.245.192.253 - - [31/Oct/2023:10:19:13 -0500] "GET /sipsepre/css/imagen/loginimg.png HTTP/1.1" 200 71635
172.22.2.4 - - [31/Oct/2023:10:19:14 -0500] "GET /BLA/boletinlegal/consulta_actos.php?tipo=resoluciones&no=5254&usuario=&sector=PEV&fecha=2014&resuelve= HTTP/1.1" 200 626
172.22.2.4 - - [31/Oct/2023:10:19:18 -0500] "GET /BLA/boletinlegal/consulta_actos.php?tipo=resoluciones&no=5253&usuario=&sector=PEV&fecha=2014&resuelve= HTTP/1.1" 200 626
172.22.2.4 - - [31/Oct/2023:10:19:22 -0500] "GET /BLA/boletinlegal/consulta_actos.php?tipo=resoluciones&no=5253&usuario=&sector=PEV&fecha=2013&resuelve= HTTP/1.1" 200 626
172.22.2.4 - - [31/Oct/2023:10:19:25 -0500] "GET /BLA/boletinlegal/consulta_actos.php?tipo=resoluciones&no=5253&usuario=&sector=PEV&fecha=2012&resuelve= HTTP/1.1" 200 626
172.22.2.4 - - [31/Oct/2023:10:19:25 -0500] "GET /BLA/boletinlegal/consulta_actos.php?tipo=resoluciones&no=5253&usuario=&sector=PEV&fecha=2012&resuelve= HTTP/1.1" 200 626
201.245.192.253 - - [31/Oct/2023:10:19:25 -0500] "POST /sipsepre/faces/autenticacion.xhtml HTTP/1.1" 200 2183
201.245.192.253 - - [31/Oct/2023:10:19:27 -0500] "GET /sipsepre/faces/javax.faces.resource/messages/messages.png?ln=primefaces&v=4.0 HTTP/1.1" 200 27209
201.245.192.253 - - [31/Oct/2023:10:19:27 -0500] "GET /sipsepre/faces/javax.faces.resource/jquery/jquery.js?ln=primefaces&v=4.0 HTTP/1.1" 304 -
201.245.192.253 - - [31/Oct/2023:10:19:27 -0500] "GET /sipsepre/faces/javax.faces.resource/jquery/jquery-plugins.js?ln=primefaces&v=4.0 HTTP/1.1" 304 -
201.245.192.253 - - [31/Oct/2023:10:19:27 -0500] "GET /sipsepre/faces/javax.faces.resource/primefaces.js?ln=primefaces&v=4.0 HTTP/1.1" 304 -
201.245.192.253 - - [31/Oct/2023:10:19:27 -0500] "GET /sipsepre/faces/javax.faces.resource/layout/layout.js?ln=primefaces&v=4.0 HTTP/1.1" 304 -
201.245.192.253 - - [31/Oct/2023:10:19:27 -0500] "GET /sipsepre/faces/javax.faces.resource/theme.css?ln=primefaces-sipse HTTP/1.1" 304 -
201.245.192.253 - - [31/Oct/2023:10:19:27 -0500] "GET /sipsepre/faces/javax.faces.resource/layout/layout.css?ln=primefaces&v=4.0 HTTP/1.1" 304 -
201.245.192.253 - - [31/Oct/2023:10:19:27 -0500] "GET /sipsepre/faces/javax.faces.resource/primefaces.css?ln=primefaces&v=4.0 HTTP/1.1" 304 -
201.245.192.253 - - [31/Oct/2023:10:19:26 -0500] "POST /sipsepre/faces/presentacion/financiero/solicitudProceso/consultarSolicitudProceso.xhtml HTTP/1.1" 200 77059
201.245.192.253 - - [31/Oct/2023:10:19:27 -0500] "GET /sipsepre/faces/javax.faces.resource/images/ui-icons_898989_256x240.png?ln=primefaces-aristo HTTP/1.1" 200 5355
201.245.192.253 - - [31/Oct/2023:10:19:27 -0500] "GET /favicon.ico HTTP/1.1" 200 7782
172.22.2.4 - - [31/Oct/2023:10:19:27 -0500] "GET /BLA/boletinlegal/consulta_actos.php?tipo=resoluciones&no=5253&usuario=&sector=PEV&fecha=2011&resuelve= HTTP/1.1" 200 1096
201.245.192.253 - - [31/Oct/2023:10:19:31 -0500] "GET /sipsepre/faces/javax.faces.resource/images/ui-bg_flat_0_2d5972_40x100.png?ln=primefaces-aristo HTTP/1.1" 200 183
201.245.192.253 - - [31/Oct/2023:10:19:31 -0500] "POST /sipsepre/faces/presentacion/financiero/solicitudProceso/consultar.xhtml HTTP/1.1" 200 108085
201.245.192.253 - - [31/Oct/2023:10:19:33 -0500] "GET /sipsepre/faces/javax.faces.resource/jquery/jquery.js?ln=primefaces&v=4.0 HTTP/1.1" 304 -
201.245.192.253 - - [31/Oct/2023:10:19:33 -0500] "GET /sipsepre/faces/javax.faces.resource/jquery/jquery-plugins.js?ln=primefaces&v=4.0 HTTP/1.1" 304 -
201.245.192.253 - - [31/Oct/2023:10:19:33 -0500] "GET /sipsepre/faces/javax.faces.resource/primefaces.js?ln=primefaces&v=4.0 HTTP/1.1" 304 -
201.245.192.253 - - [31/Oct/2023:10:19:33 -0500] "GET /sipsepre/faces/javax.faces.resource/layout/layout.js?ln=primefaces&v=4.0 HTTP/1.1" 304 -
201.245.192.253 - - [31/Oct/2023:10:19:33 -0500] "GET /reportes_sipsepre/sdg/ServletReporte?reporte=memo_viabilidad&solicitud=14286&viabilidad=12876&pfdrid_c=false HTTP/1.1" 200 126250
204.199.94.87 - - [31/Oct/2023:10:19:55 -0500] "GET /BLA/resoluciones/index.php?dir= HTTP/1.1" 200 13696
204.199.94.87 - - [31/Oct/2023:10:19:55 -0500] "GET /favicon.ico HTTP/1.1" 200 7782
204.199.94.87 - - [31/Oct/2023:10:19:58 -0500] "GET /BLA/resoluciones/index.php?dir=AUTOS+2013%2F HTTP/1.1" 200 407591
201.245.192.253 - - [31/Oct/2023:10:20:02 -0500] "POST /sipsepre/faces/presentacion/financiero/solicitudProceso/listarSolicitudProceso.xhtml HTTP/1.1" 200 41495
201.245.192.253 - - [31/Oct/2023:10:20:03 -0500] "POST /sipsepre/faces/presentacion/financiero/solicitudProceso/listarSolicitudProceso.xhtml HTTP/1.1" 200 41495
201.245.192.253 - - [31/Oct/2023:10:20:03 -0500] "POST /sipsepre/faces/presentacion/financiero/solicitudProceso/listarSolicitudProceso.xhtml HTTP/1.1" 200 41495
201.245.192.253 - - [31/Oct/2023:10:20:03 -0500] "POST /sipsepre/faces/presentacion/financiero/solicitudProceso/listarSolicitudProceso.xhtml HTTP/1.1" 200 41495
201.245.192.253 - - [31/Oct/2023:10:20:03 -0500] "POST /sipsepre/faces/presentacion/financiero/solicitudProceso/listarSolicitudProceso.xhtml HTTP/1.1" 200 1476
201.245.192.253 - - [31/Oct/2023:10:20:03 -0500] "POST /sipsepre/faces/presentacion/financiero/solicitudProceso/listarSolicitudProceso.xhtml HTTP/1.1" 200 1500
201.245.192.253 - - [31/Oct/2023:10:20:03 -0500] "POST /sipsepre/faces/presentacion/financiero/solicitudProceso/listarSolicitudProceso.xhtml HTTP/1.1" 200 1496
201.245.192.253 - - [31/Oct/2023:10:20:03 -0500] "POST /sipsepre/faces/presentacion/financiero/solicitudProceso/listarSolicitudProceso.xhtml HTTP/1.1" 200 1500
201.245.192.253 - - [31/Oct/2023:10:20:04 -0500] "POST /sipsepre/faces/presentacion/financiero/solicitudProceso/listarSolicitudProceso.xhtml HTTP/1.1" 200 44410
201.245.192.253 - - [31/Oct/2023:10:20:05 -0500] "POST /sipsepre/faces/presentacion/financiero/solicitudProceso/listarSolicitudProceso.xhtml HTTP/1.1" 200 44410
201.245.192.253 - - [31/Oct/2023:10:20:05 -0500] "POST /sipsepre/faces/presentacion/financiero/solicitudProceso/listarSolicitudProceso.xhtml HTTP/1.1" 200 44410
201.245.192.253 - - [31/Oct/2023:10:20:05 -0500] "POST /sipsepre/faces/presentacion/financiero/solicitudProceso/listarSolicitudProceso.xhtml HTTP/1.1" 200 44410
201.245.192.253 - - [31/Oct/2023:10:20:05 -0500] "POST /sipsepre/faces/presentacion/financiero/solicitudProceso/listarSolicitudProceso.xhtml HTTP/1.1" 200 1488
201.245.192.253 - - [31/Oct/2023:10:20:05 -0500] "POST /sipsepre/faces/presentacion/financiero/solicitudProceso/listarSolicitudProceso.xhtml HTTP/1.1" 200 1500
201.245.192.253 - - [31/Oct/2023:10:20:05 -0500] "POST /sipsepre/faces/presentacion/financiero/solicitudProceso/listarSolicitudProceso.xhtml HTTP/1.1" 200 1496
201.245.192.253 - - [31/Oct/2023:10:20:05 -0500] "POST /sipsepre/faces/presentacion/financiero/solicitudProceso/listarSolicitudProceso.xhtml HTTP/1.1" 200 1500
201.245.192.253 - - [31/Oct/2023:10:20:09 -0500] "POST /sipsepre/faces/presentacion/financiero/solicitudProceso/listarSolicitudProceso.xhtml HTTP/1.1" 200 123796
201.245.192.253 - - [31/Oct/2023:10:20:12 -0500] "GET /sipsepre/faces/javax.faces.resource/jquery/jquery.js?ln=primefaces&v=4.0 HTTP/1.1" 304 -
201.245.192.253 - - [31/Oct/2023:10:20:12 -0500] "GET /sipsepre/faces/javax.faces.resource/jquery/jquery-plugins.js?ln=primefaces&v=4.0 HTTP/1.1" 304 -
201.245.192.253 - - [31/Oct/2023:10:20:12 -0500] "GET /sipsepre/faces/javax.faces.resource/primefaces.js?ln=primefaces&v=4.0 HTTP/1.1" 304 -
201.245.192.253 - - [31/Oct/2023:10:20:12 -0500] "GET /sipsepre/faces/javax.faces.resource/layout/layout.js?ln=primefaces&v=4.0 HTTP/1.1" 304 -
201.245.192.253 - - [31/Oct/2023:10:20:13 -0500] "GET /reportes_sipsepre/sdg/ServletReporte?reporte=memo_viabilidad&solicitud=14286&viabilidad=12876&pfdrid_c=false HTTP/1.1" 200 126250
201.245.192.253 - - [31/Oct/2023:10:20:13 -0500] "POST /forms/lservlet;jsessionid=ac16012b30d65c7e47164f5e474ca0288be7f283fadc.e3iSbxaKaheRe3eRa38MahaQbi1ynknvrkLOlQzNp65In0 HTTP/1.1" 200 2
201.245.192.253 - - [31/Oct/2023:10:20:15 -0500] "POST /sipsepre/faces/presentacion/financiero/solicitudProceso/consultarSolicitudProceso.xhtml HTTP/1.1" 200 37413
201.245.192.253 - - [31/Oct/2023:10:20:16 -0500] "GET /sipsepre/faces/javax.faces.resource/theme.css?ln=primefaces-sipse HTTP/1.1" 304 -
201.245.192.253 - - [31/Oct/2023:10:20:16 -0500] "GET /sipsepre/faces/javax.faces.resource/primefaces.css?ln=primefaces&v=4.0 HTTP/1.1" 304 -
201.245.192.253 - - [31/Oct/2023:10:20:16 -0500] "GET /sipsepre/faces/javax.faces.resource/layout/layout.css?ln=primefaces&v=4.0 HTTP/1.1" 304 -
201.245.192.253 - - [31/Oct/2023:10:20:16 -0500] "GET /sipsepre/faces/javax.faces.resource/jquery/jquery.js?ln=primefaces&v=4.0 HTTP/1.1" 304 -
201.245.192.253 - - [31/Oct/2023:10:20:16 -0500] "GET /sipsepre/faces/javax.faces.resource/primefaces.js?ln=primefaces&v=4.0 HTTP/1.1" 304 -
201.245.192.253 - - [31/Oct/2023:10:20:16 -0500] "GET /sipsepre/faces/javax.faces.resource/jquery/jquery-plugins.js?ln=primefaces&v=4.0 HTTP/1.1" 304 -
201.245.192.253 - - [31/Oct/2023:10:20:16 -0500] "GET /sipsepre/faces/javax.faces.resource/layout/layout.js?ln=primefaces&v=4.0 HTTP/1.1" 304 -
201.245.192.253 - - [31/Oct/2023:10:20:16 -0500] "GET /sipsepre/faces/javax.faces.resource/images/ui-icons_898989_256x240.png?ln=primefaces-aristo HTTP/1.1" 304 -
201.245.192.253 - - [31/Oct/2023:10:20:20 -0500] "GET /sipsepre/faces/javax.faces.resource/theme.css?ln=primefaces-sipse HTTP/1.1" 304 -
201.245.192.253 - - [31/Oct/2023:10:20:20 -0500] "GET /sipsepre/faces/javax.faces.resource/primefaces.css?ln=primefaces&v=4.0 HTTP/1.1" 304 -
201.245.192.253 - - [31/Oct/2023:10:20:20 -0500] "GET /sipsepre/faces/javax.faces.resource/layout/layout.css?ln=primefaces&v=4.0 HTTP/1.1" 304 -
201.245.192.253 - - [31/Oct/2023:10:20:20 -0500] "GET /sipsepre/faces/javax.faces.resource/jquery/jquery.js?ln=primefaces&v=4.0 HTTP/1.1" 304 -
201.245.192.253 - - [31/Oct/2023:10:20:20 -0500] "GET /sipsepre/faces/javax.faces.resource/jquery/jquery-plugins.js?ln=primefaces&v=4.0 HTTP/1.1" 304 -
201.245.192.253 - - [31/Oct/2023:10:20:20 -0500] "GET /sipsepre/faces/javax.faces.resource/primefaces.js?ln=primefaces&v=4.0 HTTP/1.1" 304 -
201.245.192.253 - - [31/Oct/2023:10:20:20 -0500] "GET /sipsepre/faces/javax.faces.resource/layout/layout.js?ln=primefaces&v=4.0 HTTP/1.1" 304 -
201.245.192.253 - - [31/Oct/2023:10:20:20 -0500] "GET /sipsepre/faces/javax.faces.resource/images/ui-icons_898989_256x240.png?ln=primefaces-aristo HTTP/1.1" 304 -
66.249.66.20 - - [31/Oct/2023:10:20:20 -0500] "GET /BLA/resoluciones/RESOLUCIONES%202008/3722.pdf HTTP/1.1" 200 408764
201.245.192.253 - - [31/Oct/2023:10:20:19 -0500] "POST /sipsepre/faces/presentacion/financiero/solicitudProceso/consultarHistorialSolProceso.xhtml HTTP/1.1" 200 169542
172.22.2.4 - - [31/Oct/2023:10:20:22 -0500] "GET /BLA/boletinlegal/consulta_actos.php?tipo=resoluciones&no=5252&usuario=&sector=PEV&fecha=2011&resuelve= HTTP/1.1" 200 1096
201.245.192.253 - - [31/Oct/2023:10:20:21 -0500] "GET /reportes_sipsepre/sdg/ServletReporte?reporte=memo_viabilidad&solicitud=14286&viabilidad=12876&pfdrid_c=false HTTP/1.1" 200 126250
216.245.221.92 - - [31/Oct/2023:10:20:24 -0500] "HEAD / HTTP/1.1" 200 -
190.242.130.194 - - [31/Oct/2023:10:20:24 -0500] "GET /BLA/resoluciones/RESOLUCIONES%202011/5252.pdf HTTP/1.1" 200 549706
40.77.167.54 - - [31/Oct/2023:10:20:31 -0500] "GET /bla/resoluciones/resoluciones%202007/res%202007%204101%20al%204200/RESOLUCION%204179%20DE%202007.pdf HTTP/1.1" 304 -
201.245.192.253 - - [31/Oct/2023:10:20:34 -0500] "POST /sipse/faces/presentacion/financiero/solicitudProceso/consultar.xhtml HTTP/1.1" 200 37792
201.245.192.253 - - [31/Oct/2023:10:20:34 -0500] "POST /sipse/faces/presentacion/financiero/solicitudProceso/consultar.xhtml HTTP/1.1" 200 37792
201.245.192.253 - - [31/Oct/2023:10:20:44 -0500] "POST /sipse/faces/presentacion/financiero/solicitudProceso/consultar.xhtml HTTP/1.1" 200 12829
201.245.192.253 - - [31/Oct/2023:10:20:45 -0500] "POST /kwsrmcab/Wsrmcab HTTP/1.1" 200 39943
201.245.192.253 - - [31/Oct/2023:10:20:46 -0500] "POST /sipse/faces/presentacion/financiero/solicitudProceso/consultar.xhtml HTTP/1.1" 200 118997
201.245.192.253 - - [31/Oct/2023:10:20:47 -0500] "GET /sipse/faces/javax.faces.resource/jquery/jquery.js?ln=primefaces&v=4.0 HTTP/1.1" 304 -
201.245.192.253 - - [31/Oct/2023:10:20:47 -0500] "GET /sipse/faces/javax.faces.resource/jquery/jquery-plugins.js?ln=primefaces&v=4.0 HTTP/1.1" 304 -
201.245.192.253 - - [31/Oct/2023:10:20:47 -0500] "GET /sipse/faces/javax.faces.resource/primefaces.js?ln=primefaces&v=4.0 HTTP/1.1" 304 -
201.245.192.253 - - [31/Oct/2023:10:20:47 -0500] "GET /sipse/faces/javax.faces.resource/layout/layout.js?ln=primefaces&v=4.0 HTTP/1.1" 304 -
201.245.192.253 - - [31/Oct/2023:10:20:48 -0500] "POST /kwsrmcab/Wsrmcab HTTP/1.1" 200 36347
201.245.192.253 - - [31/Oct/2023:10:20:58 -0500] "POST /sipse/faces/presentacion/financiero/solicitudProceso/consultarSolicitudProceso.xhtml HTTP/1.1" 200 44943
201.245.192.253 - - [31/Oct/2023:10:20:59 -0500] "GET /sipse/faces/javax.faces.resource/theme.css?ln=primefaces-sipse HTTP/1.1" 304 -
201.245.192.253 - - [31/Oct/2023:10:20:59 -0500] "GET /sipse/faces/javax.faces.resource/primefaces.css?ln=primefaces&v=4.0 HTTP/1.1" 304 -
201.245.192.253 - - [31/Oct/2023:10:20:59 -0500] "GET /sipse/faces/javax.faces.resource/layout/layout.css?ln=primefaces&v=4.0 HTTP/1.1" 304 -
201.245.192.253 - - [31/Oct/2023:10:20:59 -0500] "GET /sipse/faces/javax.faces.resource/jquery/jquery.js?ln=primefaces&v=4.0 HTTP/1.1" 304 -
201.245.192.253 - - [31/Oct/2023:10:20:59 -0500] "GET /sipse/faces/javax.faces.resource/layout/layout.js?ln=primefaces&v=4.0 HTTP/1.1" 304 -
201.245.192.253 - - [31/Oct/2023:10:20:59 -0500] "GET /sipse/faces/javax.faces.resource/primefaces.js?ln=primefaces&v=4.0 HTTP/1.1" 304 -
201.245.192.253 - - [31/Oct/2023:10:20:59 -0500] "GET /sipse/faces/javax.faces.resource/jquery/jquery-plugins.js?ln=primefaces&v=4.0 HTTP/1.1" 304 -
