!C99Shell v. 1.0 pre-release build #13!

Software: Apache. PHP/5.5.15 

uname -a: Windows NT SVR-DMZ 6.1 build 7600 (Windows Server 2008 R2 Enterprise Edition) i586 

SYSTEM 

Safe-mode: OFF (not secure)

E:\nuevo\apache\logs\   drwxrwxrwx
Free 9.41 GB of 239.26 GB (3.93%)
Detected drives: [ a ] [ c ] [ d ] [ e ] [ f ]
Home    Back    Forward    UPDIR    Refresh    Search    Buffer    Encoder    Tools    Proc.    FTP brute    Sec.    SQL    PHP-code    Update    Feedback    Self remove    Logout    


Viewing file:     access.2023.10.31.log (5.34 MB)      -rw-rw-rw-
Select action/file-type:
(+) | (+) | (+) | Code (+) | Session (+) | (+) | SDB (+) | (+) | (+) | (+) | (+) | (+) |
216.245.221.92 - - [31/Oct/2023:00:00:26 -0500] "HEAD / HTTP/1.1" 200 -
201.245.192.253 - - [31/Oct/2023:00:02:10 -0500] "POST /kwsrmcab/Wsrmcab  HTTP/1.1" 200 40654
157.55.39.59 - - [31/Oct/2023:00:02:21 -0500] "GET /Publicaciones/2023EE231268.pdf HTTP/1.1" 404 228
172.22.2.4 - - [31/Oct/2023:00:00:43 -0500] "HEAD /BLA/boletinlegal/ HTTP/1.1" 200 -
172.22.2.4 - - [31/Oct/2023:00:01:34 -0500] "GET /BLA/boletinlegal/ HTTP/1.1" 200 54679
157.55.39.60 - - [31/Oct/2023:00:04:29 -0500] "GET /BLA/resoluciones/RESOLUCIONES%202022/4266.pdf HTTP/1.1" 304 -
216.245.221.92 - - [31/Oct/2023:00:05:26 -0500] "HEAD / HTTP/1.1" 200 -
40.77.167.43 - - [31/Oct/2023:00:06:41 -0500] "GET /Publicaciones/2023EE183074.pdf HTTP/1.1" 404 228
157.55.39.51 - - [31/Oct/2023:00:06:51 -0500] "GET /portaldeninos/tag/dia-mundial-del-reciclaje/ HTTP/1.1" 200 93824
201.245.192.253 - - [31/Oct/2023:00:07:09 -0500] "POST /kwsrmcab/Wsrmcab  HTTP/1.1" 200 40654
157.55.39.60 - - [31/Oct/2023:00:07:30 -0500] "GET /galeria/galeria/fotos/micos5G.jpg HTTP/1.1" 200 318352
85.208.96.199 - - [31/Oct/2023:00:08:12 -0500] "GET /robots.txt HTTP/1.1" 404 1035
172.22.2.4 - - [31/Oct/2023:00:06:33 -0500] "HEAD /BLA/boletinlegal/ HTTP/1.1" 200 -
85.208.96.198 - - [31/Oct/2023:00:08:12 -0500] "GET /portaldeninos/aula-ambiental-artistica-itinerante-auambari/ HTTP/1.1" 200 89306
172.22.2.4 - - [31/Oct/2023:00:07:24 -0500] "GET /BLA/boletinlegal/ HTTP/1.1" 200 58280
157.55.39.59 - - [31/Oct/2023:00:09:30 -0500] "GET /BLA/resoluciones/AUTOS%202023/5240.pdf HTTP/1.1" 200 927810
216.245.221.92 - - [31/Oct/2023:00:10:26 -0500] "HEAD / HTTP/1.1" 200 -
40.77.167.230 - - [31/Oct/2023:00:11:05 -0500] "GET /bla/resoluciones/autos%202010/1453.pdf HTTP/1.1" 200 251629
66.249.66.21 - - [31/Oct/2023:00:11:40 -0500] "GET /BLA/resoluciones/RESOLUCIONES%202010/2395.pdf HTTP/1.1" 200 508594
201.245.192.253 - - [31/Oct/2023:00:12:08 -0500] "POST /kwsrmcab/Wsrmcab  HTTP/1.1" 200 40654
207.46.13.168 - - [31/Oct/2023:00:12:46 -0500] "GET /BLA/resoluciones/AUTOS%202023/5145.pdf HTTP/1.1" 200 502399
207.46.13.151 - - [31/Oct/2023:00:12:57 -0500] "GET /BLA/resoluciones/AUTOS%202023/5157.pdf HTTP/1.1" 200 813808
172.22.2.4 - - [31/Oct/2023:00:12:23 -0500] "HEAD /BLA/boletinlegal/ HTTP/1.1" 200 -
207.46.13.126 - - [31/Oct/2023:00:14:20 -0500] "GET /BLA/resoluciones/AUTOS%202023/5088.pdf HTTP/1.1" 200 400793
172.22.2.4 - - [31/Oct/2023:00:13:14 -0500] "GET /BLA/boletinlegal/ HTTP/1.1" 200 60620
152.61.192.232 - - [31/Oct/2023:00:15:07 -0500] "GET / HTTP/1.1" 200 319
216.245.221.92 - - [31/Oct/2023:00:15:26 -0500] "HEAD / HTTP/1.1" 200 -
52.167.144.228 - - [31/Oct/2023:00:16:34 -0500] "GET /Publicaciones/2023EE196216.pdf HTTP/1.1" 404 228
201.245.192.253 - - [31/Oct/2023:00:17:07 -0500] "POST /kwsrmcab/Wsrmcab  HTTP/1.1" 200 40654
186.102.90.89 - - [31/Oct/2023:00:17:34 -0500] "GET /BLA/resoluciones/index.php?dir=AUTOS+2018%2F HTTP/1.1" 200 466930
201.245.192.253 - - [31/Oct/2023:00:17:36 -0500] "POST /kwsrmcab/Wsrmcab HTTP/1.1" 200 40637
201.245.192.253 - - [31/Oct/2023:00:17:41 -0500] "POST /kwsrmcab/Wsrmcab HTTP/1.1" 200 40197
172.22.2.4 - - [31/Oct/2023:00:18:53 -0500] "GET /BLA/boletinlegal/jurisprudencia/analisis/G__Jurisp.%20Junio%202014_Sent%20Tutela%20Drumond.docx HTTP/1.1" 200 25380
172.22.2.4 - - [31/Oct/2023:00:18:13 -0500] "HEAD /BLA/boletinlegal/ HTTP/1.1" 200 -
216.245.221.92 - - [31/Oct/2023:00:20:26 -0500] "HEAD / HTTP/1.1" 200 -
172.22.2.4 - - [31/Oct/2023:00:19:04 -0500] "GET /BLA/boletinlegal/ HTTP/1.1" 200 53342
201.245.192.253 - - [31/Oct/2023:00:20:46 -0500] "POST /kwsrmcab/Wsrmcab HTTP/1.1" 200 40637
201.245.192.253 - - [31/Oct/2023:00:20:49 -0500] "POST /kwsrmcab/Wsrmcab HTTP/1.1" 200 40197
172.22.2.4 - - [31/Oct/2023:00:20:26 -0500] "GET /BLA/boletinlegal/ HTTP/1.1" 200 32715
207.46.13.126 - - [31/Oct/2023:00:21:37 -0500] "GET /BLA/resoluciones/AUTOS%202019/2546.pdf HTTP/1.1" 200 256705
66.249.66.21 - - [31/Oct/2023:00:21:54 -0500] "GET /resoluciones/RESOLUCIONES%202008/5405.pdf HTTP/1.1" 404 1018
201.245.192.253 - - [31/Oct/2023:00:22:06 -0500] "POST /kwsrmcab/Wsrmcab  HTTP/1.1" 200 40654
66.249.66.20 - - [31/Oct/2023:00:22:59 -0500] "GET /portel_dama/libreria/php/2006/ECOSISTEMAS%20FINAL%20web_mz27/humedales/sitio/22_pol/xtras/1.pdf HTTP/1.1" 404 1018
207.46.13.17 - - [31/Oct/2023:00:23:04 -0500] "GET /BLA/resoluciones/AUTOS%202023/3071.pdf HTTP/1.1" 200 366338
40.77.167.18 - - [31/Oct/2023:00:24:05 -0500] "GET /bla/resoluciones/autos%202010/4352.pdf HTTP/1.1" 200 263285
172.22.2.4 - - [31/Oct/2023:00:24:18 -0500] "GET /BLA/boletinlegal/robots.txt HTTP/1.1" 404 1038
172.22.2.4 - - [31/Oct/2023:00:24:19 -0500] "GET /BLA/boletinlegal/Directivas/2017/Directiva%20No.%2004%20del%2028%20de%20Abril%20de%202017.pdf HTTP/1.1" 200 8194919
216.245.221.92 - - [31/Oct/2023:00:25:26 -0500] "HEAD / HTTP/1.1" 200 -
172.22.2.4 - - [31/Oct/2023:00:24:04 -0500] "HEAD /BLA/boletinlegal/ HTTP/1.1" 200 -
172.22.2.4 - - [31/Oct/2023:00:24:55 -0500] "GET /BLA/boletinlegal/ HTTP/1.1" 200 60620
207.46.13.17 - - [31/Oct/2023:00:26:41 -0500] "GET /Publicaciones/2023EE239872.pdf HTTP/1.1" 404 228
201.245.192.253 - - [31/Oct/2023:00:27:06 -0500] "POST /kwsrmcab/Wsrmcab  HTTP/1.1" 200 40654
201.245.192.253 - - [31/Oct/2023:00:27:36 -0500] "POST /kwsrmcab/Wsrmcab HTTP/1.1" 200 40637
201.245.192.253 - - [31/Oct/2023:00:27:40 -0500] "POST /kwsrmcab/Wsrmcab HTTP/1.1" 200 40197
98.64.96.26 - - [31/Oct/2023:00:29:03 -0500] "GET /Publicaciones/2023EE239872.pdf HTTP/1.1" 404 228
152.61.128.50 - - [31/Oct/2023:00:29:58 -0500] "GET / HTTP/1.1" 200 319
159.242.228.216 - - [31/Oct/2023:00:30:12 -0500] "GET /.git/HEAD HTTP/1.1" 404 1022
216.245.221.92 - - [31/Oct/2023:00:30:26 -0500] "HEAD / HTTP/1.1" 200 -
201.245.192.253 - - [31/Oct/2023:00:30:46 -0500] "POST /kwsrmcab/Wsrmcab HTTP/1.1" 200 40637
201.245.192.253 - - [31/Oct/2023:00:30:49 -0500] "POST /kwsrmcab/Wsrmcab HTTP/1.1" 200 40197
172.22.2.4 - - [31/Oct/2023:00:29:54 -0500] "HEAD /BLA/boletinlegal/ HTTP/1.1" 200 -
201.245.192.253 - - [31/Oct/2023:00:32:05 -0500] "POST /kwsrmcab/Wsrmcab  HTTP/1.1" 200 40654
172.22.2.4 - - [31/Oct/2023:00:30:45 -0500] "GET /BLA/boletinlegal/ HTTP/1.1" 200 58630
157.55.39.55 - - [31/Oct/2023:00:33:08 -0500] "GET /BLA/resoluciones/AUTOS%202023/5235.pdf HTTP/1.1" 200 745920
157.55.39.55 - - [31/Oct/2023:00:33:10 -0500] "GET /BLA/resoluciones/RESOLUCIONES%202022/0957.pdf HTTP/1.1" 304 -
66.249.66.19 - - [31/Oct/2023:00:34:54 -0500] "GET /Residuos/textiles/files/guia_textiles.pdf HTTP/1.1" 200 12356716
66.249.66.38 - - [31/Oct/2023:00:35:03 -0500] "GET /proximo-4-de-octubre-simulacro-distrital-de-evacuacion-dia-y-noche.html HTTP/1.1" 200 783
216.245.221.92 - - [31/Oct/2023:00:35:26 -0500] "HEAD / HTTP/1.1" 200 -
201.245.192.253 - - [31/Oct/2023:00:37:04 -0500] "POST /kwsrmcab/Wsrmcab  HTTP/1.1" 200 40654
172.22.2.4 - - [31/Oct/2023:00:35:44 -0500] "HEAD /BLA/boletinlegal/ HTTP/1.1" 200 -
201.245.192.253 - - [31/Oct/2023:00:37:36 -0500] "POST /kwsrmcab/Wsrmcab HTTP/1.1" 200 40637
201.245.192.253 - - [31/Oct/2023:00:37:40 -0500] "POST /kwsrmcab/Wsrmcab HTTP/1.1" 200 40197
172.22.2.4 - - [31/Oct/2023:00:36:35 -0500] "GET /BLA/boletinlegal/ HTTP/1.1" 200 58280
216.245.221.92 - - [31/Oct/2023:00:40:26 -0500] "HEAD / HTTP/1.1" 200 -
201.245.192.253 - - [31/Oct/2023:00:40:46 -0500] "POST /kwsrmcab/Wsrmcab HTTP/1.1" 200 40637
201.245.192.253 - - [31/Oct/2023:00:40:49 -0500] "POST /kwsrmcab/Wsrmcab HTTP/1.1" 200 40197
172.22.2.4 - - [31/Oct/2023:00:41:19 -0500] "GET /BLA/boletinlegal/jurisprudencia/analisis/Analisis%20jurisprudencial%20Sentencia%20C-366-11.doc HTTP/1.1" 200 59392
172.22.2.4 - - [31/Oct/2023:00:41:19 -0500] "GET /BLA/boletinlegal/jurisprudencia/analisis/Analisis%20jurisprudencial%20Sentencia%20C-366-11.doc HTTP/1.1" 200 59392
207.46.13.126 - - [31/Oct/2023:00:41:54 -0500] "GET /BLA/resoluciones/AUTOS%202023/6612.pdf HTTP/1.1" 200 484140
66.249.66.21 - - [31/Oct/2023:00:41:55 -0500] "GET /BLA/resoluciones/RESOLUCIONES%202009/3671.pdf HTTP/1.1" 200 145984
201.245.192.253 - - [31/Oct/2023:00:42:03 -0500] "POST /kwsrmcab/Wsrmcab  HTTP/1.1" 200 40654
159.65.85.50 - - [31/Oct/2023:00:42:15 -0500] "\x16\x03\x01\x01\xfd\x01" 400 226
200.118.60.55 - - [31/Oct/2023:00:42:18 -0500] "GET /BLA/resoluciones/index.php?dir=AUTOS+2014%2F HTTP/1.1" 200 890851
52.167.144.221 - - [31/Oct/2023:00:42:23 -0500] "GET /Publicaciones/2023EE206273.pdf HTTP/1.1" 404 228
172.22.2.4 - - [31/Oct/2023:00:41:34 -0500] "HEAD /BLA/boletinlegal/ HTTP/1.1" 200 -
172.22.2.4 - - [31/Oct/2023:00:43:25 -0500] "GET /BLA/boletinlegal/jurisprudencia/analisis/Analisis%20jurisprudencial%20Sentencia%20C-366-11.doc HTTP/1.1" 200 59392
172.22.2.4 - - [31/Oct/2023:00:42:24 -0500] "GET /BLA/boletinlegal/ HTTP/1.1" 200 60620
207.46.13.168 - - [31/Oct/2023:00:44:39 -0500] "GET /BLA/resoluciones/RESOLUCIONES%202022/0196.pdf HTTP/1.1" 200 333152
52.167.144.221 - - [31/Oct/2023:00:45:05 -0500] "GET /Publicaciones/2023EE235688.pdf HTTP/1.1" 404 228
157.55.39.60 - - [31/Oct/2023:00:45:14 -0500] "GET /Publicaciones/2023EE182560.pdf HTTP/1.1" 404 228
216.245.221.92 - - [31/Oct/2023:00:45:26 -0500] "HEAD / HTTP/1.1" 200 -
172.22.2.4 - - [31/Oct/2023:00:46:53 -0500] "GET /BLA/boletinlegal/robots.txt HTTP/1.1" 404 1038
172.22.2.4 - - [31/Oct/2023:00:46:53 -0500] "GET /BLA/boletinlegal/jurisprudencia/analisis/AnalisisC-746-12.docx HTTP/1.1" 200 22637
201.245.192.253 - - [31/Oct/2023:00:47:02 -0500] "POST /kwsrmcab/Wsrmcab  HTTP/1.1" 200 40654
172.22.2.4 - - [31/Oct/2023:00:47:24 -0500] "HEAD /BLA/boletinlegal/ HTTP/1.1" 200 -
152.61.192.232 - - [31/Oct/2023:00:49:14 -0500] "GET /arcgis/services/Calidad_del_Agua_WQI/MapServer/WMSServer?request=GetCapabilities&service=WMS HTTP/1.1" 503 1020
152.61.192.232 - - [31/Oct/2023:00:49:15 -0500] "GET /arcgis/services/Calidad_del_Agua_WQI/MapServer/WMSServer?SERVICE=WMS&REQUEST=GetCapabilities HTTP/1.1" 503 1020
152.61.192.232 - - [31/Oct/2023:00:49:15 -0500] "GET /arcgis/services/Calidad_del_Agua_WQI/MapServer/WMSServer?WMTVER=1.0.0&REQUEST=capabilities HTTP/1.1" 503 1020
172.22.2.4 - - [31/Oct/2023:00:48:15 -0500] "GET /BLA/boletinlegal/ HTTP/1.1" 200 58630
216.245.221.92 - - [31/Oct/2023:00:50:26 -0500] "HEAD / HTTP/1.1" 200 -
201.245.192.253 - - [31/Oct/2023:00:52:01 -0500] "POST /kwsrmcab/Wsrmcab  HTTP/1.1" 200 40654
172.22.2.4 - - [31/Oct/2023:00:53:14 -0500] "HEAD /BLA/boletinlegal/ HTTP/1.1" 200 -
186.114.123.82 - - [31/Oct/2023:00:55:19 -0500] "GET /galeria/galeria/jquery.fancybox.css?v=2.1.5 HTTP/1.1" 200 4895
216.245.221.92 - - [31/Oct/2023:00:55:26 -0500] "HEAD / HTTP/1.1" 200 -
207.46.13.155 - - [31/Oct/2023:00:55:31 -0500] "GET /BLA/resoluciones/AUTOS%202021/6117.pdf HTTP/1.1" 304 -
172.104.11.51 - - [31/Oct/2023:00:55:35 -0500] "\x16\x03\x01" 400 226
172.22.2.4 - - [31/Oct/2023:00:54:05 -0500] "GET /BLA/boletinlegal/ HTTP/1.1" 200 58280
201.245.192.253 - - [31/Oct/2023:00:57:00 -0500] "POST /kwsrmcab/Wsrmcab  HTTP/1.1" 200 40654
172.22.2.4 - - [31/Oct/2023:00:58:51 -0500] "GET /BLA/boletinlegal/Circulares/2012/Circular%20No.%2011%20del%2027%20de%20Agosto%20de%202012.pdf HTTP/1.1" 200 526945
216.245.221.92 - - [31/Oct/2023:01:00:26 -0500] "HEAD / HTTP/1.1" 200 -
52.167.144.171 - - [31/Oct/2023:01:00:40 -0500] "GET /BLA/resoluciones/AUTOS%202023/1374.pdf HTTP/1.1" 200 437856
172.22.2.4 - - [31/Oct/2023:00:59:05 -0500] "HEAD /BLA/boletinlegal/ HTTP/1.1" 200 -
157.90.254.89 - - [31/Oct/2023:01:01:17 -0500] "GET / HTTP/1.1" 200 4720
157.90.254.89 - - [31/Oct/2023:01:01:20 -0500] "GET / HTTP/1.1" 200 319
172.22.2.4 - - [31/Oct/2023:00:59:55 -0500] "GET /BLA/boletinlegal/ HTTP/1.1" 200 58630
201.245.192.253 - - [31/Oct/2023:01:01:58 -0500] "POST /kwsrmcab/Wsrmcab  HTTP/1.1" 200 40654
66.249.66.20 - - [31/Oct/2023:01:03:05 -0500] "GET /BLA/resoluciones/RESOLUCIONES%202007/RES%202007%203201%20AL%203300/RESOLUCION%203277%20DE%202007.pdf HTTP/1.1" 200 251872
216.245.221.92 - - [31/Oct/2023:01:05:26 -0500] "HEAD / HTTP/1.1" 200 -
157.55.39.14 - - [31/Oct/2023:01:05:48 -0500] "GET /Publicaciones/2023EE232369.pdf HTTP/1.1" 404 228
172.22.2.4 - - [31/Oct/2023:01:04:55 -0500] "HEAD /BLA/boletinlegal/ HTTP/1.1" 200 -
201.245.192.253 - - [31/Oct/2023:01:06:57 -0500] "POST /kwsrmcab/Wsrmcab  HTTP/1.1" 200 40654
172.22.2.4 - - [31/Oct/2023:01:05:46 -0500] "GET /BLA/boletinlegal/ HTTP/1.1" 200 60620
216.244.66.195 - - [31/Oct/2023:01:09:10 -0500] "GET /robots.txt HTTP/1.1" 404 1018
216.245.221.92 - - [31/Oct/2023:01:10:26 -0500] "HEAD / HTTP/1.1" 200 -
40.77.167.21 - - [31/Oct/2023:01:10:53 -0500] "GET /BLA/resoluciones/RESOLUCIONES%202010/1048.pdf HTTP/1.1" 200 119500
52.167.144.23 - - [31/Oct/2023:01:11:16 -0500] "GET /BLA/resoluciones/AUTOS%202023/4838.pdf HTTP/1.1" 200 889797
201.245.192.253 - - [31/Oct/2023:01:11:55 -0500] "POST /kwsrmcab/Wsrmcab  HTTP/1.1" 200 40654
172.22.2.4 - - [31/Oct/2023:01:10:45 -0500] "HEAD /BLA/boletinlegal/ HTTP/1.1" 200 -
172.22.2.4 - - [31/Oct/2023:01:11:36 -0500] "GET /BLA/boletinlegal/ HTTP/1.1" 200 61004
157.90.254.89 - - [31/Oct/2023:01:14:43 -0500] "GET / HTTP/1.1" 200 4720
157.90.254.89 - - [31/Oct/2023:01:14:46 -0500] "GET / HTTP/1.1" 200 319
157.55.39.205 - - [31/Oct/2023:01:15:05 -0500] "GET /BLA/resoluciones/AUTOS%202023/5953.pdf HTTP/1.1" 200 396746
216.245.221.92 - - [31/Oct/2023:01:15:26 -0500] "HEAD / HTTP/1.1" 200 -
201.245.192.253 - - [31/Oct/2023:01:16:55 -0500] "POST /kwsrmcab/Wsrmcab  HTTP/1.1" 200 40654
201.245.192.253 - - [31/Oct/2023:01:17:36 -0500] "POST /kwsrmcab/Wsrmcab HTTP/1.1" 200 40793
201.245.192.253 - - [31/Oct/2023:01:17:39 -0500] "POST /kwsrmcab/Wsrmcab HTTP/1.1" 200 40191
172.22.2.4 - - [31/Oct/2023:01:16:35 -0500] "HEAD /BLA/boletinlegal/ HTTP/1.1" 200 -
172.22.2.4 - - [31/Oct/2023:01:17:25 -0500] "GET /BLA/boletinlegal/ HTTP/1.1" 200 56620
152.61.128.50 - - [31/Oct/2023:01:19:28 -0500] "GET /arcgis/services/Calidad_del_Agua_WQI/MapServer/WMSServer?request=GetCapabilities&service=WMS HTTP/1.1" 503 1020
152.61.128.50 - - [31/Oct/2023:01:19:29 -0500] "GET /arcgis/services/Calidad_del_Agua_WQI/MapServer/WMSServer?SERVICE=WMS&REQUEST=GetCapabilities HTTP/1.1" 503 1020
152.61.128.50 - - [31/Oct/2023:01:19:29 -0500] "GET /arcgis/services/Calidad_del_Agua_WQI/MapServer/WMSServer?WMTVER=1.0.0&REQUEST=capabilities HTTP/1.1" 503 1020
52.167.144.221 - - [31/Oct/2023:01:19:36 -0500] "GET /BLA/resoluciones/RESOLUCIONES%202014/0921.pdf HTTP/1.1" 304 -
216.245.221.92 - - [31/Oct/2023:01:20:26 -0500] "HEAD / HTTP/1.1" 200 -
201.245.192.253 - - [31/Oct/2023:01:20:46 -0500] "POST /kwsrmcab/Wsrmcab HTTP/1.1" 200 40793
201.245.192.253 - - [31/Oct/2023:01:20:49 -0500] "POST /kwsrmcab/Wsrmcab HTTP/1.1" 200 40191
201.245.192.253 - - [31/Oct/2023:01:21:54 -0500] "POST /kwsrmcab/Wsrmcab  HTTP/1.1" 200 40654
172.22.2.4 - - [31/Oct/2023:01:22:25 -0500] "HEAD /BLA/boletinlegal/ HTTP/1.1" 200 -
100.21.24.205 - - [31/Oct/2023:01:24:46 -0500] "GET /BLA/resoluciones/index.php?dir=AUTOS%202010/ HTTP/1.1" 200 280537
172.22.2.4 - - [31/Oct/2023:01:23:15 -0500] "GET /BLA/boletinlegal/ HTTP/1.1" 200 58630
216.245.221.92 - - [31/Oct/2023:01:25:26 -0500] "HEAD / HTTP/1.1" 200 -
201.245.192.253 - - [31/Oct/2023:01:26:53 -0500] "POST /kwsrmcab/Wsrmcab  HTTP/1.1" 200 40654
201.245.192.253 - - [31/Oct/2023:01:27:36 -0500] "POST /kwsrmcab/Wsrmcab HTTP/1.1" 200 40793
201.245.192.253 - - [31/Oct/2023:01:27:39 -0500] "POST /kwsrmcab/Wsrmcab HTTP/1.1" 200 40191
216.244.66.195 - - [31/Oct/2023:01:28:05 -0500] "GET /BLA/resoluciones/AUTOS%202015/0237.pdf HTTP/1.1" 200 193076
40.77.167.63 - - [31/Oct/2023:01:28:08 -0500] "GET /Publicaciones/2023EE213950.pdf HTTP/1.1" 404 228
172.22.2.4 - - [31/Oct/2023:01:28:19 -0500] "GET /BLA/boletinlegal/robots.txt HTTP/1.1" 404 1038
216.244.66.195 - - [31/Oct/2023:01:28:46 -0500] "GET /BLA/resoluciones/AUTOS%202015/0905.pdf HTTP/1.1" 200 541797
172.22.2.4 - - [31/Oct/2023:01:29:17 -0500] "GET /BLA/boletinlegal/robots.txt HTTP/1.1" 404 1018
216.244.66.195 - - [31/Oct/2023:01:29:37 -0500] "GET /BLA/resoluciones/AUTOS%202015/0928.pdf HTTP/1.1" 200 500322
172.22.2.4 - - [31/Oct/2023:01:28:15 -0500] "HEAD /BLA/boletinlegal/ HTTP/1.1" 200 -
172.22.2.4 - - [31/Oct/2023:01:28:21 -0500] "GET /BLA/boletinlegal/ HTTP/1.1" 200 40932
216.245.221.92 - - [31/Oct/2023:01:30:26 -0500] "HEAD / HTTP/1.1" 200 -
216.244.66.195 - - [31/Oct/2023:01:30:27 -0500] "GET /BLA/resoluciones/AUTOS%202015/1430.pdf HTTP/1.1" 200 549164
172.22.2.4 - - [31/Oct/2023:01:29:06 -0500] "GET /BLA/boletinlegal/ HTTP/1.1" 200 45927
201.245.192.253 - - [31/Oct/2023:01:30:46 -0500] "POST /kwsrmcab/Wsrmcab HTTP/1.1" 200 40793
201.245.192.253 - - [31/Oct/2023:01:30:49 -0500] "POST /kwsrmcab/Wsrmcab HTTP/1.1" 200 40191
40.77.167.38 - - [31/Oct/2023:01:31:18 -0500] "GET /BLA/resoluciones/AUTOS%202023/0662.pdf HTTP/1.1" 200 1231194
216.244.66.195 - - [31/Oct/2023:01:31:18 -0500] "GET /BLA/resoluciones/AUTOS%202015/1478.pdf HTTP/1.1" 200 575517
172.22.2.4 - - [31/Oct/2023:01:29:43 -0500] "GET /BLA/boletinlegal/ HTTP/1.1" 200 55385
201.245.192.253 - - [31/Oct/2023:01:31:52 -0500] "POST /kwsrmcab/Wsrmcab  HTTP/1.1" 200 40654
216.244.66.195 - - [31/Oct/2023:01:32:10 -0500] "GET /BLA/resoluciones/AUTOS%202015/2517.pdf HTTP/1.1" 200 575256
216.244.66.195 - - [31/Oct/2023:01:33:01 -0500] "GET /BLA/resoluciones/AUTOS%202015/3294.pdf HTTP/1.1" 200 539933
40.77.167.63 - - [31/Oct/2023:01:34:12 -0500] "GET /bla/resoluciones/notificaciones/autos%202017/1119.pdf HTTP/1.1" 200 319473
52.167.144.161 - - [31/Oct/2023:01:34:42 -0500] "GET /BLA/resoluciones/RESOLUCIONES%202005/2278.tif HTTP/1.1" 200 578718
172.22.2.4 - - [31/Oct/2023:01:35:06 -0500] "GET /BLA/boletinlegal/normativa.php HTTP/1.1" 200 8343
216.245.221.92 - - [31/Oct/2023:01:35:26 -0500] "HEAD / HTTP/1.1" 200 -
52.167.144.161 - - [31/Oct/2023:01:35:38 -0500] "GET /BLA/resoluciones/AUTOS%202023/4852.pdf HTTP/1.1" 200 899339
172.22.2.4 - - [31/Oct/2023:01:34:05 -0500] "HEAD /BLA/boletinlegal/ HTTP/1.1" 200 -
172.22.2.4 - - [31/Oct/2023:01:34:55 -0500] "GET /BLA/boletinlegal/ HTTP/1.1" 200 61004
201.245.192.253 - - [31/Oct/2023:01:36:51 -0500] "POST /kwsrmcab/Wsrmcab  HTTP/1.1" 503 1020
172.105.128.11 - - [31/Oct/2023:01:37:16 -0500] "GET / HTTP/1.1" 200 319
201.245.192.253 - - [31/Oct/2023:01:37:36 -0500] "POST /kwsrmcab/Wsrmcab HTTP/1.1" 503 1020
201.245.192.253 - - [31/Oct/2023:01:37:36 -0500] "POST /kwsrmcab/Wsrmcab HTTP/1.1" 503 1020
201.245.192.253 - - [31/Oct/2023:01:37:51 -0500] "POST /kwsrmcab/Wsrmcab  HTTP/1.1" 503 1020
201.245.192.253 - - [31/Oct/2023:01:38:49 -0500] "POST /kwsrmcab/Wsrmcab  HTTP/1.1" 200 40654
172.22.2.4 - - [31/Oct/2023:01:39:43 -0500] "GET /BLA/boletinlegal/actuator/gateway/routes HTTP/1.1" 404 1018
201.245.192.253 - - [31/Oct/2023:01:39:51 -0500] "POST /kwsrmcab/Wsrmcab  HTTP/1.1" 200 40654
216.245.221.92 - - [31/Oct/2023:01:40:26 -0500] "HEAD / HTTP/1.1" 200 -
207.46.13.168 - - [31/Oct/2023:01:40:39 -0500] "GET /BLA/resoluciones/AUTOS%202023/5106.pdf HTTP/1.1" 200 397580
201.245.192.253 - - [31/Oct/2023:01:40:45 -0500] "POST /kwsrmcab/Wsrmcab HTTP/1.1" 200 40793
201.245.192.253 - - [31/Oct/2023:01:40:49 -0500] "POST /kwsrmcab/Wsrmcab HTTP/1.1" 200 40191
172.22.2.4 - - [31/Oct/2023:01:40:59 -0500] "GET /BLA/boletinlegal/robots.txt HTTP/1.1" 404 1038
172.22.2.4 - - [31/Oct/2023:01:39:55 -0500] "HEAD /BLA/boletinlegal/ HTTP/1.1" 200 -
172.22.2.4 - - [31/Oct/2023:01:40:46 -0500] "GET /BLA/boletinlegal/ HTTP/1.1" 200 52813
172.22.2.4 - - [31/Oct/2023:01:40:59 -0500] "GET /BLA/boletinlegal/ HTTP/1.1" 200 54091
172.22.2.4 - - [31/Oct/2023:01:43:50 -0500] "GET /BLA/boletinlegal/favicon.ico HTTP/1.1" 404 1043
172.22.2.4 - - [31/Oct/2023:01:42:58 -0500] "GET /BLA/boletinlegal/ HTTP/1.1" 200 40907
172.22.2.4 - - [31/Oct/2023:01:43:32 -0500] "GET /BLA/boletinlegal/ HTTP/1.1" 200 20427
172.22.2.4 - - [31/Oct/2023:01:43:33 -0500] "GET /BLA/boletinlegal/ HTTP/1.1" 200 32715
201.245.192.253 - - [31/Oct/2023:01:44:50 -0500] "POST /kwsrmcab/Wsrmcab  HTTP/1.1" 200 40654
216.245.221.92 - - [31/Oct/2023:01:45:26 -0500] "HEAD / HTTP/1.1" 200 -
172.22.2.4 - - [31/Oct/2023:01:45:46 -0500] "HEAD /BLA/boletinlegal/ HTTP/1.1" 200 -
40.77.167.13 - - [31/Oct/2023:01:47:46 -0500] "GET /BLA/resoluciones/index.php?dir=RESOLUCIONES+2021%2F HTTP/1.1" 200 442881
172.22.2.4 - - [31/Oct/2023:01:48:10 -0500] "GET /BLA/boletinlegal/robots.txt HTTP/1.1" 404 1038
172.22.2.4 - - [31/Oct/2023:01:46:36 -0500] "GET /BLA/boletinlegal/ HTTP/1.1" 200 56173
40.77.167.93 - - [31/Oct/2023:01:48:19 -0500] "GET /robots.txt HTTP/1.1" 404 1034
52.167.144.145 - - [31/Oct/2023:01:48:27 -0500] "GET /dia-mundial-del-reciclaje-conoce-como-gestionar-los-residuos-especiales-y-peligrosos.html HTTP/1.1" 304 -
190.26.164.189 - - [31/Oct/2023:01:48:36 -0500] "GET /sipse/faces/index.xhtml HTTP/1.1" 200 677
190.26.164.189 - - [31/Oct/2023:01:48:37 -0500] "GET /sipse/faces/javax.faces.resource/theme.css?ln=primefaces-sipse HTTP/1.1" 304 -
190.26.164.189 - - [31/Oct/2023:01:48:37 -0500] "GET /sipse/faces/faces/autenticacion.xhtml HTTP/1.1" 200 12404
190.26.164.189 - - [31/Oct/2023:01:48:37 -0500] "GET /sipse/js/disable_browser_buttons.js HTTP/1.1" 200 3230
190.26.164.189 - - [31/Oct/2023:01:48:37 -0500] "GET /sipse/js/funciones.js HTTP/1.1" 200 12592
190.26.164.189 - - [31/Oct/2023:01:48:37 -0500] "GET /sipse/faces/javax.faces.resource/theme.css?ln=primefaces-sipse HTTP/1.1" 304 -
190.26.164.189 - - [31/Oct/2023:01:48:37 -0500] "GET /sipse/faces/javax.faces.resource/layout/layout.css?ln=primefaces&v=4.0 HTTP/1.1" 304 -
190.26.164.189 - - [31/Oct/2023:01:48:37 -0500] "GET /sipse/faces/javax.faces.resource/jquery/jquery.js?ln=primefaces&v=4.0 HTTP/1.1" 304 -
190.26.164.189 - - [31/Oct/2023:01:48:37 -0500] "GET /sipse/css/custom_css_sg_prime_login.css HTTP/1.1" 200 443
190.26.164.189 - - [31/Oct/2023:01:48:37 -0500] "GET /sipse/css/custom_css_sg.css HTTP/1.1" 200 9694
190.26.164.189 - - [31/Oct/2023:01:48:37 -0500] "GET /sipse/faces/javax.faces.resource/jquery/jquery-plugins.js?ln=primefaces&v=4.0 HTTP/1.1" 304 -
190.26.164.189 - - [31/Oct/2023:01:48:37 -0500] "GET /sipse/faces/javax.faces.resource/primefaces.css?ln=primefaces&v=4.0 HTTP/1.1" 304 -
190.26.164.189 - - [31/Oct/2023:01:48:37 -0500] "GET /sipse/faces/javax.faces.resource/primefaces.js?ln=primefaces&v=4.0 HTTP/1.1" 304 -
190.26.164.189 - - [31/Oct/2023:01:48:37 -0500] "GET /sipse/faces/javax.faces.resource/layout/layout.js?ln=primefaces&v=4.0 HTTP/1.1" 304 -
190.26.164.189 - - [31/Oct/2023:01:48:37 -0500] "GET /sipse/css/imagen/logoSDG.png HTTP/1.1" 200 53064
190.26.164.189 - - [31/Oct/2023:01:48:38 -0500] "GET /sipse/css/imagen/loginimg.png HTTP/1.1" 200 71635
190.26.164.189 - - [31/Oct/2023:01:48:38 -0500] "GET /sipse/faces/javax.faces.resource/images/ui-icons_898989_256x240.png?ln=primefaces-aristo HTTP/1.1" 304 -
190.26.164.189 - - [31/Oct/2023:01:48:41 -0500] "POST /sipse/faces/autenticacion.xhtml HTTP/1.1" 200 16169
190.26.164.189 - - [31/Oct/2023:01:48:43 -0500] "GET /sipse/css/custom_css_sg_prime.css HTTP/1.1" 200 5201
190.26.164.189 - - [31/Oct/2023:01:48:43 -0500] "GET /sipse/faces/javax.faces.resource/theme.css?ln=primefaces-sipse HTTP/1.1" 304 -
190.26.164.189 - - [31/Oct/2023:01:48:43 -0500] "GET /sipse/faces/javax.faces.resource/layout/layout.css?ln=primefaces&v=4.0 HTTP/1.1" 304 -
190.26.164.189 - - [31/Oct/2023:01:48:43 -0500] "GET /sipse/faces/javax.faces.resource/primefaces.css?ln=primefaces&v=4.0 HTTP/1.1" 304 -
190.26.164.189 - - [31/Oct/2023:01:48:43 -0500] "GET /sipse/js/jquery.min.js HTTP/1.1" 200 85582
190.26.164.189 - - [31/Oct/2023:01:48:43 -0500] "GET /sipse/faces/javax.faces.resource/jquery/jquery.js?ln=primefaces&v=4.0 HTTP/1.1" 304 -
190.26.164.189 - - [31/Oct/2023:01:48:43 -0500] "GET /sipse/faces/javax.faces.resource/jquery/jquery-plugins.js?ln=primefaces&v=4.0 HTTP/1.1" 304 -
190.26.164.189 - - [31/Oct/2023:01:48:43 -0500] "GET /sipse/faces/javax.faces.resource/primefaces.js?ln=primefaces&v=4.0 HTTP/1.1" 304 -
190.26.164.189 - - [31/Oct/2023:01:48:43 -0500] "GET /sipse/faces/javax.faces.resource/layout/layout.js?ln=primefaces&v=4.0 HTTP/1.1" 304 -
190.26.164.189 - - [31/Oct/2023:01:48:43 -0500] "GET /sipse/css/v_mergente.css HTTP/1.1" 200 1505
190.26.164.189 - - [31/Oct/2023:01:48:43 -0500] "GET /sipse/imagenes/cargando.gif HTTP/1.1" 200 36959
190.26.164.189 - - [31/Oct/2023:01:48:43 -0500] "GET /sipse/imagenes/logoAplicacion.jpg HTTP/1.1" 200 155084
190.26.164.189 - - [31/Oct/2023:01:48:43 -0500] "GET /sipse/css/imagen/contrasena.png HTTP/1.1" 404 383
190.26.164.189 - - [31/Oct/2023:01:48:43 -0500] "GET /sipse/faces/javax.faces.resource/messages/messages.png?ln=primefaces&v=4.0 HTTP/1.1" 304 -
190.26.164.189 - - [31/Oct/2023:01:48:46 -0500] "GET /sipse/faces/javax.faces.resource/images/ui-bg_flat_0_2d5972_40x100.png?ln=primefaces-aristo HTTP/1.1" 304 -
190.26.164.189 - - [31/Oct/2023:01:48:46 -0500] "POST /sipse/faces/bienvenido.xhtml HTTP/1.1" 200 1473
190.26.164.189 - - [31/Oct/2023:01:48:47 -0500] "POST /sipse/faces/bienvenido.xhtml HTTP/1.1" 200 37753
190.26.164.189 - - [31/Oct/2023:01:48:47 -0500] "GET /sipse/faces/javax.faces.resource/theme.css?ln=primefaces-sipse HTTP/1.1" 304 -
190.26.164.189 - - [31/Oct/2023:01:48:47 -0500] "GET /sipse/faces/javax.faces.resource/layout/layout.css?ln=primefaces&v=4.0 HTTP/1.1" 304 -
190.26.164.189 - - [31/Oct/2023:01:48:47 -0500] "GET /sipse/faces/javax.faces.resource/primefaces.css?ln=primefaces&v=4.0 HTTP/1.1" 304 -
190.26.164.189 - - [31/Oct/2023:01:48:47 -0500] "GET /sipse/faces/javax.faces.resource/jquery/jquery.js?ln=primefaces&v=4.0 HTTP/1.1" 304 -
190.26.164.189 - - [31/Oct/2023:01:48:47 -0500] "GET /sipse/faces/javax.faces.resource/jquery/jquery-plugins.js?ln=primefaces&v=4.0 HTTP/1.1" 304 -
190.26.164.189 - - [31/Oct/2023:01:48:47 -0500] "GET /sipse/faces/javax.faces.resource/primefaces.js?ln=primefaces&v=4.0 HTTP/1.1" 304 -
190.26.164.189 - - [31/Oct/2023:01:48:47 -0500] "GET /sipse/faces/javax.faces.resource/layout/layout.js?ln=primefaces&v=4.0 HTTP/1.1" 304 -
190.26.164.189 - - [31/Oct/2023:01:49:26 -0500] "POST /sipse/faces/presentacion/financiero/solicitudProceso/consultar.xhtml HTTP/1.1" 200 13054
190.26.164.189 - - [31/Oct/2023:01:49:40 -0500] "POST /sipse/faces/presentacion/financiero/solicitudProceso/consultar.xhtml HTTP/1.1" 200 109705
190.26.164.189 - - [31/Oct/2023:01:49:40 -0500] "GET /sipse/faces/javax.faces.resource/theme.css?ln=primefaces-sipse HTTP/1.1" 304 -
190.26.164.189 - - [31/Oct/2023:01:49:40 -0500] "GET /sipse/faces/javax.faces.resource/primefaces.css?ln=primefaces&v=4.0 HTTP/1.1" 304 -
190.26.164.189 - - [31/Oct/2023:01:49:40 -0500] "GET /sipse/faces/javax.faces.resource/layout/layout.css?ln=primefaces&v=4.0 HTTP/1.1" 304 -
190.26.164.189 - - [31/Oct/2023:01:49:40 -0500] "GET /sipse/faces/javax.faces.resource/jquery/jquery.js?ln=primefaces&v=4.0 HTTP/1.1" 304 -
190.26.164.189 - - [31/Oct/2023:01:49:40 -0500] "GET /sipse/faces/javax.faces.resource/jquery/jquery-plugins.js?ln=primefaces&v=4.0 HTTP/1.1" 304 -
190.26.164.189 - - [31/Oct/2023:01:49:41 -0500] "GET /sipse/faces/javax.faces.resource/primefaces.js?ln=primefaces&v=4.0 HTTP/1.1" 304 -
190.26.164.189 - - [31/Oct/2023:01:49:41 -0500] "GET /sipse/faces/javax.faces.resource/layout/layout.js?ln=primefaces&v=4.0 HTTP/1.1" 304 -
201.245.192.253 - - [31/Oct/2023:01:49:48 -0500] "POST /kwsrmcab/Wsrmcab  HTTP/1.1" 200 40654
172.22.2.4 - - [31/Oct/2023:01:48:11 -0500] "GET /BLA/boletinlegal/index.php HTTP/1.1" 200 61722
190.26.164.189 - - [31/Oct/2023:01:49:53 -0500] "POST /sipse/faces/presentacion/financiero/solicitudProceso/consultarSolicitudProceso.xhtml HTTP/1.1" 200 244801
40.77.167.21 - - [31/Oct/2023:01:50:06 -0500] "GET /BLA/resoluciones/RESOLUCIONES%202021/1535.pdf HTTP/1.1" 200 488969
157.55.39.14 - - [31/Oct/2023:01:50:14 -0500] "GET /BLA/resoluciones/RESOLUCIONES%202021/1137.pdf HTTP/1.1" 200 440705
157.55.39.14 - - [31/Oct/2023:01:50:15 -0500] "GET /BLA/resoluciones/RESOLUCIONES%202021/1187.pdf HTTP/1.1" 200 367469
157.55.39.14 - - [31/Oct/2023:01:50:15 -0500] "GET /BLA/resoluciones/RESOLUCIONES%202021/3977.pdf HTTP/1.1" 200 379193
157.55.39.14 - - [31/Oct/2023:01:50:15 -0500] "GET /BLA/resoluciones/RESOLUCIONES%202021/2647.pdf HTTP/1.1" 200 607702
157.55.39.14 - - [31/Oct/2023:01:50:16 -0500] "GET /BLA/resoluciones/RESOLUCIONES%202021/5569.pdf HTTP/1.1" 200 492963
157.55.39.14 - - [31/Oct/2023:01:50:16 -0500] "GET /BLA/resoluciones/RESOLUCIONES%202021/3362.pdf HTTP/1.1" 200 470442
157.55.39.14 - - [31/Oct/2023:01:50:16 -0500] "GET /BLA/resoluciones/RESOLUCIONES%202021/3958.pdf HTTP/1.1" 200 2870508
157.55.39.14 - - [31/Oct/2023:01:50:18 -0500] "GET /BLA/resoluciones/RESOLUCIONES%202021/0827.pdf HTTP/1.1" 200 606795
157.55.39.14 - - [31/Oct/2023:01:50:19 -0500] "GET /BLA/resoluciones/RESOLUCIONES%202021/4744.pdf HTTP/1.1" 200 394038
157.55.39.14 - - [31/Oct/2023:01:50:19 -0500] "GET /BLA/resoluciones/RESOLUCIONES%202021/1550.pdf HTTP/1.1" 200 461969
157.55.39.14 - - [31/Oct/2023:01:50:19 -0500] "GET /BLA/resoluciones/RESOLUCIONES%202021/2755.pdf HTTP/1.1" 200 343637
157.55.39.14 - - [31/Oct/2023:01:50:20 -0500] "GET /BLA/resoluciones/RESOLUCIONES%202021/3821.pdf HTTP/1.1" 200 349190
157.55.39.14 - - [31/Oct/2023:01:50:20 -0500] "GET /BLA/resoluciones/RESOLUCIONES%202021/5506.pdf HTTP/1.1" 200 383826
157.55.39.14 - - [31/Oct/2023:01:50:20 -0500] "GET /BLA/resoluciones/RESOLUCIONES%202021/3163.pdf HTTP/1.1" 200 348811
157.55.39.14 - - [31/Oct/2023:01:50:20 -0500] "GET /BLA/resoluciones/RESOLUCIONES%202021/1271.pdf HTTP/1.1" 200 438323
157.55.39.14 - - [31/Oct/2023:01:50:21 -0500] "GET /BLA/resoluciones/RESOLUCIONES%202021/2138.pdf HTTP/1.1" 200 385618
157.55.39.14 - - [31/Oct/2023:01:50:21 -0500] "GET /BLA/resoluciones/RESOLUCIONES%202021/2889.pdf HTTP/1.1" 200 629291
157.55.39.14 - - [31/Oct/2023:01:50:21 -0500] "GET /BLA/resoluciones/RESOLUCIONES%202021/1257.pdf HTTP/1.1" 200 434863
216.245.221.92 - - [31/Oct/2023:01:50:26 -0500] "HEAD / HTTP/1.1" 200 -
157.55.39.14 - - [31/Oct/2023:01:50:31 -0500] "GET /BLA/resoluciones/RESOLUCIONES%202021/0905.pdf HTTP/1.1" 200 494605
157.55.39.14 - - [31/Oct/2023:01:50:32 -0500] "GET /BLA/resoluciones/RESOLUCIONES%202021/3105.pdf HTTP/1.1" 200 369410
157.55.39.14 - - [31/Oct/2023:01:50:32 -0500] "GET /BLA/resoluciones/RESOLUCIONES%202021/2531.pdf HTTP/1.1" 200 534184
157.55.39.14 - - [31/Oct/2023:01:50:33 -0500] "GET /BLA/resoluciones/RESOLUCIONES%202021/3267.pdf HTTP/1.1" 200 357013
40.77.167.21 - - [31/Oct/2023:01:50:36 -0500] "GET /BLA/resoluciones/RESOLUCIONES%202021/2401.pdf HTTP/1.1" 200 755148
40.77.167.21 - - [31/Oct/2023:01:50:37 -0500] "GET /BLA/resoluciones/RESOLUCIONES%202021/1205.pdf HTTP/1.1" 200 428290
40.77.167.21 - - [31/Oct/2023:01:50:37 -0500] "GET /BLA/resoluciones/RESOLUCIONES%202021/1331.pdf HTTP/1.1" 200 419633
40.77.167.21 - - [31/Oct/2023:01:50:37 -0500] "GET /BLA/resoluciones/RESOLUCIONES%202021/2732.pdf HTTP/1.1" 200 341350
40.77.167.21 - - [31/Oct/2023:01:50:38 -0500] "GET /BLA/resoluciones/RESOLUCIONES%202021/3848.pdf HTTP/1.1" 200 464855
40.77.167.21 - - [31/Oct/2023:01:50:38 -0500] "GET /BLA/resoluciones/RESOLUCIONES%202021/3537.pdf HTTP/1.1" 200 337709
40.77.167.21 - - [31/Oct/2023:01:50:39 -0500] "GET /BLA/resoluciones/RESOLUCIONES%202021/3017.pdf HTTP/1.1" 200 483327
40.77.167.21 - - [31/Oct/2023:01:50:39 -0500] "GET /BLA/resoluciones/RESOLUCIONES%202021/1192.pdf HTTP/1.1" 200 384541
40.77.167.21 - - [31/Oct/2023:01:50:39 -0500] "GET /BLA/resoluciones/RESOLUCIONES%202021/0272.pdf HTTP/1.1" 200 409676
40.77.167.21 - - [31/Oct/2023:01:50:39 -0500] "GET /BLA/resoluciones/RESOLUCIONES%202021/4957.pdf HTTP/1.1" 200 367072
40.77.167.21 - - [31/Oct/2023:01:50:40 -0500] "GET /BLA/resoluciones/RESOLUCIONES%202021/1587.pdf HTTP/1.1" 200 435128
40.77.167.21 - - [31/Oct/2023:01:50:40 -0500] "GET /BLA/resoluciones/RESOLUCIONES%202021/3551.pdf HTTP/1.1" 200 436678
40.77.167.21 - - [31/Oct/2023:01:50:40 -0500] "GET /BLA/resoluciones/RESOLUCIONES%202021/5567.pdf HTTP/1.1" 200 542651
40.77.167.21 - - [31/Oct/2023:01:50:41 -0500] "GET /BLA/resoluciones/RESOLUCIONES%202021/1652.pdf HTTP/1.1" 200 368915
40.77.167.21 - - [31/Oct/2023:01:50:41 -0500] "GET /BLA/resoluciones/RESOLUCIONES%202021/5630.pdf HTTP/1.1" 200 608900
40.77.167.21 - - [31/Oct/2023:01:50:41 -0500] "GET /BLA/resoluciones/RESOLUCIONES%202021/4883.pdf HTTP/1.1" 200 352496
40.77.167.21 - - [31/Oct/2023:01:50:42 -0500] "GET /BLA/resoluciones/RESOLUCIONES%202021/2994.pdf HTTP/1.1" 200 472461
40.77.167.21 - - [31/Oct/2023:01:50:42 -0500] "GET /BLA/resoluciones/RESOLUCIONES%202021/2130.pdf HTTP/1.1" 200 370498
40.77.167.21 - - [31/Oct/2023:01:50:43 -0500] "GET /BLA/resoluciones/RESOLUCIONES%202021/1591.pdf HTTP/1.1" 200 449912
40.77.167.21 - - [31/Oct/2023:01:50:43 -0500] "GET /BLA/resoluciones/RESOLUCIONES%202021/3099.pdf HTTP/1.1" 200 780058
40.77.167.21 - - [31/Oct/2023:01:50:45 -0500] "GET /BLA/resoluciones/RESOLUCIONES%202021/2588.pdf HTTP/1.1" 200 343736
52.167.144.12 - - [31/Oct/2023:01:50:55 -0500] "GET /BLA/resoluciones/RESOLUCIONES%202021/2774.pdf HTTP/1.1" 200 330016
52.167.144.194 - - [31/Oct/2023:01:51:02 -0500] "GET /BLA/resoluciones/RESOLUCIONES%202021/2435.pdf HTTP/1.1" 200 342722
52.167.144.194 - - [31/Oct/2023:01:51:02 -0500] "GET /BLA/resoluciones/RESOLUCIONES%202021/2193.pdf HTTP/1.1" 200 348786
52.167.144.194 - - [31/Oct/2023:01:51:03 -0500] "GET /BLA/resoluciones/RESOLUCIONES%202021/1645.pdf HTTP/1.1" 200 348055
52.167.144.194 - - [31/Oct/2023:01:51:03 -0500] "GET /BLA/resoluciones/RESOLUCIONES%202021/1543.pdf HTTP/1.1" 200 462643
52.167.144.194 - - [31/Oct/2023:01:51:03 -0500] "GET /BLA/resoluciones/RESOLUCIONES%202021/4729.pdf HTTP/1.1" 200 356288
52.167.144.194 - - [31/Oct/2023:01:51:04 -0500] "GET /BLA/resoluciones/RESOLUCIONES%202021/5027.pdf HTTP/1.1" 200 336083
52.167.144.194 - - [31/Oct/2023:01:51:04 -0500] "GET /BLA/resoluciones/RESOLUCIONES%202021/2626.pdf HTTP/1.1" 200 464609
157.55.39.9 - - [31/Oct/2023:01:51:04 -0500] "GET /BLA/resoluciones/RESOLUCIONES%202021/1237.pdf HTTP/1.1" 200 367211
52.167.144.194 - - [31/Oct/2023:01:51:04 -0500] "GET /BLA/resoluciones/RESOLUCIONES%202021/1153.pdf HTTP/1.1" 200 428870
52.167.144.194 - - [31/Oct/2023:01:51:05 -0500] "GET /BLA/resoluciones/RESOLUCIONES%202021/2399.pdf HTTP/1.1" 200 702453
52.167.144.194 - - [31/Oct/2023:01:51:05 -0500] "GET /BLA/resoluciones/RESOLUCIONES%202021/2877.pdf HTTP/1.1" 200 330237
52.167.144.194 - - [31/Oct/2023:01:51:05 -0500] "GET /BLA/resoluciones/RESOLUCIONES%202021/5378.pdf HTTP/1.1" 200 511679
52.167.144.194 - - [31/Oct/2023:01:51:05 -0500] "GET /BLA/resoluciones/RESOLUCIONES%202021/4864.pdf HTTP/1.1" 200 359627
52.167.144.194 - - [31/Oct/2023:01:51:06 -0500] "GET /BLA/resoluciones/RESOLUCIONES%202021/3962.pdf HTTP/1.1" 200 339150
40.77.167.21 - - [31/Oct/2023:01:51:06 -0500] "GET /BLA/resoluciones/RESOLUCIONES%202021/3100.pdf HTTP/1.1" 200 1581563
52.167.144.194 - - [31/Oct/2023:01:51:06 -0500] "GET /BLA/resoluciones/RESOLUCIONES%202021/4544.pdf HTTP/1.1" 200 460348
52.167.144.194 - - [31/Oct/2023:01:51:06 -0500] "GET /BLA/resoluciones/RESOLUCIONES%202021/2895.pdf HTTP/1.1" 200 391196
52.167.144.194 - - [31/Oct/2023:01:51:07 -0500] "GET /BLA/resoluciones/RESOLUCIONES%202021/1551.pdf HTTP/1.1" 200 423779
52.167.144.194 - - [31/Oct/2023:01:51:07 -0500] "GET /BLA/resoluciones/RESOLUCIONES%202021/1807.pdf HTTP/1.1" 200 349696
52.167.144.194 - - [31/Oct/2023:01:51:07 -0500] "GET /BLA/resoluciones/RESOLUCIONES%202021/4813.pdf HTTP/1.1" 200 359240
52.167.144.194 - - [31/Oct/2023:01:51:07 -0500] "GET /BLA/resoluciones/RESOLUCIONES%202021/3053.pdf HTTP/1.1" 200 460939
40.77.167.21 - - [31/Oct/2023:01:51:20 -0500] "GET /BLA/resoluciones/RESOLUCIONES%202021/1253.pdf HTTP/1.1" 200 1049185
190.26.164.189 - - [31/Oct/2023:01:52:55 -0500] "POST /sipse/faces/presentacion/financiero/solicitudProceso/consultarSolicitudProceso.xhtml HTTP/1.1" 200 41036
190.26.164.189 - - [31/Oct/2023:01:52:56 -0500] "GET /sipse/faces/javax.faces.resource/theme.css?ln=primefaces-sipse HTTP/1.1" 304 -
190.26.164.189 - - [31/Oct/2023:01:52:56 -0500] "GET /sipse/faces/javax.faces.resource/layout/layout.css?ln=primefaces&v=4.0 HTTP/1.1" 304 -
190.26.164.189 - - [31/Oct/2023:01:52:56 -0500] "GET /sipse/faces/javax.faces.resource/primefaces.css?ln=primefaces&v=4.0 HTTP/1.1" 304 -
190.26.164.189 - - [31/Oct/2023:01:52:56 -0500] "GET /sipse/faces/javax.faces.resource/jquery/jquery.js?ln=primefaces&v=4.0 HTTP/1.1" 304 -
190.26.164.189 - - [31/Oct/2023:01:52:56 -0500] "GET /sipse/faces/javax.faces.resource/jquery/jquery-plugins.js?ln=primefaces&v=4.0 HTTP/1.1" 304 -
190.26.164.189 - - [31/Oct/2023:01:52:56 -0500] "GET /sipse/faces/javax.faces.resource/primefaces.js?ln=primefaces&v=4.0 HTTP/1.1" 304 -
190.26.164.189 - - [31/Oct/2023:01:52:56 -0500] "GET /sipse/faces/javax.faces.resource/layout/layout.js?ln=primefaces&v=4.0 HTTP/1.1" 304 -
190.26.164.189 - - [31/Oct/2023:01:52:56 -0500] "POST /sipse/faces/presentacion/financiero/solicitudProceso/consultar.xhtml HTTP/1.1" 200 34453
190.26.164.189 - - [31/Oct/2023:01:52:56 -0500] "POST /sipse/faces/presentacion/financiero/solicitudProceso/consultar.xhtml HTTP/1.1" 200 34453
52.167.144.194 - - [31/Oct/2023:01:52:59 -0500] "GET /BLA/resoluciones/AUTOS%202023/3538.pdf HTTP/1.1" 200 412908
190.26.164.189 - - [31/Oct/2023:01:53:01 -0500] "POST /sipse/faces/presentacion/financiero/solicitudProceso/consultar.xhtml HTTP/1.1" 200 12817
52.167.144.12 - - [31/Oct/2023:01:53:03 -0500] "GET /BLA/resoluciones/RESOLUCIONES%202021/1113.pdf HTTP/1.1" 200 453105
190.26.164.189 - - [31/Oct/2023:01:53:07 -0500] "POST /sipse/faces/presentacion/financiero/solicitudProceso/consultar.xhtml HTTP/1.1" 200 12829
40.77.167.21 - - [31/Oct/2023:01:53:08 -0500] "GET /BLA/resoluciones/index.php?dir=RESOLUCIONES+2022%2F HTTP/1.1" 200 321817
190.26.164.189 - - [31/Oct/2023:01:53:12 -0500] "POST /sipse/faces/presentacion/financiero/solicitudProceso/consultar.xhtml HTTP/1.1" 200 115225
190.26.164.189 - - [31/Oct/2023:01:53:13 -0500] "GET /sipse/faces/javax.faces.resource/theme.css?ln=primefaces-sipse HTTP/1.1" 304 -
190.26.164.189 - - [31/Oct/2023:01:53:13 -0500] "GET /sipse/faces/javax.faces.resource/primefaces.css?ln=primefaces&v=4.0 HTTP/1.1" 304 -
190.26.164.189 - - [31/Oct/2023:01:53:13 -0500] "GET /sipse/faces/javax.faces.resource/layout/layout.css?ln=primefaces&v=4.0 HTTP/1.1" 304 -
190.26.164.189 - - [31/Oct/2023:01:53:13 -0500] "GET /sipse/faces/javax.faces.resource/jquery/jquery.js?ln=primefaces&v=4.0 HTTP/1.1" 304 -
190.26.164.189 - - [31/Oct/2023:01:53:13 -0500] "GET /sipse/faces/javax.faces.resource/jquery/jquery-plugins.js?ln=primefaces&v=4.0 HTTP/1.1" 304 -
190.26.164.189 - - [31/Oct/2023:01:53:13 -0500] "GET /sipse/faces/javax.faces.resource/primefaces.js?ln=primefaces&v=4.0 HTTP/1.1" 304 -
190.26.164.189 - - [31/Oct/2023:01:53:13 -0500] "GET /sipse/faces/javax.faces.resource/layout/layout.js?ln=primefaces&v=4.0 HTTP/1.1" 304 -
172.22.2.4 - - [31/Oct/2023:01:51:36 -0500] "HEAD /BLA/boletinlegal/ HTTP/1.1" 200 -
190.26.164.189 - - [31/Oct/2023:01:53:39 -0500] "POST /sipse/faces/presentacion/financiero/solicitudProceso/consultarSolicitudProceso.xhtml HTTP/1.1" 200 386160
172.22.2.4 - - [31/Oct/2023:01:52:26 -0500] "GET /BLA/boletinlegal/ HTTP/1.1" 200 58280
172.22.2.4 - - [31/Oct/2023:01:53:35 -0500] "GET /BLA/boletinlegal/ HTTP/1.1" 200 32715
205.210.31.140 - - [31/Oct/2023:01:54:27 -0500] "GET / HTTP/1.1" 200 319
201.245.192.253 - - [31/Oct/2023:01:54:47 -0500] "POST /kwsrmcab/Wsrmcab  HTTP/1.1" 200 40654
216.245.221.92 - - [31/Oct/2023:01:55:26 -0500] "HEAD / HTTP/1.1" 200 -
216.244.66.195 - - [31/Oct/2023:01:58:04 -0500] "GET /robots.txt HTTP/1.1" 404 1018
172.22.2.4 - - [31/Oct/2023:01:57:26 -0500] "HEAD /BLA/boletinlegal/ HTTP/1.1" 200 -
157.55.39.9 - - [31/Oct/2023:01:59:18 -0500] "GET /Publicaciones/2023EE233781.pdf HTTP/1.1" 404 228
157.55.39.9 - - [31/Oct/2023:01:59:19 -0500] "GET /Publicaciones/2023EE207897.pdf HTTP/1.1" 404 228
201.245.192.253 - - [31/Oct/2023:01:59:45 -0500] "POST /kwsrmcab/Wsrmcab  HTTP/1.1" 200 40654
172.22.2.4 - - [31/Oct/2023:01:58:16 -0500] "GET /BLA/boletinlegal/ HTTP/1.1" 200 58280
216.245.221.92 - - [31/Oct/2023:02:00:26 -0500] "HEAD / HTTP/1.1" 200 -
168.119.52.80 - - [31/Oct/2023:02:03:59 -0500] "GET / HTTP/1.1" 200 319
207.46.13.14 - - [31/Oct/2023:02:04:00 -0500] "GET /Publicaciones/2023EE213591.pdf HTTP/1.1" 404 228
168.119.52.80 - - [31/Oct/2023:02:04:01 -0500] "GET / HTTP/1.1" 200 4720
61.135.159.152 - - [31/Oct/2023:02:04:32 -0500] "GET / HTTP/1.1" 200 319
201.245.192.253 - - [31/Oct/2023:02:04:44 -0500] "POST /kwsrmcab/Wsrmcab  HTTP/1.1" 200 40654
172.22.2.4 - - [31/Oct/2023:02:03:16 -0500] "HEAD /BLA/boletinlegal/ HTTP/1.1" 200 -
216.245.221.92 - - [31/Oct/2023:02:05:25 -0500] "HEAD / HTTP/1.1" 200 -
172.22.2.4 - - [31/Oct/2023:02:04:06 -0500] "GET /BLA/boletinlegal/ HTTP/1.1" 200 58630
52.167.144.10 - - [31/Oct/2023:02:06:51 -0500] "GET /BLA/resoluciones/RESOLUCIONES%202021/2591.pdf HTTP/1.1" 200 343617
52.167.144.137 - - [31/Oct/2023:02:06:52 -0500] "GET /BLA/resoluciones/RESOLUCIONES%202021/1944.pdf HTTP/1.1" 200 545476
207.46.13.14 - - [31/Oct/2023:02:06:56 -0500] "GET /BLA/resoluciones/RESOLUCIONES%202021/1092.pdf HTTP/1.1" 200 454624
207.46.13.14 - - [31/Oct/2023:02:06:57 -0500] "GET /BLA/resoluciones/RESOLUCIONES%202021/2448.pdf HTTP/1.1" 200 362670
52.167.144.187 - - [31/Oct/2023:02:07:01 -0500] "GET /BLA/resoluciones/RESOLUCIONES%202021/1537.pdf HTTP/1.1" 200 2202689
201.245.192.253 - - [31/Oct/2023:02:09:43 -0500] "POST /kwsrmcab/Wsrmcab  HTTP/1.1" 200 40654
216.245.221.92 - - [31/Oct/2023:02:10:25 -0500] "HEAD / HTTP/1.1" 200 -
172.22.2.4 - - [31/Oct/2023:02:09:04 -0500] "GET /BLA/boletinlegal/ HTTP/1.1" 200 40932
172.22.2.4 - - [31/Oct/2023:02:09:06 -0500] "HEAD /BLA/boletinlegal/ HTTP/1.1" 200 -
40.77.167.16 - - [31/Oct/2023:02:10:54 -0500] "GET /BLA/resoluciones/AUTOS%202023/5960.pdf HTTP/1.1" 200 443834
172.22.2.4 - - [31/Oct/2023:02:10:55 -0500] "GET /BLA/boletinlegal/dns-query?dns=io4BAAABAAAAAAAABmdvb2dsZQNjb20AAAEAAQ HTTP/1.1" 406 -
172.22.2.4 - - [31/Oct/2023:02:09:56 -0500] "GET /BLA/boletinlegal/ HTTP/1.1" 200 53342
201.245.192.253 - - [31/Oct/2023:02:14:41 -0500] "POST /kwsrmcab/Wsrmcab  HTTP/1.1" 200 40654
40.77.167.16 - - [31/Oct/2023:02:14:56 -0500] "GET /Publicaciones/2023EE196216.pdf HTTP/1.1" 404 228
207.46.13.168 - - [31/Oct/2023:02:15:17 -0500] "GET /BLA/resoluciones/AUTOS%202022/1324.pdf HTTP/1.1" 304 -
216.245.221.92 - - [31/Oct/2023:02:15:25 -0500] "HEAD / HTTP/1.1" 200 -
172.22.2.4 - - [31/Oct/2023:02:14:56 -0500] "HEAD /BLA/boletinlegal/ HTTP/1.1" 200 -
172.22.2.4 - - [31/Oct/2023:02:15:49 -0500] "GET /BLA/boletinlegal/ HTTP/1.1" 200 58993
201.245.192.253 - - [31/Oct/2023:02:17:36 -0500] "POST /kwsrmcab/Wsrmcab HTTP/1.1" 200 40467
201.245.192.253 - - [31/Oct/2023:02:17:39 -0500] "POST /kwsrmcab/Wsrmcab HTTP/1.1" 200 40210
207.46.13.168 - - [31/Oct/2023:02:19:33 -0500] "GET /Publicaciones/2023EE231268.pdf HTTP/1.1" 404 228
201.245.192.253 - - [31/Oct/2023:02:19:39 -0500] "POST /kwsrmcab/Wsrmcab  HTTP/1.1" 200 40654
216.245.221.92 - - [31/Oct/2023:02:20:25 -0500] "HEAD / HTTP/1.1" 200 -
201.245.192.253 - - [31/Oct/2023:02:20:45 -0500] "POST /kwsrmcab/Wsrmcab HTTP/1.1" 200 40467
201.245.192.253 - - [31/Oct/2023:02:20:48 -0500] "POST /kwsrmcab/Wsrmcab HTTP/1.1" 200 40210
207.46.13.168 - - [31/Oct/2023:02:20:53 -0500] "GET /BLA/resoluciones/RESOLUCIONES%202021/3566.pdf HTTP/1.1" 200 428658
207.46.13.168 - - [31/Oct/2023:02:20:54 -0500] "GET /BLA/resoluciones/RESOLUCIONES%202021/3241.pdf HTTP/1.1" 200 344217
207.46.13.168 - - [31/Oct/2023:02:20:54 -0500] "GET /BLA/resoluciones/RESOLUCIONES%202021/3808.pdf HTTP/1.1" 200 380876
40.77.167.23 - - [31/Oct/2023:02:20:57 -0500] "GET /BLA/resoluciones/RESOLUCIONES%202021/4026.pdf HTTP/1.1" 200 347121
52.167.144.222 - - [31/Oct/2023:02:20:57 -0500] "GET /BLA/resoluciones/RESOLUCIONES%202021/1536.pdf HTTP/1.1" 200 485668
172.22.2.4 - - [31/Oct/2023:02:21:14 -0500] "GET /BLA/boletinlegal/dns-query?dns=ZWgBAAABAAAAAAAABmdvb2dsZQNjb20AAAEAAQ HTTP/1.1" 406 -
40.77.167.23 - - [31/Oct/2023:02:21:42 -0500] "GET /bla/resoluciones/resoluciones%202022/0024.pdf HTTP/1.1" 200 351578
172.22.2.4 - - [31/Oct/2023:02:20:49 -0500] "HEAD /BLA/boletinlegal/ HTTP/1.1" 200 -
172.22.2.4 - - [31/Oct/2023:02:22:50 -0500] "POST /BLA/boletinlegal/dns-query HTTP/1.1" 406 -
172.22.2.4 - - [31/Oct/2023:02:21:39 -0500] "GET /BLA/boletinlegal/ HTTP/1.1" 200 61004
162.55.171.94 - - [31/Oct/2023:02:23:26 -0500] "GET / HTTP/1.1" 200 4720
162.55.171.94 - - [31/Oct/2023:02:23:28 -0500] "GET / HTTP/1.1" 200 319
201.245.192.253 - - [31/Oct/2023:02:24:38 -0500] "POST /kwsrmcab/Wsrmcab  HTTP/1.1" 200 40654
216.245.221.92 - - [31/Oct/2023:02:25:25 -0500] "HEAD / HTTP/1.1" 200 -
52.25.208.208 - - [31/Oct/2023:02:25:54 -0500] "GET /BLA/resoluciones/index.php?dir=Decretos/ HTTP/1.1" 200 6804
190.26.164.189 - - [31/Oct/2023:02:26:50 -0500] "POST /sipse/faces/presentacion/financiero/solicitudProceso/consultarSolicitudProceso.xhtml HTTP/1.1" 200 40799
190.26.164.189 - - [31/Oct/2023:02:26:50 -0500] "GET /sipse/css/custom_css_sg.css HTTP/1.1" 304 -
190.26.164.189 - - [31/Oct/2023:02:26:50 -0500] "GET /sipse/js/disable_browser_buttons.js HTTP/1.1" 304 -
190.26.164.189 - - [31/Oct/2023:02:26:50 -0500] "GET /sipse/faces/javax.faces.resource/primefaces.css?ln=primefaces&v=4.0 HTTP/1.1" 304 -
190.26.164.189 - - [31/Oct/2023:02:26:50 -0500] "GET /sipse/css/custom_css_sg_prime.css HTTP/1.1" 304 -
190.26.164.189 - - [31/Oct/2023:02:26:50 -0500] "GET /sipse/faces/javax.faces.resource/theme.css?ln=primefaces-sipse HTTP/1.1" 304 -
190.26.164.189 - - [31/Oct/2023:02:26:50 -0500] "GET /sipse/faces/javax.faces.resource/layout/layout.css?ln=primefaces&v=4.0 HTTP/1.1" 304 -
190.26.164.189 - - [31/Oct/2023:02:26:50 -0500] "GET /sipse/js/jquery.min.js HTTP/1.1" 304 -
190.26.164.189 - - [31/Oct/2023:02:26:50 -0500] "GET /sipse/js/funciones.js HTTP/1.1" 304 -
190.26.164.189 - - [31/Oct/2023:02:26:50 -0500] "GET /sipse/faces/javax.faces.resource/jquery/jquery.js?ln=primefaces&v=4.0 HTTP/1.1" 304 -
190.26.164.189 - - [31/Oct/2023:02:26:51 -0500] "GET /sipse/faces/javax.faces.resource/jquery/jquery-plugins.js?ln=primefaces&v=4.0 HTTP/1.1" 304 -
190.26.164.189 - - [31/Oct/2023:02:26:51 -0500] "GET /sipse/faces/javax.faces.resource/primefaces.js?ln=primefaces&v=4.0 HTTP/1.1" 304 -
190.26.164.189 - - [31/Oct/2023:02:26:51 -0500] "GET /sipse/faces/javax.faces.resource/layout/layout.js?ln=primefaces&v=4.0 HTTP/1.1" 304 -
190.26.164.189 - - [31/Oct/2023:02:26:51 -0500] "POST /sipse/faces/presentacion/financiero/solicitudProceso/consultar.xhtml HTTP/1.1" 200 34216
190.26.164.189 - - [31/Oct/2023:02:26:51 -0500] "POST /sipse/faces/presentacion/financiero/solicitudProceso/consultar.xhtml HTTP/1.1" 200 34216
190.26.164.189 - - [31/Oct/2023:02:26:52 -0500] "POST /sipse/faces/presentacion/financiero/solicitudProceso/consultar.xhtml HTTP/1.1" 200 34216
190.26.164.189 - - [31/Oct/2023:02:26:52 -0500] "POST /sipse/faces/presentacion/financiero/solicitudProceso/consultar.xhtml HTTP/1.1" 200 34216
190.26.164.189 - - [31/Oct/2023:02:26:55 -0500] "POST /sipse/faces/presentacion/financiero/solicitudProceso/consultar.xhtml HTTP/1.1" 200 12829
201.245.192.253 - - [31/Oct/2023:02:27:36 -0500] "POST /kwsrmcab/Wsrmcab HTTP/1.1" 200 40467
201.245.192.253 - - [31/Oct/2023:02:27:39 -0500] "POST /kwsrmcab/Wsrmcab HTTP/1.1" 200 40210
172.22.2.4 - - [31/Oct/2023:02:26:39 -0500] "HEAD /BLA/boletinlegal/ HTTP/1.1" 200 -
172.22.2.4 - - [31/Oct/2023:02:28:45 -0500] "POST /BLA/boletinlegal/dns-query HTTP/1.1" 406 -
31.13.127.117 - - [31/Oct/2023:02:29:04 -0500] "GET /lluvias-y-vientos-aumentan-la-probabilidad-de-caida-de-arboles-en-bogota.html HTTP/1.1" 200 730
172.22.2.4 - - [31/Oct/2023:02:27:29 -0500] "GET /BLA/boletinlegal/ HTTP/1.1" 200 58630
201.245.192.253 - - [31/Oct/2023:02:29:36 -0500] "POST /kwsrmcab/Wsrmcab  HTTP/1.1" 200 40654
216.245.221.92 - - [31/Oct/2023:02:30:25 -0500] "HEAD / HTTP/1.1" 200 -
201.245.192.253 - - [31/Oct/2023:02:30:46 -0500] "POST /kwsrmcab/Wsrmcab HTTP/1.1" 200 40467
201.245.192.253 - - [31/Oct/2023:02:30:49 -0500] "POST /kwsrmcab/Wsrmcab HTTP/1.1" 200 40210
52.167.144.175 - - [31/Oct/2023:02:32:33 -0500] "GET /Publicaciones/2023EE205032.pdf HTTP/1.1" 404 228
52.167.144.175 - - [31/Oct/2023:02:33:14 -0500] "GET /Publicaciones/2023EE218258.pdf HTTP/1.1" 404 228
172.22.2.4 - - [31/Oct/2023:02:32:29 -0500] "HEAD /BLA/boletinlegal/ HTTP/1.1" 200 -
201.245.192.253 - - [31/Oct/2023:02:34:35 -0500] "POST /kwsrmcab/Wsrmcab  HTTP/1.1" 200 40654
172.22.2.4 - - [31/Oct/2023:02:33:19 -0500] "GET /BLA/boletinlegal/ HTTP/1.1" 200 57483
216.245.221.92 - - [31/Oct/2023:02:35:25 -0500] "HEAD / HTTP/1.1" 200 -
52.167.144.175 - - [31/Oct/2023:02:35:55 -0500] "GET /Publicaciones/2023EE182042.pdf HTTP/1.1" 404 228
172.22.2.4 - - [31/Oct/2023:02:34:34 -0500] "GET /BLA/boletinlegal/ HTTP/1.1" 200 61722
172.22.2.4 - - [31/Oct/2023:02:36:15 -0500] "GET /BLA/boletinlegal/js/jquery.scrollTo-min.js HTTP/1.1" 200 1150
52.167.144.170 - - [31/Oct/2023:02:36:49 -0500] "GET /BLA/resoluciones/AUTOS%202023/4090.pdf HTTP/1.1" 200 2287220
201.245.192.253 - - [31/Oct/2023:02:37:36 -0500] "POST /kwsrmcab/Wsrmcab HTTP/1.1" 200 40467
201.245.192.253 - - [31/Oct/2023:02:37:39 -0500] "POST /kwsrmcab/Wsrmcab HTTP/1.1" 200 40210
201.245.192.253 - - [31/Oct/2023:02:39:34 -0500] "POST /kwsrmcab/Wsrmcab  HTTP/1.1" 200 40654
