172.22.2.4 - - [31/Oct/2023:05:22:35 -0500] "GET /BLA/boletinlegal/ HTTP/1.1" 200 58280
207.46.13.36 - - [31/Oct/2023:05:24:42 -0500] "GET /Publicaciones/2023EE182042.pdf HTTP/1.1" 404 228
52.167.144.171 - - [31/Oct/2023:05:25:13 -0500] "GET /BLA/resoluciones/AUTOS%202023/3975.pdf HTTP/1.1" 200 776476
216.245.221.92 - - [31/Oct/2023:05:25:25 -0500] "HEAD / HTTP/1.1" 200 -
207.46.13.155 - - [31/Oct/2023:05:26:46 -0500] "GET /BLA/resoluciones/AUTOS%202023/1836.pdf HTTP/1.1" 200 326931
207.46.13.155 - - [31/Oct/2023:05:26:48 -0500] "GET /BLA/resoluciones/AUTOS%202007/3807.pdf HTTP/1.1" 200 75644
207.46.13.155 - - [31/Oct/2023:05:26:48 -0500] "GET /BLA/resoluciones/AUTOS%202022/3907.pdf HTTP/1.1" 304 -
66.249.66.19 - - [31/Oct/2023:05:27:19 -0500] "GET /robots.txt HTTP/1.1" 404 1018
66.249.66.19 - - [31/Oct/2023:05:27:19 -0500] "GET /isolucionsda/FrameSetGeneral.asp?Pagina=Magazin.asp&Sigla=MAC&IdModulo=2/politicas HTTP/1.1" 200 527
201.245.192.253 - - [31/Oct/2023:05:27:35 -0500] "POST /kwsrmcab/Wsrmcab HTTP/1.1" 200 40782
201.245.192.253 - - [31/Oct/2023:05:27:38 -0500] "POST /kwsrmcab/Wsrmcab HTTP/1.1" 200 37883
66.249.66.39 - - [31/Oct/2023:05:28:34 -0500] "GET /semana-bogota-reverdece-se-plantaron-200-nuevos-arboles-en-el-humedal-tingua-azul-bosa.html HTTP/1.1" 304 -
201.245.192.253 - - [31/Oct/2023:05:28:54 -0500] "POST /kwsrmcab/Wsrmcab  HTTP/1.1" 200 40654
172.22.2.4 - - [31/Oct/2023:05:27:34 -0500] "HEAD /BLA/boletinlegal/ HTTP/1.1" 200 -
66.249.66.21 - - [31/Oct/2023:05:29:45 -0500] "GET /BLA/resoluciones/RESOLUCIONES%202011/1089.pdf HTTP/1.1" 200 264008
172.22.2.4 - - [31/Oct/2023:05:28:25 -0500] "GET /BLA/boletinlegal/ HTTP/1.1" 200 58630
216.245.221.92 - - [31/Oct/2023:05:30:25 -0500] "HEAD / HTTP/1.1" 200 -
201.245.192.253 - - [31/Oct/2023:05:30:45 -0500] "POST /kwsrmcab/Wsrmcab HTTP/1.1" 200 40782
201.245.192.253 - - [31/Oct/2023:05:30:48 -0500] "POST /kwsrmcab/Wsrmcab HTTP/1.1" 200 37883
157.55.39.200 - - [31/Oct/2023:05:32:52 -0500] "GET /Publicaciones/2023EE186794.pdf HTTP/1.1" 404 228
52.167.144.171 - - [31/Oct/2023:05:33:14 -0500] "GET /BLA/resoluciones/AUTOS%202023/5085.pdf HTTP/1.1" 200 394303
201.245.192.253 - - [31/Oct/2023:05:33:52 -0500] "POST /kwsrmcab/Wsrmcab  HTTP/1.1" 200 40654
157.55.39.205 - - [31/Oct/2023:05:34:07 -0500] "GET /BLA/resoluciones/AUTOS%202014/4637.pdf HTTP/1.1" 304 -
172.22.2.4 - - [31/Oct/2023:05:33:24 -0500] "HEAD /BLA/boletinlegal/ HTTP/1.1" 200 -
216.245.221.92 - - [31/Oct/2023:05:35:25 -0500] "HEAD / HTTP/1.1" 200 -
172.22.2.4 - - [31/Oct/2023:05:34:15 -0500] "GET /BLA/boletinlegal/ HTTP/1.1" 200 56173
172.22.2.4 - - [31/Oct/2023:05:35:14 -0500] "GET /BLA/boletinlegal/index.php HTTP/1.1" 200 61004
201.245.192.253 - - [31/Oct/2023:05:37:35 -0500] "POST /kwsrmcab/Wsrmcab HTTP/1.1" 200 40782
201.245.192.253 - - [31/Oct/2023:05:37:38 -0500] "POST /kwsrmcab/Wsrmcab HTTP/1.1" 200 37883
201.245.192.253 - - [31/Oct/2023:05:38:51 -0500] "POST /kwsrmcab/Wsrmcab  HTTP/1.1" 200 40654
157.55.39.205 - - [31/Oct/2023:05:39:33 -0500] "GET /bla/resoluciones/notificaciones/autos%202018/01015.pdf HTTP/1.1" 200 297454
157.55.39.15 - - [31/Oct/2023:05:40:17 -0500] "GET /portaldeninos/humedal-juan-amarillo-2/ HTTP/1.1" 200 88155
216.245.221.92 - - [31/Oct/2023:05:40:25 -0500] "HEAD / HTTP/1.1" 200 -
201.245.192.253 - - [31/Oct/2023:05:40:45 -0500] "POST /kwsrmcab/Wsrmcab HTTP/1.1" 200 40782
201.245.192.253 - - [31/Oct/2023:05:40:48 -0500] "POST /kwsrmcab/Wsrmcab HTTP/1.1" 200 37883
172.22.2.4 - - [31/Oct/2023:05:39:14 -0500] "HEAD /BLA/boletinlegal/ HTTP/1.1" 200 -
157.55.39.205 - - [31/Oct/2023:05:41:34 -0500] "GET /BLA/resoluciones/AUTOS%202022/1913.pdf HTTP/1.1" 304 -
172.22.2.4 - - [31/Oct/2023:05:40:05 -0500] "GET /BLA/boletinlegal/ HTTP/1.1" 200 61004
66.249.66.19 - - [31/Oct/2023:05:42:20 -0500] "GET /isolucionsda/FrameSetArticulo.asp?Pagina=/isolucionsda/bancoconocimiento/D/DecretoDistrital061de2007/DecretoDistrital061de2007.asp?IdArticulo=7547 HTTP/1.1" 200 527
157.55.39.205 - - [31/Oct/2023:05:42:55 -0500] "GET /BLA/resoluciones/AUTOS%202023/5272.pdf HTTP/1.1" 200 991072
182.44.9.147 - - [31/Oct/2023:05:43:06 -0500] "GET / HTTP/1.1" 200 319
157.55.39.205 - - [31/Oct/2023:05:43:44 -0500] "GET /Publicaciones/2023EE205764.pdf HTTP/1.1" 404 228
201.245.192.253 - - [31/Oct/2023:05:43:51 -0500] "POST /kwsrmcab/Wsrmcab  HTTP/1.1" 200 40654
172.22.2.4 - - [31/Oct/2023:05:44:46 -0500] "GET /BLA/boletinlegal/robots.txt HTTP/1.1" 404 1038
172.22.2.4 - - [31/Oct/2023:05:44:47 -0500] "GET /BLA/boletinlegal/Circulares/023%09/CIRCULAR%20No.%2000011%20DEL%2023%20DE%20OCTUBRE%20DEL%202023%09.pdf HTTP/1.1" 403 1026
216.245.221.92 - - [31/Oct/2023:05:45:25 -0500] "HEAD / HTTP/1.1" 200 -
40.77.167.241 - - [31/Oct/2023:05:46:01 -0500] "GET /dia-nacional-del-arbol-atributos-y-caracteristicas-de-las-especies-representativas-de-bogota.html HTTP/1.1" 200 697
172.22.2.4 - - [31/Oct/2023:05:45:04 -0500] "HEAD /BLA/boletinlegal/ HTTP/1.1" 200 -
157.55.39.205 - - [31/Oct/2023:05:46:55 -0500] "GET /BLA/resoluciones/RESOLUCIONES%202010/1757.pdf HTTP/1.1" 200 355611
172.22.2.4 - - [31/Oct/2023:05:45:55 -0500] "GET /BLA/boletinlegal/ HTTP/1.1" 200 58280
201.245.192.253 - - [31/Oct/2023:05:48:49 -0500] "POST /kwsrmcab/Wsrmcab  HTTP/1.1" 200 40654
172.22.2.4 - - [31/Oct/2023:05:48:28 -0500] "GET /BLA/boletinlegal/ HTTP/1.1" 200 20427
34.147.16.138 - - [31/Oct/2023:05:50:05 -0500] "GET /proximo-4-de-octubre-simulacro-distrital-de-evacuacion-dia-y-noche.html HTTP/1.1" 200 783
216.245.221.92 - - [31/Oct/2023:05:50:25 -0500] "HEAD / HTTP/1.1" 200 -
66.249.66.13 - - [31/Oct/2023:05:51:16 -0500] "GET /BLA/resoluciones/RESOLUCIONES%202008/3259.pdf HTTP/1.1" 200 675206
172.22.2.4 - - [31/Oct/2023:05:50:54 -0500] "HEAD /BLA/boletinlegal/ HTTP/1.1" 200 -
172.22.2.4 - - [31/Oct/2023:05:51:45 -0500] "GET /BLA/boletinlegal/ HTTP/1.1" 200 60620
201.245.192.253 - - [31/Oct/2023:05:53:49 -0500] "POST /kwsrmcab/Wsrmcab  HTTP/1.1" 200 40654
216.245.221.92 - - [31/Oct/2023:05:55:25 -0500] "HEAD / HTTP/1.1" 200 -
207.46.13.14 - - [31/Oct/2023:05:57:57 -0500] "GET /BLA/resoluciones/AUTOS%202023/1357.pdf HTTP/1.1" 200 430803
172.22.2.4 - - [31/Oct/2023:05:58:22 -0500] "GET /BLA/boletinlegal/jurisprudencia/analisis/SENTENCIA%20C-703%20DE%202010.xls HTTP/1.1" 304 -
172.22.2.4 - - [31/Oct/2023:05:56:44 -0500] "HEAD /BLA/boletinlegal/ HTTP/1.1" 200 -
201.245.192.253 - - [31/Oct/2023:05:58:47 -0500] "POST /kwsrmcab/Wsrmcab  HTTP/1.1" 200 40654
172.22.2.4 - - [31/Oct/2023:05:57:35 -0500] "GET /BLA/boletinlegal/ HTTP/1.1" 200 61004
51.222.253.7 - - [31/Oct/2023:06:00:06 -0500] "GET /galeria/nivo-slider/demo/images/Rendicion.png HTTP/1.1" 200 262274
170.106.184.225 - - [31/Oct/2023:06:00:19 -0500] "GET /galeria/galeria/fotos/Humedal-la-conejera2P.jpg HTTP/1.1" 200 31007
216.245.221.92 - - [31/Oct/2023:06:00:25 -0500] "HEAD / HTTP/1.1" 200 -
66.249.66.39 - - [31/Oct/2023:06:01:43 -0500] "GET /semana-bogota-reverdece-se-plantaron-200-nuevos-arboles-en-el-humedal-tingua-azul-bosa.html HTTP/1.1" 304 -
207.46.13.14 - - [31/Oct/2023:06:02:00 -0500] "GET /bla/resoluciones/notificaciones/autos%202020/03971.pdf HTTP/1.1" 200 349055
157.90.254.89 - - [31/Oct/2023:06:03:42 -0500] "GET / HTTP/1.1" 200 4720
157.90.254.89 - - [31/Oct/2023:06:03:45 -0500] "GET / HTTP/1.1" 200 319
201.245.192.253 - - [31/Oct/2023:06:03:45 -0500] "POST /kwsrmcab/Wsrmcab  HTTP/1.1" 200 40654
172.22.2.4 - - [31/Oct/2023:06:02:34 -0500] "HEAD /BLA/boletinlegal/ HTTP/1.1" 200 -
52.167.144.16 - - [31/Oct/2023:06:04:14 -0500] "GET /BLA/resoluciones/RESOLUCIONES%202021/1202.pdf HTTP/1.1" 200 426539
52.167.144.16 - - [31/Oct/2023:06:04:15 -0500] "GET /BLA/resoluciones/RESOLUCIONES%202021/0381.pdf HTTP/1.1" 200 483418
52.167.144.210 - - [31/Oct/2023:06:04:18 -0500] "GET /BLA/resoluciones/RESOLUCIONES%202021/2026.pdf HTTP/1.1" 200 704639
172.22.2.4 - - [31/Oct/2023:06:03:25 -0500] "GET /BLA/boletinlegal/ HTTP/1.1" 200 60620
216.245.221.92 - - [31/Oct/2023:06:05:25 -0500] "HEAD / HTTP/1.1" 200 -
66.249.66.21 - - [31/Oct/2023:06:07:35 -0500] "GET /BLA/resoluciones/AUTOS%202007/3632.pdf HTTP/1.1" 200 235649
157.55.39.54 - - [31/Oct/2023:06:08:44 -0500] "GET /BLA/resoluciones/RESOLUCIONES%202005/2702.tif HTTP/1.1" 200 119866
201.245.192.253 - - [31/Oct/2023:06:08:45 -0500] "POST /kwsrmcab/Wsrmcab  HTTP/1.1" 200 40654
52.167.144.210 - - [31/Oct/2023:06:09:38 -0500] "GET /BLA/resoluciones/AUTOS%202023/3655.pdf HTTP/1.1" 200 6217852
172.22.2.4 - - [31/Oct/2023:06:08:24 -0500] "HEAD /BLA/boletinlegal/ HTTP/1.1" 200 -
216.245.221.92 - - [31/Oct/2023:06:10:25 -0500] "HEAD / HTTP/1.1" 200 -
172.22.2.4 - - [31/Oct/2023:06:09:15 -0500] "GET /BLA/boletinlegal/ HTTP/1.1" 200 60620
40.77.167.26 - - [31/Oct/2023:06:11:25 -0500] "GET /BLA/resoluciones/AUTOS%202021/6144.pdf HTTP/1.1" 304 -
201.245.192.253 - - [31/Oct/2023:06:13:43 -0500] "POST /kwsrmcab/Wsrmcab  HTTP/1.1" 200 40654
216.245.221.92 - - [31/Oct/2023:06:15:25 -0500] "HEAD / HTTP/1.1" 200 -
167.0.137.185 - - [31/Oct/2023:06:15:39 -0500] "GET /sipse/faces/faces/index.xhtml HTTP/1.1" 200 677
172.22.2.4 - - [31/Oct/2023:06:14:14 -0500] "HEAD /BLA/boletinlegal/ HTTP/1.1" 200 -
167.0.137.185 - - [31/Oct/2023:06:15:55 -0500] "GET /sipse/faces/javax.faces.resource/theme.css?ln=primefaces-sipse HTTP/1.1" 304 -
167.0.137.185 - - [31/Oct/2023:06:15:55 -0500] "GET /sipse/faces/faces/index.xhtml HTTP/1.1" 200 677
167.0.137.185 - - [31/Oct/2023:06:15:55 -0500] "GET /sipse/faces/javax.faces.resource/theme.css?ln=primefaces-sipse HTTP/1.1" 304 -
167.0.137.185 - - [31/Oct/2023:06:15:55 -0500] "GET /sipse/faces/faces/faces/autenticacion.xhtml HTTP/1.1" 200 12404
167.0.137.185 - - [31/Oct/2023:06:15:56 -0500] "GET /sipse/css/custom_css_sg.css HTTP/1.1" 200 9694
167.0.137.185 - - [31/Oct/2023:06:15:56 -0500] "GET /sipse/js/funciones.js HTTP/1.1" 200 12592
167.0.137.185 - - [31/Oct/2023:06:15:56 -0500] "GET /sipse/css/custom_css_sg_prime_login.css HTTP/1.1" 200 443
167.0.137.185 - - [31/Oct/2023:06:15:56 -0500] "GET /sipse/faces/javax.faces.resource/theme.css?ln=primefaces-sipse HTTP/1.1" 304 -
167.0.137.185 - - [31/Oct/2023:06:15:56 -0500] "GET /sipse/faces/javax.faces.resource/layout/layout.css?ln=primefaces&v=4.0 HTTP/1.1" 304 -
167.0.137.185 - - [31/Oct/2023:06:15:56 -0500] "GET /sipse/faces/javax.faces.resource/primefaces.css?ln=primefaces&v=4.0 HTTP/1.1" 304 -
167.0.137.185 - - [31/Oct/2023:06:15:56 -0500] "GET /sipse/faces/javax.faces.resource/jquery/jquery.js?ln=primefaces&v=4.0 HTTP/1.1" 304 -
167.0.137.185 - - [31/Oct/2023:06:15:56 -0500] "GET /sipse/js/disable_browser_buttons.js HTTP/1.1" 200 3230
167.0.137.185 - - [31/Oct/2023:06:15:56 -0500] "GET /sipse/faces/javax.faces.resource/layout/layout.js?ln=primefaces&v=4.0 HTTP/1.1" 304 -
167.0.137.185 - - [31/Oct/2023:06:15:56 -0500] "GET /sipse/faces/javax.faces.resource/primefaces.js?ln=primefaces&v=4.0 HTTP/1.1" 304 -
167.0.137.185 - - [31/Oct/2023:06:15:56 -0500] "GET /sipse/faces/javax.faces.resource/jquery/jquery-plugins.js?ln=primefaces&v=4.0 HTTP/1.1" 304 -
167.0.137.185 - - [31/Oct/2023:06:15:56 -0500] "GET /sipse/css/imagen/logoSDG.png HTTP/1.1" 200 53064
167.0.137.185 - - [31/Oct/2023:06:15:56 -0500] "GET /sipse/css/imagen/loginimg.png HTTP/1.1" 200 71635
167.0.137.185 - - [31/Oct/2023:06:15:57 -0500] "GET /sipse/faces/javax.faces.resource/images/ui-icons_898989_256x240.png?ln=primefaces-aristo HTTP/1.1" 304 -
66.249.66.38 - - [31/Oct/2023:06:15:57 -0500] "GET /como-obtener-el-certificado-de-estado-de-conservacion-ambiental-ceca.html HTTP/1.1" 304 -
66.249.66.165 - - [31/Oct/2023:06:15:58 -0500] "GET /portaldeninos/aula-ambiental-artistica-itinerante-auambari/ HTTP/1.1" 200 89306
167.0.137.185 - - [31/Oct/2023:06:16:13 -0500] "POST /sipse/faces/autenticacion.xhtml HTTP/1.1" 200 16165
167.0.137.185 - - [31/Oct/2023:06:16:13 -0500] "GET /sipse/css/custom_css_sg_prime.css HTTP/1.1" 200 5201
167.0.137.185 - - [31/Oct/2023:06:16:13 -0500] "GET /sipse/faces/javax.faces.resource/theme.css?ln=primefaces-sipse HTTP/1.1" 304 -
167.0.137.185 - - [31/Oct/2023:06:16:13 -0500] "GET /sipse/faces/javax.faces.resource/primefaces.css?ln=primefaces&v=4.0 HTTP/1.1" 304 -
167.0.137.185 - - [31/Oct/2023:06:16:13 -0500] "GET /sipse/faces/javax.faces.resource/layout/layout.css?ln=primefaces&v=4.0 HTTP/1.1" 304 -
167.0.137.185 - - [31/Oct/2023:06:16:13 -0500] "GET /sipse/js/jquery.min.js HTTP/1.1" 200 85582
167.0.137.185 - - [31/Oct/2023:06:16:14 -0500] "GET /sipse/faces/javax.faces.resource/jquery/jquery.js?ln=primefaces&v=4.0 HTTP/1.1" 304 -
167.0.137.185 - - [31/Oct/2023:06:16:14 -0500] "GET /sipse/faces/javax.faces.resource/jquery/jquery-plugins.js?ln=primefaces&v=4.0 HTTP/1.1" 304 -
167.0.137.185 - - [31/Oct/2023:06:16:14 -0500] "GET /sipse/faces/javax.faces.resource/primefaces.js?ln=primefaces&v=4.0 HTTP/1.1" 304 -
167.0.137.185 - - [31/Oct/2023:06:16:14 -0500] "GET /sipse/faces/javax.faces.resource/layout/layout.js?ln=primefaces&v=4.0 HTTP/1.1" 304 -
167.0.137.185 - - [31/Oct/2023:06:16:14 -0500] "GET /sipse/css/v_mergente.css HTTP/1.1" 200 1505
167.0.137.185 - - [31/Oct/2023:06:16:14 -0500] "GET /sipse/imagenes/logoAplicacion.jpg HTTP/1.1" 200 155084
167.0.137.185 - - [31/Oct/2023:06:16:14 -0500] "GET /sipse/css/imagen/contrasena.png HTTP/1.1" 404 383
167.0.137.185 - - [31/Oct/2023:06:16:14 -0500] "GET /sipse/imagenes/cargando.gif HTTP/1.1" 200 36959
167.0.137.185 - - [31/Oct/2023:06:16:14 -0500] "GET /sipse/faces/javax.faces.resource/messages/messages.png?ln=primefaces&v=4.0 HTTP/1.1" 304 -
167.0.137.185 - - [31/Oct/2023:06:16:18 -0500] "GET /sipse/faces/javax.faces.resource/images/ui-bg_flat_0_2d5972_40x100.png?ln=primefaces-aristo HTTP/1.1" 304 -
167.0.137.185 - - [31/Oct/2023:06:16:18 -0500] "POST /sipse/faces/bienvenido.xhtml HTTP/1.1" 200 1471
167.0.137.185 - - [31/Oct/2023:06:16:19 -0500] "POST /sipse/faces/bienvenido.xhtml HTTP/1.1" 200 56594
167.0.137.185 - - [31/Oct/2023:06:16:20 -0500] "GET /sipse/faces/javax.faces.resource/theme.css?ln=primefaces-sipse HTTP/1.1" 304 -
167.0.137.185 - - [31/Oct/2023:06:16:20 -0500] "GET /sipse/faces/javax.faces.resource/primefaces.css?ln=primefaces&v=4.0 HTTP/1.1" 304 -
167.0.137.185 - - [31/Oct/2023:06:16:20 -0500] "GET /sipse/faces/javax.faces.resource/layout/layout.css?ln=primefaces&v=4.0 HTTP/1.1" 304 -
167.0.137.185 - - [31/Oct/2023:06:16:20 -0500] "GET /sipse/faces/javax.faces.resource/jquery/jquery.js?ln=primefaces&v=4.0 HTTP/1.1" 304 -
167.0.137.185 - - [31/Oct/2023:06:16:20 -0500] "GET /sipse/faces/javax.faces.resource/jquery/jquery-plugins.js?ln=primefaces&v=4.0 HTTP/1.1" 304 -
167.0.137.185 - - [31/Oct/2023:06:16:20 -0500] "GET /sipse/faces/javax.faces.resource/primefaces.js?ln=primefaces&v=4.0 HTTP/1.1" 304 -
167.0.137.185 - - [31/Oct/2023:06:16:20 -0500] "GET /sipse/faces/javax.faces.resource/layout/layout.js?ln=primefaces&v=4.0 HTTP/1.1" 304 -
167.0.137.185 - - [31/Oct/2023:06:16:21 -0500] "POST /sipse/faces/presentacion/financiero/solicitudProceso/listarSolicitudProceso.xhtml HTTP/1.1" 200 1536
167.0.137.185 - - [31/Oct/2023:06:16:34 -0500] "POST /sipse/faces/presentacion/financiero/solicitudProceso/listarSolicitudProceso.xhtml HTTP/1.1" 200 118128
167.0.137.185 - - [31/Oct/2023:06:16:35 -0500] "GET /sipse/faces/javax.faces.resource/theme.css?ln=primefaces-sipse HTTP/1.1" 304 -
167.0.137.185 - - [31/Oct/2023:06:16:35 -0500] "GET /sipse/faces/javax.faces.resource/primefaces.css?ln=primefaces&v=4.0 HTTP/1.1" 304 -
167.0.137.185 - - [31/Oct/2023:06:16:35 -0500] "GET /sipse/faces/javax.faces.resource/layout/layout.css?ln=primefaces&v=4.0 HTTP/1.1" 304 -
167.0.137.185 - - [31/Oct/2023:06:16:35 -0500] "GET /sipse/faces/javax.faces.resource/jquery/jquery.js?ln=primefaces&v=4.0 HTTP/1.1" 304 -
167.0.137.185 - - [31/Oct/2023:06:16:35 -0500] "GET /sipse/faces/javax.faces.resource/jquery/jquery-plugins.js?ln=primefaces&v=4.0 HTTP/1.1" 304 -
167.0.137.185 - - [31/Oct/2023:06:16:35 -0500] "GET /sipse/faces/javax.faces.resource/primefaces.js?ln=primefaces&v=4.0 HTTP/1.1" 304 -
167.0.137.185 - - [31/Oct/2023:06:16:35 -0500] "GET /sipse/faces/javax.faces.resource/layout/layout.js?ln=primefaces&v=4.0 HTTP/1.1" 304 -
172.22.2.4 - - [31/Oct/2023:06:15:05 -0500] "GET /BLA/boletinlegal/ HTTP/1.1" 200 60620
167.0.137.185 - - [31/Oct/2023:06:16:45 -0500] "POST /sipse/faces/presentacion/financiero/solicitudProceso/consultarSolicitudProceso.xhtml HTTP/1.1" 200 324020
167.0.137.185 - - [31/Oct/2023:06:17:28 -0500] "POST /sipse/faces/presentacion/financiero/solicitudProceso/consultarSolicitudProceso.xhtml HTTP/1.1" 200 60517
167.0.137.185 - - [31/Oct/2023:06:17:29 -0500] "GET /sipse/faces/javax.faces.resource/theme.css?ln=primefaces-sipse HTTP/1.1" 304 -
167.0.137.185 - - [31/Oct/2023:06:17:29 -0500] "GET /sipse/faces/javax.faces.resource/primefaces.css?ln=primefaces&v=4.0 HTTP/1.1" 304 -
167.0.137.185 - - [31/Oct/2023:06:17:29 -0500] "GET /sipse/faces/javax.faces.resource/layout/layout.css?ln=primefaces&v=4.0 HTTP/1.1" 304 -
167.0.137.185 - - [31/Oct/2023:06:17:29 -0500] "GET /sipse/faces/javax.faces.resource/jquery/jquery.js?ln=primefaces&v=4.0 HTTP/1.1" 304 -
167.0.137.185 - - [31/Oct/2023:06:17:29 -0500] "GET /sipse/faces/javax.faces.resource/primefaces.js?ln=primefaces&v=4.0 HTTP/1.1" 304 -
167.0.137.185 - - [31/Oct/2023:06:17:29 -0500] "GET /sipse/faces/javax.faces.resource/jquery/jquery-plugins.js?ln=primefaces&v=4.0 HTTP/1.1" 304 -
167.0.137.185 - - [31/Oct/2023:06:17:29 -0500] "GET /sipse/faces/javax.faces.resource/layout/layout.js?ln=primefaces&v=4.0 HTTP/1.1" 304 -
167.0.137.185 - - [31/Oct/2023:06:17:30 -0500] "POST /sipse/faces/presentacion/financiero/solicitudProceso/listarSolicitudProceso.xhtml HTTP/1.1" 200 1536
167.0.137.185 - - [31/Oct/2023:06:17:30 -0500] "POST /sipse/faces/presentacion/financiero/solicitudProceso/listarSolicitudProceso.xhtml HTTP/1.1" 200 1540
167.0.137.185 - - [31/Oct/2023:06:17:36 -0500] "POST /sipse/faces/presentacion/financiero/solicitudProceso/listarSolicitudProceso.xhtml HTTP/1.1" 200 117824
167.0.137.185 - - [31/Oct/2023:06:17:37 -0500] "GET /sipse/faces/javax.faces.resource/primefaces.css?ln=primefaces&v=4.0 HTTP/1.1" 304 -
167.0.137.185 - - [31/Oct/2023:06:17:37 -0500] "GET /sipse/faces/javax.faces.resource/theme.css?ln=primefaces-sipse HTTP/1.1" 304 -
167.0.137.185 - - [31/Oct/2023:06:17:37 -0500] "GET /sipse/faces/javax.faces.resource/layout/layout.css?ln=primefaces&v=4.0 HTTP/1.1" 304 -
167.0.137.185 - - [31/Oct/2023:06:17:37 -0500] "GET /sipse/faces/javax.faces.resource/jquery/jquery.js?ln=primefaces&v=4.0 HTTP/1.1" 304 -
167.0.137.185 - - [31/Oct/2023:06:17:37 -0500] "GET /sipse/faces/javax.faces.resource/jquery/jquery-plugins.js?ln=primefaces&v=4.0 HTTP/1.1" 304 -
201.245.192.253 - - [31/Oct/2023:06:17:35 -0500] "POST /kwsrmcab/Wsrmcab HTTP/1.1" 200 40811
167.0.137.185 - - [31/Oct/2023:06:17:37 -0500] "GET /sipse/faces/javax.faces.resource/primefaces.js?ln=primefaces&v=4.0 HTTP/1.1" 304 -
167.0.137.185 - - [31/Oct/2023:06:17:37 -0500] "GET /sipse/faces/javax.faces.resource/layout/layout.js?ln=primefaces&v=4.0 HTTP/1.1" 304 -
201.245.192.253 - - [31/Oct/2023:06:17:38 -0500] "POST /kwsrmcab/Wsrmcab HTTP/1.1" 200 38050
167.0.137.185 - - [31/Oct/2023:06:17:45 -0500] "POST /sipse/faces/presentacion/financiero/solicitudProceso/consultarSolicitudProceso.xhtml HTTP/1.1" 200 320973
40.77.167.26 - - [31/Oct/2023:06:17:47 -0500] "GET /forest/ HTTP/1.1" 200 12041
167.0.137.185 - - [31/Oct/2023:06:18:09 -0500] "POST /sipse/faces/presentacion/financiero/solicitudProceso/consultarSolicitudProceso.xhtml HTTP/1.1" 200 60517
167.0.137.185 - - [31/Oct/2023:06:18:10 -0500] "GET /sipse/faces/javax.faces.resource/theme.css?ln=primefaces-sipse HTTP/1.1" 304 -
167.0.137.185 - - [31/Oct/2023:06:18:10 -0500] "GET /sipse/faces/javax.faces.resource/primefaces.css?ln=primefaces&v=4.0 HTTP/1.1" 304 -
167.0.137.185 - - [31/Oct/2023:06:18:10 -0500] "GET /sipse/faces/javax.faces.resource/layout/layout.css?ln=primefaces&v=4.0 HTTP/1.1" 304 -
167.0.137.185 - - [31/Oct/2023:06:18:10 -0500] "GET /sipse/faces/javax.faces.resource/jquery/jquery.js?ln=primefaces&v=4.0 HTTP/1.1" 304 -
167.0.137.185 - - [31/Oct/2023:06:18:10 -0500] "GET /sipse/faces/javax.faces.resource/jquery/jquery-plugins.js?ln=primefaces&v=4.0 HTTP/1.1" 304 -
167.0.137.185 - - [31/Oct/2023:06:18:10 -0500] "GET /sipse/faces/javax.faces.resource/layout/layout.js?ln=primefaces&v=4.0 HTTP/1.1" 304 -
167.0.137.185 - - [31/Oct/2023:06:18:10 -0500] "GET /sipse/faces/javax.faces.resource/primefaces.js?ln=primefaces&v=4.0 HTTP/1.1" 304 -
167.0.137.185 - - [31/Oct/2023:06:18:11 -0500] "POST /sipse/faces/presentacion/financiero/solicitudProceso/listarSolicitudProceso.xhtml HTTP/1.1" 200 1536
167.0.137.185 - - [31/Oct/2023:06:18:11 -0500] "POST /sipse/faces/presentacion/financiero/solicitudProceso/listarSolicitudProceso.xhtml HTTP/1.1" 200 1540
167.0.137.185 - - [31/Oct/2023:06:18:19 -0500] "POST /sipse/faces/presentacion/financiero/solicitudProceso/listarSolicitudProceso.xhtml HTTP/1.1" 200 121685
167.0.137.185 - - [31/Oct/2023:06:18:22 -0500] "GET /sipse/faces/javax.faces.resource/theme.css?ln=primefaces-sipse HTTP/1.1" 304 -
167.0.137.185 - - [31/Oct/2023:06:18:22 -0500] "GET /sipse/faces/javax.faces.resource/layout/layout.css?ln=primefaces&v=4.0 HTTP/1.1" 304 -
167.0.137.185 - - [31/Oct/2023:06:18:22 -0500] "GET /sipse/faces/javax.faces.resource/primefaces.css?ln=primefaces&v=4.0 HTTP/1.1" 304 -
167.0.137.185 - - [31/Oct/2023:06:18:22 -0500] "GET /sipse/faces/javax.faces.resource/jquery/jquery.js?ln=primefaces&v=4.0 HTTP/1.1" 304 -
167.0.137.185 - - [31/Oct/2023:06:18:22 -0500] "GET /sipse/faces/javax.faces.resource/jquery/jquery-plugins.js?ln=primefaces&v=4.0 HTTP/1.1" 304 -
167.0.137.185 - - [31/Oct/2023:06:18:22 -0500] "GET /sipse/faces/javax.faces.resource/primefaces.js?ln=primefaces&v=4.0 HTTP/1.1" 304 -
167.0.137.185 - - [31/Oct/2023:06:18:22 -0500] "GET /sipse/faces/javax.faces.resource/layout/layout.js?ln=primefaces&v=4.0 HTTP/1.1" 304 -
201.245.192.253 - - [31/Oct/2023:06:18:42 -0500] "POST /kwsrmcab/Wsrmcab  HTTP/1.1" 200 40654
167.0.137.185 - - [31/Oct/2023:06:18:51 -0500] "POST /sipse/faces/presentacion/financiero/solicitudProceso/consultarSolicitudProceso.xhtml HTTP/1.1" 200 207245
216.245.221.92 - - [31/Oct/2023:06:20:25 -0500] "HEAD / HTTP/1.1" 200 -
201.245.192.253 - - [31/Oct/2023:06:20:45 -0500] "POST /kwsrmcab/Wsrmcab HTTP/1.1" 200 40811
201.245.192.253 - - [31/Oct/2023:06:20:49 -0500] "POST /kwsrmcab/Wsrmcab HTTP/1.1" 200 38050
89.190.156.170 - - [31/Oct/2023:06:21:05 -0500] "GET / HTTP/1.1" 200 319
172.22.2.4 - - [31/Oct/2023:06:20:04 -0500] "HEAD /BLA/boletinlegal/ HTTP/1.1" 200 -
40.77.167.33 - - [31/Oct/2023:06:22:11 -0500] "GET /Publicaciones/2023EE197544.pdf HTTP/1.1" 404 228
52.149.22.84 - - [31/Oct/2023:06:22:23 -0500] "GET /Publicaciones/2023EE197544.pdf HTTP/1.1" 404 228
172.22.2.4 - - [31/Oct/2023:06:20:55 -0500] "GET /BLA/boletinlegal/ HTTP/1.1" 200 58280
157.55.39.14 - - [31/Oct/2023:06:22:37 -0500] "GET /BLA/resoluciones/RESOLUCIONES%202022/3599.pdf HTTP/1.1" 200 368391
66.249.66.166 - - [31/Oct/2023:06:22:58 -0500] "GET /portaldeninos/aulas-ambientales/ HTTP/1.1" 200 88416
201.245.192.253 - - [31/Oct/2023:06:23:40 -0500] "POST /kwsrmcab/Wsrmcab  HTTP/1.1" 200 40654
216.245.221.92 - - [31/Oct/2023:06:25:25 -0500] "HEAD / HTTP/1.1" 200 -
69.63.184.9 - - [31/Oct/2023:06:25:42 -0500] "GET /mujeres-que-reverdecen-secretaria-de-ambiente-anuncia-el-inicio-de-la-tercera-fase.html HTTP/1.1" 200 954
66.249.66.21 - - [31/Oct/2023:06:27:14 -0500] "GET /BLA/boletinlegal/Directivas/2011/Directiva%20No.%203%20del%2027%20de%20Mayo%20de%202011.pdf HTTP/1.1" 304 -
172.22.2.4 - - [31/Oct/2023:06:25:54 -0500] "HEAD /BLA/boletinlegal/ HTTP/1.1" 200 -
201.245.192.253 - - [31/Oct/2023:06:27:35 -0500] "POST /kwsrmcab/Wsrmcab HTTP/1.1" 200 40811
201.245.192.253 - - [31/Oct/2023:06:27:38 -0500] "POST /kwsrmcab/Wsrmcab HTTP/1.1" 200 38050
172.22.2.4 - - [31/Oct/2023:06:26:45 -0500] "GET /BLA/boletinlegal/ HTTP/1.1" 200 58630
201.245.192.253 - - [31/Oct/2023:06:28:39 -0500] "POST /kwsrmcab/Wsrmcab  HTTP/1.1" 200 40654
216.245.221.92 - - [31/Oct/2023:06:30:25 -0500] "HEAD / HTTP/1.1" 200 -
201.245.192.253 - - [31/Oct/2023:06:30:45 -0500] "POST /kwsrmcab/Wsrmcab HTTP/1.1" 200 40811
201.245.192.253 - - [31/Oct/2023:06:30:48 -0500] "POST /kwsrmcab/Wsrmcab HTTP/1.1" 200 38050
172.22.2.4 - - [31/Oct/2023:06:31:44 -0500] "HEAD /BLA/boletinlegal/ HTTP/1.1" 200 -
201.245.192.253 - - [31/Oct/2023:06:33:37 -0500] "POST /kwsrmcab/Wsrmcab  HTTP/1.1" 200 40654
172.22.2.4 - - [31/Oct/2023:06:32:35 -0500] "GET /BLA/boletinlegal/ HTTP/1.1" 200 53723
66.249.66.167 - - [31/Oct/2023:06:34:52 -0500] "GET /portaldeninos/aulas-ambientales/aula-ambiental-sorotama/ HTTP/1.1" 200 89596
216.245.221.92 - - [31/Oct/2023:06:35:25 -0500] "HEAD / HTTP/1.1" 200 -
172.22.2.4 - - [31/Oct/2023:06:36:01 -0500] "GET /BLA/boletinlegal/Directivas/2016/Directiva%20No.%2002%20del%2019%20de%20Abril%20de%202016.pdf HTTP/1.1" 304 -
201.245.192.253 - - [31/Oct/2023:06:37:35 -0500] "POST /kwsrmcab/Wsrmcab HTTP/1.1" 200 40811
201.245.192.253 - - [31/Oct/2023:06:37:38 -0500] "POST /kwsrmcab/Wsrmcab HTTP/1.1" 200 38050
168.119.253.61 - - [31/Oct/2023:06:38:37 -0500] "GET / HTTP/1.1" 200 319
201.245.192.253 - - [31/Oct/2023:06:38:37 -0500] "POST /kwsrmcab/Wsrmcab  HTTP/1.1" 200 40654
168.119.253.61 - - [31/Oct/2023:06:38:39 -0500] "GET / HTTP/1.1" 200 4720
172.22.2.4 - - [31/Oct/2023:06:37:34 -0500] "HEAD /BLA/boletinlegal/ HTTP/1.1" 200 -
172.22.2.4 - - [31/Oct/2023:06:39:16 -0500] "GET /BLA/boletinlegal/actos.php HTTP/1.1" 200 9682
172.22.2.4 - - [31/Oct/2023:06:39:16 -0500] "GET /BLA/boletinlegal/styles2.css HTTP/1.1" 200 1838
172.22.2.4 - - [31/Oct/2023:06:39:16 -0500] "GET /BLA/boletinlegal/js/ajax_actos.js HTTP/1.1" 200 1322
172.22.2.4 - - [31/Oct/2023:06:39:16 -0500] "GET /BLA/boletinlegal/niceforms.js HTTP/1.1" 200 22876
172.22.2.4 - - [31/Oct/2023:06:39:16 -0500] "GET /BLA/boletinlegal/niceforms-default.css HTTP/1.1" 200 6694
172.22.2.4 - - [31/Oct/2023:06:39:16 -0500] "GET /BLA/boletinlegal/style.css HTTP/1.1" 200 9406
172.22.2.4 - - [31/Oct/2023:06:39:16 -0500] "GET /BLA/boletinlegal/js/lib.js HTTP/1.1" 200 6474
172.22.2.4 - - [31/Oct/2023:06:39:16 -0500] "GET /BLA/boletinlegal/js/popup.js HTTP/1.1" 200 1270
172.22.2.4 - - [31/Oct/2023:06:39:16 -0500] "GET /BLA/boletinlegal/js/jquery1.js HTTP/1.1" 200 29846
172.22.2.4 - - [31/Oct/2023:06:39:17 -0500] "GET /BLA/boletinlegal/images/cabezote%20BLEGAL.jpg HTTP/1.1" 200 118164
172.22.2.4 - - [31/Oct/2023:06:39:17 -0500] "GET /BLA/boletinlegal/images/subscribe-icon-big.png HTTP/1.1" 200 47702
172.22.2.4 - - [31/Oct/2023:06:39:17 -0500] "GET /BLA/boletinlegal/images/historia.png HTTP/1.1" 200 52775
172.22.2.4 - - [31/Oct/2023:06:39:17 -0500] "GET /BLA/boletinlegal/images/body_bg.jpg HTTP/1.1" 200 1601
172.22.2.4 - - [31/Oct/2023:06:39:17 -0500] "GET /BLA/boletinlegal/images/footer_bg.jpg HTTP/1.1" 200 586
172.22.2.4 - - [31/Oct/2023:06:39:17 -0500] "GET /BLA/boletinlegal/images/menu_lft.gif HTTP/1.1" 200 1713
172.22.2.4 - - [31/Oct/2023:06:39:17 -0500] "GET /BLA/boletinlegal/images/menu_rght.gif HTTP/1.1" 200 1627
172.22.2.4 - - [31/Oct/2023:06:39:17 -0500] "GET /BLA/boletinlegal/images/bg_top.jpg HTTP/1.1" 200 522
172.22.2.4 - - [31/Oct/2023:06:39:17 -0500] "GET /BLA/boletinlegal/images/menu_bg.jpg HTTP/1.1" 200 620
172.22.2.4 - - [31/Oct/2023:06:39:17 -0500] "GET /BLA/boletinlegal/images/text.jpg HTTP/1.1" 200 568
172.22.2.4 - - [31/Oct/2023:06:39:17 -0500] "GET /BLA/boletinlegal/images/hover.jpg HTTP/1.1" 200 640
172.22.2.4 - - [31/Oct/2023:06:39:17 -0500] "GET /BLA/boletinlegal/images/registro-usuarios.png HTTP/1.1" 200 8106
172.22.2.4 - - [31/Oct/2023:06:39:17 -0500] "GET /BLA/boletinlegal/images/green-yellow-blue-pink-th.png HTTP/1.1" 200 7394
172.22.2.4 - - [31/Oct/2023:06:39:17 -0500] "GET /BLA/boletinlegal/images/tel.png HTTP/1.1" 200 14477
172.22.2.4 - - [31/Oct/2023:06:39:18 -0500] "GET /BLA/boletinlegal/images/icono-email.png HTTP/1.1" 200 5544
172.22.2.4 - - [31/Oct/2023:06:39:18 -0500] "GET /BLA/boletinlegal/images/footer_bg_l.jpg HTTP/1.1" 200 776
172.22.2.4 - - [31/Oct/2023:06:39:18 -0500] "GET /BLA/boletinlegal/img/0.png HTTP/1.1" 200 110
172.22.2.4 - - [31/Oct/2023:06:39:18 -0500] "GET /BLA/boletinlegal/img/select-left.png HTTP/1.1" 200 263
172.22.2.4 - - [31/Oct/2023:06:39:19 -0500] "GET /BLA/boletinlegal/img/select-right.png HTTP/1.1" 200 44019
172.22.2.4 - - [31/Oct/2023:06:39:19 -0500] "GET /BLA/boletinlegal/img/button-left.png HTTP/1.1" 200 57071
172.22.2.4 - - [31/Oct/2023:06:39:19 -0500] "GET /BLA/boletinlegal/favicon.ico HTTP/1.1" 404 1326
172.22.2.4 - - [31/Oct/2023:06:39:19 -0500] "GET /BLA/boletinlegal/img/button.png HTTP/1.1" 200 43241
172.22.2.4 - - [31/Oct/2023:06:39:19 -0500] "GET /BLA/boletinlegal/img/button-right.png HTTP/1.1" 200 57878
52.167.144.137 - - [31/Oct/2023:06:39:21 -0500] "GET /BLA/resoluciones/AUTOS%202021/1732.pdf HTTP/1.1" 304 -
172.22.2.4 - - [31/Oct/2023:06:38:25 -0500] "GET /BLA/boletinlegal/ HTTP/1.1" 200 60620
216.245.221.92 - - [31/Oct/2023:06:40:25 -0500] "HEAD / HTTP/1.1" 200 -
172.22.2.4 - - [31/Oct/2023:06:40:40 -0500] "GET /BLA/boletinlegal/consulta_actos.php?tipo=resoluciones&no=&usuario=secretaria%20distrital%20de%20ambiente&sector=&fecha=2023&resuelve= HTTP/1.1" 200 23867
172.22.2.4 - - [31/Oct/2023:06:40:40 -0500] "GET /BLA/boletinlegal/images/background.gif HTTP/1.1" 200 -
172.22.2.4 - - [31/Oct/2023:06:40:40 -0500] "GET /BLA/boletinlegal/images/pdf.gif HTTP/1.1" 200 567
201.245.192.253 - - [31/Oct/2023:06:40:45 -0500] "POST /kwsrmcab/Wsrmcab HTTP/1.1" 200 40811
201.245.192.253 - - [31/Oct/2023:06:40:48 -0500] "POST /kwsrmcab/Wsrmcab HTTP/1.1" 200 38050
201.245.192.253 - - [31/Oct/2023:06:43:35 -0500] "POST /kwsrmcab/Wsrmcab  HTTP/1.1" 200 40654
186.154.34.17 - - [31/Oct/2023:06:44:27 -0500] "GET /sipse/faces/autenticacion.xhtml HTTP/1.1" 200 12404
186.154.34.17 - - [31/Oct/2023:06:44:27 -0500] "GET /sipse/js/disable_browser_buttons.js HTTP/1.1" 200 3230
186.154.34.17 - - [31/Oct/2023:06:44:27 -0500] "GET /sipse/js/funciones.js HTTP/1.1" 200 12592
186.154.34.17 - - [31/Oct/2023:06:44:27 -0500] "GET /sipse/css/custom_css_sg.css HTTP/1.1" 200 9694
186.154.34.17 - - [31/Oct/2023:06:44:27 -0500] "GET /sipse/css/custom_css_sg_prime_login.css HTTP/1.1" 200 443
186.154.34.17 - - [31/Oct/2023:06:44:27 -0500] "GET /sipse/faces/javax.faces.resource/theme.css?ln=primefaces-sipse HTTP/1.1" 304 -
186.154.34.17 - - [31/Oct/2023:06:44:27 -0500] "GET /sipse/faces/javax.faces.resource/layout/layout.css?ln=primefaces&v=4.0 HTTP/1.1" 200 542
186.154.34.17 - - [31/Oct/2023:06:44:27 -0500] "GET /sipse/faces/javax.faces.resource/jquery/jquery.js?ln=primefaces&v=4.0 HTTP/1.1" 304 -
186.154.34.17 - - [31/Oct/2023:06:44:27 -0500] "GET /sipse/faces/javax.faces.resource/jquery/jquery-plugins.js?ln=primefaces&v=4.0 HTTP/1.1" 304 -
186.154.34.17 - - [31/Oct/2023:06:44:27 -0500] "GET /sipse/faces/javax.faces.resource/primefaces.js?ln=primefaces&v=4.0 HTTP/1.1" 304 -
186.154.34.17 - - [31/Oct/2023:06:44:27 -0500] "GET /sipse/faces/javax.faces.resource/layout/layout.js?ln=primefaces&v=4.0 HTTP/1.1" 304 -
186.154.34.17 - - [31/Oct/2023:06:44:27 -0500] "GET /sipse/faces/javax.faces.resource/primefaces.css?ln=primefaces&v=4.0 HTTP/1.1" 200 53295
186.154.34.17 - - [31/Oct/2023:06:44:27 -0500] "GET /sipse/faces/javax.faces.resource/images/ui-icons_898989_256x240.png?ln=primefaces-aristo HTTP/1.1" 304 -
186.154.34.17 - - [31/Oct/2023:06:44:27 -0500] "GET /sipse/css/imagen/logoSDG.png HTTP/1.1" 200 53064
186.154.34.17 - - [31/Oct/2023:06:44:27 -0500] "GET /sipse/css/imagen/loginimg.png HTTP/1.1" 200 71635
186.154.34.17 - - [31/Oct/2023:06:44:27 -0500] "GET /sipse/faces/index.xhtml HTTP/1.1" 200 677
186.154.34.17 - - [31/Oct/2023:06:44:27 -0500] "GET /sipse/faces/javax.faces.resource/theme.css?ln=primefaces-sipse HTTP/1.1" 304 -
186.154.34.17 - - [31/Oct/2023:06:44:28 -0500] "GET /sipse/faces/faces/autenticacion.xhtml HTTP/1.1" 200 12404
186.154.34.17 - - [31/Oct/2023:06:44:28 -0500] "GET /sipse/faces/javax.faces.resource/theme.css?ln=primefaces-sipse HTTP/1.1" 304 -
186.154.34.17 - - [31/Oct/2023:06:44:28 -0500] "GET /sipse/faces/javax.faces.resource/primefaces.css?ln=primefaces&v=4.0 HTTP/1.1" 304 -
186.154.34.17 - - [31/Oct/2023:06:44:28 -0500] "GET /sipse/faces/javax.faces.resource/layout/layout.css?ln=primefaces&v=4.0 HTTP/1.1" 304 -
186.154.34.17 - - [31/Oct/2023:06:44:28 -0500] "GET /sipse/faces/javax.faces.resource/jquery/jquery.js?ln=primefaces&v=4.0 HTTP/1.1" 304 -
186.154.34.17 - - [31/Oct/2023:06:44:28 -0500] "GET /sipse/faces/javax.faces.resource/jquery/jquery-plugins.js?ln=primefaces&v=4.0 HTTP/1.1" 304 -
186.154.34.17 - - [31/Oct/2023:06:44:28 -0500] "GET /sipse/faces/javax.faces.resource/primefaces.js?ln=primefaces&v=4.0 HTTP/1.1" 304 -
186.154.34.17 - - [31/Oct/2023:06:44:28 -0500] "GET /sipse/faces/javax.faces.resource/layout/layout.js?ln=primefaces&v=4.0 HTTP/1.1" 304 -
186.154.34.17 - - [31/Oct/2023:06:44:28 -0500] "GET /sipse/faces/javax.faces.resource/images/ui-icons_898989_256x240.png?ln=primefaces-aristo HTTP/1.1" 304 -
186.154.34.17 - - [31/Oct/2023:06:44:30 -0500] "POST /sipse/faces/autenticacion.xhtml HTTP/1.1" 200 2221
186.154.34.17 - - [31/Oct/2023:06:44:30 -0500] "GET /sipse/faces/javax.faces.resource/messages/messages.png?ln=primefaces&v=4.0 HTTP/1.1" 304 -
186.154.34.17 - - [31/Oct/2023:06:44:31 -0500] "POST /sipse/faces/autenticacion.xhtml HTTP/1.1" 200 16344
186.154.34.17 - - [31/Oct/2023:06:44:31 -0500] "GET /sipse/css/custom_css_sg_prime.css HTTP/1.1" 200 5201
186.154.34.17 - - [31/Oct/2023:06:44:31 -0500] "GET /sipse/js/jquery.min.js HTTP/1.1" 200 85582
186.154.34.17 - - [31/Oct/2023:06:44:31 -0500] "GET /sipse/faces/javax.faces.resource/jquery/jquery.js?ln=primefaces&v=4.0 HTTP/1.1" 304 -
186.154.34.17 - - [31/Oct/2023:06:44:31 -0500] "GET /sipse/faces/javax.faces.resource/jquery/jquery-plugins.js?ln=primefaces&v=4.0 HTTP/1.1" 304 -
186.154.34.17 - - [31/Oct/2023:06:44:31 -0500] "GET /sipse/faces/javax.faces.resource/primefaces.js?ln=primefaces&v=4.0 HTTP/1.1" 304 -
186.154.34.17 - - [31/Oct/2023:06:44:31 -0500] "GET /sipse/faces/javax.faces.resource/layout/layout.js?ln=primefaces&v=4.0 HTTP/1.1" 304 -
186.154.34.17 - - [31/Oct/2023:06:44:31 -0500] "GET /sipse/css/imagen/contrasena.png HTTP/1.1" 404 383
186.154.34.17 - - [31/Oct/2023:06:44:31 -0500] "GET /sipse/css/v_mergente.css HTTP/1.1" 200 1505
186.154.34.17 - - [31/Oct/2023:06:44:31 -0500] "GET /sipse/imagenes/cargando.gif HTTP/1.1" 200 36959
186.154.34.17 - - [31/Oct/2023:06:44:31 -0500] "GET /sipse/imagenes/logoAplicacion.jpg HTTP/1.1" 200 155084
186.154.34.17 - - [31/Oct/2023:06:44:33 -0500] "GET /sipse/faces/javax.faces.resource/images/ui-bg_flat_0_2d5972_40x100.png?ln=primefaces-aristo HTTP/1.1" 304 -
186.154.34.17 - - [31/Oct/2023:06:44:33 -0500] "POST /sipse/faces/bienvenido.xhtml HTTP/1.1" 200 2658
186.154.34.17 - - [31/Oct/2023:06:44:33 -0500] "POST /sipse/faces/bienvenido.xhtml HTTP/1.1" 200 63085
186.154.34.17 - - [31/Oct/2023:06:44:34 -0500] "GET /sipse/faces/javax.faces.resource/jquery/jquery.js?ln=primefaces&v=4.0 HTTP/1.1" 304 -
186.154.34.17 - - [31/Oct/2023:06:44:34 -0500] "GET /sipse/faces/javax.faces.resource/jquery/jquery-plugins.js?ln=primefaces&v=4.0 HTTP/1.1" 304 -
186.154.34.17 - - [31/Oct/2023:06:44:34 -0500] "GET /sipse/faces/javax.faces.resource/primefaces.js?ln=primefaces&v=4.0 HTTP/1.1" 304 -
186.154.34.17 - - [31/Oct/2023:06:44:34 -0500] "GET /sipse/faces/javax.faces.resource/layout/layout.js?ln=primefaces&v=4.0 HTTP/1.1" 304 -
186.154.34.17 - - [31/Oct/2023:06:44:34 -0500] "POST /sipse/faces/presentacion/financiero/solicitudProceso/listarSolicitudProceso.xhtml HTTP/1.1" 200 1548
186.154.34.17 - - [31/Oct/2023:06:44:36 -0500] "POST /sipse/faces/presentacion/financiero/solicitudProceso/listarSolicitudProceso.xhtml HTTP/1.1" 200 13458
172.22.2.4 - - [31/Oct/2023:06:43:24 -0500] "HEAD /BLA/boletinlegal/ HTTP/1.1" 200 -
216.245.221.92 - - [31/Oct/2023:06:45:25 -0500] "HEAD / HTTP/1.1" 200 -
172.22.2.4 - - [31/Oct/2023:06:44:15 -0500] "GET /BLA/boletinlegal/ HTTP/1.1" 200 58280
52.167.144.219 - - [31/Oct/2023:06:47:09 -0500] "GET /BLA/resoluciones/AUTOS%202007/0552.pdf HTTP/1.1" 200 132940
207.46.13.168 - - [31/Oct/2023:06:47:28 -0500] "GET /BLA/resoluciones/AUTOS%202023/5186.pdf HTTP/1.1" 200 466642
201.245.192.253 - - [31/Oct/2023:06:48:33 -0500] "POST /kwsrmcab/Wsrmcab  HTTP/1.1" 200 40654
52.167.144.170 - - [31/Oct/2023:06:49:15 -0500] "GET /Publicaciones/2023EE188359.pdf HTTP/1.1" 404 228
216.245.221.92 - - [31/Oct/2023:06:50:25 -0500] "HEAD / HTTP/1.1" 200 -
172.22.2.4 - - [31/Oct/2023:06:49:14 -0500] "HEAD /BLA/boletinlegal/ HTTP/1.1" 200 -
172.22.2.4 - - [31/Oct/2023:06:50:06 -0500] "GET /BLA/boletinlegal/ HTTP/1.1" 200 60620
52.167.144.170 - - [31/Oct/2023:06:53:26 -0500] "GET /Publicaciones/2023EE184202.pdf HTTP/1.1" 404 228
201.245.192.253 - - [31/Oct/2023:06:53:32 -0500] "POST /kwsrmcab/Wsrmcab  HTTP/1.1" 200 40654
172.22.2.4 - - [31/Oct/2023:06:53:43 -0500] "GET /BLA/boletinlegal/normativa.php HTTP/1.1" 200 8343
172.22.2.4 - - [31/Oct/2023:06:53:43 -0500] "GET /BLA/boletinlegal/styles2.css HTTP/1.1" 200 1838
172.22.2.4 - - [31/Oct/2023:06:53:43 -0500] "GET /BLA/boletinlegal/js/ajax_normativa.js HTTP/1.1" 200 1154
172.22.2.4 - - [31/Oct/2023:06:53:43 -0500] "GET /BLA/boletinlegal/niceforms-default.css HTTP/1.1" 200 6694
172.22.2.4 - - [31/Oct/2023:06:53:43 -0500] "GET /BLA/boletinlegal/style.css HTTP/1.1" 200 9406
172.22.2.4 - - [31/Oct/2023:06:53:43 -0500] "GET /BLA/boletinlegal/niceforms.js HTTP/1.1" 200 22876
172.22.2.4 - - [31/Oct/2023:06:53:43 -0500] "GET /BLA/boletinlegal/images/cabezote%20BLEGAL.jpg HTTP/1.1" 200 118164
172.22.2.4 - - [31/Oct/2023:06:53:43 -0500] "GET /BLA/boletinlegal/images/subscribe-icon-big.png HTTP/1.1" 200 47702
172.22.2.4 - - [31/Oct/2023:06:53:43 -0500] "GET /BLA/boletinlegal/images/historia.png HTTP/1.1" 200 52775
172.22.2.4 - - [31/Oct/2023:06:53:43 -0500] "GET /BLA/boletinlegal/images/registro-usuarios.png HTTP/1.1" 200 8106
172.22.2.4 - - [31/Oct/2023:06:53:43 -0500] "GET /BLA/boletinlegal/images/icono-email.png HTTP/1.1" 200 5544
172.22.2.4 - - [31/Oct/2023:06:53:43 -0500] "GET /BLA/boletinlegal/images/tel.png HTTP/1.1" 200 14477
172.22.2.4 - - [31/Oct/2023:06:53:44 -0500] "GET /BLA/boletinlegal/images/footer_bg.jpg HTTP/1.1" 200 586
172.22.2.4 - - [31/Oct/2023:06:53:44 -0500] "GET /BLA/boletinlegal/images/body_bg.jpg HTTP/1.1" 200 1601
172.22.2.4 - - [31/Oct/2023:06:53:44 -0500] "GET /BLA/boletinlegal/images/bg_top.jpg HTTP/1.1" 200 522
172.22.2.4 - - [31/Oct/2023:06:53:44 -0500] "GET /BLA/boletinlegal/images/menu_bg.jpg HTTP/1.1" 200 620
172.22.2.4 - - [31/Oct/2023:06:53:44 -0500] "GET /BLA/boletinlegal/images/text.jpg HTTP/1.1" 200 568
172.22.2.4 - - [31/Oct/2023:06:53:44 -0500] "GET /BLA/boletinlegal/images/hover.jpg HTTP/1.1" 200 640
172.22.2.4 - - [31/Oct/2023:06:53:44 -0500] "GET /BLA/boletinlegal/images/menu_rght.gif HTTP/1.1" 200 1627
172.22.2.4 - - [31/Oct/2023:06:53:44 -0500] "GET /BLA/boletinlegal/images/menu_lft.gif HTTP/1.1" 200 1713
172.22.2.4 - - [31/Oct/2023:06:53:44 -0500] "GET /BLA/boletinlegal/images/footer_bg_l.jpg HTTP/1.1" 200 776
172.22.2.4 - - [31/Oct/2023:06:53:44 -0500] "GET /BLA/boletinlegal/img/0.png HTTP/1.1" 200 110
172.22.2.4 - - [31/Oct/2023:06:53:44 -0500] "GET /BLA/boletinlegal/img/select-left.png HTTP/1.1" 200 263
172.22.2.4 - - [31/Oct/2023:06:53:44 -0500] "GET /BLA/boletinlegal/img/button.png HTTP/1.1" 200 43241
172.22.2.4 - - [31/Oct/2023:06:53:44 -0500] "GET /BLA/boletinlegal/img/button-left.png HTTP/1.1" 200 57071
172.22.2.4 - - [31/Oct/2023:06:53:44 -0500] "GET /BLA/boletinlegal/img/select-right.png HTTP/1.1" 200 44019
172.22.2.4 - - [31/Oct/2023:06:53:44 -0500] "GET /BLA/boletinlegal/img/button-right.png HTTP/1.1" 200 57878
172.22.2.4 - - [31/Oct/2023:06:53:44 -0500] "GET /BLA/boletinlegal/favicon.ico HTTP/1.1" 404 1334
172.22.2.4 - - [31/Oct/2023:06:54:02 -0500] "GET /BLA/boletinlegal/consulta_normativa.php?tipo=Resolucion&sector=licencia&ano=2019&resuelve= HTTP/1.1" 200 454
172.22.2.4 - - [31/Oct/2023:06:54:15 -0500] "GET /BLA/boletinlegal/consulta_normativa.php?tipo=Resolucion&sector=licencia&ano=2019&resuelve=por%20el%20cual%20se%20otorga HTTP/1.1" 200 454
172.22.2.4 - - [31/Oct/2023:06:54:18 -0500] "GET /BLA/boletinlegal/consulta_normativa.php?tipo=Resolucion&sector=licencia&ano=2019&resuelve=por%20el%20cual%20se%20otorga HTTP/1.1" 200 454
172.22.2.4 - - [31/Oct/2023:06:54:19 -0500] "GET /BLA/boletinlegal/consulta_normativa.php?tipo=Resolucion&sector=licencia&ano=2019&resuelve=por%20el%20cual%20se%20otorga HTTP/1.1" 200 454
52.167.144.205 - - [31/Oct/2023:06:54:21 -0500] "GET /BLA/resoluciones/AUTOS%202023/1257.pdf HTTP/1.1" 200 423648
172.22.2.4 - - [31/Oct/2023:06:54:22 -0500] "GET /BLA/boletinlegal/consulta_normativa.php?tipo=Resolucion&sector=licencia&ano=2020&resuelve=por%20el%20cual%20se%20otorga HTTP/1.1" 200 454
172.22.2.4 - - [31/Oct/2023:06:54:23 -0500] "GET /BLA/boletinlegal/consulta_normativa.php?tipo=Resolucion&sector=licencia&ano=2020&resuelve=por%20el%20cual%20se%20otorga HTTP/1.1" 200 454
172.22.2.4 - - [31/Oct/2023:06:54:28 -0500] "GET /BLA/boletinlegal/consulta_normativa.php?tipo=Resolucion&sector=licencia&ano=2021&resuelve=por%20el%20cual%20se%20otorga HTTP/1.1" 200 454
172.22.2.4 - - [31/Oct/2023:06:54:32 -0500] "GET /BLA/boletinlegal/consulta_normativa.php?tipo=Resolucion&sector=licencia&ano=2021&resuelve= HTTP/1.1" 200 454
172.22.2.4 - - [31/Oct/2023:06:54:32 -0500] "GET /BLA/boletinlegal/consulta_normativa.php?tipo=Resolucion&sector=licencia&ano=2021&resuelve= HTTP/1.1" 200 454
172.22.2.4 - - [31/Oct/2023:06:54:32 -0500] "GET /BLA/boletinlegal/consulta_normativa.php?tipo=Resolucion&sector=licencia&ano=2021&resuelve= HTTP/1.1" 200 454
172.22.2.4 - - [31/Oct/2023:06:54:33 -0500] "GET /BLA/boletinlegal/consulta_normativa.php?tipo=Resolucion&sector=licencia&ano=2021&resuelve= HTTP/1.1" 200 454
172.22.2.4 - - [31/Oct/2023:06:54:34 -0500] "GET /BLA/boletinlegal/normativa.php HTTP/1.1" 200 8343
69.63.189.117 - - [31/Oct/2023:06:54:41 -0500] "GET /mujeres-que-reverdecen-secretaria-de-ambiente-anuncia-el-inicio-de-la-tercera-fase.html HTTP/1.1" 200 954
172.22.2.4 - - [31/Oct/2023:06:54:45 -0500] "GET /BLA/boletinlegal/consulta_normativa.php?tipo=Resolucion&sector=Aire&ano=2020&resuelve= HTTP/1.1" 200 454
172.22.2.4 - - [31/Oct/2023:06:54:52 -0500] "GET /BLA/boletinlegal/actos.php HTTP/1.1" 200 9682
172.22.2.4 - - [31/Oct/2023:06:54:52 -0500] "GET /BLA/boletinlegal/js/ajax_actos.js HTTP/1.1" 200 1322
172.22.2.4 - - [31/Oct/2023:06:54:52 -0500] "GET /BLA/boletinlegal/js/lib.js HTTP/1.1" 200 6474
172.22.2.4 - - [31/Oct/2023:06:54:52 -0500] "GET /BLA/boletinlegal/js/popup.js HTTP/1.1" 200 1270
172.22.2.4 - - [31/Oct/2023:06:54:52 -0500] "GET /BLA/boletinlegal/js/jquery1.js HTTP/1.1" 200 29846
172.22.2.4 - - [31/Oct/2023:06:54:52 -0500] "GET /BLA/boletinlegal/images/green-yellow-blue-pink-th.png HTTP/1.1" 200 7394
172.22.2.4 - - [31/Oct/2023:06:55:13 -0500] "GET /BLA/boletinlegal/consulta_actos.php?tipo=resoluciones&no=&usuario=&sector=AIRE&fecha=2023&resuelve= HTTP/1.1" 200 22482
172.22.2.4 - - [31/Oct/2023:06:55:13 -0500] "GET /BLA/boletinlegal/images/pdf.gif HTTP/1.1" 200 567
172.22.2.4 - - [31/Oct/2023:06:55:13 -0500] "GET /BLA/boletinlegal/images/background.gif HTTP/1.1" 200 -
216.245.221.92 - - [31/Oct/2023:06:55:25 -0500] "HEAD / HTTP/1.1" 200 -
172.22.2.4 - - [31/Oct/2023:06:55:30 -0500] "GET /BLA/boletinlegal/consulta_actos.php?tipo=resoluciones&no=&usuario=&sector=AIRE&fecha=2023&resuelve=licencia%20ambiental HTTP/1.1" 200 626
172.22.2.4 - - [31/Oct/2023:06:55:42 -0500] "GET /BLA/boletinlegal/consulta_actos.php?tipo=resoluciones&no=&usuario=&sector=&fecha=2019&resuelve=licencia%20ambiental HTTP/1.1" 200 4834
172.22.2.4 - - [31/Oct/2023:06:55:06 -0500] "HEAD /BLA/boletinlegal/ HTTP/1.1" 200 -
52.167.144.192 - - [31/Oct/2023:06:56:56 -0500] "GET /Publicaciones/2023EE222751.pdf HTTP/1.1" 404 228
167.0.151.89 - - [31/Oct/2023:06:57:21 -0500] "GET /kwssiamovil/sm/ldap/au?x=U2FsdGVkX1+xi8T415HX4VWsqx7Xpscg90w4sH6IvtOGobBMYjHW9Ofyc8EKNnnH&y=U2FsdGVkX19nOeHlqji0RxnNaQu2NaYa8KqbrAp2yCNxjJefq5hriu4NWngRnC+z HTTP/1.1" 200 30
167.0.151.89 - - [31/Oct/2023:06:57:22 -0500] "GET /kwssiamovil/sm/acme/s?s=U2FsdGVkX1/XzVX8UTggybZnaG3zx0wBjKGWjNaLNaxXDjmBWPw3Ls3AhvTNqfFj7LUol6xjVYfQwAgGYq8x40W99jUoCyHeM/Uj/8wrsTY=&u=U2FsdGVkX18sU54aCQDxlCNMAtGq9yD9IZa2pGwyn1w=&y=U2FsdGVkX19nOeHlqji0RxnNaQu2NaYa8KqbrAp2yCNxjJefq5hriu4NWngRnC+z HTTP/1.1" 200 97
167.0.151.89 - - [31/Oct/2023:06:57:22 -0500] "GET /kwssiamovil/sm/acme/s?s=U2FsdGVkX19Gv907LsZPgCRuVwv3gF+xN2ALuS5UyokQzFRAyOz2DZnbZz4hEsTUEJbB1B5ceHDGYLo108/T7yF9YCRhNODO8UqsDkfaV6Z84V06iyaaPIpGyzI2H1M3QVlgaD3vUVfcNN547DSrGtLQ4lozvELVCf3bLjxlOs0bOT6V+fGXP/n70yGxl208UuFDsoxVvLD/mPfs384JKXdIeT3217P9kUYI6CaYfDJqgOBqkY6/hW+2Yac6JS4zbIXYNkQxP0eSN2vS7Dqab9FTK6US789si2viZvGzI3L34UQtQNITmf+wJTMZ86xA9YBzWVy8xuMOEM3i5KCsFFC3WoG1qxnEwBBcbdGIcD+4Qs0CTlRB2pPTs8hmGhyf2LFdEhwRD5y1L699X2VpSTxyCNnuF3GIk/kEAspogrSN0OMkXeYlKtZznbNvk7NPYhqwAuPYqEcQ+Z5d9sSFCTh+lGBF7rkzp9Sp90Fk6rbGsMC9MtHzO+iHVmSP+lZehOreshxhkjVTHfK39gBz9qmcL+NDXBuNzMGIU9BRXq5yxEkW5AO2ROTQizM+Mh1h8+sXX5hZNrnP+lTaO/lGCBxnGiT6WP7vcpPWVrfUbXI04BmPKXGJkTUFd4qOyz9CFOtDaJyLvwOPfwI0fRwJaI+S3WlSyonZEShkhhQq8eebaqhIu+GMBIaSLkJQfORnvx6fOabM5PcQXGnn9NBnVBKSkztGpWl6U8iIWCLi8EvqG75lhdmzowY0mjLpkjeONVEhn3marO3C5bsAjhd3rqaxdRsq7KfRFWy3eywr2MvEmkCed4vGlKZkIClUkoshn7zvJgR5k8CX0+w2RfNIbB/3JqVHoWZ57WK7omn3ZXnRxEQ7mIZ/HrZUznVqB1iTqu++Qut2vIIOysiTP2vyyoX1+jchq1hq+4TWuHBroP3Fy5tbScUpUktFFZea4xHUJhe320jd1rzhuZdV0l3MJlnKNaQ08HFzNmYQemgFJaX3YxlAZ+HYxG+sPurU4RK6Iz9cbsFmiT23A7h+vAdCQBAWPoSMe4Sflgn0q0YGBBMmAf1aj7ptIoPbjXSC/I7I7zqv7mIsJz/dHeQwsMjdQzsrr8dCeWidFUdrOuO/95Mu4KesR4lLvUrIbkn9Mfdtg+2gfX1bR4Hb40BRYKCq0rnhgVTo4GHJvYQR1ZsMHUz2Y/zHiGhx6nhRy6tVYjOQHCW00ab1aR1zaancAKuLDcR/Mq8ovulcG2UT/PYZ6q/+93mbxpSBcW20HDKZl7UxIdVmOK3v4NYMnOTG8eMsH+qNBaetiy90DvRoI1z8ZbNED8ovBXI5eVG7MPNiU3aAWqTD0b+AvXoGPZFuGX1gQhj24erfbnqFH1IEcEUs4I2XQXEPkz9gujsq65fxU5N86GS1i0zfTWqFsig2B6sf890nZStPtvtjyYza34PmvCNmALRDvTRLcFjf6hlvD88ZIq4Bqert3GF4UgPpWOihkcAhdVz5I4B4ztO1yYXGf5m/PYMCmXScyhP+1Cce5jmT5OeQj6kDUgJCrL7Cn/wFWf3IIsG/7X8RWgjviSt5MNxd8vxaPGl3eoulIwI2ofGrKAWo/SiO6O0orFZl6NG6NY5JVciU8XM/w/BU+Vdo2nX3DvOcq8qFwJjCs0VzhIwT3ur00PSQTJ7d8Ud2IumgwPAIRcIT+bOi6S+Y0xt7GuX0g/om7nxJZFU4eWXteTMs0g+drVLFvaZnuqosVHlVgJi0pBk0Blg1xpvjkPkTZnc=&u=U2FsdGVkX18sU54aCQDxlCNMAtGq9yD9IZa2pGwyn1w=&y=U2FsdGVkX19nOeHlqji0RxnNaQu2NaYa8KqbrAp2yCNxjJefq5hriu4NWngRnC+z HTTP/1.1" 200 839
167.0.151.89 - - [31/Oct/2023:06:57:22 -0500] "GET /kwssiamovil/sm/acme/s?s=U2FsdGVkX1/BDdDNJEh66qo8xGA/yTC8EmFlzm2z07m0uDUienx9fJOXEOcel+wU6SpRygjVv7IssnKU+uL7Bo4S/LAfp5Xesicdj4pdTygT+GQbEHFyLM/ld765SDiBbKtnZy/C6sX1M0GGSmJrR/XyMX8DeEhmYiNvQGydW4V1xKD5ZBgJhKMiArOVD5XK0fjnyvX9ajBWLc237zJN9sVUgwIXWpWPUx9fOio7PAv85KMFNfGiRUzWgZgVHsfOU0PJbxgqwU5H7rLQcbjvsmZB6rZTUYmw4dnDk54H5P5lE8wnBPQRwvX3MGoQfO3qqAcN3+gn+x+3EdoAND7ZRyaDGOlz7xuVjQ3QWpTvPYR+iZSywzKWsuQuZCbyTJNQBMWcFu8U2slOT9TQZh/IwW9frlhomZvEzhP3ANRc0m/01qHuT4rvHwv9uQqHehkXKHkPJ5pfrRcHWdngH4+rv/OnG3U8hNx6YhYFTkxPsK3pOBVac0ZSQr4OPsFZ+IjW64QmT2MnCe7GjPmjaMas98C8FYCUk3328du1tzqL0LrdwCDNMt/dU9ObgAQRFdDVSTIQrnkcjtzmrdCfcHgcR+ftk14QscBhqvNzjlSu12DwnVcO8Q9nZxF3CNOY7ZQhz2x6/ppPBEE0XfvjVfES01Dgkd0dNdj6c4tnEu/0cIMM56/H/jSa461+ijo7bUuSBiXY2bXCHERCidVFp90AL8GHdSFnCqwKS5117JJ6A75hbK0jjs6sIHos4LXuTomE&u=U2FsdGVkX18sU54aCQDxlCNMAtGq9yD9IZa2pGwyn1w=&y=U2FsdGVkX19nOeHlqji0RxnNaQu2NaYa8KqbrAp2yCNxjJefq5hriu4NWngRnC+z HTTP/1.1" 200 208
167.0.151.89 - - [31/Oct/2023:06:57:22 -0500] "GET /kwssiamovil/sm/cjson/pre?f=1&x=U2FsdGVkX1+xi8T415HX4VWsqx7Xpscg90w4sH6IvtOGobBMYjHW9Ofyc8EKNnnH HTTP/1.1" 200 31032
172.22.2.4 - - [31/Oct/2023:06:55:57 -0500] "GET /BLA/boletinlegal/ HTTP/1.1" 200 58993
181.133.14.220 - - [31/Oct/2023:06:57:57 -0500] "GET /BLA/resoluciones/RESOLUCIONES%202019/2948.pdf HTTP/1.1" 200 614817
181.133.14.220 - - [31/Oct/2023:06:57:57 -0500] "GET /favicon.ico HTTP/1.1" 200 7782
201.245.192.253 - - [31/Oct/2023:06:58:31 -0500] "POST /kwsrmcab/Wsrmcab  HTTP/1.1" 200 40654
173.252.79.118 - - [31/Oct/2023:06:59:28 -0500] "GET /images/Reciclaton-2023.jpg HTTP/1.1" 200 68883
173.252.107.118 - - [31/Oct/2023:06:59:54 -0500] "GET /reciclaton-empresarial-2023-como-inscribirse-a-la-primera-jornada-del-ano.html HTTP/1.1" 200 705
216.245.221.92 - - [31/Oct/2023:07:00:25 -0500] "HEAD / HTTP/1.1" 200 -
181.133.14.220 - - [31/Oct/2023:07:00:36 -0500] "GET /BLA/resoluciones/RESOLUCIONES%202019/2946.pdf HTTP/1.1" 200 5604632
104.152.52.235 - - [31/Oct/2023:07:02:26 -0500] "GET / HTTP/1.0" 200 319
172.22.2.4 - - [31/Oct/2023:07:00:56 -0500] "HEAD /BLA/boletinlegal/ HTTP/1.1" 200 -
66.249.66.37 - - [31/Oct/2023:07:02:55 -0500] "GET /avances-en-la-gestion-de-sitios-contaminados-en-bogota.html HTTP/1.1" 200 833
172.22.2.4 - - [31/Oct/2023:07:02:59 -0500] "GET /BLA/boletinlegal/consulta_actos.php?tipo=resoluciones&no=&usuario=&sector=&fecha=2019&resuelve=licencia%20ambiental HTTP/1.1" 200 4834
181.133.14.220 - - [31/Oct/2023:07:03:08 -0500] "GET /BLA/resoluciones/RESOLUCIONES%202019/0890.pdf HTTP/1.1" 200 270296
172.22.2.4 - - [31/Oct/2023:07:01:47 -0500] "GET /BLA/boletinlegal/ HTTP/1.1" 200 58280
172.22.2.4 - - [31/Oct/2023:07:03:32 -0500] "GET /BLA/boletinlegal/consulta_actos.php?tipo=resoluciones&no=&usuario=&sector=&fecha=2020&resuelve=licencia%20ambiental HTTP/1.1" 200 5446
201.245.192.253 - - [31/Oct/2023:07:03:30 -0500] "POST /kwsrmcab/Wsrmcab  HTTP/1.1" 200 40654
181.133.14.220 - - [31/Oct/2023:07:03:37 -0500] "GET /BLA/resoluciones/RESOLUCIONES%202020/2745.pdf HTTP/1.1" 200 1817751
172.22.2.4 - - [31/Oct/2023:07:04:34 -0500] "GET /BLA/boletinlegal/Directivas/2015/Directiva%20No.%2001%20del%2014%20de%20Enero%20de%202015.pdf HTTP/1.1" 304 -
216.245.221.92 - - [31/Oct/2023:07:05:25 -0500] "HEAD / HTTP/1.1" 200 -
181.133.14.220 - - [31/Oct/2023:07:05:30 -0500] "GET /BLA/resoluciones/RESOLUCIONES%202020/1502.pdf HTTP/1.1" 200 1022782
157.55.39.48 - - [31/Oct/2023:07:05:34 -0500] "GET /Publicaciones/2023EE185592.pdf HTTP/1.1" 404 228
