191.95.59.108 - - [01/Nov/2023:07:30:09 -0500] "GET /sipse/faces/javax.faces.resource/layout/layout.css?ln=primefaces&v=4.0 HTTP/1.1" 304 -
191.95.59.108 - - [01/Nov/2023:07:30:09 -0500] "GET /sipse/faces/javax.faces.resource/primefaces.css?ln=primefaces&v=4.0 HTTP/1.1" 304 -
191.95.59.108 - - [01/Nov/2023:07:30:09 -0500] "GET /sipse/faces/javax.faces.resource/jquery/jquery.js?ln=primefaces&v=4.0 HTTP/1.1" 304 -
191.95.59.108 - - [01/Nov/2023:07:30:09 -0500] "GET /sipse/faces/javax.faces.resource/jquery/jquery-plugins.js?ln=primefaces&v=4.0 HTTP/1.1" 304 -
191.95.59.108 - - [01/Nov/2023:07:30:09 -0500] "GET /sipse/faces/javax.faces.resource/primefaces.js?ln=primefaces&v=4.0 HTTP/1.1" 304 -
191.95.59.108 - - [01/Nov/2023:07:30:09 -0500] "GET /sipse/faces/javax.faces.resource/layout/layout.js?ln=primefaces&v=4.0 HTTP/1.1" 304 -
191.95.59.108 - - [01/Nov/2023:07:30:10 -0500] "GET /sipse/faces/javax.faces.resource/images/ui-icons_898989_256x240.png?ln=primefaces-aristo HTTP/1.1" 304 -
191.95.59.108 - - [01/Nov/2023:07:30:18 -0500] "GET /sipse/faces/javax.faces.resource/images/ui-bg_flat_0_2d5972_40x100.png?ln=primefaces-aristo HTTP/1.1" 304 -
191.95.59.108 - - [01/Nov/2023:07:30:18 -0500] "POST /sipse/faces/presentacion/financiero/solicitudProceso/consultar.xhtml HTTP/1.1" 200 12843
186.155.19.172 - - [01/Nov/2023:07:30:25 -0500] "GET /caminatas-ecologicas-un-plan-imperdible-para-octubre.html HTTP/1.1" 200 747
201.245.192.253 - - [01/Nov/2023:07:30:30 -0500] "POST /forms/lservlet;jsessionid=ac16012b30d66b1cb08e552f4ecc83f5ae6690438851.e3iSbxaKaheRe3eRa38MahaQbi1ynknvrkLOlQzNp65In0 HTTP/1.1" 200 2
201.245.192.253 - - [01/Nov/2023:07:30:41 -0500] "POST /kwsrmcab/Wsrmcab HTTP/1.1" 200 40501
201.245.192.253 - - [01/Nov/2023:07:30:44 -0500] "POST /kwsrmcab/Wsrmcab HTTP/1.1" 200 40231
40.77.167.26 - - [01/Nov/2023:07:31:06 -0500] "GET /BLA/resoluciones/AUTOS%202007/1007.pdf HTTP/1.1" 200 41128
201.245.192.253 - - [01/Nov/2023:07:31:36 -0500] "POST /kwsrmcab/Wsrmcab  HTTP/1.1" 200 213
201.245.192.253 - - [01/Nov/2023:07:31:55 -0500] "POST /forms/lservlet;jsessionid=ac16012b30d6264c3ba800d84be3bfe79392a909b334.e3iSbxaKaheRe3eRa38MahaQbi1ynknvrkLOlQzNp65In0 HTTP/1.1" 200 2
201.245.192.253 - - [01/Nov/2023:07:32:30 -0500] "POST /forms/lservlet;jsessionid=ac16012b30d66b1cb08e552f4ecc83f5ae6690438851.e3iSbxaKaheRe3eRa38MahaQbi1ynknvrkLOlQzNp65In0 HTTP/1.1" 200 2
172.22.2.4 - - [01/Nov/2023:07:31:08 -0500] "HEAD /BLA/boletinlegal/ HTTP/1.1" 200 -
40.77.167.26 - - [01/Nov/2023:07:32:56 -0500] "GET /BLA/resoluciones/RESOLUCIONES%202022/0971.pdf HTTP/1.1" 304 -
162.55.173.23 - - [01/Nov/2023:07:33:02 -0500] "GET / HTTP/1.1" 200 4720
162.55.173.23 - - [01/Nov/2023:07:33:03 -0500] "GET / HTTP/1.1" 200 319
44.231.202.44 - - [01/Nov/2023:07:33:04 -0500] "GET /BLA/resoluciones/index.php?dir=RESOLUCIONES%202006/RES%202006%201501-1550/&order=asc&sort=name HTTP/1.1" 200 12370
167.0.137.185 - - [01/Nov/2023:07:33:12 -0500] "GET /sipse/faces/faces/faces/faces/faces/faces/autenticacion.xhtml HTTP/1.1" 200 12731
167.0.137.185 - - [01/Nov/2023:07:33:12 -0500] "GET /sipse/js/disable_browser_buttons.js HTTP/1.1" 200 3230
167.0.137.185 - - [01/Nov/2023:07:33:12 -0500] "GET /sipse/css/custom_css_sg_prime_login.css HTTP/1.1" 200 443
167.0.137.185 - - [01/Nov/2023:07:33:12 -0500] "GET /sipse/css/custom_css_sg.css HTTP/1.1" 200 9694
167.0.137.185 - - [01/Nov/2023:07:33:12 -0500] "GET /sipse/js/funciones.js HTTP/1.1" 200 12592
167.0.137.185 - - [01/Nov/2023:07:33:12 -0500] "GET /sipse/faces/javax.faces.resource/layout/layout.css;jsessionid=8jY-P5+6F9L1-vKRNd7Xp7EM.undefined?ln=primefaces&v=4.0 HTTP/1.1" 200 542
167.0.137.185 - - [01/Nov/2023:07:33:12 -0500] "GET /sipse/faces/javax.faces.resource/theme.css?ln=primefaces-sipse HTTP/1.1" 200 50058
167.0.137.185 - - [01/Nov/2023:07:33:12 -0500] "GET /sipse/faces/javax.faces.resource/primefaces.css;jsessionid=8jY-P5+6F9L1-vKRNd7Xp7EM.undefined?ln=primefaces&v=4.0 HTTP/1.1" 200 53295
167.0.137.185 - - [01/Nov/2023:07:33:12 -0500] "GET /sipse/faces/javax.faces.resource/layout/layout.js;jsessionid=8jY-P5+6F9L1-vKRNd7Xp7EM.undefined?ln=primefaces&v=4.0 HTTP/1.1" 200 87560
167.0.137.185 - - [01/Nov/2023:07:33:12 -0500] "GET /sipse/faces/javax.faces.resource/jquery/jquery.js;jsessionid=8jY-P5+6F9L1-vKRNd7Xp7EM.undefined?ln=primefaces&v=4.0 HTTP/1.1" 200 105384
167.0.137.185 - - [01/Nov/2023:07:33:12 -0500] "GET /sipse/faces/javax.faces.resource/jquery/jquery-plugins.js;jsessionid=8jY-P5+6F9L1-vKRNd7Xp7EM.undefined?ln=primefaces&v=4.0 HTTP/1.1" 200 220526
167.0.137.185 - - [01/Nov/2023:07:33:12 -0500] "GET /sipse/faces/javax.faces.resource/primefaces.js;jsessionid=8jY-P5+6F9L1-vKRNd7Xp7EM.undefined?ln=primefaces&v=4.0 HTTP/1.1" 200 276924
167.0.137.185 - - [01/Nov/2023:07:33:13 -0500] "GET /sipse/css/imagen/logoSDG.png HTTP/1.1" 200 53064
167.0.137.185 - - [01/Nov/2023:07:33:13 -0500] "GET /sipse/css/imagen/loginimg.png HTTP/1.1" 200 71635
167.0.137.185 - - [01/Nov/2023:07:33:13 -0500] "GET /sipse/faces/javax.faces.resource/images/ui-icons_898989_256x240.png?ln=primefaces-aristo HTTP/1.1" 200 5355
167.0.137.185 - - [01/Nov/2023:07:33:14 -0500] "GET /sipse/faces/faces/faces/faces/faces/faces/index.xhtml HTTP/1.1" 200 677
167.0.137.185 - - [01/Nov/2023:07:33:14 -0500] "GET /sipse/faces/javax.faces.resource/theme.css?ln=primefaces-sipse HTTP/1.1" 304 -
167.0.137.185 - - [01/Nov/2023:07:33:14 -0500] "GET /sipse/faces/faces/faces/faces/faces/faces/faces/autenticacion.xhtml HTTP/1.1" 200 12409
167.0.137.185 - - [01/Nov/2023:07:33:14 -0500] "GET /favicon.ico HTTP/1.1" 200 7782
167.0.137.185 - - [01/Nov/2023:07:33:14 -0500] "GET /sipse/faces/javax.faces.resource/layout/layout.css?ln=primefaces&v=4.0 HTTP/1.1" 200 542
167.0.137.185 - - [01/Nov/2023:07:33:14 -0500] "GET /sipse/faces/javax.faces.resource/theme.css?ln=primefaces-sipse HTTP/1.1" 304 -
167.0.137.185 - - [01/Nov/2023:07:33:14 -0500] "GET /sipse/faces/javax.faces.resource/primefaces.css?ln=primefaces&v=4.0 HTTP/1.1" 200 53295
167.0.137.185 - - [01/Nov/2023:07:33:14 -0500] "GET /sipse/faces/javax.faces.resource/layout/layout.js?ln=primefaces&v=4.0 HTTP/1.1" 200 87560
167.0.137.185 - - [01/Nov/2023:07:33:14 -0500] "GET /sipse/faces/javax.faces.resource/jquery/jquery.js?ln=primefaces&v=4.0 HTTP/1.1" 200 105384
167.0.137.185 - - [01/Nov/2023:07:33:14 -0500] "GET /sipse/faces/javax.faces.resource/jquery/jquery-plugins.js?ln=primefaces&v=4.0 HTTP/1.1" 200 220526
167.0.137.185 - - [01/Nov/2023:07:33:14 -0500] "GET /sipse/faces/javax.faces.resource/primefaces.js?ln=primefaces&v=4.0 HTTP/1.1" 200 276924
167.0.137.185 - - [01/Nov/2023:07:33:19 -0500] "POST /sipse/faces/autenticacion.xhtml HTTP/1.1" 200 16167
167.0.137.185 - - [01/Nov/2023:07:33:20 -0500] "GET /sipse/css/custom_css_sg_prime.css HTTP/1.1" 200 5201
167.0.137.185 - - [01/Nov/2023:07:33:20 -0500] "GET /sipse/faces/javax.faces.resource/primefaces.css?ln=primefaces&v=4.0 HTTP/1.1" 304 -
167.0.137.185 - - [01/Nov/2023:07:33:20 -0500] "GET /sipse/faces/javax.faces.resource/theme.css?ln=primefaces-sipse HTTP/1.1" 304 -
167.0.137.185 - - [01/Nov/2023:07:33:20 -0500] "GET /sipse/faces/javax.faces.resource/layout/layout.css?ln=primefaces&v=4.0 HTTP/1.1" 304 -
167.0.137.185 - - [01/Nov/2023:07:33:20 -0500] "GET /sipse/js/jquery.min.js HTTP/1.1" 200 85582
167.0.137.185 - - [01/Nov/2023:07:33:20 -0500] "GET /sipse/faces/javax.faces.resource/jquery/jquery.js?ln=primefaces&v=4.0 HTTP/1.1" 304 -
167.0.137.185 - - [01/Nov/2023:07:33:20 -0500] "GET /sipse/faces/javax.faces.resource/jquery/jquery-plugins.js?ln=primefaces&v=4.0 HTTP/1.1" 304 -
167.0.137.185 - - [01/Nov/2023:07:33:20 -0500] "GET /sipse/faces/javax.faces.resource/primefaces.js?ln=primefaces&v=4.0 HTTP/1.1" 304 -
167.0.137.185 - - [01/Nov/2023:07:33:20 -0500] "GET /sipse/faces/javax.faces.resource/layout/layout.js?ln=primefaces&v=4.0 HTTP/1.1" 304 -
167.0.137.185 - - [01/Nov/2023:07:33:20 -0500] "GET /sipse/css/v_mergente.css HTTP/1.1" 200 1505
167.0.137.185 - - [01/Nov/2023:07:33:20 -0500] "GET /sipse/css/imagen/contrasena.png HTTP/1.1" 404 383
167.0.137.185 - - [01/Nov/2023:07:33:20 -0500] "GET /sipse/imagenes/cargando.gif HTTP/1.1" 200 36959
167.0.137.185 - - [01/Nov/2023:07:33:20 -0500] "GET /sipse/faces/javax.faces.resource/messages/messages.png?ln=primefaces&v=4.0 HTTP/1.1" 200 27209
167.0.137.185 - - [01/Nov/2023:07:33:20 -0500] "GET /sipse/imagenes/logoAplicacion.jpg HTTP/1.1" 200 155084
172.22.2.4 - - [01/Nov/2023:07:31:59 -0500] "GET /BLA/boletinlegal/ HTTP/1.1" 200 58644
54.184.159.16 - - [01/Nov/2023:07:33:43 -0500] "GET /BLA/resoluciones/index.php?dir=RESOLUCIONES%202006/RES%202006%201501-1550/&order=desc&sort=date HTTP/1.1" 200 12369
167.0.137.185 - - [01/Nov/2023:07:33:51 -0500] "GET /sipse/faces/faces/faces/faces/faces/faces/index.xhtml HTTP/1.1" 200 677
167.0.137.185 - - [01/Nov/2023:07:33:51 -0500] "GET /sipse/faces/javax.faces.resource/theme.css?ln=primefaces-sipse HTTP/1.1" 304 -
167.0.137.185 - - [01/Nov/2023:07:33:51 -0500] "GET /sipse/faces/faces/faces/faces/faces/faces/faces/autenticacion.xhtml HTTP/1.1" 200 12414
167.0.137.185 - - [01/Nov/2023:07:33:51 -0500] "GET /sipse/faces/javax.faces.resource/theme.css?ln=primefaces-sipse HTTP/1.1" 304 -
167.0.137.185 - - [01/Nov/2023:07:33:51 -0500] "GET /sipse/faces/javax.faces.resource/primefaces.css?ln=primefaces&v=4.0 HTTP/1.1" 304 -
167.0.137.185 - - [01/Nov/2023:07:33:51 -0500] "GET /sipse/faces/javax.faces.resource/layout/layout.css?ln=primefaces&v=4.0 HTTP/1.1" 304 -
167.0.137.185 - - [01/Nov/2023:07:33:51 -0500] "GET /sipse/faces/javax.faces.resource/primefaces.js?ln=primefaces&v=4.0 HTTP/1.1" 304 -
167.0.137.185 - - [01/Nov/2023:07:33:51 -0500] "GET /sipse/faces/javax.faces.resource/jquery/jquery-plugins.js?ln=primefaces&v=4.0 HTTP/1.1" 304 -
167.0.137.185 - - [01/Nov/2023:07:33:51 -0500] "GET /sipse/faces/javax.faces.resource/jquery/jquery.js?ln=primefaces&v=4.0 HTTP/1.1" 304 -
167.0.137.185 - - [01/Nov/2023:07:33:51 -0500] "GET /sipse/faces/javax.faces.resource/layout/layout.js?ln=primefaces&v=4.0 HTTP/1.1" 304 -
201.245.192.253 - - [01/Nov/2023:07:33:55 -0500] "POST /forms/lservlet;jsessionid=ac16012b30d6264c3ba800d84be3bfe79392a909b334.e3iSbxaKaheRe3eRa38MahaQbi1ynknvrkLOlQzNp65In0 HTTP/1.1" 200 2
201.245.192.253 - - [01/Nov/2023:07:34:30 -0500] "POST /forms/lservlet;jsessionid=ac16012b30d66b1cb08e552f4ecc83f5ae6690438851.e3iSbxaKaheRe3eRa38MahaQbi1ynknvrkLOlQzNp65In0 HTTP/1.1" 200 2
172.22.2.4 - - [01/Nov/2023:07:34:36 -0500] "GET /BLA/boletinlegal/conceptos.php HTTP/1.1" 200 7496
172.22.2.4 - - [01/Nov/2023:07:34:36 -0500] "GET /BLA/boletinlegal/styles2.css HTTP/1.1" 200 1838
172.22.2.4 - - [01/Nov/2023:07:34:36 -0500] "GET /BLA/boletinlegal/js/ajax_conceptos.js HTTP/1.1" 200 1326
172.22.2.4 - - [01/Nov/2023:07:34:36 -0500] "GET /BLA/boletinlegal/niceforms-default.css HTTP/1.1" 200 6694
172.22.2.4 - - [01/Nov/2023:07:34:36 -0500] "GET /BLA/boletinlegal/style.css HTTP/1.1" 200 9406
172.22.2.4 - - [01/Nov/2023:07:34:36 -0500] "GET /BLA/boletinlegal/niceforms.js HTTP/1.1" 200 22876
172.22.2.4 - - [01/Nov/2023:07:34:36 -0500] "GET /BLA/boletinlegal/images/cabezote%20BLEGAL.jpg HTTP/1.1" 200 118164
172.22.2.4 - - [01/Nov/2023:07:34:36 -0500] "GET /BLA/boletinlegal/images/subscribe-icon-big.png HTTP/1.1" 200 47702
172.22.2.4 - - [01/Nov/2023:07:34:36 -0500] "GET /BLA/boletinlegal/images/historia.png HTTP/1.1" 200 52775
172.22.2.4 - - [01/Nov/2023:07:34:36 -0500] "GET /BLA/boletinlegal/images/registro-usuarios.png HTTP/1.1" 200 8106
172.22.2.4 - - [01/Nov/2023:07:34:36 -0500] "GET /BLA/boletinlegal/images/tel.png HTTP/1.1" 200 14477
172.22.2.4 - - [01/Nov/2023:07:34:36 -0500] "GET /BLA/boletinlegal/images/icono-email.png HTTP/1.1" 200 5544
172.22.2.4 - - [01/Nov/2023:07:34:36 -0500] "GET /BLA/boletinlegal/images/body_bg.jpg HTTP/1.1" 200 1601
172.22.2.4 - - [01/Nov/2023:07:34:36 -0500] "GET /BLA/boletinlegal/images/menu_lft.gif HTTP/1.1" 200 1713
172.22.2.4 - - [01/Nov/2023:07:34:36 -0500] "GET /BLA/boletinlegal/images/menu_rght.gif HTTP/1.1" 200 1627
172.22.2.4 - - [01/Nov/2023:07:34:36 -0500] "GET /BLA/boletinlegal/images/footer_bg.jpg HTTP/1.1" 200 586
172.22.2.4 - - [01/Nov/2023:07:34:36 -0500] "GET /BLA/boletinlegal/images/bg_top.jpg HTTP/1.1" 200 522
172.22.2.4 - - [01/Nov/2023:07:34:36 -0500] "GET /BLA/boletinlegal/images/menu_bg.jpg HTTP/1.1" 200 620
172.22.2.4 - - [01/Nov/2023:07:34:36 -0500] "GET /BLA/boletinlegal/images/hover.jpg HTTP/1.1" 200 640
172.22.2.4 - - [01/Nov/2023:07:34:36 -0500] "GET /BLA/boletinlegal/images/text.jpg HTTP/1.1" 200 568
172.22.2.4 - - [01/Nov/2023:07:34:36 -0500] "GET /BLA/boletinlegal/images/footer_bg_l.jpg HTTP/1.1" 200 776
172.22.2.4 - - [01/Nov/2023:07:34:36 -0500] "GET /BLA/boletinlegal/img/select-left.png HTTP/1.1" 200 263
172.22.2.4 - - [01/Nov/2023:07:34:36 -0500] "GET /BLA/boletinlegal/img/0.png HTTP/1.1" 200 110
172.22.2.4 - - [01/Nov/2023:07:34:36 -0500] "GET /BLA/boletinlegal/img/button-left.png HTTP/1.1" 200 57071
172.22.2.4 - - [01/Nov/2023:07:34:36 -0500] "GET /BLA/boletinlegal/img/select-right.png HTTP/1.1" 200 44019
172.22.2.4 - - [01/Nov/2023:07:34:36 -0500] "GET /BLA/boletinlegal/img/button.png HTTP/1.1" 200 43241
172.22.2.4 - - [01/Nov/2023:07:34:36 -0500] "GET /BLA/boletinlegal/img/button-right.png HTTP/1.1" 200 57878
172.22.2.4 - - [01/Nov/2023:07:34:36 -0500] "GET /BLA/boletinlegal/favicon.ico HTTP/1.1" 404 1334
216.245.221.92 - - [01/Nov/2023:07:34:37 -0500] "HEAD / HTTP/1.1" 200 -
172.22.2.4 - - [01/Nov/2023:07:34:39 -0500] "GET /BLA/boletinlegal/consulta_conceptos.php?no=&solicitante=&radicado_entrada=&fecha_concepto=2023&objeto= HTTP/1.1" 200 27300
172.22.2.4 - - [01/Nov/2023:07:34:39 -0500] "GET /BLA/boletinlegal/images/pdf.gif HTTP/1.1" 200 567
172.22.2.4 - - [01/Nov/2023:07:34:39 -0500] "GET /BLA/boletinlegal/images/background.gif HTTP/1.1" 200 -
172.22.2.4 - - [01/Nov/2023:07:34:16 -0500] "GET /BLA/boletinlegal/ HTTP/1.1" 200 32715
44.231.202.44 - - [01/Nov/2023:07:35:36 -0500] "GET /BLA/resoluciones/index.php?dir=RESOLUCIONES%202007/RES%202007%20501%20AL%20600/&order=desc&sort=date HTTP/1.1" 200 26887
190.146.59.4 - - [01/Nov/2023:07:35:46 -0500] "GET /caminatas-ecologicas-un-plan-imperdible-para-octubre.html HTTP/1.1" 200 747
201.245.192.253 - - [01/Nov/2023:07:35:55 -0500] "POST /forms/lservlet;jsessionid=ac16012b30d6264c3ba800d84be3bfe79392a909b334.e3iSbxaKaheRe3eRa38MahaQbi1ynknvrkLOlQzNp65In0 HTTP/1.1" 200 2
201.245.192.253 - - [01/Nov/2023:07:36:30 -0500] "POST /forms/lservlet;jsessionid=ac16012b30d66b1cb08e552f4ecc83f5ae6690438851.e3iSbxaKaheRe3eRa38MahaQbi1ynknvrkLOlQzNp65In0 HTTP/1.1" 200 2
44.231.202.44 - - [01/Nov/2023:07:36:34 -0500] "GET /BLA/resoluciones/index.php?dir=AUTOS%202009/&order=asc&sort=name HTTP/1.1" 200 399860
201.245.192.253 - - [01/Nov/2023:07:36:35 -0500] "POST /kwsrmcab/Wsrmcab  HTTP/1.1" 200 213
40.77.167.26 - - [01/Nov/2023:07:37:06 -0500] "GET /BLA/resoluciones/RESOLUCIONES%202021/2588.pdf HTTP/1.1" 200 343736
201.245.192.253 - - [01/Nov/2023:07:37:12 -0500] "POST /forms/lservlet;jsessionid=ac16012b30d6264c3ba800d84be3bfe79392a909b334.e3iSbxaKaheRe3eRa38MahaQbi1ynknvrkLOlQzNp65In0 HTTP/1.1" 200 237
201.245.192.253 - - [01/Nov/2023:07:37:12 -0500] "POST /forms/lservlet;jsessionid=ac16012b30d6264c3ba800d84be3bfe79392a909b334.e3iSbxaKaheRe3eRa38MahaQbi1ynknvrkLOlQzNp65In0 HTTP/1.1" 200 2
201.245.192.253 - - [01/Nov/2023:07:37:12 -0500] "POST /forms/lservlet;jsessionid=ac16012b30d6264c3ba800d84be3bfe79392a909b334.e3iSbxaKaheRe3eRa38MahaQbi1ynknvrkLOlQzNp65In0 HTTP/1.1" 200 2
201.245.192.253 - - [01/Nov/2023:07:37:13 -0500] "POST /forms/lservlet;jsessionid=ac16012b30d6264c3ba800d84be3bfe79392a909b334.e3iSbxaKaheRe3eRa38MahaQbi1ynknvrkLOlQzNp65In0 HTTP/1.1" 200 2
201.245.192.253 - - [01/Nov/2023:07:37:13 -0500] "POST /forms/lservlet;jsessionid=ac16012b30d6264c3ba800d84be3bfe79392a909b334.e3iSbxaKaheRe3eRa38MahaQbi1ynknvrkLOlQzNp65In0 HTTP/1.1" 200 122
201.245.192.253 - - [01/Nov/2023:07:37:13 -0500] "POST /forms/lservlet;jsessionid=ac16012b30d6264c3ba800d84be3bfe79392a909b334.e3iSbxaKaheRe3eRa38MahaQbi1ynknvrkLOlQzNp65In0 HTTP/1.1" 200 2
201.245.192.253 - - [01/Nov/2023:07:37:20 -0500] "POST /forms/lservlet;jsessionid=ac16012b30d66b1cb08e552f4ecc83f5ae6690438851.e3iSbxaKaheRe3eRa38MahaQbi1ynknvrkLOlQzNp65In0 HTTP/1.1" 200 12194
201.245.192.253 - - [01/Nov/2023:07:37:21 -0500] "HEAD /imagenes/msh_close.gif HTTP/1.1" 404 -
201.245.192.253 - - [01/Nov/2023:07:37:21 -0500] "GET /imagenes/msh_close.gif HTTP/1.1" 404 328
201.245.192.253 - - [01/Nov/2023:07:37:21 -0500] "POST /forms/lservlet;jsessionid=ac16012b30d66b1cb08e552f4ecc83f5ae6690438851.e3iSbxaKaheRe3eRa38MahaQbi1ynknvrkLOlQzNp65In0 HTTP/1.1" 200 10
201.245.192.253 - - [01/Nov/2023:07:37:21 -0500] "POST /forms/lservlet;jsessionid=ac16012b30d66b1cb08e552f4ecc83f5ae6690438851.e3iSbxaKaheRe3eRa38MahaQbi1ynknvrkLOlQzNp65In0 HTTP/1.1" 200 2
201.245.192.253 - - [01/Nov/2023:07:37:21 -0500] "POST /forms/lservlet;jsessionid=ac16012b30d66b1cb08e552f4ecc83f5ae6690438851.e3iSbxaKaheRe3eRa38MahaQbi1ynknvrkLOlQzNp65In0 HTTP/1.1" 200 2
201.245.192.253 - - [01/Nov/2023:07:37:21 -0500] "POST /forms/lservlet;jsessionid=ac16012b30d66b1cb08e552f4ecc83f5ae6690438851.e3iSbxaKaheRe3eRa38MahaQbi1ynknvrkLOlQzNp65In0 HTTP/1.1" 200 2
201.245.192.253 - - [01/Nov/2023:07:37:22 -0500] "POST /forms/lservlet;jsessionid=ac16012b30d66b1cb08e552f4ecc83f5ae6690438851.e3iSbxaKaheRe3eRa38MahaQbi1ynknvrkLOlQzNp65In0 HTTP/1.1" 200 1461
201.245.192.253 - - [01/Nov/2023:07:37:23 -0500] "POST /forms/lservlet;jsessionid=ac16012b30d66b1cb08e552f4ecc83f5ae6690438851.e3iSbxaKaheRe3eRa38MahaQbi1ynknvrkLOlQzNp65In0 HTTP/1.1" 200 721
201.245.192.253 - - [01/Nov/2023:07:37:23 -0500] "GET /imagenes/rt_radd.gif HTTP/1.1" 200 907
201.245.192.253 - - [01/Nov/2023:07:37:23 -0500] "GET /imagenes/rt_rdel.gif HTTP/1.1" 200 899
201.245.192.253 - - [01/Nov/2023:07:37:23 -0500] "GET /imagenes/rt_save.gif HTTP/1.1" 200 903
201.245.192.253 - - [01/Nov/2023:07:37:24 -0500] "POST /forms/lservlet;jsessionid=ac16012b30d66b1cb08e552f4ecc83f5ae6690438851.e3iSbxaKaheRe3eRa38MahaQbi1ynknvrkLOlQzNp65In0 HTTP/1.1" 200 8
201.245.192.253 - - [01/Nov/2023:07:37:24 -0500] "POST /forms/lservlet;jsessionid=ac16012b30d66b1cb08e552f4ecc83f5ae6690438851.e3iSbxaKaheRe3eRa38MahaQbi1ynknvrkLOlQzNp65In0 HTTP/1.1" 200 8
201.245.192.253 - - [01/Nov/2023:07:37:24 -0500] "POST /forms/lservlet;jsessionid=ac16012b30d66b1cb08e552f4ecc83f5ae6690438851.e3iSbxaKaheRe3eRa38MahaQbi1ynknvrkLOlQzNp65In0 HTTP/1.1" 200 2
201.245.192.253 - - [01/Nov/2023:07:37:24 -0500] "POST /forms/lservlet;jsessionid=ac16012b30d66b1cb08e552f4ecc83f5ae6690438851.e3iSbxaKaheRe3eRa38MahaQbi1ynknvrkLOlQzNp65In0 HTTP/1.1" 200 7
201.245.192.253 - - [01/Nov/2023:07:37:24 -0500] "POST /forms/lservlet;jsessionid=ac16012b30d66b1cb08e552f4ecc83f5ae6690438851.e3iSbxaKaheRe3eRa38MahaQbi1ynknvrkLOlQzNp65In0 HTTP/1.1" 200 8
201.245.192.253 - - [01/Nov/2023:07:37:24 -0500] "POST /forms/lservlet;jsessionid=ac16012b30d66b1cb08e552f4ecc83f5ae6690438851.e3iSbxaKaheRe3eRa38MahaQbi1ynknvrkLOlQzNp65In0 HTTP/1.1" 200 2
201.245.192.253 - - [01/Nov/2023:07:37:26 -0500] "POST /forms/lservlet;jsessionid=ac16012b30d66b1cb08e552f4ecc83f5ae6690438851.e3iSbxaKaheRe3eRa38MahaQbi1ynknvrkLOlQzNp65In0 HTTP/1.1" 200 7
201.245.192.253 - - [01/Nov/2023:07:37:26 -0500] "POST /forms/lservlet;jsessionid=ac16012b30d66b1cb08e552f4ecc83f5ae6690438851.e3iSbxaKaheRe3eRa38MahaQbi1ynknvrkLOlQzNp65In0 HTTP/1.1" 200 8
201.245.192.253 - - [01/Nov/2023:07:37:26 -0500] "POST /forms/lservlet;jsessionid=ac16012b30d66b1cb08e552f4ecc83f5ae6690438851.e3iSbxaKaheRe3eRa38MahaQbi1ynknvrkLOlQzNp65In0 HTTP/1.1" 200 2
201.245.192.253 - - [01/Nov/2023:07:37:27 -0500] "POST /forms/lservlet;jsessionid=ac16012b30d66b1cb08e552f4ecc83f5ae6690438851.e3iSbxaKaheRe3eRa38MahaQbi1ynknvrkLOlQzNp65In0 HTTP/1.1" 200 7
201.245.192.253 - - [01/Nov/2023:07:37:29 -0500] "POST /forms/lservlet;jsessionid=ac16012b30d66b1cb08e552f4ecc83f5ae6690438851.e3iSbxaKaheRe3eRa38MahaQbi1ynknvrkLOlQzNp65In0 HTTP/1.1" 200 7
201.245.192.253 - - [01/Nov/2023:07:37:29 -0500] "POST /forms/lservlet;jsessionid=ac16012b30d66b1cb08e552f4ecc83f5ae6690438851.e3iSbxaKaheRe3eRa38MahaQbi1ynknvrkLOlQzNp65In0 HTTP/1.1" 200 8
201.245.192.253 - - [01/Nov/2023:07:37:29 -0500] "POST /forms/lservlet;jsessionid=ac16012b30d66b1cb08e552f4ecc83f5ae6690438851.e3iSbxaKaheRe3eRa38MahaQbi1ynknvrkLOlQzNp65In0 HTTP/1.1" 200 2
201.245.192.253 - - [01/Nov/2023:07:37:31 -0500] "POST /forms/lservlet;jsessionid=ac16012b30d66b1cb08e552f4ecc83f5ae6690438851.e3iSbxaKaheRe3eRa38MahaQbi1ynknvrkLOlQzNp65In0 HTTP/1.1" 200 305
201.245.192.253 - - [01/Nov/2023:07:37:31 -0500] "POST /forms/lservlet;jsessionid=ac16012b30d66b1cb08e552f4ecc83f5ae6690438851.e3iSbxaKaheRe3eRa38MahaQbi1ynknvrkLOlQzNp65In0 HTTP/1.1" 200 13
201.245.192.253 - - [01/Nov/2023:07:37:31 -0500] "POST /forms/lservlet;jsessionid=ac16012b30d66b1cb08e552f4ecc83f5ae6690438851.e3iSbxaKaheRe3eRa38MahaQbi1ynknvrkLOlQzNp65In0 HTTP/1.1" 200 2
201.245.192.253 - - [01/Nov/2023:07:37:32 -0500] "POST /forms/lservlet;jsessionid=ac16012b30d66b1cb08e552f4ecc83f5ae6690438851.e3iSbxaKaheRe3eRa38MahaQbi1ynknvrkLOlQzNp65In0 HTTP/1.1" 200 786
201.245.192.253 - - [01/Nov/2023:07:37:30 -0500] "POST /kwsrmcab/Wsrmcab HTTP/1.1" 200 40501
201.245.192.253 - - [01/Nov/2023:07:37:32 -0500] "POST /forms/lservlet;jsessionid=ac16012b30d66b1cb08e552f4ecc83f5ae6690438851.e3iSbxaKaheRe3eRa38MahaQbi1ynknvrkLOlQzNp65In0 HTTP/1.1" 200 2
201.245.192.253 - - [01/Nov/2023:07:37:33 -0500] "POST /kwsrmcab/Wsrmcab HTTP/1.1" 200 40231
201.245.192.253 - - [01/Nov/2023:07:37:36 -0500] "POST /forms/lservlet;jsessionid=ac16012b30d66b1cb08e552f4ecc83f5ae6690438851.e3iSbxaKaheRe3eRa38MahaQbi1ynknvrkLOlQzNp65In0 HTTP/1.1" 200 28
201.245.192.253 - - [01/Nov/2023:07:37:36 -0500] "POST /forms/lservlet;jsessionid=ac16012b30d66b1cb08e552f4ecc83f5ae6690438851.e3iSbxaKaheRe3eRa38MahaQbi1ynknvrkLOlQzNp65In0 HTTP/1.1" 200 346
207.46.13.155 - - [01/Nov/2023:07:37:37 -0500] "GET /galeria/galeria/fotos/Humedal-la-Isla3G.jpg HTTP/1.1" 200 202764
201.245.192.253 - - [01/Nov/2023:07:37:39 -0500] "POST /forms/lservlet;jsessionid=ac16012b30d66b1cb08e552f4ecc83f5ae6690438851.e3iSbxaKaheRe3eRa38MahaQbi1ynknvrkLOlQzNp65In0 HTTP/1.1" 200 83
201.245.192.253 - - [01/Nov/2023:07:37:40 -0500] "POST /forms/lservlet;jsessionid=ac16012b30d66b1cb08e552f4ecc83f5ae6690438851.e3iSbxaKaheRe3eRa38MahaQbi1ynknvrkLOlQzNp65In0 HTTP/1.1" 200 1380
201.245.192.253 - - [01/Nov/2023:07:37:47 -0500] "POST /forms/lservlet;jsessionid=ac16012b30d66b1cb08e552f4ecc83f5ae6690438851.e3iSbxaKaheRe3eRa38MahaQbi1ynknvrkLOlQzNp65In0 HTTP/1.1" 200 13
201.245.192.253 - - [01/Nov/2023:07:37:55 -0500] "POST /forms/lservlet;jsessionid=ac16012b30d6264c3ba800d84be3bfe79392a909b334.e3iSbxaKaheRe3eRa38MahaQbi1ynknvrkLOlQzNp65In0 HTTP/1.1" 200 2
201.245.192.253 - - [01/Nov/2023:07:38:06 -0500] "POST /forms/lservlet;jsessionid=ac16012b30d66b1cb08e552f4ecc83f5ae6690438851.e3iSbxaKaheRe3eRa38MahaQbi1ynknvrkLOlQzNp65In0 HTTP/1.1" 200 790
201.245.192.253 - - [01/Nov/2023:07:38:08 -0500] "POST /forms/lservlet;jsessionid=ac16012b30d66b1cb08e552f4ecc83f5ae6690438851.e3iSbxaKaheRe3eRa38MahaQbi1ynknvrkLOlQzNp65In0 HTTP/1.1" 200 822
201.245.192.253 - - [01/Nov/2023:07:38:14 -0500] "POST /forms/lservlet;jsessionid=ac16012b30d66b1cb08e552f4ecc83f5ae6690438851.e3iSbxaKaheRe3eRa38MahaQbi1ynknvrkLOlQzNp65In0 HTTP/1.1" 200 848
201.245.192.253 - - [01/Nov/2023:07:38:15 -0500] "POST /forms/lservlet;jsessionid=ac16012b30d66b1cb08e552f4ecc83f5ae6690438851.e3iSbxaKaheRe3eRa38MahaQbi1ynknvrkLOlQzNp65In0 HTTP/1.1" 200 808
201.245.192.253 - - [01/Nov/2023:07:38:19 -0500] "POST /forms/lservlet;jsessionid=ac16012b30d66b1cb08e552f4ecc83f5ae6690438851.e3iSbxaKaheRe3eRa38MahaQbi1ynknvrkLOlQzNp65In0 HTTP/1.1" 200 699
201.245.192.253 - - [01/Nov/2023:07:38:21 -0500] "POST /forms/lservlet;jsessionid=ac16012b30d66b1cb08e552f4ecc83f5ae6690438851.e3iSbxaKaheRe3eRa38MahaQbi1ynknvrkLOlQzNp65In0 HTTP/1.1" 200 484
201.245.192.253 - - [01/Nov/2023:07:38:21 -0500] "POST /forms/lservlet;jsessionid=ac16012b30d66b1cb08e552f4ecc83f5ae6690438851.e3iSbxaKaheRe3eRa38MahaQbi1ynknvrkLOlQzNp65In0 HTTP/1.1" 200 489
201.245.192.253 - - [01/Nov/2023:07:38:22 -0500] "POST /forms/lservlet;jsessionid=ac16012b30d66b1cb08e552f4ecc83f5ae6690438851.e3iSbxaKaheRe3eRa38MahaQbi1ynknvrkLOlQzNp65In0 HTTP/1.1" 200 495
201.245.192.253 - - [01/Nov/2023:07:38:22 -0500] "POST /forms/lservlet;jsessionid=ac16012b30d66b1cb08e552f4ecc83f5ae6690438851.e3iSbxaKaheRe3eRa38MahaQbi1ynknvrkLOlQzNp65In0 HTTP/1.1" 200 808
201.245.192.253 - - [01/Nov/2023:07:38:23 -0500] "POST /forms/lservlet;jsessionid=ac16012b30d66b1cb08e552f4ecc83f5ae6690438851.e3iSbxaKaheRe3eRa38MahaQbi1ynknvrkLOlQzNp65In0 HTTP/1.1" 200 745
201.245.192.253 - - [01/Nov/2023:07:38:24 -0500] "POST /forms/lservlet;jsessionid=ac16012b30d66b1cb08e552f4ecc83f5ae6690438851.e3iSbxaKaheRe3eRa38MahaQbi1ynknvrkLOlQzNp65In0 HTTP/1.1" 200 7
201.245.192.253 - - [01/Nov/2023:07:38:24 -0500] "POST /forms/lservlet;jsessionid=ac16012b30d66b1cb08e552f4ecc83f5ae6690438851.e3iSbxaKaheRe3eRa38MahaQbi1ynknvrkLOlQzNp65In0 HTTP/1.1" 200 7
201.245.192.253 - - [01/Nov/2023:07:38:25 -0500] "POST /forms/lservlet;jsessionid=ac16012b30d66b1cb08e552f4ecc83f5ae6690438851.e3iSbxaKaheRe3eRa38MahaQbi1ynknvrkLOlQzNp65In0 HTTP/1.1" 200 7
201.245.192.253 - - [01/Nov/2023:07:38:25 -0500] "POST /forms/lservlet;jsessionid=ac16012b30d66b1cb08e552f4ecc83f5ae6690438851.e3iSbxaKaheRe3eRa38MahaQbi1ynknvrkLOlQzNp65In0 HTTP/1.1" 200 7
201.245.192.253 - - [01/Nov/2023:07:38:25 -0500] "POST /forms/lservlet;jsessionid=ac16012b30d66b1cb08e552f4ecc83f5ae6690438851.e3iSbxaKaheRe3eRa38MahaQbi1ynknvrkLOlQzNp65In0 HTTP/1.1" 200 7
201.245.192.253 - - [01/Nov/2023:07:38:26 -0500] "POST /forms/lservlet;jsessionid=ac16012b30d66b1cb08e552f4ecc83f5ae6690438851.e3iSbxaKaheRe3eRa38MahaQbi1ynknvrkLOlQzNp65In0 HTTP/1.1" 200 7
190.26.164.189 - - [01/Nov/2023:07:38:28 -0500] "GET /sipse/js/funciones.js HTTP/1.1" 304 -
190.26.164.189 - - [01/Nov/2023:07:38:28 -0500] "GET /sipse/css/custom_css_sg.css HTTP/1.1" 304 -
190.26.164.189 - - [01/Nov/2023:07:38:28 -0500] "GET /sipse/js/disable_browser_buttons.js HTTP/1.1" 304 -
190.26.164.189 - - [01/Nov/2023:07:38:28 -0500] "GET /sipse/css/custom_css_sg_prime_login.css HTTP/1.1" 304 -
190.26.164.189 - - [01/Nov/2023:07:38:28 -0500] "GET /sipse/faces/javax.faces.resource/theme.css?ln=primefaces-sipse HTTP/1.1" 304 -
190.26.164.189 - - [01/Nov/2023:07:38:28 -0500] "GET /sipse/faces/javax.faces.resource/primefaces.css?ln=primefaces&v=4.0 HTTP/1.1" 304 -
190.26.164.189 - - [01/Nov/2023:07:38:28 -0500] "GET /sipse/faces/javax.faces.resource/layout/layout.css?ln=primefaces&v=4.0 HTTP/1.1" 304 -
190.26.164.189 - - [01/Nov/2023:07:38:28 -0500] "GET /sipse/faces/javax.faces.resource/jquery/jquery.js?ln=primefaces&v=4.0 HTTP/1.1" 304 -
190.26.164.189 - - [01/Nov/2023:07:38:28 -0500] "GET /sipse/faces/javax.faces.resource/jquery/jquery-plugins.js?ln=primefaces&v=4.0 HTTP/1.1" 304 -
190.26.164.189 - - [01/Nov/2023:07:38:28 -0500] "GET /sipse/faces/javax.faces.resource/primefaces.js?ln=primefaces&v=4.0 HTTP/1.1" 304 -
190.26.164.189 - - [01/Nov/2023:07:38:28 -0500] "GET /sipse/faces/javax.faces.resource/layout/layout.js?ln=primefaces&v=4.0 HTTP/1.1" 304 -
190.26.164.189 - - [01/Nov/2023:07:38:29 -0500] "GET /sipse/css/imagen/loginimg.png HTTP/1.1" 304 -
190.26.164.189 - - [01/Nov/2023:07:38:29 -0500] "GET /sipse/css/imagen/logoSDG.png HTTP/1.1" 304 -
190.26.164.189 - - [01/Nov/2023:07:38:29 -0500] "GET /sipse/faces/javax.faces.resource/images/ui-icons_898989_256x240.png?ln=primefaces-aristo HTTP/1.1" 304 -
190.26.164.189 - - [01/Nov/2023:07:38:29 -0500] "GET /sipse/faces/faces/index.xhtml HTTP/1.1" 200 677
190.26.164.189 - - [01/Nov/2023:07:38:29 -0500] "GET /sipse/faces/javax.faces.resource/theme.css?ln=primefaces-sipse HTTP/1.1" 304 -
190.26.164.189 - - [01/Nov/2023:07:38:29 -0500] "GET /sipse/faces/faces/faces/autenticacion.xhtml HTTP/1.1" 200 12409
190.26.164.189 - - [01/Nov/2023:07:38:29 -0500] "GET /sipse/faces/javax.faces.resource/theme.css?ln=primefaces-sipse HTTP/1.1" 304 -
190.26.164.189 - - [01/Nov/2023:07:38:29 -0500] "GET /sipse/faces/javax.faces.resource/primefaces.css?ln=primefaces&v=4.0 HTTP/1.1" 304 -
190.26.164.189 - - [01/Nov/2023:07:38:29 -0500] "GET /sipse/faces/javax.faces.resource/layout/layout.css?ln=primefaces&v=4.0 HTTP/1.1" 304 -
190.26.164.189 - - [01/Nov/2023:07:38:29 -0500] "GET /sipse/faces/javax.faces.resource/jquery/jquery-plugins.js?ln=primefaces&v=4.0 HTTP/1.1" 304 -
190.26.164.189 - - [01/Nov/2023:07:38:29 -0500] "GET /sipse/faces/javax.faces.resource/jquery/jquery.js?ln=primefaces&v=4.0 HTTP/1.1" 304 -
190.26.164.189 - - [01/Nov/2023:07:38:29 -0500] "GET /sipse/faces/javax.faces.resource/primefaces.js?ln=primefaces&v=4.0 HTTP/1.1" 304 -
190.26.164.189 - - [01/Nov/2023:07:38:29 -0500] "GET /sipse/faces/javax.faces.resource/layout/layout.js?ln=primefaces&v=4.0 HTTP/1.1" 304 -
201.245.192.253 - - [01/Nov/2023:07:38:30 -0500] "POST /forms/lservlet;jsessionid=ac16012b30d66b1cb08e552f4ecc83f5ae6690438851.e3iSbxaKaheRe3eRa38MahaQbi1ynknvrkLOlQzNp65In0 HTTP/1.1" 200 2
172.22.2.4 - - [01/Nov/2023:07:36:58 -0500] "HEAD /BLA/boletinlegal/ HTTP/1.1" 200 -
172.22.2.4 - - [01/Nov/2023:07:37:10 -0500] "GET /BLA/boletinlegal/index.php HTTP/1.1" 200 49047
66.249.66.19 - - [01/Nov/2023:07:39:00 -0500] "GET /BLA/resoluciones/Notificaciones/AUTOS%202023/2276.pdf HTTP/1.1" 304 -
172.22.2.4 - - [01/Nov/2023:07:37:49 -0500] "GET /BLA/boletinlegal/ HTTP/1.1" 200 50697
216.245.221.92 - - [01/Nov/2023:07:39:37 -0500] "HEAD / HTTP/1.1" 200 -
201.245.192.253 - - [01/Nov/2023:07:39:55 -0500] "POST /forms/lservlet;jsessionid=ac16012b30d6264c3ba800d84be3bfe79392a909b334.e3iSbxaKaheRe3eRa38MahaQbi1ynknvrkLOlQzNp65In0 HTTP/1.1" 200 2
52.167.144.142 - - [01/Nov/2023:07:40:07 -0500] "GET /BLA/resoluciones/RESOLUCIONES%202021/4957.pdf HTTP/1.1" 200 367072
201.245.192.253 - - [01/Nov/2023:07:40:30 -0500] "POST /forms/lservlet;jsessionid=ac16012b30d66b1cb08e552f4ecc83f5ae6690438851.e3iSbxaKaheRe3eRa38MahaQbi1ynknvrkLOlQzNp65In0 HTTP/1.1" 200 2
201.245.192.253 - - [01/Nov/2023:07:40:41 -0500] "POST /kwsrmcab/Wsrmcab HTTP/1.1" 200 40501
201.245.192.253 - - [01/Nov/2023:07:40:44 -0500] "POST /kwsrmcab/Wsrmcab HTTP/1.1" 200 40231
201.245.192.253 - - [01/Nov/2023:07:41:34 -0500] "POST /kwsrmcab/Wsrmcab  HTTP/1.1" 200 213
44.231.202.44 - - [01/Nov/2023:07:41:38 -0500] "GET /BLA/resoluciones/index.php?dir=Notificaciones/AUTOS%202020/&order=asc&sort=name HTTP/1.1" 200 119693
201.245.192.253 - - [01/Nov/2023:07:41:49 -0500] "POST /kwsrmcab/Wsrmcab  HTTP/1.1" 200 40373
201.245.192.253 - - [01/Nov/2023:07:41:55 -0500] "POST /forms/lservlet;jsessionid=ac16012b30d6264c3ba800d84be3bfe79392a909b334.e3iSbxaKaheRe3eRa38MahaQbi1ynknvrkLOlQzNp65In0 HTTP/1.1" 200 2
54.184.159.16 - - [01/Nov/2023:07:41:54 -0500] "GET /BLA/resoluciones/index.php?dir=Notificaciones/AUTOS%202020/&order=desc&sort=date HTTP/1.1" 200 119692
181.61.67.251 - - [01/Nov/2023:07:42:08 -0500] "GET /BLA/resoluciones/RESOLUCIONES%202023/1542.pdf HTTP/1.1" 200 381515
201.245.192.253 - - [01/Nov/2023:07:42:30 -0500] "POST /forms/lservlet;jsessionid=ac16012b30d66b1cb08e552f4ecc83f5ae6690438851.e3iSbxaKaheRe3eRa38MahaQbi1ynknvrkLOlQzNp65In0 HTTP/1.1" 200 2
52.167.144.205 - - [01/Nov/2023:07:42:36 -0500] "GET /BLA/resoluciones/AUTOS%202021/4584.pdf HTTP/1.1" 304 -
186.86.33.245 - - [01/Nov/2023:07:42:45 -0500] "GET /sipse/faces/index.xhtml HTTP/1.1" 200 677
186.86.33.245 - - [01/Nov/2023:07:42:45 -0500] "GET /sipse/faces/javax.faces.resource/theme.css?ln=primefaces-sipse HTTP/1.1" 304 -
186.86.33.245 - - [01/Nov/2023:07:42:45 -0500] "GET /sipse/faces/faces/autenticacion.xhtml HTTP/1.1" 200 12409
186.86.33.245 - - [01/Nov/2023:07:42:45 -0500] "GET /sipse/css/custom_css_sg_prime_login.css HTTP/1.1" 200 443
186.86.33.245 - - [01/Nov/2023:07:42:45 -0500] "GET /sipse/css/custom_css_sg.css HTTP/1.1" 200 9694
186.86.33.245 - - [01/Nov/2023:07:42:45 -0500] "GET /sipse/js/disable_browser_buttons.js HTTP/1.1" 200 3230
186.86.33.245 - - [01/Nov/2023:07:42:45 -0500] "GET /sipse/js/funciones.js HTTP/1.1" 200 12592
186.86.33.245 - - [01/Nov/2023:07:42:45 -0500] "GET /sipse/faces/javax.faces.resource/primefaces.js?ln=primefaces&v=4.0 HTTP/1.1" 304 -
186.86.33.245 - - [01/Nov/2023:07:42:45 -0500] "GET /sipse/faces/javax.faces.resource/layout/layout.css?ln=primefaces&v=4.0 HTTP/1.1" 304 -
186.86.33.245 - - [01/Nov/2023:07:42:45 -0500] "GET /sipse/faces/javax.faces.resource/jquery/jquery.js?ln=primefaces&v=4.0 HTTP/1.1" 304 -
186.86.33.245 - - [01/Nov/2023:07:42:45 -0500] "GET /sipse/faces/javax.faces.resource/jquery/jquery-plugins.js?ln=primefaces&v=4.0 HTTP/1.1" 304 -
186.86.33.245 - - [01/Nov/2023:07:42:45 -0500] "GET /sipse/faces/javax.faces.resource/theme.css?ln=primefaces-sipse HTTP/1.1" 304 -
186.86.33.245 - - [01/Nov/2023:07:42:45 -0500] "GET /sipse/faces/javax.faces.resource/primefaces.css?ln=primefaces&v=4.0 HTTP/1.1" 304 -
186.86.33.245 - - [01/Nov/2023:07:42:45 -0500] "GET /sipse/faces/javax.faces.resource/layout/layout.js?ln=primefaces&v=4.0 HTTP/1.1" 304 -
186.86.33.245 - - [01/Nov/2023:07:42:45 -0500] "GET /sipse/faces/javax.faces.resource/images/ui-icons_898989_256x240.png?ln=primefaces-aristo HTTP/1.1" 200 5355
186.86.33.245 - - [01/Nov/2023:07:42:45 -0500] "GET /sipse/css/imagen/logoSDG.png HTTP/1.1" 200 53064
186.86.33.245 - - [01/Nov/2023:07:42:45 -0500] "GET /sipse/css/imagen/loginimg.png HTTP/1.1" 200 71635
186.86.33.245 - - [01/Nov/2023:07:42:48 -0500] "POST /sipse/faces/autenticacion.xhtml HTTP/1.1" 200 16170
186.86.33.245 - - [01/Nov/2023:07:42:49 -0500] "GET /sipse/css/custom_css_sg_prime.css HTTP/1.1" 200 5201
186.86.33.245 - - [01/Nov/2023:07:42:49 -0500] "GET /sipse/js/jquery.min.js HTTP/1.1" 200 85582
186.86.33.245 - - [01/Nov/2023:07:42:49 -0500] "GET /sipse/faces/javax.faces.resource/jquery/jquery.js?ln=primefaces&v=4.0 HTTP/1.1" 304 -
186.86.33.245 - - [01/Nov/2023:07:42:49 -0500] "GET /sipse/faces/javax.faces.resource/jquery/jquery-plugins.js?ln=primefaces&v=4.0 HTTP/1.1" 304 -
186.86.33.245 - - [01/Nov/2023:07:42:49 -0500] "GET /sipse/faces/javax.faces.resource/primefaces.js?ln=primefaces&v=4.0 HTTP/1.1" 304 -
186.86.33.245 - - [01/Nov/2023:07:42:49 -0500] "GET /sipse/faces/javax.faces.resource/layout/layout.js?ln=primefaces&v=4.0 HTTP/1.1" 304 -
186.86.33.245 - - [01/Nov/2023:07:42:49 -0500] "GET /sipse/css/v_mergente.css HTTP/1.1" 200 1505
186.86.33.245 - - [01/Nov/2023:07:42:49 -0500] "GET /sipse/css/imagen/contrasena.png HTTP/1.1" 404 383
186.86.33.245 - - [01/Nov/2023:07:42:49 -0500] "GET /sipse/faces/javax.faces.resource/messages/messages.png?ln=primefaces&v=4.0 HTTP/1.1" 304 -
186.86.33.245 - - [01/Nov/2023:07:42:49 -0500] "GET /sipse/imagenes/cargando.gif HTTP/1.1" 200 36959
186.86.33.245 - - [01/Nov/2023:07:42:49 -0500] "GET /sipse/imagenes/logoAplicacion.jpg HTTP/1.1" 200 155084
144.255.16.18 - - [01/Nov/2023:07:43:22 -0500] "GET / HTTP/1.0" 200 319
111.85.200.151 - - [01/Nov/2023:07:43:23 -0500] "\x16\x03\x01" 400 226
124.66.77.136 - - [01/Nov/2023:07:43:40 -0500] "USER anonymous" 400 946
50.112.160.3 - - [01/Nov/2023:07:43:50 -0500] "GET /BLA/resoluciones/index.php?dir=RESOLUCIONES%202006/RES%202006%20%203001-3054/&order=asc&sort=name HTTP/1.1" 200 13210
44.231.202.44 - - [01/Nov/2023:07:43:52 -0500] "GET /BLA/resoluciones/index.php?dir=RESOLUCIONES%202006/RES%202006%20%202801-2850/&order=asc&sort=date HTTP/1.1" 200 12415
50.112.160.3 - - [01/Nov/2023:07:43:53 -0500] "GET /BLA/resoluciones/index.php?dir=RESOLUCIONES%202006/RES%202006%20%203001-3054/&order=desc&sort=size HTTP/1.1" 200 13209
201.245.192.253 - - [01/Nov/2023:07:43:55 -0500] "POST /forms/lservlet;jsessionid=ac16012b30d6264c3ba800d84be3bfe79392a909b334.e3iSbxaKaheRe3eRa38MahaQbi1ynknvrkLOlQzNp65In0 HTTP/1.1" 200 2
50.112.160.3 - - [01/Nov/2023:07:43:57 -0500] "GET /BLA/resoluciones/index.php?dir=RESOLUCIONES%202006/RES%202006%20%202801-2850/&order=desc&sort=name HTTP/1.1" 200 12414
54.184.159.16 - - [01/Nov/2023:07:44:00 -0500] "GET /BLA/resoluciones/RESOLUCIONES%202006/RES%202006%20%202801-2850/INDEX.DAT HTTP/1.1" 200 2000
44.231.202.44 - - [01/Nov/2023:07:44:04 -0500] "GET /BLA/resoluciones/index.php?dir=RESOLUCIONES%202006/RES%202006%20%202801-2850/&order=asc&sort=size HTTP/1.1" 200 12415
40.77.167.18 - - [01/Nov/2023:07:44:18 -0500] "GET /BLA/resoluciones/RESOLUCIONES%202021/3958.pdf HTTP/1.1" 200 2870508
172.22.2.4 - - [01/Nov/2023:07:42:48 -0500] "HEAD /BLA/boletinlegal/ HTTP/1.1" 200 -
201.245.192.253 - - [01/Nov/2023:07:44:30 -0500] "POST /forms/lservlet;jsessionid=ac16012b30d66b1cb08e552f4ecc83f5ae6690438851.e3iSbxaKaheRe3eRa38MahaQbi1ynknvrkLOlQzNp65In0 HTTP/1.1" 200 2
216.245.221.92 - - [01/Nov/2023:07:44:37 -0500] "HEAD / HTTP/1.1" 200 -
52.167.144.212 - - [01/Nov/2023:07:44:56 -0500] "GET /durante-2021-la-secretaria-de-ambiente-implemento-innovadoras-estrategias-para-la-conservacion-de-los-humedales.html HTTP/1.1" 200 1006
172.22.2.4 - - [01/Nov/2023:07:43:39 -0500] "GET /BLA/boletinlegal/ HTTP/1.1" 200 60634
50.112.160.3 - - [01/Nov/2023:07:45:22 -0500] "GET /BLA/resoluciones/index.php?dir=RESOLUCIONES%202002/RES%202002%201151-1200/&order=asc&sort=name HTTP/1.1" 200 12144
173.252.107.6 - - [01/Nov/2023:07:45:48 -0500] "GET /ingresar-a-los-cuerpos-de-agua-de-los-humedales-esta-prohibido-no-arriesgues-tu-vida-por-unos-me-gusta.html HTTP/1.1" 200 894
173.252.107.8 - - [01/Nov/2023:07:45:49 -0500] "GET /images/cuerpos%20de%20agua%20en%20humedales-19-10.jpg HTTP/1.1" 200 73528
201.245.192.253 - - [01/Nov/2023:07:45:55 -0500] "POST /forms/lservlet;jsessionid=ac16012b30d6264c3ba800d84be3bfe79392a909b334.e3iSbxaKaheRe3eRa38MahaQbi1ynknvrkLOlQzNp65In0 HTTP/1.1" 200 2
201.245.192.253 - - [01/Nov/2023:07:46:30 -0500] "POST /forms/lservlet;jsessionid=ac16012b30d66b1cb08e552f4ecc83f5ae6690438851.e3iSbxaKaheRe3eRa38MahaQbi1ynknvrkLOlQzNp65In0 HTTP/1.1" 200 2
201.245.192.253 - - [01/Nov/2023:07:46:48 -0500] "POST /kwsrmcab/Wsrmcab  HTTP/1.1" 200 40373
44.231.202.44 - - [01/Nov/2023:07:47:08 -0500] "GET /BLA/resoluciones/index.php?dir=RESOLUCIONES%202006/RES%202006%201501-1550/&order=desc&sort=size HTTP/1.1" 200 12369
201.245.192.253 - - [01/Nov/2023:07:47:55 -0500] "POST /forms/lservlet;jsessionid=ac16012b30d6264c3ba800d84be3bfe79392a909b334.e3iSbxaKaheRe3eRa38MahaQbi1ynknvrkLOlQzNp65In0 HTTP/1.1" 200 2
40.77.167.47 - - [01/Nov/2023:07:48:08 -0500] "GET /images/caminata-ecologica-octubre.jpeg HTTP/1.1" 200 148357
201.245.192.253 - - [01/Nov/2023:07:48:30 -0500] "POST /forms/lservlet;jsessionid=ac16012b30d66b1cb08e552f4ecc83f5ae6690438851.e3iSbxaKaheRe3eRa38MahaQbi1ynknvrkLOlQzNp65In0 HTTP/1.1" 200 2
191.156.151.205 - - [01/Nov/2023:07:49:04 -0500] "GET /sipse/faces/javax.faces.resource/layout/layout.css?ln=primefaces&v=4.0 HTTP/1.1" 304 -
191.156.151.109 - - [01/Nov/2023:07:49:04 -0500] "GET /sipse/faces/javax.faces.resource/primefaces.css?ln=primefaces&v=4.0 HTTP/1.1" 304 -
191.156.147.245 - - [01/Nov/2023:07:49:04 -0500] "GET /sipse/faces/javax.faces.resource/jquery/jquery.js?ln=primefaces&v=4.0 HTTP/1.1" 304 -
191.156.151.65 - - [01/Nov/2023:07:49:04 -0500] "GET /sipse/faces/javax.faces.resource/primefaces.js?ln=primefaces&v=4.0 HTTP/1.1" 304 -
191.156.155.126 - - [01/Nov/2023:07:49:04 -0500] "GET /sipse/faces/javax.faces.resource/theme.css?ln=primefaces-sipse HTTP/1.1" 304 -
191.156.151.109 - - [01/Nov/2023:07:49:04 -0500] "GET /sipse/faces/javax.faces.resource/layout/layout.js?ln=primefaces&v=4.0 HTTP/1.1" 304 -
191.156.156.185 - - [01/Nov/2023:07:49:04 -0500] "GET /sipse/faces/javax.faces.resource/jquery/jquery-plugins.js?ln=primefaces&v=4.0 HTTP/1.1" 304 -
191.156.151.65 - - [01/Nov/2023:07:49:05 -0500] "GET /sipse/faces/javax.faces.resource/images/ui-icons_898989_256x240.png?ln=primefaces-aristo HTTP/1.1" 304 -
191.156.151.65 - - [01/Nov/2023:07:49:05 -0500] "GET /sipse/faces/faces/faces/index.xhtml HTTP/1.1" 200 677
191.156.151.65 - - [01/Nov/2023:07:49:05 -0500] "GET /sipse/faces/javax.faces.resource/theme.css?ln=primefaces-sipse HTTP/1.1" 304 -
191.156.151.65 - - [01/Nov/2023:07:49:05 -0500] "GET /sipse/faces/faces/faces/faces/autenticacion.xhtml HTTP/1.1" 200 12409
191.156.151.65 - - [01/Nov/2023:07:49:05 -0500] "GET /sipse/faces/javax.faces.resource/theme.css?ln=primefaces-sipse HTTP/1.1" 304 -
191.156.151.205 - - [01/Nov/2023:07:49:05 -0500] "GET /sipse/faces/javax.faces.resource/primefaces.js?ln=primefaces&v=4.0 HTTP/1.1" 304 -
191.156.155.126 - - [01/Nov/2023:07:49:05 -0500] "GET /sipse/faces/javax.faces.resource/jquery/jquery-plugins.js?ln=primefaces&v=4.0 HTTP/1.1" 304 -
191.156.156.185 - - [01/Nov/2023:07:49:05 -0500] "GET /sipse/faces/javax.faces.resource/primefaces.css?ln=primefaces&v=4.0 HTTP/1.1" 304 -
191.156.147.245 - - [01/Nov/2023:07:49:05 -0500] "GET /sipse/faces/javax.faces.resource/jquery/jquery.js?ln=primefaces&v=4.0 HTTP/1.1" 304 -
191.156.151.109 - - [01/Nov/2023:07:49:05 -0500] "GET /sipse/faces/javax.faces.resource/layout/layout.css?ln=primefaces&v=4.0 HTTP/1.1" 304 -
191.156.151.65 - - [01/Nov/2023:07:49:05 -0500] "GET /sipse/faces/javax.faces.resource/layout/layout.js?ln=primefaces&v=4.0 HTTP/1.1" 304 -
216.245.221.92 - - [01/Nov/2023:07:49:37 -0500] "HEAD / HTTP/1.1" 200 -
201.245.192.253 - - [01/Nov/2023:07:49:55 -0500] "POST /forms/lservlet;jsessionid=ac16012b30d6264c3ba800d84be3bfe79392a909b334.e3iSbxaKaheRe3eRa38MahaQbi1ynknvrkLOlQzNp65In0 HTTP/1.1" 200 2
172.22.2.4 - - [01/Nov/2023:07:48:38 -0500] "HEAD /BLA/boletinlegal/ HTTP/1.1" 200 -
44.231.202.44 - - [01/Nov/2023:07:50:20 -0500] "GET /BLA/resoluciones/index.php?dir=AUTOS%202020/&order=desc&sort=date HTTP/1.1" 200 332686
201.245.192.253 - - [01/Nov/2023:07:50:30 -0500] "POST /forms/lservlet;jsessionid=ac16012b30d66b1cb08e552f4ecc83f5ae6690438851.e3iSbxaKaheRe3eRa38MahaQbi1ynknvrkLOlQzNp65In0 HTTP/1.1" 200 2
44.231.202.44 - - [01/Nov/2023:07:50:37 -0500] "GET /BLA/resoluciones/index.php?dir=Notificaciones/AUTOS%202013/&order=asc&sort=date HTTP/1.1" 200 39422
44.231.202.44 - - [01/Nov/2023:07:50:41 -0500] "GET /BLA/resoluciones/index.php?dir=Notificaciones/AUTOS%202013/&order=asc&sort=size HTTP/1.1" 200 39422
172.22.2.4 - - [01/Nov/2023:07:49:29 -0500] "GET /BLA/boletinlegal/ HTTP/1.1" 200 53356
54.184.159.16 - - [01/Nov/2023:07:51:12 -0500] "GET /BLA/resoluciones/index.php?dir=RESOLUCIONES%202006/RES%202006%202451-2500/&order=asc&sort=name HTTP/1.1" 200 12154
44.231.202.44 - - [01/Nov/2023:07:51:13 -0500] "GET /BLA/resoluciones/index.php?dir=RESOLUCIONES%202006/RES%202006%202451-2500/&order=desc&sort=date HTTP/1.1" 200 12153
201.245.192.253 - - [01/Nov/2023:07:51:48 -0500] "POST /kwsrmcab/Wsrmcab  HTTP/1.1" 200 40373
201.245.192.253 - - [01/Nov/2023:07:51:55 -0500] "POST /forms/lservlet;jsessionid=ac16012b30d6264c3ba800d84be3bfe79392a909b334.e3iSbxaKaheRe3eRa38MahaQbi1ynknvrkLOlQzNp65In0 HTTP/1.1" 200 2
54.184.159.16 - - [01/Nov/2023:07:51:57 -0500] "GET /BLA/resoluciones/index.php?dir=RESOLUCIONES%202006/RES%202006%202701-2750/&order=asc&sort=name HTTP/1.1" 200 12367
201.245.192.253 - - [01/Nov/2023:07:52:30 -0500] "POST /forms/lservlet;jsessionid=ac16012b30d66b1cb08e552f4ecc83f5ae6690438851.e3iSbxaKaheRe3eRa38MahaQbi1ynknvrkLOlQzNp65In0 HTTP/1.1" 200 2
54.184.159.16 - - [01/Nov/2023:07:52:34 -0500] "GET /BLA/resoluciones/index.php?dir=AUTOS%202006/AUTOS%202006%201001-1100/&order=desc&sort=date HTTP/1.1" 200 21965
54.184.159.16 - - [01/Nov/2023:07:53:35 -0500] "GET /BLA/resoluciones/index.php?dir=Notificaciones/AUTOS%202019/&order=asc&sort=date HTTP/1.1" 200 109638
50.112.160.3 - - [01/Nov/2023:07:53:36 -0500] "GET /BLA/resoluciones/index.php?dir=Notificaciones/AUTOS%202019/&order=asc&sort=size HTTP/1.1" 200 109638
50.112.160.3 - - [01/Nov/2023:07:53:39 -0500] "GET /BLA/resoluciones/index.php?dir=Notificaciones/AUTOS%202019/&order=desc&sort=name HTTP/1.1" 200 109637
181.32.211.232 - - [01/Nov/2023:07:53:52 -0500] "GET /forest/login.do HTTP/1.1" 404 1120
201.245.192.253 - - [01/Nov/2023:07:53:55 -0500] "POST /forms/lservlet;jsessionid=ac16012b30d6264c3ba800d84be3bfe79392a909b334.e3iSbxaKaheRe3eRa38MahaQbi1ynknvrkLOlQzNp65In0 HTTP/1.1" 200 2
54.184.159.16 - - [01/Nov/2023:07:53:59 -0500] "GET /BLA/resoluciones/index.php?dir=Notificaciones/AUTOS%202015/&order=asc&sort=date HTTP/1.1" 200 102197
44.231.202.44 - - [01/Nov/2023:07:54:00 -0500] "GET /BLA/resoluciones/index.php?dir=Notificaciones/AUTOS%202015/&order=desc&sort=name HTTP/1.1" 200 102196
177.93.41.202 - - [01/Nov/2023:07:54:05 -0500] "GET /mesa/visualizacion.pdf HTTP/1.1" 200 892074
44.231.202.44 - - [01/Nov/2023:07:54:05 -0500] "GET /BLA/resoluciones/index.php?dir=Notificaciones/AUTOS%202015/&order=asc&sort=size HTTP/1.1" 200 102197
177.93.41.202 - - [01/Nov/2023:07:54:06 -0500] "GET /mesa/visualizacion.pdf HTTP/1.1" 206 1
177.93.41.202 - - [01/Nov/2023:07:54:06 -0500] "GET /mesa/visualizacion.pdf HTTP/1.1" 206 889522
50.112.160.3 - - [01/Nov/2023:07:54:12 -0500] "GET /BLA/resoluciones/index.php?dir=Notificaciones/AUTOS%202012/&order=asc&sort=date HTTP/1.1" 200 3092
44.231.202.44 - - [01/Nov/2023:07:54:13 -0500] "GET /BLA/resoluciones/index.php?dir=Notificaciones/AUTOS%202012/&order=asc&sort=size HTTP/1.1" 200 3092
40.77.167.24 - - [01/Nov/2023:07:54:18 -0500] "GET /BLA/resoluciones/RESOLUCIONES%202021/0905.pdf HTTP/1.1" 200 494605
201.245.192.253 - - [01/Nov/2023:07:54:30 -0500] "POST /forms/lservlet;jsessionid=ac16012b30d66b1cb08e552f4ecc83f5ae6690438851.e3iSbxaKaheRe3eRa38MahaQbi1ynknvrkLOlQzNp65In0 HTTP/1.1" 200 2
54.184.159.16 - - [01/Nov/2023:07:54:31 -0500] "GET /BLA/resoluciones/index.php?dir=Notificaciones/AUTOS%202012/&order=desc&sort=name HTTP/1.1" 200 3091
216.245.221.92 - - [01/Nov/2023:07:54:37 -0500] "HEAD / HTTP/1.1" 200 -
44.231.202.44 - - [01/Nov/2023:07:55:17 -0500] "GET /BLA/resoluciones/index.php?dir=Notificaciones/RESOLUCIONES%202018/&order=asc&sort=size HTTP/1.1" 200 19727
54.184.159.16 - - [01/Nov/2023:07:55:20 -0500] "GET /BLA/resoluciones/index.php?dir=Notificaciones/RESOLUCIONES%202018/&order=asc&sort=date HTTP/1.1" 200 19727
44.231.202.44 - - [01/Nov/2023:07:55:21 -0500] "GET /BLA/resoluciones/index.php?dir=Notificaciones/RESOLUCIONES%202018/&order=desc&sort=name HTTP/1.1" 200 19726
172.22.2.4 - - [01/Nov/2023:07:55:35 -0500] "GET /BLA/boletinlegal/conceptos/2020/46.pdf HTTP/1.1" 200 350199
44.231.202.44 - - [01/Nov/2023:07:55:39 -0500] "GET /BLA/resoluciones/index.php?dir=AUTOS%202006/AUTOS%202006%202701%20-%202800/&order=desc&sort=size HTTP/1.1" 200 22409
50.112.160.3 - - [01/Nov/2023:07:55:40 -0500] "GET /BLA/resoluciones/index.php?dir=AUTOS%202006/AUTOS%202006%202701%20-%202800/&order=asc&sort=name HTTP/1.1" 200 22410
40.77.167.24 - - [01/Nov/2023:07:55:48 -0500] "GET /BLA/resoluciones/AUTOS%202023/3449.pdf HTTP/1.1" 200 512740
201.245.192.253 - - [01/Nov/2023:07:55:55 -0500] "POST /forms/lservlet;jsessionid=ac16012b30d6264c3ba800d84be3bfe79392a909b334.e3iSbxaKaheRe3eRa38MahaQbi1ynknvrkLOlQzNp65In0 HTTP/1.1" 200 2
172.22.2.4 - - [01/Nov/2023:07:54:28 -0500] "HEAD /BLA/boletinlegal/ HTTP/1.1" 200 -
201.245.192.253 - - [01/Nov/2023:07:56:30 -0500] "POST /forms/lservlet;jsessionid=ac16012b30d66b1cb08e552f4ecc83f5ae6690438851.e3iSbxaKaheRe3eRa38MahaQbi1ynknvrkLOlQzNp65In0 HTTP/1.1" 200 2
173.252.107.6 - - [01/Nov/2023:07:56:46 -0500] "GET /semana-ambiental-500-arboles-plantados-en-el-humedal-el-burro.html HTTP/1.1" 200 768
177.93.41.202 - - [01/Nov/2023:07:56:49 -0500] "GET /mesa/visualizacion.pdf HTTP/1.1" 200 892074
177.93.41.202 - - [01/Nov/2023:07:56:49 -0500] "GET /mesa/visualizacion.pdf HTTP/1.1" 206 1025
177.93.41.202 - - [01/Nov/2023:07:56:49 -0500] "GET /mesa/visualizacion.pdf HTTP/1.1" 200 892074
201.245.192.253 - - [01/Nov/2023:07:56:47 -0500] "POST /kwsrmcab/Wsrmcab  HTTP/1.1" 200 40373
177.93.41.202 - - [01/Nov/2023:07:56:51 -0500] "GET /mesa/visualizacion.pdf HTTP/1.1" 206 64512
172.22.2.4 - - [01/Nov/2023:07:55:19 -0500] "GET /BLA/boletinlegal/ HTTP/1.1" 200 56634
40.77.167.61 - - [01/Nov/2023:07:57:08 -0500] "GET /BLA/resoluciones/RESOLUCIONES%202021/3100.pdf HTTP/1.1" 200 1581563
54.184.159.16 - - [01/Nov/2023:07:57:10 -0500] "GET /BLA/resoluciones/index.php?dir=RESOLUCIONES%202007/RES%202007%202101%20AL%202200/&order=asc&sort=name HTTP/1.1" 200 26622
201.245.192.253 - - [01/Nov/2023:07:57:55 -0500] "POST /forms/lservlet;jsessionid=ac16012b30d6264c3ba800d84be3bfe79392a909b334.e3iSbxaKaheRe3eRa38MahaQbi1ynknvrkLOlQzNp65In0 HTTP/1.1" 200 2
54.184.159.16 - - [01/Nov/2023:07:58:19 -0500] "GET /BLA/resoluciones/index.php?dir=RESOLUCIONES%202007/RES%202007%202101%20AL%202200/&order=desc&sort=size HTTP/1.1" 200 26621
201.245.192.253 - - [01/Nov/2023:07:58:30 -0500] "POST /forms/lservlet;jsessionid=ac16012b30d66b1cb08e552f4ecc83f5ae6690438851.e3iSbxaKaheRe3eRa38MahaQbi1ynknvrkLOlQzNp65In0 HTTP/1.1" 200 2
207.46.13.126 - - [01/Nov/2023:07:58:52 -0500] "GET /BLA/resoluciones/RESOLUCIONES%202021/1551.pdf HTTP/1.1" 200 423779
54.184.159.16 - - [01/Nov/2023:07:59:02 -0500] "GET /BLA/resoluciones/index.php?dir=Notificaciones/AUTOS%202013/&order=desc&sort=name HTTP/1.1" 200 39421
216.245.221.92 - - [01/Nov/2023:07:59:37 -0500] "HEAD / HTTP/1.1" 200 -
66.249.66.166 - - [01/Nov/2023:07:59:49 -0500] "GET /portaldeninos/2021/06/01/agroecologia-tips-para-germinar-semillas-en-casa/ HTTP/1.1" 200 105801
201.245.192.253 - - [01/Nov/2023:07:59:55 -0500] "POST /forms/lservlet;jsessionid=ac16012b30d6264c3ba800d84be3bfe79392a909b334.e3iSbxaKaheRe3eRa38MahaQbi1ynknvrkLOlQzNp65In0 HTTP/1.1" 200 2
44.231.202.44 - - [01/Nov/2023:08:00:28 -0500] "GET /BLA/resoluciones/index.php?dir=RESOLUCIONES%202007/RES%202007%201%20AL%20100/&order=asc&sort=name HTTP/1.1" 200 26175
201.245.192.253 - - [01/Nov/2023:08:00:30 -0500] "POST /forms/lservlet;jsessionid=ac16012b30d66b1cb08e552f4ecc83f5ae6690438851.e3iSbxaKaheRe3eRa38MahaQbi1ynknvrkLOlQzNp65In0 HTTP/1.1" 200 2
186.86.33.245 - - [01/Nov/2023:08:00:34 -0500] "GET /sipse/faces/javax.faces.resource/images/ui-bg_flat_0_2d5972_40x100.png?ln=primefaces-aristo HTTP/1.1" 304 -
186.86.33.245 - - [01/Nov/2023:08:00:34 -0500] "POST /sipse/faces/bienvenido.xhtml HTTP/1.1" 200 1471
