44.231.202.44 - - [01/Nov/2023:05:43:25 -0500] "GET /BLA/resoluciones/RESOLUCIONES%202006/RES%202006%201851-1900/INDEX.DAT HTTP/1.1" 200 2000
44.231.202.44 - - [01/Nov/2023:05:43:27 -0500] "GET /BLA/resoluciones/index.php?dir=RESOLUCIONES%202006/RES%202006%201851-1900/&order=asc&sort=size HTTP/1.1" 200 12364
44.231.202.44 - - [01/Nov/2023:05:43:31 -0500] "GET /BLA/resoluciones/index.php?dir=RESOLUCIONES%202006/RES%202006%201851-1900/&order=asc&sort=date HTTP/1.1" 200 12364
50.112.160.3 - - [01/Nov/2023:05:43:33 -0500] "GET /BLA/resoluciones/index.php?dir=RESOLUCIONES%202006/RES%202006%201851-1900/&order=desc&sort=name HTTP/1.1" 200 12363
201.245.192.253 - - [01/Nov/2023:05:43:54 -0500] "POST /forms/lservlet;jsessionid=ac16012b30d6264c3ba800d84be3bfe79392a909b334.e3iSbxaKaheRe3eRa38MahaQbi1ynknvrkLOlQzNp65In0 HTTP/1.1" 200 2
201.245.192.253 - - [01/Nov/2023:05:44:30 -0500] "POST /forms/lservlet;jsessionid=ac16012b30d66b1cb08e552f4ecc83f5ae6690438851.e3iSbxaKaheRe3eRa38MahaQbi1ynknvrkLOlQzNp65In0 HTTP/1.1" 200 2
216.245.221.92 - - [01/Nov/2023:05:44:37 -0500] "HEAD / HTTP/1.1" 200 -
20.120.134.32 - - [01/Nov/2023:05:45:06 -0500] "GET /Publicaciones/2023EE205032.pdf HTTP/1.1" 404 228
201.245.192.253 - - [01/Nov/2023:05:45:54 -0500] "POST /forms/lservlet;jsessionid=ac16012b30d6264c3ba800d84be3bfe79392a909b334.e3iSbxaKaheRe3eRa38MahaQbi1ynknvrkLOlQzNp65In0 HTTP/1.1" 200 2
35.204.173.242 - - [01/Nov/2023:05:45:59 -0500] "GET /caminatas-ecologicas-un-plan-imperdible-para-octubre.html HTTP/1.1" 200 747
201.245.192.253 - - [01/Nov/2023:05:46:30 -0500] "POST /forms/lservlet;jsessionid=ac16012b30d66b1cb08e552f4ecc83f5ae6690438851.e3iSbxaKaheRe3eRa38MahaQbi1ynknvrkLOlQzNp65In0 HTTP/1.1" 200 2
201.245.192.253 - - [01/Nov/2023:05:47:01 -0500] "POST /kwsrmcab/Wsrmcab  HTTP/1.1" 200 213
172.22.2.4 - - [01/Nov/2023:05:45:59 -0500] "HEAD /BLA/boletinlegal/ HTTP/1.1" 200 -
201.245.192.253 - - [01/Nov/2023:05:47:54 -0500] "POST /forms/lservlet;jsessionid=ac16012b30d6264c3ba800d84be3bfe79392a909b334.e3iSbxaKaheRe3eRa38MahaQbi1ynknvrkLOlQzNp65In0 HTTP/1.1" 200 2
54.184.159.16 - - [01/Nov/2023:05:48:03 -0500] "GET /BLA/resoluciones/index.php?dir=RESOLUCIONES%202007/RES%202007%201801%20AL%201900/&order=asc&sort=name HTTP/1.1" 200 26857
172.22.2.4 - - [01/Nov/2023:05:46:49 -0500] "GET /BLA/boletinlegal/ HTTP/1.1" 200 58644
201.245.192.253 - - [01/Nov/2023:05:48:30 -0500] "POST /forms/lservlet;jsessionid=ac16012b30d66b1cb08e552f4ecc83f5ae6690438851.e3iSbxaKaheRe3eRa38MahaQbi1ynknvrkLOlQzNp65In0 HTTP/1.1" 200 2
44.231.202.44 - - [01/Nov/2023:05:49:04 -0500] "GET /BLA/resoluciones/index.php?dir=AUTOS%202015/&order=desc&sort=date HTTP/1.1" 200 584330
216.245.221.92 - - [01/Nov/2023:05:49:37 -0500] "HEAD / HTTP/1.1" 200 -
40.77.167.19 - - [01/Nov/2023:05:49:52 -0500] "GET /BLA/resoluciones/RESOLUCIONES%202023/0490.pdf HTTP/1.1" 304 -
201.245.192.253 - - [01/Nov/2023:05:49:54 -0500] "POST /forms/lservlet;jsessionid=ac16012b30d6264c3ba800d84be3bfe79392a909b334.e3iSbxaKaheRe3eRa38MahaQbi1ynknvrkLOlQzNp65In0 HTTP/1.1" 200 2
172.22.2.4 - - [01/Nov/2023:05:49:56 -0500] "GET /BLA/boletinlegal/.git/config HTTP/1.1" 404 1018
66.249.66.19 - - [01/Nov/2023:05:50:18 -0500] "GET /resoluciones/RESOLUCIONES%202009/4846.pdf HTTP/1.1" 404 1018
201.245.192.253 - - [01/Nov/2023:05:50:30 -0500] "POST /forms/lservlet;jsessionid=ac16012b30d66b1cb08e552f4ecc83f5ae6690438851.e3iSbxaKaheRe3eRa38MahaQbi1ynknvrkLOlQzNp65In0 HTTP/1.1" 200 2
50.112.160.3 - - [01/Nov/2023:05:51:05 -0500] "GET /BLA/resoluciones/index.php?dir=RESOLUCIONES%202006/RES%202006%20901-950/&order=asc&sort=name HTTP/1.1" 200 12239
50.112.160.3 - - [01/Nov/2023:05:51:07 -0500] "GET /BLA/resoluciones/index.php?dir=RESOLUCIONES%202005/RES%202005%201451-1500/&order=asc&sort=name HTTP/1.1" 200 12368
44.231.202.44 - - [01/Nov/2023:05:51:09 -0500] "GET /BLA/resoluciones/index.php?dir=RESOLUCIONES%202002/RES%202002%20501-550/&order=asc&sort=date HTTP/1.1" 200 12510
54.184.159.16 - - [01/Nov/2023:05:51:10 -0500] "GET /BLA/resoluciones/index.php?dir=RESOLUCIONES%202002/RES%202002%20501-550/&order=desc&sort=name HTTP/1.1" 200 12509
54.184.159.16 - - [01/Nov/2023:05:51:11 -0500] "GET /BLA/resoluciones/index.php?dir=RESOLUCIONES%202002/RES%202002%20501-550/&order=asc&sort=size HTTP/1.1" 200 12510
50.112.160.3 - - [01/Nov/2023:05:51:52 -0500] "GET /BLA/resoluciones/index.php?dir=AUTOS%202006/AUTOS%202006%20601-700/&order=desc&sort=size HTTP/1.1" 200 21775
201.245.192.253 - - [01/Nov/2023:05:51:54 -0500] "POST /forms/lservlet;jsessionid=ac16012b30d6264c3ba800d84be3bfe79392a909b334.e3iSbxaKaheRe3eRa38MahaQbi1ynknvrkLOlQzNp65In0 HTTP/1.1" 200 2
201.245.192.253 - - [01/Nov/2023:05:52:01 -0500] "POST /kwsrmcab/Wsrmcab  HTTP/1.1" 200 213
201.245.192.253 - - [01/Nov/2023:05:52:30 -0500] "POST /forms/lservlet;jsessionid=ac16012b30d66b1cb08e552f4ecc83f5ae6690438851.e3iSbxaKaheRe3eRa38MahaQbi1ynknvrkLOlQzNp65In0 HTTP/1.1" 200 2
44.231.202.44 - - [01/Nov/2023:05:52:41 -0500] "GET /BLA/resoluciones/index.php?dir=RESOLUCIONES%202005/RES%202005%20851-900/&order=asc&sort=name HTTP/1.1" 200 12242
54.184.159.16 - - [01/Nov/2023:05:52:45 -0500] "GET /BLA/resoluciones/index.php?dir=RESOLUCIONES%202005/RES%202005%20851-900/&order=desc&sort=date HTTP/1.1" 200 12241
44.231.202.44 - - [01/Nov/2023:05:53:13 -0500] "GET /BLA/resoluciones/index.php?dir=RESOLUCIONES%202002/RES%202002%201201-1250/&order=desc&sort=size HTTP/1.1" 200 12150
44.231.202.44 - - [01/Nov/2023:05:53:16 -0500] "GET /BLA/resoluciones/index.php?dir=RESOLUCIONES%202002/RES%202002%201201-1250/&order=asc&sort=name HTTP/1.1" 200 12151
172.22.2.4 - - [01/Nov/2023:05:51:49 -0500] "HEAD /BLA/boletinlegal/ HTTP/1.1" 200 -
201.245.192.253 - - [01/Nov/2023:05:53:54 -0500] "POST /forms/lservlet;jsessionid=ac16012b30d6264c3ba800d84be3bfe79392a909b334.e3iSbxaKaheRe3eRa38MahaQbi1ynknvrkLOlQzNp65In0 HTTP/1.1" 200 2
207.46.13.6 - - [01/Nov/2023:05:54:05 -0500] "GET /BLA/resoluciones/RESOLUCIONES%202021/1153.pdf HTTP/1.1" 200 428870
172.22.2.4 - - [01/Nov/2023:05:52:45 -0500] "GET /BLA/boletinlegal/ HTTP/1.1" 200 58644
201.245.192.253 - - [01/Nov/2023:05:54:30 -0500] "POST /forms/lservlet;jsessionid=ac16012b30d66b1cb08e552f4ecc83f5ae6690438851.e3iSbxaKaheRe3eRa38MahaQbi1ynknvrkLOlQzNp65In0 HTTP/1.1" 200 2
66.249.66.21 - - [01/Nov/2023:05:54:34 -0500] "GET /BLA/resoluciones/RESOLUCIONES%202008/2121.pdf HTTP/1.1" 200 579017
216.245.221.92 - - [01/Nov/2023:05:54:37 -0500] "HEAD / HTTP/1.1" 200 -
44.231.202.44 - - [01/Nov/2023:05:55:08 -0500] "GET /BLA/resoluciones/index.php?dir=RESOLUCIONES%202006/RES%202006%202101-2150/&order=desc&sort=size HTTP/1.1" 200 12368
40.77.167.18 - - [01/Nov/2023:05:55:26 -0500] "GET /BLA/resoluciones/AUTOS%202021/4011.pdf HTTP/1.1" 304 -
40.77.167.2 - - [01/Nov/2023:05:55:35 -0500] "GET /Publicaciones/2023EE230967.pdf HTTP/1.1" 404 228
40.77.167.2 - - [01/Nov/2023:05:55:36 -0500] "GET /Publicaciones/2023EE251260.pdf HTTP/1.1" 200 2250819
201.245.192.253 - - [01/Nov/2023:05:55:54 -0500] "POST /forms/lservlet;jsessionid=ac16012b30d6264c3ba800d84be3bfe79392a909b334.e3iSbxaKaheRe3eRa38MahaQbi1ynknvrkLOlQzNp65In0 HTTP/1.1" 200 2
201.245.192.253 - - [01/Nov/2023:05:56:30 -0500] "POST /forms/lservlet;jsessionid=ac16012b30d66b1cb08e552f4ecc83f5ae6690438851.e3iSbxaKaheRe3eRa38MahaQbi1ynknvrkLOlQzNp65In0 HTTP/1.1" 200 2
162.55.35.116 - - [01/Nov/2023:05:56:35 -0500] "GET / HTTP/1.1" 200 319
162.55.35.116 - - [01/Nov/2023:05:56:36 -0500] "GET / HTTP/1.1" 200 4720
201.245.192.253 - - [01/Nov/2023:05:57:00 -0500] "POST /kwsrmcab/Wsrmcab  HTTP/1.1" 200 213
172.22.2.4 - - [01/Nov/2023:05:57:35 -0500] "GET /BLA/boletinlegal/actos.php HTTP/1.1" 200 9682
54.184.159.16 - - [01/Nov/2023:05:57:43 -0500] "GET /BLA/resoluciones/index.php?dir= HTTP/1.1" 200 13696
201.245.192.253 - - [01/Nov/2023:05:57:54 -0500] "POST /forms/lservlet;jsessionid=ac16012b30d6264c3ba800d84be3bfe79392a909b334.e3iSbxaKaheRe3eRa38MahaQbi1ynknvrkLOlQzNp65In0 HTTP/1.1" 200 2
54.184.159.16 - - [01/Nov/2023:05:58:26 -0500] "GET /BLA/resoluciones/index.php?dir=AUTOS%202006/AUTOS%202006%20601-700/&order=desc&sort=date HTTP/1.1" 200 21775
201.245.192.253 - - [01/Nov/2023:05:58:30 -0500] "POST /forms/lservlet;jsessionid=ac16012b30d66b1cb08e552f4ecc83f5ae6690438851.e3iSbxaKaheRe3eRa38MahaQbi1ynknvrkLOlQzNp65In0 HTTP/1.1" 200 2
186.155.16.211 - - [01/Nov/2023:05:58:45 -0500] "GET /BLA/resoluciones/ HTTP/1.1" 200 13696
186.155.16.211 - - [01/Nov/2023:05:58:48 -0500] "GET /BLA/resoluciones/index.php?dir=AUTOS+2015%2F HTTP/1.1" 200 584331
50.112.160.3 - - [01/Nov/2023:05:58:54 -0500] "GET /BLA/resoluciones/index.php?dir=RESOLUCIONES%202006/RES%202006%202651-2700/&order=desc&sort=size HTTP/1.1" 200 12364
172.22.2.4 - - [01/Nov/2023:05:57:45 -0500] "HEAD /BLA/boletinlegal/ HTTP/1.1" 200 -
216.245.221.92 - - [01/Nov/2023:05:59:37 -0500] "HEAD / HTTP/1.1" 200 -
44.231.202.44 - - [01/Nov/2023:05:59:42 -0500] "GET /BLA/resoluciones/index.php?dir=RESOLUCIONES%202002/RES%202002%201501-1550/&order=desc&sort=date HTTP/1.1" 200 12146
192.227.173.67 - - [01/Nov/2023:05:59:51 -0500] "POST /GponForm/diag_Form?images/ HTTP/1.1" 400 946
201.245.192.253 - - [01/Nov/2023:05:59:54 -0500] "POST /forms/lservlet;jsessionid=ac16012b30d6264c3ba800d84be3bfe79392a909b334.e3iSbxaKaheRe3eRa38MahaQbi1ynknvrkLOlQzNp65In0 HTTP/1.1" 200 2
172.22.2.4 - - [01/Nov/2023:05:58:35 -0500] "GET /BLA/boletinlegal/ HTTP/1.1" 200 58644
201.245.192.253 - - [01/Nov/2023:06:00:30 -0500] "POST /forms/lservlet;jsessionid=ac16012b30d66b1cb08e552f4ecc83f5ae6690438851.e3iSbxaKaheRe3eRa38MahaQbi1ynknvrkLOlQzNp65In0 HTTP/1.1" 200 2
201.245.192.253 - - [01/Nov/2023:06:01:54 -0500] "POST /forms/lservlet;jsessionid=ac16012b30d6264c3ba800d84be3bfe79392a909b334.e3iSbxaKaheRe3eRa38MahaQbi1ynknvrkLOlQzNp65In0 HTTP/1.1" 200 2
201.245.192.253 - - [01/Nov/2023:06:01:58 -0500] "POST /kwsrmcab/Wsrmcab  HTTP/1.1" 200 213
201.245.192.253 - - [01/Nov/2023:06:02:30 -0500] "POST /forms/lservlet;jsessionid=ac16012b30d66b1cb08e552f4ecc83f5ae6690438851.e3iSbxaKaheRe3eRa38MahaQbi1ynknvrkLOlQzNp65In0 HTTP/1.1" 200 2
40.77.167.54 - - [01/Nov/2023:06:03:06 -0500] "GET /BLA/resoluciones/AUTOS%202023/4170.pdf HTTP/1.1" 200 416480
201.245.192.253 - - [01/Nov/2023:06:03:54 -0500] "POST /forms/lservlet;jsessionid=ac16012b30d6264c3ba800d84be3bfe79392a909b334.e3iSbxaKaheRe3eRa38MahaQbi1ynknvrkLOlQzNp65In0 HTTP/1.1" 200 2
54.184.159.16 - - [01/Nov/2023:06:04:12 -0500] "GET /BLA/resoluciones/index.php?dir=RESOLUCIONES%202007/RES%202007%202901%20AL%203000/&order=asc&sort=name HTTP/1.1" 200 26859
54.184.159.16 - - [01/Nov/2023:06:04:14 -0500] "GET /BLA/resoluciones/index.php?dir=RESOLUCIONES%202007/RES%202007%202901%20AL%203000/&order=desc&sort=size HTTP/1.1" 200 26858
201.245.192.253 - - [01/Nov/2023:06:04:30 -0500] "POST /forms/lservlet;jsessionid=ac16012b30d66b1cb08e552f4ecc83f5ae6690438851.e3iSbxaKaheRe3eRa38MahaQbi1ynknvrkLOlQzNp65In0 HTTP/1.1" 200 2
216.245.221.92 - - [01/Nov/2023:06:04:37 -0500] "HEAD / HTTP/1.1" 200 -
207.46.13.7 - - [01/Nov/2023:06:05:08 -0500] "GET /BLA/resoluciones/AUTOS%202023/3318.pdf HTTP/1.1" 200 584094
172.22.2.4 - - [01/Nov/2023:06:03:34 -0500] "HEAD /BLA/boletinlegal/ HTTP/1.1" 200 -
52.167.144.182 - - [01/Nov/2023:06:05:19 -0500] "GET /BLA/resoluciones/RESOLUCIONES%202021/0272.pdf HTTP/1.1" 200 409676
40.77.167.54 - - [01/Nov/2023:06:05:34 -0500] "GET /BLA/resoluciones/AUTOS%202022/4566.pdf HTTP/1.1" 304 -
172.22.2.4 - - [01/Nov/2023:06:05:36 -0500] "GET /BLA/boletinlegal/actos.php HTTP/1.1" 200 9682
172.22.2.4 - - [01/Nov/2023:06:05:36 -0500] "GET /BLA/boletinlegal/styles2.css HTTP/1.1" 200 1838
172.22.2.4 - - [01/Nov/2023:06:05:36 -0500] "GET /BLA/boletinlegal/niceforms-default.css HTTP/1.1" 200 6694
172.22.2.4 - - [01/Nov/2023:06:05:36 -0500] "GET /BLA/boletinlegal/style.css HTTP/1.1" 200 9406
172.22.2.4 - - [01/Nov/2023:06:05:36 -0500] "GET /BLA/boletinlegal/js/ajax_actos.js HTTP/1.1" 200 1322
172.22.2.4 - - [01/Nov/2023:06:05:36 -0500] "GET /BLA/boletinlegal/niceforms.js HTTP/1.1" 200 22876
172.22.2.4 - - [01/Nov/2023:06:05:36 -0500] "GET /BLA/boletinlegal/js/lib.js HTTP/1.1" 200 6474
172.22.2.4 - - [01/Nov/2023:06:05:36 -0500] "GET /BLA/boletinlegal/js/popup.js HTTP/1.1" 200 1270
172.22.2.4 - - [01/Nov/2023:06:05:36 -0500] "GET /BLA/boletinlegal/js/jquery1.js HTTP/1.1" 200 29846
172.22.2.4 - - [01/Nov/2023:06:05:36 -0500] "GET /BLA/boletinlegal/images/cabezote%20BLEGAL.jpg HTTP/1.1" 200 118164
172.22.2.4 - - [01/Nov/2023:06:05:36 -0500] "GET /BLA/boletinlegal/images/subscribe-icon-big.png HTTP/1.1" 200 47702
172.22.2.4 - - [01/Nov/2023:06:05:36 -0500] "GET /BLA/boletinlegal/images/historia.png HTTP/1.1" 200 52775
172.22.2.4 - - [01/Nov/2023:06:05:36 -0500] "GET /BLA/boletinlegal/images/registro-usuarios.png HTTP/1.1" 200 8106
172.22.2.4 - - [01/Nov/2023:06:05:37 -0500] "GET /BLA/boletinlegal/images/green-yellow-blue-pink-th.png HTTP/1.1" 200 7394
172.22.2.4 - - [01/Nov/2023:06:05:37 -0500] "GET /BLA/boletinlegal/images/tel.png HTTP/1.1" 200 14477
172.22.2.4 - - [01/Nov/2023:06:05:37 -0500] "GET /BLA/boletinlegal/images/icono-email.png HTTP/1.1" 200 5544
172.22.2.4 - - [01/Nov/2023:06:05:37 -0500] "GET /BLA/boletinlegal/images/body_bg.jpg HTTP/1.1" 200 1601
172.22.2.4 - - [01/Nov/2023:06:05:37 -0500] "GET /BLA/boletinlegal/images/menu_lft.gif HTTP/1.1" 200 1713
172.22.2.4 - - [01/Nov/2023:06:05:37 -0500] "GET /BLA/boletinlegal/images/menu_rght.gif HTTP/1.1" 200 1627
172.22.2.4 - - [01/Nov/2023:06:05:37 -0500] "GET /BLA/boletinlegal/images/bg_top.jpg HTTP/1.1" 200 522
172.22.2.4 - - [01/Nov/2023:06:05:37 -0500] "GET /BLA/boletinlegal/images/menu_bg.jpg HTTP/1.1" 200 620
172.22.2.4 - - [01/Nov/2023:06:05:37 -0500] "GET /BLA/boletinlegal/images/hover.jpg HTTP/1.1" 200 640
172.22.2.4 - - [01/Nov/2023:06:05:37 -0500] "GET /BLA/boletinlegal/images/text.jpg HTTP/1.1" 200 568
172.22.2.4 - - [01/Nov/2023:06:05:37 -0500] "GET /BLA/boletinlegal/images/footer_bg.jpg HTTP/1.1" 200 586
172.22.2.4 - - [01/Nov/2023:06:05:37 -0500] "GET /BLA/boletinlegal/images/footer_bg_l.jpg HTTP/1.1" 200 776
172.22.2.4 - - [01/Nov/2023:06:05:37 -0500] "GET /BLA/boletinlegal/img/0.png HTTP/1.1" 200 110
172.22.2.4 - - [01/Nov/2023:06:05:37 -0500] "GET /BLA/boletinlegal/img/select-left.png HTTP/1.1" 200 263
172.22.2.4 - - [01/Nov/2023:06:05:37 -0500] "GET /BLA/boletinlegal/img/select-right.png HTTP/1.1" 200 44019
172.22.2.4 - - [01/Nov/2023:06:05:37 -0500] "GET /BLA/boletinlegal/img/button-left.png HTTP/1.1" 200 57071
172.22.2.4 - - [01/Nov/2023:06:05:37 -0500] "GET /BLA/boletinlegal/img/button.png HTTP/1.1" 200 43241
172.22.2.4 - - [01/Nov/2023:06:05:37 -0500] "GET /BLA/boletinlegal/img/button-right.png HTTP/1.1" 200 57878
172.22.2.4 - - [01/Nov/2023:06:05:37 -0500] "GET /BLA/boletinlegal/favicon.ico HTTP/1.1" 404 1326
172.22.2.4 - - [01/Nov/2023:06:05:38 -0500] "GET /BLA/boletinlegal/js/jquery.scrollTo-min.js HTTP/1.1" 200 1150
172.22.2.4 - - [01/Nov/2023:06:05:38 -0500] "GET /BLA/boletinlegal/js/jquery.js HTTP/1.1" 200 57254
172.22.2.4 - - [01/Nov/2023:06:05:38 -0500] "GET /BLA/boletinlegal/js/jquery.scrollShow.js HTTP/1.1" 200 4586
172.22.2.4 - - [01/Nov/2023:06:05:38 -0500] "GET /BLA/boletinlegal/images/arr_l.jpg HTTP/1.1" 200 1979
172.22.2.4 - - [01/Nov/2023:06:05:38 -0500] "GET /BLA/boletinlegal/images/screen_1.png HTTP/1.1" 200 202547
172.22.2.4 - - [01/Nov/2023:06:05:38 -0500] "GET /BLA/boletinlegal/images/launch.jpg HTTP/1.1" 200 14577
172.22.2.4 - - [01/Nov/2023:06:05:43 -0500] "GET /BLA/boletinlegal/images/screen_2.png HTTP/1.1" 200 362502
172.22.2.4 - - [01/Nov/2023:06:05:43 -0500] "GET /BLA/boletinlegal/images/screen_3.png HTTP/1.1" 200 210620
172.22.2.4 - - [01/Nov/2023:06:05:43 -0500] "GET /BLA/boletinlegal/images/screen_5.png HTTP/1.1" 200 368876
172.22.2.4 - - [01/Nov/2023:06:05:43 -0500] "GET /BLA/boletinlegal/images/arr_r.jpg HTTP/1.1" 200 1998
172.22.2.4 - - [01/Nov/2023:06:05:45 -0500] "GET /BLA/boletinlegal/consulta_actos.php?tipo=resoluciones&no=&usuario=&sector=&fecha=2009&resuelve= HTTP/1.1" 200 4485607
172.22.2.4 - - [01/Nov/2023:06:05:54 -0500] "GET /BLA/boletinlegal/images/pdf.gif HTTP/1.1" 200 567
201.245.192.253 - - [01/Nov/2023:06:05:54 -0500] "POST /forms/lservlet;jsessionid=ac16012b30d6264c3ba800d84be3bfe79392a909b334.e3iSbxaKaheRe3eRa38MahaQbi1ynknvrkLOlQzNp65In0 HTTP/1.1" 200 2
172.22.2.4 - - [01/Nov/2023:06:05:50 -0500] "GET /BLA/boletinlegal/consulta_actos.php?tipo=resoluciones&no=&usuario=&sector=&fecha=2009&resuelve= HTTP/1.1" 200 4485607
172.22.2.4 - - [01/Nov/2023:06:05:56 -0500] "GET /BLA/boletinlegal/consulta_actos.php?tipo=resoluciones&no=&usuario=&sector=&fecha=2009&resuelve= HTTP/1.1" 200 4485607
50.112.160.3 - - [01/Nov/2023:06:06:03 -0500] "GET /BLA/resoluciones/index.php?dir=AUTOS%202006/AUTOS%202006%202501%20-%202600/&order=desc&sort=size HTTP/1.1" 200 22208
172.22.2.4 - - [01/Nov/2023:06:04:25 -0500] "GET /BLA/boletinlegal/ HTTP/1.1" 200 57497
172.22.2.4 - - [01/Nov/2023:06:06:02 -0500] "GET /BLA/boletinlegal/consulta_actos.php?tipo=resoluciones&no=&usuario=&sector=&fecha=2009&resuelve= HTTP/1.1" 200 4485607
172.22.2.4 - - [01/Nov/2023:06:06:08 -0500] "GET /BLA/boletinlegal/images/background.gif HTTP/1.1" 200 -
190.90.132.133 - - [01/Nov/2023:06:06:18 -0500] "GET /BLA/resoluciones/RESOLUCIONES%202009/7473.pdf HTTP/1.1" 200 3271741
190.90.132.133 - - [01/Nov/2023:06:06:19 -0500] "GET /favicon.ico HTTP/1.1" 200 7782
201.245.192.253 - - [01/Nov/2023:06:06:30 -0500] "POST /forms/lservlet;jsessionid=ac16012b30d66b1cb08e552f4ecc83f5ae6690438851.e3iSbxaKaheRe3eRa38MahaQbi1ynknvrkLOlQzNp65In0 HTTP/1.1" 200 2
173.252.79.1 - - [01/Nov/2023:06:06:57 -0500] "GET /images/presentaci\xc3\xb3n%20convenci\xc3\xb3n.jpg HTTP/1.1" 404 1034
201.245.192.253 - - [01/Nov/2023:06:06:57 -0500] "POST /kwsrmcab/Wsrmcab  HTTP/1.1" 200 213
172.22.2.4 - - [01/Nov/2023:06:05:34 -0500] "GET /BLA/boletinlegal/ HTTP/1.1" 200 59007
201.245.192.253 - - [01/Nov/2023:06:07:54 -0500] "POST /forms/lservlet;jsessionid=ac16012b30d6264c3ba800d84be3bfe79392a909b334.e3iSbxaKaheRe3eRa38MahaQbi1ynknvrkLOlQzNp65In0 HTTP/1.1" 200 2
52.167.144.182 - - [01/Nov/2023:06:07:56 -0500] "GET /bla/resoluciones/resoluciones%202023/0148.pdf HTTP/1.1" 200 404599
201.245.192.253 - - [01/Nov/2023:06:08:30 -0500] "POST /forms/lservlet;jsessionid=ac16012b30d66b1cb08e552f4ecc83f5ae6690438851.e3iSbxaKaheRe3eRa38MahaQbi1ynknvrkLOlQzNp65In0 HTTP/1.1" 200 2
66.249.66.20 - - [01/Nov/2023:06:08:30 -0500] "GET /Publicaciones/2022EE315169.pdf HTTP/1.1" 404 228
66.249.66.41 - - [01/Nov/2023:06:08:43 -0500] "GET /semana-bogota-reverdece-135-nuevos-arboles-para-el-humedal-la-conejera.html HTTP/1.1" 304 -
216.245.221.92 - - [01/Nov/2023:06:09:37 -0500] "HEAD / HTTP/1.1" 200 -
201.245.192.253 - - [01/Nov/2023:06:09:54 -0500] "POST /forms/lservlet;jsessionid=ac16012b30d6264c3ba800d84be3bfe79392a909b334.e3iSbxaKaheRe3eRa38MahaQbi1ynknvrkLOlQzNp65In0 HTTP/1.1" 200 2
186.80.52.180 - - [01/Nov/2023:06:09:58 -0500] "GET /sipse/faces/index.xhtml HTTP/1.1" 200 677
186.80.52.180 - - [01/Nov/2023:06:09:58 -0500] "GET /sipse/faces/javax.faces.resource/theme.css?ln=primefaces-sipse HTTP/1.1" 304 -
186.80.52.180 - - [01/Nov/2023:06:09:59 -0500] "GET /sipse/faces/faces/autenticacion.xhtml HTTP/1.1" 200 12409
186.80.52.180 - - [01/Nov/2023:06:09:59 -0500] "GET /sipse/faces/javax.faces.resource/theme.css?ln=primefaces-sipse HTTP/1.1" 304 -
186.80.52.180 - - [01/Nov/2023:06:09:59 -0500] "GET /sipse/css/custom_css_sg.css HTTP/1.1" 200 9694
186.80.52.180 - - [01/Nov/2023:06:09:59 -0500] "GET /sipse/css/custom_css_sg_prime_login.css HTTP/1.1" 200 443
186.80.52.180 - - [01/Nov/2023:06:09:59 -0500] "GET /sipse/js/funciones.js HTTP/1.1" 200 12592
186.80.52.180 - - [01/Nov/2023:06:09:59 -0500] "GET /sipse/faces/javax.faces.resource/primefaces.css?ln=primefaces&v=4.0 HTTP/1.1" 304 -
186.80.52.180 - - [01/Nov/2023:06:09:59 -0500] "GET /sipse/faces/javax.faces.resource/layout/layout.css?ln=primefaces&v=4.0 HTTP/1.1" 304 -
186.80.52.180 - - [01/Nov/2023:06:09:59 -0500] "GET /sipse/js/disable_browser_buttons.js HTTP/1.1" 200 3230
186.80.52.180 - - [01/Nov/2023:06:09:59 -0500] "GET /sipse/faces/javax.faces.resource/jquery/jquery.js?ln=primefaces&v=4.0 HTTP/1.1" 304 -
186.80.52.180 - - [01/Nov/2023:06:09:59 -0500] "GET /sipse/faces/javax.faces.resource/jquery/jquery-plugins.js?ln=primefaces&v=4.0 HTTP/1.1" 304 -
186.80.52.180 - - [01/Nov/2023:06:09:59 -0500] "GET /sipse/faces/javax.faces.resource/primefaces.js?ln=primefaces&v=4.0 HTTP/1.1" 304 -
186.80.52.180 - - [01/Nov/2023:06:09:59 -0500] "GET /sipse/faces/javax.faces.resource/layout/layout.js?ln=primefaces&v=4.0 HTTP/1.1" 304 -
186.80.52.180 - - [01/Nov/2023:06:09:59 -0500] "GET /sipse/faces/javax.faces.resource/images/ui-icons_898989_256x240.png?ln=primefaces-aristo HTTP/1.1" 304 -
186.80.52.180 - - [01/Nov/2023:06:09:59 -0500] "GET /sipse/css/imagen/loginimg.png HTTP/1.1" 200 71635
186.80.52.180 - - [01/Nov/2023:06:09:59 -0500] "GET /sipse/css/imagen/logoSDG.png HTTP/1.1" 200 53064
186.80.52.180 - - [01/Nov/2023:06:10:06 -0500] "POST /sipse/faces/autenticacion.xhtml HTTP/1.1" 200 2217
186.80.52.180 - - [01/Nov/2023:06:10:06 -0500] "GET /sipse/faces/javax.faces.resource/messages/messages.png?ln=primefaces&v=4.0 HTTP/1.1" 304 -
186.80.52.180 - - [01/Nov/2023:06:10:08 -0500] "POST /sipse/faces/autenticacion.xhtml HTTP/1.1" 200 16335
186.80.52.180 - - [01/Nov/2023:06:10:09 -0500] "GET /sipse/css/custom_css_sg_prime.css HTTP/1.1" 200 5201
186.80.52.180 - - [01/Nov/2023:06:10:09 -0500] "GET /sipse/faces/javax.faces.resource/theme.css?ln=primefaces-sipse HTTP/1.1" 304 -
186.80.52.180 - - [01/Nov/2023:06:10:09 -0500] "GET /sipse/faces/javax.faces.resource/layout/layout.css?ln=primefaces&v=4.0 HTTP/1.1" 304 -
186.80.52.180 - - [01/Nov/2023:06:10:09 -0500] "GET /sipse/faces/javax.faces.resource/primefaces.css?ln=primefaces&v=4.0 HTTP/1.1" 304 -
186.80.52.180 - - [01/Nov/2023:06:10:09 -0500] "GET /sipse/js/jquery.min.js HTTP/1.1" 200 85582
186.80.52.180 - - [01/Nov/2023:06:10:09 -0500] "GET /sipse/faces/javax.faces.resource/jquery/jquery.js?ln=primefaces&v=4.0 HTTP/1.1" 304 -
186.80.52.180 - - [01/Nov/2023:06:10:09 -0500] "GET /sipse/faces/javax.faces.resource/jquery/jquery-plugins.js?ln=primefaces&v=4.0 HTTP/1.1" 304 -
186.80.52.180 - - [01/Nov/2023:06:10:09 -0500] "GET /sipse/faces/javax.faces.resource/primefaces.js?ln=primefaces&v=4.0 HTTP/1.1" 304 -
186.80.52.180 - - [01/Nov/2023:06:10:09 -0500] "GET /sipse/faces/javax.faces.resource/layout/layout.js?ln=primefaces&v=4.0 HTTP/1.1" 304 -
186.80.52.180 - - [01/Nov/2023:06:10:09 -0500] "GET /sipse/css/v_mergente.css HTTP/1.1" 200 1505
186.80.52.180 - - [01/Nov/2023:06:10:09 -0500] "GET /sipse/css/imagen/contrasena.png HTTP/1.1" 404 383
186.80.52.180 - - [01/Nov/2023:06:10:09 -0500] "GET /sipse/imagenes/logoAplicacion.jpg HTTP/1.1" 200 155084
186.80.52.180 - - [01/Nov/2023:06:10:09 -0500] "GET /sipse/imagenes/cargando.gif HTTP/1.1" 200 36959
186.80.52.180 - - [01/Nov/2023:06:10:11 -0500] "GET /sipse/faces/javax.faces.resource/images/ui-bg_flat_0_2d5972_40x100.png?ln=primefaces-aristo HTTP/1.1" 304 -
186.80.52.180 - - [01/Nov/2023:06:10:11 -0500] "POST /sipse/faces/bienvenido.xhtml HTTP/1.1" 200 2658
186.80.52.180 - - [01/Nov/2023:06:10:12 -0500] "POST /sipse/faces/bienvenido.xhtml HTTP/1.1" 200 64546
186.80.52.180 - - [01/Nov/2023:06:10:13 -0500] "GET /sipse/faces/javax.faces.resource/theme.css?ln=primefaces-sipse HTTP/1.1" 304 -
186.80.52.180 - - [01/Nov/2023:06:10:13 -0500] "GET /sipse/faces/javax.faces.resource/primefaces.css?ln=primefaces&v=4.0 HTTP/1.1" 304 -
186.80.52.180 - - [01/Nov/2023:06:10:13 -0500] "GET /sipse/faces/javax.faces.resource/layout/layout.css?ln=primefaces&v=4.0 HTTP/1.1" 304 -
186.80.52.180 - - [01/Nov/2023:06:10:13 -0500] "GET /sipse/faces/javax.faces.resource/jquery/jquery.js?ln=primefaces&v=4.0 HTTP/1.1" 304 -
186.80.52.180 - - [01/Nov/2023:06:10:13 -0500] "GET /sipse/faces/javax.faces.resource/jquery/jquery-plugins.js?ln=primefaces&v=4.0 HTTP/1.1" 304 -
186.80.52.180 - - [01/Nov/2023:06:10:13 -0500] "GET /sipse/faces/javax.faces.resource/primefaces.js?ln=primefaces&v=4.0 HTTP/1.1" 304 -
186.80.52.180 - - [01/Nov/2023:06:10:13 -0500] "GET /sipse/faces/javax.faces.resource/layout/layout.js?ln=primefaces&v=4.0 HTTP/1.1" 304 -
186.80.52.180 - - [01/Nov/2023:06:10:14 -0500] "POST /sipse/faces/presentacion/financiero/solicitudProceso/listarSolicitudProceso.xhtml HTTP/1.1" 200 1548
186.80.52.180 - - [01/Nov/2023:06:10:20 -0500] "POST /sipse/faces/presentacion/financiero/solicitudProceso/listarSolicitudProceso.xhtml HTTP/1.1" 200 46943
186.80.52.180 - - [01/Nov/2023:06:10:21 -0500] "POST /sipse/faces/presentacion/financiero/solicitudProceso/listarSolicitudProceso.xhtml HTTP/1.1" 200 1552
157.55.39.55 - - [01/Nov/2023:06:10:20 -0500] "GET /Publicaciones/2023EE251356.pdf HTTP/1.1" 200 894331
186.80.52.180 - - [01/Nov/2023:06:10:22 -0500] "POST /sipse/faces/presentacion/financiero/solicitudProceso/listarSolicitudProceso.xhtml HTTP/1.1" 200 32529
186.80.52.180 - - [01/Nov/2023:06:10:22 -0500] "POST /sipse/faces/presentacion/financiero/solicitudProceso/listarSolicitudProceso.xhtml HTTP/1.1" 200 45240
186.80.52.180 - - [01/Nov/2023:06:10:24 -0500] "POST /sipse/faces/presentacion/financiero/solicitudProceso/listarSolicitudProceso.xhtml HTTP/1.1" 200 32859
201.245.192.253 - - [01/Nov/2023:06:10:30 -0500] "POST /forms/lservlet;jsessionid=ac16012b30d66b1cb08e552f4ecc83f5ae6690438851.e3iSbxaKaheRe3eRa38MahaQbi1ynknvrkLOlQzNp65In0 HTTP/1.1" 200 2
172.22.2.4 - - [01/Nov/2023:06:09:59 -0500] "GET /BLA/boletinlegal/ HTTP/1.1" 200 32715
172.22.2.4 - - [01/Nov/2023:06:09:24 -0500] "HEAD /BLA/boletinlegal/ HTTP/1.1" 200 -
50.112.160.3 - - [01/Nov/2023:06:11:18 -0500] "GET /BLA/resoluciones/index.php?dir=RESOLUCIONES%202007/RES%202007%20801%20AL%20900/&order=asc&sort=size HTTP/1.1" 200 26642
66.249.66.21 - - [01/Nov/2023:06:11:20 -0500] "GET /BLA/resoluciones/RESOLUCIONES%202009/4239.pdf HTTP/1.1" 200 412022
50.112.160.3 - - [01/Nov/2023:06:11:20 -0500] "GET /BLA/resoluciones/index.php?dir=RESOLUCIONES%202007/RES%202007%20801%20AL%20900/&order=desc&sort=name HTTP/1.1" 200 26641
50.112.160.3 - - [01/Nov/2023:06:11:29 -0500] "GET /BLA/resoluciones/index.php?dir=RESOLUCIONES%202007/RES%202007%20801%20AL%20900/&order=asc&sort=date HTTP/1.1" 200 26642
201.245.192.253 - - [01/Nov/2023:06:11:54 -0500] "POST /forms/lservlet;jsessionid=ac16012b30d6264c3ba800d84be3bfe79392a909b334.e3iSbxaKaheRe3eRa38MahaQbi1ynknvrkLOlQzNp65In0 HTTP/1.1" 200 2
172.22.2.4 - - [01/Nov/2023:06:10:15 -0500] "GET /BLA/boletinlegal/ HTTP/1.1" 200 53356
201.245.192.253 - - [01/Nov/2023:06:11:56 -0500] "POST /kwsrmcab/Wsrmcab  HTTP/1.1" 200 213
52.167.144.214 - - [01/Nov/2023:06:12:17 -0500] "GET /bla/resoluciones/notificaciones/autos%202020/4046.pdf HTTP/1.1" 200 361004
201.245.192.253 - - [01/Nov/2023:06:12:30 -0500] "POST /forms/lservlet;jsessionid=ac16012b30d66b1cb08e552f4ecc83f5ae6690438851.e3iSbxaKaheRe3eRa38MahaQbi1ynknvrkLOlQzNp65In0 HTTP/1.1" 200 2
50.112.160.3 - - [01/Nov/2023:06:12:42 -0500] "GET /BLA/resoluciones/index.php?dir=AUTOS%202006/AUTOS%202006%202001%20-%202100/&order=desc&sort=size HTTP/1.1" 200 22198
201.245.192.253 - - [01/Nov/2023:06:13:54 -0500] "POST /forms/lservlet;jsessionid=ac16012b30d6264c3ba800d84be3bfe79392a909b334.e3iSbxaKaheRe3eRa38MahaQbi1ynknvrkLOlQzNp65In0 HTTP/1.1" 200 2
201.245.192.253 - - [01/Nov/2023:06:14:30 -0500] "POST /forms/lservlet;jsessionid=ac16012b30d66b1cb08e552f4ecc83f5ae6690438851.e3iSbxaKaheRe3eRa38MahaQbi1ynknvrkLOlQzNp65In0 HTTP/1.1" 200 2
44.231.202.44 - - [01/Nov/2023:06:14:31 -0500] "GET /BLA/resoluciones/index.php?dir=AUTOS%202006/AUTOS%202006%20301-400/&order=desc&sort=size HTTP/1.1" 200 21780
216.245.221.92 - - [01/Nov/2023:06:14:37 -0500] "HEAD / HTTP/1.1" 200 -
50.112.160.3 - - [01/Nov/2023:06:14:52 -0500] "GET /BLA/resoluciones/index.php?dir=AUTOS%202006/AUTOS%202006%202501%20-%202600/&order=asc&sort=name HTTP/1.1" 200 22209
157.55.39.55 - - [01/Nov/2023:06:15:21 -0500] "GET /BLA/resoluciones/RESOLUCIONES%202021/4864.pdf HTTP/1.1" 200 359627
201.245.192.253 - - [01/Nov/2023:06:15:54 -0500] "POST /forms/lservlet;jsessionid=ac16012b30d6264c3ba800d84be3bfe79392a909b334.e3iSbxaKaheRe3eRa38MahaQbi1ynknvrkLOlQzNp65In0 HTTP/1.1" 200 2
50.112.160.3 - - [01/Nov/2023:06:16:01 -0500] "GET /BLA/resoluciones/index.php?dir=RESOLUCIONES%202006/RES%202006%201401-1450/&order=asc&sort=name HTTP/1.1" 200 12367
201.245.192.253 - - [01/Nov/2023:06:16:30 -0500] "POST /forms/lservlet;jsessionid=ac16012b30d66b1cb08e552f4ecc83f5ae6690438851.e3iSbxaKaheRe3eRa38MahaQbi1ynknvrkLOlQzNp65In0 HTTP/1.1" 200 2
172.22.2.4 - - [01/Nov/2023:06:15:14 -0500] "HEAD /BLA/boletinlegal/ HTTP/1.1" 200 -
201.245.192.253 - - [01/Nov/2023:06:16:54 -0500] "POST /kwsrmcab/Wsrmcab  HTTP/1.1" 200 213
157.55.39.55 - - [01/Nov/2023:06:17:12 -0500] "GET /BLA/resoluciones/AUTOS%202023/3323.pdf HTTP/1.1" 200 862401
44.231.202.44 - - [01/Nov/2023:06:17:26 -0500] "GET /BLA/resoluciones/index.php?dir=AUTOS%202006/AUTOS%202006%203301%20-%203418/&order=asc&sort=name HTTP/1.1" 200 25807
201.245.192.253 - - [01/Nov/2023:06:17:30 -0500] "POST /kwsrmcab/Wsrmcab HTTP/1.1" 200 40336
201.245.192.253 - - [01/Nov/2023:06:17:33 -0500] "POST /kwsrmcab/Wsrmcab HTTP/1.1" 200 40214
172.22.2.4 - - [01/Nov/2023:06:16:05 -0500] "GET /BLA/boletinlegal/ HTTP/1.1" 200 58294
201.245.192.253 - - [01/Nov/2023:06:17:54 -0500] "POST /forms/lservlet;jsessionid=ac16012b30d6264c3ba800d84be3bfe79392a909b334.e3iSbxaKaheRe3eRa38MahaQbi1ynknvrkLOlQzNp65In0 HTTP/1.1" 200 2
54.184.159.16 - - [01/Nov/2023:06:17:54 -0500] "GET /BLA/resoluciones/index.php?dir=AUTOS%202021/&order=desc&sort=size HTTP/1.1" 200 398873
44.231.202.44 - - [01/Nov/2023:06:18:00 -0500] "GET /BLA/resoluciones/index.php?dir=AUTOS%202006/AUTOS%202006%203301%20-%203418/&order=desc&sort=date HTTP/1.1" 200 25806
201.245.192.253 - - [01/Nov/2023:06:18:30 -0500] "POST /forms/lservlet;jsessionid=ac16012b30d66b1cb08e552f4ecc83f5ae6690438851.e3iSbxaKaheRe3eRa38MahaQbi1ynknvrkLOlQzNp65In0 HTTP/1.1" 200 2
216.245.221.92 - - [01/Nov/2023:06:19:37 -0500] "HEAD / HTTP/1.1" 200 -
201.245.192.253 - - [01/Nov/2023:06:19:54 -0500] "POST /forms/lservlet;jsessionid=ac16012b30d6264c3ba800d84be3bfe79392a909b334.e3iSbxaKaheRe3eRa38MahaQbi1ynknvrkLOlQzNp65In0 HTTP/1.1" 200 2
201.245.192.253 - - [01/Nov/2023:06:20:30 -0500] "POST /forms/lservlet;jsessionid=ac16012b30d66b1cb08e552f4ecc83f5ae6690438851.e3iSbxaKaheRe3eRa38MahaQbi1ynknvrkLOlQzNp65In0 HTTP/1.1" 200 2
201.245.192.253 - - [01/Nov/2023:06:20:41 -0500] "POST /kwsrmcab/Wsrmcab HTTP/1.1" 200 40336
201.245.192.253 - - [01/Nov/2023:06:20:44 -0500] "POST /kwsrmcab/Wsrmcab HTTP/1.1" 200 40214
66.249.66.168 - - [01/Nov/2023:06:21:46 -0500] "GET /portaldeninos/gestion-del-riesgo-incendios-forestales/ HTTP/1.1" 200 86825
66.249.66.166 - - [01/Nov/2023:06:21:51 -0500] "GET /portaldeninos/wp-includes/js/jquery/ui/core.min.js?ver=1.11.4 HTTP/1.1" 200 4000
66.249.66.167 - - [01/Nov/2023:06:21:52 -0500] "GET /portaldeninos/wp-content/themes/betheme/assets/animations/animations.min.js?ver=20.9.6 HTTP/1.1" 200 1896
201.245.192.253 - - [01/Nov/2023:06:21:54 -0500] "POST /forms/lservlet;jsessionid=ac16012b30d6264c3ba800d84be3bfe79392a909b334.e3iSbxaKaheRe3eRa38MahaQbi1ynknvrkLOlQzNp65In0 HTTP/1.1" 200 2
201.245.192.253 - - [01/Nov/2023:06:21:52 -0500] "POST /kwsrmcab/Wsrmcab  HTTP/1.1" 200 213
186.80.52.180 - - [01/Nov/2023:06:22:09 -0500] "POST /sipse/faces/presentacion/financiero/solicitudProceso/listarSolicitudProceso.xhtml HTTP/1.1" 200 3297
186.80.52.180 - - [01/Nov/2023:06:22:10 -0500] "POST /sipse/faces/presentacion/financiero/solicitudProceso/listarSolicitudProceso.xhtml HTTP/1.1" 200 40720
186.80.52.180 - - [01/Nov/2023:06:22:10 -0500] "GET /sipse/faces/javax.faces.resource/theme.css?ln=primefaces-sipse HTTP/1.1" 304 -
186.80.52.180 - - [01/Nov/2023:06:22:10 -0500] "GET /sipse/faces/javax.faces.resource/primefaces.css?ln=primefaces&v=4.0 HTTP/1.1" 304 -
186.80.52.180 - - [01/Nov/2023:06:22:10 -0500] "GET /sipse/faces/javax.faces.resource/layout/layout.css?ln=primefaces&v=4.0 HTTP/1.1" 304 -
186.80.52.180 - - [01/Nov/2023:06:22:10 -0500] "GET /sipse/faces/javax.faces.resource/jquery/jquery.js?ln=primefaces&v=4.0 HTTP/1.1" 304 -
186.80.52.180 - - [01/Nov/2023:06:22:11 -0500] "GET /sipse/faces/javax.faces.resource/jquery/jquery-plugins.js?ln=primefaces&v=4.0 HTTP/1.1" 304 -
186.80.52.180 - - [01/Nov/2023:06:22:11 -0500] "GET /sipse/faces/javax.faces.resource/primefaces.js?ln=primefaces&v=4.0 HTTP/1.1" 304 -
186.80.52.180 - - [01/Nov/2023:06:22:11 -0500] "GET /sipse/faces/javax.faces.resource/layout/layout.js?ln=primefaces&v=4.0 HTTP/1.1" 304 -
186.80.52.180 - - [01/Nov/2023:06:22:11 -0500] "POST /sipse/faces/presentacion/financiero/solicitudProceso/consultar.xhtml HTTP/1.1" 200 34137
186.80.52.180 - - [01/Nov/2023:06:22:15 -0500] "POST /sipse/faces/presentacion/financiero/solicitudProceso/consultar.xhtml HTTP/1.1" 200 12823
186.80.52.180 - - [01/Nov/2023:06:22:18 -0500] "POST /sipse/faces/presentacion/financiero/solicitudProceso/consultar.xhtml HTTP/1.1" 200 150844
186.80.52.180 - - [01/Nov/2023:06:22:19 -0500] "GET /sipse/faces/javax.faces.resource/layout/layout.css?ln=primefaces&v=4.0 HTTP/1.1" 304 -
186.80.52.180 - - [01/Nov/2023:06:22:19 -0500] "GET /sipse/faces/javax.faces.resource/primefaces.css?ln=primefaces&v=4.0 HTTP/1.1" 304 -
186.80.52.180 - - [01/Nov/2023:06:22:19 -0500] "GET /sipse/faces/javax.faces.resource/theme.css?ln=primefaces-sipse HTTP/1.1" 304 -
186.80.52.180 - - [01/Nov/2023:06:22:19 -0500] "GET /sipse/faces/javax.faces.resource/jquery/jquery.js?ln=primefaces&v=4.0 HTTP/1.1" 304 -
186.80.52.180 - - [01/Nov/2023:06:22:19 -0500] "GET /sipse/faces/javax.faces.resource/jquery/jquery-plugins.js?ln=primefaces&v=4.0 HTTP/1.1" 304 -
186.80.52.180 - - [01/Nov/2023:06:22:23 -0500] "GET /sipse/faces/javax.faces.resource/primefaces.js?ln=primefaces&v=4.0 HTTP/1.1" 304 -
186.80.52.180 - - [01/Nov/2023:06:22:23 -0500] "GET /sipse/faces/javax.faces.resource/layout/layout.js?ln=primefaces&v=4.0 HTTP/1.1" 304 -
201.245.192.253 - - [01/Nov/2023:06:22:30 -0500] "POST /forms/lservlet;jsessionid=ac16012b30d66b1cb08e552f4ecc83f5ae6690438851.e3iSbxaKaheRe3eRa38MahaQbi1ynknvrkLOlQzNp65In0 HTTP/1.1" 200 2
172.22.2.4 - - [01/Nov/2023:06:21:04 -0500] "HEAD /BLA/boletinlegal/ HTTP/1.1" 200 -
186.80.52.180 - - [01/Nov/2023:06:22:51 -0500] "POST /sipse/faces/presentacion/financiero/solicitudProceso/consultarSolicitudProceso.xhtml HTTP/1.1" 200 84715
172.22.2.4 - - [01/Nov/2023:06:21:55 -0500] "GET /BLA/boletinlegal/ HTTP/1.1" 200 59007
201.245.192.253 - - [01/Nov/2023:06:23:54 -0500] "POST /forms/lservlet;jsessionid=ac16012b30d6264c3ba800d84be3bfe79392a909b334.e3iSbxaKaheRe3eRa38MahaQbi1ynknvrkLOlQzNp65In0 HTTP/1.1" 200 2
199.16.157.183 - - [01/Nov/2023:06:24:08 -0500] "GET /images/1%20de%20febrer%20Operativo%20hornos.jpg HTTP/1.1" 200 69569
201.245.192.253 - - [01/Nov/2023:06:24:30 -0500] "POST /forms/lservlet;jsessionid=ac16012b30d66b1cb08e552f4ecc83f5ae6690438851.e3iSbxaKaheRe3eRa38MahaQbi1ynknvrkLOlQzNp65In0 HTTP/1.1" 200 2
50.112.160.3 - - [01/Nov/2023:06:24:33 -0500] "GET /BLA/resoluciones/index.php?dir=Decretos/&order=desc&sort=date HTTP/1.1" 200 6803
66.249.66.21 - - [01/Nov/2023:06:24:34 -0500] "GET /BLA/resoluciones/RESOLUCIONES%202014/1586.pdf HTTP/1.1" 200 490742
216.245.221.92 - - [01/Nov/2023:06:24:37 -0500] "HEAD / HTTP/1.1" 200 -
186.155.15.29 - - [01/Nov/2023:06:24:38 -0500] "POST /sipse/faces/autenticacion.xhtml HTTP/1.1" 200 16773
186.155.15.29 - - [01/Nov/2023:06:24:51 -0500] "GET /sipse/css/custom_css_sg.css HTTP/1.1" 304 -
186.155.15.29 - - [01/Nov/2023:06:24:51 -0500] "GET /sipse/css/custom_css_sg_prime.css HTTP/1.1" 200 5201
186.155.15.29 - - [01/Nov/2023:06:24:51 -0500] "GET /sipse/js/disable_browser_buttons.js HTTP/1.1" 304 -
186.155.15.29 - - [01/Nov/2023:06:24:51 -0500] "GET /sipse/faces/javax.faces.resource/theme.css?ln=primefaces-sipse HTTP/1.1" 304 -
186.155.15.29 - - [01/Nov/2023:06:24:51 -0500] "GET /sipse/faces/javax.faces.resource/primefaces.css?ln=primefaces&v=4.0 HTTP/1.1" 304 -
186.155.15.29 - - [01/Nov/2023:06:24:51 -0500] "GET /sipse/faces/javax.faces.resource/layout/layout.css?ln=primefaces&v=4.0 HTTP/1.1" 304 -
186.155.15.29 - - [01/Nov/2023:06:24:51 -0500] "GET /sipse/js/jquery.min.js HTTP/1.1" 200 85582
186.155.15.29 - - [01/Nov/2023:06:24:51 -0500] "GET /sipse/js/funciones.js HTTP/1.1" 304 -
186.155.15.29 - - [01/Nov/2023:06:24:52 -0500] "GET /sipse/faces/javax.faces.resource/jquery/jquery.js?ln=primefaces&v=4.0 HTTP/1.1" 304 -
54.184.159.16 - - [01/Nov/2023:06:24:52 -0500] "GET /BLA/resoluciones/RESOLUCIONES%202005/RES%202005%202201-2250/INDEX.DAT HTTP/1.1" 200 2000
186.155.15.29 - - [01/Nov/2023:06:24:52 -0500] "GET /sipse/faces/javax.faces.resource/jquery/jquery-plugins.js?ln=primefaces&v=4.0 HTTP/1.1" 304 -
186.155.15.29 - - [01/Nov/2023:06:24:52 -0500] "GET /sipse/faces/javax.faces.resource/primefaces.js?ln=primefaces&v=4.0 HTTP/1.1" 304 -
186.155.15.29 - - [01/Nov/2023:06:24:52 -0500] "GET /sipse/faces/javax.faces.resource/layout/layout.js?ln=primefaces&v=4.0 HTTP/1.1" 304 -
186.155.15.29 - - [01/Nov/2023:06:24:52 -0500] "GET /sipse/css/v_mergente.css HTTP/1.1" 200 1505
186.155.15.29 - - [01/Nov/2023:06:24:52 -0500] "POST /sipse/faces/bienvenido.xhtml HTTP/1.1" 200 732
186.155.15.29 - - [01/Nov/2023:06:24:52 -0500] "GET /sipse/imagenes/cargando.gif HTTP/1.1" 200 36959
186.155.15.29 - - [01/Nov/2023:06:24:52 -0500] "GET /sipse/css/imagen/contrasena.png HTTP/1.1" 404 383
186.155.15.29 - - [01/Nov/2023:06:24:52 -0500] "GET /sipse/imagenes/logoAplicacion.jpg HTTP/1.1" 200 155084
186.155.15.29 - - [01/Nov/2023:06:24:52 -0500] "GET /sipse/faces/javax.faces.resource/messages/messages.png?ln=primefaces&v=4.0 HTTP/1.1" 200 27209
54.184.159.16 - - [01/Nov/2023:06:24:54 -0500] "GET /BLA/resoluciones/index.php?dir=RESOLUCIONES%202005/RES%202005%202201-2250/&order=asc&sort=date HTTP/1.1" 200 12363
44.231.202.44 - - [01/Nov/2023:06:24:55 -0500] "GET /BLA/resoluciones/index.php?dir=RESOLUCIONES%202006/RES%202006%201401-1450/&order=desc&sort=date HTTP/1.1" 200 12366
44.231.202.44 - - [01/Nov/2023:06:24:58 -0500] "GET /BLA/resoluciones/index.php?dir=RESOLUCIONES%202005/RES%202005%202201-2250/&order=desc&sort=name HTTP/1.1" 200 12362
186.155.15.29 - - [01/Nov/2023:06:24:59 -0500] "GET /sipse/faces/javax.faces.resource/images/ui-bg_flat_0_2d5972_40x100.png?ln=primefaces-aristo HTTP/1.1" 304 -
186.155.15.29 - - [01/Nov/2023:06:24:59 -0500] "POST /sipse/faces/bienvenido.xhtml HTTP/1.1" 200 2658
44.231.202.44 - - [01/Nov/2023:06:25:01 -0500] "GET /BLA/resoluciones/index.php?dir=RESOLUCIONES%202004/RES%202004%201501-1550/&order=desc&sort=size HTTP/1.1" 200 12357
207.46.13.168 - - [01/Nov/2023:06:25:04 -0500] "GET /BLA/resoluciones/RESOLUCIONES%202021/2895.pdf HTTP/1.1" 200 391196
172.22.2.4 - - [01/Nov/2023:06:23:26 -0500] "GET /BLA/boletinlegal/ HTTP/1.1" 200 61018
186.155.15.29 - - [01/Nov/2023:06:25:05 -0500] "POST /sipse/faces/bienvenido.xhtml HTTP/1.1" 200 42003
186.155.15.29 - - [01/Nov/2023:06:25:07 -0500] "GET /sipse/faces/javax.faces.resource/layout/layout.css?ln=primefaces&v=4.0 HTTP/1.1" 304 -
186.155.15.29 - - [01/Nov/2023:06:25:07 -0500] "GET /sipse/faces/javax.faces.resource/jquery/jquery.js?ln=primefaces&v=4.0 HTTP/1.1" 304 -
186.155.15.29 - - [01/Nov/2023:06:25:07 -0500] "GET /sipse/faces/javax.faces.resource/primefaces.css?ln=primefaces&v=4.0 HTTP/1.1" 304 -
186.155.15.29 - - [01/Nov/2023:06:25:07 -0500] "GET /sipse/faces/javax.faces.resource/jquery/jquery-plugins.js?ln=primefaces&v=4.0 HTTP/1.1" 304 -
186.155.15.29 - - [01/Nov/2023:06:25:07 -0500] "GET /sipse/faces/javax.faces.resource/primefaces.js?ln=primefaces&v=4.0 HTTP/1.1" 304 -
186.155.15.29 - - [01/Nov/2023:06:25:07 -0500] "GET /sipse/faces/javax.faces.resource/theme.css?ln=primefaces-sipse HTTP/1.1" 304 -
186.155.15.29 - - [01/Nov/2023:06:25:07 -0500] "GET /sipse/faces/javax.faces.resource/layout/layout.js?ln=primefaces&v=4.0 HTTP/1.1" 304 -
186.155.15.29 - - [01/Nov/2023:06:25:07 -0500] "POST /sipse/faces/presentacion/financiero/solicitudProceso/listarSolicitudProceso.xhtml HTTP/1.1" 200 1440
54.184.159.16 - - [01/Nov/2023:06:25:19 -0500] "GET /BLA/resoluciones/index.php?dir=RESOLUCIONES%202007/RES%202007%201501%20AL%201600/&order=asc&sort=size HTTP/1.1" 200 26868
50.112.160.3 - - [01/Nov/2023:06:25:21 -0500] "GET /BLA/resoluciones/index.php?dir=RESOLUCIONES%202007/RES%202007%201501%20AL%201600/&order=asc&sort=date HTTP/1.1" 200 26868
66.249.66.41 - - [01/Nov/2023:06:25:31 -0500] "GET /acuerdos-de-conservacion-herramienta-para-la-preservacion-y-conocimiento-de-la-biodiversidad.html HTTP/1.1" 200 865
201.245.192.253 - - [01/Nov/2023:06:25:54 -0500] "POST /forms/lservlet;jsessionid=ac16012b30d6264c3ba800d84be3bfe79392a909b334.e3iSbxaKaheRe3eRa38MahaQbi1ynknvrkLOlQzNp65In0 HTTP/1.1" 200 2
44.231.202.44 - - [01/Nov/2023:06:26:03 -0500] "GET /BLA/resoluciones/index.php?dir=RESOLUCIONES%202004/RES%202004%201501-1550/&order=asc&sort=name HTTP/1.1" 200 12358
201.245.192.253 - - [01/Nov/2023:06:26:30 -0500] "POST /forms/lservlet;jsessionid=ac16012b30d66b1cb08e552f4ecc83f5ae6690438851.e3iSbxaKaheRe3eRa38MahaQbi1ynknvrkLOlQzNp65In0 HTTP/1.1" 200 2
201.245.192.253 - - [01/Nov/2023:06:26:51 -0500] "POST /kwsrmcab/Wsrmcab  HTTP/1.1" 200 213
52.167.144.191 - - [01/Nov/2023:06:27:29 -0500] "GET /concentracion-de-material-particulado-disminuye-y-secretaria-de-ambiente-levanta-alerta-fase-i-por-calidad-del-aire.html HTTP/1.1" 200 927
201.245.192.253 - - [01/Nov/2023:06:27:30 -0500] "POST /kwsrmcab/Wsrmcab HTTP/1.1" 200 40336
186.155.15.29 - - [01/Nov/2023:06:25:14 -0500] "POST /sipse/faces/presentacion/financiero/solicitudProceso/listarSolicitudProceso.xhtml HTTP/1.1" 200 107858
201.245.192.253 - - [01/Nov/2023:06:27:33 -0500] "POST /kwsrmcab/Wsrmcab HTTP/1.1" 200 40214
201.245.192.253 - - [01/Nov/2023:06:27:54 -0500] "POST /forms/lservlet;jsessionid=ac16012b30d6264c3ba800d84be3bfe79392a909b334.e3iSbxaKaheRe3eRa38MahaQbi1ynknvrkLOlQzNp65In0 HTTP/1.1" 200 2
201.245.192.253 - - [01/Nov/2023:06:28:30 -0500] "POST /forms/lservlet;jsessionid=ac16012b30d66b1cb08e552f4ecc83f5ae6690438851.e3iSbxaKaheRe3eRa38MahaQbi1ynknvrkLOlQzNp65In0 HTTP/1.1" 200 2
172.22.2.4 - - [01/Nov/2023:06:26:54 -0500] "HEAD /BLA/boletinlegal/ HTTP/1.1" 200 -
186.80.52.180 - - [01/Nov/2023:06:28:47 -0500] "GET /sipse/faces/index.xhtml HTTP/1.1" 200 677
186.80.52.180 - - [01/Nov/2023:06:28:48 -0500] "GET /sipse/faces/javax.faces.resource/theme.css?ln=primefaces-sipse HTTP/1.1" 304 -
186.80.52.180 - - [01/Nov/2023:06:28:48 -0500] "GET /sipse/faces/faces/autenticacion.xhtml HTTP/1.1" 200 12415
186.80.52.180 - - [01/Nov/2023:06:28:48 -0500] "GET /sipse/faces/javax.faces.resource/theme.css?ln=primefaces-sipse HTTP/1.1" 304 -
186.80.52.180 - - [01/Nov/2023:06:28:48 -0500] "GET /sipse/faces/javax.faces.resource/primefaces.css?ln=primefaces&v=4.0 HTTP/1.1" 304 -
186.80.52.180 - - [01/Nov/2023:06:28:48 -0500] "GET /sipse/faces/javax.faces.resource/layout/layout.css?ln=primefaces&v=4.0 HTTP/1.1" 304 -
186.80.52.180 - - [01/Nov/2023:06:28:48 -0500] "GET /sipse/faces/javax.faces.resource/jquery/jquery-plugins.js?ln=primefaces&v=4.0 HTTP/1.1" 304 -
186.80.52.180 - - [01/Nov/2023:06:28:48 -0500] "GET /sipse/faces/javax.faces.resource/primefaces.js?ln=primefaces&v=4.0 HTTP/1.1" 304 -
186.80.52.180 - - [01/Nov/2023:06:28:48 -0500] "GET /sipse/faces/javax.faces.resource/jquery/jquery.js?ln=primefaces&v=4.0 HTTP/1.1" 304 -
186.80.52.180 - - [01/Nov/2023:06:28:48 -0500] "GET /sipse/faces/javax.faces.resource/layout/layout.js?ln=primefaces&v=4.0 HTTP/1.1" 304 -
186.80.52.180 - - [01/Nov/2023:06:28:48 -0500] "GET /sipse/faces/javax.faces.resource/images/ui-icons_898989_256x240.png?ln=primefaces-aristo HTTP/1.1" 304 -
186.80.52.180 - - [01/Nov/2023:06:28:51 -0500] "POST /sipse/faces/autenticacion.xhtml HTTP/1.1" 200 2217
186.80.52.180 - - [01/Nov/2023:06:28:51 -0500] "GET /sipse/faces/javax.faces.resource/messages/messages.png?ln=primefaces&v=4.0 HTTP/1.1" 304 -
186.80.52.180 - - [01/Nov/2023:06:28:52 -0500] "POST /sipse/faces/autenticacion.xhtml HTTP/1.1" 200 16369
186.80.52.180 - - [01/Nov/2023:06:28:53 -0500] "GET /sipse/faces/javax.faces.resource/primefaces.css?ln=primefaces&v=4.0 HTTP/1.1" 304 -
186.80.52.180 - - [01/Nov/2023:06:28:53 -0500] "GET /sipse/faces/javax.faces.resource/theme.css?ln=primefaces-sipse HTTP/1.1" 304 -
186.80.52.180 - - [01/Nov/2023:06:28:53 -0500] "GET /sipse/faces/javax.faces.resource/layout/layout.css?ln=primefaces&v=4.0 HTTP/1.1" 304 -
186.80.52.180 - - [01/Nov/2023:06:28:53 -0500] "GET /sipse/faces/javax.faces.resource/jquery/jquery.js?ln=primefaces&v=4.0 HTTP/1.1" 304 -
186.80.52.180 - - [01/Nov/2023:06:28:53 -0500] "GET /sipse/faces/javax.faces.resource/jquery/jquery-plugins.js?ln=primefaces&v=4.0 HTTP/1.1" 304 -
186.80.52.180 - - [01/Nov/2023:06:28:53 -0500] "GET /sipse/faces/javax.faces.resource/primefaces.js?ln=primefaces&v=4.0 HTTP/1.1" 304 -
186.80.52.180 - - [01/Nov/2023:06:28:53 -0500] "GET /sipse/faces/javax.faces.resource/layout/layout.js?ln=primefaces&v=4.0 HTTP/1.1" 304 -
186.80.52.180 - - [01/Nov/2023:06:28:53 -0500] "GET /sipse/css/imagen/contrasena.png HTTP/1.1" 404 383
186.80.52.180 - - [01/Nov/2023:06:28:54 -0500] "GET /sipse/faces/javax.faces.resource/images/ui-bg_flat_0_2d5972_40x100.png?ln=primefaces-aristo HTTP/1.1" 304 -
186.80.52.180 - - [01/Nov/2023:06:28:54 -0500] "POST /sipse/faces/bienvenido.xhtml HTTP/1.1" 200 2658
186.80.52.180 - - [01/Nov/2023:06:28:57 -0500] "POST /sipse/faces/bienvenido.xhtml HTTP/1.1" 200 64546
186.80.52.180 - - [01/Nov/2023:06:28:58 -0500] "GET /sipse/faces/javax.faces.resource/theme.css?ln=primefaces-sipse HTTP/1.1" 304 -
186.80.52.180 - - [01/Nov/2023:06:28:58 -0500] "GET /sipse/faces/javax.faces.resource/primefaces.css?ln=primefaces&v=4.0 HTTP/1.1" 304 -
186.80.52.180 - - [01/Nov/2023:06:28:58 -0500] "GET /sipse/faces/javax.faces.resource/layout/layout.css?ln=primefaces&v=4.0 HTTP/1.1" 304 -
186.80.52.180 - - [01/Nov/2023:06:28:58 -0500] "GET /sipse/faces/javax.faces.resource/jquery/jquery.js?ln=primefaces&v=4.0 HTTP/1.1" 304 -
186.80.52.180 - - [01/Nov/2023:06:28:58 -0500] "GET /sipse/faces/javax.faces.resource/jquery/jquery-plugins.js?ln=primefaces&v=4.0 HTTP/1.1" 304 -
186.80.52.180 - - [01/Nov/2023:06:28:59 -0500] "GET /sipse/faces/javax.faces.resource/primefaces.js?ln=primefaces&v=4.0 HTTP/1.1" 304 -
186.80.52.180 - - [01/Nov/2023:06:28:59 -0500] "GET /sipse/faces/javax.faces.resource/layout/layout.js?ln=primefaces&v=4.0 HTTP/1.1" 304 -
186.80.52.180 - - [01/Nov/2023:06:28:59 -0500] "POST /sipse/faces/presentacion/financiero/solicitudProceso/listarSolicitudProceso.xhtml HTTP/1.1" 200 1548
186.80.52.180 - - [01/Nov/2023:06:29:02 -0500] "POST /sipse/faces/presentacion/financiero/solicitudProceso/listarSolicitudProceso.xhtml HTTP/1.1" 200 23517
52.167.144.179 - - [01/Nov/2023:06:29:10 -0500] "GET /BLA/resoluciones/AUTOS%202023/5384.pdf HTTP/1.1" 200 319824
186.80.52.180 - - [01/Nov/2023:06:29:23 -0500] "POST /sipse/faces/presentacion/financiero/solicitudProceso/listarSolicitudProceso.xhtml HTTP/1.1" 200 113413
186.80.52.180 - - [01/Nov/2023:06:29:25 -0500] "GET /sipse/faces/javax.faces.resource/theme.css?ln=primefaces-sipse HTTP/1.1" 304 -
186.80.52.180 - - [01/Nov/2023:06:29:25 -0500] "GET /sipse/faces/javax.faces.resource/primefaces.css?ln=primefaces&v=4.0 HTTP/1.1" 304 -
186.80.52.180 - - [01/Nov/2023:06:29:25 -0500] "GET /sipse/faces/javax.faces.resource/layout/layout.css?ln=primefaces&v=4.0 HTTP/1.1" 304 -
186.80.52.180 - - [01/Nov/2023:06:29:25 -0500] "GET /sipse/faces/javax.faces.resource/jquery/jquery.js?ln=primefaces&v=4.0 HTTP/1.1" 304 -
186.80.52.180 - - [01/Nov/2023:06:29:25 -0500] "GET /sipse/faces/javax.faces.resource/jquery/jquery-plugins.js?ln=primefaces&v=4.0 HTTP/1.1" 304 -
186.80.52.180 - - [01/Nov/2023:06:29:25 -0500] "GET /sipse/faces/javax.faces.resource/primefaces.js?ln=primefaces&v=4.0 HTTP/1.1" 304 -
186.80.52.180 - - [01/Nov/2023:06:29:25 -0500] "GET /sipse/faces/javax.faces.resource/layout/layout.js?ln=primefaces&v=4.0 HTTP/1.1" 304 -
172.22.2.4 - - [01/Nov/2023:06:27:45 -0500] "GET /BLA/boletinlegal/ HTTP/1.1" 200 61018
186.80.52.180 - - [01/Nov/2023:06:29:29 -0500] "GET /sipse/faces/javax.faces.resource/theme.css?ln=primefaces-sipse HTTP/1.1" 304 -
186.80.52.180 - - [01/Nov/2023:06:29:29 -0500] "GET /sipse/faces/javax.faces.resource/primefaces.css?ln=primefaces&v=4.0 HTTP/1.1" 304 -
186.80.52.180 - - [01/Nov/2023:06:29:29 -0500] "GET /sipse/faces/javax.faces.resource/jquery/jquery.js?ln=primefaces&v=4.0 HTTP/1.1" 304 -
186.80.52.180 - - [01/Nov/2023:06:29:29 -0500] "GET /sipse/faces/javax.faces.resource/layout/layout.css?ln=primefaces&v=4.0 HTTP/1.1" 304 -
186.80.52.180 - - [01/Nov/2023:06:29:30 -0500] "GET /sipse/faces/javax.faces.resource/jquery/jquery-plugins.js?ln=primefaces&v=4.0 HTTP/1.1" 304 -
186.80.52.180 - - [01/Nov/2023:06:29:30 -0500] "GET /sipse/faces/javax.faces.resource/layout/layout.js?ln=primefaces&v=4.0 HTTP/1.1" 304 -
186.80.52.180 - - [01/Nov/2023:06:29:30 -0500] "GET /sipse/faces/javax.faces.resource/primefaces.js?ln=primefaces&v=4.0 HTTP/1.1" 304 -
186.80.52.180 - - [01/Nov/2023:06:29:28 -0500] "POST /sipse/faces/presentacion/financiero/solicitudProceso/consultarSolicitudProceso.xhtml HTTP/1.1" 200 42025
216.245.221.92 - - [01/Nov/2023:06:29:37 -0500] "HEAD / HTTP/1.1" 200 -
186.80.52.180 - - [01/Nov/2023:06:29:41 -0500] "GET /sipse/faces/javax.faces.resource/layout/layout.css?ln=primefaces&v=4.0 HTTP/1.1" 304 -
186.80.52.180 - - [01/Nov/2023:06:29:41 -0500] "GET /sipse/faces/javax.faces.resource/theme.css?ln=primefaces-sipse HTTP/1.1" 304 -
186.80.52.180 - - [01/Nov/2023:06:29:41 -0500] "GET /sipse/faces/javax.faces.resource/primefaces.css?ln=primefaces&v=4.0 HTTP/1.1" 304 -
186.80.52.180 - - [01/Nov/2023:06:29:41 -0500] "GET /sipse/faces/javax.faces.resource/jquery/jquery.js?ln=primefaces&v=4.0 HTTP/1.1" 304 -
186.80.52.180 - - [01/Nov/2023:06:29:41 -0500] "GET /sipse/faces/javax.faces.resource/jquery/jquery-plugins.js?ln=primefaces&v=4.0 HTTP/1.1" 304 -
