54.184.159.16 - - [01/Nov/2023:03:15:18 -0500] "GET /BLA/resoluciones/index.php?dir=RESOLUCIONES%202003/RES%202003%202001-2051/&order=asc&sort=size HTTP/1.1" 200 12159
54.174.58.238 - - [01/Nov/2023:03:15:21 -0500] "GET /robots.txt HTTP/1.1" 404 1018
54.174.58.236 - - [01/Nov/2023:03:15:26 -0500] "GET /robots.txt HTTP/1.1" 404 1018
54.174.58.236 - - [01/Nov/2023:03:15:32 -0500] "GET /robots.txt HTTP/1.1" 404 1018
54.174.58.250 - - [01/Nov/2023:03:15:37 -0500] "GET /robots.txt HTTP/1.1" 404 1018
54.174.58.249 - - [01/Nov/2023:03:15:42 -0500] "GET /robots.txt HTTP/1.1" 404 1018
50.112.160.3 - - [01/Nov/2023:03:15:44 -0500] "GET /BLA/resoluciones/index.php?dir=RESOLUCIONES%202004/RES%202004%201451-1500/&order=asc&sort=size HTTP/1.1" 200 12353
54.174.58.238 - - [01/Nov/2023:03:15:48 -0500] "GET /robots.txt HTTP/1.1" 404 1018
172.22.2.4 - - [01/Nov/2023:03:14:10 -0500] "HEAD /BLA/boletinlegal/ HTTP/1.1" 200 -
54.174.58.250 - - [01/Nov/2023:03:15:53 -0500] "GET /robots.txt HTTP/1.1" 404 1018
201.245.192.253 - - [01/Nov/2023:03:15:54 -0500] "POST /forms/lservlet;jsessionid=ac16012b30d6264c3ba800d84be3bfe79392a909b334.e3iSbxaKaheRe3eRa38MahaQbi1ynknvrkLOlQzNp65In0 HTTP/1.1" 200 2
54.174.58.238 - - [01/Nov/2023:03:15:58 -0500] "GET /robots.txt HTTP/1.1" 404 1018
54.174.58.242 - - [01/Nov/2023:03:16:04 -0500] "GET /robots.txt HTTP/1.1" 404 1018
54.174.58.249 - - [01/Nov/2023:03:16:09 -0500] "GET /robots.txt HTTP/1.1" 404 1018
50.112.160.3 - - [01/Nov/2023:03:16:11 -0500] "GET /BLA/resoluciones/index.php?dir=RESOLUCIONES%202004/RES%202004%201451-1500/&order=desc&sort=name HTTP/1.1" 200 12352
54.174.58.253 - - [01/Nov/2023:03:16:14 -0500] "GET /robots.txt HTTP/1.1" 404 1018
54.174.58.249 - - [01/Nov/2023:03:16:19 -0500] "GET /robots.txt HTTP/1.1" 404 1018
54.174.58.236 - - [01/Nov/2023:03:16:24 -0500] "GET /robots.txt HTTP/1.1" 404 1018
201.245.192.253 - - [01/Nov/2023:03:16:29 -0500] "POST /forms/lservlet;jsessionid=ac16012b30d66b1cb08e552f4ecc83f5ae6690438851.e3iSbxaKaheRe3eRa38MahaQbi1ynknvrkLOlQzNp65In0 HTTP/1.1" 200 2
54.174.58.236 - - [01/Nov/2023:03:16:30 -0500] "GET /robots.txt HTTP/1.1" 404 1018
54.174.58.236 - - [01/Nov/2023:03:16:35 -0500] "GET /robots.txt HTTP/1.1" 404 1018
54.174.58.246 - - [01/Nov/2023:03:16:40 -0500] "GET /robots.txt HTTP/1.1" 404 1018
172.22.2.4 - - [01/Nov/2023:03:15:01 -0500] "GET /BLA/boletinlegal/ HTTP/1.1" 200 58644
54.184.159.16 - - [01/Nov/2023:03:16:44 -0500] "GET /BLA/resoluciones/index.php?dir=RESOLUCIONES%202006/RES%202006%202151-2200/&order=desc&sort=date HTTP/1.1" 200 12367
54.174.58.242 - - [01/Nov/2023:03:16:45 -0500] "GET /robots.txt HTTP/1.1" 404 1018
54.174.58.238 - - [01/Nov/2023:03:16:51 -0500] "GET /robots.txt HTTP/1.1" 404 1018
54.174.58.250 - - [01/Nov/2023:03:16:56 -0500] "GET /robots.txt HTTP/1.1" 404 1018
54.174.58.242 - - [01/Nov/2023:03:17:01 -0500] "GET /robots.txt HTTP/1.1" 404 1018
54.174.58.242 - - [01/Nov/2023:03:17:06 -0500] "GET /robots.txt HTTP/1.1" 404 1018
54.174.58.250 - - [01/Nov/2023:03:17:11 -0500] "GET /robots.txt HTTP/1.1" 404 1018
54.174.58.252 - - [01/Nov/2023:03:17:17 -0500] "GET /robots.txt HTTP/1.1" 404 1018
54.184.159.16 - - [01/Nov/2023:03:17:17 -0500] "GET /BLA/resoluciones/index.php?dir=RESOLUCIONES%201994/&order=desc&sort=size HTTP/1.1" 200 2478
54.174.58.246 - - [01/Nov/2023:03:17:22 -0500] "GET /robots.txt HTTP/1.1" 404 1018
54.184.159.16 - - [01/Nov/2023:03:17:26 -0500] "GET /BLA/resoluciones/index.php?dir=Notificaciones/REGISTROS%202013/&order=desc&sort=name HTTP/1.1" 200 2052
54.174.58.236 - - [01/Nov/2023:03:17:27 -0500] "GET /robots.txt HTTP/1.1" 404 1018
54.174.58.238 - - [01/Nov/2023:03:17:32 -0500] "GET /robots.txt HTTP/1.1" 404 1018
201.245.192.253 - - [01/Nov/2023:03:17:31 -0500] "POST /kwsrmcab/Wsrmcab HTTP/1.1" 200 40464
201.245.192.253 - - [01/Nov/2023:03:17:34 -0500] "POST /kwsrmcab/Wsrmcab HTTP/1.1" 200 39917
54.174.58.238 - - [01/Nov/2023:03:17:37 -0500] "GET /robots.txt HTTP/1.1" 404 1018
54.174.58.225 - - [01/Nov/2023:03:17:43 -0500] "GET /robots.txt HTTP/1.1" 404 1018
201.245.192.253 - - [01/Nov/2023:03:17:44 -0500] "POST /kwsrmcab/Wsrmcab  HTTP/1.1" 200 213
54.174.58.246 - - [01/Nov/2023:03:17:48 -0500] "GET /robots.txt HTTP/1.1" 404 1018
54.174.58.253 - - [01/Nov/2023:03:17:53 -0500] "GET /robots.txt HTTP/1.1" 404 1018
201.245.192.253 - - [01/Nov/2023:03:17:54 -0500] "POST /forms/lservlet;jsessionid=ac16012b30d6264c3ba800d84be3bfe79392a909b334.e3iSbxaKaheRe3eRa38MahaQbi1ynknvrkLOlQzNp65In0 HTTP/1.1" 200 2
54.174.58.246 - - [01/Nov/2023:03:17:58 -0500] "GET /robots.txt HTTP/1.1" 404 1018
54.174.58.246 - - [01/Nov/2023:03:18:03 -0500] "GET /robots.txt HTTP/1.1" 404 1018
54.174.58.238 - - [01/Nov/2023:03:18:09 -0500] "GET /robots.txt HTTP/1.1" 404 1018
54.174.58.242 - - [01/Nov/2023:03:18:14 -0500] "GET /robots.txt HTTP/1.1" 404 1018
54.174.58.229 - - [01/Nov/2023:03:18:19 -0500] "GET /robots.txt HTTP/1.1" 404 1018
54.174.58.241 - - [01/Nov/2023:03:18:25 -0500] "GET /robots.txt HTTP/1.1" 404 1018
201.245.192.253 - - [01/Nov/2023:03:18:29 -0500] "POST /forms/lservlet;jsessionid=ac16012b30d66b1cb08e552f4ecc83f5ae6690438851.e3iSbxaKaheRe3eRa38MahaQbi1ynknvrkLOlQzNp65In0 HTTP/1.1" 200 2
40.77.167.52 - - [01/Nov/2023:03:18:29 -0500] "GET /BLA/resoluciones/RESOLUCIONES%202021/5569.pdf HTTP/1.1" 200 492963
54.174.58.250 - - [01/Nov/2023:03:18:30 -0500] "GET /robots.txt HTTP/1.1" 404 1018
54.174.58.242 - - [01/Nov/2023:03:18:36 -0500] "GET /robots.txt HTTP/1.1" 404 1018
54.174.58.253 - - [01/Nov/2023:03:18:41 -0500] "GET /robots.txt HTTP/1.1" 404 1018
54.174.58.246 - - [01/Nov/2023:03:18:47 -0500] "GET /robots.txt HTTP/1.1" 404 1018
54.184.159.16 - - [01/Nov/2023:03:18:51 -0500] "GET /BLA/resoluciones/index.php?dir=RESOLUCIONES%202005/RES%202005%201751-1800/&order=desc&sort=date HTTP/1.1" 200 12367
54.174.58.250 - - [01/Nov/2023:03:18:52 -0500] "GET /robots.txt HTTP/1.1" 404 1018
54.174.58.236 - - [01/Nov/2023:03:18:58 -0500] "GET /robots.txt HTTP/1.1" 404 1018
54.174.58.225 - - [01/Nov/2023:03:19:03 -0500] "GET /robots.txt HTTP/1.1" 404 1018
54.174.58.253 - - [01/Nov/2023:03:19:09 -0500] "GET /robots.txt HTTP/1.1" 404 1018
54.174.58.237 - - [01/Nov/2023:03:19:14 -0500] "GET /robots.txt HTTP/1.1" 404 1018
54.174.58.253 - - [01/Nov/2023:03:19:19 -0500] "GET /robots.txt HTTP/1.1" 404 1018
54.174.58.249 - - [01/Nov/2023:03:19:25 -0500] "GET /robots.txt HTTP/1.1" 404 1018
54.174.58.250 - - [01/Nov/2023:03:19:30 -0500] "GET /robots.txt HTTP/1.1" 404 1018
216.173.113.49 - - [01/Nov/2023:03:19:29 -0500] "GET /portaldeninos/parque-ecologico-distrital-humedal-santa-maria-del-lago/ HTTP/1.1" 200 90199
216.173.113.49 - - [01/Nov/2023:03:19:30 -0500] "GET /portaldeninos/aulas-ambientales/ HTTP/1.1" 200 88416
216.173.113.49 - - [01/Nov/2023:03:19:31 -0500] "GET /portaldeninos/aulas-ambientales/aula-ambiental-sorotama/ HTTP/1.1" 200 89596
216.173.113.49 - - [01/Nov/2023:03:19:31 -0500] "GET /portaldeninos/aulas-ambientales-2/parque-ecologico-distrital-de-montana-entrenubes/ HTTP/1.1" 200 90406
216.173.113.49 - - [01/Nov/2023:03:19:31 -0500] "GET /portaldeninos/parque-mirador-de-los-nevados/ HTTP/1.1" 200 89855
54.174.58.229 - - [01/Nov/2023:03:19:36 -0500] "GET /robots.txt HTTP/1.1" 404 1018
216.245.221.92 - - [01/Nov/2023:03:19:38 -0500] "HEAD / HTTP/1.1" 200 -
216.173.113.49 - - [01/Nov/2023:03:19:38 -0500] "GET /portaldeninos/relatos-urbanos-de-los-ecosistemas-bogotanos-2/ HTTP/1.1" 200 88374
216.173.113.49 - - [01/Nov/2023:03:19:38 -0500] "GET /portaldeninos/aula-ambiental-artistica-itinerante-auambari/ HTTP/1.1" 200 89306
54.174.58.225 - - [01/Nov/2023:03:19:41 -0500] "GET /robots.txt HTTP/1.1" 404 1018
216.173.113.49 - - [01/Nov/2023:03:19:43 -0500] "GET /portaldeninos/los-arboles/ HTTP/1.1" 200 87546
216.173.113.49 - - [01/Nov/2023:03:19:44 -0500] "GET /portaldeninos/los-arboles/tips/ HTTP/1.1" 200 87677
44.231.202.44 - - [01/Nov/2023:03:19:44 -0500] "GET /BLA/resoluciones/index.php?dir=RESOLUCIONES%202002/RES%202002%20101-150/&order=desc&sort=name HTTP/1.1" 200 12338
216.173.113.49 - - [01/Nov/2023:03:19:44 -0500] "GET /portaldeninos/tipos-de-arboles-en-bogota/ HTTP/1.1" 200 109802
54.174.58.225 - - [01/Nov/2023:03:19:46 -0500] "GET /robots.txt HTTP/1.1" 404 1018
216.173.113.49 - - [01/Nov/2023:03:19:47 -0500] "GET /portaldeninos/fauna/ HTTP/1.1" 200 88429
216.173.113.49 - - [01/Nov/2023:03:19:47 -0500] "GET /portaldeninos/aire/ HTTP/1.1" 200 88215
216.173.113.49 - - [01/Nov/2023:03:19:49 -0500] "GET /portaldeninos/ruido/ HTTP/1.1" 200 88494
216.173.113.49 - - [01/Nov/2023:03:19:50 -0500] "GET /portaldeninos/publicidad/ HTTP/1.1" 200 87569
54.174.58.252 - - [01/Nov/2023:03:19:51 -0500] "GET /robots.txt HTTP/1.1" 404 1018
216.173.113.49 - - [01/Nov/2023:03:19:51 -0500] "GET /portaldeninos/glosario/ HTTP/1.1" 200 97198
201.245.192.253 - - [01/Nov/2023:03:19:54 -0500] "POST /forms/lservlet;jsessionid=ac16012b30d6264c3ba800d84be3bfe79392a909b334.e3iSbxaKaheRe3eRa38MahaQbi1ynknvrkLOlQzNp65In0 HTTP/1.1" 200 2
216.173.113.49 - - [01/Nov/2023:03:19:55 -0500] "GET /portaldeninos/corresponsal-ambiental/ HTTP/1.1" 200 93768
216.173.113.49 - - [01/Nov/2023:03:19:55 -0500] "GET /portaldeninos/humedales-ramsar/ HTTP/1.1" 200 89255
216.173.113.49 - - [01/Nov/2023:03:19:56 -0500] "GET /portaldeninos/humedal-tibanica-2/ HTTP/1.1" 200 87771
54.184.159.16 - - [01/Nov/2023:03:19:58 -0500] "GET /BLA/resoluciones/index.php?dir=Notificaciones/RESOLUCIONES%202021/&order=asc&sort=name HTTP/1.1" 200 118582
216.173.113.49 - - [01/Nov/2023:03:20:00 -0500] "GET /portaldeninos/humedal-torca-y-guaymaral-2/ HTTP/1.1" 200 88086
216.173.113.49 - - [01/Nov/2023:03:20:01 -0500] "GET /portaldeninos/humedal-santa-maria-del-lago/ HTTP/1.1" 200 88988
216.173.113.49 - - [01/Nov/2023:03:20:01 -0500] "GET /portaldeninos/humedal-la-vaca-2/ HTTP/1.1" 200 87837
216.173.113.49 - - [01/Nov/2023:03:20:02 -0500] "GET /portaldeninos/humedal-la-conejera-2/ HTTP/1.1" 200 88020
216.173.113.49 - - [01/Nov/2023:03:20:04 -0500] "GET /portaldeninos/humedal-juan-amarillo-2/ HTTP/1.1" 200 88155
54.184.159.16 - - [01/Nov/2023:03:20:06 -0500] "GET /BLA/resoluciones/index.php?dir=AUTOS%202016/&order=desc&sort=size HTTP/1.1" 200 331624
216.173.113.49 - - [01/Nov/2023:03:20:08 -0500] "GET /portaldeninos/humedal-jaboque-2/ HTTP/1.1" 200 87846
216.173.113.49 - - [01/Nov/2023:03:20:09 -0500] "GET /portaldeninos/humedal-el-tunjo/ HTTP/1.1" 200 87661
216.173.113.49 - - [01/Nov/2023:03:20:11 -0500] "GET /portaldeninos/humedal-el-burro-2/ HTTP/1.1" 200 87926
216.173.113.49 - - [01/Nov/2023:03:20:12 -0500] "GET /portaldeninos/humedal-capellania-2/ HTTP/1.1" 200 87949
216.173.113.49 - - [01/Nov/2023:03:20:12 -0500] "GET /portaldeninos/humedal-cordoba-2/ HTTP/1.1" 200 88041
216.173.113.49 - - [01/Nov/2023:03:20:18 -0500] "GET /portaldeninos/gestion-del-riesgo-incendios-forestales HTTP/1.1" 301 -
54.184.159.16 - - [01/Nov/2023:03:20:18 -0500] "GET /BLA/resoluciones/index.php?dir=RESOLUCIONES%201994/&order=desc&sort=date HTTP/1.1" 200 2478
216.173.113.49 - - [01/Nov/2023:03:20:18 -0500] "GET /portaldeninos/agua-y-estructura-ecologica-principal HTTP/1.1" 301 -
216.173.113.49 - - [01/Nov/2023:03:20:18 -0500] "GET /portaldeninos/gestion-del-riesgo-incendios-forestales/ HTTP/1.1" 200 86825
216.173.113.49 - - [01/Nov/2023:03:20:19 -0500] "GET /portaldeninos/biodiversidad HTTP/1.1" 301 -
216.173.113.49 - - [01/Nov/2023:03:20:20 -0500] "GET /portaldeninos/agua-y-estructura-ecologica-principal/ HTTP/1.1" 200 87488
216.173.113.49 - - [01/Nov/2023:03:20:20 -0500] "GET /portaldeninos/biodiversidad/ HTTP/1.1" 200 86633
216.173.113.49 - - [01/Nov/2023:03:20:21 -0500] "GET /portaldeninos/que-es-cambio-climatico HTTP/1.1" 301 -
216.173.113.49 - - [01/Nov/2023:03:20:22 -0500] "GET /portaldeninos/que-es-cambio-climatico/ HTTP/1.1" 200 86727
216.173.113.49 - - [01/Nov/2023:03:20:23 -0500] "GET /portaldeninos/residuos HTTP/1.1" 301 -
216.173.113.49 - - [01/Nov/2023:03:20:23 -0500] "GET /portaldeninos/residuos/ HTTP/1.1" 200 87443
201.245.192.253 - - [01/Nov/2023:03:20:29 -0500] "POST /forms/lservlet;jsessionid=ac16012b30d66b1cb08e552f4ecc83f5ae6690438851.e3iSbxaKaheRe3eRa38MahaQbi1ynknvrkLOlQzNp65In0 HTTP/1.1" 200 2
201.245.192.253 - - [01/Nov/2023:03:20:42 -0500] "POST /kwsrmcab/Wsrmcab HTTP/1.1" 200 40464
172.22.2.4 - - [01/Nov/2023:03:20:45 -0500] "GET /BLA/boletinlegal/normativa.php HTTP/1.1" 200 8343
201.245.192.253 - - [01/Nov/2023:03:20:45 -0500] "POST /kwsrmcab/Wsrmcab HTTP/1.1" 200 39917
172.22.2.4 - - [01/Nov/2023:03:20:51 -0500] "GET /BLA/boletinlegal/doctrina.php HTTP/1.1" 200 5614
172.22.2.4 - - [01/Nov/2023:03:20:52 -0500] "GET /BLA/boletinlegal/jurisprudencia.php HTTP/1.1" 200 17583
50.112.160.3 - - [01/Nov/2023:03:20:53 -0500] "GET /BLA/resoluciones/index.php?dir=Notificaciones/&order=desc&sort=size HTTP/1.1" 200 11649
172.22.2.4 - - [01/Nov/2023:03:20:54 -0500] "GET /BLA/boletinlegal/conceptos.php HTTP/1.1" 200 7496
172.22.2.4 - - [01/Nov/2023:03:20:58 -0500] "GET /BLA/boletinlegal/sugerencias.php HTTP/1.1" 200 8615
50.112.160.3 - - [01/Nov/2023:03:21:15 -0500] "GET /BLA/resoluciones/index.php?dir=AUTOS%202006/AUTOS%202006%203101%20-%203200/&order=desc&sort=date HTTP/1.1" 200 22188
172.22.2.4 - - [01/Nov/2023:03:20:20 -0500] "GET /BLA/boletinlegal/ HTTP/1.1" 200 24523
54.184.159.16 - - [01/Nov/2023:03:21:26 -0500] "GET /BLA/resoluciones/index.php?dir=RESOLUCIONES%202007/RES%202007%203301%20AL%203400/&order=asc&sort=name HTTP/1.1" 200 26620
54.184.159.16 - - [01/Nov/2023:03:21:29 -0500] "GET /BLA/resoluciones/index.php?dir=RESOLUCIONES%202014/&order=asc&sort=name HTTP/1.1" 200 334189
172.22.2.4 - - [01/Nov/2023:03:20:00 -0500] "HEAD /BLA/boletinlegal/ HTTP/1.1" 200 -
44.231.202.44 - - [01/Nov/2023:03:21:39 -0500] "GET /BLA/resoluciones/index.php?dir=RESOLUCIONES%202014/&order=desc&sort=size HTTP/1.1" 200 334188
54.184.159.16 - - [01/Nov/2023:03:21:44 -0500] "GET /BLA/resoluciones/index.php?dir=RESOLUCIONES%202006/RES%202006%20%202851-2900/&order=asc&sort=size HTTP/1.1" 200 12177
66.249.66.39 - - [01/Nov/2023:03:21:47 -0500] "GET /en-julio-programate-para-asistir-a-las-caminatas-ecologicas-y-conectarte-con-la-naturaleza.html HTTP/1.1" 304 -
66.249.66.37 - - [01/Nov/2023:03:21:48 -0500] "GET /moda-circular-manos-reparadoras-la-estrategia-del-distrito-para-restaurar-prendas-usadas.html HTTP/1.1" 304 -
201.245.192.253 - - [01/Nov/2023:03:21:54 -0500] "POST /forms/lservlet;jsessionid=ac16012b30d6264c3ba800d84be3bfe79392a909b334.e3iSbxaKaheRe3eRa38MahaQbi1ynknvrkLOlQzNp65In0 HTTP/1.1" 200 2
50.112.160.3 - - [01/Nov/2023:03:21:57 -0500] "GET /BLA/resoluciones/index.php?dir=RESOLUCIONES%202014/&order=asc&sort=name HTTP/1.1" 200 334189
44.231.202.44 - - [01/Nov/2023:03:22:14 -0500] "GET /BLA/resoluciones/index.php?dir=Notificaciones/REGISTROS%202020/&order=desc&sort=size HTTP/1.1" 200 20178
54.184.159.16 - - [01/Nov/2023:03:22:17 -0500] "GET /BLA/resoluciones/index.php?dir=Notificaciones/REGISTROS%202020/&order=asc&sort=name HTTP/1.1" 200 20179
172.22.2.4 - - [01/Nov/2023:03:20:38 -0500] "GET /BLA/boletinlegal/index.php HTTP/1.1" 200 40946
54.184.159.16 - - [01/Nov/2023:03:22:20 -0500] "GET /BLA/resoluciones/index.php?dir=RESOLUCIONES%202003/RES%202003%20201-250/&order=asc&sort=date HTTP/1.1" 200 12348
44.231.202.44 - - [01/Nov/2023:03:22:23 -0500] "GET /BLA/resoluciones/index.php?dir=AUTOS%202006/AUTOS%202006%201801-%201900/&order=desc&sort=size HTTP/1.1" 200 22158
201.245.192.253 - - [01/Nov/2023:03:22:29 -0500] "POST /forms/lservlet;jsessionid=ac16012b30d66b1cb08e552f4ecc83f5ae6690438851.e3iSbxaKaheRe3eRa38MahaQbi1ynknvrkLOlQzNp65In0 HTTP/1.1" 200 2
172.22.2.4 - - [01/Nov/2023:03:20:51 -0500] "GET /BLA/boletinlegal/ HTTP/1.1" 200 43018
201.245.192.253 - - [01/Nov/2023:03:22:43 -0500] "POST /kwsrmcab/Wsrmcab  HTTP/1.1" 200 213
50.112.160.3 - - [01/Nov/2023:03:23:13 -0500] "GET /BLA/resoluciones/index.php?dir=RESOLUCIONES%202005/RES%202005%201751-1800/&order=asc&sort=name HTTP/1.1" 200 12368
40.77.167.14 - - [01/Nov/2023:03:23:16 -0500] "GET /Publicaciones/2023EE251299.pdf HTTP/1.1" 200 2461136
201.245.192.253 - - [01/Nov/2023:03:23:54 -0500] "POST /forms/lservlet;jsessionid=ac16012b30d6264c3ba800d84be3bfe79392a909b334.e3iSbxaKaheRe3eRa38MahaQbi1ynknvrkLOlQzNp65In0 HTTP/1.1" 200 2
201.245.192.253 - - [01/Nov/2023:03:24:29 -0500] "POST /forms/lservlet;jsessionid=ac16012b30d66b1cb08e552f4ecc83f5ae6690438851.e3iSbxaKaheRe3eRa38MahaQbi1ynknvrkLOlQzNp65In0 HTTP/1.1" 200 2
66.249.66.21 - - [01/Nov/2023:03:24:33 -0500] "GET /BLA/resoluciones/RESOLUCIONES%202018/0429.pdf HTTP/1.1" 200 245694
216.245.221.92 - - [01/Nov/2023:03:24:38 -0500] "HEAD / HTTP/1.1" 200 -
50.112.160.3 - - [01/Nov/2023:03:25:14 -0500] "GET /BLA/resoluciones/index.php?dir=RESOLUCIONES%202002/RES%202002%20451-500/&order=desc&sort=name HTTP/1.1" 200 12050
54.184.159.16 - - [01/Nov/2023:03:25:28 -0500] "GET /BLA/resoluciones/index.php?dir=RESOLUCIONES%202002/RES%202002%20451-500/&order=asc&sort=date HTTP/1.1" 200 12051
54.184.159.16 - - [01/Nov/2023:03:25:36 -0500] "GET /BLA/resoluciones/index.php?dir=RESOLUCIONES%201996/&order=desc&sort=size HTTP/1.1" 200 9136
201.245.192.253 - - [01/Nov/2023:03:25:54 -0500] "POST /forms/lservlet;jsessionid=ac16012b30d6264c3ba800d84be3bfe79392a909b334.e3iSbxaKaheRe3eRa38MahaQbi1ynknvrkLOlQzNp65In0 HTTP/1.1" 200 2
50.112.160.3 - - [01/Nov/2023:03:26:05 -0500] "GET /BLA/resoluciones/index.php?dir=RESOLUCIONES%202002/RES%202002%20451-500/&order=asc&sort=size HTTP/1.1" 200 12051
201.245.192.253 - - [01/Nov/2023:03:26:29 -0500] "POST /forms/lservlet;jsessionid=ac16012b30d66b1cb08e552f4ecc83f5ae6690438851.e3iSbxaKaheRe3eRa38MahaQbi1ynknvrkLOlQzNp65In0 HTTP/1.1" 200 2
50.112.160.3 - - [01/Nov/2023:03:27:06 -0500] "GET /BLA/resoluciones/index.php?dir=RESOLUCIONES%202007/RES%202007%201901%20AL%202000/&order=desc&sort=name HTTP/1.1" 200 26855
172.22.2.4 - - [01/Nov/2023:03:25:50 -0500] "HEAD /BLA/boletinlegal/ HTTP/1.1" 200 -
201.245.192.253 - - [01/Nov/2023:03:27:31 -0500] "POST /kwsrmcab/Wsrmcab HTTP/1.1" 200 40464
201.245.192.253 - - [01/Nov/2023:03:27:34 -0500] "POST /kwsrmcab/Wsrmcab HTTP/1.1" 200 39917
201.245.192.253 - - [01/Nov/2023:03:27:41 -0500] "POST /kwsrmcab/Wsrmcab  HTTP/1.1" 200 213
201.245.192.253 - - [01/Nov/2023:03:27:54 -0500] "POST /forms/lservlet;jsessionid=ac16012b30d6264c3ba800d84be3bfe79392a909b334.e3iSbxaKaheRe3eRa38MahaQbi1ynknvrkLOlQzNp65In0 HTTP/1.1" 200 2
44.231.202.44 - - [01/Nov/2023:03:27:57 -0500] "GET /BLA/resoluciones/index.php?dir=RESOLUCIONES%202007/RES%202007%201901%20AL%202000/&order=asc&sort=date HTTP/1.1" 200 26856
50.112.160.3 - - [01/Nov/2023:03:28:11 -0500] "GET /BLA/resoluciones/index.php?dir=RESOLUCIONES%202007/RES%202007%201901%20AL%202000/&order=asc&sort=size HTTP/1.1" 200 26856
172.22.2.4 - - [01/Nov/2023:03:26:44 -0500] "GET /BLA/boletinlegal/ HTTP/1.1" 200 50272
201.245.192.253 - - [01/Nov/2023:03:28:29 -0500] "POST /forms/lservlet;jsessionid=ac16012b30d66b1cb08e552f4ecc83f5ae6690438851.e3iSbxaKaheRe3eRa38MahaQbi1ynknvrkLOlQzNp65In0 HTTP/1.1" 200 2
50.112.160.3 - - [01/Nov/2023:03:29:13 -0500] "GET /BLA/resoluciones/RESOLUCIONES%202002/RES%202002%20851-900/INDEX.DAT HTTP/1.1" 200 2000
50.112.160.3 - - [01/Nov/2023:03:29:27 -0500] "GET /BLA/resoluciones/index.php?dir=RESOLUCIONES%202002/RES%202002%20851-900/&order=asc&sort=size HTTP/1.1" 200 12703
216.245.221.92 - - [01/Nov/2023:03:29:38 -0500] "HEAD / HTTP/1.1" 200 -
54.184.159.16 - - [01/Nov/2023:03:29:39 -0500] "GET /BLA/resoluciones/index.php?dir=Notificaciones/AUTOS%202202/&order=asc&sort=name HTTP/1.1" 200 2022
201.245.192.253 - - [01/Nov/2023:03:29:54 -0500] "POST /forms/lservlet;jsessionid=ac16012b30d6264c3ba800d84be3bfe79392a909b334.e3iSbxaKaheRe3eRa38MahaQbi1ynknvrkLOlQzNp65In0 HTTP/1.1" 200 2
54.184.159.16 - - [01/Nov/2023:03:29:55 -0500] "GET /BLA/resoluciones/index.php?dir=AUTOS%202002/&order=desc&sort=date HTTP/1.1" 200 1812
201.245.192.253 - - [01/Nov/2023:03:30:29 -0500] "POST /forms/lservlet;jsessionid=ac16012b30d66b1cb08e552f4ecc83f5ae6690438851.e3iSbxaKaheRe3eRa38MahaQbi1ynknvrkLOlQzNp65In0 HTTP/1.1" 200 2
201.245.192.253 - - [01/Nov/2023:03:30:41 -0500] "POST /kwsrmcab/Wsrmcab HTTP/1.1" 200 40464
201.245.192.253 - - [01/Nov/2023:03:30:44 -0500] "POST /kwsrmcab/Wsrmcab HTTP/1.1" 200 39917
66.249.66.38 - - [01/Nov/2023:03:31:00 -0500] "GET /presentamos-las-nuevas-herramientas-de-la-secretaria-de-ambiente-para-analizar-y-monitorear-los-rios-de-bogota.html HTTP/1.1" 200 905
52.167.144.219 - - [01/Nov/2023:03:31:16 -0500] "GET /Publicaciones/2023EE248724.pdf HTTP/1.1" 200 526068
52.167.144.223 - - [01/Nov/2023:03:31:21 -0500] "GET /Publicaciones/2023EE251522.pdf HTTP/1.1" 200 474970
201.245.192.253 - - [01/Nov/2023:03:31:54 -0500] "POST /forms/lservlet;jsessionid=ac16012b30d6264c3ba800d84be3bfe79392a909b334.e3iSbxaKaheRe3eRa38MahaQbi1ynknvrkLOlQzNp65In0 HTTP/1.1" 200 2
201.245.192.253 - - [01/Nov/2023:03:32:29 -0500] "POST /forms/lservlet;jsessionid=ac16012b30d66b1cb08e552f4ecc83f5ae6690438851.e3iSbxaKaheRe3eRa38MahaQbi1ynknvrkLOlQzNp65In0 HTTP/1.1" 200 2
201.245.192.253 - - [01/Nov/2023:03:32:39 -0500] "POST /kwsrmcab/Wsrmcab  HTTP/1.1" 200 213
172.22.2.4 - - [01/Nov/2023:03:31:43 -0500] "HEAD /BLA/boletinlegal/ HTTP/1.1" 200 -
44.231.202.44 - - [01/Nov/2023:03:33:27 -0500] "GET /BLA/resoluciones/index.php?dir=AUTOS%202006/AUTOS%202006%201701%20-%201800/&order=desc&sort=date HTTP/1.1" 200 22246
201.245.192.253 - - [01/Nov/2023:03:33:54 -0500] "POST /forms/lservlet;jsessionid=ac16012b30d6264c3ba800d84be3bfe79392a909b334.e3iSbxaKaheRe3eRa38MahaQbi1ynknvrkLOlQzNp65In0 HTTP/1.1" 200 2
54.184.159.16 - - [01/Nov/2023:03:34:12 -0500] "GET /BLA/resoluciones/index.php?dir=RESOLUCIONES%202006/RES%202006%201351-1400/&order=desc&sort=name HTTP/1.1" 200 12366
172.22.2.4 - - [01/Nov/2023:03:32:34 -0500] "GET /BLA/boletinlegal/ HTTP/1.1" 200 58644
201.245.192.253 - - [01/Nov/2023:03:34:29 -0500] "POST /forms/lservlet;jsessionid=ac16012b30d66b1cb08e552f4ecc83f5ae6690438851.e3iSbxaKaheRe3eRa38MahaQbi1ynknvrkLOlQzNp65In0 HTTP/1.1" 200 2
216.245.221.92 - - [01/Nov/2023:03:34:38 -0500] "HEAD / HTTP/1.1" 200 -
44.231.202.44 - - [01/Nov/2023:03:34:42 -0500] "GET /BLA/resoluciones/index.php?dir=Notificaciones/AUTOS%202029/&order=asc&sort=date HTTP/1.1" 200 2024
54.184.159.16 - - [01/Nov/2023:03:34:54 -0500] "GET /BLA/resoluciones/index.php?dir=Notificaciones/AUTOS%202029/&order=asc&sort=size HTTP/1.1" 200 2024
20.15.133.185 - - [01/Nov/2023:03:35:02 -0500] "GET /BLA/resoluciones/RESOLUCIONES%202022/3912.pdf HTTP/1.1" 200 913565
40.77.167.43 - - [01/Nov/2023:03:35:36 -0500] "GET /BLA/resoluciones/AUTOS%202023/2555.pdf HTTP/1.1" 200 907875
201.245.192.253 - - [01/Nov/2023:03:35:54 -0500] "POST /forms/lservlet;jsessionid=ac16012b30d6264c3ba800d84be3bfe79392a909b334.e3iSbxaKaheRe3eRa38MahaQbi1ynknvrkLOlQzNp65In0 HTTP/1.1" 200 2
54.184.159.16 - - [01/Nov/2023:03:36:11 -0500] "GET /BLA/resoluciones/index.php?dir=RESOLUCIONES%202006/RES%202006%20251-300/&order=desc&sort=name HTTP/1.1" 200 12235
201.245.192.253 - - [01/Nov/2023:03:36:29 -0500] "POST /forms/lservlet;jsessionid=ac16012b30d66b1cb08e552f4ecc83f5ae6690438851.e3iSbxaKaheRe3eRa38MahaQbi1ynknvrkLOlQzNp65In0 HTTP/1.1" 200 2
50.112.160.3 - - [01/Nov/2023:03:37:24 -0500] "GET /BLA/resoluciones/index.php?dir=Notificaciones/AUTOS%202022/&order=asc&sort=size HTTP/1.1" 200 166286
44.231.202.44 - - [01/Nov/2023:03:37:30 -0500] "GET /BLA/resoluciones/index.php?dir=AUTOS%202006/AUTOS%202006%202601%20-%202700/&order=desc&sort=size HTTP/1.1" 200 22188
201.245.192.253 - - [01/Nov/2023:03:37:31 -0500] "POST /kwsrmcab/Wsrmcab HTTP/1.1" 200 40464
201.245.192.253 - - [01/Nov/2023:03:37:34 -0500] "POST /kwsrmcab/Wsrmcab HTTP/1.1" 200 39917
201.245.192.253 - - [01/Nov/2023:03:37:38 -0500] "POST /kwsrmcab/Wsrmcab  HTTP/1.1" 200 213
201.245.192.253 - - [01/Nov/2023:03:37:54 -0500] "POST /forms/lservlet;jsessionid=ac16012b30d6264c3ba800d84be3bfe79392a909b334.e3iSbxaKaheRe3eRa38MahaQbi1ynknvrkLOlQzNp65In0 HTTP/1.1" 200 2
54.184.159.16 - - [01/Nov/2023:03:37:54 -0500] "GET /BLA/resoluciones/index.php?dir=RESOLUCIONES%202006/RES%202006%202601-2650/ HTTP/1.1" 200 11939
50.112.160.3 - - [01/Nov/2023:03:38:09 -0500] "GET /BLA/resoluciones/index.php?dir=RESOLUCIONES%201997/&order=desc&sort=date HTTP/1.1" 200 17830
201.245.192.253 - - [01/Nov/2023:03:38:29 -0500] "POST /forms/lservlet;jsessionid=ac16012b30d66b1cb08e552f4ecc83f5ae6690438851.e3iSbxaKaheRe3eRa38MahaQbi1ynknvrkLOlQzNp65In0 HTTP/1.1" 200 2
66.249.66.38 - - [01/Nov/2023:03:38:43 -0500] "GET /balance-ambiental-dia-sin-carro-y-sin-moto-mediodia.html HTTP/1.1" 304 -
172.22.2.4 - - [01/Nov/2023:03:37:33 -0500] "HEAD /BLA/boletinlegal/ HTTP/1.1" 200 -
216.245.221.92 - - [01/Nov/2023:03:39:38 -0500] "HEAD / HTTP/1.1" 200 -
201.245.192.253 - - [01/Nov/2023:03:39:54 -0500] "POST /forms/lservlet;jsessionid=ac16012b30d6264c3ba800d84be3bfe79392a909b334.e3iSbxaKaheRe3eRa38MahaQbi1ynknvrkLOlQzNp65In0 HTTP/1.1" 200 2
172.22.2.4 - - [01/Nov/2023:03:38:24 -0500] "GET /BLA/boletinlegal/ HTTP/1.1" 200 58644
201.245.192.253 - - [01/Nov/2023:03:40:29 -0500] "POST /forms/lservlet;jsessionid=ac16012b30d66b1cb08e552f4ecc83f5ae6690438851.e3iSbxaKaheRe3eRa38MahaQbi1ynknvrkLOlQzNp65In0 HTTP/1.1" 200 2
50.112.160.3 - - [01/Nov/2023:03:40:41 -0500] "GET /BLA/resoluciones/index.php?dir=RESOLUCIONES%202007/RES%202007%20601%20AL%20700/&order=asc&sort=date HTTP/1.1" 200 26655
54.184.159.16 - - [01/Nov/2023:03:40:43 -0500] "GET /BLA/resoluciones/index.php?dir=RESOLUCIONES%202007/RES%202007%20601%20AL%20700/&order=asc&sort=size HTTP/1.1" 200 26655
201.245.192.253 - - [01/Nov/2023:03:40:42 -0500] "POST /kwsrmcab/Wsrmcab HTTP/1.1" 200 40464
201.245.192.253 - - [01/Nov/2023:03:40:45 -0500] "POST /kwsrmcab/Wsrmcab HTTP/1.1" 200 39917
54.184.159.16 - - [01/Nov/2023:03:41:07 -0500] "GET /BLA/resoluciones/index.php?dir=RESOLUCIONES%202007/RES%202007%20601%20AL%20700/&order=desc&sort=name HTTP/1.1" 200 26654
52.167.144.142 - - [01/Nov/2023:03:41:10 -0500] "GET /BLA/resoluciones/RESOLUCIONES%202021/2732.pdf HTTP/1.1" 200 341350
54.184.159.16 - - [01/Nov/2023:03:41:32 -0500] "GET /BLA/resoluciones/index.php?dir=RESOLUCIONES%202005/RES%202005%201851-1900/&order=desc&sort=name HTTP/1.1" 200 12355
50.112.160.3 - - [01/Nov/2023:03:41:38 -0500] "GET /BLA/resoluciones/index.php?dir=RESOLUCIONES%202005/RES%202005%201851-1900/&order=asc&sort=date HTTP/1.1" 200 12356
44.231.202.44 - - [01/Nov/2023:03:41:44 -0500] "GET /BLA/resoluciones/index.php?dir=RESOLUCIONES%202005/RES%202005%201851-1900/&order=asc&sort=size HTTP/1.1" 200 12356
201.245.192.253 - - [01/Nov/2023:03:41:54 -0500] "POST /forms/lservlet;jsessionid=ac16012b30d6264c3ba800d84be3bfe79392a909b334.e3iSbxaKaheRe3eRa38MahaQbi1ynknvrkLOlQzNp65In0 HTTP/1.1" 200 2
44.231.202.44 - - [01/Nov/2023:03:42:08 -0500] "GET /BLA/resoluciones/index.php?dir=AUTOS%202006/&order=desc&sort=size HTTP/1.1" 200 9680
201.245.192.253 - - [01/Nov/2023:03:42:29 -0500] "POST /forms/lservlet;jsessionid=ac16012b30d66b1cb08e552f4ecc83f5ae6690438851.e3iSbxaKaheRe3eRa38MahaQbi1ynknvrkLOlQzNp65In0 HTTP/1.1" 200 2
44.231.202.44 - - [01/Nov/2023:03:42:31 -0500] "GET /BLA/resoluciones/RESOLUCIONES%202005/RES%202005%201851-1900/INDEX.DAT HTTP/1.1" 200 2000
201.245.192.253 - - [01/Nov/2023:03:42:37 -0500] "POST /kwsrmcab/Wsrmcab  HTTP/1.1" 200 213
35.203.211.153 - - [01/Nov/2023:03:42:50 -0500] "GET / HTTP/1.1" 200 319
201.245.192.253 - - [01/Nov/2023:03:43:54 -0500] "POST /forms/lservlet;jsessionid=ac16012b30d6264c3ba800d84be3bfe79392a909b334.e3iSbxaKaheRe3eRa38MahaQbi1ynknvrkLOlQzNp65In0 HTTP/1.1" 200 2
44.231.202.44 - - [01/Nov/2023:03:44:21 -0500] "GET /BLA/resoluciones/index.php?dir=AUTOS%202007/&order=desc&sort=date HTTP/1.1" 200 628422
201.245.192.253 - - [01/Nov/2023:03:44:29 -0500] "POST /forms/lservlet;jsessionid=ac16012b30d66b1cb08e552f4ecc83f5ae6690438851.e3iSbxaKaheRe3eRa38MahaQbi1ynknvrkLOlQzNp65In0 HTTP/1.1" 200 2
216.245.221.92 - - [01/Nov/2023:03:44:38 -0500] "HEAD / HTTP/1.1" 200 -
54.184.159.16 - - [01/Nov/2023:03:44:47 -0500] "GET /BLA/resoluciones/index.php?dir=RESOLUCIONES%202007/RES%202007%202201%20AL%202300/&order=desc&sort=name HTTP/1.1" 200 27113
199.16.157.182 - - [01/Nov/2023:03:45:02 -0500] "GET /images/pl%C3%A1sticos%20foto%201..jpg HTTP/1.1" 404 1034
172.22.2.4 - - [01/Nov/2023:03:43:23 -0500] "HEAD /BLA/boletinlegal/ HTTP/1.1" 200 -
50.112.160.3 - - [01/Nov/2023:03:45:03 -0500] "GET /BLA/resoluciones/index.php?dir=AUTOS%202006/AUTOS%202006%20101-200/&order=desc&sort=size HTTP/1.1" 200 21757
54.184.159.16 - - [01/Nov/2023:03:45:38 -0500] "GET /BLA/resoluciones/index.php?dir=RESOLUCIONES%202005/RES%202005%202451-2500/&order=desc&sort=name HTTP/1.1" 200 12369
44.231.202.44 - - [01/Nov/2023:03:45:40 -0500] "GET /BLA/resoluciones/RESOLUCIONES%202005/RES%202005%202451-2500/INDEX.DAT HTTP/1.1" 200 2000
50.112.160.3 - - [01/Nov/2023:03:45:42 -0500] "GET /BLA/resoluciones/index.php?dir=RESOLUCIONES%202005/RES%202005%202451-2500/&order=asc&sort=size HTTP/1.1" 200 12370
172.22.2.4 - - [01/Nov/2023:03:44:14 -0500] "GET /BLA/boletinlegal/ HTTP/1.1" 200 55399
201.245.192.253 - - [01/Nov/2023:03:45:54 -0500] "POST /forms/lservlet;jsessionid=ac16012b30d6264c3ba800d84be3bfe79392a909b334.e3iSbxaKaheRe3eRa38MahaQbi1ynknvrkLOlQzNp65In0 HTTP/1.1" 200 2
44.231.202.44 - - [01/Nov/2023:03:46:02 -0500] "GET /BLA/resoluciones/index.php?dir=RESOLUCIONES%202005/RES%202005%202451-2500/&order=asc&sort=date HTTP/1.1" 200 12370
44.231.202.44 - - [01/Nov/2023:03:46:14 -0500] "GET /BLA/resoluciones/RESOLUCIONES%202005/RES%202005%202251-2300/INDEX.DAT HTTP/1.1" 200 2000
201.245.192.253 - - [01/Nov/2023:03:46:29 -0500] "POST /forms/lservlet;jsessionid=ac16012b30d66b1cb08e552f4ecc83f5ae6690438851.e3iSbxaKaheRe3eRa38MahaQbi1ynknvrkLOlQzNp65In0 HTTP/1.1" 200 2
66.249.66.20 - - [01/Nov/2023:03:46:50 -0500] "GET /BLA/resoluciones/RESOLUCIONES%202009/7251.pdf HTTP/1.1" 200 117132
54.184.159.16 - - [01/Nov/2023:03:46:56 -0500] "GET /BLA/resoluciones/index.php?dir=RESOLUCIONES%202020/&order=asc&sort=name HTTP/1.1" 200 169742
201.245.192.253 - - [01/Nov/2023:03:47:36 -0500] "POST /kwsrmcab/Wsrmcab  HTTP/1.1" 200 213
201.245.192.253 - - [01/Nov/2023:03:47:54 -0500] "POST /forms/lservlet;jsessionid=ac16012b30d6264c3ba800d84be3bfe79392a909b334.e3iSbxaKaheRe3eRa38MahaQbi1ynknvrkLOlQzNp65In0 HTTP/1.1" 200 2
201.245.192.253 - - [01/Nov/2023:03:48:29 -0500] "POST /forms/lservlet;jsessionid=ac16012b30d66b1cb08e552f4ecc83f5ae6690438851.e3iSbxaKaheRe3eRa38MahaQbi1ynknvrkLOlQzNp65In0 HTTP/1.1" 200 2
216.245.221.92 - - [01/Nov/2023:03:49:38 -0500] "HEAD / HTTP/1.1" 200 -
44.231.202.44 - - [01/Nov/2023:03:49:44 -0500] "GET /BLA/resoluciones/index.php?dir=RESOLUCIONES%202006/RES%202006%20%202951-3000/&order=asc&sort=name HTTP/1.1" 200 12390
201.245.192.253 - - [01/Nov/2023:03:49:54 -0500] "POST /forms/lservlet;jsessionid=ac16012b30d6264c3ba800d84be3bfe79392a909b334.e3iSbxaKaheRe3eRa38MahaQbi1ynknvrkLOlQzNp65In0 HTTP/1.1" 200 2
201.245.192.253 - - [01/Nov/2023:03:50:29 -0500] "POST /forms/lservlet;jsessionid=ac16012b30d66b1cb08e552f4ecc83f5ae6690438851.e3iSbxaKaheRe3eRa38MahaQbi1ynknvrkLOlQzNp65In0 HTTP/1.1" 200 2
54.184.159.16 - - [01/Nov/2023:03:50:32 -0500] "GET /BLA/resoluciones/index.php?dir=AUTOS%202006/AUTOS%202006%201101-1200/&order=asc&sort=name HTTP/1.1" 200 21976
54.184.159.16 - - [01/Nov/2023:03:50:34 -0500] "GET /BLA/resoluciones/index.php?dir=AUTOS%202006/AUTOS%202006%201101-1200/&order=desc&sort=size HTTP/1.1" 200 21975
172.22.2.4 - - [01/Nov/2023:03:49:13 -0500] "HEAD /BLA/boletinlegal/ HTTP/1.1" 200 -
20.15.133.185 - - [01/Nov/2023:03:50:54 -0500] "GET /BLA/resoluciones/RESOLUCIONES%202022/3912.pdf HTTP/1.1" 200 913565
172.22.2.4 - - [01/Nov/2023:03:50:04 -0500] "GET /BLA/boletinlegal/ HTTP/1.1" 200 58644
201.245.192.253 - - [01/Nov/2023:03:51:54 -0500] "POST /forms/lservlet;jsessionid=ac16012b30d6264c3ba800d84be3bfe79392a909b334.e3iSbxaKaheRe3eRa38MahaQbi1ynknvrkLOlQzNp65In0 HTTP/1.1" 200 2
50.112.160.3 - - [01/Nov/2023:03:52:15 -0500] "GET /BLA/resoluciones/index.php?dir=Notificaciones/REGISTROS%200218/&order=desc&sort=name HTTP/1.1" 200 1870
44.231.202.44 - - [01/Nov/2023:03:52:16 -0500] "GET /BLA/resoluciones/index.php?dir=Notificaciones/REGISTROS%200218/&order=asc&sort=date HTTP/1.1" 200 1871
201.245.192.253 - - [01/Nov/2023:03:52:29 -0500] "POST /forms/lservlet;jsessionid=ac16012b30d66b1cb08e552f4ecc83f5ae6690438851.e3iSbxaKaheRe3eRa38MahaQbi1ynknvrkLOlQzNp65In0 HTTP/1.1" 200 2
201.245.192.253 - - [01/Nov/2023:03:52:35 -0500] "POST /kwsrmcab/Wsrmcab  HTTP/1.1" 200 213
50.112.160.3 - - [01/Nov/2023:03:53:52 -0500] "GET /BLA/resoluciones/index.php?dir=RESOLUCIONES%202002/&order=asc&sort=name HTTP/1.1" 200 26096
201.245.192.253 - - [01/Nov/2023:03:53:54 -0500] "POST /forms/lservlet;jsessionid=ac16012b30d6264c3ba800d84be3bfe79392a909b334.e3iSbxaKaheRe3eRa38MahaQbi1ynknvrkLOlQzNp65In0 HTTP/1.1" 200 2
44.231.202.44 - - [01/Nov/2023:03:53:56 -0500] "GET /BLA/resoluciones/index.php?dir=RESOLUCIONES%202006/RES%202006%201351-1400/&order=asc&sort=date HTTP/1.1" 200 12367
54.184.159.16 - - [01/Nov/2023:03:53:58 -0500] "GET /BLA/resoluciones/index.php?dir=RESOLUCIONES%201995/&order=desc&sort=size HTTP/1.1" 200 12496
44.231.202.44 - - [01/Nov/2023:03:54:08 -0500] "GET /BLA/resoluciones/index.php?dir=Notificaciones/AUTOS%202202/&order=desc&sort=size HTTP/1.1" 200 2021
201.245.192.253 - - [01/Nov/2023:03:54:29 -0500] "POST /forms/lservlet;jsessionid=ac16012b30d66b1cb08e552f4ecc83f5ae6690438851.e3iSbxaKaheRe3eRa38MahaQbi1ynknvrkLOlQzNp65In0 HTTP/1.1" 200 2
216.245.221.92 - - [01/Nov/2023:03:54:38 -0500] "HEAD / HTTP/1.1" 200 -
40.77.167.59 - - [01/Nov/2023:03:55:53 -0500] "GET /BLA/resoluciones/RESOLUCIONES%202019/1983.pdf HTTP/1.1" 200 739153
201.245.192.253 - - [01/Nov/2023:03:55:54 -0500] "POST /forms/lservlet;jsessionid=ac16012b30d6264c3ba800d84be3bfe79392a909b334.e3iSbxaKaheRe3eRa38MahaQbi1ynknvrkLOlQzNp65In0 HTTP/1.1" 200 2
201.245.192.253 - - [01/Nov/2023:03:56:29 -0500] "POST /forms/lservlet;jsessionid=ac16012b30d66b1cb08e552f4ecc83f5ae6690438851.e3iSbxaKaheRe3eRa38MahaQbi1ynknvrkLOlQzNp65In0 HTTP/1.1" 200 2
172.22.2.4 - - [01/Nov/2023:03:55:03 -0500] "HEAD /BLA/boletinlegal/ HTTP/1.1" 200 -
54.184.159.16 - - [01/Nov/2023:03:57:05 -0500] "GET /BLA/resoluciones/index.php?dir=RESOLUCIONES%202003/RES%202003%201351-1400/&order=desc&sort=size HTTP/1.1" 200 12156
172.22.2.4 - - [01/Nov/2023:03:55:54 -0500] "GET /BLA/boletinlegal/ HTTP/1.1" 200 55050
201.245.192.253 - - [01/Nov/2023:03:57:32 -0500] "POST /kwsrmcab/Wsrmcab  HTTP/1.1" 200 213
201.245.192.253 - - [01/Nov/2023:03:57:54 -0500] "POST /forms/lservlet;jsessionid=ac16012b30d6264c3ba800d84be3bfe79392a909b334.e3iSbxaKaheRe3eRa38MahaQbi1ynknvrkLOlQzNp65In0 HTTP/1.1" 200 2
201.245.192.253 - - [01/Nov/2023:03:58:29 -0500] "POST /forms/lservlet;jsessionid=ac16012b30d66b1cb08e552f4ecc83f5ae6690438851.e3iSbxaKaheRe3eRa38MahaQbi1ynknvrkLOlQzNp65In0 HTTP/1.1" 200 2
44.231.202.44 - - [01/Nov/2023:03:59:10 -0500] "GET /BLA/resoluciones/index.php?dir=RESOLUCIONES%202002/RES%202002%201051-1100/&order=asc&sort=size HTTP/1.1" 200 12143
50.112.160.3 - - [01/Nov/2023:03:59:10 -0500] "GET /BLA/resoluciones/index.php?dir=RESOLUCIONES%202002/RES%202002%201051-1100/&order=desc&sort=name HTTP/1.1" 200 12142
216.245.221.92 - - [01/Nov/2023:03:59:38 -0500] "HEAD / HTTP/1.1" 200 -
52.167.144.137 - - [01/Nov/2023:03:59:46 -0500] "GET /BLA/resoluciones/AUTOS%202023/4740.pdf HTTP/1.1" 200 420187
201.245.192.253 - - [01/Nov/2023:03:59:54 -0500] "POST /forms/lservlet;jsessionid=ac16012b30d6264c3ba800d84be3bfe79392a909b334.e3iSbxaKaheRe3eRa38MahaQbi1ynknvrkLOlQzNp65In0 HTTP/1.1" 200 2
201.245.192.253 - - [01/Nov/2023:04:00:29 -0500] "POST /forms/lservlet;jsessionid=ac16012b30d66b1cb08e552f4ecc83f5ae6690438851.e3iSbxaKaheRe3eRa38MahaQbi1ynknvrkLOlQzNp65In0 HTTP/1.1" 200 2
50.112.160.3 - - [01/Nov/2023:04:00:49 -0500] "GET /BLA/resoluciones/index.php?dir=RESOLUCIONES%202007/RES%202007%203301%20AL%203400/&order=desc&sort=size HTTP/1.1" 200 26619
50.112.160.3 - - [01/Nov/2023:04:00:53 -0500] "GET /BLA/resoluciones/index.php?dir=RESOLUCIONES%202005/RES%202005%202701%20-2750/&order=asc&sort=date HTTP/1.1" 200 12404
54.184.159.16 - - [01/Nov/2023:04:00:54 -0500] "GET /BLA/resoluciones/index.php?dir=RESOLUCIONES%202005/RES%202005%202701%20-2750/&order=desc&sort=name HTTP/1.1" 200 12403
54.184.159.16 - - [01/Nov/2023:04:00:55 -0500] "GET /BLA/resoluciones/RESOLUCIONES%202005/RES%202005%202701%20-2750/INDEX.DAT HTTP/1.1" 200 2000
44.231.202.44 - - [01/Nov/2023:04:00:59 -0500] "GET /BLA/resoluciones/index.php?dir=RESOLUCIONES%202005/RES%202005%202701%20-2750/&order=asc&sort=size HTTP/1.1" 200 12404
201.245.192.253 - - [01/Nov/2023:04:01:54 -0500] "POST /forms/lservlet;jsessionid=ac16012b30d6264c3ba800d84be3bfe79392a909b334.e3iSbxaKaheRe3eRa38MahaQbi1ynknvrkLOlQzNp65In0 HTTP/1.1" 200 2
201.245.192.253 - - [01/Nov/2023:04:02:29 -0500] "POST /forms/lservlet;jsessionid=ac16012b30d66b1cb08e552f4ecc83f5ae6690438851.e3iSbxaKaheRe3eRa38MahaQbi1ynknvrkLOlQzNp65In0 HTTP/1.1" 200 2
201.245.192.253 - - [01/Nov/2023:04:02:30 -0500] "POST /kwsrmcab/Wsrmcab  HTTP/1.1" 200 213
172.22.2.4 - - [01/Nov/2023:04:00:53 -0500] "HEAD /BLA/boletinlegal/ HTTP/1.1" 200 -
50.112.160.3 - - [01/Nov/2023:04:03:22 -0500] "GET /BLA/resoluciones/index.php?dir=RESOLUCIONES%201995/&order=asc&sort=name HTTP/1.1" 200 12497
172.22.2.4 - - [01/Nov/2023:04:01:44 -0500] "GET /BLA/boletinlegal/ HTTP/1.1" 200 60634
50.112.160.3 - - [01/Nov/2023:04:03:32 -0500] "GET /BLA/resoluciones/index.php?dir=RESOLUCIONES%201995/&order=desc&sort=date HTTP/1.1" 200 12496
201.245.192.253 - - [01/Nov/2023:04:03:54 -0500] "POST /forms/lservlet;jsessionid=ac16012b30d6264c3ba800d84be3bfe79392a909b334.e3iSbxaKaheRe3eRa38MahaQbi1ynknvrkLOlQzNp65In0 HTTP/1.1" 200 2
54.184.159.16 - - [01/Nov/2023:04:04:01 -0500] "GET /BLA/resoluciones/index.php?dir=RESOLUCIONES%202005/RES%202005%202251-2300/&order=asc&sort=date HTTP/1.1" 200 12353
44.231.202.44 - - [01/Nov/2023:04:04:12 -0500] "GET /BLA/resoluciones/index.php?dir=RESOLUCIONES%202005/RES%202005%202251-2300/&order=asc&sort=size HTTP/1.1" 200 12353
44.231.202.44 - - [01/Nov/2023:04:04:21 -0500] "GET /BLA/resoluciones/index.php?dir=RESOLUCIONES%202005/RES%202005%202251-2300/&order=desc&sort=name HTTP/1.1" 200 12352
201.245.192.253 - - [01/Nov/2023:04:04:29 -0500] "POST /forms/lservlet;jsessionid=ac16012b30d66b1cb08e552f4ecc83f5ae6690438851.e3iSbxaKaheRe3eRa38MahaQbi1ynknvrkLOlQzNp65In0 HTTP/1.1" 200 2
50.112.160.3 - - [01/Nov/2023:04:04:32 -0500] "GET /BLA/resoluciones/index.php?dir=RESOLUCIONES%202005/RES%202005%202551-2600/&order=asc&sort=date HTTP/1.1" 200 12367
50.112.160.3 - - [01/Nov/2023:04:04:35 -0500] "GET /BLA/resoluciones/RESOLUCIONES%202005/RES%202005%202551-2600/INDEX.DAT HTTP/1.1" 200 2000
216.245.221.92 - - [01/Nov/2023:04:04:38 -0500] "HEAD / HTTP/1.1" 200 -
54.184.159.16 - - [01/Nov/2023:04:04:45 -0500] "GET /BLA/resoluciones/index.php?dir=RESOLUCIONES%202005/RES%202005%202551-2600/&order=asc&sort=size HTTP/1.1" 200 12367
201.245.192.253 - - [01/Nov/2023:04:05:54 -0500] "POST /forms/lservlet;jsessionid=ac16012b30d6264c3ba800d84be3bfe79392a909b334.e3iSbxaKaheRe3eRa38MahaQbi1ynknvrkLOlQzNp65In0 HTTP/1.1" 200 2
201.245.192.253 - - [01/Nov/2023:04:06:29 -0500] "POST /forms/lservlet;jsessionid=ac16012b30d66b1cb08e552f4ecc83f5ae6690438851.e3iSbxaKaheRe3eRa38MahaQbi1ynknvrkLOlQzNp65In0 HTTP/1.1" 200 2
52.167.144.137 - - [01/Nov/2023:04:06:30 -0500] "GET /BLA/resoluciones/AUTOS%202023/2624.pdf HTTP/1.1" 200 467022
51.222.253.15 - - [01/Nov/2023:04:06:46 -0500] "GET /robots.txt HTTP/1.1" 404 1018
201.245.192.253 - - [01/Nov/2023:04:07:28 -0500] "POST /kwsrmcab/Wsrmcab  HTTP/1.1" 200 213
52.167.144.189 - - [01/Nov/2023:04:07:51 -0500] "GET /Publicaciones/2023EE224628.pdf HTTP/1.1" 404 228
201.245.192.253 - - [01/Nov/2023:04:07:54 -0500] "POST /forms/lservlet;jsessionid=ac16012b30d6264c3ba800d84be3bfe79392a909b334.e3iSbxaKaheRe3eRa38MahaQbi1ynknvrkLOlQzNp65In0 HTTP/1.1" 200 2
172.22.2.4 - - [01/Nov/2023:04:06:43 -0500] "HEAD /BLA/boletinlegal/ HTTP/1.1" 200 -
201.245.192.253 - - [01/Nov/2023:04:08:29 -0500] "POST /forms/lservlet;jsessionid=ac16012b30d66b1cb08e552f4ecc83f5ae6690438851.e3iSbxaKaheRe3eRa38MahaQbi1ynknvrkLOlQzNp65In0 HTTP/1.1" 200 2
52.167.144.187 - - [01/Nov/2023:04:08:41 -0500] "GET /BLA/resoluciones/RESOLUCIONES%202007/RES%202007%203201%20AL%203300/Resolucion%203257%20del%2030%20de%20octubre%20de%202007.pdf HTTP/1.1" 304 -
66.249.66.38 - - [01/Nov/2023:04:08:43 -0500] "GET /un-respiro-para-el-ambiente-durante-la-jornada-de-dia-sin-carro-y-sin-moto.html HTTP/1.1" 304 -
66.249.66.19 - - [01/Nov/2023:04:09:03 -0500] "GET /Publicaciones/2023EE222755.pdf HTTP/1.1" 404 228
172.22.2.4 - - [01/Nov/2023:04:07:34 -0500] "GET /BLA/boletinlegal/ HTTP/1.1" 200 58294
44.231.202.44 - - [01/Nov/2023:04:09:20 -0500] "GET /BLA/resoluciones/index.php?dir=Notificaciones/REGISTROS%200218/&order=asc&sort=size HTTP/1.1" 200 1871
168.119.253.11 - - [01/Nov/2023:04:09:36 -0500] "GET / HTTP/1.1" 200 319
168.119.253.11 - - [01/Nov/2023:04:09:37 -0500] "GET / HTTP/1.1" 200 4720
216.245.221.92 - - [01/Nov/2023:04:09:38 -0500] "HEAD / HTTP/1.1" 200 -
201.245.192.253 - - [01/Nov/2023:04:09:54 -0500] "POST /forms/lservlet;jsessionid=ac16012b30d6264c3ba800d84be3bfe79392a909b334.e3iSbxaKaheRe3eRa38MahaQbi1ynknvrkLOlQzNp65In0 HTTP/1.1" 200 2
201.245.192.253 - - [01/Nov/2023:04:10:29 -0500] "POST /forms/lservlet;jsessionid=ac16012b30d66b1cb08e552f4ecc83f5ae6690438851.e3iSbxaKaheRe3eRa38MahaQbi1ynknvrkLOlQzNp65In0 HTTP/1.1" 200 2
201.245.192.253 - - [01/Nov/2023:04:11:54 -0500] "POST /forms/lservlet;jsessionid=ac16012b30d6264c3ba800d84be3bfe79392a909b334.e3iSbxaKaheRe3eRa38MahaQbi1ynknvrkLOlQzNp65In0 HTTP/1.1" 200 2
172.22.2.4 - - [01/Nov/2023:04:12:04 -0500] "GET /BLA/boletinlegal/jurisprudencia.php HTTP/1.1" 200 17583
201.245.192.253 - - [01/Nov/2023:04:12:29 -0500] "POST /forms/lservlet;jsessionid=ac16012b30d66b1cb08e552f4ecc83f5ae6690438851.e3iSbxaKaheRe3eRa38MahaQbi1ynknvrkLOlQzNp65In0 HTTP/1.1" 200 2
201.245.192.253 - - [01/Nov/2023:04:12:27 -0500] "POST /kwsrmcab/Wsrmcab  HTTP/1.1" 200 213
66.249.66.20 - - [01/Nov/2023:04:12:30 -0500] "GET /BLA/resoluciones/RESOLUCIONES%202010/4074.pdf HTTP/1.1" 200 570378
201.245.192.253 - - [01/Nov/2023:04:13:54 -0500] "POST /forms/lservlet;jsessionid=ac16012b30d6264c3ba800d84be3bfe79392a909b334.e3iSbxaKaheRe3eRa38MahaQbi1ynknvrkLOlQzNp65In0 HTTP/1.1" 200 2
50.112.160.3 - - [01/Nov/2023:04:13:59 -0500] "GET /BLA/resoluciones/index.php?dir=AUTOS%202006/AUTOS%202006%201601%20-%201700/&order=asc&sort=name HTTP/1.1" 200 22248
50.112.160.3 - - [01/Nov/2023:04:14:01 -0500] "GET /BLA/resoluciones/index.php?dir=AUTOS%202006/AUTOS%202006%201601%20-%201700/&order=desc&sort=date HTTP/1.1" 200 22247
172.22.2.4 - - [01/Nov/2023:04:12:33 -0500] "HEAD /BLA/boletinlegal/ HTTP/1.1" 200 -
201.245.192.253 - - [01/Nov/2023:04:14:29 -0500] "POST /forms/lservlet;jsessionid=ac16012b30d66b1cb08e552f4ecc83f5ae6690438851.e3iSbxaKaheRe3eRa38MahaQbi1ynknvrkLOlQzNp65In0 HTTP/1.1" 200 2
216.245.221.92 - - [01/Nov/2023:04:14:38 -0500] "HEAD / HTTP/1.1" 200 -
54.184.159.16 - - [01/Nov/2023:04:14:50 -0500] "GET /BLA/resoluciones/index.php?dir=RESOLUCIONES%202002/RES%202002%201051-1100/&order=asc&sort=date HTTP/1.1" 200 12143
172.22.2.4 - - [01/Nov/2023:04:13:24 -0500] "GET /BLA/boletinlegal/ HTTP/1.1" 200 58294
201.245.192.253 - - [01/Nov/2023:04:15:54 -0500] "POST /forms/lservlet;jsessionid=ac16012b30d6264c3ba800d84be3bfe79392a909b334.e3iSbxaKaheRe3eRa38MahaQbi1ynknvrkLOlQzNp65In0 HTTP/1.1" 200 2
50.112.160.3 - - [01/Nov/2023:04:16:03 -0500] "GET /BLA/resoluciones/index.php?dir=RESOLUCIONES%202007/RES%202007%201726%20AL%201800/&order=asc&sort=date HTTP/1.1" 200 20645
44.231.202.44 - - [01/Nov/2023:04:16:04 -0500] "GET /BLA/resoluciones/index.php?dir=RESOLUCIONES%202007/RES%202007%201726%20AL%201800/&order=asc&sort=size HTTP/1.1" 200 20645
44.231.202.44 - - [01/Nov/2023:04:16:12 -0500] "GET /BLA/resoluciones/index.php?dir=RESOLUCIONES%202007/RES%202007%201726%20AL%201800/&order=desc&sort=name HTTP/1.1" 200 20644
201.245.192.253 - - [01/Nov/2023:04:16:29 -0500] "POST /forms/lservlet;jsessionid=ac16012b30d66b1cb08e552f4ecc83f5ae6690438851.e3iSbxaKaheRe3eRa38MahaQbi1ynknvrkLOlQzNp65In0 HTTP/1.1" 200 2
40.77.167.230 - - [01/Nov/2023:04:16:33 -0500] "GET /BLA/resoluciones/AUTOS%202023/0996.pdf HTTP/1.1" 200 522792
201.245.192.253 - - [01/Nov/2023:04:17:25 -0500] "POST /kwsrmcab/Wsrmcab  HTTP/1.1" 200 213
201.245.192.253 - - [01/Nov/2023:04:17:31 -0500] "POST /kwsrmcab/Wsrmcab HTTP/1.1" 200 40153
201.245.192.253 - - [01/Nov/2023:04:17:34 -0500] "POST /kwsrmcab/Wsrmcab HTTP/1.1" 200 39785
201.245.192.253 - - [01/Nov/2023:04:17:54 -0500] "POST /forms/lservlet;jsessionid=ac16012b30d6264c3ba800d84be3bfe79392a909b334.e3iSbxaKaheRe3eRa38MahaQbi1ynknvrkLOlQzNp65In0 HTTP/1.1" 200 2
201.245.192.253 - - [01/Nov/2023:04:18:29 -0500] "POST /forms/lservlet;jsessionid=ac16012b30d66b1cb08e552f4ecc83f5ae6690438851.e3iSbxaKaheRe3eRa38MahaQbi1ynknvrkLOlQzNp65In0 HTTP/1.1" 200 2
44.231.202.44 - - [01/Nov/2023:04:19:09 -0500] "GET /BLA/resoluciones/index.php?dir=RESOLUCIONES%202005/RES%202005%202551-2600/&order=desc&sort=name HTTP/1.1" 200 12366
216.245.221.92 - - [01/Nov/2023:04:19:38 -0500] "HEAD / HTTP/1.1" 200 -
40.77.167.230 - - [01/Nov/2023:04:19:47 -0500] "GET /BLA/resoluciones/AUTOS%202023/0734.pdf HTTP/1.1" 200 1359977
40.77.167.230 - - [01/Nov/2023:04:19:49 -0500] "GET /BLA/resoluciones/AUTOS%202013/0360.pdf HTTP/1.1" 304 -
201.245.192.253 - - [01/Nov/2023:04:19:54 -0500] "POST /forms/lservlet;jsessionid=ac16012b30d6264c3ba800d84be3bfe79392a909b334.e3iSbxaKaheRe3eRa38MahaQbi1ynknvrkLOlQzNp65In0 HTTP/1.1" 200 2
172.22.2.4 - - [01/Nov/2023:04:18:23 -0500] "HEAD /BLA/boletinlegal/ HTTP/1.1" 200 -
201.245.192.253 - - [01/Nov/2023:04:20:29 -0500] "POST /forms/lservlet;jsessionid=ac16012b30d66b1cb08e552f4ecc83f5ae6690438851.e3iSbxaKaheRe3eRa38MahaQbi1ynknvrkLOlQzNp65In0 HTTP/1.1" 200 2
201.245.192.253 - - [01/Nov/2023:04:20:41 -0500] "POST /kwsrmcab/Wsrmcab HTTP/1.1" 200 40153
201.245.192.253 - - [01/Nov/2023:04:20:44 -0500] "POST /kwsrmcab/Wsrmcab HTTP/1.1" 200 39785
172.22.2.4 - - [01/Nov/2023:04:19:13 -0500] "GET /BLA/boletinlegal/ HTTP/1.1" 200 58644
44.231.202.44 - - [01/Nov/2023:04:21:01 -0500] "GET /BLA/resoluciones/index.php?dir=RESOLUCIONES%202005/RES%202005%201801-1850/&order=asc&sort=date HTTP/1.1" 200 12362
50.112.160.3 - - [01/Nov/2023:04:21:02 -0500] "GET /BLA/resoluciones/RESOLUCIONES%202005/RES%202005%201801-1850/INDEX.DAT HTTP/1.1" 200 2000
44.231.202.44 - - [01/Nov/2023:04:21:06 -0500] "GET /BLA/resoluciones/index.php?dir=RESOLUCIONES%202005/RES%202005%201801-1850/&order=asc&sort=size HTTP/1.1" 200 12362
50.112.160.3 - - [01/Nov/2023:04:21:15 -0500] "GET /BLA/resoluciones/index.php?dir=RESOLUCIONES%202005/RES%202005%201801-1850/&order=desc&sort=name HTTP/1.1" 200 12361
201.245.192.253 - - [01/Nov/2023:04:21:54 -0500] "POST /forms/lservlet;jsessionid=ac16012b30d6264c3ba800d84be3bfe79392a909b334.e3iSbxaKaheRe3eRa38MahaQbi1ynknvrkLOlQzNp65In0 HTTP/1.1" 200 2
50.112.160.3 - - [01/Nov/2023:04:22:02 -0500] "GET /BLA/resoluciones/index.php?dir=RESOLUCIONES%202002/&order=desc&sort=size HTTP/1.1" 200 26095
201.245.192.253 - - [01/Nov/2023:04:22:24 -0500] "POST /kwsrmcab/Wsrmcab  HTTP/1.1" 200 213
201.245.192.253 - - [01/Nov/2023:04:22:29 -0500] "POST /forms/lservlet;jsessionid=ac16012b30d66b1cb08e552f4ecc83f5ae6690438851.e3iSbxaKaheRe3eRa38MahaQbi1ynknvrkLOlQzNp65In0 HTTP/1.1" 200 2
66.249.66.21 - - [01/Nov/2023:04:22:56 -0500] "GET /BLA/resoluciones/RESOLUCIONES%202010/5768.pdf HTTP/1.1" 200 79794
54.184.159.16 - - [01/Nov/2023:04:23:34 -0500] "GET /BLA/resoluciones/index.php?dir=RESOLUCIONES%202007/RES%202007%203801%20AL%203900/&order=desc&sort=name HTTP/1.1" 200 26636
50.112.160.3 - - [01/Nov/2023:04:23:35 -0500] "GET /BLA/resoluciones/index.php?dir=RESOLUCIONES%202007/RES%202007%203801%20AL%203900/&order=asc&sort=size HTTP/1.1" 200 26637
44.231.202.44 - - [01/Nov/2023:04:23:36 -0500] "GET /BLA/resoluciones/index.php?dir=RESOLUCIONES%202007/RES%202007%203801%20AL%203900/&order=asc&sort=date HTTP/1.1" 200 26637
201.245.192.253 - - [01/Nov/2023:04:23:54 -0500] "POST /forms/lservlet;jsessionid=ac16012b30d6264c3ba800d84be3bfe79392a909b334.e3iSbxaKaheRe3eRa38MahaQbi1ynknvrkLOlQzNp65In0 HTTP/1.1" 200 2
201.245.192.253 - - [01/Nov/2023:04:24:29 -0500] "POST /forms/lservlet;jsessionid=ac16012b30d66b1cb08e552f4ecc83f5ae6690438851.e3iSbxaKaheRe3eRa38MahaQbi1ynknvrkLOlQzNp65In0 HTTP/1.1" 200 2
216.245.221.92 - - [01/Nov/2023:04:24:38 -0500] "HEAD / HTTP/1.1" 200 -
50.112.160.3 - - [01/Nov/2023:04:24:45 -0500] "GET /BLA/resoluciones/index.php?dir=RESOLUCIONES%202005/RES%202005%202551-2600/&order=asc&sort=name HTTP/1.1" 200 12367
44.231.202.44 - - [01/Nov/2023:04:24:55 -0500] "GET /BLA/resoluciones/index.php?dir=AUTOS%202005/&order=desc&sort=date HTTP/1.1" 200 2790
66.249.66.20 - - [01/Nov/2023:04:25:09 -0500] "GET /BLA/resoluciones/RESOLUCIONES%202013/2785.pdf HTTP/1.1" 200 270995
50.112.160.3 - - [01/Nov/2023:04:25:09 -0500] "GET /BLA/resoluciones/index.php?dir=RESOLUCIONES%202002/RES%202002%201851-1900/&order=desc&sort=name HTTP/1.1" 200 12149
50.112.160.3 - - [01/Nov/2023:04:25:10 -0500] "GET /BLA/resoluciones/index.php?dir=RESOLUCIONES%202002/RES%202002%201851-1900/&order=asc&sort=date HTTP/1.1" 200 12150
54.184.159.16 - - [01/Nov/2023:04:25:14 -0500] "GET /BLA/resoluciones/index.php?dir=RESOLUCIONES%202002/RES%202002%201851-1900/&order=asc&sort=size HTTP/1.1" 200 12150
54.184.159.16 - - [01/Nov/2023:04:25:20 -0500] "GET /BLA/resoluciones/RESOLUCIONES%202006/RES%202006%201201-1250/INDEX.DAT HTTP/1.1" 200 2000
54.184.159.16 - - [01/Nov/2023:04:25:21 -0500] "GET /BLA/resoluciones/index.php?dir=RESOLUCIONES%202006/RES%202006%201201-1250/&order=asc&sort=size HTTP/1.1" 200 12346
54.184.159.16 - - [01/Nov/2023:04:25:23 -0500] "GET /BLA/resoluciones/index.php?dir=RESOLUCIONES%202006/RES%202006%201201-1250/&order=asc&sort=date HTTP/1.1" 200 12346
