54.184.159.16 - - [01/Nov/2023:01:57:16 -0500] "GET /BLA/resoluciones/index.php?dir=RESOLUCIONES%202003/RES%202003%201551-1601/&order=desc&sort=name HTTP/1.1" 200 12155
54.174.58.242 - - [01/Nov/2023:01:57:17 -0500] "GET /robots.txt HTTP/1.1" 404 1018
50.112.160.3 - - [01/Nov/2023:01:57:21 -0500] "GET /BLA/resoluciones/index.php?dir=RESOLUCIONES%202005/RES%202005%201051-1100/&order=desc&sort=date HTTP/1.1" 200 3975
54.174.58.250 - - [01/Nov/2023:01:57:23 -0500] "GET /robots.txt HTTP/1.1" 404 1018
50.112.160.3 - - [01/Nov/2023:01:57:26 -0500] "GET /BLA/resoluciones/index.php?dir=RESOLUCIONES%202003/RES%202003%201701-1750/&order=asc&sort=size HTTP/1.1" 200 12147
54.174.58.250 - - [01/Nov/2023:01:57:29 -0500] "GET /robots.txt HTTP/1.1" 404 1018
54.174.58.249 - - [01/Nov/2023:01:57:34 -0500] "GET /robots.txt HTTP/1.1" 404 1018
50.112.160.3 - - [01/Nov/2023:01:57:35 -0500] "GET /BLA/resoluciones/index.php?dir=RESOLUCIONES%202002/RES%202002%20651-700/&order=asc&sort=size HTTP/1.1" 200 12213
54.174.58.229 - - [01/Nov/2023:01:57:40 -0500] "GET /robots.txt HTTP/1.1" 404 1018
54.174.58.246 - - [01/Nov/2023:01:57:46 -0500] "GET /robots.txt HTTP/1.1" 404 1018
54.174.58.241 - - [01/Nov/2023:01:57:52 -0500] "GET /robots.txt HTTP/1.1" 404 1018
201.245.192.253 - - [01/Nov/2023:01:57:53 -0500] "POST /forms/lservlet;jsessionid=ac16012b30d6264c3ba800d84be3bfe79392a909b334.e3iSbxaKaheRe3eRa38MahaQbi1ynknvrkLOlQzNp65In0 HTTP/1.1" 200 2
54.174.58.250 - - [01/Nov/2023:01:57:57 -0500] "GET /robots.txt HTTP/1.1" 404 1018
54.174.58.246 - - [01/Nov/2023:01:58:04 -0500] "GET /robots.txt HTTP/1.1" 404 1018
201.245.192.253 - - [01/Nov/2023:01:58:02 -0500] "POST /kwsrmcab/Wsrmcab  HTTP/1.1" 200 213
44.231.202.44 - - [01/Nov/2023:01:58:06 -0500] "GET /BLA/resoluciones/index.php?dir=Acuerdos/&order=desc&sort=size HTTP/1.1" 200 3395
54.174.58.246 - - [01/Nov/2023:01:58:09 -0500] "GET /robots.txt HTTP/1.1" 404 1018
54.174.58.252 - - [01/Nov/2023:01:58:15 -0500] "GET /robots.txt HTTP/1.1" 404 1018
50.112.160.3 - - [01/Nov/2023:01:58:19 -0500] "GET /BLA/resoluciones/index.php?dir=RESOLUCIONES%202003/RES%202003%201701-1750/&order=asc&sort=date HTTP/1.1" 200 12147
54.174.58.229 - - [01/Nov/2023:01:58:21 -0500] "GET /robots.txt HTTP/1.1" 404 1018
123.126.68.98 - - [01/Nov/2023:01:58:27 -0500] "GET / HTTP/1.1" 200 319
44.231.202.44 - - [01/Nov/2023:01:58:27 -0500] "GET /BLA/resoluciones/index.php?dir=RESOLUCIONES%202002/RES%202002%20651-700/&order=desc&sort=name HTTP/1.1" 200 12212
54.174.58.225 - - [01/Nov/2023:01:58:29 -0500] "GET /robots.txt HTTP/1.1" 404 1018
201.245.192.253 - - [01/Nov/2023:01:58:29 -0500] "POST /forms/lservlet;jsessionid=ac16012b30d66b1cb08e552f4ecc83f5ae6690438851.e3iSbxaKaheRe3eRa38MahaQbi1ynknvrkLOlQzNp65In0 HTTP/1.1" 200 2
54.184.159.16 - - [01/Nov/2023:01:58:32 -0500] "GET /BLA/resoluciones/index.php?dir=Notificaciones/RESOLUCIONES%202012/&order=asc&sort=size HTTP/1.1" 200 2077
54.174.58.238 - - [01/Nov/2023:01:58:35 -0500] "GET /robots.txt HTTP/1.1" 404 1018
54.174.58.237 - - [01/Nov/2023:01:58:43 -0500] "GET /robots.txt HTTP/1.1" 404 1018
54.184.159.16 - - [01/Nov/2023:01:58:48 -0500] "GET /BLA/resoluciones/index.php?dir=Notificaciones/RESOLUCIONES%202012/&order=asc&sort=date HTTP/1.1" 200 2077
54.174.58.225 - - [01/Nov/2023:01:58:48 -0500] "GET /robots.txt HTTP/1.1" 404 1018
207.46.13.154 - - [01/Nov/2023:01:58:54 -0500] "GET /sipse/faces/faces/autenticacion.xhtml HTTP/1.1" 200 12731
44.231.202.44 - - [01/Nov/2023:01:59:00 -0500] "GET /BLA/resoluciones/index.php?dir=RESOLUCIONES%202002/RES%202002%20651-700/&order=asc&sort=date HTTP/1.1" 200 12213
54.174.58.252 - - [01/Nov/2023:01:59:04 -0500] "GET /robots.txt HTTP/1.1" 404 1018
54.174.58.241 - - [01/Nov/2023:01:59:09 -0500] "GET /robots.txt HTTP/1.1" 404 1018
54.174.58.237 - - [01/Nov/2023:01:59:15 -0500] "GET /robots.txt HTTP/1.1" 404 1018
54.184.159.16 - - [01/Nov/2023:01:59:14 -0500] "GET /BLA/resoluciones/index.php?dir=Notificaciones/AUTOS%202023/&order=asc&sort=date HTTP/1.1" 200 98540
54.174.58.237 - - [01/Nov/2023:01:59:20 -0500] "GET /robots.txt HTTP/1.1" 404 1018
40.77.167.70 - - [01/Nov/2023:01:59:22 -0500] "GET /BLA/resoluciones/index.php?dir=AUTOS+2005%2F HTTP/1.1" 200 2791
54.174.58.252 - - [01/Nov/2023:01:59:26 -0500] "GET /robots.txt HTTP/1.1" 404 1018
50.112.160.3 - - [01/Nov/2023:01:59:31 -0500] "GET /BLA/resoluciones/index.php?dir=Notificaciones/AUTOS%202023/&order=asc&sort=size HTTP/1.1" 200 98540
54.174.58.241 - - [01/Nov/2023:01:59:32 -0500] "GET /robots.txt HTTP/1.1" 404 1018
207.46.13.154 - - [01/Nov/2023:01:59:34 -0500] "GET /sipse/css/custom_css_sg_prime_login.css HTTP/1.1" 200 443
44.231.202.44 - - [01/Nov/2023:01:59:36 -0500] "GET /BLA/resoluciones/index.php?dir=RESOLUCIONES%202003/RES%202003%201351-1400/&order=asc&sort=name HTTP/1.1" 200 12157
54.174.58.252 - - [01/Nov/2023:01:59:38 -0500] "GET /robots.txt HTTP/1.1" 404 1018
216.245.221.92 - - [01/Nov/2023:01:59:38 -0500] "HEAD / HTTP/1.1" 200 -
40.77.167.16 - - [01/Nov/2023:01:59:42 -0500] "GET /sipse/css/custom_css_sg.css HTTP/1.1" 200 9694
40.77.167.16 - - [01/Nov/2023:01:59:42 -0500] "GET /sipse/faces/javax.faces.resource/theme.css?ln=primefaces-sipse HTTP/1.1" 200 50058
40.77.167.16 - - [01/Nov/2023:01:59:42 -0500] "GET /sipse/faces/javax.faces.resource/jquery/jquery-plugins.js;jsessionid=zCJ52RAysH-nA2NONb5l2aSP.undefined?ln=primefaces&v=4.0 HTTP/1.1" 200 220526
40.77.167.16 - - [01/Nov/2023:01:59:43 -0500] "GET /sipse/js/disable_browser_buttons.js HTTP/1.1" 200 3230
54.174.58.252 - - [01/Nov/2023:01:59:43 -0500] "GET /robots.txt HTTP/1.1" 404 1018
54.174.58.249 - - [01/Nov/2023:01:59:50 -0500] "GET /robots.txt HTTP/1.1" 404 1018
50.112.160.3 - - [01/Nov/2023:01:59:50 -0500] "GET /BLA/resoluciones/index.php?dir=RESOLUCIONES%202003/RES%202003%20701-750/&order=asc&sort=size HTTP/1.1" 200 11298
201.245.192.253 - - [01/Nov/2023:01:59:53 -0500] "POST /forms/lservlet;jsessionid=ac16012b30d6264c3ba800d84be3bfe79392a909b334.e3iSbxaKaheRe3eRa38MahaQbi1ynknvrkLOlQzNp65In0 HTTP/1.1" 200 2
54.174.58.238 - - [01/Nov/2023:01:59:56 -0500] "GET /robots.txt HTTP/1.1" 404 1018
172.22.2.4 - - [01/Nov/2023:01:58:16 -0500] "HEAD /BLA/boletinlegal/ HTTP/1.1" 200 -
54.174.58.249 - - [01/Nov/2023:02:00:01 -0500] "GET /robots.txt HTTP/1.1" 404 1018
50.112.160.3 - - [01/Nov/2023:02:00:03 -0500] "GET /BLA/resoluciones/index.php?dir=RESOLUCIONES%202003/RES%202003%20701-750/&order=asc&sort=date HTTP/1.1" 200 11298
54.174.58.229 - - [01/Nov/2023:02:00:06 -0500] "GET /robots.txt HTTP/1.1" 404 1018
54.174.58.253 - - [01/Nov/2023:02:00:12 -0500] "GET /robots.txt HTTP/1.1" 404 1018
44.231.202.44 - - [01/Nov/2023:02:00:14 -0500] "GET /BLA/resoluciones/index.php?dir=RESOLUCIONES%202003/RES%202003%20701-750/&order=desc&sort=name HTTP/1.1" 200 11297
54.174.58.241 - - [01/Nov/2023:02:00:18 -0500] "GET /robots.txt HTTP/1.1" 404 1018
50.112.160.3 - - [01/Nov/2023:02:00:21 -0500] "GET /BLA/resoluciones/index.php?dir=RESOLUCIONES%202013/&order=asc&sort=name HTTP/1.1" 200 238278
54.174.58.253 - - [01/Nov/2023:02:00:24 -0500] "GET /robots.txt HTTP/1.1" 404 1018
44.231.202.44 - - [01/Nov/2023:02:00:27 -0500] "GET /BLA/resoluciones/index.php?dir=AUTOS%202006/AUTOS%202006%202001%20-%202100/&order=asc&sort=name HTTP/1.1" 200 22199
201.245.192.253 - - [01/Nov/2023:02:00:29 -0500] "POST /forms/lservlet;jsessionid=ac16012b30d66b1cb08e552f4ecc83f5ae6690438851.e3iSbxaKaheRe3eRa38MahaQbi1ynknvrkLOlQzNp65In0 HTTP/1.1" 200 2
54.174.58.241 - - [01/Nov/2023:02:00:30 -0500] "GET /robots.txt HTTP/1.1" 404 1018
54.174.58.242 - - [01/Nov/2023:02:00:38 -0500] "GET /robots.txt HTTP/1.1" 404 1018
54.174.58.237 - - [01/Nov/2023:02:00:44 -0500] "GET /robots.txt HTTP/1.1" 404 1018
44.231.202.44 - - [01/Nov/2023:02:00:45 -0500] "GET /BLA/resoluciones/index.php?dir=RESOLUCIONES%202005/RES%202005%201251-1300/&order=asc&sort=date HTTP/1.1" 200 12362
172.22.2.4 - - [01/Nov/2023:01:59:07 -0500] "GET /BLA/boletinlegal/ HTTP/1.1" 200 58644
54.174.58.253 - - [01/Nov/2023:02:00:50 -0500] "GET /robots.txt HTTP/1.1" 404 1018
54.174.58.237 - - [01/Nov/2023:02:00:56 -0500] "GET /robots.txt HTTP/1.1" 404 1018
54.184.159.16 - - [01/Nov/2023:02:01:01 -0500] "GET /BLA/resoluciones/index.php?dir=RESOLUCIONES%202003/RES%202003%201151-1200/&order=asc&sort=name HTTP/1.1" 200 11570
54.174.58.242 - - [01/Nov/2023:02:01:02 -0500] "GET /robots.txt HTTP/1.1" 404 1018
54.174.58.246 - - [01/Nov/2023:02:01:07 -0500] "GET /robots.txt HTTP/1.1" 404 1018
50.112.160.3 - - [01/Nov/2023:02:01:07 -0500] "GET /BLA/resoluciones/index.php?dir=RESOLUCIONES%202003/RES%202003%20901-950/&order=desc&sort=name HTTP/1.1" 200 11305
54.174.58.237 - - [01/Nov/2023:02:01:13 -0500] "GET /robots.txt HTTP/1.1" 404 1018
44.231.202.44 - - [01/Nov/2023:02:01:12 -0500] "GET /BLA/resoluciones/index.php?dir=RESOLUCIONES%202003/RES%202003%201151-1200/&order=desc&sort=size HTTP/1.1" 200 11569
40.77.167.16 - - [01/Nov/2023:02:01:14 -0500] "GET /Publicaciones/2023EE251542.pdf HTTP/1.1" 200 681393
54.174.58.252 - - [01/Nov/2023:02:01:19 -0500] "GET /robots.txt HTTP/1.1" 404 1018
54.184.159.16 - - [01/Nov/2023:02:01:19 -0500] "GET /BLA/resoluciones/index.php?dir=RESOLUCIONES%202002/RES%202002%201701-1750/&order=asc&sort=date HTTP/1.1" 200 12141
54.174.58.236 - - [01/Nov/2023:02:01:25 -0500] "GET /robots.txt HTTP/1.1" 404 1018
54.174.58.242 - - [01/Nov/2023:02:01:30 -0500] "GET /robots.txt HTTP/1.1" 404 1018
44.231.202.44 - - [01/Nov/2023:02:01:31 -0500] "GET /BLA/resoluciones/index.php?dir=RESOLUCIONES%202003/RES%202003%20901-950/&order=asc&sort=size HTTP/1.1" 200 11306
54.174.58.238 - - [01/Nov/2023:02:01:36 -0500] "GET /robots.txt HTTP/1.1" 404 1018
54.174.58.236 - - [01/Nov/2023:02:01:41 -0500] "GET /robots.txt HTTP/1.1" 404 1018
50.112.160.3 - - [01/Nov/2023:02:01:43 -0500] "GET /BLA/resoluciones/index.php?dir=AUTOS%202013/&order=desc&sort=name HTTP/1.1" 200 407590
54.174.58.241 - - [01/Nov/2023:02:01:48 -0500] "GET /robots.txt HTTP/1.1" 404 1018
54.184.159.16 - - [01/Nov/2023:02:01:49 -0500] "GET /BLA/resoluciones/RESOLUCIONES%202002/RES%202002%20351-400/INDEX.DAT HTTP/1.1" 200 10000
201.245.192.253 - - [01/Nov/2023:02:01:53 -0500] "POST /forms/lservlet;jsessionid=ac16012b30d6264c3ba800d84be3bfe79392a909b334.e3iSbxaKaheRe3eRa38MahaQbi1ynknvrkLOlQzNp65In0 HTTP/1.1" 200 2
54.174.58.229 - - [01/Nov/2023:02:01:55 -0500] "GET /robots.txt HTTP/1.1" 404 1018
44.231.202.44 - - [01/Nov/2023:02:02:00 -0500] "GET /BLA/resoluciones/index.php?dir=RESOLUCIONES%202005/RES%202005%201251-1300/&order=desc&sort=name HTTP/1.1" 200 12361
54.174.58.238 - - [01/Nov/2023:02:02:01 -0500] "GET /robots.txt HTTP/1.1" 404 1018
44.231.202.44 - - [01/Nov/2023:02:02:07 -0500] "GET /BLA/resoluciones/index.php?dir=RESOLUCIONES%202005/RES%202005%201251-1300/&order=asc&sort=size HTTP/1.1" 200 12362
54.174.58.249 - - [01/Nov/2023:02:02:09 -0500] "GET /robots.txt HTTP/1.1" 404 1018
54.174.58.242 - - [01/Nov/2023:02:02:14 -0500] "GET /robots.txt HTTP/1.1" 404 1018
54.184.159.16 - - [01/Nov/2023:02:02:15 -0500] "GET /BLA/resoluciones/index.php?dir=RESOLUCIONES%202003/RES%202003%202001-2051/&order=asc&sort=date HTTP/1.1" 200 12159
54.174.58.237 - - [01/Nov/2023:02:02:20 -0500] "GET /robots.txt HTTP/1.1" 404 1018
50.112.160.3 - - [01/Nov/2023:02:02:23 -0500] "GET /BLA/resoluciones/index.php?dir=RESOLUCIONES%202005/RES%202005%202851-2900/&order=asc&sort=name HTTP/1.1" 200 12156
54.174.58.242 - - [01/Nov/2023:02:02:26 -0500] "GET /robots.txt HTTP/1.1" 404 1018
114.119.145.150 - - [01/Nov/2023:02:02:29 -0500] "GET /robots.txt HTTP/1.1" 404 1018
201.245.192.253 - - [01/Nov/2023:02:02:29 -0500] "POST /forms/lservlet;jsessionid=ac16012b30d66b1cb08e552f4ecc83f5ae6690438851.e3iSbxaKaheRe3eRa38MahaQbi1ynknvrkLOlQzNp65In0 HTTP/1.1" 200 2
44.231.202.44 - - [01/Nov/2023:02:02:33 -0500] "GET /BLA/resoluciones/RESOLUCIONES%202006/RES%202006%201651-1700/INDEX.DAT HTTP/1.1" 200 2000
54.174.58.237 - - [01/Nov/2023:02:02:33 -0500] "GET /robots.txt HTTP/1.1" 404 1018
54.174.58.253 - - [01/Nov/2023:02:02:40 -0500] "GET /robots.txt HTTP/1.1" 404 1018
54.174.58.238 - - [01/Nov/2023:02:02:47 -0500] "GET /robots.txt HTTP/1.1" 404 1018
50.112.160.3 - - [01/Nov/2023:02:02:46 -0500] "GET /BLA/resoluciones/index.php?dir=RESOLUCIONES%202013/&order=desc&sort=size HTTP/1.1" 200 238277
54.174.58.237 - - [01/Nov/2023:02:02:53 -0500] "GET /robots.txt HTTP/1.1" 404 1018
54.184.159.16 - - [01/Nov/2023:02:02:54 -0500] "GET /BLA/resoluciones/index.php?dir=RESOLUCIONES%202005/RES%202005%201001-1050/&order=desc&sort=name HTTP/1.1" 200 12363
54.174.58.241 - - [01/Nov/2023:02:02:58 -0500] "GET /robots.txt HTTP/1.1" 404 1018
54.174.58.242 - - [01/Nov/2023:02:03:03 -0500] "GET /robots.txt HTTP/1.1" 404 1018
201.245.192.253 - - [01/Nov/2023:02:03:02 -0500] "POST /kwsrmcab/Wsrmcab  HTTP/1.1" 200 213
54.174.58.249 - - [01/Nov/2023:02:03:09 -0500] "GET /robots.txt HTTP/1.1" 404 1018
54.174.58.252 - - [01/Nov/2023:02:03:14 -0500] "GET /robots.txt HTTP/1.1" 404 1018
54.174.58.249 - - [01/Nov/2023:02:03:21 -0500] "GET /robots.txt HTTP/1.1" 404 1018
54.174.58.252 - - [01/Nov/2023:02:03:27 -0500] "GET /robots.txt HTTP/1.1" 404 1018
50.112.160.3 - - [01/Nov/2023:02:03:31 -0500] "GET /BLA/resoluciones/index.php?dir=RESOLUCIONES%202005/RES%202005%202851-2900/&order=desc&sort=date HTTP/1.1" 200 12155
54.174.58.241 - - [01/Nov/2023:02:03:33 -0500] "GET /robots.txt HTTP/1.1" 404 1018
54.174.58.237 - - [01/Nov/2023:02:03:39 -0500] "GET /robots.txt HTTP/1.1" 404 1018
54.174.58.250 - - [01/Nov/2023:02:03:46 -0500] "GET /robots.txt HTTP/1.1" 404 1018
54.174.58.229 - - [01/Nov/2023:02:03:51 -0500] "GET /robots.txt HTTP/1.1" 404 1018
54.184.159.16 - - [01/Nov/2023:02:03:51 -0500] "GET /BLA/resoluciones/index.php?dir=RESOLUCIONES%202023/&order=asc&sort=date HTTP/1.1" 200 104774
201.245.192.253 - - [01/Nov/2023:02:03:53 -0500] "POST /forms/lservlet;jsessionid=ac16012b30d6264c3ba800d84be3bfe79392a909b334.e3iSbxaKaheRe3eRa38MahaQbi1ynknvrkLOlQzNp65In0 HTTP/1.1" 200 2
54.174.58.225 - - [01/Nov/2023:02:03:56 -0500] "GET /robots.txt HTTP/1.1" 404 1018
54.174.58.238 - - [01/Nov/2023:02:04:03 -0500] "GET /robots.txt HTTP/1.1" 404 1018
54.174.58.225 - - [01/Nov/2023:02:04:09 -0500] "GET /robots.txt HTTP/1.1" 404 1018
54.184.159.16 - - [01/Nov/2023:02:04:13 -0500] "GET /BLA/resoluciones/index.php?dir=RESOLUCIONES%202006/RES%202006%20901-950/&order=asc&sort=size HTTP/1.1" 200 12239
54.174.58.249 - - [01/Nov/2023:02:04:14 -0500] "GET /robots.txt HTTP/1.1" 404 1018
44.231.202.44 - - [01/Nov/2023:02:04:16 -0500] "GET /BLA/resoluciones/RESOLUCIONES%202006/RES%202006%201301-1350/INDEX.DAT HTTP/1.1" 200 2000
54.174.58.249 - - [01/Nov/2023:02:04:20 -0500] "GET /robots.txt HTTP/1.1" 404 1018
54.184.159.16 - - [01/Nov/2023:02:04:21 -0500] "GET /BLA/resoluciones/index.php?dir=RESOLUCIONES%202006/RES%202006%201-50/&order=desc&sort=name HTTP/1.1" 200 11866
54.174.58.242 - - [01/Nov/2023:02:04:25 -0500] "GET /robots.txt HTTP/1.1" 404 1018
201.245.192.253 - - [01/Nov/2023:02:04:29 -0500] "POST /forms/lservlet;jsessionid=ac16012b30d66b1cb08e552f4ecc83f5ae6690438851.e3iSbxaKaheRe3eRa38MahaQbi1ynknvrkLOlQzNp65In0 HTTP/1.1" 200 2
54.174.58.252 - - [01/Nov/2023:02:04:31 -0500] "GET /robots.txt HTTP/1.1" 404 1018
44.231.202.44 - - [01/Nov/2023:02:04:32 -0500] "GET /BLA/resoluciones/index.php?dir=RESOLUCIONES%202007/RES%202007%20401%20AL%20500/&order=desc&sort=name HTTP/1.1" 200 26641
216.245.221.92 - - [01/Nov/2023:02:04:38 -0500] "HEAD / HTTP/1.1" 200 -
54.174.58.252 - - [01/Nov/2023:02:04:38 -0500] "GET /robots.txt HTTP/1.1" 404 1018
114.119.133.201 - - [01/Nov/2023:02:04:39 -0500] "GET /robots.txt HTTP/1.1" 404 1018
54.174.58.246 - - [01/Nov/2023:02:04:44 -0500] "GET /robots.txt HTTP/1.1" 404 1018
54.184.159.16 - - [01/Nov/2023:02:04:49 -0500] "GET /BLA/resoluciones/index.php?dir=RESOLUCIONES%202002/RES%202002%201001-1050/&order=asc&sort=size HTTP/1.1" 200 12610
54.174.58.242 - - [01/Nov/2023:02:04:50 -0500] "GET /robots.txt HTTP/1.1" 404 1018
54.184.159.16 - - [01/Nov/2023:02:04:54 -0500] "GET /BLA/resoluciones/index.php?dir=RESOLUCIONES%202003/RES%202003%20301-350/&order=desc&sort=name HTTP/1.1" 200 11307
54.174.58.236 - - [01/Nov/2023:02:04:57 -0500] "GET /robots.txt HTTP/1.1" 404 1018
54.174.58.252 - - [01/Nov/2023:02:05:02 -0500] "GET /robots.txt HTTP/1.1" 404 1018
54.184.159.16 - - [01/Nov/2023:02:05:07 -0500] "GET /BLA/resoluciones/index.php?dir=RESOLUCIONES%202003/RES%202003%20951-1000/&order=desc&sort=name HTTP/1.1" 200 11178
54.174.58.250 - - [01/Nov/2023:02:05:09 -0500] "GET /robots.txt HTTP/1.1" 404 1018
54.174.58.225 - - [01/Nov/2023:02:05:14 -0500] "GET /robots.txt HTTP/1.1" 404 1018
54.174.58.241 - - [01/Nov/2023:02:05:20 -0500] "GET /robots.txt HTTP/1.1" 404 1018
50.112.160.3 - - [01/Nov/2023:02:05:19 -0500] "GET /BLA/resoluciones/index.php?dir=RESOLUCIONES%202002/RES%202002%20351-400/&order=asc&sort=size HTTP/1.1" 200 12209
54.174.58.225 - - [01/Nov/2023:02:05:27 -0500] "GET /robots.txt HTTP/1.1" 404 1018
54.174.58.249 - - [01/Nov/2023:02:05:33 -0500] "GET /robots.txt HTTP/1.1" 404 1018
54.174.58.250 - - [01/Nov/2023:02:05:39 -0500] "GET /robots.txt HTTP/1.1" 404 1018
172.22.2.4 - - [01/Nov/2023:02:04:06 -0500] "HEAD /BLA/boletinlegal/ HTTP/1.1" 200 -
54.174.58.241 - - [01/Nov/2023:02:05:47 -0500] "GET /robots.txt HTTP/1.1" 404 1018
50.112.160.3 - - [01/Nov/2023:02:05:47 -0500] "GET /BLA/resoluciones/index.php?dir=RESOLUCIONES%202005/RES%202005%202101-2150/&order=asc&sort=date HTTP/1.1" 200 12346
54.174.58.249 - - [01/Nov/2023:02:05:53 -0500] "GET /robots.txt HTTP/1.1" 404 1018
201.245.192.253 - - [01/Nov/2023:02:05:53 -0500] "POST /forms/lservlet;jsessionid=ac16012b30d6264c3ba800d84be3bfe79392a909b334.e3iSbxaKaheRe3eRa38MahaQbi1ynknvrkLOlQzNp65In0 HTTP/1.1" 200 2
50.112.160.3 - - [01/Nov/2023:02:05:57 -0500] "GET /BLA/resoluciones/index.php?dir=RESOLUCIONES%202007/RES%202007%202801%20AL%202900/&order=desc&sort=name HTTP/1.1" 200 26858
54.174.58.241 - - [01/Nov/2023:02:05:59 -0500] "GET /robots.txt HTTP/1.1" 404 1018
54.174.58.241 - - [01/Nov/2023:02:06:04 -0500] "GET /robots.txt HTTP/1.1" 404 1018
44.231.202.44 - - [01/Nov/2023:02:06:07 -0500] "GET /BLA/resoluciones/index.php?dir=RESOLUCIONES%202007/RES%202007%20401%20AL%20500/&order=asc&sort=size HTTP/1.1" 200 26642
54.174.58.236 - - [01/Nov/2023:02:06:10 -0500] "GET /robots.txt HTTP/1.1" 404 1018
54.174.58.253 - - [01/Nov/2023:02:06:16 -0500] "GET /robots.txt HTTP/1.1" 404 1018
54.184.159.16 - - [01/Nov/2023:02:06:18 -0500] "GET /BLA/resoluciones/index.php?dir=RESOLUCIONES%202002/RES%202002%20151-200/&order=asc&sort=size HTTP/1.1" 200 12570
54.174.58.236 - - [01/Nov/2023:02:06:22 -0500] "GET /robots.txt HTTP/1.1" 404 1018
54.184.159.16 - - [01/Nov/2023:02:06:25 -0500] "GET /BLA/resoluciones/index.php?dir=RESOLUCIONES%202003/RES%202003%201051-1100/&order=asc&sort=size HTTP/1.1" 200 11571
54.174.58.225 - - [01/Nov/2023:02:06:27 -0500] "GET /robots.txt HTTP/1.1" 404 1018
201.245.192.253 - - [01/Nov/2023:02:06:29 -0500] "POST /forms/lservlet;jsessionid=ac16012b30d66b1cb08e552f4ecc83f5ae6690438851.e3iSbxaKaheRe3eRa38MahaQbi1ynknvrkLOlQzNp65In0 HTTP/1.1" 200 2
54.174.58.246 - - [01/Nov/2023:02:06:35 -0500] "GET /robots.txt HTTP/1.1" 404 1018
54.184.159.16 - - [01/Nov/2023:02:06:35 -0500] "GET /BLA/resoluciones/index.php?dir=RESOLUCIONES%202005/RES%202005%20901-950/&order=asc&sort=date HTTP/1.1" 200 12245
172.22.2.4 - - [01/Nov/2023:02:05:00 -0500] "GET /BLA/boletinlegal/ HTTP/1.1" 200 59007
54.174.58.238 - - [01/Nov/2023:02:06:41 -0500] "GET /robots.txt HTTP/1.1" 404 1018
50.112.160.3 - - [01/Nov/2023:02:06:43 -0500] "GET /BLA/resoluciones/index.php?dir=Notificaciones/REGISTROS%200216/&order=desc&sort=name HTTP/1.1" 200 2240
54.174.58.253 - - [01/Nov/2023:02:06:46 -0500] "GET /robots.txt HTTP/1.1" 404 1018
50.112.160.3 - - [01/Nov/2023:02:06:51 -0500] "GET /BLA/resoluciones/index.php?dir=RESOLUCIONES%202017/&order=asc&sort=name HTTP/1.1" 200 286831
54.174.58.246 - - [01/Nov/2023:02:06:53 -0500] "GET /robots.txt HTTP/1.1" 404 1018
44.231.202.44 - - [01/Nov/2023:02:06:56 -0500] "GET /BLA/resoluciones/index.php?dir=RESOLUCIONES%202003/RES%202003%201201-1250/&order=desc&sort=name HTTP/1.1" 200 12625
54.174.58.253 - - [01/Nov/2023:02:06:59 -0500] "GET /robots.txt HTTP/1.1" 404 1018
54.174.58.249 - - [01/Nov/2023:02:07:04 -0500] "GET /robots.txt HTTP/1.1" 404 1018
54.174.58.237 - - [01/Nov/2023:02:07:10 -0500] "GET /robots.txt HTTP/1.1" 404 1018
50.112.160.3 - - [01/Nov/2023:02:07:13 -0500] "GET /BLA/resoluciones/index.php?dir=Notificaciones/AUTOS%202021/&order=asc&sort=date HTTP/1.1" 200 200238
54.174.58.238 - - [01/Nov/2023:02:07:15 -0500] "GET /robots.txt HTTP/1.1" 404 1018
54.174.58.246 - - [01/Nov/2023:02:07:20 -0500] "GET /robots.txt HTTP/1.1" 404 1018
44.231.202.44 - - [01/Nov/2023:02:07:21 -0500] "GET /BLA/resoluciones/index.php?dir=RESOLUCIONES%202003/RES%202003%201451-1500/&order=desc&sort=name HTTP/1.1" 200 12158
54.174.58.253 - - [01/Nov/2023:02:07:27 -0500] "GET /robots.txt HTTP/1.1" 404 1018
44.231.202.44 - - [01/Nov/2023:02:07:27 -0500] "GET /BLA/resoluciones/index.php?dir=RESOLUCIONES%202003/RES%202003%20401-450/&order=desc&sort=name HTTP/1.1" 200 11311
54.174.58.250 - - [01/Nov/2023:02:07:33 -0500] "GET /robots.txt HTTP/1.1" 404 1018
54.174.58.253 - - [01/Nov/2023:02:07:39 -0500] "GET /robots.txt HTTP/1.1" 404 1018
54.184.159.16 - - [01/Nov/2023:02:07:40 -0500] "GET /BLA/resoluciones/index.php?dir=RESOLUCIONES%202003/RES%202003%201451-1500/&order=asc&sort=date HTTP/1.1" 200 12159
54.174.58.225 - - [01/Nov/2023:02:07:45 -0500] "GET /robots.txt HTTP/1.1" 404 1018
50.112.160.3 - - [01/Nov/2023:02:07:49 -0500] "GET /BLA/resoluciones/index.php?dir=RESOLUCIONES%202003/RES%202003%20401-450/&order=asc&sort=date HTTP/1.1" 200 11312
54.174.58.229 - - [01/Nov/2023:02:07:51 -0500] "GET /robots.txt HTTP/1.1" 404 1018
54.184.159.16 - - [01/Nov/2023:02:07:51 -0500] "GET /BLA/resoluciones/index.php?dir=RESOLUCIONES%202002/RES%202002%20151-200/&order=desc&sort=name HTTP/1.1" 200 12569
201.245.192.253 - - [01/Nov/2023:02:07:53 -0500] "POST /forms/lservlet;jsessionid=ac16012b30d6264c3ba800d84be3bfe79392a909b334.e3iSbxaKaheRe3eRa38MahaQbi1ynknvrkLOlQzNp65In0 HTTP/1.1" 200 2
54.174.58.225 - - [01/Nov/2023:02:07:57 -0500] "GET /robots.txt HTTP/1.1" 404 1018
54.174.58.253 - - [01/Nov/2023:02:08:02 -0500] "GET /robots.txt HTTP/1.1" 404 1018
201.245.192.253 - - [01/Nov/2023:02:08:00 -0500] "POST /kwsrmcab/Wsrmcab  HTTP/1.1" 200 213
54.184.159.16 - - [01/Nov/2023:02:08:04 -0500] "GET /BLA/resoluciones/index.php?dir=RESOLUCIONES%202003/RES%202003%201201-1250/&order=asc&sort=date HTTP/1.1" 200 12626
54.174.58.250 - - [01/Nov/2023:02:08:07 -0500] "GET /robots.txt HTTP/1.1" 404 1018
54.174.58.225 - - [01/Nov/2023:02:08:14 -0500] "GET /robots.txt HTTP/1.1" 404 1018
54.174.58.241 - - [01/Nov/2023:02:08:19 -0500] "GET /robots.txt HTTP/1.1" 404 1018
44.231.202.44 - - [01/Nov/2023:02:08:20 -0500] "GET /BLA/resoluciones/index.php?dir=Notificaciones/AUTOS%202021/&order=desc&sort=name HTTP/1.1" 200 200237
54.174.58.241 - - [01/Nov/2023:02:08:25 -0500] "GET /robots.txt HTTP/1.1" 404 1018
201.245.192.253 - - [01/Nov/2023:02:08:29 -0500] "POST /forms/lservlet;jsessionid=ac16012b30d66b1cb08e552f4ecc83f5ae6690438851.e3iSbxaKaheRe3eRa38MahaQbi1ynknvrkLOlQzNp65In0 HTTP/1.1" 200 2
54.174.58.237 - - [01/Nov/2023:02:08:30 -0500] "GET /robots.txt HTTP/1.1" 404 1018
54.174.58.246 - - [01/Nov/2023:02:08:37 -0500] "GET /robots.txt HTTP/1.1" 404 1018
54.174.58.237 - - [01/Nov/2023:02:08:44 -0500] "GET /robots.txt HTTP/1.1" 404 1018
50.112.160.3 - - [01/Nov/2023:02:08:46 -0500] "GET /BLA/resoluciones/index.php?dir=Notificaciones/AUTOS%202021/&order=asc&sort=size HTTP/1.1" 200 200238
54.174.58.253 - - [01/Nov/2023:02:08:50 -0500] "GET /robots.txt HTTP/1.1" 404 1018
54.184.159.16 - - [01/Nov/2023:02:08:52 -0500] "GET /BLA/resoluciones/index.php?dir=Notificaciones/&order=asc&sort=name HTTP/1.1" 200 11650
54.174.58.236 - - [01/Nov/2023:02:08:55 -0500] "GET /robots.txt HTTP/1.1" 404 1018
54.174.58.225 - - [01/Nov/2023:02:09:00 -0500] "GET /robots.txt HTTP/1.1" 404 1018
54.174.58.250 - - [01/Nov/2023:02:09:06 -0500] "GET /robots.txt HTTP/1.1" 404 1018
54.174.58.246 - - [01/Nov/2023:02:09:12 -0500] "GET /robots.txt HTTP/1.1" 404 1018
40.77.167.53 - - [01/Nov/2023:02:09:13 -0500] "GET /BLA/resoluciones/AUTOS%202007/1300.pdf HTTP/1.1" 200 81658
54.184.159.16 - - [01/Nov/2023:02:09:14 -0500] "GET /BLA/resoluciones/index.php?dir=RESOLUCIONES%202002/RES%202002%20101-150/&order=asc&sort=date HTTP/1.1" 200 12339
54.174.58.250 - - [01/Nov/2023:02:09:19 -0500] "GET /robots.txt HTTP/1.1" 404 1018
54.184.159.16 - - [01/Nov/2023:02:09:19 -0500] "GET /BLA/resoluciones/index.php?dir=RESOLUCIONES%202005/RES%202005%202301-2350/&order=asc&sort=date HTTP/1.1" 200 12369
54.174.58.252 - - [01/Nov/2023:02:09:24 -0500] "GET /robots.txt HTTP/1.1" 404 1018
54.174.58.250 - - [01/Nov/2023:02:09:30 -0500] "GET /robots.txt HTTP/1.1" 404 1018
54.174.58.250 - - [01/Nov/2023:02:09:36 -0500] "GET /robots.txt HTTP/1.1" 404 1018
216.245.221.92 - - [01/Nov/2023:02:09:38 -0500] "HEAD / HTTP/1.1" 200 -
54.174.58.252 - - [01/Nov/2023:02:09:41 -0500] "GET /robots.txt HTTP/1.1" 404 1018
50.112.160.3 - - [01/Nov/2023:02:09:43 -0500] "GET /BLA/resoluciones/index.php?dir=RESOLUCIONES%202003/RES%202003%201901-1950/&order=desc&sort=name HTTP/1.1" 200 12157
54.174.58.253 - - [01/Nov/2023:02:09:47 -0500] "GET /robots.txt HTTP/1.1" 404 1018
54.174.58.246 - - [01/Nov/2023:02:09:52 -0500] "GET /robots.txt HTTP/1.1" 404 1018
201.245.192.253 - - [01/Nov/2023:02:09:53 -0500] "POST /forms/lservlet;jsessionid=ac16012b30d6264c3ba800d84be3bfe79392a909b334.e3iSbxaKaheRe3eRa38MahaQbi1ynknvrkLOlQzNp65In0 HTTP/1.1" 200 2
54.174.58.252 - - [01/Nov/2023:02:09:57 -0500] "GET /robots.txt HTTP/1.1" 404 1018
54.174.58.229 - - [01/Nov/2023:02:10:02 -0500] "GET /robots.txt HTTP/1.1" 404 1018
50.112.160.3 - - [01/Nov/2023:02:10:04 -0500] "GET /BLA/resoluciones/index.php?dir=RESOLUCIONES%202003/RES%202003%20101-150/&order=asc&sort=size HTTP/1.1" 200 12355
54.174.58.225 - - [01/Nov/2023:02:10:08 -0500] "GET /robots.txt HTTP/1.1" 404 1018
54.174.58.236 - - [01/Nov/2023:02:10:13 -0500] "GET /robots.txt HTTP/1.1" 404 1018
54.174.58.229 - - [01/Nov/2023:02:10:18 -0500] "GET /robots.txt HTTP/1.1" 404 1018
54.174.58.237 - - [01/Nov/2023:02:10:23 -0500] "GET /robots.txt HTTP/1.1" 404 1018
54.174.58.237 - - [01/Nov/2023:02:10:29 -0500] "GET /robots.txt HTTP/1.1" 404 1018
201.245.192.253 - - [01/Nov/2023:02:10:29 -0500] "POST /forms/lservlet;jsessionid=ac16012b30d66b1cb08e552f4ecc83f5ae6690438851.e3iSbxaKaheRe3eRa38MahaQbi1ynknvrkLOlQzNp65In0 HTTP/1.1" 200 2
54.174.58.241 - - [01/Nov/2023:02:10:35 -0500] "GET /robots.txt HTTP/1.1" 404 1018
50.112.160.3 - - [01/Nov/2023:02:10:39 -0500] "GET /BLA/resoluciones/index.php?dir=RESOLUCIONES%202003/RES%202003%201901-1950/&order=asc&sort=date HTTP/1.1" 200 12158
54.174.58.225 - - [01/Nov/2023:02:10:40 -0500] "GET /robots.txt HTTP/1.1" 404 1018
54.174.58.250 - - [01/Nov/2023:02:10:45 -0500] "GET /robots.txt HTTP/1.1" 404 1018
50.112.160.3 - - [01/Nov/2023:02:10:45 -0500] "GET /BLA/resoluciones/index.php?dir=RESOLUCIONES%202003/RES%202003%20401-450/&order=asc&sort=size HTTP/1.1" 200 11312
54.174.58.229 - - [01/Nov/2023:02:10:50 -0500] "GET /robots.txt HTTP/1.1" 404 1018
54.174.58.236 - - [01/Nov/2023:02:10:55 -0500] "GET /robots.txt HTTP/1.1" 404 1018
159.65.241.148 - - [01/Nov/2023:02:10:55 -0500] "GET / HTTP/1.1" 200 319
44.231.202.44 - - [01/Nov/2023:02:10:56 -0500] "GET /BLA/resoluciones/index.php?dir=RESOLUCIONES%202006/RES%202006%20%202851-2900/&order=desc&sort=name HTTP/1.1" 200 12176
54.174.58.238 - - [01/Nov/2023:02:11:01 -0500] "GET /robots.txt HTTP/1.1" 404 1018
54.174.58.238 - - [01/Nov/2023:02:11:06 -0500] "GET /robots.txt HTTP/1.1" 404 1018
54.184.159.16 - - [01/Nov/2023:02:11:09 -0500] "GET /BLA/resoluciones/index.php?dir=RESOLUCIONES%202003/RES%202003%20101-150/&order=desc&sort=name HTTP/1.1" 200 12354
54.174.58.253 - - [01/Nov/2023:02:11:11 -0500] "GET /robots.txt HTTP/1.1" 404 1018
54.174.58.238 - - [01/Nov/2023:02:11:16 -0500] "GET /robots.txt HTTP/1.1" 404 1018
54.174.58.242 - - [01/Nov/2023:02:11:21 -0500] "GET /robots.txt HTTP/1.1" 404 1018
54.174.58.252 - - [01/Nov/2023:02:11:27 -0500] "GET /robots.txt HTTP/1.1" 404 1018
54.174.58.250 - - [01/Nov/2023:02:11:32 -0500] "GET /robots.txt HTTP/1.1" 404 1018
54.174.58.253 - - [01/Nov/2023:02:11:37 -0500] "GET /robots.txt HTTP/1.1" 404 1018
172.22.2.4 - - [01/Nov/2023:02:10:00 -0500] "HEAD /BLA/boletinlegal/ HTTP/1.1" 200 -
54.174.58.238 - - [01/Nov/2023:02:11:42 -0500] "GET /robots.txt HTTP/1.1" 404 1018
54.174.58.253 - - [01/Nov/2023:02:11:47 -0500] "GET /robots.txt HTTP/1.1" 404 1018
54.184.159.16 - - [01/Nov/2023:02:11:49 -0500] "GET /BLA/resoluciones/index.php?dir=RESOLUCIONES%202005/RES%202005%20151-200/&order=desc&sort=name HTTP/1.1" 200 12229
54.174.58.249 - - [01/Nov/2023:02:11:53 -0500] "GET /robots.txt HTTP/1.1" 404 1018
201.245.192.253 - - [01/Nov/2023:02:11:53 -0500] "POST /forms/lservlet;jsessionid=ac16012b30d6264c3ba800d84be3bfe79392a909b334.e3iSbxaKaheRe3eRa38MahaQbi1ynknvrkLOlQzNp65In0 HTTP/1.1" 200 2
54.174.58.236 - - [01/Nov/2023:02:11:58 -0500] "GET /robots.txt HTTP/1.1" 404 1018
54.174.58.241 - - [01/Nov/2023:02:12:03 -0500] "GET /robots.txt HTTP/1.1" 404 1018
54.174.58.236 - - [01/Nov/2023:02:12:08 -0500] "GET /robots.txt HTTP/1.1" 404 1018
54.174.58.252 - - [01/Nov/2023:02:12:13 -0500] "GET /robots.txt HTTP/1.1" 404 1018
54.174.58.241 - - [01/Nov/2023:02:12:19 -0500] "GET /robots.txt HTTP/1.1" 404 1018
54.184.159.16 - - [01/Nov/2023:02:12:19 -0500] "GET /BLA/resoluciones/index.php?dir=RESOLUCIONES%202006/RES%202006%201601-1650/&order=desc&sort=name HTTP/1.1" 200 12365
198.235.24.163 - - [01/Nov/2023:02:12:21 -0500] "\x16\x03\x01" 400 226
198.235.24.163 - - [01/Nov/2023:02:12:21 -0500] "\x16\x03\x01" 400 226
54.174.58.249 - - [01/Nov/2023:02:12:24 -0500] "GET /robots.txt HTTP/1.1" 404 1018
54.174.58.238 - - [01/Nov/2023:02:12:29 -0500] "GET /robots.txt HTTP/1.1" 404 1018
201.245.192.253 - - [01/Nov/2023:02:12:29 -0500] "POST /forms/lservlet;jsessionid=ac16012b30d66b1cb08e552f4ecc83f5ae6690438851.e3iSbxaKaheRe3eRa38MahaQbi1ynknvrkLOlQzNp65In0 HTTP/1.1" 200 2
172.22.2.4 - - [01/Nov/2023:02:10:51 -0500] "GET /BLA/boletinlegal/ HTTP/1.1" 200 55050
54.174.58.242 - - [01/Nov/2023:02:12:35 -0500] "GET /robots.txt HTTP/1.1" 404 1018
54.184.159.16 - - [01/Nov/2023:02:12:37 -0500] "GET /BLA/resoluciones/RESOLUCIONES%202006/RES%202006%20%202901-2950/INDEX.DAT HTTP/1.1" 200 2000
54.174.58.252 - - [01/Nov/2023:02:12:40 -0500] "GET /robots.txt HTTP/1.1" 404 1018
54.174.58.237 - - [01/Nov/2023:02:12:45 -0500] "GET /robots.txt HTTP/1.1" 404 1018
44.231.202.44 - - [01/Nov/2023:02:12:46 -0500] "GET /BLA/resoluciones/index.php?dir=RESOLUCIONES%202006/RES%202006%201601-1650/&order=asc&sort=date HTTP/1.1" 200 12366
44.231.202.44 - - [01/Nov/2023:02:12:50 -0500] "GET /BLA/resoluciones/index.php?dir=RESOLUCIONES%202006/RES%202006%20%203001-3054/&order=asc&sort=date HTTP/1.1" 200 13210
54.174.58.238 - - [01/Nov/2023:02:12:51 -0500] "GET /robots.txt HTTP/1.1" 404 1018
54.174.58.252 - - [01/Nov/2023:02:12:56 -0500] "GET /robots.txt HTTP/1.1" 404 1018
201.245.192.253 - - [01/Nov/2023:02:12:58 -0500] "POST /kwsrmcab/Wsrmcab  HTTP/1.1" 200 213
54.174.58.225 - - [01/Nov/2023:02:13:01 -0500] "GET /robots.txt HTTP/1.1" 404 1018
54.184.159.16 - - [01/Nov/2023:02:13:02 -0500] "GET /BLA/resoluciones/index.php?dir=RESOLUCIONES%202006/RES%202006%20%202901-2950/&order=asc&sort=date HTTP/1.1" 200 12406
54.174.58.246 - - [01/Nov/2023:02:13:06 -0500] "GET /robots.txt HTTP/1.1" 404 1018
54.174.58.252 - - [01/Nov/2023:02:13:12 -0500] "GET /robots.txt HTTP/1.1" 404 1018
54.174.58.241 - - [01/Nov/2023:02:13:17 -0500] "GET /robots.txt HTTP/1.1" 404 1018
54.174.58.250 - - [01/Nov/2023:02:13:22 -0500] "GET /robots.txt HTTP/1.1" 404 1018
54.174.58.225 - - [01/Nov/2023:02:13:27 -0500] "GET /robots.txt HTTP/1.1" 404 1018
50.112.160.3 - - [01/Nov/2023:02:13:28 -0500] "GET /BLA/resoluciones/index.php?dir=RESOLUCIONES%202005/RES%202005%201201-1250/&order=desc&sort=name HTTP/1.1" 200 12368
54.174.58.246 - - [01/Nov/2023:02:13:32 -0500] "GET /robots.txt HTTP/1.1" 404 1018
50.112.160.3 - - [01/Nov/2023:02:13:32 -0500] "GET /BLA/resoluciones/index.php?dir=RESOLUCIONES%202003/RES%202003%202051-2100/&order=desc&sort=name HTTP/1.1" 200 12151
54.174.58.236 - - [01/Nov/2023:02:13:38 -0500] "GET /robots.txt HTTP/1.1" 404 1018
50.112.160.3 - - [01/Nov/2023:02:13:37 -0500] "GET /BLA/resoluciones/index.php?dir=RESOLUCIONES%202007/RES%202007%201801%20AL%201900/&order=asc&sort=date HTTP/1.1" 200 26857
54.174.58.238 - - [01/Nov/2023:02:13:43 -0500] "GET /robots.txt HTTP/1.1" 404 1018
54.174.58.250 - - [01/Nov/2023:02:13:48 -0500] "GET /robots.txt HTTP/1.1" 404 1018
66.249.66.39 - - [01/Nov/2023:02:13:50 -0500] "GET /cumbre-p4g-soluciones-conjuntas-para-consolidar-ciudades-sostenibles.html HTTP/1.1" 304 -
54.174.58.236 - - [01/Nov/2023:02:13:53 -0500] "GET /robots.txt HTTP/1.1" 404 1018
201.245.192.253 - - [01/Nov/2023:02:13:53 -0500] "POST /forms/lservlet;jsessionid=ac16012b30d6264c3ba800d84be3bfe79392a909b334.e3iSbxaKaheRe3eRa38MahaQbi1ynknvrkLOlQzNp65In0 HTTP/1.1" 200 2
54.174.58.237 - - [01/Nov/2023:02:13:58 -0500] "GET /robots.txt HTTP/1.1" 404 1018
54.174.58.225 - - [01/Nov/2023:02:14:04 -0500] "GET /robots.txt HTTP/1.1" 404 1018
44.231.202.44 - - [01/Nov/2023:02:14:03 -0500] "GET /BLA/resoluciones/index.php?dir=RESOLUCIONES%202002/RES%202002%201201-1250/&order=desc&sort=name HTTP/1.1" 200 12150
54.174.58.236 - - [01/Nov/2023:02:14:09 -0500] "GET /robots.txt HTTP/1.1" 404 1018
50.112.160.3 - - [01/Nov/2023:02:14:09 -0500] "GET /BLA/resoluciones/index.php?dir=RESOLUCIONES%202003/RES%202003%20201-250/&order=asc&sort=size HTTP/1.1" 200 12348
54.174.58.238 - - [01/Nov/2023:02:14:14 -0500] "GET /robots.txt HTTP/1.1" 404 1018
50.112.160.3 - - [01/Nov/2023:02:14:16 -0500] "GET /BLA/resoluciones/RESOLUCIONES%202005/RES%202005%20401-450/INDEX.DAT HTTP/1.1" 200 2000
54.174.58.225 - - [01/Nov/2023:02:14:19 -0500] "GET /robots.txt HTTP/1.1" 404 1018
54.174.58.250 - - [01/Nov/2023:02:14:25 -0500] "GET /robots.txt HTTP/1.1" 404 1018
201.245.192.253 - - [01/Nov/2023:02:14:29 -0500] "POST /forms/lservlet;jsessionid=ac16012b30d66b1cb08e552f4ecc83f5ae6690438851.e3iSbxaKaheRe3eRa38MahaQbi1ynknvrkLOlQzNp65In0 HTTP/1.1" 200 2
54.174.58.253 - - [01/Nov/2023:02:14:30 -0500] "GET /robots.txt HTTP/1.1" 404 1018
54.174.58.236 - - [01/Nov/2023:02:14:35 -0500] "GET /robots.txt HTTP/1.1" 404 1018
216.245.221.92 - - [01/Nov/2023:02:14:38 -0500] "HEAD / HTTP/1.1" 200 -
54.174.58.229 - - [01/Nov/2023:02:14:40 -0500] "GET /robots.txt HTTP/1.1" 404 1018
44.231.202.44 - - [01/Nov/2023:02:14:41 -0500] "GET /BLA/resoluciones/index.php?dir=RESOLUCIONES%202002/RES%202002%20601-650/&order=desc&sort=size HTTP/1.1" 200 12036
54.174.58.229 - - [01/Nov/2023:02:14:46 -0500] "GET /robots.txt HTTP/1.1" 404 1018
54.174.58.237 - - [01/Nov/2023:02:14:51 -0500] "GET /robots.txt HTTP/1.1" 404 1018
54.174.58.252 - - [01/Nov/2023:02:14:56 -0500] "GET /robots.txt HTTP/1.1" 404 1018
44.231.202.44 - - [01/Nov/2023:02:14:57 -0500] "GET /BLA/resoluciones/index.php?dir=RESOLUCIONES%202005/RES%202005%201101-1150/&order=desc&sort=name HTTP/1.1" 200 12362
54.174.58.229 - - [01/Nov/2023:02:15:02 -0500] "GET /robots.txt HTTP/1.1" 404 1018
54.174.58.241 - - [01/Nov/2023:02:15:07 -0500] "GET /robots.txt HTTP/1.1" 404 1018
54.174.58.229 - - [01/Nov/2023:02:15:13 -0500] "GET /robots.txt HTTP/1.1" 404 1018
54.184.159.16 - - [01/Nov/2023:02:15:15 -0500] "GET /BLA/resoluciones/index.php?dir=AUTOS%202012/&order=desc&sort=date HTTP/1.1" 200 276640
54.174.58.237 - - [01/Nov/2023:02:15:18 -0500] "GET /robots.txt HTTP/1.1" 404 1018
54.174.58.249 - - [01/Nov/2023:02:15:23 -0500] "GET /robots.txt HTTP/1.1" 404 1018
117.33.163.216 - - [01/Nov/2023:02:15:27 -0500] "GET / HTTP/1.1" 200 319
54.174.58.250 - - [01/Nov/2023:02:15:28 -0500] "GET /robots.txt HTTP/1.1" 404 1018
54.174.58.249 - - [01/Nov/2023:02:15:34 -0500] "GET /robots.txt HTTP/1.1" 404 1018
205.210.31.214 - - [01/Nov/2023:02:15:35 -0500] "GET / HTTP/1.1" 200 319
44.231.202.44 - - [01/Nov/2023:02:15:37 -0500] "GET /BLA/resoluciones/index.php?dir=RESOLUCIONES%202007/RES%202007%202201%20AL%202300/&order=asc&sort=date HTTP/1.1" 200 27114
54.174.58.250 - - [01/Nov/2023:02:15:39 -0500] "GET /robots.txt HTTP/1.1" 404 1018
54.184.159.16 - - [01/Nov/2023:02:15:42 -0500] "GET /BLA/resoluciones/index.php?dir=RESOLUCIONES%202007/RES%202007%201301%20AL%201400/ HTTP/1.1" 200 26817
54.174.58.252 - - [01/Nov/2023:02:15:44 -0500] "GET /robots.txt HTTP/1.1" 404 1018
54.174.58.238 - - [01/Nov/2023:02:15:50 -0500] "GET /robots.txt HTTP/1.1" 404 1018
44.231.202.44 - - [01/Nov/2023:02:15:50 -0500] "GET /BLA/resoluciones/index.php?dir=RESOLUCIONES%202003/RES%202003%20501-550/&order=asc&sort=date HTTP/1.1" 200 11308
201.245.192.253 - - [01/Nov/2023:02:15:53 -0500] "POST /forms/lservlet;jsessionid=ac16012b30d6264c3ba800d84be3bfe79392a909b334.e3iSbxaKaheRe3eRa38MahaQbi1ynknvrkLOlQzNp65In0 HTTP/1.1" 200 2
54.174.58.225 - - [01/Nov/2023:02:15:55 -0500] "GET /robots.txt HTTP/1.1" 404 1018
50.112.160.3 - - [01/Nov/2023:02:15:59 -0500] "GET /BLA/resoluciones/index.php?dir=RESOLUCIONES%202003/RES%202003%202051-2100/&order=asc&sort=size HTTP/1.1" 200 12152
54.174.58.241 - - [01/Nov/2023:02:16:00 -0500] "GET /robots.txt HTTP/1.1" 404 1018
44.231.202.44 - - [01/Nov/2023:02:16:03 -0500] "GET /BLA/resoluciones/index.php?dir=AUTOS%202003/&order=asc&sort=name HTTP/1.1" 200 1813
40.77.188.107 - - [01/Nov/2023:02:16:04 -0500] "GET /sipse/js/funciones.js HTTP/1.1" 200 12592
40.77.190.42 - - [01/Nov/2023:02:16:04 -0500] "GET /sipse/faces/javax.faces.resource/layout/layout.css;jsessionid=zCJ52RAysH-nA2NONb5l2aSP.undefined?ln=primefaces&v=4.0 HTTP/1.1" 200 542
40.77.188.175 - - [01/Nov/2023:02:16:04 -0500] "GET /sipse/faces/javax.faces.resource/primefaces.css;jsessionid=zCJ52RAysH-nA2NONb5l2aSP.undefined?ln=primefaces&v=4.0 HTTP/1.1" 200 53295
40.77.189.157 - - [01/Nov/2023:02:16:04 -0500] "GET /sipse/faces/javax.faces.resource/jquery/jquery.js;jsessionid=zCJ52RAysH-nA2NONb5l2aSP.undefined?ln=primefaces&v=4.0 HTTP/1.1" 200 105384
40.77.188.131 - - [01/Nov/2023:02:16:04 -0500] "GET /sipse/faces/javax.faces.resource/layout/layout.js;jsessionid=zCJ52RAysH-nA2NONb5l2aSP.undefined?ln=primefaces&v=4.0 HTTP/1.1" 200 87560
40.77.188.173 - - [01/Nov/2023:02:16:04 -0500] "GET /sipse/faces/javax.faces.resource/primefaces.js;jsessionid=zCJ52RAysH-nA2NONb5l2aSP.undefined?ln=primefaces&v=4.0 HTTP/1.1" 200 276924
54.174.58.229 - - [01/Nov/2023:02:16:05 -0500] "GET /robots.txt HTTP/1.1" 404 1018
40.77.190.223 - - [01/Nov/2023:02:16:05 -0500] "GET /sipse/faces/faces/index.xhtml HTTP/1.1" 200 677
54.184.159.16 - - [01/Nov/2023:02:16:06 -0500] "GET /BLA/resoluciones/index.php?dir=RESOLUCIONES%202003/RES%202003%201601-1650/&order=asc&sort=size HTTP/1.1" 200 12152
54.174.58.225 - - [01/Nov/2023:02:16:10 -0500] "GET /robots.txt HTTP/1.1" 404 1018
54.174.58.253 - - [01/Nov/2023:02:16:16 -0500] "GET /robots.txt HTTP/1.1" 404 1018
44.231.202.44 - - [01/Nov/2023:02:16:16 -0500] "GET /BLA/resoluciones/index.php?dir=RESOLUCIONES%202007/RES%202007%203601%20AL%203700/&order=asc&sort=date HTTP/1.1" 200 26855
54.174.58.236 - - [01/Nov/2023:02:16:21 -0500] "GET /robots.txt HTTP/1.1" 404 1018
54.174.58.229 - - [01/Nov/2023:02:16:26 -0500] "GET /robots.txt HTTP/1.1" 404 1018
201.245.192.253 - - [01/Nov/2023:02:16:29 -0500] "POST /forms/lservlet;jsessionid=ac16012b30d66b1cb08e552f4ecc83f5ae6690438851.e3iSbxaKaheRe3eRa38MahaQbi1ynknvrkLOlQzNp65In0 HTTP/1.1" 200 2
50.112.160.3 - - [01/Nov/2023:02:16:30 -0500] "GET /BLA/resoluciones/index.php?dir=RESOLUCIONES%202003/RES%202003%201601-1650/&order=desc&sort=name HTTP/1.1" 200 12151
54.174.58.237 - - [01/Nov/2023:02:16:31 -0500] "GET /robots.txt HTTP/1.1" 404 1018
54.174.58.246 - - [01/Nov/2023:02:16:36 -0500] "GET /robots.txt HTTP/1.1" 404 1018
54.174.58.236 - - [01/Nov/2023:02:16:42 -0500] "GET /robots.txt HTTP/1.1" 404 1018
44.231.202.44 - - [01/Nov/2023:02:16:44 -0500] "GET /BLA/resoluciones/index.php?dir=RESOLUCIONES%202005/RES%202005%201-50/RES%202005%20101-150/ HTTP/1.1" 200 13168
54.174.58.250 - - [01/Nov/2023:02:16:47 -0500] "GET /robots.txt HTTP/1.1" 404 1018
54.174.58.237 - - [01/Nov/2023:02:16:52 -0500] "GET /robots.txt HTTP/1.1" 404 1018
54.174.58.250 - - [01/Nov/2023:02:16:57 -0500] "GET /robots.txt HTTP/1.1" 404 1018
54.174.58.241 - - [01/Nov/2023:02:17:02 -0500] "GET /robots.txt HTTP/1.1" 404 1018
50.112.160.3 - - [01/Nov/2023:02:17:06 -0500] "GET /BLA/resoluciones/index.php?dir=RESOLUCIONES%202005/RES%202005%202151-2200/&order=asc&sort=size HTTP/1.1" 200 16688
54.174.58.246 - - [01/Nov/2023:02:17:08 -0500] "GET /robots.txt HTTP/1.1" 404 1018
54.174.58.253 - - [01/Nov/2023:02:17:13 -0500] "GET /robots.txt HTTP/1.1" 404 1018
54.174.58.242 - - [01/Nov/2023:02:17:18 -0500] "GET /robots.txt HTTP/1.1" 404 1018
54.174.58.253 - - [01/Nov/2023:02:17:24 -0500] "GET /robots.txt HTTP/1.1" 404 1018
54.174.58.253 - - [01/Nov/2023:02:17:29 -0500] "GET /robots.txt HTTP/1.1" 404 1018
172.22.2.4 - - [01/Nov/2023:02:15:50 -0500] "HEAD /BLA/boletinlegal/ HTTP/1.1" 200 -
44.231.202.44 - - [01/Nov/2023:02:17:31 -0500] "GET /BLA/resoluciones/index.php?dir=RESOLUCIONES%202003/RES%202003%20351-400/&order=asc&sort=name HTTP/1.1" 200 11305
201.245.192.253 - - [01/Nov/2023:02:17:32 -0500] "POST /kwsrmcab/Wsrmcab HTTP/1.1" 200 40483
54.174.58.225 - - [01/Nov/2023:02:17:35 -0500] "GET /robots.txt HTTP/1.1" 404 1018
201.245.192.253 - - [01/Nov/2023:02:17:35 -0500] "POST /kwsrmcab/Wsrmcab HTTP/1.1" 200 39915
54.184.159.16 - - [01/Nov/2023:02:17:36 -0500] "GET /BLA/resoluciones/index.php?dir=AUTOS%202020/&order=desc&sort=size HTTP/1.1" 200 332686
54.174.58.236 - - [01/Nov/2023:02:17:40 -0500] "GET /robots.txt HTTP/1.1" 404 1018
50.112.160.3 - - [01/Nov/2023:02:17:45 -0500] "GET /BLA/resoluciones/index.php?dir=RESOLUCIONES%202005/RES%202005%20251-300/&order=desc&sort=date HTTP/1.1" 200 12253
54.174.58.238 - - [01/Nov/2023:02:17:46 -0500] "GET /robots.txt HTTP/1.1" 404 1018
54.184.159.16 - - [01/Nov/2023:02:17:50 -0500] "GET /BLA/resoluciones/index.php?dir=RESOLUCIONES%202005/RES%202005%20451-500/&order=asc&sort=date HTTP/1.1" 200 12244
54.174.58.238 - - [01/Nov/2023:02:17:51 -0500] "GET /robots.txt HTTP/1.1" 404 1018
201.245.192.253 - - [01/Nov/2023:02:17:54 -0500] "POST /forms/lservlet;jsessionid=ac16012b30d6264c3ba800d84be3bfe79392a909b334.e3iSbxaKaheRe3eRa38MahaQbi1ynknvrkLOlQzNp65In0 HTTP/1.1" 200 2
54.174.58.242 - - [01/Nov/2023:02:17:56 -0500] "GET /robots.txt HTTP/1.1" 404 1018
201.245.192.253 - - [01/Nov/2023:02:17:56 -0500] "POST /kwsrmcab/Wsrmcab  HTTP/1.1" 200 213
44.231.202.44 - - [01/Nov/2023:02:17:59 -0500] "GET /BLA/resoluciones/index.php?dir=AUTOS%202006/AUTOS%202006%202701%20-%202800/&order=desc&sort=name HTTP/1.1" 200 22409
54.174.58.229 - - [01/Nov/2023:02:18:01 -0500] "GET /robots.txt HTTP/1.1" 404 1018
54.174.58.253 - - [01/Nov/2023:02:18:07 -0500] "GET /robots.txt HTTP/1.1" 404 1018
182.42.104.32 - - [01/Nov/2023:02:18:03 -0500] "GET /portaldeninos/ HTTP/1.1" 200 110179
54.174.58.225 - - [01/Nov/2023:02:18:12 -0500] "GET /robots.txt HTTP/1.1" 404 1018
54.174.58.229 - - [01/Nov/2023:02:18:17 -0500] "GET /robots.txt HTTP/1.1" 404 1018
172.22.2.4 - - [01/Nov/2023:02:16:41 -0500] "GET /BLA/boletinlegal/ HTTP/1.1" 200 58294
54.174.58.246 - - [01/Nov/2023:02:18:22 -0500] "GET /robots.txt HTTP/1.1" 404 1018
50.112.160.3 - - [01/Nov/2023:02:18:23 -0500] "GET /BLA/resoluciones/index.php?dir=AUTOS%202006/AUTOS%202006%201201-1300/&order=desc&sort=date HTTP/1.1" 200 22012
54.174.58.236 - - [01/Nov/2023:02:18:27 -0500] "GET /robots.txt HTTP/1.1" 404 1018
201.245.192.253 - - [01/Nov/2023:02:18:29 -0500] "POST /forms/lservlet;jsessionid=ac16012b30d66b1cb08e552f4ecc83f5ae6690438851.e3iSbxaKaheRe3eRa38MahaQbi1ynknvrkLOlQzNp65In0 HTTP/1.1" 200 2
54.174.58.238 - - [01/Nov/2023:02:18:33 -0500] "GET /robots.txt HTTP/1.1" 404 1018
54.174.58.236 - - [01/Nov/2023:02:18:38 -0500] "GET /robots.txt HTTP/1.1" 404 1018
54.174.58.236 - - [01/Nov/2023:02:18:44 -0500] "GET /robots.txt HTTP/1.1" 404 1018
54.174.58.237 - - [01/Nov/2023:02:18:49 -0500] "GET /robots.txt HTTP/1.1" 404 1018
44.231.202.44 - - [01/Nov/2023:02:18:50 -0500] "GET /BLA/resoluciones/RESOLUCIONES%202005/RES%202005%202351-2400/INDEX.DAT HTTP/1.1" 200 2000
54.174.58.253 - - [01/Nov/2023:02:18:54 -0500] "GET /robots.txt HTTP/1.1" 404 1018
162.55.43.55 - - [01/Nov/2023:02:18:59 -0500] "GET / HTTP/1.1" 200 4720
54.174.58.242 - - [01/Nov/2023:02:18:59 -0500] "GET /robots.txt HTTP/1.1" 404 1018
162.55.43.55 - - [01/Nov/2023:02:19:01 -0500] "GET / HTTP/1.1" 200 319
54.174.58.253 - - [01/Nov/2023:02:19:05 -0500] "GET /robots.txt HTTP/1.1" 404 1018
54.174.58.249 - - [01/Nov/2023:02:19:10 -0500] "GET /robots.txt HTTP/1.1" 404 1018
54.174.58.236 - - [01/Nov/2023:02:19:15 -0500] "GET /robots.txt HTTP/1.1" 404 1018
54.174.58.241 - - [01/Nov/2023:02:19:21 -0500] "GET /robots.txt HTTP/1.1" 404 1018
44.231.202.44 - - [01/Nov/2023:02:19:23 -0500] "GET /BLA/resoluciones/index.php?dir=Notificaciones/RESOLUCIONES%202017/&order=desc&sort=name HTTP/1.1" 200 13654
54.174.58.241 - - [01/Nov/2023:02:19:26 -0500] "GET /robots.txt HTTP/1.1" 404 1018
54.174.58.250 - - [01/Nov/2023:02:19:31 -0500] "GET /robots.txt HTTP/1.1" 404 1018
54.184.159.16 - - [01/Nov/2023:02:19:31 -0500] "GET /BLA/resoluciones/index.php?dir=Notificaciones/RESOLUCIONES%202017/&order=asc&sort=date HTTP/1.1" 200 13655
54.174.58.249 - - [01/Nov/2023:02:19:37 -0500] "GET /robots.txt HTTP/1.1" 404 1018
216.245.221.92 - - [01/Nov/2023:02:19:38 -0500] "HEAD / HTTP/1.1" 200 -
54.174.58.236 - - [01/Nov/2023:02:19:42 -0500] "GET /robots.txt HTTP/1.1" 404 1018
54.174.58.253 - - [01/Nov/2023:02:19:47 -0500] "GET /robots.txt HTTP/1.1" 404 1018
54.174.58.236 - - [01/Nov/2023:02:19:52 -0500] "GET /robots.txt HTTP/1.1" 404 1018
201.245.192.253 - - [01/Nov/2023:02:19:54 -0500] "POST /forms/lservlet;jsessionid=ac16012b30d6264c3ba800d84be3bfe79392a909b334.e3iSbxaKaheRe3eRa38MahaQbi1ynknvrkLOlQzNp65In0 HTTP/1.1" 200 2
54.174.58.241 - - [01/Nov/2023:02:19:58 -0500] "GET /robots.txt HTTP/1.1" 404 1018
50.112.160.3 - - [01/Nov/2023:02:20:00 -0500] "GET /BLA/resoluciones/index.php?dir=RESOLUCIONES%202002/RES%202002%201151-1200/&order=desc&sort=name HTTP/1.1" 200 12143
44.231.202.44 - - [01/Nov/2023:02:20:02 -0500] "GET /BLA/resoluciones/index.php?dir=RESOLUCIONES%202007/RES%202007%201401%20AL%201500/&order=asc&sort=date HTTP/1.1" 200 26854
54.174.58.249 - - [01/Nov/2023:02:20:03 -0500] "GET /robots.txt HTTP/1.1" 404 1018
54.184.159.16 - - [01/Nov/2023:02:20:08 -0500] "GET /BLA/resoluciones/index.php?dir=RESOLUCIONES%202003/RES%202003%20151-200/&order=desc&sort=name HTTP/1.1" 200 12345
54.174.58.229 - - [01/Nov/2023:02:20:08 -0500] "GET /robots.txt HTTP/1.1" 404 1018
54.184.159.16 - - [01/Nov/2023:02:20:13 -0500] "GET /BLA/resoluciones/index.php?dir=RESOLUCIONES%202002/RES%202002%201151-1200/&order=asc&sort=date HTTP/1.1" 200 12144
54.174.58.249 - - [01/Nov/2023:02:20:14 -0500] "GET /robots.txt HTTP/1.1" 404 1018
54.174.58.250 - - [01/Nov/2023:02:20:19 -0500] "GET /robots.txt HTTP/1.1" 404 1018
54.174.58.229 - - [01/Nov/2023:02:20:24 -0500] "GET /robots.txt HTTP/1.1" 404 1018
201.245.192.253 - - [01/Nov/2023:02:20:29 -0500] "POST /forms/lservlet;jsessionid=ac16012b30d66b1cb08e552f4ecc83f5ae6690438851.e3iSbxaKaheRe3eRa38MahaQbi1ynknvrkLOlQzNp65In0 HTTP/1.1" 200 2
54.174.58.253 - - [01/Nov/2023:02:20:29 -0500] "GET /robots.txt HTTP/1.1" 404 1018
54.174.58.242 - - [01/Nov/2023:02:20:34 -0500] "GET /robots.txt HTTP/1.1" 404 1018
54.174.58.252 - - [01/Nov/2023:02:20:40 -0500] "GET /robots.txt HTTP/1.1" 404 1018
54.174.58.252 - - [01/Nov/2023:02:20:45 -0500] "GET /robots.txt HTTP/1.1" 404 1018
201.245.192.253 - - [01/Nov/2023:02:20:43 -0500] "POST /kwsrmcab/Wsrmcab HTTP/1.1" 200 40483
201.245.192.253 - - [01/Nov/2023:02:20:47 -0500] "POST /kwsrmcab/Wsrmcab HTTP/1.1" 200 39915
54.174.58.229 - - [01/Nov/2023:02:20:50 -0500] "GET /robots.txt HTTP/1.1" 404 1018
44.231.202.44 - - [01/Nov/2023:02:20:51 -0500] "GET /BLA/resoluciones/index.php?dir=RESOLUCIONES%202003/RES%202003%20151-200/&order=asc&sort=date HTTP/1.1" 200 12346
54.184.159.16 - - [01/Nov/2023:02:20:54 -0500] "GET /BLA/resoluciones/index.php?dir=RESOLUCIONES%202006/RES%202006%202451-2500/&order=asc&sort=date HTTP/1.1" 200 12154
54.174.58.241 - - [01/Nov/2023:02:20:55 -0500] "GET /robots.txt HTTP/1.1" 404 1018
54.174.58.252 - - [01/Nov/2023:02:21:01 -0500] "GET /robots.txt HTTP/1.1" 404 1018
50.112.160.3 - - [01/Nov/2023:02:21:05 -0500] "GET /BLA/resoluciones/index.php?dir=RESOLUCIONES%202003/RES%202003%20601-650/&order=desc&sort=date HTTP/1.1" 200 11291
54.174.58.237 - - [01/Nov/2023:02:21:06 -0500] "GET /robots.txt HTTP/1.1" 404 1018
54.174.58.236 - - [01/Nov/2023:02:21:11 -0500] "GET /robots.txt HTTP/1.1" 404 1018
54.174.58.249 - - [01/Nov/2023:02:21:16 -0500] "GET /robots.txt HTTP/1.1" 404 1018
52.167.144.188 - - [01/Nov/2023:02:21:19 -0500] "GET /BLA/resoluciones/RESOLUCIONES%202021/3848.pdf HTTP/1.1" 200 464855
54.174.58.242 - - [01/Nov/2023:02:21:21 -0500] "GET /robots.txt HTTP/1.1" 404 1018
54.174.58.246 - - [01/Nov/2023:02:21:27 -0500] "GET /robots.txt HTTP/1.1" 404 1018
54.184.159.16 - - [01/Nov/2023:02:21:27 -0500] "GET /BLA/resoluciones/index.php?dir=RESOLUCIONES%202019/&order=asc&sort=name HTTP/1.1" 200 261413
54.174.58.250 - - [01/Nov/2023:02:21:32 -0500] "GET /robots.txt HTTP/1.1" 404 1018
54.174.58.250 - - [01/Nov/2023:02:21:37 -0500] "GET /robots.txt HTTP/1.1" 404 1018
54.174.58.229 - - [01/Nov/2023:02:21:42 -0500] "GET /robots.txt HTTP/1.1" 404 1018
54.174.58.225 - - [01/Nov/2023:02:21:48 -0500] "GET /robots.txt HTTP/1.1" 404 1018
54.174.58.249 - - [01/Nov/2023:02:21:53 -0500] "GET /robots.txt HTTP/1.1" 404 1018
