186.80.52.180 - - [01/Nov/2023:06:29:41 -0500] "GET /sipse/faces/javax.faces.resource/primefaces.js?ln=primefaces&v=4.0 HTTP/1.1" 304 -
186.80.52.180 - - [01/Nov/2023:06:29:41 -0500] "GET /sipse/faces/javax.faces.resource/layout/layout.js?ln=primefaces&v=4.0 HTTP/1.1" 304 -
186.80.52.180 - - [01/Nov/2023:06:29:41 -0500] "POST /sipse/faces/presentacion/financiero/solicitudProceso/consultarHistorialSolProceso.xhtml HTTP/1.1" 200 158391
201.245.192.253 - - [01/Nov/2023:06:29:54 -0500] "POST /forms/lservlet;jsessionid=ac16012b30d6264c3ba800d84be3bfe79392a909b334.e3iSbxaKaheRe3eRa38MahaQbi1ynknvrkLOlQzNp65In0 HTTP/1.1" 200 2
186.80.52.180 - - [01/Nov/2023:06:29:54 -0500] "POST /sipse/faces/presentacion/financiero/solicitudProceso/consultarSolicitudProceso.xhtml HTTP/1.1" 200 911
186.80.52.180 - - [01/Nov/2023:06:29:57 -0500] "GET /sipse/faces/presentacion/financiero/solicitudProceso/faces/autenticacion HTTP/1.1" 302 -
186.80.52.180 - - [01/Nov/2023:06:29:57 -0500] "GET /sipse/faces/autenticacion.xhtml HTTP/1.1" 200 12409
186.80.52.180 - - [01/Nov/2023:06:29:57 -0500] "GET /sipse/faces/javax.faces.resource/theme.css?ln=primefaces-sipse HTTP/1.1" 304 -
186.80.52.180 - - [01/Nov/2023:06:29:57 -0500] "GET /sipse/faces/javax.faces.resource/layout/layout.css?ln=primefaces&v=4.0 HTTP/1.1" 304 -
186.80.52.180 - - [01/Nov/2023:06:29:57 -0500] "GET /sipse/faces/javax.faces.resource/jquery/jquery-plugins.js?ln=primefaces&v=4.0 HTTP/1.1" 304 -
186.80.52.180 - - [01/Nov/2023:06:29:57 -0500] "GET /sipse/faces/javax.faces.resource/jquery/jquery.js?ln=primefaces&v=4.0 HTTP/1.1" 304 -
186.80.52.180 - - [01/Nov/2023:06:29:57 -0500] "GET /sipse/faces/javax.faces.resource/primefaces.js?ln=primefaces&v=4.0 HTTP/1.1" 304 -
186.80.52.180 - - [01/Nov/2023:06:29:57 -0500] "GET /sipse/faces/javax.faces.resource/layout/layout.js?ln=primefaces&v=4.0 HTTP/1.1" 304 -
50.112.160.3 - - [01/Nov/2023:06:30:11 -0500] "GET /BLA/resoluciones/index.php?dir=RESOLUCIONES%202021/&order=desc&sort=date HTTP/1.1" 200 442880
186.80.52.180 - - [01/Nov/2023:06:30:16 -0500] "GET /sipse/faces/javax.faces.resource/primefaces.css?ln=primefaces&v=4.0 HTTP/1.1" 304 -
201.245.192.253 - - [01/Nov/2023:06:30:30 -0500] "POST /forms/lservlet;jsessionid=ac16012b30d66b1cb08e552f4ecc83f5ae6690438851.e3iSbxaKaheRe3eRa38MahaQbi1ynknvrkLOlQzNp65In0 HTTP/1.1" 200 2
201.245.192.253 - - [01/Nov/2023:06:30:41 -0500] "POST /kwsrmcab/Wsrmcab HTTP/1.1" 200 40336
201.245.192.253 - - [01/Nov/2023:06:30:44 -0500] "POST /kwsrmcab/Wsrmcab HTTP/1.1" 200 40214
201.245.192.253 - - [01/Nov/2023:06:31:49 -0500] "POST /kwsrmcab/Wsrmcab  HTTP/1.1" 200 213
201.245.192.253 - - [01/Nov/2023:06:31:54 -0500] "POST /forms/lservlet;jsessionid=ac16012b30d6264c3ba800d84be3bfe79392a909b334.e3iSbxaKaheRe3eRa38MahaQbi1ynknvrkLOlQzNp65In0 HTTP/1.1" 200 2
201.245.192.253 - - [01/Nov/2023:06:32:30 -0500] "POST /forms/lservlet;jsessionid=ac16012b30d66b1cb08e552f4ecc83f5ae6690438851.e3iSbxaKaheRe3eRa38MahaQbi1ynknvrkLOlQzNp65In0 HTTP/1.1" 200 2
44.231.202.44 - - [01/Nov/2023:06:33:22 -0500] "GET /BLA/resoluciones/index.php?dir=RESOLUCIONES%202002/RES%202002%20151-200/&order=asc&sort=name HTTP/1.1" 200 12570
168.119.252.243 - - [01/Nov/2023:06:33:34 -0500] "GET / HTTP/1.1" 200 319
168.119.252.243 - - [01/Nov/2023:06:33:36 -0500] "GET / HTTP/1.1" 200 4720
50.112.160.3 - - [01/Nov/2023:06:33:36 -0500] "GET /BLA/resoluciones/index.php?dir=RESOLUCIONES%202005/RES%202005%202201-2250/&order=asc&sort=size HTTP/1.1" 200 12363
201.245.192.253 - - [01/Nov/2023:06:33:54 -0500] "POST /forms/lservlet;jsessionid=ac16012b30d6264c3ba800d84be3bfe79392a909b334.e3iSbxaKaheRe3eRa38MahaQbi1ynknvrkLOlQzNp65In0 HTTP/1.1" 200 2
50.112.160.3 - - [01/Nov/2023:06:33:57 -0500] "GET /BLA/resoluciones/index.php?dir=RESOLUCIONES%202007/RES%202007%201501%20AL%201600/&order=desc&sort=name HTTP/1.1" 200 26867
216.173.113.49 - - [01/Nov/2023:06:34:04 -0500] "GET /portaldeninos/gestion-del-riesgo-incendios-forestales/ HTTP/1.1" 200 86825
216.173.113.49 - - [01/Nov/2023:06:34:05 -0500] "GET /portaldeninos/biodiversidad/ HTTP/1.1" 200 86633
216.173.113.49 - - [01/Nov/2023:06:34:11 -0500] "GET /portaldeninos/que-es-cambio-climatico/ HTTP/1.1" 200 86727
216.173.113.49 - - [01/Nov/2023:06:34:13 -0500] "GET /portaldeninos/agua-y-estructura-ecologica-principal/ HTTP/1.1" 200 87488
216.173.113.49 - - [01/Nov/2023:06:34:19 -0500] "GET /portaldeninos/residuos/ HTTP/1.1" 200 87443
172.22.2.4 - - [01/Nov/2023:06:32:44 -0500] "HEAD /BLA/boletinlegal/ HTTP/1.1" 200 -
201.245.192.253 - - [01/Nov/2023:06:34:30 -0500] "POST /forms/lservlet;jsessionid=ac16012b30d66b1cb08e552f4ecc83f5ae6690438851.e3iSbxaKaheRe3eRa38MahaQbi1ynknvrkLOlQzNp65In0 HTTP/1.1" 200 2
216.245.221.92 - - [01/Nov/2023:06:34:37 -0500] "HEAD / HTTP/1.1" 200 -
172.22.2.4 - - [01/Nov/2023:06:33:35 -0500] "GET /BLA/boletinlegal/ HTTP/1.1" 200 58644
207.46.13.153 - - [01/Nov/2023:06:35:26 -0500] "GET /BLA/resoluciones/RESOLUCIONES%202021/5027.pdf HTTP/1.1" 200 336083
172.22.2.4 - - [01/Nov/2023:06:35:38 -0500] "GET /BLA/boletinlegal/norma_menu.php HTTP/1.1" 200 6328
172.22.2.4 - - [01/Nov/2023:06:35:49 -0500] "GET /BLA/boletinlegal/jurisprudencia/analisis/null HTTP/1.1" 404 1038
172.22.2.4 - - [01/Nov/2023:06:35:50 -0500] "GET /BLA/boletinlegal/jurisprudencia/analisis/AnalisisT-146-16.docx HTTP/1.1" 200 23021
172.22.2.4 - - [01/Nov/2023:06:35:52 -0500] "GET /BLA/boletinlegal/jurisprudencia/analisis/null HTTP/1.1" 404 1038
201.245.192.253 - - [01/Nov/2023:06:35:54 -0500] "POST /forms/lservlet;jsessionid=ac16012b30d6264c3ba800d84be3bfe79392a909b334.e3iSbxaKaheRe3eRa38MahaQbi1ynknvrkLOlQzNp65In0 HTTP/1.1" 200 2
172.22.2.4 - - [01/Nov/2023:06:35:57 -0500] "GET /BLA/boletinlegal/jurisprudencia/analisis/null HTTP/1.1" 404 1038
172.22.2.4 - - [01/Nov/2023:06:35:58 -0500] "GET /BLA/boletinlegal/jurisprudencia/analisis/AnalisisT-095-16.docx HTTP/1.1" 200 20284
172.22.2.4 - - [01/Nov/2023:06:36:00 -0500] "GET /BLA/boletinlegal/jurisprudencia/analisis/AnalisisC-035-16.docx HTTP/1.1" 200 25011
172.22.2.4 - - [01/Nov/2023:06:36:06 -0500] "GET /BLA/boletinlegal/jurisprudencia/analisis/AnalisisT-606-15.docx HTTP/1.1" 200 26698
172.22.2.4 - - [01/Nov/2023:06:36:11 -0500] "GET /BLA/boletinlegal/jurisprudencia/analisis/ANALISIST-672-14.docx HTTP/1.1" 200 22530
172.22.2.4 - - [01/Nov/2023:06:36:12 -0500] "GET /BLA/boletinlegal/jurisprudencia/analisis/G__Jurisp.%20Junio%202014_Sent%20Tutela%20Drumond.docx HTTP/1.1" 200 25380
172.22.2.4 - - [01/Nov/2023:06:36:13 -0500] "GET /BLA/boletinlegal/jurisprudencia/analisis/G__Jurisp.%20Junio%202014_JURISPRUDENIA%2005-10-213%20CERROS%20BOGOTA.docx HTTP/1.1" 404 1038
173.252.107.6 - - [01/Nov/2023:06:36:16 -0500] "GET /incendios-forestales-como-prevenirlos-y-aportar-al-cuidado-de-los-ecosistemas.html HTTP/1.1" 200 883
52.167.144.161 - - [01/Nov/2023:06:36:19 -0500] "GET /Publicaciones/2023EE224628.pdf HTTP/1.1" 404 228
52.167.144.161 - - [01/Nov/2023:06:36:20 -0500] "GET /Publicaciones/2023EE251261.pdf HTTP/1.1" 200 2183248
172.22.2.4 - - [01/Nov/2023:06:36:23 -0500] "GET /BLA/boletinlegal/jurisprudencia/analisis/G__Jurisp.%20Junio%202014_ANALISIS%20JURISPRUDENCIA%20C-634-12%20DECOMISO.docx HTTP/1.1" 200 27045
172.22.2.4 - - [01/Nov/2023:06:36:23 -0500] "GET /BLA/boletinlegal/jurisprudencia/analisis/G__Jurisp.%20Junio%202014_JURISPRUDENIA%2005-10-213%20CERROS%20BOGOTA.docx HTTP/1.1" 404 1038
172.22.2.4 - - [01/Nov/2023:06:36:23 -0500] "GET /BLA/boletinlegal/jurisprudencia/analisis/AnalisisT-693-12.docx HTTP/1.1" 200 25737
172.22.2.4 - - [01/Nov/2023:06:36:27 -0500] "GET /BLA/boletinlegal/jurisprudencia/analisis/G__Jurisp.%20Junio%202014_JURISPRUDENIA%2005-10-213%20CERROS%20BOGOTA.docx HTTP/1.1" 404 1038
172.22.2.4 - - [01/Nov/2023:06:36:28 -0500] "GET /BLA/boletinlegal/jurisprudencia/analisis/AnalisisC-746-12.docx HTTP/1.1" 200 22637
201.245.192.253 - - [01/Nov/2023:06:36:30 -0500] "POST /forms/lservlet;jsessionid=ac16012b30d66b1cb08e552f4ecc83f5ae6690438851.e3iSbxaKaheRe3eRa38MahaQbi1ynknvrkLOlQzNp65In0 HTTP/1.1" 200 2
172.22.2.4 - - [01/Nov/2023:06:36:30 -0500] "GET /BLA/boletinlegal/jurisprudencia/analisis/Analisis%20Sentencia%20T-1077,%202%20corregida.doc HTTP/1.1" 200 47616
172.22.2.4 - - [01/Nov/2023:06:36:30 -0500] "GET /BLA/boletinlegal/jurisprudencia/analisis/AnalisisC-273-11.docx HTTP/1.1" 200 22036
172.22.2.4 - - [01/Nov/2023:06:36:32 -0500] "GET /BLA/boletinlegal/jurisprudencia/analisis/CUADRO%20SENTENCIA%20C-222%20DE%202011.doc HTTP/1.1" 200 34816
172.22.2.4 - - [01/Nov/2023:06:36:35 -0500] "GET /BLA/boletinlegal/jurisprudencia/analisis/Analisis%20jurisprudencial%20Sentencia%20C-366-11.doc HTTP/1.1" 200 59392
172.22.2.4 - - [01/Nov/2023:06:36:37 -0500] "GET /BLA/boletinlegal/jurisprudencia/analisis/Analisis%20Jurisprudencia%20Sent%202000-00005-01.doc HTTP/1.1" 200 52736
172.22.2.4 - - [01/Nov/2023:06:36:40 -0500] "GET /BLA/boletinlegal/jurisprudencia/analisis/analisis%20sentencia%20C-1007-2011-1.doc HTTP/1.1" 200 35328
172.22.2.4 - - [01/Nov/2023:06:36:43 -0500] "GET /BLA/boletinlegal/jurisprudencia/analisis/SENTENCIA%20C-703%20DE%202010.xls HTTP/1.1" 200 38912
172.22.2.4 - - [01/Nov/2023:06:36:46 -0500] "GET /BLA/boletinlegal/jurisprudencia/analisis/analisis%20sentencia%20C-596-10.doc HTTP/1.1" 200 36352
172.22.2.4 - - [01/Nov/2023:06:36:48 -0500] "GET /BLA/boletinlegal/jurisprudencia/analisis/analisis%20sentencia%20C%20401%20de%202010.doc HTTP/1.1" 200 34816
172.22.2.4 - - [01/Nov/2023:06:36:48 -0500] "GET /BLA/boletinlegal/jurisprudencia/analisis/analisis%20C-595-2010.doc HTTP/1.1" 200 39424
201.245.192.253 - - [01/Nov/2023:06:36:47 -0500] "POST /kwsrmcab/Wsrmcab  HTTP/1.1" 200 213
172.22.2.4 - - [01/Nov/2023:06:36:54 -0500] "GET /BLA/boletinlegal/jurisprudencia/analisis/CUADRO%20SENTENCIA%20T-299%20DE%202008.doc HTTP/1.1" 200 40960
172.22.2.4 - - [01/Nov/2023:06:36:54 -0500] "GET /BLA/boletinlegal/jurisprudencia/analisis/G__Jurisp.%20Junio%202014_SENTENCIA%20C-554%20DE%202007.docx HTTP/1.1" 404 1038
172.22.2.4 - - [01/Nov/2023:06:36:55 -0500] "GET /BLA/boletinlegal/jurisprudencia/analisis/CUADRO%20ANALISIS%20SENTENCIA%20C-554%20DE%202007.doc HTTP/1.1" 200 35328
172.22.2.4 - - [01/Nov/2023:06:36:55 -0500] "GET /BLA/boletinlegal/jurisprudencia/analisis/CUADRO%20SENTENCIA%20C-245%20DE%202004.doc HTTP/1.1" 200 65536
172.22.2.4 - - [01/Nov/2023:06:36:59 -0500] "GET /BLA/boletinlegal/jurisprudencia/analisis/G__Jurisp.%20Junio%202014_SENTENCIA%20C-554%20DE%202007.docx HTTP/1.1" 404 1038
172.22.2.4 - - [01/Nov/2023:06:36:59 -0500] "GET /BLA/boletinlegal/jurisprudencia/analisis/ANALISIST-046-99.docx HTTP/1.1" 200 20918
172.22.2.4 - - [01/Nov/2023:06:37:01 -0500] "GET /BLA/boletinlegal/jurisprudencia/analisis/ANALISIST-257-96.docx HTTP/1.1" 200 19486
172.22.2.4 - - [01/Nov/2023:06:37:01 -0500] "GET /BLA/boletinlegal/jurisprudencia/analisis/CUADRO%20ANALISIS%20SENTENCIA%20T-411%20DE%201992.doc HTTP/1.1" 200 41984
172.22.2.4 - - [01/Nov/2023:06:37:04 -0500] "GET /BLA/boletinlegal/jurisprudencia/analisis/G__Jurisp.%20Junio%202014_SENTENCIA%20C-554%20DE%202007.docx HTTP/1.1" 404 1038
172.22.2.4 - - [01/Nov/2023:06:37:06 -0500] "GET /BLA/boletinlegal/documentos-importantes.php HTTP/1.1" 200 4829
172.22.2.4 - - [01/Nov/2023:06:37:08 -0500] "GET /BLA/boletinlegal/Directivas/2022/DIRECTIVA%20No.%2000002%20DEL%2022%20DE%20JUNIO%20DEL%202022.pdf HTTP/1.1" 200 384175
172.22.2.4 - - [01/Nov/2023:06:37:09 -0500] "GET /BLA/boletinlegal/Directivas/2022/DIRECTIVA%20No.%2000001%20DEL%2015%20DE%20JUNIO%20DEL%202022.pdf HTTP/1.1" 200 290944
172.22.2.4 - - [01/Nov/2023:06:37:13 -0500] "GET /BLA/boletinlegal/Directivas/2019/Directiva%20008%20del%2001%20de%20noviembre%20de%202019.pdf HTTP/1.1" 200 1382642
172.22.2.4 - - [01/Nov/2023:06:37:15 -0500] "GET /BLA/boletinlegal/Directivas/2019/Directiva%20No.%200001%20del%2011%20de%20junio%20de%202019.pdf HTTP/1.1" 200 228190
172.22.2.4 - - [01/Nov/2023:06:37:18 -0500] "GET /BLA/boletinlegal/Directivas/2018/Directiva%20No.%2027%20del%2028%20de%20diciembre%20de%202018.pdf HTTP/1.1" 200 2831879
172.22.2.4 - - [01/Nov/2023:06:37:21 -0500] "GET /BLA/boletinlegal/Directivas/2018/Directiva%20No.%2026%20del%2028%20de%20diciembre%20de%202018.pdf HTTP/1.1" 200 332220
172.22.2.4 - - [01/Nov/2023:06:37:25 -0500] "GET /BLA/boletinlegal/Directivas/2018/Directiva%20No.%2025%20del%2027%20de%20diciembre%20de%202018.pdf HTTP/1.1" 200 1351319
172.22.2.4 - - [01/Nov/2023:06:37:31 -0500] "GET /BLA/boletinlegal/Directivas/2018/Directiva%20No.%2024%20del%2027%20de%20diciembre%20de%202018.pdf HTTP/1.1" 200 575948
201.245.192.253 - - [01/Nov/2023:06:37:30 -0500] "POST /kwsrmcab/Wsrmcab HTTP/1.1" 200 40336
201.245.192.253 - - [01/Nov/2023:06:37:33 -0500] "POST /kwsrmcab/Wsrmcab HTTP/1.1" 200 40214
172.22.2.4 - - [01/Nov/2023:06:37:43 -0500] "GET /BLA/boletinlegal/Directivas/2018/Directiva%20No.%2023%20del%2026%20de%20diciembre%20de%202018.pdf HTTP/1.1" 200 481134
172.22.2.4 - - [01/Nov/2023:06:37:47 -0500] "GET /BLA/boletinlegal/Directivas/2017/Directiva%20No.%2001%20del%2027%20de%20Junio%20de%202018.pdf HTTP/1.1" 200 217496
172.22.2.4 - - [01/Nov/2023:06:37:49 -0500] "GET /BLA/boletinlegal/Directivas/2016/Directiva%20No.%2004%20del%2023%20de%20Diciembre%20de%202016.pdf HTTP/1.1" 200 327098
172.22.2.4 - - [01/Nov/2023:06:37:52 -0500] "GET /BLA/boletinlegal/Directivas/2017/Directiva%20No.%2006%20del%2016%20de%20Agosto%20de%202017.pdf HTTP/1.1" 200 310598
172.22.2.4 - - [01/Nov/2023:06:37:53 -0500] "GET /BLA/boletinlegal/Directivas/2017/Directiva%20No.%2005%20del%2013%20de%20Junio%20de%202017.pdf HTTP/1.1" 200 853105
201.245.192.253 - - [01/Nov/2023:06:37:54 -0500] "POST /forms/lservlet;jsessionid=ac16012b30d6264c3ba800d84be3bfe79392a909b334.e3iSbxaKaheRe3eRa38MahaQbi1ynknvrkLOlQzNp65In0 HTTP/1.1" 200 2
172.22.2.4 - - [01/Nov/2023:06:37:56 -0500] "GET /BLA/boletinlegal/Directivas/2017/Directiva%20No.%2004%20del%2028%20de%20Abril%20de%202017.pdf HTTP/1.1" 200 8194919
172.22.2.4 - - [01/Nov/2023:06:38:01 -0500] "GET /BLA/boletinlegal/Directivas/2017/Directiva%20No.%2003%20del%2024%20de%20Febrero%20de%202017.pdf HTTP/1.1" 200 6911517
172.22.2.4 - - [01/Nov/2023:06:38:06 -0500] "GET /BLA/boletinlegal/Directivas/2017/Directiva%20No.%2002%20del%2017%20de%20Enero%20de%202017.pdf HTTP/1.1" 200 3521427
172.22.2.4 - - [01/Nov/2023:06:38:14 -0500] "GET /BLA/boletinlegal/Directivas/2017/Directiva%20No.%2001%20del%2017%20de%20Enero%20de%202017.pdf HTTP/1.1" 200 2804310
201.245.192.253 - - [01/Nov/2023:06:38:30 -0500] "POST /forms/lservlet;jsessionid=ac16012b30d66b1cb08e552f4ecc83f5ae6690438851.e3iSbxaKaheRe3eRa38MahaQbi1ynknvrkLOlQzNp65In0 HTTP/1.1" 200 2
66.249.66.167 - - [01/Nov/2023:06:38:43 -0500] "GET /portaldeninos/humedal-tibanica-2/ HTTP/1.1" 200 87771
66.249.66.167 - - [01/Nov/2023:06:38:50 -0500] "GET /portaldeninos/wp-includes/js/jquery/jquery-migrate.min.js?ver=1.4.1 HTTP/1.1" 200 10056
40.77.167.47 - - [01/Nov/2023:06:39:01 -0500] "GET /BLA/resoluciones/AUTOS%202023/4062.pdf HTTP/1.1" 200 652050
172.22.2.4 - - [01/Nov/2023:06:39:12 -0500] "GET /BLA/boletinlegal/Directivas/2016/Directiva%20No.%2003%20del%2026%20de%20Julio%20de%202016.pdf HTTP/1.1" 200 370200
172.22.2.4 - - [01/Nov/2023:06:39:14 -0500] "GET /BLA/boletinlegal/Directivas/2016/Directiva%20No.%2002%20del%2019%20de%20Abril%20de%202016.pdf HTTP/1.1" 200 11898321
40.77.167.132 - - [01/Nov/2023:06:39:31 -0500] "GET /BLA/resoluciones/RESOLUCIONES%202021/1271.pdf HTTP/1.1" 200 438323
216.245.221.92 - - [01/Nov/2023:06:39:37 -0500] "HEAD / HTTP/1.1" 200 -
172.22.2.4 - - [01/Nov/2023:06:39:41 -0500] "GET /BLA/boletinlegal/Directivas/2016/Directiva%20No.%2001%20del%2012%20de%20Abril%20de%202016.pdf HTTP/1.1" 200 868354
40.77.167.132 - - [01/Nov/2023:06:39:39 -0500] "GET /Publicaciones/2023EE248673.pdf HTTP/1.1" 200 4431436
172.22.2.4 - - [01/Nov/2023:06:39:44 -0500] "GET /BLA/boletinlegal/Directivas/2014/Directiva%20No.%205%20del%2026%20de%20Diciembre%20de%202014.pdf HTTP/1.1" 200 3424865
172.22.2.4 - - [01/Nov/2023:06:38:57 -0500] "GET /BLA/boletinlegal/ HTTP/1.1" 200 32715
172.22.2.4 - - [01/Nov/2023:06:39:49 -0500] "GET /BLA/boletinlegal/Directivas/2015/Directiva%20No.%2001%20del%2014%20de%20Enero%20de%202015.pdf HTTP/1.1" 200 1416322
201.245.192.253 - - [01/Nov/2023:06:39:54 -0500] "POST /forms/lservlet;jsessionid=ac16012b30d6264c3ba800d84be3bfe79392a909b334.e3iSbxaKaheRe3eRa38MahaQbi1ynknvrkLOlQzNp65In0 HTTP/1.1" 200 2
172.22.2.4 - - [01/Nov/2023:06:40:09 -0500] "GET /BLA/boletinlegal/Directivas/2014/Directiva%20No.%204%20del%2006%20de%20Junio%20de%202014.pdf HTTP/1.1" 200 236794
172.22.2.4 - - [01/Nov/2023:06:38:34 -0500] "HEAD /BLA/boletinlegal/ HTTP/1.1" 200 -
172.22.2.4 - - [01/Nov/2023:06:40:21 -0500] "GET /BLA/boletinlegal/Directivas/2014/Directiva%20No.%203%20del%2020%20de%20Mayo%20de%202014.pdf HTTP/1.1" 200 504420
172.22.2.4 - - [01/Nov/2023:06:40:22 -0500] "GET /BLA/boletinlegal/Directivas/2014/Directiva%20No.%202%20del%205%20de%20Mayo%20de%202014.pdf HTTP/1.1" 200 591315
201.245.192.253 - - [01/Nov/2023:06:40:30 -0500] "POST /forms/lservlet;jsessionid=ac16012b30d66b1cb08e552f4ecc83f5ae6690438851.e3iSbxaKaheRe3eRa38MahaQbi1ynknvrkLOlQzNp65In0 HTTP/1.1" 200 2
172.22.2.4 - - [01/Nov/2023:06:40:37 -0500] "GET /BLA/boletinlegal/Directivas/2014/Directiva%20No.%201%20del%2010%20de%20Abril%20de%202014.pdf HTTP/1.1" 200 258865
172.22.2.4 - - [01/Nov/2023:06:40:40 -0500] "GET /BLA/boletinlegal/Directivas/2013/Directiva%20No.%203%20del%2016%20de%20julio%20de%202013.pdf HTTP/1.1" 200 127414
172.22.2.4 - - [01/Nov/2023:06:40:43 -0500] "GET /BLA/boletinlegal/Directivas/2013/Directiva%20No.%202%20del%2004%20de%20Abril%20de%202013.pdf HTTP/1.1" 200 1182671
201.245.192.253 - - [01/Nov/2023:06:40:41 -0500] "POST /kwsrmcab/Wsrmcab HTTP/1.1" 200 40336
201.245.192.253 - - [01/Nov/2023:06:40:44 -0500] "POST /kwsrmcab/Wsrmcab HTTP/1.1" 200 40214
172.22.2.4 - - [01/Nov/2023:06:40:53 -0500] "GET /BLA/boletinlegal/Directivas/2013/Directiva%20No.%201%20del%2004%20de%20Abril%20de%202013.pdf HTTP/1.1" 200 472003
172.22.2.4 - - [01/Nov/2023:06:40:57 -0500] "GET /BLA/boletinlegal/Directivas/2012/Directiva%20No.%201%20del%2030%20de%20octubre%20de%202012.pdf HTTP/1.1" 200 1522771
172.22.2.4 - - [01/Nov/2023:06:41:01 -0500] "GET /BLA/boletinlegal/Directivas/2011/Directiva%20No.%2011%20del%2027%20de%20Diciembre%20de%202011.pdf HTTP/1.1" 200 303527
172.22.2.4 - - [01/Nov/2023:06:39:25 -0500] "GET /BLA/boletinlegal/ HTTP/1.1" 200 53356
40.77.167.47 - - [01/Nov/2023:06:41:11 -0500] "GET /BLA/resoluciones/AUTOS%202023/2076.pdf HTTP/1.1" 200 307571
172.22.2.4 - - [01/Nov/2023:06:41:12 -0500] "GET /BLA/boletinlegal/Directivas/2011/Directiva%20No.%2010%20del%2028%20de%20Septiembre%20de%202011.pdf HTTP/1.1" 200 465887
172.22.2.4 - - [01/Nov/2023:06:41:13 -0500] "GET /BLA/boletinlegal/Directivas/2011/Directiva%20No.%209%20del%2023%20de%20Septiembre%20de%202011.pdf HTTP/1.1" 200 326687
172.22.2.4 - - [01/Nov/2023:06:41:28 -0500] "GET /BLA/boletinlegal/Directivas/2011/Directiva%20No.%208%20del%2020%20de%20Septiembre%20de%202011.pdf HTTP/1.1" 200 727150
172.22.2.4 - - [01/Nov/2023:06:41:28 -0500] "GET /BLA/boletinlegal/Directivas/2011/Directiva%20No.%207%20del%2015%20de%20Septiembre%20de%202011.pdf HTTP/1.1" 200 268084
172.22.2.4 - - [01/Nov/2023:06:41:29 -0500] "GET /BLA/boletinlegal/Directivas/2011/Directiva%20No.%206%20del%208%20de%20Septiembre%20de%202011.pdf HTTP/1.1" 200 996625
172.22.2.4 - - [01/Nov/2023:06:41:37 -0500] "GET /BLA/boletinlegal/Directivas/2011/Directiva%20No.%205%20del%2029%20de%20Agosto%20de%202011.pdf HTTP/1.1" 200 444404
172.22.2.4 - - [01/Nov/2023:06:41:39 -0500] "GET /BLA/boletinlegal/Directivas/2011/Directiva%20No.%204%20del%2028%20de%20Junio%20de%202011.pdf HTTP/1.1" 200 960158
40.77.167.47 - - [01/Nov/2023:06:41:39 -0500] "GET /BLA/resoluciones/RESOLUCIONES%202022/4599.pdf HTTP/1.1" 304 -
172.22.2.4 - - [01/Nov/2023:06:41:44 -0500] "GET /BLA/boletinlegal/Directivas/2011/Directiva%20No.%203%20del%2027%20de%20Mayo%20de%202011.pdf HTTP/1.1" 200 910420
172.22.2.4 - - [01/Nov/2023:06:41:47 -0500] "GET /BLA/boletinlegal/Directivas/2011/Directiva%20No.%202%20del%2017%20de%20Mayo%20de%202011.pdf HTTP/1.1" 200 495382
172.22.2.4 - - [01/Nov/2023:06:41:49 -0500] "GET /BLA/boletinlegal/Directivas/2011/Directiva%20No.%201%20del%205%20de%20Abril%20de%202011.pdf HTTP/1.1" 200 971292
201.245.192.253 - - [01/Nov/2023:06:41:47 -0500] "POST /kwsrmcab/Wsrmcab  HTTP/1.1" 200 213
172.22.2.4 - - [01/Nov/2023:06:41:53 -0500] "GET /BLA/boletinlegal/Directivas/2009/Directiva%20No.%20del%2023%20de%20Diciembre%20de%202009.pdf HTTP/1.1" 200 1636862
201.245.192.253 - - [01/Nov/2023:06:41:54 -0500] "POST /forms/lservlet;jsessionid=ac16012b30d6264c3ba800d84be3bfe79392a909b334.e3iSbxaKaheRe3eRa38MahaQbi1ynknvrkLOlQzNp65In0 HTTP/1.1" 200 2
172.22.2.4 - - [01/Nov/2023:06:41:55 -0500] "GET /BLA/boletinlegal/Circulares/2023/CIRCULAR%20No.%2000012%20DEL%2030%20DE%20OCTUBRE%20DEL%202023.pdf HTTP/1.1" 200 402860
172.22.2.4 - - [01/Nov/2023:06:41:59 -0500] "GET /BLA/boletinlegal/Circulares/2023/CIRCULAR%20No.%2000011%20DEL%2023%20DE%20OCTUBRE%20DEL%202023.pdf HTTP/1.1" 200 334676
172.22.2.4 - - [01/Nov/2023:06:42:06 -0500] "GET /BLA/boletinlegal/Circulares/2023/CIRCULAR%20No.%2000010%20DEL%2010%20DE%20OCTUBRE%20DEL%202023.pdf HTTP/1.1" 200 341821
172.22.2.4 - - [01/Nov/2023:06:42:08 -0500] "GET /BLA/boletinlegal/Circulares/2023/CIRCULAR%20No.%2000009%20DEL%2010%20DE%20OCTUBRE%20DEL%202023.pdf HTTP/1.1" 200 529599
172.22.2.4 - - [01/Nov/2023:06:42:10 -0500] "GET /BLA/boletinlegal/Circulares/2023/CIRCULAR%20No.%2000006%20DEL%2013%20DE%20JULIO%20DEL%202023.pdf HTTP/1.1" 200 375301
172.22.2.4 - - [01/Nov/2023:06:42:18 -0500] "GET /BLA/boletinlegal/Circulares/2023/CIRCULAR%20No.%2000005%20DEL%2013%20DE%20JUNIO%20DEL%202023.pdf HTTP/1.1" 200 3638854
172.22.2.4 - - [01/Nov/2023:06:42:20 -0500] "GET /BLA/boletinlegal/Circulares/2023/CIRCULAR%20No.%2000001%20DEL%2020%20DE%20FEBRERO%20DEL%202023.pdf HTTP/1.1" 200 317520
201.245.192.253 - - [01/Nov/2023:06:42:30 -0500] "POST /forms/lservlet;jsessionid=ac16012b30d66b1cb08e552f4ecc83f5ae6690438851.e3iSbxaKaheRe3eRa38MahaQbi1ynknvrkLOlQzNp65In0 HTTP/1.1" 200 2
54.184.159.16 - - [01/Nov/2023:06:42:31 -0500] "GET /BLA/resoluciones/index.php?dir=RESOLUCIONES%202005/RES%202005%203101-3150/&order=asc&sort=date HTTP/1.1" 200 12367
44.231.202.44 - - [01/Nov/2023:06:42:33 -0500] "GET /BLA/resoluciones/RESOLUCIONES%202005/RES%202005%203101-3150/INDEX.DAT HTTP/1.1" 200 2000
44.231.202.44 - - [01/Nov/2023:06:42:34 -0500] "GET /BLA/resoluciones/index.php?dir=RESOLUCIONES%202005/RES%202005%203101-3150/&order=desc&sort=name HTTP/1.1" 200 12366
54.184.159.16 - - [01/Nov/2023:06:42:38 -0500] "GET /BLA/resoluciones/index.php?dir=RESOLUCIONES%202005/RES%202005%203101-3150/&order=asc&sort=size HTTP/1.1" 200 12367
40.77.167.70 - - [01/Nov/2023:06:43:11 -0500] "GET /portaldeninos/?s=2023 HTTP/1.1" 200 87105
50.112.160.3 - - [01/Nov/2023:06:43:48 -0500] "GET /BLA/resoluciones/index.php?dir=RESOLUCIONES%202005/RES%202005%201451-1500/&order=desc&sort=date HTTP/1.1" 200 12367
54.184.159.16 - - [01/Nov/2023:06:43:52 -0500] "GET /BLA/resoluciones/AUTOS%202021/0245.php?act=phpinfo HTTP/1.1" 200 19269
201.245.192.253 - - [01/Nov/2023:06:43:54 -0500] "POST /forms/lservlet;jsessionid=ac16012b30d6264c3ba800d84be3bfe79392a909b334.e3iSbxaKaheRe3eRa38MahaQbi1ynknvrkLOlQzNp65In0 HTTP/1.1" 200 2
50.112.160.3 - - [01/Nov/2023:06:44:28 -0500] "GET /BLA/resoluciones/RESOLUCIONES%202005/RES%202005%20%201651-1700/INDEX.DAT HTTP/1.1" 200 2000
201.245.192.253 - - [01/Nov/2023:06:44:30 -0500] "POST /forms/lservlet;jsessionid=ac16012b30d66b1cb08e552f4ecc83f5ae6690438851.e3iSbxaKaheRe3eRa38MahaQbi1ynknvrkLOlQzNp65In0 HTTP/1.1" 200 2
216.245.221.92 - - [01/Nov/2023:06:44:37 -0500] "HEAD / HTTP/1.1" 200 -
44.231.202.44 - - [01/Nov/2023:06:45:31 -0500] "GET /BLA/resoluciones/AUTOS%202021/0245.php? HTTP/1.1" 200 107012
50.112.160.3 - - [01/Nov/2023:06:45:48 -0500] "GET /BLA/resoluciones/index.php?dir=RESOLUCIONES%202002/RES%202002%201651-1700/&order=desc&sort=size HTTP/1.1" 200 12154
201.245.192.253 - - [01/Nov/2023:06:45:54 -0500] "POST /forms/lservlet;jsessionid=ac16012b30d6264c3ba800d84be3bfe79392a909b334.e3iSbxaKaheRe3eRa38MahaQbi1ynknvrkLOlQzNp65In0 HTTP/1.1" 200 2
172.22.2.4 - - [01/Nov/2023:06:44:24 -0500] "HEAD /BLA/boletinlegal/ HTTP/1.1" 200 -
54.184.159.16 - - [01/Nov/2023:06:46:09 -0500] "GET /BLA/resoluciones/AUTOS%202021/0245.php?act=selfremove HTTP/1.1" 200 2750
54.184.159.16 - - [01/Nov/2023:06:46:19 -0500] "GET /BLA/resoluciones/index.php?dir=RESOLUCIONES%202002/ANEXOS/&order=desc&sort=name HTTP/1.1" 200 2239
44.231.202.44 - - [01/Nov/2023:06:46:24 -0500] "GET /BLA/resoluciones/index.php?dir=RESOLUCIONES%202002/ANEXOS/&order=asc&sort=date HTTP/1.1" 200 2240
201.245.192.253 - - [01/Nov/2023:06:46:30 -0500] "POST /forms/lservlet;jsessionid=ac16012b30d66b1cb08e552f4ecc83f5ae6690438851.e3iSbxaKaheRe3eRa38MahaQbi1ynknvrkLOlQzNp65In0 HTTP/1.1" 200 2
44.231.202.44 - - [01/Nov/2023:06:46:31 -0500] "GET /BLA/resoluciones/index.php?dir=RESOLUCIONES%202002/RES%202002%201651-1700/&order=asc&sort=name HTTP/1.1" 200 12155
44.231.202.44 - - [01/Nov/2023:06:46:34 -0500] "GET /BLA/resoluciones/index.php?dir=RESOLUCIONES%202005/RES%202005%20%201651-1700/&order=asc&sort=date HTTP/1.1" 200 12423
50.112.160.3 - - [01/Nov/2023:06:46:35 -0500] "GET /BLA/resoluciones/index.php?dir=RESOLUCIONES%202005/RES%202005%20%201651-1700/&order=desc&sort=name HTTP/1.1" 200 12422
186.84.88.245 - - [01/Nov/2023:06:46:43 -0500] "GET /BLA/resoluciones/ HTTP/1.1" 200 13696
201.245.192.253 - - [01/Nov/2023:06:46:45 -0500] "POST /kwsrmcab/Wsrmcab  HTTP/1.1" 200 213
172.22.2.4 - - [01/Nov/2023:06:45:15 -0500] "GET /BLA/boletinlegal/ HTTP/1.1" 200 58644
172.22.2.4 - - [01/Nov/2023:06:47:01 -0500] "GET /BLA/boletinlegal/actos.php HTTP/1.1" 200 9682
172.22.2.4 - - [01/Nov/2023:06:47:02 -0500] "GET /BLA/boletinlegal/favicon.ico HTTP/1.1" 404 1326
186.84.88.245 - - [01/Nov/2023:06:47:03 -0500] "GET /BLA/resoluciones/index.php?dir=RESOLUCIONES+2003%2F HTTP/1.1" 200 34282
186.84.88.245 - - [01/Nov/2023:06:47:03 -0500] "GET /BLA/resoluciones/dlf/unknown.png HTTP/1.1" 200 266
186.84.88.245 - - [01/Nov/2023:06:47:10 -0500] "GET /BLA/resoluciones/index.php?dir=RESOLUCIONES+2003%2FRES+2003+1001-1050%2F HTTP/1.1" 200 11566
186.84.88.245 - - [01/Nov/2023:06:47:13 -0500] "GET /BLA/resoluciones/RESOLUCIONES%202003/RES%202003%201001-1050/1030.tif HTTP/1.1" 200 264812
54.184.159.16 - - [01/Nov/2023:06:47:20 -0500] "GET /BLA/resoluciones/RESOLUCIONES%202005/RES%202005%20751-800/INDEX.DAT HTTP/1.1" 200 2000
50.112.160.3 - - [01/Nov/2023:06:47:39 -0500] "GET /BLA/resoluciones/index.php?dir=RESOLUCIONES%202005/RES%202005%20%201651-1700/&order=asc&sort=size HTTP/1.1" 200 12423
181.57.28.56 - - [01/Nov/2023:06:47:50 -0500] "GET /BLA/resoluciones/ HTTP/1.1" 200 13696
181.57.28.56 - - [01/Nov/2023:06:47:52 -0500] "GET /BLA/resoluciones/index.php?dir=AUTOS+2023%2F HTTP/1.1" 200 385584
201.245.192.253 - - [01/Nov/2023:06:47:54 -0500] "POST /forms/lservlet;jsessionid=ac16012b30d6264c3ba800d84be3bfe79392a909b334.e3iSbxaKaheRe3eRa38MahaQbi1ynknvrkLOlQzNp65In0 HTTP/1.1" 200 2
50.112.160.3 - - [01/Nov/2023:06:48:19 -0500] "GET /BLA/resoluciones/index.php?dir=RESOLUCIONES%202002/ANEXOS/&order=asc&sort=size HTTP/1.1" 200 2240
201.245.192.253 - - [01/Nov/2023:06:48:30 -0500] "POST /forms/lservlet;jsessionid=ac16012b30d66b1cb08e552f4ecc83f5ae6690438851.e3iSbxaKaheRe3eRa38MahaQbi1ynknvrkLOlQzNp65In0 HTTP/1.1" 200 2
44.231.202.44 - - [01/Nov/2023:06:48:45 -0500] "GET /BLA/resoluciones/index.php?dir=RESOLUCIONES%202006/RES%202006%20101-150/&order=desc&sort=date HTTP/1.1" 200 12240
54.184.159.16 - - [01/Nov/2023:06:48:50 -0500] "GET /BLA/resoluciones/index.php?dir=RESOLUCIONES%202006/RES%202006%20101-150/&order=asc&sort=name HTTP/1.1" 200 12241
34.91.131.33 - - [01/Nov/2023:06:48:56 -0500] "GET /caminatas-ecologicas-un-plan-imperdible-para-octubre.html HTTP/1.1" 200 747
186.84.88.245 - - [01/Nov/2023:06:49:30 -0500] "GET /BLA/resoluciones/index.php?dir=RESOLUCIONES+2004%2F HTTP/1.1" 200 33860
186.84.88.245 - - [01/Nov/2023:06:49:36 -0500] "GET /BLA/resoluciones/index.php?dir=RESOLUCIONES+2004%2FRES+2004+201-250%2F HTTP/1.1" 200 12050
216.245.221.92 - - [01/Nov/2023:06:49:37 -0500] "HEAD / HTTP/1.1" 200 -
186.84.88.245 - - [01/Nov/2023:06:49:40 -0500] "GET /BLA/resoluciones/RESOLUCIONES%202004/RES%202004%20201-250/00000241.tif HTTP/1.1" 200 137332
54.184.159.16 - - [01/Nov/2023:06:49:40 -0500] "GET /BLA/resoluciones/index.php?dir=Notificaciones/REGISTROS%202023/&order=asc&sort=date HTTP/1.1" 200 5001
50.112.160.3 - - [01/Nov/2023:06:49:42 -0500] "GET /BLA/resoluciones/index.php?dir=Notificaciones/REGISTROS%202023/&order=asc&sort=size HTTP/1.1" 200 5001
44.231.202.44 - - [01/Nov/2023:06:49:45 -0500] "GET /BLA/resoluciones/index.php?dir=Notificaciones/REGISTROS%202023/&order=desc&sort=name HTTP/1.1" 200 5000
201.245.192.253 - - [01/Nov/2023:06:49:54 -0500] "POST /forms/lservlet;jsessionid=ac16012b30d6264c3ba800d84be3bfe79392a909b334.e3iSbxaKaheRe3eRa38MahaQbi1ynknvrkLOlQzNp65In0 HTTP/1.1" 200 2
207.46.13.7 - - [01/Nov/2023:06:50:09 -0500] "GET /bla/resoluciones/notificaciones/autos%202018/01365.pdf HTTP/1.1" 200 274716
201.245.192.253 - - [01/Nov/2023:06:50:30 -0500] "POST /forms/lservlet;jsessionid=ac16012b30d66b1cb08e552f4ecc83f5ae6690438851.e3iSbxaKaheRe3eRa38MahaQbi1ynknvrkLOlQzNp65In0 HTTP/1.1" 200 2
186.84.88.245 - - [01/Nov/2023:06:51:35 -0500] "GET /BLA/resoluciones/index.php?dir=RESOLUCIONES+2005%2F HTTP/1.1" 200 49688
186.84.88.245 - - [01/Nov/2023:06:51:39 -0500] "GET /BLA/resoluciones/index.php?dir=RESOLUCIONES+2005%2FRES+2005+951-1000%2F HTTP/1.1" 200 12304
186.84.88.245 - - [01/Nov/2023:06:51:46 -0500] "GET /BLA/resoluciones/index.php?dir=RESOLUCIONES+2005%2FRES+2005+901-950%2F HTTP/1.1" 200 12245
201.245.192.253 - - [01/Nov/2023:06:51:45 -0500] "POST /kwsrmcab/Wsrmcab  HTTP/1.1" 200 213
201.245.192.253 - - [01/Nov/2023:06:51:54 -0500] "POST /forms/lservlet;jsessionid=ac16012b30d6264c3ba800d84be3bfe79392a909b334.e3iSbxaKaheRe3eRa38MahaQbi1ynknvrkLOlQzNp65In0 HTTP/1.1" 200 2
172.22.2.4 - - [01/Nov/2023:06:50:14 -0500] "HEAD /BLA/boletinlegal/ HTTP/1.1" 200 -
186.84.88.245 - - [01/Nov/2023:06:51:56 -0500] "GET /BLA/resoluciones/RESOLUCIONES%202005/RES%202005%20901-950/00000938.tif HTTP/1.1" 200 146350
52.229.89.153 - - [01/Nov/2023:06:52:10 -0500] "GET /.env HTTP/1.1" 404 1018
40.77.167.63 - - [01/Nov/2023:06:52:12 -0500] "GET /BLA/resoluciones/RESOLUCIONES%202021/0827.pdf HTTP/1.1" 200 606795
54.184.159.16 - - [01/Nov/2023:06:52:28 -0500] "GET /BLA/resoluciones/index.php?dir=RESOLUCIONES%201998/&order=desc&sort=size HTTP/1.1" 200 14919
201.245.192.253 - - [01/Nov/2023:06:52:30 -0500] "POST /forms/lservlet;jsessionid=ac16012b30d66b1cb08e552f4ecc83f5ae6690438851.e3iSbxaKaheRe3eRa38MahaQbi1ynknvrkLOlQzNp65In0 HTTP/1.1" 200 2
54.184.159.16 - - [01/Nov/2023:06:52:37 -0500] "GET /BLA/resoluciones/index.php?dir=RESOLUCIONES%202005/RES%202005%20201-250/&order=desc&sort=size HTTP/1.1" 200 12247
54.184.159.16 - - [01/Nov/2023:06:52:41 -0500] "GET /BLA/resoluciones/index.php?dir=RESOLUCIONES%202005/RES%202005%20201-250/&order=asc&sort=name HTTP/1.1" 200 12248
44.231.202.44 - - [01/Nov/2023:06:52:42 -0500] "GET /BLA/resoluciones/index.php?dir=Notificaciones/REGISTROS%202016/&order=asc&sort=size HTTP/1.1" 200 17179
50.112.160.3 - - [01/Nov/2023:06:52:44 -0500] "GET /BLA/resoluciones/index.php?dir=Notificaciones/REGISTROS%202016/&order=asc&sort=date HTTP/1.1" 200 17179
172.22.2.4 - - [01/Nov/2023:06:51:05 -0500] "GET /BLA/boletinlegal/ HTTP/1.1" 200 61018
50.112.160.3 - - [01/Nov/2023:06:52:50 -0500] "GET /BLA/resoluciones/index.php?dir=Notificaciones/REGISTROS%202016/&order=desc&sort=name HTTP/1.1" 200 17178
44.231.202.44 - - [01/Nov/2023:06:53:04 -0500] "GET /BLA/resoluciones/index.php?dir=Notificaciones/AUTOS%202018/&order=desc&sort=name HTTP/1.1" 200 98972
54.184.159.16 - - [01/Nov/2023:06:53:05 -0500] "GET /BLA/resoluciones/index.php?dir=Notificaciones/AUTOS%202018/&order=asc&sort=size HTTP/1.1" 200 98973
40.77.167.59 - - [01/Nov/2023:06:53:12 -0500] "GET /Publicaciones/2023EE252644.pdf HTTP/1.1" 200 231952
201.245.192.253 - - [01/Nov/2023:06:53:54 -0500] "POST /forms/lservlet;jsessionid=ac16012b30d6264c3ba800d84be3bfe79392a909b334.e3iSbxaKaheRe3eRa38MahaQbi1ynknvrkLOlQzNp65In0 HTTP/1.1" 200 2
50.112.160.3 - - [01/Nov/2023:06:54:19 -0500] "GET /BLA/resoluciones/index.php?dir=RESOLUCIONES%202002/RES%202002%201251-1301/&order=asc&sort=date HTTP/1.1" 200 12148
50.112.160.3 - - [01/Nov/2023:06:54:21 -0500] "GET /BLA/resoluciones/index.php?dir=RESOLUCIONES%202002/RES%202002%201251-1301/&order=desc&sort=name HTTP/1.1" 200 12147
44.231.202.44 - - [01/Nov/2023:06:54:25 -0500] "GET /BLA/resoluciones/index.php?dir=RESOLUCIONES%202002/RES%202002%201251-1301/&order=asc&sort=size HTTP/1.1" 200 12148
54.184.159.16 - - [01/Nov/2023:06:54:27 -0500] "GET /BLA/resoluciones/index.php?dir=RESOLUCIONES%202006/RES%202006%201551-1600/&order=desc&sort=size HTTP/1.1" 200 12368
172.22.2.4 - - [01/Nov/2023:06:54:28 -0500] "GET /BLA/boletinlegal/actos.php HTTP/1.1" 200 9682
172.22.2.4 - - [01/Nov/2023:06:54:29 -0500] "GET /BLA/boletinlegal/styles2.css HTTP/1.1" 200 1838
172.22.2.4 - - [01/Nov/2023:06:54:29 -0500] "GET /BLA/boletinlegal/js/ajax_actos.js HTTP/1.1" 200 1322
172.22.2.4 - - [01/Nov/2023:06:54:29 -0500] "GET /BLA/boletinlegal/niceforms-default.css HTTP/1.1" 200 6694
172.22.2.4 - - [01/Nov/2023:06:54:29 -0500] "GET /BLA/boletinlegal/niceforms.js HTTP/1.1" 200 22876
172.22.2.4 - - [01/Nov/2023:06:54:29 -0500] "GET /BLA/boletinlegal/style.css HTTP/1.1" 200 9406
172.22.2.4 - - [01/Nov/2023:06:54:29 -0500] "GET /BLA/boletinlegal/js/lib.js HTTP/1.1" 200 6474
172.22.2.4 - - [01/Nov/2023:06:54:29 -0500] "GET /BLA/boletinlegal/js/popup.js HTTP/1.1" 200 1270
172.22.2.4 - - [01/Nov/2023:06:54:29 -0500] "GET /BLA/boletinlegal/js/jquery1.js HTTP/1.1" 200 29846
172.22.2.4 - - [01/Nov/2023:06:54:29 -0500] "GET /BLA/boletinlegal/images/cabezote%20BLEGAL.jpg HTTP/1.1" 200 118164
172.22.2.4 - - [01/Nov/2023:06:54:29 -0500] "GET /BLA/boletinlegal/images/historia.png HTTP/1.1" 200 52775
172.22.2.4 - - [01/Nov/2023:06:54:29 -0500] "GET /BLA/boletinlegal/images/green-yellow-blue-pink-th.png HTTP/1.1" 200 7394
172.22.2.4 - - [01/Nov/2023:06:54:29 -0500] "GET /BLA/boletinlegal/images/tel.png HTTP/1.1" 200 14477
172.22.2.4 - - [01/Nov/2023:06:54:29 -0500] "GET /BLA/boletinlegal/images/subscribe-icon-big.png HTTP/1.1" 200 47702
172.22.2.4 - - [01/Nov/2023:06:54:29 -0500] "GET /BLA/boletinlegal/images/icono-email.png HTTP/1.1" 200 5544
172.22.2.4 - - [01/Nov/2023:06:54:29 -0500] "GET /BLA/boletinlegal/images/registro-usuarios.png HTTP/1.1" 200 8106
172.22.2.4 - - [01/Nov/2023:06:54:29 -0500] "GET /BLA/boletinlegal/images/body_bg.jpg HTTP/1.1" 200 1601
172.22.2.4 - - [01/Nov/2023:06:54:29 -0500] "GET /BLA/boletinlegal/images/menu_lft.gif HTTP/1.1" 200 1713
172.22.2.4 - - [01/Nov/2023:06:54:29 -0500] "GET /BLA/boletinlegal/images/menu_rght.gif HTTP/1.1" 200 1627
172.22.2.4 - - [01/Nov/2023:06:54:29 -0500] "GET /BLA/boletinlegal/images/bg_top.jpg HTTP/1.1" 200 522
172.22.2.4 - - [01/Nov/2023:06:54:30 -0500] "GET /BLA/boletinlegal/images/menu_bg.jpg HTTP/1.1" 200 620
172.22.2.4 - - [01/Nov/2023:06:54:30 -0500] "GET /BLA/boletinlegal/images/hover.jpg HTTP/1.1" 200 640
172.22.2.4 - - [01/Nov/2023:06:54:30 -0500] "GET /BLA/boletinlegal/images/text.jpg HTTP/1.1" 200 568
201.245.192.253 - - [01/Nov/2023:06:54:30 -0500] "POST /forms/lservlet;jsessionid=ac16012b30d66b1cb08e552f4ecc83f5ae6690438851.e3iSbxaKaheRe3eRa38MahaQbi1ynknvrkLOlQzNp65In0 HTTP/1.1" 200 2
172.22.2.4 - - [01/Nov/2023:06:54:30 -0500] "GET /BLA/boletinlegal/images/footer_bg.jpg HTTP/1.1" 200 586
172.22.2.4 - - [01/Nov/2023:06:54:30 -0500] "GET /BLA/boletinlegal/images/footer_bg_l.jpg HTTP/1.1" 200 776
172.22.2.4 - - [01/Nov/2023:06:54:30 -0500] "GET /BLA/boletinlegal/img/0.png HTTP/1.1" 200 110
172.22.2.4 - - [01/Nov/2023:06:54:30 -0500] "GET /BLA/boletinlegal/img/button-right.png HTTP/1.1" 200 57878
172.22.2.4 - - [01/Nov/2023:06:54:30 -0500] "GET /BLA/boletinlegal/img/button.png HTTP/1.1" 200 43241
172.22.2.4 - - [01/Nov/2023:06:54:30 -0500] "GET /BLA/boletinlegal/img/button-left.png HTTP/1.1" 200 57071
172.22.2.4 - - [01/Nov/2023:06:54:30 -0500] "GET /BLA/boletinlegal/img/select-right.png HTTP/1.1" 200 44019
172.22.2.4 - - [01/Nov/2023:06:54:30 -0500] "GET /BLA/boletinlegal/img/select-left.png HTTP/1.1" 200 263
172.22.2.4 - - [01/Nov/2023:06:54:30 -0500] "GET /BLA/boletinlegal/favicon.ico HTTP/1.1" 404 1326
44.231.202.44 - - [01/Nov/2023:06:54:33 -0500] "GET /BLA/resoluciones/index.php?dir=RESOLUCIONES%202006/RES%202006%201551-1600/&order=asc&sort=name HTTP/1.1" 200 12369
216.245.221.92 - - [01/Nov/2023:06:54:37 -0500] "HEAD / HTTP/1.1" 200 -
54.184.159.16 - - [01/Nov/2023:06:55:24 -0500] "GET /BLA/resoluciones/index.php?dir=AUTOS%202006/AUTOS%202006%20201-300/&order=desc&sort=size HTTP/1.1" 200 21765
94.102.49.193 - - [01/Nov/2023:06:55:27 -0500] "GET / HTTP/1.1" 200 319
94.102.49.193 - - [01/Nov/2023:06:55:28 -0500] "GET /robots.txt HTTP/1.1" 404 1018
94.102.49.193 - - [01/Nov/2023:06:55:34 -0500] "GET /sitemap.xml HTTP/1.1" 404 1018
186.84.88.245 - - [01/Nov/2023:06:55:34 -0500] "GET /BLA/resoluciones/index.php?dir=RESOLUCIONES+2010%2F HTTP/1.1" 200 1307967
94.102.49.193 - - [01/Nov/2023:06:55:36 -0500] "GET /.well-known/security.txt HTTP/1.1" 404 1018
94.102.49.193 - - [01/Nov/2023:06:55:41 -0500] "GET /favicon.ico HTTP/1.1" 200 7782
186.84.88.245 - - [01/Nov/2023:06:55:42 -0500] "GET /BLA/resoluciones/RESOLUCIONES%202010/6071.pdf HTTP/1.1" 200 2281483
186.84.88.245 - - [01/Nov/2023:06:55:42 -0500] "GET /BLA/resoluciones/RESOLUCIONES%202010/6071.pdf HTTP/1.1" 200 2281483
186.84.88.245 - - [01/Nov/2023:06:55:42 -0500] "GET /BLA/resoluciones/RESOLUCIONES%202010/6071.pdf HTTP/1.1" 206 1025
44.231.202.44 - - [01/Nov/2023:06:55:50 -0500] "GET /BLA/resoluciones/index.php?dir=RESOLUCIONES%202006/RES%202006%20801-850/&order=desc&sort=size HTTP/1.1" 200 12229
201.245.192.253 - - [01/Nov/2023:06:55:54 -0500] "POST /forms/lservlet;jsessionid=ac16012b30d6264c3ba800d84be3bfe79392a909b334.e3iSbxaKaheRe3eRa38MahaQbi1ynknvrkLOlQzNp65In0 HTTP/1.1" 200 2
172.22.2.4 - - [01/Nov/2023:06:56:01 -0500] "GET /BLA/boletinlegal/consulta_actos.php?tipo=resoluciones&no=4223&usuario=&sector=&fecha=2018&resuelve= HTTP/1.1" 200 1080
172.22.2.4 - - [01/Nov/2023:06:56:02 -0500] "GET /BLA/boletinlegal/images/pdf.gif HTTP/1.1" 200 567
186.86.32.196 - - [01/Nov/2023:06:56:13 -0500] "GET /BLA/resoluciones/RESOLUCIONES%202018/4223.pdf HTTP/1.1" 200 651591
186.86.32.196 - - [01/Nov/2023:06:56:13 -0500] "GET /BLA/resoluciones/RESOLUCIONES%202018/4223.pdf HTTP/1.1" 206 1025
186.86.32.196 - - [01/Nov/2023:06:56:13 -0500] "GET /BLA/resoluciones/RESOLUCIONES%202018/4223.pdf HTTP/1.1" 200 651591
201.245.192.253 - - [01/Nov/2023:06:56:30 -0500] "POST /forms/lservlet;jsessionid=ac16012b30d66b1cb08e552f4ecc83f5ae6690438851.e3iSbxaKaheRe3eRa38MahaQbi1ynknvrkLOlQzNp65In0 HTTP/1.1" 200 2
54.184.159.16 - - [01/Nov/2023:06:56:41 -0500] "GET /BLA/resoluciones/index.php?dir=RESOLUCIONES%202005/RES%202005%20201-250/&order=desc&sort=date HTTP/1.1" 200 12247
201.245.192.253 - - [01/Nov/2023:06:56:44 -0500] "POST /kwsrmcab/Wsrmcab  HTTP/1.1" 200 213
201.245.192.253 - - [01/Nov/2023:06:56:55 -0500] "GET /reportes_sipse/sdg/ServletReporte?adquisiciones_sipse_detallado& HTTP/1.1" 500 1463
201.245.192.253 - - [01/Nov/2023:06:56:56 -0500] "GET /favicon.ico HTTP/1.1" 200 7782
50.112.160.3 - - [01/Nov/2023:06:57:32 -0500] "GET /BLA/resoluciones/index.php?dir=RESOLUCIONES%202007/RES%202007%20501%20AL%20600/&order=asc&sort=name HTTP/1.1" 200 26888
186.155.15.29 - - [01/Nov/2023:06:57:41 -0500] "GET /sipse/faces/index.xhtml HTTP/1.1" 200 677
186.155.15.29 - - [01/Nov/2023:06:57:41 -0500] "GET /sipse/faces/javax.faces.resource/theme.css?ln=primefaces-sipse HTTP/1.1" 304 -
186.155.15.29 - - [01/Nov/2023:06:57:41 -0500] "GET /sipse/faces/faces/autenticacion.xhtml HTTP/1.1" 200 12416
186.155.15.29 - - [01/Nov/2023:06:57:41 -0500] "GET /sipse/css/custom_css_sg_prime_login.css HTTP/1.1" 200 443
186.155.15.29 - - [01/Nov/2023:06:57:41 -0500] "GET /sipse/faces/javax.faces.resource/primefaces.css?ln=primefaces&v=4.0 HTTP/1.1" 304 -
186.155.15.29 - - [01/Nov/2023:06:57:41 -0500] "GET /sipse/faces/javax.faces.resource/theme.css?ln=primefaces-sipse HTTP/1.1" 304 -
186.155.15.29 - - [01/Nov/2023:06:57:41 -0500] "GET /sipse/faces/javax.faces.resource/jquery/jquery.js?ln=primefaces&v=4.0 HTTP/1.1" 304 -
186.155.15.29 - - [01/Nov/2023:06:57:41 -0500] "GET /sipse/faces/javax.faces.resource/layout/layout.css?ln=primefaces&v=4.0 HTTP/1.1" 304 -
186.155.15.29 - - [01/Nov/2023:06:57:41 -0500] "GET /sipse/faces/javax.faces.resource/primefaces.js?ln=primefaces&v=4.0 HTTP/1.1" 304 -
186.155.15.29 - - [01/Nov/2023:06:57:41 -0500] "GET /sipse/faces/javax.faces.resource/jquery/jquery-plugins.js?ln=primefaces&v=4.0 HTTP/1.1" 304 -
186.155.15.29 - - [01/Nov/2023:06:57:41 -0500] "GET /sipse/faces/javax.faces.resource/layout/layout.js?ln=primefaces&v=4.0 HTTP/1.1" 304 -
186.155.15.29 - - [01/Nov/2023:06:57:42 -0500] "GET /sipse/css/imagen/logoSDG.png HTTP/1.1" 304 -
186.155.15.29 - - [01/Nov/2023:06:57:42 -0500] "GET /sipse/css/imagen/loginimg.png HTTP/1.1" 304 -
186.155.15.29 - - [01/Nov/2023:06:57:42 -0500] "GET /sipse/faces/javax.faces.resource/images/ui-icons_898989_256x240.png?ln=primefaces-aristo HTTP/1.1" 304 -
172.22.2.4 - - [01/Nov/2023:06:56:04 -0500] "HEAD /BLA/boletinlegal/ HTTP/1.1" 200 -
201.245.192.253 - - [01/Nov/2023:06:57:54 -0500] "POST /forms/lservlet;jsessionid=ac16012b30d6264c3ba800d84be3bfe79392a909b334.e3iSbxaKaheRe3eRa38MahaQbi1ynknvrkLOlQzNp65In0 HTTP/1.1" 200 2
186.155.15.29 - - [01/Nov/2023:06:57:53 -0500] "POST /sipse/faces/autenticacion.xhtml HTTP/1.1" 200 16805
186.155.15.29 - - [01/Nov/2023:06:57:55 -0500] "GET /sipse/faces/javax.faces.resource/primefaces.css?ln=primefaces&v=4.0 HTTP/1.1" 304 -
186.155.15.29 - - [01/Nov/2023:06:57:55 -0500] "GET /sipse/faces/javax.faces.resource/layout/layout.css?ln=primefaces&v=4.0 HTTP/1.1" 304 -
186.155.15.29 - - [01/Nov/2023:06:57:55 -0500] "GET /sipse/faces/javax.faces.resource/theme.css?ln=primefaces-sipse HTTP/1.1" 304 -
186.155.15.29 - - [01/Nov/2023:06:57:55 -0500] "GET /sipse/faces/javax.faces.resource/jquery/jquery.js?ln=primefaces&v=4.0 HTTP/1.1" 304 -
186.155.15.29 - - [01/Nov/2023:06:57:55 -0500] "GET /sipse/faces/javax.faces.resource/jquery/jquery-plugins.js?ln=primefaces&v=4.0 HTTP/1.1" 304 -
186.155.15.29 - - [01/Nov/2023:06:57:56 -0500] "GET /sipse/faces/javax.faces.resource/primefaces.js?ln=primefaces&v=4.0 HTTP/1.1" 304 -
186.155.15.29 - - [01/Nov/2023:06:57:56 -0500] "GET /sipse/faces/javax.faces.resource/layout/layout.js?ln=primefaces&v=4.0 HTTP/1.1" 304 -
186.155.15.29 - - [01/Nov/2023:06:57:56 -0500] "GET /sipse/faces/javax.faces.resource/messages/messages.png?ln=primefaces&v=4.0 HTTP/1.1" 304 -
186.155.15.29 - - [01/Nov/2023:06:57:56 -0500] "GET /sipse/css/imagen/contrasena.png HTTP/1.1" 404 383
186.155.15.29 - - [01/Nov/2023:06:58:00 -0500] "GET /sipse/faces/javax.faces.resource/images/ui-bg_flat_0_2d5972_40x100.png?ln=primefaces-aristo HTTP/1.1" 304 -
186.155.15.29 - - [01/Nov/2023:06:58:00 -0500] "POST /sipse/faces/bienvenido.xhtml HTTP/1.1" 200 2658
186.155.15.29 - - [01/Nov/2023:06:58:01 -0500] "POST /sipse/faces/bienvenido.xhtml HTTP/1.1" 200 42003
186.155.15.29 - - [01/Nov/2023:06:58:02 -0500] "GET /sipse/faces/javax.faces.resource/primefaces.css?ln=primefaces&v=4.0 HTTP/1.1" 304 -
186.155.15.29 - - [01/Nov/2023:06:58:02 -0500] "GET /sipse/faces/javax.faces.resource/theme.css?ln=primefaces-sipse HTTP/1.1" 304 -
186.155.15.29 - - [01/Nov/2023:06:58:02 -0500] "GET /sipse/faces/javax.faces.resource/layout/layout.css?ln=primefaces&v=4.0 HTTP/1.1" 304 -
186.155.15.29 - - [01/Nov/2023:06:58:02 -0500] "GET /sipse/faces/javax.faces.resource/jquery/jquery.js?ln=primefaces&v=4.0 HTTP/1.1" 304 -
186.155.15.29 - - [01/Nov/2023:06:58:02 -0500] "GET /sipse/faces/javax.faces.resource/jquery/jquery-plugins.js?ln=primefaces&v=4.0 HTTP/1.1" 304 -
186.155.15.29 - - [01/Nov/2023:06:58:02 -0500] "GET /sipse/faces/javax.faces.resource/primefaces.js?ln=primefaces&v=4.0 HTTP/1.1" 304 -
186.155.15.29 - - [01/Nov/2023:06:58:02 -0500] "GET /sipse/faces/javax.faces.resource/layout/layout.js?ln=primefaces&v=4.0 HTTP/1.1" 304 -
186.155.15.29 - - [01/Nov/2023:06:58:03 -0500] "POST /sipse/faces/presentacion/financiero/solicitudProceso/listarSolicitudProceso.xhtml HTTP/1.1" 200 1440
186.155.15.29 - - [01/Nov/2023:06:58:07 -0500] "POST /sipse/faces/presentacion/financiero/solicitudProceso/listarSolicitudProceso.xhtml HTTP/1.1" 200 107858
186.155.15.29 - - [01/Nov/2023:06:58:08 -0500] "GET /sipse/faces/javax.faces.resource/primefaces.css?ln=primefaces&v=4.0 HTTP/1.1" 304 -
186.155.15.29 - - [01/Nov/2023:06:58:08 -0500] "GET /sipse/faces/javax.faces.resource/theme.css?ln=primefaces-sipse HTTP/1.1" 304 -
186.155.15.29 - - [01/Nov/2023:06:58:08 -0500] "GET /sipse/faces/javax.faces.resource/layout/layout.css?ln=primefaces&v=4.0 HTTP/1.1" 304 -
186.155.15.29 - - [01/Nov/2023:06:58:08 -0500] "GET /sipse/faces/javax.faces.resource/jquery/jquery.js?ln=primefaces&v=4.0 HTTP/1.1" 304 -
186.155.15.29 - - [01/Nov/2023:06:58:08 -0500] "GET /sipse/faces/javax.faces.resource/jquery/jquery-plugins.js?ln=primefaces&v=4.0 HTTP/1.1" 304 -
186.155.15.29 - - [01/Nov/2023:06:58:08 -0500] "GET /sipse/faces/javax.faces.resource/primefaces.js?ln=primefaces&v=4.0 HTTP/1.1" 304 -
186.155.15.29 - - [01/Nov/2023:06:58:08 -0500] "GET /sipse/faces/javax.faces.resource/layout/layout.js?ln=primefaces&v=4.0 HTTP/1.1" 304 -
201.245.192.253 - - [01/Nov/2023:06:58:30 -0500] "POST /forms/lservlet;jsessionid=ac16012b30d66b1cb08e552f4ecc83f5ae6690438851.e3iSbxaKaheRe3eRa38MahaQbi1ynknvrkLOlQzNp65In0 HTTP/1.1" 200 2
186.155.15.29 - - [01/Nov/2023:06:58:28 -0500] "POST /sipse/faces/presentacion/financiero/solicitudProceso/consultarSolicitudProceso.xhtml HTTP/1.1" 200 39545
186.155.15.29 - - [01/Nov/2023:06:58:31 -0500] "GET /sipse/faces/javax.faces.resource/theme.css?ln=primefaces-sipse HTTP/1.1" 304 -
186.155.15.29 - - [01/Nov/2023:06:58:31 -0500] "GET /sipse/faces/javax.faces.resource/primefaces.css?ln=primefaces&v=4.0 HTTP/1.1" 304 -
186.155.15.29 - - [01/Nov/2023:06:58:31 -0500] "GET /sipse/faces/javax.faces.resource/layout/layout.css?ln=primefaces&v=4.0 HTTP/1.1" 304 -
186.155.15.29 - - [01/Nov/2023:06:58:31 -0500] "GET /sipse/faces/javax.faces.resource/jquery/jquery.js?ln=primefaces&v=4.0 HTTP/1.1" 304 -
186.155.15.29 - - [01/Nov/2023:06:58:32 -0500] "GET /sipse/faces/javax.faces.resource/jquery/jquery-plugins.js?ln=primefaces&v=4.0 HTTP/1.1" 304 -
186.155.15.29 - - [01/Nov/2023:06:58:32 -0500] "GET /sipse/faces/javax.faces.resource/primefaces.js?ln=primefaces&v=4.0 HTTP/1.1" 304 -
186.155.15.29 - - [01/Nov/2023:06:58:32 -0500] "GET /sipse/faces/javax.faces.resource/layout/layout.js?ln=primefaces&v=4.0 HTTP/1.1" 304 -
186.155.15.29 - - [01/Nov/2023:06:58:32 -0500] "POST /sipse/faces/presentacion/financiero/solicitudProceso/listarSolicitudProceso.xhtml HTTP/1.1" 200 1420
201.245.192.253 - - [01/Nov/2023:06:58:32 -0500] "GET /reportes_sipse/jsp/inicio.jsp HTTP/1.1" 200 2935
201.245.192.253 - - [01/Nov/2023:06:58:33 -0500] "GET /reportes_sipse/css/estilos.css HTTP/1.1" 200 9135
201.245.192.253 - - [01/Nov/2023:06:58:33 -0500] "GET /reportes_sipse/imagenes/logoAplicacion.jpg HTTP/1.1" 200 26872
201.245.192.253 - - [01/Nov/2023:06:58:33 -0500] "GET /reportes_sipse/imagenes/fondo.jpg HTTP/1.1" 200 20235
172.22.2.4 - - [01/Nov/2023:06:56:58 -0500] "GET /BLA/boletinlegal/ HTTP/1.1" 200 58644
201.245.192.253 - - [01/Nov/2023:06:58:43 -0500] "POST /reportes_sipse/sdg/ServletReporte?adquisiciones_sipse_detallado& HTTP/1.1" 200 6273
201.245.192.253 - - [01/Nov/2023:06:58:43 -0500] "GET /reportes_sipse/js/funciones.js HTTP/1.1" 200 4709
201.245.192.253 - - [01/Nov/2023:06:58:43 -0500] "GET /reportes_sipse/imagenes/calendario.gif HTTP/1.1" 200 1387
201.245.192.253 - - [01/Nov/2023:06:58:43 -0500] "GET /reportes_sipse/imagenes/pdf.gif HTTP/1.1" 200 598
201.245.192.253 - - [01/Nov/2023:06:58:43 -0500] "GET /reportes_sipse/js/date-picker.js HTTP/1.1" 200 16768
201.245.192.253 - - [01/Nov/2023:06:58:43 -0500] "GET /reportes_sipse/imagenes/excel.gif HTTP/1.1" 200 613
201.245.192.253 - - [01/Nov/2023:06:58:49 -0500] "GET /reportes_sipse/imagenes/retrocedeAgno.gif HTTP/1.1" 200 781
201.245.192.253 - - [01/Nov/2023:06:58:49 -0500] "GET /reportes_sipse/imagenes/retrocedeMes.gif HTTP/1.1" 200 459
201.245.192.253 - - [01/Nov/2023:06:58:49 -0500] "GET /reportes_sipse/imagenes/avanzaMes.gif HTTP/1.1" 200 660
201.245.192.253 - - [01/Nov/2023:06:58:49 -0500] "GET /reportes_sipse/imagenes/avanzaAgno.gif HTTP/1.1" 200 779
52.167.144.3 - - [01/Nov/2023:06:59:04 -0500] "GET /BLA/resoluciones/RESOLUCIONES%202021/2626.pdf HTTP/1.1" 200 464609
172.22.2.4 - - [01/Nov/2023:06:59:29 -0500] "GET /BLA/boletinlegal/actos.php HTTP/1.1" 200 9682
172.22.2.4 - - [01/Nov/2023:06:59:29 -0500] "GET /BLA/boletinlegal/styles2.css HTTP/1.1" 200 1838
172.22.2.4 - - [01/Nov/2023:06:59:29 -0500] "GET /BLA/boletinlegal/niceforms.js HTTP/1.1" 200 22876
172.22.2.4 - - [01/Nov/2023:06:59:29 -0500] "GET /BLA/boletinlegal/js/ajax_actos.js HTTP/1.1" 200 1322
172.22.2.4 - - [01/Nov/2023:06:59:29 -0500] "GET /BLA/boletinlegal/niceforms-default.css HTTP/1.1" 200 6694
172.22.2.4 - - [01/Nov/2023:06:59:29 -0500] "GET /BLA/boletinlegal/style.css HTTP/1.1" 200 9406
172.22.2.4 - - [01/Nov/2023:06:59:29 -0500] "GET /BLA/boletinlegal/js/lib.js HTTP/1.1" 200 6474
172.22.2.4 - - [01/Nov/2023:06:59:30 -0500] "GET /BLA/boletinlegal/js/jquery1.js HTTP/1.1" 200 29846
172.22.2.4 - - [01/Nov/2023:06:59:30 -0500] "GET /BLA/boletinlegal/images/cabezote%20BLEGAL.jpg HTTP/1.1" 200 118164
172.22.2.4 - - [01/Nov/2023:06:59:30 -0500] "GET /BLA/boletinlegal/js/popup.js HTTP/1.1" 200 1270
