201.245.192.253 - - [02/Nov/2023:02:55:02 -0500] "POST /forms/lservlet;jsessionid=ac16012b30d6713f62e555dc4a6f9b37b788d3af49da.e3iSbxaKaheRe3eRa38MahaQbi1ynknvrkLOlQzNp65In0 HTTP/1.1" 200 2
172.22.2.4 - - [02/Nov/2023:02:53:28 -0500] "GET /BLA/boletinlegal/ HTTP/1.1" 200 58644
34.91.138.52 - - [02/Nov/2023:02:55:27 -0500] "GET /caminatas-ecologicas-un-plan-imperdible-para-octubre.html HTTP/1.1" 200 747
66.249.66.20 - - [02/Nov/2023:02:56:09 -0500] "GET /arcgis/services/Calidad_del_Agua_WQI/MapServer/WMSServer? HTTP/1.1" 503 1020
66.249.66.37 - - [02/Nov/2023:02:56:41 -0500] "GET /semana-bogota-reverdece-iniciaron-actividades-de-la-academia-regional-de-areas-de-cero-emisiones.html HTTP/1.1" 304 -
201.245.192.253 - - [02/Nov/2023:02:57:02 -0500] "POST /forms/lservlet;jsessionid=ac16012b30d6713f62e555dc4a6f9b37b788d3af49da.e3iSbxaKaheRe3eRa38MahaQbi1ynknvrkLOlQzNp65In0 HTTP/1.1" 200 2
201.245.192.253 - - [02/Nov/2023:02:59:02 -0500] "POST /forms/lservlet;jsessionid=ac16012b30d6713f62e555dc4a6f9b37b788d3af49da.e3iSbxaKaheRe3eRa38MahaQbi1ynknvrkLOlQzNp65In0 HTTP/1.1" 200 2
216.245.221.92 - - [02/Nov/2023:02:59:34 -0500] "HEAD / HTTP/1.1" 200 -
69.63.184.2 - - [02/Nov/2023:02:59:50 -0500] "GET /ingresar-a-los-cuerpos-de-agua-de-los-humedales-esta-prohibido-no-arriesgues-tu-vida-por-unos-me-gusta.html HTTP/1.1" 200 894
201.245.192.253 - - [02/Nov/2023:02:59:54 -0500] "POST /kwsrmcab/Wsrmcab  HTTP/1.1" 200 42090
172.22.2.4 - - [02/Nov/2023:02:58:27 -0500] "HEAD /BLA/boletinlegal/ HTTP/1.1" 200 -
40.77.167.235 - - [02/Nov/2023:03:00:11 -0500] "GET /Publicaciones/2023EE232369.pdf HTTP/1.1" 404 228
172.22.2.4 - - [02/Nov/2023:02:59:18 -0500] "GET /BLA/boletinlegal/ HTTP/1.1" 200 58644
201.245.192.253 - - [02/Nov/2023:03:01:02 -0500] "POST /forms/lservlet;jsessionid=ac16012b30d6713f62e555dc4a6f9b37b788d3af49da.e3iSbxaKaheRe3eRa38MahaQbi1ynknvrkLOlQzNp65In0 HTTP/1.1" 200 2
40.77.167.44 - - [02/Nov/2023:03:01:17 -0500] "GET /bla/resoluciones/autos%202010/1738.pdf HTTP/1.1" 200 553199
201.245.192.253 - - [02/Nov/2023:03:03:02 -0500] "POST /forms/lservlet;jsessionid=ac16012b30d6713f62e555dc4a6f9b37b788d3af49da.e3iSbxaKaheRe3eRa38MahaQbi1ynknvrkLOlQzNp65In0 HTTP/1.1" 200 2
199.45.154.19 - - [02/Nov/2023:03:03:28 -0500] "GET / HTTP/1.1" 200 319
199.45.154.19 - - [02/Nov/2023:03:03:29 -0500] "GET / HTTP/1.1" 200 319
199.45.154.19 - - [02/Nov/2023:03:03:30 -0500] "PRI * HTTP/2.0" 400 946
199.45.154.19 - - [02/Nov/2023:03:03:32 -0500] "GET /favicon.ico HTTP/1.1" 200 7782
216.245.221.92 - - [02/Nov/2023:03:04:34 -0500] "HEAD / HTTP/1.1" 200 -
201.245.192.253 - - [02/Nov/2023:03:04:54 -0500] "POST /kwsrmcab/Wsrmcab  HTTP/1.1" 200 42090
201.245.192.253 - - [02/Nov/2023:03:05:02 -0500] "POST /forms/lservlet;jsessionid=ac16012b30d6713f62e555dc4a6f9b37b788d3af49da.e3iSbxaKaheRe3eRa38MahaQbi1ynknvrkLOlQzNp65In0 HTTP/1.1" 200 2
40.77.167.235 - - [02/Nov/2023:03:05:12 -0500] "GET /BLA/resoluciones/AUTOS%202007/1564.pdf HTTP/1.1" 200 29815
172.22.2.4 - - [02/Nov/2023:03:04:17 -0500] "HEAD /BLA/boletinlegal/ HTTP/1.1" 200 -
172.22.2.4 - - [02/Nov/2023:03:05:08 -0500] "GET /BLA/boletinlegal/ HTTP/1.1" 200 61018
201.245.192.253 - - [02/Nov/2023:03:07:02 -0500] "POST /forms/lservlet;jsessionid=ac16012b30d6713f62e555dc4a6f9b37b788d3af49da.e3iSbxaKaheRe3eRa38MahaQbi1ynknvrkLOlQzNp65In0 HTTP/1.1" 200 2
201.245.192.253 - - [02/Nov/2023:03:09:02 -0500] "POST /forms/lservlet;jsessionid=ac16012b30d6713f62e555dc4a6f9b37b788d3af49da.e3iSbxaKaheRe3eRa38MahaQbi1ynknvrkLOlQzNp65In0 HTTP/1.1" 200 2
216.245.221.92 - - [02/Nov/2023:03:09:34 -0500] "HEAD / HTTP/1.1" 200 -
201.245.192.253 - - [02/Nov/2023:03:09:52 -0500] "POST /kwsrmcab/Wsrmcab  HTTP/1.1" 200 42090
201.245.192.253 - - [02/Nov/2023:03:11:02 -0500] "POST /forms/lservlet;jsessionid=ac16012b30d6713f62e555dc4a6f9b37b788d3af49da.e3iSbxaKaheRe3eRa38MahaQbi1ynknvrkLOlQzNp65In0 HTTP/1.1" 200 2
172.22.2.4 - - [02/Nov/2023:03:10:07 -0500] "HEAD /BLA/boletinlegal/ HTTP/1.1" 200 -
66.249.66.20 - - [02/Nov/2023:03:11:56 -0500] "GET /BLA/resoluciones/Notificaciones/RESOLUCIONES%202023/0277.pdf HTTP/1.1" 200 6766601
172.22.2.4 - - [02/Nov/2023:03:10:59 -0500] "GET /BLA/boletinlegal/ HTTP/1.1" 200 58294
52.167.144.175 - - [02/Nov/2023:03:12:53 -0500] "GET /Publicaciones/2023EE230433.pdf HTTP/1.1" 404 228
201.245.192.253 - - [02/Nov/2023:03:13:02 -0500] "POST /forms/lservlet;jsessionid=ac16012b30d6713f62e555dc4a6f9b37b788d3af49da.e3iSbxaKaheRe3eRa38MahaQbi1ynknvrkLOlQzNp65In0 HTTP/1.1" 200 2
40.77.167.78 - - [02/Nov/2023:03:14:12 -0500] "GET /bla/resoluciones/notificaciones/autos%202018/5301.pdf HTTP/1.1" 200 230293
216.245.221.92 - - [02/Nov/2023:03:14:34 -0500] "HEAD / HTTP/1.1" 200 -
201.245.192.253 - - [02/Nov/2023:03:14:52 -0500] "POST /kwsrmcab/Wsrmcab  HTTP/1.1" 200 42090
201.245.192.253 - - [02/Nov/2023:03:15:02 -0500] "POST /forms/lservlet;jsessionid=ac16012b30d6713f62e555dc4a6f9b37b788d3af49da.e3iSbxaKaheRe3eRa38MahaQbi1ynknvrkLOlQzNp65In0 HTTP/1.1" 200 2
66.249.66.37 - - [02/Nov/2023:03:16:12 -0500] "GET /compania-nacional-de-chocolates-cerescos-y-cablemovil-entre-las-empresas-que-han-implementado-proyectos-ambientales-exitosos.html HTTP/1.1" 304 -
201.245.192.253 - - [02/Nov/2023:03:17:02 -0500] "POST /forms/lservlet;jsessionid=ac16012b30d6713f62e555dc4a6f9b37b788d3af49da.e3iSbxaKaheRe3eRa38MahaQbi1ynknvrkLOlQzNp65In0 HTTP/1.1" 200 2
201.245.192.253 - - [02/Nov/2023:03:17:26 -0500] "POST /kwsrmcab/Wsrmcab HTTP/1.1" 200 41732
201.245.192.253 - - [02/Nov/2023:03:17:29 -0500] "POST /kwsrmcab/Wsrmcab HTTP/1.1" 200 40501
172.22.2.4 - - [02/Nov/2023:03:15:58 -0500] "HEAD /BLA/boletinlegal/ HTTP/1.1" 200 -
40.77.167.4 - - [02/Nov/2023:03:17:49 -0500] "GET /BLA/resoluciones/RESOLUCIONES%202021/2732.pdf HTTP/1.1" 200 341350
172.22.2.4 - - [02/Nov/2023:03:16:49 -0500] "GET /BLA/boletinlegal/ HTTP/1.1" 200 54693
34.174.152.29 - - [02/Nov/2023:03:18:36 -0500] "HEAD /BLA/resoluciones/RESOLUCIONES%202017/0520.pdf HTTP/1.1" 200 -
201.245.192.253 - - [02/Nov/2023:03:19:02 -0500] "POST /forms/lservlet;jsessionid=ac16012b30d6713f62e555dc4a6f9b37b788d3af49da.e3iSbxaKaheRe3eRa38MahaQbi1ynknvrkLOlQzNp65In0 HTTP/1.1" 200 2
162.55.41.96 - - [02/Nov/2023:03:19:19 -0500] "GET / HTTP/1.1" 200 4720
162.55.41.96 - - [02/Nov/2023:03:19:21 -0500] "GET / HTTP/1.1" 200 319
216.245.221.92 - - [02/Nov/2023:03:19:34 -0500] "HEAD / HTTP/1.1" 200 -
201.245.192.253 - - [02/Nov/2023:03:19:52 -0500] "POST /kwsrmcab/Wsrmcab  HTTP/1.1" 200 42090
201.245.192.253 - - [02/Nov/2023:03:20:38 -0500] "POST /kwsrmcab/Wsrmcab HTTP/1.1" 200 41732
201.245.192.253 - - [02/Nov/2023:03:20:41 -0500] "POST /kwsrmcab/Wsrmcab HTTP/1.1" 200 40501
201.245.192.253 - - [02/Nov/2023:03:21:02 -0500] "POST /forms/lservlet;jsessionid=ac16012b30d6713f62e555dc4a6f9b37b788d3af49da.e3iSbxaKaheRe3eRa38MahaQbi1ynknvrkLOlQzNp65In0 HTTP/1.1" 200 2
66.249.66.39 - - [02/Nov/2023:03:22:06 -0500] "GET /distrito-avanza-con-la-plantacion-de-arboles-186-nuevos-individuos-fueron-sembrados-en-el-humedal-capellania.html HTTP/1.1" 304 -
52.167.144.235 - - [02/Nov/2023:03:22:33 -0500] "GET /BLA/resoluciones/RESOLUCIONES%202021/2138.pdf HTTP/1.1" 200 385618
201.245.192.253 - - [02/Nov/2023:03:23:03 -0500] "POST /forms/lservlet;jsessionid=ac16012b30d6713f62e555dc4a6f9b37b788d3af49da.e3iSbxaKaheRe3eRa38MahaQbi1ynknvrkLOlQzNp65In0 HTTP/1.1" 200 2
172.22.2.4 - - [02/Nov/2023:03:21:48 -0500] "HEAD /BLA/boletinlegal/ HTTP/1.1" 200 -
172.22.2.4 - - [02/Nov/2023:03:22:39 -0500] "GET /BLA/boletinlegal/ HTTP/1.1" 200 58294
216.245.221.92 - - [02/Nov/2023:03:24:34 -0500] "HEAD / HTTP/1.1" 200 -
201.245.192.253 - - [02/Nov/2023:03:24:51 -0500] "POST /kwsrmcab/Wsrmcab  HTTP/1.1" 200 42090
201.245.192.253 - - [02/Nov/2023:03:25:03 -0500] "POST /forms/lservlet;jsessionid=ac16012b30d6713f62e555dc4a6f9b37b788d3af49da.e3iSbxaKaheRe3eRa38MahaQbi1ynknvrkLOlQzNp65In0 HTTP/1.1" 200 2
40.77.167.4 - - [02/Nov/2023:03:25:20 -0500] "GET /BLA/resoluciones/RESOLUCIONES%202021/1591.pdf HTTP/1.1" 200 449912
201.245.192.253 - - [02/Nov/2023:03:27:03 -0500] "POST /forms/lservlet;jsessionid=ac16012b30d6713f62e555dc4a6f9b37b788d3af49da.e3iSbxaKaheRe3eRa38MahaQbi1ynknvrkLOlQzNp65In0 HTTP/1.1" 200 2
201.245.192.253 - - [02/Nov/2023:03:27:26 -0500] "POST /kwsrmcab/Wsrmcab HTTP/1.1" 200 41732
201.245.192.253 - - [02/Nov/2023:03:27:29 -0500] "POST /kwsrmcab/Wsrmcab HTTP/1.1" 200 40501
201.245.192.253 - - [02/Nov/2023:03:29:03 -0500] "POST /forms/lservlet;jsessionid=ac16012b30d6713f62e555dc4a6f9b37b788d3af49da.e3iSbxaKaheRe3eRa38MahaQbi1ynknvrkLOlQzNp65In0 HTTP/1.1" 200 2
172.22.2.4 - - [02/Nov/2023:03:27:38 -0500] "HEAD /BLA/boletinlegal/ HTTP/1.1" 200 -
216.245.221.92 - - [02/Nov/2023:03:29:34 -0500] "HEAD / HTTP/1.1" 200 -
201.245.192.253 - - [02/Nov/2023:03:29:49 -0500] "POST /kwsrmcab/Wsrmcab  HTTP/1.1" 200 42090
172.22.2.4 - - [02/Nov/2023:03:28:30 -0500] "GET /BLA/boletinlegal/ HTTP/1.1" 200 58644
201.245.192.253 - - [02/Nov/2023:03:30:37 -0500] "POST /kwsrmcab/Wsrmcab HTTP/1.1" 200 41732
201.245.192.253 - - [02/Nov/2023:03:30:40 -0500] "POST /kwsrmcab/Wsrmcab HTTP/1.1" 200 40501
201.245.192.253 - - [02/Nov/2023:03:31:03 -0500] "POST /forms/lservlet;jsessionid=ac16012b30d6713f62e555dc4a6f9b37b788d3af49da.e3iSbxaKaheRe3eRa38MahaQbi1ynknvrkLOlQzNp65In0 HTTP/1.1" 200 2
66.249.66.20 - - [02/Nov/2023:03:31:17 -0500] "GET /BLA/resoluciones/RESOLUCIONES%202011/5456.pdf HTTP/1.1" 200 573168
66.249.66.20 - - [02/Nov/2023:03:32:54 -0500] "GET /BLA/resoluciones/RESOLUCIONES%202011/5213.pdf HTTP/1.1" 200 941378
201.245.192.253 - - [02/Nov/2023:03:33:03 -0500] "POST /forms/lservlet;jsessionid=ac16012b30d6713f62e555dc4a6f9b37b788d3af49da.e3iSbxaKaheRe3eRa38MahaQbi1ynknvrkLOlQzNp65In0 HTTP/1.1" 200 2
216.245.221.92 - - [02/Nov/2023:03:34:34 -0500] "HEAD / HTTP/1.1" 200 -
201.245.192.253 - - [02/Nov/2023:03:34:49 -0500] "POST /kwsrmcab/Wsrmcab  HTTP/1.1" 200 42090
201.245.192.253 - - [02/Nov/2023:03:35:03 -0500] "POST /forms/lservlet;jsessionid=ac16012b30d6713f62e555dc4a6f9b37b788d3af49da.e3iSbxaKaheRe3eRa38MahaQbi1ynknvrkLOlQzNp65In0 HTTP/1.1" 200 2
172.22.2.4 - - [02/Nov/2023:03:33:29 -0500] "HEAD /BLA/boletinlegal/ HTTP/1.1" 200 -
172.22.2.4 - - [02/Nov/2023:03:34:20 -0500] "GET /BLA/boletinlegal/ HTTP/1.1" 200 60634
201.245.192.253 - - [02/Nov/2023:03:37:03 -0500] "POST /forms/lservlet;jsessionid=ac16012b30d6713f62e555dc4a6f9b37b788d3af49da.e3iSbxaKaheRe3eRa38MahaQbi1ynknvrkLOlQzNp65In0 HTTP/1.1" 200 2
201.245.192.253 - - [02/Nov/2023:03:37:26 -0500] "POST /kwsrmcab/Wsrmcab HTTP/1.1" 200 41732
201.245.192.253 - - [02/Nov/2023:03:37:29 -0500] "POST /kwsrmcab/Wsrmcab HTTP/1.1" 200 40501
201.245.192.253 - - [02/Nov/2023:03:39:03 -0500] "POST /forms/lservlet;jsessionid=ac16012b30d6713f62e555dc4a6f9b37b788d3af49da.e3iSbxaKaheRe3eRa38MahaQbi1ynknvrkLOlQzNp65In0 HTTP/1.1" 200 2
216.245.221.92 - - [02/Nov/2023:03:39:34 -0500] "HEAD / HTTP/1.1" 200 -
201.245.192.253 - - [02/Nov/2023:03:39:47 -0500] "POST /kwsrmcab/Wsrmcab  HTTP/1.1" 200 42090
198.235.24.217 - - [02/Nov/2023:03:39:50 -0500] "GET / HTTP/1.1" 200 319
40.77.167.28 - - [02/Nov/2023:03:39:54 -0500] "GET /BLA/resoluciones/RESOLUCIONES%202021/1137.pdf HTTP/1.1" 200 440705
164.52.0.94 - - [02/Nov/2023:03:40:28 -0500] "\x16\x03\x01\x01 \x01" 400 226
164.52.0.94 - - [02/Nov/2023:03:40:29 -0500] "\x16\x03\x01" 400 226
164.52.0.94 - - [02/Nov/2023:03:40:29 -0500] "\x16\x03\x01" 400 226
164.52.0.94 - - [02/Nov/2023:03:40:30 -0500] "\x16\x03\x01" 400 226
164.52.0.94 - - [02/Nov/2023:03:40:37 -0500] "\x16\x03\x01\x01 \x01" 400 226
164.52.0.94 - - [02/Nov/2023:03:40:38 -0500] "\x16\x03\x01" 400 226
164.52.0.94 - - [02/Nov/2023:03:40:38 -0500] "\x16\x03\x01" 400 226
164.52.0.94 - - [02/Nov/2023:03:40:39 -0500] "\x16\x03\x01" 400 226
164.52.0.94 - - [02/Nov/2023:03:40:40 -0500] "GET / HTTP/1.1" 200 319
201.245.192.253 - - [02/Nov/2023:03:40:38 -0500] "POST /kwsrmcab/Wsrmcab HTTP/1.1" 200 41732
201.245.192.253 - - [02/Nov/2023:03:40:41 -0500] "POST /kwsrmcab/Wsrmcab HTTP/1.1" 200 40501
164.52.0.94 - - [02/Nov/2023:03:40:43 -0500] "\x16\x03\x01\x01 \x01" 400 226
164.52.0.94 - - [02/Nov/2023:03:40:45 -0500] "\x16\x03\x01" 400 226
164.52.0.94 - - [02/Nov/2023:03:40:45 -0500] "\x16\x03\x01" 400 226
172.22.2.4 - - [02/Nov/2023:03:40:54 -0500] "GET /BLA/boletinlegal/robots.txt HTTP/1.1" 404 1037
172.22.2.4 - - [02/Nov/2023:03:40:55 -0500] "GET /BLA/boletinlegal/jurisprudencia/analisis/AnalisisT-095-16.docx HTTP/1.1" 304 -
40.77.167.247 - - [02/Nov/2023:03:40:56 -0500] "GET /BLA/resoluciones/AUTOS%202022/1895.pdf HTTP/1.1" 304 -
172.22.2.4 - - [02/Nov/2023:03:39:19 -0500] "HEAD /BLA/boletinlegal/ HTTP/1.1" 200 -
201.245.192.253 - - [02/Nov/2023:03:41:03 -0500] "POST /forms/lservlet;jsessionid=ac16012b30d6713f62e555dc4a6f9b37b788d3af49da.e3iSbxaKaheRe3eRa38MahaQbi1ynknvrkLOlQzNp65In0 HTTP/1.1" 200 2
172.22.2.4 - - [02/Nov/2023:03:40:10 -0500] "GET /BLA/boletinlegal/ HTTP/1.1" 200 58644
201.245.192.253 - - [02/Nov/2023:03:43:03 -0500] "POST /forms/lservlet;jsessionid=ac16012b30d6713f62e555dc4a6f9b37b788d3af49da.e3iSbxaKaheRe3eRa38MahaQbi1ynknvrkLOlQzNp65In0 HTTP/1.1" 200 2
52.167.144.140 - - [02/Nov/2023:03:44:26 -0500] "GET /BLA/resoluciones/AUTOS%202007/2944.pdf HTTP/1.1" 200 109319
52.167.144.140 - - [02/Nov/2023:03:44:27 -0500] "GET /bla/resoluciones/resoluciones%202012/0624.pdf HTTP/1.1" 200 424492
52.167.144.140 - - [02/Nov/2023:03:44:28 -0500] "GET /BLA/resoluciones/RESOLUCIONES%202021/3962.pdf HTTP/1.1" 200 339150
52.167.144.140 - - [02/Nov/2023:03:44:29 -0500] "GET /BLA/resoluciones/RESOLUCIONES%202021/4813.pdf HTTP/1.1" 200 359240
52.167.144.140 - - [02/Nov/2023:03:44:29 -0500] "GET /BLA/resoluciones/AUTOS%202023/4265.pdf HTTP/1.1" 200 542373
216.245.221.92 - - [02/Nov/2023:03:44:34 -0500] "HEAD / HTTP/1.1" 200 -
201.245.192.253 - - [02/Nov/2023:03:44:47 -0500] "POST /kwsrmcab/Wsrmcab  HTTP/1.1" 200 42090
201.245.192.253 - - [02/Nov/2023:03:45:03 -0500] "POST /forms/lservlet;jsessionid=ac16012b30d6713f62e555dc4a6f9b37b788d3af49da.e3iSbxaKaheRe3eRa38MahaQbi1ynknvrkLOlQzNp65In0 HTTP/1.1" 200 2
198.235.24.90 - - [02/Nov/2023:03:45:06 -0500] "GET / HTTP/1.0" 200 319
52.167.144.16 - - [02/Nov/2023:03:45:09 -0500] "GET /BLA/resoluciones/RESOLUCIONES%202021/1257.pdf HTTP/1.1" 200 434863
172.22.2.4 - - [02/Nov/2023:03:45:09 -0500] "HEAD /BLA/boletinlegal/ HTTP/1.1" 200 -
201.245.192.253 - - [02/Nov/2023:03:47:03 -0500] "POST /forms/lservlet;jsessionid=ac16012b30d6713f62e555dc4a6f9b37b788d3af49da.e3iSbxaKaheRe3eRa38MahaQbi1ynknvrkLOlQzNp65In0 HTTP/1.1" 200 2
66.249.66.37 - - [02/Nov/2023:03:47:31 -0500] "GET /el-ejemplo-comienza-por-casa-alcaldia-de-bogota-expide-decreto-para-reducir-plasticos-de-un-solo-uso-en-las-entidades-del-distrito.html HTTP/1.1" 304 -
199.16.157.181 - - [02/Nov/2023:03:47:32 -0500] "GET /images/pl%C3%A1sticos%20foto%201..jpg HTTP/1.1" 404 1034
172.22.2.4 - - [02/Nov/2023:03:46:00 -0500] "GET /BLA/boletinlegal/ HTTP/1.1" 200 57881
66.249.66.19 - - [02/Nov/2023:03:47:48 -0500] "GET /BLA/resoluciones/RESOLUCIONES%202018/1466.pdf HTTP/1.1" 200 339441
201.245.192.253 - - [02/Nov/2023:03:49:03 -0500] "POST /forms/lservlet;jsessionid=ac16012b30d6713f62e555dc4a6f9b37b788d3af49da.e3iSbxaKaheRe3eRa38MahaQbi1ynknvrkLOlQzNp65In0 HTTP/1.1" 200 2
216.245.221.92 - - [02/Nov/2023:03:49:34 -0500] "HEAD / HTTP/1.1" 200 -
201.245.192.253 - - [02/Nov/2023:03:49:47 -0500] "POST /kwsrmcab/Wsrmcab  HTTP/1.1" 200 42090
201.245.192.253 - - [02/Nov/2023:03:51:03 -0500] "POST /forms/lservlet;jsessionid=ac16012b30d6713f62e555dc4a6f9b37b788d3af49da.e3iSbxaKaheRe3eRa38MahaQbi1ynknvrkLOlQzNp65In0 HTTP/1.1" 200 2
40.77.167.132 - - [02/Nov/2023:03:51:33 -0500] "GET /Publicaciones/2023EE252632.pdf HTTP/1.1" 200 402471
172.22.2.4 - - [02/Nov/2023:03:50:59 -0500] "HEAD /BLA/boletinlegal/ HTTP/1.1" 200 -
201.245.192.253 - - [02/Nov/2023:03:53:03 -0500] "POST /forms/lservlet;jsessionid=ac16012b30d6713f62e555dc4a6f9b37b788d3af49da.e3iSbxaKaheRe3eRa38MahaQbi1ynknvrkLOlQzNp65In0 HTTP/1.1" 200 2
172.22.2.4 - - [02/Nov/2023:03:51:50 -0500] "GET /BLA/boletinlegal/ HTTP/1.1" 200 56997
52.167.144.65 - - [02/Nov/2023:03:54:04 -0500] "GET /robots.txt HTTP/1.1" 404 1034
216.245.221.92 - - [02/Nov/2023:03:54:34 -0500] "HEAD / HTTP/1.1" 200 -
201.245.192.253 - - [02/Nov/2023:03:54:46 -0500] "POST /kwsrmcab/Wsrmcab  HTTP/1.1" 200 42090
201.245.192.253 - - [02/Nov/2023:03:55:03 -0500] "POST /forms/lservlet;jsessionid=ac16012b30d6713f62e555dc4a6f9b37b788d3af49da.e3iSbxaKaheRe3eRa38MahaQbi1ynknvrkLOlQzNp65In0 HTTP/1.1" 200 2
40.77.167.77 - - [02/Nov/2023:03:55:33 -0500] "GET /mas-de-80-entidades-publicas-en-bogota-estan-implementando-procesos-sostenibles-en-su-gestion.html HTTP/1.1" 200 971
40.77.167.144 - - [02/Nov/2023:03:55:33 -0500] "GET /BLA/resoluciones/RESOLUCIONES%202021/1253.pdf HTTP/1.1" 200 1049185
201.245.192.253 - - [02/Nov/2023:03:57:03 -0500] "POST /forms/lservlet;jsessionid=ac16012b30d6713f62e555dc4a6f9b37b788d3af49da.e3iSbxaKaheRe3eRa38MahaQbi1ynknvrkLOlQzNp65In0 HTTP/1.1" 200 2
172.22.2.4 - - [02/Nov/2023:03:56:49 -0500] "HEAD /BLA/boletinlegal/ HTTP/1.1" 200 -
201.245.192.253 - - [02/Nov/2023:03:59:03 -0500] "POST /forms/lservlet;jsessionid=ac16012b30d6713f62e555dc4a6f9b37b788d3af49da.e3iSbxaKaheRe3eRa38MahaQbi1ynknvrkLOlQzNp65In0 HTTP/1.1" 200 2
172.22.2.4 - - [02/Nov/2023:03:57:40 -0500] "GET /BLA/boletinlegal/ HTTP/1.1" 200 60634
216.245.221.92 - - [02/Nov/2023:03:59:34 -0500] "HEAD / HTTP/1.1" 200 -
201.245.192.253 - - [02/Nov/2023:03:59:44 -0500] "POST /kwsrmcab/Wsrmcab  HTTP/1.1" 200 42090
100.21.24.205 - - [02/Nov/2023:03:59:52 -0500] "GET /BLA/resoluciones/AUTOS%202021/0245.php? HTTP/1.1" 200 107012
100.21.24.205 - - [02/Nov/2023:03:59:57 -0500] "GET /BLA/resoluciones/index.php?dir=RESOLUCIONES%201996/ HTTP/1.1" 200 9137
52.25.208.208 - - [02/Nov/2023:04:00:33 -0500] "GET /BLA/resoluciones/index.php?dir=RESOLUCIONES%201997/ HTTP/1.1" 200 17831
40.77.167.50 - - [02/Nov/2023:04:00:35 -0500] "GET /BLA/resoluciones/AUTOS%202023/5305.pdf HTTP/1.1" 200 359261
201.245.192.253 - - [02/Nov/2023:04:01:03 -0500] "POST /forms/lservlet;jsessionid=ac16012b30d6713f62e555dc4a6f9b37b788d3af49da.e3iSbxaKaheRe3eRa38MahaQbi1ynknvrkLOlQzNp65In0 HTTP/1.1" 200 2
66.249.66.39 - - [02/Nov/2023:04:01:12 -0500] "GET /cooperacion-internacional-postulate-para-la-coordinacion-ambiental-de-proyecto-con-la-union-europea-avantia.html HTTP/1.1" 304 -
201.245.192.253 - - [02/Nov/2023:04:03:03 -0500] "POST /forms/lservlet;jsessionid=ac16012b30d6713f62e555dc4a6f9b37b788d3af49da.e3iSbxaKaheRe3eRa38MahaQbi1ynknvrkLOlQzNp65In0 HTTP/1.1" 200 2
172.22.2.4 - - [02/Nov/2023:04:02:39 -0500] "HEAD /BLA/boletinlegal/ HTTP/1.1" 200 -
216.245.221.92 - - [02/Nov/2023:04:04:34 -0500] "HEAD / HTTP/1.1" 200 -
201.245.192.253 - - [02/Nov/2023:04:04:43 -0500] "POST /kwsrmcab/Wsrmcab  HTTP/1.1" 200 42090
201.245.192.253 - - [02/Nov/2023:04:05:03 -0500] "POST /forms/lservlet;jsessionid=ac16012b30d6713f62e555dc4a6f9b37b788d3af49da.e3iSbxaKaheRe3eRa38MahaQbi1ynknvrkLOlQzNp65In0 HTTP/1.1" 200 2
172.22.2.4 - - [02/Nov/2023:04:03:30 -0500] "GET /BLA/boletinlegal/ HTTP/1.1" 200 45941
172.22.2.4 - - [02/Nov/2023:04:03:51 -0500] "GET /BLA/boletinlegal/ HTTP/1.1" 200 46339
201.245.192.253 - - [02/Nov/2023:04:07:03 -0500] "POST /forms/lservlet;jsessionid=ac16012b30d6713f62e555dc4a6f9b37b788d3af49da.e3iSbxaKaheRe3eRa38MahaQbi1ynknvrkLOlQzNp65In0 HTTP/1.1" 200 2
44.230.252.91 - - [02/Nov/2023:04:08:50 -0500] "GET /BLA/resoluciones/index.php?dir=RESOLUCIONES%201998/ HTTP/1.1" 200 14920
52.25.208.208 - - [02/Nov/2023:04:08:51 -0500] "GET /BLA/resoluciones/index.php?dir=RESOLUCIONES%201999/ HTTP/1.1" 200 11562
52.25.208.208 - - [02/Nov/2023:04:08:53 -0500] "GET /BLA/resoluciones/index.php?dir=RESOLUCIONES%202000/ HTTP/1.1" 200 27998
52.25.208.208 - - [02/Nov/2023:04:08:55 -0500] "GET /BLA/resoluciones/index.php?dir=RESOLUCIONES%202001/ HTTP/1.1" 200 25492
52.25.208.208 - - [02/Nov/2023:04:08:59 -0500] "GET /BLA/resoluciones/index.php?dir=RESOLUCIONES%202002/ HTTP/1.1" 200 26096
100.21.24.205 - - [02/Nov/2023:04:09:02 -0500] "GET /BLA/resoluciones/index.php?dir=RESOLUCIONES%202003/ HTTP/1.1" 200 34282
201.245.192.253 - - [02/Nov/2023:04:09:03 -0500] "POST /forms/lservlet;jsessionid=ac16012b30d6713f62e555dc4a6f9b37b788d3af49da.e3iSbxaKaheRe3eRa38MahaQbi1ynknvrkLOlQzNp65In0 HTTP/1.1" 200 2
100.21.24.205 - - [02/Nov/2023:04:09:04 -0500] "GET /BLA/resoluciones/index.php?dir=RESOLUCIONES%202004/ HTTP/1.1" 200 33860
44.230.252.91 - - [02/Nov/2023:04:09:06 -0500] "GET /BLA/resoluciones/index.php?dir=RESOLUCIONES%202005/ HTTP/1.1" 200 49688
44.230.252.91 - - [02/Nov/2023:04:09:10 -0500] "GET /BLA/resoluciones/index.php?dir=RESOLUCIONES%202006/ HTTP/1.1" 200 40916
100.21.24.205 - - [02/Nov/2023:04:09:15 -0500] "GET /BLA/resoluciones/index.php?dir=RESOLUCIONES%202007/ HTTP/1.1" 200 37998
216.245.221.92 - - [02/Nov/2023:04:09:34 -0500] "HEAD / HTTP/1.1" 200 -
201.245.192.253 - - [02/Nov/2023:04:09:43 -0500] "POST /kwsrmcab/Wsrmcab  HTTP/1.1" 200 42090
100.21.24.205 - - [02/Nov/2023:04:09:41 -0500] "GET /BLA/resoluciones/index.php?dir=RESOLUCIONES%202008/ HTTP/1.1" 200 976272
52.25.208.208 - - [02/Nov/2023:04:09:49 -0500] "GET /BLA/resoluciones/index.php?dir=RESOLUCIONES%202010/ HTTP/1.1" 200 1307967
172.22.2.4 - - [02/Nov/2023:04:09:56 -0500] "GET /BLA/boletinlegal/jurisprudencia/analisis/null HTTP/1.1" 404 1038
100.21.24.205 - - [02/Nov/2023:04:09:42 -0500] "GET /BLA/resoluciones/index.php?dir=RESOLUCIONES%202009/ HTTP/1.1" 200 1694101
172.22.2.4 - - [02/Nov/2023:04:08:29 -0500] "HEAD /BLA/boletinlegal/ HTTP/1.1" 200 -
44.230.252.91 - - [02/Nov/2023:04:10:09 -0500] "GET /BLA/resoluciones/index.php?dir=RESOLUCIONES%202011/ HTTP/1.1" 200 747162
44.230.252.91 - - [02/Nov/2023:04:10:14 -0500] "GET /BLA/resoluciones/index.php?dir=RESOLUCIONES%202012/ HTTP/1.1" 200 140066
100.21.24.205 - - [02/Nov/2023:04:10:29 -0500] "GET /BLA/resoluciones/index.php?dir=RESOLUCIONES%202013/ HTTP/1.1" 200 238278
172.22.2.4 - - [02/Nov/2023:04:09:20 -0500] "GET /BLA/boletinlegal/ HTTP/1.1" 200 58644
52.25.208.208 - - [02/Nov/2023:04:10:58 -0500] "GET /BLA/resoluciones/index.php?dir=RESOLUCIONES%202014/ HTTP/1.1" 200 334189
201.245.192.253 - - [02/Nov/2023:04:11:03 -0500] "POST /forms/lservlet;jsessionid=ac16012b30d6713f62e555dc4a6f9b37b788d3af49da.e3iSbxaKaheRe3eRa38MahaQbi1ynknvrkLOlQzNp65In0 HTTP/1.1" 200 2
100.21.24.205 - - [02/Nov/2023:04:11:04 -0500] "GET /BLA/resoluciones/index.php?dir=RESOLUCIONES%202015/ HTTP/1.1" 200 130562
44.230.252.91 - - [02/Nov/2023:04:11:07 -0500] "GET /BLA/resoluciones/index.php?dir=RESOLUCIONES%202016/ HTTP/1.1" 200 172327
100.21.24.205 - - [02/Nov/2023:04:11:11 -0500] "GET /BLA/resoluciones/index.php?dir=RESOLUCIONES%202017/ HTTP/1.1" 200 286831
100.21.24.205 - - [02/Nov/2023:04:11:13 -0500] "GET /BLA/resoluciones/index.php?dir=RESOLUCIONES%202018/ HTTP/1.1" 200 279938
52.25.208.208 - - [02/Nov/2023:04:11:19 -0500] "GET /BLA/resoluciones/index.php?dir=RESOLUCIONES%202020/ HTTP/1.1" 200 169742
100.21.24.205 - - [02/Nov/2023:04:11:18 -0500] "GET /BLA/resoluciones/index.php?dir=RESOLUCIONES%202019/ HTTP/1.1" 200 261413
100.21.24.205 - - [02/Nov/2023:04:11:21 -0500] "GET /BLA/resoluciones/index.php?dir=RESOLUCIONES%202021/ HTTP/1.1" 200 442881
52.25.208.208 - - [02/Nov/2023:04:11:23 -0500] "GET /BLA/resoluciones/index.php?dir=RESOLUCIONES%202022/ HTTP/1.1" 200 322327
52.25.208.208 - - [02/Nov/2023:04:11:28 -0500] "GET /BLA/resoluciones/index.php?dir=RESOLUCIONES%202023/ HTTP/1.1" 200 105284
44.230.252.91 - - [02/Nov/2023:04:11:29 -0500] "GET /BLA/resoluciones/AUTOS%202021/0245.php?act=phpinfo HTTP/1.1" 200 19264
44.230.252.91 - - [02/Nov/2023:04:11:35 -0500] "GET /BLA/resoluciones/AUTOS%202021/0245.php?act=selfremove HTTP/1.1" 200 2751
100.21.24.205 - - [02/Nov/2023:04:11:37 -0500] "GET /BLA/resoluciones/index.php?dir=2018/&order=asc&sort=date HTTP/1.1" 200 1608
100.21.24.205 - - [02/Nov/2023:04:11:38 -0500] "GET /BLA/resoluciones/index.php?dir=2018/&order=asc&sort=size HTTP/1.1" 200 1608
52.25.208.208 - - [02/Nov/2023:04:12:04 -0500] "GET /BLA/resoluciones/index.php?dir=2018/&order=desc&sort=name HTTP/1.1" 200 1607
44.230.252.91 - - [02/Nov/2023:04:12:08 -0500] "GET /BLA/resoluciones/index.php?dir=AUTOS%202006/AUTOS%202006%201-100/ HTTP/1.1" 200 21539
44.230.252.91 - - [02/Nov/2023:04:12:13 -0500] "GET /BLA/resoluciones/index.php?dir=AUTOS%202006/AUTOS%202006%20101-200/ HTTP/1.1" 200 21758
52.25.208.208 - - [02/Nov/2023:04:12:17 -0500] "GET /BLA/resoluciones/index.php?dir=AUTOS%202006/AUTOS%202006%20201-300/ HTTP/1.1" 200 21766
52.25.208.208 - - [02/Nov/2023:04:12:35 -0500] "GET /BLA/resoluciones/index.php?dir=AUTOS%202006/AUTOS%202006%20301-400/ HTTP/1.1" 200 21781
100.21.24.205 - - [02/Nov/2023:04:12:35 -0500] "GET /BLA/resoluciones/index.php?dir=AUTOS%202006/AUTOS%202006%20401-500/ HTTP/1.1" 200 21769
52.167.144.212 - - [02/Nov/2023:04:12:50 -0500] "GET /BLA/resoluciones/AUTOS%202023/3433.pdf HTTP/1.1" 200 418344
44.230.252.91 - - [02/Nov/2023:04:12:51 -0500] "GET /BLA/resoluciones/index.php?dir=AUTOS%202006/AUTOS%202006%20501-600/ HTTP/1.1" 200 21780
66.249.66.166 - - [02/Nov/2023:04:12:55 -0500] "GET /robots.txt HTTP/1.1" 404 1035
66.249.66.167 - - [02/Nov/2023:04:12:56 -0500] "GET /portaldeninos/los-arboles/ HTTP/1.1" 200 87546
201.245.192.253 - - [02/Nov/2023:04:13:03 -0500] "POST /forms/lservlet;jsessionid=ac16012b30d6713f62e555dc4a6f9b37b788d3af49da.e3iSbxaKaheRe3eRa38MahaQbi1ynknvrkLOlQzNp65In0 HTTP/1.1" 200 2
44.230.252.91 - - [02/Nov/2023:04:13:24 -0500] "GET /BLA/resoluciones/index.php?dir=AUTOS%202006/AUTOS%202006%20601-700/ HTTP/1.1" 200 21776
52.25.208.208 - - [02/Nov/2023:04:13:29 -0500] "GET /BLA/resoluciones/index.php?dir=AUTOS%202006/AUTOS%202006%20701-800/ HTTP/1.1" 200 21969
52.25.208.208 - - [02/Nov/2023:04:13:31 -0500] "GET /BLA/resoluciones/index.php?dir=AUTOS%202006/AUTOS%202006%20801-900/ HTTP/1.1" 200 21775
52.25.208.208 - - [02/Nov/2023:04:13:33 -0500] "GET /BLA/resoluciones/index.php?dir=Acuerdos/&order=asc&sort=date HTTP/1.1" 200 3396
52.167.144.201 - - [02/Nov/2023:04:13:53 -0500] "GET /BLA/resoluciones/AUTOS%202021/4509.pdf HTTP/1.1" 304 -
52.167.144.201 - - [02/Nov/2023:04:13:53 -0500] "GET /BLA/resoluciones/AUTOS%202021/2454.pdf HTTP/1.1" 304 -
100.21.24.205 - - [02/Nov/2023:04:14:05 -0500] "GET /BLA/resoluciones/index.php?dir=Acuerdos/&order=asc&sort=size HTTP/1.1" 200 3396
100.21.24.205 - - [02/Nov/2023:04:14:09 -0500] "GET /BLA/resoluciones/index.php?dir=Acuerdos/&order=desc&sort=name HTTP/1.1" 200 3395
52.25.208.208 - - [02/Nov/2023:04:14:10 -0500] "GET /BLA/resoluciones/index.php?dir=Decretos/&order=asc&sort=date HTTP/1.1" 200 6804
100.21.24.205 - - [02/Nov/2023:04:14:15 -0500] "GET /BLA/resoluciones/index.php?dir=Decretos/&order=asc&sort=size HTTP/1.1" 200 6804
52.25.208.208 - - [02/Nov/2023:04:14:18 -0500] "GET /BLA/resoluciones/index.php?dir=Decretos/&order=desc&sort=name HTTP/1.1" 200 6803
100.21.24.205 - - [02/Nov/2023:04:14:22 -0500] "GET /BLA/resoluciones/index.php?dir=Notificaciones/AUTOS%200022/ HTTP/1.1" 200 2018
100.21.24.205 - - [02/Nov/2023:04:14:23 -0500] "GET /BLA/resoluciones/index.php?dir=Notificaciones/AUTOS%201985/ HTTP/1.1" 200 2733
100.21.24.205 - - [02/Nov/2023:04:14:27 -0500] "GET /BLA/resoluciones/index.php?dir=Notificaciones/AUTOS%201988/ HTTP/1.1" 200 2205
66.249.66.20 - - [02/Nov/2023:04:14:30 -0500] "GET /resoluciones/RESOLUCIONES%202010/1989.pdf HTTP/1.1" 404 1018
216.245.221.92 - - [02/Nov/2023:04:14:34 -0500] "HEAD / HTTP/1.1" 200 -
100.21.24.205 - - [02/Nov/2023:04:14:38 -0500] "GET /BLA/resoluciones/index.php?dir=Notificaciones/AUTOS%202012/ HTTP/1.1" 200 3092
100.21.24.205 - - [02/Nov/2023:04:14:39 -0500] "GET /BLA/resoluciones/index.php?dir=Notificaciones/AUTOS%202013/ HTTP/1.1" 200 39422
201.245.192.253 - - [02/Nov/2023:04:14:41 -0500] "POST /kwsrmcab/Wsrmcab  HTTP/1.1" 200 42090
44.230.252.91 - - [02/Nov/2023:04:14:44 -0500] "GET /BLA/resoluciones/index.php?dir=Notificaciones/AUTOS%202014/ HTTP/1.1" 200 307884
44.230.252.91 - - [02/Nov/2023:04:14:45 -0500] "GET /BLA/resoluciones/index.php?dir=Notificaciones/AUTOS%202015/ HTTP/1.1" 200 102197
100.21.24.205 - - [02/Nov/2023:04:14:46 -0500] "GET /BLA/resoluciones/index.php?dir=Notificaciones/AUTOS%202016/ HTTP/1.1" 200 75954
44.230.252.91 - - [02/Nov/2023:04:14:49 -0500] "GET /BLA/resoluciones/index.php?dir=Notificaciones/AUTOS%202017/ HTTP/1.1" 200 140025
201.245.192.253 - - [02/Nov/2023:04:15:03 -0500] "POST /forms/lservlet;jsessionid=ac16012b30d6713f62e555dc4a6f9b37b788d3af49da.e3iSbxaKaheRe3eRa38MahaQbi1ynknvrkLOlQzNp65In0 HTTP/1.1" 200 2
52.25.208.208 - - [02/Nov/2023:04:15:05 -0500] "GET /BLA/resoluciones/index.php?dir=Notificaciones/AUTOS%202018/ HTTP/1.1" 200 98973
44.230.252.91 - - [02/Nov/2023:04:15:07 -0500] "GET /BLA/resoluciones/index.php?dir=Notificaciones/AUTOS%202019/ HTTP/1.1" 200 109638
100.21.24.205 - - [02/Nov/2023:04:15:23 -0500] "GET /BLA/resoluciones/index.php?dir=Notificaciones/AUTOS%202020/ HTTP/1.1" 200 119693
100.21.24.205 - - [02/Nov/2023:04:15:28 -0500] "GET /BLA/resoluciones/index.php?dir=Notificaciones/AUTOS%202021/ HTTP/1.1" 200 200238
44.230.252.91 - - [02/Nov/2023:04:15:30 -0500] "GET /BLA/resoluciones/index.php?dir=Notificaciones/AUTOS%202022/ HTTP/1.1" 200 166286
100.21.24.205 - - [02/Nov/2023:04:15:31 -0500] "GET /BLA/resoluciones/index.php?dir=Notificaciones/AUTOS%202023/ HTTP/1.1" 200 98540
44.230.252.91 - - [02/Nov/2023:04:15:33 -0500] "GET /BLA/resoluciones/index.php?dir=Notificaciones/AUTOS%202029/ HTTP/1.1" 200 2024
52.25.208.208 - - [02/Nov/2023:04:15:34 -0500] "GET /BLA/resoluciones/index.php?dir=Notificaciones/AUTOS%202202/ HTTP/1.1" 200 2022
100.21.24.205 - - [02/Nov/2023:04:15:39 -0500] "GET /BLA/resoluciones/index.php?dir=Notificaciones/REGISTROS%200216/ HTTP/1.1" 200 2241
100.21.24.205 - - [02/Nov/2023:04:15:43 -0500] "GET /BLA/resoluciones/index.php?dir=Notificaciones/REGISTROS%200218/ HTTP/1.1" 200 1871
52.25.208.208 - - [02/Nov/2023:04:15:49 -0500] "GET /BLA/resoluciones/index.php?dir=Notificaciones/REGISTROS%202013/ HTTP/1.1" 200 2053
100.21.24.205 - - [02/Nov/2023:04:15:50 -0500] "GET /BLA/resoluciones/index.php?dir=Notificaciones/REGISTROS%202014/ HTTP/1.1" 200 15754
44.230.252.91 - - [02/Nov/2023:04:15:50 -0500] "GET /BLA/resoluciones/index.php?dir=Notificaciones/REGISTROS%202015/ HTTP/1.1" 200 19557
44.230.252.91 - - [02/Nov/2023:04:15:53 -0500] "GET /BLA/resoluciones/index.php?dir=Notificaciones/REGISTROS%202016/ HTTP/1.1" 200 17179
172.22.2.4 - - [02/Nov/2023:04:14:19 -0500] "HEAD /BLA/boletinlegal/ HTTP/1.1" 200 -
100.21.24.205 - - [02/Nov/2023:04:16:12 -0500] "GET /BLA/resoluciones/index.php?dir=Notificaciones/REGISTROS%202017/ HTTP/1.1" 200 9178
44.230.252.91 - - [02/Nov/2023:04:16:14 -0500] "GET /BLA/resoluciones/index.php?dir=Notificaciones/REGISTROS%202018/ HTTP/1.1" 200 21644
52.25.208.208 - - [02/Nov/2023:04:16:15 -0500] "GET /BLA/resoluciones/index.php?dir=Notificaciones/REGISTROS%202019/ HTTP/1.1" 200 18601
44.230.252.91 - - [02/Nov/2023:04:16:16 -0500] "GET /BLA/resoluciones/index.php?dir=Notificaciones/REGISTROS%202020/ HTTP/1.1" 200 20179
66.249.66.21 - - [02/Nov/2023:04:16:35 -0500] "GET /BLA/resoluciones/RESOLUCIONES%202010/1710.pdf HTTP/1.1" 200 413304
44.230.252.91 - - [02/Nov/2023:04:16:41 -0500] "GET /BLA/resoluciones/index.php?dir=Notificaciones/REGISTROS%202021/ HTTP/1.1" 200 23530
44.230.252.91 - - [02/Nov/2023:04:16:47 -0500] "GET /BLA/resoluciones/index.php?dir=Notificaciones/REGISTROS%202022/ HTTP/1.1" 200 16832
172.22.2.4 - - [02/Nov/2023:04:15:10 -0500] "GET /BLA/boletinlegal/ HTTP/1.1" 200 59827
52.25.208.208 - - [02/Nov/2023:04:16:51 -0500] "GET /BLA/resoluciones/index.php?dir=Notificaciones/REGISTROS%202023/ HTTP/1.1" 200 5001
100.21.24.205 - - [02/Nov/2023:04:16:57 -0500] "GET /BLA/resoluciones/index.php?dir=RESOLUCIONES%20CONJUNTAS/ HTTP/1.1" 200 4762
100.21.24.205 - - [02/Nov/2023:04:17:01 -0500] "GET /BLA/resoluciones/index.php?dir=&order=asc&sort=date HTTP/1.1" 200 13696
201.245.192.253 - - [02/Nov/2023:04:17:03 -0500] "POST /forms/lservlet;jsessionid=ac16012b30d6713f62e555dc4a6f9b37b788d3af49da.e3iSbxaKaheRe3eRa38MahaQbi1ynknvrkLOlQzNp65In0 HTTP/1.1" 200 2
100.21.24.205 - - [02/Nov/2023:04:17:04 -0500] "GET /BLA/resoluciones/index.php?dir=&order=asc&sort=size HTTP/1.1" 200 13696
52.25.208.208 - - [02/Nov/2023:04:17:05 -0500] "GET /BLA/resoluciones/index.php?dir=&order=desc&sort=name HTTP/1.1" 200 13695
44.230.252.91 - - [02/Nov/2023:04:17:11 -0500] "GET /BLA/resoluciones/index.php?dir=AUTOS%201997/&order=asc&sort=date HTTP/1.1" 200 2025
100.21.24.205 - - [02/Nov/2023:04:17:12 -0500] "GET /BLA/resoluciones/index.php?dir=AUTOS%201997/&order=asc&sort=size HTTP/1.1" 200 2025
52.25.208.208 - - [02/Nov/2023:04:17:14 -0500] "GET /BLA/resoluciones/index.php?dir=AUTOS%201997/&order=desc&sort=name HTTP/1.1" 200 2024
201.245.192.253 - - [02/Nov/2023:04:17:27 -0500] "POST /kwsrmcab/Wsrmcab HTTP/1.1" 200 41713
201.245.192.253 - - [02/Nov/2023:04:17:30 -0500] "POST /kwsrmcab/Wsrmcab HTTP/1.1" 200 40512
100.21.24.205 - - [02/Nov/2023:04:17:38 -0500] "GET /BLA/resoluciones/index.php?dir=AUTOS%202002/&order=asc&sort=date HTTP/1.1" 200 1813
52.25.208.208 - - [02/Nov/2023:04:17:40 -0500] "GET /BLA/resoluciones/index.php?dir=AUTOS%202002/&order=asc&sort=size HTTP/1.1" 200 1813
52.25.208.208 - - [02/Nov/2023:04:17:42 -0500] "GET /BLA/resoluciones/index.php?dir=AUTOS%202002/&order=desc&sort=name HTTP/1.1" 200 1812
44.230.252.91 - - [02/Nov/2023:04:17:44 -0500] "GET /BLA/resoluciones/index.php?dir=AUTOS%202003/&order=asc&sort=date HTTP/1.1" 200 1813
100.21.24.205 - - [02/Nov/2023:04:18:10 -0500] "GET /BLA/resoluciones/index.php?dir=AUTOS%202003/&order=asc&sort=size HTTP/1.1" 200 1813
52.25.208.208 - - [02/Nov/2023:04:18:15 -0500] "GET /BLA/resoluciones/index.php?dir=AUTOS%202003/&order=desc&sort=name HTTP/1.1" 200 1812
52.25.208.208 - - [02/Nov/2023:04:18:18 -0500] "GET /BLA/resoluciones/index.php?dir=AUTOS%202004/&order=asc&sort=date HTTP/1.1" 200 2786
100.21.24.205 - - [02/Nov/2023:04:18:21 -0500] "GET /BLA/resoluciones/index.php?dir=AUTOS%202004/&order=asc&sort=size HTTP/1.1" 200 2786
100.21.24.205 - - [02/Nov/2023:04:18:23 -0500] "GET /BLA/resoluciones/index.php?dir=AUTOS%202004/&order=desc&sort=name HTTP/1.1" 200 2785
201.245.192.253 - - [02/Nov/2023:04:19:03 -0500] "POST /forms/lservlet;jsessionid=ac16012b30d6713f62e555dc4a6f9b37b788d3af49da.e3iSbxaKaheRe3eRa38MahaQbi1ynknvrkLOlQzNp65In0 HTTP/1.1" 200 2
44.230.252.91 - - [02/Nov/2023:04:19:03 -0500] "GET /BLA/resoluciones/index.php?dir=AUTOS%202005/&order=asc&sort=date HTTP/1.1" 200 2791
52.25.208.208 - - [02/Nov/2023:04:19:04 -0500] "GET /BLA/resoluciones/index.php?dir=AUTOS%202005/&order=asc&sort=size HTTP/1.1" 200 2791
44.230.252.91 - - [02/Nov/2023:04:19:15 -0500] "GET /BLA/resoluciones/index.php?dir=AUTOS%202005/&order=desc&sort=name HTTP/1.1" 200 2790
100.21.24.205 - - [02/Nov/2023:04:19:20 -0500] "GET /BLA/resoluciones/index.php?dir=AUTOS%202006/AUTOS%202006%201001-1100/ HTTP/1.1" 200 21966
52.25.208.208 - - [02/Nov/2023:04:19:23 -0500] "GET /BLA/resoluciones/index.php?dir=AUTOS%202006/AUTOS%202006%201101-1200/ HTTP/1.1" 200 21976
44.230.252.91 - - [02/Nov/2023:04:19:26 -0500] "GET /BLA/resoluciones/index.php?dir=AUTOS%202006/AUTOS%202006%201201-1300/ HTTP/1.1" 200 22013
44.230.252.91 - - [02/Nov/2023:04:19:30 -0500] "GET /BLA/resoluciones/index.php?dir=AUTOS%202006/AUTOS%202006%201301-1400/ HTTP/1.1" 200 22002
52.25.208.208 - - [02/Nov/2023:04:19:33 -0500] "GET /BLA/resoluciones/index.php?dir=AUTOS%202006/AUTOS%202006%201401%20-%201500/ HTTP/1.1" 200 13545
216.245.221.92 - - [02/Nov/2023:04:19:34 -0500] "HEAD / HTTP/1.1" 200 -
44.230.252.91 - - [02/Nov/2023:04:19:38 -0500] "GET /BLA/resoluciones/index.php?dir=AUTOS%202006/AUTOS%202006%201501%20-%201600/ HTTP/1.1" 200 22232
201.245.192.253 - - [02/Nov/2023:04:19:40 -0500] "POST /kwsrmcab/Wsrmcab  HTTP/1.1" 200 42090
44.230.252.91 - - [02/Nov/2023:04:20:07 -0500] "GET /BLA/resoluciones/index.php?dir=AUTOS%202006/AUTOS%202006%201601%20-%201700/ HTTP/1.1" 200 22248
100.21.24.205 - - [02/Nov/2023:04:20:27 -0500] "GET /BLA/resoluciones/index.php?dir=AUTOS%202006/AUTOS%202006%201701%20-%201800/ HTTP/1.1" 200 22247
100.21.24.205 - - [02/Nov/2023:04:20:31 -0500] "GET /BLA/resoluciones/index.php?dir=AUTOS%202006/AUTOS%202006%201801-%201900/ HTTP/1.1" 200 22159
100.21.24.205 - - [02/Nov/2023:04:20:33 -0500] "GET /BLA/resoluciones/index.php?dir=AUTOS%202006/AUTOS%202006%201901%20-%202000/ HTTP/1.1" 200 22186
201.245.192.253 - - [02/Nov/2023:04:20:37 -0500] "POST /kwsrmcab/Wsrmcab HTTP/1.1" 200 41713
201.245.192.253 - - [02/Nov/2023:04:20:41 -0500] "POST /kwsrmcab/Wsrmcab HTTP/1.1" 200 40512
201.245.192.253 - - [02/Nov/2023:04:21:03 -0500] "POST /forms/lservlet;jsessionid=ac16012b30d6713f62e555dc4a6f9b37b788d3af49da.e3iSbxaKaheRe3eRa38MahaQbi1ynknvrkLOlQzNp65In0 HTTP/1.1" 200 2
172.22.2.4 - - [02/Nov/2023:04:21:05 -0500] "GET /BLA/boletinlegal/conceptos.php HTTP/1.1" 200 7496
100.21.24.205 - - [02/Nov/2023:04:21:05 -0500] "GET /BLA/resoluciones/index.php?dir=AUTOS%202006/AUTOS%202006%202001%20-%202100/ HTTP/1.1" 200 22199
100.21.24.205 - - [02/Nov/2023:04:21:09 -0500] "GET /BLA/resoluciones/index.php?dir=AUTOS%202006/AUTOS%202006%202101%20-%202200/ HTTP/1.1" 200 22204
44.230.252.91 - - [02/Nov/2023:04:21:10 -0500] "GET /BLA/resoluciones/index.php?dir=AUTOS%202006/AUTOS%202006%202201%20-%202300/ HTTP/1.1" 200 22194
44.230.252.91 - - [02/Nov/2023:04:21:11 -0500] "GET /BLA/resoluciones/index.php?dir=AUTOS%202006/AUTOS%202006%202301%20-%202400/ HTTP/1.1" 200 22197
100.21.24.205 - - [02/Nov/2023:04:21:15 -0500] "GET /BLA/resoluciones/index.php?dir=AUTOS%202006/AUTOS%202006%202401%20-%202500/ HTTP/1.1" 200 22199
172.22.2.4 - - [02/Nov/2023:04:21:17 -0500] "GET /BLA/boletinlegal/niceforms.js HTTP/1.1" 200 22876
172.22.2.4 - - [02/Nov/2023:04:21:17 -0500] "GET /BLA/boletinlegal/niceforms-default.css HTTP/1.1" 200 6694
52.25.208.208 - - [02/Nov/2023:04:21:17 -0500] "GET /BLA/resoluciones/index.php?dir=AUTOS%202006/AUTOS%202006%202501%20-%202600/ HTTP/1.1" 200 22209
172.22.2.4 - - [02/Nov/2023:04:21:21 -0500] "GET /BLA/boletinlegal/js/ajax_conceptos.js HTTP/1.1" 200 1326
172.22.2.4 - - [02/Nov/2023:04:21:22 -0500] "GET /BLA/boletinlegal/jurisprudencia.php HTTP/1.1" 200 17583
172.22.2.4 - - [02/Nov/2023:04:21:22 -0500] "GET /BLA/boletinlegal/style.css HTTP/1.1" 200 9406
172.22.2.4 - - [02/Nov/2023:04:21:23 -0500] "GET /BLA/boletinlegal/styles2.css HTTP/1.1" 200 1838
40.77.167.247 - - [02/Nov/2023:04:21:38 -0500] "GET /BLA/resoluciones/RESOLUCIONES%202021/1652.pdf HTTP/1.1" 200 368915
52.25.208.208 - - [02/Nov/2023:04:21:47 -0500] "GET /BLA/resoluciones/index.php?dir=AUTOS%202006/AUTOS%202006%202601%20-%202700/ HTTP/1.1" 200 22189
100.21.24.205 - - [02/Nov/2023:04:21:48 -0500] "GET /BLA/resoluciones/index.php?dir=AUTOS%202006/AUTOS%202006%202701%20-%202800/ HTTP/1.1" 200 22410
172.22.2.4 - - [02/Nov/2023:04:20:09 -0500] "HEAD /BLA/boletinlegal/ HTTP/1.1" 200 -
52.25.208.208 - - [02/Nov/2023:04:21:57 -0500] "GET /BLA/resoluciones/index.php?dir=AUTOS%202006/AUTOS%202006%202801%20-%202900/ HTTP/1.1" 200 22229
52.25.208.208 - - [02/Nov/2023:04:21:58 -0500] "GET /BLA/resoluciones/index.php?dir=AUTOS%202006/AUTOS%202006%202901%20-%203000/ HTTP/1.1" 200 22191
100.21.24.205 - - [02/Nov/2023:04:21:59 -0500] "GET /BLA/resoluciones/index.php?dir=AUTOS%202006/AUTOS%202006%203101%20-%203200/ HTTP/1.1" 200 22189
100.21.24.205 - - [02/Nov/2023:04:22:02 -0500] "GET /BLA/resoluciones/index.php?dir=AUTOS%202006/AUTOS%202006%203201%20-%203300/ HTTP/1.1" 200 22209
52.25.208.208 - - [02/Nov/2023:04:22:03 -0500] "GET /BLA/resoluciones/index.php?dir=AUTOS%202006/AUTOS%202006%203301%20-%203418/ HTTP/1.1" 200 25807
52.25.208.208 - - [02/Nov/2023:04:22:08 -0500] "GET /BLA/resoluciones/index.php?dir=AUTOS%202006/AUTOS%202006%20901-1000/ HTTP/1.1" 200 21877
44.230.252.91 - - [02/Nov/2023:04:22:10 -0500] "GET /BLA/resoluciones/index.php?dir=AUTOS%202006/&order=asc&sort=date HTTP/1.1" 200 9681
100.21.24.205 - - [02/Nov/2023:04:22:11 -0500] "GET /BLA/resoluciones/index.php?dir=AUTOS%202006/&order=asc&sort=size HTTP/1.1" 200 9681
52.25.208.208 - - [02/Nov/2023:04:22:12 -0500] "GET /BLA/resoluciones/index.php?dir=AUTOS%202006/&order=desc&sort=name HTTP/1.1" 200 9680
52.25.208.208 - - [02/Nov/2023:04:22:15 -0500] "GET /BLA/resoluciones/index.php?dir=AUTOS%202007/&order=asc&sort=date HTTP/1.1" 200 628423
52.25.208.208 - - [02/Nov/2023:04:22:28 -0500] "GET /BLA/resoluciones/index.php?dir=AUTOS%202007/&order=asc&sort=size HTTP/1.1" 200 628423
52.25.208.208 - - [02/Nov/2023:04:22:29 -0500] "GET /BLA/resoluciones/index.php?dir=AUTOS%202007/&order=desc&sort=name HTTP/1.1" 200 628422
172.22.2.4 - - [02/Nov/2023:04:21:00 -0500] "GET /BLA/boletinlegal/ HTTP/1.1" 200 59007
44.230.252.91 - - [02/Nov/2023:04:22:38 -0500] "GET /BLA/resoluciones/index.php?dir=AUTOS%202008/&order=asc&sort=date HTTP/1.1" 200 569644
44.230.252.91 - - [02/Nov/2023:04:22:39 -0500] "GET /BLA/resoluciones/index.php?dir=AUTOS%202008/&order=asc&sort=size HTTP/1.1" 200 569644
44.230.252.91 - - [02/Nov/2023:04:22:50 -0500] "GET /BLA/resoluciones/index.php?dir=AUTOS%202008/&order=desc&sort=name HTTP/1.1" 200 569643
52.25.208.208 - - [02/Nov/2023:04:22:56 -0500] "GET /BLA/resoluciones/index.php?dir=AUTOS%202009/&order=asc&sort=date HTTP/1.1" 200 399860
52.25.208.208 - - [02/Nov/2023:04:23:01 -0500] "GET /BLA/resoluciones/index.php?dir=AUTOS%202009/&order=asc&sort=size HTTP/1.1" 200 399860
201.245.192.253 - - [02/Nov/2023:04:23:03 -0500] "POST /forms/lservlet;jsessionid=ac16012b30d6713f62e555dc4a6f9b37b788d3af49da.e3iSbxaKaheRe3eRa38MahaQbi1ynknvrkLOlQzNp65In0 HTTP/1.1" 200 2
100.21.24.205 - - [02/Nov/2023:04:23:03 -0500] "GET /BLA/resoluciones/index.php?dir=AUTOS%202009/&order=desc&sort=name HTTP/1.1" 200 399859
44.230.252.91 - - [02/Nov/2023:04:23:07 -0500] "GET /BLA/resoluciones/index.php?dir=AUTOS%202010/&order=asc&sort=date HTTP/1.1" 200 280537
52.25.208.208 - - [02/Nov/2023:04:23:09 -0500] "GET /BLA/resoluciones/index.php?dir=AUTOS%202010/&order=asc&sort=size HTTP/1.1" 200 280537
66.249.66.21 - - [02/Nov/2023:04:23:21 -0500] "GET /Publicaciones/2023EE218079.pdf HTTP/1.1" 404 228
100.21.24.205 - - [02/Nov/2023:04:23:33 -0500] "GET /BLA/resoluciones/index.php?dir=AUTOS%202010/&order=desc&sort=name HTTP/1.1" 200 280536
100.21.24.205 - - [02/Nov/2023:04:23:52 -0500] "GET /BLA/resoluciones/AUTOS%202006/AUTOS%202006%201501%20-%201600/INDEX.DAT HTTP/1.1" 200 4000
100.21.24.205 - - [02/Nov/2023:04:23:55 -0500] "GET /BLA/resoluciones/index.php?dir=AUTOS%202006/AUTOS%202006%201501%20-%201600/&order=asc&sort=date HTTP/1.1" 200 22232
52.25.208.208 - - [02/Nov/2023:04:23:57 -0500] "GET /BLA/resoluciones/index.php?dir=AUTOS%202006/AUTOS%202006%201501%20-%201600/&order=asc&sort=size HTTP/1.1" 200 22232
100.21.24.205 - - [02/Nov/2023:04:23:57 -0500] "GET /BLA/resoluciones/index.php?dir=AUTOS%202006/AUTOS%202006%201501%20-%201600/&order=desc&sort=name HTTP/1.1" 200 22231
100.21.24.205 - - [02/Nov/2023:04:24:07 -0500] "GET /BLA/resoluciones/index.php?dir=AUTOS%202011/&order=asc&sort=date HTTP/1.1" 200 636914
216.245.221.92 - - [02/Nov/2023:04:24:34 -0500] "HEAD / HTTP/1.1" 200 -
201.245.192.253 - - [02/Nov/2023:04:24:39 -0500] "POST /kwsrmcab/Wsrmcab  HTTP/1.1" 200 42090
52.25.208.208 - - [02/Nov/2023:04:24:41 -0500] "GET /BLA/resoluciones/index.php?dir=AUTOS%202011/&order=asc&sort=size HTTP/1.1" 200 636914
52.25.208.208 - - [02/Nov/2023:04:24:42 -0500] "GET /BLA/resoluciones/index.php?dir=AUTOS%202011/&order=desc&sort=name HTTP/1.1" 200 636913
44.230.252.91 - - [02/Nov/2023:04:24:48 -0500] "GET /BLA/resoluciones/index.php?dir=AUTOS%202012/&order=asc&sort=date HTTP/1.1" 200 276641
100.21.24.205 - - [02/Nov/2023:04:24:50 -0500] "GET /BLA/resoluciones/index.php?dir=AUTOS%202012/&order=asc&sort=size HTTP/1.1" 200 276641
100.21.24.205 - - [02/Nov/2023:04:24:52 -0500] "GET /BLA/resoluciones/index.php?dir=AUTOS%202012/&order=desc&sort=name HTTP/1.1" 200 276640
201.245.192.253 - - [02/Nov/2023:04:25:03 -0500] "POST /forms/lservlet;jsessionid=ac16012b30d6713f62e555dc4a6f9b37b788d3af49da.e3iSbxaKaheRe3eRa38MahaQbi1ynknvrkLOlQzNp65In0 HTTP/1.1" 200 2
52.25.208.208 - - [02/Nov/2023:04:25:14 -0500] "GET /BLA/resoluciones/index.php?dir=AUTOS%202013/&order=asc&sort=date HTTP/1.1" 200 407754
100.21.24.205 - - [02/Nov/2023:04:25:15 -0500] "GET /BLA/resoluciones/index.php?dir=AUTOS%202013/&order=asc&sort=size HTTP/1.1" 200 407754
52.25.208.208 - - [02/Nov/2023:04:25:23 -0500] "GET /BLA/resoluciones/index.php?dir=AUTOS%202013/&order=desc&sort=name HTTP/1.1" 200 407753
100.21.24.205 - - [02/Nov/2023:04:25:31 -0500] "GET /BLA/resoluciones/index.php?dir=AUTOS%202014/&order=asc&sort=date HTTP/1.1" 200 890851
52.25.208.208 - - [02/Nov/2023:04:25:33 -0500] "GET /BLA/resoluciones/index.php?dir=AUTOS%202014/&order=asc&sort=size HTTP/1.1" 200 890851
40.77.167.14 - - [02/Nov/2023:04:25:38 -0500] "GET /BLA/resoluciones/RESOLUCIONES%202021/3099.pdf HTTP/1.1" 200 780058
100.21.24.205 - - [02/Nov/2023:04:25:38 -0500] "GET /BLA/resoluciones/index.php?dir=AUTOS%202014/&order=desc&sort=name HTTP/1.1" 200 890850
52.25.208.208 - - [02/Nov/2023:04:25:40 -0500] "GET /BLA/resoluciones/index.php?dir=AUTOS%202015/&order=asc&sort=date HTTP/1.1" 200 584331
44.230.252.91 - - [02/Nov/2023:04:25:42 -0500] "GET /BLA/resoluciones/index.php?dir=AUTOS%202015/&order=asc&sort=size HTTP/1.1" 200 584331
100.21.24.205 - - [02/Nov/2023:04:25:43 -0500] "GET /BLA/resoluciones/index.php?dir=AUTOS%202015/&order=desc&sort=name HTTP/1.1" 200 584330
52.25.208.208 - - [02/Nov/2023:04:25:56 -0500] "GET /BLA/resoluciones/index.php?dir=AUTOS%202016/&order=asc&sort=date HTTP/1.1" 200 331625
44.230.252.91 - - [02/Nov/2023:04:25:58 -0500] "GET /BLA/resoluciones/index.php?dir=AUTOS%202016/&order=asc&sort=size HTTP/1.1" 200 331625
52.25.208.208 - - [02/Nov/2023:04:25:59 -0500] "GET /BLA/resoluciones/index.php?dir=AUTOS%202016/&order=desc&sort=name HTTP/1.1" 200 331624
52.25.208.208 - - [02/Nov/2023:04:26:02 -0500] "GET /BLA/resoluciones/index.php?dir=AUTOS%202017/&order=asc&sort=date HTTP/1.1" 200 483318
52.25.208.208 - - [02/Nov/2023:04:26:06 -0500] "GET /BLA/resoluciones/index.php?dir=AUTOS%202017/&order=asc&sort=size HTTP/1.1" 200 483318
44.230.252.91 - - [02/Nov/2023:04:26:11 -0500] "GET /BLA/resoluciones/index.php?dir=AUTOS%202017/&order=desc&sort=name HTTP/1.1" 200 483317
44.230.252.91 - - [02/Nov/2023:04:26:12 -0500] "GET /BLA/resoluciones/index.php?dir=AUTOS%202018/&order=asc&sort=date HTTP/1.1" 200 466930
52.25.208.208 - - [02/Nov/2023:04:26:13 -0500] "GET /BLA/resoluciones/index.php?dir=AUTOS%202018/&order=asc&sort=size HTTP/1.1" 200 466930
44.230.252.91 - - [02/Nov/2023:04:26:14 -0500] "GET /BLA/resoluciones/index.php?dir=AUTOS%202018/&order=desc&sort=name HTTP/1.1" 200 466929
52.25.208.208 - - [02/Nov/2023:04:26:24 -0500] "GET /BLA/resoluciones/index.php?dir=AUTOS%202019/&order=asc&sort=date HTTP/1.1" 200 390105
52.25.208.208 - - [02/Nov/2023:04:26:25 -0500] "GET /BLA/resoluciones/index.php?dir=AUTOS%202019/&order=asc&sort=size HTTP/1.1" 200 390105
52.25.208.208 - - [02/Nov/2023:04:26:53 -0500] "GET /BLA/resoluciones/index.php?dir=AUTOS%202019/&order=desc&sort=name HTTP/1.1" 200 390104
44.230.252.91 - - [02/Nov/2023:04:26:55 -0500] "GET /BLA/resoluciones/index.php?dir=AUTOS%202020/&order=asc&sort=date HTTP/1.1" 200 332687
100.21.24.205 - - [02/Nov/2023:04:26:57 -0500] "GET /BLA/resoluciones/index.php?dir=AUTOS%202020/&order=asc&sort=size HTTP/1.1" 200 332687
201.245.192.253 - - [02/Nov/2023:04:27:03 -0500] "POST /forms/lservlet;jsessionid=ac16012b30d6713f62e555dc4a6f9b37b788d3af49da.e3iSbxaKaheRe3eRa38MahaQbi1ynknvrkLOlQzNp65In0 HTTP/1.1" 200 2
44.230.252.91 - - [02/Nov/2023:04:27:03 -0500] "GET /BLA/resoluciones/index.php?dir=AUTOS%202020/&order=desc&sort=name HTTP/1.1" 200 332686
44.230.252.91 - - [02/Nov/2023:04:27:07 -0500] "GET /BLA/resoluciones/index.php?dir=AUTOS%202021/&order=asc&sort=date HTTP/1.1" 200 398874
201.245.192.253 - - [02/Nov/2023:04:27:26 -0500] "POST /kwsrmcab/Wsrmcab HTTP/1.1" 200 41713
201.245.192.253 - - [02/Nov/2023:04:27:29 -0500] "POST /kwsrmcab/Wsrmcab HTTP/1.1" 200 40512
172.22.2.4 - - [02/Nov/2023:04:25:59 -0500] "HEAD /BLA/boletinlegal/ HTTP/1.1" 200 -
52.25.208.208 - - [02/Nov/2023:04:27:37 -0500] "GET /BLA/resoluciones/index.php?dir=AUTOS%202021/&order=asc&sort=size HTTP/1.1" 200 398874
44.230.252.91 - - [02/Nov/2023:04:27:47 -0500] "GET /BLA/resoluciones/index.php?dir=AUTOS%202021/&order=desc&sort=name HTTP/1.1" 200 398873
52.25.208.208 - - [02/Nov/2023:04:27:48 -0500] "GET /BLA/resoluciones/index.php?dir=AUTOS%202022/&order=asc&sort=date HTTP/1.1" 200 507974
100.21.24.205 - - [02/Nov/2023:04:27:53 -0500] "GET /BLA/resoluciones/index.php?dir=AUTOS%202022/&order=asc&sort=size HTTP/1.1" 200 507974
52.25.208.208 - - [02/Nov/2023:04:28:17 -0500] "GET /BLA/resoluciones/index.php?dir=AUTOS%202022/&order=desc&sort=name HTTP/1.1" 200 507973
44.230.252.91 - - [02/Nov/2023:04:28:23 -0500] "GET /BLA/resoluciones/index.php?dir=AUTOS%202023/&order=asc&sort=date HTTP/1.1" 200 385747
172.22.2.4 - - [02/Nov/2023:04:26:50 -0500] "GET /BLA/boletinlegal/ HTTP/1.1" 200 58294
216.244.66.195 - - [02/Nov/2023:04:28:40 -0500] "GET /robots.txt HTTP/1.1" 404 1018
44.230.252.91 - - [02/Nov/2023:04:28:41 -0500] "GET /BLA/resoluciones/index.php?dir=AUTOS%202023/&order=asc&sort=size HTTP/1.1" 200 385747
100.21.24.205 - - [02/Nov/2023:04:28:43 -0500] "GET /BLA/resoluciones/index.php?dir=AUTOS%202023/&order=desc&sort=name HTTP/1.1" 200 385746
52.25.208.208 - - [02/Nov/2023:04:28:45 -0500] "GET /BLA/resoluciones/index.php?dir=Notificaciones/DISCIPLINARIOS%202019/ HTTP/1.1" 200 3553
52.25.208.208 - - [02/Nov/2023:04:28:46 -0500] "GET /BLA/resoluciones/index.php?dir=Notificaciones/RESOLUCIONES%200020/ HTTP/1.1" 200 2077
100.21.24.205 - - [02/Nov/2023:04:28:48 -0500] "GET /BLA/resoluciones/index.php?dir=Notificaciones/RESOLUCIONES%200217/ HTTP/1.1" 200 2268
100.21.24.205 - - [02/Nov/2023:04:28:50 -0500] "GET /BLA/resoluciones/index.php?dir=Notificaciones/RESOLUCIONES%202012/ HTTP/1.1" 200 2077
