66.249.66.19 - - [02/Nov/2023:05:44:48 -0500] "GET /sipse/faces/javax.faces.resource/layout/layout.css;jsessionid=FYVcMwGo2S86RERSgOBCpyCL.undefined?ln=primefaces&v=4.0 HTTP/1.1" 200 542
66.249.66.21 - - [02/Nov/2023:05:44:48 -0500] "GET /sipse/faces/javax.faces.resource/primefaces.js;jsessionid=FYVcMwGo2S86RERSgOBCpyCL.undefined?ln=primefaces&v=4.0 HTTP/1.1" 200 276924
100.21.24.205 - - [02/Nov/2023:05:44:49 -0500] "GET /BLA/resoluciones/index.php?dir=Acuerdos/&order=desc&sort=size HTTP/1.1" 200 3395
66.249.66.19 - - [02/Nov/2023:05:44:49 -0500] "GET /sipse/faces/javax.faces.resource/jquery/jquery-plugins.js;jsessionid=FYVcMwGo2S86RERSgOBCpyCL.undefined?ln=primefaces&v=4.0 HTTP/1.1" 200 220526
66.249.66.21 - - [02/Nov/2023:05:44:49 -0500] "GET /sipse/faces/javax.faces.resource/primefaces.css;jsessionid=FYVcMwGo2S86RERSgOBCpyCL.undefined?ln=primefaces&v=4.0 HTTP/1.1" 200 53295
66.249.66.19 - - [02/Nov/2023:05:44:50 -0500] "GET /sipse/css/custom_css_sg.css HTTP/1.1" 200 9694
66.249.66.19 - - [02/Nov/2023:05:44:50 -0500] "GET /sipse/css/custom_css_sg_prime_login.css HTTP/1.1" 200 443
66.249.66.20 - - [02/Nov/2023:05:44:51 -0500] "GET /sipse/js/disable_browser_buttons.js HTTP/1.1" 200 3230
66.249.66.20 - - [02/Nov/2023:05:44:51 -0500] "GET /sipse/faces/faces/index.xhtml HTTP/1.1" 200 677
52.25.208.208 - - [02/Nov/2023:05:44:56 -0500] "GET /BLA/resoluciones/index.php?dir=RESOLUCIONES%202002/RES%202002%20351-400/ HTTP/1.1" 200 12209
52.25.208.208 - - [02/Nov/2023:05:45:00 -0500] "GET /BLA/resoluciones/index.php?dir=RESOLUCIONES%202002/RES%202002%20401-450/ HTTP/1.1" 200 12024
201.245.192.253 - - [02/Nov/2023:05:45:03 -0500] "POST /forms/lservlet;jsessionid=ac16012b30d6713f62e555dc4a6f9b37b788d3af49da.e3iSbxaKaheRe3eRa38MahaQbi1ynknvrkLOlQzNp65In0 HTTP/1.1" 200 2
100.21.24.205 - - [02/Nov/2023:05:45:19 -0500] "GET /BLA/resoluciones/index.php?dir=RESOLUCIONES%202002/RES%202002%20451-500/ HTTP/1.1" 200 12051
52.25.208.208 - - [02/Nov/2023:05:45:20 -0500] "GET /BLA/resoluciones/AUTOS%202006/AUTOS%202006%201-100/INDEX.DAT HTTP/1.1" 200 4000
44.230.252.91 - - [02/Nov/2023:05:45:26 -0500] "GET /BLA/resoluciones/index.php?dir=Notificaciones/REGISTROS%202015/ HTTP/1.1" 200 19557
100.21.24.205 - - [02/Nov/2023:05:45:30 -0500] "GET /BLA/resoluciones/index.php?dir=AUTOS%202006/AUTOS%202006%201-100/&order=asc&sort=date HTTP/1.1" 200 21539
52.25.208.208 - - [02/Nov/2023:05:45:43 -0500] "GET /BLA/resoluciones/index.php?dir=AUTOS%202006/AUTOS%202006%201-100/&order=asc&sort=size HTTP/1.1" 200 21539
52.25.208.208 - - [02/Nov/2023:05:45:45 -0500] "GET /BLA/resoluciones/index.php?dir=Decretos/&order=asc&sort=name HTTP/1.1" 200 6804
44.230.252.91 - - [02/Nov/2023:05:45:47 -0500] "GET /BLA/resoluciones/index.php?dir=Decretos/&order=desc&sort=date HTTP/1.1" 200 6803
100.21.24.205 - - [02/Nov/2023:05:45:48 -0500] "GET /BLA/resoluciones/index.php?dir=AUTOS%202006/AUTOS%202006%201-100/&order=desc&sort=name HTTP/1.1" 200 21538
52.25.208.208 - - [02/Nov/2023:05:45:55 -0500] "GET /BLA/resoluciones/index.php?dir=Notificaciones/AUTOS%201985/&order=asc&sort=date HTTP/1.1" 200 2733
44.230.252.91 - - [02/Nov/2023:05:46:01 -0500] "GET /BLA/resoluciones/index.php?dir=Notificaciones/AUTOS%202021/ HTTP/1.1" 200 200238
52.25.208.208 - - [02/Nov/2023:05:46:04 -0500] "GET /BLA/resoluciones/index.php?dir=Notificaciones/AUTOS%200022/&order=asc&sort=date HTTP/1.1" 200 2018
44.230.252.91 - - [02/Nov/2023:05:46:34 -0500] "GET /BLA/resoluciones/index.php?dir=Notificaciones/AUTOS%200022/&order=asc&sort=size HTTP/1.1" 200 2018
52.25.208.208 - - [02/Nov/2023:05:46:35 -0500] "GET /BLA/resoluciones/index.php?dir=Notificaciones/AUTOS%200022/&order=desc&sort=name HTTP/1.1" 200 2017
100.21.24.205 - - [02/Nov/2023:05:46:36 -0500] "GET /BLA/resoluciones/index.php?dir=Notificaciones/AUTOS%201985/&order=asc&sort=size HTTP/1.1" 200 2733
52.25.208.208 - - [02/Nov/2023:05:46:41 -0500] "GET /BLA/resoluciones/index.php?dir=Notificaciones/AUTOS%201985/&order=desc&sort=name HTTP/1.1" 200 2732
44.230.252.91 - - [02/Nov/2023:05:46:42 -0500] "GET /BLA/resoluciones/index.php?dir=Notificaciones/AUTOS%202014/&order=asc&sort=date HTTP/1.1" 200 307884
44.230.252.91 - - [02/Nov/2023:05:46:43 -0500] "GET /BLA/resoluciones/index.php?dir=Notificaciones/AUTOS%202014/&order=asc&sort=size HTTP/1.1" 200 307884
44.230.252.91 - - [02/Nov/2023:05:46:44 -0500] "GET /BLA/resoluciones/index.php?dir=Notificaciones/AUTOS%202014/&order=desc&sort=name HTTP/1.1" 200 307883
52.25.208.208 - - [02/Nov/2023:05:46:46 -0500] "GET /BLA/resoluciones/index.php?dir=Notificaciones/AUTOS%202021/&order=asc&sort=date HTTP/1.1" 200 200238
52.25.208.208 - - [02/Nov/2023:05:46:49 -0500] "GET /BLA/resoluciones/index.php?dir=Notificaciones/AUTOS%202021/&order=asc&sort=size HTTP/1.1" 200 200238
44.230.252.91 - - [02/Nov/2023:05:46:58 -0500] "GET /BLA/resoluciones/index.php?dir=Notificaciones/AUTOS%202021/&order=desc&sort=name HTTP/1.1" 200 200237
201.245.192.253 - - [02/Nov/2023:05:47:03 -0500] "POST /forms/lservlet;jsessionid=ac16012b30d6713f62e555dc4a6f9b37b788d3af49da.e3iSbxaKaheRe3eRa38MahaQbi1ynknvrkLOlQzNp65In0 HTTP/1.1" 200 2
52.25.208.208 - - [02/Nov/2023:05:47:09 -0500] "GET /BLA/resoluciones/index.php?dir=Notificaciones/REGISTROS%202013/&order=asc&sort=date HTTP/1.1" 200 2053
52.25.208.208 - - [02/Nov/2023:05:47:10 -0500] "GET /BLA/resoluciones/index.php?dir=Notificaciones/AUTOS%202018/ HTTP/1.1" 200 98973
44.230.252.91 - - [02/Nov/2023:05:47:26 -0500] "GET /BLA/resoluciones/index.php?dir=AUTOS%201997/&order=asc&sort=name HTTP/1.1" 200 2025
44.230.252.91 - - [02/Nov/2023:05:47:46 -0500] "GET /BLA/resoluciones/index.php?dir=AUTOS%201997/&order=desc&sort=size HTTP/1.1" 200 2024
52.25.208.208 - - [02/Nov/2023:05:47:49 -0500] "GET /BLA/resoluciones/index.php?dir=Notificaciones/AUTOS%202022/ HTTP/1.1" 200 166286
44.230.252.91 - - [02/Nov/2023:05:47:53 -0500] "GET /BLA/resoluciones/index.php?dir=AUTOS%202002/&order=asc&sort=name HTTP/1.1" 200 1813
52.25.208.208 - - [02/Nov/2023:05:48:25 -0500] "GET /BLA/resoluciones/index.php?dir=AUTOS%202002/&order=desc&sort=size HTTP/1.1" 200 1812
52.25.208.208 - - [02/Nov/2023:05:48:27 -0500] "GET /BLA/resoluciones/index.php?dir=AUTOS%202010/ HTTP/1.1" 200 280537
52.25.208.208 - - [02/Nov/2023:05:48:30 -0500] "GET /BLA/resoluciones/index.php?dir=AUTOS%202012/ HTTP/1.1" 200 276641
100.21.24.205 - - [02/Nov/2023:05:48:28 -0500] "GET /BLA/resoluciones/index.php?dir=AUTOS%202011/ HTTP/1.1" 200 636914
44.230.252.91 - - [02/Nov/2023:05:48:30 -0500] "GET /BLA/resoluciones/index.php?dir=AUTOS%202013/ HTTP/1.1" 200 407754
52.25.208.208 - - [02/Nov/2023:05:48:36 -0500] "GET /BLA/resoluciones/index.php?dir=AUTOS%202014/ HTTP/1.1" 200 890851
44.230.252.91 - - [02/Nov/2023:05:48:43 -0500] "GET /BLA/resoluciones/index.php?dir=&order=asc&sort=name HTTP/1.1" 200 13696
44.230.252.91 - - [02/Nov/2023:05:48:46 -0500] "GET /BLA/resoluciones/index.php?dir=&order=desc&sort=size HTTP/1.1" 200 13695
44.230.252.91 - - [02/Nov/2023:05:48:51 -0500] "GET /BLA/resoluciones/index.php?dir=Notificaciones/AUTOS%202018/&order=asc&sort=date HTTP/1.1" 200 98973
100.21.24.205 - - [02/Nov/2023:05:48:54 -0500] "GET /BLA/resoluciones/index.php?dir=Notificaciones/AUTOS%202018/&order=asc&sort=size HTTP/1.1" 200 98973
44.230.252.91 - - [02/Nov/2023:05:48:57 -0500] "GET /BLA/resoluciones/index.php?dir=Notificaciones/AUTOS%202018/&order=desc&sort=name HTTP/1.1" 200 98972
40.77.167.23 - - [02/Nov/2023:05:48:59 -0500] "GET /Publicaciones/2023EE232369.pdf HTTP/1.1" 404 228
100.21.24.205 - - [02/Nov/2023:05:48:59 -0500] "GET /BLA/resoluciones/index.php?dir=Notificaciones/AUTOS%202019/&order=asc&sort=date HTTP/1.1" 200 109638
201.245.192.253 - - [02/Nov/2023:05:49:03 -0500] "POST /forms/lservlet;jsessionid=ac16012b30d6713f62e555dc4a6f9b37b788d3af49da.e3iSbxaKaheRe3eRa38MahaQbi1ynknvrkLOlQzNp65In0 HTTP/1.1" 200 2
100.21.24.205 - - [02/Nov/2023:05:49:06 -0500] "GET /BLA/resoluciones/index.php?dir=Notificaciones/AUTOS%202019/&order=asc&sort=size HTTP/1.1" 200 109638
44.230.252.91 - - [02/Nov/2023:05:49:08 -0500] "GET /BLA/resoluciones/index.php?dir=AUTOS%202003/&order=asc&sort=name HTTP/1.1" 200 1813
52.25.208.208 - - [02/Nov/2023:05:49:09 -0500] "GET /BLA/resoluciones/index.php?dir=AUTOS%202004/&order=asc&sort=name HTTP/1.1" 200 2786
201.245.192.253 - - [02/Nov/2023:05:49:19 -0500] "POST /kwsrmcab/Wsrmcab  HTTP/1.1" 200 42090
172.22.2.4 - - [02/Nov/2023:05:47:43 -0500] "HEAD /BLA/boletinlegal/ HTTP/1.1" 200 -
216.245.221.92 - - [02/Nov/2023:05:49:34 -0500] "HEAD / HTTP/1.1" 200 -
95.108.213.241 - - [02/Nov/2023:05:49:34 -0500] "GET /robots.txt HTTP/1.1" 404 1018
213.180.203.81 - - [02/Nov/2023:05:49:35 -0500] "GET /galeria/nivo-slider/demo/images/bannercampa%C3%B1acambiodesede.jpg HTTP/1.1" 200 134156
52.25.208.208 - - [02/Nov/2023:05:49:45 -0500] "GET /BLA/resoluciones/index.php?dir=AUTOS%202004/&order=desc&sort=date HTTP/1.1" 200 2785
44.230.252.91 - - [02/Nov/2023:05:49:50 -0500] "GET /BLA/resoluciones/index.php?dir=Decretos/&order=desc&sort=size HTTP/1.1" 200 6803
100.21.24.205 - - [02/Nov/2023:05:49:52 -0500] "GET /BLA/resoluciones/index.php?dir=AUTOS%202004/&order=desc&sort=size HTTP/1.1" 200 2785
172.22.2.4 - - [02/Nov/2023:05:48:34 -0500] "GET /BLA/boletinlegal/ HTTP/1.1" 200 60634
100.21.24.205 - - [02/Nov/2023:05:50:27 -0500] "GET /BLA/resoluciones/index.php?dir=Notificaciones/AUTOS%202012/&order=asc&sort=date HTTP/1.1" 200 3092
52.25.208.208 - - [02/Nov/2023:05:50:28 -0500] "GET /BLA/resoluciones/index.php?dir=Notificaciones/AUTOS%202012/&order=asc&sort=size HTTP/1.1" 200 3092
52.25.208.208 - - [02/Nov/2023:05:50:28 -0500] "GET /BLA/resoluciones/index.php?dir=Notificaciones/AUTOS%202012/&order=desc&sort=name HTTP/1.1" 200 3091
52.25.208.208 - - [02/Nov/2023:05:50:30 -0500] "GET /BLA/resoluciones/index.php?dir=Notificaciones/AUTOS%202013/&order=asc&sort=date HTTP/1.1" 200 39422
100.21.24.205 - - [02/Nov/2023:05:50:58 -0500] "GET /BLA/resoluciones/index.php?dir=Notificaciones/AUTOS%202013/&order=asc&sort=size HTTP/1.1" 200 39422
201.245.192.253 - - [02/Nov/2023:05:51:03 -0500] "POST /forms/lservlet;jsessionid=ac16012b30d6713f62e555dc4a6f9b37b788d3af49da.e3iSbxaKaheRe3eRa38MahaQbi1ynknvrkLOlQzNp65In0 HTTP/1.1" 200 2
100.21.24.205 - - [02/Nov/2023:05:51:04 -0500] "GET /BLA/resoluciones/index.php?dir=Notificaciones/AUTOS%202013/&order=desc&sort=name HTTP/1.1" 200 39421
44.230.252.91 - - [02/Nov/2023:05:51:22 -0500] "GET /BLA/resoluciones/AUTOS%202006/AUTOS%202006%201201-1300/INDEX.DAT HTTP/1.1" 200 4000
100.21.24.205 - - [02/Nov/2023:05:51:28 -0500] "GET /BLA/resoluciones/index.php?dir=&order=desc&sort=date HTTP/1.1" 200 13695
44.230.252.91 - - [02/Nov/2023:05:51:30 -0500] "GET /BLA/resoluciones/index.php?dir=AUTOS%202005/&order=asc&sort=name HTTP/1.1" 200 2791
52.25.208.208 - - [02/Nov/2023:05:51:42 -0500] "GET /BLA/resoluciones/index.php?dir=AUTOS%202005/&order=asc&sort=size HTTP/1.1" 200 2791
52.25.208.208 - - [02/Nov/2023:05:51:45 -0500] "GET /BLA/resoluciones/AUTOS%202006/AUTOS%202006%201401%20-%201500/INDEX.DAT HTTP/1.1" 200 4000
44.230.252.91 - - [02/Nov/2023:05:51:55 -0500] "GET /BLA/resoluciones/index.php?dir=AUTOS%202003/&order=desc&sort=date HTTP/1.1" 200 1812
44.230.252.91 - - [02/Nov/2023:05:51:58 -0500] "GET /BLA/resoluciones/index.php?dir=AUTOS%202005/&order=desc&sort=date HTTP/1.1" 200 2790
44.230.252.91 - - [02/Nov/2023:05:52:02 -0500] "GET /BLA/resoluciones/index.php?dir=AUTOS%202006/AUTOS%202006%201201-1300/&order=asc&sort=date HTTP/1.1" 200 22013
100.21.24.205 - - [02/Nov/2023:05:52:06 -0500] "GET /BLA/resoluciones/index.php?dir=AUTOS%202006/AUTOS%202006%201201-1300/&order=asc&sort=size HTTP/1.1" 200 22013
52.25.208.208 - - [02/Nov/2023:05:52:08 -0500] "GET /BLA/resoluciones/index.php?dir=AUTOS%202006/AUTOS%202006%201201-1300/&order=desc&sort=name HTTP/1.1" 200 22012
100.21.24.205 - - [02/Nov/2023:05:52:10 -0500] "GET /BLA/resoluciones/index.php?dir=AUTOS%202006/AUTOS%202006%201401%20-%201500/&order=asc&sort=date HTTP/1.1" 200 13545
40.77.167.43 - - [02/Nov/2023:05:52:14 -0500] "GET /BLA/resoluciones/AUTOS%202021/4739.pdf HTTP/1.1" 304 -
100.21.24.205 - - [02/Nov/2023:05:52:26 -0500] "GET /BLA/resoluciones/index.php?dir=AUTOS%202006/AUTOS%202006%201401%20-%201500/&order=asc&sort=size HTTP/1.1" 200 13545
44.230.252.91 - - [02/Nov/2023:05:52:33 -0500] "GET /BLA/resoluciones/index.php?dir=AUTOS%202006/AUTOS%202006%201401%20-%201500/&order=desc&sort=name HTTP/1.1" 200 13544
52.25.208.208 - - [02/Nov/2023:05:52:48 -0500] "GET /BLA/resoluciones/index.php?dir=Notificaciones/AUTOS%202017/&order=asc&sort=date HTTP/1.1" 200 140025
100.21.24.205 - - [02/Nov/2023:05:52:55 -0500] "GET /BLA/resoluciones/index.php?dir=Notificaciones/AUTOS%202017/&order=asc&sort=size HTTP/1.1" 200 140025
100.21.24.205 - - [02/Nov/2023:05:52:57 -0500] "GET /BLA/resoluciones/index.php?dir=Notificaciones/AUTOS%202017/&order=desc&sort=name HTTP/1.1" 200 140024
44.230.252.91 - - [02/Nov/2023:05:53:01 -0500] "GET /BLA/resoluciones/index.php?dir=Notificaciones/AUTOS%202019/&order=desc&sort=name HTTP/1.1" 200 109637
201.245.192.253 - - [02/Nov/2023:05:53:03 -0500] "POST /forms/lservlet;jsessionid=ac16012b30d6713f62e555dc4a6f9b37b788d3af49da.e3iSbxaKaheRe3eRa38MahaQbi1ynknvrkLOlQzNp65In0 HTTP/1.1" 200 2
44.230.252.91 - - [02/Nov/2023:05:53:06 -0500] "GET /BLA/resoluciones/index.php?dir=Notificaciones/AUTOS%202020/&order=asc&sort=date HTTP/1.1" 200 119693
44.230.252.91 - - [02/Nov/2023:05:53:11 -0500] "GET /BLA/resoluciones/index.php?dir=Notificaciones/AUTOS%202020/&order=asc&sort=size HTTP/1.1" 200 119693
100.21.24.205 - - [02/Nov/2023:05:53:20 -0500] "GET /BLA/resoluciones/index.php?dir=Notificaciones/AUTOS%202020/&order=desc&sort=name HTTP/1.1" 200 119692
44.230.252.91 - - [02/Nov/2023:05:53:27 -0500] "GET /BLA/resoluciones/AUTOS%202006/AUTOS%202006%201901%20-%202000/INDEX.DAT HTTP/1.1" 200 4000
52.25.208.208 - - [02/Nov/2023:05:53:28 -0500] "GET /BLA/resoluciones/AUTOS%202006/AUTOS%202006%201601%20-%201700/INDEX.DAT HTTP/1.1" 200 4000
44.230.252.91 - - [02/Nov/2023:05:53:34 -0500] "GET /BLA/resoluciones/index.php?dir=AUTOS%202006/AUTOS%202006%201601%20-%201700/&order=asc&sort=date HTTP/1.1" 200 22248
100.21.24.205 - - [02/Nov/2023:05:53:38 -0500] "GET /BLA/resoluciones/index.php?dir=AUTOS%202006/AUTOS%202006%201601%20-%201700/&order=asc&sort=size HTTP/1.1" 200 22248
52.25.208.208 - - [02/Nov/2023:05:53:40 -0500] "GET /BLA/resoluciones/index.php?dir=AUTOS%202006/AUTOS%202006%201601%20-%201700/&order=desc&sort=name HTTP/1.1" 200 22247
44.230.252.91 - - [02/Nov/2023:05:53:41 -0500] "GET /BLA/resoluciones/index.php?dir=AUTOS%202006/AUTOS%202006%201901%20-%202000/&order=asc&sort=date HTTP/1.1" 200 22186
100.21.24.205 - - [02/Nov/2023:05:53:47 -0500] "GET /BLA/resoluciones/index.php?dir=AUTOS%202006/AUTOS%202006%201901%20-%202000/&order=asc&sort=size HTTP/1.1" 200 22186
100.21.24.205 - - [02/Nov/2023:05:53:52 -0500] "GET /BLA/resoluciones/AUTOS%202006/AUTOS%202006%201701%20-%201800/INDEX.DAT HTTP/1.1" 200 4000
44.230.252.91 - - [02/Nov/2023:05:53:55 -0500] "GET /BLA/resoluciones/AUTOS%202006/AUTOS%202006%202201%20-%202300/INDEX.DAT HTTP/1.1" 200 4000
100.21.24.205 - - [02/Nov/2023:05:54:01 -0500] "GET /BLA/resoluciones/index.php?dir=Notificaciones/REGISTROS%202022/ HTTP/1.1" 200 16832
44.230.252.91 - - [02/Nov/2023:05:54:03 -0500] "GET /BLA/resoluciones/index.php?dir=AUTOS%201997/&order=desc&sort=date HTTP/1.1" 200 2024
100.21.24.205 - - [02/Nov/2023:05:54:05 -0500] "GET /BLA/resoluciones/index.php?dir=AUTOS%202006/AUTOS%202006%201701%20-%201800/&order=asc&sort=date HTTP/1.1" 200 22247
52.25.208.208 - - [02/Nov/2023:05:54:14 -0500] "GET /BLA/resoluciones/index.php?dir=AUTOS%202006/AUTOS%202006%201701%20-%201800/&order=asc&sort=size HTTP/1.1" 200 22247
44.230.252.91 - - [02/Nov/2023:05:54:17 -0500] "GET /BLA/resoluciones/index.php?dir=AUTOS%202006/AUTOS%202006%201701%20-%201800/&order=desc&sort=name HTTP/1.1" 200 22246
201.245.192.253 - - [02/Nov/2023:05:54:18 -0500] "POST /kwsrmcab/Wsrmcab  HTTP/1.1" 200 42090
52.25.208.208 - - [02/Nov/2023:05:54:21 -0500] "GET /BLA/resoluciones/index.php?dir=AUTOS%202006/AUTOS%202006%201901%20-%202000/&order=desc&sort=name HTTP/1.1" 200 22185
100.21.24.205 - - [02/Nov/2023:05:54:23 -0500] "GET /BLA/resoluciones/index.php?dir=AUTOS%202006/AUTOS%202006%202201%20-%202300/&order=asc&sort=date HTTP/1.1" 200 22194
44.230.252.91 - - [02/Nov/2023:05:54:27 -0500] "GET /BLA/resoluciones/index.php?dir=AUTOS%202006/AUTOS%202006%202201%20-%202300/&order=asc&sort=size HTTP/1.1" 200 22194
216.245.221.92 - - [02/Nov/2023:05:54:34 -0500] "HEAD / HTTP/1.1" 200 -
100.21.24.205 - - [02/Nov/2023:05:54:49 -0500] "GET /BLA/resoluciones/index.php?dir=AUTOS%202006/AUTOS%202006%202201%20-%202300/&order=desc&sort=name HTTP/1.1" 200 22193
44.230.252.91 - - [02/Nov/2023:05:54:51 -0500] "GET /BLA/resoluciones/AUTOS%202006/AUTOS%202006%201001-1100/INDEX.DAT HTTP/1.1" 200 4000
44.230.252.91 - - [02/Nov/2023:05:54:54 -0500] "GET /BLA/resoluciones/index.php?dir=AUTOS%202006/AUTOS%202006%201001-1100/&order=asc&sort=date HTTP/1.1" 200 21966
52.25.208.208 - - [02/Nov/2023:05:55:00 -0500] "GET /BLA/resoluciones/index.php?dir=AUTOS%202006/AUTOS%202006%201001-1100/&order=asc&sort=size HTTP/1.1" 200 21966
201.245.192.253 - - [02/Nov/2023:05:55:03 -0500] "POST /forms/lservlet;jsessionid=ac16012b30d6713f62e555dc4a6f9b37b788d3af49da.e3iSbxaKaheRe3eRa38MahaQbi1ynknvrkLOlQzNp65In0 HTTP/1.1" 200 2
44.230.252.91 - - [02/Nov/2023:05:55:06 -0500] "GET /BLA/resoluciones/index.php?dir=AUTOS%202006/AUTOS%202006%201001-1100/&order=desc&sort=name HTTP/1.1" 200 21965
44.230.252.91 - - [02/Nov/2023:05:55:07 -0500] "GET /BLA/resoluciones/index.php?dir=Notificaciones/AUTOS%202022/&order=asc&sort=date HTTP/1.1" 200 166286
172.22.2.4 - - [02/Nov/2023:05:53:33 -0500] "HEAD /BLA/boletinlegal/ HTTP/1.1" 200 -
44.230.252.91 - - [02/Nov/2023:05:55:14 -0500] "GET /BLA/resoluciones/index.php?dir=Notificaciones/AUTOS%202022/&order=asc&sort=size HTTP/1.1" 200 166286
100.21.24.205 - - [02/Nov/2023:05:55:20 -0500] "GET /BLA/resoluciones/index.php?dir=AUTOS%202002/&order=desc&sort=date HTTP/1.1" 200 1812
100.21.24.205 - - [02/Nov/2023:05:55:21 -0500] "GET /BLA/resoluciones/AUTOS%202006/AUTOS%202006%202601%20-%202700/INDEX.DAT HTTP/1.1" 200 4000
52.25.208.208 - - [02/Nov/2023:05:55:27 -0500] "GET /BLA/resoluciones/index.php?dir=AUTOS%202006/AUTOS%202006%202601%20-%202700/&order=asc&sort=date HTTP/1.1" 200 22189
52.25.208.208 - - [02/Nov/2023:05:55:39 -0500] "GET /BLA/resoluciones/index.php?dir=AUTOS%202006/AUTOS%202006%202601%20-%202700/&order=asc&sort=size HTTP/1.1" 200 22189
52.25.208.208 - - [02/Nov/2023:05:55:41 -0500] "GET /BLA/resoluciones/index.php?dir=AUTOS%202006/AUTOS%202006%202601%20-%202700/&order=desc&sort=name HTTP/1.1" 200 22188
52.25.208.208 - - [02/Nov/2023:05:55:44 -0500] "GET /BLA/resoluciones/index.php?dir=Notificaciones/AUTOS%202022/&order=desc&sort=name HTTP/1.1" 200 166285
172.22.2.4 - - [02/Nov/2023:05:54:24 -0500] "GET /BLA/boletinlegal/ HTTP/1.1" 200 60634
100.21.24.205 - - [02/Nov/2023:05:56:12 -0500] "GET /BLA/resoluciones/index.php?dir=Notificaciones/AUTOS%202023/&order=asc&sort=date HTTP/1.1" 200 98540
52.25.208.208 - - [02/Nov/2023:05:56:16 -0500] "GET /BLA/resoluciones/AUTOS%202006/AUTOS%202006%202101%20-%202200/INDEX.DAT HTTP/1.1" 200 4000
100.21.24.205 - - [02/Nov/2023:05:56:16 -0500] "GET /BLA/resoluciones/index.php?dir=AUTOS%202006/AUTOS%202006%202101%20-%202200/ HTTP/1.1" 200 22204
152.203.208.0 - - [02/Nov/2023:05:56:20 -0500] "GET /sipse/faces/faces/faces/autenticacion.xhtml HTTP/1.1" 200 12727
152.203.208.0 - - [02/Nov/2023:05:56:21 -0500] "GET /sipse/css/custom_css_sg.css HTTP/1.1" 304 -
152.203.208.0 - - [02/Nov/2023:05:56:21 -0500] "GET /sipse/faces/javax.faces.resource/layout/layout.css;jsessionid=w-g726XRKr3BpVT9lPkeGPNU.undefined?ln=primefaces&v=4.0 HTTP/1.1" 200 542
152.203.208.0 - - [02/Nov/2023:05:56:21 -0500] "GET /sipse/css/custom_css_sg_prime_login.css HTTP/1.1" 304 -
152.203.208.0 - - [02/Nov/2023:05:56:21 -0500] "GET /sipse/faces/javax.faces.resource/theme.css?ln=primefaces-sipse HTTP/1.1" 304 -
152.203.208.0 - - [02/Nov/2023:05:56:21 -0500] "GET /sipse/js/disable_browser_buttons.js HTTP/1.1" 304 -
152.203.208.0 - - [02/Nov/2023:05:56:21 -0500] "GET /sipse/js/funciones.js HTTP/1.1" 304 -
152.203.208.0 - - [02/Nov/2023:05:56:21 -0500] "GET /sipse/faces/javax.faces.resource/primefaces.css;jsessionid=w-g726XRKr3BpVT9lPkeGPNU.undefined?ln=primefaces&v=4.0 HTTP/1.1" 200 53295
152.203.208.0 - - [02/Nov/2023:05:56:21 -0500] "GET /sipse/faces/javax.faces.resource/jquery/jquery.js;jsessionid=w-g726XRKr3BpVT9lPkeGPNU.undefined?ln=primefaces&v=4.0 HTTP/1.1" 200 105384
152.203.208.0 - - [02/Nov/2023:05:56:21 -0500] "GET /sipse/faces/javax.faces.resource/layout/layout.js;jsessionid=w-g726XRKr3BpVT9lPkeGPNU.undefined?ln=primefaces&v=4.0 HTTP/1.1" 200 87560
152.203.208.0 - - [02/Nov/2023:05:56:21 -0500] "GET /sipse/faces/javax.faces.resource/primefaces.js;jsessionid=w-g726XRKr3BpVT9lPkeGPNU.undefined?ln=primefaces&v=4.0 HTTP/1.1" 200 276924
152.203.208.0 - - [02/Nov/2023:05:56:21 -0500] "GET /sipse/faces/javax.faces.resource/jquery/jquery-plugins.js;jsessionid=w-g726XRKr3BpVT9lPkeGPNU.undefined?ln=primefaces&v=4.0 HTTP/1.1" 200 220526
152.203.208.0 - - [02/Nov/2023:05:56:21 -0500] "GET /sipse/css/imagen/logoSDG.png HTTP/1.1" 304 -
152.203.208.0 - - [02/Nov/2023:05:56:21 -0500] "GET /sipse/css/imagen/loginimg.png HTTP/1.1" 304 -
152.203.208.0 - - [02/Nov/2023:05:56:21 -0500] "GET /sipse/faces/javax.faces.resource/images/ui-icons_898989_256x240.png?ln=primefaces-aristo HTTP/1.1" 304 -
152.203.208.0 - - [02/Nov/2023:05:56:21 -0500] "GET /sipse/faces/faces/faces/index.xhtml HTTP/1.1" 200 677
152.203.208.0 - - [02/Nov/2023:05:56:21 -0500] "GET /sipse/faces/javax.faces.resource/theme.css?ln=primefaces-sipse HTTP/1.1" 304 -
152.203.208.0 - - [02/Nov/2023:05:56:21 -0500] "GET /sipse/faces/faces/faces/faces/autenticacion.xhtml HTTP/1.1" 200 12405
152.203.208.0 - - [02/Nov/2023:05:56:21 -0500] "GET /sipse/faces/javax.faces.resource/theme.css?ln=primefaces-sipse HTTP/1.1" 304 -
152.203.208.0 - - [02/Nov/2023:05:56:21 -0500] "GET /sipse/faces/javax.faces.resource/layout/layout.css?ln=primefaces&v=4.0 HTTP/1.1" 304 -
152.203.208.0 - - [02/Nov/2023:05:56:21 -0500] "GET /sipse/faces/javax.faces.resource/primefaces.css?ln=primefaces&v=4.0 HTTP/1.1" 304 -
152.203.208.0 - - [02/Nov/2023:05:56:21 -0500] "GET /sipse/faces/javax.faces.resource/primefaces.js?ln=primefaces&v=4.0 HTTP/1.1" 304 -
152.203.208.0 - - [02/Nov/2023:05:56:21 -0500] "GET /sipse/faces/javax.faces.resource/layout/layout.js?ln=primefaces&v=4.0 HTTP/1.1" 304 -
152.203.208.0 - - [02/Nov/2023:05:56:21 -0500] "GET /sipse/faces/javax.faces.resource/jquery/jquery-plugins.js?ln=primefaces&v=4.0 HTTP/1.1" 304 -
152.203.208.0 - - [02/Nov/2023:05:56:21 -0500] "GET /sipse/faces/javax.faces.resource/jquery/jquery.js?ln=primefaces&v=4.0 HTTP/1.1" 304 -
100.21.24.205 - - [02/Nov/2023:05:56:23 -0500] "GET /BLA/resoluciones/index.php?dir=AUTOS%202006/AUTOS%202006%202101%20-%202200/&order=asc&sort=date HTTP/1.1" 200 22204
44.230.252.91 - - [02/Nov/2023:05:56:24 -0500] "GET /BLA/resoluciones/index.php?dir=AUTOS%202006/AUTOS%202006%202101%20-%202200/&order=asc&sort=size HTTP/1.1" 200 22204
52.25.208.208 - - [02/Nov/2023:05:56:26 -0500] "GET /BLA/resoluciones/index.php?dir=AUTOS%202006/AUTOS%202006%202101%20-%202200/&order=desc&sort=name HTTP/1.1" 200 22203
44.230.252.91 - - [02/Nov/2023:05:56:33 -0500] "GET /BLA/resoluciones/index.php?dir=Notificaciones/AUTOS%202023/&order=asc&sort=size HTTP/1.1" 200 98540
100.21.24.205 - - [02/Nov/2023:05:56:32 -0500] "GET /BLA/resoluciones/index.php?dir=AUTOS%202007/&order=asc&sort=name HTTP/1.1" 200 628423
44.230.252.91 - - [02/Nov/2023:05:56:34 -0500] "GET /BLA/resoluciones/index.php?dir=Notificaciones/AUTOS%202023/&order=desc&sort=name HTTP/1.1" 200 98539
100.21.24.205 - - [02/Nov/2023:05:56:40 -0500] "GET /BLA/resoluciones/index.php?dir=Notificaciones/AUTOS%202029/&order=asc&sort=date HTTP/1.1" 200 2024
152.203.208.0 - - [02/Nov/2023:05:56:41 -0500] "POST /sipse/faces/autenticacion.xhtml HTTP/1.1" 200 2217
152.203.208.0 - - [02/Nov/2023:05:56:41 -0500] "GET /sipse/faces/javax.faces.resource/messages/messages.png?ln=primefaces&v=4.0 HTTP/1.1" 304 -
152.203.208.0 - - [02/Nov/2023:05:56:42 -0500] "GET /sipse/faces/javax.faces.resource/images/ui-icons_898989_256x240.png?ln=primefaces-aristo HTTP/1.1" 304 -
152.203.208.0 - - [02/Nov/2023:05:56:42 -0500] "POST /sipse/faces/autenticacion.xhtml HTTP/1.1" 200 16344
152.203.208.0 - - [02/Nov/2023:05:56:42 -0500] "GET /sipse/faces/javax.faces.resource/primefaces.css?ln=primefaces&v=4.0 HTTP/1.1" 304 -
152.203.208.0 - - [02/Nov/2023:05:56:42 -0500] "GET /sipse/faces/javax.faces.resource/theme.css?ln=primefaces-sipse HTTP/1.1" 304 -
152.203.208.0 - - [02/Nov/2023:05:56:42 -0500] "GET /sipse/css/custom_css_sg_prime.css HTTP/1.1" 304 -
152.203.208.0 - - [02/Nov/2023:05:56:42 -0500] "GET /sipse/faces/javax.faces.resource/layout/layout.css?ln=primefaces&v=4.0 HTTP/1.1" 304 -
152.203.208.0 - - [02/Nov/2023:05:56:42 -0500] "GET /sipse/js/jquery.min.js HTTP/1.1" 304 -
152.203.208.0 - - [02/Nov/2023:05:56:42 -0500] "GET /sipse/faces/javax.faces.resource/jquery/jquery.js?ln=primefaces&v=4.0 HTTP/1.1" 304 -
152.203.208.0 - - [02/Nov/2023:05:56:42 -0500] "GET /sipse/faces/javax.faces.resource/jquery/jquery-plugins.js?ln=primefaces&v=4.0 HTTP/1.1" 304 -
152.203.208.0 - - [02/Nov/2023:05:56:42 -0500] "GET /sipse/faces/javax.faces.resource/primefaces.js?ln=primefaces&v=4.0 HTTP/1.1" 304 -
152.203.208.0 - - [02/Nov/2023:05:56:42 -0500] "GET /sipse/faces/javax.faces.resource/layout/layout.js?ln=primefaces&v=4.0 HTTP/1.1" 304 -
152.203.208.0 - - [02/Nov/2023:05:56:42 -0500] "GET /sipse/css/imagen/contrasena.png HTTP/1.1" 404 383
152.203.208.0 - - [02/Nov/2023:05:56:42 -0500] "GET /sipse/css/v_mergente.css HTTP/1.1" 304 -
152.203.208.0 - - [02/Nov/2023:05:56:42 -0500] "GET /sipse/imagenes/cargando.gif HTTP/1.1" 304 -
152.203.208.0 - - [02/Nov/2023:05:56:42 -0500] "GET /sipse/imagenes/logoAplicacion.jpg HTTP/1.1" 304 -
52.25.208.208 - - [02/Nov/2023:05:56:45 -0500] "GET /BLA/resoluciones/index.php?dir=Notificaciones/AUTOS%202029/&order=asc&sort=size HTTP/1.1" 200 2024
152.203.208.0 - - [02/Nov/2023:05:56:46 -0500] "GET /sipse/faces/javax.faces.resource/images/ui-bg_flat_0_2d5972_40x100.png?ln=primefaces-aristo HTTP/1.1" 304 -
152.203.208.0 - - [02/Nov/2023:05:56:46 -0500] "POST /sipse/faces/bienvenido.xhtml HTTP/1.1" 200 2658
152.203.208.0 - - [02/Nov/2023:05:56:47 -0500] "POST /sipse/faces/bienvenido.xhtml HTTP/1.1" 200 64292
152.203.208.0 - - [02/Nov/2023:05:56:51 -0500] "GET /sipse/faces/javax.faces.resource/primefaces.css?ln=primefaces&v=4.0 HTTP/1.1" 304 -
152.203.208.0 - - [02/Nov/2023:05:56:51 -0500] "GET /sipse/faces/javax.faces.resource/theme.css?ln=primefaces-sipse HTTP/1.1" 304 -
152.203.208.0 - - [02/Nov/2023:05:56:51 -0500] "GET /sipse/faces/javax.faces.resource/layout/layout.css?ln=primefaces&v=4.0 HTTP/1.1" 304 -
152.203.208.0 - - [02/Nov/2023:05:56:51 -0500] "GET /sipse/faces/javax.faces.resource/jquery/jquery.js?ln=primefaces&v=4.0 HTTP/1.1" 304 -
152.203.208.0 - - [02/Nov/2023:05:56:51 -0500] "GET /sipse/faces/javax.faces.resource/jquery/jquery-plugins.js?ln=primefaces&v=4.0 HTTP/1.1" 304 -
152.203.208.0 - - [02/Nov/2023:05:56:51 -0500] "GET /sipse/faces/javax.faces.resource/primefaces.js?ln=primefaces&v=4.0 HTTP/1.1" 304 -
152.203.208.0 - - [02/Nov/2023:05:56:51 -0500] "GET /sipse/faces/javax.faces.resource/layout/layout.js?ln=primefaces&v=4.0 HTTP/1.1" 304 -
152.203.208.0 - - [02/Nov/2023:05:56:51 -0500] "POST /sipse/faces/presentacion/financiero/solicitudProceso/listarSolicitudProceso.xhtml HTTP/1.1" 200 1548
152.203.208.0 - - [02/Nov/2023:05:56:56 -0500] "POST /sipse/faces/presentacion/financiero/solicitudProceso/listarSolicitudProceso.xhtml HTTP/1.1" 200 45408
152.203.208.0 - - [02/Nov/2023:05:56:57 -0500] "POST /sipse/faces/presentacion/financiero/solicitudProceso/listarSolicitudProceso.xhtml HTTP/1.1" 200 20096
201.245.192.253 - - [02/Nov/2023:05:57:03 -0500] "POST /forms/lservlet;jsessionid=ac16012b30d6713f62e555dc4a6f9b37b788d3af49da.e3iSbxaKaheRe3eRa38MahaQbi1ynknvrkLOlQzNp65In0 HTTP/1.1" 200 2
100.21.24.205 - - [02/Nov/2023:05:57:07 -0500] "GET /BLA/resoluciones/index.php?dir=Notificaciones/AUTOS%202029/&order=desc&sort=name HTTP/1.1" 200 2023
44.230.252.91 - - [02/Nov/2023:05:57:23 -0500] "GET /BLA/resoluciones/AUTOS%202006/AUTOS%202006%202801%20-%202900/INDEX.DAT HTTP/1.1" 200 4000
100.21.24.205 - - [02/Nov/2023:05:57:25 -0500] "GET /BLA/resoluciones/index.php?dir=AUTOS%202003/&order=desc&sort=size HTTP/1.1" 200 1812
44.230.252.91 - - [02/Nov/2023:05:57:29 -0500] "GET /BLA/resoluciones/index.php?dir=AUTOS%202006/AUTOS%202006%201301-1400/ HTTP/1.1" 200 22002
100.21.24.205 - - [02/Nov/2023:05:57:32 -0500] "GET /BLA/resoluciones/index.php?dir=AUTOS%202006/AUTOS%202006%201501%20-%201600/ HTTP/1.1" 200 22232
44.230.252.91 - - [02/Nov/2023:05:57:33 -0500] "GET /BLA/resoluciones/index.php?dir=AUTOS%202006/AUTOS%202006%201801-%201900/ HTTP/1.1" 200 22159
100.21.24.205 - - [02/Nov/2023:05:57:34 -0500] "GET /BLA/resoluciones/index.php?dir=AUTOS%202006/AUTOS%202006%202001%20-%202100/ HTTP/1.1" 200 22199
100.21.24.205 - - [02/Nov/2023:05:57:36 -0500] "GET /BLA/resoluciones/index.php?dir=AUTOS%202006/AUTOS%202006%202801%20-%202900/ HTTP/1.1" 200 22229
52.25.208.208 - - [02/Nov/2023:05:57:39 -0500] "GET /BLA/resoluciones/index.php?dir=AUTOS%202006/AUTOS%202006%202801%20-%202900/&order=asc&sort=date HTTP/1.1" 200 22229
52.25.208.208 - - [02/Nov/2023:05:57:41 -0500] "GET /BLA/resoluciones/index.php?dir=AUTOS%202006/AUTOS%202006%202801%20-%202900/&order=asc&sort=size HTTP/1.1" 200 22229
44.230.252.91 - - [02/Nov/2023:05:57:45 -0500] "GET /BLA/resoluciones/index.php?dir=AUTOS%202006/AUTOS%202006%202801%20-%202900/&order=desc&sort=name HTTP/1.1" 200 22228
40.77.167.71 - - [02/Nov/2023:05:57:52 -0500] "GET /BLA/resoluciones/AUTOS%202021/5908.pdf HTTP/1.1" 304 -
66.249.66.21 - - [02/Nov/2023:05:57:58 -0500] "GET /BLA/resoluciones/Notificaciones/REGISTROS%202023/0456.pdf HTTP/1.1" 200 380435
66.249.66.21 - - [02/Nov/2023:05:57:58 -0500] "GET /robots.txt HTTP/1.1" 404 1018
44.230.252.91 - - [02/Nov/2023:05:58:01 -0500] "GET /BLA/resoluciones/index.php?dir=AUTOS%202006/AUTOS%202006%203201%20-%203300/ HTTP/1.1" 200 22209
52.25.208.208 - - [02/Nov/2023:05:58:02 -0500] "GET /BLA/resoluciones/AUTOS%202006/AUTOS%202006%202001%20-%202100/INDEX.DAT HTTP/1.1" 200 4000
52.25.208.208 - - [02/Nov/2023:05:58:03 -0500] "GET /BLA/resoluciones/index.php?dir=AUTOS%202006/AUTOS%202006%202001%20-%202100/&order=asc&sort=date HTTP/1.1" 200 22199
52.25.208.208 - - [02/Nov/2023:05:58:06 -0500] "GET /BLA/resoluciones/index.php?dir=AUTOS%202006/AUTOS%202006%202001%20-%202100/&order=asc&sort=size HTTP/1.1" 200 22199
100.21.24.205 - - [02/Nov/2023:05:58:07 -0500] "GET /BLA/resoluciones/index.php?dir=AUTOS%202006/AUTOS%202006%202001%20-%202100/&order=desc&sort=name HTTP/1.1" 200 22198
44.230.252.91 - - [02/Nov/2023:05:58:09 -0500] "GET /BLA/resoluciones/index.php?dir=AUTOS%202006/&order=asc&sort=date HTTP/1.1" 200 9681
52.25.208.208 - - [02/Nov/2023:05:58:14 -0500] "GET /BLA/resoluciones/index.php?dir=AUTOS%202006/&order=asc&sort=name HTTP/1.1" 200 9681
100.21.24.205 - - [02/Nov/2023:05:58:16 -0500] "GET /BLA/resoluciones/index.php?dir=AUTOS%202006/&order=asc&sort=size HTTP/1.1" 200 9681
100.21.24.205 - - [02/Nov/2023:05:58:18 -0500] "GET /BLA/resoluciones/AUTOS%202006/AUTOS%202006%202301%20-%202400/INDEX.DAT HTTP/1.1" 200 4000
100.21.24.205 - - [02/Nov/2023:05:58:28 -0500] "GET /BLA/resoluciones/index.php?dir=AUTOS%202006/AUTOS%202006%202301%20-%202400/&order=asc&sort=date HTTP/1.1" 200 22197
44.230.252.91 - - [02/Nov/2023:05:58:29 -0500] "GET /BLA/resoluciones/AUTOS%202006/AUTOS%202006%202401%20-%202500/INDEX.DAT HTTP/1.1" 200 4000
44.230.252.91 - - [02/Nov/2023:05:58:38 -0500] "GET /BLA/resoluciones/AUTOS%202006/AUTOS%202006%203101%20-%203200/INDEX.DAT HTTP/1.1" 200 4000
100.21.24.205 - - [02/Nov/2023:05:58:40 -0500] "GET /BLA/resoluciones/index.php?dir=AUTOS%202005/&order=desc&sort=size HTTP/1.1" 200 2790
44.230.252.91 - - [02/Nov/2023:05:58:50 -0500] "GET /BLA/resoluciones/index.php?dir=AUTOS%202006/AUTOS%202006%202301%20-%202400/&order=asc&sort=size HTTP/1.1" 200 22197
52.25.208.208 - - [02/Nov/2023:05:58:52 -0500] "GET /catalogoisis/ HTTP/1.1" 200 8575
100.21.24.205 - - [02/Nov/2023:05:58:53 -0500] "GET /BLA/resoluciones/AUTOS%202006/AUTOS%202006%201301-1400/INDEX.DAT HTTP/1.1" 200 4000
52.25.208.208 - - [02/Nov/2023:05:58:54 -0500] "GET /BLA/resoluciones/index.php?dir=AUTOS%202006/AUTOS%202006%201301-1400/&order=asc&sort=date HTTP/1.1" 200 22002
100.21.24.205 - - [02/Nov/2023:05:58:56 -0500] "GET /BLA/resoluciones/index.php?dir=AUTOS%202006/AUTOS%202006%201301-1400/&order=asc&sort=size HTTP/1.1" 200 22002
201.245.192.253 - - [02/Nov/2023:05:59:03 -0500] "POST /forms/lservlet;jsessionid=ac16012b30d6713f62e555dc4a6f9b37b788d3af49da.e3iSbxaKaheRe3eRa38MahaQbi1ynknvrkLOlQzNp65In0 HTTP/1.1" 200 2
201.245.192.253 - - [02/Nov/2023:05:59:17 -0500] "POST /kwsrmcab/Wsrmcab  HTTP/1.1" 200 42090
216.245.221.92 - - [02/Nov/2023:05:59:34 -0500] "HEAD / HTTP/1.1" 200 -
100.21.24.205 - - [02/Nov/2023:05:58:54 -0500] "GET /BLA/boletinlegal/ HTTP/1.1" 200 36811
52.25.208.208 - - [02/Nov/2023:05:59:49 -0500] "GET /BLA/resoluciones/index.php?dir=AUTOS%202006/AUTOS%202006%201301-1400/&order=desc&sort=name HTTP/1.1" 200 22001
52.25.208.208 - - [02/Nov/2023:05:59:51 -0500] "GET /BLA/resoluciones/AUTOS%202006/AUTOS%202006%201101-1200/INDEX.DAT HTTP/1.1" 200 4000
52.25.208.208 - - [02/Nov/2023:05:59:59 -0500] "GET /BLA/resoluciones/AUTOS%202006/AUTOS%202006%20901-1000/INDEX.DAT HTTP/1.1" 200 4000
52.25.208.208 - - [02/Nov/2023:06:00:01 -0500] "GET /BLA/resoluciones/AUTOS%202006/AUTOS%202006%202501%20-%202600/INDEX.DAT HTTP/1.1" 200 4000
100.21.24.205 - - [02/Nov/2023:06:00:04 -0500] "GET /BLA/resoluciones/AUTOS%202006/AUTOS%202006%202701%20-%202800/INDEX.DAT HTTP/1.1" 200 4000
44.230.252.91 - - [02/Nov/2023:06:00:34 -0500] "GET /BLA/resoluciones/index.php?dir=AUTOS%202006/AUTOS%202006%201101-1200/&order=asc&sort=date HTTP/1.1" 200 21976
52.25.208.208 - - [02/Nov/2023:06:00:54 -0500] "GET /BLA/resoluciones/AUTOS%202006/AUTOS%202006%202901%20-%203000/INDEX.DAT HTTP/1.1" 200 4000
172.22.2.4 - - [02/Nov/2023:05:59:23 -0500] "HEAD /BLA/boletinlegal/ HTTP/1.1" 200 -
201.245.192.253 - - [02/Nov/2023:06:01:03 -0500] "POST /forms/lservlet;jsessionid=ac16012b30d6713f62e555dc4a6f9b37b788d3af49da.e3iSbxaKaheRe3eRa38MahaQbi1ynknvrkLOlQzNp65In0 HTTP/1.1" 200 2
100.21.24.205 - - [02/Nov/2023:06:01:06 -0500] "GET /BLA/resoluciones/AUTOS%202006/AUTOS%202006%201801-%201900/INDEX.DAT HTTP/1.1" 200 4000
52.25.208.208 - - [02/Nov/2023:06:01:12 -0500] "GET /BLA/resoluciones/AUTOS%202006/AUTOS%202006%203201%20-%203300/INDEX.DAT HTTP/1.1" 200 4000
52.25.208.208 - - [02/Nov/2023:06:01:18 -0500] "GET /BLA/resoluciones/index.php?dir=AUTOS%202006/AUTOS%202006%201101-1200/&order=asc&sort=size HTTP/1.1" 200 21976
52.25.208.208 - - [02/Nov/2023:06:01:42 -0500] "GET /BLA/resoluciones/index.php?dir=AUTOS%202006/AUTOS%202006%201101-1200/&order=desc&sort=name HTTP/1.1" 200 21975
52.25.208.208 - - [02/Nov/2023:06:01:43 -0500] "GET /BLA/resoluciones/index.php?dir=AUTOS%202006/AUTOS%202006%201501%20-%201600/&order=asc&sort=name HTTP/1.1" 200 22232
100.21.24.205 - - [02/Nov/2023:06:01:47 -0500] "GET /BLA/resoluciones/index.php?dir=AUTOS%202006/AUTOS%202006%201501%20-%201600/&order=desc&sort=date HTTP/1.1" 200 22231
44.230.252.91 - - [02/Nov/2023:06:01:48 -0500] "GET /BLA/resoluciones/index.php?dir=AUTOS%202006/AUTOS%202006%201801-%201900/&order=asc&sort=date HTTP/1.1" 200 22159
52.25.208.208 - - [02/Nov/2023:06:01:50 -0500] "GET /BLA/resoluciones/index.php?dir=AUTOS%202006/AUTOS%202006%201801-%201900/&order=asc&sort=size HTTP/1.1" 200 22159
172.22.2.4 - - [02/Nov/2023:06:00:14 -0500] "GET /BLA/boletinlegal/ HTTP/1.1" 200 58294
100.21.24.205 - - [02/Nov/2023:06:01:59 -0500] "GET /BLA/resoluciones/index.php?dir=AUTOS%202016/&order=asc&sort=date HTTP/1.1" 200 331625
44.230.252.91 - - [02/Nov/2023:06:02:03 -0500] "GET /BLA/resoluciones/index.php?dir=AUTOS%202016/&order=asc&sort=name HTTP/1.1" 200 331625
44.230.252.91 - - [02/Nov/2023:06:02:10 -0500] "GET /BLA/resoluciones/index.php?dir=AUTOS%202016/&order=desc&sort=size HTTP/1.1" 200 331624
100.21.24.205 - - [02/Nov/2023:06:02:15 -0500] "GET /BLA/resoluciones/index.php?dir=AUTOS%202006/AUTOS%202006%201801-%201900/&order=desc&sort=name HTTP/1.1" 200 22158
100.21.24.205 - - [02/Nov/2023:06:02:16 -0500] "GET /BLA/resoluciones/index.php?dir=AUTOS%202006/AUTOS%202006%202301%20-%202400/&order=desc&sort=name HTTP/1.1" 200 22196
100.21.24.205 - - [02/Nov/2023:06:02:19 -0500] "GET /BLA/resoluciones/index.php?dir=AUTOS%202006/AUTOS%202006%202401%20-%202500/&order=asc&sort=date HTTP/1.1" 200 22199
44.230.252.91 - - [02/Nov/2023:06:02:22 -0500] "GET /BLA/resoluciones/index.php?dir=AUTOS%202006/AUTOS%202006%202401%20-%202500/&order=asc&sort=size HTTP/1.1" 200 22199
44.230.252.91 - - [02/Nov/2023:06:02:29 -0500] "GET /BLA/resoluciones/index.php?dir=AUTOS%202006/AUTOS%202006%202401%20-%202500/&order=desc&sort=name HTTP/1.1" 200 22198
52.25.208.208 - - [02/Nov/2023:06:02:34 -0500] "GET /BLA/resoluciones/index.php?dir=AUTOS%202006/AUTOS%202006%202501%20-%202600/&order=asc&sort=date HTTP/1.1" 200 22209
52.25.208.208 - - [02/Nov/2023:06:02:37 -0500] "GET /BLA/resoluciones/index.php?dir=AUTOS%202006/AUTOS%202006%202501%20-%202600/&order=asc&sort=size HTTP/1.1" 200 22209
100.21.24.205 - - [02/Nov/2023:06:02:38 -0500] "GET /BLA/resoluciones/index.php?dir=AUTOS%202006/AUTOS%202006%202501%20-%202600/&order=desc&sort=name HTTP/1.1" 200 22208
44.230.252.91 - - [02/Nov/2023:06:02:42 -0500] "GET /BLA/resoluciones/index.php?dir=AUTOS%202006/AUTOS%202006%202701%20-%202800/&order=asc&sort=date HTTP/1.1" 200 22410
52.25.208.208 - - [02/Nov/2023:06:02:43 -0500] "GET /BLA/resoluciones/index.php?dir=AUTOS%202006/AUTOS%202006%202701%20-%202800/&order=asc&sort=size HTTP/1.1" 200 22410
100.21.24.205 - - [02/Nov/2023:06:03:01 -0500] "GET /BLA/resoluciones/index.php?dir=AUTOS%202006/AUTOS%202006%202701%20-%202800/&order=desc&sort=name HTTP/1.1" 200 22409
44.230.252.91 - - [02/Nov/2023:06:03:02 -0500] "GET /BLA/resoluciones/index.php?dir=AUTOS%202006/AUTOS%202006%202901%20-%203000/&order=asc&sort=date HTTP/1.1" 200 22191
201.245.192.253 - - [02/Nov/2023:06:03:03 -0500] "POST /forms/lservlet;jsessionid=ac16012b30d6713f62e555dc4a6f9b37b788d3af49da.e3iSbxaKaheRe3eRa38MahaQbi1ynknvrkLOlQzNp65In0 HTTP/1.1" 200 2
173.252.111.7 - - [02/Nov/2023:06:03:04 -0500] "GET /images/cuerpos%20de%20agua%20en%20humedales-19-10.jpg HTTP/1.1" 200 73528
44.230.252.91 - - [02/Nov/2023:06:03:11 -0500] "GET /BLA/resoluciones/index.php?dir=AUTOS%202006/AUTOS%202006%202901%20-%203000/&order=asc&sort=size HTTP/1.1" 200 22191
52.25.208.208 - - [02/Nov/2023:06:03:12 -0500] "GET /BLA/resoluciones/index.php?dir=AUTOS%202006/AUTOS%202006%202901%20-%203000/&order=desc&sort=name HTTP/1.1" 200 22190
52.25.208.208 - - [02/Nov/2023:06:03:17 -0500] "GET /BLA/resoluciones/index.php?dir=AUTOS%202006/AUTOS%202006%203101%20-%203200/&order=asc&sort=date HTTP/1.1" 200 22189
100.21.24.205 - - [02/Nov/2023:06:03:21 -0500] "GET /BLA/resoluciones/index.php?dir=AUTOS%202006/AUTOS%202006%203101%20-%203200/&order=asc&sort=size HTTP/1.1" 200 22189
52.25.208.208 - - [02/Nov/2023:06:03:23 -0500] "GET /BLA/resoluciones/index.php?dir=AUTOS%202006/AUTOS%202006%203101%20-%203200/&order=desc&sort=name HTTP/1.1" 200 22188
44.230.252.91 - - [02/Nov/2023:06:03:26 -0500] "GET /BLA/resoluciones/index.php?dir=AUTOS%202006/AUTOS%202006%203201%20-%203300/&order=asc&sort=size HTTP/1.1" 200 22209
100.21.24.205 - - [02/Nov/2023:06:03:25 -0500] "GET /BLA/resoluciones/index.php?dir=AUTOS%202006/AUTOS%202006%203201%20-%203300/&order=asc&sort=date HTTP/1.1" 200 22209
100.21.24.205 - - [02/Nov/2023:06:03:27 -0500] "GET /BLA/resoluciones/index.php?dir=AUTOS%202006/AUTOS%202006%203201%20-%203300/&order=desc&sort=name HTTP/1.1" 200 22208
44.230.252.91 - - [02/Nov/2023:06:03:27 -0500] "GET /BLA/resoluciones/index.php?dir=AUTOS%202006/AUTOS%202006%20901-1000/&order=asc&sort=date HTTP/1.1" 200 21877
44.230.252.91 - - [02/Nov/2023:06:03:29 -0500] "GET /BLA/resoluciones/index.php?dir=AUTOS%202006/AUTOS%202006%20901-1000/&order=asc&sort=size HTTP/1.1" 200 21877
52.167.144.191 - - [02/Nov/2023:06:03:33 -0500] "GET /BLA/resoluciones/RESOLUCIONES%202021/2895.pdf HTTP/1.1" 200 391196
52.25.208.208 - - [02/Nov/2023:06:03:35 -0500] "GET /BLA/resoluciones/index.php?dir=AUTOS%202006/AUTOS%202006%20901-1000/&order=desc&sort=name HTTP/1.1" 200 21876
100.21.24.205 - - [02/Nov/2023:06:03:38 -0500] "GET /BLA/resoluciones/index.php?dir=AUTOS%202006/&order=desc&sort=date HTTP/1.1" 200 9680
44.230.252.91 - - [02/Nov/2023:06:03:40 -0500] "GET /BLA/resoluciones/index.php?dir=AUTOS%202007/&order=desc&sort=size HTTP/1.1" 200 628422
52.25.208.208 - - [02/Nov/2023:06:03:44 -0500] "GET /BLA/resoluciones/index.php?dir=AUTOS%202008/&order=desc&sort=size HTTP/1.1" 200 569643
100.21.24.205 - - [02/Nov/2023:06:03:48 -0500] "GET /BLA/resoluciones/index.php?dir=AUTOS%202009/&order=asc&sort=name HTTP/1.1" 200 399860
52.25.208.208 - - [02/Nov/2023:06:04:05 -0500] "GET /BLA/resoluciones/index.php?dir=AUTOS%202006/AUTOS%202006%201501%20-%201600/&order=desc&sort=size HTTP/1.1" 200 22231
100.21.24.205 - - [02/Nov/2023:06:04:05 -0500] "GET /BLA/resoluciones/index.php?dir=AUTOS%202009/&order=desc&sort=size HTTP/1.1" 200 399859
44.230.252.91 - - [02/Nov/2023:06:04:09 -0500] "GET /BLA/resoluciones/index.php?dir=AUTOS%202010/&order=desc&sort=date HTTP/1.1" 200 280536
100.21.24.205 - - [02/Nov/2023:06:04:08 -0500] "GET /BLA/resoluciones/index.php?dir=AUTOS%202010/&order=asc&sort=name HTTP/1.1" 200 280537
52.25.208.208 - - [02/Nov/2023:06:04:12 -0500] "GET /BLA/resoluciones/index.php?dir=AUTOS%202010/&order=desc&sort=size HTTP/1.1" 200 280536
44.230.252.91 - - [02/Nov/2023:06:04:15 -0500] "GET /BLA/resoluciones/index.php?dir=AUTOS%202012/&order=asc&sort=name HTTP/1.1" 200 276641
201.245.192.253 - - [02/Nov/2023:06:04:16 -0500] "POST /kwsrmcab/Wsrmcab  HTTP/1.1" 200 42090
52.25.208.208 - - [02/Nov/2023:06:04:26 -0500] "GET /BLA/resoluciones/index.php?dir=AUTOS%202012/&order=desc&sort=date HTTP/1.1" 200 276640
216.245.221.92 - - [02/Nov/2023:06:04:34 -0500] "HEAD / HTTP/1.1" 200 -
44.230.252.91 - - [02/Nov/2023:06:04:46 -0500] "GET /BLA/resoluciones/index.php?dir=AUTOS%202006/&order=desc&sort=size HTTP/1.1" 200 9680
44.230.252.91 - - [02/Nov/2023:06:04:51 -0500] "GET /BLA/resoluciones/AUTOS%202006/AUTOS%202006%203301%20-%203418/INDEX.DAT HTTP/1.1" 200 4720
52.25.208.208 - - [02/Nov/2023:06:04:56 -0500] "GET /BLA/resoluciones/index.php?dir=AUTOS%202006/AUTOS%202006%203301%20-%203418/&order=asc&sort=date HTTP/1.1" 200 25807
52.25.208.208 - - [02/Nov/2023:06:04:59 -0500] "GET /BLA/resoluciones/index.php?dir=AUTOS%202006/AUTOS%202006%203301%20-%203418/&order=asc&sort=size HTTP/1.1" 200 25807
100.21.24.205 - - [02/Nov/2023:06:05:03 -0500] "GET /BLA/resoluciones/index.php?dir=AUTOS%202006/AUTOS%202006%203301%20-%203418/&order=desc&sort=name HTTP/1.1" 200 25806
201.245.192.253 - - [02/Nov/2023:06:05:03 -0500] "POST /forms/lservlet;jsessionid=ac16012b30d6713f62e555dc4a6f9b37b788d3af49da.e3iSbxaKaheRe3eRa38MahaQbi1ynknvrkLOlQzNp65In0 HTTP/1.1" 200 2
44.230.252.91 - - [02/Nov/2023:06:05:11 -0500] "GET /BLA/resoluciones/index.php?dir=AUTOS%202007/&order=desc&sort=date HTTP/1.1" 200 628422
52.25.208.208 - - [02/Nov/2023:06:05:13 -0500] "GET /BLA/resoluciones/index.php?dir=AUTOS%202011/&order=asc&sort=name HTTP/1.1" 200 636914
52.25.208.208 - - [02/Nov/2023:06:05:14 -0500] "GET /BLA/resoluciones/index.php?dir=AUTOS%202011/&order=desc&sort=date HTTP/1.1" 200 636913
44.230.252.91 - - [02/Nov/2023:06:05:17 -0500] "GET /BLA/resoluciones/index.php?dir=AUTOS%202012/&order=desc&sort=size HTTP/1.1" 200 276640
100.21.24.205 - - [02/Nov/2023:06:05:16 -0500] "GET /BLA/resoluciones/index.php?dir=AUTOS%202013/&order=asc&sort=name HTTP/1.1" 200 407754
52.25.208.208 - - [02/Nov/2023:06:05:18 -0500] "GET /BLA/resoluciones/index.php?dir=AUTOS%202017/&order=asc&sort=date HTTP/1.1" 200 483318
52.25.208.208 - - [02/Nov/2023:06:05:19 -0500] "GET /BLA/resoluciones/index.php?dir=AUTOS%202017/&order=asc&sort=name HTTP/1.1" 200 483318
100.21.24.205 - - [02/Nov/2023:06:05:18 -0500] "GET /BLA/resoluciones/index.php?dir=AUTOS%202013/&order=desc&sort=date HTTP/1.1" 200 407753
44.230.252.91 - - [02/Nov/2023:06:05:25 -0500] "GET /BLA/resoluciones/index.php?dir=AUTOS%202017/&order=desc&sort=size HTTP/1.1" 200 483317
52.25.208.208 - - [02/Nov/2023:06:05:27 -0500] "GET /BLA/resoluciones/index.php?dir=AUTOS%202019/&order=asc&sort=name HTTP/1.1" 200 390105
44.230.252.91 - - [02/Nov/2023:06:05:32 -0500] "GET /BLA/resoluciones/index.php?dir=Notificaciones/AUTOS%202202/&order=asc&sort=date HTTP/1.1" 200 2022
66.249.66.168 - - [02/Nov/2023:06:05:33 -0500] "GET /portaldeninos/2021/07/01/en-fotos-conoce-algunos-de-los-lugares-mas-biodiversos-de-bogota/ HTTP/1.1" 200 100987
44.230.252.91 - - [02/Nov/2023:06:05:35 -0500] "GET /BLA/resoluciones/index.php?dir=Notificaciones/AUTOS%202202/&order=asc&sort=size HTTP/1.1" 200 2022
66.249.66.168 - - [02/Nov/2023:06:05:35 -0500] "GET /portaldeninos/wp-content/plugins/google-analytics-for-wordpress/assets/js/frontend-gtag.min.js?ver=8.5.0 HTTP/1.1" 200 11801
44.230.252.91 - - [02/Nov/2023:06:05:40 -0500] "GET /BLA/resoluciones/index.php?dir=Notificaciones/AUTOS%202202/&order=desc&sort=name HTTP/1.1" 200 2021
44.230.252.91 - - [02/Nov/2023:06:05:40 -0500] "GET /BLA/resoluciones/index.php?dir=Notificaciones/REGISTROS%200216/&order=asc&sort=date HTTP/1.1" 200 2241
52.25.208.208 - - [02/Nov/2023:06:05:44 -0500] "GET /BLA/resoluciones/index.php?dir=Notificaciones/REGISTROS%200216/&order=asc&sort=size HTTP/1.1" 200 2241
100.21.24.205 - - [02/Nov/2023:06:05:46 -0500] "GET /BLA/resoluciones/index.php?dir=Notificaciones/REGISTROS%200216/&order=desc&sort=name HTTP/1.1" 200 2240
44.230.252.91 - - [02/Nov/2023:06:05:49 -0500] "GET /BLA/resoluciones/index.php?dir=Notificaciones/REGISTROS%200218/&order=asc&sort=date HTTP/1.1" 200 1871
100.21.24.205 - - [02/Nov/2023:06:05:50 -0500] "GET /BLA/resoluciones/index.php?dir=Notificaciones/REGISTROS%200218/&order=asc&sort=size HTTP/1.1" 200 1871
52.25.208.208 - - [02/Nov/2023:06:05:53 -0500] "GET /BLA/resoluciones/index.php?dir=Notificaciones/REGISTROS%200218/&order=desc&sort=name HTTP/1.1" 200 1870
52.25.208.208 - - [02/Nov/2023:06:05:57 -0500] "GET /BLA/resoluciones/index.php?dir=Notificaciones/REGISTROS%202013/&order=asc&sort=size HTTP/1.1" 200 2053
52.25.208.208 - - [02/Nov/2023:06:05:58 -0500] "GET /BLA/resoluciones/index.php?dir=Notificaciones/REGISTROS%202013/&order=desc&sort=name HTTP/1.1" 200 2052
44.230.252.91 - - [02/Nov/2023:06:05:59 -0500] "GET /BLA/resoluciones/index.php?dir=Notificaciones/REGISTROS%202014/&order=asc&sort=date HTTP/1.1" 200 15754
52.25.208.208 - - [02/Nov/2023:06:06:00 -0500] "GET /BLA/resoluciones/index.php?dir=Notificaciones/REGISTROS%202014/&order=asc&sort=size HTTP/1.1" 200 15754
44.230.252.91 - - [02/Nov/2023:06:06:06 -0500] "GET /BLA/resoluciones/index.php?dir=Notificaciones/REGISTROS%202014/&order=desc&sort=name HTTP/1.1" 200 15753
52.25.208.208 - - [02/Nov/2023:06:06:07 -0500] "GET /BLA/resoluciones/index.php?dir=Notificaciones/REGISTROS%202015/&order=asc&sort=date HTTP/1.1" 200 19557
52.25.208.208 - - [02/Nov/2023:06:06:10 -0500] "GET /BLA/resoluciones/index.php?dir=Notificaciones/REGISTROS%202015/&order=asc&sort=size HTTP/1.1" 200 19557
44.230.252.91 - - [02/Nov/2023:06:06:12 -0500] "GET /BLA/resoluciones/index.php?dir=AUTOS%202009/&order=desc&sort=date HTTP/1.1" 200 399859
52.25.208.208 - - [02/Nov/2023:06:06:28 -0500] "GET /BLA/resoluciones/index.php?dir=Notificaciones/REGISTROS%202015/&order=desc&sort=name HTTP/1.1" 200 19556
52.25.208.208 - - [02/Nov/2023:06:06:41 -0500] "GET /BLA/resoluciones/index.php?dir=AUTOS%202015/&order=asc&sort=name HTTP/1.1" 200 584331
52.25.208.208 - - [02/Nov/2023:06:06:43 -0500] "GET /BLA/resoluciones/index.php?dir=AUTOS%202015/&order=desc&sort=size HTTP/1.1" 200 584330
44.230.252.91 - - [02/Nov/2023:06:06:45 -0500] "GET /BLA/resoluciones/index.php?dir=Notificaciones/REGISTROS%202016/&order=asc&sort=date HTTP/1.1" 200 17179
100.21.24.205 - - [02/Nov/2023:06:06:50 -0500] "GET /BLA/resoluciones/index.php?dir=Notificaciones/REGISTROS%202016/&order=asc&sort=size HTTP/1.1" 200 17179
52.25.208.208 - - [02/Nov/2023:06:06:49 -0500] "GET /BLA/resoluciones/index.php?dir=AUTOS%202013/&order=desc&sort=size HTTP/1.1" 200 407753
172.22.2.4 - - [02/Nov/2023:06:05:13 -0500] "HEAD /BLA/boletinlegal/ HTTP/1.1" 200 -
100.21.24.205 - - [02/Nov/2023:06:06:54 -0500] "GET /BLA/resoluciones/index.php?dir=Notificaciones/REGISTROS%202016/&order=desc&sort=name HTTP/1.1" 200 17178
44.230.252.91 - - [02/Nov/2023:06:06:58 -0500] "GET /BLA/resoluciones/index.php?dir=Notificaciones/REGISTROS%202017/&order=asc&sort=date HTTP/1.1" 200 9178
201.245.192.253 - - [02/Nov/2023:06:07:03 -0500] "POST /forms/lservlet;jsessionid=ac16012b30d6713f62e555dc4a6f9b37b788d3af49da.e3iSbxaKaheRe3eRa38MahaQbi1ynknvrkLOlQzNp65In0 HTTP/1.1" 200 2
52.25.208.208 - - [02/Nov/2023:06:07:04 -0500] "GET /BLA/resoluciones/index.php?dir=AUTOS%202021/&order=asc&sort=name HTTP/1.1" 200 398874
44.230.252.91 - - [02/Nov/2023:06:07:06 -0500] "GET /BLA/resoluciones/index.php?dir=AUTOS%202021/&order=desc&sort=size HTTP/1.1" 200 398873
44.230.252.91 - - [02/Nov/2023:06:07:09 -0500] "GET /BLA/resoluciones/index.php?dir=Notificaciones/REGISTROS%202017/&order=asc&sort=size HTTP/1.1" 200 9178
100.21.24.205 - - [02/Nov/2023:06:07:15 -0500] "GET /BLA/resoluciones/index.php?dir=Notificaciones/REGISTROS%202017/&order=desc&sort=name HTTP/1.1" 200 9177
