201.245.192.253 - - [03/Nov/2023:10:25:03 -0500] "GET /sipse/faces/javax.faces.resource/dynamiccontent.properties?ln=primefaces&pfdrid=XjOR5%2F%2FfPAZAuY9TpWQeCiM0BhlXxYRBGKi%2FQcXXfeA%3D&pfdrid_c=false HTTP/1.1" 500 383
201.245.192.253 - - [03/Nov/2023:10:25:07 -0500] "POST /forms/lservlet;jsessionid=ac16012b30d67398b24510264f55a2d4c5826150a17a.e3iSbxaKaheRe3eRa38MahaQbi1ynknvrkLOlQzNp65In0 HTTP/1.1" 200 21
201.245.192.253 - - [03/Nov/2023:10:25:08 -0500] "POST /sipse/faces/presentacion/financiero/solicitudProceso/consultarSolicitudProceso.xhtml HTTP/1.1" 200 158355
52.25.208.208 - - [03/Nov/2023:10:25:09 -0500] "GET /BLA/resoluciones/index.php?dir=RESOLUCIONES%202006/RES%202006%201201-1250/ HTTP/1.1" 200 12346
172.22.2.4 - - [03/Nov/2023:10:23:30 -0500] "HEAD /BLA/boletinlegal/ HTTP/1.1" 200 -
201.245.192.253 - - [03/Nov/2023:10:25:12 -0500] "POST /forms/lservlet;jsessionid=ac16012b30d67398b24510264f55a2d4c5826150a17a.e3iSbxaKaheRe3eRa38MahaQbi1ynknvrkLOlQzNp65In0 HTTP/1.1" 200 21
201.245.192.253 - - [03/Nov/2023:10:25:15 -0500] "POST /forms/lservlet;jsessionid=ac16012b30d67398b24510264f55a2d4c5826150a17a.e3iSbxaKaheRe3eRa38MahaQbi1ynknvrkLOlQzNp65In0 HTTP/1.1" 200 78
201.245.192.253 - - [03/Nov/2023:10:25:15 -0500] "POST /forms/lservlet;jsessionid=ac16012b30d67398b24510264f55a2d4c5826150a17a.e3iSbxaKaheRe3eRa38MahaQbi1ynknvrkLOlQzNp65In0 HTTP/1.1" 200 74
201.245.192.253 - - [03/Nov/2023:10:25:15 -0500] "POST /forms/lservlet;jsessionid=ac16012b30d67398b24510264f55a2d4c5826150a17a.e3iSbxaKaheRe3eRa38MahaQbi1ynknvrkLOlQzNp65In0 HTTP/1.1" 200 63
201.245.192.253 - - [03/Nov/2023:10:25:15 -0500] "POST /sipse/faces/presentacion/financiero/solicitudProceso/consultarSolicitudProceso.xhtml HTTP/1.1" 200 61927
201.245.192.253 - - [03/Nov/2023:10:25:17 -0500] "GET /sipse/faces/javax.faces.resource/jquery/jquery.js?ln=primefaces&v=4.0 HTTP/1.1" 304 -
201.245.192.253 - - [03/Nov/2023:10:25:17 -0500] "GET /sipse/faces/javax.faces.resource/jquery/jquery-plugins.js?ln=primefaces&v=4.0 HTTP/1.1" 304 -
201.245.192.253 - - [03/Nov/2023:10:25:17 -0500] "GET /sipse/faces/javax.faces.resource/primefaces.js?ln=primefaces&v=4.0 HTTP/1.1" 304 -
201.245.192.253 - - [03/Nov/2023:10:25:17 -0500] "GET /sipse/faces/javax.faces.resource/layout/layout.js?ln=primefaces&v=4.0 HTTP/1.1" 304 -
201.245.192.253 - - [03/Nov/2023:10:25:17 -0500] "POST /sipse/faces/presentacion/financiero/solicitudProceso/listarSolicitudProceso.xhtml HTTP/1.1" 200 1548
201.245.192.253 - - [03/Nov/2023:10:25:19 -0500] "POST /forms/lservlet;jsessionid=ac16012b30d67398b24510264f55a2d4c5826150a17a.e3iSbxaKaheRe3eRa38MahaQbi1ynknvrkLOlQzNp65In0 HTTP/1.1" 200 54
201.245.192.253 - - [03/Nov/2023:10:25:20 -0500] "POST /sipse/faces/presentacion/financiero/solicitudProceso/listarSolicitudProceso.xhtml HTTP/1.1" 200 126187
201.245.192.253 - - [03/Nov/2023:10:25:21 -0500] "GET /sipse/faces/javax.faces.resource/jquery/jquery.js?ln=primefaces&v=4.0 HTTP/1.1" 304 -
201.245.192.253 - - [03/Nov/2023:10:25:21 -0500] "GET /sipse/faces/javax.faces.resource/jquery/jquery-plugins.js?ln=primefaces&v=4.0 HTTP/1.1" 304 -
201.245.192.253 - - [03/Nov/2023:10:25:21 -0500] "GET /sipse/faces/javax.faces.resource/primefaces.js?ln=primefaces&v=4.0 HTTP/1.1" 304 -
201.245.192.253 - - [03/Nov/2023:10:25:21 -0500] "GET /sipse/faces/javax.faces.resource/layout/layout.js?ln=primefaces&v=4.0 HTTP/1.1" 304 -
201.245.192.253 - - [03/Nov/2023:10:25:21 -0500] "GET /sipse/faces/javax.faces.resource/dynamiccontent.properties?ln=primefaces&pfdrid=XjOR5%2F%2FfPAZAuY9TpWQeCiM0BhlXxYRBGKi%2FQcXXfeA%3D&pfdrid_c=false HTTP/1.1" 500 383
100.21.24.205 - - [03/Nov/2023:10:25:24 -0500] "GET /BLA/resoluciones/index.php?dir=RESOLUCIONES%202006/RES%202006%201251-1300/ HTTP/1.1" 200 12368
100.21.24.205 - - [03/Nov/2023:10:25:28 -0500] "GET /BLA/resoluciones/index.php?dir=RESOLUCIONES%202006/RES%202006%201301-1350/ HTTP/1.1" 200 12365
201.245.192.253 - - [03/Nov/2023:10:25:27 -0500] "POST /sipse/faces/presentacion/financiero/solicitudProceso/consultarSolicitudProceso.xhtml HTTP/1.1" 200 61775
201.245.192.253 - - [03/Nov/2023:10:25:29 -0500] "GET /sipse/faces/javax.faces.resource/jquery/jquery.js?ln=primefaces&v=4.0 HTTP/1.1" 304 -
201.245.192.253 - - [03/Nov/2023:10:25:29 -0500] "GET /sipse/faces/javax.faces.resource/jquery/jquery-plugins.js?ln=primefaces&v=4.0 HTTP/1.1" 304 -
201.245.192.253 - - [03/Nov/2023:10:25:29 -0500] "GET /sipse/faces/javax.faces.resource/primefaces.js?ln=primefaces&v=4.0 HTTP/1.1" 304 -
201.245.192.253 - - [03/Nov/2023:10:25:29 -0500] "GET /sipse/faces/javax.faces.resource/layout/layout.js?ln=primefaces&v=4.0 HTTP/1.1" 304 -
201.245.192.253 - - [03/Nov/2023:10:25:29 -0500] "POST /sipse/faces/presentacion/financiero/solicitudProceso/listarSolicitudProceso.xhtml HTTP/1.1" 200 1548
201.245.192.253 - - [03/Nov/2023:10:25:27 -0500] "POST /kwsrmcab/Wsrmcab  HTTP/1.1" 200 42686
52.167.144.145 - - [03/Nov/2023:10:25:38 -0500] "GET /BLA/resoluciones/RESOLUCIONES%202022/4873.pdf HTTP/1.1" 304 -
52.25.208.208 - - [03/Nov/2023:10:25:38 -0500] "GET /BLA/resoluciones/index.php?dir=RESOLUCIONES%202006/RES%202006%201351-1400/ HTTP/1.1" 200 12367
201.245.192.253 - - [03/Nov/2023:10:25:39 -0500] "POST /forms/lservlet;jsessionid=ac16012b30d6b14c8f46b725431e8887c639ff4d95f3.e3iSbxaKaheRe3eRa38MahaQbi1ynknvrkLOlQzNp65In0 HTTP/1.1" 200 2
201.245.192.253 - - [03/Nov/2023:10:25:40 -0500] "POST /sipse/faces/presentacion/financiero/solicitudProceso/listarSolicitudProceso.xhtml HTTP/1.1" 200 146318
201.245.192.253 - - [03/Nov/2023:10:25:41 -0500] "GET /sipse/faces/javax.faces.resource/jquery/jquery.js?ln=primefaces&v=4.0 HTTP/1.1" 304 -
201.245.192.253 - - [03/Nov/2023:10:25:41 -0500] "GET /sipse/faces/javax.faces.resource/jquery/jquery-plugins.js?ln=primefaces&v=4.0 HTTP/1.1" 304 -
201.245.192.253 - - [03/Nov/2023:10:25:41 -0500] "GET /sipse/faces/javax.faces.resource/primefaces.js?ln=primefaces&v=4.0 HTTP/1.1" 304 -
201.245.192.253 - - [03/Nov/2023:10:25:41 -0500] "GET /sipse/faces/javax.faces.resource/layout/layout.js?ln=primefaces&v=4.0 HTTP/1.1" 304 -
201.245.192.253 - - [03/Nov/2023:10:25:41 -0500] "GET /sipse/faces/javax.faces.resource/dynamiccontent.properties?ln=primefaces&pfdrid=XjOR5%2F%2FfPAZAuY9TpWQeCiM0BhlXxYRBGKi%2FQcXXfeA%3D&pfdrid_c=false HTTP/1.1" 500 383
44.230.252.91 - - [03/Nov/2023:10:25:43 -0500] "GET /BLA/resoluciones/index.php?dir=RESOLUCIONES%202006/RES%202006%201401-1450/ HTTP/1.1" 200 12367
201.245.192.253 - - [03/Nov/2023:10:25:48 -0500] "GET /appsia/controlador HTTP/1.1" 200 4799
216.245.221.92 - - [03/Nov/2023:10:25:52 -0500] "HEAD / HTTP/1.1" 200 -
216.244.66.195 - - [03/Nov/2023:10:25:57 -0500] "GET /robots.txt HTTP/1.1" 404 1018
201.245.192.253 - - [03/Nov/2023:10:25:55 -0500] "POST /sipse/faces/presentacion/financiero/solicitudProceso/consultarSolicitudProceso.xhtml HTTP/1.1" 200 58902
201.245.192.253 - - [03/Nov/2023:10:25:58 -0500] "GET /sipse/faces/javax.faces.resource/jquery/jquery.js?ln=primefaces&v=4.0 HTTP/1.1" 304 -
201.245.192.253 - - [03/Nov/2023:10:25:58 -0500] "GET /sipse/faces/javax.faces.resource/jquery/jquery-plugins.js?ln=primefaces&v=4.0 HTTP/1.1" 304 -
201.245.192.253 - - [03/Nov/2023:10:25:58 -0500] "GET /sipse/faces/javax.faces.resource/primefaces.js?ln=primefaces&v=4.0 HTTP/1.1" 304 -
201.245.192.253 - - [03/Nov/2023:10:25:58 -0500] "GET /sipse/faces/javax.faces.resource/layout/layout.js?ln=primefaces&v=4.0 HTTP/1.1" 304 -
201.245.192.253 - - [03/Nov/2023:10:25:58 -0500] "POST /sipse/faces/presentacion/financiero/solicitudProceso/listarSolicitudProceso.xhtml HTTP/1.1" 200 1548
52.25.208.208 - - [03/Nov/2023:10:25:58 -0500] "GET /BLA/resoluciones/index.php?dir=RESOLUCIONES%202006/RES%202006%201451-1500/ HTTP/1.1" 200 12370
100.21.24.205 - - [03/Nov/2023:10:26:01 -0500] "GET /BLA/resoluciones/index.php?dir=RESOLUCIONES%202006/RES%202006%201501-1550/ HTTP/1.1" 200 12370
172.22.2.4 - - [03/Nov/2023:10:24:22 -0500] "GET /BLA/boletinlegal/ HTTP/1.1" 200 61018
201.245.192.253 - - [03/Nov/2023:10:26:06 -0500] "POST /forms/lservlet;jsessionid=ac16012b30d67398b24510264f55a2d4c5826150a17a.e3iSbxaKaheRe3eRa38MahaQbi1ynknvrkLOlQzNp65In0 HTTP/1.1" 200 2
44.230.252.91 - - [03/Nov/2023:10:26:09 -0500] "GET /BLA/resoluciones/index.php?dir=RESOLUCIONES%202006/RES%202006%20151-200/ HTTP/1.1" 200 12238
201.245.192.253 - - [03/Nov/2023:10:26:12 -0500] "POST /appsia/controlador HTTP/1.1" 200 5437
52.25.208.208 - - [03/Nov/2023:10:26:12 -0500] "GET /BLA/resoluciones/index.php?dir=RESOLUCIONES%202006/RES%202006%201551-1600/ HTTP/1.1" 200 12369
201.245.192.253 - - [03/Nov/2023:10:26:13 -0500] "POST /appsia/controlador HTTP/1.1" 200 276357
100.21.24.205 - - [03/Nov/2023:10:26:16 -0500] "GET /BLA/resoluciones/index.php?dir=RESOLUCIONES%202006/RES%202006%201601-1650/ HTTP/1.1" 200 12366
100.21.24.205 - - [03/Nov/2023:10:26:22 -0500] "GET /BLA/resoluciones/index.php?dir=RESOLUCIONES%202006/RES%202006%201651-1700/ HTTP/1.1" 200 12354
52.25.208.208 - - [03/Nov/2023:10:26:37 -0500] "GET /BLA/resoluciones/index.php?dir=RESOLUCIONES%202006/RES%202006%201701-1751/ HTTP/1.1" 200 12369
52.25.208.208 - - [03/Nov/2023:10:26:44 -0500] "GET /BLA/resoluciones/index.php?dir=RESOLUCIONES%202006/RES%202006%201751-1800/ HTTP/1.1" 200 12368
201.245.192.253 - - [03/Nov/2023:10:26:46 -0500] "POST /sipse/faces/presentacion/financiero/solicitudProceso/consultarSolicitudProceso.xhtml HTTP/1.1" 200 46658
201.245.192.253 - - [03/Nov/2023:10:26:47 -0500] "GET /sipse/faces/javax.faces.resource/theme.css?ln=primefaces-sipse HTTP/1.1" 304 -
201.245.192.253 - - [03/Nov/2023:10:26:47 -0500] "GET /sipse/faces/javax.faces.resource/primefaces.css?ln=primefaces&v=4.0 HTTP/1.1" 304 -
201.245.192.253 - - [03/Nov/2023:10:26:47 -0500] "GET /sipse/faces/javax.faces.resource/jquery/jquery-plugins.js?ln=primefaces&v=4.0 HTTP/1.1" 304 -
201.245.192.253 - - [03/Nov/2023:10:26:47 -0500] "GET /sipse/faces/javax.faces.resource/jquery/jquery.js?ln=primefaces&v=4.0 HTTP/1.1" 304 -
201.245.192.253 - - [03/Nov/2023:10:26:47 -0500] "GET /sipse/faces/javax.faces.resource/layout/layout.css?ln=primefaces&v=4.0 HTTP/1.1" 304 -
201.245.192.253 - - [03/Nov/2023:10:26:47 -0500] "GET /sipse/faces/javax.faces.resource/primefaces.js?ln=primefaces&v=4.0 HTTP/1.1" 304 -
201.245.192.253 - - [03/Nov/2023:10:26:47 -0500] "GET /sipse/faces/javax.faces.resource/layout/layout.js?ln=primefaces&v=4.0 HTTP/1.1" 304 -
201.245.192.253 - - [03/Nov/2023:10:26:47 -0500] "GET /sipse/css/imagen/contrasena.png HTTP/1.1" 404 383
191.156.178.221 - - [03/Nov/2023:10:26:49 -0500] "GET /sipse/faces/index.xhtml HTTP/1.1" 200 677
191.156.178.221 - - [03/Nov/2023:10:26:50 -0500] "GET /sipse/faces/javax.faces.resource/theme.css?ln=primefaces-sipse HTTP/1.1" 304 -
191.156.178.221 - - [03/Nov/2023:10:26:50 -0500] "GET /sipse/faces/faces/autenticacion.xhtml HTTP/1.1" 200 12406
52.25.208.208 - - [03/Nov/2023:10:26:50 -0500] "GET /BLA/resoluciones/index.php?dir=RESOLUCIONES%202006/RES%202006%201801-1850/ HTTP/1.1" 200 12357
191.156.182.223 - - [03/Nov/2023:10:26:51 -0500] "GET /sipse/css/custom_css_sg_prime_login.css HTTP/1.1" 304 -
191.156.177.156 - - [03/Nov/2023:10:26:52 -0500] "GET /sipse/faces/javax.faces.resource/theme.css?ln=primefaces-sipse HTTP/1.1" 304 -
191.156.176.63 - - [03/Nov/2023:10:26:52 -0500] "GET /sipse/faces/javax.faces.resource/layout/layout.css?ln=primefaces&v=4.0 HTTP/1.1" 304 -
191.156.182.223 - - [03/Nov/2023:10:26:52 -0500] "GET /sipse/faces/javax.faces.resource/primefaces.css?ln=primefaces&v=4.0 HTTP/1.1" 304 -
191.156.186.138 - - [03/Nov/2023:10:26:52 -0500] "GET /sipse/css/custom_css_sg.css HTTP/1.1" 304 -
44.230.252.91 - - [03/Nov/2023:10:26:52 -0500] "GET /BLA/resoluciones/index.php?dir=RESOLUCIONES%202006/RES%202006%201851-1900/ HTTP/1.1" 200 12364
191.156.177.156 - - [03/Nov/2023:10:26:53 -0500] "GET /sipse/faces/javax.faces.resource/jquery/jquery-plugins.js?ln=primefaces&v=4.0 HTTP/1.1" 304 -
191.156.176.63 - - [03/Nov/2023:10:26:53 -0500] "GET /sipse/faces/javax.faces.resource/layout/layout.js?ln=primefaces&v=4.0 HTTP/1.1" 304 -
191.156.182.223 - - [03/Nov/2023:10:26:53 -0500] "GET /sipse/faces/javax.faces.resource/primefaces.js?ln=primefaces&v=4.0 HTTP/1.1" 304 -
191.156.186.138 - - [03/Nov/2023:10:26:53 -0500] "GET /sipse/faces/javax.faces.resource/jquery/jquery.js?ln=primefaces&v=4.0 HTTP/1.1" 304 -
191.156.177.156 - - [03/Nov/2023:10:26:53 -0500] "GET /sipse/js/funciones.js HTTP/1.1" 304 -
191.156.182.223 - - [03/Nov/2023:10:26:53 -0500] "GET /sipse/js/disable_browser_buttons.js HTTP/1.1" 304 -
191.156.177.156 - - [03/Nov/2023:10:26:54 -0500] "GET /sipse/css/imagen/logoSDG.png HTTP/1.1" 304 -
191.156.182.223 - - [03/Nov/2023:10:26:54 -0500] "GET /sipse/css/imagen/loginimg.png HTTP/1.1" 304 -
191.156.186.138 - - [03/Nov/2023:10:26:54 -0500] "GET /sipse/faces/javax.faces.resource/images/ui-icons_898989_256x240.png?ln=primefaces-aristo HTTP/1.1" 304 -
100.21.24.205 - - [03/Nov/2023:10:26:55 -0500] "GET /BLA/resoluciones/index.php?dir=RESOLUCIONES%202006/RES%202006%201901-1950/ HTTP/1.1" 200 12360
100.21.24.205 - - [03/Nov/2023:10:26:56 -0500] "GET /BLA/resoluciones/index.php?dir=RESOLUCIONES%202006/RES%202006%201951-2000/ HTTP/1.1" 200 12349
191.156.186.138 - - [03/Nov/2023:10:26:57 -0500] "POST /sipse/faces/autenticacion.xhtml HTTP/1.1" 200 2219
191.156.186.138 - - [03/Nov/2023:10:26:58 -0500] "GET /sipse/faces/javax.faces.resource/messages/messages.png?ln=primefaces&v=4.0 HTTP/1.1" 304 -
191.156.186.138 - - [03/Nov/2023:10:26:58 -0500] "POST /sipse/faces/autenticacion.xhtml HTTP/1.1" 200 16345
191.156.186.138 - - [03/Nov/2023:10:26:59 -0500] "GET /sipse/css/custom_css_sg_prime.css HTTP/1.1" 304 -
191.156.182.223 - - [03/Nov/2023:10:26:59 -0500] "GET /sipse/faces/javax.faces.resource/theme.css?ln=primefaces-sipse HTTP/1.1" 304 -
191.156.178.221 - - [03/Nov/2023:10:26:59 -0500] "GET /sipse/faces/javax.faces.resource/primefaces.css?ln=primefaces&v=4.0 HTTP/1.1" 304 -
191.156.177.156 - - [03/Nov/2023:10:26:59 -0500] "GET /sipse/faces/javax.faces.resource/layout/layout.css?ln=primefaces&v=4.0 HTTP/1.1" 304 -
191.156.176.63 - - [03/Nov/2023:10:26:59 -0500] "GET /sipse/js/jquery.min.js HTTP/1.1" 304 -
100.21.24.205 - - [03/Nov/2023:10:26:58 -0500] "GET /BLA/resoluciones/index.php?dir=RESOLUCIONES%202006/RES%202006%202001-2050/ HTTP/1.1" 200 12363
191.156.176.63 - - [03/Nov/2023:10:26:59 -0500] "GET /sipse/faces/javax.faces.resource/jquery/jquery.js?ln=primefaces&v=4.0 HTTP/1.1" 304 -
191.156.176.63 - - [03/Nov/2023:10:26:59 -0500] "GET /sipse/faces/javax.faces.resource/jquery/jquery-plugins.js?ln=primefaces&v=4.0 HTTP/1.1" 304 -
191.156.176.63 - - [03/Nov/2023:10:26:59 -0500] "GET /sipse/faces/javax.faces.resource/primefaces.js?ln=primefaces&v=4.0 HTTP/1.1" 304 -
191.156.176.63 - - [03/Nov/2023:10:26:59 -0500] "GET /sipse/faces/javax.faces.resource/layout/layout.js?ln=primefaces&v=4.0 HTTP/1.1" 304 -
191.156.177.156 - - [03/Nov/2023:10:26:59 -0500] "GET /sipse/imagenes/logoAplicacion.jpg HTTP/1.1" 304 -
191.156.186.138 - - [03/Nov/2023:10:26:59 -0500] "GET /sipse/imagenes/cargando.gif HTTP/1.1" 304 -
191.156.178.221 - - [03/Nov/2023:10:26:59 -0500] "GET /sipse/css/v_mergente.css HTTP/1.1" 304 -
191.156.176.63 - - [03/Nov/2023:10:26:59 -0500] "GET /sipse/css/imagen/contrasena.png HTTP/1.1" 404 383
191.156.186.138 - - [03/Nov/2023:10:27:01 -0500] "GET /sipse/faces/javax.faces.resource/images/ui-bg_flat_0_2d5972_40x100.png?ln=primefaces-aristo HTTP/1.1" 304 -
191.156.176.63 - - [03/Nov/2023:10:27:01 -0500] "POST /sipse/faces/bienvenido.xhtml HTTP/1.1" 200 2073
191.156.186.138 - - [03/Nov/2023:10:27:01 -0500] "POST /sipse/faces/bienvenido.xhtml HTTP/1.1" 200 38972
191.156.176.63 - - [03/Nov/2023:10:27:02 -0500] "GET /sipse/faces/javax.faces.resource/primefaces.css?ln=primefaces&v=4.0 HTTP/1.1" 304 -
191.156.178.221 - - [03/Nov/2023:10:27:02 -0500] "GET /sipse/faces/javax.faces.resource/layout/layout.css?ln=primefaces&v=4.0 HTTP/1.1" 304 -
191.156.186.138 - - [03/Nov/2023:10:27:02 -0500] "GET /sipse/faces/javax.faces.resource/theme.css?ln=primefaces-sipse HTTP/1.1" 304 -
191.156.177.156 - - [03/Nov/2023:10:27:02 -0500] "GET /sipse/faces/javax.faces.resource/jquery/jquery.js?ln=primefaces&v=4.0 HTTP/1.1" 304 -
191.156.177.156 - - [03/Nov/2023:10:27:02 -0500] "GET /sipse/faces/javax.faces.resource/jquery/jquery-plugins.js?ln=primefaces&v=4.0 HTTP/1.1" 304 -
191.156.177.156 - - [03/Nov/2023:10:27:02 -0500] "GET /sipse/faces/javax.faces.resource/primefaces.js?ln=primefaces&v=4.0 HTTP/1.1" 304 -
191.156.177.156 - - [03/Nov/2023:10:27:02 -0500] "GET /sipse/faces/javax.faces.resource/layout/layout.js?ln=primefaces&v=4.0 HTTP/1.1" 304 -
191.156.177.156 - - [03/Nov/2023:10:27:07 -0500] "POST /sipse/faces/presentacion/financiero/solicitudProceso/consultar.xhtml HTTP/1.1" 200 12854
201.245.192.253 - - [03/Nov/2023:10:26:51 -0500] "POST /sipse/faces/presentacion/financiero/solicitudProceso/consultarSolicitudProceso.xhtml HTTP/1.1" 200 15776
100.21.24.205 - - [03/Nov/2023:10:27:10 -0500] "GET /BLA/resoluciones/index.php?dir=RESOLUCIONES%202006/RES%202006%20201-250/ HTTP/1.1" 200 12238
201.245.192.253 - - [03/Nov/2023:10:27:11 -0500] "GET /sipse/faces/javax.faces.resource/theme.css?ln=primefaces-sipse HTTP/1.1" 304 -
201.245.192.253 - - [03/Nov/2023:10:27:12 -0500] "GET /sipse/faces/javax.faces.resource/layout/layout.js?ln=primefaces&v=4.0 HTTP/1.1" 304 -
201.245.192.253 - - [03/Nov/2023:10:27:10 -0500] "POST /sipse/faces/presentacion/financiero/solicitudProceso/consultarSolicitudProceso.xhtml HTTP/1.1" 200 30286
201.245.192.253 - - [03/Nov/2023:10:27:12 -0500] "GET /sipse/faces/javax.faces.resource/primefaces.js?ln=primefaces&v=4.0 HTTP/1.1" 304 -
201.245.192.253 - - [03/Nov/2023:10:27:13 -0500] "GET /sipse/faces/javax.faces.resource/layout/layout.css?ln=primefaces&v=4.0 HTTP/1.1" 304 -
201.245.192.253 - - [03/Nov/2023:10:27:14 -0500] "GET /sipse/faces/javax.faces.resource/jquery/jquery-plugins.js?ln=primefaces&v=4.0 HTTP/1.1" 304 -
191.156.177.156 - - [03/Nov/2023:10:27:13 -0500] "POST /sipse/faces/presentacion/financiero/solicitudProceso/consultar.xhtml HTTP/1.1" 200 151526
191.156.177.156 - - [03/Nov/2023:10:27:15 -0500] "GET /sipse/faces/javax.faces.resource/theme.css?ln=primefaces-sipse HTTP/1.1" 304 -
191.156.186.138 - - [03/Nov/2023:10:27:15 -0500] "GET /sipse/faces/javax.faces.resource/primefaces.css?ln=primefaces&v=4.0 HTTP/1.1" 304 -
191.156.176.63 - - [03/Nov/2023:10:27:15 -0500] "GET /sipse/faces/javax.faces.resource/layout/layout.css?ln=primefaces&v=4.0 HTTP/1.1" 304 -
191.156.178.221 - - [03/Nov/2023:10:27:15 -0500] "GET /sipse/faces/javax.faces.resource/jquery/jquery.js?ln=primefaces&v=4.0 HTTP/1.1" 304 -
191.156.178.221 - - [03/Nov/2023:10:27:15 -0500] "GET /sipse/faces/javax.faces.resource/jquery/jquery-plugins.js?ln=primefaces&v=4.0 HTTP/1.1" 304 -
191.156.178.221 - - [03/Nov/2023:10:27:15 -0500] "GET /sipse/faces/javax.faces.resource/primefaces.js?ln=primefaces&v=4.0 HTTP/1.1" 304 -
191.156.178.221 - - [03/Nov/2023:10:27:15 -0500] "GET /sipse/faces/javax.faces.resource/layout/layout.js?ln=primefaces&v=4.0 HTTP/1.1" 304 -
191.156.178.221 - - [03/Nov/2023:10:27:15 -0500] "GET /sipse/faces/javax.faces.resource/dynamiccontent.properties?ln=primefaces&pfdrid=XjOR5%2F%2FfPAZAuY9TpWQeCiM0BhlXxYRBGKi%2FQcXXfeA%3D&pfdrid_c=false HTTP/1.1" 500 383
201.245.192.253 - - [03/Nov/2023:10:27:17 -0500] "GET /sipse/faces/javax.faces.resource/primefaces.css?ln=primefaces&v=4.0 HTTP/1.1" 304 -
191.156.176.63 - - [03/Nov/2023:10:27:20 -0500] "GET /sipse/faces/javax.faces.resource/primefaces.css?ln=primefaces&v=4.0 HTTP/1.1" 304 -
191.156.177.156 - - [03/Nov/2023:10:27:20 -0500] "GET /sipse/faces/javax.faces.resource/layout/layout.css?ln=primefaces&v=4.0 HTTP/1.1" 304 -
191.156.177.156 - - [03/Nov/2023:10:27:20 -0500] "GET /sipse/faces/javax.faces.resource/theme.css?ln=primefaces-sipse HTTP/1.1" 304 -
191.156.176.63 - - [03/Nov/2023:10:27:20 -0500] "GET /sipse/faces/javax.faces.resource/jquery/jquery-plugins.js?ln=primefaces&v=4.0 HTTP/1.1" 304 -
191.156.176.63 - - [03/Nov/2023:10:27:20 -0500] "GET /sipse/faces/javax.faces.resource/jquery/jquery.js?ln=primefaces&v=4.0 HTTP/1.1" 304 -
191.156.177.156 - - [03/Nov/2023:10:27:20 -0500] "GET /sipse/faces/javax.faces.resource/primefaces.js?ln=primefaces&v=4.0 HTTP/1.1" 304 -
191.156.176.63 - - [03/Nov/2023:10:27:20 -0500] "GET /sipse/faces/javax.faces.resource/layout/layout.js?ln=primefaces&v=4.0 HTTP/1.1" 304 -
191.156.186.138 - - [03/Nov/2023:10:27:18 -0500] "POST /sipse/faces/presentacion/financiero/solicitudProceso/consultarSolicitudProceso.xhtml HTTP/1.1" 200 53524
186.102.87.64 - - [03/Nov/2023:10:27:21 -0500] "OPTIONS /kwssiamovil/sm/setfile/f? HTTP/1.1" 200 13
201.245.192.253 - - [03/Nov/2023:10:27:21 -0500] "POST /kwsrmcab/Wsrmcab HTTP/1.1" 200 38699
186.102.87.64 - - [03/Nov/2023:10:27:21 -0500] "POST /kwssiamovil/sm/setfile/f? HTTP/1.1" 200 381
201.245.192.253 - - [03/Nov/2023:10:27:24 -0500] "POST /kwsrmcab/Wsrmcab HTTP/1.1" 200 39657
52.25.208.208 - - [03/Nov/2023:10:27:26 -0500] "GET /BLA/resoluciones/index.php?dir=Notificaciones/REGISTROS%200218/&order=desc&sort=size HTTP/1.1" 200 1870
52.25.208.208 - - [03/Nov/2023:10:27:34 -0500] "GET /BLA/resoluciones/index.php?dir=RESOLUCIONES%202006/RES%202006%202051-2100/ HTTP/1.1" 200 12363
186.102.87.64 - - [03/Nov/2023:10:27:35 -0500] "GET /kwssiamovil/sm/acme/a?s=U2FsdGVkX18yzAugi+xMg0xvgnqKQ6p1fnk1wSrRTWU47ZIFBqioKDUP8UIdEAvQmXg5o6JdsWNJaAzf0hMQlbh22oc4dc0KQImZ+T6Uu+uyehPsJmDVCdZa2oqkzuErbDCtlSCiv+frNYnuqhSpPi5FY2RZQNc3FqISQ/v9hpGSzhtQaSfhEALrwo0shVEhy6LBCioPDc7Qf2aMaeg2M7Q1oVukfQ0kA6FpU41QcQkLWyFCb4QQN8qhKlhUeoySz6UA5g3aMn+lGdF+wRUsuA==&u=U2FsdGVkX18iENWE50Zw6hIRh7+qB12O2AC3Ouy3nKU=&y=U2FsdGVkX1/Q1yNcJFdnS428CiDeRYJXjuRYWKZiPRQ= HTTP/1.1" 200 70
44.230.252.91 - - [03/Nov/2023:10:27:37 -0500] "GET /BLA/resoluciones/index.php?dir=RESOLUCIONES%202003/RES%202003%20751-800/&order=asc&sort=date HTTP/1.1" 200 11302
201.245.192.253 - - [03/Nov/2023:10:27:39 -0500] "POST /forms/lservlet;jsessionid=ac16012b30d6b14c8f46b725431e8887c639ff4d95f3.e3iSbxaKaheRe3eRa38MahaQbi1ynknvrkLOlQzNp65In0 HTTP/1.1" 200 2
191.156.186.138 - - [03/Nov/2023:10:27:42 -0500] "GET /sipse/faces/javax.faces.resource/theme.css?ln=primefaces-sipse HTTP/1.1" 304 -
191.156.188.6 - - [03/Nov/2023:10:27:42 -0500] "GET /sipse/faces/javax.faces.resource/primefaces.css?ln=primefaces&v=4.0 HTTP/1.1" 304 -
191.156.176.63 - - [03/Nov/2023:10:27:42 -0500] "GET /sipse/faces/javax.faces.resource/layout/layout.css?ln=primefaces&v=4.0 HTTP/1.1" 304 -
100.21.24.205 - - [03/Nov/2023:10:27:42 -0500] "GET /BLA/resoluciones/index.php?dir=RESOLUCIONES%202003/RES%202003%20751-800/&order=asc&sort=size HTTP/1.1" 200 11302
191.156.186.138 - - [03/Nov/2023:10:27:42 -0500] "GET /sipse/faces/javax.faces.resource/jquery/jquery-plugins.js?ln=primefaces&v=4.0 HTTP/1.1" 304 -
191.156.186.138 - - [03/Nov/2023:10:27:42 -0500] "GET /sipse/faces/javax.faces.resource/jquery/jquery.js?ln=primefaces&v=4.0 HTTP/1.1" 304 -
191.156.188.6 - - [03/Nov/2023:10:27:42 -0500] "GET /sipse/faces/javax.faces.resource/layout/layout.js?ln=primefaces&v=4.0 HTTP/1.1" 304 -
191.156.176.63 - - [03/Nov/2023:10:27:42 -0500] "GET /sipse/faces/javax.faces.resource/primefaces.js?ln=primefaces&v=4.0 HTTP/1.1" 304 -
191.156.177.156 - - [03/Nov/2023:10:27:41 -0500] "POST /sipse/faces/presentacion/financiero/solicitudProceso/consultarHistorialSolProceso.xhtml HTTP/1.1" 200 196792
191.156.186.138 - - [03/Nov/2023:10:27:46 -0500] "GET /sipse/faces/javax.faces.resource/dynamiccontent.properties?ln=primefaces&pfdrid=XjOR5%2F%2FfPAZAuY9TpWQeCiM0BhlXxYRBGKi%2FQcXXfeA%3D&pfdrid_c=false HTTP/1.1" 500 383
100.21.24.205 - - [03/Nov/2023:10:27:46 -0500] "GET /BLA/resoluciones/index.php?dir=RESOLUCIONES%202003/RES%202003%20751-800/&order=desc&sort=name HTTP/1.1" 200 11301
52.25.208.208 - - [03/Nov/2023:10:27:48 -0500] "GET /BLA/resoluciones/index.php?dir=Notificaciones/RESOLUCIONES%200020/&order=asc&sort=name HTTP/1.1" 200 2077
54.184.159.16 - - [03/Nov/2023:10:27:48 -0500] "GET /BLA/resoluciones/index.php?dir=RESOLUCIONES%202004/RES%202004%201051-1100/&order=asc&sort=size HTTP/1.1" 200 12164
52.25.208.208 - - [03/Nov/2023:10:27:50 -0500] "GET /BLA/resoluciones/index.php?dir=Notificaciones/RESOLUCIONES%200020/&order=asc&sort=size HTTP/1.1" 200 2077
40.77.167.93 - - [03/Nov/2023:10:27:51 -0500] "GET /robots.txt HTTP/1.1" 404 1034
44.230.252.91 - - [03/Nov/2023:10:27:54 -0500] "GET /BLA/resoluciones/index.php?dir=Notificaciones/RESOLUCIONES%200020/&order=desc&sort=date HTTP/1.1" 200 2076
172.22.2.4 - - [03/Nov/2023:10:27:59 -0500] "GET /BLA/boletinlegal/actos.php HTTP/1.1" 200 9682
201.245.192.253 - - [03/Nov/2023:10:28:06 -0500] "POST /forms/lservlet;jsessionid=ac16012b30d67398b24510264f55a2d4c5826150a17a.e3iSbxaKaheRe3eRa38MahaQbi1ynknvrkLOlQzNp65In0 HTTP/1.1" 200 2
100.21.24.205 - - [03/Nov/2023:10:28:06 -0500] "GET /BLA/resoluciones/index.php?dir=Notificaciones/RESOLUCIONES%200020/&order=desc&sort=size HTTP/1.1" 200 2076
52.25.208.208 - - [03/Nov/2023:10:28:10 -0500] "GET /BLA/resoluciones/index.php?dir=RESOLUCIONES%202006/RES%202006%202101-2150/ HTTP/1.1" 200 12369
44.230.252.91 - - [03/Nov/2023:10:28:20 -0500] "GET /BLA/resoluciones/index.php?dir=RESOLUCIONES%202006/RES%202006%202151-2200/ HTTP/1.1" 200 12368
100.21.24.205 - - [03/Nov/2023:10:28:24 -0500] "GET /BLA/resoluciones/index.php?dir=RESOLUCIONES%202006/RES%202006%202201-2250/ HTTP/1.1" 200 12366
52.25.208.208 - - [03/Nov/2023:10:28:26 -0500] "GET /BLA/resoluciones/index.php?dir=RESOLUCIONES%202006/RES%202006%202251-2300/ HTTP/1.1" 200 12361
52.25.208.208 - - [03/Nov/2023:10:28:34 -0500] "GET /BLA/resoluciones/index.php?dir=RESOLUCIONES%202006/RES%202006%202301-2350/ HTTP/1.1" 200 12364
44.230.252.91 - - [03/Nov/2023:10:28:35 -0500] "GET /BLA/resoluciones/index.php?dir=Notificaciones/RESOLUCIONES%202012/&order=asc&sort=name HTTP/1.1" 200 2077
100.21.24.205 - - [03/Nov/2023:10:28:41 -0500] "GET /BLA/resoluciones/index.php?dir=Notificaciones/RESOLUCIONES%202012/&order=asc&sort=size HTTP/1.1" 200 2077
186.80.57.120 - - [03/Nov/2023:10:28:45 -0500] "GET /sipse/faces/javax.faces.resource/images/ui-bg_flat_0_2d5972_40x100.png?ln=primefaces-aristo HTTP/1.1" 304 -
186.80.57.120 - - [03/Nov/2023:10:28:45 -0500] "POST /sipse/faces/presentacion/sistema/reporte/ventanaVerReporteParametros.xhtml HTTP/1.1" 200 911
44.230.252.91 - - [03/Nov/2023:10:28:46 -0500] "GET /BLA/resoluciones/index.php?dir=Notificaciones/RESOLUCIONES%202012/&order=desc&sort=date HTTP/1.1" 200 2076
201.245.192.253 - - [03/Nov/2023:10:28:48 -0500] "GET /forest/ HTTP/1.1" 200 12041
201.245.192.253 - - [03/Nov/2023:10:28:49 -0500] "GET /sipse/faces/javax.faces.resource/layout/layout.css?ln=primefaces&v=4.0 HTTP/1.1" 304 -
201.245.192.253 - - [03/Nov/2023:10:28:49 -0500] "GET /sipse/faces/javax.faces.resource/jquery/jquery-plugins.js?ln=primefaces&v=4.0 HTTP/1.1" 304 -
201.245.192.253 - - [03/Nov/2023:10:28:53 -0500] "GET /sipse/faces/javax.faces.resource/layout/layout.js?ln=primefaces&v=4.0 HTTP/1.1" 304 -
201.245.192.253 - - [03/Nov/2023:10:28:54 -0500] "GET /sipse/faces/javax.faces.resource/primefaces.css?ln=primefaces&v=4.0 HTTP/1.1" 304 -
100.21.24.205 - - [03/Nov/2023:10:28:56 -0500] "GET /BLA/resoluciones/index.php?dir=RESOLUCIONES%202006/RES%202006%202351-2400/ HTTP/1.1" 200 12357
44.230.252.91 - - [03/Nov/2023:10:29:00 -0500] "GET /BLA/resoluciones/index.php?dir=RESOLUCIONES%202006/RES%202006%202401-2450/ HTTP/1.1" 200 12370
44.230.252.91 - - [03/Nov/2023:10:29:01 -0500] "GET /BLA/resoluciones/index.php?dir=RESOLUCIONES%202006/RES%202006%202451-2500/ HTTP/1.1" 200 12154
201.245.192.253 - - [03/Nov/2023:10:29:13 -0500] "GET /sipse/faces/javax.faces.resource/primefaces.js?ln=primefaces&v=4.0 HTTP/1.1" 304 -
52.25.208.208 - - [03/Nov/2023:10:29:15 -0500] "GET /BLA/resoluciones/index.php?dir=RESOLUCIONES%202006/RES%202006%202501-2550/ HTTP/1.1" 200 12358
173.252.107.10 - - [03/Nov/2023:10:29:20 -0500] "GET /florecio-la-herrania-en-el-tropicario-distrital-una-planta-nativa-de-la-amazonia-colombiana.html HTTP/1.1" 200 935
44.230.252.91 - - [03/Nov/2023:10:29:22 -0500] "GET /BLA/resoluciones/index.php HTTP/1.1" 200 13696
52.25.208.208 - - [03/Nov/2023:10:29:23 -0500] "GET /BLA/resoluciones/index.php?dir=Notificaciones/RESOLUCIONES%202012/&order=asc&sort=date HTTP/1.1" 200 2077
52.25.208.208 - - [03/Nov/2023:10:29:37 -0500] "GET /BLA/resoluciones/index.php?dir=Notificaciones/RESOLUCIONES%202012/&order=desc&sort=size HTTP/1.1" 200 2076
201.245.192.253 - - [03/Nov/2023:10:29:39 -0500] "POST /forms/lservlet;jsessionid=ac16012b30d6b14c8f46b725431e8887c639ff4d95f3.e3iSbxaKaheRe3eRa38MahaQbi1ynknvrkLOlQzNp65In0 HTTP/1.1" 200 2
44.230.252.91 - - [03/Nov/2023:10:29:42 -0500] "GET /BLA/resoluciones/index.php?dir=Notificaciones/RESOLUCIONES%202013/&order=asc&sort=date HTTP/1.1" 200 2817
52.25.208.208 - - [03/Nov/2023:10:29:43 -0500] "GET /BLA/resoluciones/index.php?dir=Notificaciones/RESOLUCIONES%202013/&order=asc&sort=name HTTP/1.1" 200 2817
44.230.252.91 - - [03/Nov/2023:10:29:46 -0500] "GET /BLA/resoluciones/index.php?dir=Notificaciones/RESOLUCIONES%202013/&order=asc&sort=size HTTP/1.1" 200 2817
52.25.208.208 - - [03/Nov/2023:10:29:48 -0500] "GET /BLA/resoluciones/index.php?dir=Notificaciones/RESOLUCIONES%202013/&order=desc&sort=size HTTP/1.1" 200 2816
201.245.192.253 - - [03/Nov/2023:10:28:54 -0500] "GET /sipse/faces/javax.faces.resource/jquery/jquery.js?ln=primefaces&v=4.0 HTTP/1.1" 200 105384
44.230.252.91 - - [03/Nov/2023:10:29:51 -0500] "GET /BLA/resoluciones/index.php?dir=RESOLUCIONES%202006/RES%202006%20251-300/ HTTP/1.1" 200 12236
201.245.192.253 - - [03/Nov/2023:10:28:25 -0500] "GET /sipse/faces/presentacion/financiero/solicitudProceso/consultarSolicitudProceso.xhtml HTTP/1.1" 200 151336
100.21.24.205 - - [03/Nov/2023:10:29:59 -0500] "GET /BLA/resoluciones/index.php?dir=RESOLUCIONES%202006/RES%202006%202551-2600/ HTTP/1.1" 200 12354
100.21.24.205 - - [03/Nov/2023:10:30:00 -0500] "GET /BLA/resoluciones/index.php?dir=Notificaciones/RESOLUCIONES%202016/&order=asc&sort=date HTTP/1.1" 200 18211
201.245.192.253 - - [03/Nov/2023:10:30:02 -0500] "GET /sipse/faces/index.xhtml HTTP/1.1" 200 677
100.21.24.205 - - [03/Nov/2023:10:30:02 -0500] "GET /BLA/resoluciones/index.php?dir=Notificaciones/RESOLUCIONES%202016/&order=asc&sort=name HTTP/1.1" 200 18211
100.21.24.205 - - [03/Nov/2023:10:30:04 -0500] "GET /BLA/resoluciones/index.php?dir=Notificaciones/RESOLUCIONES%202016/&order=desc&sort=size HTTP/1.1" 200 18210
201.245.192.253 - - [03/Nov/2023:10:30:06 -0500] "POST /forms/lservlet;jsessionid=ac16012b30d67398b24510264f55a2d4c5826150a17a.e3iSbxaKaheRe3eRa38MahaQbi1ynknvrkLOlQzNp65In0 HTTP/1.1" 200 2
201.245.192.253 - - [03/Nov/2023:10:30:07 -0500] "GET /sipse/faces/javax.faces.resource/theme.css?ln=primefaces-sipse HTTP/1.1" 304 -
52.25.208.208 - - [03/Nov/2023:10:30:15 -0500] "GET /BLA/resoluciones/index.php?dir=RESOLUCIONES%202006/RES%202006%202601-2650/ HTTP/1.1" 200 11939
52.25.208.208 - - [03/Nov/2023:10:30:18 -0500] "GET /BLA/resoluciones/index.php?dir=RESOLUCIONES%202006/RES%202006%202651-2700/ HTTP/1.1" 200 12365
100.21.24.205 - - [03/Nov/2023:10:30:20 -0500] "GET /BLA/resoluciones/index.php?dir=RESOLUCIONES%202006/RES%202006%202701-2750/ HTTP/1.1" 200 12367
201.245.192.253 - - [03/Nov/2023:10:30:02 -0500] "GET /sipse/faces/javax.faces.resource/theme.css?ln=primefaces-sipse HTTP/1.1" 200 50058
100.21.24.205 - - [03/Nov/2023:10:30:26 -0500] "GET /BLA/resoluciones/index.php?dir=Notificaciones/RESOLUCIONES%202015/&order=asc&sort=date HTTP/1.1" 200 14394
201.245.192.253 - - [03/Nov/2023:10:30:26 -0500] "POST /kwsrmcab/Wsrmcab  HTTP/1.1" 200 42686
201.245.192.253 - - [03/Nov/2023:10:30:32 -0500] "POST /kwsrmcab/Wsrmcab HTTP/1.1" 200 38699
52.25.208.208 - - [03/Nov/2023:10:30:35 -0500] "GET /BLA/resoluciones/index.php?dir=Notificaciones/RESOLUCIONES%202015/&order=asc&sort=name HTTP/1.1" 200 14394
201.245.192.253 - - [03/Nov/2023:10:30:35 -0500] "POST /kwsrmcab/Wsrmcab HTTP/1.1" 200 39657
201.245.192.253 - - [03/Nov/2023:10:30:38 -0500] "GET /sipse/faces/faces/autenticacion.xhtml HTTP/1.1" 200 12413
201.245.192.253 - - [03/Nov/2023:10:30:39 -0500] "GET /sipse/faces/javax.faces.resource/layout/layout.css?ln=primefaces&v=4.0 HTTP/1.1" 304 -
44.230.252.91 - - [03/Nov/2023:10:30:41 -0500] "GET /BLA/resoluciones/index.php?dir=Notificaciones/RESOLUCIONES%202015/&order=desc&sort=size HTTP/1.1" 200 14393
201.245.192.253 - - [03/Nov/2023:10:30:46 -0500] "GET /sipse/faces/javax.faces.resource/primefaces.css?ln=primefaces&v=4.0 HTTP/1.1" 304 -
201.245.192.253 - - [03/Nov/2023:10:30:46 -0500] "GET /sipse/faces/javax.faces.resource/layout/layout.js?ln=primefaces&v=4.0 HTTP/1.1" 304 -
201.245.192.253 - - [03/Nov/2023:10:30:48 -0500] "GET /sipse/faces/javax.faces.resource/jquery/jquery-plugins.js?ln=primefaces&v=4.0 HTTP/1.1" 304 -
201.245.192.253 - - [03/Nov/2023:10:30:50 -0500] "GET /sipse/faces/javax.faces.resource/primefaces.js?ln=primefaces&v=4.0 HTTP/1.1" 304 -
216.245.221.92 - - [03/Nov/2023:10:30:52 -0500] "HEAD / HTTP/1.1" 200 -
100.21.24.205 - - [03/Nov/2023:10:30:52 -0500] "GET /BLA/resoluciones/index.php?dir=RESOLUCIONES%202006/RES%202006%202751-2800/ HTTP/1.1" 200 12358
44.230.252.91 - - [03/Nov/2023:10:30:55 -0500] "GET /BLA/resoluciones/index.php?dir=RESOLUCIONES%202006/RES%202006%20301-350/ HTTP/1.1" 200 12249
172.22.2.4 - - [03/Nov/2023:10:29:22 -0500] "HEAD /BLA/boletinlegal/ HTTP/1.1" 200 -
201.245.192.253 - - [03/Nov/2023:10:30:39 -0500] "GET /sipse/faces/javax.faces.resource/jquery/jquery.js?ln=primefaces&v=4.0 HTTP/1.1" 200 105384
44.230.252.91 - - [03/Nov/2023:10:31:16 -0500] "GET /BLA/resoluciones/index.php?dir=RESOLUCIONES%202006/RES%202006%20351-400/ HTTP/1.1" 200 12234
44.230.252.91 - - [03/Nov/2023:10:31:19 -0500] "GET /BLA/resoluciones/index.php?dir=RESOLUCIONES%202006/RES%202006%20401-450/ HTTP/1.1" 200 12245
100.21.24.205 - - [03/Nov/2023:10:31:22 -0500] "GET /BLA/resoluciones/index.php?dir=Notificaciones/RESOLUCIONES%200020/&order=desc&sort=name HTTP/1.1" 200 2076
100.21.24.205 - - [03/Nov/2023:10:31:24 -0500] "GET /BLA/resoluciones/index.php?dir=RESOLUCIONES%202006/RES%202006%20451-500/ HTTP/1.1" 200 12244
44.230.252.91 - - [03/Nov/2023:10:31:35 -0500] "GET /BLA/resoluciones/index.php?dir=RESOLUCIONES%202006/RES%202006%20501-550/ HTTP/1.1" 200 12241
201.245.192.253 - - [03/Nov/2023:10:31:39 -0500] "POST /forms/lservlet;jsessionid=ac16012b30d6b14c8f46b725431e8887c639ff4d95f3.e3iSbxaKaheRe3eRa38MahaQbi1ynknvrkLOlQzNp65In0 HTTP/1.1" 200 2
100.21.24.205 - - [03/Nov/2023:10:31:39 -0500] "GET /BLA/resoluciones/index.php?dir=RESOLUCIONES%202006/RES%202006%2051-100/ HTTP/1.1" 200 11996
44.231.202.44 - - [03/Nov/2023:10:31:39 -0500] "GET /BLA/resoluciones/RESOLUCIONES%202004/RES%202004%201801-1850/INDEX.DAT HTTP/1.1" 200 2000
52.25.208.208 - - [03/Nov/2023:10:31:40 -0500] "GET /BLA/resoluciones/index.php?dir=RESOLUCIONES%202006/RES%202006%20551-600/ HTTP/1.1" 200 12250
50.112.160.3 - - [03/Nov/2023:10:31:45 -0500] "GET /BLA/resoluciones/index.php?dir=RESOLUCIONES%202004/RES%202004%201801-1850/&order=desc&sort=name HTTP/1.1" 200 12357
192.168.172.47 - - [03/Nov/2023:10:31:35 -0500] "GET /BLA/boletinlegal/admin/index.php HTTP/1.1" 200 5692
192.168.172.47 - - [03/Nov/2023:10:31:48 -0500] "GET /BLA/boletinlegal/admin/index_files/header.png HTTP/1.1" 200 240212
192.168.172.47 - - [03/Nov/2023:10:31:48 -0500] "GET /BLA/boletinlegal/images/can.png HTTP/1.1" 200 37574
192.168.172.47 - - [03/Nov/2023:10:31:48 -0500] "GET /BLA/boletinlegal/admin/index_files/7_1.gif HTTP/1.1" 200 1455
192.168.172.47 - - [03/Nov/2023:10:31:48 -0500] "GET /BLA/boletinlegal/admin/index_files/3_5.gif HTTP/1.1" 200 1633
192.168.172.47 - - [03/Nov/2023:10:31:48 -0500] "GET /BLA/boletinlegal/admin/index_files/7_5.gif HTTP/1.1" 200 1565
192.168.172.47 - - [03/Nov/2023:10:31:48 -0500] "GET /BLA/boletinlegal/admin/index_files/style.css HTTP/1.1" 200 6223
192.168.172.47 - - [03/Nov/2023:10:31:48 -0500] "GET /BLA/boletinlegal/admin/index_files/2_2.gif HTTP/1.1" 200 1728
192.168.172.47 - - [03/Nov/2023:10:31:48 -0500] "GET /BLA/boletinlegal/admin/index_files/2_4.gif HTTP/1.1" 200 1763
192.168.172.47 - - [03/Nov/2023:10:31:48 -0500] "GET /BLA/boletinlegal/admin/index_files/index_files/tback.gif HTTP/1.1" 404 1322
44.230.252.91 - - [03/Nov/2023:10:31:48 -0500] "GET /BLA/resoluciones/index.php?dir=RESOLUCIONES%202006/RES%202006%20601-650/ HTTP/1.1" 200 12250
52.25.208.208 - - [03/Nov/2023:10:31:52 -0500] "GET /BLA/resoluciones/index.php?dir=RESOLUCIONES%202006/RES%202006%20651-700/ HTTP/1.1" 200 12252
172.22.2.4 - - [03/Nov/2023:10:30:13 -0500] "GET /BLA/boletinlegal/ HTTP/1.1" 200 59360
52.25.208.208 - - [03/Nov/2023:10:31:59 -0500] "GET /BLA/resoluciones/index.php?dir=RESOLUCIONES%202006/RES%202006%20701-750/ HTTP/1.1" 200 12251
100.21.24.205 - - [03/Nov/2023:10:32:01 -0500] "GET /BLA/resoluciones/index.php?dir=RESOLUCIONES%202006/RES%202006%20751-800/ HTTP/1.1" 200 12235
201.245.192.253 - - [03/Nov/2023:10:32:06 -0500] "POST /forms/lservlet;jsessionid=ac16012b30d67398b24510264f55a2d4c5826150a17a.e3iSbxaKaheRe3eRa38MahaQbi1ynknvrkLOlQzNp65In0 HTTP/1.1" 200 2
44.230.252.91 - - [03/Nov/2023:10:32:08 -0500] "GET /BLA/resoluciones/index.php?dir=RESOLUCIONES%202006/RES%202006%20801-850/ HTTP/1.1" 200 12230
54.184.159.16 - - [03/Nov/2023:10:32:10 -0500] "GET /BLA/resoluciones/index.php?dir=RESOLUCIONES%202004/RES%202004%201801-1850/&order=asc&sort=date HTTP/1.1" 200 12358
52.25.208.208 - - [03/Nov/2023:10:32:17 -0500] "GET /BLA/resoluciones/index.php?dir=RESOLUCIONES%202006/RES%202006%20851-900/ HTTP/1.1" 200 12234
44.230.252.91 - - [03/Nov/2023:10:32:24 -0500] "GET /BLA/resoluciones/index.php?dir=RESOLUCIONES%202006/RES%202006%20901-950/ HTTP/1.1" 200 12239
52.25.208.208 - - [03/Nov/2023:10:32:28 -0500] "GET /BLA/resoluciones/index.php?dir=Notificaciones/RESOLUCIONES%202015/&order=asc&sort=size HTTP/1.1" 200 14394
52.25.208.208 - - [03/Nov/2023:10:32:29 -0500] "GET /BLA/resoluciones/index.php?dir=RESOLUCIONES%202006/RES%202006%20951-1000/ HTTP/1.1" 200 12308
201.245.192.253 - - [03/Nov/2023:10:32:29 -0500] "GET /sipse/faces/index.xhtml HTTP/1.1" 200 677
201.245.192.253 - - [03/Nov/2023:10:32:30 -0500] "GET /sipse/faces/javax.faces.resource/theme.css?ln=primefaces-sipse HTTP/1.1" 200 50058
201.245.192.253 - - [03/Nov/2023:10:32:30 -0500] "GET /sipse/faces/faces/autenticacion.xhtml HTTP/1.1" 200 12413
201.245.192.253 - - [03/Nov/2023:10:32:30 -0500] "GET /sipse/faces/javax.faces.resource/primefaces.css?ln=primefaces&v=4.0 HTTP/1.1" 304 -
201.245.192.253 - - [03/Nov/2023:10:32:30 -0500] "GET /sipse/faces/javax.faces.resource/jquery/jquery-plugins.js?ln=primefaces&v=4.0 HTTP/1.1" 304 -
201.245.192.253 - - [03/Nov/2023:10:32:30 -0500] "GET /sipse/faces/javax.faces.resource/primefaces.js?ln=primefaces&v=4.0 HTTP/1.1" 304 -
201.245.192.253 - - [03/Nov/2023:10:32:30 -0500] "GET /sipse/faces/javax.faces.resource/layout/layout.css?ln=primefaces&v=4.0 HTTP/1.1" 304 -
201.245.192.253 - - [03/Nov/2023:10:32:30 -0500] "GET /sipse/faces/javax.faces.resource/jquery/jquery.js?ln=primefaces&v=4.0 HTTP/1.1" 304 -
201.245.192.253 - - [03/Nov/2023:10:32:30 -0500] "GET /sipse/faces/javax.faces.resource/layout/layout.js?ln=primefaces&v=4.0 HTTP/1.1" 200 87560
201.245.192.253 - - [03/Nov/2023:10:32:31 -0500] "GET /sipse/faces/javax.faces.resource/theme.css?ln=primefaces-sipse HTTP/1.1" 304 -
201.245.192.253 - - [03/Nov/2023:10:32:31 -0500] "GET /sipse/faces/javax.faces.resource/images/ui-icons_898989_256x240.png?ln=primefaces-aristo HTTP/1.1" 304 -
201.245.192.253 - - [03/Nov/2023:10:32:34 -0500] "POST /sipse/faces/autenticacion.xhtml HTTP/1.1" 200 2218
201.245.192.253 - - [03/Nov/2023:10:32:34 -0500] "GET /sipse/faces/javax.faces.resource/messages/messages.png?ln=primefaces&v=4.0 HTTP/1.1" 304 -
201.245.192.253 - - [03/Nov/2023:10:32:35 -0500] "POST /sipse/faces/autenticacion.xhtml HTTP/1.1" 200 16375
201.245.192.253 - - [03/Nov/2023:10:32:36 -0500] "GET /sipse/faces/javax.faces.resource/theme.css?ln=primefaces-sipse HTTP/1.1" 304 -
201.245.192.253 - - [03/Nov/2023:10:32:36 -0500] "GET /sipse/faces/javax.faces.resource/layout/layout.css?ln=primefaces&v=4.0 HTTP/1.1" 304 -
201.245.192.253 - - [03/Nov/2023:10:32:36 -0500] "GET /sipse/faces/javax.faces.resource/primefaces.css?ln=primefaces&v=4.0 HTTP/1.1" 304 -
201.245.192.253 - - [03/Nov/2023:10:32:36 -0500] "GET /sipse/faces/javax.faces.resource/jquery/jquery.js?ln=primefaces&v=4.0 HTTP/1.1" 304 -
201.245.192.253 - - [03/Nov/2023:10:32:36 -0500] "GET /sipse/faces/javax.faces.resource/jquery/jquery-plugins.js?ln=primefaces&v=4.0 HTTP/1.1" 304 -
201.245.192.253 - - [03/Nov/2023:10:32:36 -0500] "GET /sipse/faces/javax.faces.resource/primefaces.js?ln=primefaces&v=4.0 HTTP/1.1" 304 -
201.245.192.253 - - [03/Nov/2023:10:32:36 -0500] "GET /sipse/faces/javax.faces.resource/layout/layout.js?ln=primefaces&v=4.0 HTTP/1.1" 304 -
201.245.192.253 - - [03/Nov/2023:10:32:36 -0500] "GET /sipse/css/imagen/contrasena.png HTTP/1.1" 404 383
201.245.192.253 - - [03/Nov/2023:10:32:38 -0500] "POST /sipse/faces/bienvenido.xhtml HTTP/1.1" 200 2658
201.245.192.253 - - [03/Nov/2023:10:32:38 -0500] "GET /sipse/faces/javax.faces.resource/images/ui-bg_flat_0_2d5972_40x100.png?ln=primefaces-aristo HTTP/1.1" 304 -
100.21.24.205 - - [03/Nov/2023:10:32:44 -0500] "GET /BLA/resoluciones/index.php?dir=RESOLUCIONES%202006/&order=asc&sort=date HTTP/1.1" 200 40916
44.230.252.91 - - [03/Nov/2023:10:32:54 -0500] "GET /BLA/resoluciones/index.php?dir=RESOLUCIONES%202006/&order=asc&sort=size HTTP/1.1" 200 40916
172.22.2.4 - - [03/Nov/2023:10:32:54 -0500] "GET /BLA/boletinlegal/Circulares/2023/CIRCULAR%20No.%2000006%20DEL%2013%20DE%20JULIO%20DEL%202023.pdf HTTP/1.1" 200 375301
201.245.192.253 - - [03/Nov/2023:10:32:56 -0500] "POST /sipse/faces/bienvenido.xhtml HTTP/1.1" 200 2073
100.21.24.205 - - [03/Nov/2023:10:32:56 -0500] "GET /BLA/resoluciones/index.php?dir=RESOLUCIONES%202006/&order=desc&sort=name HTTP/1.1" 200 40915
201.245.192.253 - - [03/Nov/2023:10:32:56 -0500] "POST /sipse/faces/bienvenido.xhtml HTTP/1.1" 200 40726
201.245.192.253 - - [03/Nov/2023:10:32:57 -0500] "GET /sipse/faces/javax.faces.resource/theme.css?ln=primefaces-sipse HTTP/1.1" 304 -
201.245.192.253 - - [03/Nov/2023:10:32:57 -0500] "GET /sipse/faces/javax.faces.resource/primefaces.css?ln=primefaces&v=4.0 HTTP/1.1" 304 -
201.245.192.253 - - [03/Nov/2023:10:32:57 -0500] "GET /sipse/faces/javax.faces.resource/jquery/jquery.js?ln=primefaces&v=4.0 HTTP/1.1" 304 -
201.245.192.253 - - [03/Nov/2023:10:32:57 -0500] "GET /sipse/faces/javax.faces.resource/layout/layout.css?ln=primefaces&v=4.0 HTTP/1.1" 304 -
201.245.192.253 - - [03/Nov/2023:10:32:57 -0500] "GET /sipse/faces/javax.faces.resource/jquery/jquery-plugins.js?ln=primefaces&v=4.0 HTTP/1.1" 304 -
201.245.192.253 - - [03/Nov/2023:10:32:57 -0500] "GET /sipse/faces/javax.faces.resource/primefaces.js?ln=primefaces&v=4.0 HTTP/1.1" 304 -
201.245.192.253 - - [03/Nov/2023:10:32:57 -0500] "GET /sipse/faces/javax.faces.resource/layout/layout.js?ln=primefaces&v=4.0 HTTP/1.1" 304 -
44.230.252.91 - - [03/Nov/2023:10:33:14 -0500] "GET /BLA/resoluciones/index.php?dir=Notificaciones/RESOLUCIONES%202018/&order=asc&sort=name HTTP/1.1" 200 19727
192.168.172.47 - - [03/Nov/2023:10:33:20 -0500] "GET /BLA/boletinlegal/admin/actos/ingresar.php HTTP/1.1" 200 7209
192.168.172.47 - - [03/Nov/2023:10:33:20 -0500] "GET /BLA/boletinlegal/admin/js/jquery.functions.js HTTP/1.1" 200 2317
192.168.172.47 - - [03/Nov/2023:10:33:20 -0500] "GET /BLA/boletinlegal/admin/js/nicEdit-latest.js HTTP/1.1" 200 38373
192.168.172.47 - - [03/Nov/2023:10:33:20 -0500] "GET /BLA/boletinlegal/admin/js/jquery-1.3.1.min.js HTTP/1.1" 200 55272
192.168.172.47 - - [03/Nov/2023:10:33:20 -0500] "GET /BLA/boletinlegal/admin/img/h1.png HTTP/1.1" 200 3227
192.168.172.47 - - [03/Nov/2023:10:33:20 -0500] "GET /BLA/boletinlegal/admin/img/overlay.png HTTP/1.1" 200 984
100.21.24.205 - - [03/Nov/2023:10:33:23 -0500] "GET /BLA/resoluciones/index.php?dir=Notificaciones/RESOLUCIONES%202018/&order=asc&sort=size HTTP/1.1" 200 19727
201.245.192.253 - - [03/Nov/2023:10:33:25 -0500] "POST /sipse/faces/presentacion/financiero/solicitudProceso/consultar.xhtml HTTP/1.1" 200 12831
192.168.172.47 - - [03/Nov/2023:10:33:26 -0500] "GET /BLA/boletinlegal/images/favicon.ico HTTP/1.1" 404 1316
52.25.208.208 - - [03/Nov/2023:10:33:27 -0500] "GET /BLA/resoluciones/index.php?dir=RESOLUCIONES%202007/RES%202007%201%20AL%20100/ HTTP/1.1" 200 26175
201.245.192.253 - - [03/Nov/2023:10:33:28 -0500] "POST /sipse/faces/presentacion/financiero/solicitudProceso/consultar.xhtml HTTP/1.1" 200 108932
201.245.192.253 - - [03/Nov/2023:10:33:29 -0500] "GET /sipse/faces/javax.faces.resource/theme.css?ln=primefaces-sipse HTTP/1.1" 304 -
201.245.192.253 - - [03/Nov/2023:10:33:29 -0500] "GET /sipse/faces/javax.faces.resource/primefaces.css?ln=primefaces&v=4.0 HTTP/1.1" 304 -
201.245.192.253 - - [03/Nov/2023:10:33:29 -0500] "GET /sipse/faces/javax.faces.resource/layout/layout.css?ln=primefaces&v=4.0 HTTP/1.1" 304 -
201.245.192.253 - - [03/Nov/2023:10:33:29 -0500] "GET /sipse/faces/javax.faces.resource/jquery/jquery.js?ln=primefaces&v=4.0 HTTP/1.1" 304 -
201.245.192.253 - - [03/Nov/2023:10:33:29 -0500] "GET /sipse/faces/javax.faces.resource/jquery/jquery-plugins.js?ln=primefaces&v=4.0 HTTP/1.1" 304 -
201.245.192.253 - - [03/Nov/2023:10:33:29 -0500] "GET /sipse/faces/javax.faces.resource/primefaces.js?ln=primefaces&v=4.0 HTTP/1.1" 304 -
201.245.192.253 - - [03/Nov/2023:10:33:29 -0500] "GET /sipse/faces/javax.faces.resource/layout/layout.js?ln=primefaces&v=4.0 HTTP/1.1" 304 -
201.245.192.253 - - [03/Nov/2023:10:33:29 -0500] "GET /sipse/faces/javax.faces.resource/dynamiccontent.properties?ln=primefaces&pfdrid=XjOR5%2F%2FfPAZAuY9TpWQeCiM0BhlXxYRBGKi%2FQcXXfeA%3D&pfdrid_c=false HTTP/1.1" 500 383
52.167.144.22 - - [03/Nov/2023:10:33:38 -0500] "GET /Publicaciones/2023EE225794.pdf HTTP/1.1" 404 228
201.245.192.253 - - [03/Nov/2023:10:33:39 -0500] "POST /forms/lservlet;jsessionid=ac16012b30d6b14c8f46b725431e8887c639ff4d95f3.e3iSbxaKaheRe3eRa38MahaQbi1ynknvrkLOlQzNp65In0 HTTP/1.1" 200 2
44.230.252.91 - - [03/Nov/2023:10:33:41 -0500] "GET /BLA/resoluciones/index.php?dir=RESOLUCIONES%202007/RES%202007%201001%20AL%201100/ HTTP/1.1" 200 26838
186.102.70.30 - - [03/Nov/2023:10:33:53 -0500] "OPTIONS /kwssiamovil/sm/setfile/f? HTTP/1.1" 200 13
186.102.70.30 - - [03/Nov/2023:10:33:53 -0500] "POST /kwssiamovil/sm/setfile/f? HTTP/1.1" 200 381
100.21.24.205 - - [03/Nov/2023:10:33:53 -0500] "GET /BLA/resoluciones/index.php?dir=Notificaciones/RESOLUCIONES%202019/&order=asc&sort=date HTTP/1.1" 200 40760
52.25.208.208 - - [03/Nov/2023:10:33:56 -0500] "GET /BLA/resoluciones/index.php?dir=Notificaciones/RESOLUCIONES%202019/&order=asc&sort=name HTTP/1.1" 200 40760
186.102.70.30 - - [03/Nov/2023:10:34:00 -0500] "GET /kwssiamovil/sm/acme/a?s=U2FsdGVkX1+Cirh1/b1Umeb9hMy0elXrwKc3JVgmyFarFF24o+2zRSIhpEIvVqGJ578W8Zzr3ug6qF4iir66sdNyyOnXX5Cd01KcNuxPxRssJZgLT3EzIM4MHpOIrCiSAnYfTBm9dYcPXcd1devYdYyFhzn826FS1pmGzy+a9F18CsfMLsziwyaURqt+/rEXd/y4LsP9u11ugHc+1pbQbMzQXPMl3hK0H+Rs+whKwGcB64yr2EpBs/OgCl1o15ujdvS6Ktx3aeBD22MgB1kJ2w==&u=U2FsdGVkX18Dte/emb14n2OSzxdzQiT/pYiUO4OCCJE=&y=U2FsdGVkX1/9BgFCj5+FedouNY+KvxOZBvB3FcU0bN0= HTTP/1.1" 200 70
52.25.208.208 - - [03/Nov/2023:10:34:06 -0500] "GET /BLA/resoluciones/index.php?dir=Notificaciones/RESOLUCIONES%202019/&order=desc&sort=size HTTP/1.1" 200 40759
201.245.192.253 - - [03/Nov/2023:10:34:06 -0500] "POST /forms/lservlet;jsessionid=ac16012b30d67398b24510264f55a2d4c5826150a17a.e3iSbxaKaheRe3eRa38MahaQbi1ynknvrkLOlQzNp65In0 HTTP/1.1" 200 2
66.249.73.38 - - [03/Nov/2023:10:34:09 -0500] "GET /BLA/resoluciones/RESOLUCIONES%202009/3221.pdf HTTP/1.1" 200 463110
66.249.73.36 - - [03/Nov/2023:10:34:12 -0500] "GET /BLA/resoluciones/RESOLUCIONES%202009/5686.pdf HTTP/1.1" 200 876706
192.168.172.47 - - [03/Nov/2023:10:34:13 -0500] "POST /BLA/boletinlegal/admin/actos/ingresar.php HTTP/1.1" 200 2102
192.168.172.47 - - [03/Nov/2023:10:34:15 -0500] "GET /BLA/boletinlegal/admin/actos/ingresar.php HTTP/1.1" 200 7209
52.25.208.208 - - [03/Nov/2023:10:34:16 -0500] "GET /BLA/resoluciones/index.php?dir=RESOLUCIONES%202007/RES%202007%20101%20AL%20200/ HTTP/1.1" 200 26931
44.230.252.91 - - [03/Nov/2023:10:34:18 -0500] "GET /BLA/resoluciones/index.php?dir=RESOLUCIONES%202003/RES%202003%201801-1850/&order=asc&sort=date HTTP/1.1" 200 12154
100.21.24.205 - - [03/Nov/2023:10:34:20 -0500] "GET /BLA/resoluciones/index.php?dir=RESOLUCIONES%202003/RES%202003%201801-1850/&order=asc&sort=size HTTP/1.1" 200 12154
44.230.252.91 - - [03/Nov/2023:10:34:27 -0500] "GET /BLA/resoluciones/index.php?dir=RESOLUCIONES%202003/RES%202003%201801-1850/&order=desc&sort=name HTTP/1.1" 200 12153
52.25.208.208 - - [03/Nov/2023:10:34:32 -0500] "GET /BLA/resoluciones/index.php?dir=RESOLUCIONES%202007/RES%202007%201101%20AL%201200/ HTTP/1.1" 200 26852
44.230.252.91 - - [03/Nov/2023:10:34:42 -0500] "GET /BLA/resoluciones/index.php?dir=RESOLUCIONES%202007/RES%202007%201201%20AL%201300/ HTTP/1.1" 200 26864
52.25.208.208 - - [03/Nov/2023:10:34:51 -0500] "GET /BLA/resoluciones/index.php?dir=Notificaciones/RESOLUCIONES%202017/&order=asc&sort=name HTTP/1.1" 200 13655
200.69.106.148 - - [03/Nov/2023:10:34:54 -0500] "GET /catalogoisis/ HTTP/1.1" 404 211
200.69.106.148 - - [03/Nov/2023:10:34:54 -0500] "GET /favicon.ico HTTP/1.1" 200 7782
44.230.252.91 - - [03/Nov/2023:10:34:54 -0500] "GET /BLA/resoluciones/index.php?dir=Notificaciones/RESOLUCIONES%202017/&order=asc&sort=size HTTP/1.1" 200 13655
191.156.179.132 - - [03/Nov/2023:10:35:02 -0500] "GET /sipse/faces/index.xhtml HTTP/1.1" 200 677
191.156.179.132 - - [03/Nov/2023:10:35:02 -0500] "GET /sipse/faces/javax.faces.resource/theme.css?ln=primefaces-sipse HTTP/1.1" 304 -
191.156.179.132 - - [03/Nov/2023:10:35:02 -0500] "GET /sipse/faces/faces/autenticacion.xhtml HTTP/1.1" 200 12414
191.156.190.7 - - [03/Nov/2023:10:35:02 -0500] "GET /sipse/faces/javax.faces.resource/theme.css?ln=primefaces-sipse HTTP/1.1" 304 -
