191.156.182.223 - - [03/Nov/2023:10:45:39 -0500] "GET /sipse/faces/javax.faces.resource/theme.css?ln=primefaces-sipse HTTP/1.1" 304 -
191.156.182.223 - - [03/Nov/2023:10:45:39 -0500] "GET /sipse/faces/javax.faces.resource/jquery/jquery.js?ln=primefaces&v=4.0 HTTP/1.1" 304 -
191.156.190.7 - - [03/Nov/2023:10:45:39 -0500] "GET /sipse/faces/javax.faces.resource/primefaces.css?ln=primefaces&v=4.0 HTTP/1.1" 304 -
191.156.184.196 - - [03/Nov/2023:10:45:39 -0500] "GET /sipse/faces/javax.faces.resource/layout/layout.css?ln=primefaces&v=4.0 HTTP/1.1" 304 -
191.156.182.223 - - [03/Nov/2023:10:45:39 -0500] "GET /sipse/faces/javax.faces.resource/jquery/jquery-plugins.js?ln=primefaces&v=4.0 HTTP/1.1" 304 -
191.156.182.223 - - [03/Nov/2023:10:45:39 -0500] "GET /sipse/faces/javax.faces.resource/primefaces.js?ln=primefaces&v=4.0 HTTP/1.1" 304 -
191.156.182.223 - - [03/Nov/2023:10:45:39 -0500] "GET /sipse/faces/javax.faces.resource/layout/layout.js?ln=primefaces&v=4.0 HTTP/1.1" 304 -
191.156.182.223 - - [03/Nov/2023:10:45:39 -0500] "GET /sipse/faces/javax.faces.resource/messages/messages.png?ln=primefaces&v=4.0 HTTP/1.1" 304 -
191.156.190.7 - - [03/Nov/2023:10:45:40 -0500] "POST /sipse/faces/presentacion/financiero/solicitudProceso/listarSolicitudProceso.xhtml HTTP/1.1" 200 1396
100.21.24.205 - - [03/Nov/2023:10:45:39 -0500] "GET /BLA/resoluciones/index.php?dir=Notificaciones/RESOLUCIONES%202021/&order=asc&sort=date HTTP/1.1" 200 118582
44.231.202.44 - - [03/Nov/2023:10:45:41 -0500] "GET /BLA/resoluciones/index.php?dir=RESOLUCIONES%202006/RES%202006%202151-2200/&order=desc&sort=date HTTP/1.1" 200 12367
66.249.73.38 - - [03/Nov/2023:10:45:43 -0500] "GET /BLA/resoluciones/RESOLUCIONES%202019/3093.pdf HTTP/1.1" 200 292489
191.156.190.7 - - [03/Nov/2023:10:45:43 -0500] "POST /sipse/faces/presentacion/financiero/solicitudProceso/listarSolicitudProceso.xhtml HTTP/1.1" 200 5888
100.21.24.205 - - [03/Nov/2023:10:45:46 -0500] "GET /BLA/resoluciones/index.php?dir=RESOLUCIONES%202017/&order=desc&sort=name HTTP/1.1" 200 286830
100.21.24.205 - - [03/Nov/2023:10:45:49 -0500] "GET /BLA/resoluciones/index.php?dir=RESOLUCIONES%202018/&order=asc&sort=date HTTP/1.1" 200 279938
216.245.221.92 - - [03/Nov/2023:10:45:52 -0500] "HEAD / HTTP/1.1" 200 -
100.21.24.205 - - [03/Nov/2023:10:46:04 -0500] "GET /BLA/resoluciones/index.php?dir=RESOLUCIONES%202018/&order=asc&sort=size HTTP/1.1" 200 279938
201.245.192.253 - - [03/Nov/2023:10:46:06 -0500] "POST /forms/lservlet;jsessionid=ac16012b30d67398b24510264f55a2d4c5826150a17a.e3iSbxaKaheRe3eRa38MahaQbi1ynknvrkLOlQzNp65In0 HTTP/1.1" 200 2
44.230.252.91 - - [03/Nov/2023:10:46:08 -0500] "GET /BLA/resoluciones/index.php?dir=RESOLUCIONES%202018/&order=desc&sort=name HTTP/1.1" 200 279937
100.21.24.205 - - [03/Nov/2023:10:46:15 -0500] "GET /BLA/resoluciones/index.php?dir=Notificaciones/RESOLUCIONES%202020/&order=asc&sort=size HTTP/1.1" 200 54295
100.21.24.205 - - [03/Nov/2023:10:46:15 -0500] "GET /BLA/resoluciones/index.php?dir=RESOLUCIONES%202019/&order=asc&sort=date HTTP/1.1" 200 261413
52.25.208.208 - - [03/Nov/2023:10:46:28 -0500] "GET /BLA/resoluciones/index.php?dir=RESOLUCIONES%202019/&order=asc&sort=size HTTP/1.1" 200 261413
100.21.24.205 - - [03/Nov/2023:10:46:32 -0500] "GET /BLA/resoluciones/index.php?dir=Notificaciones/RESOLUCIONES%202021/&order=desc&sort=size HTTP/1.1" 200 118581
66.249.66.166 - - [03/Nov/2023:10:46:38 -0500] "GET /portaldeninos/wp-content/themes/betheme/assets/jplayer/jplayer.min.js?ver=20.9.6 HTTP/1.1" 200 52702
66.249.73.36 - - [03/Nov/2023:10:46:45 -0500] "GET /BLA/resoluciones/RESOLUCIONES%202009/8855.pdf HTTP/1.1" 200 186459
186.102.54.169 - - [03/Nov/2023:10:46:46 -0500] "GET /kwssiamovil/sm/ldap/au?x=U2FsdGVkX1+EgFq7iwkaENJU2body9chdIhvf/cHWXn4bauIZPGz8Ry+FnbXG+FV&y=U2FsdGVkX19upd3JoL/krY3Eu/tGtL688cmqGBXXSRvMrbbSFbDm5Gb5V7OgQP2q HTTP/1.1" 200 30
186.102.54.169 - - [03/Nov/2023:10:46:46 -0500] "GET /kwssiamovil/sm/acme/s?s=U2FsdGVkX18iPqVzd732GLwU2+HiSB0clkZuUA/OmjyGcdNrprmgLVsTSNpoISl6oVAdrt0Ke+jgCpsFs+OiqFeG3oSGdRCyKZmCeuuRoWE=&u=U2FsdGVkX1//NuA0IEJLXN5ia7vBth7bInjTxvqcNnM=&y=U2FsdGVkX19upd3JoL/krY3Eu/tGtL688cmqGBXXSRvMrbbSFbDm5Gb5V7OgQP2q HTTP/1.1" 200 97
186.102.54.169 - - [03/Nov/2023:10:46:46 -0500] "GET /kwssiamovil/sm/acme/s?s=U2FsdGVkX19C1hlN4zR4x+4ruZi1I/rmXx3p81q2lUw4kRao8A3FO2+JU1g07gFnzRkWYFIe3mWdIemqTF2BlaEWJVOUzsnGL+BMIlzXahaND0Ev2URdehCylL7bZuiAI8QBhyVWSiCmlJ+HcUJHVRlzlAEufn7GMygM+ufqjLZqcGjHvGrSXaQ2dUJNgItpm6QuMzyEWbFi/NbQto/SzwV6CzXoMYQnJD+iGd5TklnebSm9A0bI9pEZCYCEmLu52/Zq+FZoKAZvF0QgJKMmShM8ucqVYaeQlOxaU5yFGZWOTLYFd5EIvBmJjjf/PGkuzRCuXLfLdGlGzZguQpAB39yd5iIUKH2omtmkdP36Ak4wH6Yy2pMARwFHopoawZsalbaYBWNU3zTsDTPLR2yBuu+BLP3ii43nI9GOovKdl3n1m1Uf+SHmSSrXEAjtaqpMFZ1yYJHCz8AfghCPK2QLKqYu3mqVTq/Ucrz8vaC8jRhatEEspL74GQ3WJplCkdjwEADWjdq/OvfvLN6wud5/QPA5gsbzbCtBDjuF9rzDpQWxrKMYew88nhT0KeSbATqWzXUSUvMFQCt35ryxEJABS3dzbPgpDdp2l6GgcecoBKjzQA0U1VM3xsK/JvdzGkB4k3dBYkzPo2ojbIVF49BjZrVWw4xV7d1+fcRaAmJvQYEOlwTimiXwSYCyDwlM2ix+FPJWESn3HIdMc9rW1xKxWAOxha0w8wseSG3YPF4TjtjDHixCBSWhqvOFtWeqqR/1CJH/LJh6Nyz1Q5yq0ACKkSjEqRp0amJEIRDqyq9Fg6d9TW4vHDTuLR7kTDCLd25hytXFJWtTX6NoM51hmOmz4NO4pmk7aU6a719L9KCT7c5NhekxVLgniyyjtCTgqX8yPmwUISWJC3MM5pEN/OOT/1i74IBOloOJCTFBseSrqqfDcwOtoVmHxvSzjgqvFy9BjZdpDhtsTiIjQJYNIOPtKqPAVUhN5jFloKPKO1EW0pSgMRT4m9nsysJ5v3UwvgHb7iDtm5y+fPthE2IbM1tPH4GCyHWJNOoORwqYd8d8O2i8mcJfnE4hDu0GiXc3vF3irAM3yV61682LytpzKAeqhIWTMMdTJVtrdYWHM8ReuLDrJ2umPDtxvVBHrsYvS4HbuYYRhefZhJOxcYDPLvzC4PKS2O68PJhCxMItZypPHDlVXya/RrO23rkNLh6A/ba9nWa52yqID5gf3YzIr0kLac7cgXAdWRstxFxRzXnhb7fpIBpovK4Zqm+w6EiBWkDvIjo3a/FiMIAwgId03ooRQgEp1fWcKgdgVDS9HfAIFDqie6t4MHDC6EeUfYgWRqj/PDnsl0N2UXxp9v5WKqgvrpmRQnMs3xKsd8/dzAedB2B1EgVu7s7rekSkFTzjzETF2HplOJ/z1tKJSOYfEz023CKPkQ5BI4sjrAR5uOxnowe7u62ViqcBWahtm5QNtqcVwhjQ5jtKdqjpZ1CjQY511CS4LwIdHiP3D3N1sF9qGISTHAEzL8CRir9WfpbOTC8Niyirsozsy9ZR0C8MdG9J0dYMdjRF7j+dUUZMVSdqqNzgCrin3vf82RtYl0S0LDmjRfMUgLUbxKGSDATT3p4GK4hT+StvxlZqtQU8qoQqdU1Ii7o2TG5oPDJbK7wwYIe+V8yKCqhGT3tPZyA2OElNEfbSzeMjSpmr8u91RnHrHF3WLi6YiP/loTVDJQV4+3p3zDifmlb52U3XTfY2bgV/P1yhLNkT2bNCkGbyC402fFg=&u=U2FsdGVkX1//NuA0IEJLXN5ia7vBth7bInjTxvqcNnM=&y=U2FsdGVkX19upd3JoL/krY3Eu/tGtL688cmqGBXXSRvMrbbSFbDm5Gb5V7OgQP2q HTTP/1.1" 200 2065
186.102.54.169 - - [03/Nov/2023:10:46:47 -0500] "GET /kwssiamovil/sm/acme/s?s=U2FsdGVkX18XtCREWFHm5wPnJXPNi02J4LoTZiUfQcmyHCB8/ZjTs8SmNnC7lm5novDhZMIrqVRrziI9gPD8b38kV93Fj4gzUS3J2MHfqPpIQKNUCm6Hnq0nRpynWVNu1Yuab/hk6FBIZL0q8KmOtA+m40f9grqlujM14dS+yTq0EOORu84kEDYSwg7jrRSIpINHCSPxu229kQhYAx2iyufJAGsZmADRzHLobKEcKwQRrjex3XtV6YRsZRf+FX3ujNUIMrzD6YGT7LjZ1wKgpQ5u79qr3hbuvWDMVLf6BMA/rqFyE+lI3aFl25Wbw7mFt4zpfn+BLDaXwCn1jSXxItp3pqrZvZpFaKkWSw8TwPpPUwy3uCqaMKI08ciBIICVEV7+1Vq0IZcVWtvlBQLYP0yMG4rcDf2GpyHbWYWo7poiKuAyFx94LKQRDipWFajnpeK3U4r6fLly+CXjjF+MtjSAkjBVFqC/5tSbNAHnFsmgBVm7SEnivg7J0wXkTdrCCJX+9va6TnZjo15KwYRhm0DYiUIjynpkwZXs26MBfn84J/7hTgJuJ+0Apw71412eTNy2Jr+TP0vd4JDOpeuIjgF2kR6FHqICaycfAsUBgRSeGU+yNZLvxHOirWzeIhL5fSHkrH3APjgxQ/A1Qt5obntSHtEAlOKCX+zzAndrJaBVCiLgRwfoAKY2TC1NIzPoNsiZzIXXPhnNHkvkC/kH5s9SYmWqZjfdXuvaancHR6hoxGYHFhP475yYh9CyFun3&u=U2FsdGVkX1//NuA0IEJLXN5ia7vBth7bInjTxvqcNnM=&y=U2FsdGVkX19upd3JoL/krY3Eu/tGtL688cmqGBXXSRvMrbbSFbDm5Gb5V7OgQP2q HTTP/1.1" 200 208
186.102.54.169 - - [03/Nov/2023:10:46:47 -0500] "GET /kwssiamovil/sm/cjson/pre?f=1&x=U2FsdGVkX1+EgFq7iwkaENJU2body9chdIhvf/cHWXn4bauIZPGz8Ry+FnbXG+FV HTTP/1.1" 200 31032
201.245.192.253 - - [03/Nov/2023:10:46:52 -0500] "GET /catalogoisis/ HTTP/1.1" 404 211
100.21.24.205 - - [03/Nov/2023:10:46:51 -0500] "GET /BLA/resoluciones/index.php?dir=RESOLUCIONES%202019/&order=desc&sort=name HTTP/1.1" 200 261412
100.21.24.205 - - [03/Nov/2023:10:46:59 -0500] "GET /BLA/resoluciones/index.php?dir=RESOLUCIONES%202020/&order=asc&sort=date HTTP/1.1" 200 169742
100.21.24.205 - - [03/Nov/2023:10:47:07 -0500] "GET /BLA/resoluciones/index.php?dir=RESOLUCIONES%202020/&order=asc&sort=size HTTP/1.1" 200 169742
216.244.66.195 - - [03/Nov/2023:10:47:15 -0500] "GET /BLA/resoluciones/AUTOS%202015/0205.pdf HTTP/1.1" 200 521646
52.25.208.208 - - [03/Nov/2023:10:47:17 -0500] "GET /BLA/resoluciones/index.php?dir=RESOLUCIONES%202020/&order=desc&sort=name HTTP/1.1" 200 169741
186.28.141.68 - - [03/Nov/2023:10:47:19 -0500] "GET /BLA/resoluciones/index.php?dir=AUTOS+2012%2F HTTP/1.1" 200 276641
44.231.202.44 - - [03/Nov/2023:10:47:22 -0500] "GET /BLA/resoluciones/RESOLUCIONES%202004/RES%202004%201401-1450/INDEX.DAT HTTP/1.1" 200 2000
52.25.208.208 - - [03/Nov/2023:10:47:21 -0500] "GET /BLA/resoluciones/index.php?dir=RESOLUCIONES%202021/&order=asc&sort=date HTTP/1.1" 200 442881
52.25.208.208 - - [03/Nov/2023:10:47:26 -0500] "GET /BLA/resoluciones/index.php?dir=RESOLUCIONES%202021/&order=asc&sort=size HTTP/1.1" 200 442881
201.245.192.253 - - [03/Nov/2023:10:47:29 -0500] "POST /sipse/faces/presentacion/financiero/solicitudProceso/listarSolicitudProceso.xhtml HTTP/1.1" 200 146649
201.245.192.253 - - [03/Nov/2023:10:47:30 -0500] "GET /sipse/faces/javax.faces.resource/jquery/jquery.js?ln=primefaces&v=4.0 HTTP/1.1" 304 -
201.245.192.253 - - [03/Nov/2023:10:47:30 -0500] "GET /sipse/faces/javax.faces.resource/jquery/jquery-plugins.js?ln=primefaces&v=4.0 HTTP/1.1" 304 -
201.245.192.253 - - [03/Nov/2023:10:47:30 -0500] "GET /sipse/faces/javax.faces.resource/primefaces.js?ln=primefaces&v=4.0 HTTP/1.1" 304 -
201.245.192.253 - - [03/Nov/2023:10:47:31 -0500] "GET /sipse/faces/javax.faces.resource/layout/layout.js?ln=primefaces&v=4.0 HTTP/1.1" 304 -
201.245.192.253 - - [03/Nov/2023:10:47:31 -0500] "GET /sipse/faces/javax.faces.resource/dynamiccontent.properties?ln=primefaces&pfdrid=XjOR5%2F%2FfPAZAuY9TpWQeCiM0BhlXxYRBGKi%2FQcXXfeA%3D&pfdrid_c=false HTTP/1.1" 500 383
179.33.162.211 - - [03/Nov/2023:10:47:36 -0500] "OPTIONS /kwssiamovil/sm/setfile/f? HTTP/1.1" 200 13
179.33.162.211 - - [03/Nov/2023:10:47:36 -0500] "POST /kwssiamovil/sm/setfile/f? HTTP/1.1" 200 381
201.245.192.253 - - [03/Nov/2023:10:47:39 -0500] "POST /forms/lservlet;jsessionid=ac16012b30d6b14c8f46b725431e8887c639ff4d95f3.e3iSbxaKaheRe3eRa38MahaQbi1ynknvrkLOlQzNp65In0 HTTP/1.1" 200 2
52.25.208.208 - - [03/Nov/2023:10:47:39 -0500] "GET /BLA/resoluciones/index.php?dir=RESOLUCIONES%202021/&order=desc&sort=name HTTP/1.1" 200 442880
201.245.192.253 - - [03/Nov/2023:10:47:43 -0500] "POST /sipse/faces/presentacion/financiero/solicitudProceso/consultarSolicitudProceso.xhtml HTTP/1.1" 200 695069
179.33.162.211 - - [03/Nov/2023:10:47:44 -0500] "GET /kwssiamovil/sm/acme/a?s=U2FsdGVkX1/y9cb3BjwrPG8H+OTfrgk0k60hl9LWMEwQ5vKF23Uj2elDO03vpVO27g3T+4qGSBTlvUtNPvarTFOpe43iX2Tj8GW6PCG4uyAzRA1xxxHJOHFdLqHiJhglBWrTzO7J6ArqttJNS0qvO4Jzz9yqyfi11D39HryXhDVbFrFL/MzTqd3EsbAh7G0OqygDxQ24pF8NlD4pw9m1DFMAOSiC37+RnA/2jWtxBUl027L+SObCSLhyf5nV7erlXtygTmV589cnrBS3eToHpg==&u=U2FsdGVkX18GRh2AQp+5HV3ycrHRd7XeAd74C7eiukE=&y=U2FsdGVkX1+NLcUfWkySswwryAsm8hiVSbmYJ+X6YakMy83A733lKJZf3ITKXWXt HTTP/1.1" 200 26
179.33.162.211 - - [03/Nov/2023:10:47:44 -0500] "GET /kwssiamovil/sm/acme/a?s=U2FsdGVkX1+tGKI3VT0f+DAkpHcYWit9eMzKRoQ/dvix/UR685Hx1yLeuBevOH+fJ8ZvRfg9BQkCHUuBiVr7b/kSc/LadIVSjmp02Pu24QOCzGr1OiCYDElqRLSpgN3MgzjpWhzcIkPmgj/1kE6+SKojqg3bCwybds/5vib/K5LJa1p4Cv2pKpDs6UG3UCn6mZIQVkp9kHUj2BRc/xFpsZFt5mJjsqfed4jyFAicmb1K0d+pMkLJUnaodWlNqrkKsY4xfqHQ5UOuIBgZQktJDCcfABFAMZBXNQIC4lpBIc8roWTL3A7GqOQO87BAovtuUU052hA/6s2xapUwPsEA80z6zK2VnHSq+kSZaZBiuV9QYdIMVGWvibyIJE3GkJlpOV+wRgjE/o6ZGkBf+Izfpg24R42wtBJxIDfb07QquXnZTn/T+na5HB0b0BbO5DTq71qXLcuQ8kje/pvr93FkpJlabjwlYr6dHjkHtjp7Xp9Gjp5xwtSOpnyHOb5bhZodOuBX/+aG+KQTOa4Wf7LE2hhKwvl2VIAjqeT2tLh+9oC9F8BQ1IPLWvxZ2Vq+S2gD5bAs5IB5nySOJs0gUC2rAcrejnCsE+WmvZVU7o4SB+ifisesES4lBfMjpPyo0aNNW0W618goxo9HLLctzNZIAz65TRfQOHCTd7xGfZEvUX24w8OeOZZHxksdxoanWksYxL9yzXQQ0RN+wxBXRqKIQ+UHIeivsujyxwt+ipXLrE3gm6rAvNcP8hdaQwUB+xoWRcoSQr21aPCZnYmYG/xBQulqYM0yF6d89rrj6kTeMpVrQk5P/L9o7zmK+Y78q7yCyEXMbGmccJnSbnAY/+QQzCaM5D2GJDv1kyYPqk8cz51PErhpjbz9DBn2LK3Qi3o61Bsgf5ihsjauUlCV0rXX8jAqkNRCNorHkgEMaJEauXusN+ayBSN67leaxqRMOZjVccSFaPmghvRNBUnhud+6ePcSPEqbkDT3P4X8zj+CWrPSrbIjXtvLCgMAYjFnlvNTwTobK7B5Jf5e01dSQJYDGAMr4naWee6bAfpRtTh2w/PRuLKcqDW2UzK1nD2lztfbsLOle3rGu1gsPemkcd8WM8NH2hHdcrS7pEpruCixNGCt7ipSbLUS3R4BJVVC4R1Z+x6w4dauzXKA25LC7tjLjwUL5Ikl6SM9ades2dwlJnsZKgDdQ/8okcFS3+rDA8l/asqqAMV7semnLd1iMsUfDpfnNw18qiMj5mHARmGevFxnaEjXDVpbh2eJHGyLoafwoxcRV6d68x90Ycpe5DlfZMbgs5RWqLYm/D3oo+6iblgp7lGxiYdROCpDXovkdzpNDDSmkIr//ouptZqTwrVZfUkI2L3wNg5PW4t7oBNUTksi1Evw1PLu3e3wklJtwLL0aGtxRKVk0Q8bHeuEpi9gZuC2CHiMt7X3i5mACMaKPG5LaVU9Eli86j41yjeVEKQGmc/xZLYMOUs/m3CXyHBjvPQreIf5jqcZEgsqIXp3+4r+HJLOizzbjv3kDpamXyzYncjzrwyq3yye/bVshOKjkiNc1ZSQLAtWPQGFb8aFJ+AdUJpBEvHa0eI0oSvWwGb/6tVH3hByfndgKbkhjBpT7KXg5QEo31wkDS5ItQiis0BGS4gmRa3E4YgOObw/E6w/xuVpvqY7R5sjEnUA595qKAx0GaCEi+M1h7ri/KCifRCCXdDSJZpYMjQgvd5vBJZdfbes/+roUz56mWit8lVbYINB1+eaCwNxTyM6Sf24vlcdJkwYBsO2r2vEn6gk8y30W1TUoyoxuCqKnE6cSfOquLigG08rdvx2vISSGa9v/abuzMzs6lKvW2UbwBXaTH4WeiaSs7AM26jgUh2mcjMsp/jBaLV3X8NpK4BaVPeiVtc2J48K2V2Yo30QFoI/GQRCBaK6Ev6G2ILCXkWEX7qb4Q==&u=U2FsdGVkX18GRh2AQp+5HV3ycrHRd7XeAd74C7eiukE=&y=U2FsdGVkX1+NLcUfWkySswwryAsm8hiVSbmYJ+X6YakMy83A733lKJZf3ITKXWXt HTTP/1.1" 200 26
179.33.162.211 - - [03/Nov/2023:10:47:45 -0500] "GET /kwssiamovil/sm/acme/a?s=U2FsdGVkX18TNJIpCy7ryOyAzIQonHhV2OS5wBQO7LErm2n7FF79y/pfbhYiFeWnLNlwNr0/X+XIA302abhg6ZxIHZwMjrrfsPyPC96ha4E5UkIZA+Vm2hdsr0HWMWqUAUI9sPxl5jLUhL5rXN2veCPTgAqPbdOgjVn49y/gQ0w=&u=U2FsdGVkX18GRh2AQp+5HV3ycrHRd7XeAd74C7eiukE=&y=U2FsdGVkX1+NLcUfWkySswwryAsm8hiVSbmYJ+X6YakMy83A733lKJZf3ITKXWXt HTTP/1.1" 200 26
179.33.162.211 - - [03/Nov/2023:10:47:45 -0500] "GET /kwssiamovil/sm/acme/a?s=U2FsdGVkX1/JNCBZ7lucHBbBPCiTChJfxdMdsqvPF03yg2Fqb5c2C1j4MRnFVfvbtX+5RaSLys+D7rv77ccQNwNrYJEF9xkWxiTMRfjDKc8Nuv895UkhCaBz0uUYludGd5Uxj22HDYYVj0qe2Ywj2tpFBbCd7G6liC/9eIBgVC0=&u=U2FsdGVkX18GRh2AQp+5HV3ycrHRd7XeAd74C7eiukE=&y=U2FsdGVkX1+NLcUfWkySswwryAsm8hiVSbmYJ+X6YakMy83A733lKJZf3ITKXWXt HTTP/1.1" 200 26
216.244.66.195 - - [03/Nov/2023:10:47:45 -0500] "GET /BLA/resoluciones/AUTOS%202015/0213.pdf HTTP/1.1" 200 523345
179.33.162.211 - - [03/Nov/2023:10:47:45 -0500] "GET /kwssiamovil/sm/acme/a?s=U2FsdGVkX18X61ymSQKnrOFDGMKum/qZY6uNFWwxt8k8x1JA8Ip2J97st77qtcp5rIkROTgdhHyXvz5v58KUvHz13Y+Q7sTHy8p3f7gVep9ySDfCdrvH3rlldRjj+upCWrcLJrjho2w1Gl3KnEP+Unvb30I9TvE8yiTSm9IppBo=&u=U2FsdGVkX18GRh2AQp+5HV3ycrHRd7XeAd74C7eiukE=&y=U2FsdGVkX1+NLcUfWkySswwryAsm8hiVSbmYJ+X6YakMy83A733lKJZf3ITKXWXt HTTP/1.1" 200 26
179.33.162.211 - - [03/Nov/2023:10:47:46 -0500] "GET /kwssiamovil/sm/acme/a?s=U2FsdGVkX1/o2qlEGT3uqqbY0Zgy213a8R4hXzEpchVAXMFTOS0s8rCbwCVTYd5RK5yaUgSNDXg5HtDl2/+m2geafNnuIxgcbf/6oH1LqA6w0XHqUp2GQZ/GNbIMXCJe1HWz2yygoivbVbun0J0CR/0YL1kcSF2p4E6QRa3yc0w3O0M0xOO/mLK/EVk7ugh4tSX7D+Og/5S0gK5yU060fA==&u=U2FsdGVkX18GRh2AQp+5HV3ycrHRd7XeAd74C7eiukE=&y=U2FsdGVkX1+NLcUfWkySswwryAsm8hiVSbmYJ+X6YakMy83A733lKJZf3ITKXWXt HTTP/1.1" 200 26
179.33.162.211 - - [03/Nov/2023:10:47:46 -0500] "GET /kwssiamovil/sm/acme/a?s=U2FsdGVkX1+rZWotzIys1skuruWf4sxSJidPKzuLSNIyZZM2mqvmKhbtB4K3AryWQbG+JDwXAia473bKJkWsRDPJscG75AubaOjJxdp9AESER/II2WrKtR8xtCnyazKuYiZBorn0cu7eqQOoPGi55j2Qcns3Iub6zr5D7lXIzUnWZ2vAh7RcHbgsdjsoqu4A0lvsA17Co3vlhvmHCX8hN73kLMkHX8lb+J7a0U9x5IGMz6lXHn0we55pmgU8Rt50elmlE4wY82c2qY1WzPTKzE6ml4cAhF8W79Xu6C8LD5FRec3A/Z5BBTYregWrY3d3cVNOI0SXpKek3hd4NtW9Xy3eANP9AIy9oG7Gd00v2A4z7Iw3iqgZx5/cI8V2Ur6BNQRc4XyPXN73GJChq05QxNhIMl62uMa3++05mbRA7pk=&u=U2FsdGVkX18GRh2AQp+5HV3ycrHRd7XeAd74C7eiukE=&y=U2FsdGVkX1+NLcUfWkySswwryAsm8hiVSbmYJ+X6YakMy83A733lKJZf3ITKXWXt HTTP/1.1" 200 25
179.33.162.211 - - [03/Nov/2023:10:47:46 -0500] "GET /kwssiamovil/sm/acme/a?s=U2FsdGVkX1+lxzxggmNR5KsRuBYKGqs9/Q8J2l98LAZT0JWTyC5pDFng1MBrzGKwXRnMMXhW+KG5CRplc7PuhIyuvLhvkrXdWVDspbRgjNaQxfUHkCEymO2NW485bWmvNeuhbJbmD40n3hJDhh7XAWXCYWbgsAe+5F4ROspAwU5n7vcwyah/6w9e7K10rF8cz0OL0/gwuRlviyQ2QOzFO/WIJ2pHwVS5ujJu1VDU2940bclJQNE1Zfqq/qBPz+d8z3fgGmDhyjdjj7VakTUD4QZVocV4eNzyWjgdYI0ZPO+YarJ1Lex3P7c0AhbgW0z6ljIaAXceka99NVEkS03oxgT6xCJtQANI2e2LMVAewHDICd/edA2ncjysQ6bbDjQl&u=U2FsdGVkX18GRh2AQp+5HV3ycrHRd7XeAd74C7eiukE=&y=U2FsdGVkX1+NLcUfWkySswwryAsm8hiVSbmYJ+X6YakMy83A733lKJZf3ITKXWXt HTTP/1.1" 200 25
44.230.252.91 - - [03/Nov/2023:10:47:45 -0500] "GET /BLA/resoluciones/index.php?dir=RESOLUCIONES%202022/&order=asc&sort=date HTTP/1.1" 200 322327
201.245.192.253 - - [03/Nov/2023:10:47:48 -0500] "POST /sipse/faces/presentacion/financiero/solicitudProceso/consultarSolicitudProceso.xhtml HTTP/1.1" 200 46396
201.245.192.253 - - [03/Nov/2023:10:47:48 -0500] "GET /sipse/faces/javax.faces.resource/theme.css?ln=primefaces-sipse HTTP/1.1" 304 -
201.245.192.253 - - [03/Nov/2023:10:47:48 -0500] "GET /sipse/faces/javax.faces.resource/layout/layout.css?ln=primefaces&v=4.0 HTTP/1.1" 304 -
201.245.192.253 - - [03/Nov/2023:10:47:48 -0500] "GET /sipse/faces/javax.faces.resource/primefaces.css?ln=primefaces&v=4.0 HTTP/1.1" 304 -
201.245.192.253 - - [03/Nov/2023:10:47:48 -0500] "GET /sipse/faces/javax.faces.resource/jquery/jquery.js?ln=primefaces&v=4.0 HTTP/1.1" 304 -
201.245.192.253 - - [03/Nov/2023:10:47:48 -0500] "GET /sipse/faces/javax.faces.resource/jquery/jquery-plugins.js?ln=primefaces&v=4.0 HTTP/1.1" 304 -
201.245.192.253 - - [03/Nov/2023:10:47:48 -0500] "GET /sipse/faces/javax.faces.resource/primefaces.js?ln=primefaces&v=4.0 HTTP/1.1" 304 -
201.245.192.253 - - [03/Nov/2023:10:47:48 -0500] "GET /sipse/faces/javax.faces.resource/layout/layout.js?ln=primefaces&v=4.0 HTTP/1.1" 304 -
201.245.192.253 - - [03/Nov/2023:10:47:48 -0500] "POST /sipse/faces/presentacion/financiero/solicitudProceso/listarSolicitudProceso.xhtml HTTP/1.1" 200 39781
201.245.192.253 - - [03/Nov/2023:10:47:49 -0500] "GET /sipse/faces/javax.faces.resource/images/ui-icons_898989_256x240.png?ln=primefaces-aristo HTTP/1.1" 304 -
201.245.192.253 - - [03/Nov/2023:10:47:49 -0500] "POST /sipse/faces/presentacion/financiero/solicitudProceso/listarSolicitudProceso.xhtml HTTP/1.1" 200 39781
201.245.192.253 - - [03/Nov/2023:10:47:49 -0500] "POST /sipse/faces/presentacion/financiero/solicitudProceso/listarSolicitudProceso.xhtml HTTP/1.1" 200 1460
201.245.192.253 - - [03/Nov/2023:10:47:49 -0500] "POST /sipse/faces/presentacion/financiero/solicitudProceso/listarSolicitudProceso.xhtml HTTP/1.1" 200 1468
201.245.192.253 - - [03/Nov/2023:10:47:50 -0500] "POST /sipse/faces/presentacion/financiero/solicitudProceso/listarSolicitudProceso.xhtml HTTP/1.1" 200 1464
201.245.192.253 - - [03/Nov/2023:10:47:52 -0500] "POST /sipse/faces/presentacion/financiero/solicitudProceso/listarSolicitudProceso.xhtml HTTP/1.1" 200 1785
201.245.192.253 - - [03/Nov/2023:10:47:53 -0500] "POST /sipse/faces/presentacion/financiero/solicitudProceso/listarSolicitudProceso.xhtml HTTP/1.1" 200 13456
201.245.192.253 - - [03/Nov/2023:10:47:53 -0500] "POST /sipse/faces/presentacion/financiero/solicitudProceso/listarSolicitudProceso.xhtml HTTP/1.1" 200 25273
201.245.192.253 - - [03/Nov/2023:10:47:53 -0500] "POST /sipse/faces/presentacion/financiero/solicitudProceso/listarSolicitudProceso.xhtml HTTP/1.1" 200 13452
52.25.208.208 - - [03/Nov/2023:10:47:53 -0500] "GET /BLA/resoluciones/index.php?dir=RESOLUCIONES%202022/&order=asc&sort=size HTTP/1.1" 200 322327
201.245.192.253 - - [03/Nov/2023:10:47:56 -0500] "POST /sipse/faces/presentacion/financiero/solicitudProceso/consultarSolicitudProceso.xhtml HTTP/1.1" 200 113785
201.245.192.253 - - [03/Nov/2023:10:47:57 -0500] "POST /sipse/faces/presentacion/financiero/solicitudProceso/listarSolicitudProceso.xhtml HTTP/1.1" 200 1785
201.245.192.253 - - [03/Nov/2023:10:47:58 -0500] "POST /sipse/faces/presentacion/financiero/solicitudProceso/consultarSolicitudProceso.xhtml HTTP/1.1" 200 41365
201.245.192.253 - - [03/Nov/2023:10:47:58 -0500] "GET /sipse/faces/javax.faces.resource/jquery/jquery.js?ln=primefaces&v=4.0 HTTP/1.1" 304 -
201.245.192.253 - - [03/Nov/2023:10:47:58 -0500] "GET /sipse/faces/javax.faces.resource/jquery/jquery-plugins.js?ln=primefaces&v=4.0 HTTP/1.1" 304 -
201.245.192.253 - - [03/Nov/2023:10:47:58 -0500] "GET /sipse/faces/javax.faces.resource/primefaces.js?ln=primefaces&v=4.0 HTTP/1.1" 304 -
201.245.192.253 - - [03/Nov/2023:10:47:58 -0500] "GET /sipse/faces/javax.faces.resource/layout/layout.js?ln=primefaces&v=4.0 HTTP/1.1" 304 -
201.245.192.253 - - [03/Nov/2023:10:47:59 -0500] "POST /sipse/faces/presentacion/financiero/solicitudProceso/consultar.xhtml HTTP/1.1" 200 34782
201.245.192.253 - - [03/Nov/2023:10:47:59 -0500] "POST /sipse/faces/presentacion/financiero/solicitudProceso/consultar.xhtml HTTP/1.1" 200 34782
201.245.192.253 - - [03/Nov/2023:10:47:59 -0500] "POST /sipse/faces/presentacion/financiero/solicitudProceso/consultar.xhtml HTTP/1.1" 200 34782
201.245.192.253 - - [03/Nov/2023:10:47:59 -0500] "POST /sipse/faces/presentacion/financiero/solicitudProceso/consultar.xhtml HTTP/1.1" 200 34782
201.245.192.253 - - [03/Nov/2023:10:48:00 -0500] "POST /sipse/faces/presentacion/financiero/solicitudProceso/listarSolicitudProceso.xhtml HTTP/1.1" 200 43786
201.245.192.253 - - [03/Nov/2023:10:48:01 -0500] "GET /sipse/faces/javax.faces.resource/theme.css?ln=primefaces-sipse HTTP/1.1" 304 -
201.245.192.253 - - [03/Nov/2023:10:48:01 -0500] "GET /sipse/faces/javax.faces.resource/jquery/jquery.js?ln=primefaces&v=4.0 HTTP/1.1" 304 -
201.245.192.253 - - [03/Nov/2023:10:48:01 -0500] "GET /sipse/faces/javax.faces.resource/primefaces.css?ln=primefaces&v=4.0 HTTP/1.1" 304 -
201.245.192.253 - - [03/Nov/2023:10:48:01 -0500] "GET /sipse/faces/javax.faces.resource/layout/layout.css?ln=primefaces&v=4.0 HTTP/1.1" 304 -
201.245.192.253 - - [03/Nov/2023:10:48:01 -0500] "GET /sipse/faces/javax.faces.resource/jquery/jquery-plugins.js?ln=primefaces&v=4.0 HTTP/1.1" 304 -
201.245.192.253 - - [03/Nov/2023:10:48:01 -0500] "GET /sipse/faces/javax.faces.resource/primefaces.js?ln=primefaces&v=4.0 HTTP/1.1" 304 -
201.245.192.253 - - [03/Nov/2023:10:48:01 -0500] "GET /sipse/faces/javax.faces.resource/layout/layout.js?ln=primefaces&v=4.0 HTTP/1.1" 304 -
201.245.192.253 - - [03/Nov/2023:10:48:01 -0500] "POST /sipse/faces/presentacion/financiero/solicitudProceso/consultar.xhtml HTTP/1.1" 200 12812
201.245.192.253 - - [03/Nov/2023:10:48:01 -0500] "POST /sipse/faces/presentacion/financiero/solicitudProceso/consultar.xhtml HTTP/1.1" 200 37197
201.245.192.253 - - [03/Nov/2023:10:48:01 -0500] "POST /sipse/faces/presentacion/financiero/solicitudProceso/consultar.xhtml HTTP/1.1" 200 37197
201.245.192.253 - - [03/Nov/2023:10:48:01 -0500] "POST /sipse/faces/presentacion/financiero/solicitudProceso/consultar.xhtml HTTP/1.1" 200 37197
201.245.192.253 - - [03/Nov/2023:10:48:03 -0500] "POST /sipse/faces/presentacion/financiero/solicitudProceso/consultar.xhtml HTTP/1.1" 200 12831
50.112.160.3 - - [03/Nov/2023:10:48:03 -0500] "GET /BLA/resoluciones/index.php?dir=RESOLUCIONES%202004/RES%202004%201401-1450/&order=asc&sort=date HTTP/1.1" 200 12371
201.245.192.253 - - [03/Nov/2023:10:48:05 -0500] "POST /sipse/faces/presentacion/financiero/solicitudProceso/consultar.xhtml HTTP/1.1" 200 108932
201.245.192.253 - - [03/Nov/2023:10:48:05 -0500] "GET /sipse/faces/javax.faces.resource/theme.css?ln=primefaces-sipse HTTP/1.1" 304 -
201.245.192.253 - - [03/Nov/2023:10:48:05 -0500] "GET /sipse/faces/javax.faces.resource/primefaces.css?ln=primefaces&v=4.0 HTTP/1.1" 304 -
201.245.192.253 - - [03/Nov/2023:10:48:05 -0500] "GET /sipse/faces/javax.faces.resource/layout/layout.css?ln=primefaces&v=4.0 HTTP/1.1" 304 -
201.245.192.253 - - [03/Nov/2023:10:48:05 -0500] "GET /sipse/faces/javax.faces.resource/jquery/jquery.js?ln=primefaces&v=4.0 HTTP/1.1" 304 -
201.245.192.253 - - [03/Nov/2023:10:48:05 -0500] "GET /sipse/faces/javax.faces.resource/jquery/jquery-plugins.js?ln=primefaces&v=4.0 HTTP/1.1" 304 -
201.245.192.253 - - [03/Nov/2023:10:48:06 -0500] "GET /sipse/faces/javax.faces.resource/primefaces.js?ln=primefaces&v=4.0 HTTP/1.1" 304 -
201.245.192.253 - - [03/Nov/2023:10:48:06 -0500] "GET /sipse/faces/javax.faces.resource/layout/layout.js?ln=primefaces&v=4.0 HTTP/1.1" 304 -
201.245.192.253 - - [03/Nov/2023:10:48:06 -0500] "GET /sipse/faces/javax.faces.resource/dynamiccontent.properties?ln=primefaces&pfdrid=XjOR5%2F%2FfPAZAuY9TpWQeCiM0BhlXxYRBGKi%2FQcXXfeA%3D&pfdrid_c=false HTTP/1.1" 500 383
44.230.252.91 - - [03/Nov/2023:10:48:04 -0500] "GET /BLA/resoluciones/index.php?dir=RESOLUCIONES%202022/&order=desc&sort=name HTTP/1.1" 200 322326
201.245.192.253 - - [03/Nov/2023:10:48:06 -0500] "POST /forms/lservlet;jsessionid=ac16012b30d67398b24510264f55a2d4c5826150a17a.e3iSbxaKaheRe3eRa38MahaQbi1ynknvrkLOlQzNp65In0 HTTP/1.1" 200 2
44.230.252.91 - - [03/Nov/2023:10:48:12 -0500] "GET /BLA/resoluciones/index.php?dir=Notificaciones/RESOLUCIONES%202022/&order=desc&sort=date HTTP/1.1" 200 106365
52.167.144.188 - - [03/Nov/2023:10:48:21 -0500] "GET /BLA/resoluciones/AUTOS%202022/0459.pdf HTTP/1.1" 200 407060
201.245.192.253 - - [03/Nov/2023:10:48:19 -0500] "POST /sipse/faces/presentacion/financiero/solicitudProceso/consultarSolicitudProceso.xhtml HTTP/1.1" 200 53003
201.245.192.253 - - [03/Nov/2023:10:48:21 -0500] "GET /sipse/faces/javax.faces.resource/jquery/jquery.js?ln=primefaces&v=4.0 HTTP/1.1" 304 -
201.245.192.253 - - [03/Nov/2023:10:48:21 -0500] "GET /sipse/faces/javax.faces.resource/jquery/jquery-plugins.js?ln=primefaces&v=4.0 HTTP/1.1" 304 -
201.245.192.253 - - [03/Nov/2023:10:48:21 -0500] "GET /sipse/faces/javax.faces.resource/primefaces.js?ln=primefaces&v=4.0 HTTP/1.1" 304 -
201.245.192.253 - - [03/Nov/2023:10:48:22 -0500] "GET /sipse/faces/javax.faces.resource/layout/layout.js?ln=primefaces&v=4.0 HTTP/1.1" 304 -
201.245.192.253 - - [03/Nov/2023:10:48:22 -0500] "POST /sipse/faces/presentacion/financiero/solicitudProceso/listarSolicitudProceso.xhtml HTTP/1.1" 200 1520
100.21.24.205 - - [03/Nov/2023:10:48:22 -0500] "GET /BLA/resoluciones/index.php?dir=RESOLUCIONES%202023/&order=asc&sort=date HTTP/1.1" 200 105964
216.244.66.195 - - [03/Nov/2023:10:48:26 -0500] "GET /BLA/resoluciones/AUTOS%202015/1588.pdf HTTP/1.1" 200 515715
44.230.252.91 - - [03/Nov/2023:10:48:28 -0500] "GET /BLA/resoluciones/index.php?dir=RESOLUCIONES%202023/&order=asc&sort=size HTTP/1.1" 200 105964
201.245.192.253 - - [03/Nov/2023:10:48:29 -0500] "POST /sipse/faces/presentacion/financiero/solicitudProceso/listarSolicitudProceso.xhtml HTTP/1.1" 200 141616
201.245.192.253 - - [03/Nov/2023:10:48:30 -0500] "GET /sipse/faces/javax.faces.resource/jquery/jquery.js?ln=primefaces&v=4.0 HTTP/1.1" 304 -
201.245.192.253 - - [03/Nov/2023:10:48:30 -0500] "GET /sipse/faces/javax.faces.resource/jquery/jquery-plugins.js?ln=primefaces&v=4.0 HTTP/1.1" 304 -
201.245.192.253 - - [03/Nov/2023:10:48:30 -0500] "GET /sipse/faces/javax.faces.resource/primefaces.js?ln=primefaces&v=4.0 HTTP/1.1" 304 -
201.245.192.253 - - [03/Nov/2023:10:48:30 -0500] "GET /sipse/faces/javax.faces.resource/layout/layout.js?ln=primefaces&v=4.0 HTTP/1.1" 304 -
201.245.192.253 - - [03/Nov/2023:10:48:30 -0500] "GET /sipse/faces/javax.faces.resource/dynamiccontent.properties?ln=primefaces&pfdrid=XjOR5%2F%2FfPAZAuY9TpWQeCiM0BhlXxYRBGKi%2FQcXXfeA%3D&pfdrid_c=false HTTP/1.1" 500 383
100.21.24.205 - - [03/Nov/2023:10:48:30 -0500] "GET /BLA/resoluciones/index.php?dir=RESOLUCIONES%202023/&order=desc&sort=name HTTP/1.1" 200 105963
172.22.2.4 - - [03/Nov/2023:10:47:00 -0500] "HEAD /BLA/boletinlegal/ HTTP/1.1" 200 -
201.245.192.253 - - [03/Nov/2023:10:48:41 -0500] "POST /sipse/faces/presentacion/financiero/solicitudProceso/consultarSolicitudProceso.xhtml HTTP/1.1" 200 267639
44.230.252.91 - - [03/Nov/2023:10:48:45 -0500] "GET /BLA/resoluciones/index.php?dir=RESOLUCIONES%20CONJUNTAS/&order=asc&sort=date HTTP/1.1" 200 4762
54.184.159.16 - - [03/Nov/2023:10:48:44 -0500] "GET /BLA/resoluciones/index.php?dir=RESOLUCIONES%202004/RES%202004%20401-450/&order=desc&sort=name HTTP/1.1" 200 12038
100.21.24.205 - - [03/Nov/2023:10:49:01 -0500] "GET /BLA/resoluciones/index.php?dir=RESOLUCIONES%20CONJUNTAS/&order=asc&sort=size HTTP/1.1" 200 4762
201.245.192.253 - - [03/Nov/2023:10:49:00 -0500] "POST /sipse/faces/presentacion/financiero/solicitudProceso/consultarSolicitudProceso.xhtml HTTP/1.1" 200 50022
201.245.192.253 - - [03/Nov/2023:10:49:03 -0500] "GET /sipse/faces/javax.faces.resource/jquery/jquery.js?ln=primefaces&v=4.0 HTTP/1.1" 304 -
201.245.192.253 - - [03/Nov/2023:10:49:03 -0500] "GET /sipse/faces/javax.faces.resource/jquery/jquery-plugins.js?ln=primefaces&v=4.0 HTTP/1.1" 304 -
201.245.192.253 - - [03/Nov/2023:10:49:03 -0500] "GET /sipse/faces/javax.faces.resource/primefaces.js?ln=primefaces&v=4.0 HTTP/1.1" 304 -
201.245.192.253 - - [03/Nov/2023:10:49:03 -0500] "GET /sipse/faces/javax.faces.resource/layout/layout.js?ln=primefaces&v=4.0 HTTP/1.1" 304 -
201.245.192.253 - - [03/Nov/2023:10:49:03 -0500] "POST /sipse/faces/presentacion/financiero/solicitudProceso/listarSolicitudProceso.xhtml HTTP/1.1" 200 1488
54.184.159.16 - - [03/Nov/2023:10:49:09 -0500] "GET /BLA/resoluciones/index.php?dir=Notificaciones/AUTOS%202023/&order=desc&sort=size HTTP/1.1" 200 105124
52.25.208.208 - - [03/Nov/2023:10:49:11 -0500] "GET /BLA/resoluciones/RESOLUCIONES%202006/RES%202006%202501-2550/INDEX.DAT HTTP/1.1" 200 2000
201.245.192.253 - - [03/Nov/2023:10:49:11 -0500] "POST /sipse/faces/presentacion/financiero/solicitudProceso/consultar.xhtml HTTP/1.1" 200 143772
201.245.192.253 - - [03/Nov/2023:10:49:12 -0500] "GET /sipse/faces/javax.faces.resource/jquery/jquery.js?ln=primefaces&v=4.0 HTTP/1.1" 304 -
201.245.192.253 - - [03/Nov/2023:10:49:12 -0500] "GET /sipse/faces/javax.faces.resource/jquery/jquery-plugins.js?ln=primefaces&v=4.0 HTTP/1.1" 304 -
201.245.192.253 - - [03/Nov/2023:10:49:12 -0500] "GET /sipse/faces/javax.faces.resource/primefaces.js?ln=primefaces&v=4.0 HTTP/1.1" 304 -
201.245.192.253 - - [03/Nov/2023:10:49:12 -0500] "GET /sipse/faces/javax.faces.resource/layout/layout.js?ln=primefaces&v=4.0 HTTP/1.1" 304 -
216.244.66.195 - - [03/Nov/2023:10:49:12 -0500] "GET /BLA/resoluciones/AUTOS%202015/1607.pdf HTTP/1.1" 200 349231
201.245.192.253 - - [03/Nov/2023:10:49:12 -0500] "GET /sipse/faces/javax.faces.resource/dynamiccontent.properties?ln=primefaces&pfdrid=XjOR5%2F%2FfPAZAuY9TpWQeCiM0BhlXxYRBGKi%2FQcXXfeA%3D&pfdrid_c=false HTTP/1.1" 500 383
162.55.43.55 - - [03/Nov/2023:10:49:14 -0500] "GET / HTTP/1.1" 200 319
201.245.192.253 - - [03/Nov/2023:10:49:18 -0500] "POST /sipse/faces/presentacion/financiero/solicitudProceso/listarSolicitudProceso.xhtml HTTP/1.1" 200 139923
201.245.192.253 - - [03/Nov/2023:10:49:19 -0500] "GET /sipse/faces/javax.faces.resource/jquery/jquery.js?ln=primefaces&v=4.0 HTTP/1.1" 304 -
201.245.192.253 - - [03/Nov/2023:10:49:19 -0500] "GET /sipse/faces/javax.faces.resource/jquery/jquery-plugins.js?ln=primefaces&v=4.0 HTTP/1.1" 304 -
201.245.192.253 - - [03/Nov/2023:10:49:19 -0500] "GET /sipse/faces/javax.faces.resource/primefaces.js?ln=primefaces&v=4.0 HTTP/1.1" 304 -
201.245.192.253 - - [03/Nov/2023:10:49:19 -0500] "GET /sipse/faces/javax.faces.resource/layout/layout.js?ln=primefaces&v=4.0 HTTP/1.1" 304 -
201.245.192.253 - - [03/Nov/2023:10:49:19 -0500] "GET /sipse/faces/javax.faces.resource/dynamiccontent.properties?ln=primefaces&pfdrid=XjOR5%2F%2FfPAZAuY9TpWQeCiM0BhlXxYRBGKi%2FQcXXfeA%3D&pfdrid_c=false HTTP/1.1" 500 383
201.245.192.253 - - [03/Nov/2023:10:49:25 -0500] "POST /sipse/faces/presentacion/financiero/solicitudProceso/consultarSolicitudProceso.xhtml HTTP/1.1" 200 61418
52.25.208.208 - - [03/Nov/2023:10:49:26 -0500] "GET /BLA/resoluciones/index.php?dir=RESOLUCIONES%202006/ HTTP/1.1" 200 40916
172.22.2.4 - - [03/Nov/2023:10:47:50 -0500] "GET /BLA/boletinlegal/ HTTP/1.1" 200 59360
201.245.192.253 - - [03/Nov/2023:10:49:37 -0500] "POST /sipse/faces/presentacion/financiero/solicitudProceso/consultarSolicitudProceso.xhtml HTTP/1.1" 200 1073654
201.245.192.253 - - [03/Nov/2023:10:49:39 -0500] "POST /forms/lservlet;jsessionid=ac16012b30d6b14c8f46b725431e8887c639ff4d95f3.e3iSbxaKaheRe3eRa38MahaQbi1ynknvrkLOlQzNp65In0 HTTP/1.1" 200 2
100.21.24.205 - - [03/Nov/2023:10:49:38 -0500] "GET /BLA/resoluciones/index.php?dir=Notificaciones/RESOLUCIONES%202022/&order=desc&sort=size HTTP/1.1" 200 106365
100.21.24.205 - - [03/Nov/2023:10:49:48 -0500] "GET /BLA/resoluciones/index.php?dir=RESOLUCIONES%202003/RES%202003%202101-2150/&order=asc&sort=date HTTP/1.1" 200 12160
100.21.24.205 - - [03/Nov/2023:10:49:57 -0500] "GET /BLA/resoluciones/index.php?dir=RESOLUCIONES%202003/RES%202003%202101-2150/&order=asc&sort=size HTTP/1.1" 200 12160
44.230.252.91 - - [03/Nov/2023:10:49:58 -0500] "GET /BLA/resoluciones/index.php?dir=Notificaciones/RESOLUCIONES%202017/&order=desc&sort=name HTTP/1.1" 200 13654
216.244.66.195 - - [03/Nov/2023:10:49:58 -0500] "GET /BLA/resoluciones/AUTOS%202015/1939.pdf HTTP/1.1" 200 515602
201.245.192.253 - - [03/Nov/2023:10:50:00 -0500] "POST /sipse/faces/presentacion/financiero/solicitudProceso/consultarSolicitudProceso.xhtml HTTP/1.1" 200 120042
52.25.208.208 - - [03/Nov/2023:10:50:02 -0500] "GET /BLA/resoluciones/index.php?dir=RESOLUCIONES%202003/RES%202003%202101-2150/&order=desc&sort=name HTTP/1.1" 200 12159
201.245.192.253 - - [03/Nov/2023:10:50:06 -0500] "POST /forms/lservlet;jsessionid=ac16012b30d67398b24510264f55a2d4c5826150a17a.e3iSbxaKaheRe3eRa38MahaQbi1ynknvrkLOlQzNp65In0 HTTP/1.1" 200 2
52.25.208.208 - - [03/Nov/2023:10:50:08 -0500] "GET /BLA/resoluciones/index.php?dir=RESOLUCIONES%202006/RES%202006%202501-2550/ HTTP/1.1" 200 12358
44.230.252.91 - - [03/Nov/2023:10:50:11 -0500] "GET /BLA/resoluciones/index.php?dir=RESOLUCIONES%202006/RES%202006%202501-2550/&order=asc&sort=date HTTP/1.1" 200 12358
201.245.192.253 - - [03/Nov/2023:10:50:14 -0500] "POST /sipse/faces/presentacion/financiero/solicitudProceso/consultarSolicitudProceso.xhtml HTTP/1.1" 200 47058
201.245.192.253 - - [03/Nov/2023:10:50:16 -0500] "GET /sipse/faces/javax.faces.resource/jquery/jquery.js?ln=primefaces&v=4.0 HTTP/1.1" 304 -
201.245.192.253 - - [03/Nov/2023:10:50:16 -0500] "GET /sipse/faces/javax.faces.resource/jquery/jquery-plugins.js?ln=primefaces&v=4.0 HTTP/1.1" 304 -
201.245.192.253 - - [03/Nov/2023:10:50:16 -0500] "GET /sipse/faces/javax.faces.resource/primefaces.js?ln=primefaces&v=4.0 HTTP/1.1" 304 -
201.245.192.253 - - [03/Nov/2023:10:50:16 -0500] "GET /sipse/faces/javax.faces.resource/layout/layout.js?ln=primefaces&v=4.0 HTTP/1.1" 304 -
201.245.192.253 - - [03/Nov/2023:10:50:16 -0500] "POST /sipse/faces/presentacion/financiero/solicitudProceso/listarSolicitudProceso.xhtml HTTP/1.1" 200 1472
52.25.208.208 - - [03/Nov/2023:10:50:16 -0500] "GET /BLA/resoluciones/index.php?dir=RESOLUCIONES%202006/RES%202006%202501-2550/&order=asc&sort=size HTTP/1.1" 200 12358
201.245.192.253 - - [03/Nov/2023:10:50:22 -0500] "POST /kwsrmcab/Wsrmcab  HTTP/1.1" 200 42686
201.245.192.253 - - [03/Nov/2023:10:50:25 -0500] "POST /sipse/faces/presentacion/financiero/solicitudProceso/listarSolicitudProceso.xhtml HTTP/1.1" 200 139713
201.245.192.253 - - [03/Nov/2023:10:50:26 -0500] "GET /sipse/faces/javax.faces.resource/jquery/jquery.js?ln=primefaces&v=4.0 HTTP/1.1" 304 -
201.245.192.253 - - [03/Nov/2023:10:50:26 -0500] "GET /sipse/faces/javax.faces.resource/jquery/jquery-plugins.js?ln=primefaces&v=4.0 HTTP/1.1" 304 -
201.245.192.253 - - [03/Nov/2023:10:50:26 -0500] "GET /sipse/faces/javax.faces.resource/primefaces.js?ln=primefaces&v=4.0 HTTP/1.1" 304 -
201.245.192.253 - - [03/Nov/2023:10:50:26 -0500] "GET /sipse/faces/javax.faces.resource/layout/layout.js?ln=primefaces&v=4.0 HTTP/1.1" 304 -
201.245.192.253 - - [03/Nov/2023:10:50:26 -0500] "GET /sipse/faces/javax.faces.resource/dynamiccontent.properties?ln=primefaces&pfdrid=XjOR5%2F%2FfPAZAuY9TpWQeCiM0BhlXxYRBGKi%2FQcXXfeA%3D&pfdrid_c=false HTTP/1.1" 500 383
52.25.208.208 - - [03/Nov/2023:10:50:28 -0500] "GET /BLA/resoluciones/index.php?dir=RESOLUCIONES%202006/RES%202006%202501-2550/&order=desc&sort=name HTTP/1.1" 200 12357
52.25.208.208 - - [03/Nov/2023:10:50:34 -0500] "GET /BLA/resoluciones/index.php?dir=RESOLUCIONES%20CONJUNTAS/&order=desc&sort=name HTTP/1.1" 200 4761
100.21.24.205 - - [03/Nov/2023:10:50:45 -0500] "GET /BLA/resoluciones/index.php?dir=RESOLUCIONES%202003/RES%202003%20201-250/&order=desc&sort=name HTTP/1.1" 200 12347
216.244.66.195 - - [03/Nov/2023:10:50:49 -0500] "GET /BLA/resoluciones/AUTOS%202015/2691.pdf HTTP/1.1" 200 518848
216.245.221.92 - - [03/Nov/2023:10:50:52 -0500] "HEAD / HTTP/1.1" 200 -
52.25.208.208 - - [03/Nov/2023:10:50:54 -0500] "GET /BLA/resoluciones/index.php?dir=RESOLUCIONES%202003/RES%202003%20201-250/&order=asc&sort=date HTTP/1.1" 200 12348
190.25.64.43 - - [03/Nov/2023:10:50:57 -0500] "GET /sipse/faces/index.xhtml HTTP/1.1" 200 677
190.25.64.43 - - [03/Nov/2023:10:50:58 -0500] "GET /sipse/faces/javax.faces.resource/theme.css?ln=primefaces-sipse HTTP/1.1" 304 -
190.25.64.43 - - [03/Nov/2023:10:50:59 -0500] "GET /sipse/faces/faces/autenticacion.xhtml HTTP/1.1" 200 12406
52.25.208.208 - - [03/Nov/2023:10:50:59 -0500] "GET /BLA/resoluciones/index.php?dir=RESOLUCIONES%202003/RES%202003%20201-250/&order=asc&sort=size HTTP/1.1" 200 12348
190.25.64.43 - - [03/Nov/2023:10:50:59 -0500] "GET /sipse/css/custom_css_sg.css HTTP/1.1" 200 9694
190.25.64.43 - - [03/Nov/2023:10:50:59 -0500] "GET /sipse/css/custom_css_sg_prime_login.css HTTP/1.1" 200 443
190.25.64.43 - - [03/Nov/2023:10:50:59 -0500] "GET /sipse/faces/javax.faces.resource/theme.css?ln=primefaces-sipse HTTP/1.1" 304 -
190.25.64.43 - - [03/Nov/2023:10:50:59 -0500] "GET /sipse/faces/javax.faces.resource/primefaces.css?ln=primefaces&v=4.0 HTTP/1.1" 304 -
190.25.64.43 - - [03/Nov/2023:10:50:59 -0500] "GET /sipse/js/disable_browser_buttons.js HTTP/1.1" 304 -
190.25.64.43 - - [03/Nov/2023:10:50:59 -0500] "GET /sipse/faces/javax.faces.resource/layout/layout.css?ln=primefaces&v=4.0 HTTP/1.1" 304 -
190.25.64.43 - - [03/Nov/2023:10:50:59 -0500] "GET /sipse/faces/javax.faces.resource/jquery/jquery-plugins.js?ln=primefaces&v=4.0 HTTP/1.1" 304 -
190.25.64.43 - - [03/Nov/2023:10:50:59 -0500] "GET /sipse/faces/javax.faces.resource/jquery/jquery.js?ln=primefaces&v=4.0 HTTP/1.1" 304 -
190.25.64.43 - - [03/Nov/2023:10:50:59 -0500] "GET /sipse/faces/javax.faces.resource/primefaces.js?ln=primefaces&v=4.0 HTTP/1.1" 304 -
190.25.64.43 - - [03/Nov/2023:10:50:59 -0500] "GET /sipse/faces/javax.faces.resource/layout/layout.js?ln=primefaces&v=4.0 HTTP/1.1" 304 -
190.25.64.43 - - [03/Nov/2023:10:50:59 -0500] "GET /sipse/js/funciones.js HTTP/1.1" 304 -
190.25.64.43 - - [03/Nov/2023:10:51:00 -0500] "GET /sipse/css/imagen/logoSDG.png HTTP/1.1" 200 53064
190.25.64.43 - - [03/Nov/2023:10:51:00 -0500] "GET /sipse/css/imagen/loginimg.png HTTP/1.1" 200 71635
190.25.64.43 - - [03/Nov/2023:10:51:00 -0500] "GET /sipse/faces/javax.faces.resource/images/ui-icons_898989_256x240.png?ln=primefaces-aristo HTTP/1.1" 200 5355
201.245.192.253 - - [03/Nov/2023:10:51:29 -0500] "GET /sipse/faces/index.xhtml HTTP/1.1" 200 677
201.245.192.253 - - [03/Nov/2023:10:51:29 -0500] "GET /sipse/faces/javax.faces.resource/theme.css?ln=primefaces-sipse HTTP/1.1" 304 -
201.245.192.253 - - [03/Nov/2023:10:51:29 -0500] "GET /sipse/faces/faces/autenticacion.xhtml HTTP/1.1" 200 12406
201.245.192.253 - - [03/Nov/2023:10:51:29 -0500] "GET /sipse/js/disable_browser_buttons.js HTTP/1.1" 200 3230
201.245.192.253 - - [03/Nov/2023:10:51:29 -0500] "GET /sipse/js/funciones.js HTTP/1.1" 200 12592
201.245.192.253 - - [03/Nov/2023:10:51:29 -0500] "GET /sipse/css/custom_css_sg.css HTTP/1.1" 200 9694
201.245.192.253 - - [03/Nov/2023:10:51:29 -0500] "GET /sipse/css/custom_css_sg_prime_login.css HTTP/1.1" 200 443
201.245.192.253 - - [03/Nov/2023:10:51:29 -0500] "GET /sipse/faces/javax.faces.resource/jquery/jquery.js?ln=primefaces&v=4.0 HTTP/1.1" 304 -
201.245.192.253 - - [03/Nov/2023:10:51:29 -0500] "GET /sipse/faces/javax.faces.resource/primefaces.css?ln=primefaces&v=4.0 HTTP/1.1" 304 -
201.245.192.253 - - [03/Nov/2023:10:51:29 -0500] "GET /sipse/faces/javax.faces.resource/layout/layout.css?ln=primefaces&v=4.0 HTTP/1.1" 304 -
201.245.192.253 - - [03/Nov/2023:10:51:29 -0500] "GET /sipse/faces/javax.faces.resource/jquery/jquery-plugins.js?ln=primefaces&v=4.0 HTTP/1.1" 304 -
201.245.192.253 - - [03/Nov/2023:10:51:29 -0500] "GET /sipse/faces/javax.faces.resource/theme.css?ln=primefaces-sipse HTTP/1.1" 304 -
201.245.192.253 - - [03/Nov/2023:10:51:29 -0500] "GET /sipse/faces/javax.faces.resource/primefaces.js?ln=primefaces&v=4.0 HTTP/1.1" 304 -
201.245.192.253 - - [03/Nov/2023:10:51:29 -0500] "GET /sipse/faces/javax.faces.resource/layout/layout.js?ln=primefaces&v=4.0 HTTP/1.1" 304 -
201.245.192.253 - - [03/Nov/2023:10:51:30 -0500] "GET /sipse/css/imagen/logoSDG.png HTTP/1.1" 200 53064
201.245.192.253 - - [03/Nov/2023:10:51:30 -0500] "GET /sipse/faces/javax.faces.resource/images/ui-icons_898989_256x240.png?ln=primefaces-aristo HTTP/1.1" 304 -
201.245.192.253 - - [03/Nov/2023:10:51:30 -0500] "GET /sipse/css/imagen/loginimg.png HTTP/1.1" 200 71635
201.245.192.253 - - [03/Nov/2023:10:51:32 -0500] "POST /sipse/faces/autenticacion.xhtml HTTP/1.1" 200 16173
201.245.192.253 - - [03/Nov/2023:10:51:33 -0500] "GET /sipse/css/custom_css_sg_prime.css HTTP/1.1" 200 5201
201.245.192.253 - - [03/Nov/2023:10:51:33 -0500] "GET /sipse/faces/javax.faces.resource/layout/layout.css?ln=primefaces&v=4.0 HTTP/1.1" 304 -
201.245.192.253 - - [03/Nov/2023:10:51:33 -0500] "GET /sipse/faces/javax.faces.resource/theme.css?ln=primefaces-sipse HTTP/1.1" 304 -
201.245.192.253 - - [03/Nov/2023:10:51:33 -0500] "GET /sipse/faces/javax.faces.resource/primefaces.css?ln=primefaces&v=4.0 HTTP/1.1" 304 -
201.245.192.253 - - [03/Nov/2023:10:51:33 -0500] "GET /sipse/js/jquery.min.js HTTP/1.1" 200 85582
201.245.192.253 - - [03/Nov/2023:10:51:33 -0500] "GET /sipse/faces/javax.faces.resource/jquery/jquery.js?ln=primefaces&v=4.0 HTTP/1.1" 304 -
201.245.192.253 - - [03/Nov/2023:10:51:33 -0500] "GET /sipse/faces/javax.faces.resource/jquery/jquery-plugins.js?ln=primefaces&v=4.0 HTTP/1.1" 304 -
201.245.192.253 - - [03/Nov/2023:10:51:33 -0500] "GET /sipse/faces/javax.faces.resource/primefaces.js?ln=primefaces&v=4.0 HTTP/1.1" 304 -
201.245.192.253 - - [03/Nov/2023:10:51:33 -0500] "GET /sipse/faces/javax.faces.resource/layout/layout.js?ln=primefaces&v=4.0 HTTP/1.1" 304 -
201.245.192.253 - - [03/Nov/2023:10:51:33 -0500] "GET /sipse/css/v_mergente.css HTTP/1.1" 200 1505
201.245.192.253 - - [03/Nov/2023:10:51:33 -0500] "GET /sipse/css/imagen/contrasena.png HTTP/1.1" 404 383
201.245.192.253 - - [03/Nov/2023:10:51:33 -0500] "GET /sipse/imagenes/cargando.gif HTTP/1.1" 200 36959
201.245.192.253 - - [03/Nov/2023:10:51:33 -0500] "GET /sipse/imagenes/logoAplicacion.jpg HTTP/1.1" 200 155084
201.245.192.253 - - [03/Nov/2023:10:51:33 -0500] "GET /sipse/faces/javax.faces.resource/messages/messages.png?ln=primefaces&v=4.0 HTTP/1.1" 304 -
201.245.192.253 - - [03/Nov/2023:10:51:37 -0500] "GET /sipse/faces/javax.faces.resource/images/ui-bg_flat_0_2d5972_40x100.png?ln=primefaces-aristo HTTP/1.1" 304 -
201.245.192.253 - - [03/Nov/2023:10:51:37 -0500] "POST /sipse/faces/bienvenido.xhtml HTTP/1.1" 200 9243
201.245.192.253 - - [03/Nov/2023:10:51:38 -0500] "POST /sipse/faces/bienvenido.xhtml HTTP/1.1" 200 1473
216.244.66.195 - - [03/Nov/2023:10:51:39 -0500] "GET /BLA/resoluciones/RESOLUCIONES%202011/0332.pdf HTTP/1.1" 200 69799
201.245.192.253 - - [03/Nov/2023:10:51:39 -0500] "POST /forms/lservlet;jsessionid=ac16012b30d6b14c8f46b725431e8887c639ff4d95f3.e3iSbxaKaheRe3eRa38MahaQbi1ynknvrkLOlQzNp65In0 HTTP/1.1" 200 2
201.245.192.253 - - [03/Nov/2023:10:51:40 -0500] "POST /sipse/faces/bienvenido.xhtml HTTP/1.1" 200 37761
201.245.192.253 - - [03/Nov/2023:10:51:41 -0500] "GET /sipse/faces/javax.faces.resource/primefaces.css?ln=primefaces&v=4.0 HTTP/1.1" 304 -
201.245.192.253 - - [03/Nov/2023:10:51:41 -0500] "GET /sipse/faces/javax.faces.resource/theme.css?ln=primefaces-sipse HTTP/1.1" 304 -
201.245.192.253 - - [03/Nov/2023:10:51:41 -0500] "GET /sipse/faces/javax.faces.resource/layout/layout.css?ln=primefaces&v=4.0 HTTP/1.1" 304 -
201.245.192.253 - - [03/Nov/2023:10:51:41 -0500] "GET /sipse/faces/javax.faces.resource/jquery/jquery.js?ln=primefaces&v=4.0 HTTP/1.1" 304 -
201.245.192.253 - - [03/Nov/2023:10:51:41 -0500] "GET /sipse/faces/javax.faces.resource/jquery/jquery-plugins.js?ln=primefaces&v=4.0 HTTP/1.1" 304 -
201.245.192.253 - - [03/Nov/2023:10:51:41 -0500] "GET /sipse/faces/javax.faces.resource/primefaces.js?ln=primefaces&v=4.0 HTTP/1.1" 304 -
201.245.192.253 - - [03/Nov/2023:10:51:41 -0500] "GET /sipse/faces/javax.faces.resource/layout/layout.js?ln=primefaces&v=4.0 HTTP/1.1" 304 -
201.245.192.253 - - [03/Nov/2023:10:51:40 -0500] "POST /sipse/faces/presentacion/financiero/solicitudProceso/consultarSolicitudProceso.xhtml HTTP/1.1" 200 44129
201.245.192.253 - - [03/Nov/2023:10:51:42 -0500] "GET /sipse/faces/javax.faces.resource/jquery/jquery.js?ln=primefaces&v=4.0 HTTP/1.1" 304 -
201.245.192.253 - - [03/Nov/2023:10:51:42 -0500] "GET /sipse/faces/javax.faces.resource/jquery/jquery-plugins.js?ln=primefaces&v=4.0 HTTP/1.1" 304 -
201.245.192.253 - - [03/Nov/2023:10:51:42 -0500] "GET /sipse/faces/javax.faces.resource/primefaces.js?ln=primefaces&v=4.0 HTTP/1.1" 304 -
201.245.192.253 - - [03/Nov/2023:10:51:42 -0500] "GET /sipse/faces/javax.faces.resource/layout/layout.js?ln=primefaces&v=4.0 HTTP/1.1" 304 -
201.245.192.253 - - [03/Nov/2023:10:51:42 -0500] "POST /sipse/faces/presentacion/financiero/solicitudProceso/listarSolicitudProceso.xhtml HTTP/1.1" 200 1460
52.25.208.208 - - [03/Nov/2023:10:51:43 -0500] "GET /BLA/resoluciones/index.php?dir=Notificaciones/&order=asc&sort=name HTTP/1.1" 200 11650
201.245.192.253 - - [03/Nov/2023:10:51:45 -0500] "POST /sipse/faces/presentacion/financiero/solicitudProceso/consultar.xhtml HTTP/1.1" 200 12812
201.245.192.253 - - [03/Nov/2023:10:51:50 -0500] "POST /sipse/faces/presentacion/financiero/solicitudProceso/consultar.xhtml HTTP/1.1" 200 143209
201.245.192.253 - - [03/Nov/2023:10:51:51 -0500] "GET /sipse/faces/javax.faces.resource/theme.css?ln=primefaces-sipse HTTP/1.1" 304 -
201.245.192.253 - - [03/Nov/2023:10:51:51 -0500] "GET /sipse/faces/javax.faces.resource/layout/layout.css?ln=primefaces&v=4.0 HTTP/1.1" 304 -
201.245.192.253 - - [03/Nov/2023:10:51:51 -0500] "GET /sipse/faces/javax.faces.resource/primefaces.css?ln=primefaces&v=4.0 HTTP/1.1" 304 -
201.245.192.253 - - [03/Nov/2023:10:51:51 -0500] "GET /sipse/faces/javax.faces.resource/jquery/jquery.js?ln=primefaces&v=4.0 HTTP/1.1" 304 -
201.245.192.253 - - [03/Nov/2023:10:51:51 -0500] "GET /sipse/faces/javax.faces.resource/jquery/jquery-plugins.js?ln=primefaces&v=4.0 HTTP/1.1" 304 -
201.245.192.253 - - [03/Nov/2023:10:51:51 -0500] "GET /sipse/faces/javax.faces.resource/primefaces.js?ln=primefaces&v=4.0 HTTP/1.1" 304 -
201.245.192.253 - - [03/Nov/2023:10:51:51 -0500] "GET /sipse/faces/javax.faces.resource/layout/layout.js?ln=primefaces&v=4.0 HTTP/1.1" 304 -
201.245.192.253 - - [03/Nov/2023:10:51:51 -0500] "GET /sipse/faces/javax.faces.resource/dynamiccontent.properties?ln=primefaces&pfdrid=XjOR5%2F%2FfPAZAuY9TpWQeCiM0BhlXxYRBGKi%2FQcXXfeA%3D&pfdrid_c=false HTTP/1.1" 500 383
201.245.192.253 - - [03/Nov/2023:10:51:59 -0500] "POST /sipse/faces/presentacion/financiero/solicitudProceso/consultarSolicitudProceso.xhtml HTTP/1.1" 200 36370
201.245.192.253 - - [03/Nov/2023:10:52:01 -0500] "GET /sipse/faces/javax.faces.resource/theme.css?ln=primefaces-sipse HTTP/1.1" 304 -
201.245.192.253 - - [03/Nov/2023:10:52:01 -0500] "GET /sipse/faces/javax.faces.resource/primefaces.css?ln=primefaces&v=4.0 HTTP/1.1" 304 -
201.245.192.253 - - [03/Nov/2023:10:52:01 -0500] "GET /sipse/faces/javax.faces.resource/jquery/jquery-plugins.js?ln=primefaces&v=4.0 HTTP/1.1" 304 -
201.245.192.253 - - [03/Nov/2023:10:52:01 -0500] "GET /sipse/faces/javax.faces.resource/primefaces.js?ln=primefaces&v=4.0 HTTP/1.1" 304 -
201.245.192.253 - - [03/Nov/2023:10:52:01 -0500] "GET /sipse/faces/javax.faces.resource/jquery/jquery.js?ln=primefaces&v=4.0 HTTP/1.1" 304 -
201.245.192.253 - - [03/Nov/2023:10:52:01 -0500] "GET /sipse/faces/javax.faces.resource/layout/layout.css?ln=primefaces&v=4.0 HTTP/1.1" 304 -
201.245.192.253 - - [03/Nov/2023:10:52:01 -0500] "GET /sipse/faces/javax.faces.resource/layout/layout.js?ln=primefaces&v=4.0 HTTP/1.1" 304 -
201.245.192.253 - - [03/Nov/2023:10:52:06 -0500] "POST /forms/lservlet;jsessionid=ac16012b30d67398b24510264f55a2d4c5826150a17a.e3iSbxaKaheRe3eRa38MahaQbi1ynknvrkLOlQzNp65In0 HTTP/1.1" 200 2
201.245.192.253 - - [03/Nov/2023:10:52:07 -0500] "POST /sipse/faces/presentacion/financiero/solicitudProceso/consultarHistorialSolProceso.xhtml HTTP/1.1" 200 188955
201.245.192.253 - - [03/Nov/2023:10:52:08 -0500] "GET /sipse/faces/javax.faces.resource/layout/layout.css?ln=primefaces&v=4.0 HTTP/1.1" 304 -
201.245.192.253 - - [03/Nov/2023:10:52:08 -0500] "GET /sipse/faces/javax.faces.resource/jquery/jquery-plugins.js?ln=primefaces&v=4.0 HTTP/1.1" 304 -
201.245.192.253 - - [03/Nov/2023:10:52:08 -0500] "GET /sipse/faces/javax.faces.resource/theme.css?ln=primefaces-sipse HTTP/1.1" 304 -
201.245.192.253 - - [03/Nov/2023:10:52:08 -0500] "GET /sipse/faces/javax.faces.resource/primefaces.css?ln=primefaces&v=4.0 HTTP/1.1" 304 -
201.245.192.253 - - [03/Nov/2023:10:52:08 -0500] "GET /sipse/faces/javax.faces.resource/jquery/jquery.js?ln=primefaces&v=4.0 HTTP/1.1" 304 -
201.245.192.253 - - [03/Nov/2023:10:52:08 -0500] "GET /sipse/faces/javax.faces.resource/primefaces.js?ln=primefaces&v=4.0 HTTP/1.1" 304 -
201.245.192.253 - - [03/Nov/2023:10:52:08 -0500] "GET /sipse/faces/javax.faces.resource/layout/layout.js?ln=primefaces&v=4.0 HTTP/1.1" 304 -
201.245.192.253 - - [03/Nov/2023:10:52:08 -0500] "GET /sipse/faces/javax.faces.resource/dynamiccontent.properties?ln=primefaces&pfdrid=XjOR5%2F%2FfPAZAuY9TpWQeCiM0BhlXxYRBGKi%2FQcXXfeA%3D&pfdrid_c=false HTTP/1.1" 500 383
201.245.192.253 - - [03/Nov/2023:10:52:10 -0500] "POST /sipse/faces/presentacion/financiero/solicitudProceso/listarSolicitudProceso.xhtml HTTP/1.1" 200 170392
201.245.192.253 - - [03/Nov/2023:10:52:11 -0500] "GET /sipse/js/jquery.min.js HTTP/1.1" 200 21236
201.245.192.253 - - [03/Nov/2023:10:52:11 -0500] "GET /sipse/faces/javax.faces.resource/jquery/jquery.js?ln=primefaces&v=4.0 HTTP/1.1" 304 -
201.245.192.253 - - [03/Nov/2023:10:52:11 -0500] "GET /sipse/faces/javax.faces.resource/jquery/jquery-plugins.js?ln=primefaces&v=4.0 HTTP/1.1" 304 -
