!C99Shell v. 1.0 pre-release build #13!

Software: Apache. PHP/5.5.15 

uname -a: Windows NT SVR-DMZ 6.1 build 7600 (Windows Server 2008 R2 Enterprise Edition) i586 

SYSTEM 

Safe-mode: OFF (not secure)

E:\nuevo\apache\logs\   drwxrwxrwx
Free 5.02 GB of 239.26 GB (2.1%)
Detected drives: [ a ] [ c ] [ d ] [ e ] [ f ]
Home    Back    Forward    UPDIR    Refresh    Search    Buffer    Encoder    Tools    Proc.    FTP brute    Sec.    SQL    PHP-code    Update    Feedback    Self remove    Logout    


Viewing file:     access.2023.11.03.log (3.01 MB)      -rw-rw-rw-
Select action/file-type:
(+) | (+) | (+) | Code (+) | Session (+) | (+) | SDB (+) | (+) | (+) | (+) | (+) | (+) |
201.245.192.253 - - [03/Nov/2023:00:01:36 -0500] "POST /forms/lservlet;jsessionid=ac16012b30d6b14c8f46b725431e8887c639ff4d95f3.e3iSbxaKaheRe3eRa38MahaQbi1ynknvrkLOlQzNp65In0 HTTP/1.1" 200 2
201.245.192.253 - - [03/Nov/2023:00:02:34 -0500] "POST /kwsrmcab/Wsrmcab  HTTP/1.1" 200 42686
172.22.2.4 - - [03/Nov/2023:00:00:59 -0500] "HEAD /BLA/boletinlegal/ HTTP/1.1" 200 -
66.249.66.20 - - [03/Nov/2023:00:02:44 -0500] "GET /Publicaciones/2022EE271856.pdf HTTP/1.1" 404 228
66.249.66.20 - - [03/Nov/2023:00:03:01 -0500] "GET /BLA/resoluciones/RESOLUCIONES%202010/7096.pdf HTTP/1.1" 200 267721
172.22.2.4 - - [03/Nov/2023:00:01:50 -0500] "GET /BLA/boletinlegal/ HTTP/1.1" 200 60224
201.245.192.253 - - [03/Nov/2023:00:03:36 -0500] "POST /forms/lservlet;jsessionid=ac16012b30d6b14c8f46b725431e8887c639ff4d95f3.e3iSbxaKaheRe3eRa38MahaQbi1ynknvrkLOlQzNp65In0 HTTP/1.1" 200 2
64.62.197.177 - - [03/Nov/2023:00:04:15 -0500] "\x16\x03\x01" 400 226
216.245.221.92 - - [03/Nov/2023:00:04:19 -0500] "HEAD / HTTP/1.1" 200 -
201.245.192.253 - - [03/Nov/2023:00:05:36 -0500] "POST /forms/lservlet;jsessionid=ac16012b30d6b14c8f46b725431e8887c639ff4d95f3.e3iSbxaKaheRe3eRa38MahaQbi1ynknvrkLOlQzNp65In0 HTTP/1.1" 200 2
52.167.144.187 - - [03/Nov/2023:00:05:50 -0500] "GET /BLA/resoluciones/AUTOS%202023/5135.pdf HTTP/1.1" 200 820924
40.77.167.4 - - [03/Nov/2023:00:06:01 -0500] "GET /Publicaciones/2023EE250137.pdf HTTP/1.1" 200 231847
201.245.192.253 - - [03/Nov/2023:00:07:34 -0500] "POST /kwsrmcab/Wsrmcab  HTTP/1.1" 200 42686
201.245.192.253 - - [03/Nov/2023:00:07:36 -0500] "POST /forms/lservlet;jsessionid=ac16012b30d6b14c8f46b725431e8887c639ff4d95f3.e3iSbxaKaheRe3eRa38MahaQbi1ynknvrkLOlQzNp65In0 HTTP/1.1" 200 2
172.22.2.4 - - [03/Nov/2023:00:06:49 -0500] "HEAD /BLA/boletinlegal/ HTTP/1.1" 200 -
216.245.221.92 - - [03/Nov/2023:00:09:19 -0500] "HEAD / HTTP/1.1" 200 -
172.22.2.4 - - [03/Nov/2023:00:07:40 -0500] "GET /BLA/boletinlegal/ HTTP/1.1" 200 58294
201.245.192.253 - - [03/Nov/2023:00:09:36 -0500] "POST /forms/lservlet;jsessionid=ac16012b30d6b14c8f46b725431e8887c639ff4d95f3.e3iSbxaKaheRe3eRa38MahaQbi1ynknvrkLOlQzNp65In0 HTTP/1.1" 200 2
40.77.167.27 - - [03/Nov/2023:00:10:43 -0500] "GET /BLA/resoluciones/RESOLUCIONES%202023/1744.pdf HTTP/1.1" 200 378836
201.245.192.253 - - [03/Nov/2023:00:11:36 -0500] "POST /forms/lservlet;jsessionid=ac16012b30d6b14c8f46b725431e8887c639ff4d95f3.e3iSbxaKaheRe3eRa38MahaQbi1ynknvrkLOlQzNp65In0 HTTP/1.1" 200 2
186.30.63.76 - - [03/Nov/2023:00:12:09 -0500] "GET /BLA/resoluciones/RESOLUCIONES%202010/6244.pdf HTTP/1.1" 200 84594
186.30.63.76 - - [03/Nov/2023:00:12:09 -0500] "GET /favicon.ico HTTP/1.1" 200 7782
201.245.192.253 - - [03/Nov/2023:00:12:32 -0500] "POST /kwsrmcab/Wsrmcab  HTTP/1.1" 200 42686
216.244.66.195 - - [03/Nov/2023:00:12:46 -0500] "GET /robots.txt HTTP/1.1" 404 1018
40.77.167.27 - - [03/Nov/2023:00:13:02 -0500] "GET /BLA/resoluciones/AUTOS%202022/3219.pdf HTTP/1.1" 304 -
201.245.192.253 - - [03/Nov/2023:00:13:36 -0500] "POST /forms/lservlet;jsessionid=ac16012b30d6b14c8f46b725431e8887c639ff4d95f3.e3iSbxaKaheRe3eRa38MahaQbi1ynknvrkLOlQzNp65In0 HTTP/1.1" 200 2
40.77.167.24 - - [03/Nov/2023:00:14:02 -0500] "GET /Publicaciones/2023EE250130.pdf HTTP/1.1" 200 231867
216.245.221.92 - - [03/Nov/2023:00:14:19 -0500] "HEAD / HTTP/1.1" 200 -
172.22.2.4 - - [03/Nov/2023:00:12:39 -0500] "HEAD /BLA/boletinlegal/ HTTP/1.1" 200 -
152.61.192.232 - - [03/Nov/2023:00:14:23 -0500] "GET / HTTP/1.1" 200 319
172.22.2.4 - - [03/Nov/2023:00:13:30 -0500] "GET /BLA/boletinlegal/ HTTP/1.1" 200 60634
201.245.192.253 - - [03/Nov/2023:00:15:36 -0500] "POST /forms/lservlet;jsessionid=ac16012b30d6b14c8f46b725431e8887c639ff4d95f3.e3iSbxaKaheRe3eRa38MahaQbi1ynknvrkLOlQzNp65In0 HTTP/1.1" 200 2
40.77.167.24 - - [03/Nov/2023:00:16:02 -0500] "GET /BLA/resoluciones/RESOLUCIONES%202021/1192.pdf HTTP/1.1" 200 384541
40.77.167.79 - - [03/Nov/2023:00:17:11 -0500] "GET /bla/resoluciones/notificaciones/autos%202020/1232.pdf HTTP/1.1" 200 751071
201.245.192.253 - - [03/Nov/2023:00:17:22 -0500] "POST /kwsrmcab/Wsrmcab HTTP/1.1" 200 41860
201.245.192.253 - - [03/Nov/2023:00:17:26 -0500] "POST /kwsrmcab/Wsrmcab HTTP/1.1" 200 40499
68.183.36.175 - - [03/Nov/2023:00:17:32 -0500] "\x16\x03\x01\x01\xfd\x01" 400 226
201.245.192.253 - - [03/Nov/2023:00:17:32 -0500] "POST /kwsrmcab/Wsrmcab  HTTP/1.1" 200 42686
201.245.192.253 - - [03/Nov/2023:00:17:36 -0500] "POST /forms/lservlet;jsessionid=ac16012b30d6b14c8f46b725431e8887c639ff4d95f3.e3iSbxaKaheRe3eRa38MahaQbi1ynknvrkLOlQzNp65In0 HTTP/1.1" 200 2
216.245.221.92 - - [03/Nov/2023:00:19:19 -0500] "HEAD / HTTP/1.1" 200 -
201.245.192.253 - - [03/Nov/2023:00:19:36 -0500] "POST /forms/lservlet;jsessionid=ac16012b30d6b14c8f46b725431e8887c639ff4d95f3.e3iSbxaKaheRe3eRa38MahaQbi1ynknvrkLOlQzNp65In0 HTTP/1.1" 200 2
172.22.2.4 - - [03/Nov/2023:00:18:29 -0500] "HEAD /BLA/boletinlegal/ HTTP/1.1" 200 -
201.245.192.253 - - [03/Nov/2023:00:20:34 -0500] "POST /kwsrmcab/Wsrmcab HTTP/1.1" 200 41860
201.245.192.253 - - [03/Nov/2023:00:20:38 -0500] "POST /kwsrmcab/Wsrmcab HTTP/1.1" 200 40499
172.22.2.4 - - [03/Nov/2023:00:19:20 -0500] "GET /BLA/boletinlegal/ HTTP/1.1" 200 60634
52.167.144.20 - - [03/Nov/2023:00:21:00 -0500] "GET /galeria/galeria/fotos/Huemdal-el-Tunjo1G.jpg HTTP/1.1" 200 393262
156.96.44.210 - - [03/Nov/2023:00:21:36 -0500] "GET /.env HTTP/1.1" 404 1018
156.96.44.210 - - [03/Nov/2023:00:21:36 -0500] "POST / HTTP/1.1" 200 319
201.245.192.253 - - [03/Nov/2023:00:21:36 -0500] "POST /forms/lservlet;jsessionid=ac16012b30d6b14c8f46b725431e8887c639ff4d95f3.e3iSbxaKaheRe3eRa38MahaQbi1ynknvrkLOlQzNp65In0 HTTP/1.1" 200 2
201.245.192.253 - - [03/Nov/2023:00:22:31 -0500] "POST /kwsrmcab/Wsrmcab  HTTP/1.1" 200 42686
66.249.66.39 - - [03/Nov/2023:00:23:05 -0500] "GET /secretaria-de-ambiente-entrego-balance-de-su-gestion-en-2022-y-presento-los-retos-para-el-2023.html HTTP/1.1" 304 -
201.245.192.253 - - [03/Nov/2023:00:23:36 -0500] "POST /forms/lservlet;jsessionid=ac16012b30d6b14c8f46b725431e8887c639ff4d95f3.e3iSbxaKaheRe3eRa38MahaQbi1ynknvrkLOlQzNp65In0 HTTP/1.1" 200 2
216.245.221.92 - - [03/Nov/2023:00:24:19 -0500] "HEAD / HTTP/1.1" 200 -
31.13.127.9 - - [03/Nov/2023:00:24:29 -0500] "GET /semana-ecoempresarial-herramientas-para-que-el-sector-economico-de-bogota-pueda-tener-un-crecimiento-verde.html HTTP/1.1" 200 918
201.245.192.253 - - [03/Nov/2023:00:25:36 -0500] "POST /forms/lservlet;jsessionid=ac16012b30d6b14c8f46b725431e8887c639ff4d95f3.e3iSbxaKaheRe3eRa38MahaQbi1ynknvrkLOlQzNp65In0 HTTP/1.1" 200 2
52.167.144.16 - - [03/Nov/2023:00:25:53 -0500] "GET /BLA/resoluciones/RESOLUCIONES%202021/1331.pdf HTTP/1.1" 200 419633
172.22.2.4 - - [03/Nov/2023:00:24:19 -0500] "HEAD /BLA/boletinlegal/ HTTP/1.1" 200 -
152.61.128.50 - - [03/Nov/2023:00:26:09 -0500] "GET / HTTP/1.1" 200 319
172.22.2.4 - - [03/Nov/2023:00:25:10 -0500] "GET /BLA/boletinlegal/ HTTP/1.1" 200 58294
66.249.66.20 - - [03/Nov/2023:00:27:15 -0500] "GET /BLA/resoluciones/RESOLUCIONES%202007/RES%202007%202101%20AL%202200/RESOLUCION%202143%20DE%202007.pdf HTTP/1.1" 200 926874
201.245.192.253 - - [03/Nov/2023:00:27:22 -0500] "POST /kwsrmcab/Wsrmcab HTTP/1.1" 200 41860
201.245.192.253 - - [03/Nov/2023:00:27:24 -0500] "POST /kwsrmcab/Wsrmcab HTTP/1.1" 200 40499
201.245.192.253 - - [03/Nov/2023:00:27:29 -0500] "POST /kwsrmcab/Wsrmcab  HTTP/1.1" 200 42686
201.245.192.253 - - [03/Nov/2023:00:27:36 -0500] "POST /forms/lservlet;jsessionid=ac16012b30d6b14c8f46b725431e8887c639ff4d95f3.e3iSbxaKaheRe3eRa38MahaQbi1ynknvrkLOlQzNp65In0 HTTP/1.1" 200 2
216.245.221.92 - - [03/Nov/2023:00:29:19 -0500] "HEAD / HTTP/1.1" 200 -
201.245.192.253 - - [03/Nov/2023:00:29:36 -0500] "POST /forms/lservlet;jsessionid=ac16012b30d6b14c8f46b725431e8887c639ff4d95f3.e3iSbxaKaheRe3eRa38MahaQbi1ynknvrkLOlQzNp65In0 HTTP/1.1" 200 2
201.245.192.253 - - [03/Nov/2023:00:30:34 -0500] "POST /kwsrmcab/Wsrmcab HTTP/1.1" 200 41860
201.245.192.253 - - [03/Nov/2023:00:30:37 -0500] "POST /kwsrmcab/Wsrmcab HTTP/1.1" 200 40499
201.245.192.253 - - [03/Nov/2023:00:31:36 -0500] "POST /forms/lservlet;jsessionid=ac16012b30d6b14c8f46b725431e8887c639ff4d95f3.e3iSbxaKaheRe3eRa38MahaQbi1ynknvrkLOlQzNp65In0 HTTP/1.1" 200 2
172.22.2.4 - - [03/Nov/2023:00:30:09 -0500] "HEAD /BLA/boletinlegal/ HTTP/1.1" 200 -
201.245.192.253 - - [03/Nov/2023:00:32:29 -0500] "POST /kwsrmcab/Wsrmcab  HTTP/1.1" 200 42686
172.22.2.4 - - [03/Nov/2023:00:31:00 -0500] "GET /BLA/boletinlegal/ HTTP/1.1" 200 58294
201.245.192.253 - - [03/Nov/2023:00:33:36 -0500] "POST /forms/lservlet;jsessionid=ac16012b30d6b14c8f46b725431e8887c639ff4d95f3.e3iSbxaKaheRe3eRa38MahaQbi1ynknvrkLOlQzNp65In0 HTTP/1.1" 200 2
52.167.144.212 - - [03/Nov/2023:00:33:41 -0500] "GET /Publicaciones/2023EE250219.pdf HTTP/1.1" 200 431018
216.245.221.92 - - [03/Nov/2023:00:34:19 -0500] "HEAD / HTTP/1.1" 200 -
201.245.192.253 - - [03/Nov/2023:00:35:36 -0500] "POST /forms/lservlet;jsessionid=ac16012b30d6b14c8f46b725431e8887c639ff4d95f3.e3iSbxaKaheRe3eRa38MahaQbi1ynknvrkLOlQzNp65In0 HTTP/1.1" 200 2
52.167.144.236 - - [03/Nov/2023:00:36:52 -0500] "GET /BLA/resoluciones/AUTOS%202021/2148.pdf HTTP/1.1" 304 -
201.245.192.253 - - [03/Nov/2023:00:37:22 -0500] "POST /kwsrmcab/Wsrmcab HTTP/1.1" 200 41860
201.245.192.253 - - [03/Nov/2023:00:37:25 -0500] "POST /kwsrmcab/Wsrmcab HTTP/1.1" 200 40499
201.245.192.253 - - [03/Nov/2023:00:37:27 -0500] "POST /kwsrmcab/Wsrmcab  HTTP/1.1" 200 42686
201.245.192.253 - - [03/Nov/2023:00:37:36 -0500] "POST /forms/lservlet;jsessionid=ac16012b30d6b14c8f46b725431e8887c639ff4d95f3.e3iSbxaKaheRe3eRa38MahaQbi1ynknvrkLOlQzNp65In0 HTTP/1.1" 200 2
172.22.2.4 - - [03/Nov/2023:00:35:59 -0500] "HEAD /BLA/boletinlegal/ HTTP/1.1" 200 -
52.167.144.212 - - [03/Nov/2023:00:37:58 -0500] "GET /forest/ HTTP/1.1" 200 12041
52.167.144.20 - - [03/Nov/2023:00:38:05 -0500] "GET /BLA/resoluciones/AUTOS%202023/2555.pdf HTTP/1.1" 200 907875
216.244.66.195 - - [03/Nov/2023:00:38:08 -0500] "GET /BLA/resoluciones/AUTOS%202015/3736.pdf HTTP/1.1" 200 561368
172.22.2.4 - - [03/Nov/2023:00:36:50 -0500] "GET /BLA/boletinlegal/ HTTP/1.1" 200 60634
216.245.221.92 - - [03/Nov/2023:00:39:19 -0500] "HEAD / HTTP/1.1" 200 -
201.245.192.253 - - [03/Nov/2023:00:39:36 -0500] "POST /forms/lservlet;jsessionid=ac16012b30d6b14c8f46b725431e8887c639ff4d95f3.e3iSbxaKaheRe3eRa38MahaQbi1ynknvrkLOlQzNp65In0 HTTP/1.1" 200 2
201.245.192.253 - - [03/Nov/2023:00:40:34 -0500] "POST /kwsrmcab/Wsrmcab HTTP/1.1" 200 41860
201.245.192.253 - - [03/Nov/2023:00:40:38 -0500] "POST /kwsrmcab/Wsrmcab HTTP/1.1" 200 40499
172.22.2.4 - - [03/Nov/2023:00:40:53 -0500] "GET /BLA/boletinlegal/Circulares/2023/CIRCULAR%20No.%2000001%20DEL%2020%20DE%20FEBRERO%20DEL%202023.pdf HTTP/1.1" 304 -
40.77.167.36 - - [03/Nov/2023:00:41:02 -0500] "GET /Publicaciones/2023EE250029.pdf HTTP/1.1" 200 492082
201.245.192.253 - - [03/Nov/2023:00:41:36 -0500] "POST /forms/lservlet;jsessionid=ac16012b30d6b14c8f46b725431e8887c639ff4d95f3.e3iSbxaKaheRe3eRa38MahaQbi1ynknvrkLOlQzNp65In0 HTTP/1.1" 200 2
201.245.192.253 - - [03/Nov/2023:00:42:27 -0500] "POST /kwsrmcab/Wsrmcab  HTTP/1.1" 200 42686
172.22.2.4 - - [03/Nov/2023:00:41:49 -0500] "HEAD /BLA/boletinlegal/ HTTP/1.1" 200 -
201.245.192.253 - - [03/Nov/2023:00:43:36 -0500] "POST /forms/lservlet;jsessionid=ac16012b30d6b14c8f46b725431e8887c639ff4d95f3.e3iSbxaKaheRe3eRa38MahaQbi1ynknvrkLOlQzNp65In0 HTTP/1.1" 200 2
216.245.221.92 - - [03/Nov/2023:00:44:19 -0500] "HEAD / HTTP/1.1" 200 -
172.22.2.4 - - [03/Nov/2023:00:42:40 -0500] "GET /BLA/boletinlegal/ HTTP/1.1" 200 58644
186.102.102.200 - - [03/Nov/2023:00:45:26 -0500] "GET /kwssiamovil/sm/acme/a?s=U2FsdGVkX19eNN61unB0/xeq5QWm1jdtccf/hWqeLCDlOYz+1GiBGA30Axn9g2vtzd1BAcydJamfnrn9OTtoUHYQ9tmeebxzIwB86DR/b2aEw1/8Cxh/fQCkjraPQhP5GuGXrYnU0l4ZjCHVyIdnLqQCrcY/vyNpYUJBFJmymNX/nZczu8n4OdVj5yaEbe+yHuq+9zE1XB18WDNE6eow2F/v2dGmyqbn5iwmz1tvteR8CrsfFnAnBgJz1N1BYAXm39F+GoyvuO8gGYxrV7j9tw==&u=U2FsdGVkX1+/UB1RdW49+OLK5CmX5jcnwvX0TBK1rgC9L++RyVhRtQvuDPpVp3Pj&y=U2FsdGVkX18ii6nJaHFDEwEsg61VbZTrSQD3hHAJvPm24yOrBUOiUgMTYzBjspSh HTTP/1.1" 200 26
186.102.102.200 - - [03/Nov/2023:00:45:27 -0500] "GET /kwssiamovil/sm/acme/a?s=U2FsdGVkX19sKEIVSjYKnldTTpU16fCiWA5IW0ZHXeShK1Q2o8CdBNAyjKcfSffyuua28T9frfRh1vH7R7wt7Nbg7l5tnruh3ykyWr0Y2h23H9QC5aE5PPiSbNYYUGaVeyp9XL3C70Vbx6fq0AqNKzZf9+0LfvkZZ731zprikbzaVURp8wkRRxvHby4v2vaPxZ7W54Ij1ZRIFgmJUQwP4uZk4GKPZgbqv7stfd7Yy9ogp7YtCcb3z0UP2tzM6yJsMahIC459Gl7G+E+AaSc9aB9ToFcb5Z8h6RO0rKbNCIGEQ5NjxLbNB6CCd5CJGMNuMbEX2/RsY1TyHSLe1VudHyAg6SrMCIg7Vb4og82TViK5+eC9dFh4HOgycle3rvaWwMyXDUSYF4vuiGJYkgXjRTtTZoZkLiRCkDwuLlnL6eWfT6qpTGikujYFStSeYbHOskohsl11r/V5MHbWT6V1SxKZYtiYhk4RXWzgIIfSaqWhkr+6n64J88cd3oXOPiKJt8TJQEqVnL3CXFbY2MYoXk5yPLv2d0GnLNmqE8u4P427x8jTxtiOa5j8u6R3dKZiEAHYIqpNvnBjzkPJKEJktuN9Utxke8SpAZb5efhOpAmR5GboCCC1bLfRAS2aAebst5+P9nICvnL4mj1biHFn457LMur9TH6a4e7D8URBGI17jMMZkxATVkVJDlVP3j+EKyjOpf2UotaTxCD2iMdd+CYKt5WyIJR/9kHYTt91dOs+kY4yzv0hecajJXE4Hxy/a3aHpYPwEUXgb72S2dt9yxePHEPnGVhcokT4GyCJ+cwN6lAJSXN709O5ouvhOIxmDywRnUC/u+TTWcBwEaKRMpHGAxvrkzke73trmGQl2a/q/P91XNbQF/bHRh1GoQKLVi2odxCSJGPyIC3eDj6UWtGIuLtJHWX1SxlmG9jsrzjAU2rUKiO6o3TLL2z3bTfsk52R/JQ5fN1Kr8cG0yUDmq6LbTe67i44pAq0tI2TqTSVrr1MzkNf84hllJspfmiUy7L7WpAWYwyKIlBCooqIXzyESX2LcCwx57vCGG/A4IBDQ9W2iWcHCQRf/m6LAAVoV/Z+huMF3Wo30SoExPhA8lHonbnDJggH9sGYfnJUrxq0GavcDGoX9N3ayAD7K4ZQLgGXR5zpznQBsrcDdXdF4PKNp7y2t5BZqGHsWm0vgschlklUhnsKW9kzcGoSSF9a1L4EOIaca8zOJygvH/8zrLSp1PLjxXM6nUWJEBNpCtmHLiz4tkXQkGcTgNr//C4qnd3e+M4w9PJp+nL10RvNMw1k17Xf6Nwkd5C/X0sQr/xFcPw5OHBM2hEvMYM4qryCH+eEeyTfTEqGX7i32ezBW6P/ocN9LIMbhzJhIwui/qdviasSX9vLdXa2XPcVU8IMuDCXb0Nu9L3hyEmnsH611QDOBjXCQ5F8wZZ0lgfZZ8Ueuld3ApjuPp1/taLsW4Zd&u=U2FsdGVkX1+/UB1RdW49+OLK5CmX5jcnwvX0TBK1rgC9L++RyVhRtQvuDPpVp3Pj&y=U2FsdGVkX18ii6nJaHFDEwEsg61VbZTrSQD3hHAJvPm24yOrBUOiUgMTYzBjspSh HTTP/1.1" 200 26
186.102.102.200 - - [03/Nov/2023:00:45:27 -0500] "GET /kwssiamovil/sm/acme/a?s=U2FsdGVkX1+E1QNova87Li0OhMsfdfOlUkncjvpKgx6h5D2hfVWuYC2fX1dGdZVwsVgCpiHyAXpr9KlwpHNnod1JgJH5tDYzNo5XYLlK6eEaFMooxAiawvQkmZp601NRY3CMBUDNqWaqtrfR7HWl35ighexiZxnaKBe72GanxUs=&u=U2FsdGVkX1+/UB1RdW49+OLK5CmX5jcnwvX0TBK1rgC9L++RyVhRtQvuDPpVp3Pj&y=U2FsdGVkX18ii6nJaHFDEwEsg61VbZTrSQD3hHAJvPm24yOrBUOiUgMTYzBjspSh HTTP/1.1" 200 26
186.102.102.200 - - [03/Nov/2023:00:45:27 -0500] "GET /kwssiamovil/sm/acme/a?s=U2FsdGVkX1/fYAupoooi6+ew1xJeWV9XMBNeRrhxaV9qYOajY1aPamwq1JAZF8E7fwTiIbKn00h5TPG0jC6FZt0aOeGNsnqp8j1PeewMhbBDUZvMCS0Obw4o9+mPHBu628R2+xdbTSOlev4EYXptNbpi2H6dkKWSm28ZZaUGsFk=&u=U2FsdGVkX1+/UB1RdW49+OLK5CmX5jcnwvX0TBK1rgC9L++RyVhRtQvuDPpVp3Pj&y=U2FsdGVkX18ii6nJaHFDEwEsg61VbZTrSQD3hHAJvPm24yOrBUOiUgMTYzBjspSh HTTP/1.1" 200 26
186.102.102.200 - - [03/Nov/2023:00:45:28 -0500] "GET /kwssiamovil/sm/acme/a?s=U2FsdGVkX1/qC1ctlUjkmIt4rTbkYnoDev2uXuQoa56UggbzOmjWnDMFsJcouQU4LQz/KkpSMyJY/1I+ZX+N80Ty7yehhGpK4o4yW5V+ARK37tSNNGgwvbHgc0RnRpebY49Nz6tvU6CBJ3g53CJg2PgtLBRGp7VHAOxLGBvLkck=&u=U2FsdGVkX1+/UB1RdW49+OLK5CmX5jcnwvX0TBK1rgC9L++RyVhRtQvuDPpVp3Pj&y=U2FsdGVkX18ii6nJaHFDEwEsg61VbZTrSQD3hHAJvPm24yOrBUOiUgMTYzBjspSh HTTP/1.1" 200 26
186.102.102.200 - - [03/Nov/2023:00:45:28 -0500] "GET /kwssiamovil/sm/acme/a?s=U2FsdGVkX1+mDDaOXzb5Z5+qyCsaTU0MOGOkVoQFUkIj4lR0N2C4sTYDWJ1RAe3htDXfEisUqxpcqH8dQJ26qGI7inMW6pitvJNY38wATYDcWu1+g4k/x4xIz2vZ9xURASG/684W+ANpIQYaIFn5PD8/mTQZ8mPFsl4OVB7eXIowafaAQWz6TcQHXGTxnfkWYbCvsirxIZPy7HANYaEP2g==&u=U2FsdGVkX1+/UB1RdW49+OLK5CmX5jcnwvX0TBK1rgC9L++RyVhRtQvuDPpVp3Pj&y=U2FsdGVkX18ii6nJaHFDEwEsg61VbZTrSQD3hHAJvPm24yOrBUOiUgMTYzBjspSh HTTP/1.1" 200 26
201.245.192.253 - - [03/Nov/2023:00:45:36 -0500] "POST /forms/lservlet;jsessionid=ac16012b30d6b14c8f46b725431e8887c639ff4d95f3.e3iSbxaKaheRe3eRa38MahaQbi1ynknvrkLOlQzNp65In0 HTTP/1.1" 200 2
201.245.192.253 - - [03/Nov/2023:00:47:26 -0500] "POST /kwsrmcab/Wsrmcab  HTTP/1.1" 200 42686
201.245.192.253 - - [03/Nov/2023:00:47:36 -0500] "POST /forms/lservlet;jsessionid=ac16012b30d6b14c8f46b725431e8887c639ff4d95f3.e3iSbxaKaheRe3eRa38MahaQbi1ynknvrkLOlQzNp65In0 HTTP/1.1" 200 2
152.61.192.232 - - [03/Nov/2023:00:48:05 -0500] "GET /arcgis/services/Calidad_del_Agua_WQI/MapServer/WMSServer?request=GetCapabilities&service=WMS HTTP/1.1" 503 1020
152.61.192.232 - - [03/Nov/2023:00:48:06 -0500] "GET /arcgis/services/Calidad_del_Agua_WQI/MapServer/WMSServer?SERVICE=WMS&REQUEST=GetCapabilities HTTP/1.1" 503 1020
152.61.192.232 - - [03/Nov/2023:00:48:06 -0500] "GET /arcgis/services/Calidad_del_Agua_WQI/MapServer/WMSServer?WMTVER=1.0.0&REQUEST=capabilities HTTP/1.1" 503 1020
176.58.97.214 - - [03/Nov/2023:00:48:17 -0500] "GET / HTTP/1.1" 200 319
176.58.97.214 - - [03/Nov/2023:00:48:21 -0500] "\x16\x03\x01" 400 226
176.58.97.214 - - [03/Nov/2023:00:48:21 -0500] "\x16\x03\x01" 400 226
176.58.97.214 - - [03/Nov/2023:00:48:21 -0500] "\x16\x03\x01" 400 226
216.245.221.92 - - [03/Nov/2023:00:49:19 -0500] "HEAD / HTTP/1.1" 200 -
172.22.2.4 - - [03/Nov/2023:00:47:39 -0500] "HEAD /BLA/boletinlegal/ HTTP/1.1" 200 -
201.245.192.253 - - [03/Nov/2023:00:49:36 -0500] "POST /forms/lservlet;jsessionid=ac16012b30d6b14c8f46b725431e8887c639ff4d95f3.e3iSbxaKaheRe3eRa38MahaQbi1ynknvrkLOlQzNp65In0 HTTP/1.1" 200 2
66.249.66.39 - - [03/Nov/2023:00:49:46 -0500] "GET /conoce-las-medidas-de-prevencion-y-mitigacion-contempladas-en-la-alerta-fase-1-por-calidad-del-aire.html HTTP/1.1" 304 -
172.22.2.4 - - [03/Nov/2023:00:48:30 -0500] "GET /BLA/boletinlegal/ HTTP/1.1" 200 57881
172.22.2.4 - - [03/Nov/2023:00:50:37 -0500] "GET /BLA/boletinlegal/actos.php HTTP/1.1" 200 9682
172.22.2.4 - - [03/Nov/2023:00:50:37 -0500] "GET /BLA/boletinlegal/styles2.css HTTP/1.1" 200 1838
172.22.2.4 - - [03/Nov/2023:00:50:37 -0500] "GET /BLA/boletinlegal/js/ajax_actos.js HTTP/1.1" 200 1322
172.22.2.4 - - [03/Nov/2023:00:50:37 -0500] "GET /BLA/boletinlegal/niceforms-default.css HTTP/1.1" 200 6694
172.22.2.4 - - [03/Nov/2023:00:50:37 -0500] "GET /BLA/boletinlegal/style.css HTTP/1.1" 200 9406
172.22.2.4 - - [03/Nov/2023:00:50:37 -0500] "GET /BLA/boletinlegal/niceforms.js HTTP/1.1" 200 22876
172.22.2.4 - - [03/Nov/2023:00:50:37 -0500] "GET /BLA/boletinlegal/js/lib.js HTTP/1.1" 200 6474
172.22.2.4 - - [03/Nov/2023:00:50:37 -0500] "GET /BLA/boletinlegal/js/popup.js HTTP/1.1" 200 1270
172.22.2.4 - - [03/Nov/2023:00:50:37 -0500] "GET /BLA/boletinlegal/js/jquery1.js HTTP/1.1" 200 29846
172.22.2.4 - - [03/Nov/2023:00:50:37 -0500] "GET /BLA/boletinlegal/images/cabezote%20BLEGAL.jpg HTTP/1.1" 200 118164
172.22.2.4 - - [03/Nov/2023:00:50:37 -0500] "GET /BLA/boletinlegal/images/subscribe-icon-big.png HTTP/1.1" 200 47702
172.22.2.4 - - [03/Nov/2023:00:50:37 -0500] "GET /BLA/boletinlegal/images/historia.png HTTP/1.1" 200 52775
172.22.2.4 - - [03/Nov/2023:00:50:37 -0500] "GET /BLA/boletinlegal/images/registro-usuarios.png HTTP/1.1" 200 8106
172.22.2.4 - - [03/Nov/2023:00:50:37 -0500] "GET /BLA/boletinlegal/images/green-yellow-blue-pink-th.png HTTP/1.1" 200 7394
172.22.2.4 - - [03/Nov/2023:00:50:37 -0500] "GET /BLA/boletinlegal/images/tel.png HTTP/1.1" 200 14477
172.22.2.4 - - [03/Nov/2023:00:50:37 -0500] "GET /BLA/boletinlegal/images/icono-email.png HTTP/1.1" 200 5544
172.22.2.4 - - [03/Nov/2023:00:50:37 -0500] "GET /BLA/boletinlegal/images/body_bg.jpg HTTP/1.1" 200 1601
172.22.2.4 - - [03/Nov/2023:00:50:37 -0500] "GET /BLA/boletinlegal/images/menu_lft.gif HTTP/1.1" 200 1713
172.22.2.4 - - [03/Nov/2023:00:50:37 -0500] "GET /BLA/boletinlegal/images/menu_rght.gif HTTP/1.1" 200 1627
172.22.2.4 - - [03/Nov/2023:00:50:37 -0500] "GET /BLA/boletinlegal/images/bg_top.jpg HTTP/1.1" 200 522
172.22.2.4 - - [03/Nov/2023:00:50:37 -0500] "GET /BLA/boletinlegal/images/menu_bg.jpg HTTP/1.1" 200 620
172.22.2.4 - - [03/Nov/2023:00:50:37 -0500] "GET /BLA/boletinlegal/images/text.jpg HTTP/1.1" 200 568
172.22.2.4 - - [03/Nov/2023:00:50:37 -0500] "GET /BLA/boletinlegal/images/hover.jpg HTTP/1.1" 200 640
172.22.2.4 - - [03/Nov/2023:00:50:37 -0500] "GET /BLA/boletinlegal/images/footer_bg.jpg HTTP/1.1" 200 586
172.22.2.4 - - [03/Nov/2023:00:50:37 -0500] "GET /BLA/boletinlegal/images/footer_bg_l.jpg HTTP/1.1" 200 776
172.22.2.4 - - [03/Nov/2023:00:50:38 -0500] "GET /BLA/boletinlegal/img/0.png HTTP/1.1" 200 110
172.22.2.4 - - [03/Nov/2023:00:50:38 -0500] "GET /BLA/boletinlegal/img/select-left.png HTTP/1.1" 200 263
172.22.2.4 - - [03/Nov/2023:00:50:38 -0500] "GET /BLA/boletinlegal/img/select-right.png HTTP/1.1" 200 44019
172.22.2.4 - - [03/Nov/2023:00:50:38 -0500] "GET /BLA/boletinlegal/img/button.png HTTP/1.1" 200 43241
172.22.2.4 - - [03/Nov/2023:00:50:38 -0500] "GET /BLA/boletinlegal/img/button-left.png HTTP/1.1" 200 57071
172.22.2.4 - - [03/Nov/2023:00:50:38 -0500] "GET /BLA/boletinlegal/img/button-right.png HTTP/1.1" 200 57878
172.22.2.4 - - [03/Nov/2023:00:50:38 -0500] "GET /BLA/boletinlegal/favicon.ico HTTP/1.1" 404 1326
172.22.2.4 - - [03/Nov/2023:00:50:52 -0500] "GET /BLA/boletinlegal/consulta_actos.php?tipo=autos&no=0391&usuario=&sector=&fecha=2016&resuelve= HTTP/1.1" 200 1074
172.22.2.4 - - [03/Nov/2023:00:50:53 -0500] "GET /BLA/boletinlegal/images/pdf.gif HTTP/1.1" 200 567
186.31.20.25 - - [03/Nov/2023:00:50:55 -0500] "GET /BLA/resoluciones/AUTOS%202016/0391.pdf HTTP/1.1" 200 739653
186.31.20.25 - - [03/Nov/2023:00:50:55 -0500] "GET /favicon.ico HTTP/1.1" 200 7782
66.249.66.19 - - [03/Nov/2023:00:51:34 -0500] "GET /Publicaciones/2022EE270888.pdf HTTP/1.1" 404 228
201.245.192.253 - - [03/Nov/2023:00:51:36 -0500] "POST /forms/lservlet;jsessionid=ac16012b30d6b14c8f46b725431e8887c639ff4d95f3.e3iSbxaKaheRe3eRa38MahaQbi1ynknvrkLOlQzNp65In0 HTTP/1.1" 200 2
40.77.167.7 - - [03/Nov/2023:00:51:47 -0500] "GET /BLA/resoluciones/RESOLUCIONES%202019/1983.pdf HTTP/1.1" 200 739153
66.249.66.21 - - [03/Nov/2023:00:51:50 -0500] "GET /BLA/resoluciones/AUTOS%202013/2701.pdf HTTP/1.1" 200 394736
52.167.144.180 - - [03/Nov/2023:00:52:10 -0500] "GET /Publicaciones/2023EE229948.pdf HTTP/1.1" 404 228
201.245.192.253 - - [03/Nov/2023:00:52:25 -0500] "POST /kwsrmcab/Wsrmcab  HTTP/1.1" 200 42686
66.249.66.20 - - [03/Nov/2023:00:53:30 -0500] "GET /portel_dama/libreria/php/2006/restauracion/22_proye/xtras_in/3a.pdf HTTP/1.1" 404 1018
201.245.192.253 - - [03/Nov/2023:00:53:36 -0500] "POST /forms/lservlet;jsessionid=ac16012b30d6b14c8f46b725431e8887c639ff4d95f3.e3iSbxaKaheRe3eRa38MahaQbi1ynknvrkLOlQzNp65In0 HTTP/1.1" 200 2
216.245.221.92 - - [03/Nov/2023:00:54:19 -0500] "HEAD / HTTP/1.1" 200 -
172.22.2.4 - - [03/Nov/2023:00:53:29 -0500] "HEAD /BLA/boletinlegal/ HTTP/1.1" 200 -
201.245.192.253 - - [03/Nov/2023:00:55:36 -0500] "POST /forms/lservlet;jsessionid=ac16012b30d6b14c8f46b725431e8887c639ff4d95f3.e3iSbxaKaheRe3eRa38MahaQbi1ynknvrkLOlQzNp65In0 HTTP/1.1" 200 2
186.31.20.25 - - [03/Nov/2023:00:55:56 -0500] "GET /BLA/resoluciones/ HTTP/1.1" 200 13696
186.31.20.25 - - [03/Nov/2023:00:55:56 -0500] "GET /BLA/resoluciones/dlf/styles.css HTTP/1.1" 200 3049
186.31.20.25 - - [03/Nov/2023:00:55:56 -0500] "GET /BLA/resoluciones/dlf/folder.png HTTP/1.1" 200 410
186.31.20.25 - - [03/Nov/2023:00:55:56 -0500] "GET /BLA/resoluciones/dlf/bg.gif HTTP/1.1" 200 54
172.22.2.4 - - [03/Nov/2023:00:54:20 -0500] "GET /BLA/boletinlegal/ HTTP/1.1" 200 58644
186.31.20.25 - - [03/Nov/2023:00:56:00 -0500] "GET /BLA/resoluciones/dlf/dirup.png HTTP/1.1" 200 644
186.31.20.25 - - [03/Nov/2023:00:56:00 -0500] "GET /BLA/resoluciones/dlf/pdf.gif HTTP/1.1" 200 272
186.31.20.25 - - [03/Nov/2023:00:56:00 -0500] "GET /BLA/resoluciones/index.php?dir=AUTOS+2016%2F HTTP/1.1" 200 331625
40.77.167.71 - - [03/Nov/2023:00:56:09 -0500] "GET /BLA/resoluciones/AUTOS%202023/4740.pdf HTTP/1.1" 200 420187
66.249.66.21 - - [03/Nov/2023:00:57:02 -0500] "GET /BLA/resoluciones/RESOLUCIONES%202009/6718.pdf HTTP/1.1" 200 356860
201.245.192.253 - - [03/Nov/2023:00:57:25 -0500] "POST /kwsrmcab/Wsrmcab  HTTP/1.1" 200 42686
201.245.192.253 - - [03/Nov/2023:00:57:36 -0500] "POST /forms/lservlet;jsessionid=ac16012b30d6b14c8f46b725431e8887c639ff4d95f3.e3iSbxaKaheRe3eRa38MahaQbi1ynknvrkLOlQzNp65In0 HTTP/1.1" 200 2
216.245.221.92 - - [03/Nov/2023:00:59:19 -0500] "HEAD / HTTP/1.1" 200 -
216.244.66.195 - - [03/Nov/2023:00:59:26 -0500] "GET /robots.txt HTTP/1.1" 404 1018
201.245.192.253 - - [03/Nov/2023:00:59:36 -0500] "POST /forms/lservlet;jsessionid=ac16012b30d6b14c8f46b725431e8887c639ff4d95f3.e3iSbxaKaheRe3eRa38MahaQbi1ynknvrkLOlQzNp65In0 HTTP/1.1" 200 2
66.249.66.20 - - [03/Nov/2023:00:59:45 -0500] "GET /portel_dama/libreria/pdf/ecosistemas/restauracion/sitio/22_proye/xtras_in/cni_3.pdf HTTP/1.1" 404 1018
66.249.66.19 - - [03/Nov/2023:01:00:35 -0500] "GET /Publicaciones/2022EE269406.pdf HTTP/1.1" 404 228
172.22.2.4 - - [03/Nov/2023:00:59:19 -0500] "HEAD /BLA/boletinlegal/ HTTP/1.1" 200 -
201.245.192.253 - - [03/Nov/2023:01:01:36 -0500] "POST /forms/lservlet;jsessionid=ac16012b30d6b14c8f46b725431e8887c639ff4d95f3.e3iSbxaKaheRe3eRa38MahaQbi1ynknvrkLOlQzNp65In0 HTTP/1.1" 200 2
172.22.2.4 - - [03/Nov/2023:01:00:10 -0500] "GET /BLA/boletinlegal/ HTTP/1.1" 200 58294
172.22.2.4 - - [03/Nov/2023:01:01:39 -0500] "GET /BLA/boletinlegal/ HTTP/1.1" 200 32715
201.245.192.253 - - [03/Nov/2023:01:02:24 -0500] "POST /kwsrmcab/Wsrmcab  HTTP/1.1" 200 42686
40.77.167.27 - - [03/Nov/2023:01:03:15 -0500] "GET /menu/css/style.css HTTP/1.1" 404 1018
66.249.66.21 - - [03/Nov/2023:01:03:19 -0500] "GET /Publicaciones/2022EE268922.pdf HTTP/1.1" 404 228
40.77.167.4 - - [03/Nov/2023:01:03:20 -0500] "GET /menu/css/demo.css HTTP/1.1" 404 1018
201.245.192.253 - - [03/Nov/2023:01:03:36 -0500] "POST /forms/lservlet;jsessionid=ac16012b30d6b14c8f46b725431e8887c639ff4d95f3.e3iSbxaKaheRe3eRa38MahaQbi1ynknvrkLOlQzNp65In0 HTTP/1.1" 200 2
216.245.221.92 - - [03/Nov/2023:01:04:19 -0500] "HEAD / HTTP/1.1" 200 -
40.77.167.14 - - [03/Nov/2023:01:04:25 -0500] "GET /Publicaciones/2023EE250128.pdf HTTP/1.1" 200 231974
201.245.192.253 - - [03/Nov/2023:01:05:36 -0500] "POST /forms/lservlet;jsessionid=ac16012b30d6b14c8f46b725431e8887c639ff4d95f3.e3iSbxaKaheRe3eRa38MahaQbi1ynknvrkLOlQzNp65In0 HTTP/1.1" 200 2
172.22.2.4 - - [03/Nov/2023:01:05:09 -0500] "HEAD /BLA/boletinlegal/ HTTP/1.1" 200 -
201.245.192.253 - - [03/Nov/2023:01:07:24 -0500] "POST /kwsrmcab/Wsrmcab  HTTP/1.1" 200 42686
201.245.192.253 - - [03/Nov/2023:01:07:36 -0500] "POST /forms/lservlet;jsessionid=ac16012b30d6b14c8f46b725431e8887c639ff4d95f3.e3iSbxaKaheRe3eRa38MahaQbi1ynknvrkLOlQzNp65In0 HTTP/1.1" 200 2
172.22.2.4 - - [03/Nov/2023:01:06:00 -0500] "GET /BLA/boletinlegal/ HTTP/1.1" 200 61018
216.245.221.92 - - [03/Nov/2023:01:09:19 -0500] "HEAD / HTTP/1.1" 200 -
52.167.144.166 - - [03/Nov/2023:01:09:27 -0500] "GET /BLA/resoluciones/AUTOS%202023/2624.pdf HTTP/1.1" 200 467022
66.249.66.19 - - [03/Nov/2023:01:09:33 -0500] "GET /Publicaciones/2022EE271317.pdf HTTP/1.1" 404 228
201.245.192.253 - - [03/Nov/2023:01:09:36 -0500] "POST /forms/lservlet;jsessionid=ac16012b30d6b14c8f46b725431e8887c639ff4d95f3.e3iSbxaKaheRe3eRa38MahaQbi1ynknvrkLOlQzNp65In0 HTTP/1.1" 200 2
201.245.192.253 - - [03/Nov/2023:01:11:37 -0500] "POST /forms/lservlet;jsessionid=ac16012b30d6b14c8f46b725431e8887c639ff4d95f3.e3iSbxaKaheRe3eRa38MahaQbi1ynknvrkLOlQzNp65In0 HTTP/1.1" 200 2
201.245.192.253 - - [03/Nov/2023:01:12:22 -0500] "POST /kwsrmcab/Wsrmcab  HTTP/1.1" 200 42686
52.167.144.16 - - [03/Nov/2023:01:12:26 -0500] "GET /BLA/resoluciones/RESOLUCIONES%202021/4544.pdf HTTP/1.1" 200 460348
52.167.144.210 - - [03/Nov/2023:01:12:30 -0500] "GET /BLA/resoluciones/AUTOS%202023/0996.pdf HTTP/1.1" 200 522792
172.22.2.4 - - [03/Nov/2023:01:10:59 -0500] "HEAD /BLA/boletinlegal/ HTTP/1.1" 200 -
172.22.2.4 - - [03/Nov/2023:01:11:50 -0500] "GET /BLA/boletinlegal/ HTTP/1.1" 200 58294
201.245.192.253 - - [03/Nov/2023:01:13:37 -0500] "POST /forms/lservlet;jsessionid=ac16012b30d6b14c8f46b725431e8887c639ff4d95f3.e3iSbxaKaheRe3eRa38MahaQbi1ynknvrkLOlQzNp65In0 HTTP/1.1" 200 2
216.245.221.92 - - [03/Nov/2023:01:14:19 -0500] "HEAD / HTTP/1.1" 200 -
66.249.66.21 - - [03/Nov/2023:01:14:46 -0500] "GET /galeria/galeria/fotos/Humedal-la-conejera1G.jpg HTTP/1.1" 200 340987
173.252.95.5 - - [03/Nov/2023:01:15:02 -0500] "GET /images/cuerpos%20de%20agua%20en%20humedales-19-10.jpg HTTP/1.1" 200 73528
201.245.192.253 - - [03/Nov/2023:01:15:37 -0500] "POST /forms/lservlet;jsessionid=ac16012b30d6b14c8f46b725431e8887c639ff4d95f3.e3iSbxaKaheRe3eRa38MahaQbi1ynknvrkLOlQzNp65In0 HTTP/1.1" 200 2
152.61.128.50 - - [03/Nov/2023:01:15:40 -0500] "GET /arcgis/services/Calidad_del_Agua_WQI/MapServer/WMSServer?request=GetCapabilities&service=WMS HTTP/1.1" 503 1020
152.61.128.50 - - [03/Nov/2023:01:15:41 -0500] "GET /arcgis/services/Calidad_del_Agua_WQI/MapServer/WMSServer?SERVICE=WMS&REQUEST=GetCapabilities HTTP/1.1" 503 1020
152.61.128.50 - - [03/Nov/2023:01:15:41 -0500] "GET /arcgis/services/Calidad_del_Agua_WQI/MapServer/WMSServer?WMTVER=1.0.0&REQUEST=capabilities HTTP/1.1" 503 1020
52.167.144.180 - - [03/Nov/2023:01:16:09 -0500] "GET /BLA/resoluciones/AUTOS%202023/0734.pdf HTTP/1.1" 200 1359977
40.77.167.54 - - [03/Nov/2023:01:17:11 -0500] "GET /Publicaciones/2023EE250166.pdf HTTP/1.1" 200 231933
201.245.192.253 - - [03/Nov/2023:01:17:22 -0500] "POST /kwsrmcab/Wsrmcab  HTTP/1.1" 200 42686
201.245.192.253 - - [03/Nov/2023:01:17:22 -0500] "POST /kwsrmcab/Wsrmcab HTTP/1.1" 200 42203
201.245.192.253 - - [03/Nov/2023:01:17:26 -0500] "POST /kwsrmcab/Wsrmcab HTTP/1.1" 200 40515
201.245.192.253 - - [03/Nov/2023:01:17:37 -0500] "POST /forms/lservlet;jsessionid=ac16012b30d6b14c8f46b725431e8887c639ff4d95f3.e3iSbxaKaheRe3eRa38MahaQbi1ynknvrkLOlQzNp65In0 HTTP/1.1" 200 2
172.22.2.4 - - [03/Nov/2023:01:16:49 -0500] "HEAD /BLA/boletinlegal/ HTTP/1.1" 200 -
216.245.221.92 - - [03/Nov/2023:01:19:19 -0500] "HEAD / HTTP/1.1" 200 -
172.22.2.4 - - [03/Nov/2023:01:17:40 -0500] "GET /BLA/boletinlegal/ HTTP/1.1" 200 58644
201.245.192.253 - - [03/Nov/2023:01:19:37 -0500] "POST /forms/lservlet;jsessionid=ac16012b30d6b14c8f46b725431e8887c639ff4d95f3.e3iSbxaKaheRe3eRa38MahaQbi1ynknvrkLOlQzNp65In0 HTTP/1.1" 200 2
40.77.167.54 - - [03/Nov/2023:01:20:30 -0500] "GET /BLA/resoluciones/RESOLUCIONES%202018/4026.pdf HTTP/1.1" 304 -
201.245.192.253 - - [03/Nov/2023:01:20:34 -0500] "POST /kwsrmcab/Wsrmcab HTTP/1.1" 200 42203
201.245.192.253 - - [03/Nov/2023:01:20:40 -0500] "POST /kwsrmcab/Wsrmcab HTTP/1.1" 200 40515
201.245.192.253 - - [03/Nov/2023:01:21:37 -0500] "POST /forms/lservlet;jsessionid=ac16012b30d6b14c8f46b725431e8887c639ff4d95f3.e3iSbxaKaheRe3eRa38MahaQbi1ynknvrkLOlQzNp65In0 HTTP/1.1" 200 2
201.245.192.253 - - [03/Nov/2023:01:22:20 -0500] "POST /kwsrmcab/Wsrmcab  HTTP/1.1" 200 42686
201.245.192.253 - - [03/Nov/2023:01:23:37 -0500] "POST /forms/lservlet;jsessionid=ac16012b30d6b14c8f46b725431e8887c639ff4d95f3.e3iSbxaKaheRe3eRa38MahaQbi1ynknvrkLOlQzNp65In0 HTTP/1.1" 200 2
172.22.2.4 - - [03/Nov/2023:01:23:37 -0500] "GET /BLA/boletinlegal/Directivas/2015/Directiva%20No.%2001%20del%2014%20de%20Enero%20de%202015.pdf HTTP/1.1" 304 -
216.245.221.92 - - [03/Nov/2023:01:24:19 -0500] "HEAD / HTTP/1.1" 200 -
172.22.2.4 - - [03/Nov/2023:01:22:39 -0500] "HEAD /BLA/boletinlegal/ HTTP/1.1" 200 -
40.77.167.26 - - [03/Nov/2023:01:24:29 -0500] "GET /BLA/boletinlegal/Directivas/2011/Directiva%20No.%206%20del%208%20de%20Septiembre%20de%202011.pdf HTTP/1.1" 304 -
172.22.2.4 - - [03/Nov/2023:01:23:30 -0500] "GET /BLA/boletinlegal/ HTTP/1.1" 200 60634
52.167.144.232 - - [03/Nov/2023:01:25:32 -0500] "GET /BLA/resoluciones/RESOLUCIONES%202021/1113.pdf HTTP/1.1" 200 453105
201.245.192.253 - - [03/Nov/2023:01:25:37 -0500] "POST /forms/lservlet;jsessionid=ac16012b30d6b14c8f46b725431e8887c639ff4d95f3.e3iSbxaKaheRe3eRa38MahaQbi1ynknvrkLOlQzNp65In0 HTTP/1.1" 200 2
216.244.66.195 - - [03/Nov/2023:01:26:18 -0500] "GET /BLA/resoluciones/AUTOS%202015/2255.pdf HTTP/1.1" 200 534008
201.245.192.253 - - [03/Nov/2023:01:27:19 -0500] "POST /kwsrmcab/Wsrmcab  HTTP/1.1" 200 42686
201.245.192.253 - - [03/Nov/2023:01:27:22 -0500] "POST /kwsrmcab/Wsrmcab HTTP/1.1" 200 42203
201.245.192.253 - - [03/Nov/2023:01:27:26 -0500] "POST /kwsrmcab/Wsrmcab HTTP/1.1" 200 40515
201.245.192.253 - - [03/Nov/2023:01:27:37 -0500] "POST /forms/lservlet;jsessionid=ac16012b30d6b14c8f46b725431e8887c639ff4d95f3.e3iSbxaKaheRe3eRa38MahaQbi1ynknvrkLOlQzNp65In0 HTTP/1.1" 200 2
216.245.221.92 - - [03/Nov/2023:01:29:19 -0500] "HEAD / HTTP/1.1" 200 -
201.245.192.253 - - [03/Nov/2023:01:29:37 -0500] "POST /forms/lservlet;jsessionid=ac16012b30d6b14c8f46b725431e8887c639ff4d95f3.e3iSbxaKaheRe3eRa38MahaQbi1ynknvrkLOlQzNp65In0 HTTP/1.1" 200 2
172.22.2.4 - - [03/Nov/2023:01:28:29 -0500] "HEAD /BLA/boletinlegal/ HTTP/1.1" 200 -
201.245.192.253 - - [03/Nov/2023:01:30:34 -0500] "POST /kwsrmcab/Wsrmcab HTTP/1.1" 200 42203
201.245.192.253 - - [03/Nov/2023:01:30:37 -0500] "POST /kwsrmcab/Wsrmcab HTTP/1.1" 200 40515
172.22.2.4 - - [03/Nov/2023:01:29:20 -0500] "GET /BLA/boletinlegal/ HTTP/1.1" 200 58644
201.245.192.253 - - [03/Nov/2023:01:31:37 -0500] "POST /forms/lservlet;jsessionid=ac16012b30d6b14c8f46b725431e8887c639ff4d95f3.e3iSbxaKaheRe3eRa38MahaQbi1ynknvrkLOlQzNp65In0 HTTP/1.1" 200 2
201.245.192.253 - - [03/Nov/2023:01:32:18 -0500] "POST /kwsrmcab/Wsrmcab  HTTP/1.1" 200 42686
52.167.144.23 - - [03/Nov/2023:01:32:26 -0500] "GET /Publicaciones/2023EE248782.pdf HTTP/1.1" 200 438976
162.216.149.193 - - [03/Nov/2023:01:33:16 -0500] "GET / HTTP/1.1" 200 319
201.245.192.253 - - [03/Nov/2023:01:33:37 -0500] "POST /forms/lservlet;jsessionid=ac16012b30d6b14c8f46b725431e8887c639ff4d95f3.e3iSbxaKaheRe3eRa38MahaQbi1ynknvrkLOlQzNp65In0 HTTP/1.1" 200 2
52.167.144.211 - - [03/Nov/2023:01:33:44 -0500] "GET /BLA/resoluciones/AUTOS%202023/2462.pdf HTTP/1.1" 200 342014
216.245.221.92 - - [03/Nov/2023:01:34:19 -0500] "HEAD / HTTP/1.1" 200 -
40.77.167.126 - - [03/Nov/2023:01:35:25 -0500] "GET /BLA/resoluciones/RESOLUCIONES%202021/3529.pdf HTTP/1.1" 200 431547
201.245.192.253 - - [03/Nov/2023:01:35:37 -0500] "POST /forms/lservlet;jsessionid=ac16012b30d6b14c8f46b725431e8887c639ff4d95f3.e3iSbxaKaheRe3eRa38MahaQbi1ynknvrkLOlQzNp65In0 HTTP/1.1" 200 2
172.22.2.4 - - [03/Nov/2023:01:34:19 -0500] "HEAD /BLA/boletinlegal/ HTTP/1.1" 200 -
40.77.167.126 - - [03/Nov/2023:01:36:28 -0500] "GET /BLA/resoluciones/RESOLUCIONES%202023/1715.pdf HTTP/1.1" 200 464870
114.119.153.38 - - [03/Nov/2023:01:36:32 -0500] "GET /portalsiaccapacitaciones/Listas%20de%20Asistencia%202015/L.A_MT-19-10-2015.pdf HTTP/1.1" 200 2673352
172.22.2.4 - - [03/Nov/2023:01:35:10 -0500] "GET /BLA/boletinlegal/ HTTP/1.1" 200 58644
201.245.192.253 - - [03/Nov/2023:01:37:18 -0500] "POST /kwsrmcab/Wsrmcab  HTTP/1.1" 200 42686
201.245.192.253 - - [03/Nov/2023:01:37:21 -0500] "POST /kwsrmcab/Wsrmcab HTTP/1.1" 200 42203
201.245.192.253 - - [03/Nov/2023:01:37:24 -0500] "POST /kwsrmcab/Wsrmcab HTTP/1.1" 200 40515
201.245.192.253 - - [03/Nov/2023:01:37:37 -0500] "POST /forms/lservlet;jsessionid=ac16012b30d6b14c8f46b725431e8887c639ff4d95f3.e3iSbxaKaheRe3eRa38MahaQbi1ynknvrkLOlQzNp65In0 HTTP/1.1" 200 2
216.245.221.92 - - [03/Nov/2023:01:39:19 -0500] "HEAD / HTTP/1.1" 200 -
201.245.192.253 - - [03/Nov/2023:01:39:37 -0500] "POST /forms/lservlet;jsessionid=ac16012b30d6b14c8f46b725431e8887c639ff4d95f3.e3iSbxaKaheRe3eRa38MahaQbi1ynknvrkLOlQzNp65In0 HTTP/1.1" 200 2
201.245.192.253 - - [03/Nov/2023:01:40:34 -0500] "POST /kwsrmcab/Wsrmcab HTTP/1.1" 200 42203
201.245.192.253 - - [03/Nov/2023:01:40:37 -0500] "POST /kwsrmcab/Wsrmcab HTTP/1.1" 200 40515
108.174.5.112 - - [03/Nov/2023:01:41:25 -0500] "GET /images/secretaria-ambiente-carolina-urrutia-en-brazo-salitre.jpg HTTP/1.1" 200 79448
201.245.192.253 - - [03/Nov/2023:01:41:37 -0500] "POST /forms/lservlet;jsessionid=ac16012b30d6b14c8f46b725431e8887c639ff4d95f3.e3iSbxaKaheRe3eRa38MahaQbi1ynknvrkLOlQzNp65In0 HTTP/1.1" 200 2
123.125.109.131 - - [03/Nov/2023:01:41:38 -0500] "GET / HTTP/1.1" 200 319
172.22.2.4 - - [03/Nov/2023:01:40:09 -0500] "HEAD /BLA/boletinlegal/ HTTP/1.1" 200 -
52.167.144.170 - - [03/Nov/2023:01:41:51 -0500] "GET /BLA/resoluciones/RESOLUCIONES%202021/2647.pdf HTTP/1.1" 200 607702
52.167.144.166 - - [03/Nov/2023:01:41:55 -0500] "GET /BLA/resoluciones/RESOLUCIONES%202021/3017.pdf HTTP/1.1" 200 483327
201.245.192.253 - - [03/Nov/2023:01:42:16 -0500] "POST /kwsrmcab/Wsrmcab  HTTP/1.1" 200 42686
172.22.2.4 - - [03/Nov/2023:01:41:00 -0500] "GET /BLA/boletinlegal/ HTTP/1.1" 200 60634
201.245.192.253 - - [03/Nov/2023:01:43:37 -0500] "POST /forms/lservlet;jsessionid=ac16012b30d6b14c8f46b725431e8887c639ff4d95f3.e3iSbxaKaheRe3eRa38MahaQbi1ynknvrkLOlQzNp65In0 HTTP/1.1" 200 2
216.245.221.92 - - [03/Nov/2023:01:44:19 -0500] "HEAD / HTTP/1.1" 200 -
40.77.167.44 - - [03/Nov/2023:01:44:30 -0500] "GET /BLA/resoluciones/AUTOS%202023/1738.pdf HTTP/1.1" 200 399088
201.245.192.253 - - [03/Nov/2023:01:45:37 -0500] "POST /forms/lservlet;jsessionid=ac16012b30d6b14c8f46b725431e8887c639ff4d95f3.e3iSbxaKaheRe3eRa38MahaQbi1ynknvrkLOlQzNp65In0 HTTP/1.1" 200 2
201.245.192.253 - - [03/Nov/2023:01:47:15 -0500] "POST /kwsrmcab/Wsrmcab  HTTP/1.1" 200 42686
201.245.192.253 - - [03/Nov/2023:01:47:37 -0500] "POST /forms/lservlet;jsessionid=ac16012b30d6b14c8f46b725431e8887c639ff4d95f3.e3iSbxaKaheRe3eRa38MahaQbi1ynknvrkLOlQzNp65In0 HTTP/1.1" 200 2
172.22.2.4 - - [03/Nov/2023:01:45:59 -0500] "HEAD /BLA/boletinlegal/ HTTP/1.1" 200 -
172.22.2.4 - - [03/Nov/2023:01:46:50 -0500] "GET /BLA/boletinlegal/ HTTP/1.1" 200 53356
216.245.221.92 - - [03/Nov/2023:01:49:19 -0500] "HEAD / HTTP/1.1" 200 -
201.245.192.253 - - [03/Nov/2023:01:49:37 -0500] "POST /forms/lservlet;jsessionid=ac16012b30d6b14c8f46b725431e8887c639ff4d95f3.e3iSbxaKaheRe3eRa38MahaQbi1ynknvrkLOlQzNp65In0 HTTP/1.1" 200 2
201.245.192.253 - - [03/Nov/2023:01:51:37 -0500] "POST /forms/lservlet;jsessionid=ac16012b30d6b14c8f46b725431e8887c639ff4d95f3.e3iSbxaKaheRe3eRa38MahaQbi1ynknvrkLOlQzNp65In0 HTTP/1.1" 200 2
186.102.102.200 - - [03/Nov/2023:01:51:51 -0500] "GET /kwssiamovil/sm/acme/a?s=U2FsdGVkX1+B/8wPqMw7bRwUpRhKN6jSA1bdXbs2WeUKH3wz4yqKAO+HTgRGgUhL1jT0oX0H/j6jrpg22NJLXAWUOGh5ApuNDPpl+5lZsC5qjqVEmIML95lcg/JquvoANFE4ijUdlgeRldEpcAn+ZTQCNlySNhHAceWcnIRIDNGaYVeuleUTRBgxoC5+6w2YX1fHX+j8sFSeVMMHYDTwbL7O8tbCO0eMEZumYPOKzrE9X+AYkqRn2cVZXrVfRepCEO5Ng60VFiz658UZShPyYQ==&u=U2FsdGVkX1+/UB1RdW49+OLK5CmX5jcnwvX0TBK1rgC9L++RyVhRtQvuDPpVp3Pj&y=U2FsdGVkX18ii6nJaHFDEwEsg61VbZTrSQD3hHAJvPm24yOrBUOiUgMTYzBjspSh HTTP/1.1" 200 26
186.102.102.200 - - [03/Nov/2023:01:51:51 -0500] "GET /kwssiamovil/sm/acme/a?s=U2FsdGVkX18B2EDFaLAO7cTplGcTRvnqunXv6B7ew5n6vGmTzs9zcu7OAEA5fA8pT+v8mhhxGevPXp8fm2ZO0PDMhqufkFtpL5wOIpgGHyeQKUYn+kDzlpd+c4gfsKKLLcv8tFZGbYP6L0nBaXjbtm0qirZqkCJsKm4WAgDQKMwknPBDDf6jFU17k5XINld7Qn6V/J0iUbfYuFl+RbnSBGxmOMXb8kKSq9Q70jFfLP/tP/c1Siad62nx4xd1kcMAZFSEwC7t2iEV0pJKfjNkccVKihbMctgz19gddy7aGg9O/6Tbr1q4LBrzxXIJcuy0wohGcGuKHImvlztfNjk5A3pKnAA3qThE9yHAet0KQabuD6xLQiZVqgktGdcHFljGmQl0J0QK515N1S6HZGx4R7M7OeGo30a388Cp1llJSiWVhJqJyshuWRhaGXcEEA4iOFzddjxACjvc3H6Ln42XxKCUlh7W31+J69tkBBCB5XlB7IzJCDWsdJdldoCHJtkge3vzywUZd0s+CyRXMGz3FmZ7fewO4hM/tUq4Ze1sshCM+bbfN717TD1FIZjS2MYm5hU85Qwd4KH82sUQSNVM479OVA6HCQJqS22BouSRVxt4aQCNjGqQ1U6cU3TasNL9prJJmTcsELX+Uf/TVdviJwlpwHSyQh7O1JnnbzpbA43u9wfMB0GFQX7OjNvmToa/XNyFhdg0WYKPmgdedEnaIczIHK/itfRm36461iNSCpXIIM74S/PjYi4/L1va8pjTYboUSvHsCFACGF8KmSDzMWSv1c1w6erttV0V/rgOsfb/R9FPME8Y2fDxzKT6RQNUlLxazBd3kiVZSMV9FAogDBLA0SjUlpev8fOTD8ujHnN+XNaLGugvq0quCKPMDuNfg1jQVWyn79vMOF3i3uVFGPUWu5qlZJhGatpMGOaQR98JBgVS5vSdp+tgaqPEPdlVyTTybzaaQDrTkV3JrBLTVf/ptLTRc65bJpnsI1Scr2hwa13RQ+DxMkvBgTNKZDPDBrmdsKdWUQlx4aNbfnGs1m4yGOGYB8exyd6G0W78Lwan21FjlLi66o3M+6OaFlo1a0hr5EtKRR2KywAmf2bmQ2DlFrm4YYFokiBA3EBM/vF5jmR2/4PSrf/7CC8PflBVPk2Dz+FlMdGslu1x6F48B88pBWZ1L7nm0hvKptcUTv2wA4FrlRNns1f54He3TbrBd6UqVqUhEKdzCksrg7BrmDqfULdbRVamfemln926xcgypbHwd+D0c2+FZxbxLxV7HgV4GpfltBovW/KwNrmxyA==&u=U2FsdGVkX1+/UB1RdW49+OLK5CmX5jcnwvX0TBK1rgC9L++RyVhRtQvuDPpVp3Pj&y=U2FsdGVkX18ii6nJaHFDEwEsg61VbZTrSQD3hHAJvPm24yOrBUOiUgMTYzBjspSh HTTP/1.1" 200 26
186.102.102.200 - - [03/Nov/2023:01:51:51 -0500] "GET /kwssiamovil/sm/acme/a?s=U2FsdGVkX18PbYyyVJXPjnrzG3GzsBW1g1KsdUrEFNHV6t5TsPjUW6uRHEJtS2t291xyGYgx9tYVXaz60EpZi3rfCMs17Eqbb/NrtNCKUNmRCXPH7A28LstvUtSgEUq58i19xPLxO6aWwJX+1luOt/FwcQJ6qJ6w5VOKXSCgV+M=&u=U2FsdGVkX1+/UB1RdW49+OLK5CmX5jcnwvX0TBK1rgC9L++RyVhRtQvuDPpVp3Pj&y=U2FsdGVkX18ii6nJaHFDEwEsg61VbZTrSQD3hHAJvPm24yOrBUOiUgMTYzBjspSh HTTP/1.1" 200 26
186.102.102.200 - - [03/Nov/2023:01:51:52 -0500] "GET /kwssiamovil/sm/acme/a?s=U2FsdGVkX1+RbcbayVpHED51d01lJkRRuJcrjKkQhfyr1sb255RfYy0m5FkZrBoTwJPynBXetLGJLGGVLWArpVaJF3brcTTEuzVwroVzFMIUmJdCv7++SkaD5zQQUmRqNUoKCKFKy/FQaH7vEjuEsxiWRdG2OcJVtlt0eD2soE0=&u=U2FsdGVkX1+/UB1RdW49+OLK5CmX5jcnwvX0TBK1rgC9L++RyVhRtQvuDPpVp3Pj&y=U2FsdGVkX18ii6nJaHFDEwEsg61VbZTrSQD3hHAJvPm24yOrBUOiUgMTYzBjspSh HTTP/1.1" 200 26
186.102.102.200 - - [03/Nov/2023:01:51:52 -0500] "GET /kwssiamovil/sm/acme/a?s=U2FsdGVkX1+sLhoXBGG0dulpR1rwba1xAIA2oPfnjjwmF3tVnxKzJc2MgFzdEVXSDvCR6kZL9uK+sP2u+nrsCUzr91+LvpoIdfGhUapNUR4DknMHo4WpiG6ibOAi4g4fo1VNyiPTgnXfQFVcJmwlmap3nadxvmLGHhh/gE2fI5w=&u=U2FsdGVkX1+/UB1RdW49+OLK5CmX5jcnwvX0TBK1rgC9L++RyVhRtQvuDPpVp3Pj&y=U2FsdGVkX18ii6nJaHFDEwEsg61VbZTrSQD3hHAJvPm24yOrBUOiUgMTYzBjspSh HTTP/1.1" 200 26
186.102.102.200 - - [03/Nov/2023:01:51:52 -0500] "GET /kwssiamovil/sm/acme/a?s=U2FsdGVkX1/nlUVem2VAGIKzHnMetLyTIgC33CyRSa48o1rS4X1+yAHXPdF9yBWlrNp8dkRzKqZpOYmD0EwiyxObkfi+weWSgdUOceIVV23jX7q42Pfua1i1dNS80PDF90tgl2367iVJtQhCxTlJMz3Qy5Vf6zJBvfU/Wsrq/bv5psMTfOfGQUccGt9qIcxq0ZD+nFBExRc168lNIgbROw==&u=U2FsdGVkX1+/UB1RdW49+OLK5CmX5jcnwvX0TBK1rgC9L++RyVhRtQvuDPpVp3Pj&y=U2FsdGVkX18ii6nJaHFDEwEsg61VbZTrSQD3hHAJvPm24yOrBUOiUgMTYzBjspSh HTTP/1.1" 200 26
201.245.192.253 - - [03/Nov/2023:01:52:14 -0500] "POST /kwsrmcab/Wsrmcab  HTTP/1.1" 200 42686
66.249.66.167 - - [03/Nov/2023:01:53:05 -0500] "GET /portaldeninos/parque-mirador-de-los-nevados/ HTTP/1.1" 200 89855
172.22.2.4 - - [03/Nov/2023:01:51:49 -0500] "HEAD /BLA/boletinlegal/ HTTP/1.1" 200 -
201.245.192.253 - - [03/Nov/2023:01:53:37 -0500] "POST /forms/lservlet;jsessionid=ac16012b30d6b14c8f46b725431e8887c639ff4d95f3.e3iSbxaKaheRe3eRa38MahaQbi1ynknvrkLOlQzNp65In0 HTTP/1.1" 200 2
216.245.221.92 - - [03/Nov/2023:01:54:19 -0500] "HEAD / HTTP/1.1" 200 -
172.22.2.4 - - [03/Nov/2023:01:52:40 -0500] "GET /BLA/boletinlegal/ HTTP/1.1" 200 60634
69.171.249.113 - - [03/Nov/2023:01:55:07 -0500] "GET /images/Acuerdos%2001%20(1)%20(1).jpeg HTTP/1.1" 200 32884
201.245.192.253 - - [03/Nov/2023:01:55:37 -0500] "POST /forms/lservlet;jsessionid=ac16012b30d6b14c8f46b725431e8887c639ff4d95f3.e3iSbxaKaheRe3eRa38MahaQbi1ynknvrkLOlQzNp65In0 HTTP/1.1" 200 2
168.119.253.85 - - [03/Nov/2023:01:56:40 -0500] "GET / HTTP/1.1" 200 319
201.245.192.253 - - [03/Nov/2023:01:57:13 -0500] "POST /kwsrmcab/Wsrmcab  HTTP/1.1" 200 42686
201.245.192.253 - - [03/Nov/2023:01:57:37 -0500] "POST /forms/lservlet;jsessionid=ac16012b30d6b14c8f46b725431e8887c639ff4d95f3.e3iSbxaKaheRe3eRa38MahaQbi1ynknvrkLOlQzNp65In0 HTTP/1.1" 200 2
40.77.167.4 - - [03/Nov/2023:01:58:33 -0500] "GET /BLA/resoluciones/RESOLUCIONES%202021/1918.pdf HTTP/1.1" 200 993952
216.245.221.92 - - [03/Nov/2023:01:59:19 -0500] "HEAD / HTTP/1.1" 200 -
172.22.2.4 - - [03/Nov/2023:01:57:39 -0500] "HEAD /BLA/boletinlegal/ HTTP/1.1" 200 -
201.245.192.253 - - [03/Nov/2023:01:59:37 -0500] "POST /forms/lservlet;jsessionid=ac16012b30d6b14c8f46b725431e8887c639ff4d95f3.e3iSbxaKaheRe3eRa38MahaQbi1ynknvrkLOlQzNp65In0 HTTP/1.1" 200 2
172.22.2.4 - - [03/Nov/2023:01:58:30 -0500] "GET /BLA/boletinlegal/ HTTP/1.1" 200 61018
172.22.2.4 - - [03/Nov/2023:02:00:34 -0500] "GET /BLA/boletinlegal/robots.txt HTTP/1.1" 404 1038
162.55.175.144 - - [03/Nov/2023:02:01:30 -0500] "GET / HTTP/1.1" 200 4720
162.55.175.144 - - [03/Nov/2023:02:01:34 -0500] "GET / HTTP/1.1" 200 319
201.245.192.253 - - [03/Nov/2023:02:01:37 -0500] "POST /forms/lservlet;jsessionid=ac16012b30d6b14c8f46b725431e8887c639ff4d95f3.e3iSbxaKaheRe3eRa38MahaQbi1ynknvrkLOlQzNp65In0 HTTP/1.1" 200 2
40.77.167.56 - - [03/Nov/2023:02:01:49 -0500] "GET /Publicaciones/2023EE251542.pdf HTTP/1.1" 200 681393
201.245.192.253 - - [03/Nov/2023:02:02:11 -0500] "POST /kwsrmcab/Wsrmcab  HTTP/1.1" 200 42686
20.240.13.242 - - [03/Nov/2023:02:02:53 -0500] "GET /Publicaciones/2023EE229948.pdf HTTP/1.1" 404 228
201.245.192.253 - - [03/Nov/2023:02:03:37 -0500] "POST /forms/lservlet;jsessionid=ac16012b30d6b14c8f46b725431e8887c639ff4d95f3.e3iSbxaKaheRe3eRa38MahaQbi1ynknvrkLOlQzNp65In0 HTTP/1.1" 200 2
172.22.2.4 - - [03/Nov/2023:02:03:38 -0500] "GET /BLA/boletinlegal/jurisprudencia.php HTTP/1.1" 200 17583
172.22.2.4 - - [03/Nov/2023:02:04:16 -0500] "GET /BLA/boletinlegal/js/lib.js HTTP/1.1" 200 6474
216.245.221.92 - - [03/Nov/2023:02:04:19 -0500] "HEAD / HTTP/1.1" 200 -
172.22.2.4 - - [03/Nov/2023:02:04:20 -0500] "GET /BLA/boletinlegal/js/jquery1.js HTTP/1.1" 200 29846
172.22.2.4 - - [03/Nov/2023:02:04:21 -0500] "GET /BLA/boletinlegal/js/popup.js HTTP/1.1" 200 1270
172.22.2.4 - - [03/Nov/2023:02:03:29 -0500] "HEAD /BLA/boletinlegal/ HTTP/1.1" 200 -
201.245.192.253 - - [03/Nov/2023:02:05:37 -0500] "POST /forms/lservlet;jsessionid=ac16012b30d6b14c8f46b725431e8887c639ff4d95f3.e3iSbxaKaheRe3eRa38MahaQbi1ynknvrkLOlQzNp65In0 HTTP/1.1" 200 2
172.22.2.4 - - [03/Nov/2023:02:04:20 -0500] "GET /BLA/boletinlegal/ HTTP/1.1" 200 58644
40.77.167.56 - - [03/Nov/2023:02:06:17 -0500] "GET /BLA/resoluciones/AUTOS%202007/0004.pdf HTTP/1.1" 200 159086
201.245.192.253 - - [03/Nov/2023:02:07:10 -0500] "POST /kwsrmcab/Wsrmcab  HTTP/1.1" 200 42686
192.133.77.18 - - [03/Nov/2023:02:07:25 -0500] "GET /robots.txt HTTP/1.1" 404 1034
192.133.77.18 - - [03/Nov/2023:02:07:25 -0500] "GET /images/pl%C3%A1sticos%20foto%201..jpg HTTP/1.1" 404 1034
201.245.192.253 - - [03/Nov/2023:02:07:37 -0500] "POST /forms/lservlet;jsessionid=ac16012b30d6b14c8f46b725431e8887c639ff4d95f3.e3iSbxaKaheRe3eRa38MahaQbi1ynknvrkLOlQzNp65In0 HTTP/1.1" 200 2
216.245.221.92 - - [03/Nov/2023:02:09:19 -0500] "HEAD / HTTP/1.1" 200 -
40.77.167.44 - - [03/Nov/2023:02:09:24 -0500] "GET /catalogoisis/ HTTP/1.1" 404 211
201.245.192.253 - - [03/Nov/2023:02:09:37 -0500] "POST /forms/lservlet;jsessionid=ac16012b30d6b14c8f46b725431e8887c639ff4d95f3.e3iSbxaKaheRe3eRa38MahaQbi1ynknvrkLOlQzNp65In0 HTTP/1.1" 200 2
172.22.2.4 - - [03/Nov/2023:02:08:18 -0500] "GET /BLA/boletinlegal/ HTTP/1.1" 200 59827
172.22.2.4 - - [03/Nov/2023:02:10:08 -0500] "GET /BLA/boletinlegal/js/jquery.js HTTP/1.1" 200 57254
172.22.2.4 - - [03/Nov/2023:02:10:09 -0500] "GET /BLA/boletinlegal/style.css HTTP/1.1" 200 9406
172.22.2.4 - - [03/Nov/2023:02:10:09 -0500] "GET /BLA/boletinlegal/styles2.css HTTP/1.1" 200 1838
172.22.2.4 - - [03/Nov/2023:02:10:19 -0500] "GET /BLA/boletinlegal/js/jquery.scrollShow.js HTTP/1.1" 200 4586
172.22.2.4 - - [03/Nov/2023:02:10:19 -0500] "GET /BLA/boletinlegal/js/jquery.scrollTo-min.js HTTP/1.1" 200 1150
172.22.2.4 - - [03/Nov/2023:02:09:19 -0500] "HEAD /BLA/boletinlegal/ HTTP/1.1" 200 -
201.245.192.253 - - [03/Nov/2023:02:11:37 -0500] "POST /forms/lservlet;jsessionid=ac16012b30d6b14c8f46b725431e8887c639ff4d95f3.e3iSbxaKaheRe3eRa38MahaQbi1ynknvrkLOlQzNp65In0 HTTP/1.1" 200 2
172.22.2.4 - - [03/Nov/2023:02:10:10 -0500] "GET /BLA/boletinlegal/ HTTP/1.1" 200 59827
201.245.192.253 - - [03/Nov/2023:02:12:09 -0500] "POST /kwsrmcab/Wsrmcab  HTTP/1.1" 200 42686
154.126.170.119 - - [03/Nov/2023:02:12:47 -0500] "GET / HTTP/1.1" 200 319
201.245.192.253 - - [03/Nov/2023:02:13:37 -0500] "POST /forms/lservlet;jsessionid=ac16012b30d6b14c8f46b725431e8887c639ff4d95f3.e3iSbxaKaheRe3eRa38MahaQbi1ynknvrkLOlQzNp65In0 HTTP/1.1" 200 2
40.77.167.254 - - [03/Nov/2023:02:13:51 -0500] "GET /BLA/resoluciones/RESOLUCIONES%202021/3848.pdf HTTP/1.1" 200 464855
199.16.157.183 - - [03/Nov/2023:02:14:07 -0500] "GET /images/cr%C3%B3nica-29-nov-1_optimized.jpeg HTTP/1.1" 404 1034
216.245.221.92 - - [03/Nov/2023:02:14:19 -0500] "HEAD / HTTP/1.1" 200 -
52.167.144.23 - - [03/Nov/2023:02:14:52 -0500] "GET /BLA/resoluciones/AUTOS%202022/7111.pdf HTTP/1.1" 304 -
201.245.192.253 - - [03/Nov/2023:02:15:37 -0500] "POST /forms/lservlet;jsessionid=ac16012b30d6b14c8f46b725431e8887c639ff4d95f3.e3iSbxaKaheRe3eRa38MahaQbi1ynknvrkLOlQzNp65In0 HTTP/1.1" 200 2
172.22.2.4 - - [03/Nov/2023:02:15:09 -0500] "HEAD /BLA/boletinlegal/ HTTP/1.1" 200 -
201.245.192.253 - - [03/Nov/2023:02:17:08 -0500] "POST /kwsrmcab/Wsrmcab  HTTP/1.1" 200 42686
201.245.192.253 - - [03/Nov/2023:02:17:22 -0500] "POST /kwsrmcab/Wsrmcab HTTP/1.1" 200 42194
201.245.192.253 - - [03/Nov/2023:02:17:25 -0500] "POST /kwsrmcab/Wsrmcab HTTP/1.1" 200 40342
201.245.192.253 - - [03/Nov/2023:02:17:37 -0500] "POST /forms/lservlet;jsessionid=ac16012b30d6b14c8f46b725431e8887c639ff4d95f3.e3iSbxaKaheRe3eRa38MahaQbi1ynknvrkLOlQzNp65In0 HTTP/1.1" 200 2
172.22.2.4 - - [03/Nov/2023:02:16:00 -0500] "GET /BLA/boletinlegal/ HTTP/1.1" 200 58644
216.245.221.92 - - [03/Nov/2023:02:19:19 -0500] "HEAD / HTTP/1.1" 200 -
201.245.192.253 - - [03/Nov/2023:02:19:37 -0500] "POST /forms/lservlet;jsessionid=ac16012b30d6b14c8f46b725431e8887c639ff4d95f3.e3iSbxaKaheRe3eRa38MahaQbi1ynknvrkLOlQzNp65In0 HTTP/1.1" 200 2
66.249.66.38 - - [03/Nov/2023:02:19:45 -0500] "GET /camino-guadalupe-aguanoso-abierto-de-nuevo-al-publico.html HTTP/1.1" 304 -
40.77.167.4 - - [03/Nov/2023:02:20:31 -0500] "GET /BLA/resoluciones/RESOLUCIONES%202021/3267.pdf HTTP/1.1" 200 357013
201.245.192.253 - - [03/Nov/2023:02:20:34 -0500] "POST /kwsrmcab/Wsrmcab HTTP/1.1" 200 42194
201.245.192.253 - - [03/Nov/2023:02:20:37 -0500] "POST /kwsrmcab/Wsrmcab HTTP/1.1" 200 40342
201.245.192.253 - - [03/Nov/2023:02:21:37 -0500] "POST /forms/lservlet;jsessionid=ac16012b30d6b14c8f46b725431e8887c639ff4d95f3.e3iSbxaKaheRe3eRa38MahaQbi1ynknvrkLOlQzNp65In0 HTTP/1.1" 200 2
172.22.2.4 - - [03/Nov/2023:02:22:07 -0500] "GET /BLA/boletinlegal/robots.txt HTTP/1.1" 404 1038
