186.86.33.245 - - [03/Nov/2023:09:41:07 -0500] "GET /sipse/faces/javax.faces.resource/layout/layout.js?ln=primefaces&v=4.0 HTTP/1.1" 304 -
186.86.33.245 - - [03/Nov/2023:09:41:07 -0500] "POST /sipse/faces/presentacion/financiero/solicitudProceso/listarSolicitudProceso.xhtml HTTP/1.1" 200 1488
172.22.2.4 - - [03/Nov/2023:09:41:14 -0500] "GET /BLA/boletinlegal/style.css HTTP/1.1" 200 9406
172.22.2.4 - - [03/Nov/2023:09:41:14 -0500] "GET /BLA/boletinlegal/styles2.css HTTP/1.1" 200 1838
172.22.2.4 - - [03/Nov/2023:09:41:14 -0500] "GET /BLA/boletinlegal/js/jquery.js HTTP/1.1" 200 57254
172.22.2.4 - - [03/Nov/2023:09:41:15 -0500] "GET /BLA/boletinlegal/js/jquery.scrollTo-min.js HTTP/1.1" 200 1150
172.22.2.4 - - [03/Nov/2023:09:41:15 -0500] "GET /BLA/boletinlegal/js/jquery.scrollShow.js HTTP/1.1" 200 4586
172.22.2.4 - - [03/Nov/2023:09:41:15 -0500] "GET /BLA/boletinlegal/images/cabezote%20BLEGAL.jpg HTTP/1.1" 200 118164
172.22.2.4 - - [03/Nov/2023:09:41:15 -0500] "GET /BLA/boletinlegal/images/screen_1.png HTTP/1.1" 200 202547
172.22.2.4 - - [03/Nov/2023:09:41:15 -0500] "GET /BLA/boletinlegal/images/subscribe-icon-big.png HTTP/1.1" 200 47702
172.22.2.4 - - [03/Nov/2023:09:41:15 -0500] "GET /BLA/boletinlegal/images/hover.jpg HTTP/1.1" 200 640
172.22.2.4 - - [03/Nov/2023:09:41:15 -0500] "GET /BLA/boletinlegal/images/body_bg.jpg HTTP/1.1" 200 1601
172.22.2.4 - - [03/Nov/2023:09:41:15 -0500] "GET /BLA/boletinlegal/images/menu_lft.gif HTTP/1.1" 200 1713
172.22.2.4 - - [03/Nov/2023:09:41:15 -0500] "GET /BLA/boletinlegal/images/menu_rght.gif HTTP/1.1" 200 1627
172.22.2.4 - - [03/Nov/2023:09:41:15 -0500] "GET /BLA/boletinlegal/images/bg_top.jpg HTTP/1.1" 200 522
172.22.2.4 - - [03/Nov/2023:09:41:15 -0500] "GET /BLA/boletinlegal/images/menu_bg.jpg HTTP/1.1" 200 620
172.22.2.4 - - [03/Nov/2023:09:41:15 -0500] "GET /BLA/boletinlegal/images/text.jpg HTTP/1.1" 200 568
172.22.2.4 - - [03/Nov/2023:09:41:15 -0500] "GET /BLA/boletinlegal/images/historia.png HTTP/1.1" 200 52775
44.230.252.91 - - [03/Nov/2023:09:41:15 -0500] "GET /BLA/resoluciones/index.php?dir=RESOLUCIONES%201998/&order=asc&sort=date HTTP/1.1" 200 14920
172.22.2.4 - - [03/Nov/2023:09:41:15 -0500] "GET /BLA/boletinlegal/images/registro-usuarios.png HTTP/1.1" 200 8106
172.22.2.4 - - [03/Nov/2023:09:41:16 -0500] "GET /BLA/boletinlegal/images/arr_l.jpg HTTP/1.1" 200 1979
172.22.2.4 - - [03/Nov/2023:09:41:16 -0500] "GET /BLA/boletinlegal/images/launch.jpg HTTP/1.1" 200 14577
172.22.2.4 - - [03/Nov/2023:09:41:17 -0500] "GET /BLA/boletinlegal/actos.php HTTP/1.1" 200 9682
172.22.2.4 - - [03/Nov/2023:09:41:17 -0500] "GET /BLA/boletinlegal/js/ajax_actos.js HTTP/1.1" 200 1322
172.22.2.4 - - [03/Nov/2023:09:41:17 -0500] "GET /BLA/boletinlegal/niceforms.js HTTP/1.1" 200 22876
172.22.2.4 - - [03/Nov/2023:09:41:17 -0500] "GET /BLA/boletinlegal/niceforms-default.css HTTP/1.1" 200 6694
172.22.2.4 - - [03/Nov/2023:09:41:17 -0500] "GET /BLA/boletinlegal/js/lib.js HTTP/1.1" 200 6474
172.22.2.4 - - [03/Nov/2023:09:41:17 -0500] "GET /BLA/boletinlegal/js/popup.js HTTP/1.1" 200 1270
172.22.2.4 - - [03/Nov/2023:09:41:17 -0500] "GET /BLA/boletinlegal/js/jquery1.js HTTP/1.1" 200 29846
172.22.2.4 - - [03/Nov/2023:09:41:17 -0500] "GET /BLA/boletinlegal/images/subscribe-icon-big.png HTTP/1.1" 206 1
52.25.208.208 - - [03/Nov/2023:09:41:17 -0500] "GET /BLA/resoluciones/index.php?dir=RESOLUCIONES%201998/&order=asc&sort=date HTTP/1.1" 200 14920
172.22.2.4 - - [03/Nov/2023:09:41:17 -0500] "GET /BLA/boletinlegal/images/subscribe-icon-big.png HTTP/1.1" 206 3694
172.22.2.4 - - [03/Nov/2023:09:41:17 -0500] "GET /BLA/boletinlegal/images/green-yellow-blue-pink-th.png HTTP/1.1" 200 7394
172.22.2.4 - - [03/Nov/2023:09:41:17 -0500] "GET /BLA/boletinlegal/images/tel.png HTTP/1.1" 200 14477
172.22.2.4 - - [03/Nov/2023:09:41:17 -0500] "GET /BLA/boletinlegal/images/icono-email.png HTTP/1.1" 200 5544
172.22.2.4 - - [03/Nov/2023:09:41:18 -0500] "GET /BLA/boletinlegal/images/footer_bg.jpg HTTP/1.1" 200 586
172.22.2.4 - - [03/Nov/2023:09:41:18 -0500] "GET /BLA/boletinlegal/images/footer_bg_l.jpg HTTP/1.1" 200 776
172.22.2.4 - - [03/Nov/2023:09:41:19 -0500] "GET /BLA/boletinlegal/img/0.png HTTP/1.1" 200 110
172.22.2.4 - - [03/Nov/2023:09:41:19 -0500] "GET /BLA/boletinlegal/img/select-left.png HTTP/1.1" 200 263
172.22.2.4 - - [03/Nov/2023:09:41:19 -0500] "GET /BLA/boletinlegal/img/select-right.png HTTP/1.1" 200 44019
172.22.2.4 - - [03/Nov/2023:09:41:19 -0500] "GET /BLA/boletinlegal/img/button.png HTTP/1.1" 200 43241
172.22.2.4 - - [03/Nov/2023:09:41:19 -0500] "GET /BLA/boletinlegal/img/button-left.png HTTP/1.1" 200 57071
172.22.2.4 - - [03/Nov/2023:09:41:19 -0500] "GET /BLA/boletinlegal/img/button-right.png HTTP/1.1" 200 57878
172.22.2.4 - - [03/Nov/2023:09:41:19 -0500] "GET /BLA/boletinlegal/favicon.ico HTTP/1.1" 404 1326
44.231.202.44 - - [03/Nov/2023:09:41:23 -0500] "GET /BLA/resoluciones/index.php?dir=RESOLUCIONES%202004/RES%202004%202301-2350/&order=asc&sort=size HTTP/1.1" 200 12356
44.230.252.91 - - [03/Nov/2023:09:41:25 -0500] "GET /BLA/resoluciones/index.php?dir=RESOLUCIONES%201998/&order=asc&sort=name HTTP/1.1" 200 14920
50.112.160.3 - - [03/Nov/2023:09:41:26 -0500] "GET /BLA/resoluciones/index.php?dir=RESOLUCIONES%202004/RES%202004%202301-2350/&order=asc&sort=date HTTP/1.1" 200 12356
44.230.252.91 - - [03/Nov/2023:09:41:27 -0500] "GET /BLA/resoluciones/index.php?dir=RESOLUCIONES%201998/&order=asc&sort=size HTTP/1.1" 200 14920
191.92.188.128 - - [03/Nov/2023:09:41:36 -0500] "POST /sipse/faces/presentacion/financiero/solicitudProceso/listarSolicitudProceso.xhtml HTTP/1.1" 200 51420
191.92.188.128 - - [03/Nov/2023:09:41:37 -0500] "GET /sipse/faces/javax.faces.resource/theme.css?ln=primefaces-sipse HTTP/1.1" 304 -
191.92.188.128 - - [03/Nov/2023:09:41:37 -0500] "GET /sipse/faces/javax.faces.resource/layout/layout.css?ln=primefaces&v=4.0 HTTP/1.1" 304 -
191.92.188.128 - - [03/Nov/2023:09:41:37 -0500] "GET /sipse/faces/javax.faces.resource/primefaces.css?ln=primefaces&v=4.0 HTTP/1.1" 304 -
191.92.188.128 - - [03/Nov/2023:09:41:37 -0500] "GET /sipse/faces/javax.faces.resource/jquery/jquery.js?ln=primefaces&v=4.0 HTTP/1.1" 304 -
191.92.188.128 - - [03/Nov/2023:09:41:37 -0500] "GET /sipse/faces/javax.faces.resource/jquery/jquery-plugins.js?ln=primefaces&v=4.0 HTTP/1.1" 304 -
191.92.188.128 - - [03/Nov/2023:09:41:37 -0500] "GET /sipse/faces/javax.faces.resource/primefaces.js?ln=primefaces&v=4.0 HTTP/1.1" 304 -
191.92.188.128 - - [03/Nov/2023:09:41:37 -0500] "GET /sipse/faces/javax.faces.resource/layout/layout.js?ln=primefaces&v=4.0 HTTP/1.1" 304 -
191.92.188.128 - - [03/Nov/2023:09:41:37 -0500] "POST /sipse/faces/presentacion/financiero/solicitudProceso/consultar.xhtml HTTP/1.1" 200 44827
191.109.180.59 - - [03/Nov/2023:09:41:37 -0500] "GET /BLA/resoluciones/ HTTP/1.1" 200 13696
191.109.180.59 - - [03/Nov/2023:09:41:37 -0500] "GET /BLA/resoluciones/dlf/styles.css HTTP/1.1" 200 3049
191.109.180.59 - - [03/Nov/2023:09:41:37 -0500] "GET /BLA/resoluciones/dlf/folder.png HTTP/1.1" 200 410
191.109.180.59 - - [03/Nov/2023:09:41:37 -0500] "GET /BLA/resoluciones/dlf/bg.gif HTTP/1.1" 200 54
191.92.188.128 - - [03/Nov/2023:09:41:37 -0500] "POST /sipse/faces/presentacion/financiero/solicitudProceso/consultar.xhtml HTTP/1.1" 200 44827
52.25.208.208 - - [03/Nov/2023:09:41:38 -0500] "GET /BLA/resoluciones/index.php?dir=RESOLUCIONES%201998/&order=desc&sort=name HTTP/1.1" 200 14919
191.92.188.128 - - [03/Nov/2023:09:41:38 -0500] "POST /sipse/faces/presentacion/financiero/solicitudProceso/consultar.xhtml HTTP/1.1" 200 44827
201.245.192.253 - - [03/Nov/2023:09:41:39 -0500] "POST /forms/lservlet;jsessionid=ac16012b30d6b14c8f46b725431e8887c639ff4d95f3.e3iSbxaKaheRe3eRa38MahaQbi1ynknvrkLOlQzNp65In0 HTTP/1.1" 200 2
191.109.180.59 - - [03/Nov/2023:09:41:41 -0500] "GET /BLA/resoluciones/dlf/dirup.png HTTP/1.1" 200 644
191.109.180.59 - - [03/Nov/2023:09:41:41 -0500] "GET /BLA/resoluciones/dlf/pdf.gif HTTP/1.1" 200 272
172.22.2.4 - - [03/Nov/2023:09:41:13 -0500] "GET /BLA/boletinlegal/ HTTP/1.1" 200 24523
44.230.252.91 - - [03/Nov/2023:09:41:46 -0500] "GET /BLA/resoluciones/index.php?dir=RESOLUCIONES%202002/RES%202002%201151-1200/&order=asc&sort=date HTTP/1.1" 200 12144
191.109.180.59 - - [03/Nov/2023:09:41:41 -0500] "GET /BLA/resoluciones/index.php?dir=AUTOS+2011%2F HTTP/1.1" 200 636914
44.230.252.91 - - [03/Nov/2023:09:41:48 -0500] "GET /BLA/resoluciones/index.php?dir=RESOLUCIONES%202002/RES%202002%201151-1200/&order=asc&sort=size HTTP/1.1" 200 12144
191.92.188.128 - - [03/Nov/2023:09:41:52 -0500] "POST /sipse/faces/presentacion/financiero/solicitudProceso/consultar.xhtml HTTP/1.1" 200 12873
191.92.188.128 - - [03/Nov/2023:09:41:56 -0500] "POST /sipse/faces/presentacion/financiero/solicitudProceso/consultar.xhtml HTTP/1.1" 200 150029
191.92.188.128 - - [03/Nov/2023:09:41:57 -0500] "GET /sipse/faces/javax.faces.resource/theme.css?ln=primefaces-sipse HTTP/1.1" 304 -
191.92.188.128 - - [03/Nov/2023:09:41:57 -0500] "GET /sipse/faces/javax.faces.resource/primefaces.css?ln=primefaces&v=4.0 HTTP/1.1" 304 -
191.92.188.128 - - [03/Nov/2023:09:41:57 -0500] "GET /sipse/faces/javax.faces.resource/layout/layout.css?ln=primefaces&v=4.0 HTTP/1.1" 304 -
191.92.188.128 - - [03/Nov/2023:09:41:57 -0500] "GET /sipse/faces/javax.faces.resource/jquery/jquery.js?ln=primefaces&v=4.0 HTTP/1.1" 304 -
191.92.188.128 - - [03/Nov/2023:09:41:57 -0500] "GET /sipse/faces/javax.faces.resource/jquery/jquery-plugins.js?ln=primefaces&v=4.0 HTTP/1.1" 304 -
191.92.188.128 - - [03/Nov/2023:09:41:57 -0500] "GET /sipse/faces/javax.faces.resource/primefaces.js?ln=primefaces&v=4.0 HTTP/1.1" 304 -
191.92.188.128 - - [03/Nov/2023:09:41:57 -0500] "GET /sipse/faces/javax.faces.resource/layout/layout.js?ln=primefaces&v=4.0 HTTP/1.1" 304 -
100.21.24.205 - - [03/Nov/2023:09:41:58 -0500] "GET /BLA/resoluciones/index.php?dir=RESOLUCIONES%202002/RES%202002%201151-1200/&order=desc&sort=name HTTP/1.1" 200 12143
201.245.192.253 - - [03/Nov/2023:09:42:06 -0500] "POST /forms/lservlet;jsessionid=ac16012b30d67398b24510264f55a2d4c5826150a17a.e3iSbxaKaheRe3eRa38MahaQbi1ynknvrkLOlQzNp65In0 HTTP/1.1" 200 2
52.167.144.188 - - [03/Nov/2023:09:41:57 -0500] "GET /portaldeninos/wp-content/uploads/2020/01/Fauna-gif.gif HTTP/1.1" 200 3779027
44.230.252.91 - - [03/Nov/2023:09:42:08 -0500] "GET /BLA/resoluciones/index.php?dir=RESOLUCIONES%202002/RES%202002%201601-1650/&order=asc&sort=date HTTP/1.1" 200 12158
100.21.24.205 - - [03/Nov/2023:09:42:09 -0500] "GET /BLA/resoluciones/index.php?dir=RESOLUCIONES%202002/RES%202002%201601-1650/&order=asc&sort=size HTTP/1.1" 200 12158
52.25.208.208 - - [03/Nov/2023:09:42:11 -0500] "GET /BLA/resoluciones/index.php?dir=RESOLUCIONES%202002/RES%202002%201601-1650/&order=asc&sort=size HTTP/1.1" 200 12158
186.86.33.245 - - [03/Nov/2023:09:42:21 -0500] "POST /sipse/faces/presentacion/financiero/solicitudProceso/listarSolicitudProceso.xhtml HTTP/1.1" 200 2193
186.86.33.245 - - [03/Nov/2023:09:42:21 -0500] "POST /sipse/faces/presentacion/financiero/solicitudProceso/listarSolicitudProceso.xhtml HTTP/1.1" 200 38324
186.86.33.245 - - [03/Nov/2023:09:42:22 -0500] "GET /sipse/faces/javax.faces.resource/jquery/jquery.js?ln=primefaces&v=4.0 HTTP/1.1" 304 -
186.86.33.245 - - [03/Nov/2023:09:42:22 -0500] "GET /sipse/faces/javax.faces.resource/jquery/jquery-plugins.js?ln=primefaces&v=4.0 HTTP/1.1" 304 -
186.86.33.245 - - [03/Nov/2023:09:42:22 -0500] "GET /sipse/faces/javax.faces.resource/primefaces.js?ln=primefaces&v=4.0 HTTP/1.1" 304 -
186.86.33.245 - - [03/Nov/2023:09:42:22 -0500] "GET /sipse/faces/javax.faces.resource/layout/layout.js?ln=primefaces&v=4.0 HTTP/1.1" 304 -
186.86.33.245 - - [03/Nov/2023:09:42:22 -0500] "POST /sipse/faces/presentacion/financiero/solicitudProceso/consultar.xhtml HTTP/1.1" 200 31741
50.112.160.3 - - [03/Nov/2023:09:42:22 -0500] "GET /BLA/resoluciones/index.php?dir=RESOLUCIONES%202004/RES%202004%202051-2100/&order=asc&sort=size HTTP/1.1" 200 12370
100.21.24.205 - - [03/Nov/2023:09:42:24 -0500] "GET /BLA/resoluciones/index.php?dir=RESOLUCIONES%202002/RES%202002%201601-1650/&order=desc&sort=name HTTP/1.1" 200 12157
186.86.33.245 - - [03/Nov/2023:09:42:25 -0500] "POST /sipse/faces/presentacion/financiero/solicitudProceso/consultar.xhtml HTTP/1.1" 200 12743
100.21.24.205 - - [03/Nov/2023:09:42:33 -0500] "GET /BLA/resoluciones/index.php?dir=RESOLUCIONES%202002/RES%202002%201851-1900/ HTTP/1.1" 200 12150
100.21.24.205 - - [03/Nov/2023:09:42:43 -0500] "GET /BLA/resoluciones/index.php?dir=RESOLUCIONES%202002/RES%202002%201851-1900/&order=asc&sort=date HTTP/1.1" 200 12150
152.201.64.63 - - [03/Nov/2023:09:42:47 -0500] "GET /appsia/controlador HTTP/1.1" 200 4799
152.201.64.63 - - [03/Nov/2023:09:42:47 -0500] "GET /appsia/scripts/validarIngreso.js HTTP/1.1" 200 851
152.201.64.63 - - [03/Nov/2023:09:42:47 -0500] "GET /appsia/css/estilos.css HTTP/1.1" 200 4804
52.25.208.208 - - [03/Nov/2023:09:42:47 -0500] "GET /BLA/resoluciones/index.php?dir=RESOLUCIONES%202002/RES%202002%201851-1900/&order=asc&sort=name HTTP/1.1" 200 12150
152.201.64.63 - - [03/Nov/2023:09:42:47 -0500] "GET /appsia/images/logo_bogota_p.png HTTP/1.1" 200 14951
152.201.64.63 - - [03/Nov/2023:09:42:47 -0500] "GET /appsia/images/cabezoteHojaVida.png HTTP/1.1" 200 32493
152.201.64.63 - - [03/Nov/2023:09:42:47 -0500] "GET /favicon.ico HTTP/1.1" 200 7782
44.230.252.91 - - [03/Nov/2023:09:42:49 -0500] "GET /BLA/resoluciones/index.php?dir=RESOLUCIONES%202002/RES%202002%201851-1900/&order=desc&sort=date HTTP/1.1" 200 12149
44.230.252.91 - - [03/Nov/2023:09:42:53 -0500] "GET /BLA/resoluciones/index.php?dir=RESOLUCIONES%202002/RES%202002%20501-550/ HTTP/1.1" 200 12510
44.230.252.91 - - [03/Nov/2023:09:43:03 -0500] "GET /BLA/resoluciones/index.php?dir=RESOLUCIONES%202002/RES%202002%2051-100/ HTTP/1.1" 200 12120
152.201.64.63 - - [03/Nov/2023:09:43:04 -0500] "POST /appsia/controlador HTTP/1.1" 200 3598
152.201.64.63 - - [03/Nov/2023:09:43:04 -0500] "GET /appsia/jscripts/validarSolicitud.js HTTP/1.1" 404 68
186.86.33.245 - - [03/Nov/2023:09:43:15 -0500] "POST /sipse/faces/presentacion/financiero/solicitudProceso/consultar.xhtml HTTP/1.1" 200 12845
201.245.192.253 - - [03/Nov/2023:09:43:16 -0500] "POST /sipse/faces/presentacion/financiero/solicitudProceso/consultarSolicitudProceso.xhtml HTTP/1.1" 200 113785
44.230.252.91 - - [03/Nov/2023:09:43:19 -0500] "GET /BLA/resoluciones/index.php?dir=RESOLUCIONES%202002/RES%202002%20551-600/ HTTP/1.1" 200 12948
152.201.64.63 - - [03/Nov/2023:09:43:20 -0500] "POST /appsia/controlador HTTP/1.1" 200 4799
52.25.208.208 - - [03/Nov/2023:09:43:21 -0500] "GET /BLA/resoluciones/index.php?dir=RESOLUCIONES%202002/RES%202002%20551-600/ HTTP/1.1" 200 12948
201.245.192.253 - - [03/Nov/2023:09:43:26 -0500] "POST /sipse/faces/presentacion/financiero/solicitudProceso/consultarSolicitudProceso.xhtml HTTP/1.1" 200 19318
201.245.192.253 - - [03/Nov/2023:09:43:26 -0500] "GET /sipse/faces/javax.faces.resource/theme.css?ln=primefaces-sipse HTTP/1.1" 304 -
201.245.192.253 - - [03/Nov/2023:09:43:26 -0500] "GET /sipse/faces/javax.faces.resource/layout/layout.css?ln=primefaces&v=4.0 HTTP/1.1" 304 -
201.245.192.253 - - [03/Nov/2023:09:43:26 -0500] "GET /sipse/faces/javax.faces.resource/jquery/jquery.js?ln=primefaces&v=4.0 HTTP/1.1" 304 -
201.245.192.253 - - [03/Nov/2023:09:43:26 -0500] "GET /sipse/faces/javax.faces.resource/fileupload/fileupload.css?ln=primefaces&v=4.0 HTTP/1.1" 304 -
201.245.192.253 - - [03/Nov/2023:09:43:26 -0500] "GET /sipse/faces/javax.faces.resource/primefaces.css?ln=primefaces&v=4.0 HTTP/1.1" 304 -
201.245.192.253 - - [03/Nov/2023:09:43:26 -0500] "GET /sipse/faces/javax.faces.resource/jquery/jquery-plugins.js?ln=primefaces&v=4.0 HTTP/1.1" 304 -
201.245.192.253 - - [03/Nov/2023:09:43:26 -0500] "GET /sipse/faces/javax.faces.resource/primefaces.js?ln=primefaces&v=4.0 HTTP/1.1" 304 -
201.245.192.253 - - [03/Nov/2023:09:43:26 -0500] "GET /sipse/faces/javax.faces.resource/layout/layout.js?ln=primefaces&v=4.0 HTTP/1.1" 304 -
201.245.192.253 - - [03/Nov/2023:09:43:26 -0500] "GET /sipse/faces/javax.faces.resource/fileupload/fileupload.js?ln=primefaces&v=4.0 HTTP/1.1" 304 -
201.245.192.253 - - [03/Nov/2023:09:43:29 -0500] "GET /sipse/css/imagen/contrasena.png HTTP/1.1" 404 383
201.245.192.253 - - [03/Nov/2023:09:43:29 -0500] "GET /sipse/faces/javax.faces.resource/images/ui-icons_898989_256x240.png?ln=primefaces-aristo HTTP/1.1" 304 -
152.201.64.63 - - [03/Nov/2023:09:43:30 -0500] "POST /appsia/controlador HTTP/1.1" 200 3598
152.201.64.63 - - [03/Nov/2023:09:43:30 -0500] "GET /appsia/jscripts/validarSolicitud.js HTTP/1.1" 404 68
152.201.64.63 - - [03/Nov/2023:09:43:32 -0500] "POST /appsia/controlador HTTP/1.1" 200 4799
201.245.192.253 - - [03/Nov/2023:09:43:33 -0500] "POST /sipse/faces/presentacion/financiero/solicitudProceso/consultarSolicitudProceso.xhtml HTTP/1.1" 302 -
201.245.192.253 - - [03/Nov/2023:09:43:33 -0500] "GET /sipse/faces/javax.faces.resource/images/ui-bg_flat_0_2d5972_40x100.png?ln=primefaces-aristo HTTP/1.1" 304 -
201.245.192.253 - - [03/Nov/2023:09:43:33 -0500] "GET /sipse/faces/autenticacion.xhtml HTTP/1.1" 200 1099
201.245.192.253 - - [03/Nov/2023:09:43:33 -0500] "POST /sipse/faces/presentacion/financiero/solicitudProceso/consultarSolicitudProceso.xhtml HTTP/1.1" 302 -
201.245.192.253 - - [03/Nov/2023:09:43:33 -0500] "GET /sipse/faces/autenticacion.xhtml HTTP/1.1" 200 1099
201.245.192.253 - - [03/Nov/2023:09:43:34 -0500] "POST /sipse/faces/presentacion/financiero/solicitudProceso/consultarSolicitudProceso.xhtml HTTP/1.1" 302 -
201.245.192.253 - - [03/Nov/2023:09:43:34 -0500] "GET /sipse/faces/autenticacion.xhtml HTTP/1.1" 200 1099
201.245.192.253 - - [03/Nov/2023:09:43:34 -0500] "POST /sipse/faces/presentacion/financiero/solicitudProceso/consultarSolicitudProceso.xhtml HTTP/1.1" 302 -
201.245.192.253 - - [03/Nov/2023:09:43:34 -0500] "GET /sipse/faces/autenticacion.xhtml HTTP/1.1" 200 1099
201.245.192.253 - - [03/Nov/2023:09:43:34 -0500] "POST /sipse/faces/presentacion/financiero/solicitudProceso/consultarSolicitudProceso.xhtml HTTP/1.1" 302 -
201.245.192.253 - - [03/Nov/2023:09:43:34 -0500] "GET /sipse/faces/autenticacion.xhtml HTTP/1.1" 200 1099
201.245.192.253 - - [03/Nov/2023:09:43:34 -0500] "POST /sipse/faces/presentacion/financiero/solicitudProceso/consultarSolicitudProceso.xhtml HTTP/1.1" 302 -
201.245.192.253 - - [03/Nov/2023:09:43:34 -0500] "GET /sipse/faces/autenticacion.xhtml HTTP/1.1" 200 1099
100.21.24.205 - - [03/Nov/2023:09:43:37 -0500] "GET /BLA/resoluciones/index.php?dir=RESOLUCIONES%202002/RES%202002%20601-650/ HTTP/1.1" 200 12037
201.245.192.253 - - [03/Nov/2023:09:43:39 -0500] "POST /forms/lservlet;jsessionid=ac16012b30d6b14c8f46b725431e8887c639ff4d95f3.e3iSbxaKaheRe3eRa38MahaQbi1ynknvrkLOlQzNp65In0 HTTP/1.1" 200 2
201.245.192.253 - - [03/Nov/2023:09:43:39 -0500] "GET /sipse/faces/javax.faces.resource/jquery/jquery.js?ln=primefaces&v=4.0 HTTP/1.1" 304 -
201.245.192.253 - - [03/Nov/2023:09:43:39 -0500] "GET /sipse/faces/javax.faces.resource/primefaces.css?ln=primefaces&v=4.0 HTTP/1.1" 304 -
201.245.192.253 - - [03/Nov/2023:09:43:39 -0500] "GET /sipse/faces/javax.faces.resource/layout/layout.css?ln=primefaces&v=4.0 HTTP/1.1" 304 -
201.245.192.253 - - [03/Nov/2023:09:43:39 -0500] "GET /sipse/faces/javax.faces.resource/theme.css?ln=primefaces-sipse HTTP/1.1" 304 -
201.245.192.253 - - [03/Nov/2023:09:43:39 -0500] "GET /sipse/faces/javax.faces.resource/primefaces.js?ln=primefaces&v=4.0 HTTP/1.1" 304 -
201.245.192.253 - - [03/Nov/2023:09:43:39 -0500] "GET /sipse/faces/javax.faces.resource/jquery/jquery-plugins.js?ln=primefaces&v=4.0 HTTP/1.1" 304 -
201.245.192.253 - - [03/Nov/2023:09:43:39 -0500] "GET /sipse/faces/javax.faces.resource/layout/layout.js?ln=primefaces&v=4.0 HTTP/1.1" 304 -
201.245.192.253 - - [03/Nov/2023:09:43:38 -0500] "POST /sipse/faces/presentacion/sistema/anexos/cargarAnexoSolicitudProceso.xhtml HTTP/1.1" 200 191821
201.245.192.253 - - [03/Nov/2023:09:43:39 -0500] "GET /sipse/faces/javax.faces.resource/images/ui-icons_898989_256x240.png?ln=primefaces-aristo HTTP/1.1" 304 -
100.21.24.205 - - [03/Nov/2023:09:43:41 -0500] "GET /BLA/resoluciones/index.php?dir=RESOLUCIONES%202002/RES%202002%20651-700/ HTTP/1.1" 200 12213
201.245.192.253 - - [03/Nov/2023:09:43:42 -0500] "POST /sipse/faces/presentacion/financiero/solicitudProceso/consultarSolicitudProceso.xhtml HTTP/1.1" 302 -
201.245.192.253 - - [03/Nov/2023:09:43:42 -0500] "GET /sipse/faces/autenticacion.xhtml HTTP/1.1" 200 1099
201.245.192.253 - - [03/Nov/2023:09:43:42 -0500] "POST /sipse/faces/presentacion/financiero/solicitudProceso/consultarSolicitudProceso.xhtml HTTP/1.1" 302 -
201.245.192.253 - - [03/Nov/2023:09:43:42 -0500] "GET /sipse/faces/autenticacion.xhtml HTTP/1.1" 200 1099
201.245.192.253 - - [03/Nov/2023:09:43:42 -0500] "POST /sipse/faces/presentacion/financiero/solicitudProceso/consultarSolicitudProceso.xhtml HTTP/1.1" 302 -
201.245.192.253 - - [03/Nov/2023:09:43:42 -0500] "GET /sipse/faces/autenticacion.xhtml HTTP/1.1" 200 1099
201.245.192.253 - - [03/Nov/2023:09:43:42 -0500] "POST /sipse/faces/presentacion/financiero/solicitudProceso/consultarSolicitudProceso.xhtml HTTP/1.1" 302 -
201.245.192.253 - - [03/Nov/2023:09:43:42 -0500] "GET /sipse/faces/autenticacion.xhtml HTTP/1.1" 200 1099
201.245.192.253 - - [03/Nov/2023:09:43:42 -0500] "POST /sipse/faces/presentacion/financiero/solicitudProceso/consultarSolicitudProceso.xhtml HTTP/1.1" 302 -
201.245.192.253 - - [03/Nov/2023:09:43:42 -0500] "GET /sipse/faces/autenticacion.xhtml HTTP/1.1" 200 1099
201.245.192.253 - - [03/Nov/2023:09:43:42 -0500] "POST /sipse/faces/presentacion/financiero/solicitudProceso/consultarSolicitudProceso.xhtml HTTP/1.1" 302 -
201.245.192.253 - - [03/Nov/2023:09:43:42 -0500] "GET /sipse/faces/autenticacion.xhtml HTTP/1.1" 200 1099
201.245.192.253 - - [03/Nov/2023:09:43:42 -0500] "GET /sipse/faces/javax.faces.resource/images/ui-bg_flat_0_2d5972_40x100.png?ln=primefaces-aristo HTTP/1.1" 304 -
54.184.159.16 - - [03/Nov/2023:09:43:43 -0500] "GET /BLA/resoluciones/index.php?dir=RESOLUCIONES%202004/RES%202004%202051-2100/&order=asc&sort=date HTTP/1.1" 200 12370
201.245.192.253 - - [03/Nov/2023:09:43:42 -0500] "POST /sipse/faces/presentacion/financiero/solicitudProceso/consultarSolicitudProceso.xhtml HTTP/1.1" 200 40851
201.245.192.253 - - [03/Nov/2023:09:43:45 -0500] "GET /sipse/faces/javax.faces.resource/primefaces.css?ln=primefaces&v=4.0 HTTP/1.1" 304 -
201.245.192.253 - - [03/Nov/2023:09:43:45 -0500] "GET /sipse/faces/javax.faces.resource/layout/layout.css?ln=primefaces&v=4.0 HTTP/1.1" 304 -
201.245.192.253 - - [03/Nov/2023:09:43:45 -0500] "GET /sipse/faces/javax.faces.resource/theme.css?ln=primefaces-sipse HTTP/1.1" 304 -
201.245.192.253 - - [03/Nov/2023:09:43:45 -0500] "GET /sipse/faces/javax.faces.resource/jquery/jquery.js?ln=primefaces&v=4.0 HTTP/1.1" 304 -
201.245.192.253 - - [03/Nov/2023:09:43:45 -0500] "GET /sipse/faces/javax.faces.resource/jquery/jquery-plugins.js?ln=primefaces&v=4.0 HTTP/1.1" 304 -
201.245.192.253 - - [03/Nov/2023:09:43:45 -0500] "GET /sipse/faces/javax.faces.resource/primefaces.js?ln=primefaces&v=4.0 HTTP/1.1" 304 -
201.245.192.253 - - [03/Nov/2023:09:43:45 -0500] "GET /sipse/faces/javax.faces.resource/layout/layout.js?ln=primefaces&v=4.0 HTTP/1.1" 304 -
201.245.192.253 - - [03/Nov/2023:09:43:45 -0500] "GET /sipse/faces/javax.faces.resource/messages/messages.png?ln=primefaces&v=4.0 HTTP/1.1" 304 -
201.245.192.253 - - [03/Nov/2023:09:43:45 -0500] "POST /sipse/faces/presentacion/financiero/solicitudProceso/listarSolicitudProceso.xhtml HTTP/1.1" 200 1440
152.201.64.63 - - [03/Nov/2023:09:43:51 -0500] "POST /appsia/controlador HTTP/1.1" 200 5437
52.25.208.208 - - [03/Nov/2023:09:43:53 -0500] "GET /BLA/resoluciones/index.php?dir=RESOLUCIONES%202002/RES%202002%20701-750/ HTTP/1.1" 200 12223
44.230.252.91 - - [03/Nov/2023:09:44:00 -0500] "GET /BLA/resoluciones/index.php?dir=RESOLUCIONES%202002/RES%202002%20751-800/ HTTP/1.1" 200 12567
152.201.64.63 - - [03/Nov/2023:09:44:01 -0500] "POST /appsia/controlador HTTP/1.1" 200 7726
66.249.73.36 - - [03/Nov/2023:09:44:01 -0500] "GET /BLA/resoluciones/RESOLUCIONES%202008/0930.pdf HTTP/1.1" 200 321308
152.201.64.63 - - [03/Nov/2023:09:44:02 -0500] "GET /appsia/images/logo_escudo.png HTTP/1.1" 200 36965
201.245.192.253 - - [03/Nov/2023:09:44:01 -0500] "POST /sipse/faces/presentacion/financiero/solicitudProceso/listarSolicitudProceso.xhtml HTTP/1.1" 200 153409
201.245.192.253 - - [03/Nov/2023:09:44:02 -0500] "GET /sipse/faces/javax.faces.resource/theme.css?ln=primefaces-sipse HTTP/1.1" 304 -
201.245.192.253 - - [03/Nov/2023:09:44:02 -0500] "GET /sipse/faces/javax.faces.resource/primefaces.css?ln=primefaces&v=4.0 HTTP/1.1" 304 -
201.245.192.253 - - [03/Nov/2023:09:44:02 -0500] "GET /sipse/faces/javax.faces.resource/layout/layout.css?ln=primefaces&v=4.0 HTTP/1.1" 304 -
201.245.192.253 - - [03/Nov/2023:09:44:02 -0500] "GET /sipse/faces/javax.faces.resource/jquery/jquery.js?ln=primefaces&v=4.0 HTTP/1.1" 304 -
201.245.192.253 - - [03/Nov/2023:09:44:02 -0500] "GET /sipse/faces/javax.faces.resource/jquery/jquery-plugins.js?ln=primefaces&v=4.0 HTTP/1.1" 304 -
201.245.192.253 - - [03/Nov/2023:09:44:02 -0500] "GET /sipse/faces/javax.faces.resource/primefaces.js?ln=primefaces&v=4.0 HTTP/1.1" 304 -
201.245.192.253 - - [03/Nov/2023:09:44:02 -0500] "GET /sipse/faces/javax.faces.resource/layout/layout.js?ln=primefaces&v=4.0 HTTP/1.1" 304 -
201.245.192.253 - - [03/Nov/2023:09:44:06 -0500] "POST /forms/lservlet;jsessionid=ac16012b30d67398b24510264f55a2d4c5826150a17a.e3iSbxaKaheRe3eRa38MahaQbi1ynknvrkLOlQzNp65In0 HTTP/1.1" 200 2
52.25.208.208 - - [03/Nov/2023:09:44:07 -0500] "GET /BLA/resoluciones/index.php?dir=RESOLUCIONES%202002/RES%202002%20801-850/ HTTP/1.1" 200 12225
52.25.208.208 - - [03/Nov/2023:09:44:14 -0500] "GET /BLA/resoluciones/index.php?dir=RESOLUCIONES%202002/RES%202002%20851-900/ HTTP/1.1" 200 12703
172.22.2.4 - - [03/Nov/2023:09:42:40 -0500] "HEAD /BLA/boletinlegal/ HTTP/1.1" 200 -
52.25.208.208 - - [03/Nov/2023:09:44:20 -0500] "GET /BLA/resoluciones/index.php?dir=RESOLUCIONES%202002/RES%202002%20901-950/ HTTP/1.1" 200 12468
40.77.167.24 - - [03/Nov/2023:09:44:23 -0500] "GET /BLA/resoluciones/RESOLUCIONES%202021/1865.pdf HTTP/1.1" 304 -
100.21.24.205 - - [03/Nov/2023:09:44:25 -0500] "GET /BLA/resoluciones/index.php?dir=RESOLUCIONES%202002/RES%202002%20951-1000/ HTTP/1.1" 200 12521
44.230.252.91 - - [03/Nov/2023:09:44:36 -0500] "GET /BLA/resoluciones/index.php?dir=RESOLUCIONES%202002/&order=asc&sort=date HTTP/1.1" 200 26096
152.201.64.63 - - [03/Nov/2023:09:44:37 -0500] "POST /appsia/controlador HTTP/1.1" 200 3238
152.201.64.63 - - [03/Nov/2023:09:44:37 -0500] "GET /appsia/jscripts/validarSolicitud.js HTTP/1.1" 404 68
50.112.160.3 - - [03/Nov/2023:09:44:43 -0500] "GET /BLA/resoluciones/index.php?dir=Notificaciones/REGISTROS%200218/&order=asc&sort=date HTTP/1.1" 200 1871
100.21.24.205 - - [03/Nov/2023:09:44:45 -0500] "GET /BLA/resoluciones/index.php?dir=RESOLUCIONES%202002/&order=asc&sort=size HTTP/1.1" 200 26096
44.230.252.91 - - [03/Nov/2023:09:44:53 -0500] "GET /BLA/resoluciones/index.php?dir=RESOLUCIONES%202002/&order=desc&sort=name HTTP/1.1" 200 26095
52.25.208.208 - - [03/Nov/2023:09:45:02 -0500] "GET /BLA/resoluciones/index.php?dir=RESOLUCIONES%202003/RES%202003%20001-050/&order=asc&sort=date HTTP/1.1" 200 12161
50.112.160.3 - - [03/Nov/2023:09:45:03 -0500] "GET /BLA/resoluciones/RESOLUCIONES%202004/RES%202004%202301-2350/INDEX.DAT HTTP/1.1" 200 2000
172.22.2.4 - - [03/Nov/2023:09:43:31 -0500] "GET /BLA/boletinlegal/ HTTP/1.1" 200 59360
54.184.159.16 - - [03/Nov/2023:09:45:12 -0500] "GET /BLA/resoluciones/index.php?dir=RESOLUCIONES%202004/RES%202004%202301-2350/&order=desc&sort=name HTTP/1.1" 200 12355
52.25.208.208 - - [03/Nov/2023:09:45:12 -0500] "GET /BLA/resoluciones/index.php?dir=RESOLUCIONES%202003/RES%202003%20001-050/&order=asc&sort=size HTTP/1.1" 200 12161
44.230.252.91 - - [03/Nov/2023:09:45:13 -0500] "GET /BLA/resoluciones/index.php?dir=RESOLUCIONES%202003/RES%202003%20001-050/&order=asc&sort=size HTTP/1.1" 200 12161
44.230.252.91 - - [03/Nov/2023:09:45:19 -0500] "GET /BLA/resoluciones/index.php?dir=RESOLUCIONES%202003/RES%202003%20001-050/&order=desc&sort=name HTTP/1.1" 200 12160
44.230.252.91 - - [03/Nov/2023:09:45:24 -0500] "GET /BLA/resoluciones/index.php?dir=RESOLUCIONES%202003/RES%202003%201651-1700/ HTTP/1.1" 200 12148
201.245.192.253 - - [03/Nov/2023:09:45:34 -0500] "POST /kwsrmcab/Wsrmcab  HTTP/1.1" 200 42686
100.21.24.205 - - [03/Nov/2023:09:45:37 -0500] "GET /BLA/resoluciones/index.php?dir=RESOLUCIONES%202003/RES%202003%201651-1700/&order=asc&sort=date HTTP/1.1" 200 12148
201.245.192.253 - - [03/Nov/2023:09:45:39 -0500] "POST /forms/lservlet;jsessionid=ac16012b30d6b14c8f46b725431e8887c639ff4d95f3.e3iSbxaKaheRe3eRa38MahaQbi1ynknvrkLOlQzNp65In0 HTTP/1.1" 200 2
52.25.208.208 - - [03/Nov/2023:09:45:42 -0500] "GET /BLA/resoluciones/index.php?dir=RESOLUCIONES%201993/ HTTP/1.1" 200 2879
44.230.252.91 - - [03/Nov/2023:09:45:48 -0500] "GET /BLA/resoluciones/index.php?dir=RESOLUCIONES%201993/&order=asc&sort=date HTTP/1.1" 200 2879
216.245.221.92 - - [03/Nov/2023:09:45:52 -0500] "HEAD / HTTP/1.1" 200 -
100.21.24.205 - - [03/Nov/2023:09:45:53 -0500] "GET /BLA/resoluciones/index.php?dir=RESOLUCIONES%201993/&order=asc&sort=name HTTP/1.1" 200 2879
50.112.160.3 - - [03/Nov/2023:09:45:54 -0500] "GET /BLA/resoluciones/index.php?dir=Notificaciones/REGISTROS%202020/&order=asc&sort=date HTTP/1.1" 200 20179
52.25.208.208 - - [03/Nov/2023:09:46:03 -0500] "GET /BLA/resoluciones/index.php?dir=RESOLUCIONES%201993/&order=asc&sort=size HTTP/1.1" 200 2879
201.245.192.253 - - [03/Nov/2023:09:46:06 -0500] "POST /forms/lservlet;jsessionid=ac16012b30d67398b24510264f55a2d4c5826150a17a.e3iSbxaKaheRe3eRa38MahaQbi1ynknvrkLOlQzNp65In0 HTTP/1.1" 200 2
52.25.208.208 - - [03/Nov/2023:09:46:16 -0500] "GET /BLA/resoluciones/index.php?dir=RESOLUCIONES%202003/RES%202003%201651-1700/&order=asc&sort=name HTTP/1.1" 200 12148
52.25.208.208 - - [03/Nov/2023:09:46:24 -0500] "GET /BLA/resoluciones/index.php?dir=RESOLUCIONES%202003/RES%202003%201651-1700/&order=asc&sort=size HTTP/1.1" 200 12148
52.25.208.208 - - [03/Nov/2023:09:46:27 -0500] "GET /BLA/resoluciones/index.php?dir=RESOLUCIONES%202003/RES%202003%201651-1700/&order=desc&sort=date HTTP/1.1" 200 12147
44.230.252.91 - - [03/Nov/2023:09:46:32 -0500] "GET /BLA/resoluciones/index.php?dir=RESOLUCIONES%202003/RES%202003%201651-1700/&order=desc&sort=size HTTP/1.1" 200 12147
186.102.87.64 - - [03/Nov/2023:09:46:35 -0500] "OPTIONS /kwssiamovil/sm/setfile/f? HTTP/1.1" 200 13
186.31.152.171 - - [03/Nov/2023:09:46:37 -0500] "GET /presentamos-las-nuevas-herramientas-de-la-secretaria-de-ambiente-para-analizar-y-monitorear-los-rios-de-bogota.html HTTP/1.1" 200 905
186.102.87.64 - - [03/Nov/2023:09:46:35 -0500] "POST /kwssiamovil/sm/setfile/f? HTTP/1.1" 200 381
52.25.208.208 - - [03/Nov/2023:09:46:39 -0500] "GET /BLA/resoluciones/index.php?dir=RESOLUCIONES%202003/RES%202003%201801-1850/ HTTP/1.1" 200 12154
186.102.87.64 - - [03/Nov/2023:09:46:47 -0500] "GET /kwssiamovil/sm/acme/a?s=U2FsdGVkX1/9W50lOuyVUgByMHHdvtpJAX8bDAVBArBFdvEIrPw2RGi5AiC2YV8H9ocqeYj6z0/AkHWf6f8t0fBygZLYsnHqlUx1SdDbd+elIJVIfh4SQcBfuOdeHCfvXWuh5rqQcAj8xnawlRW4cPGw/Q+yj/8x723uwVVwzPhOztZbtA3IihmBOYGdjqIYjovVwcjs32eJb1Lm3tB07x3mAQmlNFh4cKjSxh5Bs6gkcF991O9NoqedPOzfE5Y8rCH+CSXOHkSLMVErxvrFqg==&u=U2FsdGVkX18iENWE50Zw6hIRh7+qB12O2AC3Ouy3nKU=&y=U2FsdGVkX1/Q1yNcJFdnS428CiDeRYJXjuRYWKZiPRQ= HTTP/1.1" 200 26
186.102.87.64 - - [03/Nov/2023:09:46:47 -0500] "GET /kwssiamovil/sm/acme/a?s=U2FsdGVkX1+o/XuQWp8C7qvCNmLMZNdUiDJR/tpWlJiD4FAMmgNkcNZZbzciwY3I15VbGr3liFlI53ao5sev4Gp2pHG/LGOHIGv8iIRJRL8lJJ0eEGpT546RyHx4KKD2Hos70oh/EFouP1JxRQCHglMdWNy+jqNmB4hudLpxNrwIDKUfQO0AJf1SKnZhlGr4Exu1g3SDVX0Yg1z4LsR47+4FFR4QJaurCsAMf5YJSBl52t24eFw4LmaGUieFFNAQ7XWYXS6FT/x6cgig24ZWE22FnhH6hINUmeeJfo1vWVyOqZDPEJpBa1l035rlQkRO+XxNTBqOpDNUnPuK4o3HYLWy6ejwg0g23DvAHUXdXhNtSwYm/RoSNcCLuSqIR7CagKrat8q/wQyycRrJB/pnxoa+psYLyu+1nJPUM4OaJvO/J+qVAYTTTqbsfjtqbQdq40mvPaUdu0Vqzpoj5XtT4OtlhEfdxy5PlQXMElFnR0ACo3HOk+ZViXOUwr3xayVSSiH2d6AE3/AcfQzXBA+rw66aHAw0SU+V9i5aAmAZe4aRUK0A/6/An7wG/Zg7gcxqW5rFeylZGpCB63Ten/UFjipGRTE7hm7DqxaGEjsfqxeJeqMHrHf+mOhnphhtLxJUlmnwj/cNKtFz5muBy+IbUih6d+ywrcbkhpJj+HeWcEqb/2VbkpQ9ny7pntccu3OyqhG/agJhsnm2soG9ENc6LoIjnFjTffNi10iN5hOJUJvKAsicfJe/k8SdYrT+MPkIGhb5cMesJHQ/qeTPaHA7CrHfig3b793Ii1KjGUc0Neoh1tH5fsVL4hfbVsBTUB8qbEeBoPljE+19+4D3idyIFYW937Lxt6TRiBanqivHThNNrl0HlZj29DvJQTUvHxloqJ059QuKLOLeKhs1D0QG3whavk4UheDJM1V7Cyn7+HDcyjJgPZ8fdTi7dzrGSqGhpuTj+jfFnk5mVeTmPguiypjTCES/rKe9bERSWlk7wcZ4SxijmkMXOODyA4GtbWyqXJVWzWX9c0XfFABSG6r3cQyhJwxQoVFsmlrA3h0iyF6n68YBxSJ6mhVZa3VAZsmtNBzZVKCj04K2IFUOd0yIBgHWAMicq48ojWOCZKfoDzPQPPMWmt0CN08W+CKkb5v0lh9Q26EIko7HY9oOOEc5oe2ctH65YhZdF2SBjWxstunV38J304A0FtmWdnjUaWOJWoigVynZX9VbmapZcXEf89AOCwevla+7Okz2GwewC+k3f3agQF6d/NgnYQH2Db3jmQM1DVKrejOZISPfw4tlrWe6pIKIZgPpKRQe37hN6g51yPSoNlX83UCUVeiNa9Oo1WYUxDNK7HJJL9E+gygot6+IyAAkuDX0ifoDgeBTRpw48ZV6m5Aq4kFaIpVZtaIqg8QKNH51V29OWZM4SWSJ/HPO7OFROL/Lu3ba6+mzLSEPNVBHSzbk37zLGLsEREBRV8X2yAtE4/jED/YD9r38G7e9HcVN4j8S71PLXd4I/GsJx7p1hnnKJI9woqHgPgtQfb2pKgs5YYLuNw6TZKeivDR5bdQeMPHw+zeJsF51dlKoJC5YOPpN8ncW8qIX33rEWGwIxZTTcQx35K3qcOoLZua8lYpoyyA+FLx0xuzq100qBvLhFImbXK/HnY+H2WV3JRgzyq93ljmVm+c6i6ppbZxrsXR0HJcjrp6w+G4TJHq9pb1kEqxh0pT9txnS4ZlYZdRiOLv1AbgKY/C4wKgmWZFJf9SS89WZwJ72dEadLR4cFGAQnGleneE/3lQ/QtUu+aXKf/6OvHgiD2hYDjcAkQEVm6VGLZ8PkgxVGhxE3BKz1Yvjy7hJY7LetyA+aVztJhfyJOSCS4WLZe0zRsaGveHOifqTI65Pk7jYiysSsrYMeo/WTaCnc3NmbmNERy3dTxzYZ8yE//HdyskukIDTIRIydPMeBun6m2CfMPlk+R8JQ6+XXlgla0CURTVbs+P6MMCJf+IDn2wLowSvUIU/5FzrvbaC0PzSFkjS+d9bqMfoOyJHgDlLuD2WGhMusyYukDP+qxdk7GlEq4GxGDaxAJFx78keYh+fVO99vVAsM+d7cBy3EU10b2fLm4RFPxqnYKULi44biaCd98XRklvILdld3+ywFunuPbbN9DHqY6aYcmGKq8SJkt6xZ9wBt2hSVlZf8l4xm8rN+tNsmyvT923NJKFMiSOI83Uv3AnT3yoWJXwlgeGBKCLSfKQswgRHs7PpSvXb2RVFe82e7NqpMXR5jvlM4ccz2auz8v8jzdr3TePOUiQCzQTTcRJBGLaoYHbP+BvWM9oInySzEyjiLwboYR0k1xTSKndAeGBSwUiG3MpWbE178VsU15cnvvp9NeM3W63hohwtKACx+P+lqmNvdE6GTMwb6rVmNv2WswUmlrbAzf6lG8p14hBf2Ei2IbQMM6fqFQM0joLgoqN7kfrn3U269EHoUFU6DomG2PyHpL9cdKI4Kx9ChvWOoxItbHVEqJbhr6STQwYVjuv/rXKXsIFzioH3inX0CQJev/3dNHFBgKXuQCffHXJxdFn5Db/lxZz4U8T1HKqEr3TzWnHxDDgWpfBxY9H/pyB4tmyQW57JZuneYQiyPpew0cxgvatSMNUdHFfOIj9RHoHP2cdH6QiDZqef300oe0BbtVaK5YIyM0lGUfnKkYl93tOUjJDMgYRhUtz0eH8a47wc4LPmWnw2pqbXLO+xOabCiCgC+vyHYnEHCqS9Z9Ll2j0qOYFE54FudaA7fbOXk3xxdP0tUbrP0ZiKWwRaeJeAST6mR9SpfEYF86uzzYifsD4VObJVrsMaf5iNVLAhBq+MCBY1tcb41HgfgUk/4P5ynV2N3H0I/HOEcZDMzgbc4c4mwgnWyvnWeaHuLyN5EXsAGhSsZswRLK4rT71eIFzXanZO4MQBe+xJcDhNtpD9LVuxRRJz7RbPho8rfMFfgo6++zkXArSNxFhnLt5ljD/MIQmSCQgLbA2IeaPVlvGnQLMM4ABY4JzZkqSxeqBI2ilbs1eXm3zrzxdVT7VszlIaAOU=&u=U2FsdGVkX18iENWE50Zw6hIRh7+qB12O2AC3Ouy3nKU=&y=U2FsdGVkX1/Q1yNcJFdnS428CiDeRYJXjuRYWKZiPRQ= HTTP/1.1" 200 26
186.102.87.64 - - [03/Nov/2023:09:46:47 -0500] "GET /kwssiamovil/sm/acme/a?s=U2FsdGVkX1/BbpR38pF5hXiDQqShaz/k+QdIqfLt96JBDWve6VRSxIePfEUMaMZkbNw/1vQ6cT6jV/m5lxUp0Ax5/ctcp4Q2Q6H56tj56zK0WCpzqoZSLnyUSIG8DcR7+aIoTNm3s19+XDTNN7nxHaR8CjHa/3wNA2HQTOuG8H0=&u=U2FsdGVkX18iENWE50Zw6hIRh7+qB12O2AC3Ouy3nKU=&y=U2FsdGVkX1/Q1yNcJFdnS428CiDeRYJXjuRYWKZiPRQ= HTTP/1.1" 200 26
186.102.87.64 - - [03/Nov/2023:09:46:47 -0500] "GET /kwssiamovil/sm/acme/a?s=U2FsdGVkX19V6Sfhce0d96dOBFTjYipF/uHmD7N9KgWIkmss9c4XQ624MQfRHPdip3uptM0NYgAkbt7WU8yhZHseHrRNMFApY4zohswljCAhm0xCJzAUfGTj3gMr8hX47byVjMLxENi6A546Nb88vbpO8ZSlCxxguvi5ye/1JwA=&u=U2FsdGVkX18iENWE50Zw6hIRh7+qB12O2AC3Ouy3nKU=&y=U2FsdGVkX1/Q1yNcJFdnS428CiDeRYJXjuRYWKZiPRQ= HTTP/1.1" 200 26
186.102.87.64 - - [03/Nov/2023:09:46:47 -0500] "GET /kwssiamovil/sm/acme/a?s=U2FsdGVkX1958g9UWvdH9hEfyQkiaPuKM5zWK0pDcbZs+LQqf80XOhGFeAFF1+BVIcMkQ2RsxWa+6Ri0e8pAOFV/KuHakruQ1B1gH0Yf1fbado+XsyQ6QaqgPDT9BNT29xb0ggstBFxdDv9jxDPcswRVoaVGY8pEeWUYUlrNsOg=&u=U2FsdGVkX18iENWE50Zw6hIRh7+qB12O2AC3Ouy3nKU=&y=U2FsdGVkX1/Q1yNcJFdnS428CiDeRYJXjuRYWKZiPRQ= HTTP/1.1" 200 26
186.102.87.64 - - [03/Nov/2023:09:46:48 -0500] "GET /kwssiamovil/sm/acme/a?s=U2FsdGVkX1+cLT88F/j7+VHbhf/QIr5cdIERN3gP4XDlB/I+NtNoPsdTz+Py23p12YCR3r6YWZOa3g+4vS5ehT5SQNHmc0Wxr6SrLCkEFOFgLMU0hi8oEe06DV6jlW+EBwX04ii9Wb5+T86LlD80pz6DWbRj8h6zaMsEB/hkBFRhnx+R+gF+0kKYTUSY/uvY&u=U2FsdGVkX18iENWE50Zw6hIRh7+qB12O2AC3Ouy3nKU=&y=U2FsdGVkX1/Q1yNcJFdnS428CiDeRYJXjuRYWKZiPRQ= HTTP/1.1" 200 26
186.102.87.64 - - [03/Nov/2023:09:46:48 -0500] "GET /kwssiamovil/sm/acme/a?s=U2FsdGVkX1/GcathKFPOApcGUQ1GN223m7Eta7/0yxcqP5c7gd8SyjWVcovkjFONjW7XCxvBuTSaSM6hkJixln+2mapEw6/eM8ST+yZSh2OKEamaZo3tNuVEM/Dyq0TvQVxoScwf19pJ41R1sTo8y2kDKKitiE1mkIM6TbDnZGb6eLqqmmaB9KsX9QbDCry+OG+8GlXFQxlRPVaqE9/slOeXND+yAfe49SKDYFjnyV0=&u=U2FsdGVkX18iENWE50Zw6hIRh7+qB12O2AC3Ouy3nKU=&y=U2FsdGVkX1/Q1yNcJFdnS428CiDeRYJXjuRYWKZiPRQ= HTTP/1.1" 200 26
186.102.87.64 - - [03/Nov/2023:09:46:48 -0500] "GET /kwssiamovil/sm/acme/a?s=U2FsdGVkX1/u4X8fh7NsbqOO/HeM9ccnPzPuxACvvQhn51JaT44Akqm6WgGf45SJXdBAVEFQGIHC/oyER56D4bhIc3b5Iofr5CVwU43vObmArQV1XbXeLKRYoPZfs3u60XxeQiEoy1JUQgdu2lpdFkTZel9H18yNiJ37Pssvsds/xo5qVH8Fd+51NC9d/Z7Z7q6uVGGKBrsVhpbSumDFMw==&u=U2FsdGVkX18iENWE50Zw6hIRh7+qB12O2AC3Ouy3nKU=&y=U2FsdGVkX1/Q1yNcJFdnS428CiDeRYJXjuRYWKZiPRQ= HTTP/1.1" 200 26
44.230.252.91 - - [03/Nov/2023:09:46:52 -0500] "GET /BLA/resoluciones/index.php?dir=RESOLUCIONES%202003/RES%202003%201851--1900/ HTTP/1.1" 200 12206
186.102.17.55 - - [03/Nov/2023:09:47:02 -0500] "GET /sipse/faces/index.xhtml HTTP/1.1" 200 677
186.102.17.55 - - [03/Nov/2023:09:47:02 -0500] "GET /sipse/faces/javax.faces.resource/theme.css?ln=primefaces-sipse HTTP/1.1" 304 -
186.102.17.55 - - [03/Nov/2023:09:47:03 -0500] "GET /favicon.ico HTTP/1.1" 200 7782
186.102.17.55 - - [03/Nov/2023:09:47:03 -0500] "GET /sipse/faces/faces/autenticacion.xhtml HTTP/1.1" 200 12406
186.102.17.55 - - [03/Nov/2023:09:47:03 -0500] "GET /sipse/css/custom_css_sg.css HTTP/1.1" 304 -
186.102.17.55 - - [03/Nov/2023:09:47:03 -0500] "GET /sipse/css/custom_css_sg_prime_login.css HTTP/1.1" 304 -
186.102.17.55 - - [03/Nov/2023:09:47:03 -0500] "GET /sipse/faces/javax.faces.resource/theme.css?ln=primefaces-sipse HTTP/1.1" 304 -
186.102.17.55 - - [03/Nov/2023:09:47:03 -0500] "GET /sipse/faces/javax.faces.resource/primefaces.css?ln=primefaces&v=4.0 HTTP/1.1" 304 -
186.102.17.55 - - [03/Nov/2023:09:47:03 -0500] "GET /sipse/faces/javax.faces.resource/layout/layout.css?ln=primefaces&v=4.0 HTTP/1.1" 304 -
186.102.17.55 - - [03/Nov/2023:09:47:03 -0500] "GET /sipse/js/disable_browser_buttons.js HTTP/1.1" 304 -
186.102.17.55 - - [03/Nov/2023:09:47:03 -0500] "GET /sipse/js/funciones.js HTTP/1.1" 304 -
186.102.17.55 - - [03/Nov/2023:09:47:03 -0500] "GET /sipse/faces/javax.faces.resource/jquery/jquery.js?ln=primefaces&v=4.0 HTTP/1.1" 304 -
186.102.17.55 - - [03/Nov/2023:09:47:03 -0500] "GET /sipse/faces/javax.faces.resource/jquery/jquery-plugins.js?ln=primefaces&v=4.0 HTTP/1.1" 304 -
186.102.17.55 - - [03/Nov/2023:09:47:03 -0500] "GET /sipse/faces/javax.faces.resource/primefaces.js?ln=primefaces&v=4.0 HTTP/1.1" 304 -
186.102.17.55 - - [03/Nov/2023:09:47:03 -0500] "GET /sipse/faces/javax.faces.resource/layout/layout.js?ln=primefaces&v=4.0 HTTP/1.1" 304 -
44.230.252.91 - - [03/Nov/2023:09:47:03 -0500] "GET /BLA/resoluciones/index.php?dir=RESOLUCIONES%202003/RES%202003%201901-1950/ HTTP/1.1" 200 12158
186.102.17.55 - - [03/Nov/2023:09:47:03 -0500] "GET /sipse/css/imagen/loginimg.png HTTP/1.1" 304 -
186.102.17.55 - - [03/Nov/2023:09:47:03 -0500] "GET /sipse/css/imagen/logoSDG.png HTTP/1.1" 304 -
186.102.17.55 - - [03/Nov/2023:09:47:03 -0500] "GET /sipse/faces/javax.faces.resource/images/ui-icons_898989_256x240.png?ln=primefaces-aristo HTTP/1.1" 304 -
186.102.17.55 - - [03/Nov/2023:09:47:11 -0500] "POST /sipse/faces/autenticacion.xhtml HTTP/1.1" 200 11323
186.102.17.55 - - [03/Nov/2023:09:47:11 -0500] "GET /sipse/css/custom_css_sg_prime.css HTTP/1.1" 304 -
186.102.17.55 - - [03/Nov/2023:09:47:11 -0500] "GET /sipse/faces/javax.faces.resource/theme.css?ln=primefaces-sipse HTTP/1.1" 304 -
186.102.17.55 - - [03/Nov/2023:09:47:11 -0500] "GET /sipse/faces/javax.faces.resource/jquery/jquery.js?ln=primefaces&v=4.0 HTTP/1.1" 304 -
186.102.17.55 - - [03/Nov/2023:09:47:11 -0500] "GET /sipse/faces/javax.faces.resource/primefaces.css?ln=primefaces&v=4.0 HTTP/1.1" 304 -
186.102.17.55 - - [03/Nov/2023:09:47:11 -0500] "GET /sipse/faces/javax.faces.resource/layout/layout.css?ln=primefaces&v=4.0 HTTP/1.1" 304 -
186.102.17.55 - - [03/Nov/2023:09:47:11 -0500] "GET /sipse/faces/javax.faces.resource/jquery/jquery-plugins.js?ln=primefaces&v=4.0 HTTP/1.1" 304 -
186.102.17.55 - - [03/Nov/2023:09:47:11 -0500] "GET /sipse/faces/javax.faces.resource/primefaces.js?ln=primefaces&v=4.0 HTTP/1.1" 304 -
186.102.17.55 - - [03/Nov/2023:09:47:11 -0500] "GET /sipse/faces/javax.faces.resource/layout/layout.js?ln=primefaces&v=4.0 HTTP/1.1" 304 -
186.102.17.55 - - [03/Nov/2023:09:47:12 -0500] "GET /sipse/faces/javax.faces.resource/messages/messages.png?ln=primefaces&v=4.0 HTTP/1.1" 304 -
186.102.17.55 - - [03/Nov/2023:09:47:15 -0500] "POST /sipse/faces/presentacion/sistema/seguridad/seleccionRol.xhtml HTTP/1.1" 200 5757
52.25.208.208 - - [03/Nov/2023:09:47:15 -0500] "GET /BLA/resoluciones/index.php?dir=RESOLUCIONES%202003/RES%202003%20001-050/ HTTP/1.1" 200 12161
186.102.17.55 - - [03/Nov/2023:09:47:16 -0500] "POST /sipse/faces/presentacion/sistema/seguridad/seleccionRol.xhtml HTTP/1.1" 200 16344
186.102.17.55 - - [03/Nov/2023:09:47:16 -0500] "GET /sipse/faces/javax.faces.resource/theme.css?ln=primefaces-sipse HTTP/1.1" 304 -
186.102.17.55 - - [03/Nov/2023:09:47:16 -0500] "GET /sipse/faces/javax.faces.resource/layout/layout.css?ln=primefaces&v=4.0 HTTP/1.1" 304 -
186.102.17.55 - - [03/Nov/2023:09:47:16 -0500] "GET /sipse/faces/javax.faces.resource/primefaces.css?ln=primefaces&v=4.0 HTTP/1.1" 304 -
186.102.17.55 - - [03/Nov/2023:09:47:16 -0500] "GET /sipse/js/jquery.min.js HTTP/1.1" 304 -
186.102.17.55 - - [03/Nov/2023:09:47:16 -0500] "GET /sipse/faces/javax.faces.resource/jquery/jquery.js?ln=primefaces&v=4.0 HTTP/1.1" 304 -
186.102.17.55 - - [03/Nov/2023:09:47:16 -0500] "GET /sipse/faces/javax.faces.resource/jquery/jquery-plugins.js?ln=primefaces&v=4.0 HTTP/1.1" 304 -
186.102.17.55 - - [03/Nov/2023:09:47:16 -0500] "GET /sipse/faces/javax.faces.resource/primefaces.js?ln=primefaces&v=4.0 HTTP/1.1" 304 -
186.102.17.55 - - [03/Nov/2023:09:47:17 -0500] "GET /sipse/faces/javax.faces.resource/layout/layout.js?ln=primefaces&v=4.0 HTTP/1.1" 304 -
186.102.17.55 - - [03/Nov/2023:09:47:17 -0500] "GET /sipse/css/v_mergente.css HTTP/1.1" 304 -
186.102.17.55 - - [03/Nov/2023:09:47:17 -0500] "GET /sipse/imagenes/cargando.gif HTTP/1.1" 304 -
186.102.17.55 - - [03/Nov/2023:09:47:17 -0500] "GET /sipse/imagenes/logoAplicacion.jpg HTTP/1.1" 304 -
186.102.17.55 - - [03/Nov/2023:09:47:17 -0500] "GET /sipse/css/imagen/contrasena.png HTTP/1.1" 404 383
186.102.17.55 - - [03/Nov/2023:09:47:19 -0500] "GET /sipse/faces/javax.faces.resource/images/ui-bg_flat_0_2d5972_40x100.png?ln=primefaces-aristo HTTP/1.1" 304 -
186.102.17.55 - - [03/Nov/2023:09:47:19 -0500] "POST /sipse/faces/bienvenido.xhtml HTTP/1.1" 200 2073
186.102.17.55 - - [03/Nov/2023:09:47:20 -0500] "POST /sipse/faces/bienvenido.xhtml HTTP/1.1" 200 38971
186.102.17.55 - - [03/Nov/2023:09:47:21 -0500] "GET /sipse/faces/javax.faces.resource/theme.css?ln=primefaces-sipse HTTP/1.1" 304 -
186.102.17.55 - - [03/Nov/2023:09:47:21 -0500] "GET /sipse/faces/javax.faces.resource/jquery/jquery.js?ln=primefaces&v=4.0 HTTP/1.1" 304 -
186.102.17.55 - - [03/Nov/2023:09:47:21 -0500] "GET /sipse/faces/javax.faces.resource/primefaces.css?ln=primefaces&v=4.0 HTTP/1.1" 304 -
186.102.17.55 - - [03/Nov/2023:09:47:21 -0500] "GET /sipse/faces/javax.faces.resource/layout/layout.css?ln=primefaces&v=4.0 HTTP/1.1" 304 -
186.102.17.55 - - [03/Nov/2023:09:47:21 -0500] "GET /sipse/faces/javax.faces.resource/jquery/jquery-plugins.js?ln=primefaces&v=4.0 HTTP/1.1" 304 -
186.102.17.55 - - [03/Nov/2023:09:47:21 -0500] "GET /sipse/faces/javax.faces.resource/primefaces.js?ln=primefaces&v=4.0 HTTP/1.1" 304 -
186.102.17.55 - - [03/Nov/2023:09:47:21 -0500] "GET /sipse/faces/javax.faces.resource/layout/layout.js?ln=primefaces&v=4.0 HTTP/1.1" 304 -
100.21.24.205 - - [03/Nov/2023:09:47:24 -0500] "GET /BLA/resoluciones/index.php?dir=RESOLUCIONES%202003/RES%202003%201001-1050/ HTTP/1.1" 200 11566
186.102.17.55 - - [03/Nov/2023:09:47:25 -0500] "POST /sipse/faces/presentacion/financiero/solicitudProceso/consultar.xhtml HTTP/1.1" 200 12827
52.25.208.208 - - [03/Nov/2023:09:47:29 -0500] "GET /BLA/resoluciones/index.php?dir=RESOLUCIONES%202003/RES%202003%20101-150/ HTTP/1.1" 200 12355
201.245.192.253 - - [03/Nov/2023:09:47:39 -0500] "POST /forms/lservlet;jsessionid=ac16012b30d6b14c8f46b725431e8887c639ff4d95f3.e3iSbxaKaheRe3eRa38MahaQbi1ynknvrkLOlQzNp65In0 HTTP/1.1" 200 2
44.230.252.91 - - [03/Nov/2023:09:47:39 -0500] "GET /BLA/resoluciones/index.php?dir=RESOLUCIONES%202003/RES%202003%201051-1100/ HTTP/1.1" 200 11571
100.21.24.205 - - [03/Nov/2023:09:47:44 -0500] "GET /BLA/resoluciones/index.php?dir=RESOLUCIONES%202003/RES%202003%201101-1150/ HTTP/1.1" 200 11572
186.86.33.245 - - [03/Nov/2023:09:47:46 -0500] "POST /sipse/faces/presentacion/financiero/solicitudProceso/consultar.xhtml HTTP/1.1" 200 150846
186.86.33.245 - - [03/Nov/2023:09:47:47 -0500] "GET /sipse/faces/javax.faces.resource/jquery/jquery.js?ln=primefaces&v=4.0 HTTP/1.1" 304 -
186.86.33.245 - - [03/Nov/2023:09:47:47 -0500] "GET /sipse/faces/javax.faces.resource/jquery/jquery-plugins.js?ln=primefaces&v=4.0 HTTP/1.1" 304 -
186.86.33.245 - - [03/Nov/2023:09:47:47 -0500] "GET /sipse/faces/javax.faces.resource/primefaces.js?ln=primefaces&v=4.0 HTTP/1.1" 304 -
186.86.33.245 - - [03/Nov/2023:09:47:47 -0500] "GET /sipse/faces/javax.faces.resource/layout/layout.js?ln=primefaces&v=4.0 HTTP/1.1" 304 -
100.21.24.205 - - [03/Nov/2023:09:47:54 -0500] "GET /BLA/resoluciones/index.php?dir=RESOLUCIONES%202003/RES%202003%201151-1200/ HTTP/1.1" 200 11570
44.230.252.91 - - [03/Nov/2023:09:48:03 -0500] "GET /BLA/resoluciones/index.php?dir=RESOLUCIONES%202003/RES%202003%201251-1300/ HTTP/1.1" 200 12202
201.245.192.253 - - [03/Nov/2023:09:48:06 -0500] "POST /forms/lservlet;jsessionid=ac16012b30d67398b24510264f55a2d4c5826150a17a.e3iSbxaKaheRe3eRa38MahaQbi1ynknvrkLOlQzNp65In0 HTTP/1.1" 200 2
44.230.252.91 - - [03/Nov/2023:09:48:07 -0500] "GET /BLA/resoluciones/index.php?dir=RESOLUCIONES%202003/RES%202003%201301-1350/ HTTP/1.1" 200 12156
44.230.252.91 - - [03/Nov/2023:09:48:14 -0500] "GET /BLA/resoluciones/index.php?dir=RESOLUCIONES%202003/RES%202003%201351-1400/ HTTP/1.1" 200 12157
44.230.252.91 - - [03/Nov/2023:09:48:17 -0500] "GET /BLA/resoluciones/index.php?dir=RESOLUCIONES%202003/RES%202003%201401-1450/ HTTP/1.1" 200 12156
44.230.252.91 - - [03/Nov/2023:09:48:19 -0500] "GET /BLA/resoluciones/index.php?dir=RESOLUCIONES%202003/RES%202003%201451-1500/ HTTP/1.1" 200 12159
52.25.208.208 - - [03/Nov/2023:09:48:22 -0500] "GET /BLA/resoluciones/index.php?dir=RESOLUCIONES%202003/RES%202003%201501-1550/ HTTP/1.1" 200 12137
52.25.208.208 - - [03/Nov/2023:09:48:25 -0500] "GET /BLA/resoluciones/index.php?dir=RESOLUCIONES%202003/RES%202003%20151-200/ HTTP/1.1" 200 12346
186.86.33.245 - - [03/Nov/2023:09:48:25 -0500] "POST /sipse/faces/presentacion/financiero/solicitudProceso/consultarSolicitudProceso.xhtml HTTP/1.1" 200 148326
44.230.252.91 - - [03/Nov/2023:09:48:38 -0500] "GET /BLA/resoluciones/index.php?dir=RESOLUCIONES%202003/RES%202003%201551-1601/ HTTP/1.1" 200 12156
44.230.252.91 - - [03/Nov/2023:09:48:42 -0500] "GET /BLA/resoluciones/index.php?dir=RESOLUCIONES%202003/RES%202003%201701-1750/ HTTP/1.1" 200 12147
100.21.24.205 - - [03/Nov/2023:09:48:52 -0500] "GET /BLA/resoluciones/index.php?dir=RESOLUCIONES%202003/RES%202003%201801-1850/ HTTP/1.1" 200 12154
44.230.252.91 - - [03/Nov/2023:09:48:56 -0500] "GET /BLA/resoluciones/index.php?dir=RESOLUCIONES%202003/RES%202003%201851--1900/ HTTP/1.1" 200 12206
52.167.144.222 - - [03/Nov/2023:09:49:04 -0500] "GET /BLA/resoluciones/RESOLUCIONES%202021/3362.pdf HTTP/1.1" 200 470442
201.245.192.253 - - [03/Nov/2023:09:49:12 -0500] "POST /forms/lservlet;jsessionid=ac16012b30d67398b24510264f55a2d4c5826150a17a.e3iSbxaKaheRe3eRa38MahaQbi1ynknvrkLOlQzNp65In0 HTTP/1.1" 200 25921
201.245.192.253 - - [03/Nov/2023:09:49:12 -0500] "HEAD /imagenes/rt_quer1.gif HTTP/1.1" 200 -
201.245.192.253 - - [03/Nov/2023:09:49:12 -0500] "HEAD /imagenes/rt_quer2.gif HTTP/1.1" 200 -
201.245.192.253 - - [03/Nov/2023:09:49:12 -0500] "HEAD /imagenes/rt_quer3.gif HTTP/1.1" 200 -
201.245.192.253 - - [03/Nov/2023:09:49:12 -0500] "HEAD /imagenes/rt_radd.gif HTTP/1.1" 200 -
201.245.192.253 - - [03/Nov/2023:09:49:12 -0500] "HEAD /imagenes/rt_rdel.gif HTTP/1.1" 200 -
201.245.192.253 - - [03/Nov/2023:09:49:12 -0500] "HEAD /imagenes/rt_rec1.gif HTTP/1.1" 200 -
201.245.192.253 - - [03/Nov/2023:09:49:12 -0500] "HEAD /imagenes/rt_rec4.gif HTTP/1.1" 200 -
201.245.192.253 - - [03/Nov/2023:09:49:12 -0500] "HEAD /imagenes/rt_save.gif HTTP/1.1" 200 -
201.245.192.253 - - [03/Nov/2023:09:49:12 -0500] "HEAD /imagenes/rt_print.gif HTTP/1.1" 200 -
201.245.192.253 - - [03/Nov/2023:09:49:12 -0500] "HEAD /imagenes/listval.gif HTTP/1.1" 200 -
201.245.192.253 - - [03/Nov/2023:09:49:13 -0500] "GET /imagenes/rt_quer1.gif HTTP/1.1" 200 930
201.245.192.253 - - [03/Nov/2023:09:49:13 -0500] "GET /imagenes/rt_quer2.gif HTTP/1.1" 200 936
201.245.192.253 - - [03/Nov/2023:09:49:13 -0500] "GET /imagenes/rt_quer3.gif HTTP/1.1" 200 939
201.245.192.253 - - [03/Nov/2023:09:49:13 -0500] "GET /imagenes/rt_radd.gif HTTP/1.1" 200 907
201.245.192.253 - - [03/Nov/2023:09:49:13 -0500] "GET /imagenes/rt_rdel.gif HTTP/1.1" 200 899
201.245.192.253 - - [03/Nov/2023:09:49:13 -0500] "GET /imagenes/rt_rec1.gif HTTP/1.1" 200 867
201.245.192.253 - - [03/Nov/2023:09:49:13 -0500] "GET /imagenes/rt_rec4.gif HTTP/1.1" 200 865
201.245.192.253 - - [03/Nov/2023:09:49:13 -0500] "GET /imagenes/rt_save.gif HTTP/1.1" 200 903
201.245.192.253 - - [03/Nov/2023:09:49:13 -0500] "GET /imagenes/rt_print.gif HTTP/1.1" 200 916
201.245.192.253 - - [03/Nov/2023:09:49:13 -0500] "GET /imagenes/listval.gif HTTP/1.1" 200 905
