44.230.252.91 - - [03/Nov/2023:10:05:26 -0500] "GET /BLA/resoluciones/AUTOS%202006/AUTOS%202006%202501%20-%202600/INDEX.DAT HTTP/1.1" 200 4000
216.244.66.195 - - [03/Nov/2023:10:05:31 -0500] "GET /BLA/resoluciones/AUTOS%202012/0486.pdf HTTP/1.1" 200 337841
52.25.208.208 - - [03/Nov/2023:10:05:32 -0500] "GET /BLA/resoluciones/index.php?dir=AUTOS%202006/AUTOS%202006%202501%20-%202600/ HTTP/1.1" 200 22209
201.245.192.253 - - [03/Nov/2023:10:05:30 -0500] "POST /kwsrmcab/Wsrmcab  HTTP/1.1" 200 42686
201.245.192.253 - - [03/Nov/2023:10:05:39 -0500] "POST /forms/lservlet;jsessionid=ac16012b30d6b14c8f46b725431e8887c639ff4d95f3.e3iSbxaKaheRe3eRa38MahaQbi1ynknvrkLOlQzNp65In0 HTTP/1.1" 200 2
52.25.208.208 - - [03/Nov/2023:10:05:41 -0500] "GET /BLA/resoluciones/index.php?dir=AUTOS%202006/AUTOS%202006%202501%20-%202600/&order=asc&sort=date HTTP/1.1" 200 22209
201.245.192.253 - - [03/Nov/2023:10:05:41 -0500] "POST /sipse/faces/presentacion/financiero/solicitudProceso/listarSolicitudProceso.xhtml HTTP/1.1" 200 139349
201.245.192.253 - - [03/Nov/2023:10:05:42 -0500] "GET /sipse/faces/javax.faces.resource/jquery/jquery.js?ln=primefaces&v=4.0 HTTP/1.1" 304 -
201.245.192.253 - - [03/Nov/2023:10:05:42 -0500] "GET /sipse/faces/javax.faces.resource/jquery/jquery-plugins.js?ln=primefaces&v=4.0 HTTP/1.1" 304 -
201.245.192.253 - - [03/Nov/2023:10:05:42 -0500] "GET /sipse/faces/javax.faces.resource/primefaces.js?ln=primefaces&v=4.0 HTTP/1.1" 304 -
201.245.192.253 - - [03/Nov/2023:10:05:42 -0500] "GET /sipse/faces/javax.faces.resource/layout/layout.js?ln=primefaces&v=4.0 HTTP/1.1" 304 -
52.25.208.208 - - [03/Nov/2023:10:05:46 -0500] "GET /BLA/resoluciones/index.php?dir=AUTOS%202006/AUTOS%202006%202501%20-%202600/&order=asc&sort=size HTTP/1.1" 200 22209
186.80.52.180 - - [03/Nov/2023:10:05:48 -0500] "GET /sipse/faces/index.xhtml HTTP/1.1" 200 677
186.80.52.180 - - [03/Nov/2023:10:05:48 -0500] "GET /sipse/faces/javax.faces.resource/theme.css?ln=primefaces-sipse HTTP/1.1" 304 -
186.80.52.180 - - [03/Nov/2023:10:05:48 -0500] "GET /sipse/faces/faces/autenticacion.xhtml HTTP/1.1" 200 12406
186.80.52.180 - - [03/Nov/2023:10:05:48 -0500] "GET /sipse/js/disable_browser_buttons.js HTTP/1.1" 304 -
186.80.52.180 - - [03/Nov/2023:10:05:48 -0500] "GET /sipse/css/custom_css_sg.css HTTP/1.1" 304 -
186.80.52.180 - - [03/Nov/2023:10:05:48 -0500] "GET /sipse/css/custom_css_sg_prime_login.css HTTP/1.1" 304 -
186.80.52.180 - - [03/Nov/2023:10:05:48 -0500] "GET /sipse/faces/javax.faces.resource/theme.css?ln=primefaces-sipse HTTP/1.1" 304 -
186.80.52.180 - - [03/Nov/2023:10:05:48 -0500] "GET /sipse/js/funciones.js HTTP/1.1" 304 -
186.80.52.180 - - [03/Nov/2023:10:05:48 -0500] "GET /sipse/faces/javax.faces.resource/layout/layout.css?ln=primefaces&v=4.0 HTTP/1.1" 304 -
186.80.52.180 - - [03/Nov/2023:10:05:48 -0500] "GET /sipse/faces/javax.faces.resource/primefaces.css?ln=primefaces&v=4.0 HTTP/1.1" 304 -
186.80.52.180 - - [03/Nov/2023:10:05:48 -0500] "GET /sipse/faces/javax.faces.resource/jquery/jquery.js?ln=primefaces&v=4.0 HTTP/1.1" 304 -
186.80.52.180 - - [03/Nov/2023:10:05:48 -0500] "GET /sipse/faces/javax.faces.resource/jquery/jquery-plugins.js?ln=primefaces&v=4.0 HTTP/1.1" 304 -
186.80.52.180 - - [03/Nov/2023:10:05:48 -0500] "GET /sipse/faces/javax.faces.resource/primefaces.js?ln=primefaces&v=4.0 HTTP/1.1" 304 -
186.80.52.180 - - [03/Nov/2023:10:05:48 -0500] "GET /sipse/faces/javax.faces.resource/layout/layout.js?ln=primefaces&v=4.0 HTTP/1.1" 304 -
186.80.52.180 - - [03/Nov/2023:10:05:48 -0500] "GET /sipse/css/imagen/logoSDG.png HTTP/1.1" 304 -
186.80.52.180 - - [03/Nov/2023:10:05:48 -0500] "GET /sipse/css/imagen/loginimg.png HTTP/1.1" 304 -
186.80.52.180 - - [03/Nov/2023:10:05:48 -0500] "GET /sipse/faces/javax.faces.resource/images/ui-icons_898989_256x240.png?ln=primefaces-aristo HTTP/1.1" 304 -
186.102.24.192 - - [03/Nov/2023:10:05:49 -0500] "GET /kwssiamovil/sm/ldap/au?x=U2FsdGVkX1+k7OLgOTbXSVtClk7QM0ZX7/pKbhE/1XEh8NnzQxy/4o1VhkLH4Fc1&y=U2FsdGVkX19QTk6LxtO+dRzdhaq0qizZ8rnyJsKw3cdIouJdjUT/w4O7nRRd/jaf HTTP/1.1" 200 30
186.102.24.192 - - [03/Nov/2023:10:05:49 -0500] "GET /kwssiamovil/sm/acme/s?s=U2FsdGVkX1816/kzPXJhrD/BoDWu0VTIqYkxyHfvb9kfv/rAo6UBuamQM91899VKnr0mdJaHrKNDPGPv9XIQrwxO/00I29fBkJMKo0yQK7s=&u=U2FsdGVkX19nyx6k6sWVA/EZR4vvWls3N9tZQ86IU+G99aCDWR3vUmoehY/3UDY8&y=U2FsdGVkX19QTk6LxtO+dRzdhaq0qizZ8rnyJsKw3cdIouJdjUT/w4O7nRRd/jaf HTTP/1.1" 200 97
186.102.24.192 - - [03/Nov/2023:10:05:49 -0500] "GET /kwssiamovil/sm/acme/s?s=U2FsdGVkX1+/ZEJ6CpbguiB3mfZFTvKaheKCS/V602Fw9EoBJnWd87GWiQDiizYeNT2KKMGWyw9hQURIaPTWSsoh3F9flWIJxHe9I/hCSFwnpI+gjjLVgtxLlMpZV1AmE5Kbn1je7iuEN5CwDfu+DOWP3vVZav8S2y7CEj812vINpJ9jf/BxArvWRcFfXvqkS8wAQx/omA4/y7AfFv287VaUjTQdZnbAcFWIWmMs/Ugxpp1miL3fapWQzdiHVofWby4WZqrpYVcT/EudUUKIjJTJv54Ep0tCWhpygf0ydyYnjYx/l7shdQEYAmr6w/2jM+TcbMOwCAWz79ytsZF5ozFJxU7b75bOsZnJr0Al8SelcZg10q596ZNjF8Kwk8YqakP3L1wAXdaKSi9jX52qjSCojPzq+Mz74nMS6Q0WlUOmkCaSoFBDC/BqMNbnA6CxIPZrV2hjwVG/DFtzd5br4MB05mS7bY93ePdI9GUAiJ/MgNQ3whf7ovU519u4CpKoDlmjouDYLLxehaczFHoUw2KhdOrGJNUE+NLUWNC37vlnZ2OdIgaR++IhMPsbpmGr4Pb1L6XbB7Q6jN+KS9VHNqawLIs6eu4MQmRTtwdlv1INR7sCkG29EXNkWLdjK85qu2ar/g5IrmtGM2EG6aFo6rGYPk+vXCD/b6+osZKij7jz2q+5wB63ksWub9tVG37KSYwVM/8pAOISC2WEAwEa7gTJoTvNncIQuIFpvIXlaqTUF3bjRU84Kn5v2N57rOer2KdVnfViWq31WeCAHy8Qsg69lgNr9XSISdTWQZskpx59ilTiLrAOgxsHx32YQEX9gUqIPrLx43UpYlJh83xS7UcvVkCdgGGz2fH8guQzWv2hmanb2/+BtfJ09Dn8UK8KnhvGWDD9UjsKbb5CIiqsEDLcPwwS9uucPSByk3UxPK/3MoBNVvml3uIfKI6eptC+nzVSq9n4uvfP0e+/trWUTHSU1hN6YLKlmUqUJ+jhOpH23NTZuQfFoNxo7V+Eaqw50cFDke7yH1XXGluLquM4wIUjhytBFXdr2NAqh2NlKs84YM0/VUQhH0egD2rf/geJoaXO0vOxhaKgnW1O2RLe2zUWtE1QPXIQioR24+XXpCOlZyyfc4pq8wB/2+o7cgtNoAb3Lf/TPhZJbhETX+ERHAiJXWkLa6sYpKwTZtENFZDomczOjUIZ4FK13bmFWPoROuwBKOZ/ErMKsDq1G5CLxQcx1c5rnqt4CZI17/llwY4wvMBM8D5miV4TbxCiJpuXbgBfCzOPGv+76vfIgNGLZfzVUwt2mvAXvriCI8FtAABjst/wwZHHdAg/n47DbzCL6bUtt4p2hhNJYcu5f/abZ+udwYLDTc/i0j6mLhWBjyo4I9u/CmEBkZtxeiXIpO+YsK9ydQITqc6RboDIEjwvGc6OeoxN/XdVYPXQuE50slHmZ1GmWKEbpyWhDTcP7mM39F/fTI0/i8CLJhHSv/5nP5GTtyuyoDkJZP1abpYvE1vv+l0HN7iPwzxROS77zHsXDvI0lLPat/J4N82AaUzhFUzVKV3hKGXg7BKyltJP+rgQ5gTExrPs7x1STal9lg2ZSkY7FzebSCE/tcQQagtqm5mVYfgmsYyjCVp8g3CtPANDFo01v+wuIER1il++DopyiJH8pCOFJmTbZpKwWrixfS4xcwwBKgNNLAbntoGBtVWFYmUi0UBADKhgPQsUbPOcRI+bXlVc8WPmpRWkfpBYmJOMZam1rPVmzFICvwFiBVmA13FBDPggif8GFuQOAlYh&u=U2FsdGVkX19nyx6k6sWVA/EZR4vvWls3N9tZQ86IU+G99aCDWR3vUmoehY/3UDY8&y=U2FsdGVkX19QTk6LxtO+dRzdhaq0qizZ8rnyJsKw3cdIouJdjUT/w4O7nRRd/jaf HTTP/1.1" 200 907
186.102.24.192 - - [03/Nov/2023:10:05:49 -0500] "GET /kwssiamovil/sm/acme/s?s=U2FsdGVkX186Xc7XardFTMd29acz0isldvZOEKrnBteOPKKZdNiv8gAPZwSHLAV6LsHhFj7Wn1dtZkq7hFaT3YgBl/lkLvJZdJ0B6Z33FP1MDgphqhEvgJadPdqIlk2ftDvTmwQMBtoDVz5Da/WT6g==&u=U2FsdGVkX19nyx6k6sWVA/EZR4vvWls3N9tZQ86IU+G99aCDWR3vUmoehY/3UDY8&y=U2FsdGVkX19QTk6LxtO+dRzdhaq0qizZ8rnyJsKw3cdIouJdjUT/w4O7nRRd/jaf HTTP/1.1" 200 92
186.102.24.192 - - [03/Nov/2023:10:05:49 -0500] "GET /kwssiamovil/sm/acme/s?s=U2FsdGVkX1+FqIMQ+ub1FXaJlaeIO+esQjBscGgS9KlwupFGDtN6x6+5A5nKw4s5H7EGqb6TL5k7aPLDoHdHYzdLabtneBc1PP+F14+shlAWV3u7Rincxz2mcQd5vYOCg9SCUX2Va1s7IvrdiA2v56K6hwNQ9K0+0XG6dEoMXidfiempaWLUE2EVVZ+yr7cH05C5DakjVq8IWZeNuGluhxjYe9uJliHvm2UHIPD2Un63yAM67CbfdYHeqO9+ogIGAjm9O79LiFuyd507QzLehhRkuh2J2JbqDdtor6dyO0KpQkG9ShWzPrLpmmXmZwwH6U6itx4KZ6ig+iDwy0MJAtxoRyR+6JoIqSgUoKOHl0Bx7rlQUkx9kSo7zvK82rdyr8/FJQPs5HC2L7ZhzPH9reRmZNx64L/XaCmTIo9eX5R9TzKxycuQyhGFwVWW3JtMslW0kZtTthyZcWtRFRGhnduw7AvZ/spbblg1f+CDFuNwOvvOs/CNr6NNFdyvIZVVvv3niwjML0Q+GPBZ5884ZpifM5D3nhoPOhMjDPwoIKJAp6217xdr3s+u8H0WsXIzzIXMuwq6MJS8vBl/uekCosnRBmP7hAnM27v8+WkHBoyEnr9AUPMWLQyLcj9JUZg21Z/ubjikZUjvfNC5xY1YwkPIYemlqGBjatpVse2zUb0RbFoW0u7a7YRRsYBQHyI88BOIlW3cXrN4CttrCylUQvwbwOEEJG0LjUb4zu2rl0nNu8UuOoHe/QwHW0Xf9FDsxYFP4Psjl5tHtnNcXn904w==&u=U2FsdGVkX19nyx6k6sWVA/EZR4vvWls3N9tZQ86IU+G99aCDWR3vUmoehY/3UDY8&y=U2FsdGVkX19QTk6LxtO+dRzdhaq0qizZ8rnyJsKw3cdIouJdjUT/w4O7nRRd/jaf HTTP/1.1" 200 1095
186.102.24.192 - - [03/Nov/2023:10:05:50 -0500] "GET /kwssiamovil/sm/cjson/pre?f=17&x=U2FsdGVkX1+k7OLgOTbXSVtClk7QM0ZX7/pKbhE/1XEh8NnzQxy/4o1VhkLH4Fc1 HTTP/1.1" 200 12747
100.21.24.205 - - [03/Nov/2023:10:05:51 -0500] "GET /BLA/resoluciones/index.php?dir=AUTOS%202006/AUTOS%202006%202501%20-%202600/&order=desc&sort=name HTTP/1.1" 200 22208
216.245.221.92 - - [03/Nov/2023:10:05:52 -0500] "HEAD / HTTP/1.1" 200 -
44.230.252.91 - - [03/Nov/2023:10:05:56 -0500] "GET /BLA/resoluciones/index.php?dir=RESOLUCIONES%202002/RES%202002%201701-1750/ HTTP/1.1" 200 12141
201.245.192.253 - - [03/Nov/2023:10:05:57 -0500] "POST /sipse/faces/presentacion/financiero/solicitudProceso/consultarSolicitudProceso.xhtml HTTP/1.1" 200 31474
201.245.192.253 - - [03/Nov/2023:10:05:58 -0500] "GET /sipse/faces/javax.faces.resource/jquery/jquery.js?ln=primefaces&v=4.0 HTTP/1.1" 304 -
201.245.192.253 - - [03/Nov/2023:10:05:58 -0500] "GET /sipse/faces/javax.faces.resource/jquery/jquery-plugins.js?ln=primefaces&v=4.0 HTTP/1.1" 304 -
201.245.192.253 - - [03/Nov/2023:10:05:58 -0500] "GET /sipse/faces/javax.faces.resource/primefaces.js?ln=primefaces&v=4.0 HTTP/1.1" 304 -
201.245.192.253 - - [03/Nov/2023:10:05:58 -0500] "GET /sipse/faces/javax.faces.resource/layout/layout.js?ln=primefaces&v=4.0 HTTP/1.1" 304 -
201.245.192.253 - - [03/Nov/2023:10:05:59 -0500] "POST /sipse/faces/presentacion/financiero/solicitudProceso/asignarContratacion.xhtml HTTP/1.1" 200 39609
201.245.192.253 - - [03/Nov/2023:10:06:01 -0500] "GET /sipse/faces/javax.faces.resource/jquery/jquery.js?ln=primefaces&v=4.0 HTTP/1.1" 304 -
201.245.192.253 - - [03/Nov/2023:10:06:01 -0500] "GET /sipse/faces/javax.faces.resource/jquery/jquery-plugins.js?ln=primefaces&v=4.0 HTTP/1.1" 304 -
201.245.192.253 - - [03/Nov/2023:10:06:01 -0500] "GET /sipse/faces/javax.faces.resource/primefaces.js?ln=primefaces&v=4.0 HTTP/1.1" 304 -
201.245.192.253 - - [03/Nov/2023:10:06:01 -0500] "GET /sipse/faces/javax.faces.resource/layout/layout.js?ln=primefaces&v=4.0 HTTP/1.1" 304 -
201.245.192.253 - - [03/Nov/2023:10:06:01 -0500] "POST /sipse/faces/presentacion/financiero/solicitudProceso/listarSolicitudProceso.xhtml HTTP/1.1" 200 1420
201.245.192.253 - - [03/Nov/2023:10:06:04 -0500] "POST /sipse/faces/presentacion/financiero/solicitudProceso/listarSolicitudProceso.xhtml HTTP/1.1" 200 141112
201.245.192.253 - - [03/Nov/2023:10:06:05 -0500] "GET /sipse/faces/javax.faces.resource/jquery/jquery.js?ln=primefaces&v=4.0 HTTP/1.1" 304 -
201.245.192.253 - - [03/Nov/2023:10:06:05 -0500] "GET /sipse/faces/javax.faces.resource/jquery/jquery-plugins.js?ln=primefaces&v=4.0 HTTP/1.1" 304 -
201.245.192.253 - - [03/Nov/2023:10:06:05 -0500] "GET /sipse/faces/javax.faces.resource/primefaces.js?ln=primefaces&v=4.0 HTTP/1.1" 304 -
201.245.192.253 - - [03/Nov/2023:10:06:05 -0500] "GET /sipse/faces/javax.faces.resource/layout/layout.js?ln=primefaces&v=4.0 HTTP/1.1" 304 -
201.245.192.253 - - [03/Nov/2023:10:06:06 -0500] "POST /forms/lservlet;jsessionid=ac16012b30d67398b24510264f55a2d4c5826150a17a.e3iSbxaKaheRe3eRa38MahaQbi1ynknvrkLOlQzNp65In0 HTTP/1.1" 200 2
100.21.24.205 - - [03/Nov/2023:10:06:08 -0500] "GET /BLA/resoluciones/index.php?dir=RESOLUCIONES%202002/RES%202002%201801-1850/ HTTP/1.1" 200 12158
186.80.52.180 - - [03/Nov/2023:10:06:10 -0500] "POST /sipse/faces/autenticacion.xhtml HTTP/1.1" 200 2217
186.80.52.180 - - [03/Nov/2023:10:06:10 -0500] "GET /sipse/faces/javax.faces.resource/messages/messages.png?ln=primefaces&v=4.0 HTTP/1.1" 304 -
216.244.66.195 - - [03/Nov/2023:10:06:11 -0500] "GET /BLA/resoluciones/AUTOS%202012/0651.pdf HTTP/1.1" 200 459990
201.245.192.253 - - [03/Nov/2023:10:06:11 -0500] "POST /sipse/faces/presentacion/financiero/solicitudProceso/consultarSolicitudProceso.xhtml HTTP/1.1" 200 31474
186.80.52.180 - - [03/Nov/2023:10:06:11 -0500] "POST /sipse/faces/autenticacion.xhtml HTTP/1.1" 200 16332
186.80.52.180 - - [03/Nov/2023:10:06:11 -0500] "GET /sipse/css/custom_css_sg_prime.css HTTP/1.1" 304 -
201.245.192.253 - - [03/Nov/2023:10:06:11 -0500] "GET /sipse/faces/javax.faces.resource/jquery/jquery.js?ln=primefaces&v=4.0 HTTP/1.1" 304 -
186.80.52.180 - - [03/Nov/2023:10:06:12 -0500] "GET /sipse/faces/javax.faces.resource/theme.css?ln=primefaces-sipse HTTP/1.1" 304 -
186.80.52.180 - - [03/Nov/2023:10:06:12 -0500] "GET /sipse/faces/javax.faces.resource/primefaces.css?ln=primefaces&v=4.0 HTTP/1.1" 304 -
186.80.52.180 - - [03/Nov/2023:10:06:12 -0500] "GET /sipse/faces/javax.faces.resource/layout/layout.css?ln=primefaces&v=4.0 HTTP/1.1" 304 -
201.245.192.253 - - [03/Nov/2023:10:06:12 -0500] "GET /sipse/faces/javax.faces.resource/jquery/jquery-plugins.js?ln=primefaces&v=4.0 HTTP/1.1" 304 -
186.80.52.180 - - [03/Nov/2023:10:06:12 -0500] "GET /sipse/js/jquery.min.js HTTP/1.1" 304 -
201.245.192.253 - - [03/Nov/2023:10:06:12 -0500] "GET /sipse/faces/javax.faces.resource/primefaces.js?ln=primefaces&v=4.0 HTTP/1.1" 304 -
186.80.52.180 - - [03/Nov/2023:10:06:12 -0500] "GET /sipse/faces/javax.faces.resource/jquery/jquery.js?ln=primefaces&v=4.0 HTTP/1.1" 304 -
201.245.192.253 - - [03/Nov/2023:10:06:12 -0500] "GET /sipse/faces/javax.faces.resource/layout/layout.js?ln=primefaces&v=4.0 HTTP/1.1" 304 -
186.80.52.180 - - [03/Nov/2023:10:06:12 -0500] "GET /sipse/faces/javax.faces.resource/jquery/jquery-plugins.js?ln=primefaces&v=4.0 HTTP/1.1" 304 -
186.80.52.180 - - [03/Nov/2023:10:06:12 -0500] "GET /sipse/faces/javax.faces.resource/primefaces.js?ln=primefaces&v=4.0 HTTP/1.1" 304 -
186.80.52.180 - - [03/Nov/2023:10:06:12 -0500] "GET /sipse/faces/javax.faces.resource/layout/layout.js?ln=primefaces&v=4.0 HTTP/1.1" 304 -
186.80.52.180 - - [03/Nov/2023:10:06:12 -0500] "GET /sipse/css/v_mergente.css HTTP/1.1" 304 -
186.80.52.180 - - [03/Nov/2023:10:06:12 -0500] "GET /sipse/imagenes/cargando.gif HTTP/1.1" 304 -
186.80.52.180 - - [03/Nov/2023:10:06:12 -0500] "GET /sipse/imagenes/logoAplicacion.jpg HTTP/1.1" 304 -
186.80.52.180 - - [03/Nov/2023:10:06:12 -0500] "GET /sipse/css/imagen/contrasena.png HTTP/1.1" 404 383
186.80.52.180 - - [03/Nov/2023:10:06:14 -0500] "GET /sipse/faces/javax.faces.resource/images/ui-bg_flat_0_2d5972_40x100.png?ln=primefaces-aristo HTTP/1.1" 304 -
186.80.52.180 - - [03/Nov/2023:10:06:14 -0500] "POST /sipse/faces/bienvenido.xhtml HTTP/1.1" 200 2658
201.245.192.253 - - [03/Nov/2023:10:06:13 -0500] "POST /sipse/faces/presentacion/financiero/solicitudProceso/asignarContratacion.xhtml HTTP/1.1" 200 36625
201.245.192.253 - - [03/Nov/2023:10:06:15 -0500] "GET /sipse/faces/javax.faces.resource/jquery/jquery.js?ln=primefaces&v=4.0 HTTP/1.1" 304 -
201.245.192.253 - - [03/Nov/2023:10:06:15 -0500] "GET /sipse/faces/javax.faces.resource/jquery/jquery-plugins.js?ln=primefaces&v=4.0 HTTP/1.1" 304 -
201.245.192.253 - - [03/Nov/2023:10:06:15 -0500] "GET /sipse/faces/javax.faces.resource/primefaces.js?ln=primefaces&v=4.0 HTTP/1.1" 304 -
201.245.192.253 - - [03/Nov/2023:10:06:15 -0500] "GET /sipse/faces/javax.faces.resource/layout/layout.js?ln=primefaces&v=4.0 HTTP/1.1" 304 -
201.245.192.253 - - [03/Nov/2023:10:06:15 -0500] "POST /sipse/faces/presentacion/financiero/solicitudProceso/listarSolicitudProceso.xhtml HTTP/1.1" 200 1396
52.25.208.208 - - [03/Nov/2023:10:06:16 -0500] "GET /BLA/resoluciones/index.php?dir=RESOLUCIONES%202002/RES%202002%201901-1950/ HTTP/1.1" 200 12149
186.102.24.192 - - [03/Nov/2023:10:05:50 -0500] "GET /kwssiamovil/sm/cjson/pre?f=6&x=U2FsdGVkX1+k7OLgOTbXSVtClk7QM0ZX7/pKbhE/1XEh8NnzQxy/4o1VhkLH4Fc1 HTTP/1.1" 200 34953
186.80.52.180 - - [03/Nov/2023:10:06:15 -0500] "POST /sipse/faces/bienvenido.xhtml HTTP/1.1" 200 64351
186.80.52.180 - - [03/Nov/2023:10:06:19 -0500] "GET /sipse/faces/javax.faces.resource/theme.css?ln=primefaces-sipse HTTP/1.1" 304 -
186.80.52.180 - - [03/Nov/2023:10:06:19 -0500] "GET /sipse/faces/javax.faces.resource/layout/layout.css?ln=primefaces&v=4.0 HTTP/1.1" 304 -
186.80.52.180 - - [03/Nov/2023:10:06:19 -0500] "GET /sipse/faces/javax.faces.resource/primefaces.css?ln=primefaces&v=4.0 HTTP/1.1" 304 -
186.80.52.180 - - [03/Nov/2023:10:06:19 -0500] "GET /sipse/faces/javax.faces.resource/jquery/jquery.js?ln=primefaces&v=4.0 HTTP/1.1" 304 -
186.80.52.180 - - [03/Nov/2023:10:06:19 -0500] "GET /sipse/faces/javax.faces.resource/jquery/jquery-plugins.js?ln=primefaces&v=4.0 HTTP/1.1" 304 -
186.80.52.180 - - [03/Nov/2023:10:06:19 -0500] "GET /sipse/faces/javax.faces.resource/primefaces.js?ln=primefaces&v=4.0 HTTP/1.1" 304 -
186.80.52.180 - - [03/Nov/2023:10:06:19 -0500] "GET /sipse/faces/javax.faces.resource/layout/layout.js?ln=primefaces&v=4.0 HTTP/1.1" 304 -
201.245.192.253 - - [03/Nov/2023:10:06:19 -0500] "POST /sipse/faces/presentacion/financiero/solicitudProceso/listarSolicitudProceso.xhtml HTTP/1.1" 200 140800
201.245.192.253 - - [03/Nov/2023:10:06:20 -0500] "GET /sipse/faces/javax.faces.resource/jquery/jquery.js?ln=primefaces&v=4.0 HTTP/1.1" 304 -
201.245.192.253 - - [03/Nov/2023:10:06:20 -0500] "GET /sipse/faces/javax.faces.resource/jquery/jquery-plugins.js?ln=primefaces&v=4.0 HTTP/1.1" 304 -
201.245.192.253 - - [03/Nov/2023:10:06:20 -0500] "GET /sipse/faces/javax.faces.resource/primefaces.js?ln=primefaces&v=4.0 HTTP/1.1" 304 -
201.245.192.253 - - [03/Nov/2023:10:06:20 -0500] "GET /sipse/faces/javax.faces.resource/layout/layout.js?ln=primefaces&v=4.0 HTTP/1.1" 304 -
100.21.24.205 - - [03/Nov/2023:10:06:21 -0500] "GET /BLA/resoluciones/index.php?dir=RESOLUCIONES%202002/RES%202002%20201-250/ HTTP/1.1" 200 12325
186.80.52.180 - - [03/Nov/2023:10:06:19 -0500] "POST /sipse/faces/presentacion/financiero/solicitudProceso/listarSolicitudProceso.xhtml HTTP/1.1" 200 1548
186.80.52.180 - - [03/Nov/2023:10:06:23 -0500] "POST /sipse/faces/presentacion/financiero/solicitudProceso/listarSolicitudProceso.xhtml HTTP/1.1" 200 59022
186.80.52.180 - - [03/Nov/2023:10:06:23 -0500] "GET /sipse/faces/javax.faces.resource/theme.css?ln=primefaces-sipse HTTP/1.1" 304 -
186.80.52.180 - - [03/Nov/2023:10:06:23 -0500] "GET /sipse/faces/javax.faces.resource/primefaces.css?ln=primefaces&v=4.0 HTTP/1.1" 304 -
186.80.52.180 - - [03/Nov/2023:10:06:23 -0500] "GET /sipse/faces/javax.faces.resource/layout/layout.css?ln=primefaces&v=4.0 HTTP/1.1" 304 -
186.80.52.180 - - [03/Nov/2023:10:06:23 -0500] "GET /sipse/faces/javax.faces.resource/jquery/jquery.js?ln=primefaces&v=4.0 HTTP/1.1" 304 -
186.80.52.180 - - [03/Nov/2023:10:06:23 -0500] "GET /sipse/faces/javax.faces.resource/jquery/jquery-plugins.js?ln=primefaces&v=4.0 HTTP/1.1" 304 -
186.80.52.180 - - [03/Nov/2023:10:06:23 -0500] "GET /sipse/faces/javax.faces.resource/primefaces.js?ln=primefaces&v=4.0 HTTP/1.1" 304 -
186.80.52.180 - - [03/Nov/2023:10:06:24 -0500] "GET /sipse/faces/javax.faces.resource/layout/layout.js?ln=primefaces&v=4.0 HTTP/1.1" 304 -
201.245.192.253 - - [03/Nov/2023:10:06:24 -0500] "POST /sipse/faces/presentacion/financiero/solicitudProceso/consultarSolicitudProceso.xhtml HTTP/1.1" 200 31474
201.245.192.253 - - [03/Nov/2023:10:06:24 -0500] "GET /sipse/faces/javax.faces.resource/jquery/jquery.js?ln=primefaces&v=4.0 HTTP/1.1" 304 -
201.245.192.253 - - [03/Nov/2023:10:06:24 -0500] "GET /sipse/faces/javax.faces.resource/jquery/jquery-plugins.js?ln=primefaces&v=4.0 HTTP/1.1" 304 -
201.245.192.253 - - [03/Nov/2023:10:06:24 -0500] "GET /sipse/faces/javax.faces.resource/primefaces.js?ln=primefaces&v=4.0 HTTP/1.1" 304 -
201.245.192.253 - - [03/Nov/2023:10:06:24 -0500] "GET /sipse/faces/javax.faces.resource/layout/layout.js?ln=primefaces&v=4.0 HTTP/1.1" 304 -
100.21.24.205 - - [03/Nov/2023:10:06:24 -0500] "GET /BLA/resoluciones/index.php?dir=RESOLUCIONES%202002/RES%202002%20251-300/ HTTP/1.1" 200 12034
201.245.192.253 - - [03/Nov/2023:10:06:25 -0500] "POST /sipse/faces/presentacion/financiero/solicitudProceso/asignarContratacion.xhtml HTTP/1.1" 200 33533
201.245.192.253 - - [03/Nov/2023:10:06:27 -0500] "GET /sipse/faces/javax.faces.resource/jquery/jquery.js?ln=primefaces&v=4.0 HTTP/1.1" 304 -
201.245.192.253 - - [03/Nov/2023:10:06:27 -0500] "GET /sipse/faces/javax.faces.resource/jquery/jquery-plugins.js?ln=primefaces&v=4.0 HTTP/1.1" 304 -
201.245.192.253 - - [03/Nov/2023:10:06:27 -0500] "GET /sipse/faces/javax.faces.resource/primefaces.js?ln=primefaces&v=4.0 HTTP/1.1" 304 -
201.245.192.253 - - [03/Nov/2023:10:06:27 -0500] "GET /sipse/faces/javax.faces.resource/layout/layout.js?ln=primefaces&v=4.0 HTTP/1.1" 304 -
201.245.192.253 - - [03/Nov/2023:10:06:27 -0500] "POST /sipse/faces/presentacion/financiero/solicitudProceso/listarSolicitudProceso.xhtml HTTP/1.1" 200 1368
186.80.52.180 - - [03/Nov/2023:10:06:28 -0500] "POST /sipse/faces/presentacion/financiero/solicitudProceso/crearModificarSolicitudProceso.xhtml HTTP/1.1" 200 26631
52.25.208.208 - - [03/Nov/2023:10:06:31 -0500] "GET /BLA/resoluciones/index.php?dir=RESOLUCIONES%202002/RES%202002%20301-350/ HTTP/1.1" 200 12274
186.80.52.180 - - [03/Nov/2023:10:06:35 -0500] "POST /sipse/faces/presentacion/financiero/solicitudProceso/crearModificarSolicitudProceso.xhtml HTTP/1.1" 200 9362
52.25.208.208 - - [03/Nov/2023:10:06:37 -0500] "GET /BLA/resoluciones/index.php?dir=RESOLUCIONES%202002/RES%202002%20351-400/ HTTP/1.1" 200 12209
186.85.212.95 - - [03/Nov/2023:10:06:37 -0500] "POST /sipse/faces/presentacion/financiero/solicitudProceso/consultarSolicitudProceso.xhtml HTTP/1.1" 200 21134
186.85.212.95 - - [03/Nov/2023:10:06:38 -0500] "GET /sipse/faces/javax.faces.resource/primefaces.css?ln=primefaces&v=4.0 HTTP/1.1" 304 -
186.85.212.95 - - [03/Nov/2023:10:06:38 -0500] "GET /sipse/faces/javax.faces.resource/layout/layout.css?ln=primefaces&v=4.0 HTTP/1.1" 304 -
186.85.212.95 - - [03/Nov/2023:10:06:38 -0500] "GET /sipse/faces/javax.faces.resource/theme.css?ln=primefaces-sipse HTTP/1.1" 304 -
186.85.212.95 - - [03/Nov/2023:10:06:38 -0500] "GET /sipse/faces/javax.faces.resource/fileupload/fileupload.css?ln=primefaces&v=4.0 HTTP/1.1" 304 -
186.85.212.95 - - [03/Nov/2023:10:06:38 -0500] "GET /sipse/faces/javax.faces.resource/jquery/jquery.js?ln=primefaces&v=4.0 HTTP/1.1" 304 -
186.85.212.95 - - [03/Nov/2023:10:06:38 -0500] "GET /sipse/faces/javax.faces.resource/jquery/jquery-plugins.js?ln=primefaces&v=4.0 HTTP/1.1" 304 -
186.85.212.95 - - [03/Nov/2023:10:06:38 -0500] "GET /sipse/faces/javax.faces.resource/layout/layout.js?ln=primefaces&v=4.0 HTTP/1.1" 304 -
186.85.212.95 - - [03/Nov/2023:10:06:38 -0500] "GET /sipse/faces/javax.faces.resource/primefaces.js?ln=primefaces&v=4.0 HTTP/1.1" 304 -
186.85.212.95 - - [03/Nov/2023:10:06:38 -0500] "GET /sipse/faces/javax.faces.resource/fileupload/fileupload.js?ln=primefaces&v=4.0 HTTP/1.1" 304 -
186.85.212.95 - - [03/Nov/2023:10:06:38 -0500] "GET /sipse/css/imagen/contrasena.png HTTP/1.1" 404 383
186.85.212.95 - - [03/Nov/2023:10:06:38 -0500] "GET /sipse/faces/javax.faces.resource/images/ui-icons_898989_256x240.png?ln=primefaces-aristo HTTP/1.1" 304 -
52.25.208.208 - - [03/Nov/2023:10:06:39 -0500] "GET /BLA/resoluciones/index.php?dir=RESOLUCIONES%202002/RES%202002%20401-450/ HTTP/1.1" 200 12024
186.102.24.192 - - [03/Nov/2023:10:05:50 -0500] "GET /kwssiamovil/sm/cjson/pre?f=8&x=U2FsdGVkX1+k7OLgOTbXSVtClk7QM0ZX7/pKbhE/1XEh8NnzQxy/4o1VhkLH4Fc1 HTTP/1.1" 200 36010
52.25.208.208 - - [03/Nov/2023:10:06:46 -0500] "GET /BLA/resoluciones/index.php?dir=AUTOS%202006/AUTOS%202006%20501-600/&order=desc&sort=name HTTP/1.1" 200 21779
186.102.24.192 - - [03/Nov/2023:10:05:50 -0500] "GET /kwssiamovil/sm/cjson/pre?f=4&x=U2FsdGVkX1+k7OLgOTbXSVtClk7QM0ZX7/pKbhE/1XEh8NnzQxy/4o1VhkLH4Fc1 HTTP/1.1" 200 33589
186.102.24.192 - - [03/Nov/2023:10:05:50 -0500] "GET /kwssiamovil/sm/cjson/pre?f=5&x=U2FsdGVkX1+k7OLgOTbXSVtClk7QM0ZX7/pKbhE/1XEh8NnzQxy/4o1VhkLH4Fc1 HTTP/1.1" 200 96431
186.102.24.192 - - [03/Nov/2023:10:05:50 -0500] "GET /kwssiamovil/sm/cjson/pre?f=7&x=U2FsdGVkX1+k7OLgOTbXSVtClk7QM0ZX7/pKbhE/1XEh8NnzQxy/4o1VhkLH4Fc1 HTTP/1.1" 200 93332
186.86.33.245 - - [03/Nov/2023:10:06:48 -0500] "POST /sipse/faces/presentacion/financiero/solicitudProceso/listarSolicitudProceso.xhtml HTTP/1.1" 200 41386
186.86.33.245 - - [03/Nov/2023:10:06:49 -0500] "GET /sipse/faces/javax.faces.resource/jquery/jquery.js?ln=primefaces&v=4.0 HTTP/1.1" 304 -
186.86.33.245 - - [03/Nov/2023:10:06:49 -0500] "GET /sipse/faces/javax.faces.resource/jquery/jquery-plugins.js?ln=primefaces&v=4.0 HTTP/1.1" 304 -
186.86.33.245 - - [03/Nov/2023:10:06:49 -0500] "GET /sipse/faces/javax.faces.resource/primefaces.js?ln=primefaces&v=4.0 HTTP/1.1" 304 -
186.86.33.245 - - [03/Nov/2023:10:06:49 -0500] "GET /sipse/faces/javax.faces.resource/layout/layout.js?ln=primefaces&v=4.0 HTTP/1.1" 304 -
186.86.33.245 - - [03/Nov/2023:10:06:49 -0500] "POST /sipse/faces/presentacion/financiero/solicitudProceso/consultar.xhtml HTTP/1.1" 200 34803
40.77.167.77 - - [03/Nov/2023:10:06:49 -0500] "GET /BLA/resoluciones/index.php?dir=RESOLUCIONES+2023%2F HTTP/1.1" 200 105964
186.86.33.245 - - [03/Nov/2023:10:06:49 -0500] "POST /sipse/faces/presentacion/financiero/solicitudProceso/consultar.xhtml HTTP/1.1" 200 34803
186.86.33.245 - - [03/Nov/2023:10:06:49 -0500] "POST /sipse/faces/presentacion/financiero/solicitudProceso/consultar.xhtml HTTP/1.1" 200 34803
44.230.252.91 - - [03/Nov/2023:10:06:49 -0500] "GET /BLA/resoluciones/index.php?dir=RESOLUCIONES%202002/RES%202002%20451-500/ HTTP/1.1" 200 12051
186.86.33.245 - - [03/Nov/2023:10:06:50 -0500] "POST /sipse/faces/presentacion/financiero/solicitudProceso/consultar.xhtml HTTP/1.1" 200 34803
186.102.24.192 - - [03/Nov/2023:10:05:50 -0500] "GET /kwssiamovil/sm/cjson/pre?f=3&x=U2FsdGVkX1+k7OLgOTbXSVtClk7QM0ZX7/pKbhE/1XEh8NnzQxy/4o1VhkLH4Fc1 HTTP/1.1" 200 43318
44.230.252.91 - - [03/Nov/2023:10:06:55 -0500] "GET /BLA/resoluciones/index.php?dir=RESOLUCIONES%202002/RES%202002%20501-550/ HTTP/1.1" 200 12510
186.85.212.95 - - [03/Nov/2023:10:06:56 -0500] "GET /sipse/faces/javax.faces.resource/theme.css?ln=primefaces-sipse HTTP/1.1" 304 -
186.85.212.95 - - [03/Nov/2023:10:06:56 -0500] "GET /sipse/faces/javax.faces.resource/primefaces.css?ln=primefaces&v=4.0 HTTP/1.1" 304 -
186.85.212.95 - - [03/Nov/2023:10:06:56 -0500] "GET /sipse/faces/javax.faces.resource/jquery/jquery-plugins.js?ln=primefaces&v=4.0 HTTP/1.1" 304 -
186.85.212.95 - - [03/Nov/2023:10:06:56 -0500] "GET /sipse/faces/javax.faces.resource/jquery/jquery.js?ln=primefaces&v=4.0 HTTP/1.1" 304 -
186.85.212.95 - - [03/Nov/2023:10:06:56 -0500] "GET /sipse/faces/javax.faces.resource/layout/layout.css?ln=primefaces&v=4.0 HTTP/1.1" 304 -
186.85.212.95 - - [03/Nov/2023:10:06:56 -0500] "GET /sipse/faces/javax.faces.resource/primefaces.js?ln=primefaces&v=4.0 HTTP/1.1" 304 -
186.85.212.95 - - [03/Nov/2023:10:06:56 -0500] "GET /sipse/faces/javax.faces.resource/layout/layout.js?ln=primefaces&v=4.0 HTTP/1.1" 304 -
186.85.212.95 - - [03/Nov/2023:10:06:55 -0500] "POST /sipse/faces/presentacion/sistema/anexos/cargarAnexoSolicitudProceso.xhtml HTTP/1.1" 200 149829
186.85.212.95 - - [03/Nov/2023:10:06:56 -0500] "GET /sipse/faces/javax.faces.resource/images/ui-icons_898989_256x240.png?ln=primefaces-aristo HTTP/1.1" 304 -
44.230.252.91 - - [03/Nov/2023:10:06:57 -0500] "GET /BLA/resoluciones/index.php?dir=RESOLUCIONES%202002/RES%202002%2051-100/ HTTP/1.1" 200 12120
216.244.66.195 - - [03/Nov/2023:10:06:58 -0500] "GET /BLA/resoluciones/AUTOS%202012/0766.pdf HTTP/1.1" 200 365788
186.80.52.180 - - [03/Nov/2023:10:07:01 -0500] "POST /sipse/faces/presentacion/financiero/solicitudProceso/crearModificarSolicitudProceso.xhtml HTTP/1.1" 200 24579
186.80.52.180 - - [03/Nov/2023:10:07:01 -0500] "GET /sipse/faces/javax.faces.resource/theme.css?ln=primefaces-sipse HTTP/1.1" 304 -
186.80.52.180 - - [03/Nov/2023:10:07:01 -0500] "GET /sipse/faces/javax.faces.resource/jquery/jquery-plugins.js?ln=primefaces&v=4.0 HTTP/1.1" 304 -
186.80.52.180 - - [03/Nov/2023:10:07:01 -0500] "GET /sipse/faces/javax.faces.resource/layout/layout.css?ln=primefaces&v=4.0 HTTP/1.1" 304 -
186.80.52.180 - - [03/Nov/2023:10:07:01 -0500] "GET /sipse/faces/javax.faces.resource/jquery/jquery.js?ln=primefaces&v=4.0 HTTP/1.1" 304 -
186.80.52.180 - - [03/Nov/2023:10:07:01 -0500] "GET /sipse/faces/javax.faces.resource/primefaces.js?ln=primefaces&v=4.0 HTTP/1.1" 304 -
186.80.52.180 - - [03/Nov/2023:10:07:01 -0500] "GET /sipse/faces/javax.faces.resource/primefaces.css?ln=primefaces&v=4.0 HTTP/1.1" 304 -
186.80.52.180 - - [03/Nov/2023:10:07:01 -0500] "GET /sipse/faces/javax.faces.resource/layout/layout.js?ln=primefaces&v=4.0 HTTP/1.1" 304 -
186.85.212.95 - - [03/Nov/2023:10:07:01 -0500] "POST /sipse/faces/presentacion/financiero/solicitudProceso/consultarSolicitudProceso.xhtml HTTP/1.1" 200 21134
186.85.212.95 - - [03/Nov/2023:10:07:02 -0500] "GET /sipse/faces/javax.faces.resource/theme.css?ln=primefaces-sipse HTTP/1.1" 304 -
186.85.212.95 - - [03/Nov/2023:10:07:02 -0500] "GET /sipse/faces/javax.faces.resource/primefaces.css?ln=primefaces&v=4.0 HTTP/1.1" 304 -
186.85.212.95 - - [03/Nov/2023:10:07:02 -0500] "GET /sipse/faces/javax.faces.resource/layout/layout.css?ln=primefaces&v=4.0 HTTP/1.1" 304 -
186.85.212.95 - - [03/Nov/2023:10:07:02 -0500] "GET /sipse/faces/javax.faces.resource/fileupload/fileupload.css?ln=primefaces&v=4.0 HTTP/1.1" 304 -
186.85.212.95 - - [03/Nov/2023:10:07:02 -0500] "GET /sipse/faces/javax.faces.resource/jquery/jquery.js?ln=primefaces&v=4.0 HTTP/1.1" 304 -
186.85.212.95 - - [03/Nov/2023:10:07:02 -0500] "GET /sipse/faces/javax.faces.resource/primefaces.js?ln=primefaces&v=4.0 HTTP/1.1" 304 -
186.85.212.95 - - [03/Nov/2023:10:07:02 -0500] "GET /sipse/faces/javax.faces.resource/jquery/jquery-plugins.js?ln=primefaces&v=4.0 HTTP/1.1" 304 -
186.85.212.95 - - [03/Nov/2023:10:07:02 -0500] "GET /sipse/faces/javax.faces.resource/layout/layout.js?ln=primefaces&v=4.0 HTTP/1.1" 304 -
186.85.212.95 - - [03/Nov/2023:10:07:02 -0500] "GET /sipse/faces/javax.faces.resource/fileupload/fileupload.js?ln=primefaces&v=4.0 HTTP/1.1" 304 -
100.21.24.205 - - [03/Nov/2023:10:07:03 -0500] "GET /BLA/resoluciones/index.php?dir=RESOLUCIONES%202002/RES%202002%20551-600/ HTTP/1.1" 200 12948
186.80.52.180 - - [03/Nov/2023:10:07:05 -0500] "POST /sipse/faces/presentacion/financiero/solicitudProyectoActividad/asociarProyectoSolicitud.xhtml HTTP/1.1" 200 6701
186.80.52.180 - - [03/Nov/2023:10:07:06 -0500] "POST /sipse/faces/presentacion/financiero/solicitudProyectoActividad/asociarProyectoSolicitud.xhtml HTTP/1.1" 200 1700
186.80.52.180 - - [03/Nov/2023:10:07:08 -0500] "POST /sipse/faces/presentacion/financiero/solicitudProyectoActividad/asociarProyectoSolicitud.xhtml HTTP/1.1" 200 28693
186.80.52.180 - - [03/Nov/2023:10:07:08 -0500] "GET /sipse/faces/javax.faces.resource/theme.css?ln=primefaces-sipse HTTP/1.1" 304 -
186.80.52.180 - - [03/Nov/2023:10:07:08 -0500] "GET /sipse/faces/javax.faces.resource/layout/layout.css?ln=primefaces&v=4.0 HTTP/1.1" 304 -
186.80.52.180 - - [03/Nov/2023:10:07:08 -0500] "GET /sipse/faces/javax.faces.resource/primefaces.css?ln=primefaces&v=4.0 HTTP/1.1" 304 -
186.80.52.180 - - [03/Nov/2023:10:07:08 -0500] "GET /sipse/faces/javax.faces.resource/jquery/jquery.js?ln=primefaces&v=4.0 HTTP/1.1" 304 -
186.80.52.180 - - [03/Nov/2023:10:07:08 -0500] "GET /sipse/faces/javax.faces.resource/jquery/jquery-plugins.js?ln=primefaces&v=4.0 HTTP/1.1" 304 -
186.80.52.180 - - [03/Nov/2023:10:07:08 -0500] "GET /sipse/faces/javax.faces.resource/primefaces.js?ln=primefaces&v=4.0 HTTP/1.1" 304 -
186.80.52.180 - - [03/Nov/2023:10:07:09 -0500] "GET /sipse/faces/javax.faces.resource/layout/layout.js?ln=primefaces&v=4.0 HTTP/1.1" 304 -
186.80.52.180 - - [03/Nov/2023:10:07:11 -0500] "GET /sipse/faces/javax.faces.resource/images/ui-icons_898989_256x240.png?ln=primefaces-aristo HTTP/1.1" 304 -
100.21.24.205 - - [03/Nov/2023:10:07:10 -0500] "GET /BLA/resoluciones/index.php?dir=RESOLUCIONES%202002/RES%202002%20601-650/ HTTP/1.1" 200 12037
186.85.212.95 - - [03/Nov/2023:10:07:11 -0500] "GET /sipse/faces/javax.faces.resource/theme.css?ln=primefaces-sipse HTTP/1.1" 304 -
186.85.212.95 - - [03/Nov/2023:10:07:11 -0500] "GET /sipse/faces/javax.faces.resource/layout/layout.css?ln=primefaces&v=4.0 HTTP/1.1" 304 -
186.85.212.95 - - [03/Nov/2023:10:07:11 -0500] "GET /sipse/faces/javax.faces.resource/jquery/jquery.js?ln=primefaces&v=4.0 HTTP/1.1" 304 -
186.85.212.95 - - [03/Nov/2023:10:07:11 -0500] "GET /sipse/faces/javax.faces.resource/jquery/jquery-plugins.js?ln=primefaces&v=4.0 HTTP/1.1" 304 -
186.85.212.95 - - [03/Nov/2023:10:07:11 -0500] "GET /sipse/faces/javax.faces.resource/primefaces.css?ln=primefaces&v=4.0 HTTP/1.1" 304 -
186.85.212.95 - - [03/Nov/2023:10:07:11 -0500] "GET /sipse/faces/javax.faces.resource/primefaces.js?ln=primefaces&v=4.0 HTTP/1.1" 304 -
186.85.212.95 - - [03/Nov/2023:10:07:11 -0500] "GET /sipse/faces/javax.faces.resource/layout/layout.js?ln=primefaces&v=4.0 HTTP/1.1" 304 -
186.85.212.95 - - [03/Nov/2023:10:07:10 -0500] "POST /sipse/faces/presentacion/sistema/anexos/cargarAnexoSolicitudProceso.xhtml HTTP/1.1" 200 151654
186.80.52.180 - - [03/Nov/2023:10:07:12 -0500] "POST /sipse/faces/presentacion/financiero/solicitudProyectoActividad/asociarActividadSolicitud.xhtml HTTP/1.1" 200 59524
186.80.52.180 - - [03/Nov/2023:10:07:12 -0500] "GET /sipse/faces/javax.faces.resource/primefaces.css?ln=primefaces&v=4.0 HTTP/1.1" 304 -
186.80.52.180 - - [03/Nov/2023:10:07:12 -0500] "GET /sipse/faces/javax.faces.resource/theme.css?ln=primefaces-sipse HTTP/1.1" 304 -
186.80.52.180 - - [03/Nov/2023:10:07:12 -0500] "GET /sipse/faces/javax.faces.resource/layout/layout.css?ln=primefaces&v=4.0 HTTP/1.1" 304 -
186.80.52.180 - - [03/Nov/2023:10:07:12 -0500] "GET /sipse/faces/javax.faces.resource/jquery/jquery.js?ln=primefaces&v=4.0 HTTP/1.1" 304 -
186.80.52.180 - - [03/Nov/2023:10:07:12 -0500] "GET /sipse/faces/javax.faces.resource/jquery/jquery-plugins.js?ln=primefaces&v=4.0 HTTP/1.1" 304 -
186.80.52.180 - - [03/Nov/2023:10:07:12 -0500] "GET /sipse/faces/javax.faces.resource/primefaces.js?ln=primefaces&v=4.0 HTTP/1.1" 304 -
186.80.52.180 - - [03/Nov/2023:10:07:12 -0500] "GET /sipse/faces/javax.faces.resource/layout/layout.js?ln=primefaces&v=4.0 HTTP/1.1" 304 -
186.85.212.95 - - [03/Nov/2023:10:07:16 -0500] "POST /sipse/faces/presentacion/financiero/solicitudProceso/consultarSolicitudProceso.xhtml HTTP/1.1" 200 21134
186.85.212.95 - - [03/Nov/2023:10:07:17 -0500] "GET /sipse/faces/javax.faces.resource/theme.css?ln=primefaces-sipse HTTP/1.1" 304 -
186.85.212.95 - - [03/Nov/2023:10:07:17 -0500] "GET /sipse/faces/javax.faces.resource/layout/layout.css?ln=primefaces&v=4.0 HTTP/1.1" 304 -
186.85.212.95 - - [03/Nov/2023:10:07:17 -0500] "GET /sipse/faces/javax.faces.resource/jquery/jquery.js?ln=primefaces&v=4.0 HTTP/1.1" 304 -
186.85.212.95 - - [03/Nov/2023:10:07:17 -0500] "GET /sipse/faces/javax.faces.resource/jquery/jquery-plugins.js?ln=primefaces&v=4.0 HTTP/1.1" 304 -
186.85.212.95 - - [03/Nov/2023:10:07:17 -0500] "GET /sipse/faces/javax.faces.resource/fileupload/fileupload.css?ln=primefaces&v=4.0 HTTP/1.1" 304 -
186.85.212.95 - - [03/Nov/2023:10:07:17 -0500] "GET /sipse/faces/javax.faces.resource/primefaces.css?ln=primefaces&v=4.0 HTTP/1.1" 304 -
186.85.212.95 - - [03/Nov/2023:10:07:17 -0500] "GET /sipse/faces/javax.faces.resource/primefaces.js?ln=primefaces&v=4.0 HTTP/1.1" 304 -
186.85.212.95 - - [03/Nov/2023:10:07:17 -0500] "GET /sipse/faces/javax.faces.resource/layout/layout.js?ln=primefaces&v=4.0 HTTP/1.1" 304 -
186.85.212.95 - - [03/Nov/2023:10:07:17 -0500] "GET /sipse/faces/javax.faces.resource/fileupload/fileupload.js?ln=primefaces&v=4.0 HTTP/1.1" 304 -
66.249.73.36 - - [03/Nov/2023:10:07:20 -0500] "GET /BLA/resoluciones/RESOLUCIONES%202012/1081.pdf HTTP/1.1" 200 435221
186.80.52.180 - - [03/Nov/2023:10:07:23 -0500] "POST /sipse/faces/presentacion/financiero/solicitudProceso/crearModificarSolicitudProceso.xhtml HTTP/1.1" 200 21110
186.80.52.180 - - [03/Nov/2023:10:07:23 -0500] "GET /sipse/faces/javax.faces.resource/theme.css?ln=primefaces-sipse HTTP/1.1" 304 -
186.80.52.180 - - [03/Nov/2023:10:07:23 -0500] "GET /sipse/faces/javax.faces.resource/primefaces.css?ln=primefaces&v=4.0 HTTP/1.1" 304 -
186.80.52.180 - - [03/Nov/2023:10:07:23 -0500] "GET /sipse/faces/javax.faces.resource/layout/layout.css?ln=primefaces&v=4.0 HTTP/1.1" 304 -
186.80.52.180 - - [03/Nov/2023:10:07:23 -0500] "GET /sipse/faces/javax.faces.resource/jquery/jquery.js?ln=primefaces&v=4.0 HTTP/1.1" 304 -
186.80.52.180 - - [03/Nov/2023:10:07:23 -0500] "GET /sipse/faces/javax.faces.resource/fileupload/fileupload.css?ln=primefaces&v=4.0 HTTP/1.1" 304 -
186.80.52.180 - - [03/Nov/2023:10:07:23 -0500] "GET /sipse/faces/javax.faces.resource/jquery/jquery-plugins.js?ln=primefaces&v=4.0 HTTP/1.1" 304 -
186.80.52.180 - - [03/Nov/2023:10:07:23 -0500] "GET /sipse/faces/javax.faces.resource/primefaces.js?ln=primefaces&v=4.0 HTTP/1.1" 304 -
186.80.52.180 - - [03/Nov/2023:10:07:23 -0500] "GET /sipse/faces/javax.faces.resource/layout/layout.js?ln=primefaces&v=4.0 HTTP/1.1" 304 -
186.80.52.180 - - [03/Nov/2023:10:07:23 -0500] "GET /sipse/faces/javax.faces.resource/fileupload/fileupload.js?ln=primefaces&v=4.0 HTTP/1.1" 304 -
52.25.208.208 - - [03/Nov/2023:10:07:23 -0500] "GET /BLA/resoluciones/index.php?dir=RESOLUCIONES%202002/RES%202002%20651-700/ HTTP/1.1" 200 12213
44.230.252.91 - - [03/Nov/2023:10:07:25 -0500] "GET /BLA/resoluciones/index.php?dir=Notificaciones/AUTOS%202016/&order=asc&sort=date HTTP/1.1" 200 75954
186.85.212.95 - - [03/Nov/2023:10:07:26 -0500] "GET /sipse/faces/javax.faces.resource/theme.css?ln=primefaces-sipse HTTP/1.1" 304 -
186.85.212.95 - - [03/Nov/2023:10:07:27 -0500] "GET /sipse/faces/javax.faces.resource/primefaces.css?ln=primefaces&v=4.0 HTTP/1.1" 304 -
186.85.212.95 - - [03/Nov/2023:10:07:27 -0500] "GET /sipse/faces/javax.faces.resource/layout/layout.css?ln=primefaces&v=4.0 HTTP/1.1" 304 -
186.85.212.95 - - [03/Nov/2023:10:07:27 -0500] "GET /sipse/faces/javax.faces.resource/jquery/jquery-plugins.js?ln=primefaces&v=4.0 HTTP/1.1" 304 -
186.85.212.95 - - [03/Nov/2023:10:07:27 -0500] "GET /sipse/faces/javax.faces.resource/primefaces.js?ln=primefaces&v=4.0 HTTP/1.1" 304 -
186.85.212.95 - - [03/Nov/2023:10:07:27 -0500] "GET /sipse/faces/javax.faces.resource/jquery/jquery.js?ln=primefaces&v=4.0 HTTP/1.1" 304 -
186.85.212.95 - - [03/Nov/2023:10:07:27 -0500] "GET /sipse/faces/javax.faces.resource/layout/layout.js?ln=primefaces&v=4.0 HTTP/1.1" 304 -
186.85.212.95 - - [03/Nov/2023:10:07:25 -0500] "POST /sipse/faces/presentacion/sistema/anexos/cargarAnexoSolicitudProceso.xhtml HTTP/1.1" 200 153467
40.77.167.54 - - [03/Nov/2023:10:07:27 -0500] "GET /portaldeninos/wp-content/uploads/2021/07/Banners-p%C3%A1gina-de-ni%C3%B1os8-260x13.jpg HTTP/1.1" 404 75240
52.25.208.208 - - [03/Nov/2023:10:07:28 -0500] "GET /BLA/resoluciones/index.php?dir=Notificaciones/AUTOS%202016/&order=asc&sort=name HTTP/1.1" 200 75954
186.80.52.180 - - [03/Nov/2023:10:07:31 -0500] "POST /sipse/faces/presentacion/sistema/anexos/cargarAnexoSolicitudProceso.xhtml HTTP/1.1" 200 65336
186.80.52.180 - - [03/Nov/2023:10:07:32 -0500] "GET /sipse/faces/javax.faces.resource/theme.css?ln=primefaces-sipse HTTP/1.1" 304 -
186.80.52.180 - - [03/Nov/2023:10:07:32 -0500] "GET /sipse/faces/javax.faces.resource/jquery/jquery.js?ln=primefaces&v=4.0 HTTP/1.1" 304 -
186.80.52.180 - - [03/Nov/2023:10:07:32 -0500] "GET /sipse/faces/javax.faces.resource/primefaces.css?ln=primefaces&v=4.0 HTTP/1.1" 304 -
186.80.52.180 - - [03/Nov/2023:10:07:32 -0500] "GET /sipse/faces/javax.faces.resource/layout/layout.css?ln=primefaces&v=4.0 HTTP/1.1" 304 -
186.80.52.180 - - [03/Nov/2023:10:07:32 -0500] "GET /sipse/faces/javax.faces.resource/jquery/jquery-plugins.js?ln=primefaces&v=4.0 HTTP/1.1" 304 -
186.80.52.180 - - [03/Nov/2023:10:07:32 -0500] "GET /sipse/faces/javax.faces.resource/primefaces.js?ln=primefaces&v=4.0 HTTP/1.1" 304 -
186.80.52.180 - - [03/Nov/2023:10:07:32 -0500] "GET /sipse/faces/javax.faces.resource/layout/layout.js?ln=primefaces&v=4.0 HTTP/1.1" 304 -
186.85.212.95 - - [03/Nov/2023:10:07:34 -0500] "POST /sipse/faces/presentacion/financiero/solicitudProceso/consultarSolicitudProceso.xhtml HTTP/1.1" 200 21134
186.85.212.95 - - [03/Nov/2023:10:07:35 -0500] "GET /sipse/faces/javax.faces.resource/theme.css?ln=primefaces-sipse HTTP/1.1" 304 -
186.85.212.95 - - [03/Nov/2023:10:07:35 -0500] "GET /sipse/faces/javax.faces.resource/primefaces.css?ln=primefaces&v=4.0 HTTP/1.1" 304 -
186.85.212.95 - - [03/Nov/2023:10:07:35 -0500] "GET /sipse/faces/javax.faces.resource/fileupload/fileupload.css?ln=primefaces&v=4.0 HTTP/1.1" 304 -
186.85.212.95 - - [03/Nov/2023:10:07:35 -0500] "GET /sipse/faces/javax.faces.resource/layout/layout.css?ln=primefaces&v=4.0 HTTP/1.1" 304 -
186.85.212.95 - - [03/Nov/2023:10:07:35 -0500] "GET /sipse/faces/javax.faces.resource/jquery/jquery.js?ln=primefaces&v=4.0 HTTP/1.1" 304 -
186.85.212.95 - - [03/Nov/2023:10:07:35 -0500] "GET /sipse/faces/javax.faces.resource/jquery/jquery-plugins.js?ln=primefaces&v=4.0 HTTP/1.1" 304 -
186.85.212.95 - - [03/Nov/2023:10:07:35 -0500] "GET /sipse/faces/javax.faces.resource/primefaces.js?ln=primefaces&v=4.0 HTTP/1.1" 304 -
186.85.212.95 - - [03/Nov/2023:10:07:35 -0500] "GET /sipse/faces/javax.faces.resource/layout/layout.js?ln=primefaces&v=4.0 HTTP/1.1" 304 -
186.85.212.95 - - [03/Nov/2023:10:07:35 -0500] "GET /sipse/faces/javax.faces.resource/fileupload/fileupload.js?ln=primefaces&v=4.0 HTTP/1.1" 304 -
52.167.144.139 - - [03/Nov/2023:10:07:36 -0500] "GET /BLA/resoluciones/dlf/styles.css HTTP/1.1" 200 3049
201.245.192.253 - - [03/Nov/2023:10:07:39 -0500] "POST /forms/lservlet;jsessionid=ac16012b30d6b14c8f46b725431e8887c639ff4d95f3.e3iSbxaKaheRe3eRa38MahaQbi1ynknvrkLOlQzNp65In0 HTTP/1.1" 200 2
172.22.2.4 - - [03/Nov/2023:10:06:00 -0500] "HEAD /BLA/boletinlegal/ HTTP/1.1" 200 -
52.25.208.208 - - [03/Nov/2023:10:07:41 -0500] "GET /BLA/resoluciones/index.php?dir=Notificaciones/AUTOS%202016/&order=asc&sort=size HTTP/1.1" 200 75954
216.244.66.195 - - [03/Nov/2023:10:07:43 -0500] "GET /BLA/resoluciones/AUTOS%202012/1249.pdf HTTP/1.1" 200 225902
186.85.212.95 - - [03/Nov/2023:10:07:44 -0500] "GET /sipse/faces/javax.faces.resource/theme.css?ln=primefaces-sipse HTTP/1.1" 304 -
186.85.212.95 - - [03/Nov/2023:10:07:44 -0500] "GET /sipse/faces/javax.faces.resource/primefaces.css?ln=primefaces&v=4.0 HTTP/1.1" 304 -
186.85.212.95 - - [03/Nov/2023:10:07:44 -0500] "GET /sipse/faces/javax.faces.resource/layout/layout.css?ln=primefaces&v=4.0 HTTP/1.1" 304 -
186.85.212.95 - - [03/Nov/2023:10:07:44 -0500] "GET /sipse/faces/javax.faces.resource/jquery/jquery.js?ln=primefaces&v=4.0 HTTP/1.1" 304 -
186.85.212.95 - - [03/Nov/2023:10:07:44 -0500] "GET /sipse/faces/javax.faces.resource/jquery/jquery-plugins.js?ln=primefaces&v=4.0 HTTP/1.1" 304 -
186.85.212.95 - - [03/Nov/2023:10:07:44 -0500] "GET /sipse/faces/javax.faces.resource/primefaces.js?ln=primefaces&v=4.0 HTTP/1.1" 304 -
186.85.212.95 - - [03/Nov/2023:10:07:44 -0500] "GET /sipse/faces/javax.faces.resource/layout/layout.js?ln=primefaces&v=4.0 HTTP/1.1" 304 -
186.85.212.95 - - [03/Nov/2023:10:07:42 -0500] "POST /sipse/faces/presentacion/sistema/anexos/cargarAnexoSolicitudProceso.xhtml HTTP/1.1" 200 155285
52.167.144.222 - - [03/Nov/2023:10:07:48 -0500] "GET /BLA/resoluciones/RESOLUCIONES%202021/5378.pdf HTTP/1.1" 200 511679
186.85.212.95 - - [03/Nov/2023:10:07:49 -0500] "POST /sipse/faces/presentacion/financiero/solicitudProceso/consultarSolicitudProceso.xhtml HTTP/1.1" 200 21134
186.85.212.95 - - [03/Nov/2023:10:07:50 -0500] "GET /sipse/faces/javax.faces.resource/theme.css?ln=primefaces-sipse HTTP/1.1" 304 -
186.85.212.95 - - [03/Nov/2023:10:07:50 -0500] "GET /sipse/faces/javax.faces.resource/primefaces.css?ln=primefaces&v=4.0 HTTP/1.1" 304 -
186.85.212.95 - - [03/Nov/2023:10:07:50 -0500] "GET /sipse/faces/javax.faces.resource/layout/layout.css?ln=primefaces&v=4.0 HTTP/1.1" 304 -
186.85.212.95 - - [03/Nov/2023:10:07:50 -0500] "GET /sipse/faces/javax.faces.resource/fileupload/fileupload.css?ln=primefaces&v=4.0 HTTP/1.1" 304 -
186.85.212.95 - - [03/Nov/2023:10:07:50 -0500] "GET /sipse/faces/javax.faces.resource/jquery/jquery.js?ln=primefaces&v=4.0 HTTP/1.1" 304 -
186.85.212.95 - - [03/Nov/2023:10:07:50 -0500] "GET /sipse/faces/javax.faces.resource/layout/layout.js?ln=primefaces&v=4.0 HTTP/1.1" 304 -
186.85.212.95 - - [03/Nov/2023:10:07:50 -0500] "GET /sipse/faces/javax.faces.resource/jquery/jquery-plugins.js?ln=primefaces&v=4.0 HTTP/1.1" 304 -
186.85.212.95 - - [03/Nov/2023:10:07:50 -0500] "GET /sipse/faces/javax.faces.resource/primefaces.js?ln=primefaces&v=4.0 HTTP/1.1" 304 -
186.85.212.95 - - [03/Nov/2023:10:07:50 -0500] "GET /sipse/faces/javax.faces.resource/fileupload/fileupload.js?ln=primefaces&v=4.0 HTTP/1.1" 304 -
100.21.24.205 - - [03/Nov/2023:10:07:50 -0500] "GET /BLA/resoluciones/index.php?dir=RESOLUCIONES%202002/RES%202002%20701-750/ HTTP/1.1" 200 12223
186.80.52.180 - - [03/Nov/2023:10:07:36 -0500] "POST /sipse/faces/presentacion/financiero/solicitudProceso/crearModificarSolicitudProceso.xhtml HTTP/1.1" 200 29664
201.245.192.253 - - [03/Nov/2023:10:07:51 -0500] "GET /sipse/faces/javax.faces.resource/theme.css?ln=primefaces-sipse HTTP/1.1" 304 -
201.245.192.253 - - [03/Nov/2023:10:07:51 -0500] "GET /sipse/faces/javax.faces.resource/layout/layout.css?ln=primefaces&v=4.0 HTTP/1.1" 304 -
201.245.192.253 - - [03/Nov/2023:10:07:51 -0500] "GET /sipse/faces/javax.faces.resource/primefaces.css?ln=primefaces&v=4.0 HTTP/1.1" 304 -
201.245.192.253 - - [03/Nov/2023:10:07:51 -0500] "GET /sipse/faces/javax.faces.resource/jquery/jquery.js?ln=primefaces&v=4.0 HTTP/1.1" 304 -
201.245.192.253 - - [03/Nov/2023:10:07:51 -0500] "GET /sipse/faces/javax.faces.resource/jquery/jquery-plugins.js?ln=primefaces&v=4.0 HTTP/1.1" 304 -
201.245.192.253 - - [03/Nov/2023:10:07:51 -0500] "GET /sipse/faces/javax.faces.resource/primefaces.js?ln=primefaces&v=4.0 HTTP/1.1" 304 -
201.245.192.253 - - [03/Nov/2023:10:07:51 -0500] "GET /sipse/faces/javax.faces.resource/layout/layout.js?ln=primefaces&v=4.0 HTTP/1.1" 304 -
201.245.192.253 - - [03/Nov/2023:10:07:51 -0500] "GET /sipse/css/imagen/contrasena.png HTTP/1.1" 404 383
201.245.192.253 - - [03/Nov/2023:10:07:51 -0500] "GET /sipse/faces/javax.faces.resource/images/ui-icons_898989_256x240.png?ln=primefaces-aristo HTTP/1.1" 304 -
201.245.192.253 - - [03/Nov/2023:10:07:49 -0500] "POST /sipse/faces/presentacion/financiero/solicitudProceso/consultarSolicitudProceso.xhtml HTTP/1.1" 200 221850
186.80.52.180 - - [03/Nov/2023:10:07:15 -0500] "POST /sipse/faces/presentacion/financiero/solicitudProceso/crearModificarSolicitudProceso.xhtml HTTP/1.1" 200 20304
44.230.252.91 - - [03/Nov/2023:10:07:54 -0500] "GET /BLA/resoluciones/index.php?dir=RESOLUCIONES%202002/RES%202002%20751-800/ HTTP/1.1" 200 12567
201.245.192.253 - - [03/Nov/2023:10:07:55 -0500] "GET /sipse/faces/javax.faces.resource/images/ui-bg_flat_0_2d5972_40x100.png?ln=primefaces-aristo HTTP/1.1" 304 -
201.245.192.253 - - [03/Nov/2023:10:07:55 -0500] "POST /sipse/faces/presentacion/financiero/solicitudProceso/consultarSolicitudProceso.xhtml HTTP/1.1" 200 34854
201.245.192.253 - - [03/Nov/2023:10:07:58 -0500] "GET /sipse/faces/javax.faces.resource/theme.css?ln=primefaces-sipse HTTP/1.1" 304 -
201.245.192.253 - - [03/Nov/2023:10:07:58 -0500] "GET /sipse/faces/javax.faces.resource/primefaces.css?ln=primefaces&v=4.0 HTTP/1.1" 304 -
201.245.192.253 - - [03/Nov/2023:10:07:58 -0500] "GET /sipse/faces/javax.faces.resource/layout/layout.css?ln=primefaces&v=4.0 HTTP/1.1" 304 -
201.245.192.253 - - [03/Nov/2023:10:07:58 -0500] "GET /sipse/faces/javax.faces.resource/jquery/jquery.js?ln=primefaces&v=4.0 HTTP/1.1" 304 -
201.245.192.253 - - [03/Nov/2023:10:07:58 -0500] "GET /sipse/faces/javax.faces.resource/jquery/jquery-plugins.js?ln=primefaces&v=4.0 HTTP/1.1" 304 -
201.245.192.253 - - [03/Nov/2023:10:07:58 -0500] "GET /sipse/faces/javax.faces.resource/primefaces.js?ln=primefaces&v=4.0 HTTP/1.1" 304 -
201.245.192.253 - - [03/Nov/2023:10:07:58 -0500] "GET /sipse/faces/javax.faces.resource/layout/layout.js?ln=primefaces&v=4.0 HTTP/1.1" 304 -
186.80.52.180 - - [03/Nov/2023:10:07:41 -0500] "POST /sipse/faces/presentacion/financiero/solicitudProceso/crearModificarSolicitudProceso.xhtml HTTP/1.1" 200 44631
201.245.192.253 - - [03/Nov/2023:10:07:58 -0500] "GET /sipse/faces/javax.faces.resource/messages/messages.png?ln=primefaces&v=4.0 HTTP/1.1" 304 -
186.85.212.95 - - [03/Nov/2023:10:07:58 -0500] "GET /sipse/faces/javax.faces.resource/primefaces.css?ln=primefaces&v=4.0 HTTP/1.1" 304 -
186.80.52.180 - - [03/Nov/2023:10:07:58 -0500] "GET /sipse/faces/javax.faces.resource/theme.css?ln=primefaces-sipse HTTP/1.1" 304 -
186.85.212.95 - - [03/Nov/2023:10:07:58 -0500] "GET /sipse/faces/javax.faces.resource/theme.css?ln=primefaces-sipse HTTP/1.1" 304 -
186.85.212.95 - - [03/Nov/2023:10:07:58 -0500] "GET /sipse/faces/javax.faces.resource/layout/layout.css?ln=primefaces&v=4.0 HTTP/1.1" 304 -
186.85.212.95 - - [03/Nov/2023:10:07:58 -0500] "GET /sipse/faces/javax.faces.resource/jquery/jquery.js?ln=primefaces&v=4.0 HTTP/1.1" 304 -
186.85.212.95 - - [03/Nov/2023:10:07:58 -0500] "GET /sipse/faces/javax.faces.resource/jquery/jquery-plugins.js?ln=primefaces&v=4.0 HTTP/1.1" 304 -
186.80.52.180 - - [03/Nov/2023:10:07:58 -0500] "GET /sipse/faces/javax.faces.resource/primefaces.css?ln=primefaces&v=4.0 HTTP/1.1" 304 -
186.85.212.95 - - [03/Nov/2023:10:07:57 -0500] "POST /sipse/faces/presentacion/sistema/anexos/cargarAnexoSolicitudProceso.xhtml HTTP/1.1" 200 157096
186.80.52.180 - - [03/Nov/2023:10:07:58 -0500] "GET /sipse/faces/javax.faces.resource/layout/layout.css?ln=primefaces&v=4.0 HTTP/1.1" 304 -
186.80.52.180 - - [03/Nov/2023:10:07:58 -0500] "GET /sipse/faces/javax.faces.resource/jquery/jquery.js?ln=primefaces&v=4.0 HTTP/1.1" 304 -
186.80.52.180 - - [03/Nov/2023:10:07:58 -0500] "GET /sipse/faces/javax.faces.resource/primefaces.js?ln=primefaces&v=4.0 HTTP/1.1" 304 -
186.85.212.95 - - [03/Nov/2023:10:07:58 -0500] "GET /sipse/faces/javax.faces.resource/primefaces.js?ln=primefaces&v=4.0 HTTP/1.1" 304 -
186.85.212.95 - - [03/Nov/2023:10:07:58 -0500] "GET /sipse/faces/javax.faces.resource/layout/layout.js?ln=primefaces&v=4.0 HTTP/1.1" 304 -
186.80.52.180 - - [03/Nov/2023:10:07:58 -0500] "GET /sipse/faces/javax.faces.resource/jquery/jquery-plugins.js?ln=primefaces&v=4.0 HTTP/1.1" 304 -
186.80.52.180 - - [03/Nov/2023:10:07:58 -0500] "GET /sipse/faces/javax.faces.resource/layout/layout.js?ln=primefaces&v=4.0 HTTP/1.1" 304 -
