181.56.171.197 - - [03/Nov/2023:09:35:28 -0500] "POST /sipse/faces/presentacion/financiero/solicitudProceso/listarSolicitudProceso.xhtml HTTP/1.1" 200 1556
181.56.171.197 - - [03/Nov/2023:09:35:28 -0500] "POST /sipse/faces/presentacion/financiero/solicitudProceso/listarSolicitudProceso.xhtml HTTP/1.1" 200 1560
181.56.171.197 - - [03/Nov/2023:09:35:29 -0500] "POST /sipse/faces/presentacion/financiero/solicitudProceso/listarSolicitudProceso.xhtml HTTP/1.1" 200 1556
181.56.171.197 - - [03/Nov/2023:09:35:29 -0500] "POST /sipse/faces/presentacion/financiero/solicitudProceso/listarSolicitudProceso.xhtml HTTP/1.1" 200 1560
52.247.107.156 - - [03/Nov/2023:09:35:20 -0500] "GET /Publicaciones/SSFFS-12192-2023.zip HTTP/1.1" 200 7790193
181.56.171.197 - - [03/Nov/2023:09:35:35 -0500] "POST /sipse/faces/presentacion/financiero/solicitudProceso/listarSolicitudProceso.xhtml HTTP/1.1" 200 10454
100.21.24.205 - - [03/Nov/2023:09:35:35 -0500] "GET /BLA/resoluciones/index.php?dir=Notificaciones/RESOLUCIONES%202019/&order=desc&sort=name HTTP/1.1" 200 40759
201.245.192.253 - - [03/Nov/2023:09:35:36 -0500] "POST /kwsrmcab/Wsrmcab  HTTP/1.1" 200 42686
190.70.192.175 - - [03/Nov/2023:09:35:38 -0500] "POST /sipse/faces/presentacion/financiero/solicitudProceso/listarSolicitudProceso.xhtml HTTP/1.1" 200 18451
201.245.192.253 - - [03/Nov/2023:09:35:39 -0500] "POST /forms/lservlet;jsessionid=ac16012b30d6b14c8f46b725431e8887c639ff4d95f3.e3iSbxaKaheRe3eRa38MahaQbi1ynknvrkLOlQzNp65In0 HTTP/1.1" 200 2
190.70.192.175 - - [03/Nov/2023:09:35:39 -0500] "POST /sipse/faces/presentacion/financiero/solicitudProceso/listarSolicitudProceso.xhtml HTTP/1.1" 200 18479
52.247.107.156 - - [03/Nov/2023:09:35:31 -0500] "GET /Publicaciones/SSFFS-12193-2023.zip HTTP/1.1" 200 10180121
190.70.192.175 - - [03/Nov/2023:09:35:44 -0500] "POST /sipse/faces/presentacion/financiero/solicitudProceso/listarSolicitudProceso.xhtml HTTP/1.1" 200 45170
190.70.192.175 - - [03/Nov/2023:09:35:45 -0500] "POST /sipse/faces/presentacion/financiero/solicitudProceso/listarSolicitudProceso.xhtml HTTP/1.1" 200 45883
52.247.107.156 - - [03/Nov/2023:09:35:44 -0500] "GET /Publicaciones/SSFFS-12194-2023.zip HTTP/1.1" 200 1095091
190.70.192.175 - - [03/Nov/2023:09:35:46 -0500] "POST /sipse/faces/presentacion/financiero/solicitudProceso/listarSolicitudProceso.xhtml HTTP/1.1" 200 27279
52.247.107.156 - - [03/Nov/2023:09:35:46 -0500] "GET /Publicaciones/SSFFS-12197-2023.zip HTTP/1.1" 200 985180
190.70.192.175 - - [03/Nov/2023:09:35:47 -0500] "POST /sipse/faces/presentacion/financiero/solicitudProceso/listarSolicitudProceso.xhtml HTTP/1.1" 200 18309
52.25.208.208 - - [03/Nov/2023:09:35:48 -0500] "GET /BLA/resoluciones/index.php?dir=Notificaciones/RESOLUCIONES%202020/&order=asc&sort=date HTTP/1.1" 200 54295
52.247.107.156 - - [03/Nov/2023:09:35:47 -0500] "GET /Publicaciones/SSFFS-12199-2023.zip HTTP/1.1" 200 1519259
181.56.171.197 - - [03/Nov/2023:09:35:50 -0500] "POST /sipse/faces/presentacion/financiero/solicitudProceso/listarSolicitudProceso.xhtml HTTP/1.1" 200 31457
52.247.107.156 - - [03/Nov/2023:09:35:49 -0500] "GET /Publicaciones/SSFFS-12201-2023.zip HTTP/1.1" 200 1454784
190.70.192.175 - - [03/Nov/2023:09:35:50 -0500] "POST /sipse/faces/presentacion/financiero/solicitudProceso/listarSolicitudProceso.xhtml HTTP/1.1" 200 115980
190.70.192.175 - - [03/Nov/2023:09:35:51 -0500] "GET /sipse/faces/javax.faces.resource/theme.css?ln=primefaces-sipse HTTP/1.1" 304 -
190.70.192.175 - - [03/Nov/2023:09:35:51 -0500] "GET /sipse/faces/javax.faces.resource/jquery/jquery.js?ln=primefaces&v=4.0 HTTP/1.1" 304 -
190.70.192.175 - - [03/Nov/2023:09:35:51 -0500] "GET /sipse/faces/javax.faces.resource/primefaces.css?ln=primefaces&v=4.0 HTTP/1.1" 304 -
190.70.192.175 - - [03/Nov/2023:09:35:51 -0500] "GET /sipse/faces/javax.faces.resource/layout/layout.css?ln=primefaces&v=4.0 HTTP/1.1" 304 -
190.70.192.175 - - [03/Nov/2023:09:35:51 -0500] "GET /sipse/faces/javax.faces.resource/jquery/jquery-plugins.js?ln=primefaces&v=4.0 HTTP/1.1" 304 -
190.70.192.175 - - [03/Nov/2023:09:35:51 -0500] "GET /sipse/faces/javax.faces.resource/primefaces.js?ln=primefaces&v=4.0 HTTP/1.1" 304 -
190.70.192.175 - - [03/Nov/2023:09:35:51 -0500] "GET /sipse/faces/javax.faces.resource/layout/layout.js?ln=primefaces&v=4.0 HTTP/1.1" 304 -
216.245.221.92 - - [03/Nov/2023:09:35:52 -0500] "HEAD / HTTP/1.1" 200 -
52.247.107.156 - - [03/Nov/2023:09:35:51 -0500] "GET /Publicaciones/SSFFS-12203-2023.zip HTTP/1.1" 200 957812
52.247.107.156 - - [03/Nov/2023:09:35:52 -0500] "GET /Publicaciones/SSFFS-12202-2023.zip HTTP/1.1" 200 380149
190.70.192.175 - - [03/Nov/2023:09:35:58 -0500] "GET /sipse/faces/javax.faces.resource/theme.css?ln=primefaces-sipse HTTP/1.1" 304 -
190.70.192.175 - - [03/Nov/2023:09:35:58 -0500] "GET /sipse/faces/javax.faces.resource/primefaces.css?ln=primefaces&v=4.0 HTTP/1.1" 304 -
190.70.192.175 - - [03/Nov/2023:09:35:57 -0500] "POST /sipse/faces/presentacion/financiero/solicitudProceso/consultarSolicitudProceso.xhtml HTTP/1.1" 200 34566
190.70.192.175 - - [03/Nov/2023:09:35:58 -0500] "GET /sipse/faces/javax.faces.resource/jquery/jquery.js?ln=primefaces&v=4.0 HTTP/1.1" 304 -
190.70.192.175 - - [03/Nov/2023:09:35:58 -0500] "GET /sipse/faces/javax.faces.resource/layout/layout.css?ln=primefaces&v=4.0 HTTP/1.1" 304 -
190.70.192.175 - - [03/Nov/2023:09:35:58 -0500] "GET /sipse/faces/javax.faces.resource/jquery/jquery-plugins.js?ln=primefaces&v=4.0 HTTP/1.1" 304 -
190.70.192.175 - - [03/Nov/2023:09:35:58 -0500] "GET /sipse/faces/javax.faces.resource/layout/layout.js?ln=primefaces&v=4.0 HTTP/1.1" 304 -
190.70.192.175 - - [03/Nov/2023:09:35:58 -0500] "GET /sipse/faces/javax.faces.resource/primefaces.js?ln=primefaces&v=4.0 HTTP/1.1" 304 -
44.230.252.91 - - [03/Nov/2023:09:35:58 -0500] "GET /BLA/resoluciones/index.php?dir=Notificaciones/RESOLUCIONES%202020/&order=asc&sort=size HTTP/1.1" 200 54295
52.247.107.156 - - [03/Nov/2023:09:35:52 -0500] "GET /Publicaciones/SSFFS-12208-2023.zip HTTP/1.1" 200 5185083
201.245.192.253 - - [03/Nov/2023:09:36:06 -0500] "POST /forms/lservlet;jsessionid=ac16012b30d67398b24510264f55a2d4c5826150a17a.e3iSbxaKaheRe3eRa38MahaQbi1ynknvrkLOlQzNp65In0 HTTP/1.1" 200 2
100.21.24.205 - - [03/Nov/2023:09:36:09 -0500] "GET /BLA/resoluciones/index.php?dir=Notificaciones/RESOLUCIONES%202020/&order=desc&sort=name HTTP/1.1" 200 54294
52.25.208.208 - - [03/Nov/2023:09:36:17 -0500] "GET /BLA/resoluciones/index.php?dir=Notificaciones/RESOLUCIONES%202021/ HTTP/1.1" 200 118582
44.231.202.44 - - [03/Nov/2023:09:36:17 -0500] "GET /BLA/resoluciones/index.php?dir=AUTOS%202015/&order=desc&sort=size HTTP/1.1" 200 584493
44.230.252.91 - - [03/Nov/2023:09:36:33 -0500] "GET /BLA/resoluciones/index.php?dir=Notificaciones/RESOLUCIONES%202021/&order=asc&sort=date HTTP/1.1" 200 118582
100.21.24.205 - - [03/Nov/2023:09:36:44 -0500] "GET /BLA/resoluciones/index.php?dir=Notificaciones/RESOLUCIONES%202021/&order=asc&sort=size HTTP/1.1" 200 118582
152.203.208.0 - - [03/Nov/2023:09:36:47 -0500] "POST /sipse/faces/presentacion/financiero/solicitudProceso/consultarSolicitudProceso.xhtml HTTP/1.1" 200 120042
44.230.252.91 - - [03/Nov/2023:09:36:49 -0500] "GET /BLA/resoluciones/index.php?dir=RESOLUCIONES%201997/ HTTP/1.1" 200 17831
52.247.107.156 - - [03/Nov/2023:09:36:03 -0500] "GET /Publicaciones/SSFFS-12210-2023.zip HTTP/1.1" 200 34038094
52.247.107.156 - - [03/Nov/2023:09:36:51 -0500] "GET /Publicaciones/SSFFS-12213-2023.zip HTTP/1.1" 200 2007758
54.184.159.16 - - [03/Nov/2023:09:36:52 -0500] "GET /BLA/resoluciones/index.php?dir=AUTOS%202015/&order=asc&sort=name HTTP/1.1" 200 584494
52.25.208.208 - - [03/Nov/2023:09:36:54 -0500] "GET /BLA/resoluciones/index.php?dir=Notificaciones/RESOLUCIONES%202021/&order=desc&sort=name HTTP/1.1" 200 118581
52.247.107.156 - - [03/Nov/2023:09:36:53 -0500] "GET /Publicaciones/SSFFS-12214-2023.zip HTTP/1.1" 200 2230656
52.247.107.156 - - [03/Nov/2023:09:36:57 -0500] "GET /Publicaciones/SSFFS-12217-2023.zip HTTP/1.1" 200 1361646
52.247.107.156 - - [03/Nov/2023:09:36:59 -0500] "GET /Publicaciones/SSFFS-12219-2023.zip HTTP/1.1" 200 1911192
52.25.208.208 - - [03/Nov/2023:09:37:05 -0500] "GET /BLA/resoluciones/index.php?dir=Notificaciones/RESOLUCIONES%202022/&order=asc&sort=date HTTP/1.1" 200 106366
52.25.208.208 - - [03/Nov/2023:09:37:13 -0500] "GET /BLA/resoluciones/index.php?dir=Notificaciones/RESOLUCIONES%202022/&order=asc&sort=size HTTP/1.1" 200 106366
186.155.84.180 - - [03/Nov/2023:09:37:15 -0500] "GET /sipse/faces/index.xhtml HTTP/1.1" 200 677
186.155.84.180 - - [03/Nov/2023:09:37:16 -0500] "GET /sipse/faces/javax.faces.resource/theme.css?ln=primefaces-sipse HTTP/1.1" 304 -
186.155.84.180 - - [03/Nov/2023:09:37:16 -0500] "GET /sipse/faces/faces/autenticacion.xhtml HTTP/1.1" 200 12406
186.155.84.180 - - [03/Nov/2023:09:37:16 -0500] "GET /sipse/js/disable_browser_buttons.js HTTP/1.1" 304 -
186.155.84.180 - - [03/Nov/2023:09:37:16 -0500] "GET /sipse/js/funciones.js HTTP/1.1" 304 -
186.155.84.180 - - [03/Nov/2023:09:37:16 -0500] "GET /sipse/css/custom_css_sg.css HTTP/1.1" 304 -
186.155.84.180 - - [03/Nov/2023:09:37:16 -0500] "GET /sipse/css/custom_css_sg_prime_login.css HTTP/1.1" 304 -
186.155.84.180 - - [03/Nov/2023:09:37:16 -0500] "GET /sipse/faces/javax.faces.resource/primefaces.css?ln=primefaces&v=4.0 HTTP/1.1" 304 -
186.155.84.180 - - [03/Nov/2023:09:37:16 -0500] "GET /sipse/faces/javax.faces.resource/jquery/jquery.js?ln=primefaces&v=4.0 HTTP/1.1" 304 -
186.155.84.180 - - [03/Nov/2023:09:37:16 -0500] "GET /sipse/faces/javax.faces.resource/theme.css?ln=primefaces-sipse HTTP/1.1" 304 -
186.155.84.180 - - [03/Nov/2023:09:37:16 -0500] "GET /sipse/faces/javax.faces.resource/layout/layout.css?ln=primefaces&v=4.0 HTTP/1.1" 304 -
186.155.84.180 - - [03/Nov/2023:09:37:16 -0500] "GET /sipse/faces/javax.faces.resource/jquery/jquery-plugins.js?ln=primefaces&v=4.0 HTTP/1.1" 304 -
186.155.84.180 - - [03/Nov/2023:09:37:16 -0500] "GET /sipse/faces/javax.faces.resource/primefaces.js?ln=primefaces&v=4.0 HTTP/1.1" 304 -
186.155.84.180 - - [03/Nov/2023:09:37:16 -0500] "GET /sipse/faces/javax.faces.resource/layout/layout.js?ln=primefaces&v=4.0 HTTP/1.1" 304 -
186.155.84.180 - - [03/Nov/2023:09:37:16 -0500] "GET /sipse/css/imagen/logoSDG.png HTTP/1.1" 304 -
186.155.84.180 - - [03/Nov/2023:09:37:16 -0500] "GET /sipse/css/imagen/loginimg.png HTTP/1.1" 304 -
186.155.84.180 - - [03/Nov/2023:09:37:16 -0500] "GET /sipse/faces/javax.faces.resource/images/ui-icons_898989_256x240.png?ln=primefaces-aristo HTTP/1.1" 304 -
216.244.66.195 - - [03/Nov/2023:09:37:16 -0500] "GET /robots.txt HTTP/1.1" 404 1018
186.102.87.64 - - [03/Nov/2023:09:37:17 -0500] "OPTIONS /kwssiamovil/sm/setfile/f? HTTP/1.1" 200 13
52.25.208.208 - - [03/Nov/2023:09:37:19 -0500] "GET /BLA/resoluciones/index.php?dir=Notificaciones/RESOLUCIONES%202022/&order=desc&sort=name HTTP/1.1" 200 106365
186.102.87.64 - - [03/Nov/2023:09:37:17 -0500] "POST /kwssiamovil/sm/setfile/f? HTTP/1.1" 200 381
54.184.159.16 - - [03/Nov/2023:09:37:20 -0500] "GET /BLA/resoluciones/index.php?dir=RESOLUCIONES%202007/RES%202007%202801%20AL%202900/&order=desc&sort=date HTTP/1.1" 200 26858
201.245.192.253 - - [03/Nov/2023:09:37:20 -0500] "POST /kwsrmcab/Wsrmcab HTTP/1.1" 200 41096
201.245.192.253 - - [03/Nov/2023:09:37:23 -0500] "POST /kwsrmcab/Wsrmcab HTTP/1.1" 200 39066
186.155.84.180 - - [03/Nov/2023:09:37:26 -0500] "POST /sipse/faces/autenticacion.xhtml HTTP/1.1" 200 2220
186.155.84.180 - - [03/Nov/2023:09:37:27 -0500] "GET /sipse/faces/javax.faces.resource/messages/messages.png?ln=primefaces&v=4.0 HTTP/1.1" 304 -
52.25.208.208 - - [03/Nov/2023:09:37:28 -0500] "GET /BLA/resoluciones/index.php?dir=Notificaciones/RESOLUCIONES%202023/&order=asc&sort=date HTTP/1.1" 200 34513
186.155.84.180 - - [03/Nov/2023:09:37:28 -0500] "POST /sipse/faces/autenticacion.xhtml HTTP/1.1" 200 16345
186.155.84.180 - - [03/Nov/2023:09:37:28 -0500] "GET /sipse/css/custom_css_sg_prime.css HTTP/1.1" 304 -
186.155.84.180 - - [03/Nov/2023:09:37:28 -0500] "GET /sipse/faces/javax.faces.resource/layout/layout.css?ln=primefaces&v=4.0 HTTP/1.1" 304 -
186.155.84.180 - - [03/Nov/2023:09:37:28 -0500] "GET /sipse/faces/javax.faces.resource/theme.css?ln=primefaces-sipse HTTP/1.1" 304 -
186.155.84.180 - - [03/Nov/2023:09:37:28 -0500] "GET /sipse/faces/javax.faces.resource/primefaces.css?ln=primefaces&v=4.0 HTTP/1.1" 304 -
186.155.84.180 - - [03/Nov/2023:09:37:28 -0500] "GET /sipse/js/jquery.min.js HTTP/1.1" 304 -
186.155.84.180 - - [03/Nov/2023:09:37:28 -0500] "GET /sipse/faces/javax.faces.resource/jquery/jquery.js?ln=primefaces&v=4.0 HTTP/1.1" 304 -
186.155.84.180 - - [03/Nov/2023:09:37:28 -0500] "GET /sipse/faces/javax.faces.resource/jquery/jquery-plugins.js?ln=primefaces&v=4.0 HTTP/1.1" 304 -
186.155.84.180 - - [03/Nov/2023:09:37:28 -0500] "GET /sipse/faces/javax.faces.resource/primefaces.js?ln=primefaces&v=4.0 HTTP/1.1" 304 -
186.155.84.180 - - [03/Nov/2023:09:37:29 -0500] "GET /sipse/faces/javax.faces.resource/layout/layout.js?ln=primefaces&v=4.0 HTTP/1.1" 304 -
186.155.84.180 - - [03/Nov/2023:09:37:29 -0500] "GET /sipse/css/v_mergente.css HTTP/1.1" 304 -
186.155.84.180 - - [03/Nov/2023:09:37:29 -0500] "GET /sipse/imagenes/cargando.gif HTTP/1.1" 304 -
186.155.84.180 - - [03/Nov/2023:09:37:29 -0500] "GET /sipse/imagenes/logoAplicacion.jpg HTTP/1.1" 304 -
186.155.84.180 - - [03/Nov/2023:09:37:29 -0500] "GET /sipse/css/imagen/contrasena.png HTTP/1.1" 404 383
186.155.84.180 - - [03/Nov/2023:09:37:32 -0500] "GET /sipse/faces/javax.faces.resource/images/ui-bg_flat_0_2d5972_40x100.png?ln=primefaces-aristo HTTP/1.1" 304 -
186.155.84.180 - - [03/Nov/2023:09:37:32 -0500] "POST /sipse/faces/bienvenido.xhtml HTTP/1.1" 200 2073
52.247.107.156 - - [03/Nov/2023:09:37:01 -0500] "GET /Publicaciones/SSFFS-12221-2023.zip HTTP/1.1" 200 28373221
186.155.84.180 - - [03/Nov/2023:09:37:34 -0500] "POST /sipse/faces/bienvenido.xhtml HTTP/1.1" 200 38972
186.155.84.180 - - [03/Nov/2023:09:37:35 -0500] "GET /sipse/faces/javax.faces.resource/theme.css?ln=primefaces-sipse HTTP/1.1" 304 -
186.155.84.180 - - [03/Nov/2023:09:37:35 -0500] "GET /sipse/faces/javax.faces.resource/primefaces.css?ln=primefaces&v=4.0 HTTP/1.1" 304 -
186.155.84.180 - - [03/Nov/2023:09:37:35 -0500] "GET /sipse/faces/javax.faces.resource/layout/layout.css?ln=primefaces&v=4.0 HTTP/1.1" 304 -
186.155.84.180 - - [03/Nov/2023:09:37:35 -0500] "GET /sipse/faces/javax.faces.resource/jquery/jquery.js?ln=primefaces&v=4.0 HTTP/1.1" 304 -
186.155.84.180 - - [03/Nov/2023:09:37:35 -0500] "GET /sipse/faces/javax.faces.resource/jquery/jquery-plugins.js?ln=primefaces&v=4.0 HTTP/1.1" 304 -
186.155.84.180 - - [03/Nov/2023:09:37:35 -0500] "GET /sipse/faces/javax.faces.resource/primefaces.js?ln=primefaces&v=4.0 HTTP/1.1" 304 -
186.155.84.180 - - [03/Nov/2023:09:37:35 -0500] "GET /sipse/faces/javax.faces.resource/layout/layout.js?ln=primefaces&v=4.0 HTTP/1.1" 304 -
201.245.192.253 - - [03/Nov/2023:09:37:39 -0500] "POST /forms/lservlet;jsessionid=ac16012b30d6b14c8f46b725431e8887c639ff4d95f3.e3iSbxaKaheRe3eRa38MahaQbi1ynknvrkLOlQzNp65In0 HTTP/1.1" 200 2
100.21.24.205 - - [03/Nov/2023:09:37:40 -0500] "GET /BLA/resoluciones/index.php?dir=Notificaciones/RESOLUCIONES%202023/&order=asc&sort=size HTTP/1.1" 200 34513
186.102.87.64 - - [03/Nov/2023:09:37:40 -0500] "GET /kwssiamovil/sm/acme/a?s=U2FsdGVkX1/k3TVBmfrjwqXw+ICmKqTRMp3OAFEhpVq6ewY8/ic4l/h9wdc340xeQF91GiNf5MP+HoqTfCYuxcjpkpeymuF8z7BZhaxGOVlpjBo+6GIVGC6z81lrNrA3IvxDgy8grOsG/9+Hqtjs1TT3WX5dKxEvb3B7KZgxl3SHzel5QZKCAY57fBeyYsT7OUHMtBPbsKZUHAXFPRcxLWA6zi4a7+5eCCdvtYuo56GJz7IX2XbrFfNjiPK7WFoX9oXG82zvqfl5Ia4oLZ1yMw==&u=U2FsdGVkX18iENWE50Zw6hIRh7+qB12O2AC3Ouy3nKU=&y=U2FsdGVkX1/Q1yNcJFdnS428CiDeRYJXjuRYWKZiPRQ= HTTP/1.1" 200 26
54.184.159.16 - - [03/Nov/2023:09:37:40 -0500] "GET /BLA/resoluciones/index.php?dir=RESOLUCIONES%202004/RES%202004%202051-2100/&order=desc&sort=name HTTP/1.1" 200 12369
186.102.87.64 - - [03/Nov/2023:09:37:41 -0500] "GET /kwssiamovil/sm/acme/a?s=U2FsdGVkX1/a59NJlXncJMYMFsinBf3U5YB6yNMpZwImpSUSr4Eb/M35swDyDA+mkmyLnSlE78xmioXhT88jBi1fSkKwEMegkIAZ6+Flv0RswpJKQEVzdw8BBmeQpDEqzuV88EqE4zRWt/+SPMoiyXzeWYvTtpEtbspSDLe92p7ZsUdW5G1H2FbXLSS3nf+hsnCU16UmC0j2uSrX2s3yRmaN+d8nmirkPp6ExmF7cA6eR13OuN1NhsLKxWyKqm+ANolcFpI8E65QZ26536R1yYhPB6MUQANwPIratfdPAZENYi/lN/sYSF49egIbOEmbYuye6aViKncFqFP5RSP+j/xo3SV4L5tGdHX3EX6BaNOMo1TRJishr9kdmikHoy+3Q4+NZZKVwwzCIng3PMxpDhpZf/XiZTD+MyiNBUMRmHneIyuvOfDARfQeyaHgCToBlYc77ErXScLdULUYZWmA0x9Qvn97scowX6FWQPwnNyYdso0U5BpjJ3atUmU1V0cPwceuhS7cuOoW68cP25f5UH2IeUbsyBDu1shmWbuWKy/ybQRZNZpVTKa+COqVgEHcZMFkNZHPoqHK1QpQWSDXCGBha2bVWwf+JUAjQww/igdNlhfywXKuUX2hK6VuZ5vsxy6BVJ3NZ2ProHlRDj+2bzkq7BJMFqFoiRVvkiebpr5PWLbydi6ljqXxzCrGgslW+O75S9GPKbo4rOeUUwDqUvBD+QeNRTRG+8AOpAS7qNTqyw4o6EOvKDiXyaJ9VtZra06CwnmrTblap9RFoivhMXdbFB6QtRV9i7GTgd/Ji9ONWQGzv6QzTrLOb/P6OY6shOlusx8+/eGea0PYKEfsvA2akLpCBNDFiwQ/Cds0LgshOQaT5JE4fcjSGZ/rrJV1JHRIa/4y9qtaZGTcfb/Lx915GSaMkmt3q1Pq+xhR5gGmHoxQZh50+rig+bSnBLoQnblYErV+iKHD4DNDqSN4vZ0a+C8107WjwKQ/4r1kTNgyQ1A/qNPHABZba0LNnpFcTfvG0rvJT90ZhxBnxaV6IpNsbhchNh/uFPsoOxrQ+iW1FgAIOK+LnD5GeLEMNuUkR92TkCvW/iXe8WzxhOLsw9fcYa0wZwTog0+2qdSQfAPqBARhroagfZe081M6CSaxpDbIkhCZ3OvvEa6UQwgEZ5s43UgNMHm9kJF+8oB2brxOelAg79t1+SFWUNk8cvA7rmiHje+wnl/gvjyW1swh8Xh/IPLpuPTOwkoS5TRxe0iNqtdjNEfxf0B7k9AFRxZGQCf/+P/16bMoAH76eqYKFXPkW7s9Lak7MOMhPgzrpx7dK/Fdl65NPc4a0B1bcS8Ptpr1CjFyeCsMqwPRrBLF5qj6r9bMLNqKTA7BHyYu6WQlmfBBkz+rNlQSMlGd9UbRYAStMa0wSJI+qyYEFHAjN+GVs7lsLN/tAifzBjiU4EhgxvNexCcqBOOo6Frzwt23MdlL4GxgQpkf3lAX20aGG//tgNNbEq80g2uNAhEIy05oqHCtXFlHAhfu/c08rIM+sWmP0hTAHOPsoJReiwHK51SgJTNOxeWnsZSXd0EKUF/tv7sVgRUmjTWMj693PTsB8+SaMCmmzxCN/GcUz8XTIiCM0MOQ97R/Fu/GXIoZ6wtGfB33bKiVN1a4BzgLWqrP8SK8JpC5cyj1WqbV4f4rwqVl/WJ7hRb4kv+4/Yq232xarWixqzuJiYoumLAO3v+jd3x7WZiqB/XWNpPdFgiKpm9B4LcGpZvmsPGWcNkY3gZqxBH45dxCpBufllKE0siS1dceOcmDcmT8I/XedReC6uIIvedKY3S01pTIGZXKTkKTaL7XkzJz3YujH4Lx1biKEA8COgGG6Sa+nGmjpoPOBGcgumFMxhSglEBmlS2FIWBn2oKD7bxnp3ZOxjgKhqbKx9NZSxY6YrLKYffKMO4IhaioKlJrzfbYBlD0YdXZFVCOc8NWtkHvEYNZ//7+i54kXJpmiZQ2Qn40lnFRC5bGQ+u7iVBlCw0AxYZt1DS41pxgi7yK1mQH7b7k3ARV62mKbrmJHS6DPcRPd/Svt+9OS5r8cIPAj4ehuvM5kcbiHP4aoBFXKykfZA1kU+DIfcfjlNmbKiKBxm0BYYswJ4VE+PhgnKOkqqVcq47A8oIDaHJh5Fh4Y7b/UhoG8u4TkNepYUWHewQEdU5+FDzqrnWKd+aVQ8307P+A96nauemcXutBULRBzcWJT632HkW9tTQKeFLIkrgdEjYHe8ipc0vhq+8bZ1ju2h0aTt9kOslqCONtpGPp8hyfQ5Rj0aVGsIxRapID4LgE4VUhiOeQ3LIsEiqcQjiVCVgTIYqm9+oOK/2x/kG1aBSHPioo1cQ3pYmYNsTlT47TqZGdRk32HjejTgVWtrnszkoUksmtTgkkgpim3M3A4H2kJQ862VPbsCvlYylDINwSrPFWdt0C8Hjxe3kEyJ4/Tn9fP8vAVwWfF7JDlx1Ea+yQU7n2GIYTeVR4Yecpw9CK5Ct7TSAKi81yAijYvIVSq+hz5iRqB/5MDlU+9SKWe3Vk3Jplyl7T7xW5vu5rjeB/xSd3AURhm2ssJLB6RLJueQN0gE63khsgHlS6pTB8kJEvkJae/UBrryh5ADQ3QJxj49OC/+CdiptFTlaoNmpPxOsYjUKB6OTweRCd3YbHBQ7Z/ppkuZYYQwmbkypZSQpCR1Ht3yeXYt8rmVBB7ezSr9IYlhJlAEeXy8FHb7Rvz0U38uFmXStl91bA+NVWwlCkzoXuijopcna76MVeozEEjC+aB3qVmqMxOoKCZOVXLNImybeSy3LCdx5M1hC3TNZeMel732ll8z22E+o4Yhrc4Fu8SXsEFi3kvUk/u39D3NobSEyY32Lv1A1X5jegOyyeeIrfX3r1P5yNkQ==&u=U2FsdGVkX18iENWE50Zw6hIRh7+qB12O2AC3Ouy3nKU=&y=U2FsdGVkX1/Q1yNcJFdnS428CiDeRYJXjuRYWKZiPRQ= HTTP/1.1" 200 26
186.102.87.64 - - [03/Nov/2023:09:37:41 -0500] "GET /kwssiamovil/sm/acme/a?s=U2FsdGVkX1/R8ZO964no6vSQBuTwWtJFxmUs+TEEQPWNchclhHj8rG9f6An/Jl9ekUp0OcrPO+dVsXSF70sAz2Jd+QODs60JUssFvhY2u9IvihIrWV34r+t3rofbeGTBa0fYXkU/AMmTv1YeWKM9V8mAnu7xLiQJS2fz2egCORE=&u=U2FsdGVkX18iENWE50Zw6hIRh7+qB12O2AC3Ouy3nKU=&y=U2FsdGVkX1/Q1yNcJFdnS428CiDeRYJXjuRYWKZiPRQ= HTTP/1.1" 200 26
186.102.87.64 - - [03/Nov/2023:09:37:41 -0500] "GET /kwssiamovil/sm/acme/a?s=U2FsdGVkX1+CTXEWXq0t5w+mplqngrh+yH+s48w/ZIoLOe1hJjwg2x/b6B97B+aFyieRAYmJqWoUdMei5/iiTkoR90nQ5LNjsk8fTSkB6G/yrG4PB9AG7Sy5P/afuVZUXchIWXowMqAXM9uG778clYrnZ/TcjyBL5mD07mhUqJM=&u=U2FsdGVkX18iENWE50Zw6hIRh7+qB12O2AC3Ouy3nKU=&y=U2FsdGVkX1/Q1yNcJFdnS428CiDeRYJXjuRYWKZiPRQ= HTTP/1.1" 200 26
186.102.87.64 - - [03/Nov/2023:09:37:42 -0500] "GET /kwssiamovil/sm/acme/a?s=U2FsdGVkX1/wrt6vIYhEYw8vjTwsh+vXKtZfn/foE4orkFldHk5ohwB/tw+i/vY6oRIVgFfKZxBOzNSiXYolRQ5AyvvDC6NPaZBgIOrr4+kMrMTfI0hceH3H0YSzAlk8onPqGQqHeQ5vZXt6+yWKkBYJcltuKQDi4c3AAnzwRZk=&u=U2FsdGVkX18iENWE50Zw6hIRh7+qB12O2AC3Ouy3nKU=&y=U2FsdGVkX1/Q1yNcJFdnS428CiDeRYJXjuRYWKZiPRQ= HTTP/1.1" 200 26
186.102.87.64 - - [03/Nov/2023:09:37:42 -0500] "GET /kwssiamovil/sm/acme/a?s=U2FsdGVkX18Ujbu6ONo96BbJp1X/mPFsbELuj6AJOEkV7M2D9dzY+xjjipdhmUXqSAB/48tmO7saKuR4t7DhdtA9ibz+xIlKhwrl6CdBANnzYOmbONpJetNlRx+RLkFwT9WP6KcZxLiSxJmOXkYbHqw6+to5xGOC5X3oXkygLNyT7Fnc3q+DyU8RODnXs7Fy&u=U2FsdGVkX18iENWE50Zw6hIRh7+qB12O2AC3Ouy3nKU=&y=U2FsdGVkX1/Q1yNcJFdnS428CiDeRYJXjuRYWKZiPRQ= HTTP/1.1" 200 26
186.102.87.64 - - [03/Nov/2023:09:37:42 -0500] "GET /kwssiamovil/sm/acme/a?s=U2FsdGVkX1+q2iLUERRE1zozR+N12ipNl9Lvcp+5DLjTlxR4vlKKS2SPESEOTcmn/zQ2J/LId9rPsjd1ZCkfTSw77UKDzVJeZFHQL6mLy+8sZnj/xQXSRNoysV0xDyGWABzLRccXanYgYOodvo17Jdxf0DUOkiM3YQBEYBjSzb2euMsU0qvmeOevPO9/7Yq7XBzh2qkndn4TRADTLiJRnCigY12T/+v3k16+O+VxA9A=&u=U2FsdGVkX18iENWE50Zw6hIRh7+qB12O2AC3Ouy3nKU=&y=U2FsdGVkX1/Q1yNcJFdnS428CiDeRYJXjuRYWKZiPRQ= HTTP/1.1" 200 26
186.102.87.64 - - [03/Nov/2023:09:37:42 -0500] "GET /kwssiamovil/sm/acme/a?s=U2FsdGVkX1/CxP+24wGNGxdJ58/ET8HMgoeYYEGNoBiQI+8TRmC9wUdRHU1awu9MArAaHiHWerWSko0P4JV+AiWlI36QIx8MI5tYPVQXYnyvQ2/yASzf6mHS67yLR8wk0oPrmeFLY/Lr3OtPoRrAXwDGzAgxLmrFDDBGWltxxO8B9twxWF1ZqPOoSXOHBtXiQo38h0gnOQhwpIkyDOYHfg==&u=U2FsdGVkX18iENWE50Zw6hIRh7+qB12O2AC3Ouy3nKU=&y=U2FsdGVkX1/Q1yNcJFdnS428CiDeRYJXjuRYWKZiPRQ= HTTP/1.1" 200 26
50.112.160.3 - - [03/Nov/2023:09:37:43 -0500] "GET /BLA/resoluciones/RESOLUCIONES%202004/RES%202004%202051-2100/INDEX.DAT HTTP/1.1" 200 2000
152.203.208.0 - - [03/Nov/2023:09:37:50 -0500] "GET /sipse/faces/index.xhtml HTTP/1.1" 200 677
152.203.208.0 - - [03/Nov/2023:09:37:50 -0500] "GET /sipse/faces/javax.faces.resource/theme.css?ln=primefaces-sipse HTTP/1.1" 304 -
152.203.208.0 - - [03/Nov/2023:09:37:50 -0500] "GET /sipse/faces/faces/autenticacion.xhtml HTTP/1.1" 200 12406
152.203.208.0 - - [03/Nov/2023:09:37:50 -0500] "GET /sipse/js/disable_browser_buttons.js HTTP/1.1" 200 3230
152.203.208.0 - - [03/Nov/2023:09:37:50 -0500] "GET /sipse/css/custom_css_sg_prime_login.css HTTP/1.1" 200 443
152.203.208.0 - - [03/Nov/2023:09:37:50 -0500] "GET /sipse/faces/javax.faces.resource/layout/layout.css?ln=primefaces&v=4.0 HTTP/1.1" 304 -
152.203.208.0 - - [03/Nov/2023:09:37:50 -0500] "GET /sipse/faces/javax.faces.resource/theme.css?ln=primefaces-sipse HTTP/1.1" 304 -
152.203.208.0 - - [03/Nov/2023:09:37:50 -0500] "GET /sipse/js/funciones.js HTTP/1.1" 200 12592
152.203.208.0 - - [03/Nov/2023:09:37:50 -0500] "GET /sipse/faces/javax.faces.resource/primefaces.css?ln=primefaces&v=4.0 HTTP/1.1" 304 -
152.203.208.0 - - [03/Nov/2023:09:37:50 -0500] "GET /sipse/faces/javax.faces.resource/jquery/jquery-plugins.js?ln=primefaces&v=4.0 HTTP/1.1" 304 -
152.203.208.0 - - [03/Nov/2023:09:37:50 -0500] "GET /sipse/faces/javax.faces.resource/jquery/jquery.js?ln=primefaces&v=4.0 HTTP/1.1" 304 -
152.203.208.0 - - [03/Nov/2023:09:37:50 -0500] "GET /sipse/css/custom_css_sg.css HTTP/1.1" 200 9694
152.203.208.0 - - [03/Nov/2023:09:37:50 -0500] "GET /sipse/faces/javax.faces.resource/primefaces.js?ln=primefaces&v=4.0 HTTP/1.1" 304 -
152.203.208.0 - - [03/Nov/2023:09:37:50 -0500] "GET /sipse/faces/javax.faces.resource/layout/layout.js?ln=primefaces&v=4.0 HTTP/1.1" 304 -
152.203.208.0 - - [03/Nov/2023:09:37:50 -0500] "GET /sipse/faces/javax.faces.resource/images/ui-icons_898989_256x240.png?ln=primefaces-aristo HTTP/1.1" 304 -
152.203.208.0 - - [03/Nov/2023:09:37:50 -0500] "GET /sipse/css/imagen/loginimg.png HTTP/1.1" 200 71635
152.203.208.0 - - [03/Nov/2023:09:37:50 -0500] "GET /sipse/css/imagen/logoSDG.png HTTP/1.1" 200 53064
44.230.252.91 - - [03/Nov/2023:09:37:51 -0500] "GET /BLA/resoluciones/index.php?dir=Notificaciones/RESOLUCIONES%202023/&order=desc&sort=name HTTP/1.1" 200 34512
186.155.84.180 - - [03/Nov/2023:09:37:54 -0500] "POST /sipse/faces/presentacion/financiero/solicitudProceso/consultar.xhtml HTTP/1.1" 200 12608
152.203.208.0 - - [03/Nov/2023:09:37:56 -0500] "POST /sipse/faces/autenticacion.xhtml HTTP/1.1" 200 2217
152.203.208.0 - - [03/Nov/2023:09:37:56 -0500] "GET /sipse/faces/javax.faces.resource/messages/messages.png?ln=primefaces&v=4.0 HTTP/1.1" 304 -
52.247.107.156 - - [03/Nov/2023:09:37:35 -0500] "GET /Publicaciones/SSFFS-12222-2023.zip HTTP/1.1" 200 19409662
152.203.208.0 - - [03/Nov/2023:09:37:59 -0500] "POST /sipse/faces/autenticacion.xhtml HTTP/1.1" 200 16345
152.203.208.0 - - [03/Nov/2023:09:37:59 -0500] "GET /sipse/css/custom_css_sg_prime.css HTTP/1.1" 200 5201
152.203.208.0 - - [03/Nov/2023:09:37:59 -0500] "GET /sipse/faces/javax.faces.resource/theme.css?ln=primefaces-sipse HTTP/1.1" 304 -
152.203.208.0 - - [03/Nov/2023:09:37:59 -0500] "GET /sipse/faces/javax.faces.resource/primefaces.css?ln=primefaces&v=4.0 HTTP/1.1" 304 -
152.203.208.0 - - [03/Nov/2023:09:37:59 -0500] "GET /sipse/faces/javax.faces.resource/layout/layout.css?ln=primefaces&v=4.0 HTTP/1.1" 304 -
44.230.252.91 - - [03/Nov/2023:09:37:59 -0500] "GET /BLA/resoluciones/index.php?dir=Notificaciones/&order=asc&sort=name HTTP/1.1" 200 11650
152.203.208.0 - - [03/Nov/2023:09:37:59 -0500] "GET /sipse/js/jquery.min.js HTTP/1.1" 200 85582
152.203.208.0 - - [03/Nov/2023:09:37:59 -0500] "GET /sipse/faces/javax.faces.resource/jquery/jquery.js?ln=primefaces&v=4.0 HTTP/1.1" 304 -
152.203.208.0 - - [03/Nov/2023:09:37:59 -0500] "GET /sipse/faces/javax.faces.resource/jquery/jquery-plugins.js?ln=primefaces&v=4.0 HTTP/1.1" 304 -
152.203.208.0 - - [03/Nov/2023:09:37:59 -0500] "GET /sipse/faces/javax.faces.resource/primefaces.js?ln=primefaces&v=4.0 HTTP/1.1" 304 -
152.203.208.0 - - [03/Nov/2023:09:38:00 -0500] "GET /sipse/faces/javax.faces.resource/layout/layout.js?ln=primefaces&v=4.0 HTTP/1.1" 304 -
152.203.208.0 - - [03/Nov/2023:09:38:00 -0500] "GET /sipse/css/v_mergente.css HTTP/1.1" 200 1505
152.203.208.0 - - [03/Nov/2023:09:38:00 -0500] "GET /sipse/css/imagen/contrasena.png HTTP/1.1" 404 383
152.203.208.0 - - [03/Nov/2023:09:38:00 -0500] "GET /sipse/imagenes/logoAplicacion.jpg HTTP/1.1" 200 155084
152.203.208.0 - - [03/Nov/2023:09:38:00 -0500] "GET /sipse/imagenes/cargando.gif HTTP/1.1" 200 36959
44.230.252.91 - - [03/Nov/2023:09:38:01 -0500] "GET /BLA/resoluciones/index.php?dir=Notificaciones/&order=desc&sort=date HTTP/1.1" 200 11649
152.203.208.0 - - [03/Nov/2023:09:38:01 -0500] "GET /sipse/faces/javax.faces.resource/images/ui-bg_flat_0_2d5972_40x100.png?ln=primefaces-aristo HTTP/1.1" 304 -
152.203.208.0 - - [03/Nov/2023:09:38:01 -0500] "POST /sipse/faces/bienvenido.xhtml HTTP/1.1" 200 2658
186.155.84.180 - - [03/Nov/2023:09:38:02 -0500] "POST /sipse/faces/presentacion/financiero/solicitudProceso/consultar.xhtml HTTP/1.1" 200 123873
186.155.84.180 - - [03/Nov/2023:09:38:03 -0500] "GET /sipse/faces/javax.faces.resource/theme.css?ln=primefaces-sipse HTTP/1.1" 304 -
186.155.84.180 - - [03/Nov/2023:09:38:03 -0500] "GET /sipse/faces/javax.faces.resource/primefaces.css?ln=primefaces&v=4.0 HTTP/1.1" 304 -
186.155.84.180 - - [03/Nov/2023:09:38:03 -0500] "GET /sipse/faces/javax.faces.resource/layout/layout.css?ln=primefaces&v=4.0 HTTP/1.1" 304 -
186.155.84.180 - - [03/Nov/2023:09:38:03 -0500] "GET /sipse/faces/javax.faces.resource/jquery/jquery.js?ln=primefaces&v=4.0 HTTP/1.1" 304 -
186.155.84.180 - - [03/Nov/2023:09:38:03 -0500] "GET /sipse/faces/javax.faces.resource/jquery/jquery-plugins.js?ln=primefaces&v=4.0 HTTP/1.1" 304 -
186.155.84.180 - - [03/Nov/2023:09:38:03 -0500] "GET /sipse/faces/javax.faces.resource/primefaces.js?ln=primefaces&v=4.0 HTTP/1.1" 304 -
186.155.84.180 - - [03/Nov/2023:09:38:03 -0500] "GET /sipse/faces/javax.faces.resource/layout/layout.js?ln=primefaces&v=4.0 HTTP/1.1" 304 -
201.245.192.253 - - [03/Nov/2023:09:38:06 -0500] "POST /forms/lservlet;jsessionid=ac16012b30d67398b24510264f55a2d4c5826150a17a.e3iSbxaKaheRe3eRa38MahaQbi1ynknvrkLOlQzNp65In0 HTTP/1.1" 200 2
152.203.208.0 - - [03/Nov/2023:09:38:04 -0500] "POST /sipse/faces/bienvenido.xhtml HTTP/1.1" 200 64196
152.203.208.0 - - [03/Nov/2023:09:38:11 -0500] "GET /sipse/faces/javax.faces.resource/theme.css?ln=primefaces-sipse HTTP/1.1" 304 -
152.203.208.0 - - [03/Nov/2023:09:38:11 -0500] "GET /sipse/faces/javax.faces.resource/primefaces.css?ln=primefaces&v=4.0 HTTP/1.1" 304 -
152.203.208.0 - - [03/Nov/2023:09:38:11 -0500] "GET /sipse/faces/javax.faces.resource/layout/layout.css?ln=primefaces&v=4.0 HTTP/1.1" 304 -
152.203.208.0 - - [03/Nov/2023:09:38:11 -0500] "GET /sipse/faces/javax.faces.resource/jquery/jquery.js?ln=primefaces&v=4.0 HTTP/1.1" 304 -
152.203.208.0 - - [03/Nov/2023:09:38:11 -0500] "GET /sipse/faces/javax.faces.resource/jquery/jquery-plugins.js?ln=primefaces&v=4.0 HTTP/1.1" 304 -
152.203.208.0 - - [03/Nov/2023:09:38:11 -0500] "GET /sipse/faces/javax.faces.resource/primefaces.js?ln=primefaces&v=4.0 HTTP/1.1" 304 -
152.203.208.0 - - [03/Nov/2023:09:38:11 -0500] "GET /sipse/faces/javax.faces.resource/layout/layout.js?ln=primefaces&v=4.0 HTTP/1.1" 304 -
52.25.208.208 - - [03/Nov/2023:09:38:12 -0500] "GET /BLA/resoluciones/index.php?dir=Notificaciones/&order=desc&sort=size HTTP/1.1" 200 11649
186.86.33.245 - - [03/Nov/2023:09:38:13 -0500] "POST /sipse/faces/presentacion/financiero/solicitudProceso/listarSolicitudProceso.xhtml HTTP/1.1" 200 151404
186.86.33.245 - - [03/Nov/2023:09:38:14 -0500] "GET /sipse/faces/javax.faces.resource/jquery/jquery.js?ln=primefaces&v=4.0 HTTP/1.1" 304 -
186.86.33.245 - - [03/Nov/2023:09:38:14 -0500] "GET /sipse/faces/javax.faces.resource/jquery/jquery-plugins.js?ln=primefaces&v=4.0 HTTP/1.1" 304 -
152.203.208.0 - - [03/Nov/2023:09:38:12 -0500] "POST /sipse/faces/presentacion/financiero/solicitudProceso/listarSolicitudProceso.xhtml HTTP/1.1" 200 1548
186.86.33.245 - - [03/Nov/2023:09:38:15 -0500] "GET /sipse/faces/javax.faces.resource/primefaces.js?ln=primefaces&v=4.0 HTTP/1.1" 304 -
186.86.33.245 - - [03/Nov/2023:09:38:15 -0500] "GET /sipse/faces/javax.faces.resource/layout/layout.js?ln=primefaces&v=4.0 HTTP/1.1" 304 -
152.203.208.0 - - [03/Nov/2023:09:38:15 -0500] "POST /sipse/faces/presentacion/financiero/solicitudProceso/listarSolicitudProceso.xhtml HTTP/1.1" 200 2857
52.247.107.156 - - [03/Nov/2023:09:37:57 -0500] "GET /Publicaciones/SSFFS-12228-2023.zip HTTP/1.1" 200 16672997
152.203.208.0 - - [03/Nov/2023:09:38:18 -0500] "POST /sipse/faces/presentacion/financiero/solicitudProceso/listarSolicitudProceso.xhtml HTTP/1.1" 200 40730
152.203.208.0 - - [03/Nov/2023:09:38:18 -0500] "GET /sipse/faces/javax.faces.resource/primefaces.css?ln=primefaces&v=4.0 HTTP/1.1" 304 -
152.203.208.0 - - [03/Nov/2023:09:38:18 -0500] "GET /sipse/faces/javax.faces.resource/layout/layout.css?ln=primefaces&v=4.0 HTTP/1.1" 304 -
152.203.208.0 - - [03/Nov/2023:09:38:18 -0500] "GET /sipse/faces/javax.faces.resource/theme.css?ln=primefaces-sipse HTTP/1.1" 304 -
152.203.208.0 - - [03/Nov/2023:09:38:18 -0500] "GET /sipse/faces/javax.faces.resource/jquery/jquery.js?ln=primefaces&v=4.0 HTTP/1.1" 304 -
152.203.208.0 - - [03/Nov/2023:09:38:18 -0500] "GET /sipse/faces/javax.faces.resource/jquery/jquery-plugins.js?ln=primefaces&v=4.0 HTTP/1.1" 304 -
152.203.208.0 - - [03/Nov/2023:09:38:18 -0500] "GET /sipse/faces/javax.faces.resource/primefaces.js?ln=primefaces&v=4.0 HTTP/1.1" 304 -
152.203.208.0 - - [03/Nov/2023:09:38:18 -0500] "GET /sipse/faces/javax.faces.resource/layout/layout.js?ln=primefaces&v=4.0 HTTP/1.1" 304 -
152.203.208.0 - - [03/Nov/2023:09:38:18 -0500] "POST /sipse/faces/presentacion/financiero/solicitudProceso/consultar.xhtml HTTP/1.1" 200 34137
52.247.107.156 - - [03/Nov/2023:09:38:18 -0500] "GET /Publicaciones/SSFFS-12229-2023.zip HTTP/1.1" 200 1423511
152.203.208.0 - - [03/Nov/2023:09:38:24 -0500] "POST /sipse/faces/presentacion/financiero/solicitudProceso/consultar.xhtml HTTP/1.1" 200 12761
100.21.24.205 - - [03/Nov/2023:09:38:27 -0500] "GET /BLA/resoluciones/index.php?dir=RESOLUCIONES%201992/&order=desc&sort=size HTTP/1.1" 200 2870
172.22.2.4 - - [03/Nov/2023:09:36:50 -0500] "HEAD /BLA/boletinlegal/ HTTP/1.1" 200 -
186.155.84.180 - - [03/Nov/2023:09:38:33 -0500] "POST /sipse/faces/presentacion/financiero/solicitudProceso/consultarSolicitudProceso.xhtml HTTP/1.1" 200 2508159
44.230.252.91 - - [03/Nov/2023:09:38:40 -0500] "GET /BLA/resoluciones/index.php?dir=RESOLUCIONES%201993/&order=asc&sort=name HTTP/1.1" 200 2879
52.247.107.156 - - [03/Nov/2023:09:38:20 -0500] "GET /Publicaciones/SSFFS-12231-2023.zip HTTP/1.1" 200 18398487
100.21.24.205 - - [03/Nov/2023:09:38:45 -0500] "GET /BLA/resoluciones/index.php?dir=RESOLUCIONES%201993/&order=desc&sort=date HTTP/1.1" 200 2878
152.203.208.0 - - [03/Nov/2023:09:38:45 -0500] "POST /sipse/faces/presentacion/financiero/solicitudProceso/consultar.xhtml HTTP/1.1" 200 65369
152.203.208.0 - - [03/Nov/2023:09:38:46 -0500] "GET /sipse/faces/javax.faces.resource/primefaces.css?ln=primefaces&v=4.0 HTTP/1.1" 304 -
152.203.208.0 - - [03/Nov/2023:09:38:46 -0500] "GET /sipse/faces/javax.faces.resource/theme.css?ln=primefaces-sipse HTTP/1.1" 304 -
152.203.208.0 - - [03/Nov/2023:09:38:46 -0500] "GET /sipse/faces/javax.faces.resource/layout/layout.css?ln=primefaces&v=4.0 HTTP/1.1" 304 -
152.203.208.0 - - [03/Nov/2023:09:38:46 -0500] "GET /sipse/faces/javax.faces.resource/jquery/jquery.js?ln=primefaces&v=4.0 HTTP/1.1" 304 -
152.203.208.0 - - [03/Nov/2023:09:38:46 -0500] "GET /sipse/faces/javax.faces.resource/jquery/jquery-plugins.js?ln=primefaces&v=4.0 HTTP/1.1" 304 -
152.203.208.0 - - [03/Nov/2023:09:38:46 -0500] "GET /sipse/faces/javax.faces.resource/primefaces.js?ln=primefaces&v=4.0 HTTP/1.1" 304 -
152.203.208.0 - - [03/Nov/2023:09:38:46 -0500] "GET /sipse/faces/javax.faces.resource/layout/layout.js?ln=primefaces&v=4.0 HTTP/1.1" 304 -
152.203.208.0 - - [03/Nov/2023:09:38:46 -0500] "POST /sipse/faces/presentacion/financiero/solicitudProceso/listarSolicitudProceso.xhtml HTTP/1.1" 200 58750
152.203.208.0 - - [03/Nov/2023:09:38:47 -0500] "POST /sipse/faces/presentacion/financiero/solicitudProceso/listarSolicitudProceso.xhtml HTTP/1.1" 200 58750
100.21.24.205 - - [03/Nov/2023:09:38:50 -0500] "GET /BLA/resoluciones/index.php?dir=RESOLUCIONES%201993/&order=desc&sort=size HTTP/1.1" 200 2878
152.203.208.0 - - [03/Nov/2023:09:38:48 -0500] "POST /sipse/faces/presentacion/financiero/solicitudProceso/listarSolicitudProceso.xhtml HTTP/1.1" 200 1548
152.203.208.0 - - [03/Nov/2023:09:38:51 -0500] "POST /sipse/faces/presentacion/financiero/solicitudProceso/listarSolicitudProceso.xhtml HTTP/1.1" 200 1560
52.25.208.208 - - [03/Nov/2023:09:38:55 -0500] "GET /BLA/resoluciones/index.php?dir=RESOLUCIONES%201994/&order=asc&sort=name HTTP/1.1" 200 2479
152.203.208.0 - - [03/Nov/2023:09:38:54 -0500] "POST /sipse/faces/presentacion/financiero/solicitudProceso/listarSolicitudProceso.xhtml HTTP/1.1" 200 1556
152.203.208.0 - - [03/Nov/2023:09:39:01 -0500] "POST /sipse/faces/presentacion/financiero/solicitudProceso/listarSolicitudProceso.xhtml HTTP/1.1" 200 20150
186.86.33.245 - - [03/Nov/2023:09:39:03 -0500] "POST /sipse/faces/presentacion/financiero/solicitudProceso/consultarSolicitudProceso.xhtml HTTP/1.1" 200 19317
186.86.33.245 - - [03/Nov/2023:09:39:03 -0500] "GET /sipse/faces/javax.faces.resource/theme.css?ln=primefaces-sipse HTTP/1.1" 304 -
186.86.33.245 - - [03/Nov/2023:09:39:03 -0500] "GET /sipse/faces/javax.faces.resource/layout/layout.css?ln=primefaces&v=4.0 HTTP/1.1" 304 -
186.86.33.245 - - [03/Nov/2023:09:39:03 -0500] "GET /sipse/faces/javax.faces.resource/jquery/jquery.js?ln=primefaces&v=4.0 HTTP/1.1" 304 -
186.86.33.245 - - [03/Nov/2023:09:39:03 -0500] "GET /sipse/faces/javax.faces.resource/primefaces.css?ln=primefaces&v=4.0 HTTP/1.1" 304 -
186.86.33.245 - - [03/Nov/2023:09:39:03 -0500] "GET /sipse/faces/javax.faces.resource/jquery/jquery-plugins.js?ln=primefaces&v=4.0 HTTP/1.1" 304 -
186.86.33.245 - - [03/Nov/2023:09:39:03 -0500] "GET /sipse/faces/javax.faces.resource/layout/layout.js?ln=primefaces&v=4.0 HTTP/1.1" 304 -
186.86.33.245 - - [03/Nov/2023:09:39:03 -0500] "GET /sipse/faces/javax.faces.resource/fileupload/fileupload.css?ln=primefaces&v=4.0 HTTP/1.1" 200 1330
186.86.33.245 - - [03/Nov/2023:09:39:03 -0500] "GET /sipse/faces/javax.faces.resource/fileupload/fileupload.js?ln=primefaces&v=4.0 HTTP/1.1" 304 -
186.86.33.245 - - [03/Nov/2023:09:39:03 -0500] "GET /sipse/faces/javax.faces.resource/primefaces.js?ln=primefaces&v=4.0 HTTP/1.1" 304 -
186.86.33.245 - - [03/Nov/2023:09:39:03 -0500] "GET /sipse/faces/javax.faces.resource/images/ui-icons_898989_256x240.png?ln=primefaces-aristo HTTP/1.1" 304 -
152.203.208.0 - - [03/Nov/2023:09:39:04 -0500] "POST /sipse/faces/presentacion/financiero/solicitudProceso/listarSolicitudProceso.xhtml HTTP/1.1" 200 43720
152.203.208.0 - - [03/Nov/2023:09:39:04 -0500] "GET /sipse/faces/javax.faces.resource/theme.css?ln=primefaces-sipse HTTP/1.1" 304 -
152.203.208.0 - - [03/Nov/2023:09:39:04 -0500] "GET /sipse/faces/javax.faces.resource/layout/layout.css?ln=primefaces&v=4.0 HTTP/1.1" 304 -
152.203.208.0 - - [03/Nov/2023:09:39:04 -0500] "GET /sipse/faces/javax.faces.resource/primefaces.css?ln=primefaces&v=4.0 HTTP/1.1" 304 -
152.203.208.0 - - [03/Nov/2023:09:39:04 -0500] "GET /sipse/faces/javax.faces.resource/jquery/jquery.js?ln=primefaces&v=4.0 HTTP/1.1" 304 -
152.203.208.0 - - [03/Nov/2023:09:39:04 -0500] "GET /sipse/faces/javax.faces.resource/jquery/jquery-plugins.js?ln=primefaces&v=4.0 HTTP/1.1" 304 -
152.203.208.0 - - [03/Nov/2023:09:39:04 -0500] "GET /sipse/faces/javax.faces.resource/primefaces.js?ln=primefaces&v=4.0 HTTP/1.1" 304 -
152.203.208.0 - - [03/Nov/2023:09:39:04 -0500] "GET /sipse/faces/javax.faces.resource/layout/layout.js?ln=primefaces&v=4.0 HTTP/1.1" 304 -
152.203.208.0 - - [03/Nov/2023:09:39:04 -0500] "POST /sipse/faces/presentacion/financiero/solicitudProceso/consultar.xhtml HTTP/1.1" 200 37127
186.80.57.120 - - [03/Nov/2023:09:39:05 -0500] "POST /sipse/faces/presentacion/sistema/reporte/ventanaVerReporteParametros.xhtml HTTP/1.1" 200 911
152.203.208.0 - - [03/Nov/2023:09:39:05 -0500] "POST /sipse/faces/presentacion/financiero/solicitudProceso/consultar.xhtml HTTP/1.1" 200 37127
152.203.208.0 - - [03/Nov/2023:09:39:05 -0500] "POST /sipse/faces/presentacion/financiero/solicitudProceso/consultar.xhtml HTTP/1.1" 200 37127
100.21.24.205 - - [03/Nov/2023:09:39:06 -0500] "GET /BLA/resoluciones/index.php?dir=RESOLUCIONES%201994/&order=desc&sort=date HTTP/1.1" 200 2478
52.25.208.208 - - [03/Nov/2023:09:39:14 -0500] "GET /BLA/resoluciones/index.php?dir=RESOLUCIONES%201994/&order=desc&sort=size HTTP/1.1" 200 2478
40.77.167.50 - - [03/Nov/2023:09:39:17 -0500] "GET /BLA/resoluciones/AUTOS%202021/1706.pdf HTTP/1.1" 304 -
152.203.208.0 - - [03/Nov/2023:09:39:17 -0500] "POST /sipse/faces/presentacion/financiero/solicitudProceso/consultar.xhtml HTTP/1.1" 200 12873
172.22.2.4 - - [03/Nov/2023:09:37:41 -0500] "GET /BLA/boletinlegal/ HTTP/1.1" 200 58644
52.25.208.208 - - [03/Nov/2023:09:39:23 -0500] "GET /BLA/resoluciones/index.php?dir=RESOLUCIONES%201995/&order=asc&sort=name HTTP/1.1" 200 12497
152.203.208.0 - - [03/Nov/2023:09:39:23 -0500] "POST /sipse/faces/presentacion/financiero/solicitudProceso/consultar.xhtml HTTP/1.1" 200 142441
152.203.208.0 - - [03/Nov/2023:09:39:25 -0500] "GET /sipse/faces/javax.faces.resource/theme.css?ln=primefaces-sipse HTTP/1.1" 304 -
152.203.208.0 - - [03/Nov/2023:09:39:25 -0500] "GET /sipse/faces/javax.faces.resource/primefaces.css?ln=primefaces&v=4.0 HTTP/1.1" 304 -
152.203.208.0 - - [03/Nov/2023:09:39:25 -0500] "GET /sipse/faces/javax.faces.resource/jquery/jquery.js?ln=primefaces&v=4.0 HTTP/1.1" 304 -
152.203.208.0 - - [03/Nov/2023:09:39:25 -0500] "GET /sipse/faces/javax.faces.resource/layout/layout.css?ln=primefaces&v=4.0 HTTP/1.1" 304 -
152.203.208.0 - - [03/Nov/2023:09:39:26 -0500] "GET /sipse/faces/javax.faces.resource/jquery/jquery-plugins.js?ln=primefaces&v=4.0 HTTP/1.1" 304 -
152.203.208.0 - - [03/Nov/2023:09:39:26 -0500] "GET /sipse/faces/javax.faces.resource/primefaces.js?ln=primefaces&v=4.0 HTTP/1.1" 304 -
152.203.208.0 - - [03/Nov/2023:09:39:26 -0500] "GET /sipse/faces/javax.faces.resource/layout/layout.js?ln=primefaces&v=4.0 HTTP/1.1" 304 -
52.25.208.208 - - [03/Nov/2023:09:39:36 -0500] "GET /BLA/resoluciones/index.php?dir=RESOLUCIONES%201995/&order=desc&sort=date HTTP/1.1" 200 12496
44.230.252.91 - - [03/Nov/2023:09:39:38 -0500] "GET /BLA/resoluciones/index.php?dir=RESOLUCIONES%201995/&order=desc&sort=size HTTP/1.1" 200 12496
201.245.192.253 - - [03/Nov/2023:09:39:39 -0500] "POST /forms/lservlet;jsessionid=ac16012b30d6b14c8f46b725431e8887c639ff4d95f3.e3iSbxaKaheRe3eRa38MahaQbi1ynknvrkLOlQzNp65In0 HTTP/1.1" 200 2
44.231.202.44 - - [03/Nov/2023:09:39:41 -0500] "GET /BLA/resoluciones/index.php?dir=RESOLUCIONES%202004/RES%202004%202101-2150/&order=asc&sort=date HTTP/1.1" 200 12359
172.22.2.4 - - [03/Nov/2023:09:39:53 -0500] "GET /BLA/boletinlegal/robots.txt HTTP/1.1" 404 1038
44.230.252.91 - - [03/Nov/2023:09:39:54 -0500] "GET /BLA/resoluciones/index.php?dir=RESOLUCIONES%201996/&order=asc&sort=date HTTP/1.1" 200 9137
204.199.94.87 - - [03/Nov/2023:09:40:03 -0500] "GET /BLA/resoluciones/index.php?dir=AUTOS+2014%2F HTTP/1.1" 200 890851
186.86.33.245 - - [03/Nov/2023:09:40:04 -0500] "GET /sipse/faces/javax.faces.resource/theme.css?ln=primefaces-sipse HTTP/1.1" 304 -
186.86.33.245 - - [03/Nov/2023:09:40:05 -0500] "GET /sipse/faces/javax.faces.resource/primefaces.css?ln=primefaces&v=4.0 HTTP/1.1" 304 -
186.86.33.245 - - [03/Nov/2023:09:40:05 -0500] "GET /sipse/faces/javax.faces.resource/layout/layout.css?ln=primefaces&v=4.0 HTTP/1.1" 304 -
186.86.33.245 - - [03/Nov/2023:09:40:05 -0500] "GET /sipse/faces/javax.faces.resource/primefaces.js?ln=primefaces&v=4.0 HTTP/1.1" 304 -
186.86.33.245 - - [03/Nov/2023:09:40:05 -0500] "GET /sipse/faces/javax.faces.resource/jquery/jquery-plugins.js?ln=primefaces&v=4.0 HTTP/1.1" 304 -
186.86.33.245 - - [03/Nov/2023:09:40:05 -0500] "GET /sipse/faces/javax.faces.resource/jquery/jquery.js?ln=primefaces&v=4.0 HTTP/1.1" 304 -
186.86.33.245 - - [03/Nov/2023:09:40:05 -0500] "GET /sipse/faces/javax.faces.resource/layout/layout.js?ln=primefaces&v=4.0 HTTP/1.1" 304 -
186.86.33.245 - - [03/Nov/2023:09:40:05 -0500] "GET /sipse/faces/javax.faces.resource/images/ui-icons_898989_256x240.png?ln=primefaces-aristo HTTP/1.1" 304 -
186.86.33.245 - - [03/Nov/2023:09:40:04 -0500] "POST /sipse/faces/presentacion/sistema/anexos/cargarAnexoSolicitudProceso.xhtml HTTP/1.1" 200 198508
201.245.192.253 - - [03/Nov/2023:09:40:06 -0500] "POST /forms/lservlet;jsessionid=ac16012b30d67398b24510264f55a2d4c5826150a17a.e3iSbxaKaheRe3eRa38MahaQbi1ynknvrkLOlQzNp65In0 HTTP/1.1" 200 2
44.230.252.91 - - [03/Nov/2023:09:40:07 -0500] "GET /BLA/resoluciones/index.php?dir=Notificaciones/RESOLUCIONES%202023/ HTTP/1.1" 200 34513
100.21.24.205 - - [03/Nov/2023:09:40:08 -0500] "GET /BLA/resoluciones/index.php?dir=Notificaciones/RESOLUCIONES%202023/ HTTP/1.1" 200 34513
186.86.33.245 - - [03/Nov/2023:09:40:13 -0500] "GET /sipse/faces/javax.faces.resource/images/ui-bg_flat_0_2d5972_40x100.png?ln=primefaces-aristo HTTP/1.1" 304 -
186.86.33.245 - - [03/Nov/2023:09:40:13 -0500] "POST /sipse/faces/presentacion/financiero/solicitudProceso/consultarSolicitudProceso.xhtml HTTP/1.1" 200 50573
186.86.33.245 - - [03/Nov/2023:09:40:15 -0500] "GET /sipse/faces/javax.faces.resource/jquery/jquery.js?ln=primefaces&v=4.0 HTTP/1.1" 304 -
186.86.33.245 - - [03/Nov/2023:09:40:15 -0500] "GET /sipse/faces/javax.faces.resource/jquery/jquery-plugins.js?ln=primefaces&v=4.0 HTTP/1.1" 304 -
186.86.33.245 - - [03/Nov/2023:09:40:15 -0500] "GET /sipse/faces/javax.faces.resource/primefaces.js?ln=primefaces&v=4.0 HTTP/1.1" 304 -
186.86.33.245 - - [03/Nov/2023:09:40:15 -0500] "GET /sipse/faces/javax.faces.resource/layout/layout.js?ln=primefaces&v=4.0 HTTP/1.1" 304 -
186.86.33.245 - - [03/Nov/2023:09:40:15 -0500] "GET /sipse/faces/javax.faces.resource/messages/messages.png?ln=primefaces&v=4.0 HTTP/1.1" 304 -
186.86.33.245 - - [03/Nov/2023:09:40:16 -0500] "POST /sipse/faces/presentacion/financiero/solicitudProceso/listarSolicitudProceso.xhtml HTTP/1.1" 200 1488
44.230.252.91 - - [03/Nov/2023:09:40:17 -0500] "GET /BLA/resoluciones/index.php?dir=Notificaciones/RESOLUCIONES%202023/&order=asc&sort=date HTTP/1.1" 200 34513
100.21.24.205 - - [03/Nov/2023:09:40:20 -0500] "GET /BLA/resoluciones/index.php?dir=Notificaciones/RESOLUCIONES%202023/&order=asc&sort=name HTTP/1.1" 200 34513
186.29.165.62 - - [03/Nov/2023:09:40:19 -0500] "GET /BLA/resoluciones/index.php?dir=RESOLUCIONES+2014%2F HTTP/1.1" 200 334189
186.86.33.245 - - [03/Nov/2023:09:40:26 -0500] "POST /sipse/faces/presentacion/financiero/solicitudProceso/listarSolicitudProceso.xhtml HTTP/1.1" 200 43471
186.86.33.245 - - [03/Nov/2023:09:40:27 -0500] "POST /sipse/faces/presentacion/financiero/solicitudProceso/listarSolicitudProceso.xhtml HTTP/1.1" 200 43471
186.86.33.245 - - [03/Nov/2023:09:40:27 -0500] "POST /sipse/faces/presentacion/financiero/solicitudProceso/listarSolicitudProceso.xhtml HTTP/1.1" 200 1488
186.86.33.245 - - [03/Nov/2023:09:40:27 -0500] "POST /sipse/faces/presentacion/financiero/solicitudProceso/listarSolicitudProceso.xhtml HTTP/1.1" 200 1500
186.86.33.245 - - [03/Nov/2023:09:40:29 -0500] "POST /sipse/faces/presentacion/financiero/solicitudProceso/listarSolicitudProceso.xhtml HTTP/1.1" 200 43471
186.86.33.245 - - [03/Nov/2023:09:40:29 -0500] "POST /sipse/faces/presentacion/financiero/solicitudProceso/listarSolicitudProceso.xhtml HTTP/1.1" 200 43471
186.86.33.245 - - [03/Nov/2023:09:40:30 -0500] "POST /sipse/faces/presentacion/financiero/solicitudProceso/listarSolicitudProceso.xhtml HTTP/1.1" 200 1488
186.86.33.245 - - [03/Nov/2023:09:40:30 -0500] "POST /sipse/faces/presentacion/financiero/solicitudProceso/listarSolicitudProceso.xhtml HTTP/1.1" 200 1500
52.25.208.208 - - [03/Nov/2023:09:40:30 -0500] "GET /BLA/resoluciones/index.php?dir=Notificaciones/RESOLUCIONES%202023/&order=asc&sort=size HTTP/1.1" 200 34513
100.21.24.205 - - [03/Nov/2023:09:40:32 -0500] "GET /BLA/resoluciones/index.php?dir=RESOLUCIONES%201996/&order=asc&sort=size HTTP/1.1" 200 9137
201.245.192.253 - - [03/Nov/2023:09:40:32 -0500] "POST /kwsrmcab/Wsrmcab HTTP/1.1" 200 41096
201.245.192.253 - - [03/Nov/2023:09:40:35 -0500] "POST /kwsrmcab/Wsrmcab  HTTP/1.1" 200 42686
201.245.192.253 - - [03/Nov/2023:09:40:35 -0500] "POST /kwsrmcab/Wsrmcab HTTP/1.1" 200 39066
44.230.252.91 - - [03/Nov/2023:09:40:41 -0500] "GET /BLA/resoluciones/index.php?dir=RESOLUCIONES%201996/&order=desc&sort=name HTTP/1.1" 200 9136
100.21.24.205 - - [03/Nov/2023:09:40:51 -0500] "GET /BLA/resoluciones/index.php?dir=RESOLUCIONES%201997/&order=asc&sort=date HTTP/1.1" 200 17831
216.245.221.92 - - [03/Nov/2023:09:40:52 -0500] "HEAD / HTTP/1.1" 200 -
100.21.24.205 - - [03/Nov/2023:09:40:54 -0500] "GET /BLA/resoluciones/index.php?dir=RESOLUCIONES%201997/&order=asc&sort=name HTTP/1.1" 200 17831
66.249.73.38 - - [03/Nov/2023:09:40:59 -0500] "GET /BLA/resoluciones/Notificaciones/AUTOS%202023/2276.pdf HTTP/1.1" 304 -
186.86.33.245 - - [03/Nov/2023:09:41:00 -0500] "GET /sipse/faces/index.xhtml HTTP/1.1" 200 677
186.86.33.245 - - [03/Nov/2023:09:41:00 -0500] "GET /sipse/faces/javax.faces.resource/theme.css?ln=primefaces-sipse HTTP/1.1" 304 -
186.86.33.245 - - [03/Nov/2023:09:41:01 -0500] "GET /sipse/faces/faces/autenticacion.xhtml HTTP/1.1" 200 12413
186.86.33.245 - - [03/Nov/2023:09:41:01 -0500] "GET /sipse/faces/javax.faces.resource/theme.css?ln=primefaces-sipse HTTP/1.1" 304 -
186.86.33.245 - - [03/Nov/2023:09:41:01 -0500] "GET /sipse/faces/javax.faces.resource/primefaces.css?ln=primefaces&v=4.0 HTTP/1.1" 304 -
186.86.33.245 - - [03/Nov/2023:09:41:01 -0500] "GET /sipse/faces/javax.faces.resource/jquery/jquery-plugins.js?ln=primefaces&v=4.0 HTTP/1.1" 304 -
186.86.33.245 - - [03/Nov/2023:09:41:01 -0500] "GET /sipse/faces/javax.faces.resource/primefaces.js?ln=primefaces&v=4.0 HTTP/1.1" 304 -
186.86.33.245 - - [03/Nov/2023:09:41:01 -0500] "GET /sipse/faces/javax.faces.resource/layout/layout.js?ln=primefaces&v=4.0 HTTP/1.1" 304 -
186.86.33.245 - - [03/Nov/2023:09:41:01 -0500] "GET /sipse/faces/javax.faces.resource/layout/layout.css?ln=primefaces&v=4.0 HTTP/1.1" 304 -
186.86.33.245 - - [03/Nov/2023:09:41:01 -0500] "GET /sipse/faces/javax.faces.resource/jquery/jquery.js?ln=primefaces&v=4.0 HTTP/1.1" 304 -
186.86.33.245 - - [03/Nov/2023:09:41:01 -0500] "GET /sipse/faces/javax.faces.resource/images/ui-icons_898989_256x240.png?ln=primefaces-aristo HTTP/1.1" 304 -
44.230.252.91 - - [03/Nov/2023:09:41:01 -0500] "GET /BLA/resoluciones/index.php?dir=RESOLUCIONES%201997/&order=asc&sort=size HTTP/1.1" 200 17831
186.86.33.245 - - [03/Nov/2023:09:41:03 -0500] "POST /sipse/faces/autenticacion.xhtml HTTP/1.1" 200 16199
186.86.33.245 - - [03/Nov/2023:09:41:03 -0500] "GET /sipse/faces/javax.faces.resource/jquery/jquery.js?ln=primefaces&v=4.0 HTTP/1.1" 304 -
186.86.33.245 - - [03/Nov/2023:09:41:03 -0500] "GET /sipse/faces/javax.faces.resource/jquery/jquery-plugins.js?ln=primefaces&v=4.0 HTTP/1.1" 304 -
186.86.33.245 - - [03/Nov/2023:09:41:03 -0500] "GET /sipse/faces/javax.faces.resource/primefaces.js?ln=primefaces&v=4.0 HTTP/1.1" 304 -
186.86.33.245 - - [03/Nov/2023:09:41:03 -0500] "GET /sipse/faces/javax.faces.resource/layout/layout.js?ln=primefaces&v=4.0 HTTP/1.1" 304 -
186.86.33.245 - - [03/Nov/2023:09:41:03 -0500] "GET /sipse/faces/javax.faces.resource/messages/messages.png?ln=primefaces&v=4.0 HTTP/1.1" 304 -
186.86.33.245 - - [03/Nov/2023:09:41:03 -0500] "GET /sipse/css/imagen/contrasena.png HTTP/1.1" 404 383
186.86.33.245 - - [03/Nov/2023:09:41:06 -0500] "GET /sipse/faces/javax.faces.resource/images/ui-bg_flat_0_2d5972_40x100.png?ln=primefaces-aristo HTTP/1.1" 304 -
186.86.33.245 - - [03/Nov/2023:09:41:06 -0500] "POST /sipse/faces/bienvenido.xhtml HTTP/1.1" 200 1471
186.86.33.245 - - [03/Nov/2023:09:41:06 -0500] "POST /sipse/faces/bienvenido.xhtml HTTP/1.1" 200 50080
186.86.33.245 - - [03/Nov/2023:09:41:07 -0500] "GET /sipse/faces/javax.faces.resource/jquery/jquery.js?ln=primefaces&v=4.0 HTTP/1.1" 304 -
186.86.33.245 - - [03/Nov/2023:09:41:07 -0500] "GET /sipse/faces/javax.faces.resource/jquery/jquery-plugins.js?ln=primefaces&v=4.0 HTTP/1.1" 304 -
186.86.33.245 - - [03/Nov/2023:09:41:07 -0500] "GET /sipse/faces/javax.faces.resource/primefaces.js?ln=primefaces&v=4.0 HTTP/1.1" 304 -
