201.245.192.253 - - [03/Nov/2023:10:00:34 -0500] "GET /sipse/faces/javax.faces.resource/primefaces.js?ln=primefaces&v=4.0 HTTP/1.1" 304 -
201.245.192.253 - - [03/Nov/2023:10:00:34 -0500] "GET /sipse/faces/javax.faces.resource/layout/layout.js?ln=primefaces&v=4.0 HTTP/1.1" 304 -
201.245.192.253 - - [03/Nov/2023:10:00:34 -0500] "GET /sipse/faces/javax.faces.resource/messages/messages.png?ln=primefaces&v=4.0 HTTP/1.1" 304 -
201.245.192.253 - - [03/Nov/2023:10:00:37 -0500] "POST /sipse/faces/presentacion/sistema/seguridad/seleccionRol.xhtml HTTP/1.1" 200 16388
201.245.192.253 - - [03/Nov/2023:10:00:38 -0500] "GET /sipse/faces/javax.faces.resource/jquery/jquery.js?ln=primefaces&v=4.0 HTTP/1.1" 304 -
201.245.192.253 - - [03/Nov/2023:10:00:38 -0500] "GET /sipse/faces/javax.faces.resource/jquery/jquery-plugins.js?ln=primefaces&v=4.0 HTTP/1.1" 304 -
201.245.192.253 - - [03/Nov/2023:10:00:38 -0500] "GET /sipse/faces/javax.faces.resource/primefaces.js?ln=primefaces&v=4.0 HTTP/1.1" 304 -
201.245.192.253 - - [03/Nov/2023:10:00:38 -0500] "GET /sipse/faces/javax.faces.resource/layout/layout.js?ln=primefaces&v=4.0 HTTP/1.1" 304 -
201.245.192.253 - - [03/Nov/2023:10:00:38 -0500] "GET /sipse/css/imagen/contrasena.png HTTP/1.1" 404 383
201.245.192.253 - - [03/Nov/2023:10:00:40 -0500] "GET /sipse/faces/javax.faces.resource/images/ui-bg_flat_0_2d5972_40x100.png?ln=primefaces-aristo HTTP/1.1" 304 -
201.245.192.253 - - [03/Nov/2023:10:00:40 -0500] "POST /sipse/faces/bienvenido.xhtml HTTP/1.1" 200 2658
100.21.24.205 - - [03/Nov/2023:10:00:41 -0500] "GET /BLA/resoluciones/index.php?dir=AUTOS%202006/AUTOS%202006%20501-600/&order=asc&sort=name HTTP/1.1" 200 21780
201.245.192.253 - - [03/Nov/2023:10:00:41 -0500] "POST /sipse/faces/bienvenido.xhtml HTTP/1.1" 200 62624
201.245.192.253 - - [03/Nov/2023:10:00:41 -0500] "GET /sipse/faces/javax.faces.resource/jquery/jquery.js?ln=primefaces&v=4.0 HTTP/1.1" 304 -
201.245.192.253 - - [03/Nov/2023:10:00:42 -0500] "GET /sipse/faces/javax.faces.resource/jquery/jquery-plugins.js?ln=primefaces&v=4.0 HTTP/1.1" 304 -
201.245.192.253 - - [03/Nov/2023:10:00:42 -0500] "GET /sipse/faces/javax.faces.resource/primefaces.js?ln=primefaces&v=4.0 HTTP/1.1" 304 -
201.245.192.253 - - [03/Nov/2023:10:00:42 -0500] "GET /sipse/faces/javax.faces.resource/layout/layout.js?ln=primefaces&v=4.0 HTTP/1.1" 304 -
201.245.192.253 - - [03/Nov/2023:10:00:42 -0500] "POST /sipse/faces/presentacion/financiero/solicitudProceso/listarSolicitudProceso.xhtml HTTP/1.1" 200 1548
216.245.221.92 - - [03/Nov/2023:10:00:52 -0500] "HEAD / HTTP/1.1" 200 -
52.25.208.208 - - [03/Nov/2023:10:00:54 -0500] "GET /BLA/resoluciones/index.php?dir=AUTOS%202006/AUTOS%202006%20501-600/&order=asc&sort=size HTTP/1.1" 200 21780
216.244.66.195 - - [03/Nov/2023:10:00:58 -0500] "GET /BLA/resoluciones/AUTOS%202011/1898.pdf HTTP/1.1" 200 137609
5.188.87.55 - - [03/Nov/2023:10:00:58 -0500] "GET / HTTP/1.1" 200 319
52.25.208.208 - - [03/Nov/2023:10:01:02 -0500] "GET /BLA/resoluciones/index.php?dir=AUTOS%202023/&order=desc&sort=name HTTP/1.1" 200 389498
186.86.33.245 - - [03/Nov/2023:10:01:09 -0500] "POST /sipse/faces/presentacion/financiero/solicitudProceso/consultarSolicitudProceso.xhtml HTTP/1.1" 200 50653
186.86.33.245 - - [03/Nov/2023:10:01:09 -0500] "GET /sipse/faces/javax.faces.resource/jquery/jquery.js?ln=primefaces&v=4.0 HTTP/1.1" 304 -
186.86.33.245 - - [03/Nov/2023:10:01:09 -0500] "GET /sipse/faces/javax.faces.resource/jquery/jquery-plugins.js?ln=primefaces&v=4.0 HTTP/1.1" 304 -
186.86.33.245 - - [03/Nov/2023:10:01:09 -0500] "GET /sipse/faces/javax.faces.resource/primefaces.js?ln=primefaces&v=4.0 HTTP/1.1" 304 -
186.86.33.245 - - [03/Nov/2023:10:01:09 -0500] "GET /sipse/faces/javax.faces.resource/layout/layout.js?ln=primefaces&v=4.0 HTTP/1.1" 304 -
186.86.33.245 - - [03/Nov/2023:10:01:10 -0500] "POST /sipse/faces/presentacion/financiero/solicitudProceso/listarSolicitudProceso.xhtml HTTP/1.1" 200 44044
186.86.33.245 - - [03/Nov/2023:10:01:10 -0500] "POST /sipse/faces/presentacion/financiero/solicitudProceso/listarSolicitudProceso.xhtml HTTP/1.1" 200 44044
186.86.33.245 - - [03/Nov/2023:10:01:10 -0500] "POST /sipse/faces/presentacion/financiero/solicitudProceso/listarSolicitudProceso.xhtml HTTP/1.1" 200 44044
186.86.33.245 - - [03/Nov/2023:10:01:11 -0500] "POST /sipse/faces/presentacion/financiero/solicitudProceso/listarSolicitudProceso.xhtml HTTP/1.1" 200 1488
186.86.33.245 - - [03/Nov/2023:10:01:11 -0500] "POST /sipse/faces/presentacion/financiero/solicitudProceso/listarSolicitudProceso.xhtml HTTP/1.1" 200 1500
186.86.33.245 - - [03/Nov/2023:10:01:11 -0500] "POST /sipse/faces/presentacion/financiero/solicitudProceso/listarSolicitudProceso.xhtml HTTP/1.1" 200 1492
186.86.33.245 - - [03/Nov/2023:10:01:11 -0500] "POST /sipse/faces/presentacion/financiero/solicitudProceso/listarSolicitudProceso.xhtml HTTP/1.1" 200 1500
52.25.208.208 - - [03/Nov/2023:10:01:11 -0500] "GET /BLA/resoluciones/index.php?dir=RESOLUCIONES%202004/RES%202004%201201-1250/ HTTP/1.1" 200 12361
201.245.192.253 - - [03/Nov/2023:10:01:13 -0500] "POST /sipse/faces/presentacion/financiero/solicitudProceso/listarSolicitudProceso.xhtml HTTP/1.1" 200 157018
201.245.192.253 - - [03/Nov/2023:10:01:14 -0500] "GET /sipse/faces/javax.faces.resource/jquery/jquery.js?ln=primefaces&v=4.0 HTTP/1.1" 304 -
201.245.192.253 - - [03/Nov/2023:10:01:14 -0500] "GET /sipse/faces/javax.faces.resource/jquery/jquery-plugins.js?ln=primefaces&v=4.0 HTTP/1.1" 304 -
201.245.192.253 - - [03/Nov/2023:10:01:14 -0500] "GET /sipse/faces/javax.faces.resource/primefaces.js?ln=primefaces&v=4.0 HTTP/1.1" 304 -
201.245.192.253 - - [03/Nov/2023:10:01:14 -0500] "GET /sipse/faces/javax.faces.resource/layout/layout.js?ln=primefaces&v=4.0 HTTP/1.1" 304 -
52.25.208.208 - - [03/Nov/2023:10:01:25 -0500] "GET /BLA/resoluciones/index.php?dir=RESOLUCIONES%202004/RES%202004%201251-1300/ HTTP/1.1" 200 12352
5.188.87.45 - - [03/Nov/2023:10:01:31 -0500] "GET / HTTP/1.1" 200 319
201.245.192.253 - - [03/Nov/2023:10:01:33 -0500] "POST /sipse/faces/presentacion/financiero/solicitudProceso/consultarSolicitudProceso.xhtml HTTP/1.1" 200 31409
201.245.192.253 - - [03/Nov/2023:10:01:33 -0500] "GET /sipse/faces/javax.faces.resource/jquery/jquery.js?ln=primefaces&v=4.0 HTTP/1.1" 304 -
201.245.192.253 - - [03/Nov/2023:10:01:33 -0500] "GET /sipse/faces/javax.faces.resource/jquery/jquery-plugins.js?ln=primefaces&v=4.0 HTTP/1.1" 304 -
201.245.192.253 - - [03/Nov/2023:10:01:33 -0500] "GET /sipse/faces/javax.faces.resource/primefaces.js?ln=primefaces&v=4.0 HTTP/1.1" 304 -
201.245.192.253 - - [03/Nov/2023:10:01:33 -0500] "GET /sipse/faces/javax.faces.resource/layout/layout.js?ln=primefaces&v=4.0 HTTP/1.1" 304 -
52.25.208.208 - - [03/Nov/2023:10:01:33 -0500] "GET /BLA/resoluciones/index.php?dir=RESOLUCIONES%202004/RES%202004%201301-1350/ HTTP/1.1" 200 12341
216.244.66.195 - - [03/Nov/2023:10:01:35 -0500] "GET /BLA/resoluciones/AUTOS%202011/1978.pdf HTTP/1.1" 200 308742
201.245.192.253 - - [03/Nov/2023:10:01:36 -0500] "POST /sipse/faces/presentacion/financiero/solicitudProceso/asignarContratacion.xhtml HTTP/1.1" 200 60151
201.245.192.253 - - [03/Nov/2023:10:01:38 -0500] "GET /sipse/faces/javax.faces.resource/jquery/jquery.js?ln=primefaces&v=4.0 HTTP/1.1" 304 -
201.245.192.253 - - [03/Nov/2023:10:01:38 -0500] "GET /sipse/faces/javax.faces.resource/jquery/jquery-plugins.js?ln=primefaces&v=4.0 HTTP/1.1" 304 -
201.245.192.253 - - [03/Nov/2023:10:01:38 -0500] "GET /sipse/faces/javax.faces.resource/primefaces.js?ln=primefaces&v=4.0 HTTP/1.1" 304 -
201.245.192.253 - - [03/Nov/2023:10:01:38 -0500] "GET /sipse/faces/javax.faces.resource/layout/layout.js?ln=primefaces&v=4.0 HTTP/1.1" 304 -
201.245.192.253 - - [03/Nov/2023:10:01:38 -0500] "POST /sipse/faces/presentacion/financiero/solicitudProceso/listarSolicitudProceso.xhtml HTTP/1.1" 200 1548
201.245.192.253 - - [03/Nov/2023:10:01:39 -0500] "POST /forms/lservlet;jsessionid=ac16012b30d6b14c8f46b725431e8887c639ff4d95f3.e3iSbxaKaheRe3eRa38MahaQbi1ynknvrkLOlQzNp65In0 HTTP/1.1" 200 2
100.21.24.205 - - [03/Nov/2023:10:01:42 -0500] "GET /BLA/resoluciones/index.php?dir=RESOLUCIONES%202004/RES%202004%201351-1400/ HTTP/1.1" 200 12359
201.245.192.253 - - [03/Nov/2023:10:01:42 -0500] "POST /sipse/faces/presentacion/financiero/solicitudProceso/listarSolicitudProceso.xhtml HTTP/1.1" 200 147866
201.245.192.253 - - [03/Nov/2023:10:01:43 -0500] "GET /sipse/faces/javax.faces.resource/jquery/jquery.js?ln=primefaces&v=4.0 HTTP/1.1" 304 -
201.245.192.253 - - [03/Nov/2023:10:01:43 -0500] "GET /sipse/faces/javax.faces.resource/jquery/jquery-plugins.js?ln=primefaces&v=4.0 HTTP/1.1" 304 -
201.245.192.253 - - [03/Nov/2023:10:01:43 -0500] "GET /sipse/faces/javax.faces.resource/primefaces.js?ln=primefaces&v=4.0 HTTP/1.1" 304 -
201.245.192.253 - - [03/Nov/2023:10:01:43 -0500] "GET /sipse/faces/javax.faces.resource/layout/layout.js?ln=primefaces&v=4.0 HTTP/1.1" 304 -
201.245.192.253 - - [03/Nov/2023:10:01:46 -0500] "POST /sipse/faces/presentacion/financiero/solicitudProceso/consultarSolicitudProceso.xhtml HTTP/1.1" 200 31474
201.245.192.253 - - [03/Nov/2023:10:01:47 -0500] "GET /sipse/faces/javax.faces.resource/jquery/jquery.js?ln=primefaces&v=4.0 HTTP/1.1" 304 -
201.245.192.253 - - [03/Nov/2023:10:01:47 -0500] "GET /sipse/faces/javax.faces.resource/jquery/jquery-plugins.js?ln=primefaces&v=4.0 HTTP/1.1" 304 -
201.245.192.253 - - [03/Nov/2023:10:01:47 -0500] "GET /sipse/faces/javax.faces.resource/primefaces.js?ln=primefaces&v=4.0 HTTP/1.1" 304 -
201.245.192.253 - - [03/Nov/2023:10:01:47 -0500] "GET /sipse/faces/javax.faces.resource/layout/layout.js?ln=primefaces&v=4.0 HTTP/1.1" 304 -
172.22.2.4 - - [03/Nov/2023:10:00:10 -0500] "HEAD /BLA/boletinlegal/ HTTP/1.1" 200 -
201.245.192.253 - - [03/Nov/2023:10:01:49 -0500] "POST /sipse/faces/presentacion/financiero/solicitudProceso/asignarContratacion.xhtml HTTP/1.1" 200 57229
201.245.192.253 - - [03/Nov/2023:10:01:52 -0500] "GET /sipse/faces/javax.faces.resource/jquery/jquery.js?ln=primefaces&v=4.0 HTTP/1.1" 304 -
201.245.192.253 - - [03/Nov/2023:10:01:52 -0500] "GET /sipse/faces/javax.faces.resource/jquery/jquery-plugins.js?ln=primefaces&v=4.0 HTTP/1.1" 304 -
201.245.192.253 - - [03/Nov/2023:10:01:52 -0500] "GET /sipse/faces/javax.faces.resource/primefaces.js?ln=primefaces&v=4.0 HTTP/1.1" 304 -
201.245.192.253 - - [03/Nov/2023:10:01:52 -0500] "GET /sipse/faces/javax.faces.resource/layout/layout.js?ln=primefaces&v=4.0 HTTP/1.1" 304 -
201.245.192.253 - - [03/Nov/2023:10:01:52 -0500] "POST /sipse/faces/presentacion/financiero/solicitudProceso/listarSolicitudProceso.xhtml HTTP/1.1" 200 1536
201.245.192.253 - - [03/Nov/2023:10:01:53 -0500] "POST /forms/lservlet;jsessionid=ac16012b30d6b14c8f46b725431e8887c639ff4d95f3.e3iSbxaKaheRe3eRa38MahaQbi1ynknvrkLOlQzNp65In0 HTTP/1.1" 200 1293
201.245.192.253 - - [03/Nov/2023:10:01:55 -0500] "POST /forms/lservlet;jsessionid=ac16012b30d6b14c8f46b725431e8887c639ff4d95f3.e3iSbxaKaheRe3eRa38MahaQbi1ynknvrkLOlQzNp65In0 HTTP/1.1" 200 24
44.230.252.91 - - [03/Nov/2023:10:01:56 -0500] "GET /BLA/resoluciones/index.php?dir=RESOLUCIONES%202003/RES%202003%20001-050/&order=asc&sort=date HTTP/1.1" 200 12161
201.245.192.253 - - [03/Nov/2023:10:01:58 -0500] "POST /sipse/faces/presentacion/financiero/solicitudProceso/listarSolicitudProceso.xhtml HTTP/1.1" 200 154968
201.245.192.253 - - [03/Nov/2023:10:01:59 -0500] "GET /sipse/faces/javax.faces.resource/jquery/jquery.js?ln=primefaces&v=4.0 HTTP/1.1" 304 -
201.245.192.253 - - [03/Nov/2023:10:01:59 -0500] "GET /sipse/faces/javax.faces.resource/jquery/jquery-plugins.js?ln=primefaces&v=4.0 HTTP/1.1" 304 -
201.245.192.253 - - [03/Nov/2023:10:01:59 -0500] "GET /sipse/faces/javax.faces.resource/primefaces.js?ln=primefaces&v=4.0 HTTP/1.1" 304 -
201.245.192.253 - - [03/Nov/2023:10:01:59 -0500] "GET /sipse/faces/javax.faces.resource/layout/layout.js?ln=primefaces&v=4.0 HTTP/1.1" 304 -
201.245.192.253 - - [03/Nov/2023:10:02:03 -0500] "POST /forms/lservlet;jsessionid=ac16012b30d6b14c8f46b725431e8887c639ff4d95f3.e3iSbxaKaheRe3eRa38MahaQbi1ynknvrkLOlQzNp65In0 HTTP/1.1" 200 2335
201.245.192.253 - - [03/Nov/2023:10:02:06 -0500] "POST /forms/lservlet;jsessionid=ac16012b30d67398b24510264f55a2d4c5826150a17a.e3iSbxaKaheRe3eRa38MahaQbi1ynknvrkLOlQzNp65In0 HTTP/1.1" 200 2
44.230.252.91 - - [03/Nov/2023:10:02:07 -0500] "GET /BLA/resoluciones/index.php?dir=RESOLUCIONES%202003/RES%202003%20001-050/&order=asc&sort=size HTTP/1.1" 200 12161
186.102.24.192 - - [03/Nov/2023:10:02:09 -0500] "GET /kwssiamovil/sm/ldap/au?x=U2FsdGVkX190r8yQR6IOWbMe93nPJKxVYEzloSpezyPR5e7Zmlb/0elDvZcVYsDX&y=U2FsdGVkX18M1/IZxJXquBBukEKcUxVgdKjHr1kDNbWYUY/moiMe7EXp5uNJ8DTu HTTP/1.1" 200 30
201.245.192.253 - - [03/Nov/2023:10:02:10 -0500] "POST /forms/lservlet;jsessionid=ac16012b30d6b14c8f46b725431e8887c639ff4d95f3.e3iSbxaKaheRe3eRa38MahaQbi1ynknvrkLOlQzNp65In0 HTTP/1.1" 200 7
186.102.24.192 - - [03/Nov/2023:10:02:13 -0500] "GET /kwssiamovil/sm/acme/s?s=U2FsdGVkX18rNPyeDwMF/443tcLTaHf8lJRDQYCDzqmPewyPesR5TbqwZsjlbLmj5rlhn3pNWazgIvLjq52DeXtQXw5v2DIuWVIrb5rt2Bg=&u=U2FsdGVkX1+LIdlvvX/6yljIECMK2AazdEBu69mnG77f6VNkKIFeFiFP8GSyApzN&y=U2FsdGVkX18M1/IZxJXquBBukEKcUxVgdKjHr1kDNbWYUY/moiMe7EXp5uNJ8DTu HTTP/1.1" 200 97
186.102.24.192 - - [03/Nov/2023:10:02:13 -0500] "GET /kwssiamovil/sm/acme/s?s=U2FsdGVkX19pBiarmTBVIWy5MyOd4ZUaJ12Y7TNtWMAKX76TvgHRFqaU+szrblkdfMznEXeIVgHSR6Cc0/0iuiBRT1bt6ERo+IuchNHkbMMXtXlGUVKwlRjtUXSPm8oKOKUv3pOvNgeeIrk/DPWbJL2MYL+EHtmC2BfihYgyC4rkkOeQNFGqrYkXvdwYoe0lN/5wXKprDLRMPiqu6+ptBm4G7IkuYhfUhZo4XH0SLEbAtfeheduaO7Nt63I20+1nhHO364sIVyNRh1RlAEBr7t+TA6VcY6h0b06FtOFh35cFtXDAyUVJiQ3aFskM3sRYeZC4+RgZzMbUj4Db/jeSPDJMB9Zbhex1HiJM9S220tUUS8LmZ7LY0C9Tuw2uBU4OoFUTTNT0k0RC3IRi3n3oFG1gjFfTYXIrw3vZ4nT4v9U/IYxtybprs18c77BC4Ke1DE420V1UIzs5GKRocenJbF8PPFgTFN0m6ABDihD1E6/+IgQMkcSPT1iBYhjyIO9olIIo8f0R8Nf5KGRWDRNcO5DQ7+TaLXDFlD+jNhr8Fid3ws4+duSkbSyzynJ2c/r801r/O52RTGxIIZdSUOTASpLFhKyNo5JWFV8hHjzTkj9c/sbObj5TEgsTMWk1l5W9OA0Y5JbgGdXqBCAgzS8hQw+/S+pJmNzqtBOgtyGhIGwLeLeWPMiX9ky5hH7lk+hdxWIe5dSqVuZ633K+NyQO3YS5sN/iWY6RJkEs63WJb1M6xar5ktQWG7q73oRaJ6uBzrDxf4RoyFKKvii/2TaatQ5kE6vNvRVCkyJBWqRHEpZSaes9lsSYCuZOAhBpCBf5yphg7QCsH2I90bB9iqgjEk/fmDeKrklmY0Yb/J83+qSbKNPVHpjVpmY+Hhpi1nrn90iyXB5g/dkNRc3G7J2ZD0v7aBeSOkrxWCrygWPVExBkFnSE5GYnumX3l0gclAJshPJJNtKdQAIF7swtOj8EE8Lr+caXBDIdu/0aHQJSlPU6bnQn0jrRXaK42ocF2NgYoagHt33Iv7ySZ8oFnPAmo5rcqgSD4jyKNw2UHlu6JHXVsiLmOhcLQKnQehnvhHlNjEQK+nnLiUbt9vLiRE/h+Y5+0UGl9EBuwRMEpRwgE3YphNf4+2qoyT8L0KnRHul5p9g5wSeL3kiz8fdnV9aNREaZPxc0tFgNjw7rfgUHvLw1+lbwo+wKKTq98NBdI8qWhH1RYGoYyWoh2sfKza0Oa/4O92DEjffgRUjhfQOaKUl27qizEUd+1K7lvDINTQk/twSDMO82YLq8/aCx/Yn/6LYfcqhkNWyESgypw77ax5R8BXm37JadjWI9yNGcbZxWVmiXZgHuk+pX73Q23jkqjcBxOb/MopdK59pyB+vsy5Hn28W5qhvCaB1vEKjdnS3i7D7qOeMjfxBjXYntR77ZhBHTje6jIWl+gfo6SkfGGSWu3GSWLDzb0LHA6nAjIwL5yXAB84i7wHD3KkYnPTV2LoQT4RUId2HYjt3xqsMSeM6v4xo8a5qhJX7dlsCt2LmPXEMlhpwcnOJfR4qr6aEbdD+eKOgbjlulFdayvTwT5i2FN0ae6Fphcfi0a3ZJHDUpZSqp5jbHKz7iYiJXUIjtROMmd+WvVcz+A68p+cqhGTTAG+BdrA/utbxbVMHYP4cNrruOOkfeDrP5wSEnOIg5Q8jOVHSOGEDjSzHHu0aW+AOcRPutAvByCFYYkGCAJ6Z3ugLHx5S0Dz2j0iKUvTq+SsyZtz2UhsY8OgoOZJvhy3DYa1S8AIeIYsnGG8JAtPH7&u=U2FsdGVkX1+LIdlvvX/6yljIECMK2AazdEBu69mnG77f6VNkKIFeFiFP8GSyApzN&y=U2FsdGVkX18M1/IZxJXquBBukEKcUxVgdKjHr1kDNbWYUY/moiMe7EXp5uNJ8DTu HTTP/1.1" 200 907
201.245.192.253 - - [03/Nov/2023:10:02:13 -0500] "POST /sipse/faces/presentacion/financiero/solicitudProceso/consultarSolicitudProceso.xhtml HTTP/1.1" 200 31474
201.245.192.253 - - [03/Nov/2023:10:02:13 -0500] "GET /sipse/faces/javax.faces.resource/jquery/jquery.js?ln=primefaces&v=4.0 HTTP/1.1" 304 -
201.245.192.253 - - [03/Nov/2023:10:02:13 -0500] "GET /sipse/faces/javax.faces.resource/jquery/jquery-plugins.js?ln=primefaces&v=4.0 HTTP/1.1" 304 -
186.102.24.192 - - [03/Nov/2023:10:02:13 -0500] "GET /kwssiamovil/sm/acme/s?s=U2FsdGVkX183QlXkxMb6bvbpOUC3tlLd1g3g8JAeRiHR5ww1+lUppUUZ32lhB+qcB2im1wVWxlaJ6yBxvfLhhwbZaacXKOVCwhB6GIgbxAS3JyJYH/Q1R9jyenNYlJBM3QP7wcMla1s/Jq60dbS7aQ==&u=U2FsdGVkX1+LIdlvvX/6yljIECMK2AazdEBu69mnG77f6VNkKIFeFiFP8GSyApzN&y=U2FsdGVkX18M1/IZxJXquBBukEKcUxVgdKjHr1kDNbWYUY/moiMe7EXp5uNJ8DTu HTTP/1.1" 200 92
201.245.192.253 - - [03/Nov/2023:10:02:13 -0500] "GET /sipse/faces/javax.faces.resource/primefaces.js?ln=primefaces&v=4.0 HTTP/1.1" 304 -
201.245.192.253 - - [03/Nov/2023:10:02:13 -0500] "GET /sipse/faces/javax.faces.resource/layout/layout.js?ln=primefaces&v=4.0 HTTP/1.1" 304 -
186.102.24.192 - - [03/Nov/2023:10:02:13 -0500] "GET /kwssiamovil/sm/acme/s?s=U2FsdGVkX1+DXSwuVgg6Gy4qjCvYtSGGmHpR7vI4gaTlwZnAcSRg7TfC3ULa1F6k3ECpiBZ7VIiZcqNBiWHujHX3zFjc+ugDHD9QBekB/g6tvDZaamcDy42lDLVN+GNb75uC3M7CJuyHAxc+oCKs4PDr6AbX8AOZBuK2skrbNToTR2cIGvTrICVrdwBxNcWX5KgPpDlMFLeL7RGtxpVrXYqxHXnoYkj9v8vQFLTiW6vTRjk7pA7N6pRlCYtlDXV53R1R7HnOueXLiv9tJyQWVA6+cCC0bl8gZRo3nBsdb/JrA/lrcudQpJPaqS5XyA3/csB03+X5Acv/UckG+q+pf7YHr0efT0qHzmaeX8Jm9jHnKpqzvMye2wYChl2rDlavcwsoyepFZjXkVpR+rAXQrCD2Y/dOj2gqtO7wSOkZbAiJYbXZ6WcpZIcVEqkgeS7O1tqYSQ0Zfz3hp+rH+/Qp7pjXzyJJ7AObzVEWIGxorpVZQ6k3Uk5wrHCDo+nNhuNBb95KB2kytxAgnfvn+RtoNo1T5RCHG8PKLRuuFIkIwRy4tZsFs2R6hPdA1WJXEKV0Nl+iYjLoc2PnHnUlfeb/rsTMLlVXcpB/PLPawWns8xX0N6atypubOsHCChdHnCOpAVZbZ6SrjBW6rwRo/U/hIqqQkVqx7P4L27yqd+snn0/Hx0J/JF00nQg9v45R1yROjC6CszM/z9ls20j5jxa3KdVx6m6zaHWxLK/7zsICgicUQo5Xo5Kd8sAWV5a/DUqpkeSVe0g3Zu5ELMYT0kqxKQ==&u=U2FsdGVkX1+LIdlvvX/6yljIECMK2AazdEBu69mnG77f6VNkKIFeFiFP8GSyApzN&y=U2FsdGVkX18M1/IZxJXquBBukEKcUxVgdKjHr1kDNbWYUY/moiMe7EXp5uNJ8DTu HTTP/1.1" 200 1095
186.102.24.192 - - [03/Nov/2023:10:02:14 -0500] "GET /kwssiamovil/sm/cjson/pre?f=17&x=U2FsdGVkX190r8yQR6IOWbMe93nPJKxVYEzloSpezyPR5e7Zmlb/0elDvZcVYsDX HTTP/1.1" 200 12747
186.102.24.192 - - [03/Nov/2023:10:02:14 -0500] "GET /kwssiamovil/sm/cjson/pre?f=8&x=U2FsdGVkX190r8yQR6IOWbMe93nPJKxVYEzloSpezyPR5e7Zmlb/0elDvZcVYsDX HTTP/1.1" 200 36010
186.102.24.192 - - [03/Nov/2023:10:02:14 -0500] "GET /kwssiamovil/sm/cjson/pre?f=4&x=U2FsdGVkX190r8yQR6IOWbMe93nPJKxVYEzloSpezyPR5e7Zmlb/0elDvZcVYsDX HTTP/1.1" 200 33589
186.102.24.192 - - [03/Nov/2023:10:02:14 -0500] "GET /kwssiamovil/sm/cjson/pre?f=6&x=U2FsdGVkX190r8yQR6IOWbMe93nPJKxVYEzloSpezyPR5e7Zmlb/0elDvZcVYsDX HTTP/1.1" 200 34953
201.245.192.253 - - [03/Nov/2023:10:02:17 -0500] "POST /forms/lservlet;jsessionid=ac16012b30d6b14c8f46b725431e8887c639ff4d95f3.e3iSbxaKaheRe3eRa38MahaQbi1ynknvrkLOlQzNp65In0 HTTP/1.1" 200 7
201.245.192.253 - - [03/Nov/2023:10:02:17 -0500] "GET /sipse/faces/faces/autenticacion.xhtml HTTP/1.1" 200 12728
201.245.192.253 - - [03/Nov/2023:10:02:17 -0500] "GET /sipse/js/disable_browser_buttons.js HTTP/1.1" 304 -
201.245.192.253 - - [03/Nov/2023:10:02:17 -0500] "GET /sipse/js/funciones.js HTTP/1.1" 304 -
201.245.192.253 - - [03/Nov/2023:10:02:17 -0500] "GET /sipse/css/custom_css_sg_prime_login.css HTTP/1.1" 304 -
201.245.192.253 - - [03/Nov/2023:10:02:17 -0500] "GET /sipse/faces/javax.faces.resource/theme.css?ln=primefaces-sipse HTTP/1.1" 304 -
201.245.192.253 - - [03/Nov/2023:10:02:17 -0500] "GET /sipse/css/custom_css_sg.css HTTP/1.1" 200 9694
201.245.192.253 - - [03/Nov/2023:10:02:17 -0500] "GET /sipse/faces/javax.faces.resource/layout/layout.css;jsessionid=G-2etUZbYRgaH3+uQn2uYgvj.undefined?ln=primefaces&v=4.0 HTTP/1.1" 200 542
201.245.192.253 - - [03/Nov/2023:10:02:17 -0500] "GET /sipse/faces/javax.faces.resource/jquery/jquery.js;jsessionid=G-2etUZbYRgaH3+uQn2uYgvj.undefined?ln=primefaces&v=4.0 HTTP/1.1" 200 105384
201.245.192.253 - - [03/Nov/2023:10:02:17 -0500] "GET /sipse/faces/javax.faces.resource/jquery/jquery-plugins.js;jsessionid=G-2etUZbYRgaH3+uQn2uYgvj.undefined?ln=primefaces&v=4.0 HTTP/1.1" 200 220526
201.245.192.253 - - [03/Nov/2023:10:02:17 -0500] "GET /sipse/faces/javax.faces.resource/layout/layout.js;jsessionid=G-2etUZbYRgaH3+uQn2uYgvj.undefined?ln=primefaces&v=4.0 HTTP/1.1" 200 87560
201.245.192.253 - - [03/Nov/2023:10:02:17 -0500] "GET /sipse/faces/javax.faces.resource/primefaces.js;jsessionid=G-2etUZbYRgaH3+uQn2uYgvj.undefined?ln=primefaces&v=4.0 HTTP/1.1" 200 276924
201.245.192.253 - - [03/Nov/2023:10:02:17 -0500] "GET /sipse/faces/javax.faces.resource/primefaces.css;jsessionid=G-2etUZbYRgaH3+uQn2uYgvj.undefined?ln=primefaces&v=4.0 HTTP/1.1" 200 53295
201.245.192.253 - - [03/Nov/2023:10:02:18 -0500] "GET /sipse/faces/javax.faces.resource/images/ui-icons_898989_256x240.png?ln=primefaces-aristo HTTP/1.1" 200 5355
44.230.252.91 - - [03/Nov/2023:10:02:16 -0500] "GET /BLA/resoluciones/index.php?dir=AUTOS%202017/ HTTP/1.1" 200 483318
201.245.192.253 - - [03/Nov/2023:10:02:18 -0500] "GET /favicon.ico HTTP/1.1" 200 7782
201.245.192.253 - - [03/Nov/2023:10:02:18 -0500] "GET /sipse/css/imagen/loginimg.png HTTP/1.1" 200 71635
186.102.24.192 - - [03/Nov/2023:10:02:14 -0500] "GET /kwssiamovil/sm/cjson/pre?f=3&x=U2FsdGVkX190r8yQR6IOWbMe93nPJKxVYEzloSpezyPR5e7Zmlb/0elDvZcVYsDX HTTP/1.1" 200 94843
201.245.192.253 - - [03/Nov/2023:10:02:18 -0500] "GET /sipse/css/imagen/logoSDG.png HTTP/1.1" 200 53064
201.245.192.253 - - [03/Nov/2023:10:02:18 -0500] "GET /sipse/faces/faces/index.xhtml HTTP/1.1" 200 677
201.245.192.253 - - [03/Nov/2023:10:02:18 -0500] "GET /sipse/faces/javax.faces.resource/theme.css?ln=primefaces-sipse HTTP/1.1" 304 -
216.244.66.195 - - [03/Nov/2023:10:02:18 -0500] "GET /BLA/resoluciones/AUTOS%202011/3040.pdf HTTP/1.1" 200 70080
186.102.24.192 - - [03/Nov/2023:10:02:14 -0500] "GET /kwssiamovil/sm/cjson/pre?f=5&x=U2FsdGVkX190r8yQR6IOWbMe93nPJKxVYEzloSpezyPR5e7Zmlb/0elDvZcVYsDX HTTP/1.1" 200 96431
201.245.192.253 - - [03/Nov/2023:10:02:18 -0500] "GET /sipse/faces/faces/faces/autenticacion.xhtml HTTP/1.1" 200 12406
201.245.192.253 - - [03/Nov/2023:10:02:18 -0500] "GET /sipse/faces/javax.faces.resource/theme.css?ln=primefaces-sipse HTTP/1.1" 304 -
201.245.192.253 - - [03/Nov/2023:10:02:18 -0500] "GET /sipse/faces/javax.faces.resource/layout/layout.css?ln=primefaces&v=4.0 HTTP/1.1" 200 542
201.245.192.253 - - [03/Nov/2023:10:02:18 -0500] "GET /sipse/faces/javax.faces.resource/jquery/jquery.js?ln=primefaces&v=4.0 HTTP/1.1" 304 -
201.245.192.253 - - [03/Nov/2023:10:02:18 -0500] "GET /sipse/faces/javax.faces.resource/jquery/jquery-plugins.js?ln=primefaces&v=4.0 HTTP/1.1" 304 -
201.245.192.253 - - [03/Nov/2023:10:02:18 -0500] "GET /sipse/faces/javax.faces.resource/layout/layout.js?ln=primefaces&v=4.0 HTTP/1.1" 304 -
201.245.192.253 - - [03/Nov/2023:10:02:18 -0500] "GET /sipse/faces/javax.faces.resource/primefaces.js?ln=primefaces&v=4.0 HTTP/1.1" 304 -
201.245.192.253 - - [03/Nov/2023:10:02:18 -0500] "GET /sipse/faces/javax.faces.resource/primefaces.css?ln=primefaces&v=4.0 HTTP/1.1" 200 53295
201.245.192.253 - - [03/Nov/2023:10:02:19 -0500] "GET /sipse/faces/javax.faces.resource/images/ui-icons_898989_256x240.png?ln=primefaces-aristo HTTP/1.1" 304 -
186.102.24.192 - - [03/Nov/2023:10:02:14 -0500] "GET /kwssiamovil/sm/cjson/pre?f=7&x=U2FsdGVkX190r8yQR6IOWbMe93nPJKxVYEzloSpezyPR5e7Zmlb/0elDvZcVYsDX HTTP/1.1" 200 93332
201.245.192.253 - - [03/Nov/2023:10:02:14 -0500] "POST /sipse/faces/presentacion/financiero/solicitudProceso/asignarContratacion.xhtml HTTP/1.1" 200 54318
201.245.192.253 - - [03/Nov/2023:10:02:19 -0500] "GET /sipse/faces/javax.faces.resource/jquery/jquery.js?ln=primefaces&v=4.0 HTTP/1.1" 304 -
201.245.192.253 - - [03/Nov/2023:10:02:19 -0500] "GET /sipse/faces/javax.faces.resource/jquery/jquery-plugins.js?ln=primefaces&v=4.0 HTTP/1.1" 304 -
201.245.192.253 - - [03/Nov/2023:10:02:20 -0500] "GET /sipse/faces/javax.faces.resource/primefaces.js?ln=primefaces&v=4.0 HTTP/1.1" 304 -
201.245.192.253 - - [03/Nov/2023:10:02:20 -0500] "GET /sipse/faces/javax.faces.resource/layout/layout.js?ln=primefaces&v=4.0 HTTP/1.1" 304 -
201.245.192.253 - - [03/Nov/2023:10:02:20 -0500] "POST /sipse/faces/presentacion/financiero/solicitudProceso/listarSolicitudProceso.xhtml HTTP/1.1" 200 1520
201.245.192.253 - - [03/Nov/2023:10:02:26 -0500] "POST /sipse/faces/autenticacion.xhtml HTTP/1.1" 200 16167
201.245.192.253 - - [03/Nov/2023:10:02:26 -0500] "GET /sipse/css/custom_css_sg_prime.css HTTP/1.1" 200 5201
201.245.192.253 - - [03/Nov/2023:10:02:26 -0500] "GET /sipse/js/jquery.min.js HTTP/1.1" 304 -
201.245.192.253 - - [03/Nov/2023:10:02:26 -0500] "GET /sipse/faces/javax.faces.resource/jquery/jquery.js?ln=primefaces&v=4.0 HTTP/1.1" 304 -
201.245.192.253 - - [03/Nov/2023:10:02:26 -0500] "GET /sipse/faces/javax.faces.resource/jquery/jquery-plugins.js?ln=primefaces&v=4.0 HTTP/1.1" 304 -
201.245.192.253 - - [03/Nov/2023:10:02:26 -0500] "GET /sipse/faces/javax.faces.resource/primefaces.js?ln=primefaces&v=4.0 HTTP/1.1" 304 -
201.245.192.253 - - [03/Nov/2023:10:02:26 -0500] "GET /sipse/faces/javax.faces.resource/layout/layout.js?ln=primefaces&v=4.0 HTTP/1.1" 304 -
201.245.192.253 - - [03/Nov/2023:10:02:26 -0500] "GET /sipse/css/v_mergente.css HTTP/1.1" 200 1505
201.245.192.253 - - [03/Nov/2023:10:02:26 -0500] "GET /sipse/imagenes/cargando.gif HTTP/1.1" 200 36959
201.245.192.253 - - [03/Nov/2023:10:02:26 -0500] "GET /sipse/css/imagen/contrasena.png HTTP/1.1" 404 383
201.245.192.253 - - [03/Nov/2023:10:02:26 -0500] "GET /sipse/imagenes/logoAplicacion.jpg HTTP/1.1" 200 155084
201.245.192.253 - - [03/Nov/2023:10:02:26 -0500] "GET /sipse/faces/javax.faces.resource/messages/messages.png?ln=primefaces&v=4.0 HTTP/1.1" 200 27209
201.245.192.253 - - [03/Nov/2023:10:02:26 -0500] "POST /sipse/faces/presentacion/financiero/solicitudProceso/listarSolicitudProceso.xhtml HTTP/1.1" 200 142833
201.245.192.253 - - [03/Nov/2023:10:02:27 -0500] "GET /sipse/faces/javax.faces.resource/jquery/jquery.js?ln=primefaces&v=4.0 HTTP/1.1" 304 -
201.245.192.253 - - [03/Nov/2023:10:02:27 -0500] "GET /sipse/faces/javax.faces.resource/jquery/jquery-plugins.js?ln=primefaces&v=4.0 HTTP/1.1" 304 -
201.245.192.253 - - [03/Nov/2023:10:02:27 -0500] "GET /sipse/faces/javax.faces.resource/primefaces.js?ln=primefaces&v=4.0 HTTP/1.1" 304 -
201.245.192.253 - - [03/Nov/2023:10:02:27 -0500] "GET /sipse/faces/javax.faces.resource/layout/layout.js?ln=primefaces&v=4.0 HTTP/1.1" 304 -
100.21.24.205 - - [03/Nov/2023:10:02:25 -0500] "GET /BLA/resoluciones/index.php?dir=AUTOS%202017/&order=asc&sort=date HTTP/1.1" 200 483318
201.245.192.253 - - [03/Nov/2023:10:02:29 -0500] "GET /sipse/faces/javax.faces.resource/images/ui-bg_flat_0_2d5972_40x100.png?ln=primefaces-aristo HTTP/1.1" 200 183
201.245.192.253 - - [03/Nov/2023:10:02:29 -0500] "POST /sipse/faces/bienvenido.xhtml HTTP/1.1" 200 1471
201.245.192.253 - - [03/Nov/2023:10:02:29 -0500] "POST /sipse/faces/bienvenido.xhtml HTTP/1.1" 200 43505
201.245.192.253 - - [03/Nov/2023:10:02:30 -0500] "GET /sipse/faces/javax.faces.resource/jquery/jquery.js?ln=primefaces&v=4.0 HTTP/1.1" 304 -
201.245.192.253 - - [03/Nov/2023:10:02:30 -0500] "GET /sipse/faces/javax.faces.resource/jquery/jquery-plugins.js?ln=primefaces&v=4.0 HTTP/1.1" 304 -
201.245.192.253 - - [03/Nov/2023:10:02:31 -0500] "GET /sipse/faces/javax.faces.resource/primefaces.js?ln=primefaces&v=4.0 HTTP/1.1" 304 -
201.245.192.253 - - [03/Nov/2023:10:02:31 -0500] "GET /sipse/faces/javax.faces.resource/layout/layout.js?ln=primefaces&v=4.0 HTTP/1.1" 304 -
52.25.208.208 - - [03/Nov/2023:10:02:29 -0500] "GET /BLA/resoluciones/index.php?dir=AUTOS%202017/&order=asc&sort=name HTTP/1.1" 200 483318
201.245.192.253 - - [03/Nov/2023:10:02:31 -0500] "POST /sipse/faces/presentacion/financiero/solicitudProceso/listarSolicitudProceso.xhtml HTTP/1.1" 200 1460
201.245.192.253 - - [03/Nov/2023:10:02:35 -0500] "POST /sipse/faces/presentacion/financiero/solicitudProceso/listarSolicitudProceso.xhtml HTTP/1.1" 200 2161
100.21.24.205 - - [03/Nov/2023:10:02:32 -0500] "GET /BLA/resoluciones/index.php?dir=AUTOS%202017/&order=asc&sort=size HTTP/1.1" 200 483318
201.245.192.253 - - [03/Nov/2023:10:02:35 -0500] "POST /sipse/faces/presentacion/financiero/solicitudProceso/listarSolicitudProceso.xhtml HTTP/1.1" 200 38324
201.245.192.253 - - [03/Nov/2023:10:02:36 -0500] "GET /sipse/faces/javax.faces.resource/jquery/jquery.js?ln=primefaces&v=4.0 HTTP/1.1" 304 -
201.245.192.253 - - [03/Nov/2023:10:02:36 -0500] "GET /sipse/faces/javax.faces.resource/jquery/jquery-plugins.js?ln=primefaces&v=4.0 HTTP/1.1" 304 -
201.245.192.253 - - [03/Nov/2023:10:02:36 -0500] "GET /sipse/faces/javax.faces.resource/primefaces.js?ln=primefaces&v=4.0 HTTP/1.1" 304 -
201.245.192.253 - - [03/Nov/2023:10:02:36 -0500] "GET /sipse/faces/javax.faces.resource/layout/layout.js?ln=primefaces&v=4.0 HTTP/1.1" 304 -
201.245.192.253 - - [03/Nov/2023:10:02:36 -0500] "POST /sipse/faces/presentacion/financiero/solicitudProceso/consultar.xhtml HTTP/1.1" 200 31741
201.245.192.253 - - [03/Nov/2023:10:02:40 -0500] "POST /sipse/faces/presentacion/financiero/solicitudProceso/consultar.xhtml HTTP/1.1" 200 12812
172.22.2.4 - - [03/Nov/2023:10:01:01 -0500] "GET /BLA/boletinlegal/ HTTP/1.1" 200 58644
52.25.208.208 - - [03/Nov/2023:10:02:41 -0500] "GET /BLA/resoluciones/index.php?dir=RESOLUCIONES%202003/RES%202003%20001-050/&order=desc&sort=name HTTP/1.1" 200 12160
201.245.192.253 - - [03/Nov/2023:10:02:42 -0500] "POST /forms/lservlet;jsessionid=ac16012b30d6b14c8f46b725431e8887c639ff4d95f3.e3iSbxaKaheRe3eRa38MahaQbi1ynknvrkLOlQzNp65In0 HTTP/1.1" 200 13
201.245.192.253 - - [03/Nov/2023:10:02:43 -0500] "POST /forms/lservlet;jsessionid=ac16012b30d6b14c8f46b725431e8887c639ff4d95f3.e3iSbxaKaheRe3eRa38MahaQbi1ynknvrkLOlQzNp65In0 HTTP/1.1" 200 12
201.245.192.253 - - [03/Nov/2023:10:02:47 -0500] "POST /forms/lservlet;jsessionid=ac16012b30d6b14c8f46b725431e8887c639ff4d95f3.e3iSbxaKaheRe3eRa38MahaQbi1ynknvrkLOlQzNp65In0 HTTP/1.1" 200 21438
201.245.192.253 - - [03/Nov/2023:10:02:47 -0500] "POST /sipse/faces/presentacion/financiero/solicitudProceso/consultar.xhtml HTTP/1.1" 200 44078
201.245.192.253 - - [03/Nov/2023:10:02:48 -0500] "GET /sipse/faces/javax.faces.resource/jquery/jquery.js?ln=primefaces&v=4.0 HTTP/1.1" 304 -
201.245.192.253 - - [03/Nov/2023:10:02:48 -0500] "POST /forms/lservlet;jsessionid=ac16012b30d6b14c8f46b725431e8887c639ff4d95f3.e3iSbxaKaheRe3eRa38MahaQbi1ynknvrkLOlQzNp65In0 HTTP/1.1" 200 10
201.245.192.253 - - [03/Nov/2023:10:02:48 -0500] "GET /sipse/faces/javax.faces.resource/jquery/jquery-plugins.js?ln=primefaces&v=4.0 HTTP/1.1" 304 -
201.245.192.253 - - [03/Nov/2023:10:02:48 -0500] "POST /forms/lservlet;jsessionid=ac16012b30d6b14c8f46b725431e8887c639ff4d95f3.e3iSbxaKaheRe3eRa38MahaQbi1ynknvrkLOlQzNp65In0 HTTP/1.1" 200 2
201.245.192.253 - - [03/Nov/2023:10:02:48 -0500] "POST /forms/lservlet;jsessionid=ac16012b30d6b14c8f46b725431e8887c639ff4d95f3.e3iSbxaKaheRe3eRa38MahaQbi1ynknvrkLOlQzNp65In0 HTTP/1.1" 200 2
201.245.192.253 - - [03/Nov/2023:10:02:48 -0500] "GET /sipse/faces/javax.faces.resource/primefaces.js?ln=primefaces&v=4.0 HTTP/1.1" 304 -
201.245.192.253 - - [03/Nov/2023:10:02:48 -0500] "GET /sipse/faces/javax.faces.resource/layout/layout.js?ln=primefaces&v=4.0 HTTP/1.1" 304 -
201.245.192.253 - - [03/Nov/2023:10:02:49 -0500] "POST /forms/lservlet;jsessionid=ac16012b30d6b14c8f46b725431e8887c639ff4d95f3.e3iSbxaKaheRe3eRa38MahaQbi1ynknvrkLOlQzNp65In0 HTTP/1.1" 200 24
201.245.192.253 - - [03/Nov/2023:10:02:48 -0500] "POST /sipse/faces/presentacion/financiero/solicitudProceso/listarSolicitudProceso.xhtml HTTP/1.1" 200 37469
201.245.192.253 - - [03/Nov/2023:10:02:49 -0500] "POST /sipse/faces/presentacion/financiero/solicitudProceso/listarSolicitudProceso.xhtml HTTP/1.1" 200 37469
201.245.192.253 - - [03/Nov/2023:10:02:49 -0500] "POST /sipse/faces/presentacion/financiero/solicitudProceso/listarSolicitudProceso.xhtml HTTP/1.1" 200 1460
201.245.192.253 - - [03/Nov/2023:10:02:49 -0500] "POST /sipse/faces/presentacion/financiero/solicitudProceso/listarSolicitudProceso.xhtml HTTP/1.1" 200 1468
201.245.192.253 - - [03/Nov/2023:10:02:49 -0500] "POST /sipse/faces/presentacion/financiero/solicitudProceso/listarSolicitudProceso.xhtml HTTP/1.1" 200 1464
52.25.208.208 - - [03/Nov/2023:10:02:49 -0500] "GET /BLA/resoluciones/index.php?dir=RESOLUCIONES%201994/ HTTP/1.1" 200 2479
216.244.66.195 - - [03/Nov/2023:10:02:51 -0500] "GET /BLA/resoluciones/AUTOS%202011/3063.pdf HTTP/1.1" 200 185713
201.245.192.253 - - [03/Nov/2023:10:02:51 -0500] "POST /sipse/faces/presentacion/financiero/solicitudProceso/listarSolicitudProceso.xhtml HTTP/1.1" 200 150740
201.245.192.253 - - [03/Nov/2023:10:02:52 -0500] "GET /sipse/faces/javax.faces.resource/jquery/jquery.js?ln=primefaces&v=4.0 HTTP/1.1" 304 -
201.245.192.253 - - [03/Nov/2023:10:02:52 -0500] "GET /sipse/faces/javax.faces.resource/jquery/jquery-plugins.js?ln=primefaces&v=4.0 HTTP/1.1" 304 -
201.245.192.253 - - [03/Nov/2023:10:02:52 -0500] "GET /sipse/faces/javax.faces.resource/primefaces.js?ln=primefaces&v=4.0 HTTP/1.1" 304 -
186.85.212.95 - - [03/Nov/2023:10:02:52 -0500] "GET /sipse/faces/javax.faces.resource/theme.css?ln=primefaces-sipse HTTP/1.1" 304 -
186.85.212.95 - - [03/Nov/2023:10:02:52 -0500] "GET /sipse/faces/javax.faces.resource/primefaces.css?ln=primefaces&v=4.0 HTTP/1.1" 304 -
186.85.212.95 - - [03/Nov/2023:10:02:52 -0500] "GET /sipse/faces/javax.faces.resource/layout/layout.css?ln=primefaces&v=4.0 HTTP/1.1" 304 -
186.85.212.95 - - [03/Nov/2023:10:02:52 -0500] "GET /sipse/faces/javax.faces.resource/jquery/jquery.js?ln=primefaces&v=4.0 HTTP/1.1" 304 -
186.85.212.95 - - [03/Nov/2023:10:02:52 -0500] "GET /sipse/faces/javax.faces.resource/jquery/jquery-plugins.js?ln=primefaces&v=4.0 HTTP/1.1" 304 -
186.85.212.95 - - [03/Nov/2023:10:02:52 -0500] "GET /sipse/faces/javax.faces.resource/primefaces.js?ln=primefaces&v=4.0 HTTP/1.1" 304 -
186.85.212.95 - - [03/Nov/2023:10:02:51 -0500] "POST /sipse/faces/presentacion/sistema/anexos/cargarAnexoSolicitudProceso.xhtml HTTP/1.1" 200 149800
186.85.212.95 - - [03/Nov/2023:10:02:52 -0500] "GET /sipse/faces/javax.faces.resource/layout/layout.js?ln=primefaces&v=4.0 HTTP/1.1" 304 -
201.245.192.253 - - [03/Nov/2023:10:02:52 -0500] "GET /sipse/faces/javax.faces.resource/layout/layout.js?ln=primefaces&v=4.0 HTTP/1.1" 304 -
100.21.24.205 - - [03/Nov/2023:10:02:55 -0500] "GET /BLA/resoluciones/index.php?dir=RESOLUCIONES%202002/ANEXOS/ HTTP/1.1" 200 2240
201.245.192.253 - - [03/Nov/2023:10:02:58 -0500] "POST /forms/lservlet;jsessionid=ac16012b30d6b14c8f46b725431e8887c639ff4d95f3.e3iSbxaKaheRe3eRa38MahaQbi1ynknvrkLOlQzNp65In0 HTTP/1.1" 200 2803
186.85.212.95 - - [03/Nov/2023:10:02:59 -0500] "POST /sipse/faces/presentacion/financiero/solicitudProceso/consultarSolicitudProceso.xhtml HTTP/1.1" 200 62400
201.245.192.253 - - [03/Nov/2023:10:03:00 -0500] "POST /sipse/faces/presentacion/financiero/solicitudProceso/consultarSolicitudProceso.xhtml HTTP/1.1" 200 31474
186.85.212.95 - - [03/Nov/2023:10:03:00 -0500] "GET /sipse/faces/javax.faces.resource/theme.css?ln=primefaces-sipse HTTP/1.1" 304 -
186.85.212.95 - - [03/Nov/2023:10:03:00 -0500] "GET /sipse/faces/javax.faces.resource/primefaces.css?ln=primefaces&v=4.0 HTTP/1.1" 304 -
201.245.192.253 - - [03/Nov/2023:10:03:00 -0500] "GET /sipse/faces/javax.faces.resource/jquery/jquery.js?ln=primefaces&v=4.0 HTTP/1.1" 304 -
186.85.212.95 - - [03/Nov/2023:10:03:00 -0500] "GET /sipse/faces/javax.faces.resource/jquery/jquery.js?ln=primefaces&v=4.0 HTTP/1.1" 304 -
186.85.212.95 - - [03/Nov/2023:10:03:00 -0500] "GET /sipse/faces/javax.faces.resource/layout/layout.css?ln=primefaces&v=4.0 HTTP/1.1" 304 -
201.245.192.253 - - [03/Nov/2023:10:03:00 -0500] "GET /sipse/faces/javax.faces.resource/jquery/jquery-plugins.js?ln=primefaces&v=4.0 HTTP/1.1" 304 -
201.245.192.253 - - [03/Nov/2023:10:03:00 -0500] "GET /sipse/faces/javax.faces.resource/primefaces.js?ln=primefaces&v=4.0 HTTP/1.1" 304 -
201.245.192.253 - - [03/Nov/2023:10:03:00 -0500] "GET /sipse/faces/javax.faces.resource/layout/layout.js?ln=primefaces&v=4.0 HTTP/1.1" 304 -
186.85.212.95 - - [03/Nov/2023:10:03:01 -0500] "GET /sipse/faces/javax.faces.resource/jquery/jquery-plugins.js?ln=primefaces&v=4.0 HTTP/1.1" 304 -
186.85.212.95 - - [03/Nov/2023:10:03:01 -0500] "GET /sipse/faces/javax.faces.resource/primefaces.js?ln=primefaces&v=4.0 HTTP/1.1" 304 -
186.85.212.95 - - [03/Nov/2023:10:03:01 -0500] "GET /sipse/faces/javax.faces.resource/layout/layout.js?ln=primefaces&v=4.0 HTTP/1.1" 304 -
52.25.208.208 - - [03/Nov/2023:10:03:01 -0500] "GET /BLA/resoluciones/index.php?dir=Notificaciones/AUTOS%202013/&order=asc&sort=date HTTP/1.1" 200 39422
201.245.192.253 - - [03/Nov/2023:10:03:03 -0500] "POST /forms/lservlet;jsessionid=ac16012b30d6b14c8f46b725431e8887c639ff4d95f3.e3iSbxaKaheRe3eRa38MahaQbi1ynknvrkLOlQzNp65In0 HTTP/1.1" 200 13
54.184.159.16 - - [03/Nov/2023:10:03:03 -0500] "GET /BLA/resoluciones/index.php?dir=RESOLUCIONES%202006/RES%202006%20%203001-3054/&order=asc&sort=name HTTP/1.1" 200 13210
201.245.192.253 - - [03/Nov/2023:10:03:02 -0500] "POST /sipse/faces/presentacion/financiero/solicitudProceso/asignarContratacion.xhtml HTTP/1.1" 200 51329
201.245.192.253 - - [03/Nov/2023:10:03:04 -0500] "GET /sipse/faces/javax.faces.resource/jquery/jquery.js?ln=primefaces&v=4.0 HTTP/1.1" 304 -
201.245.192.253 - - [03/Nov/2023:10:03:04 -0500] "GET /sipse/faces/javax.faces.resource/jquery/jquery-plugins.js?ln=primefaces&v=4.0 HTTP/1.1" 304 -
201.245.192.253 - - [03/Nov/2023:10:03:04 -0500] "GET /sipse/faces/javax.faces.resource/primefaces.js?ln=primefaces&v=4.0 HTTP/1.1" 304 -
201.245.192.253 - - [03/Nov/2023:10:03:04 -0500] "GET /sipse/faces/javax.faces.resource/layout/layout.js?ln=primefaces&v=4.0 HTTP/1.1" 304 -
201.245.192.253 - - [03/Nov/2023:10:03:05 -0500] "POST /sipse/faces/presentacion/financiero/solicitudProceso/listarSolicitudProceso.xhtml HTTP/1.1" 200 1488
186.85.212.95 - - [03/Nov/2023:10:03:07 -0500] "POST /sipse/faces/presentacion/financiero/solicitudProceso/crearModificarSolicitudProceso.xhtml HTTP/1.1" 200 4879
201.245.192.253 - - [03/Nov/2023:10:03:07 -0500] "POST /sipse/faces/presentacion/financiero/solicitudProceso/consultarSolicitudProceso.xhtml HTTP/1.1" 200 1775036
52.25.208.208 - - [03/Nov/2023:10:03:08 -0500] "GET /BLA/resoluciones/index.php?dir=Notificaciones/AUTOS%202013/&order=asc&sort=name HTTP/1.1" 200 39422
201.245.192.253 - - [03/Nov/2023:10:03:09 -0500] "POST /sipse/faces/presentacion/financiero/solicitudProceso/listarSolicitudProceso.xhtml HTTP/1.1" 200 141140
201.245.192.253 - - [03/Nov/2023:10:03:11 -0500] "GET /sipse/faces/javax.faces.resource/jquery/jquery.js?ln=primefaces&v=4.0 HTTP/1.1" 304 -
201.245.192.253 - - [03/Nov/2023:10:03:11 -0500] "GET /sipse/faces/javax.faces.resource/jquery/jquery-plugins.js?ln=primefaces&v=4.0 HTTP/1.1" 304 -
201.245.192.253 - - [03/Nov/2023:10:03:11 -0500] "GET /sipse/faces/javax.faces.resource/primefaces.js?ln=primefaces&v=4.0 HTTP/1.1" 304 -
201.245.192.253 - - [03/Nov/2023:10:03:11 -0500] "GET /sipse/faces/javax.faces.resource/layout/layout.js?ln=primefaces&v=4.0 HTTP/1.1" 304 -
52.25.208.208 - - [03/Nov/2023:10:03:11 -0500] "GET /BLA/resoluciones/index.php?dir=Notificaciones/AUTOS%202013/&order=asc&sort=size HTTP/1.1" 200 39422
186.85.212.95 - - [03/Nov/2023:10:03:09 -0500] "POST /sipse/faces/presentacion/financiero/solicitudProceso/crearModificarSolicitudProceso.xhtml HTTP/1.1" 200 104428
186.85.212.95 - - [03/Nov/2023:10:03:14 -0500] "GET /sipse/faces/javax.faces.resource/theme.css?ln=primefaces-sipse HTTP/1.1" 304 -
186.85.212.95 - - [03/Nov/2023:10:03:14 -0500] "GET /sipse/faces/javax.faces.resource/primefaces.css?ln=primefaces&v=4.0 HTTP/1.1" 304 -
186.85.212.95 - - [03/Nov/2023:10:03:14 -0500] "GET /sipse/faces/javax.faces.resource/layout/layout.css?ln=primefaces&v=4.0 HTTP/1.1" 304 -
186.85.212.95 - - [03/Nov/2023:10:03:14 -0500] "GET /sipse/faces/javax.faces.resource/jquery/jquery.js?ln=primefaces&v=4.0 HTTP/1.1" 304 -
186.85.212.95 - - [03/Nov/2023:10:03:14 -0500] "GET /sipse/faces/javax.faces.resource/jquery/jquery-plugins.js?ln=primefaces&v=4.0 HTTP/1.1" 304 -
186.85.212.95 - - [03/Nov/2023:10:03:14 -0500] "GET /sipse/faces/javax.faces.resource/primefaces.js?ln=primefaces&v=4.0 HTTP/1.1" 304 -
186.85.212.95 - - [03/Nov/2023:10:03:14 -0500] "GET /sipse/faces/javax.faces.resource/layout/layout.js?ln=primefaces&v=4.0 HTTP/1.1" 304 -
201.245.192.253 - - [03/Nov/2023:10:03:17 -0500] "POST /sipse/faces/presentacion/financiero/solicitudProceso/consultarSolicitudProceso.xhtml HTTP/1.1" 200 31474
201.245.192.253 - - [03/Nov/2023:10:03:17 -0500] "GET /sipse/faces/javax.faces.resource/jquery/jquery.js?ln=primefaces&v=4.0 HTTP/1.1" 304 -
201.245.192.253 - - [03/Nov/2023:10:03:17 -0500] "GET /sipse/faces/javax.faces.resource/jquery/jquery-plugins.js?ln=primefaces&v=4.0 HTTP/1.1" 304 -
201.245.192.253 - - [03/Nov/2023:10:03:17 -0500] "GET /sipse/faces/javax.faces.resource/primefaces.js?ln=primefaces&v=4.0 HTTP/1.1" 304 -
201.245.192.253 - - [03/Nov/2023:10:03:17 -0500] "GET /sipse/faces/javax.faces.resource/layout/layout.js?ln=primefaces&v=4.0 HTTP/1.1" 304 -
100.21.24.205 - - [03/Nov/2023:10:03:17 -0500] "GET /BLA/resoluciones/index.php?dir=RESOLUCIONES%201994/&order=asc&sort=date HTTP/1.1" 200 2479
201.245.192.253 - - [03/Nov/2023:10:03:18 -0500] "POST /sipse/faces/presentacion/financiero/solicitudProceso/asignarContratacion.xhtml HTTP/1.1" 200 48357
201.245.192.253 - - [03/Nov/2023:10:03:20 -0500] "GET /sipse/faces/javax.faces.resource/jquery/jquery.js?ln=primefaces&v=4.0 HTTP/1.1" 304 -
201.245.192.253 - - [03/Nov/2023:10:03:20 -0500] "GET /sipse/faces/javax.faces.resource/jquery/jquery-plugins.js?ln=primefaces&v=4.0 HTTP/1.1" 304 -
201.245.192.253 - - [03/Nov/2023:10:03:21 -0500] "GET /sipse/faces/javax.faces.resource/primefaces.js?ln=primefaces&v=4.0 HTTP/1.1" 304 -
201.245.192.253 - - [03/Nov/2023:10:03:21 -0500] "GET /sipse/faces/javax.faces.resource/layout/layout.js?ln=primefaces&v=4.0 HTTP/1.1" 304 -
201.245.192.253 - - [03/Nov/2023:10:03:21 -0500] "POST /sipse/faces/presentacion/financiero/solicitudProceso/listarSolicitudProceso.xhtml HTTP/1.1" 200 1472
201.245.192.253 - - [03/Nov/2023:10:03:25 -0500] "POST /sipse/faces/presentacion/financiero/solicitudProceso/listarSolicitudProceso.xhtml HTTP/1.1" 200 140930
201.245.192.253 - - [03/Nov/2023:10:03:26 -0500] "GET /sipse/faces/javax.faces.resource/jquery/jquery.js?ln=primefaces&v=4.0 HTTP/1.1" 304 -
201.245.192.253 - - [03/Nov/2023:10:03:26 -0500] "GET /sipse/faces/javax.faces.resource/jquery/jquery-plugins.js?ln=primefaces&v=4.0 HTTP/1.1" 304 -
201.245.192.253 - - [03/Nov/2023:10:03:26 -0500] "GET /sipse/faces/javax.faces.resource/primefaces.js?ln=primefaces&v=4.0 HTTP/1.1" 304 -
201.245.192.253 - - [03/Nov/2023:10:03:26 -0500] "GET /sipse/faces/javax.faces.resource/layout/layout.js?ln=primefaces&v=4.0 HTTP/1.1" 304 -
100.21.24.205 - - [03/Nov/2023:10:03:26 -0500] "GET /BLA/resoluciones/index.php?dir=RESOLUCIONES%201994/&order=asc&sort=name HTTP/1.1" 200 2479
100.21.24.205 - - [03/Nov/2023:10:03:27 -0500] "GET /BLA/resoluciones/index.php?dir=RESOLUCIONES%201994/&order=asc&sort=size HTTP/1.1" 200 2479
201.245.192.253 - - [03/Nov/2023:10:03:30 -0500] "POST /sipse/faces/presentacion/financiero/solicitudProceso/consultarSolicitudProceso.xhtml HTTP/1.1" 200 31474
201.245.192.253 - - [03/Nov/2023:10:03:31 -0500] "GET /sipse/faces/javax.faces.resource/jquery/jquery.js?ln=primefaces&v=4.0 HTTP/1.1" 304 -
201.245.192.253 - - [03/Nov/2023:10:03:31 -0500] "GET /sipse/faces/javax.faces.resource/jquery/jquery-plugins.js?ln=primefaces&v=4.0 HTTP/1.1" 304 -
201.245.192.253 - - [03/Nov/2023:10:03:31 -0500] "GET /sipse/faces/javax.faces.resource/primefaces.js?ln=primefaces&v=4.0 HTTP/1.1" 304 -
201.245.192.253 - - [03/Nov/2023:10:03:31 -0500] "GET /sipse/faces/javax.faces.resource/layout/layout.js?ln=primefaces&v=4.0 HTTP/1.1" 304 -
216.244.66.195 - - [03/Nov/2023:10:03:32 -0500] "GET /BLA/resoluciones/AUTOS%202011/3117.pdf HTTP/1.1" 200 238315
201.245.192.253 - - [03/Nov/2023:10:03:33 -0500] "POST /sipse/faces/presentacion/financiero/solicitudProceso/asignarContratacion.xhtml HTTP/1.1" 200 45420
201.245.192.253 - - [03/Nov/2023:10:03:35 -0500] "GET /sipse/faces/javax.faces.resource/jquery/jquery.js?ln=primefaces&v=4.0 HTTP/1.1" 304 -
201.245.192.253 - - [03/Nov/2023:10:03:35 -0500] "GET /sipse/faces/javax.faces.resource/jquery/jquery-plugins.js?ln=primefaces&v=4.0 HTTP/1.1" 304 -
201.245.192.253 - - [03/Nov/2023:10:03:35 -0500] "GET /sipse/faces/javax.faces.resource/primefaces.js?ln=primefaces&v=4.0 HTTP/1.1" 304 -
201.245.192.253 - - [03/Nov/2023:10:03:35 -0500] "GET /sipse/faces/javax.faces.resource/layout/layout.js?ln=primefaces&v=4.0 HTTP/1.1" 304 -
201.245.192.253 - - [03/Nov/2023:10:03:35 -0500] "POST /sipse/faces/presentacion/financiero/solicitudProceso/listarSolicitudProceso.xhtml HTTP/1.1" 200 1460
100.21.24.205 - - [03/Nov/2023:10:03:38 -0500] "GET /BLA/resoluciones/index.php?dir=RESOLUCIONES%202002/RES%202002%2001-50/ HTTP/1.1" 200 13729
201.245.192.253 - - [03/Nov/2023:10:03:39 -0500] "POST /forms/lservlet;jsessionid=ac16012b30d6b14c8f46b725431e8887c639ff4d95f3.e3iSbxaKaheRe3eRa38MahaQbi1ynknvrkLOlQzNp65In0 HTTP/1.1" 200 2
201.245.192.253 - - [03/Nov/2023:10:03:40 -0500] "POST /sipse/faces/presentacion/financiero/solicitudProceso/listarSolicitudProceso.xhtml HTTP/1.1" 200 171609
201.245.192.253 - - [03/Nov/2023:10:03:41 -0500] "GET /sipse/faces/javax.faces.resource/jquery/jquery.js?ln=primefaces&v=4.0 HTTP/1.1" 304 -
201.245.192.253 - - [03/Nov/2023:10:03:41 -0500] "GET /sipse/faces/javax.faces.resource/jquery/jquery-plugins.js?ln=primefaces&v=4.0 HTTP/1.1" 304 -
201.245.192.253 - - [03/Nov/2023:10:03:41 -0500] "GET /sipse/faces/javax.faces.resource/primefaces.js?ln=primefaces&v=4.0 HTTP/1.1" 304 -
201.245.192.253 - - [03/Nov/2023:10:03:41 -0500] "GET /sipse/faces/javax.faces.resource/layout/layout.js?ln=primefaces&v=4.0 HTTP/1.1" 304 -
100.21.24.205 - - [03/Nov/2023:10:03:41 -0500] "GET /BLA/resoluciones/index.php?dir=RESOLUCIONES%202002/RES%202002%201001-1050/ HTTP/1.1" 200 12610
52.25.208.208 - - [03/Nov/2023:10:03:46 -0500] "GET /BLA/resoluciones/index.php?dir=RESOLUCIONES%202002/RES%202002%20101-150/ HTTP/1.1" 200 12339
201.245.192.253 - - [03/Nov/2023:10:03:54 -0500] "POST /sipse/faces/presentacion/financiero/solicitudProceso/consultarSolicitudProceso.xhtml HTTP/1.1" 200 238906
52.25.208.208 - - [03/Nov/2023:10:03:56 -0500] "GET /BLA/resoluciones/index.php?dir=RESOLUCIONES%202002/RES%202002%201051-1100/ HTTP/1.1" 200 12143
201.245.192.253 - - [03/Nov/2023:10:04:01 -0500] "POST /forms/lservlet;jsessionid=ac16012b30d6b14c8f46b725431e8887c639ff4d95f3.e3iSbxaKaheRe3eRa38MahaQbi1ynknvrkLOlQzNp65In0 HTTP/1.1" 200 123
201.245.192.253 - - [03/Nov/2023:10:04:01 -0500] "POST /forms/lservlet;jsessionid=ac16012b30d6b14c8f46b725431e8887c639ff4d95f3.e3iSbxaKaheRe3eRa38MahaQbi1ynknvrkLOlQzNp65In0 HTTP/1.1" 200 2
201.245.192.253 - - [03/Nov/2023:10:04:06 -0500] "POST /forms/lservlet;jsessionid=ac16012b30d67398b24510264f55a2d4c5826150a17a.e3iSbxaKaheRe3eRa38MahaQbi1ynknvrkLOlQzNp65In0 HTTP/1.1" 200 2
44.230.252.91 - - [03/Nov/2023:10:04:07 -0500] "GET /BLA/resoluciones/index.php?dir=RESOLUCIONES%202002/RES%202002%201101-1150/ HTTP/1.1" 200 12347
52.25.208.208 - - [03/Nov/2023:10:04:12 -0500] "GET /BLA/resoluciones/index.php?dir=RESOLUCIONES%202002/RES%202002%201201-1250/ HTTP/1.1" 200 12151
216.244.66.195 - - [03/Nov/2023:10:04:14 -0500] "GET /BLA/resoluciones/AUTOS%202011/3444.pdf HTTP/1.1" 200 239959
44.230.252.91 - - [03/Nov/2023:10:04:18 -0500] "GET /BLA/resoluciones/index.php?dir=RESOLUCIONES%202002/RES%202002%201251-1301/ HTTP/1.1" 200 12148
52.25.208.208 - - [03/Nov/2023:10:04:34 -0500] "GET /BLA/resoluciones/index.php?dir=RESOLUCIONES%202002/RES%202002%201351-1400/ HTTP/1.1" 200 12141
100.21.24.205 - - [03/Nov/2023:10:04:39 -0500] "GET /BLA/resoluciones/index.php?dir=RESOLUCIONES%202002/RES%202002%201401-1450/ HTTP/1.1" 200 12162
100.21.24.205 - - [03/Nov/2023:10:04:47 -0500] "GET /BLA/resoluciones/index.php?dir=RESOLUCIONES%202002/RES%202002%201451-1500/ HTTP/1.1" 200 12146
216.244.66.195 - - [03/Nov/2023:10:04:55 -0500] "GET /BLA/resoluciones/AUTOS%202012/0030.pdf HTTP/1.1" 200 176306
52.25.208.208 - - [03/Nov/2023:10:04:55 -0500] "GET /BLA/resoluciones/index.php?dir=RESOLUCIONES%202002/RES%202002%20151-200/ HTTP/1.1" 200 12570
52.25.208.208 - - [03/Nov/2023:10:04:59 -0500] "GET /BLA/resoluciones/index.php?dir=RESOLUCIONES%202002/RES%202002%201551-1600/ HTTP/1.1" 200 12155
201.245.192.253 - - [03/Nov/2023:10:05:00 -0500] "POST /sipse/faces/presentacion/financiero/solicitudProceso/consultarSolicitudProceso.xhtml HTTP/1.1" 200 31474
201.245.192.253 - - [03/Nov/2023:10:05:00 -0500] "GET /sipse/faces/javax.faces.resource/jquery/jquery.js?ln=primefaces&v=4.0 HTTP/1.1" 304 -
201.245.192.253 - - [03/Nov/2023:10:05:00 -0500] "GET /sipse/faces/javax.faces.resource/jquery/jquery-plugins.js?ln=primefaces&v=4.0 HTTP/1.1" 304 -
201.245.192.253 - - [03/Nov/2023:10:05:00 -0500] "GET /sipse/faces/javax.faces.resource/primefaces.js?ln=primefaces&v=4.0 HTTP/1.1" 304 -
201.245.192.253 - - [03/Nov/2023:10:05:01 -0500] "GET /sipse/faces/javax.faces.resource/layout/layout.js?ln=primefaces&v=4.0 HTTP/1.1" 304 -
201.245.192.253 - - [03/Nov/2023:10:05:03 -0500] "POST /sipse/faces/presentacion/financiero/solicitudProceso/asignarContratacion.xhtml HTTP/1.1" 200 42574
52.25.208.208 - - [03/Nov/2023:10:05:05 -0500] "GET /BLA/resoluciones/index.php?dir=RESOLUCIONES%202002/RES%202002%201601-1650/ HTTP/1.1" 200 12158
201.245.192.253 - - [03/Nov/2023:10:05:06 -0500] "GET /sipse/faces/javax.faces.resource/jquery/jquery.js?ln=primefaces&v=4.0 HTTP/1.1" 304 -
201.245.192.253 - - [03/Nov/2023:10:05:06 -0500] "GET /sipse/faces/javax.faces.resource/jquery/jquery-plugins.js?ln=primefaces&v=4.0 HTTP/1.1" 304 -
201.245.192.253 - - [03/Nov/2023:10:05:06 -0500] "GET /sipse/faces/javax.faces.resource/primefaces.js?ln=primefaces&v=4.0 HTTP/1.1" 304 -
201.245.192.253 - - [03/Nov/2023:10:05:06 -0500] "GET /sipse/faces/javax.faces.resource/layout/layout.js?ln=primefaces&v=4.0 HTTP/1.1" 304 -
201.245.192.253 - - [03/Nov/2023:10:05:06 -0500] "POST /sipse/faces/presentacion/financiero/solicitudProceso/listarSolicitudProceso.xhtml HTTP/1.1" 200 1440
44.230.252.91 - - [03/Nov/2023:10:05:08 -0500] "GET /BLA/resoluciones/index.php?dir=RESOLUCIONES%202002/RES%202002%201651-1700/ HTTP/1.1" 200 12155
44.230.252.91 - - [03/Nov/2023:10:05:16 -0500] "GET /BLA/resoluciones/index.php?dir=RESOLUCIONES%202002/RES%202002%201651-1700/ HTTP/1.1" 200 12155
