186.102.87.64 - - [03/Nov/2023:07:25:24 -0500] "GET /kwssiamovil/sm/acme/s?s=U2FsdGVkX1+gIsGklPX+1/El0XqRFSoXWeRDKubh51PnUkBUX8cy0LFn0GNLOB0b9xuqSv/IIbMOn6v2LpgS6RqIBjMqrWkPPPR+mE9WaQQT1G66x0jOdy9vvOd77pKx8Egjoa8E8AH7DXAbkafFxBxdU0tUmC4thG0ko9B6vQ0GluOwd0eGa2CzIdMy1ulX3pzdrhY+xcQs8Fv7FvfON9lqxfiKRHPBz3yTf/3BZds5i4+2srcZxHQKi4lxqt3zESWi6W37LaesGLa0TxUBT6+BRbJ8pVYAGsLDVU4mwR1zHGTTbfw5zVtXbEkAGUyDVkFeDT3bnnQaS3IFCi47Ua3Pn1l7NbEsfX1StQPbbjPdbAYgr2uRwCaTR9QQ2fnBj0UXy8XbwZjbH6e1PdIulXfbYuoxMUd4S3XnBZmDwEaREEt48+ICk3uvl5FL7nYfEhYgopUm6ob7fisYovVbDkZ92dk7F67LrmZCNJtJLf+JbPaYqgv6Q8mWOkj/Q2UMw/TO7Xcd90ZBVMCQVSSsd1e8G83rxHZO8l2WgxwVtDj7Awq7853VNMhcuC0ynqYJfTYiAr9t++F/5C7vO5V8aUzu6aLQ1eLpB9cuvjtbMu5QMZwLaC40a3bpR/6UN5dT9Vpx6F92RRpXO/6Uvcs1JsrJ7oWqMp3PHCe3qEe9LdfO8Wy5sZY0+i+XY6tfGWmLC56pctTsm4Cc51XHOQ1jhVnKHek7aNz26Hn12pMachhz0xTzAm7wGbduidjPrt/tZjW5kEZ7Ea+2k+BDrMEYKOuBDxvDENixTvs4OVSSj9RUOPfqW9wlzhN0dOWLPTxdL1chVpaXirI35hL4mSbLyjC3ytrOBZudkc4wkDGJtPd2lDdsE79u8ZFn+wDhUO3AOhKaSim1TnB3jmELXLx1M6e8XYPnK3Xdg6kF8kR4+33aFIBdypMnFUkfFTdK9ZiPy0xwRX/zuOQ5fUukUkwikFQ+6Iy0bTbNrj027dwvsIgFn8UN6gfUYC2LHrh5eqPeHcFYja99Pog6mycJS/y4oo0BEl8M9QZBF+lnDWOt7UPIK/QynhQV3zG2bfl+9YwuOiFV7TMwGmExeMpNKHHWc5CkxVFe+W1PHb3R/rNwdqCGbw80u1Qaod4xIFZPrqVbq+iXA/xpnqwEaKPOn2klK+z/YQg9VUnwZq9+i++DgRnbfO/FfqsnTX2McdSlTejTDPnwatgweLshq8aapvNOH3ETro7rGE0IcaV+s5ttdsCFaGfa3Y4yzjk54eBgp12nvqHqn2ei9zgWW/ZlJaVdiDo5ooOgFvYn0h1p/TG2S3QmGs7ayzFv7k1SdP0Sziu41v9c9eB2WM/EUg9zEIGaYPaJJXT1rtJjEVBeY01L/NUfyHPhJlnnkgHhBLJf5XqpKplhsgkByM70gveSmxwqAMIIl0XMXmGY0yN4TP4LkSt8b7mXCaGA01EQWFtszIxTmtynIWanSbh5s+4rpaV1UfAvOrbVp40NIcd92lAk6bpWzDdpBvx82J0OounuPBgsYbxWJFcjkQ8BBHO29Zu8Tcyov/02LNNsoTgBbXysxoFHa2be5uQXmZ/6jh+NR1kF+SJExxpmv7tOPdVG2Da68FkyJ2KcEsF6gZz2PyNgL7qjmLwRWZfdkr5kcO5EMX1g03XKtiW6eDvdbham0qBmkNoG4ZbvnZ8O7ma/3hDfdlmTPxjEvJRfelHJ2QajL5N8zR0HY66zk0iy7pRM+9gVISFoCS2weJFij3ctY1V4HsE=&u=U2FsdGVkX18iENWE50Zw6hIRh7+qB12O2AC3Ouy3nKU=&y=U2FsdGVkX1/Q1yNcJFdnS428CiDeRYJXjuRYWKZiPRQ= HTTP/1.1" 200 364
186.102.87.64 - - [03/Nov/2023:07:25:24 -0500] "GET /kwssiamovil/sm/acme/s?s=U2FsdGVkX1/eXeQVlJDNQacTIPAbiMHk5LcEfsj5euQAsCtwqpKG51PfPV0lCj+jdmZScCFlm4hrWD+CtaI29JEsNEdDoQyAI0GDVT0T+NjHRMfNbXIQ4r6910mCwRSSEN2fzDNXkJhKk29NJ5CRnSTwM7LJ0IZu99mRmcmqnKu7d/VR1zzTuSg7gP1Ccf20Aur+rFeMCWJnU18gujh4wlOZazWwDb63IGfh8R4lr/MR8CO8lwy7w2DZJFoacV3376nvDOa6jem/RahmNDy60BM9uHYNJFwb4D0lj3DbBd+PNq+cuYE0dMhVL0fjlqCUcpTnEklo5zxnRJBhpaJDjTM8oGizMRGqP6rTgybbI47QOz8bSWlL16hiolHLilyZVFZVTbW4gAlB3Ch0+6fucXcjAzBhqxbqKtxB0Z2g3daP2TKzKgbzMpD/U914M5hGAaPzOfdFEhP8QrD0tzyBajWAnU7wDINUQab4OTaTrIy9YH2TE6x2JXt4kSyel5YzD5lf5aDzOnOBQTJg7Ki4VAlKiM6+HvdkNdPr2cvcTr+iWCX+m6Q3GCF/fZjI0SaqzXn7IKFDxzv+sKHf+fZLq+kCWgrX7RGBqEpLNBoei3UbvofaWnRs3gqUPihN12m0m0R9BejdTcdd0PylfRoGDhjDYbcSqA8Kf72WRFWgjkRv+KLUhBgrELhC8vfqou8aX75GbRxTSKz13vuYi+SX8lScYed3t/T3kQlNLesw/Bfc4JTTTTZC3sLLoOu2tZYI&u=U2FsdGVkX18iENWE50Zw6hIRh7+qB12O2AC3Ouy3nKU=&y=U2FsdGVkX1/Q1yNcJFdnS428CiDeRYJXjuRYWKZiPRQ= HTTP/1.1" 200 208
44.231.202.44 - - [03/Nov/2023:07:25:24 -0500] "GET /BLA/resoluciones/index.php?dir=RESOLUCIONES%202004/RES%202004%201751-1800/ HTTP/1.1" 200 12363
186.102.87.64 - - [03/Nov/2023:07:25:24 -0500] "GET /kwssiamovil/sm/cjson/pre?f=1&x=U2FsdGVkX1/wD0YWSCNq0L90lHOtn68+QLMYVc96KCA05ICxHWu6eA6BCteDq13x HTTP/1.1" 200 31032
44.231.202.44 - - [03/Nov/2023:07:25:27 -0500] "GET /BLA/resoluciones/index.php?dir=RESOLUCIONES%202004/RES%202004%20851-900/ HTTP/1.1" 200 12040
54.184.159.16 - - [03/Nov/2023:07:25:35 -0500] "GET /BLA/resoluciones/index.php?dir=RESOLUCIONES%202006/RES%202006%202151-2200/&order=desc&sort=name HTTP/1.1" 200 12367
201.245.192.253 - - [03/Nov/2023:07:25:38 -0500] "POST /forms/lservlet;jsessionid=ac16012b30d6b14c8f46b725431e8887c639ff4d95f3.e3iSbxaKaheRe3eRa38MahaQbi1ynknvrkLOlQzNp65In0 HTTP/1.1" 200 2
50.112.160.3 - - [03/Nov/2023:07:25:43 -0500] "GET /BLA/resoluciones/index.php?dir=AUTOS%202019/&order=asc&sort=name HTTP/1.1" 200 390105
172.22.2.4 - - [03/Nov/2023:07:24:19 -0500] "HEAD /BLA/boletinlegal/ HTTP/1.1" 200 -
201.245.192.253 - - [03/Nov/2023:07:26:05 -0500] "POST /kwsrmcab/Wsrmcab  HTTP/1.1" 200 42686
181.56.171.197 - - [03/Nov/2023:07:26:11 -0500] "GET /sipse/faces/index.xhtml HTTP/1.1" 200 677
181.56.171.197 - - [03/Nov/2023:07:26:12 -0500] "GET /sipse/faces/javax.faces.resource/theme.css?ln=primefaces-sipse HTTP/1.1" 304 -
181.56.171.197 - - [03/Nov/2023:07:26:12 -0500] "GET /sipse/faces/faces/autenticacion.xhtml HTTP/1.1" 200 12406
181.56.171.197 - - [03/Nov/2023:07:26:12 -0500] "GET /sipse/css/custom_css_sg.css HTTP/1.1" 304 -
181.56.171.197 - - [03/Nov/2023:07:26:12 -0500] "GET /sipse/css/custom_css_sg_prime_login.css HTTP/1.1" 304 -
181.56.171.197 - - [03/Nov/2023:07:26:12 -0500] "GET /sipse/faces/javax.faces.resource/theme.css?ln=primefaces-sipse HTTP/1.1" 304 -
181.56.171.197 - - [03/Nov/2023:07:26:12 -0500] "GET /sipse/faces/javax.faces.resource/primefaces.css?ln=primefaces&v=4.0 HTTP/1.1" 304 -
181.56.171.197 - - [03/Nov/2023:07:26:12 -0500] "GET /sipse/js/disable_browser_buttons.js HTTP/1.1" 304 -
181.56.171.197 - - [03/Nov/2023:07:26:12 -0500] "GET /sipse/faces/javax.faces.resource/layout/layout.css?ln=primefaces&v=4.0 HTTP/1.1" 304 -
181.56.171.197 - - [03/Nov/2023:07:26:12 -0500] "GET /sipse/js/funciones.js HTTP/1.1" 304 -
181.56.171.197 - - [03/Nov/2023:07:26:12 -0500] "GET /sipse/faces/javax.faces.resource/jquery/jquery.js?ln=primefaces&v=4.0 HTTP/1.1" 304 -
181.56.171.197 - - [03/Nov/2023:07:26:12 -0500] "GET /sipse/faces/javax.faces.resource/jquery/jquery-plugins.js?ln=primefaces&v=4.0 HTTP/1.1" 304 -
181.56.171.197 - - [03/Nov/2023:07:26:12 -0500] "GET /sipse/faces/javax.faces.resource/layout/layout.js?ln=primefaces&v=4.0 HTTP/1.1" 304 -
181.56.171.197 - - [03/Nov/2023:07:26:12 -0500] "GET /sipse/faces/javax.faces.resource/primefaces.js?ln=primefaces&v=4.0 HTTP/1.1" 304 -
181.56.171.197 - - [03/Nov/2023:07:26:12 -0500] "GET /sipse/css/imagen/loginimg.png HTTP/1.1" 304 -
181.56.171.197 - - [03/Nov/2023:07:26:12 -0500] "GET /sipse/css/imagen/logoSDG.png HTTP/1.1" 304 -
181.56.171.197 - - [03/Nov/2023:07:26:12 -0500] "GET /sipse/faces/javax.faces.resource/images/ui-icons_898989_256x240.png?ln=primefaces-aristo HTTP/1.1" 304 -
40.77.167.2 - - [03/Nov/2023:07:26:16 -0500] "GET /BLA/resoluciones/AUTOS%202023/5158.pdf HTTP/1.1" 200 1344995
172.22.2.4 - - [03/Nov/2023:07:25:10 -0500] "GET /BLA/boletinlegal/ HTTP/1.1" 200 49099
181.56.171.197 - - [03/Nov/2023:07:26:34 -0500] "POST /sipse/faces/autenticacion.xhtml HTTP/1.1" 200 2220
181.56.171.197 - - [03/Nov/2023:07:26:34 -0500] "GET /sipse/faces/javax.faces.resource/messages/messages.png?ln=primefaces&v=4.0 HTTP/1.1" 304 -
181.56.171.197 - - [03/Nov/2023:07:26:37 -0500] "POST /sipse/faces/autenticacion.xhtml HTTP/1.1" 200 16342
181.56.171.197 - - [03/Nov/2023:07:26:37 -0500] "GET /sipse/css/custom_css_sg_prime.css HTTP/1.1" 304 -
181.56.171.197 - - [03/Nov/2023:07:26:37 -0500] "GET /sipse/faces/javax.faces.resource/theme.css?ln=primefaces-sipse HTTP/1.1" 304 -
181.56.171.197 - - [03/Nov/2023:07:26:37 -0500] "GET /sipse/js/jquery.min.js HTTP/1.1" 304 -
181.56.171.197 - - [03/Nov/2023:07:26:37 -0500] "GET /sipse/faces/javax.faces.resource/primefaces.css?ln=primefaces&v=4.0 HTTP/1.1" 304 -
181.56.171.197 - - [03/Nov/2023:07:26:37 -0500] "GET /sipse/faces/javax.faces.resource/layout/layout.css?ln=primefaces&v=4.0 HTTP/1.1" 304 -
181.56.171.197 - - [03/Nov/2023:07:26:37 -0500] "GET /sipse/faces/javax.faces.resource/jquery/jquery.js?ln=primefaces&v=4.0 HTTP/1.1" 304 -
181.56.171.197 - - [03/Nov/2023:07:26:37 -0500] "GET /sipse/faces/javax.faces.resource/jquery/jquery-plugins.js?ln=primefaces&v=4.0 HTTP/1.1" 304 -
181.56.171.197 - - [03/Nov/2023:07:26:37 -0500] "GET /sipse/faces/javax.faces.resource/primefaces.js?ln=primefaces&v=4.0 HTTP/1.1" 304 -
181.56.171.197 - - [03/Nov/2023:07:26:37 -0500] "GET /sipse/faces/javax.faces.resource/layout/layout.js?ln=primefaces&v=4.0 HTTP/1.1" 304 -
181.56.171.197 - - [03/Nov/2023:07:26:37 -0500] "GET /sipse/css/v_mergente.css HTTP/1.1" 304 -
181.56.171.197 - - [03/Nov/2023:07:26:37 -0500] "GET /sipse/imagenes/logoAplicacion.jpg HTTP/1.1" 304 -
181.56.171.197 - - [03/Nov/2023:07:26:37 -0500] "GET /sipse/imagenes/cargando.gif HTTP/1.1" 304 -
181.56.171.197 - - [03/Nov/2023:07:26:37 -0500] "GET /sipse/css/imagen/contrasena.png HTTP/1.1" 404 383
181.56.171.197 - - [03/Nov/2023:07:26:39 -0500] "GET /sipse/faces/javax.faces.resource/images/ui-bg_flat_0_2d5972_40x100.png?ln=primefaces-aristo HTTP/1.1" 304 -
181.56.171.197 - - [03/Nov/2023:07:26:39 -0500] "POST /sipse/faces/bienvenido.xhtml HTTP/1.1" 200 2658
181.56.171.197 - - [03/Nov/2023:07:26:40 -0500] "POST /sipse/faces/bienvenido.xhtml HTTP/1.1" 200 64421
181.56.171.197 - - [03/Nov/2023:07:26:41 -0500] "GET /sipse/faces/javax.faces.resource/theme.css?ln=primefaces-sipse HTTP/1.1" 304 -
181.56.171.197 - - [03/Nov/2023:07:26:41 -0500] "GET /sipse/faces/javax.faces.resource/primefaces.css?ln=primefaces&v=4.0 HTTP/1.1" 304 -
181.56.171.197 - - [03/Nov/2023:07:26:41 -0500] "GET /sipse/faces/javax.faces.resource/layout/layout.css?ln=primefaces&v=4.0 HTTP/1.1" 304 -
181.56.171.197 - - [03/Nov/2023:07:26:41 -0500] "GET /sipse/faces/javax.faces.resource/jquery/jquery.js?ln=primefaces&v=4.0 HTTP/1.1" 304 -
181.56.171.197 - - [03/Nov/2023:07:26:41 -0500] "GET /sipse/faces/javax.faces.resource/jquery/jquery-plugins.js?ln=primefaces&v=4.0 HTTP/1.1" 304 -
181.56.171.197 - - [03/Nov/2023:07:26:41 -0500] "GET /sipse/faces/javax.faces.resource/primefaces.js?ln=primefaces&v=4.0 HTTP/1.1" 304 -
181.56.171.197 - - [03/Nov/2023:07:26:41 -0500] "GET /sipse/faces/javax.faces.resource/layout/layout.js?ln=primefaces&v=4.0 HTTP/1.1" 304 -
181.56.171.197 - - [03/Nov/2023:07:26:41 -0500] "POST /sipse/faces/presentacion/financiero/solicitudProceso/listarSolicitudProceso.xhtml HTTP/1.1" 200 1548
181.56.171.197 - - [03/Nov/2023:07:26:44 -0500] "POST /sipse/faces/presentacion/financiero/solicitudProceso/listarSolicitudProceso.xhtml HTTP/1.1" 200 10474
181.56.171.197 - - [03/Nov/2023:07:26:57 -0500] "POST /sipse/faces/presentacion/financiero/solicitudProceso/listarSolicitudProceso.xhtml HTTP/1.1" 200 31457
181.56.171.197 - - [03/Nov/2023:07:27:11 -0500] "POST /sipse/faces/presentacion/financiero/solicitudProceso/listarSolicitudProceso.xhtml HTTP/1.1" 200 3173
181.56.171.197 - - [03/Nov/2023:07:27:13 -0500] "POST /sipse/faces/presentacion/financiero/solicitudProceso/listarSolicitudProceso.xhtml HTTP/1.1" 200 40727
181.56.171.197 - - [03/Nov/2023:07:27:13 -0500] "GET /sipse/faces/javax.faces.resource/primefaces.css?ln=primefaces&v=4.0 HTTP/1.1" 304 -
181.56.171.197 - - [03/Nov/2023:07:27:13 -0500] "GET /sipse/faces/javax.faces.resource/theme.css?ln=primefaces-sipse HTTP/1.1" 304 -
181.56.171.197 - - [03/Nov/2023:07:27:13 -0500] "GET /sipse/faces/javax.faces.resource/layout/layout.css?ln=primefaces&v=4.0 HTTP/1.1" 304 -
181.56.171.197 - - [03/Nov/2023:07:27:13 -0500] "GET /sipse/faces/javax.faces.resource/jquery/jquery.js?ln=primefaces&v=4.0 HTTP/1.1" 304 -
181.56.171.197 - - [03/Nov/2023:07:27:13 -0500] "GET /sipse/faces/javax.faces.resource/jquery/jquery-plugins.js?ln=primefaces&v=4.0 HTTP/1.1" 304 -
181.56.171.197 - - [03/Nov/2023:07:27:13 -0500] "GET /sipse/faces/javax.faces.resource/primefaces.js?ln=primefaces&v=4.0 HTTP/1.1" 304 -
181.56.171.197 - - [03/Nov/2023:07:27:13 -0500] "GET /sipse/faces/javax.faces.resource/layout/layout.js?ln=primefaces&v=4.0 HTTP/1.1" 304 -
181.56.171.197 - - [03/Nov/2023:07:27:13 -0500] "POST /sipse/faces/presentacion/financiero/solicitudProceso/consultar.xhtml HTTP/1.1" 200 34137
201.245.192.253 - - [03/Nov/2023:07:27:20 -0500] "POST /kwsrmcab/Wsrmcab HTTP/1.1" 200 42230
201.245.192.253 - - [03/Nov/2023:07:27:23 -0500] "POST /kwsrmcab/Wsrmcab HTTP/1.1" 200 40542
181.56.171.197 - - [03/Nov/2023:07:27:26 -0500] "POST /sipse/faces/presentacion/financiero/solicitudProceso/consultar.xhtml HTTP/1.1" 200 12843
181.56.171.197 - - [03/Nov/2023:07:27:36 -0500] "POST /sipse/faces/presentacion/financiero/solicitudProceso/consultar.xhtml HTTP/1.1" 200 37209
181.56.171.197 - - [03/Nov/2023:07:27:36 -0500] "POST /sipse/faces/presentacion/financiero/solicitudProceso/consultar.xhtml HTTP/1.1" 200 37209
181.56.171.197 - - [03/Nov/2023:07:27:36 -0500] "POST /sipse/faces/presentacion/financiero/solicitudProceso/consultar.xhtml HTTP/1.1" 200 37209
201.245.192.253 - - [03/Nov/2023:07:27:38 -0500] "POST /forms/lservlet;jsessionid=ac16012b30d6b14c8f46b725431e8887c639ff4d95f3.e3iSbxaKaheRe3eRa38MahaQbi1ynknvrkLOlQzNp65In0 HTTP/1.1" 200 2
50.112.160.3 - - [03/Nov/2023:07:27:40 -0500] "GET /BLA/resoluciones/index.php?dir=RESOLUCIONES%202004/RES%202004%202351-2401/ HTTP/1.1" 200 12572
181.56.171.197 - - [03/Nov/2023:07:27:42 -0500] "POST /sipse/faces/presentacion/financiero/solicitudProceso/consultar.xhtml HTTP/1.1" 200 65594
181.56.171.197 - - [03/Nov/2023:07:27:42 -0500] "GET /sipse/faces/javax.faces.resource/theme.css?ln=primefaces-sipse HTTP/1.1" 304 -
181.56.171.197 - - [03/Nov/2023:07:27:42 -0500] "GET /sipse/faces/javax.faces.resource/jquery/jquery.js?ln=primefaces&v=4.0 HTTP/1.1" 304 -
181.56.171.197 - - [03/Nov/2023:07:27:42 -0500] "GET /sipse/faces/javax.faces.resource/primefaces.css?ln=primefaces&v=4.0 HTTP/1.1" 304 -
181.56.171.197 - - [03/Nov/2023:07:27:42 -0500] "GET /sipse/faces/javax.faces.resource/layout/layout.css?ln=primefaces&v=4.0 HTTP/1.1" 304 -
181.56.171.197 - - [03/Nov/2023:07:27:42 -0500] "GET /sipse/faces/javax.faces.resource/jquery/jquery-plugins.js?ln=primefaces&v=4.0 HTTP/1.1" 304 -
181.56.171.197 - - [03/Nov/2023:07:27:42 -0500] "GET /sipse/faces/javax.faces.resource/primefaces.js?ln=primefaces&v=4.0 HTTP/1.1" 304 -
181.56.171.197 - - [03/Nov/2023:07:27:42 -0500] "GET /sipse/faces/javax.faces.resource/layout/layout.js?ln=primefaces&v=4.0 HTTP/1.1" 304 -
181.56.171.197 - - [03/Nov/2023:07:27:42 -0500] "POST /sipse/faces/presentacion/financiero/solicitudProceso/listarSolicitudProceso.xhtml HTTP/1.1" 200 58978
181.56.171.197 - - [03/Nov/2023:07:27:43 -0500] "POST /sipse/faces/presentacion/financiero/solicitudProceso/listarSolicitudProceso.xhtml HTTP/1.1" 200 58978
181.56.171.197 - - [03/Nov/2023:07:27:43 -0500] "POST /sipse/faces/presentacion/financiero/solicitudProceso/listarSolicitudProceso.xhtml HTTP/1.1" 200 1548
181.56.171.197 - - [03/Nov/2023:07:27:43 -0500] "POST /sipse/faces/presentacion/financiero/solicitudProceso/listarSolicitudProceso.xhtml HTTP/1.1" 200 1560
181.56.171.197 - - [03/Nov/2023:07:27:44 -0500] "POST /sipse/faces/presentacion/financiero/solicitudProceso/listarSolicitudProceso.xhtml HTTP/1.1" 200 1556
181.56.171.197 - - [03/Nov/2023:07:27:45 -0500] "POST /sipse/faces/presentacion/financiero/solicitudProceso/listarSolicitudProceso.xhtml HTTP/1.1" 200 10474
50.112.160.3 - - [03/Nov/2023:07:28:28 -0500] "GET /BLA/resoluciones/index.php?dir=RESOLUCIONES%202004/RES%202004%201901-1950/ HTTP/1.1" 200 12350
201.245.192.253 - - [03/Nov/2023:07:29:38 -0500] "POST /forms/lservlet;jsessionid=ac16012b30d6b14c8f46b725431e8887c639ff4d95f3.e3iSbxaKaheRe3eRa38MahaQbi1ynknvrkLOlQzNp65In0 HTTP/1.1" 200 2
172.22.2.4 - - [03/Nov/2023:07:28:51 -0500] "HEAD /BLA/boletinlegal/ HTTP/1.1" 200 -
201.245.192.253 - - [03/Nov/2023:07:30:33 -0500] "POST /kwsrmcab/Wsrmcab HTTP/1.1" 200 42230
201.245.192.253 - - [03/Nov/2023:07:30:36 -0500] "POST /kwsrmcab/Wsrmcab HTTP/1.1" 200 40542
201.245.192.253 - - [03/Nov/2023:07:31:04 -0500] "POST /kwsrmcab/Wsrmcab  HTTP/1.1" 200 42686
54.184.159.16 - - [03/Nov/2023:07:31:26 -0500] "GET /BLA/resoluciones/index.php?dir=RESOLUCIONES%202004/RES%202004%20201-250/ HTTP/1.1" 200 12050
54.184.159.16 - - [03/Nov/2023:07:31:35 -0500] "GET /BLA/resoluciones/index.php?dir=RESOLUCIONES%202004/RES%202004%20801-850/ HTTP/1.1" 200 12048
201.245.192.253 - - [03/Nov/2023:07:31:38 -0500] "POST /forms/lservlet;jsessionid=ac16012b30d6b14c8f46b725431e8887c639ff4d95f3.e3iSbxaKaheRe3eRa38MahaQbi1ynknvrkLOlQzNp65In0 HTTP/1.1" 200 2
50.112.160.3 - - [03/Nov/2023:07:31:40 -0500] "GET /BLA/resoluciones/index.php?dir=RESOLUCIONES%202004/RES%202004%201251-1300/ HTTP/1.1" 200 12352
40.77.167.38 - - [03/Nov/2023:07:32:10 -0500] "GET /bla/resoluciones/resoluciones%202012/1255.pdf HTTP/1.1" 200 316894
157.90.251.233 - - [03/Nov/2023:07:32:28 -0500] "GET / HTTP/1.1" 200 319
201.245.192.253 - - [03/Nov/2023:07:33:38 -0500] "POST /forms/lservlet;jsessionid=ac16012b30d6b14c8f46b725431e8887c639ff4d95f3.e3iSbxaKaheRe3eRa38MahaQbi1ynknvrkLOlQzNp65In0 HTTP/1.1" 200 2
54.184.159.16 - - [03/Nov/2023:07:33:53 -0500] "GET /BLA/resoluciones/index.php?dir=RESOLUCIONES%202004/RES%202004%20501-550/ HTTP/1.1" 200 12048
50.112.160.3 - - [03/Nov/2023:07:34:16 -0500] "GET /BLA/resoluciones/index.php?dir=RESOLUCIONES%202004/&order=desc&sort=name HTTP/1.1" 200 33859
172.22.2.4 - - [03/Nov/2023:07:33:24 -0500] "HEAD /BLA/boletinlegal/ HTTP/1.1" 200 -
181.56.171.197 - - [03/Nov/2023:07:35:14 -0500] "POST /sipse/faces/presentacion/financiero/solicitudProceso/listarSolicitudProceso.xhtml HTTP/1.1" 200 58978
181.56.171.197 - - [03/Nov/2023:07:35:15 -0500] "POST /sipse/faces/presentacion/financiero/solicitudProceso/listarSolicitudProceso.xhtml HTTP/1.1" 200 58978
181.56.171.197 - - [03/Nov/2023:07:35:15 -0500] "POST /sipse/faces/presentacion/financiero/solicitudProceso/listarSolicitudProceso.xhtml HTTP/1.1" 200 58978
181.56.171.197 - - [03/Nov/2023:07:35:16 -0500] "POST /sipse/faces/presentacion/financiero/solicitudProceso/listarSolicitudProceso.xhtml HTTP/1.1" 200 58978
181.56.171.197 - - [03/Nov/2023:07:35:16 -0500] "POST /sipse/faces/presentacion/financiero/solicitudProceso/listarSolicitudProceso.xhtml HTTP/1.1" 200 1548
181.56.171.197 - - [03/Nov/2023:07:35:17 -0500] "POST /sipse/faces/presentacion/financiero/solicitudProceso/listarSolicitudProceso.xhtml HTTP/1.1" 200 1560
181.56.171.197 - - [03/Nov/2023:07:35:17 -0500] "POST /sipse/faces/presentacion/financiero/solicitudProceso/listarSolicitudProceso.xhtml HTTP/1.1" 200 1556
181.56.171.197 - - [03/Nov/2023:07:35:17 -0500] "POST /sipse/faces/presentacion/financiero/solicitudProceso/listarSolicitudProceso.xhtml HTTP/1.1" 200 1560
50.112.160.3 - - [03/Nov/2023:07:35:21 -0500] "GET /BLA/resoluciones/index.php?dir=RESOLUCIONES%202004/RES%202004%20601-650/ HTTP/1.1" 200 12060
181.56.171.197 - - [03/Nov/2023:07:35:22 -0500] "POST /sipse/faces/presentacion/financiero/solicitudProceso/listarSolicitudProceso.xhtml HTTP/1.1" 200 43799
181.56.171.197 - - [03/Nov/2023:07:35:23 -0500] "GET /sipse/faces/javax.faces.resource/theme.css?ln=primefaces-sipse HTTP/1.1" 304 -
181.56.171.197 - - [03/Nov/2023:07:35:23 -0500] "GET /sipse/faces/javax.faces.resource/layout/layout.css?ln=primefaces&v=4.0 HTTP/1.1" 304 -
181.56.171.197 - - [03/Nov/2023:07:35:23 -0500] "GET /sipse/faces/javax.faces.resource/primefaces.css?ln=primefaces&v=4.0 HTTP/1.1" 304 -
181.56.171.197 - - [03/Nov/2023:07:35:23 -0500] "GET /sipse/faces/javax.faces.resource/jquery/jquery.js?ln=primefaces&v=4.0 HTTP/1.1" 304 -
181.56.171.197 - - [03/Nov/2023:07:35:23 -0500] "GET /sipse/faces/javax.faces.resource/jquery/jquery-plugins.js?ln=primefaces&v=4.0 HTTP/1.1" 304 -
181.56.171.197 - - [03/Nov/2023:07:35:23 -0500] "GET /sipse/faces/javax.faces.resource/primefaces.js?ln=primefaces&v=4.0 HTTP/1.1" 304 -
181.56.171.197 - - [03/Nov/2023:07:35:23 -0500] "GET /sipse/faces/javax.faces.resource/layout/layout.js?ln=primefaces&v=4.0 HTTP/1.1" 304 -
181.56.171.197 - - [03/Nov/2023:07:35:23 -0500] "POST /sipse/faces/presentacion/financiero/solicitudProceso/consultar.xhtml HTTP/1.1" 200 37209
181.56.171.197 - - [03/Nov/2023:07:35:23 -0500] "POST /sipse/faces/presentacion/financiero/solicitudProceso/consultar.xhtml HTTP/1.1" 200 37209
181.56.171.197 - - [03/Nov/2023:07:35:24 -0500] "POST /sipse/faces/presentacion/financiero/solicitudProceso/consultar.xhtml HTTP/1.1" 200 37209
54.184.159.16 - - [03/Nov/2023:07:35:25 -0500] "GET /BLA/resoluciones/index.php?dir=RESOLUCIONES%202004/RES%202004%2001-%2050/ HTTP/1.1" 200 11966
201.245.192.253 - - [03/Nov/2023:07:35:38 -0500] "POST /forms/lservlet;jsessionid=ac16012b30d6b14c8f46b725431e8887c639ff4d95f3.e3iSbxaKaheRe3eRa38MahaQbi1ynknvrkLOlQzNp65In0 HTTP/1.1" 200 2
216.245.221.92 - - [03/Nov/2023:07:35:53 -0500] "HEAD / HTTP/1.1" 200 -
201.245.192.253 - - [03/Nov/2023:07:36:03 -0500] "POST /kwsrmcab/Wsrmcab  HTTP/1.1" 200 42686
216.244.66.195 - - [03/Nov/2023:07:36:08 -0500] "GET /BLA/resoluciones/AUTOS%202015/3959.pdf HTTP/1.1" 200 456492
52.167.144.194 - - [03/Nov/2023:07:36:12 -0500] "GET /BLA/resoluciones/RESOLUCIONES%202021/2588.pdf HTTP/1.1" 200 343736
172.22.2.4 - - [03/Nov/2023:07:34:44 -0500] "GET /BLA/boletinlegal/ HTTP/1.1" 200 61018
114.119.128.139 - - [03/Nov/2023:07:37:00 -0500] "GET /portalsiaccapacitaciones/Listas%20de%20Asistencia%202015/L.A-MT4-19May2015.pdf HTTP/1.1" 200 422566
216.244.66.195 - - [03/Nov/2023:07:37:05 -0500] "GET /BLA/resoluciones/RESOLUCIONES%202018/3369.pdf HTTP/1.1" 200 684782
186.102.87.64 - - [03/Nov/2023:07:37:06 -0500] "GET /kwssiamovil/sm/acme/a?s=U2FsdGVkX1+NSOLza5hC49WN0cjI2GrUY/Vl4SwEPR20h7qgQduu2F/KUimaiaHYShiWZqUKbM59b1ZqGg5LTVi6489dLlFmQw4/Uv8YeaXPO6BRAIb+uogCSU7EITkzT46xdKCTMkLqzfwkS11RYl/blqqzAD0yhzk45NOMgCrTP3Nbx3wOT+4drmHb9yKWWnBLYN3tMG4G/7RrItgPafDyb20lAkXkcKyExOpMdoZkwaDokXBFsR9c3kWiVsZ0ks6NQSaflPdg4cwXQ70IOA==&u=U2FsdGVkX18iENWE50Zw6hIRh7+qB12O2AC3Ouy3nKU=&y=U2FsdGVkX1/Q1yNcJFdnS428CiDeRYJXjuRYWKZiPRQ= HTTP/1.1" 200 26
186.102.87.64 - - [03/Nov/2023:07:37:07 -0500] "GET /kwssiamovil/sm/acme/a?s=U2FsdGVkX19ux8opuiVVlum6Ivc+Ztq6BaDiByN9wXYBxIKBd0pecYyYvaVMlTek5paHf6R2+PXSRO3NONWyzqEbZnwtqmwBfzKRU0JxoabcGUHOGUk1ul2pV9ojub/1zOtIRjvFPKFwk6I6LwUEMs+gK6/zSxPK5UGbw/7qf0CnZJClbrM8bE+5rWyl39L4PsRRFvBE8m3TAapCxWoGVFxeqxzOM5lQ6s6HmC6T7BQtUwvq6RM291zy9eO3pUkSb9m3FP9YfgTyx+vwq1DMhgYaubN06hbCsbIvWP78SpkJ26g2iInoExW9VZQIqQAZMyQCAz9L1mOLp8TeXXFhSJxpo2DwW7U6n6wC5d/81zUikZFEHDvr5xarC+21J/Sal88k2TjEJjknKVB7PKk7UPy23++SdGE0qwgblQGgJmwdgsSttJhU4sX9W9+hXbf5fu2FElwR32/ZzjyWR9IKtBAwYi4eh+SVUUn04ghn7XRZdHPxUynX0079UuPDPxAl8MJ77S1CcawrEfdXxdqGdg9uPV+XPwbezWmfRUUHZ8mbW3zTh86EW0p7TvKLKY70Tet8J4LBDcfUkwwBJadpOa1i9fMfTPsmdLnV3VR8T2CoQqPVNX5Pi3V0Bu6/MdH9dRI1Evenjv+v1PDF5OZtYek8CAGmrBlGUOXk0FEkk49Rsz2bYFdk51nxMx5QiGKdN0+R91KGM3MDjTmMCTRVTfhgIm2hG60S3oOgQmk5Hfa5SttV1qh7FlRYZXu8YNEF5pK5Yhy4xtUJL4UJjGkzQdM8a2tihEU0zrD3w+gTYZrY0lwG9O7EEfyTHnDcZPPpmnmKJleQ6T0rXuBiz/PBb8N0Y8Wy1Zmoe/ZbMS/RYERh51dRchDCWUAYh49s5ORceNovULnai9QoXhxnvobkZpMbfcuJLrAC7kkjDJu7BBRrs8RadFtng4ErUh1xj2xVzvQV1zyLfudfhQ20puJF2zywexJYAeDAb2txUefi3TCvbtB5s7p7kXkQAPKWJ7oX97w2H0OenaWbNHMGvAlB4eLSad2Dd4Nk09tIVIEa7gmATbZbjhRjtTRQ0x3QKyI1/dssineAL3njPI+B37OjDlU2mEaU8PhCPp3Ws0gluEYMM/grRPKG5a181wqxRNgGHcuKEaX0WUO1O12JugIJdzt9RN3tsIG9YlSE/B3kOio723YVUVgiTIhAEflce+gZoPOON8cLOGUUWdG0HSXiVIRzdBYNVBD6uTK4Ed4c9GE1H0ExdVZ8EGroB6k+ple1gtPscUJdcdKZ3ZZWVLsV4UEGlyrjVuXNcUL47O98uF3osgUPk+FdC12h+GDxRc+fD7+gWEhhnsnN1nKXyxDbYF4lFyPIQwZaRcRpAwotVbrWW9thWOd0yx9a+5ZV84dmK5ol4U33SXXLxVMxR6FRq1iPhDewUNjPYxe8pXTTPnbP5/BbBKqqrmaoDJ43Gnez4PVvaxz2dzYgmYFv367rzEeQXN0ia/o2zkyOoAA2GFkIQpQoETZSyxVpI8+IlqRcFKBEZyDZMH7Ak12AMFPxhhdpluMuVmN8geUaN+IfNqh7LS3Y+q3wmbKHQ79WC/xpttjoR87FjxnDL/dUZAkf5R+efVX77k0YjW7QOWh1Gx4ebA/GumkewW2X7iuQ3gi5chd+pMidPOZg0F1R7fbqOifjVDU/MSU3puCzv8oulTi1L35ILGf66UXdIj1UqW1BcLIRBTq0okucupNU/LEDEmFhWR4MwsriKpp8GrNvhmVSUrmex2WPsN2A5B/Ujiurc5L5x97Wye1LgAU1faNWfUWVOA5ax86hFVCpUZBRdZdlx2PS9fn3mBETKl0Cx4rbnEGiLtz68EwYSmIswZSYjvWlQI8ZGW6zTudxQPW8Qkh/Ijw8ESRp2XbIigdsX8YqIDfa0YwlcmK0IxD6DhiMdg==&u=U2FsdGVkX18iENWE50Zw6hIRh7+qB12O2AC3Ouy3nKU=&y=U2FsdGVkX1/Q1yNcJFdnS428CiDeRYJXjuRYWKZiPRQ= HTTP/1.1" 200 26
186.102.87.64 - - [03/Nov/2023:07:37:07 -0500] "GET /kwssiamovil/sm/acme/a?s=U2FsdGVkX19FF2yj05EHdT6i61oiP0KBKPGZq8JwmnPbu1PbiJt2PMtR94RcPYK/ioPbTzR0oV5o3fAnTeXJIsOJpWnqL406c9ez8GVXve/MNfyeXfF9HVVJx/Q4BS4Puzr+v3eYgICE6gYc7OYMZyX6VgO0IFyglf+/oGHXToc=&u=U2FsdGVkX18iENWE50Zw6hIRh7+qB12O2AC3Ouy3nKU=&y=U2FsdGVkX1/Q1yNcJFdnS428CiDeRYJXjuRYWKZiPRQ= HTTP/1.1" 200 26
186.102.87.64 - - [03/Nov/2023:07:37:08 -0500] "GET /kwssiamovil/sm/acme/a?s=U2FsdGVkX18mpVZWqoiZ0F1F8nE7KKr2eDhFREZD6edr1Kkg35xxP1S5z56Tsht2HfgWY0HQPgmP7L73wdcAQmSKHjxfSme9iS6givS2JWKrHzaAqDshLmTBSGrUGX7kDfiwuRRxFGanJq87mXAPpwVydl7IcNdRLItExuDEuLs=&u=U2FsdGVkX18iENWE50Zw6hIRh7+qB12O2AC3Ouy3nKU=&y=U2FsdGVkX1/Q1yNcJFdnS428CiDeRYJXjuRYWKZiPRQ= HTTP/1.1" 200 26
186.102.87.64 - - [03/Nov/2023:07:37:08 -0500] "GET /kwssiamovil/sm/acme/a?s=U2FsdGVkX19o5qD3gM6gQ4J+tZGWyMWvxN4Hdt5B+hAHQ6Ddq/Ols3p5TemziGvwaRxMq0j5sKlouGRTQ3whzf8Ri8QB8nimuwcDmzbMXPtWmsh9NhrMrB1BhpoUCPeIrxJRNb4ammxc8SfKHnj+Mpfs65sHocZ+IOm7QCAZUj4=&u=U2FsdGVkX18iENWE50Zw6hIRh7+qB12O2AC3Ouy3nKU=&y=U2FsdGVkX1/Q1yNcJFdnS428CiDeRYJXjuRYWKZiPRQ= HTTP/1.1" 200 26
186.102.87.64 - - [03/Nov/2023:07:37:08 -0500] "GET /kwssiamovil/sm/acme/a?s=U2FsdGVkX1+GdTTK1g0vNeFb2ZrCZN5ag9xdrdg7kZ/dB2hgQKLwddP2tqDwHFd1R7//llsQOloTuSPObV3yF/xrvDIfC82xuw0K2a1PirLrrXVfqsh6plo8HuLny/V4lVmiC8cB4xrJ3dHDZos9GmDsZ9clNlmtARLVaHia0BBBoihAoQChewvPq1YFYl4C&u=U2FsdGVkX18iENWE50Zw6hIRh7+qB12O2AC3Ouy3nKU=&y=U2FsdGVkX1/Q1yNcJFdnS428CiDeRYJXjuRYWKZiPRQ= HTTP/1.1" 200 26
201.245.192.253 - - [03/Nov/2023:07:37:20 -0500] "POST /kwsrmcab/Wsrmcab HTTP/1.1" 200 42230
201.245.192.253 - - [03/Nov/2023:07:37:23 -0500] "POST /kwsrmcab/Wsrmcab HTTP/1.1" 200 40542
201.245.192.253 - - [03/Nov/2023:07:37:38 -0500] "POST /forms/lservlet;jsessionid=ac16012b30d6b14c8f46b725431e8887c639ff4d95f3.e3iSbxaKaheRe3eRa38MahaQbi1ynknvrkLOlQzNp65In0 HTTP/1.1" 200 2
50.112.160.3 - - [03/Nov/2023:07:38:13 -0500] "GET /BLA/resoluciones/index.php?dir=RESOLUCIONES%202004/RES%202004%201151-1200/ HTTP/1.1" 200 12176
173.252.127.5 - - [03/Nov/2023:07:38:47 -0500] "GET /images/pl\xc3\xa1sticos%20foto%201..jpg HTTP/1.1" 404 1034
5.188.87.45 - - [03/Nov/2023:07:39:19 -0500] "GET / HTTP/1.1" 200 319
201.245.192.253 - - [03/Nov/2023:07:39:38 -0500] "POST /forms/lservlet;jsessionid=ac16012b30d6b14c8f46b725431e8887c639ff4d95f3.e3iSbxaKaheRe3eRa38MahaQbi1ynknvrkLOlQzNp65In0 HTTP/1.1" 200 2
40.77.167.60 - - [03/Nov/2023:07:39:51 -0500] "GET /BLA/resoluciones/AUTOS%202021/0489.pdf HTTP/1.1" 304 -
52.48.53.149 - - [03/Nov/2023:07:40:00 -0500] "GET /robots.txt HTTP/1.1" 404 1018
52.48.53.149 - - [03/Nov/2023:07:40:00 -0500] "GET /BLA/resoluciones/RESOLUCIONES%202013/0715.pdf HTTP/1.1" 200 497969
44.231.202.44 - - [03/Nov/2023:07:40:04 -0500] "GET /BLA/resoluciones/index.php?dir=RESOLUCIONES%202004/RES%202004%201851-1900/ HTTP/1.1" 200 12369
44.231.202.44 - - [03/Nov/2023:07:40:07 -0500] "GET /BLA/resoluciones/index.php?dir=RESOLUCIONES%202004/RES%202004%20151-200/ HTTP/1.1" 200 12047
40.77.167.7 - - [03/Nov/2023:07:40:09 -0500] "GET /BLA/resoluciones/RESOLUCIONES%202021/3977.pdf HTTP/1.1" 200 379193
61.219.11.155 - - [03/Nov/2023:07:40:29 -0500] "GET / HTTP/1.1" 400 946
201.245.192.253 - - [03/Nov/2023:07:40:33 -0500] "POST /kwsrmcab/Wsrmcab HTTP/1.1" 200 42230
201.245.192.253 - - [03/Nov/2023:07:40:36 -0500] "POST /kwsrmcab/Wsrmcab HTTP/1.1" 200 40542
40.77.167.7 - - [03/Nov/2023:07:40:45 -0500] "GET /bla/resoluciones/resoluciones%202023/0260.pdf HTTP/1.1" 200 4228675
216.245.221.92 - - [03/Nov/2023:07:40:52 -0500] "HEAD / HTTP/1.1" 200 -
201.245.192.253 - - [03/Nov/2023:07:41:03 -0500] "POST /kwsrmcab/Wsrmcab  HTTP/1.1" 200 42686
172.22.2.4 - - [03/Nov/2023:07:39:44 -0500] "HEAD /BLA/boletinlegal/ HTTP/1.1" 200 -
201.245.192.253 - - [03/Nov/2023:07:41:38 -0500] "POST /forms/lservlet;jsessionid=ac16012b30d6b14c8f46b725431e8887c639ff4d95f3.e3iSbxaKaheRe3eRa38MahaQbi1ynknvrkLOlQzNp65In0 HTTP/1.1" 200 2
40.77.167.60 - - [03/Nov/2023:07:42:11 -0500] "GET /BLA/resoluciones/AUTOS%202013/1593.pdf HTTP/1.1" 304 -
172.22.2.4 - - [03/Nov/2023:07:40:35 -0500] "GET /BLA/boletinlegal/ HTTP/1.1" 200 53356
173.252.111.2 - - [03/Nov/2023:07:43:22 -0500] "GET /images/cuerpos%20de%20agua%20en%20humedales-19-10.jpg HTTP/1.1" 200 73528
201.245.192.253 - - [03/Nov/2023:07:43:38 -0500] "POST /forms/lservlet;jsessionid=ac16012b30d6b14c8f46b725431e8887c639ff4d95f3.e3iSbxaKaheRe3eRa38MahaQbi1ynknvrkLOlQzNp65In0 HTTP/1.1" 200 2
50.112.160.3 - - [03/Nov/2023:07:44:38 -0500] "GET /BLA/resoluciones/index.php?dir=RESOLUCIONES%202004/RES%202004%202151-2200/&order=asc&sort=size HTTP/1.1" 200 12359
40.77.167.7 - - [03/Nov/2023:07:44:47 -0500] "GET /BLA/resoluciones/AUTOS%202021/3855.pdf HTTP/1.1" 304 -
40.77.167.60 - - [03/Nov/2023:07:44:51 -0500] "GET /BLA/resoluciones/RESOLUCIONES%202021/1551.pdf HTTP/1.1" 200 423779
66.249.66.39 - - [03/Nov/2023:07:44:54 -0500] "GET /moda-circular-manos-reparadoras-la-estrategia-del-distrito-para-restaurar-prendas-usadas.html HTTP/1.1" 304 -
186.102.116.0 - - [03/Nov/2023:07:45:08 -0500] "GET /kwssiamovil/sm/ldap/au?x=U2FsdGVkX19kToDHf9B8stcutudOU/L9owUQ9u1We3qa6AFH6+3c1o4dgOqf37O4&y=U2FsdGVkX18Sww054vez1UDaiytw4DyOxUVuu5dqF4U= HTTP/1.1" 200 30
186.102.116.0 - - [03/Nov/2023:07:45:09 -0500] "GET /kwssiamovil/sm/acme/s?s=U2FsdGVkX1+2y+JVz6X0XOcRlfyTdaTw1E5HT8vVFqWXsI41BIb3F/VQGhYNZmJbIN/qVplh5Ro47WenIA9Y4uxzCBX47YOdv/O5xy3NFYw=&u=U2FsdGVkX19sYJKfOoiLHzNXknclDI+ldSxqW0R1Tbw=&y=U2FsdGVkX18Sww054vez1UDaiytw4DyOxUVuu5dqF4U= HTTP/1.1" 200 97
186.102.116.0 - - [03/Nov/2023:07:45:09 -0500] "GET /kwssiamovil/sm/acme/s?s=U2FsdGVkX19wK3ZAaWLa3xtSBp7kqhGkQC5m7Q4DMLl9CrQVbmZggs4YJw16oYuYQnnY9GQ5qXmKVcmlnSJpWKSvx6LkL8jxeytLizu2Roz+4fjgiuDKgEQwiyuz0lDIt87GI0TFejFfLjDBRE0EJKM3SwJXHwm5yBd1Jbp8Zbky5sUBTyibJ0+0t9tdqy3E9t1PuQLIZtkcgNC5fNh5r8ekmKLluWqdx8/uBlmV6ZJvkM9myi5ifVOTcamYES//yj8OY1T4culRLEdhEkNdyb+dyqX5WZT7pHHaGtVQ8vYeWZNnpncEVYAssJ1trZX3ECU8Y5eC87+wvhDBnzSFYnDzHGoqyWr/eI/B4QUOEYO3JnSaZGkzq2p69LRmC5OyU7mvVkAgeScz5Z8knRYFyHcX4JqE+jIX6tTk/fP6Zy+bihQw4VTro6nGaupAKpJr0lZotkNtexvlKADJmCzG/JY+DLTDMs9T1YyqAHMisrS6rIOcMGOED5e2+paESoY4LoZGNU9lohMBJBQLEfmCL/DNASl5jIQL5XXMfCZNh/kFPV6wsPkNKDQSDO8LTVPN4NYgHTWPujgzzYqEzvZAmVpTlZZjYNl+FXbxZLzhFkLoWyKWMHsVUOKtiu6vc+xtINYRl6bDavmUKQUsH9INOuZY/y0DTJ35mOVcoPrRdSW5O22MdtVza+IHXcHSzu/u+WkW6yGIGshxK/Gt2t2aSG7mJeZUud5BkP7SG5c5Xw59Q5dD4l3HHQmdoGxjPCUKzniVPo3t1E7oA+AXLD8mOhLePAHcvmzTt0tkAP5CS0RyhL7+iVoZirnbX9faaVKAoLBxUWAZE0ZTy9FW228HuKPt09CwquhrAgB+ZJtji/QCnW/kWA4tnbx6ZzLpLHX/5B3j68BBdiTvVPGbBjg1MkHBLKaPFIpNE0RDK+OYjuda5xuxBnFIRxejciuyKG5felq2zQwVc0N1YJk3FWswdh4LjYuiZqj/FFIKpE3gG4cOTIvPquPi6RRrVHA20pI40ejHHjAMT1jf+rmH0Xp7mZ87J9SzykW5GmJiCDXyhN54eCky6UwMzqJ/gQIi7chibJHQ2d2YfOtyRcRmQ36GLHNN0tmbCDtw6ons10nIMJaRndcm92UUCJ2fDQ3l929UpNvVnN7UuWszegPj8gG4D+x9BUq4F+zJ/G6qUylKalnwY9ZE30bejF50RfJMRCMOLz9hpPc2V8uFYnd1DLK0Kt5qP44K5Zacg3PgzmgDueWG67bkSUiU6n3E8MLZaC55/eNlOF/LvCVuveRH0H9F3dAcOTPG15BkLBoXzw+dkPb05va3a5opKBOynwVdphPDT1lB6OWlUpLMyu4R0T3eIUSs8gy7y3Vv/Qo6RPMu5gYVN6Xe8IajU21teQoH1SIhEBrLllbvKM0OiT51caRchietIe6y6bTnElcY/Do28Mw=&u=U2FsdGVkX19sYJKfOoiLHzNXknclDI+ldSxqW0R1Tbw=&y=U2FsdGVkX18Sww054vez1UDaiytw4DyOxUVuu5dqF4U= HTTP/1.1" 200 4634
186.102.116.0 - - [03/Nov/2023:07:45:09 -0500] "GET /kwssiamovil/sm/acme/s?s=U2FsdGVkX1+lrlZAX5GOFFl+wVsrachHqoGm/hBAEuc7rFP7+fJ8/kVUCH79yUGNe0Wg0EOtq/xsZFmCjSOlV9cnWvQbbByvq4Mw60GUSBK2QeBLykNDJGcAjPPQhpgKt+0GJA9PIZAu3BfzLreNlVPbcgjqIxqo8FV/fY37LA0GLpqI+1tJCfxME/BrTVkiNfK/TM4mJ9yAaHyscgoU9PaDk2TLkkTAAq3Jl/Mcy9LIDLy3KO67ZIHC4L7qz0IPb9oanDq1xHbZxwPhBppzxygtMinZyvotkdkrP2uYr5CiG20LMhTgSa+OcqiEqUdqBDrfM4KK5ov220OeVzQ37w==&u=U2FsdGVkX19sYJKfOoiLHzNXknclDI+ldSxqW0R1Tbw=&y=U2FsdGVkX18Sww054vez1UDaiytw4DyOxUVuu5dqF4U= HTTP/1.1" 200 196
186.102.116.0 - - [03/Nov/2023:07:45:09 -0500] "GET /kwssiamovil/sm/cjson/pre?f=1&x=U2FsdGVkX19kToDHf9B8stcutudOU/L9owUQ9u1We3qa6AFH6+3c1o4dgOqf37O4 HTTP/1.1" 200 31032
201.245.192.253 - - [03/Nov/2023:07:45:38 -0500] "POST /forms/lservlet;jsessionid=ac16012b30d6b14c8f46b725431e8887c639ff4d95f3.e3iSbxaKaheRe3eRa38MahaQbi1ynknvrkLOlQzNp65In0 HTTP/1.1" 200 2
216.245.221.92 - - [03/Nov/2023:07:45:52 -0500] "HEAD / HTTP/1.1" 200 -
201.245.192.253 - - [03/Nov/2023:07:46:02 -0500] "POST /kwsrmcab/Wsrmcab  HTTP/1.1" 200 42686
172.22.2.4 - - [03/Nov/2023:07:45:34 -0500] "HEAD /BLA/boletinlegal/ HTTP/1.1" 200 -
201.245.192.253 - - [03/Nov/2023:07:47:38 -0500] "POST /forms/lservlet;jsessionid=ac16012b30d6b14c8f46b725431e8887c639ff4d95f3.e3iSbxaKaheRe3eRa38MahaQbi1ynknvrkLOlQzNp65In0 HTTP/1.1" 200 2
44.231.202.44 - - [03/Nov/2023:07:47:52 -0500] "GET /BLA/resoluciones/index.php?dir=RESOLUCIONES%202004/RES%202004%20651-700/ HTTP/1.1" 200 12049
172.22.2.4 - - [03/Nov/2023:07:46:25 -0500] "GET /BLA/boletinlegal/ HTTP/1.1" 200 58644
40.77.167.63 - - [03/Nov/2023:07:48:41 -0500] "GET /BLA/resoluciones/RESOLUCIONES%202021/3958.pdf HTTP/1.1" 200 2870508
201.245.192.253 - - [03/Nov/2023:07:49:38 -0500] "POST /forms/lservlet;jsessionid=ac16012b30d6b14c8f46b725431e8887c639ff4d95f3.e3iSbxaKaheRe3eRa38MahaQbi1ynknvrkLOlQzNp65In0 HTTP/1.1" 200 2
216.245.221.92 - - [03/Nov/2023:07:50:52 -0500] "HEAD / HTTP/1.1" 200 -
44.231.202.44 - - [03/Nov/2023:07:50:53 -0500] "GET /BLA/resoluciones/index.php?dir=RESOLUCIONES%202004/RES%202004%202151-2200/&order=desc&sort=name HTTP/1.1" 200 12358
201.245.192.253 - - [03/Nov/2023:07:51:02 -0500] "POST /kwsrmcab/Wsrmcab  HTTP/1.1" 200 42686
201.245.192.253 - - [03/Nov/2023:07:51:38 -0500] "POST /forms/lservlet;jsessionid=ac16012b30d6b14c8f46b725431e8887c639ff4d95f3.e3iSbxaKaheRe3eRa38MahaQbi1ynknvrkLOlQzNp65In0 HTTP/1.1" 200 2
54.184.159.16 - - [03/Nov/2023:07:51:38 -0500] "GET /BLA/resoluciones/RESOLUCIONES%202004/RES%202004%202151-2200/INDEX.DAT HTTP/1.1" 200 2000
186.102.25.62 - - [03/Nov/2023:07:51:51 -0500] "GET /appsia/controlador HTTP/1.1" 200 4799
40.77.167.1 - - [03/Nov/2023:07:51:54 -0500] "GET /BLA/resoluciones/RESOLUCIONES%202021/0905.pdf HTTP/1.1" 200 494605
186.102.25.62 - - [03/Nov/2023:07:51:55 -0500] "GET /appsia/controlador HTTP/1.1" 200 4799
186.102.25.62 - - [03/Nov/2023:07:51:55 -0500] "GET /favicon.ico HTTP/1.1" 200 7782
52.167.144.179 - - [03/Nov/2023:07:52:15 -0500] "GET /BLA/resoluciones/RESOLUCIONES%202021/3100.pdf HTTP/1.1" 200 1581563
186.102.25.62 - - [03/Nov/2023:07:52:21 -0500] "POST /appsia/controlador HTTP/1.1" 200 3599
186.102.25.62 - - [03/Nov/2023:07:52:22 -0500] "GET /appsia/jscripts/validarSolicitud.js HTTP/1.1" 404 68
186.102.25.62 - - [03/Nov/2023:07:52:33 -0500] "GET /appsia/controlador HTTP/1.1" 200 4799
186.102.25.62 - - [03/Nov/2023:07:52:51 -0500] "POST /appsia/controlador HTTP/1.1" 200 5437
186.102.25.62 - - [03/Nov/2023:07:52:58 -0500] "POST /appsia/controlador HTTP/1.1" 200 7783
172.22.2.4 - - [03/Nov/2023:07:51:24 -0500] "HEAD /BLA/boletinlegal/ HTTP/1.1" 200 -
186.102.25.62 - - [03/Nov/2023:07:53:17 -0500] "POST /appsia/controlador HTTP/1.1" 200 6648
186.102.25.62 - - [03/Nov/2023:07:53:18 -0500] "POST /appsia/controlador HTTP/1.1" 200 11362
186.102.25.62 - - [03/Nov/2023:07:53:37 -0500] "GET /appsia/controlador?comando=regresar&id=19390129&funcionario=MARCO+FIDEL+SUAREZ+BUITRAGO&desde=19390129&hasta=19390129&version=19390129 HTTP/1.1" 200 7783
201.245.192.253 - - [03/Nov/2023:07:53:38 -0500] "POST /forms/lservlet;jsessionid=ac16012b30d6b14c8f46b725431e8887c639ff4d95f3.e3iSbxaKaheRe3eRa38MahaQbi1ynknvrkLOlQzNp65In0 HTTP/1.1" 200 2
186.102.25.62 - - [03/Nov/2023:07:53:38 -0500] "GET /appsia/controlador?comando=regresar&id=19390129&funcionario=MARCO+FIDEL+SUAREZ+BUITRAGO&desde=19390129&hasta=19390129&version=19390129 HTTP/1.1" 200 7783
186.102.25.62 - - [03/Nov/2023:07:53:49 -0500] "POST /appsia/controlador HTTP/1.1" 200 6648
186.102.25.62 - - [03/Nov/2023:07:53:51 -0500] "POST /appsia/controlador HTTP/1.1" 200 12475
172.22.2.4 - - [03/Nov/2023:07:52:15 -0500] "GET /BLA/boletinlegal/ HTTP/1.1" 200 58294
173.252.107.119 - - [03/Nov/2023:07:54:48 -0500] "GET /caminos-de-los-cerros-espacios-naturales-seguros-para-cuidar-la-salud-fisica-y-mental-de-los-ciudadanos.html HTTP/1.1" 200 1139
186.102.25.62 - - [03/Nov/2023:07:55:02 -0500] "GET /appsia/controlador?comando=regresar&id=19390129&funcionario=MARCO+FIDEL+SUAREZ+BUITRAGO&desde=19390129&hasta=19390129&version=19390129 HTTP/1.1" 200 7783
186.102.25.62 - - [03/Nov/2023:07:55:04 -0500] "POST /appsia/controlador HTTP/1.1" 200 5437
186.102.25.62 - - [03/Nov/2023:07:55:05 -0500] "POST /appsia/controlador HTTP/1.1" 200 4799
201.245.192.253 - - [03/Nov/2023:07:55:38 -0500] "POST /forms/lservlet;jsessionid=ac16012b30d6b14c8f46b725431e8887c639ff4d95f3.e3iSbxaKaheRe3eRa38MahaQbi1ynknvrkLOlQzNp65In0 HTTP/1.1" 200 2
216.245.221.92 - - [03/Nov/2023:07:55:52 -0500] "HEAD / HTTP/1.1" 200 -
201.245.192.253 - - [03/Nov/2023:07:56:01 -0500] "POST /kwsrmcab/Wsrmcab  HTTP/1.1" 200 42686
181.32.211.232 - - [03/Nov/2023:07:56:35 -0500] "GET /forest/login.do HTTP/1.1" 404 1120
181.32.211.232 - - [03/Nov/2023:07:57:03 -0500] "GET /forest/login.do HTTP/1.1" 404 1120
201.245.192.253 - - [03/Nov/2023:07:57:38 -0500] "POST /forms/lservlet;jsessionid=ac16012b30d6b14c8f46b725431e8887c639ff4d95f3.e3iSbxaKaheRe3eRa38MahaQbi1ynknvrkLOlQzNp65In0 HTTP/1.1" 200 2
44.231.202.44 - - [03/Nov/2023:07:57:58 -0500] "GET /BLA/resoluciones/index.php?dir=RESOLUCIONES%202004/RES%202004%202151-2200/&order=asc&sort=date HTTP/1.1" 200 12359
40.77.167.27 - - [03/Nov/2023:07:58:11 -0500] "GET /BLA/resoluciones/AUTOS%202023/2814.pdf HTTP/1.1" 200 1305240
172.22.2.4 - - [03/Nov/2023:07:57:14 -0500] "HEAD /BLA/boletinlegal/ HTTP/1.1" 200 -
201.245.192.253 - - [03/Nov/2023:07:59:38 -0500] "POST /forms/lservlet;jsessionid=ac16012b30d6b14c8f46b725431e8887c639ff4d95f3.e3iSbxaKaheRe3eRa38MahaQbi1ynknvrkLOlQzNp65In0 HTTP/1.1" 200 2
181.53.12.124 - - [03/Nov/2023:07:59:38 -0500] "GET /kwssiamovil/sm/ldap/au?x=U2FsdGVkX18C8c9LX8uzg4ibMVgB+1+kw5p+SnqwBRYVoGwLGrEpJEU6Rnxzgf2R&y=U2FsdGVkX1/sXenpKP4rj9WuYr74vNUYYK2hxIAw92qq8YfQKTiOzHfI8E+3cdGa HTTP/1.1" 200 30
181.53.12.124 - - [03/Nov/2023:07:59:38 -0500] "GET /kwssiamovil/sm/acme/s?s=U2FsdGVkX19oNQ05obmhYv6L71P8Sq8x/Opye54i9DQdQxEF1fMVBYbr0XwNHWLHEKCLYa6IN9/mhj9/2F0kqy9adoBbV/11DBEJ1ktZBBY=&u=U2FsdGVkX1/5UKrbDdjdD2BqA0+whHZOYbg4VicI9Pw=&y=U2FsdGVkX1/sXenpKP4rj9WuYr74vNUYYK2hxIAw92qq8YfQKTiOzHfI8E+3cdGa HTTP/1.1" 200 97
181.53.12.124 - - [03/Nov/2023:07:59:38 -0500] "GET /kwssiamovil/sm/acme/s?s=U2FsdGVkX19iipSqtN/g/2Yos6MN8LVPGHSBM4HTHyV6S4qEAQfqNKZw/pDDQRTrzq299kEI+T9fLJxAR43DLI7FlwmK6EBPwML8GLZNZe9rAzreGv1taWc6sJX3XH+U/xRxVi+lFn+c3cAlc+Vma723mTDTdsHadzqKZRlxUsNLm5LBdf9I6qSvqxGuiOyWWRvRBLrPuRmvbiIk4sNGxDiIsXLe2RyrO/gQslDXCo6Ks6zJ7NLDncoZa4don5HG40F6v940c7y7eol2oQX0VdCFNwh4sgviANuKTMDFvB3S0Rk03TgH6IyxHwgURqztT/1KjrCwRuHZX5iyBto+jVfmCf3xqc5g9imvjJgB0wYTe0qEVdBwer2kCwRlTMY1eoEarITJX9evwiU7oAMxYxk7Fo2JKY2ZTcjBmXt6FbXV9zeD8Nf2CPCkfaxyQ5PVLG9hz5YeZxqpztFVT6vkV5xL8+qjrFo8hX2hXZaAtW8Jn326HW9w6PR2hqVvKe6Msd0vLE7i3EvoTANUAUINMKrn/dhxvsGI2qBB6P8bWwseyg4ifFbnz7L/ilzlsLT1IBEIu0iQjf9FMGAmPWkwML6pbQwwxOR9TI7+3hd/Pk/dQK0TbS7Sg3dFIErYIb27SDXLoH8N/Tc1mK4X79muCpWRgb19eQmFU9JenvMKGaefoy3zmspTHi3PG2WnW7oniU52YIhHCB6Csu2bJN+8YXvQ2wbxxEjMUC+VybfWIqRSl+9N8fENmRmIq8kWbO4TJ2KYHQBVLecSwLamTbZR/7MPphka4S2dFZ/kp0JUqcOSUBz6nfn8XC9z4cbfTOE1/6CLXOTiKlCJku+E7te1lHUoNdS/oE/u3+Uf4fxxi6imDpYuK0/w+TRjuvZiBdjLSPF/TF4a0dxhKp9ZaGXTE/ACKf/Zy7Dk1CVTW7TkqGkLDQch8ywEPGRDtNcA0GJwVOkjjDpsfSLv2srq+Wtm/xZM4YIShw8Of+Y7v0Eb5YY+PooI20Ihy+kEeDq+7lRl7y1D0v6bdzsIQwxKzbsFxGIN/qfFQwVzcW2UCiOKsU1fT3BNlhUdQwyqfojoekdfuN36O3c4s4N8USWx4fn2hoWe0cdwwTOnRAEo8GbYWW/F0nnkhg2CJuONFzehIDox+YMqMP3klgMwkJB2E+9XJ75pxJ7gt+5XFQ8RP8P2Yn1RvNN+Ixe5EyXLay20v/u+vCnWohP15UZY/FMprIkTMHhS/ZTKti20j3SvnpGT57BbhmabcmOINXPit8cXMBxWw2+g7Dwmnuebmbq+8g+nlO9XQ1E0oZnrkSx/Deodwa9lNXWLpwNW08dyWakkEsvHybCDDbyxUqgRRWuRqAbg2Sj9G7TztpdyroPWGMmcEhCmgr3e39NIFGUKZAMCxGvGQIUDEjQhAJ8ALgH7RDhOUP98yQXmgumbylV6bi9+l9Y=&u=U2FsdGVkX1/5UKrbDdjdD2BqA0+whHZOYbg4VicI9Pw=&y=U2FsdGVkX1/sXenpKP4rj9WuYr74vNUYYK2hxIAw92qq8YfQKTiOzHfI8E+3cdGa HTTP/1.1" 200 705
181.53.12.124 - - [03/Nov/2023:07:59:38 -0500] "GET /kwssiamovil/sm/acme/s?s=U2FsdGVkX18fZuvwuuVVIr/9Jm2f/WLgwyk9b6L7KpaTqYIYrKIXq3rwnV27hni/t7Etr3ip2xJy/GBsAUgeuYf3pxL8WPN7p45vYX95ScZRgHmWspjPvjbOoWsDPC5Xz2ymVhNPMSZZgg1W158O7rl3U4xAWCTGibAYJhyBwq7+W3YBPLaCuo7p7YziSa0yYvg4bN1g7qpIXYGKFP755eJJvM8/KTEcpKCZP2UEyRV3mX0f7MuUqMMHzCE5RdtPuVWqBmJeIWDarL+RLkd37hrt1r2XXRuOEe0st8JirZuzBoAe8lTjjgspAYfYvZqc7FV7u65bcksxGpv/qJDoXg==&u=U2FsdGVkX1/5UKrbDdjdD2BqA0+whHZOYbg4VicI9Pw=&y=U2FsdGVkX1/sXenpKP4rj9WuYr74vNUYYK2hxIAw92qq8YfQKTiOzHfI8E+3cdGa HTTP/1.1" 200 196
181.53.12.124 - - [03/Nov/2023:07:59:38 -0500] "GET /kwssiamovil/sm/cjson/pre?f=1&x=U2FsdGVkX18C8c9LX8uzg4ibMVgB+1+kw5p+SnqwBRYVoGwLGrEpJEU6Rnxzgf2R HTTP/1.1" 200 31032
172.22.2.4 - - [03/Nov/2023:07:58:05 -0500] "GET /BLA/boletinlegal/ HTTP/1.1" 200 58294
216.245.221.92 - - [03/Nov/2023:08:00:52 -0500] "HEAD / HTTP/1.1" 200 -
201.245.192.253 - - [03/Nov/2023:08:00:59 -0500] "POST /kwsrmcab/Wsrmcab  HTTP/1.1" 200 42686
201.245.192.253 - - [03/Nov/2023:08:01:38 -0500] "POST /forms/lservlet;jsessionid=ac16012b30d6b14c8f46b725431e8887c639ff4d95f3.e3iSbxaKaheRe3eRa38MahaQbi1ynknvrkLOlQzNp65In0 HTTP/1.1" 200 2
52.167.144.136 - - [03/Nov/2023:08:02:17 -0500] "GET /BLA/resoluciones/RESOLUCIONES%202023/1099.pdf HTTP/1.1" 304 -
201.245.192.253 - - [03/Nov/2023:08:03:38 -0500] "POST /forms/lservlet;jsessionid=ac16012b30d6b14c8f46b725431e8887c639ff4d95f3.e3iSbxaKaheRe3eRa38MahaQbi1ynknvrkLOlQzNp65In0 HTTP/1.1" 200 2
52.167.144.138 - - [03/Nov/2023:08:04:13 -0500] "GET /BLA/resoluciones/AUTOS%202023/4015.pdf HTTP/1.1" 200 1018020
152.203.162.74 - - [03/Nov/2023:08:04:31 -0500] "GET /BLA/boletinlegal/actos.php HTTP/1.1" 200 9682
152.203.162.74 - - [03/Nov/2023:08:04:31 -0500] "GET /BLA/boletinlegal/styles2.css HTTP/1.1" 200 1838
152.203.162.74 - - [03/Nov/2023:08:04:31 -0500] "GET /BLA/boletinlegal/js/ajax_actos.js HTTP/1.1" 200 1322
152.203.162.74 - - [03/Nov/2023:08:04:31 -0500] "GET /BLA/boletinlegal/niceforms.js HTTP/1.1" 200 22876
152.203.162.74 - - [03/Nov/2023:08:04:31 -0500] "GET /BLA/boletinlegal/niceforms-default.css HTTP/1.1" 200 6694
152.203.162.74 - - [03/Nov/2023:08:04:31 -0500] "GET /BLA/boletinlegal/style.css HTTP/1.1" 200 9406
152.203.162.74 - - [03/Nov/2023:08:04:31 -0500] "GET /BLA/boletinlegal/js/lib.js HTTP/1.1" 200 6474
152.203.162.74 - - [03/Nov/2023:08:04:31 -0500] "GET /BLA/boletinlegal/js/popup.js HTTP/1.1" 200 1270
152.203.162.74 - - [03/Nov/2023:08:04:31 -0500] "GET /BLA/boletinlegal/js/jquery1.js HTTP/1.1" 200 29846
152.203.162.74 - - [03/Nov/2023:08:04:31 -0500] "GET /BLA/boletinlegal/images/cabezote%20BLEGAL.jpg HTTP/1.1" 200 118164
152.203.162.74 - - [03/Nov/2023:08:04:31 -0500] "GET /BLA/boletinlegal/images/subscribe-icon-big.png HTTP/1.1" 200 47702
152.203.162.74 - - [03/Nov/2023:08:04:31 -0500] "GET /BLA/boletinlegal/images/historia.png HTTP/1.1" 200 52775
152.203.162.74 - - [03/Nov/2023:08:04:31 -0500] "GET /BLA/boletinlegal/images/registro-usuarios.png HTTP/1.1" 200 8106
152.203.162.74 - - [03/Nov/2023:08:04:31 -0500] "GET /BLA/boletinlegal/images/body_bg.jpg HTTP/1.1" 200 1601
152.203.162.74 - - [03/Nov/2023:08:04:31 -0500] "GET /BLA/boletinlegal/images/footer_bg.jpg HTTP/1.1" 200 586
152.203.162.74 - - [03/Nov/2023:08:04:31 -0500] "GET /BLA/boletinlegal/images/menu_lft.gif HTTP/1.1" 200 1713
152.203.162.74 - - [03/Nov/2023:08:04:31 -0500] "GET /BLA/boletinlegal/images/menu_rght.gif HTTP/1.1" 200 1627
152.203.162.74 - - [03/Nov/2023:08:04:31 -0500] "GET /BLA/boletinlegal/images/bg_top.jpg HTTP/1.1" 200 522
152.203.162.74 - - [03/Nov/2023:08:04:31 -0500] "GET /BLA/boletinlegal/images/menu_bg.jpg HTTP/1.1" 200 620
152.203.162.74 - - [03/Nov/2023:08:04:31 -0500] "GET /BLA/boletinlegal/images/text.jpg HTTP/1.1" 200 568
152.203.162.74 - - [03/Nov/2023:08:04:31 -0500] "GET /BLA/boletinlegal/images/hover.jpg HTTP/1.1" 200 640
152.203.162.74 - - [03/Nov/2023:08:04:31 -0500] "GET /BLA/boletinlegal/images/green-yellow-blue-pink-th.png HTTP/1.1" 200 7394
152.203.162.74 - - [03/Nov/2023:08:04:31 -0500] "GET /BLA/boletinlegal/images/tel.png HTTP/1.1" 200 14477
152.203.162.74 - - [03/Nov/2023:08:04:31 -0500] "GET /BLA/boletinlegal/images/icono-email.png HTTP/1.1" 200 5544
152.203.162.74 - - [03/Nov/2023:08:04:31 -0500] "GET /BLA/boletinlegal/images/footer_bg_l.jpg HTTP/1.1" 200 776
152.203.162.74 - - [03/Nov/2023:08:04:31 -0500] "GET /BLA/boletinlegal/img/0.png HTTP/1.1" 200 110
152.203.162.74 - - [03/Nov/2023:08:04:31 -0500] "GET /BLA/boletinlegal/img/select-right.png HTTP/1.1" 200 44019
152.203.162.74 - - [03/Nov/2023:08:04:31 -0500] "GET /BLA/boletinlegal/img/select-left.png HTTP/1.1" 200 263
152.203.162.74 - - [03/Nov/2023:08:04:31 -0500] "GET /BLA/boletinlegal/img/button.png HTTP/1.1" 200 43241
152.203.162.74 - - [03/Nov/2023:08:04:31 -0500] "GET /BLA/boletinlegal/img/button-left.png HTTP/1.1" 200 57071
152.203.162.74 - - [03/Nov/2023:08:04:31 -0500] "GET /BLA/boletinlegal/img/button-right.png HTTP/1.1" 200 57878
152.203.162.74 - - [03/Nov/2023:08:04:31 -0500] "GET /favicon.ico HTTP/1.1" 200 7782
172.22.2.4 - - [03/Nov/2023:08:03:04 -0500] "HEAD /BLA/boletinlegal/ HTTP/1.1" 200 -
172.22.2.4 - - [03/Nov/2023:08:03:55 -0500] "GET /BLA/boletinlegal/ HTTP/1.1" 200 56997
201.245.192.253 - - [03/Nov/2023:08:05:38 -0500] "POST /forms/lservlet;jsessionid=ac16012b30d6b14c8f46b725431e8887c639ff4d95f3.e3iSbxaKaheRe3eRa38MahaQbi1ynknvrkLOlQzNp65In0 HTTP/1.1" 200 2
216.245.221.92 - - [03/Nov/2023:08:05:52 -0500] "HEAD / HTTP/1.1" 200 -
201.245.192.253 - - [03/Nov/2023:08:05:58 -0500] "POST /kwsrmcab/Wsrmcab  HTTP/1.1" 200 42686
186.28.141.68 - - [03/Nov/2023:08:06:53 -0500] "GET /BLA/resoluciones/ HTTP/1.1" 200 13696
186.28.141.68 - - [03/Nov/2023:08:06:57 -0500] "GET /BLA/resoluciones/index.php?dir=AUTOS+2020%2F HTTP/1.1" 200 332687
186.28.141.68 - - [03/Nov/2023:08:07:08 -0500] "GET /BLA/resoluciones/AUTOS%202020/3760.pdf HTTP/1.1" 200 1237866
201.245.192.253 - - [03/Nov/2023:08:07:38 -0500] "POST /forms/lservlet;jsessionid=ac16012b30d6b14c8f46b725431e8887c639ff4d95f3.e3iSbxaKaheRe3eRa38MahaQbi1ynknvrkLOlQzNp65In0 HTTP/1.1" 200 2
68.69.185.50 - - [03/Nov/2023:08:07:59 -0500] "GET / HTTP/1.1" 200 319
68.69.185.50 - - [03/Nov/2023:08:07:59 -0500] "GET ../../proc/ HTTP" 400 946
152.203.208.0 - - [03/Nov/2023:08:08:09 -0500] "GET /sipse/faces/faces/autenticacion.xhtml HTTP/1.1" 200 12728
152.203.208.0 - - [03/Nov/2023:08:08:09 -0500] "GET /sipse/js/disable_browser_buttons.js HTTP/1.1" 304 -
152.203.208.0 - - [03/Nov/2023:08:08:09 -0500] "GET /sipse/js/funciones.js HTTP/1.1" 304 -
152.203.208.0 - - [03/Nov/2023:08:08:09 -0500] "GET /sipse/css/custom_css_sg.css HTTP/1.1" 200 9694
152.203.208.0 - - [03/Nov/2023:08:08:09 -0500] "GET /sipse/faces/javax.faces.resource/theme.css?ln=primefaces-sipse HTTP/1.1" 304 -
152.203.208.0 - - [03/Nov/2023:08:08:09 -0500] "GET /sipse/faces/javax.faces.resource/layout/layout.css;jsessionid=odKB3FKUfDwAD0608M30xmUM.undefined?ln=primefaces&v=4.0 HTTP/1.1" 200 542
152.203.208.0 - - [03/Nov/2023:08:08:09 -0500] "GET /sipse/css/custom_css_sg_prime_login.css HTTP/1.1" 304 -
152.203.208.0 - - [03/Nov/2023:08:08:09 -0500] "GET /sipse/faces/javax.faces.resource/jquery/jquery-plugins.js;jsessionid=odKB3FKUfDwAD0608M30xmUM.undefined?ln=primefaces&v=4.0 HTTP/1.1" 200 220526
152.203.208.0 - - [03/Nov/2023:08:08:09 -0500] "GET /sipse/faces/javax.faces.resource/layout/layout.js;jsessionid=odKB3FKUfDwAD0608M30xmUM.undefined?ln=primefaces&v=4.0 HTTP/1.1" 200 87560
152.203.208.0 - - [03/Nov/2023:08:08:09 -0500] "GET /sipse/faces/javax.faces.resource/jquery/jquery.js;jsessionid=odKB3FKUfDwAD0608M30xmUM.undefined?ln=primefaces&v=4.0 HTTP/1.1" 200 105384
152.203.208.0 - - [03/Nov/2023:08:08:09 -0500] "GET /sipse/faces/javax.faces.resource/primefaces.css;jsessionid=odKB3FKUfDwAD0608M30xmUM.undefined?ln=primefaces&v=4.0 HTTP/1.1" 200 53295
152.203.208.0 - - [03/Nov/2023:08:08:09 -0500] "GET /sipse/faces/javax.faces.resource/primefaces.js;jsessionid=odKB3FKUfDwAD0608M30xmUM.undefined?ln=primefaces&v=4.0 HTTP/1.1" 200 276924
152.203.208.0 - - [03/Nov/2023:08:08:10 -0500] "GET /sipse/css/imagen/loginimg.png HTTP/1.1" 304 -
152.203.208.0 - - [03/Nov/2023:08:08:10 -0500] "GET /sipse/faces/javax.faces.resource/images/ui-icons_898989_256x240.png?ln=primefaces-aristo HTTP/1.1" 304 -
152.203.208.0 - - [03/Nov/2023:08:08:10 -0500] "GET /sipse/css/imagen/logoSDG.png HTTP/1.1" 200 53064
152.203.208.0 - - [03/Nov/2023:08:08:10 -0500] "GET /favicon.ico HTTP/1.1" 200 7782
152.203.208.0 - - [03/Nov/2023:08:08:10 -0500] "GET /sipse/faces/faces/index.xhtml HTTP/1.1" 200 677
152.203.208.0 - - [03/Nov/2023:08:08:10 -0500] "GET /sipse/faces/javax.faces.resource/theme.css?ln=primefaces-sipse HTTP/1.1" 304 -
152.203.208.0 - - [03/Nov/2023:08:08:11 -0500] "GET /sipse/faces/faces/faces/autenticacion.xhtml HTTP/1.1" 200 12406
152.203.208.0 - - [03/Nov/2023:08:08:11 -0500] "GET /sipse/faces/javax.faces.resource/theme.css?ln=primefaces-sipse HTTP/1.1" 304 -
152.203.208.0 - - [03/Nov/2023:08:08:11 -0500] "GET /sipse/faces/javax.faces.resource/layout/layout.css?ln=primefaces&v=4.0 HTTP/1.1" 200 542
152.203.208.0 - - [03/Nov/2023:08:08:11 -0500] "GET /sipse/faces/javax.faces.resource/jquery/jquery.js?ln=primefaces&v=4.0 HTTP/1.1" 304 -
152.203.208.0 - - [03/Nov/2023:08:08:11 -0500] "GET /sipse/faces/javax.faces.resource/jquery/jquery-plugins.js?ln=primefaces&v=4.0 HTTP/1.1" 304 -
152.203.208.0 - - [03/Nov/2023:08:08:11 -0500] "GET /sipse/faces/javax.faces.resource/primefaces.js?ln=primefaces&v=4.0 HTTP/1.1" 304 -
152.203.208.0 - - [03/Nov/2023:08:08:11 -0500] "GET /sipse/faces/javax.faces.resource/layout/layout.js?ln=primefaces&v=4.0 HTTP/1.1" 304 -
152.203.208.0 - - [03/Nov/2023:08:08:11 -0500] "GET /sipse/faces/javax.faces.resource/primefaces.css?ln=primefaces&v=4.0 HTTP/1.1" 200 53295
152.203.208.0 - - [03/Nov/2023:08:08:11 -0500] "GET /sipse/faces/javax.faces.resource/images/ui-icons_898989_256x240.png?ln=primefaces-aristo HTTP/1.1" 304 -
152.203.208.0 - - [03/Nov/2023:08:08:13 -0500] "POST /sipse/faces/autenticacion.xhtml HTTP/1.1" 200 2217
152.203.208.0 - - [03/Nov/2023:08:08:13 -0500] "GET /sipse/faces/javax.faces.resource/messages/messages.png?ln=primefaces&v=4.0 HTTP/1.1" 200 27209
152.203.208.0 - - [03/Nov/2023:08:08:14 -0500] "POST /sipse/faces/autenticacion.xhtml HTTP/1.1" 200 16345
152.203.208.0 - - [03/Nov/2023:08:08:15 -0500] "GET /sipse/css/custom_css_sg_prime.css HTTP/1.1" 200 5201
152.203.208.0 - - [03/Nov/2023:08:08:15 -0500] "GET /sipse/js/jquery.min.js HTTP/1.1" 304 -
152.203.208.0 - - [03/Nov/2023:08:08:15 -0500] "GET /sipse/faces/javax.faces.resource/jquery/jquery.js?ln=primefaces&v=4.0 HTTP/1.1" 304 -
