186.86.33.245 - - [03/Nov/2023:10:13:52 -0500] "POST /sipse/faces/presentacion/financiero/solicitudProceso/listarSolicitudProceso.xhtml HTTP/1.1" 200 41386
186.86.33.245 - - [03/Nov/2023:10:13:52 -0500] "GET /sipse/faces/javax.faces.resource/jquery/jquery.js?ln=primefaces&v=4.0 HTTP/1.1" 304 -
186.86.33.245 - - [03/Nov/2023:10:13:52 -0500] "GET /sipse/faces/javax.faces.resource/jquery/jquery-plugins.js?ln=primefaces&v=4.0 HTTP/1.1" 304 -
186.86.33.245 - - [03/Nov/2023:10:13:52 -0500] "GET /sipse/faces/javax.faces.resource/primefaces.js?ln=primefaces&v=4.0 HTTP/1.1" 304 -
186.86.33.245 - - [03/Nov/2023:10:13:52 -0500] "GET /sipse/faces/javax.faces.resource/layout/layout.js?ln=primefaces&v=4.0 HTTP/1.1" 304 -
186.86.33.245 - - [03/Nov/2023:10:13:52 -0500] "POST /sipse/faces/presentacion/financiero/solicitudProceso/consultar.xhtml HTTP/1.1" 200 34803
186.86.33.245 - - [03/Nov/2023:10:13:53 -0500] "POST /sipse/faces/presentacion/financiero/solicitudProceso/consultar.xhtml HTTP/1.1" 200 34803
186.86.33.245 - - [03/Nov/2023:10:13:53 -0500] "POST /sipse/faces/presentacion/financiero/solicitudProceso/consultar.xhtml HTTP/1.1" 200 34803
186.86.33.245 - - [03/Nov/2023:10:13:53 -0500] "POST /sipse/faces/presentacion/financiero/solicitudProceso/consultar.xhtml HTTP/1.1" 200 34803
186.86.33.245 - - [03/Nov/2023:10:13:53 -0500] "POST /sipse/faces/presentacion/financiero/solicitudProceso/consultar.xhtml HTTP/1.1" 200 34803
52.25.208.208 - - [03/Nov/2023:10:13:53 -0500] "GET /BLA/resoluciones/index.php?dir=RESOLUCIONES%202004/RES%202004%20251-300/ HTTP/1.1" 200 12044
186.86.33.245 - - [03/Nov/2023:10:13:53 -0500] "POST /sipse/faces/presentacion/financiero/solicitudProceso/consultar.xhtml HTTP/1.1" 200 34803
186.86.33.245 - - [03/Nov/2023:10:13:54 -0500] "POST /sipse/faces/presentacion/financiero/solicitudProceso/consultar.xhtml HTTP/1.1" 200 34803
186.86.33.245 - - [03/Nov/2023:10:13:54 -0500] "POST /sipse/faces/presentacion/financiero/solicitudProceso/consultar.xhtml HTTP/1.1" 200 34803
186.86.33.245 - - [03/Nov/2023:10:13:54 -0500] "POST /sipse/faces/presentacion/financiero/solicitudProceso/consultar.xhtml HTTP/1.1" 200 34803
186.86.33.245 - - [03/Nov/2023:10:13:54 -0500] "POST /sipse/faces/presentacion/financiero/solicitudProceso/consultar.xhtml HTTP/1.1" 200 34803
186.80.52.180 - - [03/Nov/2023:10:13:54 -0500] "POST /sipse/faces/presentacion/financiero/solicitudProceso/consultarSolicitudProceso.xhtml HTTP/1.1" 200 21110
186.80.52.180 - - [03/Nov/2023:10:13:55 -0500] "GET /sipse/faces/javax.faces.resource/theme.css?ln=primefaces-sipse HTTP/1.1" 304 -
186.80.52.180 - - [03/Nov/2023:10:13:55 -0500] "GET /sipse/faces/javax.faces.resource/primefaces.css?ln=primefaces&v=4.0 HTTP/1.1" 304 -
186.80.52.180 - - [03/Nov/2023:10:13:55 -0500] "GET /sipse/faces/javax.faces.resource/layout/layout.css?ln=primefaces&v=4.0 HTTP/1.1" 304 -
186.80.52.180 - - [03/Nov/2023:10:13:55 -0500] "GET /sipse/faces/javax.faces.resource/fileupload/fileupload.css?ln=primefaces&v=4.0 HTTP/1.1" 304 -
186.80.52.180 - - [03/Nov/2023:10:13:55 -0500] "GET /sipse/faces/javax.faces.resource/jquery/jquery.js?ln=primefaces&v=4.0 HTTP/1.1" 304 -
186.80.52.180 - - [03/Nov/2023:10:13:55 -0500] "GET /sipse/faces/javax.faces.resource/jquery/jquery-plugins.js?ln=primefaces&v=4.0 HTTP/1.1" 304 -
186.80.52.180 - - [03/Nov/2023:10:13:55 -0500] "GET /sipse/faces/javax.faces.resource/layout/layout.js?ln=primefaces&v=4.0 HTTP/1.1" 304 -
186.80.52.180 - - [03/Nov/2023:10:13:55 -0500] "GET /sipse/faces/javax.faces.resource/primefaces.js?ln=primefaces&v=4.0 HTTP/1.1" 304 -
186.80.52.180 - - [03/Nov/2023:10:13:55 -0500] "GET /sipse/faces/javax.faces.resource/fileupload/fileupload.js?ln=primefaces&v=4.0 HTTP/1.1" 304 -
186.80.52.180 - - [03/Nov/2023:10:13:55 -0500] "GET /sipse/css/imagen/contrasena.png HTTP/1.1" 404 383
186.80.52.180 - - [03/Nov/2023:10:13:55 -0500] "GET /sipse/faces/javax.faces.resource/images/ui-icons_898989_256x240.png?ln=primefaces-aristo HTTP/1.1" 304 -
216.244.66.195 - - [03/Nov/2023:10:13:58 -0500] "GET /BLA/resoluciones/AUTOS%202012/3006.pdf HTTP/1.1" 200 1256459
186.86.33.245 - - [03/Nov/2023:10:13:59 -0500] "POST /sipse/faces/presentacion/financiero/solicitudProceso/consultar.xhtml HTTP/1.1" 200 12945
186.80.52.180 - - [03/Nov/2023:10:14:00 -0500] "GET /sipse/faces/javax.faces.resource/theme.css?ln=primefaces-sipse HTTP/1.1" 304 -
186.80.52.180 - - [03/Nov/2023:10:14:00 -0500] "GET /sipse/faces/javax.faces.resource/primefaces.css?ln=primefaces&v=4.0 HTTP/1.1" 304 -
186.80.52.180 - - [03/Nov/2023:10:14:00 -0500] "GET /sipse/faces/javax.faces.resource/jquery/jquery-plugins.js?ln=primefaces&v=4.0 HTTP/1.1" 304 -
186.80.52.180 - - [03/Nov/2023:10:14:00 -0500] "GET /sipse/faces/javax.faces.resource/jquery/jquery.js?ln=primefaces&v=4.0 HTTP/1.1" 304 -
186.80.52.180 - - [03/Nov/2023:10:14:00 -0500] "GET /sipse/faces/javax.faces.resource/layout/layout.css?ln=primefaces&v=4.0 HTTP/1.1" 304 -
186.80.52.180 - - [03/Nov/2023:10:14:00 -0500] "GET /sipse/faces/javax.faces.resource/primefaces.js?ln=primefaces&v=4.0 HTTP/1.1" 304 -
186.80.52.180 - - [03/Nov/2023:10:14:00 -0500] "GET /sipse/faces/javax.faces.resource/layout/layout.js?ln=primefaces&v=4.0 HTTP/1.1" 304 -
186.80.52.180 - - [03/Nov/2023:10:13:59 -0500] "POST /sipse/faces/presentacion/sistema/anexos/cargarAnexoSolicitudProceso.xhtml HTTP/1.1" 200 154352
186.80.52.180 - - [03/Nov/2023:10:14:00 -0500] "GET /sipse/faces/javax.faces.resource/images/ui-icons_898989_256x240.png?ln=primefaces-aristo HTTP/1.1" 304 -
201.245.192.253 - - [03/Nov/2023:10:14:06 -0500] "POST /forms/lservlet;jsessionid=ac16012b30d67398b24510264f55a2d4c5826150a17a.e3iSbxaKaheRe3eRa38MahaQbi1ynknvrkLOlQzNp65In0 HTTP/1.1" 200 2
201.245.192.253 - - [03/Nov/2023:10:14:03 -0500] "POST /sipse/faces/presentacion/financiero/solicitudProceso/consultarSolicitudProceso.xhtml HTTP/1.1" 200 61659
201.245.192.253 - - [03/Nov/2023:10:14:06 -0500] "GET /sipse/faces/javax.faces.resource/jquery/jquery.js?ln=primefaces&v=4.0 HTTP/1.1" 304 -
201.245.192.253 - - [03/Nov/2023:10:14:06 -0500] "GET /sipse/faces/javax.faces.resource/jquery/jquery-plugins.js?ln=primefaces&v=4.0 HTTP/1.1" 304 -
201.245.192.253 - - [03/Nov/2023:10:14:06 -0500] "GET /sipse/faces/javax.faces.resource/primefaces.js?ln=primefaces&v=4.0 HTTP/1.1" 304 -
201.245.192.253 - - [03/Nov/2023:10:14:06 -0500] "GET /sipse/faces/javax.faces.resource/layout/layout.js?ln=primefaces&v=4.0 HTTP/1.1" 304 -
201.245.192.253 - - [03/Nov/2023:10:14:06 -0500] "POST /sipse/faces/presentacion/financiero/solicitudProceso/listarSolicitudProceso.xhtml HTTP/1.1" 200 1548
52.25.208.208 - - [03/Nov/2023:10:14:07 -0500] "GET /BLA/resoluciones/index.php?dir=RESOLUCIONES%202004/RES%202004%20301-350/ HTTP/1.1" 200 12062
186.80.52.180 - - [03/Nov/2023:10:14:10 -0500] "GET /sipse/faces/javax.faces.resource/images/ui-bg_flat_0_2d5972_40x100.png?ln=primefaces-aristo HTTP/1.1" 304 -
186.80.52.180 - - [03/Nov/2023:10:14:10 -0500] "POST /sipse/faces/presentacion/financiero/solicitudProceso/consultarSolicitudProceso.xhtml HTTP/1.1" 200 64910
186.80.52.180 - - [03/Nov/2023:10:14:15 -0500] "GET /sipse/faces/javax.faces.resource/layout/layout.css?ln=primefaces&v=4.0 HTTP/1.1" 304 -
186.80.52.180 - - [03/Nov/2023:10:14:15 -0500] "GET /sipse/faces/javax.faces.resource/primefaces.css?ln=primefaces&v=4.0 HTTP/1.1" 304 -
186.80.52.180 - - [03/Nov/2023:10:14:15 -0500] "GET /sipse/faces/javax.faces.resource/theme.css?ln=primefaces-sipse HTTP/1.1" 304 -
186.80.52.180 - - [03/Nov/2023:10:14:15 -0500] "GET /sipse/faces/javax.faces.resource/jquery/jquery.js?ln=primefaces&v=4.0 HTTP/1.1" 304 -
186.80.52.180 - - [03/Nov/2023:10:14:15 -0500] "GET /sipse/faces/javax.faces.resource/jquery/jquery-plugins.js?ln=primefaces&v=4.0 HTTP/1.1" 304 -
186.80.52.180 - - [03/Nov/2023:10:14:15 -0500] "GET /sipse/faces/javax.faces.resource/primefaces.js?ln=primefaces&v=4.0 HTTP/1.1" 304 -
186.80.52.180 - - [03/Nov/2023:10:14:15 -0500] "GET /sipse/faces/javax.faces.resource/layout/layout.js?ln=primefaces&v=4.0 HTTP/1.1" 304 -
186.80.52.180 - - [03/Nov/2023:10:14:15 -0500] "GET /sipse/faces/javax.faces.resource/messages/messages.png?ln=primefaces&v=4.0 HTTP/1.1" 304 -
201.245.192.253 - - [03/Nov/2023:10:14:15 -0500] "POST /sipse/faces/presentacion/financiero/solicitudProceso/listarSolicitudProceso.xhtml HTTP/1.1" 200 144345
201.245.192.253 - - [03/Nov/2023:10:14:17 -0500] "GET /sipse/faces/javax.faces.resource/jquery/jquery.js?ln=primefaces&v=4.0 HTTP/1.1" 304 -
201.245.192.253 - - [03/Nov/2023:10:14:17 -0500] "GET /sipse/faces/javax.faces.resource/jquery/jquery-plugins.js?ln=primefaces&v=4.0 HTTP/1.1" 304 -
201.245.192.253 - - [03/Nov/2023:10:14:17 -0500] "GET /sipse/faces/javax.faces.resource/primefaces.js?ln=primefaces&v=4.0 HTTP/1.1" 304 -
201.245.192.253 - - [03/Nov/2023:10:14:17 -0500] "GET /sipse/faces/javax.faces.resource/layout/layout.js?ln=primefaces&v=4.0 HTTP/1.1" 304 -
44.230.252.91 - - [03/Nov/2023:10:14:17 -0500] "GET /BLA/resoluciones/index.php?dir=RESOLUCIONES%202004/RES%202004%20351-400/ HTTP/1.1" 200 12050
186.80.52.180 - - [03/Nov/2023:10:14:15 -0500] "POST /sipse/faces/presentacion/financiero/solicitudProceso/listarSolicitudProceso.xhtml HTTP/1.1" 200 1548
186.80.52.180 - - [03/Nov/2023:10:14:19 -0500] "POST /sipse/faces/presentacion/financiero/solicitudProceso/listarSolicitudProceso.xhtml HTTP/1.1" 200 911
172.22.2.4 - - [03/Nov/2023:10:12:41 -0500] "GET /BLA/boletinlegal/ HTTP/1.1" 200 55050
100.21.24.205 - - [03/Nov/2023:10:14:22 -0500] "GET /BLA/resoluciones/index.php?dir=RESOLUCIONES%202004/RES%202004%20401-450/ HTTP/1.1" 200 12039
201.245.192.253 - - [03/Nov/2023:10:14:22 -0500] "POST /sipse/faces/presentacion/financiero/solicitudProceso/consultarSolicitudProceso.xhtml HTTP/1.1" 200 61667
201.245.192.253 - - [03/Nov/2023:10:14:24 -0500] "GET /sipse/faces/javax.faces.resource/jquery/jquery.js?ln=primefaces&v=4.0 HTTP/1.1" 304 -
201.245.192.253 - - [03/Nov/2023:10:14:24 -0500] "GET /sipse/faces/javax.faces.resource/jquery/jquery-plugins.js?ln=primefaces&v=4.0 HTTP/1.1" 304 -
201.245.192.253 - - [03/Nov/2023:10:14:24 -0500] "GET /sipse/faces/javax.faces.resource/primefaces.js?ln=primefaces&v=4.0 HTTP/1.1" 304 -
201.245.192.253 - - [03/Nov/2023:10:14:24 -0500] "GET /sipse/faces/javax.faces.resource/layout/layout.js?ln=primefaces&v=4.0 HTTP/1.1" 304 -
201.245.192.253 - - [03/Nov/2023:10:14:24 -0500] "POST /sipse/faces/presentacion/financiero/solicitudProceso/listarSolicitudProceso.xhtml HTTP/1.1" 200 1548
100.21.24.205 - - [03/Nov/2023:10:14:25 -0500] "GET /BLA/resoluciones/index.php?dir=RESOLUCIONES%202004/RES%202004%20451-500/ HTTP/1.1" 200 12037
44.230.252.91 - - [03/Nov/2023:10:14:30 -0500] "GET /BLA/resoluciones/index.php?dir=RESOLUCIONES%202004/RES%202004%20501-550/ HTTP/1.1" 200 12048
186.80.52.180 - - [03/Nov/2023:10:14:30 -0500] "GET /sipse/faces/presentacion/sistema/anexos/faces/autenticacion HTTP/1.1" 302 -
186.80.52.180 - - [03/Nov/2023:10:14:30 -0500] "GET /sipse/faces/autenticacion.xhtml HTTP/1.1" 200 12406
186.80.52.180 - - [03/Nov/2023:10:14:30 -0500] "GET /sipse/faces/javax.faces.resource/theme.css?ln=primefaces-sipse HTTP/1.1" 304 -
186.80.52.180 - - [03/Nov/2023:10:14:30 -0500] "GET /sipse/faces/javax.faces.resource/layout/layout.css?ln=primefaces&v=4.0 HTTP/1.1" 304 -
186.80.52.180 - - [03/Nov/2023:10:14:30 -0500] "GET /sipse/faces/javax.faces.resource/primefaces.css?ln=primefaces&v=4.0 HTTP/1.1" 304 -
186.80.52.180 - - [03/Nov/2023:10:14:30 -0500] "GET /sipse/faces/javax.faces.resource/layout/layout.js?ln=primefaces&v=4.0 HTTP/1.1" 304 -
186.80.52.180 - - [03/Nov/2023:10:14:30 -0500] "GET /sipse/faces/javax.faces.resource/jquery/jquery-plugins.js?ln=primefaces&v=4.0 HTTP/1.1" 304 -
186.80.52.180 - - [03/Nov/2023:10:14:30 -0500] "GET /sipse/faces/javax.faces.resource/primefaces.js?ln=primefaces&v=4.0 HTTP/1.1" 304 -
186.80.52.180 - - [03/Nov/2023:10:14:30 -0500] "GET /sipse/faces/javax.faces.resource/jquery/jquery.js?ln=primefaces&v=4.0 HTTP/1.1" 304 -
186.80.52.180 - - [03/Nov/2023:10:14:30 -0500] "GET /sipse/faces/javax.faces.resource/images/ui-icons_898989_256x240.png?ln=primefaces-aristo HTTP/1.1" 304 -
216.244.66.195 - - [03/Nov/2023:10:14:33 -0500] "GET /BLA/resoluciones/AUTOS%202012/3010.pdf HTTP/1.1" 200 1059833
186.80.52.180 - - [03/Nov/2023:10:14:38 -0500] "POST /sipse/faces/autenticacion.xhtml HTTP/1.1" 200 16774
186.80.52.180 - - [03/Nov/2023:10:14:38 -0500] "GET /sipse/faces/javax.faces.resource/primefaces.css?ln=primefaces&v=4.0 HTTP/1.1" 304 -
186.80.52.180 - - [03/Nov/2023:10:14:38 -0500] "GET /sipse/faces/javax.faces.resource/theme.css?ln=primefaces-sipse HTTP/1.1" 304 -
186.80.52.180 - - [03/Nov/2023:10:14:38 -0500] "GET /sipse/faces/javax.faces.resource/layout/layout.css?ln=primefaces&v=4.0 HTTP/1.1" 304 -
186.80.52.180 - - [03/Nov/2023:10:14:38 -0500] "GET /sipse/faces/javax.faces.resource/jquery/jquery.js?ln=primefaces&v=4.0 HTTP/1.1" 304 -
186.80.52.180 - - [03/Nov/2023:10:14:38 -0500] "GET /sipse/faces/javax.faces.resource/jquery/jquery-plugins.js?ln=primefaces&v=4.0 HTTP/1.1" 304 -
186.80.52.180 - - [03/Nov/2023:10:14:38 -0500] "GET /sipse/faces/javax.faces.resource/primefaces.js?ln=primefaces&v=4.0 HTTP/1.1" 304 -
186.80.52.180 - - [03/Nov/2023:10:14:38 -0500] "GET /sipse/faces/javax.faces.resource/layout/layout.js?ln=primefaces&v=4.0 HTTP/1.1" 304 -
186.80.52.180 - - [03/Nov/2023:10:14:38 -0500] "GET /sipse/css/imagen/contrasena.png HTTP/1.1" 404 383
100.21.24.205 - - [03/Nov/2023:10:14:38 -0500] "GET /BLA/resoluciones/index.php?dir=RESOLUCIONES%202004/RES%202004%2051-100/ HTTP/1.1" 200 11980
186.80.52.180 - - [03/Nov/2023:10:14:38 -0500] "GET /sipse/faces/javax.faces.resource/messages/messages.png?ln=primefaces&v=4.0 HTTP/1.1" 304 -
186.80.52.180 - - [03/Nov/2023:10:14:45 -0500] "GET /sipse/faces/javax.faces.resource/images/ui-bg_flat_0_2d5972_40x100.png?ln=primefaces-aristo HTTP/1.1" 304 -
186.80.52.180 - - [03/Nov/2023:10:14:45 -0500] "POST /sipse/faces/bienvenido.xhtml HTTP/1.1" 200 2658
190.70.192.175 - - [03/Nov/2023:10:14:47 -0500] "POST /sipse/faces/presentacion/financiero/solicitudProceso/consultarSolicitudProceso.xhtml HTTP/1.1" 200 21134
190.70.192.175 - - [03/Nov/2023:10:14:47 -0500] "GET /sipse/faces/javax.faces.resource/theme.css?ln=primefaces-sipse HTTP/1.1" 304 -
190.70.192.175 - - [03/Nov/2023:10:14:47 -0500] "GET /sipse/faces/javax.faces.resource/primefaces.css?ln=primefaces&v=4.0 HTTP/1.1" 304 -
190.70.192.175 - - [03/Nov/2023:10:14:47 -0500] "GET /sipse/faces/javax.faces.resource/fileupload/fileupload.css?ln=primefaces&v=4.0 HTTP/1.1" 304 -
190.70.192.175 - - [03/Nov/2023:10:14:47 -0500] "GET /sipse/faces/javax.faces.resource/layout/layout.css?ln=primefaces&v=4.0 HTTP/1.1" 304 -
190.70.192.175 - - [03/Nov/2023:10:14:47 -0500] "GET /sipse/faces/javax.faces.resource/layout/layout.js?ln=primefaces&v=4.0 HTTP/1.1" 304 -
190.70.192.175 - - [03/Nov/2023:10:14:47 -0500] "GET /sipse/faces/javax.faces.resource/jquery/jquery.js?ln=primefaces&v=4.0 HTTP/1.1" 304 -
190.70.192.175 - - [03/Nov/2023:10:14:47 -0500] "GET /sipse/faces/javax.faces.resource/primefaces.js?ln=primefaces&v=4.0 HTTP/1.1" 304 -
190.70.192.175 - - [03/Nov/2023:10:14:47 -0500] "GET /sipse/faces/javax.faces.resource/jquery/jquery-plugins.js?ln=primefaces&v=4.0 HTTP/1.1" 304 -
190.70.192.175 - - [03/Nov/2023:10:14:47 -0500] "GET /sipse/faces/javax.faces.resource/fileupload/fileupload.js?ln=primefaces&v=4.0 HTTP/1.1" 304 -
190.70.192.175 - - [03/Nov/2023:10:14:47 -0500] "GET /sipse/css/imagen/contrasena.png HTTP/1.1" 404 383
190.70.192.175 - - [03/Nov/2023:10:14:47 -0500] "GET /sipse/faces/javax.faces.resource/images/ui-icons_898989_256x240.png?ln=primefaces-aristo HTTP/1.1" 304 -
186.80.52.180 - - [03/Nov/2023:10:14:47 -0500] "POST /sipse/faces/bienvenido.xhtml HTTP/1.1" 200 39441
52.25.208.208 - - [03/Nov/2023:10:14:48 -0500] "GET /BLA/resoluciones/index.php?dir=RESOLUCIONES%202004/RES%202004%20551-600/ HTTP/1.1" 200 12047
186.80.52.180 - - [03/Nov/2023:10:14:48 -0500] "GET /sipse/faces/javax.faces.resource/theme.css?ln=primefaces-sipse HTTP/1.1" 304 -
186.80.52.180 - - [03/Nov/2023:10:14:48 -0500] "GET /sipse/faces/javax.faces.resource/layout/layout.css?ln=primefaces&v=4.0 HTTP/1.1" 304 -
186.80.52.180 - - [03/Nov/2023:10:14:48 -0500] "GET /sipse/faces/javax.faces.resource/primefaces.css?ln=primefaces&v=4.0 HTTP/1.1" 304 -
186.80.52.180 - - [03/Nov/2023:10:14:48 -0500] "GET /sipse/faces/javax.faces.resource/jquery/jquery.js?ln=primefaces&v=4.0 HTTP/1.1" 304 -
186.80.52.180 - - [03/Nov/2023:10:14:48 -0500] "GET /sipse/faces/javax.faces.resource/jquery/jquery-plugins.js?ln=primefaces&v=4.0 HTTP/1.1" 304 -
186.80.52.180 - - [03/Nov/2023:10:14:48 -0500] "GET /sipse/faces/javax.faces.resource/primefaces.js?ln=primefaces&v=4.0 HTTP/1.1" 304 -
186.80.52.180 - - [03/Nov/2023:10:14:48 -0500] "GET /sipse/faces/javax.faces.resource/layout/layout.js?ln=primefaces&v=4.0 HTTP/1.1" 304 -
186.80.52.180 - - [03/Nov/2023:10:14:48 -0500] "POST /sipse/faces/presentacion/financiero/solicitudProceso/listarSolicitudProceso.xhtml HTTP/1.1" 200 1420
44.230.252.91 - - [03/Nov/2023:10:14:51 -0500] "GET /BLA/resoluciones/index.php?dir=RESOLUCIONES%202004/RES%202004%20601-650/ HTTP/1.1" 200 12060
201.245.192.253 - - [03/Nov/2023:10:14:52 -0500] "POST /forms/lservlet;jsessionid=ac16012b30d6b14c8f46b725431e8887c639ff4d95f3.e3iSbxaKaheRe3eRa38MahaQbi1ynknvrkLOlQzNp65In0 HTTP/1.1" 200 12
190.70.192.175 - - [03/Nov/2023:10:14:55 -0500] "GET /sipse/faces/javax.faces.resource/theme.css?ln=primefaces-sipse HTTP/1.1" 304 -
190.70.192.175 - - [03/Nov/2023:10:14:56 -0500] "GET /sipse/faces/javax.faces.resource/primefaces.css?ln=primefaces&v=4.0 HTTP/1.1" 304 -
190.70.192.175 - - [03/Nov/2023:10:14:56 -0500] "GET /sipse/faces/javax.faces.resource/layout/layout.css?ln=primefaces&v=4.0 HTTP/1.1" 304 -
190.70.192.175 - - [03/Nov/2023:10:14:56 -0500] "GET /sipse/faces/javax.faces.resource/jquery/jquery.js?ln=primefaces&v=4.0 HTTP/1.1" 304 -
190.70.192.175 - - [03/Nov/2023:10:14:56 -0500] "GET /sipse/faces/javax.faces.resource/jquery/jquery-plugins.js?ln=primefaces&v=4.0 HTTP/1.1" 304 -
190.70.192.175 - - [03/Nov/2023:10:14:56 -0500] "GET /sipse/faces/javax.faces.resource/primefaces.js?ln=primefaces&v=4.0 HTTP/1.1" 304 -
190.70.192.175 - - [03/Nov/2023:10:14:56 -0500] "GET /sipse/faces/javax.faces.resource/layout/layout.js?ln=primefaces&v=4.0 HTTP/1.1" 304 -
190.70.192.175 - - [03/Nov/2023:10:14:54 -0500] "POST /sipse/faces/presentacion/sistema/anexos/cargarAnexoSolicitudProceso.xhtml HTTP/1.1" 200 181964
190.70.192.175 - - [03/Nov/2023:10:14:56 -0500] "GET /sipse/faces/javax.faces.resource/images/ui-icons_898989_256x240.png?ln=primefaces-aristo HTTP/1.1" 304 -
52.25.208.208 - - [03/Nov/2023:10:14:55 -0500] "GET /BLA/resoluciones/index.php?dir=RESOLUCIONES%202004/RES%202004%20651-700/ HTTP/1.1" 200 12049
186.80.52.180 - - [03/Nov/2023:10:14:55 -0500] "POST /sipse/faces/presentacion/financiero/solicitudProceso/listarSolicitudProceso.xhtml HTTP/1.1" 200 107847
186.80.52.180 - - [03/Nov/2023:10:14:56 -0500] "GET /sipse/faces/javax.faces.resource/primefaces.css?ln=primefaces&v=4.0 HTTP/1.1" 304 -
186.80.52.180 - - [03/Nov/2023:10:14:56 -0500] "GET /sipse/faces/javax.faces.resource/theme.css?ln=primefaces-sipse HTTP/1.1" 304 -
186.80.52.180 - - [03/Nov/2023:10:14:56 -0500] "GET /sipse/faces/javax.faces.resource/layout/layout.css?ln=primefaces&v=4.0 HTTP/1.1" 304 -
186.80.52.180 - - [03/Nov/2023:10:14:56 -0500] "GET /sipse/faces/javax.faces.resource/jquery/jquery.js?ln=primefaces&v=4.0 HTTP/1.1" 304 -
186.80.52.180 - - [03/Nov/2023:10:14:56 -0500] "GET /sipse/faces/javax.faces.resource/jquery/jquery-plugins.js?ln=primefaces&v=4.0 HTTP/1.1" 304 -
186.80.52.180 - - [03/Nov/2023:10:14:56 -0500] "GET /sipse/faces/javax.faces.resource/primefaces.js?ln=primefaces&v=4.0 HTTP/1.1" 304 -
186.80.52.180 - - [03/Nov/2023:10:14:56 -0500] "GET /sipse/faces/javax.faces.resource/layout/layout.js?ln=primefaces&v=4.0 HTTP/1.1" 304 -
100.21.24.205 - - [03/Nov/2023:10:14:57 -0500] "GET /BLA/resoluciones/index.php?dir=RESOLUCIONES%202004/RES%202004%20701-750/ HTTP/1.1" 200 12059
201.245.192.253 - - [03/Nov/2023:10:15:00 -0500] "POST /sipse/faces/presentacion/financiero/solicitudProceso/listarSolicitudProceso.xhtml HTTP/1.1" 200 146070
201.245.192.253 - - [03/Nov/2023:10:15:01 -0500] "GET /sipse/faces/javax.faces.resource/jquery/jquery.js?ln=primefaces&v=4.0 HTTP/1.1" 304 -
201.245.192.253 - - [03/Nov/2023:10:15:02 -0500] "GET /sipse/faces/javax.faces.resource/jquery/jquery-plugins.js?ln=primefaces&v=4.0 HTTP/1.1" 304 -
201.245.192.253 - - [03/Nov/2023:10:15:02 -0500] "GET /sipse/faces/javax.faces.resource/primefaces.js?ln=primefaces&v=4.0 HTTP/1.1" 304 -
201.245.192.253 - - [03/Nov/2023:10:15:02 -0500] "GET /sipse/faces/javax.faces.resource/layout/layout.js?ln=primefaces&v=4.0 HTTP/1.1" 304 -
190.70.192.175 - - [03/Nov/2023:10:15:02 -0500] "POST /sipse/faces/presentacion/financiero/solicitudProceso/consultarSolicitudProceso.xhtml HTTP/1.1" 200 21134
190.70.192.175 - - [03/Nov/2023:10:15:02 -0500] "GET /sipse/faces/javax.faces.resource/theme.css?ln=primefaces-sipse HTTP/1.1" 304 -
190.70.192.175 - - [03/Nov/2023:10:15:02 -0500] "GET /sipse/faces/javax.faces.resource/primefaces.css?ln=primefaces&v=4.0 HTTP/1.1" 304 -
190.70.192.175 - - [03/Nov/2023:10:15:02 -0500] "GET /sipse/faces/javax.faces.resource/layout/layout.css?ln=primefaces&v=4.0 HTTP/1.1" 304 -
190.70.192.175 - - [03/Nov/2023:10:15:02 -0500] "GET /sipse/faces/javax.faces.resource/jquery/jquery-plugins.js?ln=primefaces&v=4.0 HTTP/1.1" 304 -
190.70.192.175 - - [03/Nov/2023:10:15:02 -0500] "GET /sipse/faces/javax.faces.resource/jquery/jquery.js?ln=primefaces&v=4.0 HTTP/1.1" 304 -
190.70.192.175 - - [03/Nov/2023:10:15:02 -0500] "GET /sipse/faces/javax.faces.resource/primefaces.js?ln=primefaces&v=4.0 HTTP/1.1" 304 -
190.70.192.175 - - [03/Nov/2023:10:15:02 -0500] "GET /sipse/faces/javax.faces.resource/fileupload/fileupload.css?ln=primefaces&v=4.0 HTTP/1.1" 304 -
190.70.192.175 - - [03/Nov/2023:10:15:02 -0500] "GET /sipse/faces/javax.faces.resource/fileupload/fileupload.js?ln=primefaces&v=4.0 HTTP/1.1" 304 -
190.70.192.175 - - [03/Nov/2023:10:15:02 -0500] "GET /sipse/faces/javax.faces.resource/layout/layout.js?ln=primefaces&v=4.0 HTTP/1.1" 304 -
186.80.52.180 - - [03/Nov/2023:10:15:01 -0500] "POST /sipse/faces/presentacion/financiero/solicitudProceso/consultarSolicitudProceso.xhtml HTTP/1.1" 200 36890
186.80.52.180 - - [03/Nov/2023:10:15:04 -0500] "GET /sipse/faces/javax.faces.resource/theme.css?ln=primefaces-sipse HTTP/1.1" 304 -
186.80.52.180 - - [03/Nov/2023:10:15:04 -0500] "GET /sipse/faces/javax.faces.resource/primefaces.css?ln=primefaces&v=4.0 HTTP/1.1" 304 -
186.80.52.180 - - [03/Nov/2023:10:15:04 -0500] "GET /sipse/faces/javax.faces.resource/layout/layout.css?ln=primefaces&v=4.0 HTTP/1.1" 304 -
186.80.52.180 - - [03/Nov/2023:10:15:04 -0500] "GET /sipse/faces/javax.faces.resource/jquery/jquery.js?ln=primefaces&v=4.0 HTTP/1.1" 304 -
186.80.52.180 - - [03/Nov/2023:10:15:04 -0500] "GET /sipse/faces/javax.faces.resource/jquery/jquery-plugins.js?ln=primefaces&v=4.0 HTTP/1.1" 304 -
186.80.52.180 - - [03/Nov/2023:10:15:04 -0500] "GET /sipse/faces/javax.faces.resource/primefaces.js?ln=primefaces&v=4.0 HTTP/1.1" 304 -
186.80.52.180 - - [03/Nov/2023:10:15:04 -0500] "GET /sipse/faces/javax.faces.resource/layout/layout.js?ln=primefaces&v=4.0 HTTP/1.1" 304 -
216.244.66.195 - - [03/Nov/2023:10:15:04 -0500] "GET /BLA/resoluciones/AUTOS%202013/0679.pdf HTTP/1.1" 200 407949
186.80.52.180 - - [03/Nov/2023:10:15:04 -0500] "POST /sipse/faces/presentacion/financiero/solicitudProceso/listarSolicitudProceso.xhtml HTTP/1.1" 200 1396
186.86.33.245 - - [03/Nov/2023:10:15:04 -0500] "POST /sipse/faces/presentacion/financiero/solicitudProceso/consultar.xhtml HTTP/1.1" 200 12830
52.25.208.208 - - [03/Nov/2023:10:15:06 -0500] "GET /BLA/resoluciones/index.php?dir=RESOLUCIONES%202004/RES%202004%20751-800/ HTTP/1.1" 200 12053
52.25.208.208 - - [03/Nov/2023:10:15:07 -0500] "GET /BLA/resoluciones/index.php?dir=RESOLUCIONES%202004/RES%202004%20801-850/ HTTP/1.1" 200 12048
186.80.52.180 - - [03/Nov/2023:10:15:07 -0500] "POST /sipse/faces/presentacion/financiero/solicitudProceso/listarSolicitudProceso.xhtml HTTP/1.1" 200 145124
186.80.52.180 - - [03/Nov/2023:10:15:08 -0500] "GET /sipse/faces/javax.faces.resource/theme.css?ln=primefaces-sipse HTTP/1.1" 304 -
186.80.52.180 - - [03/Nov/2023:10:15:08 -0500] "GET /sipse/faces/javax.faces.resource/primefaces.css?ln=primefaces&v=4.0 HTTP/1.1" 304 -
186.80.52.180 - - [03/Nov/2023:10:15:08 -0500] "GET /sipse/faces/javax.faces.resource/layout/layout.css?ln=primefaces&v=4.0 HTTP/1.1" 304 -
186.80.52.180 - - [03/Nov/2023:10:15:08 -0500] "GET /sipse/faces/javax.faces.resource/jquery/jquery.js?ln=primefaces&v=4.0 HTTP/1.1" 304 -
186.80.52.180 - - [03/Nov/2023:10:15:08 -0500] "GET /sipse/faces/javax.faces.resource/jquery/jquery-plugins.js?ln=primefaces&v=4.0 HTTP/1.1" 304 -
186.80.52.180 - - [03/Nov/2023:10:15:08 -0500] "GET /sipse/faces/javax.faces.resource/primefaces.js?ln=primefaces&v=4.0 HTTP/1.1" 304 -
186.80.52.180 - - [03/Nov/2023:10:15:08 -0500] "GET /sipse/faces/javax.faces.resource/layout/layout.js?ln=primefaces&v=4.0 HTTP/1.1" 304 -
201.245.192.253 - - [03/Nov/2023:10:15:10 -0500] "POST /sipse/faces/presentacion/financiero/solicitudProceso/consultarSolicitudProceso.xhtml HTTP/1.1" 200 61673
201.245.192.253 - - [03/Nov/2023:10:15:13 -0500] "GET /sipse/faces/javax.faces.resource/jquery/jquery.js?ln=primefaces&v=4.0 HTTP/1.1" 304 -
201.245.192.253 - - [03/Nov/2023:10:15:13 -0500] "GET /sipse/faces/javax.faces.resource/jquery/jquery-plugins.js?ln=primefaces&v=4.0 HTTP/1.1" 304 -
201.245.192.253 - - [03/Nov/2023:10:15:13 -0500] "GET /sipse/faces/javax.faces.resource/primefaces.js?ln=primefaces&v=4.0 HTTP/1.1" 304 -
201.245.192.253 - - [03/Nov/2023:10:15:13 -0500] "GET /sipse/faces/javax.faces.resource/layout/layout.js?ln=primefaces&v=4.0 HTTP/1.1" 304 -
201.245.192.253 - - [03/Nov/2023:10:15:13 -0500] "POST /sipse/faces/presentacion/financiero/solicitudProceso/listarSolicitudProceso.xhtml HTTP/1.1" 200 1548
190.70.192.175 - - [03/Nov/2023:10:15:14 -0500] "GET /sipse/faces/javax.faces.resource/theme.css?ln=primefaces-sipse HTTP/1.1" 304 -
190.70.192.175 - - [03/Nov/2023:10:15:14 -0500] "GET /sipse/faces/javax.faces.resource/layout/layout.css?ln=primefaces&v=4.0 HTTP/1.1" 304 -
190.70.192.175 - - [03/Nov/2023:10:15:14 -0500] "GET /sipse/faces/javax.faces.resource/primefaces.css?ln=primefaces&v=4.0 HTTP/1.1" 304 -
190.70.192.175 - - [03/Nov/2023:10:15:14 -0500] "GET /sipse/faces/javax.faces.resource/jquery/jquery.js?ln=primefaces&v=4.0 HTTP/1.1" 304 -
190.70.192.175 - - [03/Nov/2023:10:15:14 -0500] "GET /sipse/faces/javax.faces.resource/jquery/jquery-plugins.js?ln=primefaces&v=4.0 HTTP/1.1" 304 -
190.70.192.175 - - [03/Nov/2023:10:15:14 -0500] "GET /sipse/faces/javax.faces.resource/layout/layout.js?ln=primefaces&v=4.0 HTTP/1.1" 304 -
190.70.192.175 - - [03/Nov/2023:10:15:14 -0500] "GET /sipse/faces/javax.faces.resource/primefaces.js?ln=primefaces&v=4.0 HTTP/1.1" 304 -
190.70.192.175 - - [03/Nov/2023:10:15:12 -0500] "POST /sipse/faces/presentacion/sistema/anexos/cargarAnexoSolicitudProceso.xhtml HTTP/1.1" 200 183780
201.245.192.253 - - [03/Nov/2023:10:15:14 -0500] "POST /sipse/faces/presentacion/financiero/solicitudProceso/listarSolicitudProceso.xhtml HTTP/1.1" 200 2257
52.25.208.208 - - [03/Nov/2023:10:15:16 -0500] "GET /BLA/resoluciones/index.php?dir=RESOLUCIONES%202004/RES%202004%20851-900/ HTTP/1.1" 200 12040
201.245.192.253 - - [03/Nov/2023:10:15:19 -0500] "POST /sipse/faces/presentacion/financiero/solicitudProceso/listarSolicitudProceso.xhtml HTTP/1.1" 200 38337
201.245.192.253 - - [03/Nov/2023:10:15:19 -0500] "GET /sipse/faces/javax.faces.resource/jquery/jquery.js?ln=primefaces&v=4.0 HTTP/1.1" 304 -
201.245.192.253 - - [03/Nov/2023:10:15:19 -0500] "GET /sipse/faces/javax.faces.resource/jquery/jquery-plugins.js?ln=primefaces&v=4.0 HTTP/1.1" 304 -
201.245.192.253 - - [03/Nov/2023:10:15:19 -0500] "GET /sipse/faces/javax.faces.resource/primefaces.js?ln=primefaces&v=4.0 HTTP/1.1" 304 -
201.245.192.253 - - [03/Nov/2023:10:15:19 -0500] "GET /sipse/faces/javax.faces.resource/layout/layout.js?ln=primefaces&v=4.0 HTTP/1.1" 304 -
201.245.192.253 - - [03/Nov/2023:10:15:19 -0500] "POST /sipse/faces/presentacion/financiero/solicitudProceso/consultar.xhtml HTTP/1.1" 200 31741
201.245.192.253 - - [03/Nov/2023:10:15:19 -0500] "POST /sipse/faces/presentacion/financiero/solicitudProceso/consultar.xhtml HTTP/1.1" 200 31741
201.245.192.253 - - [03/Nov/2023:10:15:19 -0500] "POST /sipse/faces/presentacion/financiero/solicitudProceso/consultar.xhtml HTTP/1.1" 200 31741
201.245.192.253 - - [03/Nov/2023:10:15:20 -0500] "POST /sipse/faces/presentacion/financiero/solicitudProceso/consultar.xhtml HTTP/1.1" 200 31741
201.245.192.253 - - [03/Nov/2023:10:15:20 -0500] "POST /sipse/faces/presentacion/financiero/solicitudProceso/consultar.xhtml HTTP/1.1" 200 31741
201.245.192.253 - - [03/Nov/2023:10:15:20 -0500] "POST /sipse/faces/presentacion/financiero/solicitudProceso/consultar.xhtml HTTP/1.1" 200 31741
201.245.192.253 - - [03/Nov/2023:10:15:20 -0500] "POST /sipse/faces/presentacion/financiero/solicitudProceso/consultar.xhtml HTTP/1.1" 200 31741
186.80.52.180 - - [03/Nov/2023:10:15:19 -0500] "POST /sipse/faces/presentacion/financiero/solicitudProceso/consultarSolicitudProceso.xhtml HTTP/1.1" 200 33515
186.80.52.180 - - [03/Nov/2023:10:15:21 -0500] "GET /sipse/faces/javax.faces.resource/primefaces.css?ln=primefaces&v=4.0 HTTP/1.1" 304 -
186.80.52.180 - - [03/Nov/2023:10:15:21 -0500] "GET /sipse/faces/javax.faces.resource/theme.css?ln=primefaces-sipse HTTP/1.1" 304 -
186.80.52.180 - - [03/Nov/2023:10:15:21 -0500] "GET /sipse/faces/javax.faces.resource/layout/layout.css?ln=primefaces&v=4.0 HTTP/1.1" 304 -
186.80.52.180 - - [03/Nov/2023:10:15:21 -0500] "GET /sipse/faces/javax.faces.resource/jquery/jquery.js?ln=primefaces&v=4.0 HTTP/1.1" 304 -
186.80.52.180 - - [03/Nov/2023:10:15:21 -0500] "GET /sipse/faces/javax.faces.resource/jquery/jquery-plugins.js?ln=primefaces&v=4.0 HTTP/1.1" 304 -
186.80.52.180 - - [03/Nov/2023:10:15:21 -0500] "GET /sipse/faces/javax.faces.resource/primefaces.js?ln=primefaces&v=4.0 HTTP/1.1" 304 -
186.80.52.180 - - [03/Nov/2023:10:15:21 -0500] "GET /sipse/faces/javax.faces.resource/layout/layout.js?ln=primefaces&v=4.0 HTTP/1.1" 304 -
186.80.52.180 - - [03/Nov/2023:10:15:21 -0500] "POST /sipse/faces/presentacion/financiero/solicitudProceso/listarSolicitudProceso.xhtml HTTP/1.1" 200 1368
201.245.192.253 - - [03/Nov/2023:10:15:24 -0500] "POST /sipse/faces/presentacion/financiero/solicitudProceso/consultar.xhtml HTTP/1.1" 200 12812
52.25.208.208 - - [03/Nov/2023:10:15:29 -0500] "GET /BLA/resoluciones/index.php?dir=RESOLUCIONES%202004/RES%202004%20901-950/ HTTP/1.1" 200 12049
201.245.192.253 - - [03/Nov/2023:10:15:29 -0500] "POST /kwsrmcab/Wsrmcab  HTTP/1.1" 200 42686
216.244.66.195 - - [03/Nov/2023:10:15:31 -0500] "GET /BLA/resoluciones/AUTOS%202013/0737.pdf HTTP/1.1" 200 993999
100.21.24.205 - - [03/Nov/2023:10:15:35 -0500] "GET /BLA/resoluciones/index.php?dir=RESOLUCIONES%202004/RES%202004%20951-1000/ HTTP/1.1" 200 12101
201.245.192.253 - - [03/Nov/2023:10:15:39 -0500] "POST /forms/lservlet;jsessionid=ac16012b30d6b14c8f46b725431e8887c639ff4d95f3.e3iSbxaKaheRe3eRa38MahaQbi1ynknvrkLOlQzNp65In0 HTTP/1.1" 200 2
100.21.24.205 - - [03/Nov/2023:10:15:43 -0500] "GET /BLA/resoluciones/index.php?dir=RESOLUCIONES%202004/&order=asc&sort=date HTTP/1.1" 200 33860
54.184.159.16 - - [03/Nov/2023:10:15:47 -0500] "GET /BLA/resoluciones/index.php?dir=RESOLUCIONES%202004/RES%202004%20701-750/&order=asc&sort=date HTTP/1.1" 200 12059
44.230.252.91 - - [03/Nov/2023:10:15:48 -0500] "GET /BLA/resoluciones/index.php?dir=RESOLUCIONES%202004/&order=asc&sort=size HTTP/1.1" 200 33860
216.245.221.92 - - [03/Nov/2023:10:15:52 -0500] "HEAD / HTTP/1.1" 200 -
44.230.252.91 - - [03/Nov/2023:10:15:54 -0500] "GET /BLA/resoluciones/index.php?dir=RESOLUCIONES%202004/&order=desc&sort=name HTTP/1.1" 200 33859
216.244.66.195 - - [03/Nov/2023:10:15:59 -0500] "GET /BLA/resoluciones/AUTOS%202013/1110.pdf HTTP/1.1" 200 330440
100.21.24.205 - - [03/Nov/2023:10:16:00 -0500] "GET /BLA/resoluciones/index.php?dir=RESOLUCIONES%202005/ANEXO%20RES%202643-2005/ HTTP/1.1" 200 2446
100.21.24.205 - - [03/Nov/2023:10:16:02 -0500] "GET /BLA/resoluciones/index.php?dir=RESOLUCIONES%202005/RES%202005%20%201601-1650/ HTTP/1.1" 200 12426
201.245.192.253 - - [03/Nov/2023:10:16:06 -0500] "POST /forms/lservlet;jsessionid=ac16012b30d67398b24510264f55a2d4c5826150a17a.e3iSbxaKaheRe3eRa38MahaQbi1ynknvrkLOlQzNp65In0 HTTP/1.1" 200 2
100.21.24.205 - - [03/Nov/2023:10:16:08 -0500] "GET /BLA/resoluciones/index.php?dir=RESOLUCIONES%202005/RES%202005%20%201651-1700/ HTTP/1.1" 200 12423
44.230.252.91 - - [03/Nov/2023:10:16:12 -0500] "GET /BLA/resoluciones/index.php?dir=RESOLUCIONES%202005/RES%202005%20%201701-1750/ HTTP/1.1" 200 12210
186.102.15.91 - - [03/Nov/2023:10:16:18 -0500] "-" 408 -
216.244.66.195 - - [03/Nov/2023:10:16:25 -0500] "GET /BLA/resoluciones/AUTOS%202013/1221.pdf HTTP/1.1" 200 220055
44.230.252.91 - - [03/Nov/2023:10:16:27 -0500] "GET /BLA/resoluciones/index.php?dir=RESOLUCIONES%202005/RES%202005%201-50/ HTTP/1.1" 200 12563
52.25.208.208 - - [03/Nov/2023:10:16:29 -0500] "GET /BLA/resoluciones/index.php?dir=RESOLUCIONES%202005/RES%202005%201001-1050/ HTTP/1.1" 200 12364
44.230.252.91 - - [03/Nov/2023:10:16:35 -0500] "GET /BLA/resoluciones/index.php?dir=RESOLUCIONES%202005/RES%202005%201051-1100/ HTTP/1.1" 200 3976
190.70.192.175 - - [03/Nov/2023:10:16:39 -0500] "GET /sipse/faces/javax.faces.resource/images/ui-icons_898989_256x240.png?ln=primefaces-aristo HTTP/1.1" 304 -
52.25.208.208 - - [03/Nov/2023:10:16:43 -0500] "GET /BLA/resoluciones/index.php?dir=RESOLUCIONES%202005/RES%202005%201101-1150/ HTTP/1.1" 200 12363
201.245.192.253 - - [03/Nov/2023:10:16:43 -0500] "POST /sipse/faces/presentacion/financiero/solicitudProceso/listarSolicitudProceso.xhtml HTTP/1.1" 200 145555
201.245.192.253 - - [03/Nov/2023:10:16:44 -0500] "GET /sipse/faces/javax.faces.resource/theme.css?ln=primefaces-sipse HTTP/1.1" 304 -
201.245.192.253 - - [03/Nov/2023:10:16:44 -0500] "GET /sipse/faces/javax.faces.resource/layout/layout.css?ln=primefaces&v=4.0 HTTP/1.1" 304 -
201.245.192.253 - - [03/Nov/2023:10:16:44 -0500] "GET /sipse/faces/javax.faces.resource/primefaces.css?ln=primefaces&v=4.0 HTTP/1.1" 304 -
201.245.192.253 - - [03/Nov/2023:10:16:44 -0500] "GET /sipse/faces/javax.faces.resource/jquery/jquery.js?ln=primefaces&v=4.0 HTTP/1.1" 304 -
201.245.192.253 - - [03/Nov/2023:10:16:44 -0500] "GET /sipse/faces/javax.faces.resource/jquery/jquery-plugins.js?ln=primefaces&v=4.0 HTTP/1.1" 304 -
201.245.192.253 - - [03/Nov/2023:10:16:44 -0500] "GET /sipse/faces/javax.faces.resource/primefaces.js?ln=primefaces&v=4.0 HTTP/1.1" 304 -
201.245.192.253 - - [03/Nov/2023:10:16:44 -0500] "GET /sipse/faces/javax.faces.resource/layout/layout.js?ln=primefaces&v=4.0 HTTP/1.1" 304 -
100.21.24.205 - - [03/Nov/2023:10:16:48 -0500] "GET /BLA/resoluciones/index.php?dir=RESOLUCIONES%202005/RES%202005%201151-1200/ HTTP/1.1" 200 12362
216.244.66.195 - - [03/Nov/2023:10:16:49 -0500] "GET /BLA/resoluciones/AUTOS%202013/1388.pdf HTTP/1.1" 200 420477
52.167.144.57 - - [03/Nov/2023:10:16:51 -0500] "GET /robots.txt HTTP/1.1" 404 1049
201.245.192.253 - - [03/Nov/2023:10:16:52 -0500] "GET /sipse/faces/javax.faces.resource/theme.css?ln=primefaces-sipse HTTP/1.1" 304 -
201.245.192.253 - - [03/Nov/2023:10:16:52 -0500] "GET /sipse/faces/javax.faces.resource/layout/layout.css?ln=primefaces&v=4.0 HTTP/1.1" 304 -
201.245.192.253 - - [03/Nov/2023:10:16:52 -0500] "GET /sipse/faces/javax.faces.resource/primefaces.css?ln=primefaces&v=4.0 HTTP/1.1" 304 -
201.245.192.253 - - [03/Nov/2023:10:16:52 -0500] "GET /sipse/faces/javax.faces.resource/jquery/jquery-plugins.js?ln=primefaces&v=4.0 HTTP/1.1" 304 -
201.245.192.253 - - [03/Nov/2023:10:16:52 -0500] "GET /sipse/faces/javax.faces.resource/jquery/jquery.js?ln=primefaces&v=4.0 HTTP/1.1" 304 -
201.245.192.253 - - [03/Nov/2023:10:16:51 -0500] "POST /sipse/faces/presentacion/financiero/solicitudProceso/consultarSolicitudProceso.xhtml HTTP/1.1" 200 40311
201.245.192.253 - - [03/Nov/2023:10:16:52 -0500] "GET /sipse/faces/javax.faces.resource/primefaces.js?ln=primefaces&v=4.0 HTTP/1.1" 304 -
201.245.192.253 - - [03/Nov/2023:10:16:52 -0500] "GET /sipse/faces/javax.faces.resource/layout/layout.js?ln=primefaces&v=4.0 HTTP/1.1" 304 -
201.245.192.253 - - [03/Nov/2023:10:16:52 -0500] "GET /sipse/css/imagen/contrasena.png HTTP/1.1" 404 383
201.245.192.253 - - [03/Nov/2023:10:16:52 -0500] "GET /sipse/faces/javax.faces.resource/images/ui-icons_898989_256x240.png?ln=primefaces-aristo HTTP/1.1" 304 -
100.21.24.205 - - [03/Nov/2023:10:16:53 -0500] "GET /BLA/resoluciones/index.php?dir=RESOLUCIONES%202005/RES%202005%201201-1250/ HTTP/1.1" 200 12369
54.184.159.16 - - [03/Nov/2023:10:16:58 -0500] "GET /BLA/resoluciones/index.php?dir=RESOLUCIONES%202006/RES%202006%201951-2000/&order=asc&sort=name HTTP/1.1" 200 12349
100.21.24.205 - - [03/Nov/2023:10:17:00 -0500] "GET /BLA/resoluciones/index.php?dir=RESOLUCIONES%202005/RES%202005%201251-1300/ HTTP/1.1" 200 12362
100.21.24.205 - - [03/Nov/2023:10:17:06 -0500] "GET /BLA/resoluciones/index.php?dir=RESOLUCIONES%202005/RES%202005%201301-1350/ HTTP/1.1" 200 12344
52.25.208.208 - - [03/Nov/2023:10:17:12 -0500] "GET /BLA/resoluciones/index.php?dir=RESOLUCIONES%202003/RES%202003%201951-2000/&order=asc&sort=date HTTP/1.1" 200 12149
216.244.66.195 - - [03/Nov/2023:10:17:13 -0500] "GET /BLA/resoluciones/AUTOS%202013/1886.pdf HTTP/1.1" 200 472585
100.21.24.205 - - [03/Nov/2023:10:17:16 -0500] "GET /BLA/resoluciones/index.php?dir=RESOLUCIONES%202003/RES%202003%201951-2000/&order=asc&sort=size HTTP/1.1" 200 12149
100.21.24.205 - - [03/Nov/2023:10:17:20 -0500] "GET /BLA/resoluciones/index.php?dir=RESOLUCIONES%202003/RES%202003%201951-2000/&order=desc&sort=name HTTP/1.1" 200 12148
201.245.192.253 - - [03/Nov/2023:10:17:21 -0500] "GET /sipse/faces/javax.faces.resource/theme.css?ln=primefaces-sipse HTTP/1.1" 304 -
201.245.192.253 - - [03/Nov/2023:10:17:21 -0500] "GET /sipse/faces/javax.faces.resource/primefaces.css?ln=primefaces&v=4.0 HTTP/1.1" 304 -
201.245.192.253 - - [03/Nov/2023:10:17:21 -0500] "GET /sipse/faces/javax.faces.resource/jquery/jquery.js?ln=primefaces&v=4.0 HTTP/1.1" 304 -
201.245.192.253 - - [03/Nov/2023:10:17:21 -0500] "GET /sipse/faces/javax.faces.resource/layout/layout.css?ln=primefaces&v=4.0 HTTP/1.1" 304 -
201.245.192.253 - - [03/Nov/2023:10:17:21 -0500] "GET /sipse/faces/javax.faces.resource/jquery/jquery-plugins.js?ln=primefaces&v=4.0 HTTP/1.1" 304 -
201.245.192.253 - - [03/Nov/2023:10:17:21 -0500] "GET /sipse/faces/javax.faces.resource/primefaces.js?ln=primefaces&v=4.0 HTTP/1.1" 304 -
201.245.192.253 - - [03/Nov/2023:10:17:21 -0500] "GET /sipse/faces/javax.faces.resource/layout/layout.js?ln=primefaces&v=4.0 HTTP/1.1" 304 -
201.245.192.253 - - [03/Nov/2023:10:17:21 -0500] "POST /sipse/faces/presentacion/financiero/solicitudProceso/consultarHistorialSolProceso.xhtml HTTP/1.1" 200 190533
201.245.192.253 - - [03/Nov/2023:10:17:22 -0500] "GET /sipse/faces/javax.faces.resource/images/ui-icons_898989_256x240.png?ln=primefaces-aristo HTTP/1.1" 304 -
201.245.192.253 - - [03/Nov/2023:10:17:21 -0500] "POST /kwsrmcab/Wsrmcab HTTP/1.1" 200 38699
201.245.192.253 - - [03/Nov/2023:10:17:25 -0500] "POST /sipse/faces/presentacion/financiero/solicitudProceso/consultarSolicitudProceso.xhtml HTTP/1.1" 200 204879
201.245.192.253 - - [03/Nov/2023:10:17:23 -0500] "POST /kwsrmcab/Wsrmcab HTTP/1.1" 200 39657
52.25.208.208 - - [03/Nov/2023:10:17:27 -0500] "GET /BLA/resoluciones/index.php?dir=RESOLUCIONES%202005/RES%202005%201351-1400/ HTTP/1.1" 200 12356
201.245.192.253 - - [03/Nov/2023:10:17:29 -0500] "POST /sipse/faces/presentacion/financiero/solicitudProceso/consultar.xhtml HTTP/1.1" 200 61758
201.245.192.253 - - [03/Nov/2023:10:17:29 -0500] "GET /sipse/faces/javax.faces.resource/jquery/jquery.js?ln=primefaces&v=4.0 HTTP/1.1" 304 -
201.245.192.253 - - [03/Nov/2023:10:17:29 -0500] "GET /sipse/faces/javax.faces.resource/jquery/jquery-plugins.js?ln=primefaces&v=4.0 HTTP/1.1" 304 -
201.245.192.253 - - [03/Nov/2023:10:17:29 -0500] "GET /sipse/faces/javax.faces.resource/primefaces.js?ln=primefaces&v=4.0 HTTP/1.1" 304 -
201.245.192.253 - - [03/Nov/2023:10:17:30 -0500] "GET /sipse/faces/javax.faces.resource/layout/layout.js?ln=primefaces&v=4.0 HTTP/1.1" 304 -
201.245.192.253 - - [03/Nov/2023:10:17:30 -0500] "POST /sipse/faces/presentacion/financiero/solicitudProceso/listarSolicitudProceso.xhtml HTTP/1.1" 200 55136
201.245.192.253 - - [03/Nov/2023:10:17:30 -0500] "POST /sipse/faces/presentacion/financiero/solicitudProceso/listarSolicitudProceso.xhtml HTTP/1.1" 200 55136
201.245.192.253 - - [03/Nov/2023:10:17:30 -0500] "POST /sipse/faces/presentacion/financiero/solicitudProceso/listarSolicitudProceso.xhtml HTTP/1.1" 200 55136
201.245.192.253 - - [03/Nov/2023:10:17:30 -0500] "POST /sipse/faces/presentacion/financiero/solicitudProceso/listarSolicitudProceso.xhtml HTTP/1.1" 200 55136
201.245.192.253 - - [03/Nov/2023:10:17:31 -0500] "POST /sipse/faces/presentacion/financiero/solicitudProceso/listarSolicitudProceso.xhtml HTTP/1.1" 200 55136
201.245.192.253 - - [03/Nov/2023:10:17:31 -0500] "POST /sipse/faces/presentacion/financiero/solicitudProceso/listarSolicitudProceso.xhtml HTTP/1.1" 200 55136
44.230.252.91 - - [03/Nov/2023:10:17:31 -0500] "GET /BLA/resoluciones/index.php?dir=RESOLUCIONES%202005/RES%202005%201401-1450/ HTTP/1.1" 200 12365
201.245.192.253 - - [03/Nov/2023:10:17:31 -0500] "POST /sipse/faces/presentacion/financiero/solicitudProceso/listarSolicitudProceso.xhtml HTTP/1.1" 200 55136
201.245.192.253 - - [03/Nov/2023:10:17:32 -0500] "POST /sipse/faces/presentacion/financiero/solicitudProceso/listarSolicitudProceso.xhtml HTTP/1.1" 200 55136
201.245.192.253 - - [03/Nov/2023:10:17:32 -0500] "POST /sipse/faces/presentacion/financiero/solicitudProceso/listarSolicitudProceso.xhtml HTTP/1.1" 200 1548
201.245.192.253 - - [03/Nov/2023:10:17:32 -0500] "POST /sipse/faces/presentacion/financiero/solicitudProceso/listarSolicitudProceso.xhtml HTTP/1.1" 200 1560
201.245.192.253 - - [03/Nov/2023:10:17:32 -0500] "POST /sipse/faces/presentacion/financiero/solicitudProceso/listarSolicitudProceso.xhtml HTTP/1.1" 200 1556
201.245.192.253 - - [03/Nov/2023:10:17:33 -0500] "POST /sipse/faces/presentacion/financiero/solicitudProceso/listarSolicitudProceso.xhtml HTTP/1.1" 200 1560
201.245.192.253 - - [03/Nov/2023:10:17:33 -0500] "POST /sipse/faces/presentacion/financiero/solicitudProceso/listarSolicitudProceso.xhtml HTTP/1.1" 200 1556
201.245.192.253 - - [03/Nov/2023:10:17:33 -0500] "POST /sipse/faces/presentacion/financiero/solicitudProceso/listarSolicitudProceso.xhtml HTTP/1.1" 200 1560
201.245.192.253 - - [03/Nov/2023:10:17:33 -0500] "POST /sipse/faces/presentacion/financiero/solicitudProceso/listarSolicitudProceso.xhtml HTTP/1.1" 200 1552
201.245.192.253 - - [03/Nov/2023:10:17:33 -0500] "POST /sipse/faces/presentacion/financiero/solicitudProceso/listarSolicitudProceso.xhtml HTTP/1.1" 200 1560
201.245.192.253 - - [03/Nov/2023:10:17:34 -0500] "POST /sipse/faces/presentacion/financiero/solicitudProceso/listarSolicitudProceso.xhtml HTTP/1.1" 200 1556
201.245.192.253 - - [03/Nov/2023:10:17:39 -0500] "POST /forms/lservlet;jsessionid=ac16012b30d6b14c8f46b725431e8887c639ff4d95f3.e3iSbxaKaheRe3eRa38MahaQbi1ynknvrkLOlQzNp65In0 HTTP/1.1" 200 2
216.244.66.195 - - [03/Nov/2023:10:17:39 -0500] "GET /BLA/resoluciones/AUTOS%202013/2179.pdf HTTP/1.1" 200 769373
44.230.252.91 - - [03/Nov/2023:10:17:40 -0500] "GET /BLA/resoluciones/index.php?dir=RESOLUCIONES%202005/RES%202005%201451-1500/ HTTP/1.1" 200 12368
186.86.33.245 - - [03/Nov/2023:10:17:50 -0500] "POST /sipse/faces/presentacion/financiero/solicitudProceso/consultar.xhtml HTTP/1.1" 200 12834
201.245.192.253 - - [03/Nov/2023:10:17:51 -0500] "POST /sipse/faces/presentacion/financiero/solicitudProceso/consultarSolicitudProceso.xhtml HTTP/1.1" 200 199952
207.46.13.125 - - [03/Nov/2023:10:17:51 -0500] "GET /BLA/boletinlegal/Circulares/2021/CIRCULAR%20No.%2000007%20DEL%2010%20DE%20AGOSTO%20DEL%202021.pdf HTTP/1.1" 200 266364
100.21.24.205 - - [03/Nov/2023:10:17:52 -0500] "GET /BLA/resoluciones/index.php?dir=RESOLUCIONES%202005/RES%202005%201501-1550/ HTTP/1.1" 200 12365
201.245.192.253 - - [03/Nov/2023:10:17:58 -0500] "GET /sipse/faces/javax.faces.resource/images/ui-bg_flat_0_2d5972_40x100.png?ln=primefaces-aristo HTTP/1.1" 304 -
201.245.192.253 - - [03/Nov/2023:10:17:58 -0500] "POST /sipse/faces/presentacion/financiero/solicitudProceso/consultarSolicitudProceso.xhtml HTTP/1.1" 200 5465
201.245.192.253 - - [03/Nov/2023:10:17:58 -0500] "GET /sipse/faces/javax.faces.resource/dynamiccontent.properties?ln=primefaces&pfdrid=XjOR5%2F%2FfPAZAuY9TpWQeCiM0BhlXxYRBGKi%2FQcXXfeA%3D&pfdrid_c=false HTTP/1.1" 200 117403
52.25.208.208 - - [03/Nov/2023:10:17:59 -0500] "GET /BLA/resoluciones/index.php?dir=RESOLUCIONES%202005/RES%202005%20151-200/ HTTP/1.1" 200 12230
100.21.24.205 - - [03/Nov/2023:10:18:01 -0500] "GET /BLA/resoluciones/index.php?dir=RESOLUCIONES%202005/RES%202005%201551-1600/ HTTP/1.1" 200 12364
216.244.66.195 - - [03/Nov/2023:10:18:02 -0500] "GET /BLA/resoluciones/AUTOS%202014/0063.pdf HTTP/1.1" 200 479293
201.245.192.253 - - [03/Nov/2023:10:18:06 -0500] "POST /forms/lservlet;jsessionid=ac16012b30d67398b24510264f55a2d4c5826150a17a.e3iSbxaKaheRe3eRa38MahaQbi1ynknvrkLOlQzNp65In0 HTTP/1.1" 200 2
44.230.252.91 - - [03/Nov/2023:10:18:06 -0500] "GET /BLA/resoluciones/index.php?dir=RESOLUCIONES%202005/RES%202005%201751-1800/ HTTP/1.1" 200 12368
52.25.208.208 - - [03/Nov/2023:10:18:07 -0500] "GET /BLA/resoluciones/index.php?dir=RESOLUCIONES%202005/RES%202005%201801-1850/ HTTP/1.1" 200 12362
100.21.24.205 - - [03/Nov/2023:10:18:10 -0500] "GET /BLA/resoluciones/index.php?dir=RESOLUCIONES%202005/RES%202005%201851-1900/ HTTP/1.1" 200 12356
44.230.252.91 - - [03/Nov/2023:10:18:12 -0500] "GET /BLA/resoluciones/index.php?dir=RESOLUCIONES%202005/RES%202005%201901-1950/ HTTP/1.1" 200 12364
52.25.208.208 - - [03/Nov/2023:10:18:17 -0500] "GET /BLA/resoluciones/index.php?dir=RESOLUCIONES%202005/RES%202005%201951-2000/ HTTP/1.1" 200 12359
201.245.192.253 - - [03/Nov/2023:10:18:21 -0500] "POST /sipse/faces/presentacion/financiero/solicitudProceso/listarSolicitudProceso.xhtml HTTP/1.1" 200 153751
201.245.192.253 - - [03/Nov/2023:10:18:22 -0500] "GET /sipse/faces/javax.faces.resource/jquery/jquery.js?ln=primefaces&v=4.0 HTTP/1.1" 304 -
201.245.192.253 - - [03/Nov/2023:10:18:22 -0500] "GET /sipse/faces/javax.faces.resource/jquery/jquery-plugins.js?ln=primefaces&v=4.0 HTTP/1.1" 304 -
201.245.192.253 - - [03/Nov/2023:10:18:22 -0500] "GET /sipse/faces/javax.faces.resource/primefaces.js?ln=primefaces&v=4.0 HTTP/1.1" 304 -
201.245.192.253 - - [03/Nov/2023:10:18:22 -0500] "GET /sipse/faces/javax.faces.resource/layout/layout.js?ln=primefaces&v=4.0 HTTP/1.1" 304 -
201.245.192.253 - - [03/Nov/2023:10:18:22 -0500] "GET /sipse/faces/javax.faces.resource/dynamiccontent.properties?ln=primefaces&pfdrid=XjOR5%2F%2FfPAZAuY9TpWQeCiM0BhlXxYRBGKi%2FQcXXfeA%3D&pfdrid_c=false HTTP/1.1" 500 383
216.244.66.195 - - [03/Nov/2023:10:18:23 -0500] "GET /BLA/resoluciones/AUTOS%202014/1927.pdf HTTP/1.1" 200 286010
44.230.252.91 - - [03/Nov/2023:10:18:28 -0500] "GET /BLA/resoluciones/index.php?dir=RESOLUCIONES%202005/RES%202005%202001-2050/ HTTP/1.1" 200 12358
52.25.208.208 - - [03/Nov/2023:10:18:38 -0500] "GET /BLA/resoluciones/index.php?dir=RESOLUCIONES%202005/RES%202005%20201-250/ HTTP/1.1" 200 12248
201.245.192.253 - - [03/Nov/2023:10:18:43 -0500] "POST /forms/lservlet;jsessionid=ac16012b30d6b14c8f46b725431e8887c639ff4d95f3.e3iSbxaKaheRe3eRa38MahaQbi1ynknvrkLOlQzNp65In0 HTTP/1.1" 200 12
216.244.66.195 - - [03/Nov/2023:10:18:43 -0500] "GET /BLA/resoluciones/AUTOS%202014/2202.pdf HTTP/1.1" 200 263622
52.25.208.208 - - [03/Nov/2023:10:18:43 -0500] "GET /BLA/resoluciones/index.php?dir=RESOLUCIONES%202005/RES%202005%202051-2100/ HTTP/1.1" 200 12352
52.25.208.208 - - [03/Nov/2023:10:18:52 -0500] "GET /BLA/resoluciones/index.php?dir=RESOLUCIONES%202005/RES%202005%202101-2150/ HTTP/1.1" 200 12346
52.25.208.208 - - [03/Nov/2023:10:18:55 -0500] "GET /BLA/resoluciones/index.php?dir=RESOLUCIONES%202005/RES%202005%202151-2200/ HTTP/1.1" 200 12146
44.230.252.91 - - [03/Nov/2023:10:18:58 -0500] "GET /BLA/resoluciones/index.php?dir=RESOLUCIONES%202005/RES%202005%202201-2250/ HTTP/1.1" 200 12363
216.244.66.195 - - [03/Nov/2023:10:19:01 -0500] "GET /BLA/resoluciones/AUTOS%202015/2013.pdf HTTP/1.1" 200 552102
201.245.192.253 - - [03/Nov/2023:10:19:02 -0500] "POST /sipse/faces/presentacion/financiero/solicitudProceso/consultarSolicitudProceso.xhtml HTTP/1.1" 200 6071
52.25.208.208 - - [03/Nov/2023:10:19:10 -0500] "GET /BLA/resoluciones/index.php?dir=RESOLUCIONES%202005/RES%202005%202251-2300/ HTTP/1.1" 200 12353
201.245.192.253 - - [03/Nov/2023:10:19:11 -0500] "POST /sipse/faces/presentacion/financiero/solicitudProceso/consultarSolicitudProceso.xhtml HTTP/1.1" 200 6087
44.230.252.91 - - [03/Nov/2023:10:19:17 -0500] "GET /BLA/resoluciones/index.php?dir=RESOLUCIONES%202003/RES%202003%202051-2100/&order=asc&sort=date HTTP/1.1" 200 12152
216.244.66.195 - - [03/Nov/2023:10:19:19 -0500] "GET /BLA/resoluciones/AUTOS%202015/3063.pdf HTTP/1.1" 200 574473
44.230.252.91 - - [03/Nov/2023:10:19:19 -0500] "GET /BLA/resoluciones/index.php?dir=RESOLUCIONES%202003/RES%202003%202051-2100/&order=asc&sort=size HTTP/1.1" 200 12152
172.22.2.4 - - [03/Nov/2023:10:17:40 -0500] "HEAD /BLA/boletinlegal/ HTTP/1.1" 200 -
100.21.24.205 - - [03/Nov/2023:10:19:25 -0500] "GET /BLA/resoluciones/index.php?dir=RESOLUCIONES%202003/RES%202003%202051-2100/&order=desc&sort=name HTTP/1.1" 200 12151
