201.245.192.253 - - [03/Nov/2023:10:39:22 -0500] "POST /sipse/faces/presentacion/financiero/solicitudProceso/listarSolicitudProceso.xhtml HTTP/1.1" 200 1560
201.245.192.253 - - [03/Nov/2023:10:39:23 -0500] "POST /sipse/faces/presentacion/financiero/solicitudProceso/listarSolicitudProceso.xhtml HTTP/1.1" 200 1556
201.245.192.253 - - [03/Nov/2023:10:39:23 -0500] "POST /sipse/faces/presentacion/financiero/solicitudProceso/listarSolicitudProceso.xhtml HTTP/1.1" 200 1560
52.25.208.208 - - [03/Nov/2023:10:39:26 -0500] "GET /BLA/resoluciones/index.php?dir=Notificaciones/RESOLUCIONES%202014/&order=desc&sort=date HTTP/1.1" 200 13931
100.21.24.205 - - [03/Nov/2023:10:39:27 -0500] "GET /BLA/resoluciones/index.php?dir=RESOLUCIONES%202007/RES%202007%204301%20AL%204352/ HTTP/1.1" 200 14905
52.167.144.170 - - [03/Nov/2023:10:39:33 -0500] "GET /BLA/resoluciones/RESOLUCIONES%202022/2842.pdf HTTP/1.1" 304 -
201.245.192.253 - - [03/Nov/2023:10:39:33 -0500] "GET /sipse/faces/javax.faces.resource/theme.css?ln=primefaces-sipse HTTP/1.1" 304 -
201.245.192.253 - - [03/Nov/2023:10:39:33 -0500] "GET /sipse/faces/javax.faces.resource/primefaces.css?ln=primefaces&v=4.0 HTTP/1.1" 304 -
201.245.192.253 - - [03/Nov/2023:10:39:33 -0500] "GET /sipse/faces/javax.faces.resource/layout/layout.css?ln=primefaces&v=4.0 HTTP/1.1" 304 -
201.245.192.253 - - [03/Nov/2023:10:39:33 -0500] "GET /sipse/faces/javax.faces.resource/jquery/jquery.js?ln=primefaces&v=4.0 HTTP/1.1" 304 -
201.245.192.253 - - [03/Nov/2023:10:39:33 -0500] "GET /sipse/faces/javax.faces.resource/primefaces.js?ln=primefaces&v=4.0 HTTP/1.1" 304 -
201.245.192.253 - - [03/Nov/2023:10:39:33 -0500] "GET /sipse/faces/javax.faces.resource/jquery/jquery-plugins.js?ln=primefaces&v=4.0 HTTP/1.1" 304 -
201.245.192.253 - - [03/Nov/2023:10:39:33 -0500] "GET /sipse/faces/javax.faces.resource/layout/layout.js?ln=primefaces&v=4.0 HTTP/1.1" 304 -
201.245.192.253 - - [03/Nov/2023:10:39:33 -0500] "GET /sipse/css/imagen/contrasena.png HTTP/1.1" 404 383
52.167.144.170 - - [03/Nov/2023:10:39:34 -0500] "GET /BLA/resoluciones/RESOLUCIONES%202021/3962.pdf HTTP/1.1" 200 339150
201.245.192.253 - - [03/Nov/2023:10:39:32 -0500] "POST /sipse/faces/presentacion/financiero/solicitudProceso/consultarHistorialSolProceso.xhtml HTTP/1.1" 200 153094
201.245.192.253 - - [03/Nov/2023:10:39:35 -0500] "GET /sipse/faces/javax.faces.resource/dynamiccontent.properties?ln=primefaces&pfdrid=XjOR5%2F%2FfPAZAuY9TpWQeCiM0BhlXxYRBGKi%2FQcXXfeA%3D&pfdrid_c=false HTTP/1.1" 500 383
52.25.208.208 - - [03/Nov/2023:10:39:35 -0500] "GET /BLA/resoluciones/index.php?dir=RESOLUCIONES%202007/RES%202007%20501%20AL%20600/ HTTP/1.1" 200 26888
201.245.192.253 - - [03/Nov/2023:10:39:39 -0500] "POST /forms/lservlet;jsessionid=ac16012b30d6b14c8f46b725431e8887c639ff4d95f3.e3iSbxaKaheRe3eRa38MahaQbi1ynknvrkLOlQzNp65In0 HTTP/1.1" 200 2
44.230.252.91 - - [03/Nov/2023:10:39:43 -0500] "GET /BLA/resoluciones/index.php?dir=RESOLUCIONES%202007/RES%202007%20601%20AL%20700/ HTTP/1.1" 200 26655
201.245.192.253 - - [03/Nov/2023:10:39:43 -0500] "POST /sipse/faces/presentacion/financiero/solicitudProceso/consultarSolicitudProceso.xhtml HTTP/1.1" 200 31673
201.245.192.253 - - [03/Nov/2023:10:39:46 -0500] "GET /sipse/faces/javax.faces.resource/theme.css?ln=primefaces-sipse HTTP/1.1" 304 -
201.245.192.253 - - [03/Nov/2023:10:39:46 -0500] "GET /sipse/faces/javax.faces.resource/layout/layout.css?ln=primefaces&v=4.0 HTTP/1.1" 304 -
201.245.192.253 - - [03/Nov/2023:10:39:46 -0500] "GET /sipse/faces/javax.faces.resource/primefaces.css?ln=primefaces&v=4.0 HTTP/1.1" 304 -
201.245.192.253 - - [03/Nov/2023:10:39:46 -0500] "GET /sipse/faces/javax.faces.resource/jquery/jquery.js?ln=primefaces&v=4.0 HTTP/1.1" 304 -
201.245.192.253 - - [03/Nov/2023:10:39:46 -0500] "GET /sipse/faces/javax.faces.resource/jquery/jquery-plugins.js?ln=primefaces&v=4.0 HTTP/1.1" 304 -
201.245.192.253 - - [03/Nov/2023:10:39:46 -0500] "GET /sipse/css/imagen/contrasena.png HTTP/1.1" 404 383
201.245.192.253 - - [03/Nov/2023:10:39:46 -0500] "GET /sipse/faces/javax.faces.resource/primefaces.js?ln=primefaces&v=4.0 HTTP/1.1" 304 -
201.245.192.253 - - [03/Nov/2023:10:39:46 -0500] "GET /sipse/faces/javax.faces.resource/layout/layout.js?ln=primefaces&v=4.0 HTTP/1.1" 304 -
201.245.192.253 - - [03/Nov/2023:10:39:46 -0500] "POST /sipse/faces/presentacion/financiero/solicitudProceso/listarSolicitudProceso.xhtml HTTP/1.1" 200 1368
201.245.192.253 - - [03/Nov/2023:10:39:48 -0500] "POST /forms/lservlet;jsessionid=ac16012b30d67398b24510264f55a2d4c5826150a17a.e3iSbxaKaheRe3eRa38MahaQbi1ynknvrkLOlQzNp65In0 HTTP/1.1" 200 2
201.245.192.253 - - [03/Nov/2023:10:39:48 -0500] "POST /forms/lservlet;jsessionid=ac16012b30d67398b24510264f55a2d4c5826150a17a.e3iSbxaKaheRe3eRa38MahaQbi1ynknvrkLOlQzNp65In0 HTTP/1.1" 200 2
181.234.205.86 - - [03/Nov/2023:10:39:50 -0500] "POST /appsia/controlador HTTP/1.1" 200 5437
100.21.24.205 - - [03/Nov/2023:10:39:50 -0500] "GET /BLA/resoluciones/index.php?dir=RESOLUCIONES%202007/RES%202007%20701%20AL%20800/ HTTP/1.1" 200 26639
186.102.87.64 - - [03/Nov/2023:10:39:54 -0500] "GET /kwssiamovil/sm/ldap/au?x=U2FsdGVkX198b9nLsANZipWtDku2ALetMRW+JibFibX9Oul2I8m2HxOcLZsFEgHK&y=U2FsdGVkX19YqazotqSRwwIhIkHwbn3lkxmxDvfkAN4= HTTP/1.1" 200 30
186.102.87.64 - - [03/Nov/2023:10:39:54 -0500] "GET /kwssiamovil/sm/acme/s?s=U2FsdGVkX1/of1SQEm+1pPzPMSmxN3DRGDsqY7FeYUCtWEwHkFr362z9At5DcZZYZOelKwJPQN6SVkTPDr7NNiz8Hbp4cr2VeMYtNy6V5/Q=&u=U2FsdGVkX18EdaZW8BRSa0U/0vN9rLvM0VbluSHyGPo=&y=U2FsdGVkX19YqazotqSRwwIhIkHwbn3lkxmxDvfkAN4= HTTP/1.1" 200 97
186.102.87.64 - - [03/Nov/2023:10:39:54 -0500] "GET /kwssiamovil/sm/acme/s?s=U2FsdGVkX1+H8KH17XbgKJXDhJf+jONvQwvBh+FqYeQpRfACqp3fta0fndxJMtZLpIwS5MWwese9DADxuM2FCJY3t1GESFL2sElJVxKexT3TmCA2fUT4gCO7Wpw/emNHkKoeSUtxDFLFlhNNwdARtPCD0psEmCy9GnpQloIc4GZJpmJ8RksUm5uHE6u+pySlrgKCP3yhznXQzy8Ptt+rGMRpvr4PjPBI3ImhGgEhmUCcK/LYnhTsChgNCPi5c0EHTzAN/erX4hABZD79fJ11CtHcHHnL3pycEYveqZzDAJLmDq56ywVXiuUj3xa3tO1jJI3u6lrKr4kVfZVhuHGmY3oXzH02JrzjaOKXBWpB71RhzDMEqRdVq6aABxxxFxPo6nM9tGkhwOoSYxl5BCyrl/ywh5kMErLwDser5B/80GoFRVBkEOBA3n6n1/dEgBpak0ntBss395RK6q1Iyo1tljAH2nA0P+DhKs1CSIz7be+HSTAcdP2l827UgB6wDJh0KGybDpuYIjgehdjFi5aUU+y4Hf0oLRfXwqfwUEerMrBoAhlR0G5VjGs2hH9WbR4rnCmjVNEgZR67EFewmTm+jNoQrs5aJoHRq74tilrKwlK4wRLA1shmbe/rJ68CMmlLpBLKVTs5ys1J6G+4iI8wuQAUjmnxY+g+2mVm95easJFOmJM6XZgnssYoRNvHxBDt3CWeNEvb2mI03FOVmmU81UWwmCYOeb4gfjoEooA1YPtoeoMx+xAssK5bFL+IPXs471ako4ZEZRS3ah25MiAG3FBoSNuCQiQ4eWyK/bL3H5NH7OCCvNdc5hHBeUMFtAX2TkkfUuYQxV9rnkMJfmt+RvuHdFlNIc0F8pwyJwhcJf9FRkP9jmj6rKutH0pNWm9MVriKOWIA4yNBYvxMbRGA/3w9pvFKw5huOf2zyHrF1XKDFdbBTuT3ytbXYYcJGvcmqkCn1QBe8h6PJ/3A0LG9gDnGmDMSxTQdCdqbMuzhRA00RJLTzq86xebmwDKfkLKLYz6szDJ+OWUvfXZTpgkGlORmTHjYoxcTBlPXEkqCJOu6EIZ+kiK7LpzubUoQukvpXQ/Ro7WyOTyv7XQDJn2fpY/2FgyHN1SfusmOeOdGDcig6MrKmJbSPvfoJwoWeM3kkBbkecpL3oIj5J8Kakg6v3a7nTQgUMFlKU4QkCDe3emDJe7BSVTUje/F9B9RSemj1tfXt8DAeI5B7/4dXjqKX++OwlM6C0X8wDNLD3Hf78OZSDg+VQuAQ9iZtetwipRwPSVvTI5Bwf6FOV6L5f15KgRXaCr/0JVcDdV8a87ZFGR3Ew7kakwb0crOmHppJ5ipFiYweF1a8WbsS27KMFDGCWQMjmEpvdP+53hb91NQTDiriH+fnF4Oi1ABULhzKVXfltLdKYrG9oRoXiVrhgkKOTrhT6XeEbuUZfXVmna9WTeKxB7bLAmQBF7SVBMiVlgE/dnmLbwuLz4OZLT64MxzKiaGVY60coE8kCLX9RsqkOijn+4yEFciyFEBDEG/ThKKMPQsytWsNOMQSIezxa61DDJs5ZC7TMmNbAJ8MOHyiaD9mpHbWEr4oMAJaLyzUSjwHThBZNTLZPsxbmT5f/qJxYn926+Q2GDNzvyTJOs4WofsIEreDinPFUuzXijZQaTUM+/OkBuuGh0bSw8VF15Ad3Vi52ZMAKmcDrkQWAWtCjHSMl4QEnLZxYmSfaDWtrjIAjf1F1IQkwDKycmwcb3ZP+oUMz4+N3YTfiabqjH3smc=&u=U2FsdGVkX18EdaZW8BRSa0U/0vN9rLvM0VbluSHyGPo=&y=U2FsdGVkX19YqazotqSRwwIhIkHwbn3lkxmxDvfkAN4= HTTP/1.1" 200 364
186.102.87.64 - - [03/Nov/2023:10:39:54 -0500] "GET /kwssiamovil/sm/acme/s?s=U2FsdGVkX1+dlMxEqgS3ropPb2t819ODEccMMzH9kL8EjQY5HmgJadRPe/pzRjWyP534eGGujZz2dLrDdg7wpd6MmNTLAwMZlIt4Qx7bTJid1AZxYRJCmiWx7B5kenqUgP1WUpxziPMloQsE/pHx04ioRk72+az/muoQrG16n3WozV0x+tx+141JGn53x7yF6cXB3Lcatti6pU+/iFvgnxlu2yYynkgaxWorN0rt7xpdpYQNvuRNW0/ug6si+7SBRfZRaDj8eauXRdELq38R7yycFe+AidfXl6O9H/yQoBtcLkOiddlGTOYJQ+UHHroXWyn/IEeGXzSjwvdLNxvG0B2P19HdHY6kDP317y9aAzKsxbCo7RF2tRgHy71SDGtIxLznynLPt1Y20J+5BphdSKrVTPax4ir2lxXgIjcvejhoqqlZtcu8nVb5T6ll7U4jYIs88oqMHzNcz48yZI/5Ro+rIrKJXhqn9pd9VpHal27GSZXsw8u0buaNeMm+C3pm0CcW/VTg6ULieNZdSE4/zhv9zyZjAdStMxyXmKeQc/GecaB0lCn5QUSuDeEjLx/ZT1ew8EALWFEmvDUxTdiHKaC5koMpzpqd9ihZlxn3QrZY+vNmnkwnClMOQL42uDmaGSlEmhfgctXgIa0y7JCtSW4diDFzKttwgojJXp8O0Jn11v19jxa5mkpP5fD5zmA6FcgyaniNxcItGESkblw6wwdTeST1hGhKDQVvS6nBXvvkWrcNcq3nRgmO29wKBOzX&u=U2FsdGVkX18EdaZW8BRSa0U/0vN9rLvM0VbluSHyGPo=&y=U2FsdGVkX19YqazotqSRwwIhIkHwbn3lkxmxDvfkAN4= HTTP/1.1" 200 208
201.245.192.253 - - [03/Nov/2023:10:39:54 -0500] "GET /sipse/faces/javax.faces.resource/theme.css?ln=primefaces-sipse HTTP/1.1" 304 -
201.245.192.253 - - [03/Nov/2023:10:39:54 -0500] "GET /sipse/faces/javax.faces.resource/layout/layout.css?ln=primefaces&v=4.0 HTTP/1.1" 304 -
201.245.192.253 - - [03/Nov/2023:10:39:54 -0500] "GET /sipse/faces/javax.faces.resource/primefaces.css?ln=primefaces&v=4.0 HTTP/1.1" 304 -
201.245.192.253 - - [03/Nov/2023:10:39:54 -0500] "GET /sipse/faces/javax.faces.resource/jquery/jquery.js?ln=primefaces&v=4.0 HTTP/1.1" 304 -
201.245.192.253 - - [03/Nov/2023:10:39:54 -0500] "GET /sipse/faces/javax.faces.resource/jquery/jquery-plugins.js?ln=primefaces&v=4.0 HTTP/1.1" 304 -
201.245.192.253 - - [03/Nov/2023:10:39:54 -0500] "GET /sipse/faces/javax.faces.resource/primefaces.js?ln=primefaces&v=4.0 HTTP/1.1" 304 -
201.245.192.253 - - [03/Nov/2023:10:39:54 -0500] "GET /sipse/faces/javax.faces.resource/layout/layout.js?ln=primefaces&v=4.0 HTTP/1.1" 304 -
201.245.192.253 - - [03/Nov/2023:10:39:54 -0500] "POST /sipse/faces/presentacion/financiero/solicitudProceso/consultarSolicitudProceso.xhtml HTTP/1.1" 200 44035
186.102.87.64 - - [03/Nov/2023:10:39:54 -0500] "GET /kwssiamovil/sm/cjson/pre?f=1&x=U2FsdGVkX198b9nLsANZipWtDku2ALetMRW+JibFibX9Oul2I8m2HxOcLZsFEgHK HTTP/1.1" 200 31032
181.234.205.86 - - [03/Nov/2023:10:39:57 -0500] "POST /appsia/controlador HTTP/1.1" 200 7730
181.234.205.86 - - [03/Nov/2023:10:39:57 -0500] "GET /appsia/images/logo_escudo.png HTTP/1.1" 200 36965
201.245.192.253 - - [03/Nov/2023:10:39:57 -0500] "GET /sipse/css/imagen/contrasena.png HTTP/1.1" 404 383
201.245.192.253 - - [03/Nov/2023:10:39:57 -0500] "GET /sipse/faces/javax.faces.resource/images/ui-icons_898989_256x240.png?ln=primefaces-aristo HTTP/1.1" 304 -
201.245.192.253 - - [03/Nov/2023:10:39:57 -0500] "GET /sipse/faces/javax.faces.resource/images/ui-bg_flat_0_2d5972_40x100.png?ln=primefaces-aristo HTTP/1.1" 304 -
201.245.192.253 - - [03/Nov/2023:10:39:57 -0500] "POST /sipse/faces/presentacion/financiero/solicitudProceso/listarSolicitudProceso.xhtml HTTP/1.1" 200 1440
201.245.192.253 - - [03/Nov/2023:10:39:57 -0500] "POST /sipse/faces/presentacion/financiero/solicitudProceso/listarSolicitudProceso.xhtml HTTP/1.1" 200 1444
201.245.192.253 - - [03/Nov/2023:10:40:06 -0500] "POST /forms/lservlet;jsessionid=ac16012b30d67398b24510264f55a2d4c5826150a17a.e3iSbxaKaheRe3eRa38MahaQbi1ynknvrkLOlQzNp65In0 HTTP/1.1" 200 2
52.25.208.208 - - [03/Nov/2023:10:40:06 -0500] "GET /BLA/resoluciones/index.php?dir=RESOLUCIONES%202007/RES%202007%20801%20AL%20900/ HTTP/1.1" 200 26642
44.230.252.91 - - [03/Nov/2023:10:40:07 -0500] "GET /BLA/resoluciones/index.php?dir=RESOLUCIONES%202007/RES%202007%20901%20AL%201000/ HTTP/1.1" 200 26734
44.230.252.91 - - [03/Nov/2023:10:40:24 -0500] "GET /BLA/resoluciones/index.php?dir=RESOLUCIONES%202007/&order=asc&sort=date HTTP/1.1" 200 37998
201.245.192.253 - - [03/Nov/2023:10:40:24 -0500] "POST /kwsrmcab/Wsrmcab  HTTP/1.1" 200 42686
44.230.252.91 - - [03/Nov/2023:10:40:27 -0500] "GET /BLA/resoluciones/index.php?dir=RESOLUCIONES%202007/&order=asc&sort=size HTTP/1.1" 200 37998
201.245.192.253 - - [03/Nov/2023:10:40:32 -0500] "POST /kwsrmcab/Wsrmcab HTTP/1.1" 200 38699
201.245.192.253 - - [03/Nov/2023:10:40:37 -0500] "POST /kwsrmcab/Wsrmcab HTTP/1.1" 200 39657
100.21.24.205 - - [03/Nov/2023:10:40:42 -0500] "GET /BLA/resoluciones/index.php?dir=RESOLUCIONES%202007/&order=desc&sort=name HTTP/1.1" 200 37997
44.230.252.91 - - [03/Nov/2023:10:40:46 -0500] "GET /BLA/resoluciones/index.php?dir=RESOLUCIONES%202003/RES%202003%20001-050/&order=asc&sort=name HTTP/1.1" 200 12161
216.245.221.92 - - [03/Nov/2023:10:40:52 -0500] "HEAD / HTTP/1.1" 200 -
52.25.208.208 - - [03/Nov/2023:10:40:57 -0500] "GET /BLA/resoluciones/index.php?dir=RESOLUCIONES%202003/RES%202003%20001-050/&order=desc&sort=date HTTP/1.1" 200 12160
44.231.202.44 - - [03/Nov/2023:10:41:06 -0500] "GET /BLA/resoluciones/RESOLUCIONES%202004/RES%202004%201651-1700/INDEX.DAT HTTP/1.1" 200 2000
201.245.192.253 - - [03/Nov/2023:10:41:07 -0500] "POST /sipse/faces/presentacion/financiero/solicitudProceso/listarSolicitudProceso.xhtml HTTP/1.1" 200 139583
201.245.192.253 - - [03/Nov/2023:10:41:09 -0500] "GET /sipse/faces/javax.faces.resource/jquery/jquery.js?ln=primefaces&v=4.0 HTTP/1.1" 304 -
201.245.192.253 - - [03/Nov/2023:10:41:09 -0500] "GET /sipse/faces/javax.faces.resource/jquery/jquery-plugins.js?ln=primefaces&v=4.0 HTTP/1.1" 304 -
201.245.192.253 - - [03/Nov/2023:10:41:09 -0500] "GET /sipse/faces/javax.faces.resource/primefaces.js?ln=primefaces&v=4.0 HTTP/1.1" 304 -
201.245.192.253 - - [03/Nov/2023:10:41:09 -0500] "GET /sipse/faces/javax.faces.resource/layout/layout.js?ln=primefaces&v=4.0 HTTP/1.1" 304 -
201.245.192.253 - - [03/Nov/2023:10:41:09 -0500] "GET /sipse/faces/javax.faces.resource/dynamiccontent.properties?ln=primefaces&pfdrid=XjOR5%2F%2FfPAZAuY9TpWQeCiM0BhlXxYRBGKi%2FQcXXfeA%3D&pfdrid_c=false HTTP/1.1" 500 383
52.25.208.208 - - [03/Nov/2023:10:41:11 -0500] "GET /BLA/resoluciones/index.php?dir=RESOLUCIONES%202008/&order=asc&sort=date HTTP/1.1" 200 976272
201.245.192.253 - - [03/Nov/2023:10:41:17 -0500] "POST /sipse/faces/presentacion/financiero/solicitudProceso/consultarSolicitudProceso.xhtml HTTP/1.1" 200 771686
54.184.159.16 - - [03/Nov/2023:10:41:20 -0500] "GET /BLA/resoluciones/index.php?dir=RESOLUCIONES%202006/RES%202006%20%203001-3054/&order=desc&sort=date HTTP/1.1" 200 13209
52.25.208.208 - - [03/Nov/2023:10:41:17 -0500] "GET /BLA/resoluciones/index.php?dir=RESOLUCIONES%202008/&order=asc&sort=size HTTP/1.1" 200 976272
44.231.202.44 - - [03/Nov/2023:10:41:26 -0500] "GET /BLA/resoluciones/index.php?dir=RESOLUCIONES%202006/RES%202006%201951-2000/&order=desc&sort=date HTTP/1.1" 200 12348
44.230.252.91 - - [03/Nov/2023:10:41:29 -0500] "GET /BLA/resoluciones/index.php?dir=RESOLUCIONES%202008/&order=desc&sort=name HTTP/1.1" 200 976271
201.245.192.253 - - [03/Nov/2023:10:41:34 -0500] "POST /sipse/faces/presentacion/financiero/solicitudProceso/consultarSolicitudProceso.xhtml HTTP/1.1" 200 78831
201.245.192.253 - - [03/Nov/2023:10:41:39 -0500] "POST /forms/lservlet;jsessionid=ac16012b30d6b14c8f46b725431e8887c639ff4d95f3.e3iSbxaKaheRe3eRa38MahaQbi1ynknvrkLOlQzNp65In0 HTTP/1.1" 200 2
201.245.192.253 - - [03/Nov/2023:10:41:39 -0500] "GET /sipse/faces/javax.faces.resource/images/ui-bg_flat_0_2d5972_40x100.png?ln=primefaces-aristo HTTP/1.1" 304 -
201.245.192.253 - - [03/Nov/2023:10:41:39 -0500] "POST /sipse/faces/presentacion/financiero/solicitudProceso/consultarSolicitudProceso.xhtml HTTP/1.1" 200 43786
201.245.192.253 - - [03/Nov/2023:10:41:40 -0500] "GET /sipse/faces/javax.faces.resource/theme.css?ln=primefaces-sipse HTTP/1.1" 304 -
201.245.192.253 - - [03/Nov/2023:10:41:40 -0500] "GET /sipse/faces/javax.faces.resource/primefaces.css?ln=primefaces&v=4.0 HTTP/1.1" 304 -
201.245.192.253 - - [03/Nov/2023:10:41:40 -0500] "GET /sipse/faces/javax.faces.resource/layout/layout.css?ln=primefaces&v=4.0 HTTP/1.1" 304 -
201.245.192.253 - - [03/Nov/2023:10:41:40 -0500] "GET /sipse/faces/javax.faces.resource/jquery/jquery.js?ln=primefaces&v=4.0 HTTP/1.1" 304 -
201.245.192.253 - - [03/Nov/2023:10:41:40 -0500] "GET /sipse/faces/javax.faces.resource/jquery/jquery-plugins.js?ln=primefaces&v=4.0 HTTP/1.1" 304 -
201.245.192.253 - - [03/Nov/2023:10:41:40 -0500] "GET /sipse/faces/javax.faces.resource/primefaces.js?ln=primefaces&v=4.0 HTTP/1.1" 304 -
201.245.192.253 - - [03/Nov/2023:10:41:40 -0500] "GET /sipse/faces/javax.faces.resource/layout/layout.js?ln=primefaces&v=4.0 HTTP/1.1" 304 -
100.21.24.205 - - [03/Nov/2023:10:41:48 -0500] "GET /BLA/resoluciones/index.php?dir=Notificaciones/RESOLUCIONES%202020/&order=asc&sort=date HTTP/1.1" 200 54295
201.245.192.253 - - [03/Nov/2023:10:41:59 -0500] "POST /sipse/faces/presentacion/financiero/solicitudProceso/consultar.xhtml HTTP/1.1" 200 12831
201.245.192.253 - - [03/Nov/2023:10:42:01 -0500] "POST /sipse/faces/presentacion/financiero/solicitudProceso/consultar.xhtml HTTP/1.1" 200 12843
44.230.252.91 - - [03/Nov/2023:10:42:01 -0500] "GET /BLA/resoluciones/index.php?dir=Notificaciones/RESOLUCIONES%202016/&order=desc&sort=date HTTP/1.1" 200 18210
201.245.192.253 - - [03/Nov/2023:10:42:04 -0500] "POST /sipse/faces/presentacion/financiero/solicitudProceso/consultarSolicitudProceso.xhtml HTTP/1.1" 302 -
201.245.192.253 - - [03/Nov/2023:10:42:04 -0500] "GET /sipse/faces/autenticacion.xhtml HTTP/1.1" 200 1099
201.245.192.253 - - [03/Nov/2023:10:42:04 -0500] "POST /sipse/faces/presentacion/financiero/solicitudProceso/consultarSolicitudProceso.xhtml HTTP/1.1" 302 -
201.245.192.253 - - [03/Nov/2023:10:42:04 -0500] "GET /sipse/faces/autenticacion.xhtml HTTP/1.1" 200 1099
201.245.192.253 - - [03/Nov/2023:10:42:04 -0500] "POST /sipse/faces/presentacion/financiero/solicitudProceso/consultarSolicitudProceso.xhtml HTTP/1.1" 302 -
201.245.192.253 - - [03/Nov/2023:10:42:04 -0500] "GET /sipse/faces/autenticacion.xhtml HTTP/1.1" 200 1099
54.184.159.16 - - [03/Nov/2023:10:42:04 -0500] "GET /BLA/resoluciones/index.php?dir=RESOLUCIONES%202004/RES%202004%201651-1700/&order=desc&sort=name HTTP/1.1" 200 12369
201.245.192.253 - - [03/Nov/2023:10:42:04 -0500] "POST /sipse/faces/presentacion/financiero/solicitudProceso/consultar.xhtml HTTP/1.1" 200 108932
201.245.192.253 - - [03/Nov/2023:10:42:05 -0500] "GET /sipse/faces/javax.faces.resource/theme.css?ln=primefaces-sipse HTTP/1.1" 304 -
201.245.192.253 - - [03/Nov/2023:10:42:05 -0500] "GET /sipse/faces/javax.faces.resource/primefaces.css?ln=primefaces&v=4.0 HTTP/1.1" 304 -
201.245.192.253 - - [03/Nov/2023:10:42:05 -0500] "GET /sipse/faces/javax.faces.resource/layout/layout.css?ln=primefaces&v=4.0 HTTP/1.1" 304 -
201.245.192.253 - - [03/Nov/2023:10:42:05 -0500] "GET /sipse/faces/javax.faces.resource/jquery/jquery.js?ln=primefaces&v=4.0 HTTP/1.1" 304 -
201.245.192.253 - - [03/Nov/2023:10:42:05 -0500] "GET /sipse/faces/javax.faces.resource/jquery/jquery-plugins.js?ln=primefaces&v=4.0 HTTP/1.1" 304 -
201.245.192.253 - - [03/Nov/2023:10:42:05 -0500] "GET /sipse/faces/javax.faces.resource/primefaces.js?ln=primefaces&v=4.0 HTTP/1.1" 304 -
201.245.192.253 - - [03/Nov/2023:10:42:05 -0500] "GET /sipse/faces/javax.faces.resource/layout/layout.js?ln=primefaces&v=4.0 HTTP/1.1" 304 -
201.245.192.253 - - [03/Nov/2023:10:42:05 -0500] "POST /sipse/faces/presentacion/financiero/solicitudProceso/consultarSolicitudProceso.xhtml HTTP/1.1" 302 -
201.245.192.253 - - [03/Nov/2023:10:42:05 -0500] "GET /sipse/faces/autenticacion.xhtml HTTP/1.1" 200 1099
201.245.192.253 - - [03/Nov/2023:10:42:05 -0500] "POST /sipse/faces/presentacion/financiero/solicitudProceso/consultarSolicitudProceso.xhtml HTTP/1.1" 302 -
201.245.192.253 - - [03/Nov/2023:10:42:05 -0500] "GET /sipse/faces/autenticacion.xhtml HTTP/1.1" 200 1099
201.245.192.253 - - [03/Nov/2023:10:42:05 -0500] "POST /sipse/faces/presentacion/financiero/solicitudProceso/consultarSolicitudProceso.xhtml HTTP/1.1" 302 -
201.245.192.253 - - [03/Nov/2023:10:42:05 -0500] "GET /sipse/faces/autenticacion.xhtml HTTP/1.1" 200 1099
201.245.192.253 - - [03/Nov/2023:10:42:05 -0500] "GET /sipse/faces/javax.faces.resource/dynamiccontent.properties?ln=primefaces&pfdrid=XjOR5%2F%2FfPAZAuY9TpWQeCiM0BhlXxYRBGKi%2FQcXXfeA%3D&pfdrid_c=false HTTP/1.1" 500 383
201.245.192.253 - - [03/Nov/2023:10:42:06 -0500] "POST /sipse/faces/presentacion/financiero/solicitudProceso/consultarSolicitudProceso.xhtml HTTP/1.1" 302 -
201.245.192.253 - - [03/Nov/2023:10:42:06 -0500] "GET /sipse/faces/autenticacion.xhtml HTTP/1.1" 200 1099
201.245.192.253 - - [03/Nov/2023:10:42:06 -0500] "POST /sipse/faces/presentacion/financiero/solicitudProceso/consultarSolicitudProceso.xhtml HTTP/1.1" 302 -
201.245.192.253 - - [03/Nov/2023:10:42:06 -0500] "GET /sipse/faces/autenticacion.xhtml HTTP/1.1" 200 1099
201.245.192.253 - - [03/Nov/2023:10:42:06 -0500] "POST /sipse/faces/presentacion/financiero/solicitudProceso/consultarSolicitudProceso.xhtml HTTP/1.1" 302 -
201.245.192.253 - - [03/Nov/2023:10:42:06 -0500] "GET /sipse/faces/autenticacion.xhtml HTTP/1.1" 200 1099
201.245.192.253 - - [03/Nov/2023:10:42:06 -0500] "POST /sipse/faces/presentacion/financiero/solicitudProceso/consultarSolicitudProceso.xhtml HTTP/1.1" 302 -
201.245.192.253 - - [03/Nov/2023:10:42:06 -0500] "GET /sipse/faces/autenticacion.xhtml HTTP/1.1" 200 1099
201.245.192.253 - - [03/Nov/2023:10:42:06 -0500] "POST /sipse/faces/presentacion/financiero/solicitudProceso/consultarSolicitudProceso.xhtml HTTP/1.1" 302 -
201.245.192.253 - - [03/Nov/2023:10:42:06 -0500] "GET /sipse/faces/autenticacion.xhtml HTTP/1.1" 200 1099
201.245.192.253 - - [03/Nov/2023:10:42:06 -0500] "POST /sipse/faces/presentacion/financiero/solicitudProceso/consultarSolicitudProceso.xhtml HTTP/1.1" 302 -
201.245.192.253 - - [03/Nov/2023:10:42:06 -0500] "GET /sipse/faces/autenticacion.xhtml HTTP/1.1" 200 1099
201.245.192.253 - - [03/Nov/2023:10:42:06 -0500] "POST /forms/lservlet;jsessionid=ac16012b30d67398b24510264f55a2d4c5826150a17a.e3iSbxaKaheRe3eRa38MahaQbi1ynknvrkLOlQzNp65In0 HTTP/1.1" 200 2
201.245.192.253 - - [03/Nov/2023:10:42:07 -0500] "POST /sipse/faces/presentacion/financiero/solicitudProceso/consultarSolicitudProceso.xhtml HTTP/1.1" 302 -
201.245.192.253 - - [03/Nov/2023:10:42:07 -0500] "GET /sipse/faces/autenticacion.xhtml HTTP/1.1" 200 1099
44.230.252.91 - - [03/Nov/2023:10:42:09 -0500] "GET /BLA/resoluciones/index.php?dir=Notificaciones/RESOLUCIONES%202020/&order=asc&sort=name HTTP/1.1" 200 54295
201.245.192.253 - - [03/Nov/2023:10:42:11 -0500] "GET /sipse/faces/index.xhtml HTTP/1.1" 200 677
201.245.192.253 - - [03/Nov/2023:10:42:11 -0500] "GET /sipse/faces/javax.faces.resource/theme.css?ln=primefaces-sipse HTTP/1.1" 304 -
201.245.192.253 - - [03/Nov/2023:10:42:11 -0500] "GET /sipse/faces/faces/autenticacion.xhtml HTTP/1.1" 200 12406
201.245.192.253 - - [03/Nov/2023:10:42:11 -0500] "GET /sipse/js/disable_browser_buttons.js HTTP/1.1" 304 -
201.245.192.253 - - [03/Nov/2023:10:42:11 -0500] "GET /sipse/js/funciones.js HTTP/1.1" 304 -
201.245.192.253 - - [03/Nov/2023:10:42:11 -0500] "GET /sipse/css/custom_css_sg.css HTTP/1.1" 304 -
201.245.192.253 - - [03/Nov/2023:10:42:11 -0500] "GET /sipse/css/custom_css_sg_prime_login.css HTTP/1.1" 304 -
201.245.192.253 - - [03/Nov/2023:10:42:11 -0500] "GET /sipse/faces/javax.faces.resource/primefaces.css?ln=primefaces&v=4.0 HTTP/1.1" 304 -
201.245.192.253 - - [03/Nov/2023:10:42:11 -0500] "GET /sipse/faces/javax.faces.resource/jquery/jquery.js?ln=primefaces&v=4.0 HTTP/1.1" 304 -
201.245.192.253 - - [03/Nov/2023:10:42:11 -0500] "GET /sipse/faces/javax.faces.resource/layout/layout.css?ln=primefaces&v=4.0 HTTP/1.1" 304 -
201.245.192.253 - - [03/Nov/2023:10:42:11 -0500] "GET /sipse/faces/javax.faces.resource/jquery/jquery-plugins.js?ln=primefaces&v=4.0 HTTP/1.1" 304 -
201.245.192.253 - - [03/Nov/2023:10:42:11 -0500] "GET /sipse/faces/javax.faces.resource/theme.css?ln=primefaces-sipse HTTP/1.1" 304 -
201.245.192.253 - - [03/Nov/2023:10:42:11 -0500] "GET /sipse/faces/javax.faces.resource/primefaces.js?ln=primefaces&v=4.0 HTTP/1.1" 304 -
201.245.192.253 - - [03/Nov/2023:10:42:11 -0500] "GET /sipse/faces/javax.faces.resource/layout/layout.js?ln=primefaces&v=4.0 HTTP/1.1" 304 -
201.245.192.253 - - [03/Nov/2023:10:42:11 -0500] "GET /sipse/css/imagen/loginimg.png HTTP/1.1" 304 -
201.245.192.253 - - [03/Nov/2023:10:42:11 -0500] "GET /sipse/css/imagen/logoSDG.png HTTP/1.1" 304 -
201.245.192.253 - - [03/Nov/2023:10:42:11 -0500] "GET /sipse/faces/javax.faces.resource/images/ui-icons_898989_256x240.png?ln=primefaces-aristo HTTP/1.1" 304 -
201.245.192.253 - - [03/Nov/2023:10:42:14 -0500] "POST /sipse/faces/autenticacion.xhtml HTTP/1.1" 200 16178
201.245.192.253 - - [03/Nov/2023:10:42:14 -0500] "GET /sipse/css/custom_css_sg_prime.css HTTP/1.1" 304 -
201.245.192.253 - - [03/Nov/2023:10:42:14 -0500] "GET /sipse/faces/javax.faces.resource/theme.css?ln=primefaces-sipse HTTP/1.1" 304 -
201.245.192.253 - - [03/Nov/2023:10:42:14 -0500] "GET /sipse/faces/javax.faces.resource/primefaces.css?ln=primefaces&v=4.0 HTTP/1.1" 304 -
201.245.192.253 - - [03/Nov/2023:10:42:14 -0500] "GET /sipse/js/jquery.min.js HTTP/1.1" 304 -
201.245.192.253 - - [03/Nov/2023:10:42:14 -0500] "GET /sipse/faces/javax.faces.resource/layout/layout.css?ln=primefaces&v=4.0 HTTP/1.1" 304 -
201.245.192.253 - - [03/Nov/2023:10:42:14 -0500] "GET /sipse/faces/javax.faces.resource/jquery/jquery.js?ln=primefaces&v=4.0 HTTP/1.1" 304 -
201.245.192.253 - - [03/Nov/2023:10:42:14 -0500] "GET /sipse/faces/javax.faces.resource/jquery/jquery-plugins.js?ln=primefaces&v=4.0 HTTP/1.1" 304 -
201.245.192.253 - - [03/Nov/2023:10:42:14 -0500] "GET /sipse/faces/javax.faces.resource/primefaces.js?ln=primefaces&v=4.0 HTTP/1.1" 304 -
201.245.192.253 - - [03/Nov/2023:10:42:14 -0500] "GET /sipse/faces/javax.faces.resource/layout/layout.js?ln=primefaces&v=4.0 HTTP/1.1" 304 -
201.245.192.253 - - [03/Nov/2023:10:42:14 -0500] "GET /sipse/css/v_mergente.css HTTP/1.1" 304 -
201.245.192.253 - - [03/Nov/2023:10:42:14 -0500] "GET /sipse/imagenes/logoAplicacion.jpg HTTP/1.1" 304 -
201.245.192.253 - - [03/Nov/2023:10:42:14 -0500] "GET /sipse/imagenes/cargando.gif HTTP/1.1" 304 -
201.245.192.253 - - [03/Nov/2023:10:42:14 -0500] "GET /sipse/css/imagen/contrasena.png HTTP/1.1" 404 383
201.245.192.253 - - [03/Nov/2023:10:42:14 -0500] "GET /sipse/faces/javax.faces.resource/messages/messages.png?ln=primefaces&v=4.0 HTTP/1.1" 304 -
54.184.159.16 - - [03/Nov/2023:10:42:15 -0500] "GET /BLA/resoluciones/index.php?dir=RESOLUCIONES%202004/RES%202004%201651-1700/&order=asc&sort=size HTTP/1.1" 200 12370
201.245.192.253 - - [03/Nov/2023:10:42:16 -0500] "GET /sipse/faces/javax.faces.resource/images/ui-bg_flat_0_2d5972_40x100.png?ln=primefaces-aristo HTTP/1.1" 304 -
201.245.192.253 - - [03/Nov/2023:10:42:16 -0500] "POST /sipse/faces/bienvenido.xhtml HTTP/1.1" 200 1471
201.245.192.253 - - [03/Nov/2023:10:42:16 -0500] "POST /sipse/faces/bienvenido.xhtml HTTP/1.1" 200 62972
201.245.192.253 - - [03/Nov/2023:10:42:17 -0500] "GET /sipse/faces/javax.faces.resource/theme.css?ln=primefaces-sipse HTTP/1.1" 304 -
201.245.192.253 - - [03/Nov/2023:10:42:17 -0500] "GET /sipse/faces/javax.faces.resource/primefaces.css?ln=primefaces&v=4.0 HTTP/1.1" 304 -
201.245.192.253 - - [03/Nov/2023:10:42:17 -0500] "GET /sipse/faces/javax.faces.resource/layout/layout.css?ln=primefaces&v=4.0 HTTP/1.1" 304 -
201.245.192.253 - - [03/Nov/2023:10:42:17 -0500] "GET /sipse/faces/javax.faces.resource/jquery/jquery.js?ln=primefaces&v=4.0 HTTP/1.1" 304 -
201.245.192.253 - - [03/Nov/2023:10:42:17 -0500] "GET /sipse/faces/javax.faces.resource/jquery/jquery-plugins.js?ln=primefaces&v=4.0 HTTP/1.1" 304 -
201.245.192.253 - - [03/Nov/2023:10:42:17 -0500] "GET /sipse/faces/javax.faces.resource/primefaces.js?ln=primefaces&v=4.0 HTTP/1.1" 304 -
201.245.192.253 - - [03/Nov/2023:10:42:17 -0500] "GET /sipse/faces/javax.faces.resource/layout/layout.js?ln=primefaces&v=4.0 HTTP/1.1" 304 -
201.245.192.253 - - [03/Nov/2023:10:42:17 -0500] "POST /sipse/faces/presentacion/financiero/solicitudProceso/listarSolicitudProceso.xhtml HTTP/1.1" 200 1548
100.21.24.205 - - [03/Nov/2023:10:42:22 -0500] "GET /BLA/resoluciones/index.php?dir=Notificaciones/RESOLUCIONES%202020/&order=desc&sort=size HTTP/1.1" 200 54294
201.245.192.253 - - [03/Nov/2023:10:42:21 -0500] "POST /sipse/faces/presentacion/financiero/solicitudProceso/consultarSolicitudProceso.xhtml HTTP/1.1" 200 55967
201.245.192.253 - - [03/Nov/2023:10:42:23 -0500] "GET /sipse/faces/javax.faces.resource/jquery/jquery.js?ln=primefaces&v=4.0 HTTP/1.1" 304 -
201.245.192.253 - - [03/Nov/2023:10:42:23 -0500] "GET /sipse/faces/javax.faces.resource/jquery/jquery-plugins.js?ln=primefaces&v=4.0 HTTP/1.1" 304 -
201.245.192.253 - - [03/Nov/2023:10:42:23 -0500] "GET /sipse/faces/javax.faces.resource/primefaces.js?ln=primefaces&v=4.0 HTTP/1.1" 304 -
201.245.192.253 - - [03/Nov/2023:10:42:23 -0500] "GET /sipse/faces/javax.faces.resource/layout/layout.js?ln=primefaces&v=4.0 HTTP/1.1" 304 -
201.245.192.253 - - [03/Nov/2023:10:42:24 -0500] "POST /sipse/faces/presentacion/financiero/solicitudProceso/listarSolicitudProceso.xhtml HTTP/1.1" 200 1536
44.230.252.91 - - [03/Nov/2023:10:42:33 -0500] "GET /BLA/resoluciones/index.php?dir=RESOLUCIONES%202009/&order=asc&sort=size HTTP/1.1" 200 1694101
172.22.2.4 - - [03/Nov/2023:10:41:02 -0500] "HEAD /BLA/boletinlegal/ HTTP/1.1" 200 -
100.21.24.205 - - [03/Nov/2023:10:42:41 -0500] "GET /BLA/resoluciones/index.php?dir=Notificaciones/RESOLUCIONES%202021/&order=asc&sort=name HTTP/1.1" 200 118582
52.25.208.208 - - [03/Nov/2023:10:42:40 -0500] "GET /BLA/resoluciones/index.php?dir=RESOLUCIONES%202009/&order=desc&sort=name HTTP/1.1" 200 1694100
100.21.24.205 - - [03/Nov/2023:10:42:26 -0500] "GET /BLA/resoluciones/index.php?dir=RESOLUCIONES%202009/&order=asc&sort=date HTTP/1.1" 200 1694101
201.245.192.253 - - [03/Nov/2023:10:42:47 -0500] "POST /sipse/faces/presentacion/financiero/solicitudProceso/listarSolicitudProceso.xhtml HTTP/1.1" 200 155801
201.245.192.253 - - [03/Nov/2023:10:42:48 -0500] "GET /sipse/faces/javax.faces.resource/jquery/jquery.js?ln=primefaces&v=4.0 HTTP/1.1" 304 -
201.245.192.253 - - [03/Nov/2023:10:42:48 -0500] "GET /sipse/faces/javax.faces.resource/jquery/jquery-plugins.js?ln=primefaces&v=4.0 HTTP/1.1" 304 -
201.245.192.253 - - [03/Nov/2023:10:42:48 -0500] "GET /sipse/faces/javax.faces.resource/primefaces.js?ln=primefaces&v=4.0 HTTP/1.1" 304 -
201.245.192.253 - - [03/Nov/2023:10:42:48 -0500] "GET /sipse/faces/javax.faces.resource/layout/layout.js?ln=primefaces&v=4.0 HTTP/1.1" 304 -
201.245.192.253 - - [03/Nov/2023:10:42:48 -0500] "GET /sipse/faces/javax.faces.resource/dynamiccontent.properties?ln=primefaces&pfdrid=XjOR5%2F%2FfPAZAuY9TpWQeCiM0BhlXxYRBGKi%2FQcXXfeA%3D&pfdrid_c=false HTTP/1.1" 500 383
201.245.192.253 - - [03/Nov/2023:10:42:49 -0500] "POST /sipse/faces/presentacion/financiero/solicitudProceso/consultarSolicitudProceso.xhtml HTTP/1.1" 200 87563
52.25.208.208 - - [03/Nov/2023:10:42:50 -0500] "GET /BLA/resoluciones/index.php?dir=Notificaciones/RESOLUCIONES%202021/&order=asc&sort=size HTTP/1.1" 200 118582
44.230.252.91 - - [03/Nov/2023:10:42:54 -0500] "GET /BLA/resoluciones/index.php?dir=Notificaciones/RESOLUCIONES%202021/&order=desc&sort=date HTTP/1.1" 200 118581
201.245.192.253 - - [03/Nov/2023:10:42:54 -0500] "POST /sipse/faces/presentacion/financiero/solicitudProceso/consultarSolicitudProceso.xhtml HTTP/1.1" 200 506034
201.245.192.253 - - [03/Nov/2023:10:42:55 -0500] "POST /sipse/faces/presentacion/financiero/solicitudProceso/listarSolicitudProceso.xhtml HTTP/1.1" 200 119035
201.245.192.253 - - [03/Nov/2023:10:42:56 -0500] "GET /sipse/faces/javax.faces.resource/theme.css?ln=primefaces-sipse HTTP/1.1" 304 -
201.245.192.253 - - [03/Nov/2023:10:42:56 -0500] "GET /sipse/faces/javax.faces.resource/primefaces.css?ln=primefaces&v=4.0 HTTP/1.1" 304 -
201.245.192.253 - - [03/Nov/2023:10:42:56 -0500] "GET /sipse/faces/javax.faces.resource/layout/layout.css?ln=primefaces&v=4.0 HTTP/1.1" 304 -
201.245.192.253 - - [03/Nov/2023:10:42:56 -0500] "GET /sipse/faces/javax.faces.resource/jquery/jquery.js?ln=primefaces&v=4.0 HTTP/1.1" 304 -
201.245.192.253 - - [03/Nov/2023:10:42:56 -0500] "POST /sipse/faces/presentacion/financiero/solicitudProceso/consultarSolicitudProceso.xhtml HTTP/1.1" 200 592479
201.245.192.253 - - [03/Nov/2023:10:42:56 -0500] "GET /sipse/faces/javax.faces.resource/jquery/jquery-plugins.js?ln=primefaces&v=4.0 HTTP/1.1" 304 -
201.245.192.253 - - [03/Nov/2023:10:42:56 -0500] "GET /sipse/faces/javax.faces.resource/primefaces.js?ln=primefaces&v=4.0 HTTP/1.1" 304 -
201.245.192.253 - - [03/Nov/2023:10:42:56 -0500] "GET /sipse/faces/javax.faces.resource/layout/layout.js?ln=primefaces&v=4.0 HTTP/1.1" 304 -
201.245.192.253 - - [03/Nov/2023:10:42:57 -0500] "GET /sipse/faces/javax.faces.resource/dynamiccontent.properties?ln=primefaces&pfdrid=XjOR5%2F%2FfPAZAuY9TpWQeCiM0BhlXxYRBGKi%2FQcXXfeA%3D&pfdrid_c=false HTTP/1.1" 500 383
201.245.192.253 - - [03/Nov/2023:10:42:58 -0500] "POST /sipse/faces/presentacion/financiero/solicitudProceso/consultarSolicitudProceso.xhtml HTTP/1.1" 200 95040
201.245.192.253 - - [03/Nov/2023:10:43:03 -0500] "POST /sipse/faces/presentacion/financiero/solicitudProceso/consultarSolicitudProceso.xhtml HTTP/1.1" 200 981265
201.245.192.253 - - [03/Nov/2023:10:43:06 -0500] "POST /sipse/faces/presentacion/financiero/solicitudProceso/consultarSolicitudProceso.xhtml HTTP/1.1" 200 4936676
100.21.24.205 - - [03/Nov/2023:10:43:05 -0500] "GET /BLA/resoluciones/index.php?dir=RESOLUCIONES%202010/&order=asc&sort=date HTTP/1.1" 200 1307967
100.21.24.205 - - [03/Nov/2023:10:43:13 -0500] "GET /BLA/resoluciones/index.php?dir=RESOLUCIONES%202010/&order=asc&sort=size HTTP/1.1" 200 1307967
44.230.252.91 - - [03/Nov/2023:10:43:24 -0500] "GET /BLA/resoluciones/index.php?dir=RESOLUCIONES%202010/&order=desc&sort=name HTTP/1.1" 200 1307966
44.230.252.91 - - [03/Nov/2023:10:43:33 -0500] "GET /BLA/resoluciones/index.php?dir=RESOLUCIONES%202011/&order=asc&sort=size HTTP/1.1" 200 747162
100.21.24.205 - - [03/Nov/2023:10:43:29 -0500] "GET /BLA/resoluciones/index.php?dir=RESOLUCIONES%202011/&order=asc&sort=date HTTP/1.1" 200 747162
201.245.192.253 - - [03/Nov/2023:10:43:39 -0500] "POST /forms/lservlet;jsessionid=ac16012b30d6b14c8f46b725431e8887c639ff4d95f3.e3iSbxaKaheRe3eRa38MahaQbi1ynknvrkLOlQzNp65In0 HTTP/1.1" 200 2
172.22.2.4 - - [03/Nov/2023:10:42:00 -0500] "GET /BLA/boletinlegal/ HTTP/1.1" 200 52827
201.245.192.253 - - [03/Nov/2023:10:43:44 -0500] "GET /catalogoisis/ HTTP/1.1" 404 211
100.21.24.205 - - [03/Nov/2023:10:43:36 -0500] "GET /BLA/resoluciones/index.php?dir=RESOLUCIONES%202011/&order=desc&sort=name HTTP/1.1" 200 747161
201.245.192.253 - - [03/Nov/2023:10:43:44 -0500] "GET /sipse/faces/javax.faces.resource/theme.css?ln=primefaces-sipse HTTP/1.1" 304 -
201.245.192.253 - - [03/Nov/2023:10:43:44 -0500] "GET /sipse/faces/javax.faces.resource/layout/layout.css?ln=primefaces&v=4.0 HTTP/1.1" 304 -
201.245.192.253 - - [03/Nov/2023:10:43:44 -0500] "GET /sipse/faces/javax.faces.resource/primefaces.css?ln=primefaces&v=4.0 HTTP/1.1" 304 -
201.245.192.253 - - [03/Nov/2023:10:43:44 -0500] "GET /sipse/faces/javax.faces.resource/jquery/jquery.js?ln=primefaces&v=4.0 HTTP/1.1" 304 -
201.245.192.253 - - [03/Nov/2023:10:43:44 -0500] "GET /sipse/faces/javax.faces.resource/jquery/jquery-plugins.js?ln=primefaces&v=4.0 HTTP/1.1" 304 -
201.245.192.253 - - [03/Nov/2023:10:43:44 -0500] "GET /sipse/faces/javax.faces.resource/primefaces.js?ln=primefaces&v=4.0 HTTP/1.1" 304 -
201.245.192.253 - - [03/Nov/2023:10:43:44 -0500] "GET /sipse/faces/javax.faces.resource/layout/layout.js?ln=primefaces&v=4.0 HTTP/1.1" 304 -
100.21.24.205 - - [03/Nov/2023:10:43:43 -0500] "GET /BLA/resoluciones/index.php?dir=RESOLUCIONES%202012/&order=asc&sort=date HTTP/1.1" 200 140066
201.245.192.253 - - [03/Nov/2023:10:43:44 -0500] "POST /sipse/faces/presentacion/financiero/solicitudProceso/consultarSolicitudProceso.xhtml HTTP/1.1" 200 33843
201.245.192.253 - - [03/Nov/2023:10:43:48 -0500] "GET /catalogoisis/ HTTP/1.1" 404 211
52.25.208.208 - - [03/Nov/2023:10:43:47 -0500] "GET /BLA/resoluciones/index.php?dir=RESOLUCIONES%202012/&order=asc&sort=name HTTP/1.1" 200 140066
201.245.192.253 - - [03/Nov/2023:10:43:48 -0500] "GET /favicon.ico HTTP/1.1" 200 7782
201.245.192.253 - - [03/Nov/2023:10:43:53 -0500] "GET /catalogoisis/ HTTP/1.1" 404 211
44.230.252.91 - - [03/Nov/2023:10:43:54 -0500] "GET /BLA/resoluciones/index.php?dir=RESOLUCIONES%202012/&order=asc&sort=size HTTP/1.1" 200 140066
186.102.87.64 - - [03/Nov/2023:10:43:56 -0500] "GET /kwssiamovil/sm/acme/a?s=U2FsdGVkX18SckZeGW0TGPNp4wsqU07zkQ3c4gB4oL9RQgPXbPKce4WPooEvZP873ps4n19YLZ2qQxudPR9rgSuHM5SNV18PuEzU4sJwcHvBIjRcKNwKemHaMNwmJ6UucKZ+sKByuFJyns91Z1TvnFdS6ILsOXlA6vHsXY7n74e2+zvDeIdTQKuWyMwt3UN/fgDToPEteo0HwjF1IzCzsrJcgcwzXvQfLypQ1guwWzrSx45fYWTpxtCghvvWyNonjoau3enEXF1fpxnDnDpORw==&u=U2FsdGVkX18EdaZW8BRSa0U/0vN9rLvM0VbluSHyGPo=&y=U2FsdGVkX19YqazotqSRwwIhIkHwbn3lkxmxDvfkAN4= HTTP/1.1" 200 26
186.102.87.64 - - [03/Nov/2023:10:43:56 -0500] "GET /kwssiamovil/sm/acme/a?s=U2FsdGVkX1/3DPRa4hfs/2fIbfbRvX++h4mN40+1PlDG9K0rn0GN8ivj0kMAawnRRql/PIRXAJwGI733N0nTWwqZg8+c866rEOPvrd7AfDhIxq023gfbyWSMdqFTfMTG5GxvB07XBVG4raAsDBf21ovPvuApgcztyV346ErkrCKAwKFwHcOEl5tEswdH+vYUPQYOI7rPNqOtuBJP7LgZiq+q8AocQYGUVpiTLC076yjDHxl4s6WlZHwJxlB2sUG5CqWZvpPeNQYEQ14Zoq0b2S77lDTjXxprxi6VkXJR6rto9bYpAfkMF4g7v/ZAxKDNQN1otlc3mg0wfQROuuY+HOsTq0T20Ln3nxjRJyI/ok/S0Q+ml0q/xG9+VF01GjcJqpm9zndfyxZBY2n8PMw40e9ig86HlxWOOtEJK12xhZ3wm9KYuJU7Yj4T20OYiF/YvTahDffJTpH2VqQ9NwvPmOEb+DI1i21pN5YYoSh4D/dIFalxgdVMaKH+TdwnSDtU22lIV6vgr04JTbrbjAQGXDaHpV5UEwdO67o4BMU9fzAvKQKuDi8ebXMmVOlWCb5Vws6XLEZKm5wjLxKvp/Vfeh+cVgyoy1xaNOhslAMu3VbmZ2DznONupJVjV7X4Gp32g0rOQdEbCMA/2hMDlEKXWzXrZ5za/zu5Rew7mQlSOmjC2MD3+Hs9URUzrYgIdyr+0X0vkFOfoOmmnu8DIr0Eb2K/WWHEtWKszvOOyP8Ut+ZCrsSidW8Q9RJXszz1XO970h3uLSNIbo5w6v9rHdqkx6NZlJGhsPu7jOX65qCWZjY493cXQEF31gqJFQ+srN9sKcgD9AzKBzR0AKiZSiwOwJEIHTQrrh19vjaMXKXxm1JKXqUiLa7qoq4OdLzvAXGC4+1OPkLjeoOslCdUspAiDHtkFirs6hYx9YntGFBvVfrdoLpGHlCiD2Pe5g5hWMQb5KWhamGbtnkGyHPVNLDyd7nqLPoVVxDrf3c28RV8GmrF+malPkXBY4clTeYalHdJnTrIFjfkKdgV/JgI4T/dlXC/wK7XoOKaN1SpfBDdORPwVhqkm6nlR7Kfw1/PgalRKEIRxVu/JXYrV0tuLVI3RdkMoHDf5zt4QE9DQKt8TOPzxMoj3n4APX2k9C9GznlCGcmWZN6JV8cCVgbTFLQo2H6gMdGqGB5kvd5vriNmyeDZZQT4JlLtXJWQah2P/h87fTH5gVrZq194aE6ouo2UUd5hRDFMVzG+cRv/Zuq3Peks1uNbDqBaizeyOKCiLaW8Ly3dppUXo0fFU1oLnWm4ZR6lIYXL9IbLScOXih2LZ5WPV7nQK9tCP4gGuNdAhb3mYEwpHIcBwRFg9uJPGmDxJrldClZEYe3Vf19JlhrCYS6oPCh2tiq5lo+hc5jNDT2Ys/gDXZGWPLL2vkyDbABiRC1oCmKXgEG7q1Y9xtDraHzFLFNoqq1kc4T80weX4DIAsM8cb0Y9OsG3nYw0s6OKz5lLpkktP6JKPsCjzSFzhXs1RldLd2UJE5tUGtRHGmrEX5TzQ5eOtT0DNE+PdEQ3aX83PdWniED5RGVL/flB3VFmU5a8L2SujnPwjURxqdZD2KWoz5/Jyzmp+vTeC8y/YJ7IqBK/1iVe9BG8Ss2gyvvu0JJcWQG2R1bZZHd7cHXdB0k910qzoqGLfeuFrwlissoDcMEzM67X5qmQlYYOaelGyg9uj8R3awq4v0y2tTeTyJPk2AXwG3KcEj5PwzeeVqNd28fszLJnmWO9vzYotVT2APVpMEZWM7oNo0WF+I52fXKXc2M53ySDgVHH1gAT8g5YQ6EljWZxnjWgoFWqUM3YfEmoW8iDyqsWfpE4mmtHPYtgqlsSyKLppLGdqCjb6uDBSG8xlRzPOGkGuFO5iBN+QmXDgHkobc0rA0G0cGKrCbHpI9nut8TfA9+qj96eeK/zNC6ROcJbcehB+/CGyyNa0G3hqcdw2jTo41xcb6ZHfrpw+EMSnQ2FTCgxyxxfdYRqazDieGstQtXcYb7HO99Y0TpBBnkeVuKbaSn6cdRMVIPD9LBwfdV7Xq57sJWB2lCzvuUtGkOYutGMT52a9UMG0sQysYeE+H8zSbRQUMz7sG8BaWz0a1iCBgdMuUZx6rckxDzHAekb3hmjBOJieuOhCvQ1JSl0tkpoZMtwK7GmNvtihQu6Uy7wc0RXTK94+uY4uWGkdyzN3cIlaBYX/Ae8k4+vL1E3PKbhZ7kyU2CRovLZiYdkyKFY+oqkGXhgpoM8BA+8/eiJLbI1x8ZRdGQrA010PXVQwWRkQ6UH686VjMm4W7+HZTvIDcy+S5Sf1F/Gcmdg0EHZWJ3Q1zJkbM07q02QMKzHlLyV6+Vfob99LXvpJT/oQqoupVMh0XRHrBo/lOJl80wprRndDU6wG8hpznLPQ0n1sCHiWtgbWWzk3la7GIG13UB0er8/KWmSlyMibq8EczntKZoBWRSIFjKQPOavix47+XiMRcmxSUGm6QwbXGKLcR/MokJBX5QUGOv2Jc+b5itSKzo4QieigNe+Z0s7Nm9AuxlSkytSdlCLfFj+j4CbHPGaXNkkrQbpt/b7fLc++6g9B71aa+FQprsPNBvQF9qaiykAUqMaC1AxaKZC6mNC6U0Ehzve0s2HuBdwikTAJhBFllZhwsdQD5EbOfcgjvwJqwW7oRjmDfh3YkoA4Z4/4hzeSt8dWZTZGA==&u=U2FsdGVkX18EdaZW8BRSa0U/0vN9rLvM0VbluSHyGPo=&y=U2FsdGVkX19YqazotqSRwwIhIkHwbn3lkxmxDvfkAN4= HTTP/1.1" 200 26
186.102.87.64 - - [03/Nov/2023:10:43:56 -0500] "GET /kwssiamovil/sm/acme/a?s=U2FsdGVkX18eh8e3UK1ix0T7xGEAUb8Wltg6V7fL/F21nxU2bxXoDweYp+cgCu6wkiCdTVN7JkIFGHNP5aikg7g1K0bjwrQMjL9RpNDhN63/EgilZekdYV+7Srgl9TOSKT1O2COpFQijDYELSF90X4H3KJu1QgjE55CepZW6ZwM=&u=U2FsdGVkX18EdaZW8BRSa0U/0vN9rLvM0VbluSHyGPo=&y=U2FsdGVkX19YqazotqSRwwIhIkHwbn3lkxmxDvfkAN4= HTTP/1.1" 200 26
186.102.87.64 - - [03/Nov/2023:10:43:57 -0500] "GET /kwssiamovil/sm/acme/a?s=U2FsdGVkX1/qjGT9Oi1/FmIknCLISE9BqIaMpiAdaePOcBDAxkTQc0hz0d8GsLm8435PF24IOiHS+wNGwNxJuIq9sO8E6r4+irZVvCuBjGDXXYnagf8NIGCRS5fPEjb0WmsqfKI08ThWxKbbkd1epJ1/WyvgQar07BNzy/QuTEc=&u=U2FsdGVkX18EdaZW8BRSa0U/0vN9rLvM0VbluSHyGPo=&y=U2FsdGVkX19YqazotqSRwwIhIkHwbn3lkxmxDvfkAN4= HTTP/1.1" 200 26
186.102.87.64 - - [03/Nov/2023:10:43:57 -0500] "GET /kwssiamovil/sm/acme/a?s=U2FsdGVkX18RxI8iO3NlizQb23W0dhLpDeElQXvlEKQpXCuWaQhvVK91chvx60Obl7QAGXIs3TFk/0vlevmr/uwkUrHFw02SCi9CgOg6gnIy6OleAC4LMURaOgyWtIlKPo6ZWu9nUn7cg8hVDBmySq+lMF4QItavsbHojQUDysw=&u=U2FsdGVkX18EdaZW8BRSa0U/0vN9rLvM0VbluSHyGPo=&y=U2FsdGVkX19YqazotqSRwwIhIkHwbn3lkxmxDvfkAN4= HTTP/1.1" 200 26
186.102.87.64 - - [03/Nov/2023:10:43:57 -0500] "GET /kwssiamovil/sm/acme/a?s=U2FsdGVkX1+HKu0xX4jjk7joIjFbBWSDee/Cv86BuS4oSGHsvq6RUwkF3axFSq4tLNrpSUzAIJNClghoXp/tfJRqM/MspnkQi+Sc67hzlphXMH8y6iXiWPMn6VGKDetEk1ZhH9heWeaPfHUeb0cWtsHVcBm8dYUJV6OGAVtrYd+/cTAW8x5ULqV1h6LIaqWx&u=U2FsdGVkX18EdaZW8BRSa0U/0vN9rLvM0VbluSHyGPo=&y=U2FsdGVkX19YqazotqSRwwIhIkHwbn3lkxmxDvfkAN4= HTTP/1.1" 200 26
52.25.208.208 - - [03/Nov/2023:10:43:56 -0500] "GET /BLA/resoluciones/index.php?dir=RESOLUCIONES%202013/&order=asc&sort=date HTTP/1.1" 200 238278
186.102.87.64 - - [03/Nov/2023:10:43:58 -0500] "GET /kwssiamovil/sm/acme/a?s=U2FsdGVkX19f7r8kVYT0FHJ1k6nQd9BLL8/boED65SjsX9FX/ZPeyi/eACBwaP6tp+7F8yiNB5XsQ1QoLa+xUR2kAPKVlM04AjvqiyM5Tf73nhv2kqXdYOr0mITgPrtx6ASrG6YngbGKyL4k6KfcoAgzW6hvViphTcavgKhd6m/BWhOU+wuFDyS6ixtBmCnb8jy1qXbplLImDOtfTPL/zCYVcvHekU33sbC6Xb0oEqY=&u=U2FsdGVkX18EdaZW8BRSa0U/0vN9rLvM0VbluSHyGPo=&y=U2FsdGVkX19YqazotqSRwwIhIkHwbn3lkxmxDvfkAN4= HTTP/1.1" 200 26
186.102.87.64 - - [03/Nov/2023:10:43:58 -0500] "GET /kwssiamovil/sm/acme/a?s=U2FsdGVkX1+3VoRFmNExIN1q9tyQG74yl/1kbHPz7woE6aR2+RgMZA7Wbfn4smi3gntA+eFKKMRknw4qM2MpH84//5Cng8+5RdZA8UZdqyHGuCCiQ4qmS7vl9pWguoMjRMXOqqKBKR0ZR5rq4h15t2pdSCw/ocYRRA0CrOCEAx528r9P55v3Fknr02FAVJhkhZqJk6xmrUzSBXYHxTA4cw==&u=U2FsdGVkX18EdaZW8BRSa0U/0vN9rLvM0VbluSHyGPo=&y=U2FsdGVkX19YqazotqSRwwIhIkHwbn3lkxmxDvfkAN4= HTTP/1.1" 200 26
44.230.252.91 - - [03/Nov/2023:10:43:56 -0500] "GET /BLA/resoluciones/index.php?dir=RESOLUCIONES%202013/&order=asc&sort=size HTTP/1.1" 200 238278
66.249.73.38 - - [03/Nov/2023:10:42:25 -0500] "GET /BLA/boletinlegal/index.php? HTTP/1.1" 200 55050
52.25.208.208 - - [03/Nov/2023:10:44:03 -0500] "GET /BLA/resoluciones/index.php?dir=RESOLUCIONES%202013/&order=desc&sort=name HTTP/1.1" 200 238277
201.245.192.253 - - [03/Nov/2023:10:44:06 -0500] "POST /forms/lservlet;jsessionid=ac16012b30d67398b24510264f55a2d4c5826150a17a.e3iSbxaKaheRe3eRa38MahaQbi1ynknvrkLOlQzNp65In0 HTTP/1.1" 200 2
44.230.252.91 - - [03/Nov/2023:10:44:06 -0500] "GET /BLA/resoluciones/index.php?dir=RESOLUCIONES%202014/&order=asc&sort=date HTTP/1.1" 200 334189
52.25.208.208 - - [03/Nov/2023:10:44:07 -0500] "GET /BLA/resoluciones/index.php?dir=RESOLUCIONES%202014/&order=asc&sort=size HTTP/1.1" 200 334189
44.230.252.91 - - [03/Nov/2023:10:44:08 -0500] "GET /BLA/resoluciones/index.php?dir=RESOLUCIONES%202014/&order=desc&sort=name HTTP/1.1" 200 334188
52.25.208.208 - - [03/Nov/2023:10:44:15 -0500] "GET /BLA/resoluciones/index.php?dir=RESOLUCIONES%202015/&order=asc&sort=date HTTP/1.1" 200 130562
100.21.24.205 - - [03/Nov/2023:10:44:23 -0500] "GET /BLA/resoluciones/index.php?dir=RESOLUCIONES%202015/&order=asc&sort=size HTTP/1.1" 200 130562
186.86.32.157 - - [03/Nov/2023:10:44:24 -0500] "GET /catalogoisis/ HTTP/1.1" 404 211
186.86.32.157 - - [03/Nov/2023:10:44:25 -0500] "GET /favicon.ico HTTP/1.1" 200 7782
201.245.192.253 - - [03/Nov/2023:10:44:26 -0500] "POST /sipse/faces/presentacion/financiero/solicitudProceso/consultarSolicitudProceso.xhtml HTTP/1.1" 200 102742
100.21.24.205 - - [03/Nov/2023:10:44:32 -0500] "GET /BLA/resoluciones/index.php?dir=Notificaciones/REGISTROS%202017/&order=asc&sort=size HTTP/1.1" 200 9178
52.25.208.208 - - [03/Nov/2023:10:44:40 -0500] "GET /BLA/resoluciones/index.php?dir=Notificaciones/REGISTROS%202017/&order=desc&sort=name HTTP/1.1" 200 9177
44.230.252.91 - - [03/Nov/2023:10:44:45 -0500] "GET /BLA/resoluciones/index.php?dir=RESOLUCIONES%202015/&order=desc&sort=name HTTP/1.1" 200 130561
52.25.208.208 - - [03/Nov/2023:10:44:54 -0500] "GET /BLA/resoluciones/index.php?dir=Notificaciones/RESOLUCIONES%202019/&order=asc&sort=size HTTP/1.1" 200 40760
66.249.66.166 - - [03/Nov/2023:10:44:56 -0500] "GET /portaldeninos/gestion-del-riesgo-incendios-forestales/ HTTP/1.1" 200 86825
191.156.184.196 - - [03/Nov/2023:10:45:01 -0500] "GET /sipse/faces/javax.faces.resource/images/ui-bg_flat_0_2d5972_40x100.png?ln=primefaces-aristo HTTP/1.1" 304 -
191.156.184.196 - - [03/Nov/2023:10:45:01 -0500] "POST /sipse/faces/bienvenido.xhtml HTTP/1.1" 200 2658
52.25.208.208 - - [03/Nov/2023:10:45:01 -0500] "GET /BLA/resoluciones/index.php?dir=RESOLUCIONES%202016/&order=asc&sort=date HTTP/1.1" 200 172327
191.156.184.196 - - [03/Nov/2023:10:45:02 -0500] "POST /sipse/faces/bienvenido.xhtml HTTP/1.1" 200 63709
191.156.184.196 - - [03/Nov/2023:10:45:03 -0500] "GET /sipse/faces/javax.faces.resource/theme.css?ln=primefaces-sipse HTTP/1.1" 304 -
191.156.184.196 - - [03/Nov/2023:10:45:03 -0500] "GET /sipse/faces/javax.faces.resource/primefaces.css?ln=primefaces&v=4.0 HTTP/1.1" 304 -
191.156.181.214 - - [03/Nov/2023:10:45:03 -0500] "GET /sipse/faces/javax.faces.resource/jquery/jquery.js?ln=primefaces&v=4.0 HTTP/1.1" 304 -
191.156.177.156 - - [03/Nov/2023:10:45:03 -0500] "GET /sipse/faces/javax.faces.resource/layout/layout.css?ln=primefaces&v=4.0 HTTP/1.1" 304 -
191.156.177.156 - - [03/Nov/2023:10:45:03 -0500] "GET /sipse/faces/javax.faces.resource/jquery/jquery-plugins.js?ln=primefaces&v=4.0 HTTP/1.1" 304 -
191.156.177.156 - - [03/Nov/2023:10:45:03 -0500] "GET /sipse/faces/javax.faces.resource/primefaces.js?ln=primefaces&v=4.0 HTTP/1.1" 304 -
191.156.177.156 - - [03/Nov/2023:10:45:03 -0500] "GET /sipse/faces/javax.faces.resource/layout/layout.js?ln=primefaces&v=4.0 HTTP/1.1" 304 -
50.112.160.3 - - [03/Nov/2023:10:45:03 -0500] "GET /BLA/resoluciones/index.php?dir=RESOLUCIONES%202006/RES%202006%202151-2200/&order=asc&sort=name HTTP/1.1" 200 12368
191.156.177.156 - - [03/Nov/2023:10:45:03 -0500] "POST /sipse/faces/presentacion/financiero/solicitudProceso/listarSolicitudProceso.xhtml HTTP/1.1" 200 1548
201.245.192.253 - - [03/Nov/2023:10:45:02 -0500] "POST /sipse/faces/presentacion/financiero/solicitudProceso/consultarSolicitudProceso.xhtml HTTP/1.1" 200 53005
191.156.177.156 - - [03/Nov/2023:10:45:06 -0500] "POST /sipse/faces/presentacion/financiero/solicitudProceso/listarSolicitudProceso.xhtml HTTP/1.1" 200 5906
201.245.192.253 - - [03/Nov/2023:10:45:06 -0500] "GET /sipse/faces/javax.faces.resource/jquery/jquery.js?ln=primefaces&v=4.0 HTTP/1.1" 304 -
201.245.192.253 - - [03/Nov/2023:10:45:06 -0500] "GET /sipse/faces/javax.faces.resource/jquery/jquery-plugins.js?ln=primefaces&v=4.0 HTTP/1.1" 304 -
201.245.192.253 - - [03/Nov/2023:10:45:06 -0500] "GET /sipse/faces/javax.faces.resource/primefaces.js?ln=primefaces&v=4.0 HTTP/1.1" 304 -
201.245.192.253 - - [03/Nov/2023:10:45:06 -0500] "GET /sipse/faces/javax.faces.resource/layout/layout.js?ln=primefaces&v=4.0 HTTP/1.1" 304 -
201.245.192.253 - - [03/Nov/2023:10:45:06 -0500] "POST /sipse/faces/presentacion/financiero/solicitudProceso/listarSolicitudProceso.xhtml HTTP/1.1" 200 1520
100.21.24.205 - - [03/Nov/2023:10:45:07 -0500] "GET /BLA/resoluciones/index.php?dir=RESOLUCIONES%202016/&order=asc&sort=size HTTP/1.1" 200 172327
191.156.177.156 - - [03/Nov/2023:10:45:08 -0500] "POST /sipse/faces/presentacion/financiero/solicitudProceso/listarSolicitudProceso.xhtml HTTP/1.1" 200 155453
191.156.181.214 - - [03/Nov/2023:10:45:09 -0500] "GET /sipse/faces/javax.faces.resource/primefaces.css?ln=primefaces&v=4.0 HTTP/1.1" 304 -
191.156.177.156 - - [03/Nov/2023:10:45:09 -0500] "GET /sipse/faces/javax.faces.resource/theme.css?ln=primefaces-sipse HTTP/1.1" 304 -
191.156.184.196 - - [03/Nov/2023:10:45:09 -0500] "GET /sipse/faces/javax.faces.resource/layout/layout.css?ln=primefaces&v=4.0 HTTP/1.1" 304 -
191.156.184.196 - - [03/Nov/2023:10:45:09 -0500] "GET /sipse/faces/javax.faces.resource/jquery/jquery.js?ln=primefaces&v=4.0 HTTP/1.1" 304 -
191.156.184.196 - - [03/Nov/2023:10:45:09 -0500] "GET /sipse/faces/javax.faces.resource/jquery/jquery-plugins.js?ln=primefaces&v=4.0 HTTP/1.1" 304 -
191.156.184.196 - - [03/Nov/2023:10:45:09 -0500] "GET /sipse/faces/javax.faces.resource/primefaces.js?ln=primefaces&v=4.0 HTTP/1.1" 304 -
191.156.184.196 - - [03/Nov/2023:10:45:09 -0500] "GET /sipse/faces/javax.faces.resource/layout/layout.js?ln=primefaces&v=4.0 HTTP/1.1" 304 -
191.156.184.196 - - [03/Nov/2023:10:45:09 -0500] "GET /sipse/faces/javax.faces.resource/dynamiccontent.properties?ln=primefaces&pfdrid=XjOR5%2F%2FfPAZAuY9TpWQeCiM0BhlXxYRBGKi%2FQcXXfeA%3D&pfdrid_c=false HTTP/1.1" 500 383
52.25.208.208 - - [03/Nov/2023:10:45:16 -0500] "GET /BLA/resoluciones/index.php?dir=RESOLUCIONES%202016/&order=desc&sort=name HTTP/1.1" 200 172326
52.25.208.208 - - [03/Nov/2023:10:45:18 -0500] "GET /BLA/resoluciones/index.php?dir=RESOLUCIONES%202017/&order=asc&sort=date HTTP/1.1" 200 286831
201.245.192.253 - - [03/Nov/2023:10:45:23 -0500] "POST /kwsrmcab/Wsrmcab  HTTP/1.1" 200 42686
100.21.24.205 - - [03/Nov/2023:10:45:25 -0500] "GET /BLA/resoluciones/index.php?dir=Notificaciones/RESOLUCIONES%202022/&order=asc&sort=date HTTP/1.1" 200 106366
100.21.24.205 - - [03/Nov/2023:10:45:22 -0500] "GET /BLA/resoluciones/index.php?dir=RESOLUCIONES%202017/&order=asc&sort=size HTTP/1.1" 200 286831
44.230.252.91 - - [03/Nov/2023:10:45:31 -0500] "GET /BLA/resoluciones/index.php?dir=Notificaciones/RESOLUCIONES%202022/&order=asc&sort=name HTTP/1.1" 200 106366
52.25.208.208 - - [03/Nov/2023:10:45:34 -0500] "GET /BLA/resoluciones/index.php?dir=Notificaciones/RESOLUCIONES%202022/&order=asc&sort=size HTTP/1.1" 200 106366
201.245.192.253 - - [03/Nov/2023:10:45:39 -0500] "POST /forms/lservlet;jsessionid=ac16012b30d6b14c8f46b725431e8887c639ff4d95f3.e3iSbxaKaheRe3eRa38MahaQbi1ynknvrkLOlQzNp65In0 HTTP/1.1" 200 2
191.156.182.223 - - [03/Nov/2023:10:45:36 -0500] "POST /sipse/faces/presentacion/financiero/solicitudProceso/consultarSolicitudProceso.xhtml HTTP/1.1" 200 37128
