186.155.98.205 - - [03/Nov/2023:11:22:31 -0500] "GET /sipse/faces/javax.faces.resource/layout/layout.js?ln=primefaces&v=4.0 HTTP/1.1" 304 -
186.155.98.205 - - [03/Nov/2023:11:22:31 -0500] "GET /sipse/faces/javax.faces.resource/images/ui-icons_898989_256x240.png?ln=primefaces-aristo HTTP/1.1" 304 -
186.155.98.205 - - [03/Nov/2023:11:22:31 -0500] "POST /sipse/faces/presentacion/financiero/solicitudProceso/consultar.xhtml HTTP/1.1" 200 36500
186.155.98.205 - - [03/Nov/2023:11:22:32 -0500] "GET /sipse/faces/javax.faces.resource/images/ui-bg_flat_0_2d5972_40x100.png?ln=primefaces-aristo HTTP/1.1" 304 -
186.155.98.205 - - [03/Nov/2023:11:22:32 -0500] "POST /sipse/faces/presentacion/financiero/solicitudProceso/consultar.xhtml HTTP/1.1" 200 36500
186.155.98.205 - - [03/Nov/2023:11:22:32 -0500] "POST /sipse/faces/presentacion/financiero/solicitudProceso/consultar.xhtml HTTP/1.1" 200 36500
186.155.98.205 - - [03/Nov/2023:11:22:33 -0500] "POST /sipse/faces/presentacion/financiero/solicitudProceso/consultar.xhtml HTTP/1.1" 200 23077
186.155.98.205 - - [03/Nov/2023:11:22:37 -0500] "POST /sipse/faces/presentacion/financiero/solicitudProceso/consultar.xhtml HTTP/1.1" 200 12754
186.155.98.205 - - [03/Nov/2023:11:22:39 -0500] "POST /sipse/faces/presentacion/financiero/solicitudProceso/consultar.xhtml HTTP/1.1" 200 23093
186.155.98.205 - - [03/Nov/2023:11:22:42 -0500] "POST /sipse/faces/presentacion/financiero/solicitudProceso/consultar.xhtml HTTP/1.1" 200 12744
186.155.98.205 - - [03/Nov/2023:11:22:44 -0500] "POST /sipse/faces/presentacion/financiero/solicitudProceso/consultar.xhtml HTTP/1.1" 200 33694
186.155.98.205 - - [03/Nov/2023:11:22:44 -0500] "GET /sipse/faces/javax.faces.resource/theme.css?ln=primefaces-sipse HTTP/1.1" 304 -
186.155.98.205 - - [03/Nov/2023:11:22:44 -0500] "GET /sipse/faces/javax.faces.resource/primefaces.css?ln=primefaces&v=4.0 HTTP/1.1" 304 -
186.155.98.205 - - [03/Nov/2023:11:22:44 -0500] "GET /sipse/faces/javax.faces.resource/layout/layout.css?ln=primefaces&v=4.0 HTTP/1.1" 304 -
186.155.98.205 - - [03/Nov/2023:11:22:44 -0500] "GET /sipse/faces/javax.faces.resource/jquery/jquery.js?ln=primefaces&v=4.0 HTTP/1.1" 304 -
186.155.98.205 - - [03/Nov/2023:11:22:44 -0500] "GET /sipse/faces/javax.faces.resource/jquery/jquery-plugins.js?ln=primefaces&v=4.0 HTTP/1.1" 304 -
186.155.98.205 - - [03/Nov/2023:11:22:44 -0500] "GET /sipse/faces/javax.faces.resource/primefaces.js?ln=primefaces&v=4.0 HTTP/1.1" 304 -
186.155.98.205 - - [03/Nov/2023:11:22:44 -0500] "GET /sipse/faces/javax.faces.resource/layout/layout.js?ln=primefaces&v=4.0 HTTP/1.1" 304 -
186.155.98.205 - - [03/Nov/2023:11:22:45 -0500] "GET /sipse/css/imagen/contrasena.png HTTP/1.1" 404 383
186.155.98.205 - - [03/Nov/2023:11:22:44 -0500] "POST /sipse/faces/presentacion/financiero/solicitudProceso/listarSolicitudProceso.xhtml HTTP/1.1" 200 27068
186.155.98.205 - - [03/Nov/2023:11:22:45 -0500] "POST /sipse/faces/presentacion/financiero/solicitudProceso/listarSolicitudProceso.xhtml HTTP/1.1" 200 27068
186.155.98.205 - - [03/Nov/2023:11:22:45 -0500] "POST /sipse/faces/presentacion/financiero/solicitudProceso/listarSolicitudProceso.xhtml HTTP/1.1" 200 27068
186.155.98.205 - - [03/Nov/2023:11:22:45 -0500] "POST /sipse/faces/presentacion/financiero/solicitudProceso/listarSolicitudProceso.xhtml HTTP/1.1" 200 27068
186.155.98.205 - - [03/Nov/2023:11:22:45 -0500] "POST /sipse/faces/presentacion/financiero/solicitudProceso/listarSolicitudProceso.xhtml HTTP/1.1" 200 1368
186.155.98.205 - - [03/Nov/2023:11:22:45 -0500] "POST /sipse/faces/presentacion/financiero/solicitudProceso/listarSolicitudProceso.xhtml HTTP/1.1" 200 1376
186.155.98.205 - - [03/Nov/2023:11:22:46 -0500] "POST /sipse/faces/presentacion/financiero/solicitudProceso/listarSolicitudProceso.xhtml HTTP/1.1" 200 1372
186.155.98.205 - - [03/Nov/2023:11:22:46 -0500] "POST /sipse/faces/presentacion/financiero/solicitudProceso/listarSolicitudProceso.xhtml HTTP/1.1" 200 1376
186.155.98.205 - - [03/Nov/2023:11:22:46 -0500] "POST /sipse/faces/presentacion/financiero/solicitudProceso/listarSolicitudProceso.xhtml HTTP/1.1" 200 1372
201.245.192.253 - - [03/Nov/2023:11:23:39 -0500] "POST /forms/lservlet;jsessionid=ac16012b30d6b14c8f46b725431e8887c639ff4d95f3.e3iSbxaKaheRe3eRa38MahaQbi1ynknvrkLOlQzNp65In0 HTTP/1.1" 200 2
172.22.2.4 - - [03/Nov/2023:11:22:00 -0500] "HEAD /BLA/boletinlegal/ HTTP/1.1" 200 -
191.95.49.184 - - [03/Nov/2023:11:23:44 -0500] "POST /sipse/faces/presentacion/financiero/solicitudProceso/consultarSolicitudProceso.xhtml HTTP/1.1" 200 39585
44.230.252.91 - - [03/Nov/2023:11:23:47 -0500] "GET /BLA/resoluciones/index.php?dir=RESOLUCIONES%202004/RES%202004%2001-%2050/ HTTP/1.1" 200 11966
186.102.23.91 - - [03/Nov/2023:11:23:48 -0500] "GET /kwssiamovil/sm/ldap/au?x=U2FsdGVkX1/Drb8x7d+s3w6EMyjSeCZkl6iWmkwydwoDX1JLTR4V8WZ/Ob+OpE5r&y=U2FsdGVkX1/Bf/MiZCltmtnLeeRzXCkcZQL2UqrEKFxxlzPmy4ieJxx+ufyZAVp6 HTTP/1.1" 200 31
191.95.49.184 - - [03/Nov/2023:11:23:48 -0500] "GET /sipse/faces/javax.faces.resource/theme.css?ln=primefaces-sipse HTTP/1.1" 304 -
191.95.49.184 - - [03/Nov/2023:11:23:48 -0500] "GET /sipse/faces/javax.faces.resource/primefaces.css?ln=primefaces&v=4.0 HTTP/1.1" 304 -
191.95.49.184 - - [03/Nov/2023:11:23:48 -0500] "GET /sipse/css/imagen/contrasena.png HTTP/1.1" 404 383
191.95.49.184 - - [03/Nov/2023:11:23:48 -0500] "GET /sipse/faces/javax.faces.resource/layout/layout.css?ln=primefaces&v=4.0 HTTP/1.1" 304 -
191.95.49.184 - - [03/Nov/2023:11:23:48 -0500] "GET /sipse/faces/javax.faces.resource/jquery/jquery.js?ln=primefaces&v=4.0 HTTP/1.1" 304 -
191.95.49.184 - - [03/Nov/2023:11:23:48 -0500] "GET /sipse/faces/javax.faces.resource/jquery/jquery-plugins.js?ln=primefaces&v=4.0 HTTP/1.1" 304 -
191.95.49.184 - - [03/Nov/2023:11:23:48 -0500] "GET /sipse/faces/javax.faces.resource/primefaces.js?ln=primefaces&v=4.0 HTTP/1.1" 304 -
191.95.49.184 - - [03/Nov/2023:11:23:48 -0500] "GET /sipse/faces/javax.faces.resource/layout/layout.js?ln=primefaces&v=4.0 HTTP/1.1" 304 -
191.95.49.184 - - [03/Nov/2023:11:23:49 -0500] "POST /sipse/faces/presentacion/financiero/solicitudProceso/listarSolicitudProceso.xhtml HTTP/1.1" 200 1420
186.102.116.0 - - [03/Nov/2023:11:23:51 -0500] "GET /kwssiamovil/sm/ldap/au?x=U2FsdGVkX1/d3dG987yYdnFnw+L/dU8gaidiFeDu/ofCxBF0YEs7IABbCLaERpU9&y=U2FsdGVkX193OpTm8mO0twOhCVgd7B2lMA23H+O/P/c= HTTP/1.1" 200 30
44.230.252.91 - - [03/Nov/2023:11:23:50 -0500] "GET /BLA/resoluciones/index.php?dir=RESOLUCIONES%202002/RES%202002%201251-1301/&order=asc&sort=date HTTP/1.1" 200 12148
186.102.116.0 - - [03/Nov/2023:11:23:51 -0500] "GET /kwssiamovil/sm/acme/s?s=U2FsdGVkX1/2GDcH+lDjikECwI0wNPqnL3ZtZMBWvbChWpJG6gQQ+AJdD8yFMgh2fvGBwQIGsi9abmFZ2zm2YC9S15eVV5s5wEKtTIMRRTQ=&u=U2FsdGVkX1/+h+ecq9E25Jgu9duRrvRCv+/Hxwwe26c=&y=U2FsdGVkX193OpTm8mO0twOhCVgd7B2lMA23H+O/P/c= HTTP/1.1" 200 97
186.102.116.0 - - [03/Nov/2023:11:23:51 -0500] "GET /kwssiamovil/sm/acme/s?s=U2FsdGVkX1/C1pS1du14REaRp+E6uK8YQ16p/241Pu/LOB0RU51QUdhiwK5D/kdlWzWZPBgCOohwuS/J6OB7F01cRCBMNWTq0bFkBH4Gl777Vxek/S1kJUHHp16azc6O+Rt0QdXznTGijOzoECKtJSi/iIGzaJ76HE7x50g9TZPzTp3vHdNcgtOAELbfvq5luoFzzd8fZRwMfpw1+Rl3pmFyi4dYPzQGuTAKka1WPQhjum5DjWGTmFHOR3kmSXRlYbd52CwlBHHn76ZLqXiYEJs+rKV2nnmDKk+eKdVS+Or/MyMx0x9oS/rFRV+U+fbNh6YBdC4WWGyJVS1Iv6uTVL+Qv5H/7BEnbAdZ0bI+uYa8bDe8M1W5VtJhwqSgOulp0ZagZOzpenUZTl8ejgUhCLW+hRv8CMBDkYCwOySmv7NKZ7Ashfg+L4tmc2253k7YTzmycMRP/h3ljI12jhQIIlN70I2pX50XsENnyMJ4Aw5Ae09s8EeaAHuVtvFmNVfBAR4kWzu4CCB9hIN/Qo2pu2kOr1q/XRi9UCRaP91BE+y+gnbu/QeELsMEEhm/qnTqZOl/OLdPNXfYfIbvt7mBQXdMv4enmMZxLx4atwFWhvtCf1M07HxjeKIHLHKc5nHM8SOYGYbFAnDg75vRu8ndikhGzxSSVvgZF1wpkh8TbPFrmjX+ykI+4TW2c3mEQAcOAqvRelVAh/NZHGmFDzii+NjrAiLWzLuX7HhxR+fPTq5dZXAd4quVHsUsjyTTYTwul96SOk7HEUS05xdV6mWNK8vc3UZSVFXrErEKvgjArPvWaMGlLCHLfUEc8eWkxzCvMAPLwGkRwcVtt23WKwruOhmMi0KkFdlIiTvEuLZl54+MKkj9aopXo3QbsIV+FKj6MBsXuc6My/GmQFb8O6DMADG67ahdkg+HCQ84WZ3bvSFpJinzNgcpM/2O6UrIq+9k6V0AHi4dysl6qm/pAJRC5MaO2z7VL+mVyStLz9K70QDH4idqsNzw1Vd+p03xOTvZD0UL/izdEDbCg/ehYdrjd79Oh+mNiOS10crts0YZkyF/q7eqWbam9z/ayGbl8D/ZzTDTxES3Ug6ap1Emyesg/Nz1aR3hwMCbeF33UgVQppEuqrefnoKBSGb88StXo4xTYU1O5j5uAVT2B2E4ne54QSkjMMsTvj7QKdReqtN4dTRDjiHdMFm/Bp/WfhtxcTmgZ3YtGrZRtX+n7x6iPDgSN4Njyz1DEk7kMLL/Oy6ycgDBXHeCXHzZ9lX1PWs28vRXJZKnS5yMjRriDasenX4wt8Y9foPiR0nyaiZdLCVPEvQoeuC4BgYjUuvHZcUbSWydb6GVeb3SSMVbsHN0T9jHEd+ZoVfgNjkThtKPdJ8Eip3qDqJ0Rw86ZQ/sWwfOXd918Sw9qkhiAsaPETEDtf/wWyBbQWuar11BLgI0fjk9rPk=&u=U2FsdGVkX1/+h+ecq9E25Jgu9duRrvRCv+/Hxwwe26c=&y=U2FsdGVkX193OpTm8mO0twOhCVgd7B2lMA23H+O/P/c= HTTP/1.1" 200 4634
186.102.116.0 - - [03/Nov/2023:11:23:51 -0500] "GET /kwssiamovil/sm/acme/s?s=U2FsdGVkX19Rgsrrfoca7/W7JOu5eD8Qgsv+MNPLSLwm0YF3uEcU+F3TfOquGpiQDnXBBCjUSEMgAwfG3kiDk3+hFt9Sa/T3KGSwz+PVyIzt0e5LYtNksQeXX7IXi9vYiUXCSWDOxa2WZxJpwygtlu1Va+kI1OrLwCShh1fStG7wsmTf0b3EtrYCsbscAvJ5IadcsE5LWabyBi+PAakV317NvYPrpirKbf4nx48MoWxDEzP46Sccy0dkCGzhmvDKRVxcoyn0ajRtZJyfMqmj2xkLikX6DRfrgn/NhC7p3Vn6XURw0+2flM1EwFgPLB60bzeLtW3GI6jz4U25MNWYAw==&u=U2FsdGVkX1/+h+ecq9E25Jgu9duRrvRCv+/Hxwwe26c=&y=U2FsdGVkX193OpTm8mO0twOhCVgd7B2lMA23H+O/P/c= HTTP/1.1" 200 196
191.95.49.184 - - [03/Nov/2023:11:23:51 -0500] "POST /sipse/faces/presentacion/financiero/solicitudProceso/listarSolicitudProceso.xhtml HTTP/1.1" 200 147535
191.95.49.184 - - [03/Nov/2023:11:23:53 -0500] "GET /sipse/faces/javax.faces.resource/layout/layout.css?ln=primefaces&v=4.0 HTTP/1.1" 304 -
191.95.49.184 - - [03/Nov/2023:11:23:53 -0500] "GET /sipse/faces/javax.faces.resource/theme.css?ln=primefaces-sipse HTTP/1.1" 304 -
186.102.116.0 - - [03/Nov/2023:11:23:51 -0500] "GET /kwssiamovil/sm/cjson/pre?f=1&x=U2FsdGVkX1/d3dG987yYdnFnw+L/dU8gaidiFeDu/ofCxBF0YEs7IABbCLaERpU9 HTTP/1.1" 200 31032
191.95.49.184 - - [03/Nov/2023:11:23:53 -0500] "GET /sipse/faces/javax.faces.resource/primefaces.css?ln=primefaces&v=4.0 HTTP/1.1" 304 -
191.95.49.184 - - [03/Nov/2023:11:23:53 -0500] "GET /sipse/faces/javax.faces.resource/jquery/jquery.js?ln=primefaces&v=4.0 HTTP/1.1" 304 -
191.95.49.184 - - [03/Nov/2023:11:23:53 -0500] "GET /sipse/faces/javax.faces.resource/jquery/jquery-plugins.js?ln=primefaces&v=4.0 HTTP/1.1" 304 -
191.95.49.184 - - [03/Nov/2023:11:23:53 -0500] "GET /sipse/faces/javax.faces.resource/primefaces.js?ln=primefaces&v=4.0 HTTP/1.1" 304 -
191.95.49.184 - - [03/Nov/2023:11:23:53 -0500] "GET /sipse/faces/javax.faces.resource/layout/layout.js?ln=primefaces&v=4.0 HTTP/1.1" 304 -
186.102.23.91 - - [03/Nov/2023:11:23:58 -0500] "GET /kwssiamovil/sm/ldap/au?x=U2FsdGVkX18Y0qB3Req/AaNGHpFhUC99KX7AWdTHez9RPlNb6v+3GbZkzByqtS6g&y=U2FsdGVkX1+qWzkGYRCo6rIQU+e5ZEN7GqCTD6YfIbBTibhYwi2QsF0OLnlCclU6 HTTP/1.1" 200 30
186.102.23.91 - - [03/Nov/2023:11:23:59 -0500] "GET /kwssiamovil/sm/acme/s?s=U2FsdGVkX19r6j1IEcNg2IuXordviHdqPNjmZaAsC4UKqekYqjkRGvwzvje44s7Bvkn2XUSipBHbbfLkvRUXSVjCNBacr7j/O/pC9oR+M8A=&u=U2FsdGVkX1+3x8PCuCMvz8hGN3Htnsdi/15MSHuTIgs=&y=U2FsdGVkX1+qWzkGYRCo6rIQU+e5ZEN7GqCTD6YfIbBTibhYwi2QsF0OLnlCclU6 HTTP/1.1" 200 97
186.102.23.91 - - [03/Nov/2023:11:23:59 -0500] "GET /kwssiamovil/sm/acme/s?s=U2FsdGVkX1+Av9XyQQCrBkryeHBC50bHDPg5AZ2wMHiHxrgIG4RYxP9IDh+HECLZEJZ3JWqGWFps/Ra3Oa5vXeDK8I3jB+u67Qhy98NLcw/qIIr3B8c+GZAgJiPL/iYOR4WiCn/kjHXsTWo3YapxZgZqr6c7+jhYcjBz2wwylo4X2aYHeeOPA6q9FHvJrSvG+i0HDzVVHCII7ttaWPrSaknOfP0aR/tI/pbsEvazqKlCAiDsy87WTdM6jGWXUcwScLCFQ0yt44n9xOwn9ebVbU2jqF4g5cOssa399BoPaKnfj3jqT7DH1oHTj0S5g48xzvNb3+EddiIh94JNSYWb9x32RHSDiPExNI2+zWLzgYtokwpN8tn8lyolQeEB/dsuhg/hx0u/5L9/lzWBevhHUbE6IXYisBrfjX2bU6rJy7QxdgFserQWrCDbiOE4AIqAJSjKK2gPQWTus4zAKwjZ5S6LKq3n88RYj71gHUP0X5iKydb25MdH7RRXyfkWQO+1gj5XTQORQRz4ZYyKbLmb6rJ8Hz6iZu8GNvxfjD159i9CQunnIJkBXnjPPV+fmc10zBR98gceH1t6bAmG2ovEoqpJREpnaxF7q0nb6Ih4ljym7IkXsqXwc0BCrm3lge7oVq7jBGCM67sGCKp22ys4XoP3tbdjChQXKYGPgKsk6sENLhwiaxvbS3EiddCgXsj8PFp3G5ZaqMRGeoSJdMyTZwmHCgUTKz/lQcqOFCpo5IOhQoP3H3XvcU8d6IkRDkJGTz3PSHhI8yLSthAxDFoR9ldnaLQfXLRKJCKuMylylV73kSIgrgDD1eB64gj5tA5tGn5pjAdr0kp3d9WWcEu/2OWVVeJVkGuYHSSf/EXC2ht51VbcMDk8LttlCeTwKLSxvSc16xQ2/udf2i9hw59p5yA4soPclVFSY5arMUTyA4ruL4NNhT+5zUKR7WikMLZ7QPZ2TjItryoeGTeXsgCrt+PfsbpjrIPnMDNTLR5MX6w54M05M9JmTNQyrSSZQPKhAfA9/c7Xpd1p0UYXzkd6jcgDCzYh2kWn5OtygAe1pkeU6QEvMf2z42m040TM3IhPkHZeq7lDVEywS5CCl36VaErmajZaAvWkJCFU5XsJelM7nuKjw+z5t4zUka5fuDGUVa1bYkUALeHJ7MrQjZhABiJBhzlRjd1BP22wj63L9rJhiKK4CwxYyiYuhchqvwP3VUBiR+xpmcIJw4I++e1jOpMjOo+5X1onBtmoB+i8xyb0Vi6orfex/cWK6h5xy/smmqx6GC6jzaMPnkTZTrraUmrJRFktg6fFXCyPvPqoo1OfWDDcEI3jMyjBVGTM4o+dIXWtawVa3UdO1DcoFaKGO2ZnM6Kwvf4yDPJyRAg3zJqbHWuMhACQ9cnaqIdx+uPccFn5bwlTFOa7GzMXOrKgym3nr5wkaHRArPDEJNN99c1dh8fGzxNz+RhcNlrqjcsiLBFjQ60vuIv2r1SPK5kJVi5Lo3ktMPfF4mjPhUWkV4EbtgLmJr2vsV+T0hAgoXaBZxxPj3uv8hKdVkJ1v7MST16R8TcVUk6h055vbd4740zD3ZiAnUpWwmiLu2XobPxD3X1BfabroQYD12WEWkplQdT+3UAR9Sy9eh/CaY5MFAEFo00Z0BUyyWj+AOFyLCCsDrU+TC00156jSMbc7gP3LvqWo6utwZXl8ezyosz7xJUjK97sVN1vdZcpFeMDHaL4i/exxWTl9qhIJKOri42QtTAxWZjtKSmfeymBKGrlgIc=&u=U2FsdGVkX1+3x8PCuCMvz8hGN3Htnsdi/15MSHuTIgs=&y=U2FsdGVkX1+qWzkGYRCo6rIQU+e5ZEN7GqCTD6YfIbBTibhYwi2QsF0OLnlCclU6 HTTP/1.1" 200 4309
186.102.23.91 - - [03/Nov/2023:11:23:59 -0500] "GET /kwssiamovil/sm/acme/s?s=U2FsdGVkX1/TaUo6j7RJagBAD4pltME0ktju4NMYd9Eklx7szUxZJZblBxSZD3SAMqr21FQlJAJ+PAlZBnQDY08QgzaReVzW4SKbX4UJ4TihFCiF6j7axradJ0xteUh2hW77ACQVS6+X07XXN1VAhAi6GHOFsAVPvyw9zc9nDOuIgirHffjcCVP6/A/TLFFlOqhxFk+oe1S6KkF7eRHp1MnUUnEKFaTcBo+C99cFnVtbcCbwyPOs5lCC1bjUVJBwqO/vVR1EN9X4GfmWxADpWa5WDir7qvnj20GbEq0+87SxuuRZXYXqVPN5PkF4Oaa+GBQ2OIMXjrUNkRhpty+hQeDxzRQVyOsJ+3DgsTYukBQXQRYxN9LlLtvdUpGY0BT2ewUrBon3ZHFnIHuyQUgxQ/2pWz5n55W0V+lBbO1qi46c3uV0y2tcp3VK0CHSowqWsyZO//9pjAua/Sj54UQy9f9AonlJcpOvwx+iCMiMRO8QCjIilVjAczELgy4pX/AonP4fin0dmrpN1p3rqI4Z5IDTQncZSTdAtT6IVt92qpotnR5C88C8weGcBkzASKyXNjRUgzgkTLh7nqYiUD3Vd9rDM1XIM9uJaaNn4S1qSNmk1aRbUbz1iukTQyfC+7G+UA66XUIpw/D0MNGWe+lZlFuzWG4tLl07k3lqQUAK6s1r/bRagFsu6MwTks0VnL5cu5vJIKxOliTz2laPgF+V7k5mOJ/Y1l9P31/2tRbztv+bruVD7wUsvUzfZAUXmoEz&u=U2FsdGVkX1+3x8PCuCMvz8hGN3Htnsdi/15MSHuTIgs=&y=U2FsdGVkX1+qWzkGYRCo6rIQU+e5ZEN7GqCTD6YfIbBTibhYwi2QsF0OLnlCclU6 HTTP/1.1" 200 208
191.95.49.184 - - [03/Nov/2023:11:23:56 -0500] "POST /sipse/faces/presentacion/financiero/solicitudProceso/consultarSolicitudProceso.xhtml HTTP/1.1" 200 36677
191.95.49.184 - - [03/Nov/2023:11:23:59 -0500] "GET /sipse/faces/javax.faces.resource/layout/layout.css?ln=primefaces&v=4.0 HTTP/1.1" 304 -
191.95.49.184 - - [03/Nov/2023:11:23:59 -0500] "GET /sipse/faces/javax.faces.resource/theme.css?ln=primefaces-sipse HTTP/1.1" 304 -
191.95.49.184 - - [03/Nov/2023:11:23:59 -0500] "GET /sipse/faces/javax.faces.resource/primefaces.css?ln=primefaces&v=4.0 HTTP/1.1" 304 -
191.95.49.184 - - [03/Nov/2023:11:23:59 -0500] "GET /sipse/faces/javax.faces.resource/jquery/jquery.js?ln=primefaces&v=4.0 HTTP/1.1" 304 -
191.95.49.184 - - [03/Nov/2023:11:23:59 -0500] "GET /sipse/faces/javax.faces.resource/jquery/jquery-plugins.js?ln=primefaces&v=4.0 HTTP/1.1" 304 -
191.95.49.184 - - [03/Nov/2023:11:23:59 -0500] "GET /sipse/faces/javax.faces.resource/primefaces.js?ln=primefaces&v=4.0 HTTP/1.1" 304 -
191.95.49.184 - - [03/Nov/2023:11:24:00 -0500] "GET /sipse/faces/javax.faces.resource/layout/layout.js?ln=primefaces&v=4.0 HTTP/1.1" 304 -
191.95.49.184 - - [03/Nov/2023:11:24:00 -0500] "POST /sipse/faces/presentacion/financiero/solicitudProceso/listarSolicitudProceso.xhtml HTTP/1.1" 200 1396
186.102.23.91 - - [03/Nov/2023:11:23:59 -0500] "GET /kwssiamovil/sm/cjson/pre?f=1&x=U2FsdGVkX18Y0qB3Req/AaNGHpFhUC99KX7AWdTHez9RPlNb6v+3GbZkzByqtS6g HTTP/1.1" 200 31032
191.95.49.184 - - [03/Nov/2023:11:24:03 -0500] "POST /sipse/faces/presentacion/financiero/solicitudProceso/listarSolicitudProceso.xhtml HTTP/1.1" 200 127404
100.21.24.205 - - [03/Nov/2023:11:24:04 -0500] "GET /BLA/resoluciones/index.php?dir=RESOLUCIONES%202002/RES%202002%201251-1301/&order=asc&sort=size HTTP/1.1" 200 12148
191.95.49.184 - - [03/Nov/2023:11:24:04 -0500] "GET /sipse/faces/javax.faces.resource/primefaces.css?ln=primefaces&v=4.0 HTTP/1.1" 304 -
191.95.49.184 - - [03/Nov/2023:11:24:04 -0500] "GET /sipse/faces/javax.faces.resource/theme.css?ln=primefaces-sipse HTTP/1.1" 304 -
191.95.49.184 - - [03/Nov/2023:11:24:04 -0500] "GET /sipse/faces/javax.faces.resource/layout/layout.css?ln=primefaces&v=4.0 HTTP/1.1" 304 -
191.95.49.184 - - [03/Nov/2023:11:24:04 -0500] "GET /sipse/faces/javax.faces.resource/jquery/jquery.js?ln=primefaces&v=4.0 HTTP/1.1" 304 -
191.95.49.184 - - [03/Nov/2023:11:24:04 -0500] "GET /sipse/faces/javax.faces.resource/jquery/jquery-plugins.js?ln=primefaces&v=4.0 HTTP/1.1" 304 -
191.95.49.184 - - [03/Nov/2023:11:24:04 -0500] "GET /sipse/faces/javax.faces.resource/primefaces.js?ln=primefaces&v=4.0 HTTP/1.1" 304 -
191.95.49.184 - - [03/Nov/2023:11:24:05 -0500] "GET /sipse/faces/javax.faces.resource/layout/layout.js?ln=primefaces&v=4.0 HTTP/1.1" 304 -
44.230.252.91 - - [03/Nov/2023:11:24:06 -0500] "GET /BLA/resoluciones/index.php?dir=RESOLUCIONES%202002/RES%202002%201251-1301/&order=desc&sort=name HTTP/1.1" 200 12147
201.245.192.253 - - [03/Nov/2023:11:24:09 -0500] "POST /forms/lservlet;jsessionid=ac16012b30d67398b24510264f55a2d4c5826150a17a.e3iSbxaKaheRe3eRa38MahaQbi1ynknvrkLOlQzNp65In0 HTTP/1.1" 200 2
52.25.208.208 - - [03/Nov/2023:11:24:10 -0500] "GET /BLA/resoluciones/index.php?dir=RESOLUCIONES%202002/RES%202002%201351-1400/&order=asc&sort=size HTTP/1.1" 200 12141
191.95.49.184 - - [03/Nov/2023:11:24:12 -0500] "POST /sipse/faces/presentacion/financiero/solicitudProceso/consultarSolicitudProceso.xhtml HTTP/1.1" 200 33518
191.95.49.184 - - [03/Nov/2023:11:24:15 -0500] "GET /sipse/faces/javax.faces.resource/primefaces.css?ln=primefaces&v=4.0 HTTP/1.1" 304 -
191.95.49.184 - - [03/Nov/2023:11:24:15 -0500] "GET /sipse/faces/javax.faces.resource/theme.css?ln=primefaces-sipse HTTP/1.1" 304 -
191.95.49.184 - - [03/Nov/2023:11:24:15 -0500] "GET /sipse/faces/javax.faces.resource/layout/layout.css?ln=primefaces&v=4.0 HTTP/1.1" 304 -
191.95.49.184 - - [03/Nov/2023:11:24:15 -0500] "GET /sipse/faces/javax.faces.resource/jquery/jquery.js?ln=primefaces&v=4.0 HTTP/1.1" 304 -
191.95.49.184 - - [03/Nov/2023:11:24:15 -0500] "GET /sipse/faces/javax.faces.resource/jquery/jquery-plugins.js?ln=primefaces&v=4.0 HTTP/1.1" 304 -
191.95.49.184 - - [03/Nov/2023:11:24:15 -0500] "GET /sipse/faces/javax.faces.resource/primefaces.js?ln=primefaces&v=4.0 HTTP/1.1" 304 -
191.95.49.184 - - [03/Nov/2023:11:24:15 -0500] "GET /sipse/faces/javax.faces.resource/layout/layout.js?ln=primefaces&v=4.0 HTTP/1.1" 304 -
191.95.49.184 - - [03/Nov/2023:11:24:16 -0500] "POST /sipse/faces/presentacion/financiero/solicitudProceso/listarSolicitudProceso.xhtml HTTP/1.1" 200 1368
44.230.252.91 - - [03/Nov/2023:11:24:17 -0500] "GET /BLA/resoluciones/index.php?dir=RESOLUCIONES%202002/RES%202002%201351-1400/&order=desc&sort=name HTTP/1.1" 200 12140
44.230.252.91 - - [03/Nov/2023:11:24:25 -0500] "GET /BLA/resoluciones/index.php?dir=RESOLUCIONES%202004/RES%202004%2001-%2050/&order=asc&sort=date HTTP/1.1" 200 11966
200.93.146.196 - - [03/Nov/2023:11:24:29 -0500] "GET /BLA/resoluciones/index.php?dir=RESOLUCIONES+2016%2F HTTP/1.1" 200 172327
200.93.146.196 - - [03/Nov/2023:11:24:30 -0500] "GET /BLA/resoluciones/dlf/styles.css HTTP/1.1" 200 3049
200.93.146.196 - - [03/Nov/2023:11:24:30 -0500] "GET /BLA/resoluciones/dlf/dirup.png HTTP/1.1" 200 644
186.154.221.4 - - [03/Nov/2023:11:24:30 -0500] "GET /BLA/resoluciones/dlf/pdf.gif HTTP/1.1" 200 272
186.154.221.4 - - [03/Nov/2023:11:24:30 -0500] "GET /BLA/resoluciones/dlf/unknown.png HTTP/1.1" 200 266
200.93.146.196 - - [03/Nov/2023:11:24:30 -0500] "GET /BLA/resoluciones/dlf/bg.gif HTTP/1.1" 200 54
186.154.221.4 - - [03/Nov/2023:11:24:30 -0500] "GET /favicon.ico HTTP/1.1" 200 7782
172.22.2.4 - - [03/Nov/2023:11:22:50 -0500] "GET /BLA/boletinlegal/ HTTP/1.1" 200 53356
172.22.2.4 - - [03/Nov/2023:11:22:54 -0500] "GET /BLA/boletinlegal/ HTTP/1.1" 200 53356
186.154.221.4 - - [03/Nov/2023:11:24:37 -0500] "GET /BLA/resoluciones/index.php?dir= HTTP/1.1" 200 13696
186.154.221.4 - - [03/Nov/2023:11:24:37 -0500] "GET /BLA/resoluciones/dlf/folder.png HTTP/1.1" 200 410
186.154.221.4 - - [03/Nov/2023:11:24:40 -0500] "GET /BLA/resoluciones/index.php?dir=RESOLUCIONES+2023%2F HTTP/1.1" 200 105964
186.154.221.4 - - [03/Nov/2023:11:24:40 -0500] "GET /BLA/resoluciones/dlf/archive.png HTTP/1.1" 200 632
44.230.252.91 - - [03/Nov/2023:11:24:42 -0500] "GET /BLA/resoluciones/index.php?dir=RESOLUCIONES%202004/RES%202004%2001-%2050/&order=asc&sort=size HTTP/1.1" 200 11966
52.25.208.208 - - [03/Nov/2023:11:24:57 -0500] "GET /BLA/resoluciones/index.php?dir=RESOLUCIONES%202002/RES%202002%201651-1700/&order=asc&sort=date HTTP/1.1" 200 12155
100.21.24.205 - - [03/Nov/2023:11:25:12 -0500] "GET /BLA/resoluciones/index.php?dir=RESOLUCIONES%202002/RES%202002%201651-1700/&order=asc&sort=size HTTP/1.1" 200 12155
52.25.208.208 - - [03/Nov/2023:11:25:16 -0500] "GET /BLA/resoluciones/index.php?dir=RESOLUCIONES%202002/RES%202002%201651-1700/&order=desc&sort=name HTTP/1.1" 200 12154
44.230.252.91 - - [03/Nov/2023:11:25:17 -0500] "GET /BLA/resoluciones/index.php?dir=RESOLUCIONES%202004/RES%202004%2001-%2050/&order=desc&sort=name HTTP/1.1" 200 11965
201.245.192.253 - - [03/Nov/2023:11:25:17 -0500] "POST /kwsrmcab/Wsrmcab  HTTP/1.1" 200 42686
44.230.252.91 - - [03/Nov/2023:11:25:34 -0500] "GET /BLA/resoluciones/index.php?dir=AUTOS%202006/AUTOS%202006%20601-700/ HTTP/1.1" 200 21776
44.230.252.91 - - [03/Nov/2023:11:25:37 -0500] "GET /BLA/resoluciones/AUTOS%202006/AUTOS%202006%20601-700/INDEX.DAT HTTP/1.1" 200 4000
186.102.23.91 - - [03/Nov/2023:11:25:38 -0500] "GET /kwssiamovil/sm/acme/a?s=U2FsdGVkX19Oe0Z5UByybzKWeUKxHaDtX3E+4AwP+LOByDVCJdYWjLUYXT6hS+VapLOSDWR171lOG9pkwPcO8w207nyM+rqRnpd+WQMDgksvd4DEk9eK7S0zmyPYNsWrL7v1bn3C5Aez6W9RxSPDE0q2JMwdYolN1PtJ7rcN2ABo2eg9iKpKQ8bINeukndCfytIlU8JR1p/hJ6Q9XBapKVAOMPm8At399DJkMpaxcmbvZqnQVF6N2pmN5y4SeayrKXPg5uvL6KaxANYsr3zBFQ==&u=U2FsdGVkX1+3x8PCuCMvz8hGN3Htnsdi/15MSHuTIgs=&y=U2FsdGVkX1+qWzkGYRCo6rIQU+e5ZEN7GqCTD6YfIbBTibhYwi2QsF0OLnlCclU6 HTTP/1.1" 200 26
186.102.23.91 - - [03/Nov/2023:11:25:39 -0500] "GET /kwssiamovil/sm/acme/a?s=U2FsdGVkX18j2cZg5Mbv6tOM0cQKUkndPOiXUpkTlLkbgxsL78dj7VU+a/u2XRaXO8lJxIkgVRc6nEHnp6EdFSwvOU+q3NcC8OPssDZgqOFv/+Q0YmkVRGPxv/FH+h7u6+Pgcl81yHAUUwEGm84Krw7G9YRlq4q+Eb43REym8szpl3wM1VPx9saYP27mM3mM8JqE+BPDiVehDtRHo0NjpMjx6/IDhk17RduIpSONLRXhxyV6BG9vqfeCypBDkw03hIKzwRUqHDOB6Yc/i8ceyPWvoTAKUCbANct7bDr2QhbUh9I/AVR3i1LMAGgT2hISmgKWKyJjJHd7zsUEqF5AoblQE5ZG1dMr1dcYsqHySJyfnTuaxuAJEiWgDotsanZwFdK6PdFCHzPX0IDlisUZAT7ARvFuDSB43PdinoglhICdxh7JrVP73N/mmIA+C/b3UrU+6KmkrG5jP1wSaweYYBwdWus18dI8ZZ74h6D8AEtThOjCKqj8QEay5b1cPlS0NhrhTgfPnL6zHPSkpMgKoVKPDO6a2jd/QU7mmfNwQjG36AboJWSkH49Z3X2ctvZiOzHI81fT+cSUi8qf25/LbdiFh6J5pgm9o60AtcggQUjZgM6dT2JEXI0MXTOYxtcC9pFWW56zPjZ4fpOmmkMYhRjtV5y3b7Hp5wEDn+8Cg7191cl5uuaBU6D3ufn/YjIHK0RMC8eWVC3wEm1cBPwzdP9TNMaPC2wcFe3RkxO7B2ayT6FuXDkK3b49cybRsTnUzqM9OLBanELsV75Euvjy62CbEnKpHLG5TkK8zrRvsZYL2CC2q0ktnAzucEag4tnVifyKClW7V1POXUEOWAbuXYyfz6iOXWyeaD1NUq06TYMzTsz80ojD4EjnRhtEYNE7mbpS4JR5EitkgNm/9fRj6o8g1whOjiLoHrzibqLjkgOAXC1tU1+fk12xiXwbtt0GcxbJAQmQrK9E5G/NRK6R8MdZn4D6VehpAUckB4RCbbGPbRiRXKkMosYVkZQ7OxuvM6dO2poLG9vnuDS52dm2RPw8GdFq43DR016ZisoonbuKUnRp8xMuXLxB58aaIeBsHEHx0ciJAFqfJrQDQICq5i3jlJ2UGUnDA/s2NbdpUn2CNowaax+b2uw3trBXCwrdTXMyDaiZt+EAnOkD2m7njeFXKJApHvuhR3VOWg/GXiGzbUWnlxYmrurlf+Trh/lWfdsTROGgEJnZW1c22vyCcX3ZQ5TBTZfGnJSbIBh4QJJtrHbkk/SngDRSVviECe5qoRwZRp9/RNnEKnrdpTVpsqsY20N11EfPi0aYOuYFxrasUK1r+t2pA/LxiqwIzZaWW6Gk9PhKfl9uilpq6qfjzxmHyhJgsgzligI1wEeZ4nsR5oZwQOmgZc9aqsJsl3T46Zarndmb1iN4uR8EH0BMDS5R7Tacm2+wNDIzPxIgQZNK4dzfn1B8WXP7GcFhkCSwirn9f0bJiIBRr0BYWVGY85GF6eII4ZZ/qPXGRdQxVNdt+0fwzGyiyXbTp2LjY03b0u6A6w0+KA5Rixdd1m8FcbE4gC1IHU8NYJ7SH3loRP/uEHE4PItjzwL/jg28wXROvoWQu2QvKoi9BtbTm6ElAN6jJ4charp16xFwgtyJuVAUzAwi3P4jQmGfQlQCnKvixBP35lCS++fJJWOv4+QR6BNLIUvUrqPT5WvrAQIgkul6B5m3ipS5y5eW0n9hT2D/KQ5dWpVAJDpaVnvCSO2amikOVpMiieS33twF1WtJrqalk9YQPeKGz/lHiE3CapWclU4XYSieu2SfQDklS+1x5PT08iAxdfNr8SBlwTeYoDyzoYAfcRlIvIThbgZPgrQGTf0UcghiB1XFGFJwipbNkg==&u=U2FsdGVkX1+3x8PCuCMvz8hGN3Htnsdi/15MSHuTIgs=&y=U2FsdGVkX1+qWzkGYRCo6rIQU+e5ZEN7GqCTD6YfIbBTibhYwi2QsF0OLnlCclU6 HTTP/1.1" 200 26
186.102.23.91 - - [03/Nov/2023:11:25:39 -0500] "GET /kwssiamovil/sm/acme/a?s=U2FsdGVkX19Bzw2gj4k3yblnQLpEdnAOLeK/YQo28KDByfftyBE+knSObgsi+ZaizFZ9xcxEgxPQhEouhG8jhxRti3vAooFy7AjpYOpQon8kzfBVfLgAlQ/bQqo3qdocgI16utc2OuqMxS4bn8IEzdlio7+H2aCs1JhWDMxonns=&u=U2FsdGVkX1+3x8PCuCMvz8hGN3Htnsdi/15MSHuTIgs=&y=U2FsdGVkX1+qWzkGYRCo6rIQU+e5ZEN7GqCTD6YfIbBTibhYwi2QsF0OLnlCclU6 HTTP/1.1" 200 26
186.102.23.91 - - [03/Nov/2023:11:25:39 -0500] "GET /kwssiamovil/sm/acme/a?s=U2FsdGVkX1/TkdeBHPhBsind1rmhXDYvdRnBKmcie6CZTQZelDFlypfuB8JgNJq/Bi2QXL046Dnx/hTWcIoG2h4JaAYGWUJcRkn6zwc3XLCD+bkGMkzza2o6owG7NOqwXjNqwD4goJlMUXBtVPX9BNIKG4wgaHBzaXK9KA0me84=&u=U2FsdGVkX1+3x8PCuCMvz8hGN3Htnsdi/15MSHuTIgs=&y=U2FsdGVkX1+qWzkGYRCo6rIQU+e5ZEN7GqCTD6YfIbBTibhYwi2QsF0OLnlCclU6 HTTP/1.1" 200 26
201.245.192.253 - - [03/Nov/2023:11:25:39 -0500] "POST /forms/lservlet;jsessionid=ac16012b30d6b14c8f46b725431e8887c639ff4d95f3.e3iSbxaKaheRe3eRa38MahaQbi1ynknvrkLOlQzNp65In0 HTTP/1.1" 200 2
186.102.23.91 - - [03/Nov/2023:11:25:39 -0500] "GET /kwssiamovil/sm/acme/a?s=U2FsdGVkX1/yDD4DcuXIpiFha8Nt/ke4fWdwu6avTK4jzFAMrl3htYw+uUMF/bJX0clWuDYj//wCoI/r3bbK8ZJcY8JMKBMI8WD4iAqgi0XfnqY6iJxmX/uncHpjq82UHVWQ6htLBpJrXn6o/HQAp4QgF2tsm9xjcQh2NZZKEzE=&u=U2FsdGVkX1+3x8PCuCMvz8hGN3Htnsdi/15MSHuTIgs=&y=U2FsdGVkX1+qWzkGYRCo6rIQU+e5ZEN7GqCTD6YfIbBTibhYwi2QsF0OLnlCclU6 HTTP/1.1" 200 26
100.21.24.205 - - [03/Nov/2023:11:25:39 -0500] "GET /BLA/resoluciones/index.php?dir=AUTOS%202006/AUTOS%202006%20601-700/&order=asc&sort=date HTTP/1.1" 200 21776
186.102.23.91 - - [03/Nov/2023:11:25:40 -0500] "GET /kwssiamovil/sm/acme/a?s=U2FsdGVkX1/bks2ArwEE7vAZVYqeX11Vzua5htnwnuvOjsjyOIs8nJB6PkRurXiyta00OFf4LGc334s+wuSgAtmB8xCw7ou9WMEyTT1nQ/rZjzYuF6u/rzcZa1RkDB+j0OPKY9U7PXLLV8xVyCyn5H/3ISnoUH5h1FvhEiOlyG/+ao9R+MyZ3HHsF1h/XbkRybiyws/3ntJYAsuCuPp4Tg==&u=U2FsdGVkX1+3x8PCuCMvz8hGN3Htnsdi/15MSHuTIgs=&y=U2FsdGVkX1+qWzkGYRCo6rIQU+e5ZEN7GqCTD6YfIbBTibhYwi2QsF0OLnlCclU6 HTTP/1.1" 200 26
52.25.208.208 - - [03/Nov/2023:11:25:40 -0500] "GET /BLA/resoluciones/index.php?dir=AUTOS%202006/AUTOS%202006%20601-700/&order=asc&sort=name HTTP/1.1" 200 21776
100.21.24.205 - - [03/Nov/2023:11:25:41 -0500] "GET /BLA/resoluciones/index.php?dir=AUTOS%202006/AUTOS%202006%20601-700/&order=asc&sort=size HTTP/1.1" 200 21776
44.230.252.91 - - [03/Nov/2023:11:25:42 -0500] "GET /BLA/resoluciones/index.php?dir=RESOLUCIONES%202003/RES%202003%201051-1100/&order=asc&sort=date HTTP/1.1" 200 11571
216.245.221.92 - - [03/Nov/2023:11:25:52 -0500] "HEAD / HTTP/1.1" 200 -
100.21.24.205 - - [03/Nov/2023:11:25:59 -0500] "GET /BLA/resoluciones/index.php?dir=RESOLUCIONES%202003/RES%202003%201051-1100/&order=asc&sort=size HTTP/1.1" 200 11571
100.21.24.205 - - [03/Nov/2023:11:26:01 -0500] "GET /BLA/resoluciones/index.php?dir=RESOLUCIONES%202003/RES%202003%201051-1100/&order=desc&sort=name HTTP/1.1" 200 11570
201.245.192.253 - - [03/Nov/2023:11:26:09 -0500] "POST /forms/lservlet;jsessionid=ac16012b30d67398b24510264f55a2d4c5826150a17a.e3iSbxaKaheRe3eRa38MahaQbi1ynknvrkLOlQzNp65In0 HTTP/1.1" 200 2
44.230.252.91 - - [03/Nov/2023:11:26:16 -0500] "GET /BLA/resoluciones/index.php?dir=RESOLUCIONES%202003/RES%202003%201151-1200/&order=asc&sort=date HTTP/1.1" 200 11570
201.245.192.253 - - [03/Nov/2023:11:27:20 -0500] "POST /kwsrmcab/Wsrmcab HTTP/1.1" 200 40703
201.245.192.253 - - [03/Nov/2023:11:27:23 -0500] "POST /kwsrmcab/Wsrmcab HTTP/1.1" 200 39667
201.245.192.253 - - [03/Nov/2023:11:27:39 -0500] "POST /forms/lservlet;jsessionid=ac16012b30d6b14c8f46b725431e8887c639ff4d95f3.e3iSbxaKaheRe3eRa38MahaQbi1ynknvrkLOlQzNp65In0 HTTP/1.1" 200 2
66.249.73.37 - - [03/Nov/2023:11:28:06 -0500] "GET /BLA/resoluciones/Autos%202008/0491.pdf HTTP/1.1" 200 117941
201.245.192.253 - - [03/Nov/2023:11:28:09 -0500] "POST /forms/lservlet;jsessionid=ac16012b30d67398b24510264f55a2d4c5826150a17a.e3iSbxaKaheRe3eRa38MahaQbi1ynknvrkLOlQzNp65In0 HTTP/1.1" 200 2
52.167.144.191 - - [03/Nov/2023:11:28:56 -0500] "GET /BLA/resoluciones/RESOLUCIONES%202021/4813.pdf HTTP/1.1" 200 359240
172.22.2.4 - - [03/Nov/2023:11:27:50 -0500] "HEAD /BLA/boletinlegal/ HTTP/1.1" 200 -
40.77.167.36 - - [03/Nov/2023:11:29:30 -0500] "GET /BLA/resoluciones/RESOLUCIONES%202023/1295.pdf HTTP/1.1" 200 398650
201.245.192.253 - - [03/Nov/2023:11:29:39 -0500] "POST /forms/lservlet;jsessionid=ac16012b30d6b14c8f46b725431e8887c639ff4d95f3.e3iSbxaKaheRe3eRa38MahaQbi1ynknvrkLOlQzNp65In0 HTTP/1.1" 200 2
186.28.141.68 - - [03/Nov/2023:11:29:48 -0500] "GET /BLA/resoluciones/index.php?dir=AUTOS+2011%2F HTTP/1.1" 200 12235
186.28.141.68 - - [03/Nov/2023:11:29:48 -0500] "GET /BLA/resoluciones/index.php?dir=AUTOS+2011%2F HTTP/1.1" 200 636914
186.28.141.68 - - [03/Nov/2023:11:30:03 -0500] "GET /BLA/resoluciones/AUTOS%202011/4744.pdf HTTP/1.1" 200 332356
201.245.192.253 - - [03/Nov/2023:11:30:09 -0500] "POST /forms/lservlet;jsessionid=ac16012b30d67398b24510264f55a2d4c5826150a17a.e3iSbxaKaheRe3eRa38MahaQbi1ynknvrkLOlQzNp65In0 HTTP/1.1" 200 2
201.245.192.253 - - [03/Nov/2023:11:30:16 -0500] "POST /kwsrmcab/Wsrmcab  HTTP/1.1" 200 42686
51.222.253.11 - - [03/Nov/2023:11:30:20 -0500] "GET /robots.txt HTTP/1.1" 404 1035
172.22.2.4 - - [03/Nov/2023:11:28:40 -0500] "GET /BLA/boletinlegal/ HTTP/1.1" 200 60634
51.222.253.12 - - [03/Nov/2023:11:30:22 -0500] "GET /portaldeninos/relatos-urbanos-de-los-ecosistemas-bogotanos-2/ HTTP/1.1" 200 88374
51.222.253.13 - - [03/Nov/2023:11:30:25 -0500] "GET /portaldeninos/wp-content/plugins/gallery-videos/CSS/totalsoft.css?ver=4.9.8 HTTP/1.1" 200 40622
51.222.253.3 - - [03/Nov/2023:11:30:26 -0500] "GET /portaldeninos/wp-content/themes/betheme/js/menu.js?ver=20.9.6 HTTP/1.1" 200 2449
51.222.253.19 - - [03/Nov/2023:11:30:26 -0500] "GET /portaldeninos/wp-content/themes/betheme/assets/animations/animations.min.css?ver=20.9.6 HTTP/1.1" 200 58508
51.222.253.6 - - [03/Nov/2023:11:30:27 -0500] "GET /portaldeninos/wp-includes/js/wp-embed.min.js?ver=4.9.8 HTTP/1.1" 200 1398
51.222.253.9 - - [03/Nov/2023:11:30:27 -0500] "GET /portaldeninos/wp-content/uploads/useanyfont/uaf.css?ver=1589905315 HTTP/1.1" 200 408
51.222.253.7 - - [03/Nov/2023:11:30:28 -0500] "GET /portaldeninos/wp-includes/js/jquery/ui/core.min.js?ver=1.11.4 HTTP/1.1" 200 4000
51.222.253.4 - - [03/Nov/2023:11:30:28 -0500] "GET /portaldeninos/wp-includes/js/jquery/ui/sortable.min.js?ver=1.11.4 HTTP/1.1" 200 24899
51.222.253.2 - - [03/Nov/2023:11:30:29 -0500] "GET /portaldeninos/wp-content/themes/betheme/css/responsive.css?ver=20.9.6 HTTP/1.1" 200 55740
51.222.253.18 - - [03/Nov/2023:11:30:30 -0500] "GET /portaldeninos/wp-content/themes/betheme/css/shortcodes.css?ver=20.9.6 HTTP/1.1" 200 138889
51.222.253.14 - - [03/Nov/2023:11:30:31 -0500] "GET /portaldeninos/wp-content/themes/betheme/style.css?ver=20.9.6 HTTP/1.1" 200 287
51.222.253.4 - - [03/Nov/2023:11:30:32 -0500] "GET /portaldeninos/wp-content/themes/betheme/assets/ui/jquery.ui.all.css?ver=20.9.6 HTTP/1.1" 200 18765
51.222.253.19 - - [03/Nov/2023:11:30:33 -0500] "GET /portaldeninos/wp-content/themes/betheme/assets/jplayer/css/jplayer.blue.monday.css?ver=20.9.6 HTTP/1.1" 200 9834
51.222.253.13 - - [03/Nov/2023:11:30:33 -0500] "GET /portaldeninos/wp-content/plugins/google-analytics-for-wordpress/assets/js/frontend-gtag.min.js?ver=8.5.0 HTTP/1.1" 200 11801
51.222.253.7 - - [03/Nov/2023:11:30:34 -0500] "GET /portaldeninos/wp-content/plugins/gallery-videos/JS/Total-Soft-Gallery-Video-Widget.js?ver=4.9.8 HTTP/1.1" 200 80264
201.245.192.253 - - [03/Nov/2023:11:30:32 -0500] "POST /kwsrmcab/Wsrmcab HTTP/1.1" 200 40703
51.222.253.14 - - [03/Nov/2023:11:30:35 -0500] "GET /portaldeninos/wp-content/themes/betheme/js/scripts.js?ver=20.9.6 HTTP/1.1" 200 77162
51.222.253.20 - - [03/Nov/2023:11:30:36 -0500] "GET /portaldeninos/wp-includes/js/jquery/ui/mouse.min.js?ver=1.11.4 HTTP/1.1" 200 3148
51.222.253.12 - - [03/Nov/2023:11:30:36 -0500] "GET /portaldeninos/wp-content/plugins/gallery-videos/CSS/Total-Soft-Gallery-Video-Widget.css?ver=4.9.8 HTTP/1.1" 200 51554
201.245.192.253 - - [03/Nov/2023:11:30:36 -0500] "POST /kwsrmcab/Wsrmcab HTTP/1.1" 200 39667
51.222.253.1 - - [03/Nov/2023:11:30:38 -0500] "GET /portaldeninos/wp-content/themes/betheme/assets/animations/animations.min.js?ver=20.9.6 HTTP/1.1" 200 1896
51.222.253.11 - - [03/Nov/2023:11:30:38 -0500] "GET /portaldeninos/wp-content/plugins/gallery-videos/JS/modernizr.custom.js?ver=4.9.8 HTTP/1.1" 200 9019
40.77.167.235 - - [03/Nov/2023:11:30:39 -0500] "GET /BLA/resoluciones/RESOLUCIONES%202021/1591.pdf HTTP/1.1" 200 449912
51.222.253.3 - - [03/Nov/2023:11:30:40 -0500] "GET /portaldeninos/wp-content/themes/betheme/css/layout.css?ver=20.9.6 HTTP/1.1" 200 116639
51.222.253.5 - - [03/Nov/2023:11:30:41 -0500] "GET /portaldeninos/wp-content/uploads/2022/04/banner-pa%CC%81gina-de-nin%CC%83os-libro-digital-abril.jpg HTTP/1.1" 200 9529
51.222.253.6 - - [03/Nov/2023:11:30:42 -0500] "GET /portaldeninos/wp-content/themes/betheme/js/plugins.js?ver=20.9.6 HTTP/1.1" 200 197151
51.222.253.6 - - [03/Nov/2023:11:30:44 -0500] "GET /portaldeninos/wp-content/uploads/2019/08/Logo-Ambientic.png HTTP/1.1" 200 22941
216.244.66.195 - - [03/Nov/2023:11:30:44 -0500] "GET /BLA/resoluciones/RESOLUCIONES%202011/1526.pdf HTTP/1.1" 200 344696
172.22.2.4 - - [03/Nov/2023:11:30:45 -0500] "GET /BLA/boletinlegal/actos.php HTTP/1.1" 200 9682
172.22.2.4 - - [03/Nov/2023:11:30:45 -0500] "GET /BLA/boletinlegal/js/ajax_actos.js HTTP/1.1" 200 1322
172.22.2.4 - - [03/Nov/2023:11:30:45 -0500] "GET /BLA/boletinlegal/niceforms-default.css HTTP/1.1" 200 6694
172.22.2.4 - - [03/Nov/2023:11:30:45 -0500] "GET /BLA/boletinlegal/style.css HTTP/1.1" 200 9406
172.22.2.4 - - [03/Nov/2023:11:30:45 -0500] "GET /BLA/boletinlegal/niceforms.js HTTP/1.1" 200 22876
172.22.2.4 - - [03/Nov/2023:11:30:45 -0500] "GET /BLA/boletinlegal/js/popup.js HTTP/1.1" 200 1270
172.22.2.4 - - [03/Nov/2023:11:30:45 -0500] "GET /BLA/boletinlegal/js/lib.js HTTP/1.1" 200 6474
172.22.2.4 - - [03/Nov/2023:11:30:45 -0500] "GET /BLA/boletinlegal/js/jquery1.js HTTP/1.1" 200 29846
172.22.2.4 - - [03/Nov/2023:11:30:45 -0500] "GET /BLA/boletinlegal/images/cabezote%20BLEGAL.jpg HTTP/1.1" 200 118164
172.22.2.4 - - [03/Nov/2023:11:30:45 -0500] "GET /BLA/boletinlegal/styles2.css HTTP/1.1" 200 1838
172.22.2.4 - - [03/Nov/2023:11:30:45 -0500] "GET /BLA/boletinlegal/images/subscribe-icon-big.png HTTP/1.1" 200 47702
172.22.2.4 - - [03/Nov/2023:11:30:45 -0500] "GET /BLA/boletinlegal/images/historia.png HTTP/1.1" 200 52775
172.22.2.4 - - [03/Nov/2023:11:30:45 -0500] "GET /BLA/boletinlegal/images/registro-usuarios.png HTTP/1.1" 200 8106
172.22.2.4 - - [03/Nov/2023:11:30:45 -0500] "GET /BLA/boletinlegal/images/green-yellow-blue-pink-th.png HTTP/1.1" 200 7394
172.22.2.4 - - [03/Nov/2023:11:30:45 -0500] "GET /BLA/boletinlegal/images/tel.png HTTP/1.1" 200 14477
172.22.2.4 - - [03/Nov/2023:11:30:45 -0500] "GET /BLA/boletinlegal/images/icono-email.png HTTP/1.1" 200 5544
172.22.2.4 - - [03/Nov/2023:11:30:45 -0500] "GET /BLA/boletinlegal/images/body_bg.jpg HTTP/1.1" 200 1601
172.22.2.4 - - [03/Nov/2023:11:30:45 -0500] "GET /BLA/boletinlegal/images/menu_lft.gif HTTP/1.1" 200 1713
172.22.2.4 - - [03/Nov/2023:11:30:45 -0500] "GET /BLA/boletinlegal/images/menu_rght.gif HTTP/1.1" 200 1627
172.22.2.4 - - [03/Nov/2023:11:30:45 -0500] "GET /BLA/boletinlegal/images/menu_bg.jpg HTTP/1.1" 200 620
172.22.2.4 - - [03/Nov/2023:11:30:45 -0500] "GET /BLA/boletinlegal/images/bg_top.jpg HTTP/1.1" 200 522
172.22.2.4 - - [03/Nov/2023:11:30:45 -0500] "GET /BLA/boletinlegal/images/hover.jpg HTTP/1.1" 200 640
172.22.2.4 - - [03/Nov/2023:11:30:45 -0500] "GET /BLA/boletinlegal/images/text.jpg HTTP/1.1" 200 568
172.22.2.4 - - [03/Nov/2023:11:30:45 -0500] "GET /BLA/boletinlegal/images/footer_bg.jpg HTTP/1.1" 200 586
172.22.2.4 - - [03/Nov/2023:11:30:45 -0500] "GET /BLA/boletinlegal/images/footer_bg_l.jpg HTTP/1.1" 200 776
51.222.253.3 - - [03/Nov/2023:11:30:45 -0500] "GET /portaldeninos/wp-content/themes/betheme/assets/jplayer/jplayer.min.js?ver=20.9.6 HTTP/1.1" 200 52702
172.22.2.4 - - [03/Nov/2023:11:30:45 -0500] "GET /BLA/boletinlegal/img/0.png HTTP/1.1" 200 110
172.22.2.4 - - [03/Nov/2023:11:30:45 -0500] "GET /BLA/boletinlegal/img/select-left.png HTTP/1.1" 200 263
172.22.2.4 - - [03/Nov/2023:11:30:45 -0500] "GET /BLA/boletinlegal/img/select-right.png HTTP/1.1" 200 44019
172.22.2.4 - - [03/Nov/2023:11:30:45 -0500] "GET /BLA/boletinlegal/img/button.png HTTP/1.1" 200 43241
172.22.2.4 - - [03/Nov/2023:11:30:45 -0500] "GET /BLA/boletinlegal/img/button-left.png HTTP/1.1" 200 57071
172.22.2.4 - - [03/Nov/2023:11:30:45 -0500] "GET /BLA/boletinlegal/img/button-right.png HTTP/1.1" 200 57878
51.222.253.11 - - [03/Nov/2023:11:30:46 -0500] "GET /portaldeninos/wp-content/themes/betheme/css/base.css?ver=20.9.6 HTTP/1.1" 200 57283
51.222.253.12 - - [03/Nov/2023:11:30:46 -0500] "GET /portaldeninos/wp-includes/js/jquery/ui/widget.min.js?ver=1.11.4 HTTP/1.1" 200 6908
51.222.253.11 - - [03/Nov/2023:11:30:47 -0500] "GET /portaldeninos/wp-includes/js/jquery/jquery-migrate.min.js?ver=1.4.1 HTTP/1.1" 200 10056
51.222.253.1 - - [03/Nov/2023:11:30:48 -0500] "GET /portaldeninos/wp-includes/js/jquery/jquery.js?ver=1.12.4 HTTP/1.1" 200 97184
51.222.253.8 - - [03/Nov/2023:11:30:49 -0500] "GET /portaldeninos/wp-includes/js/jquery/ui/tabs.min.js?ver=1.11.4 HTTP/1.1" 200 12110
216.245.221.92 - - [03/Nov/2023:11:30:52 -0500] "HEAD / HTTP/1.1" 200 -
172.22.2.4 - - [03/Nov/2023:11:30:54 -0500] "GET /BLA/boletinlegal/consulta_actos.php?tipo=resoluciones&no=0999&usuario=&sector=&fecha=2023&resuelve= HTTP/1.1" 200 1106
172.22.2.4 - - [03/Nov/2023:11:30:55 -0500] "GET /BLA/boletinlegal/images/pdf.gif HTTP/1.1" 200 567
138.84.41.20 - - [03/Nov/2023:11:30:56 -0500] "GET /catalogoisis/ HTTP/1.1" 404 211
138.84.41.20 - - [03/Nov/2023:11:30:56 -0500] "GET /favicon.ico HTTP/1.1" 200 7782
216.244.66.195 - - [03/Nov/2023:11:31:29 -0500] "GET /BLA/resoluciones/RESOLUCIONES%202011/1572.pdf HTTP/1.1" 200 70939
201.245.192.253 - - [03/Nov/2023:11:31:39 -0500] "POST /forms/lservlet;jsessionid=ac16012b30d6b14c8f46b725431e8887c639ff4d95f3.e3iSbxaKaheRe3eRa38MahaQbi1ynknvrkLOlQzNp65In0 HTTP/1.1" 200 2
50.112.160.3 - - [03/Nov/2023:11:32:03 -0500] "GET /BLA/resoluciones/index.php?dir=RESOLUCIONES%202007/RES%202007%202801%20AL%202900/&order=desc&sort=size HTTP/1.1" 200 26858
216.244.66.195 - - [03/Nov/2023:11:32:03 -0500] "GET /BLA/resoluciones/RESOLUCIONES%202011/1618.pdf HTTP/1.1" 200 69955
201.245.192.253 - - [03/Nov/2023:11:32:09 -0500] "POST /forms/lservlet;jsessionid=ac16012b30d67398b24510264f55a2d4c5826150a17a.e3iSbxaKaheRe3eRa38MahaQbi1ynknvrkLOlQzNp65In0 HTTP/1.1" 200 2
216.244.66.195 - - [03/Nov/2023:11:32:45 -0500] "GET /BLA/resoluciones/AUTOS%202014/2929.pdf HTTP/1.1" 200 558152
181.56.171.197 - - [03/Nov/2023:11:33:15 -0500] "POST /sipse/faces/presentacion/financiero/solicitudProceso/listarSolicitudProceso.xhtml HTTP/1.1" 200 58899
181.56.171.197 - - [03/Nov/2023:11:33:16 -0500] "POST /sipse/faces/presentacion/financiero/solicitudProceso/listarSolicitudProceso.xhtml HTTP/1.1" 200 58899
181.56.171.197 - - [03/Nov/2023:11:33:16 -0500] "POST /sipse/faces/presentacion/financiero/solicitudProceso/listarSolicitudProceso.xhtml HTTP/1.1" 200 58899
181.56.171.197 - - [03/Nov/2023:11:33:16 -0500] "POST /sipse/faces/presentacion/financiero/solicitudProceso/listarSolicitudProceso.xhtml HTTP/1.1" 200 58899
181.56.171.197 - - [03/Nov/2023:11:33:17 -0500] "POST /sipse/faces/presentacion/financiero/solicitudProceso/listarSolicitudProceso.xhtml HTTP/1.1" 200 58899
181.56.171.197 - - [03/Nov/2023:11:33:17 -0500] "POST /sipse/faces/presentacion/financiero/solicitudProceso/listarSolicitudProceso.xhtml HTTP/1.1" 200 58899
181.56.171.197 - - [03/Nov/2023:11:33:17 -0500] "POST /sipse/faces/presentacion/financiero/solicitudProceso/listarSolicitudProceso.xhtml HTTP/1.1" 200 1548
181.56.171.197 - - [03/Nov/2023:11:33:18 -0500] "POST /sipse/faces/presentacion/financiero/solicitudProceso/listarSolicitudProceso.xhtml HTTP/1.1" 200 1560
181.56.171.197 - - [03/Nov/2023:11:33:18 -0500] "POST /sipse/faces/presentacion/financiero/solicitudProceso/listarSolicitudProceso.xhtml HTTP/1.1" 200 1556
181.56.171.197 - - [03/Nov/2023:11:33:18 -0500] "POST /sipse/faces/presentacion/financiero/solicitudProceso/listarSolicitudProceso.xhtml HTTP/1.1" 200 1560
181.56.171.197 - - [03/Nov/2023:11:33:18 -0500] "POST /sipse/faces/presentacion/financiero/solicitudProceso/listarSolicitudProceso.xhtml HTTP/1.1" 200 1556
181.56.171.197 - - [03/Nov/2023:11:33:19 -0500] "POST /sipse/faces/presentacion/financiero/solicitudProceso/listarSolicitudProceso.xhtml HTTP/1.1" 200 1560
181.56.171.197 - - [03/Nov/2023:11:33:20 -0500] "POST /sipse/faces/presentacion/financiero/solicitudProceso/listarSolicitudProceso.xhtml HTTP/1.1" 200 10512
181.56.171.197 - - [03/Nov/2023:11:33:31 -0500] "POST /sipse/faces/presentacion/financiero/solicitudProceso/listarSolicitudProceso.xhtml HTTP/1.1" 200 120593
181.56.171.197 - - [03/Nov/2023:11:33:32 -0500] "GET /sipse/faces/javax.faces.resource/theme.css?ln=primefaces-sipse HTTP/1.1" 304 -
181.56.171.197 - - [03/Nov/2023:11:33:32 -0500] "GET /sipse/faces/javax.faces.resource/primefaces.css?ln=primefaces&v=4.0 HTTP/1.1" 304 -
181.56.171.197 - - [03/Nov/2023:11:33:32 -0500] "GET /sipse/faces/javax.faces.resource/layout/layout.css?ln=primefaces&v=4.0 HTTP/1.1" 304 -
181.56.171.197 - - [03/Nov/2023:11:33:32 -0500] "GET /sipse/faces/javax.faces.resource/jquery/jquery.js?ln=primefaces&v=4.0 HTTP/1.1" 304 -
181.56.171.197 - - [03/Nov/2023:11:33:32 -0500] "GET /sipse/faces/javax.faces.resource/jquery/jquery-plugins.js?ln=primefaces&v=4.0 HTTP/1.1" 304 -
181.56.171.197 - - [03/Nov/2023:11:33:32 -0500] "GET /sipse/faces/javax.faces.resource/primefaces.js?ln=primefaces&v=4.0 HTTP/1.1" 304 -
181.56.171.197 - - [03/Nov/2023:11:33:32 -0500] "GET /sipse/faces/javax.faces.resource/layout/layout.js?ln=primefaces&v=4.0 HTTP/1.1" 304 -
181.56.171.197 - - [03/Nov/2023:11:33:32 -0500] "GET /sipse/faces/javax.faces.resource/dynamiccontent.properties?ln=primefaces&pfdrid=XjOR5%2F%2FfPAZAuY9TpWQeCiM0BhlXxYRBGKi%2FQcXXfeA%3D&pfdrid_c=false HTTP/1.1" 500 383
216.244.66.195 - - [03/Nov/2023:11:33:35 -0500] "GET /BLA/resoluciones/AUTOS%202017/4255.pdf HTTP/1.1" 200 278922
201.245.192.253 - - [03/Nov/2023:11:33:39 -0500] "POST /forms/lservlet;jsessionid=ac16012b30d6b14c8f46b725431e8887c639ff4d95f3.e3iSbxaKaheRe3eRa38MahaQbi1ynknvrkLOlQzNp65In0 HTTP/1.1" 200 2
181.56.171.197 - - [03/Nov/2023:11:33:43 -0500] "GET /sipse/faces/javax.faces.resource/theme.css?ln=primefaces-sipse HTTP/1.1" 304 -
181.56.171.197 - - [03/Nov/2023:11:33:43 -0500] "GET /sipse/faces/javax.faces.resource/primefaces.css?ln=primefaces&v=4.0 HTTP/1.1" 304 -
181.56.171.197 - - [03/Nov/2023:11:33:42 -0500] "POST /sipse/faces/presentacion/financiero/solicitudProceso/consultarSolicitudProceso.xhtml HTTP/1.1" 200 39956
181.56.171.197 - - [03/Nov/2023:11:33:43 -0500] "GET /sipse/faces/javax.faces.resource/layout/layout.css?ln=primefaces&v=4.0 HTTP/1.1" 304 -
181.56.171.197 - - [03/Nov/2023:11:33:43 -0500] "GET /sipse/faces/javax.faces.resource/layout/layout.js?ln=primefaces&v=4.0 HTTP/1.1" 304 -
181.56.171.197 - - [03/Nov/2023:11:33:43 -0500] "GET /sipse/faces/javax.faces.resource/jquery/jquery-plugins.js?ln=primefaces&v=4.0 HTTP/1.1" 304 -
181.56.171.197 - - [03/Nov/2023:11:33:43 -0500] "GET /sipse/faces/javax.faces.resource/jquery/jquery.js?ln=primefaces&v=4.0 HTTP/1.1" 304 -
181.56.171.197 - - [03/Nov/2023:11:33:43 -0500] "GET /sipse/faces/javax.faces.resource/primefaces.js?ln=primefaces&v=4.0 HTTP/1.1" 304 -
181.56.171.197 - - [03/Nov/2023:11:33:52 -0500] "GET /sipse/faces/javax.faces.resource/images/ui-icons_898989_256x240.png?ln=primefaces-aristo HTTP/1.1" 304 -
201.245.192.253 - - [03/Nov/2023:11:34:01 -0500] "GET /sipse/faces/index.xhtml HTTP/1.1" 200 677
201.245.192.253 - - [03/Nov/2023:11:34:01 -0500] "GET /sipse/faces/javax.faces.resource/theme.css?ln=primefaces-sipse HTTP/1.1" 200 50058
201.245.192.253 - - [03/Nov/2023:11:34:01 -0500] "GET /favicon.ico HTTP/1.1" 200 7782
201.245.192.253 - - [03/Nov/2023:11:34:01 -0500] "GET /sipse/faces/faces/autenticacion.xhtml HTTP/1.1" 200 12406
201.245.192.253 - - [03/Nov/2023:11:34:01 -0500] "GET /sipse/js/disable_browser_buttons.js HTTP/1.1" 200 3230
201.245.192.253 - - [03/Nov/2023:11:34:01 -0500] "GET /sipse/js/funciones.js HTTP/1.1" 200 12592
201.245.192.253 - - [03/Nov/2023:11:34:01 -0500] "GET /sipse/css/custom_css_sg.css HTTP/1.1" 200 9694
201.245.192.253 - - [03/Nov/2023:11:34:01 -0500] "GET /sipse/css/custom_css_sg_prime_login.css HTTP/1.1" 200 443
201.245.192.253 - - [03/Nov/2023:11:34:01 -0500] "GET /sipse/faces/javax.faces.resource/theme.css?ln=primefaces-sipse HTTP/1.1" 304 -
201.245.192.253 - - [03/Nov/2023:11:34:01 -0500] "GET /sipse/faces/javax.faces.resource/layout/layout.css?ln=primefaces&v=4.0 HTTP/1.1" 200 542
201.245.192.253 - - [03/Nov/2023:11:34:01 -0500] "GET /sipse/faces/javax.faces.resource/jquery/jquery.js?ln=primefaces&v=4.0 HTTP/1.1" 200 105384
201.245.192.253 - - [03/Nov/2023:11:34:01 -0500] "GET /sipse/faces/javax.faces.resource/layout/layout.js?ln=primefaces&v=4.0 HTTP/1.1" 200 87560
201.245.192.253 - - [03/Nov/2023:11:34:01 -0500] "GET /sipse/faces/javax.faces.resource/primefaces.css?ln=primefaces&v=4.0 HTTP/1.1" 200 53295
201.245.192.253 - - [03/Nov/2023:11:34:01 -0500] "GET /sipse/faces/javax.faces.resource/primefaces.js?ln=primefaces&v=4.0 HTTP/1.1" 200 276924
201.245.192.253 - - [03/Nov/2023:11:34:01 -0500] "GET /sipse/faces/javax.faces.resource/jquery/jquery-plugins.js?ln=primefaces&v=4.0 HTTP/1.1" 200 220526
201.245.192.253 - - [03/Nov/2023:11:34:01 -0500] "GET /sipse/css/imagen/logoSDG.png HTTP/1.1" 200 53064
201.245.192.253 - - [03/Nov/2023:11:34:01 -0500] "GET /sipse/css/imagen/loginimg.png HTTP/1.1" 200 71635
201.245.192.253 - - [03/Nov/2023:11:34:01 -0500] "GET /sipse/faces/javax.faces.resource/images/ui-icons_898989_256x240.png?ln=primefaces-aristo HTTP/1.1" 200 5355
172.22.2.4 - - [03/Nov/2023:11:34:06 -0500] "GET /BLA/boletinlegal/Circulares/2017/Circular%20No.%20011%20del%2005%20de%20julio%20de%202017.pdf HTTP/1.1" 200 965526
201.245.192.253 - - [03/Nov/2023:11:34:06 -0500] "POST /sipse/faces/autenticacion.xhtml HTTP/1.1" 200 2217
201.245.192.253 - - [03/Nov/2023:11:34:06 -0500] "GET /sipse/faces/javax.faces.resource/messages/messages.png?ln=primefaces&v=4.0 HTTP/1.1" 200 27209
172.22.2.4 - - [03/Nov/2023:11:34:06 -0500] "GET /BLA/boletinlegal/Circulares/2017/Circular%20No.%20011%20del%2005%20de%20julio%20de%202017.pdf HTTP/1.1" 200 965526
172.22.2.4 - - [03/Nov/2023:11:34:06 -0500] "GET /BLA/boletinlegal/Circulares/2017/Circular%20No.%20011%20del%2005%20de%20julio%20de%202017.pdf HTTP/1.1" 206 1025
201.245.192.253 - - [03/Nov/2023:11:34:07 -0500] "POST /sipse/faces/autenticacion.xhtml HTTP/1.1" 200 16332
201.245.192.253 - - [03/Nov/2023:11:34:07 -0500] "GET /sipse/css/custom_css_sg_prime.css HTTP/1.1" 200 5201
201.245.192.253 - - [03/Nov/2023:11:34:07 -0500] "GET /sipse/faces/javax.faces.resource/theme.css?ln=primefaces-sipse HTTP/1.1" 304 -
201.245.192.253 - - [03/Nov/2023:11:34:07 -0500] "GET /sipse/faces/javax.faces.resource/primefaces.css?ln=primefaces&v=4.0 HTTP/1.1" 304 -
201.245.192.253 - - [03/Nov/2023:11:34:07 -0500] "GET /sipse/faces/javax.faces.resource/layout/layout.css?ln=primefaces&v=4.0 HTTP/1.1" 304 -
201.245.192.253 - - [03/Nov/2023:11:34:07 -0500] "GET /sipse/js/jquery.min.js HTTP/1.1" 200 85582
201.245.192.253 - - [03/Nov/2023:11:34:07 -0500] "GET /sipse/faces/javax.faces.resource/jquery/jquery.js?ln=primefaces&v=4.0 HTTP/1.1" 304 -
201.245.192.253 - - [03/Nov/2023:11:34:07 -0500] "GET /sipse/faces/javax.faces.resource/jquery/jquery-plugins.js?ln=primefaces&v=4.0 HTTP/1.1" 304 -
201.245.192.253 - - [03/Nov/2023:11:34:07 -0500] "GET /sipse/faces/javax.faces.resource/primefaces.js?ln=primefaces&v=4.0 HTTP/1.1" 304 -
201.245.192.253 - - [03/Nov/2023:11:34:07 -0500] "GET /sipse/faces/javax.faces.resource/layout/layout.js?ln=primefaces&v=4.0 HTTP/1.1" 304 -
201.245.192.253 - - [03/Nov/2023:11:34:07 -0500] "GET /sipse/css/v_mergente.css HTTP/1.1" 200 1505
201.245.192.253 - - [03/Nov/2023:11:34:07 -0500] "GET /sipse/css/imagen/contrasena.png HTTP/1.1" 404 383
201.245.192.253 - - [03/Nov/2023:11:34:07 -0500] "GET /sipse/imagenes/cargando.gif HTTP/1.1" 200 36959
201.245.192.253 - - [03/Nov/2023:11:34:07 -0500] "GET /sipse/imagenes/logoAplicacion.jpg HTTP/1.1" 200 155084
201.245.192.253 - - [03/Nov/2023:11:34:08 -0500] "GET /sipse/faces/javax.faces.resource/images/ui-bg_flat_0_2d5972_40x100.png?ln=primefaces-aristo HTTP/1.1" 200 183
201.245.192.253 - - [03/Nov/2023:11:34:08 -0500] "POST /sipse/faces/bienvenido.xhtml HTTP/1.1" 200 2658
201.245.192.253 - - [03/Nov/2023:11:34:09 -0500] "POST /forms/lservlet;jsessionid=ac16012b30d67398b24510264f55a2d4c5826150a17a.e3iSbxaKaheRe3eRa38MahaQbi1ynknvrkLOlQzNp65In0 HTTP/1.1" 200 2
201.245.192.253 - - [03/Nov/2023:11:34:08 -0500] "POST /sipse/faces/bienvenido.xhtml HTTP/1.1" 200 64357
201.245.192.253 - - [03/Nov/2023:11:34:11 -0500] "GET /sipse/faces/javax.faces.resource/primefaces.css?ln=primefaces&v=4.0 HTTP/1.1" 304 -
201.245.192.253 - - [03/Nov/2023:11:34:11 -0500] "GET /sipse/faces/javax.faces.resource/layout/layout.css?ln=primefaces&v=4.0 HTTP/1.1" 304 -
201.245.192.253 - - [03/Nov/2023:11:34:11 -0500] "GET /sipse/faces/javax.faces.resource/theme.css?ln=primefaces-sipse HTTP/1.1" 304 -
201.245.192.253 - - [03/Nov/2023:11:34:11 -0500] "GET /sipse/faces/javax.faces.resource/jquery/jquery.js?ln=primefaces&v=4.0 HTTP/1.1" 304 -
201.245.192.253 - - [03/Nov/2023:11:34:11 -0500] "GET /sipse/faces/javax.faces.resource/jquery/jquery-plugins.js?ln=primefaces&v=4.0 HTTP/1.1" 304 -
201.245.192.253 - - [03/Nov/2023:11:34:11 -0500] "GET /sipse/faces/javax.faces.resource/primefaces.js?ln=primefaces&v=4.0 HTTP/1.1" 304 -
201.245.192.253 - - [03/Nov/2023:11:34:11 -0500] "GET /sipse/faces/javax.faces.resource/layout/layout.js?ln=primefaces&v=4.0 HTTP/1.1" 304 -
201.245.192.253 - - [03/Nov/2023:11:34:11 -0500] "POST /sipse/faces/presentacion/financiero/solicitudProceso/listarSolicitudProceso.xhtml HTTP/1.1" 200 1548
201.245.192.253 - - [03/Nov/2023:11:34:15 -0500] "POST /sipse/faces/presentacion/financiero/solicitudProceso/listarSolicitudProceso.xhtml HTTP/1.1" 200 59022
