172.22.2.4 - - [03/Nov/2023:02:22:08 -0500] "GET /BLA/boletinlegal/jurisprudencia/analisis/null HTTP/1.1" 404 1038
201.245.192.253 - - [03/Nov/2023:02:22:07 -0500] "POST /kwsrmcab/Wsrmcab  HTTP/1.1" 200 42686
172.22.2.4 - - [03/Nov/2023:02:20:59 -0500] "HEAD /BLA/boletinlegal/ HTTP/1.1" 200 -
172.22.2.4 - - [03/Nov/2023:02:21:50 -0500] "GET /BLA/boletinlegal/ HTTP/1.1" 200 52827
201.245.192.253 - - [03/Nov/2023:02:23:37 -0500] "POST /forms/lservlet;jsessionid=ac16012b30d6b14c8f46b725431e8887c639ff4d95f3.e3iSbxaKaheRe3eRa38MahaQbi1ynknvrkLOlQzNp65In0 HTTP/1.1" 200 2
216.245.221.92 - - [03/Nov/2023:02:24:19 -0500] "HEAD / HTTP/1.1" 200 -
201.245.192.253 - - [03/Nov/2023:02:25:37 -0500] "POST /forms/lservlet;jsessionid=ac16012b30d6b14c8f46b725431e8887c639ff4d95f3.e3iSbxaKaheRe3eRa38MahaQbi1ynknvrkLOlQzNp65In0 HTTP/1.1" 200 2
201.245.192.253 - - [03/Nov/2023:02:27:07 -0500] "POST /kwsrmcab/Wsrmcab  HTTP/1.1" 200 42686
201.245.192.253 - - [03/Nov/2023:02:27:22 -0500] "POST /kwsrmcab/Wsrmcab HTTP/1.1" 200 42194
201.245.192.253 - - [03/Nov/2023:02:27:25 -0500] "POST /kwsrmcab/Wsrmcab HTTP/1.1" 200 40342
201.245.192.253 - - [03/Nov/2023:02:27:37 -0500] "POST /forms/lservlet;jsessionid=ac16012b30d6b14c8f46b725431e8887c639ff4d95f3.e3iSbxaKaheRe3eRa38MahaQbi1ynknvrkLOlQzNp65In0 HTTP/1.1" 200 2
162.55.175.24 - - [03/Nov/2023:02:28:01 -0500] "GET / HTTP/1.1" 200 319
172.22.2.4 - - [03/Nov/2023:02:26:49 -0500] "HEAD /BLA/boletinlegal/ HTTP/1.1" 200 -
216.245.221.92 - - [03/Nov/2023:02:29:19 -0500] "HEAD / HTTP/1.1" 200 -
172.22.2.4 - - [03/Nov/2023:02:27:40 -0500] "GET /BLA/boletinlegal/ HTTP/1.1" 200 59827
201.245.192.253 - - [03/Nov/2023:02:29:37 -0500] "POST /forms/lservlet;jsessionid=ac16012b30d6b14c8f46b725431e8887c639ff4d95f3.e3iSbxaKaheRe3eRa38MahaQbi1ynknvrkLOlQzNp65In0 HTTP/1.1" 200 2
66.249.66.21 - - [03/Nov/2023:02:30:11 -0500] "GET /Publicaciones/2022EE268924.pdf HTTP/1.1" 404 228
201.245.192.253 - - [03/Nov/2023:02:30:34 -0500] "POST /kwsrmcab/Wsrmcab HTTP/1.1" 200 42194
201.245.192.253 - - [03/Nov/2023:02:30:37 -0500] "POST /kwsrmcab/Wsrmcab HTTP/1.1" 200 40342
198.235.24.87 - - [03/Nov/2023:02:30:50 -0500] "\x16\x03\x01" 400 226
198.235.24.87 - - [03/Nov/2023:02:30:50 -0500] "\x16\x03\x01" 400 226
201.245.192.253 - - [03/Nov/2023:02:31:37 -0500] "POST /forms/lservlet;jsessionid=ac16012b30d6b14c8f46b725431e8887c639ff4d95f3.e3iSbxaKaheRe3eRa38MahaQbi1ynknvrkLOlQzNp65In0 HTTP/1.1" 200 2
40.77.167.52 - - [03/Nov/2023:02:32:00 -0500] "GET /BLA/resoluciones/AUTOS%202023/3437.pdf HTTP/1.1" 200 442442
201.245.192.253 - - [03/Nov/2023:02:32:05 -0500] "POST /kwsrmcab/Wsrmcab  HTTP/1.1" 200 42686
201.245.192.253 - - [03/Nov/2023:02:33:37 -0500] "POST /forms/lservlet;jsessionid=ac16012b30d6b14c8f46b725431e8887c639ff4d95f3.e3iSbxaKaheRe3eRa38MahaQbi1ynknvrkLOlQzNp65In0 HTTP/1.1" 200 2
172.22.2.4 - - [03/Nov/2023:02:33:58 -0500] "GET /BLA/boletinlegal/actos.php HTTP/1.1" 200 9682
216.245.221.92 - - [03/Nov/2023:02:34:19 -0500] "HEAD / HTTP/1.1" 200 -
172.22.2.4 - - [03/Nov/2023:02:32:39 -0500] "HEAD /BLA/boletinlegal/ HTTP/1.1" 200 -
172.22.2.4 - - [03/Nov/2023:02:33:30 -0500] "GET /BLA/boletinlegal/ HTTP/1.1" 200 58294
201.245.192.253 - - [03/Nov/2023:02:35:37 -0500] "POST /forms/lservlet;jsessionid=ac16012b30d6b14c8f46b725431e8887c639ff4d95f3.e3iSbxaKaheRe3eRa38MahaQbi1ynknvrkLOlQzNp65In0 HTTP/1.1" 200 2
201.245.192.253 - - [03/Nov/2023:02:37:04 -0500] "POST /kwsrmcab/Wsrmcab  HTTP/1.1" 200 42686
201.245.192.253 - - [03/Nov/2023:02:37:22 -0500] "POST /kwsrmcab/Wsrmcab HTTP/1.1" 200 42194
201.245.192.253 - - [03/Nov/2023:02:37:25 -0500] "POST /kwsrmcab/Wsrmcab HTTP/1.1" 200 40342
201.245.192.253 - - [03/Nov/2023:02:37:37 -0500] "POST /forms/lservlet;jsessionid=ac16012b30d6b14c8f46b725431e8887c639ff4d95f3.e3iSbxaKaheRe3eRa38MahaQbi1ynknvrkLOlQzNp65In0 HTTP/1.1" 200 2
52.167.144.188 - - [03/Nov/2023:02:37:59 -0500] "GET /Publicaciones/2023EE251139.pdf HTTP/1.1" 200 356596
216.245.221.92 - - [03/Nov/2023:02:39:19 -0500] "HEAD / HTTP/1.1" 200 -
201.245.192.253 - - [03/Nov/2023:02:39:37 -0500] "POST /forms/lservlet;jsessionid=ac16012b30d6b14c8f46b725431e8887c639ff4d95f3.e3iSbxaKaheRe3eRa38MahaQbi1ynknvrkLOlQzNp65In0 HTTP/1.1" 200 2
172.22.2.4 - - [03/Nov/2023:02:38:29 -0500] "HEAD /BLA/boletinlegal/ HTTP/1.1" 200 -
201.245.192.253 - - [03/Nov/2023:02:40:33 -0500] "POST /kwsrmcab/Wsrmcab HTTP/1.1" 200 42194
201.245.192.253 - - [03/Nov/2023:02:40:37 -0500] "POST /kwsrmcab/Wsrmcab HTTP/1.1" 200 40342
40.77.167.30 - - [03/Nov/2023:02:40:46 -0500] "GET /bla/resoluciones/notificaciones/autos%202018/5006.pdf HTTP/1.1" 200 255263
172.22.2.4 - - [03/Nov/2023:02:39:20 -0500] "GET /BLA/boletinlegal/ HTTP/1.1" 200 60634
201.245.192.253 - - [03/Nov/2023:02:41:37 -0500] "POST /forms/lservlet;jsessionid=ac16012b30d6b14c8f46b725431e8887c639ff4d95f3.e3iSbxaKaheRe3eRa38MahaQbi1ynknvrkLOlQzNp65In0 HTTP/1.1" 200 2
69.63.189.119 - - [03/Nov/2023:02:41:37 -0500] "GET /images/cuerpos%20de%20agua%20en%20humedales-19-10.jpg HTTP/1.1" 200 73528
201.245.192.253 - - [03/Nov/2023:02:42:03 -0500] "POST /kwsrmcab/Wsrmcab  HTTP/1.1" 200 42686
66.249.66.20 - - [03/Nov/2023:02:43:31 -0500] "GET /Publicaciones/2022EE270951.pdf HTTP/1.1" 404 228
201.245.192.253 - - [03/Nov/2023:02:43:37 -0500] "POST /forms/lservlet;jsessionid=ac16012b30d6b14c8f46b725431e8887c639ff4d95f3.e3iSbxaKaheRe3eRa38MahaQbi1ynknvrkLOlQzNp65In0 HTTP/1.1" 200 2
216.245.221.92 - - [03/Nov/2023:02:44:19 -0500] "HEAD / HTTP/1.1" 200 -
87.236.176.245 - - [03/Nov/2023:02:44:46 -0500] "GET /portaldeninos/ HTTP/1.1" 200 110175
201.245.192.253 - - [03/Nov/2023:02:45:37 -0500] "POST /forms/lservlet;jsessionid=ac16012b30d6b14c8f46b725431e8887c639ff4d95f3.e3iSbxaKaheRe3eRa38MahaQbi1ynknvrkLOlQzNp65In0 HTTP/1.1" 200 2
172.22.2.4 - - [03/Nov/2023:02:44:19 -0500] "HEAD /BLA/boletinlegal/ HTTP/1.1" 200 -
172.22.2.4 - - [03/Nov/2023:02:45:10 -0500] "GET /BLA/boletinlegal/ HTTP/1.1" 200 60634
66.249.66.19 - - [03/Nov/2023:02:46:53 -0500] "HEAD /BLA/resoluciones/RESOLUCIONES%25202012/0288.pdf HTTP/1.1" 404 -
201.245.192.253 - - [03/Nov/2023:02:47:02 -0500] "POST /kwsrmcab/Wsrmcab  HTTP/1.1" 200 42686
201.245.192.253 - - [03/Nov/2023:02:47:37 -0500] "POST /forms/lservlet;jsessionid=ac16012b30d6b14c8f46b725431e8887c639ff4d95f3.e3iSbxaKaheRe3eRa38MahaQbi1ynknvrkLOlQzNp65In0 HTTP/1.1" 200 2
40.77.167.40 - - [03/Nov/2023:02:48:56 -0500] "GET /BLA/resoluciones/AUTOS%202022/2099.pdf HTTP/1.1" 304 -
216.245.221.92 - - [03/Nov/2023:02:49:19 -0500] "HEAD / HTTP/1.1" 200 -
201.245.192.253 - - [03/Nov/2023:02:49:37 -0500] "POST /forms/lservlet;jsessionid=ac16012b30d6b14c8f46b725431e8887c639ff4d95f3.e3iSbxaKaheRe3eRa38MahaQbi1ynknvrkLOlQzNp65In0 HTTP/1.1" 200 2
201.245.192.253 - - [03/Nov/2023:02:51:37 -0500] "POST /forms/lservlet;jsessionid=ac16012b30d6b14c8f46b725431e8887c639ff4d95f3.e3iSbxaKaheRe3eRa38MahaQbi1ynknvrkLOlQzNp65In0 HTTP/1.1" 200 2
172.22.2.4 - - [03/Nov/2023:02:50:09 -0500] "HEAD /BLA/boletinlegal/ HTTP/1.1" 200 -
201.245.192.253 - - [03/Nov/2023:02:52:01 -0500] "POST /kwsrmcab/Wsrmcab  HTTP/1.1" 200 42686
172.22.2.4 - - [03/Nov/2023:02:51:00 -0500] "GET /BLA/boletinlegal/ HTTP/1.1" 200 61018
201.245.192.253 - - [03/Nov/2023:02:53:37 -0500] "POST /forms/lservlet;jsessionid=ac16012b30d6b14c8f46b725431e8887c639ff4d95f3.e3iSbxaKaheRe3eRa38MahaQbi1ynknvrkLOlQzNp65In0 HTTP/1.1" 200 2
198.199.101.72 - - [03/Nov/2023:02:54:02 -0500] "GET /portal/redlion HTTP/1.1" 404 1018
216.245.221.92 - - [03/Nov/2023:02:54:19 -0500] "HEAD / HTTP/1.1" 200 -
201.245.192.253 - - [03/Nov/2023:02:55:37 -0500] "POST /forms/lservlet;jsessionid=ac16012b30d6b14c8f46b725431e8887c639ff4d95f3.e3iSbxaKaheRe3eRa38MahaQbi1ynknvrkLOlQzNp65In0 HTTP/1.1" 200 2
40.77.167.61 - - [03/Nov/2023:02:56:01 -0500] "GET /Publicaciones/2023EE248317.pdf HTTP/1.1" 200 942233
40.77.167.61 - - [03/Nov/2023:02:56:30 -0500] "GET /BLA/resoluciones/RESOLUCIONES%202021/1550.pdf HTTP/1.1" 200 461969
201.245.192.253 - - [03/Nov/2023:02:57:00 -0500] "POST /kwsrmcab/Wsrmcab  HTTP/1.1" 200 42686
40.77.167.241 - - [03/Nov/2023:02:57:18 -0500] "GET /BLA/resoluciones/AUTOS%202015/3031.pdf HTTP/1.1" 200 704934
201.245.192.253 - - [03/Nov/2023:02:57:37 -0500] "POST /forms/lservlet;jsessionid=ac16012b30d6b14c8f46b725431e8887c639ff4d95f3.e3iSbxaKaheRe3eRa38MahaQbi1ynknvrkLOlQzNp65In0 HTTP/1.1" 200 2
172.22.2.4 - - [03/Nov/2023:02:55:59 -0500] "HEAD /BLA/boletinlegal/ HTTP/1.1" 200 -
40.77.167.61 - - [03/Nov/2023:02:58:11 -0500] "GET /Publicaciones/2023EE251137.pdf HTTP/1.1" 200 357519
172.22.2.4 - - [03/Nov/2023:02:56:50 -0500] "GET /BLA/boletinlegal/ HTTP/1.1" 200 60634
139.162.253.150 - - [03/Nov/2023:02:58:53 -0500] "GET /portaldeninos/ HTTP/1.1" 200 110175
216.245.221.92 - - [03/Nov/2023:02:59:19 -0500] "HEAD / HTTP/1.1" 200 -
201.245.192.253 - - [03/Nov/2023:02:59:37 -0500] "POST /forms/lservlet;jsessionid=ac16012b30d6b14c8f46b725431e8887c639ff4d95f3.e3iSbxaKaheRe3eRa38MahaQbi1ynknvrkLOlQzNp65In0 HTTP/1.1" 200 2
66.249.66.38 - - [03/Nov/2023:02:59:43 -0500] "GET /mujeres-que-reverdecen-secretaria-de-ambiente-anuncia-el-inicio-de-la-tercera-fase.html HTTP/1.1" 304 -
201.245.192.253 - - [03/Nov/2023:03:01:37 -0500] "POST /forms/lservlet;jsessionid=ac16012b30d6b14c8f46b725431e8887c639ff4d95f3.e3iSbxaKaheRe3eRa38MahaQbi1ynknvrkLOlQzNp65In0 HTTP/1.1" 200 2
52.167.144.139 - - [03/Nov/2023:03:02:02 -0500] "GET /BLA/resoluciones/AUTOS%202023/4170.pdf HTTP/1.1" 200 416480
201.245.192.253 - - [03/Nov/2023:03:02:00 -0500] "POST /kwsrmcab/Wsrmcab  HTTP/1.1" 200 42686
172.22.2.4 - - [03/Nov/2023:03:01:49 -0500] "HEAD /BLA/boletinlegal/ HTTP/1.1" 200 -
201.245.192.253 - - [03/Nov/2023:03:03:37 -0500] "POST /forms/lservlet;jsessionid=ac16012b30d6b14c8f46b725431e8887c639ff4d95f3.e3iSbxaKaheRe3eRa38MahaQbi1ynknvrkLOlQzNp65In0 HTTP/1.1" 200 2
216.245.221.92 - - [03/Nov/2023:03:04:19 -0500] "HEAD / HTTP/1.1" 200 -
172.22.2.4 - - [03/Nov/2023:03:02:40 -0500] "GET /BLA/boletinlegal/ HTTP/1.1" 200 60224
201.245.192.253 - - [03/Nov/2023:03:05:37 -0500] "POST /forms/lservlet;jsessionid=ac16012b30d6b14c8f46b725431e8887c639ff4d95f3.e3iSbxaKaheRe3eRa38MahaQbi1ynknvrkLOlQzNp65In0 HTTP/1.1" 200 2
201.245.192.253 - - [03/Nov/2023:03:06:58 -0500] "POST /kwsrmcab/Wsrmcab  HTTP/1.1" 200 42686
201.245.192.253 - - [03/Nov/2023:03:07:37 -0500] "POST /forms/lservlet;jsessionid=ac16012b30d6b14c8f46b725431e8887c639ff4d95f3.e3iSbxaKaheRe3eRa38MahaQbi1ynknvrkLOlQzNp65In0 HTTP/1.1" 200 2
52.167.144.235 - - [03/Nov/2023:03:08:52 -0500] "GET /BLA/resoluciones/RESOLUCIONES%202021/1535.pdf HTTP/1.1" 200 488969
66.249.66.20 - - [03/Nov/2023:03:09:07 -0500] "GET /Publicaciones/2022EE269023.pdf HTTP/1.1" 404 228
216.245.221.92 - - [03/Nov/2023:03:09:19 -0500] "HEAD / HTTP/1.1" 200 -
172.22.2.4 - - [03/Nov/2023:03:07:39 -0500] "HEAD /BLA/boletinlegal/ HTTP/1.1" 200 -
201.245.192.253 - - [03/Nov/2023:03:09:37 -0500] "POST /forms/lservlet;jsessionid=ac16012b30d6b14c8f46b725431e8887c639ff4d95f3.e3iSbxaKaheRe3eRa38MahaQbi1ynknvrkLOlQzNp65In0 HTTP/1.1" 200 2
172.22.2.4 - - [03/Nov/2023:03:08:30 -0500] "GET /BLA/boletinlegal/ HTTP/1.1" 200 58294
52.167.144.137 - - [03/Nov/2023:03:11:12 -0500] "GET /BLA/resoluciones/RESOLUCIONES%202021/5569.pdf HTTP/1.1" 200 492963
201.245.192.253 - - [03/Nov/2023:03:11:37 -0500] "POST /forms/lservlet;jsessionid=ac16012b30d6b14c8f46b725431e8887c639ff4d95f3.e3iSbxaKaheRe3eRa38MahaQbi1ynknvrkLOlQzNp65In0 HTTP/1.1" 200 2
201.245.192.253 - - [03/Nov/2023:03:11:57 -0500] "POST /kwsrmcab/Wsrmcab  HTTP/1.1" 200 42686
201.245.192.253 - - [03/Nov/2023:03:13:37 -0500] "POST /forms/lservlet;jsessionid=ac16012b30d6b14c8f46b725431e8887c639ff4d95f3.e3iSbxaKaheRe3eRa38MahaQbi1ynknvrkLOlQzNp65In0 HTTP/1.1" 200 2
216.245.221.92 - - [03/Nov/2023:03:14:19 -0500] "HEAD / HTTP/1.1" 200 -
172.22.2.4 - - [03/Nov/2023:03:13:29 -0500] "HEAD /BLA/boletinlegal/ HTTP/1.1" 200 -
201.245.192.253 - - [03/Nov/2023:03:15:37 -0500] "POST /forms/lservlet;jsessionid=ac16012b30d6b14c8f46b725431e8887c639ff4d95f3.e3iSbxaKaheRe3eRa38MahaQbi1ynknvrkLOlQzNp65In0 HTTP/1.1" 200 2
172.22.2.4 - - [03/Nov/2023:03:14:20 -0500] "GET /BLA/boletinlegal/ HTTP/1.1" 200 58644
40.77.167.19 - - [03/Nov/2023:03:16:02 -0500] "GET /BLA/resoluciones/AUTOS%202023/3323.pdf HTTP/1.1" 200 862401
40.77.167.63 - - [03/Nov/2023:03:16:23 -0500] "GET /Publicaciones/2023EE251299.pdf HTTP/1.1" 200 2461136
201.245.192.253 - - [03/Nov/2023:03:16:56 -0500] "POST /kwsrmcab/Wsrmcab  HTTP/1.1" 200 42686
201.245.192.253 - - [03/Nov/2023:03:17:21 -0500] "POST /kwsrmcab/Wsrmcab HTTP/1.1" 200 42190
201.245.192.253 - - [03/Nov/2023:03:17:24 -0500] "POST /kwsrmcab/Wsrmcab HTTP/1.1" 200 40503
201.245.192.253 - - [03/Nov/2023:03:17:37 -0500] "POST /forms/lservlet;jsessionid=ac16012b30d6b14c8f46b725431e8887c639ff4d95f3.e3iSbxaKaheRe3eRa38MahaQbi1ynknvrkLOlQzNp65In0 HTTP/1.1" 200 2
82.223.204.40 - - [03/Nov/2023:03:17:39 -0500] "GET /.env HTTP/1.1" 404 1018
82.223.204.40 - - [03/Nov/2023:03:17:40 -0500] "POST / HTTP/1.1" 200 319
114.119.137.101 - - [03/Nov/2023:03:18:38 -0500] "GET /BLA/resoluciones/index.php?dir=Notificaciones/RESOLUCIONES%2B2012/&sort=name&order=desc HTTP/1.1" 200 13964
216.245.221.92 - - [03/Nov/2023:03:19:19 -0500] "HEAD / HTTP/1.1" 200 -
201.245.192.253 - - [03/Nov/2023:03:19:37 -0500] "POST /forms/lservlet;jsessionid=ac16012b30d6b14c8f46b725431e8887c639ff4d95f3.e3iSbxaKaheRe3eRa38MahaQbi1ynknvrkLOlQzNp65In0 HTTP/1.1" 200 2
201.245.192.253 - - [03/Nov/2023:03:20:33 -0500] "POST /kwsrmcab/Wsrmcab HTTP/1.1" 200 42190
201.245.192.253 - - [03/Nov/2023:03:20:37 -0500] "POST /kwsrmcab/Wsrmcab HTTP/1.1" 200 40503
172.22.2.4 - - [03/Nov/2023:03:19:19 -0500] "HEAD /BLA/boletinlegal/ HTTP/1.1" 200 -
201.245.192.253 - - [03/Nov/2023:03:21:37 -0500] "POST /forms/lservlet;jsessionid=ac16012b30d6b14c8f46b725431e8887c639ff4d95f3.e3iSbxaKaheRe3eRa38MahaQbi1ynknvrkLOlQzNp65In0 HTTP/1.1" 200 2
172.22.2.4 - - [03/Nov/2023:03:20:10 -0500] "GET /BLA/boletinlegal/ HTTP/1.1" 200 58294
201.245.192.253 - - [03/Nov/2023:03:21:56 -0500] "POST /kwsrmcab/Wsrmcab  HTTP/1.1" 200 42686
201.245.192.253 - - [03/Nov/2023:03:23:37 -0500] "POST /forms/lservlet;jsessionid=ac16012b30d6b14c8f46b725431e8887c639ff4d95f3.e3iSbxaKaheRe3eRa38MahaQbi1ynknvrkLOlQzNp65In0 HTTP/1.1" 200 2
216.245.221.92 - - [03/Nov/2023:03:24:19 -0500] "HEAD / HTTP/1.1" 200 -
172.22.2.4 - - [03/Nov/2023:03:23:36 -0500] "GET /BLA/boletinlegal/ HTTP/1.1" 200 62729
172.22.2.4 - - [03/Nov/2023:03:25:16 -0500] "GET /BLA/boletinlegal/robots.txt HTTP/1.1" 404 1038
172.22.2.4 - - [03/Nov/2023:03:25:17 -0500] "GET /BLA/boletinlegal/Directivas/2016/Directiva%20No.%2001%20del%2012%20de%20Abril%20de%202016.pdf HTTP/1.1" 200 868354
201.245.192.253 - - [03/Nov/2023:03:25:37 -0500] "POST /forms/lservlet;jsessionid=ac16012b30d6b14c8f46b725431e8887c639ff4d95f3.e3iSbxaKaheRe3eRa38MahaQbi1ynknvrkLOlQzNp65In0 HTTP/1.1" 200 2
52.167.144.205 - - [03/Nov/2023:03:25:48 -0500] "GET /BLA/resoluciones/RESOLUCIONES%202021/2774.pdf HTTP/1.1" 200 330016
172.22.2.4 - - [03/Nov/2023:03:25:09 -0500] "HEAD /BLA/boletinlegal/ HTTP/1.1" 200 -
201.245.192.253 - - [03/Nov/2023:03:26:55 -0500] "POST /kwsrmcab/Wsrmcab  HTTP/1.1" 200 42686
201.245.192.253 - - [03/Nov/2023:03:27:22 -0500] "POST /kwsrmcab/Wsrmcab HTTP/1.1" 200 42190
201.245.192.253 - - [03/Nov/2023:03:27:25 -0500] "POST /kwsrmcab/Wsrmcab HTTP/1.1" 200 40503
201.245.192.253 - - [03/Nov/2023:03:27:37 -0500] "POST /forms/lservlet;jsessionid=ac16012b30d6b14c8f46b725431e8887c639ff4d95f3.e3iSbxaKaheRe3eRa38MahaQbi1ynknvrkLOlQzNp65In0 HTTP/1.1" 200 2
172.22.2.4 - - [03/Nov/2023:03:26:00 -0500] "GET /BLA/boletinlegal/ HTTP/1.1" 200 52827
107.170.253.38 - - [03/Nov/2023:03:27:55 -0500] "GET / HTTP/1.1" 200 319
185.196.9.102 - - [03/Nov/2023:03:28:28 -0500] "GET / HTTP/1.1" 200 319
216.245.221.92 - - [03/Nov/2023:03:29:19 -0500] "HEAD / HTTP/1.1" 200 -
207.46.13.102 - - [03/Nov/2023:03:29:22 -0500] "GET /portaldeninos/fauna/ HTTP/1.1" 200 88429
201.245.192.253 - - [03/Nov/2023:03:29:37 -0500] "POST /forms/lservlet;jsessionid=ac16012b30d6b14c8f46b725431e8887c639ff4d95f3.e3iSbxaKaheRe3eRa38MahaQbi1ynknvrkLOlQzNp65In0 HTTP/1.1" 200 2
52.167.144.11 - - [03/Nov/2023:03:29:39 -0500] "GET /portaldeninos/wp-includes/js/jquery/jquery.js?ver=1.12.4 HTTP/1.1" 200 97184
52.167.144.25 - - [03/Nov/2023:03:29:44 -0500] "GET /portaldeninos/wp-content/themes/betheme/assets/animations/animations.min.css?ver=20.9.6 HTTP/1.1" 200 58508
52.167.144.25 - - [03/Nov/2023:03:29:45 -0500] "GET /portaldeninos/wp-content/themes/betheme/js/menu.js?ver=20.9.6 HTTP/1.1" 200 2449
52.167.144.25 - - [03/Nov/2023:03:29:45 -0500] "GET /portaldeninos/wp-includes/js/jquery/ui/accordion.min.js?ver=1.11.4 HTTP/1.1" 200 8584
52.167.144.25 - - [03/Nov/2023:03:29:45 -0500] "GET /portaldeninos/wp-includes/js/jquery/ui/mouse.min.js?ver=1.11.4 HTTP/1.1" 200 3148
52.167.144.25 - - [03/Nov/2023:03:29:46 -0500] "GET /portaldeninos/wp-includes/js/jquery/ui/tabs.min.js?ver=1.11.4 HTTP/1.1" 200 12110
52.167.144.25 - - [03/Nov/2023:03:29:46 -0500] "GET /portaldeninos/wp-includes/js/jquery/ui/widget.min.js?ver=1.11.4 HTTP/1.1" 200 6908
52.167.144.25 - - [03/Nov/2023:03:29:46 -0500] "GET /portaldeninos/wp-includes/js/wp-embed.min.js?ver=4.9.8 HTTP/1.1" 200 1398
40.77.167.16 - - [03/Nov/2023:03:29:54 -0500] "GET /portaldeninos/wp-content/themes/betheme/assets/animations/animations.min.js?ver=20.9.6 HTTP/1.1" 200 1896
40.77.167.16 - - [03/Nov/2023:03:29:54 -0500] "GET /portaldeninos/wp-content/themes/betheme/assets/jplayer/jplayer.min.js?ver=20.9.6 HTTP/1.1" 200 52702
40.77.167.16 - - [03/Nov/2023:03:29:54 -0500] "GET /portaldeninos/wp-content/themes/betheme/css/shortcodes.css?ver=20.9.6 HTTP/1.1" 200 138889
40.77.167.16 - - [03/Nov/2023:03:29:55 -0500] "GET /portaldeninos/wp-content/themes/betheme/js/plugins.js?ver=20.9.6 HTTP/1.1" 200 197151
40.77.167.16 - - [03/Nov/2023:03:29:55 -0500] "GET /portaldeninos/wp-content/themes/betheme/style.css?ver=20.9.6 HTTP/1.1" 200 287
40.77.167.16 - - [03/Nov/2023:03:29:56 -0500] "GET /portaldeninos/wp-includes/js/jquery/ui/core.min.js?ver=1.11.4 HTTP/1.1" 200 4000
40.77.167.16 - - [03/Nov/2023:03:29:56 -0500] "GET /portaldeninos/wp-includes/js/jquery/ui/sortable.min.js?ver=1.11.4 HTTP/1.1" 200 24899
40.77.167.16 - - [03/Nov/2023:03:29:56 -0500] "GET /portaldeninos/wp-includes/js/wp-emoji-release.min.js?ver=4.9.8 HTTP/1.1" 200 12026
201.245.192.253 - - [03/Nov/2023:03:30:34 -0500] "POST /kwsrmcab/Wsrmcab HTTP/1.1" 200 42190
201.245.192.253 - - [03/Nov/2023:03:30:37 -0500] "POST /kwsrmcab/Wsrmcab HTTP/1.1" 200 40503
52.167.144.205 - - [03/Nov/2023:03:31:08 -0500] "GET /BLA/resoluciones/AUTOS%202023/5384.pdf HTTP/1.1" 200 319824
201.245.192.253 - - [03/Nov/2023:03:31:37 -0500] "POST /forms/lservlet;jsessionid=ac16012b30d6b14c8f46b725431e8887c639ff4d95f3.e3iSbxaKaheRe3eRa38MahaQbi1ynknvrkLOlQzNp65In0 HTTP/1.1" 200 2
201.245.192.253 - - [03/Nov/2023:03:31:53 -0500] "POST /kwsrmcab/Wsrmcab  HTTP/1.1" 200 42686
40.77.167.28 - - [03/Nov/2023:03:31:55 -0500] "GET /Publicaciones/2023EE248724.pdf HTTP/1.1" 200 526068
52.167.144.205 - - [03/Nov/2023:03:32:00 -0500] "GET /Publicaciones/2023EE251522.pdf HTTP/1.1" 200 474970
172.22.2.4 - - [03/Nov/2023:03:30:59 -0500] "HEAD /BLA/boletinlegal/ HTTP/1.1" 200 -
172.22.2.4 - - [03/Nov/2023:03:31:50 -0500] "GET /BLA/boletinlegal/ HTTP/1.1" 200 55050
201.245.192.253 - - [03/Nov/2023:03:33:37 -0500] "POST /forms/lservlet;jsessionid=ac16012b30d6b14c8f46b725431e8887c639ff4d95f3.e3iSbxaKaheRe3eRa38MahaQbi1ynknvrkLOlQzNp65In0 HTTP/1.1" 200 2
52.167.144.209 - - [03/Nov/2023:03:33:40 -0500] "GET /Publicaciones/2023EE181762.pdf HTTP/1.1" 404 228
216.245.221.92 - - [03/Nov/2023:03:34:19 -0500] "HEAD / HTTP/1.1" 200 -
201.245.192.253 - - [03/Nov/2023:03:35:37 -0500] "POST /forms/lservlet;jsessionid=ac16012b30d6b14c8f46b725431e8887c639ff4d95f3.e3iSbxaKaheRe3eRa38MahaQbi1ynknvrkLOlQzNp65In0 HTTP/1.1" 200 2
201.245.192.253 - - [03/Nov/2023:03:36:52 -0500] "POST /kwsrmcab/Wsrmcab  HTTP/1.1" 200 42686
66.249.66.20 - - [03/Nov/2023:03:36:55 -0500] "GET /portel_dama/libreria/php/2006/restauracion/55_artic/xtras/13.pdf HTTP/1.1" 404 1018
201.245.192.253 - - [03/Nov/2023:03:37:22 -0500] "POST /kwsrmcab/Wsrmcab HTTP/1.1" 200 42190
201.245.192.253 - - [03/Nov/2023:03:37:24 -0500] "POST /kwsrmcab/Wsrmcab HTTP/1.1" 200 40503
201.245.192.253 - - [03/Nov/2023:03:37:37 -0500] "POST /forms/lservlet;jsessionid=ac16012b30d6b14c8f46b725431e8887c639ff4d95f3.e3iSbxaKaheRe3eRa38MahaQbi1ynknvrkLOlQzNp65In0 HTTP/1.1" 200 2
40.77.167.52 - - [03/Nov/2023:03:38:20 -0500] "GET /BLA/resoluciones/AUTOS%202023/4062.pdf HTTP/1.1" 200 652050
172.22.2.4 - - [03/Nov/2023:03:36:49 -0500] "HEAD /BLA/boletinlegal/ HTTP/1.1" 200 -
66.249.66.21 - - [03/Nov/2023:03:39:01 -0500] "GET /BLA/resoluciones/RESOLUCIONES%202011/1597.pdf HTTP/1.1" 200 84449
172.22.2.4 - - [03/Nov/2023:03:39:09 -0500] "GET /BLA/boletinlegal/ReportServer HTTP/1.1" 404 1018
216.245.221.92 - - [03/Nov/2023:03:39:19 -0500] "HEAD / HTTP/1.1" 200 -
172.22.2.4 - - [03/Nov/2023:03:37:39 -0500] "GET /BLA/boletinlegal/ HTTP/1.1" 200 58644
201.245.192.253 - - [03/Nov/2023:03:39:37 -0500] "POST /forms/lservlet;jsessionid=ac16012b30d6b14c8f46b725431e8887c639ff4d95f3.e3iSbxaKaheRe3eRa38MahaQbi1ynknvrkLOlQzNp65In0 HTTP/1.1" 200 2
66.249.66.37 - - [03/Nov/2023:03:39:40 -0500] "GET /inscribete-y-participa-en-la-convencion-internacional-de-emergencia-climatica-bogota-2023.html HTTP/1.1" 304 -
201.245.192.253 - - [03/Nov/2023:03:40:33 -0500] "POST /kwsrmcab/Wsrmcab HTTP/1.1" 200 42190
201.245.192.253 - - [03/Nov/2023:03:40:36 -0500] "POST /kwsrmcab/Wsrmcab HTTP/1.1" 200 40503
51.222.253.7 - - [03/Nov/2023:03:40:57 -0500] "GET /galeria/galeria/jquery.fancybox.css?v=2.1.5 HTTP/1.1" 200 4895
201.245.192.253 - - [03/Nov/2023:03:41:37 -0500] "POST /forms/lservlet;jsessionid=ac16012b30d6b14c8f46b725431e8887c639ff4d95f3.e3iSbxaKaheRe3eRa38MahaQbi1ynknvrkLOlQzNp65In0 HTTP/1.1" 200 2
201.245.192.253 - - [03/Nov/2023:03:41:51 -0500] "POST /kwsrmcab/Wsrmcab  HTTP/1.1" 200 42686
40.77.167.50 - - [03/Nov/2023:03:42:17 -0500] "GET /portaldeninos/?s=2023 HTTP/1.1" 200 87105
40.77.167.52 - - [03/Nov/2023:03:43:02 -0500] "GET /BLA/resoluciones/AUTOS%202023/2076.pdf HTTP/1.1" 200 307571
201.245.192.253 - - [03/Nov/2023:03:43:37 -0500] "POST /forms/lservlet;jsessionid=ac16012b30d6b14c8f46b725431e8887c639ff4d95f3.e3iSbxaKaheRe3eRa38MahaQbi1ynknvrkLOlQzNp65In0 HTTP/1.1" 200 2
52.167.144.166 - - [03/Nov/2023:03:43:56 -0500] "GET /BLA/resoluciones/RESOLUCIONES%202021/2889.pdf HTTP/1.1" 200 629291
40.77.167.52 - - [03/Nov/2023:03:44:16 -0500] "GET /BLA/resoluciones/AUTOS%202022/7275.pdf HTTP/1.1" 200 393998
216.245.221.92 - - [03/Nov/2023:03:44:19 -0500] "HEAD / HTTP/1.1" 200 -
172.22.2.4 - - [03/Nov/2023:03:42:39 -0500] "HEAD /BLA/boletinlegal/ HTTP/1.1" 200 -
108.174.8.25 - - [03/Nov/2023:03:45:08 -0500] "GET /images/aire-bogota.jpeg HTTP/1.1" 200 169194
172.22.2.4 - - [03/Nov/2023:03:43:30 -0500] "GET /BLA/boletinlegal/ HTTP/1.1" 200 52827
201.245.192.253 - - [03/Nov/2023:03:45:37 -0500] "POST /forms/lservlet;jsessionid=ac16012b30d6b14c8f46b725431e8887c639ff4d95f3.e3iSbxaKaheRe3eRa38MahaQbi1ynknvrkLOlQzNp65In0 HTTP/1.1" 200 2
40.77.190.124 - - [03/Nov/2023:03:45:40 -0500] "GET /portaldeninos/wp-content/uploads/useanyfont/uaf.css?ver=1589905315 HTTP/1.1" 200 408
40.77.189.26 - - [03/Nov/2023:03:45:39 -0500] "GET /portaldeninos/wp-content/plugins/gallery-videos/CSS/totalsoft.css?ver=4.9.8 HTTP/1.1" 200 40622
40.77.189.133 - - [03/Nov/2023:03:45:40 -0500] "GET /portaldeninos/wp-content/plugins/gallery-videos/CSS/Total-Soft-Gallery-Video-Widget.css?ver=4.9.8 HTTP/1.1" 200 51554
40.77.190.173 - - [03/Nov/2023:03:45:40 -0500] "GET /portaldeninos/wp-content/themes/betheme/css/base.css?ver=20.9.6 HTTP/1.1" 200 57283
40.77.190.173 - - [03/Nov/2023:03:45:40 -0500] "GET /portaldeninos/wp-content/themes/betheme/assets/jplayer/css/jplayer.blue.monday.css?ver=20.9.6 HTTP/1.1" 200 9834
40.77.189.89 - - [03/Nov/2023:03:45:40 -0500] "GET /portaldeninos/wp-content/themes/betheme/css/layout.css?ver=20.9.6 HTTP/1.1" 200 116639
40.77.189.242 - - [03/Nov/2023:03:45:40 -0500] "GET /portaldeninos/wp-content/themes/betheme/assets/ui/jquery.ui.all.css?ver=20.9.6 HTTP/1.1" 200 18765
40.77.190.47 - - [03/Nov/2023:03:45:41 -0500] "GET /portaldeninos/wp-includes/js/jquery/jquery-migrate.min.js?ver=1.4.1 HTTP/1.1" 200 10056
40.77.188.193 - - [03/Nov/2023:03:45:40 -0500] "GET /portaldeninos/wp-content/themes/betheme/css/responsive.css?ver=20.9.6 HTTP/1.1" 200 55740
40.77.189.89 - - [03/Nov/2023:03:45:41 -0500] "GET /portaldeninos/wp-content/plugins/gallery-videos/JS/modernizr.custom.js?ver=4.9.8 HTTP/1.1" 200 9019
40.77.190.124 - - [03/Nov/2023:03:45:41 -0500] "GET /portaldeninos/wp-content/themes/betheme/js/scripts.js?ver=20.9.6 HTTP/1.1" 200 77162
40.77.189.3 - - [03/Nov/2023:03:45:42 -0500] "GET /portaldeninos/wp-content/themes/betheme/fonts/mfn-icons.woff?93978679 HTTP/1.1" 200 80932
201.245.192.253 - - [03/Nov/2023:03:46:50 -0500] "POST /kwsrmcab/Wsrmcab  HTTP/1.1" 200 42686
201.245.192.253 - - [03/Nov/2023:03:47:37 -0500] "POST /forms/lservlet;jsessionid=ac16012b30d6b14c8f46b725431e8887c639ff4d95f3.e3iSbxaKaheRe3eRa38MahaQbi1ynknvrkLOlQzNp65In0 HTTP/1.1" 200 2
66.249.66.19 - - [03/Nov/2023:03:47:54 -0500] "GET /BLA/resoluciones/RESOLUCIONES%202011/5019.pdf HTTP/1.1" 200 781030
216.245.221.92 - - [03/Nov/2023:03:49:19 -0500] "HEAD / HTTP/1.1" 200 -
201.245.192.253 - - [03/Nov/2023:03:49:37 -0500] "POST /forms/lservlet;jsessionid=ac16012b30d6b14c8f46b725431e8887c639ff4d95f3.e3iSbxaKaheRe3eRa38MahaQbi1ynknvrkLOlQzNp65In0 HTTP/1.1" 200 2
172.22.2.4 - - [03/Nov/2023:03:48:29 -0500] "HEAD /BLA/boletinlegal/ HTTP/1.1" 200 -
95.108.213.167 - - [03/Nov/2023:03:50:53 -0500] "GET /robots.txt HTTP/1.1" 404 1018
95.108.213.121 - - [03/Nov/2023:03:50:53 -0500] "GET /galeria/galeria/fotos/Huemdal-el-Tunjo2G.jpg HTTP/1.1" 200 388331
172.22.2.4 - - [03/Nov/2023:03:49:20 -0500] "GET /BLA/boletinlegal/ HTTP/1.1" 200 58644
201.245.192.253 - - [03/Nov/2023:03:51:37 -0500] "POST /forms/lservlet;jsessionid=ac16012b30d6b14c8f46b725431e8887c639ff4d95f3.e3iSbxaKaheRe3eRa38MahaQbi1ynknvrkLOlQzNp65In0 HTTP/1.1" 200 2
201.245.192.253 - - [03/Nov/2023:03:51:49 -0500] "POST /kwsrmcab/Wsrmcab  HTTP/1.1" 200 42686
201.245.192.253 - - [03/Nov/2023:03:53:37 -0500] "POST /forms/lservlet;jsessionid=ac16012b30d6b14c8f46b725431e8887c639ff4d95f3.e3iSbxaKaheRe3eRa38MahaQbi1ynknvrkLOlQzNp65In0 HTTP/1.1" 200 2
216.245.221.92 - - [03/Nov/2023:03:54:19 -0500] "HEAD / HTTP/1.1" 200 -
201.245.192.253 - - [03/Nov/2023:03:55:37 -0500] "POST /forms/lservlet;jsessionid=ac16012b30d6b14c8f46b725431e8887c639ff4d95f3.e3iSbxaKaheRe3eRa38MahaQbi1ynknvrkLOlQzNp65In0 HTTP/1.1" 200 2
172.22.2.4 - - [03/Nov/2023:03:54:19 -0500] "HEAD /BLA/boletinlegal/ HTTP/1.1" 200 -
172.22.2.4 - - [03/Nov/2023:03:56:42 -0500] "GET /BLA/boletinlegal/owa/auth/x.js HTTP/1.1" 404 1018
172.22.2.4 - - [03/Nov/2023:03:55:09 -0500] "GET /BLA/boletinlegal/ HTTP/1.1" 200 59827
201.245.192.253 - - [03/Nov/2023:03:56:48 -0500] "POST /kwsrmcab/Wsrmcab  HTTP/1.1" 200 42686
123.126.68.89 - - [03/Nov/2023:03:57:07 -0500] "GET / HTTP/1.1" 200 319
201.245.192.253 - - [03/Nov/2023:03:57:37 -0500] "POST /forms/lservlet;jsessionid=ac16012b30d6b14c8f46b725431e8887c639ff4d95f3.e3iSbxaKaheRe3eRa38MahaQbi1ynknvrkLOlQzNp65In0 HTTP/1.1" 200 2
216.245.221.92 - - [03/Nov/2023:03:59:19 -0500] "HEAD / HTTP/1.1" 200 -
201.245.192.253 - - [03/Nov/2023:03:59:37 -0500] "POST /forms/lservlet;jsessionid=ac16012b30d6b14c8f46b725431e8887c639ff4d95f3.e3iSbxaKaheRe3eRa38MahaQbi1ynknvrkLOlQzNp65In0 HTTP/1.1" 200 2
54.36.149.35 - - [03/Nov/2023:03:59:38 -0500] "GET /robots.txt HTTP/1.1" 404 1034
51.222.253.13 - - [03/Nov/2023:03:59:39 -0500] "GET /semana-bogota-reverdece-iniciaron-actividades-de-la-academia-regional-de-areas-de-cero-emisiones.html HTTP/1.1" 200 991
52.167.144.232 - - [03/Nov/2023:03:59:50 -0500] "GET /BLA/resoluciones/RESOLUCIONES%202019/3731.pdf HTTP/1.1" 304 -
52.167.144.232 - - [03/Nov/2023:04:01:27 -0500] "GET /BLA/resoluciones/RESOLUCIONES%202021/0532.pdf HTTP/1.1" 304 -
201.245.192.253 - - [03/Nov/2023:04:01:37 -0500] "POST /forms/lservlet;jsessionid=ac16012b30d6b14c8f46b725431e8887c639ff4d95f3.e3iSbxaKaheRe3eRa38MahaQbi1ynknvrkLOlQzNp65In0 HTTP/1.1" 200 2
172.22.2.4 - - [03/Nov/2023:04:00:09 -0500] "HEAD /BLA/boletinlegal/ HTTP/1.1" 200 -
201.245.192.253 - - [03/Nov/2023:04:01:47 -0500] "POST /kwsrmcab/Wsrmcab  HTTP/1.1" 200 42686
172.22.2.4 - - [03/Nov/2023:04:01:00 -0500] "GET /BLA/boletinlegal/ HTTP/1.1" 200 57881
172.22.2.4 - - [03/Nov/2023:04:02:26 -0500] "GET /BLA/boletinlegal/index.php HTTP/1.1" 200 40907
201.245.192.253 - - [03/Nov/2023:04:03:37 -0500] "POST /forms/lservlet;jsessionid=ac16012b30d6b14c8f46b725431e8887c639ff4d95f3.e3iSbxaKaheRe3eRa38MahaQbi1ynknvrkLOlQzNp65In0 HTTP/1.1" 200 2
66.249.66.19 - - [03/Nov/2023:04:04:18 -0500] "GET /BLA/resoluciones/RESOLUCIONES%202008/3812.pdf HTTP/1.1" 200 126971
216.245.221.92 - - [03/Nov/2023:04:04:19 -0500] "HEAD / HTTP/1.1" 200 -
201.245.192.253 - - [03/Nov/2023:04:05:37 -0500] "POST /forms/lservlet;jsessionid=ac16012b30d6b14c8f46b725431e8887c639ff4d95f3.e3iSbxaKaheRe3eRa38MahaQbi1ynknvrkLOlQzNp65In0 HTTP/1.1" 200 2
201.245.192.253 - - [03/Nov/2023:04:06:46 -0500] "POST /kwsrmcab/Wsrmcab  HTTP/1.1" 200 42686
172.22.2.4 - - [03/Nov/2023:04:06:38 -0500] "GET /BLA/boletinlegal/ HTTP/1.1" 200 24523
201.245.192.253 - - [03/Nov/2023:04:07:37 -0500] "POST /forms/lservlet;jsessionid=ac16012b30d6b14c8f46b725431e8887c639ff4d95f3.e3iSbxaKaheRe3eRa38MahaQbi1ynknvrkLOlQzNp65In0 HTTP/1.1" 200 2
172.22.2.4 - - [03/Nov/2023:04:06:00 -0500] "HEAD /BLA/boletinlegal/ HTTP/1.1" 200 -
40.77.167.28 - - [03/Nov/2023:04:08:30 -0500] "GET /bla/resoluciones/notificaciones/autos%202020/04720.pdf HTTP/1.1" 200 360594
172.22.2.4 - - [03/Nov/2023:04:06:51 -0500] "GET /BLA/boletinlegal/ HTTP/1.1" 200 52827
216.245.221.92 - - [03/Nov/2023:04:09:19 -0500] "HEAD / HTTP/1.1" 200 -
201.245.192.253 - - [03/Nov/2023:04:09:37 -0500] "POST /forms/lservlet;jsessionid=ac16012b30d6b14c8f46b725431e8887c639ff4d95f3.e3iSbxaKaheRe3eRa38MahaQbi1ynknvrkLOlQzNp65In0 HTTP/1.1" 200 2
52.167.144.211 - - [03/Nov/2023:04:09:56 -0500] "GET /BLA/resoluciones/AUTOS%202021/0502.pdf HTTP/1.1" 304 -
201.245.192.253 - - [03/Nov/2023:04:11:37 -0500] "POST /forms/lservlet;jsessionid=ac16012b30d6b14c8f46b725431e8887c639ff4d95f3.e3iSbxaKaheRe3eRa38MahaQbi1ynknvrkLOlQzNp65In0 HTTP/1.1" 200 2
201.245.192.253 - - [03/Nov/2023:04:11:45 -0500] "POST /kwsrmcab/Wsrmcab  HTTP/1.1" 200 42686
172.22.2.4 - - [03/Nov/2023:04:11:50 -0500] "HEAD /BLA/boletinlegal/ HTTP/1.1" 200 -
201.245.192.253 - - [03/Nov/2023:04:13:37 -0500] "POST /forms/lservlet;jsessionid=ac16012b30d6b14c8f46b725431e8887c639ff4d95f3.e3iSbxaKaheRe3eRa38MahaQbi1ynknvrkLOlQzNp65In0 HTTP/1.1" 200 2
66.249.66.21 - - [03/Nov/2023:04:14:12 -0500] "GET /BLA/resoluciones/RESOLUCIONES%202009/9841.pdf HTTP/1.1" 200 789547
216.245.221.92 - - [03/Nov/2023:04:14:19 -0500] "HEAD / HTTP/1.1" 200 -
172.22.2.4 - - [03/Nov/2023:04:12:40 -0500] "GET /BLA/boletinlegal/ HTTP/1.1" 200 58644
201.245.192.253 - - [03/Nov/2023:04:15:37 -0500] "POST /forms/lservlet;jsessionid=ac16012b30d6b14c8f46b725431e8887c639ff4d95f3.e3iSbxaKaheRe3eRa38MahaQbi1ynknvrkLOlQzNp65In0 HTTP/1.1" 200 2
172.22.2.4 - - [03/Nov/2023:04:15:27 -0500] "GET /BLA/boletinlegal/ HTTP/1.1" 200 24523
172.22.2.4 - - [03/Nov/2023:04:15:21 -0500] "GET /BLA/boletinlegal/ HTTP/1.1" 200 24523
172.22.2.4 - - [03/Nov/2023:04:15:40 -0500] "GET /BLA/boletinlegal/ HTTP/1.1" 200 24523
172.22.2.4 - - [03/Nov/2023:04:15:46 -0500] "GET /BLA/boletinlegal/ HTTP/1.1" 200 24523
201.245.192.253 - - [03/Nov/2023:04:16:43 -0500] "POST /kwsrmcab/Wsrmcab  HTTP/1.1" 200 42686
172.22.2.4 - - [03/Nov/2023:04:15:34 -0500] "GET /BLA/boletinlegal/ HTTP/1.1" 200 49900
201.245.192.253 - - [03/Nov/2023:04:17:22 -0500] "POST /kwsrmcab/Wsrmcab HTTP/1.1" 200 42185
201.245.192.253 - - [03/Nov/2023:04:17:25 -0500] "POST /kwsrmcab/Wsrmcab HTTP/1.1" 200 40492
201.245.192.253 - - [03/Nov/2023:04:17:37 -0500] "POST /forms/lservlet;jsessionid=ac16012b30d6b14c8f46b725431e8887c639ff4d95f3.e3iSbxaKaheRe3eRa38MahaQbi1ynknvrkLOlQzNp65In0 HTTP/1.1" 200 2
40.77.167.61 - - [03/Nov/2023:04:18:54 -0500] "GET /bla/resoluciones/autos%202010/1116.pdf HTTP/1.1" 200 175653
216.245.221.92 - - [03/Nov/2023:04:19:19 -0500] "HEAD / HTTP/1.1" 200 -
172.22.2.4 - - [03/Nov/2023:04:17:40 -0500] "HEAD /BLA/boletinlegal/ HTTP/1.1" 200 -
201.245.192.253 - - [03/Nov/2023:04:19:37 -0500] "POST /forms/lservlet;jsessionid=ac16012b30d6b14c8f46b725431e8887c639ff4d95f3.e3iSbxaKaheRe3eRa38MahaQbi1ynknvrkLOlQzNp65In0 HTTP/1.1" 200 2
66.249.66.38 - - [03/Nov/2023:04:19:38 -0500] "GET /caminatas-ecologicas-un-plan-imperdible-para-octubre.html HTTP/1.1" 304 -
172.22.2.4 - - [03/Nov/2023:04:18:30 -0500] "GET /BLA/boletinlegal/ HTTP/1.1" 200 60634
201.245.192.253 - - [03/Nov/2023:04:20:34 -0500] "POST /kwsrmcab/Wsrmcab HTTP/1.1" 200 42185
201.245.192.253 - - [03/Nov/2023:04:20:37 -0500] "POST /kwsrmcab/Wsrmcab HTTP/1.1" 200 40492
114.119.158.133 - - [03/Nov/2023:04:21:32 -0500] "GET /BLA/resoluciones/index.php?dir=Notificaciones/AUTOS%2B2019/&sort=size&order=desc HTTP/1.1" 200 13943
201.245.192.253 - - [03/Nov/2023:04:21:37 -0500] "POST /forms/lservlet;jsessionid=ac16012b30d6b14c8f46b725431e8887c639ff4d95f3.e3iSbxaKaheRe3eRa38MahaQbi1ynknvrkLOlQzNp65In0 HTTP/1.1" 200 2
201.245.192.253 - - [03/Nov/2023:04:21:42 -0500] "POST /kwsrmcab/Wsrmcab  HTTP/1.1" 200 42686
66.249.66.21 - - [03/Nov/2023:04:22:39 -0500] "GET /BLA/resoluciones/RESOLUCIONES%202008/5717.pdf HTTP/1.1" 200 250039
201.245.192.253 - - [03/Nov/2023:04:23:37 -0500] "POST /forms/lservlet;jsessionid=ac16012b30d6b14c8f46b725431e8887c639ff4d95f3.e3iSbxaKaheRe3eRa38MahaQbi1ynknvrkLOlQzNp65In0 HTTP/1.1" 200 2
52.167.144.236 - - [03/Nov/2023:04:23:40 -0500] "GET /BLA/resoluciones/AUTOS%202023/5155.pdf HTTP/1.1" 200 945190
216.245.221.92 - - [03/Nov/2023:04:24:19 -0500] "HEAD / HTTP/1.1" 200 -
172.22.2.4 - - [03/Nov/2023:04:23:30 -0500] "HEAD /BLA/boletinlegal/ HTTP/1.1" 200 -
172.22.2.4 - - [03/Nov/2023:04:23:40 -0500] "GET /BLA/boletinlegal/ HTTP/1.1" 200 47708
201.245.192.253 - - [03/Nov/2023:04:25:37 -0500] "POST /forms/lservlet;jsessionid=ac16012b30d6b14c8f46b725431e8887c639ff4d95f3.e3iSbxaKaheRe3eRa38MahaQbi1ynknvrkLOlQzNp65In0 HTTP/1.1" 200 2
172.22.2.4 - - [03/Nov/2023:04:24:20 -0500] "GET /BLA/boletinlegal/ HTTP/1.1" 200 51732
201.245.192.253 - - [03/Nov/2023:04:26:41 -0500] "POST /kwsrmcab/Wsrmcab  HTTP/1.1" 200 42686
52.167.144.209 - - [03/Nov/2023:04:27:10 -0500] "GET /bla/resoluciones/notificaciones/autos%202017/03359.pdf HTTP/1.1" 200 266441
201.245.192.253 - - [03/Nov/2023:04:27:22 -0500] "POST /kwsrmcab/Wsrmcab HTTP/1.1" 200 42185
201.245.192.253 - - [03/Nov/2023:04:27:25 -0500] "POST /kwsrmcab/Wsrmcab HTTP/1.1" 200 40492
201.245.192.253 - - [03/Nov/2023:04:27:37 -0500] "POST /forms/lservlet;jsessionid=ac16012b30d6b14c8f46b725431e8887c639ff4d95f3.e3iSbxaKaheRe3eRa38MahaQbi1ynknvrkLOlQzNp65In0 HTTP/1.1" 200 2
100.26.32.73 - - [03/Nov/2023:04:27:39 -0500] "GET /portaldeninos/ HTTP/1.1" 200 110175
172.22.2.4 - - [03/Nov/2023:04:27:43 -0500] "GET /BLA/boletinlegal/actos.php HTTP/1.1" 200 9682
157.55.39.61 - - [03/Nov/2023:04:27:43 -0500] "GET /portaldeninos/humedal-el-tunjo/ HTTP/1.1" 200 87661
52.167.144.209 - - [03/Nov/2023:04:29:11 -0500] "GET /BLA/resoluciones/AUTOS%202021/6758.pdf HTTP/1.1" 304 -
216.245.221.92 - - [03/Nov/2023:04:29:19 -0500] "HEAD / HTTP/1.1" 200 -
201.245.192.253 - - [03/Nov/2023:04:29:37 -0500] "POST /forms/lservlet;jsessionid=ac16012b30d6b14c8f46b725431e8887c639ff4d95f3.e3iSbxaKaheRe3eRa38MahaQbi1ynknvrkLOlQzNp65In0 HTTP/1.1" 200 2
40.77.167.13 - - [03/Nov/2023:04:30:05 -0500] "GET /BLA/resoluciones/AUTOS%202023/4007.pdf HTTP/1.1" 200 661762
201.245.192.253 - - [03/Nov/2023:04:30:33 -0500] "POST /kwsrmcab/Wsrmcab HTTP/1.1" 200 42185
172.22.2.4 - - [03/Nov/2023:04:29:15 -0500] "GET /BLA/boletinlegal/ HTTP/1.1" 200 45003
201.245.192.253 - - [03/Nov/2023:04:30:36 -0500] "POST /kwsrmcab/Wsrmcab HTTP/1.1" 200 40492
52.167.144.166 - - [03/Nov/2023:04:30:37 -0500] "GET /Publicaciones/2023EE248673.pdf HTTP/1.1" 200 4431436
172.22.2.4 - - [03/Nov/2023:04:29:20 -0500] "HEAD /BLA/boletinlegal/ HTTP/1.1" 200 -
172.22.2.4 - - [03/Nov/2023:04:30:04 -0500] "GET /BLA/boletinlegal/ HTTP/1.1" 200 36811
201.245.192.253 - - [03/Nov/2023:04:31:37 -0500] "POST /forms/lservlet;jsessionid=ac16012b30d6b14c8f46b725431e8887c639ff4d95f3.e3iSbxaKaheRe3eRa38MahaQbi1ynknvrkLOlQzNp65In0 HTTP/1.1" 200 2
201.245.192.253 - - [03/Nov/2023:04:31:40 -0500] "POST /kwsrmcab/Wsrmcab  HTTP/1.1" 200 42686
172.22.2.4 - - [03/Nov/2023:04:30:11 -0500] "GET /BLA/boletinlegal/ HTTP/1.1" 200 52214
201.245.192.253 - - [03/Nov/2023:04:33:37 -0500] "POST /forms/lservlet;jsessionid=ac16012b30d6b14c8f46b725431e8887c639ff4d95f3.e3iSbxaKaheRe3eRa38MahaQbi1ynknvrkLOlQzNp65In0 HTTP/1.1" 200 2
216.245.221.92 - - [03/Nov/2023:04:34:19 -0500] "HEAD / HTTP/1.1" 200 -
201.245.192.253 - - [03/Nov/2023:04:35:37 -0500] "POST /forms/lservlet;jsessionid=ac16012b30d6b14c8f46b725431e8887c639ff4d95f3.e3iSbxaKaheRe3eRa38MahaQbi1ynknvrkLOlQzNp65In0 HTTP/1.1" 200 2
40.77.167.50 - - [03/Nov/2023:04:36:10 -0500] "GET /Publicaciones/2023EE248668.pdf HTTP/1.1" 200 1115291
201.245.192.253 - - [03/Nov/2023:04:36:39 -0500] "POST /kwsrmcab/Wsrmcab  HTTP/1.1" 200 42686
172.22.2.4 - - [03/Nov/2023:04:35:10 -0500] "HEAD /BLA/boletinlegal/ HTTP/1.1" 200 -
66.249.66.19 - - [03/Nov/2023:04:37:09 -0500] "GET /pdc/actos/1469.pdf HTTP/1.1" 200 1053029
201.245.192.253 - - [03/Nov/2023:04:37:22 -0500] "POST /kwsrmcab/Wsrmcab HTTP/1.1" 200 42185
201.245.192.253 - - [03/Nov/2023:04:37:24 -0500] "POST /kwsrmcab/Wsrmcab HTTP/1.1" 200 40492
201.245.192.253 - - [03/Nov/2023:04:37:37 -0500] "POST /forms/lservlet;jsessionid=ac16012b30d6b14c8f46b725431e8887c639ff4d95f3.e3iSbxaKaheRe3eRa38MahaQbi1ynknvrkLOlQzNp65In0 HTTP/1.1" 200 2
172.22.2.4 - - [03/Nov/2023:04:36:00 -0500] "GET /BLA/boletinlegal/ HTTP/1.1" 200 60634
216.245.221.92 - - [03/Nov/2023:04:39:19 -0500] "HEAD / HTTP/1.1" 200 -
201.245.192.253 - - [03/Nov/2023:04:39:37 -0500] "POST /forms/lservlet;jsessionid=ac16012b30d6b14c8f46b725431e8887c639ff4d95f3.e3iSbxaKaheRe3eRa38MahaQbi1ynknvrkLOlQzNp65In0 HTTP/1.1" 200 2
40.77.167.43 - - [03/Nov/2023:04:40:00 -0500] "GET /BLA/resoluciones/AUTOS%202021/1781.pdf HTTP/1.1" 304 -
201.245.192.253 - - [03/Nov/2023:04:40:33 -0500] "POST /kwsrmcab/Wsrmcab HTTP/1.1" 200 42185
201.245.192.253 - - [03/Nov/2023:04:40:37 -0500] "POST /kwsrmcab/Wsrmcab HTTP/1.1" 200 40492
52.167.144.140 - - [03/Nov/2023:04:40:46 -0500] "GET /Publicaciones/2023EE233302.pdf HTTP/1.1" 404 228
201.245.192.253 - - [03/Nov/2023:04:41:37 -0500] "POST /forms/lservlet;jsessionid=ac16012b30d6b14c8f46b725431e8887c639ff4d95f3.e3iSbxaKaheRe3eRa38MahaQbi1ynknvrkLOlQzNp65In0 HTTP/1.1" 200 2
201.245.192.253 - - [03/Nov/2023:04:41:39 -0500] "POST /kwsrmcab/Wsrmcab  HTTP/1.1" 200 42686
66.249.66.19 - - [03/Nov/2023:04:41:58 -0500] "GET /BLA/resoluciones/RESOLUCIONES%202009/2749.pdf HTTP/1.1" 200 459723
172.22.2.4 - - [03/Nov/2023:04:41:00 -0500] "HEAD /BLA/boletinlegal/ HTTP/1.1" 200 -
40.77.167.75 - - [03/Nov/2023:04:43:25 -0500] "GET /Publicaciones/2023EE248316.pdf HTTP/1.1" 200 1330548
40.77.167.241 - - [03/Nov/2023:04:43:29 -0500] "GET /Publicaciones/2023EE92062.pdf HTTP/1.1" 404 227
172.22.2.4 - - [03/Nov/2023:04:41:50 -0500] "GET /BLA/boletinlegal/ HTTP/1.1" 200 59827
50.112.160.3 - - [03/Nov/2023:04:43:35 -0500] "GET /BLA/resoluciones/index.php?dir=AUTOS%202017/&order=asc&sort=size HTTP/1.1" 200 483318
201.245.192.253 - - [03/Nov/2023:04:43:37 -0500] "POST /forms/lservlet;jsessionid=ac16012b30d6b14c8f46b725431e8887c639ff4d95f3.e3iSbxaKaheRe3eRa38MahaQbi1ynknvrkLOlQzNp65In0 HTTP/1.1" 200 2
50.112.160.3 - - [03/Nov/2023:04:43:54 -0500] "GET /BLA/resoluciones/index.php?dir= HTTP/1.1" 200 13696
66.249.66.21 - - [03/Nov/2023:04:44:12 -0500] "GET /BLA/resoluciones/RESOLUCIONES%202009/5708.pdf HTTP/1.1" 200 448710
216.245.221.92 - - [03/Nov/2023:04:44:19 -0500] "HEAD / HTTP/1.1" 200 -
119.96.24.54 - - [03/Nov/2023:04:45:25 -0500] "GET / HTTP/1.1" 200 319
201.245.192.253 - - [03/Nov/2023:04:45:37 -0500] "POST /forms/lservlet;jsessionid=ac16012b30d6b14c8f46b725431e8887c639ff4d95f3.e3iSbxaKaheRe3eRa38MahaQbi1ynknvrkLOlQzNp65In0 HTTP/1.1" 200 2
40.77.167.241 - - [03/Nov/2023:04:46:12 -0500] "GET /BLA/resoluciones/AUTOS%202016/0780.pdf HTTP/1.1" 304 -
201.245.192.253 - - [03/Nov/2023:04:46:38 -0500] "POST /kwsrmcab/Wsrmcab  HTTP/1.1" 200 42686
201.245.192.253 - - [03/Nov/2023:04:47:37 -0500] "POST /forms/lservlet;jsessionid=ac16012b30d6b14c8f46b725431e8887c639ff4d95f3.e3iSbxaKaheRe3eRa38MahaQbi1ynknvrkLOlQzNp65In0 HTTP/1.1" 200 2
52.167.144.219 - - [03/Nov/2023:04:48:08 -0500] "GET /galeria/galeria/fotos/Capellania3G.jpg HTTP/1.1" 200 515718
172.22.2.4 - - [03/Nov/2023:04:46:50 -0500] "HEAD /BLA/boletinlegal/ HTTP/1.1" 200 -
216.245.221.92 - - [03/Nov/2023:04:49:19 -0500] "HEAD / HTTP/1.1" 200 -
172.22.2.4 - - [03/Nov/2023:04:47:40 -0500] "GET /BLA/boletinlegal/ HTTP/1.1" 200 58294
152.202.70.21 - - [03/Nov/2023:04:49:31 -0500] "GET /BLA/resoluciones/RESOLUCIONES%202021/4188.pdf HTTP/1.1" 200 499693
201.245.192.253 - - [03/Nov/2023:04:49:37 -0500] "POST /forms/lservlet;jsessionid=ac16012b30d6b14c8f46b725431e8887c639ff4d95f3.e3iSbxaKaheRe3eRa38MahaQbi1ynknvrkLOlQzNp65In0 HTTP/1.1" 200 2
54.184.159.16 - - [03/Nov/2023:04:49:57 -0500] "GET /BLA/resoluciones/index.php?dir=AUTOS%202017/&order=asc&sort=date HTTP/1.1" 200 483318
52.167.144.212 - - [03/Nov/2023:04:50:02 -0500] "GET /Publicaciones/2023EE236912.pdf HTTP/1.1" 404 228
50.112.160.3 - - [03/Nov/2023:04:51:07 -0500] "GET /BLA/resoluciones/index.php?dir=AUTOS%202017/&order=desc&sort=name HTTP/1.1" 200 483317
201.245.192.253 - - [03/Nov/2023:04:51:37 -0500] "POST /forms/lservlet;jsessionid=ac16012b30d6b14c8f46b725431e8887c639ff4d95f3.e3iSbxaKaheRe3eRa38MahaQbi1ynknvrkLOlQzNp65In0 HTTP/1.1" 200 2
201.245.192.253 - - [03/Nov/2023:04:51:37 -0500] "POST /kwsrmcab/Wsrmcab  HTTP/1.1" 200 42686
201.245.192.253 - - [03/Nov/2023:04:53:37 -0500] "POST /forms/lservlet;jsessionid=ac16012b30d6b14c8f46b725431e8887c639ff4d95f3.e3iSbxaKaheRe3eRa38MahaQbi1ynknvrkLOlQzNp65In0 HTTP/1.1" 200 2
52.167.144.228 - - [03/Nov/2023:04:54:02 -0500] "GET /BLA/resoluciones/RESOLUCIONES%202021/1187.pdf HTTP/1.1" 200 367469
216.245.221.92 - - [03/Nov/2023:04:54:19 -0500] "HEAD / HTTP/1.1" 200 -
172.22.2.4 - - [03/Nov/2023:04:52:40 -0500] "HEAD /BLA/boletinlegal/ HTTP/1.1" 200 -
172.22.2.4 - - [03/Nov/2023:04:53:30 -0500] "GET /BLA/boletinlegal/ HTTP/1.1" 200 58294
201.245.192.253 - - [03/Nov/2023:04:55:37 -0500] "POST /forms/lservlet;jsessionid=ac16012b30d6b14c8f46b725431e8887c639ff4d95f3.e3iSbxaKaheRe3eRa38MahaQbi1ynknvrkLOlQzNp65In0 HTTP/1.1" 200 2
66.249.66.19 - - [03/Nov/2023:04:56:13 -0500] "GET /resoluciones/RESOLUCIONES%202007/RES%202007%202801%20AL%202900/RESOLUCION%202834%20DE%202007.pdf HTTP/1.1" 404 1018
113.89.232.20 - - [03/Nov/2023:04:56:29 -0500] "GET /galeria/galeria/fotos/mirador4P.jpg HTTP/1.1" 200 11757
201.245.192.253 - - [03/Nov/2023:04:56:36 -0500] "POST /kwsrmcab/Wsrmcab  HTTP/1.1" 200 42686
54.184.159.16 - - [03/Nov/2023:04:56:57 -0500] "GET /BLA/resoluciones/index.php?dir=AUTOS%202020/&order=asc&sort=size HTTP/1.1" 200 332687
44.231.202.44 - - [03/Nov/2023:04:57:14 -0500] "GET /BLA/resoluciones/index.php?dir=RESOLUCIONES%201994/&order=asc&sort=size HTTP/1.1" 200 2479
201.245.192.253 - - [03/Nov/2023:04:57:37 -0500] "POST /forms/lservlet;jsessionid=ac16012b30d6b14c8f46b725431e8887c639ff4d95f3.e3iSbxaKaheRe3eRa38MahaQbi1ynknvrkLOlQzNp65In0 HTTP/1.1" 200 2
52.167.144.228 - - [03/Nov/2023:04:58:03 -0500] "GET /BLA/resoluciones/AUTOS%202023/3449.pdf HTTP/1.1" 200 512740
40.77.167.56 - - [03/Nov/2023:04:58:17 -0500] "GET /BLA/resoluciones/AUTOS%202021/0506.pdf HTTP/1.1" 304 -
40.77.167.56 - - [03/Nov/2023:04:58:18 -0500] "GET /BLA/resoluciones/RESOLUCIONES%202021/4729.pdf HTTP/1.1" 200 356288
50.112.160.3 - - [03/Nov/2023:04:58:43 -0500] "GET /BLA/resoluciones/index.php?dir=RESOLUCIONES%201994/&order=asc&sort=date HTTP/1.1" 200 2479
216.245.221.92 - - [03/Nov/2023:04:59:18 -0500] "HEAD / HTTP/1.1" 200 -
201.245.192.253 - - [03/Nov/2023:04:59:37 -0500] "POST /forms/lservlet;jsessionid=ac16012b30d6b14c8f46b725431e8887c639ff4d95f3.e3iSbxaKaheRe3eRa38MahaQbi1ynknvrkLOlQzNp65In0 HTTP/1.1" 200 2
216.244.66.195 - - [03/Nov/2023:04:59:54 -0500] "GET /robots.txt HTTP/1.1" 404 1018
172.22.2.4 - - [03/Nov/2023:04:58:30 -0500] "HEAD /BLA/boletinlegal/ HTTP/1.1" 200 -
40.77.167.56 - - [03/Nov/2023:05:00:20 -0500] "GET /Publicaciones/2023EE251346.pdf HTTP/1.1" 200 436424
40.77.167.56 - - [03/Nov/2023:05:00:22 -0500] "GET /Publicaciones/2023EE248319.pdf HTTP/1.1" 200 350450
44.231.202.44 - - [03/Nov/2023:05:00:57 -0500] "GET /BLA/resoluciones/index.php?dir=AUTOS%202020/&order=asc&sort=date HTTP/1.1" 200 332687
172.22.2.4 - - [03/Nov/2023:04:59:20 -0500] "GET /BLA/boletinlegal/ HTTP/1.1" 200 58644
201.245.192.253 - - [03/Nov/2023:05:01:35 -0500] "POST /kwsrmcab/Wsrmcab  HTTP/1.1" 200 42686
201.245.192.253 - - [03/Nov/2023:05:01:37 -0500] "POST /forms/lservlet;jsessionid=ac16012b30d6b14c8f46b725431e8887c639ff4d95f3.e3iSbxaKaheRe3eRa38MahaQbi1ynknvrkLOlQzNp65In0 HTTP/1.1" 200 2
50.112.160.3 - - [03/Nov/2023:05:02:54 -0500] "GET /BLA/resoluciones/index.php?dir=RESOLUCIONES%201994/&order=desc&sort=name HTTP/1.1" 200 2478
52.167.144.187 - - [03/Nov/2023:05:03:11 -0500] "GET /BLA/resoluciones/RESOLUCIONES%202021/1205.pdf HTTP/1.1" 200 428290
54.184.159.16 - - [03/Nov/2023:05:03:28 -0500] "GET /BLA/resoluciones/index.php?dir=RESOLUCIONES%202002/RES%202002%201951-1971/ HTTP/1.1" 200 6225
201.245.192.253 - - [03/Nov/2023:05:03:37 -0500] "POST /forms/lservlet;jsessionid=ac16012b30d6b14c8f46b725431e8887c639ff4d95f3.e3iSbxaKaheRe3eRa38MahaQbi1ynknvrkLOlQzNp65In0 HTTP/1.1" 200 2
216.245.221.92 - - [03/Nov/2023:05:04:18 -0500] "HEAD / HTTP/1.1" 200 -
44.231.202.44 - - [03/Nov/2023:05:04:31 -0500] "GET /BLA/resoluciones/index.php?dir=RESOLUCIONES%202002/RES%202002%2051-100/ HTTP/1.1" 200 12120
44.231.202.44 - - [03/Nov/2023:05:05:09 -0500] "GET /BLA/resoluciones/index.php?dir=AUTOS%202020/&order=desc&sort=name HTTP/1.1" 200 332686
201.245.192.253 - - [03/Nov/2023:05:05:37 -0500] "POST /forms/lservlet;jsessionid=ac16012b30d6b14c8f46b725431e8887c639ff4d95f3.e3iSbxaKaheRe3eRa38MahaQbi1ynknvrkLOlQzNp65In0 HTTP/1.1" 200 2
50.112.160.3 - - [03/Nov/2023:05:05:55 -0500] "GET /BLA/resoluciones/index.php?dir=RESOLUCIONES%202019/&order=asc&sort=date HTTP/1.1" 200 261413
172.22.2.4 - - [03/Nov/2023:05:04:20 -0500] "HEAD /BLA/boletinlegal/ HTTP/1.1" 200 -
201.245.192.253 - - [03/Nov/2023:05:06:35 -0500] "POST /kwsrmcab/Wsrmcab  HTTP/1.1" 200 42686
172.22.2.4 - - [03/Nov/2023:05:05:10 -0500] "GET /BLA/boletinlegal/ HTTP/1.1" 200 58644
50.112.160.3 - - [03/Nov/2023:05:07:00 -0500] "GET /BLA/resoluciones/index.php?dir=RESOLUCIONES%202002/RES%202002%201851-1900/ HTTP/1.1" 200 12150
54.184.159.16 - - [03/Nov/2023:05:07:01 -0500] "GET /BLA/resoluciones/index.php?dir=RESOLUCIONES%202002/RES%202002%201001-1050/ HTTP/1.1" 200 12610
52.167.144.229 - - [03/Nov/2023:05:07:13 -0500] "GET /BLA/resoluciones/AUTOS%202023/5094.pdf HTTP/1.1" 200 395246
50.112.160.3 - - [03/Nov/2023:05:07:28 -0500] "GET /BLA/resoluciones/index.php?dir=RESOLUCIONES%202002/RES%202002%20451-500/ HTTP/1.1" 200 12051
201.245.192.253 - - [03/Nov/2023:05:07:37 -0500] "POST /forms/lservlet;jsessionid=ac16012b30d6b14c8f46b725431e8887c639ff4d95f3.e3iSbxaKaheRe3eRa38MahaQbi1ynknvrkLOlQzNp65In0 HTTP/1.1" 200 2
44.231.202.44 - - [03/Nov/2023:05:07:37 -0500] "GET /BLA/resoluciones/index.php?dir=RESOLUCIONES%202002/RES%202002%20951-1000/ HTTP/1.1" 200 12521
44.231.202.44 - - [03/Nov/2023:05:07:50 -0500] "GET /BLA/resoluciones/index.php?dir=RESOLUCIONES%202002/RES%202002%201051-1100/ HTTP/1.1" 200 12143
40.77.167.53 - - [03/Nov/2023:05:07:51 -0500] "GET /images/Serran%C3%ADa%20El%20Zuque%203.jpeg HTTP/1.1" 404 1034
52.167.144.229 - - [03/Nov/2023:05:08:13 -0500] "GET /BLA/resoluciones/RESOLUCIONES%202021/4744.pdf HTTP/1.1" 200 394038
44.231.202.44 - - [03/Nov/2023:05:08:13 -0500] "GET /BLA/resoluciones/index.php?dir=RESOLUCIONES%202002/RES%202002%20201-250/ HTTP/1.1" 200 12325
54.184.159.16 - - [03/Nov/2023:05:08:22 -0500] "GET /BLA/resoluciones/index.php?dir=RESOLUCIONES%202002/RES%202002%201801-1850/ HTTP/1.1" 200 12158
172.22.2.4 - - [03/Nov/2023:05:08:30 -0500] "GET /BLA/boletinlegal/favicon.ico HTTP/1.1" 404 1018
172.22.2.4 - - [03/Nov/2023:05:08:14 -0500] "GET /BLA/boletinlegal/ HTTP/1.1" 200 20427
172.22.2.4 - - [03/Nov/2023:05:08:15 -0500] "GET /BLA/boletinlegal/ HTTP/1.1" 200 32715
216.245.221.92 - - [03/Nov/2023:05:09:19 -0500] "HEAD / HTTP/1.1" 200 -
201.245.192.253 - - [03/Nov/2023:05:09:37 -0500] "POST /forms/lservlet;jsessionid=ac16012b30d6b14c8f46b725431e8887c639ff4d95f3.e3iSbxaKaheRe3eRa38MahaQbi1ynknvrkLOlQzNp65In0 HTTP/1.1" 200 2
44.231.202.44 - - [03/Nov/2023:05:09:41 -0500] "GET /BLA/resoluciones/index.php?dir=RESOLUCIONES%202002/RES%202002%201151-1200/ HTTP/1.1" 200 12144
50.112.160.3 - - [03/Nov/2023:05:10:07 -0500] "GET /BLA/resoluciones/index.php?dir=RESOLUCIONES%202002/RES%202002%201551-1600/ HTTP/1.1" 200 12155
50.112.160.3 - - [03/Nov/2023:05:10:08 -0500] "GET /BLA/resoluciones/index.php?dir=RESOLUCIONES%202002/ANEXOS/ HTTP/1.1" 200 2240
44.231.202.44 - - [03/Nov/2023:05:10:14 -0500] "GET /BLA/resoluciones/index.php?dir=RESOLUCIONES%202002/RES%202002%20401-450/ HTTP/1.1" 200 12024
50.112.160.3 - - [03/Nov/2023:05:10:25 -0500] "GET /BLA/resoluciones/index.php?dir=Decretos/&order=asc&sort=date HTTP/1.1" 200 6804
50.112.160.3 - - [03/Nov/2023:05:10:31 -0500] "GET /BLA/resoluciones/index.php?dir=Decretos/&order=desc&sort=name HTTP/1.1" 200 6803
54.184.159.16 - - [03/Nov/2023:05:10:38 -0500] "GET /BLA/resoluciones/index.php?dir=RESOLUCIONES%202002/RES%202002%20351-400/ HTTP/1.1" 200 12209
50.112.160.3 - - [03/Nov/2023:05:10:49 -0500] "GET /BLA/resoluciones/index.php?dir=RESOLUCIONES%202002/RES%202002%20251-300/ HTTP/1.1" 200 12034
