52.25.208.208 - - [03/Nov/2023:09:31:15 -0500] "GET /BLA/resoluciones/index.php?dir=Notificaciones/DISCIPLINARIOS%202019/&order=desc&sort=name HTTP/1.1" 200 3552
52.247.107.156 - - [03/Nov/2023:09:31:15 -0500] "GET /Publicaciones/SSFFS-06812-2023.zip HTTP/1.1" 404 232
52.247.107.156 - - [03/Nov/2023:09:31:15 -0500] "GET /Publicaciones/SSFFS-08418-2023.zip HTTP/1.1" 404 232
52.247.107.156 - - [03/Nov/2023:09:31:15 -0500] "GET /Publicaciones/SSFFS-09898-2023.zip HTTP/1.1" 404 232
191.92.188.128 - - [03/Nov/2023:09:31:15 -0500] "POST /sipse/faces/presentacion/financiero/solicitudProceso/consultar.xhtml HTTP/1.1" 200 31222
52.247.107.156 - - [03/Nov/2023:09:31:15 -0500] "GET /Publicaciones/SSFFS-10817-2023.zip HTTP/1.1" 404 232
191.92.188.128 - - [03/Nov/2023:09:31:16 -0500] "POST /sipse/faces/presentacion/financiero/solicitudProceso/consultar.xhtml HTTP/1.1" 200 3778
52.247.107.156 - - [03/Nov/2023:09:31:15 -0500] "GET /Publicaciones/SSFFS-12034-2023.zip HTTP/1.1" 200 891606
191.92.188.128 - - [03/Nov/2023:09:31:18 -0500] "POST /sipse/faces/presentacion/financiero/solicitudProceso/consultar.xhtml HTTP/1.1" 200 3189
172.22.2.4 - - [03/Nov/2023:09:31:20 -0500] "GET /BLA/boletinlegal/normativa.php HTTP/1.1" 200 8343
191.92.188.128 - - [03/Nov/2023:09:31:21 -0500] "POST /sipse/faces/presentacion/financiero/solicitudProceso/consultar.xhtml HTTP/1.1" 200 3164
172.22.2.4 - - [03/Nov/2023:09:31:21 -0500] "GET /BLA/boletinlegal/normativa.php HTTP/1.1" 200 8343
191.92.188.128 - - [03/Nov/2023:09:31:22 -0500] "POST /sipse/faces/presentacion/financiero/solicitudProceso/consultar.xhtml HTTP/1.1" 200 3171
191.92.188.128 - - [03/Nov/2023:09:31:24 -0500] "POST /sipse/faces/presentacion/financiero/solicitudProceso/consultar.xhtml HTTP/1.1" 200 7305
44.230.252.91 - - [03/Nov/2023:09:31:24 -0500] "GET /BLA/resoluciones/index.php?dir=Notificaciones/REGISTROS%200218/&order=asc&sort=date HTTP/1.1" 200 1871
172.22.2.4 - - [03/Nov/2023:09:31:24 -0500] "GET /BLA/boletinlegal/niceforms.js HTTP/1.1" 200 22876
172.22.2.4 - - [03/Nov/2023:09:31:24 -0500] "GET /BLA/boletinlegal/niceforms-default.css HTTP/1.1" 200 6694
172.22.2.4 - - [03/Nov/2023:09:31:25 -0500] "GET /BLA/boletinlegal/js/ajax_normativa.js HTTP/1.1" 200 1154
52.25.208.208 - - [03/Nov/2023:09:31:29 -0500] "GET /BLA/resoluciones/index.php?dir=Notificaciones/REGISTROS%200218/&order=asc&sort=name HTTP/1.1" 200 1871
191.92.188.128 - - [03/Nov/2023:09:31:29 -0500] "POST /sipse/faces/presentacion/financiero/solicitudProceso/consultar.xhtml HTTP/1.1" 200 41725
191.92.188.128 - - [03/Nov/2023:09:31:29 -0500] "POST /sipse/faces/presentacion/financiero/solicitudProceso/consultar.xhtml HTTP/1.1" 200 41725
52.247.107.156 - - [03/Nov/2023:09:31:16 -0500] "GET /Publicaciones/SSFFS-12042-2023.zip HTTP/1.1" 200 13544559
52.247.107.156 - - [03/Nov/2023:09:31:31 -0500] "GET /Publicaciones/SSFFS-12088-2023.zip HTTP/1.1" 200 939495
44.230.252.91 - - [03/Nov/2023:09:31:34 -0500] "GET /BLA/resoluciones/index.php?dir=Notificaciones/REGISTROS%200218/&order=asc&sort=size HTTP/1.1" 200 1871
52.247.107.156 - - [03/Nov/2023:09:31:32 -0500] "GET /Publicaciones/SSFFS-12091-2023.zip HTTP/1.1" 200 2180699
44.231.202.44 - - [03/Nov/2023:09:31:35 -0500] "GET /BLA/resoluciones/index.php?dir=RESOLUCIONES%202004/&order=asc&sort=name HTTP/1.1" 200 33860
100.21.24.205 - - [03/Nov/2023:09:31:37 -0500] "GET /BLA/resoluciones/index.php?dir=Notificaciones/REGISTROS%200218/&order=desc&sort=name HTTP/1.1" 200 1870
191.92.188.128 - - [03/Nov/2023:09:31:38 -0500] "POST /sipse/faces/presentacion/financiero/solicitudProceso/consultar.xhtml HTTP/1.1" 200 12873
201.245.192.253 - - [03/Nov/2023:09:31:39 -0500] "POST /forms/lservlet;jsessionid=ac16012b30d6b14c8f46b725431e8887c639ff4d95f3.e3iSbxaKaheRe3eRa38MahaQbi1ynknvrkLOlQzNp65In0 HTTP/1.1" 200 2
52.247.107.156 - - [03/Nov/2023:09:31:34 -0500] "GET /Publicaciones/SSFFS-12092-2023.zip HTTP/1.1" 200 5618854
52.247.107.156 - - [03/Nov/2023:09:31:40 -0500] "GET /Publicaciones/SSFFS-12096-2023.zip HTTP/1.1" 200 2398052
44.230.252.91 - - [03/Nov/2023:09:31:44 -0500] "GET /BLA/resoluciones/index.php?dir=Notificaciones/REGISTROS%202023/&order=asc&sort=size HTTP/1.1" 200 5001
191.92.188.128 - - [03/Nov/2023:09:31:50 -0500] "POST /sipse/faces/presentacion/financiero/solicitudProceso/consultar.xhtml HTTP/1.1" 200 150029
191.92.188.128 - - [03/Nov/2023:09:31:51 -0500] "GET /sipse/faces/javax.faces.resource/theme.css?ln=primefaces-sipse HTTP/1.1" 304 -
191.92.188.128 - - [03/Nov/2023:09:31:51 -0500] "GET /sipse/faces/javax.faces.resource/primefaces.css?ln=primefaces&v=4.0 HTTP/1.1" 304 -
191.92.188.128 - - [03/Nov/2023:09:31:51 -0500] "GET /sipse/faces/javax.faces.resource/layout/layout.css?ln=primefaces&v=4.0 HTTP/1.1" 304 -
191.92.188.128 - - [03/Nov/2023:09:31:51 -0500] "GET /sipse/faces/javax.faces.resource/jquery/jquery.js?ln=primefaces&v=4.0 HTTP/1.1" 304 -
191.92.188.128 - - [03/Nov/2023:09:31:51 -0500] "GET /sipse/faces/javax.faces.resource/jquery/jquery-plugins.js?ln=primefaces&v=4.0 HTTP/1.1" 304 -
191.92.188.128 - - [03/Nov/2023:09:31:51 -0500] "GET /sipse/faces/javax.faces.resource/primefaces.js?ln=primefaces&v=4.0 HTTP/1.1" 304 -
191.92.188.128 - - [03/Nov/2023:09:31:51 -0500] "GET /sipse/faces/javax.faces.resource/layout/layout.js?ln=primefaces&v=4.0 HTTP/1.1" 304 -
44.230.252.91 - - [03/Nov/2023:09:31:53 -0500] "GET /BLA/resoluciones/index.php?dir=Notificaciones/REGISTROS%202023/&order=desc&sort=name HTTP/1.1" 200 5000
52.247.107.156 - - [03/Nov/2023:09:31:43 -0500] "GET /Publicaciones/SSFFS-12097-2023.zip HTTP/1.1" 200 13656965
186.86.33.245 - - [03/Nov/2023:09:32:03 -0500] "GET /sipse/faces/index.xhtml HTTP/1.1" 200 677
186.86.33.245 - - [03/Nov/2023:09:32:03 -0500] "GET /sipse/faces/javax.faces.resource/theme.css?ln=primefaces-sipse HTTP/1.1" 304 -
186.86.33.245 - - [03/Nov/2023:09:32:03 -0500] "GET /sipse/faces/faces/autenticacion.xhtml HTTP/1.1" 200 12406
186.86.33.245 - - [03/Nov/2023:09:32:03 -0500] "GET /sipse/faces/javax.faces.resource/layout/layout.css?ln=primefaces&v=4.0 HTTP/1.1" 304 -
186.86.33.245 - - [03/Nov/2023:09:32:03 -0500] "GET /sipse/css/custom_css_sg.css HTTP/1.1" 304 -
186.86.33.245 - - [03/Nov/2023:09:32:03 -0500] "GET /sipse/css/custom_css_sg_prime_login.css HTTP/1.1" 304 -
186.86.33.245 - - [03/Nov/2023:09:32:03 -0500] "GET /sipse/faces/javax.faces.resource/theme.css?ln=primefaces-sipse HTTP/1.1" 304 -
186.86.33.245 - - [03/Nov/2023:09:32:03 -0500] "GET /sipse/js/funciones.js HTTP/1.1" 304 -
186.86.33.245 - - [03/Nov/2023:09:32:03 -0500] "GET /sipse/js/disable_browser_buttons.js HTTP/1.1" 304 -
186.86.33.245 - - [03/Nov/2023:09:32:03 -0500] "GET /sipse/faces/javax.faces.resource/primefaces.css?ln=primefaces&v=4.0 HTTP/1.1" 304 -
186.86.33.245 - - [03/Nov/2023:09:32:03 -0500] "GET /sipse/faces/javax.faces.resource/jquery/jquery.js?ln=primefaces&v=4.0 HTTP/1.1" 304 -
186.86.33.245 - - [03/Nov/2023:09:32:03 -0500] "GET /sipse/faces/javax.faces.resource/jquery/jquery-plugins.js?ln=primefaces&v=4.0 HTTP/1.1" 304 -
186.86.33.245 - - [03/Nov/2023:09:32:03 -0500] "GET /sipse/faces/javax.faces.resource/layout/layout.js?ln=primefaces&v=4.0 HTTP/1.1" 304 -
186.86.33.245 - - [03/Nov/2023:09:32:03 -0500] "GET /sipse/faces/javax.faces.resource/primefaces.js?ln=primefaces&v=4.0 HTTP/1.1" 304 -
186.86.33.245 - - [03/Nov/2023:09:32:03 -0500] "GET /sipse/faces/javax.faces.resource/images/ui-icons_898989_256x240.png?ln=primefaces-aristo HTTP/1.1" 200 5355
186.86.33.245 - - [03/Nov/2023:09:32:03 -0500] "GET /sipse/css/imagen/loginimg.png HTTP/1.1" 200 71635
186.86.33.245 - - [03/Nov/2023:09:32:03 -0500] "GET /sipse/css/imagen/logoSDG.png HTTP/1.1" 200 53064
52.25.208.208 - - [03/Nov/2023:09:32:05 -0500] "GET /BLA/resoluciones/index.php?dir=Notificaciones/RESOLUCIONES%200020/ HTTP/1.1" 200 2077
186.86.33.245 - - [03/Nov/2023:09:32:06 -0500] "POST /sipse/faces/autenticacion.xhtml HTTP/1.1" 200 16167
52.247.107.156 - - [03/Nov/2023:09:31:58 -0500] "GET /Publicaciones/SSFFS-12107-2023.zip HTTP/1.1" 200 5486860
186.86.33.245 - - [03/Nov/2023:09:32:06 -0500] "GET /sipse/css/custom_css_sg_prime.css HTTP/1.1" 304 -
201.245.192.253 - - [03/Nov/2023:09:32:06 -0500] "POST /forms/lservlet;jsessionid=ac16012b30d67398b24510264f55a2d4c5826150a17a.e3iSbxaKaheRe3eRa38MahaQbi1ynknvrkLOlQzNp65In0 HTTP/1.1" 200 2
186.86.33.245 - - [03/Nov/2023:09:32:06 -0500] "GET /sipse/js/jquery.min.js HTTP/1.1" 304 -
186.86.33.245 - - [03/Nov/2023:09:32:06 -0500] "GET /sipse/faces/javax.faces.resource/jquery/jquery.js?ln=primefaces&v=4.0 HTTP/1.1" 304 -
186.86.33.245 - - [03/Nov/2023:09:32:06 -0500] "GET /sipse/faces/javax.faces.resource/jquery/jquery-plugins.js?ln=primefaces&v=4.0 HTTP/1.1" 304 -
186.86.33.245 - - [03/Nov/2023:09:32:06 -0500] "GET /sipse/faces/javax.faces.resource/primefaces.js?ln=primefaces&v=4.0 HTTP/1.1" 304 -
186.86.33.245 - - [03/Nov/2023:09:32:06 -0500] "GET /sipse/faces/javax.faces.resource/layout/layout.js?ln=primefaces&v=4.0 HTTP/1.1" 304 -
186.86.33.245 - - [03/Nov/2023:09:32:06 -0500] "GET /sipse/imagenes/logoAplicacion.jpg HTTP/1.1" 304 -
186.86.33.245 - - [03/Nov/2023:09:32:06 -0500] "GET /sipse/imagenes/cargando.gif HTTP/1.1" 304 -
186.86.33.245 - - [03/Nov/2023:09:32:06 -0500] "GET /sipse/css/v_mergente.css HTTP/1.1" 304 -
186.86.33.245 - - [03/Nov/2023:09:32:06 -0500] "GET /sipse/css/imagen/contrasena.png HTTP/1.1" 404 383
186.86.33.245 - - [03/Nov/2023:09:32:06 -0500] "GET /sipse/faces/javax.faces.resource/messages/messages.png?ln=primefaces&v=4.0 HTTP/1.1" 304 -
186.86.33.245 - - [03/Nov/2023:09:32:08 -0500] "GET /sipse/faces/javax.faces.resource/images/ui-bg_flat_0_2d5972_40x100.png?ln=primefaces-aristo HTTP/1.1" 304 -
186.86.33.245 - - [03/Nov/2023:09:32:08 -0500] "POST /sipse/faces/bienvenido.xhtml HTTP/1.1" 200 1471
186.86.33.245 - - [03/Nov/2023:09:32:08 -0500] "POST /sipse/faces/bienvenido.xhtml HTTP/1.1" 200 53179
186.86.33.245 - - [03/Nov/2023:09:32:09 -0500] "GET /sipse/faces/javax.faces.resource/jquery/jquery.js?ln=primefaces&v=4.0 HTTP/1.1" 304 -
186.86.33.245 - - [03/Nov/2023:09:32:09 -0500] "GET /sipse/faces/javax.faces.resource/jquery/jquery-plugins.js?ln=primefaces&v=4.0 HTTP/1.1" 304 -
186.86.33.245 - - [03/Nov/2023:09:32:09 -0500] "GET /sipse/faces/javax.faces.resource/primefaces.js?ln=primefaces&v=4.0 HTTP/1.1" 304 -
186.86.33.245 - - [03/Nov/2023:09:32:09 -0500] "GET /sipse/faces/javax.faces.resource/layout/layout.js?ln=primefaces&v=4.0 HTTP/1.1" 304 -
186.86.33.245 - - [03/Nov/2023:09:32:09 -0500] "POST /sipse/faces/presentacion/financiero/solicitudProceso/listarSolicitudProceso.xhtml HTTP/1.1" 200 1520
40.77.167.241 - - [03/Nov/2023:09:32:11 -0500] "GET /BLA/resoluciones/AUTOS%202023/3805.pdf HTTP/1.1" 200 250095
54.184.159.16 - - [03/Nov/2023:09:32:11 -0500] "GET /BLA/resoluciones/index.php?dir=RESOLUCIONES%202004/RES%202004%20851-900/ HTTP/1.1" 200 12040
52.25.208.208 - - [03/Nov/2023:09:32:14 -0500] "GET /BLA/resoluciones/index.php?dir=Notificaciones/RESOLUCIONES%200020/&order=asc&sort=date HTTP/1.1" 200 2077
100.21.24.205 - - [03/Nov/2023:09:32:26 -0500] "GET /BLA/resoluciones/index.php?dir=Notificaciones/RESOLUCIONES%200020/&order=asc&sort=size HTTP/1.1" 200 2077
44.230.252.91 - - [03/Nov/2023:09:32:28 -0500] "GET /BLA/resoluciones/index.php?dir=Notificaciones/RESOLUCIONES%200020/&order=desc&sort=name HTTP/1.1" 200 2076
191.92.188.128 - - [03/Nov/2023:09:32:26 -0500] "POST /sipse/faces/presentacion/financiero/solicitudProceso/consultarSolicitudProceso.xhtml HTTP/1.1" 200 72957
191.92.188.128 - - [03/Nov/2023:09:32:30 -0500] "GET /sipse/faces/javax.faces.resource/theme.css?ln=primefaces-sipse HTTP/1.1" 304 -
191.92.188.128 - - [03/Nov/2023:09:32:30 -0500] "GET /sipse/faces/javax.faces.resource/primefaces.css?ln=primefaces&v=4.0 HTTP/1.1" 304 -
191.92.188.128 - - [03/Nov/2023:09:32:30 -0500] "GET /sipse/faces/javax.faces.resource/layout/layout.css?ln=primefaces&v=4.0 HTTP/1.1" 304 -
191.92.188.128 - - [03/Nov/2023:09:32:30 -0500] "GET /sipse/faces/javax.faces.resource/jquery/jquery.js?ln=primefaces&v=4.0 HTTP/1.1" 304 -
191.92.188.128 - - [03/Nov/2023:09:32:30 -0500] "GET /sipse/faces/javax.faces.resource/jquery/jquery-plugins.js?ln=primefaces&v=4.0 HTTP/1.1" 304 -
191.92.188.128 - - [03/Nov/2023:09:32:30 -0500] "GET /sipse/faces/javax.faces.resource/primefaces.js?ln=primefaces&v=4.0 HTTP/1.1" 304 -
191.92.188.128 - - [03/Nov/2023:09:32:30 -0500] "GET /sipse/faces/javax.faces.resource/layout/layout.js?ln=primefaces&v=4.0 HTTP/1.1" 304 -
191.92.188.128 - - [03/Nov/2023:09:32:30 -0500] "POST /sipse/faces/presentacion/financiero/solicitudProceso/listarSolicitudProceso.xhtml HTTP/1.1" 200 66338
40.77.167.241 - - [03/Nov/2023:09:32:31 -0500] "GET /BLA/resoluciones/RESOLUCIONES%202021/3821.pdf HTTP/1.1" 200 349190
191.92.188.128 - - [03/Nov/2023:09:32:30 -0500] "POST /sipse/faces/presentacion/financiero/solicitudProceso/listarSolicitudProceso.xhtml HTTP/1.1" 200 66338
191.92.188.128 - - [03/Nov/2023:09:32:32 -0500] "POST /sipse/faces/presentacion/financiero/solicitudProceso/listarSolicitudProceso.xhtml HTTP/1.1" 200 1548
52.25.208.208 - - [03/Nov/2023:09:32:37 -0500] "GET /BLA/resoluciones/index.php?dir=Notificaciones/RESOLUCIONES%200217/&order=asc&sort=date HTTP/1.1" 200 2268
191.92.188.128 - - [03/Nov/2023:09:32:35 -0500] "POST /sipse/faces/presentacion/financiero/solicitudProceso/listarSolicitudProceso.xhtml HTTP/1.1" 200 1560
172.22.2.4 - - [03/Nov/2023:09:31:00 -0500] "HEAD /BLA/boletinlegal/ HTTP/1.1" 200 -
191.92.188.128 - - [03/Nov/2023:09:32:37 -0500] "POST /sipse/faces/presentacion/financiero/solicitudProceso/listarSolicitudProceso.xhtml HTTP/1.1" 200 1556
100.21.24.205 - - [03/Nov/2023:09:32:45 -0500] "GET /BLA/resoluciones/index.php?dir=Notificaciones/RESOLUCIONES%200217/&order=asc&sort=size HTTP/1.1" 200 2268
52.25.208.208 - - [03/Nov/2023:09:32:49 -0500] "GET /BLA/resoluciones/index.php?dir=Notificaciones/RESOLUCIONES%200217/&order=desc&sort=name HTTP/1.1" 200 2267
201.245.192.253 - - [03/Nov/2023:09:32:51 -0500] "GET /sipse/faces/index.xhtml HTTP/1.1" 200 677
201.245.192.253 - - [03/Nov/2023:09:32:51 -0500] "GET /sipse/faces/javax.faces.resource/theme.css?ln=primefaces-sipse HTTP/1.1" 200 50058
201.245.192.253 - - [03/Nov/2023:09:32:51 -0500] "GET /sipse/faces/faces/autenticacion.xhtml HTTP/1.1" 200 12406
201.245.192.253 - - [03/Nov/2023:09:32:51 -0500] "GET /sipse/js/disable_browser_buttons.js HTTP/1.1" 200 3230
201.245.192.253 - - [03/Nov/2023:09:32:51 -0500] "GET /sipse/css/custom_css_sg_prime_login.css HTTP/1.1" 200 443
201.245.192.253 - - [03/Nov/2023:09:32:51 -0500] "GET /sipse/js/funciones.js HTTP/1.1" 200 12592
201.245.192.253 - - [03/Nov/2023:09:32:51 -0500] "GET /sipse/css/custom_css_sg.css HTTP/1.1" 200 9694
201.245.192.253 - - [03/Nov/2023:09:32:51 -0500] "GET /sipse/faces/javax.faces.resource/theme.css?ln=primefaces-sipse HTTP/1.1" 304 -
201.245.192.253 - - [03/Nov/2023:09:32:51 -0500] "GET /sipse/faces/javax.faces.resource/layout/layout.css?ln=primefaces&v=4.0 HTTP/1.1" 200 542
201.245.192.253 - - [03/Nov/2023:09:32:51 -0500] "GET /sipse/faces/javax.faces.resource/primefaces.css?ln=primefaces&v=4.0 HTTP/1.1" 200 53295
201.245.192.253 - - [03/Nov/2023:09:32:52 -0500] "GET /sipse/faces/javax.faces.resource/jquery/jquery.js?ln=primefaces&v=4.0 HTTP/1.1" 304 -
201.245.192.253 - - [03/Nov/2023:09:32:52 -0500] "GET /sipse/faces/javax.faces.resource/jquery/jquery-plugins.js?ln=primefaces&v=4.0 HTTP/1.1" 304 -
201.245.192.253 - - [03/Nov/2023:09:32:52 -0500] "GET /sipse/faces/javax.faces.resource/primefaces.js?ln=primefaces&v=4.0 HTTP/1.1" 304 -
201.245.192.253 - - [03/Nov/2023:09:32:52 -0500] "GET /sipse/faces/javax.faces.resource/layout/layout.js?ln=primefaces&v=4.0 HTTP/1.1" 304 -
201.245.192.253 - - [03/Nov/2023:09:32:52 -0500] "GET /sipse/faces/javax.faces.resource/images/ui-icons_898989_256x240.png?ln=primefaces-aristo HTTP/1.1" 200 5355
201.245.192.253 - - [03/Nov/2023:09:32:52 -0500] "GET /sipse/css/imagen/logoSDG.png HTTP/1.1" 200 53064
201.245.192.253 - - [03/Nov/2023:09:32:52 -0500] "GET /sipse/css/imagen/loginimg.png HTTP/1.1" 200 71635
100.21.24.205 - - [03/Nov/2023:09:32:57 -0500] "GET /BLA/resoluciones/index.php?dir=Notificaciones/RESOLUCIONES%202012/&order=asc&sort=date HTTP/1.1" 200 2077
201.245.192.253 - - [03/Nov/2023:09:32:57 -0500] "POST /sipse/faces/autenticacion.xhtml HTTP/1.1" 200 11969
201.245.192.253 - - [03/Nov/2023:09:32:57 -0500] "GET /sipse/css/custom_css_sg_prime.css HTTP/1.1" 200 5201
201.245.192.253 - - [03/Nov/2023:09:32:57 -0500] "GET /sipse/faces/javax.faces.resource/jquery/jquery.js?ln=primefaces&v=4.0 HTTP/1.1" 304 -
201.245.192.253 - - [03/Nov/2023:09:32:57 -0500] "GET /sipse/faces/javax.faces.resource/jquery/jquery-plugins.js?ln=primefaces&v=4.0 HTTP/1.1" 304 -
201.245.192.253 - - [03/Nov/2023:09:32:57 -0500] "GET /sipse/faces/javax.faces.resource/primefaces.js?ln=primefaces&v=4.0 HTTP/1.1" 304 -
201.245.192.253 - - [03/Nov/2023:09:32:57 -0500] "GET /sipse/faces/javax.faces.resource/layout/layout.js?ln=primefaces&v=4.0 HTTP/1.1" 304 -
201.245.192.253 - - [03/Nov/2023:09:32:57 -0500] "GET /sipse/faces/javax.faces.resource/messages/messages.png?ln=primefaces&v=4.0 HTTP/1.1" 200 27209
52.247.107.156 - - [03/Nov/2023:09:32:06 -0500] "GET /Publicaciones/SSFFS-12110-2023.zip HTTP/1.1" 200 41061514
172.22.2.4 - - [03/Nov/2023:09:32:58 -0500] "GET /BLA/boletinlegal/actos.php HTTP/1.1" 200 9682
201.245.192.253 - - [03/Nov/2023:09:32:59 -0500] "GET /BLA/resoluciones/ HTTP/1.1" 200 13696
201.245.192.253 - - [03/Nov/2023:09:33:00 -0500] "POST /sipse/faces/presentacion/sistema/seguridad/seleccionRol.xhtml HTTP/1.1" 200 6403
201.245.192.253 - - [03/Nov/2023:09:33:01 -0500] "POST /sipse/faces/presentacion/sistema/seguridad/seleccionRol.xhtml HTTP/1.1" 200 18782
52.247.107.156 - - [03/Nov/2023:09:32:58 -0500] "GET /Publicaciones/SSFFS-12111-2023.zip HTTP/1.1" 200 4384022
201.245.192.253 - - [03/Nov/2023:09:33:01 -0500] "GET /sipse/js/jquery.min.js HTTP/1.1" 200 85582
201.245.192.253 - - [03/Nov/2023:09:33:02 -0500] "GET /sipse/faces/javax.faces.resource/jquery/jquery.js?ln=primefaces&v=4.0 HTTP/1.1" 304 -
201.245.192.253 - - [03/Nov/2023:09:33:02 -0500] "GET /sipse/faces/javax.faces.resource/jquery/jquery-plugins.js?ln=primefaces&v=4.0 HTTP/1.1" 304 -
201.245.192.253 - - [03/Nov/2023:09:33:02 -0500] "GET /sipse/faces/javax.faces.resource/primefaces.js?ln=primefaces&v=4.0 HTTP/1.1" 304 -
201.245.192.253 - - [03/Nov/2023:09:33:02 -0500] "GET /sipse/faces/javax.faces.resource/layout/layout.js?ln=primefaces&v=4.0 HTTP/1.1" 304 -
201.245.192.253 - - [03/Nov/2023:09:33:02 -0500] "GET /sipse/css/v_mergente.css HTTP/1.1" 200 1505
201.245.192.253 - - [03/Nov/2023:09:33:02 -0500] "GET /sipse/css/imagen/contrasena.png HTTP/1.1" 404 383
201.245.192.253 - - [03/Nov/2023:09:33:02 -0500] "GET /sipse/imagenes/cargando.gif HTTP/1.1" 200 36959
201.245.192.253 - - [03/Nov/2023:09:33:02 -0500] "GET /BLA/resoluciones/index.php?dir=AUTOS+2021%2F HTTP/1.1" 200 398874
201.245.192.253 - - [03/Nov/2023:09:33:02 -0500] "GET /sipse/imagenes/logoAplicacion.jpg HTTP/1.1" 200 155084
201.245.192.253 - - [03/Nov/2023:09:33:04 -0500] "GET /sipse/faces/javax.faces.resource/images/ui-bg_flat_0_2d5972_40x100.png?ln=primefaces-aristo HTTP/1.1" 200 183
201.245.192.253 - - [03/Nov/2023:09:33:04 -0500] "POST /sipse/faces/bienvenido.xhtml HTTP/1.1" 200 7973
52.247.107.156 - - [03/Nov/2023:09:33:02 -0500] "GET /Publicaciones/SSFFS-12112-2023.zip HTTP/1.1" 200 2618332
100.21.24.205 - - [03/Nov/2023:09:33:06 -0500] "GET /BLA/resoluciones/index.php?dir=Notificaciones/RESOLUCIONES%202012/&order=asc&sort=size HTTP/1.1" 200 2077
52.247.107.156 - - [03/Nov/2023:09:33:05 -0500] "GET /Publicaciones/SSFFS-12113-2023.zip HTTP/1.1" 200 1874568
201.245.192.253 - - [03/Nov/2023:09:33:11 -0500] "GET /BLA/resoluciones/AUTOS%202021/1400.pdf HTTP/1.1" 200 380616
100.21.24.205 - - [03/Nov/2023:09:33:12 -0500] "GET /BLA/resoluciones/index.php?dir=Notificaciones/RESOLUCIONES%202012/&order=desc&sort=name HTTP/1.1" 200 2076
52.247.107.156 - - [03/Nov/2023:09:33:07 -0500] "GET /Publicaciones/SSFFS-12115-2023.zip HTTP/1.1" 200 12111049
201.245.192.253 - - [03/Nov/2023:09:33:20 -0500] "POST /sipse/faces/bienvenido.xhtml HTTP/1.1" 200 32351
201.245.192.253 - - [03/Nov/2023:09:33:20 -0500] "GET /sipse/js/disable_browser_buttons.js HTTP/1.1" 200 3230
201.245.192.253 - - [03/Nov/2023:09:33:20 -0500] "GET /sipse/js/jquery.min.js HTTP/1.1" 200 85582
201.245.192.253 - - [03/Nov/2023:09:33:20 -0500] "GET /sipse/js/funciones.js HTTP/1.1" 200 12592
201.245.192.253 - - [03/Nov/2023:09:33:20 -0500] "GET /sipse/faces/javax.faces.resource/jquery/jquery.js?ln=primefaces&v=4.0 HTTP/1.1" 304 -
201.245.192.253 - - [03/Nov/2023:09:33:20 -0500] "GET /sipse/faces/javax.faces.resource/jquery/jquery-plugins.js?ln=primefaces&v=4.0 HTTP/1.1" 304 -
201.245.192.253 - - [03/Nov/2023:09:33:20 -0500] "GET /sipse/faces/javax.faces.resource/primefaces.js?ln=primefaces&v=4.0 HTTP/1.1" 304 -
201.245.192.253 - - [03/Nov/2023:09:33:21 -0500] "GET /sipse/faces/javax.faces.resource/layout/layout.js?ln=primefaces&v=4.0 HTTP/1.1" 304 -
52.247.107.156 - - [03/Nov/2023:09:33:20 -0500] "GET /Publicaciones/SSFFS-12116-2023.zip HTTP/1.1" 200 918884
100.21.24.205 - - [03/Nov/2023:09:33:21 -0500] "GET /BLA/resoluciones/index.php?dir=Notificaciones/RESOLUCIONES%202013/&order=asc&sort=date HTTP/1.1" 200 2817
52.247.107.156 - - [03/Nov/2023:09:33:21 -0500] "GET /Publicaciones/SSFFS-12173-2023.zip HTTP/1.1" 200 2324568
52.247.107.156 - - [03/Nov/2023:09:33:24 -0500] "GET /Publicaciones/SSFFS-12174-2023.zip HTTP/1.1" 200 4410880
201.245.192.253 - - [03/Nov/2023:09:33:30 -0500] "POST /sipse/faces/presentacion/sistema/reporte/listarReportes.xhtml HTTP/1.1" 200 11550
201.245.192.253 - - [03/Nov/2023:09:33:30 -0500] "GET /sipse/faces/javax.faces.resource/jquery/jquery.js?ln=primefaces&v=4.0 HTTP/1.1" 304 -
201.245.192.253 - - [03/Nov/2023:09:33:30 -0500] "GET /sipse/faces/javax.faces.resource/jquery/jquery-plugins.js?ln=primefaces&v=4.0 HTTP/1.1" 304 -
201.245.192.253 - - [03/Nov/2023:09:33:30 -0500] "GET /sipse/faces/javax.faces.resource/primefaces.js?ln=primefaces&v=4.0 HTTP/1.1" 304 -
201.245.192.253 - - [03/Nov/2023:09:33:30 -0500] "GET /sipse/faces/javax.faces.resource/layout/layout.js?ln=primefaces&v=4.0 HTTP/1.1" 304 -
100.21.24.205 - - [03/Nov/2023:09:33:31 -0500] "GET /BLA/resoluciones/index.php?dir=Notificaciones/RESOLUCIONES%202013/&order=asc&sort=size HTTP/1.1" 200 2817
172.22.2.4 - - [03/Nov/2023:09:31:51 -0500] "GET /BLA/boletinlegal/ HTTP/1.1" 200 60634
50.112.160.3 - - [03/Nov/2023:09:33:31 -0500] "GET /BLA/resoluciones/RESOLUCIONES%202004/RES%202004%202101-2150/INDEX.DAT HTTP/1.1" 200 2000
52.247.107.156 - - [03/Nov/2023:09:33:29 -0500] "GET /Publicaciones/SSFFS-12175-2023.zip HTTP/1.1" 200 3650058
201.245.192.253 - - [03/Nov/2023:09:33:33 -0500] "POST /sipse/faces/presentacion/sistema/seguridad/seleccionRol.xhtml HTTP/1.1" 200 6403
201.245.192.253 - - [03/Nov/2023:09:33:34 -0500] "POST /sipse/faces/presentacion/sistema/seguridad/seleccionRol.xhtml HTTP/1.1" 200 17585
201.245.192.253 - - [03/Nov/2023:09:33:34 -0500] "GET /sipse/js/disable_browser_buttons.js HTTP/1.1" 200 3230
201.245.192.253 - - [03/Nov/2023:09:33:34 -0500] "GET /sipse/js/jquery.min.js HTTP/1.1" 200 85582
201.245.192.253 - - [03/Nov/2023:09:33:34 -0500] "GET /sipse/js/funciones.js HTTP/1.1" 200 12592
201.245.192.253 - - [03/Nov/2023:09:33:34 -0500] "GET /sipse/faces/javax.faces.resource/jquery/jquery.js?ln=primefaces&v=4.0 HTTP/1.1" 304 -
201.245.192.253 - - [03/Nov/2023:09:33:34 -0500] "GET /sipse/faces/javax.faces.resource/jquery/jquery-plugins.js?ln=primefaces&v=4.0 HTTP/1.1" 304 -
201.245.192.253 - - [03/Nov/2023:09:33:34 -0500] "GET /sipse/faces/javax.faces.resource/primefaces.js?ln=primefaces&v=4.0 HTTP/1.1" 304 -
201.245.192.253 - - [03/Nov/2023:09:33:35 -0500] "GET /sipse/faces/javax.faces.resource/layout/layout.js?ln=primefaces&v=4.0 HTTP/1.1" 304 -
201.245.192.253 - - [03/Nov/2023:09:33:37 -0500] "POST /sipse/faces/bienvenido.xhtml HTTP/1.1" 200 11105
201.245.192.253 - - [03/Nov/2023:09:33:37 -0500] "POST /sipse/faces/bienvenido.xhtml HTTP/1.1" 200 11105
201.245.192.253 - - [03/Nov/2023:09:33:37 -0500] "POST /sipse/faces/bienvenido.xhtml HTTP/1.1" 200 11105
52.25.208.208 - - [03/Nov/2023:09:33:38 -0500] "GET /BLA/resoluciones/index.php?dir=Notificaciones/RESOLUCIONES%202013/&order=desc&sort=name HTTP/1.1" 200 2816
201.245.192.253 - - [03/Nov/2023:09:33:38 -0500] "POST /sipse/faces/bienvenido.xhtml HTTP/1.1" 200 7386
201.245.192.253 - - [03/Nov/2023:09:33:39 -0500] "POST /forms/lservlet;jsessionid=ac16012b30d6b14c8f46b725431e8887c639ff4d95f3.e3iSbxaKaheRe3eRa38MahaQbi1ynknvrkLOlQzNp65In0 HTTP/1.1" 200 2
52.25.208.208 - - [03/Nov/2023:09:33:39 -0500] "GET /BLA/resoluciones/index.php?dir=Notificaciones/RESOLUCIONES%202014/&order=asc&sort=date HTTP/1.1" 200 13932
52.247.107.156 - - [03/Nov/2023:09:33:33 -0500] "GET /Publicaciones/SSFFS-12178-2023.zip HTTP/1.1" 200 6499378
201.245.192.253 - - [03/Nov/2023:09:33:41 -0500] "POST /sipse/faces/bienvenido.xhtml HTTP/1.1" 200 28457
201.245.192.253 - - [03/Nov/2023:09:33:41 -0500] "GET /sipse/faces/javax.faces.resource/jquery/jquery.js?ln=primefaces&v=4.0 HTTP/1.1" 304 -
201.245.192.253 - - [03/Nov/2023:09:33:41 -0500] "GET /sipse/faces/javax.faces.resource/jquery/jquery-plugins.js?ln=primefaces&v=4.0 HTTP/1.1" 304 -
201.245.192.253 - - [03/Nov/2023:09:33:41 -0500] "GET /sipse/faces/javax.faces.resource/primefaces.js?ln=primefaces&v=4.0 HTTP/1.1" 304 -
201.245.192.253 - - [03/Nov/2023:09:33:41 -0500] "GET /sipse/faces/javax.faces.resource/layout/layout.js?ln=primefaces&v=4.0 HTTP/1.1" 304 -
201.245.192.253 - - [03/Nov/2023:09:33:41 -0500] "POST /sipse/faces/presentacion/sistema/reporte/listarReportes.xhtml HTTP/1.1" 200 21891
201.245.192.253 - - [03/Nov/2023:09:33:41 -0500] "POST /sipse/faces/presentacion/sistema/reporte/listarReportes.xhtml HTTP/1.1" 200 21891
54.184.159.16 - - [03/Nov/2023:09:33:42 -0500] "GET /BLA/resoluciones/index.php?dir=RESOLUCIONES%202004/RES%202004%201101-1150/&order=asc&sort=date HTTP/1.1" 200 12172
52.247.107.156 - - [03/Nov/2023:09:33:40 -0500] "GET /Publicaciones/SSFFS-12180-2023.zip HTTP/1.1" 200 2445544
201.245.192.253 - - [03/Nov/2023:09:33:44 -0500] "POST /sipse/faces/presentacion/sistema/reporte/listarReportes.xhtml HTTP/1.1" 200 24744
201.245.192.253 - - [03/Nov/2023:09:33:45 -0500] "GET /sipse/js/disable_browser_buttons.js HTTP/1.1" 200 3230
201.245.192.253 - - [03/Nov/2023:09:33:45 -0500] "GET /sipse/js/funciones.js HTTP/1.1" 200 12592
201.245.192.253 - - [03/Nov/2023:09:33:45 -0500] "GET /sipse/js/jquery.min.js HTTP/1.1" 200 85582
201.245.192.253 - - [03/Nov/2023:09:33:45 -0500] "GET /sipse/faces/javax.faces.resource/layout/layout.css?ln=primefaces&v=4.0 HTTP/1.1" 200 542
201.245.192.253 - - [03/Nov/2023:09:33:45 -0500] "GET /sipse/faces/javax.faces.resource/jquery/jquery.js?ln=primefaces&v=4.0 HTTP/1.1" 304 -
201.245.192.253 - - [03/Nov/2023:09:33:45 -0500] "GET /sipse/faces/javax.faces.resource/jquery/jquery-plugins.js?ln=primefaces&v=4.0 HTTP/1.1" 304 -
201.245.192.253 - - [03/Nov/2023:09:33:45 -0500] "GET /sipse/faces/javax.faces.resource/primefaces.js?ln=primefaces&v=4.0 HTTP/1.1" 304 -
201.245.192.253 - - [03/Nov/2023:09:33:45 -0500] "GET /sipse/faces/javax.faces.resource/layout/layout.js?ln=primefaces&v=4.0 HTTP/1.1" 304 -
201.245.192.253 - - [03/Nov/2023:09:33:45 -0500] "GET /sipse/faces/javax.faces.resource/theme.css?ln=primefaces-sipse HTTP/1.1" 200 50058
201.245.192.253 - - [03/Nov/2023:09:33:45 -0500] "GET /sipse/faces/javax.faces.resource/primefaces.css?ln=primefaces&v=4.0 HTTP/1.1" 200 53295
201.245.192.253 - - [03/Nov/2023:09:33:45 -0500] "GET /sipse/faces/javax.faces.resource/images/ui-icons_898989_256x240.png?ln=primefaces-aristo HTTP/1.1" 200 5355
201.245.192.253 - - [03/Nov/2023:09:33:45 -0500] "GET /favicon.ico HTTP/1.1" 200 7782
100.21.24.205 - - [03/Nov/2023:09:33:46 -0500] "GET /BLA/resoluciones/index.php?dir=Notificaciones/RESOLUCIONES%202014/&order=asc&sort=size HTTP/1.1" 200 13932
52.247.107.156 - - [03/Nov/2023:09:33:43 -0500] "GET /Publicaciones/SSFFS-12182-2023.zip HTTP/1.1" 200 2181944
44.230.252.91 - - [03/Nov/2023:09:33:52 -0500] "GET /BLA/resoluciones/index.php?dir=Notificaciones/RESOLUCIONES%202014/&order=desc&sort=name HTTP/1.1" 200 13931
52.25.208.208 - - [03/Nov/2023:09:33:57 -0500] "GET /BLA/resoluciones/index.php?dir=Notificaciones/RESOLUCIONES%202015/&order=asc&sort=date HTTP/1.1" 200 14394
44.230.252.91 - - [03/Nov/2023:09:34:03 -0500] "GET /BLA/resoluciones/index.php?dir=Notificaciones/RESOLUCIONES%202015/&order=asc&sort=size HTTP/1.1" 200 14394
201.245.192.253 - - [03/Nov/2023:09:34:06 -0500] "POST /forms/lservlet;jsessionid=ac16012b30d67398b24510264f55a2d4c5826150a17a.e3iSbxaKaheRe3eRa38MahaQbi1ynknvrkLOlQzNp65In0 HTTP/1.1" 200 2
44.230.252.91 - - [03/Nov/2023:09:34:07 -0500] "GET /BLA/resoluciones/index.php?dir=Notificaciones/RESOLUCIONES%202015/&order=desc&sort=name HTTP/1.1" 200 14393
52.247.107.156 - - [03/Nov/2023:09:33:47 -0500] "GET /Publicaciones/SSFFS-12183-2023.zip HTTP/1.1" 200 19365714
201.245.192.253 - - [03/Nov/2023:09:34:13 -0500] "GET /sipse/faces/javax.faces.resource/images/ui-bg_flat_0_2d5972_40x100.png?ln=primefaces-aristo HTTP/1.1" 304 -
201.245.192.253 - - [03/Nov/2023:09:34:13 -0500] "POST /sipse/faces/presentacion/sistema/reporte/ventanaVerReporteParametros.xhtml HTTP/1.1" 200 28457
201.245.192.253 - - [03/Nov/2023:09:34:14 -0500] "GET /sipse/js/funciones.js HTTP/1.1" 200 12592
201.245.192.253 - - [03/Nov/2023:09:34:14 -0500] "GET /sipse/faces/javax.faces.resource/jquery/jquery.js?ln=primefaces&v=4.0 HTTP/1.1" 304 -
201.245.192.253 - - [03/Nov/2023:09:34:14 -0500] "GET /sipse/faces/javax.faces.resource/jquery/jquery-plugins.js?ln=primefaces&v=4.0 HTTP/1.1" 304 -
201.245.192.253 - - [03/Nov/2023:09:34:14 -0500] "GET /sipse/faces/javax.faces.resource/primefaces.js?ln=primefaces&v=4.0 HTTP/1.1" 304 -
201.245.192.253 - - [03/Nov/2023:09:34:14 -0500] "GET /sipse/faces/javax.faces.resource/layout/layout.js?ln=primefaces&v=4.0 HTTP/1.1" 304 -
201.245.192.253 - - [03/Nov/2023:09:34:16 -0500] "GET /sipse/js/disable_browser_buttons.js HTTP/1.1" 200 3230
201.245.192.253 - - [03/Nov/2023:09:34:16 -0500] "GET /sipse/js/funciones.js HTTP/1.1" 200 12592
201.245.192.253 - - [03/Nov/2023:09:34:16 -0500] "GET /sipse/faces/javax.faces.resource/layout/layout.css?ln=primefaces&v=4.0 HTTP/1.1" 200 542
201.245.192.253 - - [03/Nov/2023:09:34:16 -0500] "GET /sipse/faces/javax.faces.resource/jquery/jquery.js?ln=primefaces&v=4.0 HTTP/1.1" 304 -
201.245.192.253 - - [03/Nov/2023:09:34:16 -0500] "GET /sipse/faces/javax.faces.resource/primefaces.js?ln=primefaces&v=4.0 HTTP/1.1" 304 -
201.245.192.253 - - [03/Nov/2023:09:34:16 -0500] "GET /sipse/faces/javax.faces.resource/jquery/jquery-plugins.js?ln=primefaces&v=4.0 HTTP/1.1" 304 -
201.245.192.253 - - [03/Nov/2023:09:34:16 -0500] "POST /sipse/faces/presentacion/sistema/reporte/listarReportes.xhtml HTTP/1.1" 200 24745
201.245.192.253 - - [03/Nov/2023:09:34:16 -0500] "GET /sipse/faces/javax.faces.resource/layout/layout.js?ln=primefaces&v=4.0 HTTP/1.1" 304 -
201.245.192.253 - - [03/Nov/2023:09:34:16 -0500] "GET /sipse/faces/javax.faces.resource/primefaces.css?ln=primefaces&v=4.0 HTTP/1.1" 200 53295
201.245.192.253 - - [03/Nov/2023:09:34:16 -0500] "GET /sipse/faces/javax.faces.resource/theme.css?ln=primefaces-sipse HTTP/1.1" 200 50058
201.245.192.253 - - [03/Nov/2023:09:34:16 -0500] "GET /sipse/faces/javax.faces.resource/images/ui-icons_898989_256x240.png?ln=primefaces-aristo HTTP/1.1" 200 5355
201.245.192.253 - - [03/Nov/2023:09:34:16 -0500] "GET /favicon.ico HTTP/1.1" 200 7782
100.21.24.205 - - [03/Nov/2023:09:34:17 -0500] "GET /BLA/resoluciones/index.php?dir=Notificaciones/RESOLUCIONES%202016/&order=asc&sort=date HTTP/1.1" 200 18211
54.184.159.16 - - [03/Nov/2023:09:34:19 -0500] "GET /BLA/resoluciones/index.php?dir=RESOLUCIONES%202007/RES%202007%202801%20AL%202900/&order=asc&sort=name HTTP/1.1" 200 26859
54.184.159.16 - - [03/Nov/2023:09:34:24 -0500] "GET /BLA/resoluciones/index.php?dir=RESOLUCIONES%202004/RES%202004%201101-1150/&order=desc&sort=name HTTP/1.1" 200 12171
100.21.24.205 - - [03/Nov/2023:09:34:25 -0500] "GET /BLA/resoluciones/index.php?dir=Notificaciones/RESOLUCIONES%202016/&order=asc&sort=size HTTP/1.1" 200 18211
52.247.107.156 - - [03/Nov/2023:09:34:13 -0500] "GET /Publicaciones/SSFFS-12185-2023.zip HTTP/1.1" 200 11622000
52.247.107.156 - - [03/Nov/2023:09:34:27 -0500] "GET /Publicaciones/SSFFS-12188-2023.zip HTTP/1.1" 200 1185787
44.230.252.91 - - [03/Nov/2023:09:34:35 -0500] "GET /BLA/resoluciones/index.php?dir=Notificaciones/RESOLUCIONES%202016/&order=desc&sort=name HTTP/1.1" 200 18210
52.25.208.208 - - [03/Nov/2023:09:34:41 -0500] "GET /BLA/resoluciones/index.php?dir=Notificaciones/RESOLUCIONES%202017/&order=asc&sort=date HTTP/1.1" 200 13655
152.203.208.0 - - [03/Nov/2023:09:34:44 -0500] "GET /sipse/faces/faces/autenticacion.xhtml HTTP/1.1" 200 12728
152.203.208.0 - - [03/Nov/2023:09:34:44 -0500] "GET /sipse/css/custom_css_sg.css HTTP/1.1" 200 9694
152.203.208.0 - - [03/Nov/2023:09:34:44 -0500] "GET /sipse/css/custom_css_sg_prime_login.css HTTP/1.1" 200 443
152.203.208.0 - - [03/Nov/2023:09:34:44 -0500] "GET /sipse/faces/javax.faces.resource/layout/layout.css;jsessionid=DbG+ogNm5xAgGJ3Q8Ql0lxCt.undefined?ln=primefaces&v=4.0 HTTP/1.1" 200 542
152.203.208.0 - - [03/Nov/2023:09:34:44 -0500] "GET /sipse/faces/javax.faces.resource/jquery/jquery.js;jsessionid=DbG+ogNm5xAgGJ3Q8Ql0lxCt.undefined?ln=primefaces&v=4.0 HTTP/1.1" 200 105384
152.203.208.0 - - [03/Nov/2023:09:34:44 -0500] "GET /sipse/faces/javax.faces.resource/primefaces.css;jsessionid=DbG+ogNm5xAgGJ3Q8Ql0lxCt.undefined?ln=primefaces&v=4.0 HTTP/1.1" 200 53295
152.203.208.0 - - [03/Nov/2023:09:34:44 -0500] "GET /sipse/faces/javax.faces.resource/primefaces.js;jsessionid=DbG+ogNm5xAgGJ3Q8Ql0lxCt.undefined?ln=primefaces&v=4.0 HTTP/1.1" 200 276924
152.203.208.0 - - [03/Nov/2023:09:34:44 -0500] "GET /sipse/faces/javax.faces.resource/theme.css?ln=primefaces-sipse HTTP/1.1" 200 50058
152.203.208.0 - - [03/Nov/2023:09:34:44 -0500] "GET /sipse/faces/javax.faces.resource/layout/layout.js;jsessionid=DbG+ogNm5xAgGJ3Q8Ql0lxCt.undefined?ln=primefaces&v=4.0 HTTP/1.1" 200 87560
152.203.208.0 - - [03/Nov/2023:09:34:44 -0500] "GET /sipse/faces/javax.faces.resource/jquery/jquery-plugins.js;jsessionid=DbG+ogNm5xAgGJ3Q8Ql0lxCt.undefined?ln=primefaces&v=4.0 HTTP/1.1" 200 220526
52.247.107.156 - - [03/Nov/2023:09:34:29 -0500] "GET /Publicaciones/SSFFS-12187-2023.zip HTTP/1.1" 200 13117295
152.203.208.0 - - [03/Nov/2023:09:34:45 -0500] "GET /favicon.ico HTTP/1.1" 200 7782
152.203.208.0 - - [03/Nov/2023:09:34:45 -0500] "GET /sipse/css/imagen/loginimg.png HTTP/1.1" 200 26130
152.203.208.0 - - [03/Nov/2023:09:34:45 -0500] "GET /sipse/css/imagen/logoSDG.png HTTP/1.1" 200 16770
152.203.208.0 - - [03/Nov/2023:09:34:45 -0500] "GET /sipse/faces/javax.faces.resource/images/ui-icons_898989_256x240.png?ln=primefaces-aristo HTTP/1.1" 200 5355
152.203.208.0 - - [03/Nov/2023:09:34:45 -0500] "GET /sipse/faces/faces/index.xhtml HTTP/1.1" 200 677
152.203.208.0 - - [03/Nov/2023:09:34:45 -0500] "GET /sipse/faces/javax.faces.resource/theme.css?ln=primefaces-sipse HTTP/1.1" 304 -
152.203.208.0 - - [03/Nov/2023:09:34:45 -0500] "GET /sipse/faces/faces/faces/autenticacion.xhtml HTTP/1.1" 200 12406
152.203.208.0 - - [03/Nov/2023:09:34:45 -0500] "GET /sipse/faces/javax.faces.resource/theme.css?ln=primefaces-sipse HTTP/1.1" 304 -
152.203.208.0 - - [03/Nov/2023:09:34:45 -0500] "GET /sipse/faces/javax.faces.resource/layout/layout.css?ln=primefaces&v=4.0 HTTP/1.1" 200 542
152.203.208.0 - - [03/Nov/2023:09:34:45 -0500] "GET /sipse/faces/javax.faces.resource/jquery/jquery.js?ln=primefaces&v=4.0 HTTP/1.1" 304 -
152.203.208.0 - - [03/Nov/2023:09:34:45 -0500] "GET /sipse/faces/javax.faces.resource/primefaces.js?ln=primefaces&v=4.0 HTTP/1.1" 304 -
152.203.208.0 - - [03/Nov/2023:09:34:45 -0500] "GET /sipse/faces/javax.faces.resource/layout/layout.js?ln=primefaces&v=4.0 HTTP/1.1" 304 -
152.203.208.0 - - [03/Nov/2023:09:34:45 -0500] "GET /sipse/faces/javax.faces.resource/jquery/jquery-plugins.js?ln=primefaces&v=4.0 HTTP/1.1" 304 -
152.203.208.0 - - [03/Nov/2023:09:34:45 -0500] "GET /sipse/faces/javax.faces.resource/primefaces.css?ln=primefaces&v=4.0 HTTP/1.1" 200 53295
152.203.208.0 - - [03/Nov/2023:09:34:45 -0500] "GET /sipse/faces/javax.faces.resource/images/ui-icons_898989_256x240.png?ln=primefaces-aristo HTTP/1.1" 304 -
152.203.208.0 - - [03/Nov/2023:09:34:47 -0500] "POST /sipse/faces/autenticacion.xhtml HTTP/1.1" 200 2217
152.203.208.0 - - [03/Nov/2023:09:34:47 -0500] "GET /sipse/faces/javax.faces.resource/messages/messages.png?ln=primefaces&v=4.0 HTTP/1.1" 200 27209
152.203.208.0 - - [03/Nov/2023:09:34:48 -0500] "POST /sipse/faces/autenticacion.xhtml HTTP/1.1" 200 16345
152.203.208.0 - - [03/Nov/2023:09:34:49 -0500] "GET /sipse/css/custom_css_sg_prime.css HTTP/1.1" 200 5201
52.25.208.208 - - [03/Nov/2023:09:34:49 -0500] "GET /BLA/resoluciones/index.php?dir=Notificaciones/RESOLUCIONES%202017/&order=asc&sort=size HTTP/1.1" 200 13655
152.203.208.0 - - [03/Nov/2023:09:34:49 -0500] "GET /sipse/faces/javax.faces.resource/jquery/jquery.js?ln=primefaces&v=4.0 HTTP/1.1" 304 -
152.203.208.0 - - [03/Nov/2023:09:34:49 -0500] "GET /sipse/faces/javax.faces.resource/jquery/jquery-plugins.js?ln=primefaces&v=4.0 HTTP/1.1" 304 -
152.203.208.0 - - [03/Nov/2023:09:34:49 -0500] "GET /sipse/faces/javax.faces.resource/primefaces.js?ln=primefaces&v=4.0 HTTP/1.1" 304 -
152.203.208.0 - - [03/Nov/2023:09:34:49 -0500] "GET /sipse/faces/javax.faces.resource/layout/layout.js?ln=primefaces&v=4.0 HTTP/1.1" 304 -
152.203.208.0 - - [03/Nov/2023:09:34:50 -0500] "GET /sipse/css/v_mergente.css HTTP/1.1" 200 1505
152.203.208.0 - - [03/Nov/2023:09:34:50 -0500] "GET /sipse/css/imagen/contrasena.png HTTP/1.1" 404 383
152.203.208.0 - - [03/Nov/2023:09:34:50 -0500] "GET /sipse/imagenes/logoAplicacion.jpg HTTP/1.1" 200 29599
152.203.208.0 - - [03/Nov/2023:09:34:50 -0500] "GET /sipse/imagenes/cargando.gif HTTP/1.1" 200 19186
190.70.192.175 - - [03/Nov/2023:09:34:51 -0500] "GET /sipse/faces/autenticacion.xhtml HTTP/1.1" 200 12728
152.203.208.0 - - [03/Nov/2023:09:34:51 -0500] "GET /sipse/faces/javax.faces.resource/images/ui-bg_flat_0_2d5972_40x100.png?ln=primefaces-aristo HTTP/1.1" 200 183
152.203.208.0 - - [03/Nov/2023:09:34:51 -0500] "POST /sipse/faces/bienvenido.xhtml HTTP/1.1" 200 2658
190.70.192.175 - - [03/Nov/2023:09:34:51 -0500] "GET /sipse/js/disable_browser_buttons.js HTTP/1.1" 304 -
190.70.192.175 - - [03/Nov/2023:09:34:51 -0500] "GET /sipse/js/funciones.js HTTP/1.1" 304 -
190.70.192.175 - - [03/Nov/2023:09:34:51 -0500] "GET /sipse/faces/javax.faces.resource/layout/layout.css;jsessionid=0-aJEWQ-yvfzhcqGIj5VKW3t.undefined?ln=primefaces&v=4.0 HTTP/1.1" 200 542
190.70.192.175 - - [03/Nov/2023:09:34:51 -0500] "GET /sipse/css/custom_css_sg_prime_login.css HTTP/1.1" 304 -
190.70.192.175 - - [03/Nov/2023:09:34:51 -0500] "GET /sipse/css/custom_css_sg.css HTTP/1.1" 304 -
190.70.192.175 - - [03/Nov/2023:09:34:51 -0500] "GET /sipse/faces/javax.faces.resource/theme.css?ln=primefaces-sipse HTTP/1.1" 304 -
190.70.192.175 - - [03/Nov/2023:09:34:51 -0500] "GET /sipse/faces/javax.faces.resource/primefaces.css;jsessionid=0-aJEWQ-yvfzhcqGIj5VKW3t.undefined?ln=primefaces&v=4.0 HTTP/1.1" 200 53295
190.70.192.175 - - [03/Nov/2023:09:34:51 -0500] "GET /sipse/faces/javax.faces.resource/jquery/jquery.js;jsessionid=0-aJEWQ-yvfzhcqGIj5VKW3t.undefined?ln=primefaces&v=4.0 HTTP/1.1" 200 105384
190.70.192.175 - - [03/Nov/2023:09:34:51 -0500] "GET /sipse/faces/javax.faces.resource/jquery/jquery-plugins.js;jsessionid=0-aJEWQ-yvfzhcqGIj5VKW3t.undefined?ln=primefaces&v=4.0 HTTP/1.1" 200 220526
190.70.192.175 - - [03/Nov/2023:09:34:51 -0500] "GET /sipse/faces/javax.faces.resource/layout/layout.js;jsessionid=0-aJEWQ-yvfzhcqGIj5VKW3t.undefined?ln=primefaces&v=4.0 HTTP/1.1" 200 87560
190.70.192.175 - - [03/Nov/2023:09:34:51 -0500] "GET /sipse/faces/javax.faces.resource/primefaces.js;jsessionid=0-aJEWQ-yvfzhcqGIj5VKW3t.undefined?ln=primefaces&v=4.0 HTTP/1.1" 200 276924
186.102.25.62 - - [03/Nov/2023:09:34:52 -0500] "-" 408 -
52.247.107.156 - - [03/Nov/2023:09:34:44 -0500] "GET /Publicaciones/SSFFS-12190-2023.zip HTTP/1.1" 200 8470798
190.70.192.175 - - [03/Nov/2023:09:34:54 -0500] "GET /sipse/css/imagen/logoSDG.png HTTP/1.1" 304 -
190.70.192.175 - - [03/Nov/2023:09:34:54 -0500] "GET /sipse/css/imagen/loginimg.png HTTP/1.1" 304 -
190.70.192.175 - - [03/Nov/2023:09:34:54 -0500] "GET /sipse/faces/javax.faces.resource/images/ui-icons_898989_256x240.png?ln=primefaces-aristo HTTP/1.1" 304 -
190.70.192.175 - - [03/Nov/2023:09:34:54 -0500] "GET /sipse/faces/index.xhtml HTTP/1.1" 200 677
190.70.192.175 - - [03/Nov/2023:09:34:54 -0500] "GET /sipse/faces/javax.faces.resource/theme.css?ln=primefaces-sipse HTTP/1.1" 304 -
190.70.192.175 - - [03/Nov/2023:09:34:54 -0500] "GET /sipse/faces/faces/autenticacion.xhtml HTTP/1.1" 200 12406
190.70.192.175 - - [03/Nov/2023:09:34:55 -0500] "GET /sipse/faces/javax.faces.resource/primefaces.css?ln=primefaces&v=4.0 HTTP/1.1" 304 -
190.70.192.175 - - [03/Nov/2023:09:34:55 -0500] "GET /sipse/faces/javax.faces.resource/theme.css?ln=primefaces-sipse HTTP/1.1" 304 -
190.70.192.175 - - [03/Nov/2023:09:34:55 -0500] "GET /sipse/faces/javax.faces.resource/jquery/jquery-plugins.js?ln=primefaces&v=4.0 HTTP/1.1" 304 -
190.70.192.175 - - [03/Nov/2023:09:34:55 -0500] "GET /sipse/faces/javax.faces.resource/layout/layout.css?ln=primefaces&v=4.0 HTTP/1.1" 304 -
190.70.192.175 - - [03/Nov/2023:09:34:55 -0500] "GET /sipse/faces/javax.faces.resource/jquery/jquery.js?ln=primefaces&v=4.0 HTTP/1.1" 304 -
190.70.192.175 - - [03/Nov/2023:09:34:55 -0500] "GET /sipse/faces/javax.faces.resource/layout/layout.js?ln=primefaces&v=4.0 HTTP/1.1" 304 -
190.70.192.175 - - [03/Nov/2023:09:34:55 -0500] "GET /sipse/faces/javax.faces.resource/primefaces.js?ln=primefaces&v=4.0 HTTP/1.1" 304 -
152.203.208.0 - - [03/Nov/2023:09:34:52 -0500] "POST /sipse/faces/bienvenido.xhtml HTTP/1.1" 200 64196
152.203.208.0 - - [03/Nov/2023:09:34:56 -0500] "GET /sipse/faces/javax.faces.resource/jquery/jquery.js?ln=primefaces&v=4.0 HTTP/1.1" 304 -
152.203.208.0 - - [03/Nov/2023:09:34:56 -0500] "GET /sipse/faces/javax.faces.resource/jquery/jquery-plugins.js?ln=primefaces&v=4.0 HTTP/1.1" 304 -
152.203.208.0 - - [03/Nov/2023:09:34:56 -0500] "GET /sipse/faces/javax.faces.resource/primefaces.js?ln=primefaces&v=4.0 HTTP/1.1" 304 -
152.203.208.0 - - [03/Nov/2023:09:34:56 -0500] "GET /sipse/faces/javax.faces.resource/layout/layout.js?ln=primefaces&v=4.0 HTTP/1.1" 304 -
152.203.208.0 - - [03/Nov/2023:09:34:56 -0500] "POST /sipse/faces/presentacion/financiero/solicitudProceso/listarSolicitudProceso.xhtml HTTP/1.1" 200 1548
100.21.24.205 - - [03/Nov/2023:09:34:59 -0500] "GET /BLA/resoluciones/index.php?dir=Notificaciones/RESOLUCIONES%202017/&order=desc&sort=name HTTP/1.1" 200 13654
190.70.192.175 - - [03/Nov/2023:09:35:01 -0500] "POST /sipse/faces/autenticacion.xhtml HTTP/1.1" 200 2220
190.70.192.175 - - [03/Nov/2023:09:35:01 -0500] "GET /sipse/faces/javax.faces.resource/messages/messages.png?ln=primefaces&v=4.0 HTTP/1.1" 304 -
190.70.192.175 - - [03/Nov/2023:09:35:02 -0500] "GET /sipse/faces/javax.faces.resource/images/ui-icons_898989_256x240.png?ln=primefaces-aristo HTTP/1.1" 304 -
190.70.192.175 - - [03/Nov/2023:09:35:02 -0500] "POST /sipse/faces/autenticacion.xhtml HTTP/1.1" 200 16356
190.70.192.175 - - [03/Nov/2023:09:35:02 -0500] "GET /sipse/css/custom_css_sg_prime.css HTTP/1.1" 304 -
190.70.192.175 - - [03/Nov/2023:09:35:02 -0500] "GET /sipse/js/jquery.min.js HTTP/1.1" 304 -
190.70.192.175 - - [03/Nov/2023:09:35:02 -0500] "GET /sipse/faces/javax.faces.resource/primefaces.css?ln=primefaces&v=4.0 HTTP/1.1" 304 -
190.70.192.175 - - [03/Nov/2023:09:35:02 -0500] "GET /sipse/faces/javax.faces.resource/theme.css?ln=primefaces-sipse HTTP/1.1" 304 -
190.70.192.175 - - [03/Nov/2023:09:35:02 -0500] "GET /sipse/faces/javax.faces.resource/layout/layout.css?ln=primefaces&v=4.0 HTTP/1.1" 304 -
190.70.192.175 - - [03/Nov/2023:09:35:02 -0500] "GET /sipse/faces/javax.faces.resource/jquery/jquery.js?ln=primefaces&v=4.0 HTTP/1.1" 304 -
190.70.192.175 - - [03/Nov/2023:09:35:02 -0500] "GET /sipse/faces/javax.faces.resource/jquery/jquery-plugins.js?ln=primefaces&v=4.0 HTTP/1.1" 304 -
190.70.192.175 - - [03/Nov/2023:09:35:02 -0500] "GET /sipse/faces/javax.faces.resource/primefaces.js?ln=primefaces&v=4.0 HTTP/1.1" 304 -
190.70.192.175 - - [03/Nov/2023:09:35:02 -0500] "GET /sipse/faces/javax.faces.resource/layout/layout.js?ln=primefaces&v=4.0 HTTP/1.1" 304 -
190.70.192.175 - - [03/Nov/2023:09:35:02 -0500] "GET /sipse/css/v_mergente.css HTTP/1.1" 304 -
190.70.192.175 - - [03/Nov/2023:09:35:02 -0500] "GET /sipse/css/imagen/contrasena.png HTTP/1.1" 404 383
190.70.192.175 - - [03/Nov/2023:09:35:02 -0500] "GET /sipse/imagenes/logoAplicacion.jpg HTTP/1.1" 304 -
190.70.192.175 - - [03/Nov/2023:09:35:02 -0500] "GET /sipse/imagenes/cargando.gif HTTP/1.1" 304 -
52.247.107.156 - - [03/Nov/2023:09:34:53 -0500] "GET /Publicaciones/SSFFS-12189-2023.zip HTTP/1.1" 200 8025562
190.70.192.175 - - [03/Nov/2023:09:35:05 -0500] "GET /sipse/faces/javax.faces.resource/images/ui-bg_flat_0_2d5972_40x100.png?ln=primefaces-aristo HTTP/1.1" 304 -
190.70.192.175 - - [03/Nov/2023:09:35:05 -0500] "POST /sipse/faces/bienvenido.xhtml HTTP/1.1" 200 2658
152.203.208.0 - - [03/Nov/2023:09:35:06 -0500] "POST /sipse/faces/presentacion/financiero/solicitudProceso/listarSolicitudProceso.xhtml HTTP/1.1" 200 20150
44.230.252.91 - - [03/Nov/2023:09:35:09 -0500] "GET /BLA/resoluciones/index.php?dir=Notificaciones/RESOLUCIONES%202019/&order=asc&sort=date HTTP/1.1" 200 40760
152.203.208.0 - - [03/Nov/2023:09:35:07 -0500] "POST /sipse/faces/presentacion/financiero/solicitudProceso/listarSolicitudProceso.xhtml HTTP/1.1" 200 146562
152.203.208.0 - - [03/Nov/2023:09:35:10 -0500] "GET /sipse/faces/javax.faces.resource/jquery/jquery.js?ln=primefaces&v=4.0 HTTP/1.1" 304 -
152.203.208.0 - - [03/Nov/2023:09:35:10 -0500] "GET /sipse/faces/javax.faces.resource/jquery/jquery-plugins.js?ln=primefaces&v=4.0 HTTP/1.1" 304 -
152.203.208.0 - - [03/Nov/2023:09:35:10 -0500] "GET /sipse/faces/javax.faces.resource/primefaces.js?ln=primefaces&v=4.0 HTTP/1.1" 304 -
152.203.208.0 - - [03/Nov/2023:09:35:10 -0500] "GET /sipse/faces/javax.faces.resource/layout/layout.js?ln=primefaces&v=4.0 HTTP/1.1" 304 -
190.70.192.175 - - [03/Nov/2023:09:35:06 -0500] "POST /sipse/faces/bienvenido.xhtml HTTP/1.1" 200 65304
190.70.192.175 - - [03/Nov/2023:09:35:10 -0500] "GET /sipse/faces/javax.faces.resource/theme.css?ln=primefaces-sipse HTTP/1.1" 304 -
190.70.192.175 - - [03/Nov/2023:09:35:10 -0500] "GET /sipse/faces/javax.faces.resource/primefaces.css?ln=primefaces&v=4.0 HTTP/1.1" 304 -
190.70.192.175 - - [03/Nov/2023:09:35:10 -0500] "GET /sipse/faces/javax.faces.resource/layout/layout.css?ln=primefaces&v=4.0 HTTP/1.1" 304 -
190.70.192.175 - - [03/Nov/2023:09:35:10 -0500] "GET /sipse/faces/javax.faces.resource/jquery/jquery.js?ln=primefaces&v=4.0 HTTP/1.1" 304 -
190.70.192.175 - - [03/Nov/2023:09:35:10 -0500] "GET /sipse/faces/javax.faces.resource/jquery/jquery-plugins.js?ln=primefaces&v=4.0 HTTP/1.1" 304 -
190.70.192.175 - - [03/Nov/2023:09:35:10 -0500] "GET /sipse/faces/javax.faces.resource/primefaces.js?ln=primefaces&v=4.0 HTTP/1.1" 304 -
190.70.192.175 - - [03/Nov/2023:09:35:10 -0500] "GET /sipse/faces/javax.faces.resource/layout/layout.js?ln=primefaces&v=4.0 HTTP/1.1" 304 -
190.70.192.175 - - [03/Nov/2023:09:35:10 -0500] "POST /sipse/faces/presentacion/financiero/solicitudProceso/listarSolicitudProceso.xhtml HTTP/1.1" 200 1548
190.70.192.175 - - [03/Nov/2023:09:35:17 -0500] "POST /sipse/faces/presentacion/financiero/solicitudProceso/listarSolicitudProceso.xhtml HTTP/1.1" 200 45449
44.230.252.91 - - [03/Nov/2023:09:35:19 -0500] "GET /BLA/resoluciones/index.php?dir=Notificaciones/RESOLUCIONES%202019/&order=asc&sort=size HTTP/1.1" 200 40760
190.70.192.175 - - [03/Nov/2023:09:35:19 -0500] "POST /sipse/faces/presentacion/financiero/solicitudProceso/listarSolicitudProceso.xhtml HTTP/1.1" 200 45170
52.247.107.156 - - [03/Nov/2023:09:35:04 -0500] "GET /Publicaciones/SSFFS-12191-2023.zip HTTP/1.1" 200 9849390
190.70.192.175 - - [03/Nov/2023:09:35:20 -0500] "POST /sipse/faces/presentacion/financiero/solicitudProceso/listarSolicitudProceso.xhtml HTTP/1.1" 200 46001
190.70.192.175 - - [03/Nov/2023:09:35:22 -0500] "POST /sipse/faces/presentacion/financiero/solicitudProceso/listarSolicitudProceso.xhtml HTTP/1.1" 200 24500
190.70.192.175 - - [03/Nov/2023:09:35:24 -0500] "POST /sipse/faces/presentacion/financiero/solicitudProceso/listarSolicitudProceso.xhtml HTTP/1.1" 200 18479
181.56.171.197 - - [03/Nov/2023:09:35:25 -0500] "POST /sipse/faces/presentacion/financiero/solicitudProceso/listarSolicitudProceso.xhtml HTTP/1.1" 200 58972
181.56.171.197 - - [03/Nov/2023:09:35:25 -0500] "POST /sipse/faces/presentacion/financiero/solicitudProceso/listarSolicitudProceso.xhtml HTTP/1.1" 200 58972
181.56.171.197 - - [03/Nov/2023:09:35:26 -0500] "POST /sipse/faces/presentacion/financiero/solicitudProceso/listarSolicitudProceso.xhtml HTTP/1.1" 200 58972
181.56.171.197 - - [03/Nov/2023:09:35:26 -0500] "POST /sipse/faces/presentacion/financiero/solicitudProceso/listarSolicitudProceso.xhtml HTTP/1.1" 200 58972
181.56.171.197 - - [03/Nov/2023:09:35:26 -0500] "POST /sipse/faces/presentacion/financiero/solicitudProceso/listarSolicitudProceso.xhtml HTTP/1.1" 200 58972
181.56.171.197 - - [03/Nov/2023:09:35:27 -0500] "POST /sipse/faces/presentacion/financiero/solicitudProceso/listarSolicitudProceso.xhtml HTTP/1.1" 200 58972
181.56.171.197 - - [03/Nov/2023:09:35:27 -0500] "POST /sipse/faces/presentacion/financiero/solicitudProceso/listarSolicitudProceso.xhtml HTTP/1.1" 200 1548
181.56.171.197 - - [03/Nov/2023:09:35:27 -0500] "POST /sipse/faces/presentacion/financiero/solicitudProceso/listarSolicitudProceso.xhtml HTTP/1.1" 200 1560
