201.245.192.253 - - [03/Nov/2023:09:56:46 -0500] "POST /sipse/faces/presentacion/financiero/solicitudProceso/listarSolicitudProceso.xhtml HTTP/1.1" 200 1440
52.25.208.208 - - [03/Nov/2023:09:56:47 -0500] "GET /BLA/resoluciones/index.php?dir=Notificaciones/RESOLUCIONES%202022/ HTTP/1.1" 200 106366
172.22.2.4 - - [03/Nov/2023:09:55:11 -0500] "GET /BLA/boletinlegal/ HTTP/1.1" 200 59007
44.230.252.91 - - [03/Nov/2023:09:56:54 -0500] "GET /BLA/resoluciones/index.php?dir=Notificaciones/&order=asc&sort=date HTTP/1.1" 200 11650
201.245.192.253 - - [03/Nov/2023:09:56:55 -0500] "POST /sipse/faces/presentacion/financiero/solicitudProceso/listarSolicitudProceso.xhtml HTTP/1.1" 200 132471
201.245.192.253 - - [03/Nov/2023:09:56:56 -0500] "GET /sipse/faces/javax.faces.resource/jquery/jquery.js?ln=primefaces&v=4.0 HTTP/1.1" 304 -
201.245.192.253 - - [03/Nov/2023:09:56:56 -0500] "GET /sipse/faces/javax.faces.resource/jquery/jquery-plugins.js?ln=primefaces&v=4.0 HTTP/1.1" 304 -
201.245.192.253 - - [03/Nov/2023:09:56:56 -0500] "GET /sipse/faces/javax.faces.resource/primefaces.js?ln=primefaces&v=4.0 HTTP/1.1" 304 -
201.245.192.253 - - [03/Nov/2023:09:56:56 -0500] "GET /sipse/faces/javax.faces.resource/layout/layout.js?ln=primefaces&v=4.0 HTTP/1.1" 304 -
44.230.252.91 - - [03/Nov/2023:09:57:00 -0500] "GET /BLA/resoluciones/index.php?dir=Notificaciones/&order=asc&sort=size HTTP/1.1" 200 11650
201.245.192.253 - - [03/Nov/2023:09:57:00 -0500] "POST /sipse/faces/presentacion/financiero/solicitudProceso/consultarSolicitudProceso.xhtml HTTP/1.1" 200 35006
201.245.192.253 - - [03/Nov/2023:09:57:00 -0500] "GET /sipse/faces/javax.faces.resource/jquery/jquery.js?ln=primefaces&v=4.0 HTTP/1.1" 304 -
201.245.192.253 - - [03/Nov/2023:09:57:00 -0500] "GET /sipse/faces/javax.faces.resource/jquery/jquery-plugins.js?ln=primefaces&v=4.0 HTTP/1.1" 304 -
201.245.192.253 - - [03/Nov/2023:09:57:00 -0500] "GET /sipse/faces/javax.faces.resource/primefaces.js?ln=primefaces&v=4.0 HTTP/1.1" 304 -
201.245.192.253 - - [03/Nov/2023:09:57:00 -0500] "GET /sipse/faces/javax.faces.resource/layout/layout.js?ln=primefaces&v=4.0 HTTP/1.1" 304 -
201.245.192.253 - - [03/Nov/2023:09:57:02 -0500] "POST /sipse/faces/presentacion/financiero/solicitudProceso/asignarContratacion.xhtml HTTP/1.1" 200 46343
44.230.252.91 - - [03/Nov/2023:09:57:03 -0500] "GET /BLA/resoluciones/index.php?dir=Notificaciones/&order=desc&sort=name HTTP/1.1" 200 11649
201.245.192.253 - - [03/Nov/2023:09:57:04 -0500] "GET /sipse/faces/javax.faces.resource/jquery/jquery.js?ln=primefaces&v=4.0 HTTP/1.1" 304 -
201.245.192.253 - - [03/Nov/2023:09:57:04 -0500] "GET /sipse/faces/javax.faces.resource/jquery/jquery-plugins.js?ln=primefaces&v=4.0 HTTP/1.1" 304 -
201.245.192.253 - - [03/Nov/2023:09:57:04 -0500] "GET /sipse/faces/javax.faces.resource/primefaces.js?ln=primefaces&v=4.0 HTTP/1.1" 304 -
201.245.192.253 - - [03/Nov/2023:09:57:04 -0500] "GET /sipse/faces/javax.faces.resource/layout/layout.js?ln=primefaces&v=4.0 HTTP/1.1" 304 -
201.245.192.253 - - [03/Nov/2023:09:57:04 -0500] "POST /sipse/faces/presentacion/financiero/solicitudProceso/listarSolicitudProceso.xhtml HTTP/1.1" 200 1440
201.245.192.253 - - [03/Nov/2023:09:57:06 -0500] "POST /sipse/faces/presentacion/financiero/solicitudProceso/listarSolicitudProceso.xhtml HTTP/1.1" 200 129635
201.245.192.253 - - [03/Nov/2023:09:57:08 -0500] "GET /sipse/faces/javax.faces.resource/jquery/jquery.js?ln=primefaces&v=4.0 HTTP/1.1" 304 -
201.245.192.253 - - [03/Nov/2023:09:57:08 -0500] "GET /sipse/faces/javax.faces.resource/jquery/jquery-plugins.js?ln=primefaces&v=4.0 HTTP/1.1" 304 -
201.245.192.253 - - [03/Nov/2023:09:57:08 -0500] "GET /sipse/faces/javax.faces.resource/primefaces.js?ln=primefaces&v=4.0 HTTP/1.1" 304 -
201.245.192.253 - - [03/Nov/2023:09:57:08 -0500] "GET /sipse/faces/javax.faces.resource/layout/layout.js?ln=primefaces&v=4.0 HTTP/1.1" 304 -
52.25.208.208 - - [03/Nov/2023:09:57:11 -0500] "GET /BLA/resoluciones/index.php?dir=RESOLUCIONES%202002/RES%202002%201301-1350/&order=desc&sort=size HTTP/1.1" 200 12633
100.21.24.205 - - [03/Nov/2023:09:57:18 -0500] "GET /BLA/resoluciones/index.php?dir=RESOLUCIONES%202003/RES%202003%20801-850/ HTTP/1.1" 200 11308
201.245.192.253 - - [03/Nov/2023:09:57:18 -0500] "POST /sipse/faces/presentacion/financiero/solicitudProceso/consultarSolicitudProceso.xhtml HTTP/1.1" 200 45857
201.245.192.253 - - [03/Nov/2023:09:57:19 -0500] "GET /sipse/faces/javax.faces.resource/jquery/jquery.js?ln=primefaces&v=4.0 HTTP/1.1" 304 -
201.245.192.253 - - [03/Nov/2023:09:57:19 -0500] "GET /sipse/faces/javax.faces.resource/jquery/jquery-plugins.js?ln=primefaces&v=4.0 HTTP/1.1" 304 -
201.245.192.253 - - [03/Nov/2023:09:57:19 -0500] "GET /sipse/faces/javax.faces.resource/primefaces.js?ln=primefaces&v=4.0 HTTP/1.1" 304 -
201.245.192.253 - - [03/Nov/2023:09:57:19 -0500] "GET /sipse/faces/javax.faces.resource/layout/layout.js?ln=primefaces&v=4.0 HTTP/1.1" 304 -
201.245.192.253 - - [03/Nov/2023:09:57:19 -0500] "POST /sipse/faces/presentacion/financiero/solicitudProceso/listarSolicitudProceso.xhtml HTTP/1.1" 200 39227
201.245.192.253 - - [03/Nov/2023:09:57:19 -0500] "POST /sipse/faces/presentacion/financiero/solicitudProceso/listarSolicitudProceso.xhtml HTTP/1.1" 200 39227
186.102.87.64 - - [03/Nov/2023:09:57:20 -0500] "OPTIONS /kwssiamovil/sm/setfile/f? HTTP/1.1" 200 13
201.245.192.253 - - [03/Nov/2023:09:57:20 -0500] "POST /sipse/faces/presentacion/financiero/solicitudProceso/listarSolicitudProceso.xhtml HTTP/1.1" 200 39227
201.245.192.253 - - [03/Nov/2023:09:57:20 -0500] "POST /sipse/faces/presentacion/financiero/solicitudProceso/listarSolicitudProceso.xhtml HTTP/1.1" 200 39227
201.245.192.253 - - [03/Nov/2023:09:57:20 -0500] "POST /sipse/faces/presentacion/financiero/solicitudProceso/listarSolicitudProceso.xhtml HTTP/1.1" 200 39227
201.245.192.253 - - [03/Nov/2023:09:57:20 -0500] "POST /sipse/faces/presentacion/financiero/solicitudProceso/listarSolicitudProceso.xhtml HTTP/1.1" 200 39227
201.245.192.253 - - [03/Nov/2023:09:57:21 -0500] "POST /sipse/faces/presentacion/financiero/solicitudProceso/listarSolicitudProceso.xhtml HTTP/1.1" 200 39227
201.245.192.253 - - [03/Nov/2023:09:57:21 -0500] "POST /sipse/faces/presentacion/financiero/solicitudProceso/listarSolicitudProceso.xhtml HTTP/1.1" 200 39227
201.245.192.253 - - [03/Nov/2023:09:57:21 -0500] "POST /sipse/faces/presentacion/financiero/solicitudProceso/listarSolicitudProceso.xhtml HTTP/1.1" 200 1440
201.245.192.253 - - [03/Nov/2023:09:57:21 -0500] "POST /sipse/faces/presentacion/financiero/solicitudProceso/listarSolicitudProceso.xhtml HTTP/1.1" 200 1444
201.245.192.253 - - [03/Nov/2023:09:57:21 -0500] "POST /sipse/faces/presentacion/financiero/solicitudProceso/listarSolicitudProceso.xhtml HTTP/1.1" 200 1436
201.245.192.253 - - [03/Nov/2023:09:57:22 -0500] "POST /sipse/faces/presentacion/financiero/solicitudProceso/listarSolicitudProceso.xhtml HTTP/1.1" 200 1444
201.245.192.253 - - [03/Nov/2023:09:57:22 -0500] "POST /sipse/faces/presentacion/financiero/solicitudProceso/listarSolicitudProceso.xhtml HTTP/1.1" 200 1432
40.77.167.71 - - [03/Nov/2023:09:57:22 -0500] "GET /BLA/resoluciones/RESOLUCIONES%202021/4053.pdf HTTP/1.1" 200 366853
201.245.192.253 - - [03/Nov/2023:09:57:22 -0500] "POST /sipse/faces/presentacion/financiero/solicitudProceso/listarSolicitudProceso.xhtml HTTP/1.1" 200 1444
201.245.192.253 - - [03/Nov/2023:09:57:22 -0500] "POST /sipse/faces/presentacion/financiero/solicitudProceso/listarSolicitudProceso.xhtml HTTP/1.1" 200 1432
201.245.192.253 - - [03/Nov/2023:09:57:22 -0500] "POST /sipse/faces/presentacion/financiero/solicitudProceso/listarSolicitudProceso.xhtml HTTP/1.1" 200 1444
201.245.192.253 - - [03/Nov/2023:09:57:22 -0500] "POST /sipse/faces/presentacion/financiero/solicitudProceso/listarSolicitudProceso.xhtml HTTP/1.1" 200 1432
186.102.87.64 - - [03/Nov/2023:09:57:20 -0500] "POST /kwssiamovil/sm/setfile/f? HTTP/1.1" 200 381
52.25.208.208 - - [03/Nov/2023:09:57:29 -0500] "GET /BLA/resoluciones/index.php?dir=Notificaciones/RESOLUCIONES%202023/&order=desc&sort=name HTTP/1.1" 200 34512
201.245.192.253 - - [03/Nov/2023:09:57:30 -0500] "POST /sipse/faces/presentacion/financiero/solicitudProceso/listarSolicitudProceso.xhtml HTTP/1.1" 200 31428
201.245.192.253 - - [03/Nov/2023:09:57:31 -0500] "POST /forms/lservlet;jsessionid=ac16012b30d67398b24510264f55a2d4c5826150a17a.e3iSbxaKaheRe3eRa38MahaQbi1ynknvrkLOlQzNp65In0 HTTP/1.1" 200 566
201.245.192.253 - - [03/Nov/2023:09:57:31 -0500] "POST /forms/lservlet;jsessionid=ac16012b30d67398b24510264f55a2d4c5826150a17a.e3iSbxaKaheRe3eRa38MahaQbi1ynknvrkLOlQzNp65In0 HTTP/1.1" 200 729
201.245.192.253 - - [03/Nov/2023:09:57:32 -0500] "POST /sipse/faces/presentacion/financiero/solicitudProceso/listarSolicitudProceso.xhtml HTTP/1.1" 200 31424
201.245.192.253 - - [03/Nov/2023:09:57:33 -0500] "POST /forms/lservlet;jsessionid=ac16012b30d67398b24510264f55a2d4c5826150a17a.e3iSbxaKaheRe3eRa38MahaQbi1ynknvrkLOlQzNp65In0 HTTP/1.1" 200 1334
201.245.192.253 - - [03/Nov/2023:09:57:33 -0500] "POST /forms/lservlet;jsessionid=ac16012b30d67398b24510264f55a2d4c5826150a17a.e3iSbxaKaheRe3eRa38MahaQbi1ynknvrkLOlQzNp65In0 HTTP/1.1" 200 979
172.22.2.4 - - [03/Nov/2023:09:57:35 -0500] "GET /BLA/boletinlegal/robots.txt HTTP/1.1" 404 1038
201.245.192.253 - - [03/Nov/2023:09:57:35 -0500] "POST /forms/lservlet;jsessionid=ac16012b30d67398b24510264f55a2d4c5826150a17a.e3iSbxaKaheRe3eRa38MahaQbi1ynknvrkLOlQzNp65In0 HTTP/1.1" 200 987
201.245.192.253 - - [03/Nov/2023:09:57:35 -0500] "POST /forms/lservlet;jsessionid=ac16012b30d67398b24510264f55a2d4c5826150a17a.e3iSbxaKaheRe3eRa38MahaQbi1ynknvrkLOlQzNp65In0 HTTP/1.1" 200 1014
201.245.192.253 - - [03/Nov/2023:09:57:36 -0500] "POST /sipse/faces/presentacion/financiero/solicitudProceso/listarSolicitudProceso.xhtml HTTP/1.1" 200 149689
201.245.192.253 - - [03/Nov/2023:09:57:37 -0500] "GET /sipse/faces/javax.faces.resource/jquery/jquery.js?ln=primefaces&v=4.0 HTTP/1.1" 304 -
201.245.192.253 - - [03/Nov/2023:09:57:37 -0500] "GET /sipse/faces/javax.faces.resource/jquery/jquery-plugins.js?ln=primefaces&v=4.0 HTTP/1.1" 304 -
201.245.192.253 - - [03/Nov/2023:09:57:37 -0500] "GET /sipse/faces/javax.faces.resource/primefaces.js?ln=primefaces&v=4.0 HTTP/1.1" 304 -
201.245.192.253 - - [03/Nov/2023:09:57:37 -0500] "GET /sipse/faces/javax.faces.resource/layout/layout.js?ln=primefaces&v=4.0 HTTP/1.1" 304 -
201.245.192.253 - - [03/Nov/2023:09:57:39 -0500] "POST /forms/lservlet;jsessionid=ac16012b30d6b14c8f46b725431e8887c639ff4d95f3.e3iSbxaKaheRe3eRa38MahaQbi1ynknvrkLOlQzNp65In0 HTTP/1.1" 200 2
52.25.208.208 - - [03/Nov/2023:09:57:39 -0500] "GET /BLA/resoluciones/index.php?dir=RESOLUCIONES%202003/RES%202003%20851-900/ HTTP/1.1" 200 11302
186.102.87.64 - - [03/Nov/2023:09:57:40 -0500] "GET /kwssiamovil/sm/acme/a?s=U2FsdGVkX1/09Y45xGk5k5lvb0K1DmSVFarOY1w5ITamVryoBDO0+AQcLyswvytr6Dtn88h0xFAR7UuJJsdslRW0dug485KkPQiIVy4UEn1WOlXEgJvlxQ3ZeMY0dWBGPSz/+uMyik0LyVe364PAECYZViv5dH6EDvYwYpc5yyqOTxXdosJfUq88o3HEXAe+X+BKTcZxA9jtpQbb2cVvpvPyKdQGFzCxpnMFfWRTJ79ir7aeR4G3DXNDdyptV71gJfCMH+5dOzb8N2bifYx/hA==&u=U2FsdGVkX18iENWE50Zw6hIRh7+qB12O2AC3Ouy3nKU=&y=U2FsdGVkX1/Q1yNcJFdnS428CiDeRYJXjuRYWKZiPRQ= HTTP/1.1" 200 26
186.102.87.64 - - [03/Nov/2023:09:57:40 -0500] "GET /kwssiamovil/sm/acme/a?s=U2FsdGVkX19NrNIUNC7Teoq1lw15SAnjR6+/ZB/7h7r9ajMpYuuoozkjnRasr5LPof1ERs5uBkJRLf51COLBLl8nnn+8HOBiTP9ID+XiqLJkdef2C5ZMOrR5V3tB9YFkJRfi9j/LOkXFTUKz2zIzJddP1a5WRdRIeCNCBtzCTGw0Z0PLFPVpgoORlemtC94MPyXV0RZZ2umLUpxoBcoh3KMZIcHIi0iLin71NCmu099yGWGE5oMFUmF2wcN3Lm5XR8tSBgS7JOZhn06qmXJBEv2qMvpfYgJF2lBoZcTE3wwcdrtQW7Nqy8Uab+RI75oPxMgybJh0bTUBwGW8AG8QIw+QF2cD1iwxXKhnzUJrf4eB7wZUpQHXlkyk+IpIY7boYAVZeCFZ+PWqOXHKCoXpAykkxtlmGnbw8NSvE6uPJHE8pER7Smw5p6XDlRAOFwg6MTbUweyQF4lzEgtVTG4Z1Y2McQpPIuFCdCBlNgtHcQQQLjzv2BvkRl7EENZJfXI0YUauiF9XEk/UCaADsvcBcm5+MqksUmZ4P2ye86DNBQFvTJXHGdHRkdXQJ7r31fg7Rh86LMxn0SPGJ5ejxp6IjHED371B76fl8X6pAQ9X5KPePaoWtJ+AaWu/yOZrjwj986Ka+iqZHOX5ivi3JKtDreZjEKvpdjs8VWEtz2AbAZ7/uLyYdZvwYnrulBwZ8pag8NVoKfP9dD5ohVepVM1kgOW6Ys+5VKvl2oB7R9NOiyENkNL4zXdu1uPZiGw5dFiqLuvaFmAgnhzly6UHfkf28wrJZVvmqaFyzpWujQwqVC2B6XNX0qbRvVd75yHh7/yoKWb4fCUe2CgO86ygXU9rgJGSQS3KNC3hjWQ7rpVwsu6BkONzqO85AsSWVpjZ6xG/2AYqmukL1LPDZDtM/BxGmmKmytNtrp3iBfJf0nzuuldR+HqtOPljqZZpyhehmjxXcWKtkner7Mx6xPwcbYMRnWIUABWb5DurmatQRU5tj7Bf4R6e8ObqoXKqvfAySXUeOqF66BR710P205PfD3gJZ3HeOdFP9WzyIVOoq7MnoRKC00FwILXCAO+CF++5e+zvCk0M3ELYk+oQzNHPYly3aM403PrEzvlI1TvpWJ6hh/SoUjygr0fT7Nsqnme8xSRjasEzojHcU/50rt8RRlqI8aSfxUvVkk4iK/Dv9ng4zYsbwptdNEd+udpH5NmIvezEMYVA4nyQd0a2wP2Kax1ax+ZCnuKhlCf/KLuOFPTEwqDVOZltkPZ0/4SU7zzmylIynrer5dxYjWCewtDkh0nfHv67aCHWjEJqmiqXgJ4gDw/g1eRhoT/hW3eh327Ua2PbldofRjsgC4YBoh0HQTahGs9WMRvB/tGrZhdgHJNeA/sSOmAnMfn7lU9zgb6IN7uy3NN98FUO3z41z0qncTUVA1IIsu8GXTqm/5seAGSnyRbOIW9ZI/95OM2UV9ekAsaeQXQjyuSNUvlcdQKnHqP38YjvAYywdP3K5DtCAuDdOyuNEOc+CXnw5nEhJJPiczP/OQFFJxRJJJtCT5/XEnVP9IdWKoWS8a7OIKH3sNB0049oehlbBlCE0bTkEaAn/urLoABA4Oxef0wU9M8p7/zrMEvPG4gjuIgKaeZqeRfNGA2c42L8Yxxy5msDzaIubwvWe7J8JSoJ3LpX1PPKfVmJS5geSV379etnocNzsq+SBpCCX0RMRhQNnD4r+gQlSf1TsYzv4WxDYQwSd3NE+yTKBPAVYNTP+tax1v/h/QKrtJUQHXt9Vc2Xizcur4vEylbZdzpMvKG2dUSWDTxm+MSdMmFUcTVNa7B9kqgJVcwgSZFmzEDXAaNq90X3R620v5IfF8lx+nVmf76R4KfXYm215jaeA/v+bbhmRsGc8ZwAI6THATSfss/6yq0P1iTRSbtSSztUAAw4/OynUX3paA+ZEqvrhvWTa8D7Qp5cSgSPcMQ7b0kLXj1E0eSJdaKIJTMVC+vYJ0RBwq9HBZ9fkxfp1Wj8l5yP1P50jkwCTWpi3h7PRZ0zbgmHnpxS5BAGrFTDHW6UgZuDQcYjyF0xpk8PeDaL+To5wNfR4yWrPy9h0BuDC/tk/RjcZyPTC3xby86JigabF7vsQykCkhOjY0VuPE1Mp5g6RnXO/JZ6k32i5Ac=&u=U2FsdGVkX18iENWE50Zw6hIRh7+qB12O2AC3Ouy3nKU=&y=U2FsdGVkX1/Q1yNcJFdnS428CiDeRYJXjuRYWKZiPRQ= HTTP/1.1" 200 26
186.102.87.64 - - [03/Nov/2023:09:57:40 -0500] "GET /kwssiamovil/sm/acme/a?s=U2FsdGVkX18NUw8FrWmYdMdjbwjiWkSgU9M9GjBzz2jw/DPvtypfwBAB8Ab7PXqFY1ua25uYGWk2BoXONoTwkeIWZMqG+sdho9ekcpIc84D9tlb8AN4YmQBLIBdYsu4Huh30IzuxCv0MVSN90ZPm62T/kMMSI5OHsaqBzuu10cY=&u=U2FsdGVkX18iENWE50Zw6hIRh7+qB12O2AC3Ouy3nKU=&y=U2FsdGVkX1/Q1yNcJFdnS428CiDeRYJXjuRYWKZiPRQ= HTTP/1.1" 200 26
186.102.87.64 - - [03/Nov/2023:09:57:40 -0500] "GET /kwssiamovil/sm/acme/a?s=U2FsdGVkX19h7YPkVuf1bilUdAIn42nHsRvfa21Zb0HSNquC542qIRrkLWDi2IvFvPN0yAK3qYKlwUJU/GYy6BuWVcHuj77WfCsWzz/w1T2VIrOTE9936pCq7t/QE/tguzXGunwlR3qEnDzfzJLqMiA/RqtH7hlLYU+Tzwi3b9g=&u=U2FsdGVkX18iENWE50Zw6hIRh7+qB12O2AC3Ouy3nKU=&y=U2FsdGVkX1/Q1yNcJFdnS428CiDeRYJXjuRYWKZiPRQ= HTTP/1.1" 200 26
186.102.87.64 - - [03/Nov/2023:09:57:41 -0500] "GET /kwssiamovil/sm/acme/a?s=U2FsdGVkX19i+j5HbLjmOsr/q+OfJUOR45byzCwO5TYxF3FTQuXCGlbrXjhXL0mWI6yMyIc5Fcb3HL2bmPY4u7BjbJhh7UJXCnx+0MLtfoRv4JuSnfEhroG4YSYlSgH0SvR0QhUO9dp9j53OiMZsnufPi0Dn8ko/y1dBQj6t5Bs=&u=U2FsdGVkX18iENWE50Zw6hIRh7+qB12O2AC3Ouy3nKU=&y=U2FsdGVkX1/Q1yNcJFdnS428CiDeRYJXjuRYWKZiPRQ= HTTP/1.1" 200 26
186.102.87.64 - - [03/Nov/2023:09:57:41 -0500] "GET /kwssiamovil/sm/acme/a?s=U2FsdGVkX19pT5KB7kR6kf17/unagUcu4pD0AiKe7SB5Ek7dKZ8T7PaxDJSCA7G9DcG402U6Rd/sZtf8qANKPWB7nEk0Zxam4HfKjU7Qj1Em7tfSn5tEYx9lyms3QXV5VSORaANv/qJnX/778uR76oIJP6ymVzx88xCV6LPMN4u6Kcci9JGnd0h8pDfjMKI8&u=U2FsdGVkX18iENWE50Zw6hIRh7+qB12O2AC3Ouy3nKU=&y=U2FsdGVkX1/Q1yNcJFdnS428CiDeRYJXjuRYWKZiPRQ= HTTP/1.1" 200 26
186.102.87.64 - - [03/Nov/2023:09:57:41 -0500] "GET /kwssiamovil/sm/acme/a?s=U2FsdGVkX1+2738a+8+gh3dPgmDT++OTq9xO0qypFbCBpnnODYnu74Cw/IkGeAPUYx8wt2Gy0VHKJVC+Rrmewo7J00WsPOkJqGmD/zOzaXuDF0zSOTDZXQfWk/yKAP0vn0i94++Z5cMqJlsmtOHvLmJq6hROihZofeQzdjcctd/j+nNbu3n8Ez3npdoS34NiZ71ROgDP3+0ar5sHIccdRM71JZqpe+sKjfcsgcUEL5k=&u=U2FsdGVkX18iENWE50Zw6hIRh7+qB12O2AC3Ouy3nKU=&y=U2FsdGVkX1/Q1yNcJFdnS428CiDeRYJXjuRYWKZiPRQ= HTTP/1.1" 200 26
172.22.2.4 - - [03/Nov/2023:09:57:41 -0500] "GET /BLA/boletinlegal/actos.php HTTP/1.1" 200 9682
186.102.87.64 - - [03/Nov/2023:09:57:41 -0500] "GET /kwssiamovil/sm/acme/a?s=U2FsdGVkX1+3AEoPjwTVPZSqMYnpecGScH0dyhTIhmuKxFSoQkfZH8Ay+j6hj+hpNkNOekaONLBnUeXbR5TU39O3AUUCAXAXWa3kZvB/RjUKlUiDW2NgnhHY91biX2dknrxcRz3D7PW5oqMlv7H92ojJbBySUbXPuYcmR8lYj4RxiNIxDYbjtNVko0Snhos/IW96m4ptd3rN08CY2NUgtg==&u=U2FsdGVkX18iENWE50Zw6hIRh7+qB12O2AC3Ouy3nKU=&y=U2FsdGVkX1/Q1yNcJFdnS428CiDeRYJXjuRYWKZiPRQ= HTTP/1.1" 200 26
201.245.192.253 - - [03/Nov/2023:09:57:41 -0500] "POST /sipse/faces/presentacion/financiero/solicitudProceso/consultarSolicitudProceso.xhtml HTTP/1.1" 200 35006
201.245.192.253 - - [03/Nov/2023:09:57:42 -0500] "GET /sipse/faces/javax.faces.resource/jquery/jquery.js?ln=primefaces&v=4.0 HTTP/1.1" 304 -
201.245.192.253 - - [03/Nov/2023:09:57:42 -0500] "GET /sipse/faces/javax.faces.resource/jquery/jquery-plugins.js?ln=primefaces&v=4.0 HTTP/1.1" 304 -
201.245.192.253 - - [03/Nov/2023:09:57:42 -0500] "GET /sipse/faces/javax.faces.resource/primefaces.js?ln=primefaces&v=4.0 HTTP/1.1" 304 -
201.245.192.253 - - [03/Nov/2023:09:57:42 -0500] "GET /sipse/faces/javax.faces.resource/layout/layout.js?ln=primefaces&v=4.0 HTTP/1.1" 304 -
201.245.192.253 - - [03/Nov/2023:09:57:43 -0500] "POST /sipse/faces/presentacion/financiero/solicitudProceso/asignarContratacion.xhtml HTTP/1.1" 200 67032
201.245.192.253 - - [03/Nov/2023:09:57:45 -0500] "GET /sipse/faces/javax.faces.resource/jquery/jquery.js?ln=primefaces&v=4.0 HTTP/1.1" 304 -
201.245.192.253 - - [03/Nov/2023:09:57:45 -0500] "GET /sipse/faces/javax.faces.resource/jquery/jquery-plugins.js?ln=primefaces&v=4.0 HTTP/1.1" 304 -
201.245.192.253 - - [03/Nov/2023:09:57:45 -0500] "GET /sipse/faces/javax.faces.resource/primefaces.js?ln=primefaces&v=4.0 HTTP/1.1" 304 -
201.245.192.253 - - [03/Nov/2023:09:57:45 -0500] "GET /sipse/faces/javax.faces.resource/layout/layout.js?ln=primefaces&v=4.0 HTTP/1.1" 304 -
201.245.192.253 - - [03/Nov/2023:09:57:45 -0500] "POST /sipse/faces/presentacion/financiero/solicitudProceso/listarSolicitudProceso.xhtml HTTP/1.1" 200 1548
201.245.192.253 - - [03/Nov/2023:09:57:47 -0500] "GET /BLA/resoluciones/ HTTP/1.1" 200 13696
100.21.24.205 - - [03/Nov/2023:09:57:47 -0500] "GET /BLA/resoluciones/index.php?dir=RESOLUCIONES%202003/RES%202003%20901-950/ HTTP/1.1" 200 11306
201.245.192.253 - - [03/Nov/2023:09:57:51 -0500] "GET /BLA/resoluciones/index.php?dir=RESOLUCIONES+2021%2F HTTP/1.1" 200 442881
201.245.192.253 - - [03/Nov/2023:09:57:53 -0500] "POST /sipse/faces/presentacion/financiero/solicitudProceso/listarSolicitudProceso.xhtml HTTP/1.1" 200 146853
201.245.192.253 - - [03/Nov/2023:09:57:54 -0500] "GET /sipse/faces/javax.faces.resource/jquery/jquery.js?ln=primefaces&v=4.0 HTTP/1.1" 304 -
201.245.192.253 - - [03/Nov/2023:09:57:54 -0500] "GET /sipse/faces/javax.faces.resource/jquery/jquery-plugins.js?ln=primefaces&v=4.0 HTTP/1.1" 304 -
201.245.192.253 - - [03/Nov/2023:09:57:54 -0500] "GET /sipse/faces/javax.faces.resource/primefaces.js?ln=primefaces&v=4.0 HTTP/1.1" 304 -
201.245.192.253 - - [03/Nov/2023:09:57:54 -0500] "GET /sipse/faces/javax.faces.resource/layout/layout.js?ln=primefaces&v=4.0 HTTP/1.1" 304 -
201.245.192.253 - - [03/Nov/2023:09:57:59 -0500] "GET /BLA/resoluciones/RESOLUCIONES%202021/4686.pdf HTTP/1.1" 200 504135
201.245.192.253 - - [03/Nov/2023:09:57:59 -0500] "POST /sipse/faces/presentacion/financiero/solicitudProceso/consultarSolicitudProceso.xhtml HTTP/1.1" 200 66546
201.245.192.253 - - [03/Nov/2023:09:58:00 -0500] "GET /sipse/faces/javax.faces.resource/jquery/jquery.js?ln=primefaces&v=4.0 HTTP/1.1" 304 -
201.245.192.253 - - [03/Nov/2023:09:58:00 -0500] "GET /sipse/faces/javax.faces.resource/jquery/jquery-plugins.js?ln=primefaces&v=4.0 HTTP/1.1" 304 -
201.245.192.253 - - [03/Nov/2023:09:58:00 -0500] "GET /sipse/faces/javax.faces.resource/primefaces.js?ln=primefaces&v=4.0 HTTP/1.1" 304 -
201.245.192.253 - - [03/Nov/2023:09:58:00 -0500] "GET /sipse/faces/javax.faces.resource/layout/layout.js?ln=primefaces&v=4.0 HTTP/1.1" 304 -
100.21.24.205 - - [03/Nov/2023:09:57:57 -0500] "GET /BLA/resoluciones/index.php?dir=AUTOS%202020/ HTTP/1.1" 200 332687
201.245.192.253 - - [03/Nov/2023:09:58:00 -0500] "POST /sipse/faces/presentacion/financiero/solicitudProceso/listarSolicitudProceso.xhtml HTTP/1.1" 200 59916
201.245.192.253 - - [03/Nov/2023:09:58:01 -0500] "POST /sipse/faces/presentacion/financiero/solicitudProceso/listarSolicitudProceso.xhtml HTTP/1.1" 200 59916
201.245.192.253 - - [03/Nov/2023:09:58:01 -0500] "POST /sipse/faces/presentacion/financiero/solicitudProceso/listarSolicitudProceso.xhtml HTTP/1.1" 200 59916
201.245.192.253 - - [03/Nov/2023:09:58:02 -0500] "POST /sipse/faces/presentacion/financiero/solicitudProceso/listarSolicitudProceso.xhtml HTTP/1.1" 200 59916
201.245.192.253 - - [03/Nov/2023:09:58:02 -0500] "POST /sipse/faces/presentacion/financiero/solicitudProceso/listarSolicitudProceso.xhtml HTTP/1.1" 200 59916
201.245.192.253 - - [03/Nov/2023:09:58:02 -0500] "POST /sipse/faces/presentacion/financiero/solicitudProceso/listarSolicitudProceso.xhtml HTTP/1.1" 200 59916
201.245.192.253 - - [03/Nov/2023:09:58:03 -0500] "POST /sipse/faces/presentacion/financiero/solicitudProceso/listarSolicitudProceso.xhtml HTTP/1.1" 200 59916
201.245.192.253 - - [03/Nov/2023:09:58:03 -0500] "POST /sipse/faces/presentacion/financiero/solicitudProceso/listarSolicitudProceso.xhtml HTTP/1.1" 200 59916
201.245.192.253 - - [03/Nov/2023:09:58:03 -0500] "POST /sipse/faces/presentacion/financiero/solicitudProceso/listarSolicitudProceso.xhtml HTTP/1.1" 200 59916
201.245.192.253 - - [03/Nov/2023:09:58:04 -0500] "POST /sipse/faces/presentacion/financiero/solicitudProceso/listarSolicitudProceso.xhtml HTTP/1.1" 200 59916
201.245.192.253 - - [03/Nov/2023:09:58:04 -0500] "POST /sipse/faces/presentacion/financiero/solicitudProceso/listarSolicitudProceso.xhtml HTTP/1.1" 200 59916
201.245.192.253 - - [03/Nov/2023:09:58:04 -0500] "POST /sipse/faces/presentacion/financiero/solicitudProceso/listarSolicitudProceso.xhtml HTTP/1.1" 200 59916
201.245.192.253 - - [03/Nov/2023:09:58:05 -0500] "POST /sipse/faces/presentacion/financiero/solicitudProceso/listarSolicitudProceso.xhtml HTTP/1.1" 200 59916
201.245.192.253 - - [03/Nov/2023:09:58:05 -0500] "POST /sipse/faces/presentacion/financiero/solicitudProceso/listarSolicitudProceso.xhtml HTTP/1.1" 200 1548
201.245.192.253 - - [03/Nov/2023:09:58:05 -0500] "POST /sipse/faces/presentacion/financiero/solicitudProceso/listarSolicitudProceso.xhtml HTTP/1.1" 200 1560
201.245.192.253 - - [03/Nov/2023:09:58:05 -0500] "POST /sipse/faces/presentacion/financiero/solicitudProceso/listarSolicitudProceso.xhtml HTTP/1.1" 200 1556
201.245.192.253 - - [03/Nov/2023:09:58:06 -0500] "POST /forms/lservlet;jsessionid=ac16012b30d67398b24510264f55a2d4c5826150a17a.e3iSbxaKaheRe3eRa38MahaQbi1ynknvrkLOlQzNp65In0 HTTP/1.1" 200 2
201.245.192.253 - - [03/Nov/2023:09:58:06 -0500] "POST /sipse/faces/presentacion/financiero/solicitudProceso/listarSolicitudProceso.xhtml HTTP/1.1" 200 1560
201.245.192.253 - - [03/Nov/2023:09:58:06 -0500] "POST /sipse/faces/presentacion/financiero/solicitudProceso/listarSolicitudProceso.xhtml HTTP/1.1" 200 1556
201.245.192.253 - - [03/Nov/2023:09:58:06 -0500] "POST /sipse/faces/presentacion/financiero/solicitudProceso/listarSolicitudProceso.xhtml HTTP/1.1" 200 1560
201.245.192.253 - - [03/Nov/2023:09:58:06 -0500] "POST /sipse/faces/presentacion/financiero/solicitudProceso/listarSolicitudProceso.xhtml HTTP/1.1" 200 1552
201.245.192.253 - - [03/Nov/2023:09:58:07 -0500] "POST /sipse/faces/presentacion/financiero/solicitudProceso/listarSolicitudProceso.xhtml HTTP/1.1" 200 1560
201.245.192.253 - - [03/Nov/2023:09:58:07 -0500] "POST /sipse/faces/presentacion/financiero/solicitudProceso/listarSolicitudProceso.xhtml HTTP/1.1" 200 1556
201.245.192.253 - - [03/Nov/2023:09:58:07 -0500] "POST /sipse/faces/presentacion/financiero/solicitudProceso/listarSolicitudProceso.xhtml HTTP/1.1" 200 1560
201.245.192.253 - - [03/Nov/2023:09:58:07 -0500] "POST /sipse/faces/presentacion/financiero/solicitudProceso/listarSolicitudProceso.xhtml HTTP/1.1" 200 1556
201.245.192.253 - - [03/Nov/2023:09:58:08 -0500] "POST /sipse/faces/presentacion/financiero/solicitudProceso/listarSolicitudProceso.xhtml HTTP/1.1" 200 1560
201.245.192.253 - - [03/Nov/2023:09:58:08 -0500] "POST /sipse/faces/presentacion/financiero/solicitudProceso/listarSolicitudProceso.xhtml HTTP/1.1" 200 1556
201.245.192.253 - - [03/Nov/2023:09:58:08 -0500] "POST /sipse/faces/presentacion/financiero/solicitudProceso/listarSolicitudProceso.xhtml HTTP/1.1" 200 1560
44.230.252.91 - - [03/Nov/2023:09:58:06 -0500] "GET /BLA/resoluciones/index.php?dir=AUTOS%202020/&order=asc&sort=date HTTP/1.1" 200 332687
186.85.212.95 - - [03/Nov/2023:09:58:11 -0500] "GET /sipse/faces/index.xhtml HTTP/1.1" 200 677
186.85.212.95 - - [03/Nov/2023:09:58:12 -0500] "GET /sipse/faces/javax.faces.resource/theme.css?ln=primefaces-sipse HTTP/1.1" 200 50058
201.245.192.253 - - [03/Nov/2023:09:58:11 -0500] "POST /sipse/faces/presentacion/financiero/solicitudProceso/listarSolicitudProceso.xhtml HTTP/1.1" 200 127189
201.245.192.253 - - [03/Nov/2023:09:58:12 -0500] "GET /sipse/faces/javax.faces.resource/jquery/jquery.js?ln=primefaces&v=4.0 HTTP/1.1" 304 -
201.245.192.253 - - [03/Nov/2023:09:58:12 -0500] "GET /sipse/faces/javax.faces.resource/jquery/jquery-plugins.js?ln=primefaces&v=4.0 HTTP/1.1" 304 -
201.245.192.253 - - [03/Nov/2023:09:58:12 -0500] "GET /sipse/faces/javax.faces.resource/primefaces.js?ln=primefaces&v=4.0 HTTP/1.1" 304 -
201.245.192.253 - - [03/Nov/2023:09:58:12 -0500] "GET /sipse/faces/javax.faces.resource/layout/layout.js?ln=primefaces&v=4.0 HTTP/1.1" 304 -
186.85.212.95 - - [03/Nov/2023:09:58:12 -0500] "GET /sipse/faces/faces/autenticacion.xhtml HTTP/1.1" 200 12406
186.85.212.95 - - [03/Nov/2023:09:58:12 -0500] "GET /sipse/js/disable_browser_buttons.js HTTP/1.1" 200 3230
186.85.212.95 - - [03/Nov/2023:09:58:12 -0500] "GET /sipse/js/funciones.js HTTP/1.1" 200 12592
186.85.212.95 - - [03/Nov/2023:09:58:12 -0500] "GET /sipse/css/custom_css_sg.css HTTP/1.1" 200 9694
186.85.212.95 - - [03/Nov/2023:09:58:12 -0500] "GET /sipse/css/custom_css_sg_prime_login.css HTTP/1.1" 200 443
186.85.212.95 - - [03/Nov/2023:09:58:12 -0500] "GET /sipse/faces/javax.faces.resource/layout/layout.css?ln=primefaces&v=4.0 HTTP/1.1" 200 542
186.85.212.95 - - [03/Nov/2023:09:58:12 -0500] "GET /sipse/faces/javax.faces.resource/theme.css?ln=primefaces-sipse HTTP/1.1" 304 -
186.85.212.95 - - [03/Nov/2023:09:58:12 -0500] "GET /sipse/faces/javax.faces.resource/layout/layout.js?ln=primefaces&v=4.0 HTTP/1.1" 200 87560
186.85.212.95 - - [03/Nov/2023:09:58:12 -0500] "GET /sipse/faces/javax.faces.resource/primefaces.css?ln=primefaces&v=4.0 HTTP/1.1" 200 53295
186.85.212.95 - - [03/Nov/2023:09:58:12 -0500] "GET /sipse/faces/javax.faces.resource/jquery/jquery.js?ln=primefaces&v=4.0 HTTP/1.1" 200 105384
186.85.212.95 - - [03/Nov/2023:09:58:12 -0500] "GET /sipse/faces/javax.faces.resource/primefaces.js?ln=primefaces&v=4.0 HTTP/1.1" 200 276924
186.85.212.95 - - [03/Nov/2023:09:58:12 -0500] "GET /sipse/faces/javax.faces.resource/jquery/jquery-plugins.js?ln=primefaces&v=4.0 HTTP/1.1" 200 220526
186.85.212.95 - - [03/Nov/2023:09:58:13 -0500] "GET /sipse/faces/javax.faces.resource/images/ui-icons_898989_256x240.png?ln=primefaces-aristo HTTP/1.1" 200 5355
186.85.212.95 - - [03/Nov/2023:09:58:13 -0500] "GET /sipse/css/imagen/logoSDG.png HTTP/1.1" 200 53064
186.85.212.95 - - [03/Nov/2023:09:58:13 -0500] "GET /sipse/css/imagen/loginimg.png HTTP/1.1" 200 71635
52.25.208.208 - - [03/Nov/2023:09:58:12 -0500] "GET /BLA/resoluciones/index.php?dir=AUTOS%202020/&order=asc&sort=name HTTP/1.1" 200 332687
201.245.192.253 - - [03/Nov/2023:09:58:16 -0500] "POST /sipse/faces/presentacion/financiero/solicitudProceso/consultarSolicitudProceso.xhtml HTTP/1.1" 200 35006
201.245.192.253 - - [03/Nov/2023:09:58:16 -0500] "GET /sipse/faces/javax.faces.resource/jquery/jquery.js?ln=primefaces&v=4.0 HTTP/1.1" 304 -
201.245.192.253 - - [03/Nov/2023:09:58:16 -0500] "GET /sipse/faces/javax.faces.resource/jquery/jquery-plugins.js?ln=primefaces&v=4.0 HTTP/1.1" 304 -
201.245.192.253 - - [03/Nov/2023:09:58:16 -0500] "GET /sipse/faces/javax.faces.resource/primefaces.js?ln=primefaces&v=4.0 HTTP/1.1" 304 -
201.245.192.253 - - [03/Nov/2023:09:58:16 -0500] "GET /sipse/faces/javax.faces.resource/layout/layout.js?ln=primefaces&v=4.0 HTTP/1.1" 304 -
186.85.212.95 - - [03/Nov/2023:09:58:18 -0500] "POST /sipse/faces/autenticacion.xhtml HTTP/1.1" 200 2220
186.85.212.95 - - [03/Nov/2023:09:58:18 -0500] "GET /sipse/faces/javax.faces.resource/messages/messages.png?ln=primefaces&v=4.0 HTTP/1.1" 200 27209
201.245.192.253 - - [03/Nov/2023:09:58:17 -0500] "POST /sipse/faces/presentacion/financiero/solicitudProceso/asignarContratacion.xhtml HTTP/1.1" 200 67032
201.245.192.253 - - [03/Nov/2023:09:58:20 -0500] "GET /sipse/faces/javax.faces.resource/jquery/jquery.js?ln=primefaces&v=4.0 HTTP/1.1" 304 -
201.245.192.253 - - [03/Nov/2023:09:58:20 -0500] "GET /sipse/faces/javax.faces.resource/jquery/jquery-plugins.js?ln=primefaces&v=4.0 HTTP/1.1" 304 -
201.245.192.253 - - [03/Nov/2023:09:58:20 -0500] "GET /sipse/faces/javax.faces.resource/primefaces.js?ln=primefaces&v=4.0 HTTP/1.1" 304 -
201.245.192.253 - - [03/Nov/2023:09:58:20 -0500] "GET /sipse/faces/javax.faces.resource/layout/layout.js?ln=primefaces&v=4.0 HTTP/1.1" 304 -
186.85.212.95 - - [03/Nov/2023:09:58:20 -0500] "POST /sipse/faces/autenticacion.xhtml HTTP/1.1" 200 16356
186.85.212.95 - - [03/Nov/2023:09:58:20 -0500] "GET /sipse/css/custom_css_sg_prime.css HTTP/1.1" 200 5201
186.85.212.95 - - [03/Nov/2023:09:58:20 -0500] "GET /sipse/faces/javax.faces.resource/primefaces.css?ln=primefaces&v=4.0 HTTP/1.1" 304 -
186.85.212.95 - - [03/Nov/2023:09:58:20 -0500] "GET /sipse/faces/javax.faces.resource/theme.css?ln=primefaces-sipse HTTP/1.1" 304 -
186.85.212.95 - - [03/Nov/2023:09:58:20 -0500] "GET /sipse/faces/javax.faces.resource/layout/layout.css?ln=primefaces&v=4.0 HTTP/1.1" 304 -
186.85.212.95 - - [03/Nov/2023:09:58:20 -0500] "GET /sipse/js/jquery.min.js HTTP/1.1" 200 85582
186.85.212.95 - - [03/Nov/2023:09:58:20 -0500] "GET /sipse/faces/javax.faces.resource/jquery/jquery.js?ln=primefaces&v=4.0 HTTP/1.1" 304 -
201.245.192.253 - - [03/Nov/2023:09:58:20 -0500] "POST /sipse/faces/presentacion/financiero/solicitudProceso/listarSolicitudProceso.xhtml HTTP/1.1" 200 1548
186.85.212.95 - - [03/Nov/2023:09:58:20 -0500] "GET /sipse/faces/javax.faces.resource/jquery/jquery-plugins.js?ln=primefaces&v=4.0 HTTP/1.1" 304 -
186.85.212.95 - - [03/Nov/2023:09:58:20 -0500] "GET /sipse/faces/javax.faces.resource/primefaces.js?ln=primefaces&v=4.0 HTTP/1.1" 304 -
186.85.212.95 - - [03/Nov/2023:09:58:20 -0500] "GET /sipse/faces/javax.faces.resource/layout/layout.js?ln=primefaces&v=4.0 HTTP/1.1" 304 -
186.85.212.95 - - [03/Nov/2023:09:58:20 -0500] "GET /sipse/css/v_mergente.css HTTP/1.1" 200 1505
186.85.212.95 - - [03/Nov/2023:09:58:20 -0500] "GET /sipse/css/imagen/contrasena.png HTTP/1.1" 404 383
186.85.212.95 - - [03/Nov/2023:09:58:20 -0500] "GET /sipse/imagenes/cargando.gif HTTP/1.1" 200 36959
186.85.212.95 - - [03/Nov/2023:09:58:20 -0500] "GET /sipse/imagenes/logoAplicacion.jpg HTTP/1.1" 200 155084
186.85.212.95 - - [03/Nov/2023:09:58:22 -0500] "GET /sipse/faces/javax.faces.resource/images/ui-bg_flat_0_2d5972_40x100.png?ln=primefaces-aristo HTTP/1.1" 200 183
186.85.212.95 - - [03/Nov/2023:09:58:22 -0500] "POST /sipse/faces/bienvenido.xhtml HTTP/1.1" 200 2658
201.245.192.253 - - [03/Nov/2023:09:58:22 -0500] "POST /sipse/faces/presentacion/financiero/solicitudProceso/listarSolicitudProceso.xhtml HTTP/1.1" 200 59916
201.245.192.253 - - [03/Nov/2023:09:58:22 -0500] "POST /sipse/faces/presentacion/financiero/solicitudProceso/listarSolicitudProceso.xhtml HTTP/1.1" 200 59916
201.245.192.253 - - [03/Nov/2023:09:58:23 -0500] "POST /sipse/faces/presentacion/financiero/solicitudProceso/listarSolicitudProceso.xhtml HTTP/1.1" 200 59916
201.245.192.253 - - [03/Nov/2023:09:58:23 -0500] "POST /sipse/faces/presentacion/financiero/solicitudProceso/listarSolicitudProceso.xhtml HTTP/1.1" 200 59916
201.245.192.253 - - [03/Nov/2023:09:58:23 -0500] "POST /sipse/faces/presentacion/financiero/solicitudProceso/listarSolicitudProceso.xhtml HTTP/1.1" 200 59916
201.245.192.253 - - [03/Nov/2023:09:58:24 -0500] "POST /sipse/faces/presentacion/financiero/solicitudProceso/listarSolicitudProceso.xhtml HTTP/1.1" 200 59916
201.245.192.253 - - [03/Nov/2023:09:58:24 -0500] "POST /sipse/faces/presentacion/financiero/solicitudProceso/listarSolicitudProceso.xhtml HTTP/1.1" 200 59916
201.245.192.253 - - [03/Nov/2023:09:58:24 -0500] "POST /sipse/faces/presentacion/financiero/solicitudProceso/listarSolicitudProceso.xhtml HTTP/1.1" 200 59916
201.245.192.253 - - [03/Nov/2023:09:58:25 -0500] "POST /sipse/faces/presentacion/financiero/solicitudProceso/listarSolicitudProceso.xhtml HTTP/1.1" 200 59916
201.245.192.253 - - [03/Nov/2023:09:58:25 -0500] "POST /sipse/faces/presentacion/financiero/solicitudProceso/listarSolicitudProceso.xhtml HTTP/1.1" 200 59916
100.21.24.205 - - [03/Nov/2023:09:58:23 -0500] "GET /BLA/resoluciones/index.php?dir=AUTOS%202020/&order=asc&sort=size HTTP/1.1" 200 332687
201.245.192.253 - - [03/Nov/2023:09:58:26 -0500] "POST /sipse/faces/presentacion/financiero/solicitudProceso/listarSolicitudProceso.xhtml HTTP/1.1" 200 59916
201.245.192.253 - - [03/Nov/2023:09:58:26 -0500] "POST /sipse/faces/presentacion/financiero/solicitudProceso/listarSolicitudProceso.xhtml HTTP/1.1" 200 59916
201.245.192.253 - - [03/Nov/2023:09:58:26 -0500] "POST /sipse/faces/presentacion/financiero/solicitudProceso/listarSolicitudProceso.xhtml HTTP/1.1" 200 59916
201.245.192.253 - - [03/Nov/2023:09:58:27 -0500] "POST /sipse/faces/presentacion/financiero/solicitudProceso/listarSolicitudProceso.xhtml HTTP/1.1" 200 59916
201.245.192.253 - - [03/Nov/2023:09:58:27 -0500] "POST /sipse/faces/presentacion/financiero/solicitudProceso/listarSolicitudProceso.xhtml HTTP/1.1" 200 59916
201.245.192.253 - - [03/Nov/2023:09:58:28 -0500] "POST /sipse/faces/presentacion/financiero/solicitudProceso/listarSolicitudProceso.xhtml HTTP/1.1" 200 59916
201.245.192.253 - - [03/Nov/2023:09:58:28 -0500] "POST /sipse/faces/presentacion/financiero/solicitudProceso/listarSolicitudProceso.xhtml HTTP/1.1" 200 59916
186.85.212.95 - - [03/Nov/2023:09:58:23 -0500] "POST /sipse/faces/bienvenido.xhtml HTTP/1.1" 200 65353
186.85.212.95 - - [03/Nov/2023:09:58:28 -0500] "GET /sipse/faces/javax.faces.resource/theme.css?ln=primefaces-sipse HTTP/1.1" 304 -
186.85.212.95 - - [03/Nov/2023:09:58:28 -0500] "GET /sipse/faces/javax.faces.resource/primefaces.css?ln=primefaces&v=4.0 HTTP/1.1" 304 -
186.85.212.95 - - [03/Nov/2023:09:58:28 -0500] "GET /sipse/faces/javax.faces.resource/layout/layout.css?ln=primefaces&v=4.0 HTTP/1.1" 304 -
186.85.212.95 - - [03/Nov/2023:09:58:28 -0500] "GET /sipse/faces/javax.faces.resource/jquery/jquery.js?ln=primefaces&v=4.0 HTTP/1.1" 304 -
186.85.212.95 - - [03/Nov/2023:09:58:28 -0500] "GET /sipse/faces/javax.faces.resource/jquery/jquery-plugins.js?ln=primefaces&v=4.0 HTTP/1.1" 304 -
201.245.192.253 - - [03/Nov/2023:09:58:28 -0500] "POST /sipse/faces/presentacion/financiero/solicitudProceso/listarSolicitudProceso.xhtml HTTP/1.1" 200 59916
201.245.192.253 - - [03/Nov/2023:09:58:28 -0500] "POST /sipse/faces/presentacion/financiero/solicitudProceso/listarSolicitudProceso.xhtml HTTP/1.1" 200 1548
186.85.212.95 - - [03/Nov/2023:09:58:29 -0500] "GET /sipse/faces/javax.faces.resource/primefaces.js?ln=primefaces&v=4.0 HTTP/1.1" 304 -
201.245.192.253 - - [03/Nov/2023:09:58:29 -0500] "POST /sipse/faces/presentacion/financiero/solicitudProceso/listarSolicitudProceso.xhtml HTTP/1.1" 200 1560
186.85.212.95 - - [03/Nov/2023:09:58:29 -0500] "GET /sipse/faces/javax.faces.resource/layout/layout.js?ln=primefaces&v=4.0 HTTP/1.1" 304 -
201.245.192.253 - - [03/Nov/2023:09:58:29 -0500] "POST /sipse/faces/presentacion/financiero/solicitudProceso/listarSolicitudProceso.xhtml HTTP/1.1" 200 1556
201.245.192.253 - - [03/Nov/2023:09:58:29 -0500] "POST /sipse/faces/presentacion/financiero/solicitudProceso/listarSolicitudProceso.xhtml HTTP/1.1" 200 1560
201.245.192.253 - - [03/Nov/2023:09:58:29 -0500] "POST /sipse/faces/presentacion/financiero/solicitudProceso/listarSolicitudProceso.xhtml HTTP/1.1" 200 1556
201.245.192.253 - - [03/Nov/2023:09:58:29 -0500] "POST /sipse/faces/presentacion/financiero/solicitudProceso/listarSolicitudProceso.xhtml HTTP/1.1" 200 1560
201.245.192.253 - - [03/Nov/2023:09:58:30 -0500] "POST /sipse/faces/presentacion/financiero/solicitudProceso/listarSolicitudProceso.xhtml HTTP/1.1" 200 1552
201.245.192.253 - - [03/Nov/2023:09:58:30 -0500] "POST /sipse/faces/presentacion/financiero/solicitudProceso/listarSolicitudProceso.xhtml HTTP/1.1" 200 1560
201.245.192.253 - - [03/Nov/2023:09:58:30 -0500] "POST /sipse/faces/presentacion/financiero/solicitudProceso/listarSolicitudProceso.xhtml HTTP/1.1" 200 1556
201.245.192.253 - - [03/Nov/2023:09:58:30 -0500] "POST /sipse/faces/presentacion/financiero/solicitudProceso/listarSolicitudProceso.xhtml HTTP/1.1" 200 1560
201.245.192.253 - - [03/Nov/2023:09:58:30 -0500] "POST /sipse/faces/presentacion/financiero/solicitudProceso/listarSolicitudProceso.xhtml HTTP/1.1" 200 1556
201.245.192.253 - - [03/Nov/2023:09:58:31 -0500] "POST /sipse/faces/presentacion/financiero/solicitudProceso/listarSolicitudProceso.xhtml HTTP/1.1" 200 1560
201.245.192.253 - - [03/Nov/2023:09:58:31 -0500] "POST /sipse/faces/presentacion/financiero/solicitudProceso/listarSolicitudProceso.xhtml HTTP/1.1" 200 1556
201.245.192.253 - - [03/Nov/2023:09:58:31 -0500] "POST /sipse/faces/presentacion/financiero/solicitudProceso/listarSolicitudProceso.xhtml HTTP/1.1" 200 1560
201.245.192.253 - - [03/Nov/2023:09:58:32 -0500] "POST /sipse/faces/presentacion/financiero/solicitudProceso/listarSolicitudProceso.xhtml HTTP/1.1" 200 1556
186.85.212.95 - - [03/Nov/2023:09:58:29 -0500] "POST /sipse/faces/presentacion/financiero/solicitudProceso/listarSolicitudProceso.xhtml HTTP/1.1" 200 1548
201.245.192.253 - - [03/Nov/2023:09:58:32 -0500] "POST /sipse/faces/presentacion/financiero/solicitudProceso/listarSolicitudProceso.xhtml HTTP/1.1" 200 1560
201.245.192.253 - - [03/Nov/2023:09:58:32 -0500] "POST /sipse/faces/presentacion/financiero/solicitudProceso/listarSolicitudProceso.xhtml HTTP/1.1" 200 1552
201.245.192.253 - - [03/Nov/2023:09:58:32 -0500] "POST /sipse/faces/presentacion/financiero/solicitudProceso/listarSolicitudProceso.xhtml HTTP/1.1" 200 1560
216.244.66.195 - - [03/Nov/2023:09:58:33 -0500] "GET /BLA/resoluciones/AUTOS%202011/1672.pdf HTTP/1.1" 200 126012
52.25.208.208 - - [03/Nov/2023:09:58:33 -0500] "GET /BLA/resoluciones/index.php?dir=RESOLUCIONES%201998/&order=desc&sort=date HTTP/1.1" 200 14919
52.25.208.208 - - [03/Nov/2023:09:58:38 -0500] "GET /BLA/resoluciones/index.php?dir=RESOLUCIONES%202003/RES%202003%20951-1000/ HTTP/1.1" 200 11179
100.21.24.205 - - [03/Nov/2023:09:58:41 -0500] "GET /BLA/resoluciones/index.php?dir=RESOLUCIONES%202003/&order=asc&sort=date HTTP/1.1" 200 34282
201.245.192.253 - - [03/Nov/2023:09:58:43 -0500] "POST /sipse/faces/presentacion/financiero/solicitudProceso/listarSolicitudProceso.xhtml HTTP/1.1" 200 146853
201.245.192.253 - - [03/Nov/2023:09:58:44 -0500] "GET /sipse/faces/javax.faces.resource/jquery/jquery.js?ln=primefaces&v=4.0 HTTP/1.1" 304 -
201.245.192.253 - - [03/Nov/2023:09:58:44 -0500] "GET /sipse/faces/javax.faces.resource/jquery/jquery-plugins.js?ln=primefaces&v=4.0 HTTP/1.1" 304 -
201.245.192.253 - - [03/Nov/2023:09:58:44 -0500] "GET /sipse/faces/javax.faces.resource/primefaces.js?ln=primefaces&v=4.0 HTTP/1.1" 304 -
201.245.192.253 - - [03/Nov/2023:09:58:44 -0500] "GET /sipse/faces/javax.faces.resource/layout/layout.js?ln=primefaces&v=4.0 HTTP/1.1" 304 -
52.25.208.208 - - [03/Nov/2023:09:58:46 -0500] "GET /BLA/resoluciones/index.php?dir=RESOLUCIONES%202003/&order=asc&sort=size HTTP/1.1" 200 34282
201.245.192.253 - - [03/Nov/2023:09:58:49 -0500] "POST /sipse/faces/presentacion/financiero/solicitudProceso/consultarSolicitudProceso.xhtml HTTP/1.1" 200 66546
201.245.192.253 - - [03/Nov/2023:09:58:49 -0500] "GET /sipse/faces/javax.faces.resource/jquery/jquery.js?ln=primefaces&v=4.0 HTTP/1.1" 304 -
201.245.192.253 - - [03/Nov/2023:09:58:49 -0500] "GET /sipse/faces/javax.faces.resource/jquery/jquery-plugins.js?ln=primefaces&v=4.0 HTTP/1.1" 304 -
201.245.192.253 - - [03/Nov/2023:09:58:49 -0500] "GET /sipse/faces/javax.faces.resource/primefaces.js?ln=primefaces&v=4.0 HTTP/1.1" 304 -
201.245.192.253 - - [03/Nov/2023:09:58:49 -0500] "GET /sipse/faces/javax.faces.resource/layout/layout.js?ln=primefaces&v=4.0 HTTP/1.1" 304 -
201.245.192.253 - - [03/Nov/2023:09:58:49 -0500] "POST /sipse/faces/presentacion/financiero/solicitudProceso/listarSolicitudProceso.xhtml HTTP/1.1" 200 59916
201.245.192.253 - - [03/Nov/2023:09:58:50 -0500] "POST /sipse/faces/presentacion/financiero/solicitudProceso/listarSolicitudProceso.xhtml HTTP/1.1" 200 59916
201.245.192.253 - - [03/Nov/2023:09:58:50 -0500] "POST /sipse/faces/presentacion/financiero/solicitudProceso/listarSolicitudProceso.xhtml HTTP/1.1" 200 59916
201.245.192.253 - - [03/Nov/2023:09:58:51 -0500] "POST /sipse/faces/presentacion/financiero/solicitudProceso/listarSolicitudProceso.xhtml HTTP/1.1" 200 59916
201.245.192.253 - - [03/Nov/2023:09:58:51 -0500] "POST /sipse/faces/presentacion/financiero/solicitudProceso/listarSolicitudProceso.xhtml HTTP/1.1" 200 59916
201.245.192.253 - - [03/Nov/2023:09:58:52 -0500] "POST /sipse/faces/presentacion/financiero/solicitudProceso/listarSolicitudProceso.xhtml HTTP/1.1" 200 59916
201.245.192.253 - - [03/Nov/2023:09:58:52 -0500] "POST /sipse/faces/presentacion/financiero/solicitudProceso/listarSolicitudProceso.xhtml HTTP/1.1" 200 59916
44.230.252.91 - - [03/Nov/2023:09:58:52 -0500] "GET /BLA/resoluciones/index.php?dir=RESOLUCIONES%202003/&order=desc&sort=name HTTP/1.1" 200 34281
201.245.192.253 - - [03/Nov/2023:09:58:52 -0500] "POST /sipse/faces/presentacion/financiero/solicitudProceso/listarSolicitudProceso.xhtml HTTP/1.1" 200 59916
201.245.192.253 - - [03/Nov/2023:09:58:53 -0500] "POST /sipse/faces/presentacion/financiero/solicitudProceso/listarSolicitudProceso.xhtml HTTP/1.1" 200 59916
201.245.192.253 - - [03/Nov/2023:09:58:53 -0500] "POST /sipse/faces/presentacion/financiero/solicitudProceso/listarSolicitudProceso.xhtml HTTP/1.1" 200 59916
201.245.192.253 - - [03/Nov/2023:09:58:54 -0500] "POST /sipse/faces/presentacion/financiero/solicitudProceso/listarSolicitudProceso.xhtml HTTP/1.1" 200 59916
201.245.192.253 - - [03/Nov/2023:09:58:54 -0500] "POST /sipse/faces/presentacion/financiero/solicitudProceso/listarSolicitudProceso.xhtml HTTP/1.1" 200 59916
201.245.192.253 - - [03/Nov/2023:09:58:54 -0500] "POST /sipse/faces/presentacion/financiero/solicitudProceso/listarSolicitudProceso.xhtml HTTP/1.1" 200 59916
172.22.2.4 - - [03/Nov/2023:09:58:19 -0500] "GET /BLA/boletinlegal/ HTTP/1.1" 200 24523
201.245.192.253 - - [03/Nov/2023:09:58:55 -0500] "POST /sipse/faces/presentacion/financiero/solicitudProceso/listarSolicitudProceso.xhtml HTTP/1.1" 200 59916
201.245.192.253 - - [03/Nov/2023:09:58:55 -0500] "POST /sipse/faces/presentacion/financiero/solicitudProceso/listarSolicitudProceso.xhtml HTTP/1.1" 200 59916
201.245.192.253 - - [03/Nov/2023:09:58:56 -0500] "POST /sipse/faces/presentacion/financiero/solicitudProceso/listarSolicitudProceso.xhtml HTTP/1.1" 200 59916
201.245.192.253 - - [03/Nov/2023:09:58:56 -0500] "POST /sipse/faces/presentacion/financiero/solicitudProceso/listarSolicitudProceso.xhtml HTTP/1.1" 200 59916
201.245.192.253 - - [03/Nov/2023:09:58:56 -0500] "POST /sipse/faces/presentacion/financiero/solicitudProceso/listarSolicitudProceso.xhtml HTTP/1.1" 200 59916
201.245.192.253 - - [03/Nov/2023:09:58:57 -0500] "POST /sipse/faces/presentacion/financiero/solicitudProceso/listarSolicitudProceso.xhtml HTTP/1.1" 200 1548
201.245.192.253 - - [03/Nov/2023:09:58:57 -0500] "POST /sipse/faces/presentacion/financiero/solicitudProceso/listarSolicitudProceso.xhtml HTTP/1.1" 200 1560
201.245.192.253 - - [03/Nov/2023:09:58:57 -0500] "POST /sipse/faces/presentacion/financiero/solicitudProceso/listarSolicitudProceso.xhtml HTTP/1.1" 200 1556
201.245.192.253 - - [03/Nov/2023:09:58:57 -0500] "POST /sipse/faces/presentacion/financiero/solicitudProceso/listarSolicitudProceso.xhtml HTTP/1.1" 200 1560
201.245.192.253 - - [03/Nov/2023:09:58:57 -0500] "POST /sipse/faces/presentacion/financiero/solicitudProceso/listarSolicitudProceso.xhtml HTTP/1.1" 200 1556
201.245.192.253 - - [03/Nov/2023:09:58:57 -0500] "POST /sipse/faces/presentacion/financiero/solicitudProceso/listarSolicitudProceso.xhtml HTTP/1.1" 200 1560
201.245.192.253 - - [03/Nov/2023:09:58:58 -0500] "POST /sipse/faces/presentacion/financiero/solicitudProceso/listarSolicitudProceso.xhtml HTTP/1.1" 200 1552
201.245.192.253 - - [03/Nov/2023:09:58:58 -0500] "POST /sipse/faces/presentacion/financiero/solicitudProceso/listarSolicitudProceso.xhtml HTTP/1.1" 200 1560
201.245.192.253 - - [03/Nov/2023:09:58:58 -0500] "POST /sipse/faces/presentacion/financiero/solicitudProceso/listarSolicitudProceso.xhtml HTTP/1.1" 200 1556
201.245.192.253 - - [03/Nov/2023:09:58:58 -0500] "POST /sipse/faces/presentacion/financiero/solicitudProceso/listarSolicitudProceso.xhtml HTTP/1.1" 200 1560
201.245.192.253 - - [03/Nov/2023:09:58:58 -0500] "POST /sipse/faces/presentacion/financiero/solicitudProceso/listarSolicitudProceso.xhtml HTTP/1.1" 200 1556
201.245.192.253 - - [03/Nov/2023:09:58:59 -0500] "POST /sipse/faces/presentacion/financiero/solicitudProceso/listarSolicitudProceso.xhtml HTTP/1.1" 200 1560
52.25.208.208 - - [03/Nov/2023:09:58:59 -0500] "GET /BLA/resoluciones/index.php?dir=RESOLUCIONES%202004/RES%202004%2001-%2050/ HTTP/1.1" 200 11966
201.245.192.253 - - [03/Nov/2023:09:58:59 -0500] "POST /sipse/faces/presentacion/financiero/solicitudProceso/listarSolicitudProceso.xhtml HTTP/1.1" 200 1556
201.245.192.253 - - [03/Nov/2023:09:58:59 -0500] "POST /sipse/faces/presentacion/financiero/solicitudProceso/listarSolicitudProceso.xhtml HTTP/1.1" 200 1560
201.245.192.253 - - [03/Nov/2023:09:58:59 -0500] "POST /sipse/faces/presentacion/financiero/solicitudProceso/listarSolicitudProceso.xhtml HTTP/1.1" 200 1556
201.245.192.253 - - [03/Nov/2023:09:58:59 -0500] "POST /sipse/faces/presentacion/financiero/solicitudProceso/listarSolicitudProceso.xhtml HTTP/1.1" 200 1560
201.245.192.253 - - [03/Nov/2023:09:59:00 -0500] "POST /sipse/faces/presentacion/financiero/solicitudProceso/listarSolicitudProceso.xhtml HTTP/1.1" 200 1552
201.245.192.253 - - [03/Nov/2023:09:59:00 -0500] "POST /sipse/faces/presentacion/financiero/solicitudProceso/listarSolicitudProceso.xhtml HTTP/1.1" 200 1560
201.245.192.253 - - [03/Nov/2023:09:59:00 -0500] "POST /sipse/faces/presentacion/financiero/solicitudProceso/listarSolicitudProceso.xhtml HTTP/1.1" 200 1552
201.245.192.253 - - [03/Nov/2023:09:59:07 -0500] "POST /sipse/faces/presentacion/financiero/solicitudProceso/listarSolicitudProceso.xhtml HTTP/1.1" 200 117406
201.245.192.253 - - [03/Nov/2023:09:59:08 -0500] "GET /sipse/faces/javax.faces.resource/jquery/jquery.js?ln=primefaces&v=4.0 HTTP/1.1" 304 -
201.245.192.253 - - [03/Nov/2023:09:59:08 -0500] "GET /sipse/faces/javax.faces.resource/jquery/jquery-plugins.js?ln=primefaces&v=4.0 HTTP/1.1" 304 -
201.245.192.253 - - [03/Nov/2023:09:59:08 -0500] "GET /sipse/faces/javax.faces.resource/primefaces.js?ln=primefaces&v=4.0 HTTP/1.1" 304 -
201.245.192.253 - - [03/Nov/2023:09:59:08 -0500] "GET /sipse/faces/javax.faces.resource/layout/layout.js?ln=primefaces&v=4.0 HTTP/1.1" 304 -
216.244.66.195 - - [03/Nov/2023:09:59:09 -0500] "GET /BLA/resoluciones/AUTOS%202011/1728.pdf HTTP/1.1" 200 137993
100.21.24.205 - - [03/Nov/2023:09:59:10 -0500] "GET /BLA/resoluciones/index.php?dir=RESOLUCIONES%202004/RES%202004%201001-1050/ HTTP/1.1" 200 12169
201.245.192.253 - - [03/Nov/2023:09:59:10 -0500] "POST /sipse/faces/presentacion/financiero/solicitudProceso/consultarSolicitudProceso.xhtml HTTP/1.1" 200 68647
201.245.192.253 - - [03/Nov/2023:09:59:11 -0500] "GET /sipse/faces/javax.faces.resource/theme.css?ln=primefaces-sipse HTTP/1.1" 304 -
201.245.192.253 - - [03/Nov/2023:09:59:11 -0500] "GET /sipse/faces/javax.faces.resource/layout/layout.css?ln=primefaces&v=4.0 HTTP/1.1" 304 -
201.245.192.253 - - [03/Nov/2023:09:59:11 -0500] "GET /sipse/faces/javax.faces.resource/primefaces.css?ln=primefaces&v=4.0 HTTP/1.1" 304 -
201.245.192.253 - - [03/Nov/2023:09:59:11 -0500] "GET /sipse/faces/javax.faces.resource/jquery/jquery.js?ln=primefaces&v=4.0 HTTP/1.1" 304 -
201.245.192.253 - - [03/Nov/2023:09:59:11 -0500] "GET /sipse/faces/javax.faces.resource/jquery/jquery-plugins.js?ln=primefaces&v=4.0 HTTP/1.1" 304 -
201.245.192.253 - - [03/Nov/2023:09:59:11 -0500] "GET /sipse/faces/javax.faces.resource/primefaces.js?ln=primefaces&v=4.0 HTTP/1.1" 304 -
201.245.192.253 - - [03/Nov/2023:09:59:11 -0500] "GET /sipse/faces/javax.faces.resource/layout/layout.js?ln=primefaces&v=4.0 HTTP/1.1" 304 -
201.245.192.253 - - [03/Nov/2023:09:59:11 -0500] "POST /sipse/faces/presentacion/financiero/solicitudProceso/consultar.xhtml HTTP/1.1" 200 62058
201.245.192.253 - - [03/Nov/2023:09:59:12 -0500] "POST /sipse/faces/presentacion/financiero/solicitudProceso/consultar.xhtml HTTP/1.1" 200 62058
201.245.192.253 - - [03/Nov/2023:09:59:11 -0500] "POST /sipse/faces/presentacion/financiero/solicitudProceso/consultarSolicitudProceso.xhtml HTTP/1.1" 200 35006
201.245.192.253 - - [03/Nov/2023:09:59:12 -0500] "GET /sipse/faces/javax.faces.resource/jquery/jquery.js?ln=primefaces&v=4.0 HTTP/1.1" 304 -
201.245.192.253 - - [03/Nov/2023:09:59:12 -0500] "GET /sipse/faces/javax.faces.resource/jquery/jquery-plugins.js?ln=primefaces&v=4.0 HTTP/1.1" 304 -
201.245.192.253 - - [03/Nov/2023:09:59:12 -0500] "GET /sipse/faces/javax.faces.resource/primefaces.js?ln=primefaces&v=4.0 HTTP/1.1" 304 -
201.245.192.253 - - [03/Nov/2023:09:59:12 -0500] "GET /sipse/faces/javax.faces.resource/layout/layout.js?ln=primefaces&v=4.0 HTTP/1.1" 304 -
100.21.24.205 - - [03/Nov/2023:09:59:14 -0500] "GET /BLA/resoluciones/index.php?dir=RESOLUCIONES%202004/RES%202004%20101-150/ HTTP/1.1" 200 12033
201.245.192.253 - - [03/Nov/2023:09:59:15 -0500] "POST /sipse/faces/presentacion/financiero/solicitudProceso/consultar.xhtml HTTP/1.1" 200 12935
172.22.2.4 - - [03/Nov/2023:09:57:35 -0500] "GET /BLA/boletinlegal/ HTTP/1.1" 200 61380
